216.244.66.202 - - [16/Apr/2025:16:48:00 -0400] "GET /7-strategies-to-get-4000-watch-hours-on-youtube-faster/feed/ HTTP/1.1" 200 462 "-" "Mozilla/5.0 (compatible; DotBot/1.2; +https://opensiteexplorer.org/dotbot; help@moz.com)"
162.62.213.187 - - [16/Apr/2025:17:11:31 -0400] "GET / HTTP/1.1" 301 0 "-" "Mozilla/5.0 (iPhone; CPU iPhone OS 13_2_3 like Mac OS X) AppleWebKit/605.1.15 (KHTML, like Gecko) Version/13.0.3 Mobile/15E148 Safari/604.1"
162.62.213.187 - - [16/Apr/2025:17:11:38 -0400] "GET / HTTP/1.1" 200 14135 "http://www.saamigraphics.com" "Mozilla/5.0 (iPhone; CPU iPhone OS 13_2_3 like Mac OS X) AppleWebKit/605.1.15 (KHTML, like Gecko) Version/13.0.3 Mobile/15E148 Safari/604.1"
220.181.108.105 - - [16/Apr/2025:17:12:53 -0400] "GET / HTTP/1.1" 200 14135 "-" "Mozilla/5.0 (compatible; Baiduspider/2.0; +http://www.baidu.com/search/spider.html)"
220.181.51.90 - - [16/Apr/2025:17:12:54 -0400] "GET /robots.txt HTTP/1.1" 200 128 "-" "Mozilla/5.0 (Windows NT 10.0; WOW64) AppleWebKit/537.36 (KHTML, like Gecko) Chrome/48.0.2564.116 Safari/537.36"
116.179.37.250 - - [16/Apr/2025:17:12:55 -0400] "GET /wp-includes/js/jquery/jquery-migrate.min.js?ver=3.4.1 HTTP/1.1" 200 5342 "http://saamigraphics.com/" "Mozilla/5.0 (compatible; Baiduspider-render/2.0; +http://www.baidu.com/search/spider.html)"
116.179.37.78 - - [16/Apr/2025:17:12:55 -0400] "GET /wp-content/themes/color-magazine/assets/js/min/mt-custom-scripts.min.js?ver=1.0.9 HTTP/1.1" 200 1474 "http://saamigraphics.com/" "Mozilla/5.0 (compatible; Baiduspider-render/2.0; +http://www.baidu.com/search/spider.html)"
116.179.37.7 - - [16/Apr/2025:17:12:58 -0400] "GET /wp-includes/js/jquery/jquery.min.js?ver=3.7.1 HTTP/1.1" 200 35438 "http://saamigraphics.com/" "Mozilla/5.0 (compatible; Baiduspider-render/2.0; +http://www.baidu.com/search/spider.html)"
116.179.37.197 - - [16/Apr/2025:17:12:58 -0400] "GET /wp-content/themes/color-magazine/assets/js/skip-link-focus-fix.js?ver=1.0.9 HTTP/1.1" 200 425 "http://saamigraphics.com/" "Mozilla/5.0 (compatible; Baiduspider-render/2.0; +http://www.baidu.com/search/spider.html)"
116.179.37.46 - - [16/Apr/2025:17:12:58 -0400] "GET /wp-content/themes/color-magazine/assets/library/lightslider/css/lightslider.min.css?ver=6.8 HTTP/1.1" 200 1551 "http://saamigraphics.com/" "Mozilla/5.0 (compatible; Baiduspider-render/2.0; +http://www.baidu.com/search/spider.html)"
116.179.37.130 - - [16/Apr/2025:17:12:58 -0400] "GET /wp-content/themes/color-magazine/assets/js/navigation.js?ver=1.0.9 HTTP/1.1" 200 1004 "http://saamigraphics.com/" "Mozilla/5.0 (compatible; Baiduspider-render/2.0; +http://www.baidu.com/search/spider.html)"
116.179.33.85 - - [16/Apr/2025:17:12:59 -0400] "GET /robots.txt HTTP/1.1" 200 128 "-" "Mozilla/5.0 (Windows NT 10.0; WOW64) AppleWebKit/537.36 (KHTML, like Gecko) Chrome/48.0.2564.116 Safari/537.36"
116.179.37.32 - - [16/Apr/2025:17:13:01 -0400] "GET /wp-includes/js/wp-emoji-release.min.js?ver=6.8 HTTP/1.1" 200 5982 "http://saamigraphics.com/" "Mozilla/5.0 (compatible; Baiduspider-render/2.0; +http://www.baidu.com/search/spider.html)"
78.153.140.218 - - [16/Apr/2025:17:48:21 -0400] "GET /.env HTTP/1.1" 301 0 "-" "Mozilla/5.0 (Windows; U; Windows NT 5.2; en-US) AppleWebKit/532.0 (KHTML, like Gecko) Chrome/4.0.212.0 Safari/532.0"
78.153.140.218 - - [16/Apr/2025:17:48:21 -0400] "GET /.env HTTP/1.1" 404 10075 "-" "Mozilla/5.0 (Linux; U; Android 4.0.4; en-us; HUAWEI H868C Build/HuaweiH868C) AppleWebKit/534.30 (KHTML, like Gecko) Version/4.0 Mobile Safari/534.30"
198.54.114.83 - - [16/Apr/2025:17:48:26 -0400] "POST /wp-cron.php?doing_wp_cron=1744840102.8045890331268310546875 HTTP/1.1" 200 0 "-" "WordPress/6.8; https://saamigraphics.com"
198.54.114.83 - - [16/Apr/2025:17:48:26 -0400] "POST /wp-cron.php?doing_wp_cron=1744840103.0362401008605957031250 HTTP/1.1" 200 0 "-" "WordPress/6.8; https://saamigraphics.com"
78.153.140.218 - - [16/Apr/2025:17:48:26 -0400] "GET /.aws/credentials HTTP/1.1" 301 0 "-" "Mozilla/5.0 (Linux; U; Android 4.4.3; en-us; KFTHWI Build/KTU84M) AppleWebKit/537.36 (KHTML, like Gecko) Silk/3.68 like Chrome/39.0.2171.93 Safari/537.36"
78.153.140.218 - - [16/Apr/2025:17:48:30 -0400] "GET /.env.example HTTP/1.1" 301 0 "-" "Mozilla/4.0 (compatible; MSIE 8.0; Windows NT 6.1; WOW64; Trident/4.0; GTB7.5; SLCC2; .NET CLR 2.0.50727; .NET CLR 3.5.30729; .NET CLR 3.0.30729; Media Center PC 6.0; MS-RTC LM 8; InfoPath.3; .NET4.0E; .NET4.0C)"
78.153.140.218 - - [16/Apr/2025:17:48:30 -0400] "GET /.aws/credentials HTTP/1.1" 404 10074 "-" "Mozilla/5.0 (Linux; U; Android 2.2.2; en-us; LG-MS690 Build/FRG83G) AppleWebKit/533.1 (KHTML, like Gecko) Version/4.0 Mobile Safari/533.1"
78.153.140.218 - - [16/Apr/2025:17:48:33 -0400] "GET /.env.production HTTP/1.1" 301 0 "-" "Mozilla/5.0 (Linux; U; Android 2.3.5; en-us; GT-I9100 Build/GINGERBREAD) AppleWebKit/533.1 (KHTML, like Gecko) Version/4.0 Mobile Safari/533.1"
78.153.140.218 - - [16/Apr/2025:17:48:34 -0400] "GET /.env.example HTTP/1.1" 404 10074 "-" "Mozilla/5.0 (Macintosh; U; Intel Mac OS X 10_6_2; ru-ru) AppleWebKit/533.2+ (KHTML, like Gecko) Version/4.0.4 Safari/531.21.10"
78.153.140.218 - - [16/Apr/2025:17:48:38 -0400] "GET /admin/.env HTTP/1.1" 301 0 "-" "Mozilla/5.0 (iPhone; U; CPU iPhone OS 4_1 like Mac OS X; es_ES) AppleWebKit/532.9 (KHTML, like Gecko) Version/4.0.5 Mobile/8B117 Safari/6531.22.7"
78.153.140.218 - - [16/Apr/2025:17:48:41 -0400] "GET /api/.env HTTP/1.1" 301 0 "-" "Mozilla/5.0 (Linux; U; Android 4.2.2; en-us; Kurio10S Build/C13300US108a) AppleWebKit/534.30 (KHTML, like Gecko) Version/4.0 Safari/534.30"
78.153.140.218 - - [16/Apr/2025:17:48:42 -0400] "GET /.env.production HTTP/1.1" 404 10074 "-" "Opera/9.10 (Windows NT 5.1; U; fi)"
78.153.140.218 - - [16/Apr/2025:17:48:45 -0400] "GET /app/.env HTTP/1.1" 301 0 "-" "Mozilla/5.0 (X11; U; Linux i686; en-US) AppleWebKit/532.0 (KHTML, like Gecko) Chrome/3.0.198.1 Safari/532.0"
78.153.140.218 - - [16/Apr/2025:17:48:47 -0400] "GET /app_dev.php/_profiler/open?file=app/config/parameters.yml HTTP/1.1" 301 0 "-" "Mozilla/5.0 (X11; Linux x86_64) AppleWebKit/535.11 (KHTML, like Gecko) Chrome/17.0.963.66 Safari/535.11"
78.153.140.218 - - [16/Apr/2025:17:48:49 -0400] "GET /admin/.env HTTP/1.1" 404 10074 "-" "Mozilla/5.0 (X11; U; Linux i686; de; rv:1.9.0.2) Gecko/2008092313 Ubuntu/8.04 (hardy) Firefox/3.0.2"
78.153.140.218 - - [16/Apr/2025:17:48:53 -0400] "GET /app_dev.php/_profiler/phpinfo HTTP/1.1" 301 0 "-" "Mozilla/5.0 (X11; U; Linux armv6l; rv 1.8.1.5pre) Gecko/20070619 Minimo/0.020"
78.153.140.218 - - [16/Apr/2025:17:48:55 -0400] "GET /api/.env HTTP/1.1" 404 10074 "-" "Mozilla/5.0 (iPhone; CPU iPhone OS 10_3_3 like Mac OS X) AppleWebKit/(null) (KHTML, like Gecko) Version/(null) Mobile/(null) Safari/(null)"
78.153.140.218 - - [16/Apr/2025:17:48:56 -0400] "GET /backend/.env HTTP/1.1" 301 0 "-" "Mozilla/5.0 (X11; Linux x86_64; rv:31.0) Gecko/20100101 Firefox/31.0"
78.153.140.218 - - [16/Apr/2025:17:49:00 -0400] "GET /core/.env HTTP/1.1" 301 0 "-" "Mozilla/5.0 (compatible; MSIE 10.0; Windows NT 6.2; WOW64; Trident/6.0; Touch)"
78.153.140.218 - - [16/Apr/2025:17:49:01 -0400] "GET /app/.env HTTP/1.1" 404 10074 "-" "Mozilla/5.0 (Linux; U; Android 4.2.2; da-dk; GT-P5110 Build/JDQ39) AppleWebKit/534.30 (KHTML, like Gecko) Version/4.0 Safari/534.30"
78.153.140.218 - - [16/Apr/2025:17:49:04 -0400] "GET /credentials HTTP/1.1" 301 0 "-" "Mozilla/5.0 (Macintosh; U; Intel Mac OS X 10.10; rv:62.0) Gecko/20100101 Firefox/62.0"
78.153.140.218 - - [16/Apr/2025:17:49:07 -0400] "GET /crm/.env HTTP/1.1" 301 0 "-" "Opera/7.03 (Windows NT 4.0; U) [en]"
78.153.140.218 - - [16/Apr/2025:17:49:07 -0400] "GET /app_dev.php/_profiler/open?file=app/config/parameters.yml HTTP/1.1" 404 10073 "-" "Mozilla/5.0 (Macintosh; U; Intel Mac OS X 10_6_8; fi-fi) AppleWebKit/533.21.1 (KHTML, like Gecko) Version/5.0.5 Safari/533.21.1"
78.153.140.218 - - [16/Apr/2025:17:49:11 -0400] "GET /demo/.env HTTP/1.1" 301 0 "-" "Mozilla/5.0 (iPad; CPU OS 8_4 like Mac OS X) AppleWebKit/600.1.4 (KHTML, like Gecko) Version/8.0 Mobile/12H141 Safari/600.1.4"
78.153.140.218 - - [16/Apr/2025:17:49:14 -0400] "GET /app_dev.php/_profiler/phpinfo HTTP/1.1" 404 10073 "-" "Mozilla/5.0 (Macintosh; Intel Mac OS X 10_10_5) AppleWebKit/537.36 (KHTML, like Gecko) Chrome/63.0.3239.84 Safari/537.36"
78.153.140.218 - - [16/Apr/2025:17:49:16 -0400] "GET /info/ HTTP/1.1" 301 0 "-" "Mozilla/5.0 (Linux; Android 6.0.1; SM-G900F Build/MMB29M) AppleWebKit/537.36 (KHTML, like Gecko) Chrome/63.0.3239.111 Mobile Safari/537.36"
78.153.140.218 - - [16/Apr/2025:17:49:20 -0400] "GET /backend/.env HTTP/1.1" 404 10074 "-" "Mozilla/5.0 (Macintosh; Intel Mac OS X 10_11_6) AppleWebKit/537.36 (KHTML, like Gecko) Chrome/54.0.2840.98 Safari/537.36"
78.153.140.218 - - [16/Apr/2025:17:49:21 -0400] "GET /infos/ HTTP/1.1" 301 0 "-" "Mozilla/5.0 (Windows NT 6.1; Win64; x64) AppleWebKit/537.36 (KHTML, like Gecko) Chrome/74.0.3729.169 Safari/537.36"
78.153.140.218 - - [16/Apr/2025:17:49:27 -0400] "GET /pinfo.php HTTP/1.1" 301 0 "-" "Mozilla/5.0 (Windows NT 6.1; WOW64) AppleWebKit/537.36 (KHTML, like Gecko) Chrome/50.0.2661.94 Safari/537.36"
78.153.140.218 - - [16/Apr/2025:17:49:27 -0400] "GET /core/.env HTTP/1.1" 404 10074 "-" "Mozilla/5.0 (X11; U; Linux x86_64; en-US; rv:1.9.0.5) Gecko/2008121911 CentOS/3.0.5-1.el5.centos Firefox/3.0.5"
78.153.140.218 - - [16/Apr/2025:17:49:33 -0400] "GET /vendor/.env HTTP/1.1" 301 0 "-" "Mozilla/5.0 (X11; U; Linux i686; pt-BR; rv:1.7.10) Gecko/20050717 Firefox/1.0.6"
78.153.140.218 - - [16/Apr/2025:17:49:35 -0400] "GET /credentials HTTP/1.1" 404 10074 "-" "Mozilla/5.0 (Windows NT 10.0; WOW64) AppleWebKit/537.36 (KHTML, like Gecko) Chrome/51.0.2704.79 Safari/537.36"
78.153.140.218 - - [16/Apr/2025:17:49:39 -0400] "GET /crm/.env HTTP/1.1" 404 10074 "-" "Opera/9.80 (Macintosh; Intel Mac OS X 10.11.6; Edition MAS) Presto/2.12.388 Version/12.15"
198.54.114.83 - - [16/Apr/2025:17:57:40 -0400] "POST /wp-cron.php?doing_wp_cron=1744840659.8435759544372558593750 HTTP/1.1" 200 0 "-" "WordPress/6.8; https://saamigraphics.com"
185.241.208.71 - - [16/Apr/2025:17:57:38 -0400] "GET /wp HTTP/1.1" 404 10074 "-" "Mozilla/5.0 (Linux; Android 4.1.2; SGH-I727R Build/JZO54K) AppleWebKit/537.22 (KHTML, like Gecko) Chrome/25.0.1364.169 Mobile Safari/537.22"
185.241.208.71 - - [16/Apr/2025:17:57:42 -0400] "GET /wp-config.fix HTTP/1.1" 404 10074 "-" "Mozilla/5.0 (Linux; Android 4.1.2; SGH-I727R Build/JZO54K) AppleWebKit/537.22 (KHTML, like Gecko) Chrome/25.0.1364.169 Mobile Safari/537.22"
185.241.208.71 - - [16/Apr/2025:17:57:46 -0400] "GET /wp-config.fix. HTTP/1.1" 301 0 "-" "Mozilla/5.0 (Linux; Android 4.1.2; SGH-I727R Build/JZO54K) AppleWebKit/537.22 (KHTML, like Gecko) Chrome/25.0.1364.169 Mobile Safari/537.22"
185.241.208.71 - - [16/Apr/2025:17:57:50 -0400] "GET /wp-config.fix HTTP/1.1" 404 10074 "-" "Mozilla/5.0 (Linux; Android 4.1.2; SGH-I727R Build/JZO54K) AppleWebKit/537.22 (KHTML, like Gecko) Chrome/25.0.1364.169 Mobile Safari/537.22"
185.241.208.71 - - [16/Apr/2025:17:57:54 -0400] "GET /wp-config.t HTTP/1.1" 404 10075 "-" "Mozilla/5.0 (Linux; Android 4.1.2; SGH-I727R Build/JZO54K) AppleWebKit/537.22 (KHTML, like Gecko) Chrome/25.0.1364.169 Mobile Safari/537.22"
205.185.118.31 - - [16/Apr/2025:17:58:01 -0400] "GET /wp-config* HTTP/1.1" 404 10074 "-" "Mozilla/5.0 (Linux; Android 4.1.2; SGH-I727R Build/JZO54K) AppleWebKit/537.22 (KHTML, like Gecko) Chrome/25.0.1364.169 Mobile Safari/537.22"
205.185.118.31 - - [16/Apr/2025:17:58:07 -0400] "GET /wp-config.b HTTP/1.1" 404 10074 "-" "Mozilla/5.0 (Linux; Android 4.1.2; SGH-I727R Build/JZO54K) AppleWebKit/537.22 (KHTML, like Gecko) Chrome/25.0.1364.169 Mobile Safari/537.22"
130.33.44.191 - - [16/Apr/2025:18:00:36 -0400] "HEAD /wordpress HTTP/1.1" 404 0 "-" "Mozilla/5.0 (Windows NT 10.0; Win64; x64) AppleWebKit/537.36 (KHTML, like Gecko) Chrome/74.0.3729.169 Safari/537.36"
198.54.114.83 - - [16/Apr/2025:18:00:45 -0400] "POST /wp-cron.php?doing_wp_cron=1744840843.0076770782470703125000 HTTP/1.1" 200 0 "-" "WordPress/6.8; https://saamigraphics.com"
130.33.44.191 - - [16/Apr/2025:18:00:46 -0400] "HEAD / HTTP/1.1" 200 0 "-" "Mozilla/5.0 (Windows NT 10.0; Win64; x64) AppleWebKit/537.36 (KHTML, like Gecko) Chrome/74.0.3729.169 Safari/537.36"
130.33.44.191 - - [16/Apr/2025:18:00:48 -0400] "HEAD /wp HTTP/1.1" 404 0 "-" "Mozilla/5.0 (Windows NT 10.0; Win64; x64) AppleWebKit/537.36 (KHTML, like Gecko) Chrome/74.0.3729.169 Safari/537.36"
130.33.44.191 - - [16/Apr/2025:18:00:49 -0400] "HEAD /bc HTTP/1.1" 404 0 "-" "Mozilla/5.0 (Windows NT 10.0; Win64; x64) AppleWebKit/537.36 (KHTML, like Gecko) Chrome/74.0.3729.169 Safari/537.36"
130.33.44.191 - - [16/Apr/2025:18:00:52 -0400] "HEAD /bk HTTP/1.1" 404 0 "-" "Mozilla/5.0 (Windows NT 10.0; Win64; x64) AppleWebKit/537.36 (KHTML, like Gecko) Chrome/74.0.3729.169 Safari/537.36"
130.33.44.191 - - [16/Apr/2025:18:00:54 -0400] "HEAD /backup HTTP/1.1" 404 0 "-" "Mozilla/5.0 (Windows NT 10.0; Win64; x64) AppleWebKit/537.36 (KHTML, like Gecko) Chrome/74.0.3729.169 Safari/537.36"
130.33.44.191 - - [16/Apr/2025:18:00:56 -0400] "HEAD /old HTTP/1.1" 404 0 "-" "Mozilla/5.0 (Windows NT 10.0; Win64; x64) AppleWebKit/537.36 (KHTML, like Gecko) Chrome/74.0.3729.169 Safari/537.36"
130.33.44.191 - - [16/Apr/2025:18:01:00 -0400] "HEAD /new HTTP/1.1" 301 0 "-" "Mozilla/5.0 (Windows NT 10.0; Win64; x64) AppleWebKit/537.36 (KHTML, like Gecko) Chrome/74.0.3729.169 Safari/537.36"
130.33.44.191 - - [16/Apr/2025:18:01:06 -0400] "HEAD /main HTTP/1.1" 301 0 "-" "Mozilla/5.0 (Windows NT 10.0; Win64; x64) AppleWebKit/537.36 (KHTML, like Gecko) Chrome/74.0.3729.169 Safari/537.36"
130.33.44.191 - - [16/Apr/2025:18:01:08 -0400] "HEAD /home HTTP/1.1" 301 0 "-" "Mozilla/5.0 (Windows NT 10.0; Win64; x64) AppleWebKit/537.36 (KHTML, like Gecko) Chrome/74.0.3729.169 Safari/537.36"
103.165.81.166 - - [16/Apr/2025:18:09:04 -0400] "GET / HTTP/1.1" 301 0 "-" "Mozilla/5.0 (Windows NT 10.0; Win64; x64) AppleWebKit/537.36 (KHTML, like Gecko) Chrome/97.0.4280.67 Safari/537.36 Edg/97.0.664.52"
103.165.81.166 - - [16/Apr/2025:18:09:13 -0400] "GET / HTTP/1.1" 200 14135 "-" "Mozilla/5.0 (Windows NT 10.0; Win64; x64) AppleWebKit/537.36 (KHTML, like Gecko) Chrome/97.0.4280.67 Safari/537.36 Edg/97.0.664.52"
85.208.98.23 - - [16/Apr/2025:18:09:16 -0400] "GET /robots.txt HTTP/1.1" 304 0 "-" "Mozilla/5.0 (compatible; SemrushBot-BA; +http://www.semrush.com/bot.html)"
43.133.43.227 - - [16/Apr/2025:18:24:25 -0400] "GET / HTTP/1.1" 200 14135 "-" "Mozilla/5.0 (Windows NT 10.0; Win64; x64) AppleWebKit/537.36 (KHTML, like Gecko) Chrome/101.0.4951.67 Safari/537.36"
198.44.190.9 - - [16/Apr/2025:18:28:05 -0400] "GET /wp-admin/css/ HTTP/1.1" 403 1242 "binance.com" "Mozilla/5.0 (Windows NT 10.0; Win64; x64) AppleWebKit/537.36 (KHTML, like Gecko) Chrome/90.0.4430.85 Safari/537.36"
43.130.110.130 - - [16/Apr/2025:18:32:08 -0400] "GET / HTTP/1.1" 200 14135 "-" "Mozilla/5.0 (iPhone; CPU iPhone OS 13_2_3 like Mac OS X) AppleWebKit/605.1.15 (KHTML, like Gecko) Version/13.0.3 Mobile/15E148 Safari/604.1"
216.244.66.202 - - [16/Apr/2025:18:55:12 -0400] "GET /robots.txt HTTP/1.1" 304 0 "-" "Mozilla/5.0 (compatible; DotBot/1.2; +https://opensiteexplorer.org/dotbot; help@moz.com)"
198.54.114.83 - - [16/Apr/2025:19:02:16 -0400] "POST /wp-cron.php?doing_wp_cron=1744844534.5317909717559814453125 HTTP/1.1" 200 0 "-" "WordPress/6.8; https://saamigraphics.com"
216.244.66.202 - - [16/Apr/2025:19:02:12 -0400] "GET /descubre-tu-edad-con-esta-calculadora-de-edad/feed/ HTTP/1.1" 200 451 "-" "Mozilla/5.0 (compatible; DotBot/1.2; +https://opensiteexplorer.org/dotbot; help@moz.com)"
165.154.243.6 - - [16/Apr/2025:20:03:23 -0400] "GET / HTTP/1.1" 200 14135 "-" "Embarcadero URI Client/1.0"
2a11:5786:240c:e0e6:9ab8:eafd:d404:4ec5 - - [16/Apr/2025:20:15:07 -0400] "GET /cbd-for-anxiety-uk-a-natural-remedy-for-anxiety/ HTTP/1.1" 200 14561 "http://saamigraphics.com/cbd-for-anxiety-uk-a-natural-remedy-for-anxiety/" "Mozilla/5.0 (Windows NT 10.0; Win64; x64) AppleWebKit/537.36 (KHTML, like Gecko) Chrome/130.0.0.0 Safari/537.36"
198.54.114.83 - - [16/Apr/2025:20:15:16 -0400] "POST /wp-cron.php?doing_wp_cron=1744848913.7616930007934570312500 HTTP/1.1" 200 0 "-" "WordPress/6.8; https://saamigraphics.com"
2a11:fc80:d9e9:e852:559b:b296:d178:2d49 - - [16/Apr/2025:20:15:12 -0400] "POST /wp-comments-post.php HTTP/1.1" 302 0 "http://saamigraphics.com/cbd-for-anxiety-uk-a-natural-remedy-for-anxiety/" "Mozilla/5.0 (Windows NT 10.0; Win64; x64) AppleWebKit/537.36 (KHTML, like Gecko) Chrome/130.0.0.0 Safari/537.36"
109.252.190.249 - - [16/Apr/2025:20:19:37 -0400] "GET /un-examen-des-produits-de-securite-a-domicile/ HTTP/1.1" 200 14892 "http://saamigraphics.com/un-examen-des-produits-de-securite-a-domicile/" "Mozilla/5.0 (Windows NT 10.0) AppleWebKit/537.36 (KHTML, like Gecko) Chrome/103.0.0.0 Safari/537.36"
198.54.114.83 - - [16/Apr/2025:20:19:46 -0400] "POST /wp-cron.php?doing_wp_cron=1744849186.0004038810729980468750 HTTP/1.1" 200 0 "-" "WordPress/6.8; https://saamigraphics.com"
109.252.190.249 - - [16/Apr/2025:20:19:39 -0400] "POST /wp-comments-post.php HTTP/1.1" 200 1168 "http://saamigraphics.com/un-examen-des-produits-de-securite-a-domicile/" "Mozilla/5.0 (Windows NT 10.0) AppleWebKit/537.36 (KHTML, like Gecko) Chrome/103.0.0.0 Safari/537.36"
109.252.190.249 - - [16/Apr/2025:20:19:49 -0400] "GET /un-examen-des-produits-de-securite-a-domicile/ HTTP/1.1" 200 14892 "http://saamigraphics.com/un-examen-des-produits-de-securite-a-domicile/" "Mozilla/5.0 (Windows NT 10.0) AppleWebKit/537.36 (KHTML, like Gecko) Chrome/103.0.0.0 Safari/537.36"
2a12:8105:cb43:d8d4:4021:1ceb:cc5d:4d8b - - [16/Apr/2025:20:22:10 -0400] "GET /gambling-lotto-can-be-harmful/ HTTP/1.1" 200 14673 "http://saamigraphics.com/gambling-lotto-can-be-harmful/" "Mozilla/5.0 (Windows NT 10.0; Win64; x64) AppleWebKit/537.36 (KHTML, like Gecko) Chrome/131.0.0.0 Safari/537.36"
198.54.114.83 - - [16/Apr/2025:20:22:15 -0400] "POST /wp-cron.php?doing_wp_cron=1744849334.0450899600982666015625 HTTP/1.1" 200 0 "-" "WordPress/6.8; https://saamigraphics.com"
2a12:e243:6b07:7d1c:75d1:746b:cba8:e431 - - [16/Apr/2025:20:22:13 -0400] "POST /wp-comments-post.php HTTP/1.1" 302 0 "http://saamigraphics.com/gambling-lotto-can-be-harmful/" "Mozilla/5.0 (Windows NT 10.0; Win64; x64) AppleWebKit/537.36 (KHTML, like Gecko) Chrome/131.0.0.0 Safari/537.36"
198.54.114.83 - - [16/Apr/2025:21:26:19 -0400] "POST /wp-cron.php?doing_wp_cron=1744853179.5413920879364013671875 HTTP/1.1" 200 0 "-" "WordPress/6.8; https://saamigraphics.com"
117.33.163.216 - - [16/Apr/2025:21:26:18 -0400] "GET / HTTP/1.1" 301 0 "-" "Mozilla/5.0 (iPhone; CPU iPhone OS 13_2_3 like Mac OS X) AppleWebKit/605.1.15 (KHTML, like Gecko) Version/13.0.3 Mobile/15E148 Safari/604.1"
117.33.163.216 - - [16/Apr/2025:21:26:21 -0400] "GET / HTTP/1.1" 200 14135 "http://www.saamigraphics.com" "Mozilla/5.0 (iPhone; CPU iPhone OS 13_2_3 like Mac OS X) AppleWebKit/605.1.15 (KHTML, like Gecko) Version/13.0.3 Mobile/15E148 Safari/604.1"
212.30.33.98 - - [16/Apr/2025:21:31:01 -0400] "POST /xmlrpc.php HTTP/1.1" 200 212 "-" "Mozilla/5.0 (Windows NT 10.0) AppleWebKit/537.36 (KHTML, like Gecko) Chrome/114.0.0.0 Safari/537.36"
198.54.114.83 - - [16/Apr/2025:21:31:08 -0400] "POST /wp-cron.php?doing_wp_cron=1744853466.9793019294738769531250 HTTP/1.1" 200 0 "-" "WordPress/6.8; https://saamigraphics.com"
212.30.33.51 - - [16/Apr/2025:21:33:09 -0400] "POST /xmlrpc.php HTTP/1.1" 200 212 "-" "Mozilla/5.0 (Windows NT 10.0) AppleWebKit/537.36 (KHTML, like Gecko) Chrome/114.0.0.0 Safari/537.36"
198.54.114.83 - - [16/Apr/2025:21:34:51 -0400] "POST /wp-cron.php?doing_wp_cron=1744853690.4325840473175048828125 HTTP/1.1" 200 0 "-" "WordPress/6.8; https://saamigraphics.com"
212.30.33.81 - - [16/Apr/2025:21:34:44 -0400] "POST /xmlrpc.php HTTP/1.1" 200 212 "-" "Mozilla/5.0 (Windows NT 10.0) AppleWebKit/537.36 (KHTML, like Gecko) Chrome/114.0.0.0 Safari/537.36"
212.30.33.81 - - [16/Apr/2025:21:35:02 -0400] "POST /xmlrpc.php HTTP/1.1" 200 212 "-" "Mozilla/5.0 (Windows NT 10.0) AppleWebKit/537.36 (KHTML, like Gecko) Chrome/114.0.0.0 Safari/537.36"
198.54.114.83 - - [16/Apr/2025:21:35:04 -0400] "POST /wp-cron.php?doing_wp_cron=1744853702.9957020282745361328125 HTTP/1.1" 200 0 "-" "WordPress/6.8; https://saamigraphics.com"
49.51.72.76 - - [16/Apr/2025:22:10:46 -0400] "GET / HTTP/1.1" 200 14135 "-" "Mozilla/5.0 (iPhone; CPU iPhone OS 13_2_3 like Mac OS X) AppleWebKit/605.1.15 (KHTML, like Gecko) Version/13.0.3 Mobile/15E148 Safari/604.1"
135.119.141.139 - - [16/Apr/2025:22:31:41 -0400] "HEAD /wordpress HTTP/1.1" 404 0 "-" "Mozilla/5.0 (Windows NT 10.0; Win64; x64) AppleWebKit/537.36 (KHTML, like Gecko) Chrome/74.0.3729.169 Safari/537.36"
198.54.114.83 - - [16/Apr/2025:22:31:43 -0400] "POST /wp-cron.php?doing_wp_cron=1744857102.1739768981933593750000 HTTP/1.1" 200 0 "-" "WordPress/6.8; https://saamigraphics.com"
135.119.141.139 - - [16/Apr/2025:22:31:44 -0400] "HEAD / HTTP/1.1" 200 0 "-" "Mozilla/5.0 (Windows NT 10.0; Win64; x64) AppleWebKit/537.36 (KHTML, like Gecko) Chrome/74.0.3729.169 Safari/537.36"
135.119.141.139 - - [16/Apr/2025:22:31:46 -0400] "HEAD /wp HTTP/1.1" 404 0 "-" "Mozilla/5.0 (Windows NT 10.0; Win64; x64) AppleWebKit/537.36 (KHTML, like Gecko) Chrome/74.0.3729.169 Safari/537.36"
135.119.141.139 - - [16/Apr/2025:22:31:50 -0400] "HEAD /bc HTTP/1.1" 404 0 "-" "Mozilla/5.0 (Windows NT 10.0; Win64; x64) AppleWebKit/537.36 (KHTML, like Gecko) Chrome/74.0.3729.169 Safari/537.36"
135.119.141.139 - - [16/Apr/2025:22:31:53 -0400] "HEAD /bk HTTP/1.1" 404 0 "-" "Mozilla/5.0 (Windows NT 10.0; Win64; x64) AppleWebKit/537.36 (KHTML, like Gecko) Chrome/74.0.3729.169 Safari/537.36"
135.119.141.139 - - [16/Apr/2025:22:31:57 -0400] "HEAD /backup HTTP/1.1" 404 0 "-" "Mozilla/5.0 (Windows NT 10.0; Win64; x64) AppleWebKit/537.36 (KHTML, like Gecko) Chrome/74.0.3729.169 Safari/537.36"
135.119.141.139 - - [16/Apr/2025:22:31:59 -0400] "HEAD /old HTTP/1.1" 404 0 "-" "Mozilla/5.0 (Windows NT 10.0; Win64; x64) AppleWebKit/537.36 (KHTML, like Gecko) Chrome/74.0.3729.169 Safari/537.36"
135.119.141.139 - - [16/Apr/2025:22:32:03 -0400] "HEAD /new HTTP/1.1" 301 0 "-" "Mozilla/5.0 (Windows NT 10.0; Win64; x64) AppleWebKit/537.36 (KHTML, like Gecko) Chrome/74.0.3729.169 Safari/537.36"
135.119.141.139 - - [16/Apr/2025:22:32:07 -0400] "HEAD /main HTTP/1.1" 301 0 "-" "Mozilla/5.0 (Windows NT 10.0; Win64; x64) AppleWebKit/537.36 (KHTML, like Gecko) Chrome/74.0.3729.169 Safari/537.36"
135.119.141.139 - - [16/Apr/2025:22:32:09 -0400] "HEAD /home HTTP/1.1" 301 0 "-" "Mozilla/5.0 (Windows NT 10.0; Win64; x64) AppleWebKit/537.36 (KHTML, like Gecko) Chrome/74.0.3729.169 Safari/537.36"
216.244.66.202 - - [16/Apr/2025:22:39:33 -0400] "GET /robots.txt HTTP/1.1" 304 0 "-" "Mozilla/5.0 (compatible; DotBot/1.2; +https://opensiteexplorer.org/dotbot; help@moz.com)"
45.95.243.122 - - [16/Apr/2025:22:44:44 -0400] "GET /cbd-for-anxiety-uk-a-natural-remedy-for-anxiety/ HTTP/1.1" 200 14561 "http://saamigraphics.com/cbd-for-anxiety-uk-a-natural-remedy-for-anxiety/" "Mozilla/5.0 (Windows NT 10.0; Win64; x64) AppleWebKit/537.36 (KHTML, like Gecko) Chrome/130.0.0.0 Safari/537.36"
198.54.114.83 - - [16/Apr/2025:22:44:49 -0400] "POST /wp-cron.php?doing_wp_cron=1744857888.2984640598297119140625 HTTP/1.1" 200 0 "-" "WordPress/6.8; https://saamigraphics.com"
45.95.243.145 - - [16/Apr/2025:22:44:47 -0400] "POST /wp-comments-post.php HTTP/1.1" 302 0 "http://saamigraphics.com/cbd-for-anxiety-uk-a-natural-remedy-for-anxiety/" "Mozilla/5.0 (Windows NT 10.0; Win64; x64) AppleWebKit/537.36 (KHTML, like Gecko) Chrome/130.0.0.0 Safari/537.36"
216.244.66.202 - - [16/Apr/2025:22:45:33 -0400] "GET /les-vetements-pour-femmes-inspires-de-la-mode-masculine-symbolisent-le-statut/feed/ HTTP/1.1" 200 485 "-" "Mozilla/5.0 (compatible; DotBot/1.2; +https://opensiteexplorer.org/dotbot; help@moz.com)"
185.181.245.233 - - [16/Apr/2025:23:05:50 -0400] "GET /wp-content/plugins/suretriggers/readme.txt HTTP/1.1" 404 10073 "-" "Mozilla/5.0 (compatible; Googlebot/2.1; +http://www.google.com/bot.html)"
2a11:5785:69df:2033:bcb4:9546:eb03:7933 - - [16/Apr/2025:23:27:10 -0400] "GET /cbd-for-anxiety-uk-a-natural-remedy-for-anxiety/ HTTP/1.1" 200 14561 "http://saamigraphics.com/cbd-for-anxiety-uk-a-natural-remedy-for-anxiety/" "Mozilla/5.0 (Windows NT 10.0; Win64; x64) AppleWebKit/537.36 (KHTML, like Gecko) Chrome/130.0.0.0 Safari/537.36"
2a11:5786:3a70:bbfc:e8c8:4d4f:6529:a112 - - [16/Apr/2025:23:27:12 -0400] "POST /wp-comments-post.php HTTP/1.1" 302 0 "http://saamigraphics.com/cbd-for-anxiety-uk-a-natural-remedy-for-anxiety/" "Mozilla/5.0 (Windows NT 10.0; Win64; x64) AppleWebKit/537.36 (KHTML, like Gecko) Chrome/130.0.0.0 Safari/537.36"
2602:fb54:969:: - - [16/Apr/2025:23:30:26 -0400] "GET /admin.php?520 HTTP/1.1" 404 10075 "-" "Mozilla/5.0 (Windows; U; Windows NT 6.1; en-US; rv:1.9.1.5) Gecko/20091102 Firefox/3.5.5 (.NET CLR 3.5.30729)"
198.54.114.83 - - [16/Apr/2025:23:30:29 -0400] "POST /wp-cron.php?doing_wp_cron=1744860627.8006238937377929687500 HTTP/1.1" 200 0 "-" "WordPress/6.8; https://saamigraphics.com"
2a11:fc85:a070:a714:a508:6e48:d359:f4c7 - - [16/Apr/2025:23:33:24 -0400] "GET /gambling-lotto-can-be-harmful/ HTTP/1.1" 200 14673 "http://saamigraphics.com/gambling-lotto-can-be-harmful/" "Mozilla/5.0 (Windows NT 10.0; Win64; x64) AppleWebKit/537.36 (KHTML, like Gecko) Chrome/129.0.0.0 Safari/537.36"
2a12:8102:2d82:b6e6:c676:8a23:ca08:9b66 - - [16/Apr/2025:23:33:26 -0400] "POST /wp-comments-post.php HTTP/1.1" 302 0 "http://saamigraphics.com/gambling-lotto-can-be-harmful/" "Mozilla/5.0 (Windows NT 10.0; Win64; x64) AppleWebKit/537.36 (KHTML, like Gecko) Chrome/129.0.0.0 Safari/537.36"
202.69.38.12 - - [16/Apr/2025:23:56:46 -0400] "GET /wp-login.php HTTP/1.1" 302 0 "-" "Mozilla/5.0 (X11; Linux x86_64; rv:121.0) Gecko/20100101 Firefox/121.0"
198.54.114.83 - - [16/Apr/2025:23:56:48 -0400] "POST /wp-cron.php?doing_wp_cron=1744862207.4685359001159667968750 HTTP/1.1" 200 0 "-" "WordPress/6.8; https://saamigraphics.com"
202.69.38.12 - - [16/Apr/2025:23:56:53 -0400] "POST /wp-login.php HTTP/1.1" 200 0 "-" "Mozilla/5.0 (X11; Linux x86_64; rv:121.0) Gecko/20100101 Firefox/121.0"
45.148.10.235 - - [17/Apr/2025:00:04:34 -0400] "GET /lazada-decorate/lazada-mod-lib/0.0.20/LazadaModLib.min.js HTTP/1.1" 404 10075 "-" "Mozilla/5.0 (Macintosh; Intel Mac OS X 10_15_7) AppleWebKit/537.36 Chrome/120.0.0.0"
198.54.114.83 - - [17/Apr/2025:00:04:38 -0400] "POST /wp-cron.php?doing_wp_cron=1744862676.0682809352874755859375 HTTP/1.1" 200 0 "-" "WordPress/6.8; https://saamigraphics.com"
43.156.29.120 - - [17/Apr/2025:00:20:52 -0400] "GET / HTTP/1.1" 200 14135 "https://google.com" "Mozilla/5.0 (Windows NT 10.0; Win64; x64) AppleWebKit/537.36 (KHTML, like Gecko) Chrome/100.0.4896.75 Safari/537.36"
116.24.65.100 - - [17/Apr/2025:00:25:36 -0400] "GET /gambling-lotto-can-be-harmful/ HTTP/1.1" 200 14673 "-" "Mozilla/5.0 (Windows NT 10.0; Win64; x64; Xbox; Xbox One) AppleWebKit/537.36 (KHTML, like Gecko) Chrome/114.0.0.0 Safari/537.36 Edge/44.18363.8131"
80.98.98.161 - - [17/Apr/2025:00:27:01 -0400] "POST /wp-login.php HTTP/1.1" 302 0 "-" "Mozilla/5.0 (Windows NT 6.3; Win64; x64) AppleWebKit/537.36 (KHTML, like Gecko) Chrome/101.0.4951.54 Safari/537.36"
80.98.98.161 - - [17/Apr/2025:00:27:05 -0400] "POST /wp-login.php HTTP/1.1" 302 0 "-" "Mozilla/5.0 (Windows NT 6.3; Win64; x64) AppleWebKit/537.36 (KHTML, like Gecko) Chrome/101.0.4951.54 Safari/537.36"
82.102.18.220 - - [17/Apr/2025:00:43:30 -0400] "GET / HTTP/1.1" 200 14135 "-" "Mozilla/5.0 (Windows NT 10.0; Win64; x64) AppleWebKit/537.36 (KHTML, like Gecko) Chrome/78.0.3904.108 Safari/537.36"
82.102.18.220 - - [17/Apr/2025:00:43:34 -0400] "GET /?author=1 HTTP/1.1" 301 0 "-" "Mozilla/5.0 (Windows NT 10.0; Win64; x64) AppleWebKit/537.36 (KHTML, like Gecko) Chrome/78.0.3904.108 Safari/537.36"
82.102.18.220 - - [17/Apr/2025:00:43:39 -0400] "GET /?author=2 HTTP/1.1" 301 0 "-" "Mozilla/5.0 (Windows NT 10.0; Win64; x64) AppleWebKit/537.36 (KHTML, like Gecko) Chrome/78.0.3904.108 Safari/537.36"
198.54.114.83 - - [17/Apr/2025:00:43:44 -0400] "POST /wp-cron.php?doing_wp_cron=1744865020.4149060249328613281250 HTTP/1.1" 200 0 "-" "WordPress/6.8; https://saamigraphics.com"
82.102.18.220 - - [17/Apr/2025:00:43:44 -0400] "GET /wp-json/wp/v2/users/ HTTP/1.1" 200 18429 "-" "Mozilla/5.0 (Windows NT 10.0; Win64; x64) AppleWebKit/537.36 (KHTML, like Gecko) Chrome/78.0.3904.108 Safari/537.36"
82.102.18.220 - - [17/Apr/2025:00:43:49 -0400] "GET /wp-json/oembed/1.0/embed?url=http://saamigraphics.com HTTP/1.1" 404 73 "-" "Mozilla/5.0 (Windows NT 10.0; Win64; x64) AppleWebKit/537.36 (KHTML, like Gecko) Chrome/78.0.3904.108 Safari/537.36"
82.102.18.220 - - [17/Apr/2025:00:43:53 -0400] "POST /xmlrpc.php HTTP/1.1" 200 236 "-" "Mozilla/5.0 (Windows NT 10.0; Win64; x64) AppleWebKit/537.36 (KHTML, like Gecko) Chrome/78.0.3904.108 Safari/537.36"
82.102.18.220 - - [17/Apr/2025:00:43:55 -0400] "POST /xmlrpc.php HTTP/1.1" 200 236 "-" "Mozilla/5.0 (Windows NT 10.0; Win64; x64) AppleWebKit/537.36 (KHTML, like Gecko) Chrome/78.0.3904.108 Safari/537.36"
82.102.18.220 - - [17/Apr/2025:00:43:59 -0400] "POST /xmlrpc.php HTTP/1.1" 200 236 "-" "Mozilla/5.0 (Windows NT 10.0; Win64; x64) AppleWebKit/537.36 (KHTML, like Gecko) Chrome/78.0.3904.108 Safari/537.36"
82.102.18.220 - - [17/Apr/2025:00:44:03 -0400] "POST /xmlrpc.php HTTP/1.1" 200 236 "-" "Mozilla/5.0 (Windows NT 10.0; Win64; x64) AppleWebKit/537.36 (KHTML, like Gecko) Chrome/78.0.3904.108 Safari/537.36"
198.54.114.83 - - [17/Apr/2025:00:44:09 -0400] "POST /wp-cron.php?doing_wp_cron=1744865044.3097219467163085937500 HTTP/1.1" 200 0 "-" "WordPress/6.8; https://saamigraphics.com"
82.102.18.220 - - [17/Apr/2025:00:44:10 -0400] "POST /xmlrpc.php HTTP/1.1" 200 236 "-" "Mozilla/5.0 (Windows NT 10.0; Win64; x64) AppleWebKit/537.36 (KHTML, like Gecko) Chrome/78.0.3904.108 Safari/537.36"
82.102.18.220 - - [17/Apr/2025:00:44:14 -0400] "POST /xmlrpc.php HTTP/1.1" 200 236 "-" "Mozilla/5.0 (Windows NT 10.0; Win64; x64) AppleWebKit/537.36 (KHTML, like Gecko) Chrome/78.0.3904.108 Safari/537.36"
85.204.70.106 - - [17/Apr/2025:00:52:42 -0400] "GET / HTTP/1.1" 200 14135 "-" "Mozilla/5.0 (Windows NT 10.0; Win64; x64) AppleWebKit/537.36 (KHTML, like Gecko) Chrome/78.0.3904.108 Safari/537.36"
85.204.70.106 - - [17/Apr/2025:00:52:44 -0400] "GET /?author=1 HTTP/1.1" 301 0 "-" "Mozilla/5.0 (Windows NT 10.0; Win64; x64) AppleWebKit/537.36 (KHTML, like Gecko) Chrome/78.0.3904.108 Safari/537.36"
198.54.114.83 - - [17/Apr/2025:00:52:47 -0400] "POST /wp-cron.php?doing_wp_cron=1744865565.4262320995330810546875 HTTP/1.1" 200 0 "-" "WordPress/6.8; https://saamigraphics.com"
85.204.70.106 - - [17/Apr/2025:00:52:48 -0400] "GET /?author=2 HTTP/1.1" 301 0 "-" "Mozilla/5.0 (Windows NT 10.0; Win64; x64) AppleWebKit/537.36 (KHTML, like Gecko) Chrome/78.0.3904.108 Safari/537.36"
85.204.70.106 - - [17/Apr/2025:00:52:52 -0400] "GET /wp-json/wp/v2/users/ HTTP/1.1" 200 18429 "-" "Mozilla/5.0 (Windows NT 10.0; Win64; x64) AppleWebKit/537.36 (KHTML, like Gecko) Chrome/78.0.3904.108 Safari/537.36"
85.204.70.106 - - [17/Apr/2025:00:52:55 -0400] "GET /wp-json/oembed/1.0/embed?url=http://saamigraphics.com HTTP/1.1" 404 73 "-" "Mozilla/5.0 (Windows NT 10.0; Win64; x64) AppleWebKit/537.36 (KHTML, like Gecko) Chrome/78.0.3904.108 Safari/537.36"
85.204.70.106 - - [17/Apr/2025:00:52:57 -0400] "POST /xmlrpc.php HTTP/1.1" 200 236 "-" "Mozilla/5.0 (Windows NT 10.0; Win64; x64) AppleWebKit/537.36 (KHTML, like Gecko) Chrome/78.0.3904.108 Safari/537.36"
85.204.70.106 - - [17/Apr/2025:00:52:59 -0400] "POST /xmlrpc.php HTTP/1.1" 200 236 "-" "Mozilla/5.0 (Windows NT 10.0; Win64; x64) AppleWebKit/537.36 (KHTML, like Gecko) Chrome/78.0.3904.108 Safari/537.36"
85.204.70.106 - - [17/Apr/2025:00:53:02 -0400] "POST /xmlrpc.php HTTP/1.1" 200 236 "-" "Mozilla/5.0 (Windows NT 10.0; Win64; x64) AppleWebKit/537.36 (KHTML, like Gecko) Chrome/78.0.3904.108 Safari/537.36"
85.204.70.106 - - [17/Apr/2025:00:53:06 -0400] "POST /xmlrpc.php HTTP/1.1" 200 236 "-" "Mozilla/5.0 (Windows NT 10.0; Win64; x64) AppleWebKit/537.36 (KHTML, like Gecko) Chrome/78.0.3904.108 Safari/537.36"
85.204.70.106 - - [17/Apr/2025:00:53:09 -0400] "POST /xmlrpc.php HTTP/1.1" 200 236 "-" "Mozilla/5.0 (Windows NT 10.0; Win64; x64) AppleWebKit/537.36 (KHTML, like Gecko) Chrome/78.0.3904.108 Safari/537.36"
85.204.70.106 - - [17/Apr/2025:00:53:13 -0400] "POST /xmlrpc.php HTTP/1.1" 200 236 "-" "Mozilla/5.0 (Windows NT 10.0; Win64; x64) AppleWebKit/537.36 (KHTML, like Gecko) Chrome/78.0.3904.108 Safari/537.36"
216.244.66.202 - - [17/Apr/2025:00:56:25 -0400] "GET /robots.txt HTTP/1.1" 304 0 "-" "Mozilla/5.0 (compatible; DotBot/1.2; +https://opensiteexplorer.org/dotbot; help@moz.com)"
216.244.66.202 - - [17/Apr/2025:01:02:32 -0400] "GET /the-power-and-impact-of-instagram-likes/ HTTP/1.1" 200 14142 "-" "Mozilla/5.0 (compatible; DotBot/1.2; +https://opensiteexplorer.org/dotbot; help@moz.com)"
198.54.114.83 - - [17/Apr/2025:01:02:36 -0400] "POST /wp-cron.php?doing_wp_cron=1744866153.6440091133117675781250 HTTP/1.1" 200 0 "-" "WordPress/6.8; https://saamigraphics.com"
109.252.190.249 - - [17/Apr/2025:01:04:17 -0400] "GET /verbessern-sie-ihre-personlichkeit-mit-korperschmuck/ HTTP/1.1" 200 14336 "http://saamigraphics.com/verbessern-sie-ihre-personlichkeit-mit-korperschmuck/" "Mozilla/5.0 (Windows NT 6.3; Win64; x64) AppleWebKit/537.36 (KHTML, like Gecko) Chrome/103.0.5060.114 Safari/537.36"
198.54.114.83 - - [17/Apr/2025:01:04:22 -0400] "POST /wp-cron.php?doing_wp_cron=1744866258.6282260417938232421875 HTTP/1.1" 200 0 "-" "WordPress/6.8; https://saamigraphics.com"
109.252.190.249 - - [17/Apr/2025:01:04:24 -0400] "POST /wp-comments-post.php HTTP/1.1" 200 1168 "http://saamigraphics.com/verbessern-sie-ihre-personlichkeit-mit-korperschmuck/" "Mozilla/5.0 (Windows NT 6.3; Win64; x64) AppleWebKit/537.36 (KHTML, like Gecko) Chrome/103.0.5060.114 Safari/537.36"
109.252.190.249 - - [17/Apr/2025:01:04:29 -0400] "GET /verbessern-sie-ihre-personlichkeit-mit-korperschmuck/ HTTP/1.1" 200 14336 "http://saamigraphics.com/verbessern-sie-ihre-personlichkeit-mit-korperschmuck/" "Mozilla/5.0 (Windows NT 6.3; Win64; x64) AppleWebKit/537.36 (KHTML, like Gecko) Chrome/103.0.5060.114 Safari/537.36"
216.244.66.202 - - [17/Apr/2025:01:07:57 -0400] "GET /the-art-of-stake-ator-balancing-risk-and-reward/feed/ HTTP/1.1" 200 454 "-" "Mozilla/5.0 (compatible; DotBot/1.2; +https://opensiteexplorer.org/dotbot; help@moz.com)"
198.54.114.83 - - [17/Apr/2025:01:08:04 -0400] "POST /wp-cron.php?doing_wp_cron=1744866482.5369880199432373046875 HTTP/1.1" 200 0 "-" "WordPress/6.8; https://saamigraphics.com"
184.170.249.65 - - [17/Apr/2025:01:19:04 -0400] "GET /un-examen-des-produits-de-securite-a-domicile/ HTTP/1.1" 200 14892 "-" "Mozilla/5.0 (Windows NT 10.0; Win64; x64; Xbox; Xbox One) AppleWebKit/537.36 (KHTML, like Gecko) Chrome/114.0.0.0 Safari/537.36 Edge/44.18363.8131"
85.204.70.94 - - [17/Apr/2025:01:48:20 -0400] "GET / HTTP/1.1" 200 14135 "-" "Mozilla/5.0 (Windows NT 10.0; Win64; x64) AppleWebKit/537.36 (KHTML, like Gecko) Chrome/78.0.3904.108 Safari/537.36"
85.204.70.94 - - [17/Apr/2025:01:48:27 -0400] "GET /?author=1 HTTP/1.1" 301 0 "-" "Mozilla/5.0 (Windows NT 10.0; Win64; x64) AppleWebKit/537.36 (KHTML, like Gecko) Chrome/78.0.3904.108 Safari/537.36"
85.204.70.94 - - [17/Apr/2025:01:48:38 -0400] "GET /?author=2 HTTP/1.1" 301 0 "-" "Mozilla/5.0 (Windows NT 10.0; Win64; x64) AppleWebKit/537.36 (KHTML, like Gecko) Chrome/78.0.3904.108 Safari/537.36"
85.204.70.94 - - [17/Apr/2025:01:48:47 -0400] "GET /wp-json/wp/v2/users/ HTTP/1.1" 200 18429 "-" "Mozilla/5.0 (Windows NT 10.0; Win64; x64) AppleWebKit/537.36 (KHTML, like Gecko) Chrome/78.0.3904.108 Safari/537.36"
85.204.70.94 - - [17/Apr/2025:01:48:59 -0400] "GET /wp-json/oembed/1.0/embed?url=http://saamigraphics.com HTTP/1.1" 404 73 "-" "Mozilla/5.0 (Windows NT 10.0; Win64; x64) AppleWebKit/537.36 (KHTML, like Gecko) Chrome/78.0.3904.108 Safari/537.36"
85.204.70.94 - - [17/Apr/2025:01:49:08 -0400] "POST /xmlrpc.php HTTP/1.1" 200 236 "-" "Mozilla/5.0 (Windows NT 10.0; Win64; x64) AppleWebKit/537.36 (KHTML, like Gecko) Chrome/78.0.3904.108 Safari/537.36"
85.204.70.94 - - [17/Apr/2025:01:49:16 -0400] "POST /xmlrpc.php HTTP/1.1" 200 236 "-" "Mozilla/5.0 (Windows NT 10.0; Win64; x64) AppleWebKit/537.36 (KHTML, like Gecko) Chrome/78.0.3904.108 Safari/537.36"
85.204.70.94 - - [17/Apr/2025:01:49:20 -0400] "POST /xmlrpc.php HTTP/1.1" 200 236 "-" "Mozilla/5.0 (Windows NT 10.0; Win64; x64) AppleWebKit/537.36 (KHTML, like Gecko) Chrome/78.0.3904.108 Safari/537.36"
85.204.70.94 - - [17/Apr/2025:01:49:26 -0400] "POST /xmlrpc.php HTTP/1.1" 200 236 "-" "Mozilla/5.0 (Windows NT 10.0; Win64; x64) AppleWebKit/537.36 (KHTML, like Gecko) Chrome/78.0.3904.108 Safari/537.36"
85.204.70.94 - - [17/Apr/2025:01:49:33 -0400] "POST /xmlrpc.php HTTP/1.1" 200 236 "-" "Mozilla/5.0 (Windows NT 10.0; Win64; x64) AppleWebKit/537.36 (KHTML, like Gecko) Chrome/78.0.3904.108 Safari/537.36"
85.204.70.94 - - [17/Apr/2025:01:49:45 -0400] "POST /xmlrpc.php HTTP/1.1" 200 236 "-" "Mozilla/5.0 (Windows NT 10.0; Win64; x64) AppleWebKit/537.36 (KHTML, like Gecko) Chrome/78.0.3904.108 Safari/537.36"
92.255.85.164 - - [17/Apr/2025:02:01:31 -0400] "GET / HTTP/1.1" 200 14135 "http://saamigraphics.com/" "Mozilla/5.0 (Windows NT 10.0; Win64; x64) AppleWebKit/537.36 (KHTML, like Gecko) Chrome/129.0.0.0 Safari/537.36"
85.208.98.23 - - [17/Apr/2025:02:05:52 -0400] "GET /robots.txt HTTP/1.1" 304 0 "-" "Mozilla/5.0 (compatible; SemrushBot-BA; +http://www.semrush.com/bot.html)"
117.33.163.216 - - [17/Apr/2025:02:22:18 -0400] "GET / HTTP/1.1" 200 14135 "-" "Mozilla/5.0 (iPhone; CPU iPhone OS 13_2_3 like Mac OS X) AppleWebKit/605.1.15 (KHTML, like Gecko) Version/13.0.3 Mobile/15E148 Safari/604.1"
43.166.247.155 - - [17/Apr/2025:02:44:06 -0400] "GET / HTTP/1.1" 301 0 "-" "Mozilla/5.0 (iPhone; CPU iPhone OS 13_2_3 like Mac OS X) AppleWebKit/605.1.15 (KHTML, like Gecko) Version/13.0.3 Mobile/15E148 Safari/604.1"
198.54.114.83 - - [17/Apr/2025:02:44:13 -0400] "POST /wp-cron.php?doing_wp_cron=1744872248.1806509494781494140625 HTTP/1.1" 200 0 "-" "WordPress/6.8; https://saamigraphics.com"
43.166.247.155 - - [17/Apr/2025:02:44:16 -0400] "GET / HTTP/1.1" 200 14135 "http://www.saamigraphics.com" "Mozilla/5.0 (iPhone; CPU iPhone OS 13_2_3 like Mac OS X) AppleWebKit/605.1.15 (KHTML, like Gecko) Version/13.0.3 Mobile/15E148 Safari/604.1"
106.75.66.75 - - [17/Apr/2025:03:01:19 -0400] "GET / HTTP/1.1" 200 14135 "-" "Mozilla/5.0 (X11; Linux x86_64) AppleWebKit/579.47 (KHTML, like Gecko) Chrome/93.0.1983 Safari/537.36"
106.75.66.75 - - [17/Apr/2025:03:01:28 -0400] "GET /favicon.ico HTTP/1.1" 404 1251 "-" "Go-http-client/1.1"
106.75.66.75 - - [17/Apr/2025:03:01:33 -0400] "GET /wp-content/themes/color-magazine/assets/js/mt-combine-scripts.js?ver=1.0.9 HTTP/1.1" 200 21492 "-" "Go-http-client/1.1"
106.75.66.75 - - [17/Apr/2025:03:01:39 -0400] "GET /wp-content/themes/color-magazine/assets/js/navigation.js?ver=1.0.9 HTTP/1.1" 304 0 "-" "Go-http-client/1.1"
106.75.66.75 - - [17/Apr/2025:03:01:45 -0400] "GET /wp-content/themes/color-magazine/assets/js/skip-link-focus-fix.js?ver=1.0.9 HTTP/1.1" 304 0 "-" "Go-http-client/1.1"
106.75.66.75 - - [17/Apr/2025:03:01:49 -0400] "GET /robots.txt HTTP/1.1" 304 0 "-" "Go-http-client/1.1"
106.75.66.75 - - [17/Apr/2025:03:01:49 -0400] "GET /sitemap.xml HTTP/1.1" 404 10073 "-" "Go-http-client/1.1"
185.147.125.18 - - [17/Apr/2025:03:06:49 -0400] "GET / HTTP/1.1" 200 14135 "http://saamigraphics.com/" "Mozilla/5.0 (Windows NT 10.0; Win64; x64) AppleWebKit/537.36 (KHTML, like Gecko) Chrome/131.0.0.0 Safari/537.36"
37.19.221.4 - - [17/Apr/2025:03:13:31 -0400] "GET /gambling-lotto-can-be-harmful/ HTTP/1.1" 200 14673 "-" "Mozilla/5.0 (Macintosh; Intel Mac OS X 12_5) AppleWebKit/537.36 (KHTML, like Gecko) Chrome/114.0.0.0 Safari/537.36 Vivaldi/5.3.2679.68"
216.244.66.202 - - [17/Apr/2025:03:14:43 -0400] "GET /robots.txt HTTP/1.1" 304 0 "-" "Mozilla/5.0 (compatible; DotBot/1.2; +https://opensiteexplorer.org/dotbot; help@moz.com)"
107.151.222.228 - - [17/Apr/2025:03:19:10 -0400] "GET /wp-login.php HTTP/1.1" 302 0 "-" "Mozilla/5.0"
198.54.114.83 - - [17/Apr/2025:03:19:19 -0400] "POST /wp-cron.php?doing_wp_cron=1744874357.0612659454345703125000 HTTP/1.1" 200 0 "-" "WordPress/6.8; https://saamigraphics.com"
216.244.66.202 - - [17/Apr/2025:03:23:59 -0400] "GET /page/100/ HTTP/1.1" 200 14193 "-" "Mozilla/5.0 (compatible; DotBot/1.2; +https://opensiteexplorer.org/dotbot; help@moz.com)"
198.54.114.83 - - [17/Apr/2025:03:24:09 -0400] "POST /wp-cron.php?doing_wp_cron=1744874646.0913150310516357421875 HTTP/1.1" 200 0 "-" "WordPress/6.8; https://saamigraphics.com"
216.244.66.202 - - [17/Apr/2025:03:24:43 -0400] "GET /revolutionizing-digital-transactions-buying-itunes-with-bitcoin/feed/ HTTP/1.1" 200 464 "-" "Mozilla/5.0 (compatible; DotBot/1.2; +https://opensiteexplorer.org/dotbot; help@moz.com)"
216.244.66.202 - - [17/Apr/2025:03:40:35 -0400] "GET /discover-the-fun-of-unblocked-games-6x/feed/ HTTP/1.1" 200 443 "-" "Mozilla/5.0 (compatible; DotBot/1.2; +https://opensiteexplorer.org/dotbot; help@moz.com)"
2a12:e244:6375:8435:3af5:2c30:121a:38c6 - - [17/Apr/2025:04:37:29 -0400] "GET /cbd-for-anxiety-uk-a-natural-remedy-for-anxiety/ HTTP/1.1" 200 14561 "http://saamigraphics.com/cbd-for-anxiety-uk-a-natural-remedy-for-anxiety/" "Mozilla/5.0 (Windows NT 10.0; Win64; x64) AppleWebKit/537.36 (KHTML, like Gecko) Chrome/130.0.0.0 Safari/537.36"
2a11:5780:93f:e6ed:209c:5f82:5083:4271 - - [17/Apr/2025:04:37:34 -0400] "POST /wp-comments-post.php HTTP/1.1" 302 0 "http://saamigraphics.com/cbd-for-anxiety-uk-a-natural-remedy-for-anxiety/" "Mozilla/5.0 (Windows NT 10.0; Win64; x64) AppleWebKit/537.36 (KHTML, like Gecko) Chrome/130.0.0.0 Safari/537.36"
2a12:8101:b5d6:4ab0:be8b:930f:e6f1:9bc0 - - [17/Apr/2025:04:43:33 -0400] "GET /gambling-lotto-can-be-harmful/ HTTP/1.1" 200 14674 "http://saamigraphics.com/gambling-lotto-can-be-harmful/" "Mozilla/5.0 (Windows NT 10.0; Win64; x64) AppleWebKit/537.36 (KHTML, like Gecko) Chrome/131.0.0.0 Safari/537.36 Avast/131.0.0.0"
2a12:8104:18d0:5154:fad4:ac80:3ffc:9d33 - - [17/Apr/2025:04:43:37 -0400] "POST /wp-comments-post.php HTTP/1.1" 302 0 "http://saamigraphics.com/gambling-lotto-can-be-harmful/" "Mozilla/5.0 (Windows NT 10.0; Win64; x64) AppleWebKit/537.36 (KHTML, like Gecko) Chrome/131.0.0.0 Safari/537.36 Avast/131.0.0.0"
216.244.66.202 - - [17/Apr/2025:04:46:05 -0400] "GET /robots.txt HTTP/1.1" 200 128 "-" "Mozilla/5.0 (compatible; DotBot/1.2; +https://opensiteexplorer.org/dotbot; help@moz.com)"
194.135.215.194 - - [17/Apr/2025:04:49:03 -0400] "GET /cbd-for-anxiety-uk-a-natural-remedy-for-anxiety/ HTTP/1.1" 200 14561 "http://saamigraphics.com/cbd-for-anxiety-uk-a-natural-remedy-for-anxiety/" "Mozilla/5.0 (Windows NT 6.3; Win64; x64) AppleWebKit/537.36 (KHTML, like Gecko) Chrome/103.0.5060.66 Safari/537.36"
194.135.215.194 - - [17/Apr/2025:04:49:07 -0400] "POST /wp-comments-post.php HTTP/1.1" 200 1168 "http://saamigraphics.com/cbd-for-anxiety-uk-a-natural-remedy-for-anxiety/" "Mozilla/5.0 (Windows NT 6.3; Win64; x64) AppleWebKit/537.36 (KHTML, like Gecko) Chrome/103.0.5060.66 Safari/537.36"
194.135.215.194 - - [17/Apr/2025:04:49:10 -0400] "GET /cbd-for-anxiety-uk-a-natural-remedy-for-anxiety/ HTTP/1.1" 200 14561 "http://saamigraphics.com/cbd-for-anxiety-uk-a-natural-remedy-for-anxiety/" "Mozilla/5.0 (Windows NT 6.3; Win64; x64) AppleWebKit/537.36 (KHTML, like Gecko) Chrome/103.0.5060.66 Safari/537.36"
194.135.215.194 - - [17/Apr/2025:04:49:14 -0400] "GET /cbd-for-anxiety-uk-a-natural-remedy-for-anxiety/ HTTP/1.1" 200 14561 "http://saamigraphics.com/cbd-for-anxiety-uk-a-natural-remedy-for-anxiety/" "Mozilla/5.0 (Windows NT 6.3; Win64; x64) AppleWebKit/537.36 (KHTML, like Gecko) Chrome/103.0.5060.66 Safari/537.36"
216.244.66.202 - - [17/Apr/2025:04:53:33 -0400] "GET /law-tutor-find-a-law-tutor-near-you/feed/ HTTP/1.1" 200 442 "-" "Mozilla/5.0 (compatible; DotBot/1.2; +https://opensiteexplorer.org/dotbot; help@moz.com)"
198.54.114.83 - - [17/Apr/2025:04:53:42 -0400] "POST /wp-cron.php?doing_wp_cron=1744880021.7835690975189208984375 HTTP/1.1" 200 0 "-" "WordPress/6.8; https://saamigraphics.com"
216.244.66.202 - - [17/Apr/2025:04:53:40 -0400] "GET /new-games-in-different-design/feed/ HTTP/1.1" 200 428 "-" "Mozilla/5.0 (compatible; DotBot/1.2; +https://opensiteexplorer.org/dotbot; help@moz.com)"
198.54.114.83 - - [17/Apr/2025:04:55:44 -0400] "POST /wp-cron.php?doing_wp_cron=1744880143.3828220367431640625000 HTTP/1.1" 200 0 "-" "WordPress/6.8; https://saamigraphics.com"
216.244.66.202 - - [17/Apr/2025:04:55:42 -0400] "GET /exploring-the-toa-payoh-condo-showflat-a-gateway-to-modern-living/feed/ HTTP/1.1" 200 479 "-" "Mozilla/5.0 (compatible; DotBot/1.2; +https://opensiteexplorer.org/dotbot; help@moz.com)"
62.197.149.111 - - [17/Apr/2025:05:19:57 -0400] "GET / HTTP/1.1" 200 14135 "-" "Mozilla/5.0 (Macintosh; Intel Mac OS X 10_15_6) AppleWebKit/537.36 (KHTML, like Gecko) Chrome/84.0.4147.105 Safari/537.36 OPR/70.0.3728.95"
62.197.149.111 - - [17/Apr/2025:05:19:59 -0400] "GET /wp-conf.php HTTP/1.1" 404 10074 "-" "Mozilla/5.0 (Windows NT 10.0; Win64; x64; rv:66.0) Gecko/20100101 Firefox/66.0"
62.197.149.111 - - [17/Apr/2025:05:20:02 -0400] "GET /wp-admin/maint/index.php HTTP/1.1" 301 0 "-" "Mozilla/5.0 (Windows NT 6.1; Win64; x64) AppleWebKit/537.36 (KHTML, like Gecko) Chrome/74.0.3729.169 Safari/537.36"
198.54.114.83 - - [17/Apr/2025:05:20:05 -0400] "POST /wp-cron.php?doing_wp_cron=1744881603.5265660285949707031250 HTTP/1.1" 200 0 "-" "WordPress/6.8; https://saamigraphics.com"
62.197.149.111 - - [17/Apr/2025:05:20:07 -0400] "GET /.well-known/acme-challenge/index.php HTTP/1.1" 301 0 "-" "Mozilla/5.0 (Windows NT 10.0; Win64; x64) AppleWebKit/537.36 (KHTML, like Gecko) Chrome/74.0.3729.169 Safari/537.36"
62.197.149.111 - - [17/Apr/2025:05:20:09 -0400] "GET /wp-content/plugins/core-plugin/include.php HTTP/1.1" 404 10074 "-" "Mozilla/5.0 (Windows NT 6.1; Win64; x64) AppleWebKit/537.36 (KHTML, like Gecko) Chrome/74.0.3729.169 Safari/537.36"
62.197.149.111 - - [17/Apr/2025:05:20:11 -0400] "GET /randkeyword.php HTTP/1.1" 404 10074 "-" "Mozilla/5.0 (Macintosh; Intel Mac OS X 10.15; rv:79.0) Gecko/20100101 Firefox/79.0"
62.197.149.111 - - [17/Apr/2025:05:20:13 -0400] "GET /wp-content/index.php HTTP/1.1" 200 0 "-" "Mozilla/5.0 (Windows NT 10.0; Win64; x64; rv:73.0) Gecko/20100101 Firefox/73.0"
62.197.149.111 - - [17/Apr/2025:05:20:14 -0400] "GET /404.php HTTP/1.1" 404 10074 "-" "Mozilla/5.0 (Windows NT 10.0; Win64; x64; rv:72.0) Gecko/20100101 Firefox/72.0"
62.197.149.111 - - [17/Apr/2025:05:20:17 -0400] "GET /wp-admin/network/index.php HTTP/1.1" 302 0 "-" "Mozilla/5.0 (X11; Linux i686; rv:79.0) Gecko/20100101 Firefox/79.0"
62.197.149.111 - - [17/Apr/2025:05:20:19 -0400] "GET /.well-known/index.php HTTP/1.1" 301 0 "-" "Mozilla/5.0 (Windows NT 10.0; Win64; x64; rv:74.0) Gecko/20100101 Firefox/74.0"
62.197.149.111 - - [17/Apr/2025:05:20:20 -0400] "GET /wp-login.php HTTP/1.1" 302 0 "-" "Mozilla/5.0 (Windows NT 10.0; Win64; x64) AppleWebKit/537.36 (KHTML, like Gecko) Chrome/70.0.3538.110 Safari/537.36"
62.197.149.111 - - [17/Apr/2025:05:20:22 -0400] "GET /plugin.php HTTP/1.1" 404 10074 "-" "Mozilla/5.0 (Windows NT 10.0; Win64; x64; rv:76.0) Gecko/20100101 Firefox/76.0"
62.197.149.111 - - [17/Apr/2025:05:20:24 -0400] "GET /install.php HTTP/1.1" 404 10074 "-" "Mozilla/5.0 (Windows NT 10.0; Win64; x64) AppleWebKit/537.36 (KHTML, like Gecko) Chrome/83.0.4103.61 Safari/537.36"
62.197.149.111 - - [17/Apr/2025:05:20:28 -0400] "GET /function.php HTTP/1.1" 404 10074 "-" "Mozilla/5.0 (Windows NT 10.0; Win64; x64) AppleWebKit/537.36 (KHTML, like Gecko) Chrome/83.0.4103.61 Safari/537.36"
62.197.149.111 - - [17/Apr/2025:05:20:31 -0400] "GET /wp-content/uploads/2023/05/404.php HTTP/1.1" 404 10072 "-" "Mozilla/5.0 (Windows NT 10.0; Win64; x64) AppleWebKit/537.36 (KHTML, like Gecko) Chrome/84.0.4147.105 Safari/537.36"
62.197.149.111 - - [17/Apr/2025:05:20:34 -0400] "GET /ws.php HTTP/1.1" 404 10074 "-" "Mozilla/5.0 (compatible; MSIE 10.0; Windows NT 6.1; Trident/6.0)"
62.197.149.111 - - [17/Apr/2025:05:20:36 -0400] "GET /tiny.php HTTP/1.1" 404 10074 "-" "Mozilla/5.0 (Windows NT 10.0; Win64; x64) AppleWebKit/537.36 (KHTML, like Gecko) Chrome/70.0.3538.77 Safari/537.36"
62.197.149.111 - - [17/Apr/2025:05:20:39 -0400] "GET /.well-known/about.php HTTP/1.1" 404 10074 "-" "Mozilla/5.0 (X11; Linux i686; rv:79.0) Gecko/20100101 Firefox/79.0"
62.197.149.111 - - [17/Apr/2025:05:20:40 -0400] "GET /autoload_classmap.php HTTP/1.1" 404 10074 "-" "Mozilla/5.0 (Windows NT 10.0) AppleWebKit/537.36 (KHTML, like Gecko) Chrome/84.0.4147.105 Safari/537.36"
62.197.149.111 - - [17/Apr/2025:05:20:42 -0400] "GET /dropdown.php HTTP/1.1" 404 10074 "-" "Mozilla/5.0 (Windows NT 6.1; Win64; x64) AppleWebKit/537.36 (KHTML, like Gecko) Chrome/74.0.3729.169 Safari/537.36"
62.197.149.111 - - [17/Apr/2025:05:20:44 -0400] "GET /wp.php HTTP/1.1" 404 10074 "-" "Mozilla/5.0 (Windows NT 10.0; Win64; x64) AppleWebKit/537.36 (KHTML, like Gecko) Chrome/84.0.4147.105 Safari/537.36"
62.197.149.111 - - [17/Apr/2025:05:20:46 -0400] "GET /css/index.php HTTP/1.1" 301 0 "-" "Mozilla/5.0 (Linux x86_64; rv:79.0) Gecko/20100101 Firefox/79.0"
62.197.149.111 - - [17/Apr/2025:05:20:49 -0400] "GET /x.php HTTP/1.1" 404 10075 "-" "Mozilla/5.0 (Linux x86_64; rv:79.0) Gecko/20100101 Firefox/79.0"
62.197.149.111 - - [17/Apr/2025:05:20:52 -0400] "GET /file.php HTTP/1.1" 404 10074 "-" "Mozilla/5.0 (Windows NT 10.0; Win64; x64) AppleWebKit/537.36 (KHTML, like Gecko) Chrome/70.0.3538.110 Safari/537.36"
2607:5300:60:7e27::1 - - [17/Apr/2025:05:28:56 -0400] "GET / HTTP/1.1" 200 14135 "-" "Mozilla/5.0 (Windows NT 10.0; Win64; x64; rv:118.0) Gecko/20100101 Firefox/118.0"
85.208.98.23 - - [17/Apr/2025:05:42:48 -0400] "GET /robots.txt HTTP/1.1" 200 128 "-" "Mozilla/5.0 (compatible; SemrushBot-BA; +http://www.semrush.com/bot.html)"
