196.251.85.190 - - [18/Apr/2025:20:03:45 -0400] "POST /xmlrpc.php HTTP/1.1" 200 212 "-" "Mozilla/5.0 (Windows NT 10.0; Win64; x64) AppleWebKit/537.36 (KHTML, like Gecko) Chrome/89.0.4389.114 Safari/537.36"
196.251.85.190 - - [18/Apr/2025:20:03:47 -0400] "POST /xmlrpc.php HTTP/1.1" 200 236 "-" "Mozilla/5.0 (Windows NT 10.0; Win64; x64) AppleWebKit/537.36 (KHTML, like Gecko) Chrome/89.0.4389.114 Safari/537.36"
51.68.153.131 - - [18/Apr/2025:20:05:34 -0400] "POST /xmlrpc.php HTTP/1.1" 200 212 "-" "Mozilla/5.0 (Windows NT 10.0; Win64; x64; rv:52.0) Gecko/20100101 Firefox/52.0"
216.244.66.202 - - [18/Apr/2025:20:07:01 -0400] "GET /robots.txt HTTP/1.1" 200 128 "-" "Mozilla/5.0 (compatible; DotBot/1.2; +https://opensiteexplorer.org/dotbot; help@moz.com)"
216.244.66.202 - - [18/Apr/2025:20:11:18 -0400] "GET /2025/03/ HTTP/1.1" 200 13672 "-" "Mozilla/5.0 (compatible; DotBot/1.2; +https://opensiteexplorer.org/dotbot; help@moz.com)"
198.54.114.83 - - [18/Apr/2025:20:12:18 -0400] "POST /wp-cron.php?doing_wp_cron=1745021538.8468389511108398437500 HTTP/1.1" 200 0 "-" "WordPress/6.8; https://saamigraphics.com"
216.244.66.202 - - [18/Apr/2025:20:12:18 -0400] "GET /buy-youtube-favorites-from-a-trusted-and-reputable-provider/ HTTP/1.1" 200 14544 "-" "Mozilla/5.0 (compatible; DotBot/1.2; +https://opensiteexplorer.org/dotbot; help@moz.com)"
198.54.114.83 - - [18/Apr/2025:20:13:06 -0400] "POST /wp-cron.php?doing_wp_cron=1745021586.3255090713500976562500 HTTP/1.1" 200 0 "-" "WordPress/6.8; https://saamigraphics.com"
216.244.66.202 - - [18/Apr/2025:20:13:05 -0400] "GET /the-best-place-to-buy-youtube-views/ HTTP/1.1" 200 14595 "-" "Mozilla/5.0 (compatible; DotBot/1.2; +https://opensiteexplorer.org/dotbot; help@moz.com)"
216.244.66.202 - - [18/Apr/2025:20:18:31 -0400] "GET /le-meilleur-parieur-decouvrez-lunivers-captivant-de-1xbet/feed/ HTTP/1.1" 200 476 "-" "Mozilla/5.0 (compatible; DotBot/1.2; +https://opensiteexplorer.org/dotbot; help@moz.com)"
178.33.192.240 - - [18/Apr/2025:20:23:29 -0400] "POST /xmlrpc.php HTTP/1.1" 200 212 "-" "Mozilla/5.0 (Windows NT 10.0; Win64; x64; rv:53.0) Gecko/20100101 Firefox/53.0"
38.242.132.151 - - [18/Apr/2025:20:39:29 -0400] "POST /xmlrpc.php HTTP/1.1" 200 212 "-" "Mozilla/5.0 (Windows NT 10.0; Win64; x64; rv:74.0) Gecko/20100101 Firefox/74.0"
216.244.66.202 - - [18/Apr/2025:20:51:23 -0400] "GET /robots.txt HTTP/1.1" 304 0 "-" "Mozilla/5.0 (compatible; DotBot/1.2; +https://opensiteexplorer.org/dotbot; help@moz.com)"
198.54.114.83 - - [18/Apr/2025:20:56:59 -0400] "POST /wp-cron.php?doing_wp_cron=1745024219.3737089633941650390625 HTTP/1.1" 200 0 "-" "WordPress/6.8; https://saamigraphics.com"
216.244.66.202 - - [18/Apr/2025:20:56:58 -0400] "GET /les-plateaux-repas-dentreprise-une-solution-pratique-et-conviviale/ HTTP/1.1" 200 13898 "-" "Mozilla/5.0 (compatible; DotBot/1.2; +https://opensiteexplorer.org/dotbot; help@moz.com)"
85.17.76.141 - - [18/Apr/2025:20:58:28 -0400] "POST /xmlrpc.php HTTP/1.1" 200 212 "-" "Mozilla/5.0 (Windows NT 10.0; Win64; x64; rv:64.0) Gecko/20100101 Firefox/64.0"
198.54.114.83 - - [18/Apr/2025:20:59:43 -0400] "POST /wp-cron.php?doing_wp_cron=1745024383.1461100578308105468750 HTTP/1.1" 200 0 "-" "WordPress/6.8; https://saamigraphics.com"
216.244.66.202 - - [18/Apr/2025:20:59:42 -0400] "GET /how-to-file-a-hattingen-tax-return/feed/ HTTP/1.1" 200 437 "-" "Mozilla/5.0 (compatible; DotBot/1.2; +https://opensiteexplorer.org/dotbot; help@moz.com)"
216.244.66.202 - - [18/Apr/2025:20:59:57 -0400] "GET /stepping-up-your-game-the-impact-of-sports-grip-socks/feed/ HTTP/1.1" 200 475 "-" "Mozilla/5.0 (compatible; DotBot/1.2; +https://opensiteexplorer.org/dotbot; help@moz.com)"
196.51.17.5 - - [18/Apr/2025:21:08:11 -0400] "GET /cbd-for-anxiety-uk-a-natural-remedy-for-anxiety/ HTTP/1.1" 200 14561 "-" "Mozilla/5.0 (Windows NT 10.0; WOW64) AppleWebKit/537.36 (KHTML, like Gecko) Chrome/114.0.0.0 Safari/537.36"
157.230.24.5 - - [18/Apr/2025:21:17:31 -0400] "POST /xmlrpc.php HTTP/1.1" 200 0 "-" "Mozilla/5.0 (Windows NT 10.0; Win64; x64; rv:96.0) Gecko/20100101 Firefox/96.0"
182.43.70.186 - - [18/Apr/2025:21:23:18 -0400] "GET /wp-login.php HTTP/1.1" 302 0 "-" "Apache-HttpClient/4.5.2 (Java/1.8.0_151)"
182.43.70.186 - - [18/Apr/2025:21:23:26 -0400] "GET /?author=1 HTTP/1.1" 301 0 "-" "Apache-HttpClient/4.5.2 (Java/1.8.0_151)"
182.43.70.186 - - [18/Apr/2025:21:23:29 -0400] "GET /?author=2 HTTP/1.1" 301 0 "-" "Apache-HttpClient/4.5.2 (Java/1.8.0_151)"
182.43.70.186 - - [18/Apr/2025:21:23:32 -0400] "GET /?author=3 HTTP/1.1" 200 14292 "-" "Apache-HttpClient/4.5.2 (Java/1.8.0_151)"
182.43.70.186 - - [18/Apr/2025:21:23:33 -0400] "GET /?author=4 HTTP/1.1" 200 14295 "-" "Apache-HttpClient/4.5.2 (Java/1.8.0_151)"
182.43.70.186 - - [18/Apr/2025:21:23:35 -0400] "GET /?author=5 HTTP/1.1" 200 14296 "-" "Apache-HttpClient/4.5.2 (Java/1.8.0_151)"
198.54.114.83 - - [18/Apr/2025:21:23:40 -0400] "POST /wp-cron.php?doing_wp_cron=1745025820.2087590694427490234375 HTTP/1.1" 200 0 "-" "WordPress/6.8; https://saamigraphics.com"
182.43.70.186 - - [18/Apr/2025:21:23:39 -0400] "GET /?author=6 HTTP/1.1" 301 0 "-" "Apache-HttpClient/4.5.2 (Java/1.8.0_151)"
182.43.70.186 - - [18/Apr/2025:21:23:43 -0400] "GET /?author=7 HTTP/1.1" 200 14325 "-" "Apache-HttpClient/4.5.2 (Java/1.8.0_151)"
182.43.70.186 - - [18/Apr/2025:21:23:45 -0400] "GET /?author=8 HTTP/1.1" 200 14316 "-" "Apache-HttpClient/4.5.2 (Java/1.8.0_151)"
182.43.70.186 - - [18/Apr/2025:21:23:48 -0400] "GET /?author=9 HTTP/1.1" 200 14294 "-" "Apache-HttpClient/4.5.2 (Java/1.8.0_151)"
182.43.70.186 - - [18/Apr/2025:21:23:52 -0400] "GET /?author=10 HTTP/1.1" 200 14289 "-" "Apache-HttpClient/4.5.2 (Java/1.8.0_151)"
182.43.70.186 - - [18/Apr/2025:21:23:56 -0400] "GET /?author=11 HTTP/1.1" 200 14289 "-" "Apache-HttpClient/4.5.2 (Java/1.8.0_151)"
182.43.70.186 - - [18/Apr/2025:21:23:59 -0400] "GET /?author=12 HTTP/1.1" 200 14294 "-" "Apache-HttpClient/4.5.2 (Java/1.8.0_151)"
198.54.114.83 - - [18/Apr/2025:21:24:03 -0400] "POST /wp-cron.php?doing_wp_cron=1745025843.4024510383605957031250 HTTP/1.1" 200 0 "-" "WordPress/6.8; https://saamigraphics.com"
182.43.70.186 - - [18/Apr/2025:21:24:02 -0400] "GET /?author=13 HTTP/1.1" 200 14297 "-" "Apache-HttpClient/4.5.2 (Java/1.8.0_151)"
182.43.70.186 - - [18/Apr/2025:21:24:05 -0400] "GET /?author=14 HTTP/1.1" 200 14296 "-" "Apache-HttpClient/4.5.2 (Java/1.8.0_151)"
182.43.70.186 - - [18/Apr/2025:21:24:09 -0400] "GET /?author=15 HTTP/1.1" 200 14299 "-" "Apache-HttpClient/4.5.2 (Java/1.8.0_151)"
182.43.70.186 - - [18/Apr/2025:21:24:15 -0400] "GET /?author=16 HTTP/1.1" 200 14294 "-" "Apache-HttpClient/4.5.2 (Java/1.8.0_151)"
182.43.70.186 - - [18/Apr/2025:21:24:17 -0400] "GET /?author=17 HTTP/1.1" 200 14296 "-" "Apache-HttpClient/4.5.2 (Java/1.8.0_151)"
182.43.70.186 - - [18/Apr/2025:21:24:19 -0400] "GET /?author=18 HTTP/1.1" 200 14295 "-" "Apache-HttpClient/4.5.2 (Java/1.8.0_151)"
182.43.70.186 - - [18/Apr/2025:21:24:22 -0400] "GET /?author=19 HTTP/1.1" 200 14297 "-" "Apache-HttpClient/4.5.2 (Java/1.8.0_151)"
182.43.70.186 - - [18/Apr/2025:21:24:23 -0400] "GET /?author=20 HTTP/1.1" 200 14306 "-" "Apache-HttpClient/4.5.2 (Java/1.8.0_151)"
182.43.70.186 - - [18/Apr/2025:21:24:26 -0400] "GET /xmlrpc.php HTTP/1.1" 405 60 "-" "Apache-HttpClient/4.5.2 (Java/1.8.0_151)"
182.43.70.186 - - [18/Apr/2025:21:24:27 -0400] "POST /xmlrpc.php HTTP/1.1" 200 212 "-" "Apache-HttpClient/4.5.2 (Java/1.8.0_151)"
182.43.70.186 - - [18/Apr/2025:21:24:29 -0400] "POST /xmlrpc.php HTTP/1.1" 200 212 "-" "Apache-HttpClient/4.5.2 (Java/1.8.0_151)"
182.43.70.186 - - [18/Apr/2025:21:24:31 -0400] "POST /xmlrpc.php HTTP/1.1" 200 212 "-" "Apache-HttpClient/4.5.2 (Java/1.8.0_151)"
182.43.70.186 - - [18/Apr/2025:21:24:33 -0400] "POST /xmlrpc.php HTTP/1.1" 200 212 "-" "Apache-HttpClient/4.5.2 (Java/1.8.0_151)"
182.43.70.186 - - [18/Apr/2025:21:24:35 -0400] "POST /xmlrpc.php HTTP/1.1" 200 212 "-" "Apache-HttpClient/4.5.2 (Java/1.8.0_151)"
182.43.70.186 - - [18/Apr/2025:21:24:37 -0400] "POST /xmlrpc.php HTTP/1.1" 200 212 "-" "Apache-HttpClient/4.5.2 (Java/1.8.0_151)"
182.43.70.186 - - [18/Apr/2025:21:27:02 -0400] "POST /xmlrpc.php HTTP/1.1" 200 212 "-" "Apache-HttpClient/4.5.2 (Java/1.8.0_151)"
182.43.70.186 - - [18/Apr/2025:21:27:05 -0400] "POST /xmlrpc.php HTTP/1.1" 200 212 "-" "Apache-HttpClient/4.5.2 (Java/1.8.0_151)"
182.43.70.186 - - [18/Apr/2025:21:27:08 -0400] "POST /xmlrpc.php HTTP/1.1" 200 212 "-" "Apache-HttpClient/4.5.2 (Java/1.8.0_151)"
182.43.70.186 - - [18/Apr/2025:21:27:12 -0400] "POST /xmlrpc.php HTTP/1.1" 200 212 "-" "Apache-HttpClient/4.5.2 (Java/1.8.0_151)"
182.43.70.186 - - [18/Apr/2025:21:27:13 -0400] "POST /xmlrpc.php HTTP/1.1" 200 0 "-" "Apache-HttpClient/4.5.2 (Java/1.8.0_151)"
182.43.70.186 - - [18/Apr/2025:21:27:22 -0400] "POST /xmlrpc.php HTTP/1.1" 200 0 "-" "Apache-HttpClient/4.5.2 (Java/1.8.0_151)"
198.54.114.83 - - [18/Apr/2025:21:32:47 -0400] "POST /wp-cron.php?doing_wp_cron=1745026367.0880620479583740234375 HTTP/1.1" 200 0 "-" "WordPress/6.8; https://saamigraphics.com"
2a05:d018:edc:b800:bfa6:6f94:48a8:35a3 - - [18/Apr/2025:21:32:46 -0400] "POST /xmlrpc.php HTTP/1.1" 200 212 "-" "Mozilla/5.0 (Windows NT 10.0; Win64; x64; rv:49.0) Gecko/20100101 Firefox/49.0"
182.43.70.186 - - [18/Apr/2025:21:34:11 -0400] "POST /xmlrpc.php HTTP/1.1" 200 212 "-" "Apache-HttpClient/4.5.2 (Java/1.8.0_151)"
182.43.70.186 - - [18/Apr/2025:21:34:13 -0400] "POST /xmlrpc.php HTTP/1.1" 200 212 "-" "Apache-HttpClient/4.5.2 (Java/1.8.0_151)"
182.43.70.186 - - [18/Apr/2025:21:34:13 -0400] "POST /xmlrpc.php HTTP/1.1" 200 212 "-" "Apache-HttpClient/4.5.2 (Java/1.8.0_151)"
182.43.70.186 - - [18/Apr/2025:21:34:19 -0400] "POST /xmlrpc.php HTTP/1.1" 200 0 "-" "Apache-HttpClient/4.5.2 (Java/1.8.0_151)"
182.43.70.186 - - [18/Apr/2025:21:34:21 -0400] "POST /xmlrpc.php HTTP/1.1" 200 212 "-" "Apache-HttpClient/4.5.2 (Java/1.8.0_151)"
182.43.70.186 - - [18/Apr/2025:21:34:28 -0400] "POST /xmlrpc.php HTTP/1.1" 200 212 "-" "Apache-HttpClient/4.5.2 (Java/1.8.0_151)"
182.43.70.186 - - [18/Apr/2025:21:42:18 -0400] "POST /xmlrpc.php HTTP/1.1" 200 212 "-" "Apache-HttpClient/4.5.2 (Java/1.8.0_151)"
182.43.70.186 - - [18/Apr/2025:21:42:20 -0400] "POST /xmlrpc.php HTTP/1.1" 200 212 "-" "Apache-HttpClient/4.5.2 (Java/1.8.0_151)"
182.43.70.186 - - [18/Apr/2025:21:42:20 -0400] "POST /xmlrpc.php HTTP/1.1" 200 212 "-" "Apache-HttpClient/4.5.2 (Java/1.8.0_151)"
182.43.70.186 - - [18/Apr/2025:21:42:21 -0400] "POST /xmlrpc.php HTTP/1.1" 200 212 "-" "Apache-HttpClient/4.5.2 (Java/1.8.0_151)"
182.43.70.186 - - [18/Apr/2025:21:42:22 -0400] "POST /xmlrpc.php HTTP/1.1" 200 212 "-" "Apache-HttpClient/4.5.2 (Java/1.8.0_151)"
182.43.70.186 - - [18/Apr/2025:21:42:24 -0400] "POST /xmlrpc.php HTTP/1.1" 200 212 "-" "Apache-HttpClient/4.5.2 (Java/1.8.0_151)"
2a05:f480:1400:28fb:5400:4ff:fed7:2169 - - [18/Apr/2025:21:51:09 -0400] "POST /xmlrpc.php HTTP/1.1" 200 212 "-" "Mozilla/5.0 (Windows NT 10.0; Win64; x64; rv:82.0) Gecko/20100101 Firefox/82.0"
216.244.66.202 - - [18/Apr/2025:21:51:21 -0400] "GET /wholesale-leather-bags-made-in-italy/feed/ HTTP/1.1" 200 441 "-" "Mozilla/5.0 (compatible; DotBot/1.2; +https://opensiteexplorer.org/dotbot; help@moz.com)"
182.43.70.186 - - [18/Apr/2025:22:06:46 -0400] "POST /xmlrpc.php HTTP/1.1" 200 0 "-" "Apache-HttpClient/4.5.2 (Java/1.8.0_151)"
198.54.114.83 - - [18/Apr/2025:22:06:47 -0400] "POST /wp-cron.php?doing_wp_cron=1745028407.0131239891052246093750 HTTP/1.1" 200 0 "-" "WordPress/6.8; https://saamigraphics.com"
182.43.70.186 - - [18/Apr/2025:22:06:48 -0400] "POST /xmlrpc.php HTTP/1.1" 200 212 "-" "Apache-HttpClient/4.5.2 (Java/1.8.0_151)"
182.43.70.186 - - [18/Apr/2025:22:06:50 -0400] "POST /xmlrpc.php HTTP/1.1" 200 212 "-" "Apache-HttpClient/4.5.2 (Java/1.8.0_151)"
182.43.70.186 - - [18/Apr/2025:22:06:53 -0400] "POST /xmlrpc.php HTTP/1.1" 200 212 "-" "Apache-HttpClient/4.5.2 (Java/1.8.0_151)"
182.43.70.186 - - [18/Apr/2025:22:06:57 -0400] "POST /xmlrpc.php HTTP/1.1" 200 212 "-" "Apache-HttpClient/4.5.2 (Java/1.8.0_151)"
198.54.114.83 - - [18/Apr/2025:22:07:02 -0400] "POST /wp-cron.php?doing_wp_cron=1745028421.6829180717468261718750 HTTP/1.1" 200 0 "-" "WordPress/6.8; https://saamigraphics.com"
182.43.70.186 - - [18/Apr/2025:22:07:00 -0400] "POST /xmlrpc.php HTTP/1.1" 200 212 "-" "Apache-HttpClient/4.5.2 (Java/1.8.0_151)"
52.25.59.5 - - [18/Apr/2025:22:07:35 -0400] "POST /xmlrpc.php HTTP/1.1" 200 212 "-" "Mozilla/5.0 (Windows NT 10.0; Win64; x64; rv:42.0) Gecko/20100101 Firefox/42.0"
216.244.66.202 - - [18/Apr/2025:22:20:57 -0400] "GET /robots.txt HTTP/1.1" 304 0 "-" "Mozilla/5.0 (compatible; DotBot/1.2; +https://opensiteexplorer.org/dotbot; help@moz.com)"
198.54.114.83 - - [18/Apr/2025:22:25:08 -0400] "POST /wp-cron.php?doing_wp_cron=1745029506.2724859714508056640625 HTTP/1.1" 200 0 "-" "WordPress/6.8; https://saamigraphics.com"
216.244.66.202 - - [18/Apr/2025:22:25:05 -0400] "GET /your-ai-chatbot-for-smart-conversations/ HTTP/1.1" 200 71846 "-" "Mozilla/5.0 (compatible; DotBot/1.2; +https://opensiteexplorer.org/dotbot; help@moz.com)"
198.54.114.83 - - [18/Apr/2025:22:26:08 -0400] "POST /wp-cron.php?doing_wp_cron=1745029568.1746439933776855468750 HTTP/1.1" 200 0 "-" "WordPress/6.8; https://saamigraphics.com"
2a05:d014:d74:a100:35b2:ffea:f019:2c95 - - [18/Apr/2025:22:26:07 -0400] "POST /xmlrpc.php HTTP/1.1" 200 212 "-" "Mozilla/5.0 (Windows NT 10.0; Win64; x64; rv:74.0) Gecko/20100101 Firefox/74.0"
216.244.66.202 - - [18/Apr/2025:22:26:08 -0400] "GET /diamond-painting-accessories-2/ HTTP/1.1" 200 14473 "-" "Mozilla/5.0 (compatible; DotBot/1.2; +https://opensiteexplorer.org/dotbot; help@moz.com)"
175.6.217.4 - - [18/Apr/2025:22:26:18 -0400] "GET / HTTP/1.1" 301 0 "-" "Mozilla/5.0 (iPhone; CPU iPhone OS 13_2_3 like Mac OS X) AppleWebKit/605.1.15 (KHTML, like Gecko) Version/13.0.3 Mobile/15E148 Safari/604.1"
175.6.217.4 - - [18/Apr/2025:22:26:23 -0400] "GET / HTTP/1.1" 200 14135 "http://www.saamigraphics.com" "Mozilla/5.0 (iPhone; CPU iPhone OS 13_2_3 like Mac OS X) AppleWebKit/605.1.15 (KHTML, like Gecko) Version/13.0.3 Mobile/15E148 Safari/604.1"
198.54.114.83 - - [18/Apr/2025:22:45:44 -0400] "POST /wp-cron.php?doing_wp_cron=1745030744.1511790752410888671875 HTTP/1.1" 200 0 "-" "WordPress/6.8; https://saamigraphics.com"
2a01:4f8:192:10c4::2 - - [18/Apr/2025:22:45:43 -0400] "POST /xmlrpc.php HTTP/1.1" 200 212 "-" "Mozilla/5.0 (Windows NT 10.0; Win64; x64; rv:66.0) Gecko/20100101 Firefox/66.0"
13.200.215.255 - - [18/Apr/2025:22:49:15 -0400] "GET / HTTP/1.1" 200 14135 "-" "Mozilla/5.0 (Windows NT 10.0; Win64; x64) AppleWebKit/537.36 (KHTML, like Gecko) Chrome/89.0.4389.114 Safari/537.36"
198.54.114.83 - - [18/Apr/2025:22:49:17 -0400] "POST /wp-cron.php?doing_wp_cron=1745030957.3818659782409667968750 HTTP/1.1" 200 0 "-" "WordPress/6.8; https://saamigraphics.com"
13.200.215.255 - - [18/Apr/2025:22:49:16 -0400] "GET /?author=1 HTTP/1.1" 301 0 "-" "Mozilla/5.0 (Windows NT 10.0; Win64; x64) AppleWebKit/537.36 (KHTML, like Gecko) Chrome/89.0.4389.114 Safari/537.36"
13.200.215.255 - - [18/Apr/2025:22:49:19 -0400] "GET /?author=2 HTTP/1.1" 301 0 "-" "Mozilla/5.0 (Windows NT 10.0; Win64; x64) AppleWebKit/537.36 (KHTML, like Gecko) Chrome/89.0.4389.114 Safari/537.36"
13.200.215.255 - - [18/Apr/2025:22:49:21 -0400] "GET /?author=3 HTTP/1.1" 200 14292 "-" "Mozilla/5.0 (Windows NT 10.0; Win64; x64) AppleWebKit/537.36 (KHTML, like Gecko) Chrome/89.0.4389.114 Safari/537.36"
13.200.215.255 - - [18/Apr/2025:22:49:22 -0400] "GET /wp-json/wp/v2/users/ HTTP/1.1" 200 18429 "-" "Mozilla/5.0 (Windows NT 10.0; Win64; x64) AppleWebKit/537.36 (KHTML, like Gecko) Chrome/89.0.4389.114 Safari/537.36"
13.200.215.255 - - [18/Apr/2025:22:49:24 -0400] "GET /wp-json/oembed/1.0/embed?url=http://saamigraphics.com HTTP/1.1" 404 73 "-" "Mozilla/5.0 (Windows NT 10.0; Win64; x64) AppleWebKit/537.36 (KHTML, like Gecko) Chrome/89.0.4389.114 Safari/537.36"
13.200.215.255 - - [18/Apr/2025:22:49:26 -0400] "POST /xmlrpc.php HTTP/1.1" 200 236 "-" "Mozilla/5.0 (Windows NT 10.0; Win64; x64) AppleWebKit/537.36 (KHTML, like Gecko) Chrome/89.0.4389.114 Safari/537.36"
13.200.215.255 - - [18/Apr/2025:22:49:27 -0400] "POST /xmlrpc.php HTTP/1.1" 200 236 "-" "Mozilla/5.0 (Windows NT 10.0; Win64; x64) AppleWebKit/537.36 (KHTML, like Gecko) Chrome/89.0.4389.114 Safari/537.36"
13.200.215.255 - - [18/Apr/2025:22:49:29 -0400] "POST /xmlrpc.php HTTP/1.1" 200 236 "-" "Mozilla/5.0 (Windows NT 10.0; Win64; x64) AppleWebKit/537.36 (KHTML, like Gecko) Chrome/89.0.4389.114 Safari/537.36"
13.200.215.255 - - [18/Apr/2025:22:49:31 -0400] "POST /xmlrpc.php HTTP/1.1" 200 236 "-" "Mozilla/5.0 (Windows NT 10.0; Win64; x64) AppleWebKit/537.36 (KHTML, like Gecko) Chrome/89.0.4389.114 Safari/537.36"
13.200.215.255 - - [18/Apr/2025:22:49:34 -0400] "POST /xmlrpc.php HTTP/1.1" 200 236 "-" "Mozilla/5.0 (Windows NT 10.0; Win64; x64) AppleWebKit/537.36 (KHTML, like Gecko) Chrome/89.0.4389.114 Safari/537.36"
13.200.215.255 - - [18/Apr/2025:22:49:36 -0400] "POST /xmlrpc.php HTTP/1.1" 200 236 "-" "Mozilla/5.0 (Windows NT 10.0; Win64; x64) AppleWebKit/537.36 (KHTML, like Gecko) Chrome/89.0.4389.114 Safari/537.36"
13.57.203.103 - - [18/Apr/2025:22:54:32 -0400] "GET / HTTP/1.1" 200 14135 "-" "Mozilla/5.0 (X11; Linux x86_64) AppleWebKit/537.36 (KHTML, like Gecko) Chrome/51.0.2704.103 Safari/537.36"
18.220.253.139 - - [18/Apr/2025:23:01:46 -0400] "POST /xmlrpc.php HTTP/1.1" 200 212 "-" "Mozilla/5.0 (Windows NT 10.0; Win64; x64; rv:63.0) Gecko/20100101 Firefox/63.0"
198.54.114.83 - - [18/Apr/2025:23:01:52 -0400] "POST /wp-cron.php?doing_wp_cron=1745031707.9880731105804443359375 HTTP/1.1" 200 0 "-" "WordPress/6.8; https://saamigraphics.com"
216.244.66.202 - - [18/Apr/2025:23:05:31 -0400] "GET /robots.txt HTTP/1.1" 304 0 "-" "Mozilla/5.0 (compatible; DotBot/1.2; +https://opensiteexplorer.org/dotbot; help@moz.com)"
198.54.114.83 - - [18/Apr/2025:23:12:54 -0400] "POST /wp-cron.php?doing_wp_cron=1745032373.0774989128112792968750 HTTP/1.1" 200 0 "-" "WordPress/6.8; https://saamigraphics.com"
216.244.66.202 - - [18/Apr/2025:23:12:51 -0400] "GET /the-evolution-of-luxury-fashion/ HTTP/1.1" 200 14198 "-" "Mozilla/5.0 (compatible; DotBot/1.2; +https://opensiteexplorer.org/dotbot; help@moz.com)"
103.108.133.76 - - [18/Apr/2025:23:20:10 -0400] "POST /xmlrpc.php HTTP/1.1" 200 212 "-" "Mozilla/5.0 (Windows NT 10.0; Win64; x64; rv:52.0) Gecko/20100101 Firefox/52.0"
43.130.60.195 - - [18/Apr/2025:23:21:57 -0400] "GET / HTTP/1.1" 200 14135 "-" "Mozilla/5.0 (iPhone; CPU iPhone OS 13_2_3 like Mac OS X) AppleWebKit/605.1.15 (KHTML, like Gecko) Version/13.0.3 Mobile/15E148 Safari/604.1"
128.199.126.239 - - [18/Apr/2025:23:22:01 -0400] "GET / HTTP/1.1" 200 14135 "https://www.google.co.jp" "Mozilla/5.0 (Macintosh; Intel Mac OS X 10_15_7) AppleWebKit/537.36 (KHTML, like Gecko) Chrome/116.0.5845.96 Safari/537.36"
128.199.126.239 - - [18/Apr/2025:23:22:03 -0400] "GET /index.php?rest_route=/wp/v2/users HTTP/1.1" 200 18429 "http://saamigraphics.com" "Mozilla/5.0 (Macintosh; Intel Mac OS X 14_4_1) AppleWebKit/605.1.15 (KHTML, like Gecko) Version/17.3.1 Safari/605.1.15"
198.54.114.83 - - [18/Apr/2025:23:22:10 -0400] "POST /wp-cron.php?doing_wp_cron=1745032927.9554769992828369140625 HTTP/1.1" 200 0 "-" "WordPress/6.8; https://saamigraphics.com"
198.54.114.83 - - [18/Apr/2025:23:36:39 -0400] "POST /wp-cron.php?doing_wp_cron=1745033798.2766220569610595703125 HTTP/1.1" 200 0 "-" "WordPress/6.8; https://saamigraphics.com"
208.113.249.140 - - [18/Apr/2025:23:36:37 -0400] "POST /xmlrpc.php HTTP/1.1" 200 212 "-" "Mozilla/5.0 (Windows NT 10.0; Win64; x64; rv:55.0) Gecko/20100101 Firefox/55.0"
194.38.23.16 - - [18/Apr/2025:23:54:24 -0400] "GET /sites/all/libraries/elfinder/connectors/php/connector.php HTTP/1.1" 404 10073 "-" "ALittle Client"
198.54.114.83 - - [18/Apr/2025:23:55:44 -0400] "POST /wp-cron.php?doing_wp_cron=1745034944.2637150287628173828125 HTTP/1.1" 200 0 "-" "WordPress/6.8; https://saamigraphics.com"
92.222.12.206 - - [18/Apr/2025:23:55:43 -0400] "POST /xmlrpc.php HTTP/1.1" 200 212 "-" "Mozilla/5.0 (Windows NT 10.0; Win64; x64; rv:53.0) Gecko/20100101 Firefox/53.0"
38.152.97.226 - - [19/Apr/2025:00:04:34 -0400] "GET /un-examen-des-produits-de-securite-a-domicile/ HTTP/1.1" 200 14893 "-" "Mozilla/5.0 (Windows NT 10.0; Win64; x64) AppleWebKit/537.36 (KHTML, like Gecko) Chrome/118.0.0.0 Safari/537.36"
45.32.110.58 - - [19/Apr/2025:00:12:58 -0400] "POST /xmlrpc.php HTTP/1.1" 200 212 "-" "Mozilla/5.0 (Windows NT 10.0; Win64; x64; rv:56.0) Gecko/20100101 Firefox/56.0"
35.166.166.208 - - [19/Apr/2025:00:18:48 -0400] "GET / HTTP/1.1" 200 14135 "-" "Mozilla/5.0 (X11; Linux i686; rv:55.0) Gecko/20100101 Firefox/55.0"
54.201.107.102 - - [19/Apr/2025:00:18:53 -0400] "GET /wp-content/themes/color-magazine/assets/js/skip-link-focus-fix.js?ver=1.0.9 HTTP/1.1" 200 425 "-" "Mozilla/5.0 (Macintosh; Intel Mac OS X 10_9_3) AppleWebKit/537.75.14 (KHTML, like Gecko) Version/7.0.3 Safari/7046A194A"
34.216.146.240 - - [19/Apr/2025:00:18:54 -0400] "GET /wp-includes/js/jquery/jquery.min.js?ver=3.7.1 HTTP/1.1" 200 35438 "-" "Mozilla/5.0 (Macintosh; Intel Mac OS X 10_9_3) AppleWebKit/537.75.14 (KHTML, like Gecko) Version/7.0.3 Safari/7046A194A"
34.216.146.240 - - [19/Apr/2025:00:18:54 -0400] "GET /wp-content/themes/color-magazine/assets/js/min/mt-custom-scripts.min.js?ver=1.0.9 HTTP/1.1" 200 1474 "-" "Mozilla/5.0 (Macintosh; Intel Mac OS X 10_9_3) AppleWebKit/537.75.14 (KHTML, like Gecko) Version/7.0.3 Safari/7046A194A"
35.85.62.225 - - [19/Apr/2025:00:18:54 -0400] "GET /wp-content/themes/color-magazine/assets/js/navigation.js?ver=1.0.9 HTTP/1.1" 200 1615 "-" "Mozilla/5.0 (Macintosh; Intel Mac OS X 10_9_3) AppleWebKit/537.75.14 (KHTML, like Gecko) Version/7.0.3 Safari/7046A194A"
107.180.249.30 - - [19/Apr/2025:00:32:15 -0400] "POST /xmlrpc.php HTTP/1.1" 200 212 "-" "Mozilla/5.0 (Windows NT 10.0; Win64; x64; rv:65.0) Gecko/20100101 Firefox/65.0"
216.244.66.202 - - [19/Apr/2025:00:37:28 -0400] "GET /robots.txt HTTP/1.1" 200 128 "-" "Mozilla/5.0 (compatible; DotBot/1.2; +https://opensiteexplorer.org/dotbot; help@moz.com)"
216.244.66.202 - - [19/Apr/2025:00:42:00 -0400] "GET /streamlabs-chatbot-commands-for-mods-full-2024/ HTTP/1.1" 200 103869 "-" "Mozilla/5.0 (compatible; DotBot/1.2; +https://opensiteexplorer.org/dotbot; help@moz.com)"
107.151.215.141 - - [19/Apr/2025:00:42:21 -0400] "GET / HTTP/1.1" 200 14135 "-" "Mozilla/5.0 (Windows NT 10.0; Win64; x64) AppleWebKit/537.36 (KHTML, like Gecko) Chrome/80.0.3987.149 Safari/537.36"
107.151.215.141 - - [19/Apr/2025:00:42:25 -0400] "GET /?author=1 HTTP/1.1" 301 0 "-" "Mozilla/5.0 (Windows NT 10.0; Win64; x64) AppleWebKit/537.36 (KHTML, like Gecko) Chrome/80.0.3987.149 Safari/537.36"
198.54.114.83 - - [19/Apr/2025:00:42:31 -0400] "POST /wp-cron.php?doing_wp_cron=1745037746.5532588958740234375000 HTTP/1.1" 200 0 "-" "WordPress/6.8; https://saamigraphics.com"
107.151.215.141 - - [19/Apr/2025:00:42:32 -0400] "GET /?author=2 HTTP/1.1" 301 0 "-" "Mozilla/5.0 (Windows NT 10.0; Win64; x64) AppleWebKit/537.36 (KHTML, like Gecko) Chrome/80.0.3987.149 Safari/537.36"
107.151.215.141 - - [19/Apr/2025:00:42:38 -0400] "GET /wp-json/wp/v2/users/ HTTP/1.1" 200 18429 "-" "Mozilla/5.0 (Windows NT 10.0; Win64; x64) AppleWebKit/537.36 (KHTML, like Gecko) Chrome/80.0.3987.149 Safari/537.36"
198.54.114.83 - - [19/Apr/2025:00:42:43 -0400] "POST /wp-cron.php?doing_wp_cron=1745037759.1392319202423095703125 HTTP/1.1" 200 0 "-" "WordPress/6.8; https://saamigraphics.com"
107.151.215.141 - - [19/Apr/2025:00:42:44 -0400] "GET /wp-json/oembed/1.0/embed?url=http://saamigraphics.com HTTP/1.1" 404 73 "-" "Mozilla/5.0 (Windows NT 10.0; Win64; x64) AppleWebKit/537.36 (KHTML, like Gecko) Chrome/80.0.3987.149 Safari/537.36"
107.151.215.141 - - [19/Apr/2025:00:42:47 -0400] "POST /xmlrpc.php HTTP/1.1" 200 212 "-" "Mozilla/5.0 (Windows NT 10.0; Win64; x64) AppleWebKit/537.36 (KHTML, like Gecko) Chrome/80.0.3987.149 Safari/537.36"
107.151.215.141 - - [19/Apr/2025:00:42:52 -0400] "POST /xmlrpc.php HTTP/1.1" 200 236 "-" "Mozilla/5.0 (Windows NT 10.0; Win64; x64) AppleWebKit/537.36 (KHTML, like Gecko) Chrome/80.0.3987.149 Safari/537.36"
107.151.215.141 - - [19/Apr/2025:00:42:58 -0400] "POST /xmlrpc.php HTTP/1.1" 200 212 "-" "Mozilla/5.0 (Windows NT 10.0; Win64; x64) AppleWebKit/537.36 (KHTML, like Gecko) Chrome/80.0.3987.149 Safari/537.36"
107.151.215.141 - - [19/Apr/2025:00:43:02 -0400] "POST /xmlrpc.php HTTP/1.1" 200 236 "-" "Mozilla/5.0 (Windows NT 10.0; Win64; x64) AppleWebKit/537.36 (KHTML, like Gecko) Chrome/80.0.3987.149 Safari/537.36"
107.151.215.141 - - [19/Apr/2025:00:43:08 -0400] "POST /xmlrpc.php HTTP/1.1" 200 236 "-" "Mozilla/5.0 (Windows NT 10.0; Win64; x64) AppleWebKit/537.36 (KHTML, like Gecko) Chrome/80.0.3987.149 Safari/537.36"
107.151.215.141 - - [19/Apr/2025:00:43:15 -0400] "POST /xmlrpc.php HTTP/1.1" 200 236 "-" "Mozilla/5.0 (Windows NT 10.0; Win64; x64) AppleWebKit/537.36 (KHTML, like Gecko) Chrome/80.0.3987.149 Safari/537.36"
18.237.132.150 - - [19/Apr/2025:00:44:42 -0400] "GET / HTTP/1.1" 200 14135 "-" "-"
44.242.240.163 - - [19/Apr/2025:00:44:45 -0400] "GET /No%20favicon%20address%20found%20in%20site-XML HTTP/1.1" 200 0 "http://saamigraphics.com/" "Mozilla/5.0 (Macintosh; Intel Mac OS X 10_9_3) AppleWebKit/537.75.14 (KHTML, like Gecko) Version/7.0.3 Safari/7046A194A"
198.54.114.83 - - [19/Apr/2025:00:44:50 -0400] "POST /wp-cron.php?doing_wp_cron=1745037886.7839939594268798828125 HTTP/1.1" 200 0 "-" "WordPress/6.8; https://saamigraphics.com"
34.116.39.104 - - [19/Apr/2025:00:44:50 -0400] "HEAD / HTTP/1.1" 200 0 "http://saamigraphics.com" "Mozilla/5.0 (Linux; Android 13; Pixel 4a (5G) Build/TQ2A.230505.002; wv) AppleWebKit/537.36 (KHTML, like Gecko) Version/4.0 Chrome/112.0.5615.136 Mobile Safari/537.36 GoogleApp/14.16.27.29.arm64 AppEngine-Google; (+http://code.google.com/appengine; appid: s~virustotalcloud)"
18.219.84.11 - - [19/Apr/2025:00:44:50 -0400] "GET / HTTP/1.1" 200 14135 "-" "Mozilla/5.0 (Windows NT 10.0; Win64; x64) AppleWebKit/537.36 (KHTML, like Gecko) Chrome/114.0.0.0 Safari/537.36 Edg/114.0.1823.51"
192.178.6.101 - - [19/Apr/2025:00:44:50 -0400] "GET /robots.txt HTTP/1.1" 200 128 "-" "Mozilla/5.0 (compatible; Googlebot/2.1; +http://www.google.com/bot.html)"
18.188.1.67 - - [19/Apr/2025:00:44:50 -0400] "GET / HTTP/1.1" 200 14135 "-" "Mozilla/5.0 (Windows NT 10.0; Win64; x64) AppleWebKit/537.36 (KHTML, like Gecko) Chrome/114.0.0.0 Safari/537.36 Edg/114.0.1823.51"
54.71.187.124 - - [19/Apr/2025:00:44:52 -0400] "GET / HTTP/1.1" 200 14135 "-" "Mozilla/5.0 (Windows NT 10.0; Win64; x64; rv:136.0) Gecko/20100101 Firefox/136.0"
192.178.6.99 - - [19/Apr/2025:00:44:53 -0400] "GET / HTTP/1.1" 200 14135 "-" "GoogleOther"
34.116.39.101 - - [19/Apr/2025:00:44:53 -0400] "GET / HTTP/1.1" 200 14135 "http://saamigraphics.com" "Mozilla/5.0 (Linux; Android 13; Pixel 4a (5G) Build/TQ2A.230505.002; wv) AppleWebKit/537.36 (KHTML, like Gecko) Version/4.0 Chrome/112.0.5615.136 Mobile Safari/537.36 GoogleApp/14.16.27.29.arm64 AppEngine-Google; (+http://code.google.com/appengine; appid: s~virustotalcloud)"
54.71.187.124 - - [19/Apr/2025:00:44:56 -0400] "GET /wp-includes/css/dist/block-library/style.min.css?ver=6.8 HTTP/1.1" 200 19663 "http://saamigraphics.com/" "Mozilla/5.0 (Windows NT 10.0; Win64; x64; rv:136.0) Gecko/20100101 Firefox/136.0"
54.71.187.124 - - [19/Apr/2025:00:44:56 -0400] "GET /wp-content/themes/color-magazine/assets/library/lightslider/css/lightslider.min.css?ver=6.8 HTTP/1.1" 200 1551 "http://saamigraphics.com/" "Mozilla/5.0 (Windows NT 10.0; Win64; x64; rv:136.0) Gecko/20100101 Firefox/136.0"
54.71.187.124 - - [19/Apr/2025:00:44:56 -0400] "GET /wp-content/themes/color-magazine/assets/css/min/mt-preloader.min.css?ver=1.0.9 HTTP/1.1" 200 1240 "http://saamigraphics.com/" "Mozilla/5.0 (Windows NT 10.0; Win64; x64; rv:136.0) Gecko/20100101 Firefox/136.0"
54.71.187.124 - - [19/Apr/2025:00:44:56 -0400] "GET /wp-content/themes/color-magazine/assets/library/box-icons/css/boxicons.min.css?ver=2.1.4 HTTP/1.1" 200 14405 "http://saamigraphics.com/" "Mozilla/5.0 (Windows NT 10.0; Win64; x64; rv:136.0) Gecko/20100101 Firefox/136.0"
54.71.187.124 - - [19/Apr/2025:00:44:56 -0400] "GET /wp-content/themes/color-magazine/style.css?ver=1.0.9 HTTP/1.1" 200 15396 "http://saamigraphics.com/" "Mozilla/5.0 (Windows NT 10.0; Win64; x64; rv:136.0) Gecko/20100101 Firefox/136.0"
54.71.187.124 - - [19/Apr/2025:00:44:56 -0400] "GET /wp-content/themes/color-magazine/assets/css/min/mt-responsive.min.css?ver=1.0.9 HTTP/1.1" 200 2796 "http://saamigraphics.com/" "Mozilla/5.0 (Windows NT 10.0; Win64; x64; rv:136.0) Gecko/20100101 Firefox/136.0"
54.71.187.124 - - [19/Apr/2025:00:44:59 -0400] "GET /wp-includes/js/jquery/jquery-migrate.min.js?ver=3.4.1 HTTP/1.1" 200 5342 "http://saamigraphics.com/" "Mozilla/5.0 (Windows NT 10.0; Win64; x64; rv:136.0) Gecko/20100101 Firefox/136.0"
54.71.187.124 - - [19/Apr/2025:00:44:59 -0400] "GET /wp-content/themes/color-magazine/assets/js/mt-combine-scripts.js?ver=1.0.9 HTTP/1.1" 200 21492 "http://saamigraphics.com/" "Mozilla/5.0 (Windows NT 10.0; Win64; x64; rv:136.0) Gecko/20100101 Firefox/136.0"
34.116.39.99 - - [19/Apr/2025:00:45:01 -0400] "HEAD / HTTP/1.1" 200 0 "http://saamigraphics.com" "Mozilla/5.0 (Android 13; Mobile; rv:109.0) Gecko/112.0 Firefox/112.0 AppEngine-Google; (+http://code.google.com/appengine; appid: s~virustotalcloud)"
54.71.187.124 - - [19/Apr/2025:00:45:04 -0400] "GET /wp-content/themes/color-magazine/assets/library/box-icons/fonts/boxicons.woff2 HTTP/1.1" 200 115680 "http://saamigraphics.com/wp-content/themes/color-magazine/assets/library/box-icons/css/boxicons.min.css?ver=2.1.4" "Mozilla/5.0 (Windows NT 10.0; Win64; x64; rv:136.0) Gecko/20100101 Firefox/136.0"
54.71.187.124 - - [19/Apr/2025:00:45:04 -0400] "GET /wp-includes/js/wp-emoji-release.min.js?ver=6.8 HTTP/1.1" 200 5982 "http://saamigraphics.com/" "Mozilla/5.0 (Windows NT 10.0; Win64; x64; rv:136.0) Gecko/20100101 Firefox/136.0"
34.116.39.100 - - [19/Apr/2025:00:45:07 -0400] "GET / HTTP/1.1" 200 14135 "http://saamigraphics.com" "Mozilla/5.0 (Android 13; Mobile; rv:109.0) Gecko/112.0 Firefox/112.0 AppEngine-Google; (+http://code.google.com/appengine; appid: s~virustotalcloud)"
34.116.39.103 - - [19/Apr/2025:00:45:16 -0400] "GET /wp-content/themes/color-magazine/assets/js/skip-link-focus-fix.js?ver=1.0.9 HTTP/1.1" 200 425 "http://saamigraphics.com" "Mozilla/5.0 (Macintosh; Intel Mac OS X 10_15_7) AppleWebKit/537.36 (KHTML, like Gecko) Chrome/112.0.0.0 Safari/537.36 AppEngine-Google; (+http://code.google.com/appengine; appid: s~virustotalcloud)"
34.116.39.100 - - [19/Apr/2025:00:45:16 -0400] "GET /wp-content/themes/color-magazine/assets/js/navigation.js?ver=1.0.9 HTTP/1.1" 200 1615 "http://saamigraphics.com" "Mozilla/5.0 (Android 13; Mobile; rv:109.0) Gecko/112.0 Firefox/112.0 AppEngine-Google; (+http://code.google.com/appengine; appid: s~virustotalcloud)"
34.116.39.99 - - [19/Apr/2025:00:45:16 -0400] "GET /wp-content/themes/color-magazine/assets/js/mt-combine-scripts.js?ver=1.0.9 HTTP/1.1" 200 21492 "http://saamigraphics.com" "Mozilla/5.0 (X11; Linux x86_64) AppleWebKit/537.36 (KHTML, like Gecko) Chrome/112.0.0.0 Safari/537.36 AppEngine-Google; (+http://code.google.com/appengine; appid: s~virustotalcloud)"
34.116.39.101 - - [19/Apr/2025:00:45:16 -0400] "GET /wp-content/themes/color-magazine/assets/js/min/mt-custom-scripts.min.js?ver=1.0.9 HTTP/1.1" 200 1474 "http://saamigraphics.com" "Mozilla/5.0 (X11; Linux x86_64) AppleWebKit/537.36 (KHTML, like Gecko) Chrome/112.0.0.0 Safari/537.36 AppEngine-Google; (+http://code.google.com/appengine; appid: s~virustotalcloud)"
34.116.39.104 - - [19/Apr/2025:00:45:16 -0400] "GET /wp-includes/js/jquery/jquery-migrate.min.js?ver=3.4.1 HTTP/1.1" 200 5342 "http://saamigraphics.com" "Mozilla/5.0 (Android 13; Mobile; rv:109.0) Gecko/112.0 Firefox/112.0 AppEngine-Google; (+http://code.google.com/appengine; appid: s~virustotalcloud)"
34.116.39.99 - - [19/Apr/2025:00:45:16 -0400] "GET /wp-includes/js/jquery/jquery.min.js?ver=3.7.1 HTTP/1.1" 200 35438 "http://saamigraphics.com" "Mozilla/5.0 (Macintosh; Intel Mac OS X 10_15_7) AppleWebKit/537.36 (KHTML, like Gecko) Chrome/112.0.0.0 Safari/537.36 AppEngine-Google; (+http://code.google.com/appengine; appid: s~virustotalcloud)"
85.186.88.250 - - [19/Apr/2025:00:50:45 -0400] "POST /xmlrpc.php HTTP/1.1" 200 212 "-" "Mozilla/5.0 (Windows NT 10.0; Win64; x64; rv:44.0) Gecko/20100101 Firefox/44.0"
116.202.13.21 - - [19/Apr/2025:01:07:24 -0400] "POST /xmlrpc.php HTTP/1.1" 200 212 "-" "Mozilla/5.0 (Windows NT 10.0; Win64; x64; rv:51.0) Gecko/20100101 Firefox/51.0"
89.169.15.201 - - [19/Apr/2025:01:15:47 -0400] "GET /wp-content/plugins/hide-my-wp/view/assets/css/rtl.min.css HTTP/1.1" 404 10073 "-" "Mozilla/5.0 (Windows NT 6.1) AppleWebKit/537.36 (KHTML, like Gecko) Chrome/55.0.2918.59 Safari/537.36"
176.100.243.133 - - [19/Apr/2025:01:26:17 -0400] "GET / HTTP/1.1" 200 0 "-" "Mozilla/5.0 (Windows NT 10.0; Win64; x64) AppleWebKit/537.36 (KHTML, like Gecko) Chrome/100.0.4896.127 Safari/537.36"
181.225.235.138 - - [19/Apr/2025:01:26:41 -0400] "POST /xmlrpc.php HTTP/1.1" 200 212 "-" "Mozilla/5.0 (Windows NT 10.0; Win64; x64; rv:41.0) Gecko/20100101 Firefox/41.0"
198.54.114.83 - - [19/Apr/2025:01:26:46 -0400] "POST /wp-cron.php?doing_wp_cron=1745040402.8773078918457031250000 HTTP/1.1" 200 0 "-" "WordPress/6.8; https://saamigraphics.com"
2600:1f18:2d80:7a00:5fdd:e8ae:ffa1:94e - - [19/Apr/2025:01:43:15 -0400] "POST /xmlrpc.php HTTP/1.1" 200 212 "-" "Mozilla/5.0 (Windows NT 10.0; Win64; x64; rv:49.0) Gecko/20100101 Firefox/49.0"
52.226.240.29 - - [19/Apr/2025:01:44:11 -0400] "POST /xmlrpc.php HTTP/1.1" 200 212 "-" "Mozilla/5.0 (Windows NT 10.0; Win64; x64; rv:99.0) Gecko/20100101 Firefox/99.0"
198.54.114.83 - - [19/Apr/2025:01:44:17 -0400] "POST /wp-cron.php?doing_wp_cron=1745041452.1892290115356445312500 HTTP/1.1" 200 0 "-" "WordPress/6.8; https://saamigraphics.com"
34.123.170.104 - - [19/Apr/2025:01:47:28 -0400] "GET / HTTP/1.1" 200 14135 "-" "Mozilla/5.0 (X11; Linux x86_64) AppleWebKit/537.36 (KHTML, like Gecko) HeadlessChrome/125.0.6422.60 Safari/537.36"
104.197.69.115 - - [19/Apr/2025:01:47:31 -0400] "GET /wp-content/themes/color-magazine/assets/css/min/mt-responsive.min.css?ver=1.0.9 HTTP/1.1" 200 2796 "http://saamigraphics.com/" "Mozilla/5.0 (X11; Linux x86_64) AppleWebKit/537.36 (KHTML, like Gecko) HeadlessChrome/125.0.6422.60 Safari/537.36"
34.72.176.129 - - [19/Apr/2025:01:47:31 -0400] "GET /wp-content/themes/color-magazine/assets/library/lightslider/css/lightslider.min.css?ver=6.8 HTTP/1.1" 200 1551 "http://saamigraphics.com/" "Mozilla/5.0 (X11; Linux x86_64) AppleWebKit/537.36 (KHTML, like Gecko) HeadlessChrome/125.0.6422.60 Safari/537.36"
34.122.147.229 - - [19/Apr/2025:01:47:31 -0400] "GET /wp-content/themes/color-magazine/assets/css/min/mt-preloader.min.css?ver=1.0.9 HTTP/1.1" 200 1240 "http://saamigraphics.com/" "Mozilla/5.0 (X11; Linux x86_64) AppleWebKit/537.36 (KHTML, like Gecko) HeadlessChrome/125.0.6422.60 Safari/537.36"
34.123.170.104 - - [19/Apr/2025:01:47:31 -0400] "GET /wp-includes/css/dist/block-library/style.min.css?ver=6.8 HTTP/1.1" 200 19663 "http://saamigraphics.com/" "Mozilla/5.0 (X11; Linux x86_64) AppleWebKit/537.36 (KHTML, like Gecko) HeadlessChrome/125.0.6422.60 Safari/537.36"
34.122.147.229 - - [19/Apr/2025:01:47:31 -0400] "GET /wp-content/themes/color-magazine/style.css?ver=1.0.9 HTTP/1.1" 200 15396 "http://saamigraphics.com/" "Mozilla/5.0 (X11; Linux x86_64) AppleWebKit/537.36 (KHTML, like Gecko) HeadlessChrome/125.0.6422.60 Safari/537.36"
34.123.170.104 - - [19/Apr/2025:01:47:31 -0400] "GET /wp-content/themes/color-magazine/assets/library/box-icons/css/boxicons.min.css?ver=2.1.4 HTTP/1.1" 200 14405 "http://saamigraphics.com/" "Mozilla/5.0 (X11; Linux x86_64) AppleWebKit/537.36 (KHTML, like Gecko) HeadlessChrome/125.0.6422.60 Safari/537.36"
34.123.170.104 - - [19/Apr/2025:01:47:34 -0400] "GET /wp-content/themes/color-magazine/assets/library/box-icons/fonts/boxicons.woff2 HTTP/1.1" 200 115680 "http://saamigraphics.com/wp-content/themes/color-magazine/assets/library/box-icons/css/boxicons.min.css?ver=2.1.4" "Mozilla/5.0 (X11; Linux x86_64) AppleWebKit/537.36 (KHTML, like Gecko) HeadlessChrome/125.0.6422.60 Safari/537.36"
34.122.147.229 - - [19/Apr/2025:01:47:34 -0400] "GET /wp-includes/js/wp-emoji-release.min.js?ver=6.8 HTTP/1.1" 200 5982 "http://saamigraphics.com/" "Mozilla/5.0 (X11; Linux x86_64) AppleWebKit/537.36 (KHTML, like Gecko) HeadlessChrome/125.0.6422.60 Safari/537.36"
205.169.39.20 - - [19/Apr/2025:01:47:40 -0400] "GET /wp-content/themes/color-magazine/assets/library/lightslider/css/lightslider.min.css?ver=6.8 HTTP/1.1" 200 1551 "-" "Mozilla/5.0 (Windows NT 10.0) AppleWebKit/537.36 (KHTML, like Gecko) Chrome/106.0.0.0 Safari/537.36"
152.39.222.236 - - [19/Apr/2025:01:48:49 -0400] "GET / HTTP/1.1" 200 14135 "-" "Mozilla/5.0 (iPhone; CPU iPhone OS 17_4_1 like Mac OS X) AppleWebKit/605.1.15 (KHTML, like Gecko) CriOS/123.0.6312.52 Mobile/15E148 Safari/604.1"
180.149.17.136 - - [19/Apr/2025:01:48:51 -0400] "GET /wp-content/themes/color-magazine/assets/library/lightslider/css/lightslider.min.css?ver=6.8 HTTP/1.1" 200 1551 "http://saamigraphics.com/" "Mozilla/5.0 (iPhone; CPU iPhone OS 17_4_1 like Mac OS X) AppleWebKit/605.1.15 (KHTML, like Gecko) CriOS/123.0.6312.52 Mobile/15E148 Safari/604.1"
46.232.209.137 - - [19/Apr/2025:01:48:51 -0400] "GET /wp-content/themes/color-magazine/assets/css/min/mt-preloader.min.css?ver=1.0.9 HTTP/1.1" 200 1240 "http://saamigraphics.com/" "Mozilla/5.0 (iPhone; CPU iPhone OS 17_4_1 like Mac OS X) AppleWebKit/605.1.15 (KHTML, like Gecko) CriOS/123.0.6312.52 Mobile/15E148 Safari/604.1"
206.204.50.203 - - [19/Apr/2025:01:48:51 -0400] "GET /wp-includes/css/dist/block-library/style.min.css?ver=6.8 HTTP/1.1" 200 19663 "http://saamigraphics.com/" "Mozilla/5.0 (iPhone; CPU iPhone OS 17_4_1 like Mac OS X) AppleWebKit/605.1.15 (KHTML, like Gecko) CriOS/123.0.6312.52 Mobile/15E148 Safari/604.1"
94.139.57.37 - - [19/Apr/2025:01:48:51 -0400] "GET /wp-content/themes/color-magazine/assets/library/box-icons/css/boxicons.min.css?ver=2.1.4 HTTP/1.1" 200 14405 "http://saamigraphics.com/" "Mozilla/5.0 (iPhone; CPU iPhone OS 17_4_1 like Mac OS X) AppleWebKit/605.1.15 (KHTML, like Gecko) CriOS/123.0.6312.52 Mobile/15E148 Safari/604.1"
152.39.171.2 - - [19/Apr/2025:01:48:51 -0400] "GET /wp-content/themes/color-magazine/style.css?ver=1.0.9 HTTP/1.1" 200 15396 "http://saamigraphics.com/" "Mozilla/5.0 (iPhone; CPU iPhone OS 17_4_1 like Mac OS X) AppleWebKit/605.1.15 (KHTML, like Gecko) CriOS/123.0.6312.52 Mobile/15E148 Safari/604.1"
168.151.125.157 - - [19/Apr/2025:01:48:51 -0400] "GET /wp-content/themes/color-magazine/assets/css/min/mt-responsive.min.css?ver=1.0.9 HTTP/1.1" 200 2796 "http://saamigraphics.com/" "Mozilla/5.0 (iPhone; CPU iPhone OS 17_4_1 like Mac OS X) AppleWebKit/605.1.15 (KHTML, like Gecko) CriOS/123.0.6312.52 Mobile/15E148 Safari/604.1"
168.151.98.14 - - [19/Apr/2025:01:48:54 -0400] "GET /wp-content/themes/color-magazine/assets/js/navigation.js?ver=1.0.9 HTTP/1.1" 200 1615 "http://saamigraphics.com/" "Mozilla/5.0 (iPhone; CPU iPhone OS 17_4_1 like Mac OS X) AppleWebKit/605.1.15 (KHTML, like Gecko) CriOS/123.0.6312.52 Mobile/15E148 Safari/604.1"
119.13.201.51 - - [19/Apr/2025:01:48:54 -0400] "GET /wp-includes/js/jquery/jquery.min.js?ver=3.7.1 HTTP/1.1" 200 35438 "http://saamigraphics.com/" "Mozilla/5.0 (iPhone; CPU iPhone OS 17_4_1 like Mac OS X) AppleWebKit/605.1.15 (KHTML, like Gecko) CriOS/123.0.6312.52 Mobile/15E148 Safari/604.1"
119.13.212.203 - - [19/Apr/2025:01:48:54 -0400] "GET /wp-includes/js/jquery/jquery-migrate.min.js?ver=3.4.1 HTTP/1.1" 200 5342 "http://saamigraphics.com/" "Mozilla/5.0 (iPhone; CPU iPhone OS 17_4_1 like Mac OS X) AppleWebKit/605.1.15 (KHTML, like Gecko) CriOS/123.0.6312.52 Mobile/15E148 Safari/604.1"
139.5.105.39 - - [19/Apr/2025:01:48:54 -0400] "GET /wp-content/themes/color-magazine/assets/js/mt-combine-scripts.js?ver=1.0.9 HTTP/1.1" 200 21492 "http://saamigraphics.com/" "Mozilla/5.0 (iPhone; CPU iPhone OS 17_4_1 like Mac OS X) AppleWebKit/605.1.15 (KHTML, like Gecko) CriOS/123.0.6312.52 Mobile/15E148 Safari/604.1"
168.151.167.152 - - [19/Apr/2025:01:48:54 -0400] "GET /wp-content/themes/color-magazine/assets/js/skip-link-focus-fix.js?ver=1.0.9 HTTP/1.1" 200 425 "http://saamigraphics.com/" "Mozilla/5.0 (iPhone; CPU iPhone OS 17_4_1 like Mac OS X) AppleWebKit/605.1.15 (KHTML, like Gecko) CriOS/123.0.6312.52 Mobile/15E148 Safari/604.1"
93.180.199.37 - - [19/Apr/2025:01:48:55 -0400] "GET /wp-content/themes/color-magazine/assets/js/min/mt-custom-scripts.min.js?ver=1.0.9 HTTP/1.1" 200 1474 "http://saamigraphics.com/" "Mozilla/5.0 (iPhone; CPU iPhone OS 17_4_1 like Mac OS X) AppleWebKit/605.1.15 (KHTML, like Gecko) CriOS/123.0.6312.52 Mobile/15E148 Safari/604.1"
81.161.59.17 - - [19/Apr/2025:01:51:46 -0400] "HEAD / HTTP/1.1" 200 0 "-" "node-fetch"
81.161.59.17 - - [19/Apr/2025:01:51:46 -0400] "GET / HTTP/1.1" 200 14135 "-" "Mozilla/5.0 (Windows NT 10.0; Win64; x64) AppleWebKit/537.36 (KHTML, like Gecko) Chrome/131.0.0.0 Safari/537.36"
207.102.138.19 - - [19/Apr/2025:01:56:42 -0400] "GET / HTTP/1.1" 200 14135 "-" "Mozilla/5.0 (Windows NT 10.0; Win64; x64) AppleWebKit/537.36 (KHTML, like Gecko) Chrome/122.0.0.0 Safari/537.36 Edg/122.0.0.0"
207.102.138.19 - - [19/Apr/2025:01:56:45 -0400] "GET /wp-content/themes/color-magazine/assets/library/box-icons/css/boxicons.min.css?ver=2.1.4 HTTP/1.1" 200 14405 "http://saamigraphics.com/" "Mozilla/5.0 (Windows NT 10.0; Win64; x64) AppleWebKit/537.36 (KHTML, like Gecko) Chrome/122.0.0.0 Safari/537.36 Edg/122.0.0.0"
207.102.138.19 - - [19/Apr/2025:01:56:45 -0400] "GET /wp-includes/css/dist/block-library/style.min.css?ver=6.8 HTTP/1.1" 200 19663 "http://saamigraphics.com/" "Mozilla/5.0 (Windows NT 10.0; Win64; x64) AppleWebKit/537.36 (KHTML, like Gecko) Chrome/122.0.0.0 Safari/537.36 Edg/122.0.0.0"
207.102.138.19 - - [19/Apr/2025:01:56:46 -0400] "GET /wp-content/themes/color-magazine/assets/library/lightslider/css/lightslider.min.css?ver=6.8 HTTP/1.1" 200 1551 "http://saamigraphics.com/" "Mozilla/5.0 (Windows NT 10.0; Win64; x64) AppleWebKit/537.36 (KHTML, like Gecko) Chrome/122.0.0.0 Safari/537.36 Edg/122.0.0.0"
207.102.138.19 - - [19/Apr/2025:01:56:46 -0400] "GET /wp-content/themes/color-magazine/assets/css/min/mt-preloader.min.css?ver=1.0.9 HTTP/1.1" 200 1240 "http://saamigraphics.com/" "Mozilla/5.0 (Windows NT 10.0; Win64; x64) AppleWebKit/537.36 (KHTML, like Gecko) Chrome/122.0.0.0 Safari/537.36 Edg/122.0.0.0"
207.102.138.19 - - [19/Apr/2025:01:56:46 -0400] "GET /wp-content/themes/color-magazine/assets/css/min/mt-responsive.min.css?ver=1.0.9 HTTP/1.1" 200 2796 "http://saamigraphics.com/" "Mozilla/5.0 (Windows NT 10.0; Win64; x64) AppleWebKit/537.36 (KHTML, like Gecko) Chrome/122.0.0.0 Safari/537.36 Edg/122.0.0.0"
207.102.138.19 - - [19/Apr/2025:01:56:46 -0400] "GET /wp-content/themes/color-magazine/style.css?ver=1.0.9 HTTP/1.1" 200 15396 "http://saamigraphics.com/" "Mozilla/5.0 (Windows NT 10.0; Win64; x64) AppleWebKit/537.36 (KHTML, like Gecko) Chrome/122.0.0.0 Safari/537.36 Edg/122.0.0.0"
207.102.138.19 - - [19/Apr/2025:01:56:48 -0400] "GET /wp-includes/js/jquery/jquery-migrate.min.js?ver=3.4.1 HTTP/1.1" 200 5342 "http://saamigraphics.com/" "Mozilla/5.0 (Windows NT 10.0; Win64; x64) AppleWebKit/537.36 (KHTML, like Gecko) Chrome/122.0.0.0 Safari/537.36 Edg/122.0.0.0"
207.102.138.19 - - [19/Apr/2025:01:56:48 -0400] "GET /wp-content/themes/color-magazine/assets/js/mt-combine-scripts.js?ver=1.0.9 HTTP/1.1" 200 21492 "http://saamigraphics.com/" "Mozilla/5.0 (Windows NT 10.0; Win64; x64) AppleWebKit/537.36 (KHTML, like Gecko) Chrome/122.0.0.0 Safari/537.36 Edg/122.0.0.0"
207.102.138.19 - - [19/Apr/2025:01:56:48 -0400] "GET /wp-content/themes/color-magazine/assets/js/navigation.js?ver=1.0.9 HTTP/1.1" 200 1615 "http://saamigraphics.com/" "Mozilla/5.0 (Windows NT 10.0; Win64; x64) AppleWebKit/537.36 (KHTML, like Gecko) Chrome/122.0.0.0 Safari/537.36 Edg/122.0.0.0"
207.102.138.19 - - [19/Apr/2025:01:56:48 -0400] "GET /wp-includes/js/jquery/jquery.min.js?ver=3.7.1 HTTP/1.1" 200 35438 "http://saamigraphics.com/" "Mozilla/5.0 (Windows NT 10.0; Win64; x64) AppleWebKit/537.36 (KHTML, like Gecko) Chrome/122.0.0.0 Safari/537.36 Edg/122.0.0.0"
207.102.138.19 - - [19/Apr/2025:01:56:49 -0400] "GET /wp-content/themes/color-magazine/assets/js/skip-link-focus-fix.js?ver=1.0.9 HTTP/1.1" 200 425 "http://saamigraphics.com/" "Mozilla/5.0 (Windows NT 10.0; Win64; x64) AppleWebKit/537.36 (KHTML, like Gecko) Chrome/122.0.0.0 Safari/537.36 Edg/122.0.0.0"
207.102.138.19 - - [19/Apr/2025:01:56:49 -0400] "GET /wp-content/themes/color-magazine/assets/js/min/mt-custom-scripts.min.js?ver=1.0.9 HTTP/1.1" 200 1474 "http://saamigraphics.com/" "Mozilla/5.0 (Windows NT 10.0; Win64; x64) AppleWebKit/537.36 (KHTML, like Gecko) Chrome/122.0.0.0 Safari/537.36 Edg/122.0.0.0"
207.102.138.19 - - [19/Apr/2025:01:56:51 -0400] "GET /wp-content/themes/color-magazine/assets/library/box-icons/fonts/boxicons.woff2 HTTP/1.1" 200 115680 "http://saamigraphics.com/wp-content/themes/color-magazine/assets/library/box-icons/css/boxicons.min.css?ver=2.1.4" "Mozilla/5.0 (Windows NT 10.0; Win64; x64) AppleWebKit/537.36 (KHTML, like Gecko) Chrome/122.0.0.0 Safari/537.36 Edg/122.0.0.0"
207.102.138.19 - - [19/Apr/2025:01:56:52 -0400] "GET /wp-includes/js/wp-emoji-release.min.js?ver=6.8 HTTP/1.1" 200 5982 "http://saamigraphics.com/" "Mozilla/5.0 (Windows NT 10.0; Win64; x64) AppleWebKit/537.36 (KHTML, like Gecko) Chrome/122.0.0.0 Safari/537.36 Edg/122.0.0.0"
43.133.43.227 - - [19/Apr/2025:01:56:55 -0400] "GET / HTTP/1.1" 200 14135 "-" "Mozilla/5.0 (Windows NT 10.0; Win64; x64) AppleWebKit/537.36 (KHTML, like Gecko) Chrome/110.0.0.0 Safari/537.36"
207.102.138.19 - - [19/Apr/2025:01:57:06 -0400] "GET / HTTP/1.1" 200 14135 "-" "Mozilla/5.0 (Windows NT 10.0; Win64; x64) AppleWebKit/537.36 (KHTML, like Gecko) Chrome/122.0.0.0 Safari/537.36 Edg/122.0.0.0"
172.174.160.52 - - [19/Apr/2025:02:01:12 -0400] "POST /xmlrpc.php HTTP/1.1" 200 212 "-" "Mozilla/5.0 (Windows NT 10.0; Win64; x64; rv:45.0) Gecko/20100101 Firefox/45.0"
165.227.162.72 - - [19/Apr/2025:02:06:45 -0400] "GET / HTTP/1.1" 200 14135 "-" "Mozilla/5.0 (Windows NT 10.0; Win64; x64) AppleWebKit/537.36 (KHTML, like Gecko) Chrome/80.0.3987.149 Safari/537.36"
165.227.162.72 - - [19/Apr/2025:02:06:50 -0400] "GET /?author=1 HTTP/1.1" 301 0 "-" "Mozilla/5.0 (Windows NT 10.0; Win64; x64) AppleWebKit/537.36 (KHTML, like Gecko) Chrome/80.0.3987.149 Safari/537.36"
198.54.114.83 - - [19/Apr/2025:02:06:55 -0400] "POST /wp-cron.php?doing_wp_cron=1745042811.4080739021301269531250 HTTP/1.1" 200 0 "-" "WordPress/6.8; https://saamigraphics.com"
165.227.162.72 - - [19/Apr/2025:02:06:57 -0400] "GET /?author=2 HTTP/1.1" 301 0 "-" "Mozilla/5.0 (Windows NT 10.0; Win64; x64) AppleWebKit/537.36 (KHTML, like Gecko) Chrome/80.0.3987.149 Safari/537.36"
165.227.162.72 - - [19/Apr/2025:02:07:03 -0400] "GET /wp-json/wp/v2/users/ HTTP/1.1" 200 18429 "-" "Mozilla/5.0 (Windows NT 10.0; Win64; x64) AppleWebKit/537.36 (KHTML, like Gecko) Chrome/80.0.3987.149 Safari/537.36"
165.227.162.72 - - [19/Apr/2025:02:07:07 -0400] "GET /wp-json/oembed/1.0/embed?url=http://saamigraphics.com HTTP/1.1" 404 73 "-" "Mozilla/5.0 (Windows NT 10.0; Win64; x64) AppleWebKit/537.36 (KHTML, like Gecko) Chrome/80.0.3987.149 Safari/537.36"
165.227.162.72 - - [19/Apr/2025:02:07:12 -0400] "POST /xmlrpc.php HTTP/1.1" 200 236 "-" "Mozilla/5.0 (Windows NT 10.0; Win64; x64) AppleWebKit/537.36 (KHTML, like Gecko) Chrome/80.0.3987.149 Safari/537.36"
165.227.162.72 - - [19/Apr/2025:02:07:15 -0400] "POST /xmlrpc.php HTTP/1.1" 200 236 "-" "Mozilla/5.0 (Windows NT 10.0; Win64; x64) AppleWebKit/537.36 (KHTML, like Gecko) Chrome/80.0.3987.149 Safari/537.36"
165.227.162.72 - - [19/Apr/2025:02:07:19 -0400] "POST /xmlrpc.php HTTP/1.1" 200 236 "-" "Mozilla/5.0 (Windows NT 10.0; Win64; x64) AppleWebKit/537.36 (KHTML, like Gecko) Chrome/80.0.3987.149 Safari/537.36"
165.227.162.72 - - [19/Apr/2025:02:07:22 -0400] "POST /xmlrpc.php HTTP/1.1" 200 236 "-" "Mozilla/5.0 (Windows NT 10.0; Win64; x64) AppleWebKit/537.36 (KHTML, like Gecko) Chrome/80.0.3987.149 Safari/537.36"
165.227.162.72 - - [19/Apr/2025:02:07:26 -0400] "POST /xmlrpc.php HTTP/1.1" 200 236 "-" "Mozilla/5.0 (Windows NT 10.0; Win64; x64) AppleWebKit/537.36 (KHTML, like Gecko) Chrome/80.0.3987.149 Safari/537.36"
165.227.162.72 - - [19/Apr/2025:02:07:29 -0400] "POST /xmlrpc.php HTTP/1.1" 200 236 "-" "Mozilla/5.0 (Windows NT 10.0; Win64; x64) AppleWebKit/537.36 (KHTML, like Gecko) Chrome/80.0.3987.149 Safari/537.36"
31.154.162.118 - - [19/Apr/2025:02:08:16 -0400] "HEAD / HTTP/1.1" 200 0 "-" "Mozilla/5.0 (Windows NT 6.1; WOW64) AppleWebKit/537.36 (KHTML, like Gecko) Chrome/56.0.2924.87 Safari/537.36"
31.154.162.118 - - [19/Apr/2025:02:08:19 -0400] "GET / HTTP/1.1" 200 14135 "-" "Mozilla/5.0 (Windows NT 6.1; WOW64) AppleWebKit/537.36 (KHTML, like Gecko) Chrome/56.0.2924.87 Safari/537.36"
146.59.147.11 - - [19/Apr/2025:02:20:39 -0400] "POST /xmlrpc.php HTTP/1.1" 200 212 "-" "Mozilla/5.0 (Windows NT 10.0; Win64; x64; rv:43.0) Gecko/20100101 Firefox/43.0"
18.191.204.38 - - [19/Apr/2025:02:30:33 -0400] "GET / HTTP/1.1" 200 14135 "-" "Mozilla/5.0 (Windows NT 10.0; Win64; x64) AppleWebKit/537.36 (KHTML, like Gecko) Chrome/114.0.0.0 Safari/537.36 Edg/114.0.1823.51"
34.116.39.100 - - [19/Apr/2025:02:30:33 -0400] "HEAD / HTTP/1.1" 200 0 "http://saamigraphics.com" "Mozilla/5.0 (Windows NT 10.0; Win64; x64) AppleWebKit/537.36 (KHTML, like Gecko) Chrome/112.0.0.0 Safari/537.36 AppEngine-Google; (+http://code.google.com/appengine; appid: s~virustotalcloud)"
18.223.235.100 - - [19/Apr/2025:02:30:33 -0400] "GET / HTTP/1.1" 200 14135 "-" "Mozilla/5.0 (Windows NT 10.0; Win64; x64) AppleWebKit/537.36 (KHTML, like Gecko) Chrome/114.0.0.0 Safari/537.36 Edg/114.0.1823.51"
