207.244.236.48 - - [18/Apr/2025:00:51:00 -0400] "GET /wp-includes/ID3/ HTTP/1.1" 403 1242 "-" "Mozilla/5.0 (Linux; Android 10; SM-G950F) AppleWebKit/537.36 (KHTML, like Gecko) Chrome/85.0.4183.109 Mobile Safari/537.36"
40.121.145.165 - - [18/Apr/2025:00:50:59 -0400] "GET /wp-admin/includes/about.php HTTP/1.1" 404 10073 "-" "-"
207.244.236.48 - - [18/Apr/2025:00:51:02 -0400] "GET /wp-content/plugins/index.php HTTP/1.1" 200 0 "-" "Mozilla/5.0 (Linux; Android 10; SM-G950F) AppleWebKit/537.36 (KHTML, like Gecko) Chrome/85.0.4183.109 Mobile Safari/537.36"
40.121.145.165 - - [18/Apr/2025:00:51:02 -0400] "GET /images/about.php HTTP/1.1" 404 10074 "-" "-"
40.121.145.165 - - [18/Apr/2025:00:51:04 -0400] "GET /wp-content/blogs.dir/about.php HTTP/1.1" 404 10073 "-" "-"
207.244.236.48 - - [18/Apr/2025:00:51:05 -0400] "GET /wp-admin/network/index.php HTTP/1.1" 302 0 "-" "Mozilla/5.0 (Linux; Android 10; SM-G950F) AppleWebKit/537.36 (KHTML, like Gecko) Chrome/85.0.4183.109 Mobile Safari/537.36"
40.121.145.165 - - [18/Apr/2025:00:51:06 -0400] "GET /wp-includes/images/about.php HTTP/1.1" 404 10073 "-" "-"
40.121.145.165 - - [18/Apr/2025:00:51:09 -0400] "GET /wp-includes/about.php HTTP/1.1" 404 10075 "-" "-"
40.121.145.165 - - [18/Apr/2025:00:51:11 -0400] "GET /cgi-bin/about.php HTTP/1.1" 404 10075 "-" "-"
207.244.236.48 - - [18/Apr/2025:00:51:13 -0400] "GET /epinyins.php HTTP/1.1" 404 10075 "-" "Mozilla/5.0 (Linux; Android 10; SM-G950F) AppleWebKit/537.36 (KHTML, like Gecko) Chrome/85.0.4183.109 Mobile Safari/537.36"
40.121.145.165 - - [18/Apr/2025:00:51:14 -0400] "GET /wp-content/gallery/about.php HTTP/1.1" 404 10073 "-" "-"
207.244.236.48 - - [18/Apr/2025:00:51:15 -0400] "GET /baxa1.php7 HTTP/1.1" 404 10074 "-" "Mozilla/5.0 (Linux; Android 10; SM-G950F) AppleWebKit/537.36 (KHTML, like Gecko) Chrome/85.0.4183.109 Mobile Safari/537.36"
40.121.145.165 - - [18/Apr/2025:00:51:15 -0400] "GET /wp-includes/blocks/about.php HTTP/1.1" 404 10073 "-" "-"
40.121.145.165 - - [18/Apr/2025:00:51:17 -0400] "GET /wp-admin/css/about.php HTTP/1.1" 404 10073 "-" "-"
207.244.236.48 - - [18/Apr/2025:00:51:19 -0400] "GET /wp-includes/IXR/index.php HTTP/1.1" 301 0 "-" "Mozilla/5.0 (Linux; Android 10; SM-G950F) AppleWebKit/537.36 (KHTML, like Gecko) Chrome/85.0.4183.109 Mobile Safari/537.36"
40.121.145.165 - - [18/Apr/2025:00:51:19 -0400] "GET /wp-admin/images/about.php HTTP/1.1" 404 10073 "-" "-"
207.244.236.48 - - [18/Apr/2025:00:51:21 -0400] "GET /wp-includes/IXR/ HTTP/1.1" 403 1242 "-" "Mozilla/5.0 (Linux; Android 10; SM-G950F) AppleWebKit/537.36 (KHTML, like Gecko) Chrome/85.0.4183.109 Mobile Safari/537.36"
40.121.145.165 - - [18/Apr/2025:00:51:21 -0400] "GET /.well-known/pki-validation/cloud.php HTTP/1.1" 404 1251 "-" "-"
207.244.236.48 - - [18/Apr/2025:00:51:23 -0400] "GET /wp-admin/images/index.php HTTP/1.1" 301 0 "-" "Mozilla/5.0 (Linux; Android 10; SM-G950F) AppleWebKit/537.36 (KHTML, like Gecko) Chrome/85.0.4183.109 Mobile Safari/537.36"
40.121.145.165 - - [18/Apr/2025:00:51:23 -0400] "GET /.well-known/acme-challenge/cloud.php HTTP/1.1" 404 10074 "-" "-"
207.244.236.48 - - [18/Apr/2025:00:51:24 -0400] "GET /wp-admin/images/ HTTP/1.1" 403 1242 "-" "Mozilla/5.0 (Linux; Android 10; SM-G950F) AppleWebKit/537.36 (KHTML, like Gecko) Chrome/85.0.4183.109 Mobile Safari/537.36"
40.121.145.165 - - [18/Apr/2025:00:51:25 -0400] "GET /wp-admin/network/cloud.php HTTP/1.1" 404 10073 "-" "-"
207.244.236.48 - - [18/Apr/2025:00:51:25 -0400] "GET /wp-login.php HTTP/1.1" 302 0 "-" "Mozilla/5.0 (Linux; Android 10; SM-G950F) AppleWebKit/537.36 (KHTML, like Gecko) Chrome/85.0.4183.109 Mobile Safari/537.36"
40.121.145.165 - - [18/Apr/2025:00:51:26 -0400] "GET /cloud.php HTTP/1.1" 404 10075 "-" "-"
207.244.236.48 - - [18/Apr/2025:00:51:29 -0400] "GET /wp-content/plugins/admin.php HTTP/1.1" 404 10073 "-" "Mozilla/5.0 (Linux; Android 10; SM-G950F) AppleWebKit/537.36 (KHTML, like Gecko) Chrome/85.0.4183.109 Mobile Safari/537.36"
40.121.145.165 - - [18/Apr/2025:00:51:28 -0400] "GET /cgi-bin/cloud.php HTTP/1.1" 404 10074 "-" "-"
40.121.145.165 - - [18/Apr/2025:00:51:32 -0400] "GET /wp-content/updates.php HTTP/1.1" 404 10074 "-" "-"
207.244.236.48 - - [18/Apr/2025:00:51:33 -0400] "GET /xmlrpc.php HTTP/1.1" 405 60 "-" "Mozilla/5.0 (Linux; Android 10; SM-G950F) AppleWebKit/537.36 (KHTML, like Gecko) Chrome/85.0.4183.109 Mobile Safari/537.36"
40.121.145.165 - - [18/Apr/2025:00:51:35 -0400] "GET /css/cloud.php HTTP/1.1" 404 10074 "-" "-"
207.244.236.48 - - [18/Apr/2025:00:51:36 -0400] "GET /wp-admin.php HTTP/1.1" 404 10073 "-" "Mozilla/5.0 (Linux; Android 10; SM-G950F) AppleWebKit/537.36 (KHTML, like Gecko) Chrome/85.0.4183.109 Mobile Safari/537.36"
40.121.145.165 - - [18/Apr/2025:00:51:37 -0400] "GET /wp-admin/user/cloud.php HTTP/1.1" 404 10073 "-" "-"
198.54.114.83 - - [18/Apr/2025:00:51:41 -0400] "POST /wp-cron.php?doing_wp_cron=1744951900.8192980289459228515625 HTTP/1.1" 200 0 "-" "WordPress/6.8; https://saamigraphics.com"
40.121.145.165 - - [18/Apr/2025:00:51:40 -0400] "GET /img/cloud.php HTTP/1.1" 404 10075 "-" "-"
40.121.145.165 - - [18/Apr/2025:00:51:43 -0400] "GET /wp-admin/css/colors/coffee/cloud.php HTTP/1.1" 404 10073 "-" "-"
207.244.236.48 - - [18/Apr/2025:00:51:43 -0400] "GET /wp-content/plugins/Core-Econ/upH.php HTTP/1.1" 404 10073 "-" "Mozilla/5.0 (Linux; Android 10; SM-G950F) AppleWebKit/537.36 (KHTML, like Gecko) Chrome/85.0.4183.109 Mobile Safari/537.36"
40.121.145.165 - - [18/Apr/2025:00:51:46 -0400] "GET /wp-admin/images/cloud.php HTTP/1.1" 404 10073 "-" "-"
207.244.236.48 - - [18/Apr/2025:00:51:47 -0400] "GET /wp-content/plugins/fix/up.php HTTP/1.1" 404 10073 "-" "Mozilla/5.0 (Linux; Android 10; SM-G950F) AppleWebKit/537.36 (KHTML, like Gecko) Chrome/85.0.4183.109 Mobile Safari/537.36"
40.121.145.165 - - [18/Apr/2025:00:51:48 -0400] "GET /avaa.php HTTP/1.1" 404 10075 "-" "-"
40.121.145.165 - - [18/Apr/2025:00:51:49 -0400] "GET /images/cloud.php HTTP/1.1" 404 10075 "-" "-"
207.244.236.48 - - [18/Apr/2025:00:51:49 -0400] "GET /wp-content/plugins/pwnd/pwnd.php HTTP/1.1" 404 10074 "-" "Mozilla/5.0 (Linux; Android 10; SM-G950F) AppleWebKit/537.36 (KHTML, like Gecko) Chrome/85.0.4183.109 Mobile Safari/537.36"
40.121.145.165 - - [18/Apr/2025:00:51:51 -0400] "GET /wp-admin/js/widgets/cloud.php HTTP/1.1" 404 10073 "-" "-"
207.244.236.48 - - [18/Apr/2025:00:51:51 -0400] "GET /wp-content/plugins/shell/noimg.php HTTP/1.1" 404 10073 "-" "Mozilla/5.0 (Linux; Android 10; SM-G950F) AppleWebKit/537.36 (KHTML, like Gecko) Chrome/85.0.4183.109 Mobile Safari/537.36"
40.121.145.165 - - [18/Apr/2025:00:51:53 -0400] "GET /wp-includes/Requests/Text/admin.php HTTP/1.1" 404 10073 "-" "-"
40.121.145.165 - - [18/Apr/2025:00:51:55 -0400] "GET /wp-admin/css/colors/cloud.php HTTP/1.1" 404 10074 "-" "-"
207.244.236.48 - - [18/Apr/2025:00:51:55 -0400] "GET /wp-content/plugins/pwnd-1/pwnd.php HTTP/1.1" 404 10074 "-" "Mozilla/5.0 (Linux; Android 10; SM-G950F) AppleWebKit/537.36 (KHTML, like Gecko) Chrome/85.0.4183.109 Mobile Safari/537.36"
40.121.145.165 - - [18/Apr/2025:00:51:57 -0400] "GET /wp-admin/includes/cloud.php HTTP/1.1" 404 10074 "-" "-"
207.244.236.48 - - [18/Apr/2025:00:51:57 -0400] "GET /wp-content/plugins/dummyyummy/wp-signup.php HTTP/1.1" 404 10074 "-" "Mozilla/5.0 (Linux; Android 10; SM-G950F) AppleWebKit/537.36 (KHTML, like Gecko) Chrome/85.0.4183.109 Mobile Safari/537.36"
40.121.145.165 - - [18/Apr/2025:00:51:58 -0400] "GET /wp-admin/css/colors/blue/cloud.php HTTP/1.1" 404 10074 "-" "-"
207.244.236.48 - - [18/Apr/2025:00:52:01 -0400] "GET /wp-content/plugins/clara/clara.php HTTP/1.1" 404 10073 "-" "Mozilla/5.0 (Linux; Android 10; SM-G950F) AppleWebKit/537.36 (KHTML, like Gecko) Chrome/85.0.4183.109 Mobile Safari/537.36"
198.54.114.83 - - [18/Apr/2025:00:52:02 -0400] "POST /wp-cron.php?doing_wp_cron=1744951921.4272909164428710937500 HTTP/1.1" 200 0 "-" "WordPress/6.8; https://saamigraphics.com"
40.121.145.165 - - [18/Apr/2025:00:52:00 -0400] "GET /wp-admin/cloud.php HTTP/1.1" 404 10075 "-" "-"
40.121.145.165 - - [18/Apr/2025:00:52:04 -0400] "GET /libraries/legacy/updates.php HTTP/1.1" 404 10073 "-" "-"
207.244.236.48 - - [18/Apr/2025:00:52:04 -0400] "GET /wp-content/themes/default/index.php HTTP/1.1" 301 0 "-" "Mozilla/5.0 (Linux; Android 10; SM-G950F) AppleWebKit/537.36 (KHTML, like Gecko) Chrome/85.0.4183.109 Mobile Safari/537.36"
40.121.145.165 - - [18/Apr/2025:00:52:06 -0400] "GET /libraries/phpmailer/updates.php HTTP/1.1" 404 10073 "-" "-"
207.244.236.48 - - [18/Apr/2025:00:52:06 -0400] "GET /wp-content/themes/default/ HTTP/1.1" 404 10073 "-" "Mozilla/5.0 (Linux; Android 10; SM-G950F) AppleWebKit/537.36 (KHTML, like Gecko) Chrome/85.0.4183.109 Mobile Safari/537.36"
40.121.145.165 - - [18/Apr/2025:00:52:09 -0400] "GET /libraries/vendor/updates.php HTTP/1.1" 404 10074 "-" "-"
207.244.236.48 - - [18/Apr/2025:00:52:12 -0400] "GET /wp-includes/wlwmanifest.xml HTTP/1.1" 404 10074 "-" "Mozilla/5.0 (Linux; Android 10; SM-G950F) AppleWebKit/537.36 (KHTML, like Gecko) Chrome/85.0.4183.109 Mobile Safari/537.36"
40.121.145.165 - - [18/Apr/2025:00:52:12 -0400] "GET /alfa-rex.php7 HTTP/1.1" 404 10074 "-" "-"
207.244.236.48 - - [18/Apr/2025:00:52:15 -0400] "GET /wp-admin/css/colors/index.php HTTP/1.1" 301 0 "-" "Mozilla/5.0 (Linux; Android 10; SM-G950F) AppleWebKit/537.36 (KHTML, like Gecko) Chrome/85.0.4183.109 Mobile Safari/537.36"
40.121.145.165 - - [18/Apr/2025:00:52:15 -0400] "GET /wp-content/plugins/Cache/Cache.php HTTP/1.1" 404 10073 "-" "-"
207.244.236.48 - - [18/Apr/2025:00:52:17 -0400] "GET /wp-admin/css/colors/ HTTP/1.1" 403 1242 "-" "Mozilla/5.0 (Linux; Android 10; SM-G950F) AppleWebKit/537.36 (KHTML, like Gecko) Chrome/85.0.4183.109 Mobile Safari/537.36"
40.121.145.165 - - [18/Apr/2025:00:52:17 -0400] "GET /wp-admin/js/widgets/about.php7 HTTP/1.1" 404 10073 "-" "-"
207.244.236.48 - - [18/Apr/2025:00:52:19 -0400] "GET /wp-content/uploads/backup.zip HTTP/1.1" 404 10073 "-" "Mozilla/5.0 (Linux; Android 10; SM-G950F) AppleWebKit/537.36 (KHTML, like Gecko) Chrome/85.0.4183.109 Mobile Safari/537.36"
40.121.145.165 - - [18/Apr/2025:00:52:19 -0400] "GET /wp-p.php7 HTTP/1.1" 404 10074 "-" "-"
207.244.236.48 - - [18/Apr/2025:00:52:22 -0400] "GET /wp-content/plugins/seo-plugin/index.php HTTP/1.1" 301 0 "-" "Mozilla/5.0 (Linux; Android 10; SM-G950F) AppleWebKit/537.36 (KHTML, like Gecko) Chrome/85.0.4183.109 Mobile Safari/537.36"
40.121.145.165 - - [18/Apr/2025:00:52:22 -0400] "GET /wp-admin/repeater.php HTTP/1.1" 404 10075 "-" "-"
207.244.236.48 - - [18/Apr/2025:00:52:24 -0400] "GET /wp-content/plugins/seo-plugin/ HTTP/1.1" 404 10073 "-" "Mozilla/5.0 (Linux; Android 10; SM-G950F) AppleWebKit/537.36 (KHTML, like Gecko) Chrome/85.0.4183.109 Mobile Safari/537.36"
40.121.145.165 - - [18/Apr/2025:00:52:24 -0400] "GET /wp-includes/repeater.php HTTP/1.1" 404 10074 "-" "-"
40.121.145.165 - - [18/Apr/2025:00:52:26 -0400] "GET /wp-content/repeater.php HTTP/1.1" 404 10075 "-" "-"
207.244.236.48 - - [18/Apr/2025:00:52:28 -0400] "GET /wp-admin/user/wp-login.php HTTP/1.1" 404 10073 "-" "Mozilla/5.0 (Linux; Android 10; SM-G950F) AppleWebKit/537.36 (KHTML, like Gecko) Chrome/85.0.4183.109 Mobile Safari/537.36"
40.121.145.165 - - [18/Apr/2025:00:52:29 -0400] "GET /wsoyanz.php HTTP/1.1" 404 10075 "-" "-"
40.121.145.165 - - [18/Apr/2025:00:52:31 -0400] "GET /yanz.php HTTP/1.1" 404 10075 "-" "-"
207.244.236.48 - - [18/Apr/2025:00:52:31 -0400] "GET /wp-includes/images/wp-login.php HTTP/1.1" 404 10073 "-" "Mozilla/5.0 (Linux; Android 10; SM-G950F) AppleWebKit/537.36 (KHTML, like Gecko) Chrome/85.0.4183.109 Mobile Safari/537.36"
207.244.236.48 - - [18/Apr/2025:00:52:35 -0400] "GET /wp-content/themes/shell/shell.php HTTP/1.1" 404 10073 "-" "Mozilla/5.0 (Linux; Android 10; SM-G950F) AppleWebKit/537.36 (KHTML, like Gecko) Chrome/85.0.4183.109 Mobile Safari/537.36"
40.121.145.165 - - [18/Apr/2025:00:52:34 -0400] "GET /wp-content/plugins/seoo/wsoyanz.php HTTP/1.1" 404 10073 "-" "-"
40.121.145.165 - - [18/Apr/2025:00:52:37 -0400] "GET /wp-content/plugins/seoo/wsoyanz1.php HTTP/1.1" 404 10073 "-" "-"
207.244.236.48 - - [18/Apr/2025:00:52:39 -0400] "GET /wp-content/uploads/.htaccess HTTP/1.1" 403 1242 "-" "Mozilla/5.0 (Linux; Android 10; SM-G950F) AppleWebKit/537.36 (KHTML, like Gecko) Chrome/85.0.4183.109 Mobile Safari/537.36"
198.54.114.83 - - [18/Apr/2025:00:52:41 -0400] "POST /wp-cron.php?doing_wp_cron=1744951960.7836821079254150390625 HTTP/1.1" 200 0 "-" "WordPress/6.8; https://saamigraphics.com"
40.121.145.165 - - [18/Apr/2025:00:52:39 -0400] "GET /cache-compat.php HTTP/1.1" 404 10075 "-" "-"
207.244.236.48 - - [18/Apr/2025:00:52:41 -0400] "GET /wp-content/uploads/.php HTTP/1.1" 404 10073 "-" "Mozilla/5.0 (Linux; Android 10; SM-G950F) AppleWebKit/537.36 (KHTML, like Gecko) Chrome/85.0.4183.109 Mobile Safari/537.36"
40.121.145.165 - - [18/Apr/2025:00:52:43 -0400] "GET /ajax-actions.php HTTP/1.1" 404 10075 "-" "-"
40.121.145.165 - - [18/Apr/2025:00:52:46 -0400] "GET /wp-admin/ajax-actions.php HTTP/1.1" 404 10075 "-" "-"
207.244.236.48 - - [18/Apr/2025:00:52:47 -0400] "GET /wp-content/themes/custom-shell/backdoor.php HTTP/1.1" 404 10073 "-" "Mozilla/5.0 (Linux; Android 10; SM-G950F) AppleWebKit/537.36 (KHTML, like Gecko) Chrome/85.0.4183.109 Mobile Safari/537.36"
40.121.145.165 - - [18/Apr/2025:00:52:49 -0400] "GET /wp-consar.php HTTP/1.1" 404 10075 "-" "-"
207.244.236.48 - - [18/Apr/2025:00:52:50 -0400] "GET /wp-content/plugins/malware-shell/evil.php HTTP/1.1" 404 10073 "-" "Mozilla/5.0 (Linux; Android 10; SM-G950F) AppleWebKit/537.36 (KHTML, like Gecko) Chrome/85.0.4183.109 Mobile Safari/537.36"
40.121.145.165 - - [18/Apr/2025:00:52:51 -0400] "GET /repeater.php HTTP/1.1" 404 10074 "-" "-"
40.121.145.165 - - [18/Apr/2025:00:52:53 -0400] "GET /admin-post.php HTTP/1.1" 404 10075 "-" "-"
40.121.145.165 - - [18/Apr/2025:00:52:55 -0400] "GET /wp-admin/maint/maint/ajax-actions.php HTTP/1.1" 404 10074 "-" "-"
207.244.236.48 - - [18/Apr/2025:00:52:55 -0400] "GET /wp-content/uploads/wp-backdoor.php HTTP/1.1" 404 10073 "-" "Mozilla/5.0 (Linux; Android 10; SM-G950F) AppleWebKit/537.36 (KHTML, like Gecko) Chrome/85.0.4183.109 Mobile Safari/537.36"
40.121.145.165 - - [18/Apr/2025:00:52:57 -0400] "GET /wp-admin/dropdown.php HTTP/1.1" 404 10075 "-" "-"
207.244.236.48 - - [18/Apr/2025:00:52:58 -0400] "GET /wp-content/themes/malicious-theme/malicious.php HTTP/1.1" 404 10074 "-" "Mozilla/5.0 (Linux; Android 10; SM-G950F) AppleWebKit/537.36 (KHTML, like Gecko) Chrome/85.0.4183.109 Mobile Safari/537.36"
40.121.145.165 - - [18/Apr/2025:00:52:59 -0400] "GET /wp-admin/css/index.php HTTP/1.1" 301 0 "-" "-"
40.121.145.165 - - [18/Apr/2025:00:53:01 -0400] "GET /wp-admin/css/ HTTP/1.1" 403 1242 "-" "-"
40.121.145.165 - - [18/Apr/2025:00:53:01 -0400] "GET /about.php7 HTTP/1.1" 404 10075 "-" "-"
198.54.114.83 - - [18/Apr/2025:00:53:03 -0400] "POST /wp-cron.php?doing_wp_cron=1744951982.1858060359954833984375 HTTP/1.1" 200 0 "-" "WordPress/6.8; https://saamigraphics.com"
207.244.236.48 - - [18/Apr/2025:00:53:01 -0400] "GET /wp-content/plugins/webshell-backdoor/backdoor.php HTTP/1.1" 404 10073 "-" "Mozilla/5.0 (Linux; Android 10; SM-G950F) AppleWebKit/537.36 (KHTML, like Gecko) Chrome/85.0.4183.109 Mobile Safari/537.36"
40.121.145.165 - - [18/Apr/2025:00:53:04 -0400] "GET /alfanew.php7 HTTP/1.1" 404 10074 "-" "-"
207.244.236.48 - - [18/Apr/2025:00:53:05 -0400] "GET /wp-admin/edit.php?wp-load.php HTTP/1.1" 302 0 "-" "Mozilla/5.0 (Linux; Android 10; SM-G950F) AppleWebKit/537.36 (KHTML, like Gecko) Chrome/85.0.4183.109 Mobile Safari/537.36"
40.121.145.165 - - [18/Apr/2025:00:53:05 -0400] "GET /adminfuns.php7 HTTP/1.1" 404 10075 "-" "-"
40.121.145.165 - - [18/Apr/2025:00:53:08 -0400] "GET /ebs.php7 HTTP/1.1" 404 10075 "-" "-"
40.121.145.165 - - [18/Apr/2025:00:53:09 -0400] "GET /ws.php7 HTTP/1.1" 404 10075 "-" "-"
40.121.145.165 - - [18/Apr/2025:00:53:11 -0400] "GET /alfanew2.php7 HTTP/1.1" 404 10075 "-" "-"
207.244.236.48 - - [18/Apr/2025:00:53:11 -0400] "GET /wp-content/plugins/shell/upload.php HTTP/1.1" 404 10073 "-" "Mozilla/5.0 (Linux; Android 10; SM-G950F) AppleWebKit/537.36 (KHTML, like Gecko) Chrome/85.0.4183.109 Mobile Safari/537.36"
40.121.145.165 - - [18/Apr/2025:00:53:12 -0400] "GET /alfa-rex2.php7 HTTP/1.1" 404 10074 "-" "-"
207.244.236.48 - - [18/Apr/2025:00:53:13 -0400] "GET /wp-content/themes/empty-theme/upload.php HTTP/1.1" 404 10073 "-" "Mozilla/5.0 (Linux; Android 10; SM-G950F) AppleWebKit/537.36 (KHTML, like Gecko) Chrome/85.0.4183.109 Mobile Safari/537.36"
40.121.145.165 - - [18/Apr/2025:00:53:14 -0400] "GET /wp-admin/images/index.php HTTP/1.1" 301 0 "-" "-"
40.121.145.165 - - [18/Apr/2025:00:53:15 -0400] "GET /wp-admin/images/ HTTP/1.1" 403 1242 "-" "-"
40.121.145.165 - - [18/Apr/2025:00:53:16 -0400] "GET /wp-admin/css/colors/index.php HTTP/1.1" 301 0 "-" "-"
40.121.145.165 - - [18/Apr/2025:00:53:16 -0400] "GET /wp-admin/css/colors/ HTTP/1.1" 403 1242 "-" "-"
207.244.236.48 - - [18/Apr/2025:00:53:16 -0400] "GET /wp-content/plugins/webshell/index.php HTTP/1.1" 301 0 "-" "Mozilla/5.0 (Linux; Android 10; SM-G950F) AppleWebKit/537.36 (KHTML, like Gecko) Chrome/85.0.4183.109 Mobile Safari/537.36"
40.121.145.165 - - [18/Apr/2025:00:53:17 -0400] "GET /wp-content/themes/pridmag/db.php?u HTTP/1.1" 404 10073 "-" "-"
207.244.236.48 - - [18/Apr/2025:00:53:18 -0400] "GET /wp-content/plugins/webshell/ HTTP/1.1" 404 10073 "-" "Mozilla/5.0 (Linux; Android 10; SM-G950F) AppleWebKit/537.36 (KHTML, like Gecko) Chrome/85.0.4183.109 Mobile Safari/537.36"
40.121.145.165 - - [18/Apr/2025:00:53:18 -0400] "GET /wp-content/themes/seotheme/mar.php HTTP/1.1" 404 10073 "-" "-"
207.244.236.48 - - [18/Apr/2025:00:53:20 -0400] "GET /wp-content/uploads/evil-backdoor.php HTTP/1.1" 404 10073 "-" "Mozilla/5.0 (Linux; Android 10; SM-G950F) AppleWebKit/537.36 (KHTML, like Gecko) Chrome/85.0.4183.109 Mobile Safari/537.36"
40.121.145.165 - - [18/Apr/2025:00:53:20 -0400] "GET /wp-content/plugins/linkpreview/db.php?u HTTP/1.1" 404 10073 "-" "-"
40.121.145.165 - - [18/Apr/2025:00:53:22 -0400] "GET /wp-content/themes/seotheme/db.php?u HTTP/1.1" 404 10073 "-" "-"
40.121.145.165 - - [18/Apr/2025:00:53:24 -0400] "GET /wp-content/plugins/seoplugins/db.php?u HTTP/1.1" 404 10073 "-" "-"
207.244.236.48 - - [18/Apr/2025:00:53:25 -0400] "GET /erin1.PhP7 HTTP/1.1" 404 10075 "-" "Mozilla/5.0 (Linux; Android 10; SM-G950F) AppleWebKit/537.36 (KHTML, like Gecko) Chrome/85.0.4183.109 Mobile Safari/537.36"
40.121.145.165 - - [18/Apr/2025:00:53:26 -0400] "GET /wp-content/plugins/seoplugins/mar.php HTTP/1.1" 404 10073 "-" "-"
40.121.145.165 - - [18/Apr/2025:00:53:29 -0400] "GET /.well-known/pki-validation/xmrlpc.php?p= HTTP/1.1" 404 1251 "-" "-"
40.121.145.165 - - [18/Apr/2025:00:53:29 -0400] "GET /.well-known/acme-challenge/xmrlpc.php?p= HTTP/1.1" 301 0 "-" "-"
207.244.236.48 - - [18/Apr/2025:00:53:31 -0400] "GET /fosil.php HTTP/1.1" 404 10075 "-" "Mozilla/5.0 (Linux; Android 10; SM-G950F) AppleWebKit/537.36 (KHTML, like Gecko) Chrome/85.0.4183.109 Mobile Safari/537.36"
40.121.145.165 - - [18/Apr/2025:00:53:32 -0400] "GET /.well-known/acme-challenge/xmrlpc.php HTTP/1.1" 404 10073 "-" "-"
40.121.145.165 - - [18/Apr/2025:00:53:35 -0400] "GET /wp-admin/network/xmrlpc.php?p= HTTP/1.1" 301 0 "-" "-"
207.244.236.48 - - [18/Apr/2025:00:53:37 -0400] "GET /ws.php HTTP/1.1" 404 10074 "-" "Mozilla/5.0 (Linux; Android 10; SM-G950F) AppleWebKit/537.36 (KHTML, like Gecko) Chrome/85.0.4183.109 Mobile Safari/537.36"
40.121.145.165 - - [18/Apr/2025:00:53:37 -0400] "GET /wp-admin/network/xmrlpc.php HTTP/1.1" 404 10073 "-" "-"
40.121.145.165 - - [18/Apr/2025:00:53:38 -0400] "GET /xmrlpc.php?p= HTTP/1.1" 301 0 "-" "-"
207.244.236.48 - - [18/Apr/2025:00:53:40 -0400] "GET /ws.php HTTP/1.1" 404 10074 "-" "Mozilla/5.0 (Linux; Android 10; SM-G950F) AppleWebKit/537.36 (KHTML, like Gecko) Chrome/85.0.4183.109 Mobile Safari/537.36"
40.121.145.165 - - [18/Apr/2025:00:53:42 -0400] "GET /xmrlpc.php HTTP/1.1" 404 10075 "-" "-"
207.244.236.48 - - [18/Apr/2025:00:53:42 -0400] "GET /wp-content/uploads/shell.php HTTP/1.1" 404 10073 "-" "Mozilla/5.0 (Linux; Android 10; SM-G950F) AppleWebKit/537.36 (KHTML, like Gecko) Chrome/85.0.4183.109 Mobile Safari/537.36"
40.121.145.165 - - [18/Apr/2025:00:53:43 -0400] "GET /cgi-bin/xmrlpc.php?p= HTTP/1.1" 301 0 "-" "-"
40.121.145.165 - - [18/Apr/2025:00:53:45 -0400] "GET /cgi-bin/xmrlpc.php HTTP/1.1" 404 10075 "-" "-"
207.244.236.48 - - [18/Apr/2025:00:53:47 -0400] "GET /wp-content/plugins/spam/spam.php HTTP/1.1" 404 10073 "-" "Mozilla/5.0 (Linux; Android 10; SM-G950F) AppleWebKit/537.36 (KHTML, like Gecko) Chrome/85.0.4183.109 Mobile Safari/537.36"
40.121.145.165 - - [18/Apr/2025:00:53:47 -0400] "GET /css/xmrlpc.php?p= HTTP/1.1" 301 0 "-" "-"
40.121.145.165 - - [18/Apr/2025:00:53:50 -0400] "GET /css/xmrlpc.php HTTP/1.1" 404 10075 "-" "-"
207.244.236.48 - - [18/Apr/2025:00:53:51 -0400] "GET /wp-content/uploads/malicious-code.php HTTP/1.1" 404 10073 "-" "Mozilla/5.0 (Linux; Android 10; SM-G950F) AppleWebKit/537.36 (KHTML, like Gecko) Chrome/85.0.4183.109 Mobile Safari/537.36"
40.121.145.165 - - [18/Apr/2025:00:53:52 -0400] "GET /wp-admin/user/xmrlpc.php?p= HTTP/1.1" 301 0 "-" "-"
207.244.236.48 - - [18/Apr/2025:00:53:54 -0400] "GET /wp-content/plugins/upload/upload.php HTTP/1.1" 404 10073 "-" "Mozilla/5.0 (Linux; Android 10; SM-G950F) AppleWebKit/537.36 (KHTML, like Gecko) Chrome/85.0.4183.109 Mobile Safari/537.36"
40.121.145.165 - - [18/Apr/2025:00:53:55 -0400] "GET /wp-admin/user/xmrlpc.php HTTP/1.1" 404 10074 "-" "-"
40.121.145.165 - - [18/Apr/2025:00:53:57 -0400] "GET /img/xmrlpc.php?p= HTTP/1.1" 301 0 "-" "-"
40.121.145.165 - - [18/Apr/2025:00:53:59 -0400] "GET /img/xmrlpc.php HTTP/1.1" 404 10074 "-" "-"
207.244.236.48 - - [18/Apr/2025:00:54:01 -0400] "GET /wp-content/themes/exploited-theme/exploit.php HTTP/1.1" 404 10073 "-" "Mozilla/5.0 (Linux; Android 10; SM-G950F) AppleWebKit/537.36 (KHTML, like Gecko) Chrome/85.0.4183.109 Mobile Safari/537.36"
40.121.145.165 - - [18/Apr/2025:00:54:02 -0400] "GET /wp-admin/css/colors/coffee/xmrlpc.php?p= HTTP/1.1" 301 0 "-" "-"
40.121.145.165 - - [18/Apr/2025:00:54:04 -0400] "GET /wp-admin/css/colors/coffee/xmrlpc.php HTTP/1.1" 404 10073 "-" "-"
207.244.236.48 - - [18/Apr/2025:00:54:05 -0400] "GET /wp-content/plugins/spam/spam.php HTTP/1.1" 404 10073 "-" "Mozilla/5.0 (Linux; Android 10; SM-G950F) AppleWebKit/537.36 (KHTML, like Gecko) Chrome/85.0.4183.109 Mobile Safari/537.36"
40.121.145.165 - - [18/Apr/2025:00:54:06 -0400] "GET /wp-admin/images/xmrlpc.php?p= HTTP/1.1" 301 0 "-" "-"
207.244.236.48 - - [18/Apr/2025:00:54:06 -0400] "GET /wp-content/plugins/backup/backup.php HTTP/1.1" 404 10073 "-" "Mozilla/5.0 (Linux; Android 10; SM-G950F) AppleWebKit/537.36 (KHTML, like Gecko) Chrome/85.0.4183.109 Mobile Safari/537.36"
40.121.145.165 - - [18/Apr/2025:00:54:08 -0400] "GET /wp-admin/images/xmrlpc.php HTTP/1.1" 404 10073 "-" "-"
40.121.145.165 - - [18/Apr/2025:00:54:11 -0400] "GET /images/xmrlpc.php?p= HTTP/1.1" 301 0 "-" "-"
207.244.236.48 - - [18/Apr/2025:00:54:11 -0400] "GET /wp-content/plugins/exploit/exploit.php HTTP/1.1" 404 10073 "-" "Mozilla/5.0 (Linux; Android 10; SM-G950F) AppleWebKit/537.36 (KHTML, like Gecko) Chrome/85.0.4183.109 Mobile Safari/537.36"
40.121.145.165 - - [18/Apr/2025:00:54:13 -0400] "GET /images/xmrlpc.php HTTP/1.1" 404 10074 "-" "-"
207.244.236.48 - - [18/Apr/2025:00:54:15 -0400] "GET /wp-content/uploads/.htaccess HTTP/1.1" 403 1242 "-" "Mozilla/5.0 (Linux; Android 10; SM-G950F) AppleWebKit/537.36 (KHTML, like Gecko) Chrome/85.0.4183.109 Mobile Safari/537.36"
40.121.145.165 - - [18/Apr/2025:00:54:16 -0400] "GET /wp-admin/js/widgets/xmrlpc.php?p= HTTP/1.1" 301 0 "-" "-"
40.121.145.165 - - [18/Apr/2025:00:54:18 -0400] "GET /wp-admin/js/widgets/xmrlpc.php HTTP/1.1" 404 10073 "-" "-"
40.121.145.165 - - [18/Apr/2025:00:54:19 -0400] "GET /wp-admin/css/colors/xmrlpc.php?p= HTTP/1.1" 301 0 "-" "-"
40.121.145.165 - - [18/Apr/2025:00:54:22 -0400] "GET /wp-admin/css/colors/xmrlpc.php HTTP/1.1" 404 10073 "-" "-"
207.244.236.48 - - [18/Apr/2025:00:54:23 -0400] "GET /wp-content/uploads/attack.sh HTTP/1.1" 404 10074 "-" "Mozilla/5.0 (Linux; Android 10; SM-G950F) AppleWebKit/537.36 (KHTML, like Gecko) Chrome/85.0.4183.109 Mobile Safari/537.36"
40.121.145.165 - - [18/Apr/2025:00:54:24 -0400] "GET /wp-admin/includes/xmrlpc.php?p= HTTP/1.1" 301 0 "-" "-"
40.121.145.165 - - [18/Apr/2025:00:54:26 -0400] "GET /wp-admin/includes/xmrlpc.php HTTP/1.1" 404 10073 "-" "-"
207.244.236.48 - - [18/Apr/2025:00:54:26 -0400] "GET /wp-content/uploads/phpinfo.php HTTP/1.1" 404 10073 "-" "Mozilla/5.0 (Linux; Android 10; SM-G950F) AppleWebKit/537.36 (KHTML, like Gecko) Chrome/85.0.4183.109 Mobile Safari/537.36"
40.121.145.165 - - [18/Apr/2025:00:54:28 -0400] "GET /wp-admin/css/colors/blue/xmrlpc.php?p= HTTP/1.1" 301 0 "-" "-"
207.244.236.48 - - [18/Apr/2025:00:54:29 -0400] "GET /wp-content/uploads/.mysql-backup HTTP/1.1" 404 10073 "-" "Mozilla/5.0 (Linux; Android 10; SM-G950F) AppleWebKit/537.36 (KHTML, like Gecko) Chrome/85.0.4183.109 Mobile Safari/537.36"
40.121.145.165 - - [18/Apr/2025:00:54:31 -0400] "GET /wp-admin/css/colors/blue/xmrlpc.php HTTP/1.1" 404 10073 "-" "-"
40.121.145.165 - - [18/Apr/2025:00:54:34 -0400] "GET /wp-admin/xmrlpc.php?p= HTTP/1.1" 301 0 "-" "-"
207.244.236.48 - - [18/Apr/2025:00:54:34 -0400] "GET /wp-content/uploads/malicious.zip HTTP/1.1" 404 10073 "-" "Mozilla/5.0 (Linux; Android 10; SM-G950F) AppleWebKit/537.36 (KHTML, like Gecko) Chrome/85.0.4183.109 Mobile Safari/537.36"
40.121.145.165 - - [18/Apr/2025:00:54:37 -0400] "GET /wp-admin/xmrlpc.php HTTP/1.1" 404 10075 "-" "-"
207.244.236.48 - - [18/Apr/2025:00:54:38 -0400] "GET /wp-content/uploads/uploads.txt HTTP/1.1" 404 10073 "-" "Mozilla/5.0 (Linux; Android 10; SM-G950F) AppleWebKit/537.36 (KHTML, like Gecko) Chrome/85.0.4183.109 Mobile Safari/537.36"
198.54.114.83 - - [18/Apr/2025:00:54:42 -0400] "POST /wp-cron.php?doing_wp_cron=1744952079.9273240566253662109375 HTTP/1.1" 200 0 "-" "WordPress/6.8; https://saamigraphics.com"
207.244.236.48 - - [18/Apr/2025:00:54:50 -0400] "GET /wp-content/uploads/php/shell.php HTTP/1.1" 404 10072 "-" "Mozilla/5.0 (Linux; Android 10; SM-G950F) AppleWebKit/537.36 (KHTML, like Gecko) Chrome/85.0.4183.109 Mobile Safari/537.36"
207.244.236.48 - - [18/Apr/2025:00:54:56 -0400] "GET /wp-content/uploads/backdoor.txt HTTP/1.1" 404 10072 "-" "Mozilla/5.0 (Linux; Android 10; SM-G950F) AppleWebKit/537.36 (KHTML, like Gecko) Chrome/85.0.4183.109 Mobile Safari/537.36"
207.244.236.48 - - [18/Apr/2025:00:54:59 -0400] "GET /wp-content/uploads/spam.php HTTP/1.1" 404 10073 "-" "Mozilla/5.0 (Linux; Android 10; SM-G950F) AppleWebKit/537.36 (KHTML, like Gecko) Chrome/85.0.4183.109 Mobile Safari/537.36"
207.244.236.48 - - [18/Apr/2025:00:55:03 -0400] "GET /wp-admin/ajax.php HTTP/1.1" 404 10074 "-" "Mozilla/5.0 (Linux; Android 10; SM-G950F) AppleWebKit/537.36 (KHTML, like Gecko) Chrome/85.0.4183.109 Mobile Safari/537.36"
207.244.236.48 - - [18/Apr/2025:00:55:08 -0400] "GET /wp-admin/admin-ajax.php HTTP/1.1" 400 21 "-" "Mozilla/5.0 (Linux; Android 10; SM-G950F) AppleWebKit/537.36 (KHTML, like Gecko) Chrome/85.0.4183.109 Mobile Safari/537.36"
207.244.236.48 - - [18/Apr/2025:00:55:13 -0400] "GET /wp-admin/installer.php HTTP/1.1" 404 10075 "-" "Mozilla/5.0 (Linux; Android 10; SM-G950F) AppleWebKit/537.36 (KHTML, like Gecko) Chrome/85.0.4183.109 Mobile Safari/537.36"
207.244.236.48 - - [18/Apr/2025:00:55:18 -0400] "GET /wp-content/plugins/advanced-persistent-cache/cache.php HTTP/1.1" 404 10073 "-" "Mozilla/5.0 (Linux; Android 10; SM-G950F) AppleWebKit/537.36 (KHTML, like Gecko) Chrome/85.0.4183.109 Mobile Safari/537.36"
207.244.236.48 - - [18/Apr/2025:00:55:21 -0400] "GET /wp-content/plugins/wordfence-waf.php HTTP/1.1" 404 10073 "-" "Mozilla/5.0 (Linux; Android 10; SM-G950F) AppleWebKit/537.36 (KHTML, like Gecko) Chrome/85.0.4183.109 Mobile Safari/537.36"
207.244.236.48 - - [18/Apr/2025:00:55:26 -0400] "GET /wp-includes/l10n.php HTTP/1.1" 403 1242 "-" "Mozilla/5.0 (Linux; Android 10; SM-G950F) AppleWebKit/537.36 (KHTML, like Gecko) Chrome/85.0.4183.109 Mobile Safari/537.36"
207.244.236.48 - - [18/Apr/2025:00:55:29 -0400] "GET /wp-content/uploads/.wp-cache.php HTTP/1.1" 404 10073 "-" "Mozilla/5.0 (Linux; Android 10; SM-G950F) AppleWebKit/537.36 (KHTML, like Gecko) Chrome/85.0.4183.109 Mobile Safari/537.36"
207.244.236.48 - - [18/Apr/2025:00:55:33 -0400] "GET /wp-content/uploads/config.php HTTP/1.1" 404 10073 "-" "Mozilla/5.0 (Linux; Android 10; SM-G950F) AppleWebKit/537.36 (KHTML, like Gecko) Chrome/85.0.4183.109 Mobile Safari/537.36"
207.244.236.48 - - [18/Apr/2025:00:55:39 -0400] "GET /about/function.php HTTP/1.1" 404 10075 "-" "Mozilla/5.0 (Linux; Android 10; SM-G950F) AppleWebKit/537.36 (KHTML, like Gecko) Chrome/85.0.4183.109 Mobile Safari/537.36"
198.54.114.83 - - [18/Apr/2025:00:55:42 -0400] "POST /wp-cron.php?doing_wp_cron=1744952140.7697501182556152343750 HTTP/1.1" 200 0 "-" "WordPress/6.8; https://saamigraphics.com"
207.244.236.48 - - [18/Apr/2025:00:55:44 -0400] "GET /wp-mail.php HTTP/1.1" 403 1123 "-" "Mozilla/5.0 (Linux; Android 10; SM-G950F) AppleWebKit/537.36 (KHTML, like Gecko) Chrome/85.0.4183.109 Mobile Safari/537.36"
207.244.236.48 - - [18/Apr/2025:00:55:47 -0400] "GET /wp-content/plugins/phpadmin/as.php HTTP/1.1" 404 10074 "-" "Mozilla/5.0 (Linux; Android 10; SM-G950F) AppleWebKit/537.36 (KHTML, like Gecko) Chrome/85.0.4183.109 Mobile Safari/537.36"
207.244.236.48 - - [18/Apr/2025:00:55:53 -0400] "GET /lock.php HTTP/1.1" 404 10074 "-" "Mozilla/5.0 (Linux; Android 10; SM-G950F) AppleWebKit/537.36 (KHTML, like Gecko) Chrome/85.0.4183.109 Mobile Safari/537.36"
207.244.236.48 - - [18/Apr/2025:00:55:57 -0400] "GET /wp-includes/Requests/about.php HTTP/1.1" 404 10073 "-" "Mozilla/5.0 (Linux; Android 10; SM-G950F) AppleWebKit/537.36 (KHTML, like Gecko) Chrome/85.0.4183.109 Mobile Safari/537.36"
207.244.236.48 - - [18/Apr/2025:00:56:04 -0400] "GET /wp-login.php HTTP/1.1" 302 0 "-" "Mozilla/5.0 (Linux; Android 10; SM-G950F) AppleWebKit/537.36 (KHTML, like Gecko) Chrome/85.0.4183.109 Mobile Safari/537.36"
207.244.236.48 - - [18/Apr/2025:00:56:16 -0400] "GET /cgi-bin/index.php HTTP/1.1" 500 105 "-" "Mozilla/5.0 (Linux; Android 10; SM-G950F) AppleWebKit/537.36 (KHTML, like Gecko) Chrome/85.0.4183.109 Mobile Safari/537.36"
207.244.236.48 - - [18/Apr/2025:00:56:19 -0400] "GET /goat.php HTTP/1.1" 404 10074 "-" "Mozilla/5.0 (Linux; Android 10; SM-G950F) AppleWebKit/537.36 (KHTML, like Gecko) Chrome/85.0.4183.109 Mobile Safari/537.36"
207.244.236.48 - - [18/Apr/2025:00:56:25 -0400] "GET /wp-includes/wp-login.php HTTP/1.1" 404 10074 "-" "Mozilla/5.0 (Linux; Android 10; SM-G950F) AppleWebKit/537.36 (KHTML, like Gecko) Chrome/85.0.4183.109 Mobile Safari/537.36"
207.244.236.48 - - [18/Apr/2025:00:56:32 -0400] "GET /classwithtostring.php HTTP/1.1" 404 10074 "-" "Mozilla/5.0 (Linux; Android 10; SM-G950F) AppleWebKit/537.36 (KHTML, like Gecko) Chrome/85.0.4183.109 Mobile Safari/537.36"
207.244.236.48 - - [18/Apr/2025:00:56:38 -0400] "GET /wp-includes/plugins.php HTTP/1.1" 404 10075 "-" "Mozilla/5.0 (Linux; Android 10; SM-G950F) AppleWebKit/537.36 (KHTML, like Gecko) Chrome/85.0.4183.109 Mobile Safari/537.36"
198.54.114.83 - - [18/Apr/2025:00:56:43 -0400] "POST /wp-cron.php?doing_wp_cron=1744952202.5284318923950195312500 HTTP/1.1" 200 0 "-" "WordPress/6.8; https://saamigraphics.com"
207.244.236.48 - - [18/Apr/2025:00:56:41 -0400] "GET /as/function.php HTTP/1.1" 404 10074 "-" "Mozilla/5.0 (Linux; Android 10; SM-G950F) AppleWebKit/537.36 (KHTML, like Gecko) Chrome/85.0.4183.109 Mobile Safari/537.36"
207.244.236.48 - - [18/Apr/2025:00:56:45 -0400] "GET /atomlib.php HTTP/1.1" 404 10075 "-" "Mozilla/5.0 (Linux; Android 10; SM-G950F) AppleWebKit/537.36 (KHTML, like Gecko) Chrome/85.0.4183.109 Mobile Safari/537.36"
207.244.236.48 - - [18/Apr/2025:00:56:49 -0400] "GET /wp-content/uploads/index.php HTTP/1.1" 301 0 "-" "Mozilla/5.0 (Linux; Android 10; SM-G950F) AppleWebKit/537.36 (KHTML, like Gecko) Chrome/85.0.4183.109 Mobile Safari/537.36"
207.244.236.48 - - [18/Apr/2025:00:56:53 -0400] "GET /wp-content/uploads/ HTTP/1.1" 403 1242 "-" "Mozilla/5.0 (Linux; Android 10; SM-G950F) AppleWebKit/537.36 (KHTML, like Gecko) Chrome/85.0.4183.109 Mobile Safari/537.36"
207.244.236.48 - - [18/Apr/2025:00:56:55 -0400] "GET /wp-content/admin.php HTTP/1.1" 404 10074 "-" "Mozilla/5.0 (Linux; Android 10; SM-G950F) AppleWebKit/537.36 (KHTML, like Gecko) Chrome/85.0.4183.109 Mobile Safari/537.36"
207.244.236.48 - - [18/Apr/2025:00:57:01 -0400] "GET /wp-admin/css/index.php HTTP/1.1" 301 0 "-" "Mozilla/5.0 (Linux; Android 10; SM-G950F) AppleWebKit/537.36 (KHTML, like Gecko) Chrome/85.0.4183.109 Mobile Safari/537.36"
207.244.236.48 - - [18/Apr/2025:00:57:02 -0400] "GET /wp-admin/css/ HTTP/1.1" 403 1242 "-" "Mozilla/5.0 (Linux; Android 10; SM-G950F) AppleWebKit/537.36 (KHTML, like Gecko) Chrome/85.0.4183.109 Mobile Safari/537.36"
198.54.114.83 - - [18/Apr/2025:00:57:07 -0400] "POST /wp-cron.php?doing_wp_cron=1744952226.3664770126342773437500 HTTP/1.1" 200 0 "-" "WordPress/6.8; https://saamigraphics.com"
207.244.236.48 - - [18/Apr/2025:00:57:05 -0400] "GET /wp-admin/wp-login.php HTTP/1.1" 404 10074 "-" "Mozilla/5.0 (Linux; Android 10; SM-G950F) AppleWebKit/537.36 (KHTML, like Gecko) Chrome/85.0.4183.109 Mobile Safari/537.36"
207.244.236.48 - - [18/Apr/2025:00:57:11 -0400] "GET /class-db.php HTTP/1.1" 404 10074 "-" "Mozilla/5.0 (Linux; Android 10; SM-G950F) AppleWebKit/537.36 (KHTML, like Gecko) Chrome/85.0.4183.109 Mobile Safari/537.36"
207.244.236.48 - - [18/Apr/2025:00:57:15 -0400] "GET /wp-content/class-db.php HTTP/1.1" 404 10074 "-" "Mozilla/5.0 (Linux; Android 10; SM-G950F) AppleWebKit/537.36 (KHTML, like Gecko) Chrome/85.0.4183.109 Mobile Safari/537.36"
207.244.236.48 - - [18/Apr/2025:00:57:18 -0400] "GET /wp-includes/class-db.php HTTP/1.1" 404 10074 "-" "Mozilla/5.0 (Linux; Android 10; SM-G950F) AppleWebKit/537.36 (KHTML, like Gecko) Chrome/85.0.4183.109 Mobile Safari/537.36"
207.244.236.48 - - [18/Apr/2025:00:57:26 -0400] "GET /wp-admin/class-db.php HTTP/1.1" 404 10074 "-" "Mozilla/5.0 (Linux; Android 10; SM-G950F) AppleWebKit/537.36 (KHTML, like Gecko) Chrome/85.0.4183.109 Mobile Safari/537.36"
207.244.236.48 - - [18/Apr/2025:00:57:32 -0400] "GET /dropdown.php HTTP/1.1" 404 10075 "-" "Mozilla/5.0 (Linux; Android 10; SM-G950F) AppleWebKit/537.36 (KHTML, like Gecko) Chrome/85.0.4183.109 Mobile Safari/537.36"
207.244.236.48 - - [18/Apr/2025:00:57:43 -0400] "GET /radio.php HTTP/1.1" 404 10075 "-" "Mozilla/5.0 (Linux; Android 10; SM-G950F) AppleWebKit/537.36 (KHTML, like Gecko) Chrome/85.0.4183.109 Mobile Safari/537.36"
198.54.114.83 - - [18/Apr/2025:00:57:46 -0400] "POST /wp-cron.php?doing_wp_cron=1744952265.9656510353088378906250 HTTP/1.1" 200 0 "-" "WordPress/6.8; https://saamigraphics.com"
207.244.236.48 - - [18/Apr/2025:00:57:44 -0400] "GET /randkeyword.php HTTP/1.1" 404 10074 "-" "Mozilla/5.0 (Linux; Android 10; SM-G950F) AppleWebKit/537.36 (KHTML, like Gecko) Chrome/85.0.4183.109 Mobile Safari/537.36"
207.244.236.48 - - [18/Apr/2025:00:57:58 -0400] "GET /flower.php HTTP/1.1" 404 10074 "-" "Mozilla/5.0 (Linux; Android 10; SM-G950F) AppleWebKit/537.36 (KHTML, like Gecko) Chrome/85.0.4183.109 Mobile Safari/537.36"
207.244.236.48 - - [18/Apr/2025:00:58:03 -0400] "GET /item.php HTTP/1.1" 404 10074 "-" "Mozilla/5.0 (Linux; Android 10; SM-G950F) AppleWebKit/537.36 (KHTML, like Gecko) Chrome/85.0.4183.109 Mobile Safari/537.36"
198.54.114.83 - - [18/Apr/2025:00:58:05 -0400] "POST /wp-cron.php?doing_wp_cron=1744952284.1746048927307128906250 HTTP/1.1" 200 0 "-" "WordPress/6.8; https://saamigraphics.com"
207.244.236.48 - - [18/Apr/2025:00:58:08 -0400] "GET /admin.php HTTP/1.1" 404 10075 "-" "Mozilla/5.0 (Linux; Android 10; SM-G950F) AppleWebKit/537.36 (KHTML, like Gecko) Chrome/85.0.4183.109 Mobile Safari/537.36"
207.244.236.48 - - [18/Apr/2025:00:58:20 -0400] "GET /sim.php HTTP/1.1" 404 10075 "-" "Mozilla/5.0 (Linux; Android 10; SM-G950F) AppleWebKit/537.36 (KHTML, like Gecko) Chrome/85.0.4183.109 Mobile Safari/537.36"
207.244.236.48 - - [18/Apr/2025:00:58:23 -0400] "GET /about.php HTTP/1.1" 404 10074 "-" "Mozilla/5.0 (Linux; Android 10; SM-G950F) AppleWebKit/537.36 (KHTML, like Gecko) Chrome/85.0.4183.109 Mobile Safari/537.36"
207.244.236.48 - - [18/Apr/2025:00:58:25 -0400] "GET /edit.php HTTP/1.1" 404 10075 "-" "Mozilla/5.0 (Linux; Android 10; SM-G950F) AppleWebKit/537.36 (KHTML, like Gecko) Chrome/85.0.4183.109 Mobile Safari/537.36"
207.244.236.48 - - [18/Apr/2025:00:58:26 -0400] "GET /themes.php HTTP/1.1" 404 10075 "-" "Mozilla/5.0 (Linux; Android 10; SM-G950F) AppleWebKit/537.36 (KHTML, like Gecko) Chrome/85.0.4183.109 Mobile Safari/537.36"
207.244.236.48 - - [18/Apr/2025:00:58:28 -0400] "GET /wp-admin/maint/index.php HTTP/1.1" 301 0 "-" "Mozilla/5.0 (Linux; Android 10; SM-G950F) AppleWebKit/537.36 (KHTML, like Gecko) Chrome/85.0.4183.109 Mobile Safari/537.36"
207.244.236.48 - - [18/Apr/2025:00:58:31 -0400] "GET /wp-admin/maint/ HTTP/1.1" 403 1242 "-" "Mozilla/5.0 (Linux; Android 10; SM-G950F) AppleWebKit/537.36 (KHTML, like Gecko) Chrome/85.0.4183.109 Mobile Safari/537.36"
207.244.236.48 - - [18/Apr/2025:00:58:36 -0400] "GET /wp-includes/widgets/index.php HTTP/1.1" 301 0 "-" "Mozilla/5.0 (Linux; Android 10; SM-G950F) AppleWebKit/537.36 (KHTML, like Gecko) Chrome/85.0.4183.109 Mobile Safari/537.36"
207.244.236.48 - - [18/Apr/2025:00:58:38 -0400] "GET /wp-includes/widgets/ HTTP/1.1" 403 1242 "-" "Mozilla/5.0 (Linux; Android 10; SM-G950F) AppleWebKit/537.36 (KHTML, like Gecko) Chrome/85.0.4183.109 Mobile Safari/537.36"
207.244.236.48 - - [18/Apr/2025:00:58:45 -0400] "GET /wp-content/index.php HTTP/1.1" 200 0 "-" "Mozilla/5.0 (Linux; Android 10; SM-G950F) AppleWebKit/537.36 (KHTML, like Gecko) Chrome/85.0.4183.109 Mobile Safari/537.36"
207.244.236.48 - - [18/Apr/2025:00:58:51 -0400] "GET /wp-includes/images/index.php HTTP/1.1" 301 0 "-" "Mozilla/5.0 (Linux; Android 10; SM-G950F) AppleWebKit/537.36 (KHTML, like Gecko) Chrome/85.0.4183.109 Mobile Safari/537.36"
207.244.236.48 - - [18/Apr/2025:00:58:53 -0400] "GET /wp-includes/images/ HTTP/1.1" 403 1242 "-" "Mozilla/5.0 (Linux; Android 10; SM-G950F) AppleWebKit/537.36 (KHTML, like Gecko) Chrome/85.0.4183.109 Mobile Safari/537.36"
207.244.236.48 - - [18/Apr/2025:00:58:57 -0400] "GET /wp-includes/Text/Diff/index.php HTTP/1.1" 301 0 "-" "Mozilla/5.0 (Linux; Android 10; SM-G950F) AppleWebKit/537.36 (KHTML, like Gecko) Chrome/85.0.4183.109 Mobile Safari/537.36"
207.244.236.48 - - [18/Apr/2025:00:59:00 -0400] "GET /wp-includes/Text/Diff/ HTTP/1.1" 403 1242 "-" "Mozilla/5.0 (Linux; Android 10; SM-G950F) AppleWebKit/537.36 (KHTML, like Gecko) Chrome/85.0.4183.109 Mobile Safari/537.36"
198.54.114.83 - - [18/Apr/2025:00:59:06 -0400] "POST /wp-cron.php?doing_wp_cron=1744952345.1368799209594726562500 HTTP/1.1" 200 0 "-" "WordPress/6.8; https://saamigraphics.com"
207.244.236.48 - - [18/Apr/2025:00:59:04 -0400] "GET /xmlrpc.php HTTP/1.1" 405 60 "-" "Mozilla/5.0 (Linux; Android 10; SM-G950F) AppleWebKit/537.36 (KHTML, like Gecko) Chrome/85.0.4183.109 Mobile Safari/537.36"
207.244.236.48 - - [18/Apr/2025:00:59:08 -0400] "GET /cgi-bin/wp-login.php HTTP/1.1" 500 108 "-" "Mozilla/5.0 (Linux; Android 10; SM-G950F) AppleWebKit/537.36 (KHTML, like Gecko) Chrome/85.0.4183.109 Mobile Safari/537.36"
207.244.236.48 - - [18/Apr/2025:00:59:22 -0400] "GET /wp-content/plugins/linkpreview/db.php?u HTTP/1.1" 404 10073 "-" "Mozilla/5.0 (Linux; Android 10; SM-G950F) AppleWebKit/537.36 (KHTML, like Gecko) Chrome/85.0.4183.109 Mobile Safari/537.36"
207.244.236.48 - - [18/Apr/2025:00:59:28 -0400] "GET /wp-admin/js/index.php HTTP/1.1" 301 0 "-" "Mozilla/5.0 (Linux; Android 10; SM-G950F) AppleWebKit/537.36 (KHTML, like Gecko) Chrome/85.0.4183.109 Mobile Safari/537.36"
207.244.236.48 - - [18/Apr/2025:00:59:31 -0400] "GET /wp-admin/js/ HTTP/1.1" 403 1242 "-" "Mozilla/5.0 (Linux; Android 10; SM-G950F) AppleWebKit/537.36 (KHTML, like Gecko) Chrome/85.0.4183.109 Mobile Safari/537.36"
207.244.236.48 - - [18/Apr/2025:00:59:35 -0400] "GET /ioxi002.PhP7 HTTP/1.1" 404 10074 "-" "Mozilla/5.0 (Linux; Android 10; SM-G950F) AppleWebKit/537.36 (KHTML, like Gecko) Chrome/85.0.4183.109 Mobile Safari/537.36"
198.54.114.83 - - [18/Apr/2025:00:59:40 -0400] "POST /wp-cron.php?doing_wp_cron=1744952379.8301799297332763671875 HTTP/1.1" 200 0 "-" "WordPress/6.8; https://saamigraphics.com"
207.244.236.48 - - [18/Apr/2025:00:59:39 -0400] "GET /ynz.PhP7 HTTP/1.1" 404 10075 "-" "Mozilla/5.0 (Linux; Android 10; SM-G950F) AppleWebKit/537.36 (KHTML, like Gecko) Chrome/85.0.4183.109 Mobile Safari/537.36"
207.244.236.48 - - [18/Apr/2025:00:59:44 -0400] "GET /wp-includes/SimplePie/Content/Type/index.php HTTP/1.1" 301 0 "-" "Mozilla/5.0 (Linux; Android 10; SM-G950F) AppleWebKit/537.36 (KHTML, like Gecko) Chrome/85.0.4183.109 Mobile Safari/537.36"
207.244.236.48 - - [18/Apr/2025:00:59:46 -0400] "GET /wp-includes/SimplePie/Content/Type/ HTTP/1.1" 404 10074 "-" "Mozilla/5.0 (Linux; Android 10; SM-G950F) AppleWebKit/537.36 (KHTML, like Gecko) Chrome/85.0.4183.109 Mobile Safari/537.36"
207.244.236.48 - - [18/Apr/2025:00:59:53 -0400] "GET /wp-includes/Requests/Auth/index.php HTTP/1.1" 301 0 "-" "Mozilla/5.0 (Linux; Android 10; SM-G950F) AppleWebKit/537.36 (KHTML, like Gecko) Chrome/85.0.4183.109 Mobile Safari/537.36"
207.244.236.48 - - [18/Apr/2025:00:59:55 -0400] "GET /wp-includes/Requests/Auth/ HTTP/1.1" 404 10073 "-" "Mozilla/5.0 (Linux; Android 10; SM-G950F) AppleWebKit/537.36 (KHTML, like Gecko) Chrome/85.0.4183.109 Mobile Safari/537.36"
207.244.236.48 - - [18/Apr/2025:01:00:01 -0400] "GET /wp-admin/css/colors/index.php HTTP/1.1" 301 0 "-" "Mozilla/5.0 (Linux; Android 10; SM-G950F) AppleWebKit/537.36 (KHTML, like Gecko) Chrome/85.0.4183.109 Mobile Safari/537.36"
207.244.236.48 - - [18/Apr/2025:01:00:04 -0400] "GET /wp-admin/css/colors/ HTTP/1.1" 403 1242 "-" "Mozilla/5.0 (Linux; Android 10; SM-G950F) AppleWebKit/537.36 (KHTML, like Gecko) Chrome/85.0.4183.109 Mobile Safari/537.36"
207.244.236.48 - - [18/Apr/2025:01:00:11 -0400] "GET /wp-content/languages/index.php HTTP/1.1" 301 0 "-" "Mozilla/5.0 (Linux; Android 10; SM-G950F) AppleWebKit/537.36 (KHTML, like Gecko) Chrome/85.0.4183.109 Mobile Safari/537.36"
198.54.114.83 - - [18/Apr/2025:01:00:15 -0400] "POST /wp-cron.php?doing_wp_cron=1744952412.3413329124450683593750 HTTP/1.1" 200 0 "-" "WordPress/6.8; https://saamigraphics.com"
207.244.236.48 - - [18/Apr/2025:01:00:17 -0400] "GET /wp-content/languages/ HTTP/1.1" 404 10074 "-" "Mozilla/5.0 (Linux; Android 10; SM-G950F) AppleWebKit/537.36 (KHTML, like Gecko) Chrome/85.0.4183.109 Mobile Safari/537.36"
207.244.236.48 - - [18/Apr/2025:01:00:23 -0400] "GET /.wp-cli/wp-login.php HTTP/1.1" 404 10075 "-" "Mozilla/5.0 (Linux; Android 10; SM-G950F) AppleWebKit/537.36 (KHTML, like Gecko) Chrome/85.0.4183.109 Mobile Safari/537.36"
207.244.236.48 - - [18/Apr/2025:01:00:28 -0400] "GET /wp-content/upgrade/index.php HTTP/1.1" 301 0 "-" "Mozilla/5.0 (Linux; Android 10; SM-G950F) AppleWebKit/537.36 (KHTML, like Gecko) Chrome/85.0.4183.109 Mobile Safari/537.36"
207.244.236.48 - - [18/Apr/2025:01:00:32 -0400] "GET /wp-content/upgrade/ HTTP/1.1" 403 1242 "-" "Mozilla/5.0 (Linux; Android 10; SM-G950F) AppleWebKit/537.36 (KHTML, like Gecko) Chrome/85.0.4183.109 Mobile Safari/537.36"
207.244.236.48 - - [18/Apr/2025:01:00:35 -0400] "GET /wp-content/IXR/index.php HTTP/1.1" 301 0 "-" "Mozilla/5.0 (Linux; Android 10; SM-G950F) AppleWebKit/537.36 (KHTML, like Gecko) Chrome/85.0.4183.109 Mobile Safari/537.36"
207.244.236.48 - - [18/Apr/2025:01:00:38 -0400] "GET /wp-content/IXR/ HTTP/1.1" 404 10074 "-" "Mozilla/5.0 (Linux; Android 10; SM-G950F) AppleWebKit/537.36 (KHTML, like Gecko) Chrome/85.0.4183.109 Mobile Safari/537.36"
207.244.236.48 - - [18/Apr/2025:01:00:45 -0400] "GET /wp-content/themes/digital-download/up.php HTTP/1.1" 404 10073 "-" "Mozilla/5.0 (Linux; Android 10; SM-G950F) AppleWebKit/537.36 (KHTML, like Gecko) Chrome/85.0.4183.109 Mobile Safari/537.36"
207.244.236.48 - - [18/Apr/2025:01:00:48 -0400] "GET /heh.php HTTP/1.1" 404 10075 "-" "Mozilla/5.0 (Linux; Android 10; SM-G950F) AppleWebKit/537.36 (KHTML, like Gecko) Chrome/85.0.4183.109 Mobile Safari/537.36"
207.244.236.48 - - [18/Apr/2025:01:00:52 -0400] "GET /NewFile.php HTTP/1.1" 404 10074 "-" "Mozilla/5.0 (Linux; Android 10; SM-G950F) AppleWebKit/537.36 (KHTML, like Gecko) Chrome/85.0.4183.109 Mobile Safari/537.36"
207.244.236.48 - - [18/Apr/2025:01:00:57 -0400] "GET /wp-content/plugins/view-more/ioxi.php HTTP/1.1" 404 10074 "-" "Mozilla/5.0 (Linux; Android 10; SM-G950F) AppleWebKit/537.36 (KHTML, like Gecko) Chrome/85.0.4183.109 Mobile Safari/537.36"
207.244.236.48 - - [18/Apr/2025:01:01:00 -0400] "GET /wp-content/plugins/erinyani/baxa1.php7 HTTP/1.1" 404 10073 "-" "Mozilla/5.0 (Linux; Android 10; SM-G950F) AppleWebKit/537.36 (KHTML, like Gecko) Chrome/85.0.4183.109 Mobile Safari/537.36"
207.244.236.48 - - [18/Apr/2025:01:01:05 -0400] "GET /baxa1.php7 HTTP/1.1" 404 10074 "-" "Mozilla/5.0 (Linux; Android 10; SM-G950F) AppleWebKit/537.36 (KHTML, like Gecko) Chrome/85.0.4183.109 Mobile Safari/537.36"
207.244.236.48 - - [18/Apr/2025:01:01:07 -0400] "GET /wp-content/plugins/erinyani/baxa1.php HTTP/1.1" 404 10073 "-" "Mozilla/5.0 (Linux; Android 10; SM-G950F) AppleWebKit/537.36 (KHTML, like Gecko) Chrome/85.0.4183.109 Mobile Safari/537.36"
198.54.114.83 - - [18/Apr/2025:01:01:14 -0400] "POST /wp-cron.php?doing_wp_cron=1744952473.6914989948272705078125 HTTP/1.1" 200 0 "-" "WordPress/6.8; https://saamigraphics.com"
207.244.236.48 - - [18/Apr/2025:01:01:12 -0400] "GET /baxa1.php HTTP/1.1" 404 10074 "-" "Mozilla/5.0 (Linux; Android 10; SM-G950F) AppleWebKit/537.36 (KHTML, like Gecko) Chrome/85.0.4183.109 Mobile Safari/537.36"
207.244.236.48 - - [18/Apr/2025:01:01:17 -0400] "GET /wp-content/plugins/seoxx/randkeyword.php HTTP/1.1" 404 10073 "-" "Mozilla/5.0 (Linux; Android 10; SM-G950F) AppleWebKit/537.36 (KHTML, like Gecko) Chrome/85.0.4183.109 Mobile Safari/537.36"
207.244.236.48 - - [18/Apr/2025:01:01:22 -0400] "GET /wp-content/themes/travelscape/json.php HTTP/1.1" 404 10073 "-" "Mozilla/5.0 (Linux; Android 10; SM-G950F) AppleWebKit/537.36 (KHTML, like Gecko) Chrome/85.0.4183.109 Mobile Safari/537.36"
207.244.236.48 - - [18/Apr/2025:01:01:25 -0400] "GET /wp-content/themes/aahana/json.php HTTP/1.1" 404 10074 "-" "Mozilla/5.0 (Linux; Android 10; SM-G950F) AppleWebKit/537.36 (KHTML, like Gecko) Chrome/85.0.4183.109 Mobile Safari/537.36"
207.244.236.48 - - [18/Apr/2025:01:01:28 -0400] "GET /wp-content/themes/travel/issue.php HTTP/1.1" 404 10073 "-" "Mozilla/5.0 (Linux; Android 10; SM-G950F) AppleWebKit/537.36 (KHTML, like Gecko) Chrome/85.0.4183.109 Mobile Safari/537.36"
207.244.236.48 - - [18/Apr/2025:01:01:33 -0400] "GET /wp-content/themes/digital-download/new.php HTTP/1.1" 404 10073 "-" "Mozilla/5.0 (Linux; Android 10; SM-G950F) AppleWebKit/537.36 (KHTML, like Gecko) Chrome/85.0.4183.109 Mobile Safari/537.36"
207.244.236.48 - - [18/Apr/2025:01:01:36 -0400] "GET /wp-content/plugins/dummyyummy/wp-signup.php HTTP/1.1" 404 10074 "-" "Mozilla/5.0 (Linux; Android 10; SM-G950F) AppleWebKit/537.36 (KHTML, like Gecko) Chrome/85.0.4183.109 Mobile Safari/537.36"
207.244.236.48 - - [18/Apr/2025:01:01:38 -0400] "GET /wp-admin/dropdown.php HTTP/1.1" 404 10075 "-" "Mozilla/5.0 (Linux; Android 10; SM-G950F) AppleWebKit/537.36 (KHTML, like Gecko) Chrome/85.0.4183.109 Mobile Safari/537.36"
207.244.236.48 - - [18/Apr/2025:01:01:40 -0400] "GET /file_manager.php HTTP/1.1" 404 10075 "-" "Mozilla/5.0 (Linux; Android 10; SM-G950F) AppleWebKit/537.36 (KHTML, like Gecko) Chrome/85.0.4183.109 Mobile Safari/537.36"
207.244.236.48 - - [18/Apr/2025:01:01:43 -0400] "GET /admin/functions.php HTTP/1.1" 404 10075 "-" "Mozilla/5.0 (Linux; Android 10; SM-G950F) AppleWebKit/537.36 (KHTML, like Gecko) Chrome/85.0.4183.109 Mobile Safari/537.36"
207.244.236.48 - - [18/Apr/2025:01:01:46 -0400] "GET /wp-content/uploads/wp-login.php HTTP/1.1" 404 10073 "-" "Mozilla/5.0 (Linux; Android 10; SM-G950F) AppleWebKit/537.36 (KHTML, like Gecko) Chrome/85.0.4183.109 Mobile Safari/537.36"
103.165.81.166 - - [18/Apr/2025:01:05:15 -0400] "GET / HTTP/1.1" 301 0 "-" "Mozilla/5.0 (Windows NT 10.0; Win64; x64) AppleWebKit/537.36 (KHTML, like Gecko) Chrome/97.0.4280.67 Safari/537.36 Edg/97.0.664.52"
103.165.81.166 - - [18/Apr/2025:01:05:18 -0400] "GET / HTTP/1.1" 200 14135 "-" "Mozilla/5.0 (Windows NT 10.0; Win64; x64) AppleWebKit/537.36 (KHTML, like Gecko) Chrome/97.0.4280.67 Safari/537.36 Edg/97.0.664.52"
170.106.192.208 - - [18/Apr/2025:01:26:40 -0400] "GET / HTTP/1.1" 301 0 "-" "Mozilla/5.0 (iPhone; CPU iPhone OS 13_2_3 like Mac OS X) AppleWebKit/605.1.15 (KHTML, like Gecko) Version/13.0.3 Mobile/15E148 Safari/604.1"
198.54.114.83 - - [18/Apr/2025:01:26:50 -0400] "POST /wp-cron.php?doing_wp_cron=1744954008.4081730842590332031250 HTTP/1.1" 200 0 "-" "WordPress/6.8; https://saamigraphics.com"
170.106.192.208 - - [18/Apr/2025:01:26:51 -0400] "GET / HTTP/1.1" 200 14135 "http://www.saamigraphics.com" "Mozilla/5.0 (iPhone; CPU iPhone OS 13_2_3 like Mac OS X) AppleWebKit/605.1.15 (KHTML, like Gecko) Version/13.0.3 Mobile/15E148 Safari/604.1"
20.191.45.212 - - [18/Apr/2025:02:01:57 -0400] "GET / HTTP/1.1" 200 14135 "http://saamigraphics.com/" "DuckDuckBot/1.1; (+http://duckduckgo.com/duckduckbot.html)"
20.191.45.212 - - [18/Apr/2025:02:01:59 -0400] "GET /favicon.ico HTTP/1.1" 404 1251 "http://saamigraphics.com/favicon.ico" "DuckDuckBot/1.1; (+http://duckduckgo.com/duckduckbot.html)"
60.188.57.0 - - [18/Apr/2025:02:48:58 -0400] "GET / HTTP/1.1" 301 0 "-" "Mozilla/5.0 (iPhone; CPU iPhone OS 13_2_3 like Mac OS X) AppleWebKit/605.1.15 (KHTML, like Gecko) Version/13.0.3 Mobile/15E148 Safari/604.1"
60.188.57.0 - - [18/Apr/2025:02:49:01 -0400] "GET / HTTP/1.1" 200 14135 "http://www.saamigraphics.com" "Mozilla/5.0 (iPhone; CPU iPhone OS 13_2_3 like Mac OS X) AppleWebKit/605.1.15 (KHTML, like Gecko) Version/13.0.3 Mobile/15E148 Safari/604.1"
