135.119.141.139 - - [15/Apr/2025:18:52:47 -0400] "HEAD /home HTTP/1.1" 301 0 "-" "Mozilla/5.0 (Windows NT 10.0; Win64; x64) AppleWebKit/537.36 (KHTML, like Gecko) Chrome/74.0.3729.169 Safari/537.36"
207.244.236.48 - - [15/Apr/2025:18:52:49 -0400] "GET /fosil.php HTTP/1.1" 404 10074 "-" "Mozilla/5.0 (Linux; Android 7.0; SM-G892A Build/NRD90M; wv) AppleWebKit/537.36 (KHTML, like Gecko) Version/4.0 Chrome/60.0.3112.107 Mobile Safari/537.36"
207.244.236.48 - - [15/Apr/2025:18:52:52 -0400] "GET /ws.php HTTP/1.1" 404 10074 "-" "Mozilla/5.0 (Linux; Android 7.0; SM-G892A Build/NRD90M; wv) AppleWebKit/537.36 (KHTML, like Gecko) Version/4.0 Chrome/60.0.3112.107 Mobile Safari/537.36"
207.244.236.48 - - [15/Apr/2025:18:52:55 -0400] "GET /radio.php HTTP/1.1" 404 10074 "-" "Mozilla/5.0 (Linux; Android 7.0; SM-G892A Build/NRD90M; wv) AppleWebKit/537.36 (KHTML, like Gecko) Version/4.0 Chrome/60.0.3112.107 Mobile Safari/537.36"
207.244.236.48 - - [15/Apr/2025:18:52:58 -0400] "GET /mah.php HTTP/1.1" 404 10074 "-" "Mozilla/5.0 (Linux; Android 7.0; SM-G892A Build/NRD90M; wv) AppleWebKit/537.36 (KHTML, like Gecko) Version/4.0 Chrome/60.0.3112.107 Mobile Safari/537.36"
207.244.236.48 - - [15/Apr/2025:18:53:01 -0400] "GET /index.php HTTP/1.1" 301 0 "-" "Mozilla/5.0 (Linux; Android 7.0; SM-G892A Build/NRD90M; wv) AppleWebKit/537.36 (KHTML, like Gecko) Version/4.0 Chrome/60.0.3112.107 Mobile Safari/537.36"
207.244.236.48 - - [15/Apr/2025:18:53:06 -0400] "GET /json.php HTTP/1.1" 404 10075 "-" "Mozilla/5.0 (Linux; Android 7.0; SM-G892A Build/NRD90M; wv) AppleWebKit/537.36 (KHTML, like Gecko) Version/4.0 Chrome/60.0.3112.107 Mobile Safari/537.36"
207.244.236.48 - - [15/Apr/2025:18:53:10 -0400] "GET /classwithtostring.php HTTP/1.1" 404 10075 "-" "Mozilla/5.0 (Linux; Android 7.0; SM-G892A Build/NRD90M; wv) AppleWebKit/537.36 (KHTML, like Gecko) Version/4.0 Chrome/60.0.3112.107 Mobile Safari/537.36"
207.244.236.48 - - [15/Apr/2025:18:53:14 -0400] "GET /about.php HTTP/1.1" 404 10075 "-" "Mozilla/5.0 (Linux; Android 7.0; SM-G892A Build/NRD90M; wv) AppleWebKit/537.36 (KHTML, like Gecko) Version/4.0 Chrome/60.0.3112.107 Mobile Safari/537.36"
207.244.236.48 - - [15/Apr/2025:18:53:17 -0400] "GET /lock.php HTTP/1.1" 404 10075 "-" "Mozilla/5.0 (Linux; Android 7.0; SM-G892A Build/NRD90M; wv) AppleWebKit/537.36 (KHTML, like Gecko) Version/4.0 Chrome/60.0.3112.107 Mobile Safari/537.36"
207.244.236.48 - - [15/Apr/2025:18:53:23 -0400] "GET /wp-mail.php HTTP/1.1" 403 1123 "-" "Mozilla/5.0 (Linux; Android 7.0; SM-G892A Build/NRD90M; wv) AppleWebKit/537.36 (KHTML, like Gecko) Version/4.0 Chrome/60.0.3112.107 Mobile Safari/537.36"
207.244.236.48 - - [15/Apr/2025:18:53:26 -0400] "GET /wordfence-waf.php HTTP/1.1" 404 10075 "-" "Mozilla/5.0 (Linux; Android 7.0; SM-G892A Build/NRD90M; wv) AppleWebKit/537.36 (KHTML, like Gecko) Version/4.0 Chrome/60.0.3112.107 Mobile Safari/537.36"
207.244.236.48 - - [15/Apr/2025:18:53:31 -0400] "GET /evil.php HTTP/1.1" 404 10075 "-" "Mozilla/5.0 (Linux; Android 7.0; SM-G892A Build/NRD90M; wv) AppleWebKit/537.36 (KHTML, like Gecko) Version/4.0 Chrome/60.0.3112.107 Mobile Safari/537.36"
207.244.236.48 - - [15/Apr/2025:18:53:34 -0400] "GET /wp-content/about.php HTTP/1.1" 404 10075 "-" "Mozilla/5.0 (Linux; Android 7.0; SM-G892A Build/NRD90M; wv) AppleWebKit/537.36 (KHTML, like Gecko) Version/4.0 Chrome/60.0.3112.107 Mobile Safari/537.36"
198.54.114.83 - - [15/Apr/2025:18:53:38 -0400] "POST /wp-cron.php?doing_wp_cron=1744757615.3686540126800537109375 HTTP/1.1" 200 0 "-" "WordPress/6.8; https://saamigraphics.com"
207.244.236.48 - - [15/Apr/2025:18:53:39 -0400] "GET /wp-backdoor.php HTTP/1.1" 404 10075 "-" "Mozilla/5.0 (Linux; Android 7.0; SM-G892A Build/NRD90M; wv) AppleWebKit/537.36 (KHTML, like Gecko) Version/4.0 Chrome/60.0.3112.107 Mobile Safari/537.36"
128.199.86.111 - - [15/Apr/2025:18:48:24 -0400] "GET /wp-json/oembed/1.0/embed?url=http://saamigraphics.com HTTP/1.1" 404 73 "-" "Mozilla/5.0 (Windows NT 10.0; Win64; x64) AppleWebKit/537.36 (KHTML, like Gecko) Chrome/95.0.4638.69 Safari/537.36"
198.54.114.83 - - [15/Apr/2025:18:50:25 -0400] "POST /wp-cron.php?doing_wp_cron=1744757424.7896730899810791015625 HTTP/1.1" 200 0 "-" "WordPress/6.8; https://saamigraphics.com"
2a12:8107:c65e:9fd8:d6d2:7d5a:68af:8158 - - [15/Apr/2025:18:50:23 -0400] "GET /cbd-for-anxiety-uk-a-natural-remedy-for-anxiety/ HTTP/1.1" 200 14560 "http://saamigraphics.com/cbd-for-anxiety-uk-a-natural-remedy-for-anxiety/" "Mozilla/5.0 (Windows NT 10.0; Win64; x64) AppleWebKit/537.36 (KHTML, like Gecko) Chrome/129.0.0.0 Safari/537.36"
2a11:fc83:2a6f:5de0:ba0c:aa4a:bc98:1856 - - [15/Apr/2025:18:50:28 -0400] "POST /wp-comments-post.php HTTP/1.1" 302 0 "http://saamigraphics.com/cbd-for-anxiety-uk-a-natural-remedy-for-anxiety/" "Mozilla/5.0 (Windows NT 10.0; Win64; x64) AppleWebKit/537.36 (KHTML, like Gecko) Chrome/129.0.0.0 Safari/537.36"
2a12:8105:4e4b:9deb:a31a:e840:2d22:8653 - - [15/Apr/2025:18:51:31 -0400] "GET /gambling-lotto-can-be-harmful/ HTTP/1.1" 200 14674 "http://saamigraphics.com/gambling-lotto-can-be-harmful/" "Mozilla/5.0 (Windows NT 10.0; Win64; x64) AppleWebKit/537.36 (KHTML, like Gecko) Chrome/130.0.0.0 Safari/537.36 CCleaner/130.0.0.0"
198.54.114.83 - - [15/Apr/2025:18:51:35 -0400] "POST /wp-cron.php?doing_wp_cron=1744757493.2410969734191894531250 HTTP/1.1" 200 0 "-" "WordPress/6.8; https://saamigraphics.com"
2a11:fc83:f4cb:c0c0:cb5e:1805:2f17:43b2 - - [15/Apr/2025:18:51:36 -0400] "POST /wp-comments-post.php HTTP/1.1" 302 0 "http://saamigraphics.com/gambling-lotto-can-be-harmful/" "Mozilla/5.0 (Windows NT 10.0; Win64; x64) AppleWebKit/537.36 (KHTML, like Gecko) Chrome/130.0.0.0 Safari/537.36 CCleaner/130.0.0.0"
207.244.236.48 - - [15/Apr/2025:18:51:48 -0400] "GET /admin.php HTTP/1.1" 404 10076 "-" "Mozilla/5.0 (Linux; Android 7.0; SM-G892A Build/NRD90M; wv) AppleWebKit/537.36 (KHTML, like Gecko) Version/4.0 Chrome/60.0.3112.107 Mobile Safari/537.36"
207.244.236.48 - - [15/Apr/2025:18:51:53 -0400] "GET /file/function.php HTTP/1.1" 404 10075 "-" "Mozilla/5.0 (Linux; Android 7.0; SM-G892A Build/NRD90M; wv) AppleWebKit/537.36 (KHTML, like Gecko) Version/4.0 Chrome/60.0.3112.107 Mobile Safari/537.36"
207.244.236.48 - - [15/Apr/2025:18:51:57 -0400] "GET /plugins/function.php HTTP/1.1" 404 10075 "-" "Mozilla/5.0 (Linux; Android 7.0; SM-G892A Build/NRD90M; wv) AppleWebKit/537.36 (KHTML, like Gecko) Version/4.0 Chrome/60.0.3112.107 Mobile Safari/537.36"
207.244.236.48 - - [15/Apr/2025:18:52:02 -0400] "GET /admin/function.php HTTP/1.1" 404 10075 "-" "Mozilla/5.0 (Linux; Android 7.0; SM-G892A Build/NRD90M; wv) AppleWebKit/537.36 (KHTML, like Gecko) Version/4.0 Chrome/60.0.3112.107 Mobile Safari/537.36"
207.244.236.48 - - [15/Apr/2025:18:52:05 -0400] "GET /index/function.php HTTP/1.1" 404 10075 "-" "Mozilla/5.0 (Linux; Android 7.0; SM-G892A Build/NRD90M; wv) AppleWebKit/537.36 (KHTML, like Gecko) Version/4.0 Chrome/60.0.3112.107 Mobile Safari/537.36"
207.244.236.48 - - [15/Apr/2025:18:53:45 -0400] "GET /malicious.php HTTP/1.1" 404 10075 "-" "Mozilla/5.0 (Linux; Android 7.0; SM-G892A Build/NRD90M; wv) AppleWebKit/537.36 (KHTML, like Gecko) Version/4.0 Chrome/60.0.3112.107 Mobile Safari/537.36"
207.244.236.48 - - [15/Apr/2025:18:53:51 -0400] "GET /backdoor.php HTTP/1.1" 404 10075 "-" "Mozilla/5.0 (Linux; Android 7.0; SM-G892A Build/NRD90M; wv) AppleWebKit/537.36 (KHTML, like Gecko) Version/4.0 Chrome/60.0.3112.107 Mobile Safari/537.36"
207.244.236.48 - - [15/Apr/2025:18:53:55 -0400] "GET /evil-backdoor.php HTTP/1.1" 404 10075 "-" "Mozilla/5.0 (Linux; Android 7.0; SM-G892A Build/NRD90M; wv) AppleWebKit/537.36 (KHTML, like Gecko) Version/4.0 Chrome/60.0.3112.107 Mobile Safari/537.36"
207.244.236.48 - - [15/Apr/2025:18:54:00 -0400] "GET /erin1.PhP7 HTTP/1.1" 404 10074 "-" "Mozilla/5.0 (Linux; Android 7.0; SM-G892A Build/NRD90M; wv) AppleWebKit/537.36 (KHTML, like Gecko) Version/4.0 Chrome/60.0.3112.107 Mobile Safari/537.36"
207.244.236.48 - - [15/Apr/2025:18:54:04 -0400] "GET /cache.php HTTP/1.1" 404 10074 "-" "Mozilla/5.0 (Linux; Android 7.0; SM-G892A Build/NRD90M; wv) AppleWebKit/537.36 (KHTML, like Gecko) Version/4.0 Chrome/60.0.3112.107 Mobile Safari/537.36"
207.244.236.48 - - [15/Apr/2025:18:54:08 -0400] "GET /backup.php HTTP/1.1" 404 10075 "-" "Mozilla/5.0 (Linux; Android 7.0; SM-G892A Build/NRD90M; wv) AppleWebKit/537.36 (KHTML, like Gecko) Version/4.0 Chrome/60.0.3112.107 Mobile Safari/537.36"
207.244.236.48 - - [15/Apr/2025:18:54:13 -0400] "GET /exploit.php HTTP/1.1" 404 10075 "-" "Mozilla/5.0 (Linux; Android 7.0; SM-G892A Build/NRD90M; wv) AppleWebKit/537.36 (KHTML, like Gecko) Version/4.0 Chrome/60.0.3112.107 Mobile Safari/537.36"
207.244.236.48 - - [15/Apr/2025:18:54:18 -0400] "GET /spam.php HTTP/1.1" 404 10075 "-" "Mozilla/5.0 (Linux; Android 7.0; SM-G892A Build/NRD90M; wv) AppleWebKit/537.36 (KHTML, like Gecko) Version/4.0 Chrome/60.0.3112.107 Mobile Safari/537.36"
2a12:d3c4:830a:b579:fe6b:3ec2:d066:1382 - - [15/Apr/2025:19:10:41 -0400] "GET /cbd-for-anxiety-uk-a-natural-remedy-for-anxiety/ HTTP/1.1" 200 14560 "http://saamigraphics.com/cbd-for-anxiety-uk-a-natural-remedy-for-anxiety/" "Mozilla/5.0 (Windows NT 10.0; Win64; x64) AppleWebKit/537.36 (KHTML, like Gecko) Chrome/129.0.0.0 Safari/537.36"
198.54.114.83 - - [15/Apr/2025:19:10:49 -0400] "POST /wp-cron.php?doing_wp_cron=1744758646.8821148872375488281250 HTTP/1.1" 200 0 "-" "WordPress/6.8; https://saamigraphics.com"
2a11:5781:11cf:4053:bd1f:a5ac:c03f:2bde - - [15/Apr/2025:19:10:45 -0400] "POST /wp-comments-post.php HTTP/1.1" 302 0 "http://saamigraphics.com/cbd-for-anxiety-uk-a-natural-remedy-for-anxiety/" "Mozilla/5.0 (Windows NT 10.0; Win64; x64) AppleWebKit/537.36 (KHTML, like Gecko) Chrome/129.0.0.0 Safari/537.36"
2a12:d3c7:ca41:ec18:294c:ae60:54:4574 - - [15/Apr/2025:19:11:42 -0400] "GET /gambling-lotto-can-be-harmful/ HTTP/1.1" 200 14674 "http://saamigraphics.com/gambling-lotto-can-be-harmful/" "Mozilla/5.0 (Windows NT 10.0; Win64; x64) AppleWebKit/537.36 (KHTML, like Gecko) Chrome/130.0.0.0 Safari/537.36 CCleaner/130.0.0.0"
198.54.114.83 - - [15/Apr/2025:19:11:49 -0400] "POST /wp-cron.php?doing_wp_cron=1744758707.0559530258178710937500 HTTP/1.1" 200 0 "-" "WordPress/6.8; https://saamigraphics.com"
2a12:8105:6c58:619:7e1a:3f06:fbe8:d926 - - [15/Apr/2025:19:11:45 -0400] "POST /wp-comments-post.php HTTP/1.1" 302 0 "http://saamigraphics.com/gambling-lotto-can-be-harmful/" "Mozilla/5.0 (Windows NT 10.0; Win64; x64) AppleWebKit/537.36 (KHTML, like Gecko) Chrome/130.0.0.0 Safari/537.36 CCleaner/130.0.0.0"
2a12:8101:49ce:3429:9ccc:f567:6735:41f - - [15/Apr/2025:19:30:34 -0400] "GET /cbd-for-anxiety-uk-a-natural-remedy-for-anxiety/ HTTP/1.1" 200 14560 "http://saamigraphics.com/cbd-for-anxiety-uk-a-natural-remedy-for-anxiety/" "Mozilla/5.0 (Windows NT 10.0; Win64; x64) AppleWebKit/537.36 (KHTML, like Gecko) Chrome/130.0.0.0 Safari/537.36 CCleaner/130.0.0.0"
198.54.114.83 - - [15/Apr/2025:19:30:41 -0400] "POST /wp-cron.php?doing_wp_cron=1744759840.8765900135040283203125 HTTP/1.1" 200 0 "-" "WordPress/6.8; https://saamigraphics.com"
2a12:8100:15da:9343:32a5:adbf:f41:50c7 - - [15/Apr/2025:19:30:35 -0400] "POST /wp-comments-post.php HTTP/1.1" 302 0 "http://saamigraphics.com/cbd-for-anxiety-uk-a-natural-remedy-for-anxiety/" "Mozilla/5.0 (Windows NT 10.0; Win64; x64) AppleWebKit/537.36 (KHTML, like Gecko) Chrome/130.0.0.0 Safari/537.36 CCleaner/130.0.0.0"
2a11:5786:2c76:c7a6:7a5f:759a:790:4d75 - - [15/Apr/2025:19:31:37 -0400] "GET /gambling-lotto-can-be-harmful/ HTTP/1.1" 200 14674 "http://saamigraphics.com/gambling-lotto-can-be-harmful/" "Mozilla/5.0 (Windows NT 10.0; Win64; x64) AppleWebKit/537.36 (KHTML, like Gecko) Chrome/131.0.0.0 Safari/537.36 Avast/131.0.0.0"
198.54.114.83 - - [15/Apr/2025:19:31:43 -0400] "POST /wp-cron.php?doing_wp_cron=1744759903.1414909362792968750000 HTTP/1.1" 200 0 "-" "WordPress/6.8; https://saamigraphics.com"
2a12:ccc0:eb7d:9157:b054:ece0:be74:abe3 - - [15/Apr/2025:19:31:40 -0400] "POST /wp-comments-post.php HTTP/1.1" 302 0 "http://saamigraphics.com/gambling-lotto-can-be-harmful/" "Mozilla/5.0 (Windows NT 10.0; Win64; x64) AppleWebKit/537.36 (KHTML, like Gecko) Chrome/131.0.0.0 Safari/537.36 Avast/131.0.0.0"
2a12:8101:40a9:891b:aabc:8f6:808d:f12c - - [15/Apr/2025:19:50:13 -0400] "GET /cbd-for-anxiety-uk-a-natural-remedy-for-anxiety/ HTTP/1.1" 200 14560 "http://saamigraphics.com/cbd-for-anxiety-uk-a-natural-remedy-for-anxiety/" "Mozilla/5.0 (Windows NT 10.0; Win64; x64) AppleWebKit/537.36 (KHTML, like Gecko) Chrome/130.0.0.0 Safari/537.36 CCleaner/130.0.0.0"
2a12:8101:40a9:891b:aabc:8f6:808d:f12c - - [15/Apr/2025:19:50:17 -0400] "POST /wp-comments-post.php HTTP/1.1" 302 0 "http://saamigraphics.com/cbd-for-anxiety-uk-a-natural-remedy-for-anxiety/" "Mozilla/5.0 (Windows NT 10.0; Win64; x64) AppleWebKit/537.36 (KHTML, like Gecko) Chrome/130.0.0.0 Safari/537.36 CCleaner/130.0.0.0"
2a12:d3c5:f12d:61e6:b82e:5b5e:d88b:893d - - [15/Apr/2025:19:51:04 -0400] "GET /gambling-lotto-can-be-harmful/ HTTP/1.1" 200 14674 "http://saamigraphics.com/gambling-lotto-can-be-harmful/" "Mozilla/5.0 (Windows NT 10.0; Win64; x64) AppleWebKit/537.36 (KHTML, like Gecko) Chrome/131.0.0.0 Safari/537.36"
198.54.114.83 - - [15/Apr/2025:19:51:05 -0400] "POST /wp-cron.php?doing_wp_cron=1744761065.7697269916534423828125 HTTP/1.1" 200 0 "-" "WordPress/6.8; https://saamigraphics.com"
2a12:d3c5:f12d:61e6:b82e:5b5e:d88b:893d - - [15/Apr/2025:19:51:04 -0400] "POST /wp-comments-post.php HTTP/1.1" 302 0 "http://saamigraphics.com/gambling-lotto-can-be-harmful/" "Mozilla/5.0 (Windows NT 10.0; Win64; x64) AppleWebKit/537.36 (KHTML, like Gecko) Chrome/131.0.0.0 Safari/537.36"
216.244.66.202 - - [15/Apr/2025:19:58:32 -0400] "GET /robots.txt HTTP/1.1" 200 128 "-" "Mozilla/5.0 (compatible; DotBot/1.2; +https://opensiteexplorer.org/dotbot; help@moz.com)"
198.54.114.83 - - [15/Apr/2025:20:06:28 -0400] "POST /wp-cron.php?doing_wp_cron=1744761987.8362610340118408203125 HTTP/1.1" 200 0 "-" "WordPress/6.8; https://saamigraphics.com"
216.244.66.202 - - [15/Apr/2025:20:06:20 -0400] "GET /hamilton-car-dealers-everything-you-need-to-know/ HTTP/1.1" 200 13474 "-" "Mozilla/5.0 (compatible; DotBot/1.2; +https://opensiteexplorer.org/dotbot; help@moz.com)"
2a12:8107:a0ca:7849:6192:69b1:ea24:b9d9 - - [15/Apr/2025:20:10:13 -0400] "GET /cbd-for-anxiety-uk-a-natural-remedy-for-anxiety/ HTTP/1.1" 200 14560 "http://saamigraphics.com/cbd-for-anxiety-uk-a-natural-remedy-for-anxiety/" "Mozilla/5.0 (Windows NT 10.0; Win64; x64) AppleWebKit/537.36 (KHTML, like Gecko) Chrome/130.0.0.0 Safari/537.36 CCleaner/130.0.0.0"
2a12:8107:a0ca:7849:6192:69b1:ea24:b9d9 - - [15/Apr/2025:20:10:14 -0400] "POST /wp-comments-post.php HTTP/1.1" 302 0 "http://saamigraphics.com/cbd-for-anxiety-uk-a-natural-remedy-for-anxiety/" "Mozilla/5.0 (Windows NT 10.0; Win64; x64) AppleWebKit/537.36 (KHTML, like Gecko) Chrome/130.0.0.0 Safari/537.36 CCleaner/130.0.0.0"
2a11:fc83:f206:57a2:2865:2e06:629e:69a0 - - [15/Apr/2025:20:11:20 -0400] "GET /gambling-lotto-can-be-harmful/ HTTP/1.1" 200 14674 "http://saamigraphics.com/gambling-lotto-can-be-harmful/" "Mozilla/5.0 (Windows NT 10.0; Win64; x64) AppleWebKit/537.36 (KHTML, like Gecko) Chrome/130.0.0.0 Safari/537.36"
2a11:fc83:f206:57a2:2865:2e06:629e:69a0 - - [15/Apr/2025:20:11:21 -0400] "POST /wp-comments-post.php HTTP/1.1" 302 0 "http://saamigraphics.com/gambling-lotto-can-be-harmful/" "Mozilla/5.0 (Windows NT 10.0; Win64; x64) AppleWebKit/537.36 (KHTML, like Gecko) Chrome/130.0.0.0 Safari/537.36"
2a11:5782:b11f:9fb2:1389:93ff:5d38:3ae5 - - [15/Apr/2025:20:30:06 -0400] "GET /cbd-for-anxiety-uk-a-natural-remedy-for-anxiety/ HTTP/1.1" 200 14560 "http://saamigraphics.com/cbd-for-anxiety-uk-a-natural-remedy-for-anxiety/" "Mozilla/5.0 (Windows NT 10.0; Win64; x64) AppleWebKit/537.36 (KHTML, like Gecko) Chrome/130.0.0.0 Safari/537.36 CCleaner/130.0.0.0"
2a11:5782:b11f:9fb2:1389:93ff:5d38:3ae5 - - [15/Apr/2025:20:30:08 -0400] "POST /wp-comments-post.php HTTP/1.1" 302 0 "http://saamigraphics.com/cbd-for-anxiety-uk-a-natural-remedy-for-anxiety/" "Mozilla/5.0 (Windows NT 10.0; Win64; x64) AppleWebKit/537.36 (KHTML, like Gecko) Chrome/130.0.0.0 Safari/537.36 CCleaner/130.0.0.0"
2a12:d3c6:5590:6d65:c2a2:a2d3:f98a:1e39 - - [15/Apr/2025:20:31:06 -0400] "GET /gambling-lotto-can-be-harmful/ HTTP/1.1" 200 14674 "http://saamigraphics.com/gambling-lotto-can-be-harmful/" "Mozilla/5.0 (Windows NT 10.0; Win64; x64) AppleWebKit/537.36 (KHTML, like Gecko) Chrome/129.0.0.0 Safari/537.36"
2a12:d3c6:5590:6d65:c2a2:a2d3:f98a:1e39 - - [15/Apr/2025:20:31:07 -0400] "POST /wp-comments-post.php HTTP/1.1" 302 0 "http://saamigraphics.com/gambling-lotto-can-be-harmful/" "Mozilla/5.0 (Windows NT 10.0; Win64; x64) AppleWebKit/537.36 (KHTML, like Gecko) Chrome/129.0.0.0 Safari/537.36"
43.153.58.28 - - [15/Apr/2025:20:32:41 -0400] "GET / HTTP/1.1" 200 14136 "-" "Mozilla/5.0 (iPhone; CPU iPhone OS 13_2_3 like Mac OS X) AppleWebKit/605.1.15 (KHTML, like Gecko) Version/13.0.3 Mobile/15E148 Safari/604.1"
13.127.24.208 - - [15/Apr/2025:20:37:21 -0400] "GET / HTTP/1.1" 200 14136 "-" "Mozilla/5.0 (Windows NT 10.0; Win64; x64) AppleWebKit/537.36 (KHTML, like Gecko) Chrome/89.0.4389.114 Safari/537.36"
13.127.24.208 - - [15/Apr/2025:20:37:21 -0400] "GET /?author=1 HTTP/1.1" 301 0 "-" "Mozilla/5.0 (Windows NT 10.0; Win64; x64) AppleWebKit/537.36 (KHTML, like Gecko) Chrome/89.0.4389.114 Safari/537.36"
13.127.24.208 - - [15/Apr/2025:20:37:23 -0400] "GET /?author=2 HTTP/1.1" 301 0 "-" "Mozilla/5.0 (Windows NT 10.0; Win64; x64) AppleWebKit/537.36 (KHTML, like Gecko) Chrome/89.0.4389.114 Safari/537.36"
13.127.24.208 - - [15/Apr/2025:20:37:24 -0400] "GET /?author=3 HTTP/1.1" 200 14292 "-" "Mozilla/5.0 (Windows NT 10.0; Win64; x64) AppleWebKit/537.36 (KHTML, like Gecko) Chrome/89.0.4389.114 Safari/537.36"
13.127.24.208 - - [15/Apr/2025:20:37:25 -0400] "GET /wp-json/wp/v2/users/ HTTP/1.1" 200 18429 "-" "Mozilla/5.0 (Windows NT 10.0; Win64; x64) AppleWebKit/537.36 (KHTML, like Gecko) Chrome/89.0.4389.114 Safari/537.36"
13.127.24.208 - - [15/Apr/2025:20:37:27 -0400] "GET /wp-json/oembed/1.0/embed?url=http://saamigraphics.com HTTP/1.1" 404 73 "-" "Mozilla/5.0 (Windows NT 10.0; Win64; x64) AppleWebKit/537.36 (KHTML, like Gecko) Chrome/89.0.4389.114 Safari/537.36"
2a12:8103:4978:c32c:b524:6ce6:2721:675d - - [15/Apr/2025:20:50:12 -0400] "GET /cbd-for-anxiety-uk-a-natural-remedy-for-anxiety/ HTTP/1.1" 200 14560 "http://saamigraphics.com/cbd-for-anxiety-uk-a-natural-remedy-for-anxiety/" "Mozilla/5.0 (Windows NT 10.0; Win64; x64) AppleWebKit/537.36 (KHTML, like Gecko) Chrome/130.0.0.0 Safari/537.36 CCleaner/130.0.0.0"
2a12:8103:4978:c32c:b524:6ce6:2721:675d - - [15/Apr/2025:20:50:13 -0400] "POST /wp-comments-post.php HTTP/1.1" 302 0 "http://saamigraphics.com/cbd-for-anxiety-uk-a-natural-remedy-for-anxiety/" "Mozilla/5.0 (Windows NT 10.0; Win64; x64) AppleWebKit/537.36 (KHTML, like Gecko) Chrome/130.0.0.0 Safari/537.36 CCleaner/130.0.0.0"
2a12:6744:146:66fb:aea7:4bbb:46a8:1fc6 - - [15/Apr/2025:20:51:09 -0400] "GET /gambling-lotto-can-be-harmful/ HTTP/1.1" 200 14674 "http://saamigraphics.com/gambling-lotto-can-be-harmful/" "Mozilla/5.0 (Windows NT 10.0; Win64; x64) AppleWebKit/537.36 (KHTML, like Gecko) Chrome/130.0.0.0 Safari/537.36 CCleaner/130.0.0.0"
2a12:6744:146:66fb:aea7:4bbb:46a8:1fc6 - - [15/Apr/2025:20:51:12 -0400] "POST /wp-comments-post.php HTTP/1.1" 302 0 "http://saamigraphics.com/gambling-lotto-can-be-harmful/" "Mozilla/5.0 (Windows NT 10.0; Win64; x64) AppleWebKit/537.36 (KHTML, like Gecko) Chrome/130.0.0.0 Safari/537.36 CCleaner/130.0.0.0"
89.248.172.183 - - [15/Apr/2025:20:51:22 -0400] "GET /wp-content/plugins/instant-appointment/assets/css/bootstrap-icons.min.css HTTP/1.1" 404 10074 "-" "Mozilla/5.0 (Windows NT 10.0; Win64; x64) AppleWebKit/537.36 (KHTML, like Gecko) Chrome/122.0.0.0 Safari/537.36"
2a11:5787:2b71:5dcd:1629:7990:9c5:db02 - - [15/Apr/2025:21:10:01 -0400] "GET /cbd-for-anxiety-uk-a-natural-remedy-for-anxiety/ HTTP/1.1" 200 14560 "http://saamigraphics.com/cbd-for-anxiety-uk-a-natural-remedy-for-anxiety/" "Mozilla/5.0 (Windows NT 10.0; Win64; x64) AppleWebKit/537.36 (KHTML, like Gecko) Chrome/131.0.0.0 Safari/537.36"
2a12:8103:e5a4:2a8d:7247:cfef:ecc0:3cf3 - - [15/Apr/2025:21:10:05 -0400] "POST /wp-comments-post.php HTTP/1.1" 302 0 "http://saamigraphics.com/cbd-for-anxiety-uk-a-natural-remedy-for-anxiety/" "Mozilla/5.0 (Windows NT 10.0; Win64; x64) AppleWebKit/537.36 (KHTML, like Gecko) Chrome/131.0.0.0 Safari/537.36"
2a12:ccc2:ff0f:f659:51d4:eeb3:b3bb:e602 - - [15/Apr/2025:21:11:05 -0400] "GET /gambling-lotto-can-be-harmful/ HTTP/1.1" 200 14674 "http://saamigraphics.com/gambling-lotto-can-be-harmful/" "Mozilla/5.0 (Windows NT 10.0; Win64; x64) AppleWebKit/537.36 (KHTML, like Gecko) Chrome/129.0.0.0 Safari/537.36"
2a11:5780:9dc2:d0f3:fe4f:100c:9819:207f - - [15/Apr/2025:21:11:07 -0400] "POST /wp-comments-post.php HTTP/1.1" 302 0 "http://saamigraphics.com/gambling-lotto-can-be-harmful/" "Mozilla/5.0 (Windows NT 10.0; Win64; x64) AppleWebKit/537.36 (KHTML, like Gecko) Chrome/129.0.0.0 Safari/537.36"
36.111.67.189 - - [15/Apr/2025:21:22:37 -0400] "GET / HTTP/1.1" 200 14136 "-" "Mozilla/5.0 (iPhone; CPU iPhone OS 13_2_3 like Mac OS X) AppleWebKit/605.1.15 (KHTML, like Gecko) Version/13.0.3 Mobile/15E148 Safari/604.1"
2a12:8101:d615:95d8:4015:a695:1825:84ed - - [15/Apr/2025:21:30:31 -0400] "GET /cbd-for-anxiety-uk-a-natural-remedy-for-anxiety/ HTTP/1.1" 200 14560 "http://saamigraphics.com/cbd-for-anxiety-uk-a-natural-remedy-for-anxiety/" "Mozilla/5.0 (Windows NT 10.0; Win64; x64) AppleWebKit/537.36 (KHTML, like Gecko) Chrome/130.0.0.0 Safari/537.36 CCleaner/130.0.0.0"
2a11:5783:6a54:d866:ab6b:ee17:d71c:7bbe - - [15/Apr/2025:21:30:33 -0400] "POST /wp-comments-post.php HTTP/1.1" 302 0 "http://saamigraphics.com/cbd-for-anxiety-uk-a-natural-remedy-for-anxiety/" "Mozilla/5.0 (Windows NT 10.0; Win64; x64) AppleWebKit/537.36 (KHTML, like Gecko) Chrome/130.0.0.0 Safari/537.36 CCleaner/130.0.0.0"
2a12:5a05:abab:61f5:f631:bf77:5c6e:2791 - - [15/Apr/2025:21:31:31 -0400] "GET /gambling-lotto-can-be-harmful/ HTTP/1.1" 200 14674 "http://saamigraphics.com/gambling-lotto-can-be-harmful/" "Mozilla/5.0 (Windows NT 10.0; Win64; x64) AppleWebKit/537.36 (KHTML, like Gecko) Chrome/131.0.0.0 Safari/537.36"
2a12:8107:9583:fbb:5f97:9bd9:991c:ca3a - - [15/Apr/2025:21:31:33 -0400] "POST /wp-comments-post.php HTTP/1.1" 302 0 "http://saamigraphics.com/gambling-lotto-can-be-harmful/" "Mozilla/5.0 (Windows NT 10.0; Win64; x64) AppleWebKit/537.36 (KHTML, like Gecko) Chrome/131.0.0.0 Safari/537.36"
216.244.66.202 - - [15/Apr/2025:21:43:16 -0400] "GET /robots.txt HTTP/1.1" 200 128 "-" "Mozilla/5.0 (compatible; DotBot/1.2; +https://opensiteexplorer.org/dotbot; help@moz.com)"
2a12:5a03:4395:7d10:6ba2:1d67:1d4a:6d2e - - [15/Apr/2025:21:50:38 -0400] "GET /cbd-for-anxiety-uk-a-natural-remedy-for-anxiety/ HTTP/1.1" 200 14560 "http://saamigraphics.com/cbd-for-anxiety-uk-a-natural-remedy-for-anxiety/" "Mozilla/5.0 (Windows NT 10.0; Win64; x64) AppleWebKit/537.36 (KHTML, like Gecko) Chrome/131.0.0.0 Safari/537.36 Avast/131.0.0.0"
2a12:5a03:4395:7d10:6ba2:1d67:1d4a:6d2e - - [15/Apr/2025:21:50:41 -0400] "POST /wp-comments-post.php HTTP/1.1" 302 0 "http://saamigraphics.com/cbd-for-anxiety-uk-a-natural-remedy-for-anxiety/" "Mozilla/5.0 (Windows NT 10.0; Win64; x64) AppleWebKit/537.36 (KHTML, like Gecko) Chrome/131.0.0.0 Safari/537.36 Avast/131.0.0.0"
85.208.98.23 - - [15/Apr/2025:21:50:55 -0400] "GET /robots.txt HTTP/1.1" 200 128 "-" "Mozilla/5.0 (compatible; SemrushBot-BA; +http://www.semrush.com/bot.html)"
2a11:5782:3424:3284:d595:3278:daa4:ba96 - - [15/Apr/2025:21:51:32 -0400] "GET /gambling-lotto-can-be-harmful/ HTTP/1.1" 200 14674 "http://saamigraphics.com/gambling-lotto-can-be-harmful/" "Mozilla/5.0 (Windows NT 10.0; Win64; x64) AppleWebKit/537.36 (KHTML, like Gecko) Chrome/131.0.0.0 Safari/537.36 Avast/131.0.0.0"
2a12:8105:7cbb:6eb2:59f7:4e25:60b4:c8c3 - - [15/Apr/2025:21:51:34 -0400] "POST /wp-comments-post.php HTTP/1.1" 302 0 "http://saamigraphics.com/gambling-lotto-can-be-harmful/" "Mozilla/5.0 (Windows NT 10.0; Win64; x64) AppleWebKit/537.36 (KHTML, like Gecko) Chrome/131.0.0.0 Safari/537.36 Avast/131.0.0.0"
216.244.66.202 - - [15/Apr/2025:21:58:59 -0400] "GET /understanding-performance-surety-bonds/feed/ HTTP/1.1" 200 436 "-" "Mozilla/5.0 (compatible; DotBot/1.2; +https://opensiteexplorer.org/dotbot; help@moz.com)"
198.54.114.83 - - [15/Apr/2025:21:59:03 -0400] "POST /wp-cron.php?doing_wp_cron=1744768740.3848109245300292968750 HTTP/1.1" 200 0 "-" "WordPress/6.8; https://saamigraphics.com"
2a12:ccc0:e154:b428:d2df:5170:cb83:9a6 - - [15/Apr/2025:22:10:39 -0400] "GET /cbd-for-anxiety-uk-a-natural-remedy-for-anxiety/ HTTP/1.1" 200 14560 "http://saamigraphics.com/cbd-for-anxiety-uk-a-natural-remedy-for-anxiety/" "Mozilla/5.0 (Windows NT 10.0; Win64; x64) AppleWebKit/537.36 (KHTML, like Gecko) Chrome/130.0.0.0 Safari/537.36 CCleaner/130.0.0.0"
2a12:8103:118a:8c1c:81de:bcfe:494c:b40b - - [15/Apr/2025:22:10:39 -0400] "POST /wp-comments-post.php HTTP/1.1" 302 0 "http://saamigraphics.com/cbd-for-anxiety-uk-a-natural-remedy-for-anxiety/" "Mozilla/5.0 (Windows NT 10.0; Win64; x64) AppleWebKit/537.36 (KHTML, like Gecko) Chrome/130.0.0.0 Safari/537.36 CCleaner/130.0.0.0"
2a12:8104:2dba:b51d:79ad:97e9:d2e0:55f3 - - [15/Apr/2025:22:11:32 -0400] "GET /gambling-lotto-can-be-harmful/ HTTP/1.1" 200 14674 "http://saamigraphics.com/gambling-lotto-can-be-harmful/" "Mozilla/5.0 (Windows NT 10.0; Win64; x64) AppleWebKit/537.36 (KHTML, like Gecko) Chrome/130.0.0.0 Safari/537.36 CCleaner/130.0.0.0"
2a11:5786:3c39:4197:14b9:c3c9:31e5:9686 - - [15/Apr/2025:22:11:33 -0400] "POST /wp-comments-post.php HTTP/1.1" 302 0 "http://saamigraphics.com/gambling-lotto-can-be-harmful/" "Mozilla/5.0 (Windows NT 10.0; Win64; x64) AppleWebKit/537.36 (KHTML, like Gecko) Chrome/130.0.0.0 Safari/537.36 CCleaner/130.0.0.0"
216.131.105.249 - - [15/Apr/2025:22:23:59 -0400] "GET /cbd-for-anxiety-uk-a-natural-remedy-for-anxiety/ HTTP/1.1" 200 14560 "http://saamigraphics.com/cbd-for-anxiety-uk-a-natural-remedy-for-anxiety/" "Mozilla/5.0 (Windows NT 10.0; Win64; x64) AppleWebKit/537.36 (KHTML, like Gecko) Chrome/131.0.0.0 Safari/537.36"
216.131.105.249 - - [15/Apr/2025:22:24:03 -0400] "POST /wp-comments-post.php HTTP/1.1" 302 0 "http://saamigraphics.com/cbd-for-anxiety-uk-a-natural-remedy-for-anxiety/" "Mozilla/5.0 (Windows NT 10.0; Win64; x64) AppleWebKit/537.36 (KHTML, like Gecko) Chrome/131.0.0.0 Safari/537.36"
216.244.66.202 - - [15/Apr/2025:22:29:59 -0400] "GET /robots.txt HTTP/1.1" 304 0 "-" "Mozilla/5.0 (compatible; DotBot/1.2; +https://opensiteexplorer.org/dotbot; help@moz.com)"
2a12:d3c6:b05f:6c0:6fc1:1ea2:4311:a4b4 - - [15/Apr/2025:22:30:45 -0400] "GET /cbd-for-anxiety-uk-a-natural-remedy-for-anxiety/ HTTP/1.1" 200 14560 "http://saamigraphics.com/cbd-for-anxiety-uk-a-natural-remedy-for-anxiety/" "Mozilla/5.0 (Windows NT 10.0; Win64; x64) AppleWebKit/537.36 (KHTML, like Gecko) Chrome/131.0.0.0 Safari/537.36"
2a12:d3c6:b05f:6c0:6fc1:1ea2:4311:a4b4 - - [15/Apr/2025:22:30:47 -0400] "POST /wp-comments-post.php HTTP/1.1" 302 0 "http://saamigraphics.com/cbd-for-anxiety-uk-a-natural-remedy-for-anxiety/" "Mozilla/5.0 (Windows NT 10.0; Win64; x64) AppleWebKit/537.36 (KHTML, like Gecko) Chrome/131.0.0.0 Safari/537.36"
2a11:5783:98f2:6611:50bd:179c:ef6e:6ee4 - - [15/Apr/2025:22:31:51 -0400] "GET /gambling-lotto-can-be-harmful/ HTTP/1.1" 200 14674 "http://saamigraphics.com/gambling-lotto-can-be-harmful/" "Mozilla/5.0 (Windows NT 10.0; Win64; x64) AppleWebKit/537.36 (KHTML, like Gecko) Chrome/129.0.0.0 Safari/537.36"
2a12:8103:af15:477b:703a:36d8:78f4:9beb - - [15/Apr/2025:22:31:53 -0400] "POST /wp-comments-post.php HTTP/1.1" 302 0 "http://saamigraphics.com/gambling-lotto-can-be-harmful/" "Mozilla/5.0 (Windows NT 10.0; Win64; x64) AppleWebKit/537.36 (KHTML, like Gecko) Chrome/129.0.0.0 Safari/537.36"
216.244.66.202 - - [15/Apr/2025:22:35:22 -0400] "GET /isolation-de-qualite-a-geneve-choisissez-le-meilleur-service/ HTTP/1.1" 200 14136 "-" "Mozilla/5.0 (compatible; DotBot/1.2; +https://opensiteexplorer.org/dotbot; help@moz.com)"
198.54.114.83 - - [15/Apr/2025:22:42:00 -0400] "POST /wp-cron.php?doing_wp_cron=1744771319.8366739749908447265625 HTTP/1.1" 200 0 "-" "WordPress/6.8; https://saamigraphics.com"
216.244.66.202 - - [15/Apr/2025:22:41:58 -0400] "GET /page/56/ HTTP/1.1" 200 14389 "-" "Mozilla/5.0 (compatible; DotBot/1.2; +https://opensiteexplorer.org/dotbot; help@moz.com)"
2a11:5783:c003:54e8:f287:42f2:7238:225d - - [15/Apr/2025:22:50:31 -0400] "GET /cbd-for-anxiety-uk-a-natural-remedy-for-anxiety/ HTTP/1.1" 200 14560 "http://saamigraphics.com/cbd-for-anxiety-uk-a-natural-remedy-for-anxiety/" "Mozilla/5.0 (Windows NT 10.0; Win64; x64) AppleWebKit/537.36 (KHTML, like Gecko) Chrome/130.0.0.0 Safari/537.36"
2a12:8107:d291:7cbb:3d90:b406:a8d3:196 - - [15/Apr/2025:22:50:32 -0400] "POST /wp-comments-post.php HTTP/1.1" 302 0 "http://saamigraphics.com/cbd-for-anxiety-uk-a-natural-remedy-for-anxiety/" "Mozilla/5.0 (Windows NT 10.0; Win64; x64) AppleWebKit/537.36 (KHTML, like Gecko) Chrome/130.0.0.0 Safari/537.36"
2a12:e247:3893:5882:25e:5340:8659:7a1b - - [15/Apr/2025:22:51:33 -0400] "GET /gambling-lotto-can-be-harmful/ HTTP/1.1" 200 14674 "http://saamigraphics.com/gambling-lotto-can-be-harmful/" "Mozilla/5.0 (Windows NT 10.0; Win64; x64) AppleWebKit/537.36 (KHTML, like Gecko) Chrome/130.0.0.0 Safari/537.36 CCleaner/130.0.0.0"
2a12:8104:3a82:aed8:b03c:4c69:f963:d32b - - [15/Apr/2025:22:51:34 -0400] "POST /wp-comments-post.php HTTP/1.1" 302 0 "http://saamigraphics.com/gambling-lotto-can-be-harmful/" "Mozilla/5.0 (Windows NT 10.0; Win64; x64) AppleWebKit/537.36 (KHTML, like Gecko) Chrome/130.0.0.0 Safari/537.36 CCleaner/130.0.0.0"
2a11:5785:102b:53cb:1a5d:4c0e:7e0a:ef18 - - [15/Apr/2025:23:11:47 -0400] "GET /cbd-for-anxiety-uk-a-natural-remedy-for-anxiety/ HTTP/1.1" 200 14560 "http://saamigraphics.com/cbd-for-anxiety-uk-a-natural-remedy-for-anxiety/" "Mozilla/5.0 (Windows NT 10.0; Win64; x64) AppleWebKit/537.36 (KHTML, like Gecko) Chrome/130.0.0.0 Safari/537.36 CCleaner/130.0.0.0"
2a12:ccc1:e101:35c6:7a75:6790:43c:b108 - - [15/Apr/2025:23:11:49 -0400] "POST /wp-comments-post.php HTTP/1.1" 302 0 "http://saamigraphics.com/cbd-for-anxiety-uk-a-natural-remedy-for-anxiety/" "Mozilla/5.0 (Windows NT 10.0; Win64; x64) AppleWebKit/537.36 (KHTML, like Gecko) Chrome/130.0.0.0 Safari/537.36 CCleaner/130.0.0.0"
2a12:ccc3:e0c4:4e07:c7a8:e06d:2414:e0cd - - [15/Apr/2025:23:12:27 -0400] "GET /gambling-lotto-can-be-harmful/ HTTP/1.1" 200 14674 "http://saamigraphics.com/gambling-lotto-can-be-harmful/" "Mozilla/5.0 (Windows NT 10.0; Win64; x64) AppleWebKit/537.36 (KHTML, like Gecko) Chrome/131.0.0.0 Safari/537.36"
2a11:5782:3d5d:1589:d1b:7759:1d2a:180f - - [15/Apr/2025:23:12:28 -0400] "POST /wp-comments-post.php HTTP/1.1" 302 0 "http://saamigraphics.com/gambling-lotto-can-be-harmful/" "Mozilla/5.0 (Windows NT 10.0; Win64; x64) AppleWebKit/537.36 (KHTML, like Gecko) Chrome/131.0.0.0 Safari/537.36"
216.244.66.202 - - [15/Apr/2025:23:25:12 -0400] "GET /2024/07/page/2/ HTTP/1.1" 200 14624 "-" "Mozilla/5.0 (compatible; DotBot/1.2; +https://opensiteexplorer.org/dotbot; help@moz.com)"
216.244.66.202 - - [15/Apr/2025:23:27:26 -0400] "GET /unveiling-excellence-navigating-the-best-car-dealers-in-hamilton/ HTTP/1.1" 200 14401 "-" "Mozilla/5.0 (compatible; DotBot/1.2; +https://opensiteexplorer.org/dotbot; help@moz.com)"
2a12:8104:f3f7:f7e3:7768:228a:2336:d85c - - [15/Apr/2025:23:30:55 -0400] "GET /cbd-for-anxiety-uk-a-natural-remedy-for-anxiety/ HTTP/1.1" 200 14560 "http://saamigraphics.com/cbd-for-anxiety-uk-a-natural-remedy-for-anxiety/" "Mozilla/5.0 (Windows NT 10.0; Win64; x64) AppleWebKit/537.36 (KHTML, like Gecko) Chrome/129.0.0.0 Safari/537.36"
2a11:5782:cd20:2e9d:91d8:c884:6c7c:1620 - - [15/Apr/2025:23:30:56 -0400] "POST /wp-comments-post.php HTTP/1.1" 302 0 "http://saamigraphics.com/cbd-for-anxiety-uk-a-natural-remedy-for-anxiety/" "Mozilla/5.0 (Windows NT 10.0; Win64; x64) AppleWebKit/537.36 (KHTML, like Gecko) Chrome/129.0.0.0 Safari/537.36"
2a12:5a07:9d51:f003:15d4:e735:ea76:1fdd - - [15/Apr/2025:23:31:55 -0400] "GET /gambling-lotto-can-be-harmful/ HTTP/1.1" 200 14674 "http://saamigraphics.com/gambling-lotto-can-be-harmful/" "Mozilla/5.0 (Windows NT 10.0; Win64; x64) AppleWebKit/537.36 (KHTML, like Gecko) Chrome/130.0.0.0 Safari/537.36"
2a12:8104:4b6d:bca1:8dcf:4941:ba71:b52c - - [15/Apr/2025:23:31:56 -0400] "POST /wp-comments-post.php HTTP/1.1" 302 0 "http://saamigraphics.com/gambling-lotto-can-be-harmful/" "Mozilla/5.0 (Windows NT 10.0; Win64; x64) AppleWebKit/537.36 (KHTML, like Gecko) Chrome/130.0.0.0 Safari/537.36"
216.244.66.202 - - [16/Apr/2025:00:01:44 -0400] "GET /robots.txt HTTP/1.1" 200 128 "-" "Mozilla/5.0 (compatible; DotBot/1.2; +https://opensiteexplorer.org/dotbot; help@moz.com)"
107.151.214.5 - - [16/Apr/2025:00:06:41 -0400] "GET /wp-admin/css/ HTTP/1.1" 403 1242 "binance.com" "Mozilla/5.0 (Windows NT 10.0; Win64; x64) AppleWebKit/537.36 (KHTML, like Gecko) Chrome/90.0.4430.85 Safari/537.36"
216.244.66.202 - - [16/Apr/2025:00:09:29 -0400] "GET /if-youre-looking-to-explore-adult-gaming/ HTTP/1.1" 200 15231 "-" "Mozilla/5.0 (compatible; DotBot/1.2; +https://opensiteexplorer.org/dotbot; help@moz.com)"
43.134.12.237 - - [16/Apr/2025:00:30:24 -0400] "GET / HTTP/1.1" 200 14136 "https://google.com" "Mozilla/5.0 (Windows NT 10.0; Win64; x64) AppleWebKit/537.36 (KHTML, like Gecko) Chrome/110.0.0.0 Safari/537.36"
212.30.36.33 - - [16/Apr/2025:00:38:12 -0400] "GET /cbd-for-anxiety-uk-a-natural-remedy-for-anxiety/ HTTP/1.1" 200 14560 "http://saamigraphics.com/cbd-for-anxiety-uk-a-natural-remedy-for-anxiety/" "Mozilla/5.0 (Windows NT 10.0; Win64; x64) AppleWebKit/537.36 (KHTML, like Gecko) Chrome/129.0.0.0 Safari/537.36"
212.30.36.49 - - [16/Apr/2025:00:38:15 -0400] "POST /wp-comments-post.php HTTP/1.1" 302 0 "http://saamigraphics.com/cbd-for-anxiety-uk-a-natural-remedy-for-anxiety/" "Mozilla/5.0 (Windows NT 10.0; Win64; x64) AppleWebKit/537.36 (KHTML, like Gecko) Chrome/129.0.0.0 Safari/537.36"
216.244.66.202 - - [16/Apr/2025:01:48:19 -0400] "GET /robots.txt HTTP/1.1" 304 0 "-" "Mozilla/5.0 (compatible; DotBot/1.2; +https://opensiteexplorer.org/dotbot; help@moz.com)"
94.46.220.6 - - [16/Apr/2025:01:53:59 -0400] "GET /cbd-for-anxiety-uk-a-natural-remedy-for-anxiety/ HTTP/1.1" 200 14560 "http://saamigraphics.com/cbd-for-anxiety-uk-a-natural-remedy-for-anxiety/" "Mozilla/5.0 (Windows NT 10.0; Win64; x64) AppleWebKit/537.36 (KHTML, like Gecko) Chrome/130.0.0.0 Safari/537.36"
94.46.220.6 - - [16/Apr/2025:01:54:02 -0400] "POST /wp-comments-post.php HTTP/1.1" 302 0 "http://saamigraphics.com/cbd-for-anxiety-uk-a-natural-remedy-for-anxiety/" "Mozilla/5.0 (Windows NT 10.0; Win64; x64) AppleWebKit/537.36 (KHTML, like Gecko) Chrome/130.0.0.0 Safari/537.36"
216.244.66.202 - - [16/Apr/2025:01:54:10 -0400] "GET /making-a-lasting-impression/ HTTP/1.1" 200 14186 "-" "Mozilla/5.0 (compatible; DotBot/1.2; +https://opensiteexplorer.org/dotbot; help@moz.com)"
216.244.66.202 - - [16/Apr/2025:01:54:27 -0400] "GET /solar-energy-solutions-for-homes-and-businesses/ HTTP/1.1" 200 13838 "-" "Mozilla/5.0 (compatible; DotBot/1.2; +https://opensiteexplorer.org/dotbot; help@moz.com)"
216.244.66.202 - - [16/Apr/2025:01:54:59 -0400] "GET /the-power-of-nfc-business-cards/ HTTP/1.1" 200 14320 "-" "Mozilla/5.0 (compatible; DotBot/1.2; +https://opensiteexplorer.org/dotbot; help@moz.com)"
45.148.10.235 - - [16/Apr/2025:02:02:59 -0400] "GET /lzdmod/site-nav-pc/5.2.38/pc/index.js HTTP/1.1" 404 10076 "-" "Mozilla/5.0 (Macintosh; Intel Mac OS X 10_15_7) AppleWebKit/537.36 Chrome/120.0.0.0"
120.71.59.24 - - [16/Apr/2025:02:08:49 -0400] "GET / HTTP/1.1" 301 0 "-" "Mozilla/5.0 (iPhone; CPU iPhone OS 13_2_3 like Mac OS X) AppleWebKit/605.1.15 (KHTML, like Gecko) Version/13.0.3 Mobile/15E148 Safari/604.1"
120.71.59.24 - - [16/Apr/2025:02:08:54 -0400] "GET / HTTP/1.1" 200 14136 "http://www.saamigraphics.com" "Mozilla/5.0 (iPhone; CPU iPhone OS 13_2_3 like Mac OS X) AppleWebKit/605.1.15 (KHTML, like Gecko) Version/13.0.3 Mobile/15E148 Safari/604.1"
216.244.66.202 - - [16/Apr/2025:02:34:57 -0400] "GET /robots.txt HTTP/1.1" 200 128 "-" "Mozilla/5.0 (compatible; DotBot/1.2; +https://opensiteexplorer.org/dotbot; help@moz.com)"
40.69.95.200 - - [16/Apr/2025:02:36:35 -0400] "GET /index.php HTTP/1.1" 301 0 "-" "-"
40.69.95.200 - - [16/Apr/2025:02:36:38 -0400] "GET / HTTP/1.1" 200 14136 "-" "-"
40.69.95.200 - - [16/Apr/2025:02:36:42 -0400] "GET /cgi-bin/xmrlpc.php HTTP/1.1" 404 10074 "-" "-"
40.69.95.200 - - [16/Apr/2025:02:36:46 -0400] "GET /404.php HTTP/1.1" 404 10075 "-" "-"
40.69.95.200 - - [16/Apr/2025:02:36:49 -0400] "GET /wp-configs.php HTTP/1.1" 404 10075 "-" "-"
40.69.95.200 - - [16/Apr/2025:02:36:53 -0400] "GET /simple.php HTTP/1.1" 404 10074 "-" "-"
40.69.95.200 - - [16/Apr/2025:02:36:57 -0400] "GET /themes.php HTTP/1.1" 404 10075 "-" "-"
40.69.95.200 - - [16/Apr/2025:02:37:00 -0400] "GET /ini.php HTTP/1.1" 404 10073 "-" "-"
40.69.95.200 - - [16/Apr/2025:02:37:04 -0400] "GET /autoload_classmap.php HTTP/1.1" 404 10073 "-" "-"
40.69.95.200 - - [16/Apr/2025:02:37:07 -0400] "GET /as.php HTTP/1.1" 404 10074 "-" "-"
40.69.95.200 - - [16/Apr/2025:02:37:10 -0400] "GET /admin/upload/css.php HTTP/1.1" 404 10071 "-" "-"
40.69.95.200 - - [16/Apr/2025:02:37:13 -0400] "GET /.well-known/pki-validation/afnew.php HTTP/1.1" 404 1251 "-" "-"
40.69.95.200 - - [16/Apr/2025:02:37:15 -0400] "GET /lufix.php HTTP/1.1" 404 10072 "-" "-"
40.69.95.200 - - [16/Apr/2025:02:37:18 -0400] "GET /media.php HTTP/1.1" 404 10073 "-" "-"
40.69.95.200 - - [16/Apr/2025:02:37:21 -0400] "GET /simple.php HTTP/1.1" 404 10074 "-" "-"
40.69.95.200 - - [16/Apr/2025:02:37:23 -0400] "GET /contact.php HTTP/1.1" 404 10074 "-" "-"
40.69.95.200 - - [16/Apr/2025:02:37:27 -0400] "GET /byp.php HTTP/1.1" 404 10074 "-" "-"
40.69.95.200 - - [16/Apr/2025:02:37:30 -0400] "GET /upload.php HTTP/1.1" 404 10073 "-" "-"
40.69.95.200 - - [16/Apr/2025:02:37:35 -0400] "GET /wp-content/themes/sketch/404.php HTTP/1.1" 404 10072 "-" "-"
40.69.95.200 - - [16/Apr/2025:02:37:39 -0400] "GET /test.php HTTP/1.1" 404 10073 "-" "-"
40.69.95.200 - - [16/Apr/2025:02:37:44 -0400] "GET /cong.php HTTP/1.1" 404 10073 "-" "-"
40.69.95.200 - - [16/Apr/2025:02:37:48 -0400] "GET /about/function.php HTTP/1.1" 404 10074 "-" "-"
40.69.95.200 - - [16/Apr/2025:02:37:52 -0400] "GET /filemanager/dialog.php HTTP/1.1" 404 10074 "-" "-"
198.54.114.83 - - [16/Apr/2025:02:37:55 -0400] "POST /wp-cron.php?doing_wp_cron=1744785473.3927888870239257812500 HTTP/1.1" 200 0 "-" "WordPress/6.8; https://saamigraphics.com"
40.69.95.200 - - [16/Apr/2025:02:37:58 -0400] "GET /bak.php HTTP/1.1" 404 10074 "-" "-"
40.69.95.200 - - [16/Apr/2025:02:38:03 -0400] "GET /wp-info.php HTTP/1.1" 404 10075 "-" "-"
40.69.95.200 - - [16/Apr/2025:02:38:07 -0400] "GET /files/index.php HTTP/1.1" 301 0 "-" "-"
40.69.95.200 - - [16/Apr/2025:02:38:10 -0400] "GET /files/ HTTP/1.1" 404 10075 "-" "-"
40.69.95.200 - - [16/Apr/2025:02:38:13 -0400] "GET /css.php HTTP/1.1" 404 10074 "-" "-"
40.69.95.200 - - [16/Apr/2025:02:38:16 -0400] "GET /css/index.php HTTP/1.1" 301 0 "-" "-"
40.69.95.200 - - [16/Apr/2025:02:38:21 -0400] "GET /css/ HTTP/1.1" 404 10074 "-" "-"
40.69.95.200 - - [16/Apr/2025:02:38:26 -0400] "GET /wp-includes/bak.php HTTP/1.1" 404 10075 "-" "-"
40.69.95.200 - - [16/Apr/2025:02:38:28 -0400] "GET /alfa-rex.php7 HTTP/1.1" 404 10075 "-" "-"
40.69.95.200 - - [16/Apr/2025:02:38:32 -0400] "GET /wp-admin/wp-login.php HTTP/1.1" 404 10074 "-" "-"
40.69.95.200 - - [16/Apr/2025:02:38:35 -0400] "GET /wp-includes/cloud.php HTTP/1.1" 404 10074 "-" "-"
40.69.95.200 - - [16/Apr/2025:02:38:39 -0400] "GET /wp-content/index.php HTTP/1.1" 200 0 "-" "-"
40.69.95.200 - - [16/Apr/2025:02:38:41 -0400] "GET /readme.php HTTP/1.1" 404 10074 "-" "-"
40.69.95.200 - - [16/Apr/2025:02:38:46 -0400] "GET /wp-admin/about.php HTTP/1.1" 302 0 "-" "-"
40.69.95.200 - - [16/Apr/2025:02:38:56 -0400] "GET /wp-content/themes/404.php HTTP/1.1" 404 10074 "-" "-"
40.69.95.200 - - [16/Apr/2025:02:39:00 -0400] "GET /wp-admin/index.php HTTP/1.1" 302 0 "-" "-"
40.69.95.200 - - [16/Apr/2025:02:39:07 -0400] "GET /wp-content/themes.php HTTP/1.1" 404 10075 "-" "-"
40.69.95.200 - - [16/Apr/2025:02:39:12 -0400] "GET /wp-content/dropdown.php HTTP/1.1" 404 10075 "-" "-"
40.69.95.200 - - [16/Apr/2025:02:39:16 -0400] "GET /wp-includes/404.php HTTP/1.1" 404 10075 "-" "-"
40.69.95.200 - - [16/Apr/2025:02:39:20 -0400] "GET /wp-content/upgrade/index.php HTTP/1.1" 301 0 "-" "-"
40.69.95.200 - - [16/Apr/2025:02:39:23 -0400] "GET /wp-content/upgrade/ HTTP/1.1" 403 1242 "-" "-"
40.69.95.200 - - [16/Apr/2025:02:39:26 -0400] "GET /cgi-bin/file.php HTTP/1.1" 404 10075 "-" "-"
40.69.95.200 - - [16/Apr/2025:02:39:30 -0400] "GET /.well-known/index.php HTTP/1.1" 301 0 "-" "-"
40.69.95.200 - - [16/Apr/2025:02:39:33 -0400] "GET /.well-known/ HTTP/1.1" 404 10075 "-" "-"
40.69.95.200 - - [16/Apr/2025:02:39:41 -0400] "GET /wp-content/cloud.php HTTP/1.1" 404 10074 "-" "-"
198.54.114.83 - - [16/Apr/2025:02:39:46 -0400] "POST /wp-cron.php?doing_wp_cron=1744785582.1716310977935791015625 HTTP/1.1" 200 0 "-" "WordPress/6.8; https://saamigraphics.com"
40.69.95.200 - - [16/Apr/2025:02:39:47 -0400] "GET /.well-known/acme-challenge/index.php HTTP/1.1" 301 0 "-" "-"
40.69.95.200 - - [16/Apr/2025:02:39:52 -0400] "GET /.well-known/acme-challenge/ HTTP/1.1" 404 10075 "-" "-"
40.69.95.200 - - [16/Apr/2025:02:40:07 -0400] "GET /cgi-bin/404.php HTTP/1.1" 404 10075 "-" "-"
40.69.95.200 - - [16/Apr/2025:02:40:15 -0400] "GET /wp-includes/function.php HTTP/1.1" 404 10074 "-" "-"
216.244.66.202 - - [16/Apr/2025:02:40:15 -0400] "GET /protegez-votre-investissement/ HTTP/1.1" 200 13989 "-" "Mozilla/5.0 (compatible; DotBot/1.2; +https://opensiteexplorer.org/dotbot; help@moz.com)"
40.69.95.200 - - [16/Apr/2025:02:40:24 -0400] "GET /file.php HTTP/1.1" 404 10074 "-" "-"
40.69.95.200 - - [16/Apr/2025:02:40:32 -0400] "GET /.well-known/acme-challenge/autoload_classmap.php HTTP/1.1" 404 10073 "-" "-"
40.69.95.200 - - [16/Apr/2025:02:40:42 -0400] "GET /wp-includes/themes.php HTTP/1.1" 404 10074 "-" "-"
198.54.114.83 - - [16/Apr/2025:02:40:52 -0400] "POST /wp-cron.php?doing_wp_cron=1744785644.2757511138916015625000 HTTP/1.1" 200 0 "-" "WordPress/6.8; https://saamigraphics.com"
40.69.95.200 - - [16/Apr/2025:02:40:53 -0400] "GET /wp-includes/wp-login.php HTTP/1.1" 404 10075 "-" "-"
40.69.95.200 - - [16/Apr/2025:02:41:04 -0400] "GET /wp-content/file.php HTTP/1.1" 404 10075 "-" "-"
40.69.95.200 - - [16/Apr/2025:02:41:12 -0400] "GET /wp-trackback.php HTTP/1.1" 404 130 "-" "-"
40.69.95.200 - - [16/Apr/2025:02:41:23 -0400] "GET /wp-includes/SimplePie/wp-login.php HTTP/1.1" 404 10073 "-" "-"
40.69.95.200 - - [16/Apr/2025:02:41:32 -0400] "GET /cgi-bin/index.php HTTP/1.1" 500 105 "-" "-"
40.69.95.200 - - [16/Apr/2025:02:41:39 -0400] "GET /wp-admin/themes.php HTTP/1.1" 302 0 "-" "-"
198.54.114.83 - - [16/Apr/2025:02:41:59 -0400] "POST /wp-cron.php?doing_wp_cron=1744785704.5727488994598388671875 HTTP/1.1" 200 0 "-" "WordPress/6.8; https://saamigraphics.com"
85.208.98.23 - - [16/Apr/2025:02:44:48 -0400] "GET /robots.txt HTTP/1.1" 304 0 "-" "Mozilla/5.0 (compatible; SemrushBot-BA; +http://www.semrush.com/bot.html)"
216.244.66.202 - - [16/Apr/2025:02:47:46 -0400] "GET /page/11/ HTTP/1.1" 200 14252 "-" "Mozilla/5.0 (compatible; DotBot/1.2; +https://opensiteexplorer.org/dotbot; help@moz.com)"
40.123.38.81 - - [16/Apr/2025:02:48:49 -0400] "GET /autoload_classmap.php HTTP/1.1" 301 0 "-" "-"
40.123.38.81 - - [16/Apr/2025:02:48:55 -0400] "GET /autoload_classmap.php HTTP/1.1" 404 10073 "-" "-"
40.123.38.81 - - [16/Apr/2025:02:48:58 -0400] "GET /post.php HTTP/1.1" 301 0 "-" "-"
40.123.38.81 - - [16/Apr/2025:02:49:03 -0400] "GET /post.php HTTP/1.1" 404 10075 "-" "-"
40.123.38.81 - - [16/Apr/2025:02:49:08 -0400] "GET /1.php HTTP/1.1" 301 0 "-" "-"
40.123.38.81 - - [16/Apr/2025:02:49:12 -0400] "GET /1.php HTTP/1.1" 404 10075 "-" "-"
40.123.38.81 - - [16/Apr/2025:02:49:15 -0400] "GET /flower.php HTTP/1.1" 301 0 "-" "-"
40.123.38.81 - - [16/Apr/2025:02:49:24 -0400] "GET /flower.php HTTP/1.1" 404 10075 "-" "-"
40.123.38.81 - - [16/Apr/2025:02:49:33 -0400] "GET /admin.php HTTP/1.1" 301 0 "-" "-"
40.123.38.81 - - [16/Apr/2025:02:49:39 -0400] "GET /admin.php HTTP/1.1" 404 10075 "-" "-"
40.123.38.81 - - [16/Apr/2025:02:49:43 -0400] "GET /file.php HTTP/1.1" 301 0 "-" "-"
40.123.38.81 - - [16/Apr/2025:02:49:46 -0400] "GET /file.php HTTP/1.1" 404 10074 "-" "-"
40.123.38.81 - - [16/Apr/2025:02:49:48 -0400] "GET /meta.php HTTP/1.1" 301 0 "-" "-"
40.123.38.81 - - [16/Apr/2025:02:49:51 -0400] "GET /meta.php HTTP/1.1" 404 10075 "-" "-"
40.123.38.81 - - [16/Apr/2025:02:49:53 -0400] "GET /index.php HTTP/1.1" 301 0 "-" "-"
40.123.38.81 - - [16/Apr/2025:02:49:55 -0400] "GET / HTTP/1.1" 200 14136 "-" "-"
40.123.38.81 - - [16/Apr/2025:02:49:56 -0400] "GET /about.php HTTP/1.1" 301 0 "-" "-"
40.123.38.81 - - [16/Apr/2025:02:49:58 -0400] "GET /about.php HTTP/1.1" 404 10075 "-" "-"
40.123.38.81 - - [16/Apr/2025:02:50:01 -0400] "GET /randkeyword.php HTTP/1.1" 301 0 "-" "-"
40.123.38.81 - - [16/Apr/2025:02:50:04 -0400] "GET /randkeyword.php HTTP/1.1" 404 10075 "-" "-"
40.123.38.81 - - [16/Apr/2025:02:50:09 -0400] "GET /goods.php HTTP/1.1" 301 0 "-" "-"
40.123.38.81 - - [16/Apr/2025:02:50:12 -0400] "GET /goods.php HTTP/1.1" 404 10074 "-" "-"
40.123.38.81 - - [16/Apr/2025:02:50:15 -0400] "GET /hehe.php HTTP/1.1" 301 0 "-" "-"
40.123.38.81 - - [16/Apr/2025:02:50:17 -0400] "GET /hehe.php HTTP/1.1" 404 10075 "-" "-"
40.123.38.81 - - [16/Apr/2025:02:50:20 -0400] "GET /yindu.php HTTP/1.1" 301 0 "-" "-"
40.123.38.81 - - [16/Apr/2025:02:50:24 -0400] "GET /yindu.php HTTP/1.1" 404 10074 "-" "-"
40.123.38.81 - - [16/Apr/2025:02:50:25 -0400] "GET /wp-admin/class-db.php HTTP/1.1" 301 0 "-" "-"
40.123.38.81 - - [16/Apr/2025:02:50:29 -0400] "GET /wp-admin/class-db.php HTTP/1.1" 404 10075 "-" "-"
40.123.38.81 - - [16/Apr/2025:02:50:34 -0400] "GET /baxa1.phP8 HTTP/1.1" 301 0 "-" "-"
40.123.38.81 - - [16/Apr/2025:02:50:38 -0400] "GET /baxa1.phP8 HTTP/1.1" 404 10075 "-" "-"
40.123.38.81 - - [16/Apr/2025:02:50:40 -0400] "GET /baxa1.php HTTP/1.1" 301 0 "-" "-"
40.123.38.81 - - [16/Apr/2025:02:50:42 -0400] "GET /baxa1.php HTTP/1.1" 404 10074 "-" "-"
40.123.38.81 - - [16/Apr/2025:02:50:45 -0400] "GET /.well-known//index.php HTTP/1.1" 301 0 "-" "-"
40.123.38.81 - - [16/Apr/2025:02:50:47 -0400] "GET /.well-known/ HTTP/1.1" 404 10075 "-" "-"
40.123.38.81 - - [16/Apr/2025:02:50:48 -0400] "GET /libraries/phpmailer//index.php HTTP/1.1" 301 0 "-" "-"
40.123.38.81 - - [16/Apr/2025:02:50:51 -0400] "GET /libraries/phpmailer/ HTTP/1.1" 404 10075 "-" "-"
198.54.114.83 - - [16/Apr/2025:02:50:54 -0400] "POST /wp-cron.php?doing_wp_cron=1744786254.4458529949188232421875 HTTP/1.1" 200 0 "-" "WordPress/6.8; https://saamigraphics.com"
40.123.38.81 - - [16/Apr/2025:02:50:53 -0400] "GET /wp-admin/autoload_classmap.php HTTP/1.1" 301 0 "-" "-"
40.123.38.81 - - [16/Apr/2025:02:50:56 -0400] "GET /wp-admin/autoload_classmap.php HTTP/1.1" 404 10075 "-" "-"
40.123.38.81 - - [16/Apr/2025:02:50:58 -0400] "GET /wp-admin/css/colors/blue//1.php HTTP/1.1" 301 0 "-" "-"
40.123.38.81 - - [16/Apr/2025:02:51:00 -0400] "GET /wp-admin/css/colors/blue/1.php HTTP/1.1" 404 10073 "-" "-"
40.123.38.81 - - [16/Apr/2025:02:51:02 -0400] "GET /wp-content/plugins//about.php HTTP/1.1" 301 0 "-" "-"
40.123.38.81 - - [16/Apr/2025:02:51:05 -0400] "GET /wp-content/plugins/about.php HTTP/1.1" 404 10074 "-" "-"
40.123.38.81 - - [16/Apr/2025:02:51:06 -0400] "GET /wp-content/plugins//index.php HTTP/1.1" 200 0 "-" "-"
40.123.38.81 - - [16/Apr/2025:02:51:07 -0400] "GET /wp-content/plugins/about.php HTTP/1.1" 301 0 "-" "-"
40.123.38.81 - - [16/Apr/2025:02:51:09 -0400] "GET /wp-content/plugins/about.php HTTP/1.1" 404 10074 "-" "-"
40.123.38.81 - - [16/Apr/2025:02:51:11 -0400] "GET /wp-content/uploads/BbUMY/flower.php HTTP/1.1" 301 0 "-" "-"
40.123.38.81 - - [16/Apr/2025:02:51:13 -0400] "GET /wp-content/uploads/BbUMY/flower.php HTTP/1.1" 404 10073 "-" "-"
40.123.38.81 - - [16/Apr/2025:02:51:16 -0400] "GET /wp-includes/ID3//file.php HTTP/1.1" 301 0 "-" "-"
40.123.38.81 - - [16/Apr/2025:02:51:20 -0400] "GET /wp-includes/ID3/file.php HTTP/1.1" 404 10073 "-" "-"
40.123.38.81 - - [16/Apr/2025:02:51:23 -0400] "GET /wp-includes/Text/Diff/Engine//about.php HTTP/1.1" 301 0 "-" "-"
40.123.38.81 - - [16/Apr/2025:02:51:27 -0400] "GET /wp-includes/Text/Diff/Engine/about.php HTTP/1.1" 404 10074 "-" "-"
40.123.38.81 - - [16/Apr/2025:02:51:29 -0400] "GET /wp-includes/Text/Diff/Engine//index.php HTTP/1.1" 301 0 "-" "-"
40.123.38.81 - - [16/Apr/2025:02:51:32 -0400] "GET /wp-includes/Text/Diff/Engine/ HTTP/1.1" 403 1242 "-" "-"
40.123.38.81 - - [16/Apr/2025:02:51:34 -0400] "GET /wp-includes/css//index.php HTTP/1.1" 301 0 "-" "-"
40.123.38.81 - - [16/Apr/2025:02:51:37 -0400] "GET /wp-includes/css/ HTTP/1.1" 403 1242 "-" "-"
198.54.114.83 - - [16/Apr/2025:02:51:40 -0400] "POST /wp-cron.php?doing_wp_cron=1744786299.6395659446716308593750 HTTP/1.1" 200 0 "-" "WordPress/6.8; https://saamigraphics.com"
40.123.38.81 - - [16/Apr/2025:02:51:38 -0400] "GET /wp-includes/css//xc.php HTTP/1.1" 301 0 "-" "-"
40.123.38.81 - - [16/Apr/2025:02:51:43 -0400] "GET /wp-includes/css/xc.php HTTP/1.1" 404 10073 "-" "-"
40.123.38.81 - - [16/Apr/2025:02:51:46 -0400] "GET /wp-includes/images//about.php HTTP/1.1" 301 0 "-" "-"
40.123.38.81 - - [16/Apr/2025:02:51:49 -0400] "GET /wp-includes/images/about.php HTTP/1.1" 404 10072 "-" "-"
40.123.38.81 - - [16/Apr/2025:02:51:52 -0400] "GET /wp-includes/images/crystal//index.php HTTP/1.1" 301 0 "-" "-"
40.123.38.81 - - [16/Apr/2025:02:51:54 -0400] "GET /wp-includes/images/crystal/ HTTP/1.1" 403 1242 "-" "-"
40.123.38.81 - - [16/Apr/2025:02:51:55 -0400] "GET /wp//index.php HTTP/1.1" 301 0 "-" "-"
40.123.38.81 - - [16/Apr/2025:02:51:57 -0400] "GET /wp/ HTTP/1.1" 404 10076 "-" "-"
