40.123.38.81 - - [16/Apr/2025:02:52:00 -0400] "GET /user.php HTTP/1.1" 301 0 "-" "-"
40.123.38.81 - - [16/Apr/2025:02:52:02 -0400] "GET /user.php HTTP/1.1" 404 10074 "-" "-"
40.123.38.81 - - [16/Apr/2025:02:52:05 -0400] "GET /wp-2019.php HTTP/1.1" 301 0 "-" "-"
40.123.38.81 - - [16/Apr/2025:02:52:07 -0400] "GET /wp-2019.php HTTP/1.1" 404 10075 "-" "-"
40.123.38.81 - - [16/Apr/2025:02:52:09 -0400] "GET /chosen.php HTTP/1.1" 301 0 "-" "-"
40.123.38.81 - - [16/Apr/2025:02:52:11 -0400] "GET /chosen.php HTTP/1.1" 404 10075 "-" "-"
40.123.38.81 - - [16/Apr/2025:02:52:12 -0400] "GET /functions.php HTTP/1.1" 301 0 "-" "-"
40.123.38.81 - - [16/Apr/2025:02:52:13 -0400] "GET /functions.php HTTP/1.1" 404 10074 "-" "-"
40.123.38.81 - - [16/Apr/2025:02:52:16 -0400] "GET /cron.php HTTP/1.1" 301 0 "-" "-"
40.123.38.81 - - [16/Apr/2025:02:52:18 -0400] "GET /cron.php HTTP/1.1" 404 10075 "-" "-"
40.123.38.81 - - [16/Apr/2025:02:52:21 -0400] "GET /edit.php HTTP/1.1" 301 0 "-" "-"
40.123.38.81 - - [16/Apr/2025:02:52:23 -0400] "GET /edit.php HTTP/1.1" 404 10074 "-" "-"
40.123.38.81 - - [16/Apr/2025:02:52:26 -0400] "GET /gecko-new.php HTTP/1.1" 301 0 "-" "-"
40.123.38.81 - - [16/Apr/2025:02:52:28 -0400] "GET /gecko-new.php HTTP/1.1" 404 10075 "-" "-"
40.123.38.81 - - [16/Apr/2025:02:52:30 -0400] "GET /cookie.php HTTP/1.1" 301 0 "-" "-"
40.123.38.81 - - [16/Apr/2025:02:52:32 -0400] "GET /cookie.php HTTP/1.1" 404 10074 "-" "-"
40.123.38.81 - - [16/Apr/2025:02:52:36 -0400] "GET /xleet.php HTTP/1.1" 301 0 "-" "-"
40.123.38.81 - - [16/Apr/2025:02:52:40 -0400] "GET /xleet.php HTTP/1.1" 404 10075 "-" "-"
40.123.38.81 - - [16/Apr/2025:02:52:44 -0400] "GET /spip.php HTTP/1.1" 301 0 "-" "-"
40.123.38.81 - - [16/Apr/2025:02:52:47 -0400] "GET /spip.php HTTP/1.1" 404 10075 "-" "-"
40.123.38.81 - - [16/Apr/2025:02:52:50 -0400] "GET /22.php HTTP/1.1" 301 0 "-" "-"
198.54.114.83 - - [16/Apr/2025:02:52:54 -0400] "POST /wp-cron.php?doing_wp_cron=1744786373.4076030254364013671875 HTTP/1.1" 200 0 "-" "WordPress/6.8; https://saamigraphics.com"
40.123.38.81 - - [16/Apr/2025:02:52:52 -0400] "GET /22.php HTTP/1.1" 404 10075 "-" "-"
40.123.38.81 - - [16/Apr/2025:02:52:55 -0400] "GET /room.php HTTP/1.1" 301 0 "-" "-"
40.123.38.81 - - [16/Apr/2025:02:52:57 -0400] "GET /room.php HTTP/1.1" 404 10076 "-" "-"
40.123.38.81 - - [16/Apr/2025:02:53:00 -0400] "GET /disagreed.php HTTP/1.1" 301 0 "-" "-"
40.123.38.81 - - [16/Apr/2025:02:53:02 -0400] "GET /disagreed.php HTTP/1.1" 404 10075 "-" "-"
40.123.38.81 - - [16/Apr/2025:02:53:05 -0400] "GET /text.php HTTP/1.1" 301 0 "-" "-"
43.159.128.247 - - [16/Apr/2025:02:53:07 -0400] "GET / HTTP/1.1" 301 0 "-" "Mozilla/5.0 (iPhone; CPU iPhone OS 13_2_3 like Mac OS X) AppleWebKit/605.1.15 (KHTML, like Gecko) Version/13.0.3 Mobile/15E148 Safari/604.1"
43.159.128.247 - - [16/Apr/2025:02:53:09 -0400] "GET / HTTP/1.1" 200 14136 "http://www.saamigraphics.com" "Mozilla/5.0 (iPhone; CPU iPhone OS 13_2_3 like Mac OS X) AppleWebKit/605.1.15 (KHTML, like Gecko) Version/13.0.3 Mobile/15E148 Safari/604.1"
40.123.38.81 - - [16/Apr/2025:02:53:08 -0400] "GET /text.php HTTP/1.1" 404 10075 "-" "-"
40.123.38.81 - - [16/Apr/2025:02:53:10 -0400] "GET /alfa-rex.php HTTP/1.1" 301 0 "-" "-"
40.123.38.81 - - [16/Apr/2025:02:53:12 -0400] "GET /alfa-rex.php HTTP/1.1" 404 10075 "-" "-"
40.123.38.81 - - [16/Apr/2025:02:53:16 -0400] "GET /alfa-rex.php7 HTTP/1.1" 301 0 "-" "-"
40.123.38.81 - - [16/Apr/2025:02:53:20 -0400] "GET /alfa-rex.php7 HTTP/1.1" 404 10075 "-" "-"
40.123.38.81 - - [16/Apr/2025:02:53:22 -0400] "GET /feeds.php HTTP/1.1" 301 0 "-" "-"
40.123.38.81 - - [16/Apr/2025:02:53:25 -0400] "GET /feeds.php HTTP/1.1" 404 10075 "-" "-"
40.123.38.81 - - [16/Apr/2025:02:53:28 -0400] "GET /radio.php HTTP/1.1" 301 0 "-" "-"
40.123.38.81 - - [16/Apr/2025:02:53:32 -0400] "GET /radio.php HTTP/1.1" 404 10074 "-" "-"
40.123.38.81 - - [16/Apr/2025:02:53:37 -0400] "GET /dropdown.php HTTP/1.1" 301 0 "-" "-"
40.123.38.81 - - [16/Apr/2025:02:53:40 -0400] "GET /dropdown.php HTTP/1.1" 404 10075 "-" "-"
40.123.38.81 - - [16/Apr/2025:02:53:44 -0400] "GET /defaults.php HTTP/1.1" 301 0 "-" "-"
40.123.38.81 - - [16/Apr/2025:02:53:48 -0400] "GET /defaults.php HTTP/1.1" 404 10075 "-" "-"
40.123.38.81 - - [16/Apr/2025:02:53:52 -0400] "GET /system.php HTTP/1.1" 301 0 "-" "-"
40.123.38.81 - - [16/Apr/2025:02:53:56 -0400] "GET /system.php HTTP/1.1" 404 10076 "-" "-"
40.123.38.81 - - [16/Apr/2025:02:53:59 -0400] "GET /xmlrpc.php HTTP/1.1" 405 60 "-" "-"
40.123.38.81 - - [16/Apr/2025:02:54:02 -0400] "GET /xmlrpc.php0 HTTP/1.1" 301 0 "-" "-"
40.123.38.81 - - [16/Apr/2025:02:54:07 -0400] "GET /xmlrpc.php0 HTTP/1.1" 404 10075 "-" "-"
40.123.38.81 - - [16/Apr/2025:02:54:11 -0400] "GET /colors.php HTTP/1.1" 301 0 "-" "-"
40.123.38.81 - - [16/Apr/2025:02:54:15 -0400] "GET /colors.php HTTP/1.1" 404 10074 "-" "-"
40.123.38.81 - - [16/Apr/2025:02:54:18 -0400] "GET /updates.php HTTP/1.1" 301 0 "-" "-"
40.123.38.81 - - [16/Apr/2025:02:54:21 -0400] "GET /updates.php HTTP/1.1" 404 10074 "-" "-"
40.123.38.81 - - [16/Apr/2025:02:54:25 -0400] "GET /alfa-rex1.php HTTP/1.1" 301 0 "-" "-"
40.123.38.81 - - [16/Apr/2025:02:54:28 -0400] "GET /alfa-rex1.php HTTP/1.1" 404 10075 "-" "-"
40.123.38.81 - - [16/Apr/2025:02:54:32 -0400] "GET /wp-index.php HTTP/1.1" 301 0 "-" "-"
40.123.38.81 - - [16/Apr/2025:02:54:34 -0400] "GET /wp-index.php HTTP/1.1" 404 10074 "-" "-"
40.123.38.81 - - [16/Apr/2025:02:54:38 -0400] "GET /wp-admin.php HTTP/1.1" 301 0 "-" "-"
40.123.38.81 - - [16/Apr/2025:02:54:40 -0400] "GET /wp-admin.php HTTP/1.1" 404 10075 "-" "-"
198.54.114.83 - - [16/Apr/2025:02:54:43 -0400] "POST /wp-cron.php?doing_wp_cron=1744786481.7398440837860107421875 HTTP/1.1" 200 0 "-" "WordPress/6.8; https://saamigraphics.com"
40.123.38.81 - - [16/Apr/2025:02:54:44 -0400] "GET /alfa.php HTTP/1.1" 301 0 "-" "-"
40.123.38.81 - - [16/Apr/2025:02:54:48 -0400] "GET /alfa.php HTTP/1.1" 404 10075 "-" "-"
40.123.38.81 - - [16/Apr/2025:02:54:53 -0400] "GET /alfanew.php7 HTTP/1.1" 301 0 "-" "-"
40.123.38.81 - - [16/Apr/2025:02:54:57 -0400] "GET /alfanew.php7 HTTP/1.1" 404 10075 "-" "-"
40.123.38.81 - - [16/Apr/2025:02:55:01 -0400] "GET /locale.php HTTP/1.1" 301 0 "-" "-"
40.123.38.81 - - [16/Apr/2025:02:55:07 -0400] "GET /locale.php HTTP/1.1" 404 10076 "-" "-"
40.123.38.81 - - [16/Apr/2025:02:55:11 -0400] "GET /wxo.php HTTP/1.1" 301 0 "-" "-"
40.123.38.81 - - [16/Apr/2025:02:55:14 -0400] "GET /wxo.php HTTP/1.1" 404 10075 "-" "-"
40.123.38.81 - - [16/Apr/2025:02:55:18 -0400] "GET /colour.php HTTP/1.1" 301 0 "-" "-"
40.123.38.81 - - [16/Apr/2025:02:55:21 -0400] "GET /colour.php HTTP/1.1" 404 10075 "-" "-"
40.123.38.81 - - [16/Apr/2025:02:55:24 -0400] "GET /files.php HTTP/1.1" 301 0 "-" "-"
40.123.38.81 - - [16/Apr/2025:02:55:27 -0400] "GET /files.php HTTP/1.1" 404 10076 "-" "-"
40.123.38.81 - - [16/Apr/2025:02:55:30 -0400] "GET /install.php HTTP/1.1" 301 0 "-" "-"
40.123.38.81 - - [16/Apr/2025:02:55:33 -0400] "GET /install.php HTTP/1.1" 404 10075 "-" "-"
40.123.38.81 - - [16/Apr/2025:02:55:35 -0400] "GET /wp-contentt.php HTTP/1.1" 301 0 "-" "-"
40.123.38.81 - - [16/Apr/2025:02:55:38 -0400] "GET /wp-contentt.php HTTP/1.1" 404 10076 "-" "-"
40.123.38.81 - - [16/Apr/2025:02:55:42 -0400] "GET /config.php7 HTTP/1.1" 301 0 "-" "-"
198.54.114.83 - - [16/Apr/2025:02:55:44 -0400] "POST /wp-cron.php?doing_wp_cron=1744786543.0835878849029541015625 HTTP/1.1" 200 0 "-" "WordPress/6.8; https://saamigraphics.com"
40.123.38.81 - - [16/Apr/2025:02:55:45 -0400] "GET /config.php7 HTTP/1.1" 404 10075 "-" "-"
40.123.38.81 - - [16/Apr/2025:02:55:48 -0400] "GET /config.php HTTP/1.1" 301 0 "-" "-"
40.123.38.81 - - [16/Apr/2025:02:55:50 -0400] "GET /config.php HTTP/1.1" 404 10074 "-" "-"
40.123.38.81 - - [16/Apr/2025:02:55:56 -0400] "GET /theme.php HTTP/1.1" 301 0 "-" "-"
40.123.38.81 - - [16/Apr/2025:02:55:59 -0400] "GET /theme.php HTTP/1.1" 404 10075 "-" "-"
40.123.38.81 - - [16/Apr/2025:02:56:02 -0400] "GET /block-bindings.php HTTP/1.1" 301 0 "-" "-"
40.123.38.81 - - [16/Apr/2025:02:56:05 -0400] "GET /block-bindings.php HTTP/1.1" 404 10075 "-" "-"
40.123.38.81 - - [16/Apr/2025:02:56:08 -0400] "GET /class_api.php HTTP/1.1" 301 0 "-" "-"
40.123.38.81 - - [16/Apr/2025:02:56:11 -0400] "GET /class_api.php HTTP/1.1" 404 10075 "-" "-"
40.123.38.81 - - [16/Apr/2025:02:56:15 -0400] "GET /inputs.php HTTP/1.1" 301 0 "-" "-"
40.123.38.81 - - [16/Apr/2025:02:56:17 -0400] "GET /inputs.php HTTP/1.1" 404 10075 "-" "-"
40.123.38.81 - - [16/Apr/2025:02:56:23 -0400] "GET /root.php HTTP/1.1" 301 0 "-" "-"
40.123.38.81 - - [16/Apr/2025:02:56:26 -0400] "GET /root.php HTTP/1.1" 404 10074 "-" "-"
40.123.38.81 - - [16/Apr/2025:02:56:31 -0400] "GET /menu.php HTTP/1.1" 301 0 "-" "-"
40.123.38.81 - - [16/Apr/2025:02:56:35 -0400] "GET /menu.php HTTP/1.1" 404 10074 "-" "-"
40.123.38.81 - - [16/Apr/2025:02:56:41 -0400] "GET /plugin.php HTTP/1.1" 301 0 "-" "-"
40.123.38.81 - - [16/Apr/2025:02:56:44 -0400] "GET /plugin.php HTTP/1.1" 404 10074 "-" "-"
40.123.38.81 - - [16/Apr/2025:02:56:51 -0400] "GET /cloud.php HTTP/1.1" 301 0 "-" "-"
40.123.38.81 - - [16/Apr/2025:02:56:58 -0400] "GET /cloud.php HTTP/1.1" 404 10074 "-" "-"
40.123.38.81 - - [16/Apr/2025:02:57:02 -0400] "GET /configs.php HTTP/1.1" 301 0 "-" "-"
40.123.38.81 - - [16/Apr/2025:02:57:06 -0400] "GET /configs.php HTTP/1.1" 404 10074 "-" "-"
40.123.38.81 - - [16/Apr/2025:02:57:11 -0400] "GET /wp-configs.php HTTP/1.1" 301 0 "-" "-"
40.123.38.81 - - [16/Apr/2025:02:57:15 -0400] "GET /wp-configs.php HTTP/1.1" 404 10075 "-" "-"
40.123.38.81 - - [16/Apr/2025:02:57:17 -0400] "GET /update.php HTTP/1.1" 301 0 "-" "-"
40.123.38.81 - - [16/Apr/2025:02:57:21 -0400] "GET /update.php HTTP/1.1" 404 10074 "-" "-"
40.123.38.81 - - [16/Apr/2025:02:57:24 -0400] "GET /2.php HTTP/1.1" 301 0 "-" "-"
40.123.38.81 - - [16/Apr/2025:02:57:27 -0400] "GET /2.php HTTP/1.1" 404 10074 "-" "-"
40.123.38.81 - - [16/Apr/2025:02:57:32 -0400] "GET /input.php HTTP/1.1" 301 0 "-" "-"
40.123.38.81 - - [16/Apr/2025:02:57:36 -0400] "GET /input.php HTTP/1.1" 404 10074 "-" "-"
40.123.38.81 - - [16/Apr/2025:02:57:40 -0400] "GET /aaa.php HTTP/1.1" 301 0 "-" "-"
40.123.38.81 - - [16/Apr/2025:02:57:44 -0400] "GET /aaa.php HTTP/1.1" 404 10074 "-" "-"
216.244.66.202 - - [16/Apr/2025:03:19:33 -0400] "GET /robots.txt HTTP/1.1" 200 128 "-" "Mozilla/5.0 (compatible; DotBot/1.2; +https://opensiteexplorer.org/dotbot; help@moz.com)"
216.244.66.202 - - [16/Apr/2025:03:38:48 -0400] "GET /spread-your-brand-name-for-business-promotion-using-promotional-bags/feed/ HTTP/1.1" 200 469 "-" "Mozilla/5.0 (compatible; DotBot/1.2; +https://opensiteexplorer.org/dotbot; help@moz.com)"
212.30.36.46 - - [16/Apr/2025:03:47:04 -0400] "GET /cbd-for-anxiety-uk-a-natural-remedy-for-anxiety/ HTTP/1.1" 200 14560 "http://saamigraphics.com/cbd-for-anxiety-uk-a-natural-remedy-for-anxiety/" "Mozilla/5.0 (Windows NT 10.0; Win64; x64) AppleWebKit/537.36 (KHTML, like Gecko) Chrome/129.0.0.0 Safari/537.36"
212.30.36.47 - - [16/Apr/2025:03:47:08 -0400] "POST /wp-comments-post.php HTTP/1.1" 302 0 "http://saamigraphics.com/cbd-for-anxiety-uk-a-natural-remedy-for-anxiety/" "Mozilla/5.0 (Windows NT 10.0; Win64; x64) AppleWebKit/537.36 (KHTML, like Gecko) Chrome/129.0.0.0 Safari/537.36"
135.119.141.139 - - [16/Apr/2025:04:03:17 -0400] "HEAD /wordpress HTTP/1.1" 404 0 "-" "Mozilla/5.0 (Windows NT 10.0; Win64; x64) AppleWebKit/537.36 (KHTML, like Gecko) Chrome/74.0.3729.169 Safari/537.36"
135.119.141.139 - - [16/Apr/2025:04:03:20 -0400] "HEAD / HTTP/1.1" 200 0 "-" "Mozilla/5.0 (Windows NT 10.0; Win64; x64) AppleWebKit/537.36 (KHTML, like Gecko) Chrome/74.0.3729.169 Safari/537.36"
135.119.141.139 - - [16/Apr/2025:04:03:20 -0400] "HEAD /wp HTTP/1.1" 404 0 "-" "Mozilla/5.0 (Windows NT 10.0; Win64; x64) AppleWebKit/537.36 (KHTML, like Gecko) Chrome/74.0.3729.169 Safari/537.36"
135.119.141.139 - - [16/Apr/2025:04:03:22 -0400] "HEAD /bc HTTP/1.1" 404 0 "-" "Mozilla/5.0 (Windows NT 10.0; Win64; x64) AppleWebKit/537.36 (KHTML, like Gecko) Chrome/74.0.3729.169 Safari/537.36"
135.119.141.139 - - [16/Apr/2025:04:03:24 -0400] "HEAD /bk HTTP/1.1" 404 0 "-" "Mozilla/5.0 (Windows NT 10.0; Win64; x64) AppleWebKit/537.36 (KHTML, like Gecko) Chrome/74.0.3729.169 Safari/537.36"
135.119.141.139 - - [16/Apr/2025:04:03:28 -0400] "HEAD /backup HTTP/1.1" 404 0 "-" "Mozilla/5.0 (Windows NT 10.0; Win64; x64) AppleWebKit/537.36 (KHTML, like Gecko) Chrome/74.0.3729.169 Safari/537.36"
135.119.141.139 - - [16/Apr/2025:04:03:29 -0400] "HEAD /old HTTP/1.1" 404 0 "-" "Mozilla/5.0 (Windows NT 10.0; Win64; x64) AppleWebKit/537.36 (KHTML, like Gecko) Chrome/74.0.3729.169 Safari/537.36"
135.119.141.139 - - [16/Apr/2025:04:03:31 -0400] "HEAD /new HTTP/1.1" 301 0 "-" "Mozilla/5.0 (Windows NT 10.0; Win64; x64) AppleWebKit/537.36 (KHTML, like Gecko) Chrome/74.0.3729.169 Safari/537.36"
135.119.141.139 - - [16/Apr/2025:04:03:33 -0400] "HEAD /main HTTP/1.1" 301 0 "-" "Mozilla/5.0 (Windows NT 10.0; Win64; x64) AppleWebKit/537.36 (KHTML, like Gecko) Chrome/74.0.3729.169 Safari/537.36"
135.119.141.139 - - [16/Apr/2025:04:03:36 -0400] "HEAD /home HTTP/1.1" 301 0 "-" "Mozilla/5.0 (Windows NT 10.0; Win64; x64) AppleWebKit/537.36 (KHTML, like Gecko) Chrome/74.0.3729.169 Safari/537.36"
216.244.66.202 - - [16/Apr/2025:04:04:31 -0400] "GET /robots.txt HTTP/1.1" 304 0 "-" "Mozilla/5.0 (compatible; DotBot/1.2; +https://opensiteexplorer.org/dotbot; help@moz.com)"
216.244.66.202 - - [16/Apr/2025:04:08:42 -0400] "GET /conseils-pour-nettoyer-les-bijoux-en-argent/ HTTP/1.1" 200 14233 "-" "Mozilla/5.0 (compatible; DotBot/1.2; +https://opensiteexplorer.org/dotbot; help@moz.com)"
138.199.29.231 - - [16/Apr/2025:04:15:11 -0400] "GET / HTTP/1.1" 200 14136 "-" "Mozilla/5.0 (Windows NT 10.0; Win64; x64) AppleWebKit/537.36 (KHTML, like Gecko) Chrome/78.0.3904.108 Safari/537.36"
138.199.29.231 - - [16/Apr/2025:04:15:11 -0400] "GET /?author=1 HTTP/1.1" 301 0 "-" "Mozilla/5.0 (Windows NT 10.0; Win64; x64) AppleWebKit/537.36 (KHTML, like Gecko) Chrome/78.0.3904.108 Safari/537.36"
138.199.29.231 - - [16/Apr/2025:04:15:15 -0400] "GET /?author=2 HTTP/1.1" 301 0 "-" "Mozilla/5.0 (Windows NT 10.0; Win64; x64) AppleWebKit/537.36 (KHTML, like Gecko) Chrome/78.0.3904.108 Safari/537.36"
138.199.29.231 - - [16/Apr/2025:04:15:17 -0400] "GET /wp-json/wp/v2/users/ HTTP/1.1" 200 18429 "-" "Mozilla/5.0 (Windows NT 10.0; Win64; x64) AppleWebKit/537.36 (KHTML, like Gecko) Chrome/78.0.3904.108 Safari/537.36"
138.199.29.231 - - [16/Apr/2025:04:15:20 -0400] "GET /wp-json/oembed/1.0/embed?url=http://saamigraphics.com HTTP/1.1" 404 73 "-" "Mozilla/5.0 (Windows NT 10.0; Win64; x64) AppleWebKit/537.36 (KHTML, like Gecko) Chrome/78.0.3904.108 Safari/537.36"
138.199.29.231 - - [16/Apr/2025:04:15:25 -0400] "POST /xmlrpc.php HTTP/1.1" 200 236 "-" "Mozilla/5.0 (Windows NT 10.0; Win64; x64) AppleWebKit/537.36 (KHTML, like Gecko) Chrome/78.0.3904.108 Safari/537.36"
138.199.29.231 - - [16/Apr/2025:04:15:28 -0400] "POST /xmlrpc.php HTTP/1.1" 200 236 "-" "Mozilla/5.0 (Windows NT 10.0; Win64; x64) AppleWebKit/537.36 (KHTML, like Gecko) Chrome/78.0.3904.108 Safari/537.36"
138.199.29.231 - - [16/Apr/2025:04:15:34 -0400] "POST /xmlrpc.php HTTP/1.1" 200 236 "-" "Mozilla/5.0 (Windows NT 10.0; Win64; x64) AppleWebKit/537.36 (KHTML, like Gecko) Chrome/78.0.3904.108 Safari/537.36"
138.199.29.231 - - [16/Apr/2025:04:15:37 -0400] "POST /xmlrpc.php HTTP/1.1" 200 236 "-" "Mozilla/5.0 (Windows NT 10.0; Win64; x64) AppleWebKit/537.36 (KHTML, like Gecko) Chrome/78.0.3904.108 Safari/537.36"
138.199.29.231 - - [16/Apr/2025:04:15:41 -0400] "POST /xmlrpc.php HTTP/1.1" 200 236 "-" "Mozilla/5.0 (Windows NT 10.0; Win64; x64) AppleWebKit/537.36 (KHTML, like Gecko) Chrome/78.0.3904.108 Safari/537.36"
198.54.114.83 - - [16/Apr/2025:04:15:44 -0400] "POST /wp-cron.php?doing_wp_cron=1744791342.6931500434875488281250 HTTP/1.1" 200 0 "-" "WordPress/6.8; https://saamigraphics.com"
138.199.29.231 - - [16/Apr/2025:04:15:46 -0400] "POST /xmlrpc.php HTTP/1.1" 200 236 "-" "Mozilla/5.0 (Windows NT 10.0; Win64; x64) AppleWebKit/537.36 (KHTML, like Gecko) Chrome/78.0.3904.108 Safari/537.36"
216.244.66.202 - - [16/Apr/2025:04:19:35 -0400] "GET /demystifying-the-maze-unveiling-the-truth-behind-buying-youtube-views/feed/ HTTP/1.1" 200 492 "-" "Mozilla/5.0 (compatible; DotBot/1.2; +https://opensiteexplorer.org/dotbot; help@moz.com)"
167.99.210.137 - - [16/Apr/2025:04:28:08 -0400] "GET / HTTP/1.1" 200 14136 "-" "-"
167.99.210.137 - - [16/Apr/2025:04:28:09 -0400] "GET / HTTP/1.1" 200 14136 "-" "Mozilla/5.0 (Linux; Android 6.0; HTC One M9 Build/MRA615981) AppleWebKit/537.36 (KHTML, like Gecko) Chrome/52.0.3161.98 Mobile Safari/537.3"
167.99.210.137 - - [16/Apr/2025:04:28:10 -0400] "GET /@vite/env HTTP/1.1" 404 10075 "-" "Go-http-client/1.1"
167.99.210.137 - - [16/Apr/2025:04:28:13 -0400] "GET /actuator/env HTTP/1.1" 404 10074 "-" "Go-http-client/1.1"
167.99.210.137 - - [16/Apr/2025:04:28:16 -0400] "GET /server HTTP/1.1" 404 10075 "-" "Go-http-client/1.1"
167.99.210.137 - - [16/Apr/2025:04:28:17 -0400] "GET /.vscode/sftp.json HTTP/1.1" 404 10075 "-" "Go-http-client/1.1"
167.99.210.137 - - [16/Apr/2025:04:28:20 -0400] "GET /about HTTP/1.1" 404 10074 "-" "Go-http-client/1.1"
167.99.210.137 - - [16/Apr/2025:04:28:23 -0400] "GET /debug/default/view?panel=config HTTP/1.1" 404 0 "-" "Go-http-client/1.1"
167.99.210.137 - - [16/Apr/2025:04:28:25 -0400] "GET /v2/_catalog HTTP/1.1" 404 10074 "-" "Go-http-client/1.1"
167.99.210.137 - - [16/Apr/2025:04:28:28 -0400] "GET /ecp/Current/exporttool/microsoft.exchange.ediscovery.exporttool.application HTTP/1.1" 404 10072 "-" "Go-http-client/1.1"
167.99.210.137 - - [16/Apr/2025:04:28:32 -0400] "GET /login.action HTTP/1.1" 200 0 "-" "Go-http-client/1.1"
167.99.210.137 - - [16/Apr/2025:04:28:34 -0400] "GET /_all_dbs HTTP/1.1" 404 10075 "-" "Mozilla/5.0 (l9scan/2.0.33e27393e2431313e2838313; +https://leakix.net)"
167.99.210.137 - - [16/Apr/2025:04:28:38 -0400] "GET /.DS_Store HTTP/1.1" 200 0 "-" "Go-http-client/1.1"
198.54.114.83 - - [16/Apr/2025:04:28:40 -0400] "POST /wp-cron.php?doing_wp_cron=1744792119.1038279533386230468750 HTTP/1.1" 200 0 "-" "WordPress/6.8; https://saamigraphics.com"
167.99.210.137 - - [16/Apr/2025:04:28:40 -0400] "GET /.env HTTP/1.1" 404 0 "-" "Go-http-client/1.1"
167.99.210.137 - - [16/Apr/2025:04:28:45 -0400] "GET /.git/config HTTP/1.1" 403 1242 "-" "Go-http-client/1.1"
167.99.210.137 - - [16/Apr/2025:04:28:48 -0400] "GET /s/33e27393e2431313e2838313/_/;/META-INF/maven/com.atlassian.jira/jira-webapp-dist/pom.properties HTTP/1.1" 200 0 "-" "Go-http-client/1.1"
167.99.210.137 - - [16/Apr/2025:04:28:51 -0400] "GET /config.json HTTP/1.1" 200 0 "-" "Go-http-client/1.1"
167.99.210.137 - - [16/Apr/2025:04:28:54 -0400] "GET /telescope/requests HTTP/1.1" 200 0 "-" "Go-http-client/1.1"
167.99.210.137 - - [16/Apr/2025:04:28:57 -0400] "GET /info.php HTTP/1.1" 200 0 "-" "Go-http-client/1.1"
167.99.210.137 - - [16/Apr/2025:04:29:00 -0400] "GET /?rest_route=/wp/v2/users/ HTTP/1.1" 200 0 "-" "Go-http-client/1.1"
198.54.114.83 - - [16/Apr/2025:04:41:45 -0400] "POST /wp-cron.php?doing_wp_cron=1744792904.3047289848327636718750 HTTP/1.1" 200 0 "-" "WordPress/6.8; https://saamigraphics.com"
34.66.62.98 - - [16/Apr/2025:04:41:43 -0400] "GET / HTTP/1.1" 200 14038 "-" "Mozilla/5.0 (Windows NT 10.0; Win64; x64) AppleWebKit/537.36 (KHTML, like Gecko) Chrome/91.0.4472.124 Safari/537.36"
138.199.59.244 - - [16/Apr/2025:04:52:35 -0400] "GET /un-examen-des-produits-de-securite-a-domicile/ HTTP/1.1" 200 14866 "http://saamigraphics.com/un-examen-des-produits-de-securite-a-domicile/" "Mozilla/5.0 (Windows NT 10.0; Win64; x64) AppleWebKit/537.36 (KHTML, like Gecko) Chrome/129.0.0.0 Safari/537.36"
138.199.59.244 - - [16/Apr/2025:04:52:39 -0400] "POST /wp-comments-post.php HTTP/1.1" 302 0 "http://saamigraphics.com/un-examen-des-produits-de-securite-a-domicile/" "Mozilla/5.0 (Windows NT 10.0; Win64; x64) AppleWebKit/537.36 (KHTML, like Gecko) Chrome/129.0.0.0 Safari/537.36"
192.95.33.162 - - [16/Apr/2025:05:07:59 -0400] "GET /un-examen-des-produits-de-securite-a-domicile/ HTTP/1.1" 200 14892 "-" "Mozilla/5.0 (Windows NT 10.0; Win64; x64) AppleWebKit/537.36 (KHTML, like Gecko) Chrome/114.0.0.0 Safari/537.36"
198.54.114.83 - - [16/Apr/2025:05:08:03 -0400] "POST /wp-cron.php?doing_wp_cron=1744794480.4551749229431152343750 HTTP/1.1" 200 0 "-" "WordPress/6.8; https://saamigraphics.com"
43.135.129.37 - - [16/Apr/2025:05:08:42 -0400] "GET /category/sign-up/ HTTP/1.1" 200 11091 "http://saamigraphics.com/un-examen-des-produits-de-securite-a-domicile/" "Mozilla/5.0 (Windows NT 6.3; Win64; x64) AppleWebKit/537.36 (KHTML, like Gecko) Chrome/103.0.0.0 Safari/537.36"
198.54.114.83 - - [16/Apr/2025:05:08:47 -0400] "POST /wp-cron.php?doing_wp_cron=1744794523.3741009235382080078125 HTTP/1.1" 200 0 "-" "WordPress/6.8; https://saamigraphics.com"
47.91.104.88 - - [16/Apr/2025:05:09:49 -0400] "GET /un-examen-des-produits-de-securite-a-domicile/ HTTP/1.1" 200 14892 "http://saamigraphics.com/un-examen-des-produits-de-securite-a-domicile/" "Mozilla/5.0 (Windows NT 6.3; Win64; x64) AppleWebKit/537.36 (KHTML, like Gecko) Chrome/103.0.0.0 Safari/537.36"
85.208.98.23 - - [16/Apr/2025:05:16:22 -0400] "GET /robots.txt HTTP/1.1" 200 128 "-" "Mozilla/5.0 (compatible; SemrushBot-BA; +http://www.semrush.com/bot.html)"
216.244.66.202 - - [16/Apr/2025:05:35:26 -0400] "GET /robots.txt HTTP/1.1" 200 128 "-" "Mozilla/5.0 (compatible; DotBot/1.2; +https://opensiteexplorer.org/dotbot; help@moz.com)"
216.244.66.202 - - [16/Apr/2025:05:42:11 -0400] "GET /navigating-the-thrills-and-risks-of-online-casinos/feed/ HTTP/1.1" 200 452 "-" "Mozilla/5.0 (compatible; DotBot/1.2; +https://opensiteexplorer.org/dotbot; help@moz.com)"
198.54.114.83 - - [16/Apr/2025:05:48:20 -0400] "POST /wp-cron.php?doing_wp_cron=1744796898.6164600849151611328125 HTTP/1.1" 200 0 "-" "WordPress/6.8; https://saamigraphics.com"
216.244.66.202 - - [16/Apr/2025:05:48:17 -0400] "GET /the-duties-and-responsibilities-of-a-lawyer/feed/ HTTP/1.1" 200 443 "-" "Mozilla/5.0 (compatible; DotBot/1.2; +https://opensiteexplorer.org/dotbot; help@moz.com)"
49.51.72.76 - - [16/Apr/2025:05:59:11 -0400] "GET / HTTP/1.1" 200 14135 "-" "Mozilla/5.0 (iPhone; CPU iPhone OS 13_2_3 like Mac OS X) AppleWebKit/605.1.15 (KHTML, like Gecko) Version/13.0.3 Mobile/15E148 Safari/604.1"
146.70.194.246 - - [16/Apr/2025:06:09:38 -0400] "GET / HTTP/1.1" 200 14135 "-" "Mozilla/5.0 (Windows NT 10.0; Win64; x64) AppleWebKit/537.36 (KHTML, like Gecko) Chrome/78.0.3904.108 Safari/537.36"
146.70.194.246 - - [16/Apr/2025:06:09:43 -0400] "GET /?author=1 HTTP/1.1" 301 0 "-" "Mozilla/5.0 (Windows NT 10.0; Win64; x64) AppleWebKit/537.36 (KHTML, like Gecko) Chrome/78.0.3904.108 Safari/537.36"
198.54.114.83 - - [16/Apr/2025:06:09:49 -0400] "POST /wp-cron.php?doing_wp_cron=1744798184.5546669960021972656250 HTTP/1.1" 200 0 "-" "WordPress/6.8; https://saamigraphics.com"
146.70.194.246 - - [16/Apr/2025:06:09:50 -0400] "GET /?author=2 HTTP/1.1" 301 0 "-" "Mozilla/5.0 (Windows NT 10.0; Win64; x64) AppleWebKit/537.36 (KHTML, like Gecko) Chrome/78.0.3904.108 Safari/537.36"
146.70.194.246 - - [16/Apr/2025:06:09:57 -0400] "GET /wp-json/wp/v2/users/ HTTP/1.1" 200 18429 "-" "Mozilla/5.0 (Windows NT 10.0; Win64; x64) AppleWebKit/537.36 (KHTML, like Gecko) Chrome/78.0.3904.108 Safari/537.36"
146.70.194.246 - - [16/Apr/2025:06:10:07 -0400] "GET /wp-json/oembed/1.0/embed?url=http://saamigraphics.com HTTP/1.1" 404 73 "-" "Mozilla/5.0 (Windows NT 10.0; Win64; x64) AppleWebKit/537.36 (KHTML, like Gecko) Chrome/78.0.3904.108 Safari/537.36"
146.70.194.246 - - [16/Apr/2025:06:10:17 -0400] "POST /xmlrpc.php HTTP/1.1" 200 236 "-" "Mozilla/5.0 (Windows NT 10.0; Win64; x64) AppleWebKit/537.36 (KHTML, like Gecko) Chrome/78.0.3904.108 Safari/537.36"
146.70.194.246 - - [16/Apr/2025:06:10:26 -0400] "POST /xmlrpc.php HTTP/1.1" 200 236 "-" "Mozilla/5.0 (Windows NT 10.0; Win64; x64) AppleWebKit/537.36 (KHTML, like Gecko) Chrome/78.0.3904.108 Safari/537.36"
146.70.194.246 - - [16/Apr/2025:06:10:32 -0400] "POST /xmlrpc.php HTTP/1.1" 200 236 "-" "Mozilla/5.0 (Windows NT 10.0; Win64; x64) AppleWebKit/537.36 (KHTML, like Gecko) Chrome/78.0.3904.108 Safari/537.36"
146.70.194.246 - - [16/Apr/2025:06:10:39 -0400] "POST /xmlrpc.php HTTP/1.1" 200 236 "-" "Mozilla/5.0 (Windows NT 10.0; Win64; x64) AppleWebKit/537.36 (KHTML, like Gecko) Chrome/78.0.3904.108 Safari/537.36"
146.70.194.246 - - [16/Apr/2025:06:10:45 -0400] "POST /xmlrpc.php HTTP/1.1" 200 236 "-" "Mozilla/5.0 (Windows NT 10.0; Win64; x64) AppleWebKit/537.36 (KHTML, like Gecko) Chrome/78.0.3904.108 Safari/537.36"
146.70.194.246 - - [16/Apr/2025:06:10:51 -0400] "POST /xmlrpc.php HTTP/1.1" 200 236 "-" "Mozilla/5.0 (Windows NT 10.0; Win64; x64) AppleWebKit/537.36 (KHTML, like Gecko) Chrome/78.0.3904.108 Safari/537.36"
31.171.152.109 - - [16/Apr/2025:06:17:57 -0400] "GET /cbd-for-anxiety-uk-a-natural-remedy-for-anxiety/ HTTP/1.1" 200 14561 "http://saamigraphics.com/cbd-for-anxiety-uk-a-natural-remedy-for-anxiety/" "Mozilla/5.0 (Windows NT 10.0; Win64; x64) AppleWebKit/537.36 (KHTML, like Gecko) Chrome/131.0.0.0 Safari/537.36 Avast/131.0.0.0"
216.244.66.202 - - [16/Apr/2025:06:20:23 -0400] "GET /robots.txt HTTP/1.1" 200 128 "-" "Mozilla/5.0 (compatible; DotBot/1.2; +https://opensiteexplorer.org/dotbot; help@moz.com)"
43.159.37.213 - - [16/Apr/2025:06:22:27 -0400] "GET / HTTP/1.1" 200 14135 "-" "Mozilla/5.0 (Windows NT 10.0; Win64; x64) AppleWebKit/537.36 (KHTML, like Gecko) Chrome/107.0.0.0 Safari/537.36"
216.244.66.202 - - [16/Apr/2025:06:33:31 -0400] "GET /10-basement-renovation-ideas-to-transform-the-basement-into-a-fun-space/feed/ HTTP/1.1" 200 468 "-" "Mozilla/5.0 (compatible; DotBot/1.2; +https://opensiteexplorer.org/dotbot; help@moz.com)"
198.54.114.83 - - [16/Apr/2025:06:33:35 -0400] "POST /wp-cron.php?doing_wp_cron=1744799611.9852828979492187500000 HTTP/1.1" 200 0 "-" "WordPress/6.8; https://saamigraphics.com"
13.79.153.7 - - [16/Apr/2025:06:47:10 -0400] "GET /wp-content/plugins/hellopress/wp_filemanager.php HTTP/1.1" 200 0 "-" "-"
177.140.118.242 - - [16/Apr/2025:06:51:35 -0400] "GET / HTTP/1.1" 200 14135 "-" "Mozilla/5.0 (Windows NT 6.3; Win64; x64) AppleWebKit/537.36 (KHTML, like Gecko) Chrome/101.0.4951.54 Safari/537.36"
177.140.118.242 - - [16/Apr/2025:06:51:38 -0400] "POST /xmlrpc.php HTTP/1.1" 200 212 "-" "Mozilla/5.0 (Windows NT 6.3; Win64; x64) AppleWebKit/537.36 (KHTML, like Gecko) Chrome/101.0.4951.54 Safari/537.36"
185.157.243.4 - - [16/Apr/2025:06:56:14 -0400] "POST /xmlrpc.php HTTP/1.1" 200 212 "-" "Mozilla/5.0 (Windows NT 6.3; Win64; x64) AppleWebKit/537.36 (KHTML, like Gecko) Chrome/101.0.4951.54 Safari/537.36"
185.157.243.4 - - [16/Apr/2025:06:56:17 -0400] "POST /wp-login.php HTTP/1.1" 302 0 "-" "Mozilla/5.0 (Windows NT 6.3; Win64; x64) AppleWebKit/537.36 (KHTML, like Gecko) Chrome/101.0.4951.54 Safari/537.36"
185.157.243.4 - - [16/Apr/2025:06:56:25 -0400] "POST /wp-login.php HTTP/1.1" 302 0 "-" "Mozilla/5.0 (Windows NT 6.3; Win64; x64) AppleWebKit/537.36 (KHTML, like Gecko) Chrome/101.0.4951.54 Safari/537.36"
113.141.91.58 - - [16/Apr/2025:07:02:42 -0400] "GET / HTTP/1.1" 200 14135 "-" "Mozilla/5.0 (iPhone; CPU iPhone OS 13_2_3 like Mac OS X) AppleWebKit/605.1.15 (KHTML, like Gecko) Version/13.0.3 Mobile/15E148 Safari/604.1"
216.244.66.202 - - [16/Apr/2025:07:05:07 -0400] "GET /robots.txt HTTP/1.1" 200 128 "-" "Mozilla/5.0 (compatible; DotBot/1.2; +https://opensiteexplorer.org/dotbot; help@moz.com)"
216.244.66.202 - - [16/Apr/2025:07:09:34 -0400] "GET /crochets-muraux-decoratifs/ HTTP/1.1" 200 14055 "-" "Mozilla/5.0 (compatible; DotBot/1.2; +https://opensiteexplorer.org/dotbot; help@moz.com)"
198.54.114.83 - - [16/Apr/2025:07:09:40 -0400] "POST /wp-cron.php?doing_wp_cron=1744801775.8386700153350830078125 HTTP/1.1" 200 0 "-" "WordPress/6.8; https://saamigraphics.com"
216.244.66.202 - - [16/Apr/2025:07:10:13 -0400] "GET /vita-glow-night-cream/ HTTP/1.1" 200 13967 "-" "Mozilla/5.0 (compatible; DotBot/1.2; +https://opensiteexplorer.org/dotbot; help@moz.com)"
38.148.242.200 - - [16/Apr/2025:07:25:58 -0400] "GET / HTTP/1.1" 200 0 "-" "Mozilla/5.0 (Windows NT 6.3; Trident/7.0; rv 11.0) like Gecko"
198.54.114.83 - - [16/Apr/2025:07:26:03 -0400] "POST /wp-cron.php?doing_wp_cron=1744802760.1692380905151367187500 HTTP/1.1" 200 0 "-" "WordPress/6.8; https://saamigraphics.com"
38.148.242.200 - - [16/Apr/2025:07:26:03 -0400] "GET / HTTP/1.1" 301 0 "-" "Mozilla/5.0 (Windows NT 6.3; Trident/7.0; rv 11.0) like Gecko"
38.148.242.200 - - [16/Apr/2025:07:26:08 -0400] "GET / HTTP/1.1" 301 0 "-" "Mozilla/5.0 (Windows NT 6.3; Trident/7.0; rv 11.0) like Gecko"
38.148.242.200 - - [16/Apr/2025:07:26:12 -0400] "GET / HTTP/1.1" 200 14135 "http://www.saamigraphics.com" "Mozilla/5.0 (Windows NT 6.3; Trident/7.0; rv 11.0) like Gecko"
38.148.242.200 - - [16/Apr/2025:07:26:16 -0400] "GET / HTTP/1.1" 301 0 "-" "Mozilla/5.0 (Windows NT 6.3; Trident/7.0; rv 11.0) like Gecko"
38.148.242.200 - - [16/Apr/2025:07:26:16 -0400] "GET /admin/login/index.html HTTP/1.1" 301 0 "-" "Mozilla/5.0 (Windows NT 6.3; Trident/7.0; rv 11.0) like Gecko"
38.148.242.200 - - [16/Apr/2025:07:26:16 -0400] "GET /data/conf/version.txt HTTP/1.1" 301 0 "-" "Mozilla/5.0 (Windows NT 6.3; Trident/7.0; rv 11.0) like Gecko"
38.148.242.200 - - [16/Apr/2025:07:26:16 -0400] "GET /js/player/dmplayer/dmku/dm_rule.html HTTP/1.1" 301 0 "-" "Mozilla/5.0 (Windows NT 10.0; Win64; x64) AppleWebKit/537.36 (KHTML, like Gecko) Chrome/132.0.0.0 Safari/537.36"
38.148.242.200 - - [16/Apr/2025:07:26:19 -0400] "GET / HTTP/1.1" 200 14135 "http://www.saamigraphics.com/" "Mozilla/5.0 (Windows NT 6.3; Trident/7.0; rv 11.0) like Gecko"
38.148.242.200 - - [16/Apr/2025:07:26:20 -0400] "GET /kindEditor/asp.net/upload_json.ashx?dir=file HTTP/1.1" 301 0 "-" "Mozilla/5.0 (Windows NT 6.3; Trident/7.0; rv 11.0) like Gecko"
38.148.242.200 - - [16/Apr/2025:07:26:20 -0400] "GET /data/conf/version.txt HTTP/1.1" 404 10073 "http://www.saamigraphics.com/data/conf/version.txt" "Mozilla/5.0 (Windows NT 6.3; Trident/7.0; rv 11.0) like Gecko"
38.148.242.200 - - [16/Apr/2025:07:26:20 -0400] "GET /js/player/dmplayer/dmku/dm_rule.html HTTP/1.1" 404 10073 "http://www.saamigraphics.com/js/player/dmplayer/dmku/dm_rule.html" "Mozilla/5.0 (Windows NT 10.0; Win64; x64) AppleWebKit/537.36 (KHTML, like Gecko) Chrome/132.0.0.0 Safari/537.36"
38.148.242.200 - - [16/Apr/2025:07:26:20 -0400] "GET /admin/login/index.html HTTP/1.1" 404 10073 "http://www.saamigraphics.com/admin/login/index.html" "Mozilla/5.0 (Windows NT 6.3; Trident/7.0; rv 11.0) like Gecko"
38.148.242.200 - - [16/Apr/2025:07:26:24 -0400] "GET /kindEditor/asp.net/upload_json.ashx?dir=file HTTP/1.1" 404 10072 "http://www.saamigraphics.com/kindEditor/asp.net/upload_json.ashx?dir=file" "Mozilla/5.0 (Windows NT 6.3; Trident/7.0; rv 11.0) like Gecko"
196.251.87.151 - - [16/Apr/2025:07:46:12 -0400] "GET / HTTP/1.1" 200 14135 "-" "-"
196.251.87.151 - - [16/Apr/2025:07:46:15 -0400] "GET /wordpress HTTP/1.1" 200 0 "-" "-"
198.54.114.83 - - [16/Apr/2025:07:46:21 -0400] "POST /wp-cron.php?doing_wp_cron=1744803978.6884748935699462890625 HTTP/1.1" 200 0 "-" "WordPress/6.8; https://saamigraphics.com"
196.251.87.151 - - [16/Apr/2025:07:46:21 -0400] "GET /wordpress HTTP/1.1" 404 10074 "-" "-"
196.251.87.151 - - [16/Apr/2025:07:46:25 -0400] "GET /wp-admin/setup-config.php HTTP/1.1" 409 1222 "-" "-"
196.251.87.151 - - [16/Apr/2025:07:46:29 -0400] "GET /wp-admin/install.php HTTP/1.1" 200 519 "-" "-"
196.251.87.151 - - [16/Apr/2025:07:46:32 -0400] "GET /wp HTTP/1.1" 404 10074 "-" "-"
196.251.87.151 - - [16/Apr/2025:07:46:36 -0400] "GET /blog HTTP/1.1" 404 10075 "-" "-"
196.251.87.151 - - [16/Apr/2025:07:46:39 -0400] "GET /new HTTP/1.1" 301 0 "-" "-"
198.54.114.83 - - [16/Apr/2025:07:46:43 -0400] "POST /wp-cron.php?doing_wp_cron=1744804001.0217370986938476562500 HTTP/1.1" 200 0 "-" "WordPress/6.8; https://saamigraphics.com"
196.251.87.151 - - [16/Apr/2025:07:46:45 -0400] "GET /new HTTP/1.1" 301 0 "-" "-"
196.251.87.151 - - [16/Apr/2025:07:46:51 -0400] "GET /old HTTP/1.1" 404 10075 "-" "-"
196.251.87.151 - - [16/Apr/2025:07:46:54 -0400] "GET /newsite HTTP/1.1" 404 10075 "-" "-"
196.251.87.151 - - [16/Apr/2025:07:47:01 -0400] "GET /test HTTP/1.1" 200 0 "-" "-"
196.251.87.151 - - [16/Apr/2025:07:47:06 -0400] "GET /test HTTP/1.1" 404 0 "-" "-"
196.251.87.151 - - [16/Apr/2025:07:47:10 -0400] "GET /test HTTP/1.1" 404 10075 "-" "-"
196.251.87.151 - - [16/Apr/2025:07:47:13 -0400] "GET /main HTTP/1.1" 301 0 "-" "-"
196.251.87.151 - - [16/Apr/2025:07:47:21 -0400] "GET /testing HTTP/1.1" 404 10075 "-" "-"
196.251.87.151 - - [16/Apr/2025:07:47:25 -0400] "GET /site HTTP/1.1" 404 10075 "-" "-"
196.251.87.151 - - [16/Apr/2025:07:47:28 -0400] "GET /backup HTTP/1.1" 404 10075 "-" "-"
196.251.87.151 - - [16/Apr/2025:07:47:32 -0400] "GET /demo HTTP/1.1" 404 10074 "-" "-"
196.251.87.151 - - [16/Apr/2025:07:47:36 -0400] "GET /home HTTP/1.1" 301 0 "-" "-"
198.54.114.83 - - [16/Apr/2025:07:47:43 -0400] "POST /wp-cron.php?doing_wp_cron=1744804063.0271689891815185546875 HTTP/1.1" 200 0 "-" "WordPress/6.8; https://saamigraphics.com"
196.251.87.151 - - [16/Apr/2025:07:47:42 -0400] "GET /tmp HTTP/1.1" 404 10075 "-" "-"
196.251.87.151 - - [16/Apr/2025:07:47:46 -0400] "GET /dev HTTP/1.1" 301 0 "-" "-"
196.251.87.151 - - [16/Apr/2025:07:47:52 -0400] "GET /cms HTTP/1.1" 404 10074 "-" "-"
196.251.87.151 - - [16/Apr/2025:07:47:56 -0400] "GET /portal HTTP/1.1" 404 10074 "-" "-"
196.251.87.151 - - [16/Apr/2025:07:48:00 -0400] "GET /web HTTP/1.1" 404 10075 "-" "-"
198.54.114.83 - - [16/Apr/2025:07:48:03 -0400] "POST /wp-cron.php?doing_wp_cron=1744804081.5458021163940429687500 HTTP/1.1" 200 0 "-" "WordPress/6.8; https://saamigraphics.com"
196.251.87.151 - - [16/Apr/2025:07:48:05 -0400] "GET /web HTTP/1.1" 404 10075 "-" "-"
198.54.114.83 - - [16/Apr/2025:08:12:51 -0400] "POST /wp-cron.php?doing_wp_cron=1744805569.4211859703063964843750 HTTP/1.1" 200 0 "-" "WordPress/6.8; https://saamigraphics.com"
216.244.66.202 - - [16/Apr/2025:08:12:43 -0400] "GET /category/activity/page/5/ HTTP/1.1" 200 15066 "-" "Mozilla/5.0 (compatible; DotBot/1.2; +https://opensiteexplorer.org/dotbot; help@moz.com)"
13.127.24.208 - - [16/Apr/2025:08:30:12 -0400] "GET / HTTP/1.1" 200 14135 "-" "Mozilla/5.0 (Windows NT 10.0; Win64; x64) AppleWebKit/537.36 (KHTML, like Gecko) Chrome/89.0.4389.114 Safari/537.36"
13.127.24.208 - - [16/Apr/2025:08:30:17 -0400] "GET /?author=1 HTTP/1.1" 301 0 "-" "Mozilla/5.0 (Windows NT 10.0; Win64; x64) AppleWebKit/537.36 (KHTML, like Gecko) Chrome/89.0.4389.114 Safari/537.36"
198.54.114.83 - - [16/Apr/2025:08:30:23 -0400] "POST /wp-cron.php?doing_wp_cron=1744806618.6469709873199462890625 HTTP/1.1" 200 0 "-" "WordPress/6.8; https://saamigraphics.com"
13.127.24.208 - - [16/Apr/2025:08:30:25 -0400] "GET /?author=2 HTTP/1.1" 301 0 "-" "Mozilla/5.0 (Windows NT 10.0; Win64; x64) AppleWebKit/537.36 (KHTML, like Gecko) Chrome/89.0.4389.114 Safari/537.36"
13.127.24.208 - - [16/Apr/2025:08:30:31 -0400] "GET /?author=3 HTTP/1.1" 200 14293 "-" "Mozilla/5.0 (Windows NT 10.0; Win64; x64) AppleWebKit/537.36 (KHTML, like Gecko) Chrome/89.0.4389.114 Safari/537.36"
13.127.24.208 - - [16/Apr/2025:08:30:36 -0400] "GET /wp-json/wp/v2/users/ HTTP/1.1" 200 18429 "-" "Mozilla/5.0 (Windows NT 10.0; Win64; x64) AppleWebKit/537.36 (KHTML, like Gecko) Chrome/89.0.4389.114 Safari/537.36"
13.127.24.208 - - [16/Apr/2025:08:30:45 -0400] "GET /wp-json/oembed/1.0/embed?url=http://saamigraphics.com HTTP/1.1" 404 73 "-" "Mozilla/5.0 (Windows NT 10.0; Win64; x64) AppleWebKit/537.36 (KHTML, like Gecko) Chrome/89.0.4389.114 Safari/537.36"
13.127.24.208 - - [16/Apr/2025:08:30:51 -0400] "POST /xmlrpc.php HTTP/1.1" 200 236 "-" "Mozilla/5.0 (Windows NT 10.0; Win64; x64) AppleWebKit/537.36 (KHTML, like Gecko) Chrome/89.0.4389.114 Safari/537.36"
13.127.24.208 - - [16/Apr/2025:08:30:57 -0400] "POST /xmlrpc.php HTTP/1.1" 200 236 "-" "Mozilla/5.0 (Windows NT 10.0; Win64; x64) AppleWebKit/537.36 (KHTML, like Gecko) Chrome/89.0.4389.114 Safari/537.36"
13.127.24.208 - - [16/Apr/2025:08:31:03 -0400] "POST /xmlrpc.php HTTP/1.1" 200 236 "-" "Mozilla/5.0 (Windows NT 10.0; Win64; x64) AppleWebKit/537.36 (KHTML, like Gecko) Chrome/89.0.4389.114 Safari/537.36"
13.127.24.208 - - [16/Apr/2025:08:31:10 -0400] "POST /xmlrpc.php HTTP/1.1" 200 236 "-" "Mozilla/5.0 (Windows NT 10.0; Win64; x64) AppleWebKit/537.36 (KHTML, like Gecko) Chrome/89.0.4389.114 Safari/537.36"
13.127.24.208 - - [16/Apr/2025:08:31:17 -0400] "POST /xmlrpc.php HTTP/1.1" 200 236 "-" "Mozilla/5.0 (Windows NT 10.0; Win64; x64) AppleWebKit/537.36 (KHTML, like Gecko) Chrome/89.0.4389.114 Safari/537.36"
13.127.24.208 - - [16/Apr/2025:08:31:24 -0400] "POST /xmlrpc.php HTTP/1.1" 200 236 "-" "Mozilla/5.0 (Windows NT 10.0; Win64; x64) AppleWebKit/537.36 (KHTML, like Gecko) Chrome/89.0.4389.114 Safari/537.36"
198.54.114.83 - - [16/Apr/2025:08:31:29 -0400] "POST /wp-cron.php?doing_wp_cron=1744806685.0310781002044677734375 HTTP/1.1" 200 0 "-" "WordPress/6.8; https://saamigraphics.com"
216.244.66.202 - - [16/Apr/2025:08:38:17 -0400] "GET /robots.txt HTTP/1.1" 200 128 "-" "Mozilla/5.0 (compatible; DotBot/1.2; +https://opensiteexplorer.org/dotbot; help@moz.com)"
198.54.114.83 - - [16/Apr/2025:08:44:11 -0400] "POST /wp-cron.php?doing_wp_cron=1744807450.2066669464111328125000 HTTP/1.1" 200 0 "-" "WordPress/6.8; https://saamigraphics.com"
216.244.66.202 - - [16/Apr/2025:08:44:02 -0400] "GET /exploring-the-hidden-gem-nusa-penida/ HTTP/1.1" 200 14251 "-" "Mozilla/5.0 (compatible; DotBot/1.2; +https://opensiteexplorer.org/dotbot; help@moz.com)"
85.208.98.23 - - [16/Apr/2025:08:48:13 -0400] "GET /robots.txt HTTP/1.1" 304 0 "-" "Mozilla/5.0 (compatible; SemrushBot-BA; +http://www.semrush.com/bot.html)"
65.108.229.215 - - [16/Apr/2025:08:56:51 -0400] "GET /cbd-for-anxiety-uk-a-natural-remedy-for-anxiety/ HTTP/1.1" 200 14561 "http://saamigraphics.com/cbd-for-anxiety-uk-a-natural-remedy-for-anxiety/#comment-9063/" "Mozilla/5.0 (Windows NT 10.0; Win64; x64) AppleWebKit/537.36 (KHTML, like Gecko) Chrome/130.0.0.0 Safari/537.36"
65.108.229.215 - - [16/Apr/2025:08:56:55 -0400] "POST /wp-comments-post.php HTTP/1.1" 302 0 "http://saamigraphics.com/cbd-for-anxiety-uk-a-natural-remedy-for-anxiety/#comment-9063/" "Mozilla/5.0 (Windows NT 10.0; Win64; x64) AppleWebKit/537.36 (KHTML, like Gecko) Chrome/130.0.0.0 Safari/537.36"
198.54.114.83 - - [16/Apr/2025:08:57:04 -0400] "POST /wp-cron.php?doing_wp_cron=1744808221.2317309379577636718750 HTTP/1.1" 200 0 "-" "WordPress/6.8; https://saamigraphics.com"
198.54.114.83 - - [16/Apr/2025:09:08:33 -0400] "POST /wp-cron.php?doing_wp_cron=1744808912.2926280498504638671875 HTTP/1.1" 200 0 "-" "WordPress/6.8; https://saamigraphics.com"
43.167.157.80 - - [16/Apr/2025:09:08:31 -0400] "GET / HTTP/1.1" 301 0 "-" "Mozilla/5.0 (iPhone; CPU iPhone OS 13_2_3 like Mac OS X) AppleWebKit/605.1.15 (KHTML, like Gecko) Version/13.0.3 Mobile/15E148 Safari/604.1"
43.167.157.80 - - [16/Apr/2025:09:08:34 -0400] "GET / HTTP/1.1" 200 14135 "http://www.saamigraphics.com" "Mozilla/5.0 (iPhone; CPU iPhone OS 13_2_3 like Mac OS X) AppleWebKit/605.1.15 (KHTML, like Gecko) Version/13.0.3 Mobile/15E148 Safari/604.1"
44.242.155.73 - - [16/Apr/2025:09:10:36 -0400] "GET / HTTP/1.1" 200 14135 "-" "Mozilla/4.0 (compatible; MSIE 6.0; Windows NT 5.1; FSL 7.0.6.01001)"
2408:821a:5631:80a0:600c:556b:aa7:95c2 - - [16/Apr/2025:09:10:38 -0400] "GET / HTTP/1.1" 301 0 "-" "Mozilla/5.0 (Windows NT 10.0; Win64; x64) AppleWebKit/537.36 (KHTML, like Gecko) Chrome/97.0.4280.67 Safari/537.36 Edg/97.0.664.52"
198.54.114.83 - - [16/Apr/2025:09:10:47 -0400] "POST /wp-cron.php?doing_wp_cron=1744809044.2102260589599609375000 HTTP/1.1" 200 0 "-" "WordPress/6.8; https://saamigraphics.com"
2408:821a:5631:80a0:600c:556b:aa7:95c2 - - [16/Apr/2025:09:10:49 -0400] "GET / HTTP/1.1" 200 14135 "-" "Mozilla/5.0 (Windows NT 10.0; Win64; x64) AppleWebKit/537.36 (KHTML, like Gecko) Chrome/97.0.4280.67 Safari/537.36 Edg/97.0.664.52"
134.209.219.121 - - [16/Apr/2025:09:32:56 -0400] "GET /wp-admin/css/ HTTP/1.1" 403 1242 "binance.com" "Mozilla/5.0 (Windows NT 10.0; Win64; x64) AppleWebKit/537.36 (KHTML, like Gecko) Chrome/90.0.4430.85 Safari/537.36"
216.244.66.202 - - [16/Apr/2025:09:36:16 -0400] "GET /robots.txt HTTP/1.1" 200 128 "-" "Mozilla/5.0 (compatible; DotBot/1.2; +https://opensiteexplorer.org/dotbot; help@moz.com)"
216.244.66.202 - - [16/Apr/2025:09:42:05 -0400] "GET /the-importance-of-pilates-grip-socks/feed/ HTTP/1.1" 200 440 "-" "Mozilla/5.0 (compatible; DotBot/1.2; +https://opensiteexplorer.org/dotbot; help@moz.com)"
198.54.114.83 - - [16/Apr/2025:09:42:12 -0400] "POST /wp-cron.php?doing_wp_cron=1744810929.8365449905395507812500 HTTP/1.1" 200 0 "-" "WordPress/6.8; https://saamigraphics.com"
45.148.10.235 - - [16/Apr/2025:09:44:12 -0400] "GET /code/npm/@ali/lzd-h5-utils-jsonp/1.1.11/index.js HTTP/1.1" 404 10077 "-" "Mozilla/5.0 (Macintosh; Intel Mac OS X 10_15_7) AppleWebKit/537.36 Chrome/120.0.0.0"
216.244.66.202 - - [16/Apr/2025:09:45:48 -0400] "GET /share-files-with-free-file-upload/feed/ HTTP/1.1" 200 434 "-" "Mozilla/5.0 (compatible; DotBot/1.2; +https://opensiteexplorer.org/dotbot; help@moz.com)"
198.54.114.83 - - [16/Apr/2025:09:45:59 -0400] "POST /wp-cron.php?doing_wp_cron=1744811154.5360291004180908203125 HTTP/1.1" 200 0 "-" "WordPress/6.8; https://saamigraphics.com"
85.208.98.23 - - [16/Apr/2025:10:19:24 -0400] "GET /robots.txt HTTP/1.1" 200 128 "-" "Mozilla/5.0 (compatible; SemrushBot-BA; +http://www.semrush.com/bot.html)"
216.244.66.202 - - [16/Apr/2025:10:34:34 -0400] "GET /page/28/ HTTP/1.1" 200 14637 "-" "Mozilla/5.0 (compatible; DotBot/1.2; +https://opensiteexplorer.org/dotbot; help@moz.com)"
198.54.114.83 - - [16/Apr/2025:10:34:45 -0400] "POST /wp-cron.php?doing_wp_cron=1744814080.0936520099639892578125 HTTP/1.1" 200 0 "-" "WordPress/6.8; https://saamigraphics.com"
2a01:239:3bb:8a00::1 - - [16/Apr/2025:11:18:55 -0400] "GET /wp-content/plugins/WordPressCore/include.php HTTP/1.1" 404 10073 "www.google.com" "Mozilla/5.0 (Linux; Android 7.0; SM-G892A Build/NRD90M; wv) AppleWebKit/537.36 (KHTML, like Gecko) Version/4.0 Chrome/60.0.3112.107 Mobile Safari/537.36"
198.54.114.83 - - [16/Apr/2025:11:19:03 -0400] "POST /wp-cron.php?doing_wp_cron=1744816736.2346410751342773437500 HTTP/1.1" 200 0 "-" "WordPress/6.8; https://saamigraphics.com"
2a01:239:3bb:8a00::1 - - [16/Apr/2025:11:19:24 -0400] "GET /simple.php HTTP/1.1" 404 10075 "www.google.com" "Mozilla/5.0 (Linux; Android 7.0; SM-G892A Build/NRD90M; wv) AppleWebKit/537.36 (KHTML, like Gecko) Version/4.0 Chrome/60.0.3112.107 Mobile Safari/537.36"
198.54.114.83 - - [16/Apr/2025:11:48:52 -0400] "POST /wp-cron.php?doing_wp_cron=1744818530.6427650451660156250000 HTTP/1.1" 200 0 "-" "WordPress/6.8; https://saamigraphics.com"
134.122.196.8 - - [16/Apr/2025:11:48:40 -0400] "GET /statics/img/login_bg.jpg HTTP/1.1" 404 10074 "http://saamigraphics.com" "(compatible; Baiduspider/2.0; +http://www.baidu.com/search/spider.html\xa3\xa9"
43.159.135.203 - - [16/Apr/2025:11:51:43 -0400] "GET / HTTP/1.1" 200 14135 "-" "Mozilla/5.0 (iPhone; CPU iPhone OS 13_2_3 like Mac OS X) AppleWebKit/605.1.15 (KHTML, like Gecko) Version/13.0.3 Mobile/15E148 Safari/604.1"
186.250.113.131 - - [16/Apr/2025:11:53:02 -0400] "GET / HTTP/1.1" 200 14135 "-" "Mozilla/5.0 (Windows NT 6.3; Win64; x64) AppleWebKit/537.36 (KHTML, like Gecko) Chrome/101.0.4951.54 Safari/537.36"
186.250.113.131 - - [16/Apr/2025:11:53:08 -0400] "POST /xmlrpc.php HTTP/1.1" 200 212 "-" "Mozilla/5.0 (Windows NT 6.3; Win64; x64) AppleWebKit/537.36 (KHTML, like Gecko) Chrome/101.0.4951.54 Safari/537.36"
198.54.114.83 - - [16/Apr/2025:11:53:11 -0400] "POST /wp-cron.php?doing_wp_cron=1744818789.6342101097106933593750 HTTP/1.1" 200 0 "-" "WordPress/6.8; https://saamigraphics.com"
186.250.113.131 - - [16/Apr/2025:11:53:14 -0400] "POST /wp-login.php HTTP/1.1" 302 0 "-" "Mozilla/5.0 (Windows NT 6.3; Win64; x64) AppleWebKit/537.36 (KHTML, like Gecko) Chrome/101.0.4951.54 Safari/537.36"
186.250.113.131 - - [16/Apr/2025:11:53:24 -0400] "POST /wp-login.php HTTP/1.1" 302 0 "-" "Mozilla/5.0 (Windows NT 6.3; Win64; x64) AppleWebKit/537.36 (KHTML, like Gecko) Chrome/101.0.4951.54 Safari/537.36"
203.2.64.59 - - [16/Apr/2025:11:53:36 -0400] "GET / HTTP/1.1" 301 0 "-" "Mozilla/5.0 (iPhone; CPU iPhone OS 13_2_3 like Mac OS X) AppleWebKit/605.1.15 (KHTML, like Gecko) Version/13.0.3 Mobile/15E148 Safari/604.1"
203.2.64.59 - - [16/Apr/2025:11:53:45 -0400] "GET / HTTP/1.1" 200 14135 "http://www.saamigraphics.com" "Mozilla/5.0 (iPhone; CPU iPhone OS 13_2_3 like Mac OS X) AppleWebKit/605.1.15 (KHTML, like Gecko) Version/13.0.3 Mobile/15E148 Safari/604.1"
216.244.66.202 - - [16/Apr/2025:11:54:41 -0400] "GET /robots.txt HTTP/1.1" 304 0 "-" "Mozilla/5.0 (compatible; DotBot/1.2; +https://opensiteexplorer.org/dotbot; help@moz.com)"
216.244.66.202 - - [16/Apr/2025:12:04:22 -0400] "GET /how-to-launch-a-plumbing-business/feed/ HTTP/1.1" 200 437 "-" "Mozilla/5.0 (compatible; DotBot/1.2; +https://opensiteexplorer.org/dotbot; help@moz.com)"
216.244.66.202 - - [16/Apr/2025:12:06:26 -0400] "GET /page/14/ HTTP/1.1" 200 14434 "-" "Mozilla/5.0 (compatible; DotBot/1.2; +https://opensiteexplorer.org/dotbot; help@moz.com)"
198.54.114.83 - - [16/Apr/2025:12:06:37 -0400] "POST /wp-cron.php?doing_wp_cron=1744819592.4011659622192382812500 HTTP/1.1" 200 0 "-" "WordPress/6.8; https://saamigraphics.com"
216.244.66.202 - - [16/Apr/2025:12:11:20 -0400] "GET /navigating-the-maze-unraveling-the-intricacies-of-steuererklarung/feed/ HTTP/1.1" 200 471 "-" "Mozilla/5.0 (compatible; DotBot/1.2; +https://opensiteexplorer.org/dotbot; help@moz.com)"
216.244.66.202 - - [16/Apr/2025:12:11:55 -0400] "GET /revolutionizing-education-the-power-of-personalized-online-tutoring/feed/ HTTP/1.1" 200 467 "-" "Mozilla/5.0 (compatible; DotBot/1.2; +https://opensiteexplorer.org/dotbot; help@moz.com)"
198.54.114.83 - - [16/Apr/2025:12:11:59 -0400] "POST /wp-cron.php?doing_wp_cron=1744819916.3887479305267333984375 HTTP/1.1" 200 0 "-" "WordPress/6.8; https://saamigraphics.com"
43.135.142.7 - - [16/Apr/2025:12:23:13 -0400] "GET / HTTP/1.1" 200 14135 "-" "Mozilla/5.0 (iPhone; CPU iPhone OS 13_2_3 like Mac OS X) AppleWebKit/605.1.15 (KHTML, like Gecko) Version/13.0.3 Mobile/15E148 Safari/604.1"
43.156.3.195 - - [16/Apr/2025:12:23:58 -0400] "GET / HTTP/1.1" 200 14135 "-" "Mozilla/5.0 (Windows NT 10.0; Win64; x64) AppleWebKit/537.36 (KHTML, like Gecko) Chrome/110.0.0.0 Safari/537.36"
136.243.228.193 - - [16/Apr/2025:12:27:25 -0400] "GET /robots.txt HTTP/1.1" 200 128 "-" "Mozilla/5.0 (compatible; DataForSeoBot/1.0; +https://dataforseo.com/dataforseo-bot)"
216.244.66.202 - - [16/Apr/2025:12:46:29 -0400] "GET /optimieren-sie-ihren-umzug-mit-der-umzugsfirma-buchholz/feed/ HTTP/1.1" 200 458 "-" "Mozilla/5.0 (compatible; DotBot/1.2; +https://opensiteexplorer.org/dotbot; help@moz.com)"
20.191.45.212 - - [16/Apr/2025:13:05:47 -0400] "GET / HTTP/1.1" 200 0 "http://saamigraphics.com/" "DuckDuckBot/1.1; (+http://duckduckgo.com/duckduckbot.html)"
20.191.45.212 - - [16/Apr/2025:13:05:54 -0400] "GET /favicon.ico HTTP/1.1" 404 1251 "http://saamigraphics.com/favicon.ico" "DuckDuckBot/1.1; (+http://duckduckgo.com/duckduckbot.html)"
83.220.239.44 - - [16/Apr/2025:13:14:53 -0400] "GET /cbd-for-anxiety-uk-a-natural-remedy-for-anxiety/ HTTP/1.1" 200 14561 "http://saamigraphics.com/cbd-for-anxiety-uk-a-natural-remedy-for-anxiety/" "Mozilla/5.0 (Windows NT 10.0; Win64; x64) AppleWebKit/537.36 (KHTML, like Gecko) Chrome/130.0.0.0 Safari/537.36 CCleaner/130.0.0.0"
83.220.239.44 - - [16/Apr/2025:13:15:51 -0400] "GET / HTTP/1.1" 200 14135 "http://saamigraphics.com/" "Mozilla/5.0 (Windows NT 10.0; Win64; x64) AppleWebKit/537.36 (KHTML, like Gecko) Chrome/130.0.0.0 Safari/537.36 CCleaner/130.0.0.0"
135.119.141.139 - - [16/Apr/2025:13:16:35 -0400] "HEAD /wordpress HTTP/1.1" 404 0 "-" "Mozilla/5.0 (Windows NT 10.0; Win64; x64) AppleWebKit/537.36 (KHTML, like Gecko) Chrome/74.0.3729.169 Safari/537.36"
198.54.114.83 - - [16/Apr/2025:13:16:42 -0400] "POST /wp-cron.php?doing_wp_cron=1744823797.2196309566497802734375 HTTP/1.1" 200 0 "-" "WordPress/6.8; https://saamigraphics.com"
135.119.141.139 - - [16/Apr/2025:13:16:43 -0400] "HEAD / HTTP/1.1" 200 0 "-" "Mozilla/5.0 (Windows NT 10.0; Win64; x64) AppleWebKit/537.36 (KHTML, like Gecko) Chrome/74.0.3729.169 Safari/537.36"
135.119.141.139 - - [16/Apr/2025:13:16:48 -0400] "HEAD /wp HTTP/1.1" 404 0 "-" "Mozilla/5.0 (Windows NT 10.0; Win64; x64) AppleWebKit/537.36 (KHTML, like Gecko) Chrome/74.0.3729.169 Safari/537.36"
135.119.141.139 - - [16/Apr/2025:13:16:55 -0400] "HEAD /bc HTTP/1.1" 404 0 "-" "Mozilla/5.0 (Windows NT 10.0; Win64; x64) AppleWebKit/537.36 (KHTML, like Gecko) Chrome/74.0.3729.169 Safari/537.36"
135.119.141.139 - - [16/Apr/2025:13:17:00 -0400] "HEAD /bk HTTP/1.1" 404 0 "-" "Mozilla/5.0 (Windows NT 10.0; Win64; x64) AppleWebKit/537.36 (KHTML, like Gecko) Chrome/74.0.3729.169 Safari/537.36"
135.119.141.139 - - [16/Apr/2025:13:17:05 -0400] "HEAD /backup HTTP/1.1" 404 0 "-" "Mozilla/5.0 (Windows NT 10.0; Win64; x64) AppleWebKit/537.36 (KHTML, like Gecko) Chrome/74.0.3729.169 Safari/537.36"
135.119.141.139 - - [16/Apr/2025:13:17:09 -0400] "HEAD /old HTTP/1.1" 404 0 "-" "Mozilla/5.0 (Windows NT 10.0; Win64; x64) AppleWebKit/537.36 (KHTML, like Gecko) Chrome/74.0.3729.169 Safari/537.36"
135.119.141.139 - - [16/Apr/2025:13:17:14 -0400] "HEAD /new HTTP/1.1" 301 0 "-" "Mozilla/5.0 (Windows NT 10.0; Win64; x64) AppleWebKit/537.36 (KHTML, like Gecko) Chrome/74.0.3729.169 Safari/537.36"
135.119.141.139 - - [16/Apr/2025:13:17:20 -0400] "HEAD /main HTTP/1.1" 301 0 "-" "Mozilla/5.0 (Windows NT 10.0; Win64; x64) AppleWebKit/537.36 (KHTML, like Gecko) Chrome/74.0.3729.169 Safari/537.36"
135.119.141.139 - - [16/Apr/2025:13:17:26 -0400] "HEAD /home HTTP/1.1" 301 0 "-" "Mozilla/5.0 (Windows NT 10.0; Win64; x64) AppleWebKit/537.36 (KHTML, like Gecko) Chrome/74.0.3729.169 Safari/537.36"
