198.54.114.83 - - [30/Mar/2025:00:10:21 -0400] "POST /wp-admin/admin-ajax.php?action=async_litespeed&nonce=ZBoaAmGRH7nKFPe0YZRpqA3s612Jbf45&litespeed_type=imgoptm HTTP/1.1" 200 5 "-" "WordPress/6.7.2; https://bakingsecurityin.com"
198.54.114.83 - - [30/Mar/2025:00:11:50 -0400] "POST /wp-cron.php?doing_wp_cron=1743307910.1291339397430419921875 HTTP/1.1" 200 0 "-" "WordPress/6.7.2; https://bakingsecurityin.com"
51.222.253.3 - - [30/Mar/2025:00:11:48 -0400] "GET /category/activity/page/80/ HTTP/1.1" 200 0 "-" "Mozilla/5.0 (compatible; AhrefsBot/7.0; +http://ahrefs.com/robot/)"
198.54.114.83 - - [30/Mar/2025:00:11:50 -0400] "POST /wp-admin/admin-ajax.php?action=async_litespeed&nonce=E4zuSgCBiz00KmDNcsZ6TkhR1y5jZkMp&litespeed_type=imgoptm HTTP/1.1" 200 5 "-" "WordPress/6.7.2; https://bakingsecurityin.com"
198.54.114.83 - - [30/Mar/2025:00:13:12 -0400] "POST /wp-cron.php?doing_wp_cron=1743307991.9639019966125488281250 HTTP/1.1" 200 0 "-" "WordPress/6.7.2; https://bakingsecurityin.com"
51.222.253.6 - - [30/Mar/2025:00:13:11 -0400] "GET /page/50/ HTTP/1.1" 200 0 "-" "Mozilla/5.0 (compatible; AhrefsBot/7.0; +http://ahrefs.com/robot/)"
198.54.114.83 - - [30/Mar/2025:00:13:12 -0400] "POST /wp-admin/admin-ajax.php?action=async_litespeed&nonce=UnPs26EObD3SAUL0py2YLyHelscy0zaM&litespeed_type=imgoptm HTTP/1.1" 200 5 "-" "WordPress/6.7.2; https://bakingsecurityin.com"
198.54.114.83 - - [30/Mar/2025:00:14:27 -0400] "POST /wp-admin/admin-ajax.php?action=async_litespeed&nonce=sT6U5ynfFln7fmsp7pSVZppNovwCpR9L&litespeed_type=imgoptm HTTP/1.1" 200 5 "-" "WordPress/6.7.2; https://bakingsecurityin.com"
198.54.114.83 - - [30/Mar/2025:00:14:42 -0400] "POST /wp-cron.php?doing_wp_cron=1743308082.5825879573822021484375 HTTP/1.1" 200 0 "-" "WordPress/6.7.2; https://bakingsecurityin.com"
51.222.253.8 - - [30/Mar/2025:00:14:42 -0400] "GET /category/activity/page/42/ HTTP/1.1" 200 0 "-" "Mozilla/5.0 (compatible; AhrefsBot/7.0; +http://ahrefs.com/robot/)"
198.54.114.83 - - [30/Mar/2025:00:14:43 -0400] "POST /wp-admin/admin-ajax.php?action=async_litespeed&nonce=XCopedr7dA5OzJSFdpZ4atnXb0sQSWfN&litespeed_type=imgoptm HTTP/1.1" 200 5 "-" "WordPress/6.7.2; https://bakingsecurityin.com"
198.54.114.83 - - [30/Mar/2025:00:16:08 -0400] "POST /wp-cron.php?doing_wp_cron=1743308167.8821570873260498046875 HTTP/1.1" 200 0 "-" "WordPress/6.7.2; https://bakingsecurityin.com"
51.222.253.6 - - [30/Mar/2025:00:16:06 -0400] "GET /what-you-should-know-about-wholesale-tungsten-carbide-rings/feed/ HTTP/1.1" 200 437 "-" "Mozilla/5.0 (compatible; AhrefsBot/7.0; +http://ahrefs.com/robot/)"
198.54.114.83 - - [30/Mar/2025:00:16:08 -0400] "POST /wp-admin/admin-ajax.php?action=async_litespeed&nonce=3bTErYIWWZodKeb8Zh4Xsz77phvclyn3&litespeed_type=imgoptm HTTP/1.1" 200 5 "-" "WordPress/6.7.2; https://bakingsecurityin.com"
185.191.171.12 - - [30/Mar/2025:00:16:27 -0400] "GET /finding-legal-support-in-queens-for-domestic-violence-cases/ HTTP/1.1" 200 0 "-" "Mozilla/5.0 (compatible; SemrushBot/7~bl; +http://www.semrush.com/bot.html)"
198.54.114.83 - - [30/Mar/2025:00:17:30 -0400] "POST /wp-cron.php?doing_wp_cron=1743308250.7157280445098876953125 HTTP/1.1" 200 0 "-" "WordPress/6.7.2; https://bakingsecurityin.com"
51.222.253.17 - - [30/Mar/2025:00:17:30 -0400] "GET /unlock-efficiency-with-raymond-reach-truck-rentals/ HTTP/1.1" 200 0 "-" "Mozilla/5.0 (compatible; AhrefsBot/7.0; +http://ahrefs.com/robot/)"
198.54.114.83 - - [30/Mar/2025:00:17:31 -0400] "POST /wp-admin/admin-ajax.php?action=async_litespeed&nonce=tPLgW2gtopEnBY9vDj74aF1rRCmkpRwo&litespeed_type=imgoptm HTTP/1.1" 200 5 "-" "WordPress/6.7.2; https://bakingsecurityin.com"
198.54.114.83 - - [30/Mar/2025:00:18:57 -0400] "POST /wp-cron.php?doing_wp_cron=1743308337.0290319919586181640625 HTTP/1.1" 200 0 "-" "WordPress/6.7.2; https://bakingsecurityin.com"
51.222.253.6 - - [30/Mar/2025:00:18:55 -0400] "GET /the-rise-of-stake-ator-revolutionizing-stakeholder-engagement/ HTTP/1.1" 200 0 "-" "Mozilla/5.0 (compatible; AhrefsBot/7.0; +http://ahrefs.com/robot/)"
198.54.114.83 - - [30/Mar/2025:00:18:57 -0400] "POST /wp-admin/admin-ajax.php?action=async_litespeed&nonce=PapQEg6jfTVPxvepeNw0lVhMMXvvjdNF&litespeed_type=imgoptm HTTP/1.1" 200 5 "-" "WordPress/6.7.2; https://bakingsecurityin.com"
198.54.114.83 - - [30/Mar/2025:00:20:25 -0400] "POST /wp-cron.php?doing_wp_cron=1743308425.2557621002197265625000 HTTP/1.1" 200 0 "-" "WordPress/6.7.2; https://bakingsecurityin.com"
51.222.253.8 - - [30/Mar/2025:00:20:24 -0400] "GET /category/activity/page/30/ HTTP/1.1" 200 0 "-" "Mozilla/5.0 (compatible; AhrefsBot/7.0; +http://ahrefs.com/robot/)"
198.54.114.83 - - [30/Mar/2025:00:20:25 -0400] "POST /wp-admin/admin-ajax.php?action=async_litespeed&nonce=16xpqj8bpzGBTbSGctNUu1Huem53AeuN&litespeed_type=imgoptm HTTP/1.1" 200 5 "-" "WordPress/6.7.2; https://bakingsecurityin.com"
198.54.114.83 - - [30/Mar/2025:00:21:46 -0400] "POST /wp-cron.php?doing_wp_cron=1743308506.4965810775756835937500 HTTP/1.1" 200 0 "-" "WordPress/6.7.2; https://bakingsecurityin.com"
51.222.253.2 - - [30/Mar/2025:00:21:46 -0400] "GET /how-to-buy-likes-for-instagram/ HTTP/1.1" 200 0 "-" "Mozilla/5.0 (compatible; AhrefsBot/7.0; +http://ahrefs.com/robot/)"
198.54.114.83 - - [30/Mar/2025:00:21:46 -0400] "POST /wp-admin/admin-ajax.php?action=async_litespeed&nonce=G3o1tShLnCX8ycocUALuSSuPdQdEAhuS&litespeed_type=imgoptm HTTP/1.1" 200 5 "-" "WordPress/6.7.2; https://bakingsecurityin.com"
43.156.91.114 - - [30/Mar/2025:00:22:24 -0400] "GET /wp-content/plugins/WordPressCore/include.php HTTP/1.1" 404 0 "-" "Mozlila/5.0 (Linux; Android 7.0; SM-G892A Bulid/NRD90M; wv) AppleWebKit/537.36 (KHTML, like Gecko) Version/4.0 Chrome/60.0.3112.107 Moblie Safari/537.36"
43.156.91.114 - - [30/Mar/2025:00:22:34 -0400] "GET /wp-content/plugins/WordPressCore/include.php HTTP/1.1" 404 0 "-" "Mozlila/5.0 (Linux; Android 7.0; SM-G892A Bulid/NRD90M; wv) AppleWebKit/537.36 (KHTML, like Gecko) Version/4.0 Chrome/60.0.3112.107 Moblie Safari/537.36"
198.54.114.83 - - [30/Mar/2025:00:22:42 -0400] "POST /wp-cron.php?doing_wp_cron=1743308562.2638370990753173828125 HTTP/1.1" 200 0 "-" "WordPress/6.7.2; https://bakingsecurityin.com"
43.156.91.114 - - [30/Mar/2025:00:22:42 -0400] "GET /wp-content/themes/include.php HTTP/1.1" 404 0 "-" "Mozlila/5.0 (Linux; Android 7.0; SM-G892A Bulid/NRD90M; wv) AppleWebKit/537.36 (KHTML, like Gecko) Version/4.0 Chrome/60.0.3112.107 Moblie Safari/537.36"
198.54.114.83 - - [30/Mar/2025:00:22:42 -0400] "POST /wp-admin/admin-ajax.php?action=async_litespeed&nonce=ONZ1rJWBQWAghqTv4468iOfqgtK4Xon3&litespeed_type=imgoptm HTTP/1.1" 200 5 "-" "WordPress/6.7.2; https://bakingsecurityin.com"
43.156.91.114 - - [30/Mar/2025:00:22:57 -0400] "GET /wp-content/themes/include.php HTTP/1.1" 404 0 "-" "Mozlila/5.0 (Linux; Android 7.0; SM-G892A Bulid/NRD90M; wv) AppleWebKit/537.36 (KHTML, like Gecko) Version/4.0 Chrome/60.0.3112.107 Moblie Safari/537.36"
51.222.253.10 - - [30/Mar/2025:00:23:07 -0400] "GET /faszinierende-moderne-einblicke-in-die-welt-der-hangelampen/ HTTP/1.1" 200 0 "-" "Mozilla/5.0 (compatible; AhrefsBot/7.0; +http://ahrefs.com/robot/)"
198.54.114.83 - - [30/Mar/2025:00:24:34 -0400] "POST /wp-cron.php?doing_wp_cron=1743308674.2690889835357666015625 HTTP/1.1" 200 0 "-" "WordPress/6.7.2; https://bakingsecurityin.com"
51.222.253.2 - - [30/Mar/2025:00:24:32 -0400] "GET /exploring-the-midtown-modern-showflat/ HTTP/1.1" 200 0 "-" "Mozilla/5.0 (compatible; AhrefsBot/7.0; +http://ahrefs.com/robot/)"
198.54.114.83 - - [30/Mar/2025:00:24:34 -0400] "POST /wp-admin/admin-ajax.php?action=async_litespeed&nonce=zBAaExSKQwH6p0nRvu8whpTepl3t7ii3&litespeed_type=imgoptm HTTP/1.1" 200 5 "-" "WordPress/6.7.2; https://bakingsecurityin.com"
198.54.114.83 - - [30/Mar/2025:00:25:55 -0400] "POST /wp-cron.php?doing_wp_cron=1743308755.3994901180267333984375 HTTP/1.1" 200 0 "-" "WordPress/6.7.2; https://bakingsecurityin.com"
51.222.253.17 - - [30/Mar/2025:00:25:55 -0400] "GET /cbd-gummies-another-benefit-healthy-skin/feed/ HTTP/1.1" 200 423 "-" "Mozilla/5.0 (compatible; AhrefsBot/7.0; +http://ahrefs.com/robot/)"
198.54.114.83 - - [30/Mar/2025:00:25:56 -0400] "POST /wp-admin/admin-ajax.php?action=async_litespeed&nonce=lskhwApFEVd71ORK5IrB3IikrnSsgCpf&litespeed_type=imgoptm HTTP/1.1" 200 5 "-" "WordPress/6.7.2; https://bakingsecurityin.com"
136.243.228.193 - - [30/Mar/2025:00:26:51 -0400] "GET /gambling-sites-101/ HTTP/1.1" 200 0 "-" "Mozilla/5.0 (compatible; DataForSeoBot/1.0; +https://dataforseo.com/dataforseo-bot)"
51.222.253.11 - - [30/Mar/2025:00:27:14 -0400] "GET /the-realm-of-money-lenders-in-singapore/ HTTP/1.1" 200 0 "-" "Mozilla/5.0 (compatible; AhrefsBot/7.0; +http://ahrefs.com/robot/)"
198.54.114.83 - - [30/Mar/2025:00:28:42 -0400] "POST /wp-cron.php?doing_wp_cron=1743308921.8996210098266601562500 HTTP/1.1" 200 0 "-" "WordPress/6.7.2; https://bakingsecurityin.com"
51.222.253.1 - - [30/Mar/2025:00:28:40 -0400] "GET /page/89/ HTTP/1.1" 200 0 "-" "Mozilla/5.0 (compatible; AhrefsBot/7.0; +http://ahrefs.com/robot/)"
198.54.114.83 - - [30/Mar/2025:00:28:42 -0400] "POST /wp-admin/admin-ajax.php?action=async_litespeed&nonce=MFlwQ56gdVB4gMN1EoDrEhdVwAQAfXuK&litespeed_type=imgoptm HTTP/1.1" 200 5 "-" "WordPress/6.7.2; https://bakingsecurityin.com"
198.54.114.83 - - [30/Mar/2025:00:30:12 -0400] "POST /wp-cron.php?doing_wp_cron=1743309012.3400409221649169921875 HTTP/1.1" 200 0 "-" "WordPress/6.7.2; https://bakingsecurityin.com"
51.222.253.11 - - [30/Mar/2025:00:30:09 -0400] "GET /category/activity/page/85/ HTTP/1.1" 200 0 "-" "Mozilla/5.0 (compatible; AhrefsBot/7.0; +http://ahrefs.com/robot/)"
198.54.114.83 - - [30/Mar/2025:00:30:12 -0400] "POST /wp-admin/admin-ajax.php?action=async_litespeed&nonce=bGEZBZr58KvXcsC1SeRKxvUaFMbdeoSI&litespeed_type=imgoptm HTTP/1.1" 200 5 "-" "WordPress/6.7.2; https://bakingsecurityin.com"
198.54.114.83 - - [30/Mar/2025:00:31:51 -0400] "POST /wp-cron.php?doing_wp_cron=1743309110.7489759922027587890625 HTTP/1.1" 200 0 "-" "WordPress/6.7.2; https://bakingsecurityin.com"
51.222.253.11 - - [30/Mar/2025:00:31:49 -0400] "GET /category/activity/page/87/ HTTP/1.1" 200 0 "-" "Mozilla/5.0 (compatible; AhrefsBot/7.0; +http://ahrefs.com/robot/)"
198.54.114.83 - - [30/Mar/2025:00:31:51 -0400] "POST /wp-admin/admin-ajax.php?action=async_litespeed&nonce=QPAKKCyJXM47rTyI6aPbQd9xQA5WHDSO&litespeed_type=imgoptm HTTP/1.1" 200 5 "-" "WordPress/6.7.2; https://bakingsecurityin.com"
198.54.114.83 - - [30/Mar/2025:00:33:11 -0400] "POST /wp-cron.php?doing_wp_cron=1743309191.2331159114837646484375 HTTP/1.1" 200 0 "-" "WordPress/6.7.2; https://bakingsecurityin.com"
51.222.253.9 - - [30/Mar/2025:00:33:11 -0400] "GET /money-management-for-sports-betting-success-a-fundamental-strategy-to-grind-out-long-term-profits/ HTTP/1.1" 200 0 "-" "Mozilla/5.0 (compatible; AhrefsBot/7.0; +http://ahrefs.com/robot/)"
198.54.114.83 - - [30/Mar/2025:00:33:11 -0400] "POST /wp-admin/admin-ajax.php?action=async_litespeed&nonce=przeedAg2pz2iXHcvIQaAAsDTNFTK5cU&litespeed_type=imgoptm HTTP/1.1" 200 5 "-" "WordPress/6.7.2; https://bakingsecurityin.com"
198.54.114.83 - - [30/Mar/2025:00:34:29 -0400] "POST /wp-cron.php?doing_wp_cron=1743309269.6168990135192871093750 HTTP/1.1" 200 0 "-" "WordPress/6.7.2; https://bakingsecurityin.com"
51.222.253.1 - - [30/Mar/2025:00:34:29 -0400] "GET /how-to-rent-a-car-pishtina/ HTTP/1.1" 200 0 "-" "Mozilla/5.0 (compatible; AhrefsBot/7.0; +http://ahrefs.com/robot/)"
198.54.114.83 - - [30/Mar/2025:00:34:30 -0400] "POST /wp-admin/admin-ajax.php?action=async_litespeed&nonce=3SkhsayWaEirJL4k9Qj4FE9XOyk4IJyl&litespeed_type=imgoptm HTTP/1.1" 200 5 "-" "WordPress/6.7.2; https://bakingsecurityin.com"
52.167.144.191 - - [30/Mar/2025:00:35:12 -0400] "GET /the-international-gaming-awards-2011/feed/ HTTP/1.1" 200 391 "-" "Mozilla/5.0 AppleWebKit/537.36 (KHTML, like Gecko; compatible; bingbot/2.0; +http://www.bing.com/bingbot.htm) Chrome/116.0.1938.76 Safari/537.36"
52.167.144.139 - - [30/Mar/2025:00:35:16 -0400] "GET /die-unterschiede-zwischen-einem-baukredit-und-einer-hypothek/feed/ HTTP/1.1" 200 433 "-" "Mozilla/5.0 AppleWebKit/537.36 (KHTML, like Gecko; compatible; bingbot/2.0; +http://www.bing.com/bingbot.htm) Chrome/116.0.1938.76 Safari/537.36"
198.54.114.83 - - [30/Mar/2025:00:35:49 -0400] "POST /wp-cron.php?doing_wp_cron=1743309349.5250210762023925781250 HTTP/1.1" 200 0 "-" "WordPress/6.7.2; https://bakingsecurityin.com"
51.222.253.18 - - [30/Mar/2025:00:35:49 -0400] "GET /how-to-select-wool-ski-socks/ HTTP/1.1" 200 0 "-" "Mozilla/5.0 (compatible; AhrefsBot/7.0; +http://ahrefs.com/robot/)"
198.54.114.83 - - [30/Mar/2025:00:35:49 -0400] "POST /wp-admin/admin-ajax.php?action=async_litespeed&nonce=y6GqTLLI1mTIqfnCJNWQVEVl0WLeCdsx&litespeed_type=imgoptm HTTP/1.1" 200 5 "-" "WordPress/6.7.2; https://bakingsecurityin.com"
198.54.114.83 - - [30/Mar/2025:00:37:19 -0400] "POST /wp-cron.php?doing_wp_cron=1743309439.7051420211791992187500 HTTP/1.1" 200 0 "-" "WordPress/6.7.2; https://bakingsecurityin.com"
51.222.253.10 - - [30/Mar/2025:00:37:17 -0400] "GET /how-a-solid-conservatory-roof-can-transform-your-conservatory/ HTTP/1.1" 200 0 "-" "Mozilla/5.0 (compatible; AhrefsBot/7.0; +http://ahrefs.com/robot/)"
198.54.114.83 - - [30/Mar/2025:00:37:20 -0400] "POST /wp-admin/admin-ajax.php?action=async_litespeed&nonce=0shck1qED2E7EjvAFHTKcLJJhfprB2Ch&litespeed_type=imgoptm HTTP/1.1" 200 5 "-" "WordPress/6.7.2; https://bakingsecurityin.com"
198.54.114.83 - - [30/Mar/2025:00:38:37 -0400] "POST /wp-cron.php?doing_wp_cron=1743309517.0320799350738525390625 HTTP/1.1" 200 0 "-" "WordPress/6.7.2; https://bakingsecurityin.com"
51.222.253.5 - - [30/Mar/2025:00:38:36 -0400] "GET /hattingen-deutschland-heimat-einer-vielzahl-historischer-wahrzeichen/ HTTP/1.1" 200 0 "-" "Mozilla/5.0 (compatible; AhrefsBot/7.0; +http://ahrefs.com/robot/)"
198.54.114.83 - - [30/Mar/2025:00:38:37 -0400] "POST /wp-admin/admin-ajax.php?action=async_litespeed&nonce=4wbVpEfD0eI6LIOAw0CS6nPC3Mjw6G4O&litespeed_type=imgoptm HTTP/1.1" 200 5 "-" "WordPress/6.7.2; https://bakingsecurityin.com"
198.54.114.83 - - [30/Mar/2025:00:39:56 -0400] "POST /wp-cron.php?doing_wp_cron=1743309596.4126029014587402343750 HTTP/1.1" 200 0 "-" "WordPress/6.7.2; https://bakingsecurityin.com"
51.222.253.13 - - [30/Mar/2025:00:39:56 -0400] "GET /page/41/ HTTP/1.1" 200 0 "-" "Mozilla/5.0 (compatible; AhrefsBot/7.0; +http://ahrefs.com/robot/)"
198.54.114.83 - - [30/Mar/2025:00:39:56 -0400] "POST /wp-admin/admin-ajax.php?action=async_litespeed&nonce=sj6VtJWaHmZdLh8z4YvKGmik12v3XcTN&litespeed_type=imgoptm HTTP/1.1" 200 5 "-" "WordPress/6.7.2; https://bakingsecurityin.com"
198.54.114.83 - - [30/Mar/2025:00:41:25 -0400] "POST /wp-cron.php?doing_wp_cron=1743309685.6086521148681640625000 HTTP/1.1" 200 0 "-" "WordPress/6.7.2; https://bakingsecurityin.com"
51.222.253.6 - - [30/Mar/2025:00:41:24 -0400] "GET /send-a-voice-message-on-iphone/ HTTP/1.1" 200 0 "-" "Mozilla/5.0 (compatible; AhrefsBot/7.0; +http://ahrefs.com/robot/)"
198.54.114.83 - - [30/Mar/2025:00:41:25 -0400] "POST /wp-admin/admin-ajax.php?action=async_litespeed&nonce=WAqruNPKQzgo5eaVotSJYb1ZJDChbXKL&litespeed_type=imgoptm HTTP/1.1" 200 5 "-" "WordPress/6.7.2; https://bakingsecurityin.com"
198.54.114.83 - - [30/Mar/2025:00:42:41 -0400] "POST /wp-cron.php?doing_wp_cron=1743309761.6311340332031250000000 HTTP/1.1" 200 0 "-" "WordPress/6.7.2; https://bakingsecurityin.com"
51.222.253.20 - - [30/Mar/2025:00:42:41 -0400] "GET /snapchat-group-chats/ HTTP/1.1" 200 0 "-" "Mozilla/5.0 (compatible; AhrefsBot/7.0; +http://ahrefs.com/robot/)"
198.54.114.83 - - [30/Mar/2025:00:42:41 -0400] "POST /wp-admin/admin-ajax.php?action=async_litespeed&nonce=Wp1DG9tftGcCG3YVC04T1sGzWLJI0QFn&litespeed_type=imgoptm HTTP/1.1" 200 5 "-" "WordPress/6.7.2; https://bakingsecurityin.com"
85.208.96.200 - - [30/Mar/2025:00:43:11 -0400] "GET /unveiling-the-importance-of-corporate-event-entertainment/ HTTP/1.1" 200 0 "-" "Mozilla/5.0 (compatible; SemrushBot/7~bl; +http://www.semrush.com/bot.html)"
198.54.114.83 - - [30/Mar/2025:00:44:04 -0400] "POST /wp-cron.php?doing_wp_cron=1743309844.2098350524902343750000 HTTP/1.1" 200 0 "-" "WordPress/6.7.2; https://bakingsecurityin.com"
51.222.253.4 - - [30/Mar/2025:00:44:04 -0400] "GET /exploring-the-elegance-of-lentoria-condo/ HTTP/1.1" 200 0 "-" "Mozilla/5.0 (compatible; AhrefsBot/7.0; +http://ahrefs.com/robot/)"
198.54.114.83 - - [30/Mar/2025:00:44:04 -0400] "POST /wp-admin/admin-ajax.php?action=async_litespeed&nonce=nu3vgmXzoxSpXabp7TrpjY7kIMrTstfp&litespeed_type=imgoptm HTTP/1.1" 200 5 "-" "WordPress/6.7.2; https://bakingsecurityin.com"
85.208.96.199 - - [30/Mar/2025:00:44:06 -0400] "GET /le-poncho-de-surf-laccessoire-indispensable-pour-les-surfeurs/ HTTP/1.1" 200 0 "-" "Mozilla/5.0 (compatible; SemrushBot/7~bl; +http://www.semrush.com/bot.html)"
198.54.114.83 - - [30/Mar/2025:00:45:18 -0400] "POST /wp-cron.php?doing_wp_cron=1743309918.5675399303436279296875 HTTP/1.1" 200 0 "-" "WordPress/6.7.2; https://bakingsecurityin.com"
51.222.253.18 - - [30/Mar/2025:00:45:18 -0400] "GET /the-thrills-of-online-casinos-a-gateway-to-entertainment-and-fortune/ HTTP/1.1" 200 0 "-" "Mozilla/5.0 (compatible; AhrefsBot/7.0; +http://ahrefs.com/robot/)"
198.54.114.83 - - [30/Mar/2025:00:45:19 -0400] "POST /wp-admin/admin-ajax.php?action=async_litespeed&nonce=3HR3v6BkMFBDVZ35leGDQv2xtueR3Dg5&litespeed_type=imgoptm HTTP/1.1" 200 5 "-" "WordPress/6.7.2; https://bakingsecurityin.com"
198.54.114.83 - - [30/Mar/2025:00:46:37 -0400] "POST /wp-cron.php?doing_wp_cron=1743309997.5670878887176513671875 HTTP/1.1" 200 0 "-" "WordPress/6.7.2; https://bakingsecurityin.com"
51.222.253.8 - - [30/Mar/2025:00:46:37 -0400] "GET /wine-tours-willamette-valley/ HTTP/1.1" 200 0 "-" "Mozilla/5.0 (compatible; AhrefsBot/7.0; +http://ahrefs.com/robot/)"
198.54.114.83 - - [30/Mar/2025:00:46:38 -0400] "POST /wp-admin/admin-ajax.php?action=async_litespeed&nonce=L0RsQM0pR3UuS60Uk6ZLTk4TxSIT6msP&litespeed_type=imgoptm HTTP/1.1" 200 5 "-" "WordPress/6.7.2; https://bakingsecurityin.com"
109.236.93.77 - - [30/Mar/2025:00:47:22 -0400] "GET /is-it-legal-to-buy-cbd-in-the-uk HTTP/1.1" 301 0 "-" "Mozilla/5.0 (Windows NT 10.0; Win64; x64) AppleWebKit/537.36 (KHTML, like Gecko) Chrome/118.0.0.0 Safari/537.36"
109.236.93.77 - - [30/Mar/2025:00:47:24 -0400] "GET /is-it-legal-to-buy-cbd-in-the-uk/ HTTP/1.1" 200 0 "-" "Mozilla/5.0 (Windows NT 10.0; Win64; x64) AppleWebKit/537.36 (KHTML, like Gecko) Chrome/118.0.0.0 Safari/537.36"
198.54.114.83 - - [30/Mar/2025:00:47:49 -0400] "POST /wp-cron.php?doing_wp_cron=1743310069.3776168823242187500000 HTTP/1.1" 200 0 "-" "WordPress/6.7.2; https://bakingsecurityin.com"
51.222.253.5 - - [30/Mar/2025:00:47:49 -0400] "GET /how-to-get-the-most-out-of-a-rental-led-screen/ HTTP/1.1" 200 0 "-" "Mozilla/5.0 (compatible; AhrefsBot/7.0; +http://ahrefs.com/robot/)"
198.54.114.83 - - [30/Mar/2025:00:47:49 -0400] "POST /wp-admin/admin-ajax.php?action=async_litespeed&nonce=4K8csk43lASuivR0EtSklo9zOhOoCo0C&litespeed_type=imgoptm HTTP/1.1" 200 5 "-" "WordPress/6.7.2; https://bakingsecurityin.com"
198.54.114.83 - - [30/Mar/2025:00:49:08 -0400] "POST /wp-cron.php?doing_wp_cron=1743310148.0710570812225341796875 HTTP/1.1" 200 0 "-" "WordPress/6.7.2; https://bakingsecurityin.com"
51.222.253.6 - - [30/Mar/2025:00:49:07 -0400] "GET /the-different-types-of-voice-over-work-that-you-can-do/ HTTP/1.1" 200 0 "-" "Mozilla/5.0 (compatible; AhrefsBot/7.0; +http://ahrefs.com/robot/)"
198.54.114.83 - - [30/Mar/2025:00:49:08 -0400] "POST /wp-admin/admin-ajax.php?action=async_litespeed&nonce=GKd21iHXdTbKT2xuVGFSXHBoz6bqYlKO&litespeed_type=imgoptm HTTP/1.1" 200 5 "-" "WordPress/6.7.2; https://bakingsecurityin.com"
198.54.114.83 - - [30/Mar/2025:00:50:35 -0400] "POST /wp-cron.php?doing_wp_cron=1743310235.1113429069519042968750 HTTP/1.1" 200 0 "-" "WordPress/6.7.2; https://bakingsecurityin.com"
51.222.253.12 - - [30/Mar/2025:00:50:33 -0400] "GET /category/activity/page/90/ HTTP/1.1" 200 0 "-" "Mozilla/5.0 (compatible; AhrefsBot/7.0; +http://ahrefs.com/robot/)"
198.54.114.83 - - [30/Mar/2025:00:50:35 -0400] "POST /wp-admin/admin-ajax.php?action=async_litespeed&nonce=JLKXpmrQ1X0K3Dh7RX4fQDsSOnBCzR5w&litespeed_type=imgoptm HTTP/1.1" 200 5 "-" "WordPress/6.7.2; https://bakingsecurityin.com"
198.54.114.83 - - [30/Mar/2025:00:51:56 -0400] "POST /wp-cron.php?doing_wp_cron=1743310316.8335020542144775390625 HTTP/1.1" 200 0 "-" "WordPress/6.7.2; https://bakingsecurityin.com"
51.222.253.1 - - [30/Mar/2025:00:51:56 -0400] "GET /consejos-para-mantener-su-brillo/ HTTP/1.1" 200 0 "-" "Mozilla/5.0 (compatible; AhrefsBot/7.0; +http://ahrefs.com/robot/)"
198.54.114.83 - - [30/Mar/2025:00:51:57 -0400] "POST /wp-admin/admin-ajax.php?action=async_litespeed&nonce=TE5KI44Xcr6HTMvouu9j0EaFqH1kn476&litespeed_type=imgoptm HTTP/1.1" 200 5 "-" "WordPress/6.7.2; https://bakingsecurityin.com"
198.54.114.83 - - [30/Mar/2025:00:53:22 -0400] "POST /wp-cron.php?doing_wp_cron=1743310401.8638439178466796875000 HTTP/1.1" 200 0 "-" "WordPress/6.7.2; https://bakingsecurityin.com"
51.222.253.9 - - [30/Mar/2025:00:53:19 -0400] "GET /used-beauty-salon-equipment-what-the-customers-dont-know-wont-kill-em/ HTTP/1.1" 200 0 "-" "Mozilla/5.0 (compatible; AhrefsBot/7.0; +http://ahrefs.com/robot/)"
198.54.114.83 - - [30/Mar/2025:00:53:22 -0400] "POST /wp-admin/admin-ajax.php?action=async_litespeed&nonce=9AILHjPlbL3GoY7AwNd0wM8R4c1EVXKa&litespeed_type=imgoptm HTTP/1.1" 200 5 "-" "WordPress/6.7.2; https://bakingsecurityin.com"
157.55.39.13 - - [30/Mar/2025:00:54:31 -0400] "GET /a-closer-look-at-a-michael-kors-womens-bag/feed/ HTTP/1.1" 200 426 "-" "Mozilla/5.0 AppleWebKit/537.36 (KHTML, like Gecko; compatible; bingbot/2.0; +http://www.bing.com/bingbot.htm) Chrome/116.0.1938.76 Safari/537.36"
198.54.114.83 - - [30/Mar/2025:00:54:38 -0400] "POST /wp-cron.php?doing_wp_cron=1743310478.1675879955291748046875 HTTP/1.1" 200 0 "-" "WordPress/6.7.2; https://bakingsecurityin.com"
51.222.253.19 - - [30/Mar/2025:00:54:38 -0400] "GET /the-pioneering-ivf-clinic-in-sharjah/ HTTP/1.1" 200 0 "-" "Mozilla/5.0 (compatible; AhrefsBot/7.0; +http://ahrefs.com/robot/)"
198.54.114.83 - - [30/Mar/2025:00:54:38 -0400] "POST /wp-admin/admin-ajax.php?action=async_litespeed&nonce=JXZHnPyzns5WgRcPu3QCvnakZJVigj9U&litespeed_type=imgoptm HTTP/1.1" 200 5 "-" "WordPress/6.7.2; https://bakingsecurityin.com"
198.54.114.83 - - [30/Mar/2025:00:55:53 -0400] "POST /wp-cron.php?doing_wp_cron=1743310553.5564539432525634765625 HTTP/1.1" 200 0 "-" "WordPress/6.7.2; https://bakingsecurityin.com"
51.222.253.8 - - [30/Mar/2025:00:55:53 -0400] "GET /enjoy-the-convenience-of-online-delivery-services/ HTTP/1.1" 200 0 "-" "Mozilla/5.0 (compatible; AhrefsBot/7.0; +http://ahrefs.com/robot/)"
198.54.114.83 - - [30/Mar/2025:00:55:54 -0400] "POST /wp-admin/admin-ajax.php?action=async_litespeed&nonce=ghTTQAwcK43ZBd6YZxQv4sfgkV8eMU9R&litespeed_type=imgoptm HTTP/1.1" 200 5 "-" "WordPress/6.7.2; https://bakingsecurityin.com"
198.54.114.83 - - [30/Mar/2025:00:57:16 -0400] "POST /wp-cron.php?doing_wp_cron=1743310636.1042609214782714843750 HTTP/1.1" 200 0 "-" "WordPress/6.7.2; https://bakingsecurityin.com"
51.222.253.16 - - [30/Mar/2025:00:57:16 -0400] "GET /category/activity/page/43/ HTTP/1.1" 200 0 "-" "Mozilla/5.0 (compatible; AhrefsBot/7.0; +http://ahrefs.com/robot/)"
198.54.114.83 - - [30/Mar/2025:00:57:16 -0400] "POST /wp-admin/admin-ajax.php?action=async_litespeed&nonce=8r6AvezkxYFiLqNM7fDS95XMD3shmWaY&litespeed_type=imgoptm HTTP/1.1" 200 5 "-" "WordPress/6.7.2; https://bakingsecurityin.com"
198.54.114.83 - - [30/Mar/2025:00:58:44 -0400] "POST /wp-cron.php?doing_wp_cron=1743310724.6581211090087890625000 HTTP/1.1" 200 0 "-" "WordPress/6.7.2; https://bakingsecurityin.com"
51.222.253.12 - - [30/Mar/2025:00:58:43 -0400] "GET /category/activity/page/35/ HTTP/1.1" 200 0 "-" "Mozilla/5.0 (compatible; AhrefsBot/7.0; +http://ahrefs.com/robot/)"
198.54.114.83 - - [30/Mar/2025:00:58:44 -0400] "POST /wp-admin/admin-ajax.php?action=async_litespeed&nonce=UECtTNXElV83jzqIdfJG9ONCWg84fuHg&litespeed_type=imgoptm HTTP/1.1" 200 5 "-" "WordPress/6.7.2; https://bakingsecurityin.com"
198.54.114.83 - - [30/Mar/2025:01:00:09 -0400] "POST /wp-cron.php?doing_wp_cron=1743310809.8601820468902587890625 HTTP/1.1" 200 0 "-" "WordPress/6.7.2; https://bakingsecurityin.com"
51.222.253.4 - - [30/Mar/2025:01:00:08 -0400] "GET /resolving-party-wall-disputes-amicably/ HTTP/1.1" 200 0 "-" "Mozilla/5.0 (compatible; AhrefsBot/7.0; +http://ahrefs.com/robot/)"
198.54.114.83 - - [30/Mar/2025:01:00:10 -0400] "POST /wp-admin/admin-ajax.php?action=async_litespeed&nonce=hi5AuaGfFTn10yTxws0aOI3yF2lVodI5&litespeed_type=imgoptm HTTP/1.1" 200 5 "-" "WordPress/6.7.2; https://bakingsecurityin.com"
162.55.94.175 - - [30/Mar/2025:01:00:27 -0400] "GET /gitarrenunterricht-in-essen-fur-anfanger-und-experten/ HTTP/1.1" 200 0 "-" "Mozilla/5.0 (Windows NT 10.0; Win64; x64) AppleWebKit/537.36 (KHTML, like Gecko) Chrome/107.0.0.0 Safari/537.36"
198.54.114.83 - - [30/Mar/2025:01:01:43 -0400] "POST /wp-cron.php?doing_wp_cron=1743310903.7692298889160156250000 HTTP/1.1" 200 0 "-" "WordPress/6.7.2; https://bakingsecurityin.com"
51.222.253.19 - - [30/Mar/2025:01:01:43 -0400] "GET /watten-house-a-new-launch-condo-in-bukit-timah/feed/ HTTP/1.1" 200 437 "-" "Mozilla/5.0 (compatible; AhrefsBot/7.0; +http://ahrefs.com/robot/)"
198.54.114.83 - - [30/Mar/2025:01:01:44 -0400] "POST /wp-admin/admin-ajax.php?action=async_litespeed&nonce=hbee9CUh152ByRzp9khfgfDzob3SYQGh&litespeed_type=imgoptm HTTP/1.1" 200 5 "-" "WordPress/6.7.2; https://bakingsecurityin.com"
157.55.39.6 - - [30/Mar/2025:01:02:03 -0400] "GET /2024/03/ HTTP/1.1" 200 0 "-" "Mozilla/5.0 AppleWebKit/537.36 (KHTML, like Gecko; compatible; bingbot/2.0; +http://www.bing.com/bingbot.htm) Chrome/116.0.1938.76 Safari/537.36"
198.54.114.83 - - [30/Mar/2025:01:03:36 -0400] "POST /wp-cron.php?doing_wp_cron=1743311016.4265460968017578125000 HTTP/1.1" 200 0 "-" "WordPress/6.7.2; https://bakingsecurityin.com"
51.222.253.7 - - [30/Mar/2025:01:03:34 -0400] "GET /how-to-find-a-sex-therapist-san-diego/feed/ HTTP/1.1" 200 411 "-" "Mozilla/5.0 (compatible; AhrefsBot/7.0; +http://ahrefs.com/robot/)"
198.54.114.83 - - [30/Mar/2025:01:03:36 -0400] "POST /wp-admin/admin-ajax.php?action=async_litespeed&nonce=Pf7gFV2BQTJwChQSM8EqUksSaTnAZIgm&litespeed_type=imgoptm HTTP/1.1" 200 5 "-" "WordPress/6.7.2; https://bakingsecurityin.com"
198.54.114.83 - - [30/Mar/2025:01:04:50 -0400] "POST /wp-cron.php?doing_wp_cron=1743311090.2809329032897949218750 HTTP/1.1" 200 0 "-" "WordPress/6.7.2; https://bakingsecurityin.com"
20.171.207.236 - - [30/Mar/2025:01:04:50 -0400] "GET /juro-explainer-what-is-an-attorney/ HTTP/1.1" 200 0 "-" "Mozilla/5.0 AppleWebKit/537.36 (KHTML, like Gecko; compatible; GPTBot/1.2; +https://openai.com/gptbot)"
198.54.114.83 - - [30/Mar/2025:01:04:50 -0400] "POST /wp-admin/admin-ajax.php?action=async_litespeed&nonce=0NwgLEY3lSqJjKCZ0Dn9bGankzPdEaBi&litespeed_type=imgoptm HTTP/1.1" 200 5 "-" "WordPress/6.7.2; https://bakingsecurityin.com"
51.222.253.7 - - [30/Mar/2025:01:04:59 -0400] "GET /small-business-loan-for-landscaping/feed/ HTTP/1.1" 200 395 "-" "Mozilla/5.0 (compatible; AhrefsBot/7.0; +http://ahrefs.com/robot/)"
136.243.228.193 - - [30/Mar/2025:01:06:44 -0400] "GET /buy-tiktok-saves-to-get-more-views-and-likes/ HTTP/1.1" 200 0 "-" "Mozilla/5.0 (compatible; DataForSeoBot/1.0; +https://dataforseo.com/dataforseo-bot)"
198.54.114.83 - - [30/Mar/2025:01:06:46 -0400] "POST /wp-cron.php?doing_wp_cron=1743311205.9652121067047119140625 HTTP/1.1" 200 0 "-" "WordPress/6.7.2; https://bakingsecurityin.com"
51.222.253.15 - - [30/Mar/2025:01:06:43 -0400] "GET /what-is-microsoft-azure-and-how-can-it-benefit-your-business/ HTTP/1.1" 200 0 "-" "Mozilla/5.0 (compatible; AhrefsBot/7.0; +http://ahrefs.com/robot/)"
198.54.114.83 - - [30/Mar/2025:01:06:46 -0400] "POST /wp-admin/admin-ajax.php?action=async_litespeed&nonce=sel9IF5TEagjovml3rnAPikfT9h2GkkK&litespeed_type=imgoptm HTTP/1.1" 200 5 "-" "WordPress/6.7.2; https://bakingsecurityin.com"
198.54.114.83 - - [30/Mar/2025:01:07:32 -0400] "POST /wp-admin/admin-ajax.php?action=async_litespeed&nonce=DxXbSj9BqGcvMWKtXpUUrn58iL5ropGR&litespeed_type=imgoptm HTTP/1.1" 200 5 "-" "WordPress/6.7.2; https://bakingsecurityin.com"
51.222.253.13 - - [30/Mar/2025:01:08:55 -0400] "GET /exploring-the-multicanais-phenomenon/ HTTP/1.1" 200 0 "-" "Mozilla/5.0 (compatible; AhrefsBot/7.0; +http://ahrefs.com/robot/)"
198.54.114.83 - - [30/Mar/2025:01:10:10 -0400] "POST /wp-admin/admin-ajax.php?action=async_litespeed&nonce=2TpBWNh4LnGUwuJHGrM5lWh4orBXv17v&litespeed_type=imgoptm HTTP/1.1" 200 0 "-" "WordPress/6.7.2; https://bakingsecurityin.com"
172.172.2.214 - - [30/Mar/2025:01:10:12 -0400] "HEAD /new-mega-launch-condo-at-dunman-road/ HTTP/1.1" 200 0 "http://bakingsecurityin.com/new" "Mozilla/5.0 (Windows NT 10.0; Win64; x64) AppleWebKit/537.36 (KHTML, like Gecko) Chrome/74.0.3729.169 Safari/537.36"
198.54.114.83 - - [30/Mar/2025:01:11:13 -0400] "POST /wp-cron.php?doing_wp_cron=1743311473.5528159141540527343750 HTTP/1.1" 200 0 "-" "WordPress/6.7.2; https://bakingsecurityin.com"
51.222.253.5 - - [30/Mar/2025:01:11:13 -0400] "GET /screen-recording-on-netflix/ HTTP/1.1" 200 0 "-" "Mozilla/5.0 (compatible; AhrefsBot/7.0; +http://ahrefs.com/robot/)"
198.54.114.83 - - [30/Mar/2025:01:11:14 -0400] "POST /wp-admin/admin-ajax.php?action=async_litespeed&nonce=RmYngq9SRhkDfS9b8pW3cACJgwFMMo4E&litespeed_type=imgoptm HTTP/1.1" 200 5 "-" "WordPress/6.7.2; https://bakingsecurityin.com"
198.54.114.83 - - [30/Mar/2025:01:13:03 -0400] "POST /wp-cron.php?doing_wp_cron=1743311583.4810791015625000000000 HTTP/1.1" 200 0 "-" "WordPress/6.7.2; https://bakingsecurityin.com"
51.222.253.15 - - [30/Mar/2025:01:13:01 -0400] "GET /where-to-place-runner-rugs/ HTTP/1.1" 200 0 "-" "Mozilla/5.0 (compatible; AhrefsBot/7.0; +http://ahrefs.com/robot/)"
198.54.114.83 - - [30/Mar/2025:01:13:04 -0400] "POST /wp-admin/admin-ajax.php?action=async_litespeed&nonce=HFKqU09wKT3fHdhcKDLVvH2c3OyQoL3c&litespeed_type=imgoptm HTTP/1.1" 200 5 "-" "WordPress/6.7.2; https://bakingsecurityin.com"
198.54.114.83 - - [30/Mar/2025:01:15:00 -0400] "POST /wp-cron.php?doing_wp_cron=1743311700.3671278953552246093750 HTTP/1.1" 200 0 "-" "WordPress/6.7.2; https://bakingsecurityin.com"
51.222.253.20 - - [30/Mar/2025:01:14:59 -0400] "GET /category/activity/page/72/ HTTP/1.1" 200 0 "-" "Mozilla/5.0 (compatible; AhrefsBot/7.0; +http://ahrefs.com/robot/)"
198.54.114.83 - - [30/Mar/2025:01:15:00 -0400] "POST /wp-admin/admin-ajax.php?action=async_litespeed&nonce=q42e2OiOK4tttHwX9LCKCTgOjU7byRnr&litespeed_type=imgoptm HTTP/1.1" 200 5 "-" "WordPress/6.7.2; https://bakingsecurityin.com"
54.36.148.122 - - [30/Mar/2025:01:16:33 -0400] "GET /robots.txt HTTP/1.1" 304 0 "-" "Mozilla/5.0 (compatible; AhrefsBot/7.0; +http://ahrefs.com/robot/)"
198.54.114.83 - - [30/Mar/2025:01:16:38 -0400] "POST /wp-cron.php?doing_wp_cron=1743311797.4333128929138183593750 HTTP/1.1" 200 0 "-" "WordPress/6.7.2; https://bakingsecurityin.com"
51.222.253.7 - - [30/Mar/2025:01:16:35 -0400] "GET /dachdecker-hamburg-rahlstedt/ HTTP/1.1" 200 0 "-" "Mozilla/5.0 (compatible; AhrefsBot/7.0; +http://ahrefs.com/robot/)"
198.54.114.83 - - [30/Mar/2025:01:16:38 -0400] "POST /wp-admin/admin-ajax.php?action=async_litespeed&nonce=19bcOyWXxl8v92FvRj5lXGr5ZnFHnz3e&litespeed_type=imgoptm HTTP/1.1" 200 5 "-" "WordPress/6.7.2; https://bakingsecurityin.com"
51.222.253.5 - - [30/Mar/2025:01:18:19 -0400] "GET /the-beginning-of-ice-and-the-convenience-of-ice-makers/ HTTP/1.1" 200 0 "-" "Mozilla/5.0 (compatible; AhrefsBot/7.0; +http://ahrefs.com/robot/)"
198.54.114.83 - - [30/Mar/2025:01:20:18 -0400] "POST /wp-cron.php?doing_wp_cron=1743312017.6392769813537597656250 HTTP/1.1" 200 0 "-" "WordPress/6.7.2; https://bakingsecurityin.com"
51.222.253.7 - - [30/Mar/2025:01:20:13 -0400] "GET /a-veterinarian-claims-that-fenbendazole-cures-cancer/ HTTP/1.1" 200 0 "-" "Mozilla/5.0 (compatible; AhrefsBot/7.0; +http://ahrefs.com/robot/)"
198.54.114.83 - - [30/Mar/2025:01:20:18 -0400] "POST /wp-admin/admin-ajax.php?action=async_litespeed&nonce=PR2AFvxVMUlz2BPCMsdl1DvZMrFenS0c&litespeed_type=imgoptm HTTP/1.1" 200 5 "-" "WordPress/6.7.2; https://bakingsecurityin.com"
198.54.114.83 - - [30/Mar/2025:01:22:11 -0400] "POST /wp-cron.php?doing_wp_cron=1743312130.7678749561309814453125 HTTP/1.1" 200 0 "-" "WordPress/6.7.2; https://bakingsecurityin.com"
51.222.253.2 - - [30/Mar/2025:01:22:09 -0400] "GET /page/55/ HTTP/1.1" 200 0 "-" "Mozilla/5.0 (compatible; AhrefsBot/7.0; +http://ahrefs.com/robot/)"
198.54.114.83 - - [30/Mar/2025:01:22:11 -0400] "POST /wp-admin/admin-ajax.php?action=async_litespeed&nonce=vqXfqUOe40cInTEnBwblncJa8cnQFlfK&litespeed_type=imgoptm HTTP/1.1" 200 5 "-" "WordPress/6.7.2; https://bakingsecurityin.com"
198.54.114.83 - - [30/Mar/2025:01:23:56 -0400] "POST /wp-cron.php?doing_wp_cron=1743312236.6508080959320068359375 HTTP/1.1" 200 0 "-" "WordPress/6.7.2; https://bakingsecurityin.com"
51.222.253.20 - - [30/Mar/2025:01:23:55 -0400] "GET /exploring-the-world-of-lab-diamond-rings-in-toronto/ HTTP/1.1" 200 0 "-" "Mozilla/5.0 (compatible; AhrefsBot/7.0; +http://ahrefs.com/robot/)"
198.54.114.83 - - [30/Mar/2025:01:23:57 -0400] "POST /wp-admin/admin-ajax.php?action=async_litespeed&nonce=uBj1Mi5GyeRn5nduFZY44n51C5LdP6bb&litespeed_type=imgoptm HTTP/1.1" 200 5 "-" "WordPress/6.7.2; https://bakingsecurityin.com"
198.54.114.83 - - [30/Mar/2025:01:25:36 -0400] "POST /wp-cron.php?doing_wp_cron=1743312335.8965470790863037109375 HTTP/1.1" 200 0 "-" "WordPress/6.7.2; https://bakingsecurityin.com"
51.222.253.8 - - [30/Mar/2025:01:25:34 -0400] "GET /page/60/ HTTP/1.1" 200 0 "-" "Mozilla/5.0 (compatible; AhrefsBot/7.0; +http://ahrefs.com/robot/)"
198.54.114.83 - - [30/Mar/2025:01:25:36 -0400] "POST /wp-admin/admin-ajax.php?action=async_litespeed&nonce=spvJNy0YBuLnHlaUNLslIU86SNM9a0cT&litespeed_type=imgoptm HTTP/1.1" 200 5 "-" "WordPress/6.7.2; https://bakingsecurityin.com"
198.54.114.83 - - [30/Mar/2025:01:27:08 -0400] "POST /wp-cron.php?doing_wp_cron=1743312428.4572019577026367187500 HTTP/1.1" 200 0 "-" "WordPress/6.7.2; https://bakingsecurityin.com"
51.222.253.14 - - [30/Mar/2025:01:27:07 -0400] "GET /unlocking-the-secrets-to-skyrocket-your-youtube-subscriber-count/ HTTP/1.1" 200 0 "-" "Mozilla/5.0 (compatible; AhrefsBot/7.0; +http://ahrefs.com/robot/)"
198.54.114.83 - - [30/Mar/2025:01:27:09 -0400] "POST /wp-admin/admin-ajax.php?action=async_litespeed&nonce=ua7qmlnyuj6NKEvGqPpstkyOIbPI9vs5&litespeed_type=imgoptm HTTP/1.1" 200 5 "-" "WordPress/6.7.2; https://bakingsecurityin.com"
43.131.254.47 - - [30/Mar/2025:01:28:12 -0400] "GET /why-you-should-outsource-image-masking-services/ HTTP/1.1" 200 0 "https://bakingsecurityin.com" "Mozilla/5.0 (Windows NT 10.0; Win64; x64) AppleWebKit/537.36 (KHTML, like Gecko) Chrome/62.0.3202.94 Safari/537.36"
198.54.114.83 - - [30/Mar/2025:01:28:39 -0400] "POST /wp-cron.php?doing_wp_cron=1743312519.1610190868377685546875 HTTP/1.1" 200 0 "-" "WordPress/6.7.2; https://bakingsecurityin.com"
51.222.253.14 - - [30/Mar/2025:01:28:38 -0400] "GET /discovering-unblocked-games-6x-a-gateway-to-fun/ HTTP/1.1" 200 0 "-" "Mozilla/5.0 (compatible; AhrefsBot/7.0; +http://ahrefs.com/robot/)"
198.54.114.83 - - [30/Mar/2025:01:28:39 -0400] "POST /wp-admin/admin-ajax.php?action=async_litespeed&nonce=zf1BqTL89MCazlWU3ArmmhsuvgqBLXmS&litespeed_type=imgoptm HTTP/1.1" 200 5 "-" "WordPress/6.7.2; https://bakingsecurityin.com"
198.54.114.83 - - [30/Mar/2025:01:30:04 -0400] "POST /wp-cron.php?doing_wp_cron=1743312603.9147899150848388671875 HTTP/1.1" 200 0 "-" "WordPress/6.7.2; https://bakingsecurityin.com"
51.222.253.19 - - [30/Mar/2025:01:30:02 -0400] "GET /buy-youtube-views-how-to-buy-youtube-views-legitimately/ HTTP/1.1" 200 0 "-" "Mozilla/5.0 (compatible; AhrefsBot/7.0; +http://ahrefs.com/robot/)"
198.54.114.83 - - [30/Mar/2025:01:30:05 -0400] "POST /wp-admin/admin-ajax.php?action=async_litespeed&nonce=wHTpQHG2mJ3rjnYcRB05VZRwrWRI721v&litespeed_type=imgoptm HTTP/1.1" 200 5 "-" "WordPress/6.7.2; https://bakingsecurityin.com"
198.54.114.83 - - [30/Mar/2025:01:31:31 -0400] "POST /wp-cron.php?doing_wp_cron=1743312691.0977139472961425781250 HTTP/1.1" 200 0 "-" "WordPress/6.7.2; https://bakingsecurityin.com"
51.222.253.16 - - [30/Mar/2025:01:31:29 -0400] "GET /category/activity/page/41/ HTTP/1.1" 200 0 "-" "Mozilla/5.0 (compatible; AhrefsBot/7.0; +http://ahrefs.com/robot/)"
198.54.114.83 - - [30/Mar/2025:01:31:31 -0400] "POST /wp-admin/admin-ajax.php?action=async_litespeed&nonce=cy7LykrhErl7yk8mYt8I95leNh4vYki8&litespeed_type=imgoptm HTTP/1.1" 200 5 "-" "WordPress/6.7.2; https://bakingsecurityin.com"
198.54.114.83 - - [30/Mar/2025:01:32:59 -0400] "POST /wp-cron.php?doing_wp_cron=1743312778.9021170139312744140625 HTTP/1.1" 200 0 "-" "WordPress/6.7.2; https://bakingsecurityin.com"
51.222.253.18 - - [30/Mar/2025:01:32:58 -0400] "GET /budgeting-for-a-vietnam-trip/feed/ HTTP/1.1" 200 397 "-" "Mozilla/5.0 (compatible; AhrefsBot/7.0; +http://ahrefs.com/robot/)"
198.54.114.83 - - [30/Mar/2025:01:32:59 -0400] "POST /wp-admin/admin-ajax.php?action=async_litespeed&nonce=YOHuZyO6PzHPmh5XhC1jRGfdrDFclx8E&litespeed_type=imgoptm HTTP/1.1" 200 5 "-" "WordPress/6.7.2; https://bakingsecurityin.com"
51.222.253.2 - - [30/Mar/2025:01:34:25 -0400] "GET /expertenrat-fur-kandidaten-die-gitarrenunterricht-fur-anfanger-nehmen/ HTTP/1.1" 200 0 "-" "Mozilla/5.0 (compatible; AhrefsBot/7.0; +http://ahrefs.com/robot/)"
198.54.114.83 - - [30/Mar/2025:01:34:32 -0400] "POST /wp-admin/admin-ajax.php?action=async_litespeed&nonce=6F7T6bQht8GFc6k6VDmagYtMK0w1XTzh&litespeed_type=imgoptm HTTP/1.1" 200 5 "-" "WordPress/6.7.2; https://bakingsecurityin.com"
198.54.114.83 - - [30/Mar/2025:01:35:51 -0400] "POST /wp-cron.php?doing_wp_cron=1743312951.2744910717010498046875 HTTP/1.1" 200 0 "-" "WordPress/6.7.2; https://bakingsecurityin.com"
51.222.253.3 - - [30/Mar/2025:01:35:51 -0400] "GET /1xbet-un-eventail-de-possibilites-dans-le-monde-des-paris-sportifs/ HTTP/1.1" 200 0 "-" "Mozilla/5.0 (compatible; AhrefsBot/7.0; +http://ahrefs.com/robot/)"
198.54.114.83 - - [30/Mar/2025:01:35:51 -0400] "POST /wp-admin/admin-ajax.php?action=async_litespeed&nonce=hzsuPXSfv4mHEUPRHAKP2RgM1RV2JbUn&litespeed_type=imgoptm HTTP/1.1" 200 5 "-" "WordPress/6.7.2; https://bakingsecurityin.com"
198.54.114.83 - - [30/Mar/2025:01:37:24 -0400] "POST /wp-cron.php?doing_wp_cron=1743313043.8735918998718261718750 HTTP/1.1" 200 0 "-" "WordPress/6.7.2; https://bakingsecurityin.com"
51.222.253.3 - - [30/Mar/2025:01:37:22 -0400] "GET /page/27/ HTTP/1.1" 200 0 "-" "Mozilla/5.0 (compatible; AhrefsBot/7.0; +http://ahrefs.com/robot/)"
198.54.114.83 - - [30/Mar/2025:01:37:24 -0400] "POST /wp-admin/admin-ajax.php?action=async_litespeed&nonce=m1yNi7N2mRj2FUEapCFczUnq7ErjW8d4&litespeed_type=imgoptm HTTP/1.1" 200 5 "-" "WordPress/6.7.2; https://bakingsecurityin.com"
198.54.114.83 - - [30/Mar/2025:01:38:54 -0400] "POST /wp-cron.php?doing_wp_cron=1743313133.6823000907897949218750 HTTP/1.1" 200 0 "-" "WordPress/6.7.2; https://bakingsecurityin.com"
51.222.253.11 - - [30/Mar/2025:01:38:51 -0400] "GET /page/6/ HTTP/1.1" 200 0 "-" "Mozilla/5.0 (compatible; AhrefsBot/7.0; +http://ahrefs.com/robot/)"
198.54.114.83 - - [30/Mar/2025:01:38:54 -0400] "POST /wp-admin/admin-ajax.php?action=async_litespeed&nonce=9odf5E8my8LcfGt5Ov08y4ZFkRy9nyLM&litespeed_type=imgoptm HTTP/1.1" 200 5 "-" "WordPress/6.7.2; https://bakingsecurityin.com"
198.54.114.83 - - [30/Mar/2025:01:40:29 -0400] "POST /wp-cron.php?doing_wp_cron=1743313228.9838430881500244140625 HTTP/1.1" 200 0 "-" "WordPress/6.7.2; https://bakingsecurityin.com"
51.222.253.16 - - [30/Mar/2025:01:40:27 -0400] "GET /what-to-look-for-in-an-online-casino/ HTTP/1.1" 200 0 "-" "Mozilla/5.0 (compatible; AhrefsBot/7.0; +http://ahrefs.com/robot/)"
198.54.114.83 - - [30/Mar/2025:01:40:29 -0400] "POST /wp-admin/admin-ajax.php?action=async_litespeed&nonce=z6AmvxoQwdCcupn1OPdyFa66VL9952fe&litespeed_type=imgoptm HTTP/1.1" 200 5 "-" "WordPress/6.7.2; https://bakingsecurityin.com"
198.54.114.83 - - [30/Mar/2025:01:42:02 -0400] "POST /wp-cron.php?doing_wp_cron=1743313321.9956889152526855468750 HTTP/1.1" 200 0 "-" "WordPress/6.7.2; https://bakingsecurityin.com"
51.222.253.5 - - [30/Mar/2025:01:42:00 -0400] "GET /top-5-employee-communication-apps/feed/ HTTP/1.1" 200 390 "-" "Mozilla/5.0 (compatible; AhrefsBot/7.0; +http://ahrefs.com/robot/)"
198.54.114.83 - - [30/Mar/2025:01:42:02 -0400] "POST /wp-admin/admin-ajax.php?action=async_litespeed&nonce=SSxL7rvSm4CwsfWmFqNV7axK8GkIBPDF&litespeed_type=imgoptm HTTP/1.1" 200 5 "-" "WordPress/6.7.2; https://bakingsecurityin.com"
198.54.114.83 - - [30/Mar/2025:01:43:27 -0400] "POST /wp-cron.php?doing_wp_cron=1743313407.2408950328826904296875 HTTP/1.1" 200 0 "-" "WordPress/6.7.2; https://bakingsecurityin.com"
51.222.253.16 - - [30/Mar/2025:01:43:25 -0400] "GET /comptoir-de-reception-personnalise/ HTTP/1.1" 200 0 "-" "Mozilla/5.0 (compatible; AhrefsBot/7.0; +http://ahrefs.com/robot/)"
198.54.114.83 - - [30/Mar/2025:01:43:27 -0400] "POST /wp-admin/admin-ajax.php?action=async_litespeed&nonce=3JtMkcgoVpIwG3h7qtPw32eMqw4tGCo8&litespeed_type=imgoptm HTTP/1.1" 200 5 "-" "WordPress/6.7.2; https://bakingsecurityin.com"
198.54.114.83 - - [30/Mar/2025:01:44:00 -0400] "POST /wp-cron.php?doing_wp_cron=1743313440.2281219959259033203125 HTTP/1.1" 200 0 "-" "WordPress/6.7.2; https://bakingsecurityin.com"
47.79.62.173 - - [30/Mar/2025:01:43:59 -0400] "GET / HTTP/1.1" 200 0 "https://www.google.com/" "Mozilla/5.0 (Linux; Android 10; K) AppleWebKit/537.36 (KHTML, like Gecko) Chrome/132.0.0.0 Mobile Safari/537.36"
198.54.114.83 - - [30/Mar/2025:01:44:01 -0400] "POST /wp-admin/admin-ajax.php?action=async_litespeed&nonce=o2YUBrd8vgpG3EtKjj9SliOEUWmTILHt&litespeed_type=imgoptm HTTP/1.1" 200 5 "-" "WordPress/6.7.2; https://bakingsecurityin.com"
198.54.114.83 - - [30/Mar/2025:01:44:58 -0400] "POST /wp-cron.php?doing_wp_cron=1743313498.5578379631042480468750 HTTP/1.1" 200 0 "-" "WordPress/6.7.2; https://bakingsecurityin.com"
51.222.253.19 - - [30/Mar/2025:01:44:58 -0400] "GET /hillhaven-senior-living-in-bukit-batok/ HTTP/1.1" 200 0 "-" "Mozilla/5.0 (compatible; AhrefsBot/7.0; +http://ahrefs.com/robot/)"
198.54.114.83 - - [30/Mar/2025:01:44:59 -0400] "POST /wp-admin/admin-ajax.php?action=async_litespeed&nonce=Nr7I1vVswIuz844iisJvBGW0U3jeBx7m&litespeed_type=imgoptm HTTP/1.1" 200 5 "-" "WordPress/6.7.2; https://bakingsecurityin.com"
198.54.114.83 - - [30/Mar/2025:01:46:21 -0400] "POST /wp-cron.php?doing_wp_cron=1743313580.9965219497680664062500 HTTP/1.1" 200 0 "-" "WordPress/6.7.2; https://bakingsecurityin.com"
51.222.253.15 - - [30/Mar/2025:01:46:20 -0400] "GET /what-is-a-balance-sheet/feed/ HTTP/1.1" 200 392 "-" "Mozilla/5.0 (compatible; AhrefsBot/7.0; +http://ahrefs.com/robot/)"
198.54.114.83 - - [30/Mar/2025:01:46:21 -0400] "POST /wp-admin/admin-ajax.php?action=async_litespeed&nonce=b9m6LjVG1wCbm0hH3lsJ1Ao0WndIXNBw&litespeed_type=imgoptm HTTP/1.1" 200 5 "-" "WordPress/6.7.2; https://bakingsecurityin.com"
198.54.114.83 - - [30/Mar/2025:01:46:29 -0400] "POST /wp-admin/admin-ajax.php?action=async_litespeed&nonce=SdMgE67JGe3yV7f1W3F6YClDqVnW0y3D&litespeed_type=imgoptm HTTP/1.1" 200 5 "-" "WordPress/6.7.2; https://bakingsecurityin.com"
51.222.253.7 - - [30/Mar/2025:01:47:47 -0400] "GET /house-cleaning-services-in-bangalore/ HTTP/1.1" 200 0 "-" "Mozilla/5.0 (compatible; AhrefsBot/7.0; +http://ahrefs.com/robot/)"
51.222.253.8 - - [30/Mar/2025:01:49:12 -0400] "GET /page/80/ HTTP/1.1" 200 0 "-" "Mozilla/5.0 (compatible; AhrefsBot/7.0; +http://ahrefs.com/robot/)"
198.54.114.83 - - [30/Mar/2025:01:50:37 -0400] "POST /wp-cron.php?doing_wp_cron=1743313836.9990050792694091796875 HTTP/1.1" 200 0 "-" "WordPress/6.7.2; https://bakingsecurityin.com"
51.222.253.11 - - [30/Mar/2025:01:50:36 -0400] "GET /gutter-cleaning-winchester-why-you-should-get-your-gutters-cleaned/feed/ HTTP/1.1" 200 449 "-" "Mozilla/5.0 (compatible; AhrefsBot/7.0; +http://ahrefs.com/robot/)"
198.54.114.83 - - [30/Mar/2025:01:50:37 -0400] "POST /wp-admin/admin-ajax.php?action=async_litespeed&nonce=dZOLFfL6OXPg8juX4t68z2IW0z9PR5kB&litespeed_type=imgoptm HTTP/1.1" 200 5 "-" "WordPress/6.7.2; https://bakingsecurityin.com"
198.54.114.83 - - [30/Mar/2025:01:52:17 -0400] "POST /wp-cron.php?doing_wp_cron=1743313937.2677319049835205078125 HTTP/1.1" 200 0 "-" "WordPress/6.7.2; https://bakingsecurityin.com"
51.222.253.13 - - [30/Mar/2025:01:52:15 -0400] "GET /agencia-de-marketing-digital/ HTTP/1.1" 200 0 "-" "Mozilla/5.0 (compatible; AhrefsBot/7.0; +http://ahrefs.com/robot/)"
198.54.114.83 - - [30/Mar/2025:01:52:18 -0400] "POST /wp-admin/admin-ajax.php?action=async_litespeed&nonce=m86fln3zwH5O98FEr2ezmw0UH9evfdfx&litespeed_type=imgoptm HTTP/1.1" 200 5 "-" "WordPress/6.7.2; https://bakingsecurityin.com"
198.54.114.83 - - [30/Mar/2025:01:53:48 -0400] "POST /wp-cron.php?doing_wp_cron=1743314027.9866280555725097656250 HTTP/1.1" 200 0 "-" "WordPress/6.7.2; https://bakingsecurityin.com"
51.222.253.18 - - [30/Mar/2025:01:53:46 -0400] "GET /blank-apparel-wholesale/ HTTP/1.1" 200 0 "-" "Mozilla/5.0 (compatible; AhrefsBot/7.0; +http://ahrefs.com/robot/)"
198.54.114.83 - - [30/Mar/2025:01:53:48 -0400] "POST /wp-admin/admin-ajax.php?action=async_litespeed&nonce=Wvgv744oaslZd458hsiGmliVraCRurhX&litespeed_type=imgoptm HTTP/1.1" 200 0 "-" "WordPress/6.7.2; https://bakingsecurityin.com"
198.54.114.83 - - [30/Mar/2025:01:55:15 -0400] "POST /wp-cron.php?doing_wp_cron=1743314114.5545749664306640625000 HTTP/1.1" 200 0 "-" "WordPress/6.7.2; https://bakingsecurityin.com"
51.222.253.17 - - [30/Mar/2025:01:55:12 -0400] "GET /a-diverse-range-of-betting-options/feed/ HTTP/1.1" 200 401 "-" "Mozilla/5.0 (compatible; AhrefsBot/7.0; +http://ahrefs.com/robot/)"
198.54.114.83 - - [30/Mar/2025:01:55:16 -0400] "POST /wp-admin/admin-ajax.php?action=async_litespeed&nonce=XSzjqGR0G9oGKJKjYb25WKjb7Dw5IlXH&litespeed_type=imgoptm HTTP/1.1" 200 0 "-" "WordPress/6.7.2; https://bakingsecurityin.com"
198.54.114.83 - - [30/Mar/2025:01:56:36 -0400] "POST /wp-cron.php?doing_wp_cron=1743314196.0636899471282958984375 HTTP/1.1" 200 0 "-" "WordPress/6.7.2; https://bakingsecurityin.com"
51.222.253.14 - - [30/Mar/2025:01:56:35 -0400] "GET /the-art-of-outright-tennis-betting-lesson-2-course-distance-form/ HTTP/1.1" 200 0 "-" "Mozilla/5.0 (compatible; AhrefsBot/7.0; +http://ahrefs.com/robot/)"
198.54.114.83 - - [30/Mar/2025:01:56:36 -0400] "POST /wp-admin/admin-ajax.php?action=async_litespeed&nonce=rNZ5Mi1TtStBb2R7BOUjuqCQ2BE6q8H6&litespeed_type=imgoptm HTTP/1.1" 200 5 "-" "WordPress/6.7.2; https://bakingsecurityin.com"
207.46.13.130 - - [30/Mar/2025:01:57:08 -0400] "GET /wp-sitemap.xml HTTP/1.1" 200 194 "-" "Mozilla/5.0 AppleWebKit/537.36 (KHTML, like Gecko; compatible; bingbot/2.0; +http://www.bing.com/bingbot.htm) Chrome/116.0.1938.76 Safari/537.36"
198.54.114.83 - - [30/Mar/2025:01:58:05 -0400] "POST /wp-cron.php?doing_wp_cron=1743314285.6900970935821533203125 HTTP/1.1" 200 0 "-" "WordPress/6.7.2; https://bakingsecurityin.com"
51.222.253.13 - - [30/Mar/2025:01:58:05 -0400] "GET /customized-soccer-socks-for-your-team/ HTTP/1.1" 200 0 "-" "Mozilla/5.0 (compatible; AhrefsBot/7.0; +http://ahrefs.com/robot/)"
198.54.114.83 - - [30/Mar/2025:01:58:06 -0400] "POST /wp-admin/admin-ajax.php?action=async_litespeed&nonce=ixY67fVxKCkpKlg6pTWLeZy0BehQbHEz&litespeed_type=imgoptm HTTP/1.1" 200 5 "-" "WordPress/6.7.2; https://bakingsecurityin.com"
198.54.114.83 - - [30/Mar/2025:01:58:43 -0400] "POST /wp-cron.php?doing_wp_cron=1743314323.7412559986114501953125 HTTP/1.1" 200 0 "-" "WordPress/6.7.2; https://bakingsecurityin.com"
136.243.228.193 - - [30/Mar/2025:01:58:43 -0400] "GET /your-everyday-expense-excursion/ HTTP/1.1" 200 0 "-" "Mozilla/5.0 (compatible; DataForSeoBot/1.0; +https://dataforseo.com/dataforseo-bot)"
198.54.114.83 - - [30/Mar/2025:01:58:44 -0400] "POST /wp-admin/admin-ajax.php?action=async_litespeed&nonce=LK9dhmS4V4vgKmPA7eBFai8NEIUlvxR6&litespeed_type=imgoptm HTTP/1.1" 200 5 "-" "WordPress/6.7.2; https://bakingsecurityin.com"
198.54.114.83 - - [30/Mar/2025:01:59:34 -0400] "POST /wp-cron.php?doing_wp_cron=1743314373.9177899360656738281250 HTTP/1.1" 200 0 "-" "WordPress/6.7.2; https://bakingsecurityin.com"
51.222.253.18 - - [30/Mar/2025:01:59:33 -0400] "GET /how-to-select-wool-ski-socks/feed/ HTTP/1.1" 200 399 "-" "Mozilla/5.0 (compatible; AhrefsBot/7.0; +http://ahrefs.com/robot/)"
198.54.114.83 - - [30/Mar/2025:01:59:34 -0400] "POST /wp-admin/admin-ajax.php?action=async_litespeed&nonce=OaUrr22lTG4jWduNS8yVRUe5CDUo04P0&litespeed_type=imgoptm HTTP/1.1" 200 5 "-" "WordPress/6.7.2; https://bakingsecurityin.com"
198.54.114.83 - - [30/Mar/2025:02:00:50 -0400] "POST /wp-admin/admin-ajax.php?action=async_litespeed&nonce=NNrUmBjADhDvWf9AFF5rRgfJNGNoT3Ov&litespeed_type=imgoptm HTTP/1.1" 200 5 "-" "WordPress/6.7.2; https://bakingsecurityin.com"
196.251.71.229 - - [30/Mar/2025:02:00:50 -0400] "GET /wp-content/themes/seotheme/db.php?u HTTP/1.1" 404 0 "www.google.com" "Mozlila/5.0 (Linux; Android 7.0; SM-G892A Bulid/NRD90M; wv) AppleWebKit/537.36 (KHTML, like Gecko) Version/4.0 Chrome/60.0.3112.107 Moblie Safari/537.36"
196.251.71.229 - - [30/Mar/2025:02:00:51 -0400] "POST /wp-plain.php HTTP/1.1" 404 0 "www.google.com" "Mozilla/5.0 (Linux; Android 7.0; SM-G892A Bulid/NRD90M; wv) AppleWebKit/537.36 (KHTML, like Gecko) Version/4.0 Chrome/60.0.3112.107 Moblie Safari/537.36"
196.251.71.229 - - [30/Mar/2025:02:00:52 -0400] "GET /thsgydof.php?Fox=d3wL7 HTTP/1.1" 404 0 "www.google.com" "Mozilla/5.0 (Linux; Android 7.0; SM-G892A Bulid/NRD90M; wv) AppleWebKit/537.36 (KHTML, like Gecko) Version/4.0 Chrome/60.0.3112.107 Moblie Safari/537.36"
51.222.253.5 - - [30/Mar/2025:02:01:03 -0400] "GET /low-cost-or-free-things-to-do-in-sydney/feed/ HTTP/1.1" 200 414 "-" "Mozilla/5.0 (compatible; AhrefsBot/7.0; +http://ahrefs.com/robot/)"
198.54.114.83 - - [30/Mar/2025:02:02:34 -0400] "POST /wp-cron.php?doing_wp_cron=1743314554.8416669368743896484375 HTTP/1.1" 200 0 "-" "WordPress/6.7.2; https://bakingsecurityin.com"
