198.54.114.83 - - [30/Mar/2025:12:04:28 -0400] "POST /wp-admin/admin-ajax.php?action=async_litespeed&nonce=alUXoB6LwV6VAYbNFXa4uwHlCngak45O&litespeed_type=imgoptm HTTP/1.1" 200 5 "-" "WordPress/6.7.2; https://bakingsecurityin.com"
185.191.171.9 - - [30/Mar/2025:12:04:31 -0400] "GET /plaques-dimmatriculation-personnalisees-un-etat-desprit/ HTTP/1.1" 200 0 "-" "Mozilla/5.0 (compatible; SemrushBot/7~bl; +http://www.semrush.com/bot.html)"
198.54.114.83 - - [30/Mar/2025:12:05:31 -0400] "POST /wp-cron.php?doing_wp_cron=1743350730.3847570419311523437500 HTTP/1.1" 200 0 "-" "WordPress/6.7.2; https://bakingsecurityin.com"
203.156.2.120 - - [30/Mar/2025:12:05:23 -0400] "POST /wp-login.php/wp-login.php HTTP/1.1" 200 0 "-" "Mozilla"
198.54.114.83 - - [30/Mar/2025:12:05:32 -0400] "POST /wp-admin/admin-ajax.php?action=async_litespeed&nonce=o7dYCI4He3N0eGdnCncT79i2xc65vfvf&litespeed_type=imgoptm HTTP/1.1" 200 0 "-" "WordPress/6.7.2; https://bakingsecurityin.com"
51.222.253.10 - - [30/Mar/2025:12:06:01 -0400] "GET /hiking-at-pinetree-hill/ HTTP/1.1" 200 0 "-" "Mozilla/5.0 (compatible; AhrefsBot/7.0; +http://ahrefs.com/robot/)"
198.54.114.83 - - [30/Mar/2025:12:07:29 -0400] "POST /wp-cron.php?doing_wp_cron=1743350848.9876809120178222656250 HTTP/1.1" 200 0 "-" "WordPress/6.7.2; https://bakingsecurityin.com"
51.222.253.15 - - [30/Mar/2025:12:07:26 -0400] "GET /buying-a-backpack-with-portable-charger/ HTTP/1.1" 200 0 "-" "Mozilla/5.0 (compatible; AhrefsBot/7.0; +http://ahrefs.com/robot/)"
198.54.114.83 - - [30/Mar/2025:12:07:30 -0400] "POST /wp-admin/admin-ajax.php?action=async_litespeed&nonce=ibXfFuc1dNmuJmVaPju5eyDfpgYS8CLP&litespeed_type=imgoptm HTTP/1.1" 200 0 "-" "WordPress/6.7.2; https://bakingsecurityin.com"
198.54.114.83 - - [30/Mar/2025:12:08:47 -0400] "POST /wp-admin/admin-ajax.php?action=async_litespeed&nonce=o1N1PstS0yYu0dWoDBZUTc7pPmDEYq8l&litespeed_type=imgoptm HTTP/1.1" 200 5 "-" "WordPress/6.7.2; https://bakingsecurityin.com"
51.222.253.16 - - [30/Mar/2025:12:08:54 -0400] "GET /category/activity/page/79/ HTTP/1.1" 200 0 "-" "Mozilla/5.0 (compatible; AhrefsBot/7.0; +http://ahrefs.com/robot/)"
198.54.114.83 - - [30/Mar/2025:12:10:28 -0400] "POST /wp-cron.php?doing_wp_cron=1743351027.1160500049591064453125 HTTP/1.1" 200 0 "-" "WordPress/6.7.2; https://bakingsecurityin.com"
51.222.253.16 - - [30/Mar/2025:12:10:24 -0400] "GET /page/72/ HTTP/1.1" 200 0 "-" "Mozilla/5.0 (compatible; AhrefsBot/7.0; +http://ahrefs.com/robot/)"
198.54.114.83 - - [30/Mar/2025:12:10:28 -0400] "POST /wp-admin/admin-ajax.php?action=async_litespeed&nonce=vg2jMB5aYpp4ChxeWKyORsjS3INrcCkl&litespeed_type=imgoptm HTTP/1.1" 200 5 "-" "WordPress/6.7.2; https://bakingsecurityin.com"
198.54.114.83 - - [30/Mar/2025:12:11:44 -0400] "POST /wp-cron.php?doing_wp_cron=1743351104.0955309867858886718750 HTTP/1.1" 200 0 "-" "WordPress/6.7.2; https://bakingsecurityin.com"
51.222.253.11 - - [30/Mar/2025:12:11:43 -0400] "GET /top-free-webtoon-sites-for-manga-lovers/ HTTP/1.1" 200 0 "-" "Mozilla/5.0 (compatible; AhrefsBot/7.0; +http://ahrefs.com/robot/)"
198.54.114.83 - - [30/Mar/2025:12:11:44 -0400] "POST /wp-admin/admin-ajax.php?action=async_litespeed&nonce=tuqyGc5bytKyPralWHhzBWJ5bc25Leml&litespeed_type=imgoptm HTTP/1.1" 200 5 "-" "WordPress/6.7.2; https://bakingsecurityin.com"
148.135.81.62 - - [30/Mar/2025:12:12:08 -0400] "GET /requirements-for-a-russian-visa/ HTTP/1.1" 200 0 "-" "Mozilla/5.0 (Macintosh; Intel Mac OS X 10_15_7) AppleWebKit/537.36 (KHTML, like Gecko) Chrome/125.0.0.0 Safari/537.36"
198.54.114.83 - - [30/Mar/2025:12:13:12 -0400] "POST /wp-cron.php?doing_wp_cron=1743351192.6467669010162353515625 HTTP/1.1" 200 0 "-" "WordPress/6.7.2; https://bakingsecurityin.com"
51.222.253.13 - - [30/Mar/2025:12:13:12 -0400] "GET /water-tank-cleaners-near-me/feed/ HTTP/1.1" 200 396 "-" "Mozilla/5.0 (compatible; AhrefsBot/7.0; +http://ahrefs.com/robot/)"
198.54.114.83 - - [30/Mar/2025:12:13:13 -0400] "POST /wp-admin/admin-ajax.php?action=async_litespeed&nonce=tcPjxvMHofruVhBrfsWYTBqPDJ6a5Cc5&litespeed_type=imgoptm HTTP/1.1" 200 5 "-" "WordPress/6.7.2; https://bakingsecurityin.com"
198.54.114.83 - - [30/Mar/2025:12:13:34 -0400] "POST /wp-admin/admin-ajax.php?action=async_litespeed&nonce=eciIFerHDOhkr7kTw5UsOYeAYxmqACJ0&litespeed_type=imgoptm HTTP/1.1" 200 0 "-" "WordPress/6.7.2; https://bakingsecurityin.com"
198.54.114.83 - - [30/Mar/2025:12:14:39 -0400] "POST /wp-admin/admin-ajax.php?action=async_litespeed&nonce=zn9Qo1MPfqnPRFtLF4coRaGpcFO2v48b&litespeed_type=imgoptm HTTP/1.1" 200 5 "-" "WordPress/6.7.2; https://bakingsecurityin.com"
51.222.253.18 - - [30/Mar/2025:12:14:45 -0400] "GET /insurance-calculator-self-insured-person-2024/ HTTP/1.1" 200 0 "-" "Mozilla/5.0 (compatible; AhrefsBot/7.0; +http://ahrefs.com/robot/)"
198.54.114.83 - - [30/Mar/2025:12:15:50 -0400] "POST /wp-admin/admin-ajax.php?action=async_litespeed&nonce=JPkprpQ03HUF0TOtvgu2DuIyIY2js2fC&litespeed_type=imgoptm HTTP/1.1" 200 5 "-" "WordPress/6.7.2; https://bakingsecurityin.com"
51.222.253.14 - - [30/Mar/2025:12:16:15 -0400] "GET /top-heroes-in-watcher-of-realms/ HTTP/1.1" 200 0 "-" "Mozilla/5.0 (compatible; AhrefsBot/7.0; +http://ahrefs.com/robot/)"
198.54.114.83 - - [30/Mar/2025:12:16:34 -0400] "POST /wp-cron.php?doing_wp_cron=1743351394.2983920574188232421875 HTTP/1.1" 200 0 "-" "WordPress/6.7.2; https://bakingsecurityin.com"
47.238.14.12 - - [30/Mar/2025:12:16:33 -0400] "GET /category-sitemap.xml HTTP/1.1" 404 0 "-" "Mozilla/5.0 (Macintosh; Intel Mac OS X 10_15_7) AppleWebKit/537.36 (KHTML, like Gecko) Chrome/109.0.0.0 Safari/537.36"
198.54.114.83 - - [30/Mar/2025:12:16:35 -0400] "POST /wp-admin/admin-ajax.php?action=async_litespeed&nonce=c1kk13x0fqRE8THMAGoZDQ6jj7RTYMMR&litespeed_type=imgoptm HTTP/1.1" 200 5 "-" "WordPress/6.7.2; https://bakingsecurityin.com"
198.54.114.83 - - [30/Mar/2025:12:17:44 -0400] "POST /wp-cron.php?doing_wp_cron=1743351464.6379809379577636718750 HTTP/1.1" 200 0 "-" "WordPress/6.7.2; https://bakingsecurityin.com"
47.238.13.14 - - [30/Mar/2025:12:17:44 -0400] "GET /category/how-to/ HTTP/1.1" 200 0 "-" "Mozilla/5.0 (Macintosh; Intel Mac OS X 10_15_7) AppleWebKit/537.36 (KHTML, like Gecko) Chrome/109.0.0.0 Safari/537.36"
198.54.114.83 - - [30/Mar/2025:12:17:45 -0400] "POST /wp-admin/admin-ajax.php?action=async_litespeed&nonce=xhBS9T6Gdyce5NQa8Pt4nNnFHYul0ZwW&litespeed_type=imgoptm HTTP/1.1" 200 5 "-" "WordPress/6.7.2; https://bakingsecurityin.com"
51.222.253.6 - - [30/Mar/2025:12:17:48 -0400] "GET /category/activity/page/115/ HTTP/1.1" 200 0 "-" "Mozilla/5.0 (compatible; AhrefsBot/7.0; +http://ahrefs.com/robot/)"
198.54.114.83 - - [30/Mar/2025:12:19:06 -0400] "POST /wp-cron.php?doing_wp_cron=1743351545.9936969280242919921875 HTTP/1.1" 200 0 "-" "WordPress/6.7.2; https://bakingsecurityin.com"
51.222.253.20 - - [30/Mar/2025:12:19:03 -0400] "GET /category/activity/page/59/ HTTP/1.1" 200 0 "-" "Mozilla/5.0 (compatible; AhrefsBot/7.0; +http://ahrefs.com/robot/)"
198.54.114.83 - - [30/Mar/2025:12:19:07 -0400] "POST /wp-admin/admin-ajax.php?action=async_litespeed&nonce=OyJEk57PcumXAPq8qHRCgs4W3FPzXScU&litespeed_type=imgoptm HTTP/1.1" 200 0 "-" "WordPress/6.7.2; https://bakingsecurityin.com"
198.54.114.83 - - [30/Mar/2025:12:20:31 -0400] "POST /wp-cron.php?doing_wp_cron=1743351631.7094419002532958984375 HTTP/1.1" 200 0 "-" "WordPress/6.7.2; https://bakingsecurityin.com"
51.222.253.12 - - [30/Mar/2025:12:20:31 -0400] "GET /page/97/ HTTP/1.1" 200 0 "-" "Mozilla/5.0 (compatible; AhrefsBot/7.0; +http://ahrefs.com/robot/)"
198.54.114.83 - - [30/Mar/2025:12:20:32 -0400] "POST /wp-admin/admin-ajax.php?action=async_litespeed&nonce=rGq07xnVUDa2aH60T7vP695SrhiqZ5jn&litespeed_type=imgoptm HTTP/1.1" 200 5 "-" "WordPress/6.7.2; https://bakingsecurityin.com"
94.74.101.221 - - [30/Mar/2025:12:21:47 -0400] "GET /top-free-webtoon-sites-for-manga-lovers/ HTTP/1.1" 200 0 "https://bakingsecurityin.com/top-free-webtoon-sites-for-manga-lovers/" "Mozilla/5.0 (Windows NT 10.0; Win64; x64) AppleWebKit/537.36 (KHTML, like Gecko) Chrome/116.0.0.0 Safari/537.36"
198.54.114.83 - - [30/Mar/2025:12:21:57 -0400] "POST /wp-cron.php?doing_wp_cron=1743351716.1987950801849365234375 HTTP/1.1" 200 0 "-" "WordPress/6.7.2; https://bakingsecurityin.com"
51.222.253.12 - - [30/Mar/2025:12:21:52 -0400] "GET /a-glimpse-of-paradise/feed/ HTTP/1.1" 200 384 "-" "Mozilla/5.0 (compatible; AhrefsBot/7.0; +http://ahrefs.com/robot/)"
198.54.114.83 - - [30/Mar/2025:12:21:58 -0400] "POST /wp-admin/admin-ajax.php?action=async_litespeed&nonce=bUSKrem1dIDJ7KnlYbLlZVUk04oardNe&litespeed_type=imgoptm HTTP/1.1" 200 0 "-" "WordPress/6.7.2; https://bakingsecurityin.com"
198.54.114.83 - - [30/Mar/2025:12:23:17 -0400] "POST /wp-cron.php?doing_wp_cron=1743351796.7933158874511718750000 HTTP/1.1" 200 0 "-" "WordPress/6.7.2; https://bakingsecurityin.com"
51.222.253.5 - - [30/Mar/2025:12:23:13 -0400] "GET /page/100/ HTTP/1.1" 200 0 "-" "Mozilla/5.0 (compatible; AhrefsBot/7.0; +http://ahrefs.com/robot/)"
198.54.114.83 - - [30/Mar/2025:12:23:19 -0400] "POST /wp-admin/admin-ajax.php?action=async_litespeed&nonce=xv1OsuFN61tj8vg688asbcv2tU5HyTSk&litespeed_type=imgoptm HTTP/1.1" 200 0 "-" "WordPress/6.7.2; https://bakingsecurityin.com"
198.54.114.83 - - [30/Mar/2025:12:24:44 -0400] "POST /wp-cron.php?doing_wp_cron=1743351884.3510289192199707031250 HTTP/1.1" 200 0 "-" "WordPress/6.7.2; https://bakingsecurityin.com"
51.222.253.10 - - [30/Mar/2025:12:24:41 -0400] "GET /page/82/ HTTP/1.1" 200 0 "-" "Mozilla/5.0 (compatible; AhrefsBot/7.0; +http://ahrefs.com/robot/)"
198.54.114.83 - - [30/Mar/2025:12:24:45 -0400] "POST /wp-admin/admin-ajax.php?action=async_litespeed&nonce=fHrdvBogbW2UfIDb8qOpyEj722EYpa6g&litespeed_type=imgoptm HTTP/1.1" 200 0 "-" "WordPress/6.7.2; https://bakingsecurityin.com"
198.54.114.83 - - [30/Mar/2025:12:26:19 -0400] "POST /wp-cron.php?doing_wp_cron=1743351979.3332409858703613281250 HTTP/1.1" 200 0 "-" "WordPress/6.7.2; https://bakingsecurityin.com"
51.222.253.19 - - [30/Mar/2025:12:26:17 -0400] "GET /the-arden-is-not-just-a-village-or-a-town/ HTTP/1.1" 200 0 "-" "Mozilla/5.0 (compatible; AhrefsBot/7.0; +http://ahrefs.com/robot/)"
198.54.114.83 - - [30/Mar/2025:12:26:19 -0400] "POST /wp-admin/admin-ajax.php?action=async_litespeed&nonce=0GK0hTWkwRDY3GB5MR2l9yJhyrpThOCd&litespeed_type=imgoptm HTTP/1.1" 200 5 "-" "WordPress/6.7.2; https://bakingsecurityin.com"
198.54.114.83 - - [30/Mar/2025:12:27:58 -0400] "POST /wp-cron.php?doing_wp_cron=1743352077.8700969219207763671875 HTTP/1.1" 200 0 "-" "WordPress/6.7.2; https://bakingsecurityin.com"
51.222.253.11 - - [30/Mar/2025:12:27:56 -0400] "GET /how-to-turn-off-firewall-on-iphone/feed/ HTTP/1.1" 200 409 "-" "Mozilla/5.0 (compatible; AhrefsBot/7.0; +http://ahrefs.com/robot/)"
198.54.114.83 - - [30/Mar/2025:12:27:58 -0400] "POST /wp-admin/admin-ajax.php?action=async_litespeed&nonce=wAks9Bbk9sNJ2RH6FadYXLd2G4D3OwUf&litespeed_type=imgoptm HTTP/1.1" 200 5 "-" "WordPress/6.7.2; https://bakingsecurityin.com"
198.54.114.83 - - [30/Mar/2025:12:29:31 -0400] "POST /wp-cron.php?doing_wp_cron=1743352170.7792210578918457031250 HTTP/1.1" 200 0 "-" "WordPress/6.7.2; https://bakingsecurityin.com"
51.222.253.2 - - [30/Mar/2025:12:29:30 -0400] "GET /photoshoot-santorini/ HTTP/1.1" 200 0 "-" "Mozilla/5.0 (compatible; AhrefsBot/7.0; +http://ahrefs.com/robot/)"
198.54.114.83 - - [30/Mar/2025:12:29:31 -0400] "POST /wp-admin/admin-ajax.php?action=async_litespeed&nonce=xSbKidBgrEDHXbBDMIhR3dnnhHNxdX1A&litespeed_type=imgoptm HTTP/1.1" 200 5 "-" "WordPress/6.7.2; https://bakingsecurityin.com"
198.54.114.83 - - [30/Mar/2025:12:30:47 -0400] "POST /wp-cron.php?doing_wp_cron=1743352247.7245841026306152343750 HTTP/1.1" 200 0 "-" "WordPress/6.7.2; https://bakingsecurityin.com"
51.222.253.7 - - [30/Mar/2025:12:30:47 -0400] "GET /leather-pants-with-leather-jackets-makes-for-a-great-pair/feed/ HTTP/1.1" 200 434 "-" "Mozilla/5.0 (compatible; AhrefsBot/7.0; +http://ahrefs.com/robot/)"
198.54.114.83 - - [30/Mar/2025:12:30:48 -0400] "POST /wp-admin/admin-ajax.php?action=async_litespeed&nonce=nUHeFq2eo766qlXj0mjS8jHOL1DomIGd&litespeed_type=imgoptm HTTP/1.1" 200 5 "-" "WordPress/6.7.2; https://bakingsecurityin.com"
198.54.114.83 - - [30/Mar/2025:12:32:02 -0400] "POST /wp-cron.php?doing_wp_cron=1743352322.7124860286712646484375 HTTP/1.1" 200 0 "-" "WordPress/6.7.2; https://bakingsecurityin.com"
51.222.253.11 - - [30/Mar/2025:12:32:02 -0400] "GET /the-ultimate-guide-to-instant-hot-and-cold-water-dispensers/ HTTP/1.1" 200 0 "-" "Mozilla/5.0 (compatible; AhrefsBot/7.0; +http://ahrefs.com/robot/)"
198.54.114.83 - - [30/Mar/2025:12:32:03 -0400] "POST /wp-admin/admin-ajax.php?action=async_litespeed&nonce=Qen7BwLFE1wl9pWxRmh5Zz8VV5GSXfxg&litespeed_type=imgoptm HTTP/1.1" 200 5 "-" "WordPress/6.7.2; https://bakingsecurityin.com"
198.54.114.83 - - [30/Mar/2025:12:33:37 -0400] "POST /wp-cron.php?doing_wp_cron=1743352416.8199479579925537109375 HTTP/1.1" 200 0 "-" "WordPress/6.7.2; https://bakingsecurityin.com"
51.222.253.19 - - [30/Mar/2025:12:33:33 -0400] "GET /tb500-peptide/ HTTP/1.1" 200 0 "-" "Mozilla/5.0 (compatible; AhrefsBot/7.0; +http://ahrefs.com/robot/)"
198.54.114.83 - - [30/Mar/2025:12:33:37 -0400] "POST /wp-admin/admin-ajax.php?action=async_litespeed&nonce=2mNeWlDJrCf1h0E0aj3oADCRZl5y0V2g&litespeed_type=imgoptm HTTP/1.1" 200 5 "-" "WordPress/6.7.2; https://bakingsecurityin.com"
198.54.114.83 - - [30/Mar/2025:12:35:11 -0400] "POST /wp-cron.php?doing_wp_cron=1743352511.7742030620574951171875 HTTP/1.1" 200 0 "-" "WordPress/6.7.2; https://bakingsecurityin.com"
51.222.253.10 - - [30/Mar/2025:12:35:08 -0400] "GET /exploring-the-real-estate-market-in-sonoma-ca/feed/ HTTP/1.1" 200 417 "-" "Mozilla/5.0 (compatible; AhrefsBot/7.0; +http://ahrefs.com/robot/)"
198.54.114.83 - - [30/Mar/2025:12:35:12 -0400] "POST /wp-admin/admin-ajax.php?action=async_litespeed&nonce=GRIVlLtoHBcXXU3cBozAV5lfbgUbjgY0&litespeed_type=imgoptm HTTP/1.1" 200 0 "-" "WordPress/6.7.2; https://bakingsecurityin.com"
198.54.114.83 - - [30/Mar/2025:12:36:45 -0400] "POST /wp-cron.php?doing_wp_cron=1743352604.4172050952911376953125 HTTP/1.1" 200 0 "-" "WordPress/6.7.2; https://bakingsecurityin.com"
51.222.253.16 - - [30/Mar/2025:12:36:42 -0400] "GET /online-real-estate-schools/ HTTP/1.1" 200 0 "-" "Mozilla/5.0 (compatible; AhrefsBot/7.0; +http://ahrefs.com/robot/)"
198.54.114.83 - - [30/Mar/2025:12:36:45 -0400] "POST /wp-admin/admin-ajax.php?action=async_litespeed&nonce=8k4dRA6Wxj8VUAUcETBNfTNbKMeUeKzV&litespeed_type=imgoptm HTTP/1.1" 200 5 "-" "WordPress/6.7.2; https://bakingsecurityin.com"
198.54.114.83 - - [30/Mar/2025:12:38:33 -0400] "POST /wp-cron.php?doing_wp_cron=1743352713.3357839584350585937500 HTTP/1.1" 200 0 "-" "WordPress/6.7.2; https://bakingsecurityin.com"
51.222.253.7 - - [30/Mar/2025:12:38:31 -0400] "GET /how-to-do-the-ask-me-anything-on-snapchat/ HTTP/1.1" 200 0 "-" "Mozilla/5.0 (compatible; AhrefsBot/7.0; +http://ahrefs.com/robot/)"
198.54.114.83 - - [30/Mar/2025:12:38:33 -0400] "POST /wp-admin/admin-ajax.php?action=async_litespeed&nonce=FPSzqweBVdRwnIlN7S1lbLlgZ3CQtxNR&litespeed_type=imgoptm HTTP/1.1" 200 5 "-" "WordPress/6.7.2; https://bakingsecurityin.com"
198.54.114.83 - - [30/Mar/2025:12:40:27 -0400] "POST /wp-cron.php?doing_wp_cron=1743352826.8668398857116699218750 HTTP/1.1" 200 0 "-" "WordPress/6.7.2; https://bakingsecurityin.com"
51.222.253.16 - - [30/Mar/2025:12:40:25 -0400] "GET /proficient-wedding-picture-takers-exhortation-on-picking/ HTTP/1.1" 200 0 "-" "Mozilla/5.0 (compatible; AhrefsBot/7.0; +http://ahrefs.com/robot/)"
198.54.114.83 - - [30/Mar/2025:12:40:27 -0400] "POST /wp-admin/admin-ajax.php?action=async_litespeed&nonce=C4JiSNdfBSikyYxd5sggXg7nWKJzxKCz&litespeed_type=imgoptm HTTP/1.1" 200 5 "-" "WordPress/6.7.2; https://bakingsecurityin.com"
198.54.114.83 - - [30/Mar/2025:12:42:27 -0400] "POST /wp-cron.php?doing_wp_cron=1743352947.4422020912170410156250 HTTP/1.1" 200 0 "-" "WordPress/6.7.2; https://bakingsecurityin.com"
51.222.253.6 - - [30/Mar/2025:12:42:25 -0400] "GET /unveiling-the-enigmatic-legacy-of-lentor-mansion/ HTTP/1.1" 200 0 "-" "Mozilla/5.0 (compatible; AhrefsBot/7.0; +http://ahrefs.com/robot/)"
198.54.114.83 - - [30/Mar/2025:12:42:29 -0400] "POST /wp-admin/admin-ajax.php?action=async_litespeed&nonce=KLCNpNkryRkNWIjwwHacLcMQlYuybFZS&litespeed_type=imgoptm HTTP/1.1" 200 0 "-" "WordPress/6.7.2; https://bakingsecurityin.com"
198.54.114.83 - - [30/Mar/2025:12:43:35 -0400] "POST /wp-cron.php?doing_wp_cron=1743353015.5779941082000732421875 HTTP/1.1" 200 0 "-" "WordPress/6.7.2; https://bakingsecurityin.com"
91.192.168.36 - - [30/Mar/2025:12:43:35 -0400] "GET /review-of-the-relx-vape-pods/ HTTP/1.1" 200 0 "https://bakingsecurityin.com/review-of-the-relx-vape-pods/" "Mozilla/5.0 (Windows NT 6.3; WOW64) AppleWebKit/537.36 (KHTML, like Gecko) Chrome/103.0.5060.114 Safari/537.36"
198.54.114.83 - - [30/Mar/2025:12:43:35 -0400] "POST /wp-admin/admin-ajax.php?action=async_litespeed&nonce=Q67cLmBPcsREEpV4JoQMq7xkAo4ZUquY&litespeed_type=imgoptm HTTP/1.1" 200 5 "-" "WordPress/6.7.2; https://bakingsecurityin.com"
91.192.168.36 - - [30/Mar/2025:12:43:36 -0400] "GET / HTTP/1.1" 200 0 "https://bakingsecurityin.com/" "Mozilla/5.0 (Windows NT 6.3; WOW64) AppleWebKit/537.36 (KHTML, like Gecko) Chrome/103.0.5060.114 Safari/537.36"
198.54.114.83 - - [30/Mar/2025:12:44:37 -0400] "POST /wp-cron.php?doing_wp_cron=1743353076.8068630695343017578125 HTTP/1.1" 200 0 "-" "WordPress/6.7.2; https://bakingsecurityin.com"
51.222.253.9 - - [30/Mar/2025:12:44:36 -0400] "GET /basic-mindfulness-meditation/ HTTP/1.1" 200 0 "-" "Mozilla/5.0 (compatible; AhrefsBot/7.0; +http://ahrefs.com/robot/)"
198.54.114.83 - - [30/Mar/2025:12:44:37 -0400] "POST /wp-admin/admin-ajax.php?action=async_litespeed&nonce=6VkOZwakWBv3XstNzE8BKj6IYKhVXuw8&litespeed_type=imgoptm HTTP/1.1" 200 0 "-" "WordPress/6.7.2; https://bakingsecurityin.com"
198.54.114.83 - - [30/Mar/2025:12:45:42 -0400] "POST /wp-admin/admin-ajax.php?action=async_litespeed&nonce=X9ktlsThPQU8HkvFQWJDDWDihkUvPPvT&litespeed_type=imgoptm HTTP/1.1" 200 5 "-" "WordPress/6.7.2; https://bakingsecurityin.com"
198.54.114.83 - - [30/Mar/2025:12:46:47 -0400] "POST /wp-cron.php?doing_wp_cron=1743353206.8044509887695312500000 HTTP/1.1" 200 0 "-" "WordPress/6.7.2; https://bakingsecurityin.com"
51.222.253.17 - - [30/Mar/2025:12:46:46 -0400] "GET /unveiling-the-power-of-youtube-views/ HTTP/1.1" 200 0 "-" "Mozilla/5.0 (compatible; AhrefsBot/7.0; +http://ahrefs.com/robot/)"
198.54.114.83 - - [30/Mar/2025:12:46:47 -0400] "POST /wp-admin/admin-ajax.php?action=async_litespeed&nonce=tC83cH0sli9dEN29CTCm0fRquabq1kKi&litespeed_type=imgoptm HTTP/1.1" 200 5 "-" "WordPress/6.7.2; https://bakingsecurityin.com"
198.54.114.83 - - [30/Mar/2025:12:48:26 -0400] "POST /wp-cron.php?doing_wp_cron=1743353305.8129038810729980468750 HTTP/1.1" 200 0 "-" "WordPress/6.7.2; https://bakingsecurityin.com"
51.222.253.6 - - [30/Mar/2025:12:48:25 -0400] "GET /brush-machinery-for-various-industries/ HTTP/1.1" 200 0 "-" "Mozilla/5.0 (compatible; AhrefsBot/7.0; +http://ahrefs.com/robot/)"
198.54.114.83 - - [30/Mar/2025:12:48:26 -0400] "POST /wp-admin/admin-ajax.php?action=async_litespeed&nonce=7xyFA7UEOY8cRAYB0EdbrSKXKItLJwxt&litespeed_type=imgoptm HTTP/1.1" 200 5 "-" "WordPress/6.7.2; https://bakingsecurityin.com"
51.222.253.9 - - [30/Mar/2025:12:49:53 -0400] "GET /a-journey-into-skincare/ HTTP/1.1" 200 0 "-" "Mozilla/5.0 (compatible; AhrefsBot/7.0; +http://ahrefs.com/robot/)"
45.128.38.171 - - [30/Mar/2025:12:50:40 -0400] "GET /wp-login.php HTTP/1.1" 200 1738 "-" "Mozilla/5.0 (Windows NT 10.0; Win64; x64) AppleWebKit/537.36 (KHTML, like Gecko) Chrome/115.0.0.0 Safari/537.36 Edg/115.0.1901.203"
198.54.114.83 - - [30/Mar/2025:12:50:49 -0400] "POST /wp-cron.php?doing_wp_cron=1743353448.8910880088806152343750 HTTP/1.1" 200 0 "-" "WordPress/6.7.2; https://bakingsecurityin.com"
45.128.38.171 - - [30/Mar/2025:12:50:41 -0400] "POST /wp-login.php HTTP/1.1" 200 1868 "https://bakingsecurityin.com/wp-login.php" "Mozilla/5.0 (Windows NT 10.0; Win64; x64) AppleWebKit/537.36 (KHTML, like Gecko) Chrome/115.0.0.0 Safari/537.36 Edg/115.0.1901.203"
198.54.114.83 - - [30/Mar/2025:12:50:49 -0400] "POST /wp-admin/admin-ajax.php?action=async_litespeed&nonce=rQwln1tyOcSKkARiOzW9pvbV4m769ntg&litespeed_type=imgoptm HTTP/1.1" 200 5 "-" "WordPress/6.7.2; https://bakingsecurityin.com"
51.222.253.5 - - [30/Mar/2025:12:51:26 -0400] "GET /an-introduction-to-the-ladbrokes-betting-company-and-why-you-should-use-their-free-bet-promotion/ HTTP/1.1" 200 0 "-" "Mozilla/5.0 (compatible; AhrefsBot/7.0; +http://ahrefs.com/robot/)"
198.54.114.83 - - [30/Mar/2025:12:53:03 -0400] "POST /wp-cron.php?doing_wp_cron=1743353583.1450030803680419921875 HTTP/1.1" 200 0 "-" "WordPress/6.7.2; https://bakingsecurityin.com"
51.222.253.1 - - [30/Mar/2025:12:53:00 -0400] "GET /category/activity/page/106/ HTTP/1.1" 200 0 "-" "Mozilla/5.0 (compatible; AhrefsBot/7.0; +http://ahrefs.com/robot/)"
198.54.114.83 - - [30/Mar/2025:12:53:03 -0400] "POST /wp-admin/admin-ajax.php?action=async_litespeed&nonce=quoQZLibB1CO8CbDfvCjrPL9Leodi4YZ&litespeed_type=imgoptm HTTP/1.1" 200 5 "-" "WordPress/6.7.2; https://bakingsecurityin.com"
198.54.114.83 - - [30/Mar/2025:12:54:04 -0400] "POST /wp-admin/admin-ajax.php?action=async_litespeed&nonce=N4QNKHRjFdybJXz2d17MElOtrsoHRiUS&litespeed_type=imgoptm HTTP/1.1" 200 5 "-" "WordPress/6.7.2; https://bakingsecurityin.com"
198.54.114.83 - - [30/Mar/2025:12:54:44 -0400] "POST /wp-cron.php?doing_wp_cron=1743353684.6934890747070312500000 HTTP/1.1" 200 0 "-" "WordPress/6.7.2; https://bakingsecurityin.com"
51.222.253.15 - - [30/Mar/2025:12:54:44 -0400] "GET /how-moving-companies-calculate-their-quotes-online/ HTTP/1.1" 200 0 "-" "Mozilla/5.0 (compatible; AhrefsBot/7.0; +http://ahrefs.com/robot/)"
198.54.114.83 - - [30/Mar/2025:12:54:45 -0400] "POST /wp-admin/admin-ajax.php?action=async_litespeed&nonce=19xQ7Kt24o6s1WgLRRnF7OKOV7zn2TgM&litespeed_type=imgoptm HTTP/1.1" 200 5 "-" "WordPress/6.7.2; https://bakingsecurityin.com"
198.54.114.83 - - [30/Mar/2025:12:56:34 -0400] "POST /wp-cron.php?doing_wp_cron=1743353794.5738379955291748046875 HTTP/1.1" 200 0 "-" "WordPress/6.7.2; https://bakingsecurityin.com"
51.222.253.5 - - [30/Mar/2025:12:56:32 -0400] "GET /category/activity/page/108/ HTTP/1.1" 200 0 "-" "Mozilla/5.0 (compatible; AhrefsBot/7.0; +http://ahrefs.com/robot/)"
198.54.114.83 - - [30/Mar/2025:12:56:35 -0400] "POST /wp-admin/admin-ajax.php?action=async_litespeed&nonce=IgXzxDicCboGPJl0sQFyhaGfsbGdKNcz&litespeed_type=imgoptm HTTP/1.1" 200 5 "-" "WordPress/6.7.2; https://bakingsecurityin.com"
85.208.96.202 - - [30/Mar/2025:12:57:17 -0400] "GET /tax-return-hattingen/ HTTP/1.1" 200 0 "-" "Mozilla/5.0 (compatible; SemrushBot/7~bl; +http://www.semrush.com/bot.html)"
198.54.114.83 - - [30/Mar/2025:12:58:11 -0400] "POST /wp-cron.php?doing_wp_cron=1743353891.5649058818817138671875 HTTP/1.1" 200 0 "-" "WordPress/6.7.2; https://bakingsecurityin.com"
51.222.253.1 - - [30/Mar/2025:12:58:11 -0400] "GET /category/activity/page/105/ HTTP/1.1" 200 0 "-" "Mozilla/5.0 (compatible; AhrefsBot/7.0; +http://ahrefs.com/robot/)"
198.54.114.83 - - [30/Mar/2025:12:58:12 -0400] "POST /wp-admin/admin-ajax.php?action=async_litespeed&nonce=9kt8uaGNyDG84GoPFc58Ok9bRP7T9jeX&litespeed_type=imgoptm HTTP/1.1" 200 0 "-" "WordPress/6.7.2; https://bakingsecurityin.com"
198.54.114.83 - - [30/Mar/2025:12:59:02 -0400] "POST /wp-admin/admin-ajax.php?action=async_litespeed&nonce=acuJWFeWgVMP182B4o1aWxr0q8jQXFln&litespeed_type=imgoptm HTTP/1.1" 200 0 "-" "WordPress/6.7.2; https://bakingsecurityin.com"
198.54.114.83 - - [30/Mar/2025:12:59:54 -0400] "POST /wp-cron.php?doing_wp_cron=1743353994.5887589454650878906250 HTTP/1.1" 200 0 "-" "WordPress/6.7.2; https://bakingsecurityin.com"
51.222.253.3 - - [30/Mar/2025:12:59:54 -0400] "GET /okroshka-a-cold-russian-summer-soup/feed/ HTTP/1.1" 200 409 "-" "Mozilla/5.0 (compatible; AhrefsBot/7.0; +http://ahrefs.com/robot/)"
198.54.114.83 - - [30/Mar/2025:12:59:55 -0400] "POST /wp-admin/admin-ajax.php?action=async_litespeed&nonce=IY2dvsLxWG1agjEWMZMHs0rGxeSFJx2F&litespeed_type=imgoptm HTTP/1.1" 200 5 "-" "WordPress/6.7.2; https://bakingsecurityin.com"
198.54.114.83 - - [30/Mar/2025:13:01:49 -0400] "POST /wp-cron.php?doing_wp_cron=1743354109.2062289714813232421875 HTTP/1.1" 200 0 "-" "WordPress/6.7.2; https://bakingsecurityin.com"
51.222.253.7 - - [30/Mar/2025:13:01:46 -0400] "GET /mastering-instagram-the-art-of-freezing-your-account/feed/ HTTP/1.1" 200 425 "-" "Mozilla/5.0 (compatible; AhrefsBot/7.0; +http://ahrefs.com/robot/)"
198.54.114.83 - - [30/Mar/2025:13:01:50 -0400] "POST /wp-admin/admin-ajax.php?action=async_litespeed&nonce=C8TWhJrSNxXQBffWCLJNGylld5llfh4l&litespeed_type=imgoptm HTTP/1.1" 200 0 "-" "WordPress/6.7.2; https://bakingsecurityin.com"
198.54.114.83 - - [30/Mar/2025:13:03:22 -0400] "POST /wp-cron.php?doing_wp_cron=1743354202.1039340496063232421875 HTTP/1.1" 200 0 "-" "WordPress/6.7.2; https://bakingsecurityin.com"
51.222.253.20 - - [30/Mar/2025:13:03:20 -0400] "GET /the-best-yachts-to-rent-in-tulum/ HTTP/1.1" 200 0 "-" "Mozilla/5.0 (compatible; AhrefsBot/7.0; +http://ahrefs.com/robot/)"
198.54.114.83 - - [30/Mar/2025:13:03:24 -0400] "POST /wp-admin/admin-ajax.php?action=async_litespeed&nonce=rzlPi3M8425dvxWeBd2SFoDsWMdiHnjl&litespeed_type=imgoptm HTTP/1.1" 200 0 "-" "WordPress/6.7.2; https://bakingsecurityin.com"
51.222.253.17 - - [30/Mar/2025:13:05:07 -0400] "GET /category/activity/page/104/ HTTP/1.1" 200 0 "-" "Mozilla/5.0 (compatible; AhrefsBot/7.0; +http://ahrefs.com/robot/)"
198.54.114.83 - - [30/Mar/2025:13:05:12 -0400] "POST /wp-cron.php?doing_wp_cron=1743354310.5042099952697753906250 HTTP/1.1" 200 0 "-" "WordPress/6.7.2; https://bakingsecurityin.com"
198.54.114.83 - - [30/Mar/2025:13:05:14 -0400] "POST /wp-admin/admin-ajax.php?action=async_litespeed&nonce=jKETDhzX5BUIiUn6247tsSa4Ameh4zl4&litespeed_type=imgoptm HTTP/1.1" 200 0 "-" "WordPress/6.7.2; https://bakingsecurityin.com"
198.54.114.83 - - [30/Mar/2025:13:06:57 -0400] "POST /wp-cron.php?doing_wp_cron=1743354417.0447790622711181640625 HTTP/1.1" 200 0 "-" "WordPress/6.7.2; https://bakingsecurityin.com"
51.222.253.18 - - [30/Mar/2025:13:06:55 -0400] "GET /find-a-curly-hair-salon-that-works-with-your-unique-ringlet-pattern/feed/ HTTP/1.1" 200 451 "-" "Mozilla/5.0 (compatible; AhrefsBot/7.0; +http://ahrefs.com/robot/)"
198.54.114.83 - - [30/Mar/2025:13:06:58 -0400] "POST /wp-admin/admin-ajax.php?action=async_litespeed&nonce=gg2mPM66J7P8qas7gOFiuzMg58aPjgue&litespeed_type=imgoptm HTTP/1.1" 200 0 "-" "WordPress/6.7.2; https://bakingsecurityin.com"
51.222.253.5 - - [30/Mar/2025:13:08:44 -0400] "GET /unveiling-the-secrets-how-to-cultivate-a-flourishing-instagram-following/feed/ HTTP/1.1" 200 437 "-" "Mozilla/5.0 (compatible; AhrefsBot/7.0; +http://ahrefs.com/robot/)"
198.54.114.83 - - [30/Mar/2025:13:08:48 -0400] "POST /wp-cron.php?doing_wp_cron=1743354526.7160179615020751953125 HTTP/1.1" 200 0 "-" "WordPress/6.7.2; https://bakingsecurityin.com"
198.54.114.83 - - [30/Mar/2025:13:08:49 -0400] "POST /wp-admin/admin-ajax.php?action=async_litespeed&nonce=coHmo565Pnt3FqgrEHdoWpVjM5LVgTVL&litespeed_type=imgoptm HTTP/1.1" 200 0 "-" "WordPress/6.7.2; https://bakingsecurityin.com"
198.54.114.83 - - [30/Mar/2025:13:10:28 -0400] "POST /wp-cron.php?doing_wp_cron=1743354627.9372138977050781250000 HTTP/1.1" 200 0 "-" "WordPress/6.7.2; https://bakingsecurityin.com"
51.222.253.7 - - [30/Mar/2025:13:10:25 -0400] "GET /fenbendazole-as-a-potential-cancer-treatment-in-the-netherlands/feed/ HTTP/1.1" 200 427 "-" "Mozilla/5.0 (compatible; AhrefsBot/7.0; +http://ahrefs.com/robot/)"
198.54.114.83 - - [30/Mar/2025:13:10:29 -0400] "POST /wp-admin/admin-ajax.php?action=async_litespeed&nonce=ORuhtpsg21TlAbadmf4JmriNAAiDa7kg&litespeed_type=imgoptm HTTP/1.1" 200 5 "-" "WordPress/6.7.2; https://bakingsecurityin.com"
51.222.253.11 - - [30/Mar/2025:13:11:56 -0400] "GET /how-to-convert-european-shoes-sizes-to-us/feed/ HTTP/1.1" 200 408 "-" "Mozilla/5.0 (compatible; AhrefsBot/7.0; +http://ahrefs.com/robot/)"
198.54.114.83 - - [30/Mar/2025:13:12:01 -0400] "POST /wp-cron.php?doing_wp_cron=1743354718.7080829143524169921875 HTTP/1.1" 200 0 "-" "WordPress/6.7.2; https://bakingsecurityin.com"
198.54.114.83 - - [30/Mar/2025:13:12:04 -0400] "POST /wp-admin/admin-ajax.php?action=async_litespeed&nonce=ZlpJVLCVg7xhQta3njN22WgtI7AbHK1K&litespeed_type=imgoptm HTTP/1.1" 200 0 "-" "WordPress/6.7.2; https://bakingsecurityin.com"
51.222.253.10 - - [30/Mar/2025:13:13:39 -0400] "GET /how-to-get-rid-of-the-hollow-arrow-on-your-iphone/feed/ HTTP/1.1" 200 430 "-" "Mozilla/5.0 (compatible; AhrefsBot/7.0; +http://ahrefs.com/robot/)"
51.222.253.9 - - [30/Mar/2025:13:15:41 -0400] "GET /divorce-lawyer-in-kiryat-bialik/feed/ HTTP/1.1" 200 400 "-" "Mozilla/5.0 (compatible; AhrefsBot/7.0; +http://ahrefs.com/robot/)"
198.54.114.83 - - [30/Mar/2025:13:15:46 -0400] "POST /wp-cron.php?doing_wp_cron=1743354942.9218499660491943359375 HTTP/1.1" 200 0 "-" "WordPress/6.7.2; https://bakingsecurityin.com"
51.222.253.5 - - [30/Mar/2025:13:17:15 -0400] "GET /robots.txt HTTP/1.1" 200 98 "-" "Mozilla/5.0 (compatible; AhrefsBot/7.0; +http://ahrefs.com/robot/)"
198.54.114.83 - - [30/Mar/2025:13:17:21 -0400] "POST /wp-cron.php?doing_wp_cron=1743355040.5992228984832763671875 HTTP/1.1" 200 0 "-" "WordPress/6.7.2; https://bakingsecurityin.com"
51.222.253.20 - - [30/Mar/2025:13:17:17 -0400] "GET /the-advantages-of-a-virtual-telephone-answering-service/feed/ HTTP/1.1" 200 422 "-" "Mozilla/5.0 (compatible; AhrefsBot/7.0; +http://ahrefs.com/robot/)"
198.54.114.83 - - [30/Mar/2025:13:17:23 -0400] "POST /wp-admin/admin-ajax.php?action=async_litespeed&nonce=ajFkLEqGS6NIw2DIZl7IWg9p72dwUVEW&litespeed_type=imgoptm HTTP/1.1" 200 0 "-" "WordPress/6.7.2; https://bakingsecurityin.com"
198.54.114.83 - - [30/Mar/2025:13:18:41 -0400] "POST /wp-cron.php?doing_wp_cron=1743355120.7028529644012451171875 HTTP/1.1" 200 0 "-" "WordPress/6.7.2; https://bakingsecurityin.com"
51.222.253.2 - - [30/Mar/2025:13:18:40 -0400] "GET /category/activity/page/113/ HTTP/1.1" 200 0 "-" "Mozilla/5.0 (compatible; AhrefsBot/7.0; +http://ahrefs.com/robot/)"
198.54.114.83 - - [30/Mar/2025:13:18:41 -0400] "POST /wp-admin/admin-ajax.php?action=async_litespeed&nonce=B91R5cXUufXNGDJwqn1JRRTHju69DGLc&litespeed_type=imgoptm HTTP/1.1" 200 5 "-" "WordPress/6.7.2; https://bakingsecurityin.com"
51.222.253.6 - - [30/Mar/2025:13:20:13 -0400] "GET /unlocking-efficiency-with-the-anyone-protocol-staking-dashboard/ HTTP/1.1" 200 0 "-" "Mozilla/5.0 (compatible; AhrefsBot/7.0; +http://ahrefs.com/robot/)"
198.54.114.83 - - [30/Mar/2025:13:20:17 -0400] "POST /wp-cron.php?doing_wp_cron=1743355215.8169739246368408203125 HTTP/1.1" 200 0 "-" "WordPress/6.7.2; https://bakingsecurityin.com"
47.128.121.64 - - [30/Mar/2025:13:20:23 -0400] "GET /how-you-can-choose-the-best-bankruptcy-lawyer-nj-the-best-fee-agreement/ HTTP/1.1" 200 0 "-" "Mozilla/5.0 (Linux; Android 5.0) AppleWebKit/537.36 (KHTML, like Gecko) Mobile Safari/537.36 (compatible; TikTokSpider; ttspider-feedback@tiktok.com)"
178.68.117.5 - - [30/Mar/2025:13:20:45 -0400] "GET /top-5-retinol-creams/ HTTP/1.1" 200 0 "https://bakingsecurityin.com/top-5-retinol-creams/#comment-1465" "Mozilla/5.0 (Windows NT 10.0; Win64; x64) AppleWebKit/537.36 (KHTML, like Gecko) Chrome/131.0.0.0 Safari/537.36 Avast/131.0.0.0"
178.68.117.5 - - [30/Mar/2025:13:20:47 -0400] "GET / HTTP/1.1" 200 0 "https://bakingsecurityin.com/" "Mozilla/5.0 (Windows NT 10.0; Win64; x64) AppleWebKit/537.36 (KHTML, like Gecko) Chrome/131.0.0.0 Safari/537.36 Avast/131.0.0.0"
52.167.144.202 - - [30/Mar/2025:13:21:01 -0400] "GET /personalized-fuzzy-socks/ HTTP/1.1" 200 0 "-" "Mozilla/5.0 AppleWebKit/537.36 (KHTML, like Gecko; compatible; bingbot/2.0; +http://www.bing.com/bingbot.htm) Chrome/116.0.1938.76 Safari/537.36"
198.54.114.83 - - [30/Mar/2025:13:21:50 -0400] "POST /wp-cron.php?doing_wp_cron=1743355309.2380690574645996093750 HTTP/1.1" 200 0 "-" "WordPress/6.7.2; https://bakingsecurityin.com"
51.222.253.18 - - [30/Mar/2025:13:21:48 -0400] "GET /renovation-de-toit-a-nemours-un-investissement-crucial/ HTTP/1.1" 200 0 "-" "Mozilla/5.0 (compatible; AhrefsBot/7.0; +http://ahrefs.com/robot/)"
198.54.114.83 - - [30/Mar/2025:13:21:51 -0400] "POST /wp-admin/admin-ajax.php?action=async_litespeed&nonce=E45gjIaqZEUrUWEPxfsphBmz42Y9Gqqk&litespeed_type=imgoptm HTTP/1.1" 200 0 "-" "WordPress/6.7.2; https://bakingsecurityin.com"
198.54.114.83 - - [30/Mar/2025:13:23:33 -0400] "POST /wp-cron.php?doing_wp_cron=1743355413.0971579551696777343750 HTTP/1.1" 200 0 "-" "WordPress/6.7.2; https://bakingsecurityin.com"
51.222.253.9 - - [30/Mar/2025:13:23:30 -0400] "GET /unlocking-the-allure-exploring-the-fascination-of-car-badges/feed/ HTTP/1.1" 200 432 "-" "Mozilla/5.0 (compatible; AhrefsBot/7.0; +http://ahrefs.com/robot/)"
198.54.114.83 - - [30/Mar/2025:13:23:34 -0400] "POST /wp-admin/admin-ajax.php?action=async_litespeed&nonce=RhHVKZPiyV5dKrZo5MkFUSx7e4zZQYbs&litespeed_type=imgoptm HTTP/1.1" 200 0 "-" "WordPress/6.7.2; https://bakingsecurityin.com"
198.54.114.83 - - [30/Mar/2025:13:25:16 -0400] "POST /wp-cron.php?doing_wp_cron=1743355515.3486120700836181640625 HTTP/1.1" 200 0 "-" "WordPress/6.7.2; https://bakingsecurityin.com"
51.222.253.2 - - [30/Mar/2025:13:25:12 -0400] "GET /5-benefits-of-measurement-based-care-for-behavioral-health/ HTTP/1.1" 200 0 "-" "Mozilla/5.0 (compatible; AhrefsBot/7.0; +http://ahrefs.com/robot/)"
198.54.114.83 - - [30/Mar/2025:13:25:18 -0400] "POST /wp-admin/admin-ajax.php?action=async_litespeed&nonce=bR6h5PFZ933KrAQ6BrDzoBaWYwFWdIU4&litespeed_type=imgoptm HTTP/1.1" 200 0 "-" "WordPress/6.7.2; https://bakingsecurityin.com"
198.54.114.83 - - [30/Mar/2025:13:26:57 -0400] "POST /wp-cron.php?doing_wp_cron=1743355616.3497030735015869140625 HTTP/1.1" 200 0 "-" "WordPress/6.7.2; https://bakingsecurityin.com"
51.222.253.3 - - [30/Mar/2025:13:26:53 -0400] "GET /category/activity/page/50/ HTTP/1.1" 200 0 "-" "Mozilla/5.0 (compatible; AhrefsBot/7.0; +http://ahrefs.com/robot/)"
198.54.114.83 - - [30/Mar/2025:13:26:59 -0400] "POST /wp-admin/admin-ajax.php?action=async_litespeed&nonce=u51CuwTK0T1wDLFVBgs4BqhEGM0y2Nxn&litespeed_type=imgoptm HTTP/1.1" 200 0 "-" "WordPress/6.7.2; https://bakingsecurityin.com"
198.54.114.83 - - [30/Mar/2025:13:28:06 -0400] "POST /wp-admin/admin-ajax.php?action=async_litespeed&nonce=Fyhbxvw9tzW9Ojyp4yOQ6zY6HxDEPMtP&litespeed_type=imgoptm HTTP/1.1" 200 5 "-" "WordPress/6.7.2; https://bakingsecurityin.com"
198.54.114.83 - - [30/Mar/2025:13:28:37 -0400] "POST /wp-cron.php?doing_wp_cron=1743355716.5558650493621826171875 HTTP/1.1" 200 0 "-" "WordPress/6.7.2; https://bakingsecurityin.com"
51.222.253.20 - - [30/Mar/2025:13:28:36 -0400] "GET /what-is-a-martial-art/feed/ HTTP/1.1" 200 389 "-" "Mozilla/5.0 (compatible; AhrefsBot/7.0; +http://ahrefs.com/robot/)"
198.54.114.83 - - [30/Mar/2025:13:28:38 -0400] "POST /wp-admin/admin-ajax.php?action=async_litespeed&nonce=38936ZP8lCMYaQ3m4kL4UDJREC6ddgkh&litespeed_type=imgoptm HTTP/1.1" 200 0 "-" "WordPress/6.7.2; https://bakingsecurityin.com"
45.148.124.32 - - [30/Mar/2025:13:30:09 -0400] "GET /sac-a-langer-faits-saillants-a-publier-pour/ HTTP/1.1" 200 0 "https://bakingsecurityin.com/sac-a-langer-faits-saillants-a-publier-pour/" "Mozilla/5.0 (Windows NT 10.0; Win64; x64) AppleWebKit/537.36 (KHTML, like Gecko) Chrome/130.0.0.0 Safari/537.36 CCleaner/130.0.0.0"
198.54.114.83 - - [30/Mar/2025:13:30:13 -0400] "POST /wp-cron.php?doing_wp_cron=1743355812.2846179008483886718750 HTTP/1.1" 200 0 "-" "WordPress/6.7.2; https://bakingsecurityin.com"
51.222.253.14 - - [30/Mar/2025:13:30:11 -0400] "GET /category/activity/page/61/ HTTP/1.1" 200 0 "-" "Mozilla/5.0 (compatible; AhrefsBot/7.0; +http://ahrefs.com/robot/)"
45.148.124.32 - - [30/Mar/2025:13:30:16 -0400] "GET / HTTP/1.1" 200 0 "https://bakingsecurityin.com/" "Mozilla/5.0 (Windows NT 10.0; Win64; x64) AppleWebKit/537.36 (KHTML, like Gecko) Chrome/130.0.0.0 Safari/537.36 CCleaner/130.0.0.0"
198.54.114.83 - - [30/Mar/2025:13:31:15 -0400] "POST /wp-admin/admin-ajax.php?action=async_litespeed&nonce=pnT8GU782O5SPylJATVLZKMBzeuAkjQr&litespeed_type=imgoptm HTTP/1.1" 200 5 "-" "WordPress/6.7.2; https://bakingsecurityin.com"
198.54.114.83 - - [30/Mar/2025:13:31:35 -0400] "POST /wp-cron.php?doing_wp_cron=1743355895.5437679290771484375000 HTTP/1.1" 200 0 "-" "WordPress/6.7.2; https://bakingsecurityin.com"
198.54.114.83 - - [30/Mar/2025:13:31:36 -0400] "POST /wp-admin/admin-ajax.php?action=async_litespeed&nonce=0ZE0t9AM6QBN1mOkIMj5xtwhWMKULbCR&litespeed_type=imgoptm HTTP/1.1" 200 5 "-" "WordPress/6.7.2; https://bakingsecurityin.com"
51.222.253.1 - - [30/Mar/2025:13:31:35 -0400] "GET /michael-kors-sales-on-bags/feed/ HTTP/1.1" 200 392 "-" "Mozilla/5.0 (compatible; AhrefsBot/7.0; +http://ahrefs.com/robot/)"
198.54.114.83 - - [30/Mar/2025:13:33:22 -0400] "POST /wp-cron.php?doing_wp_cron=1743356001.9023759365081787109375 HTTP/1.1" 200 0 "-" "WordPress/6.7.2; https://bakingsecurityin.com"
51.222.253.18 - - [30/Mar/2025:13:33:21 -0400] "GET /epilation-au-laser-a-rouen/ HTTP/1.1" 200 0 "-" "Mozilla/5.0 (compatible; AhrefsBot/7.0; +http://ahrefs.com/robot/)"
198.235.24.132 - - [30/Mar/2025:13:33:19 -0400] "GET / HTTP/1.1" 200 0 "-" "-"
198.54.114.83 - - [30/Mar/2025:13:33:22 -0400] "POST /wp-admin/admin-ajax.php?action=async_litespeed&nonce=aMj860yaosJEuQJf23DxyssViQwoYsUB&litespeed_type=imgoptm HTTP/1.1" 200 5 "-" "WordPress/6.7.2; https://bakingsecurityin.com"
198.54.114.83 - - [30/Mar/2025:13:35:21 -0400] "POST /wp-cron.php?doing_wp_cron=1743356120.4502439498901367187500 HTTP/1.1" 200 0 "-" "WordPress/6.7.2; https://bakingsecurityin.com"
51.222.253.13 - - [30/Mar/2025:13:35:17 -0400] "GET /embaucher-un-comptable-en-restauration-pour-votre-entreprise-de-restauration/feed/ HTTP/1.1" 200 427 "-" "Mozilla/5.0 (compatible; AhrefsBot/7.0; +http://ahrefs.com/robot/)"
198.54.114.83 - - [30/Mar/2025:13:35:22 -0400] "POST /wp-admin/admin-ajax.php?action=async_litespeed&nonce=2GPPR7AZ7N6zBVYQzVWhA60J74bYiQPM&litespeed_type=imgoptm HTTP/1.1" 200 0 "-" "WordPress/6.7.2; https://bakingsecurityin.com"
23.21.227.240 - - [30/Mar/2025:13:35:23 -0400] "GET /good-night-quotes/ HTTP/1.1" 404 0 "-" "Mozilla/5.0 AppleWebKit/537.36 (KHTML, like Gecko; compatible; Amazonbot/0.1; +https://developer.amazon.com/support/amazonbot) Chrome/119.0.6045.214 Safari/537.36"
198.54.114.83 - - [30/Mar/2025:13:36:53 -0400] "POST /wp-cron.php?doing_wp_cron=1743356213.4470019340515136718750 HTTP/1.1" 200 0 "-" "WordPress/6.7.2; https://bakingsecurityin.com"
51.222.253.19 - - [30/Mar/2025:13:36:51 -0400] "GET /how-to-get-more-hearts-on-musically/ HTTP/1.1" 200 0 "-" "Mozilla/5.0 (compatible; AhrefsBot/7.0; +http://ahrefs.com/robot/)"
198.54.114.83 - - [30/Mar/2025:13:36:54 -0400] "POST /wp-admin/admin-ajax.php?action=async_litespeed&nonce=DwQyhTcdrpWTLZ1XfvStDvwwRPuGc8B5&litespeed_type=imgoptm HTTP/1.1" 200 0 "-" "WordPress/6.7.2; https://bakingsecurityin.com"
198.54.114.83 - - [30/Mar/2025:13:38:25 -0400] "POST /wp-cron.php?doing_wp_cron=1743356305.6190159320831298828125 HTTP/1.1" 200 0 "-" "WordPress/6.7.2; https://bakingsecurityin.com"
51.222.253.10 - - [30/Mar/2025:13:38:24 -0400] "GET /what-is-a-virtual-makeup-try-on/feed/ HTTP/1.1" 200 404 "-" "Mozilla/5.0 (compatible; AhrefsBot/7.0; +http://ahrefs.com/robot/)"
198.54.114.83 - - [30/Mar/2025:13:38:26 -0400] "POST /wp-admin/admin-ajax.php?action=async_litespeed&nonce=fhKPd2ZKbpyt9q2PPhPURVCGJin0QC95&litespeed_type=imgoptm HTTP/1.1" 200 5 "-" "WordPress/6.7.2; https://bakingsecurityin.com"
198.54.114.83 - - [30/Mar/2025:13:39:52 -0400] "POST /wp-cron.php?doing_wp_cron=1743356392.6359579563140869140625 HTTP/1.1" 200 0 "-" "WordPress/6.7.2; https://bakingsecurityin.com"
51.222.253.11 - - [30/Mar/2025:13:39:51 -0400] "GET /exploring-the-chuan-park-showflat/feed/ HTTP/1.1" 200 401 "-" "Mozilla/5.0 (compatible; AhrefsBot/7.0; +http://ahrefs.com/robot/)"
198.54.114.83 - - [30/Mar/2025:13:39:53 -0400] "POST /wp-admin/admin-ajax.php?action=async_litespeed&nonce=D5N3LWULsv3U17W8PxM34bz938e1Hi6w&litespeed_type=imgoptm HTTP/1.1" 200 5 "-" "WordPress/6.7.2; https://bakingsecurityin.com"
185.61.221.67 - - [30/Mar/2025:13:41:18 -0400] "GET /sac-a-langer-faits-saillants-a-publier-pour/ HTTP/1.1" 200 0 "https://bakingsecurityin.com/sac-a-langer-faits-saillants-a-publier-pour/" "Mozilla/5.0 (Windows NT 6.1; Win64; x64) AppleWebKit/537.36 (KHTML, like Gecko) Chrome/103.0.0.0 Safari/537.36"
198.54.114.83 - - [30/Mar/2025:13:41:20 -0400] "POST /wp-cron.php?doing_wp_cron=1743356479.4716880321502685546875 HTTP/1.1" 200 0 "-" "WordPress/6.7.2; https://bakingsecurityin.com"
51.222.253.20 - - [30/Mar/2025:13:41:17 -0400] "GET /protegez-et-embellissez-les-housse-de-canape/ HTTP/1.1" 200 0 "-" "Mozilla/5.0 (compatible; AhrefsBot/7.0; +http://ahrefs.com/robot/)"
185.61.221.67 - - [30/Mar/2025:13:41:20 -0400] "GET / HTTP/1.1" 200 0 "https://bakingsecurityin.com/" "Mozilla/5.0 (Windows NT 6.1; Win64; x64) AppleWebKit/537.36 (KHTML, like Gecko) Chrome/103.0.0.0 Safari/537.36"
198.54.114.83 - - [30/Mar/2025:13:41:21 -0400] "POST /wp-admin/admin-ajax.php?action=async_litespeed&nonce=wOFquOP1t547Yg1jwlOO2dLGIPQ7W2M5&litespeed_type=imgoptm HTTP/1.1" 200 0 "-" "WordPress/6.7.2; https://bakingsecurityin.com"
198.54.114.83 - - [30/Mar/2025:13:42:49 -0400] "POST /wp-cron.php?doing_wp_cron=1743356568.3309960365295410156250 HTTP/1.1" 200 0 "-" "WordPress/6.7.2; https://bakingsecurityin.com"
51.222.253.6 - - [30/Mar/2025:13:42:46 -0400] "GET /category/activity/page/63/ HTTP/1.1" 200 0 "-" "Mozilla/5.0 (compatible; AhrefsBot/7.0; +http://ahrefs.com/robot/)"
198.54.114.83 - - [30/Mar/2025:13:42:50 -0400] "POST /wp-admin/admin-ajax.php?action=async_litespeed&nonce=SJSQOebiieRPV7e0bOfMysh6SljteIWM&litespeed_type=imgoptm HTTP/1.1" 200 0 "-" "WordPress/6.7.2; https://bakingsecurityin.com"
198.54.114.83 - - [30/Mar/2025:13:44:15 -0400] "POST /wp-cron.php?doing_wp_cron=1743356654.9839589595794677734375 HTTP/1.1" 200 0 "-" "WordPress/6.7.2; https://bakingsecurityin.com"
51.222.253.16 - - [30/Mar/2025:13:44:13 -0400] "GET /page/68/ HTTP/1.1" 200 0 "-" "Mozilla/5.0 (compatible; AhrefsBot/7.0; +http://ahrefs.com/robot/)"
198.54.114.83 - - [30/Mar/2025:13:44:15 -0400] "POST /wp-admin/admin-ajax.php?action=async_litespeed&nonce=Irkjaimk1jaCvnWlRWtHOEEkirW9rt1g&litespeed_type=imgoptm HTTP/1.1" 200 5 "-" "WordPress/6.7.2; https://bakingsecurityin.com"
198.54.114.83 - - [30/Mar/2025:13:44:49 -0400] "POST /wp-admin/admin-ajax.php?action=async_litespeed&nonce=37fCP2gIaPlnXAsSh0nUjgxD4l7EGUAw&litespeed_type=imgoptm HTTP/1.1" 200 0 "-" "WordPress/6.7.2; https://bakingsecurityin.com"
198.54.114.83 - - [30/Mar/2025:13:45:46 -0400] "POST /wp-cron.php?doing_wp_cron=1743356746.5333189964294433593750 HTTP/1.1" 200 0 "-" "WordPress/6.7.2; https://bakingsecurityin.com"
51.222.253.11 - - [30/Mar/2025:13:45:46 -0400] "GET /exploring-the-mystique-of-the-spire/feed/ HTTP/1.1" 200 399 "-" "Mozilla/5.0 (compatible; AhrefsBot/7.0; +http://ahrefs.com/robot/)"
198.54.114.83 - - [30/Mar/2025:13:45:47 -0400] "POST /wp-admin/admin-ajax.php?action=async_litespeed&nonce=krB7ExMdzDOmzR2w5HD1NQHBhUeaEvWw&litespeed_type=imgoptm HTTP/1.1" 200 5 "-" "WordPress/6.7.2; https://bakingsecurityin.com"
198.54.114.83 - - [30/Mar/2025:13:47:28 -0400] "POST /wp-cron.php?doing_wp_cron=1743356848.6280570030212402343750 HTTP/1.1" 200 0 "-" "WordPress/6.7.2; https://bakingsecurityin.com"
51.222.253.20 - - [30/Mar/2025:13:47:26 -0400] "GET /category/activity/page/103/ HTTP/1.1" 200 0 "-" "Mozilla/5.0 (compatible; AhrefsBot/7.0; +http://ahrefs.com/robot/)"
198.54.114.83 - - [30/Mar/2025:13:47:29 -0400] "POST /wp-admin/admin-ajax.php?action=async_litespeed&nonce=3zkj0aAm13fFKAjdzSAR9zvzpZHWYRd2&litespeed_type=imgoptm HTTP/1.1" 200 5 "-" "WordPress/6.7.2; https://bakingsecurityin.com"
198.54.114.83 - - [30/Mar/2025:13:49:11 -0400] "POST /wp-cron.php?doing_wp_cron=1743356951.7340250015258789062500 HTTP/1.1" 200 0 "-" "WordPress/6.7.2; https://bakingsecurityin.com"
51.222.253.2 - - [30/Mar/2025:13:49:09 -0400] "GET /fashionable-camera-bags-for-your-feminine-side/feed/ HTTP/1.1" 200 420 "-" "Mozilla/5.0 (compatible; AhrefsBot/7.0; +http://ahrefs.com/robot/)"
198.54.114.83 - - [30/Mar/2025:13:49:12 -0400] "POST /wp-admin/admin-ajax.php?action=async_litespeed&nonce=a4SRcJjbJNWWSbocwhMcSvWdIjI6hOBw&litespeed_type=imgoptm HTTP/1.1" 200 5 "-" "WordPress/6.7.2; https://bakingsecurityin.com"
198.54.114.83 - - [30/Mar/2025:13:50:38 -0400] "POST /wp-cron.php?doing_wp_cron=1743357038.4820480346679687500000 HTTP/1.1" 200 0 "-" "WordPress/6.7.2; https://bakingsecurityin.com"
51.222.253.13 - - [30/Mar/2025:13:50:34 -0400] "GET /the-versatility-and-efficiency-of-drywall-partitions/ HTTP/1.1" 200 0 "-" "Mozilla/5.0 (compatible; AhrefsBot/7.0; +http://ahrefs.com/robot/)"
198.54.114.83 - - [30/Mar/2025:13:50:39 -0400] "POST /wp-admin/admin-ajax.php?action=async_litespeed&nonce=g6PoPmXEgKIiCVlwQ3zu6rt4WBMVjWBW&litespeed_type=imgoptm HTTP/1.1" 200 5 "-" "WordPress/6.7.2; https://bakingsecurityin.com"
198.54.114.83 - - [30/Mar/2025:13:51:50 -0400] "POST /wp-cron.php?doing_wp_cron=1743357109.5762760639190673828125 HTTP/1.1" 200 0 "-" "WordPress/6.7.2; https://bakingsecurityin.com"
51.222.253.12 - - [30/Mar/2025:13:51:48 -0400] "GET /page/33/ HTTP/1.1" 200 0 "-" "Mozilla/5.0 (compatible; AhrefsBot/7.0; +http://ahrefs.com/robot/)"
198.54.114.83 - - [30/Mar/2025:13:51:51 -0400] "POST /wp-admin/admin-ajax.php?action=async_litespeed&nonce=IXJPek3cfeKfw5hvaKucK2isHWSUr8AR&litespeed_type=imgoptm HTTP/1.1" 200 5 "-" "WordPress/6.7.2; https://bakingsecurityin.com"
198.54.114.83 - - [30/Mar/2025:13:53:10 -0400] "POST /wp-cron.php?doing_wp_cron=1743357190.1300079822540283203125 HTTP/1.1" 200 0 "-" "WordPress/6.7.2; https://bakingsecurityin.com"
51.222.253.2 - - [30/Mar/2025:13:53:09 -0400] "GET /custom-football-socks/ HTTP/1.1" 200 0 "-" "Mozilla/5.0 (compatible; AhrefsBot/7.0; +http://ahrefs.com/robot/)"
198.54.114.83 - - [30/Mar/2025:13:53:10 -0400] "POST /wp-admin/admin-ajax.php?action=async_litespeed&nonce=ANDBl060VfJzpIgf2iYVrhoUPAvBLTNu&litespeed_type=imgoptm HTTP/1.1" 200 5 "-" "WordPress/6.7.2; https://bakingsecurityin.com"
198.54.114.83 - - [30/Mar/2025:13:54:52 -0400] "POST /wp-cron.php?doing_wp_cron=1743357292.2182118892669677734375 HTTP/1.1" 200 0 "-" "WordPress/6.7.2; https://bakingsecurityin.com"
51.222.253.19 - - [30/Mar/2025:13:54:50 -0400] "GET /manicure-equipment-whats-included-in-a-manicure-set/ HTTP/1.1" 200 0 "-" "Mozilla/5.0 (compatible; AhrefsBot/7.0; +http://ahrefs.com/robot/)"
198.54.114.83 - - [30/Mar/2025:13:54:53 -0400] "POST /wp-admin/admin-ajax.php?action=async_litespeed&nonce=TCfcOIRFeLK8Aks2rj8krwbXIhBnfnA0&litespeed_type=imgoptm HTTP/1.1" 200 0 "-" "WordPress/6.7.2; https://bakingsecurityin.com"
198.54.114.83 - - [30/Mar/2025:13:56:21 -0400] "POST /wp-cron.php?doing_wp_cron=1743357380.7746109962463378906250 HTTP/1.1" 200 0 "-" "WordPress/6.7.2; https://bakingsecurityin.com"
51.222.253.20 - - [30/Mar/2025:13:56:19 -0400] "GET /cheap-boat-rental-tulum/ HTTP/1.1" 200 0 "-" "Mozilla/5.0 (compatible; AhrefsBot/7.0; +http://ahrefs.com/robot/)"
198.54.114.83 - - [30/Mar/2025:13:56:21 -0400] "POST /wp-admin/admin-ajax.php?action=async_litespeed&nonce=Mmhel69FZ2wsHJZjOJemkQRA1IHYE0Uz&litespeed_type=imgoptm HTTP/1.1" 200 5 "-" "WordPress/6.7.2; https://bakingsecurityin.com"
195.2.85.173 - - [30/Mar/2025:13:57:29 -0400] "GET /a-journey-into-skincare/ HTTP/1.1" 200 0 "https://bakingsecurityin.com/a-journey-into-skincare/" "Mozilla/5.0 (Windows NT 6.3; Win64; x64) AppleWebKit/537.36 (KHTML, like Gecko) Chrome/103.0.5060.66 Safari/537.36"
198.54.114.83 - - [30/Mar/2025:13:57:31 -0400] "POST /wp-cron.php?doing_wp_cron=1743357451.4691259860992431640625 HTTP/1.1" 200 0 "-" "WordPress/6.7.2; https://bakingsecurityin.com"
195.2.85.173 - - [30/Mar/2025:13:57:31 -0400] "GET / HTTP/1.1" 200 0 "https://bakingsecurityin.com/" "Mozilla/5.0 (Windows NT 6.3; Win64; x64) AppleWebKit/537.36 (KHTML, like Gecko) Chrome/103.0.5060.66 Safari/537.36"
198.54.114.83 - - [30/Mar/2025:13:57:32 -0400] "POST /wp-admin/admin-ajax.php?action=async_litespeed&nonce=AdqQgXnjWW9dvyxQEr9pW1pXhkSRhuQY&litespeed_type=imgoptm HTTP/1.1" 200 5 "-" "WordPress/6.7.2; https://bakingsecurityin.com"
51.222.253.16 - - [30/Mar/2025:13:57:46 -0400] "GET /gutter-cleaning-winchester-why-you-should-get-your-gutters-cleaned/ HTTP/1.1" 200 0 "-" "Mozilla/5.0 (compatible; AhrefsBot/7.0; +http://ahrefs.com/robot/)"
198.54.114.83 - - [30/Mar/2025:13:59:18 -0400] "POST /wp-cron.php?doing_wp_cron=1743357558.4446890354156494140625 HTTP/1.1" 200 0 "-" "WordPress/6.7.2; https://bakingsecurityin.com"
51.222.253.11 - - [30/Mar/2025:13:59:17 -0400] "GET /category/activity/page/107/ HTTP/1.1" 200 0 "-" "Mozilla/5.0 (compatible; AhrefsBot/7.0; +http://ahrefs.com/robot/)"
198.54.114.83 - - [30/Mar/2025:13:59:19 -0400] "POST /wp-admin/admin-ajax.php?action=async_litespeed&nonce=x0dusRgKeYy68GTrwpL3yyTkiRRJXQWW&litespeed_type=imgoptm HTTP/1.1" 200 5 "-" "WordPress/6.7.2; https://bakingsecurityin.com"
198.54.114.83 - - [30/Mar/2025:14:00:53 -0400] "POST /wp-cron.php?doing_wp_cron=1743357652.8160879611968994140625 HTTP/1.1" 200 0 "-" "WordPress/6.7.2; https://bakingsecurityin.com"
51.222.253.6 - - [30/Mar/2025:14:00:49 -0400] "GET /page/35/ HTTP/1.1" 200 0 "-" "Mozilla/5.0 (compatible; AhrefsBot/7.0; +http://ahrefs.com/robot/)"
198.54.114.83 - - [30/Mar/2025:14:00:54 -0400] "POST /wp-admin/admin-ajax.php?action=async_litespeed&nonce=kuJ8jspFj7ja95ApQhpASzAtTC3zpcry&litespeed_type=imgoptm HTTP/1.1" 200 0 "-" "WordPress/6.7.2; https://bakingsecurityin.com"
198.54.114.83 - - [30/Mar/2025:14:02:26 -0400] "POST /wp-cron.php?doing_wp_cron=1743357746.5382289886474609375000 HTTP/1.1" 200 0 "-" "WordPress/6.7.2; https://bakingsecurityin.com"
51.222.253.11 - - [30/Mar/2025:14:02:25 -0400] "GET /urgence-dentaire-geneve/ HTTP/1.1" 200 0 "-" "Mozilla/5.0 (compatible; AhrefsBot/7.0; +http://ahrefs.com/robot/)"
