51.222.253.12 - - [31/Mar/2025:09:41:07 -0400] "GET /relx-pod-review/ HTTP/1.1" 200 0 "-" "Mozilla/5.0 (compatible; AhrefsBot/7.0; +http://ahrefs.com/robot/)"
198.54.114.83 - - [31/Mar/2025:09:41:09 -0400] "POST /wp-admin/admin-ajax.php?action=async_litespeed&nonce=oylyfwAfbonAUUPTe8EAdMt0Sx9Qykgo&litespeed_type=imgoptm HTTP/1.1" 200 5 "-" "WordPress/6.7.2; https://bakingsecurityin.com"
198.54.114.83 - - [31/Mar/2025:09:42:31 -0400] "POST /wp-cron.php?doing_wp_cron=1743428551.2139070034027099609375 HTTP/1.1" 200 0 "-" "WordPress/6.7.2; https://bakingsecurityin.com"
51.222.253.7 - - [31/Mar/2025:09:42:31 -0400] "GET /what-does-archive-mean-on-instagram/ HTTP/1.1" 200 0 "-" "Mozilla/5.0 (compatible; AhrefsBot/7.0; +http://ahrefs.com/robot/)"
198.54.114.83 - - [31/Mar/2025:09:42:31 -0400] "POST /wp-admin/admin-ajax.php?action=async_litespeed&nonce=h80qt9s8gdJYcJKHP3PTwLMOsXSg5ny7&litespeed_type=imgoptm HTTP/1.1" 200 5 "-" "WordPress/6.7.2; https://bakingsecurityin.com"
198.54.114.83 - - [31/Mar/2025:09:43:52 -0400] "POST /wp-cron.php?doing_wp_cron=1743428632.1466228961944580078125 HTTP/1.1" 200 0 "-" "WordPress/6.7.2; https://bakingsecurityin.com"
2a03:2880:f800:5:: - - [31/Mar/2025:09:43:52 -0400] "GET /wp-content/uploads/2023/10/Modern-Data-768x432.webp HTTP/1.1" 404 0 "-" "meta-externalagent/1.1 (+https://developers.facebook.com/docs/sharing/webmasters/crawler)"
198.54.114.83 - - [31/Mar/2025:09:43:52 -0400] "POST /wp-admin/admin-ajax.php?action=async_litespeed&nonce=VEVv80pndMVm5L4xsIsmrX8sLyAz0zuO&litespeed_type=imgoptm HTTP/1.1" 200 5 "-" "WordPress/6.7.2; https://bakingsecurityin.com"
51.222.253.14 - - [31/Mar/2025:09:43:56 -0400] "GET /buy-watch-hours-on-youtube-from-reputable-companies/ HTTP/1.1" 200 0 "-" "Mozilla/5.0 (compatible; AhrefsBot/7.0; +http://ahrefs.com/robot/)"
51.222.253.1 - - [31/Mar/2025:09:45:18 -0400] "GET /custom-fuzzy-socks-bulk/ HTTP/1.1" 200 0 "-" "Mozilla/5.0 (compatible; AhrefsBot/7.0; +http://ahrefs.com/robot/)"
198.54.114.83 - - [31/Mar/2025:09:46:27 -0400] "POST /wp-admin/admin-ajax.php?action=async_litespeed&nonce=uShjEhEzC1qAhIkHlsYG2S1TRxP9MMei&litespeed_type=imgoptm HTTP/1.1" 200 5 "-" "WordPress/6.7.2; https://bakingsecurityin.com"
198.54.114.83 - - [31/Mar/2025:09:46:30 -0400] "POST /wp-admin/admin-ajax.php?action=async_litespeed&nonce=YYQAzAdsJK35CxrpiXFfDPeQ0wNkPkCi&litespeed_type=imgoptm HTTP/1.1" 200 5 "-" "WordPress/6.7.2; https://bakingsecurityin.com"
51.222.253.12 - - [31/Mar/2025:09:46:39 -0400] "GET /mediation-costs-how-much-does-it-cost-to-mediate-a-case/ HTTP/1.1" 200 0 "-" "Mozilla/5.0 (compatible; AhrefsBot/7.0; +http://ahrefs.com/robot/)"
198.54.114.83 - - [31/Mar/2025:09:48:09 -0400] "POST /wp-cron.php?doing_wp_cron=1743428889.5262899398803710937500 HTTP/1.1" 200 0 "-" "WordPress/6.7.2; https://bakingsecurityin.com"
51.222.253.14 - - [31/Mar/2025:09:48:08 -0400] "GET /top-unternehmen-die-gitarrenunterricht-in-los-angeles-anbieten/ HTTP/1.1" 200 0 "-" "Mozilla/5.0 (compatible; AhrefsBot/7.0; +http://ahrefs.com/robot/)"
198.54.114.83 - - [31/Mar/2025:09:48:09 -0400] "POST /wp-admin/admin-ajax.php?action=async_litespeed&nonce=U5pC8PkA7FOxgZYgFjSTIUmgYswnkzv3&litespeed_type=imgoptm HTTP/1.1" 200 5 "-" "WordPress/6.7.2; https://bakingsecurityin.com"
198.54.114.83 - - [31/Mar/2025:09:49:31 -0400] "POST /wp-cron.php?doing_wp_cron=1743428971.1864950656890869140625 HTTP/1.1" 200 0 "-" "WordPress/6.7.2; https://bakingsecurityin.com"
51.222.253.4 - - [31/Mar/2025:09:49:29 -0400] "GET /a-comprehensive-overview/ HTTP/1.1" 200 0 "-" "Mozilla/5.0 (compatible; AhrefsBot/7.0; +http://ahrefs.com/robot/)"
198.54.114.83 - - [31/Mar/2025:09:49:31 -0400] "POST /wp-admin/admin-ajax.php?action=async_litespeed&nonce=oIWp9hoj9iNg7sxcVFuR6LrgNWDbetdS&litespeed_type=imgoptm HTTP/1.1" 200 5 "-" "WordPress/6.7.2; https://bakingsecurityin.com"
198.54.114.83 - - [31/Mar/2025:09:50:50 -0400] "POST /wp-cron.php?doing_wp_cron=1743429050.4220199584960937500000 HTTP/1.1" 200 0 "-" "WordPress/6.7.2; https://bakingsecurityin.com"
51.222.253.18 - - [31/Mar/2025:09:50:49 -0400] "GET /budgeting-for-a-vietnam-trip/ HTTP/1.1" 200 0 "-" "Mozilla/5.0 (compatible; AhrefsBot/7.0; +http://ahrefs.com/robot/)"
198.54.114.83 - - [31/Mar/2025:09:50:50 -0400] "POST /wp-admin/admin-ajax.php?action=async_litespeed&nonce=oxaRFEpoTlUn8YRSZEZIE4o2CYhAeg0a&litespeed_type=imgoptm HTTP/1.1" 200 5 "-" "WordPress/6.7.2; https://bakingsecurityin.com"
198.54.114.83 - - [31/Mar/2025:09:52:13 -0400] "POST /wp-cron.php?doing_wp_cron=1743429133.3546741008758544921875 HTTP/1.1" 200 0 "-" "WordPress/6.7.2; https://bakingsecurityin.com"
51.222.253.20 - - [31/Mar/2025:09:52:12 -0400] "GET /the-rise-of-electronic-warrants/ HTTP/1.1" 200 0 "-" "Mozilla/5.0 (compatible; AhrefsBot/7.0; +http://ahrefs.com/robot/)"
198.54.114.83 - - [31/Mar/2025:09:52:13 -0400] "POST /wp-admin/admin-ajax.php?action=async_litespeed&nonce=mX7fi7cvM6dyYRsvCOp7kkKkhbnHNxHQ&litespeed_type=imgoptm HTTP/1.1" 200 5 "-" "WordPress/6.7.2; https://bakingsecurityin.com"
203.156.2.120 - - [31/Mar/2025:09:53:16 -0400] "POST /wp-login.php/wp-login.php HTTP/1.1" 200 0 "-" "Mozilla"
198.54.114.83 - - [31/Mar/2025:09:53:46 -0400] "POST /wp-cron.php?doing_wp_cron=1743429226.2573399543762207031250 HTTP/1.1" 200 0 "-" "WordPress/6.7.2; https://bakingsecurityin.com"
51.222.253.17 - - [31/Mar/2025:09:53:45 -0400] "GET /bad-dad-jokes/ HTTP/1.1" 200 0 "-" "Mozilla/5.0 (compatible; AhrefsBot/7.0; +http://ahrefs.com/robot/)"
198.54.114.83 - - [31/Mar/2025:09:53:46 -0400] "POST /wp-admin/admin-ajax.php?action=async_litespeed&nonce=2gXNqBeewbgpXCFTeZPFdXrORcgJIMrL&litespeed_type=imgoptm HTTP/1.1" 200 5 "-" "WordPress/6.7.2; https://bakingsecurityin.com"
198.54.114.83 - - [31/Mar/2025:09:55:00 -0400] "POST /wp-cron.php?doing_wp_cron=1743429300.6454620361328125000000 HTTP/1.1" 200 0 "-" "WordPress/6.7.2; https://bakingsecurityin.com"
51.222.253.14 - - [31/Mar/2025:09:55:00 -0400] "GET /cheap-banners-are-a-great-way-to-advertise/ HTTP/1.1" 200 0 "-" "Mozilla/5.0 (compatible; AhrefsBot/7.0; +http://ahrefs.com/robot/)"
198.54.114.83 - - [31/Mar/2025:09:55:00 -0400] "POST /wp-admin/admin-ajax.php?action=async_litespeed&nonce=b5jfrlXb9YlfGwCpJatbqBErNILR3ejK&litespeed_type=imgoptm HTTP/1.1" 200 5 "-" "WordPress/6.7.2; https://bakingsecurityin.com"
51.222.253.13 - - [31/Mar/2025:09:56:22 -0400] "GET /voice-actor-training-getting-started-in-voice-overs/ HTTP/1.1" 200 0 "-" "Mozilla/5.0 (compatible; AhrefsBot/7.0; +http://ahrefs.com/robot/)"
198.54.114.83 - - [31/Mar/2025:09:57:50 -0400] "POST /wp-cron.php?doing_wp_cron=1743429470.3043720722198486328125 HTTP/1.1" 200 0 "-" "WordPress/6.7.2; https://bakingsecurityin.com"
51.222.253.18 - - [31/Mar/2025:09:57:49 -0400] "GET /cyber-security-at-georgia-tech/ HTTP/1.1" 200 0 "-" "Mozilla/5.0 (compatible; AhrefsBot/7.0; +http://ahrefs.com/robot/)"
198.54.114.83 - - [31/Mar/2025:09:57:50 -0400] "POST /wp-admin/admin-ajax.php?action=async_litespeed&nonce=Cma3Rhpkh2CRpR8Xfy4ic0Jo0C12pTbQ&litespeed_type=imgoptm HTTP/1.1" 200 5 "-" "WordPress/6.7.2; https://bakingsecurityin.com"
185.191.171.19 - - [31/Mar/2025:09:57:58 -0400] "GET /the-growing-popularity-of-online-casinos/ HTTP/1.1" 200 0 "-" "Mozilla/5.0 (compatible; SemrushBot/7~bl; +http://www.semrush.com/bot.html)"
195.2.75.64 - - [31/Mar/2025:09:58:37 -0400] "GET /a-journey-into-skincare/ HTTP/1.1" 200 0 "https://bakingsecurityin.com/a-journey-into-skincare/" "Mozilla/5.0 (Windows NT 10.0; Win64; x64) AppleWebKit/537.36 (KHTML, like Gecko) Chrome/131.0.0.0 Safari/537.36"
198.54.114.83 - - [31/Mar/2025:09:58:38 -0400] "POST /wp-cron.php?doing_wp_cron=1743429518.1255569458007812500000 HTTP/1.1" 200 0 "-" "WordPress/6.7.2; https://bakingsecurityin.com"
195.2.75.64 - - [31/Mar/2025:09:58:38 -0400] "GET / HTTP/1.1" 200 0 "https://bakingsecurityin.com/" "Mozilla/5.0 (Windows NT 10.0; Win64; x64) AppleWebKit/537.36 (KHTML, like Gecko) Chrome/131.0.0.0 Safari/537.36"
198.54.114.83 - - [31/Mar/2025:09:58:38 -0400] "POST /wp-admin/admin-ajax.php?action=async_litespeed&nonce=0sPeokRFgQLLeQvf6nV9KDJZzsDaFyo3&litespeed_type=imgoptm HTTP/1.1" 200 5 "-" "WordPress/6.7.2; https://bakingsecurityin.com"
198.54.114.83 - - [31/Mar/2025:09:59:29 -0400] "POST /wp-cron.php?doing_wp_cron=1743429568.9411580562591552734375 HTTP/1.1" 200 0 "-" "WordPress/6.7.2; https://bakingsecurityin.com"
51.222.253.17 - - [31/Mar/2025:09:59:28 -0400] "GET /mastering-basic-life-support-with-the-american-heart-association/ HTTP/1.1" 200 0 "-" "Mozilla/5.0 (compatible; AhrefsBot/7.0; +http://ahrefs.com/robot/)"
198.54.114.83 - - [31/Mar/2025:09:59:29 -0400] "POST /wp-admin/admin-ajax.php?action=async_litespeed&nonce=1kQEBcqg41L1KjUHdMdFGvzsOW8rpR7D&litespeed_type=imgoptm HTTP/1.1" 200 5 "-" "WordPress/6.7.2; https://bakingsecurityin.com"
51.222.253.6 - - [31/Mar/2025:10:00:58 -0400] "GET /discover-expert-hearing-care-in-auckland/ HTTP/1.1" 200 0 "-" "Mozilla/5.0 (compatible; AhrefsBot/7.0; +http://ahrefs.com/robot/)"
198.54.114.83 - - [31/Mar/2025:10:02:32 -0400] "POST /wp-cron.php?doing_wp_cron=1743429752.5371129512786865234375 HTTP/1.1" 200 0 "-" "WordPress/6.7.2; https://bakingsecurityin.com"
51.222.253.2 - - [31/Mar/2025:10:02:31 -0400] "GET /unlocking-the-power-of-youtube-buying-views-and-subscribers/ HTTP/1.1" 200 0 "-" "Mozilla/5.0 (compatible; AhrefsBot/7.0; +http://ahrefs.com/robot/)"
198.54.114.83 - - [31/Mar/2025:10:02:33 -0400] "POST /wp-admin/admin-ajax.php?action=async_litespeed&nonce=qYvUZ8pGhqT4dMrTtk7E0TaniSNmP7z8&litespeed_type=imgoptm HTTP/1.1" 200 5 "-" "WordPress/6.7.2; https://bakingsecurityin.com"
198.54.114.83 - - [31/Mar/2025:10:04:13 -0400] "POST /wp-cron.php?doing_wp_cron=1743429852.9577910900115966796875 HTTP/1.1" 200 0 "-" "WordPress/6.7.2; https://bakingsecurityin.com"
51.222.253.4 - - [31/Mar/2025:10:04:12 -0400] "GET /exploring-the-thrills-of-online-casinos/ HTTP/1.1" 200 0 "-" "Mozilla/5.0 (compatible; AhrefsBot/7.0; +http://ahrefs.com/robot/)"
198.54.114.83 - - [31/Mar/2025:10:04:13 -0400] "POST /wp-admin/admin-ajax.php?action=async_litespeed&nonce=1aq8xw06grbvO0PM0bb5FJazMZb7LDSK&litespeed_type=imgoptm HTTP/1.1" 200 5 "-" "WordPress/6.7.2; https://bakingsecurityin.com"
198.54.114.83 - - [31/Mar/2025:10:04:41 -0400] "POST /wp-admin/admin-ajax.php?action=async_litespeed&nonce=W8UcHfb6MmIJTmaCWZYGXyQiiSS4FYut&litespeed_type=imgoptm HTTP/1.1" 200 5 "-" "WordPress/6.7.2; https://bakingsecurityin.com"
85.208.98.22 - - [31/Mar/2025:10:04:50 -0400] "GET /food-ingredients-first-natural-colors/ HTTP/1.1" 200 0 "-" "Mozilla/5.0 (compatible; SemrushBot-BA; +http://www.semrush.com/bot.html)"
198.54.114.83 - - [31/Mar/2025:10:05:49 -0400] "POST /wp-cron.php?doing_wp_cron=1743429949.2198250293731689453125 HTTP/1.1" 200 0 "-" "WordPress/6.7.2; https://bakingsecurityin.com"
51.222.253.3 - - [31/Mar/2025:10:05:49 -0400] "GET /how-to-turn-off-airpods/ HTTP/1.1" 200 0 "-" "Mozilla/5.0 (compatible; AhrefsBot/7.0; +http://ahrefs.com/robot/)"
198.54.114.83 - - [31/Mar/2025:10:05:49 -0400] "POST /wp-admin/admin-ajax.php?action=async_litespeed&nonce=H0Oz2820pgLXrFnONExt1DFbNlsusLqP&litespeed_type=imgoptm HTTP/1.1" 200 5 "-" "WordPress/6.7.2; https://bakingsecurityin.com"
198.54.114.83 - - [31/Mar/2025:10:06:34 -0400] "POST /wp-admin/admin-ajax.php?action=async_litespeed&nonce=dhgirb9pQmcb5wps4NxDWjAi3qNeEyqD&litespeed_type=imgoptm HTTP/1.1" 200 5 "-" "WordPress/6.7.2; https://bakingsecurityin.com"
198.54.114.83 - - [31/Mar/2025:10:07:43 -0400] "POST /wp-cron.php?doing_wp_cron=1743430063.3546509742736816406250 HTTP/1.1" 200 0 "-" "WordPress/6.7.2; https://bakingsecurityin.com"
51.222.253.15 - - [31/Mar/2025:10:07:43 -0400] "GET /exploring-tranquility-the-chuan-park-experience/ HTTP/1.1" 200 0 "-" "Mozilla/5.0 (compatible; AhrefsBot/7.0; +http://ahrefs.com/robot/)"
51.222.253.8 - - [31/Mar/2025:10:09:12 -0400] "GET /what-you-should-know-about-a-tummy-tuck/feed/ HTTP/1.1" 200 417 "-" "Mozilla/5.0 (compatible; AhrefsBot/7.0; +http://ahrefs.com/robot/)"
178.20.213.203 - - [31/Mar/2025:10:09:48 -0400] "GET /wp-login.php HTTP/1.1" 200 1738 "-" "Mozilla/5.0 (Windows NT 10.0; Win64; x64) AppleWebKit/537.36 (KHTML, like Gecko) Chrome/130.0.0.0 YaBrowser/24.12.0.0 Safari/537.36"
178.20.213.203 - - [31/Mar/2025:10:09:49 -0400] "GET /wp-login.php HTTP/1.1" 200 1738 "-" "Mozilla/5.0 (Windows NT 10.0; Win64; x64) AppleWebKit/537.36 (KHTML, like Gecko) Chrome/130.0.0.0 YaBrowser/24.12.0.0 Safari/537.36"
178.20.213.203 - - [31/Mar/2025:10:09:49 -0400] "GET /wp-login.php HTTP/1.1" 200 1738 "-" "Mozilla/5.0 (Windows NT 10.0; Win64; x64) AppleWebKit/537.36 (KHTML, like Gecko) Chrome/130.0.0.0 YaBrowser/24.12.0.0 Safari/537.36"
178.20.213.203 - - [31/Mar/2025:10:09:50 -0400] "GET /wp-login.php HTTP/1.1" 200 1738 "-" "Mozilla/5.0 (Windows NT 10.0; Win64; x64) AppleWebKit/537.36 (KHTML, like Gecko) Chrome/130.0.0.0 YaBrowser/24.12.0.0 Safari/537.36"
198.54.114.83 - - [31/Mar/2025:10:09:52 -0400] "POST /wp-cron.php?doing_wp_cron=1743430192.1945419311523437500000 HTTP/1.1" 200 0 "-" "WordPress/6.7.2; https://bakingsecurityin.com"
178.20.213.203 - - [31/Mar/2025:10:09:50 -0400] "POST /wp-login.php HTTP/1.1" 200 1861 "-" "Mozilla/5.0 (Windows NT 10.0; Win64; x64) AppleWebKit/537.36 (KHTML, like Gecko) Chrome/130.0.0.0 YaBrowser/24.12.0.0 Safari/537.36"
198.54.114.83 - - [31/Mar/2025:10:09:52 -0400] "POST /wp-admin/admin-ajax.php?action=async_litespeed&nonce=3dwmQloGnyxQfe0tL4AHRjnVWTbsKtc9&litespeed_type=imgoptm HTTP/1.1" 200 5 "-" "WordPress/6.7.2; https://bakingsecurityin.com"
139.59.18.154 - - [31/Mar/2025:10:10:34 -0400] "GET /wp-login.php HTTP/1.1" 200 1738 "-" "Mozila/5.0"
198.54.114.83 - - [31/Mar/2025:10:10:34 -0400] "POST /wp-cron.php?doing_wp_cron=1743430234.6255919933319091796875 HTTP/1.1" 200 0 "-" "WordPress/6.7.2; https://bakingsecurityin.com"
139.59.18.154 - - [31/Mar/2025:10:10:34 -0400] "POST /wp-login.php HTTP/1.1" 200 1867 "-" "Mozila/5.0"
198.54.114.83 - - [31/Mar/2025:10:10:35 -0400] "POST /wp-admin/admin-ajax.php?action=async_litespeed&nonce=DOxU5j95HPGvDDKRBrorPEHwmNm4jOAe&litespeed_type=imgoptm HTTP/1.1" 200 5 "-" "WordPress/6.7.2; https://bakingsecurityin.com"
139.59.18.154 - - [31/Mar/2025:10:10:35 -0400] "GET /wp-admin/ HTTP/1.1" 302 0 "-" "Mozila/5.0"
139.59.18.154 - - [31/Mar/2025:10:10:35 -0400] "GET /wp-login.php?redirect_to=https%3A%2F%2Fbakingsecurityin.com%2Fwp-admin%2F&reauth=1 HTTP/1.1" 200 1738 "-" "Mozila/5.0"
85.208.96.200 - - [31/Mar/2025:10:10:51 -0400] "GET /pokemon-lego/ HTTP/1.1" 200 0 "-" "Mozilla/5.0 (compatible; SemrushBot/7~bl; +http://www.semrush.com/bot.html)"
51.222.253.19 - - [31/Mar/2025:10:10:56 -0400] "GET /fall-prevention-using-custom-non-slip-socks/ HTTP/1.1" 200 0 "-" "Mozilla/5.0 (compatible; AhrefsBot/7.0; +http://ahrefs.com/robot/)"
212.34.135.220 - - [31/Mar/2025:10:11:23 -0400] "GET /exploring-the-real-estate-market-in-sonoma-ca/ HTTP/1.1" 200 0 "https://bakingsecurityin.com/exploring-the-real-estate-market-in-sonoma-ca/#comment-688" "Mozilla/5.0 (Windows NT 10.0; Win64; x64) AppleWebKit/537.36 (KHTML, like Gecko) Chrome/129.0.0.0 Safari/537.36"
212.34.135.220 - - [31/Mar/2025:10:11:26 -0400] "GET / HTTP/1.1" 200 0 "https://bakingsecurityin.com/" "Mozilla/5.0 (Windows NT 10.0; Win64; x64) AppleWebKit/537.36 (KHTML, like Gecko) Chrome/129.0.0.0 Safari/537.36"
51.222.253.9 - - [31/Mar/2025:10:12:15 -0400] "GET /ma-prime-adapt-demande/ HTTP/1.1" 200 0 "-" "Mozilla/5.0 (compatible; AhrefsBot/7.0; +http://ahrefs.com/robot/)"
198.54.114.83 - - [31/Mar/2025:10:13:47 -0400] "POST /wp-cron.php?doing_wp_cron=1743430427.1083319187164306640625 HTTP/1.1" 200 0 "-" "WordPress/6.7.2; https://bakingsecurityin.com"
51.222.253.5 - - [31/Mar/2025:10:13:45 -0400] "GET /how-to-find-a-tax-advisor-for-mbh/ HTTP/1.1" 200 0 "-" "Mozilla/5.0 (compatible; AhrefsBot/7.0; +http://ahrefs.com/robot/)"
198.54.114.83 - - [31/Mar/2025:10:13:47 -0400] "POST /wp-admin/admin-ajax.php?action=async_litespeed&nonce=pbpj399Tobp5dHCq2n9pvDJBVsMm0ro9&litespeed_type=imgoptm HTTP/1.1" 200 5 "-" "WordPress/6.7.2; https://bakingsecurityin.com"
198.54.114.83 - - [31/Mar/2025:10:14:52 -0400] "POST /wp-cron.php?doing_wp_cron=1743430492.3869979381561279296875 HTTP/1.1" 200 0 "-" "WordPress/6.7.2; https://bakingsecurityin.com"
185.191.171.2 - - [31/Mar/2025:10:14:52 -0400] "GET /the-best-cannabis-coffeeshops-in-amsterdam/ HTTP/1.1" 200 0 "-" "Mozilla/5.0 (compatible; SemrushBot/7~bl; +http://www.semrush.com/bot.html)"
198.54.114.83 - - [31/Mar/2025:10:14:52 -0400] "POST /wp-admin/admin-ajax.php?action=async_litespeed&nonce=IPqZC41DWQ0d1NlTz5skq2BOQwbtjGf0&litespeed_type=imgoptm HTTP/1.1" 200 5 "-" "WordPress/6.7.2; https://bakingsecurityin.com"
198.54.114.83 - - [31/Mar/2025:10:15:42 -0400] "POST /wp-cron.php?doing_wp_cron=1743430542.1205270290374755859375 HTTP/1.1" 200 0 "-" "WordPress/6.7.2; https://bakingsecurityin.com"
51.222.253.5 - - [31/Mar/2025:10:15:42 -0400] "GET /how-to-find-a-plumber-near-me/ HTTP/1.1" 200 0 "-" "Mozilla/5.0 (compatible; AhrefsBot/7.0; +http://ahrefs.com/robot/)"
198.54.114.83 - - [31/Mar/2025:10:15:42 -0400] "POST /wp-admin/admin-ajax.php?action=async_litespeed&nonce=OYY9qdOc3v6YoiKINU5rTuDrxDev7b33&litespeed_type=imgoptm HTTP/1.1" 200 5 "-" "WordPress/6.7.2; https://bakingsecurityin.com"
198.54.114.83 - - [31/Mar/2025:10:17:22 -0400] "POST /wp-cron.php?doing_wp_cron=1743430642.6850049495697021484375 HTTP/1.1" 200 0 "-" "WordPress/6.7.2; https://bakingsecurityin.com"
51.222.253.9 - - [31/Mar/2025:10:17:21 -0400] "GET /maximizing-space-bathroom-renovations-for-small-spaces/ HTTP/1.1" 200 0 "-" "Mozilla/5.0 (compatible; AhrefsBot/7.0; +http://ahrefs.com/robot/)"
198.54.114.83 - - [31/Mar/2025:10:17:23 -0400] "POST /wp-admin/admin-ajax.php?action=async_litespeed&nonce=eOKuYRZ9fufKOE2nPSfIGQnoLDK2ukbV&litespeed_type=imgoptm HTTP/1.1" 200 5 "-" "WordPress/6.7.2; https://bakingsecurityin.com"
198.54.114.83 - - [31/Mar/2025:10:17:32 -0400] "POST /wp-admin/admin-ajax.php?action=async_litespeed&nonce=XJc2yiTUe34IbDqLPuuHoioShUjKicIU&litespeed_type=imgoptm HTTP/1.1" 200 5 "-" "WordPress/6.7.2; https://bakingsecurityin.com"
198.54.114.83 - - [31/Mar/2025:10:19:10 -0400] "POST /wp-cron.php?doing_wp_cron=1743430750.6564190387725830078125 HTTP/1.1" 200 0 "-" "WordPress/6.7.2; https://bakingsecurityin.com"
51.222.253.17 - - [31/Mar/2025:10:19:09 -0400] "GET /meilleurs-groupes-de-telegrammes-nus/ HTTP/1.1" 200 0 "-" "Mozilla/5.0 (compatible; AhrefsBot/7.0; +http://ahrefs.com/robot/)"
198.54.114.83 - - [31/Mar/2025:10:19:11 -0400] "POST /wp-admin/admin-ajax.php?action=async_litespeed&nonce=jKX4yrCwlRKifcaZMpCtdxiXFbGK68nN&litespeed_type=imgoptm HTTP/1.1" 200 5 "-" "WordPress/6.7.2; https://bakingsecurityin.com"
198.54.114.83 - - [31/Mar/2025:10:20:07 -0400] "POST /wp-cron.php?doing_wp_cron=1743430807.3535919189453125000000 HTTP/1.1" 200 0 "-" "WordPress/6.7.2; https://bakingsecurityin.com"
40.77.167.76 - - [31/Mar/2025:10:20:07 -0400] "GET /wp-content/plugins/advanced-google-recaptcha/libs/captcha.php?wpcaptcha-generate-image=true&color=%23FFFFFF&noise=1&id=4205 HTTP/1.1" 404 0 "-" "Mozilla/5.0 AppleWebKit/537.36 (KHTML, like Gecko; compatible; bingbot/2.0; +http://www.bing.com/bingbot.htm) Chrome/116.0.1938.76 Safari/537.36"
198.54.114.83 - - [31/Mar/2025:10:20:08 -0400] "POST /wp-admin/admin-ajax.php?action=async_litespeed&nonce=8do6dLLerRcseMyvqPUoxo281WzYInkQ&litespeed_type=imgoptm HTTP/1.1" 200 5 "-" "WordPress/6.7.2; https://bakingsecurityin.com"
198.54.114.83 - - [31/Mar/2025:10:21:15 -0400] "POST /wp-cron.php?doing_wp_cron=1743430875.1016221046447753906250 HTTP/1.1" 200 0 "-" "WordPress/6.7.2; https://bakingsecurityin.com"
51.222.253.17 - - [31/Mar/2025:10:21:15 -0400] "GET /tips-to-help-you-get-started-when-creating-rap-music/ HTTP/1.1" 200 0 "-" "Mozilla/5.0 (compatible; AhrefsBot/7.0; +http://ahrefs.com/robot/)"
198.54.114.83 - - [31/Mar/2025:10:21:15 -0400] "POST /wp-admin/admin-ajax.php?action=async_litespeed&nonce=lL1Loa17lnWKdYuNJ2ux8Jhyg7iwPWHz&litespeed_type=imgoptm HTTP/1.1" 200 5 "-" "WordPress/6.7.2; https://bakingsecurityin.com"
51.222.253.13 - - [31/Mar/2025:10:23:26 -0400] "GET /what-qualifications-do-you-need-to-become-a-health-coach/ HTTP/1.1" 200 0 "-" "Mozilla/5.0 (compatible; AhrefsBot/7.0; +http://ahrefs.com/robot/)"
198.54.114.83 - - [31/Mar/2025:10:25:23 -0400] "POST /wp-cron.php?doing_wp_cron=1743431123.0092179775238037109375 HTTP/1.1" 200 0 "-" "WordPress/6.7.2; https://bakingsecurityin.com"
51.222.253.10 - - [31/Mar/2025:10:25:21 -0400] "GET /how-to-understand-the-divine-message-of-the-quran/ HTTP/1.1" 200 0 "-" "Mozilla/5.0 (compatible; AhrefsBot/7.0; +http://ahrefs.com/robot/)"
198.54.114.83 - - [31/Mar/2025:10:25:23 -0400] "POST /wp-admin/admin-ajax.php?action=async_litespeed&nonce=CTz9sk5kCKEPak4JDNu0wgddyAqRHXUO&litespeed_type=imgoptm HTTP/1.1" 200 5 "-" "WordPress/6.7.2; https://bakingsecurityin.com"
51.222.253.12 - - [31/Mar/2025:10:27:09 -0400] "GET /mk-crossbody-bag/ HTTP/1.1" 200 0 "-" "Mozilla/5.0 (compatible; AhrefsBot/7.0; +http://ahrefs.com/robot/)"
51.222.253.1 - - [31/Mar/2025:10:29:11 -0400] "GET /getting-familiar-with-refrigerator-parts/ HTTP/1.1" 200 0 "-" "Mozilla/5.0 (compatible; AhrefsBot/7.0; +http://ahrefs.com/robot/)"
198.54.114.83 - - [31/Mar/2025:10:30:39 -0400] "POST /wp-admin/admin-ajax.php?action=async_litespeed&nonce=9EwqoteF4zcCVNcgQCsMOGdap6FtWwCk&litespeed_type=imgoptm HTTP/1.1" 200 5 "-" "WordPress/6.7.2; https://bakingsecurityin.com"
51.222.253.16 - - [31/Mar/2025:10:31:00 -0400] "GET /tupperware-catalogue-how-to-sustain-the-environment-and-reuse-your-old-brochures/ HTTP/1.1" 200 0 "-" "Mozilla/5.0 (compatible; AhrefsBot/7.0; +http://ahrefs.com/robot/)"
198.54.114.83 - - [31/Mar/2025:10:31:40 -0400] "POST /wp-cron.php?doing_wp_cron=1743431499.9582839012145996093750 HTTP/1.1" 200 0 "-" "WordPress/6.7.2; https://bakingsecurityin.com"
2a03:2880:f800:19:: - - [31/Mar/2025:10:31:39 -0400] "GET /wp-content/uploads/2024/03/14-1024x585.jpg HTTP/1.1" 404 0 "-" "meta-externalagent/1.1 (+https://developers.facebook.com/docs/sharing/webmasters/crawler)"
198.54.114.83 - - [31/Mar/2025:10:31:40 -0400] "POST /wp-admin/admin-ajax.php?action=async_litespeed&nonce=4mVyUdVn9eRaKuz2fpEWAShHQuL96LJS&litespeed_type=imgoptm HTTP/1.1" 200 5 "-" "WordPress/6.7.2; https://bakingsecurityin.com"
198.54.114.83 - - [31/Mar/2025:10:32:51 -0400] "POST /wp-cron.php?doing_wp_cron=1743431571.3703238964080810546875 HTTP/1.1" 200 0 "-" "WordPress/6.7.2; https://bakingsecurityin.com"
51.222.253.9 - - [31/Mar/2025:10:32:51 -0400] "GET /the-michael-kors-jet-set-tote-in-brown-is-a-must-have/ HTTP/1.1" 200 0 "-" "Mozilla/5.0 (compatible; AhrefsBot/7.0; +http://ahrefs.com/robot/)"
198.54.114.83 - - [31/Mar/2025:10:32:51 -0400] "POST /wp-admin/admin-ajax.php?action=async_litespeed&nonce=TVGilbDsF90xyGoT7RlB7WB4mGblXo9x&litespeed_type=imgoptm HTTP/1.1" 200 5 "-" "WordPress/6.7.2; https://bakingsecurityin.com"
198.54.114.83 - - [31/Mar/2025:10:34:42 -0400] "POST /wp-cron.php?doing_wp_cron=1743431682.4558711051940917968750 HTTP/1.1" 200 0 "-" "WordPress/6.7.2; https://bakingsecurityin.com"
51.222.253.7 - - [31/Mar/2025:10:34:41 -0400] "GET /sport-betting-systems-do-they-really-work-and-is-there-such-thing-as-a-free-sport-betting-system/ HTTP/1.1" 200 0 "-" "Mozilla/5.0 (compatible; AhrefsBot/7.0; +http://ahrefs.com/robot/)"
198.54.114.83 - - [31/Mar/2025:10:34:42 -0400] "POST /wp-admin/admin-ajax.php?action=async_litespeed&nonce=kAjMHA79euUerhMeqbn5vo9w3CsDdorj&litespeed_type=imgoptm HTTP/1.1" 200 5 "-" "WordPress/6.7.2; https://bakingsecurityin.com"
198.54.114.83 - - [31/Mar/2025:10:36:37 -0400] "POST /wp-cron.php?doing_wp_cron=1743431796.8157060146331787109375 HTTP/1.1" 200 0 "-" "WordPress/6.7.2; https://bakingsecurityin.com"
51.222.253.7 - - [31/Mar/2025:10:36:35 -0400] "GET /kassia-condo-a-new-lifestyle-condominium/ HTTP/1.1" 200 0 "-" "Mozilla/5.0 (compatible; AhrefsBot/7.0; +http://ahrefs.com/robot/)"
198.54.114.83 - - [31/Mar/2025:10:36:37 -0400] "POST /wp-admin/admin-ajax.php?action=async_litespeed&nonce=Rjnr2k8yQBOifFExTcvZikcu5R8ich0A&litespeed_type=imgoptm HTTP/1.1" 200 5 "-" "WordPress/6.7.2; https://bakingsecurityin.com"
198.54.114.83 - - [31/Mar/2025:10:38:43 -0400] "POST /wp-cron.php?doing_wp_cron=1743431923.1877880096435546875000 HTTP/1.1" 200 0 "-" "WordPress/6.7.2; https://bakingsecurityin.com"
51.222.253.12 - - [31/Mar/2025:10:38:41 -0400] "GET /making-tax-regime-decisions-easy-with-taxbuddy/ HTTP/1.1" 200 0 "-" "Mozilla/5.0 (compatible; AhrefsBot/7.0; +http://ahrefs.com/robot/)"
198.54.114.83 - - [31/Mar/2025:10:38:43 -0400] "POST /wp-admin/admin-ajax.php?action=async_litespeed&nonce=ETg4gdUWlbzeB9H6zhLkZFthiVzLFYtj&litespeed_type=imgoptm HTTP/1.1" 200 5 "-" "WordPress/6.7.2; https://bakingsecurityin.com"
198.54.114.83 - - [31/Mar/2025:10:40:33 -0400] "POST /wp-cron.php?doing_wp_cron=1743432032.8642840385437011718750 HTTP/1.1" 200 0 "-" "WordPress/6.7.2; https://bakingsecurityin.com"
51.222.253.19 - - [31/Mar/2025:10:40:31 -0400] "GET /gitarrenunterricht-in-essen-fur-anfanger-und-experten/ HTTP/1.1" 200 0 "-" "Mozilla/5.0 (compatible; AhrefsBot/7.0; +http://ahrefs.com/robot/)"
198.54.114.83 - - [31/Mar/2025:10:40:33 -0400] "POST /wp-admin/admin-ajax.php?action=async_litespeed&nonce=2CjuWBiIVc1K7lZ7o6wwibQ0VcYg7oiW&litespeed_type=imgoptm HTTP/1.1" 200 5 "-" "WordPress/6.7.2; https://bakingsecurityin.com"
51.222.253.14 - - [31/Mar/2025:10:42:16 -0400] "GET /activites-dechauffement-partie-2/ HTTP/1.1" 200 0 "-" "Mozilla/5.0 (compatible; AhrefsBot/7.0; +http://ahrefs.com/robot/)"
198.54.114.83 - - [31/Mar/2025:10:42:56 -0400] "POST /wp-admin/admin-ajax.php?action=async_litespeed&nonce=uRzbyjhXeGCgKwciiZKRjD69wkdSTgEZ&litespeed_type=imgoptm HTTP/1.1" 200 5 "-" "WordPress/6.7.2; https://bakingsecurityin.com"
198.54.114.83 - - [31/Mar/2025:10:43:42 -0400] "POST /wp-admin/admin-ajax.php?action=async_litespeed&nonce=Zkl15bn1K9vbdtCOMp0sfFbrSoIz5ITQ&litespeed_type=imgoptm HTTP/1.1" 200 5 "-" "WordPress/6.7.2; https://bakingsecurityin.com"
51.222.253.1 - - [31/Mar/2025:10:44:04 -0400] "GET /why-the-name-ronaldo-is-so-popular-in-the-football-arena/ HTTP/1.1" 200 0 "-" "Mozilla/5.0 (compatible; AhrefsBot/7.0; +http://ahrefs.com/robot/)"
185.191.171.4 - - [31/Mar/2025:10:44:13 -0400] "GET /robots.txt HTTP/1.1" 200 98 "-" "Mozilla/5.0 (compatible; SemrushBot/7~bl; +http://www.semrush.com/bot.html)"
185.191.171.1 - - [31/Mar/2025:10:44:14 -0400] "GET /ivf-clinics-sharjah/ HTTP/1.1" 200 0 "-" "Mozilla/5.0 (compatible; SemrushBot/7~bl; +http://www.semrush.com/bot.html)"
198.54.114.83 - - [31/Mar/2025:10:44:36 -0400] "POST /wp-admin/admin-ajax.php?action=async_litespeed&nonce=ZpdhnEPF0MHOPtPeJHHINDynLg6cafSb&litespeed_type=imgoptm HTTP/1.1" 200 5 "-" "WordPress/6.7.2; https://bakingsecurityin.com"
198.54.114.83 - - [31/Mar/2025:10:45:49 -0400] "POST /wp-cron.php?doing_wp_cron=1743432349.6801650524139404296875 HTTP/1.1" 200 0 "-" "WordPress/6.7.2; https://bakingsecurityin.com"
51.222.253.9 - - [31/Mar/2025:10:45:49 -0400] "GET /mac-oil-cartridges/ HTTP/1.1" 200 0 "-" "Mozilla/5.0 (compatible; AhrefsBot/7.0; +http://ahrefs.com/robot/)"
198.54.114.83 - - [31/Mar/2025:10:45:50 -0400] "POST /wp-admin/admin-ajax.php?action=async_litespeed&nonce=WwFgnEezVqMlzgrLsVYuWPxGNaXfdIYZ&litespeed_type=imgoptm HTTP/1.1" 200 5 "-" "WordPress/6.7.2; https://bakingsecurityin.com"
198.54.114.83 - - [31/Mar/2025:10:47:35 -0400] "POST /wp-cron.php?doing_wp_cron=1743432454.9788739681243896484375 HTTP/1.1" 200 0 "-" "WordPress/6.7.2; https://bakingsecurityin.com"
136.243.228.193 - - [31/Mar/2025:10:47:33 -0400] "GET /personalised-online-tutoring/ HTTP/1.1" 404 0 "-" "Mozilla/5.0 (compatible; DataForSeoBot/1.0; +https://dataforseo.com/dataforseo-bot)"
198.54.114.83 - - [31/Mar/2025:10:47:35 -0400] "POST /wp-admin/admin-ajax.php?action=async_litespeed&nonce=XOySSs566BP43kLnRLTJf8miffXcTTvJ&litespeed_type=imgoptm HTTP/1.1" 200 5 "-" "WordPress/6.7.2; https://bakingsecurityin.com"
51.222.253.9 - - [31/Mar/2025:10:47:45 -0400] "GET /is-skin-tightening-right-for-you/ HTTP/1.1" 200 0 "-" "Mozilla/5.0 (compatible; AhrefsBot/7.0; +http://ahrefs.com/robot/)"
198.54.114.83 - - [31/Mar/2025:10:49:47 -0400] "POST /wp-cron.php?doing_wp_cron=1743432587.2788920402526855468750 HTTP/1.1" 200 0 "-" "WordPress/6.7.2; https://bakingsecurityin.com"
51.222.253.4 - - [31/Mar/2025:10:49:44 -0400] "GET /top-10-cheapest-smm-panel/ HTTP/1.1" 200 0 "-" "Mozilla/5.0 (compatible; AhrefsBot/7.0; +http://ahrefs.com/robot/)"
198.54.114.83 - - [31/Mar/2025:10:49:47 -0400] "POST /wp-admin/admin-ajax.php?action=async_litespeed&nonce=MYWBWpWwAqRofgrz4qT8mIfBBdINitqz&litespeed_type=imgoptm HTTP/1.1" 200 5 "-" "WordPress/6.7.2; https://bakingsecurityin.com"
198.54.114.83 - - [31/Mar/2025:10:51:37 -0400] "POST /wp-cron.php?doing_wp_cron=1743432697.3422589302062988281250 HTTP/1.1" 200 0 "-" "WordPress/6.7.2; https://bakingsecurityin.com"
51.222.253.8 - - [31/Mar/2025:10:51:36 -0400] "GET /different-types-of-real-estate/ HTTP/1.1" 200 0 "-" "Mozilla/5.0 (compatible; AhrefsBot/7.0; +http://ahrefs.com/robot/)"
198.54.114.83 - - [31/Mar/2025:10:51:37 -0400] "POST /wp-admin/admin-ajax.php?action=async_litespeed&nonce=ynrFGxu3eVUg6k4sXF3WUD3aFWSiKT2a&litespeed_type=imgoptm HTTP/1.1" 200 5 "-" "WordPress/6.7.2; https://bakingsecurityin.com"
85.208.96.202 - - [31/Mar/2025:10:52:47 -0400] "GET /benefits-of-buying-hgh-in-canada/ HTTP/1.1" 200 0 "-" "Mozilla/5.0 (compatible; SemrushBot/7~bl; +http://www.semrush.com/bot.html)"
198.54.114.83 - - [31/Mar/2025:10:53:28 -0400] "POST /wp-cron.php?doing_wp_cron=1743432807.2414929866790771484375 HTTP/1.1" 200 0 "-" "WordPress/6.7.2; https://bakingsecurityin.com"
51.222.253.14 - - [31/Mar/2025:10:53:25 -0400] "GET /choosing-the-right-lawyer-if-you-are-in-a-car-accident/ HTTP/1.1" 200 0 "-" "Mozilla/5.0 (compatible; AhrefsBot/7.0; +http://ahrefs.com/robot/)"
198.54.114.83 - - [31/Mar/2025:10:53:29 -0400] "POST /wp-admin/admin-ajax.php?action=async_litespeed&nonce=Y5owmUQ6WTZJ5surNyj4VSf9MPOMfWV0&litespeed_type=imgoptm HTTP/1.1" 200 0 "-" "WordPress/6.7.2; https://bakingsecurityin.com"
198.54.114.83 - - [31/Mar/2025:10:55:21 -0400] "POST /wp-cron.php?doing_wp_cron=1743432920.8186900615692138671875 HTTP/1.1" 200 0 "-" "WordPress/6.7.2; https://bakingsecurityin.com"
51.222.253.11 - - [31/Mar/2025:10:55:19 -0400] "GET /the-power-of-residential-proxy-ips/ HTTP/1.1" 200 0 "-" "Mozilla/5.0 (compatible; AhrefsBot/7.0; +http://ahrefs.com/robot/)"
198.54.114.83 - - [31/Mar/2025:10:55:22 -0400] "POST /wp-admin/admin-ajax.php?action=async_litespeed&nonce=jcssVOY0OKQFi5YP1lItYNjfQSAC1WNY&litespeed_type=imgoptm HTTP/1.1" 200 5 "-" "WordPress/6.7.2; https://bakingsecurityin.com"
198.54.114.83 - - [31/Mar/2025:10:56:56 -0400] "POST /wp-admin/admin-ajax.php?action=async_litespeed&nonce=EfJyxVyHTogbr6W1QJVma7ClZReAasDL&litespeed_type=imgoptm HTTP/1.1" 200 5 "-" "WordPress/6.7.2; https://bakingsecurityin.com"
51.222.253.16 - - [31/Mar/2025:10:57:07 -0400] "GET /online-gambling-tips/ HTTP/1.1" 200 0 "-" "Mozilla/5.0 (compatible; AhrefsBot/7.0; +http://ahrefs.com/robot/)"
198.54.114.83 - - [31/Mar/2025:10:58:47 -0400] "POST /wp-cron.php?doing_wp_cron=1743433127.7111520767211914062500 HTTP/1.1" 200 0 "-" "WordPress/6.7.2; https://bakingsecurityin.com"
51.222.253.17 - - [31/Mar/2025:10:58:46 -0400] "GET /die-kunst-der-buchfuhrung-ein-blick-auf-die-welt-der-rechnungslegung/feed/ HTTP/1.1" 200 453 "-" "Mozilla/5.0 (compatible; AhrefsBot/7.0; +http://ahrefs.com/robot/)"
198.54.114.83 - - [31/Mar/2025:10:58:48 -0400] "POST /wp-admin/admin-ajax.php?action=async_litespeed&nonce=yX9ZsNsZKLkrmeHs6LQVIJ3YDAIW3z0M&litespeed_type=imgoptm HTTP/1.1" 200 5 "-" "WordPress/6.7.2; https://bakingsecurityin.com"
198.54.114.83 - - [31/Mar/2025:11:00:38 -0400] "POST /wp-cron.php?doing_wp_cron=1743433238.1475849151611328125000 HTTP/1.1" 200 0 "-" "WordPress/6.7.2; https://bakingsecurityin.com"
51.222.253.8 - - [31/Mar/2025:11:00:36 -0400] "GET /comment-les-diseurs-de-bonne-aventure-peuvent-vous-aider-a-comprendre-votre-passe-et-votre-present/feed/ HTTP/1.1" 200 465 "-" "Mozilla/5.0 (compatible; AhrefsBot/7.0; +http://ahrefs.com/robot/)"
198.54.114.83 - - [31/Mar/2025:11:00:39 -0400] "POST /wp-admin/admin-ajax.php?action=async_litespeed&nonce=YiUhfgE1JJF0BI64YgVZUrd22LK9kCkZ&litespeed_type=imgoptm HTTP/1.1" 200 5 "-" "WordPress/6.7.2; https://bakingsecurityin.com"
198.54.114.83 - - [31/Mar/2025:11:02:34 -0400] "POST /wp-cron.php?doing_wp_cron=1743433353.9529490470886230468750 HTTP/1.1" 200 0 "-" "WordPress/6.7.2; https://bakingsecurityin.com"
51.222.253.9 - - [31/Mar/2025:11:02:32 -0400] "GET /why-does-my-phone-say-lte-instead-of-5g/ HTTP/1.1" 200 0 "-" "Mozilla/5.0 (compatible; AhrefsBot/7.0; +http://ahrefs.com/robot/)"
198.54.114.83 - - [31/Mar/2025:11:02:34 -0400] "POST /wp-admin/admin-ajax.php?action=async_litespeed&nonce=y9lKESXc20bPi48cqfFkBv4p6BXBDRPL&litespeed_type=imgoptm HTTP/1.1" 200 5 "-" "WordPress/6.7.2; https://bakingsecurityin.com"
198.54.114.83 - - [31/Mar/2025:11:04:21 -0400] "POST /wp-cron.php?doing_wp_cron=1743433461.2290010452270507812500 HTTP/1.1" 200 0 "-" "WordPress/6.7.2; https://bakingsecurityin.com"
51.222.253.14 - - [31/Mar/2025:11:04:18 -0400] "GET /custom-logo-socks/ HTTP/1.1" 200 0 "-" "Mozilla/5.0 (compatible; AhrefsBot/7.0; +http://ahrefs.com/robot/)"
198.54.114.83 - - [31/Mar/2025:11:04:22 -0400] "POST /wp-admin/admin-ajax.php?action=async_litespeed&nonce=kKQeauS5Mj4mxafyKx2HbkRJf6i6a02M&litespeed_type=imgoptm HTTP/1.1" 200 5 "-" "WordPress/6.7.2; https://bakingsecurityin.com"
51.222.253.20 - - [31/Mar/2025:11:06:08 -0400] "GET /private-venture-thoughts-in-spirits-wines-and-brew/ HTTP/1.1" 200 0 "-" "Mozilla/5.0 (compatible; AhrefsBot/7.0; +http://ahrefs.com/robot/)"
198.54.114.83 - - [31/Mar/2025:11:06:11 -0400] "POST /wp-cron.php?doing_wp_cron=1743433570.3657939434051513671875 HTTP/1.1" 200 0 "-" "WordPress/6.7.2; https://bakingsecurityin.com"
198.54.114.83 - - [31/Mar/2025:11:07:57 -0400] "POST /wp-cron.php?doing_wp_cron=1743433675.8504419326782226562500 HTTP/1.1" 200 0 "-" "WordPress/6.7.2; https://bakingsecurityin.com"
51.222.253.14 - - [31/Mar/2025:11:07:54 -0400] "GET /setting-training-goals-for-effective-evaluation/ HTTP/1.1" 200 0 "-" "Mozilla/5.0 (compatible; AhrefsBot/7.0; +http://ahrefs.com/robot/)"
198.54.114.83 - - [31/Mar/2025:11:07:58 -0400] "POST /wp-admin/admin-ajax.php?action=async_litespeed&nonce=WKXQBYEcMIviQAxLTZFh4SxxFF2jRHiC&litespeed_type=imgoptm HTTP/1.1" 200 0 "-" "WordPress/6.7.2; https://bakingsecurityin.com"
198.54.114.83 - - [31/Mar/2025:11:09:58 -0400] "POST /wp-cron.php?doing_wp_cron=1743433797.6393890380859375000000 HTTP/1.1" 200 0 "-" "WordPress/6.7.2; https://bakingsecurityin.com"
51.222.253.8 - - [31/Mar/2025:11:09:56 -0400] "GET /exploring-wholesale-pool-supplies/ HTTP/1.1" 200 0 "-" "Mozilla/5.0 (compatible; AhrefsBot/7.0; +http://ahrefs.com/robot/)"
198.54.114.83 - - [31/Mar/2025:11:09:58 -0400] "POST /wp-admin/admin-ajax.php?action=async_litespeed&nonce=r6dmhJYWNLzOC4F6T9kpE8P0egm7d7VO&litespeed_type=imgoptm HTTP/1.1" 200 5 "-" "WordPress/6.7.2; https://bakingsecurityin.com"
198.54.114.83 - - [31/Mar/2025:11:11:56 -0400] "POST /wp-cron.php?doing_wp_cron=1743433915.9036769866943359375000 HTTP/1.1" 200 0 "-" "WordPress/6.7.2; https://bakingsecurityin.com"
51.222.253.7 - - [31/Mar/2025:11:11:53 -0400] "GET /online-casino-gamble/ HTTP/1.1" 200 0 "-" "Mozilla/5.0 (compatible; AhrefsBot/7.0; +http://ahrefs.com/robot/)"
198.54.114.83 - - [31/Mar/2025:11:11:56 -0400] "POST /wp-admin/admin-ajax.php?action=async_litespeed&nonce=d6ys8GiFUWaPC2KuzAdjMy6LvCoJMrUS&litespeed_type=imgoptm HTTP/1.1" 200 5 "-" "WordPress/6.7.2; https://bakingsecurityin.com"
198.54.114.83 - - [31/Mar/2025:11:13:36 -0400] "POST /wp-cron.php?doing_wp_cron=1743434016.2643499374389648437500 HTTP/1.1" 200 0 "-" "WordPress/6.7.2; https://bakingsecurityin.com"
51.222.253.10 - - [31/Mar/2025:11:13:34 -0400] "GET /live-football-scores-how-to-stay-up-to-date-on-the-latest-results/ HTTP/1.1" 200 0 "-" "Mozilla/5.0 (compatible; AhrefsBot/7.0; +http://ahrefs.com/robot/)"
198.54.114.83 - - [31/Mar/2025:11:13:37 -0400] "POST /wp-admin/admin-ajax.php?action=async_litespeed&nonce=bhC8Mt7IN7xJsu2RGfRx65LMn4zjsgBA&litespeed_type=imgoptm HTTP/1.1" 200 0 "-" "WordPress/6.7.2; https://bakingsecurityin.com"
198.54.114.83 - - [31/Mar/2025:11:15:16 -0400] "POST /wp-cron.php?doing_wp_cron=1743434115.6436998844146728515625 HTTP/1.1" 200 0 "-" "WordPress/6.7.2; https://bakingsecurityin.com"
51.222.253.16 - - [31/Mar/2025:11:15:14 -0400] "GET /how-to-correct-your-posture-and-relieve-nerd-neck/ HTTP/1.1" 200 0 "-" "Mozilla/5.0 (compatible; AhrefsBot/7.0; +http://ahrefs.com/robot/)"
198.54.114.83 - - [31/Mar/2025:11:15:17 -0400] "POST /wp-admin/admin-ajax.php?action=async_litespeed&nonce=FyvWXZ3nuMN4HcRhJX1dlTUWgUa63qzR&litespeed_type=imgoptm HTTP/1.1" 200 5 "-" "WordPress/6.7.2; https://bakingsecurityin.com"
198.54.114.83 - - [31/Mar/2025:11:16:21 -0400] "POST /wp-admin/admin-ajax.php?action=async_litespeed&nonce=YYLB0ggJ61RFGWjNIPdLDvLSqoeia2jo&litespeed_type=imgoptm HTTP/1.1" 200 5 "-" "WordPress/6.7.2; https://bakingsecurityin.com"
198.54.114.83 - - [31/Mar/2025:11:17:04 -0400] "POST /wp-cron.php?doing_wp_cron=1743434224.1158270835876464843750 HTTP/1.1" 200 0 "-" "WordPress/6.7.2; https://bakingsecurityin.com"
51.222.253.2 - - [31/Mar/2025:11:17:03 -0400] "GET /youtube-downloader-free-what-are-the-best-youtube-downloader-free-alternatives/ HTTP/1.1" 200 0 "-" "Mozilla/5.0 (compatible; AhrefsBot/7.0; +http://ahrefs.com/robot/)"
198.54.114.83 - - [31/Mar/2025:11:17:04 -0400] "POST /wp-admin/admin-ajax.php?action=async_litespeed&nonce=BH72pJ92ABHqOoRrjT9kBkcSJ2AZx5g5&litespeed_type=imgoptm HTTP/1.1" 200 5 "-" "WordPress/6.7.2; https://bakingsecurityin.com"
87.250.224.246 - - [31/Mar/2025:11:18:40 -0400] "GET /robots.txt HTTP/1.1" 304 0 "-" "Mozilla/5.0 (compatible; YandexBot/3.0; +http://yandex.com/bots)"
5.255.231.190 - - [31/Mar/2025:11:18:41 -0400] "GET /the-components-of-audiovisual-rental/ HTTP/1.1" 200 0 "-" "Mozilla/5.0 (compatible; YandexBot/3.0; +http://yandex.com/bots)"
51.222.253.13 - - [31/Mar/2025:11:18:51 -0400] "GET /how-to-send-large-files-with-ease/ HTTP/1.1" 200 0 "-" "Mozilla/5.0 (compatible; AhrefsBot/7.0; +http://ahrefs.com/robot/)"
51.222.253.9 - - [31/Mar/2025:11:20:49 -0400] "GET /innovative-fitness-apparel-redefining-performance-and-style/ HTTP/1.1" 200 0 "-" "Mozilla/5.0 (compatible; AhrefsBot/7.0; +http://ahrefs.com/robot/)"
51.222.253.1 - - [31/Mar/2025:11:22:28 -0400] "GET /deep-house-cleaning-services/ HTTP/1.1" 200 0 "-" "Mozilla/5.0 (compatible; AhrefsBot/7.0; +http://ahrefs.com/robot/)"
198.54.114.83 - - [31/Mar/2025:11:23:22 -0400] "POST /wp-admin/admin-ajax.php?action=async_litespeed&nonce=amFkDGCnswMQntKu24TKfqUKUbvIVrR6&litespeed_type=imgoptm HTTP/1.1" 200 0 "-" "WordPress/6.7.2; https://bakingsecurityin.com"
198.54.114.83 - - [31/Mar/2025:11:24:19 -0400] "POST /wp-cron.php?doing_wp_cron=1743434658.6328909397125244140625 HTTP/1.1" 200 0 "-" "WordPress/6.7.2; https://bakingsecurityin.com"
51.222.253.5 - - [31/Mar/2025:11:24:18 -0400] "GET /the-12-volt-20ah-battery/ HTTP/1.1" 200 0 "-" "Mozilla/5.0 (compatible; AhrefsBot/7.0; +http://ahrefs.com/robot/)"
198.54.114.83 - - [31/Mar/2025:11:24:20 -0400] "POST /wp-admin/admin-ajax.php?action=async_litespeed&nonce=a2D0o28us3lsEzt90vVxI0hWhxoA99TK&litespeed_type=imgoptm HTTP/1.1" 200 0 "-" "WordPress/6.7.2; https://bakingsecurityin.com"
198.54.114.83 - - [31/Mar/2025:11:26:05 -0400] "POST /wp-cron.php?doing_wp_cron=1743434764.5108439922332763671875 HTTP/1.1" 200 0 "-" "WordPress/6.7.2; https://bakingsecurityin.com"
51.222.253.1 - - [31/Mar/2025:11:26:02 -0400] "GET /bring-your-lakeside-memories-home-with-lake-wall-art/ HTTP/1.1" 200 0 "-" "Mozilla/5.0 (compatible; AhrefsBot/7.0; +http://ahrefs.com/robot/)"
198.54.114.83 - - [31/Mar/2025:11:26:06 -0400] "POST /wp-admin/admin-ajax.php?action=async_litespeed&nonce=RfazcWBEQBedYt7Z7x6rgogtBLO2f2Eg&litespeed_type=imgoptm HTTP/1.1" 200 0 "-" "WordPress/6.7.2; https://bakingsecurityin.com"
85.208.98.29 - - [31/Mar/2025:11:26:13 -0400] "GET /food-ingredients-first-natural-colors/ HTTP/1.1" 200 0 "-" "Mozilla/5.0 (compatible; SemrushBot-BA; +http://www.semrush.com/bot.html)"
198.54.114.83 - - [31/Mar/2025:11:27:09 -0400] "POST /wp-admin/admin-ajax.php?action=async_litespeed&nonce=51q1XEE5hDzUHFBTMOEGoGLF0ogYOGm5&litespeed_type=imgoptm HTTP/1.1" 200 5 "-" "WordPress/6.7.2; https://bakingsecurityin.com"
198.54.114.83 - - [31/Mar/2025:11:27:54 -0400] "POST /wp-cron.php?doing_wp_cron=1743434873.3002169132232666015625 HTTP/1.1" 200 0 "-" "WordPress/6.7.2; https://bakingsecurityin.com"
51.222.253.8 - - [31/Mar/2025:11:27:53 -0400] "GET /what-is-a-customised-cake/feed/ HTTP/1.1" 200 395 "-" "Mozilla/5.0 (compatible; AhrefsBot/7.0; +http://ahrefs.com/robot/)"
198.54.114.83 - - [31/Mar/2025:11:27:56 -0400] "POST /wp-admin/admin-ajax.php?action=async_litespeed&nonce=T42L3OX3tTT0INRhbvR07TJCX5TiqVjH&litespeed_type=imgoptm HTTP/1.1" 200 0 "-" "WordPress/6.7.2; https://bakingsecurityin.com"
213.180.203.159 - - [31/Mar/2025:11:29:23 -0400] "GET /robots.txt HTTP/1.1" 304 0 "-" "Mozilla/5.0 (compatible; YandexBot/3.0; +http://yandex.com/bots)"
198.54.114.83 - - [31/Mar/2025:11:29:27 -0400] "POST /wp-cron.php?doing_wp_cron=1743434967.2187829017639160156250 HTTP/1.1" 200 0 "-" "WordPress/6.7.2; https://bakingsecurityin.com"
87.250.224.234 - - [31/Mar/2025:11:29:25 -0400] "GET / HTTP/1.1" 200 0 "-" "Mozilla/5.0 (compatible; YandexBot/3.0; +http://yandex.com/bots)"
198.54.114.83 - - [31/Mar/2025:11:29:28 -0400] "POST /wp-admin/admin-ajax.php?action=async_litespeed&nonce=InLPQusEy3e3r1QPTz8PKm6VZcECPDTG&litespeed_type=imgoptm HTTP/1.1" 200 0 "-" "WordPress/6.7.2; https://bakingsecurityin.com"
51.222.253.1 - - [31/Mar/2025:11:29:54 -0400] "GET /enhancing-lives-through-occupational-therapy-in-dubai/ HTTP/1.1" 200 0 "-" "Mozilla/5.0 (compatible; AhrefsBot/7.0; +http://ahrefs.com/robot/)"
198.54.114.83 - - [31/Mar/2025:11:31:00 -0400] "POST /wp-admin/admin-ajax.php?action=async_litespeed&nonce=poT4JUA2IeYIH2KY7MUqp7TtCFRKvH4s&litespeed_type=imgoptm HTTP/1.1" 200 0 "-" "WordPress/6.7.2; https://bakingsecurityin.com"
51.222.253.7 - - [31/Mar/2025:11:31:58 -0400] "GET /how-to-make-a-homemade-vibrator/ HTTP/1.1" 200 0 "-" "Mozilla/5.0 (compatible; AhrefsBot/7.0; +http://ahrefs.com/robot/)"
198.54.114.83 - - [31/Mar/2025:11:32:02 -0400] "POST /wp-cron.php?doing_wp_cron=1743435118.8970839977264404296875 HTTP/1.1" 200 0 "-" "WordPress/6.7.2; https://bakingsecurityin.com"
58.254.68.93 - - [31/Mar/2025:11:32:52 -0400] "GET /how-to-style-street-wear-for-men/ HTTP/1.1" 200 0 "https://bakingsecurityin.com" "Mozilla/5.0 (Windows NT 10.0; Win64; x64) AppleWebKit/537.36 (KHTML, like Gecko) Chrome/62.0.3202.94 Safari/537.36"
198.54.114.83 - - [31/Mar/2025:11:33:07 -0400] "POST /wp-cron.php?doing_wp_cron=1743435186.5828549861907958984375 HTTP/1.1" 200 0 "-" "WordPress/6.7.2; https://bakingsecurityin.com"
104.207.50.187 - - [31/Mar/2025:11:33:06 -0400] "GET /wp-json/wp/v2/users HTTP/1.1" 200 1292 "https://www.google.com" "Mozilla/5.0 (X11; Linux x86_64) AppleWebKit/537.36 (KHTML, like Gecko) Chrome/119.0.0.0 Safari/537.36"
198.54.114.83 - - [31/Mar/2025:11:33:10 -0400] "POST /wp-admin/admin-ajax.php?action=async_litespeed&nonce=SQAGBygiqUq1SjZ1nn2xkSBPncYNtidR&litespeed_type=imgoptm HTTP/1.1" 200 0 "-" "WordPress/6.7.2; https://bakingsecurityin.com"
104.207.50.187 - - [31/Mar/2025:11:33:11 -0400] "GET /?author=1 HTTP/1.1" 301 0 "https://www.google.com" "Mozilla/5.0 (X11; Linux x86_64) AppleWebKit/537.36 (KHTML, like Gecko) Chrome/119.0.0.0 Safari/537.36"
104.207.50.187 - - [31/Mar/2025:11:33:14 -0400] "GET /wp-login.php HTTP/1.1" 200 1738 "https://www.google.com" "Mozilla/5.0 (X11; Linux x86_64) AppleWebKit/537.36 (KHTML, like Gecko) Chrome/119.0.0.0 Safari/537.36"
104.207.50.187 - - [31/Mar/2025:11:33:16 -0400] "POST /wp-login.php HTTP/1.1" 200 1861 "https://bakingsecurityin.com/wp-login.php" "Mozilla/5.0 (X11; Linux x86_64) AppleWebKit/537.36 (KHTML, like Gecko) Chrome/119.0.0.0 Safari/537.36"
104.207.50.187 - - [31/Mar/2025:11:33:18 -0400] "GET /wp-admin/ HTTP/1.1" 302 0 "https://bakingsecurityin.com/wp-login.php" "Mozilla/5.0 (X11; Linux x86_64) AppleWebKit/537.36 (KHTML, like Gecko) Chrome/119.0.0.0 Safari/537.36"
104.207.50.187 - - [31/Mar/2025:11:33:21 -0400] "GET /wp-login.php?redirect_to=https%3A%2F%2Fbakingsecurityin.com%2Fwp-admin%2F&reauth=1 HTTP/1.1" 200 1738 "https://bakingsecurityin.com/wp-login.php" "Mozilla/5.0 (X11; Linux x86_64) AppleWebKit/537.36 (KHTML, like Gecko) Chrome/119.0.0.0 Safari/537.36"
104.207.50.187 - - [31/Mar/2025:11:33:23 -0400] "POST /wp-login.php HTTP/1.1" 200 1861 "https://bakingsecurityin.com/wp-login.php" "Mozilla/5.0 (X11; Linux x86_64) AppleWebKit/537.36 (KHTML, like Gecko) Chrome/119.0.0.0 Safari/537.36"
104.207.50.187 - - [31/Mar/2025:11:33:28 -0400] "GET /wp-admin/ HTTP/1.1" 302 0 "https://bakingsecurityin.com/wp-login.php" "Mozilla/5.0 (X11; Linux x86_64) AppleWebKit/537.36 (KHTML, like Gecko) Chrome/119.0.0.0 Safari/537.36"
198.54.114.83 - - [31/Mar/2025:11:33:31 -0400] "POST /wp-cron.php?doing_wp_cron=1743435208.6833450794219970703125 HTTP/1.1" 200 0 "-" "WordPress/6.7.2; https://bakingsecurityin.com"
104.207.50.187 - - [31/Mar/2025:11:33:32 -0400] "GET /wp-login.php?redirect_to=https%3A%2F%2Fbakingsecurityin.com%2Fwp-admin%2F&reauth=1 HTTP/1.1" 200 1738 "https://bakingsecurityin.com/wp-login.php" "Mozilla/5.0 (X11; Linux x86_64) AppleWebKit/537.36 (KHTML, like Gecko) Chrome/119.0.0.0 Safari/537.36"
198.54.114.83 - - [31/Mar/2025:11:33:33 -0400] "POST /wp-admin/admin-ajax.php?action=async_litespeed&nonce=YfDIvjKbhJvt341FRLkgdSZSddIxsldA&litespeed_type=imgoptm HTTP/1.1" 200 0 "-" "WordPress/6.7.2; https://bakingsecurityin.com"
104.207.50.187 - - [31/Mar/2025:11:33:37 -0400] "POST /wp-login.php HTTP/1.1" 200 1858 "https://bakingsecurityin.com/wp-login.php" "Mozilla/5.0 (X11; Linux x86_64) AppleWebKit/537.36 (KHTML, like Gecko) Chrome/119.0.0.0 Safari/537.36"
104.207.50.187 - - [31/Mar/2025:11:33:41 -0400] "GET /wp-admin/ HTTP/1.1" 302 0 "https://bakingsecurityin.com/wp-login.php" "Mozilla/5.0 (X11; Linux x86_64) AppleWebKit/537.36 (KHTML, like Gecko) Chrome/119.0.0.0 Safari/537.36"
104.207.50.187 - - [31/Mar/2025:11:33:47 -0400] "GET /wp-login.php?redirect_to=https%3A%2F%2Fbakingsecurityin.com%2Fwp-admin%2F&reauth=1 HTTP/1.1" 200 1738 "https://bakingsecurityin.com/wp-login.php" "Mozilla/5.0 (X11; Linux x86_64) AppleWebKit/537.36 (KHTML, like Gecko) Chrome/119.0.0.0 Safari/537.36"
104.207.50.187 - - [31/Mar/2025:11:33:50 -0400] "POST /wp-login.php HTTP/1.1" 200 1858 "https://bakingsecurityin.com/wp-login.php" "Mozilla/5.0 (X11; Linux x86_64) AppleWebKit/537.36 (KHTML, like Gecko) Chrome/119.0.0.0 Safari/537.36"
104.207.50.187 - - [31/Mar/2025:11:33:54 -0400] "GET /wp-admin/ HTTP/1.1" 302 0 "https://bakingsecurityin.com/wp-login.php" "Mozilla/5.0 (X11; Linux x86_64) AppleWebKit/537.36 (KHTML, like Gecko) Chrome/119.0.0.0 Safari/537.36"
104.207.50.187 - - [31/Mar/2025:11:33:56 -0400] "GET /wp-login.php?redirect_to=https%3A%2F%2Fbakingsecurityin.com%2Fwp-admin%2F&reauth=1 HTTP/1.1" 200 1738 "https://bakingsecurityin.com/wp-login.php" "Mozilla/5.0 (X11; Linux x86_64) AppleWebKit/537.36 (KHTML, like Gecko) Chrome/119.0.0.0 Safari/537.36"
104.207.50.187 - - [31/Mar/2025:11:33:59 -0400] "GET /wp-login.php HTTP/1.1" 200 1738 "https://www.google.com" "Mozilla/5.0 (X11; Linux x86_64) AppleWebKit/537.36 (KHTML, like Gecko) Chrome/119.0.0.0 Safari/537.36"
104.207.50.187 - - [31/Mar/2025:11:34:01 -0400] "GET /admin HTTP/1.1" 302 0 "https://www.google.com" "Mozilla/5.0 (X11; Linux x86_64) AppleWebKit/537.36 (KHTML, like Gecko) Chrome/119.0.0.0 Safari/537.36"
104.207.50.187 - - [31/Mar/2025:11:34:03 -0400] "GET /wp-admin/ HTTP/1.1" 302 0 "https://www.google.com" "Mozilla/5.0 (X11; Linux x86_64) AppleWebKit/537.36 (KHTML, like Gecko) Chrome/119.0.0.0 Safari/537.36"
104.207.50.187 - - [31/Mar/2025:11:34:05 -0400] "GET /wp-login.php?redirect_to=https%3A%2F%2Fbakingsecurityin.com%2Fwp-admin%2F&reauth=1 HTTP/1.1" 200 1738 "https://www.google.com" "Mozilla/5.0 (X11; Linux x86_64) AppleWebKit/537.36 (KHTML, like Gecko) Chrome/119.0.0.0 Safari/537.36"
104.207.50.187 - - [31/Mar/2025:11:34:09 -0400] "GET /wp-login.php/ HTTP/1.1" 200 1738 "https://www.google.com" "Mozilla/5.0 (X11; Linux x86_64) AppleWebKit/537.36 (KHTML, like Gecko) Chrome/119.0.0.0 Safari/537.36"
104.207.50.187 - - [31/Mar/2025:11:34:11 -0400] "GET /admin/ HTTP/1.1" 302 0 "https://www.google.com" "Mozilla/5.0 (X11; Linux x86_64) AppleWebKit/537.36 (KHTML, like Gecko) Chrome/119.0.0.0 Safari/537.36"
104.207.50.187 - - [31/Mar/2025:11:34:14 -0400] "GET /wp-admin/ HTTP/1.1" 302 0 "https://www.google.com" "Mozilla/5.0 (X11; Linux x86_64) AppleWebKit/537.36 (KHTML, like Gecko) Chrome/119.0.0.0 Safari/537.36"
104.207.50.187 - - [31/Mar/2025:11:34:16 -0400] "GET /wp-login.php?redirect_to=https%3A%2F%2Fbakingsecurityin.com%2Fwp-admin%2F&reauth=1 HTTP/1.1" 200 1738 "https://www.google.com" "Mozilla/5.0 (X11; Linux x86_64) AppleWebKit/537.36 (KHTML, like Gecko) Chrome/119.0.0.0 Safari/537.36"
104.207.50.187 - - [31/Mar/2025:11:34:18 -0400] "GET /wp-login.php HTTP/1.1" 200 1738 "https://www.google.com" "Mozilla/5.0 (X11; Linux x86_64) AppleWebKit/537.36 (KHTML, like Gecko) Chrome/119.0.0.0 Safari/537.36"
104.207.50.187 - - [31/Mar/2025:11:34:20 -0400] "GET /administrator HTTP/1.1" 404 0 "https://www.google.com" "Mozilla/5.0 (X11; Linux x86_64) AppleWebKit/537.36 (KHTML, like Gecko) Chrome/119.0.0.0 Safari/537.36"
104.207.50.187 - - [31/Mar/2025:11:34:24 -0400] "GET /wp-login.php HTTP/1.1" 200 1738 "https://www.google.com" "Mozilla/5.0 (X11; Linux x86_64) AppleWebKit/537.36 (KHTML, like Gecko) Chrome/119.0.0.0 Safari/537.36"
104.207.50.187 - - [31/Mar/2025:11:34:26 -0400] "GET /admin HTTP/1.1" 302 0 "https://www.google.com" "Mozilla/5.0 (X11; Linux x86_64) AppleWebKit/537.36 (KHTML, like Gecko) Chrome/119.0.0.0 Safari/537.36"
