178.68.117.5 - - [30/Mar/2025:20:38:28 -0400] "GET /top-5-retinol-creams/ HTTP/1.1" 200 0 "https://bakingsecurityin.com/top-5-retinol-creams/#comment-1465" "Mozilla/5.0 (Windows NT 10.0; Win64; x64) AppleWebKit/537.36 (KHTML, like Gecko) Chrome/130.0.0.0 Safari/537.36"
198.54.114.83 - - [30/Mar/2025:20:38:30 -0400] "POST /wp-cron.php?doing_wp_cron=1743381510.0418810844421386718750 HTTP/1.1" 200 0 "-" "WordPress/6.7.2; https://bakingsecurityin.com"
178.68.117.5 - - [30/Mar/2025:20:38:29 -0400] "GET / HTTP/1.1" 200 0 "https://bakingsecurityin.com/" "Mozilla/5.0 (Windows NT 10.0; Win64; x64) AppleWebKit/537.36 (KHTML, like Gecko) Chrome/130.0.0.0 Safari/537.36"
198.54.114.83 - - [30/Mar/2025:20:38:30 -0400] "POST /wp-admin/admin-ajax.php?action=async_litespeed&nonce=iwrP0005ydJR6aPQOFf9CfgNnArqlyTG&litespeed_type=imgoptm HTTP/1.1" 200 5 "-" "WordPress/6.7.2; https://bakingsecurityin.com"
198.54.114.83 - - [30/Mar/2025:20:39:49 -0400] "POST /wp-cron.php?doing_wp_cron=1743381588.7764670848846435546875 HTTP/1.1" 200 0 "-" "WordPress/6.7.2; https://bakingsecurityin.com"
51.222.253.12 - - [30/Mar/2025:20:39:48 -0400] "GET /custom-logo-socks/feed/ HTTP/1.1" 200 376 "-" "Mozilla/5.0 (compatible; AhrefsBot/7.0; +http://ahrefs.com/robot/)"
198.54.114.83 - - [30/Mar/2025:20:39:49 -0400] "POST /wp-admin/admin-ajax.php?action=async_litespeed&nonce=yEa9jRUS4whzYk1KqsxtIFg7ZuvJfn9s&litespeed_type=imgoptm HTTP/1.1" 200 5 "-" "WordPress/6.7.2; https://bakingsecurityin.com"
198.54.114.83 - - [30/Mar/2025:20:41:32 -0400] "POST /wp-cron.php?doing_wp_cron=1743381692.5416069030761718750000 HTTP/1.1" 200 0 "-" "WordPress/6.7.2; https://bakingsecurityin.com"
51.222.253.1 - - [30/Mar/2025:20:41:31 -0400] "GET /auto-body-fix-shops-for-your-special-vehicle-fixes/feed/ HTTP/1.1" 200 430 "-" "Mozilla/5.0 (compatible; AhrefsBot/7.0; +http://ahrefs.com/robot/)"
198.54.114.83 - - [30/Mar/2025:20:41:33 -0400] "POST /wp-admin/admin-ajax.php?action=async_litespeed&nonce=xN3QUhohKXBkU1L0pHE4WClRfvAs28KT&litespeed_type=imgoptm HTTP/1.1" 200 5 "-" "WordPress/6.7.2; https://bakingsecurityin.com"
198.54.114.83 - - [30/Mar/2025:20:43:18 -0400] "POST /wp-cron.php?doing_wp_cron=1743381798.3001608848571777343750 HTTP/1.1" 200 0 "-" "WordPress/6.7.2; https://bakingsecurityin.com"
51.222.253.10 - - [30/Mar/2025:20:43:17 -0400] "GET /une-evasion-detoxifiante/feed/ HTTP/1.1" 200 396 "-" "Mozilla/5.0 (compatible; AhrefsBot/7.0; +http://ahrefs.com/robot/)"
198.54.114.83 - - [30/Mar/2025:20:43:18 -0400] "POST /wp-admin/admin-ajax.php?action=async_litespeed&nonce=4fYsBkngT42l2BaIuxbbu6bPMIZoOxK3&litespeed_type=imgoptm HTTP/1.1" 200 5 "-" "WordPress/6.7.2; https://bakingsecurityin.com"
198.54.114.83 - - [30/Mar/2025:20:45:05 -0400] "POST /wp-cron.php?doing_wp_cron=1743381904.5899450778961181640625 HTTP/1.1" 200 0 "-" "WordPress/6.7.2; https://bakingsecurityin.com"
198.54.114.83 - - [30/Mar/2025:20:45:05 -0400] "POST /wp-admin/admin-ajax.php?action=async_litespeed&nonce=hdOjuuwJUWnwhlyNss0PBQoMGMc93eiP&litespeed_type=imgoptm HTTP/1.1" 200 0 "-" "WordPress/6.7.2; https://bakingsecurityin.com"
51.222.253.6 - - [30/Mar/2025:20:45:03 -0400] "GET /lifeline-of-the-us-online-gambling-law/feed/ HTTP/1.1" 200 410 "-" "Mozilla/5.0 (compatible; AhrefsBot/7.0; +http://ahrefs.com/robot/)"
198.54.114.83 - - [30/Mar/2025:20:46:41 -0400] "POST /wp-cron.php?doing_wp_cron=1743382000.7657639980316162109375 HTTP/1.1" 200 0 "-" "WordPress/6.7.2; https://bakingsecurityin.com"
51.222.253.6 - - [30/Mar/2025:20:46:39 -0400] "GET /dallas-housekeepers/feed/ HTTP/1.1" 200 379 "-" "Mozilla/5.0 (compatible; AhrefsBot/7.0; +http://ahrefs.com/robot/)"
198.54.114.83 - - [30/Mar/2025:20:46:42 -0400] "POST /wp-admin/admin-ajax.php?action=async_litespeed&nonce=5HLXAOXcH8R6MuwgeVdZVQkvqtMG7rOT&litespeed_type=imgoptm HTTP/1.1" 200 5 "-" "WordPress/6.7.2; https://bakingsecurityin.com"
58.254.68.93 - - [30/Mar/2025:20:47:11 -0400] "GET /les-pantoufles-sont-populaires-partout-dans-le-monde/ HTTP/1.1" 301 0 "https://bakingsecurityin.com" "Mozilla/5.0 (Windows NT 10.0; Win64; x64) AppleWebKit/537.36 (KHTML, like Gecko) Chrome/62.0.3202.94 Safari/537.36"
58.254.68.93 - - [30/Mar/2025:20:47:13 -0400] "GET /pantoufle-de-dinosaure/ HTTP/1.1" 200 0 "https://bakingsecurityin.com" "Mozilla/5.0 (Windows NT 10.0; Win64; x64) AppleWebKit/537.36 (KHTML, like Gecko) Chrome/62.0.3202.94 Safari/537.36"
198.54.114.83 - - [30/Mar/2025:20:48:14 -0400] "POST /wp-cron.php?doing_wp_cron=1743382094.2315800189971923828125 HTTP/1.1" 200 0 "-" "WordPress/6.7.2; https://bakingsecurityin.com"
51.222.253.5 - - [30/Mar/2025:20:48:14 -0400] "GET /how-much-does-conservatory-roof-replacement-cost/feed/ HTTP/1.1" 200 416 "-" "Mozilla/5.0 (compatible; AhrefsBot/7.0; +http://ahrefs.com/robot/)"
198.54.114.83 - - [30/Mar/2025:20:48:14 -0400] "POST /wp-admin/admin-ajax.php?action=async_litespeed&nonce=lB3jxuAwHYvqVHbPwb78888K0FuYCuAi&litespeed_type=imgoptm HTTP/1.1" 200 5 "-" "WordPress/6.7.2; https://bakingsecurityin.com"
198.54.114.83 - - [30/Mar/2025:20:49:55 -0400] "POST /wp-cron.php?doing_wp_cron=1743382194.9996159076690673828125 HTTP/1.1" 200 0 "-" "WordPress/6.7.2; https://bakingsecurityin.com"
51.222.253.9 - - [30/Mar/2025:20:49:53 -0400] "GET /angst-sorge-schuchternheit-und-panik/feed/ HTTP/1.1" 200 414 "-" "Mozilla/5.0 (compatible; AhrefsBot/7.0; +http://ahrefs.com/robot/)"
198.54.114.83 - - [30/Mar/2025:20:49:55 -0400] "POST /wp-admin/admin-ajax.php?action=async_litespeed&nonce=Ij5PwjP6B2JqTSJalj0qW0voTh5vzkV8&litespeed_type=imgoptm HTTP/1.1" 200 5 "-" "WordPress/6.7.2; https://bakingsecurityin.com"
198.54.114.83 - - [30/Mar/2025:20:50:57 -0400] "POST /wp-admin/admin-ajax.php?action=async_litespeed&nonce=kX4oh7QWPrJl3qenmHTq8EmALD8J2t6O&litespeed_type=imgoptm HTTP/1.1" 200 5 "-" "WordPress/6.7.2; https://bakingsecurityin.com"
198.54.114.83 - - [30/Mar/2025:20:51:37 -0400] "POST /wp-cron.php?doing_wp_cron=1743382297.4342110157012939453125 HTTP/1.1" 200 0 "-" "WordPress/6.7.2; https://bakingsecurityin.com"
51.222.253.14 - - [30/Mar/2025:20:51:37 -0400] "GET /different-types-of-real-estate/feed/ HTTP/1.1" 200 398 "-" "Mozilla/5.0 (compatible; AhrefsBot/7.0; +http://ahrefs.com/robot/)"
198.54.114.83 - - [30/Mar/2025:20:51:38 -0400] "POST /wp-admin/admin-ajax.php?action=async_litespeed&nonce=PQvCnqsxsY73zSmMge5GBdSxXGMLQVPR&litespeed_type=imgoptm HTTP/1.1" 200 5 "-" "WordPress/6.7.2; https://bakingsecurityin.com"
198.54.114.83 - - [30/Mar/2025:20:52:45 -0400] "POST /wp-admin/admin-ajax.php?action=async_litespeed&nonce=5fFLmgWUtc0JkljRahhYUtmtlVBojBgj&litespeed_type=imgoptm HTTP/1.1" 200 5 "-" "WordPress/6.7.2; https://bakingsecurityin.com"
147.182.138.5 - - [30/Mar/2025:20:52:45 -0400] "GET / HTTP/1.1" 200 0 "-" "Mozilla/5.0 (compatible)"
18.97.9.96 - - [30/Mar/2025:20:52:51 -0400] "GET /how-to-use-a-youtube-live-stream-viewers-bot HTTP/1.1" 301 0 "-" "Mozilla/5.0 AppleWebKit/537.36 (KHTML, like Gecko; compatible; PerplexityBot/1.0; +https://perplexity.ai/perplexitybot)"
18.97.9.98 - - [30/Mar/2025:20:52:53 -0400] "GET /how-to-use-a-youtube-live-stream-viewers-bot/ HTTP/1.1" 200 0 "-" "Mozilla/5.0 AppleWebKit/537.36 (KHTML, like Gecko; compatible; PerplexityBot/1.0; +https://perplexity.ai/perplexitybot)"
51.222.253.11 - - [30/Mar/2025:20:53:20 -0400] "GET /personnalisation-de-nappe-avec-logo-pour-salon-elegance-et-praticite/feed/ HTTP/1.1" 200 451 "-" "Mozilla/5.0 (compatible; AhrefsBot/7.0; +http://ahrefs.com/robot/)"
198.54.114.83 - - [30/Mar/2025:20:55:13 -0400] "POST /wp-cron.php?doing_wp_cron=1743382513.4115660190582275390625 HTTP/1.1" 200 0 "-" "WordPress/6.7.2; https://bakingsecurityin.com"
51.222.253.3 - - [30/Mar/2025:20:55:10 -0400] "GET /security-of-usb-ports-and-blaze-drives-issues-and-arrangements/feed/ HTTP/1.1" 200 437 "-" "Mozilla/5.0 (compatible; AhrefsBot/7.0; +http://ahrefs.com/robot/)"
198.54.114.83 - - [30/Mar/2025:20:55:14 -0400] "POST /wp-admin/admin-ajax.php?action=async_litespeed&nonce=ookLQnGcFULBaTwKXHpFNZ1jJTVsWtbJ&litespeed_type=imgoptm HTTP/1.1" 200 5 "-" "WordPress/6.7.2; https://bakingsecurityin.com"
198.54.114.83 - - [30/Mar/2025:20:56:48 -0400] "POST /wp-cron.php?doing_wp_cron=1743382608.1753799915313720703125 HTTP/1.1" 200 0 "-" "WordPress/6.7.2; https://bakingsecurityin.com"
51.222.253.10 - - [30/Mar/2025:20:56:47 -0400] "GET /leather-bags-of-different-types/feed/ HTTP/1.1" 200 400 "-" "Mozilla/5.0 (compatible; AhrefsBot/7.0; +http://ahrefs.com/robot/)"
198.54.114.83 - - [30/Mar/2025:20:56:48 -0400] "POST /wp-admin/admin-ajax.php?action=async_litespeed&nonce=2zOXnTKDEnZvYvQWSruHKAyvYxeOcZw8&litespeed_type=imgoptm HTTP/1.1" 200 5 "-" "WordPress/6.7.2; https://bakingsecurityin.com"
134.17.14.122 - - [30/Mar/2025:20:57:11 -0400] "GET /wp-content/plugins/WordPressCore/index.php HTTP/1.1" 301 0 "-" "Mozilla/4.0 (compatible; MSIE 6.0; Windows NT 5.1; SV1)"
134.17.14.122 - - [30/Mar/2025:20:57:12 -0400] "GET /wp-content/plugins/WordPressCore/ HTTP/1.1" 404 0 "-" "Mozilla/4.0 (compatible; MSIE 6.0; Windows NT 5.1; SV1)"
51.222.253.17 - - [30/Mar/2025:20:58:21 -0400] "GET /navigating-the-digital-casino-landscape-a-journey-through-online-gaming/feed/ HTTP/1.1" 200 438 "-" "Mozilla/5.0 (compatible; AhrefsBot/7.0; +http://ahrefs.com/robot/)"
198.54.114.83 - - [30/Mar/2025:21:00:11 -0400] "POST /wp-cron.php?doing_wp_cron=1743382810.7768108844757080078125 HTTP/1.1" 200 0 "-" "WordPress/6.7.2; https://bakingsecurityin.com"
51.222.253.18 - - [30/Mar/2025:21:00:09 -0400] "GET /unlocking-the-secrets-to-skyrocket-your-youtube-subscriber-count/feed/ HTTP/1.1" 200 437 "-" "Mozilla/5.0 (compatible; AhrefsBot/7.0; +http://ahrefs.com/robot/)"
198.54.114.83 - - [30/Mar/2025:21:00:11 -0400] "POST /wp-admin/admin-ajax.php?action=async_litespeed&nonce=WeRj6vQ7uvD4AAtAchMFDhfg56vMOw39&litespeed_type=imgoptm HTTP/1.1" 200 5 "-" "WordPress/6.7.2; https://bakingsecurityin.com"
198.54.114.83 - - [30/Mar/2025:21:01:44 -0400] "POST /wp-cron.php?doing_wp_cron=1743382904.3902659416198730468750 HTTP/1.1" 200 0 "-" "WordPress/6.7.2; https://bakingsecurityin.com"
51.222.253.1 - - [30/Mar/2025:21:01:43 -0400] "GET /tiled-conservatory-roofs/feed/ HTTP/1.1" 200 385 "-" "Mozilla/5.0 (compatible; AhrefsBot/7.0; +http://ahrefs.com/robot/)"
198.54.114.83 - - [30/Mar/2025:21:01:45 -0400] "POST /wp-admin/admin-ajax.php?action=async_litespeed&nonce=6GSjvV1FMGnRCiQQCzSSFGcX5RWA3vZk&litespeed_type=imgoptm HTTP/1.1" 200 5 "-" "WordPress/6.7.2; https://bakingsecurityin.com"
198.54.114.83 - - [30/Mar/2025:21:03:12 -0400] "POST /wp-cron.php?doing_wp_cron=1743382991.4029030799865722656250 HTTP/1.1" 200 0 "-" "WordPress/6.7.2; https://bakingsecurityin.com"
51.222.253.9 - - [30/Mar/2025:21:03:09 -0400] "GET /the-benefits-of-sports-grip-socks/ HTTP/1.1" 200 0 "-" "Mozilla/5.0 (compatible; AhrefsBot/7.0; +http://ahrefs.com/robot/)"
198.54.114.83 - - [30/Mar/2025:21:03:12 -0400] "POST /wp-admin/admin-ajax.php?action=async_litespeed&nonce=q9SgdinWvSM5oepB42hiYxHIu0LrRVIq&litespeed_type=imgoptm HTTP/1.1" 200 5 "-" "WordPress/6.7.2; https://bakingsecurityin.com"
198.54.114.83 - - [30/Mar/2025:21:04:45 -0400] "POST /wp-cron.php?doing_wp_cron=1743383085.1709749698638916015625 HTTP/1.1" 200 0 "-" "WordPress/6.7.2; https://bakingsecurityin.com"
51.222.253.7 - - [30/Mar/2025:21:04:44 -0400] "GET /a-peek-into-the-financial-chronicles-of-a-budget-conscious-individual/feed/ HTTP/1.1" 200 439 "-" "Mozilla/5.0 (compatible; AhrefsBot/7.0; +http://ahrefs.com/robot/)"
198.54.114.83 - - [30/Mar/2025:21:06:21 -0400] "POST /wp-cron.php?doing_wp_cron=1743383181.1171779632568359375000 HTTP/1.1" 200 0 "-" "WordPress/6.7.2; https://bakingsecurityin.com"
51.222.253.17 - - [30/Mar/2025:21:06:19 -0400] "GET /los-angeles-and-its-weather/feed/ HTTP/1.1" 200 391 "-" "Mozilla/5.0 (compatible; AhrefsBot/7.0; +http://ahrefs.com/robot/)"
198.54.114.83 - - [30/Mar/2025:21:06:22 -0400] "POST /wp-admin/admin-ajax.php?action=async_litespeed&nonce=DULn3E3n8kJM0JMavrlRYLYUxFLQeX0i&litespeed_type=imgoptm HTTP/1.1" 200 0 "-" "WordPress/6.7.2; https://bakingsecurityin.com"
198.54.114.83 - - [30/Mar/2025:21:08:01 -0400] "POST /wp-cron.php?doing_wp_cron=1743383281.4963150024414062500000 HTTP/1.1" 200 0 "-" "WordPress/6.7.2; https://bakingsecurityin.com"
51.222.253.8 - - [30/Mar/2025:21:08:00 -0400] "GET /hallway-decorative-accent-with-rugs/feed/ HTTP/1.1" 200 404 "-" "Mozilla/5.0 (compatible; AhrefsBot/7.0; +http://ahrefs.com/robot/)"
198.54.114.83 - - [30/Mar/2025:21:08:02 -0400] "POST /wp-admin/admin-ajax.php?action=async_litespeed&nonce=zTlIArdp8TMcE311xr5ZTOJB6ohSdqpD&litespeed_type=imgoptm HTTP/1.1" 200 5 "-" "WordPress/6.7.2; https://bakingsecurityin.com"
198.54.114.83 - - [30/Mar/2025:21:09:44 -0400] "POST /wp-cron.php?doing_wp_cron=1743383383.9379470348358154296875 HTTP/1.1" 200 0 "-" "WordPress/6.7.2; https://bakingsecurityin.com"
51.222.253.6 - - [30/Mar/2025:21:09:42 -0400] "GET /selfie-time/feed/ HTTP/1.1" 200 373 "-" "Mozilla/5.0 (compatible; AhrefsBot/7.0; +http://ahrefs.com/robot/)"
198.54.114.83 - - [30/Mar/2025:21:09:44 -0400] "POST /wp-admin/admin-ajax.php?action=async_litespeed&nonce=PVYo68uoff8bJhmZiUjhW2WRf7UxwWbX&litespeed_type=imgoptm HTTP/1.1" 200 5 "-" "WordPress/6.7.2; https://bakingsecurityin.com"
109.236.93.77 - - [30/Mar/2025:21:10:01 -0400] "GET /extended-warranties-for-cars-what-you-need-to-know HTTP/1.1" 301 0 "-" "Mozilla/5.0 (Windows NT 10.0; Win64; x64) AppleWebKit/537.36 (KHTML, like Gecko) Chrome/118.0.0.0 Safari/537.36"
198.54.114.83 - - [30/Mar/2025:21:11:01 -0400] "POST /wp-admin/admin-ajax.php?action=async_litespeed&nonce=GIj8PZFRCXb24LkHi4B70mHnZogPZxZC&litespeed_type=imgoptm HTTP/1.1" 200 5 "-" "WordPress/6.7.2; https://bakingsecurityin.com"
51.222.253.5 - - [30/Mar/2025:21:11:22 -0400] "GET /a-quirky-pair-of-bamboo-socks-to-brighten-your-day/ HTTP/1.1" 200 0 "-" "Mozilla/5.0 (compatible; AhrefsBot/7.0; +http://ahrefs.com/robot/)"
51.222.253.5 - - [30/Mar/2025:21:13:23 -0400] "GET /unlocking-wellness-dubai-osteopathy/ HTTP/1.1" 200 0 "-" "Mozilla/5.0 (compatible; AhrefsBot/7.0; +http://ahrefs.com/robot/)"
198.54.114.83 - - [30/Mar/2025:21:15:15 -0400] "POST /wp-cron.php?doing_wp_cron=1743383715.7331779003143310546875 HTTP/1.1" 200 0 "-" "WordPress/6.7.2; https://bakingsecurityin.com"
51.222.253.8 - - [30/Mar/2025:21:15:13 -0400] "GET /shaping-the-future-of-sustainable-luxury-with-lab-grown-diamonds/ HTTP/1.1" 200 0 "-" "Mozilla/5.0 (compatible; AhrefsBot/7.0; +http://ahrefs.com/robot/)"
198.54.114.83 - - [30/Mar/2025:21:15:16 -0400] "POST /wp-admin/admin-ajax.php?action=async_litespeed&nonce=kmYAb8m3bL5sbLVODcvRaTPVtV6PwElW&litespeed_type=imgoptm HTTP/1.1" 200 5 "-" "WordPress/6.7.2; https://bakingsecurityin.com"
198.54.114.83 - - [30/Mar/2025:21:16:33 -0400] "POST /wp-cron.php?doing_wp_cron=1743383793.5874049663543701171875 HTTP/1.1" 200 0 "-" "WordPress/6.7.2; https://bakingsecurityin.com"
51.222.253.4 - - [30/Mar/2025:21:16:33 -0400] "GET /personalized-fuzzy-socks/feed/ HTTP/1.1" 200 384 "-" "Mozilla/5.0 (compatible; AhrefsBot/7.0; +http://ahrefs.com/robot/)"
198.54.114.83 - - [30/Mar/2025:21:16:34 -0400] "POST /wp-admin/admin-ajax.php?action=async_litespeed&nonce=BbV8qtLu9ccZAvU9WulNvnloqYQBU7Ts&litespeed_type=imgoptm HTTP/1.1" 200 5 "-" "WordPress/6.7.2; https://bakingsecurityin.com"
45.251.138.42 - - [30/Mar/2025:21:17:10 -0400] "GET /why-dental-enrollment-organizations-might-turn-into-a-relic-of-days-gone-by/ HTTP/1.1" 200 0 "-" "Mozilla/5.0 (Macintosh; Intel Mac OS X 10_15_7) AppleWebKit/537.36 (KHTML, like Gecko) Chrome/125.0.0.0 Safari/537.36"
198.54.114.83 - - [30/Mar/2025:21:18:05 -0400] "POST /wp-cron.php?doing_wp_cron=1743383885.3641550540924072265625 HTTP/1.1" 200 0 "-" "WordPress/6.7.2; https://bakingsecurityin.com"
51.222.253.10 - - [30/Mar/2025:21:18:04 -0400] "GET /charaktere-von-pokemon/feed/ HTTP/1.1" 200 382 "-" "Mozilla/5.0 (compatible; AhrefsBot/7.0; +http://ahrefs.com/robot/)"
198.54.114.83 - - [30/Mar/2025:21:19:32 -0400] "POST /wp-cron.php?doing_wp_cron=1743383972.3759679794311523437500 HTTP/1.1" 200 0 "-" "WordPress/6.7.2; https://bakingsecurityin.com"
51.222.253.16 - - [30/Mar/2025:21:19:31 -0400] "GET /kayak-rental-near-me-in-new-york/feed/ HTTP/1.1" 200 402 "-" "Mozilla/5.0 (compatible; AhrefsBot/7.0; +http://ahrefs.com/robot/)"
198.54.114.83 - - [30/Mar/2025:21:19:33 -0400] "POST /wp-admin/admin-ajax.php?action=async_litespeed&nonce=Ygbs9Zsp7Uvepti3AWF7smWt9SxST7tf&litespeed_type=imgoptm HTTP/1.1" 200 5 "-" "WordPress/6.7.2; https://bakingsecurityin.com"
198.54.114.83 - - [30/Mar/2025:21:20:59 -0400] "POST /wp-cron.php?doing_wp_cron=1743384059.2814269065856933593750 HTTP/1.1" 200 0 "-" "WordPress/6.7.2; https://bakingsecurityin.com"
51.222.253.15 - - [30/Mar/2025:21:20:58 -0400] "GET /du-jeu-en-ligne-1xbet/feed/ HTTP/1.1" 200 389 "-" "Mozilla/5.0 (compatible; AhrefsBot/7.0; +http://ahrefs.com/robot/)"
198.54.114.83 - - [30/Mar/2025:21:20:59 -0400] "POST /wp-admin/admin-ajax.php?action=async_litespeed&nonce=PAew2alCBUh8DLafZmSgM7NR13Pb1MoL&litespeed_type=imgoptm HTTP/1.1" 200 5 "-" "WordPress/6.7.2; https://bakingsecurityin.com"
198.54.114.83 - - [30/Mar/2025:21:22:20 -0400] "POST /wp-cron.php?doing_wp_cron=1743384140.2541549205780029296875 HTTP/1.1" 200 0 "-" "WordPress/6.7.2; https://bakingsecurityin.com"
51.222.253.7 - - [30/Mar/2025:21:22:20 -0400] "GET /mens-bamboo-underwear/feed/ HTTP/1.1" 200 393 "-" "Mozilla/5.0 (compatible; AhrefsBot/7.0; +http://ahrefs.com/robot/)"
198.54.114.83 - - [30/Mar/2025:21:22:20 -0400] "POST /wp-admin/admin-ajax.php?action=async_litespeed&nonce=mT81RrHDqqQ9lS0yM7zA4vwcQ8RDfgHq&litespeed_type=imgoptm HTTP/1.1" 200 5 "-" "WordPress/6.7.2; https://bakingsecurityin.com"
198.54.114.83 - - [30/Mar/2025:21:23:44 -0400] "POST /wp-cron.php?doing_wp_cron=1743384224.5580790042877197265625 HTTP/1.1" 200 0 "-" "WordPress/6.7.2; https://bakingsecurityin.com"
51.222.253.5 - - [30/Mar/2025:21:23:43 -0400] "GET /a-comprehensive-overview/feed/ HTTP/1.1" 200 383 "-" "Mozilla/5.0 (compatible; AhrefsBot/7.0; +http://ahrefs.com/robot/)"
198.54.114.83 - - [30/Mar/2025:21:23:45 -0400] "POST /wp-admin/admin-ajax.php?action=async_litespeed&nonce=hOKO131hnAvSxooAF8FXIY0nuC0blx4A&litespeed_type=imgoptm HTTP/1.1" 200 5 "-" "WordPress/6.7.2; https://bakingsecurityin.com"
198.54.114.83 - - [30/Mar/2025:21:25:01 -0400] "POST /wp-cron.php?doing_wp_cron=1743384300.8811941146850585937500 HTTP/1.1" 200 0 "-" "WordPress/6.7.2; https://bakingsecurityin.com"
51.222.253.13 - - [30/Mar/2025:21:24:59 -0400] "GET /the-best-pickup-lines-to-make-her-think-of-you-again/feed/ HTTP/1.1" 200 439 "-" "Mozilla/5.0 (compatible; AhrefsBot/7.0; +http://ahrefs.com/robot/)"
198.54.114.83 - - [30/Mar/2025:21:25:01 -0400] "POST /wp-admin/admin-ajax.php?action=async_litespeed&nonce=6N71Kfz65w8RVFoqWalspTYckRKHJWZT&litespeed_type=imgoptm HTTP/1.1" 200 5 "-" "WordPress/6.7.2; https://bakingsecurityin.com"
198.54.114.83 - - [30/Mar/2025:21:26:27 -0400] "POST /wp-cron.php?doing_wp_cron=1743384386.6813070774078369140625 HTTP/1.1" 200 0 "-" "WordPress/6.7.2; https://bakingsecurityin.com"
51.222.253.5 - - [30/Mar/2025:21:26:25 -0400] "GET /category/activity/page/123/ HTTP/1.1" 200 0 "-" "Mozilla/5.0 (compatible; AhrefsBot/7.0; +http://ahrefs.com/robot/)"
198.54.114.83 - - [30/Mar/2025:21:26:27 -0400] "POST /wp-admin/admin-ajax.php?action=async_litespeed&nonce=fJQeDNe8zCal9r4Q7pbURyUxdhFECZei&litespeed_type=imgoptm HTTP/1.1" 200 5 "-" "WordPress/6.7.2; https://bakingsecurityin.com"
198.54.114.83 - - [30/Mar/2025:21:27:40 -0400] "POST /wp-admin/admin-ajax.php?action=async_litespeed&nonce=e7hsTDNSXdnu0JINDrYBtOPLV9BczYjV&litespeed_type=imgoptm HTTP/1.1" 200 5 "-" "WordPress/6.7.2; https://bakingsecurityin.com"
51.222.253.2 - - [30/Mar/2025:21:27:51 -0400] "GET /proficient-wedding-picture-takers-exhortation-on-picking/feed/ HTTP/1.1" 200 432 "-" "Mozilla/5.0 (compatible; AhrefsBot/7.0; +http://ahrefs.com/robot/)"
85.208.96.196 - - [30/Mar/2025:21:29:09 -0400] "GET /relieve-work-stress-with-an-effective-business-trip-massage/ HTTP/1.1" 200 0 "-" "Mozilla/5.0 (compatible; SemrushBot/7~bl; +http://www.semrush.com/bot.html)"
51.222.253.13 - - [30/Mar/2025:21:29:11 -0400] "GET /6-free-ai-prompt-builders-and-tools-for-beginners/feed/ HTTP/1.1" 200 423 "-" "Mozilla/5.0 (compatible; AhrefsBot/7.0; +http://ahrefs.com/robot/)"
51.222.253.18 - - [30/Mar/2025:21:30:37 -0400] "GET /tennis-prediction/feed/ HTTP/1.1" 200 378 "-" "Mozilla/5.0 (compatible; AhrefsBot/7.0; +http://ahrefs.com/robot/)"
198.54.114.83 - - [30/Mar/2025:21:32:06 -0400] "POST /wp-cron.php?doing_wp_cron=1743384726.4657270908355712890625 HTTP/1.1" 200 0 "-" "WordPress/6.7.2; https://bakingsecurityin.com"
51.222.253.17 - - [30/Mar/2025:21:32:03 -0400] "GET /custom-sports-team-socks/feed/ HTTP/1.1" 200 387 "-" "Mozilla/5.0 (compatible; AhrefsBot/7.0; +http://ahrefs.com/robot/)"
198.54.114.83 - - [30/Mar/2025:21:33:37 -0400] "POST /wp-cron.php?doing_wp_cron=1743384816.9729609489440917968750 HTTP/1.1" 200 0 "-" "WordPress/6.7.2; https://bakingsecurityin.com"
51.222.253.7 - - [30/Mar/2025:21:33:33 -0400] "GET /steps-to-obtain-fda-approval-for-cosmetics/ HTTP/1.1" 200 0 "-" "Mozilla/5.0 (compatible; AhrefsBot/7.0; +http://ahrefs.com/robot/)"
198.54.114.83 - - [30/Mar/2025:21:35:04 -0400] "POST /wp-cron.php?doing_wp_cron=1743384903.8729300498962402343750 HTTP/1.1" 200 0 "-" "WordPress/6.7.2; https://bakingsecurityin.com"
51.222.253.4 - - [30/Mar/2025:21:35:00 -0400] "GET /the-benefits-of-peptide-capsules/feed/ HTTP/1.1" 200 397 "-" "Mozilla/5.0 (compatible; AhrefsBot/7.0; +http://ahrefs.com/robot/)"
198.54.114.83 - - [30/Mar/2025:21:35:05 -0400] "POST /wp-admin/admin-ajax.php?action=async_litespeed&nonce=YlX2vmOWEyQVkdOiu3m2JRuiQSARx3g8&litespeed_type=imgoptm HTTP/1.1" 200 0 "-" "WordPress/6.7.2; https://bakingsecurityin.com"
198.54.114.83 - - [30/Mar/2025:21:36:20 -0400] "POST /wp-cron.php?doing_wp_cron=1743384980.6288230419158935546875 HTTP/1.1" 200 0 "-" "WordPress/6.7.2; https://bakingsecurityin.com"
51.222.253.4 - - [30/Mar/2025:21:36:20 -0400] "GET /comment-concevoir-un-interieur-vintage-dans-une-chambre/feed/ HTTP/1.1" 200 430 "-" "Mozilla/5.0 (compatible; AhrefsBot/7.0; +http://ahrefs.com/robot/)"
198.54.114.83 - - [30/Mar/2025:21:36:21 -0400] "POST /wp-admin/admin-ajax.php?action=async_litespeed&nonce=kLaJy0p49J7lLOgJwvDgQM0DySUQ9mOs&litespeed_type=imgoptm HTTP/1.1" 200 5 "-" "WordPress/6.7.2; https://bakingsecurityin.com"
198.54.114.83 - - [30/Mar/2025:21:37:38 -0400] "POST /wp-cron.php?doing_wp_cron=1743385058.3145470619201660156250 HTTP/1.1" 200 0 "-" "WordPress/6.7.2; https://bakingsecurityin.com"
170.199.229.9 - - [30/Mar/2025:21:37:38 -0400] "GET /the-omnivoid-xr HTTP/1.1" 301 0 "-" "Mozilla/5.0 (X11; Linux x86_64) AppleWebKit/537.36 (KHTML, like Gecko) Chrome/114.0.0.0 Safari/537.36 OPR/89.0.4447.51"
198.54.114.83 - - [30/Mar/2025:21:37:39 -0400] "POST /wp-admin/admin-ajax.php?action=async_litespeed&nonce=SDGwHOlXYGemQq5y4sGIWg1RZllvqkqg&litespeed_type=imgoptm HTTP/1.1" 200 5 "-" "WordPress/6.7.2; https://bakingsecurityin.com"
170.199.229.9 - - [30/Mar/2025:21:37:39 -0400] "GET /the-omnivoid-xr/ HTTP/1.1" 200 0 "https://bakingsecurityin.com/the-omnivoid-xr" "Mozilla/5.0 (X11; Linux x86_64) AppleWebKit/537.36 (KHTML, like Gecko) Chrome/114.0.0.0 Safari/537.36 OPR/89.0.4447.51"
51.222.253.7 - - [30/Mar/2025:21:37:43 -0400] "GET /how-to-get-the-best-voice-over-for-your-video/feed/ HTTP/1.1" 200 429 "-" "Mozilla/5.0 (compatible; AhrefsBot/7.0; +http://ahrefs.com/robot/)"
193.203.10.68 - - [30/Mar/2025:21:38:32 -0400] "GET /insinkerator-disposers/ HTTP/1.1" 200 0 "-" "Mozilla/5.0 (Windows NT 10.0; Win64; x64) AppleWebKit/537.36 (KHTML, like Gecko) Chrome/114.0.0.0 YaBrowser/22.7.0 Yowser/2.5 Safari/537.36"
51.222.253.12 - - [30/Mar/2025:21:39:12 -0400] "GET /securite-des-informations-dentreprise-nos-informations-sont-elles-plus-securisees-depuis-le-11-septembre/feed/ HTTP/1.1" 200 479 "-" "Mozilla/5.0 (compatible; AhrefsBot/7.0; +http://ahrefs.com/robot/)"
80.66.84.22 - - [30/Mar/2025:21:39:55 -0400] "GET /wp-login.php HTTP/1.1" 200 1738 "-" "Mozilla/5.0 (Windows NT 10.0; Win64; x64) AppleWebKit/537.36 (KHTML, like Gecko) Chrome/115.0.0.0 Safari/537.36 Edg/115.0.1901.203"
80.66.84.22 - - [30/Mar/2025:21:40:07 -0400] "POST /wp-login.php HTTP/1.1" 200 1868 "https://bakingsecurityin.com/wp-login.php" "Mozilla/5.0 (Windows NT 10.0; Win64; x64) AppleWebKit/537.36 (KHTML, like Gecko) Chrome/115.0.0.0 Safari/537.36 Edg/115.0.1901.203"
51.222.253.14 - - [30/Mar/2025:21:40:41 -0400] "GET /elevating-corporate-events-the-power-of-entertainment/feed/ HTTP/1.1" 200 411 "-" "Mozilla/5.0 (compatible; AhrefsBot/7.0; +http://ahrefs.com/robot/)"
51.222.253.3 - - [30/Mar/2025:21:42:12 -0400] "GET /financial-technology-and-its-role-in-empowering-emerging-markets/feed/ HTTP/1.1" 200 430 "-" "Mozilla/5.0 (compatible; AhrefsBot/7.0; +http://ahrefs.com/robot/)"
198.54.114.83 - - [30/Mar/2025:21:43:27 -0400] "POST /wp-cron.php?doing_wp_cron=1743385406.9482429027557373046875 HTTP/1.1" 200 0 "-" "WordPress/6.7.2; https://bakingsecurityin.com"
51.222.253.14 - - [30/Mar/2025:21:43:26 -0400] "GET /simple-methods-to-stop-wet-dreams-or-nightfall/feed/ HTTP/1.1" 200 420 "-" "Mozilla/5.0 (compatible; AhrefsBot/7.0; +http://ahrefs.com/robot/)"
51.222.253.2 - - [30/Mar/2025:21:44:41 -0400] "GET /how-to-write-an-attorney-bio/feed/ HTTP/1.1" 200 398 "-" "Mozilla/5.0 (compatible; AhrefsBot/7.0; +http://ahrefs.com/robot/)"
198.54.114.83 - - [30/Mar/2025:21:45:55 -0400] "POST /wp-cron.php?doing_wp_cron=1743385555.5926599502563476562500 HTTP/1.1" 200 0 "-" "WordPress/6.7.2; https://bakingsecurityin.com"
51.222.253.11 - - [30/Mar/2025:21:45:55 -0400] "GET /page/4/ HTTP/1.1" 200 0 "-" "Mozilla/5.0 (compatible; AhrefsBot/7.0; +http://ahrefs.com/robot/)"
198.54.114.83 - - [30/Mar/2025:21:45:56 -0400] "POST /wp-admin/admin-ajax.php?action=async_litespeed&nonce=VP2syYDJhaLzJh2SBh0ZpSXfzf4JCTJZ&litespeed_type=imgoptm HTTP/1.1" 200 5 "-" "WordPress/6.7.2; https://bakingsecurityin.com"
198.54.114.83 - - [30/Mar/2025:21:47:27 -0400] "POST /wp-cron.php?doing_wp_cron=1743385646.9405009746551513671875 HTTP/1.1" 200 0 "-" "WordPress/6.7.2; https://bakingsecurityin.com"
51.222.253.13 - - [30/Mar/2025:21:47:24 -0400] "GET /how-to-become-a-celebrity-bodyguard/ HTTP/1.1" 200 0 "-" "Mozilla/5.0 (compatible; AhrefsBot/7.0; +http://ahrefs.com/robot/)"
198.54.114.83 - - [30/Mar/2025:21:47:27 -0400] "POST /wp-admin/admin-ajax.php?action=async_litespeed&nonce=YVhWGSTLSdTRF9qwZ3J31yx8bzgSl82j&litespeed_type=imgoptm HTTP/1.1" 200 5 "-" "WordPress/6.7.2; https://bakingsecurityin.com"
34.204.4.62 - - [30/Mar/2025:21:48:22 -0400] "GET /decoding-the-dangers-of-buying-youtube-subscribers/ HTTP/1.1" 200 0 "-" "Grammarly/1.0 (http://www.grammarly.com)"
51.222.253.7 - - [30/Mar/2025:21:48:49 -0400] "GET /the-rise-of-click-and-collect/feed/ HTTP/1.1" 200 396 "-" "Mozilla/5.0 (compatible; AhrefsBot/7.0; +http://ahrefs.com/robot/)"
198.54.114.83 - - [30/Mar/2025:21:49:20 -0400] "POST /wp-cron.php?doing_wp_cron=1743385760.5912070274353027343750 HTTP/1.1" 200 0 "-" "WordPress/6.7.2; https://bakingsecurityin.com"
47.79.59.124 - - [30/Mar/2025:21:49:19 -0400] "GET / HTTP/1.1" 200 0 "https://www.google.com/" "Mozilla/5.0 (Linux; Android 10; K) AppleWebKit/537.36 (KHTML, like Gecko) Chrome/123.0.0.0 Mobile Safari/537.36"
198.54.114.83 - - [30/Mar/2025:21:49:21 -0400] "POST /wp-admin/admin-ajax.php?action=async_litespeed&nonce=aiOBuH3C0nWOxoJsRnWx2DCzRiDkaq48&litespeed_type=imgoptm HTTP/1.1" 200 5 "-" "WordPress/6.7.2; https://bakingsecurityin.com"
198.54.114.83 - - [30/Mar/2025:21:50:12 -0400] "POST /wp-cron.php?doing_wp_cron=1743385812.0753619670867919921875 HTTP/1.1" 200 0 "-" "WordPress/6.7.2; https://bakingsecurityin.com"
51.222.253.12 - - [30/Mar/2025:21:50:11 -0400] "GET /apprendre-a-jouer-de-la-guitare-un-voyage-musical/feed/ HTTP/1.1" 200 428 "-" "Mozilla/5.0 (compatible; AhrefsBot/7.0; +http://ahrefs.com/robot/)"
198.54.114.83 - - [30/Mar/2025:21:50:12 -0400] "POST /wp-admin/admin-ajax.php?action=async_litespeed&nonce=jRBky77Fwk4sccCVKdB7oOsaSrgNFNPi&litespeed_type=imgoptm HTTP/1.1" 200 5 "-" "WordPress/6.7.2; https://bakingsecurityin.com"
198.54.114.83 - - [30/Mar/2025:21:50:53 -0400] "POST /wp-admin/admin-ajax.php?action=async_litespeed&nonce=BgBR2VrHZ3sMEBUhMMhVnGOTr3Bif80i&litespeed_type=imgoptm HTTP/1.1" 200 5 "-" "WordPress/6.7.2; https://bakingsecurityin.com"
41.140.4.245 - - [30/Mar/2025:21:50:54 -0400] "GET /wp-login.php HTTP/1.1" 200 1738 "http://bakingsecurityin.com/wp-admin/" "Mozilla/5.0 (Windows NT 10.0; Win64; x64) AppleWebKit/537.36 (KHTML, like Gecko) Chrome/90.0.4430.85 Safari/537.36"
41.140.4.245 - - [30/Mar/2025:21:50:55 -0400] "POST /wp-login.php HTTP/1.1" 200 1862 "http://bakingsecurityin.com/wp-admin/" "Mozilla/5.0 (Windows NT 10.0; Win64; x64) AppleWebKit/537.36 (KHTML, like Gecko) Chrome/90.0.4430.85 Safari/537.36"
41.140.4.245 - - [30/Mar/2025:21:50:55 -0400] "GET /wp-admin/ HTTP/1.1" 302 0 "www.google.com" "Mozilla/5.0 (Windows NT 10.0; Win64; x64) AppleWebKit/537.36 (KHTML, like Gecko) Chrome/90.0.4430.85 Safari/537.36"
41.140.4.245 - - [30/Mar/2025:21:50:56 -0400] "GET /wp-login.php?redirect_to=https%3A%2F%2Fbakingsecurityin.com%2Fwp-admin%2F&reauth=1 HTTP/1.1" 200 1738 "www.google.com" "Mozilla/5.0 (Windows NT 10.0; Win64; x64) AppleWebKit/537.36 (KHTML, like Gecko) Chrome/90.0.4430.85 Safari/537.36"
198.54.114.83 - - [30/Mar/2025:21:51:32 -0400] "POST /wp-cron.php?doing_wp_cron=1743385891.8503708839416503906250 HTTP/1.1" 200 0 "-" "WordPress/6.7.2; https://bakingsecurityin.com"
85.208.96.197 - - [30/Mar/2025:21:51:31 -0400] "GET /how-to-find-the-best-sarms-for-sale/ HTTP/1.1" 200 0 "-" "Mozilla/5.0 (compatible; SemrushBot/7~bl; +http://www.semrush.com/bot.html)"
198.54.114.83 - - [30/Mar/2025:21:51:32 -0400] "POST /wp-admin/admin-ajax.php?action=async_litespeed&nonce=a31zSby4bEZTnfabI62IuBOcQe7ROLV6&litespeed_type=imgoptm HTTP/1.1" 200 5 "-" "WordPress/6.7.2; https://bakingsecurityin.com"
51.222.253.2 - - [30/Mar/2025:21:51:35 -0400] "GET /conservatory-versus-orangery-which-is-more-suited-to-your-home/feed/ HTTP/1.1" 200 449 "-" "Mozilla/5.0 (compatible; AhrefsBot/7.0; +http://ahrefs.com/robot/)"
198.54.114.83 - - [30/Mar/2025:21:52:54 -0400] "POST /wp-admin/admin-ajax.php?action=async_litespeed&nonce=U3BhVAyVEUDKtqf82p7o7IyYV7uB8wmO&litespeed_type=imgoptm HTTP/1.1" 200 5 "-" "WordPress/6.7.2; https://bakingsecurityin.com"
51.222.253.11 - - [30/Mar/2025:21:52:57 -0400] "GET /the-importance-of-proper-gutter-maintenance/feed/ HTTP/1.1" 200 415 "-" "Mozilla/5.0 (compatible; AhrefsBot/7.0; +http://ahrefs.com/robot/)"
198.54.114.83 - - [30/Mar/2025:21:54:25 -0400] "POST /wp-cron.php?doing_wp_cron=1743386065.6691839694976806640625 HTTP/1.1" 200 0 "-" "WordPress/6.7.2; https://bakingsecurityin.com"
51.222.253.16 - - [30/Mar/2025:21:54:23 -0400] "GET /page/7/ HTTP/1.1" 200 0 "-" "Mozilla/5.0 (compatible; AhrefsBot/7.0; +http://ahrefs.com/robot/)"
198.54.114.83 - - [30/Mar/2025:21:54:26 -0400] "POST /wp-admin/admin-ajax.php?action=async_litespeed&nonce=wki3ZnJenf3ZmG1EDXpeeFo5aJdOUhuc&litespeed_type=imgoptm HTTP/1.1" 200 5 "-" "WordPress/6.7.2; https://bakingsecurityin.com"
198.54.114.83 - - [30/Mar/2025:21:55:46 -0400] "POST /wp-cron.php?doing_wp_cron=1743386146.1089050769805908203125 HTTP/1.1" 200 0 "-" "WordPress/6.7.2; https://bakingsecurityin.com"
51.222.253.19 - - [30/Mar/2025:21:55:45 -0400] "GET /mk-shoulder-bag/feed/ HTTP/1.1" 200 377 "-" "Mozilla/5.0 (compatible; AhrefsBot/7.0; +http://ahrefs.com/robot/)"
198.54.114.83 - - [30/Mar/2025:21:57:14 -0400] "POST /wp-cron.php?doing_wp_cron=1743386234.3806691169738769531250 HTTP/1.1" 200 0 "-" "WordPress/6.7.2; https://bakingsecurityin.com"
51.222.253.13 - - [30/Mar/2025:21:57:13 -0400] "GET /how-to-etiquette-in-a-poker-casino/feed/ HTTP/1.1" 200 406 "-" "Mozilla/5.0 (compatible; AhrefsBot/7.0; +http://ahrefs.com/robot/)"
198.54.114.83 - - [30/Mar/2025:21:57:14 -0400] "POST /wp-admin/admin-ajax.php?action=async_litespeed&nonce=mzWGrxyzHCM3IIX77nZEXd8wENBCVccj&litespeed_type=imgoptm HTTP/1.1" 200 5 "-" "WordPress/6.7.2; https://bakingsecurityin.com"
198.54.114.83 - - [30/Mar/2025:21:58:43 -0400] "POST /wp-cron.php?doing_wp_cron=1743386323.2417020797729492187500 HTTP/1.1" 200 0 "-" "WordPress/6.7.2; https://bakingsecurityin.com"
51.222.253.10 - - [30/Mar/2025:21:58:42 -0400] "GET /atas-accredited-travel-agents/feed/ HTTP/1.1" 200 389 "-" "Mozilla/5.0 (compatible; AhrefsBot/7.0; +http://ahrefs.com/robot/)"
198.54.114.83 - - [30/Mar/2025:21:58:43 -0400] "POST /wp-admin/admin-ajax.php?action=async_litespeed&nonce=kpOvI8sne0qbmRHvNjlXWESJQjSYzJu4&litespeed_type=imgoptm HTTP/1.1" 200 5 "-" "WordPress/6.7.2; https://bakingsecurityin.com"
198.54.114.83 - - [30/Mar/2025:22:00:22 -0400] "POST /wp-cron.php?doing_wp_cron=1743386421.9269189834594726562500 HTTP/1.1" 200 0 "-" "WordPress/6.7.2; https://bakingsecurityin.com"
51.222.253.11 - - [30/Mar/2025:22:00:20 -0400] "GET /faites-une-declaration-de-mode-avec-des-sacs-pour-ordinateur-portable-cool/feed/ HTTP/1.1" 200 449 "-" "Mozilla/5.0 (compatible; AhrefsBot/7.0; +http://ahrefs.com/robot/)"
198.54.114.83 - - [30/Mar/2025:22:00:22 -0400] "POST /wp-admin/admin-ajax.php?action=async_litespeed&nonce=36qKihKkOtw0lpr6Tg2uXRVTP3MjUs8v&litespeed_type=imgoptm HTTP/1.1" 200 5 "-" "WordPress/6.7.2; https://bakingsecurityin.com"
198.54.114.83 - - [30/Mar/2025:22:01:58 -0400] "POST /wp-cron.php?doing_wp_cron=1743386518.4562149047851562500000 HTTP/1.1" 200 0 "-" "WordPress/6.7.2; https://bakingsecurityin.com"
51.222.253.2 - - [30/Mar/2025:22:01:57 -0400] "GET /youtube-premium-1-year-review/feed/ HTTP/1.1" 200 400 "-" "Mozilla/5.0 (compatible; AhrefsBot/7.0; +http://ahrefs.com/robot/)"
198.54.114.83 - - [30/Mar/2025:22:02:00 -0400] "POST /wp-admin/admin-ajax.php?action=async_litespeed&nonce=ZTRMNShdwAeCFeqEJvUdAXz8QpdaTOx9&litespeed_type=imgoptm HTTP/1.1" 200 5 "-" "WordPress/6.7.2; https://bakingsecurityin.com"
198.54.114.83 - - [30/Mar/2025:22:03:36 -0400] "POST /wp-cron.php?doing_wp_cron=1743386616.2431979179382324218750 HTTP/1.1" 200 0 "-" "WordPress/6.7.2; https://bakingsecurityin.com"
51.222.253.4 - - [30/Mar/2025:22:03:35 -0400] "GET /online-gambling-terms-and-conditions/feed/ HTTP/1.1" 200 405 "-" "Mozilla/5.0 (compatible; AhrefsBot/7.0; +http://ahrefs.com/robot/)"
198.54.114.83 - - [30/Mar/2025:22:03:36 -0400] "POST /wp-admin/admin-ajax.php?action=async_litespeed&nonce=I3qRVfogwKnaiIPoPTZ4UReappdDEFeh&litespeed_type=imgoptm HTTP/1.1" 200 5 "-" "WordPress/6.7.2; https://bakingsecurityin.com"
198.54.114.83 - - [30/Mar/2025:22:05:06 -0400] "POST /wp-cron.php?doing_wp_cron=1743386706.2697770595550537109375 HTTP/1.1" 200 0 "-" "WordPress/6.7.2; https://bakingsecurityin.com"
51.222.253.17 - - [30/Mar/2025:22:05:04 -0400] "GET /the-illusion-of-success-the-temptation-to-buy-youtube-views/feed/ HTTP/1.1" 200 435 "-" "Mozilla/5.0 (compatible; AhrefsBot/7.0; +http://ahrefs.com/robot/)"
198.54.114.83 - - [30/Mar/2025:22:05:06 -0400] "POST /wp-admin/admin-ajax.php?action=async_litespeed&nonce=ltmmkx7noxWpvKgj2M0T26GhiO6bM1n8&litespeed_type=imgoptm HTTP/1.1" 200 5 "-" "WordPress/6.7.2; https://bakingsecurityin.com"
198.54.114.83 - - [30/Mar/2025:22:07:01 -0400] "POST /wp-cron.php?doing_wp_cron=1743386821.2170488834381103515625 HTTP/1.1" 200 0 "-" "WordPress/6.7.2; https://bakingsecurityin.com"
51.222.253.4 - - [30/Mar/2025:22:06:59 -0400] "GET /weight-loss-food-recipes-for-healthy-dieting/feed/ HTTP/1.1" 200 417 "-" "Mozilla/5.0 (compatible; AhrefsBot/7.0; +http://ahrefs.com/robot/)"
198.54.114.83 - - [30/Mar/2025:22:07:01 -0400] "POST /wp-admin/admin-ajax.php?action=async_litespeed&nonce=dzEReAzF5MCV9OzSZsSrmTi7vml96yKA&litespeed_type=imgoptm HTTP/1.1" 200 5 "-" "WordPress/6.7.2; https://bakingsecurityin.com"
198.54.114.83 - - [30/Mar/2025:22:08:42 -0400] "POST /wp-cron.php?doing_wp_cron=1743386922.2826030254364013671875 HTTP/1.1" 200 0 "-" "WordPress/6.7.2; https://bakingsecurityin.com"
51.222.253.6 - - [30/Mar/2025:22:08:41 -0400] "GET /grand-dunman-a-mega-project-with-a-luxury-feel/feed/ HTTP/1.1" 200 428 "-" "Mozilla/5.0 (compatible; AhrefsBot/7.0; +http://ahrefs.com/robot/)"
198.54.114.83 - - [30/Mar/2025:22:08:42 -0400] "POST /wp-admin/admin-ajax.php?action=async_litespeed&nonce=sfnsCnyTGuQzPc2xBaQXuFTY5WxJGzrd&litespeed_type=imgoptm HTTP/1.1" 200 5 "-" "WordPress/6.7.2; https://bakingsecurityin.com"
198.54.114.83 - - [30/Mar/2025:22:10:26 -0400] "POST /wp-cron.php?doing_wp_cron=1743387026.6933538913726806640625 HTTP/1.1" 200 0 "-" "WordPress/6.7.2; https://bakingsecurityin.com"
51.222.253.1 - - [30/Mar/2025:22:10:25 -0400] "GET /online-gambling-tips/feed/ HTTP/1.1" 200 381 "-" "Mozilla/5.0 (compatible; AhrefsBot/7.0; +http://ahrefs.com/robot/)"
198.54.114.83 - - [30/Mar/2025:22:10:27 -0400] "POST /wp-admin/admin-ajax.php?action=async_litespeed&nonce=zDzYwAEgCpBUC0nVNlAN9znW7um1klhZ&litespeed_type=imgoptm HTTP/1.1" 200 5 "-" "WordPress/6.7.2; https://bakingsecurityin.com"
198.54.114.83 - - [30/Mar/2025:22:12:08 -0400] "POST /wp-cron.php?doing_wp_cron=1743387128.0901939868927001953125 HTTP/1.1" 200 0 "-" "WordPress/6.7.2; https://bakingsecurityin.com"
51.222.253.2 - - [30/Mar/2025:22:12:06 -0400] "GET /auto-body-shops-and-aluminum-fix/feed/ HTTP/1.1" 200 405 "-" "Mozilla/5.0 (compatible; AhrefsBot/7.0; +http://ahrefs.com/robot/)"
198.54.114.83 - - [30/Mar/2025:22:12:08 -0400] "POST /wp-admin/admin-ajax.php?action=async_litespeed&nonce=7cEfzFEDoA1koTTIWUJPn5CW1YAGsDKO&litespeed_type=imgoptm HTTP/1.1" 200 5 "-" "WordPress/6.7.2; https://bakingsecurityin.com"
51.222.253.11 - - [30/Mar/2025:22:13:43 -0400] "GET /the-continuum-at-thiam-siew/feed/ HTTP/1.1" 200 398 "-" "Mozilla/5.0 (compatible; AhrefsBot/7.0; +http://ahrefs.com/robot/)"
51.222.253.3 - - [30/Mar/2025:22:15:26 -0400] "GET /senior-mutual-insurance-tye-april-30-2013/feed/ HTTP/1.1" 200 425 "-" "Mozilla/5.0 (compatible; AhrefsBot/7.0; +http://ahrefs.com/robot/)"
198.54.114.83 - - [30/Mar/2025:22:16:28 -0400] "POST /wp-cron.php?doing_wp_cron=1743387388.0520009994506835937500 HTTP/1.1" 200 0 "-" "WordPress/6.7.2; https://bakingsecurityin.com"
18.189.188.15 - - [30/Mar/2025:22:16:27 -0400] "GET /so-entwerfen-sie-einen-flaggendruck-der-sich-von-der-masse-abhebt HTTP/1.1" 301 0 "-" "Mozilla/5.0 AppleWebKit/537.36 (KHTML, like Gecko; compatible; ClaudeBot/1.0; +claudebot@anthropic.com)"
18.189.188.15 - - [30/Mar/2025:22:16:28 -0400] "GET /so-entwerfen-sie-einen-flaggendruck-der-sich-von-der-masse-abhebt/ HTTP/1.1" 200 0 "https://bakingsecurityin.com/so-entwerfen-sie-einen-flaggendruck-der-sich-von-der-masse-abhebt" "Mozilla/5.0 AppleWebKit/537.36 (KHTML, like Gecko; compatible; ClaudeBot/1.0; +claudebot@anthropic.com)"
51.222.253.17 - - [30/Mar/2025:22:17:06 -0400] "GET /innovations-in-ppr-pipe-manufacturing/feed/ HTTP/1.1" 200 401 "-" "Mozilla/5.0 (compatible; AhrefsBot/7.0; +http://ahrefs.com/robot/)"
198.54.114.83 - - [30/Mar/2025:22:18:49 -0400] "POST /wp-cron.php?doing_wp_cron=1743387529.6499431133270263671875 HTTP/1.1" 200 0 "-" "WordPress/6.7.2; https://bakingsecurityin.com"
51.222.253.4 - - [30/Mar/2025:22:18:48 -0400] "GET /how-to-get-shares-on-tiktok/feed/ HTTP/1.1" 200 396 "-" "Mozilla/5.0 (compatible; AhrefsBot/7.0; +http://ahrefs.com/robot/)"
51.222.253.6 - - [30/Mar/2025:22:20:31 -0400] "GET /the-overlooked-travel-essential-benefits-of-business-trip-massages/feed/ HTTP/1.1" 200 463 "-" "Mozilla/5.0 (compatible; AhrefsBot/7.0; +http://ahrefs.com/robot/)"
51.222.253.2 - - [30/Mar/2025:22:21:54 -0400] "GET /how-to-make-schaumkusstorte/feed/ HTTP/1.1" 200 390 "-" "Mozilla/5.0 (compatible; AhrefsBot/7.0; +http://ahrefs.com/robot/)"
198.54.114.83 - - [30/Mar/2025:22:23:30 -0400] "POST /wp-cron.php?doing_wp_cron=1743387810.2156898975372314453125 HTTP/1.1" 200 0 "-" "WordPress/6.7.2; https://bakingsecurityin.com"
51.222.253.15 - - [30/Mar/2025:22:23:28 -0400] "GET /fenbendazole-as-a-potential-cancer-treatment-in-the-netherlands/ HTTP/1.1" 200 0 "-" "Mozilla/5.0 (compatible; AhrefsBot/7.0; +http://ahrefs.com/robot/)"
198.54.114.83 - - [30/Mar/2025:22:23:30 -0400] "POST /wp-admin/admin-ajax.php?action=async_litespeed&nonce=IKimYPTJgy4MmMPZzuUCZIbyFc5W6uAD&litespeed_type=imgoptm HTTP/1.1" 200 5 "-" "WordPress/6.7.2; https://bakingsecurityin.com"
198.54.114.83 - - [30/Mar/2025:22:25:00 -0400] "POST /wp-cron.php?doing_wp_cron=1743387900.4969398975372314453125 HTTP/1.1" 200 0 "-" "WordPress/6.7.2; https://bakingsecurityin.com"
51.222.253.8 - - [30/Mar/2025:22:24:59 -0400] "GET /exploring-the-allure-of-sora-condo/feed/ HTTP/1.1" 200 406 "-" "Mozilla/5.0 (compatible; AhrefsBot/7.0; +http://ahrefs.com/robot/)"
198.54.114.83 - - [30/Mar/2025:22:25:00 -0400] "POST /wp-admin/admin-ajax.php?action=async_litespeed&nonce=9JeaGo2Z28dNgSvlUjhk4VIH19Mp5cSZ&litespeed_type=imgoptm HTTP/1.1" 200 5 "-" "WordPress/6.7.2; https://bakingsecurityin.com"
198.54.114.83 - - [30/Mar/2025:22:26:09 -0400] "POST /wp-cron.php?doing_wp_cron=1743387969.4139730930328369140625 HTTP/1.1" 200 0 "-" "WordPress/6.7.2; https://bakingsecurityin.com"
51.222.253.12 - - [30/Mar/2025:22:26:09 -0400] "GET /the-basics-of-pokemon-cards/feed/ HTTP/1.1" 200 393 "-" "Mozilla/5.0 (compatible; AhrefsBot/7.0; +http://ahrefs.com/robot/)"
198.54.114.83 - - [30/Mar/2025:22:26:09 -0400] "POST /wp-admin/admin-ajax.php?action=async_litespeed&nonce=O3MrdcwXxxr07Ao2oO5RbtH5JfghsKvH&litespeed_type=imgoptm HTTP/1.1" 200 5 "-" "WordPress/6.7.2; https://bakingsecurityin.com"
198.54.114.83 - - [30/Mar/2025:22:27:07 -0400] "POST /wp-cron.php?doing_wp_cron=1743388027.2596828937530517578125 HTTP/1.1" 200 0 "-" "WordPress/6.7.2; https://bakingsecurityin.com"
185.191.171.16 - - [30/Mar/2025:22:27:07 -0400] "GET /crazy-business-idea-youtube-theater/ HTTP/1.1" 200 0 "-" "Mozilla/5.0 (compatible; SemrushBot/7~bl; +http://www.semrush.com/bot.html)"
198.54.114.83 - - [30/Mar/2025:22:27:07 -0400] "POST /wp-admin/admin-ajax.php?action=async_litespeed&nonce=9hY2qnvP9v1PgbrvCgxULc1R6kRQfg3G&litespeed_type=imgoptm HTTP/1.1" 200 5 "-" "WordPress/6.7.2; https://bakingsecurityin.com"
51.222.253.1 - - [30/Mar/2025:22:27:24 -0400] "GET /tips-to-help-you-get-started-when-creating-rap-music/feed/ HTTP/1.1" 200 436 "-" "Mozilla/5.0 (compatible; AhrefsBot/7.0; +http://ahrefs.com/robot/)"
51.222.253.19 - - [30/Mar/2025:22:29:26 -0400] "GET /wp-sitemap.xml HTTP/1.1" 200 194 "-" "Mozilla/5.0 (compatible; AhrefsBot/7.0; +http://ahrefs.com/robot/)"
51.222.253.5 - - [30/Mar/2025:22:29:28 -0400] "GET /wp-sitemap-posts-post-1.xml HTTP/1.1" 200 32216 "-" "Mozilla/5.0 (compatible; AhrefsBot/7.0; +http://ahrefs.com/robot/)"
51.222.253.17 - - [30/Mar/2025:22:29:29 -0400] "GET /wp-sitemap-posts-page-1.xml HTTP/1.1" 200 214 "-" "Mozilla/5.0 (compatible; AhrefsBot/7.0; +http://ahrefs.com/robot/)"
51.222.253.6 - - [30/Mar/2025:22:29:30 -0400] "GET /wp-sitemap-taxonomies-category-1.xml HTTP/1.1" 200 206 "-" "Mozilla/5.0 (compatible; AhrefsBot/7.0; +http://ahrefs.com/robot/)"
51.222.253.8 - - [30/Mar/2025:22:29:31 -0400] "GET /wp-sitemap-users-1.xml HTTP/1.1" 200 170 "-" "Mozilla/5.0 (compatible; AhrefsBot/7.0; +http://ahrefs.com/robot/)"
198.54.114.83 - - [30/Mar/2025:22:31:26 -0400] "POST /wp-cron.php?doing_wp_cron=1743388285.5922970771789550781250 HTTP/1.1" 200 0 "-" "WordPress/6.7.2; https://bakingsecurityin.com"
51.222.253.15 - - [30/Mar/2025:22:31:22 -0400] "GET /fda-otc-regulations-key-guidelines-for-over-the-counter-products/ HTTP/1.1" 200 0 "-" "Mozilla/5.0 (compatible; AhrefsBot/7.0; +http://ahrefs.com/robot/)"
198.54.114.83 - - [30/Mar/2025:22:31:26 -0400] "POST /wp-admin/admin-ajax.php?action=async_litespeed&nonce=yWDnggNYPjFC4aQncnmBOQhcrhNP5udF&litespeed_type=imgoptm HTTP/1.1" 200 5 "-" "WordPress/6.7.2; https://bakingsecurityin.com"
93.183.93.32 - - [30/Mar/2025:22:32:03 -0400] "GET /a-journey-into-skincare/ HTTP/1.1" 200 0 "https://bakingsecurityin.com/a-journey-into-skincare/" "Mozilla/5.0 (Windows NT 10.0; Win64; x64) AppleWebKit/537.36 (KHTML, like Gecko) Chrome/130.0.0.0 Safari/537.36"
178.20.46.206 - - [30/Mar/2025:22:32:06 -0400] "GET /a-journey-into-skincare/ HTTP/1.1" 200 0 "https://bakingsecurityin.com/a-journey-into-skincare/" "Mozilla/5.0 (Windows NT 10.0; Win64; x64) AppleWebKit/537.36 (KHTML, like Gecko) Chrome/129.0.0.0 Safari/537.36"
198.54.114.83 - - [30/Mar/2025:22:32:07 -0400] "POST /wp-cron.php?doing_wp_cron=1743388326.9687259197235107421875 HTTP/1.1" 200 0 "-" "WordPress/6.7.2; https://bakingsecurityin.com"
178.20.46.206 - - [30/Mar/2025:22:32:06 -0400] "GET / HTTP/1.1" 200 0 "https://bakingsecurityin.com/" "Mozilla/5.0 (Windows NT 10.0; Win64; x64) AppleWebKit/537.36 (KHTML, like Gecko) Chrome/129.0.0.0 Safari/537.36"
198.54.114.83 - - [30/Mar/2025:22:32:07 -0400] "POST /wp-admin/admin-ajax.php?action=async_litespeed&nonce=faMDBoIwxp5svvV7Jdmc5Hyw4Hc41eEK&litespeed_type=imgoptm HTTP/1.1" 200 5 "-" "WordPress/6.7.2; https://bakingsecurityin.com"
198.54.114.83 - - [30/Mar/2025:22:33:05 -0400] "POST /wp-cron.php?doing_wp_cron=1743388385.0209128856658935546875 HTTP/1.1" 200 0 "-" "WordPress/6.7.2; https://bakingsecurityin.com"
51.222.253.7 - - [30/Mar/2025:22:33:04 -0400] "GET /category/activity/page/3/ HTTP/1.1" 200 0 "-" "Mozilla/5.0 (compatible; AhrefsBot/7.0; +http://ahrefs.com/robot/)"
198.54.114.83 - - [30/Mar/2025:22:34:34 -0400] "POST /wp-cron.php?doing_wp_cron=1743388474.1907670497894287109375 HTTP/1.1" 200 0 "-" "WordPress/6.7.2; https://bakingsecurityin.com"
51.222.253.4 - - [30/Mar/2025:22:34:32 -0400] "GET /top-heroes-in-watcher-of-realms/feed/ HTTP/1.1" 200 399 "-" "Mozilla/5.0 (compatible; AhrefsBot/7.0; +http://ahrefs.com/robot/)"
51.222.253.5 - - [30/Mar/2025:22:36:03 -0400] "GET /discover-expert-hearing-care-in-auckland/feed/ HTTP/1.1" 200 411 "-" "Mozilla/5.0 (compatible; AhrefsBot/7.0; +http://ahrefs.com/robot/)"
87.250.224.31 - - [30/Mar/2025:22:36:33 -0400] "GET /robots.txt HTTP/1.1" 304 0 "-" "Mozilla/5.0 (compatible; YandexBot/3.0; +http://yandex.com/bots)"
95.108.213.234 - - [30/Mar/2025:22:36:34 -0400] "GET / HTTP/1.1" 200 0 "-" "Mozilla/5.0 (compatible; YandexBot/3.0; +http://yandex.com/bots)"
198.54.114.83 - - [30/Mar/2025:22:37:33 -0400] "POST /wp-cron.php?doing_wp_cron=1743388653.1510500907897949218750 HTTP/1.1" 200 0 "-" "WordPress/6.7.2; https://bakingsecurityin.com"
51.222.253.19 - - [30/Mar/2025:22:37:33 -0400] "GET /unleashing-wireless-freedom-the-evolution-of-bluetooth-headsets-for-phones/feed/ HTTP/1.1" 200 450 "-" "Mozilla/5.0 (compatible; AhrefsBot/7.0; +http://ahrefs.com/robot/)"
198.54.114.83 - - [30/Mar/2025:22:38:59 -0400] "POST /wp-cron.php?doing_wp_cron=1743388738.8944509029388427734375 HTTP/1.1" 200 0 "-" "WordPress/6.7.2; https://bakingsecurityin.com"
51.222.253.2 - - [30/Mar/2025:22:38:58 -0400] "GET /what-is-vyvanse/feed/ HTTP/1.1" 200 378 "-" "Mozilla/5.0 (compatible; AhrefsBot/7.0; +http://ahrefs.com/robot/)"
198.54.114.83 - - [30/Mar/2025:22:38:59 -0400] "POST /wp-admin/admin-ajax.php?action=async_litespeed&nonce=noapFDreKEs2KzoyUuioa7mBD9YnCjgF&litespeed_type=imgoptm HTTP/1.1" 200 5 "-" "WordPress/6.7.2; https://bakingsecurityin.com"
51.222.253.10 - - [30/Mar/2025:22:40:37 -0400] "GET /how-to-find-a-tax-advisor-for-mbh/feed/ HTTP/1.1" 200 411 "-" "Mozilla/5.0 (compatible; AhrefsBot/7.0; +http://ahrefs.com/robot/)"
198.54.114.83 - - [30/Mar/2025:22:42:08 -0400] "POST /wp-cron.php?doing_wp_cron=1743388928.6540119647979736328125 HTTP/1.1" 200 0 "-" "WordPress/6.7.2; https://bakingsecurityin.com"
51.222.253.20 - - [30/Mar/2025:22:42:08 -0400] "GET /navigating-fda-over-the-counter-otc-registration/feed/ HTTP/1.1" 200 414 "-" "Mozilla/5.0 (compatible; AhrefsBot/7.0; +http://ahrefs.com/robot/)"
198.54.114.83 - - [30/Mar/2025:22:42:10 -0400] "POST /wp-admin/admin-ajax.php?action=async_litespeed&nonce=giVy5pqmRfXLAVibTUEmk4YovjyKU8QD&litespeed_type=imgoptm HTTP/1.1" 200 5 "-" "WordPress/6.7.2; https://bakingsecurityin.com"
198.54.114.83 - - [30/Mar/2025:22:43:09 -0400] "POST /wp-admin/admin-ajax.php?action=async_litespeed&nonce=jfw8eeeCzF8SR5ENJkeFlXFPDTnkdthu&litespeed_type=imgoptm HTTP/1.1" 200 5 "-" "WordPress/6.7.2; https://bakingsecurityin.com"
198.54.114.83 - - [30/Mar/2025:22:43:36 -0400] "POST /wp-cron.php?doing_wp_cron=1743389015.9980800151824951171875 HTTP/1.1" 200 0 "-" "WordPress/6.7.2; https://bakingsecurityin.com"
51.222.253.3 - - [30/Mar/2025:22:43:35 -0400] "GET /how-to-create-stunning-custom-invitations/feed/ HTTP/1.1" 200 407 "-" "Mozilla/5.0 (compatible; AhrefsBot/7.0; +http://ahrefs.com/robot/)"
198.54.114.83 - - [30/Mar/2025:22:43:36 -0400] "POST /wp-admin/admin-ajax.php?action=async_litespeed&nonce=kFVdbPVCWbErG5zNqfRa85RvYEtyJ6ZH&litespeed_type=imgoptm HTTP/1.1" 200 5 "-" "WordPress/6.7.2; https://bakingsecurityin.com"
198.54.114.83 - - [30/Mar/2025:22:45:13 -0400] "POST /wp-cron.php?doing_wp_cron=1743389112.9784440994262695312500 HTTP/1.1" 200 0 "-" "WordPress/6.7.2; https://bakingsecurityin.com"
51.222.253.2 - - [30/Mar/2025:22:45:11 -0400] "GET /china-adhesive-manufacturers/feed/ HTTP/1.1" 200 390 "-" "Mozilla/5.0 (compatible; AhrefsBot/7.0; +http://ahrefs.com/robot/)"
198.54.114.83 - - [30/Mar/2025:22:45:13 -0400] "POST /wp-admin/admin-ajax.php?action=async_litespeed&nonce=6Yyn4fBYMb5pY5z0TXqUAi8s5tHjQzvO&litespeed_type=imgoptm HTTP/1.1" 200 5 "-" "WordPress/6.7.2; https://bakingsecurityin.com"
198.54.114.83 - - [30/Mar/2025:22:45:33 -0400] "POST /wp-admin/admin-ajax.php?action=async_litespeed&nonce=XrN8M8AclQRhbN1JkReQVb5OZsgb567N&litespeed_type=imgoptm HTTP/1.1" 200 5 "-" "WordPress/6.7.2; https://bakingsecurityin.com"
91.246.41.166 - - [30/Mar/2025:22:46:21 -0400] "GET / HTTP/1.1" 200 0 "-" "Mozilla/5.0 (Macintosh; Intel Mac OS X 10_15_7) AppleWebKit/537.36 (KHTML, like Gecko) Chrome/133.0.0.0 Safari/537.36"
198.54.114.83 - - [30/Mar/2025:22:46:43 -0400] "POST /wp-cron.php?doing_wp_cron=1743389203.6724240779876708984375 HTTP/1.1" 200 0 "-" "WordPress/6.7.2; https://bakingsecurityin.com"
