198.54.114.83 - - [30/Mar/2025:06:59:55 -0400] "POST /wp-admin/admin-ajax.php?action=async_litespeed&nonce=0oXYMfd3ncxhe9JoSA86yoTEi1zcxhu2&litespeed_type=imgoptm HTTP/1.1" 200 5 "-" "WordPress/6.7.2; https://bakingsecurityin.com"
198.54.114.83 - - [30/Mar/2025:07:01:35 -0400] "POST /wp-cron.php?doing_wp_cron=1743332494.9342789649963378906250 HTTP/1.1" 200 0 "-" "WordPress/6.7.2; https://bakingsecurityin.com"
51.222.253.5 - - [30/Mar/2025:07:01:32 -0400] "GET /understanding-the-job-responsibilities-of-funeral-directors-carshalton/ HTTP/1.1" 200 0 "-" "Mozilla/5.0 (compatible; AhrefsBot/7.0; +http://ahrefs.com/robot/)"
198.54.114.83 - - [30/Mar/2025:07:01:35 -0400] "POST /wp-admin/admin-ajax.php?action=async_litespeed&nonce=S3qFG6ucjA7sw8YUttsSLu3ave1Lb3Cx&litespeed_type=imgoptm HTTP/1.1" 200 5 "-" "WordPress/6.7.2; https://bakingsecurityin.com"
198.54.114.83 - - [30/Mar/2025:07:03:24 -0400] "POST /wp-cron.php?doing_wp_cron=1743332603.9668099880218505859375 HTTP/1.1" 200 0 "-" "WordPress/6.7.2; https://bakingsecurityin.com"
51.222.253.19 - - [30/Mar/2025:07:03:22 -0400] "GET /be-aware-of-retinol-anti-wrinkle-face-creams/ HTTP/1.1" 200 0 "-" "Mozilla/5.0 (compatible; AhrefsBot/7.0; +http://ahrefs.com/robot/)"
198.54.114.83 - - [30/Mar/2025:07:03:24 -0400] "POST /wp-admin/admin-ajax.php?action=async_litespeed&nonce=4Z08YQWaC42qekZNOiBSj6UNqbChz4P0&litespeed_type=imgoptm HTTP/1.1" 200 5 "-" "WordPress/6.7.2; https://bakingsecurityin.com"
198.54.114.83 - - [30/Mar/2025:07:05:11 -0400] "POST /wp-cron.php?doing_wp_cron=1743332711.7848548889160156250000 HTTP/1.1" 200 0 "-" "WordPress/6.7.2; https://bakingsecurityin.com"
51.222.253.9 - - [30/Mar/2025:07:05:08 -0400] "GET /category/activity/page/27/ HTTP/1.1" 200 0 "-" "Mozilla/5.0 (compatible; AhrefsBot/7.0; +http://ahrefs.com/robot/)"
198.54.114.83 - - [30/Mar/2025:07:05:12 -0400] "POST /wp-admin/admin-ajax.php?action=async_litespeed&nonce=DpzTZKBss128095mHvPWxVl9obk18B4m&litespeed_type=imgoptm HTTP/1.1" 200 5 "-" "WordPress/6.7.2; https://bakingsecurityin.com"
198.54.114.83 - - [30/Mar/2025:07:06:03 -0400] "POST /wp-admin/admin-ajax.php?action=async_litespeed&nonce=6NtjyjM9SSwVPFy4XmvBdou150ob6i3x&litespeed_type=imgoptm HTTP/1.1" 200 5 "-" "WordPress/6.7.2; https://bakingsecurityin.com"
185.231.154.128 - - [30/Mar/2025:07:06:16 -0400] "GET /how-does-red-light-therapy-work/ HTTP/1.1" 200 0 "https://bakingsecurityin.com/how-does-red-light-therapy-work/#comment-9557" "Mozilla/5.0 (Windows NT 10.0; Win64; x64) AppleWebKit/537.36 (KHTML, like Gecko) Chrome/130.0.0.0 Safari/537.36 CCleaner/130.0.0.0"
185.231.154.128 - - [30/Mar/2025:07:06:16 -0400] "GET / HTTP/1.1" 200 0 "https://bakingsecurityin.com/" "Mozilla/5.0 (Windows NT 10.0; Win64; x64) AppleWebKit/537.36 (KHTML, like Gecko) Chrome/130.0.0.0 Safari/537.36 CCleaner/130.0.0.0"
20.42.10.179 - - [30/Mar/2025:07:06:25 -0400] "GET /robots.txt HTTP/1.1" 304 0 "-" "Mozilla/5.0 (Macintosh; Intel Mac OS X 10_15_7) AppleWebKit/537.36 (KHTML, like Gecko) Chrome/131.0.0.0 Safari/537.36; compatible; OAI-SearchBot/1.0; +https://openai.com/searchbot"
198.54.114.83 - - [30/Mar/2025:07:07:05 -0400] "POST /wp-cron.php?doing_wp_cron=1743332825.1506299972534179687500 HTTP/1.1" 200 0 "-" "WordPress/6.7.2; https://bakingsecurityin.com"
51.222.253.7 - - [30/Mar/2025:07:07:05 -0400] "GET /category/activity/page/38/ HTTP/1.1" 200 0 "-" "Mozilla/5.0 (compatible; AhrefsBot/7.0; +http://ahrefs.com/robot/)"
198.54.114.83 - - [30/Mar/2025:07:07:05 -0400] "POST /wp-admin/admin-ajax.php?action=async_litespeed&nonce=GiyVvIFAfr9X3CBzo8zgAGVpLZsEAwnp&litespeed_type=imgoptm HTTP/1.1" 200 5 "-" "WordPress/6.7.2; https://bakingsecurityin.com"
198.54.114.83 - - [30/Mar/2025:07:08:40 -0400] "POST /wp-cron.php?doing_wp_cron=1743332920.8574140071868896484375 HTTP/1.1" 200 0 "-" "WordPress/6.7.2; https://bakingsecurityin.com"
51.222.253.14 - - [30/Mar/2025:07:08:39 -0400] "GET /page/61/ HTTP/1.1" 200 0 "-" "Mozilla/5.0 (compatible; AhrefsBot/7.0; +http://ahrefs.com/robot/)"
198.54.114.83 - - [30/Mar/2025:07:08:41 -0400] "POST /wp-admin/admin-ajax.php?action=async_litespeed&nonce=HecgwySUTd2YktIUL31aPDL4yeDiIGFU&litespeed_type=imgoptm HTTP/1.1" 200 5 "-" "WordPress/6.7.2; https://bakingsecurityin.com"
87.250.224.126 - - [30/Mar/2025:07:08:56 -0400] "GET /center-parcs-ostdeutschland/ HTTP/1.1" 200 0 "-" "Mozilla/5.0 (compatible; YandexBot/3.0; +http://yandex.com/bots)"
198.54.114.83 - - [30/Mar/2025:07:10:18 -0400] "POST /wp-admin/admin-ajax.php?action=async_litespeed&nonce=dj1cE91dsuDSk3zdMlvCuGlrzKF1FAql&litespeed_type=imgoptm HTTP/1.1" 200 5 "-" "WordPress/6.7.2; https://bakingsecurityin.com"
198.54.114.83 - - [30/Mar/2025:07:10:28 -0400] "POST /wp-cron.php?doing_wp_cron=1743333028.4897429943084716796875 HTTP/1.1" 200 0 "-" "WordPress/6.7.2; https://bakingsecurityin.com"
51.222.253.15 - - [30/Mar/2025:07:10:28 -0400] "GET /utiliser-des-pendules-dans-un-magasin-de-pendules/ HTTP/1.1" 200 0 "-" "Mozilla/5.0 (compatible; AhrefsBot/7.0; +http://ahrefs.com/robot/)"
198.54.114.83 - - [30/Mar/2025:07:10:28 -0400] "POST /wp-admin/admin-ajax.php?action=async_litespeed&nonce=Fq5Wtdk7agR7q5EAiUKJMKOOW6Ebx7uU&litespeed_type=imgoptm HTTP/1.1" 200 5 "-" "WordPress/6.7.2; https://bakingsecurityin.com"
198.54.114.83 - - [30/Mar/2025:07:12:18 -0400] "POST /wp-cron.php?doing_wp_cron=1743333138.8275279998779296875000 HTTP/1.1" 200 0 "-" "WordPress/6.7.2; https://bakingsecurityin.com"
51.222.253.1 - - [30/Mar/2025:07:12:16 -0400] "GET /take-your-business-to-the-next-level-with-strategic-planning/ HTTP/1.1" 200 0 "-" "Mozilla/5.0 (compatible; AhrefsBot/7.0; +http://ahrefs.com/robot/)"
198.54.114.83 - - [30/Mar/2025:07:12:19 -0400] "POST /wp-admin/admin-ajax.php?action=async_litespeed&nonce=0VosOpuDv6Rc0rN0T50rWkrQV5xM3zMs&litespeed_type=imgoptm HTTP/1.1" 200 5 "-" "WordPress/6.7.2; https://bakingsecurityin.com"
198.54.114.83 - - [30/Mar/2025:07:14:02 -0400] "POST /wp-cron.php?doing_wp_cron=1743333242.3863320350646972656250 HTTP/1.1" 200 0 "-" "WordPress/6.7.2; https://bakingsecurityin.com"
51.222.253.9 - - [30/Mar/2025:07:13:59 -0400] "GET /page/88/ HTTP/1.1" 200 0 "-" "Mozilla/5.0 (compatible; AhrefsBot/7.0; +http://ahrefs.com/robot/)"
198.54.114.83 - - [30/Mar/2025:07:14:02 -0400] "POST /wp-admin/admin-ajax.php?action=async_litespeed&nonce=d8bVeT4EJoBaUUrQjYzzzisEOd0YTjDe&litespeed_type=imgoptm HTTP/1.1" 200 5 "-" "WordPress/6.7.2; https://bakingsecurityin.com"
178.20.45.159 - - [30/Mar/2025:07:14:25 -0400] "GET /how-does-red-light-therapy-work/ HTTP/1.1" 200 0 "https://bakingsecurityin.com/how-does-red-light-therapy-work/#comment-11759/" "Mozilla/5.0 (Windows NT 10.0; Win64; x64) AppleWebKit/537.36 (KHTML, like Gecko) Chrome/130.0.0.0 Safari/537.36 CCleaner/130.0.0.0"
178.20.45.159 - - [30/Mar/2025:07:14:25 -0400] "GET / HTTP/1.1" 200 0 "https://bakingsecurityin.com/" "Mozilla/5.0 (Windows NT 10.0; Win64; x64) AppleWebKit/537.36 (KHTML, like Gecko) Chrome/130.0.0.0 Safari/537.36 CCleaner/130.0.0.0"
198.54.114.83 - - [30/Mar/2025:07:14:50 -0400] "POST /wp-cron.php?doing_wp_cron=1743333290.4869670867919921875000 HTTP/1.1" 200 0 "-" "WordPress/6.7.2; https://bakingsecurityin.com"
85.208.96.195 - - [30/Mar/2025:07:14:50 -0400] "GET /amethyst-to-ruby-silver-or-pewter-an-armor-ring-has-it-all-and-at-exceptionally-low-prices-too/ HTTP/1.1" 200 0 "-" "Mozilla/5.0 (compatible; SemrushBot/7~bl; +http://www.semrush.com/bot.html)"
198.54.114.83 - - [30/Mar/2025:07:14:50 -0400] "POST /wp-admin/admin-ajax.php?action=async_litespeed&nonce=PxHoAi92VcGrOz8faBJYjb4PGEQq8ckg&litespeed_type=imgoptm HTTP/1.1" 200 5 "-" "WordPress/6.7.2; https://bakingsecurityin.com"
198.54.114.83 - - [30/Mar/2025:07:15:38 -0400] "POST /wp-cron.php?doing_wp_cron=1743333338.2796900272369384765625 HTTP/1.1" 200 0 "-" "WordPress/6.7.2; https://bakingsecurityin.com"
51.222.253.7 - - [30/Mar/2025:07:15:38 -0400] "GET /gambling-slots/ HTTP/1.1" 200 0 "-" "Mozilla/5.0 (compatible; AhrefsBot/7.0; +http://ahrefs.com/robot/)"
198.54.114.83 - - [30/Mar/2025:07:15:38 -0400] "POST /wp-admin/admin-ajax.php?action=async_litespeed&nonce=6Cbssg3T9DmIVkdyjElpWgsiaX3P2DXv&litespeed_type=imgoptm HTTP/1.1" 200 5 "-" "WordPress/6.7.2; https://bakingsecurityin.com"
198.54.114.83 - - [30/Mar/2025:07:17:29 -0400] "POST /wp-cron.php?doing_wp_cron=1743333448.9078838825225830078125 HTTP/1.1" 200 0 "-" "WordPress/6.7.2; https://bakingsecurityin.com"
51.222.253.20 - - [30/Mar/2025:07:17:25 -0400] "GET /gitarre-lernen-in-dusseldorf-fur-anfanger-und-fortgeschrittene/ HTTP/1.1" 200 0 "-" "Mozilla/5.0 (compatible; AhrefsBot/7.0; +http://ahrefs.com/robot/)"
198.54.114.83 - - [30/Mar/2025:07:17:29 -0400] "POST /wp-admin/admin-ajax.php?action=async_litespeed&nonce=jX7omX9MUyDuzXXA2X3Y3nOmi3lgguRJ&litespeed_type=imgoptm HTTP/1.1" 200 5 "-" "WordPress/6.7.2; https://bakingsecurityin.com"
198.54.114.83 - - [30/Mar/2025:07:19:02 -0400] "POST /wp-cron.php?doing_wp_cron=1743333542.5461139678955078125000 HTTP/1.1" 200 0 "-" "WordPress/6.7.2; https://bakingsecurityin.com"
51.222.253.11 - - [30/Mar/2025:07:19:01 -0400] "GET /revitalizing-homes-the-excellence-of-tucson-maids/ HTTP/1.1" 200 0 "-" "Mozilla/5.0 (compatible; AhrefsBot/7.0; +http://ahrefs.com/robot/)"
198.54.114.83 - - [30/Mar/2025:07:19:02 -0400] "POST /wp-admin/admin-ajax.php?action=async_litespeed&nonce=SBBDfTz9GCT3dJlgXsLwA31reDF8dJC3&litespeed_type=imgoptm HTTP/1.1" 200 5 "-" "WordPress/6.7.2; https://bakingsecurityin.com"
198.54.114.83 - - [30/Mar/2025:07:20:18 -0400] "POST /wp-cron.php?doing_wp_cron=1743333618.0659399032592773437500 HTTP/1.1" 200 0 "-" "WordPress/6.7.2; https://bakingsecurityin.com"
34.204.4.62 - - [30/Mar/2025:07:20:18 -0400] "GET /decoding-the-dangers-of-buying-youtube-subscribers/ HTTP/1.1" 200 0 "-" "Grammarly/1.0 (http://www.grammarly.com)"
198.54.114.83 - - [30/Mar/2025:07:20:18 -0400] "POST /wp-admin/admin-ajax.php?action=async_litespeed&nonce=jd6dU02wB0IGMar3u0dlvF3pWjVnnhUs&litespeed_type=imgoptm HTTP/1.1" 200 5 "-" "WordPress/6.7.2; https://bakingsecurityin.com"
198.54.114.83 - - [30/Mar/2025:07:20:44 -0400] "POST /wp-cron.php?doing_wp_cron=1743333644.1118700504302978515625 HTTP/1.1" 200 0 "-" "WordPress/6.7.2; https://bakingsecurityin.com"
51.222.253.7 - - [30/Mar/2025:07:20:44 -0400] "GET /indianapolis-deep-cleaning-services/ HTTP/1.1" 200 0 "-" "Mozilla/5.0 (compatible; AhrefsBot/7.0; +http://ahrefs.com/robot/)"
198.54.114.83 - - [30/Mar/2025:07:20:44 -0400] "POST /wp-admin/admin-ajax.php?action=async_litespeed&nonce=0OzEnVrqNgmDjvcy3mKDqbp3QacAhcVf&litespeed_type=imgoptm HTTP/1.1" 200 5 "-" "WordPress/6.7.2; https://bakingsecurityin.com"
198.54.114.83 - - [30/Mar/2025:07:22:16 -0400] "POST /wp-cron.php?doing_wp_cron=1743333736.3540930747985839843750 HTTP/1.1" 200 0 "-" "WordPress/6.7.2; https://bakingsecurityin.com"
51.222.253.5 - - [30/Mar/2025:07:22:15 -0400] "GET /the-klimt-cairnhill-showflat-experience/feed/ HTTP/1.1" 200 407 "-" "Mozilla/5.0 (compatible; AhrefsBot/7.0; +http://ahrefs.com/robot/)"
198.54.114.83 - - [30/Mar/2025:07:22:16 -0400] "POST /wp-admin/admin-ajax.php?action=async_litespeed&nonce=3kTv1VMV4KGn8kanCWXJ0IJPncnWGb0j&litespeed_type=imgoptm HTTP/1.1" 200 5 "-" "WordPress/6.7.2; https://bakingsecurityin.com"
198.54.114.83 - - [30/Mar/2025:07:23:57 -0400] "POST /wp-cron.php?doing_wp_cron=1743333837.5820350646972656250000 HTTP/1.1" 200 0 "-" "WordPress/6.7.2; https://bakingsecurityin.com"
51.222.253.13 - - [30/Mar/2025:07:23:55 -0400] "GET /the-best-url-shortener-for-your-needs/ HTTP/1.1" 200 0 "-" "Mozilla/5.0 (compatible; AhrefsBot/7.0; +http://ahrefs.com/robot/)"
198.54.114.83 - - [30/Mar/2025:07:23:57 -0400] "POST /wp-admin/admin-ajax.php?action=async_litespeed&nonce=qTFwXslESoTDH78Z2rafn8soli6MSGHZ&litespeed_type=imgoptm HTTP/1.1" 200 5 "-" "WordPress/6.7.2; https://bakingsecurityin.com"
185.231.154.128 - - [30/Mar/2025:07:24:01 -0400] "GET /how-does-red-light-therapy-work/ HTTP/1.1" 200 0 "https://bakingsecurityin.com/how-does-red-light-therapy-work/#comment-9557" "Mozilla/5.0 (Windows NT 10.0; Win64; x64) AppleWebKit/537.36 (KHTML, like Gecko) Chrome/131.0.0.0 Safari/537.36 Avast/131.0.0.0"
185.231.154.128 - - [30/Mar/2025:07:24:01 -0400] "GET /how-does-red-light-therapy-work/ HTTP/1.1" 200 0 "https://bakingsecurityin.com/how-does-red-light-therapy-work/#comment-9557" "Mozilla/5.0 (Windows NT 10.0; Win64; x64) AppleWebKit/537.36 (KHTML, like Gecko) Chrome/130.0.0.0 Safari/537.36 CCleaner/130.0.0.0"
185.231.154.128 - - [30/Mar/2025:07:24:01 -0400] "GET / HTTP/1.1" 200 0 "https://bakingsecurityin.com/" "Mozilla/5.0 (Windows NT 10.0; Win64; x64) AppleWebKit/537.36 (KHTML, like Gecko) Chrome/130.0.0.0 Safari/537.36 CCleaner/130.0.0.0"
185.231.154.128 - - [30/Mar/2025:07:24:01 -0400] "GET / HTTP/1.1" 200 0 "https://bakingsecurityin.com/" "Mozilla/5.0 (Windows NT 10.0; Win64; x64) AppleWebKit/537.36 (KHTML, like Gecko) Chrome/131.0.0.0 Safari/537.36 Avast/131.0.0.0"
198.54.114.83 - - [30/Mar/2025:07:24:52 -0400] "POST /wp-admin/admin-ajax.php?action=async_litespeed&nonce=bBMNIQegZf1UwTNYj11304cxQmJELApE&litespeed_type=imgoptm HTTP/1.1" 200 5 "-" "WordPress/6.7.2; https://bakingsecurityin.com"
198.54.114.83 - - [30/Mar/2025:07:25:32 -0400] "POST /wp-cron.php?doing_wp_cron=1743333932.4630260467529296875000 HTTP/1.1" 200 0 "-" "WordPress/6.7.2; https://bakingsecurityin.com"
51.222.253.2 - - [30/Mar/2025:07:25:32 -0400] "GET /1xbet-un-eventail-de-possibilites-dans-le-monde-des-paris-sportifs/feed/ HTTP/1.1" 200 452 "-" "Mozilla/5.0 (compatible; AhrefsBot/7.0; +http://ahrefs.com/robot/)"
198.54.114.83 - - [30/Mar/2025:07:25:32 -0400] "POST /wp-admin/admin-ajax.php?action=async_litespeed&nonce=MVEOKuqvDPFRvW5YuQdeUxVODZsCUpwv&litespeed_type=imgoptm HTTP/1.1" 200 5 "-" "WordPress/6.7.2; https://bakingsecurityin.com"
198.54.114.83 - - [30/Mar/2025:07:27:06 -0400] "POST /wp-cron.php?doing_wp_cron=1743334026.1802120208740234375000 HTTP/1.1" 200 0 "-" "WordPress/6.7.2; https://bakingsecurityin.com"
51.222.253.20 - - [30/Mar/2025:07:27:04 -0400] "GET /discovering-luxury-living-at-canninghill-piers-showflat/ HTTP/1.1" 200 0 "-" "Mozilla/5.0 (compatible; AhrefsBot/7.0; +http://ahrefs.com/robot/)"
198.54.114.83 - - [30/Mar/2025:07:27:06 -0400] "POST /wp-admin/admin-ajax.php?action=async_litespeed&nonce=AJ6up8OFSRg0pjbswGfkH34crhGrpeN7&litespeed_type=imgoptm HTTP/1.1" 200 5 "-" "WordPress/6.7.2; https://bakingsecurityin.com"
198.54.114.83 - - [30/Mar/2025:07:28:33 -0400] "POST /wp-cron.php?doing_wp_cron=1743334113.5573530197143554687500 HTTP/1.1" 200 0 "-" "WordPress/6.7.2; https://bakingsecurityin.com"
51.222.253.19 - - [30/Mar/2025:07:28:32 -0400] "GET /category/activity/page/91/ HTTP/1.1" 200 0 "-" "Mozilla/5.0 (compatible; AhrefsBot/7.0; +http://ahrefs.com/robot/)"
198.54.114.83 - - [30/Mar/2025:07:28:33 -0400] "POST /wp-admin/admin-ajax.php?action=async_litespeed&nonce=k3BPlUPNIpXT6dZUDk7apty2myPSR4kP&litespeed_type=imgoptm HTTP/1.1" 200 5 "-" "WordPress/6.7.2; https://bakingsecurityin.com"
198.54.114.83 - - [30/Mar/2025:07:30:08 -0400] "POST /wp-cron.php?doing_wp_cron=1743334208.2410159111022949218750 HTTP/1.1" 200 0 "-" "WordPress/6.7.2; https://bakingsecurityin.com"
51.222.253.1 - - [30/Mar/2025:07:30:06 -0400] "GET /air-conditioning-small-changes-can-save-significant-energy/ HTTP/1.1" 200 0 "-" "Mozilla/5.0 (compatible; AhrefsBot/7.0; +http://ahrefs.com/robot/)"
198.54.114.83 - - [30/Mar/2025:07:30:11 -0400] "POST /wp-admin/admin-ajax.php?action=async_litespeed&nonce=9cKFWrfgMExdyxGt0TbBvqmGt4qvjKXG&litespeed_type=imgoptm HTTP/1.1" 200 5 "-" "WordPress/6.7.2; https://bakingsecurityin.com"
198.54.114.83 - - [30/Mar/2025:07:31:46 -0400] "POST /wp-cron.php?doing_wp_cron=1743334306.6253879070281982421875 HTTP/1.1" 200 0 "-" "WordPress/6.7.2; https://bakingsecurityin.com"
51.222.253.13 - - [30/Mar/2025:07:31:45 -0400] "GET /betting-shops-in-the-uk/ HTTP/1.1" 200 0 "-" "Mozilla/5.0 (compatible; AhrefsBot/7.0; +http://ahrefs.com/robot/)"
198.54.114.83 - - [30/Mar/2025:07:31:47 -0400] "POST /wp-admin/admin-ajax.php?action=async_litespeed&nonce=nzgGYmXAwdN06b9lv6mG8BzY1uhSxQaL&litespeed_type=imgoptm HTTP/1.1" 200 5 "-" "WordPress/6.7.2; https://bakingsecurityin.com"
185.209.28.214 - - [30/Mar/2025:07:32:48 -0400] "GET /a-journey-into-skincare/ HTTP/1.1" 200 0 "https://bakingsecurityin.com/a-journey-into-skincare/" "Mozilla/5.0 (Windows NT 10.0; Win64; x64) AppleWebKit/537.36 (KHTML, like Gecko) Chrome/130.0.0.0 Safari/537.36 CCleaner/130.0.0.0"
198.54.114.83 - - [30/Mar/2025:07:32:49 -0400] "POST /wp-cron.php?doing_wp_cron=1743334369.3521978855133056640625 HTTP/1.1" 200 0 "-" "WordPress/6.7.2; https://bakingsecurityin.com"
185.209.28.214 - - [30/Mar/2025:07:32:49 -0400] "GET / HTTP/1.1" 200 0 "https://bakingsecurityin.com/" "Mozilla/5.0 (Windows NT 10.0; Win64; x64) AppleWebKit/537.36 (KHTML, like Gecko) Chrome/130.0.0.0 Safari/537.36 CCleaner/130.0.0.0"
198.54.114.83 - - [30/Mar/2025:07:32:49 -0400] "POST /wp-admin/admin-ajax.php?action=async_litespeed&nonce=ynUBFAZ7uTnFBtVkJ0hSDm9MoYpEYcAx&litespeed_type=imgoptm HTTP/1.1" 200 5 "-" "WordPress/6.7.2; https://bakingsecurityin.com"
178.20.45.159 - - [30/Mar/2025:07:33:01 -0400] "GET /how-does-red-light-therapy-work/ HTTP/1.1" 200 0 "https://bakingsecurityin.com/how-does-red-light-therapy-work/#comment-11759/" "Mozilla/5.0 (Windows NT 10.0; Win64; x64) AppleWebKit/537.36 (KHTML, like Gecko) Chrome/131.0.0.0 Safari/537.36"
178.20.45.159 - - [30/Mar/2025:07:33:02 -0400] "GET / HTTP/1.1" 200 0 "https://bakingsecurityin.com/" "Mozilla/5.0 (Windows NT 10.0; Win64; x64) AppleWebKit/537.36 (KHTML, like Gecko) Chrome/131.0.0.0 Safari/537.36"
107.174.151.36 - - [30/Mar/2025:07:33:07 -0400] "GET /a-buyers-guide-to-uk-cbd-gummies HTTP/1.1" 301 0 "-" "Mozilla/5.0 (Windows NT 10.0; WOW64) AppleWebKit/537.36 (KHTML, like Gecko) Chrome/114.0.0.0 YaBrowser/22.7.0 Yowser/2.5 Safari/537.36"
107.174.151.36 - - [30/Mar/2025:07:33:08 -0400] "GET /a-buyers-guide-to-uk-cbd-gummies/ HTTP/1.1" 200 0 "https://bakingsecurityin.com/a-buyers-guide-to-uk-cbd-gummies" "Mozilla/5.0 (Windows NT 10.0; WOW64) AppleWebKit/537.36 (KHTML, like Gecko) Chrome/114.0.0.0 YaBrowser/22.7.0 Yowser/2.5 Safari/537.36"
51.222.253.1 - - [30/Mar/2025:07:33:25 -0400] "GET /comptoir-de-reception-personnalise/feed/ HTTP/1.1" 200 401 "-" "Mozilla/5.0 (compatible; AhrefsBot/7.0; +http://ahrefs.com/robot/)"
198.54.114.83 - - [30/Mar/2025:07:34:57 -0400] "POST /wp-cron.php?doing_wp_cron=1743334497.1938819885253906250000 HTTP/1.1" 200 0 "-" "WordPress/6.7.2; https://bakingsecurityin.com"
51.222.253.2 - - [30/Mar/2025:07:34:55 -0400] "GET /dachdeckermeisterbetrieb-hamburg/ HTTP/1.1" 200 0 "-" "Mozilla/5.0 (compatible; AhrefsBot/7.0; +http://ahrefs.com/robot/)"
198.54.114.83 - - [30/Mar/2025:07:34:57 -0400] "POST /wp-admin/admin-ajax.php?action=async_litespeed&nonce=pR6du2P8aDrmjHCVgET6bjfb3PV2g9TR&litespeed_type=imgoptm HTTP/1.1" 200 5 "-" "WordPress/6.7.2; https://bakingsecurityin.com"
198.54.114.83 - - [30/Mar/2025:07:36:25 -0400] "POST /wp-cron.php?doing_wp_cron=1743334585.2488830089569091796875 HTTP/1.1" 200 0 "-" "WordPress/6.7.2; https://bakingsecurityin.com"
51.222.253.18 - - [30/Mar/2025:07:36:23 -0400] "GET /unveiling-the-best-legit-online-casino-in-the-philippines/feed/ HTTP/1.1" 200 427 "-" "Mozilla/5.0 (compatible; AhrefsBot/7.0; +http://ahrefs.com/robot/)"
198.54.114.83 - - [30/Mar/2025:07:36:26 -0400] "POST /wp-admin/admin-ajax.php?action=async_litespeed&nonce=gWWDRyZeLgHDtAeNfYRzoM04809R9hqv&litespeed_type=imgoptm HTTP/1.1" 200 5 "-" "WordPress/6.7.2; https://bakingsecurityin.com"
198.54.114.83 - - [30/Mar/2025:07:37:52 -0400] "POST /wp-cron.php?doing_wp_cron=1743334672.6453540325164794921875 HTTP/1.1" 200 0 "-" "WordPress/6.7.2; https://bakingsecurityin.com"
51.222.253.20 - - [30/Mar/2025:07:37:51 -0400] "GET /caregiver-jobs-near-me/ HTTP/1.1" 200 0 "-" "Mozilla/5.0 (compatible; AhrefsBot/7.0; +http://ahrefs.com/robot/)"
198.54.114.83 - - [30/Mar/2025:07:37:53 -0400] "POST /wp-admin/admin-ajax.php?action=async_litespeed&nonce=N7vWh81qHm1D37k2iZe3Ry7Loyv2B8US&litespeed_type=imgoptm HTTP/1.1" 200 5 "-" "WordPress/6.7.2; https://bakingsecurityin.com"
136.243.228.193 - - [30/Mar/2025:07:38:21 -0400] "GET /moving-companies-helping-you-to-relocate/ HTTP/1.1" 200 0 "-" "Mozilla/5.0 (compatible; DataForSeoBot/1.0; +https://dataforseo.com/dataforseo-bot)"
198.54.114.83 - - [30/Mar/2025:07:39:23 -0400] "POST /wp-cron.php?doing_wp_cron=1743334763.3431239128112792968750 HTTP/1.1" 200 0 "-" "WordPress/6.7.2; https://bakingsecurityin.com"
51.222.253.12 - - [30/Mar/2025:07:39:23 -0400] "GET /iptv-technology-simplified/feed/ HTTP/1.1" 200 380 "-" "Mozilla/5.0 (compatible; AhrefsBot/7.0; +http://ahrefs.com/robot/)"
198.54.114.83 - - [30/Mar/2025:07:39:23 -0400] "POST /wp-admin/admin-ajax.php?action=async_litespeed&nonce=N48SCVKuS6IeKTruIKXqw6y02kbRqqUJ&litespeed_type=imgoptm HTTP/1.1" 200 5 "-" "WordPress/6.7.2; https://bakingsecurityin.com"
198.54.114.83 - - [30/Mar/2025:07:41:02 -0400] "POST /wp-cron.php?doing_wp_cron=1743334862.5734488964080810546875 HTTP/1.1" 200 0 "-" "WordPress/6.7.2; https://bakingsecurityin.com"
51.222.253.8 - - [30/Mar/2025:07:41:00 -0400] "GET /leather-pants-with-leather-jackets-makes-for-a-great-pair/ HTTP/1.1" 200 0 "-" "Mozilla/5.0 (compatible; AhrefsBot/7.0; +http://ahrefs.com/robot/)"
198.54.114.83 - - [30/Mar/2025:07:41:02 -0400] "POST /wp-admin/admin-ajax.php?action=async_litespeed&nonce=uZlKEqVcy9sdrQviV205lVREMnq3i6XP&litespeed_type=imgoptm HTTP/1.1" 200 5 "-" "WordPress/6.7.2; https://bakingsecurityin.com"
178.20.45.128 - - [30/Mar/2025:07:41:36 -0400] "GET /a-journey-into-skincare/ HTTP/1.1" 200 0 "https://bakingsecurityin.com/a-journey-into-skincare/" "Mozilla/5.0 (Windows NT 10.0; Win64; x64) AppleWebKit/537.36 (KHTML, like Gecko) Chrome/130.0.0.0 Safari/537.36 CCleaner/130.0.0.0"
198.54.114.83 - - [30/Mar/2025:07:41:37 -0400] "POST /wp-cron.php?doing_wp_cron=1743334897.2949008941650390625000 HTTP/1.1" 200 0 "-" "WordPress/6.7.2; https://bakingsecurityin.com"
178.20.45.128 - - [30/Mar/2025:07:41:37 -0400] "GET / HTTP/1.1" 200 0 "https://bakingsecurityin.com/" "Mozilla/5.0 (Windows NT 10.0; Win64; x64) AppleWebKit/537.36 (KHTML, like Gecko) Chrome/130.0.0.0 Safari/537.36 CCleaner/130.0.0.0"
198.54.114.83 - - [30/Mar/2025:07:41:37 -0400] "POST /wp-admin/admin-ajax.php?action=async_litespeed&nonce=5OfdNNGukPbuGfCYiDFTXyhP46xLnBik&litespeed_type=imgoptm HTTP/1.1" 200 5 "-" "WordPress/6.7.2; https://bakingsecurityin.com"
198.54.114.83 - - [30/Mar/2025:07:42:28 -0400] "POST /wp-cron.php?doing_wp_cron=1743334948.3875279426574707031250 HTTP/1.1" 200 0 "-" "WordPress/6.7.2; https://bakingsecurityin.com"
51.222.253.16 - - [30/Mar/2025:07:42:28 -0400] "GET /a-strategic-approach/ HTTP/1.1" 200 0 "-" "Mozilla/5.0 (compatible; AhrefsBot/7.0; +http://ahrefs.com/robot/)"
198.54.114.83 - - [30/Mar/2025:07:42:28 -0400] "POST /wp-admin/admin-ajax.php?action=async_litespeed&nonce=qKNLwBOLhx3WD2Gyy1BSj0BK6Bew1ac5&litespeed_type=imgoptm HTTP/1.1" 200 5 "-" "WordPress/6.7.2; https://bakingsecurityin.com"
198.54.114.83 - - [30/Mar/2025:07:44:02 -0400] "POST /wp-cron.php?doing_wp_cron=1743335042.7701170444488525390625 HTTP/1.1" 200 0 "-" "WordPress/6.7.2; https://bakingsecurityin.com"
51.222.253.15 - - [30/Mar/2025:07:44:00 -0400] "GET /how-to-delete-a-course-on-duolingo/ HTTP/1.1" 200 0 "-" "Mozilla/5.0 (compatible; AhrefsBot/7.0; +http://ahrefs.com/robot/)"
198.54.114.83 - - [30/Mar/2025:07:44:03 -0400] "POST /wp-admin/admin-ajax.php?action=async_litespeed&nonce=pDhcjnZIDACQbHL7t756jzwqZRGyqibT&litespeed_type=imgoptm HTTP/1.1" 200 5 "-" "WordPress/6.7.2; https://bakingsecurityin.com"
185.231.154.128 - - [30/Mar/2025:07:44:49 -0400] "GET /how-does-red-light-therapy-work/ HTTP/1.1" 200 0 "https://bakingsecurityin.com/how-does-red-light-therapy-work/#comment-9557" "Mozilla/5.0 (Windows NT 10.0; Win64; x64) AppleWebKit/537.36 (KHTML, like Gecko) Chrome/130.0.0.0 Safari/537.36"
198.54.114.83 - - [30/Mar/2025:07:44:50 -0400] "POST /wp-cron.php?doing_wp_cron=1743335090.1705739498138427734375 HTTP/1.1" 200 0 "-" "WordPress/6.7.2; https://bakingsecurityin.com"
185.231.154.128 - - [30/Mar/2025:07:44:50 -0400] "GET / HTTP/1.1" 200 0 "https://bakingsecurityin.com/" "Mozilla/5.0 (Windows NT 10.0; Win64; x64) AppleWebKit/537.36 (KHTML, like Gecko) Chrome/130.0.0.0 Safari/537.36"
198.54.114.83 - - [30/Mar/2025:07:44:50 -0400] "POST /wp-admin/admin-ajax.php?action=async_litespeed&nonce=Rpy6aGePQMcwGMMhTl96bE9oZdUv6gMg&litespeed_type=imgoptm HTTP/1.1" 200 5 "-" "WordPress/6.7.2; https://bakingsecurityin.com"
51.222.253.8 - - [30/Mar/2025:07:45:24 -0400] "GET /security-guard-services-for-miami-beach-protection/ HTTP/1.1" 200 0 "-" "Mozilla/5.0 (compatible; AhrefsBot/7.0; +http://ahrefs.com/robot/)"
195.2.84.178 - - [30/Mar/2025:07:46:04 -0400] "GET /a-journey-into-skincare/ HTTP/1.1" 200 0 "https://bakingsecurityin.com/a-journey-into-skincare/" "Mozilla/5.0 (Windows NT 10.0; Win64; x64) AppleWebKit/537.36 (KHTML, like Gecko) Chrome/131.0.0.0 Safari/537.36"
195.2.84.178 - - [30/Mar/2025:07:46:04 -0400] "GET /a-journey-into-skincare/ HTTP/1.1" 200 0 "https://bakingsecurityin.com/a-journey-into-skincare/" "Mozilla/5.0 (Windows NT 10.0; Win64; x64) AppleWebKit/537.36 (KHTML, like Gecko) Chrome/130.0.0.0 Safari/537.36 CCleaner/130.0.0.0"
198.54.114.83 - - [30/Mar/2025:07:46:04 -0400] "POST /wp-cron.php?doing_wp_cron=1743335164.4636139869689941406250 HTTP/1.1" 200 0 "-" "WordPress/6.7.2; https://bakingsecurityin.com"
195.2.84.178 - - [30/Mar/2025:07:46:04 -0400] "GET / HTTP/1.1" 200 0 "https://bakingsecurityin.com/" "Mozilla/5.0 (Windows NT 10.0; Win64; x64) AppleWebKit/537.36 (KHTML, like Gecko) Chrome/131.0.0.0 Safari/537.36"
198.54.114.83 - - [30/Mar/2025:07:46:04 -0400] "POST /wp-admin/admin-ajax.php?action=async_litespeed&nonce=ueGoxzWhsu23EYeHQwppeayIG6PgosJM&litespeed_type=imgoptm HTTP/1.1" 200 5 "-" "WordPress/6.7.2; https://bakingsecurityin.com"
195.2.84.178 - - [30/Mar/2025:07:46:04 -0400] "GET / HTTP/1.1" 200 0 "https://bakingsecurityin.com/" "Mozilla/5.0 (Windows NT 10.0; Win64; x64) AppleWebKit/537.36 (KHTML, like Gecko) Chrome/130.0.0.0 Safari/537.36 CCleaner/130.0.0.0"
198.54.114.83 - - [30/Mar/2025:07:47:01 -0400] "POST /wp-cron.php?doing_wp_cron=1743335221.2391479015350341796875 HTTP/1.1" 200 0 "-" "WordPress/6.7.2; https://bakingsecurityin.com"
51.222.253.1 - - [30/Mar/2025:07:47:00 -0400] "GET /the-companies-behind-pokemon-merchandising/feed/ HTTP/1.1" 200 408 "-" "Mozilla/5.0 (compatible; AhrefsBot/7.0; +http://ahrefs.com/robot/)"
198.54.114.83 - - [30/Mar/2025:07:47:02 -0400] "POST /wp-admin/admin-ajax.php?action=async_litespeed&nonce=bclXMicLCtqbUgVbBXMRVamEQgboNx2v&litespeed_type=imgoptm HTTP/1.1" 200 5 "-" "WordPress/6.7.2; https://bakingsecurityin.com"
198.54.114.83 - - [30/Mar/2025:07:47:48 -0400] "POST /wp-admin/admin-ajax.php?action=async_litespeed&nonce=rnPZXn1YuFOizCRly1g64peFnEKmaOih&litespeed_type=imgoptm HTTP/1.1" 200 5 "-" "WordPress/6.7.2; https://bakingsecurityin.com"
51.222.253.19 - - [30/Mar/2025:07:48:26 -0400] "GET /printed-handbags-an-exemplary-promotion-thing-for-all-organizations-and-occasions/ HTTP/1.1" 200 0 "-" "Mozilla/5.0 (compatible; AhrefsBot/7.0; +http://ahrefs.com/robot/)"
93.183.94.206 - - [30/Mar/2025:07:49:49 -0400] "GET /a-journey-into-skincare/ HTTP/1.1" 200 0 "https://bakingsecurityin.com/a-journey-into-skincare/" "Mozilla/5.0 (Windows NT 10.0; Win64; x64) AppleWebKit/537.36 (KHTML, like Gecko) Chrome/131.0.0.0 Safari/537.36"
93.183.94.206 - - [30/Mar/2025:07:49:49 -0400] "GET /a-journey-into-skincare/ HTTP/1.1" 200 0 "https://bakingsecurityin.com/a-journey-into-skincare/" "Mozilla/5.0 (Windows NT 10.0; Win64; x64) AppleWebKit/537.36 (KHTML, like Gecko) Chrome/129.0.0.0 Safari/537.36"
198.54.114.83 - - [30/Mar/2025:07:49:52 -0400] "POST /wp-cron.php?doing_wp_cron=1743335391.8968420028686523437500 HTTP/1.1" 200 0 "-" "WordPress/6.7.2; https://bakingsecurityin.com"
198.54.114.83 - - [30/Mar/2025:07:49:52 -0400] "POST /wp-cron.php?doing_wp_cron=1743335391.8999330997467041015625 HTTP/1.1" 200 0 "-" "WordPress/6.7.2; https://bakingsecurityin.com"
198.54.114.83 - - [30/Mar/2025:07:49:52 -0400] "POST /wp-cron.php?doing_wp_cron=1743335391.8971819877624511718750 HTTP/1.1" 200 0 "-" "WordPress/6.7.2; https://bakingsecurityin.com"
93.183.94.206 - - [30/Mar/2025:07:49:50 -0400] "GET / HTTP/1.1" 200 0 "https://bakingsecurityin.com/" "Mozilla/5.0 (Windows NT 10.0; Win64; x64) AppleWebKit/537.36 (KHTML, like Gecko) Chrome/129.0.0.0 Safari/537.36"
93.183.94.206 - - [30/Mar/2025:07:49:50 -0400] "GET / HTTP/1.1" 200 0 "https://bakingsecurityin.com/" "Mozilla/5.0 (Windows NT 10.0; Win64; x64) AppleWebKit/537.36 (KHTML, like Gecko) Chrome/131.0.0.0 Safari/537.36"
51.222.253.2 - - [30/Mar/2025:07:49:50 -0400] "GET /category/activity/page/60/ HTTP/1.1" 200 0 "-" "Mozilla/5.0 (compatible; AhrefsBot/7.0; +http://ahrefs.com/robot/)"
198.54.114.83 - - [30/Mar/2025:07:49:52 -0400] "POST /wp-admin/admin-ajax.php?action=async_litespeed&nonce=ZBOqOHNc5E419nwTUfAYAYrQpeXANh9s&litespeed_type=imgoptm HTTP/1.1" 200 5 "-" "WordPress/6.7.2; https://bakingsecurityin.com"
178.20.45.159 - - [30/Mar/2025:07:50:12 -0400] "GET /how-does-red-light-therapy-work/ HTTP/1.1" 200 0 "https://bakingsecurityin.com/how-does-red-light-therapy-work/#comment-11759/" "Mozilla/5.0 (Windows NT 10.0; Win64; x64) AppleWebKit/537.36 (KHTML, like Gecko) Chrome/131.0.0.0 Safari/537.36"
178.20.45.159 - - [30/Mar/2025:07:50:13 -0400] "GET / HTTP/1.1" 200 0 "https://bakingsecurityin.com/" "Mozilla/5.0 (Windows NT 10.0; Win64; x64) AppleWebKit/537.36 (KHTML, like Gecko) Chrome/131.0.0.0 Safari/537.36"
178.20.45.159 - - [30/Mar/2025:07:50:20 -0400] "GET /how-does-red-light-therapy-work/ HTTP/1.1" 200 0 "https://bakingsecurityin.com/how-does-red-light-therapy-work/#comment-11759/" "Mozilla/5.0 (Windows NT 10.0; Win64; x64) AppleWebKit/537.36 (KHTML, like Gecko) Chrome/131.0.0.0 Safari/537.36 Avast/131.0.0.0"
178.20.45.159 - - [30/Mar/2025:07:50:21 -0400] "GET / HTTP/1.1" 200 0 "https://bakingsecurityin.com/" "Mozilla/5.0 (Windows NT 10.0; Win64; x64) AppleWebKit/537.36 (KHTML, like Gecko) Chrome/131.0.0.0 Safari/537.36 Avast/131.0.0.0"
178.20.45.159 - - [30/Mar/2025:07:50:25 -0400] "GET /how-does-red-light-therapy-work/ HTTP/1.1" 200 0 "https://bakingsecurityin.com/how-does-red-light-therapy-work/#comment-11759/" "Mozilla/5.0 (Windows NT 10.0; Win64; x64) AppleWebKit/537.36 (KHTML, like Gecko) Chrome/130.0.0.0 Safari/537.36"
178.20.45.159 - - [30/Mar/2025:07:50:26 -0400] "GET / HTTP/1.1" 200 0 "https://bakingsecurityin.com/" "Mozilla/5.0 (Windows NT 10.0; Win64; x64) AppleWebKit/537.36 (KHTML, like Gecko) Chrome/130.0.0.0 Safari/537.36"
198.54.114.83 - - [30/Mar/2025:07:51:26 -0400] "POST /wp-cron.php?doing_wp_cron=1743335486.5930709838867187500000 HTTP/1.1" 200 0 "-" "WordPress/6.7.2; https://bakingsecurityin.com"
51.222.253.15 - - [30/Mar/2025:07:51:25 -0400] "GET /lampe-de-table-design/ HTTP/1.1" 200 0 "-" "Mozilla/5.0 (compatible; AhrefsBot/7.0; +http://ahrefs.com/robot/)"
198.54.114.83 - - [30/Mar/2025:07:51:26 -0400] "POST /wp-admin/admin-ajax.php?action=async_litespeed&nonce=CrE7GgzAoCxn8VVkOTQyKc6J0x3naBRC&litespeed_type=imgoptm HTTP/1.1" 200 5 "-" "WordPress/6.7.2; https://bakingsecurityin.com"
198.54.114.83 - - [30/Mar/2025:07:53:02 -0400] "POST /wp-cron.php?doing_wp_cron=1743335582.2041630744934082031250 HTTP/1.1" 200 0 "-" "WordPress/6.7.2; https://bakingsecurityin.com"
51.222.253.2 - - [30/Mar/2025:07:53:00 -0400] "GET /private-live-in-carers/ HTTP/1.1" 200 0 "-" "Mozilla/5.0 (compatible; AhrefsBot/7.0; +http://ahrefs.com/robot/)"
198.54.114.83 - - [30/Mar/2025:07:53:02 -0400] "POST /wp-admin/admin-ajax.php?action=async_litespeed&nonce=0OBJfit36tzHARbaZ6ZhEru0oVrpyxsC&litespeed_type=imgoptm HTTP/1.1" 200 5 "-" "WordPress/6.7.2; https://bakingsecurityin.com"
198.54.114.83 - - [30/Mar/2025:07:54:35 -0400] "POST /wp-cron.php?doing_wp_cron=1743335675.0094239711761474609375 HTTP/1.1" 200 0 "-" "WordPress/6.7.2; https://bakingsecurityin.com"
51.222.253.2 - - [30/Mar/2025:07:54:33 -0400] "GET /page/84/ HTTP/1.1" 200 0 "-" "Mozilla/5.0 (compatible; AhrefsBot/7.0; +http://ahrefs.com/robot/)"
198.54.114.83 - - [30/Mar/2025:07:54:35 -0400] "POST /wp-admin/admin-ajax.php?action=async_litespeed&nonce=fCUXQRSnNLSChDmiaKJ69HzIt0qRaHK2&litespeed_type=imgoptm HTTP/1.1" 200 5 "-" "WordPress/6.7.2; https://bakingsecurityin.com"
198.54.114.83 - - [30/Mar/2025:07:55:54 -0400] "POST /wp-cron.php?doing_wp_cron=1743335753.9019689559936523437500 HTTP/1.1" 200 0 "-" "WordPress/6.7.2; https://bakingsecurityin.com"
51.222.253.14 - - [30/Mar/2025:07:55:53 -0400] "GET /die-bedeutung-von-telefondienstleistern-fur-unternehmen/feed/ HTTP/1.1" 200 422 "-" "Mozilla/5.0 (compatible; AhrefsBot/7.0; +http://ahrefs.com/robot/)"
198.54.114.83 - - [30/Mar/2025:07:55:54 -0400] "POST /wp-admin/admin-ajax.php?action=async_litespeed&nonce=o9VHw0zpTCI4554mQTzGoF02ohnaOYZN&litespeed_type=imgoptm HTTP/1.1" 200 5 "-" "WordPress/6.7.2; https://bakingsecurityin.com"
198.54.114.83 - - [30/Mar/2025:07:57:25 -0400] "POST /wp-cron.php?doing_wp_cron=1743335845.0191230773925781250000 HTTP/1.1" 200 0 "-" "WordPress/6.7.2; https://bakingsecurityin.com"
51.222.253.9 - - [30/Mar/2025:07:57:22 -0400] "GET /page/56/ HTTP/1.1" 200 0 "-" "Mozilla/5.0 (compatible; AhrefsBot/7.0; +http://ahrefs.com/robot/)"
198.54.114.83 - - [30/Mar/2025:07:57:25 -0400] "POST /wp-admin/admin-ajax.php?action=async_litespeed&nonce=8lc7pqLurY35EARnKjbl4EpaBIr8V0Qh&litespeed_type=imgoptm HTTP/1.1" 200 5 "-" "WordPress/6.7.2; https://bakingsecurityin.com"
198.54.114.83 - - [30/Mar/2025:07:58:54 -0400] "POST /wp-cron.php?doing_wp_cron=1743335933.9191219806671142578125 HTTP/1.1" 200 0 "-" "WordPress/6.7.2; https://bakingsecurityin.com"
51.222.253.2 - - [30/Mar/2025:07:58:52 -0400] "GET /entspannung-und-abenteuer-im-resort-am-gardasee/ HTTP/1.1" 200 0 "-" "Mozilla/5.0 (compatible; AhrefsBot/7.0; +http://ahrefs.com/robot/)"
198.54.114.83 - - [30/Mar/2025:07:58:54 -0400] "POST /wp-admin/admin-ajax.php?action=async_litespeed&nonce=VvzFQ2eOPuKO7srswWL1ZHPgzHP5wXlp&litespeed_type=imgoptm HTTP/1.1" 200 5 "-" "WordPress/6.7.2; https://bakingsecurityin.com"
198.54.114.83 - - [30/Mar/2025:08:00:37 -0400] "POST /wp-cron.php?doing_wp_cron=1743336037.4496850967407226562500 HTTP/1.1" 200 0 "-" "WordPress/6.7.2; https://bakingsecurityin.com"
51.222.253.7 - - [30/Mar/2025:08:00:34 -0400] "GET /your-everyday-expense-excursion/ HTTP/1.1" 200 0 "-" "Mozilla/5.0 (compatible; AhrefsBot/7.0; +http://ahrefs.com/robot/)"
198.54.114.83 - - [30/Mar/2025:08:00:38 -0400] "POST /wp-admin/admin-ajax.php?action=async_litespeed&nonce=yeS51SWSu16XVpDgrApaKfziMUJ7SC2q&litespeed_type=imgoptm HTTP/1.1" 200 5 "-" "WordPress/6.7.2; https://bakingsecurityin.com"
3.222.232.239 - - [30/Mar/2025:08:01:22 -0400] "GET /wp-content/uploads/2023/01/hi7.png HTTP/1.1" 404 0 "-" "Mozilla/5.0 AppleWebKit/537.36 (KHTML, like Gecko; compatible; PerplexityBot/1.0; +https://perplexity.ai/perplexitybot)"
198.54.114.83 - - [30/Mar/2025:08:02:15 -0400] "POST /wp-cron.php?doing_wp_cron=1743336135.2069959640502929687500 HTTP/1.1" 200 0 "-" "WordPress/6.7.2; https://bakingsecurityin.com"
51.222.253.15 - - [30/Mar/2025:08:02:15 -0400] "GET /top-5-coworking-spaces-in-singapore/feed/ HTTP/1.1" 200 398 "-" "Mozilla/5.0 (compatible; AhrefsBot/7.0; +http://ahrefs.com/robot/)"
198.54.114.83 - - [30/Mar/2025:08:02:15 -0400] "POST /wp-admin/admin-ajax.php?action=async_litespeed&nonce=vVuT8UYjP1fu0U70bIJfvxjmfph1BOey&litespeed_type=imgoptm HTTP/1.1" 200 5 "-" "WordPress/6.7.2; https://bakingsecurityin.com"
198.54.114.83 - - [30/Mar/2025:08:03:58 -0400] "POST /wp-cron.php?doing_wp_cron=1743336238.2702078819274902343750 HTTP/1.1" 200 0 "-" "WordPress/6.7.2; https://bakingsecurityin.com"
51.222.253.6 - - [30/Mar/2025:08:03:55 -0400] "GET /crochets-muraux-decoratifs/ HTTP/1.1" 200 0 "-" "Mozilla/5.0 (compatible; AhrefsBot/7.0; +http://ahrefs.com/robot/)"
198.54.114.83 - - [30/Mar/2025:08:03:58 -0400] "POST /wp-admin/admin-ajax.php?action=async_litespeed&nonce=cjTKtwOXqROxb38q3wQVNFBtVKsQkFJb&litespeed_type=imgoptm HTTP/1.1" 200 5 "-" "WordPress/6.7.2; https://bakingsecurityin.com"
198.54.114.83 - - [30/Mar/2025:08:04:39 -0400] "POST /wp-admin/admin-ajax.php?action=async_litespeed&nonce=dqQGpr6MrlXnwUTZxaHPLmw1MV0UKg14&litespeed_type=imgoptm HTTP/1.1" 200 5 "-" "WordPress/6.7.2; https://bakingsecurityin.com"
198.54.114.83 - - [30/Mar/2025:08:05:29 -0400] "POST /wp-cron.php?doing_wp_cron=1743336329.2223689556121826171875 HTTP/1.1" 200 0 "-" "WordPress/6.7.2; https://bakingsecurityin.com"
51.222.253.2 - - [30/Mar/2025:08:05:29 -0400] "GET /advantages-and-disadvantages-of-fitness-tracker/feed/ HTTP/1.1" 200 409 "-" "Mozilla/5.0 (compatible; AhrefsBot/7.0; +http://ahrefs.com/robot/)"
198.54.114.83 - - [30/Mar/2025:08:05:29 -0400] "POST /wp-admin/admin-ajax.php?action=async_litespeed&nonce=2pLNIfWpgrZJvUI6aF9fylVRbdoIrLT9&litespeed_type=imgoptm HTTP/1.1" 200 5 "-" "WordPress/6.7.2; https://bakingsecurityin.com"
198.54.114.83 - - [30/Mar/2025:08:06:58 -0400] "POST /wp-cron.php?doing_wp_cron=1743336418.3398358821868896484375 HTTP/1.1" 200 0 "-" "WordPress/6.7.2; https://bakingsecurityin.com"
51.222.253.7 - - [30/Mar/2025:08:06:57 -0400] "GET /category/activity/page/70/ HTTP/1.1" 200 0 "-" "Mozilla/5.0 (compatible; AhrefsBot/7.0; +http://ahrefs.com/robot/)"
198.54.114.83 - - [30/Mar/2025:08:06:58 -0400] "POST /wp-admin/admin-ajax.php?action=async_litespeed&nonce=oOh8LvvKEAQh0it0CPuaKpMKeZMKm1tK&litespeed_type=imgoptm HTTP/1.1" 200 5 "-" "WordPress/6.7.2; https://bakingsecurityin.com"
152.42.209.58 - - [30/Mar/2025:08:07:07 -0400] "GET /wp-login.php HTTP/1.1" 200 1738 "-" "Mozilla/5.0 (X11; Linux x86_64; rv:121.0) Gecko/20100101 Firefox/121.0"
152.42.209.58 - - [30/Mar/2025:08:07:07 -0400] "POST /wp-login.php HTTP/1.1" 200 1861 "-" "Mozilla/5.0 (X11; Linux x86_64; rv:121.0) Gecko/20100101 Firefox/121.0"
152.42.209.58 - - [30/Mar/2025:08:07:08 -0400] "POST /wp-login.php HTTP/1.1" 200 1861 "-" "Mozilla/5.0 (X11; Linux x86_64; rv:121.0) Gecko/20100101 Firefox/121.0"
198.54.114.83 - - [30/Mar/2025:08:08:27 -0400] "POST /wp-cron.php?doing_wp_cron=1743336507.2724449634552001953125 HTTP/1.1" 200 0 "-" "WordPress/6.7.2; https://bakingsecurityin.com"
51.222.253.12 - - [30/Mar/2025:08:08:27 -0400] "GET /increasing-youtube-subscribers/feed/ HTTP/1.1" 200 393 "-" "Mozilla/5.0 (compatible; AhrefsBot/7.0; +http://ahrefs.com/robot/)"
198.54.114.83 - - [30/Mar/2025:08:08:27 -0400] "POST /wp-admin/admin-ajax.php?action=async_litespeed&nonce=RobAkQhNTPq9HmHOXmowaigojsWj299v&litespeed_type=imgoptm HTTP/1.1" 200 5 "-" "WordPress/6.7.2; https://bakingsecurityin.com"
198.54.114.83 - - [30/Mar/2025:08:09:56 -0400] "POST /wp-cron.php?doing_wp_cron=1743336596.2428910732269287109375 HTTP/1.1" 200 0 "-" "WordPress/6.7.2; https://bakingsecurityin.com"
51.222.253.17 - - [30/Mar/2025:08:09:54 -0400] "GET /melbet-india-review/ HTTP/1.1" 200 0 "-" "Mozilla/5.0 (compatible; AhrefsBot/7.0; +http://ahrefs.com/robot/)"
198.54.114.83 - - [30/Mar/2025:08:09:56 -0400] "POST /wp-admin/admin-ajax.php?action=async_litespeed&nonce=Q88gcbshvhdOfqGoCAqkUUo7NNuJnjxu&litespeed_type=imgoptm HTTP/1.1" 200 5 "-" "WordPress/6.7.2; https://bakingsecurityin.com"
198.54.114.83 - - [30/Mar/2025:08:11:41 -0400] "POST /wp-cron.php?doing_wp_cron=1743336701.2246739864349365234375 HTTP/1.1" 200 0 "-" "WordPress/6.7.2; https://bakingsecurityin.com"
51.222.253.6 - - [30/Mar/2025:08:11:40 -0400] "GET /why-it-is-beneficial-to-gamble-at-online-casinos/ HTTP/1.1" 200 0 "-" "Mozilla/5.0 (compatible; AhrefsBot/7.0; +http://ahrefs.com/robot/)"
198.54.114.83 - - [30/Mar/2025:08:11:41 -0400] "POST /wp-admin/admin-ajax.php?action=async_litespeed&nonce=gELL16ZpWI7xJ144eMGBkeF1ly932uUr&litespeed_type=imgoptm HTTP/1.1" 200 5 "-" "WordPress/6.7.2; https://bakingsecurityin.com"
198.54.114.83 - - [30/Mar/2025:08:12:56 -0400] "POST /wp-cron.php?doing_wp_cron=1743336775.9767339229583740234375 HTTP/1.1" 200 0 "-" "WordPress/6.7.2; https://bakingsecurityin.com"
47.128.111.116 - - [30/Mar/2025:08:12:55 -0400] "GET /top-rated-maid-service-in-phoenix/ HTTP/1.1" 200 0 "-" "Mozilla/5.0 (Linux; Android 5.0) AppleWebKit/537.36 (KHTML, like Gecko) Mobile Safari/537.36 (compatible; TikTokSpider; ttspider-feedback@tiktok.com)"
198.54.114.83 - - [30/Mar/2025:08:12:56 -0400] "POST /wp-admin/admin-ajax.php?action=async_litespeed&nonce=04Wxx62dVXSeDndKFFF3nv9jrsNdBvfW&litespeed_type=imgoptm HTTP/1.1" 200 5 "-" "WordPress/6.7.2; https://bakingsecurityin.com"
51.222.253.15 - - [30/Mar/2025:08:13:22 -0400] "GET /un-univers-de-joie-et-daventure/ HTTP/1.1" 200 0 "-" "Mozilla/5.0 (compatible; AhrefsBot/7.0; +http://ahrefs.com/robot/)"
198.54.114.83 - - [30/Mar/2025:08:15:15 -0400] "POST /wp-cron.php?doing_wp_cron=1743336915.0476310253143310546875 HTTP/1.1" 200 0 "-" "WordPress/6.7.2; https://bakingsecurityin.com"
51.222.253.20 - - [30/Mar/2025:08:15:12 -0400] "GET /page/65/ HTTP/1.1" 200 0 "-" "Mozilla/5.0 (compatible; AhrefsBot/7.0; +http://ahrefs.com/robot/)"
198.54.114.83 - - [30/Mar/2025:08:15:15 -0400] "POST /wp-admin/admin-ajax.php?action=async_litespeed&nonce=x4gtr8K1CdwTUeHbjqsKmES9Md82G38N&litespeed_type=imgoptm HTTP/1.1" 200 5 "-" "WordPress/6.7.2; https://bakingsecurityin.com"
198.54.114.83 - - [30/Mar/2025:08:16:48 -0400] "POST /wp-cron.php?doing_wp_cron=1743337008.7363560199737548828125 HTTP/1.1" 200 0 "-" "WordPress/6.7.2; https://bakingsecurityin.com"
51.222.253.14 - - [30/Mar/2025:08:16:47 -0400] "GET /page/3/ HTTP/1.1" 200 0 "-" "Mozilla/5.0 (compatible; AhrefsBot/7.0; +http://ahrefs.com/robot/)"
198.54.114.83 - - [30/Mar/2025:08:16:49 -0400] "POST /wp-admin/admin-ajax.php?action=async_litespeed&nonce=i6v67dctptOb4CeKPKS03zIdicjvKmYU&litespeed_type=imgoptm HTTP/1.1" 200 5 "-" "WordPress/6.7.2; https://bakingsecurityin.com"
198.54.114.83 - - [30/Mar/2025:08:18:22 -0400] "POST /wp-cron.php?doing_wp_cron=1743337102.3619320392608642578125 HTTP/1.1" 200 0 "-" "WordPress/6.7.2; https://bakingsecurityin.com"
51.222.253.10 - - [30/Mar/2025:08:18:20 -0400] "GET /creative-solutions-for-small-bathroom-renovations/feed/ HTTP/1.1" 200 415 "-" "Mozilla/5.0 (compatible; AhrefsBot/7.0; +http://ahrefs.com/robot/)"
198.54.114.83 - - [30/Mar/2025:08:18:23 -0400] "POST /wp-admin/admin-ajax.php?action=async_litespeed&nonce=Pza3mvDw9MnKbaNofdQJdjQLqsqv8PCI&litespeed_type=imgoptm HTTP/1.1" 200 5 "-" "WordPress/6.7.2; https://bakingsecurityin.com"
198.54.114.83 - - [30/Mar/2025:08:18:59 -0400] "POST /wp-admin/admin-ajax.php?action=async_litespeed&nonce=lreJVNDTBX429G0pOIYc0f4gSNBP45I0&litespeed_type=imgoptm HTTP/1.1" 200 5 "-" "WordPress/6.7.2; https://bakingsecurityin.com"
114.168.236.183 - - [30/Mar/2025:08:19:05 -0400] "GET /wp-login.php HTTP/1.1" 200 1738 "-" "Mozilla/5.0 (Windows NT 10.0; Win64; x64; rv:95.0) Gecko/20100101 Firefox/95.0"
198.54.114.83 - - [30/Mar/2025:08:19:47 -0400] "POST /wp-cron.php?doing_wp_cron=1743337187.2774639129638671875000 HTTP/1.1" 200 0 "-" "WordPress/6.7.2; https://bakingsecurityin.com"
136.243.228.193 - - [30/Mar/2025:08:19:47 -0400] "GET /money-management-for-sports-betting-success-a-fundamental-strategy-to-grind-out-long-term-profits/ HTTP/1.1" 200 0 "-" "Mozilla/5.0 (compatible; DataForSeoBot/1.0; +https://dataforseo.com/dataforseo-bot)"
198.54.114.83 - - [30/Mar/2025:08:19:47 -0400] "POST /wp-admin/admin-ajax.php?action=async_litespeed&nonce=89NMqGxfgYrIXwFltwyuUr6lC2fkYiMj&litespeed_type=imgoptm HTTP/1.1" 200 5 "-" "WordPress/6.7.2; https://bakingsecurityin.com"
51.222.253.13 - - [30/Mar/2025:08:19:55 -0400] "GET /wie-man-ein-japanisches-katana-herstellt/feed/ HTTP/1.1" 200 407 "-" "Mozilla/5.0 (compatible; AhrefsBot/7.0; +http://ahrefs.com/robot/)"
35.76.51.87 - - [30/Mar/2025:08:19:59 -0400] "GET /robots.txt HTTP/1.1" 200 98 "-" "Mozilla/5.0 (Macintosh; Intel Mac OS X 10_15_7) AppleWebKit/537.36 (KHTML, like Gecko) Chrome/131.0.0.0 Safari//537.36"
35.76.51.87 - - [30/Mar/2025:08:20:00 -0400] "GET / HTTP/1.1" 200 0 "-" "Mozilla/5.0 (Macintosh; Intel Mac OS X 10_15_7) AppleWebKit/537.36 (KHTML, like Gecko) Chrome/131.0.0.0 Safari//537.36"
198.54.114.83 - - [30/Mar/2025:08:21:15 -0400] "POST /wp-cron.php?doing_wp_cron=1743337275.7299079895019531250000 HTTP/1.1" 200 0 "-" "WordPress/6.7.2; https://bakingsecurityin.com"
52.203.65.83 - - [30/Mar/2025:08:21:15 -0400] "GET /fishing-pickup-lines HTTP/1.1" 404 0 "-" "Mozilla/5.0 AppleWebKit/537.36 (KHTML, like Gecko; compatible; Amazonbot/0.1; +https://developer.amazon.com/support/amazonbot) Chrome/119.0.6045.214 Safari/537.36"
198.54.114.83 - - [30/Mar/2025:08:21:16 -0400] "POST /wp-admin/admin-ajax.php?action=async_litespeed&nonce=WwQNsTdIjvNIyGAG7zHlfYM7fLjn2EYP&litespeed_type=imgoptm HTTP/1.1" 200 5 "-" "WordPress/6.7.2; https://bakingsecurityin.com"
198.54.114.83 - - [30/Mar/2025:08:21:35 -0400] "POST /wp-cron.php?doing_wp_cron=1743337295.8248779773712158203125 HTTP/1.1" 200 0 "-" "WordPress/6.7.2; https://bakingsecurityin.com"
51.222.253.20 - - [30/Mar/2025:08:21:35 -0400] "GET /how-to-choose-the-best-cbd-products-uk/ HTTP/1.1" 200 0 "-" "Mozilla/5.0 (compatible; AhrefsBot/7.0; +http://ahrefs.com/robot/)"
198.54.114.83 - - [30/Mar/2025:08:21:36 -0400] "POST /wp-admin/admin-ajax.php?action=async_litespeed&nonce=BysnOJ8PTD69kcA1RGQqWoQjt9bFEElR&litespeed_type=imgoptm HTTP/1.1" 200 5 "-" "WordPress/6.7.2; https://bakingsecurityin.com"
198.54.114.83 - - [30/Mar/2025:08:23:27 -0400] "POST /wp-cron.php?doing_wp_cron=1743337407.3206288814544677734375 HTTP/1.1" 200 0 "-" "WordPress/6.7.2; https://bakingsecurityin.com"
152.42.209.58 - - [30/Mar/2025:08:23:27 -0400] "GET /wp-login.php HTTP/1.1" 200 1738 "-" "Mozilla/5.0 (Linux; Android 12; Redmi Note 9 Pro Build/SKQ1.211019.001; wv) AppleWebKit/537.36 (KHTML, like Gecko) Version/4.0 Chrome/126.0.6478.71 Mobile Safari/537.36"
198.54.114.83 - - [30/Mar/2025:08:23:27 -0400] "POST /wp-admin/admin-ajax.php?action=async_litespeed&nonce=0vHnHLqmK26DbmEKi7DCE1ICuW8GDowv&litespeed_type=imgoptm HTTP/1.1" 200 5 "-" "WordPress/6.7.2; https://bakingsecurityin.com"
51.222.253.17 - - [30/Mar/2025:08:23:24 -0400] "GET /betting-shops-in-the-uk/feed/ HTTP/1.1" 200 391 "-" "Mozilla/5.0 (compatible; AhrefsBot/7.0; +http://ahrefs.com/robot/)"
198.54.114.83 - - [30/Mar/2025:08:25:11 -0400] "POST /wp-cron.php?doing_wp_cron=1743337510.6119339466094970703125 HTTP/1.1" 200 0 "-" "WordPress/6.7.2; https://bakingsecurityin.com"
51.222.253.18 - - [30/Mar/2025:08:25:08 -0400] "GET /online-casino-gamble/feed/ HTTP/1.1" 200 381 "-" "Mozilla/5.0 (compatible; AhrefsBot/7.0; +http://ahrefs.com/robot/)"
198.54.114.83 - - [30/Mar/2025:08:25:11 -0400] "POST /wp-admin/admin-ajax.php?action=async_litespeed&nonce=XC0IQnUpKTTTJp8rcnx29DyZn2q0Fr0o&litespeed_type=imgoptm HTTP/1.1" 200 5 "-" "WordPress/6.7.2; https://bakingsecurityin.com"
51.222.253.4 - - [30/Mar/2025:08:26:56 -0400] "GET /page/62/ HTTP/1.1" 200 0 "-" "Mozilla/5.0 (compatible; AhrefsBot/7.0; +http://ahrefs.com/robot/)"
198.54.114.83 - - [30/Mar/2025:08:27:00 -0400] "POST /wp-cron.php?doing_wp_cron=1743337618.9259300231933593750000 HTTP/1.1" 200 0 "-" "WordPress/6.7.2; https://bakingsecurityin.com"
198.54.114.83 - - [30/Mar/2025:08:27:01 -0400] "POST /wp-admin/admin-ajax.php?action=async_litespeed&nonce=V8UsROsDhfujT3vaTT4scdoxjdlvyUyv&litespeed_type=imgoptm HTTP/1.1" 200 5 "-" "WordPress/6.7.2; https://bakingsecurityin.com"
198.54.114.83 - - [30/Mar/2025:08:28:37 -0400] "POST /wp-cron.php?doing_wp_cron=1743337717.0341110229492187500000 HTTP/1.1" 200 0 "-" "WordPress/6.7.2; https://bakingsecurityin.com"
51.222.253.8 - - [30/Mar/2025:08:28:36 -0400] "GET /understanding-tax-obligations-across-borders/ HTTP/1.1" 200 0 "-" "Mozilla/5.0 (compatible; AhrefsBot/7.0; +http://ahrefs.com/robot/)"
198.54.114.83 - - [30/Mar/2025:08:28:37 -0400] "POST /wp-admin/admin-ajax.php?action=async_litespeed&nonce=eVTucfxYHRmqpliRQ0L6t26CiVsVIiDw&litespeed_type=imgoptm HTTP/1.1" 200 5 "-" "WordPress/6.7.2; https://bakingsecurityin.com"
198.54.114.83 - - [30/Mar/2025:08:30:35 -0400] "POST /wp-cron.php?doing_wp_cron=1743337835.1721360683441162109375 HTTP/1.1" 200 0 "-" "WordPress/6.7.2; https://bakingsecurityin.com"
51.222.253.9 - - [30/Mar/2025:08:30:33 -0400] "GET /page/98/ HTTP/1.1" 200 0 "-" "Mozilla/5.0 (compatible; AhrefsBot/7.0; +http://ahrefs.com/robot/)"
198.54.114.83 - - [30/Mar/2025:08:30:35 -0400] "POST /wp-admin/admin-ajax.php?action=async_litespeed&nonce=G7dpCeD5dLIObjGvzGrGxWNfRQ644pkv&litespeed_type=imgoptm HTTP/1.1" 200 5 "-" "WordPress/6.7.2; https://bakingsecurityin.com"
198.54.114.83 - - [30/Mar/2025:08:32:19 -0400] "POST /wp-cron.php?doing_wp_cron=1743337939.1681358814239501953125 HTTP/1.1" 200 0 "-" "WordPress/6.7.2; https://bakingsecurityin.com"
51.222.253.18 - - [30/Mar/2025:08:32:16 -0400] "GET /haushaltsauflosung-in-luneburg-ihr-zuverlassiger-partner/feed/ HTTP/1.1" 200 447 "-" "Mozilla/5.0 (compatible; AhrefsBot/7.0; +http://ahrefs.com/robot/)"
198.54.114.83 - - [30/Mar/2025:08:32:20 -0400] "POST /wp-admin/admin-ajax.php?action=async_litespeed&nonce=Kpw0zNWv4IVOROHqEniKeFOKP3kdWvlw&litespeed_type=imgoptm HTTP/1.1" 200 0 "-" "WordPress/6.7.2; https://bakingsecurityin.com"
195.191.219.131 - - [30/Mar/2025:08:33:44 -0400] "GET /robots.txt HTTP/1.1" 200 98 "-" "Mozilla/5.0 (compatible; MJ12bot/v2.0.0; http://mj12bot.com/)"
195.191.219.131 - - [30/Mar/2025:08:33:45 -0400] "GET /the-transformative-power-of-security-cameras/ HTTP/1.1" 301 0 "-" "Mozilla/5.0 (compatible; MJ12bot/v2.0.0; http://mj12bot.com/)"
195.191.219.131 - - [30/Mar/2025:08:33:46 -0400] "GET /die-transformative-kraft-von-uberwachungskameras/ HTTP/1.1" 200 0 "-" "Mozilla/5.0 (compatible; MJ12bot/v2.0.0; http://mj12bot.com/)"
198.54.114.83 - - [30/Mar/2025:08:33:46 -0400] "POST /wp-admin/admin-ajax.php?action=async_litespeed&nonce=SsyzrjzcS8aWcdkmaOtsPv8PM2BqsZIK&litespeed_type=imgoptm HTTP/1.1" 200 5 "-" "WordPress/6.7.2; https://bakingsecurityin.com"
