198.54.114.83 - - [30/Mar/2025:16:07:35 -0400] "POST /wp-admin/admin-ajax.php?action=async_litespeed&nonce=HRzITk7i6pfiOXUziKOyyVZRApnHGpG2&litespeed_type=imgoptm HTTP/1.1" 200 5 "-" "WordPress/6.7.2; https://bakingsecurityin.com"
198.54.114.83 - - [30/Mar/2025:16:08:40 -0400] "POST /wp-admin/admin-ajax.php?action=async_litespeed&nonce=aegMAYUWA4baZsh7D8RDLZafrqqBTZX7&litespeed_type=imgoptm HTTP/1.1" 200 5 "-" "WordPress/6.7.2; https://bakingsecurityin.com"
51.222.253.8 - - [30/Mar/2025:16:09:10 -0400] "GET /rolling-out-little-improvements-to-your-cross-fasten-example-or-cross-line-pack-for-a-major-contrast/ HTTP/1.1" 200 0 "-" "Mozilla/5.0 (compatible; AhrefsBot/7.0; +http://ahrefs.com/robot/)"
198.54.114.83 - - [30/Mar/2025:16:10:57 -0400] "POST /wp-cron.php?doing_wp_cron=1743365456.4686579704284667968750 HTTP/1.1" 200 0 "-" "WordPress/6.7.2; https://bakingsecurityin.com"
51.222.253.14 - - [30/Mar/2025:16:10:54 -0400] "GET /gitarre-lernen-fur-anfanger/feed/ HTTP/1.1" 200 401 "-" "Mozilla/5.0 (compatible; AhrefsBot/7.0; +http://ahrefs.com/robot/)"
198.54.114.83 - - [30/Mar/2025:16:10:58 -0400] "POST /wp-admin/admin-ajax.php?action=async_litespeed&nonce=nuVRkI4GXcrRHuYqDHcaN5laP0SlvwqA&litespeed_type=imgoptm HTTP/1.1" 200 0 "-" "WordPress/6.7.2; https://bakingsecurityin.com"
198.54.114.83 - - [30/Mar/2025:16:12:10 -0400] "POST /wp-admin/admin-ajax.php?action=async_litespeed&nonce=L94dSaNzJuhI5vUg8gtliNLV9It05cjB&litespeed_type=imgoptm HTTP/1.1" 200 5 "-" "WordPress/6.7.2; https://bakingsecurityin.com"
198.54.114.83 - - [30/Mar/2025:16:12:37 -0400] "POST /wp-cron.php?doing_wp_cron=1743365557.0364239215850830078125 HTTP/1.1" 200 0 "-" "WordPress/6.7.2; https://bakingsecurityin.com"
51.222.253.14 - - [30/Mar/2025:16:12:36 -0400] "GET /unveiling-the-science-behind-bodybuilding-supplements/ HTTP/1.1" 200 0 "-" "Mozilla/5.0 (compatible; AhrefsBot/7.0; +http://ahrefs.com/robot/)"
198.54.114.83 - - [30/Mar/2025:16:12:38 -0400] "POST /wp-admin/admin-ajax.php?action=async_litespeed&nonce=V9rAo1J0fLbOEZfFipfe4YCmUCbiGtFt&litespeed_type=imgoptm HTTP/1.1" 200 5 "-" "WordPress/6.7.2; https://bakingsecurityin.com"
198.54.114.83 - - [30/Mar/2025:16:14:21 -0400] "POST /wp-cron.php?doing_wp_cron=1743365660.4935090541839599609375 HTTP/1.1" 200 0 "-" "WordPress/6.7.2; https://bakingsecurityin.com"
51.222.253.15 - - [30/Mar/2025:16:14:17 -0400] "GET /consejos-para-mantener-su-brillo/feed/ HTTP/1.1" 200 395 "-" "Mozilla/5.0 (compatible; AhrefsBot/7.0; +http://ahrefs.com/robot/)"
198.54.114.83 - - [30/Mar/2025:16:14:22 -0400] "POST /wp-admin/admin-ajax.php?action=async_litespeed&nonce=UVrh0VzKxNvqpk6Ka8Hp34gk47jRAML9&litespeed_type=imgoptm HTTP/1.1" 200 0 "-" "WordPress/6.7.2; https://bakingsecurityin.com"
198.54.114.83 - - [30/Mar/2025:16:16:01 -0400] "POST /wp-cron.php?doing_wp_cron=1743365760.9146499633789062500000 HTTP/1.1" 200 0 "-" "WordPress/6.7.2; https://bakingsecurityin.com"
51.222.253.2 - - [30/Mar/2025:16:15:58 -0400] "GET /the-magic-of-animated-wedding-invitations/ HTTP/1.1" 200 0 "-" "Mozilla/5.0 (compatible; AhrefsBot/7.0; +http://ahrefs.com/robot/)"
198.54.114.83 - - [30/Mar/2025:16:16:01 -0400] "POST /wp-admin/admin-ajax.php?action=async_litespeed&nonce=xwhFxWGoz3St2W0UttI8S0rWhXmDwHog&litespeed_type=imgoptm HTTP/1.1" 200 5 "-" "WordPress/6.7.2; https://bakingsecurityin.com"
198.54.114.83 - - [30/Mar/2025:16:17:52 -0400] "POST /wp-cron.php?doing_wp_cron=1743365871.6862869262695312500000 HTTP/1.1" 200 0 "-" "WordPress/6.7.2; https://bakingsecurityin.com"
51.222.253.12 - - [30/Mar/2025:16:17:50 -0400] "GET /une-evasion-detoxifiante/ HTTP/1.1" 200 0 "-" "Mozilla/5.0 (compatible; AhrefsBot/7.0; +http://ahrefs.com/robot/)"
198.54.114.83 - - [30/Mar/2025:16:17:52 -0400] "POST /wp-admin/admin-ajax.php?action=async_litespeed&nonce=8DCmTTsfd6jv3bX1BkDjSprk6bUywSPB&litespeed_type=imgoptm HTTP/1.1" 200 0 "-" "WordPress/6.7.2; https://bakingsecurityin.com"
85.208.98.24 - - [30/Mar/2025:16:18:25 -0400] "GET /finding-kratom-near-me/ HTTP/1.1" 200 0 "-" "Mozilla/5.0 (compatible; SemrushBot-BA; +http://www.semrush.com/bot.html)"
198.54.114.83 - - [30/Mar/2025:16:18:39 -0400] "POST /wp-cron.php?doing_wp_cron=1743365919.7817289829254150390625 HTTP/1.1" 200 0 "-" "WordPress/6.7.2; https://bakingsecurityin.com"
85.208.98.24 - - [30/Mar/2025:16:18:39 -0400] "GET /how-to-use-kratom/ HTTP/1.1" 200 0 "-" "Mozilla/5.0 (compatible; SemrushBot-BA; +http://www.semrush.com/bot.html)"
198.54.114.83 - - [30/Mar/2025:16:18:40 -0400] "POST /wp-admin/admin-ajax.php?action=async_litespeed&nonce=BKVQtyk2erg3gso6woc5OMollLvOrT0O&litespeed_type=imgoptm HTTP/1.1" 200 5 "-" "WordPress/6.7.2; https://bakingsecurityin.com"
198.54.114.83 - - [30/Mar/2025:16:19:34 -0400] "POST /wp-cron.php?doing_wp_cron=1743365974.0339810848236083984375 HTTP/1.1" 200 0 "-" "WordPress/6.7.2; https://bakingsecurityin.com"
51.222.253.16 - - [30/Mar/2025:16:19:33 -0400] "GET /can-fenben-for-humans-cure-cancer/ HTTP/1.1" 200 0 "-" "Mozilla/5.0 (compatible; AhrefsBot/7.0; +http://ahrefs.com/robot/)"
198.54.114.83 - - [30/Mar/2025:16:19:34 -0400] "POST /wp-admin/admin-ajax.php?action=async_litespeed&nonce=ieDZ3XCI1d2n6F9YeJ7RqiAlBd6vRgPG&litespeed_type=imgoptm HTTP/1.1" 200 5 "-" "WordPress/6.7.2; https://bakingsecurityin.com"
198.54.114.83 - - [30/Mar/2025:16:21:23 -0400] "POST /wp-cron.php?doing_wp_cron=1743366083.8505609035491943359375 HTTP/1.1" 200 0 "-" "WordPress/6.7.2; https://bakingsecurityin.com"
51.222.253.12 - - [30/Mar/2025:16:21:22 -0400] "GET /what-is-a-bitcoin-tumbler-and-how-does-it-work/feed/ HTTP/1.1" 200 425 "-" "Mozilla/5.0 (compatible; AhrefsBot/7.0; +http://ahrefs.com/robot/)"
198.54.114.83 - - [30/Mar/2025:16:21:24 -0400] "POST /wp-admin/admin-ajax.php?action=async_litespeed&nonce=LDA8z72MQc9dCj04rnYqr2k3anzwj6Nr&litespeed_type=imgoptm HTTP/1.1" 200 5 "-" "WordPress/6.7.2; https://bakingsecurityin.com"
198.54.114.83 - - [30/Mar/2025:16:23:06 -0400] "POST /wp-cron.php?doing_wp_cron=1743366185.9136810302734375000000 HTTP/1.1" 200 0 "-" "WordPress/6.7.2; https://bakingsecurityin.com"
51.222.253.1 - - [30/Mar/2025:16:23:04 -0400] "GET /page/36/ HTTP/1.1" 200 0 "-" "Mozilla/5.0 (compatible; AhrefsBot/7.0; +http://ahrefs.com/robot/)"
198.54.114.83 - - [30/Mar/2025:16:23:06 -0400] "POST /wp-admin/admin-ajax.php?action=async_litespeed&nonce=jNMsgKN5Amum785PixRodMV5e3pbcizY&litespeed_type=imgoptm HTTP/1.1" 200 5 "-" "WordPress/6.7.2; https://bakingsecurityin.com"
198.54.114.83 - - [30/Mar/2025:16:24:38 -0400] "POST /wp-cron.php?doing_wp_cron=1743366278.7924270629882812500000 HTTP/1.1" 200 0 "-" "WordPress/6.7.2; https://bakingsecurityin.com"
51.222.253.3 - - [30/Mar/2025:16:24:37 -0400] "GET /the-benefits-of-peptide-capsules/ HTTP/1.1" 200 0 "-" "Mozilla/5.0 (compatible; AhrefsBot/7.0; +http://ahrefs.com/robot/)"
198.54.114.83 - - [30/Mar/2025:16:24:39 -0400] "POST /wp-admin/admin-ajax.php?action=async_litespeed&nonce=RzkWl5wCw9A5prWE2mXQAQmoCpnxXKYK&litespeed_type=imgoptm HTTP/1.1" 200 5 "-" "WordPress/6.7.2; https://bakingsecurityin.com"
191.102.163.51 - - [30/Mar/2025:16:25:16 -0400] "GET /the-omnivoid-xr/ HTTP/1.1" 200 0 "-" "Mozilla/5.0 (Windows NT 10.0; WOW64) AppleWebKit/537.36 (KHTML, like Gecko) Chrome/114.0.0.0 YaBrowser/22.7.0 Yowser/2.5 Safari/537.36"
51.222.253.9 - - [30/Mar/2025:16:26:12 -0400] "GET /category/how-to/ HTTP/1.1" 200 0 "-" "Mozilla/5.0 (compatible; AhrefsBot/7.0; +http://ahrefs.com/robot/)"
198.54.114.83 - - [30/Mar/2025:16:27:53 -0400] "POST /wp-cron.php?doing_wp_cron=1743366473.7544939517974853515625 HTTP/1.1" 200 0 "-" "WordPress/6.7.2; https://bakingsecurityin.com"
51.222.253.13 - - [30/Mar/2025:16:27:52 -0400] "GET /respite-care-a-must-for-care-givers/feed/ HTTP/1.1" 200 411 "-" "Mozilla/5.0 (compatible; AhrefsBot/7.0; +http://ahrefs.com/robot/)"
198.54.114.83 - - [30/Mar/2025:16:27:54 -0400] "POST /wp-admin/admin-ajax.php?action=async_litespeed&nonce=0GGO7QQwMP8rqq6y1g6mQXv0XaH16HXd&litespeed_type=imgoptm HTTP/1.1" 200 5 "-" "WordPress/6.7.2; https://bakingsecurityin.com"
198.54.114.83 - - [30/Mar/2025:16:29:27 -0400] "POST /wp-cron.php?doing_wp_cron=1743366567.0449419021606445312500 HTTP/1.1" 200 0 "-" "WordPress/6.7.2; https://bakingsecurityin.com"
51.222.253.14 - - [30/Mar/2025:16:29:25 -0400] "GET /a-journey-into-skincare/feed/ HTTP/1.1" 200 385 "-" "Mozilla/5.0 (compatible; AhrefsBot/7.0; +http://ahrefs.com/robot/)"
198.54.114.83 - - [30/Mar/2025:16:29:27 -0400] "POST /wp-admin/admin-ajax.php?action=async_litespeed&nonce=gHA24MXPS40goz0tUTgjd25yodej4sYt&litespeed_type=imgoptm HTTP/1.1" 200 5 "-" "WordPress/6.7.2; https://bakingsecurityin.com"
198.54.114.83 - - [30/Mar/2025:16:31:05 -0400] "POST /wp-cron.php?doing_wp_cron=1743366665.4405770301818847656250 HTTP/1.1" 200 0 "-" "WordPress/6.7.2; https://bakingsecurityin.com"
51.222.253.18 - - [30/Mar/2025:16:31:04 -0400] "GET /the-rise-of-omnivoid-xr/feed/ HTTP/1.1" 200 395 "-" "Mozilla/5.0 (compatible; AhrefsBot/7.0; +http://ahrefs.com/robot/)"
198.54.114.83 - - [30/Mar/2025:16:31:06 -0400] "POST /wp-admin/admin-ajax.php?action=async_litespeed&nonce=iU9kWdVK1nWHUl0l7aZ2uhigzmR56TMN&litespeed_type=imgoptm HTTP/1.1" 200 5 "-" "WordPress/6.7.2; https://bakingsecurityin.com"
198.54.114.83 - - [30/Mar/2025:16:32:43 -0400] "POST /wp-cron.php?doing_wp_cron=1743366763.3271698951721191406250 HTTP/1.1" 200 0 "-" "WordPress/6.7.2; https://bakingsecurityin.com"
51.222.253.1 - - [30/Mar/2025:16:32:42 -0400] "GET /a-luxurious-haven-of-modern-living/feed/ HTTP/1.1" 200 403 "-" "Mozilla/5.0 (compatible; AhrefsBot/7.0; +http://ahrefs.com/robot/)"
198.54.114.83 - - [30/Mar/2025:16:32:43 -0400] "POST /wp-admin/admin-ajax.php?action=async_litespeed&nonce=HwIBQ72iFpboKcXoLkcRgG5Wj3jRdVeS&litespeed_type=imgoptm HTTP/1.1" 200 5 "-" "WordPress/6.7.2; https://bakingsecurityin.com"
198.54.114.83 - - [30/Mar/2025:16:34:22 -0400] "POST /wp-cron.php?doing_wp_cron=1743366862.0971119403839111328125 HTTP/1.1" 200 0 "-" "WordPress/6.7.2; https://bakingsecurityin.com"
51.222.253.4 - - [30/Mar/2025:16:34:20 -0400] "GET /a-glimpse-of-elegance/ HTTP/1.1" 200 0 "-" "Mozilla/5.0 (compatible; AhrefsBot/7.0; +http://ahrefs.com/robot/)"
198.54.114.83 - - [30/Mar/2025:16:34:22 -0400] "POST /wp-admin/admin-ajax.php?action=async_litespeed&nonce=yM5zNKUl52RPKku0vKQslVJLzXG2qJDI&litespeed_type=imgoptm HTTP/1.1" 200 5 "-" "WordPress/6.7.2; https://bakingsecurityin.com"
112.92.70.120 - - [30/Mar/2025:16:35:28 -0400] "GET /how-to-style-street-wear-for-men/ HTTP/1.1" 200 0 "-" "Mozilla/5.0 (X11; Fedora; Linux x86_64; rv:114.0) Gecko/20100101 Firefox/114.0"
198.54.114.83 - - [30/Mar/2025:16:35:54 -0400] "POST /wp-cron.php?doing_wp_cron=1743366954.4225349426269531250000 HTTP/1.1" 200 0 "-" "WordPress/6.7.2; https://bakingsecurityin.com"
51.222.253.11 - - [30/Mar/2025:16:35:53 -0400] "GET /how-to-make-a-community-post-on-youtube/ HTTP/1.1" 200 0 "-" "Mozilla/5.0 (compatible; AhrefsBot/7.0; +http://ahrefs.com/robot/)"
198.54.114.83 - - [30/Mar/2025:16:35:54 -0400] "POST /wp-admin/admin-ajax.php?action=async_litespeed&nonce=EQB4pMwCyAkTFpJzVM0taQynBQlxnJwj&litespeed_type=imgoptm HTTP/1.1" 200 5 "-" "WordPress/6.7.2; https://bakingsecurityin.com"
198.54.114.83 - - [30/Mar/2025:16:37:35 -0400] "POST /wp-cron.php?doing_wp_cron=1743367055.6675019264221191406250 HTTP/1.1" 200 0 "-" "WordPress/6.7.2; https://bakingsecurityin.com"
51.222.253.4 - - [30/Mar/2025:16:37:34 -0400] "GET /yacht-rental-cancun-the-perfect-way-to-celebrate-a-special-occasion/ HTTP/1.1" 200 0 "-" "Mozilla/5.0 (compatible; AhrefsBot/7.0; +http://ahrefs.com/robot/)"
198.54.114.83 - - [30/Mar/2025:16:37:36 -0400] "POST /wp-admin/admin-ajax.php?action=async_litespeed&nonce=iCRSs86GDWAMH1ys59EUPAckgPU5WzL0&litespeed_type=imgoptm HTTP/1.1" 200 5 "-" "WordPress/6.7.2; https://bakingsecurityin.com"
51.222.253.10 - - [30/Mar/2025:16:39:10 -0400] "GET /top-rated-maid-service-in-phoenix/ HTTP/1.1" 200 0 "-" "Mozilla/5.0 (compatible; AhrefsBot/7.0; +http://ahrefs.com/robot/)"
198.54.114.83 - - [30/Mar/2025:16:40:59 -0400] "POST /wp-cron.php?doing_wp_cron=1743367258.9711689949035644531250 HTTP/1.1" 200 0 "-" "WordPress/6.7.2; https://bakingsecurityin.com"
51.222.253.18 - - [30/Mar/2025:16:40:57 -0400] "GET /sex-addiction-therapy/ HTTP/1.1" 200 0 "-" "Mozilla/5.0 (compatible; AhrefsBot/7.0; +http://ahrefs.com/robot/)"
198.54.114.83 - - [30/Mar/2025:16:40:59 -0400] "POST /wp-admin/admin-ajax.php?action=async_litespeed&nonce=pn4UHn08qcXB4lqf8x72AbgEdJVXUyUl&litespeed_type=imgoptm HTTP/1.1" 200 5 "-" "WordPress/6.7.2; https://bakingsecurityin.com"
198.54.114.83 - - [30/Mar/2025:16:42:39 -0400] "POST /wp-cron.php?doing_wp_cron=1743367359.7619099617004394531250 HTTP/1.1" 200 0 "-" "WordPress/6.7.2; https://bakingsecurityin.com"
51.222.253.2 - - [30/Mar/2025:16:42:38 -0400] "GET /discovering-unblocked-games-6x-a-gateway-to-fun/feed/ HTTP/1.1" 200 420 "-" "Mozilla/5.0 (compatible; AhrefsBot/7.0; +http://ahrefs.com/robot/)"
198.54.114.83 - - [30/Mar/2025:16:42:40 -0400] "POST /wp-admin/admin-ajax.php?action=async_litespeed&nonce=KyyE01BitIR02LyEF9I1mRJmmanXxVq1&litespeed_type=imgoptm HTTP/1.1" 200 5 "-" "WordPress/6.7.2; https://bakingsecurityin.com"
198.54.114.83 - - [30/Mar/2025:16:44:16 -0400] "POST /wp-cron.php?doing_wp_cron=1743367456.5179450511932373046875 HTTP/1.1" 200 0 "-" "WordPress/6.7.2; https://bakingsecurityin.com"
51.222.253.6 - - [30/Mar/2025:16:44:14 -0400] "GET /best-place-to-buy-youtube-comments/ HTTP/1.1" 200 0 "-" "Mozilla/5.0 (compatible; AhrefsBot/7.0; +http://ahrefs.com/robot/)"
198.54.114.83 - - [30/Mar/2025:16:44:17 -0400] "POST /wp-admin/admin-ajax.php?action=async_litespeed&nonce=LqMckKFjZyQiPg6Zsavgli5K8mh2csVb&litespeed_type=imgoptm HTTP/1.1" 200 5 "-" "WordPress/6.7.2; https://bakingsecurityin.com"
198.54.114.83 - - [30/Mar/2025:16:44:32 -0400] "POST /wp-cron.php?doing_wp_cron=1743367472.4085431098937988281250 HTTP/1.1" 200 0 "-" "WordPress/6.7.2; https://bakingsecurityin.com"
35.91.182.135 - - [30/Mar/2025:16:44:32 -0400] "GET / HTTP/1.1" 200 0 "-" "Mozilla/5.0 (X11; Linux x86_64) AppleWebKit/537.36 (KHTML, like Gecko) Chrome/134.0.0.0 Safari/537.36"
35.91.182.135 - - [30/Mar/2025:16:44:32 -0400] "GET /favicon.ico HTTP/1.1" 404 1251 "https://bakingsecurityin.com/" "Mozilla/5.0 (X11; Linux x86_64) AppleWebKit/537.36 (KHTML, like Gecko) Chrome/134.0.0.0 Safari/537.36"
198.54.114.83 - - [30/Mar/2025:16:44:32 -0400] "POST /wp-admin/admin-ajax.php?action=async_litespeed&nonce=LhvX89NcEDhm41BuOyA7ccsOZAxm3xP2&litespeed_type=imgoptm HTTP/1.1" 200 5 "-" "WordPress/6.7.2; https://bakingsecurityin.com"
62.113.113.106 - - [30/Mar/2025:16:45:30 -0400] "GET /a-journey-into-skincare/ HTTP/1.1" 200 0 "https://bakingsecurityin.com/a-journey-into-skincare/" "Mozilla/5.0 (Windows NT 10.0; Win64; x64) AppleWebKit/537.36 (KHTML, like Gecko) Chrome/131.0.0.0 Safari/537.36"
62.113.113.106 - - [30/Mar/2025:16:45:31 -0400] "GET / HTTP/1.1" 200 0 "https://bakingsecurityin.com/" "Mozilla/5.0 (Windows NT 10.0; Win64; x64) AppleWebKit/537.36 (KHTML, like Gecko) Chrome/131.0.0.0 Safari/537.36"
198.54.114.83 - - [30/Mar/2025:16:45:55 -0400] "POST /wp-cron.php?doing_wp_cron=1743367555.3025839328765869140625 HTTP/1.1" 200 0 "-" "WordPress/6.7.2; https://bakingsecurityin.com"
51.222.253.10 - - [30/Mar/2025:16:45:55 -0400] "GET /mastering-basic-life-support-with-the-american-heart-association/feed/ HTTP/1.1" 200 430 "-" "Mozilla/5.0 (compatible; AhrefsBot/7.0; +http://ahrefs.com/robot/)"
198.54.114.83 - - [30/Mar/2025:16:45:55 -0400] "POST /wp-admin/admin-ajax.php?action=async_litespeed&nonce=NjZZ8rnhp9v63TERt9XouPCeGNXtvbkQ&litespeed_type=imgoptm HTTP/1.1" 200 5 "-" "WordPress/6.7.2; https://bakingsecurityin.com"
198.54.114.83 - - [30/Mar/2025:16:47:44 -0400] "POST /wp-cron.php?doing_wp_cron=1743367664.2946460247039794921875 HTTP/1.1" 200 0 "-" "WordPress/6.7.2; https://bakingsecurityin.com"
51.222.253.8 - - [30/Mar/2025:16:47:41 -0400] "GET /comment-une-startup-peut-elle-embaucher-la-meilleure-societe-de-developpement-dapplications-android/feed/ HTTP/1.1" 200 479 "-" "Mozilla/5.0 (compatible; AhrefsBot/7.0; +http://ahrefs.com/robot/)"
198.54.114.83 - - [30/Mar/2025:16:47:44 -0400] "POST /wp-admin/admin-ajax.php?action=async_litespeed&nonce=IAasJNucIm18DhGfOp2RhO3fRFlsoKrg&litespeed_type=imgoptm HTTP/1.1" 200 5 "-" "WordPress/6.7.2; https://bakingsecurityin.com"
198.54.114.83 - - [30/Mar/2025:16:49:30 -0400] "POST /wp-cron.php?doing_wp_cron=1743367770.5535080432891845703125 HTTP/1.1" 200 0 "-" "WordPress/6.7.2; https://bakingsecurityin.com"
51.222.253.3 - - [30/Mar/2025:16:49:29 -0400] "GET /a-hunters-essential-companion/feed/ HTTP/1.1" 200 397 "-" "Mozilla/5.0 (compatible; AhrefsBot/7.0; +http://ahrefs.com/robot/)"
198.54.114.83 - - [30/Mar/2025:16:49:31 -0400] "POST /wp-admin/admin-ajax.php?action=async_litespeed&nonce=UOeAiLXR7JJ5KV820Dg3wKnohNbQV42L&litespeed_type=imgoptm HTTP/1.1" 200 5 "-" "WordPress/6.7.2; https://bakingsecurityin.com"
198.54.114.83 - - [30/Mar/2025:16:50:56 -0400] "POST /wp-admin/admin-ajax.php?action=async_litespeed&nonce=SlnV9wVMLtn2lv0tXbIDShoXjFjdK7g4&litespeed_type=imgoptm HTTP/1.1" 200 5 "-" "WordPress/6.7.2; https://bakingsecurityin.com"
51.222.253.19 - - [30/Mar/2025:16:51:11 -0400] "GET /luxe-living-unveiling-the-emerald-of-katong-condo/feed/ HTTP/1.1" 200 427 "-" "Mozilla/5.0 (compatible; AhrefsBot/7.0; +http://ahrefs.com/robot/)"
198.54.114.83 - - [30/Mar/2025:16:52:57 -0400] "POST /wp-cron.php?doing_wp_cron=1743367977.2410678863525390625000 HTTP/1.1" 200 0 "-" "WordPress/6.7.2; https://bakingsecurityin.com"
51.222.253.20 - - [30/Mar/2025:16:52:56 -0400] "GET /exploring-the-multicanais-phenomenon/feed/ HTTP/1.1" 200 397 "-" "Mozilla/5.0 (compatible; AhrefsBot/7.0; +http://ahrefs.com/robot/)"
198.54.114.83 - - [30/Mar/2025:16:52:57 -0400] "POST /wp-admin/admin-ajax.php?action=async_litespeed&nonce=Uql1fIcFL3p76umxsYXijqhuzW8eWaSp&litespeed_type=imgoptm HTTP/1.1" 200 5 "-" "WordPress/6.7.2; https://bakingsecurityin.com"
198.54.114.83 - - [30/Mar/2025:16:54:37 -0400] "POST /wp-cron.php?doing_wp_cron=1743368077.0768229961395263671875 HTTP/1.1" 200 0 "-" "WordPress/6.7.2; https://bakingsecurityin.com"
51.222.253.3 - - [30/Mar/2025:16:54:35 -0400] "GET /how-to-prepare-for-a-type-test/feed/ HTTP/1.1" 200 400 "-" "Mozilla/5.0 (compatible; AhrefsBot/7.0; +http://ahrefs.com/robot/)"
198.54.114.83 - - [30/Mar/2025:16:54:38 -0400] "POST /wp-admin/admin-ajax.php?action=async_litespeed&nonce=KjOdSuQDv6xiFnuUPRQnBJfcQuZW5pSX&litespeed_type=imgoptm HTTP/1.1" 200 0 "-" "WordPress/6.7.2; https://bakingsecurityin.com"
198.54.114.83 - - [30/Mar/2025:16:56:42 -0400] "POST /wp-admin/admin-ajax.php?action=async_litespeed&nonce=ztwkWjzBURuu38ru7loGPPkIvEJ3YFt0&litespeed_type=imgoptm HTTP/1.1" 200 5 "-" "WordPress/6.7.2; https://bakingsecurityin.com"
51.222.253.3 - - [30/Mar/2025:16:56:50 -0400] "GET /luxurious-living-at-arina-east-residences/ HTTP/1.1" 200 0 "-" "Mozilla/5.0 (compatible; AhrefsBot/7.0; +http://ahrefs.com/robot/)"
198.54.114.83 - - [30/Mar/2025:16:59:19 -0400] "POST /wp-cron.php?doing_wp_cron=1743368359.1803729534149169921875 HTTP/1.1" 200 0 "-" "WordPress/6.7.2; https://bakingsecurityin.com"
51.222.253.12 - - [30/Mar/2025:16:59:17 -0400] "GET /jden-capitaland-condos-in-singapore/ HTTP/1.1" 200 0 "-" "Mozilla/5.0 (compatible; AhrefsBot/7.0; +http://ahrefs.com/robot/)"
198.54.114.83 - - [30/Mar/2025:16:59:19 -0400] "POST /wp-admin/admin-ajax.php?action=async_litespeed&nonce=8RxAVO3GPugcDWNtrYxiHOxPCCmspuOB&litespeed_type=imgoptm HTTP/1.1" 200 5 "-" "WordPress/6.7.2; https://bakingsecurityin.com"
198.54.114.83 - - [30/Mar/2025:17:00:01 -0400] "POST /wp-admin/admin-ajax.php?action=async_litespeed&nonce=6EiLtcloiA9ge0XsT1HDjsbKlq8sR2Dj&litespeed_type=imgoptm HTTP/1.1" 200 5 "-" "WordPress/6.7.2; https://bakingsecurityin.com"
198.54.114.83 - - [30/Mar/2025:17:01:37 -0400] "POST /wp-cron.php?doing_wp_cron=1743368496.8827879428863525390625 HTTP/1.1" 200 0 "-" "WordPress/6.7.2; https://bakingsecurityin.com"
51.222.253.20 - - [30/Mar/2025:17:01:35 -0400] "GET /online-casino-games/ HTTP/1.1" 200 0 "-" "Mozilla/5.0 (compatible; AhrefsBot/7.0; +http://ahrefs.com/robot/)"
198.54.114.83 - - [30/Mar/2025:17:01:37 -0400] "POST /wp-admin/admin-ajax.php?action=async_litespeed&nonce=D3IBYxjqEITJap0ENrpM2l5VumCiujfK&litespeed_type=imgoptm HTTP/1.1" 200 5 "-" "WordPress/6.7.2; https://bakingsecurityin.com"
198.54.114.83 - - [30/Mar/2025:17:03:35 -0400] "POST /wp-cron.php?doing_wp_cron=1743368615.7781240940093994140625 HTTP/1.1" 200 0 "-" "WordPress/6.7.2; https://bakingsecurityin.com"
51.222.253.15 - - [30/Mar/2025:17:03:34 -0400] "GET /the-digital-revolution-of-gambling/ HTTP/1.1" 200 0 "-" "Mozilla/5.0 (compatible; AhrefsBot/7.0; +http://ahrefs.com/robot/)"
198.54.114.83 - - [30/Mar/2025:17:03:36 -0400] "POST /wp-admin/admin-ajax.php?action=async_litespeed&nonce=weegiIvWzo10BTEZrCoJupSPrTbWQMQm&litespeed_type=imgoptm HTTP/1.1" 200 5 "-" "WordPress/6.7.2; https://bakingsecurityin.com"
198.54.114.83 - - [30/Mar/2025:17:05:36 -0400] "POST /wp-cron.php?doing_wp_cron=1743368736.0268399715423583984375 HTTP/1.1" 200 0 "-" "WordPress/6.7.2; https://bakingsecurityin.com"
51.222.253.3 - - [30/Mar/2025:17:05:35 -0400] "GET /category/activity/page/67/ HTTP/1.1" 200 0 "-" "Mozilla/5.0 (compatible; AhrefsBot/7.0; +http://ahrefs.com/robot/)"
198.54.114.83 - - [30/Mar/2025:17:05:36 -0400] "POST /wp-admin/admin-ajax.php?action=async_litespeed&nonce=wqC5BSFgHiAyfijuvvzh5m9EbdQn5pTB&litespeed_type=imgoptm HTTP/1.1" 200 5 "-" "WordPress/6.7.2; https://bakingsecurityin.com"
198.54.114.83 - - [30/Mar/2025:17:07:38 -0400] "POST /wp-cron.php?doing_wp_cron=1743368857.8632109165191650390625 HTTP/1.1" 200 0 "-" "WordPress/6.7.2; https://bakingsecurityin.com"
51.222.253.11 - - [30/Mar/2025:17:07:36 -0400] "GET /page/73/ HTTP/1.1" 200 0 "-" "Mozilla/5.0 (compatible; AhrefsBot/7.0; +http://ahrefs.com/robot/)"
198.54.114.83 - - [30/Mar/2025:17:07:38 -0400] "POST /wp-admin/admin-ajax.php?action=async_litespeed&nonce=6EN8faQBLEzZQsS6AJ2X5ClivQmxpsMJ&litespeed_type=imgoptm HTTP/1.1" 200 5 "-" "WordPress/6.7.2; https://bakingsecurityin.com"
198.54.114.83 - - [30/Mar/2025:17:09:39 -0400] "POST /wp-cron.php?doing_wp_cron=1743368979.6152520179748535156250 HTTP/1.1" 200 0 "-" "WordPress/6.7.2; https://bakingsecurityin.com"
51.222.253.1 - - [30/Mar/2025:17:09:38 -0400] "GET /facebook-agency-account-a-complete-solution-for-marketing-agencies/ HTTP/1.1" 200 0 "-" "Mozilla/5.0 (compatible; AhrefsBot/7.0; +http://ahrefs.com/robot/)"
198.54.114.83 - - [30/Mar/2025:17:09:39 -0400] "POST /wp-admin/admin-ajax.php?action=async_litespeed&nonce=WfQwGKVthMMcxBxLLNBcEeU4SgBpuUqK&litespeed_type=imgoptm HTTP/1.1" 200 5 "-" "WordPress/6.7.2; https://bakingsecurityin.com"
198.54.114.83 - - [30/Mar/2025:17:11:28 -0400] "POST /wp-cron.php?doing_wp_cron=1743369088.1034429073333740234375 HTTP/1.1" 200 0 "-" "WordPress/6.7.2; https://bakingsecurityin.com"
51.222.253.2 - - [30/Mar/2025:17:11:27 -0400] "GET /kraft-der-videoanimationen-eine-kreative-welt-zum-leben-erwecken/ HTTP/1.1" 200 0 "-" "Mozilla/5.0 (compatible; AhrefsBot/7.0; +http://ahrefs.com/robot/)"
198.54.114.83 - - [30/Mar/2025:17:11:28 -0400] "POST /wp-admin/admin-ajax.php?action=async_litespeed&nonce=LuFkoceH9ocoIgOjf4v7s2TO4NusaGDD&litespeed_type=imgoptm HTTP/1.1" 200 5 "-" "WordPress/6.7.2; https://bakingsecurityin.com"
198.54.114.83 - - [30/Mar/2025:17:13:13 -0400] "POST /wp-cron.php?doing_wp_cron=1743369193.5166211128234863281250 HTTP/1.1" 200 0 "-" "WordPress/6.7.2; https://bakingsecurityin.com"
51.222.253.15 - - [30/Mar/2025:17:13:12 -0400] "GET /the-art-of-cryptocurrency-trading/feed/ HTTP/1.1" 200 397 "-" "Mozilla/5.0 (compatible; AhrefsBot/7.0; +http://ahrefs.com/robot/)"
198.54.114.83 - - [30/Mar/2025:17:13:13 -0400] "POST /wp-admin/admin-ajax.php?action=async_litespeed&nonce=onfPt14V8A7RGNipQJRq94CMFQdY5GAg&litespeed_type=imgoptm HTTP/1.1" 200 5 "-" "WordPress/6.7.2; https://bakingsecurityin.com"
198.54.114.83 - - [30/Mar/2025:17:14:57 -0400] "POST /wp-cron.php?doing_wp_cron=1743369297.2290420532226562500000 HTTP/1.1" 200 0 "-" "WordPress/6.7.2; https://bakingsecurityin.com"
51.222.253.13 - - [30/Mar/2025:17:14:54 -0400] "GET /the-metaverse-a-virtual-extension-of-our-digital-lives/feed/ HTTP/1.1" 200 436 "-" "Mozilla/5.0 (compatible; AhrefsBot/7.0; +http://ahrefs.com/robot/)"
198.54.114.83 - - [30/Mar/2025:17:14:58 -0400] "POST /wp-admin/admin-ajax.php?action=async_litespeed&nonce=pDEQGe3V7ifBcuhDU7lN6tEiibUT6SVa&litespeed_type=imgoptm HTTP/1.1" 200 5 "-" "WordPress/6.7.2; https://bakingsecurityin.com"
198.54.114.83 - - [30/Mar/2025:17:16:43 -0400] "POST /wp-cron.php?doing_wp_cron=1743369403.1551260948181152343750 HTTP/1.1" 200 0 "-" "WordPress/6.7.2; https://bakingsecurityin.com"
51.222.253.17 - - [30/Mar/2025:17:16:41 -0400] "GET /tips-for-diamond-painting-own-picture/feed/ HTTP/1.1" 200 409 "-" "Mozilla/5.0 (compatible; AhrefsBot/7.0; +http://ahrefs.com/robot/)"
198.54.114.83 - - [30/Mar/2025:17:16:43 -0400] "POST /wp-admin/admin-ajax.php?action=async_litespeed&nonce=7wmL9k4WT7nnStpVQ2IGM7f9yDHM1nGX&litespeed_type=imgoptm HTTP/1.1" 200 5 "-" "WordPress/6.7.2; https://bakingsecurityin.com"
198.54.114.83 - - [30/Mar/2025:17:18:24 -0400] "POST /wp-cron.php?doing_wp_cron=1743369504.6329629421234130859375 HTTP/1.1" 200 0 "-" "WordPress/6.7.2; https://bakingsecurityin.com"
51.222.253.9 - - [30/Mar/2025:17:18:23 -0400] "GET /unlocking-the-power-of-residential-proxies/feed/ HTTP/1.1" 200 411 "-" "Mozilla/5.0 (compatible; AhrefsBot/7.0; +http://ahrefs.com/robot/)"
198.54.114.83 - - [30/Mar/2025:17:18:25 -0400] "POST /wp-admin/admin-ajax.php?action=async_litespeed&nonce=7bI0o1ecHXPvQFF0tNpqFYgaKjpB8hKR&litespeed_type=imgoptm HTTP/1.1" 200 5 "-" "WordPress/6.7.2; https://bakingsecurityin.com"
198.54.114.83 - - [30/Mar/2025:17:20:13 -0400] "POST /wp-cron.php?doing_wp_cron=1743369613.2756490707397460937500 HTTP/1.1" 200 0 "-" "WordPress/6.7.2; https://bakingsecurityin.com"
51.222.253.15 - - [30/Mar/2025:17:20:11 -0400] "GET /does-battlefield-2042-have-a-campaign/feed/ HTTP/1.1" 200 401 "-" "Mozilla/5.0 (compatible; AhrefsBot/7.0; +http://ahrefs.com/robot/)"
198.54.114.83 - - [30/Mar/2025:17:20:14 -0400] "POST /wp-admin/admin-ajax.php?action=async_litespeed&nonce=V1mYHmwgFN3XU4V7vTBLO3TYcop2qs3P&litespeed_type=imgoptm HTTP/1.1" 200 5 "-" "WordPress/6.7.2; https://bakingsecurityin.com"
198.54.114.83 - - [30/Mar/2025:17:21:59 -0400] "POST /wp-cron.php?doing_wp_cron=1743369719.5903949737548828125000 HTTP/1.1" 200 0 "-" "WordPress/6.7.2; https://bakingsecurityin.com"
51.222.253.8 - - [30/Mar/2025:17:21:58 -0400] "GET /how-to-drop-a-pin-on-iphone/feed/ HTTP/1.1" 200 423 "-" "Mozilla/5.0 (compatible; AhrefsBot/7.0; +http://ahrefs.com/robot/)"
198.54.114.83 - - [30/Mar/2025:17:22:00 -0400] "POST /wp-admin/admin-ajax.php?action=async_litespeed&nonce=tfRH4gbPTSeNanRvcZJ6XrMgXY7NOkR9&litespeed_type=imgoptm HTTP/1.1" 200 5 "-" "WordPress/6.7.2; https://bakingsecurityin.com"
198.54.114.83 - - [30/Mar/2025:17:23:49 -0400] "POST /wp-cron.php?doing_wp_cron=1743369829.2430849075317382812500 HTTP/1.1" 200 0 "-" "WordPress/6.7.2; https://bakingsecurityin.com"
51.222.253.10 - - [30/Mar/2025:17:23:47 -0400] "GET /de-plus-soins-spa-centre-daffaires-et-salle-de-reunion-sont-a-votre-disposition-sur-place/ HTTP/1.1" 200 0 "-" "Mozilla/5.0 (compatible; AhrefsBot/7.0; +http://ahrefs.com/robot/)"
198.54.114.83 - - [30/Mar/2025:17:23:50 -0400] "POST /wp-admin/admin-ajax.php?action=async_litespeed&nonce=4ZnCzoLnFxwQRFZSdOFXPnsBd3KPxdCS&litespeed_type=imgoptm HTTP/1.1" 200 5 "-" "WordPress/6.7.2; https://bakingsecurityin.com"
195.2.85.110 - - [30/Mar/2025:17:25:03 -0400] "GET /a-journey-into-skincare/ HTTP/1.1" 200 0 "https://bakingsecurityin.com/a-journey-into-skincare/" "Mozilla/5.0 (Windows NT 10.0; Win64; x64) AppleWebKit/537.36 (KHTML, like Gecko) Chrome/131.0.0.0 Safari/537.36"
198.54.114.83 - - [30/Mar/2025:17:25:05 -0400] "POST /wp-cron.php?doing_wp_cron=1743369905.1220939159393310546875 HTTP/1.1" 200 0 "-" "WordPress/6.7.2; https://bakingsecurityin.com"
195.2.85.110 - - [30/Mar/2025:17:25:03 -0400] "GET / HTTP/1.1" 200 0 "https://bakingsecurityin.com/" "Mozilla/5.0 (Windows NT 10.0; Win64; x64) AppleWebKit/537.36 (KHTML, like Gecko) Chrome/131.0.0.0 Safari/537.36"
198.54.114.83 - - [30/Mar/2025:17:25:05 -0400] "POST /wp-admin/admin-ajax.php?action=async_litespeed&nonce=f79XXTZtQl0L2n5ATNfAXaHmEsT0B6Pl&litespeed_type=imgoptm HTTP/1.1" 200 5 "-" "WordPress/6.7.2; https://bakingsecurityin.com"
198.54.114.83 - - [30/Mar/2025:17:25:31 -0400] "POST /wp-cron.php?doing_wp_cron=1743369931.8045699596405029296875 HTTP/1.1" 200 0 "-" "WordPress/6.7.2; https://bakingsecurityin.com"
51.222.253.13 - - [30/Mar/2025:17:25:31 -0400] "GET /how-to-find-a-good-cbd-shop/feed/ HTTP/1.1" 200 398 "-" "Mozilla/5.0 (compatible; AhrefsBot/7.0; +http://ahrefs.com/robot/)"
198.54.114.83 - - [30/Mar/2025:17:25:32 -0400] "POST /wp-admin/admin-ajax.php?action=async_litespeed&nonce=tj50lFhUyFdjhKXeO8lhVp7vg6Vrc9iu&litespeed_type=imgoptm HTTP/1.1" 200 5 "-" "WordPress/6.7.2; https://bakingsecurityin.com"
198.54.114.83 - - [30/Mar/2025:17:27:08 -0400] "POST /wp-cron.php?doing_wp_cron=1743370027.9437320232391357421875 HTTP/1.1" 200 0 "-" "WordPress/6.7.2; https://bakingsecurityin.com"
51.222.253.4 - - [30/Mar/2025:17:27:06 -0400] "GET /understanding-and-treating-sex-addiction/feed/ HTTP/1.1" 200 408 "-" "Mozilla/5.0 (compatible; AhrefsBot/7.0; +http://ahrefs.com/robot/)"
198.54.114.83 - - [30/Mar/2025:17:27:08 -0400] "POST /wp-admin/admin-ajax.php?action=async_litespeed&nonce=EIPAw698AdfRBc2QtFWWIieLc8uzGdhU&litespeed_type=imgoptm HTTP/1.1" 200 5 "-" "WordPress/6.7.2; https://bakingsecurityin.com"
198.54.114.83 - - [30/Mar/2025:17:29:02 -0400] "POST /wp-cron.php?doing_wp_cron=1743370142.2393419742584228515625 HTTP/1.1" 200 0 "-" "WordPress/6.7.2; https://bakingsecurityin.com"
51.222.253.6 - - [30/Mar/2025:17:29:00 -0400] "GET /the-omnivoid-xr/feed/ HTTP/1.1" 200 382 "-" "Mozilla/5.0 (compatible; AhrefsBot/7.0; +http://ahrefs.com/robot/)"
198.54.114.83 - - [30/Mar/2025:17:29:03 -0400] "POST /wp-admin/admin-ajax.php?action=async_litespeed&nonce=R4oiMwkUBsP6ynfAsoFdJzsXt33gCYus&litespeed_type=imgoptm HTTP/1.1" 200 5 "-" "WordPress/6.7.2; https://bakingsecurityin.com"
51.222.253.5 - - [30/Mar/2025:17:30:48 -0400] "GET /how-to-create-stunning-custom-invitations/ HTTP/1.1" 200 0 "-" "Mozilla/5.0 (compatible; AhrefsBot/7.0; +http://ahrefs.com/robot/)"
198.54.114.83 - - [30/Mar/2025:17:32:40 -0400] "POST /wp-cron.php?doing_wp_cron=1743370360.2086141109466552734375 HTTP/1.1" 200 0 "-" "WordPress/6.7.2; https://bakingsecurityin.com"
51.222.253.3 - - [30/Mar/2025:17:32:37 -0400] "GET /what-does-a-social-media-agency-do/ HTTP/1.1" 200 0 "-" "Mozilla/5.0 (compatible; AhrefsBot/7.0; +http://ahrefs.com/robot/)"
198.54.114.83 - - [30/Mar/2025:17:32:40 -0400] "POST /wp-admin/admin-ajax.php?action=async_litespeed&nonce=PwhDdOg5HZNXTNeG2nNCpIcXjl8kQEXV&litespeed_type=imgoptm HTTP/1.1" 200 5 "-" "WordPress/6.7.2; https://bakingsecurityin.com"
198.54.114.83 - - [30/Mar/2025:17:35:07 -0400] "POST /wp-cron.php?doing_wp_cron=1743370506.5623300075531005859375 HTTP/1.1" 200 0 "-" "WordPress/6.7.2; https://bakingsecurityin.com"
51.222.253.17 - - [30/Mar/2025:17:35:03 -0400] "GET /hairdresser-for-curly-textured-or-wavy-hair/ HTTP/1.1" 200 0 "-" "Mozilla/5.0 (compatible; AhrefsBot/7.0; +http://ahrefs.com/robot/)"
198.54.114.83 - - [30/Mar/2025:17:35:09 -0400] "POST /wp-admin/admin-ajax.php?action=async_litespeed&nonce=MJDhX4No4zJdiRt98CQbPRfMjLCWHOXj&litespeed_type=imgoptm HTTP/1.1" 200 0 "-" "WordPress/6.7.2; https://bakingsecurityin.com"
198.54.114.83 - - [30/Mar/2025:17:37:18 -0400] "POST /wp-cron.php?doing_wp_cron=1743370638.7082779407501220703125 HTTP/1.1" 200 0 "-" "WordPress/6.7.2; https://bakingsecurityin.com"
51.222.253.19 - - [30/Mar/2025:17:37:16 -0400] "GET /steuerberatung/feed/ HTTP/1.1" 200 370 "-" "Mozilla/5.0 (compatible; AhrefsBot/7.0; +http://ahrefs.com/robot/)"
198.54.114.83 - - [30/Mar/2025:17:37:19 -0400] "POST /wp-admin/admin-ajax.php?action=async_litespeed&nonce=JqR9PMMARZSZjAU4lcuDA03DzuXYmeWM&litespeed_type=imgoptm HTTP/1.1" 200 0 "-" "WordPress/6.7.2; https://bakingsecurityin.com"
198.54.114.83 - - [30/Mar/2025:17:39:45 -0400] "POST /wp-cron.php?doing_wp_cron=1743370785.0574879646301269531250 HTTP/1.1" 200 0 "-" "WordPress/6.7.2; https://bakingsecurityin.com"
51.222.253.12 - - [30/Mar/2025:17:39:43 -0400] "GET /cache-level-3-courses/feed/ HTTP/1.1" 200 388 "-" "Mozilla/5.0 (compatible; AhrefsBot/7.0; +http://ahrefs.com/robot/)"
198.54.114.83 - - [30/Mar/2025:17:39:46 -0400] "POST /wp-admin/admin-ajax.php?action=async_litespeed&nonce=5bd3zvtrfnmz5x0huMnGHki1EInhb8Vr&litespeed_type=imgoptm HTTP/1.1" 200 0 "-" "WordPress/6.7.2; https://bakingsecurityin.com"
198.54.114.83 - - [30/Mar/2025:17:42:03 -0400] "POST /wp-cron.php?doing_wp_cron=1743370922.9574959278106689453125 HTTP/1.1" 200 0 "-" "WordPress/6.7.2; https://bakingsecurityin.com"
51.222.253.8 - - [30/Mar/2025:17:42:01 -0400] "GET /unlocking-the-potential-of-qr-codes/feed/ HTTP/1.1" 200 405 "-" "Mozilla/5.0 (compatible; AhrefsBot/7.0; +http://ahrefs.com/robot/)"
198.54.114.83 - - [30/Mar/2025:17:42:03 -0400] "POST /wp-admin/admin-ajax.php?action=async_litespeed&nonce=oO56GxNVct7meABjTWgce35RqGP8dozp&litespeed_type=imgoptm HTTP/1.1" 200 5 "-" "WordPress/6.7.2; https://bakingsecurityin.com"
85.208.96.202 - - [30/Mar/2025:17:42:31 -0400] "GET /robots.txt HTTP/1.1" 304 0 "-" "Mozilla/5.0 (compatible; SemrushBot/7~bl; +http://www.semrush.com/bot.html)"
198.54.114.83 - - [30/Mar/2025:17:42:33 -0400] "POST /wp-cron.php?doing_wp_cron=1743370952.5109410285949707031250 HTTP/1.1" 200 0 "-" "WordPress/6.7.2; https://bakingsecurityin.com"
85.208.96.208 - - [30/Mar/2025:17:42:32 -0400] "GET /law-tuition-the-sticker-price-of-law-school/ HTTP/1.1" 200 0 "-" "Mozilla/5.0 (compatible; SemrushBot/7~bl; +http://www.semrush.com/bot.html)"
198.54.114.83 - - [30/Mar/2025:17:42:33 -0400] "POST /wp-admin/admin-ajax.php?action=async_litespeed&nonce=lIvpJsZqKjjVEsW6ur4STqWoKPSR0CFj&litespeed_type=imgoptm HTTP/1.1" 200 5 "-" "WordPress/6.7.2; https://bakingsecurityin.com"
198.54.114.83 - - [30/Mar/2025:17:43:29 -0400] "POST /wp-admin/admin-ajax.php?action=async_litespeed&nonce=Vg6gGH2hOKn4nEn6GV5ECr0bescaZFgb&litespeed_type=imgoptm HTTP/1.1" 200 5 "-" "WordPress/6.7.2; https://bakingsecurityin.com"
47.79.110.36 - - [30/Mar/2025:17:43:51 -0400] "GET / HTTP/1.1" 200 0 "https://www.google.com/" "Mozilla/5.0 (Linux; Android 10; K) AppleWebKit/537.36 (KHTML, like Gecko) Chrome/133.0.0.0 Mobile Safari/537.36"
51.222.253.9 - - [30/Mar/2025:17:44:09 -0400] "GET /fall-prevention-using-custom-non-slip-socks/feed/ HTTP/1.1" 200 418 "-" "Mozilla/5.0 (compatible; AhrefsBot/7.0; +http://ahrefs.com/robot/)"
198.54.114.83 - - [30/Mar/2025:17:46:00 -0400] "POST /wp-admin/admin-ajax.php?action=async_litespeed&nonce=VT9vcRq6x7RJkXuCHgpldeMYmiGLbYuw&litespeed_type=imgoptm HTTP/1.1" 200 5 "-" "WordPress/6.7.2; https://bakingsecurityin.com"
51.222.253.5 - - [30/Mar/2025:17:46:15 -0400] "GET /ivf-clinic-in-barcelona/feed/ HTTP/1.1" 200 388 "-" "Mozilla/5.0 (compatible; AhrefsBot/7.0; +http://ahrefs.com/robot/)"
198.54.114.83 - - [30/Mar/2025:17:48:21 -0400] "POST /wp-cron.php?doing_wp_cron=1743371301.0057530403137207031250 HTTP/1.1" 200 0 "-" "WordPress/6.7.2; https://bakingsecurityin.com"
51.222.253.1 - - [30/Mar/2025:17:48:19 -0400] "GET /how-fire-remediation-companies-work/feed/ HTTP/1.1" 200 401 "-" "Mozilla/5.0 (compatible; AhrefsBot/7.0; +http://ahrefs.com/robot/)"
198.54.114.83 - - [30/Mar/2025:17:48:21 -0400] "POST /wp-admin/admin-ajax.php?action=async_litespeed&nonce=0Zergh2anc3938kDYEEwKZf1tsjr4OTW&litespeed_type=imgoptm HTTP/1.1" 200 5 "-" "WordPress/6.7.2; https://bakingsecurityin.com"
198.54.114.83 - - [30/Mar/2025:17:49:07 -0400] "POST /wp-cron.php?doing_wp_cron=1743371347.8101310729980468750000 HTTP/1.1" 200 0 "-" "WordPress/6.7.2; https://bakingsecurityin.com"
109.236.93.77 - - [30/Mar/2025:17:49:07 -0400] "GET /what-goes-into-moving-quotes-on-movers HTTP/1.1" 301 0 "-" "Mozilla/5.0 (Windows NT 10.0; Win64; x64) AppleWebKit/537.36 (KHTML, like Gecko) Chrome/118.0.0.0 Safari/537.36"
198.54.114.83 - - [30/Mar/2025:17:49:08 -0400] "POST /wp-admin/admin-ajax.php?action=async_litespeed&nonce=WzLHLWuLKUZB1O6pnsB8nOkowUiZyNaI&litespeed_type=imgoptm HTTP/1.1" 200 5 "-" "WordPress/6.7.2; https://bakingsecurityin.com"
198.54.114.83 - - [30/Mar/2025:17:49:43 -0400] "POST /wp-cron.php?doing_wp_cron=1743371383.4068369865417480468750 HTTP/1.1" 200 0 "-" "WordPress/6.7.2; https://bakingsecurityin.com"
185.191.171.11 - - [30/Mar/2025:17:49:43 -0400] "GET /how-to-find-the-best-online-sports-betting-sites/ HTTP/1.1" 200 0 "-" "Mozilla/5.0 (compatible; SemrushBot/7~bl; +http://www.semrush.com/bot.html)"
198.54.114.83 - - [30/Mar/2025:17:49:43 -0400] "POST /wp-admin/admin-ajax.php?action=async_litespeed&nonce=cBNY7Tbq1WMXU2gzT01pFG3roRGfxXDO&litespeed_type=imgoptm HTTP/1.1" 200 5 "-" "WordPress/6.7.2; https://bakingsecurityin.com"
51.222.253.9 - - [30/Mar/2025:17:50:25 -0400] "GET /buying-the-best-shotgun-for-your-deer-hunting-guns-collection/feed/ HTTP/1.1" 200 436 "-" "Mozilla/5.0 (compatible; AhrefsBot/7.0; +http://ahrefs.com/robot/)"
198.54.114.83 - - [30/Mar/2025:17:52:31 -0400] "POST /wp-cron.php?doing_wp_cron=1743371550.9105339050292968750000 HTTP/1.1" 200 0 "-" "WordPress/6.7.2; https://bakingsecurityin.com"
51.222.253.20 - - [30/Mar/2025:17:52:29 -0400] "GET /exploring-the-world-of-online-casinos/feed/ HTTP/1.1" 200 403 "-" "Mozilla/5.0 (compatible; AhrefsBot/7.0; +http://ahrefs.com/robot/)"
198.54.114.83 - - [30/Mar/2025:17:52:31 -0400] "POST /wp-admin/admin-ajax.php?action=async_litespeed&nonce=EUZhHBxgqfwcDhL9InwnTFSlTjfRqFEK&litespeed_type=imgoptm HTTP/1.1" 200 5 "-" "WordPress/6.7.2; https://bakingsecurityin.com"
198.54.114.83 - - [30/Mar/2025:17:54:38 -0400] "POST /wp-cron.php?doing_wp_cron=1743371678.2666850090026855468750 HTTP/1.1" 200 0 "-" "WordPress/6.7.2; https://bakingsecurityin.com"
51.222.253.11 - - [30/Mar/2025:17:54:37 -0400] "GET /private-venture-thoughts-in-spirits-wines-and-brew/feed/ HTTP/1.1" 200 426 "-" "Mozilla/5.0 (compatible; AhrefsBot/7.0; +http://ahrefs.com/robot/)"
198.54.114.83 - - [30/Mar/2025:17:54:38 -0400] "POST /wp-admin/admin-ajax.php?action=async_litespeed&nonce=PzI8uWtPaxLn65hc6dod7JE4FUj1AFPE&litespeed_type=imgoptm HTTP/1.1" 200 5 "-" "WordPress/6.7.2; https://bakingsecurityin.com"
5.255.231.126 - - [30/Mar/2025:17:55:31 -0400] "GET /robots.txt HTTP/1.1" 304 0 "-" "Mozilla/5.0 (compatible; YandexBot/3.0; +http://yandex.com/bots)"
95.108.213.146 - - [30/Mar/2025:17:55:32 -0400] "GET /review-of-the-relx-vape-pods/ HTTP/1.1" 200 0 "-" "Mozilla/5.0 (compatible; YandexBot/3.0; +http://yandex.com/bots)"
198.54.114.83 - - [30/Mar/2025:17:56:44 -0400] "POST /wp-cron.php?doing_wp_cron=1743371804.1336009502410888671875 HTTP/1.1" 200 0 "-" "WordPress/6.7.2; https://bakingsecurityin.com"
51.222.253.3 - - [30/Mar/2025:17:56:43 -0400] "GET /category/mobile/ HTTP/1.1" 200 0 "-" "Mozilla/5.0 (compatible; AhrefsBot/7.0; +http://ahrefs.com/robot/)"
198.54.114.83 - - [30/Mar/2025:17:56:44 -0400] "POST /wp-admin/admin-ajax.php?action=async_litespeed&nonce=Sy3NJ1PyJsmYnlUqbtKuq9cmVinZVqpk&litespeed_type=imgoptm HTTP/1.1" 200 5 "-" "WordPress/6.7.2; https://bakingsecurityin.com"
198.54.114.83 - - [30/Mar/2025:17:58:49 -0400] "POST /wp-cron.php?doing_wp_cron=1743371929.8986670970916748046875 HTTP/1.1" 200 0 "-" "WordPress/6.7.2; https://bakingsecurityin.com"
51.222.253.14 - - [30/Mar/2025:17:58:48 -0400] "GET /utiliser-des-pendules-dans-un-magasin-de-pendules/feed/ HTTP/1.1" 200 412 "-" "Mozilla/5.0 (compatible; AhrefsBot/7.0; +http://ahrefs.com/robot/)"
198.54.114.83 - - [30/Mar/2025:17:58:50 -0400] "POST /wp-admin/admin-ajax.php?action=async_litespeed&nonce=PYoWwxiHfLwNNR9KQxIXG9NY0aAGxe71&litespeed_type=imgoptm HTTP/1.1" 200 5 "-" "WordPress/6.7.2; https://bakingsecurityin.com"
198.54.114.83 - - [30/Mar/2025:18:00:46 -0400] "POST /wp-cron.php?doing_wp_cron=1743372046.7365200519561767578125 HTTP/1.1" 200 0 "-" "WordPress/6.7.2; https://bakingsecurityin.com"
51.222.253.7 - - [30/Mar/2025:18:00:45 -0400] "GET /la-realite-virtuelle-une-vision-davenir/feed/ HTTP/1.1" 200 425 "-" "Mozilla/5.0 (compatible; AhrefsBot/7.0; +http://ahrefs.com/robot/)"
198.54.114.83 - - [30/Mar/2025:18:00:47 -0400] "POST /wp-admin/admin-ajax.php?action=async_litespeed&nonce=O5tnD7oJyQYHFbw4wYymHPhenUauqutZ&litespeed_type=imgoptm HTTP/1.1" 200 5 "-" "WordPress/6.7.2; https://bakingsecurityin.com"
198.54.114.83 - - [30/Mar/2025:18:02:35 -0400] "POST /wp-cron.php?doing_wp_cron=1743372155.7535350322723388671875 HTTP/1.1" 200 0 "-" "WordPress/6.7.2; https://bakingsecurityin.com"
51.222.253.18 - - [30/Mar/2025:18:02:34 -0400] "GET /how-to-buy-youtube-views-onlines/feed/ HTTP/1.1" 200 404 "-" "Mozilla/5.0 (compatible; AhrefsBot/7.0; +http://ahrefs.com/robot/)"
198.54.114.83 - - [30/Mar/2025:18:02:36 -0400] "POST /wp-admin/admin-ajax.php?action=async_litespeed&nonce=JuTQ7eQCdJqZeBXWJETLuzlX9ZAevPxL&litespeed_type=imgoptm HTTP/1.1" 200 5 "-" "WordPress/6.7.2; https://bakingsecurityin.com"
198.54.114.83 - - [30/Mar/2025:18:04:29 -0400] "POST /wp-cron.php?doing_wp_cron=1743372269.0829029083251953125000 HTTP/1.1" 200 0 "-" "WordPress/6.7.2; https://bakingsecurityin.com"
51.222.253.15 - - [30/Mar/2025:18:04:27 -0400] "GET /top-10-cheapest-smm-panel/feed/ HTTP/1.1" 200 390 "-" "Mozilla/5.0 (compatible; AhrefsBot/7.0; +http://ahrefs.com/robot/)"
198.54.114.83 - - [30/Mar/2025:18:06:24 -0400] "POST /wp-cron.php?doing_wp_cron=1743372383.6813049316406250000000 HTTP/1.1" 200 0 "-" "WordPress/6.7.2; https://bakingsecurityin.com"
51.222.253.20 - - [30/Mar/2025:18:06:21 -0400] "GET /top-factors-to-consider-when-choosing-a-dental-handpiece-supplier/feed/ HTTP/1.1" 200 439 "-" "Mozilla/5.0 (compatible; AhrefsBot/7.0; +http://ahrefs.com/robot/)"
198.54.114.83 - - [30/Mar/2025:18:06:25 -0400] "POST /wp-admin/admin-ajax.php?action=async_litespeed&nonce=1BRfH4wzDIuaWqK5UFhW1LtjlfCd89Bz&litespeed_type=imgoptm HTTP/1.1" 200 0 "-" "WordPress/6.7.2; https://bakingsecurityin.com"
198.54.114.83 - - [30/Mar/2025:18:07:25 -0400] "POST /wp-cron.php?doing_wp_cron=1743372445.1180241107940673828125 HTTP/1.1" 200 0 "-" "WordPress/6.7.2; https://bakingsecurityin.com"
47.128.111.14 - - [30/Mar/2025:18:07:24 -0400] "GET /3-easy-ways-to-get-more-views-to-your-youtube-videos/ HTTP/1.1" 200 0 "-" "Mozilla/5.0 (Linux; Android 5.0) AppleWebKit/537.36 (KHTML, like Gecko) Mobile Safari/537.36 (compatible; TikTokSpider; ttspider-feedback@tiktok.com)"
198.54.114.83 - - [30/Mar/2025:18:07:45 -0400] "POST /wp-admin/admin-ajax.php?action=async_litespeed&nonce=0xJooFvbYDE2meMvyRc7m2dTyaJ46NTS&litespeed_type=imgoptm HTTP/1.1" 200 5 "-" "WordPress/6.7.2; https://bakingsecurityin.com"
51.222.253.7 - - [30/Mar/2025:18:08:22 -0400] "GET /2022/01/ HTTP/1.1" 200 0 "-" "Mozilla/5.0 (compatible; AhrefsBot/7.0; +http://ahrefs.com/robot/)"
198.54.114.83 - - [30/Mar/2025:18:09:19 -0400] "POST /wp-admin/admin-ajax.php?action=async_litespeed&nonce=GDOmBcdQqRkBrux8klZ0HcKeVOhKdKLz&litespeed_type=imgoptm HTTP/1.1" 200 5 "-" "WordPress/6.7.2; https://bakingsecurityin.com"
198.54.114.83 - - [30/Mar/2025:18:10:23 -0400] "POST /wp-cron.php?doing_wp_cron=1743372622.9338181018829345703125 HTTP/1.1" 200 0 "-" "WordPress/6.7.2; https://bakingsecurityin.com"
51.222.253.9 - - [30/Mar/2025:18:10:22 -0400] "GET /fenbendazole-and-its-use-for-cancer-treatment-in-the-netherlands/feed/ HTTP/1.1" 200 434 "-" "Mozilla/5.0 (compatible; AhrefsBot/7.0; +http://ahrefs.com/robot/)"
198.54.114.83 - - [30/Mar/2025:18:10:23 -0400] "POST /wp-admin/admin-ajax.php?action=async_litespeed&nonce=HG8z83OFNXl64dtemtM3yetCIAjcmhNQ&litespeed_type=imgoptm HTTP/1.1" 200 5 "-" "WordPress/6.7.2; https://bakingsecurityin.com"
198.54.114.83 - - [30/Mar/2025:18:12:15 -0400] "POST /wp-cron.php?doing_wp_cron=1743372735.6774721145629882812500 HTTP/1.1" 200 0 "-" "WordPress/6.7.2; https://bakingsecurityin.com"
51.222.253.19 - - [30/Mar/2025:18:12:12 -0400] "GET /revolutionizing-manufacturing-inside-the-brush-machine-factory/ HTTP/1.1" 200 0 "-" "Mozilla/5.0 (compatible; AhrefsBot/7.0; +http://ahrefs.com/robot/)"
198.54.114.83 - - [30/Mar/2025:18:12:16 -0400] "POST /wp-admin/admin-ajax.php?action=async_litespeed&nonce=dbSt0wyjk5F4uYnhPUkHoQN4F3Dn77S9&litespeed_type=imgoptm HTTP/1.1" 200 5 "-" "WordPress/6.7.2; https://bakingsecurityin.com"
51.222.253.6 - - [30/Mar/2025:18:14:03 -0400] "GET /2023/02/ HTTP/1.1" 200 0 "-" "Mozilla/5.0 (compatible; AhrefsBot/7.0; +http://ahrefs.com/robot/)"
198.54.114.83 - - [30/Mar/2025:18:14:07 -0400] "POST /wp-cron.php?doing_wp_cron=1743372845.4718239307403564453125 HTTP/1.1" 200 0 "-" "WordPress/6.7.2; https://bakingsecurityin.com"
198.54.114.83 - - [30/Mar/2025:18:16:01 -0400] "POST /wp-cron.php?doing_wp_cron=1743372961.7564659118652343750000 HTTP/1.1" 200 0 "-" "WordPress/6.7.2; https://bakingsecurityin.com"
51.222.253.16 - - [30/Mar/2025:18:16:00 -0400] "GET /top-unternehmen-die-gitarrenunterricht-in-los-angeles-anbieten/feed/ HTTP/1.1" 200 431 "-" "Mozilla/5.0 (compatible; AhrefsBot/7.0; +http://ahrefs.com/robot/)"
198.54.114.83 - - [30/Mar/2025:18:16:02 -0400] "POST /wp-admin/admin-ajax.php?action=async_litespeed&nonce=0LjVLxdNsY8RnkZpcl9XG0PGV3klKc4L&litespeed_type=imgoptm HTTP/1.1" 200 5 "-" "WordPress/6.7.2; https://bakingsecurityin.com"
198.54.114.83 - - [30/Mar/2025:18:17:58 -0400] "POST /wp-cron.php?doing_wp_cron=1743373078.3362679481506347656250 HTTP/1.1" 200 0 "-" "WordPress/6.7.2; https://bakingsecurityin.com"
51.222.253.16 - - [30/Mar/2025:18:17:57 -0400] "GET /2023/03/ HTTP/1.1" 200 0 "-" "Mozilla/5.0 (compatible; AhrefsBot/7.0; +http://ahrefs.com/robot/)"
198.54.114.83 - - [30/Mar/2025:18:18:00 -0400] "POST /wp-admin/admin-ajax.php?action=async_litespeed&nonce=FhpaWVvzgDHJM4J3RrA81YJ8XY9WrcQ3&litespeed_type=imgoptm HTTP/1.1" 200 0 "-" "WordPress/6.7.2; https://bakingsecurityin.com"
51.222.253.16 - - [30/Mar/2025:18:20:00 -0400] "GET /juro-explainer-what-is-an-attorney/ HTTP/1.1" 200 0 "-" "Mozilla/5.0 (compatible; AhrefsBot/7.0; +http://ahrefs.com/robot/)"
198.54.114.83 - - [30/Mar/2025:18:20:04 -0400] "POST /wp-cron.php?doing_wp_cron=1743373202.4231081008911132812500 HTTP/1.1" 200 0 "-" "WordPress/6.7.2; https://bakingsecurityin.com"
198.54.114.83 - - [30/Mar/2025:18:20:05 -0400] "POST /wp-admin/admin-ajax.php?action=async_litespeed&nonce=bF0oY6Fj8JM2OJ4WBazNArPfs9BBBYig&litespeed_type=imgoptm HTTP/1.1" 200 0 "-" "WordPress/6.7.2; https://bakingsecurityin.com"
196.251.87.179 - - [30/Mar/2025:18:21:25 -0400] "GET /wp-admin/network/index.php HTTP/1.1" 302 0 "http://bakingsecurityin.com/wp-admin/network/index.php" "Mozilla/5.0 (Windows NT 10.0; Win64; x64) AppleWebKit/537.36 (KHTML, like Gecko) Chrome/95.0.4638.69 Safari/537.36"
196.251.87.179 - - [30/Mar/2025:18:21:29 -0400] "GET /wp-login.php?redirect_to=https%3A%2F%2Fbakingsecurityin.com%2Fwp-admin%2Fnetwork%2Findex.php&reauth=1 HTTP/1.1" 200 1741 "https://bakingsecurityin.com/wp-admin/network/index.php" "Mozilla/5.0 (Windows NT 10.0; Win64; x64) AppleWebKit/537.36 (KHTML, like Gecko) Chrome/95.0.4638.69 Safari/537.36"
51.222.253.16 - - [30/Mar/2025:18:21:55 -0400] "GET /astm-d-903-test-standard-used-for-medical-packaging/feed/ HTTP/1.1" 200 428 "-" "Mozilla/5.0 (compatible; AhrefsBot/7.0; +http://ahrefs.com/robot/)"
198.54.114.83 - - [30/Mar/2025:18:22:01 -0400] "POST /wp-admin/admin-ajax.php?action=async_litespeed&nonce=5ywsFJY7zTWmbbIc2IxhiiKc1yBD2ldh&litespeed_type=imgoptm HTTP/1.1" 200 5 "-" "WordPress/6.7.2; https://bakingsecurityin.com"
198.54.114.83 - - [30/Mar/2025:18:22:30 -0400] "POST /wp-admin/admin-ajax.php?action=async_litespeed&nonce=FgM5i7f9adgDj4ylxeF2NolHa15NXqta&litespeed_type=imgoptm HTTP/1.1" 200 0 "-" "WordPress/6.7.2; https://bakingsecurityin.com"
198.54.114.83 - - [30/Mar/2025:18:23:41 -0400] "POST /wp-cron.php?doing_wp_cron=1743373420.5261859893798828125000 HTTP/1.1" 200 0 "-" "WordPress/6.7.2; https://bakingsecurityin.com"
51.222.253.19 - - [30/Mar/2025:18:23:40 -0400] "GET /2021/01/ HTTP/1.1" 200 0 "-" "Mozilla/5.0 (compatible; AhrefsBot/7.0; +http://ahrefs.com/robot/)"
198.54.114.83 - - [30/Mar/2025:18:23:41 -0400] "POST /wp-admin/admin-ajax.php?action=async_litespeed&nonce=WMRmcERQztoO2Lc585omVgdqHOpJkekm&litespeed_type=imgoptm HTTP/1.1" 200 5 "-" "WordPress/6.7.2; https://bakingsecurityin.com"
198.54.114.83 - - [30/Mar/2025:18:25:45 -0400] "POST /wp-cron.php?doing_wp_cron=1743373543.9071500301361083984375 HTTP/1.1" 200 0 "-" "WordPress/6.7.2; https://bakingsecurityin.com"
51.222.253.14 - - [30/Mar/2025:18:25:40 -0400] "GET /buy-zaza-red/feed/ HTTP/1.1" 200 380 "-" "Mozilla/5.0 (compatible; AhrefsBot/7.0; +http://ahrefs.com/robot/)"
198.54.114.83 - - [30/Mar/2025:18:25:46 -0400] "POST /wp-admin/admin-ajax.php?action=async_litespeed&nonce=SWyYyDMceRtSq8vQy9IiXp91CxKGJTXm&litespeed_type=imgoptm HTTP/1.1" 200 0 "-" "WordPress/6.7.2; https://bakingsecurityin.com"
198.54.114.83 - - [30/Mar/2025:18:27:46 -0400] "POST /wp-cron.php?doing_wp_cron=1743373666.1005868911743164062500 HTTP/1.1" 200 0 "-" "WordPress/6.7.2; https://bakingsecurityin.com"
51.222.253.3 - - [30/Mar/2025:18:27:43 -0400] "GET /2023/07/ HTTP/1.1" 200 0 "-" "Mozilla/5.0 (compatible; AhrefsBot/7.0; +http://ahrefs.com/robot/)"
198.54.114.83 - - [30/Mar/2025:18:28:33 -0400] "POST /wp-admin/admin-ajax.php?action=async_litespeed&nonce=kpd5yEmM0LaKHqmEgtJzjCUjG2OlvAqv&litespeed_type=imgoptm HTTP/1.1" 200 5 "-" "WordPress/6.7.2; https://bakingsecurityin.com"
198.54.114.83 - - [30/Mar/2025:18:29:39 -0400] "POST /wp-admin/admin-ajax.php?action=async_litespeed&nonce=1Mg6MJxP1KVVP4cUl6CEwB1yh3x2jZk6&litespeed_type=imgoptm HTTP/1.1" 200 5 "-" "WordPress/6.7.2; https://bakingsecurityin.com"
51.222.253.19 - - [30/Mar/2025:18:30:14 -0400] "GET /2023/10/ HTTP/1.1" 200 0 "-" "Mozilla/5.0 (compatible; AhrefsBot/7.0; +http://ahrefs.com/robot/)"
