198.54.114.83 - - [30/Mar/2025:18:31:41 -0400] "POST /wp-admin/admin-ajax.php?action=async_litespeed&nonce=tlSm50X7SUYxZ4Rg0Ea8jAKGbcti8aO6&litespeed_type=imgoptm HTTP/1.1" 200 5 "-" "WordPress/6.7.2; https://bakingsecurityin.com"
51.222.253.17 - - [30/Mar/2025:18:32:11 -0400] "GET /2023/05/ HTTP/1.1" 200 0 "-" "Mozilla/5.0 (compatible; AhrefsBot/7.0; +http://ahrefs.com/robot/)"
198.54.114.83 - - [30/Mar/2025:18:33:10 -0400] "POST /wp-admin/admin-ajax.php?action=async_litespeed&nonce=7KOlWzDrNktGvTD8qwH1oaF9HjKgi7Hx&litespeed_type=imgoptm HTTP/1.1" 200 5 "-" "WordPress/6.7.2; https://bakingsecurityin.com"
198.54.114.83 - - [30/Mar/2025:18:34:13 -0400] "POST /wp-cron.php?doing_wp_cron=1743374053.7049169540405273437500 HTTP/1.1" 200 0 "-" "WordPress/6.7.2; https://bakingsecurityin.com"
51.222.253.17 - - [30/Mar/2025:18:34:13 -0400] "GET /yacht-rental-tulum-experience-the-magic-of-the-caribbean-sea-from-the-deck-of-a-luxury-yacht/feed/ HTTP/1.1" 200 488 "-" "Mozilla/5.0 (compatible; AhrefsBot/7.0; +http://ahrefs.com/robot/)"
198.54.114.83 - - [30/Mar/2025:18:34:14 -0400] "POST /wp-admin/admin-ajax.php?action=async_litespeed&nonce=1AYsPUsvfBJ02u7Un993jeibA7rdeVOh&litespeed_type=imgoptm HTTP/1.1" 200 5 "-" "WordPress/6.7.2; https://bakingsecurityin.com"
198.54.114.83 - - [30/Mar/2025:18:36:08 -0400] "POST /wp-cron.php?doing_wp_cron=1743374168.1626811027526855468750 HTTP/1.1" 200 0 "-" "WordPress/6.7.2; https://bakingsecurityin.com"
51.222.253.17 - - [30/Mar/2025:18:36:05 -0400] "GET /page/127/ HTTP/1.1" 200 0 "-" "Mozilla/5.0 (compatible; AhrefsBot/7.0; +http://ahrefs.com/robot/)"
198.54.114.83 - - [30/Mar/2025:18:36:08 -0400] "POST /wp-admin/admin-ajax.php?action=async_litespeed&nonce=6nPosHbqRwqjqSyI4xLTNa267omEbxRt&litespeed_type=imgoptm HTTP/1.1" 200 0 "-" "WordPress/6.7.2; https://bakingsecurityin.com"
85.208.96.200 - - [30/Mar/2025:18:36:20 -0400] "GET /ardor-residence-developer-an-exciting-new-launch-in-district-15/ HTTP/1.1" 200 0 "-" "Mozilla/5.0 (compatible; SemrushBot/7~bl; +http://www.semrush.com/bot.html)"
198.54.114.83 - - [30/Mar/2025:18:38:02 -0400] "POST /wp-cron.php?doing_wp_cron=1743374282.3386061191558837890625 HTTP/1.1" 200 0 "-" "WordPress/6.7.2; https://bakingsecurityin.com"
51.222.253.5 - - [30/Mar/2025:18:38:01 -0400] "GET /5-fitness-coach-apps-for-busy-people/feed/ HTTP/1.1" 200 411 "-" "Mozilla/5.0 (compatible; AhrefsBot/7.0; +http://ahrefs.com/robot/)"
198.54.114.83 - - [30/Mar/2025:18:38:03 -0400] "POST /wp-admin/admin-ajax.php?action=async_litespeed&nonce=tsJXl1iz61bhIr8R94KVusy1ljd19rEz&litespeed_type=imgoptm HTTP/1.1" 200 5 "-" "WordPress/6.7.2; https://bakingsecurityin.com"
198.54.114.83 - - [30/Mar/2025:18:40:04 -0400] "POST /wp-cron.php?doing_wp_cron=1743374403.9226698875427246093750 HTTP/1.1" 200 0 "-" "WordPress/6.7.2; https://bakingsecurityin.com"
51.222.253.4 - - [30/Mar/2025:18:40:02 -0400] "GET /enhancing-lives-through-occupational-therapy-in-dubai/feed/ HTTP/1.1" 200 425 "-" "Mozilla/5.0 (compatible; AhrefsBot/7.0; +http://ahrefs.com/robot/)"
198.54.114.83 - - [30/Mar/2025:18:40:04 -0400] "POST /wp-admin/admin-ajax.php?action=async_litespeed&nonce=AUIflIVvCeIGdr5Ujgyf8sSKCDAthDmY&litespeed_type=imgoptm HTTP/1.1" 200 5 "-" "WordPress/6.7.2; https://bakingsecurityin.com"
198.54.114.83 - - [30/Mar/2025:18:41:49 -0400] "POST /wp-cron.php?doing_wp_cron=1743374509.2295670509338378906250 HTTP/1.1" 200 0 "-" "WordPress/6.7.2; https://bakingsecurityin.com"
51.222.253.13 - - [30/Mar/2025:18:41:48 -0400] "GET /choosing-the-right-breast-pump-a-comprehensive-guide/feed/ HTTP/1.1" 200 428 "-" "Mozilla/5.0 (compatible; AhrefsBot/7.0; +http://ahrefs.com/robot/)"
198.54.114.83 - - [30/Mar/2025:18:41:49 -0400] "POST /wp-admin/admin-ajax.php?action=async_litespeed&nonce=rZ0q0N1XkRftIFUNz3SZZg5P8jJOQTyj&litespeed_type=imgoptm HTTP/1.1" 200 5 "-" "WordPress/6.7.2; https://bakingsecurityin.com"
198.54.114.83 - - [30/Mar/2025:18:43:36 -0400] "POST /wp-cron.php?doing_wp_cron=1743374616.0604100227355957031250 HTTP/1.1" 200 0 "-" "WordPress/6.7.2; https://bakingsecurityin.com"
51.222.253.19 - - [30/Mar/2025:18:43:34 -0400] "GET /2021/04/ HTTP/1.1" 200 0 "-" "Mozilla/5.0 (compatible; AhrefsBot/7.0; +http://ahrefs.com/robot/)"
198.54.114.83 - - [30/Mar/2025:18:43:36 -0400] "POST /wp-admin/admin-ajax.php?action=async_litespeed&nonce=ZTF6yofgf5y7xARbltXG14rQkBbSjNOp&litespeed_type=imgoptm HTTP/1.1" 200 5 "-" "WordPress/6.7.2; https://bakingsecurityin.com"
185.191.171.13 - - [30/Mar/2025:18:44:23 -0400] "GET /jewellery-cleaner-solution/ HTTP/1.1" 200 0 "-" "Mozilla/5.0 (compatible; SemrushBot/7~bl; +http://www.semrush.com/bot.html)"
198.54.114.83 - - [30/Mar/2025:18:45:17 -0400] "POST /wp-cron.php?doing_wp_cron=1743374717.1880269050598144531250 HTTP/1.1" 200 0 "-" "WordPress/6.7.2; https://bakingsecurityin.com"
51.222.253.2 - - [30/Mar/2025:18:45:16 -0400] "GET /the-benefits-of-sports-grip-socks/feed/ HTTP/1.1" 200 402 "-" "Mozilla/5.0 (compatible; AhrefsBot/7.0; +http://ahrefs.com/robot/)"
198.54.114.83 - - [30/Mar/2025:18:45:19 -0400] "POST /wp-admin/admin-ajax.php?action=async_litespeed&nonce=xNq6MNm9ac02xy28YAWi2QUzisLwhViN&litespeed_type=imgoptm HTTP/1.1" 200 0 "-" "WordPress/6.7.2; https://bakingsecurityin.com"
198.54.114.83 - - [30/Mar/2025:18:46:32 -0400] "POST /wp-cron.php?doing_wp_cron=1743374792.3588840961456298828125 HTTP/1.1" 200 0 "-" "WordPress/6.7.2; https://bakingsecurityin.com"
185.191.171.6 - - [30/Mar/2025:18:46:32 -0400] "GET /how-to-inject-peptides-into-living-organisms/ HTTP/1.1" 200 0 "-" "Mozilla/5.0 (compatible; SemrushBot/7~bl; +http://www.semrush.com/bot.html)"
198.54.114.83 - - [30/Mar/2025:18:46:32 -0400] "POST /wp-admin/admin-ajax.php?action=async_litespeed&nonce=g4S7hrmmdYUwFWHgfmI1d6HSljmxLC5B&litespeed_type=imgoptm HTTP/1.1" 200 5 "-" "WordPress/6.7.2; https://bakingsecurityin.com"
51.222.253.16 - - [30/Mar/2025:18:47:01 -0400] "GET /what-does-fwd-mean/feed/ HTTP/1.1" 200 385 "-" "Mozilla/5.0 (compatible; AhrefsBot/7.0; +http://ahrefs.com/robot/)"
198.54.114.83 - - [30/Mar/2025:18:48:57 -0400] "POST /wp-cron.php?doing_wp_cron=1743374936.8236689567565917968750 HTTP/1.1" 200 0 "-" "WordPress/6.7.2; https://bakingsecurityin.com"
51.222.253.5 - - [30/Mar/2025:18:48:55 -0400] "GET /schrottplatz-duisburg-ihr-anlaufpunkt-fur-altmetall-und-recycling/ HTTP/1.1" 200 0 "-" "Mozilla/5.0 (compatible; AhrefsBot/7.0; +http://ahrefs.com/robot/)"
198.54.114.83 - - [30/Mar/2025:18:48:57 -0400] "POST /wp-admin/admin-ajax.php?action=async_litespeed&nonce=RAxSB9FUfLccuHMF8RRgrbJHYFDMkLBy&litespeed_type=imgoptm HTTP/1.1" 200 5 "-" "WordPress/6.7.2; https://bakingsecurityin.com"
198.54.114.83 - - [30/Mar/2025:18:50:45 -0400] "POST /wp-cron.php?doing_wp_cron=1743375045.2661409378051757812500 HTTP/1.1" 200 0 "-" "WordPress/6.7.2; https://bakingsecurityin.com"
51.222.253.6 - - [30/Mar/2025:18:50:42 -0400] "GET /star-plus-electrical-services/ HTTP/1.1" 200 0 "-" "Mozilla/5.0 (compatible; AhrefsBot/7.0; +http://ahrefs.com/robot/)"
198.54.114.83 - - [30/Mar/2025:18:50:46 -0400] "POST /wp-admin/admin-ajax.php?action=async_litespeed&nonce=i7SYAXOitZVZCl5VjMc18lp8PdpVjhoD&litespeed_type=imgoptm HTTP/1.1" 200 5 "-" "WordPress/6.7.2; https://bakingsecurityin.com"
198.54.114.83 - - [30/Mar/2025:18:52:29 -0400] "POST /wp-cron.php?doing_wp_cron=1743375149.7366039752960205078125 HTTP/1.1" 200 0 "-" "WordPress/6.7.2; https://bakingsecurityin.com"
51.222.253.8 - - [30/Mar/2025:18:52:28 -0400] "GET /2024/01/ HTTP/1.1" 200 0 "-" "Mozilla/5.0 (compatible; AhrefsBot/7.0; +http://ahrefs.com/robot/)"
198.54.114.83 - - [30/Mar/2025:18:52:30 -0400] "POST /wp-admin/admin-ajax.php?action=async_litespeed&nonce=MGRPPdz3N423kp1z3sfojovvhgl6H35c&litespeed_type=imgoptm HTTP/1.1" 200 5 "-" "WordPress/6.7.2; https://bakingsecurityin.com"
198.54.114.83 - - [30/Mar/2025:18:54:13 -0400] "POST /wp-cron.php?doing_wp_cron=1743375253.1516849994659423828125 HTTP/1.1" 200 0 "-" "WordPress/6.7.2; https://bakingsecurityin.com"
51.222.253.20 - - [30/Mar/2025:18:54:11 -0400] "GET /luxurious-living-at-arina-east-residences/feed/ HTTP/1.1" 200 408 "-" "Mozilla/5.0 (compatible; AhrefsBot/7.0; +http://ahrefs.com/robot/)"
198.54.114.83 - - [30/Mar/2025:18:54:13 -0400] "POST /wp-admin/admin-ajax.php?action=async_litespeed&nonce=OPVDmcyoAJzmBezNgNOeBEf8YpRf4XGa&litespeed_type=imgoptm HTTP/1.1" 200 5 "-" "WordPress/6.7.2; https://bakingsecurityin.com"
198.54.114.83 - - [30/Mar/2025:18:54:44 -0400] "POST /wp-cron.php?doing_wp_cron=1743375284.2200179100036621093750 HTTP/1.1" 200 0 "-" "WordPress/6.7.2; https://bakingsecurityin.com"
58.254.68.93 - - [30/Mar/2025:18:54:43 -0400] "GET /les-pantoufles-sont-populaires-partout-dans-le-monde/ HTTP/1.1" 301 0 "https://bakingsecurityin.com" "Mozilla/5.0 (Windows NT 10.0; Win64; x64) AppleWebKit/537.36 (KHTML, like Gecko) Chrome/62.0.3202.94 Safari/537.36"
198.54.114.83 - - [30/Mar/2025:18:54:44 -0400] "POST /wp-admin/admin-ajax.php?action=async_litespeed&nonce=PC5AoTVshbnCrglaoaEfFAtS0rAE1waC&litespeed_type=imgoptm HTTP/1.1" 200 5 "-" "WordPress/6.7.2; https://bakingsecurityin.com"
58.254.68.93 - - [30/Mar/2025:18:54:45 -0400] "GET /pantoufle-de-dinosaure/ HTTP/1.1" 200 0 "https://bakingsecurityin.com" "Mozilla/5.0 (Windows NT 10.0; Win64; x64) AppleWebKit/537.36 (KHTML, like Gecko) Chrome/62.0.3202.94 Safari/537.36"
198.54.114.83 - - [30/Mar/2025:18:55:58 -0400] "POST /wp-cron.php?doing_wp_cron=1743375358.4819760322570800781250 HTTP/1.1" 200 0 "-" "WordPress/6.7.2; https://bakingsecurityin.com"
51.222.253.3 - - [30/Mar/2025:18:55:58 -0400] "GET /unlocking-the-power-of-qr-codes-the-best-free-qr-code-generators/feed/ HTTP/1.1" 200 435 "-" "Mozilla/5.0 (compatible; AhrefsBot/7.0; +http://ahrefs.com/robot/)"
198.54.114.83 - - [30/Mar/2025:18:55:58 -0400] "POST /wp-admin/admin-ajax.php?action=async_litespeed&nonce=lbynJtSbodE4ZF1cUKZ3UMzmNdMYDd6q&litespeed_type=imgoptm HTTP/1.1" 200 5 "-" "WordPress/6.7.2; https://bakingsecurityin.com"
198.54.114.83 - - [30/Mar/2025:18:57:51 -0400] "POST /wp-cron.php?doing_wp_cron=1743375471.1874520778656005859375 HTTP/1.1" 200 0 "-" "WordPress/6.7.2; https://bakingsecurityin.com"
51.222.253.17 - - [30/Mar/2025:18:57:49 -0400] "GET /the-role-of-osteopath-in-dubai/feed/ HTTP/1.1" 200 399 "-" "Mozilla/5.0 (compatible; AhrefsBot/7.0; +http://ahrefs.com/robot/)"
198.54.114.83 - - [30/Mar/2025:19:00:00 -0400] "POST /wp-cron.php?doing_wp_cron=1743375600.7133309841156005859375 HTTP/1.1" 200 0 "-" "WordPress/6.7.2; https://bakingsecurityin.com"
51.222.253.11 - - [30/Mar/2025:18:59:59 -0400] "GET /comprehensive-physiotherapy-care-in-auckland/feed/ HTTP/1.1" 200 409 "-" "Mozilla/5.0 (compatible; AhrefsBot/7.0; +http://ahrefs.com/robot/)"
198.54.114.83 - - [30/Mar/2025:19:00:01 -0400] "POST /wp-admin/admin-ajax.php?action=async_litespeed&nonce=y3OrndyC25xHwkjFNB4jtpcM0k23m9bf&litespeed_type=imgoptm HTTP/1.1" 200 5 "-" "WordPress/6.7.2; https://bakingsecurityin.com"
198.54.114.83 - - [30/Mar/2025:19:01:57 -0400] "POST /wp-cron.php?doing_wp_cron=1743375717.1407001018524169921875 HTTP/1.1" 200 0 "-" "WordPress/6.7.2; https://bakingsecurityin.com"
51.222.253.19 - - [30/Mar/2025:19:01:55 -0400] "GET /exploring-fenbendazole-potential-benefits-for-humans/feed/ HTTP/1.1" 200 421 "-" "Mozilla/5.0 (compatible; AhrefsBot/7.0; +http://ahrefs.com/robot/)"
198.54.114.83 - - [30/Mar/2025:19:01:57 -0400] "POST /wp-admin/admin-ajax.php?action=async_litespeed&nonce=w7Cs4xRwi1fLWdv2ZIkWRnP7lg5Alcqr&litespeed_type=imgoptm HTTP/1.1" 200 0 "-" "WordPress/6.7.2; https://bakingsecurityin.com"
85.208.98.16 - - [30/Mar/2025:19:02:23 -0400] "GET /extraordinary-event-dresses-for-little-kids/ HTTP/1.1" 404 0 "-" "Mozilla/5.0 (compatible; SemrushBot-BA; +http://www.semrush.com/bot.html)"
58.254.68.93 - - [30/Mar/2025:19:03:25 -0400] "GET /how-to-style-street-wear-for-men/ HTTP/1.1" 200 0 "https://bakingsecurityin.com" "Mozilla/5.0 (Windows NT 10.0; Win64; x64) AppleWebKit/537.36 (KHTML, like Gecko) Chrome/62.0.3202.94 Safari/537.36"
198.54.114.83 - - [30/Mar/2025:19:03:53 -0400] "POST /wp-cron.php?doing_wp_cron=1743375833.1608829498291015625000 HTTP/1.1" 200 0 "-" "WordPress/6.7.2; https://bakingsecurityin.com"
51.222.253.3 - - [30/Mar/2025:19:03:52 -0400] "GET /der-weg-das-herz-zu-beruhren/feed/ HTTP/1.1" 200 406 "-" "Mozilla/5.0 (compatible; AhrefsBot/7.0; +http://ahrefs.com/robot/)"
198.54.114.83 - - [30/Mar/2025:19:03:53 -0400] "POST /wp-admin/admin-ajax.php?action=async_litespeed&nonce=ZPRLpUgOJIAMsjWsaLv3Z9iJBQkihg3M&litespeed_type=imgoptm HTTP/1.1" 200 5 "-" "WordPress/6.7.2; https://bakingsecurityin.com"
51.222.253.15 - - [30/Mar/2025:19:05:49 -0400] "GET /how-to-choose-the-best-credit-repair-service/ HTTP/1.1" 200 0 "-" "Mozilla/5.0 (compatible; AhrefsBot/7.0; +http://ahrefs.com/robot/)"
62.113.115.161 - - [30/Mar/2025:19:06:13 -0400] "GET /a-journey-into-skincare/ HTTP/1.1" 200 0 "https://bakingsecurityin.com/a-journey-into-skincare/" "Mozilla/5.0 (Windows NT 10.0; Win64; x64) AppleWebKit/537.36 (KHTML, like Gecko) Chrome/131.0.0.0 Safari/537.36"
198.54.114.83 - - [30/Mar/2025:19:06:14 -0400] "POST /wp-cron.php?doing_wp_cron=1743375974.7775080204010009765625 HTTP/1.1" 200 0 "-" "WordPress/6.7.2; https://bakingsecurityin.com"
62.113.115.161 - - [30/Mar/2025:19:06:13 -0400] "GET / HTTP/1.1" 200 0 "https://bakingsecurityin.com/" "Mozilla/5.0 (Windows NT 10.0; Win64; x64) AppleWebKit/537.36 (KHTML, like Gecko) Chrome/131.0.0.0 Safari/537.36"
198.54.114.83 - - [30/Mar/2025:19:06:15 -0400] "POST /wp-admin/admin-ajax.php?action=async_litespeed&nonce=4ADTUew2ei8thtUIRM4K8NwK6c98RX5x&litespeed_type=imgoptm HTTP/1.1" 200 5 "-" "WordPress/6.7.2; https://bakingsecurityin.com"
198.54.114.83 - - [30/Mar/2025:19:07:24 -0400] "POST /wp-cron.php?doing_wp_cron=1743376044.0186939239501953125000 HTTP/1.1" 200 0 "-" "WordPress/6.7.2; https://bakingsecurityin.com"
52.167.144.172 - - [30/Mar/2025:19:07:23 -0400] "GET /how-to-turn-off-firewall-on-iphone/ HTTP/1.1" 200 0 "-" "Mozilla/5.0 AppleWebKit/537.36 (KHTML, like Gecko; compatible; bingbot/2.0; +http://www.bing.com/bingbot.htm) Chrome/116.0.1938.76 Safari/537.36"
198.54.114.83 - - [30/Mar/2025:19:07:24 -0400] "POST /wp-admin/admin-ajax.php?action=async_litespeed&nonce=4HXVQORnv5Ahlfdes4wEL4oSvs2hu0Ag&litespeed_type=imgoptm HTTP/1.1" 200 5 "-" "WordPress/6.7.2; https://bakingsecurityin.com"
62.113.115.161 - - [30/Mar/2025:19:07:38 -0400] "GET /a-journey-into-skincare/ HTTP/1.1" 200 0 "https://bakingsecurityin.com/a-journey-into-skincare/" "Mozilla/5.0 (Windows NT 10.0; Win64; x64) AppleWebKit/537.36 (KHTML, like Gecko) Chrome/130.0.0.0 Safari/537.36"
198.54.114.83 - - [30/Mar/2025:19:07:39 -0400] "POST /wp-cron.php?doing_wp_cron=1743376059.4151260852813720703125 HTTP/1.1" 200 0 "-" "WordPress/6.7.2; https://bakingsecurityin.com"
62.113.115.161 - - [30/Mar/2025:19:07:39 -0400] "GET / HTTP/1.1" 200 0 "https://bakingsecurityin.com/" "Mozilla/5.0 (Windows NT 10.0; Win64; x64) AppleWebKit/537.36 (KHTML, like Gecko) Chrome/130.0.0.0 Safari/537.36"
51.222.253.6 - - [30/Mar/2025:19:07:53 -0400] "GET /moovit-legal-services-consultations-in-hattingen-germany/feed/ HTTP/1.1" 200 438 "-" "Mozilla/5.0 (compatible; AhrefsBot/7.0; +http://ahrefs.com/robot/)"
198.54.114.83 - - [30/Mar/2025:19:09:44 -0400] "POST /wp-cron.php?doing_wp_cron=1743376184.0255539417266845703125 HTTP/1.1" 200 0 "-" "WordPress/6.7.2; https://bakingsecurityin.com"
51.222.253.20 - - [30/Mar/2025:19:09:42 -0400] "GET /meilleurs-groupes-de-telegrammes-nus/feed/ HTTP/1.1" 200 404 "-" "Mozilla/5.0 (compatible; AhrefsBot/7.0; +http://ahrefs.com/robot/)"
198.54.114.83 - - [30/Mar/2025:19:09:44 -0400] "POST /wp-admin/admin-ajax.php?action=async_litespeed&nonce=kOrrG3d8awoIttlJjycQECy0aUBy3OXt&litespeed_type=imgoptm HTTP/1.1" 200 5 "-" "WordPress/6.7.2; https://bakingsecurityin.com"
198.54.114.83 - - [30/Mar/2025:19:11:35 -0400] "POST /wp-cron.php?doing_wp_cron=1743376295.6821689605712890625000 HTTP/1.1" 200 0 "-" "WordPress/6.7.2; https://bakingsecurityin.com"
51.222.253.12 - - [30/Mar/2025:19:11:34 -0400] "GET /reformer-pilates-classes/feed/ HTTP/1.1" 200 383 "-" "Mozilla/5.0 (compatible; AhrefsBot/7.0; +http://ahrefs.com/robot/)"
198.54.114.83 - - [30/Mar/2025:19:11:35 -0400] "POST /wp-admin/admin-ajax.php?action=async_litespeed&nonce=I9xT7qHplQdCwVTa8yZqtJUoFxRh6Sf1&litespeed_type=imgoptm HTTP/1.1" 200 5 "-" "WordPress/6.7.2; https://bakingsecurityin.com"
85.208.98.24 - - [30/Mar/2025:19:11:56 -0400] "GET /ma-prime-adapt-demande/ HTTP/1.1" 200 0 "-" "Mozilla/5.0 (compatible; SemrushBot-BA; +http://www.semrush.com/bot.html)"
185.191.171.8 - - [30/Mar/2025:19:11:58 -0400] "GET /the-benefits-of-part-time-jobs-for-students/ HTTP/1.1" 200 0 "-" "Mozilla/5.0 (compatible; SemrushBot/7~bl; +http://www.semrush.com/bot.html)"
85.208.98.20 - - [30/Mar/2025:19:12:07 -0400] "GET /douches-italiennes-la-nouvelle-tendance-salle-de-bain/ HTTP/1.1" 200 0 "-" "Mozilla/5.0 (compatible; SemrushBot-BA; +http://www.semrush.com/bot.html)"
198.54.114.83 - - [30/Mar/2025:19:13:23 -0400] "POST /wp-cron.php?doing_wp_cron=1743376403.5712020397186279296875 HTTP/1.1" 200 0 "-" "WordPress/6.7.2; https://bakingsecurityin.com"
51.222.253.2 - - [30/Mar/2025:19:13:23 -0400] "GET /why-choose-a-private-security-guard-company-for-your-protection/feed/ HTTP/1.1" 200 434 "-" "Mozilla/5.0 (compatible; AhrefsBot/7.0; +http://ahrefs.com/robot/)"
198.54.114.83 - - [30/Mar/2025:19:13:23 -0400] "POST /wp-admin/admin-ajax.php?action=async_litespeed&nonce=B1V5UXyxOVDwFQb4JkD20f7AXwjHymuk&litespeed_type=imgoptm HTTP/1.1" 200 5 "-" "WordPress/6.7.2; https://bakingsecurityin.com"
198.54.114.83 - - [30/Mar/2025:19:15:09 -0400] "POST /wp-cron.php?doing_wp_cron=1743376509.3022329807281494140625 HTTP/1.1" 200 0 "-" "WordPress/6.7.2; https://bakingsecurityin.com"
51.222.253.18 - - [30/Mar/2025:19:15:07 -0400] "GET /mac-oil-cartridges/feed/ HTTP/1.1" 200 380 "-" "Mozilla/5.0 (compatible; AhrefsBot/7.0; +http://ahrefs.com/robot/)"
198.54.114.83 - - [30/Mar/2025:19:15:10 -0400] "POST /wp-admin/admin-ajax.php?action=async_litespeed&nonce=L4dS3G1QPeCZjB59D6HZU3pD7iS3lEVI&litespeed_type=imgoptm HTTP/1.1" 200 5 "-" "WordPress/6.7.2; https://bakingsecurityin.com"
198.54.114.83 - - [30/Mar/2025:19:15:53 -0400] "POST /wp-admin/admin-ajax.php?action=async_litespeed&nonce=EQXl4xqc32DZey34UL2pIJoT55x1w8gh&litespeed_type=imgoptm HTTP/1.1" 200 5 "-" "WordPress/6.7.2; https://bakingsecurityin.com"
198.54.114.83 - - [30/Mar/2025:19:16:52 -0400] "POST /wp-cron.php?doing_wp_cron=1743376612.0399100780487060546875 HTTP/1.1" 200 0 "-" "WordPress/6.7.2; https://bakingsecurityin.com"
51.222.253.9 - - [30/Mar/2025:19:16:51 -0400] "GET /new-mega-launch-condo-at-dunman-road/feed/ HTTP/1.1" 200 409 "-" "Mozilla/5.0 (compatible; AhrefsBot/7.0; +http://ahrefs.com/robot/)"
198.54.114.83 - - [30/Mar/2025:19:16:52 -0400] "POST /wp-admin/admin-ajax.php?action=async_litespeed&nonce=sq0NFwNd8mnVbnOWVEAXNMikoHmTMf5T&litespeed_type=imgoptm HTTP/1.1" 200 5 "-" "WordPress/6.7.2; https://bakingsecurityin.com"
198.54.114.83 - - [30/Mar/2025:19:18:34 -0400] "POST /wp-cron.php?doing_wp_cron=1743376714.5659759044647216796875 HTTP/1.1" 200 0 "-" "WordPress/6.7.2; https://bakingsecurityin.com"
51.222.253.1 - - [30/Mar/2025:19:18:31 -0400] "GET /category/how-to/feed/ HTTP/1.1" 200 13503 "-" "Mozilla/5.0 (compatible; AhrefsBot/7.0; +http://ahrefs.com/robot/)"
198.54.114.83 - - [30/Mar/2025:19:18:35 -0400] "POST /wp-admin/admin-ajax.php?action=async_litespeed&nonce=ik4tvdSFtRcTxS9c8zzGVyVquOgIrKSb&litespeed_type=imgoptm HTTP/1.1" 200 0 "-" "WordPress/6.7.2; https://bakingsecurityin.com"
198.54.114.83 - - [30/Mar/2025:19:20:28 -0400] "POST /wp-cron.php?doing_wp_cron=1743376828.0851280689239501953125 HTTP/1.1" 200 0 "-" "WordPress/6.7.2; https://bakingsecurityin.com"
51.222.253.20 - - [30/Mar/2025:19:20:26 -0400] "GET /the-rise-of-ai-companions-the-fascination-of-an-ai-girlfriend/feed/ HTTP/1.1" 200 432 "-" "Mozilla/5.0 (compatible; AhrefsBot/7.0; +http://ahrefs.com/robot/)"
198.54.114.83 - - [30/Mar/2025:19:20:29 -0400] "POST /wp-admin/admin-ajax.php?action=async_litespeed&nonce=HqzeOBpJGs2jmfV0LANut16e4LwY6ZjN&litespeed_type=imgoptm HTTP/1.1" 200 0 "-" "WordPress/6.7.2; https://bakingsecurityin.com"
198.54.114.83 - - [30/Mar/2025:19:22:47 -0400] "POST /wp-cron.php?doing_wp_cron=1743376967.4699549674987792968750 HTTP/1.1" 200 0 "-" "WordPress/6.7.2; https://bakingsecurityin.com"
51.222.253.16 - - [30/Mar/2025:19:22:45 -0400] "GET /tazarotene-cream-uk/feed/ HTTP/1.1" 200 381 "-" "Mozilla/5.0 (compatible; AhrefsBot/7.0; +http://ahrefs.com/robot/)"
198.54.114.83 - - [30/Mar/2025:19:22:48 -0400] "POST /wp-admin/admin-ajax.php?action=async_litespeed&nonce=47X13HSgemtUyir0YHusST1g35R7bI2u&litespeed_type=imgoptm HTTP/1.1" 200 5 "-" "WordPress/6.7.2; https://bakingsecurityin.com"
198.54.114.83 - - [30/Mar/2025:19:24:53 -0400] "POST /wp-cron.php?doing_wp_cron=1743377092.9899799823760986328125 HTTP/1.1" 200 0 "-" "WordPress/6.7.2; https://bakingsecurityin.com"
198.54.114.83 - - [30/Mar/2025:19:24:53 -0400] "POST /wp-cron.php?doing_wp_cron=1743377092.9899270534515380859375 HTTP/1.1" 200 0 "-" "WordPress/6.7.2; https://bakingsecurityin.com"
52.167.144.147 - - [30/Mar/2025:19:24:52 -0400] "GET /slot-machines-at-gas-stations/ HTTP/1.1" 200 0 "-" "Mozilla/5.0 AppleWebKit/537.36 (KHTML, like Gecko; compatible; bingbot/2.0; +http://www.bing.com/bingbot.htm) Chrome/116.0.1938.76 Safari/537.36"
51.222.253.18 - - [30/Mar/2025:19:24:52 -0400] "GET /how-to-find-a-mediator-near-me/feed/ HTTP/1.1" 200 403 "-" "Mozilla/5.0 (compatible; AhrefsBot/7.0; +http://ahrefs.com/robot/)"
198.54.114.83 - - [30/Mar/2025:19:26:40 -0400] "POST /wp-cron.php?doing_wp_cron=1743377199.9181110858917236328125 HTTP/1.1" 200 0 "-" "WordPress/6.7.2; https://bakingsecurityin.com"
51.222.253.5 - - [30/Mar/2025:19:26:38 -0400] "GET /category/activity/page/26/ HTTP/1.1" 200 0 "-" "Mozilla/5.0 (compatible; AhrefsBot/7.0; +http://ahrefs.com/robot/)"
198.54.114.83 - - [30/Mar/2025:19:26:40 -0400] "POST /wp-admin/admin-ajax.php?action=async_litespeed&nonce=S8NqFvqEhxheAK3pmwcjr4qe33tT6p4u&litespeed_type=imgoptm HTTP/1.1" 200 5 "-" "WordPress/6.7.2; https://bakingsecurityin.com"
85.208.98.19 - - [30/Mar/2025:19:27:19 -0400] "GET /ma-prime-adapt-demande/ HTTP/1.1" 200 0 "-" "Mozilla/5.0 (compatible; SemrushBot-BA; +http://www.semrush.com/bot.html)"
85.208.98.19 - - [30/Mar/2025:19:27:32 -0400] "GET /douches-italiennes-la-nouvelle-tendance-salle-de-bain/ HTTP/1.1" 200 0 "-" "Mozilla/5.0 (compatible; SemrushBot-BA; +http://www.semrush.com/bot.html)"
198.54.114.83 - - [30/Mar/2025:19:28:40 -0400] "POST /wp-cron.php?doing_wp_cron=1743377320.1541790962219238281250 HTTP/1.1" 200 0 "-" "WordPress/6.7.2; https://bakingsecurityin.com"
51.222.253.8 - - [30/Mar/2025:19:28:38 -0400] "GET /how-to-get-more-hearts-on-musically/feed/ HTTP/1.1" 200 404 "-" "Mozilla/5.0 (compatible; AhrefsBot/7.0; +http://ahrefs.com/robot/)"
198.54.114.83 - - [30/Mar/2025:19:28:40 -0400] "POST /wp-admin/admin-ajax.php?action=async_litespeed&nonce=BOW3a3ig60vZiCzAOW9is8iipvf5La86&litespeed_type=imgoptm HTTP/1.1" 200 5 "-" "WordPress/6.7.2; https://bakingsecurityin.com"
85.208.96.202 - - [30/Mar/2025:19:29:02 -0400] "GET /online-gambling/ HTTP/1.1" 200 0 "-" "Mozilla/5.0 (compatible; SemrushBot/7~bl; +http://www.semrush.com/bot.html)"
198.54.114.83 - - [30/Mar/2025:19:30:35 -0400] "POST /wp-cron.php?doing_wp_cron=1743377435.4684629440307617187500 HTTP/1.1" 200 0 "-" "WordPress/6.7.2; https://bakingsecurityin.com"
51.222.253.19 - - [30/Mar/2025:19:30:33 -0400] "GET /how-to-enlarge-penis-with-the-best-penis-enlargement-pills/feed/ HTTP/1.1" 200 426 "-" "Mozilla/5.0 (compatible; AhrefsBot/7.0; +http://ahrefs.com/robot/)"
198.54.114.83 - - [30/Mar/2025:19:30:38 -0400] "POST /wp-admin/admin-ajax.php?action=async_litespeed&nonce=2qTvQLqjaL0bowlhniV976x2xyP3ITl8&litespeed_type=imgoptm HTTP/1.1" 200 5 "-" "WordPress/6.7.2; https://bakingsecurityin.com"
198.54.114.83 - - [30/Mar/2025:19:31:57 -0400] "POST /wp-cron.php?doing_wp_cron=1743377517.3262391090393066406250 HTTP/1.1" 200 0 "-" "WordPress/6.7.2; https://bakingsecurityin.com"
192.34.62.41 - - [30/Mar/2025:19:31:57 -0400] "GET / HTTP/1.1" 200 0 "-" "Mozilla/5.0 (Macintosh; Intel Mac OS X 10_15_7) AppleWebKit/537.36 (KHTML, like Gecko) Chrome/128.0.0.0 Safari/537.36"
198.54.114.83 - - [30/Mar/2025:19:31:57 -0400] "POST /wp-admin/admin-ajax.php?action=async_litespeed&nonce=UBIMLGOq39dLXdoxFpohzbmtfDB23neI&litespeed_type=imgoptm HTTP/1.1" 200 5 "-" "WordPress/6.7.2; https://bakingsecurityin.com"
51.222.253.14 - - [30/Mar/2025:19:32:25 -0400] "GET /basic-mindfulness-meditation/feed/ HTTP/1.1" 200 387 "-" "Mozilla/5.0 (compatible; AhrefsBot/7.0; +http://ahrefs.com/robot/)"
198.54.114.83 - - [30/Mar/2025:19:33:01 -0400] "POST /wp-cron.php?doing_wp_cron=1743377581.5982949733734130859375 HTTP/1.1" 200 0 "-" "WordPress/6.7.2; https://bakingsecurityin.com"
185.191.171.10 - - [30/Mar/2025:19:33:01 -0400] "GET /how-to-get-likes-on-youtube-comment/ HTTP/1.1" 200 0 "-" "Mozilla/5.0 (compatible; SemrushBot/7~bl; +http://www.semrush.com/bot.html)"
198.54.114.83 - - [30/Mar/2025:19:33:02 -0400] "POST /wp-admin/admin-ajax.php?action=async_litespeed&nonce=W4HnBvbAXiffqVjdYizxfzZVbdcpWYja&litespeed_type=imgoptm HTTP/1.1" 200 5 "-" "WordPress/6.7.2; https://bakingsecurityin.com"
51.222.253.18 - - [30/Mar/2025:19:34:21 -0400] "GET /table-lamps-lighting-can-make-all-the-difference/feed/ HTTP/1.1" 200 434 "-" "Mozilla/5.0 (compatible; AhrefsBot/7.0; +http://ahrefs.com/robot/)"
198.54.114.83 - - [30/Mar/2025:19:36:11 -0400] "POST /wp-cron.php?doing_wp_cron=1743377771.7353749275207519531250 HTTP/1.1" 200 0 "-" "WordPress/6.7.2; https://bakingsecurityin.com"
51.222.253.12 - - [30/Mar/2025:19:36:09 -0400] "GET /finding-the-right-curly-hairdresser/feed/ HTTP/1.1" 200 406 "-" "Mozilla/5.0 (compatible; AhrefsBot/7.0; +http://ahrefs.com/robot/)"
198.54.114.83 - - [30/Mar/2025:19:36:12 -0400] "POST /wp-admin/admin-ajax.php?action=async_litespeed&nonce=ZV02ozevRVNfURWFefrT9adwd3SGpMRW&litespeed_type=imgoptm HTTP/1.1" 200 5 "-" "WordPress/6.7.2; https://bakingsecurityin.com"
198.54.114.83 - - [30/Mar/2025:19:36:32 -0400] "POST /wp-admin/admin-ajax.php?action=async_litespeed&nonce=gvvhEmcOmwEoXD9F02VWnCaIhBVN5TxI&litespeed_type=imgoptm HTTP/1.1" 200 5 "-" "WordPress/6.7.2; https://bakingsecurityin.com"
198.54.114.83 - - [30/Mar/2025:19:38:08 -0400] "POST /wp-cron.php?doing_wp_cron=1743377887.8559799194335937500000 HTTP/1.1" 200 0 "-" "WordPress/6.7.2; https://bakingsecurityin.com"
51.222.253.2 - - [30/Mar/2025:19:38:06 -0400] "GET /caregiver-jobs-near-me-2/feed/ HTTP/1.1" 200 390 "-" "Mozilla/5.0 (compatible; AhrefsBot/7.0; +http://ahrefs.com/robot/)"
198.54.114.83 - - [30/Mar/2025:19:38:08 -0400] "POST /wp-admin/admin-ajax.php?action=async_litespeed&nonce=wrP3MocEsVfWFApNZqDTROcx8M5UIeZ3&litespeed_type=imgoptm HTTP/1.1" 200 5 "-" "WordPress/6.7.2; https://bakingsecurityin.com"
198.54.114.83 - - [30/Mar/2025:19:40:09 -0400] "POST /wp-cron.php?doing_wp_cron=1743378009.4950010776519775390625 HTTP/1.1" 200 0 "-" "WordPress/6.7.2; https://bakingsecurityin.com"
51.222.253.13 - - [30/Mar/2025:19:40:08 -0400] "GET /digital-marketing-agency-in-mumbai/feed/ HTTP/1.1" 200 402 "-" "Mozilla/5.0 (compatible; AhrefsBot/7.0; +http://ahrefs.com/robot/)"
198.54.114.83 - - [30/Mar/2025:19:40:09 -0400] "POST /wp-admin/admin-ajax.php?action=async_litespeed&nonce=j7AarA3D19sLf4Nz2xB7QMsZLHtCwOyW&litespeed_type=imgoptm HTTP/1.1" 200 5 "-" "WordPress/6.7.2; https://bakingsecurityin.com"
51.222.253.9 - - [30/Mar/2025:19:41:54 -0400] "GET /mastering-ragdoll-archers-unblocked-game/ HTTP/1.1" 200 0 "-" "Mozilla/5.0 (compatible; AhrefsBot/7.0; +http://ahrefs.com/robot/)"
198.54.114.83 - - [30/Mar/2025:19:43:50 -0400] "POST /wp-cron.php?doing_wp_cron=1743378230.1225550174713134765625 HTTP/1.1" 200 0 "-" "WordPress/6.7.2; https://bakingsecurityin.com"
51.222.253.8 - - [30/Mar/2025:19:43:48 -0400] "GET /silver-menorahs-judaica-menorahs-for-every-occasion/feed/ HTTP/1.1" 200 425 "-" "Mozilla/5.0 (compatible; AhrefsBot/7.0; +http://ahrefs.com/robot/)"
85.208.96.196 - - [30/Mar/2025:19:44:29 -0400] "GET /robots.txt HTTP/1.1" 304 0 "-" "Mozilla/5.0 (compatible; SemrushBot/7~bl; +http://www.semrush.com/bot.html)"
85.208.96.209 - - [30/Mar/2025:19:44:30 -0400] "GET /luxury-livery-service-at-your-doorstep/ HTTP/1.1" 200 0 "-" "Mozilla/5.0 (compatible; SemrushBot/7~bl; +http://www.semrush.com/bot.html)"
198.54.114.83 - - [30/Mar/2025:19:45:37 -0400] "POST /wp-cron.php?doing_wp_cron=1743378336.8463509082794189453125 HTTP/1.1" 200 0 "-" "WordPress/6.7.2; https://bakingsecurityin.com"
51.222.253.5 - - [30/Mar/2025:19:45:36 -0400] "GET /moss-agate-ring/feed/ HTTP/1.1" 200 379 "-" "Mozilla/5.0 (compatible; AhrefsBot/7.0; +http://ahrefs.com/robot/)"
198.54.114.83 - - [30/Mar/2025:19:47:29 -0400] "POST /wp-cron.php?doing_wp_cron=1743378449.2855110168457031250000 HTTP/1.1" 200 0 "-" "WordPress/6.7.2; https://bakingsecurityin.com"
51.222.253.20 - - [30/Mar/2025:19:47:28 -0400] "GET /attraction-of-online-gambling-sites/feed/ HTTP/1.1" 200 396 "-" "Mozilla/5.0 (compatible; AhrefsBot/7.0; +http://ahrefs.com/robot/)"
198.54.114.83 - - [30/Mar/2025:19:47:29 -0400] "POST /wp-admin/admin-ajax.php?action=async_litespeed&nonce=Ld9bLGSSY4YIwfz4o5yTQ6wMl1atifqP&litespeed_type=imgoptm HTTP/1.1" 200 5 "-" "WordPress/6.7.2; https://bakingsecurityin.com"
198.54.114.83 - - [30/Mar/2025:19:49:34 -0400] "POST /wp-cron.php?doing_wp_cron=1743378574.5434689521789550781250 HTTP/1.1" 200 0 "-" "WordPress/6.7.2; https://bakingsecurityin.com"
51.222.253.2 - - [30/Mar/2025:19:49:33 -0400] "GET /facebook-agency-account-a-complete-solution-for-marketing-agencies/feed/ HTTP/1.1" 200 442 "-" "Mozilla/5.0 (compatible; AhrefsBot/7.0; +http://ahrefs.com/robot/)"
198.54.114.83 - - [30/Mar/2025:19:49:35 -0400] "POST /wp-admin/admin-ajax.php?action=async_litespeed&nonce=pRmszEeoOvOYn5hQUQ1n4X8KMwioaCjI&litespeed_type=imgoptm HTTP/1.1" 200 5 "-" "WordPress/6.7.2; https://bakingsecurityin.com"
182.43.65.17 - - [30/Mar/2025:19:50:29 -0400] "GET /wp-login.php HTTP/1.1" 200 1738 "-" "Apache-HttpClient/4.5.2 (Java/1.8.0_161)"
182.43.65.17 - - [30/Mar/2025:19:50:32 -0400] "GET /author/ashdev/ HTTP/1.1" 200 0 "-" "Apache-HttpClient/4.5.2 (Java/1.8.0_161)"
182.43.65.17 - - [30/Mar/2025:19:50:33 -0400] "GET /author/jorge/ HTTP/1.1" 200 0 "-" "Apache-HttpClient/4.5.2 (Java/1.8.0_161)"
51.222.253.8 - - [30/Mar/2025:19:51:07 -0400] "GET /ski-accommodation-at-the-landmark-condo/feed/ HTTP/1.1" 200 405 "-" "Mozilla/5.0 (compatible; AhrefsBot/7.0; +http://ahrefs.com/robot/)"
198.54.114.83 - - [30/Mar/2025:19:52:51 -0400] "POST /wp-cron.php?doing_wp_cron=1743378771.2817699909210205078125 HTTP/1.1" 200 0 "-" "WordPress/6.7.2; https://bakingsecurityin.com"
51.222.253.18 - - [30/Mar/2025:19:52:50 -0400] "GET /the-arden-is-not-just-a-village-or-a-town/feed/ HTTP/1.1" 200 418 "-" "Mozilla/5.0 (compatible; AhrefsBot/7.0; +http://ahrefs.com/robot/)"
198.54.114.83 - - [30/Mar/2025:19:52:51 -0400] "POST /wp-admin/admin-ajax.php?action=async_litespeed&nonce=aTQOfhu6DSMJjCVgiHRYDwXXuLKZqGDL&litespeed_type=imgoptm HTTP/1.1" 200 5 "-" "WordPress/6.7.2; https://bakingsecurityin.com"
51.222.253.12 - - [30/Mar/2025:19:54:29 -0400] "GET /vintage-persian-rugs/feed/ HTTP/1.1" 200 386 "-" "Mozilla/5.0 (compatible; AhrefsBot/7.0; +http://ahrefs.com/robot/)"
198.54.114.83 - - [30/Mar/2025:19:56:11 -0400] "POST /wp-cron.php?doing_wp_cron=1743378971.7275869846343994140625 HTTP/1.1" 200 0 "-" "WordPress/6.7.2; https://bakingsecurityin.com"
51.222.253.6 - - [30/Mar/2025:19:56:10 -0400] "GET /hin-und-wieder-zuruck-podcast/feed/ HTTP/1.1" 200 402 "-" "Mozilla/5.0 (compatible; AhrefsBot/7.0; +http://ahrefs.com/robot/)"
198.54.114.83 - - [30/Mar/2025:19:56:12 -0400] "POST /wp-admin/admin-ajax.php?action=async_litespeed&nonce=Z9o3S65IFNipWcagOaqFCzreZsbVtUwX&litespeed_type=imgoptm HTTP/1.1" 200 5 "-" "WordPress/6.7.2; https://bakingsecurityin.com"
198.54.114.83 - - [30/Mar/2025:19:56:53 -0400] "POST /wp-cron.php?doing_wp_cron=1743379013.2455871105194091796875 HTTP/1.1" 200 0 "-" "WordPress/6.7.2; https://bakingsecurityin.com"
185.191.171.11 - - [30/Mar/2025:19:56:53 -0400] "GET /reusable-iced-coffee-cups/ HTTP/1.1" 200 0 "-" "Mozilla/5.0 (compatible; SemrushBot/7~bl; +http://www.semrush.com/bot.html)"
198.54.114.83 - - [30/Mar/2025:19:57:47 -0400] "POST /wp-cron.php?doing_wp_cron=1743379067.0983231067657470703125 HTTP/1.1" 200 0 "-" "WordPress/6.7.2; https://bakingsecurityin.com"
51.222.253.17 - - [30/Mar/2025:19:57:47 -0400] "GET /liquid-metal-thermal-paste/feed/ HTTP/1.1" 200 395 "-" "Mozilla/5.0 (compatible; AhrefsBot/7.0; +http://ahrefs.com/robot/)"
198.54.114.83 - - [30/Mar/2025:19:57:47 -0400] "POST /wp-admin/admin-ajax.php?action=async_litespeed&nonce=RKPh7EB6AgW90q2f09vkw9cod5DeEZvX&litespeed_type=imgoptm HTTP/1.1" 200 5 "-" "WordPress/6.7.2; https://bakingsecurityin.com"
51.222.253.4 - - [30/Mar/2025:19:59:37 -0400] "GET /grainger-rockwell-hardness-tester-for-sale/feed/ HTTP/1.1" 200 408 "-" "Mozilla/5.0 (compatible; AhrefsBot/7.0; +http://ahrefs.com/robot/)"
198.54.114.83 - - [30/Mar/2025:20:01:11 -0400] "POST /wp-cron.php?doing_wp_cron=1743379271.3332219123840332031250 HTTP/1.1" 200 0 "-" "WordPress/6.7.2; https://bakingsecurityin.com"
51.222.253.20 - - [30/Mar/2025:20:01:10 -0400] "GET /one-bernam-tanjong-pagar/feed/ HTTP/1.1" 200 388 "-" "Mozilla/5.0 (compatible; AhrefsBot/7.0; +http://ahrefs.com/robot/)"
198.54.114.83 - - [30/Mar/2025:20:01:11 -0400] "POST /wp-admin/admin-ajax.php?action=async_litespeed&nonce=KFUleUQIlqFSsOAABl0gyLeG4QSzNiAK&litespeed_type=imgoptm HTTP/1.1" 200 5 "-" "WordPress/6.7.2; https://bakingsecurityin.com"
198.54.114.83 - - [30/Mar/2025:20:02:49 -0400] "POST /wp-cron.php?doing_wp_cron=1743379369.3779389858245849609375 HTTP/1.1" 200 0 "-" "WordPress/6.7.2; https://bakingsecurityin.com"
51.222.253.12 - - [30/Mar/2025:20:02:48 -0400] "GET /eco-imaginative-ideas-for-expanding-mechanized-truck-wash-volume/feed/ HTTP/1.1" 200 441 "-" "Mozilla/5.0 (compatible; AhrefsBot/7.0; +http://ahrefs.com/robot/)"
198.54.114.83 - - [30/Mar/2025:20:04:26 -0400] "POST /wp-cron.php?doing_wp_cron=1743379465.8948290348052978515625 HTTP/1.1" 200 0 "-" "WordPress/6.7.2; https://bakingsecurityin.com"
51.222.253.4 - - [30/Mar/2025:20:04:21 -0400] "GET /the-benefits-of-vegetables/feed/ HTTP/1.1" 200 388 "-" "Mozilla/5.0 (compatible; AhrefsBot/7.0; +http://ahrefs.com/robot/)"
198.54.114.83 - - [30/Mar/2025:20:06:01 -0400] "POST /wp-cron.php?doing_wp_cron=1743379561.6571640968322753906250 HTTP/1.1" 200 0 "-" "WordPress/6.7.2; https://bakingsecurityin.com"
51.222.253.8 - - [30/Mar/2025:20:06:01 -0400] "GET /movie-buffs-on-the-internet/feed/ HTTP/1.1" 200 394 "-" "Mozilla/5.0 (compatible; AhrefsBot/7.0; +http://ahrefs.com/robot/)"
198.54.114.83 - - [30/Mar/2025:20:06:02 -0400] "POST /wp-admin/admin-ajax.php?action=async_litespeed&nonce=59nKn8CkGPUm9mCLQqHugqgeXWQjvaLf&litespeed_type=imgoptm HTTP/1.1" 200 5 "-" "WordPress/6.7.2; https://bakingsecurityin.com"
198.54.114.83 - - [30/Mar/2025:20:07:57 -0400] "POST /wp-cron.php?doing_wp_cron=1743379677.7044169902801513671875 HTTP/1.1" 200 0 "-" "WordPress/6.7.2; https://bakingsecurityin.com"
51.222.253.15 - - [30/Mar/2025:20:07:56 -0400] "GET /smb-marketing-secrets/feed/ HTTP/1.1" 200 381 "-" "Mozilla/5.0 (compatible; AhrefsBot/7.0; +http://ahrefs.com/robot/)"
198.54.114.83 - - [30/Mar/2025:20:07:58 -0400] "POST /wp-admin/admin-ajax.php?action=async_litespeed&nonce=rCnNxKMCle36TBa0pvuGlH9uKx7vaK7V&litespeed_type=imgoptm HTTP/1.1" 200 5 "-" "WordPress/6.7.2; https://bakingsecurityin.com"
198.54.114.83 - - [30/Mar/2025:20:09:57 -0400] "POST /wp-cron.php?doing_wp_cron=1743379797.1091730594635009765625 HTTP/1.1" 200 0 "-" "WordPress/6.7.2; https://bakingsecurityin.com"
51.222.253.19 - - [30/Mar/2025:20:09:55 -0400] "GET /tembusu-grand-an-ideal-place-for-families/feed/ HTTP/1.1" 200 429 "-" "Mozilla/5.0 (compatible; AhrefsBot/7.0; +http://ahrefs.com/robot/)"
198.54.114.83 - - [30/Mar/2025:20:09:57 -0400] "POST /wp-admin/admin-ajax.php?action=async_litespeed&nonce=p9oykc35Jii9IQ1WI3WVfxG6p5FqFIF8&litespeed_type=imgoptm HTTP/1.1" 200 5 "-" "WordPress/6.7.2; https://bakingsecurityin.com"
198.54.114.83 - - [30/Mar/2025:20:11:36 -0400] "POST /wp-cron.php?doing_wp_cron=1743379895.9962129592895507812500 HTTP/1.1" 200 0 "-" "WordPress/6.7.2; https://bakingsecurityin.com"
51.222.253.19 - - [30/Mar/2025:20:11:35 -0400] "GET /smart-wallet-mit-munzfach/feed/ HTTP/1.1" 200 397 "-" "Mozilla/5.0 (compatible; AhrefsBot/7.0; +http://ahrefs.com/robot/)"
198.54.114.83 - - [30/Mar/2025:20:11:36 -0400] "POST /wp-admin/admin-ajax.php?action=async_litespeed&nonce=XMjn6EsZsuq1c94mMPI6kqO1PwHb5ilL&litespeed_type=imgoptm HTTP/1.1" 200 5 "-" "WordPress/6.7.2; https://bakingsecurityin.com"
198.54.114.83 - - [30/Mar/2025:20:13:13 -0400] "POST /wp-cron.php?doing_wp_cron=1743379993.0518569946289062500000 HTTP/1.1" 200 0 "-" "WordPress/6.7.2; https://bakingsecurityin.com"
51.222.253.12 - - [30/Mar/2025:20:13:10 -0400] "GET /angel-figurine-manufacturers/feed/ HTTP/1.1" 200 389 "-" "Mozilla/5.0 (compatible; AhrefsBot/7.0; +http://ahrefs.com/robot/)"
198.54.114.83 - - [30/Mar/2025:20:13:13 -0400] "POST /wp-admin/admin-ajax.php?action=async_litespeed&nonce=otyX6uCIuPrVDWmAz1R6JF3DAOcZ7ia2&litespeed_type=imgoptm HTTP/1.1" 200 5 "-" "WordPress/6.7.2; https://bakingsecurityin.com"
198.54.114.83 - - [30/Mar/2025:20:14:42 -0400] "POST /wp-cron.php?doing_wp_cron=1743380081.7141749858856201171875 HTTP/1.1" 200 0 "-" "WordPress/6.7.2; https://bakingsecurityin.com"
51.222.253.16 - - [30/Mar/2025:20:14:40 -0400] "GET /how-to-do-the-ask-me-anything-on-snapchat/feed/ HTTP/1.1" 200 419 "-" "Mozilla/5.0 (compatible; AhrefsBot/7.0; +http://ahrefs.com/robot/)"
198.54.114.83 - - [30/Mar/2025:20:14:42 -0400] "POST /wp-admin/admin-ajax.php?action=async_litespeed&nonce=AssPELQGk6yAiF7y2z2Evy5eBrlu6bsj&litespeed_type=imgoptm HTTP/1.1" 200 5 "-" "WordPress/6.7.2; https://bakingsecurityin.com"
198.54.114.83 - - [30/Mar/2025:20:16:08 -0400] "POST /wp-cron.php?doing_wp_cron=1743380168.5008199214935302734375 HTTP/1.1" 200 0 "-" "WordPress/6.7.2; https://bakingsecurityin.com"
51.222.253.6 - - [30/Mar/2025:20:16:07 -0400] "GET /category/activity/page/7/ HTTP/1.1" 200 0 "-" "Mozilla/5.0 (compatible; AhrefsBot/7.0; +http://ahrefs.com/robot/)"
198.54.114.83 - - [30/Mar/2025:20:16:09 -0400] "POST /wp-admin/admin-ajax.php?action=async_litespeed&nonce=Jmt30DoazPGJDXwT4XKXBIGPIRhSbylT&litespeed_type=imgoptm HTTP/1.1" 200 5 "-" "WordPress/6.7.2; https://bakingsecurityin.com"
198.54.114.83 - - [30/Mar/2025:20:17:38 -0400] "POST /wp-cron.php?doing_wp_cron=1743380257.9502849578857421875000 HTTP/1.1" 200 0 "-" "WordPress/6.7.2; https://bakingsecurityin.com"
51.222.253.15 - - [30/Mar/2025:20:17:36 -0400] "GET /finding-the-right-divorce-lawyer/feed/ HTTP/1.1" 200 404 "-" "Mozilla/5.0 (compatible; AhrefsBot/7.0; +http://ahrefs.com/robot/)"
198.54.114.83 - - [30/Mar/2025:20:17:38 -0400] "POST /wp-admin/admin-ajax.php?action=async_litespeed&nonce=UNvO4cQee4275Ia1pP8k99dZcTXQJnox&litespeed_type=imgoptm HTTP/1.1" 200 5 "-" "WordPress/6.7.2; https://bakingsecurityin.com"
198.54.114.83 - - [30/Mar/2025:20:19:14 -0400] "POST /wp-cron.php?doing_wp_cron=1743380354.2395679950714111328125 HTTP/1.1" 200 0 "-" "WordPress/6.7.2; https://bakingsecurityin.com"
51.222.253.5 - - [30/Mar/2025:20:19:13 -0400] "GET /mk-bag-on-sale/feed/ HTTP/1.1" 200 379 "-" "Mozilla/5.0 (compatible; AhrefsBot/7.0; +http://ahrefs.com/robot/)"
198.54.114.83 - - [30/Mar/2025:20:19:15 -0400] "POST /wp-admin/admin-ajax.php?action=async_litespeed&nonce=g68q3X6fPLNGWnHUVNZjzpr1XLsAk2Rj&litespeed_type=imgoptm HTTP/1.1" 200 5 "-" "WordPress/6.7.2; https://bakingsecurityin.com"
198.54.114.83 - - [30/Mar/2025:20:21:05 -0400] "POST /wp-cron.php?doing_wp_cron=1743380465.0709969997406005859375 HTTP/1.1" 200 0 "-" "WordPress/6.7.2; https://bakingsecurityin.com"
51.222.253.1 - - [30/Mar/2025:20:21:03 -0400] "GET /the-convenience-of-buying-prescription-glasses-online/feed/ HTTP/1.1" 200 418 "-" "Mozilla/5.0 (compatible; AhrefsBot/7.0; +http://ahrefs.com/robot/)"
198.54.114.83 - - [30/Mar/2025:20:21:05 -0400] "POST /wp-admin/admin-ajax.php?action=async_litespeed&nonce=rJ3ew07XaL9ECYovLEZupbyANELVzxGc&litespeed_type=imgoptm HTTP/1.1" 200 5 "-" "WordPress/6.7.2; https://bakingsecurityin.com"
94.181.156.210 - - [30/Mar/2025:20:21:12 -0400] "GET /review-of-the-relx-vape-pods/ HTTP/1.1" 200 0 "-" "Mozilla/5.0 (Windows NT 6.3; Win64; x64) AppleWebKit/537.36 (KHTML, like Gecko) Chrome/75.0.3770.100 Safari/537.36"
198.54.114.83 - - [30/Mar/2025:20:21:34 -0400] "POST /wp-cron.php?doing_wp_cron=1743380493.8455801010131835937500 HTTP/1.1" 200 0 "-" "WordPress/6.7.2; https://bakingsecurityin.com"
109.236.93.77 - - [30/Mar/2025:20:21:33 -0400] "GET /vintage-turkish-rugs HTTP/1.1" 301 0 "-" "Mozilla/5.0 (Windows NT 10.0; Win64; x64) AppleWebKit/537.36 (KHTML, like Gecko) Chrome/118.0.0.0 Safari/537.36"
198.54.114.83 - - [30/Mar/2025:20:21:34 -0400] "POST /wp-admin/admin-ajax.php?action=async_litespeed&nonce=Xxqby8KFimPZ1gRCMCzxbV0H33nlvIle&litespeed_type=imgoptm HTTP/1.1" 200 5 "-" "WordPress/6.7.2; https://bakingsecurityin.com"
198.54.114.83 - - [30/Mar/2025:20:22:36 -0400] "POST /wp-cron.php?doing_wp_cron=1743380556.0736699104309082031250 HTTP/1.1" 200 0 "-" "WordPress/6.7.2; https://bakingsecurityin.com"
51.222.253.1 - - [30/Mar/2025:20:22:35 -0400] "GET /die-unterschiede-zwischen-einem-baukredit-und-einer-hypothek/feed/ HTTP/1.1" 200 433 "-" "Mozilla/5.0 (compatible; AhrefsBot/7.0; +http://ahrefs.com/robot/)"
198.54.114.83 - - [30/Mar/2025:20:22:36 -0400] "POST /wp-admin/admin-ajax.php?action=async_litespeed&nonce=q4SntaX4mkRT90kZhVF1RTnJ7SDuyaVO&litespeed_type=imgoptm HTTP/1.1" 200 5 "-" "WordPress/6.7.2; https://bakingsecurityin.com"
198.54.114.83 - - [30/Mar/2025:20:24:10 -0400] "POST /wp-cron.php?doing_wp_cron=1743380649.8030979633331298828125 HTTP/1.1" 200 0 "-" "WordPress/6.7.2; https://bakingsecurityin.com"
51.222.253.10 - - [30/Mar/2025:20:24:08 -0400] "GET /lawyer-hattingen-2/feed/ HTTP/1.1" 200 379 "-" "Mozilla/5.0 (compatible; AhrefsBot/7.0; +http://ahrefs.com/robot/)"
198.54.114.83 - - [30/Mar/2025:20:24:10 -0400] "POST /wp-admin/admin-ajax.php?action=async_litespeed&nonce=OkNKnDW62GDs7TAAEhbJtHsYWtHmClcd&litespeed_type=imgoptm HTTP/1.1" 200 5 "-" "WordPress/6.7.2; https://bakingsecurityin.com"
198.54.114.83 - - [30/Mar/2025:20:25:42 -0400] "POST /wp-cron.php?doing_wp_cron=1743380741.7004489898681640625000 HTTP/1.1" 200 0 "-" "WordPress/6.7.2; https://bakingsecurityin.com"
51.222.253.18 - - [30/Mar/2025:20:25:39 -0400] "GET /getting-familiar-with-refrigerator-parts/feed/ HTTP/1.1" 200 406 "-" "Mozilla/5.0 (compatible; AhrefsBot/7.0; +http://ahrefs.com/robot/)"
198.54.114.83 - - [30/Mar/2025:20:25:43 -0400] "POST /wp-admin/admin-ajax.php?action=async_litespeed&nonce=4944uLtZGPNspaclHKtoQoN4thWVnSfj&litespeed_type=imgoptm HTTP/1.1" 200 5 "-" "WordPress/6.7.2; https://bakingsecurityin.com"
85.208.96.208 - - [30/Mar/2025:20:26:08 -0400] "GET /use-of-gps-technology-by-moving-companies/ HTTP/1.1" 200 0 "-" "Mozilla/5.0 (compatible; SemrushBot/7~bl; +http://www.semrush.com/bot.html)"
198.54.114.83 - - [30/Mar/2025:20:27:12 -0400] "POST /wp-cron.php?doing_wp_cron=1743380831.9677729606628417968750 HTTP/1.1" 200 0 "-" "WordPress/6.7.2; https://bakingsecurityin.com"
51.222.253.9 - - [30/Mar/2025:20:27:11 -0400] "GET /are-peptides-good-for-skin/feed/ HTTP/1.1" 200 394 "-" "Mozilla/5.0 (compatible; AhrefsBot/7.0; +http://ahrefs.com/robot/)"
198.54.114.83 - - [30/Mar/2025:20:27:13 -0400] "POST /wp-admin/admin-ajax.php?action=async_litespeed&nonce=7TnjmI7AuPETRQgqw0THJHG1jfZaQiFo&litespeed_type=imgoptm HTTP/1.1" 200 5 "-" "WordPress/6.7.2; https://bakingsecurityin.com"
195.2.75.64 - - [30/Mar/2025:20:27:32 -0400] "GET /a-journey-into-skincare/ HTTP/1.1" 200 0 "https://bakingsecurityin.com/a-journey-into-skincare/" "Mozilla/5.0 (Windows NT 10.0; Win64; x64) AppleWebKit/537.36 (KHTML, like Gecko) Chrome/130.0.0.0 Safari/537.36"
198.54.114.83 - - [30/Mar/2025:20:27:39 -0400] "POST /wp-cron.php?doing_wp_cron=1743380858.3972909450531005859375 HTTP/1.1" 200 0 "-" "WordPress/6.7.2; https://bakingsecurityin.com"
134.17.14.122 - - [30/Mar/2025:20:27:38 -0400] "GET /wp-content/BypassBest.php HTTP/1.1" 404 0 "-" "Mozilla/4.0 (compatible; MSIE 6.0; Windows NT 5.1; SV1)"
198.54.114.83 - - [30/Mar/2025:20:27:39 -0400] "POST /wp-admin/admin-ajax.php?action=async_litespeed&nonce=c4PlpA4ZU16U0vTdILf1BubPlfjqZBNx&litespeed_type=imgoptm HTTP/1.1" 200 5 "-" "WordPress/6.7.2; https://bakingsecurityin.com"
195.2.75.64 - - [30/Mar/2025:20:27:44 -0400] "GET / HTTP/1.1" 200 0 "https://bakingsecurityin.com/" "Mozilla/5.0 (Windows NT 10.0; Win64; x64) AppleWebKit/537.36 (KHTML, like Gecko) Chrome/130.0.0.0 Safari/537.36"
198.54.114.83 - - [30/Mar/2025:20:28:48 -0400] "POST /wp-cron.php?doing_wp_cron=1743380928.4916229248046875000000 HTTP/1.1" 200 0 "-" "WordPress/6.7.2; https://bakingsecurityin.com"
51.222.253.9 - - [30/Mar/2025:20:28:48 -0400] "GET /how-long-does-a-ring-doorbell-battery-last/feed/ HTTP/1.1" 200 420 "-" "Mozilla/5.0 (compatible; AhrefsBot/7.0; +http://ahrefs.com/robot/)"
198.54.114.83 - - [30/Mar/2025:20:28:49 -0400] "POST /wp-admin/admin-ajax.php?action=async_litespeed&nonce=tZxX4qrv6w06t2GPrDWTOUf5h7B4f6ve&litespeed_type=imgoptm HTTP/1.1" 200 5 "-" "WordPress/6.7.2; https://bakingsecurityin.com"
198.54.114.83 - - [30/Mar/2025:20:29:53 -0400] "POST /wp-cron.php?doing_wp_cron=1743380992.9947550296783447265625 HTTP/1.1" 200 0 "-" "WordPress/6.7.2; https://bakingsecurityin.com"
185.191.171.6 - - [30/Mar/2025:20:29:52 -0400] "GET /can-fenbendazole-cure-cancer/ HTTP/1.1" 200 0 "-" "Mozilla/5.0 (compatible; SemrushBot/7~bl; +http://www.semrush.com/bot.html)"
198.54.114.83 - - [30/Mar/2025:20:29:53 -0400] "POST /wp-admin/admin-ajax.php?action=async_litespeed&nonce=apLuuEaVQfAuF03HPNGdbZ74N1Hb8KcC&litespeed_type=imgoptm HTTP/1.1" 200 5 "-" "WordPress/6.7.2; https://bakingsecurityin.com"
198.54.114.83 - - [30/Mar/2025:20:30:30 -0400] "POST /wp-cron.php?doing_wp_cron=1743381030.5075829029083251953125 HTTP/1.1" 200 0 "-" "WordPress/6.7.2; https://bakingsecurityin.com"
51.222.253.2 - - [30/Mar/2025:20:30:30 -0400] "GET /how-do-i-know-im-a-real-estate-investor/feed/ HTTP/1.1" 200 421 "-" "Mozilla/5.0 (compatible; AhrefsBot/7.0; +http://ahrefs.com/robot/)"
198.54.114.83 - - [30/Mar/2025:20:30:31 -0400] "POST /wp-admin/admin-ajax.php?action=async_litespeed&nonce=Edzu5C9cpCaSg3CvXCxunkAiYhsapHt4&litespeed_type=imgoptm HTTP/1.1" 200 5 "-" "WordPress/6.7.2; https://bakingsecurityin.com"
198.54.114.83 - - [30/Mar/2025:20:32:05 -0400] "POST /wp-cron.php?doing_wp_cron=1743381125.4613840579986572265625 HTTP/1.1" 200 0 "-" "WordPress/6.7.2; https://bakingsecurityin.com"
51.222.253.6 - - [30/Mar/2025:20:32:03 -0400] "GET /why-does-my-phone-say-lte-instead-of-5g/feed/ HTTP/1.1" 200 417 "-" "Mozilla/5.0 (compatible; AhrefsBot/7.0; +http://ahrefs.com/robot/)"
3.147.60.47 - - [30/Mar/2025:20:33:05 -0400] "GET /robots.txt HTTP/1.1" 200 98 "-" "Mozilla/5.0 AppleWebKit/537.36 (KHTML, like Gecko; compatible; ClaudeBot/1.0; +claudebot@anthropic.com)"
198.54.114.83 - - [30/Mar/2025:20:33:05 -0400] "POST /wp-cron.php?doing_wp_cron=1743381185.6959729194641113281250 HTTP/1.1" 200 0 "-" "WordPress/6.7.2; https://bakingsecurityin.com"
3.147.60.47 - - [30/Mar/2025:20:33:05 -0400] "GET /innovative-fitness-apparel-redefining-performance-and-style HTTP/1.1" 301 0 "-" "Mozilla/5.0 AppleWebKit/537.36 (KHTML, like Gecko; compatible; ClaudeBot/1.0; +claudebot@anthropic.com)"
3.147.60.47 - - [30/Mar/2025:20:33:06 -0400] "GET /innovative-fitness-apparel-redefining-performance-and-style/ HTTP/1.1" 200 0 "https://bakingsecurityin.com/innovative-fitness-apparel-redefining-performance-and-style" "Mozilla/5.0 AppleWebKit/537.36 (KHTML, like Gecko; compatible; ClaudeBot/1.0; +claudebot@anthropic.com)"
198.54.114.83 - - [30/Mar/2025:20:33:06 -0400] "POST /wp-admin/admin-ajax.php?action=async_litespeed&nonce=oRYKSKMOgO1xqIeCq7w0QAcFTvU1A16d&litespeed_type=imgoptm HTTP/1.1" 200 5 "-" "WordPress/6.7.2; https://bakingsecurityin.com"
4.227.36.7 - - [30/Mar/2025:20:33:08 -0400] "GET /robots.txt HTTP/1.1" 200 98 "-" "Mozilla/5.0 AppleWebKit/537.36 (KHTML, like Gecko; compatible; GPTBot/1.2; +https://openai.com/gptbot)"
20.171.207.236 - - [30/Mar/2025:20:33:12 -0400] "GET /faites-une-declaration-de-mode-avec-des-sacs-pour-ordinateur-portable-cool/ HTTP/1.1" 200 0 "-" "Mozilla/5.0 AppleWebKit/537.36 (KHTML, like Gecko; compatible; GPTBot/1.2; +https://openai.com/gptbot)"
51.222.253.2 - - [30/Mar/2025:20:34:08 -0400] "GET /can-fenbendazole-cure-cancer-2/ HTTP/1.1" 200 0 "-" "Mozilla/5.0 (compatible; AhrefsBot/7.0; +http://ahrefs.com/robot/)"
198.54.114.83 - - [30/Mar/2025:20:36:06 -0400] "POST /wp-cron.php?doing_wp_cron=1743381365.9736089706420898437500 HTTP/1.1" 200 0 "-" "WordPress/6.7.2; https://bakingsecurityin.com"
198.54.114.83 - - [30/Mar/2025:20:36:07 -0400] "POST /wp-admin/admin-ajax.php?action=async_litespeed&nonce=vfsaHqGV4fAD0c1V8jZHLx8M8rXCefWa&litespeed_type=imgoptm HTTP/1.1" 200 5 "-" "WordPress/6.7.2; https://bakingsecurityin.com"
51.222.253.15 - - [30/Mar/2025:20:36:02 -0400] "GET /plastic-recycling-machine-market/feed/ HTTP/1.1" 200 400 "-" "Mozilla/5.0 (compatible; AhrefsBot/7.0; +http://ahrefs.com/robot/)"
198.54.114.83 - - [30/Mar/2025:20:37:57 -0400] "POST /wp-cron.php?doing_wp_cron=1743381477.0965030193328857421875 HTTP/1.1" 200 0 "-" "WordPress/6.7.2; https://bakingsecurityin.com"
51.222.253.1 - - [30/Mar/2025:20:37:55 -0400] "GET /how-to-inject-peptides-into-living-organisms/feed/ HTTP/1.1" 200 416 "-" "Mozilla/5.0 (compatible; AhrefsBot/7.0; +http://ahrefs.com/robot/)"
198.54.114.83 - - [30/Mar/2025:20:37:57 -0400] "POST /wp-admin/admin-ajax.php?action=async_litespeed&nonce=5yDdS571ndBkWjR3MsHM6rWU7licPlbE&litespeed_type=imgoptm HTTP/1.1" 200 5 "-" "WordPress/6.7.2; https://bakingsecurityin.com"
