198.54.114.83 - - [31/Mar/2025:13:37:02 -0400] "POST /wp-admin/admin-ajax.php?action=async_litespeed&nonce=e6nka8xmodgGQi39wlwBkNbcif7acFP5&litespeed_type=imgoptm HTTP/1.1" 200 0 "-" "WordPress/6.7.2; https://bakingsecurityin.com"
198.54.114.83 - - [31/Mar/2025:13:39:50 -0400] "POST /wp-cron.php?doing_wp_cron=1743442790.5181050300598144531250 HTTP/1.1" 200 0 "-" "WordPress/6.7.2; https://bakingsecurityin.com"
51.222.253.5 - - [31/Mar/2025:13:39:48 -0400] "GET /get-the-most-out-of-conservatory-roofs-all-year-round/feed/ HTTP/1.1" 200 433 "-" "Mozilla/5.0 (compatible; AhrefsBot/7.0; +http://ahrefs.com/robot/)"
198.54.114.83 - - [31/Mar/2025:13:39:52 -0400] "POST /wp-admin/admin-ajax.php?action=async_litespeed&nonce=2u61dzKNMHTjuHzLnexr7DtV6csegvBm&litespeed_type=imgoptm HTTP/1.1" 200 0 "-" "WordPress/6.7.2; https://bakingsecurityin.com"
40.77.167.18 - - [31/Mar/2025:13:41:47 -0400] "GET /personalized-fuzzy-socks/ HTTP/1.1" 200 0 "-" "Mozilla/5.0 AppleWebKit/537.36 (KHTML, like Gecko; compatible; bingbot/2.0; +http://www.bing.com/bingbot.htm) Chrome/116.0.1938.76 Safari/537.36"
198.54.114.83 - - [31/Mar/2025:13:42:11 -0400] "POST /wp-cron.php?doing_wp_cron=1743442930.8701460361480712890625 HTTP/1.1" 200 0 "-" "WordPress/6.7.2; https://bakingsecurityin.com"
51.222.253.19 - - [31/Mar/2025:13:42:08 -0400] "GET /dwi-driving-while-impaired-intoxicated-and-implied-consent-in-north-carolina/ HTTP/1.1" 200 0 "-" "Mozilla/5.0 (compatible; AhrefsBot/7.0; +http://ahrefs.com/robot/)"
198.54.114.83 - - [31/Mar/2025:13:42:11 -0400] "POST /wp-admin/admin-ajax.php?action=async_litespeed&nonce=IC7hPfLUmW82TSFRZVBInLER6EpTvA9C&litespeed_type=imgoptm HTTP/1.1" 200 5 "-" "WordPress/6.7.2; https://bakingsecurityin.com"
198.54.114.83 - - [31/Mar/2025:13:44:05 -0400] "POST /wp-admin/admin-ajax.php?action=async_litespeed&nonce=SZ5WvHcib5orCSLhlQrznlaS5CGuRZIF&litespeed_type=imgoptm HTTP/1.1" 200 5 "-" "WordPress/6.7.2; https://bakingsecurityin.com"
51.222.253.7 - - [31/Mar/2025:13:44:22 -0400] "GET /why-choose-windows-south-wales/feed/ HTTP/1.1" 200 392 "-" "Mozilla/5.0 (compatible; AhrefsBot/7.0; +http://ahrefs.com/robot/)"
198.54.114.83 - - [31/Mar/2025:13:46:35 -0400] "POST /wp-cron.php?doing_wp_cron=1743443195.2460610866546630859375 HTTP/1.1" 200 0 "-" "WordPress/6.7.2; https://bakingsecurityin.com"
51.222.253.14 - - [31/Mar/2025:13:46:32 -0400] "GET /how-to-equip-great-runes/ HTTP/1.1" 200 0 "-" "Mozilla/5.0 (compatible; AhrefsBot/7.0; +http://ahrefs.com/robot/)"
198.54.114.83 - - [31/Mar/2025:13:46:36 -0400] "POST /wp-admin/admin-ajax.php?action=async_litespeed&nonce=tNst1GobzOy8tohABUWiBoRXSCEwCyhG&litespeed_type=imgoptm HTTP/1.1" 200 5 "-" "WordPress/6.7.2; https://bakingsecurityin.com"
198.54.114.83 - - [31/Mar/2025:13:48:49 -0400] "POST /wp-cron.php?doing_wp_cron=1743443329.4209730625152587890625 HTTP/1.1" 200 0 "-" "WordPress/6.7.2; https://bakingsecurityin.com"
51.222.253.16 - - [31/Mar/2025:13:48:46 -0400] "GET /beauty-and-travel-blog-glossary/ HTTP/1.1" 200 0 "-" "Mozilla/5.0 (compatible; AhrefsBot/7.0; +http://ahrefs.com/robot/)"
198.54.114.83 - - [31/Mar/2025:13:48:51 -0400] "POST /wp-admin/admin-ajax.php?action=async_litespeed&nonce=aLjKG8o106L1TgcMsBPpNNLsNAYVPiTx&litespeed_type=imgoptm HTTP/1.1" 200 0 "-" "WordPress/6.7.2; https://bakingsecurityin.com"
198.54.114.83 - - [31/Mar/2025:13:51:13 -0400] "POST /wp-cron.php?doing_wp_cron=1743443472.7552559375762939453125 HTTP/1.1" 200 0 "-" "WordPress/6.7.2; https://bakingsecurityin.com"
51.222.253.20 - - [31/Mar/2025:13:51:10 -0400] "GET /does-battlefield-2042-have-a-campaign/ HTTP/1.1" 200 0 "-" "Mozilla/5.0 (compatible; AhrefsBot/7.0; +http://ahrefs.com/robot/)"
185.191.171.17 - - [31/Mar/2025:13:53:20 -0400] "GET /robots.txt HTTP/1.1" 304 0 "-" "Mozilla/5.0 (compatible; SemrushBot/7~bl; +http://www.semrush.com/bot.html)"
85.208.96.200 - - [31/Mar/2025:13:53:21 -0400] "GET /beauty-and-travel-blog-glossary/ HTTP/1.1" 200 0 "-" "Mozilla/5.0 (compatible; SemrushBot/7~bl; +http://www.semrush.com/bot.html)"
198.54.114.83 - - [31/Mar/2025:13:53:28 -0400] "POST /wp-cron.php?doing_wp_cron=1743443608.0100739002227783203125 HTTP/1.1" 200 0 "-" "WordPress/6.7.2; https://bakingsecurityin.com"
51.222.253.11 - - [31/Mar/2025:13:53:26 -0400] "GET /hillock-green-condominium/ HTTP/1.1" 200 0 "-" "Mozilla/5.0 (compatible; AhrefsBot/7.0; +http://ahrefs.com/robot/)"
198.54.114.83 - - [31/Mar/2025:13:53:29 -0400] "POST /wp-admin/admin-ajax.php?action=async_litespeed&nonce=LsWxFYSbS52hSUJT1QYl18QCiKz5f1Mq&litespeed_type=imgoptm HTTP/1.1" 200 5 "-" "WordPress/6.7.2; https://bakingsecurityin.com"
104.234.53.19 - - [31/Mar/2025:13:55:41 -0400] "GET /how-does-red-light-therapy-work/ HTTP/1.1" 200 0 "https://bakingsecurityin.com/how-does-red-light-therapy-work/" "Mozilla/5.0 (Windows NT 10.0; Win64; x64) AppleWebKit/537.36 (KHTML, like Gecko) Chrome/131.0.0.0 Safari/537.36"
198.54.114.83 - - [31/Mar/2025:13:55:43 -0400] "POST /wp-cron.php?doing_wp_cron=1743443743.3717141151428222656250 HTTP/1.1" 200 0 "-" "WordPress/6.7.2; https://bakingsecurityin.com"
198.54.114.83 - - [31/Mar/2025:13:55:43 -0400] "POST /wp-cron.php?doing_wp_cron=1743443743.3720679283142089843750 HTTP/1.1" 200 0 "-" "WordPress/6.7.2; https://bakingsecurityin.com"
104.234.53.22 - - [31/Mar/2025:13:55:42 -0400] "GET / HTTP/1.1" 200 0 "https://bakingsecurityin.com/" "Mozilla/5.0 (Windows NT 10.0; Win64; x64) AppleWebKit/537.36 (KHTML, like Gecko) Chrome/131.0.0.0 Safari/537.36"
192.95.29.138 - - [31/Mar/2025:13:55:41 -0400] "GET /%D0%BC%D0%B5%D0%BB%D1%8C%D0%B4%D0%BE%D0%BD%D0%B8%D0%B9-%D0%BD%D0%B0%D1%80%D0%BA%D0%BE%D1%82%D0%B8%D1%87%D0%B5%D1%81%D0%BA%D0%B8%D0%B9-%D1%8D%D1%84%D1%84%D0%B5%D0%BA%D1%82/ HTTP/1.1" 301 0 "-" "Mozilla/5.0 (compatible; MJ12bot/v1.4.8; http://mj12bot.com/)"
198.54.114.83 - - [31/Mar/2025:13:55:44 -0400] "POST /wp-admin/admin-ajax.php?action=async_litespeed&nonce=khu8tYhj6EXxA7xamFofhXkkkpCbQIgu&litespeed_type=imgoptm HTTP/1.1" 200 5 "-" "WordPress/6.7.2; https://bakingsecurityin.com"
192.95.29.138 - - [31/Mar/2025:13:55:46 -0400] "GET /meldonium-narcotic-effect/ HTTP/1.1" 200 0 "-" "Mozilla/5.0 (compatible; MJ12bot/v1.4.8; http://mj12bot.com/)"
51.222.253.9 - - [31/Mar/2025:13:55:48 -0400] "GET /category/activity/feed/ HTTP/1.1" 200 264872 "-" "Mozilla/5.0 (compatible; AhrefsBot/7.0; +http://ahrefs.com/robot/)"
192.95.29.138 - - [31/Mar/2025:13:55:50 -0400] "GET /why-choose-windows-south-wales// HTTP/1.1" 301 0 "-" "Mozilla/5.0 (compatible; MJ12bot/v1.4.8; http://mj12bot.com/)"
192.95.29.138 - - [31/Mar/2025:13:55:53 -0400] "GET /why-choose-windows-south-wales/ HTTP/1.1" 200 0 "-" "Mozilla/5.0 (compatible; MJ12bot/v1.4.8; http://mj12bot.com/)"
192.95.29.138 - - [31/Mar/2025:13:55:55 -0400] "GET /%D0%BC%D0%B5%D0%BB%D1%8C%D0%B4%D0%BE%D0%BD%D0%B8%D0%B9-%D0%BD%D0%B0%D1%80%D0%BA%D0%BE%D1%82%D0%B8%D1%87%D0%B5%D1%81%D0%BA%D0%B8%D0%B9-%D1%8D%D1%84%D1%84%D0%B5%D0%BA%D1%82/feed/ HTTP/1.1" 200 431 "-" "Mozilla/5.0 (compatible; MJ12bot/v1.4.8; http://mj12bot.com/)"
198.54.114.83 - - [31/Mar/2025:13:58:10 -0400] "POST /wp-cron.php?doing_wp_cron=1743443889.8210129737854003906250 HTTP/1.1" 200 0 "-" "WordPress/6.7.2; https://bakingsecurityin.com"
51.222.253.15 - - [31/Mar/2025:13:58:06 -0400] "GET /2025/02/ HTTP/1.1" 200 0 "-" "Mozilla/5.0 (compatible; AhrefsBot/7.0; +http://ahrefs.com/robot/)"
198.54.114.83 - - [31/Mar/2025:13:58:11 -0400] "POST /wp-admin/admin-ajax.php?action=async_litespeed&nonce=CPyDNSbKIBoUuxZBUzgr4UrfgqFboUjE&litespeed_type=imgoptm HTTP/1.1" 200 5 "-" "WordPress/6.7.2; https://bakingsecurityin.com"
198.54.114.83 - - [31/Mar/2025:14:00:35 -0400] "POST /wp-cron.php?doing_wp_cron=1743444035.4551379680633544921875 HTTP/1.1" 200 0 "-" "WordPress/6.7.2; https://bakingsecurityin.com"
51.222.253.19 - - [31/Mar/2025:14:00:33 -0400] "GET /newport-residences-the-newest-development-in-tanjong-pagar/ HTTP/1.1" 200 0 "-" "Mozilla/5.0 (compatible; AhrefsBot/7.0; +http://ahrefs.com/robot/)"
198.54.114.83 - - [31/Mar/2025:14:00:36 -0400] "POST /wp-admin/admin-ajax.php?action=async_litespeed&nonce=SVcwBBOPUWwcTK5ntWg1zZ7rLbBBHS1b&litespeed_type=imgoptm HTTP/1.1" 200 5 "-" "WordPress/6.7.2; https://bakingsecurityin.com"
198.54.114.83 - - [31/Mar/2025:14:01:52 -0400] "POST /wp-cron.php?doing_wp_cron=1743444111.8483250141143798828125 HTTP/1.1" 200 0 "-" "WordPress/6.7.2; https://bakingsecurityin.com"
47.238.13.10 - - [31/Mar/2025:14:01:50 -0400] "GET /post-sitemap2.xml HTTP/1.1" 404 0 "-" "Mozilla/5.0 (Macintosh; Intel Mac OS X 10_15_7) AppleWebKit/537.36 (KHTML, like Gecko) Chrome/109.0.0.0 Safari/537.36"
198.54.114.83 - - [31/Mar/2025:14:01:53 -0400] "POST /wp-admin/admin-ajax.php?action=async_litespeed&nonce=QBCxjNLPD8ApsdFTgQ0mYqw44J2o4zjt&litespeed_type=imgoptm HTTP/1.1" 200 0 "-" "WordPress/6.7.2; https://bakingsecurityin.com"
198.54.114.83 - - [31/Mar/2025:14:03:11 -0400] "POST /wp-cron.php?doing_wp_cron=1743444191.6063370704650878906250 HTTP/1.1" 200 0 "-" "WordPress/6.7.2; https://bakingsecurityin.com"
51.222.253.18 - - [31/Mar/2025:14:03:10 -0400] "GET /ihr-umzugspartner-in-luneburg-professionelle-umzugsdienste/ HTTP/1.1" 200 0 "-" "Mozilla/5.0 (compatible; AhrefsBot/7.0; +http://ahrefs.com/robot/)"
198.54.114.83 - - [31/Mar/2025:14:03:12 -0400] "POST /wp-admin/admin-ajax.php?action=async_litespeed&nonce=r5tMO6mftqZW44SLWeZeKzL8LHwucPeR&litespeed_type=imgoptm HTTP/1.1" 200 0 "-" "WordPress/6.7.2; https://bakingsecurityin.com"
198.54.114.83 - - [31/Mar/2025:14:05:36 -0400] "POST /wp-admin/admin-ajax.php?action=async_litespeed&nonce=DiWKKCnRiiH6Es7DFTkrnnNjj5Rhq3Y5&litespeed_type=imgoptm HTTP/1.1" 200 0 "-" "WordPress/6.7.2; https://bakingsecurityin.com"
112.92.70.120 - - [31/Mar/2025:14:06:27 -0400] "GET /les-pantoufles-sont-populaires-partout-dans-le-monde/ HTTP/1.1" 301 0 "https://bakingsecurityin.com" "Mozilla/5.0 (Windows NT 10.0; Win64; x64) AppleWebKit/537.36 (KHTML, like Gecko) Chrome/62.0.3202.94 Safari/537.36"
112.92.70.120 - - [31/Mar/2025:14:06:29 -0400] "GET /pantoufle-de-dinosaure/ HTTP/1.1" 200 0 "https://bakingsecurityin.com" "Mozilla/5.0 (Windows NT 10.0; Win64; x64) AppleWebKit/537.36 (KHTML, like Gecko) Chrome/62.0.3202.94 Safari/537.36"
198.54.114.83 - - [31/Mar/2025:14:06:54 -0400] "POST /wp-cron.php?doing_wp_cron=1743444413.6172530651092529296875 HTTP/1.1" 200 0 "-" "WordPress/6.7.2; https://bakingsecurityin.com"
51.222.253.17 - - [31/Mar/2025:14:06:53 -0400] "GET /manufacturing-loans-can-fulfill-a-variety-of-needs/ HTTP/1.1" 200 0 "-" "Mozilla/5.0 (compatible; AhrefsBot/7.0; +http://ahrefs.com/robot/)"
198.54.114.83 - - [31/Mar/2025:14:06:56 -0400] "POST /wp-admin/admin-ajax.php?action=async_litespeed&nonce=ZZ31FAJOExqHG7Nfw3LVETjA6L10qPtD&litespeed_type=imgoptm HTTP/1.1" 200 0 "-" "WordPress/6.7.2; https://bakingsecurityin.com"
198.54.114.83 - - [31/Mar/2025:14:07:33 -0400] "POST /wp-admin/admin-ajax.php?action=async_litespeed&nonce=YeQrrBovSaQjjxgW7JBMBTvUNdlwkSVS&litespeed_type=imgoptm HTTP/1.1" 200 5 "-" "WordPress/6.7.2; https://bakingsecurityin.com"
18.211.148.239 - - [31/Mar/2025:14:07:51 -0400] "GET /good-night-quotes/ HTTP/1.1" 404 0 "-" "Mozilla/5.0 AppleWebKit/537.36 (KHTML, like Gecko; compatible; Amazonbot/0.1; +https://developer.amazon.com/support/amazonbot) Chrome/119.0.6045.214 Safari/537.36"
185.191.171.13 - - [31/Mar/2025:14:07:53 -0400] "GET /moderne-beleuchtung-fur-zeitgemases-ambiente/ HTTP/1.1" 200 0 "-" "Mozilla/5.0 (compatible; SemrushBot/7~bl; +http://www.semrush.com/bot.html)"
198.54.114.83 - - [31/Mar/2025:14:10:40 -0400] "POST /wp-cron.php?doing_wp_cron=1743444639.8969879150390625000000 HTTP/1.1" 200 0 "-" "WordPress/6.7.2; https://bakingsecurityin.com"
51.222.253.10 - - [31/Mar/2025:14:10:35 -0400] "GET /effizienter-umzug-in-hamburg-mit-einem-professionellen-umzugsunternehmen/ HTTP/1.1" 200 0 "-" "Mozilla/5.0 (compatible; AhrefsBot/7.0; +http://ahrefs.com/robot/)"
198.54.114.83 - - [31/Mar/2025:14:10:42 -0400] "POST /wp-admin/admin-ajax.php?action=async_litespeed&nonce=qHnNP6uLHXSh0XVN9R07kn3sQjj0eP4h&litespeed_type=imgoptm HTTP/1.1" 200 0 "-" "WordPress/6.7.2; https://bakingsecurityin.com"
198.54.114.83 - - [31/Mar/2025:14:14:14 -0400] "POST /wp-cron.php?doing_wp_cron=1743444853.4192628860473632812500 HTTP/1.1" 200 0 "-" "WordPress/6.7.2; https://bakingsecurityin.com"
51.222.253.14 - - [31/Mar/2025:14:14:10 -0400] "GET /10-things-you-should-know-before-shipping-your-car-overseas/ HTTP/1.1" 200 0 "-" "Mozilla/5.0 (compatible; AhrefsBot/7.0; +http://ahrefs.com/robot/)"
198.54.114.83 - - [31/Mar/2025:14:14:15 -0400] "POST /wp-admin/admin-ajax.php?action=async_litespeed&nonce=1JwIFkH892G3JNeoaU7KPspuwf1kTzbA&litespeed_type=imgoptm HTTP/1.1" 200 0 "-" "WordPress/6.7.2; https://bakingsecurityin.com"
198.54.114.83 - - [31/Mar/2025:14:17:38 -0400] "POST /wp-cron.php?doing_wp_cron=1743445057.9835538864135742187500 HTTP/1.1" 200 0 "-" "WordPress/6.7.2; https://bakingsecurityin.com"
51.222.253.18 - - [31/Mar/2025:14:17:35 -0400] "GET /football-odds-explained/ HTTP/1.1" 200 0 "-" "Mozilla/5.0 (compatible; AhrefsBot/7.0; +http://ahrefs.com/robot/)"
198.54.114.83 - - [31/Mar/2025:14:17:39 -0400] "POST /wp-admin/admin-ajax.php?action=async_litespeed&nonce=WdX6WSxvZWTnuW7IYnOtdDQDD8CgJB7F&litespeed_type=imgoptm HTTP/1.1" 200 0 "-" "WordPress/6.7.2; https://bakingsecurityin.com"
198.54.114.83 - - [31/Mar/2025:14:19:06 -0400] "POST /wp-admin/admin-ajax.php?action=async_litespeed&nonce=iTi1qBGBIXVcFzj2JetrQ7ut3gS7wIda&litespeed_type=imgoptm HTTP/1.1" 200 0 "-" "WordPress/6.7.2; https://bakingsecurityin.com"
198.54.114.83 - - [31/Mar/2025:14:21:06 -0400] "POST /wp-cron.php?doing_wp_cron=1743445266.3526430130004882812500 HTTP/1.1" 200 0 "-" "WordPress/6.7.2; https://bakingsecurityin.com"
51.222.253.16 - - [31/Mar/2025:14:21:04 -0400] "GET /how-to-compare-moving-companies/ HTTP/1.1" 200 0 "-" "Mozilla/5.0 (compatible; AhrefsBot/7.0; +http://ahrefs.com/robot/)"
198.54.114.83 - - [31/Mar/2025:14:21:07 -0400] "POST /wp-admin/admin-ajax.php?action=async_litespeed&nonce=jr0EtG9KKDPCATC1HnHPbjpqBqUwBVOy&litespeed_type=imgoptm HTTP/1.1" 200 5 "-" "WordPress/6.7.2; https://bakingsecurityin.com"
143.137.164.109 - - [31/Mar/2025:14:22:10 -0400] "GET /solid-conservatory-roof-panels/ HTTP/1.1" 200 0 "-" "Mozilla/5.0 (X11; Fedora; Linux x86_64; rv:114.0) Gecko/20100101 Firefox/114.0"
58.254.68.93 - - [31/Mar/2025:14:22:15 -0400] "GET /how-to-style-street-wear-for-men/ HTTP/1.1" 200 0 "https://bakingsecurityin.com" "Mozilla/5.0 (Windows NT 10.0; Win64; x64) AppleWebKit/537.36 (KHTML, like Gecko) Chrome/62.0.3202.94 Safari/537.36"
198.54.114.83 - - [31/Mar/2025:14:24:34 -0400] "POST /wp-cron.php?doing_wp_cron=1743445473.8329699039459228515625 HTTP/1.1" 200 0 "-" "WordPress/6.7.2; https://bakingsecurityin.com"
51.222.253.10 - - [31/Mar/2025:14:24:31 -0400] "GET /category/activity/page/4/ HTTP/1.1" 200 0 "-" "Mozilla/5.0 (compatible; AhrefsBot/7.0; +http://ahrefs.com/robot/)"
198.54.114.83 - - [31/Mar/2025:14:24:34 -0400] "POST /wp-admin/admin-ajax.php?action=async_litespeed&nonce=nJ0DRGp3AET0mvYRKJhHnHpyLYXBeKiP&litespeed_type=imgoptm HTTP/1.1" 200 5 "-" "WordPress/6.7.2; https://bakingsecurityin.com"
85.208.96.196 - - [31/Mar/2025:14:27:45 -0400] "GET /ac-repair-services/ HTTP/1.1" 200 0 "-" "Mozilla/5.0 (compatible; SemrushBot/7~bl; +http://www.semrush.com/bot.html)"
198.54.114.83 - - [31/Mar/2025:14:27:46 -0400] "POST /wp-cron.php?doing_wp_cron=1743445665.9653189182281494140625 HTTP/1.1" 200 0 "-" "WordPress/6.7.2; https://bakingsecurityin.com"
51.222.253.11 - - [31/Mar/2025:14:27:43 -0400] "GET /what-does-fwd-mean/ HTTP/1.1" 200 0 "-" "Mozilla/5.0 (compatible; AhrefsBot/7.0; +http://ahrefs.com/robot/)"
198.54.114.83 - - [31/Mar/2025:14:27:47 -0400] "POST /wp-admin/admin-ajax.php?action=async_litespeed&nonce=AaCeZlaDSmz3xLScg1ARR4DJGsbFlFYm&litespeed_type=imgoptm HTTP/1.1" 200 5 "-" "WordPress/6.7.2; https://bakingsecurityin.com"
58.254.68.93 - - [31/Mar/2025:14:28:24 -0400] "GET /how-to-style-street-wear-for-men/ HTTP/1.1" 200 0 "https://bakingsecurityin.com" "Mozilla/5.0 (Windows NT 10.0; Win64; x64) AppleWebKit/537.36 (KHTML, like Gecko) Chrome/62.0.3202.94 Safari/537.36"
198.54.114.83 - - [31/Mar/2025:14:31:05 -0400] "POST /wp-cron.php?doing_wp_cron=1743445865.5828120708465576171875 HTTP/1.1" 200 0 "-" "WordPress/6.7.2; https://bakingsecurityin.com"
51.222.253.18 - - [31/Mar/2025:14:31:00 -0400] "GET /the-benefits-of-an-mba/ HTTP/1.1" 200 0 "-" "Mozilla/5.0 (compatible; AhrefsBot/7.0; +http://ahrefs.com/robot/)"
198.54.114.83 - - [31/Mar/2025:14:31:06 -0400] "POST /wp-admin/admin-ajax.php?action=async_litespeed&nonce=JZLXdX3sR7SFmDlQdTPAS3vFa0dYf2RF&litespeed_type=imgoptm HTTP/1.1" 200 5 "-" "WordPress/6.7.2; https://bakingsecurityin.com"
34.64.218.102 - - [31/Mar/2025:14:33:05 -0400] "GET /wp-login.php HTTP/1.1" 200 1738 "http://bakingsecurityin.com/wp-login.php" "Mozilla/5.0 (X11; Fedora; Linux x86_64; rv:94.0) Gecko/20100101 Firefox/95.0"
198.54.114.83 - - [31/Mar/2025:14:33:06 -0400] "POST /wp-admin/admin-ajax.php?action=async_litespeed&nonce=pRiZf3FaiS5gKnL7fMI32A3TzXAhNhHb&litespeed_type=imgoptm HTTP/1.1" 200 5 "-" "WordPress/6.7.2; https://bakingsecurityin.com"
34.64.218.102 - - [31/Mar/2025:14:33:07 -0400] "GET /author/ashdev/ HTTP/1.1" 200 0 "http://bakingsecurityin.com///?author=1" "Mozilla/5.0 (X11; Fedora; Linux x86_64; rv:94.0) Gecko/20100101 Firefox/95.0"
198.54.114.83 - - [31/Mar/2025:14:34:08 -0400] "POST /wp-cron.php?doing_wp_cron=1743446047.7642419338226318359375 HTTP/1.1" 200 0 "-" "WordPress/6.7.2; https://bakingsecurityin.com"
58.221.37.82 - - [31/Mar/2025:14:34:07 -0400] "GET / HTTP/1.1" 200 0 "https://www.google.com/" "Mozilla/5.0 (Linux; Android 10; K) AppleWebKit/537.36 (KHTML, like Gecko) Chrome/132.0.0.0 Mobile Safari/537.36"
198.54.114.83 - - [31/Mar/2025:14:34:08 -0400] "POST /wp-admin/admin-ajax.php?action=async_litespeed&nonce=O9rXjGf8fYmkFKtCBGep9ErPdxtW39eH&litespeed_type=imgoptm HTTP/1.1" 200 5 "-" "WordPress/6.7.2; https://bakingsecurityin.com"
198.54.114.83 - - [31/Mar/2025:14:34:32 -0400] "POST /wp-cron.php?doing_wp_cron=1743446072.2495861053466796875000 HTTP/1.1" 200 0 "-" "WordPress/6.7.2; https://bakingsecurityin.com"
51.222.253.9 - - [31/Mar/2025:14:34:32 -0400] "GET /pert-pipe-manufacturer/ HTTP/1.1" 200 0 "-" "Mozilla/5.0 (compatible; AhrefsBot/7.0; +http://ahrefs.com/robot/)"
198.54.114.83 - - [31/Mar/2025:14:34:32 -0400] "POST /wp-admin/admin-ajax.php?action=async_litespeed&nonce=21iXzL6mUpwBf7t1RCv5DlDWdYdQeK2i&litespeed_type=imgoptm HTTP/1.1" 200 5 "-" "WordPress/6.7.2; https://bakingsecurityin.com"
198.54.114.83 - - [31/Mar/2025:14:37:59 -0400] "POST /wp-cron.php?doing_wp_cron=1743446279.3330459594726562500000 HTTP/1.1" 200 0 "-" "WordPress/6.7.2; https://bakingsecurityin.com"
51.222.253.19 - - [31/Mar/2025:14:37:57 -0400] "GET /all-about-real-estate-developers/ HTTP/1.1" 200 0 "-" "Mozilla/5.0 (compatible; AhrefsBot/7.0; +http://ahrefs.com/robot/)"
112.92.70.120 - - [31/Mar/2025:14:38:00 -0400] "GET /les-pantoufles-sont-populaires-partout-dans-le-monde/ HTTP/1.1" 301 0 "https://bakingsecurityin.com" "Mozilla/5.0 (Windows NT 10.0; Win64; x64) AppleWebKit/537.36 (KHTML, like Gecko) Chrome/62.0.3202.94 Safari/537.36"
198.54.114.83 - - [31/Mar/2025:14:38:00 -0400] "POST /wp-admin/admin-ajax.php?action=async_litespeed&nonce=DSkqD4ODgUKVs8N3IM6goq5w55YjK4pf&litespeed_type=imgoptm HTTP/1.1" 200 5 "-" "WordPress/6.7.2; https://bakingsecurityin.com"
112.92.70.120 - - [31/Mar/2025:14:38:02 -0400] "GET /pantoufle-de-dinosaure/ HTTP/1.1" 200 0 "https://bakingsecurityin.com" "Mozilla/5.0 (Windows NT 10.0; Win64; x64) AppleWebKit/537.36 (KHTML, like Gecko) Chrome/62.0.3202.94 Safari/537.36"
93.183.92.77 - - [31/Mar/2025:14:39:10 -0400] "GET /a-journey-into-skincare/ HTTP/1.1" 200 0 "https://bakingsecurityin.com/a-journey-into-skincare/" "Mozilla/5.0 (Windows NT 10.0; Win64; x64) AppleWebKit/537.36 (KHTML, like Gecko) Chrome/130.0.0.0 Safari/537.36 CCleaner/130.0.0.0"
198.54.114.83 - - [31/Mar/2025:14:39:12 -0400] "POST /wp-cron.php?doing_wp_cron=1743446351.6739079952239990234375 HTTP/1.1" 200 0 "-" "WordPress/6.7.2; https://bakingsecurityin.com"
93.183.92.77 - - [31/Mar/2025:14:39:11 -0400] "GET / HTTP/1.1" 200 0 "https://bakingsecurityin.com/" "Mozilla/5.0 (Windows NT 10.0; Win64; x64) AppleWebKit/537.36 (KHTML, like Gecko) Chrome/130.0.0.0 Safari/537.36 CCleaner/130.0.0.0"
198.54.114.83 - - [31/Mar/2025:14:39:12 -0400] "POST /wp-admin/admin-ajax.php?action=async_litespeed&nonce=oeHpgaMomEXLvmbbmKhDeJmt25x1r3r9&litespeed_type=imgoptm HTTP/1.1" 200 5 "-" "WordPress/6.7.2; https://bakingsecurityin.com"
198.54.114.83 - - [31/Mar/2025:14:41:19 -0400] "POST /wp-cron.php?doing_wp_cron=1743446478.5967559814453125000000 HTTP/1.1" 200 0 "-" "WordPress/6.7.2; https://bakingsecurityin.com"
185.191.171.5 - - [31/Mar/2025:14:41:16 -0400] "GET /the-art-of-cleaning-silverware/ HTTP/1.1" 200 0 "-" "Mozilla/5.0 (compatible; SemrushBot/7~bl; +http://www.semrush.com/bot.html)"
198.54.114.83 - - [31/Mar/2025:14:41:19 -0400] "POST /wp-admin/admin-ajax.php?action=async_litespeed&nonce=cl6An8jKKlcwdiPryPsGZJRouRRVMwiQ&litespeed_type=imgoptm HTTP/1.1" 200 5 "-" "WordPress/6.7.2; https://bakingsecurityin.com"
185.191.171.15 - - [31/Mar/2025:14:41:29 -0400] "GET /orchard-sophia-developer-profile/ HTTP/1.1" 200 0 "-" "Mozilla/5.0 (compatible; SemrushBot/7~bl; +http://www.semrush.com/bot.html)"
198.54.114.83 - - [31/Mar/2025:14:41:32 -0400] "POST /wp-cron.php?doing_wp_cron=1743446491.8785910606384277343750 HTTP/1.1" 200 0 "-" "WordPress/6.7.2; https://bakingsecurityin.com"
51.222.253.13 - - [31/Mar/2025:14:41:31 -0400] "GET /effektive-entrumpelung-in-luneburg/ HTTP/1.1" 200 0 "-" "Mozilla/5.0 (compatible; AhrefsBot/7.0; +http://ahrefs.com/robot/)"
198.54.114.83 - - [31/Mar/2025:14:41:32 -0400] "POST /wp-admin/admin-ajax.php?action=async_litespeed&nonce=MS5x4dU5ovG3X3y56oo8AH5Ml1cP7HlM&litespeed_type=imgoptm HTTP/1.1" 200 5 "-" "WordPress/6.7.2; https://bakingsecurityin.com"
51.222.253.2 - - [31/Mar/2025:14:44:41 -0400] "GET /piccadilly-grand-the-latest-launch-in-district-8/ HTTP/1.1" 200 0 "-" "Mozilla/5.0 (compatible; AhrefsBot/7.0; +http://ahrefs.com/robot/)"
51.222.253.16 - - [31/Mar/2025:14:47:36 -0400] "GET /ice-breaker-questions-for-kids-2/ HTTP/1.1" 200 0 "-" "Mozilla/5.0 (compatible; AhrefsBot/7.0; +http://ahrefs.com/robot/)"
51.222.253.16 - - [31/Mar/2025:14:50:38 -0400] "GET /what-is-a-balance-sheet/ HTTP/1.1" 200 0 "-" "Mozilla/5.0 (compatible; AhrefsBot/7.0; +http://ahrefs.com/robot/)"
51.222.253.12 - - [31/Mar/2025:14:53:48 -0400] "GET /real-estate-photography-selwyn/ HTTP/1.1" 200 0 "-" "Mozilla/5.0 (compatible; AhrefsBot/7.0; +http://ahrefs.com/robot/)"
51.222.253.6 - - [31/Mar/2025:14:56:55 -0400] "GET /puerto-aventuras-yachts/ HTTP/1.1" 200 0 "-" "Mozilla/5.0 (compatible; AhrefsBot/7.0; +http://ahrefs.com/robot/)"
195.2.76.183 - - [31/Mar/2025:14:59:25 -0400] "GET /a-journey-into-skincare/ HTTP/1.1" 200 0 "https://bakingsecurityin.com/a-journey-into-skincare/" "Mozilla/5.0 (Windows NT 10.0; Win64; x64) AppleWebKit/537.36 (KHTML, like Gecko) Chrome/130.0.0.0 Safari/537.36"
195.2.76.183 - - [31/Mar/2025:14:59:26 -0400] "GET / HTTP/1.1" 200 0 "https://bakingsecurityin.com/" "Mozilla/5.0 (Windows NT 10.0; Win64; x64) AppleWebKit/537.36 (KHTML, like Gecko) Chrome/130.0.0.0 Safari/537.36"
51.222.253.1 - - [31/Mar/2025:15:00:10 -0400] "GET /choosing-the-right-refrigerator-for-your-needs/ HTTP/1.1" 200 0 "-" "Mozilla/5.0 (compatible; AhrefsBot/7.0; +http://ahrefs.com/robot/)"
85.208.96.205 - - [31/Mar/2025:15:01:30 -0400] "GET /robots.txt HTTP/1.1" 304 0 "-" "Mozilla/5.0 (compatible; SemrushBot/7~bl; +http://www.semrush.com/bot.html)"
185.191.171.16 - - [31/Mar/2025:15:01:33 -0400] "GET /baby-discount-store-top-10-must-haves-for-your-nursery/ HTTP/1.1" 200 0 "-" "Mozilla/5.0 (compatible; SemrushBot/7~bl; +http://www.semrush.com/bot.html)"
51.222.253.11 - - [31/Mar/2025:15:03:07 -0400] "GET /programmatic-ads-in-dubai/ HTTP/1.1" 200 0 "-" "Mozilla/5.0 (compatible; AhrefsBot/7.0; +http://ahrefs.com/robot/)"
51.222.253.3 - - [31/Mar/2025:15:06:05 -0400] "GET /is-it-legal-to-buy-cbd-in-the-uk/ HTTP/1.1" 200 0 "-" "Mozilla/5.0 (compatible; AhrefsBot/7.0; +http://ahrefs.com/robot/)"
112.92.70.120 - - [31/Mar/2025:15:06:16 -0400] "GET /les-pantoufles-sont-populaires-partout-dans-le-monde/ HTTP/1.1" 301 0 "https://bakingsecurityin.com" "Mozilla/5.0 (Windows NT 10.0; Win64; x64) AppleWebKit/537.36 (KHTML, like Gecko) Chrome/62.0.3202.94 Safari/537.36"
112.92.70.120 - - [31/Mar/2025:15:06:19 -0400] "GET /pantoufle-de-dinosaure/ HTTP/1.1" 200 0 "https://bakingsecurityin.com" "Mozilla/5.0 (Windows NT 10.0; Win64; x64) AppleWebKit/537.36 (KHTML, like Gecko) Chrome/62.0.3202.94 Safari/537.36"
112.92.70.120 - - [31/Mar/2025:15:08:16 -0400] "GET /les-pantoufles-sont-populaires-partout-dans-le-monde/ HTTP/1.1" 301 0 "https://bakingsecurityin.com" "Mozilla/5.0 (Windows NT 10.0; Win64; x64) AppleWebKit/537.36 (KHTML, like Gecko) Chrome/62.0.3202.94 Safari/537.36"
112.92.70.120 - - [31/Mar/2025:15:08:23 -0400] "GET /pantoufle-de-dinosaure/ HTTP/1.1" 200 0 "https://bakingsecurityin.com" "Mozilla/5.0 (Windows NT 10.0; Win64; x64) AppleWebKit/537.36 (KHTML, like Gecko) Chrome/62.0.3202.94 Safari/537.36"
51.222.253.13 - - [31/Mar/2025:15:08:56 -0400] "GET /can-fenbendazole-be-used-as-a-cancer-treatment/ HTTP/1.1" 200 0 "-" "Mozilla/5.0 (compatible; AhrefsBot/7.0; +http://ahrefs.com/robot/)"
58.254.68.93 - - [31/Mar/2025:15:09:41 -0400] "GET /les-pantoufles-sont-populaires-partout-dans-le-monde/ HTTP/1.1" 301 0 "https://bakingsecurityin.com" "Mozilla/5.0 (Windows NT 10.0; Win64; x64) AppleWebKit/537.36 (KHTML, like Gecko) Chrome/62.0.3202.94 Safari/537.36"
58.254.68.93 - - [31/Mar/2025:15:09:43 -0400] "GET /pantoufle-de-dinosaure/ HTTP/1.1" 200 0 "https://bakingsecurityin.com" "Mozilla/5.0 (Windows NT 10.0; Win64; x64) AppleWebKit/537.36 (KHTML, like Gecko) Chrome/62.0.3202.94 Safari/537.36"
85.208.96.210 - - [31/Mar/2025:15:10:36 -0400] "GET /10-bienfaits-de-la-chlorelle-detoxifiez-votre-corps-et-votre-foie-avec-la-chlorelle/ HTTP/1.1" 200 0 "-" "Mozilla/5.0 (compatible; SemrushBot/7~bl; +http://www.semrush.com/bot.html)"
51.222.253.17 - - [31/Mar/2025:15:11:49 -0400] "GET /shell-pearl-necklace/ HTTP/1.1" 200 0 "-" "Mozilla/5.0 (compatible; AhrefsBot/7.0; +http://ahrefs.com/robot/)"
51.222.253.4 - - [31/Mar/2025:15:14:48 -0400] "GET /the-atelier-apartments-in-hells-kitchen/ HTTP/1.1" 200 0 "-" "Mozilla/5.0 (compatible; AhrefsBot/7.0; +http://ahrefs.com/robot/)"
51.222.253.13 - - [31/Mar/2025:15:17:34 -0400] "GET /les-plateaux-repas-en-entreprise-une-solution-pratique-et-gourmande/ HTTP/1.1" 200 0 "-" "Mozilla/5.0 (compatible; AhrefsBot/7.0; +http://ahrefs.com/robot/)"
51.222.253.17 - - [31/Mar/2025:15:20:28 -0400] "GET /pedicure-chairs/ HTTP/1.1" 200 0 "-" "Mozilla/5.0 (compatible; AhrefsBot/7.0; +http://ahrefs.com/robot/)"
51.222.253.9 - - [31/Mar/2025:15:23:12 -0400] "GET /rhin-o-tuff-od4012-heavy-duty-interchangeable-die-modular-binding-punch-review/ HTTP/1.1" 200 0 "-" "Mozilla/5.0 (compatible; AhrefsBot/7.0; +http://ahrefs.com/robot/)"
85.208.96.194 - - [31/Mar/2025:15:24:28 -0400] "GET /sport-betting-systems-do-they-really-work-and-is-there-such-thing-as-a-free-sport-betting-system/ HTTP/1.1" 200 0 "-" "Mozilla/5.0 (compatible; SemrushBot/7~bl; +http://www.semrush.com/bot.html)"
51.222.253.13 - - [31/Mar/2025:15:25:45 -0400] "GET /instant-boiling-water-tap/ HTTP/1.1" 200 0 "-" "Mozilla/5.0 (compatible; AhrefsBot/7.0; +http://ahrefs.com/robot/)"
58.254.68.93 - - [31/Mar/2025:15:26:54 -0400] "GET /how-to-style-street-wear-for-men/ HTTP/1.1" 200 0 "https://bakingsecurityin.com" "Mozilla/5.0 (Windows NT 10.0; Win64; x64) AppleWebKit/537.36 (KHTML, like Gecko) Chrome/62.0.3202.94 Safari/537.36"
51.222.253.13 - - [31/Mar/2025:15:28:12 -0400] "GET /requirements-for-a-russian-visa/ HTTP/1.1" 200 0 "-" "Mozilla/5.0 (compatible; AhrefsBot/7.0; +http://ahrefs.com/robot/)"
185.191.171.9 - - [31/Mar/2025:15:29:17 -0400] "GET /buy-tiktok-saves-to-get-more-views-and-likes/ HTTP/1.1" 200 0 "-" "Mozilla/5.0 (compatible; SemrushBot/7~bl; +http://www.semrush.com/bot.html)"
3.15.10.218 - - [31/Mar/2025:15:30:34 -0400] "GET /robots.txt HTTP/1.1" 304 0 "-" "Mozilla/5.0 AppleWebKit/537.36 (KHTML, like Gecko; compatible; ClaudeBot/1.0; +claudebot@anthropic.com)"
3.15.10.218 - - [31/Mar/2025:15:30:34 -0400] "GET /is-it-legal-to-buy-cbd-in-the-uk HTTP/1.1" 301 0 "-" "Mozilla/5.0 AppleWebKit/537.36 (KHTML, like Gecko; compatible; ClaudeBot/1.0; +claudebot@anthropic.com)"
3.15.10.218 - - [31/Mar/2025:15:30:37 -0400] "GET /is-it-legal-to-buy-cbd-in-the-uk/ HTTP/1.1" 200 0 "https://bakingsecurityin.com/is-it-legal-to-buy-cbd-in-the-uk" "Mozilla/5.0 AppleWebKit/537.36 (KHTML, like Gecko; compatible; ClaudeBot/1.0; +claudebot@anthropic.com)"
51.222.253.2 - - [31/Mar/2025:15:30:47 -0400] "GET /buy-hgh-canada/ HTTP/1.1" 200 0 "-" "Mozilla/5.0 (compatible; AhrefsBot/7.0; +http://ahrefs.com/robot/)"
162.213.251.71 - - [31/Mar/2025:15:32:49 -0400] "GET / HTTP/1.1" 200 0 "-" "Mozilla/5.0 (Windows NT 10.0; Win64; x64; rv:122.0) Gecko/20100101 Firefox/122.0"
51.222.253.2 - - [31/Mar/2025:15:33:21 -0400] "GET /why-do-women-prefer-wholesale-clothing/ HTTP/1.1" 200 0 "-" "Mozilla/5.0 (compatible; AhrefsBot/7.0; +http://ahrefs.com/robot/)"
3.221.50.71 - - [31/Mar/2025:15:34:10 -0400] "GET /what-does-a-commercial-locksmith-do/ HTTP/1.1" 200 0 "-" "Mozilla/5.0 AppleWebKit/537.36 (KHTML, like Gecko; compatible; Amazonbot/0.1; +https://developer.amazon.com/support/amazonbot) Chrome/119.0.6045.214 Safari/537.36"
23.21.179.120 - - [31/Mar/2025:15:34:14 -0400] "GET /how-to-properly-perform-an-exterior-house-wash/ HTTP/1.1" 200 0 "-" "Mozilla/5.0 AppleWebKit/537.36 (KHTML, like Gecko; compatible; Amazonbot/0.1; +https://developer.amazon.com/support/amazonbot) Chrome/119.0.6045.214 Safari/537.36"
54.235.172.108 - - [31/Mar/2025:15:34:18 -0400] "GET /review-of-the-relx-vape-pods/ HTTP/1.1" 200 0 "-" "Mozilla/5.0 AppleWebKit/537.36 (KHTML, like Gecko; compatible; Amazonbot/0.1; +https://developer.amazon.com/support/amazonbot) Chrome/119.0.6045.214 Safari/537.36"
3.230.69.161 - - [31/Mar/2025:15:34:22 -0400] "GET /socks-with-name-embroidered/ HTTP/1.1" 200 0 "-" "Mozilla/5.0 AppleWebKit/537.36 (KHTML, like Gecko; compatible; Amazonbot/0.1; +https://developer.amazon.com/support/amazonbot) Chrome/119.0.6045.214 Safari/537.36"
18.207.79.144 - - [31/Mar/2025:15:34:26 -0400] "GET /the-epitome-of-urban-luxury-union-square-residences/ HTTP/1.1" 200 0 "-" "Mozilla/5.0 AppleWebKit/537.36 (KHTML, like Gecko; compatible; Amazonbot/0.1; +https://developer.amazon.com/support/amazonbot) Chrome/119.0.6045.214 Safari/537.36"
51.222.253.15 - - [31/Mar/2025:15:35:47 -0400] "GET /okroshka-a-cold-russian-summer-soup/ HTTP/1.1" 200 0 "-" "Mozilla/5.0 (compatible; AhrefsBot/7.0; +http://ahrefs.com/robot/)"
51.222.253.8 - - [31/Mar/2025:15:38:15 -0400] "GET /page/104/ HTTP/1.1" 200 0 "-" "Mozilla/5.0 (compatible; AhrefsBot/7.0; +http://ahrefs.com/robot/)"
185.191.171.7 - - [31/Mar/2025:15:38:41 -0400] "GET /fda-otc-regulations-and-their-impact-on-the-market/ HTTP/1.1" 200 0 "-" "Mozilla/5.0 (compatible; SemrushBot/7~bl; +http://www.semrush.com/bot.html)"
51.222.253.12 - - [31/Mar/2025:15:40:59 -0400] "GET /how-to-get-more-youtube-subscribers-2/ HTTP/1.1" 200 0 "-" "Mozilla/5.0 (compatible; AhrefsBot/7.0; +http://ahrefs.com/robot/)"
51.222.253.5 - - [31/Mar/2025:15:43:26 -0400] "GET /top-scientific-decoration-ideas-for-your-classroom/ HTTP/1.1" 301 0 "-" "Mozilla/5.0 (compatible; AhrefsBot/7.0; +http://ahrefs.com/robot/)"
47.238.13.17 - - [31/Mar/2025:15:45:08 -0400] "GET /author/jorge/ HTTP/1.1" 200 0 "-" "Mozilla/5.0 (Macintosh; Intel Mac OS X 10_15_7) AppleWebKit/537.36 (KHTML, like Gecko) Chrome/109.0.0.0 Safari/537.36"
51.222.253.5 - - [31/Mar/2025:15:46:03 -0400] "GET /the-culinary-artistry-of-bento-a-feast-for-the-senses/ HTTP/1.1" 200 0 "-" "Mozilla/5.0 (compatible; AhrefsBot/7.0; +http://ahrefs.com/robot/)"
51.222.253.19 - - [31/Mar/2025:15:48:36 -0400] "GET /choosing-a-smart-dehumidifier-uk/ HTTP/1.1" 200 0 "-" "Mozilla/5.0 (compatible; AhrefsBot/7.0; +http://ahrefs.com/robot/)"
51.222.253.2 - - [31/Mar/2025:15:51:25 -0400] "GET /what-you-need-to-know-about-tretinoin-cream/ HTTP/1.1" 200 0 "-" "Mozilla/5.0 (compatible; AhrefsBot/7.0; +http://ahrefs.com/robot/)"
51.222.253.18 - - [31/Mar/2025:15:54:36 -0400] "GET /optimisation-energetique-lisolation-thermique-au-coeur-des-batiments-modernes/ HTTP/1.1" 200 0 "-" "Mozilla/5.0 (compatible; AhrefsBot/7.0; +http://ahrefs.com/robot/)"
51.222.253.12 - - [31/Mar/2025:15:59:34 -0400] "GET /2020/06/ HTTP/1.1" 200 0 "-" "Mozilla/5.0 (compatible; AhrefsBot/7.0; +http://ahrefs.com/robot/)"
3.14.12.254 - - [31/Mar/2025:16:01:44 -0400] "GET /how-to-buy-youtube-views-easily HTTP/1.1" 301 0 "-" "Mozilla/5.0 AppleWebKit/537.36 (KHTML, like Gecko; compatible; ClaudeBot/1.0; +claudebot@anthropic.com)"
3.14.12.254 - - [31/Mar/2025:16:01:46 -0400] "GET /how-to-buy-youtube-views-easily/ HTTP/1.1" 200 0 "https://bakingsecurityin.com/how-to-buy-youtube-views-easily" "Mozilla/5.0 AppleWebKit/537.36 (KHTML, like Gecko; compatible; ClaudeBot/1.0; +claudebot@anthropic.com)"
51.222.253.7 - - [31/Mar/2025:16:04:16 -0400] "GET /douches-italiennes-la-nouvelle-tendance-salle-de-bain/ HTTP/1.1" 200 0 "-" "Mozilla/5.0 (compatible; AhrefsBot/7.0; +http://ahrefs.com/robot/)"
51.222.253.9 - - [31/Mar/2025:16:08:29 -0400] "GET /exquisite-elegance-the-arcady-showflat/ HTTP/1.1" 200 0 "-" "Mozilla/5.0 (compatible; AhrefsBot/7.0; +http://ahrefs.com/robot/)"
51.222.253.5 - - [31/Mar/2025:16:12:59 -0400] "GET /disaster-recovery-in-the-cloud/ HTTP/1.1" 200 0 "-" "Mozilla/5.0 (compatible; AhrefsBot/7.0; +http://ahrefs.com/robot/)"
185.191.171.4 - - [31/Mar/2025:16:15:04 -0400] "GET /robots.txt HTTP/1.1" 304 0 "-" "Mozilla/5.0 (compatible; SemrushBot/7~bl; +http://www.semrush.com/bot.html)"
85.208.96.202 - - [31/Mar/2025:16:15:04 -0400] "GET /crochets-muraux-decoratifs/ HTTP/1.1" 200 0 "-" "Mozilla/5.0 (compatible; SemrushBot/7~bl; +http://www.semrush.com/bot.html)"
85.208.96.200 - - [31/Mar/2025:16:16:24 -0400] "GET /security-of-usb-ports-and-blaze-drives-issues-and-arrangements/ HTTP/1.1" 200 0 "-" "Mozilla/5.0 (compatible; SemrushBot/7~bl; +http://www.semrush.com/bot.html)"
51.222.253.4 - - [31/Mar/2025:16:16:54 -0400] "GET /the-evolution-of-interactive-games/ HTTP/1.1" 200 0 "-" "Mozilla/5.0 (compatible; AhrefsBot/7.0; +http://ahrefs.com/robot/)"
51.222.253.15 - - [31/Mar/2025:16:21:07 -0400] "GET /inspirational-jewellery-gifts/ HTTP/1.1" 200 0 "-" "Mozilla/5.0 (compatible; AhrefsBot/7.0; +http://ahrefs.com/robot/)"
51.222.253.10 - - [31/Mar/2025:16:25:14 -0400] "GET /choosing-a-hair-straightening-machine/ HTTP/1.1" 200 0 "-" "Mozilla/5.0 (compatible; AhrefsBot/7.0; +http://ahrefs.com/robot/)"
2a03:2880:f800:1c:: - - [31/Mar/2025:16:27:52 -0400] "GET /wp-content/uploads/2024/03/14.jpg HTTP/1.1" 404 0 "-" "meta-externalagent/1.1 (+https://developers.facebook.com/docs/sharing/webmasters/crawler)"
85.208.96.194 - - [31/Mar/2025:16:28:25 -0400] "GET /how-do-car-dealerships-make-money/ HTTP/1.1" 200 0 "-" "Mozilla/5.0 (compatible; SemrushBot/7~bl; +http://www.semrush.com/bot.html)"
51.222.253.7 - - [31/Mar/2025:16:29:05 -0400] "GET /redken-acidic-bonding-shampoo-review/ HTTP/1.1" 200 0 "-" "Mozilla/5.0 (compatible; AhrefsBot/7.0; +http://ahrefs.com/robot/)"
85.208.96.210 - - [31/Mar/2025:16:29:28 -0400] "GET /dad-jokes-for-kids/ HTTP/1.1" 200 0 "-" "Mozilla/5.0 (compatible; SemrushBot/7~bl; +http://www.semrush.com/bot.html)"
51.222.253.5 - - [31/Mar/2025:16:33:21 -0400] "GET /a-buyers-guide-to-uk-cbd-gummies/ HTTP/1.1" 200 0 "-" "Mozilla/5.0 (compatible; AhrefsBot/7.0; +http://ahrefs.com/robot/)"
185.191.171.17 - - [31/Mar/2025:16:36:06 -0400] "GET /youtube-downloader-free-what-are-the-best-youtube-downloader-free-alternatives/ HTTP/1.1" 200 0 "-" "Mozilla/5.0 (compatible; SemrushBot/7~bl; +http://www.semrush.com/bot.html)"
51.222.253.5 - - [31/Mar/2025:16:36:58 -0400] "GET /der-weg-zur-mentalen-gesundheit-mit-einem-psychologen/ HTTP/1.1" 200 0 "-" "Mozilla/5.0 (compatible; AhrefsBot/7.0; +http://ahrefs.com/robot/)"
85.208.96.200 - - [31/Mar/2025:16:40:15 -0400] "GET /online-casino-games/ HTTP/1.1" 200 0 "-" "Mozilla/5.0 (compatible; SemrushBot/7~bl; +http://www.semrush.com/bot.html)"
51.222.253.7 - - [31/Mar/2025:16:40:44 -0400] "GET /cake-delta-8-carts/ HTTP/1.1" 200 0 "-" "Mozilla/5.0 (compatible; AhrefsBot/7.0; +http://ahrefs.com/robot/)"
47.238.13.12 - - [31/Mar/2025:16:42:20 -0400] "GET /author/ashdev/ HTTP/1.1" 200 0 "-" "Mozilla/5.0 (Macintosh; Intel Mac OS X 10_15_7) AppleWebKit/537.36 (KHTML, like Gecko) Chrome/109.0.0.0 Safari/537.36"
51.222.253.5 - - [31/Mar/2025:16:44:20 -0400] "GET /category/activity/page/9/ HTTP/1.1" 200 0 "-" "Mozilla/5.0 (compatible; AhrefsBot/7.0; +http://ahrefs.com/robot/)"
185.191.171.16 - - [31/Mar/2025:16:45:36 -0400] "GET /tag-heuer-battery-replacement-how-much-does-it-cost-to-replace-a-tag-heuer-battery/ HTTP/1.1" 200 0 "-" "Mozilla/5.0 (compatible; SemrushBot/7~bl; +http://www.semrush.com/bot.html)"
51.222.253.18 - - [31/Mar/2025:16:47:56 -0400] "GET /tips-for-diamond-painting-own-picture/ HTTP/1.1" 200 0 "-" "Mozilla/5.0 (compatible; AhrefsBot/7.0; +http://ahrefs.com/robot/)"
52.14.141.131 - - [31/Mar/2025:16:48:27 -0400] "GET /buy-youtube-views-cheap-and-working HTTP/1.1" 301 0 "-" "Mozilla/5.0 AppleWebKit/537.36 (KHTML, like Gecko; compatible; ClaudeBot/1.0; +claudebot@anthropic.com)"
52.14.141.131 - - [31/Mar/2025:16:48:28 -0400] "GET /buy-youtube-views-cheap-and-working/ HTTP/1.1" 200 0 "https://bakingsecurityin.com/buy-youtube-views-cheap-and-working" "Mozilla/5.0 AppleWebKit/537.36 (KHTML, like Gecko; compatible; ClaudeBot/1.0; +claudebot@anthropic.com)"
3.144.126.62 - - [31/Mar/2025:16:50:46 -0400] "GET /why-choose-windows-south-wales HTTP/1.1" 301 0 "-" "Mozilla/5.0 AppleWebKit/537.36 (KHTML, like Gecko; compatible; ClaudeBot/1.0; +claudebot@anthropic.com)"
3.144.126.62 - - [31/Mar/2025:16:50:48 -0400] "GET /why-choose-windows-south-wales/ HTTP/1.1" 200 0 "https://bakingsecurityin.com/why-choose-windows-south-wales" "Mozilla/5.0 AppleWebKit/537.36 (KHTML, like Gecko; compatible; ClaudeBot/1.0; +claudebot@anthropic.com)"
51.222.253.16 - - [31/Mar/2025:16:51:49 -0400] "GET /the-impact-of-personal-life-coaching/ HTTP/1.1" 200 0 "-" "Mozilla/5.0 (compatible; AhrefsBot/7.0; +http://ahrefs.com/robot/)"
51.222.253.6 - - [31/Mar/2025:16:55:27 -0400] "GET /does-fenbendazole-cure-cancr/ HTTP/1.1" 200 0 "-" "Mozilla/5.0 (compatible; AhrefsBot/7.0; +http://ahrefs.com/robot/)"
111.249.179.111 - - [31/Mar/2025:16:57:42 -0400] "GET /top-5-retinol-creams/ HTTP/1.1" 200 0 "-" "Mozilla/5.0 (Windows NT 10.0; Win64; x64) AppleWebKit/537.36 (KHTML, like Gecko) Chrome/114.0.0.0 Safari/537.36 Edg/114.0.1264.71"
51.222.253.20 - - [31/Mar/2025:16:59:27 -0400] "GET /the-importance-of-proteins/ HTTP/1.1" 200 0 "-" "Mozilla/5.0 (compatible; AhrefsBot/7.0; +http://ahrefs.com/robot/)"
51.222.253.7 - - [31/Mar/2025:17:03:17 -0400] "GET /the-best-soccer-grip-socks/ HTTP/1.1" 200 0 "-" "Mozilla/5.0 (compatible; AhrefsBot/7.0; +http://ahrefs.com/robot/)"
51.222.253.19 - - [31/Mar/2025:17:07:03 -0400] "GET /page/102/ HTTP/1.1" 200 0 "-" "Mozilla/5.0 (compatible; AhrefsBot/7.0; +http://ahrefs.com/robot/)"
172.177.21.198 - - [31/Mar/2025:17:07:55 -0400] "HEAD /new-mega-launch-condo-at-dunman-road/ HTTP/1.1" 200 0 "http://bakingsecurityin.com/new" "Mozilla/5.0 (Windows NT 10.0; Win64; x64) AppleWebKit/537.36 (KHTML, like Gecko) Chrome/74.0.3729.169 Safari/537.36"
51.222.253.14 - - [31/Mar/2025:17:11:05 -0400] "GET /maximizing-your-rental-potential-the-benefits-of-vacation-rental-property-management-services/ HTTP/1.1" 200 0 "-" "Mozilla/5.0 (compatible; AhrefsBot/7.0; +http://ahrefs.com/robot/)"
85.208.96.204 - - [31/Mar/2025:17:11:17 -0400] "GET /top-reasons-to-buy-hgh-in-canada/ HTTP/1.1" 200 0 "-" "Mozilla/5.0 (compatible; SemrushBot/7~bl; +http://www.semrush.com/bot.html)"
85.208.96.196 - - [31/Mar/2025:17:12:26 -0400] "GET /exploring-the-jervois-treasures-showflat/ HTTP/1.1" 200 0 "-" "Mozilla/5.0 (compatible; SemrushBot/7~bl; +http://www.semrush.com/bot.html)"
51.222.253.18 - - [31/Mar/2025:17:14:34 -0400] "GET /the-evolution-of-online-casinos/ HTTP/1.1" 200 0 "-" "Mozilla/5.0 (compatible; AhrefsBot/7.0; +http://ahrefs.com/robot/)"
193.233.113.171 - - [31/Mar/2025:17:14:40 -0400] "GET /wp-login.php HTTP/1.1" 200 1738 "https://bakingsecurityin.com" "Mozilla/5.0 (Windows NT 10.0; Win64; x64; rv:94.0) Gecko/20100101 Firefox/94.0"
193.233.113.171 - - [31/Mar/2025:17:14:41 -0400] "POST /wp-login.php HTTP/1.1" 200 0 "https://bakingsecurityin.com/wp-login.php" "Mozilla/5.0 (Windows NT 10.0; Win64; x64; rv:94.0) Gecko/20100101 Firefox/94.0"
193.233.113.171 - - [31/Mar/2025:17:15:02 -0400] "GET /wp-login.php HTTP/1.1" 200 1738 "https://bakingsecurityin.com" "Mozilla/5.0 (Windows NT 6.1; Win64; x64) AppleWebKit/537.36 (KHTML, like Gecko) Chrome/95.0.4638.69 Safari/537.36"
193.233.113.171 - - [31/Mar/2025:17:15:04 -0400] "POST /wp-login.php HTTP/1.1" 200 0 "https://bakingsecurityin.com/wp-login.php" "Mozilla/5.0 (Windows NT 6.1; Win64; x64) AppleWebKit/537.36 (KHTML, like Gecko) Chrome/95.0.4638.69 Safari/537.36"
40.77.167.55 - - [31/Mar/2025:17:16:49 -0400] "GET /german-classes-for-every-learner/feed/ HTTP/1.1" 200 400 "-" "Mozilla/5.0 AppleWebKit/537.36 (KHTML, like Gecko; compatible; bingbot/2.0; +http://www.bing.com/bingbot.htm) Chrome/116.0.1938.76 Safari/537.36"
51.222.253.4 - - [31/Mar/2025:17:18:10 -0400] "GET /what-episode-does-jon-snow-die/ HTTP/1.1" 200 0 "-" "Mozilla/5.0 (compatible; AhrefsBot/7.0; +http://ahrefs.com/robot/)"
185.191.171.15 - - [31/Mar/2025:17:20:25 -0400] "GET /robots.txt HTTP/1.1" 304 0 "-" "Mozilla/5.0 (compatible; SemrushBot/7~bl; +http://www.semrush.com/bot.html)"
85.208.96.200 - - [31/Mar/2025:17:20:25 -0400] "GET /unveiling-rainbow-riches-casino-a-guide-to-its-features-and-benefits/ HTTP/1.1" 200 0 "-" "Mozilla/5.0 (compatible; SemrushBot/7~bl; +http://www.semrush.com/bot.html)"
58.254.68.93 - - [31/Mar/2025:17:21:30 -0400] "GET /how-to-style-street-wear-for-men/ HTTP/1.1" 200 0 "https://bakingsecurityin.com" "Mozilla/5.0 (Windows NT 10.0; Win64; x64) AppleWebKit/537.36 (KHTML, like Gecko) Chrome/62.0.3202.94 Safari/537.36"
85.208.96.193 - - [31/Mar/2025:17:21:34 -0400] "GET /auto-body-fix-what-kind-of-shop-is-appropriate-for-you/ HTTP/1.1" 200 0 "-" "Mozilla/5.0 (compatible; SemrushBot/7~bl; +http://www.semrush.com/bot.html)"
51.222.253.1 - - [31/Mar/2025:17:22:11 -0400] "GET /how-the-katana-sword-is-made/ HTTP/1.1" 200 0 "-" "Mozilla/5.0 (compatible; AhrefsBot/7.0; +http://ahrefs.com/robot/)"
103.230.122.183 - - [31/Mar/2025:17:23:06 -0400] "GET /wp-login.php HTTP/1.1" 200 1738 "-" "python-requests/2.32.3"
103.230.122.183 - - [31/Mar/2025:17:23:06 -0400] "POST /wp-login.php HTTP/1.1" 200 1861 "-" "Mozilla/5.0 (X11; Linux x86_64) AppleWebKit/537.36 (KHTML, like Gecko) Chrome/83.0.4103.101 Safari/537.36"
51.222.253.10 - - [31/Mar/2025:17:25:44 -0400] "GET /epaviste-gratuit-91/ HTTP/1.1" 200 0 "-" "Mozilla/5.0 (compatible; AhrefsBot/7.0; +http://ahrefs.com/robot/)"
185.191.171.12 - - [31/Mar/2025:17:27:31 -0400] "GET /bring-your-lakeside-memories-home-with-lake-wall-art/ HTTP/1.1" 200 0 "-" "Mozilla/5.0 (compatible; SemrushBot/7~bl; +http://www.semrush.com/bot.html)"
51.222.253.8 - - [31/Mar/2025:17:29:11 -0400] "GET /lentor-hills-residences/ HTTP/1.1" 200 0 "-" "Mozilla/5.0 (compatible; AhrefsBot/7.0; +http://ahrefs.com/robot/)"
51.222.253.2 - - [31/Mar/2025:17:33:24 -0400] "GET /buy-youtube-views-cheap-and-working/ HTTP/1.1" 200 0 "-" "Mozilla/5.0 (compatible; AhrefsBot/7.0; +http://ahrefs.com/robot/)"
67.201.58.190 - - [31/Mar/2025:17:34:20 -0400] "GET /sac-a-langer-faits-saillants-a-publier-pour/ HTTP/1.1" 200 0 "https://bakingsecurityin.com/sac-a-langer-faits-saillants-a-publier-pour/" "Mozilla/5.0 (Windows NT 10.0; Win64; x64) AppleWebKit/537.36 (KHTML, like Gecko) Chrome/130.0.0.0 Safari/537.36"
67.201.58.190 - - [31/Mar/2025:17:34:22 -0400] "GET / HTTP/1.1" 200 0 "https://bakingsecurityin.com/" "Mozilla/5.0 (Windows NT 10.0; Win64; x64) AppleWebKit/537.36 (KHTML, like Gecko) Chrome/130.0.0.0 Safari/537.36"
85.208.96.202 - - [31/Mar/2025:17:36:04 -0400] "GET /protection-professionnelle-garantie-de-securite-pour-votre-entreprise/ HTTP/1.1" 200 0 "-" "Mozilla/5.0 (compatible; SemrushBot/7~bl; +http://www.semrush.com/bot.html)"
212.8.248.108 - - [31/Mar/2025:17:36:15 -0400] "GET /extended-warranties-for-cars-what-you-need-to-know HTTP/1.1" 301 0 "-" "Mozilla/5.0 (Windows NT 10.0; Win64; x64) AppleWebKit/537.36 (KHTML, like Gecko) Chrome/118.0.0.0 Safari/537.36"
51.222.253.12 - - [31/Mar/2025:17:37:22 -0400] "GET /online-job-advertising-in-the-uk/ HTTP/1.1" 200 0 "-" "Mozilla/5.0 (compatible; AhrefsBot/7.0; +http://ahrefs.com/robot/)"
51.222.253.18 - - [31/Mar/2025:17:41:26 -0400] "GET /what-to-expect-from-a-spa-massage/ HTTP/1.1" 200 0 "-" "Mozilla/5.0 (compatible; AhrefsBot/7.0; +http://ahrefs.com/robot/)"
3.141.46.189 - - [31/Mar/2025:17:41:35 -0400] "GET /how-to-tell-if-your-heat-pump-needs-repair HTTP/1.1" 301 0 "-" "Mozilla/5.0 AppleWebKit/537.36 (KHTML, like Gecko; compatible; ClaudeBot/1.0; +claudebot@anthropic.com)"
3.141.46.189 - - [31/Mar/2025:17:41:35 -0400] "GET /how-to-tell-if-your-heat-pump-needs-repair/ HTTP/1.1" 200 0 "https://bakingsecurityin.com/how-to-tell-if-your-heat-pump-needs-repair" "Mozilla/5.0 AppleWebKit/537.36 (KHTML, like Gecko; compatible; ClaudeBot/1.0; +claudebot@anthropic.com)"
3.144.101.154 - - [31/Mar/2025:17:44:07 -0400] "GET /german-class-in-london HTTP/1.1" 301 0 "-" "Mozilla/5.0 AppleWebKit/537.36 (KHTML, like Gecko; compatible; ClaudeBot/1.0; +claudebot@anthropic.com)"
3.144.101.154 - - [31/Mar/2025:17:44:09 -0400] "GET /german-class-in-london/ HTTP/1.1" 200 0 "https://bakingsecurityin.com/german-class-in-london" "Mozilla/5.0 AppleWebKit/537.36 (KHTML, like Gecko; compatible; ClaudeBot/1.0; +claudebot@anthropic.com)"
20.171.207.102 - - [31/Mar/2025:17:44:20 -0400] "GET /fall-prevention-using-custom-non-slip-socks/ HTTP/1.1" 200 0 "-" "Mozilla/5.0 AppleWebKit/537.36 (KHTML, like Gecko; compatible; GPTBot/1.2; +https://openai.com/gptbot)"
51.222.253.11 - - [31/Mar/2025:17:45:27 -0400] "GET /2023/06/ HTTP/1.1" 200 0 "-" "Mozilla/5.0 (compatible; AhrefsBot/7.0; +http://ahrefs.com/robot/)"
85.208.98.24 - - [31/Mar/2025:17:47:45 -0400] "GET /food-ingredients-first-natural-colors/ HTTP/1.1" 200 0 "-" "Mozilla/5.0 (compatible; SemrushBot-BA; +http://www.semrush.com/bot.html)"
85.208.98.24 - - [31/Mar/2025:17:47:57 -0400] "GET /exploring-the-world-of-lab-diamond-rings-in-toronto/ HTTP/1.1" 200 0 "-" "Mozilla/5.0 (compatible; SemrushBot-BA; +http://www.semrush.com/bot.html)"
51.222.253.9 - - [31/Mar/2025:17:49:48 -0400] "GET /wp-sitemap.xml HTTP/1.1" 200 194 "-" "Mozilla/5.0 (compatible; AhrefsBot/7.0; +http://ahrefs.com/robot/)"
51.222.253.16 - - [31/Mar/2025:17:49:51 -0400] "GET /wp-sitemap-posts-post-1.xml HTTP/1.1" 200 32216 "-" "Mozilla/5.0 (compatible; AhrefsBot/7.0; +http://ahrefs.com/robot/)"
51.222.253.1 - - [31/Mar/2025:17:49:53 -0400] "GET /wp-sitemap-posts-page-1.xml HTTP/1.1" 200 214 "-" "Mozilla/5.0 (compatible; AhrefsBot/7.0; +http://ahrefs.com/robot/)"
51.222.253.16 - - [31/Mar/2025:17:49:54 -0400] "GET /wp-sitemap-taxonomies-category-1.xml HTTP/1.1" 200 206 "-" "Mozilla/5.0 (compatible; AhrefsBot/7.0; +http://ahrefs.com/robot/)"
51.222.253.16 - - [31/Mar/2025:17:49:56 -0400] "GET /wp-sitemap-users-1.xml HTTP/1.1" 200 170 "-" "Mozilla/5.0 (compatible; AhrefsBot/7.0; +http://ahrefs.com/robot/)"
77.105.136.89 - - [31/Mar/2025:17:50:52 -0400] "POST /wp-login.php HTTP/1.1" 200 1861 "https://bakingsecurityin.com/wp-login.php" "Mozilla/5.0 (Windows NT 10.0; Win64; x64) AppleWebKit/537.36 (KHTML, like Gecko) Chrome/123.0.0.0 Safari/537.36"
77.105.136.89 - - [31/Mar/2025:17:50:56 -0400] "POST /wp-login.php HTTP/1.1" 200 1861 "https://bakingsecurityin.com/wp-login.php" "Mozilla/5.0 (Windows NT 10.0; Win64; x64) AppleWebKit/537.36 (KHTML, like Gecko) Chrome/123.0.0.0 Safari/537.36"
85.208.98.20 - - [31/Mar/2025:17:52:59 -0400] "GET /increasing-youtube-subscribers/ HTTP/1.1" 200 0 "-" "Mozilla/5.0 (compatible; SemrushBot-BA; +http://www.semrush.com/bot.html)"
134.17.14.122 - - [31/Mar/2025:17:55:08 -0400] "GET /past.php HTTP/1.1" 404 0 "-" "Mozilla/4.0 (compatible; MSIE 6.0; Windows NT 5.1; SV1)"
3.133.143.167 - - [31/Mar/2025:17:56:15 -0400] "GET /robots.txt HTTP/1.1" 304 0 "-" "Mozilla/5.0 AppleWebKit/537.36 (KHTML, like Gecko; compatible; ClaudeBot/1.0; +claudebot@anthropic.com)"
3.133.143.167 - - [31/Mar/2025:17:56:15 -0400] "GET /ac-repair-services HTTP/1.1" 301 0 "-" "Mozilla/5.0 AppleWebKit/537.36 (KHTML, like Gecko; compatible; ClaudeBot/1.0; +claudebot@anthropic.com)"
3.133.143.167 - - [31/Mar/2025:17:56:16 -0400] "GET /ac-repair-services/ HTTP/1.1" 200 0 "https://bakingsecurityin.com/ac-repair-services" "Mozilla/5.0 AppleWebKit/537.36 (KHTML, like Gecko; compatible; ClaudeBot/1.0; +claudebot@anthropic.com)"
51.222.253.16 - - [31/Mar/2025:17:56:18 -0400] "GET /2023/09/ HTTP/1.1" 200 0 "-" "Mozilla/5.0 (compatible; AhrefsBot/7.0; +http://ahrefs.com/robot/)"
85.208.96.207 - - [31/Mar/2025:17:57:35 -0400] "GET /smb-marketing-secrets/ HTTP/1.1" 200 0 "-" "Mozilla/5.0 (compatible; SemrushBot/7~bl; +http://www.semrush.com/bot.html)"
5.102.173.71 - - [31/Mar/2025:17:57:55 -0400] "GET /robots.txt HTTP/1.1" 304 0 "-" "Mozilla/5.0 (compatible; MojeekBot/0.11; +https://www.mojeek.com/bot.html)"
5.102.173.71 - - [31/Mar/2025:17:57:56 -0400] "GET /how-to-equip-great-runes/ HTTP/1.1" 200 0 "-" "Mozilla/5.0 (compatible; MojeekBot/0.11; +https://www.mojeek.com/bot.html)"
51.222.253.8 - - [31/Mar/2025:18:01:51 -0400] "GET /the-best-sarms-for-building-muscle/ HTTP/1.1" 200 0 "-" "Mozilla/5.0 (compatible; AhrefsBot/7.0; +http://ahrefs.com/robot/)"
