51.222.253.10 - - [31/Mar/2025:04:34:29 -0400] "GET /sending-voice-messages-on-ios-16/ HTTP/1.1" 200 0 "-" "Mozilla/5.0 (compatible; AhrefsBot/7.0; +http://ahrefs.com/robot/)"
198.54.114.83 - - [31/Mar/2025:04:35:21 -0400] "POST /wp-cron.php?doing_wp_cron=1743410120.8743710517883300781250 HTTP/1.1" 200 0 "-" "WordPress/6.7.2; https://bakingsecurityin.com"
129.226.64.249 - - [31/Mar/2025:04:35:16 -0400] "GET /gym-fitness-wordpress-theme/ HTTP/1.1" 200 0 "-" "Python/3.10 aiohttp/3.10.5"
198.54.114.83 - - [31/Mar/2025:04:35:21 -0400] "POST /wp-admin/admin-ajax.php?action=async_litespeed&nonce=nJU4XVjYLjezNnn2eQzEtGoX58UxPTvk&litespeed_type=imgoptm HTTP/1.1" 200 5 "-" "WordPress/6.7.2; https://bakingsecurityin.com"
198.54.114.83 - - [31/Mar/2025:04:35:46 -0400] "POST /wp-admin/admin-ajax.php?action=async_litespeed&nonce=kP6elrFOxCH6g02xGbdzLF1xPCAfYAyN&litespeed_type=imgoptm HTTP/1.1" 200 5 "-" "WordPress/6.7.2; https://bakingsecurityin.com"
51.222.253.18 - - [31/Mar/2025:04:36:00 -0400] "GET /efficient-virtual-telephone-answering-service-for-modern-business-needs/ HTTP/1.1" 200 0 "-" "Mozilla/5.0 (compatible; AhrefsBot/7.0; +http://ahrefs.com/robot/)"
198.54.114.83 - - [31/Mar/2025:04:37:37 -0400] "POST /wp-cron.php?doing_wp_cron=1743410257.5387539863586425781250 HTTP/1.1" 200 0 "-" "WordPress/6.7.2; https://bakingsecurityin.com"
51.222.253.18 - - [31/Mar/2025:04:37:35 -0400] "GET /lelegance-fonctionnelle-revolutionner-lamenagement-de-bureau/ HTTP/1.1" 200 0 "-" "Mozilla/5.0 (compatible; AhrefsBot/7.0; +http://ahrefs.com/robot/)"
198.54.114.83 - - [31/Mar/2025:04:37:37 -0400] "POST /wp-admin/admin-ajax.php?action=async_litespeed&nonce=krzpFkCnIkVXPLIKVqn3fd80I60yDmIF&litespeed_type=imgoptm HTTP/1.1" 200 5 "-" "WordPress/6.7.2; https://bakingsecurityin.com"
198.54.114.83 - - [31/Mar/2025:04:39:08 -0400] "POST /wp-cron.php?doing_wp_cron=1743410348.3533680438995361328125 HTTP/1.1" 200 0 "-" "WordPress/6.7.2; https://bakingsecurityin.com"
51.222.253.11 - - [31/Mar/2025:04:39:06 -0400] "GET /2023/11/ HTTP/1.1" 200 0 "-" "Mozilla/5.0 (compatible; AhrefsBot/7.0; +http://ahrefs.com/robot/)"
198.54.114.83 - - [31/Mar/2025:04:39:08 -0400] "POST /wp-admin/admin-ajax.php?action=async_litespeed&nonce=hQEBpiMWDYzEqSZ7Ow7S9Iqw2lHAw11u&litespeed_type=imgoptm HTTP/1.1" 200 5 "-" "WordPress/6.7.2; https://bakingsecurityin.com"
198.54.114.83 - - [31/Mar/2025:04:39:35 -0400] "POST /wp-cron.php?doing_wp_cron=1743410375.5401279926300048828125 HTTP/1.1" 200 0 "-" "WordPress/6.7.2; https://bakingsecurityin.com"
40.77.167.43 - - [31/Mar/2025:04:39:35 -0400] "GET /transforming-customer-support-with-ai-how-vercel/ HTTP/1.1" 200 0 "-" "Mozilla/5.0 AppleWebKit/537.36 (KHTML, like Gecko; compatible; bingbot/2.0; +http://www.bing.com/bingbot.htm) Chrome/116.0.1938.76 Safari/537.36"
198.54.114.83 - - [31/Mar/2025:04:39:36 -0400] "POST /wp-admin/admin-ajax.php?action=async_litespeed&nonce=CfXTsmYelV5rWmbtAvpPrZPddoqYTjaj&litespeed_type=imgoptm HTTP/1.1" 200 5 "-" "WordPress/6.7.2; https://bakingsecurityin.com"
198.54.114.83 - - [31/Mar/2025:04:40:34 -0400] "POST /wp-cron.php?doing_wp_cron=1743410434.4895479679107666015625 HTTP/1.1" 200 0 "-" "WordPress/6.7.2; https://bakingsecurityin.com"
51.222.253.11 - - [31/Mar/2025:04:40:34 -0400] "GET /how-to-win-wordle-today/ HTTP/1.1" 200 0 "-" "Mozilla/5.0 (compatible; AhrefsBot/7.0; +http://ahrefs.com/robot/)"
198.54.114.83 - - [31/Mar/2025:04:40:35 -0400] "POST /wp-admin/admin-ajax.php?action=async_litespeed&nonce=YbnQVoRgrbqRhZc0Gs4ylAdNCALjrm72&litespeed_type=imgoptm HTTP/1.1" 200 5 "-" "WordPress/6.7.2; https://bakingsecurityin.com"
198.54.114.83 - - [31/Mar/2025:04:41:43 -0400] "POST /wp-cron.php?doing_wp_cron=1743410503.8296189308166503906250 HTTP/1.1" 200 0 "-" "WordPress/6.7.2; https://bakingsecurityin.com"
51.222.253.5 - - [31/Mar/2025:04:41:42 -0400] "GET /a-silver-kiddush-cup-is-a-beautiful-piece-of-jewelry/ HTTP/1.1" 200 0 "-" "Mozilla/5.0 (compatible; AhrefsBot/7.0; +http://ahrefs.com/robot/)"
198.54.114.83 - - [31/Mar/2025:04:41:44 -0400] "POST /wp-admin/admin-ajax.php?action=async_litespeed&nonce=zBHpmS0xC7LqvTAq6G9uuj745XBdTXoP&litespeed_type=imgoptm HTTP/1.1" 200 5 "-" "WordPress/6.7.2; https://bakingsecurityin.com"
139.59.18.154 - - [31/Mar/2025:04:41:51 -0400] "GET /wp-login.php HTTP/1.1" 200 1738 "-" "Mozila/5.0"
139.59.18.154 - - [31/Mar/2025:04:41:51 -0400] "POST /wp-login.php HTTP/1.1" 200 1868 "-" "Mozila/5.0"
139.59.18.154 - - [31/Mar/2025:04:41:52 -0400] "GET /wp-admin/ HTTP/1.1" 302 0 "-" "Mozila/5.0"
139.59.18.154 - - [31/Mar/2025:04:41:53 -0400] "GET /wp-login.php?redirect_to=https%3A%2F%2Fbakingsecurityin.com%2Fwp-admin%2F&reauth=1 HTTP/1.1" 200 1738 "-" "Mozila/5.0"
198.54.114.83 - - [31/Mar/2025:04:42:32 -0400] "POST /wp-cron.php?doing_wp_cron=1743410552.2718200683593750000000 HTTP/1.1" 200 0 "-" "WordPress/6.7.2; https://bakingsecurityin.com"
129.226.162.39 - - [31/Mar/2025:04:42:32 -0400] "GET /best-mothers-day-gifts-top-5-for-2011/ HTTP/1.1" 200 0 "-" "Python/3.10 aiohttp/3.10.5"
198.54.114.83 - - [31/Mar/2025:04:42:32 -0400] "POST /wp-admin/admin-ajax.php?action=async_litespeed&nonce=xffWbKJJKeZNqwPr8xoYVDorlmkCW5Z4&litespeed_type=imgoptm HTTP/1.1" 200 5 "-" "WordPress/6.7.2; https://bakingsecurityin.com"
51.222.253.15 - - [31/Mar/2025:04:43:00 -0400] "GET /the-advantages-of-a-virtual-telephone-answering-service/ HTTP/1.1" 200 0 "-" "Mozilla/5.0 (compatible; AhrefsBot/7.0; +http://ahrefs.com/robot/)"
198.54.114.83 - - [31/Mar/2025:04:44:20 -0400] "POST /wp-cron.php?doing_wp_cron=1743410660.3583149909973144531250 HTTP/1.1" 200 0 "-" "WordPress/6.7.2; https://bakingsecurityin.com"
51.222.253.2 - - [31/Mar/2025:04:44:20 -0400] "GET /artistry-beyond-time-the-legacy-of-italian-classic-furniture-manufacturers/ HTTP/1.1" 200 0 "-" "Mozilla/5.0 (compatible; AhrefsBot/7.0; +http://ahrefs.com/robot/)"
198.54.114.83 - - [31/Mar/2025:04:44:20 -0400] "POST /wp-admin/admin-ajax.php?action=async_litespeed&nonce=lPXyplsGG5BL04GI5fYF1tLSVLULWrxv&litespeed_type=imgoptm HTTP/1.1" 200 5 "-" "WordPress/6.7.2; https://bakingsecurityin.com"
198.54.114.83 - - [31/Mar/2025:04:45:33 -0400] "POST /wp-cron.php?doing_wp_cron=1743410733.4408290386199951171875 HTTP/1.1" 200 0 "-" "WordPress/6.7.2; https://bakingsecurityin.com"
51.222.253.13 - - [31/Mar/2025:04:45:32 -0400] "GET /benefits-of-quantum-healing-systems/ HTTP/1.1" 200 0 "-" "Mozilla/5.0 (compatible; AhrefsBot/7.0; +http://ahrefs.com/robot/)"
198.54.114.83 - - [31/Mar/2025:04:45:33 -0400] "POST /wp-admin/admin-ajax.php?action=async_litespeed&nonce=6nGZPCpuDK1QRWCdYyGTt32aPv3pYWp1&litespeed_type=imgoptm HTTP/1.1" 200 5 "-" "WordPress/6.7.2; https://bakingsecurityin.com"
198.54.114.83 - - [31/Mar/2025:04:47:00 -0400] "POST /wp-cron.php?doing_wp_cron=1743410819.9546649456024169921875 HTTP/1.1" 200 0 "-" "WordPress/6.7.2; https://bakingsecurityin.com"
51.222.253.10 - - [31/Mar/2025:04:46:58 -0400] "GET /kann-ein-hund-eineiige-zwillinge-riechen/ HTTP/1.1" 200 0 "-" "Mozilla/5.0 (compatible; AhrefsBot/7.0; +http://ahrefs.com/robot/)"
198.54.114.83 - - [31/Mar/2025:04:47:00 -0400] "POST /wp-admin/admin-ajax.php?action=async_litespeed&nonce=JqaiKb71ygtSH7QTeXFw1xr71mFdXpSt&litespeed_type=imgoptm HTTP/1.1" 200 5 "-" "WordPress/6.7.2; https://bakingsecurityin.com"
198.54.114.83 - - [31/Mar/2025:04:48:28 -0400] "POST /wp-cron.php?doing_wp_cron=1743410908.2159640789031982421875 HTTP/1.1" 200 0 "-" "WordPress/6.7.2; https://bakingsecurityin.com"
51.222.253.19 - - [31/Mar/2025:04:48:26 -0400] "GET /how-to-borrow-money-singapore-easily-and-quickly/ HTTP/1.1" 200 0 "-" "Mozilla/5.0 (compatible; AhrefsBot/7.0; +http://ahrefs.com/robot/)"
198.54.114.83 - - [31/Mar/2025:04:48:28 -0400] "POST /wp-admin/admin-ajax.php?action=async_litespeed&nonce=HABJWL6SRTXAHYROh9tIwbjj2Ypv4RFZ&litespeed_type=imgoptm HTTP/1.1" 200 5 "-" "WordPress/6.7.2; https://bakingsecurityin.com"
198.54.114.83 - - [31/Mar/2025:04:49:32 -0400] "POST /wp-cron.php?doing_wp_cron=1743410972.2290558815002441406250 HTTP/1.1" 200 0 "-" "WordPress/6.7.2; https://bakingsecurityin.com"
129.226.131.246 - - [31/Mar/2025:04:49:32 -0400] "GET /unlocking-the-power-of-residential-proxies/ HTTP/1.1" 200 0 "-" "Python/3.10 aiohttp/3.10.5"
198.54.114.83 - - [31/Mar/2025:04:49:32 -0400] "POST /wp-admin/admin-ajax.php?action=async_litespeed&nonce=0iMt4C0EyV2cCersJxsP4Rfapc4juqZn&litespeed_type=imgoptm HTTP/1.1" 200 5 "-" "WordPress/6.7.2; https://bakingsecurityin.com"
51.222.253.16 - - [31/Mar/2025:04:49:49 -0400] "GET /runner-rugs/ HTTP/1.1" 200 0 "-" "Mozilla/5.0 (compatible; AhrefsBot/7.0; +http://ahrefs.com/robot/)"
51.222.253.5 - - [31/Mar/2025:04:51:15 -0400] "GET /what-is-a-dentist-office/ HTTP/1.1" 200 0 "-" "Mozilla/5.0 (compatible; AhrefsBot/7.0; +http://ahrefs.com/robot/)"
198.54.114.83 - - [31/Mar/2025:04:52:38 -0400] "POST /wp-cron.php?doing_wp_cron=1743411158.2632100582122802734375 HTTP/1.1" 200 0 "-" "WordPress/6.7.2; https://bakingsecurityin.com"
51.222.253.16 - - [31/Mar/2025:04:52:35 -0400] "GET /comment-nettoyer-largenterie/ HTTP/1.1" 200 0 "-" "Mozilla/5.0 (compatible; AhrefsBot/7.0; +http://ahrefs.com/robot/)"
198.54.114.83 - - [31/Mar/2025:04:52:38 -0400] "POST /wp-admin/admin-ajax.php?action=async_litespeed&nonce=N86sXQoVVgg7j3k2z38fLbM3zDicmmU6&litespeed_type=imgoptm HTTP/1.1" 200 5 "-" "WordPress/6.7.2; https://bakingsecurityin.com"
198.54.114.83 - - [31/Mar/2025:04:53:55 -0400] "POST /wp-cron.php?doing_wp_cron=1743411235.7287979125976562500000 HTTP/1.1" 200 0 "-" "WordPress/6.7.2; https://bakingsecurityin.com"
51.222.253.5 - - [31/Mar/2025:04:53:55 -0400] "GET /what-is-a-virtual-makeup-try-on/ HTTP/1.1" 200 0 "-" "Mozilla/5.0 (compatible; AhrefsBot/7.0; +http://ahrefs.com/robot/)"
198.54.114.83 - - [31/Mar/2025:04:53:56 -0400] "POST /wp-admin/admin-ajax.php?action=async_litespeed&nonce=lPZUz5IlhdURy0EZQFZzKB1CGvgoEx1P&litespeed_type=imgoptm HTTP/1.1" 200 5 "-" "WordPress/6.7.2; https://bakingsecurityin.com"
195.2.76.183 - - [31/Mar/2025:04:54:07 -0400] "GET /a-journey-into-skincare/ HTTP/1.1" 200 0 "https://bakingsecurityin.com/a-journey-into-skincare/" "Mozilla/5.0 (Windows NT 10.0; Win64; x64) AppleWebKit/537.36 (KHTML, like Gecko) Chrome/131.0.0.0 Safari/537.36"
195.2.76.183 - - [31/Mar/2025:04:54:09 -0400] "GET / HTTP/1.1" 200 0 "https://bakingsecurityin.com/" "Mozilla/5.0 (Windows NT 10.0; Win64; x64) AppleWebKit/537.36 (KHTML, like Gecko) Chrome/131.0.0.0 Safari/537.36"
198.54.114.83 - - [31/Mar/2025:04:54:48 -0400] "POST /wp-admin/admin-ajax.php?action=async_litespeed&nonce=7U8fXa2x2fWILMPVKrcCLuXd4aFVW3Xh&litespeed_type=imgoptm HTTP/1.1" 200 5 "-" "WordPress/6.7.2; https://bakingsecurityin.com"
51.222.253.16 - - [31/Mar/2025:04:55:19 -0400] "GET /how-to-get-more-youtube-subscribers/ HTTP/1.1" 200 0 "-" "Mozilla/5.0 (compatible; AhrefsBot/7.0; +http://ahrefs.com/robot/)"
154.83.78.180 - - [31/Mar/2025:04:55:50 -0400] "GET /why-dental-enrollment-organizations-might-turn-into-a-relic-of-days-gone-by/ HTTP/1.1" 200 0 "-" "Mozilla/5.0 (Macintosh; Intel Mac OS X 10_15_7) AppleWebKit/537.36 (KHTML, like Gecko) Chrome/125.0.0.0 Safari/537.36"
85.208.96.197 - - [31/Mar/2025:04:56:30 -0400] "GET /finding-the-right-divorce-lawyer/ HTTP/1.1" 200 0 "-" "Mozilla/5.0 (compatible; SemrushBot/7~bl; +http://www.semrush.com/bot.html)"
198.54.114.83 - - [31/Mar/2025:04:56:50 -0400] "POST /wp-cron.php?doing_wp_cron=1743411410.2475719451904296875000 HTTP/1.1" 200 0 "-" "WordPress/6.7.2; https://bakingsecurityin.com"
51.222.253.6 - - [31/Mar/2025:04:56:48 -0400] "GET /effektive-entrumpelung-in-luneburg/feed/ HTTP/1.1" 200 405 "-" "Mozilla/5.0 (compatible; AhrefsBot/7.0; +http://ahrefs.com/robot/)"
198.54.114.83 - - [31/Mar/2025:04:56:50 -0400] "POST /wp-admin/admin-ajax.php?action=async_litespeed&nonce=e3fJ00w1ZKSqwE4VeZK3Lld3Zkr1lWxc&litespeed_type=imgoptm HTTP/1.1" 200 0 "-" "WordPress/6.7.2; https://bakingsecurityin.com"
198.54.114.83 - - [31/Mar/2025:04:58:14 -0400] "POST /wp-cron.php?doing_wp_cron=1743411494.6502358913421630859375 HTTP/1.1" 200 0 "-" "WordPress/6.7.2; https://bakingsecurityin.com"
51.222.253.3 - - [31/Mar/2025:04:58:13 -0400] "GET /screw-sizes-how-to-choose-the-right-size/ HTTP/1.1" 200 0 "-" "Mozilla/5.0 (compatible; AhrefsBot/7.0; +http://ahrefs.com/robot/)"
198.54.114.83 - - [31/Mar/2025:04:58:15 -0400] "POST /wp-admin/admin-ajax.php?action=async_litespeed&nonce=mSBTaUU5EXukKwYNLSW9DLgWEAALAt2N&litespeed_type=imgoptm HTTP/1.1" 200 5 "-" "WordPress/6.7.2; https://bakingsecurityin.com"
51.222.253.9 - - [31/Mar/2025:04:59:32 -0400] "GET /what-is-family-mediation/ HTTP/1.1" 200 0 "-" "Mozilla/5.0 (compatible; AhrefsBot/7.0; +http://ahrefs.com/robot/)"
198.54.114.83 - - [31/Mar/2025:05:00:57 -0400] "POST /wp-cron.php?doing_wp_cron=1743411657.1143009662628173828125 HTTP/1.1" 200 0 "-" "WordPress/6.7.2; https://bakingsecurityin.com"
51.222.253.1 - - [31/Mar/2025:05:00:55 -0400] "GET /how-to-buy-youtube-views-online/ HTTP/1.1" 200 0 "-" "Mozilla/5.0 (compatible; AhrefsBot/7.0; +http://ahrefs.com/robot/)"
198.54.114.83 - - [31/Mar/2025:05:00:57 -0400] "POST /wp-admin/admin-ajax.php?action=async_litespeed&nonce=ldHseVXZA2F0DnxKUhZtX2VdJKNHV2uE&litespeed_type=imgoptm HTTP/1.1" 200 5 "-" "WordPress/6.7.2; https://bakingsecurityin.com"
198.54.114.83 - - [31/Mar/2025:05:02:11 -0400] "POST /wp-cron.php?doing_wp_cron=1743411731.7270920276641845703125 HTTP/1.1" 200 0 "-" "WordPress/6.7.2; https://bakingsecurityin.com"
51.222.253.20 - - [31/Mar/2025:05:02:11 -0400] "GET /umzugsfirma-hamburg-ihr-partner-fur-stressfreie-umzuge/ HTTP/1.1" 200 0 "-" "Mozilla/5.0 (compatible; AhrefsBot/7.0; +http://ahrefs.com/robot/)"
198.54.114.83 - - [31/Mar/2025:05:02:12 -0400] "POST /wp-admin/admin-ajax.php?action=async_litespeed&nonce=slQIO1kqRY6I3BHSRdQZnUtWJA9nuFAg&litespeed_type=imgoptm HTTP/1.1" 200 5 "-" "WordPress/6.7.2; https://bakingsecurityin.com"
198.54.114.83 - - [31/Mar/2025:05:03:20 -0400] "POST /wp-cron.php?doing_wp_cron=1743411800.3517010211944580078125 HTTP/1.1" 200 0 "-" "WordPress/6.7.2; https://bakingsecurityin.com"
51.222.253.5 - - [31/Mar/2025:05:03:19 -0400] "GET /le-pouvoir-enigmatique-de-la-maca-sur-la-libido/ HTTP/1.1" 200 0 "-" "Mozilla/5.0 (compatible; AhrefsBot/7.0; +http://ahrefs.com/robot/)"
198.54.114.83 - - [31/Mar/2025:05:03:20 -0400] "POST /wp-admin/admin-ajax.php?action=async_litespeed&nonce=7MltwqBJV0OEzXEpr9JTLOgOFJvFhV5f&litespeed_type=imgoptm HTTP/1.1" 200 5 "-" "WordPress/6.7.2; https://bakingsecurityin.com"
198.54.114.83 - - [31/Mar/2025:05:04:38 -0400] "POST /wp-cron.php?doing_wp_cron=1743411878.3664550781250000000000 HTTP/1.1" 200 0 "-" "WordPress/6.7.2; https://bakingsecurityin.com"
51.222.253.16 - - [31/Mar/2025:05:04:38 -0400] "GET /effektive-unternehmensraumung-in-luneburg/ HTTP/1.1" 200 0 "-" "Mozilla/5.0 (compatible; AhrefsBot/7.0; +http://ahrefs.com/robot/)"
198.54.114.83 - - [31/Mar/2025:05:04:38 -0400] "POST /wp-admin/admin-ajax.php?action=async_litespeed&nonce=npPR79AdzIpQq1hsJDAa4K3Tp88NBBQe&litespeed_type=imgoptm HTTP/1.1" 200 5 "-" "WordPress/6.7.2; https://bakingsecurityin.com"
198.54.114.83 - - [31/Mar/2025:05:05:54 -0400] "POST /wp-cron.php?doing_wp_cron=1743411954.5597429275512695312500 HTTP/1.1" 200 0 "-" "WordPress/6.7.2; https://bakingsecurityin.com"
51.222.253.18 - - [31/Mar/2025:05:05:54 -0400] "GET /ways-to-say-cat-in-spanish/ HTTP/1.1" 200 0 "-" "Mozilla/5.0 (compatible; AhrefsBot/7.0; +http://ahrefs.com/robot/)"
198.54.114.83 - - [31/Mar/2025:05:05:55 -0400] "POST /wp-admin/admin-ajax.php?action=async_litespeed&nonce=qhyciSHxv6j6AD3eC28tBcVPA2f5GgNp&litespeed_type=imgoptm HTTP/1.1" 200 5 "-" "WordPress/6.7.2; https://bakingsecurityin.com"
43.132.182.217 - - [31/Mar/2025:05:06:12 -0400] "GET /how-to-become-a-celebrity-bodyguard/ HTTP/1.1" 200 0 "-" "Python/3.10 aiohttp/3.10.5"
51.222.253.10 - - [31/Mar/2025:05:07:22 -0400] "GET /most-beautiful-flower-wallpapers/ HTTP/1.1" 200 0 "-" "Mozilla/5.0 (compatible; AhrefsBot/7.0; +http://ahrefs.com/robot/)"
198.54.114.83 - - [31/Mar/2025:05:08:40 -0400] "POST /wp-cron.php?doing_wp_cron=1743412120.2021930217742919921875 HTTP/1.1" 200 0 "-" "WordPress/6.7.2; https://bakingsecurityin.com"
51.222.253.12 - - [31/Mar/2025:05:08:38 -0400] "GET /buy-cannabis-online/ HTTP/1.1" 200 0 "-" "Mozilla/5.0 (compatible; AhrefsBot/7.0; +http://ahrefs.com/robot/)"
198.54.114.83 - - [31/Mar/2025:05:08:40 -0400] "POST /wp-admin/admin-ajax.php?action=async_litespeed&nonce=3Dv1OGRYAjM4kRksIPfzgDWAXlI2uIhF&litespeed_type=imgoptm HTTP/1.1" 200 5 "-" "WordPress/6.7.2; https://bakingsecurityin.com"
85.208.96.203 - - [31/Mar/2025:05:09:41 -0400] "GET /how-to-find-a-caregiver/ HTTP/1.1" 200 0 "-" "Mozilla/5.0 (compatible; SemrushBot/7~bl; +http://www.semrush.com/bot.html)"
198.54.114.83 - - [31/Mar/2025:05:10:01 -0400] "POST /wp-cron.php?doing_wp_cron=1743412201.4832708835601806640625 HTTP/1.1" 200 0 "-" "WordPress/6.7.2; https://bakingsecurityin.com"
51.222.253.8 - - [31/Mar/2025:05:10:01 -0400] "GET /elope-to-spain-for-a-dream-wedding-in-paradise/feed/ HTTP/1.1" 200 422 "-" "Mozilla/5.0 (compatible; AhrefsBot/7.0; +http://ahrefs.com/robot/)"
198.54.114.83 - - [31/Mar/2025:05:10:02 -0400] "POST /wp-admin/admin-ajax.php?action=async_litespeed&nonce=vAcFXWzrFfsqh9pQ6YSSCQmoJEIumhd8&litespeed_type=imgoptm HTTP/1.1" 200 5 "-" "WordPress/6.7.2; https://bakingsecurityin.com"
51.222.253.8 - - [31/Mar/2025:05:11:29 -0400] "GET /wealth-building-with-real-estate/ HTTP/1.1" 200 0 "-" "Mozilla/5.0 (compatible; AhrefsBot/7.0; +http://ahrefs.com/robot/)"
198.54.114.83 - - [31/Mar/2025:05:12:15 -0400] "POST /wp-admin/admin-ajax.php?action=async_litespeed&nonce=yn0AJVrgiqdwTke4mgJ3EL1uhcvlffme&litespeed_type=imgoptm HTTP/1.1" 200 5 "-" "WordPress/6.7.2; https://bakingsecurityin.com"
198.54.114.83 - - [31/Mar/2025:05:12:28 -0400] "POST /wp-admin/admin-ajax.php?action=async_litespeed&nonce=xuHqkUIQB8LI9w2R33YCPpZ8AZ3Uclhv&litespeed_type=imgoptm HTTP/1.1" 200 5 "-" "WordPress/6.7.2; https://bakingsecurityin.com"
51.222.253.18 - - [31/Mar/2025:05:12:46 -0400] "GET /efficient-communication-for-realtors/ HTTP/1.1" 200 0 "-" "Mozilla/5.0 (compatible; AhrefsBot/7.0; +http://ahrefs.com/robot/)"
198.54.114.83 - - [31/Mar/2025:05:14:03 -0400] "POST /wp-cron.php?doing_wp_cron=1743412443.0395700931549072265625 HTTP/1.1" 200 0 "-" "WordPress/6.7.2; https://bakingsecurityin.com"
51.222.253.15 - - [31/Mar/2025:05:14:01 -0400] "GET /finding-top-speech-therapy-services-in-dubai/feed/ HTTP/1.1" 200 415 "-" "Mozilla/5.0 (compatible; AhrefsBot/7.0; +http://ahrefs.com/robot/)"
198.54.114.83 - - [31/Mar/2025:05:14:03 -0400] "POST /wp-admin/admin-ajax.php?action=async_litespeed&nonce=rZDnpPQ2oNVKZJkkkF30RQFKurPaAkyU&litespeed_type=imgoptm HTTP/1.1" 200 5 "-" "WordPress/6.7.2; https://bakingsecurityin.com"
198.54.114.83 - - [31/Mar/2025:05:15:24 -0400] "POST /wp-cron.php?doing_wp_cron=1743412524.2844729423522949218750 HTTP/1.1" 200 0 "-" "WordPress/6.7.2; https://bakingsecurityin.com"
51.222.253.14 - - [31/Mar/2025:05:15:24 -0400] "GET /how-to-go-offline-on-instagram/ HTTP/1.1" 200 0 "-" "Mozilla/5.0 (compatible; AhrefsBot/7.0; +http://ahrefs.com/robot/)"
198.54.114.83 - - [31/Mar/2025:05:15:24 -0400] "POST /wp-admin/admin-ajax.php?action=async_litespeed&nonce=y5pTCL5GbQYqpDob37yhFYzNxNss2LZQ&litespeed_type=imgoptm HTTP/1.1" 200 5 "-" "WordPress/6.7.2; https://bakingsecurityin.com"
198.54.114.83 - - [31/Mar/2025:05:16:55 -0400] "POST /wp-cron.php?doing_wp_cron=1743412614.8689019680023193359375 HTTP/1.1" 200 0 "-" "WordPress/6.7.2; https://bakingsecurityin.com"
51.222.253.13 - - [31/Mar/2025:05:16:52 -0400] "GET /shop-space-for-rent-in-qatar/ HTTP/1.1" 200 0 "-" "Mozilla/5.0 (compatible; AhrefsBot/7.0; +http://ahrefs.com/robot/)"
198.54.114.83 - - [31/Mar/2025:05:16:55 -0400] "POST /wp-admin/admin-ajax.php?action=async_litespeed&nonce=syjiqRdn14nUYoRumXkNOhqh0ppSjHWg&litespeed_type=imgoptm HTTP/1.1" 200 5 "-" "WordPress/6.7.2; https://bakingsecurityin.com"
198.54.114.83 - - [31/Mar/2025:05:18:27 -0400] "POST /wp-cron.php?doing_wp_cron=1743412707.7823059558868408203125 HTTP/1.1" 200 0 "-" "WordPress/6.7.2; https://bakingsecurityin.com"
51.222.253.9 - - [31/Mar/2025:05:18:25 -0400] "GET /agence-partenaire-google-ads-paris/ HTTP/1.1" 200 0 "-" "Mozilla/5.0 (compatible; AhrefsBot/7.0; +http://ahrefs.com/robot/)"
198.54.114.83 - - [31/Mar/2025:05:18:28 -0400] "POST /wp-admin/admin-ajax.php?action=async_litespeed&nonce=dmsOlyct56RxFEtHUn0c87h9K8DcyAUV&litespeed_type=imgoptm HTTP/1.1" 200 5 "-" "WordPress/6.7.2; https://bakingsecurityin.com"
198.54.114.83 - - [31/Mar/2025:05:19:50 -0400] "POST /wp-cron.php?doing_wp_cron=1743412790.7128639221191406250000 HTTP/1.1" 200 0 "-" "WordPress/6.7.2; https://bakingsecurityin.com"
51.222.253.16 - - [31/Mar/2025:05:19:50 -0400] "GET /unveiling-the-importance-of-corporate-event-entertainment/ HTTP/1.1" 200 0 "-" "Mozilla/5.0 (compatible; AhrefsBot/7.0; +http://ahrefs.com/robot/)"
198.54.114.83 - - [31/Mar/2025:05:19:51 -0400] "POST /wp-admin/admin-ajax.php?action=async_litespeed&nonce=IuEBv79MgUgpVRPtonnvsZODsibDrXAj&litespeed_type=imgoptm HTTP/1.1" 200 5 "-" "WordPress/6.7.2; https://bakingsecurityin.com"
51.222.253.15 - - [31/Mar/2025:05:21:16 -0400] "GET /insinkerator-disposers/ HTTP/1.1" 200 0 "-" "Mozilla/5.0 (compatible; AhrefsBot/7.0; +http://ahrefs.com/robot/)"
94.181.156.210 - - [31/Mar/2025:05:21:30 -0400] "GET /review-of-the-relx-vape-pods/ HTTP/1.1" 200 0 "-" "Mozilla/5.0 (Windows NT 6.3; Win64; x64) AppleWebKit/537.36 (KHTML, like Gecko) Chrome/75.0.3770.100 Safari/537.36"
198.54.114.83 - - [31/Mar/2025:05:22:44 -0400] "POST /wp-cron.php?doing_wp_cron=1743412964.3719089031219482421875 HTTP/1.1" 200 0 "-" "WordPress/6.7.2; https://bakingsecurityin.com"
51.222.253.14 - - [31/Mar/2025:05:22:42 -0400] "GET /gitarrenunterricht/ HTTP/1.1" 200 0 "-" "Mozilla/5.0 (compatible; AhrefsBot/7.0; +http://ahrefs.com/robot/)"
198.54.114.83 - - [31/Mar/2025:05:22:45 -0400] "POST /wp-admin/admin-ajax.php?action=async_litespeed&nonce=y5GT8kaDbbqOsj7DVObAX0uRigGDJqYt&litespeed_type=imgoptm HTTP/1.1" 200 5 "-" "WordPress/6.7.2; https://bakingsecurityin.com"
198.54.114.83 - - [31/Mar/2025:05:24:08 -0400] "POST /wp-cron.php?doing_wp_cron=1743413048.0381159782409667968750 HTTP/1.1" 200 0 "-" "WordPress/6.7.2; https://bakingsecurityin.com"
51.222.253.13 - - [31/Mar/2025:05:24:07 -0400] "GET /the-benefits-of-vegan-skin-care/ HTTP/1.1" 200 0 "-" "Mozilla/5.0 (compatible; AhrefsBot/7.0; +http://ahrefs.com/robot/)"
198.54.114.83 - - [31/Mar/2025:05:24:08 -0400] "POST /wp-admin/admin-ajax.php?action=async_litespeed&nonce=009AEG0phitCbaQPPKTgh7BpaNJZjCKG&litespeed_type=imgoptm HTTP/1.1" 200 5 "-" "WordPress/6.7.2; https://bakingsecurityin.com"
94.103.88.177 - - [31/Mar/2025:05:24:37 -0400] "GET /a-journey-into-skincare/ HTTP/1.1" 200 0 "https://bakingsecurityin.com/a-journey-into-skincare/" "Mozilla/5.0 (Windows NT 10.0; Win64; x64) AppleWebKit/537.36 (KHTML, like Gecko) Chrome/131.0.0.0 Safari/537.36"
198.54.114.83 - - [31/Mar/2025:05:24:38 -0400] "POST /wp-cron.php?doing_wp_cron=1743413078.0744919776916503906250 HTTP/1.1" 200 0 "-" "WordPress/6.7.2; https://bakingsecurityin.com"
94.103.88.177 - - [31/Mar/2025:05:24:37 -0400] "GET / HTTP/1.1" 200 0 "https://bakingsecurityin.com/" "Mozilla/5.0 (Windows NT 10.0; Win64; x64) AppleWebKit/537.36 (KHTML, like Gecko) Chrome/131.0.0.0 Safari/537.36"
198.54.114.83 - - [31/Mar/2025:05:24:38 -0400] "POST /wp-admin/admin-ajax.php?action=async_litespeed&nonce=9P85BxPDHMYORhZuUb60LQWVbb9NpY7g&litespeed_type=imgoptm HTTP/1.1" 200 5 "-" "WordPress/6.7.2; https://bakingsecurityin.com"
185.191.171.11 - - [31/Mar/2025:05:24:41 -0400] "GET /the-arden-is-not-just-a-village-or-a-town/ HTTP/1.1" 200 0 "-" "Mozilla/5.0 (compatible; SemrushBot/7~bl; +http://www.semrush.com/bot.html)"
198.54.114.83 - - [31/Mar/2025:05:26:06 -0400] "POST /wp-cron.php?doing_wp_cron=1743413166.4808270931243896484375 HTTP/1.1" 200 0 "-" "WordPress/6.7.2; https://bakingsecurityin.com"
51.222.253.11 - - [31/Mar/2025:05:26:04 -0400] "GET /capturing-the-essence-crafting-compelling-real-estate-videos/ HTTP/1.1" 200 0 "-" "Mozilla/5.0 (compatible; AhrefsBot/7.0; +http://ahrefs.com/robot/)"
198.54.114.83 - - [31/Mar/2025:05:26:06 -0400] "POST /wp-admin/admin-ajax.php?action=async_litespeed&nonce=wzEsnecbto4qmdYioFwvkkhuPPGQZOk1&litespeed_type=imgoptm HTTP/1.1" 200 5 "-" "WordPress/6.7.2; https://bakingsecurityin.com"
198.54.114.83 - - [31/Mar/2025:05:27:08 -0400] "POST /wp-cron.php?doing_wp_cron=1743413228.5066740512847900390625 HTTP/1.1" 200 0 "-" "WordPress/6.7.2; https://bakingsecurityin.com"
185.191.171.13 - - [31/Mar/2025:05:27:08 -0400] "GET /the-advantages-of-an-instant-hot-water-tap/ HTTP/1.1" 200 0 "-" "Mozilla/5.0 (compatible; SemrushBot/7~bl; +http://www.semrush.com/bot.html)"
198.54.114.83 - - [31/Mar/2025:05:27:08 -0400] "POST /wp-admin/admin-ajax.php?action=async_litespeed&nonce=QoVjV3t1BhJlDj7pGJQmJz4XlLlqwjOh&litespeed_type=imgoptm HTTP/1.1" 200 5 "-" "WordPress/6.7.2; https://bakingsecurityin.com"
198.54.114.83 - - [31/Mar/2025:05:27:40 -0400] "POST /wp-cron.php?doing_wp_cron=1743413260.0078370571136474609375 HTTP/1.1" 200 0 "-" "WordPress/6.7.2; https://bakingsecurityin.com"
51.222.253.3 - - [31/Mar/2025:05:27:39 -0400] "GET /the-three-types-of-residents-that-medical-students-will-encounter/ HTTP/1.1" 200 0 "-" "Mozilla/5.0 (compatible; AhrefsBot/7.0; +http://ahrefs.com/robot/)"
198.54.114.83 - - [31/Mar/2025:05:27:40 -0400] "POST /wp-admin/admin-ajax.php?action=async_litespeed&nonce=EPqgupEN4vAaxLoISaEkNk4pCgE6ZKPH&litespeed_type=imgoptm HTTP/1.1" 200 5 "-" "WordPress/6.7.2; https://bakingsecurityin.com"
43.154.133.154 - - [31/Mar/2025:05:27:55 -0400] "GET /what-episode-does-jon-snow-die/ HTTP/1.1" 200 0 "-" "Python/3.10 aiohttp/3.10.5"
198.54.114.83 - - [31/Mar/2025:05:29:02 -0400] "POST /wp-cron.php?doing_wp_cron=1743413342.3955030441284179687500 HTTP/1.1" 200 0 "-" "WordPress/6.7.2; https://bakingsecurityin.com"
51.222.253.16 - - [31/Mar/2025:05:29:02 -0400] "GET /die-kunst-der-buchfuhrung-ein-blick-auf-die-welt-der-rechnungslegung/ HTTP/1.1" 200 0 "-" "Mozilla/5.0 (compatible; AhrefsBot/7.0; +http://ahrefs.com/robot/)"
198.54.114.83 - - [31/Mar/2025:05:29:03 -0400] "POST /wp-admin/admin-ajax.php?action=async_litespeed&nonce=rcqWxcnHuPO7rw81wBW4DACG0RK5v4iY&litespeed_type=imgoptm HTTP/1.1" 200 0 "-" "WordPress/6.7.2; https://bakingsecurityin.com"
198.54.114.83 - - [31/Mar/2025:05:30:27 -0400] "POST /wp-cron.php?doing_wp_cron=1743413427.6353099346160888671875 HTTP/1.1" 200 0 "-" "WordPress/6.7.2; https://bakingsecurityin.com"
51.222.253.19 - - [31/Mar/2025:05:30:25 -0400] "GET /osteopathie-was-ist-osteopathie/ HTTP/1.1" 200 0 "-" "Mozilla/5.0 (compatible; AhrefsBot/7.0; +http://ahrefs.com/robot/)"
198.54.114.83 - - [31/Mar/2025:05:30:28 -0400] "POST /wp-admin/admin-ajax.php?action=async_litespeed&nonce=FmPlvJ76uz5DwrJxFwmOodAMrCY3n8kj&litespeed_type=imgoptm HTTP/1.1" 200 5 "-" "WordPress/6.7.2; https://bakingsecurityin.com"
66.249.66.65 - - [31/Mar/2025:05:31:39 -0400] "GET /the-different-types-of-voice-over-work-that-you-can-do/ HTTP/1.1" 200 0 "-" "Mozilla/5.0 (Linux; Android 6.0.1; Nexus 5X Build/MMB29P) AppleWebKit/537.36 (KHTML, like Gecko) Chrome/134.0.6998.165 Mobile Safari/537.36 (compatible; Googlebot/2.1; +http://www.google.com/bot.html)"
51.222.253.2 - - [31/Mar/2025:05:31:44 -0400] "GET /football-betting-tips-how-to-increase-your-chances-of-winning/ HTTP/1.1" 200 0 "-" "Mozilla/5.0 (compatible; AhrefsBot/7.0; +http://ahrefs.com/robot/)"
198.54.114.83 - - [31/Mar/2025:05:32:43 -0400] "POST /wp-admin/admin-ajax.php?action=async_litespeed&nonce=jfzHzQsZcCmvl58X4SbCeQfpMOwwxYUz&litespeed_type=imgoptm HTTP/1.1" 200 5 "-" "WordPress/6.7.2; https://bakingsecurityin.com"
51.222.253.6 - - [31/Mar/2025:05:33:05 -0400] "GET /ev-charging-modes/ HTTP/1.1" 200 0 "-" "Mozilla/5.0 (compatible; AhrefsBot/7.0; +http://ahrefs.com/robot/)"
198.54.114.83 - - [31/Mar/2025:05:34:46 -0400] "POST /wp-cron.php?doing_wp_cron=1743413685.8386130332946777343750 HTTP/1.1" 200 0 "-" "WordPress/6.7.2; https://bakingsecurityin.com"
51.222.253.15 - - [31/Mar/2025:05:34:42 -0400] "GET /exploring-the-allure-of-sora-condo/ HTTP/1.1" 200 0 "-" "Mozilla/5.0 (compatible; AhrefsBot/7.0; +http://ahrefs.com/robot/)"
198.54.114.83 - - [31/Mar/2025:05:34:46 -0400] "POST /wp-admin/admin-ajax.php?action=async_litespeed&nonce=B2N7pgSTKJhVK6gSriCPfpQMYu2ywYKU&litespeed_type=imgoptm HTTP/1.1" 200 5 "-" "WordPress/6.7.2; https://bakingsecurityin.com"
198.54.114.83 - - [31/Mar/2025:05:36:25 -0400] "POST /wp-cron.php?doing_wp_cron=1743413784.7705841064453125000000 HTTP/1.1" 200 0 "-" "WordPress/6.7.2; https://bakingsecurityin.com"
51.222.253.19 - - [31/Mar/2025:05:36:22 -0400] "GET /how-to-buy-youtube-views-onlines/ HTTP/1.1" 200 0 "-" "Mozilla/5.0 (compatible; AhrefsBot/7.0; +http://ahrefs.com/robot/)"
198.54.114.83 - - [31/Mar/2025:05:36:25 -0400] "POST /wp-admin/admin-ajax.php?action=async_litespeed&nonce=XXY7WsBzOR3R73tywXH67HniYOl6diXR&litespeed_type=imgoptm HTTP/1.1" 200 5 "-" "WordPress/6.7.2; https://bakingsecurityin.com"
198.54.114.83 - - [31/Mar/2025:05:37:00 -0400] "POST /wp-admin/admin-ajax.php?action=async_litespeed&nonce=kadEwQ6uEBBGGqVbbF84hj6Dy0eQLTml&litespeed_type=imgoptm HTTP/1.1" 200 5 "-" "WordPress/6.7.2; https://bakingsecurityin.com"
51.222.253.9 - - [31/Mar/2025:05:38:15 -0400] "GET /regime-facile/ HTTP/1.1" 200 0 "-" "Mozilla/5.0 (compatible; AhrefsBot/7.0; +http://ahrefs.com/robot/)"
198.54.114.83 - - [31/Mar/2025:05:39:44 -0400] "POST /wp-cron.php?doing_wp_cron=1743413984.7533240318298339843750 HTTP/1.1" 200 0 "-" "WordPress/6.7.2; https://bakingsecurityin.com"
51.222.253.17 - - [31/Mar/2025:05:39:42 -0400] "GET /warum-sie-einen-spezialisten-fur-gartenpflege-beauftragen-sollten/ HTTP/1.1" 200 0 "-" "Mozilla/5.0 (compatible; AhrefsBot/7.0; +http://ahrefs.com/robot/)"
198.54.114.83 - - [31/Mar/2025:05:39:45 -0400] "POST /wp-admin/admin-ajax.php?action=async_litespeed&nonce=r7iVAPWMKjzVTjnX1FiLUop0kmvWbhAx&litespeed_type=imgoptm HTTP/1.1" 200 5 "-" "WordPress/6.7.2; https://bakingsecurityin.com"
198.54.114.83 - - [31/Mar/2025:05:40:31 -0400] "POST /wp-cron.php?doing_wp_cron=1743414031.7949481010437011718750 HTTP/1.1" 200 0 "-" "WordPress/6.7.2; https://bakingsecurityin.com"
113.77.221.167 - - [31/Mar/2025:05:40:31 -0400] "GET /horloges-murales-a-lire-absolument-avant-de-les-acheter HTTP/1.1" 301 0 "-" "Java/17.0.14"
198.54.114.83 - - [31/Mar/2025:05:40:32 -0400] "POST /wp-admin/admin-ajax.php?action=async_litespeed&nonce=nyUihTEdOykjvMi0buBWHNBzA8UFIKKk&litespeed_type=imgoptm HTTP/1.1" 200 5 "-" "WordPress/6.7.2; https://bakingsecurityin.com"
113.77.221.167 - - [31/Mar/2025:05:40:33 -0400] "GET /crochets-muraux-decoratifs/ HTTP/1.1" 200 0 "-" "Java/17.0.14"
51.222.253.17 - - [31/Mar/2025:05:41:07 -0400] "GET /exploring-the-ardor-residence-showflat/ HTTP/1.1" 200 0 "-" "Mozilla/5.0 (compatible; AhrefsBot/7.0; +http://ahrefs.com/robot/)"
51.222.253.7 - - [31/Mar/2025:05:42:31 -0400] "GET /personalized-fuzzy-socks/ HTTP/1.1" 200 0 "-" "Mozilla/5.0 (compatible; AhrefsBot/7.0; +http://ahrefs.com/robot/)"
198.54.114.83 - - [31/Mar/2025:05:44:02 -0400] "POST /wp-cron.php?doing_wp_cron=1743414242.6762039661407470703125 HTTP/1.1" 200 0 "-" "WordPress/6.7.2; https://bakingsecurityin.com"
51.222.253.19 - - [31/Mar/2025:05:44:00 -0400] "GET /page/2/ HTTP/1.1" 200 0 "-" "Mozilla/5.0 (compatible; AhrefsBot/7.0; +http://ahrefs.com/robot/)"
198.54.114.83 - - [31/Mar/2025:05:44:03 -0400] "POST /wp-admin/admin-ajax.php?action=async_litespeed&nonce=JYABDMy4HA1fiWPnQ69fipOaex24hzM7&litespeed_type=imgoptm HTTP/1.1" 200 5 "-" "WordPress/6.7.2; https://bakingsecurityin.com"
58.254.68.93 - - [31/Mar/2025:05:44:28 -0400] "GET /how-to-style-street-wear-for-men/ HTTP/1.1" 200 0 "https://bakingsecurityin.com" "Mozilla/5.0 (Windows NT 10.0; Win64; x64) AppleWebKit/537.36 (KHTML, like Gecko) Chrome/62.0.3202.94 Safari/537.36"
198.54.114.83 - - [31/Mar/2025:05:45:25 -0400] "POST /wp-cron.php?doing_wp_cron=1743414324.8404400348663330078125 HTTP/1.1" 200 0 "-" "WordPress/6.7.2; https://bakingsecurityin.com"
51.222.253.18 - - [31/Mar/2025:05:45:24 -0400] "GET /stellenbosch-wine-and-accommodation-go-hand-in-hand/ HTTP/1.1" 200 0 "-" "Mozilla/5.0 (compatible; AhrefsBot/7.0; +http://ahrefs.com/robot/)"
198.54.114.83 - - [31/Mar/2025:05:45:25 -0400] "POST /wp-admin/admin-ajax.php?action=async_litespeed&nonce=rMoNn66Vji08m8hohYsRyiiY1RnAjZiF&litespeed_type=imgoptm HTTP/1.1" 200 5 "-" "WordPress/6.7.2; https://bakingsecurityin.com"
198.54.114.83 - - [31/Mar/2025:05:46:53 -0400] "POST /wp-cron.php?doing_wp_cron=1743414413.1842510700225830078125 HTTP/1.1" 200 0 "-" "WordPress/6.7.2; https://bakingsecurityin.com"
51.222.253.6 - - [31/Mar/2025:05:46:50 -0400] "GET /the-magnificence-exploring-the-grand-dunman-showflat/ HTTP/1.1" 200 0 "-" "Mozilla/5.0 (compatible; AhrefsBot/7.0; +http://ahrefs.com/robot/)"
198.54.114.83 - - [31/Mar/2025:05:46:54 -0400] "POST /wp-admin/admin-ajax.php?action=async_litespeed&nonce=2E1hRe4JeIqnynlgll6VA3nLHOOcHhla&litespeed_type=imgoptm HTTP/1.1" 200 5 "-" "WordPress/6.7.2; https://bakingsecurityin.com"
94.181.156.210 - - [31/Mar/2025:05:47:06 -0400] "GET /review-of-the-relx-vape-pods/ HTTP/1.1" 200 0 "-" "Mozilla/5.0 (Windows NT 6.3; Win64; x64) AppleWebKit/537.36 (KHTML, like Gecko) Chrome/75.0.3770.100 Safari/537.36"
198.54.114.83 - - [31/Mar/2025:05:48:23 -0400] "POST /wp-cron.php?doing_wp_cron=1743414503.7591879367828369140625 HTTP/1.1" 200 0 "-" "WordPress/6.7.2; https://bakingsecurityin.com"
51.222.253.3 - - [31/Mar/2025:05:48:21 -0400] "GET /the-benefits-of-double-glazing-bridgend/ HTTP/1.1" 200 0 "-" "Mozilla/5.0 (compatible; AhrefsBot/7.0; +http://ahrefs.com/robot/)"
198.54.114.83 - - [31/Mar/2025:05:48:24 -0400] "POST /wp-admin/admin-ajax.php?action=async_litespeed&nonce=rWl487OFKoSimWAlmiZl1iAc2eMkzQIB&litespeed_type=imgoptm HTTP/1.1" 200 5 "-" "WordPress/6.7.2; https://bakingsecurityin.com"
94.181.156.210 - - [31/Mar/2025:05:49:05 -0400] "GET /review-of-the-relx-vape-pods/ HTTP/1.1" 200 0 "-" "Mozilla/5.0 (Windows NT 6.3; Win64; x64) AppleWebKit/537.36 (KHTML, like Gecko) Chrome/75.0.3770.100 Safari/537.36"
85.208.96.209 - - [31/Mar/2025:05:49:08 -0400] "GET /umzugsservice-in-hamburg-fur-einen-stressfreien-wohnungswechsel/ HTTP/1.1" 200 0 "-" "Mozilla/5.0 (compatible; SemrushBot/7~bl; +http://www.semrush.com/bot.html)"
198.54.114.83 - - [31/Mar/2025:05:49:56 -0400] "POST /wp-cron.php?doing_wp_cron=1743414596.4678161144256591796875 HTTP/1.1" 200 0 "-" "WordPress/6.7.2; https://bakingsecurityin.com"
51.222.253.5 - - [31/Mar/2025:05:49:54 -0400] "GET /custom-gaming-pc-builder/ HTTP/1.1" 200 0 "-" "Mozilla/5.0 (compatible; AhrefsBot/7.0; +http://ahrefs.com/robot/)"
198.54.114.83 - - [31/Mar/2025:05:49:56 -0400] "POST /wp-admin/admin-ajax.php?action=async_litespeed&nonce=R0RXPlo6TNE5v3eSbbfEQJcQgBQT3xUr&litespeed_type=imgoptm HTTP/1.1" 200 5 "-" "WordPress/6.7.2; https://bakingsecurityin.com"
198.54.114.83 - - [31/Mar/2025:05:51:17 -0400] "POST /wp-cron.php?doing_wp_cron=1743414676.9663810729980468750000 HTTP/1.1" 200 0 "-" "WordPress/6.7.2; https://bakingsecurityin.com"
51.222.253.8 - - [31/Mar/2025:05:51:16 -0400] "GET /dealing-with-approach-anxiety-for-effective-cold-calling/ HTTP/1.1" 200 0 "-" "Mozilla/5.0 (compatible; AhrefsBot/7.0; +http://ahrefs.com/robot/)"
198.54.114.83 - - [31/Mar/2025:05:51:17 -0400] "POST /wp-admin/admin-ajax.php?action=async_litespeed&nonce=Z7Rq5Ink4LNsPTDxtAhrW78AyEIoxBwS&litespeed_type=imgoptm HTTP/1.1" 200 5 "-" "WordPress/6.7.2; https://bakingsecurityin.com"
198.54.114.83 - - [31/Mar/2025:05:52:17 -0400] "POST /wp-cron.php?doing_wp_cron=1743414737.8215689659118652343750 HTTP/1.1" 200 0 "-" "WordPress/6.7.2; https://bakingsecurityin.com"
185.213.83.109 - - [31/Mar/2025:05:52:17 -0400] "GET /wp-json/wp/v2/posts?per_page=1&orderby=date&order=desc HTTP/1.1" 200 112559 "-" "python-requests/2.32.3"
198.54.114.83 - - [31/Mar/2025:05:52:18 -0400] "POST /wp-admin/admin-ajax.php?action=async_litespeed&nonce=SGHFtuy07Yrqrv9kAYDjwFTCA5Fa87Qq&litespeed_type=imgoptm HTTP/1.1" 200 5 "-" "WordPress/6.7.2; https://bakingsecurityin.com"
185.213.83.109 - - [31/Mar/2025:05:52:22 -0400] "POST /wp-comments-post.php HTTP/1.1" 302 0 "https://bakingsecurityin.com/?p=3031" "Mozilla/5.0 (Windows NT 10.0; Win64; x64) AppleWebKit/537.36 (KHTML, like Gecko) Chrome/127.0.6533.100 Safari/537.36"
51.222.253.20 - - [31/Mar/2025:05:52:40 -0400] "GET /explore-unforgettable-2025-pesach-programs/ HTTP/1.1" 200 0 "-" "Mozilla/5.0 (compatible; AhrefsBot/7.0; +http://ahrefs.com/robot/)"
198.54.114.83 - - [31/Mar/2025:05:53:05 -0400] "POST /wp-cron.php?doing_wp_cron=1743414785.1830270290374755859375 HTTP/1.1" 200 0 "-" "WordPress/6.7.2; https://bakingsecurityin.com"
85.208.98.24 - - [31/Mar/2025:05:53:05 -0400] "GET /unlocking-the-secrets-to-skyrocket-your-youtube-subscriber-count/ HTTP/1.1" 200 0 "-" "Mozilla/5.0 (compatible; SemrushBot-BA; +http://www.semrush.com/bot.html)"
198.54.114.83 - - [31/Mar/2025:05:53:05 -0400] "POST /wp-admin/admin-ajax.php?action=async_litespeed&nonce=rOkX6FWEQY2S6sqoN67oJjIglYetVwiS&litespeed_type=imgoptm HTTP/1.1" 200 5 "-" "WordPress/6.7.2; https://bakingsecurityin.com"
198.54.114.83 - - [31/Mar/2025:05:53:58 -0400] "POST /wp-cron.php?doing_wp_cron=1743414838.5153870582580566406250 HTTP/1.1" 200 0 "-" "WordPress/6.7.2; https://bakingsecurityin.com"
51.222.253.13 - - [31/Mar/2025:05:53:58 -0400] "GET /save-gas-and-produce-less-pollution-with-synthetic-lubricants/ HTTP/1.1" 200 0 "-" "Mozilla/5.0 (compatible; AhrefsBot/7.0; +http://ahrefs.com/robot/)"
198.54.114.83 - - [31/Mar/2025:05:53:59 -0400] "POST /wp-admin/admin-ajax.php?action=async_litespeed&nonce=ZfUFFNz27rbNV6lllAMARNjP3KpL7Otm&litespeed_type=imgoptm HTTP/1.1" 200 5 "-" "WordPress/6.7.2; https://bakingsecurityin.com"
198.54.114.83 - - [31/Mar/2025:05:55:19 -0400] "POST /wp-cron.php?doing_wp_cron=1743414919.5710570812225341796875 HTTP/1.1" 200 0 "-" "WordPress/6.7.2; https://bakingsecurityin.com"
51.222.253.10 - - [31/Mar/2025:05:55:19 -0400] "GET /umzugsunternehmen-in-luneburg-professionelle-unterstutzung-fur-ihren-umzug/feed/ HTTP/1.1" 200 447 "-" "Mozilla/5.0 (compatible; AhrefsBot/7.0; +http://ahrefs.com/robot/)"
198.54.114.83 - - [31/Mar/2025:05:55:20 -0400] "POST /wp-admin/admin-ajax.php?action=async_litespeed&nonce=pDVf4QocWdtGdvue50iDzsSl8aXkE5f7&litespeed_type=imgoptm HTTP/1.1" 200 5 "-" "WordPress/6.7.2; https://bakingsecurityin.com"
198.54.114.83 - - [31/Mar/2025:05:56:17 -0400] "POST /wp-admin/admin-ajax.php?action=async_litespeed&nonce=3xgryRmwyNez3KOznyOs3BjnBwg7LYit&litespeed_type=imgoptm HTTP/1.1" 200 5 "-" "WordPress/6.7.2; https://bakingsecurityin.com"
198.54.114.83 - - [31/Mar/2025:05:56:43 -0400] "POST /wp-cron.php?doing_wp_cron=1743415003.5317130088806152343750 HTTP/1.1" 200 0 "-" "WordPress/6.7.2; https://bakingsecurityin.com"
51.222.253.13 - - [31/Mar/2025:05:56:43 -0400] "GET /cycling-gifts-to-show-your-loved-one-how-much-you-care/ HTTP/1.1" 200 0 "-" "Mozilla/5.0 (compatible; AhrefsBot/7.0; +http://ahrefs.com/robot/)"
198.54.114.83 - - [31/Mar/2025:05:56:44 -0400] "POST /wp-admin/admin-ajax.php?action=async_litespeed&nonce=Q45DzrAElW2ZrhJrsEB7qqqChwx9quHQ&litespeed_type=imgoptm HTTP/1.1" 200 5 "-" "WordPress/6.7.2; https://bakingsecurityin.com"
198.54.114.83 - - [31/Mar/2025:05:58:08 -0400] "POST /wp-cron.php?doing_wp_cron=1743415088.2282519340515136718750 HTTP/1.1" 200 0 "-" "WordPress/6.7.2; https://bakingsecurityin.com"
51.222.253.9 - - [31/Mar/2025:05:58:06 -0400] "GET /how-to-keep-your-online-store-costs-down/ HTTP/1.1" 200 0 "-" "Mozilla/5.0 (compatible; AhrefsBot/7.0; +http://ahrefs.com/robot/)"
198.54.114.83 - - [31/Mar/2025:05:58:08 -0400] "POST /wp-admin/admin-ajax.php?action=async_litespeed&nonce=hnsb0ubmJC80NbXAZ0HgbRCSGHeffvGk&litespeed_type=imgoptm HTTP/1.1" 200 5 "-" "WordPress/6.7.2; https://bakingsecurityin.com"
51.222.253.1 - - [31/Mar/2025:05:59:27 -0400] "GET /faites-une-declaration-de-mode-avec-des-sacs-pour-ordinateur-portable-cool/ HTTP/1.1" 200 0 "-" "Mozilla/5.0 (compatible; AhrefsBot/7.0; +http://ahrefs.com/robot/)"
198.54.114.83 - - [31/Mar/2025:06:00:53 -0400] "POST /wp-cron.php?doing_wp_cron=1743415253.3858060836791992187500 HTTP/1.1" 200 0 "-" "WordPress/6.7.2; https://bakingsecurityin.com"
51.222.253.9 - - [31/Mar/2025:06:00:50 -0400] "GET /aktivitaten-gardasee/ HTTP/1.1" 200 0 "-" "Mozilla/5.0 (compatible; AhrefsBot/7.0; +http://ahrefs.com/robot/)"
94.181.156.210 - - [31/Mar/2025:06:00:54 -0400] "GET /review-of-the-relx-vape-pods/ HTTP/1.1" 200 0 "-" "Mozilla/5.0 (Windows NT 6.3; Win64; x64) AppleWebKit/537.36 (KHTML, like Gecko) Chrome/75.0.3770.100 Safari/537.36"
198.54.114.83 - - [31/Mar/2025:06:00:54 -0400] "POST /wp-admin/admin-ajax.php?action=async_litespeed&nonce=U3jLuQYEfJzIwLWdXnImZWIsfIOBd97C&litespeed_type=imgoptm HTTP/1.1" 200 5 "-" "WordPress/6.7.2; https://bakingsecurityin.com"
198.54.114.83 - - [31/Mar/2025:06:02:09 -0400] "POST /wp-cron.php?doing_wp_cron=1743415329.2615170478820800781250 HTTP/1.1" 200 0 "-" "WordPress/6.7.2; https://bakingsecurityin.com"
51.222.253.14 - - [31/Mar/2025:06:02:09 -0400] "GET /tips-on-what-to-look-for-when-buying-a-sport-chronograph-watch/ HTTP/1.1" 200 0 "-" "Mozilla/5.0 (compatible; AhrefsBot/7.0; +http://ahrefs.com/robot/)"
198.54.114.83 - - [31/Mar/2025:06:02:09 -0400] "POST /wp-admin/admin-ajax.php?action=async_litespeed&nonce=jVxStP7277al76uY5fCY0TYK9tddBNKe&litespeed_type=imgoptm HTTP/1.1" 200 5 "-" "WordPress/6.7.2; https://bakingsecurityin.com"
94.181.156.210 - - [31/Mar/2025:06:02:58 -0400] "GET /review-of-the-relx-vape-pods/ HTTP/1.1" 200 0 "-" "Mozilla/5.0 (Windows NT 6.3; Win64; x64) AppleWebKit/537.36 (KHTML, like Gecko) Chrome/75.0.3770.100 Safari/537.36"
198.54.114.83 - - [31/Mar/2025:06:03:23 -0400] "POST /wp-cron.php?doing_wp_cron=1743415403.5180768966674804687500 HTTP/1.1" 200 0 "-" "WordPress/6.7.2; https://bakingsecurityin.com"
51.222.253.10 - - [31/Mar/2025:06:03:23 -0400] "GET /pokemon-trading-card-games/ HTTP/1.1" 200 0 "-" "Mozilla/5.0 (compatible; AhrefsBot/7.0; +http://ahrefs.com/robot/)"
198.54.114.83 - - [31/Mar/2025:06:03:24 -0400] "POST /wp-admin/admin-ajax.php?action=async_litespeed&nonce=gJhoY4ZHrkWs14hrb3DH5t0K3pQHabOt&litespeed_type=imgoptm HTTP/1.1" 200 5 "-" "WordPress/6.7.2; https://bakingsecurityin.com"
198.54.114.83 - - [31/Mar/2025:06:04:32 -0400] "POST /wp-cron.php?doing_wp_cron=1743415472.6187911033630371093750 HTTP/1.1" 200 0 "-" "WordPress/6.7.2; https://bakingsecurityin.com"
51.222.253.15 - - [31/Mar/2025:06:04:32 -0400] "GET /apprendre-a-jouer-de-la-guitare-un-voyage-musical/ HTTP/1.1" 200 0 "-" "Mozilla/5.0 (compatible; AhrefsBot/7.0; +http://ahrefs.com/robot/)"
198.54.114.83 - - [31/Mar/2025:06:04:33 -0400] "POST /wp-admin/admin-ajax.php?action=async_litespeed&nonce=Lm8UEM8mNm5H3G7SJzzvqkdV6haWVezU&litespeed_type=imgoptm HTTP/1.1" 200 5 "-" "WordPress/6.7.2; https://bakingsecurityin.com"
198.54.114.83 - - [31/Mar/2025:06:05:47 -0400] "POST /wp-cron.php?doing_wp_cron=1743415546.6876258850097656250000 HTTP/1.1" 200 0 "-" "WordPress/6.7.2; https://bakingsecurityin.com"
51.222.253.18 - - [31/Mar/2025:06:05:46 -0400] "GET /a-guide-to-buying-and-caring-for-designer-totes/ HTTP/1.1" 200 0 "-" "Mozilla/5.0 (compatible; AhrefsBot/7.0; +http://ahrefs.com/robot/)"
198.54.114.83 - - [31/Mar/2025:06:05:47 -0400] "POST /wp-admin/admin-ajax.php?action=async_litespeed&nonce=WYkOFclYPDweBpX5eugL3vHHDFJF5C7a&litespeed_type=imgoptm HTTP/1.1" 200 5 "-" "WordPress/6.7.2; https://bakingsecurityin.com"
198.54.114.83 - - [31/Mar/2025:06:07:12 -0400] "POST /wp-cron.php?doing_wp_cron=1743415632.6882290840148925781250 HTTP/1.1" 200 0 "-" "WordPress/6.7.2; https://bakingsecurityin.com"
51.222.253.2 - - [31/Mar/2025:06:07:10 -0400] "GET /apartment-in-riva-del-garda-lake-lugano/ HTTP/1.1" 200 0 "-" "Mozilla/5.0 (compatible; AhrefsBot/7.0; +http://ahrefs.com/robot/)"
198.54.114.83 - - [31/Mar/2025:06:07:13 -0400] "POST /wp-admin/admin-ajax.php?action=async_litespeed&nonce=WsLgzlzyjKmWesSmwKxF7rYSSr4BWy7Y&litespeed_type=imgoptm HTTP/1.1" 200 5 "-" "WordPress/6.7.2; https://bakingsecurityin.com"
198.54.114.83 - - [31/Mar/2025:06:08:32 -0400] "POST /wp-cron.php?doing_wp_cron=1743415712.7631189823150634765625 HTTP/1.1" 200 0 "-" "WordPress/6.7.2; https://bakingsecurityin.com"
51.222.253.8 - - [31/Mar/2025:06:08:31 -0400] "GET /the-best-pickup-lines-to-make-her-think-of-you-again/ HTTP/1.1" 200 0 "-" "Mozilla/5.0 (compatible; AhrefsBot/7.0; +http://ahrefs.com/robot/)"
198.54.114.83 - - [31/Mar/2025:06:08:33 -0400] "POST /wp-admin/admin-ajax.php?action=async_litespeed&nonce=L7PUcEVIyzSQ3ACi1CsrzNNSBUcznLVL&litespeed_type=imgoptm HTTP/1.1" 200 5 "-" "WordPress/6.7.2; https://bakingsecurityin.com"
51.222.253.14 - - [31/Mar/2025:06:09:54 -0400] "GET /moss-agate-ring/ HTTP/1.1" 200 0 "-" "Mozilla/5.0 (compatible; AhrefsBot/7.0; +http://ahrefs.com/robot/)"
58.254.68.93 - - [31/Mar/2025:06:10:00 -0400] "GET /how-to-style-street-wear-for-men/ HTTP/1.1" 200 0 "https://bakingsecurityin.com" "Mozilla/5.0 (Windows NT 10.0; Win64; x64) AppleWebKit/537.36 (KHTML, like Gecko) Chrome/62.0.3202.94 Safari/537.36"
198.54.114.83 - - [31/Mar/2025:06:11:17 -0400] "POST /wp-cron.php?doing_wp_cron=1743415877.3388209342956542968750 HTTP/1.1" 200 0 "-" "WordPress/6.7.2; https://bakingsecurityin.com"
51.222.253.18 - - [31/Mar/2025:06:11:15 -0400] "GET /how-to-turn-off-voice-control-when-your-iphone-is-locked/ HTTP/1.1" 200 0 "-" "Mozilla/5.0 (compatible; AhrefsBot/7.0; +http://ahrefs.com/robot/)"
198.54.114.83 - - [31/Mar/2025:06:11:17 -0400] "POST /wp-admin/admin-ajax.php?action=async_litespeed&nonce=LpJA416SxHA49RDbPPWUO3L1F1jQ6Jnb&litespeed_type=imgoptm HTTP/1.1" 200 5 "-" "WordPress/6.7.2; https://bakingsecurityin.com"
51.222.253.18 - - [31/Mar/2025:06:12:25 -0400] "GET /top-5-retinol-creams/ HTTP/1.1" 200 0 "-" "Mozilla/5.0 (compatible; AhrefsBot/7.0; +http://ahrefs.com/robot/)"
51.222.253.5 - - [31/Mar/2025:06:13:43 -0400] "GET /how-to-get-likes-on-youtube-comment/ HTTP/1.1" 200 0 "-" "Mozilla/5.0 (compatible; AhrefsBot/7.0; +http://ahrefs.com/robot/)"
2a03:2880:27ff:: - - [31/Mar/2025:06:14:27 -0400] "GET /robots.txt HTTP/1.1" 304 0 "-" "facebookexternalhit/1.1 (+http://www.facebook.com/externalhit_uatext.php)"
198.54.114.83 - - [31/Mar/2025:06:14:31 -0400] "POST /wp-cron.php?doing_wp_cron=1743416071.3180279731750488281250 HTTP/1.1" 200 0 "-" "WordPress/6.7.2; https://bakingsecurityin.com"
2a03:2880:f800:15:: - - [31/Mar/2025:06:14:28 -0400] "GET /wp-content/uploads/2023/10/Modern-Data-300x169.webp HTTP/1.1" 404 0 "-" "meta-externalagent/1.1 (+https://developers.facebook.com/docs/sharing/webmasters/crawler)"
198.54.114.83 - - [31/Mar/2025:06:14:32 -0400] "POST /wp-admin/admin-ajax.php?action=async_litespeed&nonce=DBz0TOunCJqL7DTrNnCEz9UUHBCxEiWw&litespeed_type=imgoptm HTTP/1.1" 200 5 "-" "WordPress/6.7.2; https://bakingsecurityin.com"
51.222.253.8 - - [31/Mar/2025:06:14:50 -0400] "GET /umzugsunternehmen-in-luneburg-ihre-zuverlassige-wahl-fur-einen-stressfreien-umzug/feed/ HTTP/1.1" 200 470 "-" "Mozilla/5.0 (compatible; AhrefsBot/7.0; +http://ahrefs.com/robot/)"
58.254.68.93 - - [31/Mar/2025:06:15:36 -0400] "GET /how-to-style-street-wear-for-men/ HTTP/1.1" 200 0 "https://bakingsecurityin.com" "Mozilla/5.0 (Windows NT 10.0; Win64; x64) AppleWebKit/537.36 (KHTML, like Gecko) Chrome/62.0.3202.94 Safari/537.36"
198.54.114.83 - - [31/Mar/2025:06:16:06 -0400] "POST /wp-cron.php?doing_wp_cron=1743416166.2971138954162597656250 HTTP/1.1" 200 0 "-" "WordPress/6.7.2; https://bakingsecurityin.com"
51.222.253.12 - - [31/Mar/2025:06:16:06 -0400] "GET /which-it-certifications-are-right-for-you/ HTTP/1.1" 200 0 "-" "Mozilla/5.0 (compatible; AhrefsBot/7.0; +http://ahrefs.com/robot/)"
198.54.114.83 - - [31/Mar/2025:06:16:06 -0400] "POST /wp-admin/admin-ajax.php?action=async_litespeed&nonce=qqXgS0zslZBFZqyp9vxnLSTEqzvFhfYJ&litespeed_type=imgoptm HTTP/1.1" 200 5 "-" "WordPress/6.7.2; https://bakingsecurityin.com"
198.54.114.83 - - [31/Mar/2025:06:17:29 -0400] "POST /wp-cron.php?doing_wp_cron=1743416249.6011350154876708984375 HTTP/1.1" 200 0 "-" "WordPress/6.7.2; https://bakingsecurityin.com"
51.222.253.16 - - [31/Mar/2025:06:17:29 -0400] "GET /how-to-choose-the-best-office-desks/ HTTP/1.1" 200 0 "-" "Mozilla/5.0 (compatible; AhrefsBot/7.0; +http://ahrefs.com/robot/)"
198.54.114.83 - - [31/Mar/2025:06:17:30 -0400] "POST /wp-admin/admin-ajax.php?action=async_litespeed&nonce=gQDRkhSbRkP0sXfldHluLfMWepk1BnKx&litespeed_type=imgoptm HTTP/1.1" 200 5 "-" "WordPress/6.7.2; https://bakingsecurityin.com"
58.254.68.93 - - [31/Mar/2025:06:17:30 -0400] "GET /how-to-style-street-wear-for-men/ HTTP/1.1" 200 0 "https://bakingsecurityin.com" "Mozilla/5.0 (Windows NT 10.0; Win64; x64) AppleWebKit/537.36 (KHTML, like Gecko) Chrome/62.0.3202.94 Safari/537.36"
104.168.53.156 - - [31/Mar/2025:06:18:07 -0400] "GET /a-buyers-guide-to-uk-cbd-gummies HTTP/1.1" 301 0 "-" "Mozilla/5.0 (Macintosh; Intel Mac OS X 12_5) AppleWebKit/605.1.15 (KHTML, like Gecko) Version/15.4 Safari/605.1.15"
104.168.53.156 - - [31/Mar/2025:06:18:08 -0400] "GET /a-buyers-guide-to-uk-cbd-gummies/ HTTP/1.1" 200 0 "https://bakingsecurityin.com/a-buyers-guide-to-uk-cbd-gummies" "Mozilla/5.0 (Macintosh; Intel Mac OS X 12_5) AppleWebKit/605.1.15 (KHTML, like Gecko) Version/15.4 Safari/605.1.15"
198.54.114.83 - - [31/Mar/2025:06:18:43 -0400] "POST /wp-cron.php?doing_wp_cron=1743416322.4132459163665771484375 HTTP/1.1" 200 0 "-" "WordPress/6.7.2; https://bakingsecurityin.com"
51.222.253.11 - - [31/Mar/2025:06:18:42 -0400] "GET /what-to-look-for-in-a-ptfe-hose-manufacturer/ HTTP/1.1" 200 0 "-" "Mozilla/5.0 (compatible; AhrefsBot/7.0; +http://ahrefs.com/robot/)"
198.54.114.83 - - [31/Mar/2025:06:18:45 -0400] "POST /wp-admin/admin-ajax.php?action=async_litespeed&nonce=2s9e1hi5kcytZmc2PhsE3l0GJ9O4PnXH&litespeed_type=imgoptm HTTP/1.1" 200 0 "-" "WordPress/6.7.2; https://bakingsecurityin.com"
