198.54.114.83 - - [31/Mar/2025:06:19:57 -0400] "POST /wp-cron.php?doing_wp_cron=1743416397.2702999114990234375000 HTTP/1.1" 200 0 "-" "WordPress/6.7.2; https://bakingsecurityin.com"
51.222.253.7 - - [31/Mar/2025:06:19:57 -0400] "GET /lakegarden-residences-eco-conscious-living-at-its-best/ HTTP/1.1" 200 0 "-" "Mozilla/5.0 (compatible; AhrefsBot/7.0; +http://ahrefs.com/robot/)"
198.54.114.83 - - [31/Mar/2025:06:19:58 -0400] "POST /wp-admin/admin-ajax.php?action=async_litespeed&nonce=K8yAp2MUdyHRRYHSTPX1TBXp7UAQ6wvp&litespeed_type=imgoptm HTTP/1.1" 200 5 "-" "WordPress/6.7.2; https://bakingsecurityin.com"
198.54.114.83 - - [31/Mar/2025:06:21:11 -0400] "POST /wp-cron.php?doing_wp_cron=1743416470.9162731170654296875000 HTTP/1.1" 200 0 "-" "WordPress/6.7.2; https://bakingsecurityin.com"
51.222.253.10 - - [31/Mar/2025:06:21:10 -0400] "GET /top-5-employee-communication-apps/ HTTP/1.1" 200 0 "-" "Mozilla/5.0 (compatible; AhrefsBot/7.0; +http://ahrefs.com/robot/)"
198.54.114.83 - - [31/Mar/2025:06:21:11 -0400] "POST /wp-admin/admin-ajax.php?action=async_litespeed&nonce=2JVTyxywAXovBrlbOQXeI2x1p4UiBthf&litespeed_type=imgoptm HTTP/1.1" 200 5 "-" "WordPress/6.7.2; https://bakingsecurityin.com"
198.54.114.83 - - [31/Mar/2025:06:21:57 -0400] "POST /wp-cron.php?doing_wp_cron=1743416517.5044450759887695312500 HTTP/1.1" 200 0 "-" "WordPress/6.7.2; https://bakingsecurityin.com"
40.77.167.72 - - [31/Mar/2025:06:21:57 -0400] "GET /wp-content/plugins/advanced-google-recaptcha/libs/captcha.php?wpcaptcha-generate-image=true&color=%23FFFFFF&noise=1&id=4205 HTTP/1.1" 404 0 "-" "Mozilla/5.0 AppleWebKit/537.36 (KHTML, like Gecko; compatible; bingbot/2.0; +http://www.bing.com/bingbot.htm) Chrome/116.0.1938.76 Safari/537.36"
198.54.114.83 - - [31/Mar/2025:06:21:58 -0400] "POST /wp-admin/admin-ajax.php?action=async_litespeed&nonce=UVhWRkskmRfDQXJvVcGDdDW2bN6JU5Vo&litespeed_type=imgoptm HTTP/1.1" 200 5 "-" "WordPress/6.7.2; https://bakingsecurityin.com"
51.222.253.12 - - [31/Mar/2025:06:22:25 -0400] "GET /wichtige-dinge-die-sie-bei-der-beauftragung-eines-hochzeitsfotografen-beachten-sollten/ HTTP/1.1" 200 0 "-" "Mozilla/5.0 (compatible; AhrefsBot/7.0; +http://ahrefs.com/robot/)"
198.54.114.83 - - [31/Mar/2025:06:23:41 -0400] "POST /wp-cron.php?doing_wp_cron=1743416621.1975529193878173828125 HTTP/1.1" 200 0 "-" "WordPress/6.7.2; https://bakingsecurityin.com"
51.222.253.17 - - [31/Mar/2025:06:23:40 -0400] "GET /a-career-as-a-carpenter-requires-more-than-muscle/ HTTP/1.1" 200 0 "-" "Mozilla/5.0 (compatible; AhrefsBot/7.0; +http://ahrefs.com/robot/)"
198.54.114.83 - - [31/Mar/2025:06:23:41 -0400] "POST /wp-admin/admin-ajax.php?action=async_litespeed&nonce=bEIJElMPNJNvaTQFrLxyC3KyiK2H0DAU&litespeed_type=imgoptm HTTP/1.1" 200 5 "-" "WordPress/6.7.2; https://bakingsecurityin.com"
198.54.114.83 - - [31/Mar/2025:06:24:33 -0400] "POST /wp-admin/admin-ajax.php?action=async_litespeed&nonce=BjoCcYtaTzgf2JQU5A6tsfeJKT0MwaGX&litespeed_type=imgoptm HTTP/1.1" 200 5 "-" "WordPress/6.7.2; https://bakingsecurityin.com"
51.222.253.8 - - [31/Mar/2025:06:25:14 -0400] "GET /window-shutters-gateshead/ HTTP/1.1" 200 0 "-" "Mozilla/5.0 (compatible; AhrefsBot/7.0; +http://ahrefs.com/robot/)"
3.144.41.223 - - [31/Mar/2025:06:25:58 -0400] "GET /robots.txt HTTP/1.1" 304 0 "-" "Mozilla/5.0 AppleWebKit/537.36 (KHTML, like Gecko; compatible; ClaudeBot/1.0; +claudebot@anthropic.com)"
198.54.114.83 - - [31/Mar/2025:06:26:00 -0400] "POST /wp-cron.php?doing_wp_cron=1743416760.0619950294494628906250 HTTP/1.1" 200 0 "-" "WordPress/6.7.2; https://bakingsecurityin.com"
3.144.41.223 - - [31/Mar/2025:06:25:58 -0400] "GET /exploring-the-world-of-online-casinos HTTP/1.1" 301 0 "-" "Mozilla/5.0 AppleWebKit/537.36 (KHTML, like Gecko; compatible; ClaudeBot/1.0; +claudebot@anthropic.com)"
3.144.41.223 - - [31/Mar/2025:06:26:01 -0400] "GET /exploring-the-world-of-online-casinos/ HTTP/1.1" 200 0 "https://bakingsecurityin.com/exploring-the-world-of-online-casinos" "Mozilla/5.0 AppleWebKit/537.36 (KHTML, like Gecko; compatible; ClaudeBot/1.0; +claudebot@anthropic.com)"
198.54.114.83 - - [31/Mar/2025:06:26:01 -0400] "POST /wp-admin/admin-ajax.php?action=async_litespeed&nonce=0ThvvpQFzGRg0FhFBdDU7NWAwsK7KKLN&litespeed_type=imgoptm HTTP/1.1" 200 5 "-" "WordPress/6.7.2; https://bakingsecurityin.com"
51.222.253.2 - - [31/Mar/2025:06:26:45 -0400] "GET /die-faszination-von-videoanimationen/ HTTP/1.1" 200 0 "-" "Mozilla/5.0 (compatible; AhrefsBot/7.0; +http://ahrefs.com/robot/)"
198.54.114.83 - - [31/Mar/2025:06:28:07 -0400] "POST /wp-cron.php?doing_wp_cron=1743416887.7597389221191406250000 HTTP/1.1" 200 0 "-" "WordPress/6.7.2; https://bakingsecurityin.com"
51.222.253.12 - - [31/Mar/2025:06:28:07 -0400] "GET /how-will-voice-technology-change-the-gambling-industry/ HTTP/1.1" 200 0 "-" "Mozilla/5.0 (compatible; AhrefsBot/7.0; +http://ahrefs.com/robot/)"
198.54.114.83 - - [31/Mar/2025:06:28:08 -0400] "POST /wp-admin/admin-ajax.php?action=async_litespeed&nonce=IyWD1cCnbsl13xIGL18PjNWBQTrzAbp8&litespeed_type=imgoptm HTTP/1.1" 200 5 "-" "WordPress/6.7.2; https://bakingsecurityin.com"
198.54.114.83 - - [31/Mar/2025:06:29:39 -0400] "POST /wp-cron.php?doing_wp_cron=1743416979.7810928821563720703125 HTTP/1.1" 200 0 "-" "WordPress/6.7.2; https://bakingsecurityin.com"
51.222.253.11 - - [31/Mar/2025:06:29:37 -0400] "GET /what-are-the-options-for-a-conservatory-roof-replacement/ HTTP/1.1" 200 0 "-" "Mozilla/5.0 (compatible; AhrefsBot/7.0; +http://ahrefs.com/robot/)"
198.54.114.83 - - [31/Mar/2025:06:29:40 -0400] "POST /wp-admin/admin-ajax.php?action=async_litespeed&nonce=5XENSAOQnvQ26luK9SwtM3Aucd8wSS2U&litespeed_type=imgoptm HTTP/1.1" 200 5 "-" "WordPress/6.7.2; https://bakingsecurityin.com"
51.222.253.16 - - [31/Mar/2025:06:31:00 -0400] "GET /tennis-prediction/ HTTP/1.1" 200 0 "-" "Mozilla/5.0 (compatible; AhrefsBot/7.0; +http://ahrefs.com/robot/)"
198.54.114.83 - - [31/Mar/2025:06:31:19 -0400] "POST /wp-cron.php?doing_wp_cron=1743417079.5384790897369384765625 HTTP/1.1" 200 0 "-" "WordPress/6.7.2; https://bakingsecurityin.com"
2a03:2880:f800:6:: - - [31/Mar/2025:06:31:16 -0400] "GET /wp-content/uploads/2024/03/14-768x439.jpg HTTP/1.1" 404 0 "-" "meta-externalagent/1.1 (+https://developers.facebook.com/docs/sharing/webmasters/crawler)"
198.54.114.83 - - [31/Mar/2025:06:31:20 -0400] "POST /wp-admin/admin-ajax.php?action=async_litespeed&nonce=wyE00doDjeWMgNGbxRjHic3IkRmyTtNS&litespeed_type=imgoptm HTTP/1.1" 200 0 "-" "WordPress/6.7.2; https://bakingsecurityin.com"
198.54.114.83 - - [31/Mar/2025:06:32:24 -0400] "POST /wp-cron.php?doing_wp_cron=1743417143.7337810993194580078125 HTTP/1.1" 200 0 "-" "WordPress/6.7.2; https://bakingsecurityin.com"
51.222.253.12 - - [31/Mar/2025:06:32:23 -0400] "GET /living-at-reserve-residences/ HTTP/1.1" 200 0 "-" "Mozilla/5.0 (compatible; AhrefsBot/7.0; +http://ahrefs.com/robot/)"
198.54.114.83 - - [31/Mar/2025:06:32:24 -0400] "POST /wp-admin/admin-ajax.php?action=async_litespeed&nonce=NKQVxwwQup3dd0Atjpxylytnus98Swxz&litespeed_type=imgoptm HTTP/1.1" 200 5 "-" "WordPress/6.7.2; https://bakingsecurityin.com"
198.54.114.83 - - [31/Mar/2025:06:33:10 -0400] "POST /wp-cron.php?doing_wp_cron=1743417190.7216649055480957031250 HTTP/1.1" 200 0 "-" "WordPress/6.7.2; https://bakingsecurityin.com"
85.208.96.212 - - [31/Mar/2025:06:33:10 -0400] "GET /liability-insurance-for-small-businesses/ HTTP/1.1" 200 0 "-" "Mozilla/5.0 (compatible; SemrushBot/7~bl; +http://www.semrush.com/bot.html)"
198.54.114.83 - - [31/Mar/2025:06:33:11 -0400] "POST /wp-admin/admin-ajax.php?action=async_litespeed&nonce=JSRMjVOvnuqqZslb3d6NohscowetXMzm&litespeed_type=imgoptm HTTP/1.1" 200 5 "-" "WordPress/6.7.2; https://bakingsecurityin.com"
198.54.114.83 - - [31/Mar/2025:06:33:38 -0400] "POST /wp-cron.php?doing_wp_cron=1743417217.7388811111450195312500 HTTP/1.1" 200 0 "-" "WordPress/6.7.2; https://bakingsecurityin.com"
51.222.253.11 - - [31/Mar/2025:06:33:37 -0400] "GET /mba-master-of-business-administration/ HTTP/1.1" 200 0 "-" "Mozilla/5.0 (compatible; AhrefsBot/7.0; +http://ahrefs.com/robot/)"
198.54.114.83 - - [31/Mar/2025:06:33:39 -0400] "POST /wp-admin/admin-ajax.php?action=async_litespeed&nonce=sXIyQfQviN7WPVrZiC0pZs8EglparihB&litespeed_type=imgoptm HTTP/1.1" 200 5 "-" "WordPress/6.7.2; https://bakingsecurityin.com"
198.54.114.83 - - [31/Mar/2025:06:34:52 -0400] "POST /wp-cron.php?doing_wp_cron=1743417291.8933150768280029296875 HTTP/1.1" 200 0 "-" "WordPress/6.7.2; https://bakingsecurityin.com"
51.222.253.10 - - [31/Mar/2025:06:34:51 -0400] "GET /painting-your-house-can-make-it-a-home-the-homeowners-guide-checklist-to-hiring-a-painter/ HTTP/1.1" 200 0 "-" "Mozilla/5.0 (compatible; AhrefsBot/7.0; +http://ahrefs.com/robot/)"
198.54.114.83 - - [31/Mar/2025:06:34:52 -0400] "POST /wp-admin/admin-ajax.php?action=async_litespeed&nonce=L2eeqnvlU1NaMFoE20OA3ur8MQzP5ero&litespeed_type=imgoptm HTTP/1.1" 200 5 "-" "WordPress/6.7.2; https://bakingsecurityin.com"
198.54.114.83 - - [31/Mar/2025:06:36:17 -0400] "POST /wp-cron.php?doing_wp_cron=1743417376.9843580722808837890625 HTTP/1.1" 200 0 "-" "WordPress/6.7.2; https://bakingsecurityin.com"
51.222.253.10 - - [31/Mar/2025:06:36:13 -0400] "GET /lifeline-of-the-us-online-gambling-law/ HTTP/1.1" 200 0 "-" "Mozilla/5.0 (compatible; AhrefsBot/7.0; +http://ahrefs.com/robot/)"
198.54.114.83 - - [31/Mar/2025:06:36:18 -0400] "POST /wp-admin/admin-ajax.php?action=async_litespeed&nonce=Av0v9NVV8sWO7u10KB8AQsyLyTLtM8so&litespeed_type=imgoptm HTTP/1.1" 200 0 "-" "WordPress/6.7.2; https://bakingsecurityin.com"
94.181.156.210 - - [31/Mar/2025:06:37:01 -0400] "GET /review-of-the-relx-vape-pods/ HTTP/1.1" 200 0 "-" "Mozilla/5.0 (Windows NT 6.3; Win64; x64) AppleWebKit/537.36 (KHTML, like Gecko) Chrome/75.0.3770.100 Safari/537.36"
198.54.114.83 - - [31/Mar/2025:06:37:13 -0400] "POST /wp-admin/admin-ajax.php?action=async_litespeed&nonce=ktYoMIP5SYKuhKlGn3OrtRjBe35bzUYR&litespeed_type=imgoptm HTTP/1.1" 200 5 "-" "WordPress/6.7.2; https://bakingsecurityin.com"
198.54.114.83 - - [31/Mar/2025:06:37:37 -0400] "POST /wp-cron.php?doing_wp_cron=1743417456.2334070205688476562500 HTTP/1.1" 200 0 "-" "WordPress/6.7.2; https://bakingsecurityin.com"
51.222.253.5 - - [31/Mar/2025:06:37:36 -0400] "GET /betting-money-sites/ HTTP/1.1" 200 0 "-" "Mozilla/5.0 (compatible; AhrefsBot/7.0; +http://ahrefs.com/robot/)"
198.54.114.83 - - [31/Mar/2025:06:37:38 -0400] "POST /wp-admin/admin-ajax.php?action=async_litespeed&nonce=HNbvgHfK6TuOXR5yE7PNwJb65HLiH8we&litespeed_type=imgoptm HTTP/1.1" 200 0 "-" "WordPress/6.7.2; https://bakingsecurityin.com"
198.54.114.83 - - [31/Mar/2025:06:38:28 -0400] "POST /wp-admin/admin-ajax.php?action=async_litespeed&nonce=MW4UVuQgtACyggAf9zywhvPvEzntkyp7&litespeed_type=imgoptm HTTP/1.1" 200 5 "-" "WordPress/6.7.2; https://bakingsecurityin.com"
51.222.253.14 - - [31/Mar/2025:06:38:49 -0400] "GET /powerball-only-sites/ HTTP/1.1" 200 0 "-" "Mozilla/5.0 (compatible; AhrefsBot/7.0; +http://ahrefs.com/robot/)"
185.191.171.11 - - [31/Mar/2025:06:39:21 -0400] "GET /finding-the-right-rv-fridge-for-your-needs-and-budget/ HTTP/1.1" 200 0 "-" "Mozilla/5.0 (compatible; SemrushBot/7~bl; +http://www.semrush.com/bot.html)"
198.54.114.83 - - [31/Mar/2025:06:40:10 -0400] "POST /wp-cron.php?doing_wp_cron=1743417609.7450039386749267578125 HTTP/1.1" 200 0 "-" "WordPress/6.7.2; https://bakingsecurityin.com"
51.222.253.10 - - [31/Mar/2025:06:40:09 -0400] "GET /choosing-a-high-precision-balance/ HTTP/1.1" 200 0 "-" "Mozilla/5.0 (compatible; AhrefsBot/7.0; +http://ahrefs.com/robot/)"
198.54.114.83 - - [31/Mar/2025:06:40:10 -0400] "POST /wp-admin/admin-ajax.php?action=async_litespeed&nonce=577FraH9OY2IRv5Z6XS5aVIBPHTMJzLb&litespeed_type=imgoptm HTTP/1.1" 200 5 "-" "WordPress/6.7.2; https://bakingsecurityin.com"
198.54.114.83 - - [31/Mar/2025:06:40:36 -0400] "POST /wp-admin/admin-ajax.php?action=async_litespeed&nonce=YS3OpeaMfGwz32wBu7JQF8Yb9R5rLJTs&litespeed_type=imgoptm HTTP/1.1" 200 5 "-" "WordPress/6.7.2; https://bakingsecurityin.com"
51.222.253.17 - - [31/Mar/2025:06:41:26 -0400] "GET /free-online-employment-law-advice-for-employees-uk/ HTTP/1.1" 200 0 "-" "Mozilla/5.0 (compatible; AhrefsBot/7.0; +http://ahrefs.com/robot/)"
198.54.114.83 - - [31/Mar/2025:06:42:53 -0400] "POST /wp-cron.php?doing_wp_cron=1743417773.7620298862457275390625 HTTP/1.1" 200 0 "-" "WordPress/6.7.2; https://bakingsecurityin.com"
51.222.253.9 - - [31/Mar/2025:06:42:51 -0400] "GET /introduction-to-fda-mocra/ HTTP/1.1" 200 0 "-" "Mozilla/5.0 (compatible; AhrefsBot/7.0; +http://ahrefs.com/robot/)"
198.54.114.83 - - [31/Mar/2025:06:42:54 -0400] "POST /wp-admin/admin-ajax.php?action=async_litespeed&nonce=QPsscKhyo5Q2QLVcDyxq72bt1wiWitrt&litespeed_type=imgoptm HTTP/1.1" 200 5 "-" "WordPress/6.7.2; https://bakingsecurityin.com"
85.208.96.199 - - [31/Mar/2025:06:43:18 -0400] "GET /fda-otc-regulations-key-guidelines-for-over-the-counter-products/ HTTP/1.1" 200 0 "-" "Mozilla/5.0 (compatible; SemrushBot/7~bl; +http://www.semrush.com/bot.html)"
198.54.114.83 - - [31/Mar/2025:06:44:41 -0400] "POST /wp-cron.php?doing_wp_cron=1743417881.2894630432128906250000 HTTP/1.1" 200 0 "-" "WordPress/6.7.2; https://bakingsecurityin.com"
51.222.253.16 - - [31/Mar/2025:06:44:39 -0400] "GET /hill-house-condo-singapores-newest-private-development/ HTTP/1.1" 200 0 "-" "Mozilla/5.0 (compatible; AhrefsBot/7.0; +http://ahrefs.com/robot/)"
198.54.114.83 - - [31/Mar/2025:06:44:41 -0400] "POST /wp-admin/admin-ajax.php?action=async_litespeed&nonce=ghkWmnu1sWiuvaa3xi50UREEI8pZ4xTC&litespeed_type=imgoptm HTTP/1.1" 200 5 "-" "WordPress/6.7.2; https://bakingsecurityin.com"
198.54.114.83 - - [31/Mar/2025:06:46:00 -0400] "POST /wp-cron.php?doing_wp_cron=1743417960.4716110229492187500000 HTTP/1.1" 200 0 "-" "WordPress/6.7.2; https://bakingsecurityin.com"
51.222.253.6 - - [31/Mar/2025:06:46:00 -0400] "GET /how-to-find-tutors-near-me/ HTTP/1.1" 200 0 "-" "Mozilla/5.0 (compatible; AhrefsBot/7.0; +http://ahrefs.com/robot/)"
198.54.114.83 - - [31/Mar/2025:06:46:01 -0400] "POST /wp-admin/admin-ajax.php?action=async_litespeed&nonce=Vnpi30lbPCBQAMKBAoyhtJR1Mezjy5ak&litespeed_type=imgoptm HTTP/1.1" 200 5 "-" "WordPress/6.7.2; https://bakingsecurityin.com"
198.54.114.83 - - [31/Mar/2025:06:47:36 -0400] "POST /wp-cron.php?doing_wp_cron=1743418056.0444469451904296875000 HTTP/1.1" 200 0 "-" "WordPress/6.7.2; https://bakingsecurityin.com"
51.222.253.16 - - [31/Mar/2025:06:47:33 -0400] "GET /exploring-nusa-penida-a-hidden-gem-of-bali/ HTTP/1.1" 200 0 "-" "Mozilla/5.0 (compatible; AhrefsBot/7.0; +http://ahrefs.com/robot/)"
198.54.114.83 - - [31/Mar/2025:06:47:36 -0400] "POST /wp-admin/admin-ajax.php?action=async_litespeed&nonce=r5gCRsNUzSVQgvJ44bf03MAQfKM7tddC&litespeed_type=imgoptm HTTP/1.1" 200 5 "-" "WordPress/6.7.2; https://bakingsecurityin.com"
198.54.114.83 - - [31/Mar/2025:06:49:10 -0400] "POST /wp-cron.php?doing_wp_cron=1743418150.2005031108856201171875 HTTP/1.1" 200 0 "-" "WordPress/6.7.2; https://bakingsecurityin.com"
51.222.253.8 - - [31/Mar/2025:06:49:08 -0400] "GET /how-to-get-a-cell-phone-that-works-in-canada/ HTTP/1.1" 200 0 "-" "Mozilla/5.0 (compatible; AhrefsBot/7.0; +http://ahrefs.com/robot/)"
198.54.114.83 - - [31/Mar/2025:06:49:10 -0400] "POST /wp-admin/admin-ajax.php?action=async_litespeed&nonce=AuhaA4QiEiztwQjag5vICp7DSm9DSPIF&litespeed_type=imgoptm HTTP/1.1" 200 5 "-" "WordPress/6.7.2; https://bakingsecurityin.com"
198.54.114.83 - - [31/Mar/2025:06:50:45 -0400] "POST /wp-cron.php?doing_wp_cron=1743418244.9450879096984863281250 HTTP/1.1" 200 0 "-" "WordPress/6.7.2; https://bakingsecurityin.com"
51.222.253.5 - - [31/Mar/2025:06:50:43 -0400] "GET /invest-with-teri-trade-and-travel-2-0-review/ HTTP/1.1" 200 0 "-" "Mozilla/5.0 (compatible; AhrefsBot/7.0; +http://ahrefs.com/robot/)"
198.54.114.83 - - [31/Mar/2025:06:50:45 -0400] "POST /wp-admin/admin-ajax.php?action=async_litespeed&nonce=1TF4KKFnJFYby66ReY5PvDCTMHreGZ1s&litespeed_type=imgoptm HTTP/1.1" 200 5 "-" "WordPress/6.7.2; https://bakingsecurityin.com"
198.54.114.83 - - [31/Mar/2025:06:52:09 -0400] "POST /wp-cron.php?doing_wp_cron=1743418329.0209190845489501953125 HTTP/1.1" 200 0 "-" "WordPress/6.7.2; https://bakingsecurityin.com"
51.222.253.15 - - [31/Mar/2025:06:52:07 -0400] "GET /how-to-use-youtube-favorite-to-organize-your-videos-and-favorite-content/ HTTP/1.1" 200 0 "-" "Mozilla/5.0 (compatible; AhrefsBot/7.0; +http://ahrefs.com/robot/)"
198.54.114.83 - - [31/Mar/2025:06:52:09 -0400] "POST /wp-admin/admin-ajax.php?action=async_litespeed&nonce=9X7OTrYh5a51bMzLLYEXhw87CiJtzUdj&litespeed_type=imgoptm HTTP/1.1" 200 5 "-" "WordPress/6.7.2; https://bakingsecurityin.com"
198.54.114.83 - - [31/Mar/2025:06:53:27 -0400] "POST /wp-admin/admin-ajax.php?action=async_litespeed&nonce=iQGxxwy2epcLKjDLTfP9fJ6QUntKvww9&litespeed_type=imgoptm HTTP/1.1" 200 5 "-" "WordPress/6.7.2; https://bakingsecurityin.com"
198.54.114.83 - - [31/Mar/2025:06:53:34 -0400] "POST /wp-cron.php?doing_wp_cron=1743418413.7463979721069335937500 HTTP/1.1" 200 0 "-" "WordPress/6.7.2; https://bakingsecurityin.com"
51.222.253.20 - - [31/Mar/2025:06:53:33 -0400] "GET /photoshop-services-at-your-beck-and-call/ HTTP/1.1" 200 0 "-" "Mozilla/5.0 (compatible; AhrefsBot/7.0; +http://ahrefs.com/robot/)"
198.54.114.83 - - [31/Mar/2025:06:53:34 -0400] "POST /wp-admin/admin-ajax.php?action=async_litespeed&nonce=mloExcEGd7WwsjMFor915QPY8D52ymMb&litespeed_type=imgoptm HTTP/1.1" 200 5 "-" "WordPress/6.7.2; https://bakingsecurityin.com"
156.226.164.244 - - [31/Mar/2025:06:54:36 -0400] "GET /what-is-thermal-mastic/ HTTP/1.1" 200 0 "-" "Mozilla/5.0 (Macintosh; Intel Mac OS X 10_15_7) AppleWebKit/537.36 (KHTML, like Gecko) Chrome/125.0.0.0 Safari/537.36"
198.54.114.83 - - [31/Mar/2025:06:54:55 -0400] "POST /wp-cron.php?doing_wp_cron=1743418495.4353609085083007812500 HTTP/1.1" 200 0 "-" "WordPress/6.7.2; https://bakingsecurityin.com"
51.222.253.14 - - [31/Mar/2025:06:54:55 -0400] "GET /unveiling-the-exquisite-toa-payoh-grand-showflat/ HTTP/1.1" 200 0 "-" "Mozilla/5.0 (compatible; AhrefsBot/7.0; +http://ahrefs.com/robot/)"
198.54.114.83 - - [31/Mar/2025:06:54:55 -0400] "POST /wp-admin/admin-ajax.php?action=async_litespeed&nonce=pT99Wstj2eAfloojCaVA0dLWYrxKFhJh&litespeed_type=imgoptm HTTP/1.1" 200 5 "-" "WordPress/6.7.2; https://bakingsecurityin.com"
177.99.172.130 - - [31/Mar/2025:06:55:27 -0400] "GET /what-is-thermal-mastic/ HTTP/1.1" 200 0 "-" "Mozilla/5.0 (Macintosh; Intel Mac OS X 10_15_7) AppleWebKit/537.36 (KHTML, like Gecko) Chrome/125.0.0.0 Safari/537.36"
198.54.114.83 - - [31/Mar/2025:06:56:32 -0400] "POST /wp-cron.php?doing_wp_cron=1743418592.1926739215850830078125 HTTP/1.1" 200 0 "-" "WordPress/6.7.2; https://bakingsecurityin.com"
51.222.253.10 - - [31/Mar/2025:06:56:30 -0400] "GET /the-botany-at-dairy-farm/ HTTP/1.1" 200 0 "-" "Mozilla/5.0 (compatible; AhrefsBot/7.0; +http://ahrefs.com/robot/)"
198.54.114.83 - - [31/Mar/2025:06:56:32 -0400] "POST /wp-admin/admin-ajax.php?action=async_litespeed&nonce=EySsbzhC3ayF7OnCNCnjhckY3LWbeLIJ&litespeed_type=imgoptm HTTP/1.1" 200 5 "-" "WordPress/6.7.2; https://bakingsecurityin.com"
95.108.213.204 - - [31/Mar/2025:06:57:17 -0400] "GET /robots.txt HTTP/1.1" 304 0 "-" "Mozilla/5.0 (compatible; YandexBot/3.0; +http://yandex.com/bots)"
95.108.213.161 - - [31/Mar/2025:06:57:19 -0400] "GET /what-is-a-thailand-privilege-visa/ HTTP/1.1" 200 0 "-" "Mozilla/5.0 (compatible; YandexBot/3.0; +http://yandex.com/bots)"
2a03:2880:f800:1a:: - - [31/Mar/2025:06:57:23 -0400] "GET /wp-content/uploads/2023/10/Modern-Data-1024x576.webp HTTP/1.1" 404 0 "-" "meta-externalagent/1.1 (+https://developers.facebook.com/docs/sharing/webmasters/crawler)"
51.222.253.9 - - [31/Mar/2025:06:58:00 -0400] "GET /how-to-make-your-own-jeweler-cleaner/ HTTP/1.1" 200 0 "-" "Mozilla/5.0 (compatible; AhrefsBot/7.0; +http://ahrefs.com/robot/)"
58.254.68.93 - - [31/Mar/2025:06:58:17 -0400] "GET /how-to-style-street-wear-for-men/ HTTP/1.1" 200 0 "https://bakingsecurityin.com" "Mozilla/5.0 (Windows NT 10.0; Win64; x64) AppleWebKit/537.36 (KHTML, like Gecko) Chrome/62.0.3202.94 Safari/537.36"
51.222.253.14 - - [31/Mar/2025:06:59:37 -0400] "GET /pantoufle-de-dinosaure/ HTTP/1.1" 200 0 "-" "Mozilla/5.0 (compatible; AhrefsBot/7.0; +http://ahrefs.com/robot/)"
51.222.253.11 - - [31/Mar/2025:07:01:00 -0400] "GET /unlocking-the-power-of-residential-proxies/ HTTP/1.1" 200 0 "-" "Mozilla/5.0 (compatible; AhrefsBot/7.0; +http://ahrefs.com/robot/)"
51.222.253.5 - - [31/Mar/2025:07:02:35 -0400] "GET /centrul-de-meditatie-si-dezvoltare-personala-ocupa-locul-orasului-bucuresti/ HTTP/1.1" 200 0 "-" "Mozilla/5.0 (compatible; AhrefsBot/7.0; +http://ahrefs.com/robot/)"
198.54.114.83 - - [31/Mar/2025:07:02:51 -0400] "POST /wp-cron.php?doing_wp_cron=1743418971.3612809181213378906250 HTTP/1.1" 200 0 "-" "WordPress/6.7.2; https://bakingsecurityin.com"
2a03:2880:f800:: - - [31/Mar/2025:07:02:49 -0400] "GET /wp-content/uploads/2023/10/Modern-Data.webp HTTP/1.1" 404 0 "-" "meta-externalagent/1.1 (+https://developers.facebook.com/docs/sharing/webmasters/crawler)"
198.54.114.83 - - [31/Mar/2025:07:02:51 -0400] "POST /wp-admin/admin-ajax.php?action=async_litespeed&nonce=q8Z4S6YKnr6Oj5Qyi3coFpObQrx1xKQv&litespeed_type=imgoptm HTTP/1.1" 200 5 "-" "WordPress/6.7.2; https://bakingsecurityin.com"
185.191.171.2 - - [31/Mar/2025:07:03:15 -0400] "GET /choosing-a-cnc-milling-parts-supplier/ HTTP/1.1" 200 0 "-" "Mozilla/5.0 (compatible; SemrushBot/7~bl; +http://www.semrush.com/bot.html)"
198.54.114.83 - - [31/Mar/2025:07:04:06 -0400] "POST /wp-cron.php?doing_wp_cron=1743419045.9490430355072021484375 HTTP/1.1" 200 0 "-" "WordPress/6.7.2; https://bakingsecurityin.com"
51.222.253.14 - - [31/Mar/2025:07:04:05 -0400] "GET /china-adhesive-manufacturers/ HTTP/1.1" 200 0 "-" "Mozilla/5.0 (compatible; AhrefsBot/7.0; +http://ahrefs.com/robot/)"
198.54.114.83 - - [31/Mar/2025:07:04:06 -0400] "POST /wp-admin/admin-ajax.php?action=async_litespeed&nonce=icqalcRaa0kiyeOXvkvVxMpup4esetDL&litespeed_type=imgoptm HTTP/1.1" 200 5 "-" "WordPress/6.7.2; https://bakingsecurityin.com"
198.54.114.83 - - [31/Mar/2025:07:05:41 -0400] "POST /wp-cron.php?doing_wp_cron=1743419141.3844079971313476562500 HTTP/1.1" 200 0 "-" "WordPress/6.7.2; https://bakingsecurityin.com"
51.222.253.7 - - [31/Mar/2025:07:05:39 -0400] "GET /abu-dhabi-yacht-tours/ HTTP/1.1" 200 0 "-" "Mozilla/5.0 (compatible; AhrefsBot/7.0; +http://ahrefs.com/robot/)"
198.54.114.83 - - [31/Mar/2025:07:05:42 -0400] "POST /wp-admin/admin-ajax.php?action=async_litespeed&nonce=NAD4humQxUkohJJWTM6sQZUHlABMnkXi&litespeed_type=imgoptm HTTP/1.1" 200 5 "-" "WordPress/6.7.2; https://bakingsecurityin.com"
198.54.114.83 - - [31/Mar/2025:07:07:33 -0400] "POST /wp-cron.php?doing_wp_cron=1743419253.2010478973388671875000 HTTP/1.1" 200 0 "-" "WordPress/6.7.2; https://bakingsecurityin.com"
51.222.253.7 - - [31/Mar/2025:07:07:31 -0400] "GET /meldonium-narcotic-effect/ HTTP/1.1" 200 0 "-" "Mozilla/5.0 (compatible; AhrefsBot/7.0; +http://ahrefs.com/robot/)"
198.54.114.83 - - [31/Mar/2025:07:07:33 -0400] "POST /wp-admin/admin-ajax.php?action=async_litespeed&nonce=WrpWPcrx8ZimfA3sMS12sewnpghHCDE9&litespeed_type=imgoptm HTTP/1.1" 200 5 "-" "WordPress/6.7.2; https://bakingsecurityin.com"
198.54.114.83 - - [31/Mar/2025:07:08:58 -0400] "POST /wp-admin/admin-ajax.php?action=async_litespeed&nonce=r1t8eqbz413mCkQ7XM9r0hJFwwUWJc9m&litespeed_type=imgoptm HTTP/1.1" 200 5 "-" "WordPress/6.7.2; https://bakingsecurityin.com"
51.222.253.4 - - [31/Mar/2025:07:09:08 -0400] "GET /addiction-aftercare-online/ HTTP/1.1" 200 0 "-" "Mozilla/5.0 (compatible; AhrefsBot/7.0; +http://ahrefs.com/robot/)"
94.181.156.210 - - [31/Mar/2025:07:10:00 -0400] "GET /review-of-the-relx-vape-pods/ HTTP/1.1" 200 0 "-" "Mozilla/5.0 (Windows NT 6.3; Win64; x64) AppleWebKit/537.36 (KHTML, like Gecko) Chrome/75.0.3770.100 Safari/537.36"
198.54.114.83 - - [31/Mar/2025:07:10:41 -0400] "POST /wp-cron.php?doing_wp_cron=1743419441.3034729957580566406250 HTTP/1.1" 200 0 "-" "WordPress/6.7.2; https://bakingsecurityin.com"
51.222.253.11 - - [31/Mar/2025:07:10:39 -0400] "GET /tag-heuer-battery-replacement-how-much-does-it-cost-to-replace-a-tag-heuer-battery/ HTTP/1.1" 200 0 "-" "Mozilla/5.0 (compatible; AhrefsBot/7.0; +http://ahrefs.com/robot/)"
198.54.114.83 - - [31/Mar/2025:07:10:42 -0400] "POST /wp-admin/admin-ajax.php?action=async_litespeed&nonce=7CjGJnwxoWMBSdf1gheem1y3JPiSlspG&litespeed_type=imgoptm HTTP/1.1" 200 5 "-" "WordPress/6.7.2; https://bakingsecurityin.com"
198.54.114.83 - - [31/Mar/2025:07:12:20 -0400] "POST /wp-cron.php?doing_wp_cron=1743419539.9108870029449462890625 HTTP/1.1" 200 0 "-" "WordPress/6.7.2; https://bakingsecurityin.com"
51.222.253.16 - - [31/Mar/2025:07:12:17 -0400] "GET /silver-kiddush-cup/ HTTP/1.1" 200 0 "-" "Mozilla/5.0 (compatible; AhrefsBot/7.0; +http://ahrefs.com/robot/)"
198.54.114.83 - - [31/Mar/2025:07:12:20 -0400] "POST /wp-admin/admin-ajax.php?action=async_litespeed&nonce=zHOq0xBztHferI4sZfMQtwZjX7BJ3g1P&litespeed_type=imgoptm HTTP/1.1" 200 5 "-" "WordPress/6.7.2; https://bakingsecurityin.com"
198.54.114.83 - - [31/Mar/2025:07:13:03 -0400] "POST /wp-cron.php?doing_wp_cron=1743419583.4812541007995605468750 HTTP/1.1" 200 0 "-" "WordPress/6.7.2; https://bakingsecurityin.com"
5.255.231.112 - - [31/Mar/2025:07:13:03 -0400] "GET /best-treatments-for-teeth-sensitivity HTTP/1.1" 301 0 "-" "Mozilla/5.0 (compatible; YandexBot/3.0; +http://yandex.com/bots)"
198.54.114.83 - - [31/Mar/2025:07:13:03 -0400] "POST /wp-admin/admin-ajax.php?action=async_litespeed&nonce=zNe7uMkLEcWTQmSmUbO96mlLN5ENXqE5&litespeed_type=imgoptm HTTP/1.1" 200 5 "-" "WordPress/6.7.2; https://bakingsecurityin.com"
95.108.213.160 - - [31/Mar/2025:07:13:04 -0400] "GET /robots.txt HTTP/1.1" 304 0 "-" "Mozilla/5.0 (compatible; YandexBot/3.0; +http://yandex.com/bots)"
5.255.231.104 - - [31/Mar/2025:07:13:05 -0400] "GET /best-treatments-for-teeth-sensitivity/ HTTP/1.1" 200 0 "-" "Mozilla/5.0 (compatible; YandexBot/3.0; +http://yandex.com/bots)"
51.222.253.2 - - [31/Mar/2025:07:13:44 -0400] "GET /how-to-choose-the-best-refrigeration-vacuum-pumps/ HTTP/1.1" 200 0 "-" "Mozilla/5.0 (compatible; AhrefsBot/7.0; +http://ahrefs.com/robot/)"
185.191.171.9 - - [31/Mar/2025:07:15:07 -0400] "GET /facebook-agency-account-a-complete-solution-for-marketing-agencies/ HTTP/1.1" 200 0 "-" "Mozilla/5.0 (compatible; SemrushBot/7~bl; +http://www.semrush.com/bot.html)"
51.222.253.3 - - [31/Mar/2025:07:15:28 -0400] "GET /how-to-find-a-lost-car-key/ HTTP/1.1" 200 0 "-" "Mozilla/5.0 (compatible; AhrefsBot/7.0; +http://ahrefs.com/robot/)"
198.54.114.83 - - [31/Mar/2025:07:17:00 -0400] "POST /wp-cron.php?doing_wp_cron=1743419819.8734378814697265625000 HTTP/1.1" 200 0 "-" "WordPress/6.7.2; https://bakingsecurityin.com"
51.222.253.16 - - [31/Mar/2025:07:16:58 -0400] "GET /unveiling-the-exquisite-elegance-of-jansen-house-showflat/ HTTP/1.1" 200 0 "-" "Mozilla/5.0 (compatible; AhrefsBot/7.0; +http://ahrefs.com/robot/)"
198.54.114.83 - - [31/Mar/2025:07:17:00 -0400] "POST /wp-admin/admin-ajax.php?action=async_litespeed&nonce=ii3S6p03191R5pEMHjoLkUnUJHzJOOBO&litespeed_type=imgoptm HTTP/1.1" 200 5 "-" "WordPress/6.7.2; https://bakingsecurityin.com"
198.54.114.83 - - [31/Mar/2025:07:18:35 -0400] "POST /wp-cron.php?doing_wp_cron=1743419915.1466629505157470703125 HTTP/1.1" 200 0 "-" "WordPress/6.7.2; https://bakingsecurityin.com"
51.222.253.16 - - [31/Mar/2025:07:18:33 -0400] "GET /ivf-clinics-sharjah/ HTTP/1.1" 200 0 "-" "Mozilla/5.0 (compatible; AhrefsBot/7.0; +http://ahrefs.com/robot/)"
198.54.114.83 - - [31/Mar/2025:07:18:35 -0400] "POST /wp-admin/admin-ajax.php?action=async_litespeed&nonce=v33QuK2ccyVgn6zZGmX020p3XDERimvu&litespeed_type=imgoptm HTTP/1.1" 200 5 "-" "WordPress/6.7.2; https://bakingsecurityin.com"
185.191.171.9 - - [31/Mar/2025:07:18:43 -0400] "GET /unlock-efficiency-with-raymond-reach-truck-rentals/ HTTP/1.1" 200 0 "-" "Mozilla/5.0 (compatible; SemrushBot/7~bl; +http://www.semrush.com/bot.html)"
198.54.114.83 - - [31/Mar/2025:07:20:14 -0400] "POST /wp-cron.php?doing_wp_cron=1743420014.0142250061035156250000 HTTP/1.1" 200 0 "-" "WordPress/6.7.2; https://bakingsecurityin.com"
51.222.253.19 - - [31/Mar/2025:07:20:11 -0400] "GET /mask-for-spider-man-cosplay/ HTTP/1.1" 200 0 "-" "Mozilla/5.0 (compatible; AhrefsBot/7.0; +http://ahrefs.com/robot/)"
198.54.114.83 - - [31/Mar/2025:07:20:15 -0400] "POST /wp-admin/admin-ajax.php?action=async_litespeed&nonce=AyMDKbN0BeRgwopZYuD3vfJOelwSY49k&litespeed_type=imgoptm HTTP/1.1" 200 5 "-" "WordPress/6.7.2; https://bakingsecurityin.com"
198.54.114.83 - - [31/Mar/2025:07:21:32 -0400] "POST /wp-admin/admin-ajax.php?action=async_litespeed&nonce=Y3l5zSQEEvQ3Okcc5nFvvTJQdbypnnZX&litespeed_type=imgoptm HTTP/1.1" 200 5 "-" "WordPress/6.7.2; https://bakingsecurityin.com"
51.222.253.16 - - [31/Mar/2025:07:21:48 -0400] "GET /how-to-turn-apple-watch-off/ HTTP/1.1" 200 0 "-" "Mozilla/5.0 (compatible; AhrefsBot/7.0; +http://ahrefs.com/robot/)"
198.54.114.83 - - [31/Mar/2025:07:23:16 -0400] "POST /wp-cron.php?doing_wp_cron=1743420196.3657269477844238281250 HTTP/1.1" 200 0 "-" "WordPress/6.7.2; https://bakingsecurityin.com"
51.222.253.9 - - [31/Mar/2025:07:23:14 -0400] "GET /silver-menorahs-judaica-menorahs-for-every-occasion/ HTTP/1.1" 200 0 "-" "Mozilla/5.0 (compatible; AhrefsBot/7.0; +http://ahrefs.com/robot/)"
198.54.114.83 - - [31/Mar/2025:07:23:16 -0400] "POST /wp-admin/admin-ajax.php?action=async_litespeed&nonce=M8eme4etXtqsvatH7mLfY5Setce39iHj&litespeed_type=imgoptm HTTP/1.1" 200 5 "-" "WordPress/6.7.2; https://bakingsecurityin.com"
198.54.114.83 - - [31/Mar/2025:07:23:45 -0400] "POST /wp-cron.php?doing_wp_cron=1743420225.2337300777435302734375 HTTP/1.1" 200 0 "-" "WordPress/6.7.2; https://bakingsecurityin.com"
2a03:2880:f800:b:: - - [31/Mar/2025:07:23:45 -0400] "GET /wp-content/uploads/2023/10/Modern-Data-1536x864.webp HTTP/1.1" 404 0 "-" "meta-externalagent/1.1 (+https://developers.facebook.com/docs/sharing/webmasters/crawler)"
198.54.114.83 - - [31/Mar/2025:07:23:45 -0400] "POST /wp-admin/admin-ajax.php?action=async_litespeed&nonce=CTcrRkXhKmGPhFyXSA9QfaYBiQIdPpzb&litespeed_type=imgoptm HTTP/1.1" 200 5 "-" "WordPress/6.7.2; https://bakingsecurityin.com"
198.54.114.83 - - [31/Mar/2025:07:24:44 -0400] "POST /wp-cron.php?doing_wp_cron=1743420284.6005370616912841796875 HTTP/1.1" 200 0 "-" "WordPress/6.7.2; https://bakingsecurityin.com"
51.222.253.20 - - [31/Mar/2025:07:24:44 -0400] "GET /the-metaverse-a-virtual-extension-of-our-digital-lives/ HTTP/1.1" 200 0 "-" "Mozilla/5.0 (compatible; AhrefsBot/7.0; +http://ahrefs.com/robot/)"
198.54.114.83 - - [31/Mar/2025:07:24:44 -0400] "POST /wp-admin/admin-ajax.php?action=async_litespeed&nonce=FbBQy5FKmOUGxfBdzVoFib7BLEukuR2G&litespeed_type=imgoptm HTTP/1.1" 200 5 "-" "WordPress/6.7.2; https://bakingsecurityin.com"
198.54.114.83 - - [31/Mar/2025:07:25:49 -0400] "POST /wp-admin/admin-ajax.php?action=async_litespeed&nonce=nTJL4y2vudpQr05gj3m62Fgnp8vr3X4r&litespeed_type=imgoptm HTTP/1.1" 200 5 "-" "WordPress/6.7.2; https://bakingsecurityin.com"
51.222.253.18 - - [31/Mar/2025:07:26:11 -0400] "GET /antique-adornments-boxes-coffins-knickknack-boxes/ HTTP/1.1" 200 0 "-" "Mozilla/5.0 (compatible; AhrefsBot/7.0; +http://ahrefs.com/robot/)"
198.54.114.83 - - [31/Mar/2025:07:26:30 -0400] "POST /wp-admin/admin-ajax.php?action=async_litespeed&nonce=7PmjZxLWNajbhyO4hQuNBY6OsXir6iVJ&litespeed_type=imgoptm HTTP/1.1" 200 5 "-" "WordPress/6.7.2; https://bakingsecurityin.com"
198.54.114.83 - - [31/Mar/2025:07:27:34 -0400] "POST /wp-cron.php?doing_wp_cron=1743420454.1103360652923583984375 HTTP/1.1" 200 0 "-" "WordPress/6.7.2; https://bakingsecurityin.com"
51.222.253.11 - - [31/Mar/2025:07:27:33 -0400] "GET /a-glimpse-into-luxury-living/ HTTP/1.1" 200 0 "-" "Mozilla/5.0 (compatible; AhrefsBot/7.0; +http://ahrefs.com/robot/)"
198.54.114.83 - - [31/Mar/2025:07:27:34 -0400] "POST /wp-admin/admin-ajax.php?action=async_litespeed&nonce=MstqnsUipgevUgFuTXSRQkmkmbo4JqM2&litespeed_type=imgoptm HTTP/1.1" 200 5 "-" "WordPress/6.7.2; https://bakingsecurityin.com"
198.54.114.83 - - [31/Mar/2025:07:29:16 -0400] "POST /wp-cron.php?doing_wp_cron=1743420556.8221890926361083984375 HTTP/1.1" 200 0 "-" "WordPress/6.7.2; https://bakingsecurityin.com"
51.222.253.19 - - [31/Mar/2025:07:29:15 -0400] "GET /category/gaming/feed/ HTTP/1.1" 200 2682 "-" "Mozilla/5.0 (compatible; AhrefsBot/7.0; +http://ahrefs.com/robot/)"
198.54.114.83 - - [31/Mar/2025:07:29:17 -0400] "POST /wp-admin/admin-ajax.php?action=async_litespeed&nonce=AeNAISYQX8VCh20oHgpkz4xzLflt0iRi&litespeed_type=imgoptm HTTP/1.1" 200 5 "-" "WordPress/6.7.2; https://bakingsecurityin.com"
198.54.114.83 - - [31/Mar/2025:07:30:47 -0400] "POST /wp-cron.php?doing_wp_cron=1743420647.3392579555511474609375 HTTP/1.1" 200 0 "-" "WordPress/6.7.2; https://bakingsecurityin.com"
51.222.253.9 - - [31/Mar/2025:07:30:44 -0400] "GET /how-to-turn-safe-search-off-on-your-iphone/ HTTP/1.1" 200 0 "-" "Mozilla/5.0 (compatible; AhrefsBot/7.0; +http://ahrefs.com/robot/)"
198.54.114.83 - - [31/Mar/2025:07:30:47 -0400] "POST /wp-admin/admin-ajax.php?action=async_litespeed&nonce=0A9romWXR8vMWzAcjRm4jGdAOY1q7a6O&litespeed_type=imgoptm HTTP/1.1" 200 5 "-" "WordPress/6.7.2; https://bakingsecurityin.com"
198.54.114.83 - - [31/Mar/2025:07:32:06 -0400] "POST /wp-cron.php?doing_wp_cron=1743420726.4658780097961425781250 HTTP/1.1" 200 0 "-" "WordPress/6.7.2; https://bakingsecurityin.com"
51.222.253.20 - - [31/Mar/2025:07:32:06 -0400] "GET /mk-bag-on-sale/ HTTP/1.1" 200 0 "-" "Mozilla/5.0 (compatible; AhrefsBot/7.0; +http://ahrefs.com/robot/)"
198.54.114.83 - - [31/Mar/2025:07:32:06 -0400] "POST /wp-admin/admin-ajax.php?action=async_litespeed&nonce=eksNoWmsFNmtWnfwcYkp1Ou3DEjKqYds&litespeed_type=imgoptm HTTP/1.1" 200 5 "-" "WordPress/6.7.2; https://bakingsecurityin.com"
198.54.114.83 - - [31/Mar/2025:07:33:21 -0400] "POST /wp-cron.php?doing_wp_cron=1743420801.6347959041595458984375 HTTP/1.1" 200 0 "-" "WordPress/6.7.2; https://bakingsecurityin.com"
51.222.253.18 - - [31/Mar/2025:07:33:21 -0400] "GET /what-is-a-talking-avatar/ HTTP/1.1" 200 0 "-" "Mozilla/5.0 (compatible; AhrefsBot/7.0; +http://ahrefs.com/robot/)"
198.54.114.83 - - [31/Mar/2025:07:33:21 -0400] "POST /wp-admin/admin-ajax.php?action=async_litespeed&nonce=KH4PoA0wIg6A2dPzEzFRujTPbrctSITb&litespeed_type=imgoptm HTTP/1.1" 200 5 "-" "WordPress/6.7.2; https://bakingsecurityin.com"
3.145.156.202 - - [31/Mar/2025:07:33:57 -0400] "GET /how-to-use-a-youtube-live-stream-viewers-bot HTTP/1.1" 301 0 "-" "Mozilla/5.0 AppleWebKit/537.36 (KHTML, like Gecko; compatible; ClaudeBot/1.0; +claudebot@anthropic.com)"
3.145.156.202 - - [31/Mar/2025:07:33:57 -0400] "GET /how-to-use-a-youtube-live-stream-viewers-bot/ HTTP/1.1" 200 0 "https://bakingsecurityin.com/how-to-use-a-youtube-live-stream-viewers-bot" "Mozilla/5.0 AppleWebKit/537.36 (KHTML, like Gecko; compatible; ClaudeBot/1.0; +claudebot@anthropic.com)"
198.54.114.83 - - [31/Mar/2025:07:34:02 -0400] "POST /wp-admin/admin-ajax.php?action=async_litespeed&nonce=bUmljRoLaRHfUXElpmLI1suDoTVNUPj7&litespeed_type=imgoptm HTTP/1.1" 200 5 "-" "WordPress/6.7.2; https://bakingsecurityin.com"
193.169.22.33 - - [31/Mar/2025:07:34:08 -0400] "GET /scheidungsanwalt-in-hattingen-expertise-und-unterstutzung-in-schwierigen-zeiten/ HTTP/1.1" 200 0 "https://bakingsecurityin.com/scheidungsanwalt-in-hattingen-expertise-und-unterstutzung-in-schwierigen-zeiten/" "Mozilla/5.0 (Windows NT 10.0; Win64; x64) AppleWebKit/537.36 (KHTML, like Gecko) Chrome/130.0.0.0 Safari/537.36 CCleaner/130.0.0.0"
198.54.114.83 - - [31/Mar/2025:07:34:40 -0400] "POST /wp-cron.php?doing_wp_cron=1743420880.8066771030426025390625 HTTP/1.1" 200 0 "-" "WordPress/6.7.2; https://bakingsecurityin.com"
51.222.253.19 - - [31/Mar/2025:07:34:40 -0400] "GET /2020/11/ HTTP/1.1" 200 0 "-" "Mozilla/5.0 (compatible; AhrefsBot/7.0; +http://ahrefs.com/robot/)"
198.54.114.83 - - [31/Mar/2025:07:34:41 -0400] "POST /wp-admin/admin-ajax.php?action=async_litespeed&nonce=j8fIXxNpBK4N3USZOXfvgw5Mo9pJzuDS&litespeed_type=imgoptm HTTP/1.1" 200 5 "-" "WordPress/6.7.2; https://bakingsecurityin.com"
40.77.167.23 - - [31/Mar/2025:07:35:35 -0400] "GET /unleashing-wireless-freedom-the-evolution-of-bluetooth-headsets-for-phones/feed/ HTTP/1.1" 200 450 "-" "Mozilla/5.0 AppleWebKit/537.36 (KHTML, like Gecko; compatible; bingbot/2.0; +http://www.bing.com/bingbot.htm) Chrome/116.0.1938.76 Safari/537.36"
198.54.114.83 - - [31/Mar/2025:07:36:13 -0400] "POST /wp-cron.php?doing_wp_cron=1743420973.6288959980010986328125 HTTP/1.1" 200 0 "-" "WordPress/6.7.2; https://bakingsecurityin.com"
51.222.253.13 - - [31/Mar/2025:07:36:12 -0400] "GET /die-beste-umzugsfirma-in-luneburg/ HTTP/1.1" 200 0 "-" "Mozilla/5.0 (compatible; AhrefsBot/7.0; +http://ahrefs.com/robot/)"
198.54.114.83 - - [31/Mar/2025:07:36:13 -0400] "POST /wp-admin/admin-ajax.php?action=async_litespeed&nonce=Htb7PzcOXPYxDgtQK3KDbJe1FfgVu2W2&litespeed_type=imgoptm HTTP/1.1" 200 5 "-" "WordPress/6.7.2; https://bakingsecurityin.com"
198.54.114.83 - - [31/Mar/2025:07:37:34 -0400] "POST /wp-cron.php?doing_wp_cron=1743421054.0649209022521972656250 HTTP/1.1" 200 0 "-" "WordPress/6.7.2; https://bakingsecurityin.com"
51.222.253.16 - - [31/Mar/2025:07:37:33 -0400] "GET /surviving-as-a-real-estate-agent/ HTTP/1.1" 200 0 "-" "Mozilla/5.0 (compatible; AhrefsBot/7.0; +http://ahrefs.com/robot/)"
198.54.114.83 - - [31/Mar/2025:07:37:34 -0400] "POST /wp-admin/admin-ajax.php?action=async_litespeed&nonce=Ux2nZoNgCToBHpFT0JwUxbzgi9SpRFvw&litespeed_type=imgoptm HTTP/1.1" 200 5 "-" "WordPress/6.7.2; https://bakingsecurityin.com"
198.54.114.83 - - [31/Mar/2025:07:38:40 -0400] "POST /wp-cron.php?doing_wp_cron=1743421120.3140349388122558593750 HTTP/1.1" 200 0 "-" "WordPress/6.7.2; https://bakingsecurityin.com"
85.208.96.208 - - [31/Mar/2025:07:38:40 -0400] "GET /voice-actor-training-things-you-should-know/ HTTP/1.1" 200 0 "-" "Mozilla/5.0 (compatible; SemrushBot/7~bl; +http://www.semrush.com/bot.html)"
198.54.114.83 - - [31/Mar/2025:07:38:40 -0400] "POST /wp-admin/admin-ajax.php?action=async_litespeed&nonce=mnmHo4TqWUAwAsDasqCINb5NqQR2QFaV&litespeed_type=imgoptm HTTP/1.1" 200 5 "-" "WordPress/6.7.2; https://bakingsecurityin.com"
51.222.253.13 - - [31/Mar/2025:07:38:58 -0400] "GET /finding-the-right-rv-fridge-for-your-needs-and-budget/ HTTP/1.1" 200 0 "-" "Mozilla/5.0 (compatible; AhrefsBot/7.0; +http://ahrefs.com/robot/)"
58.254.68.93 - - [31/Mar/2025:07:39:41 -0400] "GET /how-to-style-street-wear-for-men/ HTTP/1.1" 200 0 "https://bakingsecurityin.com" "Mozilla/5.0 (Windows NT 10.0; Win64; x64) AppleWebKit/537.36 (KHTML, like Gecko) Chrome/62.0.3202.94 Safari/537.36"
198.54.114.83 - - [31/Mar/2025:07:40:17 -0400] "POST /wp-cron.php?doing_wp_cron=1743421217.2794179916381835937500 HTTP/1.1" 200 0 "-" "WordPress/6.7.2; https://bakingsecurityin.com"
102.129.223.92 - - [31/Mar/2025:07:40:15 -0400] "GET /elegant-design-and-contemporary-comforts/%09%092024-06-17+08:20%09Ready+contact+form+successfully+found%09http://bakingsecurityin.com%09%09%09%09%09 HTTP/1.1" 301 0 "-" "Mozilla/5.0 (Macintosh; Intel Mac OS X 12_5) AppleWebKit/537.36 (KHTML, like Gecko) Chrome/114.0.0.0 Safari/537.36 Vivaldi/5.3.2679.68"
198.54.114.83 - - [31/Mar/2025:07:40:18 -0400] "POST /wp-admin/admin-ajax.php?action=async_litespeed&nonce=w0FGMowSgCkUj76a4D0IWFJRojpck0Sg&litespeed_type=imgoptm HTTP/1.1" 200 5 "-" "WordPress/6.7.2; https://bakingsecurityin.com"
102.129.223.92 - - [31/Mar/2025:07:40:18 -0400] "GET /elegant-design-and-contemporary-comforts/%09%092024-06-17+08:20%09Ready+contact+form+successfully+found%09http:/bakingsecurityin.com%09%09%09%09%09 HTTP/1.1" 404 0 "https://bakingsecurityin.com/elegant-design-and-contemporary-comforts/%09%092024-06-17+08:20%09Ready+contact+form+successfully+found%09http://bakingsecurityin.com%09%09%09%09%09" "Mozilla/5.0 (Macintosh; Intel Mac OS X 12_5) AppleWebKit/537.36 (KHTML, like Gecko) Chrome/114.0.0.0 Safari/537.36 Vivaldi/5.3.2679.68"
102.129.223.92 - - [31/Mar/2025:07:40:19 -0400] "GET / HTTP/1.1" 200 0 "-" "Mozilla/5.0 (Macintosh; Intel Mac OS X 12_5) AppleWebKit/537.36 (KHTML, like Gecko) Chrome/114.0.0.0 Safari/537.36 Vivaldi/5.3.2679.68"
51.222.253.9 - - [31/Mar/2025:07:40:22 -0400] "GET /14-free-things-to-do-in-branson-missouri-and-still-have-fun/ HTTP/1.1" 200 0 "-" "Mozilla/5.0 (compatible; AhrefsBot/7.0; +http://ahrefs.com/robot/)"
198.54.114.83 - - [31/Mar/2025:07:42:02 -0400] "POST /wp-cron.php?doing_wp_cron=1743421322.5266690254211425781250 HTTP/1.1" 200 0 "-" "WordPress/6.7.2; https://bakingsecurityin.com"
51.222.253.6 - - [31/Mar/2025:07:42:00 -0400] "GET /lawyer-hattingen/ HTTP/1.1" 200 0 "-" "Mozilla/5.0 (compatible; AhrefsBot/7.0; +http://ahrefs.com/robot/)"
198.54.114.83 - - [31/Mar/2025:07:42:02 -0400] "POST /wp-admin/admin-ajax.php?action=async_litespeed&nonce=wrbp15AItipPhGYkTfFcIE8f8LXBNdDc&litespeed_type=imgoptm HTTP/1.1" 200 5 "-" "WordPress/6.7.2; https://bakingsecurityin.com"
198.54.114.83 - - [31/Mar/2025:07:43:27 -0400] "POST /wp-cron.php?doing_wp_cron=1743421407.2603859901428222656250 HTTP/1.1" 200 0 "-" "WordPress/6.7.2; https://bakingsecurityin.com"
51.222.253.3 - - [31/Mar/2025:07:43:27 -0400] "GET /steuerberatung/ HTTP/1.1" 200 0 "-" "Mozilla/5.0 (compatible; AhrefsBot/7.0; +http://ahrefs.com/robot/)"
198.54.114.83 - - [31/Mar/2025:07:43:27 -0400] "POST /wp-admin/admin-ajax.php?action=async_litespeed&nonce=DUN3sH9MZ7bRuEJPEpsTUm8QLYkZKF7A&litespeed_type=imgoptm HTTP/1.1" 200 5 "-" "WordPress/6.7.2; https://bakingsecurityin.com"
94.181.156.210 - - [31/Mar/2025:07:43:32 -0400] "GET /review-of-the-relx-vape-pods/ HTTP/1.1" 200 0 "-" "Mozilla/5.0 (Windows NT 6.3; Win64; x64) AppleWebKit/537.36 (KHTML, like Gecko) Chrome/75.0.3770.100 Safari/537.36"
198.54.114.83 - - [31/Mar/2025:07:44:52 -0400] "POST /wp-cron.php?doing_wp_cron=1743421492.2805049419403076171875 HTTP/1.1" 200 0 "-" "WordPress/6.7.2; https://bakingsecurityin.com"
51.222.253.19 - - [31/Mar/2025:07:44:50 -0400] "GET /exploring-the-perfect-ten-showflat/ HTTP/1.1" 200 0 "-" "Mozilla/5.0 (compatible; AhrefsBot/7.0; +http://ahrefs.com/robot/)"
198.54.114.83 - - [31/Mar/2025:07:44:52 -0400] "POST /wp-admin/admin-ajax.php?action=async_litespeed&nonce=crTVBwDP1msvSKreFcivoByDPwJIyuBx&litespeed_type=imgoptm HTTP/1.1" 200 5 "-" "WordPress/6.7.2; https://bakingsecurityin.com"
85.208.98.18 - - [31/Mar/2025:07:45:13 -0400] "HEAD /find-a-curly-hair-salon-that-works-with-your-unique-ringlet-pattern/ HTTP/1.1" 200 0 "-" "Mozilla/5.0 (compatible; SemrushBot; +http://www.semrush.com/bot.html)"
85.208.98.18 - - [31/Mar/2025:07:45:13 -0400] "HEAD /smart-lighting-solutions/ HTTP/1.1" 200 0 "-" "Mozilla/5.0 (compatible; SemrushBot; +http://www.semrush.com/bot.html)"
85.208.98.18 - - [31/Mar/2025:07:45:13 -0400] "HEAD /smart-lighting-solutions/ HTTP/1.1" 200 0 "-" "Mozilla/5.0 (compatible; SemrushBot; +http://www.semrush.com/bot.html)"
198.54.114.83 - - [31/Mar/2025:07:45:41 -0400] "POST /wp-cron.php?doing_wp_cron=1743421541.0867590904235839843750 HTTP/1.1" 200 0 "-" "WordPress/6.7.2; https://bakingsecurityin.com"
52.167.144.238 - - [31/Mar/2025:07:45:40 -0400] "GET /easiest-way-to-make-a-robot-in-little-alchemy/ HTTP/1.1" 200 0 "-" "Mozilla/5.0 AppleWebKit/537.36 (KHTML, like Gecko; compatible; bingbot/2.0; +http://www.bing.com/bingbot.htm) Chrome/116.0.1938.76 Safari/537.36"
198.54.114.83 - - [31/Mar/2025:07:45:41 -0400] "POST /wp-admin/admin-ajax.php?action=async_litespeed&nonce=lJyMRIXQHD55HkJxbzhJtplAxhldHRx6&litespeed_type=imgoptm HTTP/1.1" 200 5 "-" "WordPress/6.7.2; https://bakingsecurityin.com"
51.222.253.11 - - [31/Mar/2025:07:46:17 -0400] "GET /ardor-residence-developer-an-exciting-new-launch-in-district-15/ HTTP/1.1" 200 0 "-" "Mozilla/5.0 (compatible; AhrefsBot/7.0; +http://ahrefs.com/robot/)"
198.54.114.83 - - [31/Mar/2025:07:46:40 -0400] "POST /wp-admin/admin-ajax.php?action=async_litespeed&nonce=zTFKsKzZgtQw7N0CFZL6bNdRjBafoz7i&litespeed_type=imgoptm HTTP/1.1" 200 5 "-" "WordPress/6.7.2; https://bakingsecurityin.com"
198.54.114.83 - - [31/Mar/2025:07:48:13 -0400] "POST /wp-cron.php?doing_wp_cron=1743421693.1554648876190185546875 HTTP/1.1" 200 0 "-" "WordPress/6.7.2; https://bakingsecurityin.com"
51.222.253.19 - - [31/Mar/2025:07:48:11 -0400] "GET /legal-operations-with-professional-answering-services/ HTTP/1.1" 200 0 "-" "Mozilla/5.0 (compatible; AhrefsBot/7.0; +http://ahrefs.com/robot/)"
198.54.114.83 - - [31/Mar/2025:07:48:13 -0400] "POST /wp-admin/admin-ajax.php?action=async_litespeed&nonce=w0KKTu2zX9BijlZ83ARXJ9i9qsr0EvNy&litespeed_type=imgoptm HTTP/1.1" 200 5 "-" "WordPress/6.7.2; https://bakingsecurityin.com"
198.54.114.83 - - [31/Mar/2025:07:49:16 -0400] "POST /wp-cron.php?doing_wp_cron=1743421756.1990060806274414062500 HTTP/1.1" 200 0 "-" "WordPress/6.7.2; https://bakingsecurityin.com"
51.222.253.4 - - [31/Mar/2025:07:49:16 -0400] "GET /elevating-corporate-events-the-power-of-entertainment/ HTTP/1.1" 200 0 "-" "Mozilla/5.0 (compatible; AhrefsBot/7.0; +http://ahrefs.com/robot/)"
198.54.114.83 - - [31/Mar/2025:07:49:16 -0400] "POST /wp-admin/admin-ajax.php?action=async_litespeed&nonce=CjYKDiVxxg9CkTEfUNOhsfO51rlCUhk6&litespeed_type=imgoptm HTTP/1.1" 200 5 "-" "WordPress/6.7.2; https://bakingsecurityin.com"
198.54.114.83 - - [31/Mar/2025:07:50:38 -0400] "POST /wp-cron.php?doing_wp_cron=1743421838.0201470851898193359375 HTTP/1.1" 200 0 "-" "WordPress/6.7.2; https://bakingsecurityin.com"
51.222.253.1 - - [31/Mar/2025:07:50:37 -0400] "GET /the-hill-condo-in-nashua-new-hampshire/ HTTP/1.1" 200 0 "-" "Mozilla/5.0 (compatible; AhrefsBot/7.0; +http://ahrefs.com/robot/)"
198.54.114.83 - - [31/Mar/2025:07:50:38 -0400] "POST /wp-admin/admin-ajax.php?action=async_litespeed&nonce=ocfTWdQrjDoB6XDfpkypUZTxdyOp8Wa4&litespeed_type=imgoptm HTTP/1.1" 200 5 "-" "WordPress/6.7.2; https://bakingsecurityin.com"
198.54.114.83 - - [31/Mar/2025:07:52:04 -0400] "POST /wp-cron.php?doing_wp_cron=1743421923.8608319759368896484375 HTTP/1.1" 200 0 "-" "WordPress/6.7.2; https://bakingsecurityin.com"
51.222.253.19 - - [31/Mar/2025:07:52:02 -0400] "GET /how-to-trim-a-video-on-iphone/ HTTP/1.1" 200 0 "-" "Mozilla/5.0 (compatible; AhrefsBot/7.0; +http://ahrefs.com/robot/)"
198.54.114.83 - - [31/Mar/2025:07:52:04 -0400] "POST /wp-admin/admin-ajax.php?action=async_litespeed&nonce=LllvmZsNmKr4L6VmyRW4qI4DV3idhwP4&litespeed_type=imgoptm HTTP/1.1" 200 5 "-" "WordPress/6.7.2; https://bakingsecurityin.com"
198.54.114.83 - - [31/Mar/2025:07:53:21 -0400] "POST /wp-cron.php?doing_wp_cron=1743422001.3076770305633544921875 HTTP/1.1" 200 0 "-" "WordPress/6.7.2; https://bakingsecurityin.com"
51.222.253.3 - - [31/Mar/2025:07:53:21 -0400] "GET /the-benefits-of-vegetables/ HTTP/1.1" 200 0 "-" "Mozilla/5.0 (compatible; AhrefsBot/7.0; +http://ahrefs.com/robot/)"
198.54.114.83 - - [31/Mar/2025:07:53:21 -0400] "POST /wp-admin/admin-ajax.php?action=async_litespeed&nonce=Perhdk1jsJHLyO0JuC92HvaS2nxNcZNb&litespeed_type=imgoptm HTTP/1.1" 200 5 "-" "WordPress/6.7.2; https://bakingsecurityin.com"
94.181.156.210 - - [31/Mar/2025:07:53:45 -0400] "GET /review-of-the-relx-vape-pods/ HTTP/1.1" 200 0 "-" "Mozilla/5.0 (Windows NT 6.3; Win64; x64) AppleWebKit/537.36 (KHTML, like Gecko) Chrome/75.0.3770.100 Safari/537.36"
198.54.114.83 - - [31/Mar/2025:07:54:39 -0400] "POST /wp-cron.php?doing_wp_cron=1743422079.5025599002838134765625 HTTP/1.1" 200 0 "-" "WordPress/6.7.2; https://bakingsecurityin.com"
51.222.253.18 - - [31/Mar/2025:07:54:39 -0400] "GET /unveiling-the-allure-of-kassia-showflat-a-luxurious-haven/ HTTP/1.1" 200 0 "-" "Mozilla/5.0 (compatible; AhrefsBot/7.0; +http://ahrefs.com/robot/)"
198.54.114.83 - - [31/Mar/2025:07:54:39 -0400] "POST /wp-admin/admin-ajax.php?action=async_litespeed&nonce=aCS1kcqrsxp5enJCzELPL6kTAqhJKtWe&litespeed_type=imgoptm HTTP/1.1" 200 5 "-" "WordPress/6.7.2; https://bakingsecurityin.com"
51.222.253.2 - - [31/Mar/2025:07:56:06 -0400] "GET /choosing-the-right-breast-pump-a-comprehensive-guide/ HTTP/1.1" 200 0 "-" "Mozilla/5.0 (compatible; AhrefsBot/7.0; +http://ahrefs.com/robot/)"
198.54.114.83 - - [31/Mar/2025:07:57:30 -0400] "POST /wp-cron.php?doing_wp_cron=1743422250.6846070289611816406250 HTTP/1.1" 200 0 "-" "WordPress/6.7.2; https://bakingsecurityin.com"
51.222.253.4 - - [31/Mar/2025:07:57:29 -0400] "GET /what-can-cbd-oil-do-for-you/ HTTP/1.1" 200 0 "-" "Mozilla/5.0 (compatible; AhrefsBot/7.0; +http://ahrefs.com/robot/)"
198.54.114.83 - - [31/Mar/2025:07:57:31 -0400] "POST /wp-admin/admin-ajax.php?action=async_litespeed&nonce=MmeW5RGAP3ZiOzwPNBzcpCmlH8cBhOHd&litespeed_type=imgoptm HTTP/1.1" 200 5 "-" "WordPress/6.7.2; https://bakingsecurityin.com"
198.54.114.83 - - [31/Mar/2025:07:58:52 -0400] "POST /wp-cron.php?doing_wp_cron=1743422332.2869389057159423828125 HTTP/1.1" 200 0 "-" "WordPress/6.7.2; https://bakingsecurityin.com"
51.222.253.19 - - [31/Mar/2025:07:58:52 -0400] "GET /die-besten-hotels-am-gardasee-in-italien/ HTTP/1.1" 200 0 "-" "Mozilla/5.0 (compatible; AhrefsBot/7.0; +http://ahrefs.com/robot/)"
198.54.114.83 - - [31/Mar/2025:07:58:52 -0400] "POST /wp-admin/admin-ajax.php?action=async_litespeed&nonce=2E5fUmZFcFh4pnrtHiwkoHhRuEKvCvHO&litespeed_type=imgoptm HTTP/1.1" 200 5 "-" "WordPress/6.7.2; https://bakingsecurityin.com"
198.54.114.83 - - [31/Mar/2025:07:59:51 -0400] "POST /wp-admin/admin-ajax.php?action=async_litespeed&nonce=jtg5SEjeBRZArCYOPsCZO5tffYBOG5ec&litespeed_type=imgoptm HTTP/1.1" 200 5 "-" "WordPress/6.7.2; https://bakingsecurityin.com"
51.222.253.12 - - [31/Mar/2025:08:00:22 -0400] "GET /the-artistry-of-planner-stickers/ HTTP/1.1" 200 0 "-" "Mozilla/5.0 (compatible; AhrefsBot/7.0; +http://ahrefs.com/robot/)"
198.54.114.83 - - [31/Mar/2025:08:01:37 -0400] "POST /wp-cron.php?doing_wp_cron=1743422497.8089768886566162109375 HTTP/1.1" 200 0 "-" "WordPress/6.7.2; https://bakingsecurityin.com"
51.222.253.6 - - [31/Mar/2025:08:01:37 -0400] "GET /assurance-de-bureau-protegez-votre-entreprise-avec-assurance-commerciale/ HTTP/1.1" 200 0 "-" "Mozilla/5.0 (compatible; AhrefsBot/7.0; +http://ahrefs.com/robot/)"
