198.54.114.83 - - [30/Mar/2025:03:38:40 -0400] "POST /wp-cron.php?doing_wp_cron=1743320318.4993009567260742187500 HTTP/1.1" 200 0 "-" "WordPress/6.7.2; https://bakingsecurityin.com"
51.222.253.18 - - [30/Mar/2025:03:39:57 -0400] "GET /what-does-archive-mean-on-instagram/feed/ HTTP/1.1" 200 402 "-" "Mozilla/5.0 (compatible; AhrefsBot/7.0; +http://ahrefs.com/robot/)"
198.54.114.83 - - [30/Mar/2025:03:41:19 -0400] "POST /wp-cron.php?doing_wp_cron=1743320478.6292870044708251953125 HTTP/1.1" 200 0 "-" "WordPress/6.7.2; https://bakingsecurityin.com"
51.222.253.1 - - [30/Mar/2025:03:41:18 -0400] "GET /a-divorce-mediation-lawyer-can-help-you-work-out-a-settlement/ HTTP/1.1" 200 0 "-" "Mozilla/5.0 (compatible; AhrefsBot/7.0; +http://ahrefs.com/robot/)"
198.54.114.83 - - [30/Mar/2025:03:41:19 -0400] "POST /wp-admin/admin-ajax.php?action=async_litespeed&nonce=SFQedrTxwTS0tbuGu4t42nNcIdRDzqtK&litespeed_type=imgoptm HTTP/1.1" 200 5 "-" "WordPress/6.7.2; https://bakingsecurityin.com"
198.54.114.83 - - [30/Mar/2025:03:42:29 -0400] "POST /wp-cron.php?doing_wp_cron=1743320549.1163330078125000000000 HTTP/1.1" 200 0 "-" "WordPress/6.7.2; https://bakingsecurityin.com"
51.222.253.6 - - [30/Mar/2025:03:42:28 -0400] "GET /cant-repay-your-student-loans-5-ways-to-get-help/feed/ HTTP/1.1" 200 439 "-" "Mozilla/5.0 (compatible; AhrefsBot/7.0; +http://ahrefs.com/robot/)"
198.54.114.83 - - [30/Mar/2025:03:42:30 -0400] "POST /wp-admin/admin-ajax.php?action=async_litespeed&nonce=DbOmCDBQMduJSgAI3Fh0ND6JB8TB52Cu&litespeed_type=imgoptm HTTP/1.1" 200 5 "-" "WordPress/6.7.2; https://bakingsecurityin.com"
198.54.114.83 - - [30/Mar/2025:03:43:51 -0400] "POST /wp-cron.php?doing_wp_cron=1743320631.6055250167846679687500 HTTP/1.1" 200 0 "-" "WordPress/6.7.2; https://bakingsecurityin.com"
51.222.253.5 - - [30/Mar/2025:03:43:49 -0400] "GET /page/90/ HTTP/1.1" 200 0 "-" "Mozilla/5.0 (compatible; AhrefsBot/7.0; +http://ahrefs.com/robot/)"
198.54.114.83 - - [30/Mar/2025:03:43:52 -0400] "POST /wp-admin/admin-ajax.php?action=async_litespeed&nonce=I2SaYOC0VUHvw2tU3jCZg7R64ExiucHl&litespeed_type=imgoptm HTTP/1.1" 200 5 "-" "WordPress/6.7.2; https://bakingsecurityin.com"
198.54.114.83 - - [30/Mar/2025:03:45:04 -0400] "POST /wp-admin/admin-ajax.php?action=async_litespeed&nonce=oltsY6G3KRQi1cMkwPvPpJxpmolndQVr&litespeed_type=imgoptm HTTP/1.1" 200 5 "-" "WordPress/6.7.2; https://bakingsecurityin.com"
51.222.253.17 - - [30/Mar/2025:03:45:06 -0400] "GET /welding-hose-manufacturers/ HTTP/1.1" 200 0 "-" "Mozilla/5.0 (compatible; AhrefsBot/7.0; +http://ahrefs.com/robot/)"
198.54.114.83 - - [30/Mar/2025:03:46:24 -0400] "POST /wp-cron.php?doing_wp_cron=1743320784.1395659446716308593750 HTTP/1.1" 200 0 "-" "WordPress/6.7.2; https://bakingsecurityin.com"
51.222.253.5 - - [30/Mar/2025:03:46:23 -0400] "GET /michael-kors-satchel-bag/ HTTP/1.1" 200 0 "-" "Mozilla/5.0 (compatible; AhrefsBot/7.0; +http://ahrefs.com/robot/)"
198.54.114.83 - - [30/Mar/2025:03:46:24 -0400] "POST /wp-admin/admin-ajax.php?action=async_litespeed&nonce=ooKngHc7Vl2StDSg9HPxJ0iVHlgYCMjZ&litespeed_type=imgoptm HTTP/1.1" 200 5 "-" "WordPress/6.7.2; https://bakingsecurityin.com"
198.54.114.83 - - [30/Mar/2025:03:47:37 -0400] "POST /wp-cron.php?doing_wp_cron=1743320856.9798300266265869140625 HTTP/1.1" 200 0 "-" "WordPress/6.7.2; https://bakingsecurityin.com"
51.222.253.13 - - [30/Mar/2025:03:47:36 -0400] "GET /bijouterie-a-montreal/feed/ HTTP/1.1" 200 379 "-" "Mozilla/5.0 (compatible; AhrefsBot/7.0; +http://ahrefs.com/robot/)"
198.54.114.83 - - [30/Mar/2025:03:47:38 -0400] "POST /wp-admin/admin-ajax.php?action=async_litespeed&nonce=k6prT4EzX6aOGPpAgJEV2iuuGb7ZITGs&litespeed_type=imgoptm HTTP/1.1" 200 5 "-" "WordPress/6.7.2; https://bakingsecurityin.com"
198.54.114.83 - - [30/Mar/2025:03:49:12 -0400] "POST /wp-cron.php?doing_wp_cron=1743320951.7932639122009277343750 HTTP/1.1" 200 0 "-" "WordPress/6.7.2; https://bakingsecurityin.com"
51.222.253.7 - - [30/Mar/2025:03:49:09 -0400] "GET /agriturismo-con-piscina/feed/ HTTP/1.1" 200 387 "-" "Mozilla/5.0 (compatible; AhrefsBot/7.0; +http://ahrefs.com/robot/)"
198.54.114.83 - - [30/Mar/2025:03:49:12 -0400] "POST /wp-admin/admin-ajax.php?action=async_litespeed&nonce=0zin67i7aVao4oamYVe9uPcX2ACa3MHZ&litespeed_type=imgoptm HTTP/1.1" 200 5 "-" "WordPress/6.7.2; https://bakingsecurityin.com"
198.54.114.83 - - [30/Mar/2025:03:50:35 -0400] "POST /wp-cron.php?doing_wp_cron=1743321034.6199290752410888671875 HTTP/1.1" 200 0 "-" "WordPress/6.7.2; https://bakingsecurityin.com"
51.222.253.1 - - [30/Mar/2025:03:50:34 -0400] "GET /category/activity/page/92/ HTTP/1.1" 200 0 "-" "Mozilla/5.0 (compatible; AhrefsBot/7.0; +http://ahrefs.com/robot/)"
198.54.114.83 - - [30/Mar/2025:03:50:37 -0400] "POST /wp-admin/admin-ajax.php?action=async_litespeed&nonce=fzNnU2NXPlYnZPhrLecRrVRowRQ7eZbY&litespeed_type=imgoptm HTTP/1.1" 200 0 "-" "WordPress/6.7.2; https://bakingsecurityin.com"
198.54.114.83 - - [30/Mar/2025:03:51:57 -0400] "POST /wp-cron.php?doing_wp_cron=1743321117.1311559677124023437500 HTTP/1.1" 200 0 "-" "WordPress/6.7.2; https://bakingsecurityin.com"
51.222.253.17 - - [30/Mar/2025:03:51:56 -0400] "GET /how-to-find-the-best-online-casinos/feed/ HTTP/1.1" 200 406 "-" "Mozilla/5.0 (compatible; AhrefsBot/7.0; +http://ahrefs.com/robot/)"
198.54.114.83 - - [30/Mar/2025:03:51:58 -0400] "POST /wp-admin/admin-ajax.php?action=async_litespeed&nonce=YJlihRyT2eOalSmSN36QYaw0n1SGZvQR&litespeed_type=imgoptm HTTP/1.1" 200 5 "-" "WordPress/6.7.2; https://bakingsecurityin.com"
198.54.114.83 - - [30/Mar/2025:03:53:08 -0400] "POST /wp-cron.php?doing_wp_cron=1743321188.3588979244232177734375 HTTP/1.1" 200 0 "-" "WordPress/6.7.2; https://bakingsecurityin.com"
51.222.253.18 - - [30/Mar/2025:03:53:08 -0400] "GET /a-firemans-arms-during-fire-accidents/ HTTP/1.1" 200 0 "-" "Mozilla/5.0 (compatible; AhrefsBot/7.0; +http://ahrefs.com/robot/)"
198.54.114.83 - - [30/Mar/2025:03:53:08 -0400] "POST /wp-admin/admin-ajax.php?action=async_litespeed&nonce=u8ZL4yd0biXlz7Mql7OSpcVbZ5sAI3C9&litespeed_type=imgoptm HTTP/1.1" 200 5 "-" "WordPress/6.7.2; https://bakingsecurityin.com"
92.255.57.103 - - [30/Mar/2025:03:53:09 -0400] "GET /wp-login.php?wp_lang=en_US HTTP/1.1" 200 1738 "http://bakingsecurityin.com/wp-login.php" "Mozilla/5.0 (Windows NT 10.0; Win64; x64) AppleWebKit/537.36 (KHTML, like Gecko) Chrome/135.0.0.0 Safari/537.36"
92.255.57.103 - - [30/Mar/2025:03:53:15 -0400] "POST /wp-login.php?wp_lang=en_US HTTP/1.1" 200 1878 "http://bakingsecurityin.com/wp-login.php" "Mozilla/5.0 (Windows NT 10.0; Win64; x64) AppleWebKit/537.36 (KHTML, like Gecko) Chrome/135.0.0.0 Safari/537.36"
198.54.114.83 - - [30/Mar/2025:03:53:48 -0400] "POST /wp-cron.php?doing_wp_cron=1743321228.4719409942626953125000 HTTP/1.1" 200 0 "-" "WordPress/6.7.2; https://bakingsecurityin.com"
92.255.57.103 - - [30/Mar/2025:03:53:48 -0400] "GET /wp-login.php?wp_lang=en_US HTTP/1.1" 200 1738 "https://bakingsecurityin.com/wp-login.php" "Mozilla/5.0 (Windows NT 10.0; Win64; x64; rv:136.0) Gecko/20100101 Firefox/135.0"
198.54.114.83 - - [30/Mar/2025:03:53:49 -0400] "POST /wp-admin/admin-ajax.php?action=async_litespeed&nonce=FTmESdvmJoRjpGjpsPtBvyEAc2JohAjK&litespeed_type=imgoptm HTTP/1.1" 200 5 "-" "WordPress/6.7.2; https://bakingsecurityin.com"
92.255.57.103 - - [30/Mar/2025:03:53:54 -0400] "POST /wp-login.php?wp_lang=en_US HTTP/1.1" 200 1861 "https://bakingsecurityin.com/wp-login.php" "Mozilla/5.0 (Windows NT 10.0; Win64; x64; rv:136.0) Gecko/20100101 Firefox/135.0"
92.255.57.103 - - [30/Mar/2025:03:53:55 -0400] "GET /xmlrpc.php HTTP/1.1" 405 46 "https://bakingsecurityin.com/xmlrpc.php" "Mozilla/5.0 (Windows NT 10.0; Win64; x64; rv:136.0) Gecko/20100101 Firefox/135.0"
92.255.57.103 - - [30/Mar/2025:03:54:00 -0400] "POST /xmlrpc.php HTTP/1.1" 200 186 "https://bakingsecurityin.com/xmlrpc.php" "Mozilla/5.0 (Windows NT 10.0; Win64; x64; rv:136.0) Gecko/20100101 Firefox/135.0"
198.54.114.83 - - [30/Mar/2025:03:54:36 -0400] "POST /wp-cron.php?doing_wp_cron=1743321275.5811009407043457031250 HTTP/1.1" 200 0 "-" "WordPress/6.7.2; https://bakingsecurityin.com"
51.222.253.9 - - [30/Mar/2025:03:54:35 -0400] "GET /enjoy-adelaides-cbd-during-your-stay/ HTTP/1.1" 200 0 "-" "Mozilla/5.0 (compatible; AhrefsBot/7.0; +http://ahrefs.com/robot/)"
198.54.114.83 - - [30/Mar/2025:03:54:36 -0400] "POST /wp-admin/admin-ajax.php?action=async_litespeed&nonce=ianaC3KbdBhCbtxrjgt6l7d1SRIlNWwe&litespeed_type=imgoptm HTTP/1.1" 200 5 "-" "WordPress/6.7.2; https://bakingsecurityin.com"
51.222.253.14 - - [30/Mar/2025:03:56:12 -0400] "GET /sac-a-langer-faits-saillants-a-publier-pour/feed/ HTTP/1.1" 200 426 "-" "Mozilla/5.0 (compatible; AhrefsBot/7.0; +http://ahrefs.com/robot/)"
198.54.114.83 - - [30/Mar/2025:03:56:18 -0400] "POST /wp-cron.php?doing_wp_cron=1743321376.6799139976501464843750 HTTP/1.1" 200 0 "-" "WordPress/6.7.2; https://bakingsecurityin.com"
198.54.114.83 - - [30/Mar/2025:03:57:45 -0400] "POST /wp-cron.php?doing_wp_cron=1743321465.5559599399566650390625 HTTP/1.1" 200 0 "-" "WordPress/6.7.2; https://bakingsecurityin.com"
51.222.253.9 - - [30/Mar/2025:03:57:44 -0400] "GET /transforming-lives-at-fertility-clinic-dubai/ HTTP/1.1" 200 0 "-" "Mozilla/5.0 (compatible; AhrefsBot/7.0; +http://ahrefs.com/robot/)"
198.54.114.83 - - [30/Mar/2025:03:57:46 -0400] "POST /wp-admin/admin-ajax.php?action=async_litespeed&nonce=KK6gpIQBQt4K9edt0uzlgejHbOvu0nAN&litespeed_type=imgoptm HTTP/1.1" 200 5 "-" "WordPress/6.7.2; https://bakingsecurityin.com"
198.54.114.83 - - [30/Mar/2025:03:59:18 -0400] "POST /wp-cron.php?doing_wp_cron=1743321558.7282741069793701171875 HTTP/1.1" 200 0 "-" "WordPress/6.7.2; https://bakingsecurityin.com"
51.222.253.16 - - [30/Mar/2025:03:59:17 -0400] "GET /pokemon-lego/ HTTP/1.1" 200 0 "-" "Mozilla/5.0 (compatible; AhrefsBot/7.0; +http://ahrefs.com/robot/)"
198.54.114.83 - - [30/Mar/2025:03:59:19 -0400] "POST /wp-admin/admin-ajax.php?action=async_litespeed&nonce=RHQpAj4eKu8VkRUpWkT24MFqEeZul1aW&litespeed_type=imgoptm HTTP/1.1" 200 5 "-" "WordPress/6.7.2; https://bakingsecurityin.com"
51.222.253.6 - - [30/Mar/2025:04:00:49 -0400] "GET /intranets-and-intranet-applications/feed/ HTTP/1.1" 200 390 "-" "Mozilla/5.0 (compatible; AhrefsBot/7.0; +http://ahrefs.com/robot/)"
198.54.114.83 - - [30/Mar/2025:04:01:45 -0400] "POST /wp-admin/admin-ajax.php?action=async_litespeed&nonce=asxoIGkGSQmOVdQq3heHy45XQQTSGqOl&litespeed_type=imgoptm HTTP/1.1" 200 5 "-" "WordPress/6.7.2; https://bakingsecurityin.com"
51.222.253.15 - - [30/Mar/2025:04:02:22 -0400] "GET /the-ultimate-guide-to-london-airport-taxis/ HTTP/1.1" 200 0 "-" "Mozilla/5.0 (compatible; AhrefsBot/7.0; +http://ahrefs.com/robot/)"
198.54.114.83 - - [30/Mar/2025:04:03:57 -0400] "POST /wp-cron.php?doing_wp_cron=1743321837.6305320262908935546875 HTTP/1.1" 200 0 "-" "WordPress/6.7.2; https://bakingsecurityin.com"
136.243.228.193 - - [30/Mar/2025:04:03:54 -0400] "GET /painting-techniques-to-get-you-started/ HTTP/1.1" 200 0 "-" "Mozilla/5.0 (compatible; DataForSeoBot/1.0; +https://dataforseo.com/dataforseo-bot)"
198.54.114.83 - - [30/Mar/2025:04:03:58 -0400] "POST /wp-admin/admin-ajax.php?action=async_litespeed&nonce=LdhKXqd1JAs4ZdYKSODkQRn8zErJk8BZ&litespeed_type=imgoptm HTTP/1.1" 200 0 "-" "WordPress/6.7.2; https://bakingsecurityin.com"
51.222.253.5 - - [30/Mar/2025:04:04:07 -0400] "GET /how-much-does-conservatory-roof-replacement-cost/ HTTP/1.1" 200 0 "-" "Mozilla/5.0 (compatible; AhrefsBot/7.0; +http://ahrefs.com/robot/)"
198.54.114.83 - - [30/Mar/2025:04:05:39 -0400] "POST /wp-cron.php?doing_wp_cron=1743321938.1194660663604736328125 HTTP/1.1" 200 0 "-" "WordPress/6.7.2; https://bakingsecurityin.com"
198.54.114.83 - - [30/Mar/2025:04:05:41 -0400] "POST /wp-admin/admin-ajax.php?action=async_litespeed&nonce=EG3ft1jSczPCYq4rJpPYi97QvVH7aXHO&litespeed_type=imgoptm HTTP/1.1" 200 0 "-" "WordPress/6.7.2; https://bakingsecurityin.com"
51.222.253.4 - - [30/Mar/2025:04:05:36 -0400] "GET /category/activity/page/69/ HTTP/1.1" 200 0 "-" "Mozilla/5.0 (compatible; AhrefsBot/7.0; +http://ahrefs.com/robot/)"
198.54.114.83 - - [30/Mar/2025:04:07:24 -0400] "POST /wp-cron.php?doing_wp_cron=1743322043.7513630390167236328125 HTTP/1.1" 200 0 "-" "WordPress/6.7.2; https://bakingsecurityin.com"
51.222.253.5 - - [30/Mar/2025:04:07:21 -0400] "GET /useful-tips-to-selecting-the-best-catering-counter-fridges/ HTTP/1.1" 200 0 "-" "Mozilla/5.0 (compatible; AhrefsBot/7.0; +http://ahrefs.com/robot/)"
198.54.114.83 - - [30/Mar/2025:04:07:24 -0400] "POST /wp-admin/admin-ajax.php?action=async_litespeed&nonce=NgoPUdnTUojQohBS53LAWts548t8O4C5&litespeed_type=imgoptm HTTP/1.1" 200 5 "-" "WordPress/6.7.2; https://bakingsecurityin.com"
198.54.114.83 - - [30/Mar/2025:04:08:46 -0400] "POST /wp-cron.php?doing_wp_cron=1743322125.7762980461120605468750 HTTP/1.1" 200 0 "-" "WordPress/6.7.2; https://bakingsecurityin.com"
51.222.253.2 - - [30/Mar/2025:04:08:44 -0400] "GET /carport-entryways-roller-entryway-versus-over-top-entryway/feed/ HTTP/1.1" 200 424 "-" "Mozilla/5.0 (compatible; AhrefsBot/7.0; +http://ahrefs.com/robot/)"
198.54.114.83 - - [30/Mar/2025:04:08:48 -0400] "POST /wp-admin/admin-ajax.php?action=async_litespeed&nonce=KoRfeksDK1CryLAcDO3NMo4VUan5SClv&litespeed_type=imgoptm HTTP/1.1" 200 0 "-" "WordPress/6.7.2; https://bakingsecurityin.com"
198.54.114.83 - - [30/Mar/2025:04:10:21 -0400] "POST /wp-cron.php?doing_wp_cron=1743322220.8637928962707519531250 HTTP/1.1" 200 0 "-" "WordPress/6.7.2; https://bakingsecurityin.com"
51.222.253.9 - - [30/Mar/2025:04:10:17 -0400] "GET /reparation-electromenager-gatineau/ HTTP/1.1" 200 0 "-" "Mozilla/5.0 (compatible; AhrefsBot/7.0; +http://ahrefs.com/robot/)"
198.54.114.83 - - [30/Mar/2025:04:10:22 -0400] "POST /wp-admin/admin-ajax.php?action=async_litespeed&nonce=ZahdjUKmCQOzeDdziBEWCxP64pMgSibQ&litespeed_type=imgoptm HTTP/1.1" 200 0 "-" "WordPress/6.7.2; https://bakingsecurityin.com"
198.54.114.83 - - [30/Mar/2025:04:11:43 -0400] "POST /wp-cron.php?doing_wp_cron=1743322303.2569909095764160156250 HTTP/1.1" 200 0 "-" "WordPress/6.7.2; https://bakingsecurityin.com"
51.222.253.16 - - [30/Mar/2025:04:11:42 -0400] "GET /category/activity/page/75/ HTTP/1.1" 200 0 "-" "Mozilla/5.0 (compatible; AhrefsBot/7.0; +http://ahrefs.com/robot/)"
198.54.114.83 - - [30/Mar/2025:04:11:44 -0400] "POST /wp-admin/admin-ajax.php?action=async_litespeed&nonce=j1uy0MHDf42d0RTZVLT2ljpOonrxgUPA&litespeed_type=imgoptm HTTP/1.1" 200 0 "-" "WordPress/6.7.2; https://bakingsecurityin.com"
107.20.224.184 - - [30/Mar/2025:04:12:19 -0400] "GET /how-to-get-a-free-cavity-wall-insulation-grant/ HTTP/1.1" 200 0 "-" "Mozilla/5.0 AppleWebKit/537.36 (KHTML, like Gecko; compatible; Amazonbot/0.1; +https://developer.amazon.com/support/amazonbot) Chrome/119.0.6045.214 Safari/537.36"
198.54.114.83 - - [30/Mar/2025:04:13:08 -0400] "POST /wp-cron.php?doing_wp_cron=1743322387.9046590328216552734375 HTTP/1.1" 200 0 "-" "WordPress/6.7.2; https://bakingsecurityin.com"
51.222.253.15 - - [30/Mar/2025:04:13:07 -0400] "GET /hhc-hash-gunstig-kaufen/feed/ HTTP/1.1" 200 397 "-" "Mozilla/5.0 (compatible; AhrefsBot/7.0; +http://ahrefs.com/robot/)"
198.54.114.83 - - [30/Mar/2025:04:13:08 -0400] "POST /wp-admin/admin-ajax.php?action=async_litespeed&nonce=2Ih0hYgtJ3sOB5tHqisMFXxNgxQUk8kN&litespeed_type=imgoptm HTTP/1.1" 200 5 "-" "WordPress/6.7.2; https://bakingsecurityin.com"
198.54.114.83 - - [30/Mar/2025:04:14:43 -0400] "POST /wp-cron.php?doing_wp_cron=1743322482.8113939762115478515625 HTTP/1.1" 200 0 "-" "WordPress/6.7.2; https://bakingsecurityin.com"
51.222.253.16 - - [30/Mar/2025:04:14:40 -0400] "GET /category/activity/page/29/ HTTP/1.1" 200 0 "-" "Mozilla/5.0 (compatible; AhrefsBot/7.0; +http://ahrefs.com/robot/)"
198.54.114.83 - - [30/Mar/2025:04:14:43 -0400] "POST /wp-admin/admin-ajax.php?action=async_litespeed&nonce=aSxDCLtDSftralk3Y0tHlDD7dACN2Qon&litespeed_type=imgoptm HTTP/1.1" 200 0 "-" "WordPress/6.7.2; https://bakingsecurityin.com"
198.54.114.83 - - [30/Mar/2025:04:16:07 -0400] "POST /wp-cron.php?doing_wp_cron=1743322566.7297880649566650390625 HTTP/1.1" 200 0 "-" "WordPress/6.7.2; https://bakingsecurityin.com"
51.222.253.9 - - [30/Mar/2025:04:16:06 -0400] "GET /category/activity/page/78/ HTTP/1.1" 200 0 "-" "Mozilla/5.0 (compatible; AhrefsBot/7.0; +http://ahrefs.com/robot/)"
198.54.114.83 - - [30/Mar/2025:04:16:08 -0400] "POST /wp-admin/admin-ajax.php?action=async_litespeed&nonce=BVJJdpMerxtdsLSTj3LZmteni0MTpaFK&litespeed_type=imgoptm HTTP/1.1" 200 0 "-" "WordPress/6.7.2; https://bakingsecurityin.com"
202.70.133.85 - - [30/Mar/2025:04:16:45 -0400] "GET /wp-login.php HTTP/1.1" 200 1738 "-" "Mozila/5.0"
198.54.114.83 - - [30/Mar/2025:04:16:46 -0400] "POST /wp-cron.php?doing_wp_cron=1743322606.0274939537048339843750 HTTP/1.1" 200 0 "-" "WordPress/6.7.2; https://bakingsecurityin.com"
202.70.133.85 - - [30/Mar/2025:04:16:45 -0400] "POST /wp-login.php HTTP/1.1" 200 1867 "-" "Mozila/5.0"
198.54.114.83 - - [30/Mar/2025:04:16:47 -0400] "POST /wp-admin/admin-ajax.php?action=async_litespeed&nonce=NjudT4XPzxJCNaEbUjTPXEdnmiXdr60j&litespeed_type=imgoptm HTTP/1.1" 200 5 "-" "WordPress/6.7.2; https://bakingsecurityin.com"
202.70.133.85 - - [30/Mar/2025:04:16:47 -0400] "GET /wp-admin/ HTTP/1.1" 302 0 "-" "Mozila/5.0"
202.70.133.85 - - [30/Mar/2025:04:16:48 -0400] "GET /wp-login.php?redirect_to=https%3A%2F%2Fbakingsecurityin.com%2Fwp-admin%2F&reauth=1 HTTP/1.1" 200 1738 "-" "Mozila/5.0"
198.54.114.83 - - [30/Mar/2025:04:17:36 -0400] "POST /wp-cron.php?doing_wp_cron=1743322656.6867859363555908203125 HTTP/1.1" 200 0 "-" "WordPress/6.7.2; https://bakingsecurityin.com"
198.54.114.83 - - [30/Mar/2025:04:17:37 -0400] "POST /wp-admin/admin-ajax.php?action=async_litespeed&nonce=H95JQMtTkW85x02vqRVCD2i9WhsOlgqC&litespeed_type=imgoptm HTTP/1.1" 200 5 "-" "WordPress/6.7.2; https://bakingsecurityin.com"
51.222.253.20 - - [30/Mar/2025:04:17:36 -0400] "GET /disadvantages-of-using-a-bitcoin-mixer/feed/ HTTP/1.1" 200 404 "-" "Mozilla/5.0 (compatible; AhrefsBot/7.0; +http://ahrefs.com/robot/)"
52.167.144.213 - - [30/Mar/2025:04:18:19 -0400] "GET /what-you-should-know-about-a-tummy-tuck/feed/ HTTP/1.1" 200 417 "-" "Mozilla/5.0 AppleWebKit/537.36 (KHTML, like Gecko; compatible; bingbot/2.0; +http://www.bing.com/bingbot.htm) Chrome/116.0.1938.76 Safari/537.36"
51.222.253.14 - - [30/Mar/2025:04:18:58 -0400] "GET /introduction-to-fda-mocra/feed/ HTTP/1.1" 200 383 "-" "Mozilla/5.0 (compatible; AhrefsBot/7.0; +http://ahrefs.com/robot/)"
198.54.114.83 - - [30/Mar/2025:04:19:01 -0400] "POST /wp-cron.php?doing_wp_cron=1743322739.0558860301971435546875 HTTP/1.1" 200 0 "-" "WordPress/6.7.2; https://bakingsecurityin.com"
198.54.114.83 - - [30/Mar/2025:04:20:33 -0400] "POST /wp-cron.php?doing_wp_cron=1743322833.6071379184722900390625 HTTP/1.1" 200 0 "-" "WordPress/6.7.2; https://bakingsecurityin.com"
51.222.253.16 - - [30/Mar/2025:04:20:33 -0400] "GET /atas-accredited-travel-agents/ HTTP/1.1" 200 0 "-" "Mozilla/5.0 (compatible; AhrefsBot/7.0; +http://ahrefs.com/robot/)"
198.54.114.83 - - [30/Mar/2025:04:20:34 -0400] "POST /wp-admin/admin-ajax.php?action=async_litespeed&nonce=n7ep6cfJgIzhsGvawLTc8NimIjeJ6jlj&litespeed_type=imgoptm HTTP/1.1" 200 5 "-" "WordPress/6.7.2; https://bakingsecurityin.com"
198.54.114.83 - - [30/Mar/2025:04:22:15 -0400] "POST /wp-cron.php?doing_wp_cron=1743322935.4585320949554443359375 HTTP/1.1" 200 0 "-" "WordPress/6.7.2; https://bakingsecurityin.com"
51.222.253.5 - - [30/Mar/2025:04:22:13 -0400] "GET /pert-pipe-manufacturer/feed/ HTTP/1.1" 200 385 "-" "Mozilla/5.0 (compatible; AhrefsBot/7.0; +http://ahrefs.com/robot/)"
198.54.114.83 - - [30/Mar/2025:04:22:16 -0400] "POST /wp-admin/admin-ajax.php?action=async_litespeed&nonce=KMsnxj2X5gmN17AVI1Pfml28yZiI0Jfo&litespeed_type=imgoptm HTTP/1.1" 200 5 "-" "WordPress/6.7.2; https://bakingsecurityin.com"
198.54.114.83 - - [30/Mar/2025:04:22:52 -0400] "POST /wp-cron.php?doing_wp_cron=1743322971.9350960254669189453125 HTTP/1.1" 200 0 "-" "WordPress/6.7.2; https://bakingsecurityin.com"
103.77.242.185 - - [30/Mar/2025:04:22:51 -0400] "POST /wp-login.php?wc-ajax=1 HTTP/1.1" 200 1864 "https://bakingsecurityin.com/wp-admin/" "Mozilla/5.0 (Windows NT 10.0; Win64; x64) AppleWebKit/537.36 (KHTML, like Gecko) Chrome/90.0.4430.85 Safari/537.36"
198.54.114.83 - - [30/Mar/2025:04:22:52 -0400] "POST /wp-admin/admin-ajax.php?action=async_litespeed&nonce=CXWy9yPasEwyf7YduxaHt4k7AYsiKfuD&litespeed_type=imgoptm HTTP/1.1" 200 5 "-" "WordPress/6.7.2; https://bakingsecurityin.com"
103.77.242.185 - - [30/Mar/2025:04:22:52 -0400] "GET /wp-admin/?wc-ajax=1 HTTP/1.1" 302 0 "www.google.com" "Mozilla/5.0 (Windows NT 10.0; Win64; x64) AppleWebKit/537.36 (KHTML, like Gecko) Chrome/90.0.4430.85 Safari/537.36"
103.77.242.185 - - [30/Mar/2025:04:22:53 -0400] "GET /wp-login.php?redirect_to=https%3A%2F%2Fbakingsecurityin.com%2Fwp-admin%2F%3Fwc-ajax%3D1&reauth=1 HTTP/1.1" 200 1743 "www.google.com" "Mozilla/5.0 (Windows NT 10.0; Win64; x64) AppleWebKit/537.36 (KHTML, like Gecko) Chrome/90.0.4430.85 Safari/537.36"
84.54.44.204 - - [30/Mar/2025:04:23:08 -0400] "GET /a-journey-into-skincare/ HTTP/1.1" 200 0 "https://bakingsecurityin.com/a-journey-into-skincare/" "Mozilla/5.0 (Windows NT 10.0; Win64; x64) AppleWebKit/537.36 (KHTML, like Gecko) Chrome/129.0.0.0 Safari/537.36"
84.54.44.204 - - [30/Mar/2025:04:23:09 -0400] "GET / HTTP/1.1" 200 0 "https://bakingsecurityin.com/" "Mozilla/5.0 (Windows NT 10.0; Win64; x64) AppleWebKit/537.36 (KHTML, like Gecko) Chrome/129.0.0.0 Safari/537.36"
198.54.114.83 - - [30/Mar/2025:04:23:50 -0400] "POST /wp-cron.php?doing_wp_cron=1743323030.1143620014190673828125 HTTP/1.1" 200 0 "-" "WordPress/6.7.2; https://bakingsecurityin.com"
51.222.253.11 - - [30/Mar/2025:04:23:49 -0400] "GET /category/activity/page/81/ HTTP/1.1" 200 0 "-" "Mozilla/5.0 (compatible; AhrefsBot/7.0; +http://ahrefs.com/robot/)"
198.54.114.83 - - [30/Mar/2025:04:23:50 -0400] "POST /wp-admin/admin-ajax.php?action=async_litespeed&nonce=CwEwcRu3IMZ9Sn5OcKwpDJnuv8q5pobZ&litespeed_type=imgoptm HTTP/1.1" 200 5 "-" "WordPress/6.7.2; https://bakingsecurityin.com"
198.54.114.83 - - [30/Mar/2025:04:25:18 -0400] "POST /wp-cron.php?doing_wp_cron=1743323117.9401938915252685546875 HTTP/1.1" 200 0 "-" "WordPress/6.7.2; https://bakingsecurityin.com"
51.222.253.7 - - [30/Mar/2025:04:25:17 -0400] "GET /category/activity/page/83/ HTTP/1.1" 200 0 "-" "Mozilla/5.0 (compatible; AhrefsBot/7.0; +http://ahrefs.com/robot/)"
198.54.114.83 - - [30/Mar/2025:04:25:19 -0400] "POST /wp-admin/admin-ajax.php?action=async_litespeed&nonce=uyfz1Kq5mkF14seUwaGA8J91GMeg7wP3&litespeed_type=imgoptm HTTP/1.1" 200 5 "-" "WordPress/6.7.2; https://bakingsecurityin.com"
198.54.114.83 - - [30/Mar/2025:04:26:41 -0400] "POST /wp-cron.php?doing_wp_cron=1743323201.6246919631958007812500 HTTP/1.1" 200 0 "-" "WordPress/6.7.2; https://bakingsecurityin.com"
51.222.253.19 - - [30/Mar/2025:04:26:41 -0400] "GET /urgence-dentaire-geneve/feed/ HTTP/1.1" 200 395 "-" "Mozilla/5.0 (compatible; AhrefsBot/7.0; +http://ahrefs.com/robot/)"
198.54.114.83 - - [30/Mar/2025:04:26:41 -0400] "POST /wp-admin/admin-ajax.php?action=async_litespeed&nonce=BbX7rJPLxXNUnucNENNOQEoMmKu8qHuV&litespeed_type=imgoptm HTTP/1.1" 200 5 "-" "WordPress/6.7.2; https://bakingsecurityin.com"
198.54.114.83 - - [30/Mar/2025:04:27:57 -0400] "POST /wp-cron.php?doing_wp_cron=1743323277.5441761016845703125000 HTTP/1.1" 200 0 "-" "WordPress/6.7.2; https://bakingsecurityin.com"
51.222.253.6 - - [30/Mar/2025:04:27:57 -0400] "GET /page/75/ HTTP/1.1" 200 0 "-" "Mozilla/5.0 (compatible; AhrefsBot/7.0; +http://ahrefs.com/robot/)"
198.54.114.83 - - [30/Mar/2025:04:27:57 -0400] "POST /wp-admin/admin-ajax.php?action=async_litespeed&nonce=OMVlrR9ft2RDjlR2E7K98TQCmMVeKYjX&litespeed_type=imgoptm HTTP/1.1" 200 5 "-" "WordPress/6.7.2; https://bakingsecurityin.com"
198.54.114.83 - - [30/Mar/2025:04:29:21 -0400] "POST /wp-cron.php?doing_wp_cron=1743323361.5843598842620849609375 HTTP/1.1" 200 0 "-" "WordPress/6.7.2; https://bakingsecurityin.com"
51.222.253.18 - - [30/Mar/2025:04:29:21 -0400] "GET /le-sac-a-dos-militaire-lepine-dorsale-des-soldats/feed/ HTTP/1.1" 200 441 "-" "Mozilla/5.0 (compatible; AhrefsBot/7.0; +http://ahrefs.com/robot/)"
198.54.114.83 - - [30/Mar/2025:04:29:21 -0400] "POST /wp-admin/admin-ajax.php?action=async_litespeed&nonce=aMuMCNAeKlURoxjqN1JfWleK2MBBecMd&litespeed_type=imgoptm HTTP/1.1" 200 5 "-" "WordPress/6.7.2; https://bakingsecurityin.com"
198.54.114.83 - - [30/Mar/2025:04:30:51 -0400] "POST /wp-cron.php?doing_wp_cron=1743323451.3025009632110595703125 HTTP/1.1" 200 0 "-" "WordPress/6.7.2; https://bakingsecurityin.com"
51.222.253.18 - - [30/Mar/2025:04:30:48 -0400] "GET /the-convenience-of-gift-certificates/ HTTP/1.1" 200 0 "-" "Mozilla/5.0 (compatible; AhrefsBot/7.0; +http://ahrefs.com/robot/)"
198.54.114.83 - - [30/Mar/2025:04:30:51 -0400] "POST /wp-admin/admin-ajax.php?action=async_litespeed&nonce=VFETpuQjhzT5twJiM5myNM0uSczVFZXk&litespeed_type=imgoptm HTTP/1.1" 200 5 "-" "WordPress/6.7.2; https://bakingsecurityin.com"
198.54.114.83 - - [30/Mar/2025:04:32:13 -0400] "POST /wp-cron.php?doing_wp_cron=1743323533.5766460895538330078125 HTTP/1.1" 200 0 "-" "WordPress/6.7.2; https://bakingsecurityin.com"
51.222.253.12 - - [30/Mar/2025:04:32:13 -0400] "GET /comment-creer-un-fond-decran-personnalise/feed/ HTTP/1.1" 200 427 "-" "Mozilla/5.0 (compatible; AhrefsBot/7.0; +http://ahrefs.com/robot/)"
198.54.114.83 - - [30/Mar/2025:04:32:14 -0400] "POST /wp-admin/admin-ajax.php?action=async_litespeed&nonce=wbmQyLHSkbtBUZoDQx0Hk6SX3mq28AG4&litespeed_type=imgoptm HTTP/1.1" 200 5 "-" "WordPress/6.7.2; https://bakingsecurityin.com"
63.135.161.214 - - [30/Mar/2025:04:32:32 -0400] "GET /wp-login.php HTTP/1.1" 200 1738 "-" "Mozilla/5.0 (Windows NT 10.0; Win64; x64) AppleWebKit/537.36 (KHTML, like Gecko) Chrome/115.0.0.0 Safari/537.36 Edg/115.0.1901.203"
198.54.114.83 - - [30/Mar/2025:04:32:34 -0400] "POST /wp-cron.php?doing_wp_cron=1743323554.6381590366363525390625 HTTP/1.1" 200 0 "-" "WordPress/6.7.2; https://bakingsecurityin.com"
63.135.161.195 - - [30/Mar/2025:04:32:34 -0400] "POST /wp-login.php HTTP/1.1" 200 1867 "https://bakingsecurityin.com/wp-login.php" "Mozilla/5.0 (Windows NT 10.0; Win64; x64) AppleWebKit/537.36 (KHTML, like Gecko) Chrome/115.0.0.0 Safari/537.36 Edg/115.0.1901.203"
198.54.114.83 - - [30/Mar/2025:04:32:35 -0400] "POST /wp-admin/admin-ajax.php?action=async_litespeed&nonce=sjMW62Z9u0yD1rRRMWDbLP84HCG60M0I&litespeed_type=imgoptm HTTP/1.1" 200 5 "-" "WordPress/6.7.2; https://bakingsecurityin.com"
198.54.114.83 - - [30/Mar/2025:04:33:39 -0400] "POST /wp-cron.php?doing_wp_cron=1743323618.3393640518188476562500 HTTP/1.1" 200 0 "-" "WordPress/6.7.2; https://bakingsecurityin.com"
51.222.253.6 - - [30/Mar/2025:04:33:37 -0400] "GET /voice-actor-training-things-you-should-know/feed/ HTTP/1.1" 200 428 "-" "Mozilla/5.0 (compatible; AhrefsBot/7.0; +http://ahrefs.com/robot/)"
198.54.114.83 - - [30/Mar/2025:04:33:39 -0400] "POST /wp-admin/admin-ajax.php?action=async_litespeed&nonce=aQX0fl7GQWYAZq2FuN0wh5gSpHSkNuZA&litespeed_type=imgoptm HTTP/1.1" 200 5 "-" "WordPress/6.7.2; https://bakingsecurityin.com"
198.54.114.83 - - [30/Mar/2025:04:34:56 -0400] "POST /wp-cron.php?doing_wp_cron=1743323695.8685059547424316406250 HTTP/1.1" 200 0 "-" "WordPress/6.7.2; https://bakingsecurityin.com"
51.222.253.18 - - [30/Mar/2025:04:34:55 -0400] "GET /page/39/ HTTP/1.1" 200 0 "-" "Mozilla/5.0 (compatible; AhrefsBot/7.0; +http://ahrefs.com/robot/)"
198.54.114.83 - - [30/Mar/2025:04:34:56 -0400] "POST /wp-admin/admin-ajax.php?action=async_litespeed&nonce=1zMqOufCIGMbHSteBqG0bD60UZiUbZN1&litespeed_type=imgoptm HTTP/1.1" 200 5 "-" "WordPress/6.7.2; https://bakingsecurityin.com"
13.214.35.67 - - [30/Mar/2025:04:33:51 -0400] "POST /wp-login.php HTTP/1.1" 200 0 "-" "Mozlila/5.0 (Linux; Android 7.0; SM-G892A Bulid/NRD90M; wv) AppleWebKit/537.36 (KHTML, like Gecko) Version/4.0 Chrome/60.0.3112.107 Moblie Safari/537.36"
198.54.114.83 - - [30/Mar/2025:04:35:33 -0400] "POST /wp-cron.php?doing_wp_cron=1743323732.8612420558929443359375 HTTP/1.1" 200 0 "-" "WordPress/6.7.2; https://bakingsecurityin.com"
13.214.35.67 - - [30/Mar/2025:04:35:32 -0400] "GET /wp-admin/plugin-install.php?tab=upload HTTP/1.1" 302 0 "-" "Mozlila/5.0 (Linux; Android 7.0; SM-G892A Bulid/NRD90M; wv) AppleWebKit/537.36 (KHTML, like Gecko) Version/4.0 Chrome/60.0.3112.107 Moblie Safari/537.36"
198.54.114.83 - - [30/Mar/2025:04:35:33 -0400] "POST /wp-admin/admin-ajax.php?action=async_litespeed&nonce=nNLIqVRo1wEonmo6gQvPObzNIrzzaFZQ&litespeed_type=imgoptm HTTP/1.1" 200 5 "-" "WordPress/6.7.2; https://bakingsecurityin.com"
13.214.35.67 - - [30/Mar/2025:04:35:33 -0400] "GET /wp-login.php?redirect_to=https%3A%2F%2Fbakingsecurityin.com%2Fwp-admin%2Fplugin-install.php%3Ftab%3Dupload&reauth=1 HTTP/1.1" 200 1755 "-" "Mozlila/5.0 (Linux; Android 7.0; SM-G892A Bulid/NRD90M; wv) AppleWebKit/537.36 (KHTML, like Gecko) Version/4.0 Chrome/60.0.3112.107 Moblie Safari/537.36"
51.222.253.4 - - [30/Mar/2025:04:36:20 -0400] "GET /how-to-read-a-screw-size-chart/feed/ HTTP/1.1" 200 405 "-" "Mozilla/5.0 (compatible; AhrefsBot/7.0; +http://ahrefs.com/robot/)"
198.54.114.83 - - [30/Mar/2025:04:37:46 -0400] "POST /wp-cron.php?doing_wp_cron=1743323866.4449450969696044921875 HTTP/1.1" 200 0 "-" "WordPress/6.7.2; https://bakingsecurityin.com"
51.222.253.8 - - [30/Mar/2025:04:37:44 -0400] "GET /hamburg-ihre-beste-wahl-fur-einen-stressfreien-umzug/feed/ HTTP/1.1" 200 442 "-" "Mozilla/5.0 (compatible; AhrefsBot/7.0; +http://ahrefs.com/robot/)"
198.54.114.83 - - [30/Mar/2025:04:37:46 -0400] "POST /wp-admin/admin-ajax.php?action=async_litespeed&nonce=RjHGCpn45UJyKmTwhXAp07bVXQeFFtCW&litespeed_type=imgoptm HTTP/1.1" 200 5 "-" "WordPress/6.7.2; https://bakingsecurityin.com"
156.231.85.166 - - [30/Mar/2025:04:38:21 -0400] "GET /what-is-thermal-mastic/ HTTP/1.1" 200 0 "-" "Mozilla/5.0 (Macintosh; Intel Mac OS X 10_15_7) AppleWebKit/537.36 (KHTML, like Gecko) Chrome/125.0.0.0 Safari/537.36"
198.54.114.83 - - [30/Mar/2025:04:39:14 -0400] "POST /wp-cron.php?doing_wp_cron=1743323954.2748119831085205078125 HTTP/1.1" 200 0 "-" "WordPress/6.7.2; https://bakingsecurityin.com"
51.222.253.2 - - [30/Mar/2025:04:39:14 -0400] "GET /a-glimpse-of-elegance/feed/ HTTP/1.1" 200 385 "-" "Mozilla/5.0 (compatible; AhrefsBot/7.0; +http://ahrefs.com/robot/)"
198.54.114.83 - - [30/Mar/2025:04:39:14 -0400] "POST /wp-admin/admin-ajax.php?action=async_litespeed&nonce=sA8iV4Ex5Wuv8abqIIARBY4kjM677UbK&litespeed_type=imgoptm HTTP/1.1" 200 5 "-" "WordPress/6.7.2; https://bakingsecurityin.com"
84.54.44.204 - - [30/Mar/2025:04:39:56 -0400] "GET /a-journey-into-skincare/ HTTP/1.1" 200 0 "https://bakingsecurityin.com/a-journey-into-skincare/" "Mozilla/5.0 (Windows NT 10.0; Win64; x64) AppleWebKit/537.36 (KHTML, like Gecko) Chrome/129.0.0.0 Safari/537.36"
198.54.114.83 - - [30/Mar/2025:04:39:57 -0400] "POST /wp-cron.php?doing_wp_cron=1743323997.6741700172424316406250 HTTP/1.1" 200 0 "-" "WordPress/6.7.2; https://bakingsecurityin.com"
84.54.44.204 - - [30/Mar/2025:04:39:57 -0400] "GET / HTTP/1.1" 200 0 "https://bakingsecurityin.com/" "Mozilla/5.0 (Windows NT 10.0; Win64; x64) AppleWebKit/537.36 (KHTML, like Gecko) Chrome/129.0.0.0 Safari/537.36"
198.54.114.83 - - [30/Mar/2025:04:39:58 -0400] "POST /wp-admin/admin-ajax.php?action=async_litespeed&nonce=puYxENCscSWIwJUtMDP3Lgdea7JDV01P&litespeed_type=imgoptm HTTP/1.1" 200 5 "-" "WordPress/6.7.2; https://bakingsecurityin.com"
198.54.114.83 - - [30/Mar/2025:04:40:39 -0400] "POST /wp-cron.php?doing_wp_cron=1743324039.2332758903503417968750 HTTP/1.1" 200 0 "-" "WordPress/6.7.2; https://bakingsecurityin.com"
51.222.253.2 - - [30/Mar/2025:04:40:39 -0400] "GET /buy-youtube-shares-to-get-more-views-likes-and-subscribers/feed/ HTTP/1.1" 200 440 "-" "Mozilla/5.0 (compatible; AhrefsBot/7.0; +http://ahrefs.com/robot/)"
198.54.114.83 - - [30/Mar/2025:04:40:39 -0400] "POST /wp-admin/admin-ajax.php?action=async_litespeed&nonce=par3scNhUeOotO3sxkuhmEZAVrnS2Xqa&litespeed_type=imgoptm HTTP/1.1" 200 5 "-" "WordPress/6.7.2; https://bakingsecurityin.com"
198.54.114.83 - - [30/Mar/2025:04:42:05 -0400] "POST /wp-cron.php?doing_wp_cron=1743324124.8565559387207031250000 HTTP/1.1" 200 0 "-" "WordPress/6.7.2; https://bakingsecurityin.com"
51.222.253.16 - - [30/Mar/2025:04:42:02 -0400] "GET /mastering-the-art-of-growing-your-youtube-subscribers/ HTTP/1.1" 200 0 "-" "Mozilla/5.0 (compatible; AhrefsBot/7.0; +http://ahrefs.com/robot/)"
198.54.114.83 - - [30/Mar/2025:04:42:05 -0400] "POST /wp-admin/admin-ajax.php?action=async_litespeed&nonce=MPDduPaEYnuXapnLk3kkiPD5tK5XAiy7&litespeed_type=imgoptm HTTP/1.1" 200 5 "-" "WordPress/6.7.2; https://bakingsecurityin.com"
198.54.114.83 - - [30/Mar/2025:04:43:25 -0400] "POST /wp-cron.php?doing_wp_cron=1743324204.9331440925598144531250 HTTP/1.1" 200 0 "-" "WordPress/6.7.2; https://bakingsecurityin.com"
51.222.253.2 - - [30/Mar/2025:04:43:24 -0400] "GET /photoshoot-santorini/feed/ HTTP/1.1" 200 377 "-" "Mozilla/5.0 (compatible; AhrefsBot/7.0; +http://ahrefs.com/robot/)"
198.54.114.83 - - [30/Mar/2025:04:43:25 -0400] "POST /wp-admin/admin-ajax.php?action=async_litespeed&nonce=FgXA3dxA5Ob7iSLBM2AdiJpovaeiLij7&litespeed_type=imgoptm HTTP/1.1" 200 5 "-" "WordPress/6.7.2; https://bakingsecurityin.com"
198.54.114.83 - - [30/Mar/2025:04:44:25 -0400] "POST /wp-admin/admin-ajax.php?action=async_litespeed&nonce=c1BRE9PQihV3KW5zLApcKkuqCXNLQB12&litespeed_type=imgoptm HTTP/1.1" 200 5 "-" "WordPress/6.7.2; https://bakingsecurityin.com"
198.54.114.83 - - [30/Mar/2025:04:44:51 -0400] "POST /wp-cron.php?doing_wp_cron=1743324291.4287059307098388671875 HTTP/1.1" 200 0 "-" "WordPress/6.7.2; https://bakingsecurityin.com"
51.222.253.15 - - [30/Mar/2025:04:44:51 -0400] "GET /maximizing-productivity-through-business-trip-massage/feed/ HTTP/1.1" 200 421 "-" "Mozilla/5.0 (compatible; AhrefsBot/7.0; +http://ahrefs.com/robot/)"
198.54.114.83 - - [30/Mar/2025:04:44:51 -0400] "POST /wp-admin/admin-ajax.php?action=async_litespeed&nonce=m9BkK7YgOMjSHCppOFT7tJ2kAI08URiA&litespeed_type=imgoptm HTTP/1.1" 200 5 "-" "WordPress/6.7.2; https://bakingsecurityin.com"
198.54.114.83 - - [30/Mar/2025:04:46:12 -0400] "POST /wp-cron.php?doing_wp_cron=1743324371.9499399662017822265625 HTTP/1.1" 200 0 "-" "WordPress/6.7.2; https://bakingsecurityin.com"
51.222.253.8 - - [30/Mar/2025:04:46:11 -0400] "GET /sweat-a-capuche-pour-femme-restez-au-chaud-et-soyez-elegant/ HTTP/1.1" 200 0 "-" "Mozilla/5.0 (compatible; AhrefsBot/7.0; +http://ahrefs.com/robot/)"
198.54.114.83 - - [30/Mar/2025:04:46:12 -0400] "POST /wp-admin/admin-ajax.php?action=async_litespeed&nonce=VhxYNl2HnnAMgjVB2sJLBEF66nuRXQMD&litespeed_type=imgoptm HTTP/1.1" 200 5 "-" "WordPress/6.7.2; https://bakingsecurityin.com"
198.54.114.83 - - [30/Mar/2025:04:47:15 -0400] "POST /wp-cron.php?doing_wp_cron=1743324435.0435929298400878906250 HTTP/1.1" 200 0 "-" "WordPress/6.7.2; https://bakingsecurityin.com"
136.243.228.193 - - [30/Mar/2025:04:47:14 -0400] "GET /where-to-place-runner-rugs/ HTTP/1.1" 200 0 "-" "Mozilla/5.0 (compatible; DataForSeoBot/1.0; +https://dataforseo.com/dataforseo-bot)"
198.54.114.83 - - [30/Mar/2025:04:47:15 -0400] "POST /wp-admin/admin-ajax.php?action=async_litespeed&nonce=bb4whIkVRAJf8Uzfe2s5hHeGlmhwx2lv&litespeed_type=imgoptm HTTP/1.1" 200 5 "-" "WordPress/6.7.2; https://bakingsecurityin.com"
198.54.114.83 - - [30/Mar/2025:04:47:31 -0400] "POST /wp-cron.php?doing_wp_cron=1743324451.5521030426025390625000 HTTP/1.1" 200 0 "-" "WordPress/6.7.2; https://bakingsecurityin.com"
51.222.253.8 - - [30/Mar/2025:04:47:31 -0400] "GET /page/38/ HTTP/1.1" 200 0 "-" "Mozilla/5.0 (compatible; AhrefsBot/7.0; +http://ahrefs.com/robot/)"
198.54.114.83 - - [30/Mar/2025:04:47:31 -0400] "POST /wp-admin/admin-ajax.php?action=async_litespeed&nonce=1BxzSTI6Xk7gvoCYLtMtSmX8o4oX8PqC&litespeed_type=imgoptm HTTP/1.1" 200 5 "-" "WordPress/6.7.2; https://bakingsecurityin.com"
13.214.35.67 - - [30/Mar/2025:04:46:00 -0400] "POST /wp-login.php HTTP/1.1" 200 0 "-" "Mozlila/5.0 (Linux; Android 7.0; SM-G892A Bulid/NRD90M; wv) AppleWebKit/537.36 (KHTML, like Gecko) Version/4.0 Chrome/60.0.3112.107 Moblie Safari/537.36"
13.214.35.67 - - [30/Mar/2025:04:47:41 -0400] "GET /wp-admin/plugin-install.php?tab=upload HTTP/1.1" 302 0 "-" "Mozlila/5.0 (Linux; Android 7.0; SM-G892A Bulid/NRD90M; wv) AppleWebKit/537.36 (KHTML, like Gecko) Version/4.0 Chrome/60.0.3112.107 Moblie Safari/537.36"
13.214.35.67 - - [30/Mar/2025:04:47:42 -0400] "GET /wp-login.php?redirect_to=https%3A%2F%2Fbakingsecurityin.com%2Fwp-admin%2Fplugin-install.php%3Ftab%3Dupload&reauth=1 HTTP/1.1" 200 1755 "-" "Mozlila/5.0 (Linux; Android 7.0; SM-G892A Bulid/NRD90M; wv) AppleWebKit/537.36 (KHTML, like Gecko) Version/4.0 Chrome/60.0.3112.107 Moblie Safari/537.36"
198.54.114.83 - - [30/Mar/2025:04:48:49 -0400] "POST /wp-cron.php?doing_wp_cron=1743324529.2112119197845458984375 HTTP/1.1" 200 0 "-" "WordPress/6.7.2; https://bakingsecurityin.com"
51.222.253.19 - - [30/Mar/2025:04:48:48 -0400] "GET /crazy-business-idea-youtube-theater/feed/ HTTP/1.1" 200 411 "-" "Mozilla/5.0 (compatible; AhrefsBot/7.0; +http://ahrefs.com/robot/)"
198.54.114.83 - - [30/Mar/2025:04:48:49 -0400] "POST /wp-admin/admin-ajax.php?action=async_litespeed&nonce=rcyi2DlT5ZhV198eZOcIDE0kAgMU9GA8&litespeed_type=imgoptm HTTP/1.1" 200 5 "-" "WordPress/6.7.2; https://bakingsecurityin.com"
172.208.68.51 - - [30/Mar/2025:04:48:57 -0400] "POST /wp-login.php HTTP/1.1" 200 0 "-" "Mozilla/5.0 (X11; Linux x86_64) AppleWebKit/537.36 (KHTML, like Gecko) Chrome/90.0.4430.212 Safari/537.36"
198.54.114.83 - - [30/Mar/2025:04:50:05 -0400] "POST /wp-cron.php?doing_wp_cron=1743324604.8816549777984619140625 HTTP/1.1" 200 0 "-" "WordPress/6.7.2; https://bakingsecurityin.com"
51.222.253.18 - - [30/Mar/2025:04:50:04 -0400] "GET /relaxation-on-the-go/feed/ HTTP/1.1" 200 382 "-" "Mozilla/5.0 (compatible; AhrefsBot/7.0; +http://ahrefs.com/robot/)"
198.54.114.83 - - [30/Mar/2025:04:50:06 -0400] "POST /wp-admin/admin-ajax.php?action=async_litespeed&nonce=1K48ObOYZACl6sFsWIW3Un0DcQUcR3TZ&litespeed_type=imgoptm HTTP/1.1" 200 5 "-" "WordPress/6.7.2; https://bakingsecurityin.com"
198.54.114.83 - - [30/Mar/2025:04:50:58 -0400] "POST /wp-admin/admin-ajax.php?action=async_litespeed&nonce=lSu1lFDoJJS7TVSLcTskUfakSy5GI4Hx&litespeed_type=imgoptm HTTP/1.1" 200 5 "-" "WordPress/6.7.2; https://bakingsecurityin.com"
198.54.114.83 - - [30/Mar/2025:04:51:34 -0400] "POST /wp-cron.php?doing_wp_cron=1743324694.4497520923614501953125 HTTP/1.1" 200 0 "-" "WordPress/6.7.2; https://bakingsecurityin.com"
51.222.253.10 - - [30/Mar/2025:04:51:34 -0400] "GET /rv-refrigerator-cooling-fans/ HTTP/1.1" 200 0 "-" "Mozilla/5.0 (compatible; AhrefsBot/7.0; +http://ahrefs.com/robot/)"
198.54.114.83 - - [30/Mar/2025:04:51:35 -0400] "POST /wp-admin/admin-ajax.php?action=async_litespeed&nonce=RxPkNtxG7YCwwFNyjnh6KCd6qDmWvht6&litespeed_type=imgoptm HTTP/1.1" 200 5 "-" "WordPress/6.7.2; https://bakingsecurityin.com"
58.254.68.93 - - [30/Mar/2025:04:52:03 -0400] "GET /how-to-style-street-wear-for-men/ HTTP/1.1" 200 0 "https://bakingsecurityin.com" "Mozilla/5.0 (Windows NT 10.0; Win64; x64) AppleWebKit/537.36 (KHTML, like Gecko) Chrome/62.0.3202.94 Safari/537.36"
198.54.114.83 - - [30/Mar/2025:04:52:45 -0400] "POST /wp-cron.php?doing_wp_cron=1743324765.4845159053802490234375 HTTP/1.1" 200 0 "-" "WordPress/6.7.2; https://bakingsecurityin.com"
51.222.253.11 - - [30/Mar/2025:04:52:45 -0400] "GET /how-to-pick-out-the-best-hvac-vacuum-pumps/feed/ HTTP/1.1" 200 422 "-" "Mozilla/5.0 (compatible; AhrefsBot/7.0; +http://ahrefs.com/robot/)"
198.54.114.83 - - [30/Mar/2025:04:52:45 -0400] "POST /wp-admin/admin-ajax.php?action=async_litespeed&nonce=uDiZhANshRBZ33kopuBPTbi6bIwvkobC&litespeed_type=imgoptm HTTP/1.1" 200 5 "-" "WordPress/6.7.2; https://bakingsecurityin.com"
198.54.114.83 - - [30/Mar/2025:04:54:26 -0400] "POST /wp-cron.php?doing_wp_cron=1743324866.1393980979919433593750 HTTP/1.1" 200 0 "-" "WordPress/6.7.2; https://bakingsecurityin.com"
51.222.253.1 - - [30/Mar/2025:04:54:23 -0400] "GET /wp-sitemap.xml HTTP/1.1" 200 194 "-" "Mozilla/5.0 (compatible; AhrefsBot/7.0; +http://ahrefs.com/robot/)"
198.54.114.83 - - [30/Mar/2025:04:54:26 -0400] "POST /wp-admin/admin-ajax.php?action=async_litespeed&nonce=OEMgnCqGCP2B8qaqUA9NF1Xvk0IKXxEn&litespeed_type=imgoptm HTTP/1.1" 200 5 "-" "WordPress/6.7.2; https://bakingsecurityin.com"
51.222.253.11 - - [30/Mar/2025:04:54:27 -0400] "GET /wp-sitemap-posts-post-1.xml HTTP/1.1" 200 32216 "-" "Mozilla/5.0 (compatible; AhrefsBot/7.0; +http://ahrefs.com/robot/)"
198.54.114.83 - - [30/Mar/2025:04:54:30 -0400] "POST /wp-cron.php?doing_wp_cron=1743324870.2174489498138427734375 HTTP/1.1" 200 0 "-" "WordPress/6.7.2; https://bakingsecurityin.com"
51.222.253.19 - - [30/Mar/2025:04:54:30 -0400] "GET /wp-sitemap-posts-page-1.xml HTTP/1.1" 200 214 "-" "Mozilla/5.0 (compatible; AhrefsBot/7.0; +http://ahrefs.com/robot/)"
198.54.114.83 - - [30/Mar/2025:04:54:30 -0400] "POST /wp-admin/admin-ajax.php?action=async_litespeed&nonce=YfPjSAaGSMm9k3guD7ORroKuIxwTfkCb&litespeed_type=imgoptm HTTP/1.1" 200 5 "-" "WordPress/6.7.2; https://bakingsecurityin.com"
51.222.253.19 - - [30/Mar/2025:04:54:31 -0400] "GET /wp-sitemap-taxonomies-category-1.xml HTTP/1.1" 200 206 "-" "Mozilla/5.0 (compatible; AhrefsBot/7.0; +http://ahrefs.com/robot/)"
51.222.253.16 - - [30/Mar/2025:04:54:33 -0400] "GET /wp-sitemap-users-1.xml HTTP/1.1" 200 170 "-" "Mozilla/5.0 (compatible; AhrefsBot/7.0; +http://ahrefs.com/robot/)"
198.54.114.83 - - [30/Mar/2025:04:56:09 -0400] "POST /wp-cron.php?doing_wp_cron=1743324969.1505310535430908203125 HTTP/1.1" 200 0 "-" "WordPress/6.7.2; https://bakingsecurityin.com"
51.222.253.17 - - [30/Mar/2025:04:56:07 -0400] "GET /le-sac-a-dos-militaire-lepine-dorsale-des-soldats/ HTTP/1.1" 200 0 "-" "Mozilla/5.0 (compatible; AhrefsBot/7.0; +http://ahrefs.com/robot/)"
198.54.114.83 - - [30/Mar/2025:04:56:09 -0400] "POST /wp-admin/admin-ajax.php?action=async_litespeed&nonce=T87py7V2yXBGKKPrtchKyqgQdf9BsRKN&litespeed_type=imgoptm HTTP/1.1" 200 5 "-" "WordPress/6.7.2; https://bakingsecurityin.com"
198.54.114.83 - - [30/Mar/2025:04:57:54 -0400] "POST /wp-cron.php?doing_wp_cron=1743325074.4463040828704833984375 HTTP/1.1" 200 0 "-" "WordPress/6.7.2; https://bakingsecurityin.com"
51.222.253.3 - - [30/Mar/2025:04:57:51 -0400] "GET /table-lamps-lighting-can-make-all-the-difference/ HTTP/1.1" 200 0 "-" "Mozilla/5.0 (compatible; AhrefsBot/7.0; +http://ahrefs.com/robot/)"
198.54.114.83 - - [30/Mar/2025:04:57:55 -0400] "POST /wp-admin/admin-ajax.php?action=async_litespeed&nonce=HGOiGGt1fByj9kmJSEpSyUexfGuIWqPq&litespeed_type=imgoptm HTTP/1.1" 200 5 "-" "WordPress/6.7.2; https://bakingsecurityin.com"
198.54.114.83 - - [30/Mar/2025:04:59:36 -0400] "POST /wp-cron.php?doing_wp_cron=1743325176.1458621025085449218750 HTTP/1.1" 200 0 "-" "WordPress/6.7.2; https://bakingsecurityin.com"
51.222.253.12 - - [30/Mar/2025:04:59:34 -0400] "GET /a-journey-through-the-botany-showflat/ HTTP/1.1" 200 0 "-" "Mozilla/5.0 (compatible; AhrefsBot/7.0; +http://ahrefs.com/robot/)"
198.54.114.83 - - [30/Mar/2025:04:59:36 -0400] "POST /wp-admin/admin-ajax.php?action=async_litespeed&nonce=pqtb8t4URX5J7dQlMKEZqNzkb658XqwX&litespeed_type=imgoptm HTTP/1.1" 200 5 "-" "WordPress/6.7.2; https://bakingsecurityin.com"
198.54.114.83 - - [30/Mar/2025:05:00:41 -0400] "POST /wp-cron.php?doing_wp_cron=1743325241.4791820049285888671875 HTTP/1.1" 200 0 "-" "WordPress/6.7.2; https://bakingsecurityin.com"
85.208.96.212 - - [30/Mar/2025:05:00:41 -0400] "GET /robots.txt HTTP/1.1" 200 98 "-" "Mozilla/5.0 (compatible; SemrushBot/7~bl; +http://www.semrush.com/bot.html)"
198.54.114.83 - - [30/Mar/2025:05:00:41 -0400] "POST /wp-admin/admin-ajax.php?action=async_litespeed&nonce=Xf95u8fqctkuxSkB8bN2EagXhMIGorcu&litespeed_type=imgoptm HTTP/1.1" 200 5 "-" "WordPress/6.7.2; https://bakingsecurityin.com"
185.191.171.4 - - [30/Mar/2025:05:00:42 -0400] "GET /sending-voice-messages-on-ios-16/ HTTP/1.1" 200 0 "-" "Mozilla/5.0 (compatible; SemrushBot/7~bl; +http://www.semrush.com/bot.html)"
51.222.253.2 - - [30/Mar/2025:05:01:17 -0400] "GET /cliquer-sur/ HTTP/1.1" 200 0 "-" "Mozilla/5.0 (compatible; AhrefsBot/7.0; +http://ahrefs.com/robot/)"
198.54.114.83 - - [30/Mar/2025:05:02:54 -0400] "POST /wp-cron.php?doing_wp_cron=1743325373.9476039409637451171875 HTTP/1.1" 200 0 "-" "WordPress/6.7.2; https://bakingsecurityin.com"
51.222.253.6 - - [30/Mar/2025:05:02:51 -0400] "GET /page/57/ HTTP/1.1" 200 0 "-" "Mozilla/5.0 (compatible; AhrefsBot/7.0; +http://ahrefs.com/robot/)"
198.54.114.83 - - [30/Mar/2025:05:02:54 -0400] "POST /wp-admin/admin-ajax.php?action=async_litespeed&nonce=Lhf11M8zS9Pt5MPrmeFwn2wPOAaMRgXs&litespeed_type=imgoptm HTTP/1.1" 200 5 "-" "WordPress/6.7.2; https://bakingsecurityin.com"
198.54.114.83 - - [30/Mar/2025:05:03:28 -0400] "POST /wp-admin/admin-ajax.php?action=async_litespeed&nonce=onyNQ0hchPTfZ4FG3o1nWvXwt06Tt35v&litespeed_type=imgoptm HTTP/1.1" 200 5 "-" "WordPress/6.7.2; https://bakingsecurityin.com"
51.222.253.18 - - [30/Mar/2025:05:04:16 -0400] "GET /the-japanese-katana-sword/ HTTP/1.1" 200 0 "-" "Mozilla/5.0 (compatible; AhrefsBot/7.0; +http://ahrefs.com/robot/)"
198.54.114.83 - - [30/Mar/2025:05:05:34 -0400] "POST /wp-cron.php?doing_wp_cron=1743325533.9905290603637695312500 HTTP/1.1" 200 0 "-" "WordPress/6.7.2; https://bakingsecurityin.com"
51.222.253.13 - - [30/Mar/2025:05:05:31 -0400] "GET /how-to-become-a-creative-director/ HTTP/1.1" 200 0 "-" "Mozilla/5.0 (compatible; AhrefsBot/7.0; +http://ahrefs.com/robot/)"
198.54.114.83 - - [30/Mar/2025:05:05:35 -0400] "POST /wp-admin/admin-ajax.php?action=async_litespeed&nonce=kDd340TvTMdHocfjhygulNpZXBHHjIC1&litespeed_type=imgoptm HTTP/1.1" 200 5 "-" "WordPress/6.7.2; https://bakingsecurityin.com"
198.54.114.83 - - [30/Mar/2025:05:06:50 -0400] "POST /wp-cron.php?doing_wp_cron=1743325610.0358700752258300781250 HTTP/1.1" 200 0 "-" "WordPress/6.7.2; https://bakingsecurityin.com"
51.222.253.13 - - [30/Mar/2025:05:06:49 -0400] "GET /factors-that-will-enable-you-to-promote-your-business-videos/ HTTP/1.1" 200 0 "-" "Mozilla/5.0 (compatible; AhrefsBot/7.0; +http://ahrefs.com/robot/)"
198.54.114.83 - - [30/Mar/2025:05:06:50 -0400] "POST /wp-admin/admin-ajax.php?action=async_litespeed&nonce=4FcuvpiIZjSU2sPFmLyiaP6bXPeZf0Tk&litespeed_type=imgoptm HTTP/1.1" 200 5 "-" "WordPress/6.7.2; https://bakingsecurityin.com"
198.54.114.83 - - [30/Mar/2025:05:08:11 -0400] "POST /wp-cron.php?doing_wp_cron=1743325691.6751439571380615234375 HTTP/1.1" 200 0 "-" "WordPress/6.7.2; https://bakingsecurityin.com"
51.222.253.11 - - [30/Mar/2025:05:08:09 -0400] "GET /explore-the-best-apartments/ HTTP/1.1" 200 0 "-" "Mozilla/5.0 (compatible; AhrefsBot/7.0; +http://ahrefs.com/robot/)"
198.54.114.83 - - [30/Mar/2025:05:08:12 -0400] "POST /wp-admin/admin-ajax.php?action=async_litespeed&nonce=I41jBB2THNe5Xgd09kF5UFHXkNqp0nmv&litespeed_type=imgoptm HTTP/1.1" 200 0 "-" "WordPress/6.7.2; https://bakingsecurityin.com"
198.54.114.83 - - [30/Mar/2025:05:09:35 -0400] "POST /wp-cron.php?doing_wp_cron=1743325774.9096229076385498046875 HTTP/1.1" 200 0 "-" "WordPress/6.7.2; https://bakingsecurityin.com"
51.222.253.9 - - [30/Mar/2025:05:09:33 -0400] "GET /indulge-your-palate-unveiling-the-culinary-gems-near-you/ HTTP/1.1" 200 0 "-" "Mozilla/5.0 (compatible; AhrefsBot/7.0; +http://ahrefs.com/robot/)"
198.54.114.83 - - [30/Mar/2025:05:09:36 -0400] "POST /wp-admin/admin-ajax.php?action=async_litespeed&nonce=bPibX4Z8X9LWj7NMayxKDNoK2Ddl7kOw&litespeed_type=imgoptm HTTP/1.1" 200 0 "-" "WordPress/6.7.2; https://bakingsecurityin.com"
198.54.114.83 - - [30/Mar/2025:05:11:04 -0400] "POST /wp-cron.php?doing_wp_cron=1743325863.4426069259643554687500 HTTP/1.1" 200 0 "-" "WordPress/6.7.2; https://bakingsecurityin.com"
51.222.253.4 - - [30/Mar/2025:05:11:00 -0400] "GET /a-glorious-week-of-identity-theft/ HTTP/1.1" 200 0 "-" "Mozilla/5.0 (compatible; AhrefsBot/7.0; +http://ahrefs.com/robot/)"
198.54.114.83 - - [30/Mar/2025:05:12:21 -0400] "POST /wp-admin/admin-ajax.php?action=async_litespeed&nonce=VXJ6A2fRmpldGHmhPmydbDeKh9zMhSBi&litespeed_type=imgoptm HTTP/1.1" 200 5 "-" "WordPress/6.7.2; https://bakingsecurityin.com"
51.222.253.4 - - [30/Mar/2025:05:12:24 -0400] "GET /category/activity/page/97/ HTTP/1.1" 200 0 "-" "Mozilla/5.0 (compatible; AhrefsBot/7.0; +http://ahrefs.com/robot/)"
196.251.71.229 - - [30/Mar/2025:05:13:29 -0400] "GET /wp-content/themes/seotheme/db.php?u HTTP/1.1" 404 0 "www.google.com" "Mozlila/5.0 (Linux; Android 7.0; SM-G892A Bulid/NRD90M; wv) AppleWebKit/537.36 (KHTML, like Gecko) Version/4.0 Chrome/60.0.3112.107 Moblie Safari/537.36"
198.54.114.83 - - [30/Mar/2025:05:13:30 -0400] "POST /wp-admin/admin-ajax.php?action=async_litespeed&nonce=56RksJelLdPoaotHwa7uBRj3dSAHy3tS&litespeed_type=imgoptm HTTP/1.1" 200 5 "-" "WordPress/6.7.2; https://bakingsecurityin.com"
196.251.71.229 - - [30/Mar/2025:05:13:30 -0400] "POST /wp-plain.php HTTP/1.1" 404 0 "www.google.com" "Mozilla/5.0 (Linux; Android 7.0; SM-G892A Bulid/NRD90M; wv) AppleWebKit/537.36 (KHTML, like Gecko) Version/4.0 Chrome/60.0.3112.107 Moblie Safari/537.36"
196.251.71.229 - - [30/Mar/2025:05:13:31 -0400] "GET /mtenqavp.php?Fox=d3wL7 HTTP/1.1" 404 0 "www.google.com" "Mozilla/5.0 (Linux; Android 7.0; SM-G892A Bulid/NRD90M; wv) AppleWebKit/537.36 (KHTML, like Gecko) Version/4.0 Chrome/60.0.3112.107 Moblie Safari/537.36"
51.222.253.3 - - [30/Mar/2025:05:13:49 -0400] "GET /category/activity/page/52/ HTTP/1.1" 200 0 "-" "Mozilla/5.0 (compatible; AhrefsBot/7.0; +http://ahrefs.com/robot/)"
198.54.114.83 - - [30/Mar/2025:05:15:16 -0400] "POST /wp-cron.php?doing_wp_cron=1743326116.3259449005126953125000 HTTP/1.1" 200 0 "-" "WordPress/6.7.2; https://bakingsecurityin.com"
51.222.253.16 - - [30/Mar/2025:05:15:12 -0400] "GET /category/activity/page/44/ HTTP/1.1" 200 0 "-" "Mozilla/5.0 (compatible; AhrefsBot/7.0; +http://ahrefs.com/robot/)"
198.54.114.83 - - [30/Mar/2025:05:15:18 -0400] "POST /wp-admin/admin-ajax.php?action=async_litespeed&nonce=ASEjo3eI5DFe7ePOy0fTT5p6bs05XZIz&litespeed_type=imgoptm HTTP/1.1" 200 0 "-" "WordPress/6.7.2; https://bakingsecurityin.com"
