51.222.253.1 - - [30/Mar/2025:22:46:43 -0400] "GET /pokemon-lego/feed/ HTTP/1.1" 200 378 "-" "Mozilla/5.0 (compatible; AhrefsBot/7.0; +http://ahrefs.com/robot/)"
198.54.114.83 - - [30/Mar/2025:22:46:44 -0400] "POST /wp-admin/admin-ajax.php?action=async_litespeed&nonce=p7SCmDjiLGhkZSlN2LwFl2VO5MFzA5j0&litespeed_type=imgoptm HTTP/1.1" 200 5 "-" "WordPress/6.7.2; https://bakingsecurityin.com"
198.54.114.83 - - [30/Mar/2025:22:48:24 -0400] "POST /wp-cron.php?doing_wp_cron=1743389304.2610800266265869140625 HTTP/1.1" 200 0 "-" "WordPress/6.7.2; https://bakingsecurityin.com"
51.222.253.12 - - [30/Mar/2025:22:48:21 -0400] "GET /how-to-make-a-homemade-vibrator/feed/ HTTP/1.1" 200 400 "-" "Mozilla/5.0 (compatible; AhrefsBot/7.0; +http://ahrefs.com/robot/)"
198.54.114.83 - - [30/Mar/2025:22:48:25 -0400] "POST /wp-admin/admin-ajax.php?action=async_litespeed&nonce=K2cXjsbzeRbo9Qi7zGdsEFmBavZ0sKzb&litespeed_type=imgoptm HTTP/1.1" 200 5 "-" "WordPress/6.7.2; https://bakingsecurityin.com"
198.54.114.83 - - [30/Mar/2025:22:50:04 -0400] "POST /wp-cron.php?doing_wp_cron=1743389402.8329908847808837890625 HTTP/1.1" 200 0 "-" "WordPress/6.7.2; https://bakingsecurityin.com"
51.222.253.17 - - [30/Mar/2025:22:50:00 -0400] "GET /printed-handbags-an-exemplary-promotion-thing-for-all-organizations-and-occasions/feed/ HTTP/1.1" 200 458 "-" "Mozilla/5.0 (compatible; AhrefsBot/7.0; +http://ahrefs.com/robot/)"
198.54.114.83 - - [30/Mar/2025:22:51:42 -0400] "POST /wp-cron.php?doing_wp_cron=1743389501.8070929050445556640625 HTTP/1.1" 200 0 "-" "WordPress/6.7.2; https://bakingsecurityin.com"
51.222.253.13 - - [30/Mar/2025:22:51:40 -0400] "GET /how-to-understand-the-divine-message-of-the-quran/feed/ HTTP/1.1" 200 426 "-" "Mozilla/5.0 (compatible; AhrefsBot/7.0; +http://ahrefs.com/robot/)"
198.54.114.83 - - [30/Mar/2025:22:51:42 -0400] "POST /wp-admin/admin-ajax.php?action=async_litespeed&nonce=TLL7ItfMVyLnKDBFTc48ZVQonc82noRL&litespeed_type=imgoptm HTTP/1.1" 200 5 "-" "WordPress/6.7.2; https://bakingsecurityin.com"
198.54.114.83 - - [30/Mar/2025:22:53:20 -0400] "POST /wp-cron.php?doing_wp_cron=1743389600.2871639728546142578125 HTTP/1.1" 200 0 "-" "WordPress/6.7.2; https://bakingsecurityin.com"
51.222.253.2 - - [30/Mar/2025:22:53:18 -0400] "GET /unlocking-the-power-of-youtube-buying-views-and-subscribers/feed/ HTTP/1.1" 200 438 "-" "Mozilla/5.0 (compatible; AhrefsBot/7.0; +http://ahrefs.com/robot/)"
198.54.114.83 - - [30/Mar/2025:22:53:21 -0400] "POST /wp-admin/admin-ajax.php?action=async_litespeed&nonce=h0ZYlnc57Vpuo6HpWo7QMpDOWJ5SjbOv&litespeed_type=imgoptm HTTP/1.1" 200 5 "-" "WordPress/6.7.2; https://bakingsecurityin.com"
198.54.114.83 - - [30/Mar/2025:22:54:42 -0400] "POST /wp-cron.php?doing_wp_cron=1743389682.6933779716491699218750 HTTP/1.1" 200 0 "-" "WordPress/6.7.2; https://bakingsecurityin.com"
51.222.253.4 - - [30/Mar/2025:22:54:42 -0400] "GET /voice-over-artists-making-a-living-as-a-freelance-professional/feed/ HTTP/1.1" 200 437 "-" "Mozilla/5.0 (compatible; AhrefsBot/7.0; +http://ahrefs.com/robot/)"
198.54.114.83 - - [30/Mar/2025:22:54:43 -0400] "POST /wp-admin/admin-ajax.php?action=async_litespeed&nonce=XrzmsZgwxRZctL0zBkIKvWa9pXUgLgx9&litespeed_type=imgoptm HTTP/1.1" 200 5 "-" "WordPress/6.7.2; https://bakingsecurityin.com"
198.54.114.83 - - [30/Mar/2025:22:56:16 -0400] "POST /wp-cron.php?doing_wp_cron=1743389776.1330039501190185546875 HTTP/1.1" 200 0 "-" "WordPress/6.7.2; https://bakingsecurityin.com"
51.222.253.13 - - [30/Mar/2025:22:56:15 -0400] "GET /umzuge-buchholz/feed/ HTTP/1.1" 200 382 "-" "Mozilla/5.0 (compatible; AhrefsBot/7.0; +http://ahrefs.com/robot/)"
198.54.114.83 - - [30/Mar/2025:22:56:16 -0400] "POST /wp-admin/admin-ajax.php?action=async_litespeed&nonce=6CnOgulki7KhWGUZ1ivQbmqtbQfZ7qfB&litespeed_type=imgoptm HTTP/1.1" 200 5 "-" "WordPress/6.7.2; https://bakingsecurityin.com"
198.54.114.83 - - [30/Mar/2025:22:57:43 -0400] "POST /wp-cron.php?doing_wp_cron=1743389863.5064039230346679687500 HTTP/1.1" 200 0 "-" "WordPress/6.7.2; https://bakingsecurityin.com"
51.222.253.11 - - [30/Mar/2025:22:57:42 -0400] "GET /lentor-mansion-where-nature-meets-modern-identity/feed/ HTTP/1.1" 200 430 "-" "Mozilla/5.0 (compatible; AhrefsBot/7.0; +http://ahrefs.com/robot/)"
85.208.96.196 - - [30/Mar/2025:22:58:24 -0400] "GET /robots.txt HTTP/1.1" 304 0 "-" "Mozilla/5.0 (compatible; SemrushBot/7~bl; +http://www.semrush.com/bot.html)"
185.191.171.12 - - [30/Mar/2025:22:58:25 -0400] "GET /matter-residences-connecting-your-home-to-the-cloud/ HTTP/1.1" 200 0 "-" "Mozilla/5.0 (compatible; SemrushBot/7~bl; +http://www.semrush.com/bot.html)"
51.222.253.1 - - [30/Mar/2025:22:59:21 -0400] "GET /exploring-fire-hose-nozzles/feed/ HTTP/1.1" 200 392 "-" "Mozilla/5.0 (compatible; AhrefsBot/7.0; +http://ahrefs.com/robot/)"
198.54.114.83 - - [30/Mar/2025:23:01:02 -0400] "POST /wp-cron.php?doing_wp_cron=1743390061.7689840793609619140625 HTTP/1.1" 200 0 "-" "WordPress/6.7.2; https://bakingsecurityin.com"
51.222.253.19 - - [30/Mar/2025:23:01:00 -0400] "GET /skin-whitening-injection-and-glutathione/feed/ HTTP/1.1" 200 408 "-" "Mozilla/5.0 (compatible; AhrefsBot/7.0; +http://ahrefs.com/robot/)"
198.54.114.83 - - [30/Mar/2025:23:01:02 -0400] "POST /wp-admin/admin-ajax.php?action=async_litespeed&nonce=2UUt98V6KGRsk9rTucg54TMdupFNIVzD&litespeed_type=imgoptm HTTP/1.1" 200 5 "-" "WordPress/6.7.2; https://bakingsecurityin.com"
198.54.114.83 - - [30/Mar/2025:23:02:28 -0400] "POST /wp-cron.php?doing_wp_cron=1743390148.0103759765625000000000 HTTP/1.1" 200 0 "-" "WordPress/6.7.2; https://bakingsecurityin.com"
51.222.253.5 - - [30/Mar/2025:23:02:26 -0400] "GET /the-role-of-the-executor-in-estate-planning/feed/ HTTP/1.1" 200 411 "-" "Mozilla/5.0 (compatible; AhrefsBot/7.0; +http://ahrefs.com/robot/)"
198.54.114.83 - - [30/Mar/2025:23:02:29 -0400] "POST /wp-admin/admin-ajax.php?action=async_litespeed&nonce=qqyhc0D7yEZNRlpVQtBYGQREFoYHr8mM&litespeed_type=imgoptm HTTP/1.1" 200 0 "-" "WordPress/6.7.2; https://bakingsecurityin.com"
85.208.96.200 - - [30/Mar/2025:23:02:47 -0400] "GET /top-rated-maid-service-in-phoenix/ HTTP/1.1" 200 0 "-" "Mozilla/5.0 (compatible; SemrushBot/7~bl; +http://www.semrush.com/bot.html)"
198.54.114.83 - - [30/Mar/2025:23:04:03 -0400] "POST /wp-cron.php?doing_wp_cron=1743390243.3253641128540039062500 HTTP/1.1" 200 0 "-" "WordPress/6.7.2; https://bakingsecurityin.com"
51.222.253.17 - - [30/Mar/2025:23:04:01 -0400] "GET /discovering-luxury-living-at-canninghill-piers-showflat/feed/ HTTP/1.1" 200 423 "-" "Mozilla/5.0 (compatible; AhrefsBot/7.0; +http://ahrefs.com/robot/)"
198.54.114.83 - - [30/Mar/2025:23:04:04 -0400] "POST /wp-admin/admin-ajax.php?action=async_litespeed&nonce=HHspRCQbAOENyqK7klifMTn1ZjqWzMJk&litespeed_type=imgoptm HTTP/1.1" 200 5 "-" "WordPress/6.7.2; https://bakingsecurityin.com"
198.54.114.83 - - [30/Mar/2025:23:05:36 -0400] "POST /wp-cron.php?doing_wp_cron=1743390336.3723640441894531250000 HTTP/1.1" 200 0 "-" "WordPress/6.7.2; https://bakingsecurityin.com"
51.222.253.16 - - [30/Mar/2025:23:05:35 -0400] "GET /the-mediation-process/feed/ HTTP/1.1" 200 383 "-" "Mozilla/5.0 (compatible; AhrefsBot/7.0; +http://ahrefs.com/robot/)"
198.54.114.83 - - [30/Mar/2025:23:05:37 -0400] "POST /wp-admin/admin-ajax.php?action=async_litespeed&nonce=MyGVpO867hrtgfF1XA1rOoHcpKqKFStm&litespeed_type=imgoptm HTTP/1.1" 200 5 "-" "WordPress/6.7.2; https://bakingsecurityin.com"
51.222.253.14 - - [30/Mar/2025:23:07:03 -0400] "GET /the-best-url-shortener-for-your-needs/feed/ HTTP/1.1" 200 412 "-" "Mozilla/5.0 (compatible; AhrefsBot/7.0; +http://ahrefs.com/robot/)"
51.222.253.9 - - [30/Mar/2025:23:08:38 -0400] "GET /how-to-find-a-trustworthy-long-distance-moving-company/feed/ HTTP/1.1" 200 426 "-" "Mozilla/5.0 (compatible; AhrefsBot/7.0; +http://ahrefs.com/robot/)"
94.181.156.210 - - [30/Mar/2025:23:09:31 -0400] "GET /review-of-the-relx-vape-pods/ HTTP/1.1" 200 0 "-" "Mozilla/5.0 (Windows NT 6.3; Win64; x64) AppleWebKit/537.36 (KHTML, like Gecko) Chrome/75.0.3770.100 Safari/537.36"
198.54.114.83 - - [30/Mar/2025:23:10:03 -0400] "POST /wp-cron.php?doing_wp_cron=1743390603.1831378936767578125000 HTTP/1.1" 200 0 "-" "WordPress/6.7.2; https://bakingsecurityin.com"
51.222.253.14 - - [30/Mar/2025:23:10:03 -0400] "GET /protection-professionnelle-garantie-de-securite-pour-votre-entreprise/feed/ HTTP/1.1" 200 437 "-" "Mozilla/5.0 (compatible; AhrefsBot/7.0; +http://ahrefs.com/robot/)"
198.54.114.83 - - [30/Mar/2025:23:11:41 -0400] "POST /wp-cron.php?doing_wp_cron=1743390701.3324620723724365234375 HTTP/1.1" 200 0 "-" "WordPress/6.7.2; https://bakingsecurityin.com"
51.222.253.10 - - [30/Mar/2025:23:11:39 -0400] "GET /unveiling-the-allure-of-kassia-showflat-a-luxurious-haven/feed/ HTTP/1.1" 200 431 "-" "Mozilla/5.0 (compatible; AhrefsBot/7.0; +http://ahrefs.com/robot/)"
95.108.213.190 - - [30/Mar/2025:23:12:05 -0400] "GET /is-there-only-one-north/ HTTP/1.1" 200 0 "-" "Mozilla/5.0 (compatible; YandexBot/3.0; +http://yandex.com/bots)"
51.222.253.16 - - [30/Mar/2025:23:13:18 -0400] "GET /understanding-tax-obligations-across-borders/feed/ HTTP/1.1" 200 411 "-" "Mozilla/5.0 (compatible; AhrefsBot/7.0; +http://ahrefs.com/robot/)"
198.54.114.83 - - [30/Mar/2025:23:14:48 -0400] "POST /wp-cron.php?doing_wp_cron=1743390888.1123490333557128906250 HTTP/1.1" 200 0 "-" "WordPress/6.7.2; https://bakingsecurityin.com"
51.222.253.9 - - [30/Mar/2025:23:14:47 -0400] "GET /betting-shops-open-nearest-to-me-now/feed/ HTTP/1.1" 200 406 "-" "Mozilla/5.0 (compatible; AhrefsBot/7.0; +http://ahrefs.com/robot/)"
198.54.114.83 - - [30/Mar/2025:23:14:48 -0400] "POST /wp-admin/admin-ajax.php?action=async_litespeed&nonce=zu10jL4uCXDfTHs3EqeHCCIIwg6unKuC&litespeed_type=imgoptm HTTP/1.1" 200 5 "-" "WordPress/6.7.2; https://bakingsecurityin.com"
41.140.4.245 - - [30/Mar/2025:23:15:00 -0400] "POST /wp-login.php HTTP/1.1" 200 1862 "https://bakingsecurityin.com/wp-admin/" "Mozilla/5.0 (Windows NT 10.0; Win64; x64) AppleWebKit/537.36 (KHTML, like Gecko) Chrome/90.0.4430.85 Safari/537.36"
41.140.4.245 - - [30/Mar/2025:23:15:00 -0400] "GET /wp-admin/ HTTP/1.1" 302 0 "www.google.com" "Mozilla/5.0 (Windows NT 10.0; Win64; x64) AppleWebKit/537.36 (KHTML, like Gecko) Chrome/90.0.4430.85 Safari/537.36"
41.140.4.245 - - [30/Mar/2025:23:15:01 -0400] "GET /wp-login.php?redirect_to=https%3A%2F%2Fbakingsecurityin.com%2Fwp-admin%2F&reauth=1 HTTP/1.1" 200 1738 "www.google.com" "Mozilla/5.0 (Windows NT 10.0; Win64; x64) AppleWebKit/537.36 (KHTML, like Gecko) Chrome/90.0.4430.85 Safari/537.36"
198.54.114.83 - - [30/Mar/2025:23:16:16 -0400] "POST /wp-cron.php?doing_wp_cron=1743390975.9584081172943115234375 HTTP/1.1" 200 0 "-" "WordPress/6.7.2; https://bakingsecurityin.com"
51.222.253.12 - - [30/Mar/2025:23:16:14 -0400] "GET /category/activity/page/117/ HTTP/1.1" 200 0 "-" "Mozilla/5.0 (compatible; AhrefsBot/7.0; +http://ahrefs.com/robot/)"
198.54.114.83 - - [30/Mar/2025:23:16:17 -0400] "POST /wp-admin/admin-ajax.php?action=async_litespeed&nonce=cUBCCocjCqd9kPFDDCzlWrtM9gwMXPx0&litespeed_type=imgoptm HTTP/1.1" 200 0 "-" "WordPress/6.7.2; https://bakingsecurityin.com"
198.54.114.83 - - [30/Mar/2025:23:17:47 -0400] "POST /wp-cron.php?doing_wp_cron=1743391067.0255870819091796875000 HTTP/1.1" 200 0 "-" "WordPress/6.7.2; https://bakingsecurityin.com"
51.222.253.19 - - [30/Mar/2025:23:17:45 -0400] "GET /a-glimpse-into-luxury-living-exploring-the-arden-showflat/feed/ HTTP/1.1" 200 434 "-" "Mozilla/5.0 (compatible; AhrefsBot/7.0; +http://ahrefs.com/robot/)"
198.54.114.83 - - [30/Mar/2025:23:17:48 -0400] "POST /wp-admin/admin-ajax.php?action=async_litespeed&nonce=fFCiiLFbahyVRrIAnoTewZcsdL5AMgNo&litespeed_type=imgoptm HTTP/1.1" 200 5 "-" "WordPress/6.7.2; https://bakingsecurityin.com"
198.54.114.83 - - [30/Mar/2025:23:19:14 -0400] "POST /wp-cron.php?doing_wp_cron=1743391153.4460549354553222656250 HTTP/1.1" 200 0 "-" "WordPress/6.7.2; https://bakingsecurityin.com"
51.222.253.2 - - [30/Mar/2025:23:19:12 -0400] "GET /why-do-women-prefer-wholesale-clothing/feed/ HTTP/1.1" 200 406 "-" "Mozilla/5.0 (compatible; AhrefsBot/7.0; +http://ahrefs.com/robot/)"
198.54.114.83 - - [30/Mar/2025:23:19:15 -0400] "POST /wp-admin/admin-ajax.php?action=async_litespeed&nonce=4vE45k4viB2ok6NWRh3AerHcj2erRj1k&litespeed_type=imgoptm HTTP/1.1" 200 0 "-" "WordPress/6.7.2; https://bakingsecurityin.com"
84.54.44.30 - - [30/Mar/2025:23:20:20 -0400] "GET /a-journey-into-skincare/ HTTP/1.1" 200 0 "https://bakingsecurityin.com/a-journey-into-skincare/" "Mozilla/5.0 (Windows NT 10.0; Win64; x64) AppleWebKit/537.36 (KHTML, like Gecko) Chrome/130.0.0.0 Safari/537.36"
198.54.114.83 - - [30/Mar/2025:23:20:23 -0400] "POST /wp-cron.php?doing_wp_cron=1743391222.9346189498901367187500 HTTP/1.1" 200 0 "-" "WordPress/6.7.2; https://bakingsecurityin.com"
84.54.44.30 - - [30/Mar/2025:23:20:22 -0400] "GET / HTTP/1.1" 200 0 "https://bakingsecurityin.com/" "Mozilla/5.0 (Windows NT 10.0; Win64; x64) AppleWebKit/537.36 (KHTML, like Gecko) Chrome/130.0.0.0 Safari/537.36"
198.54.114.83 - - [30/Mar/2025:23:20:24 -0400] "POST /wp-admin/admin-ajax.php?action=async_litespeed&nonce=BdcReEEae4c2QAalSLcIWubTFR42yKDe&litespeed_type=imgoptm HTTP/1.1" 200 5 "-" "WordPress/6.7.2; https://bakingsecurityin.com"
198.54.114.83 - - [30/Mar/2025:23:20:48 -0400] "POST /wp-cron.php?doing_wp_cron=1743391248.2284960746765136718750 HTTP/1.1" 200 0 "-" "WordPress/6.7.2; https://bakingsecurityin.com"
51.222.253.13 - - [30/Mar/2025:23:20:48 -0400] "GET /the-digital-revolution-of-gambling/feed/ HTTP/1.1" 200 396 "-" "Mozilla/5.0 (compatible; AhrefsBot/7.0; +http://ahrefs.com/robot/)"
198.54.114.83 - - [30/Mar/2025:23:20:48 -0400] "POST /wp-admin/admin-ajax.php?action=async_litespeed&nonce=RpgrVAOV2KIItUkcxO0UlgZprWGRrLVr&litespeed_type=imgoptm HTTP/1.1" 200 5 "-" "WordPress/6.7.2; https://bakingsecurityin.com"
198.54.114.83 - - [30/Mar/2025:23:22:23 -0400] "POST /wp-cron.php?doing_wp_cron=1743391342.9611830711364746093750 HTTP/1.1" 200 0 "-" "WordPress/6.7.2; https://bakingsecurityin.com"
51.222.253.14 - - [30/Mar/2025:23:22:22 -0400] "GET /troubles-de-lalimentation/feed/ HTTP/1.1" 200 390 "-" "Mozilla/5.0 (compatible; AhrefsBot/7.0; +http://ahrefs.com/robot/)"
198.54.114.83 - - [30/Mar/2025:23:22:23 -0400] "POST /wp-admin/admin-ajax.php?action=async_litespeed&nonce=F2TahdO1N1f3baQ58QjzU5odYiX7PXXF&litespeed_type=imgoptm HTTP/1.1" 200 5 "-" "WordPress/6.7.2; https://bakingsecurityin.com"
198.54.114.83 - - [30/Mar/2025:23:22:49 -0400] "POST /wp-admin/admin-ajax.php?action=async_litespeed&nonce=Gk0K3G0DdEtlxTLyyHh8lylguZzwb2Fs&litespeed_type=imgoptm HTTP/1.1" 200 5 "-" "WordPress/6.7.2; https://bakingsecurityin.com"
198.54.114.83 - - [30/Mar/2025:23:24:11 -0400] "POST /wp-cron.php?doing_wp_cron=1743391450.9995949268341064453125 HTTP/1.1" 200 0 "-" "WordPress/6.7.2; https://bakingsecurityin.com"
51.222.253.13 - - [30/Mar/2025:23:24:10 -0400] "GET /spider-gwen-realistic-mask/feed/ HTTP/1.1" 200 393 "-" "Mozilla/5.0 (compatible; AhrefsBot/7.0; +http://ahrefs.com/robot/)"
198.54.114.83 - - [30/Mar/2025:23:24:11 -0400] "POST /wp-admin/admin-ajax.php?action=async_litespeed&nonce=5crcCpxcLPubymoqZXjqJM7EQRLRnmYO&litespeed_type=imgoptm HTTP/1.1" 200 5 "-" "WordPress/6.7.2; https://bakingsecurityin.com"
198.54.114.83 - - [30/Mar/2025:23:26:08 -0400] "POST /wp-cron.php?doing_wp_cron=1743391568.4390840530395507812500 HTTP/1.1" 200 0 "-" "WordPress/6.7.2; https://bakingsecurityin.com"
51.222.253.11 - - [30/Mar/2025:23:26:06 -0400] "GET /the-three-types-of-residents-that-medical-students-will-encounter/feed/ HTTP/1.1" 200 441 "-" "Mozilla/5.0 (compatible; AhrefsBot/7.0; +http://ahrefs.com/robot/)"
93.183.92.77 - - [30/Mar/2025:23:26:46 -0400] "GET /a-journey-into-skincare/ HTTP/1.1" 200 0 "https://bakingsecurityin.com/a-journey-into-skincare/" "Mozilla/5.0 (Windows NT 10.0; Win64; x64) AppleWebKit/537.36 (KHTML, like Gecko) Chrome/131.0.0.0 Safari/537.36 Avast/131.0.0.0"
198.54.114.83 - - [30/Mar/2025:23:26:47 -0400] "POST /wp-cron.php?doing_wp_cron=1743391607.3980529308319091796875 HTTP/1.1" 200 0 "-" "WordPress/6.7.2; https://bakingsecurityin.com"
93.183.92.77 - - [30/Mar/2025:23:26:47 -0400] "GET / HTTP/1.1" 200 0 "https://bakingsecurityin.com/" "Mozilla/5.0 (Windows NT 10.0; Win64; x64) AppleWebKit/537.36 (KHTML, like Gecko) Chrome/131.0.0.0 Safari/537.36 Avast/131.0.0.0"
198.54.114.83 - - [30/Mar/2025:23:26:48 -0400] "POST /wp-admin/admin-ajax.php?action=async_litespeed&nonce=MBCER9QW8kJt9K0s0WrZCsBa0FKWiMlw&litespeed_type=imgoptm HTTP/1.1" 200 5 "-" "WordPress/6.7.2; https://bakingsecurityin.com"
51.222.253.19 - - [30/Mar/2025:23:28:06 -0400] "GET /dachdeckermeisterbetrieb-hamburg/feed/ HTTP/1.1" 200 389 "-" "Mozilla/5.0 (compatible; AhrefsBot/7.0; +http://ahrefs.com/robot/)"
192.99.13.69 - - [30/Mar/2025:23:28:20 -0400] "GET /robots.txt HTTP/1.1" 304 0 "-" "Mozilla/5.0 (compatible; MJ12bot/v1.4.8; http://mj12bot.com/)"
192.99.13.69 - - [30/Mar/2025:23:28:24 -0400] "GET /ai-agent-redefining-intelligence-in-the-digital-age/feed/ HTTP/1.1" 200 421 "-" "Mozilla/5.0 (compatible; MJ12bot/v1.4.8; http://mj12bot.com/)"
192.99.13.69 - - [30/Mar/2025:23:28:30 -0400] "GET /how-to-hide-your-tv-without-looking-like-youre-hiding-it/feed/ HTTP/1.1" 200 447 "-" "Mozilla/5.0 (compatible; MJ12bot/v1.4.8; http://mj12bot.com/)"
198.54.114.83 - - [30/Mar/2025:23:29:47 -0400] "POST /wp-cron.php?doing_wp_cron=1743391787.0664439201354980468750 HTTP/1.1" 200 0 "-" "WordPress/6.7.2; https://bakingsecurityin.com"
51.222.253.5 - - [30/Mar/2025:23:29:46 -0400] "GET /vita-glow-cream-review/feed/ HTTP/1.1" 200 392 "-" "Mozilla/5.0 (compatible; AhrefsBot/7.0; +http://ahrefs.com/robot/)"
198.54.114.83 - - [30/Mar/2025:23:29:48 -0400] "POST /wp-admin/admin-ajax.php?action=async_litespeed&nonce=htwjBX7hY585HV0uSevjPyjE6YNsOcvI&litespeed_type=imgoptm HTTP/1.1" 200 5 "-" "WordPress/6.7.2; https://bakingsecurityin.com"
198.54.114.83 - - [30/Mar/2025:23:31:01 -0400] "POST /wp-admin/admin-ajax.php?action=async_litespeed&nonce=txZoHJAbz5DUxYMl5j7Bjx9ahhCQWUG3&litespeed_type=imgoptm HTTP/1.1" 200 5 "-" "WordPress/6.7.2; https://bakingsecurityin.com"
198.54.114.83 - - [30/Mar/2025:23:31:37 -0400] "POST /wp-cron.php?doing_wp_cron=1743391896.7560639381408691406250 HTTP/1.1" 200 0 "-" "WordPress/6.7.2; https://bakingsecurityin.com"
51.222.253.17 - - [30/Mar/2025:23:31:36 -0400] "GET /get-the-right-commercial-refrigerator-for-your-new-restaurant/feed/ HTTP/1.1" 200 422 "-" "Mozilla/5.0 (compatible; AhrefsBot/7.0; +http://ahrefs.com/robot/)"
198.54.114.83 - - [30/Mar/2025:23:31:37 -0400] "POST /wp-admin/admin-ajax.php?action=async_litespeed&nonce=yX5vGoB7QEPoUVJaQhG4yLNLNuyTmpxw&litespeed_type=imgoptm HTTP/1.1" 200 5 "-" "WordPress/6.7.2; https://bakingsecurityin.com"
192.99.13.69 - - [30/Mar/2025:23:31:43 -0400] "GET /industrial-duct-cleaning-service/feed/ HTTP/1.1" 200 389 "-" "Mozilla/5.0 (compatible; MJ12bot/v1.4.8; http://mj12bot.com/)"
192.99.13.69 - - [30/Mar/2025:23:32:23 -0400] "GET /potential-benefits-of-fenbendazole-in-human-cancer-treatment/ HTTP/1.1" 200 0 "-" "Mozilla/5.0 (compatible; MJ12bot/v1.4.8; http://mj12bot.com/)"
198.54.114.83 - - [30/Mar/2025:23:33:31 -0400] "POST /wp-cron.php?doing_wp_cron=1743392011.3271160125732421875000 HTTP/1.1" 200 0 "-" "WordPress/6.7.2; https://bakingsecurityin.com"
51.222.253.10 - - [30/Mar/2025:23:33:30 -0400] "GET /how-to-get-more-youtube-subscribers/feed/ HTTP/1.1" 200 407 "-" "Mozilla/5.0 (compatible; AhrefsBot/7.0; +http://ahrefs.com/robot/)"
198.54.114.83 - - [30/Mar/2025:23:33:31 -0400] "POST /wp-admin/admin-ajax.php?action=async_litespeed&nonce=Ovhyv8liEqmYOPM0WUHS3BEIaIE4n9xy&litespeed_type=imgoptm HTTP/1.1" 200 5 "-" "WordPress/6.7.2; https://bakingsecurityin.com"
192.99.13.69 - - [30/Mar/2025:23:33:54 -0400] "GET /how-to-pick-out-the-best-hvac-vacuum-pumps/feed/ HTTP/1.1" 200 422 "-" "Mozilla/5.0 (compatible; MJ12bot/v1.4.8; http://mj12bot.com/)"
198.54.114.83 - - [30/Mar/2025:23:35:22 -0400] "POST /wp-cron.php?doing_wp_cron=1743392122.2205140590667724609375 HTTP/1.1" 200 0 "-" "WordPress/6.7.2; https://bakingsecurityin.com"
51.222.253.8 - - [30/Mar/2025:23:35:18 -0400] "GET /rolling-out-little-improvements-to-your-cross-fasten-example-or-cross-line-pack-for-a-major-contrast/feed/ HTTP/1.1" 200 481 "-" "Mozilla/5.0 (compatible; AhrefsBot/7.0; +http://ahrefs.com/robot/)"
198.54.114.83 - - [30/Mar/2025:23:35:23 -0400] "POST /wp-admin/admin-ajax.php?action=async_litespeed&nonce=kugwff0kOtVRpapOjeRSzPdaCnpJRh6y&litespeed_type=imgoptm HTTP/1.1" 200 5 "-" "WordPress/6.7.2; https://bakingsecurityin.com"
198.54.114.83 - - [30/Mar/2025:23:36:50 -0400] "POST /wp-admin/admin-ajax.php?action=async_litespeed&nonce=1OTbI2SqVcLkqskPxLhQxtCyLWBLOqZ7&litespeed_type=imgoptm HTTP/1.1" 200 5 "-" "WordPress/6.7.2; https://bakingsecurityin.com"
51.222.253.7 - - [30/Mar/2025:23:37:03 -0400] "GET /what-to-look-for-in-a-ptfe-hose-manufacturer/feed/ HTTP/1.1" 200 421 "-" "Mozilla/5.0 (compatible; AhrefsBot/7.0; +http://ahrefs.com/robot/)"
198.54.114.83 - - [30/Mar/2025:23:39:07 -0400] "POST /wp-cron.php?doing_wp_cron=1743392346.9557058811187744140625 HTTP/1.1" 200 0 "-" "WordPress/6.7.2; https://bakingsecurityin.com"
51.222.253.20 - - [30/Mar/2025:23:39:05 -0400] "GET /category/general/ HTTP/1.1" 200 0 "-" "Mozilla/5.0 (compatible; AhrefsBot/7.0; +http://ahrefs.com/robot/)"
198.54.114.83 - - [30/Mar/2025:23:39:08 -0400] "POST /wp-admin/admin-ajax.php?action=async_litespeed&nonce=NEpVtyP5zmihey65SaGd6OSNdcS2bcCa&litespeed_type=imgoptm HTTP/1.1" 200 5 "-" "WordPress/6.7.2; https://bakingsecurityin.com"
51.222.253.17 - - [30/Mar/2025:23:40:44 -0400] "GET /how-to-get-a-cell-phone-that-works-in-canada/feed/ HTTP/1.1" 200 424 "-" "Mozilla/5.0 (compatible; AhrefsBot/7.0; +http://ahrefs.com/robot/)"
198.54.114.83 - - [30/Mar/2025:23:42:34 -0400] "POST /wp-cron.php?doing_wp_cron=1743392553.7230908870697021484375 HTTP/1.1" 200 0 "-" "WordPress/6.7.2; https://bakingsecurityin.com"
51.222.253.8 - - [30/Mar/2025:23:42:32 -0400] "GET /category/mobile/feed/ HTTP/1.1" 200 17255 "-" "Mozilla/5.0 (compatible; AhrefsBot/7.0; +http://ahrefs.com/robot/)"
198.54.114.83 - - [30/Mar/2025:23:42:34 -0400] "POST /wp-admin/admin-ajax.php?action=async_litespeed&nonce=WrIJhGWRQvXRu2qCIgaehzB0Jt0CAbgB&litespeed_type=imgoptm HTTP/1.1" 200 5 "-" "WordPress/6.7.2; https://bakingsecurityin.com"
5.181.234.250 - - [30/Mar/2025:23:42:40 -0400] "GET /les-pantoufles-sont-populaires-partout-dans-le-monde/ HTTP/1.1" 301 0 "-" "Mozilla/5.0 (Macintosh; Intel Mac OS X 12_5) AppleWebKit/605.1.15 (KHTML, like Gecko) Version/15.4 Safari/605.1.15"
5.181.234.250 - - [30/Mar/2025:23:42:41 -0400] "GET /pantoufle-de-dinosaure/ HTTP/1.1" 200 0 "https://bakingsecurityin.com/les-pantoufles-sont-populaires-partout-dans-le-monde/" "Mozilla/5.0 (Macintosh; Intel Mac OS X 12_5) AppleWebKit/605.1.15 (KHTML, like Gecko) Version/15.4 Safari/605.1.15"
198.54.114.83 - - [30/Mar/2025:23:44:09 -0400] "POST /wp-cron.php?doing_wp_cron=1743392649.3585069179534912109375 HTTP/1.1" 200 0 "-" "WordPress/6.7.2; https://bakingsecurityin.com"
51.222.253.4 - - [30/Mar/2025:23:44:07 -0400] "GET /die-faszination-von-videoanimationen/feed/ HTTP/1.1" 200 396 "-" "Mozilla/5.0 (compatible; AhrefsBot/7.0; +http://ahrefs.com/robot/)"
198.54.114.83 - - [30/Mar/2025:23:44:10 -0400] "POST /wp-admin/admin-ajax.php?action=async_litespeed&nonce=DkL4SVVf3fV3gn8dAi41Nv6Eh4ch8xmN&litespeed_type=imgoptm HTTP/1.1" 200 5 "-" "WordPress/6.7.2; https://bakingsecurityin.com"
5.255.231.202 - - [30/Mar/2025:23:44:30 -0400] "GET /bolatangkas-agen-bola-online-sbobet-terpercaya/ HTTP/1.1" 200 0 "-" "Mozilla/5.0 (compatible; YandexBot/3.0; +http://yandex.com/bots)"
198.54.114.83 - - [30/Mar/2025:23:45:36 -0400] "POST /wp-cron.php?doing_wp_cron=1743392736.6023681163787841796875 HTTP/1.1" 200 0 "-" "WordPress/6.7.2; https://bakingsecurityin.com"
52.167.144.215 - - [30/Mar/2025:23:45:35 -0400] "GET /from-words-to-meaning-exploring-semantic-analysis/ HTTP/1.1" 200 0 "-" "Mozilla/5.0 AppleWebKit/537.36 (KHTML, like Gecko; compatible; bingbot/2.0; +http://www.bing.com/bingbot.htm) Chrome/116.0.1938.76 Safari/537.36"
198.54.114.83 - - [30/Mar/2025:23:45:37 -0400] "POST /wp-admin/admin-ajax.php?action=async_litespeed&nonce=MIsYf4YbNFy2QohPueCV24nUTIBX8QyC&litespeed_type=imgoptm HTTP/1.1" 200 5 "-" "WordPress/6.7.2; https://bakingsecurityin.com"
51.222.253.3 - - [30/Mar/2025:23:45:52 -0400] "GET /football-betting-tips-how-to-increase-your-chances-of-winning/feed/ HTTP/1.1" 200 444 "-" "Mozilla/5.0 (compatible; AhrefsBot/7.0; +http://ahrefs.com/robot/)"
47.128.48.57 - - [30/Mar/2025:23:46:11 -0400] "GET /robots.txt HTTP/1.1" 200 98 "-" "Mozilla/5.0 (Linux; Android 5.0) AppleWebKit/537.36 (KHTML, like Gecko) Mobile Safari/537.36 (compatible; Bytespider; spider-feedback@bytedance.com)"
198.54.114.83 - - [30/Mar/2025:23:47:25 -0400] "POST /wp-cron.php?doing_wp_cron=1743392844.9764590263366699218750 HTTP/1.1" 200 0 "-" "WordPress/6.7.2; https://bakingsecurityin.com"
51.222.253.19 - - [30/Mar/2025:23:47:23 -0400] "GET /the-power-of-explainer-videos-in-captivating-audiences/feed/ HTTP/1.1" 200 428 "-" "Mozilla/5.0 (compatible; AhrefsBot/7.0; +http://ahrefs.com/robot/)"
198.54.114.83 - - [30/Mar/2025:23:47:25 -0400] "POST /wp-admin/admin-ajax.php?action=async_litespeed&nonce=X4ARlr3CmLtfkPT7YDaZPBw1qjR83nmu&litespeed_type=imgoptm HTTP/1.1" 200 5 "-" "WordPress/6.7.2; https://bakingsecurityin.com"
198.54.114.83 - - [30/Mar/2025:23:48:56 -0400] "POST /wp-cron.php?doing_wp_cron=1743392935.9219429492950439453125 HTTP/1.1" 200 0 "-" "WordPress/6.7.2; https://bakingsecurityin.com"
51.222.253.14 - - [30/Mar/2025:23:48:54 -0400] "GET /cheap-boat-rental-tulum/feed/ HTTP/1.1" 200 388 "-" "Mozilla/5.0 (compatible; AhrefsBot/7.0; +http://ahrefs.com/robot/)"
198.54.114.83 - - [30/Mar/2025:23:48:57 -0400] "POST /wp-admin/admin-ajax.php?action=async_litespeed&nonce=xE6uUNBABjYdITng33ezcLrF2W1fkHHU&litespeed_type=imgoptm HTTP/1.1" 200 0 "-" "WordPress/6.7.2; https://bakingsecurityin.com"
198.54.114.83 - - [30/Mar/2025:23:50:31 -0400] "POST /wp-cron.php?doing_wp_cron=1743393031.0591421127319335937500 HTTP/1.1" 200 0 "-" "WordPress/6.7.2; https://bakingsecurityin.com"
51.222.253.5 - - [30/Mar/2025:23:50:29 -0400] "GET /games-for-memorable-outdoor-events/feed/ HTTP/1.1" 200 398 "-" "Mozilla/5.0 (compatible; AhrefsBot/7.0; +http://ahrefs.com/robot/)"
198.54.114.83 - - [30/Mar/2025:23:50:32 -0400] "POST /wp-admin/admin-ajax.php?action=async_litespeed&nonce=emXXBeAbOQsn7s8FDpZdrEmneXHZ6evK&litespeed_type=imgoptm HTTP/1.1" 200 0 "-" "WordPress/6.7.2; https://bakingsecurityin.com"
198.54.114.83 - - [30/Mar/2025:23:51:33 -0400] "POST /wp-cron.php?doing_wp_cron=1743393092.9542870521545410156250 HTTP/1.1" 200 0 "-" "WordPress/6.7.2; https://bakingsecurityin.com"
20.171.207.236 - - [30/Mar/2025:23:51:32 -0400] "GET /get-the-most-out-of-conservatory-roofs-all-year-round/ HTTP/1.1" 200 0 "-" "Mozilla/5.0 AppleWebKit/537.36 (KHTML, like Gecko; compatible; GPTBot/1.2; +https://openai.com/gptbot)"
198.54.114.83 - - [30/Mar/2025:23:51:33 -0400] "POST /wp-admin/admin-ajax.php?action=async_litespeed&nonce=CBfg0J0Dg3vLsH1b2akVE6c5kDOMRd00&litespeed_type=imgoptm HTTP/1.1" 200 5 "-" "WordPress/6.7.2; https://bakingsecurityin.com"
51.222.253.16 - - [30/Mar/2025:23:52:16 -0400] "GET /jewelry-photo-editing-service/ HTTP/1.1" 200 0 "-" "Mozilla/5.0 (compatible; AhrefsBot/7.0; +http://ahrefs.com/robot/)"
198.54.114.83 - - [30/Mar/2025:23:54:03 -0400] "POST /wp-cron.php?doing_wp_cron=1743393243.2989189624786376953125 HTTP/1.1" 200 0 "-" "WordPress/6.7.2; https://bakingsecurityin.com"
51.222.253.19 - - [30/Mar/2025:23:54:01 -0400] "GET /page/103/ HTTP/1.1" 200 0 "-" "Mozilla/5.0 (compatible; AhrefsBot/7.0; +http://ahrefs.com/robot/)"
198.54.114.83 - - [30/Mar/2025:23:54:03 -0400] "POST /wp-admin/admin-ajax.php?action=async_litespeed&nonce=ahfdr2HwsRXrjfp0bqvw3KaaulLXJ1iQ&litespeed_type=imgoptm HTTP/1.1" 200 5 "-" "WordPress/6.7.2; https://bakingsecurityin.com"
213.180.203.239 - - [30/Mar/2025:23:54:55 -0400] "GET /why-choose-a-private-security-guard-company-for-your-protection/ HTTP/1.1" 200 0 "-" "Mozilla/5.0 (compatible; YandexBot/3.0; +http://yandex.com/bots)"
198.54.114.83 - - [30/Mar/2025:23:55:46 -0400] "POST /wp-cron.php?doing_wp_cron=1743393345.9570360183715820312500 HTTP/1.1" 200 0 "-" "WordPress/6.7.2; https://bakingsecurityin.com"
51.222.253.11 - - [30/Mar/2025:23:55:44 -0400] "GET /how-to-develop-your-english-vocabulary/feed/ HTTP/1.1" 200 404 "-" "Mozilla/5.0 (compatible; AhrefsBot/7.0; +http://ahrefs.com/robot/)"
198.54.114.83 - - [30/Mar/2025:23:55:46 -0400] "POST /wp-admin/admin-ajax.php?action=async_litespeed&nonce=VWH9T69aLw0N5eDaikQJJS2E1zweCzoZ&litespeed_type=imgoptm HTTP/1.1" 200 5 "-" "WordPress/6.7.2; https://bakingsecurityin.com"
198.54.114.83 - - [30/Mar/2025:23:57:27 -0400] "POST /wp-cron.php?doing_wp_cron=1743393447.5197679996490478515625 HTTP/1.1" 200 0 "-" "WordPress/6.7.2; https://bakingsecurityin.com"
51.222.253.2 - - [30/Mar/2025:23:57:26 -0400] "GET /fda-otc-regulations-and-their-impact-on-the-market/ HTTP/1.1" 200 0 "-" "Mozilla/5.0 (compatible; AhrefsBot/7.0; +http://ahrefs.com/robot/)"
198.54.114.83 - - [30/Mar/2025:23:57:28 -0400] "POST /wp-admin/admin-ajax.php?action=async_litespeed&nonce=9I6JGl1HVVbZdgDh2Z2NwUW02Rgj4viM&litespeed_type=imgoptm HTTP/1.1" 200 5 "-" "WordPress/6.7.2; https://bakingsecurityin.com"
198.54.114.83 - - [30/Mar/2025:23:59:03 -0400] "POST /wp-cron.php?doing_wp_cron=1743393543.7389490604400634765625 HTTP/1.1" 200 0 "-" "WordPress/6.7.2; https://bakingsecurityin.com"
51.222.253.3 - - [30/Mar/2025:23:59:02 -0400] "GET /anwalt-hattingen/feed/ HTTP/1.1" 200 378 "-" "Mozilla/5.0 (compatible; AhrefsBot/7.0; +http://ahrefs.com/robot/)"
198.54.114.83 - - [30/Mar/2025:23:59:04 -0400] "POST /wp-admin/admin-ajax.php?action=async_litespeed&nonce=cSGNLi439a6H4TFo02HanjQzB2oxaNVW&litespeed_type=imgoptm HTTP/1.1" 200 5 "-" "WordPress/6.7.2; https://bakingsecurityin.com"
5.255.231.92 - - [30/Mar/2025:23:59:07 -0400] "GET /how-to-create-stunning-custom-invitations/ HTTP/1.1" 200 0 "-" "Mozilla/5.0 (compatible; YandexBot/3.0; +http://yandex.com/bots)"
51.222.253.15 - - [31/Mar/2025:00:00:44 -0400] "GET /is-skin-tightening-right-for-you/feed/ HTTP/1.1" 200 402 "-" "Mozilla/5.0 (compatible; AhrefsBot/7.0; +http://ahrefs.com/robot/)"
198.54.114.83 - - [31/Mar/2025:00:00:48 -0400] "POST /wp-cron.php?doing_wp_cron=1743393646.2443759441375732421875 HTTP/1.1" 200 0 "-" "WordPress/6.7.2; https://bakingsecurityin.com"
198.54.114.83 - - [31/Mar/2025:00:02:38 -0400] "POST /wp-cron.php?doing_wp_cron=1743393755.7646040916442871093750 HTTP/1.1" 200 0 "-" "WordPress/6.7.2; https://bakingsecurityin.com"
51.222.253.4 - - [31/Mar/2025:00:02:26 -0400] "GET /buy-watch-hours-on-youtube-from-reputable-companies/feed/ HTTP/1.1" 200 428 "-" "Mozilla/5.0 (compatible; AhrefsBot/7.0; +http://ahrefs.com/robot/)"
198.54.114.83 - - [31/Mar/2025:00:02:40 -0400] "POST /wp-admin/admin-ajax.php?action=async_litespeed&nonce=YByWEY3jGqlI58gefGbeCqRKBdXHgY1Q&litespeed_type=imgoptm HTTP/1.1" 200 0 "-" "WordPress/6.7.2; https://bakingsecurityin.com"
198.54.114.83 - - [31/Mar/2025:00:04:05 -0400] "POST /wp-cron.php?doing_wp_cron=1743393845.7025170326232910156250 HTTP/1.1" 200 0 "-" "WordPress/6.7.2; https://bakingsecurityin.com"
51.222.253.6 - - [31/Mar/2025:00:04:04 -0400] "GET /ac-repair-services/ HTTP/1.1" 200 0 "-" "Mozilla/5.0 (compatible; AhrefsBot/7.0; +http://ahrefs.com/robot/)"
198.54.114.83 - - [31/Mar/2025:00:04:06 -0400] "POST /wp-admin/admin-ajax.php?action=async_litespeed&nonce=kLFAbW5WVTxnZcPUW7f8M4IoXJ3TEM7b&litespeed_type=imgoptm HTTP/1.1" 200 5 "-" "WordPress/6.7.2; https://bakingsecurityin.com"
198.54.114.83 - - [31/Mar/2025:00:05:46 -0400] "POST /wp-cron.php?doing_wp_cron=1743393946.4961910247802734375000 HTTP/1.1" 200 0 "-" "WordPress/6.7.2; https://bakingsecurityin.com"
51.222.253.15 - - [31/Mar/2025:00:05:45 -0400] "GET /rechtsanwalt-in-hattingen-ihre-losung-fur-rechtliche-anliegen/feed/ HTTP/1.1" 200 450 "-" "Mozilla/5.0 (compatible; AhrefsBot/7.0; +http://ahrefs.com/robot/)"
198.54.114.83 - - [31/Mar/2025:00:05:47 -0400] "POST /wp-admin/admin-ajax.php?action=async_litespeed&nonce=73KonFHBgEgp5slWjKtOMnBn4DtuHcLV&litespeed_type=imgoptm HTTP/1.1" 200 5 "-" "WordPress/6.7.2; https://bakingsecurityin.com"
18.209.116.12 - - [31/Mar/2025:00:06:14 -0400] "GET /fire-pump-manufacturer/ HTTP/1.1" 200 0 "-" "Grammarly/1.0 (http://www.grammarly.com)"
198.54.114.83 - - [31/Mar/2025:00:07:10 -0400] "POST /wp-cron.php?doing_wp_cron=1743394029.8738238811492919921875 HTTP/1.1" 200 0 "-" "WordPress/6.7.2; https://bakingsecurityin.com"
51.222.253.13 - - [31/Mar/2025:00:07:09 -0400] "GET /what-does-op-mean-on-reddit/feed/ HTTP/1.1" 200 399 "-" "Mozilla/5.0 (compatible; AhrefsBot/7.0; +http://ahrefs.com/robot/)"
198.54.114.83 - - [31/Mar/2025:00:07:10 -0400] "POST /wp-admin/admin-ajax.php?action=async_litespeed&nonce=Jkl1X55KWNnvYOivON4uGlBJAP77lXvl&litespeed_type=imgoptm HTTP/1.1" 200 5 "-" "WordPress/6.7.2; https://bakingsecurityin.com"
198.54.114.83 - - [31/Mar/2025:00:08:44 -0400] "POST /wp-cron.php?doing_wp_cron=1743394123.6852450370788574218750 HTTP/1.1" 200 0 "-" "WordPress/6.7.2; https://bakingsecurityin.com"
51.222.253.20 - - [31/Mar/2025:00:08:42 -0400] "GET /yacht-rental-cancun-the-perfect-way-to-celebrate-a-special-occasion/feed/ HTTP/1.1" 200 460 "-" "Mozilla/5.0 (compatible; AhrefsBot/7.0; +http://ahrefs.com/robot/)"
198.54.114.83 - - [31/Mar/2025:00:08:44 -0400] "POST /wp-admin/admin-ajax.php?action=async_litespeed&nonce=fNWfkIeBtcvk2f3w0r6bcDYUGOTy2Eux&litespeed_type=imgoptm HTTP/1.1" 200 5 "-" "WordPress/6.7.2; https://bakingsecurityin.com"
198.54.114.83 - - [31/Mar/2025:00:10:13 -0400] "POST /wp-cron.php?doing_wp_cron=1743394213.1854379177093505859375 HTTP/1.1" 200 0 "-" "WordPress/6.7.2; https://bakingsecurityin.com"
51.222.253.4 - - [31/Mar/2025:00:10:11 -0400] "GET /indianapolis-deep-cleaning-services/feed/ HTTP/1.1" 200 390 "-" "Mozilla/5.0 (compatible; AhrefsBot/7.0; +http://ahrefs.com/robot/)"
198.54.114.83 - - [31/Mar/2025:00:10:13 -0400] "POST /wp-admin/admin-ajax.php?action=async_litespeed&nonce=IZoMi1KKNaKbc7DYAaqrGzlmPUwLszMm&litespeed_type=imgoptm HTTP/1.1" 200 5 "-" "WordPress/6.7.2; https://bakingsecurityin.com"
213.209.150.24 - - [31/Mar/2025:00:10:16 -0400] "GET /.git/config HTTP/1.1" 403 1242 "-" "Mozilla/5.0 (Macintosh; Intel Mac OS X 10_15_7) AppleWebKit/605.1.15 (KHTML, like Gecko) Version/17.4.1 Safari/605.2.23"
198.54.114.83 - - [31/Mar/2025:00:11:47 -0400] "POST /wp-cron.php?doing_wp_cron=1743394307.6107800006866455078125 HTTP/1.1" 200 0 "-" "WordPress/6.7.2; https://bakingsecurityin.com"
51.222.253.18 - - [31/Mar/2025:00:11:46 -0400] "GET /choosing-a-fire-pump-manufacturer/feed/ HTTP/1.1" 200 400 "-" "Mozilla/5.0 (compatible; AhrefsBot/7.0; +http://ahrefs.com/robot/)"
198.54.114.83 - - [31/Mar/2025:00:11:48 -0400] "POST /wp-admin/admin-ajax.php?action=async_litespeed&nonce=fuKBzxCGz4kbw351Ser9TJWZ5veg9EQf&litespeed_type=imgoptm HTTP/1.1" 200 5 "-" "WordPress/6.7.2; https://bakingsecurityin.com"
178.20.40.59 - - [31/Mar/2025:00:12:11 -0400] "GET /a-journey-into-skincare/ HTTP/1.1" 200 0 "https://bakingsecurityin.com/a-journey-into-skincare/" "Mozilla/5.0 (Windows NT 10.0; Win64; x64) AppleWebKit/537.36 (KHTML, like Gecko) Chrome/131.0.0.0 Safari/537.36"
178.20.40.59 - - [31/Mar/2025:00:12:12 -0400] "GET / HTTP/1.1" 200 0 "https://bakingsecurityin.com/" "Mozilla/5.0 (Windows NT 10.0; Win64; x64) AppleWebKit/537.36 (KHTML, like Gecko) Chrome/131.0.0.0 Safari/537.36"
198.54.114.83 - - [31/Mar/2025:00:13:12 -0400] "POST /wp-cron.php?doing_wp_cron=1743394392.3396270275115966796875 HTTP/1.1" 200 0 "-" "WordPress/6.7.2; https://bakingsecurityin.com"
51.222.253.1 - - [31/Mar/2025:00:13:12 -0400] "GET /game-on-unveiling-the-dynamic-landscape-of-mobile-game-downloads-in-2024/feed/ HTTP/1.1" 200 441 "-" "Mozilla/5.0 (compatible; AhrefsBot/7.0; +http://ahrefs.com/robot/)"
198.54.114.83 - - [31/Mar/2025:00:13:12 -0400] "POST /wp-admin/admin-ajax.php?action=async_litespeed&nonce=aYbKyYNaNzf0g46sT0XkjEAUJpzaO4xJ&litespeed_type=imgoptm HTTP/1.1" 200 5 "-" "WordPress/6.7.2; https://bakingsecurityin.com"
198.54.114.83 - - [31/Mar/2025:00:14:48 -0400] "POST /wp-cron.php?doing_wp_cron=1743394488.1162059307098388671875 HTTP/1.1" 200 0 "-" "WordPress/6.7.2; https://bakingsecurityin.com"
51.222.253.3 - - [31/Mar/2025:00:14:46 -0400] "GET /finding-an-accredited-redken-beauty-school-in-san-jose-california/feed/ HTTP/1.1" 200 431 "-" "Mozilla/5.0 (compatible; AhrefsBot/7.0; +http://ahrefs.com/robot/)"
198.54.114.83 - - [31/Mar/2025:00:14:49 -0400] "POST /wp-admin/admin-ajax.php?action=async_litespeed&nonce=Go0nsySCH7UZeIge7XE35tUB6pVVAoSx&litespeed_type=imgoptm HTTP/1.1" 200 5 "-" "WordPress/6.7.2; https://bakingsecurityin.com"
198.54.114.83 - - [31/Mar/2025:00:16:07 -0400] "POST /wp-admin/admin-ajax.php?action=async_litespeed&nonce=UMnd74wSDKJmKSABFEObzloV3OD1rjvF&litespeed_type=imgoptm HTTP/1.1" 200 5 "-" "WordPress/6.7.2; https://bakingsecurityin.com"
51.222.253.2 - - [31/Mar/2025:00:16:12 -0400] "GET /unlocking-efficiency-with-the-anyone-protocol-staking-dashboard/feed/ HTTP/1.1" 200 429 "-" "Mozilla/5.0 (compatible; AhrefsBot/7.0; +http://ahrefs.com/robot/)"
198.54.114.83 - - [31/Mar/2025:00:17:12 -0400] "POST /wp-admin/admin-ajax.php?action=async_litespeed&nonce=01oiR77lOykCji3m1wI7DcXlsSZAPrf8&litespeed_type=imgoptm HTTP/1.1" 200 5 "-" "WordPress/6.7.2; https://bakingsecurityin.com"
198.54.114.83 - - [31/Mar/2025:00:17:32 -0400] "POST /wp-cron.php?doing_wp_cron=1743394652.3250219821929931640625 HTTP/1.1" 200 0 "-" "WordPress/6.7.2; https://bakingsecurityin.com"
51.222.253.11 - - [31/Mar/2025:00:17:32 -0400] "GET /master-the-art-of-writing-with-an-author-course/ HTTP/1.1" 200 0 "-" "Mozilla/5.0 (compatible; AhrefsBot/7.0; +http://ahrefs.com/robot/)"
198.54.114.83 - - [31/Mar/2025:00:17:32 -0400] "POST /wp-admin/admin-ajax.php?action=async_litespeed&nonce=iECksU6Q0OGzg9lssPJ0xROUenTczlOW&litespeed_type=imgoptm HTTP/1.1" 200 5 "-" "WordPress/6.7.2; https://bakingsecurityin.com"
20.171.207.236 - - [31/Mar/2025:00:18:02 -0400] "GET /what-is-a-dentist-office/ HTTP/1.1" 200 0 "-" "Mozilla/5.0 AppleWebKit/537.36 (KHTML, like Gecko; compatible; GPTBot/1.2; +https://openai.com/gptbot)"
95.108.213.87 - - [31/Mar/2025:00:18:24 -0400] "GET /robots.txt HTTP/1.1" 200 98 "-" "Mozilla/5.0 (compatible; YandexBot/3.0; +http://yandex.com/bots)"
5.255.231.159 - - [31/Mar/2025:00:18:26 -0400] "GET /can-fenbendazole-cure-cancer-2/ HTTP/1.1" 200 0 "-" "Mozilla/5.0 (compatible; YandexBot/3.0; +http://yandex.com/bots)"
198.54.114.83 - - [31/Mar/2025:00:19:00 -0400] "POST /wp-cron.php?doing_wp_cron=1743394739.7881710529327392578125 HTTP/1.1" 200 0 "-" "WordPress/6.7.2; https://bakingsecurityin.com"
51.222.253.9 - - [31/Mar/2025:00:18:59 -0400] "GET /revitalizing-homes-the-excellence-of-tucson-maids/feed/ HTTP/1.1" 200 419 "-" "Mozilla/5.0 (compatible; AhrefsBot/7.0; +http://ahrefs.com/robot/)"
198.54.114.83 - - [31/Mar/2025:00:19:00 -0400] "POST /wp-admin/admin-ajax.php?action=async_litespeed&nonce=dHdwwQmNf4zejuao4eRQFAdMC1bAXj1u&litespeed_type=imgoptm HTTP/1.1" 200 5 "-" "WordPress/6.7.2; https://bakingsecurityin.com"
198.54.114.83 - - [31/Mar/2025:00:20:11 -0400] "POST /wp-admin/admin-ajax.php?action=async_litespeed&nonce=xAC53DRkuvsnyO0ODoW4BOnWVoTnTHOt&litespeed_type=imgoptm HTTP/1.1" 200 5 "-" "WordPress/6.7.2; https://bakingsecurityin.com"
213.180.203.39 - - [31/Mar/2025:00:20:14 -0400] "GET /regime-facile/ HTTP/1.1" 200 0 "-" "Mozilla/5.0 (compatible; YandexBot/3.0; +http://yandex.com/bots)"
198.54.114.83 - - [31/Mar/2025:00:20:32 -0400] "POST /wp-cron.php?doing_wp_cron=1743394832.6762759685516357421875 HTTP/1.1" 200 0 "-" "WordPress/6.7.2; https://bakingsecurityin.com"
51.222.253.18 - - [31/Mar/2025:00:20:32 -0400] "GET /custom-kitchen-cabinets-vs-semi-custom-kitchen-cabinets/feed/ HTTP/1.1" 200 408 "-" "Mozilla/5.0 (compatible; AhrefsBot/7.0; +http://ahrefs.com/robot/)"
198.54.114.83 - - [31/Mar/2025:00:20:33 -0400] "POST /wp-admin/admin-ajax.php?action=async_litespeed&nonce=y4Se5QExVMukNyxU33jDZr5ZHAHasAzF&litespeed_type=imgoptm HTTP/1.1" 200 5 "-" "WordPress/6.7.2; https://bakingsecurityin.com"
101.33.77.217 - - [31/Mar/2025:00:20:40 -0400] "GET /why-you-should-outsource-image-masking-services/ HTTP/1.1" 200 0 "https://bakingsecurityin.com" "Mozilla/5.0 (Windows NT 10.0; Win64; x64) AppleWebKit/537.36 (KHTML, like Gecko) Chrome/62.0.3202.94 Safari/537.36"
198.54.114.83 - - [31/Mar/2025:00:22:16 -0400] "POST /wp-cron.php?doing_wp_cron=1743394935.8247799873352050781250 HTTP/1.1" 200 0 "-" "WordPress/6.7.2; https://bakingsecurityin.com"
51.222.253.10 - - [31/Mar/2025:00:22:14 -0400] "GET /is-there-only-one-north/feed/ HTTP/1.1" 200 388 "-" "Mozilla/5.0 (compatible; AhrefsBot/7.0; +http://ahrefs.com/robot/)"
198.54.114.83 - - [31/Mar/2025:00:22:16 -0400] "POST /wp-admin/admin-ajax.php?action=async_litespeed&nonce=9NDxRbFQJ4Jeuh5PqiaA7IsF7CR09BgJ&litespeed_type=imgoptm HTTP/1.1" 200 5 "-" "WordPress/6.7.2; https://bakingsecurityin.com"
66.249.66.73 - - [31/Mar/2025:00:22:22 -0400] "GET /comprehensive-physiotherapy-care-in-auckland/ HTTP/1.1" 200 0 "-" "Mozilla/5.0 (Linux; Android 6.0.1; Nexus 5X Build/MMB29P) AppleWebKit/537.36 (KHTML, like Gecko) Chrome/134.0.6998.165 Mobile Safari/537.36 (compatible; Googlebot/2.1; +http://www.google.com/bot.html)"
198.54.114.83 - - [31/Mar/2025:00:23:40 -0400] "POST /wp-cron.php?doing_wp_cron=1743395019.8998670578002929687500 HTTP/1.1" 200 0 "-" "WordPress/6.7.2; https://bakingsecurityin.com"
51.222.253.10 - - [31/Mar/2025:00:23:39 -0400] "GET /page/121/ HTTP/1.1" 200 0 "-" "Mozilla/5.0 (compatible; AhrefsBot/7.0; +http://ahrefs.com/robot/)"
198.54.114.83 - - [31/Mar/2025:00:23:40 -0400] "POST /wp-admin/admin-ajax.php?action=async_litespeed&nonce=iINIcA0zKmefhXLmqSnQbCjaQ2WwSRUy&litespeed_type=imgoptm HTTP/1.1" 200 5 "-" "WordPress/6.7.2; https://bakingsecurityin.com"
195.2.76.117 - - [31/Mar/2025:00:24:48 -0400] "GET /a-journey-into-skincare/ HTTP/1.1" 200 0 "https://bakingsecurityin.com/a-journey-into-skincare/" "Mozilla/5.0 (Windows NT 10.0; Win64; x64) AppleWebKit/537.36 (KHTML, like Gecko) Chrome/131.0.0.0 Safari/537.36 Avast/131.0.0.0"
198.54.114.83 - - [31/Mar/2025:00:24:50 -0400] "POST /wp-cron.php?doing_wp_cron=1743395089.7487809658050537109375 HTTP/1.1" 200 0 "-" "WordPress/6.7.2; https://bakingsecurityin.com"
195.2.76.117 - - [31/Mar/2025:00:24:49 -0400] "GET / HTTP/1.1" 200 0 "https://bakingsecurityin.com/" "Mozilla/5.0 (Windows NT 10.0; Win64; x64) AppleWebKit/537.36 (KHTML, like Gecko) Chrome/131.0.0.0 Safari/537.36 Avast/131.0.0.0"
51.222.253.10 - - [31/Mar/2025:00:25:11 -0400] "GET /les-incontournables-spectacles-theatraux-a-paris-en-2025/feed/ HTTP/1.1" 200 436 "-" "Mozilla/5.0 (compatible; AhrefsBot/7.0; +http://ahrefs.com/robot/)"
51.222.253.17 - - [31/Mar/2025:00:26:28 -0400] "GET /how-to-select-the-best-it-infrastructure-services/ HTTP/1.1" 200 0 "-" "Mozilla/5.0 (compatible; AhrefsBot/7.0; +http://ahrefs.com/robot/)"
185.191.171.11 - - [31/Mar/2025:00:27:33 -0400] "GET /master-the-art-of-writing-with-an-author-course/ HTTP/1.1" 200 0 "-" "Mozilla/5.0 (compatible; SemrushBot/7~bl; +http://www.semrush.com/bot.html)"
198.54.114.83 - - [31/Mar/2025:00:27:59 -0400] "POST /wp-cron.php?doing_wp_cron=1743395279.3490929603576660156250 HTTP/1.1" 200 0 "-" "WordPress/6.7.2; https://bakingsecurityin.com"
51.222.253.1 - - [31/Mar/2025:00:27:58 -0400] "GET /2024/12/ HTTP/1.1" 200 0 "-" "Mozilla/5.0 (compatible; AhrefsBot/7.0; +http://ahrefs.com/robot/)"
198.54.114.83 - - [31/Mar/2025:00:28:33 -0400] "POST /wp-admin/admin-ajax.php?action=async_litespeed&nonce=CQwnwXO7DayIexcw0ZD4O0RZWqgcAumv&litespeed_type=imgoptm HTTP/1.1" 200 5 "-" "WordPress/6.7.2; https://bakingsecurityin.com"
198.54.114.83 - - [31/Mar/2025:00:29:27 -0400] "POST /wp-cron.php?doing_wp_cron=1743395367.2970330715179443359375 HTTP/1.1" 200 0 "-" "WordPress/6.7.2; https://bakingsecurityin.com"
51.222.253.12 - - [31/Mar/2025:00:29:27 -0400] "GET /umzuge-luneburg/feed/ HTTP/1.1" 200 385 "-" "Mozilla/5.0 (compatible; AhrefsBot/7.0; +http://ahrefs.com/robot/)"
198.54.114.83 - - [31/Mar/2025:00:29:50 -0400] "POST /wp-admin/admin-ajax.php?action=async_litespeed&nonce=Qr2nfAiQO9izLBrEUIL3EXB19U6IIK1Y&litespeed_type=imgoptm HTTP/1.1" 200 5 "-" "WordPress/6.7.2; https://bakingsecurityin.com"
198.54.114.83 - - [31/Mar/2025:00:31:10 -0400] "POST /wp-cron.php?doing_wp_cron=1743395470.4647529125213623046875 HTTP/1.1" 200 0 "-" "WordPress/6.7.2; https://bakingsecurityin.com"
51.222.253.6 - - [31/Mar/2025:00:31:09 -0400] "GET /the-convenience-of-gift-certificates/feed/ HTTP/1.1" 200 403 "-" "Mozilla/5.0 (compatible; AhrefsBot/7.0; +http://ahrefs.com/robot/)"
198.54.114.83 - - [31/Mar/2025:00:31:11 -0400] "POST /wp-admin/admin-ajax.php?action=async_litespeed&nonce=jl1MxQ50HaUSgZFbaaWINxqNCIs8T7PF&litespeed_type=imgoptm HTTP/1.1" 200 5 "-" "WordPress/6.7.2; https://bakingsecurityin.com"
198.54.114.83 - - [31/Mar/2025:00:32:49 -0400] "POST /wp-cron.php?doing_wp_cron=1743395568.4479060173034667968750 HTTP/1.1" 200 0 "-" "WordPress/6.7.2; https://bakingsecurityin.com"
51.222.253.3 - - [31/Mar/2025:00:32:45 -0400] "GET /top-reasons-to-book-a-business-trip-massage-for-your-next-conference/feed/ HTTP/1.1" 200 457 "-" "Mozilla/5.0 (compatible; AhrefsBot/7.0; +http://ahrefs.com/robot/)"
198.54.114.83 - - [31/Mar/2025:00:32:50 -0400] "POST /wp-admin/admin-ajax.php?action=async_litespeed&nonce=maW1uhN7Okw76uSbDM6sPWuO4RWRDk58&litespeed_type=imgoptm HTTP/1.1" 200 0 "-" "WordPress/6.7.2; https://bakingsecurityin.com"
3.145.33.99 - - [31/Mar/2025:00:34:05 -0400] "GET /robots.txt HTTP/1.1" 304 0 "-" "Mozilla/5.0 AppleWebKit/537.36 (KHTML, like Gecko; compatible; ClaudeBot/1.0; +claudebot@anthropic.com)"
198.54.114.83 - - [31/Mar/2025:00:34:06 -0400] "POST /wp-cron.php?doing_wp_cron=1743395646.3572990894317626953125 HTTP/1.1" 200 0 "-" "WordPress/6.7.2; https://bakingsecurityin.com"
3.145.33.99 - - [31/Mar/2025:00:34:06 -0400] "GET /tennis-prediction HTTP/1.1" 301 0 "-" "Mozilla/5.0 AppleWebKit/537.36 (KHTML, like Gecko; compatible; ClaudeBot/1.0; +claudebot@anthropic.com)"
3.145.33.99 - - [31/Mar/2025:00:34:07 -0400] "GET /tennis-prediction/ HTTP/1.1" 200 0 "https://bakingsecurityin.com/tennis-prediction" "Mozilla/5.0 AppleWebKit/537.36 (KHTML, like Gecko; compatible; ClaudeBot/1.0; +claudebot@anthropic.com)"
198.54.114.83 - - [31/Mar/2025:00:34:07 -0400] "POST /wp-admin/admin-ajax.php?action=async_litespeed&nonce=YGYjV396bd8fxyGoJh8Zqq9zH4uHo9vM&litespeed_type=imgoptm HTTP/1.1" 200 5 "-" "WordPress/6.7.2; https://bakingsecurityin.com"
51.222.253.6 - - [31/Mar/2025:00:34:13 -0400] "GET /effective-solutions-for-forward-head-posture/feed/ HTTP/1.1" 200 411 "-" "Mozilla/5.0 (compatible; AhrefsBot/7.0; +http://ahrefs.com/robot/)"
198.54.114.83 - - [31/Mar/2025:00:35:45 -0400] "POST /wp-cron.php?doing_wp_cron=1743395745.1816029548645019531250 HTTP/1.1" 200 0 "-" "WordPress/6.7.2; https://bakingsecurityin.com"
51.222.253.11 - - [31/Mar/2025:00:35:42 -0400] "GET /page/8/ HTTP/1.1" 200 0 "-" "Mozilla/5.0 (compatible; AhrefsBot/7.0; +http://ahrefs.com/robot/)"
198.54.114.83 - - [31/Mar/2025:00:35:45 -0400] "POST /wp-admin/admin-ajax.php?action=async_litespeed&nonce=9h1Cj33v78fB7PrbZx7AonBVtTvAgXCo&litespeed_type=imgoptm HTTP/1.1" 200 5 "-" "WordPress/6.7.2; https://bakingsecurityin.com"
51.222.253.17 - - [31/Mar/2025:00:37:05 -0400] "GET /sac-a-langer-faits-saillants-a-publier-pour/ HTTP/1.1" 200 0 "-" "Mozilla/5.0 (compatible; AhrefsBot/7.0; +http://ahrefs.com/robot/)"
198.54.114.83 - - [31/Mar/2025:00:38:28 -0400] "POST /wp-cron.php?doing_wp_cron=1743395908.5112209320068359375000 HTTP/1.1" 200 0 "-" "WordPress/6.7.2; https://bakingsecurityin.com"
51.222.253.12 - - [31/Mar/2025:00:38:26 -0400] "GET /der-beruf-des-psychologen/feed/ HTTP/1.1" 200 390 "-" "Mozilla/5.0 (compatible; AhrefsBot/7.0; +http://ahrefs.com/robot/)"
198.54.114.83 - - [31/Mar/2025:00:39:53 -0400] "POST /wp-cron.php?doing_wp_cron=1743395993.4926741123199462890625 HTTP/1.1" 200 0 "-" "WordPress/6.7.2; https://bakingsecurityin.com"
51.222.253.4 - - [31/Mar/2025:00:39:52 -0400] "GET /choosing-the-right-refrigerator-for-your-needs/feed/ HTTP/1.1" 200 418 "-" "Mozilla/5.0 (compatible; AhrefsBot/7.0; +http://ahrefs.com/robot/)"
198.54.114.83 - - [31/Mar/2025:00:39:53 -0400] "POST /wp-admin/admin-ajax.php?action=async_litespeed&nonce=SeuNzXnkdSJvSU5TLP3om84CAfmYyNuS&litespeed_type=imgoptm HTTP/1.1" 200 5 "-" "WordPress/6.7.2; https://bakingsecurityin.com"
198.54.114.83 - - [31/Mar/2025:00:41:22 -0400] "POST /wp-cron.php?doing_wp_cron=1743396082.1973190307617187500000 HTTP/1.1" 200 0 "-" "WordPress/6.7.2; https://bakingsecurityin.com"
51.222.253.16 - - [31/Mar/2025:00:41:20 -0400] "GET /le-coussin-de-lecture-ideal-pour-le-lit/ HTTP/1.1" 200 0 "-" "Mozilla/5.0 (compatible; AhrefsBot/7.0; +http://ahrefs.com/robot/)"
198.54.114.83 - - [31/Mar/2025:00:41:23 -0400] "POST /wp-admin/admin-ajax.php?action=async_litespeed&nonce=yCidTROtX0xePjLeAzseOZzYcFvyRw7u&litespeed_type=imgoptm HTTP/1.1" 200 5 "-" "WordPress/6.7.2; https://bakingsecurityin.com"
198.54.114.83 - - [31/Mar/2025:00:42:54 -0400] "POST /wp-cron.php?doing_wp_cron=1743396174.0656259059906005859375 HTTP/1.1" 200 0 "-" "WordPress/6.7.2; https://bakingsecurityin.com"
51.222.253.14 - - [31/Mar/2025:00:42:52 -0400] "GET /astm-d-903-test-standard-used-for-medical-packaging/ HTTP/1.1" 200 0 "-" "Mozilla/5.0 (compatible; AhrefsBot/7.0; +http://ahrefs.com/robot/)"
198.54.114.83 - - [31/Mar/2025:00:42:54 -0400] "POST /wp-admin/admin-ajax.php?action=async_litespeed&nonce=SgWdIaAUU2wjwiCahPXeRf7wAqWOgvKf&litespeed_type=imgoptm HTTP/1.1" 200 5 "-" "WordPress/6.7.2; https://bakingsecurityin.com"
51.222.253.1 - - [31/Mar/2025:00:44:40 -0400] "GET /reusable-iced-coffee-cups/ HTTP/1.1" 200 0 "-" "Mozilla/5.0 (compatible; AhrefsBot/7.0; +http://ahrefs.com/robot/)"
