198.54.114.83 - - [02/Apr/2025:18:32:28 -0400] "POST /wp-cron.php?doing_wp_cron=1743633147.7914230823516845703125 HTTP/1.1" 200 0 "-" "WordPress/6.7.2; https://bakingsecurityin.com"
2602:fb54:313:: - - [02/Apr/2025:18:32:24 -0400] "POST /wp-login.php HTTP/1.1" 200 1861 "https://bakingsecurityin.com/wp-admin/" "Mozilla/5.0 (Windows NT 10.0; Win64; x64) AppleWebKit/537.36 (KHTML, like Gecko) Chrome/90.0.4430.85 Safari/537.36"
2602:fb54:313:: - - [02/Apr/2025:18:32:28 -0400] "GET /wp-admin/ HTTP/1.1" 302 0 "https://www.google.com" "Mozilla/5.0 (Windows NT 10.0; Win64; x64) AppleWebKit/537.36 (KHTML, like Gecko) Chrome/90.0.4430.85 Safari/537.36"
198.54.114.83 - - [02/Apr/2025:18:32:28 -0400] "POST /wp-admin/admin-ajax.php?action=async_litespeed&nonce=v9RRD8jow4NVTz5Ofdq6mYz3ubtFGFpu&litespeed_type=imgoptm HTTP/1.1" 200 5 "-" "WordPress/6.7.2; https://bakingsecurityin.com"
2602:fb54:313:: - - [02/Apr/2025:18:32:29 -0400] "GET /wp-login.php?redirect_to=https%3A%2F%2Fbakingsecurityin.com%2Fwp-admin%2F&reauth=1 HTTP/1.1" 200 1738 "https://www.google.com" "Mozilla/5.0 (Windows NT 10.0; Win64; x64) AppleWebKit/537.36 (KHTML, like Gecko) Chrome/90.0.4430.85 Safari/537.36"
34.83.238.29 - - [02/Apr/2025:18:33:52 -0400] "GET /how-to-turn-safe-search-off-on-your-iphone/ HTTP/1.1" 200 0 "-" "Mozilla/5.0 (Windows NT 10.0; Win64; x64) AppleWebKit/537.36 (KHTML, like Gecko) Chrome/123.0.0.0 Safari/537.36"
34.169.31.233 - - [02/Apr/2025:18:34:50 -0400] "GET /the-hill-condo-is-a-new-full-service-community-in-dekalb-county/ HTTP/1.1" 200 0 "-" "Mozilla/5.0 (Macintosh; Intel Mac OS X 10_15_7) AppleWebKit/605.1.15 (KHTML, like Gecko) Version/17.0 Safari/605.1.15"
198.54.114.83 - - [02/Apr/2025:18:35:29 -0400] "POST /wp-cron.php?doing_wp_cron=1743633328.7278499603271484375000 HTTP/1.1" 200 0 "-" "WordPress/6.7.2; https://bakingsecurityin.com"
129.226.130.64 - - [02/Apr/2025:18:35:28 -0400] "GET /tmx-maxwell-developer/ HTTP/1.1" 200 0 "-" "Python/3.10 aiohttp/3.10.5"
198.54.114.83 - - [02/Apr/2025:18:35:30 -0400] "POST /wp-admin/admin-ajax.php?action=async_litespeed&nonce=cIL66LRE9IDLNrtA8Msmm4zt7LVn5c8d&litespeed_type=imgoptm HTTP/1.1" 200 0 "-" "WordPress/6.7.2; https://bakingsecurityin.com"
198.54.114.83 - - [02/Apr/2025:18:37:01 -0400] "POST /wp-cron.php?doing_wp_cron=1743633421.0635850429534912109375 HTTP/1.1" 200 0 "-" "WordPress/6.7.2; https://bakingsecurityin.com"
85.208.96.193 - - [02/Apr/2025:18:36:59 -0400] "GET /agence-partenaire-google-ads-paris/ HTTP/1.1" 200 0 "-" "Mozilla/5.0 (compatible; SemrushBot/7~bl; +http://www.semrush.com/bot.html)"
198.54.114.83 - - [02/Apr/2025:18:37:02 -0400] "POST /wp-admin/admin-ajax.php?action=async_litespeed&nonce=HcRld3ulEUwQk4oNZx2NFAZcWw5BjpAe&litespeed_type=imgoptm HTTP/1.1" 200 0 "-" "WordPress/6.7.2; https://bakingsecurityin.com"
51.222.253.11 - - [02/Apr/2025:18:37:13 -0400] "GET /increasing-youtube-subscribers/ HTTP/1.1" 200 0 "-" "Mozilla/5.0 (compatible; AhrefsBot/7.0; +http://ahrefs.com/robot/)"
198.54.114.83 - - [02/Apr/2025:18:40:22 -0400] "POST /wp-cron.php?doing_wp_cron=1743633622.4787299633026123046875 HTTP/1.1" 200 0 "-" "WordPress/6.7.2; https://bakingsecurityin.com"
185.191.171.11 - - [02/Apr/2025:18:40:19 -0400] "GET /brush-machinery-for-various-industries/ HTTP/1.1" 200 0 "-" "Mozilla/5.0 (compatible; SemrushBot/7~bl; +http://www.semrush.com/bot.html)"
198.54.114.83 - - [02/Apr/2025:18:40:23 -0400] "POST /wp-admin/admin-ajax.php?action=async_litespeed&nonce=kE7vAph6GAaaywwr9RWq7y6PbfDC4BWn&litespeed_type=imgoptm HTTP/1.1" 200 5 "-" "WordPress/6.7.2; https://bakingsecurityin.com"
34.19.85.195 - - [02/Apr/2025:18:40:47 -0400] "GET /how-to-turn-safe-search-off-on-your-iphone/ HTTP/1.1" 200 0 "-" "Mozilla/5.0 (Macintosh; Intel Mac OS X 10.15; rv:109.0) Gecko/20100101 Firefox/116.0"
198.54.114.83 - - [02/Apr/2025:18:42:00 -0400] "POST /wp-cron.php?doing_wp_cron=1743633719.9184861183166503906250 HTTP/1.1" 200 0 "-" "WordPress/6.7.2; https://bakingsecurityin.com"
124.156.164.49 - - [02/Apr/2025:18:41:58 -0400] "GET /star-plus-electrical-services/ HTTP/1.1" 200 0 "-" "Python/3.10 aiohttp/3.10.5"
198.54.114.83 - - [02/Apr/2025:18:42:01 -0400] "POST /wp-admin/admin-ajax.php?action=async_litespeed&nonce=iWepyoOhloRzr5c3cqcWkRabGJqg3Nyj&litespeed_type=imgoptm HTTP/1.1" 200 5 "-" "WordPress/6.7.2; https://bakingsecurityin.com"
136.243.228.193 - - [02/Apr/2025:18:42:22 -0400] "GET /disadvantages-of-using-a-bitcoin-mixer/ HTTP/1.1" 200 0 "-" "Mozilla/5.0 (compatible; DataForSeoBot/1.0; +https://dataforseo.com/dataforseo-bot)"
34.231.118.144 - - [02/Apr/2025:18:43:58 -0400] "GET /the-benefits-of-sports-grip-socks/ HTTP/1.1" 200 0 "-" "Mozilla/5.0 AppleWebKit/537.36 (KHTML, like Gecko; compatible; Amazonbot/0.1; +https://developer.amazon.com/support/amazonbot) Chrome/119.0.6045.214 Safari/537.36"
198.54.114.83 - - [02/Apr/2025:18:44:01 -0400] "POST /wp-cron.php?doing_wp_cron=1743633840.3942539691925048828125 HTTP/1.1" 200 0 "-" "WordPress/6.7.2; https://bakingsecurityin.com"
185.191.171.4 - - [02/Apr/2025:18:44:38 -0400] "GET /der-weg-das-herz-zu-beruhren/ HTTP/1.1" 200 0 "-" "Mozilla/5.0 (compatible; SemrushBot/7~bl; +http://www.semrush.com/bot.html)"
34.145.20.211 - - [02/Apr/2025:18:46:17 -0400] "GET /how-to-turn-airdrop-off-on-iphone/ HTTP/1.1" 200 0 "-" "Mozilla/5.0 (Windows NT 10.0; Win64; x64) AppleWebKit/537.36 (KHTML, like Gecko) Chrome/123.0.0.0 Safari/537.36"
198.54.114.83 - - [02/Apr/2025:18:46:25 -0400] "POST /wp-cron.php?doing_wp_cron=1743633980.4697980880737304687500 HTTP/1.1" 200 0 "-" "WordPress/6.7.2; https://bakingsecurityin.com"
198.54.114.83 - - [02/Apr/2025:18:46:27 -0400] "POST /wp-admin/admin-ajax.php?action=async_litespeed&nonce=dLuf7q2QFKM6YuZBNyEHuGdlEWEF77my&litespeed_type=imgoptm HTTP/1.1" 200 0 "-" "WordPress/6.7.2; https://bakingsecurityin.com"
198.54.114.83 - - [02/Apr/2025:18:48:02 -0400] "POST /wp-cron.php?doing_wp_cron=1743634081.5072460174560546875000 HTTP/1.1" 200 0 "-" "WordPress/6.7.2; https://bakingsecurityin.com"
43.128.36.137 - - [02/Apr/2025:18:47:58 -0400] "GET /compare-moving-quotes-carefully/ HTTP/1.1" 200 0 "-" "Python/3.10 aiohttp/3.10.5"
198.54.114.83 - - [02/Apr/2025:18:48:03 -0400] "POST /wp-admin/admin-ajax.php?action=async_litespeed&nonce=oUGaCbDVMO7An6ndLtewDR5kXHbJAL4X&litespeed_type=imgoptm HTTP/1.1" 200 5 "-" "WordPress/6.7.2; https://bakingsecurityin.com"
198.54.114.83 - - [02/Apr/2025:18:49:59 -0400] "POST /wp-cron.php?doing_wp_cron=1743634199.0879809856414794921875 HTTP/1.1" 200 0 "-" "WordPress/6.7.2; https://bakingsecurityin.com"
51.222.253.17 - - [02/Apr/2025:18:49:56 -0400] "GET /how-to-tell-if-your-heat-pump-needs-repair/ HTTP/1.1" 200 0 "-" "Mozilla/5.0 (compatible; AhrefsBot/7.0; +http://ahrefs.com/robot/)"
198.54.114.83 - - [02/Apr/2025:18:50:01 -0400] "POST /wp-admin/admin-ajax.php?action=async_litespeed&nonce=tCkVyaB3ZBvimYrliQCvPcfstEj2BA9K&litespeed_type=imgoptm HTTP/1.1" 200 0 "-" "WordPress/6.7.2; https://bakingsecurityin.com"
34.169.189.46 - - [02/Apr/2025:18:54:39 -0400] "GET /tazarotene-cream-uk/ HTTP/1.1" 200 0 "-" "Mozilla/5.0 (Windows NT 10.0; Win64; x64) AppleWebKit/537.36 (KHTML, like Gecko) Chrome/123.0.0.0 Safari/537.36"
198.54.114.83 - - [02/Apr/2025:18:54:41 -0400] "POST /wp-cron.php?doing_wp_cron=1743634481.3413629531860351562500 HTTP/1.1" 200 0 "-" "WordPress/6.7.2; https://bakingsecurityin.com"
34.169.189.46 - - [02/Apr/2025:18:54:39 -0400] "GET /finding-the-right-curly-hairdresser/ HTTP/1.1" 200 0 "-" "Mozilla/5.0 (Macintosh; Intel Mac OS X 10.15; rv:109.0) Gecko/20100101 Firefox/116.0"
198.54.114.83 - - [02/Apr/2025:18:54:42 -0400] "POST /wp-admin/admin-ajax.php?action=async_litespeed&nonce=h2DiTTc7MMWUSIkzNKTzBgH1V9dQnssy&litespeed_type=imgoptm HTTP/1.1" 200 0 "-" "WordPress/6.7.2; https://bakingsecurityin.com"
198.54.114.83 - - [02/Apr/2025:18:56:36 -0400] "POST /wp-cron.php?doing_wp_cron=1743634595.3946459293365478515625 HTTP/1.1" 200 0 "-" "WordPress/6.7.2; https://bakingsecurityin.com"
151.106.162.202 - - [02/Apr/2025:18:56:33 -0400] "GET /wp-content/plugins/advanced-google-recaptcha/libs/captcha.php?wpcaptcha-generate-image=true&color=%23FFFFFF&noise=1&id=3287 HTTP/1.1" 404 0 "-" "Mozilla/5.0 (X11; Ubuntu; Linux x86_64; rv:72.0) Gecko/20100101 Firefox/72.0"
151.106.162.202 - - [02/Apr/2025:18:56:37 -0400] "GET /wp-content/plugins/advanced-google-recaptcha/libs/captcha.php?wpcaptcha-generate-image=true&color=%23FFFFFF&noise=1&id=3287 HTTP/1.1" 404 0 "-" "Mozilla/5.0 (X11; Ubuntu; Linux x86_64; rv:72.0) Gecko/20100101 Firefox/72.0"
198.54.114.83 - - [02/Apr/2025:18:56:37 -0400] "POST /wp-admin/admin-ajax.php?action=async_litespeed&nonce=riDDsCSOqqYUIlbv7bFS8hmeRHgoB0mG&litespeed_type=imgoptm HTTP/1.1" 200 0 "-" "WordPress/6.7.2; https://bakingsecurityin.com"
151.106.162.202 - - [02/Apr/2025:18:56:38 -0400] "GET /wp-content/plugins/advanced-google-recaptcha/libs/captcha.php?wpcaptcha-generate-image=true&color=%23FFFFFF&noise=1&id=3287 HTTP/1.1" 404 0 "-" "Mozilla/5.0 (X11; Ubuntu; Linux x86_64; rv:72.0) Gecko/20100101 Firefox/72.0"
85.208.96.198 - - [02/Apr/2025:18:57:20 -0400] "GET /what-health-conditions-can-cbd-gummies-help/ HTTP/1.1" 200 0 "-" "Mozilla/5.0 (compatible; SemrushBot/7~bl; +http://www.semrush.com/bot.html)"
198.54.114.83 - - [02/Apr/2025:18:58:47 -0400] "POST /wp-cron.php?doing_wp_cron=1743634726.8469600677490234375000 HTTP/1.1" 200 0 "-" "WordPress/6.7.2; https://bakingsecurityin.com"
185.191.171.10 - - [02/Apr/2025:18:58:44 -0400] "GET /how-much-does-a-bathroom-renovation-cost-in-melbourne/ HTTP/1.1" 200 0 "-" "Mozilla/5.0 (compatible; SemrushBot/7~bl; +http://www.semrush.com/bot.html)"
198.54.114.83 - - [02/Apr/2025:18:58:48 -0400] "POST /wp-admin/admin-ajax.php?action=async_litespeed&nonce=AysBzQg6C8ZE6iE1GTGTqJXNL2aFivxC&litespeed_type=imgoptm HTTP/1.1" 200 0 "-" "WordPress/6.7.2; https://bakingsecurityin.com"
198.54.114.83 - - [02/Apr/2025:19:01:21 -0400] "POST /wp-cron.php?doing_wp_cron=1743634881.4768619537353515625000 HTTP/1.1" 200 0 "-" "WordPress/6.7.2; https://bakingsecurityin.com"
185.191.171.14 - - [02/Apr/2025:19:01:19 -0400] "GET /senior-mutual-insurance-tye-april-30-2013/ HTTP/1.1" 200 0 "-" "Mozilla/5.0 (compatible; SemrushBot/7~bl; +http://www.semrush.com/bot.html)"
198.54.114.83 - - [02/Apr/2025:19:01:22 -0400] "POST /wp-admin/admin-ajax.php?action=async_litespeed&nonce=fSAeacC6Vv10fXKHyO7lEKJvxmPkA7w7&litespeed_type=imgoptm HTTP/1.1" 200 5 "-" "WordPress/6.7.2; https://bakingsecurityin.com"
198.54.114.83 - - [02/Apr/2025:19:03:28 -0400] "POST /wp-cron.php?doing_wp_cron=1743635006.6025209426879882812500 HTTP/1.1" 200 0 "-" "WordPress/6.7.2; https://bakingsecurityin.com"
51.222.253.7 - - [02/Apr/2025:19:03:22 -0400] "GET /cbrn-chemical-biological-radiological-and-nuclear-dangers/ HTTP/1.1" 200 0 "-" "Mozilla/5.0 (compatible; AhrefsBot/7.0; +http://ahrefs.com/robot/)"
198.54.114.83 - - [02/Apr/2025:19:03:30 -0400] "POST /wp-admin/admin-ajax.php?action=async_litespeed&nonce=Lnh9rpwdEPAcwTj8d9qKbWXp56F6D1KC&litespeed_type=imgoptm HTTP/1.1" 200 0 "-" "WordPress/6.7.2; https://bakingsecurityin.com"
198.54.114.83 - - [02/Apr/2025:19:05:57 -0400] "POST /wp-cron.php?doing_wp_cron=1743635155.9624230861663818359375 HTTP/1.1" 200 0 "-" "WordPress/6.7.2; https://bakingsecurityin.com"
185.191.171.10 - - [02/Apr/2025:19:05:54 -0400] "GET /3-easy-ways-to-get-more-views-to-your-youtube-videos/ HTTP/1.1" 200 0 "-" "Mozilla/5.0 (compatible; SemrushBot/7~bl; +http://www.semrush.com/bot.html)"
198.54.114.83 - - [02/Apr/2025:19:05:58 -0400] "POST /wp-admin/admin-ajax.php?action=async_litespeed&nonce=TW5O0GIObx1ZepS1CIwt2pZwTkw7o1bC&litespeed_type=imgoptm HTTP/1.1" 200 0 "-" "WordPress/6.7.2; https://bakingsecurityin.com"
198.54.114.83 - - [02/Apr/2025:19:07:07 -0400] "POST /wp-cron.php?doing_wp_cron=1743635226.3311359882354736328125 HTTP/1.1" 200 0 "-" "WordPress/6.7.2; https://bakingsecurityin.com"
119.28.2.21 - - [02/Apr/2025:19:07:05 -0400] "GET /the-weighted-stuffed-animal/ HTTP/1.1" 200 0 "-" "Python/3.10 aiohttp/3.10.5"
198.54.114.83 - - [02/Apr/2025:19:07:09 -0400] "POST /wp-admin/admin-ajax.php?action=async_litespeed&nonce=EV3SUsg0w37P4zjClDJ75T5ntQynS7Va&litespeed_type=imgoptm HTTP/1.1" 200 0 "-" "WordPress/6.7.2; https://bakingsecurityin.com"
198.54.114.83 - - [02/Apr/2025:19:09:03 -0400] "POST /wp-cron.php?doing_wp_cron=1743635342.8629109859466552734375 HTTP/1.1" 200 0 "-" "WordPress/6.7.2; https://bakingsecurityin.com"
185.191.171.6 - - [02/Apr/2025:19:09:00 -0400] "GET /aktivitaten-gardasee/ HTTP/1.1" 200 0 "-" "Mozilla/5.0 (compatible; SemrushBot/7~bl; +http://www.semrush.com/bot.html)"
198.54.114.83 - - [02/Apr/2025:19:09:04 -0400] "POST /wp-admin/admin-ajax.php?action=async_litespeed&nonce=pBKpKNlrJPuAGMkFTX4lpHbHHu4iKcNP&litespeed_type=imgoptm HTTP/1.1" 200 0 "-" "WordPress/6.7.2; https://bakingsecurityin.com"
185.191.171.13 - - [02/Apr/2025:19:09:06 -0400] "GET /pokemon-figures-uk/ HTTP/1.1" 200 0 "-" "Mozilla/5.0 (compatible; SemrushBot/7~bl; +http://www.semrush.com/bot.html)"
85.208.96.212 - - [02/Apr/2025:19:10:41 -0400] "GET /robots.txt HTTP/1.1" 200 98 "-" "Mozilla/5.0 (compatible; SemrushBot/7~bl; +http://www.semrush.com/bot.html)"
198.54.114.83 - - [02/Apr/2025:19:10:45 -0400] "POST /wp-cron.php?doing_wp_cron=1743635445.3627829551696777343750 HTTP/1.1" 200 0 "-" "WordPress/6.7.2; https://bakingsecurityin.com"
185.191.171.14 - - [02/Apr/2025:19:10:43 -0400] "GET /dachdeckermeisterbetrieb-hamburg/ HTTP/1.1" 200 0 "-" "Mozilla/5.0 (compatible; SemrushBot/7~bl; +http://www.semrush.com/bot.html)"
198.54.114.83 - - [02/Apr/2025:19:10:47 -0400] "POST /wp-admin/admin-ajax.php?action=async_litespeed&nonce=UGyUOsyaZIEtkMbYCZ9uKmMFxQVKKFIs&litespeed_type=imgoptm HTTP/1.1" 200 0 "-" "WordPress/6.7.2; https://bakingsecurityin.com"
4.227.36.53 - - [02/Apr/2025:19:15:09 -0400] "GET /robots.txt HTTP/1.1" 200 98 "-" "Mozilla/5.0 AppleWebKit/537.36 (KHTML, like Gecko; compatible; GPTBot/1.2; +https://openai.com/gptbot)"
198.54.114.83 - - [02/Apr/2025:19:16:06 -0400] "POST /wp-cron.php?doing_wp_cron=1743635766.1510839462280273437500 HTTP/1.1" 200 0 "-" "WordPress/6.7.2; https://bakingsecurityin.com"
51.222.253.1 - - [02/Apr/2025:19:16:01 -0400] "GET /tips-for-online-dating-photography/ HTTP/1.1" 200 0 "-" "Mozilla/5.0 (compatible; AhrefsBot/7.0; +http://ahrefs.com/robot/)"
198.54.114.83 - - [02/Apr/2025:19:16:07 -0400] "POST /wp-admin/admin-ajax.php?action=async_litespeed&nonce=Pv9x4H2YkesfZHmsUYimz0fq6nHCqlhS&litespeed_type=imgoptm HTTP/1.1" 200 0 "-" "WordPress/6.7.2; https://bakingsecurityin.com"
85.208.98.19 - - [02/Apr/2025:19:18:57 -0400] "GET /window-tinting-near-me/ HTTP/1.1" 200 0 "-" "Mozilla/5.0 (compatible; SemrushBot-BA; +http://www.semrush.com/bot.html)"
198.54.114.83 - - [02/Apr/2025:19:20:29 -0400] "POST /wp-cron.php?doing_wp_cron=1743636029.2070219516754150390625 HTTP/1.1" 200 0 "-" "WordPress/6.7.2; https://bakingsecurityin.com"
85.208.96.206 - - [02/Apr/2025:19:20:27 -0400] "GET /combinaison-pilou-pilou/ HTTP/1.1" 200 0 "-" "Mozilla/5.0 (compatible; SemrushBot/7~bl; +http://www.semrush.com/bot.html)"
198.54.114.83 - - [02/Apr/2025:19:20:30 -0400] "POST /wp-admin/admin-ajax.php?action=async_litespeed&nonce=W3Dz8MtOFliPQdq8321KoaKiSnlbSPyn&litespeed_type=imgoptm HTTP/1.1" 200 0 "-" "WordPress/6.7.2; https://bakingsecurityin.com"
198.54.114.83 - - [02/Apr/2025:19:26:19 -0400] "POST /wp-cron.php?doing_wp_cron=1743636379.4563550949096679687500 HTTP/1.1" 200 0 "-" "WordPress/6.7.2; https://bakingsecurityin.com"
52.167.144.210 - - [02/Apr/2025:19:26:17 -0400] "GET /why-dental-enrollment-organizations-might-turn-into-a-relic-of-days-gone-by/ HTTP/1.1" 200 0 "-" "Mozilla/5.0 AppleWebKit/537.36 (KHTML, like Gecko; compatible; bingbot/2.0; +http://www.bing.com/bingbot.htm) Chrome/116.0.1938.76 Safari/537.36"
198.54.114.83 - - [02/Apr/2025:19:26:20 -0400] "POST /wp-admin/admin-ajax.php?action=async_litespeed&nonce=lIbfqxXCUBqlNwrHw7I6Mgx1kDQBjE1x&litespeed_type=imgoptm HTTP/1.1" 200 5 "-" "WordPress/6.7.2; https://bakingsecurityin.com"
198.54.114.83 - - [02/Apr/2025:19:27:51 -0400] "POST /wp-cron.php?doing_wp_cron=1743636470.9662199020385742187500 HTTP/1.1" 200 0 "-" "WordPress/6.7.2; https://bakingsecurityin.com"
40.77.167.156 - - [02/Apr/2025:19:27:49 -0400] "GET /how-to-borrow-money-singapore-easily-and-quickly/feed/ HTTP/1.1" 200 423 "-" "Mozilla/5.0 AppleWebKit/537.36 (KHTML, like Gecko; compatible; bingbot/2.0; +http://www.bing.com/bingbot.htm) Chrome/116.0.1938.76 Safari/537.36"
198.54.114.83 - - [02/Apr/2025:19:27:51 -0400] "POST /wp-admin/admin-ajax.php?action=async_litespeed&nonce=hXxu4zw1Fcr1w7xqfshrVVEIJX6yhx0u&litespeed_type=imgoptm HTTP/1.1" 200 5 "-" "WordPress/6.7.2; https://bakingsecurityin.com"
51.222.253.14 - - [02/Apr/2025:19:27:58 -0400] "GET /zuverlassiger-umzugsservice-in-luneburg/ HTTP/1.1" 200 0 "-" "Mozilla/5.0 (compatible; AhrefsBot/7.0; +http://ahrefs.com/robot/)"
198.54.114.83 - - [02/Apr/2025:19:30:05 -0400] "POST /wp-cron.php?doing_wp_cron=1743636605.0754868984222412109375 HTTP/1.1" 200 0 "-" "WordPress/6.7.2; https://bakingsecurityin.com"
85.208.96.194 - - [02/Apr/2025:19:30:03 -0400] "GET /house-cleaning-services-in-bangalore/ HTTP/1.1" 200 0 "-" "Mozilla/5.0 (compatible; SemrushBot/7~bl; +http://www.semrush.com/bot.html)"
198.54.114.83 - - [02/Apr/2025:19:30:06 -0400] "POST /wp-admin/admin-ajax.php?action=async_litespeed&nonce=As8EKh5NCmZzCxhqDrYHpyZM0jSQ26XV&litespeed_type=imgoptm HTTP/1.1" 200 5 "-" "WordPress/6.7.2; https://bakingsecurityin.com"
119.28.2.109 - - [02/Apr/2025:19:35:12 -0400] "GET /welding-hose-manufacturers/ HTTP/1.1" 200 0 "-" "Python/3.10 aiohttp/3.10.5"
198.54.114.83 - - [02/Apr/2025:19:35:13 -0400] "POST /wp-cron.php?doing_wp_cron=1743636913.3546171188354492187500 HTTP/1.1" 200 0 "-" "WordPress/6.7.2; https://bakingsecurityin.com"
43.132.134.51 - - [02/Apr/2025:19:35:10 -0400] "GET /how-to-properly-care-for-and-store-wine-to-maintain-taste-and-quality/ HTTP/1.1" 200 0 "-" "Python/3.10 aiohttp/3.10.5"
198.54.114.83 - - [02/Apr/2025:19:35:14 -0400] "POST /wp-admin/admin-ajax.php?action=async_litespeed&nonce=XzQb8BvRV7lIzgue8CLfZCFhkyYAjA2n&litespeed_type=imgoptm HTTP/1.1" 200 5 "-" "WordPress/6.7.2; https://bakingsecurityin.com"
198.54.114.83 - - [02/Apr/2025:19:39:09 -0400] "POST /wp-cron.php?doing_wp_cron=1743637149.1914129257202148437500 HTTP/1.1" 200 0 "-" "WordPress/6.7.2; https://bakingsecurityin.com"
43.154.109.7 - - [02/Apr/2025:19:39:07 -0400] "GET /jden-capitaland-condos-in-singapore/ HTTP/1.1" 200 0 "-" "Python/3.10 aiohttp/3.10.5"
198.54.114.83 - - [02/Apr/2025:19:39:09 -0400] "POST /wp-admin/admin-ajax.php?action=async_litespeed&nonce=Lmty8alBF36Gd9oPv5imEExtwge2z7sX&litespeed_type=imgoptm HTTP/1.1" 200 5 "-" "WordPress/6.7.2; https://bakingsecurityin.com"
198.54.114.83 - - [02/Apr/2025:19:41:19 -0400] "POST /wp-cron.php?doing_wp_cron=1743637279.0256810188293457031250 HTTP/1.1" 200 0 "-" "WordPress/6.7.2; https://bakingsecurityin.com"
51.222.253.6 - - [02/Apr/2025:19:41:17 -0400] "GET /how-a-virtual-receptionist-can-help-small-businesses/ HTTP/1.1" 200 0 "-" "Mozilla/5.0 (compatible; AhrefsBot/7.0; +http://ahrefs.com/robot/)"
198.54.114.83 - - [02/Apr/2025:19:41:20 -0400] "POST /wp-admin/admin-ajax.php?action=async_litespeed&nonce=7ZtkKnvAWfFABrHjnGXzGg4YqfVqVYhA&litespeed_type=imgoptm HTTP/1.1" 200 0 "-" "WordPress/6.7.2; https://bakingsecurityin.com"
198.54.114.83 - - [02/Apr/2025:19:41:45 -0400] "POST /wp-admin/admin-ajax.php?action=async_litespeed&nonce=TNOuMzvG2COwGEUpRJP1ariBjMGxy03e&litespeed_type=imgoptm HTTP/1.1" 200 5 "-" "WordPress/6.7.2; https://bakingsecurityin.com"
198.54.114.83 - - [02/Apr/2025:19:44:12 -0400] "POST /wp-cron.php?doing_wp_cron=1743637452.3216500282287597656250 HTTP/1.1" 200 0 "-" "WordPress/6.7.2; https://bakingsecurityin.com"
85.208.96.204 - - [02/Apr/2025:19:44:11 -0400] "GET /choosing-the-right-lawyer-if-you-are-in-a-car-accident/ HTTP/1.1" 200 0 "-" "Mozilla/5.0 (compatible; SemrushBot/7~bl; +http://www.semrush.com/bot.html)"
198.54.114.83 - - [02/Apr/2025:19:44:13 -0400] "POST /wp-admin/admin-ajax.php?action=async_litespeed&nonce=K7XxGsyKu3xr34NEeMLHHXq7yxZTcSjj&litespeed_type=imgoptm HTTP/1.1" 200 5 "-" "WordPress/6.7.2; https://bakingsecurityin.com"
196.251.71.229 - - [02/Apr/2025:19:50:59 -0400] "GET /wp-content/themes/seotheme/db.php?u HTTP/1.1" 404 0 "www.google.com" "Mozlila/5.0 (Linux; Android 7.0; SM-G892A Bulid/NRD90M; wv) AppleWebKit/537.36 (KHTML, like Gecko) Version/4.0 Chrome/60.0.3112.107 Moblie Safari/537.36"
198.54.114.83 - - [02/Apr/2025:19:50:59 -0400] "POST /wp-admin/admin-ajax.php?action=async_litespeed&nonce=37JVYQvwbpdJRpHra3xR5wRdUWE7LbBN&litespeed_type=imgoptm HTTP/1.1" 200 5 "-" "WordPress/6.7.2; https://bakingsecurityin.com"
196.251.71.229 - - [02/Apr/2025:19:51:00 -0400] "POST /wp-plain.php HTTP/1.1" 404 0 "www.google.com" "Mozilla/5.0 (Linux; Android 7.0; SM-G892A Bulid/NRD90M; wv) AppleWebKit/537.36 (KHTML, like Gecko) Version/4.0 Chrome/60.0.3112.107 Moblie Safari/537.36"
196.251.71.229 - - [02/Apr/2025:19:51:00 -0400] "GET /tuliocbn.php?Fox=d3wL7 HTTP/1.1" 404 0 "www.google.com" "Mozilla/5.0 (Linux; Android 7.0; SM-G892A Bulid/NRD90M; wv) AppleWebKit/537.36 (KHTML, like Gecko) Version/4.0 Chrome/60.0.3112.107 Moblie Safari/537.36"
198.54.114.83 - - [02/Apr/2025:19:55:08 -0400] "POST /wp-cron.php?doing_wp_cron=1743638107.7241361141204833984375 HTTP/1.1" 200 0 "-" "WordPress/6.7.2; https://bakingsecurityin.com"
85.208.96.210 - - [02/Apr/2025:19:55:02 -0400] "GET /football-odds-explained/ HTTP/1.1" 200 0 "-" "Mozilla/5.0 (compatible; SemrushBot/7~bl; +http://www.semrush.com/bot.html)"
198.54.114.83 - - [02/Apr/2025:19:55:08 -0400] "POST /wp-admin/admin-ajax.php?action=async_litespeed&nonce=q3HyFPJjr98kVimSVQwZzjUeEl8Ka317&litespeed_type=imgoptm HTTP/1.1" 200 0 "-" "WordPress/6.7.2; https://bakingsecurityin.com"
51.222.253.8 - - [02/Apr/2025:19:55:21 -0400] "GET /1st-anniversary-gifts/ HTTP/1.1" 200 0 "-" "Mozilla/5.0 (compatible; AhrefsBot/7.0; +http://ahrefs.com/robot/)"
198.54.114.83 - - [02/Apr/2025:19:57:04 -0400] "POST /wp-cron.php?doing_wp_cron=1743638223.8056409358978271484375 HTTP/1.1" 200 0 "-" "WordPress/6.7.2; https://bakingsecurityin.com"
20.171.207.220 - - [02/Apr/2025:19:57:01 -0400] "GET /comprehensive-physiotherapy-care-in-auckland/ HTTP/1.1" 200 0 "-" "Mozilla/5.0 AppleWebKit/537.36 (KHTML, like Gecko; compatible; GPTBot/1.2; +https://openai.com/gptbot)"
198.54.114.83 - - [02/Apr/2025:19:57:04 -0400] "POST /wp-admin/admin-ajax.php?action=async_litespeed&nonce=SEX2H5AyTiLwRe7CRtrBZzOz1Hh918es&litespeed_type=imgoptm HTTP/1.1" 200 5 "-" "WordPress/6.7.2; https://bakingsecurityin.com"
198.54.114.83 - - [02/Apr/2025:20:01:24 -0400] "POST /wp-cron.php?doing_wp_cron=1743638483.9091761112213134765625 HTTP/1.1" 200 0 "-" "WordPress/6.7.2; https://bakingsecurityin.com"
150.109.57.32 - - [02/Apr/2025:20:01:21 -0400] "GET /manufacturing-loans-can-fulfill-a-variety-of-needs/ HTTP/1.1" 200 0 "-" "Python/3.10 aiohttp/3.10.5"
198.54.114.83 - - [02/Apr/2025:20:01:25 -0400] "POST /wp-admin/admin-ajax.php?action=async_litespeed&nonce=hF8JJ366ESOfiIaC3dCdxLjqzvqFI8bl&litespeed_type=imgoptm HTTP/1.1" 200 5 "-" "WordPress/6.7.2; https://bakingsecurityin.com"
198.54.114.83 - - [02/Apr/2025:20:02:45 -0400] "POST /wp-cron.php?doing_wp_cron=1743638564.9065248966217041015625 HTTP/1.1" 200 0 "-" "WordPress/6.7.2; https://bakingsecurityin.com"
119.8.30.199 - - [02/Apr/2025:20:02:44 -0400] "GET /gitarre-lernen-fur-anfanger/ HTTP/1.1" 200 0 "https://bakingsecurityin.com/gitarre-lernen-fur-anfanger/" "Mozilla/5.0 (Macintosh; Intel Mac OS X 10_15_7) AppleWebKit/537.36 (KHTML, like Gecko) Chrome/119.0.0.0 Safari/537.36"
198.54.114.83 - - [02/Apr/2025:20:02:45 -0400] "POST /wp-admin/admin-ajax.php?action=async_litespeed&nonce=wEZkusljiwNQhGoJeS9gtMhrgvfmkKXz&litespeed_type=imgoptm HTTP/1.1" 200 5 "-" "WordPress/6.7.2; https://bakingsecurityin.com"
198.54.114.83 - - [02/Apr/2025:20:06:41 -0400] "POST /wp-cron.php?doing_wp_cron=1743638801.0327229499816894531250 HTTP/1.1" 200 0 "-" "WordPress/6.7.2; https://bakingsecurityin.com"
101.32.178.116 - - [02/Apr/2025:20:06:38 -0400] "GET /lumina-grand-showroom/ HTTP/1.1" 200 0 "-" "Python/3.10 aiohttp/3.10.5"
198.54.114.83 - - [02/Apr/2025:20:06:41 -0400] "POST /wp-admin/admin-ajax.php?action=async_litespeed&nonce=DxrK3903UldI8R7gqtTLGtta5qpXcS5u&litespeed_type=imgoptm HTTP/1.1" 200 5 "-" "WordPress/6.7.2; https://bakingsecurityin.com"
198.54.114.83 - - [02/Apr/2025:20:09:28 -0400] "POST /wp-cron.php?doing_wp_cron=1743638967.8992300033569335937500 HTTP/1.1" 200 0 "-" "WordPress/6.7.2; https://bakingsecurityin.com"
150.109.117.52 - - [02/Apr/2025:20:09:25 -0400] "GET /how-to-choose-an-led-screen-manufacturer/ HTTP/1.1" 200 0 "-" "Python/3.10 aiohttp/3.10.5"
198.54.114.83 - - [02/Apr/2025:20:09:28 -0400] "POST /wp-admin/admin-ajax.php?action=async_litespeed&nonce=nb74z73nPAFEPFPmqGlFJ2wx5BzC4rUb&litespeed_type=imgoptm HTTP/1.1" 200 5 "-" "WordPress/6.7.2; https://bakingsecurityin.com"
18.119.0.207 - - [02/Apr/2025:20:10:09 -0400] "GET /robots.txt HTTP/1.1" 200 98 "-" "Mozilla/5.0 AppleWebKit/537.36 (KHTML, like Gecko; compatible; ClaudeBot/1.0; +claudebot@anthropic.com)"
18.119.0.207 - - [02/Apr/2025:20:10:09 -0400] "GET /youtube-comment-likes-buy-what-you-should-know HTTP/1.1" 301 0 "-" "Mozilla/5.0 AppleWebKit/537.36 (KHTML, like Gecko; compatible; ClaudeBot/1.0; +claudebot@anthropic.com)"
18.119.0.207 - - [02/Apr/2025:20:10:10 -0400] "GET /youtube-comment-likes-buy-what-you-should-know/ HTTP/1.1" 200 0 "https://bakingsecurityin.com/youtube-comment-likes-buy-what-you-should-know" "Mozilla/5.0 AppleWebKit/537.36 (KHTML, like Gecko; compatible; ClaudeBot/1.0; +claudebot@anthropic.com)"
198.54.114.83 - - [02/Apr/2025:20:17:13 -0400] "POST /wp-cron.php?doing_wp_cron=1743639432.8279581069946289062500 HTTP/1.1" 200 0 "-" "WordPress/6.7.2; https://bakingsecurityin.com"
124.156.120.22 - - [02/Apr/2025:20:17:09 -0400] "GET /opt-to-gamble-via-the-internet-or-via-your-cellular-phone-or-even-offline/ HTTP/1.1" 200 0 "-" "Python/3.10 aiohttp/3.10.5"
198.54.114.83 - - [02/Apr/2025:20:17:13 -0400] "POST /wp-admin/admin-ajax.php?action=async_litespeed&nonce=A9QSiSva7QsCGldifNtzgepPyqn09GJr&litespeed_type=imgoptm HTTP/1.1" 200 5 "-" "WordPress/6.7.2; https://bakingsecurityin.com"
198.54.114.83 - - [02/Apr/2025:20:17:43 -0400] "POST /wp-cron.php?doing_wp_cron=1743639463.3360021114349365234375 HTTP/1.1" 200 0 "-" "WordPress/6.7.2; https://bakingsecurityin.com"
51.222.253.11 - - [02/Apr/2025:20:17:43 -0400] "GET /mairdi-headset-review/ HTTP/1.1" 200 0 "-" "Mozilla/5.0 (compatible; AhrefsBot/7.0; +http://ahrefs.com/robot/)"
198.54.114.83 - - [02/Apr/2025:20:17:43 -0400] "POST /wp-admin/admin-ajax.php?action=async_litespeed&nonce=ABcSkUGCSzk3K2Hyh5crRv1l9pXHozZC&litespeed_type=imgoptm HTTP/1.1" 200 5 "-" "WordPress/6.7.2; https://bakingsecurityin.com"
198.54.114.83 - - [02/Apr/2025:20:20:19 -0400] "POST /wp-cron.php?doing_wp_cron=1743639619.5928568840026855468750 HTTP/1.1" 200 0 "-" "WordPress/6.7.2; https://bakingsecurityin.com"
47.238.14.12 - - [02/Apr/2025:20:20:17 -0400] "GET /author/jorge/ HTTP/1.1" 200 0 "-" "Mozilla/5.0 (Macintosh; Intel Mac OS X 10_15_7) AppleWebKit/537.36 (KHTML, like Gecko) Chrome/109.0.0.0 Safari/537.36"
198.54.114.83 - - [02/Apr/2025:20:20:20 -0400] "POST /wp-admin/admin-ajax.php?action=async_litespeed&nonce=6MWw3wvJaQkMBaV2PvNcaVKerZgTx6Xw&litespeed_type=imgoptm HTTP/1.1" 200 5 "-" "WordPress/6.7.2; https://bakingsecurityin.com"
198.54.114.83 - - [02/Apr/2025:20:20:34 -0400] "POST /wp-cron.php?doing_wp_cron=1743639634.6440920829772949218750 HTTP/1.1" 200 0 "-" "WordPress/6.7.2; https://bakingsecurityin.com"
43.129.84.140 - - [02/Apr/2025:20:20:34 -0400] "GET /buy-saves-tikik-to-boost-your-visibility-on-tiktok/ HTTP/1.1" 200 0 "-" "Python/3.10 aiohttp/3.10.5"
198.54.114.83 - - [02/Apr/2025:20:20:35 -0400] "POST /wp-admin/admin-ajax.php?action=async_litespeed&nonce=W5dGP4OFPIwIvsrxyaSVE0JZVoyfqKhi&litespeed_type=imgoptm HTTP/1.1" 200 5 "-" "WordPress/6.7.2; https://bakingsecurityin.com"
85.208.96.210 - - [02/Apr/2025:20:25:33 -0400] "GET /how-to-make-a-mug-personnalise/ HTTP/1.1" 200 0 "-" "Mozilla/5.0 (compatible; SemrushBot/7~bl; +http://www.semrush.com/bot.html)"
198.54.114.83 - - [02/Apr/2025:20:25:39 -0400] "POST /wp-cron.php?doing_wp_cron=1743639937.5110991001129150390625 HTTP/1.1" 200 0 "-" "WordPress/6.7.2; https://bakingsecurityin.com"
13.58.216.183 - - [02/Apr/2025:20:25:53 -0400] "GET /un-moment-de-detente-le-massage-huileux HTTP/1.1" 301 0 "-" "Mozilla/5.0 AppleWebKit/537.36 (KHTML, like Gecko; compatible; ClaudeBot/1.0; +claudebot@anthropic.com)"
13.58.216.183 - - [02/Apr/2025:20:25:54 -0400] "GET /un-moment-de-detente-le-massage-huileux/ HTTP/1.1" 200 0 "https://bakingsecurityin.com/un-moment-de-detente-le-massage-huileux" "Mozilla/5.0 AppleWebKit/537.36 (KHTML, like Gecko; compatible; ClaudeBot/1.0; +claudebot@anthropic.com)"
101.32.59.43 - - [02/Apr/2025:20:26:33 -0400] "GET /exploring-tranquility-the-chuan-park-experience/ HTTP/1.1" 200 0 "-" "Python/3.10 aiohttp/3.10.5"
198.54.114.83 - - [02/Apr/2025:20:26:39 -0400] "POST /wp-cron.php?doing_wp_cron=1743639999.6387898921966552734375 HTTP/1.1" 200 0 "-" "WordPress/6.7.2; https://bakingsecurityin.com"
129.226.133.55 - - [02/Apr/2025:20:26:39 -0400] "GET /how-to-become-a-creative-director/ HTTP/1.1" 200 0 "-" "Python/3.10 aiohttp/3.10.5"
198.54.114.83 - - [02/Apr/2025:20:26:40 -0400] "POST /wp-admin/admin-ajax.php?action=async_litespeed&nonce=KetA0xdk69xfQwYRGgPd0TpQPOaBJImN&litespeed_type=imgoptm HTTP/1.1" 200 5 "-" "WordPress/6.7.2; https://bakingsecurityin.com"
51.222.253.19 - - [02/Apr/2025:20:28:48 -0400] "GET /conversion-gallon-per-minute/ HTTP/1.1" 200 0 "-" "Mozilla/5.0 (compatible; AhrefsBot/7.0; +http://ahrefs.com/robot/)"
198.54.114.83 - - [02/Apr/2025:20:28:56 -0400] "POST /wp-cron.php?doing_wp_cron=1743640131.8550341129302978515625 HTTP/1.1" 200 0 "-" "WordPress/6.7.2; https://bakingsecurityin.com"
198.54.114.83 - - [02/Apr/2025:20:31:13 -0400] "POST /wp-cron.php?doing_wp_cron=1743640273.2360510826110839843750 HTTP/1.1" 200 0 "-" "WordPress/6.7.2; https://bakingsecurityin.com"
43.128.36.137 - - [02/Apr/2025:20:31:10 -0400] "GET /top-10-recovery-machines/ HTTP/1.1" 200 0 "-" "Python/3.10 aiohttp/3.10.5"
198.54.114.83 - - [02/Apr/2025:20:31:14 -0400] "POST /wp-admin/admin-ajax.php?action=async_litespeed&nonce=DtT9aNCkI1tiTwiCHaHPnpOlXS42HS7g&litespeed_type=imgoptm HTTP/1.1" 200 0 "-" "WordPress/6.7.2; https://bakingsecurityin.com"
198.54.114.83 - - [02/Apr/2025:20:34:32 -0400] "POST /wp-cron.php?doing_wp_cron=1743640472.0293591022491455078125 HTTP/1.1" 200 0 "-" "WordPress/6.7.2; https://bakingsecurityin.com"
151.106.162.202 - - [02/Apr/2025:20:34:30 -0400] "GET /wp-content/plugins/advanced-google-recaptcha/libs/captcha.php?wpcaptcha-generate-image=true&color=%23FFFFFF&noise=1&id=4929 HTTP/1.1" 404 0 "-" "Mozilla/5.0 (X11; Ubuntu; Linux x86_64; rv:72.0) Gecko/20100101 Firefox/72.0"
198.54.114.83 - - [02/Apr/2025:20:34:32 -0400] "POST /wp-admin/admin-ajax.php?action=async_litespeed&nonce=nfj2dfmRywugARg4wg6cXkZcPwlsOoAo&litespeed_type=imgoptm HTTP/1.1" 200 5 "-" "WordPress/6.7.2; https://bakingsecurityin.com"
151.106.162.202 - - [02/Apr/2025:20:35:00 -0400] "GET /wp-content/plugins/advanced-google-recaptcha/libs/captcha.php?wpcaptcha-generate-image=true&color=%23FFFFFF&noise=1&id=4929 HTTP/1.1" 404 0 "-" "Mozilla/5.0 (X11; Ubuntu; Linux x86_64; rv:72.0) Gecko/20100101 Firefox/72.0"
198.54.114.83 - - [02/Apr/2025:20:39:33 -0400] "POST /wp-cron.php?doing_wp_cron=1743640773.0865080356597900390625 HTTP/1.1" 200 0 "-" "WordPress/6.7.2; https://bakingsecurityin.com"
34.145.20.211 - - [02/Apr/2025:20:39:31 -0400] "GET /how-to-turn-airdrop-off-on-iphone/ HTTP/1.1" 200 0 "-" "Mozilla/5.0 (Macintosh; Intel Mac OS X 10.15; rv:109.0) Gecko/20100101 Firefox/116.0"
198.54.114.83 - - [02/Apr/2025:20:39:33 -0400] "POST /wp-admin/admin-ajax.php?action=async_litespeed&nonce=dAhPtXnrNbSjtJu4HnloZ0iIC9fHpgVv&litespeed_type=imgoptm HTTP/1.1" 200 5 "-" "WordPress/6.7.2; https://bakingsecurityin.com"
85.208.96.201 - - [02/Apr/2025:20:39:56 -0400] "GET /buying-youtube-likes/ HTTP/1.1" 200 0 "-" "Mozilla/5.0 (compatible; SemrushBot/7~bl; +http://www.semrush.com/bot.html)"
51.222.253.9 - - [02/Apr/2025:20:40:19 -0400] "GET /liquid-metal-thermal-paste/ HTTP/1.1" 200 0 "-" "Mozilla/5.0 (compatible; AhrefsBot/7.0; +http://ahrefs.com/robot/)"
198.54.114.83 - - [02/Apr/2025:20:43:31 -0400] "POST /wp-cron.php?doing_wp_cron=1743641011.5741889476776123046875 HTTP/1.1" 200 0 "-" "WordPress/6.7.2; https://bakingsecurityin.com"
129.226.133.55 - - [02/Apr/2025:20:43:29 -0400] "GET /the-myst-by-cdl-developer/ HTTP/1.1" 200 0 "-" "Python/3.10 aiohttp/3.10.5"
198.54.114.83 - - [02/Apr/2025:20:43:32 -0400] "POST /wp-admin/admin-ajax.php?action=async_litespeed&nonce=9pfzL8p4Hv34sukx3iSRSxyaV0Cg8Bdm&litespeed_type=imgoptm HTTP/1.1" 200 5 "-" "WordPress/6.7.2; https://bakingsecurityin.com"
198.54.114.83 - - [02/Apr/2025:20:44:56 -0400] "POST /wp-cron.php?doing_wp_cron=1743641096.7233550548553466796875 HTTP/1.1" 200 0 "-" "WordPress/6.7.2; https://bakingsecurityin.com"
185.191.171.14 - - [02/Apr/2025:20:44:55 -0400] "GET /permanente-dentaire/ HTTP/1.1" 200 0 "-" "Mozilla/5.0 (compatible; SemrushBot/7~bl; +http://www.semrush.com/bot.html)"
198.54.114.83 - - [02/Apr/2025:20:44:57 -0400] "POST /wp-admin/admin-ajax.php?action=async_litespeed&nonce=wJouiWGVr1CbKnavkNbLQG4PA1lXNN3u&litespeed_type=imgoptm HTTP/1.1" 200 5 "-" "WordPress/6.7.2; https://bakingsecurityin.com"
185.191.171.18 - - [02/Apr/2025:20:45:21 -0400] "GET /brillez-avec-un-pack-argent-electrisant/ HTTP/1.1" 200 0 "-" "Mozilla/5.0 (compatible; SemrushBot/7~bl; +http://www.semrush.com/bot.html)"
198.54.114.83 - - [02/Apr/2025:20:47:35 -0400] "POST /wp-cron.php?doing_wp_cron=1743641255.3508379459381103515625 HTTP/1.1" 200 0 "-" "WordPress/6.7.2; https://bakingsecurityin.com"
185.191.171.13 - - [02/Apr/2025:20:47:34 -0400] "GET /la-securite-maximale-avec-assurance-flotte/ HTTP/1.1" 200 0 "-" "Mozilla/5.0 (compatible; SemrushBot/7~bl; +http://www.semrush.com/bot.html)"
198.54.114.83 - - [02/Apr/2025:20:47:36 -0400] "POST /wp-admin/admin-ajax.php?action=async_litespeed&nonce=KNJBeKwDOx1VdTpB7WgtoenkJzLh2G5C&litespeed_type=imgoptm HTTP/1.1" 200 0 "-" "WordPress/6.7.2; https://bakingsecurityin.com"
198.54.114.83 - - [02/Apr/2025:20:51:00 -0400] "POST /wp-cron.php?doing_wp_cron=1743641459.8944289684295654296875 HTTP/1.1" 200 0 "-" "WordPress/6.7.2; https://bakingsecurityin.com"
51.222.253.7 - - [02/Apr/2025:20:50:58 -0400] "GET /get-the-most-out-of-conservatory-roofs-all-year-round/ HTTP/1.1" 200 0 "-" "Mozilla/5.0 (compatible; AhrefsBot/7.0; +http://ahrefs.com/robot/)"
198.54.114.83 - - [02/Apr/2025:20:51:02 -0400] "POST /wp-admin/admin-ajax.php?action=async_litespeed&nonce=Lh9vFSyItKrwtRloFC1Kf1fTl2hQTGTS&litespeed_type=imgoptm HTTP/1.1" 200 0 "-" "WordPress/6.7.2; https://bakingsecurityin.com"
34.169.175.120 - - [02/Apr/2025:20:51:04 -0400] "GET /finding-the-right-curly-hairdresser/ HTTP/1.1" 200 0 "-" "Mozilla/5.0 (Macintosh; Intel Mac OS X 10_15_7) AppleWebKit/605.1.15 (KHTML, like Gecko) Version/17.0 Safari/605.1.15"
198.54.114.83 - - [02/Apr/2025:20:52:11 -0400] "POST /wp-cron.php?doing_wp_cron=1743641530.8338129520416259765625 HTTP/1.1" 200 0 "-" "WordPress/6.7.2; https://bakingsecurityin.com"
44.197.29.39 - - [02/Apr/2025:20:52:10 -0400] "GET /careers-in-cyber-security/ HTTP/1.1" 200 0 "-" "Grammarly/1.0 (http://www.grammarly.com)"
198.54.114.83 - - [02/Apr/2025:20:52:12 -0400] "POST /wp-admin/admin-ajax.php?action=async_litespeed&nonce=LooDEejiyLMYk5ewdEHPll55fK0BOsBd&litespeed_type=imgoptm HTTP/1.1" 200 5 "-" "WordPress/6.7.2; https://bakingsecurityin.com"
110.249.202.144 - - [02/Apr/2025:20:52:48 -0400] "GET /robots.txt HTTP/1.1" 200 98 "-" "Mozilla/5.0 (Linux; Android 5.0) AppleWebKit/537.36 (KHTML, like Gecko) Mobile Safari/537.36 (compatible; Bytespider; https://zhanzhang.toutiao.com/)"
198.54.114.83 - - [02/Apr/2025:20:53:06 -0400] "POST /wp-cron.php?doing_wp_cron=1743641586.4838089942932128906250 HTTP/1.1" 200 0 "-" "WordPress/6.7.2; https://bakingsecurityin.com"
101.32.26.19 - - [02/Apr/2025:20:53:06 -0400] "GET /the-benefits-of-vegan-skin-care/ HTTP/1.1" 200 0 "-" "Python/3.10 aiohttp/3.10.5"
198.54.114.83 - - [02/Apr/2025:20:53:07 -0400] "POST /wp-admin/admin-ajax.php?action=async_litespeed&nonce=apEN6LLN51isPBX2POs9SlBfP84TSuhd&litespeed_type=imgoptm HTTP/1.1" 200 5 "-" "WordPress/6.7.2; https://bakingsecurityin.com"
85.208.96.201 - - [02/Apr/2025:20:53:19 -0400] "GET /shaping-the-future-of-sustainable-luxury-with-lab-grown-diamonds/ HTTP/1.1" 200 0 "-" "Mozilla/5.0 (compatible; SemrushBot/7~bl; +http://www.semrush.com/bot.html)"
198.54.114.83 - - [02/Apr/2025:20:53:52 -0400] "POST /wp-cron.php?doing_wp_cron=1743641631.9475638866424560546875 HTTP/1.1" 200 0 "-" "WordPress/6.7.2; https://bakingsecurityin.com"
47.238.13.10 - - [02/Apr/2025:20:53:51 -0400] "GET /author/ashdev/ HTTP/1.1" 200 0 "-" "Mozilla/5.0 (Macintosh; Intel Mac OS X 10_15_7) AppleWebKit/537.36 (KHTML, like Gecko) Chrome/109.0.0.0 Safari/537.36"
198.54.114.83 - - [02/Apr/2025:20:53:52 -0400] "POST /wp-admin/admin-ajax.php?action=async_litespeed&nonce=KEP2dLPEiuMJbQnANBDNfDNw6GeqcWfG&litespeed_type=imgoptm HTTP/1.1" 200 5 "-" "WordPress/6.7.2; https://bakingsecurityin.com"
198.54.114.83 - - [02/Apr/2025:21:02:14 -0400] "POST /wp-cron.php?doing_wp_cron=1743642133.4011309146881103515625 HTTP/1.1" 200 0 "-" "WordPress/6.7.2; https://bakingsecurityin.com"
51.222.253.4 - - [02/Apr/2025:21:02:10 -0400] "GET /category/activity/page/121/ HTTP/1.1" 200 0 "-" "Mozilla/5.0 (compatible; AhrefsBot/7.0; +http://ahrefs.com/robot/)"
198.54.114.83 - - [02/Apr/2025:21:02:14 -0400] "POST /wp-admin/admin-ajax.php?action=async_litespeed&nonce=6FGtobxYMl5ZdE9LIQDBHN3TOBhWtbwv&litespeed_type=imgoptm HTTP/1.1" 200 5 "-" "WordPress/6.7.2; https://bakingsecurityin.com"
98.85.82.111 - - [02/Apr/2025:21:02:22 -0400] "GET /careers-in-cyber-security/ HTTP/1.1" 200 0 "-" "Grammarly/1.0 (http://www.grammarly.com)"
198.54.114.83 - - [02/Apr/2025:21:07:55 -0400] "POST /wp-admin/admin-ajax.php?action=async_litespeed&nonce=B931fnkDDQ94ppPbgInv3miKu92Ft4hY&litespeed_type=imgoptm HTTP/1.1" 200 5 "-" "WordPress/6.7.2; https://bakingsecurityin.com"
198.54.114.83 - - [02/Apr/2025:21:08:55 -0400] "POST /wp-admin/admin-ajax.php?action=async_litespeed&nonce=zBYG5uIOc2nv8maZNxwlu4Pqq37XIPgk&litespeed_type=imgoptm HTTP/1.1" 200 5 "-" "WordPress/6.7.2; https://bakingsecurityin.com"
198.54.114.83 - - [02/Apr/2025:21:13:02 -0400] "POST /wp-cron.php?doing_wp_cron=1743642782.2090659141540527343750 HTTP/1.1" 200 0 "-" "WordPress/6.7.2; https://bakingsecurityin.com"
51.222.253.11 - - [02/Apr/2025:21:12:59 -0400] "GET /category/about-us/page/3/ HTTP/1.1" 200 0 "-" "Mozilla/5.0 (compatible; AhrefsBot/7.0; +http://ahrefs.com/robot/)"
198.54.114.83 - - [02/Apr/2025:21:13:03 -0400] "POST /wp-admin/admin-ajax.php?action=async_litespeed&nonce=ZbfF57SSBdEqQVvpNfmcluwHzfcvfHWX&litespeed_type=imgoptm HTTP/1.1" 200 5 "-" "WordPress/6.7.2; https://bakingsecurityin.com"
198.54.114.83 - - [02/Apr/2025:21:17:29 -0400] "POST /wp-cron.php?doing_wp_cron=1743643049.4756600856781005859375 HTTP/1.1" 200 0 "-" "WordPress/6.7.2; https://bakingsecurityin.com"
85.208.96.211 - - [02/Apr/2025:21:17:26 -0400] "GET /de-plus-soins-spa-centre-daffaires-et-salle-de-reunion-sont-a-votre-disposition-sur-place/ HTTP/1.1" 200 0 "-" "Mozilla/5.0 (compatible; SemrushBot/7~bl; +http://www.semrush.com/bot.html)"
198.54.114.83 - - [02/Apr/2025:21:17:30 -0400] "POST /wp-admin/admin-ajax.php?action=async_litespeed&nonce=wQ3JInUn9lecZNGK1Zs2yQ3yKMmSfrWZ&litespeed_type=imgoptm HTTP/1.1" 200 5 "-" "WordPress/6.7.2; https://bakingsecurityin.com"
198.54.114.83 - - [02/Apr/2025:21:18:58 -0400] "POST /wp-cron.php?doing_wp_cron=1743643137.9299559593200683593750 HTTP/1.1" 200 0 "-" "WordPress/6.7.2; https://bakingsecurityin.com"
3.128.204.196 - - [02/Apr/2025:21:18:56 -0400] "GET /maximizing-productivity-through-business-trip-massage HTTP/1.1" 301 0 "-" "Mozilla/5.0 AppleWebKit/537.36 (KHTML, like Gecko; compatible; ClaudeBot/1.0; +claudebot@anthropic.com)"
3.128.204.196 - - [02/Apr/2025:21:18:59 -0400] "GET /maximizing-productivity-through-business-trip-massage/ HTTP/1.1" 200 0 "https://bakingsecurityin.com/maximizing-productivity-through-business-trip-massage" "Mozilla/5.0 AppleWebKit/537.36 (KHTML, like Gecko; compatible; ClaudeBot/1.0; +claudebot@anthropic.com)"
198.54.114.83 - - [02/Apr/2025:21:18:59 -0400] "POST /wp-admin/admin-ajax.php?action=async_litespeed&nonce=BzL8PSX1TDzbLmAqxSFanL222g6XaBYg&litespeed_type=imgoptm HTTP/1.1" 200 5 "-" "WordPress/6.7.2; https://bakingsecurityin.com"
198.54.114.83 - - [02/Apr/2025:21:23:06 -0400] "POST /wp-cron.php?doing_wp_cron=1743643386.5162971019744873046875 HTTP/1.1" 200 0 "-" "WordPress/6.7.2; https://bakingsecurityin.com"
185.191.171.12 - - [02/Apr/2025:21:23:05 -0400] "GET /get-the-right-commercial-refrigerator-for-your-new-restaurant/ HTTP/1.1" 200 0 "-" "Mozilla/5.0 (compatible; SemrushBot/7~bl; +http://www.semrush.com/bot.html)"
198.54.114.83 - - [02/Apr/2025:21:23:07 -0400] "POST /wp-admin/admin-ajax.php?action=async_litespeed&nonce=iu6SAy1zmq4GaRJvqE2auZ1JVVD6eAy6&litespeed_type=imgoptm HTTP/1.1" 200 5 "-" "WordPress/6.7.2; https://bakingsecurityin.com"
119.28.52.89 - - [02/Apr/2025:21:24:35 -0400] "GET /caregiver-jobs-near-me-2/ HTTP/1.1" 200 0 "-" "Python/3.10 aiohttp/3.10.5"
198.54.114.83 - - [02/Apr/2025:21:24:39 -0400] "POST /wp-cron.php?doing_wp_cron=1743643477.3218150138854980468750 HTTP/1.1" 200 0 "-" "WordPress/6.7.2; https://bakingsecurityin.com"
198.54.114.83 - - [02/Apr/2025:21:24:41 -0400] "POST /wp-admin/admin-ajax.php?action=async_litespeed&nonce=yDTaTlID6H4GBQXJutUaL8f58839Q0iR&litespeed_type=imgoptm HTTP/1.1" 200 0 "-" "WordPress/6.7.2; https://bakingsecurityin.com"
51.222.253.1 - - [02/Apr/2025:21:25:03 -0400] "GET /category/activity/page/119/ HTTP/1.1" 200 0 "-" "Mozilla/5.0 (compatible; AhrefsBot/7.0; +http://ahrefs.com/robot/)"
85.208.96.205 - - [02/Apr/2025:21:26:46 -0400] "GET /robots.txt HTTP/1.1" 304 0 "-" "Mozilla/5.0 (compatible; SemrushBot/7~bl; +http://www.semrush.com/bot.html)"
198.54.114.83 - - [02/Apr/2025:21:26:49 -0400] "POST /wp-cron.php?doing_wp_cron=1743643608.4448039531707763671875 HTTP/1.1" 200 0 "-" "WordPress/6.7.2; https://bakingsecurityin.com"
85.208.96.200 - - [02/Apr/2025:21:26:46 -0400] "GET /how-to-develop-your-english-vocabulary/ HTTP/1.1" 200 0 "-" "Mozilla/5.0 (compatible; SemrushBot/7~bl; +http://www.semrush.com/bot.html)"
198.54.114.83 - - [02/Apr/2025:21:26:50 -0400] "POST /wp-admin/admin-ajax.php?action=async_litespeed&nonce=cA1kMLe7u5tvy3xVWwi4n5FPDAs1zSl9&litespeed_type=imgoptm HTTP/1.1" 200 0 "-" "WordPress/6.7.2; https://bakingsecurityin.com"
98.85.3.114 - - [02/Apr/2025:21:29:49 -0400] "GET /how-to-improve-your-selling-skills-and-help-your-team-get-more-comfort-in-front-of-prospects/ HTTP/1.1" 200 0 "-" "Grammarly/1.0 (http://www.grammarly.com)"
198.54.114.83 - - [02/Apr/2025:21:29:53 -0400] "POST /wp-cron.php?doing_wp_cron=1743643792.0398030281066894531250 HTTP/1.1" 200 0 "-" "WordPress/6.7.2; https://bakingsecurityin.com"
34.145.20.211 - - [02/Apr/2025:21:33:25 -0400] "GET /how-to-use-the-proximity-properly/ HTTP/1.1" 200 0 "-" "Mozilla/5.0 (Macintosh; Intel Mac OS X 10_15_7) AppleWebKit/605.1.15 (KHTML, like Gecko) Version/17.0 Safari/605.1.15"
198.54.114.83 - - [02/Apr/2025:21:36:05 -0400] "POST /wp-cron.php?doing_wp_cron=1743644164.9986939430236816406250 HTTP/1.1" 200 0 "-" "WordPress/6.7.2; https://bakingsecurityin.com"
51.222.253.12 - - [02/Apr/2025:21:36:01 -0400] "GET /how-to-use-the-national-insurance-website/ HTTP/1.1" 200 0 "-" "Mozilla/5.0 (compatible; AhrefsBot/7.0; +http://ahrefs.com/robot/)"
198.54.114.83 - - [02/Apr/2025:21:36:06 -0400] "POST /wp-admin/admin-ajax.php?action=async_litespeed&nonce=7N7CHiFYp43WkdP2w2gVJa475LySuwwv&litespeed_type=imgoptm HTTP/1.1" 200 0 "-" "WordPress/6.7.2; https://bakingsecurityin.com"
119.28.64.119 - - [02/Apr/2025:21:36:13 -0400] "GET /photoshoot-santorini/ HTTP/1.1" 200 0 "-" "Python/3.10 aiohttp/3.10.5"
198.54.114.83 - - [02/Apr/2025:21:37:18 -0400] "POST /wp-admin/admin-ajax.php?action=async_litespeed&nonce=L0wtqgP0tmtxQGfb5WydZDO74BnHfKXb&litespeed_type=imgoptm HTTP/1.1" 200 0 "-" "WordPress/6.7.2; https://bakingsecurityin.com"
107.180.249.30 - - [02/Apr/2025:21:37:18 -0400] "GET /wp-login.php HTTP/1.1" 200 1738 "-" "Mozilla/5.0 (Windows NT 10.0; Win64; x64; rv:61.0) Gecko/20100101 Firefox/61.0"
198.54.114.83 - - [02/Apr/2025:21:39:16 -0400] "POST /wp-cron.php?doing_wp_cron=1743644356.4179420471191406250000 HTTP/1.1" 200 0 "-" "WordPress/6.7.2; https://bakingsecurityin.com"
85.208.96.207 - - [02/Apr/2025:21:39:12 -0400] "GET /joyaux-culinaires-pres-de-chez-vous-explorer-les-meilleurs-restaurants-de-votre-region/ HTTP/1.1" 200 0 "-" "Mozilla/5.0 (compatible; SemrushBot/7~bl; +http://www.semrush.com/bot.html)"
198.54.114.83 - - [02/Apr/2025:21:39:17 -0400] "POST /wp-admin/admin-ajax.php?action=async_litespeed&nonce=FOQ1riR6lcUKFJ26QdWCQnV6UOeYh40l&litespeed_type=imgoptm HTTP/1.1" 200 0 "-" "WordPress/6.7.2; https://bakingsecurityin.com"
198.54.114.83 - - [02/Apr/2025:21:39:38 -0400] "POST /wp-cron.php?doing_wp_cron=1743644377.8593409061431884765625 HTTP/1.1" 200 0 "-" "WordPress/6.7.2; https://bakingsecurityin.com"
85.208.96.198 - - [02/Apr/2025:21:39:37 -0400] "GET /angst-sorge-schuchternheit-und-panik/ HTTP/1.1" 200 0 "-" "Mozilla/5.0 (compatible; SemrushBot/7~bl; +http://www.semrush.com/bot.html)"
198.54.114.83 - - [02/Apr/2025:21:39:39 -0400] "POST /wp-admin/admin-ajax.php?action=async_litespeed&nonce=cMa5QC1LmUzIL90C9ihkTB4TRQVBggNa&litespeed_type=imgoptm HTTP/1.1" 200 0 "-" "WordPress/6.7.2; https://bakingsecurityin.com"
85.208.96.211 - - [02/Apr/2025:21:41:34 -0400] "GET /florida-fha-loan-application/ HTTP/1.1" 200 0 "-" "Mozilla/5.0 (compatible; SemrushBot/7~bl; +http://www.semrush.com/bot.html)"
198.54.114.83 - - [02/Apr/2025:21:41:41 -0400] "POST /wp-cron.php?doing_wp_cron=1743644498.4722681045532226562500 HTTP/1.1" 200 0 "-" "WordPress/6.7.2; https://bakingsecurityin.com"
185.191.171.3 - - [02/Apr/2025:21:44:34 -0400] "GET /what-is-microsoft-azure-and-how-can-it-benefit-your-business/ HTTP/1.1" 200 0 "-" "Mozilla/5.0 (compatible; SemrushBot/7~bl; +http://www.semrush.com/bot.html)"
198.54.114.83 - - [02/Apr/2025:21:44:38 -0400] "POST /wp-cron.php?doing_wp_cron=1743644677.0118188858032226562500 HTTP/1.1" 200 0 "-" "WordPress/6.7.2; https://bakingsecurityin.com"
43.132.214.139 - - [02/Apr/2025:21:45:27 -0400] "GET /what-is-plumbing/ HTTP/1.1" 200 0 "-" "Python/3.10 aiohttp/3.10.5"
198.54.114.83 - - [02/Apr/2025:21:46:23 -0400] "POST /wp-admin/admin-ajax.php?action=async_litespeed&nonce=MTUvIawqZXmPGCUo77NXEKwJTUQESHQi&litespeed_type=imgoptm HTTP/1.1" 200 0 "-" "WordPress/6.7.2; https://bakingsecurityin.com"
198.54.114.83 - - [02/Apr/2025:21:48:32 -0400] "POST /wp-cron.php?doing_wp_cron=1743644912.5133531093597412109375 HTTP/1.1" 200 0 "-" "WordPress/6.7.2; https://bakingsecurityin.com"
51.222.253.4 - - [02/Apr/2025:21:48:29 -0400] "GET /buy-youtube-shares-to-get-more-views-likes-and-subscribers/ HTTP/1.1" 200 0 "-" "Mozilla/5.0 (compatible; AhrefsBot/7.0; +http://ahrefs.com/robot/)"
198.54.114.83 - - [02/Apr/2025:21:48:34 -0400] "POST /wp-admin/admin-ajax.php?action=async_litespeed&nonce=g41X1CKIWkk8Jxqp3AFwoLqPAeBnMcCT&litespeed_type=imgoptm HTTP/1.1" 200 0 "-" "WordPress/6.7.2; https://bakingsecurityin.com"
43.134.45.13 - - [02/Apr/2025:21:50:03 -0400] "GET /why-you-should-outsource-image-masking-services/ HTTP/1.1" 200 0 "https://bakingsecurityin.com" "Mozilla/5.0 (Windows NT 10.0; Win64; x64) AppleWebKit/537.36 (KHTML, like Gecko) Chrome/62.0.3202.94 Safari/537.36"
198.54.114.83 - - [02/Apr/2025:21:50:10 -0400] "POST /wp-cron.php?doing_wp_cron=1743645006.5622930526733398437500 HTTP/1.1" 200 0 "-" "WordPress/6.7.2; https://bakingsecurityin.com"
198.54.114.83 - - [02/Apr/2025:21:52:07 -0400] "POST /wp-cron.php?doing_wp_cron=1743645126.8488600254058837890625 HTTP/1.1" 200 0 "-" "WordPress/6.7.2; https://bakingsecurityin.com"
85.208.96.210 - - [02/Apr/2025:21:52:04 -0400] "GET /buying-followers-on-tiktok/ HTTP/1.1" 200 0 "-" "Mozilla/5.0 (compatible; SemrushBot/7~bl; +http://www.semrush.com/bot.html)"
198.54.114.83 - - [02/Apr/2025:21:52:08 -0400] "POST /wp-admin/admin-ajax.php?action=async_litespeed&nonce=alFekT6jPczj1R3WIXRQuPueiqOCS1gr&litespeed_type=imgoptm HTTP/1.1" 200 0 "-" "WordPress/6.7.2; https://bakingsecurityin.com"
198.54.114.83 - - [02/Apr/2025:22:00:00 -0400] "POST /wp-cron.php?doing_wp_cron=1743645600.4319889545440673828125 HTTP/1.1" 200 0 "-" "WordPress/6.7.2; https://bakingsecurityin.com"
51.222.253.4 - - [02/Apr/2025:21:59:58 -0400] "GET /puff-pastry-with-curry/ HTTP/1.1" 200 0 "-" "Mozilla/5.0 (compatible; AhrefsBot/7.0; +http://ahrefs.com/robot/)"
198.54.114.83 - - [02/Apr/2025:22:00:01 -0400] "POST /wp-admin/admin-ajax.php?action=async_litespeed&nonce=1cDCQmwia2uEJk5ARY1iwYydzcehwSgE&litespeed_type=imgoptm HTTP/1.1" 200 5 "-" "WordPress/6.7.2; https://bakingsecurityin.com"
85.208.96.200 - - [02/Apr/2025:22:00:20 -0400] "GET /dallas-housekeepers/ HTTP/1.1" 200 0 "-" "Mozilla/5.0 (compatible; SemrushBot/7~bl; +http://www.semrush.com/bot.html)"
198.54.114.83 - - [02/Apr/2025:22:02:55 -0400] "POST /wp-admin/admin-ajax.php?action=async_litespeed&nonce=U83oEJPPFpr9pM5IaZ5DaIeCTuam3HpR&litespeed_type=imgoptm HTTP/1.1" 200 5 "-" "WordPress/6.7.2; https://bakingsecurityin.com"
66.249.66.72 - - [02/Apr/2025:22:06:22 -0400] "GET /robots.txt HTTP/1.1" 304 0 "-" "Mozilla/5.0 (compatible; Googlebot/2.1; +http://www.google.com/bot.html)"
66.249.66.71 - - [02/Apr/2025:22:06:23 -0400] "GET /wp-content/uploads/2023/06/How-to-Turn-Off-Firewall-on-iPhone.jpg HTTP/1.1" 404 0 "-" "Googlebot-Image/1.0"
