198.54.114.83 - - [31/Mar/2025:00:46:10 -0400] "POST /wp-cron.php?doing_wp_cron=1743396370.2692909240722656250000 HTTP/1.1" 200 0 "-" "WordPress/6.7.2; https://bakingsecurityin.com"
51.222.253.13 - - [31/Mar/2025:00:46:08 -0400] "GET /seeing-a-specialist-in-a-back-clinic/ HTTP/1.1" 200 0 "-" "Mozilla/5.0 (compatible; AhrefsBot/7.0; +http://ahrefs.com/robot/)"
198.54.114.83 - - [31/Mar/2025:00:46:10 -0400] "POST /wp-admin/admin-ajax.php?action=async_litespeed&nonce=BJWnSewnUnpADrLwddxMrxkroayvH3cH&litespeed_type=imgoptm HTTP/1.1" 200 5 "-" "WordPress/6.7.2; https://bakingsecurityin.com"
198.54.114.83 - - [31/Mar/2025:00:47:27 -0400] "POST /wp-cron.php?doing_wp_cron=1743396447.3706350326538085937500 HTTP/1.1" 200 0 "-" "WordPress/6.7.2; https://bakingsecurityin.com"
51.222.253.12 - - [31/Mar/2025:00:47:25 -0400] "GET /finding-legal-support-in-queens-for-domestic-violence-cases/feed/ HTTP/1.1" 200 433 "-" "Mozilla/5.0 (compatible; AhrefsBot/7.0; +http://ahrefs.com/robot/)"
198.54.114.83 - - [31/Mar/2025:00:47:28 -0400] "POST /wp-admin/admin-ajax.php?action=async_litespeed&nonce=wC2cB2URVEwEAvXgOfM8gKFuZOdfyEcj&litespeed_type=imgoptm HTTP/1.1" 200 5 "-" "WordPress/6.7.2; https://bakingsecurityin.com"
51.222.253.7 - - [31/Mar/2025:00:48:38 -0400] "GET /why-you-should-outsource-image-masking-services/ HTTP/1.1" 200 0 "-" "Mozilla/5.0 (compatible; AhrefsBot/7.0; +http://ahrefs.com/robot/)"
198.54.114.83 - - [31/Mar/2025:00:50:06 -0400] "POST /wp-cron.php?doing_wp_cron=1743396605.8873250484466552734375 HTTP/1.1" 200 0 "-" "WordPress/6.7.2; https://bakingsecurityin.com"
51.222.253.9 - - [31/Mar/2025:00:50:04 -0400] "GET /effizienter-umzug-in-hamburg-mit-einem-professionellen-umzugsunternehmen/feed/ HTTP/1.1" 200 435 "-" "Mozilla/5.0 (compatible; AhrefsBot/7.0; +http://ahrefs.com/robot/)"
198.54.114.83 - - [31/Mar/2025:00:50:06 -0400] "POST /wp-admin/admin-ajax.php?action=async_litespeed&nonce=lbnEndZyiFl0gGo5u2DxJ7mhdVmMHyRo&litespeed_type=imgoptm HTTP/1.1" 200 5 "-" "WordPress/6.7.2; https://bakingsecurityin.com"
198.54.114.83 - - [31/Mar/2025:00:51:34 -0400] "POST /wp-cron.php?doing_wp_cron=1743396693.9317009449005126953125 HTTP/1.1" 200 0 "-" "WordPress/6.7.2; https://bakingsecurityin.com"
51.222.253.12 - - [31/Mar/2025:00:51:32 -0400] "GET /exploring-the-thrill-of-online-casinos/ HTTP/1.1" 200 0 "-" "Mozilla/5.0 (compatible; AhrefsBot/7.0; +http://ahrefs.com/robot/)"
198.54.114.83 - - [31/Mar/2025:00:52:58 -0400] "POST /wp-cron.php?doing_wp_cron=1743396778.5475890636444091796875 HTTP/1.1" 200 0 "-" "WordPress/6.7.2; https://bakingsecurityin.com"
51.222.253.6 - - [31/Mar/2025:00:52:56 -0400] "GET /ai-agent-redefining-intelligence-in-the-digital-age/ HTTP/1.1" 200 0 "-" "Mozilla/5.0 (compatible; AhrefsBot/7.0; +http://ahrefs.com/robot/)"
198.54.114.83 - - [31/Mar/2025:00:52:59 -0400] "POST /wp-admin/admin-ajax.php?action=async_litespeed&nonce=f8Kiz0GxEWNsH2YSVpHUaCUENJF4tYxN&litespeed_type=imgoptm HTTP/1.1" 200 0 "-" "WordPress/6.7.2; https://bakingsecurityin.com"
198.54.114.83 - - [31/Mar/2025:00:54:22 -0400] "POST /wp-cron.php?doing_wp_cron=1743396862.0978209972381591796875 HTTP/1.1" 200 0 "-" "WordPress/6.7.2; https://bakingsecurityin.com"
51.222.253.19 - - [31/Mar/2025:00:54:20 -0400] "GET /shell-pearl-necklace/feed/ HTTP/1.1" 200 382 "-" "Mozilla/5.0 (compatible; AhrefsBot/7.0; +http://ahrefs.com/robot/)"
198.54.114.83 - - [31/Mar/2025:00:54:22 -0400] "POST /wp-admin/admin-ajax.php?action=async_litespeed&nonce=KPmBDz9a7NueVMHQ9IHn6jBmRdVZN5xL&litespeed_type=imgoptm HTTP/1.1" 200 5 "-" "WordPress/6.7.2; https://bakingsecurityin.com"
51.222.253.10 - - [31/Mar/2025:00:55:34 -0400] "GET /fire-pump-manufacturer/ HTTP/1.1" 200 0 "-" "Mozilla/5.0 (compatible; AhrefsBot/7.0; +http://ahrefs.com/robot/)"
51.222.253.3 - - [31/Mar/2025:00:56:50 -0400] "GET /2023/12/ HTTP/1.1" 200 0 "-" "Mozilla/5.0 (compatible; AhrefsBot/7.0; +http://ahrefs.com/robot/)"
51.222.253.17 - - [31/Mar/2025:00:58:11 -0400] "GET /2021/07/ HTTP/1.1" 200 0 "-" "Mozilla/5.0 (compatible; AhrefsBot/7.0; +http://ahrefs.com/robot/)"
198.54.114.83 - - [31/Mar/2025:00:59:34 -0400] "POST /wp-cron.php?doing_wp_cron=1743397174.0992000102996826171875 HTTP/1.1" 200 0 "-" "WordPress/6.7.2; https://bakingsecurityin.com"
51.222.253.13 - - [31/Mar/2025:00:59:32 -0400] "GET /page/9/ HTTP/1.1" 200 0 "-" "Mozilla/5.0 (compatible; AhrefsBot/7.0; +http://ahrefs.com/robot/)"
198.54.114.83 - - [31/Mar/2025:00:59:34 -0400] "POST /wp-admin/admin-ajax.php?action=async_litespeed&nonce=0b0a6yHjeCVuLcZy02g02YNbGYcyCrXd&litespeed_type=imgoptm HTTP/1.1" 200 5 "-" "WordPress/6.7.2; https://bakingsecurityin.com"
198.54.114.83 - - [31/Mar/2025:01:01:00 -0400] "POST /wp-cron.php?doing_wp_cron=1743397259.5268650054931640625000 HTTP/1.1" 200 0 "-" "WordPress/6.7.2; https://bakingsecurityin.com"
51.222.253.7 - - [31/Mar/2025:01:00:58 -0400] "GET /choosing-conservatory-roof-panels/ HTTP/1.1" 200 0 "-" "Mozilla/5.0 (compatible; AhrefsBot/7.0; +http://ahrefs.com/robot/)"
198.54.114.83 - - [31/Mar/2025:01:01:00 -0400] "POST /wp-admin/admin-ajax.php?action=async_litespeed&nonce=DbdnKx5DCDytUSWXDencpwe1OvFjz1Wm&litespeed_type=imgoptm HTTP/1.1" 200 5 "-" "WordPress/6.7.2; https://bakingsecurityin.com"
198.54.114.83 - - [31/Mar/2025:01:02:17 -0400] "POST /wp-cron.php?doing_wp_cron=1743397337.5515339374542236328125 HTTP/1.1" 200 0 "-" "WordPress/6.7.2; https://bakingsecurityin.com"
51.222.253.13 - - [31/Mar/2025:01:02:17 -0400] "GET /preserving-heritage-amidst-modernity/ HTTP/1.1" 200 0 "-" "Mozilla/5.0 (compatible; AhrefsBot/7.0; +http://ahrefs.com/robot/)"
198.54.114.83 - - [31/Mar/2025:01:02:18 -0400] "POST /wp-admin/admin-ajax.php?action=async_litespeed&nonce=S9lLeyqg81IgzPxEyM42eIZDnFJug9sh&litespeed_type=imgoptm HTTP/1.1" 200 5 "-" "WordPress/6.7.2; https://bakingsecurityin.com"
198.54.114.83 - - [31/Mar/2025:01:03:50 -0400] "POST /wp-cron.php?doing_wp_cron=1743397429.8329870700836181640625 HTTP/1.1" 200 0 "-" "WordPress/6.7.2; https://bakingsecurityin.com"
51.222.253.13 - - [31/Mar/2025:01:03:48 -0400] "GET /window-shutters-north-east/ HTTP/1.1" 200 0 "-" "Mozilla/5.0 (compatible; AhrefsBot/7.0; +http://ahrefs.com/robot/)"
198.54.114.83 - - [31/Mar/2025:01:03:50 -0400] "POST /wp-admin/admin-ajax.php?action=async_litespeed&nonce=owZr0Fxs375g5ZIgRGqrgt5wIAqrZ5RG&litespeed_type=imgoptm HTTP/1.1" 200 5 "-" "WordPress/6.7.2; https://bakingsecurityin.com"
198.54.114.83 - - [31/Mar/2025:01:05:10 -0400] "POST /wp-cron.php?doing_wp_cron=1743397509.7507419586181640625000 HTTP/1.1" 200 0 "-" "WordPress/6.7.2; https://bakingsecurityin.com"
51.222.253.19 - - [31/Mar/2025:01:05:07 -0400] "GET /benefits-of-buying-hgh-in-canada/feed/ HTTP/1.1" 200 401 "-" "Mozilla/5.0 (compatible; AhrefsBot/7.0; +http://ahrefs.com/robot/)"
198.54.114.83 - - [31/Mar/2025:01:05:10 -0400] "POST /wp-admin/admin-ajax.php?action=async_litespeed&nonce=nkMoeNZv7NDK4NlFBT61b1ceSyvkUoZR&litespeed_type=imgoptm HTTP/1.1" 200 5 "-" "WordPress/6.7.2; https://bakingsecurityin.com"
178.20.43.173 - - [31/Mar/2025:01:05:32 -0400] "GET /how-does-red-light-therapy-work/ HTTP/1.1" 200 0 "https://bakingsecurityin.com/how-does-red-light-therapy-work/#comment-10841/" "Mozilla/5.0 (Windows NT 10.0; Win64; x64) AppleWebKit/537.36 (KHTML, like Gecko) Chrome/130.0.0.0 Safari/537.36 CCleaner/130.0.0.0"
198.54.114.83 - - [31/Mar/2025:01:05:33 -0400] "POST /wp-cron.php?doing_wp_cron=1743397533.2750821113586425781250 HTTP/1.1" 200 0 "-" "WordPress/6.7.2; https://bakingsecurityin.com"
178.20.43.173 - - [31/Mar/2025:01:05:33 -0400] "GET / HTTP/1.1" 200 0 "https://bakingsecurityin.com/" "Mozilla/5.0 (Windows NT 10.0; Win64; x64) AppleWebKit/537.36 (KHTML, like Gecko) Chrome/130.0.0.0 Safari/537.36 CCleaner/130.0.0.0"
51.222.253.14 - - [31/Mar/2025:01:06:26 -0400] "GET /choosing-a-camper-refrigerator/ HTTP/1.1" 200 0 "-" "Mozilla/5.0 (compatible; AhrefsBot/7.0; +http://ahrefs.com/robot/)"
198.54.114.83 - - [31/Mar/2025:01:07:55 -0400] "POST /wp-cron.php?doing_wp_cron=1743397674.4951400756835937500000 HTTP/1.1" 200 0 "-" "WordPress/6.7.2; https://bakingsecurityin.com"
51.222.253.4 - - [31/Mar/2025:01:07:53 -0400] "GET /haushaltsauflosung-in-luneburg-ihr-zuverlassiger-partner/ HTTP/1.1" 200 0 "-" "Mozilla/5.0 (compatible; AhrefsBot/7.0; +http://ahrefs.com/robot/)"
198.54.114.83 - - [31/Mar/2025:01:07:55 -0400] "POST /wp-admin/admin-ajax.php?action=async_litespeed&nonce=Wz69nC08J5wQQnGG0YUlz4j893cm5BX0&litespeed_type=imgoptm HTTP/1.1" 200 5 "-" "WordPress/6.7.2; https://bakingsecurityin.com"
198.54.114.83 - - [31/Mar/2025:01:09:10 -0400] "POST /wp-cron.php?doing_wp_cron=1743397750.3702011108398437500000 HTTP/1.1" 200 0 "-" "WordPress/6.7.2; https://bakingsecurityin.com"
51.222.253.3 - - [31/Mar/2025:01:09:09 -0400] "GET /category/general/feed/ HTTP/1.1" 200 9812 "-" "Mozilla/5.0 (compatible; AhrefsBot/7.0; +http://ahrefs.com/robot/)"
198.54.114.83 - - [31/Mar/2025:01:10:35 -0400] "POST /wp-cron.php?doing_wp_cron=1743397835.7539589405059814453125 HTTP/1.1" 200 0 "-" "WordPress/6.7.2; https://bakingsecurityin.com"
51.222.253.18 - - [31/Mar/2025:01:10:34 -0400] "GET /the-art-of-typing-speed-test/ HTTP/1.1" 200 0 "-" "Mozilla/5.0 (compatible; AhrefsBot/7.0; +http://ahrefs.com/robot/)"
198.54.114.83 - - [31/Mar/2025:01:10:36 -0400] "POST /wp-admin/admin-ajax.php?action=async_litespeed&nonce=pEgJvWApfEifGgQ4rlqgBBTP4CK5FiDe&litespeed_type=imgoptm HTTP/1.1" 200 5 "-" "WordPress/6.7.2; https://bakingsecurityin.com"
84.54.44.204 - - [31/Mar/2025:01:11:56 -0400] "GET /a-journey-into-skincare/ HTTP/1.1" 200 0 "https://bakingsecurityin.com/a-journey-into-skincare/" "Mozilla/5.0 (Windows NT 10.0; Win64; x64) AppleWebKit/537.36 (KHTML, like Gecko) Chrome/131.0.0.0 Safari/537.36"
198.54.114.83 - - [31/Mar/2025:01:11:58 -0400] "POST /wp-cron.php?doing_wp_cron=1743397917.8990020751953125000000 HTTP/1.1" 200 0 "-" "WordPress/6.7.2; https://bakingsecurityin.com"
84.54.44.204 - - [31/Mar/2025:01:11:57 -0400] "GET / HTTP/1.1" 200 0 "https://bakingsecurityin.com/" "Mozilla/5.0 (Windows NT 10.0; Win64; x64) AppleWebKit/537.36 (KHTML, like Gecko) Chrome/131.0.0.0 Safari/537.36"
198.54.114.83 - - [31/Mar/2025:01:11:58 -0400] "POST /wp-admin/admin-ajax.php?action=async_litespeed&nonce=noZgcBZvtZAuCT8mq32NMADZi9oHhXgy&litespeed_type=imgoptm HTTP/1.1" 200 5 "-" "WordPress/6.7.2; https://bakingsecurityin.com"
51.222.253.4 - - [31/Mar/2025:01:11:59 -0400] "GET /efficient-communication-for-realtors/feed/ HTTP/1.1" 200 396 "-" "Mozilla/5.0 (compatible; AhrefsBot/7.0; +http://ahrefs.com/robot/)"
198.54.114.83 - - [31/Mar/2025:01:13:16 -0400] "POST /wp-cron.php?doing_wp_cron=1743397996.0014359951019287109375 HTTP/1.1" 200 0 "-" "WordPress/6.7.2; https://bakingsecurityin.com"
51.222.253.17 - - [31/Mar/2025:01:13:15 -0400] "GET /mastering-ragdoll-archers-unblocked-game/feed/ HTTP/1.1" 200 407 "-" "Mozilla/5.0 (compatible; AhrefsBot/7.0; +http://ahrefs.com/robot/)"
198.54.114.83 - - [31/Mar/2025:01:13:17 -0400] "POST /wp-admin/admin-ajax.php?action=async_litespeed&nonce=FCQVrSg5CokIKTXvSqkz0qzl1TgWGRQf&litespeed_type=imgoptm HTTP/1.1" 200 0 "-" "WordPress/6.7.2; https://bakingsecurityin.com"
198.54.114.83 - - [31/Mar/2025:01:14:31 -0400] "POST /wp-cron.php?doing_wp_cron=1743398071.8486459255218505859375 HTTP/1.1" 200 0 "-" "WordPress/6.7.2; https://bakingsecurityin.com"
51.222.253.18 - - [31/Mar/2025:01:14:31 -0400] "GET /exploring-the-jervois-treasures-showflat/ HTTP/1.1" 200 0 "-" "Mozilla/5.0 (compatible; AhrefsBot/7.0; +http://ahrefs.com/robot/)"
198.54.114.83 - - [31/Mar/2025:01:14:32 -0400] "POST /wp-admin/admin-ajax.php?action=async_litespeed&nonce=Y7Do89yPVf6BWuPut9RmfJyfC82BaOJv&litespeed_type=imgoptm HTTP/1.1" 200 5 "-" "WordPress/6.7.2; https://bakingsecurityin.com"
51.222.253.6 - - [31/Mar/2025:01:15:56 -0400] "GET /2023/01/ HTTP/1.1" 200 0 "-" "Mozilla/5.0 (compatible; AhrefsBot/7.0; +http://ahrefs.com/robot/)"
198.54.114.83 - - [31/Mar/2025:01:16:00 -0400] "POST /wp-cron.php?doing_wp_cron=1743398159.0475308895111083984375 HTTP/1.1" 200 0 "-" "WordPress/6.7.2; https://bakingsecurityin.com"
198.54.114.83 - - [31/Mar/2025:01:17:40 -0400] "POST /wp-cron.php?doing_wp_cron=1743398259.2325260639190673828125 HTTP/1.1" 200 0 "-" "WordPress/6.7.2; https://bakingsecurityin.com"
51.222.253.6 - - [31/Mar/2025:01:17:37 -0400] "GET /how-to-grow-your-business-quickly-and-efficiently/ HTTP/1.1" 200 0 "-" "Mozilla/5.0 (compatible; AhrefsBot/7.0; +http://ahrefs.com/robot/)"
198.54.114.83 - - [31/Mar/2025:01:18:34 -0400] "POST /wp-cron.php?doing_wp_cron=1743398313.7863140106201171875000 HTTP/1.1" 200 0 "-" "WordPress/6.7.2; https://bakingsecurityin.com"
51.222.253.13 - - [31/Mar/2025:01:18:33 -0400] "GET /category/activity/page/8/ HTTP/1.1" 200 0 "-" "Mozilla/5.0 (compatible; AhrefsBot/7.0; +http://ahrefs.com/robot/)"
198.54.114.83 - - [31/Mar/2025:01:19:34 -0400] "POST /wp-admin/admin-ajax.php?action=async_litespeed&nonce=E38ZJjy9F3zcEU3FPe2TAHNNwXCDmz9r&litespeed_type=imgoptm HTTP/1.1" 200 5 "-" "WordPress/6.7.2; https://bakingsecurityin.com"
51.222.253.18 - - [31/Mar/2025:01:19:51 -0400] "GET / HTTP/1.1" 200 0 "-" "Mozilla/5.0 (compatible; AhrefsBot/7.0; +http://ahrefs.com/robot/)"
198.54.114.83 - - [31/Mar/2025:01:21:02 -0400] "POST /wp-cron.php?doing_wp_cron=1743398462.0376689434051513671875 HTTP/1.1" 200 0 "-" "WordPress/6.7.2; https://bakingsecurityin.com"
51.222.253.16 - - [31/Mar/2025:01:21:01 -0400] "GET /add-charm-to-your-home-with-a-cherub-figurine/ HTTP/1.1" 200 0 "-" "Mozilla/5.0 (compatible; AhrefsBot/7.0; +http://ahrefs.com/robot/)"
198.54.114.83 - - [31/Mar/2025:01:21:02 -0400] "POST /wp-admin/admin-ajax.php?action=async_litespeed&nonce=L4q4OrA32D2DSN4rig3OnNxJxcIZteDj&litespeed_type=imgoptm HTTP/1.1" 200 5 "-" "WordPress/6.7.2; https://bakingsecurityin.com"
198.54.114.83 - - [31/Mar/2025:01:22:24 -0400] "POST /wp-cron.php?doing_wp_cron=1743398544.6434359550476074218750 HTTP/1.1" 200 0 "-" "WordPress/6.7.2; https://bakingsecurityin.com"
51.222.253.19 - - [31/Mar/2025:01:22:24 -0400] "GET /relieve-work-stress-with-an-effective-business-trip-massage/feed/ HTTP/1.1" 200 483 "-" "Mozilla/5.0 (compatible; AhrefsBot/7.0; +http://ahrefs.com/robot/)"
198.54.114.83 - - [31/Mar/2025:01:22:25 -0400] "POST /wp-admin/admin-ajax.php?action=async_litespeed&nonce=mV5141rYSKzBGWU3zOKzXNJoILcw9n4f&litespeed_type=imgoptm HTTP/1.1" 200 0 "-" "WordPress/6.7.2; https://bakingsecurityin.com"
198.54.114.83 - - [31/Mar/2025:01:23:47 -0400] "POST /wp-cron.php?doing_wp_cron=1743398627.5334670543670654296875 HTTP/1.1" 200 0 "-" "WordPress/6.7.2; https://bakingsecurityin.com"
51.222.253.10 - - [31/Mar/2025:01:23:47 -0400] "GET /the-growing-popularity-of-online-casinos/feed/ HTTP/1.1" 200 408 "-" "Mozilla/5.0 (compatible; AhrefsBot/7.0; +http://ahrefs.com/robot/)"
198.54.114.83 - - [31/Mar/2025:01:23:48 -0400] "POST /wp-admin/admin-ajax.php?action=async_litespeed&nonce=PDT0SMu1aQDgyvCkULfqFXC15n4QghxJ&litespeed_type=imgoptm HTTP/1.1" 200 5 "-" "WordPress/6.7.2; https://bakingsecurityin.com"
51.222.253.9 - - [31/Mar/2025:01:25:06 -0400] "GET /a-natural-beauty-adorning-your-neck/feed/ HTTP/1.1" 200 406 "-" "Mozilla/5.0 (compatible; AhrefsBot/7.0; +http://ahrefs.com/robot/)"
198.54.114.83 - - [31/Mar/2025:01:26:25 -0400] "POST /wp-cron.php?doing_wp_cron=1743398784.8230240345001220703125 HTTP/1.1" 200 0 "-" "WordPress/6.7.2; https://bakingsecurityin.com"
51.222.253.15 - - [31/Mar/2025:01:26:24 -0400] "GET /how-to-choose-table-lamps/ HTTP/1.1" 200 0 "-" "Mozilla/5.0 (compatible; AhrefsBot/7.0; +http://ahrefs.com/robot/)"
198.54.114.83 - - [31/Mar/2025:01:26:25 -0400] "POST /wp-admin/admin-ajax.php?action=async_litespeed&nonce=V4SmiX8AtQOjZ0PmrLlXlyT2NmljLEKN&litespeed_type=imgoptm HTTP/1.1" 200 5 "-" "WordPress/6.7.2; https://bakingsecurityin.com"
198.54.114.83 - - [31/Mar/2025:01:27:44 -0400] "POST /wp-cron.php?doing_wp_cron=1743398864.0640559196472167968750 HTTP/1.1" 200 0 "-" "WordPress/6.7.2; https://bakingsecurityin.com"
51.222.253.8 - - [31/Mar/2025:01:27:43 -0400] "GET /business-trips-massage/feed/ HTTP/1.1" 200 380 "-" "Mozilla/5.0 (compatible; AhrefsBot/7.0; +http://ahrefs.com/robot/)"
198.54.114.83 - - [31/Mar/2025:01:27:45 -0400] "POST /wp-admin/admin-ajax.php?action=async_litespeed&nonce=keL6h06LnjClWg4thDTHlPxTVPkQMvQT&litespeed_type=imgoptm HTTP/1.1" 200 5 "-" "WordPress/6.7.2; https://bakingsecurityin.com"
198.54.114.83 - - [31/Mar/2025:01:29:05 -0400] "POST /wp-cron.php?doing_wp_cron=1743398945.0645520687103271484375 HTTP/1.1" 200 0 "-" "WordPress/6.7.2; https://bakingsecurityin.com"
51.222.253.20 - - [31/Mar/2025:01:29:03 -0400] "GET /a-mini-blender-packs-a-punch-in-a-tiny-package/ HTTP/1.1" 200 0 "-" "Mozilla/5.0 (compatible; AhrefsBot/7.0; +http://ahrefs.com/robot/)"
198.54.114.83 - - [31/Mar/2025:01:29:06 -0400] "POST /wp-admin/admin-ajax.php?action=async_litespeed&nonce=pg4D7UP8V0UDAlZWzzCbner4VSLkgWmK&litespeed_type=imgoptm HTTP/1.1" 200 5 "-" "WordPress/6.7.2; https://bakingsecurityin.com"
198.54.114.83 - - [31/Mar/2025:01:30:17 -0400] "POST /wp-cron.php?doing_wp_cron=1743399017.1173338890075683593750 HTTP/1.1" 200 0 "-" "WordPress/6.7.2; https://bakingsecurityin.com"
51.222.253.18 - - [31/Mar/2025:01:30:16 -0400] "GET /estepona-and-sotogrande-the-best-restaurants-in-estepona-and-sotogrande/ HTTP/1.1" 200 0 "-" "Mozilla/5.0 (compatible; AhrefsBot/7.0; +http://ahrefs.com/robot/)"
198.54.114.83 - - [31/Mar/2025:01:30:17 -0400] "POST /wp-admin/admin-ajax.php?action=async_litespeed&nonce=MWL7YvyAVwlKO72CE7qt5ph7jZ3TSPSu&litespeed_type=imgoptm HTTP/1.1" 200 5 "-" "WordPress/6.7.2; https://bakingsecurityin.com"
198.54.114.83 - - [31/Mar/2025:01:31:34 -0400] "POST /wp-cron.php?doing_wp_cron=1743399094.2877590656280517578125 HTTP/1.1" 200 0 "-" "WordPress/6.7.2; https://bakingsecurityin.com"
51.222.253.13 - - [31/Mar/2025:01:31:34 -0400] "GET /descubre-como-calcular-el-costo-de-peajes-en-mexico/ HTTP/1.1" 200 0 "-" "Mozilla/5.0 (compatible; AhrefsBot/7.0; +http://ahrefs.com/robot/)"
198.54.114.83 - - [31/Mar/2025:01:33:02 -0400] "POST /wp-cron.php?doing_wp_cron=1743399182.0474181175231933593750 HTTP/1.1" 200 0 "-" "WordPress/6.7.2; https://bakingsecurityin.com"
51.222.253.7 - - [31/Mar/2025:01:32:59 -0400] "GET /water-soluble-film-packaging-machine/ HTTP/1.1" 200 0 "-" "Mozilla/5.0 (compatible; AhrefsBot/7.0; +http://ahrefs.com/robot/)"
198.54.114.83 - - [31/Mar/2025:01:34:28 -0400] "POST /wp-cron.php?doing_wp_cron=1743399267.8315310478210449218750 HTTP/1.1" 200 0 "-" "WordPress/6.7.2; https://bakingsecurityin.com"
51.222.253.16 - - [31/Mar/2025:01:34:25 -0400] "GET /2025/01/ HTTP/1.1" 200 0 "-" "Mozilla/5.0 (compatible; AhrefsBot/7.0; +http://ahrefs.com/robot/)"
198.54.114.83 - - [31/Mar/2025:01:34:28 -0400] "POST /wp-admin/admin-ajax.php?action=async_litespeed&nonce=rQp4xpot8VMl1fmbqnUGtEPFl84pZiKg&litespeed_type=imgoptm HTTP/1.1" 200 5 "-" "WordPress/6.7.2; https://bakingsecurityin.com"
198.54.114.83 - - [31/Mar/2025:01:35:39 -0400] "POST /wp-cron.php?doing_wp_cron=1743399339.6775059700012207031250 HTTP/1.1" 200 0 "-" "WordPress/6.7.2; https://bakingsecurityin.com"
51.222.253.1 - - [31/Mar/2025:01:35:39 -0400] "GET /ekg-machines-whats-in-store-from-a-test/ HTTP/1.1" 200 0 "-" "Mozilla/5.0 (compatible; AhrefsBot/7.0; +http://ahrefs.com/robot/)"
198.54.114.83 - - [31/Mar/2025:01:35:40 -0400] "POST /wp-admin/admin-ajax.php?action=async_litespeed&nonce=MnjFo9BDpIMFL7ylvyv7o6lgRTFyYxgj&litespeed_type=imgoptm HTTP/1.1" 200 5 "-" "WordPress/6.7.2; https://bakingsecurityin.com"
195.2.76.117 - - [31/Mar/2025:01:36:20 -0400] "GET /a-journey-into-skincare/ HTTP/1.1" 200 0 "https://bakingsecurityin.com/a-journey-into-skincare/" "Mozilla/5.0 (Windows NT 10.0; Win64; x64) AppleWebKit/537.36 (KHTML, like Gecko) Chrome/129.0.0.0 Safari/537.36"
198.54.114.83 - - [31/Mar/2025:01:36:41 -0400] "POST /wp-cron.php?doing_wp_cron=1743399401.0345220565795898437500 HTTP/1.1" 200 0 "-" "WordPress/6.7.2; https://bakingsecurityin.com"
195.2.76.117 - - [31/Mar/2025:01:36:40 -0400] "GET / HTTP/1.1" 200 0 "https://bakingsecurityin.com/" "Mozilla/5.0 (Windows NT 10.0; Win64; x64) AppleWebKit/537.36 (KHTML, like Gecko) Chrome/129.0.0.0 Safari/537.36"
51.222.253.17 - - [31/Mar/2025:01:36:56 -0400] "GET /innovative-beleuchtung-moderne-hangelampen/ HTTP/1.1" 200 0 "-" "Mozilla/5.0 (compatible; AhrefsBot/7.0; +http://ahrefs.com/robot/)"
198.54.114.83 - - [31/Mar/2025:01:38:34 -0400] "POST /wp-cron.php?doing_wp_cron=1743399513.8328020572662353515625 HTTP/1.1" 200 0 "-" "WordPress/6.7.2; https://bakingsecurityin.com"
51.222.253.20 - - [31/Mar/2025:01:38:26 -0400] "GET /setting-up-ps5/ HTTP/1.1" 200 0 "-" "Mozilla/5.0 (compatible; AhrefsBot/7.0; +http://ahrefs.com/robot/)"
98.85.92.10 - - [31/Mar/2025:01:39:14 -0400] "GET /ice-breaker-questions-for-kids/ HTTP/1.1" 200 0 "-" "Grammarly/1.0 (http://www.grammarly.com)"
185.191.171.2 - - [31/Mar/2025:01:39:44 -0400] "GET /robots.txt HTTP/1.1" 304 0 "-" "Mozilla/5.0 (compatible; SemrushBot/7~bl; +http://www.semrush.com/bot.html)"
198.54.114.83 - - [31/Mar/2025:01:39:46 -0400] "POST /wp-cron.php?doing_wp_cron=1743399585.7020750045776367187500 HTTP/1.1" 200 0 "-" "WordPress/6.7.2; https://bakingsecurityin.com"
185.191.171.6 - - [31/Mar/2025:01:39:45 -0400] "GET /solid-conservatory-roof-panels/ HTTP/1.1" 200 0 "-" "Mozilla/5.0 (compatible; SemrushBot/7~bl; +http://www.semrush.com/bot.html)"
198.54.114.83 - - [31/Mar/2025:01:39:46 -0400] "POST /wp-admin/admin-ajax.php?action=async_litespeed&nonce=IhZ0j5I4ZwtNnrn8JM9Nkf3zcaJhqSRA&litespeed_type=imgoptm HTTP/1.1" 200 0 "-" "WordPress/6.7.2; https://bakingsecurityin.com"
51.222.253.1 - - [31/Mar/2025:01:39:49 -0400] "GET /custom-brand-socks/ HTTP/1.1" 200 0 "-" "Mozilla/5.0 (compatible; AhrefsBot/7.0; +http://ahrefs.com/robot/)"
198.54.114.83 - - [31/Mar/2025:01:41:04 -0400] "POST /wp-cron.php?doing_wp_cron=1743399663.9731600284576416015625 HTTP/1.1" 200 0 "-" "WordPress/6.7.2; https://bakingsecurityin.com"
51.222.253.9 - - [31/Mar/2025:01:41:03 -0400] "GET /relaxation-on-the-go/ HTTP/1.1" 200 0 "-" "Mozilla/5.0 (compatible; AhrefsBot/7.0; +http://ahrefs.com/robot/)"
198.54.114.83 - - [31/Mar/2025:01:41:04 -0400] "POST /wp-admin/admin-ajax.php?action=async_litespeed&nonce=hfFrCJZMNgOWNNPLZpnOkBtjmjMD2WK8&litespeed_type=imgoptm HTTP/1.1" 200 5 "-" "WordPress/6.7.2; https://bakingsecurityin.com"
198.54.114.83 - - [31/Mar/2025:01:42:30 -0400] "POST /wp-cron.php?doing_wp_cron=1743399750.5444290637969970703125 HTTP/1.1" 200 0 "-" "WordPress/6.7.2; https://bakingsecurityin.com"
51.222.253.15 - - [31/Mar/2025:01:42:28 -0400] "GET /why-you-should-consider-a-job-at-a-ux-design-agency/ HTTP/1.1" 200 0 "-" "Mozilla/5.0 (compatible; AhrefsBot/7.0; +http://ahrefs.com/robot/)"
198.54.114.83 - - [31/Mar/2025:01:42:31 -0400] "POST /wp-admin/admin-ajax.php?action=async_litespeed&nonce=gpnWTeNOHPVohtVDFFF0xQzofTO4Cekg&litespeed_type=imgoptm HTTP/1.1" 200 5 "-" "WordPress/6.7.2; https://bakingsecurityin.com"
195.191.219.132 - - [31/Mar/2025:01:42:44 -0400] "GET /robots.txt HTTP/1.1" 304 0 "-" "Mozilla/5.0 (compatible; MJ12bot/v2.0.0; http://mj12bot.com/)"
195.191.219.132 - - [31/Mar/2025:01:42:45 -0400] "GET /the-rise-of-online-betting-and-its-popularity/ HTTP/1.1" 200 0 "-" "Mozilla/5.0 (compatible; MJ12bot/v2.0.0; http://mj12bot.com/)"
198.54.114.83 - - [31/Mar/2025:01:43:52 -0400] "POST /wp-cron.php?doing_wp_cron=1743399832.6448810100555419921875 HTTP/1.1" 200 0 "-" "WordPress/6.7.2; https://bakingsecurityin.com"
51.222.253.8 - - [31/Mar/2025:01:43:52 -0400] "GET /the-exquisite-elegance-of-the-reserve-residences-showroom/ HTTP/1.1" 200 0 "-" "Mozilla/5.0 (compatible; AhrefsBot/7.0; +http://ahrefs.com/robot/)"
198.54.114.83 - - [31/Mar/2025:01:43:53 -0400] "POST /wp-admin/admin-ajax.php?action=async_litespeed&nonce=4dXy5FG2OLXBP9yLeplLOR3GQWrn5Wsb&litespeed_type=imgoptm HTTP/1.1" 200 5 "-" "WordPress/6.7.2; https://bakingsecurityin.com"
198.54.114.83 - - [31/Mar/2025:01:45:13 -0400] "POST /wp-cron.php?doing_wp_cron=1743399912.9526219367980957031250 HTTP/1.1" 200 0 "-" "WordPress/6.7.2; https://bakingsecurityin.com"
51.222.253.1 - - [31/Mar/2025:01:45:12 -0400] "GET /maximizing-productivity-through-business-trip-massage/ HTTP/1.1" 200 0 "-" "Mozilla/5.0 (compatible; AhrefsBot/7.0; +http://ahrefs.com/robot/)"
198.54.114.83 - - [31/Mar/2025:01:45:13 -0400] "POST /wp-admin/admin-ajax.php?action=async_litespeed&nonce=Xf0pXb760wdZl69eZ1lHwhnegGFtSOJh&litespeed_type=imgoptm HTTP/1.1" 200 5 "-" "WordPress/6.7.2; https://bakingsecurityin.com"
51.222.253.4 - - [31/Mar/2025:01:46:30 -0400] "GET /author/jorge/ HTTP/1.1" 200 0 "-" "Mozilla/5.0 (compatible; AhrefsBot/7.0; +http://ahrefs.com/robot/)"
51.222.253.4 - - [31/Mar/2025:01:47:48 -0400] "GET /how-to-read-a-screw-size-chart/ HTTP/1.1" 200 0 "-" "Mozilla/5.0 (compatible; AhrefsBot/7.0; +http://ahrefs.com/robot/)"
198.54.114.83 - - [31/Mar/2025:01:49:09 -0400] "POST /wp-cron.php?doing_wp_cron=1743400149.2729279994964599609375 HTTP/1.1" 200 0 "-" "WordPress/6.7.2; https://bakingsecurityin.com"
51.222.253.8 - - [31/Mar/2025:01:49:08 -0400] "GET /why-you-need-a-drunk-driving-defense-lawyer/ HTTP/1.1" 200 0 "-" "Mozilla/5.0 (compatible; AhrefsBot/7.0; +http://ahrefs.com/robot/)"
198.54.114.83 - - [31/Mar/2025:01:49:09 -0400] "POST /wp-admin/admin-ajax.php?action=async_litespeed&nonce=WY5zd8kAJGIeXtYS2n2nTAOsNbhlcgqg&litespeed_type=imgoptm HTTP/1.1" 200 5 "-" "WordPress/6.7.2; https://bakingsecurityin.com"
198.54.114.83 - - [31/Mar/2025:01:50:21 -0400] "POST /wp-cron.php?doing_wp_cron=1743400221.6839380264282226562500 HTTP/1.1" 200 0 "-" "WordPress/6.7.2; https://bakingsecurityin.com"
51.222.253.18 - - [31/Mar/2025:01:50:21 -0400] "GET /how-to-find-a-good-cbd-shop/ HTTP/1.1" 200 0 "-" "Mozilla/5.0 (compatible; AhrefsBot/7.0; +http://ahrefs.com/robot/)"
198.54.114.83 - - [31/Mar/2025:01:50:22 -0400] "POST /wp-admin/admin-ajax.php?action=async_litespeed&nonce=U6KAFQuL2qQewGCabyDzQNMrKBcMV8AD&litespeed_type=imgoptm HTTP/1.1" 200 5 "-" "WordPress/6.7.2; https://bakingsecurityin.com"
51.222.253.17 - - [31/Mar/2025:01:51:51 -0400] "GET /security-guard-services-for-miami-beach-protection/feed/ HTTP/1.1" 200 422 "-" "Mozilla/5.0 (compatible; AhrefsBot/7.0; +http://ahrefs.com/robot/)"
185.191.171.9 - - [31/Mar/2025:01:52:37 -0400] "GET /how-to-find-a-sex-therapist-san-diego/ HTTP/1.1" 200 0 "-" "Mozilla/5.0 (compatible; SemrushBot/7~bl; +http://www.semrush.com/bot.html)"
198.54.114.83 - - [31/Mar/2025:01:53:31 -0400] "POST /wp-cron.php?doing_wp_cron=1743400411.1927659511566162109375 HTTP/1.1" 200 0 "-" "WordPress/6.7.2; https://bakingsecurityin.com"
51.222.253.10 - - [31/Mar/2025:01:53:30 -0400] "GET /playing-casino-games-on-the-internet/feed/ HTTP/1.1" 200 400 "-" "Mozilla/5.0 (compatible; AhrefsBot/7.0; +http://ahrefs.com/robot/)"
178.20.43.173 - - [31/Mar/2025:01:55:05 -0400] "GET /how-does-red-light-therapy-work/ HTTP/1.1" 200 0 "https://bakingsecurityin.com/how-does-red-light-therapy-work/#comment-10841/" "Mozilla/5.0 (Windows NT 10.0; Win64; x64) AppleWebKit/537.36 (KHTML, like Gecko) Chrome/130.0.0.0 Safari/537.36"
51.222.253.20 - - [31/Mar/2025:01:55:24 -0400] "GET /unveiling-the-truth-should-you-buy-youtube-views/ HTTP/1.1" 200 0 "-" "Mozilla/5.0 (compatible; AhrefsBot/7.0; +http://ahrefs.com/robot/)"
198.54.114.83 - - [31/Mar/2025:01:55:25 -0400] "POST /wp-cron.php?doing_wp_cron=1743400525.4944970607757568359375 HTTP/1.1" 200 0 "-" "WordPress/6.7.2; https://bakingsecurityin.com"
178.20.43.173 - - [31/Mar/2025:01:55:25 -0400] "GET / HTTP/1.1" 200 0 "https://bakingsecurityin.com/" "Mozilla/5.0 (Windows NT 10.0; Win64; x64) AppleWebKit/537.36 (KHTML, like Gecko) Chrome/130.0.0.0 Safari/537.36"
198.54.114.83 - - [31/Mar/2025:01:55:26 -0400] "POST /wp-admin/admin-ajax.php?action=async_litespeed&nonce=qsdNzyNsR1tClAZgx5iY4idOYpFpdyAC&litespeed_type=imgoptm HTTP/1.1" 200 5 "-" "WordPress/6.7.2; https://bakingsecurityin.com"
185.231.154.128 - - [31/Mar/2025:01:56:11 -0400] "GET / HTTP/1.1" 200 0 "https://bakingsecurityin.com/" "Mozilla/5.0 (Windows NT 10.0; Win64; x64) AppleWebKit/537.36 (KHTML, like Gecko) Chrome/131.0.0.0 Safari/537.36"
198.54.114.83 - - [31/Mar/2025:01:57:06 -0400] "POST /wp-cron.php?doing_wp_cron=1743400626.2402579784393310546875 HTTP/1.1" 200 0 "-" "WordPress/6.7.2; https://bakingsecurityin.com"
51.222.253.16 - - [31/Mar/2025:01:57:04 -0400] "GET /selecting-a-fire-pump-manufacturer/ HTTP/1.1" 200 0 "-" "Mozilla/5.0 (compatible; AhrefsBot/7.0; +http://ahrefs.com/robot/)"
198.54.114.83 - - [31/Mar/2025:01:57:07 -0400] "POST /wp-admin/admin-ajax.php?action=async_litespeed&nonce=1RlDGCJ09YVjVV0jxu6FPCCAsnrpcPlH&litespeed_type=imgoptm HTTP/1.1" 200 0 "-" "WordPress/6.7.2; https://bakingsecurityin.com"
198.54.114.83 - - [31/Mar/2025:01:58:27 -0400] "POST /wp-cron.php?doing_wp_cron=1743400707.1337831020355224609375 HTTP/1.1" 200 0 "-" "WordPress/6.7.2; https://bakingsecurityin.com"
51.222.253.2 - - [31/Mar/2025:01:58:26 -0400] "GET /8-reasons-to-buy-paint-by-numbers/ HTTP/1.1" 200 0 "-" "Mozilla/5.0 (compatible; AhrefsBot/7.0; +http://ahrefs.com/robot/)"
198.54.114.83 - - [31/Mar/2025:01:58:27 -0400] "POST /wp-admin/admin-ajax.php?action=async_litespeed&nonce=DfV6HswhvgMaQOgYEmGxOQ4Wvrhqr3Uo&litespeed_type=imgoptm HTTP/1.1" 200 5 "-" "WordPress/6.7.2; https://bakingsecurityin.com"
198.54.114.83 - - [31/Mar/2025:01:59:43 -0400] "POST /wp-cron.php?doing_wp_cron=1743400782.8692200183868408203125 HTTP/1.1" 200 0 "-" "WordPress/6.7.2; https://bakingsecurityin.com"
51.222.253.1 - - [31/Mar/2025:01:59:42 -0400] "GET /how-to-write-a-powerful-about-attorney-bio/ HTTP/1.1" 200 0 "-" "Mozilla/5.0 (compatible; AhrefsBot/7.0; +http://ahrefs.com/robot/)"
198.54.114.83 - - [31/Mar/2025:01:59:43 -0400] "POST /wp-admin/admin-ajax.php?action=async_litespeed&nonce=rf7ZZrdr7aLDvu0X3S0vThj5uemziTuL&litespeed_type=imgoptm HTTP/1.1" 200 5 "-" "WordPress/6.7.2; https://bakingsecurityin.com"
198.54.114.83 - - [31/Mar/2025:02:00:53 -0400] "POST /wp-cron.php?doing_wp_cron=1743400852.8879120349884033203125 HTTP/1.1" 200 0 "-" "WordPress/6.7.2; https://bakingsecurityin.com"
51.222.253.2 - - [31/Mar/2025:02:00:52 -0400] "GET /lelegance-intemporelle-du-quai-du-mont-blanc/ HTTP/1.1" 200 0 "-" "Mozilla/5.0 (compatible; AhrefsBot/7.0; +http://ahrefs.com/robot/)"
51.222.253.10 - - [31/Mar/2025:02:02:00 -0400] "GET /2020/12/ HTTP/1.1" 200 0 "-" "Mozilla/5.0 (compatible; AhrefsBot/7.0; +http://ahrefs.com/robot/)"
198.54.114.83 - - [31/Mar/2025:02:03:17 -0400] "POST /wp-cron.php?doing_wp_cron=1743400997.4672300815582275390625 HTTP/1.1" 200 0 "-" "WordPress/6.7.2; https://bakingsecurityin.com"
51.222.253.10 - - [31/Mar/2025:02:03:17 -0400] "GET /the-rise-of-graphene-battery-manufacturer/ HTTP/1.1" 200 0 "-" "Mozilla/5.0 (compatible; AhrefsBot/7.0; +http://ahrefs.com/robot/)"
198.54.114.83 - - [31/Mar/2025:02:03:17 -0400] "POST /wp-admin/admin-ajax.php?action=async_litespeed&nonce=S0XTkLoaTZd7q3jb5d1fVg7vp2igsFNx&litespeed_type=imgoptm HTTP/1.1" 200 5 "-" "WordPress/6.7.2; https://bakingsecurityin.com"
51.222.253.11 - - [31/Mar/2025:02:04:42 -0400] "GET /comprehensive-physiotherapy-care-in-auckland/ HTTP/1.1" 200 0 "-" "Mozilla/5.0 (compatible; AhrefsBot/7.0; +http://ahrefs.com/robot/)"
198.54.114.83 - - [31/Mar/2025:02:05:56 -0400] "POST /wp-cron.php?doing_wp_cron=1743401155.7210440635681152343750 HTTP/1.1" 200 0 "-" "WordPress/6.7.2; https://bakingsecurityin.com"
51.222.253.15 - - [31/Mar/2025:02:05:52 -0400] "GET /der-weg-zur-mentalen-gesundheit-mit-einem-psychologen/feed/ HTTP/1.1" 200 422 "-" "Mozilla/5.0 (compatible; AhrefsBot/7.0; +http://ahrefs.com/robot/)"
198.54.114.83 - - [31/Mar/2025:02:05:56 -0400] "POST /wp-admin/admin-ajax.php?action=async_litespeed&nonce=9IWegpFVHDH4t5rxHBps6PKohjG6h84a&litespeed_type=imgoptm HTTP/1.1" 200 0 "-" "WordPress/6.7.2; https://bakingsecurityin.com"
198.54.114.83 - - [31/Mar/2025:02:07:05 -0400] "POST /wp-cron.php?doing_wp_cron=1743401225.3806989192962646484375 HTTP/1.1" 200 0 "-" "WordPress/6.7.2; https://bakingsecurityin.com"
51.222.253.1 - - [31/Mar/2025:02:07:05 -0400] "GET /bridging-bonds-the-craftsmanship-of-a-double-sided-adhesive-tape-manufacturer/ HTTP/1.1" 200 0 "-" "Mozilla/5.0 (compatible; AhrefsBot/7.0; +http://ahrefs.com/robot/)"
198.54.114.83 - - [31/Mar/2025:02:07:06 -0400] "POST /wp-admin/admin-ajax.php?action=async_litespeed&nonce=D7pvR50D6fS7PUSUYm4CBluAdDXwrZ0p&litespeed_type=imgoptm HTTP/1.1" 200 5 "-" "WordPress/6.7.2; https://bakingsecurityin.com"
198.54.114.83 - - [31/Mar/2025:02:08:12 -0400] "POST /wp-cron.php?doing_wp_cron=1743401292.2023921012878417968750 HTTP/1.1" 200 0 "-" "WordPress/6.7.2; https://bakingsecurityin.com"
51.222.253.1 - - [31/Mar/2025:02:08:12 -0400] "GET /mediation-in-family-law-cases/ HTTP/1.1" 200 0 "-" "Mozilla/5.0 (compatible; AhrefsBot/7.0; +http://ahrefs.com/robot/)"
198.54.114.83 - - [31/Mar/2025:02:08:12 -0400] "POST /wp-admin/admin-ajax.php?action=async_litespeed&nonce=8c9aUzM0AyfWtO5ihupEzu6r30WiKvFH&litespeed_type=imgoptm HTTP/1.1" 200 5 "-" "WordPress/6.7.2; https://bakingsecurityin.com"
51.222.253.16 - - [31/Mar/2025:02:09:20 -0400] "GET /exploring-the-chuan-park-showflat/ HTTP/1.1" 200 0 "-" "Mozilla/5.0 (compatible; AhrefsBot/7.0; +http://ahrefs.com/robot/)"
51.222.253.10 - - [31/Mar/2025:02:10:36 -0400] "GET /page/129/ HTTP/1.1" 200 0 "-" "Mozilla/5.0 (compatible; AhrefsBot/7.0; +http://ahrefs.com/robot/)"
198.54.114.83 - - [31/Mar/2025:02:11:48 -0400] "POST /wp-cron.php?doing_wp_cron=1743401508.3603401184082031250000 HTTP/1.1" 200 0 "-" "WordPress/6.7.2; https://bakingsecurityin.com"
51.222.253.14 - - [31/Mar/2025:02:11:47 -0400] "GET /2021/06/ HTTP/1.1" 200 0 "-" "Mozilla/5.0 (compatible; AhrefsBot/7.0; +http://ahrefs.com/robot/)"
198.54.114.83 - - [31/Mar/2025:02:11:49 -0400] "POST /wp-admin/admin-ajax.php?action=async_litespeed&nonce=dJ8G284bi0snJepYbyEI4dB6wZwokRgh&litespeed_type=imgoptm HTTP/1.1" 200 5 "-" "WordPress/6.7.2; https://bakingsecurityin.com"
51.222.253.15 - - [31/Mar/2025:02:12:53 -0400] "GET /why-bitcoin-dedicated-servers-matter-for-cryptocurrency-operations/feed/ HTTP/1.1" 200 436 "-" "Mozilla/5.0 (compatible; AhrefsBot/7.0; +http://ahrefs.com/robot/)"
85.208.96.201 - - [31/Mar/2025:02:13:48 -0400] "GET /wie-man-ein-japanisches-katana-herstellt/ HTTP/1.1" 200 0 "-" "Mozilla/5.0 (compatible; SemrushBot/7~bl; +http://www.semrush.com/bot.html)"
198.54.114.83 - - [31/Mar/2025:02:14:17 -0400] "POST /wp-cron.php?doing_wp_cron=1743401657.5718340873718261718750 HTTP/1.1" 200 0 "-" "WordPress/6.7.2; https://bakingsecurityin.com"
51.222.253.19 - - [31/Mar/2025:02:14:17 -0400] "GET /how-to-choose-the-best-soccer-grip-socks/ HTTP/1.1" 200 0 "-" "Mozilla/5.0 (compatible; AhrefsBot/7.0; +http://ahrefs.com/robot/)"
198.54.114.83 - - [31/Mar/2025:02:14:18 -0400] "POST /wp-admin/admin-ajax.php?action=async_litespeed&nonce=lfFQQv2Zl6RyCw6UA6DA13NuooEU77rv&litespeed_type=imgoptm HTTP/1.1" 200 5 "-" "WordPress/6.7.2; https://bakingsecurityin.com"
2a02:598:128:8a00::b00:1d - - [31/Mar/2025:02:14:31 -0400] "GET /robots.txt HTTP/1.1" 200 98 "-" "Mozilla/5.0 (compatible; SeznamBot/4.0; +https://o-seznam.cz/napoveda/vyhledavani/en/seznambot-crawler/)"
198.54.114.83 - - [31/Mar/2025:02:14:34 -0400] "POST /wp-cron.php?doing_wp_cron=1743401674.5557689666748046875000 HTTP/1.1" 200 0 "-" "WordPress/6.7.2; https://bakingsecurityin.com"
2a02:598:128:8a00::b00:1d - - [31/Mar/2025:02:14:34 -0400] "GET /the-hill-shore/ HTTP/1.1" 200 0 "-" "Mozilla/5.0 (compatible; SeznamBot/4.0; +https://o-seznam.cz/napoveda/vyhledavani/en/seznambot-crawler/)"
51.222.253.8 - - [31/Mar/2025:02:15:32 -0400] "GET /scheidungsanwalt-in-hattingen-expertise-und-unterstutzung-in-schwierigen-zeiten/ HTTP/1.1" 200 0 "-" "Mozilla/5.0 (compatible; AhrefsBot/7.0; +http://ahrefs.com/robot/)"
198.54.114.83 - - [31/Mar/2025:02:15:33 -0400] "POST /wp-admin/admin-ajax.php?action=async_litespeed&nonce=pl8hT5n3STd0n1rRkm6d40c66gr8DhLl&litespeed_type=imgoptm HTTP/1.1" 200 5 "-" "WordPress/6.7.2; https://bakingsecurityin.com"
51.222.253.18 - - [31/Mar/2025:02:16:44 -0400] "GET /buroreinigung-hamburg/ HTTP/1.1" 200 0 "-" "Mozilla/5.0 (compatible; AhrefsBot/7.0; +http://ahrefs.com/robot/)"
51.222.253.12 - - [31/Mar/2025:02:17:58 -0400] "GET /optimizing-performance-with-bitcoin-dedicated-servers/feed/ HTTP/1.1" 200 414 "-" "Mozilla/5.0 (compatible; AhrefsBot/7.0; +http://ahrefs.com/robot/)"
198.54.114.83 - - [31/Mar/2025:02:19:10 -0400] "POST /wp-cron.php?doing_wp_cron=1743401950.0356550216674804687500 HTTP/1.1" 200 0 "-" "WordPress/6.7.2; https://bakingsecurityin.com"
51.222.253.20 - - [31/Mar/2025:02:19:09 -0400] "GET /grandes-visites-gratuites-et-bon-marche-de-la-ville-de-geneve/ HTTP/1.1" 200 0 "-" "Mozilla/5.0 (compatible; AhrefsBot/7.0; +http://ahrefs.com/robot/)"
198.54.114.83 - - [31/Mar/2025:02:19:10 -0400] "POST /wp-admin/admin-ajax.php?action=async_litespeed&nonce=aJfwzzZqxpyzqXxzaaaZ7q5vjhMy2vfV&litespeed_type=imgoptm HTTP/1.1" 200 5 "-" "WordPress/6.7.2; https://bakingsecurityin.com"
51.222.253.12 - - [31/Mar/2025:02:20:30 -0400] "GET /2024/08/ HTTP/1.1" 200 0 "-" "Mozilla/5.0 (compatible; AhrefsBot/7.0; +http://ahrefs.com/robot/)"
198.54.114.83 - - [31/Mar/2025:02:21:48 -0400] "POST /wp-cron.php?doing_wp_cron=1743402107.9876179695129394531250 HTTP/1.1" 200 0 "-" "WordPress/6.7.2; https://bakingsecurityin.com"
51.222.253.15 - - [31/Mar/2025:02:21:47 -0400] "GET /free-standing-fireplaces-are-designed-to-easily-fit-in-any-room/ HTTP/1.1" 200 0 "-" "Mozilla/5.0 (compatible; AhrefsBot/7.0; +http://ahrefs.com/robot/)"
198.54.114.83 - - [31/Mar/2025:02:21:48 -0400] "POST /wp-admin/admin-ajax.php?action=async_litespeed&nonce=6DjdK1ltH8ACzyNAVYGWUDDVlFZsPvs9&litespeed_type=imgoptm HTTP/1.1" 200 5 "-" "WordPress/6.7.2; https://bakingsecurityin.com"
198.54.114.83 - - [31/Mar/2025:02:23:11 -0400] "POST /wp-cron.php?doing_wp_cron=1743402191.4550900459289550781250 HTTP/1.1" 200 0 "-" "WordPress/6.7.2; https://bakingsecurityin.com"
51.222.253.1 - - [31/Mar/2025:02:23:11 -0400] "GET /2024/03/ HTTP/1.1" 200 0 "-" "Mozilla/5.0 (compatible; AhrefsBot/7.0; +http://ahrefs.com/robot/)"
185.191.171.8 - - [31/Mar/2025:02:23:11 -0400] "GET /centrul-de-meditatie-si-dezvoltare-personala-ocupa-locul-orasului-bucuresti/ HTTP/1.1" 200 0 "-" "Mozilla/5.0 (compatible; SemrushBot/7~bl; +http://www.semrush.com/bot.html)"
198.54.114.83 - - [31/Mar/2025:02:23:12 -0400] "POST /wp-admin/admin-ajax.php?action=async_litespeed&nonce=aellurFkJcUuy84kTK5vwxvLteeevBNF&litespeed_type=imgoptm HTTP/1.1" 200 5 "-" "WordPress/6.7.2; https://bakingsecurityin.com"
51.222.253.12 - - [31/Mar/2025:02:24:33 -0400] "GET /teens-vaping-the-dangers-of-vaping/ HTTP/1.1" 200 0 "-" "Mozilla/5.0 (compatible; AhrefsBot/7.0; +http://ahrefs.com/robot/)"
198.54.114.83 - - [31/Mar/2025:02:25:57 -0400] "POST /wp-cron.php?doing_wp_cron=1743402357.5081698894500732421875 HTTP/1.1" 200 0 "-" "WordPress/6.7.2; https://bakingsecurityin.com"
51.222.253.1 - - [31/Mar/2025:02:25:57 -0400] "GET /revolutionizing-kitchen-convenience-the-instant-hot-and-cold-water-tap/ HTTP/1.1" 200 0 "-" "Mozilla/5.0 (compatible; AhrefsBot/7.0; +http://ahrefs.com/robot/)"
51.222.253.17 - - [31/Mar/2025:02:27:15 -0400] "GET /2024/09/ HTTP/1.1" 200 0 "-" "Mozilla/5.0 (compatible; AhrefsBot/7.0; +http://ahrefs.com/robot/)"
198.54.114.83 - - [31/Mar/2025:02:28:38 -0400] "POST /wp-cron.php?doing_wp_cron=1743402518.1163640022277832031250 HTTP/1.1" 200 0 "-" "WordPress/6.7.2; https://bakingsecurityin.com"
51.222.253.1 - - [31/Mar/2025:02:28:37 -0400] "GET /understanding-and-treating-sex-addiction/ HTTP/1.1" 200 0 "-" "Mozilla/5.0 (compatible; AhrefsBot/7.0; +http://ahrefs.com/robot/)"
198.54.114.83 - - [31/Mar/2025:02:28:39 -0400] "POST /wp-admin/admin-ajax.php?action=async_litespeed&nonce=90R11Iy2sDl67eAw33fCxcjrKpOHtZsz&litespeed_type=imgoptm HTTP/1.1" 200 5 "-" "WordPress/6.7.2; https://bakingsecurityin.com"
198.54.114.83 - - [31/Mar/2025:02:30:03 -0400] "POST /wp-cron.php?doing_wp_cron=1743402601.8861229419708251953125 HTTP/1.1" 200 0 "-" "WordPress/6.7.2; https://bakingsecurityin.com"
51.222.253.12 - - [31/Mar/2025:02:29:59 -0400] "GET /why-choose-windows-south-wales/ HTTP/1.1" 200 0 "-" "Mozilla/5.0 (compatible; AhrefsBot/7.0; +http://ahrefs.com/robot/)"
198.54.114.83 - - [31/Mar/2025:02:30:04 -0400] "POST /wp-admin/admin-ajax.php?action=async_litespeed&nonce=SdQ4m2V9DpZwlsWF70T92N4QwJ343JwE&litespeed_type=imgoptm HTTP/1.1" 200 0 "-" "WordPress/6.7.2; https://bakingsecurityin.com"
198.54.114.83 - - [31/Mar/2025:02:31:21 -0400] "POST /wp-cron.php?doing_wp_cron=1743402680.8148460388183593750000 HTTP/1.1" 200 0 "-" "WordPress/6.7.2; https://bakingsecurityin.com"
51.222.253.9 - - [31/Mar/2025:02:31:20 -0400] "GET /2024/07/ HTTP/1.1" 200 0 "-" "Mozilla/5.0 (compatible; AhrefsBot/7.0; +http://ahrefs.com/robot/)"
198.54.114.83 - - [31/Mar/2025:02:31:21 -0400] "POST /wp-admin/admin-ajax.php?action=async_litespeed&nonce=IRpo9Zxu74cmxyAgRZ01YwLYC8u4G9VW&litespeed_type=imgoptm HTTP/1.1" 200 5 "-" "WordPress/6.7.2; https://bakingsecurityin.com"
198.54.114.83 - - [31/Mar/2025:02:32:38 -0400] "POST /wp-cron.php?doing_wp_cron=1743402758.6405420303344726562500 HTTP/1.1" 200 0 "-" "WordPress/6.7.2; https://bakingsecurityin.com"
51.222.253.13 - - [31/Mar/2025:02:32:37 -0400] "GET /socket-head-bolt/ HTTP/1.1" 200 0 "-" "Mozilla/5.0 (compatible; AhrefsBot/7.0; +http://ahrefs.com/robot/)"
198.54.114.83 - - [31/Mar/2025:02:32:39 -0400] "POST /wp-admin/admin-ajax.php?action=async_litespeed&nonce=Ldpx0eakUOeKDVMHKZh18fzyIJ4sLZVr&litespeed_type=imgoptm HTTP/1.1" 200 5 "-" "WordPress/6.7.2; https://bakingsecurityin.com"
198.54.114.83 - - [31/Mar/2025:02:34:28 -0400] "POST /wp-cron.php?doing_wp_cron=1743402867.5106120109558105468750 HTTP/1.1" 200 0 "-" "WordPress/6.7.2; https://bakingsecurityin.com"
51.222.253.8 - - [31/Mar/2025:02:34:24 -0400] "GET /tips-for-buying-a-porsche-for-sale/ HTTP/1.1" 200 0 "-" "Mozilla/5.0 (compatible; AhrefsBot/7.0; +http://ahrefs.com/robot/)"
198.54.114.83 - - [31/Mar/2025:02:35:46 -0400] "POST /wp-cron.php?doing_wp_cron=1743402945.8789319992065429687500 HTTP/1.1" 200 0 "-" "WordPress/6.7.2; https://bakingsecurityin.com"
51.222.253.7 - - [31/Mar/2025:02:35:45 -0400] "GET /what-is-industrial-packaging/ HTTP/1.1" 200 0 "-" "Mozilla/5.0 (compatible; AhrefsBot/7.0; +http://ahrefs.com/robot/)"
198.54.114.83 - - [31/Mar/2025:02:35:46 -0400] "POST /wp-admin/admin-ajax.php?action=async_litespeed&nonce=kGfkTLxHgCbcOxydQGVo4bk6OvZqTMsv&litespeed_type=imgoptm HTTP/1.1" 200 5 "-" "WordPress/6.7.2; https://bakingsecurityin.com"
198.54.114.83 - - [31/Mar/2025:02:36:37 -0400] "POST /wp-cron.php?doing_wp_cron=1743402997.0646770000457763671875 HTTP/1.1" 200 0 "-" "WordPress/6.7.2; https://bakingsecurityin.com"
134.17.14.122 - - [31/Mar/2025:02:36:36 -0400] "GET /swa.php?swa HTTP/1.1" 404 0 "-" "Mozilla/4.0 (compatible; MSIE 6.0; Windows NT 5.1; SV1)"
198.54.114.83 - - [31/Mar/2025:02:36:38 -0400] "POST /wp-admin/admin-ajax.php?action=async_litespeed&nonce=V2hkMTG2lhANpNJ6gJwXlMUyk8jd78H3&litespeed_type=imgoptm HTTP/1.1" 200 5 "-" "WordPress/6.7.2; https://bakingsecurityin.com"
136.243.228.193 - - [31/Mar/2025:02:36:39 -0400] "GET /la-realite-virtuelle-une-vision-davenir/ HTTP/1.1" 200 0 "-" "Mozilla/5.0 (compatible; DataForSeoBot/1.0; +https://dataforseo.com/dataforseo-bot)"
198.54.114.83 - - [31/Mar/2025:02:37:28 -0400] "POST /wp-cron.php?doing_wp_cron=1743403048.5510940551757812500000 HTTP/1.1" 200 0 "-" "WordPress/6.7.2; https://bakingsecurityin.com"
51.222.253.8 - - [31/Mar/2025:02:37:28 -0400] "GET /2024/05/ HTTP/1.1" 200 0 "-" "Mozilla/5.0 (compatible; AhrefsBot/7.0; +http://ahrefs.com/robot/)"
198.54.114.83 - - [31/Mar/2025:02:37:29 -0400] "POST /wp-admin/admin-ajax.php?action=async_litespeed&nonce=TlMc5seW53qLbgms0u6PXib1YuOoCeBn&litespeed_type=imgoptm HTTP/1.1" 200 5 "-" "WordPress/6.7.2; https://bakingsecurityin.com"
198.54.114.83 - - [31/Mar/2025:02:39:15 -0400] "POST /wp-cron.php?doing_wp_cron=1743403155.5842099189758300781250 HTTP/1.1" 200 0 "-" "WordPress/6.7.2; https://bakingsecurityin.com"
51.222.253.17 - - [31/Mar/2025:02:39:13 -0400] "GET /kitchen-remodeling-in-portland/ HTTP/1.1" 200 0 "-" "Mozilla/5.0 (compatible; AhrefsBot/7.0; +http://ahrefs.com/robot/)"
198.54.114.83 - - [31/Mar/2025:02:39:16 -0400] "POST /wp-admin/admin-ajax.php?action=async_litespeed&nonce=rJ6jPiQoRmAmbBwxvRRLtftvDuDHNqm3&litespeed_type=imgoptm HTTP/1.1" 200 5 "-" "WordPress/6.7.2; https://bakingsecurityin.com"
198.54.114.83 - - [31/Mar/2025:02:40:51 -0400] "POST /wp-cron.php?doing_wp_cron=1743403250.9685559272766113281250 HTTP/1.1" 200 0 "-" "WordPress/6.7.2; https://bakingsecurityin.com"
51.222.253.17 - - [31/Mar/2025:02:40:48 -0400] "GET /women-small-business-loans/ HTTP/1.1" 200 0 "-" "Mozilla/5.0 (compatible; AhrefsBot/7.0; +http://ahrefs.com/robot/)"
198.54.114.83 - - [31/Mar/2025:02:40:51 -0400] "POST /wp-admin/admin-ajax.php?action=async_litespeed&nonce=9GAK2RM5hZOhsOrnCpItuxtTB8iX4Qdv&litespeed_type=imgoptm HTTP/1.1" 200 5 "-" "WordPress/6.7.2; https://bakingsecurityin.com"
51.222.253.14 - - [31/Mar/2025:02:42:10 -0400] "GET /finding-kratom-near-me/ HTTP/1.1" 200 0 "-" "Mozilla/5.0 (compatible; AhrefsBot/7.0; +http://ahrefs.com/robot/)"
198.54.114.83 - - [31/Mar/2025:02:42:20 -0400] "POST /wp-admin/admin-ajax.php?action=async_litespeed&nonce=jzfFlVHwyO73bmPDiuDuQmRf2aMQ8vlA&litespeed_type=imgoptm HTTP/1.1" 200 5 "-" "WordPress/6.7.2; https://bakingsecurityin.com"
198.54.114.83 - - [31/Mar/2025:02:43:26 -0400] "POST /wp-cron.php?doing_wp_cron=1743403405.7927050590515136718750 HTTP/1.1" 200 0 "-" "WordPress/6.7.2; https://bakingsecurityin.com"
206.41.166.175 - - [31/Mar/2025:02:43:25 -0400] "GET / HTTP/1.1" 200 0 "-" "Mozilla/5.0 (Windows NT 10.0; Win64; x64) AppleWebKit/537.36 (KHTML, like Gecko) Chrome/105.0.0.0 Safari/537.36"
198.54.114.83 - - [31/Mar/2025:02:43:26 -0400] "POST /wp-admin/admin-ajax.php?action=async_litespeed&nonce=RIW4mClznWnhWztyxFlT8gIACV5WUQGQ&litespeed_type=imgoptm HTTP/1.1" 200 5 "-" "WordPress/6.7.2; https://bakingsecurityin.com"
206.41.166.175 - - [31/Mar/2025:02:43:26 -0400] "GET / HTTP/1.1" 200 0 "-" "Mozilla/5.0 (Windows NT 10.0; Win64; x64) AppleWebKit/537.36 (KHTML, like Gecko) Chrome/105.0.0.0 Safari/537.36"
198.54.114.83 - - [31/Mar/2025:02:43:30 -0400] "POST /wp-cron.php?doing_wp_cron=1743403410.0555820465087890625000 HTTP/1.1" 200 0 "-" "WordPress/6.7.2; https://bakingsecurityin.com"
51.222.253.11 - - [31/Mar/2025:02:43:29 -0400] "GET /buying-followers-on-tiktok/ HTTP/1.1" 200 0 "-" "Mozilla/5.0 (compatible; AhrefsBot/7.0; +http://ahrefs.com/robot/)"
198.54.114.83 - - [31/Mar/2025:02:43:30 -0400] "POST /wp-admin/admin-ajax.php?action=async_litespeed&nonce=7kBhh59W1Nx2UqTu8wFl7Ew0DXLTqpQL&litespeed_type=imgoptm HTTP/1.1" 200 5 "-" "WordPress/6.7.2; https://bakingsecurityin.com"
66.249.66.72 - - [31/Mar/2025:02:43:32 -0400] "GET /favicon.ico HTTP/1.1" 404 1251 "-" "Googlebot-Image/1.0"
198.54.114.83 - - [31/Mar/2025:02:44:51 -0400] "POST /wp-cron.php?doing_wp_cron=1743403491.6936519145965576171875 HTTP/1.1" 200 0 "-" "WordPress/6.7.2; https://bakingsecurityin.com"
51.222.253.7 - - [31/Mar/2025:02:44:51 -0400] "GET /pokemon-figures-uk/ HTTP/1.1" 200 0 "-" "Mozilla/5.0 (compatible; AhrefsBot/7.0; +http://ahrefs.com/robot/)"
198.54.114.83 - - [31/Mar/2025:02:44:52 -0400] "POST /wp-admin/admin-ajax.php?action=async_litespeed&nonce=nLNjmKywkf5o3UTolRoxCORkVr9fOc1f&litespeed_type=imgoptm HTTP/1.1" 200 5 "-" "WordPress/6.7.2; https://bakingsecurityin.com"
198.54.114.83 - - [31/Mar/2025:02:46:08 -0400] "POST /wp-cron.php?doing_wp_cron=1743403568.6448209285736083984375 HTTP/1.1" 200 0 "-" "WordPress/6.7.2; https://bakingsecurityin.com"
51.222.253.8 - - [31/Mar/2025:02:46:08 -0400] "GET /how-to-write-an-attorney-bio/ HTTP/1.1" 200 0 "-" "Mozilla/5.0 (compatible; AhrefsBot/7.0; +http://ahrefs.com/robot/)"
198.54.114.83 - - [31/Mar/2025:02:47:32 -0400] "POST /wp-cron.php?doing_wp_cron=1743403652.3581728935241699218750 HTTP/1.1" 200 0 "-" "WordPress/6.7.2; https://bakingsecurityin.com"
51.222.253.10 - - [31/Mar/2025:02:47:30 -0400] "GET /why-you-should-hire-an-electrical-contractor/ HTTP/1.1" 200 0 "-" "Mozilla/5.0 (compatible; AhrefsBot/7.0; +http://ahrefs.com/robot/)"
35.221.29.103 - - [31/Mar/2025:02:48:22 -0400] "GET /.git/config HTTP/1.1" 403 1242 "-" "-"
35.221.29.103 - - [31/Mar/2025:02:48:22 -0400] "GET /.git/config HTTP/1.1" 403 1242 "-" "-"
198.54.114.83 - - [31/Mar/2025:02:48:52 -0400] "POST /wp-cron.php?doing_wp_cron=1743403732.5783150196075439453125 HTTP/1.1" 200 0 "-" "WordPress/6.7.2; https://bakingsecurityin.com"
51.222.253.13 - - [31/Mar/2025:02:48:52 -0400] "GET /respite-care-a-must-for-care-givers/ HTTP/1.1" 200 0 "-" "Mozilla/5.0 (compatible; AhrefsBot/7.0; +http://ahrefs.com/robot/)"
198.54.114.83 - - [31/Mar/2025:02:48:53 -0400] "POST /wp-admin/admin-ajax.php?action=async_litespeed&nonce=ibxAIsjaiJJiGpYMIyp5aVPFGYAl3aNE&litespeed_type=imgoptm HTTP/1.1" 200 5 "-" "WordPress/6.7.2; https://bakingsecurityin.com"
198.54.114.83 - - [31/Mar/2025:02:50:26 -0400] "POST /wp-cron.php?doing_wp_cron=1743403826.0495550632476806640625 HTTP/1.1" 200 0 "-" "WordPress/6.7.2; https://bakingsecurityin.com"
51.222.253.15 - - [31/Mar/2025:02:50:24 -0400] "GET /voice-over-artists-making-a-living-as-a-freelance-professional/ HTTP/1.1" 200 0 "-" "Mozilla/5.0 (compatible; AhrefsBot/7.0; +http://ahrefs.com/robot/)"
198.54.114.83 - - [31/Mar/2025:02:50:26 -0400] "POST /wp-admin/admin-ajax.php?action=async_litespeed&nonce=6kXLn6fpeZ7KbRVMVntI49OXIQxMc6Kq&litespeed_type=imgoptm HTTP/1.1" 200 5 "-" "WordPress/6.7.2; https://bakingsecurityin.com"
198.54.114.83 - - [31/Mar/2025:02:51:59 -0400] "POST /wp-cron.php?doing_wp_cron=1743403919.6215050220489501953125 HTTP/1.1" 200 0 "-" "WordPress/6.7.2; https://bakingsecurityin.com"
51.222.253.1 - - [31/Mar/2025:02:51:57 -0400] "GET /schrottplatz-duisburg-ihr-anlaufpunkt-fur-altmetall-und-recycling/feed/ HTTP/1.1" 200 447 "-" "Mozilla/5.0 (compatible; AhrefsBot/7.0; +http://ahrefs.com/robot/)"
