198.54.114.83 - - [31/Mar/2025:02:52:01 -0400] "POST /wp-admin/admin-ajax.php?action=async_litespeed&nonce=KQmcpdWlCegVO6YZzoQljI6V1IfGg0WQ&litespeed_type=imgoptm HTTP/1.1" 200 0 "-" "WordPress/6.7.2; https://bakingsecurityin.com"
198.54.114.83 - - [31/Mar/2025:02:53:30 -0400] "POST /wp-cron.php?doing_wp_cron=1743404010.1821019649505615234375 HTTP/1.1" 200 0 "-" "WordPress/6.7.2; https://bakingsecurityin.com"
51.222.253.13 - - [31/Mar/2025:02:53:28 -0400] "GET /playing-casino-games-on-the-internet/ HTTP/1.1" 200 0 "-" "Mozilla/5.0 (compatible; AhrefsBot/7.0; +http://ahrefs.com/robot/)"
198.54.114.83 - - [31/Mar/2025:02:53:31 -0400] "POST /wp-admin/admin-ajax.php?action=async_litespeed&nonce=tNQNy2HTlrEgugktxmtHpU7NvblnGdzZ&litespeed_type=imgoptm HTTP/1.1" 200 0 "-" "WordPress/6.7.2; https://bakingsecurityin.com"
198.54.114.83 - - [31/Mar/2025:02:54:47 -0400] "POST /wp-cron.php?doing_wp_cron=1743404086.9130899906158447265625 HTTP/1.1" 200 0 "-" "WordPress/6.7.2; https://bakingsecurityin.com"
51.222.253.13 - - [31/Mar/2025:02:54:47 -0400] "GET /the-value-of-part-time-employment/ HTTP/1.1" 200 0 "-" "Mozilla/5.0 (compatible; AhrefsBot/7.0; +http://ahrefs.com/robot/)"
58.254.68.93 - - [31/Mar/2025:02:54:46 -0400] "GET /les-pantoufles-sont-populaires-partout-dans-le-monde/ HTTP/1.1" 301 0 "https://bakingsecurityin.com" "Mozilla/5.0 (Windows NT 10.0; Win64; x64) AppleWebKit/537.36 (KHTML, like Gecko) Chrome/62.0.3202.94 Safari/537.36"
198.54.114.83 - - [31/Mar/2025:02:54:47 -0400] "POST /wp-admin/admin-ajax.php?action=async_litespeed&nonce=2KESblyc73nEWvhgRyB3uUjbs0AaJJLh&litespeed_type=imgoptm HTTP/1.1" 200 5 "-" "WordPress/6.7.2; https://bakingsecurityin.com"
58.254.68.93 - - [31/Mar/2025:02:54:49 -0400] "GET /pantoufle-de-dinosaure/ HTTP/1.1" 200 0 "https://bakingsecurityin.com" "Mozilla/5.0 (Windows NT 10.0; Win64; x64) AppleWebKit/537.36 (KHTML, like Gecko) Chrome/62.0.3202.94 Safari/537.36"
51.222.253.17 - - [31/Mar/2025:02:56:11 -0400] "GET /how-does-red-light-therapy-work/ HTTP/1.1" 200 0 "-" "Mozilla/5.0 (compatible; AhrefsBot/7.0; +http://ahrefs.com/robot/)"
198.54.114.83 - - [31/Mar/2025:02:56:57 -0400] "POST /wp-cron.php?doing_wp_cron=1743404217.4692940711975097656250 HTTP/1.1" 200 0 "-" "WordPress/6.7.2; https://bakingsecurityin.com"
85.208.98.24 - - [31/Mar/2025:02:56:54 -0400] "GET /disappearing-act-the-complete-guide-to-deleting-your-instagram-account/ HTTP/1.1" 200 0 "-" "Mozilla/5.0 (compatible; SemrushBot-BA; +http://www.semrush.com/bot.html)"
198.54.114.83 - - [31/Mar/2025:02:57:00 -0400] "POST /wp-admin/admin-ajax.php?action=async_litespeed&nonce=lt7ADeHkJyouRYnhgw7rFud2B82ZOirr&litespeed_type=imgoptm HTTP/1.1" 200 0 "-" "WordPress/6.7.2; https://bakingsecurityin.com"
51.222.253.20 - - [31/Mar/2025:02:57:24 -0400] "GET /the-epitome-of-urban-luxury-union-square-residences/ HTTP/1.1" 200 0 "-" "Mozilla/5.0 (compatible; AhrefsBot/7.0; +http://ahrefs.com/robot/)"
85.208.98.22 - - [31/Mar/2025:02:57:40 -0400] "GET /mastering-the-art-of-growing-your-youtube-subscribers/ HTTP/1.1" 200 0 "-" "Mozilla/5.0 (compatible; SemrushBot-BA; +http://www.semrush.com/bot.html)"
198.54.114.83 - - [31/Mar/2025:02:57:40 -0400] "POST /wp-admin/admin-ajax.php?action=async_litespeed&nonce=qn8rTSJGTyIzeUXjVnYmXZP5eX2oAHlb&litespeed_type=imgoptm HTTP/1.1" 200 0 "-" "WordPress/6.7.2; https://bakingsecurityin.com"
85.208.98.16 - - [31/Mar/2025:02:57:56 -0400] "GET /unlocking-the-power-of-qr-codes-the-best-free-qr-code-generators/ HTTP/1.1" 200 0 "-" "Mozilla/5.0 (compatible; SemrushBot-BA; +http://www.semrush.com/bot.html)"
85.208.98.20 - - [31/Mar/2025:02:58:08 -0400] "GET /buy-saves-tikik-to-boost-your-visibility-on-tiktok/ HTTP/1.1" 200 0 "-" "Mozilla/5.0 (compatible; SemrushBot-BA; +http://www.semrush.com/bot.html)"
85.208.98.20 - - [31/Mar/2025:02:58:21 -0400] "GET /the-best-url-shortener-for-your-needs/ HTTP/1.1" 200 0 "-" "Mozilla/5.0 (compatible; SemrushBot-BA; +http://www.semrush.com/bot.html)"
198.54.114.83 - - [31/Mar/2025:02:58:31 -0400] "POST /wp-cron.php?doing_wp_cron=1743404311.2919430732727050781250 HTTP/1.1" 200 0 "-" "WordPress/6.7.2; https://bakingsecurityin.com"
51.222.253.1 - - [31/Mar/2025:02:58:31 -0400] "GET /2021/02/ HTTP/1.1" 200 0 "-" "Mozilla/5.0 (compatible; AhrefsBot/7.0; +http://ahrefs.com/robot/)"
198.54.114.83 - - [31/Mar/2025:02:58:32 -0400] "POST /wp-admin/admin-ajax.php?action=async_litespeed&nonce=EqgP3ZOvAuYogGZwYCnEn6BpjggvberF&litespeed_type=imgoptm HTTP/1.1" 200 5 "-" "WordPress/6.7.2; https://bakingsecurityin.com"
85.208.98.22 - - [31/Mar/2025:02:59:01 -0400] "GET /how-to-buy-likes-for-instagram/ HTTP/1.1" 200 0 "-" "Mozilla/5.0 (compatible; SemrushBot-BA; +http://www.semrush.com/bot.html)"
85.208.98.20 - - [31/Mar/2025:02:59:26 -0400] "GET /unlocking-the-potential-of-qr-codes/ HTTP/1.1" 200 0 "-" "Mozilla/5.0 (compatible; SemrushBot-BA; +http://www.semrush.com/bot.html)"
198.54.114.83 - - [31/Mar/2025:02:59:36 -0400] "POST /wp-cron.php?doing_wp_cron=1743404376.4127020835876464843750 HTTP/1.1" 200 0 "-" "WordPress/6.7.2; https://bakingsecurityin.com"
51.222.253.12 - - [31/Mar/2025:02:59:36 -0400] "GET /top-factors-to-consider-when-choosing-a-dental-handpiece-supplier/ HTTP/1.1" 200 0 "-" "Mozilla/5.0 (compatible; AhrefsBot/7.0; +http://ahrefs.com/robot/)"
198.54.114.83 - - [31/Mar/2025:02:59:37 -0400] "POST /wp-admin/admin-ajax.php?action=async_litespeed&nonce=xOg2mgZ9tj9c0gHNEpoXB1xlpiiy6u4J&litespeed_type=imgoptm HTTP/1.1" 200 5 "-" "WordPress/6.7.2; https://bakingsecurityin.com"
85.208.98.19 - - [31/Mar/2025:02:59:44 -0400] "GET /buy-tickok-views-and-likes/ HTTP/1.1" 200 0 "-" "Mozilla/5.0 (compatible; SemrushBot-BA; +http://www.semrush.com/bot.html)"
85.208.98.31 - - [31/Mar/2025:02:59:55 -0400] "GET /how-to-get-shares-on-tiktok/ HTTP/1.1" 200 0 "-" "Mozilla/5.0 (compatible; SemrushBot-BA; +http://www.semrush.com/bot.html)"
85.208.98.29 - - [31/Mar/2025:03:00:02 -0400] "GET /mastering-instagram-the-art-of-freezing-your-account/ HTTP/1.1" 200 0 "-" "Mozilla/5.0 (compatible; SemrushBot-BA; +http://www.semrush.com/bot.html)"
85.208.98.16 - - [31/Mar/2025:03:00:10 -0400] "GET /buying-followers-on-tiktok/ HTTP/1.1" 200 0 "-" "Mozilla/5.0 (compatible; SemrushBot-BA; +http://www.semrush.com/bot.html)"
198.54.114.83 - - [31/Mar/2025:03:00:38 -0400] "POST /wp-cron.php?doing_wp_cron=1743404438.5120079517364501953125 HTTP/1.1" 200 0 "-" "WordPress/6.7.2; https://bakingsecurityin.com"
85.208.98.24 - - [31/Mar/2025:03:00:38 -0400] "GET /how-to-buy-cheap-tiktok-likes/ HTTP/1.1" 200 0 "-" "Mozilla/5.0 (compatible; SemrushBot-BA; +http://www.semrush.com/bot.html)"
198.54.114.83 - - [31/Mar/2025:03:00:39 -0400] "POST /wp-admin/admin-ajax.php?action=async_litespeed&nonce=FG34KsRh4abajv8d452JUc7fYSQ7vcsI&litespeed_type=imgoptm HTTP/1.1" 200 5 "-" "WordPress/6.7.2; https://bakingsecurityin.com"
51.222.253.12 - - [31/Mar/2025:03:00:44 -0400] "GET /how-to-use-a-youtube-live-stream-viewers-bot/ HTTP/1.1" 200 0 "-" "Mozilla/5.0 (compatible; AhrefsBot/7.0; +http://ahrefs.com/robot/)"
66.249.66.65 - - [31/Mar/2025:03:00:54 -0400] "GET /women-socks-how-to-find-the-best-ones/feed/ HTTP/1.1" 200 419 "-" "Mozilla/5.0 (Linux; Android 6.0.1; Nexus 5X Build/MMB29P) AppleWebKit/537.36 (KHTML, like Gecko) Chrome/134.0.6998.165 Mobile Safari/537.36 (compatible; Googlebot/2.1; +http://www.google.com/bot.html)"
111.225.149.23 - - [31/Mar/2025:03:01:08 -0400] "GET /robots.txt HTTP/1.1" 304 0 "-" "Mozilla/5.0 (Linux; Android 5.0) AppleWebKit/537.36 (KHTML, like Gecko) Mobile Safari/537.36 (compatible; Bytespider; https://zhanzhang.toutiao.com/)"
198.54.114.83 - - [31/Mar/2025:03:01:34 -0400] "POST /wp-cron.php?doing_wp_cron=1743404494.3477430343627929687500 HTTP/1.1" 200 0 "-" "WordPress/6.7.2; https://bakingsecurityin.com"
85.208.98.16 - - [31/Mar/2025:03:01:34 -0400] "GET /buy-tiktok-saves-to-get-more-views-and-likes/ HTTP/1.1" 200 0 "-" "Mozilla/5.0 (compatible; SemrushBot-BA; +http://www.semrush.com/bot.html)"
198.54.114.83 - - [31/Mar/2025:03:01:36 -0400] "POST /wp-admin/admin-ajax.php?action=async_litespeed&nonce=1uK4Z3YzYbWpg7jSDqyfgFy5AE0Twzqz&litespeed_type=imgoptm HTTP/1.1" 200 0 "-" "WordPress/6.7.2; https://bakingsecurityin.com"
85.208.96.207 - - [31/Mar/2025:03:01:47 -0400] "GET /que-rechercher-chez-un-excellent-serrurier/ HTTP/1.1" 200 0 "-" "Mozilla/5.0 (compatible; SemrushBot/7~bl; +http://www.semrush.com/bot.html)"
51.222.253.6 - - [31/Mar/2025:03:01:58 -0400] "GET /a-quirky-pair-of-bamboo-socks-to-brighten-your-day/feed/ HTTP/1.1" 200 429 "-" "Mozilla/5.0 (compatible; AhrefsBot/7.0; +http://ahrefs.com/robot/)"
51.222.253.6 - - [31/Mar/2025:03:03:09 -0400] "GET /protection-professionnelle-garantie-de-securite-pour-votre-entreprise/ HTTP/1.1" 200 0 "-" "Mozilla/5.0 (compatible; AhrefsBot/7.0; +http://ahrefs.com/robot/)"
198.54.114.83 - - [31/Mar/2025:03:03:11 -0400] "POST /wp-cron.php?doing_wp_cron=1743404590.0502660274505615234375 HTTP/1.1" 200 0 "-" "WordPress/6.7.2; https://bakingsecurityin.com"
178.20.46.206 - - [31/Mar/2025:03:03:58 -0400] "GET /a-journey-into-skincare/ HTTP/1.1" 200 0 "https://bakingsecurityin.com/a-journey-into-skincare/" "Mozilla/5.0 (Windows NT 10.0; Win64; x64) AppleWebKit/537.36 (KHTML, like Gecko) Chrome/131.0.0.0 Safari/537.36 Avast/131.0.0.0"
178.20.46.206 - - [31/Mar/2025:03:04:00 -0400] "GET / HTTP/1.1" 200 0 "https://bakingsecurityin.com/" "Mozilla/5.0 (Windows NT 10.0; Win64; x64) AppleWebKit/537.36 (KHTML, like Gecko) Chrome/131.0.0.0 Safari/537.36 Avast/131.0.0.0"
198.54.114.83 - - [31/Mar/2025:03:04:23 -0400] "POST /wp-cron.php?doing_wp_cron=1743404662.5818738937377929687500 HTTP/1.1" 200 0 "-" "WordPress/6.7.2; https://bakingsecurityin.com"
51.222.253.9 - - [31/Mar/2025:03:04:22 -0400] "GET /legal-operations-with-professional-answering-services/feed/ HTTP/1.1" 200 410 "-" "Mozilla/5.0 (compatible; AhrefsBot/7.0; +http://ahrefs.com/robot/)"
198.54.114.83 - - [31/Mar/2025:03:04:24 -0400] "POST /wp-admin/admin-ajax.php?action=async_litespeed&nonce=7e8Rtkhn2IHjAuscl95EJNEPqxpu6wQA&litespeed_type=imgoptm HTTP/1.1" 200 0 "-" "WordPress/6.7.2; https://bakingsecurityin.com"
51.222.253.20 - - [31/Mar/2025:03:05:42 -0400] "GET /how-to-build-muscle/ HTTP/1.1" 200 0 "-" "Mozilla/5.0 (compatible; AhrefsBot/7.0; +http://ahrefs.com/robot/)"
198.54.114.83 - - [31/Mar/2025:03:05:44 -0400] "POST /wp-cron.php?doing_wp_cron=1743404742.9179470539093017578125 HTTP/1.1" 200 0 "-" "WordPress/6.7.2; https://bakingsecurityin.com"
51.222.253.12 - - [31/Mar/2025:03:07:00 -0400] "GET /cartoon-wallpaper-iphone/ HTTP/1.1" 200 0 "-" "Mozilla/5.0 (compatible; AhrefsBot/7.0; +http://ahrefs.com/robot/)"
198.54.114.83 - - [31/Mar/2025:03:07:05 -0400] "POST /wp-cron.php?doing_wp_cron=1743404823.4747970104217529296875 HTTP/1.1" 200 0 "-" "WordPress/6.7.2; https://bakingsecurityin.com"
152.44.38.16 - - [31/Mar/2025:03:07:06 -0400] "GET /wp-login.php HTTP/1.1" 200 1738 "-" "Mozilla/5.0 (Windows NT 10.0; Win64; x64; rv:54.0) Gecko/20100101 Firefox/54.0"
198.54.114.83 - - [31/Mar/2025:03:08:24 -0400] "POST /wp-cron.php?doing_wp_cron=1743404904.4802761077880859375000 HTTP/1.1" 200 0 "-" "WordPress/6.7.2; https://bakingsecurityin.com"
51.222.253.8 - - [31/Mar/2025:03:08:22 -0400] "GET /how-to-find-a-trustworthy-long-distance-moving-company/ HTTP/1.1" 200 0 "-" "Mozilla/5.0 (compatible; AhrefsBot/7.0; +http://ahrefs.com/robot/)"
198.54.114.83 - - [31/Mar/2025:03:08:25 -0400] "POST /wp-admin/admin-ajax.php?action=async_litespeed&nonce=LxDni7TrK5t7sin62kHPtsgAGDMTeySs&litespeed_type=imgoptm HTTP/1.1" 200 5 "-" "WordPress/6.7.2; https://bakingsecurityin.com"
51.222.253.4 - - [31/Mar/2025:03:09:46 -0400] "GET /best-treatments-for-teeth-sensitivity/ HTTP/1.1" 200 0 "-" "Mozilla/5.0 (compatible; AhrefsBot/7.0; +http://ahrefs.com/robot/)"
51.222.253.10 - - [31/Mar/2025:03:10:58 -0400] "GET /auto-body-shops-and-aluminum-fix/ HTTP/1.1" 200 0 "-" "Mozilla/5.0 (compatible; AhrefsBot/7.0; +http://ahrefs.com/robot/)"
198.54.114.83 - - [31/Mar/2025:03:11:04 -0400] "POST /wp-cron.php?doing_wp_cron=1743405059.2991590499877929687500 HTTP/1.1" 200 0 "-" "WordPress/6.7.2; https://bakingsecurityin.com"
198.54.114.83 - - [31/Mar/2025:03:11:09 -0400] "POST /wp-admin/admin-ajax.php?action=async_litespeed&nonce=EpTaXwiRKxxYGoBcBUe81veKM3dM723Y&litespeed_type=imgoptm HTTP/1.1" 200 0 "-" "WordPress/6.7.2; https://bakingsecurityin.com"
51.222.253.19 - - [31/Mar/2025:03:12:08 -0400] "GET /gitarrenunterricht-fur-anfanger/ HTTP/1.1" 200 0 "-" "Mozilla/5.0 (compatible; AhrefsBot/7.0; +http://ahrefs.com/robot/)"
198.54.114.83 - - [31/Mar/2025:03:13:31 -0400] "POST /wp-cron.php?doing_wp_cron=1743405211.7259070873260498046875 HTTP/1.1" 200 0 "-" "WordPress/6.7.2; https://bakingsecurityin.com"
51.222.253.15 - - [31/Mar/2025:03:13:27 -0400] "GET /shaping-the-future-of-sustainable-luxury-with-lab-grown-diamonds/feed/ HTTP/1.1" 200 440 "-" "Mozilla/5.0 (compatible; AhrefsBot/7.0; +http://ahrefs.com/robot/)"
198.54.114.83 - - [31/Mar/2025:03:13:33 -0400] "POST /wp-admin/admin-ajax.php?action=async_litespeed&nonce=cVwcbdcnzodYVHuRCpFvDcnTVDkYTNz2&litespeed_type=imgoptm HTTP/1.1" 200 5 "-" "WordPress/6.7.2; https://bakingsecurityin.com"
198.54.114.83 - - [31/Mar/2025:03:14:57 -0400] "POST /wp-cron.php?doing_wp_cron=1743405296.6358380317687988281250 HTTP/1.1" 200 0 "-" "WordPress/6.7.2; https://bakingsecurityin.com"
51.222.253.7 - - [31/Mar/2025:03:14:54 -0400] "GET /integrative-and-holistic-medicine/ HTTP/1.1" 200 0 "-" "Mozilla/5.0 (compatible; AhrefsBot/7.0; +http://ahrefs.com/robot/)"
198.54.114.83 - - [31/Mar/2025:03:14:58 -0400] "POST /wp-admin/admin-ajax.php?action=async_litespeed&nonce=AKxkWA4Sm10fPBYYHuqx65CsLrysJbG7&litespeed_type=imgoptm HTTP/1.1" 200 0 "-" "WordPress/6.7.2; https://bakingsecurityin.com"
198.54.114.83 - - [31/Mar/2025:03:16:25 -0400] "POST /wp-cron.php?doing_wp_cron=1743405384.5085721015930175781250 HTTP/1.1" 200 0 "-" "WordPress/6.7.2; https://bakingsecurityin.com"
51.222.253.2 - - [31/Mar/2025:03:16:21 -0400] "GET /travel-with-style-using-airline-ticket-search-sites/ HTTP/1.1" 200 0 "-" "Mozilla/5.0 (compatible; AhrefsBot/7.0; +http://ahrefs.com/robot/)"
198.54.114.83 - - [31/Mar/2025:03:16:25 -0400] "POST /wp-admin/admin-ajax.php?action=async_litespeed&nonce=8QJgK57sCeQqg8oyXfIYz6yLxhpcgq3H&litespeed_type=imgoptm HTTP/1.1" 200 5 "-" "WordPress/6.7.2; https://bakingsecurityin.com"
198.54.114.83 - - [31/Mar/2025:03:17:40 -0400] "POST /wp-cron.php?doing_wp_cron=1743405460.0725290775299072265625 HTTP/1.1" 200 0 "-" "WordPress/6.7.2; https://bakingsecurityin.com"
51.222.253.2 - - [31/Mar/2025:03:17:39 -0400] "GET /how-to-promote-your-twitch/ HTTP/1.1" 200 0 "-" "Mozilla/5.0 (compatible; AhrefsBot/7.0; +http://ahrefs.com/robot/)"
198.54.114.83 - - [31/Mar/2025:03:17:40 -0400] "POST /wp-admin/admin-ajax.php?action=async_litespeed&nonce=hxrPExiQ6rGZqIgNBv6upLDN1DnW40uo&litespeed_type=imgoptm HTTP/1.1" 200 5 "-" "WordPress/6.7.2; https://bakingsecurityin.com"
51.222.253.8 - - [31/Mar/2025:03:19:01 -0400] "GET /weight-loss-benefits-of-black-cumin-seed-oil/ HTTP/1.1" 200 0 "-" "Mozilla/5.0 (compatible; AhrefsBot/7.0; +http://ahrefs.com/robot/)"
198.54.114.83 - - [31/Mar/2025:03:20:08 -0400] "POST /wp-admin/admin-ajax.php?action=async_litespeed&nonce=Oa1MYJTnXhGbFuFqwdgupuM0DXjFkBrY&litespeed_type=imgoptm HTTP/1.1" 200 0 "-" "WordPress/6.7.2; https://bakingsecurityin.com"
51.222.253.5 - - [31/Mar/2025:03:20:23 -0400] "GET /vases-decoratifs-en-ceramique/ HTTP/1.1" 200 0 "-" "Mozilla/5.0 (compatible; AhrefsBot/7.0; +http://ahrefs.com/robot/)"
198.54.114.83 - - [31/Mar/2025:03:21:45 -0400] "POST /wp-cron.php?doing_wp_cron=1743405704.3535768985748291015625 HTTP/1.1" 200 0 "-" "WordPress/6.7.2; https://bakingsecurityin.com"
51.222.253.8 - - [31/Mar/2025:03:21:41 -0400] "GET /buying-a-home-in-the-united-states-with-a-foreigner-loan/ HTTP/1.1" 200 0 "-" "Mozilla/5.0 (compatible; AhrefsBot/7.0; +http://ahrefs.com/robot/)"
198.54.114.83 - - [31/Mar/2025:03:21:46 -0400] "POST /wp-admin/admin-ajax.php?action=async_litespeed&nonce=v5ahgsZVxkyCQBps5xgfhoynwkNHpJpp&litespeed_type=imgoptm HTTP/1.1" 200 0 "-" "WordPress/6.7.2; https://bakingsecurityin.com"
51.222.253.2 - - [31/Mar/2025:03:22:53 -0400] "GET /steroids-thailand/ HTTP/1.1" 200 0 "-" "Mozilla/5.0 (compatible; AhrefsBot/7.0; +http://ahrefs.com/robot/)"
198.54.114.83 - - [31/Mar/2025:03:24:03 -0400] "POST /wp-cron.php?doing_wp_cron=1743405843.0243990421295166015625 HTTP/1.1" 200 0 "-" "WordPress/6.7.2; https://bakingsecurityin.com"
51.222.253.10 - - [31/Mar/2025:03:24:02 -0400] "GET /how-to-select-the-right-dental-chair-for-your-practice/ HTTP/1.1" 200 0 "-" "Mozilla/5.0 (compatible; AhrefsBot/7.0; +http://ahrefs.com/robot/)"
198.54.114.83 - - [31/Mar/2025:03:24:03 -0400] "POST /wp-admin/admin-ajax.php?action=async_litespeed&nonce=1ijCzP69LSA3a7GvAlmBiA8gtkFdPKBV&litespeed_type=imgoptm HTTP/1.1" 200 5 "-" "WordPress/6.7.2; https://bakingsecurityin.com"
112.92.70.120 - - [31/Mar/2025:03:25:27 -0400] "GET /les-pantoufles-sont-populaires-partout-dans-le-monde/ HTTP/1.1" 301 0 "https://bakingsecurityin.com" "Mozilla/5.0 (Windows NT 10.0; Win64; x64) AppleWebKit/537.36 (KHTML, like Gecko) Chrome/62.0.3202.94 Safari/537.36"
51.222.253.19 - - [31/Mar/2025:03:25:30 -0400] "GET /matter-residences-connecting-your-home-to-the-cloud/ HTTP/1.1" 200 0 "-" "Mozilla/5.0 (compatible; AhrefsBot/7.0; +http://ahrefs.com/robot/)"
112.92.70.120 - - [31/Mar/2025:03:25:31 -0400] "GET /pantoufle-de-dinosaure/ HTTP/1.1" 200 0 "https://bakingsecurityin.com" "Mozilla/5.0 (Windows NT 10.0; Win64; x64) AppleWebKit/537.36 (KHTML, like Gecko) Chrome/62.0.3202.94 Safari/537.36"
198.54.114.83 - - [31/Mar/2025:03:26:49 -0400] "POST /wp-cron.php?doing_wp_cron=1743406008.3026900291442871093750 HTTP/1.1" 200 0 "-" "WordPress/6.7.2; https://bakingsecurityin.com"
51.222.253.3 - - [31/Mar/2025:03:26:45 -0400] "GET /senior-mutual-insurance-tye-april-30-2013/ HTTP/1.1" 200 0 "-" "Mozilla/5.0 (compatible; AhrefsBot/7.0; +http://ahrefs.com/robot/)"
198.54.114.83 - - [31/Mar/2025:03:26:49 -0400] "POST /wp-admin/admin-ajax.php?action=async_litespeed&nonce=7sINeFQg88peyWgUyVAXBt5nTJ7vOgAH&litespeed_type=imgoptm HTTP/1.1" 200 5 "-" "WordPress/6.7.2; https://bakingsecurityin.com"
51.222.253.20 - - [31/Mar/2025:03:28:05 -0400] "GET /why-dental-enrollment-organizations-might-turn-into-a-relic-of-days-gone-by/ HTTP/1.1" 200 0 "-" "Mozilla/5.0 (compatible; AhrefsBot/7.0; +http://ahrefs.com/robot/)"
198.54.114.83 - - [31/Mar/2025:03:29:17 -0400] "POST /wp-cron.php?doing_wp_cron=1743406157.5398430824279785156250 HTTP/1.1" 200 0 "-" "WordPress/6.7.2; https://bakingsecurityin.com"
4.227.36.96 - - [31/Mar/2025:03:29:17 -0400] "GET /robots.txt HTTP/1.1" 304 0 "-" "Mozilla/5.0 AppleWebKit/537.36 (KHTML, like Gecko; compatible; GPTBot/1.2; +https://openai.com/gptbot)"
51.222.253.18 - - [31/Mar/2025:03:29:14 -0400] "GET /the-charm-of-cranford/ HTTP/1.1" 200 0 "-" "Mozilla/5.0 (compatible; AhrefsBot/7.0; +http://ahrefs.com/robot/)"
198.54.114.83 - - [31/Mar/2025:03:29:19 -0400] "POST /wp-admin/admin-ajax.php?action=async_litespeed&nonce=moucxafbMmK9GjUkARSPtsJep8pWDdYJ&litespeed_type=imgoptm HTTP/1.1" 200 0 "-" "WordPress/6.7.2; https://bakingsecurityin.com"
20.171.207.102 - - [31/Mar/2025:03:29:19 -0400] "GET /why-you-should-consider-a-job-at-a-ux-design-agency/ HTTP/1.1" 200 0 "-" "Mozilla/5.0 AppleWebKit/537.36 (KHTML, like Gecko; compatible; GPTBot/1.2; +https://openai.com/gptbot)"
198.54.114.83 - - [31/Mar/2025:03:30:28 -0400] "POST /wp-cron.php?doing_wp_cron=1743406228.0455479621887207031250 HTTP/1.1" 200 0 "-" "WordPress/6.7.2; https://bakingsecurityin.com"
51.222.253.4 - - [31/Mar/2025:03:30:27 -0400] "GET /die-grundlagen-des-gitarrespielens/feed/ HTTP/1.1" 200 394 "-" "Mozilla/5.0 (compatible; AhrefsBot/7.0; +http://ahrefs.com/robot/)"
198.54.114.83 - - [31/Mar/2025:03:30:29 -0400] "POST /wp-admin/admin-ajax.php?action=async_litespeed&nonce=ebDsMdN0V79u4EJzB2bzZ0G0ucHDoEgK&litespeed_type=imgoptm HTTP/1.1" 200 5 "-" "WordPress/6.7.2; https://bakingsecurityin.com"
20.171.207.102 - - [31/Mar/2025:03:30:49 -0400] "GET /massage-a-geneve-un-voyage-vers-la-serenite/ HTTP/1.1" 200 0 "-" "Mozilla/5.0 AppleWebKit/537.36 (KHTML, like Gecko; compatible; GPTBot/1.2; +https://openai.com/gptbot)"
198.54.114.83 - - [31/Mar/2025:03:31:40 -0400] "POST /wp-cron.php?doing_wp_cron=1743406299.9561378955841064453125 HTTP/1.1" 200 0 "-" "WordPress/6.7.2; https://bakingsecurityin.com"
51.222.253.6 - - [31/Mar/2025:03:31:39 -0400] "GET /how-to-find-a-salesforce-recruiter/ HTTP/1.1" 200 0 "-" "Mozilla/5.0 (compatible; AhrefsBot/7.0; +http://ahrefs.com/robot/)"
198.54.114.83 - - [31/Mar/2025:03:31:41 -0400] "POST /wp-admin/admin-ajax.php?action=async_litespeed&nonce=Wme7CQG1ODmAepNQqv9dEwuCqeLaeGYp&litespeed_type=imgoptm HTTP/1.1" 200 5 "-" "WordPress/6.7.2; https://bakingsecurityin.com"
198.54.114.83 - - [31/Mar/2025:03:32:46 -0400] "POST /wp-cron.php?doing_wp_cron=1743406365.0542609691619873046875 HTTP/1.1" 200 0 "-" "WordPress/6.7.2; https://bakingsecurityin.com"
51.222.253.10 - - [31/Mar/2025:03:32:44 -0400] "GET /buy-hgh-canada/feed/ HTTP/1.1" 200 381 "-" "Mozilla/5.0 (compatible; AhrefsBot/7.0; +http://ahrefs.com/robot/)"
198.54.114.83 - - [31/Mar/2025:03:32:47 -0400] "POST /wp-admin/admin-ajax.php?action=async_litespeed&nonce=DbWNjYAqerrOqFr1t1Z6Zj9z5gtZTb7z&litespeed_type=imgoptm HTTP/1.1" 200 0 "-" "WordPress/6.7.2; https://bakingsecurityin.com"
85.208.96.207 - - [31/Mar/2025:03:32:55 -0400] "GET /how-to-find-a-lost-car-key/ HTTP/1.1" 200 0 "-" "Mozilla/5.0 (compatible; SemrushBot/7~bl; +http://www.semrush.com/bot.html)"
198.54.114.83 - - [31/Mar/2025:03:33:40 -0400] "POST /wp-cron.php?doing_wp_cron=1743406420.5410809516906738281250 HTTP/1.1" 200 0 "-" "WordPress/6.7.2; https://bakingsecurityin.com"
20.171.207.102 - - [31/Mar/2025:03:33:40 -0400] "GET /how-a-property-management-agency-can-help-landlords-maximize-their-return-on-investment/ HTTP/1.1" 200 0 "-" "Mozilla/5.0 AppleWebKit/537.36 (KHTML, like Gecko; compatible; GPTBot/1.2; +https://openai.com/gptbot)"
198.54.114.83 - - [31/Mar/2025:03:33:41 -0400] "POST /wp-admin/admin-ajax.php?action=async_litespeed&nonce=fZ71hkREiPshG1Kz4R3N1JvZEitJwGYt&litespeed_type=imgoptm HTTP/1.1" 200 5 "-" "WordPress/6.7.2; https://bakingsecurityin.com"
51.222.253.1 - - [31/Mar/2025:03:33:47 -0400] "GET /top-reasons-to-buy-hgh-in-canada/feed/ HTTP/1.1" 200 407 "-" "Mozilla/5.0 (compatible; AhrefsBot/7.0; +http://ahrefs.com/robot/)"
198.54.114.83 - - [31/Mar/2025:03:34:53 -0400] "POST /wp-cron.php?doing_wp_cron=1743406493.3072700500488281250000 HTTP/1.1" 200 0 "-" "WordPress/6.7.2; https://bakingsecurityin.com"
51.222.253.2 - - [31/Mar/2025:03:34:53 -0400] "GET /top-kitchen-cabinet-manufacturers-quality-and-innovation/ HTTP/1.1" 200 0 "-" "Mozilla/5.0 (compatible; AhrefsBot/7.0; +http://ahrefs.com/robot/)"
198.54.114.83 - - [31/Mar/2025:03:34:53 -0400] "POST /wp-admin/admin-ajax.php?action=async_litespeed&nonce=ILhF2e3TEVFSmzUM3CJNvBcDPauCsexl&litespeed_type=imgoptm HTTP/1.1" 200 5 "-" "WordPress/6.7.2; https://bakingsecurityin.com"
198.54.114.83 - - [31/Mar/2025:03:36:04 -0400] "POST /wp-cron.php?doing_wp_cron=1743406563.7704470157623291015625 HTTP/1.1" 200 0 "-" "WordPress/6.7.2; https://bakingsecurityin.com"
51.222.253.17 - - [31/Mar/2025:03:36:03 -0400] "GET /getting-started-with-accessories/ HTTP/1.1" 200 0 "-" "Mozilla/5.0 (compatible; AhrefsBot/7.0; +http://ahrefs.com/robot/)"
198.54.114.83 - - [31/Mar/2025:03:36:05 -0400] "POST /wp-admin/admin-ajax.php?action=async_litespeed&nonce=lVhKWvw3zYgiVZQZwe7HpPiR9tHTf986&litespeed_type=imgoptm HTTP/1.1" 200 0 "-" "WordPress/6.7.2; https://bakingsecurityin.com"
198.54.114.83 - - [31/Mar/2025:03:37:05 -0400] "POST /wp-cron.php?doing_wp_cron=1743406624.5823459625244140625000 HTTP/1.1" 200 0 "-" "WordPress/6.7.2; https://bakingsecurityin.com"
51.222.253.2 - - [31/Mar/2025:03:37:04 -0400] "GET /grainger-rockwell-hardness-tester-for-sale/ HTTP/1.1" 200 0 "-" "Mozilla/5.0 (compatible; AhrefsBot/7.0; +http://ahrefs.com/robot/)"
198.54.114.83 - - [31/Mar/2025:03:37:05 -0400] "POST /wp-admin/admin-ajax.php?action=async_litespeed&nonce=TT3YpAY6RmUsXDpC1vOGapgF1xoXiKvN&litespeed_type=imgoptm HTTP/1.1" 200 5 "-" "WordPress/6.7.2; https://bakingsecurityin.com"
198.54.114.83 - - [31/Mar/2025:03:38:13 -0400] "POST /wp-cron.php?doing_wp_cron=1743406693.4194591045379638671875 HTTP/1.1" 200 0 "-" "WordPress/6.7.2; https://bakingsecurityin.com"
51.222.253.14 - - [31/Mar/2025:03:38:13 -0400] "GET /hotels-in-lago-di-garda/ HTTP/1.1" 200 0 "-" "Mozilla/5.0 (compatible; AhrefsBot/7.0; +http://ahrefs.com/robot/)"
198.54.114.83 - - [31/Mar/2025:03:38:13 -0400] "POST /wp-admin/admin-ajax.php?action=async_litespeed&nonce=BL2kigyypi4JmlXbbCpFRSXFOMCzpt5Y&litespeed_type=imgoptm HTTP/1.1" 200 5 "-" "WordPress/6.7.2; https://bakingsecurityin.com"
198.54.114.83 - - [31/Mar/2025:03:39:15 -0400] "POST /wp-cron.php?doing_wp_cron=1743406755.3260378837585449218750 HTTP/1.1" 200 0 "-" "WordPress/6.7.2; https://bakingsecurityin.com"
51.222.253.12 - - [31/Mar/2025:03:39:12 -0400] "GET /the-forest-of-arden/ HTTP/1.1" 200 0 "-" "Mozilla/5.0 (compatible; AhrefsBot/7.0; +http://ahrefs.com/robot/)"
198.54.114.83 - - [31/Mar/2025:03:39:15 -0400] "POST /wp-admin/admin-ajax.php?action=async_litespeed&nonce=5pZHQQOfoaf120Yu9yTXWzLcLPIccHfm&litespeed_type=imgoptm HTTP/1.1" 200 5 "-" "WordPress/6.7.2; https://bakingsecurityin.com"
198.54.114.83 - - [31/Mar/2025:03:40:24 -0400] "POST /wp-cron.php?doing_wp_cron=1743406823.5696508884429931640625 HTTP/1.1" 200 0 "-" "WordPress/6.7.2; https://bakingsecurityin.com"
51.222.253.18 - - [31/Mar/2025:03:40:22 -0400] "GET /how-to-buy-youtube-views-easily/ HTTP/1.1" 200 0 "-" "Mozilla/5.0 (compatible; AhrefsBot/7.0; +http://ahrefs.com/robot/)"
198.54.114.83 - - [31/Mar/2025:03:40:24 -0400] "POST /wp-admin/admin-ajax.php?action=async_litespeed&nonce=GmzSaUTp2oU04EUIiIJ5meWQfnVEbf8I&litespeed_type=imgoptm HTTP/1.1" 200 5 "-" "WordPress/6.7.2; https://bakingsecurityin.com"
198.54.114.83 - - [31/Mar/2025:03:41:27 -0400] "POST /wp-cron.php?doing_wp_cron=1743406886.6730289459228515625000 HTTP/1.1" 200 0 "-" "WordPress/6.7.2; https://bakingsecurityin.com"
51.222.253.17 - - [31/Mar/2025:03:41:26 -0400] "GET /the-importance-of-soffits-and-guttering/ HTTP/1.1" 200 0 "-" "Mozilla/5.0 (compatible; AhrefsBot/7.0; +http://ahrefs.com/robot/)"
198.54.114.83 - - [31/Mar/2025:03:41:28 -0400] "POST /wp-admin/admin-ajax.php?action=async_litespeed&nonce=0fZBb2C4n5ijSkDr0QFaPMML1IiiM5sQ&litespeed_type=imgoptm HTTP/1.1" 200 5 "-" "WordPress/6.7.2; https://bakingsecurityin.com"
185.191.171.15 - - [31/Mar/2025:03:42:01 -0400] "GET /the-japanese-katana-sword/ HTTP/1.1" 200 0 "-" "Mozilla/5.0 (compatible; SemrushBot/7~bl; +http://www.semrush.com/bot.html)"
198.54.114.83 - - [31/Mar/2025:03:42:14 -0400] "POST /wp-admin/admin-ajax.php?action=async_litespeed&nonce=3HV2fwSdLbrL2lUq1kLVUjz7dLu3Q30f&litespeed_type=imgoptm HTTP/1.1" 200 0 "-" "WordPress/6.7.2; https://bakingsecurityin.com"
198.54.114.83 - - [31/Mar/2025:03:42:29 -0400] "POST /wp-cron.php?doing_wp_cron=1743406949.5296280384063720703125 HTTP/1.1" 200 0 "-" "WordPress/6.7.2; https://bakingsecurityin.com"
51.222.253.3 - - [31/Mar/2025:03:42:29 -0400] "GET /how-to-lower-the-cost-of-vyvanse-50-mg-price/ HTTP/1.1" 200 0 "-" "Mozilla/5.0 (compatible; AhrefsBot/7.0; +http://ahrefs.com/robot/)"
198.54.114.83 - - [31/Mar/2025:03:42:30 -0400] "POST /wp-admin/admin-ajax.php?action=async_litespeed&nonce=VScwpL9I4HtstYNtHWdUGs5i5EwY6k5F&litespeed_type=imgoptm HTTP/1.1" 200 5 "-" "WordPress/6.7.2; https://bakingsecurityin.com"
198.54.114.83 - - [31/Mar/2025:03:43:37 -0400] "POST /wp-cron.php?doing_wp_cron=1743407017.2968211174011230468750 HTTP/1.1" 200 0 "-" "WordPress/6.7.2; https://bakingsecurityin.com"
51.222.253.5 - - [31/Mar/2025:03:43:37 -0400] "GET /elegance-of-the-natural-shell-oval-pendant-necklace/ HTTP/1.1" 200 0 "-" "Mozilla/5.0 (compatible; AhrefsBot/7.0; +http://ahrefs.com/robot/)"
198.54.114.83 - - [31/Mar/2025:03:43:37 -0400] "POST /wp-admin/admin-ajax.php?action=async_litespeed&nonce=rmPYEQabXKf3Noibq1kibHckGffgCVZX&litespeed_type=imgoptm HTTP/1.1" 200 5 "-" "WordPress/6.7.2; https://bakingsecurityin.com"
198.54.114.83 - - [31/Mar/2025:03:44:41 -0400] "POST /wp-cron.php?doing_wp_cron=1743407081.6565909385681152343750 HTTP/1.1" 200 0 "-" "WordPress/6.7.2; https://bakingsecurityin.com"
51.222.253.9 - - [31/Mar/2025:03:44:41 -0400] "GET /tazorac-uk-acne-and-plaque-psoriasis/ HTTP/1.1" 200 0 "-" "Mozilla/5.0 (compatible; AhrefsBot/7.0; +http://ahrefs.com/robot/)"
198.54.114.83 - - [31/Mar/2025:03:44:42 -0400] "POST /wp-admin/admin-ajax.php?action=async_litespeed&nonce=szboPw4OKjXVYUGGvgLYFvEx9mMsTobE&litespeed_type=imgoptm HTTP/1.1" 200 5 "-" "WordPress/6.7.2; https://bakingsecurityin.com"
64.43.110.198 - - [31/Mar/2025:03:45:19 -0400] "GET /the-omnivoid-xr/ HTTP/1.1" 200 0 "-" "Mozilla/5.0 (X11; Ubuntu; Linux x86_64; rv:114.0) Gecko/20100101 Firefox/114.0"
198.54.114.83 - - [31/Mar/2025:03:46:01 -0400] "POST /wp-cron.php?doing_wp_cron=1743407160.8562629222869873046875 HTTP/1.1" 200 0 "-" "WordPress/6.7.2; https://bakingsecurityin.com"
51.222.253.10 - - [31/Mar/2025:03:45:58 -0400] "GET /caregiver-safety/feed/ HTTP/1.1" 200 377 "-" "Mozilla/5.0 (compatible; AhrefsBot/7.0; +http://ahrefs.com/robot/)"
198.54.114.83 - - [31/Mar/2025:03:46:01 -0400] "POST /wp-admin/admin-ajax.php?action=async_litespeed&nonce=tx7fAjENt1nwiNpJXz6NuJpfsMClYnBP&litespeed_type=imgoptm HTTP/1.1" 200 5 "-" "WordPress/6.7.2; https://bakingsecurityin.com"
198.54.114.83 - - [31/Mar/2025:03:47:21 -0400] "POST /wp-cron.php?doing_wp_cron=1743407241.0168919563293457031250 HTTP/1.1" 200 0 "-" "WordPress/6.7.2; https://bakingsecurityin.com"
51.222.253.4 - - [31/Mar/2025:03:47:20 -0400] "GET /embaucher-un-comptable-en-restauration-pour-votre-entreprise-de-restauration/ HTTP/1.1" 200 0 "-" "Mozilla/5.0 (compatible; AhrefsBot/7.0; +http://ahrefs.com/robot/)"
198.54.114.83 - - [31/Mar/2025:03:47:21 -0400] "POST /wp-admin/admin-ajax.php?action=async_litespeed&nonce=pYCcVCIbH25BbRhISaBj8eE48n5xtAY8&litespeed_type=imgoptm HTTP/1.1" 200 5 "-" "WordPress/6.7.2; https://bakingsecurityin.com"
198.54.114.83 - - [31/Mar/2025:03:48:22 -0400] "POST /wp-cron.php?doing_wp_cron=1743407302.7582430839538574218750 HTTP/1.1" 200 0 "-" "WordPress/6.7.2; https://bakingsecurityin.com"
51.222.253.6 - - [31/Mar/2025:03:48:22 -0400] "GET /credence-cuisine-adhesive/ HTTP/1.1" 200 0 "-" "Mozilla/5.0 (compatible; AhrefsBot/7.0; +http://ahrefs.com/robot/)"
198.54.114.83 - - [31/Mar/2025:03:48:23 -0400] "POST /wp-admin/admin-ajax.php?action=async_litespeed&nonce=uKfkI3XAn3aqsvzfrKUoCNXYlvUf4AsO&litespeed_type=imgoptm HTTP/1.1" 200 5 "-" "WordPress/6.7.2; https://bakingsecurityin.com"
198.54.114.83 - - [31/Mar/2025:03:49:07 -0400] "POST /wp-cron.php?doing_wp_cron=1743407347.8754820823669433593750 HTTP/1.1" 200 0 "-" "WordPress/6.7.2; https://bakingsecurityin.com"
2604:a880:4:1d0::77b4:4000 - - [31/Mar/2025:03:49:07 -0400] "POST /wp-login.php HTTP/1.1" 200 1862 "https://bakingsecurityin.com/wp-admin/" "Mozilla/5.0 (Windows NT 10.0; Win64; x64) AppleWebKit/537.36 (KHTML, like Gecko) Chrome/90.0.4430.85 Safari/537.36"
198.54.114.83 - - [31/Mar/2025:03:49:08 -0400] "POST /wp-admin/admin-ajax.php?action=async_litespeed&nonce=l02z40thAiSB6AjEDObOWch2j33KOjYd&litespeed_type=imgoptm HTTP/1.1" 200 5 "-" "WordPress/6.7.2; https://bakingsecurityin.com"
198.54.114.83 - - [31/Mar/2025:03:49:35 -0400] "POST /wp-cron.php?doing_wp_cron=1743407374.8151268959045410156250 HTTP/1.1" 200 0 "-" "WordPress/6.7.2; https://bakingsecurityin.com"
51.222.253.12 - - [31/Mar/2025:03:49:34 -0400] "GET /how-to-find-a-caregiver/ HTTP/1.1" 200 0 "-" "Mozilla/5.0 (compatible; AhrefsBot/7.0; +http://ahrefs.com/robot/)"
198.54.114.83 - - [31/Mar/2025:03:49:35 -0400] "POST /wp-admin/admin-ajax.php?action=async_litespeed&nonce=h2i6NtzhLahaaZ9Vv2Z6KuKsKYhepxnI&litespeed_type=imgoptm HTTP/1.1" 200 5 "-" "WordPress/6.7.2; https://bakingsecurityin.com"
112.92.70.120 - - [31/Mar/2025:03:50:31 -0400] "GET /les-pantoufles-sont-populaires-partout-dans-le-monde/ HTTP/1.1" 301 0 "https://bakingsecurityin.com" "Mozilla/5.0 (Windows NT 10.0; Win64; x64) AppleWebKit/537.36 (KHTML, like Gecko) Chrome/62.0.3202.94 Safari/537.36"
112.92.70.120 - - [31/Mar/2025:03:50:33 -0400] "GET /pantoufle-de-dinosaure/ HTTP/1.1" 200 0 "https://bakingsecurityin.com" "Mozilla/5.0 (Windows NT 10.0; Win64; x64) AppleWebKit/537.36 (KHTML, like Gecko) Chrome/62.0.3202.94 Safari/537.36"
198.54.114.83 - - [31/Mar/2025:03:50:54 -0400] "POST /wp-cron.php?doing_wp_cron=1743407453.9590449333190917968750 HTTP/1.1" 200 0 "-" "WordPress/6.7.2; https://bakingsecurityin.com"
51.222.253.19 - - [31/Mar/2025:03:50:53 -0400] "GET /2023/04/ HTTP/1.1" 200 0 "-" "Mozilla/5.0 (compatible; AhrefsBot/7.0; +http://ahrefs.com/robot/)"
198.54.114.83 - - [31/Mar/2025:03:50:54 -0400] "POST /wp-admin/admin-ajax.php?action=async_litespeed&nonce=vejgLC8IqP1Z8zVHsDPyhDvqRt7KaWwx&litespeed_type=imgoptm HTTP/1.1" 200 5 "-" "WordPress/6.7.2; https://bakingsecurityin.com"
198.54.114.83 - - [31/Mar/2025:03:52:15 -0400] "POST /wp-cron.php?doing_wp_cron=1743407535.6361780166625976562500 HTTP/1.1" 200 0 "-" "WordPress/6.7.2; https://bakingsecurityin.com"
51.222.253.20 - - [31/Mar/2025:03:52:15 -0400] "GET /2023/08/ HTTP/1.1" 200 0 "-" "Mozilla/5.0 (compatible; AhrefsBot/7.0; +http://ahrefs.com/robot/)"
198.54.114.83 - - [31/Mar/2025:03:52:16 -0400] "POST /wp-admin/admin-ajax.php?action=async_litespeed&nonce=pv0g4iZSyVHIXNJsS91S3vs8eKXozjS4&litespeed_type=imgoptm HTTP/1.1" 200 5 "-" "WordPress/6.7.2; https://bakingsecurityin.com"
51.222.253.7 - - [31/Mar/2025:03:53:31 -0400] "GET /how-are-youtube-views-counted/ HTTP/1.1" 200 0 "-" "Mozilla/5.0 (compatible; AhrefsBot/7.0; +http://ahrefs.com/robot/)"
198.54.114.83 - - [31/Mar/2025:03:54:12 -0400] "POST /wp-admin/admin-ajax.php?action=async_litespeed&nonce=2ZzIFp13nEXwYiO0WV5SX2P3cRORzYg8&litespeed_type=imgoptm HTTP/1.1" 200 5 "-" "WordPress/6.7.2; https://bakingsecurityin.com"
198.54.114.83 - - [31/Mar/2025:03:54:54 -0400] "POST /wp-cron.php?doing_wp_cron=1743407694.0688800811767578125000 HTTP/1.1" 200 0 "-" "WordPress/6.7.2; https://bakingsecurityin.com"
51.222.253.18 - - [31/Mar/2025:03:54:53 -0400] "GET /virtual-telephone-answering-service-benefits-for-businesses/ HTTP/1.1" 200 0 "-" "Mozilla/5.0 (compatible; AhrefsBot/7.0; +http://ahrefs.com/robot/)"
198.54.114.83 - - [31/Mar/2025:03:54:54 -0400] "POST /wp-admin/admin-ajax.php?action=async_litespeed&nonce=3vws329ROmclbIso9BvUr36paBlj61AI&litespeed_type=imgoptm HTTP/1.1" 200 5 "-" "WordPress/6.7.2; https://bakingsecurityin.com"
198.54.114.83 - - [31/Mar/2025:03:56:26 -0400] "POST /wp-cron.php?doing_wp_cron=1743407785.7530460357666015625000 HTTP/1.1" 200 0 "-" "WordPress/6.7.2; https://bakingsecurityin.com"
51.222.253.5 - - [31/Mar/2025:03:56:23 -0400] "GET /share-iphone-screen/ HTTP/1.1" 200 0 "-" "Mozilla/5.0 (compatible; AhrefsBot/7.0; +http://ahrefs.com/robot/)"
198.54.114.83 - - [31/Mar/2025:03:56:26 -0400] "POST /wp-admin/admin-ajax.php?action=async_litespeed&nonce=WroRtY9KQyIlB5Y2nZMHNK4E24Nfel3b&litespeed_type=imgoptm HTTP/1.1" 200 5 "-" "WordPress/6.7.2; https://bakingsecurityin.com"
198.54.114.83 - - [31/Mar/2025:03:57:41 -0400] "POST /wp-cron.php?doing_wp_cron=1743407861.4418530464172363281250 HTTP/1.1" 200 0 "-" "WordPress/6.7.2; https://bakingsecurityin.com"
51.222.253.10 - - [31/Mar/2025:03:57:41 -0400] "GET /nude-photography-in-austin/ HTTP/1.1" 200 0 "-" "Mozilla/5.0 (compatible; AhrefsBot/7.0; +http://ahrefs.com/robot/)"
198.54.114.83 - - [31/Mar/2025:03:57:41 -0400] "POST /wp-admin/admin-ajax.php?action=async_litespeed&nonce=DL6u3zArqT2HqU9gNKBjXjRtEpqywFrH&litespeed_type=imgoptm HTTP/1.1" 200 5 "-" "WordPress/6.7.2; https://bakingsecurityin.com"
198.54.114.83 - - [31/Mar/2025:03:59:13 -0400] "POST /wp-cron.php?doing_wp_cron=1743407953.7721750736236572265625 HTTP/1.1" 200 0 "-" "WordPress/6.7.2; https://bakingsecurityin.com"
51.222.253.11 - - [31/Mar/2025:03:59:10 -0400] "GET /the-weighted-stuffed-animal/ HTTP/1.1" 200 0 "-" "Mozilla/5.0 (compatible; AhrefsBot/7.0; +http://ahrefs.com/robot/)"
198.54.114.83 - - [31/Mar/2025:03:59:14 -0400] "POST /wp-admin/admin-ajax.php?action=async_litespeed&nonce=W5aRq3DvHTykhJ6qHmbPaF3cCfDSk3Tb&litespeed_type=imgoptm HTTP/1.1" 200 5 "-" "WordPress/6.7.2; https://bakingsecurityin.com"
51.222.253.7 - - [31/Mar/2025:04:00:26 -0400] "GET /die-bedeutung-einer-bilanz/ HTTP/1.1" 200 0 "-" "Mozilla/5.0 (compatible; AhrefsBot/7.0; +http://ahrefs.com/robot/)"
85.208.96.200 - - [31/Mar/2025:04:01:21 -0400] "GET /how-does-red-light-therapy-work/ HTTP/1.1" 200 0 "-" "Mozilla/5.0 (compatible; SemrushBot/7~bl; +http://www.semrush.com/bot.html)"
198.54.114.83 - - [31/Mar/2025:04:01:44 -0400] "POST /wp-cron.php?doing_wp_cron=1743408104.5520610809326171875000 HTTP/1.1" 200 0 "-" "WordPress/6.7.2; https://bakingsecurityin.com"
51.222.253.12 - - [31/Mar/2025:04:01:44 -0400] "GET /5-ways-to-earn-more-money-from-writing/ HTTP/1.1" 200 0 "-" "Mozilla/5.0 (compatible; AhrefsBot/7.0; +http://ahrefs.com/robot/)"
198.54.114.83 - - [31/Mar/2025:04:01:45 -0400] "POST /wp-admin/admin-ajax.php?action=async_litespeed&nonce=U5YjXJsCf0HUqPctHje6bWh5cFECtT4A&litespeed_type=imgoptm HTTP/1.1" 200 5 "-" "WordPress/6.7.2; https://bakingsecurityin.com"
85.208.98.16 - - [31/Mar/2025:04:01:47 -0400] "GET /the-best-the-little-prince-quotes/ HTTP/1.1" 404 0 "-" "Mozilla/5.0 (compatible; SemrushBot-BA; +http://www.semrush.com/bot.html)"
85.208.98.31 - - [31/Mar/2025:04:01:59 -0400] "GET /good-night-quotes/ HTTP/1.1" 404 0 "-" "Mozilla/5.0 (compatible; SemrushBot-BA; +http://www.semrush.com/bot.html)"
198.54.114.83 - - [31/Mar/2025:04:02:55 -0400] "POST /wp-cron.php?doing_wp_cron=1743408175.4909141063690185546875 HTTP/1.1" 200 0 "-" "WordPress/6.7.2; https://bakingsecurityin.com"
51.222.253.19 - - [31/Mar/2025:04:02:55 -0400] "GET /orchard-sophia-developer-profile/ HTTP/1.1" 200 0 "-" "Mozilla/5.0 (compatible; AhrefsBot/7.0; +http://ahrefs.com/robot/)"
198.54.114.83 - - [31/Mar/2025:04:02:56 -0400] "POST /wp-admin/admin-ajax.php?action=async_litespeed&nonce=9Jaz6wGHmJMqScXNA3a0dQg9ff5RdMwF&litespeed_type=imgoptm HTTP/1.1" 200 5 "-" "WordPress/6.7.2; https://bakingsecurityin.com"
185.191.171.1 - - [31/Mar/2025:04:03:41 -0400] "GET /robots.txt HTTP/1.1" 304 0 "-" "Mozilla/5.0 (compatible; SemrushBot/7~bl; +http://www.semrush.com/bot.html)"
185.191.171.1 - - [31/Mar/2025:04:03:41 -0400] "GET /unveiling-the-power-of-youtube-views/ HTTP/1.1" 200 0 "-" "Mozilla/5.0 (compatible; SemrushBot/7~bl; +http://www.semrush.com/bot.html)"
198.54.114.83 - - [31/Mar/2025:04:04:27 -0400] "POST /wp-cron.php?doing_wp_cron=1743408267.5787429809570312500000 HTTP/1.1" 200 0 "-" "WordPress/6.7.2; https://bakingsecurityin.com"
51.222.253.20 - - [31/Mar/2025:04:04:25 -0400] "GET /where-to-find-womens-bamboo-pajamas/ HTTP/1.1" 200 0 "-" "Mozilla/5.0 (compatible; AhrefsBot/7.0; +http://ahrefs.com/robot/)"
198.54.114.83 - - [31/Mar/2025:04:04:28 -0400] "POST /wp-admin/admin-ajax.php?action=async_litespeed&nonce=8tYV0vr4yzF3GvjYu1N5vvmbddblopCS&litespeed_type=imgoptm HTTP/1.1" 200 5 "-" "WordPress/6.7.2; https://bakingsecurityin.com"
198.54.114.83 - - [31/Mar/2025:04:05:47 -0400] "POST /wp-cron.php?doing_wp_cron=1743408346.9700560569763183593750 HTTP/1.1" 200 0 "-" "WordPress/6.7.2; https://bakingsecurityin.com"
51.222.253.13 - - [31/Mar/2025:04:05:46 -0400] "GET /2024/02/ HTTP/1.1" 200 0 "-" "Mozilla/5.0 (compatible; AhrefsBot/7.0; +http://ahrefs.com/robot/)"
198.54.114.83 - - [31/Mar/2025:04:05:47 -0400] "POST /wp-admin/admin-ajax.php?action=async_litespeed&nonce=H0UcZ8U2P2dUZBxxLS8yUuGzlEfiysKD&litespeed_type=imgoptm HTTP/1.1" 200 5 "-" "WordPress/6.7.2; https://bakingsecurityin.com"
198.54.114.83 - - [31/Mar/2025:04:07:28 -0400] "POST /wp-cron.php?doing_wp_cron=1743408448.0258989334106445312500 HTTP/1.1" 200 0 "-" "WordPress/6.7.2; https://bakingsecurityin.com"
51.222.253.1 - - [31/Mar/2025:04:07:27 -0400] "GET /the-rise-of-online-betting-and-its-popularity/feed/ HTTP/1.1" 200 418 "-" "Mozilla/5.0 (compatible; AhrefsBot/7.0; +http://ahrefs.com/robot/)"
198.54.114.83 - - [31/Mar/2025:04:07:28 -0400] "POST /wp-admin/admin-ajax.php?action=async_litespeed&nonce=lQLsgN1eEN37IvIJGqO5H7TQh9q0V1yZ&litespeed_type=imgoptm HTTP/1.1" 200 5 "-" "WordPress/6.7.2; https://bakingsecurityin.com"
198.54.114.83 - - [31/Mar/2025:04:08:50 -0400] "POST /wp-cron.php?doing_wp_cron=1743408530.1803860664367675781250 HTTP/1.1" 200 0 "-" "WordPress/6.7.2; https://bakingsecurityin.com"
51.222.253.12 - - [31/Mar/2025:04:08:49 -0400] "GET /luxury-living-at-newport-residences-showflat/ HTTP/1.1" 200 0 "-" "Mozilla/5.0 (compatible; AhrefsBot/7.0; +http://ahrefs.com/robot/)"
198.54.114.83 - - [31/Mar/2025:04:08:50 -0400] "POST /wp-admin/admin-ajax.php?action=async_litespeed&nonce=FQJVl18yQOgBP1yYY79IUcezmalY7DrL&litespeed_type=imgoptm HTTP/1.1" 200 5 "-" "WordPress/6.7.2; https://bakingsecurityin.com"
178.68.117.5 - - [31/Mar/2025:04:10:06 -0400] "GET /top-5-retinol-creams/ HTTP/1.1" 200 0 "https://bakingsecurityin.com/top-5-retinol-creams/#comment-1465" "Mozilla/5.0 (Windows NT 10.0; Win64; x64) AppleWebKit/537.36 (KHTML, like Gecko) Chrome/130.0.0.0 Safari/537.36"
198.54.114.83 - - [31/Mar/2025:04:10:08 -0400] "POST /wp-cron.php?doing_wp_cron=1743408608.6375010013580322265625 HTTP/1.1" 200 0 "-" "WordPress/6.7.2; https://bakingsecurityin.com"
178.68.117.5 - - [31/Mar/2025:04:10:08 -0400] "GET / HTTP/1.1" 200 0 "https://bakingsecurityin.com/" "Mozilla/5.0 (Windows NT 10.0; Win64; x64) AppleWebKit/537.36 (KHTML, like Gecko) Chrome/130.0.0.0 Safari/537.36"
198.54.114.83 - - [31/Mar/2025:04:10:09 -0400] "POST /wp-admin/admin-ajax.php?action=async_litespeed&nonce=cj7JfyoUqlZRe3Qmk2xvkkwXJzJ3DXvl&litespeed_type=imgoptm HTTP/1.1" 200 5 "-" "WordPress/6.7.2; https://bakingsecurityin.com"
51.222.253.19 - - [31/Mar/2025:04:10:10 -0400] "GET /page/128/ HTTP/1.1" 200 0 "-" "Mozilla/5.0 (compatible; AhrefsBot/7.0; +http://ahrefs.com/robot/)"
51.222.253.7 - - [31/Mar/2025:04:11:38 -0400] "GET /center-parcs-ostdeutschland/ HTTP/1.1" 200 0 "-" "Mozilla/5.0 (compatible; AhrefsBot/7.0; +http://ahrefs.com/robot/)"
198.54.114.83 - - [31/Mar/2025:04:13:20 -0400] "POST /wp-cron.php?doing_wp_cron=1743408800.3089079856872558593750 HTTP/1.1" 200 0 "-" "WordPress/6.7.2; https://bakingsecurityin.com"
51.222.253.10 - - [31/Mar/2025:04:13:18 -0400] "GET /custom-stirrup-socks/ HTTP/1.1" 200 0 "-" "Mozilla/5.0 (compatible; AhrefsBot/7.0; +http://ahrefs.com/robot/)"
198.54.114.83 - - [31/Mar/2025:04:13:20 -0400] "POST /wp-admin/admin-ajax.php?action=async_litespeed&nonce=mTEVgTrxwuZaFR3TtDzJ4y5QFk4L4qhp&litespeed_type=imgoptm HTTP/1.1" 200 5 "-" "WordPress/6.7.2; https://bakingsecurityin.com"
198.54.114.83 - - [31/Mar/2025:04:14:58 -0400] "POST /wp-cron.php?doing_wp_cron=1743408897.7684578895568847656250 HTTP/1.1" 200 0 "-" "WordPress/6.7.2; https://bakingsecurityin.com"
185.191.171.9 - - [31/Mar/2025:04:14:54 -0400] "GET /christchurch-property-video/ HTTP/1.1" 200 0 "-" "Mozilla/5.0 (compatible; SemrushBot/7~bl; +http://www.semrush.com/bot.html)"
198.54.114.83 - - [31/Mar/2025:04:14:58 -0400] "POST /wp-admin/admin-ajax.php?action=async_litespeed&nonce=5YOR54z2EbBjzcI19fR2vDI6EA17GE7u&litespeed_type=imgoptm HTTP/1.1" 200 5 "-" "WordPress/6.7.2; https://bakingsecurityin.com"
51.222.253.9 - - [31/Mar/2025:04:15:07 -0400] "GET /category/iphone/feed/ HTTP/1.1" 200 5130 "-" "Mozilla/5.0 (compatible; AhrefsBot/7.0; +http://ahrefs.com/robot/)"
198.54.114.83 - - [31/Mar/2025:04:16:42 -0400] "POST /wp-cron.php?doing_wp_cron=1743409002.2730579376220703125000 HTTP/1.1" 200 0 "-" "WordPress/6.7.2; https://bakingsecurityin.com"
51.222.253.16 - - [31/Mar/2025:04:16:39 -0400] "GET /how-to-buy-watch-hours-youtube/ HTTP/1.1" 200 0 "-" "Mozilla/5.0 (compatible; AhrefsBot/7.0; +http://ahrefs.com/robot/)"
198.54.114.83 - - [31/Mar/2025:04:16:42 -0400] "POST /wp-admin/admin-ajax.php?action=async_litespeed&nonce=8cQms0Uz1RVb6AccWoSpTEOOWvey4ZHS&litespeed_type=imgoptm HTTP/1.1" 200 5 "-" "WordPress/6.7.2; https://bakingsecurityin.com"
198.54.114.83 - - [31/Mar/2025:04:18:17 -0400] "POST /wp-cron.php?doing_wp_cron=1743409096.8423390388488769531250 HTTP/1.1" 200 0 "-" "WordPress/6.7.2; https://bakingsecurityin.com"
51.222.253.7 - - [31/Mar/2025:04:18:15 -0400] "GET /clash-of-endor-the-most-recent-in-lego-star-wars-sets/ HTTP/1.1" 200 0 "-" "Mozilla/5.0 (compatible; AhrefsBot/7.0; +http://ahrefs.com/robot/)"
198.54.114.83 - - [31/Mar/2025:04:18:17 -0400] "POST /wp-admin/admin-ajax.php?action=async_litespeed&nonce=708nTycleJBt9aDw0vmJNizy8ur1GTDQ&litespeed_type=imgoptm HTTP/1.1" 200 5 "-" "WordPress/6.7.2; https://bakingsecurityin.com"
51.222.253.9 - - [31/Mar/2025:04:19:38 -0400] "GET /the-rise-of-online-betting-and-its-popularity/ HTTP/1.1" 200 0 "-" "Mozilla/5.0 (compatible; AhrefsBot/7.0; +http://ahrefs.com/robot/)"
185.191.171.1 - - [31/Mar/2025:04:20:24 -0400] "GET /water-soluble-film-packaging-machine/ HTTP/1.1" 200 0 "-" "Mozilla/5.0 (compatible; SemrushBot/7~bl; +http://www.semrush.com/bot.html)"
198.54.114.83 - - [31/Mar/2025:04:21:04 -0400] "POST /wp-cron.php?doing_wp_cron=1743409263.7692968845367431640625 HTTP/1.1" 200 0 "-" "WordPress/6.7.2; https://bakingsecurityin.com"
51.222.253.14 - - [31/Mar/2025:04:21:00 -0400] "GET /how-to-properly-perform-an-exterior-house-wash/ HTTP/1.1" 200 0 "-" "Mozilla/5.0 (compatible; AhrefsBot/7.0; +http://ahrefs.com/robot/)"
198.54.114.83 - - [31/Mar/2025:04:21:04 -0400] "POST /wp-admin/admin-ajax.php?action=async_litespeed&nonce=i1DaleZK4FykXzPOLwYvPf2zo9rWp2pE&litespeed_type=imgoptm HTTP/1.1" 200 5 "-" "WordPress/6.7.2; https://bakingsecurityin.com"
198.54.114.83 - - [31/Mar/2025:04:22:06 -0400] "POST /wp-admin/admin-ajax.php?action=async_litespeed&nonce=DlCMAMzRDtnpjaRC1EFoovK7CtUWzkL4&litespeed_type=imgoptm HTTP/1.1" 200 5 "-" "WordPress/6.7.2; https://bakingsecurityin.com"
51.222.253.1 - - [31/Mar/2025:04:22:22 -0400] "GET /how-to-register-a-business/ HTTP/1.1" 200 0 "-" "Mozilla/5.0 (compatible; AhrefsBot/7.0; +http://ahrefs.com/robot/)"
51.222.253.20 - - [31/Mar/2025:04:23:45 -0400] "GET /3-easy-ways-to-get-more-views-to-your-youtube-videos/ HTTP/1.1" 200 0 "-" "Mozilla/5.0 (compatible; AhrefsBot/7.0; +http://ahrefs.com/robot/)"
198.54.114.83 - - [31/Mar/2025:04:25:07 -0400] "POST /wp-cron.php?doing_wp_cron=1743409506.7422919273376464843750 HTTP/1.1" 200 0 "-" "WordPress/6.7.2; https://bakingsecurityin.com"
51.222.253.6 - - [31/Mar/2025:04:25:03 -0400] "GET /mens-bamboo-underwear/ HTTP/1.1" 200 0 "-" "Mozilla/5.0 (compatible; AhrefsBot/7.0; +http://ahrefs.com/robot/)"
198.54.114.83 - - [31/Mar/2025:04:25:08 -0400] "POST /wp-admin/admin-ajax.php?action=async_litespeed&nonce=peRbFJWTKShz730oW1UJgo7CDHXJSSnf&litespeed_type=imgoptm HTTP/1.1" 200 5 "-" "WordPress/6.7.2; https://bakingsecurityin.com"
51.222.253.2 - - [31/Mar/2025:04:26:37 -0400] "GET /cache-level-3-courses/ HTTP/1.1" 200 0 "-" "Mozilla/5.0 (compatible; AhrefsBot/7.0; +http://ahrefs.com/robot/)"
198.54.114.83 - - [31/Mar/2025:04:28:06 -0400] "POST /wp-cron.php?doing_wp_cron=1743409686.3960900306701660156250 HTTP/1.1" 200 0 "-" "WordPress/6.7.2; https://bakingsecurityin.com"
51.222.253.4 - - [31/Mar/2025:04:28:04 -0400] "GET /pilou-asbaek-danish-actor/ HTTP/1.1" 200 0 "-" "Mozilla/5.0 (compatible; AhrefsBot/7.0; +http://ahrefs.com/robot/)"
198.54.114.83 - - [31/Mar/2025:04:28:06 -0400] "POST /wp-admin/admin-ajax.php?action=async_litespeed&nonce=ESujrJQzRHkzTp5vxJrBsdjmGkM8S0MT&litespeed_type=imgoptm HTTP/1.1" 200 5 "-" "WordPress/6.7.2; https://bakingsecurityin.com"
198.54.114.83 - - [31/Mar/2025:04:29:25 -0400] "POST /wp-cron.php?doing_wp_cron=1743409765.1465260982513427734375 HTTP/1.1" 200 0 "-" "WordPress/6.7.2; https://bakingsecurityin.com"
129.226.66.188 - - [31/Mar/2025:04:29:24 -0400] "GET /meals-delivered-to-your-door/ HTTP/1.1" 200 0 "-" "Python/3.10 aiohttp/3.10.5"
198.54.114.83 - - [31/Mar/2025:04:29:25 -0400] "POST /wp-admin/admin-ajax.php?action=async_litespeed&nonce=BfgRcqQ3dMSphM2YjgzLXopoz8WdyuvL&litespeed_type=imgoptm HTTP/1.1" 200 5 "-" "WordPress/6.7.2; https://bakingsecurityin.com"
51.222.253.13 - - [31/Mar/2025:04:29:31 -0400] "GET /unlocking-the-potential-of-qr-codes/ HTTP/1.1" 200 0 "-" "Mozilla/5.0 (compatible; AhrefsBot/7.0; +http://ahrefs.com/robot/)"
51.222.253.4 - - [31/Mar/2025:04:30:43 -0400] "GET /extended-warranties-for-cars-what-you-need-to-know/ HTTP/1.1" 200 0 "-" "Mozilla/5.0 (compatible; AhrefsBot/7.0; +http://ahrefs.com/robot/)"
156.231.82.114 - - [31/Mar/2025:04:30:56 -0400] "GET /wealth-building-with-real-estate/ HTTP/1.1" 200 0 "-" "Mozilla/5.0 (Macintosh; Intel Mac OS X 10_15_7) AppleWebKit/537.36 (KHTML, like Gecko) Chrome/125.0.0.0 Safari/537.36"
198.54.114.83 - - [31/Mar/2025:04:31:29 -0400] "POST /wp-admin/admin-ajax.php?action=async_litespeed&nonce=4CybhUGeGTI65oC0JbbSv2vZdRXy6zjS&litespeed_type=imgoptm HTTP/1.1" 200 5 "-" "WordPress/6.7.2; https://bakingsecurityin.com"
51.222.253.9 - - [31/Mar/2025:04:31:57 -0400] "GET /moovit-legal-services-consultations-in-hattingen-germany/ HTTP/1.1" 200 0 "-" "Mozilla/5.0 (compatible; AhrefsBot/7.0; +http://ahrefs.com/robot/)"
198.54.114.83 - - [31/Mar/2025:04:33:11 -0400] "POST /wp-cron.php?doing_wp_cron=1743409990.9120409488677978515625 HTTP/1.1" 200 0 "-" "WordPress/6.7.2; https://bakingsecurityin.com"
51.222.253.7 - - [31/Mar/2025:04:33:10 -0400] "GET /effizienter-umzug-in-hamburg/ HTTP/1.1" 200 0 "-" "Mozilla/5.0 (compatible; AhrefsBot/7.0; +http://ahrefs.com/robot/)"
198.54.114.83 - - [31/Mar/2025:04:33:12 -0400] "POST /wp-admin/admin-ajax.php?action=async_litespeed&nonce=xFuZnxUShlR5zYh7X9wIG6cEAj5B0eGm&litespeed_type=imgoptm HTTP/1.1" 200 5 "-" "WordPress/6.7.2; https://bakingsecurityin.com"
