198.54.114.83 - - [30/Mar/2025:05:16:32 -0400] "POST /wp-admin/admin-ajax.php?action=async_litespeed&nonce=GZ67ySwgYOhMcPBw4eO36VaA9hOQdSVi&litespeed_type=imgoptm HTTP/1.1" 200 0 "-" "WordPress/6.7.2; https://bakingsecurityin.com"
51.222.253.10 - - [30/Mar/2025:05:16:32 -0400] "GET /the-hill-shore/feed/ HTTP/1.1" 200 380 "-" "Mozilla/5.0 (compatible; AhrefsBot/7.0; +http://ahrefs.com/robot/)"
198.54.114.83 - - [30/Mar/2025:05:18:05 -0400] "POST /wp-cron.php?doing_wp_cron=1743326284.9398739337921142578125 HTTP/1.1" 200 0 "-" "WordPress/6.7.2; https://bakingsecurityin.com"
51.222.253.18 - - [30/Mar/2025:05:18:03 -0400] "GET /category/activity/page/53/ HTTP/1.1" 200 0 "-" "Mozilla/5.0 (compatible; AhrefsBot/7.0; +http://ahrefs.com/robot/)"
198.54.114.83 - - [30/Mar/2025:05:18:05 -0400] "POST /wp-admin/admin-ajax.php?action=async_litespeed&nonce=mPefRSLytd2TJIzvxu67CUXc7RwjOFIL&litespeed_type=imgoptm HTTP/1.1" 200 5 "-" "WordPress/6.7.2; https://bakingsecurityin.com"
198.54.114.83 - - [30/Mar/2025:05:19:32 -0400] "POST /wp-cron.php?doing_wp_cron=1743326372.6112580299377441406250 HTTP/1.1" 200 0 "-" "WordPress/6.7.2; https://bakingsecurityin.com"
51.222.253.8 - - [30/Mar/2025:05:19:31 -0400] "GET /the-benefits-of-wool-ski-socks/feed/ HTTP/1.1" 200 401 "-" "Mozilla/5.0 (compatible; AhrefsBot/7.0; +http://ahrefs.com/robot/)"
198.54.114.83 - - [30/Mar/2025:05:19:33 -0400] "POST /wp-admin/admin-ajax.php?action=async_litespeed&nonce=jmFXoGc1gngvqMq8SNNPi9AUS68I9J0r&litespeed_type=imgoptm HTTP/1.1" 200 5 "-" "WordPress/6.7.2; https://bakingsecurityin.com"
198.54.114.83 - - [30/Mar/2025:05:20:30 -0400] "POST /wp-cron.php?doing_wp_cron=1743326430.1437819004058837890625 HTTP/1.1" 200 0 "-" "WordPress/6.7.2; https://bakingsecurityin.com"
103.77.242.185 - - [30/Mar/2025:05:20:29 -0400] "POST /wp-login.php?wc-ajax=1 HTTP/1.1" 200 1864 "https://bakingsecurityin.com/wp-admin/" "Mozilla/5.0 (Windows NT 10.0; Win64; x64) AppleWebKit/537.36 (KHTML, like Gecko) Chrome/90.0.4430.85 Safari/537.36"
198.54.114.83 - - [30/Mar/2025:05:20:30 -0400] "POST /wp-admin/admin-ajax.php?action=async_litespeed&nonce=nOSReXqEaYrVlsjx86zAXXa2bRWH99nS&litespeed_type=imgoptm HTTP/1.1" 200 5 "-" "WordPress/6.7.2; https://bakingsecurityin.com"
103.77.242.185 - - [30/Mar/2025:05:20:30 -0400] "GET /wp-admin/?wc-ajax=1 HTTP/1.1" 302 0 "www.google.com" "Mozilla/5.0 (Windows NT 10.0; Win64; x64) AppleWebKit/537.36 (KHTML, like Gecko) Chrome/90.0.4430.85 Safari/537.36"
103.77.242.185 - - [30/Mar/2025:05:20:31 -0400] "GET /wp-login.php?redirect_to=https%3A%2F%2Fbakingsecurityin.com%2Fwp-admin%2F%3Fwc-ajax%3D1&reauth=1 HTTP/1.1" 200 1743 "www.google.com" "Mozilla/5.0 (Windows NT 10.0; Win64; x64) AppleWebKit/537.36 (KHTML, like Gecko) Chrome/90.0.4430.85 Safari/537.36"
51.222.253.15 - - [30/Mar/2025:05:21:11 -0400] "GET /sora-condo-the-perfect-balance-of-urban-convenience-and-lakeside-vibes/feed/ HTTP/1.1" 200 457 "-" "Mozilla/5.0 (compatible; AhrefsBot/7.0; +http://ahrefs.com/robot/)"
40.77.167.28 - - [30/Mar/2025:05:21:18 -0400] "GET /exploring-the-world-of-lab-diamond-rings-in-toronto/feed/ HTTP/1.1" 200 430 "-" "Mozilla/5.0 AppleWebKit/537.36 (KHTML, like Gecko; compatible; bingbot/2.0; +http://www.bing.com/bingbot.htm) Chrome/116.0.1938.76 Safari/537.36"
198.54.114.83 - - [30/Mar/2025:05:22:41 -0400] "POST /wp-cron.php?doing_wp_cron=1743326561.8120579719543457031250 HTTP/1.1" 200 0 "-" "WordPress/6.7.2; https://bakingsecurityin.com"
51.222.253.7 - - [30/Mar/2025:05:22:40 -0400] "GET /nf-cure-and-vital-m-40-capsules-review-by-ayurveda-expert/ HTTP/1.1" 200 0 "-" "Mozilla/5.0 (compatible; AhrefsBot/7.0; +http://ahrefs.com/robot/)"
198.54.114.83 - - [30/Mar/2025:05:22:42 -0400] "POST /wp-admin/admin-ajax.php?action=async_litespeed&nonce=dWQBm9nf3e4QcWpjMMKz7tNVT2TnjY6R&litespeed_type=imgoptm HTTP/1.1" 200 5 "-" "WordPress/6.7.2; https://bakingsecurityin.com"
198.54.114.83 - - [30/Mar/2025:05:23:58 -0400] "POST /wp-cron.php?doing_wp_cron=1743326638.1133470535278320312500 HTTP/1.1" 200 0 "-" "WordPress/6.7.2; https://bakingsecurityin.com"
51.222.253.6 - - [30/Mar/2025:05:23:57 -0400] "GET /how-to-embed-a-video-in-google-slides/ HTTP/1.1" 200 0 "-" "Mozilla/5.0 (compatible; AhrefsBot/7.0; +http://ahrefs.com/robot/)"
198.54.114.83 - - [30/Mar/2025:05:23:58 -0400] "POST /wp-admin/admin-ajax.php?action=async_litespeed&nonce=TrDNHJNK4ktujESPIQ7oUOixx0tefyPa&litespeed_type=imgoptm HTTP/1.1" 200 5 "-" "WordPress/6.7.2; https://bakingsecurityin.com"
198.54.114.83 - - [30/Mar/2025:05:24:33 -0400] "POST /wp-admin/admin-ajax.php?action=async_litespeed&nonce=ykHMaz2hmoJTrZuaQKXDpFHCsEggz0XN&litespeed_type=imgoptm HTTP/1.1" 200 5 "-" "WordPress/6.7.2; https://bakingsecurityin.com"
51.222.253.5 - - [30/Mar/2025:05:25:24 -0400] "GET /explosion-proof-electric-ball-valve/ HTTP/1.1" 200 0 "-" "Mozilla/5.0 (compatible; AhrefsBot/7.0; +http://ahrefs.com/robot/)"
58.254.68.93 - - [30/Mar/2025:05:25:54 -0400] "GET /how-to-style-street-wear-for-men/ HTTP/1.1" 200 0 "https://bakingsecurityin.com" "Mozilla/5.0 (Windows NT 10.0; Win64; x64) AppleWebKit/537.36 (KHTML, like Gecko) Chrome/62.0.3202.94 Safari/537.36"
136.243.228.193 - - [30/Mar/2025:05:26:43 -0400] "GET /how-to-download-spotify-on-mac/ HTTP/1.1" 200 0 "-" "Mozilla/5.0 (compatible; DataForSeoBot/1.0; +https://dataforseo.com/dataforseo-bot)"
198.54.114.83 - - [30/Mar/2025:05:26:47 -0400] "POST /wp-cron.php?doing_wp_cron=1743326804.1358060836791992187500 HTTP/1.1" 200 0 "-" "WordPress/6.7.2; https://bakingsecurityin.com"
51.222.253.20 - - [30/Mar/2025:05:26:48 -0400] "GET /attraction-of-online-gambling-sites/ HTTP/1.1" 200 0 "-" "Mozilla/5.0 (compatible; AhrefsBot/7.0; +http://ahrefs.com/robot/)"
52.167.144.180 - - [30/Mar/2025:05:27:04 -0400] "GET /the-rise-of-click-and-collect/feed/ HTTP/1.1" 200 396 "-" "Mozilla/5.0 AppleWebKit/537.36 (KHTML, like Gecko; compatible; bingbot/2.0; +http://www.bing.com/bingbot.htm) Chrome/116.0.1938.76 Safari/537.36"
198.54.114.83 - - [30/Mar/2025:05:28:19 -0400] "POST /wp-cron.php?doing_wp_cron=1743326899.7898728847503662109375 HTTP/1.1" 200 0 "-" "WordPress/6.7.2; https://bakingsecurityin.com"
51.222.253.5 - - [30/Mar/2025:05:28:19 -0400] "GET /how-to-turn-off-sos-on-iphone-14/feed/ HTTP/1.1" 200 409 "-" "Mozilla/5.0 (compatible; AhrefsBot/7.0; +http://ahrefs.com/robot/)"
198.54.114.83 - - [30/Mar/2025:05:28:20 -0400] "POST /wp-admin/admin-ajax.php?action=async_litespeed&nonce=PjKCCwLWlg9kC9Rw9ORK0InQiKL57B3U&litespeed_type=imgoptm HTTP/1.1" 200 5 "-" "WordPress/6.7.2; https://bakingsecurityin.com"
198.54.114.83 - - [30/Mar/2025:05:29:54 -0400] "POST /wp-cron.php?doing_wp_cron=1743326994.0471329689025878906250 HTTP/1.1" 200 0 "-" "WordPress/6.7.2; https://bakingsecurityin.com"
51.222.253.4 - - [30/Mar/2025:05:29:52 -0400] "GET /exploring-tranquility-the-chuan-park-experience/feed/ HTTP/1.1" 200 418 "-" "Mozilla/5.0 (compatible; AhrefsBot/7.0; +http://ahrefs.com/robot/)"
198.54.114.83 - - [30/Mar/2025:05:29:54 -0400] "POST /wp-admin/admin-ajax.php?action=async_litespeed&nonce=Vk93tBjqD9s18WfKxBzVOkSUe63Pss10&litespeed_type=imgoptm HTTP/1.1" 200 5 "-" "WordPress/6.7.2; https://bakingsecurityin.com"
198.54.114.83 - - [30/Mar/2025:05:31:29 -0400] "POST /wp-cron.php?doing_wp_cron=1743327088.8983650207519531250000 HTTP/1.1" 200 0 "-" "WordPress/6.7.2; https://bakingsecurityin.com"
51.222.253.14 - - [30/Mar/2025:05:31:28 -0400] "GET /category/activity/page/77/ HTTP/1.1" 200 0 "-" "Mozilla/5.0 (compatible; AhrefsBot/7.0; +http://ahrefs.com/robot/)"
198.54.114.83 - - [30/Mar/2025:05:31:29 -0400] "POST /wp-admin/admin-ajax.php?action=async_litespeed&nonce=fnBwhmpaFBXTmFf3cKDuIWNcJfynL8wz&litespeed_type=imgoptm HTTP/1.1" 200 5 "-" "WordPress/6.7.2; https://bakingsecurityin.com"
198.54.114.83 - - [30/Mar/2025:05:32:31 -0400] "POST /wp-admin/admin-ajax.php?action=async_litespeed&nonce=WhqqLVSlrGO3DfWJ1Nn7nTY8PgfsLQrA&litespeed_type=imgoptm HTTP/1.1" 200 5 "-" "WordPress/6.7.2; https://bakingsecurityin.com"
51.222.253.12 - - [30/Mar/2025:05:33:05 -0400] "GET /kassia-show-flat-appointment/feed/ HTTP/1.1" 200 396 "-" "Mozilla/5.0 (compatible; AhrefsBot/7.0; +http://ahrefs.com/robot/)"
198.54.114.83 - - [30/Mar/2025:05:34:00 -0400] "POST /wp-admin/admin-ajax.php?action=async_litespeed&nonce=6JIoqgCyDglWn5Wc5CnOJ0CBopvNHXhB&litespeed_type=imgoptm HTTP/1.1" 200 5 "-" "WordPress/6.7.2; https://bakingsecurityin.com"
198.54.114.83 - - [30/Mar/2025:05:34:41 -0400] "POST /wp-cron.php?doing_wp_cron=1743327280.9637050628662109375000 HTTP/1.1" 200 0 "-" "WordPress/6.7.2; https://bakingsecurityin.com"
51.222.253.2 - - [30/Mar/2025:05:34:40 -0400] "GET /ford-bronco-hard-tire-cover/ HTTP/1.1" 200 0 "-" "Mozilla/5.0 (compatible; AhrefsBot/7.0; +http://ahrefs.com/robot/)"
198.54.114.83 - - [30/Mar/2025:05:34:41 -0400] "POST /wp-admin/admin-ajax.php?action=async_litespeed&nonce=Zmo5oUAS0P72G7GzzoWQUws2SlzBnGkQ&litespeed_type=imgoptm HTTP/1.1" 200 5 "-" "WordPress/6.7.2; https://bakingsecurityin.com"
167.71.219.42 - - [30/Mar/2025:05:35:49 -0400] "GET /wp-login.php HTTP/1.1" 200 1738 "-" "Mozilla/5.0 (X11; Linux x86_64; rv:121.0) Gecko/20100101 Firefox/121.0"
167.71.219.42 - - [30/Mar/2025:05:35:49 -0400] "GET /wp-login.php HTTP/1.1" 200 1738 "-" "Mozilla/5.0 (X11; Linux x86_64; rv:121.0) Gecko/20100101 Firefox/121.0"
167.71.219.42 - - [30/Mar/2025:05:35:49 -0400] "GET /wp-login.php HTTP/1.1" 200 1738 "-" "Mozilla/5.0 (X11; Linux x86_64; rv:121.0) Gecko/20100101 Firefox/121.0"
167.71.219.42 - - [30/Mar/2025:05:35:49 -0400] "POST /wp-login.php HTTP/1.1" 200 0 "-" "Mozilla/5.0 (X11; Linux x86_64; rv:121.0) Gecko/20100101 Firefox/121.0"
167.71.219.42 - - [30/Mar/2025:05:35:49 -0400] "POST /wp-login.php HTTP/1.1" 200 0 "-" "Mozilla/5.0 (X11; Linux x86_64; rv:121.0) Gecko/20100101 Firefox/121.0"
167.71.219.42 - - [30/Mar/2025:05:35:49 -0400] "POST /wp-login.php HTTP/1.1" 200 0 "-" "Mozilla/5.0 (X11; Linux x86_64; rv:121.0) Gecko/20100101 Firefox/121.0"
198.54.114.83 - - [30/Mar/2025:05:36:21 -0400] "POST /wp-cron.php?doing_wp_cron=1743327381.6334719657897949218750 HTTP/1.1" 200 0 "-" "WordPress/6.7.2; https://bakingsecurityin.com"
51.222.253.16 - - [30/Mar/2025:05:36:18 -0400] "GET /house-cleaning-services-in-bangalore/feed/ HTTP/1.1" 200 398 "-" "Mozilla/5.0 (compatible; AhrefsBot/7.0; +http://ahrefs.com/robot/)"
198.54.114.83 - - [30/Mar/2025:05:36:22 -0400] "POST /wp-admin/admin-ajax.php?action=async_litespeed&nonce=ZDi4f4bX8YQqkPc7MppmqyYpmPDtUWNi&litespeed_type=imgoptm HTTP/1.1" 200 5 "-" "WordPress/6.7.2; https://bakingsecurityin.com"
198.54.114.83 - - [30/Mar/2025:05:36:30 -0400] "POST /wp-cron.php?doing_wp_cron=1743327390.4758129119873046875000 HTTP/1.1" 200 0 "-" "WordPress/6.7.2; https://bakingsecurityin.com"
185.191.171.17 - - [30/Mar/2025:05:36:30 -0400] "GET /powerball-only-sites/ HTTP/1.1" 200 0 "-" "Mozilla/5.0 (compatible; SemrushBot/7~bl; +http://www.semrush.com/bot.html)"
198.54.114.83 - - [30/Mar/2025:05:36:30 -0400] "POST /wp-admin/admin-ajax.php?action=async_litespeed&nonce=oIORgZ6zfyWd3U3zgE3ry1ZfPFUNhdPG&litespeed_type=imgoptm HTTP/1.1" 200 5 "-" "WordPress/6.7.2; https://bakingsecurityin.com"
198.54.114.83 - - [30/Mar/2025:05:37:31 -0400] "POST /wp-admin/admin-ajax.php?action=async_litespeed&nonce=SPHprhu83Gy2E5Z0WJmMnq6Ol6l5Ilko&litespeed_type=imgoptm HTTP/1.1" 200 5 "-" "WordPress/6.7.2; https://bakingsecurityin.com"
51.222.253.11 - - [30/Mar/2025:05:38:06 -0400] "GET /the-problem-of-the-continuum/feed/ HTTP/1.1" 200 398 "-" "Mozilla/5.0 (compatible; AhrefsBot/7.0; +http://ahrefs.com/robot/)"
198.54.114.83 - - [30/Mar/2025:05:39:45 -0400] "POST /wp-cron.php?doing_wp_cron=1743327585.7695879936218261718750 HTTP/1.1" 200 0 "-" "WordPress/6.7.2; https://bakingsecurityin.com"
51.222.253.4 - - [30/Mar/2025:05:39:44 -0400] "GET /unveiling-the-enigmatic-legacy-of-lentor-mansion/feed/ HTTP/1.1" 200 418 "-" "Mozilla/5.0 (compatible; AhrefsBot/7.0; +http://ahrefs.com/robot/)"
198.54.114.83 - - [30/Mar/2025:05:39:46 -0400] "POST /wp-admin/admin-ajax.php?action=async_litespeed&nonce=Ghw3G4mAz7dcjjtejzNKdoqi4ikXHQ5q&litespeed_type=imgoptm HTTP/1.1" 200 5 "-" "WordPress/6.7.2; https://bakingsecurityin.com"
198.54.114.83 - - [30/Mar/2025:05:41:34 -0400] "POST /wp-cron.php?doing_wp_cron=1743327694.7029631137847900390625 HTTP/1.1" 200 0 "-" "WordPress/6.7.2; https://bakingsecurityin.com"
51.222.253.18 - - [30/Mar/2025:05:41:32 -0400] "GET /elevating-outdoor-comfort-exploring-the-best-in-outdoor-chairs/ HTTP/1.1" 200 0 "-" "Mozilla/5.0 (compatible; AhrefsBot/7.0; +http://ahrefs.com/robot/)"
198.54.114.83 - - [30/Mar/2025:05:41:35 -0400] "POST /wp-admin/admin-ajax.php?action=async_litespeed&nonce=2WncxRKx9M8rq3HrVVwv8mYNL7SRQpC6&litespeed_type=imgoptm HTTP/1.1" 200 5 "-" "WordPress/6.7.2; https://bakingsecurityin.com"
198.54.114.83 - - [30/Mar/2025:05:43:14 -0400] "POST /wp-cron.php?doing_wp_cron=1743327794.6426899433135986328125 HTTP/1.1" 200 0 "-" "WordPress/6.7.2; https://bakingsecurityin.com"
51.222.253.15 - - [30/Mar/2025:05:43:11 -0400] "GET /youtube-buy-subscribers-buying-youtube-subscribers-shouldnt-be-the-only-focus-of-your-channel-growth-strategy/feed/ HTTP/1.1" 200 499 "-" "Mozilla/5.0 (compatible; AhrefsBot/7.0; +http://ahrefs.com/robot/)"
198.54.114.83 - - [30/Mar/2025:05:43:15 -0400] "POST /wp-admin/admin-ajax.php?action=async_litespeed&nonce=VnaZDNNtlQLwM7SGDVxKJ27vIazx8xdb&litespeed_type=imgoptm HTTP/1.1" 200 5 "-" "WordPress/6.7.2; https://bakingsecurityin.com"
198.54.114.83 - - [30/Mar/2025:05:43:51 -0400] "POST /wp-cron.php?doing_wp_cron=1743327831.7394549846649169921875 HTTP/1.1" 200 0 "-" "WordPress/6.7.2; https://bakingsecurityin.com"
185.238.231.198 - - [30/Mar/2025:05:43:51 -0400] "GET /how-does-red-light-therapy-work/ HTTP/1.1" 200 0 "https://bakingsecurityin.com/how-does-red-light-therapy-work/" "Mozilla/5.0 (Windows NT 10.0; Win64; x64) AppleWebKit/537.36 (KHTML, like Gecko) Chrome/131.0.0.0 Safari/537.36 Avast/131.0.0.0"
198.54.114.83 - - [30/Mar/2025:05:43:52 -0400] "POST /wp-admin/admin-ajax.php?action=async_litespeed&nonce=leHORXg2BKa6LGCFdjbCsaCMHW69r19v&litespeed_type=imgoptm HTTP/1.1" 200 5 "-" "WordPress/6.7.2; https://bakingsecurityin.com"
185.238.231.166 - - [30/Mar/2025:05:43:52 -0400] "GET / HTTP/1.1" 200 0 "https://bakingsecurityin.com/" "Mozilla/5.0 (Windows NT 10.0; Win64; x64) AppleWebKit/537.36 (KHTML, like Gecko) Chrome/131.0.0.0 Safari/537.36 Avast/131.0.0.0"
198.54.114.83 - - [30/Mar/2025:05:45:01 -0400] "POST /wp-cron.php?doing_wp_cron=1743327901.2253329753875732421875 HTTP/1.1" 200 0 "-" "WordPress/6.7.2; https://bakingsecurityin.com"
51.222.253.17 - - [30/Mar/2025:05:45:00 -0400] "GET /wie-bereitet-man-eine-gute-tasse-kaffee-zu/feed/ HTTP/1.1" 200 414 "-" "Mozilla/5.0 (compatible; AhrefsBot/7.0; +http://ahrefs.com/robot/)"
198.54.114.83 - - [30/Mar/2025:05:45:01 -0400] "POST /wp-admin/admin-ajax.php?action=async_litespeed&nonce=Ah50I7hVwnjTVRkmSp6JZjpvB8i5SRtT&litespeed_type=imgoptm HTTP/1.1" 200 5 "-" "WordPress/6.7.2; https://bakingsecurityin.com"
58.254.68.93 - - [30/Mar/2025:05:45:52 -0400] "GET /how-to-style-street-wear-for-men/ HTTP/1.1" 200 0 "https://bakingsecurityin.com" "Mozilla/5.0 (Windows NT 10.0; Win64; x64) AppleWebKit/537.36 (KHTML, like Gecko) Chrome/62.0.3202.94 Safari/537.36"
198.54.114.83 - - [30/Mar/2025:05:46:37 -0400] "POST /wp-cron.php?doing_wp_cron=1743327997.0622060298919677734375 HTTP/1.1" 200 0 "-" "WordPress/6.7.2; https://bakingsecurityin.com"
51.222.253.3 - - [30/Mar/2025:05:46:34 -0400] "GET /rei-hiking-boots/ HTTP/1.1" 200 0 "-" "Mozilla/5.0 (compatible; AhrefsBot/7.0; +http://ahrefs.com/robot/)"
198.54.114.83 - - [30/Mar/2025:05:46:37 -0400] "POST /wp-admin/admin-ajax.php?action=async_litespeed&nonce=Jb9xYc9oGJcN2jPi2PKcegobNnQGNHVP&litespeed_type=imgoptm HTTP/1.1" 200 5 "-" "WordPress/6.7.2; https://bakingsecurityin.com"
198.54.114.83 - - [30/Mar/2025:05:48:18 -0400] "POST /wp-cron.php?doing_wp_cron=1743328098.1841599941253662109375 HTTP/1.1" 200 0 "-" "WordPress/6.7.2; https://bakingsecurityin.com"
51.222.253.17 - - [30/Mar/2025:05:48:16 -0400] "GET /category/activity/page/45/ HTTP/1.1" 200 0 "-" "Mozilla/5.0 (compatible; AhrefsBot/7.0; +http://ahrefs.com/robot/)"
198.54.114.83 - - [30/Mar/2025:05:48:18 -0400] "POST /wp-admin/admin-ajax.php?action=async_litespeed&nonce=KGCH2rZw4dOC46XTpXFYB6hQ0BuF0e87&litespeed_type=imgoptm HTTP/1.1" 200 5 "-" "WordPress/6.7.2; https://bakingsecurityin.com"
198.54.114.83 - - [30/Mar/2025:05:49:55 -0400] "POST /wp-cron.php?doing_wp_cron=1743328195.4249980449676513671875 HTTP/1.1" 200 0 "-" "WordPress/6.7.2; https://bakingsecurityin.com"
51.222.253.5 - - [30/Mar/2025:05:49:54 -0400] "GET /what-is-dry-needling-canton/feed/ HTTP/1.1" 200 396 "-" "Mozilla/5.0 (compatible; AhrefsBot/7.0; +http://ahrefs.com/robot/)"
198.54.114.83 - - [30/Mar/2025:05:49:55 -0400] "POST /wp-admin/admin-ajax.php?action=async_litespeed&nonce=EA0Kf41h3agTzYDaOv38K7zzEPnU6wOv&litespeed_type=imgoptm HTTP/1.1" 200 5 "-" "WordPress/6.7.2; https://bakingsecurityin.com"
198.54.114.83 - - [30/Mar/2025:05:51:06 -0400] "POST /wp-admin/admin-ajax.php?action=async_litespeed&nonce=ghMTTLXv2lbPRzQh1SoBlBh8IokxXdps&litespeed_type=imgoptm HTTP/1.1" 200 5 "-" "WordPress/6.7.2; https://bakingsecurityin.com"
198.54.114.83 - - [30/Mar/2025:05:51:41 -0400] "POST /wp-cron.php?doing_wp_cron=1743328300.8308749198913574218750 HTTP/1.1" 200 0 "-" "WordPress/6.7.2; https://bakingsecurityin.com"
51.222.253.5 - - [30/Mar/2025:05:51:40 -0400] "GET /elevating-outdoor-comfort-exploring-the-best-in-outdoor-chairs/feed/ HTTP/1.1" 200 429 "-" "Mozilla/5.0 (compatible; AhrefsBot/7.0; +http://ahrefs.com/robot/)"
198.54.114.83 - - [30/Mar/2025:05:51:41 -0400] "POST /wp-admin/admin-ajax.php?action=async_litespeed&nonce=7MqiwGRe4sdL9WII63DINefixxZh6D5J&litespeed_type=imgoptm HTTP/1.1" 200 5 "-" "WordPress/6.7.2; https://bakingsecurityin.com"
198.54.114.83 - - [30/Mar/2025:05:53:15 -0400] "POST /wp-cron.php?doing_wp_cron=1743328395.5821280479431152343750 HTTP/1.1" 200 0 "-" "WordPress/6.7.2; https://bakingsecurityin.com"
51.222.253.16 - - [30/Mar/2025:05:53:13 -0400] "GET /how-to-go-offline-on-instagram/feed/ HTTP/1.1" 200 399 "-" "Mozilla/5.0 (compatible; AhrefsBot/7.0; +http://ahrefs.com/robot/)"
198.54.114.83 - - [30/Mar/2025:05:53:16 -0400] "POST /wp-admin/admin-ajax.php?action=async_litespeed&nonce=VMLlHbHvCzMjo1FltBhS6X7oHfXyYjHq&litespeed_type=imgoptm HTTP/1.1" 200 5 "-" "WordPress/6.7.2; https://bakingsecurityin.com"
198.54.114.83 - - [30/Mar/2025:05:53:39 -0400] "POST /wp-cron.php?doing_wp_cron=1743328418.9293279647827148437500 HTTP/1.1" 200 0 "-" "WordPress/6.7.2; https://bakingsecurityin.com"
149.40.49.203 - - [30/Mar/2025:05:53:38 -0400] "GET /what-is-a-customised-cake/ HTTP/1.1" 200 0 "-" "Mozilla/5.0 (X11; Linux x86_64) AppleWebKit/537.36 (KHTML, like Gecko) Chrome/114.0.0.0 Safari/537.36 OPR/89.0.4447.51"
198.54.114.83 - - [30/Mar/2025:05:53:39 -0400] "POST /wp-admin/admin-ajax.php?action=async_litespeed&nonce=PUih9e2A8xZFvh3gFSTQbVCEZK9FFP36&litespeed_type=imgoptm HTTP/1.1" 200 5 "-" "WordPress/6.7.2; https://bakingsecurityin.com"
198.54.114.83 - - [30/Mar/2025:05:54:58 -0400] "POST /wp-cron.php?doing_wp_cron=1743328498.1782939434051513671875 HTTP/1.1" 200 0 "-" "WordPress/6.7.2; https://bakingsecurityin.com"
51.222.253.4 - - [30/Mar/2025:05:54:57 -0400] "GET /how-to-borrow-money-in-singapore/feed/ HTTP/1.1" 200 405 "-" "Mozilla/5.0 (compatible; AhrefsBot/7.0; +http://ahrefs.com/robot/)"
198.54.114.83 - - [30/Mar/2025:05:54:58 -0400] "POST /wp-admin/admin-ajax.php?action=async_litespeed&nonce=zL4Q0qPQIlQz0IURjO6q5bCQnzthRTff&litespeed_type=imgoptm HTTP/1.1" 200 5 "-" "WordPress/6.7.2; https://bakingsecurityin.com"
198.54.114.83 - - [30/Mar/2025:05:56:21 -0400] "POST /wp-cron.php?doing_wp_cron=1743328581.0748438835144042968750 HTTP/1.1" 200 0 "-" "WordPress/6.7.2; https://bakingsecurityin.com"
51.222.253.4 - - [30/Mar/2025:05:56:20 -0400] "GET /le-poncho-de-surf-laccessoire-indispensable-pour-les-surfeurs/feed/ HTTP/1.1" 200 442 "-" "Mozilla/5.0 (compatible; AhrefsBot/7.0; +http://ahrefs.com/robot/)"
198.54.114.83 - - [30/Mar/2025:05:56:21 -0400] "POST /wp-admin/admin-ajax.php?action=async_litespeed&nonce=tDIWgqJ7nn3P9acijbgb4aT31QBqXyb1&litespeed_type=imgoptm HTTP/1.1" 200 5 "-" "WordPress/6.7.2; https://bakingsecurityin.com"
198.54.114.83 - - [30/Mar/2025:05:57:54 -0400] "POST /wp-cron.php?doing_wp_cron=1743328674.0320310592651367187500 HTTP/1.1" 200 0 "-" "WordPress/6.7.2; https://bakingsecurityin.com"
51.222.253.3 - - [30/Mar/2025:05:57:49 -0400] "GET /the-evolution-of-interactive-games/feed/ HTTP/1.1" 200 398 "-" "Mozilla/5.0 (compatible; AhrefsBot/7.0; +http://ahrefs.com/robot/)"
198.54.114.83 - - [30/Mar/2025:05:57:55 -0400] "POST /wp-admin/admin-ajax.php?action=async_litespeed&nonce=HSeekRBu84CMb2AGi2QoLPwsT34TJEn5&litespeed_type=imgoptm HTTP/1.1" 200 0 "-" "WordPress/6.7.2; https://bakingsecurityin.com"
198.54.114.83 - - [30/Mar/2025:05:59:23 -0400] "POST /wp-cron.php?doing_wp_cron=1743328763.2753119468688964843750 HTTP/1.1" 200 0 "-" "WordPress/6.7.2; https://bakingsecurityin.com"
51.222.253.1 - - [30/Mar/2025:05:59:21 -0400] "GET /simple-methods-to-stop-wet-dreams-or-nightfall/ HTTP/1.1" 200 0 "-" "Mozilla/5.0 (compatible; AhrefsBot/7.0; +http://ahrefs.com/robot/)"
198.54.114.83 - - [30/Mar/2025:05:59:23 -0400] "POST /wp-admin/admin-ajax.php?action=async_litespeed&nonce=RJ6sQKKNHCqlHmklUqaFrdon7mN1LO4z&litespeed_type=imgoptm HTTP/1.1" 200 5 "-" "WordPress/6.7.2; https://bakingsecurityin.com"
198.54.114.83 - - [30/Mar/2025:06:00:58 -0400] "POST /wp-cron.php?doing_wp_cron=1743328858.1452350616455078125000 HTTP/1.1" 200 0 "-" "WordPress/6.7.2; https://bakingsecurityin.com"
51.222.253.6 - - [30/Mar/2025:06:00:56 -0400] "GET /factors-that-will-enable-you-to-promote-your-business-videos/feed/ HTTP/1.1" 200 437 "-" "Mozilla/5.0 (compatible; AhrefsBot/7.0; +http://ahrefs.com/robot/)"
198.54.114.83 - - [30/Mar/2025:06:00:59 -0400] "POST /wp-admin/admin-ajax.php?action=async_litespeed&nonce=EUefxWo649jYpqGI5XilOKSp1qAYEVCH&litespeed_type=imgoptm HTTP/1.1" 200 0 "-" "WordPress/6.7.2; https://bakingsecurityin.com"
178.20.45.128 - - [30/Mar/2025:06:01:01 -0400] "GET /a-journey-into-skincare/ HTTP/1.1" 200 0 "https://bakingsecurityin.com/a-journey-into-skincare/" "Mozilla/5.0 (Windows NT 10.0; Win64; x64) AppleWebKit/537.36 (KHTML, like Gecko) Chrome/130.0.0.0 Safari/537.36"
178.20.45.128 - - [30/Mar/2025:06:01:02 -0400] "GET / HTTP/1.1" 200 0 "https://bakingsecurityin.com/" "Mozilla/5.0 (Windows NT 10.0; Win64; x64) AppleWebKit/537.36 (KHTML, like Gecko) Chrome/130.0.0.0 Safari/537.36"
47.238.14.12 - - [30/Mar/2025:06:01:24 -0400] "GET /category/iphone/ HTTP/1.1" 200 0 "-" "Mozilla/5.0 (Macintosh; Intel Mac OS X 10_15_7) AppleWebKit/537.36 (KHTML, like Gecko) Chrome/109.0.0.0 Safari/537.36"
198.54.114.83 - - [30/Mar/2025:06:01:29 -0400] "POST /wp-admin/admin-ajax.php?action=async_litespeed&nonce=E2gk0vlPrmr1KQCL9tXTzXpYYw7Tf023&litespeed_type=imgoptm HTTP/1.1" 200 5 "-" "WordPress/6.7.2; https://bakingsecurityin.com"
51.222.253.13 - - [30/Mar/2025:06:02:15 -0400] "GET /customized-soccer-socks-for-your-team/feed/ HTTP/1.1" 200 406 "-" "Mozilla/5.0 (compatible; AhrefsBot/7.0; +http://ahrefs.com/robot/)"
198.54.114.83 - - [30/Mar/2025:06:02:39 -0400] "POST /wp-cron.php?doing_wp_cron=1743328958.9395799636840820312500 HTTP/1.1" 200 0 "-" "WordPress/6.7.2; https://bakingsecurityin.com"
112.92.70.120 - - [30/Mar/2025:06:02:38 -0400] "GET /les-pantoufles-sont-populaires-partout-dans-le-monde/ HTTP/1.1" 301 0 "-" "Mozilla/5.0 (Windows NT 10.0; Win64; x64) AppleWebKit/537.36 (KHTML, like Gecko) Chrome/114.0.0.0 Safari/537.36 Vivaldi/5.3.2679.68"
198.54.114.83 - - [30/Mar/2025:06:02:40 -0400] "POST /wp-admin/admin-ajax.php?action=async_litespeed&nonce=FIcfAnSw95nDliDBYtg7JpCkTaw9U2OP&litespeed_type=imgoptm HTTP/1.1" 200 5 "-" "WordPress/6.7.2; https://bakingsecurityin.com"
112.92.70.120 - - [30/Mar/2025:06:02:41 -0400] "GET /pantoufle-de-dinosaure/ HTTP/1.1" 200 0 "https://bakingsecurityin.com/les-pantoufles-sont-populaires-partout-dans-le-monde/" "Mozilla/5.0 (Windows NT 10.0; Win64; x64) AppleWebKit/537.36 (KHTML, like Gecko) Chrome/114.0.0.0 Safari/537.36 Vivaldi/5.3.2679.68"
198.54.114.83 - - [30/Mar/2025:06:03:39 -0400] "POST /wp-cron.php?doing_wp_cron=1743329019.1757860183715820312500 HTTP/1.1" 200 0 "-" "WordPress/6.7.2; https://bakingsecurityin.com"
51.222.253.9 - - [30/Mar/2025:06:03:38 -0400] "GET /10-bienfaits-de-la-chlorelle-detoxifiez-votre-corps-et-votre-foie-avec-la-chlorelle/ HTTP/1.1" 200 0 "-" "Mozilla/5.0 (compatible; AhrefsBot/7.0; +http://ahrefs.com/robot/)"
198.54.114.83 - - [30/Mar/2025:06:03:39 -0400] "POST /wp-admin/admin-ajax.php?action=async_litespeed&nonce=yFZmLH1eikZ0O7XE4bYPNqfB3MvnodXn&litespeed_type=imgoptm HTTP/1.1" 200 5 "-" "WordPress/6.7.2; https://bakingsecurityin.com"
178.128.109.146 - - [30/Mar/2025:06:03:47 -0400] "POST /wp-login.php/wp-login.php HTTP/1.1" 200 1861 "-" "python-requests/2.32.3"
198.54.114.83 - - [30/Mar/2025:06:05:07 -0400] "POST /wp-cron.php?doing_wp_cron=1743329107.4769089221954345703125 HTTP/1.1" 200 0 "-" "WordPress/6.7.2; https://bakingsecurityin.com"
51.222.253.4 - - [30/Mar/2025:06:05:07 -0400] "GET /category/activity/page/37/ HTTP/1.1" 200 0 "-" "Mozilla/5.0 (compatible; AhrefsBot/7.0; +http://ahrefs.com/robot/)"
198.54.114.83 - - [30/Mar/2025:06:05:09 -0400] "POST /wp-admin/admin-ajax.php?action=async_litespeed&nonce=zNtb1RkgI6DLFA5KEsfa8R2r1jYnEZYB&litespeed_type=imgoptm HTTP/1.1" 200 0 "-" "WordPress/6.7.2; https://bakingsecurityin.com"
198.54.114.83 - - [30/Mar/2025:06:06:39 -0400] "POST /wp-cron.php?doing_wp_cron=1743329198.7255630493164062500000 HTTP/1.1" 200 0 "-" "WordPress/6.7.2; https://bakingsecurityin.com"
51.222.253.1 - - [30/Mar/2025:06:06:34 -0400] "GET /3-approaches-to-totally-make-use-of-your-conservatory-through-the-times-of-the-year/feed/ HTTP/1.1" 200 469 "-" "Mozilla/5.0 (compatible; AhrefsBot/7.0; +http://ahrefs.com/robot/)"
198.54.114.83 - - [30/Mar/2025:06:06:39 -0400] "POST /wp-admin/admin-ajax.php?action=async_litespeed&nonce=LsjF1qfqtRHE2qnxpeXZoU57YQdW3Lze&litespeed_type=imgoptm HTTP/1.1" 200 5 "-" "WordPress/6.7.2; https://bakingsecurityin.com"
198.54.114.83 - - [30/Mar/2025:06:07:55 -0400] "POST /wp-cron.php?doing_wp_cron=1743329275.5994739532470703125000 HTTP/1.1" 200 0 "-" "WordPress/6.7.2; https://bakingsecurityin.com"
51.222.253.17 - - [30/Mar/2025:06:07:55 -0400] "GET /best-massage-gun-how-to-choose-the-best-percussive-massage-gun/ HTTP/1.1" 200 0 "-" "Mozilla/5.0 (compatible; AhrefsBot/7.0; +http://ahrefs.com/robot/)"
198.54.114.83 - - [30/Mar/2025:06:07:56 -0400] "POST /wp-admin/admin-ajax.php?action=async_litespeed&nonce=XP97CVrxgT6FSqqaXjFOC9QuOMbuDO4F&litespeed_type=imgoptm HTTP/1.1" 200 5 "-" "WordPress/6.7.2; https://bakingsecurityin.com"
198.54.114.83 - - [30/Mar/2025:06:09:03 -0400] "POST /wp-cron.php?doing_wp_cron=1743329343.6700708866119384765625 HTTP/1.1" 200 0 "-" "WordPress/6.7.2; https://bakingsecurityin.com"
52.167.144.166 - - [30/Mar/2025:06:09:03 -0400] "GET /vacuum-parts-and-vacuum-spares-now-available-easily/ HTTP/1.1" 200 0 "-" "Mozilla/5.0 AppleWebKit/537.36 (KHTML, like Gecko; compatible; bingbot/2.0; +http://www.bing.com/bingbot.htm) Chrome/116.0.1938.76 Safari/537.36"
198.54.114.83 - - [30/Mar/2025:06:09:04 -0400] "POST /wp-admin/admin-ajax.php?action=async_litespeed&nonce=ciCy6pmgmxvqW7PjsE4bBGWmaowzUe9D&litespeed_type=imgoptm HTTP/1.1" 200 5 "-" "WordPress/6.7.2; https://bakingsecurityin.com"
198.54.114.83 - - [30/Mar/2025:06:09:31 -0400] "POST /wp-cron.php?doing_wp_cron=1743329371.0858540534973144531250 HTTP/1.1" 200 0 "-" "WordPress/6.7.2; https://bakingsecurityin.com"
198.54.114.83 - - [30/Mar/2025:06:09:31 -0400] "POST /wp-admin/admin-ajax.php?action=async_litespeed&nonce=MejMDoQFjyQxoZNzp0LTokUDkWoVmq2c&litespeed_type=imgoptm HTTP/1.1" 200 5 "-" "WordPress/6.7.2; https://bakingsecurityin.com"
51.222.253.17 - - [30/Mar/2025:06:09:30 -0400] "GET /category/activity/page/98/ HTTP/1.1" 200 0 "-" "Mozilla/5.0 (compatible; AhrefsBot/7.0; +http://ahrefs.com/robot/)"
198.54.114.83 - - [30/Mar/2025:06:11:17 -0400] "POST /wp-cron.php?doing_wp_cron=1743329476.6739330291748046875000 HTTP/1.1" 200 0 "-" "WordPress/6.7.2; https://bakingsecurityin.com"
51.222.253.14 - - [30/Mar/2025:06:11:12 -0400] "GET /wie-vertriebsautomatisierung-ihrem-unternehmen-helfen-kann/ HTTP/1.1" 200 0 "-" "Mozilla/5.0 (compatible; AhrefsBot/7.0; +http://ahrefs.com/robot/)"
198.54.114.83 - - [30/Mar/2025:06:11:17 -0400] "POST /wp-admin/admin-ajax.php?action=async_litespeed&nonce=D1CxXEqJV4HnvNjozSEcQMRNwlNYIOb9&litespeed_type=imgoptm HTTP/1.1" 200 5 "-" "WordPress/6.7.2; https://bakingsecurityin.com"
198.54.114.83 - - [30/Mar/2025:06:11:32 -0400] "POST /wp-admin/admin-ajax.php?action=async_litespeed&nonce=Bosgx4LA9q5El3az0M5FBa6X5tFHv62R&litespeed_type=imgoptm HTTP/1.1" 200 0 "-" "WordPress/6.7.2; https://bakingsecurityin.com"
198.54.114.83 - - [30/Mar/2025:06:12:57 -0400] "POST /wp-cron.php?doing_wp_cron=1743329577.4287879467010498046875 HTTP/1.1" 200 0 "-" "WordPress/6.7.2; https://bakingsecurityin.com"
51.222.253.17 - - [30/Mar/2025:06:12:56 -0400] "GET /category/activity/page/96/ HTTP/1.1" 200 0 "-" "Mozilla/5.0 (compatible; AhrefsBot/7.0; +http://ahrefs.com/robot/)"
198.54.114.83 - - [30/Mar/2025:06:12:57 -0400] "POST /wp-admin/admin-ajax.php?action=async_litespeed&nonce=WrvMnGZPjo9V4AagSGPzGB4tYE2z3lMD&litespeed_type=imgoptm HTTP/1.1" 200 5 "-" "WordPress/6.7.2; https://bakingsecurityin.com"
51.222.253.8 - - [30/Mar/2025:06:14:34 -0400] "GET /finding-a-chicago-locksmith-near-me/feed/ HTTP/1.1" 200 406 "-" "Mozilla/5.0 (compatible; AhrefsBot/7.0; +http://ahrefs.com/robot/)"
198.54.114.83 - - [30/Mar/2025:06:14:38 -0400] "POST /wp-cron.php?doing_wp_cron=1743329677.1381170749664306640625 HTTP/1.1" 200 0 "-" "WordPress/6.7.2; https://bakingsecurityin.com"
136.243.228.193 - - [30/Mar/2025:06:15:43 -0400] "GET /conservatory-versus-orangery-which-is-more-suited-to-your-home/ HTTP/1.1" 200 0 "-" "Mozilla/5.0 (compatible; DataForSeoBot/1.0; +https://dataforseo.com/dataforseo-bot)"
198.54.114.83 - - [30/Mar/2025:06:15:46 -0400] "POST /wp-cron.php?doing_wp_cron=1743329744.1872360706329345703125 HTTP/1.1" 200 0 "-" "WordPress/6.7.2; https://bakingsecurityin.com"
51.222.253.14 - - [30/Mar/2025:06:16:01 -0400] "GET /budget-challenges-and-medical-solutions-for-rural-healthcare/feed/ HTTP/1.1" 200 432 "-" "Mozilla/5.0 (compatible; AhrefsBot/7.0; +http://ahrefs.com/robot/)"
178.68.117.5 - - [30/Mar/2025:06:16:43 -0400] "GET /top-5-retinol-creams/ HTTP/1.1" 200 0 "https://bakingsecurityin.com/top-5-retinol-creams/#comment-1465" "Mozilla/5.0 (Windows NT 10.0; Win64; x64) AppleWebKit/537.36 (KHTML, like Gecko) Chrome/130.0.0.0 Safari/537.36 CCleaner/130.0.0.0"
198.54.114.83 - - [30/Mar/2025:06:16:44 -0400] "POST /wp-cron.php?doing_wp_cron=1743329804.6546258926391601562500 HTTP/1.1" 200 0 "-" "WordPress/6.7.2; https://bakingsecurityin.com"
178.68.117.5 - - [30/Mar/2025:06:16:44 -0400] "GET / HTTP/1.1" 200 0 "https://bakingsecurityin.com/" "Mozilla/5.0 (Windows NT 10.0; Win64; x64) AppleWebKit/537.36 (KHTML, like Gecko) Chrome/130.0.0.0 Safari/537.36 CCleaner/130.0.0.0"
198.54.114.83 - - [30/Mar/2025:06:16:45 -0400] "POST /wp-admin/admin-ajax.php?action=async_litespeed&nonce=3Ysec1UN4PUsyoDaO72zBzQTHeSkq4nB&litespeed_type=imgoptm HTTP/1.1" 200 5 "-" "WordPress/6.7.2; https://bakingsecurityin.com"
51.222.253.15 - - [30/Mar/2025:06:17:18 -0400] "GET /auto-body-fix-shops-for-your-special-vehicle-fixes/ HTTP/1.1" 200 0 "-" "Mozilla/5.0 (compatible; AhrefsBot/7.0; +http://ahrefs.com/robot/)"
198.54.114.83 - - [30/Mar/2025:06:18:51 -0400] "POST /wp-cron.php?doing_wp_cron=1743329930.8992879390716552734375 HTTP/1.1" 200 0 "-" "WordPress/6.7.2; https://bakingsecurityin.com"
51.222.253.10 - - [30/Mar/2025:06:18:47 -0400] "GET /category/activity/page/95/ HTTP/1.1" 200 0 "-" "Mozilla/5.0 (compatible; AhrefsBot/7.0; +http://ahrefs.com/robot/)"
198.54.114.83 - - [30/Mar/2025:06:18:51 -0400] "POST /wp-admin/admin-ajax.php?action=async_litespeed&nonce=iYPqmJ9Rzrx9oGs6IUtRbKlby7dIkMKA&litespeed_type=imgoptm HTTP/1.1" 200 5 "-" "WordPress/6.7.2; https://bakingsecurityin.com"
146.190.104.195 - - [30/Mar/2025:06:19:23 -0400] "GET /wp-content/uploads/2024/02/North-Face-Hiking-Boots.jpg HTTP/1.1" 404 0 "-" "Mozilla/5.0 (Windows NT 10.0; Win64; x64) AppleWebKit/537.36 (KHTML, like Gecko) Chrome/121.0.0.0 Safari/537.36 Edg/121.0.0.0"
198.54.114.83 - - [30/Mar/2025:06:20:32 -0400] "POST /wp-cron.php?doing_wp_cron=1743330032.2327790260314941406250 HTTP/1.1" 200 0 "-" "WordPress/6.7.2; https://bakingsecurityin.com"
198.54.114.83 - - [30/Mar/2025:06:20:33 -0400] "POST /wp-admin/admin-ajax.php?action=async_litespeed&nonce=S1IWxNpye3eUGO2ZQ6E2TC8iDZZ7dzeN&litespeed_type=imgoptm HTTP/1.1" 200 5 "-" "WordPress/6.7.2; https://bakingsecurityin.com"
51.222.253.10 - - [30/Mar/2025:06:20:31 -0400] "GET /category/activity/page/84/ HTTP/1.1" 200 0 "-" "Mozilla/5.0 (compatible; AhrefsBot/7.0; +http://ahrefs.com/robot/)"
198.54.114.83 - - [30/Mar/2025:06:22:21 -0400] "POST /wp-cron.php?doing_wp_cron=1743330141.1945760250091552734375 HTTP/1.1" 200 0 "-" "WordPress/6.7.2; https://bakingsecurityin.com"
51.222.253.12 - - [30/Mar/2025:06:22:18 -0400] "GET /page/22/ HTTP/1.1" 200 0 "-" "Mozilla/5.0 (compatible; AhrefsBot/7.0; +http://ahrefs.com/robot/)"
198.54.114.83 - - [30/Mar/2025:06:22:22 -0400] "POST /wp-admin/admin-ajax.php?action=async_litespeed&nonce=EIV46kfbyAcVWhqky7Xtl9uOFMncXc5L&litespeed_type=imgoptm HTTP/1.1" 200 5 "-" "WordPress/6.7.2; https://bakingsecurityin.com"
51.222.253.3 - - [30/Mar/2025:06:23:52 -0400] "GET /real-estate-crm-and-marketing-software/feed/ HTTP/1.1" 200 400 "-" "Mozilla/5.0 (compatible; AhrefsBot/7.0; +http://ahrefs.com/robot/)"
198.54.114.83 - - [30/Mar/2025:06:25:29 -0400] "POST /wp-cron.php?doing_wp_cron=1743330329.1959629058837890625000 HTTP/1.1" 200 0 "-" "WordPress/6.7.2; https://bakingsecurityin.com"
51.222.253.17 - - [30/Mar/2025:06:25:26 -0400] "GET /abat-jour-en-cuir-brut-etire-a-la-main-pour-un-decor-occidental-confortable-et-un-design-sud-ouest/feed/ HTTP/1.1" 200 483 "-" "Mozilla/5.0 (compatible; AhrefsBot/7.0; +http://ahrefs.com/robot/)"
198.54.114.83 - - [30/Mar/2025:06:25:30 -0400] "POST /wp-admin/admin-ajax.php?action=async_litespeed&nonce=3nC5i3U7RCYJi7RWBCnznPkCui6HrTgv&litespeed_type=imgoptm HTTP/1.1" 200 0 "-" "WordPress/6.7.2; https://bakingsecurityin.com"
198.54.114.83 - - [30/Mar/2025:06:27:02 -0400] "POST /wp-cron.php?doing_wp_cron=1743330421.7035460472106933593750 HTTP/1.1" 200 0 "-" "WordPress/6.7.2; https://bakingsecurityin.com"
51.222.253.4 - - [30/Mar/2025:06:26:58 -0400] "GET /page/83/ HTTP/1.1" 200 0 "-" "Mozilla/5.0 (compatible; AhrefsBot/7.0; +http://ahrefs.com/robot/)"
198.54.114.83 - - [30/Mar/2025:06:27:03 -0400] "POST /wp-admin/admin-ajax.php?action=async_litespeed&nonce=CnkJYCT89RS87T5rcDTwAniTQQYb1hsW&litespeed_type=imgoptm HTTP/1.1" 200 0 "-" "WordPress/6.7.2; https://bakingsecurityin.com"
198.54.114.83 - - [30/Mar/2025:06:28:48 -0400] "POST /wp-cron.php?doing_wp_cron=1743330527.5731940269470214843750 HTTP/1.1" 200 0 "-" "WordPress/6.7.2; https://bakingsecurityin.com"
51.222.253.18 - - [30/Mar/2025:06:28:42 -0400] "GET /category/activity/page/101/ HTTP/1.1" 200 0 "-" "Mozilla/5.0 (compatible; AhrefsBot/7.0; +http://ahrefs.com/robot/)"
198.54.114.83 - - [30/Mar/2025:06:28:49 -0400] "POST /wp-admin/admin-ajax.php?action=async_litespeed&nonce=i8xDn6wBL4Hc6yuKyHdyI007mSHfxB5r&litespeed_type=imgoptm HTTP/1.1" 200 0 "-" "WordPress/6.7.2; https://bakingsecurityin.com"
198.54.114.83 - - [30/Mar/2025:06:30:26 -0400] "POST /wp-cron.php?doing_wp_cron=1743330625.5414628982543945312500 HTTP/1.1" 200 0 "-" "WordPress/6.7.2; https://bakingsecurityin.com"
51.222.253.4 - - [30/Mar/2025:06:30:22 -0400] "GET /page/92/ HTTP/1.1" 200 0 "-" "Mozilla/5.0 (compatible; AhrefsBot/7.0; +http://ahrefs.com/robot/)"
198.54.114.83 - - [30/Mar/2025:06:30:27 -0400] "POST /wp-admin/admin-ajax.php?action=async_litespeed&nonce=EVyTHxsItmUjyefM4U4hEraKU0iACWwP&litespeed_type=imgoptm HTTP/1.1" 200 0 "-" "WordPress/6.7.2; https://bakingsecurityin.com"
178.20.43.173 - - [30/Mar/2025:06:31:44 -0400] "GET /how-does-red-light-therapy-work/ HTTP/1.1" 200 0 "https://bakingsecurityin.com/how-does-red-light-therapy-work/#comment-10841/" "Mozilla/5.0 (Windows NT 10.0; Win64; x64) AppleWebKit/537.36 (KHTML, like Gecko) Chrome/131.0.0.0 Safari/537.36"
198.54.114.83 - - [30/Mar/2025:06:31:46 -0400] "POST /wp-cron.php?doing_wp_cron=1743330705.7716190814971923828125 HTTP/1.1" 200 0 "-" "WordPress/6.7.2; https://bakingsecurityin.com"
178.20.43.173 - - [30/Mar/2025:06:31:45 -0400] "GET / HTTP/1.1" 200 0 "https://bakingsecurityin.com/" "Mozilla/5.0 (Windows NT 10.0; Win64; x64) AppleWebKit/537.36 (KHTML, like Gecko) Chrome/131.0.0.0 Safari/537.36"
198.54.114.83 - - [30/Mar/2025:06:31:46 -0400] "POST /wp-admin/admin-ajax.php?action=async_litespeed&nonce=thysNwSiv5rfK2qkTtCgi4RRKQbKwuzH&litespeed_type=imgoptm HTTP/1.1" 200 5 "-" "WordPress/6.7.2; https://bakingsecurityin.com"
51.222.253.4 - - [30/Mar/2025:06:31:49 -0400] "GET /unlocking-the-power-of-tiktok-the-truth-about-buying-views-and-followers/ HTTP/1.1" 200 0 "-" "Mozilla/5.0 (compatible; AhrefsBot/7.0; +http://ahrefs.com/robot/)"
178.20.43.173 - - [30/Mar/2025:06:32:35 -0400] "GET /how-does-red-light-therapy-work/ HTTP/1.1" 200 0 "https://bakingsecurityin.com/how-does-red-light-therapy-work/#comment-10841/" "Mozilla/5.0 (Windows NT 10.0; Win64; x64) AppleWebKit/537.36 (KHTML, like Gecko) Chrome/131.0.0.0 Safari/537.36"
178.20.43.173 - - [30/Mar/2025:06:32:36 -0400] "GET / HTTP/1.1" 200 0 "https://bakingsecurityin.com/" "Mozilla/5.0 (Windows NT 10.0; Win64; x64) AppleWebKit/537.36 (KHTML, like Gecko) Chrome/131.0.0.0 Safari/537.36"
198.54.114.83 - - [30/Mar/2025:06:33:23 -0400] "POST /wp-cron.php?doing_wp_cron=1743330803.1881918907165527343750 HTTP/1.1" 200 0 "-" "WordPress/6.7.2; https://bakingsecurityin.com"
51.222.253.11 - - [30/Mar/2025:06:33:20 -0400] "GET /category/activity/page/71/ HTTP/1.1" 200 0 "-" "Mozilla/5.0 (compatible; AhrefsBot/7.0; +http://ahrefs.com/robot/)"
198.54.114.83 - - [30/Mar/2025:06:33:24 -0400] "POST /wp-admin/admin-ajax.php?action=async_litespeed&nonce=dkIB5nRE5eqhaeHmAn627wADu6Ju73Bq&litespeed_type=imgoptm HTTP/1.1" 200 5 "-" "WordPress/6.7.2; https://bakingsecurityin.com"
198.54.114.83 - - [30/Mar/2025:06:34:56 -0400] "POST /wp-cron.php?doing_wp_cron=1743330896.2099230289459228515625 HTTP/1.1" 200 0 "-" "WordPress/6.7.2; https://bakingsecurityin.com"
51.222.253.10 - - [30/Mar/2025:06:34:52 -0400] "GET /what-is-microsoft-azure-and-how-can-it-benefit-your-business/feed/ HTTP/1.1" 200 437 "-" "Mozilla/5.0 (compatible; AhrefsBot/7.0; +http://ahrefs.com/robot/)"
198.54.114.83 - - [30/Mar/2025:06:34:57 -0400] "POST /wp-admin/admin-ajax.php?action=async_litespeed&nonce=x9i2GDhGkE6x17oPeSzHpNie68l1pO4T&litespeed_type=imgoptm HTTP/1.1" 200 5 "-" "WordPress/6.7.2; https://bakingsecurityin.com"
198.54.114.83 - - [30/Mar/2025:06:35:39 -0400] "POST /wp-admin/admin-ajax.php?action=async_litespeed&nonce=SgIomtXVnMKuMgVgmrSIIQaEGglAVhTg&litespeed_type=imgoptm HTTP/1.1" 200 5 "-" "WordPress/6.7.2; https://bakingsecurityin.com"
51.222.253.11 - - [30/Mar/2025:06:36:23 -0400] "GET /custom-pc-builder-vs-pre-built-computer/feed/ HTTP/1.1" 200 407 "-" "Mozilla/5.0 (compatible; AhrefsBot/7.0; +http://ahrefs.com/robot/)"
178.20.43.173 - - [30/Mar/2025:06:36:31 -0400] "GET /how-does-red-light-therapy-work/ HTTP/1.1" 200 0 "https://bakingsecurityin.com/how-does-red-light-therapy-work/#comment-10841/" "Mozilla/5.0 (Windows NT 10.0; Win64; x64) AppleWebKit/537.36 (KHTML, like Gecko) Chrome/131.0.0.0 Safari/537.36 Avast/131.0.0.0"
198.54.114.83 - - [30/Mar/2025:06:36:33 -0400] "POST /wp-cron.php?doing_wp_cron=1743330992.7908449172973632812500 HTTP/1.1" 200 0 "-" "WordPress/6.7.2; https://bakingsecurityin.com"
178.20.43.173 - - [30/Mar/2025:06:36:32 -0400] "GET / HTTP/1.1" 200 0 "https://bakingsecurityin.com/" "Mozilla/5.0 (Windows NT 10.0; Win64; x64) AppleWebKit/537.36 (KHTML, like Gecko) Chrome/131.0.0.0 Safari/537.36 Avast/131.0.0.0"
198.54.114.83 - - [30/Mar/2025:06:36:33 -0400] "POST /wp-admin/admin-ajax.php?action=async_litespeed&nonce=dl1EQqasYuChQwxm5fGKdqdTKt1giLCl&litespeed_type=imgoptm HTTP/1.1" 200 5 "-" "WordPress/6.7.2; https://bakingsecurityin.com"
198.54.114.83 - - [30/Mar/2025:06:37:47 -0400] "POST /wp-cron.php?doing_wp_cron=1743331067.1291139125823974609375 HTTP/1.1" 200 0 "-" "WordPress/6.7.2; https://bakingsecurityin.com"
51.222.253.3 - - [30/Mar/2025:06:37:46 -0400] "GET /review-of-hot-97/ HTTP/1.1" 200 0 "-" "Mozilla/5.0 (compatible; AhrefsBot/7.0; +http://ahrefs.com/robot/)"
198.54.114.83 - - [30/Mar/2025:06:37:47 -0400] "POST /wp-admin/admin-ajax.php?action=async_litespeed&nonce=167gRT3nk7qUMaoaP05XiVYgjBy68jZw&litespeed_type=imgoptm HTTP/1.1" 200 5 "-" "WordPress/6.7.2; https://bakingsecurityin.com"
198.54.114.83 - - [30/Mar/2025:06:39:23 -0400] "POST /wp-cron.php?doing_wp_cron=1743331163.1948730945587158203125 HTTP/1.1" 200 0 "-" "WordPress/6.7.2; https://bakingsecurityin.com"
51.222.253.13 - - [30/Mar/2025:06:39:19 -0400] "GET /page/81/ HTTP/1.1" 200 0 "-" "Mozilla/5.0 (compatible; AhrefsBot/7.0; +http://ahrefs.com/robot/)"
198.54.114.83 - - [30/Mar/2025:06:39:23 -0400] "POST /wp-admin/admin-ajax.php?action=async_litespeed&nonce=1Vs33pEWzeFAatlBG9RJ5bMNjbKoM92n&litespeed_type=imgoptm HTTP/1.1" 200 5 "-" "WordPress/6.7.2; https://bakingsecurityin.com"
198.54.114.83 - - [30/Mar/2025:06:40:49 -0400] "POST /wp-cron.php?doing_wp_cron=1743331248.9155929088592529296875 HTTP/1.1" 200 0 "-" "WordPress/6.7.2; https://bakingsecurityin.com"
51.222.253.14 - - [30/Mar/2025:06:40:47 -0400] "GET /page/101/ HTTP/1.1" 200 0 "-" "Mozilla/5.0 (compatible; AhrefsBot/7.0; +http://ahrefs.com/robot/)"
198.54.114.83 - - [30/Mar/2025:06:40:49 -0400] "POST /wp-admin/admin-ajax.php?action=async_litespeed&nonce=pgWV5zqlMyektmkA2st95gJ4iSx51r7U&litespeed_type=imgoptm HTTP/1.1" 200 5 "-" "WordPress/6.7.2; https://bakingsecurityin.com"
198.54.114.83 - - [30/Mar/2025:06:42:27 -0400] "POST /wp-cron.php?doing_wp_cron=1743331347.7911410331726074218750 HTTP/1.1" 200 0 "-" "WordPress/6.7.2; https://bakingsecurityin.com"
51.222.253.19 - - [30/Mar/2025:06:42:26 -0400] "GET /la-mode-feminine-elegance-et-polyvalence/ HTTP/1.1" 200 0 "-" "Mozilla/5.0 (compatible; AhrefsBot/7.0; +http://ahrefs.com/robot/)"
198.54.114.83 - - [30/Mar/2025:06:42:28 -0400] "POST /wp-admin/admin-ajax.php?action=async_litespeed&nonce=7dQT6ZlWQ5mVd7bkDMaamXyPqJZKiiOS&litespeed_type=imgoptm HTTP/1.1" 200 5 "-" "WordPress/6.7.2; https://bakingsecurityin.com"
198.54.114.83 - - [30/Mar/2025:06:43:56 -0400] "POST /wp-cron.php?doing_wp_cron=1743331436.5588200092315673828125 HTTP/1.1" 200 0 "-" "WordPress/6.7.2; https://bakingsecurityin.com"
51.222.253.3 - - [30/Mar/2025:06:43:55 -0400] "GET /how-to-select-a-weighted-stuffed-animal/ HTTP/1.1" 200 0 "-" "Mozilla/5.0 (compatible; AhrefsBot/7.0; +http://ahrefs.com/robot/)"
198.54.114.83 - - [30/Mar/2025:06:43:57 -0400] "POST /wp-admin/admin-ajax.php?action=async_litespeed&nonce=mjdg8mgUlkdKaVQQ9RA1fDI9EwsdSmit&litespeed_type=imgoptm HTTP/1.1" 200 5 "-" "WordPress/6.7.2; https://bakingsecurityin.com"
198.54.114.83 - - [30/Mar/2025:06:45:26 -0400] "POST /wp-cron.php?doing_wp_cron=1743331525.3541259765625000000000 HTTP/1.1" 200 0 "-" "WordPress/6.7.2; https://bakingsecurityin.com"
51.222.253.17 - - [30/Mar/2025:06:45:23 -0400] "GET /page/86/ HTTP/1.1" 200 0 "-" "Mozilla/5.0 (compatible; AhrefsBot/7.0; +http://ahrefs.com/robot/)"
198.54.114.83 - - [30/Mar/2025:06:45:26 -0400] "POST /wp-admin/admin-ajax.php?action=async_litespeed&nonce=TLg2IRvLnklpnDFX2M5t6NIFx4CHYI6o&litespeed_type=imgoptm HTTP/1.1" 200 5 "-" "WordPress/6.7.2; https://bakingsecurityin.com"
198.54.114.83 - - [30/Mar/2025:06:46:38 -0400] "POST /wp-cron.php?doing_wp_cron=1743331598.1000790596008300781250 HTTP/1.1" 200 0 "-" "WordPress/6.7.2; https://bakingsecurityin.com"
185.191.171.3 - - [30/Mar/2025:06:46:37 -0400] "GET /how-to-get-daily-wire-on-smart-tv/ HTTP/1.1" 200 0 "-" "Mozilla/5.0 (compatible; SemrushBot/7~bl; +http://www.semrush.com/bot.html)"
198.54.114.83 - - [30/Mar/2025:06:46:39 -0400] "POST /wp-admin/admin-ajax.php?action=async_litespeed&nonce=7Vrdfkw5wY2o3to57BILY8XmitqiyTm8&litespeed_type=imgoptm HTTP/1.1" 200 0 "-" "WordPress/6.7.2; https://bakingsecurityin.com"
51.222.253.2 - - [30/Mar/2025:06:46:45 -0400] "GET /category/activity/page/74/ HTTP/1.1" 200 0 "-" "Mozilla/5.0 (compatible; AhrefsBot/7.0; +http://ahrefs.com/robot/)"
198.54.114.83 - - [30/Mar/2025:06:48:06 -0400] "POST /wp-cron.php?doing_wp_cron=1743331685.8388640880584716796875 HTTP/1.1" 200 0 "-" "WordPress/6.7.2; https://bakingsecurityin.com"
198.54.114.83 - - [30/Mar/2025:06:48:07 -0400] "POST /wp-admin/admin-ajax.php?action=async_litespeed&nonce=D5Ywhnzn65is8Fz0FULZ0XSB07znMlrb&litespeed_type=imgoptm HTTP/1.1" 200 5 "-" "WordPress/6.7.2; https://bakingsecurityin.com"
51.222.253.16 - - [30/Mar/2025:06:48:05 -0400] "GET /what-you-should-know-about-wholesale-tungsten-carbide-rings/ HTTP/1.1" 200 0 "-" "Mozilla/5.0 (compatible; AhrefsBot/7.0; +http://ahrefs.com/robot/)"
198.54.114.83 - - [30/Mar/2025:06:49:25 -0400] "POST /wp-cron.php?doing_wp_cron=1743331765.0771250724792480468750 HTTP/1.1" 200 0 "-" "WordPress/6.7.2; https://bakingsecurityin.com"
198.54.114.83 - - [30/Mar/2025:06:49:26 -0400] "POST /wp-admin/admin-ajax.php?action=async_litespeed&nonce=kxcrUOYzOWj66LS6noDATUZwKebDceJo&litespeed_type=imgoptm HTTP/1.1" 200 5 "-" "WordPress/6.7.2; https://bakingsecurityin.com"
51.222.253.5 - - [30/Mar/2025:06:49:24 -0400] "GET /finding-where-to-donate-food-near-you/feed/ HTTP/1.1" 200 410 "-" "Mozilla/5.0 (compatible; AhrefsBot/7.0; +http://ahrefs.com/robot/)"
198.54.114.83 - - [30/Mar/2025:06:50:47 -0400] "POST /wp-cron.php?doing_wp_cron=1743331847.0379140377044677734375 HTTP/1.1" 200 0 "-" "WordPress/6.7.2; https://bakingsecurityin.com"
156.225.8.183 - - [30/Mar/2025:06:50:46 -0400] "GET /why-dental-enrollment-organizations-might-turn-into-a-relic-of-days-gone-by/ HTTP/1.1" 200 0 "-" "Mozilla/5.0 (Macintosh; Intel Mac OS X 10_15_7) AppleWebKit/537.36 (KHTML, like Gecko) Chrome/125.0.0.0 Safari/537.36"
198.54.114.83 - - [30/Mar/2025:06:50:47 -0400] "POST /wp-admin/admin-ajax.php?action=async_litespeed&nonce=WoTJWZrTff6M0q2jBOTqPl6BjtbDKetS&litespeed_type=imgoptm HTTP/1.1" 200 5 "-" "WordPress/6.7.2; https://bakingsecurityin.com"
2a02:598:64:8a00::3100:10 - - [30/Mar/2025:06:50:51 -0400] "GET /red-velvet-cake-more-than-just-a-pretty-color/ HTTP/1.1" 200 0 "-" "Mozilla/5.0 (compatible; SeznamBot/4.0; +https://o-seznam.cz/napoveda/vyhledavani/en/seznambot-crawler/)"
51.222.253.5 - - [30/Mar/2025:06:51:00 -0400] "GET /category/gaming/ HTTP/1.1" 200 0 "-" "Mozilla/5.0 (compatible; AhrefsBot/7.0; +http://ahrefs.com/robot/)"
198.54.114.83 - - [30/Mar/2025:06:53:05 -0400] "POST /wp-cron.php?doing_wp_cron=1743331985.0416190624237060546875 HTTP/1.1" 200 0 "-" "WordPress/6.7.2; https://bakingsecurityin.com"
51.222.253.5 - - [30/Mar/2025:06:53:01 -0400] "GET /how-to-borrow-money-in-singapore/ HTTP/1.1" 200 0 "-" "Mozilla/5.0 (compatible; AhrefsBot/7.0; +http://ahrefs.com/robot/)"
198.54.114.83 - - [30/Mar/2025:06:53:06 -0400] "POST /wp-admin/admin-ajax.php?action=async_litespeed&nonce=pm5wuA9lTgUqUI1nrxJWDX1YJC7r5pmx&litespeed_type=imgoptm HTTP/1.1" 200 5 "-" "WordPress/6.7.2; https://bakingsecurityin.com"
198.54.114.83 - - [30/Mar/2025:06:54:57 -0400] "POST /wp-cron.php?doing_wp_cron=1743332097.0747530460357666015625 HTTP/1.1" 200 0 "-" "WordPress/6.7.2; https://bakingsecurityin.com"
51.222.253.15 - - [30/Mar/2025:06:54:55 -0400] "GET /die-bedeutung-von-telefondienstleistern-fur-unternehmen/ HTTP/1.1" 200 0 "-" "Mozilla/5.0 (compatible; AhrefsBot/7.0; +http://ahrefs.com/robot/)"
198.54.114.83 - - [30/Mar/2025:06:54:57 -0400] "POST /wp-admin/admin-ajax.php?action=async_litespeed&nonce=HSOinXBivaCvIIVyDm6Ciy7EaEP2lfoG&litespeed_type=imgoptm HTTP/1.1" 200 5 "-" "WordPress/6.7.2; https://bakingsecurityin.com"
198.54.114.83 - - [30/Mar/2025:06:56:36 -0400] "POST /wp-cron.php?doing_wp_cron=1743332196.6380701065063476562500 HTTP/1.1" 200 0 "-" "WordPress/6.7.2; https://bakingsecurityin.com"
51.222.253.5 - - [30/Mar/2025:06:56:34 -0400] "GET /business-communication-with-3cx-pbx/ HTTP/1.1" 200 0 "-" "Mozilla/5.0 (compatible; AhrefsBot/7.0; +http://ahrefs.com/robot/)"
198.54.114.83 - - [30/Mar/2025:06:56:37 -0400] "POST /wp-admin/admin-ajax.php?action=async_litespeed&nonce=TfU0d7p9PsH7ZlVqomeTE5jlFfCkdcVI&litespeed_type=imgoptm HTTP/1.1" 200 0 "-" "WordPress/6.7.2; https://bakingsecurityin.com"
198.54.114.83 - - [30/Mar/2025:06:58:12 -0400] "POST /wp-cron.php?doing_wp_cron=1743332292.1846599578857421875000 HTTP/1.1" 200 0 "-" "WordPress/6.7.2; https://bakingsecurityin.com"
51.222.253.20 - - [30/Mar/2025:06:58:11 -0400] "GET /a-michael-kors-womens-bag-will-elevate-any-look/ HTTP/1.1" 200 0 "-" "Mozilla/5.0 (compatible; AhrefsBot/7.0; +http://ahrefs.com/robot/)"
198.54.114.83 - - [30/Mar/2025:06:58:12 -0400] "POST /wp-admin/admin-ajax.php?action=async_litespeed&nonce=S859r9PPfxEo3CFrm58Ie0u8EXuU3G2G&litespeed_type=imgoptm HTTP/1.1" 200 5 "-" "WordPress/6.7.2; https://bakingsecurityin.com"
136.243.228.193 - - [30/Mar/2025:06:58:59 -0400] "GET /rei-hiking-boots/ HTTP/1.1" 200 0 "-" "Mozilla/5.0 (compatible; DataForSeoBot/1.0; +https://dataforseo.com/dataforseo-bot)"
198.54.114.83 - - [30/Mar/2025:06:59:55 -0400] "POST /wp-cron.php?doing_wp_cron=1743332394.9845368862152099609375 HTTP/1.1" 200 0 "-" "WordPress/6.7.2; https://bakingsecurityin.com"
51.222.253.8 - - [30/Mar/2025:06:59:53 -0400] "GET /smart-wallet-mit-munzfach/ HTTP/1.1" 200 0 "-" "Mozilla/5.0 (compatible; AhrefsBot/7.0; +http://ahrefs.com/robot/)"
