217.154.91.7 - - [29/Mar/2025:20:27:30 -0400] "GET /wp-admin/ HTTP/1.1" 302 0 "https://www.google.com" "Mozilla/5.0 (Windows NT 10.0; Win64; x64) AppleWebKit/537.36 (KHTML, like Gecko) Chrome/90.0.4430.85 Safari/537.36"
217.154.91.7 - - [29/Mar/2025:20:27:30 -0400] "GET /wp-login.php?redirect_to=https%3A%2F%2Fbakingsecurityin.com%2Fwp-admin%2F&reauth=1 HTTP/1.1" 200 1738 "https://www.google.com" "Mozilla/5.0 (Windows NT 10.0; Win64; x64) AppleWebKit/537.36 (KHTML, like Gecko) Chrome/90.0.4430.85 Safari/537.36"
198.54.114.83 - - [29/Mar/2025:20:29:22 -0400] "POST /wp-cron.php?doing_wp_cron=1743294562.3333458900451660156250 HTTP/1.1" 200 0 "-" "WordPress/6.7.2; https://bakingsecurityin.com"
51.222.253.5 - - [29/Mar/2025:20:29:20 -0400] "GET /kayak-rental-near-me-in-new-york/ HTTP/1.1" 200 0 "-" "Mozilla/5.0 (compatible; AhrefsBot/7.0; +http://ahrefs.com/robot/)"
198.54.114.83 - - [29/Mar/2025:20:29:22 -0400] "POST /wp-admin/admin-ajax.php?action=async_litespeed&nonce=6PdLdMVS1dx5cKtqWiOdoYvn8CTLYlGs&litespeed_type=imgoptm HTTP/1.1" 200 5 "-" "WordPress/6.7.2; https://bakingsecurityin.com"
198.54.114.83 - - [29/Mar/2025:20:31:27 -0400] "POST /wp-cron.php?doing_wp_cron=1743294687.0689289569854736328125 HTTP/1.1" 200 0 "-" "WordPress/6.7.2; https://bakingsecurityin.com"
51.222.253.19 - - [29/Mar/2025:20:31:24 -0400] "GET /3-approaches-to-totally-make-use-of-your-conservatory-through-the-times-of-the-year/ HTTP/1.1" 200 0 "-" "Mozilla/5.0 (compatible; AhrefsBot/7.0; +http://ahrefs.com/robot/)"
198.54.114.83 - - [29/Mar/2025:20:31:27 -0400] "POST /wp-admin/admin-ajax.php?action=async_litespeed&nonce=8G8fKLYUBjOEpAjdZ4eIZSvFxnNVtsy9&litespeed_type=imgoptm HTTP/1.1" 200 5 "-" "WordPress/6.7.2; https://bakingsecurityin.com"
114.44.152.36 - - [29/Mar/2025:20:31:43 -0400] "GET /the-benefits-of-part-time-jobs-for-students HTTP/1.1" 301 0 "https://bakingsecurityin.com/the-benefits-of-part-time-jobs-for-students" "Mozilla/5.0 (Windows NT 6.1; WOW64) AppleWebKit/537.36 (KHTML, like Gecko) Chrome/37.0.4549.063 Safari/537.36"
114.44.152.36 - - [29/Mar/2025:20:31:44 -0400] "GET /the-benefits-of-part-time-jobs-for-students/ HTTP/1.1" 200 0 "https://bakingsecurityin.com/the-benefits-of-part-time-jobs-for-students" "Mozilla/5.0 (Windows NT 6.1; WOW64) AppleWebKit/537.36 (KHTML, like Gecko) Chrome/37.0.4549.063 Safari/537.36"
198.54.114.83 - - [29/Mar/2025:20:33:36 -0400] "POST /wp-cron.php?doing_wp_cron=1743294816.1692650318145751953125 HTTP/1.1" 200 0 "-" "WordPress/6.7.2; https://bakingsecurityin.com"
51.222.253.2 - - [29/Mar/2025:20:33:34 -0400] "GET /category/activity/page/31/ HTTP/1.1" 200 0 "-" "Mozilla/5.0 (compatible; AhrefsBot/7.0; +http://ahrefs.com/robot/)"
198.54.114.83 - - [29/Mar/2025:20:33:36 -0400] "POST /wp-admin/admin-ajax.php?action=async_litespeed&nonce=zb4bhqlbAiDC2kmAuXa9hsAugiJgWgk0&litespeed_type=imgoptm HTTP/1.1" 200 5 "-" "WordPress/6.7.2; https://bakingsecurityin.com"
198.54.114.83 - - [29/Mar/2025:20:35:24 -0400] "POST /wp-cron.php?doing_wp_cron=1743294923.7207660675048828125000 HTTP/1.1" 200 0 "-" "WordPress/6.7.2; https://bakingsecurityin.com"
51.222.253.3 - - [29/Mar/2025:20:35:20 -0400] "GET /how-a-virtual-receptionist-can-help-small-businesses/feed/ HTTP/1.1" 200 422 "-" "Mozilla/5.0 (compatible; AhrefsBot/7.0; +http://ahrefs.com/robot/)"
198.54.114.83 - - [29/Mar/2025:20:35:26 -0400] "POST /wp-admin/admin-ajax.php?action=async_litespeed&nonce=kGdtvd9rb08lvsDEqZrotVfG2uxswDZv&litespeed_type=imgoptm HTTP/1.1" 200 0 "-" "WordPress/6.7.2; https://bakingsecurityin.com"
51.222.253.14 - - [29/Mar/2025:20:37:15 -0400] "GET /umzuge-buchholz/ HTTP/1.1" 200 0 "-" "Mozilla/5.0 (compatible; AhrefsBot/7.0; +http://ahrefs.com/robot/)"
198.54.114.83 - - [29/Mar/2025:20:39:27 -0400] "POST /wp-cron.php?doing_wp_cron=1743295166.7426450252532958984375 HTTP/1.1" 200 0 "-" "WordPress/6.7.2; https://bakingsecurityin.com"
51.222.253.12 - - [29/Mar/2025:20:39:23 -0400] "GET /florida-fha-loan-application/ HTTP/1.1" 200 0 "-" "Mozilla/5.0 (compatible; AhrefsBot/7.0; +http://ahrefs.com/robot/)"
198.54.114.83 - - [29/Mar/2025:20:39:27 -0400] "POST /wp-admin/admin-ajax.php?action=async_litespeed&nonce=wHXDh8BJTMFcrmaN1eftFDkAofEvotuN&litespeed_type=imgoptm HTTP/1.1" 200 5 "-" "WordPress/6.7.2; https://bakingsecurityin.com"
198.54.114.83 - - [29/Mar/2025:20:40:43 -0400] "POST /wp-cron.php?doing_wp_cron=1743295243.3746950626373291015625 HTTP/1.1" 200 0 "-" "WordPress/6.7.2; https://bakingsecurityin.com"
89.248.172.183 - - [29/Mar/2025:20:40:43 -0400] "GET /wp-content/plugins/security-malware-firewall/readme.txt HTTP/1.1" 404 0 "-" "Mozilla/5.0 (Linux; Android 10; K) AppleWebKit/537.36 (KHTML, like Gecko) Chrome/122.0.0.0 Mobile Safari/537.36"
198.54.114.83 - - [29/Mar/2025:20:40:44 -0400] "POST /wp-admin/admin-ajax.php?action=async_litespeed&nonce=wQ9mJx2wRkpd7U9aknYIdL4x3TmdkkPJ&litespeed_type=imgoptm HTTP/1.1" 200 5 "-" "WordPress/6.7.2; https://bakingsecurityin.com"
198.54.114.83 - - [29/Mar/2025:20:41:39 -0400] "POST /wp-cron.php?doing_wp_cron=1743295299.7267539501190185546875 HTTP/1.1" 200 0 "-" "WordPress/6.7.2; https://bakingsecurityin.com"
51.222.253.3 - - [29/Mar/2025:20:41:39 -0400] "GET /page/45/ HTTP/1.1" 200 0 "-" "Mozilla/5.0 (compatible; AhrefsBot/7.0; +http://ahrefs.com/robot/)"
198.54.114.83 - - [29/Mar/2025:20:41:40 -0400] "POST /wp-admin/admin-ajax.php?action=async_litespeed&nonce=Jw6bjtQlNL3fboFiULVaLGg2J7GUkV0g&litespeed_type=imgoptm HTTP/1.1" 200 5 "-" "WordPress/6.7.2; https://bakingsecurityin.com"
193.31.127.212 - - [29/Mar/2025:20:42:35 -0400] "GET /wp-login.php HTTP/1.1" 200 1737 "-" "Mozilla/5.0 (Windows NT 10.0; Win64; x64) AppleWebKit/537.36 (KHTML, like Gecko) Chrome/115.0.0.0 Safari/537.36 Edg/115.0.1901.203"
198.54.114.83 - - [29/Mar/2025:20:42:36 -0400] "POST /wp-cron.php?doing_wp_cron=1743295356.6813409328460693359375 HTTP/1.1" 200 0 "-" "WordPress/6.7.2; https://bakingsecurityin.com"
193.31.127.212 - - [29/Mar/2025:20:42:36 -0400] "POST /wp-login.php HTTP/1.1" 200 1867 "https://bakingsecurityin.com/wp-login.php" "Mozilla/5.0 (Windows NT 10.0; Win64; x64) AppleWebKit/537.36 (KHTML, like Gecko) Chrome/115.0.0.0 Safari/537.36 Edg/115.0.1901.203"
198.54.114.83 - - [29/Mar/2025:20:42:37 -0400] "POST /wp-admin/admin-ajax.php?action=async_litespeed&nonce=hPt7rTJt5JbpAkkaUJIpLdom0I9eEH0Q&litespeed_type=imgoptm HTTP/1.1" 200 5 "-" "WordPress/6.7.2; https://bakingsecurityin.com"
51.222.253.12 - - [29/Mar/2025:20:43:26 -0400] "GET /screw-sizes-what-you-need-to-know/ HTTP/1.1" 200 0 "-" "Mozilla/5.0 (compatible; AhrefsBot/7.0; +http://ahrefs.com/robot/)"
198.54.114.83 - - [29/Mar/2025:20:43:31 -0400] "POST /wp-cron.php?doing_wp_cron=1743295411.7894430160522460937500 HTTP/1.1" 200 0 "-" "WordPress/6.7.2; https://bakingsecurityin.com"
136.243.228.193 - - [29/Mar/2025:20:43:31 -0400] "GET /dealing-with-approach-anxiety-for-effective-cold-calling/ HTTP/1.1" 200 0 "-" "Mozilla/5.0 (compatible; DataForSeoBot/1.0; +https://dataforseo.com/dataforseo-bot)"
198.54.114.83 - - [29/Mar/2025:20:43:32 -0400] "POST /wp-admin/admin-ajax.php?action=async_litespeed&nonce=UtwUwejtd7auWs8cu4seY3OkR8UEKF6C&litespeed_type=imgoptm HTTP/1.1" 200 5 "-" "WordPress/6.7.2; https://bakingsecurityin.com"
198.54.114.83 - - [29/Mar/2025:20:45:22 -0400] "POST /wp-cron.php?doing_wp_cron=1743295522.3753449916839599609375 HTTP/1.1" 200 0 "-" "WordPress/6.7.2; https://bakingsecurityin.com"
51.222.253.5 - - [29/Mar/2025:20:45:20 -0400] "GET /meilleure-mini-imprimante-portable/ HTTP/1.1" 200 0 "-" "Mozilla/5.0 (compatible; AhrefsBot/7.0; +http://ahrefs.com/robot/)"
198.54.114.83 - - [29/Mar/2025:20:45:23 -0400] "POST /wp-admin/admin-ajax.php?action=async_litespeed&nonce=YeMT4kamM8CoCE219nvSe2Ks5cBGMCFO&litespeed_type=imgoptm HTTP/1.1" 200 5 "-" "WordPress/6.7.2; https://bakingsecurityin.com"
198.54.114.83 - - [29/Mar/2025:20:46:10 -0400] "POST /wp-admin/admin-ajax.php?action=async_litespeed&nonce=gwq8JlNfvC0LrQGXFlUI3Gzc8SSYE4v3&litespeed_type=imgoptm HTTP/1.1" 200 5 "-" "WordPress/6.7.2; https://bakingsecurityin.com"
198.54.114.83 - - [29/Mar/2025:20:47:08 -0400] "POST /wp-cron.php?doing_wp_cron=1743295627.8869359493255615234375 HTTP/1.1" 200 0 "-" "WordPress/6.7.2; https://bakingsecurityin.com"
51.222.253.18 - - [29/Mar/2025:20:47:07 -0400] "GET /petrol-fire-fighting-pump/feed/ HTTP/1.1" 200 392 "-" "Mozilla/5.0 (compatible; AhrefsBot/7.0; +http://ahrefs.com/robot/)"
198.54.114.83 - - [29/Mar/2025:20:47:08 -0400] "POST /wp-admin/admin-ajax.php?action=async_litespeed&nonce=5T5YJGIlxn1dvdZng5p98qqRJNLxaCD8&litespeed_type=imgoptm HTTP/1.1" 200 5 "-" "WordPress/6.7.2; https://bakingsecurityin.com"
193.233.229.126 - - [29/Mar/2025:20:47:26 -0400] "GET /wp-login.php HTTP/1.1" 200 1737 "-" "Mozilla/5.0 (Windows NT 10.0; Win64; x64) AppleWebKit/537.36 (KHTML, like Gecko) Chrome/115.0.0.0 Safari/537.36 Edg/115.0.1901.203"
198.54.114.83 - - [29/Mar/2025:20:47:28 -0400] "POST /wp-cron.php?doing_wp_cron=1743295648.0573499202728271484375 HTTP/1.1" 200 0 "-" "WordPress/6.7.2; https://bakingsecurityin.com"
193.233.229.126 - - [29/Mar/2025:20:47:27 -0400] "POST /wp-login.php HTTP/1.1" 200 1867 "https://bakingsecurityin.com/wp-login.php" "Mozilla/5.0 (Windows NT 10.0; Win64; x64) AppleWebKit/537.36 (KHTML, like Gecko) Chrome/115.0.0.0 Safari/537.36 Edg/115.0.1901.203"
198.54.114.83 - - [29/Mar/2025:20:47:28 -0400] "POST /wp-admin/admin-ajax.php?action=async_litespeed&nonce=luN5LBUIn3Ma8ACi8xVQRiY1mb1NTLh7&litespeed_type=imgoptm HTTP/1.1" 200 5 "-" "WordPress/6.7.2; https://bakingsecurityin.com"
198.54.114.83 - - [29/Mar/2025:20:48:49 -0400] "POST /wp-cron.php?doing_wp_cron=1743295729.0433509349822998046875 HTTP/1.1" 200 0 "-" "WordPress/6.7.2; https://bakingsecurityin.com"
51.222.253.16 - - [29/Mar/2025:20:48:48 -0400] "GET /korean-private-label-skincare/feed/ HTTP/1.1" 200 395 "-" "Mozilla/5.0 (compatible; AhrefsBot/7.0; +http://ahrefs.com/robot/)"
198.54.114.83 - - [29/Mar/2025:20:48:49 -0400] "POST /wp-admin/admin-ajax.php?action=async_litespeed&nonce=XvfRMk1l5CZMPnk8G1lBaa6lYBrEFnsE&litespeed_type=imgoptm HTTP/1.1" 200 5 "-" "WordPress/6.7.2; https://bakingsecurityin.com"
198.54.114.83 - - [29/Mar/2025:20:51:08 -0400] "POST /wp-cron.php?doing_wp_cron=1743295868.4143528938293457031250 HTTP/1.1" 200 0 "-" "WordPress/6.7.2; https://bakingsecurityin.com"
51.222.253.9 - - [29/Mar/2025:20:51:06 -0400] "GET /birdseye-cloth-diapers-cloth-diapering-simplicity/feed/ HTTP/1.1" 200 419 "-" "Mozilla/5.0 (compatible; AhrefsBot/7.0; +http://ahrefs.com/robot/)"
198.54.114.83 - - [29/Mar/2025:20:51:08 -0400] "POST /wp-admin/admin-ajax.php?action=async_litespeed&nonce=Bf1Bz22wFLCew0EIWWE9P0cON5cXYVwg&litespeed_type=imgoptm HTTP/1.1" 200 5 "-" "WordPress/6.7.2; https://bakingsecurityin.com"
198.54.114.83 - - [29/Mar/2025:20:52:53 -0400] "POST /wp-cron.php?doing_wp_cron=1743295973.7082760334014892578125 HTTP/1.1" 200 0 "-" "WordPress/6.7.2; https://bakingsecurityin.com"
51.222.253.10 - - [29/Mar/2025:20:52:52 -0400] "GET /jet-ski-also-known-as-water-skiing/feed/ HTTP/1.1" 200 402 "-" "Mozilla/5.0 (compatible; AhrefsBot/7.0; +http://ahrefs.com/robot/)"
198.54.114.83 - - [29/Mar/2025:20:52:54 -0400] "POST /wp-admin/admin-ajax.php?action=async_litespeed&nonce=3V9NfL1yByAP8YyvPEcbucu7jvJteN7u&litespeed_type=imgoptm HTTP/1.1" 200 5 "-" "WordPress/6.7.2; https://bakingsecurityin.com"
198.54.114.83 - - [29/Mar/2025:20:54:32 -0400] "POST /wp-cron.php?doing_wp_cron=1743296071.9064810276031494140625 HTTP/1.1" 200 0 "-" "WordPress/6.7.2; https://bakingsecurityin.com"
51.222.253.4 - - [29/Mar/2025:20:54:30 -0400] "GET /a-closer-look-at-a-michael-kors-womens-bag/feed/ HTTP/1.1" 200 426 "-" "Mozilla/5.0 (compatible; AhrefsBot/7.0; +http://ahrefs.com/robot/)"
198.54.114.83 - - [29/Mar/2025:20:54:32 -0400] "POST /wp-admin/admin-ajax.php?action=async_litespeed&nonce=t3s4rdrfK3q6897mV98GPf0W0OU23HY8&litespeed_type=imgoptm HTTP/1.1" 200 5 "-" "WordPress/6.7.2; https://bakingsecurityin.com"
198.54.114.83 - - [29/Mar/2025:20:56:25 -0400] "POST /wp-cron.php?doing_wp_cron=1743296185.4347040653228759765625 HTTP/1.1" 200 0 "-" "WordPress/6.7.2; https://bakingsecurityin.com"
51.222.253.20 - - [29/Mar/2025:20:56:24 -0400] "GET /blissful-living-amidst-the-sunshine/feed/ HTTP/1.1" 200 401 "-" "Mozilla/5.0 (compatible; AhrefsBot/7.0; +http://ahrefs.com/robot/)"
198.54.114.83 - - [29/Mar/2025:20:56:25 -0400] "POST /wp-admin/admin-ajax.php?action=async_litespeed&nonce=OAiNSvNYIBy9hs2u6VgBDtTaMKGD9joH&litespeed_type=imgoptm HTTP/1.1" 200 5 "-" "WordPress/6.7.2; https://bakingsecurityin.com"
198.54.114.83 - - [29/Mar/2025:20:57:56 -0400] "POST /wp-cron.php?doing_wp_cron=1743296276.3833699226379394531250 HTTP/1.1" 200 0 "-" "WordPress/6.7.2; https://bakingsecurityin.com"
51.222.253.9 - - [29/Mar/2025:20:57:55 -0400] "GET /exploring-the-mystique-of-the-spire/ HTTP/1.1" 200 0 "-" "Mozilla/5.0 (compatible; AhrefsBot/7.0; +http://ahrefs.com/robot/)"
198.54.114.83 - - [29/Mar/2025:20:57:56 -0400] "POST /wp-admin/admin-ajax.php?action=async_litespeed&nonce=bRJPhwt6OHsB3tJUhOBjMmGYwf8xQ35z&litespeed_type=imgoptm HTTP/1.1" 200 5 "-" "WordPress/6.7.2; https://bakingsecurityin.com"
51.222.253.18 - - [29/Mar/2025:20:59:39 -0400] "GET /speech-therapy-in-dubai/ HTTP/1.1" 200 0 "-" "Mozilla/5.0 (compatible; AhrefsBot/7.0; +http://ahrefs.com/robot/)"
51.222.253.18 - - [29/Mar/2025:21:01:33 -0400] "GET /choosing-a-suitable-real-estate-agent-in-san-diego/ HTTP/1.1" 200 0 "-" "Mozilla/5.0 (compatible; AhrefsBot/7.0; +http://ahrefs.com/robot/)"
198.54.114.83 - - [29/Mar/2025:21:01:40 -0400] "POST /wp-admin/admin-ajax.php?action=async_litespeed&nonce=m5s0ieQsZe3Kx2WqfOjyHhQFCB0KUDjz&litespeed_type=imgoptm HTTP/1.1" 200 5 "-" "WordPress/6.7.2; https://bakingsecurityin.com"
198.54.114.83 - - [29/Mar/2025:21:03:01 -0400] "POST /wp-cron.php?doing_wp_cron=1743296581.4393210411071777343750 HTTP/1.1" 200 0 "-" "WordPress/6.7.2; https://bakingsecurityin.com"
51.222.253.3 - - [29/Mar/2025:21:03:01 -0400] "GET /the-art-of-balancing-work-and-wellness-on-a-business-trip/feed/ HTTP/1.1" 200 442 "-" "Mozilla/5.0 (compatible; AhrefsBot/7.0; +http://ahrefs.com/robot/)"
198.54.114.83 - - [29/Mar/2025:21:03:01 -0400] "POST /wp-admin/admin-ajax.php?action=async_litespeed&nonce=PhtnUz6sv4qY0oEgT9pvCC4gfm4lOgYI&litespeed_type=imgoptm HTTP/1.1" 200 5 "-" "WordPress/6.7.2; https://bakingsecurityin.com"
198.54.114.83 - - [29/Mar/2025:21:04:44 -0400] "POST /wp-cron.php?doing_wp_cron=1743296684.3169450759887695312500 HTTP/1.1" 200 0 "-" "WordPress/6.7.2; https://bakingsecurityin.com"
51.222.253.15 - - [29/Mar/2025:21:04:41 -0400] "GET /types-of-bb-guns/ HTTP/1.1" 200 0 "-" "Mozilla/5.0 (compatible; AhrefsBot/7.0; +http://ahrefs.com/robot/)"
198.54.114.83 - - [29/Mar/2025:21:04:44 -0400] "POST /wp-admin/admin-ajax.php?action=async_litespeed&nonce=yrOVB2NMk3OC81TXNXgqyI7gKXuwFULG&litespeed_type=imgoptm HTTP/1.1" 200 5 "-" "WordPress/6.7.2; https://bakingsecurityin.com"
5.255.231.102 - - [29/Mar/2025:21:05:55 -0400] "GET /robots.txt HTTP/1.1" 304 0 "-" "Mozilla/5.0 (compatible; YandexBot/3.0; +http://yandex.com/bots)"
198.54.114.83 - - [29/Mar/2025:21:05:57 -0400] "POST /wp-cron.php?doing_wp_cron=1743296756.8746860027313232421875 HTTP/1.1" 200 0 "-" "WordPress/6.7.2; https://bakingsecurityin.com"
213.180.203.103 - - [29/Mar/2025:21:05:56 -0400] "GET / HTTP/1.1" 200 0 "-" "Mozilla/5.0 (compatible; YandexBot/3.0; +http://yandex.com/bots)"
198.54.114.83 - - [29/Mar/2025:21:05:57 -0400] "POST /wp-admin/admin-ajax.php?action=async_litespeed&nonce=ImzWekcP82AzuHIMLH18GiKPmTfCZ7dH&litespeed_type=imgoptm HTTP/1.1" 200 5 "-" "WordPress/6.7.2; https://bakingsecurityin.com"
51.222.253.10 - - [29/Mar/2025:21:06:06 -0400] "GET /online-casino-games/feed/ HTTP/1.1" 200 380 "-" "Mozilla/5.0 (compatible; AhrefsBot/7.0; +http://ahrefs.com/robot/)"
212.34.135.220 - - [29/Mar/2025:21:07:05 -0400] "GET /exploring-the-real-estate-market-in-sonoma-ca/ HTTP/1.1" 200 0 "https://bakingsecurityin.com/exploring-the-real-estate-market-in-sonoma-ca/#comment-688" "Mozilla/5.0 (Windows NT 10.0; Win64; x64) AppleWebKit/537.36 (KHTML, like Gecko) Chrome/131.0.0.0 Safari/537.36"
198.54.114.83 - - [29/Mar/2025:21:07:06 -0400] "POST /wp-cron.php?doing_wp_cron=1743296826.4472999572753906250000 HTTP/1.1" 200 0 "-" "WordPress/6.7.2; https://bakingsecurityin.com"
212.34.135.220 - - [29/Mar/2025:21:07:06 -0400] "GET / HTTP/1.1" 200 0 "https://bakingsecurityin.com/" "Mozilla/5.0 (Windows NT 10.0; Win64; x64) AppleWebKit/537.36 (KHTML, like Gecko) Chrome/131.0.0.0 Safari/537.36"
198.54.114.83 - - [29/Mar/2025:21:07:06 -0400] "POST /wp-admin/admin-ajax.php?action=async_litespeed&nonce=BLGjeUVfoVFXaPEEM2ci5eGISVMei88c&litespeed_type=imgoptm HTTP/1.1" 200 5 "-" "WordPress/6.7.2; https://bakingsecurityin.com"
198.54.114.83 - - [29/Mar/2025:21:07:51 -0400] "POST /wp-cron.php?doing_wp_cron=1743296870.9454660415649414062500 HTTP/1.1" 200 0 "-" "WordPress/6.7.2; https://bakingsecurityin.com"
51.222.253.13 - - [29/Mar/2025:21:07:50 -0400] "GET /navigating-the-digital-casino-landscape-a-journey-through-online-gaming/ HTTP/1.1" 200 0 "-" "Mozilla/5.0 (compatible; AhrefsBot/7.0; +http://ahrefs.com/robot/)"
198.54.114.83 - - [29/Mar/2025:21:07:51 -0400] "POST /wp-admin/admin-ajax.php?action=async_litespeed&nonce=MtKwJx7GOGUP8txmiaOL1s77Xa4z68MI&litespeed_type=imgoptm HTTP/1.1" 200 5 "-" "WordPress/6.7.2; https://bakingsecurityin.com"
198.54.114.83 - - [29/Mar/2025:21:09:28 -0400] "POST /wp-cron.php?doing_wp_cron=1743296968.0256121158599853515625 HTTP/1.1" 200 0 "-" "WordPress/6.7.2; https://bakingsecurityin.com"
51.222.253.2 - - [29/Mar/2025:21:09:26 -0400] "GET /conversion-gallon-per-minute/ HTTP/1.1" 200 0 "-" "Mozilla/5.0 (compatible; AhrefsBot/7.0; +http://ahrefs.com/robot/)"
198.54.114.83 - - [29/Mar/2025:21:09:28 -0400] "POST /wp-admin/admin-ajax.php?action=async_litespeed&nonce=01ukwDEStsb73j5vM0yjXdF7QL3TZYJ4&litespeed_type=imgoptm HTTP/1.1" 200 5 "-" "WordPress/6.7.2; https://bakingsecurityin.com"
198.54.114.83 - - [29/Mar/2025:21:10:58 -0400] "POST /wp-admin/admin-ajax.php?action=async_litespeed&nonce=JVMctZdkkAvPMocHcqjtGVGk7FcK2Bzl&litespeed_type=imgoptm HTTP/1.1" 200 5 "-" "WordPress/6.7.2; https://bakingsecurityin.com"
217.154.91.7 - - [29/Mar/2025:21:10:58 -0400] "GET /wp-login.php HTTP/1.1" 200 1737 "http://bakingsecurityin.com/wp-admin/" "Mozilla/5.0 (Windows NT 10.0; Win64; x64) AppleWebKit/537.36 (KHTML, like Gecko) Chrome/90.0.4430.85 Safari/537.36"
51.222.253.11 - - [29/Mar/2025:21:11:03 -0400] "GET /gambling-and-online-roulette/ HTTP/1.1" 200 0 "-" "Mozilla/5.0 (compatible; AhrefsBot/7.0; +http://ahrefs.com/robot/)"
217.154.91.7 - - [29/Mar/2025:21:10:59 -0400] "POST /wp-login.php HTTP/1.1" 200 1861 "http://bakingsecurityin.com/wp-admin/" "Mozilla/5.0 (Windows NT 10.0; Win64; x64) AppleWebKit/537.36 (KHTML, like Gecko) Chrome/90.0.4430.85 Safari/537.36"
217.154.91.7 - - [29/Mar/2025:21:11:15 -0400] "GET /wp-admin/ HTTP/1.1" 302 0 "https://www.google.com" "Mozilla/5.0 (Windows NT 10.0; Win64; x64) AppleWebKit/537.36 (KHTML, like Gecko) Chrome/90.0.4430.85 Safari/537.36"
217.154.91.7 - - [29/Mar/2025:21:11:15 -0400] "GET /wp-login.php?redirect_to=https%3A%2F%2Fbakingsecurityin.com%2Fwp-admin%2F&reauth=1 HTTP/1.1" 200 1738 "https://www.google.com" "Mozilla/5.0 (Windows NT 10.0; Win64; x64) AppleWebKit/537.36 (KHTML, like Gecko) Chrome/90.0.4430.85 Safari/537.36"
198.54.114.83 - - [29/Mar/2025:21:12:35 -0400] "POST /wp-cron.php?doing_wp_cron=1743297155.5003309249877929687500 HTTP/1.1" 200 0 "-" "WordPress/6.7.2; https://bakingsecurityin.com"
51.222.253.20 - - [29/Mar/2025:21:12:35 -0400] "GET /category/activity/page/33/ HTTP/1.1" 200 0 "-" "Mozilla/5.0 (compatible; AhrefsBot/7.0; +http://ahrefs.com/robot/)"
198.54.114.83 - - [29/Mar/2025:21:12:35 -0400] "POST /wp-admin/admin-ajax.php?action=async_litespeed&nonce=ndfSsdNTRBuIHqOMIlyK2mkFKFvYJANI&litespeed_type=imgoptm HTTP/1.1" 200 5 "-" "WordPress/6.7.2; https://bakingsecurityin.com"
198.54.114.83 - - [29/Mar/2025:21:13:46 -0400] "POST /wp-admin/admin-ajax.php?action=async_litespeed&nonce=v9T6NjA59eh9tfId3cPbKPcZ2AEvZH9M&litespeed_type=imgoptm HTTP/1.1" 200 5 "-" "WordPress/6.7.2; https://bakingsecurityin.com"
51.222.253.13 - - [29/Mar/2025:21:14:08 -0400] "GET /mens-boxershorts/feed/ HTTP/1.1" 200 382 "-" "Mozilla/5.0 (compatible; AhrefsBot/7.0; +http://ahrefs.com/robot/)"
198.54.114.83 - - [29/Mar/2025:21:15:16 -0400] "POST /wp-admin/admin-ajax.php?action=async_litespeed&nonce=Qp1bPW1Swei0pMKT0ahcYItaoQW9hx1f&litespeed_type=imgoptm HTTP/1.1" 200 5 "-" "WordPress/6.7.2; https://bakingsecurityin.com"
51.222.253.19 - - [29/Mar/2025:21:15:37 -0400] "GET /why-buy-grip-socks-bulk/ HTTP/1.1" 200 0 "-" "Mozilla/5.0 (compatible; AhrefsBot/7.0; +http://ahrefs.com/robot/)"
198.54.114.83 - - [29/Mar/2025:21:17:14 -0400] "POST /wp-cron.php?doing_wp_cron=1743297434.6435511112213134765625 HTTP/1.1" 200 0 "-" "WordPress/6.7.2; https://bakingsecurityin.com"
51.222.253.14 - - [29/Mar/2025:21:17:13 -0400] "GET /category/activity/page/55/ HTTP/1.1" 200 0 "-" "Mozilla/5.0 (compatible; AhrefsBot/7.0; +http://ahrefs.com/robot/)"
198.54.114.83 - - [29/Mar/2025:21:17:15 -0400] "POST /wp-admin/admin-ajax.php?action=async_litespeed&nonce=p0KVP806pwEfSufddCVSt4abqtanWRxs&litespeed_type=imgoptm HTTP/1.1" 200 5 "-" "WordPress/6.7.2; https://bakingsecurityin.com"
198.54.114.83 - - [29/Mar/2025:21:18:23 -0400] "POST /wp-admin/admin-ajax.php?action=async_litespeed&nonce=XcZvTpAYfP5VgqiUAaQyZXYFy9kmnS0u&litespeed_type=imgoptm HTTP/1.1" 200 0 "-" "WordPress/6.7.2; https://bakingsecurityin.com"
198.54.114.83 - - [29/Mar/2025:21:18:52 -0400] "POST /wp-cron.php?doing_wp_cron=1743297532.0291891098022460937500 HTTP/1.1" 200 0 "-" "WordPress/6.7.2; https://bakingsecurityin.com"
51.222.253.10 - - [29/Mar/2025:21:18:51 -0400] "GET /master-the-art-of-writing-with-an-author-course/feed/ HTTP/1.1" 200 426 "-" "Mozilla/5.0 (compatible; AhrefsBot/7.0; +http://ahrefs.com/robot/)"
198.54.114.83 - - [29/Mar/2025:21:18:52 -0400] "POST /wp-admin/admin-ajax.php?action=async_litespeed&nonce=eMa8IK2aa9JEEbXqNZHZm0Vu8zhNQHoG&litespeed_type=imgoptm HTTP/1.1" 200 5 "-" "WordPress/6.7.2; https://bakingsecurityin.com"
47.79.109.25 - - [29/Mar/2025:21:19:23 -0400] "GET / HTTP/1.1" 200 0 "https://www.google.com/" "Mozilla/5.0 (Windows NT 10.0; Win64; x64) AppleWebKit/537.36 (KHTML, like Gecko) Chrome/132.0.0.0 Safari/537.36"
198.54.114.83 - - [29/Mar/2025:21:20:37 -0400] "POST /wp-cron.php?doing_wp_cron=1743297637.6631920337677001953125 HTTP/1.1" 200 0 "-" "WordPress/6.7.2; https://bakingsecurityin.com"
51.222.253.9 - - [29/Mar/2025:21:20:37 -0400] "GET /category/activity/page/58/ HTTP/1.1" 200 0 "-" "Mozilla/5.0 (compatible; AhrefsBot/7.0; +http://ahrefs.com/robot/)"
198.54.114.83 - - [29/Mar/2025:21:20:38 -0400] "POST /wp-admin/admin-ajax.php?action=async_litespeed&nonce=XyiGjFsO1S6I3H1vkNSCJ0LQgy63oH9f&litespeed_type=imgoptm HTTP/1.1" 200 5 "-" "WordPress/6.7.2; https://bakingsecurityin.com"
178.20.46.206 - - [29/Mar/2025:21:20:57 -0400] "GET /a-journey-into-skincare/ HTTP/1.1" 200 0 "https://bakingsecurityin.com/a-journey-into-skincare/" "Mozilla/5.0 (Windows NT 10.0; Win64; x64) AppleWebKit/537.36 (KHTML, like Gecko) Chrome/131.0.0.0 Safari/537.36 Avast/131.0.0.0"
178.20.46.206 - - [29/Mar/2025:21:20:57 -0400] "GET / HTTP/1.1" 200 0 "https://bakingsecurityin.com/" "Mozilla/5.0 (Windows NT 10.0; Win64; x64) AppleWebKit/537.36 (KHTML, like Gecko) Chrome/131.0.0.0 Safari/537.36 Avast/131.0.0.0"
198.54.114.83 - - [29/Mar/2025:21:22:39 -0400] "POST /wp-cron.php?doing_wp_cron=1743297759.0282580852508544921875 HTTP/1.1" 200 0 "-" "WordPress/6.7.2; https://bakingsecurityin.com"
51.222.253.1 - - [29/Mar/2025:21:22:37 -0400] "GET /buying-youtube-likes/ HTTP/1.1" 200 0 "-" "Mozilla/5.0 (compatible; AhrefsBot/7.0; +http://ahrefs.com/robot/)"
198.54.114.83 - - [29/Mar/2025:21:22:39 -0400] "POST /wp-admin/admin-ajax.php?action=async_litespeed&nonce=5AIt8uGoNUPMgRApEPGWNzttwYH4WCqB&litespeed_type=imgoptm HTTP/1.1" 200 5 "-" "WordPress/6.7.2; https://bakingsecurityin.com"
51.222.253.3 - - [29/Mar/2025:21:24:35 -0400] "GET /tembusu-grand-an-ideal-place-for-families/ HTTP/1.1" 200 0 "-" "Mozilla/5.0 (compatible; AhrefsBot/7.0; +http://ahrefs.com/robot/)"
213.180.203.41 - - [29/Mar/2025:21:24:46 -0400] "GET /the-components-of-audiovisual-rental/ HTTP/1.1" 200 0 "-" "Mozilla/5.0 (compatible; YandexBot/3.0; +http://yandex.com/bots)"
198.54.114.83 - - [29/Mar/2025:21:26:09 -0400] "POST /wp-cron.php?doing_wp_cron=1743297969.6077580451965332031250 HTTP/1.1" 200 0 "-" "WordPress/6.7.2; https://bakingsecurityin.com"
136.243.228.193 - - [29/Mar/2025:21:26:08 -0400] "GET /how-basement-finishing-can-increase-your-homes-value/ HTTP/1.1" 200 0 "-" "Mozilla/5.0 (compatible; DataForSeoBot/1.0; +https://dataforseo.com/dataforseo-bot)"
198.54.114.83 - - [29/Mar/2025:21:26:09 -0400] "POST /wp-admin/admin-ajax.php?action=async_litespeed&nonce=HU8AVvIHqCHnskmLaDSg8JcSlTWiQ5Ej&litespeed_type=imgoptm HTTP/1.1" 200 5 "-" "WordPress/6.7.2; https://bakingsecurityin.com"
134.209.144.185 - - [29/Mar/2025:21:26:17 -0400] "GET /wp-login.php HTTP/1.1" 200 1737 "-" "Mozila/5.0"
134.209.144.185 - - [29/Mar/2025:21:26:17 -0400] "POST /wp-login.php HTTP/1.1" 200 1867 "-" "Mozila/5.0"
134.209.144.185 - - [29/Mar/2025:21:26:18 -0400] "GET /wp-admin/ HTTP/1.1" 302 0 "-" "Mozila/5.0"
134.209.144.185 - - [29/Mar/2025:21:26:18 -0400] "GET /wp-login.php?redirect_to=https%3A%2F%2Fbakingsecurityin.com%2Fwp-admin%2F&reauth=1 HTTP/1.1" 200 1738 "-" "Mozila/5.0"
198.54.114.83 - - [29/Mar/2025:21:26:40 -0400] "POST /wp-cron.php?doing_wp_cron=1743298000.7746419906616210937500 HTTP/1.1" 200 0 "-" "WordPress/6.7.2; https://bakingsecurityin.com"
51.222.253.11 - - [29/Mar/2025:21:26:40 -0400] "GET /get-the-most-out-of-conservatory-roofs-all-year-round/ HTTP/1.1" 200 0 "-" "Mozilla/5.0 (compatible; AhrefsBot/7.0; +http://ahrefs.com/robot/)"
198.54.114.83 - - [29/Mar/2025:21:26:41 -0400] "POST /wp-admin/admin-ajax.php?action=async_litespeed&nonce=XI5oGh2qAjXOQt3IxQbvnaU7QYntkKrw&litespeed_type=imgoptm HTTP/1.1" 200 5 "-" "WordPress/6.7.2; https://bakingsecurityin.com"
198.54.114.83 - - [29/Mar/2025:21:28:37 -0400] "POST /wp-cron.php?doing_wp_cron=1743298117.4663569927215576171875 HTTP/1.1" 200 0 "-" "WordPress/6.7.2; https://bakingsecurityin.com"
51.222.253.7 - - [29/Mar/2025:21:28:35 -0400] "GET /page/44/ HTTP/1.1" 200 0 "-" "Mozilla/5.0 (compatible; AhrefsBot/7.0; +http://ahrefs.com/robot/)"
198.54.114.83 - - [29/Mar/2025:21:28:38 -0400] "POST /wp-admin/admin-ajax.php?action=async_litespeed&nonce=I12Ixh7M5NknnoTXlf2ey7Excflh1SPo&litespeed_type=imgoptm HTTP/1.1" 200 5 "-" "WordPress/6.7.2; https://bakingsecurityin.com"
198.54.114.83 - - [29/Mar/2025:21:30:10 -0400] "POST /wp-admin/admin-ajax.php?action=async_litespeed&nonce=s4Wr5KIBSdBJdnQPPppZ0vy2TnnYeajB&litespeed_type=imgoptm HTTP/1.1" 200 5 "-" "WordPress/6.7.2; https://bakingsecurityin.com"
188.214.125.171 - - [29/Mar/2025:21:30:11 -0400] "GET /wp-login.php HTTP/1.1" 200 1737 "-" "Mozilla/5.0 (Windows NT 10.0; Win64; x64) AppleWebKit/537.36 (KHTML, like Gecko) Chrome/87.0.4280.141 Safari/537.36"
188.214.125.171 - - [29/Mar/2025:21:30:13 -0400] "GET /wp-login.php HTTP/1.1" 200 1737 "-" "Mozilla/5.0 (Windows NT 10.0; Win64; x64) AppleWebKit/537.36 (KHTML, like Gecko) Chrome/87.0.4280.141 Safari/537.36"
198.54.114.83 - - [29/Mar/2025:21:30:57 -0400] "POST /wp-cron.php?doing_wp_cron=1743298257.5656778812408447265625 HTTP/1.1" 200 0 "-" "WordPress/6.7.2; https://bakingsecurityin.com"
51.222.253.20 - - [29/Mar/2025:21:30:57 -0400] "GET /a-glimpse-into-the-midtown-modern-showflat/ HTTP/1.1" 200 0 "-" "Mozilla/5.0 (compatible; AhrefsBot/7.0; +http://ahrefs.com/robot/)"
198.54.114.83 - - [29/Mar/2025:21:30:58 -0400] "POST /wp-admin/admin-ajax.php?action=async_litespeed&nonce=P1EfqzoQOwxPYh7gqBLJ8vDgSydfCcDD&litespeed_type=imgoptm HTTP/1.1" 200 5 "-" "WordPress/6.7.2; https://bakingsecurityin.com"
198.54.114.83 - - [29/Mar/2025:21:31:55 -0400] "POST /wp-admin/admin-ajax.php?action=async_litespeed&nonce=FkkMFyOhVJO2OtsQaKOkmi1oBrH43gK1&litespeed_type=imgoptm HTTP/1.1" 200 5 "-" "WordPress/6.7.2; https://bakingsecurityin.com"
198.54.114.83 - - [29/Mar/2025:21:32:54 -0400] "POST /wp-cron.php?doing_wp_cron=1743298374.1238760948181152343750 HTTP/1.1" 200 0 "-" "WordPress/6.7.2; https://bakingsecurityin.com"
51.222.253.8 - - [29/Mar/2025:21:32:53 -0400] "GET /youtube-premium-1-year-review/ HTTP/1.1" 200 0 "-" "Mozilla/5.0 (compatible; AhrefsBot/7.0; +http://ahrefs.com/robot/)"
198.54.114.83 - - [29/Mar/2025:21:32:54 -0400] "POST /wp-admin/admin-ajax.php?action=async_litespeed&nonce=Oy2TU1YmECEJVHmODhkjNGI0Wx6PkKZ5&litespeed_type=imgoptm HTTP/1.1" 200 5 "-" "WordPress/6.7.2; https://bakingsecurityin.com"
195.2.76.183 - - [29/Mar/2025:21:33:25 -0400] "GET /a-journey-into-skincare/ HTTP/1.1" 200 0 "https://bakingsecurityin.com/a-journey-into-skincare/" "Mozilla/5.0 (Windows NT 10.0; Win64; x64) AppleWebKit/537.36 (KHTML, like Gecko) Chrome/131.0.0.0 Safari/537.36 Avast/131.0.0.0"
195.2.76.183 - - [29/Mar/2025:21:33:25 -0400] "GET / HTTP/1.1" 200 0 "https://bakingsecurityin.com/" "Mozilla/5.0 (Windows NT 10.0; Win64; x64) AppleWebKit/537.36 (KHTML, like Gecko) Chrome/131.0.0.0 Safari/537.36 Avast/131.0.0.0"
198.54.114.83 - - [29/Mar/2025:21:34:46 -0400] "POST /wp-cron.php?doing_wp_cron=1743298485.9758410453796386718750 HTTP/1.1" 200 0 "-" "WordPress/6.7.2; https://bakingsecurityin.com"
51.222.253.14 - - [29/Mar/2025:21:34:45 -0400] "GET /wie-bereitet-man-eine-gute-tasse-kaffee-zu/ HTTP/1.1" 200 0 "-" "Mozilla/5.0 (compatible; AhrefsBot/7.0; +http://ahrefs.com/robot/)"
198.54.114.83 - - [29/Mar/2025:21:34:46 -0400] "POST /wp-admin/admin-ajax.php?action=async_litespeed&nonce=6jcC5AtxIBSvOZnSXK5W5K8pZ6P6UWkX&litespeed_type=imgoptm HTTP/1.1" 200 5 "-" "WordPress/6.7.2; https://bakingsecurityin.com"
198.54.114.83 - - [29/Mar/2025:21:36:40 -0400] "POST /wp-cron.php?doing_wp_cron=1743298600.0815930366516113281250 HTTP/1.1" 200 0 "-" "WordPress/6.7.2; https://bakingsecurityin.com"
51.222.253.2 - - [29/Mar/2025:21:36:38 -0400] "GET /the-mediation-process/ HTTP/1.1" 200 0 "-" "Mozilla/5.0 (compatible; AhrefsBot/7.0; +http://ahrefs.com/robot/)"
198.54.114.83 - - [29/Mar/2025:21:36:40 -0400] "POST /wp-admin/admin-ajax.php?action=async_litespeed&nonce=QxJoPR0EKWiRM4eLSQYIxHE7zzO9fVa3&litespeed_type=imgoptm HTTP/1.1" 200 5 "-" "WordPress/6.7.2; https://bakingsecurityin.com"
198.54.114.83 - - [29/Mar/2025:21:38:32 -0400] "POST /wp-cron.php?doing_wp_cron=1743298712.0005819797515869140625 HTTP/1.1" 200 0 "-" "WordPress/6.7.2; https://bakingsecurityin.com"
51.222.253.13 - - [29/Mar/2025:21:38:31 -0400] "GET /jet-ski-also-known-as-water-skiing/ HTTP/1.1" 200 0 "-" "Mozilla/5.0 (compatible; AhrefsBot/7.0; +http://ahrefs.com/robot/)"
198.54.114.83 - - [29/Mar/2025:21:38:32 -0400] "POST /wp-admin/admin-ajax.php?action=async_litespeed&nonce=BpROpNJOJOnAVUS0Hr1oCy99gyE3kknb&litespeed_type=imgoptm HTTP/1.1" 200 5 "-" "WordPress/6.7.2; https://bakingsecurityin.com"
185.244.181.2 - - [29/Mar/2025:21:39:43 -0400] "GET /top-5-retinol-creams/ HTTP/1.1" 200 0 "https://bakingsecurityin.com/top-5-retinol-creams/" "Mozilla/5.0 (Windows NT 10.0; Win64; x64) AppleWebKit/537.36 (KHTML, like Gecko) Chrome/131.0.0.0 Safari/537.36 Avast/131.0.0.0"
198.54.114.83 - - [29/Mar/2025:21:39:44 -0400] "POST /wp-cron.php?doing_wp_cron=1743298784.7040319442749023437500 HTTP/1.1" 200 0 "-" "WordPress/6.7.2; https://bakingsecurityin.com"
185.244.181.2 - - [29/Mar/2025:21:39:44 -0400] "GET / HTTP/1.1" 200 0 "https://bakingsecurityin.com/" "Mozilla/5.0 (Windows NT 10.0; Win64; x64) AppleWebKit/537.36 (KHTML, like Gecko) Chrome/131.0.0.0 Safari/537.36 Avast/131.0.0.0"
198.54.114.83 - - [29/Mar/2025:21:39:45 -0400] "POST /wp-admin/admin-ajax.php?action=async_litespeed&nonce=1wzWdQXREGcwq86rN6CARKypfQjfsWGG&litespeed_type=imgoptm HTTP/1.1" 200 5 "-" "WordPress/6.7.2; https://bakingsecurityin.com"
198.54.114.83 - - [29/Mar/2025:21:40:34 -0400] "POST /wp-cron.php?doing_wp_cron=1743298833.9889299869537353515625 HTTP/1.1" 200 0 "-" "WordPress/6.7.2; https://bakingsecurityin.com"
51.222.253.9 - - [29/Mar/2025:21:40:33 -0400] "GET /understanding-sex-addiction/ HTTP/1.1" 200 0 "-" "Mozilla/5.0 (compatible; AhrefsBot/7.0; +http://ahrefs.com/robot/)"
198.54.114.83 - - [29/Mar/2025:21:40:34 -0400] "POST /wp-admin/admin-ajax.php?action=async_litespeed&nonce=tZovtHmEZn6tQ57vlGaPvjQA7J6BogUf&litespeed_type=imgoptm HTTP/1.1" 200 5 "-" "WordPress/6.7.2; https://bakingsecurityin.com"
198.54.114.83 - - [29/Mar/2025:21:42:23 -0400] "POST /wp-cron.php?doing_wp_cron=1743298942.7567589282989501953125 HTTP/1.1" 200 0 "-" "WordPress/6.7.2; https://bakingsecurityin.com"
51.222.253.12 - - [29/Mar/2025:21:42:21 -0400] "GET /page/46/ HTTP/1.1" 200 0 "-" "Mozilla/5.0 (compatible; AhrefsBot/7.0; +http://ahrefs.com/robot/)"
198.54.114.83 - - [29/Mar/2025:21:42:23 -0400] "POST /wp-admin/admin-ajax.php?action=async_litespeed&nonce=qVFnhFfYplMB3Bsk4kqEuS9ljOsavGgr&litespeed_type=imgoptm HTTP/1.1" 200 5 "-" "WordPress/6.7.2; https://bakingsecurityin.com"
198.54.114.83 - - [29/Mar/2025:21:44:26 -0400] "POST /wp-cron.php?doing_wp_cron=1743299065.7840709686279296875000 HTTP/1.1" 200 0 "-" "WordPress/6.7.2; https://bakingsecurityin.com"
51.222.253.20 - - [29/Mar/2025:21:44:23 -0400] "GET /page/74/ HTTP/1.1" 200 0 "-" "Mozilla/5.0 (compatible; AhrefsBot/7.0; +http://ahrefs.com/robot/)"
198.54.114.83 - - [29/Mar/2025:21:44:26 -0400] "POST /wp-admin/admin-ajax.php?action=async_litespeed&nonce=wtqe9vvZTsyvAsQU3z9ZBQHDsWGXgEUa&litespeed_type=imgoptm HTTP/1.1" 200 0 "-" "WordPress/6.7.2; https://bakingsecurityin.com"
198.54.114.83 - - [29/Mar/2025:21:46:19 -0400] "POST /wp-cron.php?doing_wp_cron=1743299179.5282819271087646484375 HTTP/1.1" 200 0 "-" "WordPress/6.7.2; https://bakingsecurityin.com"
51.222.253.20 - - [29/Mar/2025:21:46:18 -0400] "GET /table-lamps-everything-you-need-to-know/ HTTP/1.1" 200 0 "-" "Mozilla/5.0 (compatible; AhrefsBot/7.0; +http://ahrefs.com/robot/)"
198.54.114.83 - - [29/Mar/2025:21:46:19 -0400] "POST /wp-admin/admin-ajax.php?action=async_litespeed&nonce=qdXoqI6Cw05Wj8jTCbkwBtDFgceafJ4i&litespeed_type=imgoptm HTTP/1.1" 200 5 "-" "WordPress/6.7.2; https://bakingsecurityin.com"
198.54.114.83 - - [29/Mar/2025:21:46:51 -0400] "POST /wp-admin/admin-ajax.php?action=async_litespeed&nonce=7jeAcrJgTZuZlvt7gholUkvkT5dX0PP0&litespeed_type=imgoptm HTTP/1.1" 200 5 "-" "WordPress/6.7.2; https://bakingsecurityin.com"
198.54.114.83 - - [29/Mar/2025:21:47:53 -0400] "POST /wp-admin/admin-ajax.php?action=async_litespeed&nonce=aV3FA6OEXkeRMRbQiFTL6TebYoV0KMng&litespeed_type=imgoptm HTTP/1.1" 200 5 "-" "WordPress/6.7.2; https://bakingsecurityin.com"
17.241.227.170 - - [29/Mar/2025:21:47:55 -0400] "GET /robots.txt HTTP/1.1" 200 98 "-" "Mozilla/5.0 (Macintosh; Intel Mac OS X 10_15_7) AppleWebKit/605.1.15 (KHTML, like Gecko) Version/17.4 Safari/605.1.15 (Applebot/0.1; +http://www.apple.com/go/applebot)"
17.241.227.170 - - [29/Mar/2025:21:47:56 -0400] "GET /exploring-the-multicanais-phenomenon/ HTTP/1.1" 200 0 "-" "Mozilla/5.0 (Macintosh; Intel Mac OS X 10_15_7) AppleWebKit/605.1.15 (KHTML, like Gecko) Version/17.4 Safari/605.1.15 (Applebot/0.1; +http://www.apple.com/go/applebot)"
51.222.253.20 - - [29/Mar/2025:21:48:04 -0400] "GET /un-compagnon-doux-et-reconfortant-lours-en-peluche/ HTTP/1.1" 200 0 "-" "Mozilla/5.0 (compatible; AhrefsBot/7.0; +http://ahrefs.com/robot/)"
198.54.114.83 - - [29/Mar/2025:21:49:31 -0400] "POST /wp-admin/admin-ajax.php?action=async_litespeed&nonce=WC1JSr1l27U8prOw7cR03UB4y0SR6Ap3&litespeed_type=imgoptm HTTP/1.1" 200 5 "-" "WordPress/6.7.2; https://bakingsecurityin.com"
51.222.253.4 - - [29/Mar/2025:21:49:50 -0400] "GET /puff-pastry-with-curry/ HTTP/1.1" 200 0 "-" "Mozilla/5.0 (compatible; AhrefsBot/7.0; +http://ahrefs.com/robot/)"
198.54.114.83 - - [29/Mar/2025:21:51:07 -0400] "POST /wp-admin/admin-ajax.php?action=async_litespeed&nonce=cQvuR5eV7MYUqM6sYTs8wzFc59KHLwnc&litespeed_type=imgoptm HTTP/1.1" 200 5 "-" "WordPress/6.7.2; https://bakingsecurityin.com"
198.54.114.83 - - [29/Mar/2025:21:51:48 -0400] "POST /wp-cron.php?doing_wp_cron=1743299508.3646891117095947265625 HTTP/1.1" 200 0 "-" "WordPress/6.7.2; https://bakingsecurityin.com"
51.222.253.16 - - [29/Mar/2025:21:51:48 -0400] "GET /table-lamps-everything-you-need-to-know/feed/ HTTP/1.1" 200 420 "-" "Mozilla/5.0 (compatible; AhrefsBot/7.0; +http://ahrefs.com/robot/)"
198.54.114.83 - - [29/Mar/2025:21:51:48 -0400] "POST /wp-admin/admin-ajax.php?action=async_litespeed&nonce=K0L0sDMOwGIsvR4JvgodvRcC752FxzZg&litespeed_type=imgoptm HTTP/1.1" 200 5 "-" "WordPress/6.7.2; https://bakingsecurityin.com"
198.54.114.83 - - [29/Mar/2025:21:52:28 -0400] "POST /wp-admin/admin-ajax.php?action=async_litespeed&nonce=jlOTySQWjlsBxHsiZUeH7z3qGeYFcy9u&litespeed_type=imgoptm HTTP/1.1" 200 5 "-" "WordPress/6.7.2; https://bakingsecurityin.com"
198.54.114.83 - - [29/Mar/2025:21:53:36 -0400] "POST /wp-cron.php?doing_wp_cron=1743299615.8583600521087646484375 HTTP/1.1" 200 0 "-" "WordPress/6.7.2; https://bakingsecurityin.com"
51.222.253.5 - - [29/Mar/2025:21:53:35 -0400] "GET /comment-choisir-une-agence-de-referencement-experimentee/ HTTP/1.1" 200 0 "-" "Mozilla/5.0 (compatible; AhrefsBot/7.0; +http://ahrefs.com/robot/)"
198.54.114.83 - - [29/Mar/2025:21:53:36 -0400] "POST /wp-admin/admin-ajax.php?action=async_litespeed&nonce=qpUS3KFRQwoohRc5p5gOIIjeOh3XJ43M&litespeed_type=imgoptm HTTP/1.1" 200 5 "-" "WordPress/6.7.2; https://bakingsecurityin.com"
213.180.203.105 - - [29/Mar/2025:21:55:25 -0400] "GET /is-there-only-one-north/ HTTP/1.1" 200 0 "-" "Mozilla/5.0 (compatible; YandexBot/3.0; +http://yandex.com/bots)"
198.54.114.83 - - [29/Mar/2025:21:55:30 -0400] "POST /wp-cron.php?doing_wp_cron=1743299730.3948650360107421875000 HTTP/1.1" 200 0 "-" "WordPress/6.7.2; https://bakingsecurityin.com"
51.222.253.14 - - [29/Mar/2025:21:55:28 -0400] "GET /how-to-style-street-wear-for-men/feed/ HTTP/1.1" 200 405 "-" "Mozilla/5.0 (compatible; AhrefsBot/7.0; +http://ahrefs.com/robot/)"
198.54.114.83 - - [29/Mar/2025:21:55:31 -0400] "POST /wp-admin/admin-ajax.php?action=async_litespeed&nonce=Zs8jNfKChZ2tT1rIBIu16zYe0DZkLDo6&litespeed_type=imgoptm HTTP/1.1" 200 5 "-" "WordPress/6.7.2; https://bakingsecurityin.com"
51.222.253.20 - - [29/Mar/2025:21:57:18 -0400] "GET /the-arcady-showflat/ HTTP/1.1" 200 0 "-" "Mozilla/5.0 (compatible; AhrefsBot/7.0; +http://ahrefs.com/robot/)"
198.54.114.83 - - [29/Mar/2025:21:59:08 -0400] "POST /wp-cron.php?doing_wp_cron=1743299948.1148619651794433593750 HTTP/1.1" 200 0 "-" "WordPress/6.7.2; https://bakingsecurityin.com"
51.222.253.14 - - [29/Mar/2025:21:59:05 -0400] "GET /top-5-online-shops-for-custom-fuzzy-socks/ HTTP/1.1" 200 0 "-" "Mozilla/5.0 (compatible; AhrefsBot/7.0; +http://ahrefs.com/robot/)"
198.54.114.83 - - [29/Mar/2025:21:59:08 -0400] "POST /wp-admin/admin-ajax.php?action=async_litespeed&nonce=l8Ow1Agq2CNQT8jaTP2VgcERU8Uxigof&litespeed_type=imgoptm HTTP/1.1" 200 5 "-" "WordPress/6.7.2; https://bakingsecurityin.com"
51.222.253.5 - - [29/Mar/2025:22:01:18 -0400] "GET /how-to-use-the-national-insurance-website/ HTTP/1.1" 200 0 "-" "Mozilla/5.0 (compatible; AhrefsBot/7.0; +http://ahrefs.com/robot/)"
198.54.114.83 - - [29/Mar/2025:22:02:35 -0400] "POST /wp-admin/admin-ajax.php?action=async_litespeed&nonce=akihxU2nxqz8OnMuNAMEgadgUJJaaoBe&litespeed_type=imgoptm HTTP/1.1" 200 5 "-" "WordPress/6.7.2; https://bakingsecurityin.com"
51.222.253.20 - - [29/Mar/2025:22:03:23 -0400] "GET /vita-glow-gold-and-vita-glow-skin-whitening-cream/feed/ HTTP/1.1" 200 419 "-" "Mozilla/5.0 (compatible; AhrefsBot/7.0; +http://ahrefs.com/robot/)"
198.54.114.83 - - [29/Mar/2025:22:03:59 -0400] "POST /wp-admin/admin-ajax.php?action=async_litespeed&nonce=uIH1K3WbfMKBas6Yac4avxwqx8vlN2SC&litespeed_type=imgoptm HTTP/1.1" 200 0 "-" "WordPress/6.7.2; https://bakingsecurityin.com"
198.54.114.83 - - [29/Mar/2025:22:05:24 -0400] "POST /wp-cron.php?doing_wp_cron=1743300323.6786520481109619140625 HTTP/1.1" 200 0 "-" "WordPress/6.7.2; https://bakingsecurityin.com"
51.222.253.14 - - [29/Mar/2025:22:05:23 -0400] "GET /tee-shirt-printing-whether-to-make-your-own-custom-printed-t-shirts-or-have-them-printed-for-you/ HTTP/1.1" 200 0 "-" "Mozilla/5.0 (compatible; AhrefsBot/7.0; +http://ahrefs.com/robot/)"
198.54.114.83 - - [29/Mar/2025:22:05:24 -0400] "POST /wp-admin/admin-ajax.php?action=async_litespeed&nonce=FZjg736go2SRXq36RKg7V7GptVQg0QY0&litespeed_type=imgoptm HTTP/1.1" 200 5 "-" "WordPress/6.7.2; https://bakingsecurityin.com"
198.54.114.83 - - [29/Mar/2025:22:07:24 -0400] "POST /wp-cron.php?doing_wp_cron=1743300444.5978279113769531250000 HTTP/1.1" 200 0 "-" "WordPress/6.7.2; https://bakingsecurityin.com"
51.222.253.20 - - [29/Mar/2025:22:07:22 -0400] "GET /page/47/ HTTP/1.1" 200 0 "-" "Mozilla/5.0 (compatible; AhrefsBot/7.0; +http://ahrefs.com/robot/)"
198.54.114.83 - - [29/Mar/2025:22:07:25 -0400] "POST /wp-admin/admin-ajax.php?action=async_litespeed&nonce=mBwZMhG4NK1hcjj3Oh82OiJYcpFPrHVc&litespeed_type=imgoptm HTTP/1.1" 200 5 "-" "WordPress/6.7.2; https://bakingsecurityin.com"
34.169.216.138 - - [29/Mar/2025:22:09:26 -0400] "GET /private-venture-thoughts-in-spirits-wines-and-brew/ HTTP/1.1" 200 0 "-" "trafilatura/2.0.0 (+https://github.com/adbar/trafilatura)"
198.54.114.83 - - [29/Mar/2025:22:09:27 -0400] "POST /wp-cron.php?doing_wp_cron=1743300567.2232179641723632812500 HTTP/1.1" 200 0 "-" "WordPress/6.7.2; https://bakingsecurityin.com"
51.222.253.11 - - [29/Mar/2025:22:09:24 -0400] "GET /the-best-soccer-grip-socks/feed/ HTTP/1.1" 200 395 "-" "Mozilla/5.0 (compatible; AhrefsBot/7.0; +http://ahrefs.com/robot/)"
198.54.114.83 - - [29/Mar/2025:22:09:28 -0400] "POST /wp-admin/admin-ajax.php?action=async_litespeed&nonce=SOZXbgKh1FlWs60JFLEfDfpWcmKH8fID&litespeed_type=imgoptm HTTP/1.1" 200 5 "-" "WordPress/6.7.2; https://bakingsecurityin.com"
136.243.228.193 - - [29/Mar/2025:22:09:57 -0400] "GET /ambulance-billing-how-consumers-can-help/ HTTP/1.1" 200 0 "-" "Mozilla/5.0 (compatible; DataForSeoBot/1.0; +https://dataforseo.com/dataforseo-bot)"
87.250.224.40 - - [29/Mar/2025:22:10:44 -0400] "GET /how-to-create-stunning-custom-invitations/ HTTP/1.1" 200 0 "-" "Mozilla/5.0 (compatible; YandexBot/3.0; +http://yandex.com/bots) AppleWebKit/537.36 (KHTML, like Gecko) Chrome/108.0.0.0"
198.54.114.83 - - [29/Mar/2025:22:11:49 -0400] "POST /wp-cron.php?doing_wp_cron=1743300708.6803069114685058593750 HTTP/1.1" 200 0 "-" "WordPress/6.7.2; https://bakingsecurityin.com"
51.222.253.18 - - [29/Mar/2025:22:11:47 -0400] "GET /solid-conservatory-roof-panels/ HTTP/1.1" 200 0 "-" "Mozilla/5.0 (compatible; AhrefsBot/7.0; +http://ahrefs.com/robot/)"
198.54.114.83 - - [29/Mar/2025:22:11:49 -0400] "POST /wp-admin/admin-ajax.php?action=async_litespeed&nonce=RozXDeGHsbLlaLptNxHATCZthdug7bSl&litespeed_type=imgoptm HTTP/1.1" 200 5 "-" "WordPress/6.7.2; https://bakingsecurityin.com"
5.255.231.158 - - [29/Mar/2025:22:12:41 -0400] "GET /bolatangkas-agen-bola-online-sbobet-terpercaya/ HTTP/1.1" 200 0 "-" "Mozilla/5.0 (compatible; YandexBot/3.0; +http://yandex.com/bots)"
184.169.181.217 - - [29/Mar/2025:22:12:59 -0400] "GET /wp-login.php HTTP/1.1" 200 1737 "-" "Mozilla/5.0 (Windows NT 10.0; Win64; x64) AppleWebKit/537.36 (KHTML, like Gecko) Chrome/87.0.4280.141 Safari/537.36"
198.54.114.83 - - [29/Mar/2025:22:13:00 -0400] "POST /wp-cron.php?doing_wp_cron=1743300779.9664590358734130859375 HTTP/1.1" 200 0 "-" "WordPress/6.7.2; https://bakingsecurityin.com"
184.169.181.217 - - [29/Mar/2025:22:12:59 -0400] "POST /wp-login.php HTTP/1.1" 200 1859 "-" "Mozilla/5.0 (Windows NT 10.0; Win64; x64) AppleWebKit/537.36 (KHTML, like Gecko) Chrome/87.0.4280.141 Safari/537.36"
198.54.114.83 - - [29/Mar/2025:22:13:00 -0400] "POST /wp-admin/admin-ajax.php?action=async_litespeed&nonce=QBAVjidwTvmOgmw4TA6g5KxxQQ2HmOZj&litespeed_type=imgoptm HTTP/1.1" 200 5 "-" "WordPress/6.7.2; https://bakingsecurityin.com"
198.54.114.83 - - [29/Mar/2025:22:13:47 -0400] "POST /wp-cron.php?doing_wp_cron=1743300827.6024620532989501953125 HTTP/1.1" 200 0 "-" "WordPress/6.7.2; https://bakingsecurityin.com"
45.140.165.200 - - [29/Mar/2025:22:13:47 -0400] "GET /wp-content/plugins/WordPressCore/include.php HTTP/1.1" 404 0 "-" "ShellBot 2.0"
198.54.114.83 - - [29/Mar/2025:22:13:48 -0400] "POST /wp-admin/admin-ajax.php?action=async_litespeed&nonce=WICkzI1CtjNRZewUhEIdXAcUV9VFGZxu&litespeed_type=imgoptm HTTP/1.1" 200 5 "-" "WordPress/6.7.2; https://bakingsecurityin.com"
45.140.165.200 - - [29/Mar/2025:22:13:48 -0400] "GET /wp-content/plugins/WordPressCore-1/include.php/wp-content/themes/include.php HTTP/1.1" 404 0 "-" "ShellBot 2.0"
45.140.165.200 - - [29/Mar/2025:22:13:50 -0400] "GET /wp-content/plugins/include.php HTTP/1.1" 404 0 "-" "ShellBot 2.0"
45.140.165.200 - - [29/Mar/2025:22:13:50 -0400] "GET /wp-content/plugins/core-plugin/include.php HTTP/1.1" 404 0 "-" "ShellBot 2.0"
45.140.165.200 - - [29/Mar/2025:22:13:51 -0400] "GET /wp-includes/images/include.php HTTP/1.1" 404 0 "-" "ShellBot 2.0"
45.140.165.200 - - [29/Mar/2025:22:13:52 -0400] "GET /wp-includes/widgets/include.php HTTP/1.1" 404 0 "-" "ShellBot 2.0"
51.222.253.8 - - [29/Mar/2025:22:13:56 -0400] "GET /page/23/ HTTP/1.1" 200 0 "-" "Mozilla/5.0 (compatible; AhrefsBot/7.0; +http://ahrefs.com/robot/)"
198.54.114.83 - - [29/Mar/2025:22:15:58 -0400] "POST /wp-cron.php?doing_wp_cron=1743300958.5869269371032714843750 HTTP/1.1" 200 0 "-" "WordPress/6.7.2; https://bakingsecurityin.com"
51.222.253.13 - - [29/Mar/2025:22:15:56 -0400] "GET /gym-fitness-wordpress-theme/ HTTP/1.1" 200 0 "-" "Mozilla/5.0 (compatible; AhrefsBot/7.0; +http://ahrefs.com/robot/)"
198.54.114.83 - - [29/Mar/2025:22:15:59 -0400] "POST /wp-admin/admin-ajax.php?action=async_litespeed&nonce=6BMgCtFGt7yhKL1KnN2xKLAmg7FjUU4M&litespeed_type=imgoptm HTTP/1.1" 200 5 "-" "WordPress/6.7.2; https://bakingsecurityin.com"
213.180.203.218 - - [29/Mar/2025:22:17:18 -0400] "GET /entspannung-und-abenteuer-im-resort-am-gardasee/ HTTP/1.1" 200 0 "-" "Mozilla/5.0 (compatible; YandexBot/3.0; +http://yandex.com/bots)"
51.222.253.11 - - [29/Mar/2025:22:17:49 -0400] "GET /auto-body-fix-what-kind-of-shop-is-appropriate-for-you/ HTTP/1.1" 200 0 "-" "Mozilla/5.0 (compatible; AhrefsBot/7.0; +http://ahrefs.com/robot/)"
87.250.224.251 - - [29/Mar/2025:22:18:58 -0400] "GET /regime-facile/ HTTP/1.1" 200 0 "-" "Mozilla/5.0 (compatible; YandexBot/3.0; +http://yandex.com/bots)"
198.54.114.83 - - [29/Mar/2025:22:19:40 -0400] "POST /wp-cron.php?doing_wp_cron=1743301179.9801890850067138671875 HTTP/1.1" 200 0 "-" "WordPress/6.7.2; https://bakingsecurityin.com"
51.222.253.20 - - [29/Mar/2025:22:19:37 -0400] "GET /grand-dunman-a-mega-project-with-a-luxury-feel/ HTTP/1.1" 200 0 "-" "Mozilla/5.0 (compatible; AhrefsBot/7.0; +http://ahrefs.com/robot/)"
198.54.114.83 - - [29/Mar/2025:22:19:40 -0400] "POST /wp-admin/admin-ajax.php?action=async_litespeed&nonce=4bzeWyIgjZsKFqOZ8aN9E5s3Vx58r8di&litespeed_type=imgoptm HTTP/1.1" 200 5 "-" "WordPress/6.7.2; https://bakingsecurityin.com"
198.54.114.83 - - [29/Mar/2025:22:21:32 -0400] "POST /wp-cron.php?doing_wp_cron=1743301292.1641380786895751953125 HTTP/1.1" 200 0 "-" "WordPress/6.7.2; https://bakingsecurityin.com"
51.222.253.16 - - [29/Mar/2025:22:21:30 -0400] "GET /how-to-choose-the-correct-absorbent/ HTTP/1.1" 200 0 "-" "Mozilla/5.0 (compatible; AhrefsBot/7.0; +http://ahrefs.com/robot/)"
198.54.114.83 - - [29/Mar/2025:22:21:32 -0400] "POST /wp-admin/admin-ajax.php?action=async_litespeed&nonce=hI5HT2qYOWRRaSijH9CzV3e1VpeEF5da&litespeed_type=imgoptm HTTP/1.1" 200 5 "-" "WordPress/6.7.2; https://bakingsecurityin.com"
198.54.114.83 - - [29/Mar/2025:22:23:10 -0400] "POST /wp-cron.php?doing_wp_cron=1743301390.6461279392242431640625 HTTP/1.1" 200 0 "-" "WordPress/6.7.2; https://bakingsecurityin.com"
51.222.253.4 - - [29/Mar/2025:22:23:09 -0400] "GET /category/activity/page/32/ HTTP/1.1" 200 0 "-" "Mozilla/5.0 (compatible; AhrefsBot/7.0; +http://ahrefs.com/robot/)"
198.54.114.83 - - [29/Mar/2025:22:23:10 -0400] "POST /wp-admin/admin-ajax.php?action=async_litespeed&nonce=ZFiqL5tbRGM2xxyQPpHYa2IdAYWNMTy2&litespeed_type=imgoptm HTTP/1.1" 200 5 "-" "WordPress/6.7.2; https://bakingsecurityin.com"
198.54.114.83 - - [29/Mar/2025:22:24:45 -0400] "POST /wp-cron.php?doing_wp_cron=1743301485.6004910469055175781250 HTTP/1.1" 200 0 "-" "WordPress/6.7.2; https://bakingsecurityin.com"
51.222.253.18 - - [29/Mar/2025:22:24:44 -0400] "GET /can-a-dog-dewormer-cure-cancer/ HTTP/1.1" 200 0 "-" "Mozilla/5.0 (compatible; AhrefsBot/7.0; +http://ahrefs.com/robot/)"
198.54.114.83 - - [29/Mar/2025:22:24:46 -0400] "POST /wp-admin/admin-ajax.php?action=async_litespeed&nonce=MKpZzfwdCyFSUDujEWfBl5mz4hzjNr1J&litespeed_type=imgoptm HTTP/1.1" 200 5 "-" "WordPress/6.7.2; https://bakingsecurityin.com"
198.54.114.83 - - [29/Mar/2025:22:26:19 -0400] "POST /wp-cron.php?doing_wp_cron=1743301579.1860311031341552734375 HTTP/1.1" 200 0 "-" "WordPress/6.7.2; https://bakingsecurityin.com"
51.222.253.18 - - [29/Mar/2025:22:26:19 -0400] "GET /le-katana-japonais/ HTTP/1.1" 200 0 "-" "Mozilla/5.0 (compatible; AhrefsBot/7.0; +http://ahrefs.com/robot/)"
198.54.114.83 - - [29/Mar/2025:22:26:19 -0400] "POST /wp-admin/admin-ajax.php?action=async_litespeed&nonce=qcSg2MIwYCnlfLAClcllqe4blarxwrLK&litespeed_type=imgoptm HTTP/1.1" 200 5 "-" "WordPress/6.7.2; https://bakingsecurityin.com"
198.54.114.83 - - [29/Mar/2025:22:26:45 -0400] "POST /wp-admin/admin-ajax.php?action=async_litespeed&nonce=S2CJpGm5iONAjyrRMTs3SJLXvwnDKbso&litespeed_type=imgoptm HTTP/1.1" 200 5 "-" "WordPress/6.7.2; https://bakingsecurityin.com"
46.101.204.165 - - [29/Mar/2025:22:26:49 -0400] "GET /wp-login.php HTTP/1.1" 200 1737 "http://bakingsecurityin.com/wp-admin/" "Mozilla/5.0 (Windows NT 10.0; Win64; x64) AppleWebKit/537.36 (KHTML, like Gecko) Chrome/90.0.4430.85 Safari/537.36"
