43.154.249.136 - - [01/Apr/2025:14:39:43 -0400] "GET /senior-mutual-insurance-tye-april-30-2013/ HTTP/1.1" 200 0 "-" "Python/3.10 aiohttp/3.10.5"
51.222.253.17 - - [01/Apr/2025:14:40:12 -0400] "GET /a-glimpse-of-paradise/ HTTP/1.1" 200 0 "-" "Mozilla/5.0 (compatible; AhrefsBot/7.0; +http://ahrefs.com/robot/)"
47.82.10.240 - - [01/Apr/2025:14:40:30 -0400] "GET /wp-includes/js/mediaelement/renderers/vimeo.min.js HTTP/1.1" 200 2071 "-" "Mozilla/5.0 (Windows NT 10.0; Win64; x64) AppleWebKit/537.36 (KHTML, like Gecko) Chrome/114.0.0.0 Safari/537.36 Edg/114.0.1823.43"
198.54.114.83 - - [01/Apr/2025:14:41:35 -0400] "POST /wp-cron.php?doing_wp_cron=1743532895.3710169792175292968750 HTTP/1.1" 200 0 "-" "WordPress/6.7.2; https://bakingsecurityin.com"
47.79.5.207 - - [01/Apr/2025:14:41:32 -0400] "GET /wp-content/themes/current-news/assets/js/navigation.min.js HTTP/1.1" 404 0 "-" "Mozilla/5.0 (Windows NT 10.0; Win64; x64) AppleWebKit/537.36 (KHTML, like Gecko) Chrome/114.0.0.0 Safari/537.36 Edg/114.0.1823.43"
198.54.114.83 - - [01/Apr/2025:14:41:36 -0400] "POST /wp-admin/admin-ajax.php?action=async_litespeed&nonce=YtCxgkuLhiShQn3YYgjH1u2Lv4zu3Ii0&litespeed_type=imgoptm HTTP/1.1" 200 5 "-" "WordPress/6.7.2; https://bakingsecurityin.com"
47.82.10.92 - - [01/Apr/2025:14:41:57 -0400] "GET /wp-includes/js/mediaelement/mediaelement-migrate.min.js HTTP/1.1" 200 479 "-" "Mozilla/5.0 (Windows NT 10.0; Win64; x64) AppleWebKit/537.36 (KHTML, like Gecko) Chrome/114.0.0.0 Safari/537.36 Edg/114.0.1823.43"
159.223.42.205 - - [01/Apr/2025:14:42:25 -0400] "POST /xmlrpc.php HTTP/1.1" 200 205 "-" "Mozilla/5.0 (X11; Fedora; Linux x86_64; rv:94.0) Gecko/20100101 Firefox/95.0"
198.54.114.83 - - [01/Apr/2025:14:43:24 -0400] "POST /wp-cron.php?doing_wp_cron=1743533004.3610029220581054687500 HTTP/1.1" 200 0 "-" "WordPress/6.7.2; https://bakingsecurityin.com"
47.82.10.180 - - [01/Apr/2025:14:43:24 -0400] "GET /wp-content/themes/current-news/assets/js/endless-river.min.js HTTP/1.1" 404 0 "-" "Mozilla/5.0 (Windows NT 10.0; Win64; x64) AppleWebKit/537.36 (KHTML, like Gecko) Chrome/114.0.0.0 Safari/537.36 Edg/114.0.1823.43"
198.54.114.83 - - [01/Apr/2025:14:43:25 -0400] "POST /wp-admin/admin-ajax.php?action=async_litespeed&nonce=cTjFhzqPPTjL7fjWOgTMvoSuoC03Wrqc&litespeed_type=imgoptm HTTP/1.1" 200 5 "-" "WordPress/6.7.2; https://bakingsecurityin.com"
47.82.10.105 - - [01/Apr/2025:14:43:44 -0400] "GET /wp-includes/js/comment-reply.min.js HTTP/1.1" 200 1247 "-" "Mozilla/5.0 (Windows NT 10.0; Win64; x64) AppleWebKit/537.36 (KHTML, like Gecko) Chrome/114.0.0.0 Safari/537.36 Edg/114.0.1823.43"
47.82.9.47 - - [01/Apr/2025:14:44:06 -0400] "GET /wp-includes/js/jquery/jquery.min.js HTTP/1.1" 200 29744 "-" "Mozilla/5.0 (Windows NT 10.0; Win64; x64) AppleWebKit/537.36 (KHTML, like Gecko) Chrome/114.0.0.0 Safari/537.36 Edg/114.0.1823.43"
198.54.114.83 - - [01/Apr/2025:14:44:09 -0400] "POST /wp-cron.php?doing_wp_cron=1743533048.9568281173706054687500 HTTP/1.1" 200 0 "-" "WordPress/6.7.2; https://bakingsecurityin.com"
198.54.114.83 - - [01/Apr/2025:14:44:10 -0400] "POST /wp-admin/admin-ajax.php?action=async_litespeed&nonce=68OlEl7N5bMmw8uv4DGtq9Q0S7fNBYHs&litespeed_type=imgoptm HTTP/1.1" 200 5 "-" "WordPress/6.7.2; https://bakingsecurityin.com"
240e:350:8003:76a8:4ecc:6a0d:c5f7:5ca9 - - [01/Apr/2025:14:44:08 -0400] "POST /wp-comments-post.php HTTP/1.1" 302 0 "-" "Mozilla/5.0 (Windows NT 10.0; Win64; x64) AppleWebKit/537.36 (KHTML, like Gecko) Chrome/108.0.0.0 Safari/537.36 Edg/108.0.1462.46"
240e:350:8003:76a8:4ecc:6a0d:c5f7:5ca9 - - [01/Apr/2025:14:44:13 -0400] "GET /data-on-the-best-quality-space-radiators/?unapproved=4986&moderation-hash=1684bb3ae00f9cdaa7789de1af16a6c1 HTTP/1.1" 200 0 "-" "Mozilla/5.0 (Windows NT 10.0; Win64; x64) AppleWebKit/537.36 (KHTML, like Gecko) Chrome/108.0.0.0 Safari/537.36 Edg/108.0.1462.46"
198.54.114.83 - - [01/Apr/2025:14:44:55 -0400] "POST /wp-cron.php?doing_wp_cron=1743533095.4106669425964355468750 HTTP/1.1" 200 0 "-" "WordPress/6.7.2; https://bakingsecurityin.com"
185.21.14.193 - - [01/Apr/2025:14:44:55 -0400] "GET / HTTP/1.1" 200 0 "-" "Mozilla/5.0 (Macintosh; Intel Mac OS X 10_15_7) AppleWebKit/537.36 (KHTML, like Gecko) Chrome/133.0.0.0 Safari/537.36"
198.54.114.83 - - [01/Apr/2025:14:44:56 -0400] "POST /wp-admin/admin-ajax.php?action=async_litespeed&nonce=VmeETia3pUo2qDjcku6HmjQbqCGUfEU1&litespeed_type=imgoptm HTTP/1.1" 200 5 "-" "WordPress/6.7.2; https://bakingsecurityin.com"
47.82.9.19 - - [01/Apr/2025:14:45:14 -0400] "GET /wp-content/themes/current-news/assets/js/slick.min.js HTTP/1.1" 404 0 "-" "Mozilla/5.0 (Windows NT 10.0; Win64; x64) AppleWebKit/537.36 (KHTML, like Gecko) Chrome/114.0.0.0 Safari/537.36 Edg/114.0.1823.43"
185.191.171.2 - - [01/Apr/2025:14:46:03 -0400] "GET /a-glimpse-into-luxury-living/ HTTP/1.1" 200 0 "-" "Mozilla/5.0 (compatible; SemrushBot/7~bl; +http://www.semrush.com/bot.html)"
198.54.114.83 - - [01/Apr/2025:14:48:38 -0400] "POST /wp-cron.php?doing_wp_cron=1743533317.8176848888397216796875 HTTP/1.1" 200 0 "-" "WordPress/6.7.2; https://bakingsecurityin.com"
112.92.70.120 - - [01/Apr/2025:14:48:33 -0400] "GET /les-pantoufles-sont-populaires-partout-dans-le-monde/ HTTP/1.1" 301 0 "https://bakingsecurityin.com" "Mozilla/5.0 (Windows NT 10.0; Win64; x64) AppleWebKit/537.36 (KHTML, like Gecko) Chrome/62.0.3202.94 Safari/537.36"
198.54.114.83 - - [01/Apr/2025:14:48:39 -0400] "POST /wp-admin/admin-ajax.php?action=async_litespeed&nonce=iSXjI09bwSRvSbfVyAQ4mcwnZeJDoq82&litespeed_type=imgoptm HTTP/1.1" 200 0 "-" "WordPress/6.7.2; https://bakingsecurityin.com"
112.92.70.120 - - [01/Apr/2025:14:48:40 -0400] "GET /pantoufle-de-dinosaure/ HTTP/1.1" 200 0 "https://bakingsecurityin.com" "Mozilla/5.0 (Windows NT 10.0; Win64; x64) AppleWebKit/537.36 (KHTML, like Gecko) Chrome/62.0.3202.94 Safari/537.36"
198.54.114.83 - - [01/Apr/2025:14:49:36 -0400] "POST /wp-admin/admin-ajax.php?action=async_litespeed&nonce=uhdWxCI2FuzgZg3joEK5cGCWjRAn0xgZ&litespeed_type=imgoptm HTTP/1.1" 200 5 "-" "WordPress/6.7.2; https://bakingsecurityin.com"
46.32.231.116 - - [01/Apr/2025:14:49:36 -0400] "POST /xmlrpc.php HTTP/1.1" 200 205 "-" "Mozilla/5.0 (X11; Fedora; Linux x86_64; rv:94.0) Gecko/20100101 Firefox/95.0"
185.191.171.18 - - [01/Apr/2025:14:50:45 -0400] "GET /utility-payment-solutions-must-be-secure-fast-and-easy-to-use/ HTTP/1.1" 200 0 "-" "Mozilla/5.0 (compatible; SemrushBot/7~bl; +http://www.semrush.com/bot.html)"
198.54.114.83 - - [01/Apr/2025:14:51:49 -0400] "POST /wp-cron.php?doing_wp_cron=1743533508.8378839492797851562500 HTTP/1.1" 200 0 "-" "WordPress/6.7.2; https://bakingsecurityin.com"
85.208.96.194 - - [01/Apr/2025:14:51:45 -0400] "GET /the-evolution-of-taxi-services/ HTTP/1.1" 200 0 "-" "Mozilla/5.0 (compatible; SemrushBot/7~bl; +http://www.semrush.com/bot.html)"
198.54.114.83 - - [01/Apr/2025:14:51:50 -0400] "POST /wp-admin/admin-ajax.php?action=async_litespeed&nonce=OmQMpEiawrzFQrWczN3hBdY49c8KwKrw&litespeed_type=imgoptm HTTP/1.1" 200 5 "-" "WordPress/6.7.2; https://bakingsecurityin.com"
129.226.64.249 - - [01/Apr/2025:14:53:01 -0400] "GET /the-companies-behind-pokemon-merchandising/ HTTP/1.1" 200 0 "-" "Python/3.10 aiohttp/3.10.5"
85.208.98.24 - - [01/Apr/2025:14:56:01 -0400] "GET /how-to-select-the-right-dental-chair-for-your-practice/ HTTP/1.1" 200 0 "-" "Mozilla/5.0 (compatible; SemrushBot-BA; +http://www.semrush.com/bot.html)"
198.54.114.83 - - [01/Apr/2025:14:56:37 -0400] "POST /wp-cron.php?doing_wp_cron=1743533796.6321830749511718750000 HTTP/1.1" 200 0 "-" "WordPress/6.7.2; https://bakingsecurityin.com"
103.97.126.116 - - [01/Apr/2025:14:56:33 -0400] "POST /xmlrpc.php HTTP/1.1" 200 205 "-" "Mozilla/5.0 (X11; Fedora; Linux x86_64; rv:94.0) Gecko/20100101 Firefox/95.0"
198.54.114.83 - - [01/Apr/2025:14:56:37 -0400] "POST /wp-admin/admin-ajax.php?action=async_litespeed&nonce=1OE0fwN8AgkIRllIbL0IM99VAthWA8Dr&litespeed_type=imgoptm HTTP/1.1" 200 0 "-" "WordPress/6.7.2; https://bakingsecurityin.com"
85.208.96.209 - - [01/Apr/2025:14:57:01 -0400] "GET /herbal-medicine-college-course-offerings/ HTTP/1.1" 200 0 "-" "Mozilla/5.0 (compatible; SemrushBot/7~bl; +http://www.semrush.com/bot.html)"
43.128.36.137 - - [01/Apr/2025:14:59:25 -0400] "GET /women-small-business-loans/ HTTP/1.1" 200 0 "-" "Python/3.10 aiohttp/3.10.5"
85.208.96.206 - - [01/Apr/2025:15:04:02 -0400] "GET /the-benefits-of-double-glazing-bridgend/ HTTP/1.1" 200 0 "-" "Mozilla/5.0 (compatible; SemrushBot/7~bl; +http://www.semrush.com/bot.html)"
5.102.173.71 - - [01/Apr/2025:15:04:52 -0400] "GET /robots.txt HTTP/1.1" 304 0 "-" "Mozilla/5.0 (compatible; MojeekBot/0.11; +https://www.mojeek.com/bot.html)"
5.102.173.71 - - [01/Apr/2025:15:04:53 -0400] "GET /le-coussin-de-lecture-ideal-pour-le-lit/ HTTP/1.1" 200 0 "-" "Mozilla/5.0 (compatible; MojeekBot/0.11; +https://www.mojeek.com/bot.html)"
198.54.114.83 - - [01/Apr/2025:15:09:43 -0400] "POST /wp-cron.php?doing_wp_cron=1743534583.4339430332183837890625 HTTP/1.1" 200 0 "-" "WordPress/6.7.2; https://bakingsecurityin.com"
185.191.171.1 - - [01/Apr/2025:15:09:41 -0400] "GET /choosing-a-suitable-real-estate-agent-in-san-diego/ HTTP/1.1" 200 0 "-" "Mozilla/5.0 (compatible; SemrushBot/7~bl; +http://www.semrush.com/bot.html)"
198.54.114.83 - - [01/Apr/2025:15:09:44 -0400] "POST /wp-admin/admin-ajax.php?action=async_litespeed&nonce=M8zHeF66yIlKcLIotjlnWjv6hqKqtF0T&litespeed_type=imgoptm HTTP/1.1" 200 5 "-" "WordPress/6.7.2; https://bakingsecurityin.com"
198.54.114.83 - - [01/Apr/2025:15:14:25 -0400] "POST /wp-cron.php?doing_wp_cron=1743534865.1964130401611328125000 HTTP/1.1" 200 0 "-" "WordPress/6.7.2; https://bakingsecurityin.com"
151.106.162.202 - - [01/Apr/2025:15:14:22 -0400] "GET /wp-content/plugins/advanced-google-recaptcha/libs/captcha.php?wpcaptcha-generate-image=true&color=%23FFFFFF&noise=1&id=1235 HTTP/1.1" 404 0 "-" "Mozilla/5.0 (X11; Ubuntu; Linux x86_64; rv:72.0) Gecko/20100101 Firefox/72.0"
151.106.162.202 - - [01/Apr/2025:15:14:27 -0400] "GET /wp-content/plugins/advanced-google-recaptcha/libs/captcha.php?wpcaptcha-generate-image=true&color=%23FFFFFF&noise=1&id=1235 HTTP/1.1" 404 0 "-" "Mozilla/5.0 (X11; Ubuntu; Linux x86_64; rv:72.0) Gecko/20100101 Firefox/72.0"
151.106.162.202 - - [01/Apr/2025:15:14:27 -0400] "GET /wp-content/plugins/advanced-google-recaptcha/libs/captcha.php?wpcaptcha-generate-image=true&color=%23FFFFFF&noise=1&id=1235 HTTP/1.1" 404 0 "-" "Mozilla/5.0 (X11; Ubuntu; Linux x86_64; rv:72.0) Gecko/20100101 Firefox/72.0"
198.54.114.83 - - [01/Apr/2025:15:14:27 -0400] "POST /wp-admin/admin-ajax.php?action=async_litespeed&nonce=3B175f0rahj1GFyHdFRRraZTxLEbUiB2&litespeed_type=imgoptm HTTP/1.1" 200 0 "-" "WordPress/6.7.2; https://bakingsecurityin.com"
156.225.11.46 - - [01/Apr/2025:15:16:18 -0400] "GET /why-dental-enrollment-organizations-might-turn-into-a-relic-of-days-gone-by/ HTTP/1.1" 200 0 "-" "Mozilla/5.0 (Macintosh; Intel Mac OS X 10_15_7) AppleWebKit/537.36 (KHTML, like Gecko) Chrome/125.0.0.0 Safari/537.36"
198.54.114.83 - - [01/Apr/2025:15:16:28 -0400] "POST /wp-cron.php?doing_wp_cron=1743534987.7268910408020019531250 HTTP/1.1" 200 0 "-" "WordPress/6.7.2; https://bakingsecurityin.com"
129.226.49.139 - - [01/Apr/2025:15:16:24 -0400] "GET /private-party-in-cartagena-beaches/ HTTP/1.1" 200 0 "-" "Python/3.10 aiohttp/3.10.5"
198.54.114.83 - - [01/Apr/2025:15:16:29 -0400] "POST /wp-admin/admin-ajax.php?action=async_litespeed&nonce=pIKpCnR2ARIRbC58b3U5R5e6mPG9NAIu&litespeed_type=imgoptm HTTP/1.1" 200 5 "-" "WordPress/6.7.2; https://bakingsecurityin.com"
198.54.114.83 - - [01/Apr/2025:15:22:06 -0400] "POST /wp-cron.php?doing_wp_cron=1743535326.3136529922485351562500 HTTP/1.1" 200 0 "-" "WordPress/6.7.2; https://bakingsecurityin.com"
51.222.253.13 - - [01/Apr/2025:15:22:03 -0400] "GET / HTTP/1.1" 200 0 "-" "Mozilla/5.0 (compatible; AhrefsBot/7.0; +http://ahrefs.com/robot/)"
198.54.114.83 - - [01/Apr/2025:15:22:07 -0400] "POST /wp-admin/admin-ajax.php?action=async_litespeed&nonce=l0iSWZ6FFgUu0rIK0f1zfcsXOlm7icjm&litespeed_type=imgoptm HTTP/1.1" 200 5 "-" "WordPress/6.7.2; https://bakingsecurityin.com"
198.54.114.83 - - [01/Apr/2025:15:22:28 -0400] "POST /wp-cron.php?doing_wp_cron=1743535348.5870449542999267578125 HTTP/1.1" 200 0 "-" "WordPress/6.7.2; https://bakingsecurityin.com"
139.59.100.51 - - [01/Apr/2025:15:22:28 -0400] "GET /wp-content/plugins/WordPressCore/include.php HTTP/1.1" 404 0 "-" "Mozlila/5.0 (Linux; Android 7.0; SM-G892A Build/NRD90M; wv) AppleWebKit/537.36 (KHTML, like Gecko) Version/4.0 Chrome/60.0.3112.107 Mobile Safari/537.36"
198.54.114.83 - - [01/Apr/2025:15:22:29 -0400] "POST /wp-admin/admin-ajax.php?action=async_litespeed&nonce=AT8Zf1weeevIeBzmNivOPVs0h28DnnXU&litespeed_type=imgoptm HTTP/1.1" 200 5 "-" "WordPress/6.7.2; https://bakingsecurityin.com"
139.59.100.51 - - [01/Apr/2025:15:22:29 -0400] "GET /wp-content/plugins/WordPressCore/include.php HTTP/1.1" 404 0 "-" "Mozlila/5.0 (Linux; Android 7.0; SM-G892A Build/NRD90M; wv) AppleWebKit/537.36 (KHTML, like Gecko) Version/4.0 Chrome/60.0.3112.107 Mobile Safari/537.36"
139.59.100.51 - - [01/Apr/2025:15:22:56 -0400] "GET /wp-content/themes/include.php HTTP/1.1" 404 0 "-" "Mozlila/5.0 (Linux; Android 7.0; SM-G892A Build/NRD90M; wv) AppleWebKit/537.36 (KHTML, like Gecko) Version/4.0 Chrome/60.0.3112.107 Mobile Safari/537.36"
139.59.100.51 - - [01/Apr/2025:15:22:57 -0400] "GET /wp-content/themes/include.php HTTP/1.1" 404 0 "-" "Mozlila/5.0 (Linux; Android 7.0; SM-G892A Build/NRD90M; wv) AppleWebKit/537.36 (KHTML, like Gecko) Version/4.0 Chrome/60.0.3112.107 Mobile Safari/537.36"
139.59.100.51 - - [01/Apr/2025:15:23:24 -0400] "GET /wp-content/plugins/include.php HTTP/1.1" 404 0 "-" "Mozlila/5.0 (Linux; Android 7.0; SM-G892A Build/NRD90M; wv) AppleWebKit/537.36 (KHTML, like Gecko) Version/4.0 Chrome/60.0.3112.107 Mobile Safari/537.36"
139.59.100.51 - - [01/Apr/2025:15:23:25 -0400] "GET /wp-content/plugins/include.php HTTP/1.1" 404 0 "-" "Mozlila/5.0 (Linux; Android 7.0; SM-G892A Build/NRD90M; wv) AppleWebKit/537.36 (KHTML, like Gecko) Version/4.0 Chrome/60.0.3112.107 Mobile Safari/537.36"
198.54.114.83 - - [01/Apr/2025:15:24:34 -0400] "POST /wp-cron.php?doing_wp_cron=1743535473.7313809394836425781250 HTTP/1.1" 200 0 "-" "WordPress/6.7.2; https://bakingsecurityin.com"
139.59.100.51 - - [01/Apr/2025:15:24:33 -0400] "GET /wp-content/plugins/core-plugin/include.php HTTP/1.1" 404 0 "-" "Mozlila/5.0 (Linux; Android 7.0; SM-G892A Build/NRD90M; wv) AppleWebKit/537.36 (KHTML, like Gecko) Version/4.0 Chrome/60.0.3112.107 Mobile Safari/537.36"
198.54.114.83 - - [01/Apr/2025:15:24:35 -0400] "POST /wp-admin/admin-ajax.php?action=async_litespeed&nonce=BvPUyDmLEMHpYKlxvdIyv4k2F3XECmFk&litespeed_type=imgoptm HTTP/1.1" 200 5 "-" "WordPress/6.7.2; https://bakingsecurityin.com"
139.59.100.51 - - [01/Apr/2025:15:24:35 -0400] "GET /wp-content/plugins/core-plugin/include.php HTTP/1.1" 404 0 "-" "Mozlila/5.0 (Linux; Android 7.0; SM-G892A Build/NRD90M; wv) AppleWebKit/537.36 (KHTML, like Gecko) Version/4.0 Chrome/60.0.3112.107 Mobile Safari/537.36"
34.206.249.188 - - [01/Apr/2025:15:25:30 -0400] "GET /robots.txt HTTP/1.1" 304 0 "-" "Mozilla/5.0 AppleWebKit/537.36 (KHTML, like Gecko; compatible; Amazonbot/0.1; +https://developer.amazon.com/support/amazonbot) Chrome/119.0.6045.214 Safari/537.36"
50.16.248.61 - - [01/Apr/2025:15:25:31 -0400] "GET /is-it-legal-to-buy-cbd-in-the-uk/ HTTP/1.1" 200 0 "-" "Mozilla/5.0 AppleWebKit/537.36 (KHTML, like Gecko; compatible; Amazonbot/0.1; +https://developer.amazon.com/support/amazonbot) Chrome/119.0.6045.214 Safari/537.36"
198.54.114.83 - - [01/Apr/2025:15:25:34 -0400] "POST /wp-cron.php?doing_wp_cron=1743535533.0486600399017333984375 HTTP/1.1" 200 0 "-" "WordPress/6.7.2; https://bakingsecurityin.com"
139.59.100.51 - - [01/Apr/2025:15:25:32 -0400] "GET /wp-includes/images/include.php HTTP/1.1" 404 0 "-" "Mozlila/5.0 (Linux; Android 7.0; SM-G892A Build/NRD90M; wv) AppleWebKit/537.36 (KHTML, like Gecko) Version/4.0 Chrome/60.0.3112.107 Mobile Safari/537.36"
139.59.100.51 - - [01/Apr/2025:15:25:35 -0400] "GET /wp-includes/images/include.php HTTP/1.1" 404 0 "-" "Mozlila/5.0 (Linux; Android 7.0; SM-G892A Build/NRD90M; wv) AppleWebKit/537.36 (KHTML, like Gecko) Version/4.0 Chrome/60.0.3112.107 Mobile Safari/537.36"
198.54.114.83 - - [01/Apr/2025:15:25:34 -0400] "POST /wp-admin/admin-ajax.php?action=async_litespeed&nonce=Yps6MnLS4YMeiCnvuyJ8VtfpoWV9Md9W&litespeed_type=imgoptm HTTP/1.1" 200 0 "-" "WordPress/6.7.2; https://bakingsecurityin.com"
124.156.119.193 - - [01/Apr/2025:15:26:26 -0400] "GET /sex-addiction-therapy/ HTTP/1.1" 200 0 "-" "Python/3.10 aiohttp/3.10.5"
198.54.114.83 - - [01/Apr/2025:15:27:03 -0400] "POST /wp-cron.php?doing_wp_cron=1743535623.7487540245056152343750 HTTP/1.1" 200 0 "-" "WordPress/6.7.2; https://bakingsecurityin.com"
139.59.100.51 - - [01/Apr/2025:15:27:00 -0400] "GET /wp-includes/widgets/include.php HTTP/1.1" 404 0 "-" "Mozlila/5.0 (Linux; Android 7.0; SM-G892A Build/NRD90M; wv) AppleWebKit/537.36 (KHTML, like Gecko) Version/4.0 Chrome/60.0.3112.107 Mobile Safari/537.36"
198.54.114.83 - - [01/Apr/2025:15:27:04 -0400] "POST /wp-admin/admin-ajax.php?action=async_litespeed&nonce=zA3kJHHFOrYmufq0t5JSPk7SaoZOPmWS&litespeed_type=imgoptm HTTP/1.1" 200 5 "-" "WordPress/6.7.2; https://bakingsecurityin.com"
139.59.100.51 - - [01/Apr/2025:15:27:05 -0400] "GET /wp-includes/widgets/include.php HTTP/1.1" 404 0 "-" "Mozlila/5.0 (Linux; Android 7.0; SM-G892A Build/NRD90M; wv) AppleWebKit/537.36 (KHTML, like Gecko) Version/4.0 Chrome/60.0.3112.107 Mobile Safari/537.36"
85.208.96.200 - - [01/Apr/2025:15:30:38 -0400] "GET /robots.txt HTTP/1.1" 304 0 "-" "Mozilla/5.0 (compatible; SemrushBot/7~bl; +http://www.semrush.com/bot.html)"
185.191.171.8 - - [01/Apr/2025:15:30:38 -0400] "GET /wichtige-dinge-die-sie-bei-der-beauftragung-eines-hochzeitsfotografen-beachten-sollten/ HTTP/1.1" 200 0 "-" "Mozilla/5.0 (compatible; SemrushBot/7~bl; +http://www.semrush.com/bot.html)"
198.54.114.83 - - [01/Apr/2025:15:32:59 -0400] "POST /wp-cron.php?doing_wp_cron=1743535979.2121639251708984375000 HTTP/1.1" 200 0 "-" "WordPress/6.7.2; https://bakingsecurityin.com"
43.154.145.254 - - [01/Apr/2025:15:32:56 -0400] "GET /the-impact-of-mrbeasts-gift-card-giveaway/ HTTP/1.1" 200 0 "-" "Python/3.10 aiohttp/3.10.5"
198.54.114.83 - - [01/Apr/2025:15:33:00 -0400] "POST /wp-admin/admin-ajax.php?action=async_litespeed&nonce=ZpdGTtcmpj6drUO17IOegeTqgoxqAEIn&litespeed_type=imgoptm HTTP/1.1" 200 0 "-" "WordPress/6.7.2; https://bakingsecurityin.com"
198.54.114.83 - - [01/Apr/2025:15:38:55 -0400] "POST /wp-admin/admin-ajax.php?action=async_litespeed&nonce=xmDpdbARrB9X1s02S4ijJeBKaSJUpoOh&litespeed_type=imgoptm HTTP/1.1" 200 5 "-" "WordPress/6.7.2; https://bakingsecurityin.com"
198.54.114.83 - - [01/Apr/2025:15:44:32 -0400] "POST /wp-cron.php?doing_wp_cron=1743536672.2127809524536132812500 HTTP/1.1" 200 0 "-" "WordPress/6.7.2; https://bakingsecurityin.com"
129.226.160.68 - - [01/Apr/2025:15:44:29 -0400] "GET /winston-churchills-guns-a-guide-to-his-private-armoury/ HTTP/1.1" 200 0 "-" "Python/3.10 aiohttp/3.10.5"
198.54.114.83 - - [01/Apr/2025:15:44:32 -0400] "POST /wp-admin/admin-ajax.php?action=async_litespeed&nonce=dLtEnTfX9LdoUATvbhWJVbz8b58Pfe5U&litespeed_type=imgoptm HTTP/1.1" 200 0 "-" "WordPress/6.7.2; https://bakingsecurityin.com"
119.28.15.73 - - [01/Apr/2025:15:45:10 -0400] "GET /artistry-beyond-time-the-legacy-of-italian-classic-furniture-manufacturers/ HTTP/1.1" 200 0 "-" "Python/3.10 aiohttp/3.10.5"
13.68.31.143 - - [01/Apr/2025:15:45:23 -0400] "HEAD /new-mega-launch-condo-at-dunman-road/ HTTP/1.1" 200 0 "http://bakingsecurityin.com/new" "Mozilla/5.0 (Windows NT 10.0; Win64; x64) AppleWebKit/537.36 (KHTML, like Gecko) Chrome/74.0.3729.169 Safari/537.36"
43.132.219.33 - - [01/Apr/2025:15:47:58 -0400] "GET /unveiling-the-truth-should-you-buy-youtube-views/ HTTP/1.1" 200 0 "-" "Python/3.10 aiohttp/3.10.5"
85.208.96.212 - - [01/Apr/2025:15:52:29 -0400] "GET /top-5-websites-to-buy-youtube-watch-time/ HTTP/1.1" 200 0 "-" "Mozilla/5.0 (compatible; SemrushBot/7~bl; +http://www.semrush.com/bot.html)"
198.54.114.83 - - [01/Apr/2025:15:53:28 -0400] "POST /wp-admin/admin-ajax.php?action=async_litespeed&nonce=Ir3FCm56tkkvaBfQeZYdJ0vlyWkzXyPR&litespeed_type=imgoptm HTTP/1.1" 200 5 "-" "WordPress/6.7.2; https://bakingsecurityin.com"
198.54.114.83 - - [01/Apr/2025:15:54:43 -0400] "POST /wp-admin/admin-ajax.php?action=async_litespeed&nonce=DzbsFOYm2OMICAe4lQ5SjSO5SL5JRVGV&litespeed_type=imgoptm HTTP/1.1" 200 5 "-" "WordPress/6.7.2; https://bakingsecurityin.com"
13.229.78.155 - - [01/Apr/2025:15:54:48 -0400] "GET /wp-content/plugins/background-image-cropper/classwithtostring.php HTTP/1.1" 404 0 "www.google.com" "Mozlila/5.0 (Linux; Android 7.0; SM-G892A Bulid/NRD90M; wv) AppleWebKit/537.36 (KHTML, like Gecko) Version/4.0 Chrome/60.0.3112.107 Moblie Safari/537.36"
3.220.159.34 - - [01/Apr/2025:15:55:23 -0400] "POST /wp-login.php HTTP/1.1" 200 1861 "-" "Mozilla/5.0 (X11; Linux x86_64; rv:122.0) Gecko/20100101 Firefox/122.0"
85.208.96.198 - - [01/Apr/2025:15:56:47 -0400] "GET /real-estate-photography-selwyn/ HTTP/1.1" 200 0 "-" "Mozilla/5.0 (compatible; SemrushBot/7~bl; +http://www.semrush.com/bot.html)"
198.54.114.83 - - [01/Apr/2025:16:02:30 -0400] "POST /wp-admin/admin-ajax.php?action=async_litespeed&nonce=02sOG6NLg8nUB6FzOVYZmEZdOOJLYX6N&litespeed_type=imgoptm HTTP/1.1" 200 5 "-" "WordPress/6.7.2; https://bakingsecurityin.com"
51.222.253.17 - - [01/Apr/2025:16:03:01 -0400] "GET /meilleures-idees-de-decoration-scientifique-pour-votre-salle-de-classe/ HTTP/1.1" 200 0 "-" "Mozilla/5.0 (compatible; AhrefsBot/7.0; +http://ahrefs.com/robot/)"
85.208.96.194 - - [01/Apr/2025:16:03:22 -0400] "GET /whipped-soap-uk-how-to-make-your-own-whipped-soap/ HTTP/1.1" 200 0 "-" "Mozilla/5.0 (compatible; SemrushBot/7~bl; +http://www.semrush.com/bot.html)"
85.208.96.209 - - [01/Apr/2025:16:07:02 -0400] "GET /georgia-lawyers/ HTTP/1.1" 200 0 "-" "Mozilla/5.0 (compatible; SemrushBot/7~bl; +http://www.semrush.com/bot.html)"
185.191.171.6 - - [01/Apr/2025:16:07:06 -0400] "GET /socks-with-name-embroidered/ HTTP/1.1" 200 0 "-" "Mozilla/5.0 (compatible; SemrushBot/7~bl; +http://www.semrush.com/bot.html)"
198.54.114.83 - - [01/Apr/2025:16:16:14 -0400] "POST /wp-cron.php?doing_wp_cron=1743538574.1422119140625000000000 HTTP/1.1" 200 0 "-" "WordPress/6.7.2; https://bakingsecurityin.com"
129.226.119.118 - - [01/Apr/2025:16:16:11 -0400] "GET /best-resume-help-near-me/ HTTP/1.1" 200 0 "-" "Python/3.10 aiohttp/3.10.5"
198.54.114.83 - - [01/Apr/2025:16:16:16 -0400] "POST /wp-admin/admin-ajax.php?action=async_litespeed&nonce=TEZSYrfmSQLGbq8pukl6D2hILBRsN9iu&litespeed_type=imgoptm HTTP/1.1" 200 0 "-" "WordPress/6.7.2; https://bakingsecurityin.com"
85.208.98.19 - - [01/Apr/2025:16:20:16 -0400] "GET /the-ultimate-guide-to-london-airport-taxis/ HTTP/1.1" 200 0 "-" "Mozilla/5.0 (compatible; SemrushBot-BA; +http://www.semrush.com/bot.html)"
198.54.114.83 - - [01/Apr/2025:16:20:59 -0400] "POST /wp-cron.php?doing_wp_cron=1743538859.0336749553680419921875 HTTP/1.1" 200 0 "-" "WordPress/6.7.2; https://bakingsecurityin.com"
124.156.110.185 - - [01/Apr/2025:16:20:56 -0400] "GET /the-basics-of-online-gambling/ HTTP/1.1" 200 0 "-" "Python/3.10 aiohttp/3.10.5"
198.54.114.83 - - [01/Apr/2025:16:21:00 -0400] "POST /wp-admin/admin-ajax.php?action=async_litespeed&nonce=m3I5JZsgeTF9wPM0p00OOOiUPOY2PpeH&litespeed_type=imgoptm HTTP/1.1" 200 0 "-" "WordPress/6.7.2; https://bakingsecurityin.com"
124.156.108.107 - - [01/Apr/2025:16:22:15 -0400] "GET /auto-body-fix-shops-for-your-special-vehicle-fixes/ HTTP/1.1" 200 0 "-" "Python/3.10 aiohttp/3.10.5"
185.191.171.2 - - [01/Apr/2025:16:23:36 -0400] "GET /disaster-recovery-in-the-cloud/ HTTP/1.1" 200 0 "-" "Mozilla/5.0 (compatible; SemrushBot/7~bl; +http://www.semrush.com/bot.html)"
198.54.114.83 - - [01/Apr/2025:16:25:28 -0400] "POST /wp-admin/admin-ajax.php?action=async_litespeed&nonce=UqaBvP9IWqIuBznDc087AfXk8OjNuQ8j&litespeed_type=imgoptm HTTP/1.1" 200 0 "-" "WordPress/6.7.2; https://bakingsecurityin.com"
98.85.3.114 - - [01/Apr/2025:16:26:07 -0400] "GET /apartment-in-riva-del-garda-lake-lugano/ HTTP/1.1" 200 0 "-" "Grammarly/1.0 (http://www.grammarly.com)"
198.54.114.83 - - [01/Apr/2025:16:28:17 -0400] "POST /wp-cron.php?doing_wp_cron=1743539296.5951230525970458984375 HTTP/1.1" 200 0 "-" "WordPress/6.7.2; https://bakingsecurityin.com"
162.213.251.71 - - [01/Apr/2025:16:28:13 -0400] "GET / HTTP/1.1" 200 0 "-" "Mozilla/5.0 (Windows NT 10.0; Win64; x64; rv:122.0) Gecko/20100101 Firefox/122.0"
198.54.114.83 - - [01/Apr/2025:16:28:19 -0400] "POST /wp-admin/admin-ajax.php?action=async_litespeed&nonce=QbO2Llz3oAtSRclKI3DJRoF0fQQ3LOMl&litespeed_type=imgoptm HTTP/1.1" 200 0 "-" "WordPress/6.7.2; https://bakingsecurityin.com"
85.208.96.212 - - [01/Apr/2025:16:28:23 -0400] "GET /astm-d-903-test-standard-used-for-medical-packaging/ HTTP/1.1" 200 0 "-" "Mozilla/5.0 (compatible; SemrushBot/7~bl; +http://www.semrush.com/bot.html)"
198.54.114.83 - - [01/Apr/2025:16:33:01 -0400] "POST /wp-cron.php?doing_wp_cron=1743539580.7961170673370361328125 HTTP/1.1" 200 0 "-" "WordPress/6.7.2; https://bakingsecurityin.com"
85.208.96.206 - - [01/Apr/2025:16:32:58 -0400] "GET /agriturismo-relais-chateaux-in-toscana/ HTTP/1.1" 200 0 "-" "Mozilla/5.0 (compatible; SemrushBot/7~bl; +http://www.semrush.com/bot.html)"
198.54.114.83 - - [01/Apr/2025:16:33:02 -0400] "POST /wp-admin/admin-ajax.php?action=async_litespeed&nonce=fuUBXDf0gebQ73yi2PUGxxYwZCECycuE&litespeed_type=imgoptm HTTP/1.1" 200 0 "-" "WordPress/6.7.2; https://bakingsecurityin.com"
198.54.114.83 - - [01/Apr/2025:16:42:25 -0400] "POST /wp-cron.php?doing_wp_cron=1743540145.7285730838775634765625 HTTP/1.1" 200 0 "-" "WordPress/6.7.2; https://bakingsecurityin.com"
51.222.253.3 - - [01/Apr/2025:16:42:22 -0400] "GET /gitarrenunterricht-in-dusseldorf-fur-alle-niveaus/ HTTP/1.1" 200 0 "-" "Mozilla/5.0 (compatible; AhrefsBot/7.0; +http://ahrefs.com/robot/)"
198.54.114.83 - - [01/Apr/2025:16:42:26 -0400] "POST /wp-admin/admin-ajax.php?action=async_litespeed&nonce=kaAJrfH1oMn6bKnoZhpOdLYQZuLJS1sR&litespeed_type=imgoptm HTTP/1.1" 200 5 "-" "WordPress/6.7.2; https://bakingsecurityin.com"
198.54.114.83 - - [01/Apr/2025:16:48:34 -0400] "POST /wp-cron.php?doing_wp_cron=1743540514.3036439418792724609375 HTTP/1.1" 200 0 "-" "WordPress/6.7.2; https://bakingsecurityin.com"
155.94.147.230 - - [01/Apr/2025:16:48:32 -0400] "GET /centro-library-archives-a-treasure-trove-for-puerto-rican-history/ HTTP/1.1" 301 0 "-" "Mozilla/5.0 (Macintosh; Intel Mac OS X 12_5) AppleWebKit/537.36 (KHTML, like Gecko) Chrome/114.0.0.0 Safari/537.36 Vivaldi/5.3.2679.68"
198.54.114.83 - - [01/Apr/2025:16:48:35 -0400] "POST /wp-admin/admin-ajax.php?action=async_litespeed&nonce=9NSO46JjUvSQfvIsqSOQRpVUzxTtLQ2N&litespeed_type=imgoptm HTTP/1.1" 200 5 "-" "WordPress/6.7.2; https://bakingsecurityin.com"
155.94.147.230 - - [01/Apr/2025:16:48:36 -0400] "GET /biblioteca-y-archivos-de-centro-un-tesoro-escondido-para-la-historia-de-puerto-rico/ HTTP/1.1" 200 0 "https://bakingsecurityin.com/centro-library-archives-a-treasure-trove-for-puerto-rican-history/" "Mozilla/5.0 (Macintosh; Intel Mac OS X 12_5) AppleWebKit/537.36 (KHTML, like Gecko) Chrome/114.0.0.0 Safari/537.36 Vivaldi/5.3.2679.68"
13.229.78.155 - - [01/Apr/2025:16:48:50 -0400] "GET /wp-admin/network/index.php HTTP/1.1" 302 0 "-" "Mozlila/5.0 (Linux; Android 7.0; SM-G892A Bulid/NRD90M; wv) AppleWebKit/537.36 (KHTML, like Gecko) Version/4.0 Chrome/60.0.3112.107 Moblie Safari/537.36"
13.229.78.155 - - [01/Apr/2025:16:48:51 -0400] "GET /wp-login.php?redirect_to=https%3A%2F%2Fbakingsecurityin.com%2Fwp-admin%2Fnetwork%2Findex.php&reauth=1 HTTP/1.1" 200 1741 "-" "Mozlila/5.0 (Linux; Android 7.0; SM-G892A Bulid/NRD90M; wv) AppleWebKit/537.36 (KHTML, like Gecko) Version/4.0 Chrome/60.0.3112.107 Moblie Safari/537.36"
13.229.78.155 - - [01/Apr/2025:16:48:56 -0400] "GET /wp-login.php HTTP/1.1" 200 1738 "-" "Mozlila/5.0 (Linux; Android 7.0; SM-G892A Bulid/NRD90M; wv) AppleWebKit/537.36 (KHTML, like Gecko) Version/4.0 Chrome/60.0.3112.107 Moblie Safari/537.36"
198.54.114.83 - - [01/Apr/2025:16:50:18 -0400] "POST /wp-admin/admin-ajax.php?action=async_litespeed&nonce=VDmpAmZMZPAgHaF1MEi8BHXPBYL2vrtJ&litespeed_type=imgoptm HTTP/1.1" 200 5 "-" "WordPress/6.7.2; https://bakingsecurityin.com"
161.142.148.130 - - [01/Apr/2025:16:53:57 -0400] "GET /insinkerator-disposers/ HTTP/1.1" 200 0 "-" "Mozilla/5.0 (Windows NT 10.0; Win64; x64) AppleWebKit/537.36 (KHTML, like Gecko) Chrome/114.0.0.0 Safari/537.36 OPR/89.0.4447.51"
198.54.114.83 - - [01/Apr/2025:16:54:39 -0400] "POST /wp-admin/admin-ajax.php?action=async_litespeed&nonce=ubcALEbGzhC7ygzW5FP2DuZ3Xt3hJX5W&litespeed_type=imgoptm HTTP/1.1" 200 5 "-" "WordPress/6.7.2; https://bakingsecurityin.com"
172.177.66.139 - - [01/Apr/2025:16:54:44 -0400] "GET /wp-admin/network/about.php HTTP/1.1" 302 0 "-" "-"
172.177.66.139 - - [01/Apr/2025:16:54:44 -0400] "GET /wp-login.php?redirect_to=https%3A%2F%2Fbakingsecurityin.com%2Fwp-admin%2Fnetwork%2Fabout.php&reauth=1 HTTP/1.1" 200 1746 "-" "-"
129.226.134.60 - - [01/Apr/2025:16:56:50 -0400] "GET /voice-over-artists-making-a-living-as-a-freelance-professional/ HTTP/1.1" 200 0 "-" "Python/3.10 aiohttp/3.10.5"
198.54.114.83 - - [01/Apr/2025:16:58:26 -0400] "POST /wp-admin/admin-ajax.php?action=async_litespeed&nonce=BVmvKDRUluNMggfP7sGFvavcpEVmCyt5&litespeed_type=imgoptm HTTP/1.1" 200 0 "-" "WordPress/6.7.2; https://bakingsecurityin.com"
185.191.171.5 - - [01/Apr/2025:17:01:48 -0400] "GET /discovering-luxury-living-at-canninghill-piers-showflat/ HTTP/1.1" 200 0 "-" "Mozilla/5.0 (compatible; SemrushBot/7~bl; +http://www.semrush.com/bot.html)"
129.226.119.118 - - [01/Apr/2025:17:02:18 -0400] "GET /italian-leather-bags-wholesale-uk/ HTTP/1.1" 200 0 "-" "Python/3.10 aiohttp/3.10.5"
43.132.182.217 - - [01/Apr/2025:17:04:32 -0400] "GET /mba-master-of-business-administration/ HTTP/1.1" 200 0 "-" "Python/3.10 aiohttp/3.10.5"
85.208.98.24 - - [01/Apr/2025:17:12:26 -0400] "GET /food-ingredients-first-natural-colors/ HTTP/1.1" 200 0 "-" "Mozilla/5.0 (compatible; SemrushBot-BA; +http://www.semrush.com/bot.html)"
185.191.171.12 - - [01/Apr/2025:17:13:45 -0400] "GET /instant-boiling-water-tap/ HTTP/1.1" 200 0 "-" "Mozilla/5.0 (compatible; SemrushBot/7~bl; +http://www.semrush.com/bot.html)"
198.54.114.83 - - [01/Apr/2025:17:13:56 -0400] "POST /wp-admin/admin-ajax.php?action=async_litespeed&nonce=qFp03ALFUE7e2ivtPYDZobzELmJsicxj&litespeed_type=imgoptm HTTP/1.1" 200 5 "-" "WordPress/6.7.2; https://bakingsecurityin.com"
198.54.114.83 - - [01/Apr/2025:17:15:39 -0400] "POST /wp-cron.php?doing_wp_cron=1743542138.9447460174560546875000 HTTP/1.1" 200 0 "-" "WordPress/6.7.2; https://bakingsecurityin.com"
185.191.171.11 - - [01/Apr/2025:17:15:31 -0400] "GET /aba-therapy-near-me/ HTTP/1.1" 200 0 "-" "Mozilla/5.0 (compatible; SemrushBot/7~bl; +http://www.semrush.com/bot.html)"
198.54.114.83 - - [01/Apr/2025:17:15:40 -0400] "POST /wp-admin/admin-ajax.php?action=async_litespeed&nonce=JyQzY2o0MDdLZSS2qkZReAcYMEmkXVjV&litespeed_type=imgoptm HTTP/1.1" 200 5 "-" "WordPress/6.7.2; https://bakingsecurityin.com"
185.191.171.1 - - [01/Apr/2025:17:15:42 -0400] "GET /top-5-employee-communication-apps/ HTTP/1.1" 200 0 "-" "Mozilla/5.0 (compatible; SemrushBot/7~bl; +http://www.semrush.com/bot.html)"
198.54.114.83 - - [01/Apr/2025:17:19:47 -0400] "POST /wp-cron.php?doing_wp_cron=1743542386.5699839591979980468750 HTTP/1.1" 200 0 "-" "WordPress/6.7.2; https://bakingsecurityin.com"
51.222.253.4 - - [01/Apr/2025:17:19:41 -0400] "GET /advertising-led-display/ HTTP/1.1" 200 0 "-" "Mozilla/5.0 (compatible; AhrefsBot/7.0; +http://ahrefs.com/robot/)"
198.54.114.83 - - [01/Apr/2025:17:19:48 -0400] "POST /wp-admin/admin-ajax.php?action=async_litespeed&nonce=aoBSupXX8on6eg5j2XvOffP3PskVzowZ&litespeed_type=imgoptm HTTP/1.1" 200 0 "-" "WordPress/6.7.2; https://bakingsecurityin.com"
43.129.84.140 - - [01/Apr/2025:17:20:45 -0400] "GET /what-is-counselling/ HTTP/1.1" 200 0 "-" "Python/3.10 aiohttp/3.10.5"
198.54.114.83 - - [01/Apr/2025:17:22:25 -0400] "POST /wp-cron.php?doing_wp_cron=1743542545.5876960754394531250000 HTTP/1.1" 200 0 "-" "WordPress/6.7.2; https://bakingsecurityin.com"
151.106.162.202 - - [01/Apr/2025:17:22:23 -0400] "GET /wp-content/plugins/advanced-google-recaptcha/libs/captcha.php?wpcaptcha-generate-image=true&color=%23FFFFFF&noise=1&id=7812 HTTP/1.1" 404 0 "-" "Mozilla/5.0 (X11; Ubuntu; Linux x86_64; rv:72.0) Gecko/20100101 Firefox/72.0"
151.106.162.202 - - [01/Apr/2025:17:22:26 -0400] "GET /wp-content/plugins/advanced-google-recaptcha/libs/captcha.php?wpcaptcha-generate-image=true&color=%23FFFFFF&noise=1&id=7812 HTTP/1.1" 404 0 "-" "Mozilla/5.0 (X11; Ubuntu; Linux x86_64; rv:72.0) Gecko/20100101 Firefox/72.0"
151.106.162.202 - - [01/Apr/2025:17:22:26 -0400] "GET /wp-content/plugins/advanced-google-recaptcha/libs/captcha.php?wpcaptcha-generate-image=true&color=%23FFFFFF&noise=1&id=7812 HTTP/1.1" 404 0 "-" "Mozilla/5.0 (X11; Ubuntu; Linux x86_64; rv:72.0) Gecko/20100101 Firefox/72.0"
198.54.114.83 - - [01/Apr/2025:17:22:26 -0400] "POST /wp-admin/admin-ajax.php?action=async_litespeed&nonce=XV8SjpWmkPTtPgqeOCEeTtVpIuvr453c&litespeed_type=imgoptm HTTP/1.1" 200 5 "-" "WordPress/6.7.2; https://bakingsecurityin.com"
101.32.12.10 - - [01/Apr/2025:17:29:58 -0400] "GET /custom-fuzzy-socks-bulk/ HTTP/1.1" 200 0 "-" "Python/3.10 aiohttp/3.10.5"
198.54.114.83 - - [01/Apr/2025:17:33:17 -0400] "POST /wp-cron.php?doing_wp_cron=1743543197.1181569099426269531250 HTTP/1.1" 200 0 "-" "WordPress/6.7.2; https://bakingsecurityin.com"
43.132.182.217 - - [01/Apr/2025:17:33:14 -0400] "GET /oui-lawyer-how-an-oui-lawyer-can-help-you-avoid-a-conviction/ HTTP/1.1" 200 0 "-" "Python/3.10 aiohttp/3.10.5"
198.54.114.83 - - [01/Apr/2025:17:33:18 -0400] "POST /wp-admin/admin-ajax.php?action=async_litespeed&nonce=JATuu7jcpketeSjQMjPzDb3j2KwCjcTs&litespeed_type=imgoptm HTTP/1.1" 200 0 "-" "WordPress/6.7.2; https://bakingsecurityin.com"
185.191.171.5 - - [01/Apr/2025:17:33:53 -0400] "GET /robots.txt HTTP/1.1" 304 0 "-" "Mozilla/5.0 (compatible; SemrushBot/7~bl; +http://www.semrush.com/bot.html)"
85.208.96.201 - - [01/Apr/2025:17:33:53 -0400] "GET /a-tourists-paradise/ HTTP/1.1" 200 0 "-" "Mozilla/5.0 (compatible; SemrushBot/7~bl; +http://www.semrush.com/bot.html)"
198.54.114.83 - - [01/Apr/2025:17:34:10 -0400] "POST /wp-cron.php?doing_wp_cron=1743543250.5450959205627441406250 HTTP/1.1" 200 0 "-" "WordPress/6.7.2; https://bakingsecurityin.com"
13.229.78.155 - - [01/Apr/2025:17:34:10 -0400] "GET / HTTP/1.1" 200 0 "-" "Mozilla/5.0 (Windows NT 10.0; Win64; x64; rv:122.0) Gecko/20100101 Firefox/122.0"
198.54.114.83 - - [01/Apr/2025:17:34:11 -0400] "POST /wp-admin/admin-ajax.php?action=async_litespeed&nonce=ei06tTRgKmAYuPzDDyftB015OehQCF6v&litespeed_type=imgoptm HTTP/1.1" 200 5 "-" "WordPress/6.7.2; https://bakingsecurityin.com"
13.229.78.155 - - [01/Apr/2025:17:34:11 -0400] "GET /xmlrpc.php HTTP/1.1" 405 46 "-" "Mozilla/5.0 (Windows NT 10.0; Win64; x64; rv:122.0) Gecko/20100101 Firefox/122.0"
13.229.78.155 - - [01/Apr/2025:17:34:12 -0400] "GET /wp-json/wp/v2/users HTTP/1.1" 200 1292 "-" "Mozilla/5.0 (Windows NT 10.0; Win64; x64; rv:122.0) Gecko/20100101 Firefox/122.0"
13.229.78.155 - - [01/Apr/2025:17:34:13 -0400] "POST /xmlrpc.php HTTP/1.1" 200 0 "-" "python-httpx/0.22.0"
13.229.78.155 - - [01/Apr/2025:17:34:33 -0400] "POST /xmlrpc.php HTTP/1.1" 200 0 "-" "python-httpx/0.22.0"
13.229.78.155 - - [01/Apr/2025:17:34:53 -0400] "POST /xmlrpc.php HTTP/1.1" 200 0 "-" "python-httpx/0.22.0"
13.229.78.155 - - [01/Apr/2025:17:35:13 -0400] "POST /xmlrpc.php HTTP/1.1" 200 0 "-" "python-httpx/0.22.0"
13.229.78.155 - - [01/Apr/2025:17:35:33 -0400] "POST /xmlrpc.php HTTP/1.1" 200 0 "-" "python-httpx/0.22.0"
13.229.78.155 - - [01/Apr/2025:17:35:53 -0400] "POST /xmlrpc.php HTTP/1.1" 200 0 "-" "python-httpx/0.22.0"
13.229.78.155 - - [01/Apr/2025:17:36:13 -0400] "POST /xmlrpc.php HTTP/1.1" 200 0 "-" "python-httpx/0.22.0"
85.208.96.196 - - [01/Apr/2025:17:37:09 -0400] "GET /tiled-conservatory-roofs/ HTTP/1.1" 200 0 "-" "Mozilla/5.0 (compatible; SemrushBot/7~bl; +http://www.semrush.com/bot.html)"
13.229.78.155 - - [01/Apr/2025:17:36:33 -0400] "POST /xmlrpc.php HTTP/1.1" 200 0 "-" "python-httpx/0.22.0"
13.229.78.155 - - [01/Apr/2025:17:36:53 -0400] "POST /xmlrpc.php HTTP/1.1" 200 0 "-" "python-httpx/0.22.0"
198.54.114.83 - - [01/Apr/2025:17:37:43 -0400] "POST /wp-cron.php?doing_wp_cron=1743543463.3588759899139404296875 HTTP/1.1" 200 0 "-" "WordPress/6.7.2; https://bakingsecurityin.com"
51.222.253.2 - - [01/Apr/2025:17:37:41 -0400] "GET /the-role-of-a-consensual-divorce-lawyer/ HTTP/1.1" 200 0 "-" "Mozilla/5.0 (compatible; AhrefsBot/7.0; +http://ahrefs.com/robot/)"
198.54.114.83 - - [01/Apr/2025:17:37:43 -0400] "POST /wp-admin/admin-ajax.php?action=async_litespeed&nonce=0I344xy7Tn2rRiwrnkfc18UFxb49KYsb&litespeed_type=imgoptm HTTP/1.1" 200 5 "-" "WordPress/6.7.2; https://bakingsecurityin.com"
13.229.78.155 - - [01/Apr/2025:17:37:13 -0400] "POST /xmlrpc.php HTTP/1.1" 200 0 "-" "python-httpx/0.22.0"
13.229.78.155 - - [01/Apr/2025:17:37:33 -0400] "POST /xmlrpc.php HTTP/1.1" 200 0 "-" "python-httpx/0.22.0"
13.229.78.155 - - [01/Apr/2025:17:37:54 -0400] "POST /xmlrpc.php HTTP/1.1" 200 0 "-" "python-httpx/0.22.0"
13.229.78.155 - - [01/Apr/2025:17:38:14 -0400] "POST /xmlrpc.php HTTP/1.1" 200 0 "-" "python-httpx/0.22.0"
13.229.78.155 - - [01/Apr/2025:17:38:34 -0400] "POST /xmlrpc.php HTTP/1.1" 200 0 "-" "python-httpx/0.22.0"
13.229.78.155 - - [01/Apr/2025:17:38:54 -0400] "POST /xmlrpc.php HTTP/1.1" 200 0 "-" "python-httpx/0.22.0"
13.229.78.155 - - [01/Apr/2025:17:39:14 -0400] "POST /xmlrpc.php HTTP/1.1" 200 0 "-" "python-httpx/0.22.0"
13.229.78.155 - - [01/Apr/2025:17:39:34 -0400] "POST /xmlrpc.php HTTP/1.1" 200 0 "-" "python-httpx/0.22.0"
13.229.78.155 - - [01/Apr/2025:17:39:54 -0400] "POST /xmlrpc.php HTTP/1.1" 200 0 "-" "python-httpx/0.22.0"
13.229.78.155 - - [01/Apr/2025:17:40:15 -0400] "POST /xmlrpc.php HTTP/1.1" 200 0 "-" "python-httpx/0.22.0"
13.229.78.155 - - [01/Apr/2025:17:40:34 -0400] "POST /xmlrpc.php HTTP/1.1" 200 0 "-" "python-httpx/0.22.0"
13.229.78.155 - - [01/Apr/2025:17:40:54 -0400] "POST /xmlrpc.php HTTP/1.1" 200 0 "-" "python-httpx/0.22.0"
13.229.78.155 - - [01/Apr/2025:17:41:15 -0400] "POST /xmlrpc.php HTTP/1.1" 200 0 "-" "python-httpx/0.22.0"
13.229.78.155 - - [01/Apr/2025:17:41:35 -0400] "POST /xmlrpc.php HTTP/1.1" 200 0 "-" "python-httpx/0.22.0"
13.229.78.155 - - [01/Apr/2025:17:41:55 -0400] "POST /xmlrpc.php HTTP/1.1" 200 0 "-" "python-httpx/0.22.0"
13.229.78.155 - - [01/Apr/2025:17:42:15 -0400] "POST /xmlrpc.php HTTP/1.1" 200 0 "-" "python-httpx/0.22.0"
13.229.78.155 - - [01/Apr/2025:17:42:35 -0400] "POST /xmlrpc.php HTTP/1.1" 200 0 "-" "python-httpx/0.22.0"
13.229.78.155 - - [01/Apr/2025:17:42:55 -0400] "POST /xmlrpc.php HTTP/1.1" 200 0 "-" "python-httpx/0.22.0"
13.229.78.155 - - [01/Apr/2025:17:43:15 -0400] "POST /xmlrpc.php HTTP/1.1" 200 0 "-" "python-httpx/0.22.0"
43.154.120.205 - - [01/Apr/2025:17:44:13 -0400] "GET /abu-dhabi-yacht-tours/ HTTP/1.1" 200 0 "-" "Python/3.10 aiohttp/3.10.5"
13.229.78.155 - - [01/Apr/2025:17:43:35 -0400] "POST /xmlrpc.php HTTP/1.1" 200 0 "-" "python-httpx/0.22.0"
4.227.36.96 - - [01/Apr/2025:17:44:29 -0400] "GET /robots.txt HTTP/1.1" 304 0 "-" "Mozilla/5.0 AppleWebKit/537.36 (KHTML, like Gecko; compatible; GPTBot/1.2; +https://openai.com/gptbot)"
13.229.78.155 - - [01/Apr/2025:17:43:55 -0400] "POST /xmlrpc.php HTTP/1.1" 200 0 "-" "python-httpx/0.22.0"
13.229.78.155 - - [01/Apr/2025:17:44:15 -0400] "POST /xmlrpc.php HTTP/1.1" 200 0 "-" "python-httpx/0.22.0"
129.226.52.30 - - [01/Apr/2025:17:45:00 -0400] "GET /use-of-gps-technology-by-moving-companies/ HTTP/1.1" 200 0 "-" "Python/3.10 aiohttp/3.10.5"
13.229.78.155 - - [01/Apr/2025:17:44:35 -0400] "POST /xmlrpc.php HTTP/1.1" 200 0 "-" "python-httpx/0.22.0"
13.229.78.155 - - [01/Apr/2025:17:44:55 -0400] "POST /xmlrpc.php HTTP/1.1" 200 0 "-" "python-httpx/0.22.0"
13.229.78.155 - - [01/Apr/2025:17:45:15 -0400] "POST /xmlrpc.php HTTP/1.1" 200 0 "-" "python-httpx/0.22.0"
13.229.78.155 - - [01/Apr/2025:17:45:36 -0400] "POST /xmlrpc.php HTTP/1.1" 200 0 "-" "python-httpx/0.22.0"
13.229.78.155 - - [01/Apr/2025:17:45:56 -0400] "POST /xmlrpc.php HTTP/1.1" 200 0 "-" "python-httpx/0.22.0"
13.229.78.155 - - [01/Apr/2025:17:46:16 -0400] "POST /xmlrpc.php HTTP/1.1" 200 0 "-" "python-httpx/0.22.0"
13.229.78.155 - - [01/Apr/2025:17:46:36 -0400] "POST /xmlrpc.php HTTP/1.1" 200 0 "-" "python-httpx/0.22.0"
13.229.78.155 - - [01/Apr/2025:17:46:56 -0400] "POST /xmlrpc.php HTTP/1.1" 200 0 "-" "python-httpx/0.22.0"
198.54.114.83 - - [01/Apr/2025:17:47:38 -0400] "POST /wp-admin/admin-ajax.php?action=async_litespeed&nonce=1u2zp65HQRzT7XJB0ROOPw71WlmaDf10&litespeed_type=imgoptm HTTP/1.1" 200 5 "-" "WordPress/6.7.2; https://bakingsecurityin.com"
13.229.78.155 - - [01/Apr/2025:17:47:17 -0400] "POST /xmlrpc.php HTTP/1.1" 200 0 "-" "python-httpx/0.22.0"
13.229.78.155 - - [01/Apr/2025:17:47:37 -0400] "POST /xmlrpc.php HTTP/1.1" 200 0 "-" "python-httpx/0.22.0"
13.229.78.155 - - [01/Apr/2025:17:47:57 -0400] "POST /xmlrpc.php HTTP/1.1" 200 0 "-" "python-httpx/0.22.0"
13.229.78.155 - - [01/Apr/2025:17:48:17 -0400] "POST /xmlrpc.php HTTP/1.1" 200 0 "-" "python-httpx/0.22.0"
13.229.78.155 - - [01/Apr/2025:17:48:38 -0400] "POST /xmlrpc.php HTTP/1.1" 200 0 "-" "python-httpx/0.22.0"
13.229.78.155 - - [01/Apr/2025:17:48:58 -0400] "POST /xmlrpc.php HTTP/1.1" 200 0 "-" "python-httpx/0.22.0"
13.229.78.155 - - [01/Apr/2025:17:49:18 -0400] "POST /xmlrpc.php HTTP/1.1" 200 0 "-" "python-httpx/0.22.0"
13.229.78.155 - - [01/Apr/2025:17:49:38 -0400] "POST /xmlrpc.php HTTP/1.1" 200 0 "-" "python-httpx/0.22.0"
13.229.78.155 - - [01/Apr/2025:17:49:59 -0400] "POST /xmlrpc.php HTTP/1.1" 200 0 "-" "python-httpx/0.22.0"
13.229.78.155 - - [01/Apr/2025:17:50:20 -0400] "POST /xmlrpc.php HTTP/1.1" 200 0 "-" "python-httpx/0.22.0"
13.229.78.155 - - [01/Apr/2025:17:50:40 -0400] "POST /xmlrpc.php HTTP/1.1" 200 0 "-" "python-httpx/0.22.0"
13.229.78.155 - - [01/Apr/2025:17:51:00 -0400] "POST /xmlrpc.php HTTP/1.1" 200 0 "-" "python-httpx/0.22.0"
13.229.78.155 - - [01/Apr/2025:17:51:20 -0400] "POST /xmlrpc.php HTTP/1.1" 200 0 "-" "python-httpx/0.22.0"
13.229.78.155 - - [01/Apr/2025:17:51:40 -0400] "POST /xmlrpc.php HTTP/1.1" 200 0 "-" "python-httpx/0.22.0"
13.229.78.155 - - [01/Apr/2025:17:52:00 -0400] "POST /xmlrpc.php HTTP/1.1" 200 0 "-" "python-httpx/0.22.0"
13.229.78.155 - - [01/Apr/2025:17:52:20 -0400] "POST /xmlrpc.php HTTP/1.1" 200 0 "-" "python-httpx/0.22.0"
13.229.78.155 - - [01/Apr/2025:17:52:40 -0400] "POST /xmlrpc.php HTTP/1.1" 200 0 "-" "python-httpx/0.22.0"
13.229.78.155 - - [01/Apr/2025:17:53:00 -0400] "POST /xmlrpc.php HTTP/1.1" 200 0 "-" "python-httpx/0.22.0"
13.229.78.155 - - [01/Apr/2025:17:53:20 -0400] "POST /xmlrpc.php HTTP/1.1" 200 0 "-" "python-httpx/0.22.0"
198.54.114.83 - - [01/Apr/2025:17:54:18 -0400] "POST /wp-cron.php?doing_wp_cron=1743544457.8588099479675292968750 HTTP/1.1" 200 0 "-" "WordPress/6.7.2; https://bakingsecurityin.com"
151.106.162.202 - - [01/Apr/2025:17:54:14 -0400] "GET /wp-content/plugins/advanced-google-recaptcha/libs/captcha.php?wpcaptcha-generate-image=true&color=%23FFFFFF&noise=1&id=2168 HTTP/1.1" 404 0 "-" "Mozilla/5.0 (X11; Ubuntu; Linux x86_64; rv:72.0) Gecko/20100101 Firefox/72.0"
151.106.162.202 - - [01/Apr/2025:17:54:19 -0400] "GET /wp-content/plugins/advanced-google-recaptcha/libs/captcha.php?wpcaptcha-generate-image=true&color=%23FFFFFF&noise=1&id=2168 HTTP/1.1" 404 0 "-" "Mozilla/5.0 (X11; Ubuntu; Linux x86_64; rv:72.0) Gecko/20100101 Firefox/72.0"
151.106.162.202 - - [01/Apr/2025:17:54:19 -0400] "GET /wp-content/plugins/advanced-google-recaptcha/libs/captcha.php?wpcaptcha-generate-image=true&color=%23FFFFFF&noise=1&id=2168 HTTP/1.1" 404 0 "-" "Mozilla/5.0 (X11; Ubuntu; Linux x86_64; rv:72.0) Gecko/20100101 Firefox/72.0"
198.54.114.83 - - [01/Apr/2025:17:54:18 -0400] "POST /wp-admin/admin-ajax.php?action=async_litespeed&nonce=QygZLHOf4doGWkUSBnjVD0G62qSxNIwe&litespeed_type=imgoptm HTTP/1.1" 200 5 "-" "WordPress/6.7.2; https://bakingsecurityin.com"
13.229.78.155 - - [01/Apr/2025:17:53:40 -0400] "POST /xmlrpc.php HTTP/1.1" 200 0 "-" "python-httpx/0.22.0"
13.229.78.155 - - [01/Apr/2025:17:54:00 -0400] "POST /xmlrpc.php HTTP/1.1" 200 0 "-" "python-httpx/0.22.0"
13.229.78.155 - - [01/Apr/2025:17:54:20 -0400] "POST /xmlrpc.php HTTP/1.1" 200 0 "-" "python-httpx/0.22.0"
13.229.78.155 - - [01/Apr/2025:17:54:40 -0400] "POST /xmlrpc.php HTTP/1.1" 200 0 "-" "python-httpx/0.22.0"
13.229.78.155 - - [01/Apr/2025:17:55:00 -0400] "POST /xmlrpc.php HTTP/1.1" 200 0 "-" "python-httpx/0.22.0"
13.229.78.155 - - [01/Apr/2025:17:55:20 -0400] "POST /xmlrpc.php HTTP/1.1" 200 0 "-" "python-httpx/0.22.0"
13.229.78.155 - - [01/Apr/2025:17:55:40 -0400] "POST /xmlrpc.php HTTP/1.1" 200 0 "-" "python-httpx/0.22.0"
13.229.78.155 - - [01/Apr/2025:17:56:00 -0400] "POST /xmlrpc.php HTTP/1.1" 200 0 "-" "python-httpx/0.22.0"
13.229.78.155 - - [01/Apr/2025:17:56:21 -0400] "POST /xmlrpc.php HTTP/1.1" 200 0 "-" "python-httpx/0.22.0"
13.229.78.155 - - [01/Apr/2025:17:56:41 -0400] "POST /xmlrpc.php HTTP/1.1" 200 0 "-" "python-httpx/0.22.0"
13.229.78.155 - - [01/Apr/2025:17:57:01 -0400] "POST /xmlrpc.php HTTP/1.1" 200 0 "-" "python-httpx/0.22.0"
13.229.78.155 - - [01/Apr/2025:17:57:22 -0400] "POST /xmlrpc.php HTTP/1.1" 200 0 "-" "python-httpx/0.22.0"
51.222.253.7 - - [01/Apr/2025:17:58:11 -0400] "GET /top-10-recovery-machines/ HTTP/1.1" 200 0 "-" "Mozilla/5.0 (compatible; AhrefsBot/7.0; +http://ahrefs.com/robot/)"
13.229.78.155 - - [01/Apr/2025:17:57:42 -0400] "POST /xmlrpc.php HTTP/1.1" 200 0 "-" "python-httpx/0.22.0"
13.229.78.155 - - [01/Apr/2025:17:58:02 -0400] "POST /xmlrpc.php HTTP/1.1" 200 0 "-" "python-httpx/0.22.0"
13.229.78.155 - - [01/Apr/2025:17:58:23 -0400] "POST /xmlrpc.php HTTP/1.1" 200 0 "-" "python-httpx/0.22.0"
13.229.78.155 - - [01/Apr/2025:17:58:43 -0400] "POST /xmlrpc.php HTTP/1.1" 200 0 "-" "python-httpx/0.22.0"
13.229.78.155 - - [01/Apr/2025:17:59:03 -0400] "POST /xmlrpc.php HTTP/1.1" 200 0 "-" "python-httpx/0.22.0"
13.229.78.155 - - [01/Apr/2025:17:59:23 -0400] "POST /xmlrpc.php HTTP/1.1" 200 0 "-" "python-httpx/0.22.0"
13.229.78.155 - - [01/Apr/2025:17:59:43 -0400] "POST /xmlrpc.php HTTP/1.1" 200 0 "-" "python-httpx/0.22.0"
13.229.78.155 - - [01/Apr/2025:18:00:03 -0400] "POST /xmlrpc.php HTTP/1.1" 200 0 "-" "python-httpx/0.22.0"
13.229.78.155 - - [01/Apr/2025:18:00:23 -0400] "POST /xmlrpc.php HTTP/1.1" 200 0 "-" "python-httpx/0.22.0"
13.229.78.155 - - [01/Apr/2025:18:00:43 -0400] "POST /xmlrpc.php HTTP/1.1" 200 0 "-" "python-httpx/0.22.0"
13.229.78.155 - - [01/Apr/2025:18:01:03 -0400] "POST /xmlrpc.php HTTP/1.1" 200 0 "-" "python-httpx/0.22.0"
13.229.78.155 - - [01/Apr/2025:18:01:23 -0400] "POST /xmlrpc.php HTTP/1.1" 200 0 "-" "python-httpx/0.22.0"
198.54.114.83 - - [01/Apr/2025:18:02:09 -0400] "POST /wp-admin/admin-ajax.php?action=async_litespeed&nonce=11ATfOqNevem9nHZG7L829E3HGPImGZ3&litespeed_type=imgoptm HTTP/1.1" 200 5 "-" "WordPress/6.7.2; https://bakingsecurityin.com"
13.229.78.155 - - [01/Apr/2025:18:01:43 -0400] "POST /xmlrpc.php HTTP/1.1" 200 0 "-" "python-httpx/0.22.0"
13.229.78.155 - - [01/Apr/2025:18:02:03 -0400] "POST /xmlrpc.php HTTP/1.1" 200 0 "-" "python-httpx/0.22.0"
13.229.78.155 - - [01/Apr/2025:18:02:23 -0400] "POST /xmlrpc.php HTTP/1.1" 200 0 "-" "python-httpx/0.22.0"
13.229.78.155 - - [01/Apr/2025:18:02:43 -0400] "POST /xmlrpc.php HTTP/1.1" 200 0 "-" "python-httpx/0.22.0"
13.229.78.155 - - [01/Apr/2025:18:03:03 -0400] "POST /xmlrpc.php HTTP/1.1" 200 0 "-" "python-httpx/0.22.0"
13.229.78.155 - - [01/Apr/2025:18:03:23 -0400] "POST /xmlrpc.php HTTP/1.1" 200 0 "-" "python-httpx/0.22.0"
13.229.78.155 - - [01/Apr/2025:18:03:43 -0400] "POST /xmlrpc.php HTTP/1.1" 200 0 "-" "python-httpx/0.22.0"
13.229.78.155 - - [01/Apr/2025:18:04:03 -0400] "POST /xmlrpc.php HTTP/1.1" 200 0 "-" "python-httpx/0.22.0"
13.229.78.155 - - [01/Apr/2025:18:04:23 -0400] "POST /xmlrpc.php HTTP/1.1" 200 0 "-" "python-httpx/0.22.0"
13.229.78.155 - - [01/Apr/2025:18:04:43 -0400] "POST /xmlrpc.php HTTP/1.1" 200 0 "-" "python-httpx/0.22.0"
13.229.78.155 - - [01/Apr/2025:18:05:04 -0400] "POST /xmlrpc.php HTTP/1.1" 200 0 "-" "python-httpx/0.22.0"
13.229.78.155 - - [01/Apr/2025:18:05:24 -0400] "POST /xmlrpc.php HTTP/1.1" 200 0 "-" "python-httpx/0.22.0"
13.229.78.155 - - [01/Apr/2025:18:05:44 -0400] "POST /xmlrpc.php HTTP/1.1" 200 0 "-" "python-httpx/0.22.0"
13.229.78.155 - - [01/Apr/2025:18:06:04 -0400] "POST /xmlrpc.php HTTP/1.1" 200 0 "-" "python-httpx/0.22.0"
13.229.78.155 - - [01/Apr/2025:18:06:24 -0400] "POST /xmlrpc.php HTTP/1.1" 200 0 "-" "python-httpx/0.22.0"
13.229.78.155 - - [01/Apr/2025:18:06:47 -0400] "POST /xmlrpc.php HTTP/1.1" 200 0 "-" "python-httpx/0.22.0"
13.229.78.155 - - [01/Apr/2025:18:07:07 -0400] "POST /xmlrpc.php HTTP/1.1" 200 0 "-" "python-httpx/0.22.0"
13.229.78.155 - - [01/Apr/2025:18:07:26 -0400] "POST /xmlrpc.php HTTP/1.1" 200 0 "-" "python-httpx/0.22.0"
13.229.78.155 - - [01/Apr/2025:18:07:46 -0400] "POST /xmlrpc.php HTTP/1.1" 200 0 "-" "python-httpx/0.22.0"
43.154.251.2 - - [01/Apr/2025:18:08:33 -0400] "GET /buying-a-mini-blender/ HTTP/1.1" 200 0 "-" "Python/3.10 aiohttp/3.10.5"
13.229.78.155 - - [01/Apr/2025:18:08:06 -0400] "POST /xmlrpc.php HTTP/1.1" 200 0 "-" "python-httpx/0.22.0"
43.154.125.44 - - [01/Apr/2025:18:09:04 -0400] "GET /6-free-ai-prompt-builders-and-tools-for-beginners/ HTTP/1.1" 200 0 "-" "Python/3.10 aiohttp/3.10.5"
13.229.78.155 - - [01/Apr/2025:18:08:26 -0400] "POST /xmlrpc.php HTTP/1.1" 200 0 "-" "python-httpx/0.22.0"
13.229.78.155 - - [01/Apr/2025:18:08:46 -0400] "POST /xmlrpc.php HTTP/1.1" 200 0 "-" "python-httpx/0.22.0"
13.229.78.155 - - [01/Apr/2025:18:09:07 -0400] "POST /xmlrpc.php HTTP/1.1" 200 0 "-" "python-httpx/0.22.0"
13.229.78.155 - - [01/Apr/2025:18:09:26 -0400] "POST /xmlrpc.php HTTP/1.1" 200 0 "-" "python-httpx/0.22.0"
