198.54.114.83 - - [31/Mar/2025:08:01:38 -0400] "POST /wp-admin/admin-ajax.php?action=async_litespeed&nonce=r8KylyxNZ68dCdQt0P6XWiwltKmugKmU&litespeed_type=imgoptm HTTP/1.1" 200 5 "-" "WordPress/6.7.2; https://bakingsecurityin.com"
94.181.156.210 - - [31/Mar/2025:08:02:02 -0400] "GET /review-of-the-relx-vape-pods/ HTTP/1.1" 200 0 "-" "Mozilla/5.0 (Windows NT 6.3; Win64; x64) AppleWebKit/537.36 (KHTML, like Gecko) Chrome/75.0.3770.100 Safari/537.36"
198.54.114.83 - - [31/Mar/2025:08:02:57 -0400] "POST /wp-cron.php?doing_wp_cron=1743422577.7162370681762695312500 HTTP/1.1" 200 0 "-" "WordPress/6.7.2; https://bakingsecurityin.com"
51.222.253.12 - - [31/Mar/2025:08:02:57 -0400] "GET /a-look-at-deck-fasteners/ HTTP/1.1" 200 0 "-" "Mozilla/5.0 (compatible; AhrefsBot/7.0; +http://ahrefs.com/robot/)"
198.54.114.83 - - [31/Mar/2025:08:02:58 -0400] "POST /wp-admin/admin-ajax.php?action=async_litespeed&nonce=omsXEu7beUWrsH5OrIjwTFUzsQruXMaK&litespeed_type=imgoptm HTTP/1.1" 200 5 "-" "WordPress/6.7.2; https://bakingsecurityin.com"
198.54.114.83 - - [31/Mar/2025:08:03:56 -0400] "POST /wp-cron.php?doing_wp_cron=1743422636.1944971084594726562500 HTTP/1.1" 200 0 "-" "WordPress/6.7.2; https://bakingsecurityin.com"
47.79.106.95 - - [31/Mar/2025:08:03:56 -0400] "GET / HTTP/1.1" 200 0 "https://www.google.com/" "Mozilla/5.0 (Linux; Android 10; K) AppleWebKit/537.36 (KHTML, like Gecko) Chrome/133.0.0.0 Mobile Safari/537.36"
198.54.114.83 - - [31/Mar/2025:08:03:56 -0400] "POST /wp-admin/admin-ajax.php?action=async_litespeed&nonce=n9jSSUZ01qQa6teVY4WkK6pq07M4kol8&litespeed_type=imgoptm HTTP/1.1" 200 5 "-" "WordPress/6.7.2; https://bakingsecurityin.com"
51.222.253.19 - - [31/Mar/2025:08:04:13 -0400] "GET /finding-a-chicago-locksmith-near-me/ HTTP/1.1" 200 0 "-" "Mozilla/5.0 (compatible; AhrefsBot/7.0; +http://ahrefs.com/robot/)"
198.54.114.83 - - [31/Mar/2025:08:04:55 -0400] "POST /wp-cron.php?doing_wp_cron=1743422695.7238430976867675781250 HTTP/1.1" 200 0 "-" "WordPress/6.7.2; https://bakingsecurityin.com"
212.8.248.108 - - [31/Mar/2025:08:04:55 -0400] "GET /electrical-panel-clearwater-why-it-is-important-to-have-it-inspected HTTP/1.1" 301 0 "-" "Mozilla/5.0 (Windows NT 10.0; Win64; x64) AppleWebKit/537.36 (KHTML, like Gecko) Chrome/118.0.0.0 Safari/537.36"
198.54.114.83 - - [31/Mar/2025:08:04:56 -0400] "POST /wp-admin/admin-ajax.php?action=async_litespeed&nonce=LAuJyy7W81MWHrUjsM0sOcVfvzdc9D1I&litespeed_type=imgoptm HTTP/1.1" 200 5 "-" "WordPress/6.7.2; https://bakingsecurityin.com"
198.54.114.83 - - [31/Mar/2025:08:05:43 -0400] "POST /wp-cron.php?doing_wp_cron=1743422743.6735739707946777343750 HTTP/1.1" 200 0 "-" "WordPress/6.7.2; https://bakingsecurityin.com"
51.222.253.8 - - [31/Mar/2025:08:05:43 -0400] "GET /youtube-comment-likes-buy-what-you-should-know/ HTTP/1.1" 200 0 "-" "Mozilla/5.0 (compatible; AhrefsBot/7.0; +http://ahrefs.com/robot/)"
198.54.114.83 - - [31/Mar/2025:08:05:44 -0400] "POST /wp-admin/admin-ajax.php?action=async_litespeed&nonce=yvhHa3TCVCZQz81bPAC5eBfioBc6Smy3&litespeed_type=imgoptm HTTP/1.1" 200 5 "-" "WordPress/6.7.2; https://bakingsecurityin.com"
198.54.114.83 - - [31/Mar/2025:08:07:26 -0400] "POST /wp-cron.php?doing_wp_cron=1743422846.0730690956115722656250 HTTP/1.1" 200 0 "-" "WordPress/6.7.2; https://bakingsecurityin.com"
51.222.253.7 - - [31/Mar/2025:08:07:24 -0400] "GET /how-to-use-a-bitcoin-mixer/ HTTP/1.1" 200 0 "-" "Mozilla/5.0 (compatible; AhrefsBot/7.0; +http://ahrefs.com/robot/)"
198.54.114.83 - - [31/Mar/2025:08:07:26 -0400] "POST /wp-admin/admin-ajax.php?action=async_litespeed&nonce=OJZ0lR6YObRse9NwVaTuHFsQUJQAmgXj&litespeed_type=imgoptm HTTP/1.1" 200 5 "-" "WordPress/6.7.2; https://bakingsecurityin.com"
198.54.114.83 - - [31/Mar/2025:08:08:17 -0400] "POST /wp-admin/admin-ajax.php?action=async_litespeed&nonce=QjYjX0NDqWf1XfEzGznlvuD6yeJaN5BQ&litespeed_type=imgoptm HTTP/1.1" 200 5 "-" "WordPress/6.7.2; https://bakingsecurityin.com"
198.54.114.83 - - [31/Mar/2025:08:08:56 -0400] "POST /wp-cron.php?doing_wp_cron=1743422936.4967238903045654296875 HTTP/1.1" 200 0 "-" "WordPress/6.7.2; https://bakingsecurityin.com"
51.222.253.4 - - [31/Mar/2025:08:08:56 -0400] "GET /vita-glow-gold-and-vita-glow-skin-whitening-cream/ HTTP/1.1" 200 0 "-" "Mozilla/5.0 (compatible; AhrefsBot/7.0; +http://ahrefs.com/robot/)"
198.54.114.83 - - [31/Mar/2025:08:08:56 -0400] "POST /wp-admin/admin-ajax.php?action=async_litespeed&nonce=8TSB6KZZhVv7DzUJxGKy7JdlLtUiMYbc&litespeed_type=imgoptm HTTP/1.1" 200 5 "-" "WordPress/6.7.2; https://bakingsecurityin.com"
198.54.114.83 - - [31/Mar/2025:08:10:20 -0400] "POST /wp-cron.php?doing_wp_cron=1743423020.8091459274291992187500 HTTP/1.1" 200 0 "-" "WordPress/6.7.2; https://bakingsecurityin.com"
51.222.253.11 - - [31/Mar/2025:08:10:20 -0400] "GET /tmx-maxwell-developer/ HTTP/1.1" 200 0 "-" "Mozilla/5.0 (compatible; AhrefsBot/7.0; +http://ahrefs.com/robot/)"
198.54.114.83 - - [31/Mar/2025:08:10:21 -0400] "POST /wp-admin/admin-ajax.php?action=async_litespeed&nonce=K9pfJnraaNLKJoVg0TqKBbEsr36Kiurs&litespeed_type=imgoptm HTTP/1.1" 200 5 "-" "WordPress/6.7.2; https://bakingsecurityin.com"
198.54.114.83 - - [31/Mar/2025:08:11:06 -0400] "POST /wp-admin/admin-ajax.php?action=async_litespeed&nonce=AUkzXAyAXNtorFtLGkuBARRKXfG32lbt&litespeed_type=imgoptm HTTP/1.1" 200 5 "-" "WordPress/6.7.2; https://bakingsecurityin.com"
198.54.114.83 - - [31/Mar/2025:08:11:43 -0400] "POST /wp-cron.php?doing_wp_cron=1743423103.2047460079193115234375 HTTP/1.1" 200 0 "-" "WordPress/6.7.2; https://bakingsecurityin.com"
51.222.253.14 - - [31/Mar/2025:08:11:43 -0400] "GET /what-goes-into-moving-quotes-on-movers/ HTTP/1.1" 200 0 "-" "Mozilla/5.0 (compatible; AhrefsBot/7.0; +http://ahrefs.com/robot/)"
198.54.114.83 - - [31/Mar/2025:08:11:43 -0400] "POST /wp-admin/admin-ajax.php?action=async_litespeed&nonce=zGUgcQuDpwkbumHBzE2G48UjFv7S5zJQ&litespeed_type=imgoptm HTTP/1.1" 200 5 "-" "WordPress/6.7.2; https://bakingsecurityin.com"
51.222.253.10 - - [31/Mar/2025:08:13:06 -0400] "GET /what-does-a-commercial-locksmith-do/ HTTP/1.1" 200 0 "-" "Mozilla/5.0 (compatible; AhrefsBot/7.0; +http://ahrefs.com/robot/)"
198.54.114.83 - - [31/Mar/2025:08:14:18 -0400] "POST /wp-cron.php?doing_wp_cron=1743423258.0294890403747558593750 HTTP/1.1" 200 0 "-" "WordPress/6.7.2; https://bakingsecurityin.com"
51.222.253.7 - - [31/Mar/2025:08:14:17 -0400] "GET /essential-skills-for-voice-over-artists/ HTTP/1.1" 200 0 "-" "Mozilla/5.0 (compatible; AhrefsBot/7.0; +http://ahrefs.com/robot/)"
198.54.114.83 - - [31/Mar/2025:08:14:18 -0400] "POST /wp-admin/admin-ajax.php?action=async_litespeed&nonce=356nUy8AzWPWHhRkmkcwR2qEIFOFhTQ4&litespeed_type=imgoptm HTTP/1.1" 200 5 "-" "WordPress/6.7.2; https://bakingsecurityin.com"
185.191.171.17 - - [31/Mar/2025:08:14:18 -0400] "GET /umzuge-luneburg/ HTTP/1.1" 200 0 "-" "Mozilla/5.0 (compatible; SemrushBot/7~bl; +http://www.semrush.com/bot.html)"
198.54.114.83 - - [31/Mar/2025:08:15:35 -0400] "POST /wp-cron.php?doing_wp_cron=1743423335.3558099269866943359375 HTTP/1.1" 200 0 "-" "WordPress/6.7.2; https://bakingsecurityin.com"
51.222.253.1 - - [31/Mar/2025:08:15:35 -0400] "GET /funko-pop-marvel-a-must-have-for-fans-of-the-marvel-franchise/ HTTP/1.1" 200 0 "-" "Mozilla/5.0 (compatible; AhrefsBot/7.0; +http://ahrefs.com/robot/)"
198.54.114.83 - - [31/Mar/2025:08:15:35 -0400] "POST /wp-admin/admin-ajax.php?action=async_litespeed&nonce=2EbuZDDOwf2vvIyxLzxp7COcoCOzFliG&litespeed_type=imgoptm HTTP/1.1" 200 5 "-" "WordPress/6.7.2; https://bakingsecurityin.com"
198.54.114.83 - - [31/Mar/2025:08:17:17 -0400] "POST /wp-cron.php?doing_wp_cron=1743423437.4136610031127929687500 HTTP/1.1" 200 0 "-" "WordPress/6.7.2; https://bakingsecurityin.com"
51.222.253.19 - - [31/Mar/2025:08:17:17 -0400] "GET /sport-betting-sites/ HTTP/1.1" 200 0 "-" "Mozilla/5.0 (compatible; AhrefsBot/7.0; +http://ahrefs.com/robot/)"
198.54.114.83 - - [31/Mar/2025:08:17:17 -0400] "POST /wp-admin/admin-ajax.php?action=async_litespeed&nonce=psQPxETsXyAMlN2bedGCkrjzWk17enj7&litespeed_type=imgoptm HTTP/1.1" 200 5 "-" "WordPress/6.7.2; https://bakingsecurityin.com"
89.110.109.81 - - [31/Mar/2025:08:18:10 -0400] "GET /top-5-retinol-creams/ HTTP/1.1" 200 0 "https://bakingsecurityin.com/top-5-retinol-creams/" "Mozilla/5.0 (Windows NT 6.3; Win64; x64) AppleWebKit/537.36 (KHTML, like Gecko) Chrome/103.0.5060.53 Safari/537.36"
198.54.114.83 - - [31/Mar/2025:08:18:11 -0400] "POST /wp-cron.php?doing_wp_cron=1743423490.9220879077911376953125 HTTP/1.1" 200 0 "-" "WordPress/6.7.2; https://bakingsecurityin.com"
89.110.109.81 - - [31/Mar/2025:08:18:10 -0400] "GET / HTTP/1.1" 200 0 "https://bakingsecurityin.com/" "Mozilla/5.0 (Windows NT 6.3; Win64; x64) AppleWebKit/537.36 (KHTML, like Gecko) Chrome/103.0.5060.53 Safari/537.36"
198.54.114.83 - - [31/Mar/2025:08:18:11 -0400] "POST /wp-admin/admin-ajax.php?action=async_litespeed&nonce=eiAwnCAv00O2jkJ26b7uVZcRf5Us0imz&litespeed_type=imgoptm HTTP/1.1" 200 5 "-" "WordPress/6.7.2; https://bakingsecurityin.com"
198.54.114.83 - - [31/Mar/2025:08:19:18 -0400] "POST /wp-cron.php?doing_wp_cron=1743423558.8640959262847900390625 HTTP/1.1" 200 0 "-" "WordPress/6.7.2; https://bakingsecurityin.com"
51.222.253.5 - - [31/Mar/2025:08:19:18 -0400] "GET /agriturismo-con-piscina/ HTTP/1.1" 200 0 "-" "Mozilla/5.0 (compatible; AhrefsBot/7.0; +http://ahrefs.com/robot/)"
198.54.114.83 - - [31/Mar/2025:08:19:19 -0400] "POST /wp-admin/admin-ajax.php?action=async_litespeed&nonce=Qtl8gxsppgGB04DDDwG7uKu7tEwQVsNg&litespeed_type=imgoptm HTTP/1.1" 200 5 "-" "WordPress/6.7.2; https://bakingsecurityin.com"
198.54.114.83 - - [31/Mar/2025:08:21:23 -0400] "POST /wp-cron.php?doing_wp_cron=1743423683.1778159141540527343750 HTTP/1.1" 200 0 "-" "WordPress/6.7.2; https://bakingsecurityin.com"
51.222.253.10 - - [31/Mar/2025:08:21:21 -0400] "GET /silver-kiddush-cup-2/ HTTP/1.1" 200 0 "-" "Mozilla/5.0 (compatible; AhrefsBot/7.0; +http://ahrefs.com/robot/)"
198.54.114.83 - - [31/Mar/2025:08:21:23 -0400] "POST /wp-admin/admin-ajax.php?action=async_litespeed&nonce=B2Uyaq3ZXNvVC2rO7gzYWITtUrcQ6NJ8&litespeed_type=imgoptm HTTP/1.1" 200 5 "-" "WordPress/6.7.2; https://bakingsecurityin.com"
198.54.114.83 - - [31/Mar/2025:08:21:31 -0400] "POST /wp-admin/admin-ajax.php?action=async_litespeed&nonce=YAJiuXgBNwcsrrjK3fOq4JX6NYscOJ11&litespeed_type=imgoptm HTTP/1.1" 200 5 "-" "WordPress/6.7.2; https://bakingsecurityin.com"
94.181.156.210 - - [31/Mar/2025:08:21:38 -0400] "GET /review-of-the-relx-vape-pods/ HTTP/1.1" 200 0 "-" "Mozilla/5.0 (Windows NT 6.3; Win64; x64) AppleWebKit/537.36 (KHTML, like Gecko) Chrome/75.0.3770.100 Safari/537.36"
198.54.114.83 - - [31/Mar/2025:08:23:10 -0400] "POST /wp-cron.php?doing_wp_cron=1743423790.7125298976898193359375 HTTP/1.1" 200 0 "-" "WordPress/6.7.2; https://bakingsecurityin.com"
51.222.253.11 - - [31/Mar/2025:08:23:09 -0400] "GET /rosacea-treatment-what-you-need-to-know/ HTTP/1.1" 200 0 "-" "Mozilla/5.0 (compatible; AhrefsBot/7.0; +http://ahrefs.com/robot/)"
198.54.114.83 - - [31/Mar/2025:08:23:11 -0400] "POST /wp-admin/admin-ajax.php?action=async_litespeed&nonce=xGJUVtuFWbZrXc8TTpU8TF8q77U1Ynpc&litespeed_type=imgoptm HTTP/1.1" 200 5 "-" "WordPress/6.7.2; https://bakingsecurityin.com"
51.222.253.14 - - [31/Mar/2025:08:24:55 -0400] "GET /why-sports-grip-socks-are-important/ HTTP/1.1" 200 0 "-" "Mozilla/5.0 (compatible; AhrefsBot/7.0; +http://ahrefs.com/robot/)"
198.54.114.83 - - [31/Mar/2025:08:25:00 -0400] "POST /wp-cron.php?doing_wp_cron=1743423898.6396389007568359375000 HTTP/1.1" 200 0 "-" "WordPress/6.7.2; https://bakingsecurityin.com"
198.54.114.83 - - [31/Mar/2025:08:26:06 -0400] "POST /wp-cron.php?doing_wp_cron=1743423966.4741489887237548828125 HTTP/1.1" 200 0 "-" "WordPress/6.7.2; https://bakingsecurityin.com"
85.208.96.202 - - [31/Mar/2025:08:26:06 -0400] "GET /la-revolution-de-la-sechage-linnovation-du-seche-linge-a-pompe-a-chaleur/ HTTP/1.1" 200 0 "-" "Mozilla/5.0 (compatible; SemrushBot/7~bl; +http://www.semrush.com/bot.html)"
198.54.114.83 - - [31/Mar/2025:08:26:06 -0400] "POST /wp-admin/admin-ajax.php?action=async_litespeed&nonce=pgBjq8EfCm3EFZYQt6fNMqszVBavASME&litespeed_type=imgoptm HTTP/1.1" 200 5 "-" "WordPress/6.7.2; https://bakingsecurityin.com"
198.54.114.83 - - [31/Mar/2025:08:26:29 -0400] "POST /wp-cron.php?doing_wp_cron=1743423988.9378969669342041015625 HTTP/1.1" 200 0 "-" "WordPress/6.7.2; https://bakingsecurityin.com"
51.222.253.8 - - [31/Mar/2025:08:26:28 -0400] "GET /miles-morales-spider-man-mask/ HTTP/1.1" 200 0 "-" "Mozilla/5.0 (compatible; AhrefsBot/7.0; +http://ahrefs.com/robot/)"
198.54.114.83 - - [31/Mar/2025:08:26:29 -0400] "POST /wp-admin/admin-ajax.php?action=async_litespeed&nonce=OrQBTW1sEacKeL9CK49yWHOTrzC5h77f&litespeed_type=imgoptm HTTP/1.1" 200 5 "-" "WordPress/6.7.2; https://bakingsecurityin.com"
198.54.114.83 - - [31/Mar/2025:08:28:06 -0400] "POST /wp-cron.php?doing_wp_cron=1743424086.4293539524078369140625 HTTP/1.1" 200 0 "-" "WordPress/6.7.2; https://bakingsecurityin.com"
51.222.253.14 - - [31/Mar/2025:08:28:04 -0400] "GET /lowa-womens-hiking-boots/ HTTP/1.1" 200 0 "-" "Mozilla/5.0 (compatible; AhrefsBot/7.0; +http://ahrefs.com/robot/)"
198.54.114.83 - - [31/Mar/2025:08:28:06 -0400] "POST /wp-admin/admin-ajax.php?action=async_litespeed&nonce=R0dLJHMw75Pb9xhmkA7VOuRiJfZmUtI1&litespeed_type=imgoptm HTTP/1.1" 200 5 "-" "WordPress/6.7.2; https://bakingsecurityin.com"
198.54.114.83 - - [31/Mar/2025:08:29:42 -0400] "POST /wp-cron.php?doing_wp_cron=1743424182.3546600341796875000000 HTTP/1.1" 200 0 "-" "WordPress/6.7.2; https://bakingsecurityin.com"
51.222.253.18 - - [31/Mar/2025:08:29:41 -0400] "GET /how-to-get-the-best-home-care-in-toronto/ HTTP/1.1" 200 0 "-" "Mozilla/5.0 (compatible; AhrefsBot/7.0; +http://ahrefs.com/robot/)"
198.54.114.83 - - [31/Mar/2025:08:29:42 -0400] "POST /wp-admin/admin-ajax.php?action=async_litespeed&nonce=ch4MMjpRYeMQjnCrTdsTF0p3VLd46xAq&litespeed_type=imgoptm HTTP/1.1" 200 5 "-" "WordPress/6.7.2; https://bakingsecurityin.com"
94.181.156.210 - - [31/Mar/2025:08:30:57 -0400] "GET /review-of-the-relx-vape-pods/ HTTP/1.1" 200 0 "-" "Mozilla/5.0 (Windows NT 6.3; Win64; x64) AppleWebKit/537.36 (KHTML, like Gecko) Chrome/75.0.3770.100 Safari/537.36"
198.54.114.83 - - [31/Mar/2025:08:31:17 -0400] "POST /wp-cron.php?doing_wp_cron=1743424277.8436439037322998046875 HTTP/1.1" 200 0 "-" "WordPress/6.7.2; https://bakingsecurityin.com"
51.222.253.6 - - [31/Mar/2025:08:31:15 -0400] "GET /die-unterschiede-zwischen-einem-baukredit-und-einer-hypothek/ HTTP/1.1" 200 0 "-" "Mozilla/5.0 (compatible; AhrefsBot/7.0; +http://ahrefs.com/robot/)"
198.54.114.83 - - [31/Mar/2025:08:31:18 -0400] "POST /wp-admin/admin-ajax.php?action=async_litespeed&nonce=aqlexfIRV9qxPfA4YE5OEpU7bcVFVtmF&litespeed_type=imgoptm HTTP/1.1" 200 5 "-" "WordPress/6.7.2; https://bakingsecurityin.com"
35.76.51.87 - - [31/Mar/2025:08:31:42 -0400] "GET /robots.txt HTTP/1.1" 200 98 "-" "Mozilla/5.0 (Macintosh; Intel Mac OS X 10_15_7) AppleWebKit/537.36 (KHTML, like Gecko) Chrome/131.0.0.0 Safari//537.36"
198.54.114.83 - - [31/Mar/2025:08:31:43 -0400] "POST /wp-cron.php?doing_wp_cron=1743424303.6571109294891357421875 HTTP/1.1" 200 0 "-" "WordPress/6.7.2; https://bakingsecurityin.com"
35.76.51.87 - - [31/Mar/2025:08:31:43 -0400] "GET /emerald-taxi-service/ HTTP/1.1" 200 0 "-" "Mozilla/5.0 (Macintosh; Intel Mac OS X 10_15_7) AppleWebKit/537.36 (KHTML, like Gecko) Chrome/131.0.0.0 Safari//537.36"
198.54.114.83 - - [31/Mar/2025:08:31:44 -0400] "POST /wp-admin/admin-ajax.php?action=async_litespeed&nonce=bchBa1MtSUrj5uS2XmnL8t2e8u5KyZFw&litespeed_type=imgoptm HTTP/1.1" 200 5 "-" "WordPress/6.7.2; https://bakingsecurityin.com"
151.106.162.202 - - [31/Mar/2025:08:32:00 -0400] "GET /wp-content/plugins/advanced-google-recaptcha/libs/captcha.php?wpcaptcha-generate-image=true&color=%23FFFFFF&noise=1&id=3391 HTTP/1.1" 404 0 "-" "Mozilla/5.0 (X11; Ubuntu; Linux x86_64; rv:72.0) Gecko/20100101 Firefox/72.0"
151.106.162.202 - - [31/Mar/2025:08:32:00 -0400] "GET /wp-content/plugins/advanced-google-recaptcha/libs/captcha.php?wpcaptcha-generate-image=true&color=%23FFFFFF&noise=1&id=3391 HTTP/1.1" 404 0 "-" "Mozilla/5.0 (X11; Ubuntu; Linux x86_64; rv:72.0) Gecko/20100101 Firefox/72.0"
151.106.162.202 - - [31/Mar/2025:08:32:03 -0400] "GET /wp-content/plugins/advanced-google-recaptcha/libs/captcha.php?wpcaptcha-generate-image=true&color=%23FFFFFF&noise=1&id=3391 HTTP/1.1" 404 0 "-" "Mozilla/5.0 (X11; Ubuntu; Linux x86_64; rv:72.0) Gecko/20100101 Firefox/72.0"
198.54.114.83 - - [31/Mar/2025:08:32:46 -0400] "POST /wp-cron.php?doing_wp_cron=1743424365.9120049476623535156250 HTTP/1.1" 200 0 "-" "WordPress/6.7.2; https://bakingsecurityin.com"
51.222.253.7 - - [31/Mar/2025:08:32:45 -0400] "GET /siberia-snus-review/ HTTP/1.1" 200 0 "-" "Mozilla/5.0 (compatible; AhrefsBot/7.0; +http://ahrefs.com/robot/)"
198.54.114.83 - - [31/Mar/2025:08:32:46 -0400] "POST /wp-admin/admin-ajax.php?action=async_litespeed&nonce=4Loymrt8J1AJP9ch59lpzArsKSb5IDGr&litespeed_type=imgoptm HTTP/1.1" 200 5 "-" "WordPress/6.7.2; https://bakingsecurityin.com"
198.54.114.83 - - [31/Mar/2025:08:34:16 -0400] "POST /wp-cron.php?doing_wp_cron=1743424456.2735579013824462890625 HTTP/1.1" 200 0 "-" "WordPress/6.7.2; https://bakingsecurityin.com"
51.222.253.11 - - [31/Mar/2025:08:34:12 -0400] "GET /the-companies-behind-pokemon-merchandising/ HTTP/1.1" 200 0 "-" "Mozilla/5.0 (compatible; AhrefsBot/7.0; +http://ahrefs.com/robot/)"
198.54.114.83 - - [31/Mar/2025:08:34:18 -0400] "POST /wp-admin/admin-ajax.php?action=async_litespeed&nonce=4PVNhnvkVEEo0zzxBv4DHVKNmr0QZDpd&litespeed_type=imgoptm HTTP/1.1" 200 0 "-" "WordPress/6.7.2; https://bakingsecurityin.com"
198.54.114.83 - - [31/Mar/2025:08:34:32 -0400] "POST /wp-admin/admin-ajax.php?action=async_litespeed&nonce=GrJel4UHjROEGjdglPH6yz67iIqlGxqt&litespeed_type=imgoptm HTTP/1.1" 200 5 "-" "WordPress/6.7.2; https://bakingsecurityin.com"
198.54.114.83 - - [31/Mar/2025:08:35:47 -0400] "POST /wp-cron.php?doing_wp_cron=1743424546.7588450908660888671875 HTTP/1.1" 200 0 "-" "WordPress/6.7.2; https://bakingsecurityin.com"
51.222.253.3 - - [31/Mar/2025:08:35:45 -0400] "GET /german-class-in-london/ HTTP/1.1" 200 0 "-" "Mozilla/5.0 (compatible; AhrefsBot/7.0; +http://ahrefs.com/robot/)"
198.54.114.83 - - [31/Mar/2025:08:35:48 -0400] "POST /wp-admin/admin-ajax.php?action=async_litespeed&nonce=Bqy2mzkThqB8P6BiAy1zrN0QIi5u7uiO&litespeed_type=imgoptm HTTP/1.1" 200 0 "-" "WordPress/6.7.2; https://bakingsecurityin.com"
198.54.114.83 - - [31/Mar/2025:08:37:37 -0400] "POST /wp-cron.php?doing_wp_cron=1743424657.3592710494995117187500 HTTP/1.1" 200 0 "-" "WordPress/6.7.2; https://bakingsecurityin.com"
51.222.253.18 - - [31/Mar/2025:08:37:36 -0400] "GET /utility-payment-solutions-must-be-secure-fast-and-easy-to-use/ HTTP/1.1" 200 0 "-" "Mozilla/5.0 (compatible; AhrefsBot/7.0; +http://ahrefs.com/robot/)"
198.54.114.83 - - [31/Mar/2025:08:37:37 -0400] "POST /wp-admin/admin-ajax.php?action=async_litespeed&nonce=KRuI7rswT6xp6WUxzG4c0KtOX0O5dBuV&litespeed_type=imgoptm HTTP/1.1" 200 5 "-" "WordPress/6.7.2; https://bakingsecurityin.com"
198.54.114.83 - - [31/Mar/2025:08:39:10 -0400] "POST /wp-cron.php?doing_wp_cron=1743424749.8910720348358154296875 HTTP/1.1" 200 0 "-" "WordPress/6.7.2; https://bakingsecurityin.com"
51.222.253.12 - - [31/Mar/2025:08:39:08 -0400] "GET /the-dark-side-of-face-filters/ HTTP/1.1" 200 0 "-" "Mozilla/5.0 (compatible; AhrefsBot/7.0; +http://ahrefs.com/robot/)"
198.54.114.83 - - [31/Mar/2025:08:39:10 -0400] "POST /wp-admin/admin-ajax.php?action=async_litespeed&nonce=21K3NeOH6JkDL4eQsy9JRIPD5awdJkSg&litespeed_type=imgoptm HTTP/1.1" 200 5 "-" "WordPress/6.7.2; https://bakingsecurityin.com"
198.54.114.83 - - [31/Mar/2025:08:40:49 -0400] "POST /wp-cron.php?doing_wp_cron=1743424848.6666591167449951171875 HTTP/1.1" 200 0 "-" "WordPress/6.7.2; https://bakingsecurityin.com"
51.222.253.5 - - [31/Mar/2025:08:40:46 -0400] "GET /the-continuum-at-thiam-siew/ HTTP/1.1" 200 0 "-" "Mozilla/5.0 (compatible; AhrefsBot/7.0; +http://ahrefs.com/robot/)"
198.54.114.83 - - [31/Mar/2025:08:40:50 -0400] "POST /wp-admin/admin-ajax.php?action=async_litespeed&nonce=FAyqzy59VApWaFtErAf9OvKBVjz8AUn2&litespeed_type=imgoptm HTTP/1.1" 200 0 "-" "WordPress/6.7.2; https://bakingsecurityin.com"
198.54.114.83 - - [31/Mar/2025:08:42:16 -0400] "POST /wp-cron.php?doing_wp_cron=1743424936.7783958911895751953125 HTTP/1.1" 200 0 "-" "WordPress/6.7.2; https://bakingsecurityin.com"
51.222.253.15 - - [31/Mar/2025:08:42:15 -0400] "GET /how-to-trim-video-on-iphone/ HTTP/1.1" 200 0 "-" "Mozilla/5.0 (compatible; AhrefsBot/7.0; +http://ahrefs.com/robot/)"
198.54.114.83 - - [31/Mar/2025:08:42:17 -0400] "POST /wp-admin/admin-ajax.php?action=async_litespeed&nonce=glkQVRBbczJnRxqbS9Q30piash8m8r86&litespeed_type=imgoptm HTTP/1.1" 200 5 "-" "WordPress/6.7.2; https://bakingsecurityin.com"
198.54.114.83 - - [31/Mar/2025:08:43:46 -0400] "POST /wp-cron.php?doing_wp_cron=1743425025.9626019001007080078125 HTTP/1.1" 200 0 "-" "WordPress/6.7.2; https://bakingsecurityin.com"
51.222.253.20 - - [31/Mar/2025:08:43:44 -0400] "GET /choosing-a-fire-pump-manufacturer/ HTTP/1.1" 200 0 "-" "Mozilla/5.0 (compatible; AhrefsBot/7.0; +http://ahrefs.com/robot/)"
198.54.114.83 - - [31/Mar/2025:08:43:46 -0400] "POST /wp-admin/admin-ajax.php?action=async_litespeed&nonce=jPxfFwrm3IiFodYlr45anwf7ocbvN6Qk&litespeed_type=imgoptm HTTP/1.1" 200 5 "-" "WordPress/6.7.2; https://bakingsecurityin.com"
198.54.114.83 - - [31/Mar/2025:08:45:06 -0400] "POST /wp-cron.php?doing_wp_cron=1743425105.8278939723968505859375 HTTP/1.1" 200 0 "-" "WordPress/6.7.2; https://bakingsecurityin.com"
51.222.253.3 - - [31/Mar/2025:08:45:05 -0400] "GET /mug-publicitaire-comment-concevoir-un-superbe-mug-publicitaire/ HTTP/1.1" 200 0 "-" "Mozilla/5.0 (compatible; AhrefsBot/7.0; +http://ahrefs.com/robot/)"
198.54.114.83 - - [31/Mar/2025:08:45:06 -0400] "POST /wp-admin/admin-ajax.php?action=async_litespeed&nonce=Kq7vZosZFlOBKENjaYmXpkijvhQJfVV6&litespeed_type=imgoptm HTTP/1.1" 200 5 "-" "WordPress/6.7.2; https://bakingsecurityin.com"
198.54.114.83 - - [31/Mar/2025:08:46:38 -0400] "POST /wp-cron.php?doing_wp_cron=1743425198.0242400169372558593750 HTTP/1.1" 200 0 "-" "WordPress/6.7.2; https://bakingsecurityin.com"
51.222.253.12 - - [31/Mar/2025:08:46:36 -0400] "GET /luxurious-living-redefined/ HTTP/1.1" 200 0 "-" "Mozilla/5.0 (compatible; AhrefsBot/7.0; +http://ahrefs.com/robot/)"
198.54.114.83 - - [31/Mar/2025:08:46:38 -0400] "POST /wp-admin/admin-ajax.php?action=async_litespeed&nonce=8hRD6o5gHX6wwt2fMfUNSzoEOy3Jz1Bm&litespeed_type=imgoptm HTTP/1.1" 200 5 "-" "WordPress/6.7.2; https://bakingsecurityin.com"
198.54.114.83 - - [31/Mar/2025:08:47:58 -0400] "POST /wp-cron.php?doing_wp_cron=1743425278.6797780990600585937500 HTTP/1.1" 200 0 "-" "WordPress/6.7.2; https://bakingsecurityin.com"
51.222.253.7 - - [31/Mar/2025:08:47:58 -0400] "GET /what-to-expect-from-a-professional-car-detailing-service/ HTTP/1.1" 200 0 "-" "Mozilla/5.0 (compatible; AhrefsBot/7.0; +http://ahrefs.com/robot/)"
198.54.114.83 - - [31/Mar/2025:08:47:59 -0400] "POST /wp-admin/admin-ajax.php?action=async_litespeed&nonce=7MToLb6hpwFidozsUBaZ3duxskdMvSrs&litespeed_type=imgoptm HTTP/1.1" 200 5 "-" "WordPress/6.7.2; https://bakingsecurityin.com"
198.54.114.83 - - [31/Mar/2025:08:49:25 -0400] "POST /wp-cron.php?doing_wp_cron=1743425365.2751429080963134765625 HTTP/1.1" 200 0 "-" "WordPress/6.7.2; https://bakingsecurityin.com"
51.222.253.6 - - [31/Mar/2025:08:49:23 -0400] "GET /how-to-develop-your-english-vocabulary/ HTTP/1.1" 200 0 "-" "Mozilla/5.0 (compatible; AhrefsBot/7.0; +http://ahrefs.com/robot/)"
198.54.114.83 - - [31/Mar/2025:08:49:25 -0400] "POST /wp-admin/admin-ajax.php?action=async_litespeed&nonce=iNA8LNqHBbyd8ENvR58taKieLkbZ1HRC&litespeed_type=imgoptm HTTP/1.1" 200 5 "-" "WordPress/6.7.2; https://bakingsecurityin.com"
58.254.68.93 - - [31/Mar/2025:08:49:28 -0400] "GET /how-to-style-street-wear-for-men/ HTTP/1.1" 200 0 "https://bakingsecurityin.com" "Mozilla/5.0 (Windows NT 10.0; Win64; x64) AppleWebKit/537.36 (KHTML, like Gecko) Chrome/62.0.3202.94 Safari/537.36"
198.54.114.83 - - [31/Mar/2025:08:49:44 -0400] "POST /wp-admin/admin-ajax.php?action=async_litespeed&nonce=jzD94hWtPlWQsadBAVKcGzPbAaPVRJTc&litespeed_type=imgoptm HTTP/1.1" 200 5 "-" "WordPress/6.7.2; https://bakingsecurityin.com"
198.54.114.83 - - [31/Mar/2025:08:50:38 -0400] "POST /wp-cron.php?doing_wp_cron=1743425438.6098730564117431640625 HTTP/1.1" 200 0 "-" "WordPress/6.7.2; https://bakingsecurityin.com"
51.222.253.13 - - [31/Mar/2025:08:50:38 -0400] "GET /steroid-use-in-canada-and-its-impact-on-health/ HTTP/1.1" 200 0 "-" "Mozilla/5.0 (compatible; AhrefsBot/7.0; +http://ahrefs.com/robot/)"
198.54.114.83 - - [31/Mar/2025:08:50:38 -0400] "POST /wp-admin/admin-ajax.php?action=async_litespeed&nonce=o7vBR4VWWwTdx56ZeJYERcUB3CbIinJQ&litespeed_type=imgoptm HTTP/1.1" 200 5 "-" "WordPress/6.7.2; https://bakingsecurityin.com"
198.54.114.83 - - [31/Mar/2025:08:51:59 -0400] "POST /wp-cron.php?doing_wp_cron=1743425519.5655190944671630859375 HTTP/1.1" 200 0 "-" "WordPress/6.7.2; https://bakingsecurityin.com"
51.222.253.13 - - [31/Mar/2025:08:51:59 -0400] "GET /lentor-mansion-where-nature-meets-modern-identity/ HTTP/1.1" 200 0 "-" "Mozilla/5.0 (compatible; AhrefsBot/7.0; +http://ahrefs.com/robot/)"
198.54.114.83 - - [31/Mar/2025:08:51:59 -0400] "POST /wp-admin/admin-ajax.php?action=async_litespeed&nonce=qlsu5RHa7rmGQX4L0ibWeHSw4VO7ZcfE&litespeed_type=imgoptm HTTP/1.1" 200 5 "-" "WordPress/6.7.2; https://bakingsecurityin.com"
198.54.114.83 - - [31/Mar/2025:08:53:22 -0400] "POST /wp-cron.php?doing_wp_cron=1743425602.6274919509887695312500 HTTP/1.1" 200 0 "-" "WordPress/6.7.2; https://bakingsecurityin.com"
51.222.253.8 - - [31/Mar/2025:08:53:21 -0400] "GET /games-for-memorable-outdoor-events/ HTTP/1.1" 200 0 "-" "Mozilla/5.0 (compatible; AhrefsBot/7.0; +http://ahrefs.com/robot/)"
198.54.114.83 - - [31/Mar/2025:08:53:23 -0400] "POST /wp-admin/admin-ajax.php?action=async_litespeed&nonce=zcSHbt6PIK5fFJ6UNCyqUoXjIZpysUPt&litespeed_type=imgoptm HTTP/1.1" 200 5 "-" "WordPress/6.7.2; https://bakingsecurityin.com"
198.54.114.83 - - [31/Mar/2025:08:54:40 -0400] "POST /wp-cron.php?doing_wp_cron=1743425680.2144699096679687500000 HTTP/1.1" 200 0 "-" "WordPress/6.7.2; https://bakingsecurityin.com"
51.222.253.14 - - [31/Mar/2025:08:54:40 -0400] "GET /golden-visa-lawyer-spain/ HTTP/1.1" 200 0 "-" "Mozilla/5.0 (compatible; AhrefsBot/7.0; +http://ahrefs.com/robot/)"
198.54.114.83 - - [31/Mar/2025:08:54:40 -0400] "POST /wp-admin/admin-ajax.php?action=async_litespeed&nonce=DWOpVJTREjetbx6wM9rDPnsrWtCt2I1M&litespeed_type=imgoptm HTTP/1.1" 200 5 "-" "WordPress/6.7.2; https://bakingsecurityin.com"
198.54.114.83 - - [31/Mar/2025:08:56:05 -0400] "POST /wp-cron.php?doing_wp_cron=1743425765.3352959156036376953125 HTTP/1.1" 200 0 "-" "WordPress/6.7.2; https://bakingsecurityin.com"
51.222.253.10 - - [31/Mar/2025:08:56:04 -0400] "GET /personnalisation-de-nappe-avec-logo-pour-salon-elegance-et-praticite/ HTTP/1.1" 200 0 "-" "Mozilla/5.0 (compatible; AhrefsBot/7.0; +http://ahrefs.com/robot/)"
198.54.114.83 - - [31/Mar/2025:08:56:05 -0400] "POST /wp-admin/admin-ajax.php?action=async_litespeed&nonce=6na62F2ECptzYXjRWPin0W5QFUNPZMLW&litespeed_type=imgoptm HTTP/1.1" 200 5 "-" "WordPress/6.7.2; https://bakingsecurityin.com"
198.54.114.83 - - [31/Mar/2025:08:57:38 -0400] "POST /wp-cron.php?doing_wp_cron=1743425857.9449980258941650390625 HTTP/1.1" 200 0 "-" "WordPress/6.7.2; https://bakingsecurityin.com"
51.222.253.5 - - [31/Mar/2025:08:57:36 -0400] "GET /biblioteca-y-archivos-de-centro-un-tesoro-escondido-para-la-historia-de-puerto-rico/ HTTP/1.1" 200 0 "-" "Mozilla/5.0 (compatible; AhrefsBot/7.0; +http://ahrefs.com/robot/)"
198.54.114.83 - - [31/Mar/2025:08:57:38 -0400] "POST /wp-admin/admin-ajax.php?action=async_litespeed&nonce=vMnC0diZLt6eW8ZmdXF7PgYcZuPu4Ocz&litespeed_type=imgoptm HTTP/1.1" 200 5 "-" "WordPress/6.7.2; https://bakingsecurityin.com"
198.54.114.83 - - [31/Mar/2025:08:58:33 -0400] "POST /wp-admin/admin-ajax.php?action=async_litespeed&nonce=Sh3QxtNSnZquuaHSOGXLgfyYZcl3FGNX&litespeed_type=imgoptm HTTP/1.1" 200 5 "-" "WordPress/6.7.2; https://bakingsecurityin.com"
51.222.253.14 - - [31/Mar/2025:08:59:05 -0400] "GET /stay-safe-with-the-help-of-a-locksmith-in-alexandria/ HTTP/1.1" 200 0 "-" "Mozilla/5.0 (compatible; AhrefsBot/7.0; +http://ahrefs.com/robot/)"
51.222.253.1 - - [31/Mar/2025:09:00:17 -0400] "GET /how-to-find-the-best-online-sports-betting-sites/ HTTP/1.1" 200 0 "-" "Mozilla/5.0 (compatible; AhrefsBot/7.0; +http://ahrefs.com/robot/)"
198.54.114.83 - - [31/Mar/2025:09:00:18 -0400] "POST /wp-admin/admin-ajax.php?action=async_litespeed&nonce=tPLgv01CdpkQLzFGrTtinyDEhs8aFYe4&litespeed_type=imgoptm HTTP/1.1" 200 5 "-" "WordPress/6.7.2; https://bakingsecurityin.com"
198.54.114.83 - - [31/Mar/2025:09:01:46 -0400] "POST /wp-cron.php?doing_wp_cron=1743426106.4579050540924072265625 HTTP/1.1" 200 0 "-" "WordPress/6.7.2; https://bakingsecurityin.com"
51.222.253.13 - - [31/Mar/2025:09:01:44 -0400] "GET /how-to-choose-a-belt-cutting-machine/ HTTP/1.1" 200 0 "-" "Mozilla/5.0 (compatible; AhrefsBot/7.0; +http://ahrefs.com/robot/)"
198.54.114.83 - - [31/Mar/2025:09:01:46 -0400] "POST /wp-admin/admin-ajax.php?action=async_litespeed&nonce=ikn4dOIJhtC3EVdWfjTVqqVHwth72yKH&litespeed_type=imgoptm HTTP/1.1" 200 5 "-" "WordPress/6.7.2; https://bakingsecurityin.com"
198.54.114.83 - - [31/Mar/2025:09:02:43 -0400] "POST /wp-admin/admin-ajax.php?action=async_litespeed&nonce=Oy38GCHjtaYxfrd6jG8i6utC57J0kuPd&litespeed_type=imgoptm HTTP/1.1" 200 5 "-" "WordPress/6.7.2; https://bakingsecurityin.com"
51.222.253.7 - - [31/Mar/2025:09:03:04 -0400] "GET /are-peptides-good-for-skin/ HTTP/1.1" 200 0 "-" "Mozilla/5.0 (compatible; AhrefsBot/7.0; +http://ahrefs.com/robot/)"
198.54.114.83 - - [31/Mar/2025:09:04:29 -0400] "POST /wp-cron.php?doing_wp_cron=1743426269.3612990379333496093750 HTTP/1.1" 200 0 "-" "WordPress/6.7.2; https://bakingsecurityin.com"
51.222.253.5 - - [31/Mar/2025:09:04:27 -0400] "GET /smart-lighting-solutions/ HTTP/1.1" 200 0 "-" "Mozilla/5.0 (compatible; AhrefsBot/7.0; +http://ahrefs.com/robot/)"
198.54.114.83 - - [31/Mar/2025:09:04:29 -0400] "POST /wp-admin/admin-ajax.php?action=async_litespeed&nonce=JqrjDAnGdMtJUrJE228LqyBDIzlnFLU9&litespeed_type=imgoptm HTTP/1.1" 200 5 "-" "WordPress/6.7.2; https://bakingsecurityin.com"
198.54.114.83 - - [31/Mar/2025:09:05:44 -0400] "POST /wp-cron.php?doing_wp_cron=1743426344.2686910629272460937500 HTTP/1.1" 200 0 "-" "WordPress/6.7.2; https://bakingsecurityin.com"
51.222.253.17 - - [31/Mar/2025:09:05:43 -0400] "GET /searching-people-by-business-name-144/ HTTP/1.1" 200 0 "-" "Mozilla/5.0 (compatible; AhrefsBot/7.0; +http://ahrefs.com/robot/)"
198.54.114.83 - - [31/Mar/2025:09:05:44 -0400] "POST /wp-admin/admin-ajax.php?action=async_litespeed&nonce=1xyIZbkfWguckaFm6fiDYdHbTfbB1w6Y&litespeed_type=imgoptm HTTP/1.1" 200 5 "-" "WordPress/6.7.2; https://bakingsecurityin.com"
198.54.114.83 - - [31/Mar/2025:09:07:02 -0400] "POST /wp-cron.php?doing_wp_cron=1743426422.0863430500030517578125 HTTP/1.1" 200 0 "-" "WordPress/6.7.2; https://bakingsecurityin.com"
51.222.253.13 - - [31/Mar/2025:09:07:01 -0400] "GET /how-to-prevent-thread-galling/ HTTP/1.1" 200 0 "-" "Mozilla/5.0 (compatible; AhrefsBot/7.0; +http://ahrefs.com/robot/)"
198.54.114.83 - - [31/Mar/2025:09:07:02 -0400] "POST /wp-admin/admin-ajax.php?action=async_litespeed&nonce=FtRYTxfIq6LQnpKqjEHbkNXeqCFlyh03&litespeed_type=imgoptm HTTP/1.1" 200 5 "-" "WordPress/6.7.2; https://bakingsecurityin.com"
198.54.114.83 - - [31/Mar/2025:09:08:36 -0400] "POST /wp-cron.php?doing_wp_cron=1743426516.0321929454803466796875 HTTP/1.1" 200 0 "-" "WordPress/6.7.2; https://bakingsecurityin.com"
51.222.253.2 - - [31/Mar/2025:09:08:35 -0400] "GET /commercial-locksmith-services/ HTTP/1.1" 200 0 "-" "Mozilla/5.0 (compatible; AhrefsBot/7.0; +http://ahrefs.com/robot/)"
198.54.114.83 - - [31/Mar/2025:09:08:36 -0400] "POST /wp-admin/admin-ajax.php?action=async_litespeed&nonce=0zADczHGAxx4Fw2N9FqkuAIkWvLhcsSa&litespeed_type=imgoptm HTTP/1.1" 200 5 "-" "WordPress/6.7.2; https://bakingsecurityin.com"
198.54.114.83 - - [31/Mar/2025:09:10:10 -0400] "POST /wp-cron.php?doing_wp_cron=1743426610.7581319808959960937500 HTTP/1.1" 200 0 "-" "WordPress/6.7.2; https://bakingsecurityin.com"
51.222.253.20 - - [31/Mar/2025:09:10:09 -0400] "GET /why-should-children-be-encouraged-to-play-soccer/ HTTP/1.1" 200 0 "-" "Mozilla/5.0 (compatible; AhrefsBot/7.0; +http://ahrefs.com/robot/)"
198.54.114.83 - - [31/Mar/2025:09:10:11 -0400] "POST /wp-admin/admin-ajax.php?action=async_litespeed&nonce=EdZ545mJLYAM9lZARyy2TjCJ13BkxMw9&litespeed_type=imgoptm HTTP/1.1" 200 5 "-" "WordPress/6.7.2; https://bakingsecurityin.com"
198.54.114.83 - - [31/Mar/2025:09:11:38 -0400] "POST /wp-cron.php?doing_wp_cron=1743426698.7493669986724853515625 HTTP/1.1" 200 0 "-" "WordPress/6.7.2; https://bakingsecurityin.com"
51.222.253.11 - - [31/Mar/2025:09:11:37 -0400] "GET /georgia-lawyers/ HTTP/1.1" 200 0 "-" "Mozilla/5.0 (compatible; AhrefsBot/7.0; +http://ahrefs.com/robot/)"
198.54.114.83 - - [31/Mar/2025:09:11:39 -0400] "POST /wp-admin/admin-ajax.php?action=async_litespeed&nonce=w7LCL6TF6IDu1LDyfTRXvDCszfDkNXSp&litespeed_type=imgoptm HTTP/1.1" 200 5 "-" "WordPress/6.7.2; https://bakingsecurityin.com"
198.54.114.83 - - [31/Mar/2025:09:13:07 -0400] "POST /wp-cron.php?doing_wp_cron=1743426787.3472330570220947265625 HTTP/1.1" 200 0 "-" "WordPress/6.7.2; https://bakingsecurityin.com"
51.222.253.13 - - [31/Mar/2025:09:13:06 -0400] "GET /get-the-right-commercial-refrigerator-for-your-new-restaurant/ HTTP/1.1" 200 0 "-" "Mozilla/5.0 (compatible; AhrefsBot/7.0; +http://ahrefs.com/robot/)"
198.54.114.83 - - [31/Mar/2025:09:13:07 -0400] "POST /wp-admin/admin-ajax.php?action=async_litespeed&nonce=dwQBj1nrJA5o6SNZAa7n0yvlFRr6PFUp&litespeed_type=imgoptm HTTP/1.1" 200 5 "-" "WordPress/6.7.2; https://bakingsecurityin.com"
198.54.114.83 - - [31/Mar/2025:09:14:40 -0400] "POST /wp-cron.php?doing_wp_cron=1743426880.3553988933563232421875 HTTP/1.1" 200 0 "-" "WordPress/6.7.2; https://bakingsecurityin.com"
51.222.253.12 - - [31/Mar/2025:09:14:39 -0400] "GET /how-do-i-know-im-a-real-estate-investor/ HTTP/1.1" 200 0 "-" "Mozilla/5.0 (compatible; AhrefsBot/7.0; +http://ahrefs.com/robot/)"
198.54.114.83 - - [31/Mar/2025:09:14:40 -0400] "POST /wp-admin/admin-ajax.php?action=async_litespeed&nonce=UejL0VuDViI3fs0OAts9ZU5enBIGulDJ&litespeed_type=imgoptm HTTP/1.1" 200 5 "-" "WordPress/6.7.2; https://bakingsecurityin.com"
185.191.171.19 - - [31/Mar/2025:09:16:05 -0400] "GET /robots.txt HTTP/1.1" 304 0 "-" "Mozilla/5.0 (compatible; SemrushBot/7~bl; +http://www.semrush.com/bot.html)"
85.208.96.207 - - [31/Mar/2025:09:16:06 -0400] "GET /epilation-au-laser-a-rouen/ HTTP/1.1" 200 0 "-" "Mozilla/5.0 (compatible; SemrushBot/7~bl; +http://www.semrush.com/bot.html)"
198.54.114.83 - - [31/Mar/2025:09:16:10 -0400] "POST /wp-cron.php?doing_wp_cron=1743426970.0978109836578369140625 HTTP/1.1" 200 0 "-" "WordPress/6.7.2; https://bakingsecurityin.com"
51.222.253.8 - - [31/Mar/2025:09:16:09 -0400] "GET /where-to-grab-the-cheapest-property-in-the-italian-lakes/ HTTP/1.1" 200 0 "-" "Mozilla/5.0 (compatible; AhrefsBot/7.0; +http://ahrefs.com/robot/)"
198.54.114.83 - - [31/Mar/2025:09:16:10 -0400] "POST /wp-admin/admin-ajax.php?action=async_litespeed&nonce=PdpP0TqPoYOCrtqsDNlyOYEEMJ5ujH7E&litespeed_type=imgoptm HTTP/1.1" 200 5 "-" "WordPress/6.7.2; https://bakingsecurityin.com"
198.54.114.83 - - [31/Mar/2025:09:17:40 -0400] "POST /wp-cron.php?doing_wp_cron=1743427060.1819610595703125000000 HTTP/1.1" 200 0 "-" "WordPress/6.7.2; https://bakingsecurityin.com"
51.222.253.5 - - [31/Mar/2025:09:17:39 -0400] "GET /bijoux-de-lait-maternel/ HTTP/1.1" 200 0 "-" "Mozilla/5.0 (compatible; AhrefsBot/7.0; +http://ahrefs.com/robot/)"
198.54.114.83 - - [31/Mar/2025:09:17:40 -0400] "POST /wp-admin/admin-ajax.php?action=async_litespeed&nonce=ZhSuj3rceo8g33Dl4bfxfUwL3BtWM11A&litespeed_type=imgoptm HTTP/1.1" 200 5 "-" "WordPress/6.7.2; https://bakingsecurityin.com"
198.54.114.83 - - [31/Mar/2025:09:19:06 -0400] "POST /wp-cron.php?doing_wp_cron=1743427146.8499889373779296875000 HTTP/1.1" 200 0 "-" "WordPress/6.7.2; https://bakingsecurityin.com"
51.222.253.11 - - [31/Mar/2025:09:19:05 -0400] "GET /affordable-adu-builds-in-eugene-oregon/ HTTP/1.1" 200 0 "-" "Mozilla/5.0 (compatible; AhrefsBot/7.0; +http://ahrefs.com/robot/)"
198.54.114.83 - - [31/Mar/2025:09:19:07 -0400] "POST /wp-admin/admin-ajax.php?action=async_litespeed&nonce=pJ0wtEaKu7HCgn42Ojhtit216jPzpFXm&litespeed_type=imgoptm HTTP/1.1" 200 5 "-" "WordPress/6.7.2; https://bakingsecurityin.com"
198.54.114.83 - - [31/Mar/2025:09:19:55 -0400] "POST /wp-admin/admin-ajax.php?action=async_litespeed&nonce=PoDLpSlyN7bIa0FaFkWhRHVgadXnIMa6&litespeed_type=imgoptm HTTP/1.1" 200 5 "-" "WordPress/6.7.2; https://bakingsecurityin.com"
198.54.114.83 - - [31/Mar/2025:09:20:35 -0400] "POST /wp-cron.php?doing_wp_cron=1743427235.6430559158325195312500 HTTP/1.1" 200 0 "-" "WordPress/6.7.2; https://bakingsecurityin.com"
51.222.253.7 - - [31/Mar/2025:09:20:35 -0400] "GET /luxe-living-unveiling-the-emerald-of-katong-condo/ HTTP/1.1" 200 0 "-" "Mozilla/5.0 (compatible; AhrefsBot/7.0; +http://ahrefs.com/robot/)"
198.54.114.83 - - [31/Mar/2025:09:20:35 -0400] "POST /wp-admin/admin-ajax.php?action=async_litespeed&nonce=kTD2NL1dQTt5qSEk7kVQD7gsMPfRzTES&litespeed_type=imgoptm HTTP/1.1" 200 5 "-" "WordPress/6.7.2; https://bakingsecurityin.com"
198.54.114.83 - - [31/Mar/2025:09:21:57 -0400] "POST /wp-cron.php?doing_wp_cron=1743427317.4813249111175537109375 HTTP/1.1" 200 0 "-" "WordPress/6.7.2; https://bakingsecurityin.com"
51.222.253.13 - - [31/Mar/2025:09:21:57 -0400] "GET /real-estate-investing-total-asset-protection-real-estate-investing-total-asset-protection-guide/ HTTP/1.1" 200 0 "-" "Mozilla/5.0 (compatible; AhrefsBot/7.0; +http://ahrefs.com/robot/)"
198.54.114.83 - - [31/Mar/2025:09:21:57 -0400] "POST /wp-admin/admin-ajax.php?action=async_litespeed&nonce=fHewJ2WxwJhqZKF6YngWveuIq6hqMuXN&litespeed_type=imgoptm HTTP/1.1" 200 5 "-" "WordPress/6.7.2; https://bakingsecurityin.com"
198.54.114.83 - - [31/Mar/2025:09:22:34 -0400] "POST /wp-cron.php?doing_wp_cron=1743427354.1722269058227539062500 HTTP/1.1" 200 0 "-" "WordPress/6.7.2; https://bakingsecurityin.com"
185.191.171.17 - - [31/Mar/2025:09:22:34 -0400] "GET /korean-private-label-skincare/ HTTP/1.1" 200 0 "-" "Mozilla/5.0 (compatible; SemrushBot/7~bl; +http://www.semrush.com/bot.html)"
198.54.114.83 - - [31/Mar/2025:09:22:34 -0400] "POST /wp-admin/admin-ajax.php?action=async_litespeed&nonce=tLxgN1L7e7dPTlw47GU88wtZmCXtkCNi&litespeed_type=imgoptm HTTP/1.1" 200 5 "-" "WordPress/6.7.2; https://bakingsecurityin.com"
40.77.167.60 - - [31/Mar/2025:09:22:38 -0400] "GET /unveiling-the-holistic-approach-of-osteopathy-in-dubai/feed/ HTTP/1.1" 200 428 "-" "Mozilla/5.0 AppleWebKit/537.36 (KHTML, like Gecko; compatible; bingbot/2.0; +http://www.bing.com/bingbot.htm) Chrome/116.0.1938.76 Safari/537.36"
51.222.253.16 - - [31/Mar/2025:09:23:23 -0400] "GET /revamp-your-space-with-expert-bathroom-renovations-in-melbournes-western-suburbs/ HTTP/1.1" 200 0 "-" "Mozilla/5.0 (compatible; AhrefsBot/7.0; +http://ahrefs.com/robot/)"
198.54.114.83 - - [31/Mar/2025:09:24:53 -0400] "POST /wp-cron.php?doing_wp_cron=1743427492.9567360877990722656250 HTTP/1.1" 200 0 "-" "WordPress/6.7.2; https://bakingsecurityin.com"
51.222.253.10 - - [31/Mar/2025:09:24:50 -0400] "GET /heat-pump-dehydrator/ HTTP/1.1" 200 0 "-" "Mozilla/5.0 (compatible; AhrefsBot/7.0; +http://ahrefs.com/robot/)"
198.54.114.83 - - [31/Mar/2025:09:24:53 -0400] "POST /wp-admin/admin-ajax.php?action=async_litespeed&nonce=mIMKnvL6BylTNt1MFyitE2z2rqfyZv1M&litespeed_type=imgoptm HTTP/1.1" 200 5 "-" "WordPress/6.7.2; https://bakingsecurityin.com"
198.54.114.83 - - [31/Mar/2025:09:26:05 -0400] "POST /wp-admin/admin-ajax.php?action=async_litespeed&nonce=q4hVSc3ZOtlapC0sXmK5n4teUO3IKqZL&litespeed_type=imgoptm HTTP/1.1" 200 5 "-" "WordPress/6.7.2; https://bakingsecurityin.com"
51.222.253.15 - - [31/Mar/2025:09:26:12 -0400] "GET /security-of-usb-ports-and-blaze-drives-issues-and-arrangements/ HTTP/1.1" 200 0 "-" "Mozilla/5.0 (compatible; AhrefsBot/7.0; +http://ahrefs.com/robot/)"
198.54.114.83 - - [31/Mar/2025:09:27:43 -0400] "POST /wp-cron.php?doing_wp_cron=1743427663.7514579296112060546875 HTTP/1.1" 200 0 "-" "WordPress/6.7.2; https://bakingsecurityin.com"
51.222.253.19 - - [31/Mar/2025:09:27:42 -0400] "GET /tiled-conservatory-roofs/ HTTP/1.1" 200 0 "-" "Mozilla/5.0 (compatible; AhrefsBot/7.0; +http://ahrefs.com/robot/)"
198.54.114.83 - - [31/Mar/2025:09:27:44 -0400] "POST /wp-admin/admin-ajax.php?action=async_litespeed&nonce=LdobYF5UcRRK4xQrnEjJv83rGGtfXaTZ&litespeed_type=imgoptm HTTP/1.1" 200 5 "-" "WordPress/6.7.2; https://bakingsecurityin.com"
3.144.113.235 - - [31/Mar/2025:09:29:04 -0400] "GET /robots.txt HTTP/1.1" 304 0 "-" "Mozilla/5.0 AppleWebKit/537.36 (KHTML, like Gecko; compatible; ClaudeBot/1.0; +claudebot@anthropic.com)"
198.54.114.83 - - [31/Mar/2025:09:29:05 -0400] "POST /wp-cron.php?doing_wp_cron=1743427745.0069379806518554687500 HTTP/1.1" 200 0 "-" "WordPress/6.7.2; https://bakingsecurityin.com"
3.144.113.235 - - [31/Mar/2025:09:29:04 -0400] "GET /smart-lighting-solutions HTTP/1.1" 301 0 "-" "Mozilla/5.0 AppleWebKit/537.36 (KHTML, like Gecko; compatible; ClaudeBot/1.0; +claudebot@anthropic.com)"
3.144.113.235 - - [31/Mar/2025:09:29:05 -0400] "GET /smart-lighting-solutions/ HTTP/1.1" 200 0 "https://bakingsecurityin.com/smart-lighting-solutions" "Mozilla/5.0 AppleWebKit/537.36 (KHTML, like Gecko; compatible; ClaudeBot/1.0; +claudebot@anthropic.com)"
198.54.114.83 - - [31/Mar/2025:09:29:05 -0400] "POST /wp-admin/admin-ajax.php?action=async_litespeed&nonce=FCo8Gob0to8nT0QuYbwl9VlSlaDLmmb6&litespeed_type=imgoptm HTTP/1.1" 200 5 "-" "WordPress/6.7.2; https://bakingsecurityin.com"
198.54.114.83 - - [31/Mar/2025:09:29:08 -0400] "POST /wp-cron.php?doing_wp_cron=1743427747.9493041038513183593750 HTTP/1.1" 200 0 "-" "WordPress/6.7.2; https://bakingsecurityin.com"
51.222.253.16 - - [31/Mar/2025:09:29:07 -0400] "GET /career-change-strategies/ HTTP/1.1" 200 0 "-" "Mozilla/5.0 (compatible; AhrefsBot/7.0; +http://ahrefs.com/robot/)"
198.54.114.83 - - [31/Mar/2025:09:30:55 -0400] "POST /wp-cron.php?doing_wp_cron=1743427855.3917999267578125000000 HTTP/1.1" 200 0 "-" "WordPress/6.7.2; https://bakingsecurityin.com"
51.222.253.20 - - [31/Mar/2025:09:30:53 -0400] "GET /buy-zaza-red/ HTTP/1.1" 200 0 "-" "Mozilla/5.0 (compatible; AhrefsBot/7.0; +http://ahrefs.com/robot/)"
198.54.114.83 - - [31/Mar/2025:09:30:55 -0400] "POST /wp-admin/admin-ajax.php?action=async_litespeed&nonce=tLIH4XaiouBRMkCeWqnie9aEcYtpuhsO&litespeed_type=imgoptm HTTP/1.1" 200 5 "-" "WordPress/6.7.2; https://bakingsecurityin.com"
198.54.114.83 - - [31/Mar/2025:09:31:59 -0400] "POST /wp-cron.php?doing_wp_cron=1743427919.1049499511718750000000 HTTP/1.1" 200 0 "-" "WordPress/6.7.2; https://bakingsecurityin.com"
51.222.253.17 - - [31/Mar/2025:09:31:58 -0400] "GET /cooling-towers-the-industrial-workhorses/ HTTP/1.1" 200 0 "-" "Mozilla/5.0 (compatible; AhrefsBot/7.0; +http://ahrefs.com/robot/)"
198.54.114.83 - - [31/Mar/2025:09:32:00 -0400] "POST /wp-admin/admin-ajax.php?action=async_litespeed&nonce=VsSTABK9bd9rE1Jmd5SFsw6xdAt78WFV&litespeed_type=imgoptm HTTP/1.1" 200 5 "-" "WordPress/6.7.2; https://bakingsecurityin.com"
85.208.96.210 - - [31/Mar/2025:09:33:01 -0400] "GET /revolutionizing-kitchen-convenience-the-instant-hot-and-cold-water-tap/ HTTP/1.1" 200 0 "-" "Mozilla/5.0 (compatible; SemrushBot/7~bl; +http://www.semrush.com/bot.html)"
198.54.114.83 - - [31/Mar/2025:09:33:27 -0400] "POST /wp-cron.php?doing_wp_cron=1743428007.6472671031951904296875 HTTP/1.1" 200 0 "-" "WordPress/6.7.2; https://bakingsecurityin.com"
51.222.253.3 - - [31/Mar/2025:09:33:26 -0400] "GET /secure-electronic-warrant-applications-with-berkones-ewi-ewarrant-software/ HTTP/1.1" 200 0 "-" "Mozilla/5.0 (compatible; AhrefsBot/7.0; +http://ahrefs.com/robot/)"
198.54.114.83 - - [31/Mar/2025:09:33:28 -0400] "POST /wp-admin/admin-ajax.php?action=async_litespeed&nonce=R7RkF15aHOPgzHx4Umcts39V6oZQQekF&litespeed_type=imgoptm HTTP/1.1" 200 5 "-" "WordPress/6.7.2; https://bakingsecurityin.com"
17.241.75.230 - - [31/Mar/2025:09:34:18 -0400] "GET /robots.txt HTTP/1.1" 200 98 "-" "Mozilla/5.0 (Macintosh; Intel Mac OS X 10_15_7) AppleWebKit/605.1.15 (KHTML, like Gecko) Version/17.4 Safari/605.1.15 (Applebot/0.1; +http://www.apple.com/go/applebot)"
198.54.114.83 - - [31/Mar/2025:09:34:19 -0400] "POST /wp-cron.php?doing_wp_cron=1743428059.1231889724731445312500 HTTP/1.1" 200 0 "-" "WordPress/6.7.2; https://bakingsecurityin.com"
17.241.75.230 - - [31/Mar/2025:09:34:18 -0400] "GET / HTTP/1.1" 200 0 "-" "Mozilla/5.0 (Macintosh; Intel Mac OS X 10_15_7) AppleWebKit/605.1.15 (KHTML, like Gecko) Version/17.4 Safari/605.1.15 (Applebot/0.1; +http://www.apple.com/go/applebot)"
198.54.114.83 - - [31/Mar/2025:09:34:20 -0400] "POST /wp-admin/admin-ajax.php?action=async_litespeed&nonce=n2PXPgA1QQBvpnPEGwxOhsQ64Cq5F6Vo&litespeed_type=imgoptm HTTP/1.1" 200 5 "-" "WordPress/6.7.2; https://bakingsecurityin.com"
185.191.171.8 - - [31/Mar/2025:09:34:26 -0400] "GET /unlocking-the-power-of-residential-proxies/ HTTP/1.1" 200 0 "-" "Mozilla/5.0 (compatible; SemrushBot/7~bl; +http://www.semrush.com/bot.html)"
198.54.114.83 - - [31/Mar/2025:09:34:57 -0400] "POST /wp-cron.php?doing_wp_cron=1743428097.3998010158538818359375 HTTP/1.1" 200 0 "-" "WordPress/6.7.2; https://bakingsecurityin.com"
51.222.253.8 - - [31/Mar/2025:09:34:57 -0400] "GET /revolutionizing-manufacturing-inside-the-brush-machine-factory/feed/ HTTP/1.1" 200 431 "-" "Mozilla/5.0 (compatible; AhrefsBot/7.0; +http://ahrefs.com/robot/)"
198.54.114.83 - - [31/Mar/2025:09:34:57 -0400] "POST /wp-admin/admin-ajax.php?action=async_litespeed&nonce=0ZZlwLILIopuIxRC7nmck6DEIxnbUMUh&litespeed_type=imgoptm HTTP/1.1" 200 5 "-" "WordPress/6.7.2; https://bakingsecurityin.com"
198.54.114.83 - - [31/Mar/2025:09:36:50 -0400] "POST /wp-cron.php?doing_wp_cron=1743428210.1410610675811767578125 HTTP/1.1" 200 0 "-" "WordPress/6.7.2; https://bakingsecurityin.com"
51.222.253.12 - - [31/Mar/2025:09:36:48 -0400] "GET /the-benefits-of-insulation-duct/ HTTP/1.1" 200 0 "-" "Mozilla/5.0 (compatible; AhrefsBot/7.0; +http://ahrefs.com/robot/)"
198.54.114.83 - - [31/Mar/2025:09:36:50 -0400] "POST /wp-admin/admin-ajax.php?action=async_litespeed&nonce=Zjsso2g7ztmk0VYR8JbtWq9jpFXQYRTs&litespeed_type=imgoptm HTTP/1.1" 200 5 "-" "WordPress/6.7.2; https://bakingsecurityin.com"
37.27.132.172 - - [31/Mar/2025:09:37:09 -0400] "GET /the-omnivoid-xr/ HTTP/1.1" 200 0 "-" "Mozilla/5.0 (Macintosh; Intel Mac OS X 12.5; rv:114.0) Gecko/20100101 Firefox/114.0"
58.254.68.93 - - [31/Mar/2025:09:37:29 -0400] "GET /how-to-style-street-wear-for-men/ HTTP/1.1" 200 0 "https://bakingsecurityin.com" "Mozilla/5.0 (Windows NT 10.0; Win64; x64) AppleWebKit/537.36 (KHTML, like Gecko) Chrome/62.0.3202.94 Safari/537.36"
198.54.114.83 - - [31/Mar/2025:09:37:54 -0400] "POST /wp-cron.php?doing_wp_cron=1743428274.6224529743194580078125 HTTP/1.1" 200 0 "-" "WordPress/6.7.2; https://bakingsecurityin.com"
185.191.171.8 - - [31/Mar/2025:09:37:54 -0400] "GET /top-5-coworking-spaces-in-singapore/ HTTP/1.1" 200 0 "-" "Mozilla/5.0 (compatible; SemrushBot/7~bl; +http://www.semrush.com/bot.html)"
198.54.114.83 - - [31/Mar/2025:09:37:54 -0400] "POST /wp-admin/admin-ajax.php?action=async_litespeed&nonce=ij5epAL57fzpZRcbJvqnhbguFj6IbUW3&litespeed_type=imgoptm HTTP/1.1" 200 5 "-" "WordPress/6.7.2; https://bakingsecurityin.com"
51.222.253.16 - - [31/Mar/2025:09:38:00 -0400] "GET /betting-shops-open-nearest-to-me-now/ HTTP/1.1" 200 0 "-" "Mozilla/5.0 (compatible; AhrefsBot/7.0; +http://ahrefs.com/robot/)"
18.188.103.42 - - [31/Mar/2025:09:38:03 -0400] "GET /find-a-curly-hair-salon-that-works-with-your-unique-ringlet-pattern HTTP/1.1" 301 0 "-" "Mozilla/5.0 AppleWebKit/537.36 (KHTML, like Gecko; compatible; ClaudeBot/1.0; +claudebot@anthropic.com)"
18.188.103.42 - - [31/Mar/2025:09:38:03 -0400] "GET /find-a-curly-hair-salon-that-works-with-your-unique-ringlet-pattern/ HTTP/1.1" 200 0 "https://bakingsecurityin.com/find-a-curly-hair-salon-that-works-with-your-unique-ringlet-pattern" "Mozilla/5.0 AppleWebKit/537.36 (KHTML, like Gecko; compatible; ClaudeBot/1.0; +claudebot@anthropic.com)"
84.54.44.30 - - [31/Mar/2025:09:39:13 -0400] "GET /a-journey-into-skincare/ HTTP/1.1" 200 0 "https://bakingsecurityin.com/a-journey-into-skincare/" "Mozilla/5.0 (Windows NT 10.0; Win64; x64) AppleWebKit/537.36 (KHTML, like Gecko) Chrome/130.0.0.0 Safari/537.36"
198.54.114.83 - - [31/Mar/2025:09:39:15 -0400] "POST /wp-cron.php?doing_wp_cron=1743428355.6451339721679687500000 HTTP/1.1" 200 0 "-" "WordPress/6.7.2; https://bakingsecurityin.com"
84.54.44.30 - - [31/Mar/2025:09:39:15 -0400] "GET / HTTP/1.1" 200 0 "https://bakingsecurityin.com/" "Mozilla/5.0 (Windows NT 10.0; Win64; x64) AppleWebKit/537.36 (KHTML, like Gecko) Chrome/130.0.0.0 Safari/537.36"
198.54.114.83 - - [31/Mar/2025:09:39:16 -0400] "POST /wp-admin/admin-ajax.php?action=async_litespeed&nonce=sjFL4ifs8oa3vVNb3huDqEH91XF2FVTh&litespeed_type=imgoptm HTTP/1.1" 200 5 "-" "WordPress/6.7.2; https://bakingsecurityin.com"
198.54.114.83 - - [31/Mar/2025:09:39:37 -0400] "POST /wp-cron.php?doing_wp_cron=1743428377.6959559917449951171875 HTTP/1.1" 200 0 "-" "WordPress/6.7.2; https://bakingsecurityin.com"
51.222.253.13 - - [31/Mar/2025:09:39:37 -0400] "GET /pert-pipe-manufacturer-2/ HTTP/1.1" 200 0 "-" "Mozilla/5.0 (compatible; AhrefsBot/7.0; +http://ahrefs.com/robot/)"
198.54.114.83 - - [31/Mar/2025:09:39:38 -0400] "POST /wp-admin/admin-ajax.php?action=async_litespeed&nonce=O2p0eqQplOTluzWfF5f4WU3egNeKpKah&litespeed_type=imgoptm HTTP/1.1" 200 5 "-" "WordPress/6.7.2; https://bakingsecurityin.com"
198.54.114.83 - - [31/Mar/2025:09:41:08 -0400] "POST /wp-cron.php?doing_wp_cron=1743428468.8264069557189941406250 HTTP/1.1" 200 0 "-" "WordPress/6.7.2; https://bakingsecurityin.com"
