136.243.228.180 - - [14/Apr/2025:08:04:42 -0400] "GET /items/qxusp160/29836?key=arrest HTTP/1.1" 500 1245 "-" "Mozilla/5.0 (compatible; DataForSeoBot/1.0; +https://dataforseo.com/dataforseo-bot)"
65.21.113.206 - - [14/Apr/2025:08:04:42 -0400] "GET /search.php?m175031998?srsltid=AfmBOoPsPoBlUzxNjlYnJL_16LeICQGnf_Ixmpt3oL-Z-htFsfyqiN HTTP/1.1" 200 108908 "-" "Mozilla/5.0 (compatible; AwarioBot/1.0; +https://awario.com/bots.html)"
52.184.145.216 - - [14/Apr/2025:08:04:44 -0400] "GET /wp-includes/css/dist/edit-site/ HTTP/1.1" 200 1296 "-" "-"
52.184.145.216 - - [14/Apr/2025:08:04:45 -0400] "GET /crop.php HTTP/1.1" 301 21 "-" "-"
52.184.145.216 - - [14/Apr/2025:08:04:45 -0400] "GET /crop.php HTTP/1.1" 500 1245 "-" "-"
20.171.207.13 - - [14/Apr/2025:08:04:45 -0400] "GET /items/bbygc183/35911?key=director HTTP/1.1" 500 1245 "-" "Mozilla/5.0 AppleWebKit/537.36 (KHTML, like Gecko; compatible; GPTBot/1.2; +https://openai.com/gptbot)"
52.184.145.216 - - [14/Apr/2025:08:04:46 -0400] "GET /wp-content/plugins/erin/yani/ HTTP/1.1" 301 21 "-" "-"
136.243.228.180 - - [14/Apr/2025:08:04:46 -0400] "GET /items/cjuig240/46036?key=repeatedly HTTP/1.1" 500 1245 "-" "Mozilla/5.0 (compatible; DataForSeoBot/1.0; +https://dataforseo.com/dataforseo-bot)"
52.184.145.216 - - [14/Apr/2025:08:04:46 -0400] "GET /wp-content/plugins/erin/yani/ HTTP/1.1" 500 1245 "-" "-"
65.21.113.206 - - [14/Apr/2025:08:04:46 -0400] "GET /search.php?m175042254?srsltid=AfmBOoVfreeIloGnF7RrYj_fedNsRnK0d_5V6traYb-W-JFwPMsAI2 HTTP/1.1" 200 108768 "-" "Mozilla/5.0 (compatible; AwarioBot/1.0; +https://awario.com/bots.html)"
52.184.145.216 - - [14/Apr/2025:08:04:47 -0400] "GET /config_load.php HTTP/1.1" 301 21 "-" "-"
52.184.145.216 - - [14/Apr/2025:08:04:47 -0400] "GET /config_load.php HTTP/1.1" 500 1245 "-" "-"
52.184.145.216 - - [14/Apr/2025:08:04:48 -0400] "GET /wp-content/plugins/about HTTP/1.1" 301 21 "-" "-"
52.184.145.216 - - [14/Apr/2025:08:04:48 -0400] "GET /wp-content/plugins/about HTTP/1.1" 500 1245 "-" "-"
52.184.145.216 - - [14/Apr/2025:08:04:49 -0400] "GET /.well-known/uploads HTTP/1.1" 301 21 "-" "-"
52.184.145.216 - - [14/Apr/2025:08:04:49 -0400] "GET /.well-known/uploads HTTP/1.1" 500 1245 "-" "-"
136.243.228.180 - - [14/Apr/2025:08:04:50 -0400] "GET /items/gbwjf86/27486?key=date HTTP/1.1" 500 1245 "-" "Mozilla/5.0 (compatible; DataForSeoBot/1.0; +https://dataforseo.com/dataforseo-bot)"
52.184.145.216 - - [14/Apr/2025:08:04:50 -0400] "GET /wp-content/plugins/vmgbzgi/ HTTP/1.1" 301 21 "-" "-"
52.184.145.216 - - [14/Apr/2025:08:04:51 -0400] "GET /wp-content/plugins/vmgbzgi/ HTTP/1.1" 500 1245 "-" "-"
65.21.113.206 - - [14/Apr/2025:08:04:51 -0400] "GET /search.php?m175048576?srsltid=AfmBOoezzKZZTDnVMuZYxs_0MdHZMOWOH_F7etF1S1-I-3wXrCr3h0 HTTP/1.1" 200 109495 "-" "Mozilla/5.0 (compatible; AwarioBot/1.0; +https://awario.com/bots.html)"
52.184.145.216 - - [14/Apr/2025:08:04:52 -0400] "GET /img/about.php HTTP/1.1" 301 21 "-" "-"
52.184.145.216 - - [14/Apr/2025:08:04:53 -0400] "GET /img/about.php HTTP/1.1" 500 1245 "-" "-"
52.184.145.216 - - [14/Apr/2025:08:04:53 -0400] "GET /wp-includes/log404.php HTTP/1.1" 301 21 "-" "-"
136.243.228.180 - - [14/Apr/2025:08:04:54 -0400] "GET /items/wbyun225/33946?key=personally HTTP/1.1" 500 1245 "-" "Mozilla/5.0 (compatible; DataForSeoBot/1.0; +https://dataforseo.com/dataforseo-bot)"
52.184.145.216 - - [14/Apr/2025:08:04:54 -0400] "GET /wp-includes/log404.php HTTP/1.1" 500 1245 "-" "-"
65.21.113.206 - - [14/Apr/2025:08:04:54 -0400] "GET /search.php?m176017061?srsltid=AfmBOoPexYEcTwGcR2x97k_675oGsmxv5_41bTvpWN-O-yGE1tjlvn HTTP/1.1" 200 108978 "-" "Mozilla/5.0 (compatible; AwarioBot/1.0; +https://awario.com/bots.html)"
52.184.145.216 - - [14/Apr/2025:08:04:55 -0400] "GET /wp-content/themes/onum-child/custom-templates/dir/ HTTP/1.1" 301 21 "-" "-"
52.184.145.216 - - [14/Apr/2025:08:04:56 -0400] "GET /wp-content/themes/onum-child/custom-templates/dir/ HTTP/1.1" 500 1245 "-" "-"
52.184.145.216 - - [14/Apr/2025:08:04:57 -0400] "GET /wp-content/plugins/elementor/ HTTP/1.1" 301 21 "-" "-"
52.184.145.216 - - [14/Apr/2025:08:04:58 -0400] "GET /wp-content/plugins/elementor/ HTTP/1.1" 500 1245 "-" "-"
136.243.228.180 - - [14/Apr/2025:08:04:58 -0400] "GET /items/geftn23/16223?key=interpretation HTTP/1.1" 500 1245 "-" "Mozilla/5.0 (compatible; DataForSeoBot/1.0; +https://dataforseo.com/dataforseo-bot)"
52.184.145.216 - - [14/Apr/2025:08:04:58 -0400] "GET /wp-admin/themes HTTP/1.1" 301 21 "-" "-"
52.184.145.216 - - [14/Apr/2025:08:04:59 -0400] "GET /wp-admin/themes HTTP/1.1" 500 1245 "-" "-"
52.184.145.216 - - [14/Apr/2025:08:05:00 -0400] "GET /wp-content/themes/9rafadt6/ HTTP/1.1" 301 21 "-" "-"
52.184.145.216 - - [14/Apr/2025:08:05:00 -0400] "GET /wp-content/themes/9rafadt6/ HTTP/1.1" 500 1245 "-" "-"
65.21.113.206 - - [14/Apr/2025:08:04:59 -0400] "GET /search.php?m176026077?srsltid=AfmBOoCjKXKOdnarRg73O0_aouGQbOPtG_GgBPMhdo-I-aR1v5HauA HTTP/1.1" 200 109493 "-" "Mozilla/5.0 (compatible; AwarioBot/1.0; +https://awario.com/bots.html)"
52.184.145.216 - - [14/Apr/2025:08:05:01 -0400] "GET /wp-content/plugins/wp-db-ajax-made/wp-ajax.php/ HTTP/1.1" 301 21 "-" "-"
52.184.145.216 - - [14/Apr/2025:08:05:03 -0400] "GET /wp-content/plugins/wp-db-ajax-made/wp-ajax.php/ HTTP/1.1" 500 1245 "-" "-"
136.243.228.180 - - [14/Apr/2025:08:05:03 -0400] "GET /items/mcsvr224/26982?key=potato HTTP/1.1" 500 1245 "-" "Mozilla/5.0 (compatible; DataForSeoBot/1.0; +https://dataforseo.com/dataforseo-bot)"
52.184.145.216 - - [14/Apr/2025:08:05:05 -0400] "GET /pdf.php HTTP/1.1" 301 21 "-" "-"
65.21.113.206 - - [14/Apr/2025:08:05:05 -0400] "GET /search.php?m176037495?srsltid=AfmBOoAjflHvWQkkCJg36J_r7DxrBCNJb_HlmuQegZ-K-OA89Ge08p HTTP/1.1" 200 110274 "-" "Mozilla/5.0 (compatible; AwarioBot/1.0; +https://awario.com/bots.html)"
52.184.145.216 - - [14/Apr/2025:08:05:07 -0400] "GET /pdf.php HTTP/1.1" 500 1245 "-" "-"
136.243.228.180 - - [14/Apr/2025:08:05:07 -0400] "GET /items/mxufm151/36794?key=occur HTTP/1.1" 500 1245 "-" "Mozilla/5.0 (compatible; DataForSeoBot/1.0; +https://dataforseo.com/dataforseo-bot)"
52.184.145.216 - - [14/Apr/2025:08:05:08 -0400] "GET /wp-content/plugins/yyobang/ HTTP/1.1" 301 21 "-" "-"
52.184.145.216 - - [14/Apr/2025:08:05:09 -0400] "GET /wp-content/plugins/yyobang/ HTTP/1.1" 500 1245 "-" "-"
52.184.145.216 - - [14/Apr/2025:08:05:10 -0400] "GET /wp-content/themes/twentytwentyfour/ HTTP/1.1" 301 21 "-" "-"
65.21.113.206 - - [14/Apr/2025:08:05:10 -0400] "GET /search.php?m176042857?srsltid=AfmBOomKwVVRCgTvvrgweO_4Wakmi9lF5_RBewcjQu-M-cWTOfakcO HTTP/1.1" 200 109896 "-" "Mozilla/5.0 (compatible; AwarioBot/1.0; +https://awario.com/bots.html)"
136.243.228.180 - - [14/Apr/2025:08:05:11 -0400] "GET /items/jjeeu40/28272?key=statement HTTP/1.1" 500 1245 "-" "Mozilla/5.0 (compatible; DataForSeoBot/1.0; +https://dataforseo.com/dataforseo-bot)"
52.184.145.216 - - [14/Apr/2025:08:05:11 -0400] "GET /wp-content/themes/twentytwentyfour/ HTTP/1.1" 500 1245 "-" "-"
52.184.145.216 - - [14/Apr/2025:08:05:12 -0400] "GET /wp-includes/block-patterns/about.php HTTP/1.1" 301 21 "-" "-"
52.184.145.216 - - [14/Apr/2025:08:05:13 -0400] "GET /wp-includes/block-patterns/about.php HTTP/1.1" 500 1245 "-" "-"
52.184.145.216 - - [14/Apr/2025:08:05:13 -0400] "GET /maintenance.php HTTP/1.1" 301 21 "-" "-"
52.184.145.216 - - [14/Apr/2025:08:05:14 -0400] "GET /maintenance.php HTTP/1.1" 500 1245 "-" "-"
136.243.228.180 - - [14/Apr/2025:08:05:14 -0400] "GET /items/lyxgt120/4726?key=fatal HTTP/1.1" 500 1245 "-" "Mozilla/5.0 (compatible; DataForSeoBot/1.0; +https://dataforseo.com/dataforseo-bot)"
52.184.145.216 - - [14/Apr/2025:08:05:15 -0400] "GET /wp-admin/user/1.php HTTP/1.1" 301 21 "-" "-"
65.21.113.206 - - [14/Apr/2025:08:05:15 -0400] "GET /search.php?m176048127?srsltid=AfmBOotefWWqfoezR5WaEF_Vot2B55ghA_gWBl88sa-T-xgWWcoJjV HTTP/1.1" 200 110548 "-" "Mozilla/5.0 (compatible; AwarioBot/1.0; +https://awario.com/bots.html)"
52.184.145.216 - - [14/Apr/2025:08:05:16 -0400] "GET /wp-admin/user/1.php HTTP/1.1" 500 1245 "-" "-"
52.184.145.216 - - [14/Apr/2025:08:05:16 -0400] "GET /wp-includes/js/tinymce/wp-includes/js/tinymce/ HTTP/1.1" 301 21 "-" "-"
52.184.145.216 - - [14/Apr/2025:08:05:17 -0400] "GET /wp-includes/js/tinymce/wp-includes/js/tinymce/ HTTP/1.1" 500 1245 "-" "-"
52.184.145.216 - - [14/Apr/2025:08:05:18 -0400] "GET /wp-includes/blocks/heading/ HTTP/1.1" 200 907 "-" "-"
52.184.145.216 - - [14/Apr/2025:08:05:18 -0400] "GET /.well-known/index.php HTTP/1.1" 301 21 "-" "-"
52.184.145.216 - - [14/Apr/2025:08:05:18 -0400] "GET /.well-known/ HTTP/1.1" 500 1245 "-" "-"
136.243.228.180 - - [14/Apr/2025:08:05:18 -0400] "GET /items/chjux173/31152?key=throughout HTTP/1.1" 500 1245 "-" "Mozilla/5.0 (compatible; DataForSeoBot/1.0; +https://dataforseo.com/dataforseo-bot)"
52.184.145.216 - - [14/Apr/2025:08:05:19 -0400] "GET /wp-content/plugins/linkpreview/db.php HTTP/1.1" 301 21 "-" "-"
52.184.145.216 - - [14/Apr/2025:08:05:20 -0400] "GET /wp-content/plugins/linkpreview/db.php HTTP/1.1" 500 1245 "-" "-"
65.21.113.206 - - [14/Apr/2025:08:05:20 -0400] "GET /search.php?m177000546?srsltid=AfmBOojvTsbPDwnt2tKuoI_SQ3Jnud5tG_L4ikQamC-R-v72QF9wOK HTTP/1.1" 200 108915 "-" "Mozilla/5.0 (compatible; AwarioBot/1.0; +https://awario.com/bots.html)"
52.184.145.216 - - [14/Apr/2025:08:05:22 -0400] "GET /wp-content/themes/twentyseventeen/page/ HTTP/1.1" 301 21 "-" "-"
136.243.228.180 - - [14/Apr/2025:08:05:22 -0400] "GET /items/xwccq132/33573?key=essay HTTP/1.1" 500 1245 "-" "Mozilla/5.0 (compatible; DataForSeoBot/1.0; +https://dataforseo.com/dataforseo-bot)"
52.184.145.216 - - [14/Apr/2025:08:05:23 -0400] "GET /wp-content/themes/twentyseventeen/page/ HTTP/1.1" 500 1245 "-" "-"
52.184.145.216 - - [14/Apr/2025:08:05:24 -0400] "GET /.well-known/pki-validation/doc.php HTTP/1.1" 404 1251 "-" "-"
52.184.145.216 - - [14/Apr/2025:08:05:24 -0400] "GET /wp-includes/Requests/Text/admin.php HTTP/1.1" 301 21 "-" "-"
52.184.145.216 - - [14/Apr/2025:08:05:25 -0400] "GET /wp-includes/Requests/Text/admin.php HTTP/1.1" 500 1245 "-" "-"
65.21.113.206 - - [14/Apr/2025:08:05:25 -0400] "GET /search.php?m177014668?srsltid=AfmBOoizNSZfGwYaVLihFQ_cb2DpDoOES_tOrFraRW-M-dYdH3qp7n HTTP/1.1" 200 108651 "-" "Mozilla/5.0 (compatible; AwarioBot/1.0; +https://awario.com/bots.html)"
136.243.228.180 - - [14/Apr/2025:08:05:26 -0400] "GET /items/xpzbl57/16099?key=contribution HTTP/1.1" 500 1245 "-" "Mozilla/5.0 (compatible; DataForSeoBot/1.0; +https://dataforseo.com/dataforseo-bot)"
52.184.145.216 - - [14/Apr/2025:08:05:26 -0400] "GET /google.php HTTP/1.1" 301 21 "-" "-"
52.184.145.216 - - [14/Apr/2025:08:05:28 -0400] "GET /google.php HTTP/1.1" 500 1245 "-" "-"
52.184.145.216 - - [14/Apr/2025:08:05:28 -0400] "GET /wp-content/plugins/sid/ HTTP/1.1" 301 21 "-" "-"
65.21.113.206 - - [14/Apr/2025:08:05:28 -0400] "GET /search.php?m177015776?srsltid=AfmBOojetnLNxMNR97XhMA_C5rdRH03KP_ZdY2EhnB-Z-VPmrSODQj HTTP/1.1" 200 109714 "-" "Mozilla/5.0 (compatible; AwarioBot/1.0; +https://awario.com/bots.html)"
52.184.145.216 - - [14/Apr/2025:08:05:29 -0400] "GET /wp-content/plugins/sid/ HTTP/1.1" 500 1245 "-" "-"
52.184.145.216 - - [14/Apr/2025:08:05:30 -0400] "GET /wp-includes/blocks/comment-template/ HTTP/1.1" 200 914 "-" "-"
136.243.228.180 - - [14/Apr/2025:08:05:30 -0400] "GET /items/ndljo268/48560?key=success HTTP/1.1" 500 1245 "-" "Mozilla/5.0 (compatible; DataForSeoBot/1.0; +https://dataforseo.com/dataforseo-bot)"
52.184.145.216 - - [14/Apr/2025:08:05:30 -0400] "GET /function.php HTTP/1.1" 301 21 "-" "-"
52.184.145.216 - - [14/Apr/2025:08:05:31 -0400] "GET /function.php HTTP/1.1" 500 1245 "-" "-"
52.184.145.216 - - [14/Apr/2025:08:05:32 -0400] "GET /assets/images/tinyimg.php HTTP/1.1" 301 21 "-" "-"
52.184.145.216 - - [14/Apr/2025:08:05:32 -0400] "GET /assets/images/tinyimg.php HTTP/1.1" 500 1245 "-" "-"
52.184.145.216 - - [14/Apr/2025:08:05:33 -0400] "GET /.well-known/wso.php HTTP/1.1" 301 21 "-" "-"
52.184.145.216 - - [14/Apr/2025:08:05:34 -0400] "GET /.well-known/wso.php HTTP/1.1" 500 1245 "-" "-"
65.21.113.206 - - [14/Apr/2025:08:05:33 -0400] "GET /search.php?m177038950?srsltid=AfmBOooEmgsRyoTTIE0Rgc_Ip7XShGnTc_hSuHWzfC-N-zbMKak3BB HTTP/1.1" 200 110828 "-" "Mozilla/5.0 (compatible; AwarioBot/1.0; +https://awario.com/bots.html)"
52.184.145.216 - - [14/Apr/2025:08:05:34 -0400] "GET /wp-includes/Cez57/index.php HTTP/1.1" 301 21 "-" "-"
136.243.228.180 - - [14/Apr/2025:08:05:35 -0400] "GET /items/idaxp14/29482?key=station HTTP/1.1" 500 1245 "-" "Mozilla/5.0 (compatible; DataForSeoBot/1.0; +https://dataforseo.com/dataforseo-bot)"
52.184.145.216 - - [14/Apr/2025:08:05:35 -0400] "GET /wp-includes/Cez57/ HTTP/1.1" 500 1245 "-" "-"
52.184.145.216 - - [14/Apr/2025:08:05:36 -0400] "GET /cc.php HTTP/1.1" 301 21 "-" "-"
52.184.145.216 - - [14/Apr/2025:08:05:36 -0400] "GET /cc.php HTTP/1.1" 500 1245 "-" "-"
52.184.145.216 - - [14/Apr/2025:08:05:37 -0400] "GET /wp-includes/autoload_classmap.php HTTP/1.1" 301 21 "-" "-"
52.184.145.216 - - [14/Apr/2025:08:05:38 -0400] "GET /wp-includes/autoload_classmap.php HTTP/1.1" 500 1245 "-" "-"
52.184.145.216 - - [14/Apr/2025:08:05:38 -0400] "GET /.well-known/pki-validation/themes.php HTTP/1.1" 404 1251 "-" "-"
136.243.228.180 - - [14/Apr/2025:08:05:38 -0400] "GET /items/sxcuv278/8939?key=agent HTTP/1.1" 500 1245 "-" "Mozilla/5.0 (compatible; DataForSeoBot/1.0; +https://dataforseo.com/dataforseo-bot)"
52.184.145.216 - - [14/Apr/2025:08:05:38 -0400] "GET /wp-content/plugins/WordPressCore/swvhvgnq.php HTTP/1.1" 301 21 "-" "-"
52.184.145.216 - - [14/Apr/2025:08:05:39 -0400] "GET /wp-content/plugins/WordPressCore/swvhvgnq.php HTTP/1.1" 500 1245 "-" "-"
52.184.145.216 - - [14/Apr/2025:08:05:40 -0400] "GET /.well-known/init HTTP/1.1" 301 21 "-" "-"
65.21.113.206 - - [14/Apr/2025:08:05:39 -0400] "GET /search.php?m178012037?srsltid=AfmBOoKsslccXtWN3QZNDV_rKXsMDvrBd_fPGBu2EM-F-97J1oTXUe HTTP/1.1" 200 109036 "-" "Mozilla/5.0 (compatible; AwarioBot/1.0; +https://awario.com/bots.html)"
52.184.145.216 - - [14/Apr/2025:08:05:40 -0400] "GET /.well-known/init HTTP/1.1" 500 1245 "-" "-"
52.184.145.216 - - [14/Apr/2025:08:05:41 -0400] "GET /.well-known/about.php HTTP/1.1" 301 21 "-" "-"
52.184.145.216 - - [14/Apr/2025:08:05:41 -0400] "GET /.well-known/about.php HTTP/1.1" 500 1245 "-" "-"
52.184.145.216 - - [14/Apr/2025:08:05:42 -0400] "GET /wp-admin/css/colors/index.php HTTP/1.1" 301 21 "-" "-"
52.184.145.216 - - [14/Apr/2025:08:05:42 -0400] "GET /wp-admin/css/colors/ HTTP/1.1" 200 1329 "-" "-"
136.243.228.180 - - [14/Apr/2025:08:05:42 -0400] "GET /items/rtilb154/12776?key=kitchen HTTP/1.1" 500 1245 "-" "Mozilla/5.0 (compatible; DataForSeoBot/1.0; +https://dataforseo.com/dataforseo-bot)"
52.184.145.216 - - [14/Apr/2025:08:05:42 -0400] "GET /wp-content/gallery/ HTTP/1.1" 301 21 "-" "-"
52.184.145.216 - - [14/Apr/2025:08:05:42 -0400] "GET /wp-content/gallery/ HTTP/1.1" 500 1245 "-" "-"
52.184.145.216 - - [14/Apr/2025:08:05:43 -0400] "GET /.well-known/acme-challenge/admin.php HTTP/1.1" 301 21 "-" "-"
52.184.145.216 - - [14/Apr/2025:08:05:43 -0400] "GET /.well-known/acme-challenge/admin.php HTTP/1.1" 500 1245 "-" "-"
52.184.145.216 - - [14/Apr/2025:08:05:44 -0400] "GET /DxHhVcy2bmJ.php HTTP/1.1" 301 21 "-" "-"
52.184.145.216 - - [14/Apr/2025:08:05:44 -0400] "GET /DxHhVcy2bmJ.php HTTP/1.1" 500 1245 "-" "-"
52.184.145.216 - - [14/Apr/2025:08:05:45 -0400] "GET /cgi-bin/xmrlpc.php HTTP/1.1" 301 21 "-" "-"
52.184.145.216 - - [14/Apr/2025:08:05:45 -0400] "GET /cgi-bin/xmrlpc.php HTTP/1.1" 500 1245 "-" "-"
65.21.113.206 - - [14/Apr/2025:08:05:44 -0400] "GET /search.php?m178014685?srsltid=AfmBOocypntryByRnpwOYI_Xwu9gI2uw4_NrHFWfrN-E-Yp8ONoTQI HTTP/1.1" 200 108982 "-" "Mozilla/5.0 (compatible; AwarioBot/1.0; +https://awario.com/bots.html)"
52.184.145.216 - - [14/Apr/2025:08:05:45 -0400] "GET /st.php HTTP/1.1" 301 21 "-" "-"
52.184.145.216 - - [14/Apr/2025:08:05:46 -0400] "GET /st.php HTTP/1.1" 500 1245 "-" "-"
52.184.145.216 - - [14/Apr/2025:08:05:46 -0400] "GET /wp-configs.php HTTP/1.1" 301 21 "-" "-"
136.243.228.180 - - [14/Apr/2025:08:05:46 -0400] "GET /items/yhqmd237/41009?key=afraid HTTP/1.1" 500 1245 "-" "Mozilla/5.0 (compatible; DataForSeoBot/1.0; +https://dataforseo.com/dataforseo-bot)"
52.184.145.216 - - [14/Apr/2025:08:05:46 -0400] "GET /wp-configs.php HTTP/1.1" 500 1245 "-" "-"
52.184.145.216 - - [14/Apr/2025:08:05:47 -0400] "GET /reset.php HTTP/1.1" 301 21 "-" "-"
52.184.145.216 - - [14/Apr/2025:08:05:47 -0400] "GET /reset.php HTTP/1.1" 500 1245 "-" "-"
52.184.145.216 - - [14/Apr/2025:08:05:48 -0400] "GET /wp-includes/js/dist/vendor/ HTTP/1.1" 200 2234 "-" "-"
52.184.145.216 - - [14/Apr/2025:08:05:48 -0400] "GET /wp-content/themes/7nd9yzxp/ HTTP/1.1" 301 21 "-" "-"
65.21.113.206 - - [14/Apr/2025:08:05:47 -0400] "GET /search.php?m178034349?srsltid=AfmBOoNkxwbjYkVN1ZIUcl_hQqMyarv7J_NnHmAd2s-K-RSdsFYKCU HTTP/1.1" 200 109032 "-" "Mozilla/5.0 (compatible; AwarioBot/1.0; +https://awario.com/bots.html)"
52.184.145.216 - - [14/Apr/2025:08:05:49 -0400] "GET /wp-content/themes/7nd9yzxp/ HTTP/1.1" 500 1245 "-" "-"
52.184.145.216 - - [14/Apr/2025:08:05:49 -0400] "GET /wp-content/plugins/dmozhzr/ HTTP/1.1" 301 21 "-" "-"
136.243.228.180 - - [14/Apr/2025:08:05:50 -0400] "GET /items/nqrxq21/42462?key=consumption HTTP/1.1" 500 1245 "-" "Mozilla/5.0 (compatible; DataForSeoBot/1.0; +https://dataforseo.com/dataforseo-bot)"
52.184.145.216 - - [14/Apr/2025:08:05:50 -0400] "GET /wp-content/plugins/dmozhzr/ HTTP/1.1" 500 1245 "-" "-"
52.184.145.216 - - [14/Apr/2025:08:05:50 -0400] "GET /ds.php HTTP/1.1" 301 21 "-" "-"
20.171.207.13 - - [14/Apr/2025:08:05:51 -0400] "GET /items/llnan134/44297?key=industry HTTP/1.1" 500 1245 "-" "Mozilla/5.0 AppleWebKit/537.36 (KHTML, like Gecko; compatible; GPTBot/1.2; +https://openai.com/gptbot)"
52.184.145.216 - - [14/Apr/2025:08:05:51 -0400] "GET /ds.php HTTP/1.1" 500 1245 "-" "-"
52.184.145.216 - - [14/Apr/2025:08:05:51 -0400] "GET /assets/wp-blog.php HTTP/1.1" 301 21 "-" "-"
52.184.145.216 - - [14/Apr/2025:08:05:51 -0400] "GET /assets/wp-blog.php HTTP/1.1" 500 1245 "-" "-"
52.184.145.216 - - [14/Apr/2025:08:05:52 -0400] "GET /wp-content/plugins/background-image-cropper/ups.php HTTP/1.1" 301 21 "-" "-"
52.184.145.216 - - [14/Apr/2025:08:05:52 -0400] "GET /wp-content/plugins/background-image-cropper/ups.php HTTP/1.1" 500 1245 "-" "-"
52.184.145.216 - - [14/Apr/2025:08:05:53 -0400] "GET /wp-content/plugins/dfgs/ HTTP/1.1" 301 21 "-" "-"
65.21.113.206 - - [14/Apr/2025:08:05:52 -0400] "GET /search.php?m178037235?srsltid=AfmBOoTEBoGcIqwZ1WjBNT_EdUjXeRIqt_dUIryBDN-R-jhHIvqd8g HTTP/1.1" 200 108743 "-" "Mozilla/5.0 (compatible; AwarioBot/1.0; +https://awario.com/bots.html)"
52.184.145.216 - - [14/Apr/2025:08:05:54 -0400] "GET /wp-content/plugins/dfgs/ HTTP/1.1" 500 1245 "-" "-"
52.184.145.216 - - [14/Apr/2025:08:05:55 -0400] "GET /wp-content/uploads/option.php HTTP/1.1" 301 21 "-" "-"
136.243.228.180 - - [14/Apr/2025:08:05:55 -0400] "GET /items/ypyac42/44542?key=both HTTP/1.1" 500 1245 "-" "Mozilla/5.0 (compatible; DataForSeoBot/1.0; +https://dataforseo.com/dataforseo-bot)"
52.184.145.216 - - [14/Apr/2025:08:05:55 -0400] "GET /wp-content/uploads/option.php HTTP/1.1" 500 1245 "-" "-"
52.184.145.216 - - [14/Apr/2025:08:05:56 -0400] "GET /.well-known/acme-challenge/moon.php HTTP/1.1" 301 21 "-" "-"
52.184.145.216 - - [14/Apr/2025:08:05:57 -0400] "GET /.well-known/acme-challenge/moon.php HTTP/1.1" 500 1245 "-" "-"
52.184.145.216 - - [14/Apr/2025:08:05:57 -0400] "GET /faq.php HTTP/1.1" 301 21 "-" "-"
65.21.113.206 - - [14/Apr/2025:08:05:57 -0400] "GET /search.php?m178045051?srsltid=AfmBOoooRGbAaYjvrSgyEU_apEH3dS8tc_Hh1bXJK9-P-VWqTAiOVf HTTP/1.1" 200 109602 "-" "Mozilla/5.0 (compatible; AwarioBot/1.0; +https://awario.com/bots.html)"
52.184.145.216 - - [14/Apr/2025:08:05:58 -0400] "GET /faq.php HTTP/1.1" 500 1245 "-" "-"
52.184.145.216 - - [14/Apr/2025:08:05:58 -0400] "GET /wp-content/plugins/cifkpgk/ HTTP/1.1" 301 21 "-" "-"
136.243.228.180 - - [14/Apr/2025:08:05:58 -0400] "GET /items/vklna276/42863?key=brick HTTP/1.1" 500 1245 "-" "Mozilla/5.0 (compatible; DataForSeoBot/1.0; +https://dataforseo.com/dataforseo-bot)"
52.184.145.216 - - [14/Apr/2025:08:05:59 -0400] "GET /wp-content/plugins/cifkpgk/ HTTP/1.1" 500 1245 "-" "-"
52.184.145.216 - - [14/Apr/2025:08:05:59 -0400] "GET /ggfi.php HTTP/1.1" 301 21 "-" "-"
52.184.145.216 - - [14/Apr/2025:08:06:00 -0400] "GET /ggfi.php HTTP/1.1" 500 1245 "-" "-"
52.184.145.216 - - [14/Apr/2025:08:06:00 -0400] "GET /images/xmrlpc.php HTTP/1.1" 301 21 "-" "-"
52.184.145.216 - - [14/Apr/2025:08:06:01 -0400] "GET /images/xmrlpc.php HTTP/1.1" 500 1245 "-" "-"
52.184.145.216 - - [14/Apr/2025:08:06:01 -0400] "GET /wp/wp-content/themes/w695elkq/ HTTP/1.1" 301 21 "-" "-"
52.184.145.216 - - [14/Apr/2025:08:06:02 -0400] "GET /wp/wp-content/themes/w695elkq/ HTTP/1.1" 500 1245 "-" "-"
65.21.113.206 - - [14/Apr/2025:08:06:02 -0400] "GET /search.php?m179011242?srsltid=AfmBOolLbRVocoXavDafUV_wbvWID4xoL_K1JTokVA-A-kWja2t7Qv HTTP/1.1" 200 108891 "-" "Mozilla/5.0 (compatible; AwarioBot/1.0; +https://awario.com/bots.html)"
136.243.228.180 - - [14/Apr/2025:08:06:02 -0400] "GET /items/eheen101/14501?key=league HTTP/1.1" 500 1245 "-" "Mozilla/5.0 (compatible; DataForSeoBot/1.0; +https://dataforseo.com/dataforseo-bot)"
52.184.145.216 - - [14/Apr/2025:08:06:02 -0400] "GET /cgi-bin/admin.php HTTP/1.1" 301 21 "-" "-"
52.184.145.216 - - [14/Apr/2025:08:06:03 -0400] "GET /cgi-bin/admin.php HTTP/1.1" 500 1245 "-" "-"
52.184.145.216 - - [14/Apr/2025:08:06:03 -0400] "GET /wp-admin/themes/about HTTP/1.1" 301 21 "-" "-"
52.184.145.216 - - [14/Apr/2025:08:06:04 -0400] "GET /wp-admin/themes/about HTTP/1.1" 500 1245 "-" "-"
52.184.145.216 - - [14/Apr/2025:08:06:05 -0400] "GET /wp-admin/maint/maint/ajax-actions.php HTTP/1.1" 301 21 "-" "-"
52.184.145.216 - - [14/Apr/2025:08:06:06 -0400] "GET /wp-admin/maint/maint/ajax-actions.php HTTP/1.1" 500 1245 "-" "-"
136.243.228.180 - - [14/Apr/2025:08:06:06 -0400] "GET /items/kbyem69/41192?key=evolve HTTP/1.1" 500 1245 "-" "Mozilla/5.0 (compatible; DataForSeoBot/1.0; +https://dataforseo.com/dataforseo-bot)"
65.21.113.206 - - [14/Apr/2025:08:06:05 -0400] "GET /search.php?m179026920?srsltid=AfmBOoiTNlMeWAJw0cJHsU_DzscGbEWxk_B5mJGuDU-S-fNVAOTtLJ HTTP/1.1" 200 108207 "-" "Mozilla/5.0 (compatible; AwarioBot/1.0; +https://awario.com/bots.html)"
52.184.145.216 - - [14/Apr/2025:08:06:06 -0400] "GET /wp-admin/js/widgets/ HTTP/1.1" 200 1511 "-" "-"
52.184.145.216 - - [14/Apr/2025:08:06:07 -0400] "GET /wp-content/upgrade/upfile.php HTTP/1.1" 301 21 "-" "-"
52.184.145.216 - - [14/Apr/2025:08:06:08 -0400] "GET /wp-content/upgrade/upfile.php HTTP/1.1" 500 1245 "-" "-"
52.184.145.216 - - [14/Apr/2025:08:06:08 -0400] "GET /oauth.php HTTP/1.1" 301 21 "-" "-"
52.184.145.216 - - [14/Apr/2025:08:06:09 -0400] "GET /oauth.php HTTP/1.1" 500 1245 "-" "-"
52.184.145.216 - - [14/Apr/2025:08:06:10 -0400] "GET /wp-content/berlin.php HTTP/1.1" 301 21 "-" "-"
136.243.228.180 - - [14/Apr/2025:08:06:10 -0400] "GET /items/zekez82/15028?key=separation HTTP/1.1" 500 1245 "-" "Mozilla/5.0 (compatible; DataForSeoBot/1.0; +https://dataforseo.com/dataforseo-bot)"
52.184.145.216 - - [14/Apr/2025:08:06:10 -0400] "GET /wp-content/berlin.php HTTP/1.1" 500 1245 "-" "-"
65.21.113.206 - - [14/Apr/2025:08:06:10 -0400] "GET /search.php?m180014411?srsltid=AfmBOoDnAWrcCqbNONEbkq_L6rC0yM3I9_dctE120H-T-AaYy0uz9D HTTP/1.1" 200 109471 "-" "Mozilla/5.0 (compatible; AwarioBot/1.0; +https://awario.com/bots.html)"
52.184.145.216 - - [14/Apr/2025:08:06:11 -0400] "GET /plugins/broken-link-checker/core/utils/ HTTP/1.1" 301 21 "-" "-"
52.184.145.216 - - [14/Apr/2025:08:06:12 -0400] "GET /plugins/broken-link-checker/core/utils/ HTTP/1.1" 500 1245 "-" "-"
52.184.145.216 - - [14/Apr/2025:08:06:13 -0400] "GET /wp-content/plugins/qdcitph/ HTTP/1.1" 301 21 "-" "-"
52.184.145.216 - - [14/Apr/2025:08:06:13 -0400] "GET /wp-content/plugins/qdcitph/ HTTP/1.1" 500 1245 "-" "-"
136.243.228.180 - - [14/Apr/2025:08:06:14 -0400] "GET /items/luvjt11/15587?key=accident HTTP/1.1" 500 1245 "-" "Mozilla/5.0 (compatible; DataForSeoBot/1.0; +https://dataforseo.com/dataforseo-bot)"
52.184.145.216 - - [14/Apr/2025:08:06:14 -0400] "GET /x.php HTTP/1.1" 301 21 "-" "-"
65.21.113.206 - - [14/Apr/2025:08:06:14 -0400] "GET /search.php?m180023501?srsltid=AfmBOolbzausCkoV8Z2UOA_97pSKPjzWA_XQTvZm6P-L-To2sRt7jR HTTP/1.1" 200 109009 "-" "Mozilla/5.0 (compatible; AwarioBot/1.0; +https://awario.com/bots.html)"
52.184.145.216 - - [14/Apr/2025:08:06:15 -0400] "GET /x.php HTTP/1.1" 500 1245 "-" "-"
198.54.114.83 - - [14/Apr/2025:08:06:17 -0400] "POST /wp-cron.php?doing_wp_cron=1744632376.6038060188293457031250 HTTP/1.1" 403 1242 "-" "WordPress/6.7.2; https://bayrampasaspor.com"
52.184.145.216 - - [14/Apr/2025:08:06:16 -0400] "GET /wp-includes/blocks/sx.php HTTP/1.1" 301 21 "-" "-"
52.184.145.216 - - [14/Apr/2025:08:06:18 -0400] "GET /wp-includes/blocks/sx.php HTTP/1.1" 500 1245 "-" "-"
52.184.145.216 - - [14/Apr/2025:08:06:18 -0400] "GET /wp-includes/bmccxior.php HTTP/1.1" 301 21 "-" "-"
136.243.228.180 - - [14/Apr/2025:08:06:18 -0400] "GET /items/pfyus273/42909?key=clearly HTTP/1.1" 500 1245 "-" "Mozilla/5.0 (compatible; DataForSeoBot/1.0; +https://dataforseo.com/dataforseo-bot)"
52.184.145.216 - - [14/Apr/2025:08:06:19 -0400] "GET /wp-includes/bmccxior.php HTTP/1.1" 500 1245 "-" "-"
52.184.145.216 - - [14/Apr/2025:08:06:20 -0400] "GET /wp-includes/sodium_compat/src/Core/Curve25519/Ge/about.php HTTP/1.1" 301 21 "-" "-"
65.21.113.206 - - [14/Apr/2025:08:06:19 -0400] "GET /search.php?m180034573?srsltid=AfmBOoWhGfmWtSzUDKFfAF_OSEGSix2AM_VXPVgqnU-I-sc0kM8rV5 HTTP/1.1" 200 110238 "-" "Mozilla/5.0 (compatible; AwarioBot/1.0; +https://awario.com/bots.html)"
52.184.145.216 - - [14/Apr/2025:08:06:21 -0400] "GET /wp-includes/sodium_compat/src/Core/Curve25519/Ge/about.php HTTP/1.1" 500 1245 "-" "-"
52.184.145.216 - - [14/Apr/2025:08:06:21 -0400] "GET /wp-includes/widgets/class-wp-widget-tag.php HTTP/1.1" 301 21 "-" "-"
52.184.145.216 - - [14/Apr/2025:08:06:22 -0400] "GET /wp-includes/widgets/class-wp-widget-tag.php HTTP/1.1" 500 1245 "-" "-"
52.184.145.216 - - [14/Apr/2025:08:06:23 -0400] "GET /wp-admin/images/atomlib.php HTTP/1.1" 301 21 "-" "-"
136.243.228.180 - - [14/Apr/2025:08:06:23 -0400] "GET /items/ztuti57/1902?key=characteristic HTTP/1.1" 500 1245 "-" "Mozilla/5.0 (compatible; DataForSeoBot/1.0; +https://dataforseo.com/dataforseo-bot)"
52.184.145.216 - - [14/Apr/2025:08:06:24 -0400] "GET /wp-admin/images/atomlib.php HTTP/1.1" 500 1245 "-" "-"
52.184.145.216 - - [14/Apr/2025:08:06:25 -0400] "GET /plugins/background-image-cropper/ HTTP/1.1" 301 21 "-" "-"
65.21.113.206 - - [14/Apr/2025:08:06:24 -0400] "GET /search.php?m180035949?srsltid=AfmBOoyKhhujjShP1u6DSr_bdOuzkJRjU_vg31Tars-L-M9sJpoxEo HTTP/1.1" 200 110193 "-" "Mozilla/5.0 (compatible; AwarioBot/1.0; +https://awario.com/bots.html)"
216.244.66.246 - - [14/Apr/2025:08:06:24 -0400] "GET /exploring-ai-vs-machine-learning-caltech/?loknya=/var/tmp HTTP/1.1" 200 12962 "-" "Mozilla/5.0 (compatible; DotBot/1.2; +https://opensiteexplorer.org/dotbot; help@moz.com)"
52.184.145.216 - - [14/Apr/2025:08:06:26 -0400] "GET /plugins/background-image-cropper/ HTTP/1.1" 500 1245 "-" "-"
136.243.228.180 - - [14/Apr/2025:08:06:27 -0400] "GET /items/vbaco76/33909?key=weigh HTTP/1.1" 500 1245 "-" "Mozilla/5.0 (compatible; DataForSeoBot/1.0; +https://dataforseo.com/dataforseo-bot)"
52.184.145.216 - - [14/Apr/2025:08:06:28 -0400] "GET /wp-admin/js/about.php HTTP/1.1" 301 21 "-" "-"
52.184.145.216 - - [14/Apr/2025:08:06:29 -0400] "GET /wp-admin/js/about.php HTTP/1.1" 500 1245 "-" "-"
52.184.145.216 - - [14/Apr/2025:08:06:30 -0400] "GET /wp-admin/js/widgets/xleet.php HTTP/1.1" 301 21 "-" "-"
65.21.113.206 - - [14/Apr/2025:08:06:30 -0400] "GET /search.php?m180041503?srsltid=AfmBOoHxmXZNgPaUj2pfsI_B5onG1H8uV_agIyxvCo-I-8kBPdfU0C HTTP/1.1" 200 108585 "-" "Mozilla/5.0 (compatible; AwarioBot/1.0; +https://awario.com/bots.html)"
136.243.228.180 - - [14/Apr/2025:08:06:32 -0400] "GET /items/suaiu222/25205?key=small HTTP/1.1" 500 1245 "-" "Mozilla/5.0 (compatible; DataForSeoBot/1.0; +https://dataforseo.com/dataforseo-bot)"
52.184.145.216 - - [14/Apr/2025:08:06:32 -0400] "GET /wp-admin/js/widgets/xleet.php HTTP/1.1" 500 1245 "-" "-"
52.184.145.216 - - [14/Apr/2025:08:06:33 -0400] "GET /wp-admin/cloud.php HTTP/1.1" 301 21 "-" "-"
52.184.145.216 - - [14/Apr/2025:08:06:35 -0400] "GET /wp-admin/cloud.php HTTP/1.1" 500 1245 "-" "-"
136.243.228.180 - - [14/Apr/2025:08:06:36 -0400] "GET /items/nhcpo130/9358?key=our HTTP/1.1" 500 1245 "-" "Mozilla/5.0 (compatible; DataForSeoBot/1.0; +https://dataforseo.com/dataforseo-bot)"
52.184.145.216 - - [14/Apr/2025:08:06:36 -0400] "GET /wp-content/plugins/contact-form-7-to-database-extension/ HTTP/1.1" 301 21 "-" "-"
65.21.113.206 - - [14/Apr/2025:08:06:36 -0400] "GET /search.php?m180042377?srsltid=AfmBOoPiwheMEbWsSJ4h8C_JSyNwEaoNV_HGYBPEKY-O-uZWU8uiSK HTTP/1.1" 200 109958 "-" "Mozilla/5.0 (compatible; AwarioBot/1.0; +https://awario.com/bots.html)"
52.184.145.216 - - [14/Apr/2025:08:06:38 -0400] "GET /wp-content/plugins/contact-form-7-to-database-extension/ HTTP/1.1" 500 1245 "-" "-"
52.184.145.216 - - [14/Apr/2025:08:06:39 -0400] "GET /wp-content/plugins/erfdsxx/ HTTP/1.1" 301 21 "-" "-"
136.243.228.180 - - [14/Apr/2025:08:06:39 -0400] "GET /items/vepqw116/7434?key=supervisor HTTP/1.1" 500 1245 "-" "Mozilla/5.0 (compatible; DataForSeoBot/1.0; +https://dataforseo.com/dataforseo-bot)"
52.184.145.216 - - [14/Apr/2025:08:06:40 -0400] "GET /wp-content/plugins/erfdsxx/ HTTP/1.1" 500 1245 "-" "-"
52.184.145.216 - - [14/Apr/2025:08:06:41 -0400] "GET /wp-includes/Requests/library/about.php HTTP/1.1" 301 21 "-" "-"
65.21.113.206 - - [14/Apr/2025:08:06:41 -0400] "GET /search.php?m181000800?srsltid=AfmBOojpkuqsAEhkpay7H5_tOq7NasDK0_XU2ld47W-W-3MJHb7CGq HTTP/1.1" 200 110226 "-" "Mozilla/5.0 (compatible; AwarioBot/1.0; +https://awario.com/bots.html)"
52.184.145.216 - - [14/Apr/2025:08:06:42 -0400] "GET /wp-includes/Requests/library/about.php HTTP/1.1" 500 1245 "-" "-"
52.184.145.216 - - [14/Apr/2025:08:06:43 -0400] "GET /.well-known/acme-challenge/wp-login.php HTTP/1.1" 301 21 "-" "-"
136.243.228.180 - - [14/Apr/2025:08:06:44 -0400] "GET /items/ebnsp100/20134?key=cocaine HTTP/1.1" 500 1245 "-" "Mozilla/5.0 (compatible; DataForSeoBot/1.0; +https://dataforseo.com/dataforseo-bot)"
52.184.145.216 - - [14/Apr/2025:08:06:44 -0400] "GET /.well-known/acme-challenge/wp-login.php HTTP/1.1" 500 1245 "-" "-"
52.184.145.216 - - [14/Apr/2025:08:06:45 -0400] "GET /wp-content/plugins/dzs-zoomsounds/ HTTP/1.1" 301 21 "-" "-"
52.184.145.216 - - [14/Apr/2025:08:06:45 -0400] "GET /wp-content/plugins/dzs-zoomsounds/ HTTP/1.1" 500 1245 "-" "-"
52.184.145.216 - - [14/Apr/2025:08:06:46 -0400] "GET /wp-content/plugins/sid/sidwso.php HTTP/1.1" 301 21 "-" "-"
52.184.145.216 - - [14/Apr/2025:08:06:46 -0400] "GET /wp-content/plugins/sid/sidwso.php HTTP/1.1" 500 1245 "-" "-"
52.184.145.216 - - [14/Apr/2025:08:06:47 -0400] "GET /.well-known/plugins HTTP/1.1" 301 21 "-" "-"
65.21.113.206 - - [14/Apr/2025:08:06:47 -0400] "GET /search.php?m181007190?srsltid=AfmBOoUCcJZscErzAeK69i_ZP1e5juxsk_KVXcILd6-Z-q6ETcmWeU HTTP/1.1" 200 108888 "-" "Mozilla/5.0 (compatible; AwarioBot/1.0; +https://awario.com/bots.html)"
52.184.145.216 - - [14/Apr/2025:08:06:48 -0400] "GET /.well-known/plugins HTTP/1.1" 500 1245 "-" "-"
136.243.228.180 - - [14/Apr/2025:08:06:47 -0400] "GET /items/nfrdg116/8781?key=known HTTP/1.1" 500 1245 "-" "Mozilla/5.0 (compatible; DataForSeoBot/1.0; +https://dataforseo.com/dataforseo-bot)"
52.184.145.216 - - [14/Apr/2025:08:06:49 -0400] "GET /wp-content/uploads/setup HTTP/1.1" 301 21 "-" "-"
52.184.145.216 - - [14/Apr/2025:08:06:50 -0400] "GET /wp-content/uploads/setup HTTP/1.1" 500 1245 "-" "-"
65.21.113.206 - - [14/Apr/2025:08:06:50 -0400] "GET /search.php?m181010248?srsltid=AfmBOoZhtJtmpFyQ06yqUL_y8dYvFbURw_jtF5O3ew-U-vxM0hQWYr HTTP/1.1" 200 109291 "-" "Mozilla/5.0 (compatible; AwarioBot/1.0; +https://awario.com/bots.html)"
20.171.207.13 - - [14/Apr/2025:08:06:51 -0400] "GET /items/kizyf119/27565?key=fighting HTTP/1.1" 500 1245 "-" "Mozilla/5.0 AppleWebKit/537.36 (KHTML, like Gecko; compatible; GPTBot/1.2; +https://openai.com/gptbot)"
52.184.145.216 - - [14/Apr/2025:08:06:52 -0400] "GET /wordpress/wp-content/plugins/pkghsb/ HTTP/1.1" 301 21 "-" "-"
136.243.228.180 - - [14/Apr/2025:08:06:52 -0400] "GET /items/eynnw98/10742?key=fiction HTTP/1.1" 500 1245 "-" "Mozilla/5.0 (compatible; DataForSeoBot/1.0; +https://dataforseo.com/dataforseo-bot)"
52.184.145.216 - - [14/Apr/2025:08:06:53 -0400] "GET /wordpress/wp-content/plugins/pkghsb/ HTTP/1.1" 500 1245 "-" "-"
52.184.145.216 - - [14/Apr/2025:08:06:53 -0400] "GET /footer.php HTTP/1.1" 301 21 "-" "-"
52.184.145.216 - - [14/Apr/2025:08:06:54 -0400] "GET /footer.php HTTP/1.1" 500 1245 "-" "-"
52.184.145.216 - - [14/Apr/2025:08:06:54 -0400] "GET /mah/function.php HTTP/1.1" 301 21 "-" "-"
52.184.145.216 - - [14/Apr/2025:08:06:55 -0400] "GET /mah/function.php HTTP/1.1" 500 1245 "-" "-"
136.243.228.180 - - [14/Apr/2025:08:06:55 -0400] "GET /items/wobmd233/16365?key=invent HTTP/1.1" 500 1245 "-" "Mozilla/5.0 (compatible; DataForSeoBot/1.0; +https://dataforseo.com/dataforseo-bot)"
52.184.145.216 - - [14/Apr/2025:08:06:55 -0400] "GET /wp-includes/SimplePie/HdGGN/ HTTP/1.1" 301 21 "-" "-"
52.184.145.216 - - [14/Apr/2025:08:06:56 -0400] "GET /wp-includes/SimplePie/HdGGN/ HTTP/1.1" 500 1245 "-" "-"
65.21.113.206 - - [14/Apr/2025:08:06:56 -0400] "GET /search.php?m181017266?srsltid=AfmBOoXdBdjqjyzw5ms8AI_4JbshiBu1a_X5Vq6arZ-J-Aa9Rnl7yy HTTP/1.1" 200 110285 "-" "Mozilla/5.0 (compatible; AwarioBot/1.0; +https://awario.com/bots.html)"
52.184.145.216 - - [14/Apr/2025:08:06:57 -0400] "GET /wp-content/uploads/2023/03/ HTTP/1.1" 200 699 "-" "-"
52.184.145.216 - - [14/Apr/2025:08:06:57 -0400] "GET /wp-content/autoload_classmap.php HTTP/1.1" 301 21 "-" "-"
216.244.66.246 - - [14/Apr/2025:08:06:56 -0400] "GET /the-rise-of-osteopathy-in-dubai/?loknya=/var/tmp HTTP/1.1" 200 12962 "-" "Mozilla/5.0 (compatible; DotBot/1.2; +https://opensiteexplorer.org/dotbot; help@moz.com)"
52.184.145.216 - - [14/Apr/2025:08:06:58 -0400] "GET /wp-content/autoload_classmap.php HTTP/1.1" 500 1245 "-" "-"
52.184.145.216 - - [14/Apr/2025:08:06:59 -0400] "GET /wp-content/uploads/2023/08/ HTTP/1.1" 200 816 "-" "-"
52.184.145.216 - - [14/Apr/2025:08:07:00 -0400] "GET /init.php HTTP/1.1" 301 21 "-" "-"
136.243.228.180 - - [14/Apr/2025:08:07:00 -0400] "GET /items/jlbit53/41928?key=prayer HTTP/1.1" 500 1245 "-" "Mozilla/5.0 (compatible; DataForSeoBot/1.0; +https://dataforseo.com/dataforseo-bot)"
52.184.145.216 - - [14/Apr/2025:08:07:00 -0400] "GET /init.php HTTP/1.1" 500 1245 "-" "-"
65.21.113.206 - - [14/Apr/2025:08:07:00 -0400] "GET /search.php?m182002777?srsltid=AfmBOoTFnHKqtmGyeP75rN_opaH8q57JM_eKHbRhZ2-Y-9woW0IpBm HTTP/1.1" 200 109459 "-" "Mozilla/5.0 (compatible; AwarioBot/1.0; +https://awario.com/bots.html)"
52.184.145.216 - - [14/Apr/2025:08:07:01 -0400] "GET /home/cloud.php HTTP/1.1" 301 21 "-" "-"
52.184.145.216 - - [14/Apr/2025:08:07:03 -0400] "GET /home/cloud.php HTTP/1.1" 500 1245 "-" "-"
136.243.228.180 - - [14/Apr/2025:08:07:03 -0400] "GET /items/rpxlz132/27487?key=collaboration HTTP/1.1" 500 1245 "-" "Mozilla/5.0 (compatible; DataForSeoBot/1.0; +https://dataforseo.com/dataforseo-bot)"
52.184.145.216 - - [14/Apr/2025:08:07:05 -0400] "GET /wp-content/themes/travel/issue.php HTTP/1.1" 301 21 "-" "-"
52.184.145.216 - - [14/Apr/2025:08:07:06 -0400] "GET /wp-content/themes/travel/issue.php HTTP/1.1" 500 1245 "-" "-"
52.184.145.216 - - [14/Apr/2025:08:07:07 -0400] "GET /wp-content/plugins/upboxtn/ HTTP/1.1" 301 21 "-" "-"
65.21.113.206 - - [14/Apr/2025:08:07:06 -0400] "GET /search.php?m182028869?srsltid=AfmBOowiyGlNnsqvnsnLJC_5fcHwNPJHK_5bXHMthX-I-jBkuHjt5O HTTP/1.1" 200 110249 "-" "Mozilla/5.0 (compatible; AwarioBot/1.0; +https://awario.com/bots.html)"
136.243.228.180 - - [14/Apr/2025:08:07:07 -0400] "GET /items/dwssp239/13037?key=Dutch HTTP/1.1" 500 1245 "-" "Mozilla/5.0 (compatible; DataForSeoBot/1.0; +https://dataforseo.com/dataforseo-bot)"
52.184.145.216 - - [14/Apr/2025:08:07:08 -0400] "GET /wp-content/plugins/upboxtn/ HTTP/1.1" 500 1245 "-" "-"
52.184.145.216 - - [14/Apr/2025:08:07:10 -0400] "GET /.well-known/pki-validation/cloud.php HTTP/1.1" 404 1251 "-" "-"
52.184.145.216 - - [14/Apr/2025:08:07:10 -0400] "GET /wp-includes/css.php HTTP/1.1" 301 21 "-" "-"
65.21.113.206 - - [14/Apr/2025:08:07:10 -0400] "GET /search.php?m183004726?srsltid=AfmBOoAPcPBPBzQxLN5D5z_JEGEXTEEhR_CjCB7CCi-X-wuawwYmlG HTTP/1.1" 200 111523 "-" "Mozilla/5.0 (compatible; AwarioBot/1.0; +https://awario.com/bots.html)"
136.243.228.180 - - [14/Apr/2025:08:07:12 -0400] "GET /items/sgysz131/36746?key=ha HTTP/1.1" 500 1245 "-" "Mozilla/5.0 (compatible; DataForSeoBot/1.0; +https://dataforseo.com/dataforseo-bot)"
52.184.145.216 - - [14/Apr/2025:08:07:11 -0400] "GET /wp-includes/css.php HTTP/1.1" 500 1245 "-" "-"
52.184.145.216 - - [14/Apr/2025:08:07:12 -0400] "GET /gzak2w.php HTTP/1.1" 301 21 "-" "-"
52.184.145.216 - - [14/Apr/2025:08:07:13 -0400] "GET /gzak2w.php HTTP/1.1" 500 1245 "-" "-"
52.184.145.216 - - [14/Apr/2025:08:07:13 -0400] "GET /.well-known/wso112233.php HTTP/1.1" 301 21 "-" "-"
52.184.145.216 - - [14/Apr/2025:08:07:14 -0400] "GET /.well-known/wso112233.php HTTP/1.1" 500 1245 "-" "-"
52.184.145.216 - - [14/Apr/2025:08:07:15 -0400] "GET /wp-load.php HTTP/1.1" 403 1242 "-" "-"
52.184.145.216 - - [14/Apr/2025:08:07:15 -0400] "GET /wp/wp-admin/ HTTP/1.1" 301 21 "-" "-"
136.243.228.180 - - [14/Apr/2025:08:07:15 -0400] "GET /items/tarch94/25365?key=dangerous HTTP/1.1" 500 1245 "-" "Mozilla/5.0 (compatible; DataForSeoBot/1.0; +https://dataforseo.com/dataforseo-bot)"
65.21.113.206 - - [14/Apr/2025:08:07:15 -0400] "GET /search.php?m183014304?srsltid=AfmBOozhmWZXnTXG8R56cg_qWKi3WWKWB_Y1UzYY1Y-M-zCkkQkm3C HTTP/1.1" 200 110160 "-" "Mozilla/5.0 (compatible; AwarioBot/1.0; +https://awario.com/bots.html)"
198.54.114.83 - - [14/Apr/2025:08:07:17 -0400] "POST /wp-cron.php?doing_wp_cron=1744632436.6662449836730957031250 HTTP/1.1" 403 1242 "-" "WordPress/6.7.2; https://bayrampasaspor.com"
52.184.145.216 - - [14/Apr/2025:08:07:16 -0400] "GET /wp/wp-admin/ HTTP/1.1" 500 1245 "-" "-"
52.184.145.216 - - [14/Apr/2025:08:07:17 -0400] "GET /blog/blog.php HTTP/1.1" 301 21 "-" "-"
52.184.145.216 - - [14/Apr/2025:08:07:18 -0400] "GET /blog/blog.php HTTP/1.1" 500 1245 "-" "-"
52.184.145.216 - - [14/Apr/2025:08:07:19 -0400] "GET /wp-admin/themes/config HTTP/1.1" 301 21 "-" "-"
52.184.145.216 - - [14/Apr/2025:08:07:19 -0400] "GET /wp-admin/themes/config HTTP/1.1" 500 1245 "-" "-"
136.243.228.180 - - [14/Apr/2025:08:07:19 -0400] "GET /items/lxgdu144/49990?key=coastal HTTP/1.1" 500 1245 "-" "Mozilla/5.0 (compatible; DataForSeoBot/1.0; +https://dataforseo.com/dataforseo-bot)"
65.21.113.206 - - [14/Apr/2025:08:07:19 -0400] "GET /search.php?m183028790?srsltid=AfmBOoZMENbarXbVNTBdvF_ICQMNZEef3_zuRhOVLv-C-ZvxUjpEBr HTTP/1.1" 200 109996 "-" "Mozilla/5.0 (compatible; AwarioBot/1.0; +https://awario.com/bots.html)"
52.184.145.216 - - [14/Apr/2025:08:07:20 -0400] "GET /xox.php HTTP/1.1" 301 21 "-" "-"
52.184.145.216 - - [14/Apr/2025:08:07:21 -0400] "GET /xox.php HTTP/1.1" 500 1245 "-" "-"
52.184.145.216 - - [14/Apr/2025:08:07:22 -0400] "GET /wp-content/plugins/efhkgws/ HTTP/1.1" 301 21 "-" "-"
52.184.145.216 - - [14/Apr/2025:08:07:22 -0400] "GET /wp-content/plugins/efhkgws/ HTTP/1.1" 500 1245 "-" "-"
52.184.145.216 - - [14/Apr/2025:08:07:23 -0400] "GET /Alfa.php HTTP/1.1" 301 21 "-" "-"
136.243.228.180 - - [14/Apr/2025:08:07:24 -0400] "GET /items/naqfg71/29530?key=essence HTTP/1.1" 500 1245 "-" "Mozilla/5.0 (compatible; DataForSeoBot/1.0; +https://dataforseo.com/dataforseo-bot)"
52.184.145.216 - - [14/Apr/2025:08:07:24 -0400] "GET /Alfa.php HTTP/1.1" 500 1245 "-" "-"
65.21.113.206 - - [14/Apr/2025:08:07:23 -0400] "GET /search.php?m183042546?srsltid=AfmBOoDKYeSamkzViTTzQi_22mcldCKGF_7pkHojW4-R-omlL0edya HTTP/1.1" 200 110539 "-" "Mozilla/5.0 (compatible; AwarioBot/1.0; +https://awario.com/bots.html)"
52.184.145.216 - - [14/Apr/2025:08:07:25 -0400] "GET /comfunctions.php HTTP/1.1" 301 21 "-" "-"
52.184.145.216 - - [14/Apr/2025:08:07:27 -0400] "GET /comfunctions.php HTTP/1.1" 500 1245 "-" "-"
52.184.145.216 - - [14/Apr/2025:08:07:28 -0400] "GET /components/com_jea/views/form/ HTTP/1.1" 301 21 "-" "-"
136.243.228.180 - - [14/Apr/2025:08:07:29 -0400] "GET /items/ydolt10/35556?key=enthusiasm HTTP/1.1" 500 1245 "-" "Mozilla/5.0 (compatible; DataForSeoBot/1.0; +https://dataforseo.com/dataforseo-bot)"
52.184.145.216 - - [14/Apr/2025:08:07:30 -0400] "GET /components/com_jea/views/form/ HTTP/1.1" 500 1245 "-" "-"
65.21.113.206 - - [14/Apr/2025:08:07:30 -0400] "GET /search.php?m183044550?srsltid=AfmBOokhXphUtzJaCesEZ9_Ab4Gl3eDuH_GENjvAoy-G-XDtCoVYKl HTTP/1.1" 200 109970 "-" "Mozilla/5.0 (compatible; AwarioBot/1.0; +https://awario.com/bots.html)"
52.184.145.216 - - [14/Apr/2025:08:07:31 -0400] "GET /wp-content/plugins/eblovwl/ HTTP/1.1" 301 21 "-" "-"
136.243.228.180 - - [14/Apr/2025:08:07:32 -0400] "GET /items/bnwpf286/1906?key=hour HTTP/1.1" 500 1245 "-" "Mozilla/5.0 (compatible; DataForSeoBot/1.0; +https://dataforseo.com/dataforseo-bot)"
52.184.145.216 - - [14/Apr/2025:08:07:32 -0400] "GET /wp-content/plugins/eblovwl/ HTTP/1.1" 500 1245 "-" "-"
52.184.145.216 - - [14/Apr/2025:08:07:33 -0400] "GET /wp-includes/js/tinymce/themes/inlite/ HTTP/1.1" 200 827 "-" "-"
52.184.145.216 - - [14/Apr/2025:08:07:33 -0400] "GET /wp-includes/pomo/fgertreyersd.php.suspected HTTP/1.1" 301 21 "-" "-"
52.184.145.216 - - [14/Apr/2025:08:07:35 -0400] "GET /wp-includes/pomo/fgertreyersd.php.suspected HTTP/1.1" 500 1245 "-" "-"
65.21.113.206 - - [14/Apr/2025:08:07:35 -0400] "GET /search.php?m184001227?srsltid=AfmBOoRryjAizusmZEys54_uypt79fAjM_ckVXWgs0-V-HQeq5fFhv HTTP/1.1" 200 109613 "-" "Mozilla/5.0 (compatible; AwarioBot/1.0; +https://awario.com/bots.html)"
52.184.145.216 - - [14/Apr/2025:08:07:36 -0400] "GET /wp-content/plugins/simple/simple.php HTTP/1.1" 301 21 "-" "-"
136.243.228.180 - - [14/Apr/2025:08:07:36 -0400] "GET /items/rablr62/2295?key=breathe HTTP/1.1" 500 1245 "-" "Mozilla/5.0 (compatible; DataForSeoBot/1.0; +https://dataforseo.com/dataforseo-bot)"
52.184.145.216 - - [14/Apr/2025:08:07:38 -0400] "GET /wp-content/plugins/simple/simple.php HTTP/1.1" 500 1245 "-" "-"
136.243.228.180 - - [14/Apr/2025:08:07:40 -0400] "GET /items/zgatv3/10919?key=replace HTTP/1.1" 500 1245 "-" "Mozilla/5.0 (compatible; DataForSeoBot/1.0; +https://dataforseo.com/dataforseo-bot)"
52.184.145.216 - - [14/Apr/2025:08:07:41 -0400] "GET /wp-content/plugins/press/ HTTP/1.1" 301 21 "-" "-"
65.21.113.206 - - [14/Apr/2025:08:07:40 -0400] "GET /search.php?m184005713?srsltid=AfmBOoaXYgrBynXQHzTkiT_NnfonDuI87_Lu9LaiyO-O-arZ5pmS4X HTTP/1.1" 200 110127 "-" "Mozilla/5.0 (compatible; AwarioBot/1.0; +https://awario.com/bots.html)"
52.184.145.216 - - [14/Apr/2025:08:07:42 -0400] "GET /wp-content/plugins/press/ HTTP/1.1" 500 1245 "-" "-"
52.184.145.216 - - [14/Apr/2025:08:07:43 -0400] "GET /wp-content/plugins/dapeasyinstaller/ HTTP/1.1" 301 21 "-" "-"
136.243.228.180 - - [14/Apr/2025:08:07:43 -0400] "GET /items/lfudh172/17081?key=budget HTTP/1.1" 500 1245 "-" "Mozilla/5.0 (compatible; DataForSeoBot/1.0; +https://dataforseo.com/dataforseo-bot)"
52.184.145.216 - - [14/Apr/2025:08:07:44 -0400] "GET /wp-content/plugins/dapeasyinstaller/ HTTP/1.1" 500 1245 "-" "-"
52.184.145.216 - - [14/Apr/2025:08:07:45 -0400] "GET /sidwso.php HTTP/1.1" 301 21 "-" "-"
52.184.145.216 - - [14/Apr/2025:08:07:46 -0400] "GET /sidwso.php HTTP/1.1" 500 1245 "-" "-"
52.184.145.216 - - [14/Apr/2025:08:07:47 -0400] "GET /wp-includes/random_compat/bala.php/wp-content/uploads/wp_live_chat/ HTTP/1.1" 301 21 "-" "-"
65.21.113.206 - - [14/Apr/2025:08:07:46 -0400] "GET /search.php?m184041831?srsltid=AfmBOoltNaUWIKmVanYmcJ_mcD17psqFG_GFhw2KmS-I-fMLvEdIn8 HTTP/1.1" 200 108753 "-" "Mozilla/5.0 (compatible; AwarioBot/1.0; +https://awario.com/bots.html)"
136.243.228.180 - - [14/Apr/2025:08:07:47 -0400] "GET /items/dtunj110/43131?key=diplomatic HTTP/1.1" 500 1245 "-" "Mozilla/5.0 (compatible; DataForSeoBot/1.0; +https://dataforseo.com/dataforseo-bot)"
52.184.145.216 - - [14/Apr/2025:08:07:48 -0400] "GET /wp-includes/random_compat/bala.php/wp-content/uploads/wp_live_chat/ HTTP/1.1" 500 1245 "-" "-"
52.184.145.216 - - [14/Apr/2025:08:07:49 -0400] "GET /wp-content/classwithtostring.php HTTP/1.1" 301 21 "-" "-"
52.184.145.216 - - [14/Apr/2025:08:07:49 -0400] "GET /wp-content/classwithtostring.php HTTP/1.1" 500 1245 "-" "-"
52.184.145.216 - - [14/Apr/2025:08:07:50 -0400] "GET /wp-includes/sts.php HTTP/1.1" 301 21 "-" "-"
52.184.145.216 - - [14/Apr/2025:08:07:51 -0400] "GET /wp-includes/sts.php HTTP/1.1" 500 1245 "-" "-"
136.243.228.180 - - [14/Apr/2025:08:07:51 -0400] "GET /items/nxqhq175/36534?key=endure HTTP/1.1" 500 1245 "-" "Mozilla/5.0 (compatible; DataForSeoBot/1.0; +https://dataforseo.com/dataforseo-bot)"
52.184.145.216 - - [14/Apr/2025:08:07:51 -0400] "GET /login HTTP/1.1" 301 21 "-" "-"
65.21.113.206 - - [14/Apr/2025:08:07:51 -0400] "GET /search.php?m184043889?srsltid=AfmBOoLDGZwPcrMkuCjNwl_KL8zBCyoRq_YXiCrsJZ-C-8ocNdPpzj HTTP/1.1" 200 109283 "-" "Mozilla/5.0 (compatible; AwarioBot/1.0; +https://awario.com/bots.html)"
52.184.145.216 - - [14/Apr/2025:08:07:52 -0400] "GET /login HTTP/1.1" 302 21 "-" "-"
52.184.145.216 - - [14/Apr/2025:08:07:53 -0400] "GET /wp-includes/Text/autoload_classmap.php HTTP/1.1" 301 21 "-" "-"
52.184.145.216 - - [14/Apr/2025:08:07:53 -0400] "GET /wp-includes/Text/autoload_classmap.php HTTP/1.1" 500 1245 "-" "-"
52.184.145.216 - - [14/Apr/2025:08:07:54 -0400] "GET /ayk.php HTTP/1.1" 301 21 "-" "-"
52.184.145.216 - - [14/Apr/2025:08:07:54 -0400] "GET /ayk.php HTTP/1.1" 500 1245 "-" "-"
20.171.207.13 - - [14/Apr/2025:08:07:54 -0400] "GET /items/ooimu274/42898?key=casualty HTTP/1.1" 500 1245 "-" "Mozilla/5.0 AppleWebKit/537.36 (KHTML, like Gecko; compatible; GPTBot/1.2; +https://openai.com/gptbot)"
136.243.228.180 - - [14/Apr/2025:08:07:55 -0400] "GET /items/zdcdk249/395?key=newly HTTP/1.1" 500 1245 "-" "Mozilla/5.0 (compatible; DataForSeoBot/1.0; +https://dataforseo.com/dataforseo-bot)"
65.21.113.206 - - [14/Apr/2025:08:07:56 -0400] "GET /search.php?m184045213?srsltid=AfmBOoTkgXymdoNTgZKXFL_ZIwnLnR9j1_bwZeZL8r-M-dZd5GCQI6 HTTP/1.1" 200 109997 "-" "Mozilla/5.0 (compatible; AwarioBot/1.0; +https://awario.com/bots.html)"
136.243.228.180 - - [14/Apr/2025:08:07:59 -0400] "GET /items/zvmkd158/2054?key=thought HTTP/1.1" 500 1245 "-" "Mozilla/5.0 (compatible; DataForSeoBot/1.0; +https://dataforseo.com/dataforseo-bot)"
65.21.113.206 - - [14/Apr/2025:08:08:00 -0400] "GET /search.php?m185004294?srsltid=AfmBOoZSIKXMQVcITS7Ue4_nvVbQPcfQN_zZwsDces-R-9X6BxXTFz HTTP/1.1" 200 109514 "-" "Mozilla/5.0 (compatible; AwarioBot/1.0; +https://awario.com/bots.html)"
136.243.228.180 - - [14/Apr/2025:08:08:03 -0400] "GET /items/zwkrl237/41688?key=coalition HTTP/1.1" 500 1245 "-" "Mozilla/5.0 (compatible; DataForSeoBot/1.0; +https://dataforseo.com/dataforseo-bot)"
65.21.113.206 - - [14/Apr/2025:08:08:05 -0400] "GET /search.php?m185011762?srsltid=AfmBOoojVZPdmnMeI38eVN_9TDh0NbT6N_95s63S9f-N-AaesujeOD HTTP/1.1" 200 110835 "-" "Mozilla/5.0 (compatible; AwarioBot/1.0; +https://awario.com/bots.html)"
136.243.228.180 - - [14/Apr/2025:08:08:07 -0400] "GET /items/begnc210/20478?key=bull HTTP/1.1" 500 1245 "-" "Mozilla/5.0 (compatible; DataForSeoBot/1.0; +https://dataforseo.com/dataforseo-bot)"
65.21.113.206 - - [14/Apr/2025:08:08:10 -0400] "GET /search.php?m185019190?srsltid=AfmBOoPdoypjSgUbjG8s7d_3bAmn5AEI2_4SqbBSGk-C-9n3T48Uov HTTP/1.1" 200 109308 "-" "Mozilla/5.0 (compatible; AwarioBot/1.0; +https://awario.com/bots.html)"
136.243.228.180 - - [14/Apr/2025:08:08:11 -0400] "GET /items/rjfid279/38052?key=exposure HTTP/1.1" 500 1245 "-" "Mozilla/5.0 (compatible; DataForSeoBot/1.0; +https://dataforseo.com/dataforseo-bot)"
136.243.228.180 - - [14/Apr/2025:08:08:16 -0400] "GET /items/hlwmd64/26469?key=increasing HTTP/1.1" 500 1245 "-" "Mozilla/5.0 (compatible; DataForSeoBot/1.0; +https://dataforseo.com/dataforseo-bot)"
65.21.113.206 - - [14/Apr/2025:08:08:15 -0400] "GET /search.php?m185021056?srsltid=AfmBOoTOkTfeYKNd8HXEPK_fk4EemuL4H_zcNqU1wc-A-UPKMD18CV HTTP/1.1" 200 109667 "-" "Mozilla/5.0 (compatible; AwarioBot/1.0; +https://awario.com/bots.html)"
198.54.114.83 - - [14/Apr/2025:08:08:20 -0400] "POST /wp-cron.php?doing_wp_cron=1744632500.5466101169586181640625 HTTP/1.1" 403 1242 "-" "WordPress/6.7.2; https://bayrampasaspor.com"
136.243.228.180 - - [14/Apr/2025:08:08:19 -0400] "GET /items/oaukz105/17011?key=mental HTTP/1.1" 500 1245 "-" "Mozilla/5.0 (compatible; DataForSeoBot/1.0; +https://dataforseo.com/dataforseo-bot)"
65.21.113.206 - - [14/Apr/2025:08:08:22 -0400] "GET /search.php?m185024572?srsltid=AfmBOoGsZQufdcjx3hLuOG_scEfqP7I9G_EKJlM548-D-jWzARLVKf HTTP/1.1" 200 108877 "-" "Mozilla/5.0 (compatible; AwarioBot/1.0; +https://awario.com/bots.html)"
136.243.228.180 - - [14/Apr/2025:08:08:24 -0400] "GET /items/zvsvf107/24905?key=starter HTTP/1.1" 500 1245 "-" "Mozilla/5.0 (compatible; DataForSeoBot/1.0; +https://dataforseo.com/dataforseo-bot)"
65.21.113.206 - - [14/Apr/2025:08:08:26 -0400] "GET /search.php?m185030440?srsltid=AfmBOoKxtcFrPjAt7mOPD6_1FV8sqYvIW_NLx8cpqk-C-LQgX1KqtI HTTP/1.1" 200 112052 "-" "Mozilla/5.0 (compatible; AwarioBot/1.0; +https://awario.com/bots.html)"
136.243.228.180 - - [14/Apr/2025:08:08:28 -0400] "GET /items/oikns286/6014?key=arrow HTTP/1.1" 500 1245 "-" "Mozilla/5.0 (compatible; DataForSeoBot/1.0; +https://dataforseo.com/dataforseo-bot)"
136.243.228.180 - - [14/Apr/2025:08:08:32 -0400] "GET /items/abbjd132/25181?key=salmon HTTP/1.1" 500 1245 "-" "Mozilla/5.0 (compatible; DataForSeoBot/1.0; +https://dataforseo.com/dataforseo-bot)"
65.21.113.206 - - [14/Apr/2025:08:08:32 -0400] "GET /search.php?m185044860?srsltid=AfmBOooEuFmrAnTSeKiuIv_EcepTfYsKR_X2ERJ3sn-N-Ietmc25gy HTTP/1.1" 200 110072 "-" "Mozilla/5.0 (compatible; AwarioBot/1.0; +https://awario.com/bots.html)"
