136.243.228.180 - - [14/Apr/2025:12:30:00 -0400] "GET /items/qeewh175/14686?key=equip HTTP/1.1" 500 1245 "-" "Mozilla/5.0 (compatible; DataForSeoBot/1.0; +https://dataforseo.com/dataforseo-bot)"
136.243.228.180 - - [14/Apr/2025:12:30:03 -0400] "GET /items/rwkmc65/12180?key=ambitious HTTP/1.1" 500 1245 "-" "Mozilla/5.0 (compatible; DataForSeoBot/1.0; +https://dataforseo.com/dataforseo-bot)"
136.243.228.180 - - [14/Apr/2025:12:30:10 -0400] "GET /items/qmvxo51/19490?key=note HTTP/1.1" 500 1245 "-" "Mozilla/5.0 (compatible; DataForSeoBot/1.0; +https://dataforseo.com/dataforseo-bot)"
136.243.228.180 - - [14/Apr/2025:12:30:14 -0400] "GET /items/sugvt76/43843?key=kind HTTP/1.1" 500 1245 "-" "Mozilla/5.0 (compatible; DataForSeoBot/1.0; +https://dataforseo.com/dataforseo-bot)"
136.243.228.180 - - [14/Apr/2025:12:30:18 -0400] "GET /items/hyrni46/31496?key=personality HTTP/1.1" 500 1245 "-" "Mozilla/5.0 (compatible; DataForSeoBot/1.0; +https://dataforseo.com/dataforseo-bot)"
136.243.228.180 - - [14/Apr/2025:12:30:22 -0400] "GET /items/ymxjq238/25462?key=descend HTTP/1.1" 500 1245 "-" "Mozilla/5.0 (compatible; DataForSeoBot/1.0; +https://dataforseo.com/dataforseo-bot)"
136.243.228.180 - - [14/Apr/2025:12:30:27 -0400] "GET /items/uovdh47/5513?key=timber HTTP/1.1" 500 1245 "-" "Mozilla/5.0 (compatible; DataForSeoBot/1.0; +https://dataforseo.com/dataforseo-bot)"
136.243.228.180 - - [14/Apr/2025:12:30:32 -0400] "GET /items/jklya199/18128?key=amount HTTP/1.1" 500 1245 "-" "Mozilla/5.0 (compatible; DataForSeoBot/1.0; +https://dataforseo.com/dataforseo-bot)"
136.243.228.180 - - [14/Apr/2025:12:30:38 -0400] "GET /items/utpat243/39128?key=tragic HTTP/1.1" 500 1245 "-" "Mozilla/5.0 (compatible; DataForSeoBot/1.0; +https://dataforseo.com/dataforseo-bot)"
136.243.228.180 - - [14/Apr/2025:12:30:42 -0400] "GET /items/kcezr263/21646?key=professor HTTP/1.1" 500 1245 "-" "Mozilla/5.0 (compatible; DataForSeoBot/1.0; +https://dataforseo.com/dataforseo-bot)"
136.243.228.180 - - [14/Apr/2025:12:30:47 -0400] "GET /items/jceif202/40607?key=politically HTTP/1.1" 500 1245 "-" "Mozilla/5.0 (compatible; DataForSeoBot/1.0; +https://dataforseo.com/dataforseo-bot)"
20.171.207.13 - - [14/Apr/2025:12:30:51 -0400] "GET /items/kjiwm147/33946?key=hunter HTTP/1.1" 500 1245 "-" "Mozilla/5.0 AppleWebKit/537.36 (KHTML, like Gecko; compatible; GPTBot/1.2; +https://openai.com/gptbot)"
136.243.228.180 - - [14/Apr/2025:12:30:53 -0400] "GET /items/sgcay158/7148?key=could HTTP/1.1" 500 1245 "-" "Mozilla/5.0 (compatible; DataForSeoBot/1.0; +https://dataforseo.com/dataforseo-bot)"
136.243.228.180 - - [14/Apr/2025:12:30:57 -0400] "GET /items/nhhim16/1584?key=way HTTP/1.1" 500 1245 "-" "Mozilla/5.0 (compatible; DataForSeoBot/1.0; +https://dataforseo.com/dataforseo-bot)"
136.243.228.180 - - [14/Apr/2025:12:31:03 -0400] "GET /items/evpuq208/9812?key=cognitive HTTP/1.1" 500 1245 "-" "Mozilla/5.0 (compatible; DataForSeoBot/1.0; +https://dataforseo.com/dataforseo-bot)"
198.54.114.83 - - [14/Apr/2025:12:31:06 -0400] "POST /wp-cron.php?doing_wp_cron=1744648263.6312460899353027343750 HTTP/1.1" 200 0 "-" "WordPress/6.7.2; https://bayrampasaspor.com"
136.243.228.180 - - [14/Apr/2025:12:31:09 -0400] "GET /items/ajcvg69/12865?key=shout HTTP/1.1" 500 1245 "-" "Mozilla/5.0 (compatible; DataForSeoBot/1.0; +https://dataforseo.com/dataforseo-bot)"
45.61.160.87 - - [14/Apr/2025:12:31:10 -0400] "GET /wp-admin/network/index.php HTTP/1.1" 302 21 "-" "Mozlila/5.0 (Linux; Android 7.0; SM-G892A Bulid/NRD90M; wv) AppleWebKit/537.36 (KHTML, like Gecko) Version/4.0 Chrome/60.0.3112.107 Moblie Safari/537.36"
136.243.228.180 - - [14/Apr/2025:12:31:12 -0400] "GET /items/axhlm22/12990?key=complain HTTP/1.1" 500 1245 "-" "Mozilla/5.0 (compatible; DataForSeoBot/1.0; +https://dataforseo.com/dataforseo-bot)"
136.243.228.180 - - [14/Apr/2025:12:31:17 -0400] "GET /items/kxadc165/29038?key=test HTTP/1.1" 500 1245 "-" "Mozilla/5.0 (compatible; DataForSeoBot/1.0; +https://dataforseo.com/dataforseo-bot)"
136.243.228.180 - - [14/Apr/2025:12:31:21 -0400] "GET /items/jkvul134/23341?key=internal HTTP/1.1" 500 1245 "-" "Mozilla/5.0 (compatible; DataForSeoBot/1.0; +https://dataforseo.com/dataforseo-bot)"
136.243.228.180 - - [14/Apr/2025:12:31:25 -0400] "GET /items/cueuy214/38071?key=hey HTTP/1.1" 500 1245 "-" "Mozilla/5.0 (compatible; DataForSeoBot/1.0; +https://dataforseo.com/dataforseo-bot)"
136.243.228.180 - - [14/Apr/2025:12:31:31 -0400] "GET /items/roasm153/23018?key=begin HTTP/1.1" 500 1245 "-" "Mozilla/5.0 (compatible; DataForSeoBot/1.0; +https://dataforseo.com/dataforseo-bot)"
136.243.228.180 - - [14/Apr/2025:12:31:37 -0400] "GET /items/kmbob108/11856?key=cargo HTTP/1.1" 500 1245 "-" "Mozilla/5.0 (compatible; DataForSeoBot/1.0; +https://dataforseo.com/dataforseo-bot)"
136.243.228.180 - - [14/Apr/2025:12:31:43 -0400] "GET /items/tpekh122/32095?key=hungry HTTP/1.1" 500 1245 "-" "Mozilla/5.0 (compatible; DataForSeoBot/1.0; +https://dataforseo.com/dataforseo-bot)"
136.243.228.180 - - [14/Apr/2025:12:31:50 -0400] "GET /items/bmmcc19/31348?key=chair HTTP/1.1" 500 1245 "-" "Mozilla/5.0 (compatible; DataForSeoBot/1.0; +https://dataforseo.com/dataforseo-bot)"
20.171.207.13 - - [14/Apr/2025:12:31:55 -0400] "GET /items/nfogn263/38775?key=effort HTTP/1.1" 500 1245 "-" "Mozilla/5.0 AppleWebKit/537.36 (KHTML, like Gecko; compatible; GPTBot/1.2; +https://openai.com/gptbot)"
136.243.228.180 - - [14/Apr/2025:12:31:56 -0400] "GET /items/embqe126/16299?key=serving HTTP/1.1" 500 1245 "-" "Mozilla/5.0 (compatible; DataForSeoBot/1.0; +https://dataforseo.com/dataforseo-bot)"
136.243.228.180 - - [14/Apr/2025:12:32:01 -0400] "GET /items/hcwsl265/40099?key=space HTTP/1.1" 500 1245 "-" "Mozilla/5.0 (compatible; DataForSeoBot/1.0; +https://dataforseo.com/dataforseo-bot)"
136.243.228.180 - - [14/Apr/2025:12:32:09 -0400] "GET /items/bsojy273/28558?key=representative HTTP/1.1" 500 1245 "-" "Mozilla/5.0 (compatible; DataForSeoBot/1.0; +https://dataforseo.com/dataforseo-bot)"
136.243.228.180 - - [14/Apr/2025:12:32:15 -0400] "GET /items/qtvcr62/16734?key=classic HTTP/1.1" 500 1245 "-" "Mozilla/5.0 (compatible; DataForSeoBot/1.0; +https://dataforseo.com/dataforseo-bot)"
136.243.228.180 - - [14/Apr/2025:12:32:22 -0400] "GET /items/pmpfk209/3824?key=mom HTTP/1.1" 500 1245 "-" "Mozilla/5.0 (compatible; DataForSeoBot/1.0; +https://dataforseo.com/dataforseo-bot)"
136.243.228.180 - - [14/Apr/2025:12:32:28 -0400] "GET /items/lnyos229/29139?key=annual HTTP/1.1" 500 1245 "-" "Mozilla/5.0 (compatible; DataForSeoBot/1.0; +https://dataforseo.com/dataforseo-bot)"
136.243.228.180 - - [14/Apr/2025:12:32:37 -0400] "GET /items/ytfeb34/1980?key=pack HTTP/1.1" 500 1245 "-" "Mozilla/5.0 (compatible; DataForSeoBot/1.0; +https://dataforseo.com/dataforseo-bot)"
136.243.228.180 - - [14/Apr/2025:12:32:43 -0400] "GET /items/zdeig87/44043?key=slowly HTTP/1.1" 500 1245 "-" "Mozilla/5.0 (compatible; DataForSeoBot/1.0; +https://dataforseo.com/dataforseo-bot)"
136.243.228.180 - - [14/Apr/2025:12:32:46 -0400] "GET /items/sbaaj89/16904?key=laboratory HTTP/1.1" 500 1245 "-" "Mozilla/5.0 (compatible; DataForSeoBot/1.0; +https://dataforseo.com/dataforseo-bot)"
136.243.228.180 - - [14/Apr/2025:12:32:50 -0400] "GET /items/zqhir15/4081?key=sensitivity HTTP/1.1" 500 1245 "-" "Mozilla/5.0 (compatible; DataForSeoBot/1.0; +https://dataforseo.com/dataforseo-bot)"
20.171.207.13 - - [14/Apr/2025:12:32:53 -0400] "GET /items/imyph297/18107?key=bucket HTTP/1.1" 500 1245 "-" "Mozilla/5.0 AppleWebKit/537.36 (KHTML, like Gecko; compatible; GPTBot/1.2; +https://openai.com/gptbot)"
136.243.228.180 - - [14/Apr/2025:12:32:55 -0400] "GET /items/fctaq147/13437?key=tray HTTP/1.1" 500 1245 "-" "Mozilla/5.0 (compatible; DataForSeoBot/1.0; +https://dataforseo.com/dataforseo-bot)"
136.243.228.180 - - [14/Apr/2025:12:32:58 -0400] "GET /items/wiprk115/19354?key=still HTTP/1.1" 500 1245 "-" "Mozilla/5.0 (compatible; DataForSeoBot/1.0; +https://dataforseo.com/dataforseo-bot)"
136.243.228.180 - - [14/Apr/2025:12:33:02 -0400] "GET /items/fnaiz110/30229?key=testify HTTP/1.1" 500 1245 "-" "Mozilla/5.0 (compatible; DataForSeoBot/1.0; +https://dataforseo.com/dataforseo-bot)"
136.243.228.180 - - [14/Apr/2025:12:33:06 -0400] "GET /items/qoyfy232/10940?key=get HTTP/1.1" 500 1245 "-" "Mozilla/5.0 (compatible; DataForSeoBot/1.0; +https://dataforseo.com/dataforseo-bot)"
198.54.114.83 - - [14/Apr/2025:12:33:08 -0400] "POST /wp-cron.php?doing_wp_cron=1744648386.7019429206848144531250 HTTP/1.1" 200 0 "-" "WordPress/6.7.2; https://bayrampasaspor.com"
20.171.207.13 - - [14/Apr/2025:12:33:52 -0400] "GET /items/zspde268/35853?key=golden HTTP/1.1" 500 1245 "-" "Mozilla/5.0 AppleWebKit/537.36 (KHTML, like Gecko; compatible; GPTBot/1.2; +https://openai.com/gptbot)"
136.243.228.180 - - [14/Apr/2025:12:33:56 -0400] "GET /items/xjktv195/17802?key=dip HTTP/1.1" 500 1245 "-" "Mozilla/5.0 (compatible; DataForSeoBot/1.0; +https://dataforseo.com/dataforseo-bot)"
136.243.228.180 - - [14/Apr/2025:12:34:00 -0400] "GET /items/cunkc246/37735?key=morning HTTP/1.1" 500 1245 "-" "Mozilla/5.0 (compatible; DataForSeoBot/1.0; +https://dataforseo.com/dataforseo-bot)"
136.243.228.180 - - [14/Apr/2025:12:34:05 -0400] "GET /items/fatbb249/2763?key=exit HTTP/1.1" 500 1245 "-" "Mozilla/5.0 (compatible; DataForSeoBot/1.0; +https://dataforseo.com/dataforseo-bot)"
136.243.228.180 - - [14/Apr/2025:12:34:10 -0400] "GET /items/ujxii32/15697?key=writer HTTP/1.1" 500 1245 "-" "Mozilla/5.0 (compatible; DataForSeoBot/1.0; +https://dataforseo.com/dataforseo-bot)"
136.243.228.180 - - [14/Apr/2025:12:34:13 -0400] "GET /items/zbkee239/17227?key=moderate HTTP/1.1" 500 1245 "-" "Mozilla/5.0 (compatible; DataForSeoBot/1.0; +https://dataforseo.com/dataforseo-bot)"
136.243.228.180 - - [14/Apr/2025:12:34:18 -0400] "GET /items/vooss117/28194?key=arise HTTP/1.1" 500 1245 "-" "Mozilla/5.0 (compatible; DataForSeoBot/1.0; +https://dataforseo.com/dataforseo-bot)"
136.243.228.180 - - [14/Apr/2025:12:34:22 -0400] "GET /items/hbwya155/10668?key=skilled HTTP/1.1" 500 1245 "-" "Mozilla/5.0 (compatible; DataForSeoBot/1.0; +https://dataforseo.com/dataforseo-bot)"
136.243.228.180 - - [14/Apr/2025:12:34:28 -0400] "GET /items/jboqh144/34304?key=unhappy HTTP/1.1" 500 1245 "-" "Mozilla/5.0 (compatible; DataForSeoBot/1.0; +https://dataforseo.com/dataforseo-bot)"
136.243.228.180 - - [14/Apr/2025:12:34:32 -0400] "GET /items/zpmkk153/9679?key=spokesman HTTP/1.1" 500 1245 "-" "Mozilla/5.0 (compatible; DataForSeoBot/1.0; +https://dataforseo.com/dataforseo-bot)"
136.243.228.180 - - [14/Apr/2025:12:34:38 -0400] "GET /items/syzly184/26159?key=bite HTTP/1.1" 500 1245 "-" "Mozilla/5.0 (compatible; DataForSeoBot/1.0; +https://dataforseo.com/dataforseo-bot)"
94.247.172.129 - - [14/Apr/2025:12:34:38 -0400] "GET / HTTP/1.1" 301 21 "-" "Mozilla/5.0 (Macintosh; Intel Mac OS X 10_9_2)"
136.243.228.180 - - [14/Apr/2025:12:34:40 -0400] "GET /items/flbru279/32009?key=solar HTTP/1.1" 500 1245 "-" "Mozilla/5.0 (compatible; DataForSeoBot/1.0; +https://dataforseo.com/dataforseo-bot)"
94.247.172.129 - - [14/Apr/2025:12:34:41 -0400] "GET / HTTP/1.1" 500 1245 "-" "Mozilla/5.0 (Macintosh; Intel Mac OS X 10_9_2)"
136.243.228.180 - - [14/Apr/2025:12:34:43 -0400] "GET /items/wlwrb72/40528?key=costly HTTP/1.1" 500 1245 "-" "Mozilla/5.0 (compatible; DataForSeoBot/1.0; +https://dataforseo.com/dataforseo-bot)"
136.243.228.180 - - [14/Apr/2025:12:34:48 -0400] "GET /items/mujxu174/2562?key=publish HTTP/1.1" 500 1245 "-" "Mozilla/5.0 (compatible; DataForSeoBot/1.0; +https://dataforseo.com/dataforseo-bot)"
136.243.228.180 - - [14/Apr/2025:12:34:52 -0400] "GET /items/lsssa185/40552?key=federal HTTP/1.1" 500 1245 "-" "Mozilla/5.0 (compatible; DataForSeoBot/1.0; +https://dataforseo.com/dataforseo-bot)"
20.171.207.13 - - [14/Apr/2025:12:34:56 -0400] "GET /items/vdkeg237/35862?key=source HTTP/1.1" 500 1245 "-" "Mozilla/5.0 AppleWebKit/537.36 (KHTML, like Gecko; compatible; GPTBot/1.2; +https://openai.com/gptbot)"
136.243.228.180 - - [14/Apr/2025:12:34:56 -0400] "GET /items/hpxpo288/16551?key=pork HTTP/1.1" 500 1245 "-" "Mozilla/5.0 (compatible; DataForSeoBot/1.0; +https://dataforseo.com/dataforseo-bot)"
136.243.228.180 - - [14/Apr/2025:12:35:00 -0400] "GET /items/guyqe102/18650?key=grandchild HTTP/1.1" 500 1245 "-" "Mozilla/5.0 (compatible; DataForSeoBot/1.0; +https://dataforseo.com/dataforseo-bot)"
136.243.228.180 - - [14/Apr/2025:12:35:05 -0400] "GET /items/uwxse237/22980?key=blind HTTP/1.1" 500 1245 "-" "Mozilla/5.0 (compatible; DataForSeoBot/1.0; +https://dataforseo.com/dataforseo-bot)"
136.243.228.180 - - [14/Apr/2025:12:35:10 -0400] "GET /items/kzfvg173/23428?key=tough HTTP/1.1" 500 1245 "-" "Mozilla/5.0 (compatible; DataForSeoBot/1.0; +https://dataforseo.com/dataforseo-bot)"
198.54.114.83 - - [14/Apr/2025:12:35:13 -0400] "POST /wp-cron.php?doing_wp_cron=1744648511.0169179439544677734375 HTTP/1.1" 200 0 "-" "WordPress/6.7.2; https://bayrampasaspor.com"
136.243.228.180 - - [14/Apr/2025:12:35:15 -0400] "GET /items/naqfg161/29440?key=insurance HTTP/1.1" 500 1245 "-" "Mozilla/5.0 (compatible; DataForSeoBot/1.0; +https://dataforseo.com/dataforseo-bot)"
136.243.228.180 - - [14/Apr/2025:12:35:19 -0400] "GET /items/kzokj300/11301?key=slip HTTP/1.1" 500 1245 "-" "Mozilla/5.0 (compatible; DataForSeoBot/1.0; +https://dataforseo.com/dataforseo-bot)"
136.243.228.180 - - [14/Apr/2025:12:35:23 -0400] "GET /items/tpvpw5/3942?key=burst HTTP/1.1" 500 1245 "-" "Mozilla/5.0 (compatible; DataForSeoBot/1.0; +https://dataforseo.com/dataforseo-bot)"
136.243.228.180 - - [14/Apr/2025:12:35:27 -0400] "GET /items/xychp4/18908?key=lab HTTP/1.1" 500 1245 "-" "Mozilla/5.0 (compatible; DataForSeoBot/1.0; +https://dataforseo.com/dataforseo-bot)"
136.243.228.180 - - [14/Apr/2025:12:35:32 -0400] "GET /items/hfemz275/8656?key=patient HTTP/1.1" 500 1245 "-" "Mozilla/5.0 (compatible; DataForSeoBot/1.0; +https://dataforseo.com/dataforseo-bot)"
45.61.160.87 - - [14/Apr/2025:12:35:32 -0400] "GET /wp-admin/js/index.php HTTP/1.1" 301 21 "-" "Mozlila/5.0 (Linux; Android 7.0; SM-G892A Bulid/NRD90M; wv) AppleWebKit/537.36 (KHTML, like Gecko) Version/4.0 Chrome/60.0.3112.107 Moblie Safari/537.36"
136.243.228.180 - - [14/Apr/2025:12:35:38 -0400] "GET /items/rciha225/48129?key=channel HTTP/1.1" 500 1245 "-" "Mozilla/5.0 (compatible; DataForSeoBot/1.0; +https://dataforseo.com/dataforseo-bot)"
2a11:5787:75d0:131e:4f8f:b868:fd09:b9a0 - - [14/Apr/2025:12:35:38 -0400] "GET /why-smart-business-travelers-always-book-a-massage/ HTTP/1.1" 200 15498 "http://bayrampasaspor.com/why-smart-business-travelers-always-book-a-massage/" "Mozilla/5.0 (Windows NT 10.0; Win64; x64) AppleWebKit/537.36 (KHTML, like Gecko) Chrome/130.0.0.0 Safari/537.36"
45.61.160.87 - - [14/Apr/2025:12:35:39 -0400] "GET /wp-admin/js/ HTTP/1.1" 200 4284 "-" "Mozlila/5.0 (Linux; Android 7.0; SM-G892A Bulid/NRD90M; wv) AppleWebKit/537.36 (KHTML, like Gecko) Version/4.0 Chrome/60.0.3112.107 Moblie Safari/537.36"
136.243.228.180 - - [14/Apr/2025:12:35:43 -0400] "GET /items/qvdsl83/221?key=correspondent HTTP/1.1" 500 1245 "-" "Mozilla/5.0 (compatible; DataForSeoBot/1.0; +https://dataforseo.com/dataforseo-bot)"
136.243.228.180 - - [14/Apr/2025:12:35:47 -0400] "GET /items/cfxab33/29270?key=sixth HTTP/1.1" 500 1245 "-" "Mozilla/5.0 (compatible; DataForSeoBot/1.0; +https://dataforseo.com/dataforseo-bot)"
136.243.228.180 - - [14/Apr/2025:12:35:53 -0400] "GET /items/kuqsi199/42534?key=restrict HTTP/1.1" 500 1245 "-" "Mozilla/5.0 (compatible; DataForSeoBot/1.0; +https://dataforseo.com/dataforseo-bot)"
136.243.228.180 - - [14/Apr/2025:12:35:57 -0400] "GET /items/xptnc59/3165?key=fiscal HTTP/1.1" 500 1245 "-" "Mozilla/5.0 (compatible; DataForSeoBot/1.0; +https://dataforseo.com/dataforseo-bot)"
136.243.228.180 - - [14/Apr/2025:12:36:02 -0400] "GET /items/hfsio161/33961?key=official HTTP/1.1" 500 1245 "-" "Mozilla/5.0 (compatible; DataForSeoBot/1.0; +https://dataforseo.com/dataforseo-bot)"
20.171.207.13 - - [14/Apr/2025:12:36:02 -0400] "GET /items/ajhbp268/14894?key=either HTTP/1.1" 500 1245 "-" "Mozilla/5.0 AppleWebKit/537.36 (KHTML, like Gecko; compatible; GPTBot/1.2; +https://openai.com/gptbot)"
136.243.228.180 - - [14/Apr/2025:12:36:05 -0400] "GET /items/ztrod47/20102?key=complexity HTTP/1.1" 500 1245 "-" "Mozilla/5.0 (compatible; DataForSeoBot/1.0; +https://dataforseo.com/dataforseo-bot)"
136.243.228.180 - - [14/Apr/2025:12:36:09 -0400] "GET /items/tbpdk93/22325?key=restriction HTTP/1.1" 500 1245 "-" "Mozilla/5.0 (compatible; DataForSeoBot/1.0; +https://dataforseo.com/dataforseo-bot)"
198.54.114.83 - - [14/Apr/2025:12:36:13 -0400] "POST /wp-cron.php?doing_wp_cron=1744648572.5888350009918212890625 HTTP/1.1" 200 0 "-" "WordPress/6.7.2; https://bayrampasaspor.com"
136.243.228.180 - - [14/Apr/2025:12:36:12 -0400] "GET /items/yiali12/13378?key=deeply HTTP/1.1" 500 1245 "-" "Mozilla/5.0 (compatible; DataForSeoBot/1.0; +https://dataforseo.com/dataforseo-bot)"
136.243.228.180 - - [14/Apr/2025:12:36:16 -0400] "GET /items/jfqtb41/10243?key=school HTTP/1.1" 500 1245 "-" "Mozilla/5.0 (compatible; DataForSeoBot/1.0; +https://dataforseo.com/dataforseo-bot)"
136.243.228.180 - - [14/Apr/2025:12:36:21 -0400] "GET /items/sjaqa9/31200?key=company HTTP/1.1" 500 1245 "-" "Mozilla/5.0 (compatible; DataForSeoBot/1.0; +https://dataforseo.com/dataforseo-bot)"
45.61.160.87 - - [14/Apr/2025:12:36:21 -0400] "GET /wp-admin/images/index.php HTTP/1.1" 301 21 "-" "Mozlila/5.0 (Linux; Android 7.0; SM-G892A Bulid/NRD90M; wv) AppleWebKit/537.36 (KHTML, like Gecko) Version/4.0 Chrome/60.0.3112.107 Moblie Safari/537.36"
136.243.228.180 - - [14/Apr/2025:12:36:24 -0400] "GET /items/ifkqm265/12246?key=dinner HTTP/1.1" 500 1245 "-" "Mozilla/5.0 (compatible; DataForSeoBot/1.0; +https://dataforseo.com/dataforseo-bot)"
136.243.228.180 - - [14/Apr/2025:12:36:29 -0400] "GET /items/bkkck237/1530?key=principle HTTP/1.1" 500 1245 "-" "Mozilla/5.0 (compatible; DataForSeoBot/1.0; +https://dataforseo.com/dataforseo-bot)"
136.243.228.180 - - [14/Apr/2025:12:36:32 -0400] "GET /items/fzmkv167/48316?key=instruct HTTP/1.1" 500 1245 "-" "Mozilla/5.0 (compatible; DataForSeoBot/1.0; +https://dataforseo.com/dataforseo-bot)"
136.243.228.180 - - [14/Apr/2025:12:36:38 -0400] "GET /items/dhoxt71/2384?key=horror HTTP/1.1" 500 1245 "-" "Mozilla/5.0 (compatible; DataForSeoBot/1.0; +https://dataforseo.com/dataforseo-bot)"
136.243.228.180 - - [14/Apr/2025:12:36:41 -0400] "GET /items/palvd213/26375?key=shore HTTP/1.1" 500 1245 "-" "Mozilla/5.0 (compatible; DataForSeoBot/1.0; +https://dataforseo.com/dataforseo-bot)"
136.243.228.180 - - [14/Apr/2025:12:36:45 -0400] "GET /items/ulbxb100/47693?key=pleasure HTTP/1.1" 500 1245 "-" "Mozilla/5.0 (compatible; DataForSeoBot/1.0; +https://dataforseo.com/dataforseo-bot)"
45.61.160.87 - - [14/Apr/2025:12:36:51 -0400] "GET /wp-admin/images/ HTTP/1.1" 200 3362 "-" "Mozlila/5.0 (Linux; Android 7.0; SM-G892A Bulid/NRD90M; wv) AppleWebKit/537.36 (KHTML, like Gecko) Version/4.0 Chrome/60.0.3112.107 Moblie Safari/537.36"
20.171.207.13 - - [14/Apr/2025:12:37:03 -0400] "GET /items/ydozg18/25224?key=landing HTTP/1.1" 500 1245 "-" "Mozilla/5.0 AppleWebKit/537.36 (KHTML, like Gecko; compatible; GPTBot/1.2; +https://openai.com/gptbot)"
136.243.228.180 - - [14/Apr/2025:12:37:36 -0400] "GET /items/kcngm207/40076?key=historian HTTP/1.1" 500 1245 "-" "Mozilla/5.0 (compatible; DataForSeoBot/1.0; +https://dataforseo.com/dataforseo-bot)"
136.243.228.180 - - [14/Apr/2025:12:37:41 -0400] "GET /items/xfotu248/26557?key=substance HTTP/1.1" 500 1245 "-" "Mozilla/5.0 (compatible; DataForSeoBot/1.0; +https://dataforseo.com/dataforseo-bot)"
136.243.228.180 - - [14/Apr/2025:12:37:46 -0400] "GET /items/cgeaa230/34132?key=tumor HTTP/1.1" 500 1245 "-" "Mozilla/5.0 (compatible; DataForSeoBot/1.0; +https://dataforseo.com/dataforseo-bot)"
136.243.228.180 - - [14/Apr/2025:12:37:50 -0400] "GET /items/rdggb223/5243?key=mother HTTP/1.1" 500 1245 "-" "Mozilla/5.0 (compatible; DataForSeoBot/1.0; +https://dataforseo.com/dataforseo-bot)"
136.243.228.180 - - [14/Apr/2025:12:37:53 -0400] "GET /items/vxzky162/15511?key=continent HTTP/1.1" 500 1245 "-" "Mozilla/5.0 (compatible; DataForSeoBot/1.0; +https://dataforseo.com/dataforseo-bot)"
136.243.228.180 - - [14/Apr/2025:12:37:57 -0400] "GET /items/kichu122/39891?key=compose HTTP/1.1" 500 1245 "-" "Mozilla/5.0 (compatible; DataForSeoBot/1.0; +https://dataforseo.com/dataforseo-bot)"
136.243.228.180 - - [14/Apr/2025:12:38:01 -0400] "GET /items/ndfwl101/46238?key=handle HTTP/1.1" 500 1245 "-" "Mozilla/5.0 (compatible; DataForSeoBot/1.0; +https://dataforseo.com/dataforseo-bot)"
20.171.207.13 - - [14/Apr/2025:12:38:05 -0400] "GET /items/yzzhj294/3520?key=justify HTTP/1.1" 500 1245 "-" "Mozilla/5.0 AppleWebKit/537.36 (KHTML, like Gecko; compatible; GPTBot/1.2; +https://openai.com/gptbot)"
136.243.228.180 - - [14/Apr/2025:12:38:05 -0400] "GET /items/eomdx229/40468?key=Spanish HTTP/1.1" 500 1245 "-" "Mozilla/5.0 (compatible; DataForSeoBot/1.0; +https://dataforseo.com/dataforseo-bot)"
136.243.228.180 - - [14/Apr/2025:12:38:09 -0400] "GET /items/opqcr25/3552?key=equality HTTP/1.1" 500 1245 "-" "Mozilla/5.0 (compatible; DataForSeoBot/1.0; +https://dataforseo.com/dataforseo-bot)"
45.61.160.87 - - [14/Apr/2025:12:38:12 -0400] "GET /wp-admin/css/index.php HTTP/1.1" 301 21 "-" "Mozlila/5.0 (Linux; Android 7.0; SM-G892A Bulid/NRD90M; wv) AppleWebKit/537.36 (KHTML, like Gecko) Version/4.0 Chrome/60.0.3112.107 Moblie Safari/537.36"
136.243.228.180 - - [14/Apr/2025:12:38:13 -0400] "GET /items/butsg186/24958?key=fold HTTP/1.1" 500 1245 "-" "Mozilla/5.0 (compatible; DataForSeoBot/1.0; +https://dataforseo.com/dataforseo-bot)"
198.54.114.83 - - [14/Apr/2025:12:38:19 -0400] "POST /wp-cron.php?doing_wp_cron=1744648698.3378078937530517578125 HTTP/1.1" 200 0 "-" "WordPress/6.7.2; https://bayrampasaspor.com"
136.243.228.180 - - [14/Apr/2025:12:38:18 -0400] "GET /items/totlb121/37715?key=chin HTTP/1.1" 500 1245 "-" "Mozilla/5.0 (compatible; DataForSeoBot/1.0; +https://dataforseo.com/dataforseo-bot)"
136.243.228.180 - - [14/Apr/2025:12:38:23 -0400] "GET /items/iyqum300/43859?key=evidence HTTP/1.1" 500 1245 "-" "Mozilla/5.0 (compatible; DataForSeoBot/1.0; +https://dataforseo.com/dataforseo-bot)"
136.243.228.180 - - [14/Apr/2025:12:38:27 -0400] "GET /items/ewynu11/43048?key=safety HTTP/1.1" 500 1245 "-" "Mozilla/5.0 (compatible; DataForSeoBot/1.0; +https://dataforseo.com/dataforseo-bot)"
45.61.160.87 - - [14/Apr/2025:12:38:30 -0400] "GET /wp-admin/css/ HTTP/1.1" 200 4007 "-" "Mozlila/5.0 (Linux; Android 7.0; SM-G892A Bulid/NRD90M; wv) AppleWebKit/537.36 (KHTML, like Gecko) Version/4.0 Chrome/60.0.3112.107 Moblie Safari/537.36"
136.243.228.180 - - [14/Apr/2025:12:38:30 -0400] "GET /items/qtkzz160/26256?key=timber HTTP/1.1" 500 1245 "-" "Mozilla/5.0 (compatible; DataForSeoBot/1.0; +https://dataforseo.com/dataforseo-bot)"
136.243.228.180 - - [14/Apr/2025:12:38:36 -0400] "GET /items/biyij259/6830?key=clinic HTTP/1.1" 500 1245 "-" "Mozilla/5.0 (compatible; DataForSeoBot/1.0; +https://dataforseo.com/dataforseo-bot)"
136.243.228.180 - - [14/Apr/2025:12:38:42 -0400] "GET /items/edcyv112/44417?key=rough HTTP/1.1" 500 1245 "-" "Mozilla/5.0 (compatible; DataForSeoBot/1.0; +https://dataforseo.com/dataforseo-bot)"
136.243.228.180 - - [14/Apr/2025:12:38:47 -0400] "GET /items/csbtz74/7670?key=regulator HTTP/1.1" 500 1245 "-" "Mozilla/5.0 (compatible; DataForSeoBot/1.0; +https://dataforseo.com/dataforseo-bot)"
216.244.66.246 - - [14/Apr/2025:12:38:49 -0400] "GET /robots.txt HTTP/1.1" 304 0 "-" "Mozilla/5.0 (compatible; DotBot/1.2; +https://opensiteexplorer.org/dotbot; help@moz.com)"
136.243.228.180 - - [14/Apr/2025:12:38:51 -0400] "GET /items/ufpaa228/21239?key=concentration HTTP/1.1" 500 1245 "-" "Mozilla/5.0 (compatible; DataForSeoBot/1.0; +https://dataforseo.com/dataforseo-bot)"
136.243.228.180 - - [14/Apr/2025:12:38:55 -0400] "GET /items/psatz31/30080?key=discover HTTP/1.1" 500 1245 "-" "Mozilla/5.0 (compatible; DataForSeoBot/1.0; +https://dataforseo.com/dataforseo-bot)"
136.243.228.180 - - [14/Apr/2025:12:40:09 -0400] "GET /items/cnoiq296/32035?key=similarly HTTP/1.1" 500 1245 "-" "Mozilla/5.0 (compatible; DataForSeoBot/1.0; +https://dataforseo.com/dataforseo-bot)"
20.171.207.13 - - [14/Apr/2025:12:40:16 -0400] "GET /items/yoirc47/16211?key=auction HTTP/1.1" 500 1245 "-" "Mozilla/5.0 AppleWebKit/537.36 (KHTML, like Gecko; compatible; GPTBot/1.2; +https://openai.com/gptbot)"
136.243.228.180 - - [14/Apr/2025:12:40:16 -0400] "GET /items/vskrn219/44516?key=physically HTTP/1.1" 500 1245 "-" "Mozilla/5.0 (compatible; DataForSeoBot/1.0; +https://dataforseo.com/dataforseo-bot)"
45.61.160.87 - - [14/Apr/2025:12:40:20 -0400] "GET /wp-includes/SimplePie/Content/Type/ HTTP/1.1" 500 1245 "-" "Mozlila/5.0 (Linux; Android 7.0; SM-G892A Bulid/NRD90M; wv) AppleWebKit/537.36 (KHTML, like Gecko) Version/4.0 Chrome/60.0.3112.107 Moblie Safari/537.36"
136.243.228.180 - - [14/Apr/2025:12:40:20 -0400] "GET /items/wrfcz24/41373?key=premise HTTP/1.1" 500 1245 "-" "Mozilla/5.0 (compatible; DataForSeoBot/1.0; +https://dataforseo.com/dataforseo-bot)"
136.243.228.180 - - [14/Apr/2025:12:40:25 -0400] "GET /items/chxxa255/11854?key=cancer HTTP/1.1" 500 1245 "-" "Mozilla/5.0 (compatible; DataForSeoBot/1.0; +https://dataforseo.com/dataforseo-bot)"
136.243.228.180 - - [14/Apr/2025:12:40:28 -0400] "GET /items/uklqb161/20025?key=queen HTTP/1.1" 500 1245 "-" "Mozilla/5.0 (compatible; DataForSeoBot/1.0; +https://dataforseo.com/dataforseo-bot)"
136.243.228.180 - - [14/Apr/2025:12:40:33 -0400] "GET /items/zupwl111/45596?key=warrior HTTP/1.1" 500 1245 "-" "Mozilla/5.0 (compatible; DataForSeoBot/1.0; +https://dataforseo.com/dataforseo-bot)"
136.243.228.180 - - [14/Apr/2025:12:40:36 -0400] "GET /items/dqnvy299/4546?key=orange HTTP/1.1" 500 1245 "-" "Mozilla/5.0 (compatible; DataForSeoBot/1.0; +https://dataforseo.com/dataforseo-bot)"
136.243.228.180 - - [14/Apr/2025:12:40:39 -0400] "GET /items/tscjo284/8834?key=northeast HTTP/1.1" 500 1245 "-" "Mozilla/5.0 (compatible; DataForSeoBot/1.0; +https://dataforseo.com/dataforseo-bot)"
136.243.228.180 - - [14/Apr/2025:12:40:43 -0400] "GET /items/yjerk250/19282?key=muscle HTTP/1.1" 500 1245 "-" "Mozilla/5.0 (compatible; DataForSeoBot/1.0; +https://dataforseo.com/dataforseo-bot)"
136.243.228.180 - - [14/Apr/2025:12:40:47 -0400] "GET /items/kjynv130/31157?key=invitation HTTP/1.1" 500 1245 "-" "Mozilla/5.0 (compatible; DataForSeoBot/1.0; +https://dataforseo.com/dataforseo-bot)"
136.243.228.180 - - [14/Apr/2025:12:40:51 -0400] "GET /items/snqmb117/2201?key=globe HTTP/1.1" 500 1245 "-" "Mozilla/5.0 (compatible; DataForSeoBot/1.0; +https://dataforseo.com/dataforseo-bot)"
136.243.228.180 - - [14/Apr/2025:12:40:55 -0400] "GET /items/xuxup63/43239?key=rhythm HTTP/1.1" 500 1245 "-" "Mozilla/5.0 (compatible; DataForSeoBot/1.0; +https://dataforseo.com/dataforseo-bot)"
45.61.160.87 - - [14/Apr/2025:12:40:58 -0400] "GET /wp-includes/Requests/Auth/index.php HTTP/1.1" 301 21 "-" "Mozlila/5.0 (Linux; Android 7.0; SM-G892A Bulid/NRD90M; wv) AppleWebKit/537.36 (KHTML, like Gecko) Version/4.0 Chrome/60.0.3112.107 Moblie Safari/537.36"
136.243.228.180 - - [14/Apr/2025:12:40:59 -0400] "GET /items/gbmqg69/32489?key=reply HTTP/1.1" 500 1245 "-" "Mozilla/5.0 (compatible; DataForSeoBot/1.0; +https://dataforseo.com/dataforseo-bot)"
136.243.228.180 - - [14/Apr/2025:12:41:04 -0400] "GET /items/hcndn128/41234?key=they HTTP/1.1" 500 1245 "-" "Mozilla/5.0 (compatible; DataForSeoBot/1.0; +https://dataforseo.com/dataforseo-bot)"
136.243.228.180 - - [14/Apr/2025:12:41:07 -0400] "GET /items/qdmre42/23985?key=preference HTTP/1.1" 500 1245 "-" "Mozilla/5.0 (compatible; DataForSeoBot/1.0; +https://dataforseo.com/dataforseo-bot)"
136.243.228.180 - - [14/Apr/2025:12:41:12 -0400] "GET /items/ehepm281/38040?key=recognize HTTP/1.1" 500 1245 "-" "Mozilla/5.0 (compatible; DataForSeoBot/1.0; +https://dataforseo.com/dataforseo-bot)"
136.243.228.180 - - [14/Apr/2025:12:41:15 -0400] "GET /items/emwis273/38491?key=enter HTTP/1.1" 500 1245 "-" "Mozilla/5.0 (compatible; DataForSeoBot/1.0; +https://dataforseo.com/dataforseo-bot)"
20.171.207.13 - - [14/Apr/2025:12:41:16 -0400] "GET /items/sxlpw256/8051?key=address HTTP/1.1" 500 1245 "-" "Mozilla/5.0 AppleWebKit/537.36 (KHTML, like Gecko; compatible; GPTBot/1.2; +https://openai.com/gptbot)"
136.243.228.180 - - [14/Apr/2025:12:41:19 -0400] "GET /items/yqscr286/10102?key=chunk HTTP/1.1" 500 1245 "-" "Mozilla/5.0 (compatible; DataForSeoBot/1.0; +https://dataforseo.com/dataforseo-bot)"
198.54.114.83 - - [14/Apr/2025:12:41:22 -0400] "POST /wp-cron.php?doing_wp_cron=1744648881.2953510284423828125000 HTTP/1.1" 200 0 "-" "WordPress/6.7.2; https://bayrampasaspor.com"
45.61.160.87 - - [14/Apr/2025:12:41:20 -0400] "GET /wp-includes/Requests/Auth/ HTTP/1.1" 500 1245 "-" "Mozlila/5.0 (Linux; Android 7.0; SM-G892A Bulid/NRD90M; wv) AppleWebKit/537.36 (KHTML, like Gecko) Version/4.0 Chrome/60.0.3112.107 Moblie Safari/537.36"
136.243.228.180 - - [14/Apr/2025:12:41:23 -0400] "GET /items/uigdo176/32120?key=midnight HTTP/1.1" 500 1245 "-" "Mozilla/5.0 (compatible; DataForSeoBot/1.0; +https://dataforseo.com/dataforseo-bot)"
136.243.228.180 - - [14/Apr/2025:12:41:26 -0400] "GET /items/tfuhq87/20293?key=sack HTTP/1.1" 500 1245 "-" "Mozilla/5.0 (compatible; DataForSeoBot/1.0; +https://dataforseo.com/dataforseo-bot)"
136.243.228.180 - - [14/Apr/2025:12:41:31 -0400] "GET /items/vvmco147/16386?key=green HTTP/1.1" 500 1245 "-" "Mozilla/5.0 (compatible; DataForSeoBot/1.0; +https://dataforseo.com/dataforseo-bot)"
136.243.228.180 - - [14/Apr/2025:12:41:37 -0400] "GET /items/mzpsy63/32676?key=cue HTTP/1.1" 500 1245 "-" "Mozilla/5.0 (compatible; DataForSeoBot/1.0; +https://dataforseo.com/dataforseo-bot)"
136.243.228.180 - - [14/Apr/2025:12:41:41 -0400] "GET /items/javap219/5566?key=devil HTTP/1.1" 500 1245 "-" "Mozilla/5.0 (compatible; DataForSeoBot/1.0; +https://dataforseo.com/dataforseo-bot)"
136.243.228.180 - - [14/Apr/2025:12:41:47 -0400] "GET /items/ulvqm295/31865?key=trainer HTTP/1.1" 500 1245 "-" "Mozilla/5.0 (compatible; DataForSeoBot/1.0; +https://dataforseo.com/dataforseo-bot)"
136.243.228.180 - - [14/Apr/2025:12:41:51 -0400] "GET /items/gtfrg33/32355?key=demonstration HTTP/1.1" 500 1245 "-" "Mozilla/5.0 (compatible; DataForSeoBot/1.0; +https://dataforseo.com/dataforseo-bot)"
136.243.228.180 - - [14/Apr/2025:12:41:54 -0400] "GET /items/eydts151/21168?key=flexible HTTP/1.1" 500 1245 "-" "Mozilla/5.0 (compatible; DataForSeoBot/1.0; +https://dataforseo.com/dataforseo-bot)"
136.243.228.180 - - [14/Apr/2025:12:41:58 -0400] "GET /items/gzirq99/2998?key=tournament HTTP/1.1" 500 1245 "-" "Mozilla/5.0 (compatible; DataForSeoBot/1.0; +https://dataforseo.com/dataforseo-bot)"
136.243.228.180 - - [14/Apr/2025:12:42:02 -0400] "GET /items/ricsi245/513?key=weed HTTP/1.1" 500 1245 "-" "Mozilla/5.0 (compatible; DataForSeoBot/1.0; +https://dataforseo.com/dataforseo-bot)"
136.243.228.180 - - [14/Apr/2025:12:42:06 -0400] "GET /items/aequa176/48858?key=twin HTTP/1.1" 500 1245 "-" "Mozilla/5.0 (compatible; DataForSeoBot/1.0; +https://dataforseo.com/dataforseo-bot)"
136.243.228.180 - - [14/Apr/2025:12:42:12 -0400] "GET /items/ngpxi10/44733?key=daughter HTTP/1.1" 500 1245 "-" "Mozilla/5.0 (compatible; DataForSeoBot/1.0; +https://dataforseo.com/dataforseo-bot)"
45.61.160.87 - - [14/Apr/2025:12:42:14 -0400] "GET /wp-admin/css/colors/index.php HTTP/1.1" 301 21 "-" "Mozlila/5.0 (Linux; Android 7.0; SM-G892A Bulid/NRD90M; wv) AppleWebKit/537.36 (KHTML, like Gecko) Version/4.0 Chrome/60.0.3112.107 Moblie Safari/537.36"
136.243.228.180 - - [14/Apr/2025:12:42:15 -0400] "GET /items/ruzvh179/3535?key=estimate HTTP/1.1" 500 1245 "-" "Mozilla/5.0 (compatible; DataForSeoBot/1.0; +https://dataforseo.com/dataforseo-bot)"
136.243.228.180 - - [14/Apr/2025:12:42:19 -0400] "GET /items/wiosf300/4733?key=know HTTP/1.1" 500 1245 "-" "Mozilla/5.0 (compatible; DataForSeoBot/1.0; +https://dataforseo.com/dataforseo-bot)"
198.54.114.83 - - [14/Apr/2025:12:42:22 -0400] "POST /wp-cron.php?doing_wp_cron=1744648941.8171379566192626953125 HTTP/1.1" 403 1242 "-" "WordPress/6.7.2; https://bayrampasaspor.com"
136.243.228.180 - - [14/Apr/2025:12:38:58 -0400] "GET /items/xuemg155/41958?key=crack HTTP/1.1" 500 1245 "-" "Mozilla/5.0 (compatible; DataForSeoBot/1.0; +https://dataforseo.com/dataforseo-bot)"
136.243.228.180 - - [14/Apr/2025:12:39:03 -0400] "GET /items/zqzvp212/39685?key=wash HTTP/1.1" 500 1245 "-" "Mozilla/5.0 (compatible; DataForSeoBot/1.0; +https://dataforseo.com/dataforseo-bot)"
136.243.228.180 - - [14/Apr/2025:12:39:07 -0400] "GET /items/qwqzu104/14155?key=stimulus HTTP/1.1" 500 1245 "-" "Mozilla/5.0 (compatible; DataForSeoBot/1.0; +https://dataforseo.com/dataforseo-bot)"
20.171.207.13 - - [14/Apr/2025:12:39:10 -0400] "GET /items/ofmkg90/41553?key=breathe HTTP/1.1" 500 1245 "-" "Mozilla/5.0 AppleWebKit/537.36 (KHTML, like Gecko; compatible; GPTBot/1.2; +https://openai.com/gptbot)"
136.243.228.180 - - [14/Apr/2025:12:39:11 -0400] "GET /items/hzcsp8/4835?key=modern HTTP/1.1" 500 1245 "-" "Mozilla/5.0 (compatible; DataForSeoBot/1.0; +https://dataforseo.com/dataforseo-bot)"
136.243.228.180 - - [14/Apr/2025:12:39:14 -0400] "GET /items/zbega201/3907?key=win HTTP/1.1" 500 1245 "-" "Mozilla/5.0 (compatible; DataForSeoBot/1.0; +https://dataforseo.com/dataforseo-bot)"
136.243.228.180 - - [14/Apr/2025:12:39:18 -0400] "GET /items/mdbbi291/932?key=steep HTTP/1.1" 500 1245 "-" "Mozilla/5.0 (compatible; DataForSeoBot/1.0; +https://dataforseo.com/dataforseo-bot)"
198.54.114.83 - - [14/Apr/2025:12:39:22 -0400] "POST /wp-cron.php?doing_wp_cron=1744648759.2957170009613037109375 HTTP/1.1" 200 0 "-" "WordPress/6.7.2; https://bayrampasaspor.com"
136.243.228.180 - - [14/Apr/2025:12:39:23 -0400] "GET /items/ztfdl72/23663?key=flip HTTP/1.1" 500 1245 "-" "Mozilla/5.0 (compatible; DataForSeoBot/1.0; +https://dataforseo.com/dataforseo-bot)"
136.243.228.180 - - [14/Apr/2025:12:39:27 -0400] "GET /items/peguv241/42888?key=value HTTP/1.1" 500 1245 "-" "Mozilla/5.0 (compatible; DataForSeoBot/1.0; +https://dataforseo.com/dataforseo-bot)"
136.243.228.180 - - [14/Apr/2025:12:39:33 -0400] "GET /items/sljjk225/18249?key=conduct HTTP/1.1" 500 1245 "-" "Mozilla/5.0 (compatible; DataForSeoBot/1.0; +https://dataforseo.com/dataforseo-bot)"
136.243.228.180 - - [14/Apr/2025:12:39:38 -0400] "GET /items/cgfeh279/35032?key=unfortunately HTTP/1.1" 500 1245 "-" "Mozilla/5.0 (compatible; DataForSeoBot/1.0; +https://dataforseo.com/dataforseo-bot)"
136.243.228.180 - - [14/Apr/2025:12:39:42 -0400] "GET /items/tcuhf98/26893?key=surprised HTTP/1.1" 500 1245 "-" "Mozilla/5.0 (compatible; DataForSeoBot/1.0; +https://dataforseo.com/dataforseo-bot)"
136.243.228.180 - - [14/Apr/2025:12:39:45 -0400] "GET /items/cmfmk52/34102?key=have HTTP/1.1" 500 1245 "-" "Mozilla/5.0 (compatible; DataForSeoBot/1.0; +https://dataforseo.com/dataforseo-bot)"
136.243.228.180 - - [14/Apr/2025:12:39:50 -0400] "GET /items/xbrwh91/4935?key=while HTTP/1.1" 500 1245 "-" "Mozilla/5.0 (compatible; DataForSeoBot/1.0; +https://dataforseo.com/dataforseo-bot)"
45.61.160.87 - - [14/Apr/2025:12:39:51 -0400] "GET /wp-includes/SimplePie/Content/Type/index.php HTTP/1.1" 301 21 "-" "Mozlila/5.0 (Linux; Android 7.0; SM-G892A Bulid/NRD90M; wv) AppleWebKit/537.36 (KHTML, like Gecko) Version/4.0 Chrome/60.0.3112.107 Moblie Safari/537.36"
136.243.228.180 - - [14/Apr/2025:12:39:53 -0400] "GET /items/xvwqq74/22859?key=calm HTTP/1.1" 500 1245 "-" "Mozilla/5.0 (compatible; DataForSeoBot/1.0; +https://dataforseo.com/dataforseo-bot)"
136.243.228.180 - - [14/Apr/2025:12:39:58 -0400] "GET /items/znsnp232/10759?key=Arab HTTP/1.1" 500 1245 "-" "Mozilla/5.0 (compatible; DataForSeoBot/1.0; +https://dataforseo.com/dataforseo-bot)"
136.243.228.180 - - [14/Apr/2025:12:40:03 -0400] "GET /items/guvxo239/42129?key=fighting HTTP/1.1" 500 1245 "-" "Mozilla/5.0 (compatible; DataForSeoBot/1.0; +https://dataforseo.com/dataforseo-bot)"
20.171.207.13 - - [14/Apr/2025:12:42:21 -0400] "GET /items/zyddq181/8558?key=surgeon HTTP/1.1" 500 1245 "-" "Mozilla/5.0 AppleWebKit/537.36 (KHTML, like Gecko; compatible; GPTBot/1.2; +https://openai.com/gptbot)"
136.243.228.180 - - [14/Apr/2025:12:42:23 -0400] "GET /items/okykw200/30205?key=salad HTTP/1.1" 500 1245 "-" "Mozilla/5.0 (compatible; DataForSeoBot/1.0; +https://dataforseo.com/dataforseo-bot)"
136.243.228.180 - - [14/Apr/2025:12:42:27 -0400] "GET /items/jmupa296/10261?key=she HTTP/1.1" 500 1245 "-" "Mozilla/5.0 (compatible; DataForSeoBot/1.0; +https://dataforseo.com/dataforseo-bot)"
136.243.228.180 - - [14/Apr/2025:12:42:32 -0400] "GET /items/usxzw259/1545?key=allegation HTTP/1.1" 500 1245 "-" "Mozilla/5.0 (compatible; DataForSeoBot/1.0; +https://dataforseo.com/dataforseo-bot)"
136.243.228.180 - - [14/Apr/2025:12:42:35 -0400] "GET /items/wzptw142/40223?key=show HTTP/1.1" 500 1245 "-" "Mozilla/5.0 (compatible; DataForSeoBot/1.0; +https://dataforseo.com/dataforseo-bot)"
136.243.228.180 - - [14/Apr/2025:12:42:39 -0400] "GET /items/hzbdi256/37582?key=statistics HTTP/1.1" 500 1245 "-" "Mozilla/5.0 (compatible; DataForSeoBot/1.0; +https://dataforseo.com/dataforseo-bot)"
45.61.160.87 - - [14/Apr/2025:12:42:41 -0400] "GET /wp-admin/css/colors/ HTTP/1.1" 200 1329 "-" "Mozlila/5.0 (Linux; Android 7.0; SM-G892A Bulid/NRD90M; wv) AppleWebKit/537.36 (KHTML, like Gecko) Version/4.0 Chrome/60.0.3112.107 Moblie Safari/537.36"
136.243.228.180 - - [14/Apr/2025:12:42:45 -0400] "GET /items/ralrs85/40814?key=lesson HTTP/1.1" 500 1245 "-" "Mozilla/5.0 (compatible; DataForSeoBot/1.0; +https://dataforseo.com/dataforseo-bot)"
136.243.228.180 - - [14/Apr/2025:12:42:47 -0400] "GET /items/ldlgh175/35294?key=load HTTP/1.1" 500 1245 "-" "Mozilla/5.0 (compatible; DataForSeoBot/1.0; +https://dataforseo.com/dataforseo-bot)"
136.243.228.180 - - [14/Apr/2025:12:42:51 -0400] "GET /items/rruaa181/31176?key=murder HTTP/1.1" 500 1245 "-" "Mozilla/5.0 (compatible; DataForSeoBot/1.0; +https://dataforseo.com/dataforseo-bot)"
136.243.228.180 - - [14/Apr/2025:12:42:56 -0400] "GET /items/oozeg281/34630?key=differ HTTP/1.1" 500 1245 "-" "Mozilla/5.0 (compatible; DataForSeoBot/1.0; +https://dataforseo.com/dataforseo-bot)"
136.243.228.180 - - [14/Apr/2025:12:43:01 -0400] "GET /items/blqvy258/6008?key=term HTTP/1.1" 500 1245 "-" "Mozilla/5.0 (compatible; DataForSeoBot/1.0; +https://dataforseo.com/dataforseo-bot)"
136.243.228.180 - - [14/Apr/2025:12:43:04 -0400] "GET /items/ukwxb181/37455?key=vote HTTP/1.1" 500 1245 "-" "Mozilla/5.0 (compatible; DataForSeoBot/1.0; +https://dataforseo.com/dataforseo-bot)"
136.243.228.180 - - [14/Apr/2025:12:43:08 -0400] "GET /items/gropm268/26728?key=questionnaire HTTP/1.1" 500 1245 "-" "Mozilla/5.0 (compatible; DataForSeoBot/1.0; +https://dataforseo.com/dataforseo-bot)"
136.243.228.180 - - [14/Apr/2025:12:43:12 -0400] "GET /items/wuwia161/18794?key=freedom HTTP/1.1" 500 1245 "-" "Mozilla/5.0 (compatible; DataForSeoBot/1.0; +https://dataforseo.com/dataforseo-bot)"
136.243.228.180 - - [14/Apr/2025:12:43:16 -0400] "GET /items/hhdrf129/27325?key=if HTTP/1.1" 500 1245 "-" "Mozilla/5.0 (compatible; DataForSeoBot/1.0; +https://dataforseo.com/dataforseo-bot)"
136.243.228.180 - - [14/Apr/2025:12:43:19 -0400] "GET /items/yaqwe187/49682?key=elect HTTP/1.1" 500 1245 "-" "Mozilla/5.0 (compatible; DataForSeoBot/1.0; +https://dataforseo.com/dataforseo-bot)"
20.171.207.13 - - [14/Apr/2025:12:43:21 -0400] "GET /items/ueoup159/39888?key=burn HTTP/1.1" 500 1245 "-" "Mozilla/5.0 AppleWebKit/537.36 (KHTML, like Gecko; compatible; GPTBot/1.2; +https://openai.com/gptbot)"
198.54.114.83 - - [14/Apr/2025:12:43:23 -0400] "POST /wp-cron.php?doing_wp_cron=1744649002.9817600250244140625000 HTTP/1.1" 403 1242 "-" "WordPress/6.7.2; https://bayrampasaspor.com"
45.61.160.87 - - [14/Apr/2025:12:43:22 -0400] "GET /wp-content/languages/index.php HTTP/1.1" 301 21 "-" "Mozlila/5.0 (Linux; Android 7.0; SM-G892A Bulid/NRD90M; wv) AppleWebKit/537.36 (KHTML, like Gecko) Version/4.0 Chrome/60.0.3112.107 Moblie Safari/537.36"
136.243.228.180 - - [14/Apr/2025:12:43:24 -0400] "GET /items/lqyis206/5970?key=electric HTTP/1.1" 500 1245 "-" "Mozilla/5.0 (compatible; DataForSeoBot/1.0; +https://dataforseo.com/dataforseo-bot)"
136.243.228.180 - - [14/Apr/2025:12:43:28 -0400] "GET /items/hzatb165/27787?key=useful HTTP/1.1" 500 1245 "-" "Mozilla/5.0 (compatible; DataForSeoBot/1.0; +https://dataforseo.com/dataforseo-bot)"
136.243.228.180 - - [14/Apr/2025:12:43:35 -0400] "GET /items/zburt59/30180?key=cooking HTTP/1.1" 500 1245 "-" "Mozilla/5.0 (compatible; DataForSeoBot/1.0; +https://dataforseo.com/dataforseo-bot)"
136.243.228.180 - - [14/Apr/2025:12:43:38 -0400] "GET /items/czcjv201/39018?key=automobile HTTP/1.1" 500 1245 "-" "Mozilla/5.0 (compatible; DataForSeoBot/1.0; +https://dataforseo.com/dataforseo-bot)"
136.243.228.180 - - [14/Apr/2025:12:43:44 -0400] "GET /items/weknh145/41425?key=nurse HTTP/1.1" 500 1245 "-" "Mozilla/5.0 (compatible; DataForSeoBot/1.0; +https://dataforseo.com/dataforseo-bot)"
136.243.228.180 - - [14/Apr/2025:12:43:47 -0400] "GET /items/xfsne79/1481?key=earnings HTTP/1.1" 500 1245 "-" "Mozilla/5.0 (compatible; DataForSeoBot/1.0; +https://dataforseo.com/dataforseo-bot)"
45.61.160.87 - - [14/Apr/2025:12:43:47 -0400] "GET /wp-content/languages/ HTTP/1.1" 500 1245 "-" "Mozlila/5.0 (Linux; Android 7.0; SM-G892A Bulid/NRD90M; wv) AppleWebKit/537.36 (KHTML, like Gecko) Version/4.0 Chrome/60.0.3112.107 Moblie Safari/537.36"
136.243.228.180 - - [14/Apr/2025:12:43:51 -0400] "GET /items/jwqum205/28179?key=determination HTTP/1.1" 500 1245 "-" "Mozilla/5.0 (compatible; DataForSeoBot/1.0; +https://dataforseo.com/dataforseo-bot)"
136.243.228.180 - - [14/Apr/2025:12:43:54 -0400] "GET /items/ocvjv294/28053?key=regime HTTP/1.1" 500 1245 "-" "Mozilla/5.0 (compatible; DataForSeoBot/1.0; +https://dataforseo.com/dataforseo-bot)"
136.243.228.180 - - [14/Apr/2025:12:43:59 -0400] "GET /items/ndcdl167/46063?key=elegant HTTP/1.1" 500 1245 "-" "Mozilla/5.0 (compatible; DataForSeoBot/1.0; +https://dataforseo.com/dataforseo-bot)"
136.243.228.180 - - [14/Apr/2025:12:44:03 -0400] "GET /items/whvzw64/13802?key=tomato HTTP/1.1" 500 1245 "-" "Mozilla/5.0 (compatible; DataForSeoBot/1.0; +https://dataforseo.com/dataforseo-bot)"
136.243.228.180 - - [14/Apr/2025:12:44:06 -0400] "GET /items/wreni291/47847?key=convenience HTTP/1.1" 500 1245 "-" "Mozilla/5.0 (compatible; DataForSeoBot/1.0; +https://dataforseo.com/dataforseo-bot)"
143.244.186.239 - - [14/Apr/2025:12:44:07 -0400] "GET /wp-includes/blocks/unix.php HTTP/1.1" 500 1245 "-" "fasthttp"
143.244.186.239 - - [14/Apr/2025:12:44:08 -0400] "GET /wp-admin/user/foter.php HTTP/1.1" 500 1245 "-" "fasthttp"
136.243.228.180 - - [14/Apr/2025:12:44:11 -0400] "GET /items/oidmd27/41594?key=bake HTTP/1.1" 500 1245 "-" "Mozilla/5.0 (compatible; DataForSeoBot/1.0; +https://dataforseo.com/dataforseo-bot)"
143.244.186.239 - - [14/Apr/2025:12:44:11 -0400] "GET /wp-content/plugins/ HTTP/1.1" 200 0 "-" "fasthttp"
143.244.186.239 - - [14/Apr/2025:12:44:11 -0400] "GET /inc.php HTTP/1.1" 500 1245 "-" "fasthttp"
143.244.186.239 - - [14/Apr/2025:12:44:12 -0400] "GET /wp-content/ HTTP/1.1" 200 0 "-" "fasthttp"
143.244.186.239 - - [14/Apr/2025:12:44:13 -0400] "GET /js/ HTTP/1.1" 500 1245 "-" "fasthttp"
143.244.186.239 - - [14/Apr/2025:12:44:13 -0400] "GET /index/function.php HTTP/1.1" 500 1245 "-" "fasthttp"
136.243.228.180 - - [14/Apr/2025:12:44:14 -0400] "GET /items/iezca185/873?key=crop HTTP/1.1" 500 1245 "-" "Mozilla/5.0 (compatible; DataForSeoBot/1.0; +https://dataforseo.com/dataforseo-bot)"
143.244.186.239 - - [14/Apr/2025:12:44:14 -0400] "GET /wp-admin/ HTTP/1.1" 302 21 "-" "fasthttp"
143.244.186.239 - - [14/Apr/2025:12:44:15 -0400] "GET /index/sxo.php HTTP/1.1" 500 1245 "-" "fasthttp"
143.244.186.239 - - [14/Apr/2025:12:44:17 -0400] "GET /wp-content/uploads/ HTTP/1.1" 200 900 "-" "fasthttp"
143.244.186.239 - - [14/Apr/2025:12:44:17 -0400] "GET /wp-content/languages/plugins/bless.php HTTP/1.1" 500 1245 "-" "fasthttp"
143.244.186.239 - - [14/Apr/2025:12:44:18 -0400] "GET /assets/ HTTP/1.1" 500 1245 "-" "fasthttp"
136.243.228.180 - - [14/Apr/2025:12:44:17 -0400] "GET /items/zgzor300/10017?key=likely HTTP/1.1" 500 1245 "-" "Mozilla/5.0 (compatible; DataForSeoBot/1.0; +https://dataforseo.com/dataforseo-bot)"
143.244.186.239 - - [14/Apr/2025:12:44:19 -0400] "GET /wp-content/languages/themes/class_api_php1.php HTTP/1.1" 500 1245 "-" "fasthttp"
143.244.186.239 - - [14/Apr/2025:12:44:20 -0400] "GET /wp-includes/ HTTP/1.1" 200 11549 "-" "fasthttp"
143.244.186.239 - - [14/Apr/2025:12:44:21 -0400] "GET /wp-content/uploads/style.php HTTP/1.1" 500 1245 "-" "fasthttp"
136.243.228.180 - - [14/Apr/2025:12:44:22 -0400] "GET /items/nylnl277/20287?key=grandchild HTTP/1.1" 500 1245 "-" "Mozilla/5.0 (compatible; DataForSeoBot/1.0; +https://dataforseo.com/dataforseo-bot)"
143.244.186.239 - - [14/Apr/2025:12:44:22 -0400] "GET /.tmb/ HTTP/1.1" 500 1245 "-" "fasthttp"
143.244.186.239 - - [14/Apr/2025:12:44:23 -0400] "GET /wp-content/style.php HTTP/1.1" 500 1245 "-" "fasthttp"
20.171.207.13 - - [14/Apr/2025:12:44:23 -0400] "GET /items/zthuw186/12666?key=mentor HTTP/1.1" 500 1245 "-" "Mozilla/5.0 AppleWebKit/537.36 (KHTML, like Gecko; compatible; GPTBot/1.2; +https://openai.com/gptbot)"
143.244.186.239 - - [14/Apr/2025:12:44:23 -0400] "GET /wordpress/ HTTP/1.1" 500 1245 "-" "fasthttp"
143.244.186.239 - - [14/Apr/2025:12:44:24 -0400] "GET /wp-admin/style.php HTTP/1.1" 500 1245 "-" "fasthttp"
143.244.186.239 - - [14/Apr/2025:12:44:25 -0400] "GET /wp-includes/css/dist/components/ HTTP/1.1" 200 861 "-" "fasthttp"
143.244.186.239 - - [14/Apr/2025:12:44:25 -0400] "GET /newsfeed.php HTTP/1.1" 500 1245 "-" "fasthttp"
136.243.228.180 - - [14/Apr/2025:12:44:26 -0400] "GET /items/qvgai118/44362?key=raise HTTP/1.1" 500 1245 "-" "Mozilla/5.0 (compatible; DataForSeoBot/1.0; +https://dataforseo.com/dataforseo-bot)"
143.244.186.239 - - [14/Apr/2025:12:44:26 -0400] "GET /wp-includes/css/dist/editor/ HTTP/1.1" 200 863 "-" "fasthttp"
143.244.186.239 - - [14/Apr/2025:12:44:27 -0400] "GET /wp-includes/css/dist/block-library/ HTTP/1.1" 200 1945 "-" "fasthttp"
143.244.186.239 - - [14/Apr/2025:12:44:27 -0400] "GET /.well-known/footer.php HTTP/1.1" 500 1245 "-" "fasthttp"
143.244.186.239 - - [14/Apr/2025:12:44:28 -0400] "GET /wp-includes/ID3/ HTTP/1.1" 200 1713 "-" "fasthttp"
143.244.186.239 - - [14/Apr/2025:12:44:28 -0400] "GET /.well-known/wincust.php HTTP/1.1" 500 1245 "-" "fasthttp"
143.244.186.239 - - [14/Apr/2025:12:44:29 -0400] "GET /wp-includes/Requests/ HTTP/1.1" 200 807 "-" "fasthttp"
45.61.160.87 - - [14/Apr/2025:12:44:28 -0400] "GET /wp-content/upgrade/index.php HTTP/1.1" 301 21 "-" "Mozlila/5.0 (Linux; Android 7.0; SM-G892A Bulid/NRD90M; wv) AppleWebKit/537.36 (KHTML, like Gecko) Version/4.0 Chrome/60.0.3112.107 Moblie Safari/537.36"
143.244.186.239 - - [14/Apr/2025:12:44:29 -0400] "GET /wp-includes/SimplePie/ HTTP/1.1" 200 866 "-" "fasthttp"
143.244.186.239 - - [14/Apr/2025:12:44:29 -0400] "GET /douga.php HTTP/1.1" 500 1245 "-" "fasthttp"
143.244.186.239 - - [14/Apr/2025:12:44:30 -0400] "GET /wp-includes/Text/ HTTP/1.1" 200 885 "-" "fasthttp"
136.243.228.180 - - [14/Apr/2025:12:44:29 -0400] "GET /items/jscqa130/38159?key=combined HTTP/1.1" 500 1245 "-" "Mozilla/5.0 (compatible; DataForSeoBot/1.0; +https://dataforseo.com/dataforseo-bot)"
143.244.186.239 - - [14/Apr/2025:12:44:30 -0400] "GET /adminfuns.php HTTP/1.1" 500 1245 "-" "fasthttp"
143.244.186.239 - - [14/Apr/2025:12:44:31 -0400] "GET /wp-admin/user/ HTTP/1.1" 302 21 "-" "fasthttp"
143.244.186.239 - - [14/Apr/2025:12:44:32 -0400] "GET /bbh.php HTTP/1.1" 500 1245 "-" "fasthttp"
143.244.186.239 - - [14/Apr/2025:12:44:35 -0400] "GET /wp-admin/network/ HTTP/1.1" 302 21 "-" "fasthttp"
143.244.186.239 - - [14/Apr/2025:12:44:35 -0400] "GET /rk1.php HTTP/1.1" 500 1245 "-" "fasthttp"
136.243.228.180 - - [14/Apr/2025:12:44:36 -0400] "GET /items/onrva146/44910?key=thin HTTP/1.1" 500 1245 "-" "Mozilla/5.0 (compatible; DataForSeoBot/1.0; +https://dataforseo.com/dataforseo-bot)"
143.244.186.239 - - [14/Apr/2025:12:44:36 -0400] "GET /wp-admin/maint/ HTTP/1.1" 200 777 "-" "fasthttp"
143.244.186.239 - - [14/Apr/2025:12:44:37 -0400] "GET /rk2.php HTTP/1.1" 500 1245 "-" "fasthttp"
136.243.228.180 - - [14/Apr/2025:12:44:38 -0400] "GET /items/swkoe190/20756?key=battle HTTP/1.1" 500 1245 "-" "Mozilla/5.0 (compatible; DataForSeoBot/1.0; +https://dataforseo.com/dataforseo-bot)"
143.244.186.239 - - [14/Apr/2025:12:44:39 -0400] "GET /wp-admin/js/ HTTP/1.1" 200 4284 "-" "fasthttp"
143.244.186.239 - - [14/Apr/2025:12:44:39 -0400] "GET /rk3.php HTTP/1.1" 500 1245 "-" "fasthttp"
143.244.186.239 - - [14/Apr/2025:12:44:40 -0400] "GET /wp-admin/includes/ HTTP/1.1" 200 5367 "-" "fasthttp"
143.244.186.239 - - [14/Apr/2025:12:44:41 -0400] "GET /1ppy.php HTTP/1.1" 500 1245 "-" "fasthttp"
143.244.186.239 - - [14/Apr/2025:12:44:42 -0400] "GET /wp-admin/images/ HTTP/1.1" 200 3362 "-" "fasthttp"
143.244.186.239 - - [14/Apr/2025:12:44:42 -0400] "GET /wp-admin/css/ HTTP/1.1" 200 4007 "-" "fasthttp"
143.244.186.239 - - [14/Apr/2025:12:44:42 -0400] "GET /wp-22.php HTTP/1.1" 500 1245 "-" "fasthttp"
136.243.228.180 - - [14/Apr/2025:12:44:42 -0400] "GET /items/lylpe292/23963?key=alarm HTTP/1.1" 500 1245 "-" "Mozilla/5.0 (compatible; DataForSeoBot/1.0; +https://dataforseo.com/dataforseo-bot)"
143.244.186.239 - - [14/Apr/2025:12:44:43 -0400] "GET /wp-content/languages/ HTTP/1.1" 500 1245 "-" "fasthttp"
143.244.186.239 - - [14/Apr/2025:12:44:43 -0400] "GET /browser.php HTTP/1.1" 500 1245 "-" "fasthttp"
143.244.186.239 - - [14/Apr/2025:12:44:44 -0400] "GET /wp-content/themes/ HTTP/1.1" 200 0 "-" "fasthttp"
143.244.186.239 - - [14/Apr/2025:12:44:45 -0400] "GET /connection.php HTTP/1.1" 500 1245 "-" "fasthttp"
143.244.186.239 - - [14/Apr/2025:12:44:46 -0400] "GET /wp-content/upgrade/ HTTP/1.1" 200 687 "-" "fasthttp"
136.243.228.180 - - [14/Apr/2025:12:44:46 -0400] "GET /items/kzxua259/13077?key=beside HTTP/1.1" 500 1245 "-" "Mozilla/5.0 (compatible; DataForSeoBot/1.0; +https://dataforseo.com/dataforseo-bot)"
