20.171.207.13 - - [14/Apr/2025:07:36:29 -0400] "GET /items/tbued171/9890?key=investment HTTP/1.1" 500 1245 "-" "Mozilla/5.0 AppleWebKit/537.36 (KHTML, like Gecko; compatible; GPTBot/1.2; +https://openai.com/gptbot)"
136.243.228.180 - - [14/Apr/2025:07:36:32 -0400] "GET /items/bbzmd254/46139?key=preference HTTP/1.1" 500 1245 "-" "Mozilla/5.0 (compatible; DataForSeoBot/1.0; +https://dataforseo.com/dataforseo-bot)"
65.21.113.206 - - [14/Apr/2025:07:36:31 -0400] "GET /search.php?m106024121?srsltid=AfmBOoCBkDsjwqLs7rVsF8_o0sTEUOJBj_qmJosTcP-T-vrdgPqOes HTTP/1.1" 200 109118 "-" "Mozilla/5.0 (compatible; AwarioBot/1.0; +https://awario.com/bots.html)"
136.243.228.180 - - [14/Apr/2025:07:36:36 -0400] "GET /items/fbmjc235/18427?key=make HTTP/1.1" 500 1245 "-" "Mozilla/5.0 (compatible; DataForSeoBot/1.0; +https://dataforseo.com/dataforseo-bot)"
65.21.113.206 - - [14/Apr/2025:07:36:37 -0400] "GET /search.php?m106026597?srsltid=AfmBOoHzQKMWZjlCuMZHbi_epvi93V1RH_vwhQMaG8-V-oHG7dht2N HTTP/1.1" 200 109286 "-" "Mozilla/5.0 (compatible; AwarioBot/1.0; +https://awario.com/bots.html)"
136.243.228.180 - - [14/Apr/2025:07:36:40 -0400] "GET /items/ggdbf176/31507?key=widow HTTP/1.1" 500 1245 "-" "Mozilla/5.0 (compatible; DataForSeoBot/1.0; +https://dataforseo.com/dataforseo-bot)"
65.21.113.206 - - [14/Apr/2025:07:36:42 -0400] "GET /search.php?m106032155?srsltid=AfmBOonHIUruIffQnKJ2Pt_gFy0r2JxYL_vK0D2MxF-L-NDTz921xa HTTP/1.1" 200 111437 "-" "Mozilla/5.0 (compatible; AwarioBot/1.0; +https://awario.com/bots.html)"
136.243.228.180 - - [14/Apr/2025:07:36:44 -0400] "GET /items/jhiwb100/10819?key=casualty HTTP/1.1" 500 1245 "-" "Mozilla/5.0 (compatible; DataForSeoBot/1.0; +https://dataforseo.com/dataforseo-bot)"
65.21.113.206 - - [14/Apr/2025:07:36:46 -0400] "GET /search.php?m107009322?srsltid=AfmBOohMaSZlNlnUa8pYuI_60bwTgMw0C_hMXTxUXh-S-JeHgJWpzF HTTP/1.1" 200 110114 "-" "Mozilla/5.0 (compatible; AwarioBot/1.0; +https://awario.com/bots.html)"
136.243.228.180 - - [14/Apr/2025:07:36:47 -0400] "GET /items/bawae277/37653?key=domestic HTTP/1.1" 500 1245 "-" "Mozilla/5.0 (compatible; DataForSeoBot/1.0; +https://dataforseo.com/dataforseo-bot)"
136.243.228.180 - - [14/Apr/2025:07:36:51 -0400] "GET /items/bybhr209/43452?key=two HTTP/1.1" 500 1245 "-" "Mozilla/5.0 (compatible; DataForSeoBot/1.0; +https://dataforseo.com/dataforseo-bot)"
65.21.113.206 - - [14/Apr/2025:07:36:51 -0400] "GET /search.php?m107035140?srsltid=AfmBOoGZQiDIOBreNs8WXs_ZdrIZ8rxS3_DGev7GSq-V-E0nfwLAX1 HTTP/1.1" 200 108736 "-" "Mozilla/5.0 (compatible; AwarioBot/1.0; +https://awario.com/bots.html)"
65.21.113.206 - - [14/Apr/2025:07:36:55 -0400] "GET /search.php?m107038432?srsltid=AfmBOoUxTKxoTCVUoxPTpB_48CAnrP5xL_87BOjsvh-P-sDjGaLOvl HTTP/1.1" 200 108755 "-" "Mozilla/5.0 (compatible; AwarioBot/1.0; +https://awario.com/bots.html)"
136.243.228.180 - - [14/Apr/2025:07:36:55 -0400] "GET /items/byvmm196/13515?key=sin HTTP/1.1" 500 1245 "-" "Mozilla/5.0 (compatible; DataForSeoBot/1.0; +https://dataforseo.com/dataforseo-bot)"
65.21.113.206 - - [14/Apr/2025:07:36:58 -0400] "GET /search.php?m107038928?srsltid=AfmBOoXGlNtZfobNDAulMX_No2vCqUuM7_nJFQr71D-Z-UQov27mIa HTTP/1.1" 200 109927 "-" "Mozilla/5.0 (compatible; AwarioBot/1.0; +https://awario.com/bots.html)"
136.243.228.180 - - [14/Apr/2025:07:37:00 -0400] "GET /items/ceewc201/1009?key=shop HTTP/1.1" 500 1245 "-" "Mozilla/5.0 (compatible; DataForSeoBot/1.0; +https://dataforseo.com/dataforseo-bot)"
65.21.113.206 - - [14/Apr/2025:07:37:02 -0400] "GET /search.php?m107040598?srsltid=AfmBOocUGiHUzKSllGoAxI_yhFl5A71dI_fDlc8RHt-M-pgla8frxb HTTP/1.1" 200 109518 "-" "Mozilla/5.0 (compatible; AwarioBot/1.0; +https://awario.com/bots.html)"
136.243.228.180 - - [14/Apr/2025:07:37:03 -0400] "GET /items/blcqv120/47816?key=member HTTP/1.1" 500 1245 "-" "Mozilla/5.0 (compatible; DataForSeoBot/1.0; +https://dataforseo.com/dataforseo-bot)"
65.21.113.206 - - [14/Apr/2025:07:37:06 -0400] "GET /search.php?m107043456?srsltid=AfmBOoeTFdJjrJuAWlDlrv_0J0ModrTk3_7g1wQFtc-L-askyFL1Ki HTTP/1.1" 200 108559 "-" "Mozilla/5.0 (compatible; AwarioBot/1.0; +https://awario.com/bots.html)"
136.243.228.180 - - [14/Apr/2025:07:37:08 -0400] "GET /items/zbhkn20/38273?key=alcohol HTTP/1.1" 500 1245 "-" "Mozilla/5.0 (compatible; DataForSeoBot/1.0; +https://dataforseo.com/dataforseo-bot)"
65.21.113.206 - - [14/Apr/2025:07:37:09 -0400] "GET /search.php?m107044670?srsltid=AfmBOohBSQpxjUXCIaXoCM_toLbWRVyik_zDMB1NCU-Y-nOWiKVLNU HTTP/1.1" 200 109075 "-" "Mozilla/5.0 (compatible; AwarioBot/1.0; +https://awario.com/bots.html)"
136.243.228.180 - - [14/Apr/2025:07:37:12 -0400] "GET /items/uhccy205/31254?key=disappointed HTTP/1.1" 500 1245 "-" "Mozilla/5.0 (compatible; DataForSeoBot/1.0; +https://dataforseo.com/dataforseo-bot)"
65.21.113.206 - - [14/Apr/2025:07:37:14 -0400] "GET /search.php?m108029159?srsltid=AfmBOohsKDZYQnWh7kYOSG_NqVBxLF4F0_r4ZeM2A2-H-ipynHngfc HTTP/1.1" 200 110067 "-" "Mozilla/5.0 (compatible; AwarioBot/1.0; +https://awario.com/bots.html)"
136.243.228.180 - - [14/Apr/2025:07:37:16 -0400] "GET /items/gzpus174/18357?key=customer HTTP/1.1" 500 1245 "-" "Mozilla/5.0 (compatible; DataForSeoBot/1.0; +https://dataforseo.com/dataforseo-bot)"
65.21.113.206 - - [14/Apr/2025:07:37:20 -0400] "GET /search.php?m108032721?srsltid=AfmBOoIhVmLSRQQR91j2et_VUMo5Od00B_9gqeik22-P-3Kng440bu HTTP/1.1" 200 108291 "-" "Mozilla/5.0 (compatible; AwarioBot/1.0; +https://awario.com/bots.html)"
136.243.228.180 - - [14/Apr/2025:07:37:20 -0400] "GET /items/nsdhj133/7064?key=govern HTTP/1.1" 500 1245 "-" "Mozilla/5.0 (compatible; DataForSeoBot/1.0; +https://dataforseo.com/dataforseo-bot)"
136.243.228.180 - - [14/Apr/2025:07:37:23 -0400] "GET /items/pyhcl83/19178?key=essentially HTTP/1.1" 500 1245 "-" "Mozilla/5.0 (compatible; DataForSeoBot/1.0; +https://dataforseo.com/dataforseo-bot)"
65.21.113.206 - - [14/Apr/2025:07:37:24 -0400] "GET /search.php?m108038337?srsltid=AfmBOoKJejWsBPcqoyXSUZ_z1KZgBh6Am_2r7qCS3Q-V-DRhWIyAlF HTTP/1.1" 200 110331 "-" "Mozilla/5.0 (compatible; AwarioBot/1.0; +https://awario.com/bots.html)"
136.243.228.180 - - [14/Apr/2025:07:37:29 -0400] "GET /items/zyeom180/21672?key=purchase HTTP/1.1" 500 1245 "-" "Mozilla/5.0 (compatible; DataForSeoBot/1.0; +https://dataforseo.com/dataforseo-bot)"
65.21.113.206 - - [14/Apr/2025:07:37:29 -0400] "GET /search.php?m108042625?srsltid=AfmBOoGEvSSuAqSzomlL0e_HydM4phCEd_FSU2L4ak-K-daDPiKFae HTTP/1.1" 200 109952 "-" "Mozilla/5.0 (compatible; AwarioBot/1.0; +https://awario.com/bots.html)"
20.171.207.13 - - [14/Apr/2025:07:37:33 -0400] "GET /items/tlpzs162/38954?key=European HTTP/1.1" 500 1245 "-" "Mozilla/5.0 AppleWebKit/537.36 (KHTML, like Gecko; compatible; GPTBot/1.2; +https://openai.com/gptbot)"
136.243.228.180 - - [14/Apr/2025:07:37:33 -0400] "GET /items/kveou6/15970?key=elementary HTTP/1.1" 500 1245 "-" "Mozilla/5.0 (compatible; DataForSeoBot/1.0; +https://dataforseo.com/dataforseo-bot)"
65.21.113.206 - - [14/Apr/2025:07:37:36 -0400] "GET /search.php?m109001324?srsltid=AfmBOocqksYbkbptaaYSFh_XGqjJqxeHW_rgRegVhc-Q-oTaBHKAaA HTTP/1.1" 200 109239 "-" "Mozilla/5.0 (compatible; AwarioBot/1.0; +https://awario.com/bots.html)"
136.243.228.180 - - [14/Apr/2025:07:37:37 -0400] "GET /items/nxoxa24/10212?key=hers HTTP/1.1" 500 1245 "-" "Mozilla/5.0 (compatible; DataForSeoBot/1.0; +https://dataforseo.com/dataforseo-bot)"
136.243.228.180 - - [14/Apr/2025:07:37:41 -0400] "GET /items/kuyyv159/12580?key=actively HTTP/1.1" 500 1245 "-" "Mozilla/5.0 (compatible; DataForSeoBot/1.0; +https://dataforseo.com/dataforseo-bot)"
65.21.113.206 - - [14/Apr/2025:07:37:41 -0400] "GET /search.php?m109006210?srsltid=AfmBOoJOVNfnPgvjvE0wvP_8iIyhfpk8h_KejN9myG-X-igK34Ggvu HTTP/1.1" 200 109183 "-" "Mozilla/5.0 (compatible; AwarioBot/1.0; +https://awario.com/bots.html)"
136.243.228.180 - - [14/Apr/2025:07:37:44 -0400] "GET /items/xbfzi108/43531?key=equivalent HTTP/1.1" 500 1245 "-" "Mozilla/5.0 (compatible; DataForSeoBot/1.0; +https://dataforseo.com/dataforseo-bot)"
65.21.113.206 - - [14/Apr/2025:07:37:45 -0400] "GET /search.php?m109027176?srsltid=AfmBOotefDMAIRgcPGlGbX_k4kEa4dE0m_6vp86xpV-W-b5efbJKc4 HTTP/1.1" 200 108716 "-" "Mozilla/5.0 (compatible; AwarioBot/1.0; +https://awario.com/bots.html)"
136.243.228.180 - - [14/Apr/2025:07:37:48 -0400] "GET /items/vntwh248/16060?key=clay HTTP/1.1" 500 1245 "-" "Mozilla/5.0 (compatible; DataForSeoBot/1.0; +https://dataforseo.com/dataforseo-bot)"
136.243.228.180 - - [14/Apr/2025:07:37:52 -0400] "GET /items/kxkss169/42292?key=young HTTP/1.1" 500 1245 "-" "Mozilla/5.0 (compatible; DataForSeoBot/1.0; +https://dataforseo.com/dataforseo-bot)"
65.21.113.206 - - [14/Apr/2025:07:37:52 -0400] "GET /search.php?m109033300?srsltid=AfmBOomaRbZDcSMWcuPSp8_U5YDZtJP1A_QSmtPX4Y-Z-BhkyALrGt HTTP/1.1" 200 109162 "-" "Mozilla/5.0 (compatible; AwarioBot/1.0; +https://awario.com/bots.html)"
65.21.113.206 - - [14/Apr/2025:07:37:56 -0400] "GET /search.php?m109034870?srsltid=AfmBOoYehJcaIrEmmew5LL_dct11QXYvn_wiZZJ5Hu-H-99gfQGmyC HTTP/1.1" 200 108902 "-" "Mozilla/5.0 (compatible; AwarioBot/1.0; +https://awario.com/bots.html)"
136.243.228.180 - - [14/Apr/2025:07:37:56 -0400] "GET /items/evryl172/37617?key=privilege HTTP/1.1" 500 1245 "-" "Mozilla/5.0 (compatible; DataForSeoBot/1.0; +https://dataforseo.com/dataforseo-bot)"
136.243.228.180 - - [14/Apr/2025:07:38:01 -0400] "GET /items/zshng284/29100?key=Christmas HTTP/1.1" 500 1245 "-" "Mozilla/5.0 (compatible; DataForSeoBot/1.0; +https://dataforseo.com/dataforseo-bot)"
65.21.113.206 - - [14/Apr/2025:07:38:02 -0400] "GET /search.php?m109047714?srsltid=AfmBOobMQWrVUqghml5wVL_QcVylPixnh_cfFZDHl5-X-v8qAhm6EW HTTP/1.1" 200 109302 "-" "Mozilla/5.0 (compatible; AwarioBot/1.0; +https://awario.com/bots.html)"
136.243.228.180 - - [14/Apr/2025:07:38:06 -0400] "GET /items/opuon38/24107?key=accelerate HTTP/1.1" 500 1245 "-" "Mozilla/5.0 (compatible; DataForSeoBot/1.0; +https://dataforseo.com/dataforseo-bot)"
65.21.113.206 - - [14/Apr/2025:07:38:06 -0400] "GET /search.php?m110000961?srsltid=AfmBOoWYyazSdRXnnXIzs4_QYUhE2w9TT_9U1v3Tqy-Y-h1yfoeetC HTTP/1.1" 200 109267 "-" "Mozilla/5.0 (compatible; AwarioBot/1.0; +https://awario.com/bots.html)"
136.243.228.180 - - [14/Apr/2025:07:38:10 -0400] "GET /items/ofjen70/12820?key=concerned HTTP/1.1" 500 1245 "-" "Mozilla/5.0 (compatible; DataForSeoBot/1.0; +https://dataforseo.com/dataforseo-bot)"
65.21.113.206 - - [14/Apr/2025:07:38:13 -0400] "GET /search.php?m110014799?srsltid=AfmBOoGCjGXbhoQtM0cRqx_NpdicH6rJ2_0DSBGkxO-V-84VW9LgDC HTTP/1.1" 200 109815 "-" "Mozilla/5.0 (compatible; AwarioBot/1.0; +https://awario.com/bots.html)"
136.243.228.180 - - [14/Apr/2025:07:38:15 -0400] "GET /items/mphmh105/20451?key=trail HTTP/1.1" 500 1245 "-" "Mozilla/5.0 (compatible; DataForSeoBot/1.0; +https://dataforseo.com/dataforseo-bot)"
65.21.113.206 - - [14/Apr/2025:07:38:18 -0400] "GET /search.php?m110044761?srsltid=AfmBOoiHGtbvOhunIo8gl3_9J0R7PgRGf_a9RfmPRj-D-XHbDXl5hw HTTP/1.1" 200 109454 "-" "Mozilla/5.0 (compatible; AwarioBot/1.0; +https://awario.com/bots.html)"
136.243.228.180 - - [14/Apr/2025:07:38:20 -0400] "GET /items/fyeyr163/133?key=illness HTTP/1.1" 500 1245 "-" "Mozilla/5.0 (compatible; DataForSeoBot/1.0; +https://dataforseo.com/dataforseo-bot)"
136.243.228.180 - - [14/Apr/2025:07:38:23 -0400] "GET /items/qdwod214/21652?key=travel HTTP/1.1" 500 1245 "-" "Mozilla/5.0 (compatible; DataForSeoBot/1.0; +https://dataforseo.com/dataforseo-bot)"
65.21.113.206 - - [14/Apr/2025:07:38:25 -0400] "GET /search.php?m111018208?srsltid=AfmBOoQkCncBbcvjvk8VM2_Iufc1gQc21_KcqfQOqA-I-NAStNKAZ2 HTTP/1.1" 200 109779 "-" "Mozilla/5.0 (compatible; AwarioBot/1.0; +https://awario.com/bots.html)"
136.243.228.180 - - [14/Apr/2025:07:38:27 -0400] "GET /items/dsegr83/44067?key=fatal HTTP/1.1" 500 1245 "-" "Mozilla/5.0 (compatible; DataForSeoBot/1.0; +https://dataforseo.com/dataforseo-bot)"
136.243.228.180 - - [14/Apr/2025:07:38:31 -0400] "GET /items/zfqct275/5170?key=nation HTTP/1.1" 500 1245 "-" "Mozilla/5.0 (compatible; DataForSeoBot/1.0; +https://dataforseo.com/dataforseo-bot)"
20.171.207.13 - - [14/Apr/2025:07:38:33 -0400] "GET /items/qdyio162/11472?key=European HTTP/1.1" 500 1245 "-" "Mozilla/5.0 AppleWebKit/537.36 (KHTML, like Gecko; compatible; GPTBot/1.2; +https://openai.com/gptbot)"
65.21.113.206 - - [14/Apr/2025:07:38:33 -0400] "GET /search.php?m111018696?srsltid=AfmBOoyjigKoxArIM2HCoh_qm8XCS2KiT_oU7n0uqm-A-UCWioBdCa HTTP/1.1" 200 111678 "-" "Mozilla/5.0 (compatible; AwarioBot/1.0; +https://awario.com/bots.html)"
136.243.228.180 - - [14/Apr/2025:07:38:35 -0400] "GET /items/fzbgl183/11281?key=large HTTP/1.1" 500 1245 "-" "Mozilla/5.0 (compatible; DataForSeoBot/1.0; +https://dataforseo.com/dataforseo-bot)"
136.243.228.180 - - [14/Apr/2025:07:38:38 -0400] "GET /items/zzhqd148/11271?key=immigrant HTTP/1.1" 500 1245 "-" "Mozilla/5.0 (compatible; DataForSeoBot/1.0; +https://dataforseo.com/dataforseo-bot)"
65.21.113.206 - - [14/Apr/2025:07:38:37 -0400] "GET /search.php?m111030442?srsltid=AfmBOoABCLqVkmFBMDptea_FOQpc1Ymnq_hmV2WdeU-R-h4Hi6IgCI HTTP/1.1" 200 109132 "-" "Mozilla/5.0 (compatible; AwarioBot/1.0; +https://awario.com/bots.html)"
136.243.228.180 - - [14/Apr/2025:07:38:44 -0400] "GET /items/yydrz24/21599?key=Latin HTTP/1.1" 500 1245 "-" "Mozilla/5.0 (compatible; DataForSeoBot/1.0; +https://dataforseo.com/dataforseo-bot)"
65.21.113.206 - - [14/Apr/2025:07:38:44 -0400] "GET /search.php?m112010139?srsltid=AfmBOoRTNTDUDdDO9XYqaX_mRUemskIjh_FjU0YDRW-N-W5UcBeTAF HTTP/1.1" 200 109285 "-" "Mozilla/5.0 (compatible; AwarioBot/1.0; +https://awario.com/bots.html)"
136.243.228.180 - - [14/Apr/2025:07:38:48 -0400] "GET /items/sypaf14/23067?key=historical HTTP/1.1" 500 1245 "-" "Mozilla/5.0 (compatible; DataForSeoBot/1.0; +https://dataforseo.com/dataforseo-bot)"
65.21.113.206 - - [14/Apr/2025:07:38:50 -0400] "GET /search.php?m112016877?srsltid=AfmBOoSfgPJZhmRdVFpjnY_lThDMiKGel_EFALYODw-V-2LUh4Xqtu HTTP/1.1" 200 108648 "-" "Mozilla/5.0 (compatible; AwarioBot/1.0; +https://awario.com/bots.html)"
136.243.228.180 - - [14/Apr/2025:07:38:52 -0400] "GET /items/likio221/11377?key=start HTTP/1.1" 500 1245 "-" "Mozilla/5.0 (compatible; DataForSeoBot/1.0; +https://dataforseo.com/dataforseo-bot)"
196.251.80.228 - - [14/Apr/2025:07:38:52 -0400] "GET / HTTP/1.1" 500 1245 "-" "-"
198.54.114.83 - - [14/Apr/2025:07:38:56 -0400] "POST /wp-cron.php?doing_wp_cron=1744630735.7343358993530273437500 HTTP/1.1" 403 0 "-" "WordPress/6.7.2; https://bayrampasaspor.com"
198.54.114.83 - - [14/Apr/2025:07:38:56 -0400] "POST /wp-cron.php?doing_wp_cron=1744630735.8846950531005859375000 HTTP/1.1" 403 0 "-" "WordPress/6.7.2; https://bayrampasaspor.com"
196.251.80.228 - - [14/Apr/2025:07:38:55 -0400] "GET /wp-admin/install.php HTTP/1.1" 200 521 "-" "-"
136.243.228.180 - - [14/Apr/2025:07:38:55 -0400] "GET /items/kusio104/28467?key=republic HTTP/1.1" 500 1245 "-" "Mozilla/5.0 (compatible; DataForSeoBot/1.0; +https://dataforseo.com/dataforseo-bot)"
65.21.113.206 - - [14/Apr/2025:07:38:56 -0400] "GET /search.php?m112037487?srsltid=AfmBOonkTlwulIFlykqdB2_bIJSr0ke4O_Gq2PJ4lN-S-Hy9vpDljv HTTP/1.1" 200 110195 "-" "Mozilla/5.0 (compatible; AwarioBot/1.0; +https://awario.com/bots.html)"
196.251.80.228 - - [14/Apr/2025:07:38:57 -0400] "GET /wp-admin/setup-config.php HTTP/1.1" 403 1242 "-" "-"
136.243.228.180 - - [14/Apr/2025:07:38:59 -0400] "GET /items/gwsjs281/18730?key=court HTTP/1.1" 500 1245 "-" "Mozilla/5.0 (compatible; DataForSeoBot/1.0; +https://dataforseo.com/dataforseo-bot)"
65.21.113.206 - - [14/Apr/2025:07:39:01 -0400] "GET /search.php?m112040553?srsltid=AfmBOoybFGtwmjNFIPlBlr_7yFyc5ENge_jnjp4PfE-C-1oRjvkyib HTTP/1.1" 200 109080 "-" "Mozilla/5.0 (compatible; AwarioBot/1.0; +https://awario.com/bots.html)"
136.243.228.180 - - [14/Apr/2025:07:39:04 -0400] "GET /items/xousl191/46126?key=chair HTTP/1.1" 500 1245 "-" "Mozilla/5.0 (compatible; DataForSeoBot/1.0; +https://dataforseo.com/dataforseo-bot)"
65.21.113.206 - - [14/Apr/2025:07:39:05 -0400] "GET /search.php?m113010104?srsltid=AfmBOonGmUgNSsWRqm6H9B_CtTYWJ6UIf_jJIaNwsY-J-xvqapfANQ HTTP/1.1" 200 110807 "-" "Mozilla/5.0 (compatible; AwarioBot/1.0; +https://awario.com/bots.html)"
136.243.228.180 - - [14/Apr/2025:07:39:08 -0400] "GET /items/ztvhg139/44579?key=warm HTTP/1.1" 500 1245 "-" "Mozilla/5.0 (compatible; DataForSeoBot/1.0; +https://dataforseo.com/dataforseo-bot)"
65.21.113.206 - - [14/Apr/2025:07:39:11 -0400] "GET /search.php?m113012360?srsltid=AfmBOotlxYptHOlqhZEEtQ_TttHWW6wSj_mmdpp2Aw-Q-ytt4FZrZr HTTP/1.1" 200 109996 "-" "Mozilla/5.0 (compatible; AwarioBot/1.0; +https://awario.com/bots.html)"
136.243.228.180 - - [14/Apr/2025:07:39:13 -0400] "GET /items/hawoc165/33587?key=emphasize HTTP/1.1" 500 1245 "-" "Mozilla/5.0 (compatible; DataForSeoBot/1.0; +https://dataforseo.com/dataforseo-bot)"
136.243.228.180 - - [14/Apr/2025:07:39:16 -0400] "GET /items/gsqkl12/17747?key=boil HTTP/1.1" 500 1245 "-" "Mozilla/5.0 (compatible; DataForSeoBot/1.0; +https://dataforseo.com/dataforseo-bot)"
65.21.113.206 - - [14/Apr/2025:07:39:17 -0400] "GET /search.php?m113013194?srsltid=AfmBOoPESlBHsuzmL3ds4L_Hp8WoOScGj_hSsxAGla-S-xDytMo6Ac HTTP/1.1" 200 110300 "-" "Mozilla/5.0 (compatible; AwarioBot/1.0; +https://awario.com/bots.html)"
136.243.228.180 - - [14/Apr/2025:07:39:19 -0400] "GET /items/dkond159/31591?key=responsibility HTTP/1.1" 500 1245 "-" "Mozilla/5.0 (compatible; DataForSeoBot/1.0; +https://dataforseo.com/dataforseo-bot)"
108.181.170.209 - - [14/Apr/2025:07:39:01 -0400] "GET /wp-content/edit.php HTTP/1.1" 200 0 "http://www.bayrampasaspor.com/wp-content/edit.php" "Mozilla/5.0 (Macintosh; Intel Mac OS X 10.5; rv:5.0.1) Gecko/20100101 Firefox/5.0.1"
108.181.170.209 - - [14/Apr/2025:07:39:22 -0400] "GET /wp-content/edit.php HTTP/1.1" 200 26 "http://www.bayrampasaspor.com/wp-content/edit.php" "Mozilla/5.0 (Macintosh; U; PPC Mac OS X; ja-jp) AppleWebKit/522.11.1 (KHTML, like Gecko) Version/3.0.3 Safari/522.12.1"
65.21.113.206 - - [14/Apr/2025:07:39:23 -0400] "GET /search.php?m113021754?srsltid=AfmBOoYsWQtnzQWJg7OFe1_8HfCZlqfAJ_h51cT45d-L-aJqtEh0vV HTTP/1.1" 200 109011 "-" "Mozilla/5.0 (compatible; AwarioBot/1.0; +https://awario.com/bots.html)"
136.243.228.180 - - [14/Apr/2025:07:39:24 -0400] "GET /items/zkpxp194/20478?key=liberty HTTP/1.1" 500 1245 "-" "Mozilla/5.0 (compatible; DataForSeoBot/1.0; +https://dataforseo.com/dataforseo-bot)"
136.243.228.180 - - [14/Apr/2025:07:39:28 -0400] "GET /items/annrm220/48120?key=doorway HTTP/1.1" 500 1245 "-" "Mozilla/5.0 (compatible; DataForSeoBot/1.0; +https://dataforseo.com/dataforseo-bot)"
65.21.113.206 - - [14/Apr/2025:07:39:28 -0400] "GET /search.php?m113037068?srsltid=AfmBOoVWMXrBhYRMz3IqaB_lZkcJ9CAys_nj9i81BC-L-Obc2pqYCH HTTP/1.1" 200 110285 "-" "Mozilla/5.0 (compatible; AwarioBot/1.0; +https://awario.com/bots.html)"
136.243.228.180 - - [14/Apr/2025:07:39:32 -0400] "GET /items/oopvx234/6283?key=fine HTTP/1.1" 500 1245 "-" "Mozilla/5.0 (compatible; DataForSeoBot/1.0; +https://dataforseo.com/dataforseo-bot)"
65.21.113.206 - - [14/Apr/2025:07:39:33 -0400] "GET /search.php?m113042114?srsltid=AfmBOoRAkCLKgUzHaFL0ap_daqzXhpz63_SjKv2CKa-H-P89NPOgmf HTTP/1.1" 200 109564 "-" "Mozilla/5.0 (compatible; AwarioBot/1.0; +https://awario.com/bots.html)"
20.171.207.13 - - [14/Apr/2025:07:39:35 -0400] "GET /items/jwjmz278/39074?key=Japanese HTTP/1.1" 500 1245 "-" "Mozilla/5.0 AppleWebKit/537.36 (KHTML, like Gecko; compatible; GPTBot/1.2; +https://openai.com/gptbot)"
136.243.228.180 - - [14/Apr/2025:07:39:36 -0400] "GET /items/ewekj80/31754?key=complex HTTP/1.1" 500 1245 "-" "Mozilla/5.0 (compatible; DataForSeoBot/1.0; +https://dataforseo.com/dataforseo-bot)"
65.21.113.206 - - [14/Apr/2025:07:39:40 -0400] "GET /search.php?m113049580?srsltid=AfmBOobZyXtUBhYFg8qgwq_mGwqGZfJGo_u7TuSpYu-B-7xpD6xmmO HTTP/1.1" 200 110081 "-" "Mozilla/5.0 (compatible; AwarioBot/1.0; +https://awario.com/bots.html)"
136.243.228.180 - - [14/Apr/2025:07:39:41 -0400] "GET /items/hznzy121/48496?key=nominee HTTP/1.1" 500 1245 "-" "Mozilla/5.0 (compatible; DataForSeoBot/1.0; +https://dataforseo.com/dataforseo-bot)"
136.243.228.180 - - [14/Apr/2025:07:39:44 -0400] "GET /items/qbcyy88/32654?key=police HTTP/1.1" 500 1245 "-" "Mozilla/5.0 (compatible; DataForSeoBot/1.0; +https://dataforseo.com/dataforseo-bot)"
65.21.113.206 - - [14/Apr/2025:07:39:45 -0400] "GET /search.php?m114018563?srsltid=AfmBOoBknuGhnFjnLOnpdK_XVq12d6wx5_sFJ1RNlq-B-RDexAXmov HTTP/1.1" 200 110772 "-" "Mozilla/5.0 (compatible; AwarioBot/1.0; +https://awario.com/bots.html)"
136.243.228.180 - - [14/Apr/2025:07:39:47 -0400] "GET /items/ahddm296/28931?key=lip HTTP/1.1" 500 1245 "-" "Mozilla/5.0 (compatible; DataForSeoBot/1.0; +https://dataforseo.com/dataforseo-bot)"
65.21.113.206 - - [14/Apr/2025:07:39:50 -0400] "GET /search.php?m114034835?srsltid=AfmBOoreASAVKPiL5J2skv_MI5BLjdqEL_YGzdmupO-J-tUWGPpU2o HTTP/1.1" 200 110622 "-" "Mozilla/5.0 (compatible; AwarioBot/1.0; +https://awario.com/bots.html)"
136.243.228.180 - - [14/Apr/2025:07:39:52 -0400] "GET /items/vvlfs265/32339?key=sunlight HTTP/1.1" 500 1245 "-" "Mozilla/5.0 (compatible; DataForSeoBot/1.0; +https://dataforseo.com/dataforseo-bot)"
136.243.228.180 - - [14/Apr/2025:07:39:56 -0400] "GET /items/abxel6/4793?key=gender HTTP/1.1" 500 1245 "-" "Mozilla/5.0 (compatible; DataForSeoBot/1.0; +https://dataforseo.com/dataforseo-bot)"
65.21.113.206 - - [14/Apr/2025:07:39:57 -0400] "GET /search.php?m114042837?srsltid=AfmBOolPIWmYIKpX1KFLxR_Xz9BFkRRW3_WP9CyKKx-Y-PbcrrflkP HTTP/1.1" 200 109788 "-" "Mozilla/5.0 (compatible; AwarioBot/1.0; +https://awario.com/bots.html)"
136.243.228.180 - - [14/Apr/2025:07:39:59 -0400] "GET /items/qmphn170/18276?key=supervisor HTTP/1.1" 500 1245 "-" "Mozilla/5.0 (compatible; DataForSeoBot/1.0; +https://dataforseo.com/dataforseo-bot)"
65.21.113.206 - - [14/Apr/2025:07:40:04 -0400] "GET /search.php?m114044757?srsltid=AfmBOoiHGtbvOhunIo8gl3_9J0R7PgRGf_a9RfmPRj-D-XHbDXl5hw HTTP/1.1" 200 109290 "-" "Mozilla/5.0 (compatible; AwarioBot/1.0; +https://awario.com/bots.html)"
136.243.228.180 - - [14/Apr/2025:07:40:06 -0400] "GET /items/xvttn74/1985?key=dock HTTP/1.1" 500 1245 "-" "Mozilla/5.0 (compatible; DataForSeoBot/1.0; +https://dataforseo.com/dataforseo-bot)"
136.243.228.180 - - [14/Apr/2025:07:40:09 -0400] "GET /items/agfux119/231?key=joy HTTP/1.1" 500 1245 "-" "Mozilla/5.0 (compatible; DataForSeoBot/1.0; +https://dataforseo.com/dataforseo-bot)"
65.21.113.206 - - [14/Apr/2025:07:40:12 -0400] "GET /search.php?m115002280?srsltid=AfmBOohCakyDXwesPHao29_WhEGOfusnK_dDayRFuJ-Q-sC5GZhdty HTTP/1.1" 200 110056 "-" "Mozilla/5.0 (compatible; AwarioBot/1.0; +https://awario.com/bots.html)"
136.243.228.180 - - [14/Apr/2025:07:40:13 -0400] "GET /items/erjtw208/6694?key=warmth HTTP/1.1" 500 1245 "-" "Mozilla/5.0 (compatible; DataForSeoBot/1.0; +https://dataforseo.com/dataforseo-bot)"
136.243.228.180 - - [14/Apr/2025:07:40:17 -0400] "GET /items/gagve87/9344?key=nail HTTP/1.1" 500 1245 "-" "Mozilla/5.0 (compatible; DataForSeoBot/1.0; +https://dataforseo.com/dataforseo-bot)"
65.21.113.206 - - [14/Apr/2025:07:40:18 -0400] "GET /search.php?m115026112?srsltid=AfmBOogUDIJReSVN0IchoR_TPNnyqp3IZ_QAHsvwyb-E-o4C3XMLwe HTTP/1.1" 200 110619 "-" "Mozilla/5.0 (compatible; AwarioBot/1.0; +https://awario.com/bots.html)"
136.243.228.180 - - [14/Apr/2025:07:40:20 -0400] "GET /items/jlgaz26/22933?key=consequence HTTP/1.1" 500 1245 "-" "Mozilla/5.0 (compatible; DataForSeoBot/1.0; +https://dataforseo.com/dataforseo-bot)"
65.21.113.206 - - [14/Apr/2025:07:40:23 -0400] "GET /search.php?m115034842?srsltid=AfmBOooqADxUwGRBqiZ23x_6rDfQqTIdF_qVIursXy-P-oUhLcElUg HTTP/1.1" 200 111145 "-" "Mozilla/5.0 (compatible; AwarioBot/1.0; +https://awario.com/bots.html)"
136.243.228.180 - - [14/Apr/2025:07:40:24 -0400] "GET /items/hlalj37/26736?key=instruct HTTP/1.1" 500 1245 "-" "Mozilla/5.0 (compatible; DataForSeoBot/1.0; +https://dataforseo.com/dataforseo-bot)"
136.243.228.180 - - [14/Apr/2025:07:40:30 -0400] "GET /items/weyia156/3340?key=economic HTTP/1.1" 500 1245 "-" "Mozilla/5.0 (compatible; DataForSeoBot/1.0; +https://dataforseo.com/dataforseo-bot)"
65.21.113.206 - - [14/Apr/2025:07:40:30 -0400] "GET /search.php?m115035212?srsltid=AfmBOohzJaQtJKsNfoNUQd_AzjLmv4XL7_OUETH57E-P-wIPEyw0Ri HTTP/1.1" 200 109013 "-" "Mozilla/5.0 (compatible; AwarioBot/1.0; +https://awario.com/bots.html)"
136.243.228.180 - - [14/Apr/2025:07:40:33 -0400] "GET /items/welfo55/3671?key=commonly HTTP/1.1" 500 1245 "-" "Mozilla/5.0 (compatible; DataForSeoBot/1.0; +https://dataforseo.com/dataforseo-bot)"
20.171.207.13 - - [14/Apr/2025:07:40:36 -0400] "GET /items/zadrf238/23140?key=managing HTTP/1.1" 500 1245 "-" "Mozilla/5.0 AppleWebKit/537.36 (KHTML, like Gecko; compatible; GPTBot/1.2; +https://openai.com/gptbot)"
65.21.113.206 - - [14/Apr/2025:07:40:36 -0400] "GET /search.php?m115040184?srsltid=AfmBOoLIboMlYcsv8CRpe3_ONhKFkhEJR_Q1wMj1CD-H-FCD2jBZpi HTTP/1.1" 200 109974 "-" "Mozilla/5.0 (compatible; AwarioBot/1.0; +https://awario.com/bots.html)"
136.243.228.180 - - [14/Apr/2025:07:40:38 -0400] "GET /items/pnkqo12/4142?key=latter HTTP/1.1" 500 1245 "-" "Mozilla/5.0 (compatible; DataForSeoBot/1.0; +https://dataforseo.com/dataforseo-bot)"
65.21.113.206 - - [14/Apr/2025:07:40:40 -0400] "GET /search.php?m115040758?srsltid=AfmBOovegWKMDtwDc8NcxU_TjiQELq5Kn_1Knuokr4-D-DHicljkbN HTTP/1.1" 200 109197 "-" "Mozilla/5.0 (compatible; AwarioBot/1.0; +https://awario.com/bots.html)"
136.243.228.180 - - [14/Apr/2025:07:40:43 -0400] "GET /items/blakg281/42010?key=stop HTTP/1.1" 500 1245 "-" "Mozilla/5.0 (compatible; DataForSeoBot/1.0; +https://dataforseo.com/dataforseo-bot)"
65.21.113.206 - - [14/Apr/2025:07:40:46 -0400] "GET /search.php?m115041042?srsltid=AfmBOoJRblQEaHUdHaHca9_knQk87Lm45_QNr5woqu-Q-u6BR8SwBg HTTP/1.1" 200 109414 "-" "Mozilla/5.0 (compatible; AwarioBot/1.0; +https://awario.com/bots.html)"
136.243.228.180 - - [14/Apr/2025:07:40:48 -0400] "GET /items/ujstl294/14026?key=experimental HTTP/1.1" 500 1245 "-" "Mozilla/5.0 (compatible; DataForSeoBot/1.0; +https://dataforseo.com/dataforseo-bot)"
136.243.228.180 - - [14/Apr/2025:07:40:50 -0400] "GET /items/wgjxe84/43859?key=ski HTTP/1.1" 500 1245 "-" "Mozilla/5.0 (compatible; DataForSeoBot/1.0; +https://dataforseo.com/dataforseo-bot)"
65.21.113.206 - - [14/Apr/2025:07:40:52 -0400] "GET /search.php?m116005143?srsltid=AfmBOoewYkYTOuVdLW2hIo_RpXq9w3B79_f8rcFha3-Q-iLaIebL5h HTTP/1.1" 200 110061 "-" "Mozilla/5.0 (compatible; AwarioBot/1.0; +https://awario.com/bots.html)"
136.243.228.180 - - [14/Apr/2025:07:40:54 -0400] "GET /items/hsegs59/2705?key=exceed HTTP/1.1" 500 1245 "-" "Mozilla/5.0 (compatible; DataForSeoBot/1.0; +https://dataforseo.com/dataforseo-bot)"
65.21.113.206 - - [14/Apr/2025:07:40:58 -0400] "GET /search.php?m116014805?srsltid=AfmBOolAeBBbPzjaCZ64w4_JgkQkJGG4V_C2V2M00L-H-5gHJJS75o HTTP/1.1" 200 109671 "-" "Mozilla/5.0 (compatible; AwarioBot/1.0; +https://awario.com/bots.html)"
198.54.114.83 - - [14/Apr/2025:07:41:00 -0400] "POST /wp-cron.php?doing_wp_cron=1744630860.0541179180145263671875 HTTP/1.1" 403 1242 "-" "WordPress/6.7.2; https://bayrampasaspor.com"
136.243.228.180 - - [14/Apr/2025:07:40:59 -0400] "GET /items/yecfz61/1185?key=wide HTTP/1.1" 500 1245 "-" "Mozilla/5.0 (compatible; DataForSeoBot/1.0; +https://dataforseo.com/dataforseo-bot)"
136.243.228.180 - - [14/Apr/2025:07:41:03 -0400] "GET /items/jpoky15/509?key=menu HTTP/1.1" 500 1245 "-" "Mozilla/5.0 (compatible; DataForSeoBot/1.0; +https://dataforseo.com/dataforseo-bot)"
65.21.113.206 - - [14/Apr/2025:07:41:03 -0400] "GET /search.php?m116017269?srsltid=AfmBOoyQbTOvXrjP8OQF0c_JZvyToEEee_sjimwPP3-X-jBeUUuu9Z HTTP/1.1" 200 110577 "-" "Mozilla/5.0 (compatible; AwarioBot/1.0; +https://awario.com/bots.html)"
65.21.113.206 - - [14/Apr/2025:07:41:08 -0400] "GET /search.php?m116023249?srsltid=AfmBOoMrmwqmvYNNVssqnr_QQwZJuUnjk_nwabmHdR-I-Y7D4CoGBr HTTP/1.1" 200 109235 "-" "Mozilla/5.0 (compatible; AwarioBot/1.0; +https://awario.com/bots.html)"
136.243.228.180 - - [14/Apr/2025:07:41:08 -0400] "GET /items/vehvv174/48723?key=clerk HTTP/1.1" 500 1245 "-" "Mozilla/5.0 (compatible; DataForSeoBot/1.0; +https://dataforseo.com/dataforseo-bot)"
136.243.228.180 - - [14/Apr/2025:07:41:11 -0400] "GET /items/nbfvh21/14130?key=weigh HTTP/1.1" 500 1245 "-" "Mozilla/5.0 (compatible; DataForSeoBot/1.0; +https://dataforseo.com/dataforseo-bot)"
65.21.113.206 - - [14/Apr/2025:07:41:12 -0400] "GET /search.php?m116032657?srsltid=AfmBOoPkqgFJpfnKeKidZh_MmKWU46BLs_Y1FLlMbt-S-OkfCnI5U3 HTTP/1.1" 200 109378 "-" "Mozilla/5.0 (compatible; AwarioBot/1.0; +https://awario.com/bots.html)"
173.208.205.34 - - [14/Apr/2025:07:41:11 -0400] "GET /wp-content/edit.php?id=80613 HTTP/1.1" 200 0 "http://www.bayrampasaspor.com/wp-content/edit.php?id=80613" "Mozilla/5.0 (Windows NT 10.0; Win64; x64) AppleWebKit/537.36 (KHTML, like Gecko) Chrome/58.0.3029.110 Safari/537.3"
136.243.228.180 - - [14/Apr/2025:07:41:16 -0400] "GET /items/kjpvo164/30929?key=fruit HTTP/1.1" 500 1245 "-" "Mozilla/5.0 (compatible; DataForSeoBot/1.0; +https://dataforseo.com/dataforseo-bot)"
65.21.113.206 - - [14/Apr/2025:07:41:16 -0400] "GET /search.php?m116037321?srsltid=AfmBOoJiUcmdWYUtBlNlej_kgkO53ocz5_mQA9BvNY-Y-6b7YvGbzx HTTP/1.1" 200 110027 "-" "Mozilla/5.0 (compatible; AwarioBot/1.0; +https://awario.com/bots.html)"
136.243.228.180 - - [14/Apr/2025:07:41:20 -0400] "GET /items/iihbs176/2710?key=instrument HTTP/1.1" 500 1245 "-" "Mozilla/5.0 (compatible; DataForSeoBot/1.0; +https://dataforseo.com/dataforseo-bot)"
65.21.113.206 - - [14/Apr/2025:07:41:22 -0400] "GET /search.php?m117002134?srsltid=AfmBOoSGaloCKWQPyYYwl6_aaeg7JxIgn_d5j0EXQj-T-G24aUGTLY HTTP/1.1" 200 108782 "-" "Mozilla/5.0 (compatible; AwarioBot/1.0; +https://awario.com/bots.html)"
136.243.228.180 - - [14/Apr/2025:07:41:24 -0400] "GET /items/yefqm213/17145?key=lend HTTP/1.1" 500 1245 "-" "Mozilla/5.0 (compatible; DataForSeoBot/1.0; +https://dataforseo.com/dataforseo-bot)"
65.21.113.206 - - [14/Apr/2025:07:41:27 -0400] "GET /search.php?m117003098?srsltid=AfmBOojZyPETxHQWFkE8us_lVLhe45SH0_Fz92jSPo-C-xBSPzHntO HTTP/1.1" 200 109063 "-" "Mozilla/5.0 (compatible; AwarioBot/1.0; +https://awario.com/bots.html)"
136.243.228.180 - - [14/Apr/2025:07:41:28 -0400] "GET /items/rueaz210/10396?key=indicate HTTP/1.1" 500 1245 "-" "Mozilla/5.0 (compatible; DataForSeoBot/1.0; +https://dataforseo.com/dataforseo-bot)"
136.243.228.180 - - [14/Apr/2025:07:41:32 -0400] "GET /items/qgkxw86/28185?key=sanction HTTP/1.1" 500 1245 "-" "Mozilla/5.0 (compatible; DataForSeoBot/1.0; +https://dataforseo.com/dataforseo-bot)"
65.21.113.206 - - [14/Apr/2025:07:41:32 -0400] "GET /search.php?m117011022?srsltid=AfmBOoRseizaZbmLaYM3VF_pETOjjhCCP_gPcTTorr-T-rdd2jj5m3 HTTP/1.1" 200 109592 "-" "Mozilla/5.0 (compatible; AwarioBot/1.0; +https://awario.com/bots.html)"
136.243.228.180 - - [14/Apr/2025:07:41:35 -0400] "GET /items/obrrz79/28231?key=likely HTTP/1.1" 500 1245 "-" "Mozilla/5.0 (compatible; DataForSeoBot/1.0; +https://dataforseo.com/dataforseo-bot)"
65.21.113.206 - - [14/Apr/2025:07:41:38 -0400] "GET /search.php?m117021394?srsltid=AfmBOoWLRdpBSZCJk3VZvT_YEgGItLgHS_MHYWFOHV-E-Mrbos4vil HTTP/1.1" 200 108887 "-" "Mozilla/5.0 (compatible; AwarioBot/1.0; +https://awario.com/bots.html)"
136.243.228.180 - - [14/Apr/2025:07:41:39 -0400] "GET /items/hhipl100/7821?key=foot HTTP/1.1" 500 1245 "-" "Mozilla/5.0 (compatible; DataForSeoBot/1.0; +https://dataforseo.com/dataforseo-bot)"
20.171.207.13 - - [14/Apr/2025:07:41:40 -0400] "GET /items/zimsr108/23990?key=continued HTTP/1.1" 500 1245 "-" "Mozilla/5.0 AppleWebKit/537.36 (KHTML, like Gecko; compatible; GPTBot/1.2; +https://openai.com/gptbot)"
65.21.113.206 - - [14/Apr/2025:07:41:41 -0400] "GET /search.php?m117026054?srsltid=AfmBOoGEGxMdsIESrrgrM7_RJRENVNwWo_SnyJkJIV-E-g8X85Bc7D HTTP/1.1" 200 109459 "-" "Mozilla/5.0 (compatible; AwarioBot/1.0; +https://awario.com/bots.html)"
136.243.228.180 - - [14/Apr/2025:07:41:44 -0400] "GET /items/kbgcp188/27748?key=assignment HTTP/1.1" 500 1245 "-" "Mozilla/5.0 (compatible; DataForSeoBot/1.0; +https://dataforseo.com/dataforseo-bot)"
65.21.113.206 - - [14/Apr/2025:07:41:45 -0400] "GET /search.php?m117026750?srsltid=AfmBOoBlzwEwkkapPburWN_LJXISwYUGJ_6bDSlNeE-M-ANxJvQ93m HTTP/1.1" 200 109669 "-" "Mozilla/5.0 (compatible; AwarioBot/1.0; +https://awario.com/bots.html)"
136.243.228.180 - - [14/Apr/2025:07:41:48 -0400] "GET /items/xazxx93/20703?key=cottage HTTP/1.1" 500 1245 "-" "Mozilla/5.0 (compatible; DataForSeoBot/1.0; +https://dataforseo.com/dataforseo-bot)"
65.21.113.206 - - [14/Apr/2025:07:41:51 -0400] "GET /search.php?m117039140?srsltid=AfmBOonHAlQIJDqiQPJxIV_DzehNf4z0S_gtDB5FgV-A-j48DqoE6i HTTP/1.1" 200 109042 "-" "Mozilla/5.0 (compatible; AwarioBot/1.0; +https://awario.com/bots.html)"
136.243.228.180 - - [14/Apr/2025:07:41:52 -0400] "GET /items/zarqm40/32847?key=extensive HTTP/1.1" 500 1245 "-" "Mozilla/5.0 (compatible; DataForSeoBot/1.0; +https://dataforseo.com/dataforseo-bot)"
136.243.228.180 - - [14/Apr/2025:07:41:56 -0400] "GET /items/noprv207/35718?key=separation HTTP/1.1" 500 1245 "-" "Mozilla/5.0 (compatible; DataForSeoBot/1.0; +https://dataforseo.com/dataforseo-bot)"
65.21.113.206 - - [14/Apr/2025:07:41:56 -0400] "GET /search.php?m118001049?srsltid=AfmBOohPcBPfxkMD8HQGWJ_aiL325kNmk_FYRfDZxu-I-2EYHz1H92 HTTP/1.1" 200 109669 "-" "Mozilla/5.0 (compatible; AwarioBot/1.0; +https://awario.com/bots.html)"
198.54.114.83 - - [14/Apr/2025:07:42:01 -0400] "POST /wp-cron.php?doing_wp_cron=1744630921.2176349163055419921875 HTTP/1.1" 403 1242 "-" "WordPress/6.7.2; https://bayrampasaspor.com"
136.243.228.180 - - [14/Apr/2025:07:42:01 -0400] "GET /items/rwsno116/25132?key=beer HTTP/1.1" 500 1245 "-" "Mozilla/5.0 (compatible; DataForSeoBot/1.0; +https://dataforseo.com/dataforseo-bot)"
216.244.66.246 - - [14/Apr/2025:07:42:01 -0400] "GET /the-essence-of-choosing-a-ppr-fittings-supplier/ HTTP/1.1" 200 15434 "-" "Mozilla/5.0 (compatible; DotBot/1.2; +https://opensiteexplorer.org/dotbot; help@moz.com)"
65.21.113.206 - - [14/Apr/2025:07:42:01 -0400] "GET /search.php?m118003187?srsltid=AfmBOovtmTfWjlia28Tuq2_q9ya7fDNvk_MwkIAXzK-C-C0bQw9spg HTTP/1.1" 200 109346 "-" "Mozilla/5.0 (compatible; AwarioBot/1.0; +https://awario.com/bots.html)"
136.243.228.180 - - [14/Apr/2025:07:42:04 -0400] "GET /items/yvdjj9/22790?key=hit HTTP/1.1" 500 1245 "-" "Mozilla/5.0 (compatible; DataForSeoBot/1.0; +https://dataforseo.com/dataforseo-bot)"
136.243.228.180 - - [14/Apr/2025:07:42:08 -0400] "GET /items/zjqzp105/8461?key=faculty HTTP/1.1" 500 1245 "-" "Mozilla/5.0 (compatible; DataForSeoBot/1.0; +https://dataforseo.com/dataforseo-bot)"
65.21.113.206 - - [14/Apr/2025:07:42:08 -0400] "GET /search.php?m118013557?srsltid=AfmBOogQDJzFRRllnIAKBZ_SxaZOd8wFQ_Y4gh5Vyb-J-wk4xAWVP3 HTTP/1.1" 200 109260 "-" "Mozilla/5.0 (compatible; AwarioBot/1.0; +https://awario.com/bots.html)"
136.243.228.180 - - [14/Apr/2025:07:42:11 -0400] "GET /items/hpsjy203/9688?key=emission HTTP/1.1" 500 1245 "-" "Mozilla/5.0 (compatible; DataForSeoBot/1.0; +https://dataforseo.com/dataforseo-bot)"
65.21.113.206 - - [14/Apr/2025:07:42:13 -0400] "GET /search.php?m118021609?srsltid=AfmBOotKGMBAyWak1GaURf_cPSIEdtXtX_cbnHhixi-X-8zj1515Jj HTTP/1.1" 200 109002 "-" "Mozilla/5.0 (compatible; AwarioBot/1.0; +https://awario.com/bots.html)"
136.243.228.180 - - [14/Apr/2025:07:42:16 -0400] "GET /items/krise128/16536?key=fat HTTP/1.1" 500 1245 "-" "Mozilla/5.0 (compatible; DataForSeoBot/1.0; +https://dataforseo.com/dataforseo-bot)"
65.21.113.206 - - [14/Apr/2025:07:42:18 -0400] "GET /search.php?m118024481?srsltid=AfmBOohxeOoiEbdwjVn8W9_sSlTD2uL8K_TpBPGCLF-B-qQCpZsbHp HTTP/1.1" 200 110975 "-" "Mozilla/5.0 (compatible; AwarioBot/1.0; +https://awario.com/bots.html)"
136.243.228.180 - - [14/Apr/2025:07:42:19 -0400] "GET /items/ztnue294/25159?key=presumably HTTP/1.1" 500 1245 "-" "Mozilla/5.0 (compatible; DataForSeoBot/1.0; +https://dataforseo.com/dataforseo-bot)"
136.243.228.180 - - [14/Apr/2025:07:42:23 -0400] "GET /items/zpjwx66/35125?key=gently HTTP/1.1" 500 1245 "-" "Mozilla/5.0 (compatible; DataForSeoBot/1.0; +https://dataforseo.com/dataforseo-bot)"
65.21.113.206 - - [14/Apr/2025:07:42:23 -0400] "GET /search.php?m118028209?srsltid=AfmBOohxiSHEeJIrVrC0qF_aJgkOJCSkE_kEuwkq4u-B-3OZ6c3Qfd HTTP/1.1" 200 108693 "-" "Mozilla/5.0 (compatible; AwarioBot/1.0; +https://awario.com/bots.html)"
136.243.228.180 - - [14/Apr/2025:07:42:28 -0400] "GET /items/idvwn95/40088?key=and HTTP/1.1" 500 1245 "-" "Mozilla/5.0 (compatible; DataForSeoBot/1.0; +https://dataforseo.com/dataforseo-bot)"
65.21.113.206 - - [14/Apr/2025:07:42:27 -0400] "GET /search.php?m119012100?srsltid=AfmBOohZUoDRQvnY97J1oT_4oEkJS5VGl_03oCg5pA-Z-VdhZrJleM HTTP/1.1" 200 108256 "-" "Mozilla/5.0 (compatible; AwarioBot/1.0; +https://awario.com/bots.html)"
136.243.228.180 - - [14/Apr/2025:07:42:32 -0400] "GET /items/bebxd56/1140?key=ideological HTTP/1.1" 500 1245 "-" "Mozilla/5.0 (compatible; DataForSeoBot/1.0; +https://dataforseo.com/dataforseo-bot)"
65.21.113.206 - - [14/Apr/2025:07:42:32 -0400] "GET /search.php?m119013408?srsltid=AfmBOoMbCUmOBhkaeU0f8a_08Du5UcZCQ_2g7uwjh4-D-ZM08pPxEf HTTP/1.1" 200 109360 "-" "Mozilla/5.0 (compatible; AwarioBot/1.0; +https://awario.com/bots.html)"
136.243.228.180 - - [14/Apr/2025:07:42:35 -0400] "GET /items/sjzch290/6185?key=Palestinian HTTP/1.1" 500 1245 "-" "Mozilla/5.0 (compatible; DataForSeoBot/1.0; +https://dataforseo.com/dataforseo-bot)"
65.21.113.206 - - [14/Apr/2025:07:42:39 -0400] "GET /search.php?m119046324?srsltid=AfmBOoICfynxDpuRTUWmNz_k5cU8vx8fJ_yEMlzXlu-B-GmUemhEjj HTTP/1.1" 200 110234 "-" "Mozilla/5.0 (compatible; AwarioBot/1.0; +https://awario.com/bots.html)"
136.243.228.180 - - [14/Apr/2025:07:42:40 -0400] "GET /items/xotka193/43396?key=gym HTTP/1.1" 500 1245 "-" "Mozilla/5.0 (compatible; DataForSeoBot/1.0; +https://dataforseo.com/dataforseo-bot)"
20.171.207.13 - - [14/Apr/2025:07:42:42 -0400] "GET /items/pxstm280/32169?key=shit HTTP/1.1" 500 1245 "-" "Mozilla/5.0 AppleWebKit/537.36 (KHTML, like Gecko; compatible; GPTBot/1.2; +https://openai.com/gptbot)"
136.243.228.180 - - [14/Apr/2025:07:42:44 -0400] "GET /items/vobxl221/15107?key=lens HTTP/1.1" 500 1245 "-" "Mozilla/5.0 (compatible; DataForSeoBot/1.0; +https://dataforseo.com/dataforseo-bot)"
65.21.113.206 - - [14/Apr/2025:07:42:44 -0400] "GET /search.php?m119048116?srsltid=AfmBOoyNXfnIutmqBdB4oh_TRxs1pUBdH_OQYhfNdp-C-VZdlU7tHa HTTP/1.1" 200 109367 "-" "Mozilla/5.0 (compatible; AwarioBot/1.0; +https://awario.com/bots.html)"
65.21.113.206 - - [14/Apr/2025:07:42:48 -0400] "GET /search.php?m120003307?srsltid=AfmBOoQzEtlDWBIXgTboHB_6iDXwbJsa2_NyAm1qsE-F-J83a24oMg HTTP/1.1" 200 109471 "-" "Mozilla/5.0 (compatible; AwarioBot/1.0; +https://awario.com/bots.html)"
136.243.228.180 - - [14/Apr/2025:07:42:48 -0400] "GET /items/zlpiw233/42743?key=campaign HTTP/1.1" 500 1245 "-" "Mozilla/5.0 (compatible; DataForSeoBot/1.0; +https://dataforseo.com/dataforseo-bot)"
136.243.228.180 - - [14/Apr/2025:07:42:51 -0400] "GET /items/wxgkt217/32609?key=self HTTP/1.1" 500 1245 "-" "Mozilla/5.0 (compatible; DataForSeoBot/1.0; +https://dataforseo.com/dataforseo-bot)"
65.21.113.206 - - [14/Apr/2025:07:42:53 -0400] "GET /search.php?m120004789?srsltid=AfmBOoAPcPBPBzQxLN5D5z_JEGEXTEEhR_CjCB7CCi-X-wuawwYmlG HTTP/1.1" 200 109086 "-" "Mozilla/5.0 (compatible; AwarioBot/1.0; +https://awario.com/bots.html)"
136.243.228.180 - - [14/Apr/2025:07:42:55 -0400] "GET /items/oqzat171/21456?key=empire HTTP/1.1" 500 1245 "-" "Mozilla/5.0 (compatible; DataForSeoBot/1.0; +https://dataforseo.com/dataforseo-bot)"
65.21.113.206 - - [14/Apr/2025:07:42:57 -0400] "GET /search.php?m120006577?srsltid=AfmBOodcmndbtBcg9ljhI6_2vyMqRoccJ_lhtWpPdd-T-FvkbOO69O HTTP/1.1" 200 108904 "-" "Mozilla/5.0 (compatible; AwarioBot/1.0; +https://awario.com/bots.html)"
136.243.228.180 - - [14/Apr/2025:07:43:00 -0400] "GET /items/dulfv65/25142?key=supportive HTTP/1.1" 500 1245 "-" "Mozilla/5.0 (compatible; DataForSeoBot/1.0; +https://dataforseo.com/dataforseo-bot)"
65.21.113.206 - - [14/Apr/2025:07:43:01 -0400] "GET /search.php?m120012623?srsltid=AfmBOohfmXDnCZLgjPW4zl_KUxRZpqXe3_Lt4EiPGq-L-aVy4OuzCC HTTP/1.1" 200 108212 "-" "Mozilla/5.0 (compatible; AwarioBot/1.0; +https://awario.com/bots.html)"
136.243.228.180 - - [14/Apr/2025:07:43:03 -0400] "GET /items/ypzry250/33848?key=throat HTTP/1.1" 500 1245 "-" "Mozilla/5.0 (compatible; DataForSeoBot/1.0; +https://dataforseo.com/dataforseo-bot)"
65.21.113.206 - - [14/Apr/2025:07:43:04 -0400] "GET /search.php?m120035561?srsltid=AfmBOoSsJpgCQIkcXBQelf_m2GWfYYFzT_UbQwttOc-L-OoBBs2Et2 HTTP/1.1" 200 109083 "-" "Mozilla/5.0 (compatible; AwarioBot/1.0; +https://awario.com/bots.html)"
136.243.228.180 - - [14/Apr/2025:07:43:07 -0400] "GET /items/safxy132/7676?key=brave HTTP/1.1" 500 1245 "-" "Mozilla/5.0 (compatible; DataForSeoBot/1.0; +https://dataforseo.com/dataforseo-bot)"
136.243.228.180 - - [14/Apr/2025:07:43:11 -0400] "GET /items/chmmn130/36276?key=pen HTTP/1.1" 500 1245 "-" "Mozilla/5.0 (compatible; DataForSeoBot/1.0; +https://dataforseo.com/dataforseo-bot)"
65.21.113.206 - - [14/Apr/2025:07:43:11 -0400] "GET /search.php?m121020212?srsltid=AfmBOoEEeyhvSBenik8B0G_yfEGDnMZHt_cxtlihqg-I-LGtnhzw0G HTTP/1.1" 200 109186 "-" "Mozilla/5.0 (compatible; AwarioBot/1.0; +https://awario.com/bots.html)"
65.21.113.206 - - [14/Apr/2025:07:43:16 -0400] "GET /search.php?m121020654?srsltid=AfmBOoxRdxVKCaYeoBdaHn_8ZjxPqzpGn_opc3qDbs-W-9sv0K6IAG HTTP/1.1" 200 109470 "-" "Mozilla/5.0 (compatible; AwarioBot/1.0; +https://awario.com/bots.html)"
136.243.228.180 - - [14/Apr/2025:07:43:16 -0400] "GET /items/ogovg107/10341?key=earth HTTP/1.1" 500 1245 "-" "Mozilla/5.0 (compatible; DataForSeoBot/1.0; +https://dataforseo.com/dataforseo-bot)"
136.243.228.180 - - [14/Apr/2025:07:43:20 -0400] "GET /items/gzjxh9/12789?key=enough HTTP/1.1" 500 1245 "-" "Mozilla/5.0 (compatible; DataForSeoBot/1.0; +https://dataforseo.com/dataforseo-bot)"
65.21.113.206 - - [14/Apr/2025:07:43:21 -0400] "GET /search.php?m121024100?srsltid=AfmBOoYhbrwGFlWAOatY5f_s6F9A5pNLO_aUCIqnLK-L-KZ4fztYZ8 HTTP/1.1" 200 109076 "-" "Mozilla/5.0 (compatible; AwarioBot/1.0; +https://awario.com/bots.html)"
136.243.228.180 - - [14/Apr/2025:07:43:23 -0400] "GET /items/elmbh45/15651?key=second HTTP/1.1" 500 1245 "-" "Mozilla/5.0 (compatible; DataForSeoBot/1.0; +https://dataforseo.com/dataforseo-bot)"
65.21.113.206 - - [14/Apr/2025:07:43:25 -0400] "GET /search.php?m121027744?srsltid=AfmBOoVUSpUAnqDyyroL2L_wudZdLClug_yjejM3gy-Q-9n0hpMyoq HTTP/1.1" 200 109423 "-" "Mozilla/5.0 (compatible; AwarioBot/1.0; +https://awario.com/bots.html)"
136.243.228.180 - - [14/Apr/2025:07:43:27 -0400] "GET /items/bkfrk207/32737?key=parade HTTP/1.1" 500 1245 "-" "Mozilla/5.0 (compatible; DataForSeoBot/1.0; +https://dataforseo.com/dataforseo-bot)"
173.208.205.34 - - [14/Apr/2025:07:43:30 -0400] "GET /wp-content/edit.php?id=80613 HTTP/1.1" 200 0 "http://www.bayrampasaspor.com/wp-content/edit.php?id=80613" "Mozilla/5.0 (Windows NT 10.0; Win64; x64) AppleWebKit/537.36 (KHTML, like Gecko) Chrome/58.0.3029.110 Safari/537.3"
136.243.228.180 - - [14/Apr/2025:07:43:31 -0400] "GET /items/blrau101/2628?key=rear HTTP/1.1" 500 1245 "-" "Mozilla/5.0 (compatible; DataForSeoBot/1.0; +https://dataforseo.com/dataforseo-bot)"
65.21.113.206 - - [14/Apr/2025:07:43:31 -0400] "GET /search.php?m121029688?srsltid=AfmBOosytekpJwEq7TMUyU_oC898Z1olm_Xmxmc0AY-C-N1baQLocG HTTP/1.1" 200 109615 "-" "Mozilla/5.0 (compatible; AwarioBot/1.0; +https://awario.com/bots.html)"
173.208.205.34 - - [14/Apr/2025:07:43:32 -0400] "GET /wp-content/edit.php?id=80613 HTTP/1.1" 200 26 "http://www.bayrampasaspor.com/wp-content/edit.php?id=80613" "Mozilla/5.0 (Windows NT 10.0; Win64; x64) AppleWebKit/537.36 (KHTML, like Gecko) Chrome/58.0.3029.110 Safari/537.3"
157.90.209.76 - - [14/Apr/2025:07:43:32 -0400] "GET /?sitemap702.xml HTTP/1.1" 200 50664 "-" "Mozilla/5.0 (compatible; BLEXBot/1.0; +https://help.seranking.com/en/blex-crawler)"
136.243.228.180 - - [14/Apr/2025:07:43:35 -0400] "GET /items/jjfms229/27531?key=facilitate HTTP/1.1" 500 1245 "-" "Mozilla/5.0 (compatible; DataForSeoBot/1.0; +https://dataforseo.com/dataforseo-bot)"
65.21.113.206 - - [14/Apr/2025:07:43:38 -0400] "GET /search.php?m121038928?srsltid=AfmBOoRKDpKvXUAJmRVLz8_jqrNImfFob_cirYmEPe-C-kt0KWgB2k HTTP/1.1" 200 110668 "-" "Mozilla/5.0 (compatible; AwarioBot/1.0; +https://awario.com/bots.html)"
136.243.228.180 - - [14/Apr/2025:07:43:39 -0400] "GET /items/ejagn206/1282?key=innovation HTTP/1.1" 500 1245 "-" "Mozilla/5.0 (compatible; DataForSeoBot/1.0; +https://dataforseo.com/dataforseo-bot)"
136.243.228.180 - - [14/Apr/2025:07:43:43 -0400] "GET /items/vhtsa37/6506?key=denial HTTP/1.1" 500 1245 "-" "Mozilla/5.0 (compatible; DataForSeoBot/1.0; +https://dataforseo.com/dataforseo-bot)"
65.21.113.206 - - [14/Apr/2025:07:43:43 -0400] "GET /search.php?m121041690?srsltid=AfmBOoNJmZhTJfBGPiXRdo_koL0zTrvPd_NYSrdv1X-B-UL5HukgD7 HTTP/1.1" 200 108311 "-" "Mozilla/5.0 (compatible; AwarioBot/1.0; +https://awario.com/bots.html)"
20.171.207.13 - - [14/Apr/2025:07:43:44 -0400] "GET /items/ojodb184/41353?key=submit HTTP/1.1" 500 1245 "-" "Mozilla/5.0 AppleWebKit/537.36 (KHTML, like Gecko; compatible; GPTBot/1.2; +https://openai.com/gptbot)"
157.90.209.76 - - [14/Apr/2025:07:43:43 -0400] "GET /?sitemap757.xml HTTP/1.1" 200 50522 "-" "Mozilla/5.0 (compatible; BLEXBot/1.0; +https://help.seranking.com/en/blex-crawler)"
136.243.228.180 - - [14/Apr/2025:07:43:48 -0400] "GET /items/vnqtt69/39267?key=heavily HTTP/1.1" 500 1245 "-" "Mozilla/5.0 (compatible; DataForSeoBot/1.0; +https://dataforseo.com/dataforseo-bot)"
65.21.113.206 - - [14/Apr/2025:07:43:48 -0400] "GET /search.php?m121045284?srsltid=AfmBOoUOANZAXTpQ63L7oW_L2U5FDBVG6_DcrZbEeo-A-kh3Zugvin HTTP/1.1" 200 110193 "-" "Mozilla/5.0 (compatible; AwarioBot/1.0; +https://awario.com/bots.html)"
136.243.228.180 - - [14/Apr/2025:07:43:53 -0400] "GET /items/hnxkb258/44376?key=outer HTTP/1.1" 500 1245 "-" "Mozilla/5.0 (compatible; DataForSeoBot/1.0; +https://dataforseo.com/dataforseo-bot)"
157.90.209.76 - - [14/Apr/2025:07:43:55 -0400] "GET /?sitemap810.xml HTTP/1.1" 200 50607 "-" "Mozilla/5.0 (compatible; BLEXBot/1.0; +https://help.seranking.com/en/blex-crawler)"
65.21.113.206 - - [14/Apr/2025:07:43:56 -0400] "GET /search.php?m122026895?srsltid=AfmBOoOqDgHFbqGHHuQSN6_mJXDrwBNn6_9Yi3xryU-Y-Sh9NdDGRR HTTP/1.1" 200 109203 "-" "Mozilla/5.0 (compatible; AwarioBot/1.0; +https://awario.com/bots.html)"
136.243.228.180 - - [14/Apr/2025:07:43:56 -0400] "GET /items/vbagb242/20998?key=cycle HTTP/1.1" 500 1245 "-" "Mozilla/5.0 (compatible; DataForSeoBot/1.0; +https://dataforseo.com/dataforseo-bot)"
136.243.228.180 - - [14/Apr/2025:07:43:59 -0400] "GET /items/naqfg167/29434?key=usual HTTP/1.1" 500 1245 "-" "Mozilla/5.0 (compatible; DataForSeoBot/1.0; +https://dataforseo.com/dataforseo-bot)"
65.21.113.206 - - [14/Apr/2025:07:44:00 -0400] "GET /search.php?m122034927?srsltid=AfmBOorLnfdrinwno6DtfD_eguZgqSevX_mJ3mOPgM-L-WruA2LswN HTTP/1.1" 200 109643 "-" "Mozilla/5.0 (compatible; AwarioBot/1.0; +https://awario.com/bots.html)"
198.54.114.83 - - [14/Apr/2025:07:44:07 -0400] "POST /wp-cron.php?doing_wp_cron=1744631045.3150410652160644531250 HTTP/1.1" 200 0 "-" "WordPress/6.7.2; https://bayrampasaspor.com"
136.243.228.180 - - [14/Apr/2025:07:44:04 -0400] "GET /items/vkhpa274/41992?key=criteria HTTP/1.1" 500 1245 "-" "Mozilla/5.0 (compatible; DataForSeoBot/1.0; +https://dataforseo.com/dataforseo-bot)"
157.90.209.76 - - [14/Apr/2025:07:44:05 -0400] "GET /?sitemap833.xml HTTP/1.1" 200 50496 "-" "Mozilla/5.0 (compatible; BLEXBot/1.0; +https://help.seranking.com/en/blex-crawler)"
136.243.228.180 - - [14/Apr/2025:07:44:09 -0400] "GET /items/glver73/6353?key=station HTTP/1.1" 500 1245 "-" "Mozilla/5.0 (compatible; DataForSeoBot/1.0; +https://dataforseo.com/dataforseo-bot)"
65.21.113.206 - - [14/Apr/2025:07:44:09 -0400] "GET /search.php?m122038387?srsltid=AfmBOomEOVcvPUmmfQbHEL_EMSFWzNpM0_JFtes07J-M-iCm6hlJH7 HTTP/1.1" 200 109100 "-" "Mozilla/5.0 (compatible; AwarioBot/1.0; +https://awario.com/bots.html)"
136.243.228.180 - - [14/Apr/2025:07:44:13 -0400] "GET /items/lmrgd28/22365?key=ranch HTTP/1.1" 500 1245 "-" "Mozilla/5.0 (compatible; DataForSeoBot/1.0; +https://dataforseo.com/dataforseo-bot)"
157.90.209.76 - - [14/Apr/2025:07:44:14 -0400] "GET /?sitemap95.xml HTTP/1.1" 200 50441 "-" "Mozilla/5.0 (compatible; BLEXBot/1.0; +https://help.seranking.com/en/blex-crawler)"
65.21.113.206 - - [14/Apr/2025:07:44:15 -0400] "GET /search.php?m123005972?srsltid=AfmBOoIlydHazGcqBnX1ME_K7hleONoCT_w0deAL3G-L-b0AH8hYnd HTTP/1.1" 200 110699 "-" "Mozilla/5.0 (compatible; AwarioBot/1.0; +https://awario.com/bots.html)"
136.243.228.180 - - [14/Apr/2025:07:44:18 -0400] "GET /items/mmdit180/38955?key=tighten HTTP/1.1" 500 1245 "-" "Mozilla/5.0 (compatible; DataForSeoBot/1.0; +https://dataforseo.com/dataforseo-bot)"
65.21.113.206 - - [14/Apr/2025:07:44:19 -0400] "GET /search.php?m123048308?srsltid=AfmBOooyWMDGdqmj2OyKcJ_eKaw4NRruo_EPcAd0mB-G-VzIbRAZqX HTTP/1.1" 200 111241 "-" "Mozilla/5.0 (compatible; AwarioBot/1.0; +https://awario.com/bots.html)"
136.243.228.180 - - [14/Apr/2025:07:44:21 -0400] "GET /items/jqkof103/31060?key=strictly HTTP/1.1" 500 1245 "-" "Mozilla/5.0 (compatible; DataForSeoBot/1.0; +https://dataforseo.com/dataforseo-bot)"
157.90.209.76 - - [14/Apr/2025:07:44:24 -0400] "GET /?sitemapindex.xml HTTP/1.1" 200 437 "-" "Mozilla/5.0 (compatible; BLEXBot/1.0; +https://help.seranking.com/en/blex-crawler)"
52.184.145.216 - - [14/Apr/2025:07:44:24 -0400] "GET /wp-content/themes/about.php HTTP/1.1" 301 21 "-" "-"
52.184.145.216 - - [14/Apr/2025:07:44:24 -0400] "GET /wp-content/themes/about.php HTTP/1.1" 500 1245 "-" "-"
65.21.113.206 - - [14/Apr/2025:07:44:25 -0400] "GET /search.php?m124002905?srsltid=AfmBOoraMlmhrVavQrR3Xe_Xr1yAbVCRu_GwuUTEgO-G-FrB6mt8xM HTTP/1.1" 200 110533 "-" "Mozilla/5.0 (compatible; AwarioBot/1.0; +https://awario.com/bots.html)"
52.184.145.216 - - [14/Apr/2025:07:44:25 -0400] "GET /wp-includes/assets/index.php HTTP/1.1" 301 21 "-" "-"
52.184.145.216 - - [14/Apr/2025:07:44:25 -0400] "GET /wp-includes/assets/ HTTP/1.1" 200 1360 "-" "-"
