52.184.145.216 - - [14/Apr/2025:07:58:04 -0400] "GET /wp-content/themes/seotheme/ HTTP/1.1" 301 21 "-" "-"
52.184.145.216 - - [14/Apr/2025:07:58:05 -0400] "GET /wp-content/themes/seotheme/ HTTP/1.1" 500 1245 "-" "-"
52.184.145.216 - - [14/Apr/2025:07:58:06 -0400] "GET /wp-content/plugins/zupqfup/ HTTP/1.1" 301 21 "-" "-"
136.243.228.180 - - [14/Apr/2025:07:58:06 -0400] "GET /items/uxvxs113/1976?key=menu HTTP/1.1" 500 1245 "-" "Mozilla/5.0 (compatible; DataForSeoBot/1.0; +https://dataforseo.com/dataforseo-bot)"
52.184.145.216 - - [14/Apr/2025:07:58:06 -0400] "GET /wp-content/plugins/zupqfup/ HTTP/1.1" 500 1245 "-" "-"
52.184.145.216 - - [14/Apr/2025:07:58:07 -0400] "GET /admin-footer.php HTTP/1.1" 301 21 "-" "-"
65.21.113.206 - - [14/Apr/2025:07:58:07 -0400] "GET /search.php?m159010584?srsltid=AfmBOowTZfsAhNURCoIrbj_3TNyUdqY8j_Ewn0hiWB-P-uRO5IDyht HTTP/1.1" 200 109262 "-" "Mozilla/5.0 (compatible; AwarioBot/1.0; +https://awario.com/bots.html)"
52.184.145.216 - - [14/Apr/2025:07:58:07 -0400] "GET /admin-footer.php HTTP/1.1" 500 1245 "-" "-"
52.184.145.216 - - [14/Apr/2025:07:58:08 -0400] "GET /r3x.php HTTP/1.1" 301 21 "-" "-"
52.184.145.216 - - [14/Apr/2025:07:58:08 -0400] "GET /r3x.php HTTP/1.1" 500 1245 "-" "-"
52.184.145.216 - - [14/Apr/2025:07:58:09 -0400] "GET /wp-content/plugins/gvkyvhp/ HTTP/1.1" 301 21 "-" "-"
52.184.145.216 - - [14/Apr/2025:07:58:09 -0400] "GET /wp-content/plugins/gvkyvhp/ HTTP/1.1" 500 1245 "-" "-"
52.184.145.216 - - [14/Apr/2025:07:58:10 -0400] "GET /wp-includes/js/e3B6W/ HTTP/1.1" 301 21 "-" "-"
136.243.228.180 - - [14/Apr/2025:07:58:10 -0400] "GET /items/hvyix152/47437?key=accident HTTP/1.1" 500 1245 "-" "Mozilla/5.0 (compatible; DataForSeoBot/1.0; +https://dataforseo.com/dataforseo-bot)"
52.184.145.216 - - [14/Apr/2025:07:58:10 -0400] "GET /wp-includes/js/e3B6W/ HTTP/1.1" 500 1245 "-" "-"
52.184.145.216 - - [14/Apr/2025:07:58:11 -0400] "GET /uploads/blog/ HTTP/1.1" 301 21 "-" "-"
52.184.145.216 - - [14/Apr/2025:07:58:12 -0400] "GET /uploads/blog/ HTTP/1.1" 500 1245 "-" "-"
52.184.145.216 - - [14/Apr/2025:07:58:12 -0400] "GET /fox.php HTTP/1.1" 301 21 "-" "-"
65.21.113.206 - - [14/Apr/2025:07:58:12 -0400] "GET /search.php?m159023586?srsltid=AfmBOoPhgxxrdpsh7h5Qff_aigbbIDTk7_ZNggsB9j-Z-wwsvdPUif HTTP/1.1" 200 110475 "-" "Mozilla/5.0 (compatible; AwarioBot/1.0; +https://awario.com/bots.html)"
198.54.114.83 - - [14/Apr/2025:07:58:14 -0400] "POST /wp-cron.php?doing_wp_cron=1744631893.9023990631103515625000 HTTP/1.1" 403 1242 "-" "WordPress/6.7.2; https://bayrampasaspor.com"
52.184.145.216 - - [14/Apr/2025:07:58:13 -0400] "GET /fox.php HTTP/1.1" 500 1245 "-" "-"
136.243.228.180 - - [14/Apr/2025:07:58:14 -0400] "GET /items/ygxef50/10003?key=frame HTTP/1.1" 500 1245 "-" "Mozilla/5.0 (compatible; DataForSeoBot/1.0; +https://dataforseo.com/dataforseo-bot)"
52.184.145.216 - - [14/Apr/2025:07:58:14 -0400] "GET /js_editor.php HTTP/1.1" 301 21 "-" "-"
52.184.145.216 - - [14/Apr/2025:07:58:15 -0400] "GET /js_editor.php HTTP/1.1" 500 1245 "-" "-"
52.184.145.216 - - [14/Apr/2025:07:58:17 -0400] "GET /wp-includes/Requests/src/Auth/ HTTP/1.1" 200 793 "-" "-"
52.184.145.216 - - [14/Apr/2025:07:58:17 -0400] "GET /wp-includes/class-ftps.php HTTP/1.1" 301 21 "-" "-"
52.184.145.216 - - [14/Apr/2025:07:58:18 -0400] "GET /wp-includes/class-ftps.php HTTP/1.1" 500 1245 "-" "-"
136.243.228.180 - - [14/Apr/2025:07:58:19 -0400] "GET /items/szmdh172/4123?key=pray HTTP/1.1" 500 1245 "-" "Mozilla/5.0 (compatible; DataForSeoBot/1.0; +https://dataforseo.com/dataforseo-bot)"
52.184.145.216 - - [14/Apr/2025:07:58:20 -0400] "GET /network.php999 HTTP/1.1" 301 21 "-" "-"
52.184.145.216 - - [14/Apr/2025:07:58:20 -0400] "GET /network.php999 HTTP/1.1" 500 1245 "-" "-"
52.184.145.216 - - [14/Apr/2025:07:58:21 -0400] "GET /revision.php HTTP/1.1" 301 21 "-" "-"
52.184.145.216 - - [14/Apr/2025:07:58:22 -0400] "GET /revision.php HTTP/1.1" 500 1245 "-" "-"
52.184.145.216 - - [14/Apr/2025:07:58:22 -0400] "GET /wp-content/themes/config HTTP/1.1" 301 21 "-" "-"
136.243.228.180 - - [14/Apr/2025:07:58:22 -0400] "GET /items/zlzul26/16865?key=recall HTTP/1.1" 500 1245 "-" "Mozilla/5.0 (compatible; DataForSeoBot/1.0; +https://dataforseo.com/dataforseo-bot)"
52.184.145.216 - - [14/Apr/2025:07:58:22 -0400] "GET /wp-content/themes/config HTTP/1.1" 500 1245 "-" "-"
65.21.113.206 - - [14/Apr/2025:07:58:22 -0400] "GET /search.php?m159031056?srsltid=AfmBOoVuZEkBnKSXF72KxU_QsXWByrrTu_exIOmzzL-G-NoLeer3TN HTTP/1.1" 200 108385 "-" "Mozilla/5.0 (compatible; AwarioBot/1.0; +https://awario.com/bots.html)"
52.184.145.216 - - [14/Apr/2025:07:58:23 -0400] "GET /wp-content/updates.php HTTP/1.1" 301 21 "-" "-"
52.184.145.216 - - [14/Apr/2025:07:58:24 -0400] "GET /wp-content/updates.php HTTP/1.1" 500 1245 "-" "-"
52.184.145.216 - - [14/Apr/2025:07:58:25 -0400] "GET /schema.php HTTP/1.1" 301 21 "-" "-"
52.184.145.216 - - [14/Apr/2025:07:58:25 -0400] "GET /schema.php HTTP/1.1" 500 1245 "-" "-"
52.184.145.216 - - [14/Apr/2025:07:58:26 -0400] "GET /wp-content/uploads/2022/07/ HTTP/1.1" 301 21 "-" "-"
136.243.228.180 - - [14/Apr/2025:07:58:26 -0400] "GET /items/trlyd203/39801?key=lower HTTP/1.1" 500 1245 "-" "Mozilla/5.0 (compatible; DataForSeoBot/1.0; +https://dataforseo.com/dataforseo-bot)"
52.184.145.216 - - [14/Apr/2025:07:58:26 -0400] "GET /wp-content/uploads/2022/07/ HTTP/1.1" 500 1245 "-" "-"
52.184.145.216 - - [14/Apr/2025:07:58:27 -0400] "GET /wp-includes/SimplePie/Exception-class.php HTTP/1.1" 301 21 "-" "-"
52.184.145.216 - - [14/Apr/2025:07:58:28 -0400] "GET /wp-includes/SimplePie/Exception-class.php HTTP/1.1" 500 1245 "-" "-"
52.184.145.216 - - [14/Apr/2025:07:58:28 -0400] "GET /wp-content/uploads HTTP/1.1" 301 795 "-" "-"
52.184.145.216 - - [14/Apr/2025:07:58:28 -0400] "GET /wp-content/uploads/ HTTP/1.1" 200 904 "-" "-"
52.184.145.216 - - [14/Apr/2025:07:58:29 -0400] "GET /wp-content/uploads/init HTTP/1.1" 301 21 "-" "-"
20.171.207.13 - - [14/Apr/2025:07:58:29 -0400] "GET /items/kfgyt27/39731?key=cast HTTP/1.1" 500 1245 "-" "Mozilla/5.0 AppleWebKit/537.36 (KHTML, like Gecko; compatible; GPTBot/1.2; +https://openai.com/gptbot)"
52.184.145.216 - - [14/Apr/2025:07:58:30 -0400] "GET /wp-content/uploads/init HTTP/1.1" 500 1245 "-" "-"
136.243.228.180 - - [14/Apr/2025:07:58:30 -0400] "GET /items/qvcen2/29055?key=planner HTTP/1.1" 500 1245 "-" "Mozilla/5.0 (compatible; DataForSeoBot/1.0; +https://dataforseo.com/dataforseo-bot)"
65.21.113.206 - - [14/Apr/2025:07:58:30 -0400] "GET /search.php?m159038512?srsltid=AfmBOoUXpfrEjDubZ1vbw7_nALaKh0PpM_NTGZuB3t-L-GkcmjEv2P HTTP/1.1" 200 108593 "-" "Mozilla/5.0 (compatible; AwarioBot/1.0; +https://awario.com/bots.html)"
52.184.145.216 - - [14/Apr/2025:07:58:31 -0400] "GET /wp-admin/images/install.php HTTP/1.1" 301 21 "-" "-"
52.184.145.216 - - [14/Apr/2025:07:58:31 -0400] "GET /wp-admin/images/install.php HTTP/1.1" 500 1245 "-" "-"
52.184.145.216 - - [14/Apr/2025:07:58:32 -0400] "GET /checkout.php HTTP/1.1" 301 21 "-" "-"
52.184.145.216 - - [14/Apr/2025:07:58:32 -0400] "GET /checkout.php HTTP/1.1" 500 1245 "-" "-"
52.184.145.216 - - [14/Apr/2025:07:58:33 -0400] "GET /hehehehe.php HTTP/1.1" 301 21 "-" "-"
52.184.145.216 - - [14/Apr/2025:07:58:33 -0400] "GET /hehehehe.php HTTP/1.1" 500 1245 "-" "-"
136.243.228.180 - - [14/Apr/2025:07:58:35 -0400] "GET /items/wgnoh175/46996?key=refugee HTTP/1.1" 500 1245 "-" "Mozilla/5.0 (compatible; DataForSeoBot/1.0; +https://dataforseo.com/dataforseo-bot)"
52.184.145.216 - - [14/Apr/2025:07:58:35 -0400] "GET /wp-content/themes/seotheme/mar.php HTTP/1.1" 301 21 "-" "-"
65.21.113.206 - - [14/Apr/2025:07:58:35 -0400] "GET /search.php?m159043056?srsltid=AfmBOozyoLtxJUqAp06UXV_AaP1TGcVYh_EymopbQW-L-dtP53rnXh HTTP/1.1" 200 109041 "-" "Mozilla/5.0 (compatible; AwarioBot/1.0; +https://awario.com/bots.html)"
52.184.145.216 - - [14/Apr/2025:07:58:36 -0400] "GET /wp-content/themes/seotheme/mar.php HTTP/1.1" 500 1245 "-" "-"
52.184.145.216 - - [14/Apr/2025:07:58:36 -0400] "GET /wp-admin/maint/src_api.php HTTP/1.1" 301 21 "-" "-"
52.184.145.216 - - [14/Apr/2025:07:58:38 -0400] "GET /wp-admin/maint/src_api.php HTTP/1.1" 500 1245 "-" "-"
52.184.145.216 - - [14/Apr/2025:07:58:40 -0400] "GET /wp-content/themes/setup HTTP/1.1" 301 21 "-" "-"
65.21.113.206 - - [14/Apr/2025:07:58:39 -0400] "GET /search.php?m159045190?srsltid=AfmBOoIiDCraGIamIorLqL_zctnt9LgUO_B7U7siwb-P-5vpVKIySs HTTP/1.1" 200 108671 "-" "Mozilla/5.0 (compatible; AwarioBot/1.0; +https://awario.com/bots.html)"
52.184.145.216 - - [14/Apr/2025:07:58:41 -0400] "GET /wp-content/themes/setup HTTP/1.1" 500 1245 "-" "-"
52.184.145.216 - - [14/Apr/2025:07:58:43 -0400] "GET /wordpress/wp-content/plugins/erfd/ HTTP/1.1" 301 21 "-" "-"
52.184.145.216 - - [14/Apr/2025:07:58:45 -0400] "GET /wordpress/wp-content/plugins/erfd/ HTTP/1.1" 500 1245 "-" "-"
65.21.113.206 - - [14/Apr/2025:07:58:44 -0400] "GET /search.php?m160003369?srsltid=AfmBOopcGVqxvLzLnoLZ5r_K9MfpzLW0O_N3IlrJYQ-E-XdLC94JRv HTTP/1.1" 200 110135 "-" "Mozilla/5.0 (compatible; AwarioBot/1.0; +https://awario.com/bots.html)"
52.184.145.216 - - [14/Apr/2025:07:58:46 -0400] "GET /.well-known/pki-validation/mar.php HTTP/1.1" 404 1251 "-" "-"
52.184.145.216 - - [14/Apr/2025:07:58:48 -0400] "GET /wp-admin/ALFA_DATA/alfacgiapi/ HTTP/1.1" 301 21 "-" "-"
65.21.113.206 - - [14/Apr/2025:07:58:49 -0400] "GET /search.php?m160005611?srsltid=AfmBOoZhvQSDHiYWdhIKmy_sPQb1xPgr4_nuPfEn3V-K-qnjcCbaDH HTTP/1.1" 200 109315 "-" "Mozilla/5.0 (compatible; AwarioBot/1.0; +https://awario.com/bots.html)"
52.184.145.216 - - [14/Apr/2025:07:58:49 -0400] "GET /wp-admin/ALFA_DATA/alfacgiapi/ HTTP/1.1" 500 1245 "-" "-"
52.184.145.216 - - [14/Apr/2025:07:58:50 -0400] "GET /uploads/up.php HTTP/1.1" 301 21 "-" "-"
52.184.145.216 - - [14/Apr/2025:07:58:51 -0400] "GET /uploads/up.php HTTP/1.1" 500 1245 "-" "-"
52.184.145.216 - - [14/Apr/2025:07:58:53 -0400] "GET /wp-content/uploads/2016/03/wp-admin-block.php HTTP/1.1" 301 21 "-" "-"
65.21.113.206 - - [14/Apr/2025:07:58:53 -0400] "GET /search.php?m160020017?srsltid=AfmBOoaOjvKBZQxTpd0wU2_02mdhgmdcU_pDaVGDaB-J-QVh0QGHvG HTTP/1.1" 200 109378 "-" "Mozilla/5.0 (compatible; AwarioBot/1.0; +https://awario.com/bots.html)"
52.184.145.216 - - [14/Apr/2025:07:58:54 -0400] "GET /wp-content/uploads/2016/03/wp-admin-block.php HTTP/1.1" 500 1245 "-" "-"
52.184.145.216 - - [14/Apr/2025:07:58:54 -0400] "GET /de/internet.php HTTP/1.1" 301 21 "-" "-"
52.184.145.216 - - [14/Apr/2025:07:58:55 -0400] "GET /de/internet.php HTTP/1.1" 500 1245 "-" "-"
52.184.145.216 - - [14/Apr/2025:07:58:55 -0400] "GET /wp-includes/Text/about.php HTTP/1.1" 301 21 "-" "-"
52.184.145.216 - - [14/Apr/2025:07:58:56 -0400] "GET /wp-includes/Text/about.php HTTP/1.1" 500 1245 "-" "-"
52.184.145.216 - - [14/Apr/2025:07:58:56 -0400] "GET /xml.php HTTP/1.1" 301 21 "-" "-"
52.184.145.216 - - [14/Apr/2025:07:58:57 -0400] "GET /xml.php HTTP/1.1" 500 1245 "-" "-"
52.184.145.216 - - [14/Apr/2025:07:58:57 -0400] "GET /blog/blog.php7 HTTP/1.1" 301 21 "-" "-"
65.21.113.206 - - [14/Apr/2025:07:58:57 -0400] "GET /search.php?m160034021?srsltid=AfmBOoguOeCshClsftJ3jh_R4OWCEb9GK_iGxnMILj-N-Sz78JORd1 HTTP/1.1" 200 109756 "-" "Mozilla/5.0 (compatible; AwarioBot/1.0; +https://awario.com/bots.html)"
52.184.145.216 - - [14/Apr/2025:07:58:58 -0400] "GET /blog/blog.php7 HTTP/1.1" 500 1245 "-" "-"
52.184.145.216 - - [14/Apr/2025:07:58:58 -0400] "GET /wp-content/themes/wp-classic/inc/ HTTP/1.1" 301 21 "-" "-"
52.184.145.216 - - [14/Apr/2025:07:58:59 -0400] "GET /wp-content/themes/wp-classic/inc/ HTTP/1.1" 500 1245 "-" "-"
52.184.145.216 - - [14/Apr/2025:07:59:00 -0400] "GET /wp-includes/IXR/themes.php HTTP/1.1" 301 21 "-" "-"
52.184.145.216 - - [14/Apr/2025:07:59:01 -0400] "GET /wp-includes/IXR/themes.php HTTP/1.1" 500 1245 "-" "-"
52.184.145.216 - - [14/Apr/2025:07:59:01 -0400] "GET /wp-content/plugins/lwgvais/ HTTP/1.1" 301 21 "-" "-"
52.184.145.216 - - [14/Apr/2025:07:59:02 -0400] "GET /wp-content/plugins/lwgvais/ HTTP/1.1" 500 1245 "-" "-"
52.184.145.216 - - [14/Apr/2025:07:59:02 -0400] "GET /wp-includes/sodium_compat/src/Core/Curve25519/Ge/ HTTP/1.1" 200 907 "-" "-"
65.21.113.206 - - [14/Apr/2025:07:59:02 -0400] "GET /search.php?m160037733?srsltid=AfmBOoQJecszxIqKFPUIzL_z5Gp7NwYx2_TSOuHzFU-B-FU3kf8nGU HTTP/1.1" 200 109077 "-" "Mozilla/5.0 (compatible; AwarioBot/1.0; +https://awario.com/bots.html)"
52.184.145.216 - - [14/Apr/2025:07:59:02 -0400] "GET /wp-includes/random_compat/bala.php HTTP/1.1" 301 21 "-" "-"
52.184.145.216 - - [14/Apr/2025:07:59:03 -0400] "GET /wp-includes/random_compat/bala.php HTTP/1.1" 500 1245 "-" "-"
52.184.145.216 - - [14/Apr/2025:07:59:03 -0400] "GET /wp-includes/blocks/calendar/ HTTP/1.1" 200 908 "-" "-"
52.184.145.216 - - [14/Apr/2025:07:59:03 -0400] "GET /.well-known/pki-validation/file.php HTTP/1.1" 404 1251 "-" "-"
52.184.145.216 - - [14/Apr/2025:07:59:03 -0400] "GET /template.php HTTP/1.1" 301 21 "-" "-"
52.184.145.216 - - [14/Apr/2025:07:59:04 -0400] "GET /template.php HTTP/1.1" 500 1245 "-" "-"
52.184.145.216 - - [14/Apr/2025:07:59:05 -0400] "GET /wp-admin/images/file.php HTTP/1.1" 301 21 "-" "-"
52.184.145.216 - - [14/Apr/2025:07:59:05 -0400] "GET /wp-admin/images/file.php HTTP/1.1" 500 1245 "-" "-"
65.21.113.206 - - [14/Apr/2025:07:59:05 -0400] "GET /search.php?m161012754?srsltid=AfmBOoZiTuiFeyRVeHLRtg_gaR377aFJE_bCfuubrs-U-7UUqnJwPQ HTTP/1.1" 200 109887 "-" "Mozilla/5.0 (compatible; AwarioBot/1.0; +https://awario.com/bots.html)"
52.184.145.216 - - [14/Apr/2025:07:59:07 -0400] "GET /wp-content/uploads/themes.php HTTP/1.1" 301 21 "-" "-"
52.184.145.216 - - [14/Apr/2025:07:59:07 -0400] "GET /wp-content/uploads/themes.php HTTP/1.1" 500 1245 "-" "-"
52.184.145.216 - - [14/Apr/2025:07:59:08 -0400] "GET /wp-content/plugins/pwnd/pwnd.php HTTP/1.1" 301 21 "-" "-"
52.184.145.216 - - [14/Apr/2025:07:59:09 -0400] "GET /wp-content/plugins/pwnd/pwnd.php HTTP/1.1" 500 1245 "-" "-"
52.184.145.216 - - [14/Apr/2025:07:59:10 -0400] "GET /.well-known/pki-validation/content.php.suspected HTTP/1.1" 404 1251 "-" "-"
52.184.145.216 - - [14/Apr/2025:07:59:10 -0400] "GET /wp-admin/uploads/setup HTTP/1.1" 301 21 "-" "-"
65.21.113.206 - - [14/Apr/2025:07:59:10 -0400] "GET /search.php?m161051088?srsltid=AfmBOoZbvrHzDSOu70SbUw_oJAI8Gd50n_pFYfzRkl-E-guxcBGI4Z HTTP/1.1" 200 109695 "-" "Mozilla/5.0 (compatible; AwarioBot/1.0; +https://awario.com/bots.html)"
52.184.145.216 - - [14/Apr/2025:07:59:12 -0400] "GET /wp-admin/uploads/setup HTTP/1.1" 500 1245 "-" "-"
198.54.114.83 - - [14/Apr/2025:07:59:15 -0400] "POST /wp-cron.php?doing_wp_cron=1744631954.1176669597625732421875 HTTP/1.1" 403 1242 "-" "WordPress/6.7.2; https://bayrampasaspor.com"
52.184.145.216 - - [14/Apr/2025:07:59:13 -0400] "GET /.tmb/cloud.php HTTP/1.1" 301 21 "-" "-"
136.243.228.180 - - [14/Apr/2025:07:59:15 -0400] "GET /items/uglxt74/22789?key=composition HTTP/1.1" 500 1245 "-" "Mozilla/5.0 (compatible; DataForSeoBot/1.0; +https://dataforseo.com/dataforseo-bot)"
65.21.113.206 - - [14/Apr/2025:07:59:15 -0400] "GET /search.php?m161073324?srsltid=AfmBOoMwLSnXjqQcidCWWa_c3ggpru21p_oddY9hHS-B-PJx8QfJi2 HTTP/1.1" 200 109218 "-" "Mozilla/5.0 (compatible; AwarioBot/1.0; +https://awario.com/bots.html)"
52.184.145.216 - - [14/Apr/2025:07:59:16 -0400] "GET /.tmb/cloud.php HTTP/1.1" 500 1245 "-" "-"
52.184.145.216 - - [14/Apr/2025:07:59:18 -0400] "GET /wp-content/uploads/2018/03/ HTTP/1.1" 301 21 "-" "-"
136.243.228.180 - - [14/Apr/2025:07:59:19 -0400] "GET /items/cgfvp257/15007?key=break HTTP/1.1" 500 1245 "-" "Mozilla/5.0 (compatible; DataForSeoBot/1.0; +https://dataforseo.com/dataforseo-bot)"
52.184.145.216 - - [14/Apr/2025:07:59:19 -0400] "GET /wp-content/uploads/2018/03/ HTTP/1.1" 500 1245 "-" "-"
52.184.145.216 - - [14/Apr/2025:07:59:20 -0400] "GET /wp-admin/user/network.php HTTP/1.1" 301 21 "-" "-"
65.21.113.206 - - [14/Apr/2025:07:59:20 -0400] "GET /search.php?m162007313?srsltid=AfmBOoNZpgkxNFcxOu48xd_69YOiQRzLO_m8Akhaub-Z-I5i7msIJy HTTP/1.1" 200 110205 "-" "Mozilla/5.0 (compatible; AwarioBot/1.0; +https://awario.com/bots.html)"
52.184.145.216 - - [14/Apr/2025:07:59:21 -0400] "GET /wp-admin/user/network.php HTTP/1.1" 500 1245 "-" "-"
52.184.145.216 - - [14/Apr/2025:07:59:21 -0400] "GET /wp-content/plugins/envato-market/inc/class-envato-market-github.php HTTP/1.1" 301 21 "-" "-"
52.184.145.216 - - [14/Apr/2025:07:59:22 -0400] "GET /wp-content/plugins/envato-market/inc/class-envato-market-github.php HTTP/1.1" 500 1245 "-" "-"
136.243.228.180 - - [14/Apr/2025:07:59:22 -0400] "GET /items/vdvnn122/20199?key=intense HTTP/1.1" 500 1245 "-" "Mozilla/5.0 (compatible; DataForSeoBot/1.0; +https://dataforseo.com/dataforseo-bot)"
52.184.145.216 - - [14/Apr/2025:07:59:23 -0400] "GET /wp-tinymce.php HTTP/1.1" 301 21 "-" "-"
52.184.145.216 - - [14/Apr/2025:07:59:24 -0400] "GET /wp-tinymce.php HTTP/1.1" 500 1245 "-" "-"
52.184.145.216 - - [14/Apr/2025:07:59:24 -0400] "GET /wp-content/uploads/config HTTP/1.1" 301 21 "-" "-"
65.21.113.206 - - [14/Apr/2025:07:59:24 -0400] "GET /search.php?m162027993?srsltid=AfmBOokmlKXdupthp0oHgE_Gf5SlwYtOG_CWrLE928-K-j0mzYUh8S HTTP/1.1" 200 108580 "-" "Mozilla/5.0 (compatible; AwarioBot/1.0; +https://awario.com/bots.html)"
52.184.145.216 - - [14/Apr/2025:07:59:25 -0400] "GET /wp-content/uploads/config HTTP/1.1" 500 1245 "-" "-"
52.184.145.216 - - [14/Apr/2025:07:59:25 -0400] "GET /images/server.php HTTP/1.1" 301 21 "-" "-"
136.243.228.180 - - [14/Apr/2025:07:59:26 -0400] "GET /items/flyeg135/26559?key=bless HTTP/1.1" 500 1245 "-" "Mozilla/5.0 (compatible; DataForSeoBot/1.0; +https://dataforseo.com/dataforseo-bot)"
52.184.145.216 - - [14/Apr/2025:07:59:26 -0400] "GET /images/server.php HTTP/1.1" 500 1245 "-" "-"
52.184.145.216 - - [14/Apr/2025:07:59:26 -0400] "GET /web.php HTTP/1.1" 301 21 "-" "-"
52.184.145.216 - - [14/Apr/2025:07:59:27 -0400] "GET /web.php HTTP/1.1" 500 1245 "-" "-"
52.184.145.216 - - [14/Apr/2025:07:59:27 -0400] "GET /b.php HTTP/1.1" 301 21 "-" "-"
52.184.145.216 - - [14/Apr/2025:07:59:27 -0400] "GET /b.php HTTP/1.1" 500 1245 "-" "-"
52.184.145.216 - - [14/Apr/2025:07:59:28 -0400] "GET /firewall.php HTTP/1.1" 301 21 "-" "-"
52.184.145.216 - - [14/Apr/2025:07:59:28 -0400] "GET /firewall.php HTTP/1.1" 500 1245 "-" "-"
52.184.145.216 - - [14/Apr/2025:07:59:29 -0400] "GET /wp-content/plugins/seoo/ HTTP/1.1" 301 21 "-" "-"
65.21.113.206 - - [14/Apr/2025:07:59:28 -0400] "GET /search.php?m162043783?srsltid=AfmBOolxCqdpOqLhubAPX8_RIykss2qhm_skPIIj1A-Q-688MGxoiO HTTP/1.1" 200 109645 "-" "Mozilla/5.0 (compatible; AwarioBot/1.0; +https://awario.com/bots.html)"
52.184.145.216 - - [14/Apr/2025:07:59:29 -0400] "GET /wp-content/plugins/seoo/ HTTP/1.1" 500 1245 "-" "-"
52.184.145.216 - - [14/Apr/2025:07:59:30 -0400] "GET /gallery_view.php HTTP/1.1" 301 21 "-" "-"
136.243.228.180 - - [14/Apr/2025:07:59:30 -0400] "GET /items/wmucl205/41778?key=spectrum HTTP/1.1" 500 1245 "-" "Mozilla/5.0 (compatible; DataForSeoBot/1.0; +https://dataforseo.com/dataforseo-bot)"
52.184.145.216 - - [14/Apr/2025:07:59:30 -0400] "GET /gallery_view.php HTTP/1.1" 500 1245 "-" "-"
52.184.145.216 - - [14/Apr/2025:07:59:31 -0400] "GET /wp-content/themes/pridmag/ HTTP/1.1" 301 21 "-" "-"
52.184.145.216 - - [14/Apr/2025:07:59:31 -0400] "GET /wp-content/themes/pridmag/ HTTP/1.1" 500 1245 "-" "-"
52.184.145.216 - - [14/Apr/2025:07:59:32 -0400] "GET /.well-known/pki-validation/install.php HTTP/1.1" 404 1251 "-" "-"
52.184.145.216 - - [14/Apr/2025:07:59:32 -0400] "GET /wp-content/plugins/core-plugin/ HTTP/1.1" 301 21 "-" "-"
52.184.145.216 - - [14/Apr/2025:07:59:32 -0400] "GET /wp-content/plugins/core-plugin/ HTTP/1.1" 500 1245 "-" "-"
52.184.145.216 - - [14/Apr/2025:07:59:33 -0400] "GET /wp/menu.php HTTP/1.1" 301 21 "-" "-"
52.184.145.216 - - [14/Apr/2025:07:59:33 -0400] "GET /wp/menu.php HTTP/1.1" 500 1245 "-" "-"
65.21.113.206 - - [14/Apr/2025:07:59:33 -0400] "GET /search.php?m162062427?srsltid=AfmBOobvhqHJAJkbwoiUGQ_XQvqkiQmRx_LVv5ELCe-Z-SWN0Jkuyc HTTP/1.1" 200 109368 "-" "Mozilla/5.0 (compatible; AwarioBot/1.0; +https://awario.com/bots.html)"
52.184.145.216 - - [14/Apr/2025:07:59:35 -0400] "GET /wp-includes/SimplePie/wp-login.php HTTP/1.1" 301 21 "-" "-"
20.171.207.13 - - [14/Apr/2025:07:59:35 -0400] "GET /items/kkjmx63/39170?key=feed HTTP/1.1" 500 1245 "-" "Mozilla/5.0 AppleWebKit/537.36 (KHTML, like Gecko; compatible; GPTBot/1.2; +https://openai.com/gptbot)"
136.243.228.180 - - [14/Apr/2025:07:59:35 -0400] "GET /items/ztrui104/5943?key=politics HTTP/1.1" 500 1245 "-" "Mozilla/5.0 (compatible; DataForSeoBot/1.0; +https://dataforseo.com/dataforseo-bot)"
52.184.145.216 - - [14/Apr/2025:07:59:35 -0400] "GET /wp-includes/SimplePie/wp-login.php HTTP/1.1" 500 1245 "-" "-"
52.184.145.216 - - [14/Apr/2025:07:59:36 -0400] "GET /rc.php HTTP/1.1" 301 21 "-" "-"
52.184.145.216 - - [14/Apr/2025:07:59:36 -0400] "GET /rc.php HTTP/1.1" 500 1245 "-" "-"
52.184.145.216 - - [14/Apr/2025:07:59:37 -0400] "GET /alfanew.php HTTP/1.1" 301 21 "-" "-"
52.184.145.216 - - [14/Apr/2025:07:59:38 -0400] "GET /alfanew.php HTTP/1.1" 500 1245 "-" "-"
136.243.228.180 - - [14/Apr/2025:07:59:38 -0400] "GET /items/ktrkv34/14719?key=reason HTTP/1.1" 500 1245 "-" "Mozilla/5.0 (compatible; DataForSeoBot/1.0; +https://dataforseo.com/dataforseo-bot)"
52.184.145.216 - - [14/Apr/2025:07:59:38 -0400] "GET /wp-content/themes/twentyseventeen/page/index.php HTTP/1.1" 301 21 "-" "-"
65.21.113.206 - - [14/Apr/2025:07:59:38 -0400] "GET /search.php?m163001126?srsltid=AfmBOoQilkpWRNjQyctYd7_saIMR1ij5C_Rd4h8on2-R-yC0wMvZSf HTTP/1.1" 200 110372 "-" "Mozilla/5.0 (compatible; AwarioBot/1.0; +https://awario.com/bots.html)"
52.184.145.216 - - [14/Apr/2025:07:59:39 -0400] "GET /wp-content/themes/twentyseventeen/page/ HTTP/1.1" 500 1245 "-" "-"
52.184.145.216 - - [14/Apr/2025:07:59:39 -0400] "GET /wp-content/uploads/2023/05/ HTTP/1.1" 200 1358 "-" "-"
52.184.145.216 - - [14/Apr/2025:07:59:40 -0400] "GET /csv.php HTTP/1.1" 301 21 "-" "-"
52.184.145.216 - - [14/Apr/2025:07:59:40 -0400] "GET /csv.php HTTP/1.1" 500 1245 "-" "-"
52.184.145.216 - - [14/Apr/2025:07:59:41 -0400] "GET /wp-content/themes/jhie8k08/ HTTP/1.1" 301 21 "-" "-"
52.184.145.216 - - [14/Apr/2025:07:59:41 -0400] "GET /wp-content/themes/jhie8k08/ HTTP/1.1" 500 1245 "-" "-"
52.184.145.216 - - [14/Apr/2025:07:59:42 -0400] "GET /wordpress/wp-includes/IXR/allez.php HTTP/1.1" 301 21 "-" "-"
136.243.228.180 - - [14/Apr/2025:07:59:42 -0400] "GET /items/dxhfe280/27492?key=imply HTTP/1.1" 500 1245 "-" "Mozilla/5.0 (compatible; DataForSeoBot/1.0; +https://dataforseo.com/dataforseo-bot)"
52.184.145.216 - - [14/Apr/2025:07:59:44 -0400] "GET /wordpress/wp-includes/IXR/allez.php HTTP/1.1" 500 1245 "-" "-"
65.21.113.206 - - [14/Apr/2025:07:59:44 -0400] "GET /search.php?m163024918?srsltid=AfmBOoVcyoWkKkVTAPNeRQ_kI2j17nlt7_dJOtLXyH-E-cfJhi6Jt2 HTTP/1.1" 200 111267 "-" "Mozilla/5.0 (compatible; AwarioBot/1.0; +https://awario.com/bots.html)"
52.184.145.216 - - [14/Apr/2025:07:59:44 -0400] "GET /restricted.php HTTP/1.1" 301 21 "-" "-"
52.184.145.216 - - [14/Apr/2025:07:59:46 -0400] "GET /restricted.php HTTP/1.1" 500 1245 "-" "-"
52.184.145.216 - - [14/Apr/2025:07:59:47 -0400] "GET /wp-admin/network/cloud.php HTTP/1.1" 301 21 "-" "-"
136.243.228.180 - - [14/Apr/2025:07:59:47 -0400] "GET /items/ymsbo188/28455?key=envision HTTP/1.1" 500 1245 "-" "Mozilla/5.0 (compatible; DataForSeoBot/1.0; +https://dataforseo.com/dataforseo-bot)"
52.184.145.216 - - [14/Apr/2025:07:59:48 -0400] "GET /wp-admin/network/cloud.php HTTP/1.1" 500 1245 "-" "-"
52.184.145.216 - - [14/Apr/2025:07:59:49 -0400] "GET /docs/ HTTP/1.1" 301 21 "-" "-"
65.21.113.206 - - [14/Apr/2025:07:59:49 -0400] "GET /search.php?m163025332?srsltid=AfmBOoBwiGzSqdgqg4K8nM_yXhFq4bmsz_UI4SHGr1-J-1zCxS9toD HTTP/1.1" 200 109283 "-" "Mozilla/5.0 (compatible; AwarioBot/1.0; +https://awario.com/bots.html)"
52.184.145.216 - - [14/Apr/2025:07:59:50 -0400] "GET /docs/ HTTP/1.1" 500 1245 "-" "-"
136.243.228.180 - - [14/Apr/2025:07:59:50 -0400] "GET /items/xlsku244/293?key=appreciate HTTP/1.1" 500 1245 "-" "Mozilla/5.0 (compatible; DataForSeoBot/1.0; +https://dataforseo.com/dataforseo-bot)"
52.184.145.216 - - [14/Apr/2025:07:59:51 -0400] "GET /cgi-bin/wp-login.php HTTP/1.1" 301 21 "-" "-"
52.184.145.216 - - [14/Apr/2025:07:59:51 -0400] "GET /cgi-bin/wp-login.php HTTP/1.1" 500 1245 "-" "-"
52.184.145.216 - - [14/Apr/2025:07:59:53 -0400] "GET /wp-admin/ajax-actions.php HTTP/1.1" 301 21 "-" "-"
52.184.145.216 - - [14/Apr/2025:07:59:53 -0400] "GET /wp-admin/ajax-actions.php HTTP/1.1" 500 1245 "-" "-"
65.21.113.206 - - [14/Apr/2025:07:59:53 -0400] "GET /search.php?m163026088?srsltid=AfmBOoCfgyCsdzeM37EJxj_na5BTOxC4y_Rg73O0y2-P-GgBPMhdoB HTTP/1.1" 200 109172 "-" "Mozilla/5.0 (compatible; AwarioBot/1.0; +https://awario.com/bots.html)"
52.184.145.216 - - [14/Apr/2025:07:59:54 -0400] "GET /wp-includes/Requests/library/ HTTP/1.1" 200 908 "-" "-"
136.243.228.180 - - [14/Apr/2025:07:59:55 -0400] "GET /items/azjqm250/33204?key=expect HTTP/1.1" 500 1245 "-" "Mozilla/5.0 (compatible; DataForSeoBot/1.0; +https://dataforseo.com/dataforseo-bot)"
52.184.145.216 - - [14/Apr/2025:07:59:55 -0400] "GET /wp-includes/Text/7ayddz.php HTTP/1.1" 301 21 "-" "-"
52.184.145.216 - - [14/Apr/2025:07:59:56 -0400] "GET /wp-includes/Text/7ayddz.php HTTP/1.1" 500 1245 "-" "-"
52.184.145.216 - - [14/Apr/2025:07:59:57 -0400] "GET /upgrade.php HTTP/1.1" 301 21 "-" "-"
65.21.113.206 - - [14/Apr/2025:07:59:57 -0400] "GET /search.php?m163031078?srsltid=AfmBOoYwzqPJjApzi23uhU_CRruX4QGak_y0FOcgTZ-Q-oBtR1yToI HTTP/1.1" 200 110011 "-" "Mozilla/5.0 (compatible; AwarioBot/1.0; +https://awario.com/bots.html)"
52.184.145.216 - - [14/Apr/2025:07:59:58 -0400] "GET /upgrade.php HTTP/1.1" 500 1245 "-" "-"
136.243.228.180 - - [14/Apr/2025:07:59:58 -0400] "GET /items/rhrxw125/25925?key=tourism HTTP/1.1" 500 1245 "-" "Mozilla/5.0 (compatible; DataForSeoBot/1.0; +https://dataforseo.com/dataforseo-bot)"
52.184.145.216 - - [14/Apr/2025:07:59:59 -0400] "GET /wp-content/themes/phocsqfz/ HTTP/1.1" 301 21 "-" "-"
52.184.145.216 - - [14/Apr/2025:08:00:00 -0400] "GET /wp-content/themes/phocsqfz/ HTTP/1.1" 500 1245 "-" "-"
136.243.228.180 - - [14/Apr/2025:08:00:03 -0400] "GET /items/aacdn145/5510?key=collaboration HTTP/1.1" 500 1245 "-" "Mozilla/5.0 (compatible; DataForSeoBot/1.0; +https://dataforseo.com/dataforseo-bot)"
52.184.145.216 - - [14/Apr/2025:08:00:02 -0400] "GET /wp-content/plugins/pwnd/ HTTP/1.1" 301 21 "-" "-"
65.21.113.206 - - [14/Apr/2025:08:00:03 -0400] "GET /search.php?m163033246?srsltid=AfmBOomaRbZDcSMWcuPSp8_U5YDZtJP1A_QSmtPX4Y-Z-BhkyALrGt HTTP/1.1" 200 110003 "-" "Mozilla/5.0 (compatible; AwarioBot/1.0; +https://awario.com/bots.html)"
52.184.145.216 - - [14/Apr/2025:08:00:05 -0400] "GET /wp-content/plugins/pwnd/ HTTP/1.1" 500 1245 "-" "-"
52.184.145.216 - - [14/Apr/2025:08:00:06 -0400] "GET /wp-includes/assets/plugins.php HTTP/1.1" 301 21 "-" "-"
136.243.228.180 - - [14/Apr/2025:08:00:07 -0400] "GET /items/tqidd247/1351?key=passenger HTTP/1.1" 500 1245 "-" "Mozilla/5.0 (compatible; DataForSeoBot/1.0; +https://dataforseo.com/dataforseo-bot)"
52.184.145.216 - - [14/Apr/2025:08:00:09 -0400] "GET /wp-includes/assets/plugins.php HTTP/1.1" 500 1245 "-" "-"
52.184.145.216 - - [14/Apr/2025:08:00:11 -0400] "GET /superadmin.php HTTP/1.1" 301 21 "-" "-"
65.21.113.206 - - [14/Apr/2025:08:00:09 -0400] "GET /search.php?m163037858?srsltid=AfmBOoQAdNEfPuENIYQia2_pYVAQO4Ib1_2xwOFork-C-nvuwQZJHN HTTP/1.1" 200 109306 "-" "Mozilla/5.0 (compatible; AwarioBot/1.0; +https://awario.com/bots.html)"
52.184.145.216 - - [14/Apr/2025:08:00:12 -0400] "GET /superadmin.php HTTP/1.1" 500 1245 "-" "-"
198.54.114.83 - - [14/Apr/2025:08:00:15 -0400] "POST /wp-cron.php?doing_wp_cron=1744632014.9793748855590820312500 HTTP/1.1" 403 1242 "-" "WordPress/6.7.2; https://bayrampasaspor.com"
52.184.145.216 - - [14/Apr/2025:08:00:14 -0400] "GET /wp-content/uploads/2014/06/ HTTP/1.1" 301 21 "-" "-"
65.21.113.206 - - [14/Apr/2025:08:00:15 -0400] "GET /search.php?m164005867?srsltid=AfmBOoMcPyEQVRvQwI66yg_DhheEf9ubV_LLVfC5tK-M-q9w2zhJH5 HTTP/1.1" 200 109312 "-" "Mozilla/5.0 (compatible; AwarioBot/1.0; +https://awario.com/bots.html)"
52.184.145.216 - - [14/Apr/2025:08:00:17 -0400] "GET /wp-content/uploads/2014/06/ HTTP/1.1" 500 1245 "-" "-"
52.184.145.216 - - [14/Apr/2025:08:00:21 -0400] "GET /wp-content/themes/plugins.php HTTP/1.1" 301 21 "-" "-"
52.184.145.216 - - [14/Apr/2025:08:00:24 -0400] "GET /wp-content/themes/plugins.php HTTP/1.1" 500 1245 "-" "-"
65.21.113.206 - - [14/Apr/2025:08:00:23 -0400] "GET /search.php?m164012343?srsltid=AfmBOoBbxOUDHsJN91Tmlt_5s0Lih6UEL_QwEse8h6-Z-ZXMl9KZUL HTTP/1.1" 200 109534 "-" "Mozilla/5.0 (compatible; AwarioBot/1.0; +https://awario.com/bots.html)"
52.184.145.216 - - [14/Apr/2025:08:00:25 -0400] "GET /.well-known/pki-validation/moon.php HTTP/1.1" 404 1251 "-" "-"
52.184.145.216 - - [14/Apr/2025:08:00:26 -0400] "GET /wp-links-opml.php HTTP/1.1" 403 1242 "-" "-"
52.184.145.216 - - [14/Apr/2025:08:00:27 -0400] "GET /bypass.php7 HTTP/1.1" 301 21 "-" "-"
52.184.145.216 - - [14/Apr/2025:08:00:27 -0400] "GET /bypass.php7 HTTP/1.1" 500 1245 "-" "-"
65.21.113.206 - - [14/Apr/2025:08:00:27 -0400] "GET /search.php?m164031449?srsltid=AfmBOotazJAOwcdP1m1JtZ_EfGPBiX1vF_abVYEOFS-G-RytYOGiic HTTP/1.1" 200 110403 "-" "Mozilla/5.0 (compatible; AwarioBot/1.0; +https://awario.com/bots.html)"
52.184.145.216 - - [14/Apr/2025:08:00:28 -0400] "GET /project/plugins/bootstrap-rtl/css/ HTTP/1.1" 301 21 "-" "-"
52.184.145.216 - - [14/Apr/2025:08:00:29 -0400] "GET /project/plugins/bootstrap-rtl/css/ HTTP/1.1" 500 1245 "-" "-"
52.184.145.216 - - [14/Apr/2025:08:00:29 -0400] "GET /wp-content/plugins/WordPressCore/include.php HTTP/1.1" 301 21 "-" "-"
52.184.145.216 - - [14/Apr/2025:08:00:29 -0400] "GET /wp-content/plugins/WordPressCore/include.php HTTP/1.1" 500 1245 "-" "-"
52.184.145.216 - - [14/Apr/2025:08:00:30 -0400] "GET /worksec.php HTTP/1.1" 301 21 "-" "-"
52.184.145.216 - - [14/Apr/2025:08:00:30 -0400] "GET /worksec.php HTTP/1.1" 500 1245 "-" "-"
52.184.145.216 - - [14/Apr/2025:08:00:31 -0400] "GET /ccx/index.php HTTP/1.1" 301 21 "-" "-"
52.184.145.216 - - [14/Apr/2025:08:00:31 -0400] "GET /ccx/ HTTP/1.1" 500 1245 "-" "-"
52.184.145.216 - - [14/Apr/2025:08:00:31 -0400] "GET /wp-content/uploads/2023/05/install.php HTTP/1.1" 301 21 "-" "-"
52.184.145.216 - - [14/Apr/2025:08:00:32 -0400] "GET /wp-content/uploads/2023/05/install.php HTTP/1.1" 500 1245 "-" "-"
52.184.145.216 - - [14/Apr/2025:08:00:32 -0400] "GET /author.php HTTP/1.1" 301 21 "-" "-"
65.21.113.206 - - [14/Apr/2025:08:00:32 -0400] "GET /search.php?m164038003?srsltid=AfmBOohdVEdPZxMR586mKx_9nbzFiLde5_CPdDbmR2-Z-RAuTrfqJH HTTP/1.1" 200 108905 "-" "Mozilla/5.0 (compatible; AwarioBot/1.0; +https://awario.com/bots.html)"
52.184.145.216 - - [14/Apr/2025:08:00:33 -0400] "GET /author.php HTTP/1.1" 500 1245 "-" "-"
52.184.145.216 - - [14/Apr/2025:08:00:33 -0400] "GET /class-wp-lock.php HTTP/1.1" 301 21 "-" "-"
52.184.145.216 - - [14/Apr/2025:08:00:34 -0400] "GET /class-wp-lock.php HTTP/1.1" 500 1245 "-" "-"
52.184.145.216 - - [14/Apr/2025:08:00:35 -0400] "GET /user.php3 HTTP/1.1" 301 21 "-" "-"
20.171.207.13 - - [14/Apr/2025:08:00:35 -0400] "GET /items/fgqtb108/1637?key=home HTTP/1.1" 500 1245 "-" "Mozilla/5.0 AppleWebKit/537.36 (KHTML, like Gecko; compatible; GPTBot/1.2; +https://openai.com/gptbot)"
52.184.145.216 - - [14/Apr/2025:08:00:36 -0400] "GET /user.php3 HTTP/1.1" 500 1245 "-" "-"
52.184.145.216 - - [14/Apr/2025:08:00:37 -0400] "GET /wp-includes/ID3/module.tag.id3v3.php HTTP/1.1" 301 21 "-" "-"
65.21.113.206 - - [14/Apr/2025:08:00:36 -0400] "GET /search.php?m164043755?srsltid=AfmBOoBfgRmEvwmyWgAC2E_TRH1V1mAFy_38JQJfBV-H-J6JMbL7Xi HTTP/1.1" 200 109882 "-" "Mozilla/5.0 (compatible; AwarioBot/1.0; +https://awario.com/bots.html)"
52.184.145.216 - - [14/Apr/2025:08:00:37 -0400] "GET /wp-includes/ID3/module.tag.id3v3.php HTTP/1.1" 500 1245 "-" "-"
52.184.145.216 - - [14/Apr/2025:08:00:38 -0400] "GET /1975.php HTTP/1.1" 301 21 "-" "-"
52.184.145.216 - - [14/Apr/2025:08:00:38 -0400] "GET /1975.php HTTP/1.1" 500 1245 "-" "-"
52.184.145.216 - - [14/Apr/2025:08:00:39 -0400] "GET /wp-includes/js/tinymce/plugins/image/ HTTP/1.1" 200 824 "-" "-"
52.184.145.216 - - [14/Apr/2025:08:00:40 -0400] "GET /wp/wp-admin/install.php HTTP/1.1" 301 21 "-" "-"
52.184.145.216 - - [14/Apr/2025:08:00:40 -0400] "GET /wp/wp-admin/install.php HTTP/1.1" 500 1245 "-" "-"
52.184.145.216 - - [14/Apr/2025:08:00:41 -0400] "GET /aleXus.php HTTP/1.1" 301 21 "-" "-"
65.21.113.206 - - [14/Apr/2025:08:00:41 -0400] "GET /search.php?m164048113?srsltid=AfmBOoJJGYSVldRW6RfIp6_oyDrIgmq00_BdpOFAkW-X-ehsYVvvWs HTTP/1.1" 200 109142 "-" "Mozilla/5.0 (compatible; AwarioBot/1.0; +https://awario.com/bots.html)"
52.184.145.216 - - [14/Apr/2025:08:00:41 -0400] "GET /aleXus.php HTTP/1.1" 500 1245 "-" "-"
52.184.145.216 - - [14/Apr/2025:08:00:42 -0400] "GET /wp-includes/ID3/sx.php HTTP/1.1" 301 21 "-" "-"
52.184.145.216 - - [14/Apr/2025:08:00:43 -0400] "GET /wp-includes/ID3/sx.php HTTP/1.1" 500 1245 "-" "-"
52.184.145.216 - - [14/Apr/2025:08:00:43 -0400] "GET /fw.php HTTP/1.1" 301 21 "-" "-"
52.184.145.216 - - [14/Apr/2025:08:00:43 -0400] "GET /fw.php HTTP/1.1" 500 1245 "-" "-"
52.184.145.216 - - [14/Apr/2025:08:00:44 -0400] "GET /css/dist/ HTTP/1.1" 301 21 "-" "-"
52.184.145.216 - - [14/Apr/2025:08:00:44 -0400] "GET /css/dist/ HTTP/1.1" 500 1245 "-" "-"
52.184.145.216 - - [14/Apr/2025:08:00:44 -0400] "GET /xl2023.php HTTP/1.1" 301 21 "-" "-"
52.184.145.216 - - [14/Apr/2025:08:00:45 -0400] "GET /xl2023.php HTTP/1.1" 500 1245 "-" "-"
65.21.113.206 - - [14/Apr/2025:08:00:44 -0400] "GET /search.php?m165009198?srsltid=AfmBOojTqesfBRIuY0AYv3_cM0apUG3Ba_YUwujmzJ-G-m7hiR9mXG HTTP/1.1" 200 108782 "-" "Mozilla/5.0 (compatible; AwarioBot/1.0; +https://awario.com/bots.html)"
52.184.145.216 - - [14/Apr/2025:08:00:45 -0400] "GET /upfile.php HTTP/1.1" 301 21 "-" "-"
52.184.145.216 - - [14/Apr/2025:08:00:45 -0400] "GET /upfile.php HTTP/1.1" 500 1245 "-" "-"
52.184.145.216 - - [14/Apr/2025:08:00:46 -0400] "GET /wp-content/plugins/td-cloud-library/includes/dir/ HTTP/1.1" 301 21 "-" "-"
52.184.145.216 - - [14/Apr/2025:08:00:46 -0400] "GET /wp-content/plugins/td-cloud-library/includes/dir/ HTTP/1.1" 500 1245 "-" "-"
52.184.145.216 - - [14/Apr/2025:08:00:47 -0400] "GET /wp-content/smaxx.php HTTP/1.1" 301 21 "-" "-"
52.184.145.216 - - [14/Apr/2025:08:00:48 -0400] "GET /wp-content/smaxx.php HTTP/1.1" 500 1245 "-" "-"
52.184.145.216 - - [14/Apr/2025:08:00:48 -0400] "GET /about.php?dir=/home/prsvnvn/ HTTP/1.1" 301 21 "-" "-"
52.184.145.216 - - [14/Apr/2025:08:00:48 -0400] "GET /about.php?dir=/home/prsvnvn/ HTTP/1.1" 500 1245 "-" "-"
65.21.113.206 - - [14/Apr/2025:08:00:48 -0400] "GET /search.php?m165034104?srsltid=AfmBOoSeRVXvQypOU0NqkP_SZHQDvHbzo_v6s1N6DX-Q-HjL0pIl3l HTTP/1.1" 200 108744 "-" "Mozilla/5.0 (compatible; AwarioBot/1.0; +https://awario.com/bots.html)"
52.184.145.216 - - [14/Apr/2025:08:00:49 -0400] "GET /wp-content/plugins/setup HTTP/1.1" 301 21 "-" "-"
52.184.145.216 - - [14/Apr/2025:08:00:49 -0400] "GET /wp-content/plugins/setup HTTP/1.1" 500 1245 "-" "-"
52.184.145.216 - - [14/Apr/2025:08:00:50 -0400] "GET /admin-ajax.php HTTP/1.1" 403 1242 "-" "-"
52.184.145.216 - - [14/Apr/2025:08:00:50 -0400] "GET /wp-admin/ccx/index.php HTTP/1.1" 301 21 "-" "-"
52.184.145.216 - - [14/Apr/2025:08:00:50 -0400] "GET /wp-admin/ccx/ HTTP/1.1" 500 1245 "-" "-"
52.184.145.216 - - [14/Apr/2025:08:00:51 -0400] "GET /wp-includes/SimplePie/autoload_classmap.php HTTP/1.1" 301 21 "-" "-"
52.184.145.216 - - [14/Apr/2025:08:00:51 -0400] "GET /wp-includes/SimplePie/autoload_classmap.php HTTP/1.1" 500 1245 "-" "-"
52.184.145.216 - - [14/Apr/2025:08:00:51 -0400] "GET /wp-content/plugins/pahidtd/ HTTP/1.1" 301 21 "-" "-"
52.184.145.216 - - [14/Apr/2025:08:00:52 -0400] "GET /wp-content/plugins/pahidtd/ HTTP/1.1" 500 1245 "-" "-"
52.184.145.216 - - [14/Apr/2025:08:00:52 -0400] "GET /settings.php HTTP/1.1" 301 21 "-" "-"
65.21.113.206 - - [14/Apr/2025:08:00:52 -0400] "GET /search.php?m166020449?srsltid=AfmBOoxOIbjDbvLq6idH9W_lkvxJAQalK_3zVDBhg8-Z-cLqxRrihG HTTP/1.1" 200 109205 "-" "Mozilla/5.0 (compatible; AwarioBot/1.0; +https://awario.com/bots.html)"
52.184.145.216 - - [14/Apr/2025:08:00:52 -0400] "GET /settings.php HTTP/1.1" 500 1245 "-" "-"
52.184.145.216 - - [14/Apr/2025:08:00:53 -0400] "GET /wp-content/plugins/kfhfxvy/ HTTP/1.1" 301 21 "-" "-"
52.184.145.216 - - [14/Apr/2025:08:00:53 -0400] "GET /wp-content/plugins/kfhfxvy/ HTTP/1.1" 500 1245 "-" "-"
52.184.145.216 - - [14/Apr/2025:08:00:54 -0400] "GET /.well-known/themes HTTP/1.1" 301 21 "-" "-"
52.184.145.216 - - [14/Apr/2025:08:00:54 -0400] "GET /.well-known/themes HTTP/1.1" 500 1245 "-" "-"
52.184.145.216 - - [14/Apr/2025:08:00:54 -0400] "GET /wp-content/plugins/google-seo-rank/ HTTP/1.1" 301 21 "-" "-"
52.184.145.216 - - [14/Apr/2025:08:00:54 -0400] "GET /wp-content/plugins/google-seo-rank/ HTTP/1.1" 500 1245 "-" "-"
52.184.145.216 - - [14/Apr/2025:08:00:55 -0400] "GET /wordpress/wp-content/themes/as/ HTTP/1.1" 301 21 "-" "-"
52.184.145.216 - - [14/Apr/2025:08:00:55 -0400] "GET /wordpress/wp-content/themes/as/ HTTP/1.1" 500 1245 "-" "-"
52.184.145.216 - - [14/Apr/2025:08:00:55 -0400] "GET /wp-content/plugins/seoplugins/db.php HTTP/1.1" 301 21 "-" "-"
52.184.145.216 - - [14/Apr/2025:08:00:56 -0400] "GET /wp-content/plugins/seoplugins/db.php HTTP/1.1" 500 1245 "-" "-"
52.184.145.216 - - [14/Apr/2025:08:00:56 -0400] "GET /baja.php HTTP/1.1" 301 21 "-" "-"
52.184.145.216 - - [14/Apr/2025:08:00:56 -0400] "GET /baja.php HTTP/1.1" 500 1245 "-" "-"
65.21.113.206 - - [14/Apr/2025:08:00:56 -0400] "GET /search.php?m166027871?srsltid=AfmBOolnMlSBQxGIB9Ip12_rgBVZ2xdeM_qZagXBET-W-jmAKZovxV HTTP/1.1" 200 109185 "-" "Mozilla/5.0 (compatible; AwarioBot/1.0; +https://awario.com/bots.html)"
52.184.145.216 - - [14/Apr/2025:08:00:56 -0400] "GET /wp-includes/mah.php999 HTTP/1.1" 301 21 "-" "-"
52.184.145.216 - - [14/Apr/2025:08:00:57 -0400] "GET /wp-includes/mah.php999 HTTP/1.1" 500 1245 "-" "-"
136.243.228.180 - - [14/Apr/2025:08:00:57 -0400] "GET /items/mddfx75/8196?key=pool HTTP/1.1" 500 1245 "-" "Mozilla/5.0 (compatible; DataForSeoBot/1.0; +https://dataforseo.com/dataforseo-bot)"
52.184.145.216 - - [14/Apr/2025:08:00:57 -0400] "GET /ab.php HTTP/1.1" 301 21 "-" "-"
52.184.145.216 - - [14/Apr/2025:08:00:58 -0400] "GET /ab.php HTTP/1.1" 500 1245 "-" "-"
52.184.145.216 - - [14/Apr/2025:08:00:58 -0400] "GET /webhook.php HTTP/1.1" 301 21 "-" "-"
52.184.145.216 - - [14/Apr/2025:08:00:59 -0400] "GET /webhook.php HTTP/1.1" 500 1245 "-" "-"
52.184.145.216 - - [14/Apr/2025:08:00:59 -0400] "GET /wp-content/uploads/BbUMY/ HTTP/1.1" 301 21 "-" "-"
52.184.145.216 - - [14/Apr/2025:08:00:59 -0400] "GET /wp-content/uploads/BbUMY/ HTTP/1.1" 500 1245 "-" "-"
52.184.145.216 - - [14/Apr/2025:08:01:00 -0400] "GET /files/index.php HTTP/1.1" 301 21 "-" "-"
52.184.145.216 - - [14/Apr/2025:08:01:00 -0400] "GET /files/ HTTP/1.1" 500 1245 "-" "-"
52.184.145.216 - - [14/Apr/2025:08:01:00 -0400] "GET /wp-content/plugins/backup-backup/includes/1155949024...php HTTP/1.1" 301 21 "-" "-"
65.21.113.206 - - [14/Apr/2025:08:01:00 -0400] "GET /search.php?m166035187?srsltid=AfmBOopvAjwCAdBrjHrQog_FxJRtJ5Rcp_YVkjVLka-K-jcr7jwpGL HTTP/1.1" 200 109432 "-" "Mozilla/5.0 (compatible; AwarioBot/1.0; +https://awario.com/bots.html)"
52.184.145.216 - - [14/Apr/2025:08:01:01 -0400] "GET /wp-content/plugins/backup-backup/includes/1155949024...php HTTP/1.1" 500 1245 "-" "-"
52.184.145.216 - - [14/Apr/2025:08:01:01 -0400] "GET /wp-content/x/ HTTP/1.1" 301 21 "-" "-"
136.243.228.180 - - [14/Apr/2025:08:01:01 -0400] "GET /items/biksf106/40066?key=promising HTTP/1.1" 500 1245 "-" "Mozilla/5.0 (compatible; DataForSeoBot/1.0; +https://dataforseo.com/dataforseo-bot)"
52.184.145.216 - - [14/Apr/2025:08:01:02 -0400] "GET /wp-content/x/ HTTP/1.1" 500 1245 "-" "-"
52.184.145.216 - - [14/Apr/2025:08:01:02 -0400] "GET /.well-known/pki-validation/lang-load-role.php HTTP/1.1" 404 1251 "-" "-"
52.184.145.216 - - [14/Apr/2025:08:01:02 -0400] "GET /wp-includes/themes.php HTTP/1.1" 301 21 "-" "-"
52.184.145.216 - - [14/Apr/2025:08:01:02 -0400] "GET /wp-includes/themes.php HTTP/1.1" 500 1245 "-" "-"
52.184.145.216 - - [14/Apr/2025:08:01:03 -0400] "GET /wp-includes/rest-api/network.php HTTP/1.1" 301 21 "-" "-"
52.184.145.216 - - [14/Apr/2025:08:01:03 -0400] "GET /wp-includes/rest-api/network.php HTTP/1.1" 500 1245 "-" "-"
52.184.145.216 - - [14/Apr/2025:08:01:03 -0400] "GET /wp-admin/js/widgets/cong.php HTTP/1.1" 301 21 "-" "-"
52.184.145.216 - - [14/Apr/2025:08:01:04 -0400] "GET /wp-admin/js/widgets/cong.php HTTP/1.1" 500 1245 "-" "-"
52.184.145.216 - - [14/Apr/2025:08:01:04 -0400] "GET /cgi-bin/about.php HTTP/1.1" 301 21 "-" "-"
52.184.145.216 - - [14/Apr/2025:08:01:04 -0400] "GET /cgi-bin/about.php HTTP/1.1" 500 1245 "-" "-"
52.184.145.216 - - [14/Apr/2025:08:01:04 -0400] "GET /repeater.php HTTP/1.1" 301 21 "-" "-"
52.184.145.216 - - [14/Apr/2025:08:01:05 -0400] "GET /repeater.php HTTP/1.1" 500 1245 "-" "-"
52.184.145.216 - - [14/Apr/2025:08:01:05 -0400] "GET /wp-admin/css/colors/coffee/index.php HTTP/1.1" 301 21 "-" "-"
52.184.145.216 - - [14/Apr/2025:08:01:06 -0400] "GET /wp-admin/css/colors/coffee/ HTTP/1.1" 200 905 "-" "-"
136.243.228.180 - - [14/Apr/2025:08:01:05 -0400] "GET /items/rtnet264/105?key=supervisor HTTP/1.1" 500 1245 "-" "Mozilla/5.0 (compatible; DataForSeoBot/1.0; +https://dataforseo.com/dataforseo-bot)"
52.184.145.216 - - [14/Apr/2025:08:01:06 -0400] "GET /wp-content/plugins/wp-conflg.php HTTP/1.1" 301 21 "-" "-"
52.184.145.216 - - [14/Apr/2025:08:01:06 -0400] "GET /wp-content/plugins/wp-conflg.php HTTP/1.1" 500 1245 "-" "-"
52.184.145.216 - - [14/Apr/2025:08:01:07 -0400] "GET /wp-content/plugins/upme/ajax/ HTTP/1.1" 301 21 "-" "-"
65.21.113.206 - - [14/Apr/2025:08:01:07 -0400] "GET /search.php?m166042229?srsltid=AfmBOoaGZAkxyCQOOaJIt8_lkzjcsuhUo_QKhVLq0y-E-BbpCP9HCi HTTP/1.1" 200 108969 "-" "Mozilla/5.0 (compatible; AwarioBot/1.0; +https://awario.com/bots.html)"
52.184.145.216 - - [14/Apr/2025:08:01:07 -0400] "GET /wp-content/plugins/upme/ajax/ HTTP/1.1" 500 1245 "-" "-"
52.184.145.216 - - [14/Apr/2025:08:01:08 -0400] "GET /wp-includes/blocks/site-logo/ HTTP/1.1" 200 1327 "-" "-"
52.184.145.216 - - [14/Apr/2025:08:01:08 -0400] "GET /cgi-bin/install.php HTTP/1.1" 301 21 "-" "-"
52.184.145.216 - - [14/Apr/2025:08:01:08 -0400] "GET /cgi-bin/install.php HTTP/1.1" 500 1245 "-" "-"
52.184.145.216 - - [14/Apr/2025:08:01:09 -0400] "GET /wp-content/uploads/revslider/templates/creativefrontpage/ HTTP/1.1" 301 21 "-" "-"
136.243.228.180 - - [14/Apr/2025:08:01:09 -0400] "GET /items/epsse60/15867?key=place HTTP/1.1" 500 1245 "-" "Mozilla/5.0 (compatible; DataForSeoBot/1.0; +https://dataforseo.com/dataforseo-bot)"
52.184.145.216 - - [14/Apr/2025:08:01:09 -0400] "GET /wp-content/uploads/revslider/templates/creativefrontpage/ HTTP/1.1" 500 1245 "-" "-"
52.184.145.216 - - [14/Apr/2025:08:01:10 -0400] "GET /wordpress/wp-includes/shell20211028.php HTTP/1.1" 301 21 "-" "-"
52.184.145.216 - - [14/Apr/2025:08:01:10 -0400] "GET /wordpress/wp-includes/shell20211028.php HTTP/1.1" 500 1245 "-" "-"
52.184.145.216 - - [14/Apr/2025:08:01:10 -0400] "GET /wp-content/plugins/linkpreview/ HTTP/1.1" 301 21 "-" "-"
52.184.145.216 - - [14/Apr/2025:08:01:11 -0400] "GET /wp-content/plugins/linkpreview/ HTTP/1.1" 500 1245 "-" "-"
52.184.145.216 - - [14/Apr/2025:08:01:11 -0400] "GET /plugins/three-column-screen-layout/ HTTP/1.1" 301 21 "-" "-"
52.184.145.216 - - [14/Apr/2025:08:01:12 -0400] "GET /plugins/three-column-screen-layout/ HTTP/1.1" 500 1245 "-" "-"
52.184.145.216 - - [14/Apr/2025:08:01:12 -0400] "GET /gh.php HTTP/1.1" 301 21 "-" "-"
52.184.145.216 - - [14/Apr/2025:08:01:12 -0400] "GET /gh.php HTTP/1.1" 500 1245 "-" "-"
136.243.228.180 - - [14/Apr/2025:08:01:13 -0400] "GET /items/mndcw224/21111?key=debris HTTP/1.1" 500 1245 "-" "Mozilla/5.0 (compatible; DataForSeoBot/1.0; +https://dataforseo.com/dataforseo-bot)"
52.184.145.216 - - [14/Apr/2025:08:01:13 -0400] "GET /wp-includes/Text/Diff/Engine/aaa.php HTTP/1.1" 301 21 "-" "-"
52.184.145.216 - - [14/Apr/2025:08:01:13 -0400] "GET /wp-includes/Text/Diff/Engine/aaa.php HTTP/1.1" 500 1245 "-" "-"
52.184.145.216 - - [14/Apr/2025:08:01:14 -0400] "GET /images/wp-login.php HTTP/1.1" 301 21 "-" "-"
52.184.145.216 - - [14/Apr/2025:08:01:14 -0400] "GET /images/wp-login.php HTTP/1.1" 500 1245 "-" "-"
65.21.113.206 - - [14/Apr/2025:08:01:13 -0400] "GET /search.php?m167000052?srsltid=AfmBOotPzsZpGWPkWAsDVk_g24ewiZBS6_sTWvxkL2-Y-LcQWYyag1 HTTP/1.1" 200 108794 "-" "Mozilla/5.0 (compatible; AwarioBot/1.0; +https://awario.com/bots.html)"
198.54.114.83 - - [14/Apr/2025:08:01:15 -0400] "POST /wp-cron.php?doing_wp_cron=1744632075.1288959980010986328125 HTTP/1.1" 403 1242 "-" "WordPress/6.7.2; https://bayrampasaspor.com"
52.184.145.216 - - [14/Apr/2025:08:01:14 -0400] "GET /security.php HTTP/1.1" 301 21 "-" "-"
52.184.145.216 - - [14/Apr/2025:08:01:15 -0400] "GET /security.php HTTP/1.1" 500 1245 "-" "-"
52.184.145.216 - - [14/Apr/2025:08:01:15 -0400] "GET /wp-content/plugins/backup-backup/includes/ HTTP/1.1" 301 21 "-" "-"
52.184.145.216 - - [14/Apr/2025:08:01:16 -0400] "GET /wp-content/plugins/backup-backup/includes/ HTTP/1.1" 500 1245 "-" "-"
52.184.145.216 - - [14/Apr/2025:08:01:16 -0400] "GET /wp/wp-admin/includes/wp-admin/ HTTP/1.1" 301 21 "-" "-"
52.184.145.216 - - [14/Apr/2025:08:01:17 -0400] "GET /wp/wp-admin/includes/wp-admin/ HTTP/1.1" 500 1245 "-" "-"
52.184.145.216 - - [14/Apr/2025:08:01:17 -0400] "GET /filemanager/dialog.php HTTP/1.1" 301 21 "-" "-"
136.243.228.180 - - [14/Apr/2025:08:01:18 -0400] "GET /items/zktqx271/44731?key=pine HTTP/1.1" 500 1245 "-" "Mozilla/5.0 (compatible; DataForSeoBot/1.0; +https://dataforseo.com/dataforseo-bot)"
52.184.145.216 - - [14/Apr/2025:08:01:18 -0400] "GET /filemanager/dialog.php HTTP/1.1" 500 1245 "-" "-"
52.184.145.216 - - [14/Apr/2025:08:01:19 -0400] "GET /wp-includes/certificates/wp-login.php HTTP/1.1" 301 21 "-" "-"
52.184.145.216 - - [14/Apr/2025:08:01:19 -0400] "GET /wp-includes/certificates/wp-login.php HTTP/1.1" 500 1245 "-" "-"
52.184.145.216 - - [14/Apr/2025:08:01:19 -0400] "GET /wp-content/themes/fswefy0o/ HTTP/1.1" 301 21 "-" "-"
52.184.145.216 - - [14/Apr/2025:08:01:19 -0400] "GET /wp-content/themes/fswefy0o/ HTTP/1.1" 500 1245 "-" "-"
52.184.145.216 - - [14/Apr/2025:08:01:20 -0400] "GET /install.php HTTP/1.1" 301 21 "-" "-"
65.21.113.206 - - [14/Apr/2025:08:01:20 -0400] "GET /search.php?m167006422?srsltid=AfmBOoAJeecqqAoe3BU6Ry_9cG8zy7CAu_51d6M0Gx-W-8YkFQ5OJW HTTP/1.1" 200 108714 "-" "Mozilla/5.0 (compatible; AwarioBot/1.0; +https://awario.com/bots.html)"
52.184.145.216 - - [14/Apr/2025:08:01:20 -0400] "GET /install.php HTTP/1.1" 500 1245 "-" "-"
52.184.145.216 - - [14/Apr/2025:08:01:21 -0400] "GET /cong.php HTTP/1.1" 301 21 "-" "-"
52.184.145.216 - - [14/Apr/2025:08:01:21 -0400] "GET /cong.php HTTP/1.1" 500 1245 "-" "-"
136.243.228.180 - - [14/Apr/2025:08:01:21 -0400] "GET /items/fydvm53/8608?key=swim HTTP/1.1" 500 1245 "-" "Mozilla/5.0 (compatible; DataForSeoBot/1.0; +https://dataforseo.com/dataforseo-bot)"
52.184.145.216 - - [14/Apr/2025:08:01:22 -0400] "GET /wp-content/uploads/2024/ HTTP/1.1" 200 1403 "-" "-"
52.184.145.216 - - [14/Apr/2025:08:01:22 -0400] "GET /gallery_upload.php HTTP/1.1" 301 21 "-" "-"
52.184.145.216 - - [14/Apr/2025:08:01:22 -0400] "GET /gallery_upload.php HTTP/1.1" 500 1245 "-" "-"
52.184.145.216 - - [14/Apr/2025:08:01:22 -0400] "GET /wp-includes/Requests/about.php/ HTTP/1.1" 301 21 "-" "-"
52.184.145.216 - - [14/Apr/2025:08:01:23 -0400] "GET /wp-includes/Requests/about.php/ HTTP/1.1" 500 1245 "-" "-"
52.184.145.216 - - [14/Apr/2025:08:01:24 -0400] "GET /wp-content/plugins/trfree/ HTTP/1.1" 301 21 "-" "-"
52.184.145.216 - - [14/Apr/2025:08:01:24 -0400] "GET /wp-content/plugins/trfree/ HTTP/1.1" 500 1245 "-" "-"
52.184.145.216 - - [14/Apr/2025:08:01:25 -0400] "GET /img/xmrlpc.php HTTP/1.1" 301 21 "-" "-"
65.21.113.206 - - [14/Apr/2025:08:01:25 -0400] "GET /search.php?m167011416?srsltid=AfmBOoSsZJODEJGGuQn6Xs_rjX9lwIVSn_5QRDUmWT-C-qUvEVtSsH HTTP/1.1" 200 109383 "-" "Mozilla/5.0 (compatible; AwarioBot/1.0; +https://awario.com/bots.html)"
136.243.228.180 - - [14/Apr/2025:08:01:25 -0400] "GET /items/unqib208/15029?key=continuous HTTP/1.1" 500 1245 "-" "Mozilla/5.0 (compatible; DataForSeoBot/1.0; +https://dataforseo.com/dataforseo-bot)"
52.184.145.216 - - [14/Apr/2025:08:01:25 -0400] "GET /img/xmrlpc.php HTTP/1.1" 500 1245 "-" "-"
52.184.145.216 - - [14/Apr/2025:08:01:26 -0400] "GET /wp-content/uploads/2023/10/ HTTP/1.1" 200 835 "-" "-"
52.184.145.216 - - [14/Apr/2025:08:01:26 -0400] "GET /.well-known/pki-validation/plugins.php HTTP/1.1" 404 1251 "-" "-"
52.184.145.216 - - [14/Apr/2025:08:01:26 -0400] "GET /wp-admin/maint/flower.php HTTP/1.1" 301 21 "-" "-"
52.184.145.216 - - [14/Apr/2025:08:01:26 -0400] "GET /wp-admin/maint/flower.php HTTP/1.1" 500 1245 "-" "-"
52.184.145.216 - - [14/Apr/2025:08:01:27 -0400] "GET /wp-content/wso.php HTTP/1.1" 301 21 "-" "-"
52.184.145.216 - - [14/Apr/2025:08:01:27 -0400] "GET /wp-content/wso.php HTTP/1.1" 500 1245 "-" "-"
52.184.145.216 - - [14/Apr/2025:08:01:28 -0400] "GET /wp-includes/js/tinymce/utils/ HTTP/1.1" 200 948 "-" "-"
52.184.145.216 - - [14/Apr/2025:08:01:28 -0400] "GET /wp-includes/sodium_compat/src/Core32/Curve25519/Ge/ HTTP/1.1" 200 900 "-" "-"
52.184.145.216 - - [14/Apr/2025:08:01:29 -0400] "GET /wp-content/uploads/--wp-lgj.php HTTP/1.1" 301 21 "-" "-"
52.184.145.216 - - [14/Apr/2025:08:01:29 -0400] "GET /wp-content/uploads/--wp-lgj.php HTTP/1.1" 500 1245 "-" "-"
136.243.228.180 - - [14/Apr/2025:08:01:30 -0400] "GET /items/mmsyk118/46260?key=politician HTTP/1.1" 500 1245 "-" "Mozilla/5.0 (compatible; DataForSeoBot/1.0; +https://dataforseo.com/dataforseo-bot)"
52.184.145.216 - - [14/Apr/2025:08:01:30 -0400] "GET /wp-content/plugins/seoo/wsoyanz1.php HTTP/1.1" 301 21 "-" "-"
52.184.145.216 - - [14/Apr/2025:08:01:31 -0400] "GET /wp-content/plugins/seoo/wsoyanz1.php HTTP/1.1" 500 1245 "-" "-"
