137.135.82.82 - - [14/Apr/2025:11:50:03 -0400] "GET /forum.php HTTP/1.1" 500 1245 "-" "-"
136.243.228.180 - - [14/Apr/2025:11:50:03 -0400] "GET /items/ikjel226/35968?key=explore HTTP/1.1" 500 1245 "-" "Mozilla/5.0 (compatible; DataForSeoBot/1.0; +https://dataforseo.com/dataforseo-bot)"
137.135.82.82 - - [14/Apr/2025:11:50:06 -0400] "GET /wp-includes/js/jquery/ui/3k0sm2/ HTTP/1.1" 500 1245 "-" "-"
136.243.228.180 - - [14/Apr/2025:11:50:06 -0400] "GET /items/hxqii52/42293?key=steer HTTP/1.1" 500 1245 "-" "Mozilla/5.0 (compatible; DataForSeoBot/1.0; +https://dataforseo.com/dataforseo-bot)"
137.135.82.82 - - [14/Apr/2025:11:50:07 -0400] "GET /wp-content/themes/travelscape/ HTTP/1.1" 500 1245 "-" "-"
137.135.82.82 - - [14/Apr/2025:11:50:10 -0400] "GET /wp-links.php HTTP/1.1" 500 1245 "-" "-"
136.243.228.180 - - [14/Apr/2025:11:50:10 -0400] "GET /items/cfslo27/31143?key=creativity HTTP/1.1" 500 1245 "-" "Mozilla/5.0 (compatible; DataForSeoBot/1.0; +https://dataforseo.com/dataforseo-bot)"
137.135.82.82 - - [14/Apr/2025:11:50:11 -0400] "GET /wp-includes/customize/amaxx.php HTTP/1.1" 500 1245 "-" "-"
137.135.82.82 - - [14/Apr/2025:11:50:12 -0400] "GET /update/ HTTP/1.1" 500 1245 "-" "-"
136.243.228.180 - - [14/Apr/2025:11:50:15 -0400] "GET /items/muhph200/37384?key=love HTTP/1.1" 500 1245 "-" "Mozilla/5.0 (compatible; DataForSeoBot/1.0; +https://dataforseo.com/dataforseo-bot)"
137.135.82.82 - - [14/Apr/2025:11:50:15 -0400] "GET /wp-content/upgrade-temp-backup/about.php HTTP/1.1" 500 1245 "-" "-"
137.135.82.82 - - [14/Apr/2025:11:50:17 -0400] "GET /wp-content/plugins/seoplugins/mar.php HTTP/1.1" 500 1245 "-" "-"
136.243.228.180 - - [14/Apr/2025:11:50:17 -0400] "GET /items/hsmfh289/20438?key=music HTTP/1.1" 500 1245 "-" "Mozilla/5.0 (compatible; DataForSeoBot/1.0; +https://dataforseo.com/dataforseo-bot)"
137.135.82.82 - - [14/Apr/2025:11:50:18 -0400] "GET /wp-content/themes/about HTTP/1.1" 500 1245 "-" "-"
137.135.82.82 - - [14/Apr/2025:11:50:20 -0400] "GET /alfanew.PhP7 HTTP/1.1" 500 1245 "-" "-"
137.135.82.82 - - [14/Apr/2025:11:50:21 -0400] "GET /content.php888 HTTP/1.1" 500 1245 "-" "-"
137.135.82.82 - - [14/Apr/2025:11:50:22 -0400] "GET /ms-themes.php HTTP/1.1" 500 1245 "-" "-"
136.243.228.180 - - [14/Apr/2025:11:50:21 -0400] "GET /items/sdisd102/32934?key=push HTTP/1.1" 500 1245 "-" "Mozilla/5.0 (compatible; DataForSeoBot/1.0; +https://dataforseo.com/dataforseo-bot)"
137.135.82.82 - - [14/Apr/2025:11:50:23 -0400] "GET /.well-known/pki-validation/autoload_classmap.php HTTP/1.1" 404 1251 "-" "-"
137.135.82.82 - - [14/Apr/2025:11:50:23 -0400] "GET /theme.php HTTP/1.1" 500 1245 "-" "-"
137.135.82.82 - - [14/Apr/2025:11:50:24 -0400] "GET /smaxx.php HTTP/1.1" 500 1245 "-" "-"
137.135.82.82 - - [14/Apr/2025:11:50:25 -0400] "GET /wp-content/plugins/urawmub/ HTTP/1.1" 500 1245 "-" "-"
136.243.228.180 - - [14/Apr/2025:11:50:25 -0400] "GET /items/nnobu131/18502?key=legislature HTTP/1.1" 500 1245 "-" "Mozilla/5.0 (compatible; DataForSeoBot/1.0; +https://dataforseo.com/dataforseo-bot)"
137.135.82.82 - - [14/Apr/2025:11:50:26 -0400] "GET /wp-includes/sodium_compat/src/Core/Curve25519/Ge/info.php.suspected HTTP/1.1" 500 1245 "-" "-"
137.135.82.82 - - [14/Apr/2025:11:50:29 -0400] "GET /wp-content/plugins/Cache/Cache.php HTTP/1.1" 500 1245 "-" "-"
136.243.228.180 - - [14/Apr/2025:11:50:30 -0400] "GET /items/qmujd286/2996?key=poem HTTP/1.1" 500 1245 "-" "Mozilla/5.0 (compatible; DataForSeoBot/1.0; +https://dataforseo.com/dataforseo-bot)"
137.135.82.82 - - [14/Apr/2025:11:50:30 -0400] "GET /wsoyanz.php HTTP/1.1" 500 1245 "-" "-"
137.135.82.82 - - [14/Apr/2025:11:50:32 -0400] "GET /1index.php HTTP/1.1" 500 1245 "-" "-"
137.135.82.82 - - [14/Apr/2025:11:50:35 -0400] "GET /wp-includes/Text/network.php HTTP/1.1" 500 1245 "-" "-"
136.243.228.180 - - [14/Apr/2025:11:50:35 -0400] "GET /items/zktld107/10156?key=policy HTTP/1.1" 500 1245 "-" "Mozilla/5.0 (compatible; DataForSeoBot/1.0; +https://dataforseo.com/dataforseo-bot)"
137.135.82.82 - - [14/Apr/2025:11:50:36 -0400] "GET /gecko.php HTTP/1.1" 500 1245 "-" "-"
136.243.228.180 - - [14/Apr/2025:11:50:39 -0400] "GET /items/heumr234/13402?key=suspicious HTTP/1.1" 500 1245 "-" "Mozilla/5.0 (compatible; DataForSeoBot/1.0; +https://dataforseo.com/dataforseo-bot)"
137.135.82.82 - - [14/Apr/2025:11:50:39 -0400] "GET /classwithtostring.php/rbzccnnp.php/ HTTP/1.1" 500 1245 "-" "-"
137.135.82.82 - - [14/Apr/2025:11:50:41 -0400] "GET /wp-includes/radio.php HTTP/1.1" 500 1245 "-" "-"
137.135.82.82 - - [14/Apr/2025:11:50:42 -0400] "GET /moderation.php HTTP/1.1" 500 1245 "-" "-"
136.243.228.180 - - [14/Apr/2025:11:50:42 -0400] "GET /items/jhpyl257/17412?key=pastor HTTP/1.1" 500 1245 "-" "Mozilla/5.0 (compatible; DataForSeoBot/1.0; +https://dataforseo.com/dataforseo-bot)"
137.135.82.82 - - [14/Apr/2025:11:50:43 -0400] "GET /wp-content/plugins/fix/3.php HTTP/1.1" 500 1245 "-" "-"
137.135.82.82 - - [14/Apr/2025:11:50:45 -0400] "GET /wp-includes/fonts/old.php HTTP/1.1" 500 1245 "-" "-"
136.243.228.180 - - [14/Apr/2025:11:50:46 -0400] "GET /items/zplmx80/22594?key=combined HTTP/1.1" 500 1245 "-" "Mozilla/5.0 (compatible; DataForSeoBot/1.0; +https://dataforseo.com/dataforseo-bot)"
137.135.82.82 - - [14/Apr/2025:11:50:46 -0400] "GET /NewFile.php HTTP/1.1" 500 1245 "-" "-"
137.135.82.82 - - [14/Apr/2025:11:50:48 -0400] "GET /help.php HTTP/1.1" 500 1245 "-" "-"
137.135.82.82 - - [14/Apr/2025:11:50:51 -0400] "GET /.well-known/acme-challenge/mariju.php HTTP/1.1" 500 1245 "-" "-"
136.243.228.180 - - [14/Apr/2025:11:50:50 -0400] "GET /items/oypqt173/29888?key=structural HTTP/1.1" 500 1245 "-" "Mozilla/5.0 (compatible; DataForSeoBot/1.0; +https://dataforseo.com/dataforseo-bot)"
137.135.82.82 - - [14/Apr/2025:11:50:53 -0400] "GET /wp-content/fonts/ HTTP/1.1" 200 1505 "-" "-"
136.243.228.180 - - [14/Apr/2025:11:50:54 -0400] "GET /items/zktym262/18281?key=discussion HTTP/1.1" 500 1245 "-" "Mozilla/5.0 (compatible; DataForSeoBot/1.0; +https://dataforseo.com/dataforseo-bot)"
137.135.82.82 - - [14/Apr/2025:11:50:54 -0400] "GET /wp-content/themes/digital-download/ HTTP/1.1" 500 1245 "-" "-"
137.135.82.82 - - [14/Apr/2025:11:50:56 -0400] "GET /wp-admin/network/index.php HTTP/1.1" 302 21 "-" "-"
136.243.228.180 - - [14/Apr/2025:11:50:58 -0400] "GET /items/nihqe255/27277?key=soft HTTP/1.1" 500 1245 "-" "Mozilla/5.0 (compatible; DataForSeoBot/1.0; +https://dataforseo.com/dataforseo-bot)"
20.171.207.13 - - [14/Apr/2025:11:50:58 -0400] "GET /items/vatvb191/31437?key=monkey HTTP/1.1" 500 1245 "-" "Mozilla/5.0 AppleWebKit/537.36 (KHTML, like Gecko; compatible; GPTBot/1.2; +https://openai.com/gptbot)"
137.135.82.82 - - [14/Apr/2025:11:51:00 -0400] "GET /xxx.php HTTP/1.1" 500 1245 "-" "-"
137.135.82.82 - - [14/Apr/2025:11:51:01 -0400] "GET /images/icons/rouyg/hppd/ HTTP/1.1" 500 1245 "-" "-"
136.243.228.180 - - [14/Apr/2025:11:51:02 -0400] "GET /items/dqbtg260/40712?key=fifty HTTP/1.1" 500 1245 "-" "Mozilla/5.0 (compatible; DataForSeoBot/1.0; +https://dataforseo.com/dataforseo-bot)"
137.135.82.82 - - [14/Apr/2025:11:51:02 -0400] "GET /wp-includes/xBrain.php HTTP/1.1" 500 1245 "-" "-"
137.135.82.82 - - [14/Apr/2025:11:51:03 -0400] "GET /wp-content/plugins/imfrxbc/ HTTP/1.1" 500 1245 "-" "-"
137.135.82.82 - - [14/Apr/2025:11:51:04 -0400] "GET /wp-content/themes/fag0z08y/ HTTP/1.1" 500 1245 "-" "-"
137.135.82.82 - - [14/Apr/2025:11:51:04 -0400] "GET /c.php HTTP/1.1" 500 1245 "-" "-"
137.135.82.82 - - [14/Apr/2025:11:51:06 -0400] "GET /wp-includes/blocks/ HTTP/1.1" 200 22 "-" "-"
198.54.114.83 - - [14/Apr/2025:11:51:06 -0400] "POST /wp-cron.php?doing_wp_cron=1744645866.1868870258331298828125 HTTP/1.1" 403 1242 "-" "WordPress/6.7.2; https://bayrampasaspor.com"
137.135.82.82 - - [14/Apr/2025:11:51:06 -0400] "GET /wp-content/plugins/index.php HTTP/1.1" 200 0 "-" "-"
136.243.228.180 - - [14/Apr/2025:11:51:05 -0400] "GET /items/elynr44/24455?key=genetic HTTP/1.1" 500 1245 "-" "Mozilla/5.0 (compatible; DataForSeoBot/1.0; +https://dataforseo.com/dataforseo-bot)"
137.135.82.82 - - [14/Apr/2025:11:51:06 -0400] "GET /wp-content/blogs.dir/ HTTP/1.1" 500 1245 "-" "-"
137.135.82.82 - - [14/Apr/2025:11:51:07 -0400] "GET /wp-admin/maint/ HTTP/1.1" 200 777 "-" "-"
137.135.82.82 - - [14/Apr/2025:11:51:08 -0400] "GET /wp-admin/plugins/setup HTTP/1.1" 500 1245 "-" "-"
137.135.82.82 - - [14/Apr/2025:11:51:08 -0400] "GET /html_editor.php HTTP/1.1" 500 1245 "-" "-"
136.243.228.180 - - [14/Apr/2025:11:51:09 -0400] "GET /items/buodj6/4823?key=fleet HTTP/1.1" 500 1245 "-" "Mozilla/5.0 (compatible; DataForSeoBot/1.0; +https://dataforseo.com/dataforseo-bot)"
137.135.82.82 - - [14/Apr/2025:11:51:09 -0400] "GET /wp-content/plugins/qvkwtfvfez/ HTTP/1.1" 500 1245 "-" "-"
137.135.82.82 - - [14/Apr/2025:11:51:10 -0400] "GET /wp-cli.php HTTP/1.1" 500 1245 "-" "-"
137.135.82.82 - - [14/Apr/2025:11:51:11 -0400] "GET /dashboard.php HTTP/1.1" 500 1245 "-" "-"
137.135.82.82 - - [14/Apr/2025:11:51:11 -0400] "GET /ccx/ HTTP/1.1" 500 1245 "-" "-"
137.135.82.82 - - [14/Apr/2025:11:51:12 -0400] "GET /alfa-rex.php7 HTTP/1.1" 500 1245 "-" "-"
137.135.82.82 - - [14/Apr/2025:11:51:12 -0400] "GET /wp/wp-admin/wp-setup.php HTTP/1.1" 500 1245 "-" "-"
137.135.82.82 - - [14/Apr/2025:11:51:13 -0400] "GET /images/partner/partner/images/imgs/ HTTP/1.1" 500 1245 "-" "-"
136.243.228.180 - - [14/Apr/2025:11:51:13 -0400] "GET /items/tfpya274/8635?key=jurisdiction HTTP/1.1" 500 1245 "-" "Mozilla/5.0 (compatible; DataForSeoBot/1.0; +https://dataforseo.com/dataforseo-bot)"
137.135.82.82 - - [14/Apr/2025:11:51:14 -0400] "GET /wp/wp-content/themes/pridmag/ HTTP/1.1" 500 1245 "-" "-"
137.135.82.82 - - [14/Apr/2025:11:51:15 -0400] "GET /wp-content/themes/wp-pridmag/ HTTP/1.1" 500 1245 "-" "-"
137.135.82.82 - - [14/Apr/2025:11:51:17 -0400] "GET /wp-admin/includes/users.php HTTP/1.1" 500 1245 "-" "-"
136.243.228.180 - - [14/Apr/2025:11:51:17 -0400] "GET /items/vtlmf222/29393?key=suffering HTTP/1.1" 500 1245 "-" "Mozilla/5.0 (compatible; DataForSeoBot/1.0; +https://dataforseo.com/dataforseo-bot)"
137.135.82.82 - - [14/Apr/2025:11:51:18 -0400] "GET /wp-content/plugins/wp-hps/sh/ HTTP/1.1" 500 1245 "-" "-"
137.135.82.82 - - [14/Apr/2025:11:51:19 -0400] "GET /images/admin.php HTTP/1.1" 500 1245 "-" "-"
137.135.82.82 - - [14/Apr/2025:11:51:20 -0400] "GET /css/dmtixucz/golden-access/ HTTP/1.1" 500 1245 "-" "-"
137.135.82.82 - - [14/Apr/2025:11:51:21 -0400] "GET /libraries/phpmailer/updates.php HTTP/1.1" 500 1245 "-" "-"
136.243.228.180 - - [14/Apr/2025:11:51:22 -0400] "GET /items/zohol152/49754?key=hurricane HTTP/1.1" 500 1245 "-" "Mozilla/5.0 (compatible; DataForSeoBot/1.0; +https://dataforseo.com/dataforseo-bot)"
137.135.82.82 - - [14/Apr/2025:11:51:23 -0400] "GET /wp-content/plugins/aezvzos/ HTTP/1.1" 500 1245 "-" "-"
137.135.82.82 - - [14/Apr/2025:11:51:23 -0400] "GET /sim.php/wp-includes/certificates/ HTTP/1.1" 500 1245 "-" "-"
136.243.228.180 - - [14/Apr/2025:11:51:26 -0400] "GET /items/faydh256/34982?key=bias HTTP/1.1" 500 1245 "-" "Mozilla/5.0 (compatible; DataForSeoBot/1.0; +https://dataforseo.com/dataforseo-bot)"
137.135.82.82 - - [14/Apr/2025:11:51:26 -0400] "GET /wp-includes/assets/script-loader.php HTTP/1.1" 500 1245 "-" "-"
137.135.82.82 - - [14/Apr/2025:11:51:27 -0400] "GET /wp-includes/block-supports/index.php HTTP/1.1" 301 21 "-" "-"
137.135.82.82 - - [14/Apr/2025:11:51:28 -0400] "GET /wp-includes/block-supports/ HTTP/1.1" 200 1807 "-" "-"
137.135.82.82 - - [14/Apr/2025:11:51:28 -0400] "GET /excel.php HTTP/1.1" 500 1245 "-" "-"
137.135.82.82 - - [14/Apr/2025:11:51:29 -0400] "GET /php_editor.php HTTP/1.1" 500 1245 "-" "-"
136.243.228.180 - - [14/Apr/2025:11:51:29 -0400] "GET /items/kzsid105/34901?key=parent HTTP/1.1" 500 1245 "-" "Mozilla/5.0 (compatible; DataForSeoBot/1.0; +https://dataforseo.com/dataforseo-bot)"
137.135.82.82 - - [14/Apr/2025:11:51:29 -0400] "GET /wp-includes/theme-compat/border.php HTTP/1.1" 500 1245 "-" "-"
137.135.82.82 - - [14/Apr/2025:11:51:30 -0400] "GET /wp-admin/plugins/init HTTP/1.1" 500 1245 "-" "-"
137.135.82.82 - - [14/Apr/2025:11:51:31 -0400] "GET /wp-content/uploads/2016/03/ HTTP/1.1" 500 1245 "-" "-"
137.135.82.82 - - [14/Apr/2025:11:51:32 -0400] "GET /plugins/ HTTP/1.1" 500 1245 "-" "-"
137.135.82.82 - - [14/Apr/2025:11:51:32 -0400] "GET /wp-includes/SimplePie/HTTP/ HTTP/1.1" 500 1245 "-" "-"
136.243.228.180 - - [14/Apr/2025:11:51:33 -0400] "GET /items/bggdk41/26904?key=even HTTP/1.1" 500 1245 "-" "Mozilla/5.0 (compatible; DataForSeoBot/1.0; +https://dataforseo.com/dataforseo-bot)"
137.135.82.82 - - [14/Apr/2025:11:51:33 -0400] "GET /wp-content/plugins/Cache/ HTTP/1.1" 500 1245 "-" "-"
137.135.82.82 - - [14/Apr/2025:11:51:35 -0400] "GET /wp-content/plugins/seoplugins/ HTTP/1.1" 500 1245 "-" "-"
137.135.82.82 - - [14/Apr/2025:11:51:35 -0400] "GET /wp-includes/fonts/plugins.php HTTP/1.1" 500 1245 "-" "-"
137.135.82.82 - - [14/Apr/2025:11:51:37 -0400] "GET /wp-includes/js/tinymce/skins/lightgray/fonts/sx.php HTTP/1.1" 500 1245 "-" "-"
136.243.228.180 - - [14/Apr/2025:11:51:37 -0400] "GET /items/xoeng269/48728?key=lead HTTP/1.1" 500 1245 "-" "Mozilla/5.0 (compatible; DataForSeoBot/1.0; +https://dataforseo.com/dataforseo-bot)"
137.135.82.82 - - [14/Apr/2025:11:51:38 -0400] "GET /wp-content/themes/sketch/ HTTP/1.1" 500 1245 "-" "-"
137.135.82.82 - - [14/Apr/2025:11:51:38 -0400] "GET /wp-includes/assets/XeRzQ.php HTTP/1.1" 500 1245 "-" "-"
137.135.82.82 - - [14/Apr/2025:11:51:40 -0400] "GET /alfacgiapi/ HTTP/1.1" 500 1245 "-" "-"
137.135.82.82 - - [14/Apr/2025:11:51:41 -0400] "GET /wp-content/themes/tflow/ HTTP/1.1" 500 1245 "-" "-"
136.243.228.180 - - [14/Apr/2025:11:51:42 -0400] "GET /items/qdodo9/36694?key=remote HTTP/1.1" 500 1245 "-" "Mozilla/5.0 (compatible; DataForSeoBot/1.0; +https://dataforseo.com/dataforseo-bot)"
137.135.82.82 - - [14/Apr/2025:11:51:42 -0400] "GET /wp-content/uploads/js_composer/ HTTP/1.1" 500 1245 "-" "-"
137.135.82.82 - - [14/Apr/2025:11:51:43 -0400] "GET /wp-includes/SimplePie/Parse/ HTTP/1.1" 500 1245 "-" "-"
137.135.82.82 - - [14/Apr/2025:11:51:44 -0400] "GET /wp-includes/IXR/autoload_classmap.php HTTP/1.1" 500 1245 "-" "-"
137.135.82.82 - - [14/Apr/2025:11:51:45 -0400] "GET /.well-known/acme-challenge/sx.php HTTP/1.1" 500 1245 "-" "-"
136.243.228.180 - - [14/Apr/2025:11:51:46 -0400] "GET /items/buzqk49/22991?key=hate HTTP/1.1" 500 1245 "-" "Mozilla/5.0 (compatible; DataForSeoBot/1.0; +https://dataforseo.com/dataforseo-bot)"
137.135.82.82 - - [14/Apr/2025:11:51:46 -0400] "GET /wp-content/themes/tk9zgum9/ HTTP/1.1" 500 1245 "-" "-"
137.135.82.82 - - [14/Apr/2025:11:51:47 -0400] "GET /wp-content/uploads/2023/11/system.php HTTP/1.1" 500 1245 "-" "-"
137.135.82.82 - - [14/Apr/2025:11:51:48 -0400] "GET /.well-known/setup HTTP/1.1" 500 1245 "-" "-"
137.135.82.82 - - [14/Apr/2025:11:51:49 -0400] "GET /wp-content/plugins/seoo/alfa-rex.php HTTP/1.1" 500 1245 "-" "-"
136.243.228.180 - - [14/Apr/2025:11:51:50 -0400] "GET /items/kzlio143/44543?key=development HTTP/1.1" 500 1245 "-" "Mozilla/5.0 (compatible; DataForSeoBot/1.0; +https://dataforseo.com/dataforseo-bot)"
137.135.82.82 - - [14/Apr/2025:11:51:50 -0400] "GET /wp-content/plugins/wp-mail-smtp/src/ HTTP/1.1" 500 1245 "-" "-"
137.135.82.82 - - [14/Apr/2025:11:51:51 -0400] "GET /.wp-cli/wp-login.php HTTP/1.1" 500 1245 "-" "-"
137.135.82.82 - - [14/Apr/2025:11:51:51 -0400] "GET /byp.php HTTP/1.1" 500 1245 "-" "-"
137.135.82.82 - - [14/Apr/2025:11:51:52 -0400] "GET /classwithtostring.php HTTP/1.1" 500 1245 "-" "-"
137.135.82.82 - - [14/Apr/2025:11:51:53 -0400] "GET /wp-admin/js/index.php HTTP/1.1" 301 21 "-" "-"
136.243.228.180 - - [14/Apr/2025:11:51:53 -0400] "GET /items/qtxii144/26344?key=reach HTTP/1.1" 500 1245 "-" "Mozilla/5.0 (compatible; DataForSeoBot/1.0; +https://dataforseo.com/dataforseo-bot)"
137.135.82.82 - - [14/Apr/2025:11:51:54 -0400] "GET /wp-admin/js/ HTTP/1.1" 200 4284 "-" "-"
137.135.82.82 - - [14/Apr/2025:11:51:54 -0400] "GET /wp-includes/images/autoload_classmap.php HTTP/1.1" 500 1245 "-" "-"
137.135.82.82 - - [14/Apr/2025:11:51:55 -0400] "GET /wp-p.php7 HTTP/1.1" 500 1245 "-" "-"
137.135.82.82 - - [14/Apr/2025:11:51:55 -0400] "GET /xt/index.php HTTP/1.1" 301 21 "-" "-"
137.135.82.82 - - [14/Apr/2025:11:51:56 -0400] "GET /xt/ HTTP/1.1" 500 1245 "-" "-"
137.135.82.82 - - [14/Apr/2025:11:51:56 -0400] "GET /wp-content/plugins/custom/issue.php HTTP/1.1" 500 1245 "-" "-"
137.135.82.82 - - [14/Apr/2025:11:51:57 -0400] "GET /wsa.php HTTP/1.1" 500 1245 "-" "-"
136.243.228.180 - - [14/Apr/2025:11:51:57 -0400] "GET /items/pjfpn208/44470?key=in HTTP/1.1" 500 1245 "-" "Mozilla/5.0 (compatible; DataForSeoBot/1.0; +https://dataforseo.com/dataforseo-bot)"
137.135.82.82 - - [14/Apr/2025:11:51:57 -0400] "GET /wp-content/themes/krs2kdwa/ HTTP/1.1" 500 1245 "-" "-"
137.135.82.82 - - [14/Apr/2025:11:51:58 -0400] "GET /wp-includes/js/tinymce/themes/ HTTP/1.1" 200 795 "-" "-"
137.135.82.82 - - [14/Apr/2025:11:51:58 -0400] "GET /wp-admin/doc.php HTTP/1.1" 500 1245 "-" "-"
137.135.82.82 - - [14/Apr/2025:11:51:59 -0400] "GET /wp-admin/css/colors/blue/blkaabkj.php HTTP/1.1" 500 1245 "-" "-"
137.135.82.82 - - [14/Apr/2025:11:52:00 -0400] "GET /hinfofuns.php HTTP/1.1" 500 1245 "-" "-"
137.135.82.82 - - [14/Apr/2025:11:52:00 -0400] "GET /wp-index.php HTTP/1.1" 500 1245 "-" "-"
137.135.82.82 - - [14/Apr/2025:11:52:01 -0400] "GET /wp-admin/images/Mhbgf.php HTTP/1.1" 500 1245 "-" "-"
136.243.228.180 - - [14/Apr/2025:11:52:01 -0400] "GET /items/uqxkz179/49698?key=tiny HTTP/1.1" 500 1245 "-" "Mozilla/5.0 (compatible; DataForSeoBot/1.0; +https://dataforseo.com/dataforseo-bot)"
137.135.82.82 - - [14/Apr/2025:11:52:01 -0400] "GET /wp-includes/PHPMailer/about.php HTTP/1.1" 500 1245 "-" "-"
137.135.82.82 - - [14/Apr/2025:11:52:02 -0400] "GET /wp-content/plugins/backup-backup/includes/438788106...php HTTP/1.1" 500 1245 "-" "-"
20.171.207.13 - - [14/Apr/2025:11:52:02 -0400] "GET /items/zljhz184/6163?key=shell HTTP/1.1" 500 1245 "-" "Mozilla/5.0 AppleWebKit/537.36 (KHTML, like Gecko; compatible; GPTBot/1.2; +https://openai.com/gptbot)"
137.135.82.82 - - [14/Apr/2025:11:52:03 -0400] "GET /wp-content/uploads/2023/05/404.php HTTP/1.1" 500 1245 "-" "-"
137.135.82.82 - - [14/Apr/2025:11:52:03 -0400] "GET /wp-admin/uploads HTTP/1.1" 500 1245 "-" "-"
137.135.82.82 - - [14/Apr/2025:11:52:04 -0400] "GET /wp-content/style-css.php HTTP/1.1" 500 1245 "-" "-"
137.135.82.82 - - [14/Apr/2025:11:52:04 -0400] "GET /ynz.PhP7 HTTP/1.1" 500 1245 "-" "-"
137.135.82.82 - - [14/Apr/2025:11:52:05 -0400] "GET /css/sgd.php HTTP/1.1" 500 1245 "-" "-"
136.243.228.180 - - [14/Apr/2025:11:52:05 -0400] "GET /items/wnbac79/4244?key=mountain HTTP/1.1" 500 1245 "-" "Mozilla/5.0 (compatible; DataForSeoBot/1.0; +https://dataforseo.com/dataforseo-bot)"
198.54.114.83 - - [14/Apr/2025:11:52:06 -0400] "POST /wp-cron.php?doing_wp_cron=1744645926.2868309020996093750000 HTTP/1.1" 403 1242 "-" "WordPress/6.7.2; https://bayrampasaspor.com"
137.135.82.82 - - [14/Apr/2025:11:52:06 -0400] "GET /wp-admin/YP1cuvy6WrD.php HTTP/1.1" 500 1245 "-" "-"
137.135.82.82 - - [14/Apr/2025:11:52:06 -0400] "GET /LA.php HTTP/1.1" 500 1245 "-" "-"
137.135.82.82 - - [14/Apr/2025:11:52:07 -0400] "GET /wp-content/plugins/gdrxuof/ HTTP/1.1" 500 1245 "-" "-"
137.135.82.82 - - [14/Apr/2025:11:52:07 -0400] "GET /.well-known/about HTTP/1.1" 301 21 "-" "-"
136.243.228.180 - - [14/Apr/2025:11:52:09 -0400] "GET /items/yyjua219/39199?key=initiative HTTP/1.1" 500 1245 "-" "Mozilla/5.0 (compatible; DataForSeoBot/1.0; +https://dataforseo.com/dataforseo-bot)"
137.135.82.82 - - [14/Apr/2025:11:52:09 -0400] "GET /wp-content/plugins/placester/views/partials/ HTTP/1.1" 500 1245 "-" "-"
137.135.82.82 - - [14/Apr/2025:11:52:10 -0400] "GET /adminfuns.php HTTP/1.1" 500 1245 "-" "-"
137.135.82.82 - - [14/Apr/2025:11:52:10 -0400] "GET /restart.php HTTP/1.1" 500 1245 "-" "-"
137.135.82.82 - - [14/Apr/2025:11:52:11 -0400] "GET /wp-content/mu-plugins/ HTTP/1.1" 500 1245 "-" "-"
137.135.82.82 - - [14/Apr/2025:11:52:12 -0400] "GET /wp-admin/includes/sx.php HTTP/1.1" 500 1245 "-" "-"
137.135.82.82 - - [14/Apr/2025:11:52:13 -0400] "GET /down.php HTTP/1.1" 500 1245 "-" "-"
137.135.82.82 - - [14/Apr/2025:11:52:13 -0400] "GET /wp-includes/assets/autoload_classmap.php HTTP/1.1" 500 1245 "-" "-"
136.243.228.180 - - [14/Apr/2025:11:52:13 -0400] "GET /items/ewwly88/13849?key=fill HTTP/1.1" 500 1245 "-" "Mozilla/5.0 (compatible; DataForSeoBot/1.0; +https://dataforseo.com/dataforseo-bot)"
137.135.82.82 - - [14/Apr/2025:11:52:14 -0400] "GET /vendor/ HTTP/1.1" 500 1245 "-" "-"
137.135.82.82 - - [14/Apr/2025:11:52:14 -0400] "GET /wp-admin/js/wp-login.php HTTP/1.1" 500 1245 "-" "-"
137.135.82.82 - - [14/Apr/2025:11:52:15 -0400] "GET /wp-includes/SimplePie/Cache/contents.php HTTP/1.1" 500 1245 "-" "-"
137.135.82.82 - - [14/Apr/2025:11:52:16 -0400] "GET /wp-admin/network/sx.php HTTP/1.1" 500 1245 "-" "-"
137.135.82.82 - - [14/Apr/2025:11:52:16 -0400] "GET /css/admin.php HTTP/1.1" 500 1245 "-" "-"
137.135.82.82 - - [14/Apr/2025:11:52:17 -0400] "GET /libraries/legacy/updates.php HTTP/1.1" 500 1245 "-" "-"
137.135.82.82 - - [14/Apr/2025:11:52:17 -0400] "GET /wp-includes/js/tinymce/skins/wordpress/images/ HTTP/1.1" 200 1508 "-" "-"
137.135.82.82 - - [14/Apr/2025:11:52:17 -0400] "GET /wp-includes/js/tinymce/wp-tinymce.php HTTP/1.1" 403 1242 "-" "-"
136.243.228.180 - - [14/Apr/2025:11:52:17 -0400] "GET /items/lgwne136/40581?key=missionary HTTP/1.1" 500 1245 "-" "Mozilla/5.0 (compatible; DataForSeoBot/1.0; +https://dataforseo.com/dataforseo-bot)"
137.135.82.82 - - [14/Apr/2025:11:52:18 -0400] "GET /wp-includes/style-engine/about.php HTTP/1.1" 500 1245 "-" "-"
137.135.82.82 - - [14/Apr/2025:11:52:19 -0400] "GET /Text/Diff/ HTTP/1.1" 500 1245 "-" "-"
137.135.82.82 - - [14/Apr/2025:11:52:19 -0400] "GET /ee.php HTTP/1.1" 500 1245 "-" "-"
137.135.82.82 - - [14/Apr/2025:11:52:20 -0400] "GET /wp-content/upgrade/wp-login.php HTTP/1.1" 500 1245 "-" "-"
137.135.82.82 - - [14/Apr/2025:11:52:20 -0400] "GET /filter.php HTTP/1.1" 500 1245 "-" "-"
137.135.82.82 - - [14/Apr/2025:11:52:21 -0400] "GET /wp-content/plugins/WordPressCore/blkfqnikz.php HTTP/1.1" 500 1245 "-" "-"
137.135.82.82 - - [14/Apr/2025:11:52:21 -0400] "GET /wp-includes/gCdfg/index.php HTTP/1.1" 301 21 "-" "-"
136.243.228.180 - - [14/Apr/2025:11:52:22 -0400] "GET /items/rhnjj98/40328?key=cool HTTP/1.1" 500 1245 "-" "Mozilla/5.0 (compatible; DataForSeoBot/1.0; +https://dataforseo.com/dataforseo-bot)"
137.135.82.82 - - [14/Apr/2025:11:52:22 -0400] "GET /wp-includes/gCdfg/ HTTP/1.1" 500 1245 "-" "-"
137.135.82.82 - - [14/Apr/2025:11:52:22 -0400] "GET /aaa.php HTTP/1.1" 500 1245 "-" "-"
137.135.82.82 - - [14/Apr/2025:11:52:23 -0400] "GET /files.php HTTP/1.1" 500 1245 "-" "-"
137.135.82.82 - - [14/Apr/2025:11:52:24 -0400] "GET /wp-includes/sodium_compat/namespaced/ HTTP/1.1" 200 897 "-" "-"
137.135.82.82 - - [14/Apr/2025:11:52:24 -0400] "GET /wp-includes/wp-widgets.php HTTP/1.1" 500 1245 "-" "-"
137.135.82.82 - - [14/Apr/2025:11:52:25 -0400] "GET /tinyfilemanager/ HTTP/1.1" 500 1245 "-" "-"
137.135.82.82 - - [14/Apr/2025:11:52:25 -0400] "GET /lai/robotica/wp-content/themes/seotheme/ HTTP/1.1" 500 1245 "-" "-"
136.243.228.180 - - [14/Apr/2025:11:52:26 -0400] "GET /items/zltdw125/33382?key=banking HTTP/1.1" 500 1245 "-" "Mozilla/5.0 (compatible; DataForSeoBot/1.0; +https://dataforseo.com/dataforseo-bot)"
137.135.82.82 - - [14/Apr/2025:11:52:26 -0400] "GET /wp-content/plugins/upspy/ HTTP/1.1" 500 1245 "-" "-"
137.135.82.82 - - [14/Apr/2025:11:52:27 -0400] "GET /thumbnail.php HTTP/1.1" 500 1245 "-" "-"
137.135.82.82 - - [14/Apr/2025:11:52:28 -0400] "GET /wp-admin/js/ HTTP/1.1" 200 4284 "-" "-"
137.135.82.82 - - [14/Apr/2025:11:52:29 -0400] "GET /wp-includes/blocks/block/ HTTP/1.1" 200 775 "-" "-"
137.135.82.82 - - [14/Apr/2025:11:52:29 -0400] "GET /wp-content/plugins/yfsmxkj/ HTTP/1.1" 500 1245 "-" "-"
136.243.228.180 - - [14/Apr/2025:11:52:30 -0400] "GET /items/zjvlc49/2526?key=admire HTTP/1.1" 500 1245 "-" "Mozilla/5.0 (compatible; DataForSeoBot/1.0; +https://dataforseo.com/dataforseo-bot)"
137.135.82.82 - - [14/Apr/2025:11:52:30 -0400] "GET /cgi-bin/cloud.php HTTP/1.1" 500 1245 "-" "-"
137.135.82.82 - - [14/Apr/2025:11:52:31 -0400] "GET /wp-content/themes/aahana/ HTTP/1.1" 500 1245 "-" "-"
137.135.82.82 - - [14/Apr/2025:11:52:32 -0400] "GET /.well-known/pki-validation/gkiliuew.php HTTP/1.1" 404 1251 "-" "-"
137.135.82.82 - - [14/Apr/2025:11:52:32 -0400] "GET /video.php HTTP/1.1" 500 1245 "-" "-"
136.243.228.180 - - [14/Apr/2025:11:52:33 -0400] "GET /items/ykano120/9365?key=quit HTTP/1.1" 500 1245 "-" "Mozilla/5.0 (compatible; DataForSeoBot/1.0; +https://dataforseo.com/dataforseo-bot)"
137.135.82.82 - - [14/Apr/2025:11:52:33 -0400] "GET /wp-content/shell20211028.php HTTP/1.1" 500 1245 "-" "-"
137.135.82.82 - - [14/Apr/2025:11:52:35 -0400] "GET /ALFA_DATA/alfacgiapi/function.php HTTP/1.1" 500 1245 "-" "-"
137.135.82.82 - - [14/Apr/2025:11:52:35 -0400] "GET /wp-admin/css/colors/coffee/about.php HTTP/1.1" 500 1245 "-" "-"
137.135.82.82 - - [14/Apr/2025:11:52:36 -0400] "GET /vendor/bin/loader.php/wp-admin/ HTTP/1.1" 500 1245 "-" "-"
137.135.82.82 - - [14/Apr/2025:11:52:38 -0400] "GET /wp-content/plugins/core/include.php HTTP/1.1" 500 1245 "-" "-"
136.243.228.180 - - [14/Apr/2025:11:52:38 -0400] "GET /items/fcghn62/6240?key=dish HTTP/1.1" 500 1245 "-" "Mozilla/5.0 (compatible; DataForSeoBot/1.0; +https://dataforseo.com/dataforseo-bot)"
137.135.82.82 - - [14/Apr/2025:11:52:38 -0400] "GET /avaa.php HTTP/1.1" 500 1245 "-" "-"
137.135.82.82 - - [14/Apr/2025:11:52:38 -0400] "GET /ern.PhP7 HTTP/1.1" 500 1245 "-" "-"
137.135.82.82 - - [14/Apr/2025:11:52:40 -0400] "GET /upload/2021_02_08/ HTTP/1.1" 500 1245 "-" "-"
137.135.82.82 - - [14/Apr/2025:11:52:40 -0400] "GET /wp-includes/customize/themes.php HTTP/1.1" 500 1245 "-" "-"
137.135.82.82 - - [14/Apr/2025:11:52:42 -0400] "GET /payment.php HTTP/1.1" 500 1245 "-" "-"
136.243.228.180 - - [14/Apr/2025:11:52:42 -0400] "GET /items/tvjlk148/27358?key=zone HTTP/1.1" 500 1245 "-" "Mozilla/5.0 (compatible; DataForSeoBot/1.0; +https://dataforseo.com/dataforseo-bot)"
137.135.82.82 - - [14/Apr/2025:11:52:43 -0400] "GET /wp-init.php HTTP/1.1" 500 1245 "-" "-"
137.135.82.82 - - [14/Apr/2025:11:52:43 -0400] "GET /indec.php HTTP/1.1" 500 1245 "-" "-"
137.135.82.82 - - [14/Apr/2025:11:52:44 -0400] "GET /.well-known/plugins/default HTTP/1.1" 500 1245 "-" "-"
137.135.82.82 - - [14/Apr/2025:11:52:45 -0400] "GET /wp-content/uploads/cache.php HTTP/1.1" 500 1245 "-" "-"
136.243.228.180 - - [14/Apr/2025:11:52:46 -0400] "GET /items/ipegp218/21388?key=ocean HTTP/1.1" 500 1245 "-" "Mozilla/5.0 (compatible; DataForSeoBot/1.0; +https://dataforseo.com/dataforseo-bot)"
137.135.82.82 - - [14/Apr/2025:11:52:46 -0400] "GET /chtmlfuns.php HTTP/1.1" 500 1245 "-" "-"
137.135.82.82 - - [14/Apr/2025:11:52:47 -0400] "GET /assets/libs/filemanager/ HTTP/1.1" 500 1245 "-" "-"
137.135.82.82 - - [14/Apr/2025:11:52:48 -0400] "GET /wp-includes/images/wp-login.php HTTP/1.1" 500 1245 "-" "-"
136.243.228.180 - - [14/Apr/2025:11:52:50 -0400] "GET /items/tgsbo203/13131?key=economist HTTP/1.1" 500 1245 "-" "Mozilla/5.0 (compatible; DataForSeoBot/1.0; +https://dataforseo.com/dataforseo-bot)"
137.135.82.82 - - [14/Apr/2025:11:52:50 -0400] "GET /wp-includes/product.php HTTP/1.1" 500 1245 "-" "-"
137.135.82.82 - - [14/Apr/2025:11:52:51 -0400] "GET /wp-content/upload.php HTTP/1.1" 500 1245 "-" "-"
137.135.82.82 - - [14/Apr/2025:11:52:51 -0400] "GET /wp-admin/plugins/config HTTP/1.1" 500 1245 "-" "-"
137.135.82.82 - - [14/Apr/2025:11:52:52 -0400] "GET /wp-includes/css/wp-login.php HTTP/1.1" 500 1245 "-" "-"
137.135.82.82 - - [14/Apr/2025:11:52:53 -0400] "GET /wp-content/plugins/fix/00.php HTTP/1.1" 500 1245 "-" "-"
136.243.228.180 - - [14/Apr/2025:11:52:53 -0400] "GET /items/myhrc60/36421?key=session HTTP/1.1" 500 1245 "-" "Mozilla/5.0 (compatible; DataForSeoBot/1.0; +https://dataforseo.com/dataforseo-bot)"
137.135.82.82 - - [14/Apr/2025:11:52:53 -0400] "GET /wp-includes/rest-api/ZVQCc/ HTTP/1.1" 500 1245 "-" "-"
137.135.82.82 - - [14/Apr/2025:11:52:55 -0400] "GET /wp-admin/includes/themes.php HTTP/1.1" 500 1245 "-" "-"
137.135.82.82 - - [14/Apr/2025:11:52:56 -0400] "GET /.well-known/acme-challenge/doc.php HTTP/1.1" 500 1245 "-" "-"
137.135.82.82 - - [14/Apr/2025:11:52:57 -0400] "GET /wp-content/plugins/gzzmasp/ HTTP/1.1" 500 1245 "-" "-"
136.243.228.180 - - [14/Apr/2025:11:52:58 -0400] "GET /items/infrg122/32657?key=intervention HTTP/1.1" 500 1245 "-" "Mozilla/5.0 (compatible; DataForSeoBot/1.0; +https://dataforseo.com/dataforseo-bot)"
137.135.82.82 - - [14/Apr/2025:11:52:59 -0400] "GET /admin/upload/css.php HTTP/1.1" 500 1245 "-" "-"
137.135.82.82 - - [14/Apr/2025:11:53:01 -0400] "GET /shell.php HTTP/1.1" 500 1245 "-" "-"
136.243.228.180 - - [14/Apr/2025:11:53:03 -0400] "GET /items/zfnyg254/42911?key=transition HTTP/1.1" 500 1245 "-" "Mozilla/5.0 (compatible; DataForSeoBot/1.0; +https://dataforseo.com/dataforseo-bot)"
137.135.82.82 - - [14/Apr/2025:11:53:04 -0400] "GET /config.php HTTP/1.1" 500 1245 "-" "-"
20.171.207.13 - - [14/Apr/2025:11:53:05 -0400] "GET /items/vdlwb145/43288?key=instrument HTTP/1.1" 500 1245 "-" "Mozilla/5.0 AppleWebKit/537.36 (KHTML, like Gecko; compatible; GPTBot/1.2; +https://openai.com/gptbot)"
137.135.82.82 - - [14/Apr/2025:11:53:07 -0400] "GET /wp-includes/css/index.php HTTP/1.1" 301 21 "-" "-"
136.243.228.180 - - [14/Apr/2025:11:53:07 -0400] "GET /items/zwqpu240/36060?key=commissioner HTTP/1.1" 500 1245 "-" "Mozilla/5.0 (compatible; DataForSeoBot/1.0; +https://dataforseo.com/dataforseo-bot)"
137.135.82.82 - - [14/Apr/2025:11:53:08 -0400] "GET /wp-includes/css/ HTTP/1.1" 200 2370 "-" "-"
137.135.82.82 - - [14/Apr/2025:11:53:11 -0400] "GET /estudiante16/ HTTP/1.1" 500 1245 "-" "-"
136.243.228.180 - - [14/Apr/2025:11:53:11 -0400] "GET /items/zzrxf142/29261?key=industrial HTTP/1.1" 500 1245 "-" "Mozilla/5.0 (compatible; DataForSeoBot/1.0; +https://dataforseo.com/dataforseo-bot)"
137.135.82.82 - - [14/Apr/2025:11:53:12 -0400] "GET /access.php HTTP/1.1" 500 1245 "-" "-"
137.135.82.82 - - [14/Apr/2025:11:53:13 -0400] "GET /lv.php HTTP/1.1" 500 1245 "-" "-"
137.135.82.82 - - [14/Apr/2025:11:53:15 -0400] "GET /wp-content/uploads/wp-booter.php HTTP/1.1" 500 1245 "-" "-"
136.243.228.180 - - [14/Apr/2025:11:53:15 -0400] "GET /items/rmgxf284/2193?key=sea HTTP/1.1" 500 1245 "-" "Mozilla/5.0 (compatible; DataForSeoBot/1.0; +https://dataforseo.com/dataforseo-bot)"
137.135.82.82 - - [14/Apr/2025:11:53:17 -0400] "GET /wp-admin/css/colors/blue/atomlib.php HTTP/1.1" 500 1245 "-" "-"
136.243.228.180 - - [14/Apr/2025:11:53:18 -0400] "GET /items/osrvs244/7506?key=myself HTTP/1.1" 500 1245 "-" "Mozilla/5.0 (compatible; DataForSeoBot/1.0; +https://dataforseo.com/dataforseo-bot)"
137.135.82.82 - - [14/Apr/2025:11:53:18 -0400] "GET /11index.php HTTP/1.1" 500 1245 "-" "-"
137.135.82.82 - - [14/Apr/2025:11:53:19 -0400] "GET /b0.php HTTP/1.1" 500 1245 "-" "-"
137.135.82.82 - - [14/Apr/2025:11:53:19 -0400] "GET /invoice.php HTTP/1.1" 500 1245 "-" "-"
137.135.82.82 - - [14/Apr/2025:11:53:20 -0400] "GET /logs_view.php HTTP/1.1" 500 1245 "-" "-"
137.135.82.82 - - [14/Apr/2025:11:53:21 -0400] "GET /wikindex.php HTTP/1.1" 500 1245 "-" "-"
136.243.228.180 - - [14/Apr/2025:11:53:21 -0400] "GET /items/mgqng236/23577?key=premise HTTP/1.1" 500 1245 "-" "Mozilla/5.0 (compatible; DataForSeoBot/1.0; +https://dataforseo.com/dataforseo-bot)"
137.135.82.82 - - [14/Apr/2025:11:53:22 -0400] "GET /ern1.php HTTP/1.1" 500 1245 "-" "-"
137.135.82.82 - - [14/Apr/2025:11:53:23 -0400] "GET /access_logs.php HTTP/1.1" 500 1245 "-" "-"
137.135.82.82 - - [14/Apr/2025:11:53:23 -0400] "GET /wp-content/plugins/instabuilder2/cache/plugins/ HTTP/1.1" 500 1245 "-" "-"
137.135.82.82 - - [14/Apr/2025:11:53:24 -0400] "GET /wp-content/plugins/masterx/ HTTP/1.1" 500 1245 "-" "-"
137.135.82.82 - - [14/Apr/2025:11:53:25 -0400] "GET /1.php7 HTTP/1.1" 500 1245 "-" "-"
136.243.228.180 - - [14/Apr/2025:11:53:25 -0400] "GET /items/aeynd175/32255?key=talk HTTP/1.1" 500 1245 "-" "Mozilla/5.0 (compatible; DataForSeoBot/1.0; +https://dataforseo.com/dataforseo-bot)"
137.135.82.82 - - [14/Apr/2025:11:53:26 -0400] "GET /defaults.php HTTP/1.1" 500 1245 "-" "-"
137.135.82.82 - - [14/Apr/2025:11:53:27 -0400] "GET /wp-content/plugins/WordPressCore/ HTTP/1.1" 500 1245 "-" "-"
137.135.82.82 - - [14/Apr/2025:11:53:29 -0400] "GET /wp-includes/js/tinymce/skins/wordpress/images/index.php HTTP/1.1" 301 21 "-" "-"
136.243.228.180 - - [14/Apr/2025:11:53:29 -0400] "GET /items/xgycy268/26080?key=inform HTTP/1.1" 500 1245 "-" "Mozilla/5.0 (compatible; DataForSeoBot/1.0; +https://dataforseo.com/dataforseo-bot)"
137.135.82.82 - - [14/Apr/2025:11:53:30 -0400] "GET /wp-includes/js/tinymce/skins/wordpress/images/ HTTP/1.1" 200 1508 "-" "-"
137.135.82.82 - - [14/Apr/2025:11:53:31 -0400] "GET /audio.php HTTP/1.1" 500 1245 "-" "-"
137.135.82.82 - - [14/Apr/2025:11:53:32 -0400] "GET /block-bindings.php HTTP/1.1" 500 1245 "-" "-"
136.243.228.180 - - [14/Apr/2025:11:53:33 -0400] "GET /items/afvog207/47787?key=jaw HTTP/1.1" 500 1245 "-" "Mozilla/5.0 (compatible; DataForSeoBot/1.0; +https://dataforseo.com/dataforseo-bot)"
137.135.82.82 - - [14/Apr/2025:11:53:33 -0400] "GET /wso.php HTTP/1.1" 500 1245 "-" "-"
137.135.82.82 - - [14/Apr/2025:11:53:35 -0400] "GET /activity.php HTTP/1.1" 500 1245 "-" "-"
137.135.82.82 - - [14/Apr/2025:11:53:36 -0400] "GET /database.php HTTP/1.1" 500 1245 "-" "-"
136.243.228.180 - - [14/Apr/2025:11:53:37 -0400] "GET /items/loyqx86/44424?key=optimistic HTTP/1.1" 500 1245 "-" "Mozilla/5.0 (compatible; DataForSeoBot/1.0; +https://dataforseo.com/dataforseo-bot)"
137.135.82.82 - - [14/Apr/2025:11:53:39 -0400] "GET /endpoint.php HTTP/1.1" 500 1245 "-" "-"
137.135.82.82 - - [14/Apr/2025:11:53:40 -0400] "GET /wp-admin/css/colors/sunrise/about.php HTTP/1.1" 500 1245 "-" "-"
137.135.82.82 - - [14/Apr/2025:11:53:42 -0400] "GET /admin.php7 HTTP/1.1" 500 1245 "-" "-"
136.243.228.180 - - [14/Apr/2025:11:53:42 -0400] "GET /items/bnjjc236/25477?key=intelligent HTTP/1.1" 500 1245 "-" "Mozilla/5.0 (compatible; DataForSeoBot/1.0; +https://dataforseo.com/dataforseo-bot)"
137.135.82.82 - - [14/Apr/2025:11:53:44 -0400] "GET /tutorial.php HTTP/1.1" 500 1245 "-" "-"
137.135.82.82 - - [14/Apr/2025:11:53:46 -0400] "GET /logs.php HTTP/1.1" 500 1245 "-" "-"
136.243.228.180 - - [14/Apr/2025:11:53:46 -0400] "GET /items/ufhnr191/40022?key=negative HTTP/1.1" 500 1245 "-" "Mozilla/5.0 (compatible; DataForSeoBot/1.0; +https://dataforseo.com/dataforseo-bot)"
137.135.82.82 - - [14/Apr/2025:11:53:47 -0400] "GET /wp-includes/js/imgareaselect/ HTTP/1.1" 200 965 "-" "-"
137.135.82.82 - - [14/Apr/2025:11:53:49 -0400] "GET /wp-content/languages/wp-login.php HTTP/1.1" 500 1245 "-" "-"
136.243.228.180 - - [14/Apr/2025:11:53:50 -0400] "GET /items/qyxxm49/39616?key=assist HTTP/1.1" 500 1245 "-" "Mozilla/5.0 (compatible; DataForSeoBot/1.0; +https://dataforseo.com/dataforseo-bot)"
137.135.82.82 - - [14/Apr/2025:11:53:50 -0400] "GET /wp-content/themes/twentytwenty/ HTTP/1.1" 500 1245 "-" "-"
137.135.82.82 - - [14/Apr/2025:11:53:51 -0400] "GET /cgi-bin/upfile.php HTTP/1.1" 500 1245 "-" "-"
137.135.82.82 - - [14/Apr/2025:11:53:52 -0400] "GET /cgi-sys/ HTTP/1.1" 403 1242 "-" "-"
137.135.82.82 - - [14/Apr/2025:11:53:52 -0400] "GET /wp-includes/blocks/more/ HTTP/1.1" 200 900 "-" "-"
137.135.82.82 - - [14/Apr/2025:11:53:53 -0400] "GET /shellv3.php HTTP/1.1" 500 1245 "-" "-"
18.191.199.234 - - [14/Apr/2025:11:53:54 -0400] "GET /wp-content/plugins/litespeed-cache/readme.txt HTTP/1.1" 200 12442 "-" "Mozlila/5.0 (Linux; Android 7.0; SM-G892A Bulid/NRD90M; wv) AppleWebKit/537.36 (KHTML, like Gecko) Version/4.0 Chrome/60.0.3112.107 Moblie Safari/537.36"
137.135.82.82 - - [14/Apr/2025:11:53:54 -0400] "GET /wp-admin/includes/xmrlpc.php HTTP/1.1" 500 1245 "-" "-"
136.243.228.180 - - [14/Apr/2025:11:53:54 -0400] "GET /items/wgmwg189/42483?key=precise HTTP/1.1" 500 1245 "-" "Mozilla/5.0 (compatible; DataForSeoBot/1.0; +https://dataforseo.com/dataforseo-bot)"
137.135.82.82 - - [14/Apr/2025:11:53:55 -0400] "GET /wp-content/themes/9geiaoo5/ HTTP/1.1" 500 1245 "-" "-"
137.135.82.82 - - [14/Apr/2025:11:53:55 -0400] "GET /wp-2019.php HTTP/1.1" 500 1245 "-" "-"
137.135.82.82 - - [14/Apr/2025:11:53:55 -0400] "GET /.well-known/acme-challenge/about.php HTTP/1.1" 500 1245 "-" "-"
137.135.82.82 - - [14/Apr/2025:11:53:56 -0400] "GET /wp-content/plugins/whusrhk/ HTTP/1.1" 500 1245 "-" "-"
137.135.82.82 - - [14/Apr/2025:11:53:57 -0400] "GET /articles.php HTTP/1.1" 500 1245 "-" "-"
137.135.82.82 - - [14/Apr/2025:11:53:57 -0400] "GET /wp-content/upgrade-temp-backup/ HTTP/1.1" 200 694 "-" "-"
136.243.228.180 - - [14/Apr/2025:11:53:57 -0400] "GET /items/lknmv199/33564?key=relax HTTP/1.1" 500 1245 "-" "Mozilla/5.0 (compatible; DataForSeoBot/1.0; +https://dataforseo.com/dataforseo-bot)"
137.135.82.82 - - [14/Apr/2025:11:53:57 -0400] "GET /gins/wp-help/ HTTP/1.1" 500 1245 "-" "-"
137.135.82.82 - - [14/Apr/2025:11:53:58 -0400] "GET /wp-content HTTP/1.1" 301 795 "-" "-"
137.135.82.82 - - [14/Apr/2025:11:53:58 -0400] "GET /wp-content/ HTTP/1.1" 200 0 "-" "-"
137.135.82.82 - - [14/Apr/2025:11:53:58 -0400] "GET /wp-includes/images/wlw/ HTTP/1.1" 500 1245 "-" "-"
137.135.82.82 - - [14/Apr/2025:11:53:58 -0400] "GET /sim.php/wp-includes/certificates/plugins.php HTTP/1.1" 500 1245 "-" "-"
137.135.82.82 - - [14/Apr/2025:11:53:59 -0400] "GET /site/ HTTP/1.1" 500 1245 "-" "-"
137.135.82.82 - - [14/Apr/2025:11:53:59 -0400] "GET /templates/beez3/ HTTP/1.1" 500 1245 "-" "-"
137.135.82.82 - - [14/Apr/2025:11:54:00 -0400] "GET /wp-content/plugins/dummyyummy/ HTTP/1.1" 500 1245 "-" "-"
137.135.82.82 - - [14/Apr/2025:11:54:01 -0400] "GET /wp/wp-admin/includes/ HTTP/1.1" 500 1245 "-" "-"
137.135.82.82 - - [14/Apr/2025:11:54:01 -0400] "GET /wp-includes/Text/autoload_classmap.php HTTP/1.1" 500 1245 "-" "-"
136.243.228.180 - - [14/Apr/2025:11:54:02 -0400] "GET /items/zbzbb271/49553?key=haul HTTP/1.1" 500 1245 "-" "Mozilla/5.0 (compatible; DataForSeoBot/1.0; +https://dataforseo.com/dataforseo-bot)"
137.135.82.82 - - [14/Apr/2025:11:54:02 -0400] "GET /wp-content/plugins/dazmhjz/ HTTP/1.1" 500 1245 "-" "-"
137.135.82.82 - - [14/Apr/2025:11:54:03 -0400] "GET /wp-content/languages/about.php HTTP/1.1" 500 1245 "-" "-"
137.135.82.82 - - [14/Apr/2025:11:54:03 -0400] "GET /storage/ HTTP/1.1" 500 1245 "-" "-"
137.135.82.82 - - [14/Apr/2025:11:54:04 -0400] "GET /wp-content/themes/twentytwenty/404.php HTTP/1.1" 500 1245 "-" "-"
137.135.82.82 - - [14/Apr/2025:11:54:06 -0400] "GET /pomo/ HTTP/1.1" 500 1245 "-" "-"
198.54.114.83 - - [14/Apr/2025:11:54:07 -0400] "POST /wp-cron.php?doing_wp_cron=1744646046.5584490299224853515625 HTTP/1.1" 403 1242 "-" "WordPress/6.7.2; https://bayrampasaspor.com"
136.243.228.180 - - [14/Apr/2025:11:54:06 -0400] "GET /items/fmhsx82/27492?key=excellent HTTP/1.1" 500 1245 "-" "Mozilla/5.0 (compatible; DataForSeoBot/1.0; +https://dataforseo.com/dataforseo-bot)"
20.171.207.13 - - [14/Apr/2025:11:54:07 -0400] "GET /items/fjria95/17461?key=straight HTTP/1.1" 500 1245 "-" "Mozilla/5.0 AppleWebKit/537.36 (KHTML, like Gecko; compatible; GPTBot/1.2; +https://openai.com/gptbot)"
137.135.82.82 - - [14/Apr/2025:11:54:07 -0400] "GET /wp-content/upgrade/sx.php HTTP/1.1" 500 1245 "-" "-"
137.135.82.82 - - [14/Apr/2025:11:54:08 -0400] "GET /wp-content/plugins/WordPressCore/fm.php HTTP/1.1" 500 1245 "-" "-"
137.135.82.82 - - [14/Apr/2025:11:54:10 -0400] "GET /wp-includes/images/include.php HTTP/1.1" 500 1245 "-" "-"
136.243.228.180 - - [14/Apr/2025:11:54:10 -0400] "GET /items/zlugf298/5015?key=web HTTP/1.1" 500 1245 "-" "Mozilla/5.0 (compatible; DataForSeoBot/1.0; +https://dataforseo.com/dataforseo-bot)"
137.135.82.82 - - [14/Apr/2025:11:54:12 -0400] "GET /admin-post.php HTTP/1.1" 500 1245 "-" "-"
136.243.228.180 - - [14/Apr/2025:11:54:14 -0400] "GET /items/mufjq184/9081?key=right HTTP/1.1" 500 1245 "-" "Mozilla/5.0 (compatible; DataForSeoBot/1.0; +https://dataforseo.com/dataforseo-bot)"
136.243.228.180 - - [14/Apr/2025:11:54:18 -0400] "GET /items/wldbo219/48052?key=cop HTTP/1.1" 500 1245 "-" "Mozilla/5.0 (compatible; DataForSeoBot/1.0; +https://dataforseo.com/dataforseo-bot)"
136.243.228.180 - - [14/Apr/2025:11:54:22 -0400] "GET /items/jauxc77/35902?key=rhetoric HTTP/1.1" 500 1245 "-" "Mozilla/5.0 (compatible; DataForSeoBot/1.0; +https://dataforseo.com/dataforseo-bot)"
136.243.228.180 - - [14/Apr/2025:11:54:27 -0400] "GET /items/kpooz131/82?key=rose HTTP/1.1" 500 1245 "-" "Mozilla/5.0 (compatible; DataForSeoBot/1.0; +https://dataforseo.com/dataforseo-bot)"
108.181.170.209 - - [14/Apr/2025:11:54:11 -0400] "GET /wp-content/edit.php HTTP/1.1" 200 0 "http://www.bayrampasaspor.com/wp-content/edit.php" "Mozilla/5.0 (Macintosh; Intel Mac OS X 10.5; rv:8.0.1) Gecko/20100101 Firefox/8.0.1"
136.243.228.180 - - [14/Apr/2025:11:54:31 -0400] "GET /items/yhgav52/13254?key=flow HTTP/1.1" 500 1245 "-" "Mozilla/5.0 (compatible; DataForSeoBot/1.0; +https://dataforseo.com/dataforseo-bot)"
108.181.170.209 - - [14/Apr/2025:11:54:33 -0400] "GET /wp-content/edit.php HTTP/1.1" 200 26 "http://www.bayrampasaspor.com/wp-content/edit.php" "Mozilla/5.0 (Macintosh; U; Intel Mac OS X 10_5_5; ja-jp) AppleWebKit/525.26.2 (KHTML, like Gecko) Version/3.2 Safari/525.26.12"
136.243.228.180 - - [14/Apr/2025:11:54:36 -0400] "GET /items/qveeh288/16193?key=tale HTTP/1.1" 500 1245 "-" "Mozilla/5.0 (compatible; DataForSeoBot/1.0; +https://dataforseo.com/dataforseo-bot)"
136.243.228.180 - - [14/Apr/2025:11:54:39 -0400] "GET /items/wowar113/36523?key=echo HTTP/1.1" 500 1245 "-" "Mozilla/5.0 (compatible; DataForSeoBot/1.0; +https://dataforseo.com/dataforseo-bot)"
136.243.228.180 - - [14/Apr/2025:11:54:44 -0400] "GET /items/cfvnp234/8566?key=scandal HTTP/1.1" 500 1245 "-" "Mozilla/5.0 (compatible; DataForSeoBot/1.0; +https://dataforseo.com/dataforseo-bot)"
136.243.228.180 - - [14/Apr/2025:11:54:47 -0400] "GET /items/aphgq109/4556?key=reinforce HTTP/1.1" 500 1245 "-" "Mozilla/5.0 (compatible; DataForSeoBot/1.0; +https://dataforseo.com/dataforseo-bot)"
136.243.228.180 - - [14/Apr/2025:11:54:51 -0400] "GET /items/rtxjt162/43365?key=legislation HTTP/1.1" 500 1245 "-" "Mozilla/5.0 (compatible; DataForSeoBot/1.0; +https://dataforseo.com/dataforseo-bot)"
136.243.228.180 - - [14/Apr/2025:11:54:55 -0400] "GET /items/pziuy170/42699?key=vital HTTP/1.1" 500 1245 "-" "Mozilla/5.0 (compatible; DataForSeoBot/1.0; +https://dataforseo.com/dataforseo-bot)"
136.243.228.180 - - [14/Apr/2025:11:55:00 -0400] "GET /items/wdwng240/24864?key=tell HTTP/1.1" 500 1245 "-" "Mozilla/5.0 (compatible; DataForSeoBot/1.0; +https://dataforseo.com/dataforseo-bot)"
136.243.228.180 - - [14/Apr/2025:11:55:06 -0400] "GET /items/yahcq210/9591?key=vaccine HTTP/1.1" 500 1245 "-" "Mozilla/5.0 (compatible; DataForSeoBot/1.0; +https://dataforseo.com/dataforseo-bot)"
198.54.114.83 - - [14/Apr/2025:11:55:09 -0400] "POST /wp-cron.php?doing_wp_cron=1744646107.1237049102783203125000 HTTP/1.1" 200 0 "-" "WordPress/6.7.2; https://bayrampasaspor.com"
136.243.228.180 - - [14/Apr/2025:11:55:11 -0400] "GET /items/fctwu101/5078?key=whenever HTTP/1.1" 500 1245 "-" "Mozilla/5.0 (compatible; DataForSeoBot/1.0; +https://dataforseo.com/dataforseo-bot)"
20.171.207.13 - - [14/Apr/2025:11:55:12 -0400] "GET /items/tnclr285/5898?key=approach HTTP/1.1" 500 1245 "-" "Mozilla/5.0 AppleWebKit/537.36 (KHTML, like Gecko; compatible; GPTBot/1.2; +https://openai.com/gptbot)"
136.243.228.180 - - [14/Apr/2025:11:55:15 -0400] "GET /items/fccsa113/22048?key=list HTTP/1.1" 500 1245 "-" "Mozilla/5.0 (compatible; DataForSeoBot/1.0; +https://dataforseo.com/dataforseo-bot)"
136.243.228.180 - - [14/Apr/2025:11:55:20 -0400] "GET /items/aggqe255/44170?key=sure HTTP/1.1" 500 1245 "-" "Mozilla/5.0 (compatible; DataForSeoBot/1.0; +https://dataforseo.com/dataforseo-bot)"
136.243.228.180 - - [14/Apr/2025:11:55:24 -0400] "GET /items/wtsgm30/18815?key=tropical HTTP/1.1" 500 1245 "-" "Mozilla/5.0 (compatible; DataForSeoBot/1.0; +https://dataforseo.com/dataforseo-bot)"
136.243.228.180 - - [14/Apr/2025:11:55:28 -0400] "GET /items/zmcpp192/26751?key=thousand HTTP/1.1" 500 1245 "-" "Mozilla/5.0 (compatible; DataForSeoBot/1.0; +https://dataforseo.com/dataforseo-bot)"
136.243.228.180 - - [14/Apr/2025:11:55:32 -0400] "GET /items/kinyd40/28120?key=yeah HTTP/1.1" 500 1245 "-" "Mozilla/5.0 (compatible; DataForSeoBot/1.0; +https://dataforseo.com/dataforseo-bot)"
136.243.228.180 - - [14/Apr/2025:11:55:36 -0400] "GET /items/ncnnp234/10413?key=smooth HTTP/1.1" 500 1245 "-" "Mozilla/5.0 (compatible; DataForSeoBot/1.0; +https://dataforseo.com/dataforseo-bot)"
136.243.228.180 - - [14/Apr/2025:11:55:40 -0400] "GET /items/ffhre24/36716?key=outcome HTTP/1.1" 500 1245 "-" "Mozilla/5.0 (compatible; DataForSeoBot/1.0; +https://dataforseo.com/dataforseo-bot)"
136.243.228.180 - - [14/Apr/2025:11:55:44 -0400] "GET /items/iyfep107/15427?key=vital HTTP/1.1" 500 1245 "-" "Mozilla/5.0 (compatible; DataForSeoBot/1.0; +https://dataforseo.com/dataforseo-bot)"
136.243.228.180 - - [14/Apr/2025:11:55:47 -0400] "GET /items/zxvhy262/13524?key=colleague HTTP/1.1" 500 1245 "-" "Mozilla/5.0 (compatible; DataForSeoBot/1.0; +https://dataforseo.com/dataforseo-bot)"
136.243.228.180 - - [14/Apr/2025:11:55:51 -0400] "GET /items/pfaxx86/48520?key=someone HTTP/1.1" 500 1245 "-" "Mozilla/5.0 (compatible; DataForSeoBot/1.0; +https://dataforseo.com/dataforseo-bot)"
136.243.228.180 - - [14/Apr/2025:11:55:55 -0400] "GET /items/utypb154/10426?key=tuck HTTP/1.1" 500 1245 "-" "Mozilla/5.0 (compatible; DataForSeoBot/1.0; +https://dataforseo.com/dataforseo-bot)"
136.243.228.180 - - [14/Apr/2025:11:55:59 -0400] "GET /items/mvhpr63/43319?key=sneak HTTP/1.1" 500 1245 "-" "Mozilla/5.0 (compatible; DataForSeoBot/1.0; +https://dataforseo.com/dataforseo-bot)"
136.243.228.180 - - [14/Apr/2025:11:56:03 -0400] "GET /items/nigjd54/18390?key=residential HTTP/1.1" 500 1245 "-" "Mozilla/5.0 (compatible; DataForSeoBot/1.0; +https://dataforseo.com/dataforseo-bot)"
136.243.228.180 - - [14/Apr/2025:11:56:08 -0400] "GET /items/yldjk295/2450?key=scary HTTP/1.1" 500 1245 "-" "Mozilla/5.0 (compatible; DataForSeoBot/1.0; +https://dataforseo.com/dataforseo-bot)"
136.243.228.180 - - [14/Apr/2025:11:56:10 -0400] "GET /items/ychps12/46945?key=hotel HTTP/1.1" 404 10476 "-" "Mozilla/5.0 (compatible; DataForSeoBot/1.0; +https://dataforseo.com/dataforseo-bot)"
173.208.205.34 - - [14/Apr/2025:11:56:10 -0400] "GET /wp-content/edit.php?id=80613 HTTP/1.1" 200 0 "http://www.bayrampasaspor.com/wp-content/edit.php?id=80613" "Mozilla/5.0 (Windows NT 10.0; Win64; x64) AppleWebKit/537.36 (KHTML, like Gecko) Chrome/58.0.3029.110 Safari/537.3"
173.208.205.34 - - [14/Apr/2025:11:56:13 -0400] "GET /wp-content/edit.php?id=80613 HTTP/1.1" 200 26 "http://www.bayrampasaspor.com/wp-content/edit.php?id=80613" "Mozilla/5.0 (Windows NT 10.0; Win64; x64) AppleWebKit/537.36 (KHTML, like Gecko) Chrome/58.0.3029.110 Safari/537.3"
20.171.207.13 - - [14/Apr/2025:11:56:14 -0400] "GET /items/ufryf156/4355?key=strongly HTTP/1.1" 500 1245 "-" "Mozilla/5.0 AppleWebKit/537.36 (KHTML, like Gecko; compatible; GPTBot/1.2; +https://openai.com/gptbot)"
136.243.228.180 - - [14/Apr/2025:11:56:14 -0400] "GET /items/truxs161/45651?key=occupy HTTP/1.1" 500 1245 "-" "Mozilla/5.0 (compatible; DataForSeoBot/1.0; +https://dataforseo.com/dataforseo-bot)"
136.243.228.180 - - [14/Apr/2025:11:56:18 -0400] "GET /items/tezpv55/23788?key=leaf HTTP/1.1" 500 1245 "-" "Mozilla/5.0 (compatible; DataForSeoBot/1.0; +https://dataforseo.com/dataforseo-bot)"
136.243.228.180 - - [14/Apr/2025:11:56:22 -0400] "GET /items/tgvxa184/20267?key=Spanish HTTP/1.1" 500 1245 "-" "Mozilla/5.0 (compatible; DataForSeoBot/1.0; +https://dataforseo.com/dataforseo-bot)"
136.243.228.180 - - [14/Apr/2025:11:56:26 -0400] "GET /items/rijlm292/19856?key=pro HTTP/1.1" 500 1245 "-" "Mozilla/5.0 (compatible; DataForSeoBot/1.0; +https://dataforseo.com/dataforseo-bot)"
136.243.228.180 - - [14/Apr/2025:11:56:31 -0400] "GET /items/thell31/34970?key=thread HTTP/1.1" 500 1245 "-" "Mozilla/5.0 (compatible; DataForSeoBot/1.0; +https://dataforseo.com/dataforseo-bot)"
136.243.228.180 - - [14/Apr/2025:11:56:35 -0400] "GET /items/rnfez34/15502?key=route HTTP/1.1" 500 1245 "-" "Mozilla/5.0 (compatible; DataForSeoBot/1.0; +https://dataforseo.com/dataforseo-bot)"
136.243.228.180 - - [14/Apr/2025:11:56:39 -0400] "GET /items/zsncy211/32403?key=adjust HTTP/1.1" 500 1245 "-" "Mozilla/5.0 (compatible; DataForSeoBot/1.0; +https://dataforseo.com/dataforseo-bot)"
136.243.228.180 - - [14/Apr/2025:11:56:45 -0400] "GET /items/atyxd206/5756?key=virtually HTTP/1.1" 500 1245 "-" "Mozilla/5.0 (compatible; DataForSeoBot/1.0; +https://dataforseo.com/dataforseo-bot)"
136.243.228.180 - - [14/Apr/2025:11:56:48 -0400] "GET /items/mqxdc220/4382?key=constant HTTP/1.1" 500 1245 "-" "Mozilla/5.0 (compatible; DataForSeoBot/1.0; +https://dataforseo.com/dataforseo-bot)"
136.243.228.180 - - [14/Apr/2025:11:56:53 -0400] "GET /items/jecpb111/30229?key=involve HTTP/1.1" 500 1245 "-" "Mozilla/5.0 (compatible; DataForSeoBot/1.0; +https://dataforseo.com/dataforseo-bot)"
136.243.228.180 - - [14/Apr/2025:11:56:56 -0400] "GET /items/jfzth20/44327?key=shine HTTP/1.1" 500 1245 "-" "Mozilla/5.0 (compatible; DataForSeoBot/1.0; +https://dataforseo.com/dataforseo-bot)"
136.243.228.180 - - [14/Apr/2025:11:57:00 -0400] "GET /items/qlyga8/34881?key=just HTTP/1.1" 500 1245 "-" "Mozilla/5.0 (compatible; DataForSeoBot/1.0; +https://dataforseo.com/dataforseo-bot)"
136.243.228.180 - - [14/Apr/2025:11:57:04 -0400] "GET /items/ieyph8/47889?key=provision HTTP/1.1" 500 1245 "-" "Mozilla/5.0 (compatible; DataForSeoBot/1.0; +https://dataforseo.com/dataforseo-bot)"
198.54.114.83 - - [14/Apr/2025:11:57:10 -0400] "POST /wp-cron.php?doing_wp_cron=1744646229.1661989688873291015625 HTTP/1.1" 403 0 "-" "WordPress/6.7.2; https://bayrampasaspor.com"
136.243.228.180 - - [14/Apr/2025:11:57:08 -0400] "GET /items/cawal170/36414?key=wisdom HTTP/1.1" 500 1245 "-" "Mozilla/5.0 (compatible; DataForSeoBot/1.0; +https://dataforseo.com/dataforseo-bot)"
