65.21.113.206 - - [14/Apr/2025:07:18:47 -0400] "GET /search.php?m065010766?srsltid=AfmBOoFrbwKLRwQxVcwNEU_1SkCojYngg_GHXzTcP1-C-817JZqq71 HTTP/1.1" 200 109204 "-" "Mozilla/5.0 (compatible; AwarioBot/1.0; +https://awario.com/bots.html)"
65.21.113.206 - - [14/Apr/2025:07:18:52 -0400] "GET /search.php?m065026578?srsltid=AfmBOoHQOWfsaMLGlKiUXD_EKH5WzLtmS_tJAWv0Ta-H-imfF6IoNw HTTP/1.1" 200 109155 "-" "Mozilla/5.0 (compatible; AwarioBot/1.0; +https://awario.com/bots.html)"
65.21.113.206 - - [14/Apr/2025:07:18:56 -0400] "GET /search.php?m065050556?srsltid=AfmBOoXakXXuDifpKZOn3U_7IVmboMJtj_a0Pe93U7-U-EtbrwcYHK HTTP/1.1" 200 109561 "-" "Mozilla/5.0 (compatible; AwarioBot/1.0; +https://awario.com/bots.html)"
65.21.113.206 - - [14/Apr/2025:07:18:59 -0400] "GET /search.php?m065056912?srsltid=AfmBOoVnmfvYxepCGbnNmF_cxJticVk7A_I5qNmKBX-I-lrsVgTOVh HTTP/1.1" 200 109354 "-" "Mozilla/5.0 (compatible; AwarioBot/1.0; +https://awario.com/bots.html)"
65.21.113.206 - - [14/Apr/2025:07:19:05 -0400] "GET /search.php?m066000701?srsltid=AfmBOoYmuZufgQiBbbwzX6_lVcRmODvJ7_RjwgXFzE-E-vV1lTU60t HTTP/1.1" 200 108456 "-" "Mozilla/5.0 (compatible; AwarioBot/1.0; +https://awario.com/bots.html)"
65.21.113.206 - - [14/Apr/2025:07:19:10 -0400] "GET /search.php?m066002365?srsltid=AfmBOoqPvadiTBAup4srCW_End4er5nZ4_FEWgV3FK-J-IV4iQzIdA HTTP/1.1" 200 109291 "-" "Mozilla/5.0 (compatible; AwarioBot/1.0; +https://awario.com/bots.html)"
65.21.113.206 - - [14/Apr/2025:07:19:16 -0400] "GET /search.php?m066021697?srsltid=AfmBOoOCCgnnuayetXQX7I_HiHduHwxeM_dIj6IkHR-L-GDQkv9uqM HTTP/1.1" 200 110858 "-" "Mozilla/5.0 (compatible; AwarioBot/1.0; +https://awario.com/bots.html)"
65.21.113.206 - - [14/Apr/2025:07:19:22 -0400] "GET /search.php?m066026335?srsltid=AfmBOonIXUGzPBHDIuBNBv_APOPfkISog_3k3dfpTv-E-YutWSvxbA HTTP/1.1" 200 109315 "-" "Mozilla/5.0 (compatible; AwarioBot/1.0; +https://awario.com/bots.html)"
136.243.228.180 - - [14/Apr/2025:07:19:22 -0400] "GET /items/nscnj111/7752?key=elsewhere HTTP/1.1" 500 1245 "-" "Mozilla/5.0 (compatible; DataForSeoBot/1.0; +https://dataforseo.com/dataforseo-bot)"
136.243.228.180 - - [14/Apr/2025:07:19:26 -0400] "GET /items/vswaf20/11031?key=light HTTP/1.1" 500 1245 "-" "Mozilla/5.0 (compatible; DataForSeoBot/1.0; +https://dataforseo.com/dataforseo-bot)"
65.21.113.206 - - [14/Apr/2025:07:19:27 -0400] "GET /search.php?m066029087?srsltid=AfmBOoYkSEZcMPnVYrha3a_mbXsXul98Q_YvwvQMyz-Z-uzPdBZT3r HTTP/1.1" 200 108988 "-" "Mozilla/5.0 (compatible; AwarioBot/1.0; +https://awario.com/bots.html)"
136.243.228.180 - - [14/Apr/2025:07:19:30 -0400] "GET /items/zilyw100/44500?key=highlight HTTP/1.1" 500 1245 "-" "Mozilla/5.0 (compatible; DataForSeoBot/1.0; +https://dataforseo.com/dataforseo-bot)"
65.21.113.206 - - [14/Apr/2025:07:19:32 -0400] "GET /search.php?m066043125?srsltid=AfmBOoEspnkiuTIpQD1fEd_Ki1kmCfkkx_BNaMrPaa-J-cFzkccUMW HTTP/1.1" 200 109962 "-" "Mozilla/5.0 (compatible; AwarioBot/1.0; +https://awario.com/bots.html)"
198.54.114.83 - - [14/Apr/2025:07:19:35 -0400] "POST /wp-cron.php?doing_wp_cron=1744629575.1461539268493652343750 HTTP/1.1" 403 1242 "-" "WordPress/6.7.2; https://bayrampasaspor.com"
136.243.228.180 - - [14/Apr/2025:07:19:34 -0400] "GET /items/ifwbv191/41375?key=darkness HTTP/1.1" 500 1245 "-" "Mozilla/5.0 (compatible; DataForSeoBot/1.0; +https://dataforseo.com/dataforseo-bot)"
136.243.228.180 - - [14/Apr/2025:07:19:39 -0400] "GET /items/teqay142/5190?key=ought HTTP/1.1" 500 1245 "-" "Mozilla/5.0 (compatible; DataForSeoBot/1.0; +https://dataforseo.com/dataforseo-bot)"
65.21.113.206 - - [14/Apr/2025:07:19:39 -0400] "GET /search.php?m067017536?srsltid=AfmBOomNbgVlfgeg2MtjTk_FlsHPEK0P1_fBsJ0nYJ-V-BOhzCOafr HTTP/1.1" 200 108317 "-" "Mozilla/5.0 (compatible; AwarioBot/1.0; +https://awario.com/bots.html)"
136.243.228.180 - - [14/Apr/2025:07:19:42 -0400] "GET /items/nsrlk13/13668?key=social HTTP/1.1" 500 1245 "-" "Mozilla/5.0 (compatible; DataForSeoBot/1.0; +https://dataforseo.com/dataforseo-bot)"
20.171.207.13 - - [14/Apr/2025:07:19:43 -0400] "GET /items/tajmw152/33996?key=bombing HTTP/1.1" 500 1245 "-" "Mozilla/5.0 AppleWebKit/537.36 (KHTML, like Gecko; compatible; GPTBot/1.2; +https://openai.com/gptbot)"
136.243.228.180 - - [14/Apr/2025:07:19:47 -0400] "GET /items/ankta197/34640?key=treaty HTTP/1.1" 500 1245 "-" "Mozilla/5.0 (compatible; DataForSeoBot/1.0; +https://dataforseo.com/dataforseo-bot)"
65.21.113.206 - - [14/Apr/2025:07:19:47 -0400] "GET /search.php?m067017650?srsltid=AfmBOokkafEKoJxVZ0GJnj_pjQAzCQexs_pF1HKFve-F-yWdH4rlFJ HTTP/1.1" 200 111060 "-" "Mozilla/5.0 (compatible; AwarioBot/1.0; +https://awario.com/bots.html)"
136.243.228.180 - - [14/Apr/2025:07:19:51 -0400] "GET /items/rcabv76/27458?key=stretch HTTP/1.1" 500 1245 "-" "Mozilla/5.0 (compatible; DataForSeoBot/1.0; +https://dataforseo.com/dataforseo-bot)"
65.21.113.206 - - [14/Apr/2025:07:19:53 -0400] "GET /search.php?m067019116?srsltid=AfmBOobZMlCWMxGlTIVOpE_5VmXKE4bjx_mpAz8yxh-W-NES5hQekR HTTP/1.1" 200 109331 "-" "Mozilla/5.0 (compatible; AwarioBot/1.0; +https://awario.com/bots.html)"
136.243.228.180 - - [14/Apr/2025:07:19:54 -0400] "GET /items/qkewd280/4644?key=pray HTTP/1.1" 500 1245 "-" "Mozilla/5.0 (compatible; DataForSeoBot/1.0; +https://dataforseo.com/dataforseo-bot)"
136.243.228.180 - - [14/Apr/2025:07:20:00 -0400] "GET /items/lspry245/3916?key=rapid HTTP/1.1" 500 1245 "-" "Mozilla/5.0 (compatible; DataForSeoBot/1.0; +https://dataforseo.com/dataforseo-bot)"
65.21.113.206 - - [14/Apr/2025:07:20:01 -0400] "GET /search.php?m067022634?srsltid=AfmBOobMVvjcCDBB4TVih0_NLgyiv1wuz_XpyA4JST-W-fq3IQElK8 HTTP/1.1" 200 110252 "-" "Mozilla/5.0 (compatible; AwarioBot/1.0; +https://awario.com/bots.html)"
136.243.228.180 - - [14/Apr/2025:07:20:06 -0400] "GET /items/fmync185/3320?key=emerging HTTP/1.1" 500 1245 "-" "Mozilla/5.0 (compatible; DataForSeoBot/1.0; +https://dataforseo.com/dataforseo-bot)"
136.243.228.180 - - [14/Apr/2025:07:20:11 -0400] "GET /items/fewce52/44416?key=nerve HTTP/1.1" 500 1245 "-" "Mozilla/5.0 (compatible; DataForSeoBot/1.0; +https://dataforseo.com/dataforseo-bot)"
65.21.113.206 - - [14/Apr/2025:07:20:10 -0400] "GET /search.php?m067024882?srsltid=AfmBOorFRANfEeGNJxaD70_VO9unyDtYo_91fSYh3g-C-xKpvaeAoe HTTP/1.1" 200 108592 "-" "Mozilla/5.0 (compatible; AwarioBot/1.0; +https://awario.com/bots.html)"
136.243.228.180 - - [14/Apr/2025:07:20:15 -0400] "GET /items/tbrlt212/38295?key=carpet HTTP/1.1" 500 1245 "-" "Mozilla/5.0 (compatible; DataForSeoBot/1.0; +https://dataforseo.com/dataforseo-bot)"
65.21.113.206 - - [14/Apr/2025:07:20:18 -0400] "GET /search.php?m068010617?srsltid=AfmBOoLdnfDraPATDricI2_0bA7e7tANo_kJDhDCJ4-M-kykI7adLG HTTP/1.1" 200 108821 "-" "Mozilla/5.0 (compatible; AwarioBot/1.0; +https://awario.com/bots.html)"
136.243.228.180 - - [14/Apr/2025:07:20:20 -0400] "GET /items/tkdxx205/844?key=resident HTTP/1.1" 500 1245 "-" "Mozilla/5.0 (compatible; DataForSeoBot/1.0; +https://dataforseo.com/dataforseo-bot)"
136.243.228.180 - - [14/Apr/2025:07:20:24 -0400] "GET /items/cypvc214/26976?key=drug HTTP/1.1" 500 1245 "-" "Mozilla/5.0 (compatible; DataForSeoBot/1.0; +https://dataforseo.com/dataforseo-bot)"
65.21.113.206 - - [14/Apr/2025:07:20:24 -0400] "GET /search.php?m068025277?srsltid=AfmBOobMrAqdAWreR2YGoi_sKuUtGW4C5_YHBthr9i-P-hJSmNIl0G HTTP/1.1" 200 109193 "-" "Mozilla/5.0 (compatible; AwarioBot/1.0; +https://awario.com/bots.html)"
136.243.228.180 - - [14/Apr/2025:07:20:29 -0400] "GET /items/gjyhu223/25638?key=major HTTP/1.1" 500 1245 "-" "Mozilla/5.0 (compatible; DataForSeoBot/1.0; +https://dataforseo.com/dataforseo-bot)"
65.21.113.206 - - [14/Apr/2025:07:20:31 -0400] "GET /search.php?m068029997?srsltid=AfmBOoIqaVQEbKIe86NZfe_NqGayKgnVL_d1zwRstN-P-H18EVkfnf HTTP/1.1" 200 108084 "-" "Mozilla/5.0 (compatible; AwarioBot/1.0; +https://awario.com/bots.html)"
136.243.228.180 - - [14/Apr/2025:07:20:33 -0400] "GET /items/gymef163/49304?key=range HTTP/1.1" 500 1245 "-" "Mozilla/5.0 (compatible; DataForSeoBot/1.0; +https://dataforseo.com/dataforseo-bot)"
136.243.228.180 - - [14/Apr/2025:07:20:36 -0400] "GET /items/tbrcj97/27868?key=convict HTTP/1.1" 500 1245 "-" "Mozilla/5.0 (compatible; DataForSeoBot/1.0; +https://dataforseo.com/dataforseo-bot)"
65.21.113.206 - - [14/Apr/2025:07:20:36 -0400] "GET /search.php?m068044451?srsltid=AfmBOoSCpDxljvby9ow5ue_QGMqlqFtpP_RfiOi7sW-F-cIcGeDhAc HTTP/1.1" 200 109453 "-" "Mozilla/5.0 (compatible; AwarioBot/1.0; +https://awario.com/bots.html)"
136.243.228.180 - - [14/Apr/2025:07:20:40 -0400] "GET /items/gypun58/15858?key=sale HTTP/1.1" 500 1245 "-" "Mozilla/5.0 (compatible; DataForSeoBot/1.0; +https://dataforseo.com/dataforseo-bot)"
65.21.113.206 - - [14/Apr/2025:07:20:41 -0400] "GET /search.php?m068046533?srsltid=AfmBOoKTOTcHctSyF9Alba_pZFehRw14G_V3Firbd1-V-SEqXyKPUj HTTP/1.1" 200 108691 "-" "Mozilla/5.0 (compatible; AwarioBot/1.0; +https://awario.com/bots.html)"
136.243.228.180 - - [14/Apr/2025:07:20:44 -0400] "GET /items/svrgm255/40045?key=reporting HTTP/1.1" 500 1245 "-" "Mozilla/5.0 (compatible; DataForSeoBot/1.0; +https://dataforseo.com/dataforseo-bot)"
20.171.207.13 - - [14/Apr/2025:07:20:46 -0400] "GET /items/sapts193/46701?key=conduct HTTP/1.1" 500 1245 "-" "Mozilla/5.0 AppleWebKit/537.36 (KHTML, like Gecko; compatible; GPTBot/1.2; +https://openai.com/gptbot)"
65.21.113.206 - - [14/Apr/2025:07:20:46 -0400] "GET /search.php?m069009846?srsltid=AfmBOoQHSBuRPODNWqb18z_zEBT0fKcSm_H3XefFQg-Z-6VtAEM1YK HTTP/1.1" 200 109280 "-" "Mozilla/5.0 (compatible; AwarioBot/1.0; +https://awario.com/bots.html)"
136.243.228.180 - - [14/Apr/2025:07:20:48 -0400] "GET /items/phnkp177/34006?key=sum HTTP/1.1" 500 1245 "-" "Mozilla/5.0 (compatible; DataForSeoBot/1.0; +https://dataforseo.com/dataforseo-bot)"
136.243.228.180 - - [14/Apr/2025:07:20:52 -0400] "GET /items/uiool260/8640?key=beg HTTP/1.1" 500 1245 "-" "Mozilla/5.0 (compatible; DataForSeoBot/1.0; +https://dataforseo.com/dataforseo-bot)"
65.21.113.206 - - [14/Apr/2025:07:20:52 -0400] "GET /search.php?m069014388?srsltid=AfmBOoeAjDhJoGSXoKz7pM_ymDfrQoybs_2ySD80Vt-Z-yMTUf636T HTTP/1.1" 200 108966 "-" "Mozilla/5.0 (compatible; AwarioBot/1.0; +https://awario.com/bots.html)"
136.243.228.180 - - [14/Apr/2025:07:20:56 -0400] "GET /items/ijmrm42/14372?key=importance HTTP/1.1" 500 1245 "-" "Mozilla/5.0 (compatible; DataForSeoBot/1.0; +https://dataforseo.com/dataforseo-bot)"
65.21.113.206 - - [14/Apr/2025:07:20:57 -0400] "GET /search.php?m069020932?srsltid=AfmBOonknDUuTeiIiAZWei_qSJwzJNshS_n0by0jHp-X-VEaNn1Qy1 HTTP/1.1" 200 109498 "-" "Mozilla/5.0 (compatible; AwarioBot/1.0; +https://awario.com/bots.html)"
136.243.228.180 - - [14/Apr/2025:07:21:00 -0400] "GET /items/rparc260/37947?key=discrimination HTTP/1.1" 500 1245 "-" "Mozilla/5.0 (compatible; DataForSeoBot/1.0; +https://dataforseo.com/dataforseo-bot)"
65.21.113.206 - - [14/Apr/2025:07:21:01 -0400] "GET /search.php?m069040304?srsltid=AfmBOoccjOkJygLZ9IXxvC_n0GHhRdBgp_mOfr7yG4-B-pNQOte1Er HTTP/1.1" 200 109463 "-" "Mozilla/5.0 (compatible; AwarioBot/1.0; +https://awario.com/bots.html)"
136.243.228.180 - - [14/Apr/2025:07:21:04 -0400] "GET /items/tzpbb298/9941?key=terribly HTTP/1.1" 500 1245 "-" "Mozilla/5.0 (compatible; DataForSeoBot/1.0; +https://dataforseo.com/dataforseo-bot)"
65.21.113.206 - - [14/Apr/2025:07:21:07 -0400] "GET /search.php?m070005269?srsltid=AfmBOoJWXaRvPosM0JreMb_vsbGoN2pAA_NtGg7qSP-O-DfowsTTTF HTTP/1.1" 200 112028 "-" "Mozilla/5.0 (compatible; AwarioBot/1.0; +https://awario.com/bots.html)"
136.243.228.180 - - [14/Apr/2025:07:21:09 -0400] "GET /items/zedvu150/31854?key=rocket HTTP/1.1" 500 1245 "-" "Mozilla/5.0 (compatible; DataForSeoBot/1.0; +https://dataforseo.com/dataforseo-bot)"
65.21.113.206 - - [14/Apr/2025:07:21:12 -0400] "GET /search.php?m070011145?srsltid=AfmBOoFPFHgjQHiAgonQQz_7pwws7WVdx_UVVNSwZz-B-tS9yglsfp HTTP/1.1" 200 109263 "-" "Mozilla/5.0 (compatible; AwarioBot/1.0; +https://awario.com/bots.html)"
136.243.228.180 - - [14/Apr/2025:07:21:13 -0400] "GET /items/zsdqs77/39192?key=neck HTTP/1.1" 500 1245 "-" "Mozilla/5.0 (compatible; DataForSeoBot/1.0; +https://dataforseo.com/dataforseo-bot)"
136.243.228.180 - - [14/Apr/2025:07:21:16 -0400] "GET /items/zyyhy266/37223?key=specialist HTTP/1.1" 500 1245 "-" "Mozilla/5.0 (compatible; DataForSeoBot/1.0; +https://dataforseo.com/dataforseo-bot)"
65.21.113.206 - - [14/Apr/2025:07:21:17 -0400] "GET /search.php?m070019855?srsltid=AfmBOoaBvoDkOetoHs43OZ_YRfAHt5H59_RkIOasOs-G-YpCmpmn5V HTTP/1.1" 200 110156 "-" "Mozilla/5.0 (compatible; AwarioBot/1.0; +https://awario.com/bots.html)"
65.21.113.206 - - [14/Apr/2025:07:21:21 -0400] "GET /search.php?m070034335?srsltid=AfmBOoIgWyUhIrgv9PGGhB_AKKu2SOnzh_22JlsNf1-J-s3HBKOzGT HTTP/1.1" 200 109389 "-" "Mozilla/5.0 (compatible; AwarioBot/1.0; +https://awario.com/bots.html)"
136.243.228.180 - - [14/Apr/2025:07:21:21 -0400] "GET /items/jrvjm172/21732?key=tender HTTP/1.1" 500 1245 "-" "Mozilla/5.0 (compatible; DataForSeoBot/1.0; +https://dataforseo.com/dataforseo-bot)"
65.21.113.206 - - [14/Apr/2025:07:21:26 -0400] "GET /search.php?m070041155?srsltid=AfmBOobfaeZcCrcxmrrIZL_bbfH2XUVPg_w7GUokvg-T-K83W7i0Bc HTTP/1.1" 200 109425 "-" "Mozilla/5.0 (compatible; AwarioBot/1.0; +https://awario.com/bots.html)"
136.243.228.180 - - [14/Apr/2025:07:21:26 -0400] "GET /items/ecwiw167/12189?key=radar HTTP/1.1" 500 1245 "-" "Mozilla/5.0 (compatible; DataForSeoBot/1.0; +https://dataforseo.com/dataforseo-bot)"
65.21.113.206 - - [14/Apr/2025:07:21:30 -0400] "GET /search.php?m070044555?srsltid=AfmBOoeEUObezUPIZ67lSZ_Uqfu9yIh46_uwH8aVkL-N-DtEuHgbqy HTTP/1.1" 200 109624 "-" "Mozilla/5.0 (compatible; AwarioBot/1.0; +https://awario.com/bots.html)"
136.243.228.180 - - [14/Apr/2025:07:21:31 -0400] "GET /items/xtbhg189/44036?key=conduct HTTP/1.1" 500 1245 "-" "Mozilla/5.0 (compatible; DataForSeoBot/1.0; +https://dataforseo.com/dataforseo-bot)"
65.21.113.206 - - [14/Apr/2025:07:21:36 -0400] "GET /search.php?m071007958?srsltid=AfmBOoRQBgkrXTiw1biAAh_ghyyYEu4Q4_jWW18GvC-U-FxJ3rur3y HTTP/1.1" 200 109727 "-" "Mozilla/5.0 (compatible; AwarioBot/1.0; +https://awario.com/bots.html)"
136.243.228.180 - - [14/Apr/2025:07:21:38 -0400] "GET /items/zqcfm271/49461?key=appoint HTTP/1.1" 500 1245 "-" "Mozilla/5.0 (compatible; DataForSeoBot/1.0; +https://dataforseo.com/dataforseo-bot)"
136.243.228.180 - - [14/Apr/2025:07:21:41 -0400] "GET /items/gqacf289/26342?key=forehead HTTP/1.1" 500 1245 "-" "Mozilla/5.0 (compatible; DataForSeoBot/1.0; +https://dataforseo.com/dataforseo-bot)"
65.21.113.206 - - [14/Apr/2025:07:21:42 -0400] "GET /search.php?m071027644?srsltid=AfmBOoOTDQQNKwhonpKJyu_pTO106P2dm_nP1o4aqf-R-CQtUoEp9e HTTP/1.1" 200 109174 "-" "Mozilla/5.0 (compatible; AwarioBot/1.0; +https://awario.com/bots.html)"
136.243.228.180 - - [14/Apr/2025:07:21:45 -0400] "GET /items/bsjpf113/10304?key=testify HTTP/1.1" 500 1245 "-" "Mozilla/5.0 (compatible; DataForSeoBot/1.0; +https://dataforseo.com/dataforseo-bot)"
20.171.207.13 - - [14/Apr/2025:07:21:48 -0400] "GET /items/yphft289/20400?key=landing HTTP/1.1" 500 1245 "-" "Mozilla/5.0 AppleWebKit/537.36 (KHTML, like Gecko; compatible; GPTBot/1.2; +https://openai.com/gptbot)"
65.21.113.206 - - [14/Apr/2025:07:21:48 -0400] "GET /search.php?m071039746?srsltid=AfmBOoZwbAFsDzxW81881U_9ii9y17SuE_MMnQLR4m-Z-yGMSKCm58 HTTP/1.1" 200 109359 "-" "Mozilla/5.0 (compatible; AwarioBot/1.0; +https://awario.com/bots.html)"
136.243.228.180 - - [14/Apr/2025:07:21:49 -0400] "GET /items/hkeyg281/35885?key=tape HTTP/1.1" 500 1245 "-" "Mozilla/5.0 (compatible; DataForSeoBot/1.0; +https://dataforseo.com/dataforseo-bot)"
65.21.113.206 - - [14/Apr/2025:07:21:54 -0400] "GET /robots.txt HTTP/1.1" 304 0 "-" "Mozilla/5.0 (compatible; AwarioBot/1.0; +https://awario.com/bots.html)"
136.243.228.180 - - [14/Apr/2025:07:21:54 -0400] "GET /items/kdlda193/10930?key=missing HTTP/1.1" 500 1245 "-" "Mozilla/5.0 (compatible; DataForSeoBot/1.0; +https://dataforseo.com/dataforseo-bot)"
65.21.113.206 - - [14/Apr/2025:07:21:56 -0400] "GET /search.php?m072002179?srsltid=AfmBOoSGaloCKWQPyYYwl6_aaeg7JxIgn_d5j0EXQj-T-G24aUGTLY HTTP/1.1" 200 109043 "-" "Mozilla/5.0 (compatible; AwarioBot/1.0; +https://awario.com/bots.html)"
136.243.228.180 - - [14/Apr/2025:07:21:57 -0400] "GET /items/pudtr282/20409?key=consensus HTTP/1.1" 500 1245 "-" "Mozilla/5.0 (compatible; DataForSeoBot/1.0; +https://dataforseo.com/dataforseo-bot)"
136.243.228.180 - - [14/Apr/2025:07:22:01 -0400] "GET /items/nkekd281/32026?key=liquid HTTP/1.1" 500 1245 "-" "Mozilla/5.0 (compatible; DataForSeoBot/1.0; +https://dataforseo.com/dataforseo-bot)"
65.21.113.206 - - [14/Apr/2025:07:22:01 -0400] "GET /search.php?m072002721?srsltid=AfmBOoUtQqKQUjKIydItiQ_r4ocAGZYYo_DrE6Ip00-B-5Nl1xxcTZ HTTP/1.1" 200 110094 "-" "Mozilla/5.0 (compatible; AwarioBot/1.0; +https://awario.com/bots.html)"
136.243.228.180 - - [14/Apr/2025:07:22:05 -0400] "GET /items/czbao107/44666?key=various HTTP/1.1" 500 1245 "-" "Mozilla/5.0 (compatible; DataForSeoBot/1.0; +https://dataforseo.com/dataforseo-bot)"
65.21.113.206 - - [14/Apr/2025:07:22:08 -0400] "GET /search.php?m072012699?srsltid=AfmBOoKCXPvuekJhS2BO7w_pOHwVO29mM_Osl3OQ49-K-amputynTx HTTP/1.1" 200 108588 "-" "Mozilla/5.0 (compatible; AwarioBot/1.0; +https://awario.com/bots.html)"
136.243.228.180 - - [14/Apr/2025:07:22:09 -0400] "GET /items/ogswr123/45361?key=anybody HTTP/1.1" 500 1245 "-" "Mozilla/5.0 (compatible; DataForSeoBot/1.0; +https://dataforseo.com/dataforseo-bot)"
136.243.228.180 - - [14/Apr/2025:07:22:12 -0400] "GET /items/snzpa272/1819?key=mom HTTP/1.1" 500 1245 "-" "Mozilla/5.0 (compatible; DataForSeoBot/1.0; +https://dataforseo.com/dataforseo-bot)"
65.21.113.206 - - [14/Apr/2025:07:22:12 -0400] "GET /search.php?m072015929?srsltid=AfmBOotbixrAnPYrnGha2a_asAbACMcGu_cDdDJ7A8-V-u279bZh2G HTTP/1.1" 200 108529 "-" "Mozilla/5.0 (compatible; AwarioBot/1.0; +https://awario.com/bots.html)"
136.243.228.180 - - [14/Apr/2025:07:22:17 -0400] "GET /items/zovjk74/12219?key=monster HTTP/1.1" 500 1245 "-" "Mozilla/5.0 (compatible; DataForSeoBot/1.0; +https://dataforseo.com/dataforseo-bot)"
65.21.113.206 - - [14/Apr/2025:07:22:19 -0400] "GET /search.php?m072037631?srsltid=AfmBOoZzQlarYxvCV8jvmw_qIO2AoLYin_Q0N5hlTw-R-4CbNAkpwR HTTP/1.1" 200 109608 "-" "Mozilla/5.0 (compatible; AwarioBot/1.0; +https://awario.com/bots.html)"
136.243.228.180 - - [14/Apr/2025:07:22:21 -0400] "GET /items/fzego21/22228?key=home HTTP/1.1" 500 1245 "-" "Mozilla/5.0 (compatible; DataForSeoBot/1.0; +https://dataforseo.com/dataforseo-bot)"
65.21.113.206 - - [14/Apr/2025:07:22:24 -0400] "GET /search.php?m072043145?srsltid=AfmBOonRUVBkARVJEymopb_7yE48qcnQu_dtP53rnX-A-eXp9TCYoh HTTP/1.1" 200 109795 "-" "Mozilla/5.0 (compatible; AwarioBot/1.0; +https://awario.com/bots.html)"
136.243.228.180 - - [14/Apr/2025:07:22:25 -0400] "GET /items/zembd265/45211?key=different HTTP/1.1" 500 1245 "-" "Mozilla/5.0 (compatible; DataForSeoBot/1.0; +https://dataforseo.com/dataforseo-bot)"
136.243.228.180 - - [14/Apr/2025:07:22:29 -0400] "GET /items/sapge210/16457?key=battery HTTP/1.1" 500 1245 "-" "Mozilla/5.0 (compatible; DataForSeoBot/1.0; +https://dataforseo.com/dataforseo-bot)"
65.21.113.206 - - [14/Apr/2025:07:22:30 -0400] "GET /search.php?m073016898?srsltid=AfmBOotdVtxBTFwy6okdXp_D2KY1jdSeA_DqzH3bvw-Y-TqxI3kYT8 HTTP/1.1" 200 109885 "-" "Mozilla/5.0 (compatible; AwarioBot/1.0; +https://awario.com/bots.html)"
136.243.228.180 - - [14/Apr/2025:07:22:33 -0400] "GET /items/jyymb102/14742?key=ten HTTP/1.1" 500 1245 "-" "Mozilla/5.0 (compatible; DataForSeoBot/1.0; +https://dataforseo.com/dataforseo-bot)"
65.21.113.206 - - [14/Apr/2025:07:22:35 -0400] "GET /search.php?m073021914?srsltid=AfmBOoYNtermxYfYQN26AD_zq3NOOVifj_C3bzz1A0-W-NEEA6xDXd HTTP/1.1" 200 110316 "-" "Mozilla/5.0 (compatible; AwarioBot/1.0; +https://awario.com/bots.html)"
198.54.114.83 - - [14/Apr/2025:07:22:39 -0400] "POST /wp-cron.php?doing_wp_cron=1744629758.0429821014404296875000 HTTP/1.1" 403 0 "-" "WordPress/6.7.2; https://bayrampasaspor.com"
136.243.228.180 - - [14/Apr/2025:07:22:37 -0400] "GET /items/zmdxu19/38838?key=holy HTTP/1.1" 500 1245 "-" "Mozilla/5.0 (compatible; DataForSeoBot/1.0; +https://dataforseo.com/dataforseo-bot)"
65.21.113.206 - - [14/Apr/2025:07:22:41 -0400] "GET /search.php?m073022290?srsltid=AfmBOonDnTPCMhwzGf02FW_q9c5g7Cajk_n57T2ZYg-Y-41vasYcky HTTP/1.1" 200 109064 "-" "Mozilla/5.0 (compatible; AwarioBot/1.0; +https://awario.com/bots.html)"
136.243.228.180 - - [14/Apr/2025:07:22:41 -0400] "GET /items/yrpey243/1631?key=pitcher HTTP/1.1" 500 1245 "-" "Mozilla/5.0 (compatible; DataForSeoBot/1.0; +https://dataforseo.com/dataforseo-bot)"
136.243.228.180 - - [14/Apr/2025:07:22:45 -0400] "GET /items/xwrkp5/6305?key=fierce HTTP/1.1" 500 1245 "-" "Mozilla/5.0 (compatible; DataForSeoBot/1.0; +https://dataforseo.com/dataforseo-bot)"
65.21.113.206 - - [14/Apr/2025:07:22:45 -0400] "GET /search.php?m073022318?srsltid=AfmBOoIbaDOIPZiryhwiKv_1I9BC31XSC_Dc7ZQwT3-N-GXpN7YXIo HTTP/1.1" 200 107402 "-" "Mozilla/5.0 (compatible; AwarioBot/1.0; +https://awario.com/bots.html)"
136.243.228.180 - - [14/Apr/2025:07:22:50 -0400] "GET /items/tjimx102/46224?key=away HTTP/1.1" 500 1245 "-" "Mozilla/5.0 (compatible; DataForSeoBot/1.0; +https://dataforseo.com/dataforseo-bot)"
65.21.113.206 - - [14/Apr/2025:07:22:51 -0400] "GET /search.php?m073027708?srsltid=AfmBOoMfCOgUzWBF3kg0Nd_XzHJjZ0i4y_a2Q9iUMw-N-pfFy9zEAb HTTP/1.1" 200 110376 "-" "Mozilla/5.0 (compatible; AwarioBot/1.0; +https://awario.com/bots.html)"
20.171.207.13 - - [14/Apr/2025:07:22:53 -0400] "GET /items/yxkox101/27369?key=next HTTP/1.1" 500 1245 "-" "Mozilla/5.0 AppleWebKit/537.36 (KHTML, like Gecko; compatible; GPTBot/1.2; +https://openai.com/gptbot)"
136.243.228.180 - - [14/Apr/2025:07:22:53 -0400] "GET /items/bltas206/34189?key=cake HTTP/1.1" 500 1245 "-" "Mozilla/5.0 (compatible; DataForSeoBot/1.0; +https://dataforseo.com/dataforseo-bot)"
136.243.228.180 - - [14/Apr/2025:07:22:57 -0400] "GET /items/lwsno182/47919?key=regarding HTTP/1.1" 500 1245 "-" "Mozilla/5.0 (compatible; DataForSeoBot/1.0; +https://dataforseo.com/dataforseo-bot)"
65.21.113.206 - - [14/Apr/2025:07:22:57 -0400] "GET /search.php?m073028208?srsltid=AfmBOoHiJAUcPFYH6Sz5m2_wMbh3wcfJo_DG5jUbC0-X-UnfvrRmPd HTTP/1.1" 200 109191 "-" "Mozilla/5.0 (compatible; AwarioBot/1.0; +https://awario.com/bots.html)"
136.243.228.180 - - [14/Apr/2025:07:23:01 -0400] "GET /items/zmctu205/36890?key=model HTTP/1.1" 500 1245 "-" "Mozilla/5.0 (compatible; DataForSeoBot/1.0; +https://dataforseo.com/dataforseo-bot)"
65.21.113.206 - - [14/Apr/2025:07:23:02 -0400] "GET /search.php?m073033394?srsltid=AfmBOopgsqOufDmY4B3Cxj_tAsCNuLPRN_yeXMRHmZ-K-YElWsjEKh HTTP/1.1" 200 109339 "-" "Mozilla/5.0 (compatible; AwarioBot/1.0; +https://awario.com/bots.html)"
136.243.228.180 - - [14/Apr/2025:07:23:06 -0400] "GET /items/zssux268/12906?key=frozen HTTP/1.1" 500 1245 "-" "Mozilla/5.0 (compatible; DataForSeoBot/1.0; +https://dataforseo.com/dataforseo-bot)"
136.243.228.180 - - [14/Apr/2025:07:23:09 -0400] "GET /items/matsk43/11901?key=yell HTTP/1.1" 500 1245 "-" "Mozilla/5.0 (compatible; DataForSeoBot/1.0; +https://dataforseo.com/dataforseo-bot)"
65.21.113.206 - - [14/Apr/2025:07:23:09 -0400] "GET /search.php?m073040866?srsltid=AfmBOosjEegvDhYDc8r0RI_abdp1K0KgM_pAQK5V5t-V-ju5O58NNJ HTTP/1.1" 200 109807 "-" "Mozilla/5.0 (compatible; AwarioBot/1.0; +https://awario.com/bots.html)"
136.243.228.180 - - [14/Apr/2025:07:23:13 -0400] "GET /items/repuh71/49554?key=radio HTTP/1.1" 500 1245 "-" "Mozilla/5.0 (compatible; DataForSeoBot/1.0; +https://dataforseo.com/dataforseo-bot)"
136.243.228.180 - - [14/Apr/2025:07:23:19 -0400] "GET /items/fixxq119/12570?key=road HTTP/1.1" 500 1245 "-" "Mozilla/5.0 (compatible; DataForSeoBot/1.0; +https://dataforseo.com/dataforseo-bot)"
65.21.113.206 - - [14/Apr/2025:07:23:19 -0400] "GET /search.php?m074018827?srsltid=AfmBOoxSnqQLMWtxonxHXR_ve0uLE7LHz_e8ZVdxVF-R-6bDybj9cB HTTP/1.1" 200 110071 "-" "Mozilla/5.0 (compatible; AwarioBot/1.0; +https://awario.com/bots.html)"
136.243.228.180 - - [14/Apr/2025:07:23:25 -0400] "GET /items/giyhn196/3494?key=sale HTTP/1.1" 500 1245 "-" "Mozilla/5.0 (compatible; DataForSeoBot/1.0; +https://dataforseo.com/dataforseo-bot)"
65.21.113.206 - - [14/Apr/2025:07:23:28 -0400] "GET /search.php?m074020647?srsltid=AfmBOoOdDuGzhKFIc0BDHk_cwoxHCYRaT_OlhKPmBw-U-kbG8yDHrS HTTP/1.1" 200 108681 "-" "Mozilla/5.0 (compatible; AwarioBot/1.0; +https://awario.com/bots.html)"
136.243.228.180 - - [14/Apr/2025:07:23:29 -0400] "GET /items/gcgkc22/19962?key=reportedly HTTP/1.1" 500 1245 "-" "Mozilla/5.0 (compatible; DataForSeoBot/1.0; +https://dataforseo.com/dataforseo-bot)"
136.243.228.180 - - [14/Apr/2025:07:23:35 -0400] "GET /items/cfxyt143/36132?key=bell HTTP/1.1" 500 1245 "-" "Mozilla/5.0 (compatible; DataForSeoBot/1.0; +https://dataforseo.com/dataforseo-bot)"
65.21.113.206 - - [14/Apr/2025:07:23:38 -0400] "GET /search.php?m074020711?srsltid=AfmBOofoytpXWljBcIUROF_ZxMmV77M9D_ETXkGGT2-U-o9wwO3rMA HTTP/1.1" 200 108905 "-" "Mozilla/5.0 (compatible; AwarioBot/1.0; +https://awario.com/bots.html)"
136.243.228.180 - - [14/Apr/2025:07:23:40 -0400] "GET /items/ixyzy137/13489?key=good HTTP/1.1" 500 1245 "-" "Mozilla/5.0 (compatible; DataForSeoBot/1.0; +https://dataforseo.com/dataforseo-bot)"
136.243.228.180 - - [14/Apr/2025:07:23:43 -0400] "GET /items/muynb221/29458?key=solve HTTP/1.1" 500 1245 "-" "Mozilla/5.0 (compatible; DataForSeoBot/1.0; +https://dataforseo.com/dataforseo-bot)"
65.21.113.206 - - [14/Apr/2025:07:23:43 -0400] "GET /search.php?m074043243?srsltid=AfmBOoWncWwJWoWxk9qgoM_67kb5xN2i2_PdtR41Qw-H-FRAD5B53n HTTP/1.1" 200 108669 "-" "Mozilla/5.0 (compatible; AwarioBot/1.0; +https://awario.com/bots.html)"
136.243.228.180 - - [14/Apr/2025:07:23:50 -0400] "GET /items/ealep139/37868?key=plastic HTTP/1.1" 500 1245 "-" "Mozilla/5.0 (compatible; DataForSeoBot/1.0; +https://dataforseo.com/dataforseo-bot)"
65.21.113.206 - - [14/Apr/2025:07:23:50 -0400] "GET /search.php?m075000234?srsltid=AfmBOoBqKYtZSSlXZLAJTa_ymE39R3bkC_CeNJhN4L-P-n2MniUqeu HTTP/1.1" 200 108175 "-" "Mozilla/5.0 (compatible; AwarioBot/1.0; +https://awario.com/bots.html)"
136.243.228.180 - - [14/Apr/2025:07:23:55 -0400] "GET /items/biyea130/11910?key=pursue HTTP/1.1" 500 1245 "-" "Mozilla/5.0 (compatible; DataForSeoBot/1.0; +https://dataforseo.com/dataforseo-bot)"
20.171.207.13 - - [14/Apr/2025:07:23:56 -0400] "GET /items/nwurx18/34215?key=box HTTP/1.1" 500 1245 "-" "Mozilla/5.0 AppleWebKit/537.36 (KHTML, like Gecko; compatible; GPTBot/1.2; +https://openai.com/gptbot)"
136.243.228.180 - - [14/Apr/2025:07:24:02 -0400] "GET /items/zrxqm267/39884?key=action HTTP/1.1" 500 1245 "-" "Mozilla/5.0 (compatible; DataForSeoBot/1.0; +https://dataforseo.com/dataforseo-bot)"
65.21.113.206 - - [14/Apr/2025:07:24:01 -0400] "GET /search.php?m075014460?srsltid=AfmBOoofLdlVHZmtTPtPtT_tmtmQWmD17_kNk8ckEH-D-81Q8nXYey HTTP/1.1" 200 108509 "-" "Mozilla/5.0 (compatible; AwarioBot/1.0; +https://awario.com/bots.html)"
136.243.228.180 - - [14/Apr/2025:07:24:06 -0400] "GET /items/zhicr147/31243?key=marry HTTP/1.1" 500 1245 "-" "Mozilla/5.0 (compatible; DataForSeoBot/1.0; +https://dataforseo.com/dataforseo-bot)"
65.21.113.206 - - [14/Apr/2025:07:24:09 -0400] "GET /search.php?m075016580?srsltid=AfmBOoICmgnsKrKzmrvCbv_gyuoyibR0K_XOuXEBkP-V-0n1fHs847 HTTP/1.1" 200 110791 "-" "Mozilla/5.0 (compatible; AwarioBot/1.0; +https://awario.com/bots.html)"
136.243.228.180 - - [14/Apr/2025:07:24:12 -0400] "GET /items/bxang93/38705?key=earthquake HTTP/1.1" 500 1245 "-" "Mozilla/5.0 (compatible; DataForSeoBot/1.0; +https://dataforseo.com/dataforseo-bot)"
136.243.228.180 - - [14/Apr/2025:07:24:14 -0400] "GET /items/wftcg22/10922?key=classroom HTTP/1.1" 500 1245 "-" "Mozilla/5.0 (compatible; DataForSeoBot/1.0; +https://dataforseo.com/dataforseo-bot)"
65.21.113.206 - - [14/Apr/2025:07:24:15 -0400] "GET /search.php?m075035266?srsltid=AfmBOoDDmLBZOLXr2CMHHM_1gCCgGRZtb_yQQyPkNA-Q-hMLodORQD HTTP/1.1" 200 109741 "-" "Mozilla/5.0 (compatible; AwarioBot/1.0; +https://awario.com/bots.html)"
136.243.228.180 - - [14/Apr/2025:07:24:19 -0400] "GET /items/zpfxh206/45095?key=necessarily HTTP/1.1" 500 1245 "-" "Mozilla/5.0 (compatible; DataForSeoBot/1.0; +https://dataforseo.com/dataforseo-bot)"
65.21.113.206 - - [14/Apr/2025:07:24:20 -0400] "GET /search.php?m076014845?srsltid=AfmBOolAeBBbPzjaCZ64w4_JgkQkJGG4V_C2V2M00L-H-5gHJJS75o HTTP/1.1" 200 109100 "-" "Mozilla/5.0 (compatible; AwarioBot/1.0; +https://awario.com/bots.html)"
136.243.228.180 - - [14/Apr/2025:07:24:23 -0400] "GET /items/xdtsp96/22731?key=rifle HTTP/1.1" 500 1245 "-" "Mozilla/5.0 (compatible; DataForSeoBot/1.0; +https://dataforseo.com/dataforseo-bot)"
65.21.113.206 - - [14/Apr/2025:07:24:25 -0400] "GET /search.php?m076018931?srsltid=AfmBOoOlfKikXtNzv7PRoP_kOLcOLnDBY_SVqSVdY0-Z-Z2B7ObJLI HTTP/1.1" 200 109232 "-" "Mozilla/5.0 (compatible; AwarioBot/1.0; +https://awario.com/bots.html)"
136.243.228.180 - - [14/Apr/2025:07:24:26 -0400] "GET /items/ujbsp299/16155?key=old HTTP/1.1" 500 1245 "-" "Mozilla/5.0 (compatible; DataForSeoBot/1.0; +https://dataforseo.com/dataforseo-bot)"
136.243.228.180 - - [14/Apr/2025:07:24:31 -0400] "GET /items/tpjlg213/35863?key=imagination HTTP/1.1" 500 1245 "-" "Mozilla/5.0 (compatible; DataForSeoBot/1.0; +https://dataforseo.com/dataforseo-bot)"
65.21.113.206 - - [14/Apr/2025:07:24:31 -0400] "GET /search.php?m076029209?srsltid=AfmBOoIKJwwsohFpkLMks0_h4G1iZ4H3I_yzEYayim-U-nt8GKVzQy HTTP/1.1" 200 111112 "-" "Mozilla/5.0 (compatible; AwarioBot/1.0; +https://awario.com/bots.html)"
136.243.228.180 - - [14/Apr/2025:07:24:35 -0400] "GET /items/zlynx248/7772?key=appointment HTTP/1.1" 500 1245 "-" "Mozilla/5.0 (compatible; DataForSeoBot/1.0; +https://dataforseo.com/dataforseo-bot)"
65.21.113.206 - - [14/Apr/2025:07:24:36 -0400] "GET /search.php?m076040765?srsltid=AfmBOoqNeDjiMQQTTQ2nga_eCRgNbLyO2_7A5vfgDm-K-09QGuS8gf HTTP/1.1" 200 109572 "-" "Mozilla/5.0 (compatible; AwarioBot/1.0; +https://awario.com/bots.html)"
198.54.114.83 - - [14/Apr/2025:07:24:40 -0400] "POST /wp-cron.php?doing_wp_cron=1744629880.2243509292602539062500 HTTP/1.1" 403 1242 "-" "WordPress/6.7.2; https://bayrampasaspor.com"
136.243.228.180 - - [14/Apr/2025:07:24:39 -0400] "GET /items/fkakh246/15711?key=smoke HTTP/1.1" 500 1245 "-" "Mozilla/5.0 (compatible; DataForSeoBot/1.0; +https://dataforseo.com/dataforseo-bot)"
136.243.228.180 - - [14/Apr/2025:07:24:43 -0400] "GET /items/yepkh298/30957?key=singer HTTP/1.1" 500 1245 "-" "Mozilla/5.0 (compatible; DataForSeoBot/1.0; +https://dataforseo.com/dataforseo-bot)"
65.21.113.206 - - [14/Apr/2025:07:24:42 -0400] "GET /search.php?m077007378?srsltid=AfmBOozIsEIGyWYQBPd3Jl_VNQx5zCrfU_HBAt8L5R-J-aZuKo27jN HTTP/1.1" 200 109553 "-" "Mozilla/5.0 (compatible; AwarioBot/1.0; +https://awario.com/bots.html)"
136.243.228.180 - - [14/Apr/2025:07:24:46 -0400] "GET /items/leztq126/23922?key=clip HTTP/1.1" 500 1245 "-" "Mozilla/5.0 (compatible; DataForSeoBot/1.0; +https://dataforseo.com/dataforseo-bot)"
136.243.228.180 - - [14/Apr/2025:07:24:50 -0400] "GET /items/zrxdw187/3444?key=ill HTTP/1.1" 500 1245 "-" "Mozilla/5.0 (compatible; DataForSeoBot/1.0; +https://dataforseo.com/dataforseo-bot)"
65.21.113.206 - - [14/Apr/2025:07:24:50 -0400] "GET /search.php?m077020164?srsltid=AfmBOocDUMXJsGdqxdfuzy_a78GXzWE4V_2BOcovLV-Z-JHo2Tm67B HTTP/1.1" 200 109364 "-" "Mozilla/5.0 (compatible; AwarioBot/1.0; +https://awario.com/bots.html)"
136.243.228.180 - - [14/Apr/2025:07:24:55 -0400] "GET /items/atcih16/9334?key=privacy HTTP/1.1" 500 1245 "-" "Mozilla/5.0 (compatible; DataForSeoBot/1.0; +https://dataforseo.com/dataforseo-bot)"
65.21.113.206 - - [14/Apr/2025:07:24:55 -0400] "GET /search.php?m077029870?srsltid=AfmBOovSOeniBleYtJqnNw_yQ0nothxUs_xVXaRp7i-H-I52Jn1GuN HTTP/1.1" 200 108968 "-" "Mozilla/5.0 (compatible; AwarioBot/1.0; +https://awario.com/bots.html)"
20.171.207.13 - - [14/Apr/2025:07:24:57 -0400] "GET /items/zpybk64/39087?key=chance HTTP/1.1" 500 1245 "-" "Mozilla/5.0 AppleWebKit/537.36 (KHTML, like Gecko; compatible; GPTBot/1.2; +https://openai.com/gptbot)"
136.243.228.180 - - [14/Apr/2025:07:24:59 -0400] "GET /items/zbkqo112/24271?key=overcome HTTP/1.1" 500 1245 "-" "Mozilla/5.0 (compatible; DataForSeoBot/1.0; +https://dataforseo.com/dataforseo-bot)"
136.243.228.180 - - [14/Apr/2025:07:25:04 -0400] "GET /items/rnhzh58/32715?key=result HTTP/1.1" 500 1245 "-" "Mozilla/5.0 (compatible; DataForSeoBot/1.0; +https://dataforseo.com/dataforseo-bot)"
65.21.113.206 - - [14/Apr/2025:07:25:05 -0400] "GET /search.php?m077033708?srsltid=AfmBOoJMchbEzuxlhY02Eo_3Rumsy1mup_NFtjYZtF-X-Ims7IBCM6 HTTP/1.1" 200 109024 "-" "Mozilla/5.0 (compatible; AwarioBot/1.0; +https://awario.com/bots.html)"
136.243.228.180 - - [14/Apr/2025:07:25:08 -0400] "GET /items/cukvb225/4405?key=communicate HTTP/1.1" 500 1245 "-" "Mozilla/5.0 (compatible; DataForSeoBot/1.0; +https://dataforseo.com/dataforseo-bot)"
65.21.113.206 - - [14/Apr/2025:07:25:11 -0400] "GET /search.php?m077038914?srsltid=AfmBOojZxihAVUsrEKTTeq_pLLzWNE6rC_uu4ziIKN-R-0T76h9Bi7 HTTP/1.1" 200 109144 "-" "Mozilla/5.0 (compatible; AwarioBot/1.0; +https://awario.com/bots.html)"
136.243.228.180 - - [14/Apr/2025:07:25:11 -0400] "GET /items/ytbhl279/23843?key=latter HTTP/1.1" 500 1245 "-" "Mozilla/5.0 (compatible; DataForSeoBot/1.0; +https://dataforseo.com/dataforseo-bot)"
136.243.228.180 - - [14/Apr/2025:07:25:15 -0400] "GET /items/ntseb261/10622?key=as HTTP/1.1" 500 1245 "-" "Mozilla/5.0 (compatible; DataForSeoBot/1.0; +https://dataforseo.com/dataforseo-bot)"
65.21.113.206 - - [14/Apr/2025:07:25:15 -0400] "GET /search.php?m077048424?srsltid=AfmBOoqvilrkJIyhyUZnqL_NQGiUy10CO_68nNtVUF-K-8NOyAb1N0 HTTP/1.1" 200 109585 "-" "Mozilla/5.0 (compatible; AwarioBot/1.0; +https://awario.com/bots.html)"
136.243.228.180 - - [14/Apr/2025:07:25:19 -0400] "GET /items/lwbfy141/30224?key=early HTTP/1.1" 500 1245 "-" "Mozilla/5.0 (compatible; DataForSeoBot/1.0; +https://dataforseo.com/dataforseo-bot)"
65.21.113.206 - - [14/Apr/2025:07:25:20 -0400] "GET /search.php?m078006407?srsltid=AfmBOouyOkmZzfVXxwWTcE_PrCip2k0gs_8ZSy2E1a-E-RbZJmP5PZ HTTP/1.1" 200 111107 "-" "Mozilla/5.0 (compatible; AwarioBot/1.0; +https://awario.com/bots.html)"
136.243.228.180 - - [14/Apr/2025:07:25:23 -0400] "GET /items/uwzrc151/25037?key=channel HTTP/1.1" 500 1245 "-" "Mozilla/5.0 (compatible; DataForSeoBot/1.0; +https://dataforseo.com/dataforseo-bot)"
65.21.113.206 - - [14/Apr/2025:07:25:25 -0400] "GET /search.php?m078007137?srsltid=AfmBOoAsdLSlCMXoDAUZ0A_gmiUgYx7nB_FNM4H18m-P-G16YXUNVf HTTP/1.1" 200 109438 "-" "Mozilla/5.0 (compatible; AwarioBot/1.0; +https://awario.com/bots.html)"
136.243.228.180 - - [14/Apr/2025:07:25:27 -0400] "GET /items/iwcsb111/37231?key=cholesterol HTTP/1.1" 500 1245 "-" "Mozilla/5.0 (compatible; DataForSeoBot/1.0; +https://dataforseo.com/dataforseo-bot)"
136.243.228.180 - - [14/Apr/2025:07:25:32 -0400] "GET /items/cmkut15/3492?key=elect HTTP/1.1" 500 1245 "-" "Mozilla/5.0 (compatible; DataForSeoBot/1.0; +https://dataforseo.com/dataforseo-bot)"
65.21.113.206 - - [14/Apr/2025:07:25:31 -0400] "GET /search.php?m078012017?srsltid=AfmBOolmzAksyOTGBvPRUi_hfRoeo0Ns5_H3zhzq57-G-9K9RBuoON HTTP/1.1" 200 109870 "-" "Mozilla/5.0 (compatible; AwarioBot/1.0; +https://awario.com/bots.html)"
136.243.228.180 - - [14/Apr/2025:07:25:35 -0400] "GET /items/nlhmg48/41362?key=relax HTTP/1.1" 500 1245 "-" "Mozilla/5.0 (compatible; DataForSeoBot/1.0; +https://dataforseo.com/dataforseo-bot)"
65.21.113.206 - - [14/Apr/2025:07:25:38 -0400] "GET /search.php?m078019159?srsltid=AfmBOodsvWXdqNithMr3lH_d1utiqRiMb_pBRb6jbN-Y-gao7aJymp HTTP/1.1" 200 109343 "-" "Mozilla/5.0 (compatible; AwarioBot/1.0; +https://awario.com/bots.html)"
136.243.228.180 - - [14/Apr/2025:07:25:39 -0400] "GET /items/gsndm88/32471?key=dominant HTTP/1.1" 500 1245 "-" "Mozilla/5.0 (compatible; DataForSeoBot/1.0; +https://dataforseo.com/dataforseo-bot)"
136.243.228.180 - - [14/Apr/2025:07:25:43 -0400] "GET /items/lhpzs181/20418?key=silence HTTP/1.1" 500 1245 "-" "Mozilla/5.0 (compatible; DataForSeoBot/1.0; +https://dataforseo.com/dataforseo-bot)"
65.21.113.206 - - [14/Apr/2025:07:25:43 -0400] "GET /search.php?m078025701?srsltid=AfmBOoVmMlkPWgqhRIiP3E_Efc4j4HyFr_a2LFLI1K-D-2A2jzHpVS HTTP/1.1" 200 109221 "-" "Mozilla/5.0 (compatible; AwarioBot/1.0; +https://awario.com/bots.html)"
136.243.228.180 - - [14/Apr/2025:07:25:47 -0400] "GET /items/bznmg144/2873?key=intensity HTTP/1.1" 500 1245 "-" "Mozilla/5.0 (compatible; DataForSeoBot/1.0; +https://dataforseo.com/dataforseo-bot)"
65.21.113.206 - - [14/Apr/2025:07:25:49 -0400] "GET /search.php?m078032605?srsltid=AfmBOoliYsLCSUPTk5UIqn_e3LDMyFPkl_4VTAgaqG-E-0zGTCkbwu HTTP/1.1" 200 110042 "-" "Mozilla/5.0 (compatible; AwarioBot/1.0; +https://awario.com/bots.html)"
136.243.228.180 - - [14/Apr/2025:07:25:51 -0400] "GET /items/ykjdo26/16821?key=increased HTTP/1.1" 500 1245 "-" "Mozilla/5.0 (compatible; DataForSeoBot/1.0; +https://dataforseo.com/dataforseo-bot)"
136.243.228.180 - - [14/Apr/2025:07:25:54 -0400] "GET /items/ibzso122/28090?key=satisfaction HTTP/1.1" 500 1245 "-" "Mozilla/5.0 (compatible; DataForSeoBot/1.0; +https://dataforseo.com/dataforseo-bot)"
65.21.113.206 - - [14/Apr/2025:07:25:55 -0400] "GET /search.php?m079001716?srsltid=AfmBOoEkBVibsDYKKYFc6f_j8NZg9nBXz_N76QkdCF-M-JhNxASnG0 HTTP/1.1" 200 109468 "-" "Mozilla/5.0 (compatible; AwarioBot/1.0; +https://awario.com/bots.html)"
20.171.207.13 - - [14/Apr/2025:07:25:58 -0400] "GET /items/gwdcw40/28093?key=belong HTTP/1.1" 500 1245 "-" "Mozilla/5.0 AppleWebKit/537.36 (KHTML, like Gecko; compatible; GPTBot/1.2; +https://openai.com/gptbot)"
136.243.228.180 - - [14/Apr/2025:07:26:24 -0400] "GET /items/ubyli223/23683?key=through HTTP/1.1" 500 1245 "-" "Mozilla/5.0 (compatible; DataForSeoBot/1.0; +https://dataforseo.com/dataforseo-bot)"
65.21.113.206 - - [14/Apr/2025:07:26:26 -0400] "GET /search.php?m081010106?srsltid=AfmBOoqAttDppoqtYXe2z9_JeCboBkuPa_5ZVoRC8N-M-paOqRryv0 HTTP/1.1" 200 110030 "-" "Mozilla/5.0 (compatible; AwarioBot/1.0; +https://awario.com/bots.html)"
136.243.228.180 - - [14/Apr/2025:07:26:28 -0400] "GET /items/sgeej122/9526?key=add HTTP/1.1" 500 1245 "-" "Mozilla/5.0 (compatible; DataForSeoBot/1.0; +https://dataforseo.com/dataforseo-bot)"
136.243.228.180 - - [14/Apr/2025:07:26:31 -0400] "GET /items/luxyd166/42322?key=honey HTTP/1.1" 500 1245 "-" "Mozilla/5.0 (compatible; DataForSeoBot/1.0; +https://dataforseo.com/dataforseo-bot)"
65.21.113.206 - - [14/Apr/2025:07:26:32 -0400] "GET /search.php?m081043896?srsltid=AfmBOoteRpXINmWteI8CDk_ybxLre5B3z_zWX0TPAK-V-W9mapicDP HTTP/1.1" 200 108701 "-" "Mozilla/5.0 (compatible; AwarioBot/1.0; +https://awario.com/bots.html)"
136.243.228.180 - - [14/Apr/2025:07:26:36 -0400] "GET /items/coebj184/2998?key=liability HTTP/1.1" 500 1245 "-" "Mozilla/5.0 (compatible; DataForSeoBot/1.0; +https://dataforseo.com/dataforseo-bot)"
65.21.113.206 - - [14/Apr/2025:07:26:37 -0400] "GET /search.php?m082000277?srsltid=AfmBOojCvYjulbUQgjXuJD_8vjTmINSiF_9bBDxpWs-B-htmlz5O8C HTTP/1.1" 200 109219 "-" "Mozilla/5.0 (compatible; AwarioBot/1.0; +https://awario.com/bots.html)"
136.243.228.180 - - [14/Apr/2025:07:26:39 -0400] "GET /items/ahuqd235/21220?key=careful HTTP/1.1" 500 1245 "-" "Mozilla/5.0 (compatible; DataForSeoBot/1.0; +https://dataforseo.com/dataforseo-bot)"
65.21.113.206 - - [14/Apr/2025:07:26:43 -0400] "GET /search.php?m082002885?srsltid=AfmBOoAjSOuoLVmRsoIbvG_0PT7kj3LJ7_7H54eDvU-X-D82m41D51 HTTP/1.1" 200 109658 "-" "Mozilla/5.0 (compatible; AwarioBot/1.0; +https://awario.com/bots.html)"
136.243.228.180 - - [14/Apr/2025:07:26:43 -0400] "GET /items/bckgi24/25965?key=gesture HTTP/1.1" 500 1245 "-" "Mozilla/5.0 (compatible; DataForSeoBot/1.0; +https://dataforseo.com/dataforseo-bot)"
198.54.114.83 - - [14/Apr/2025:07:26:45 -0400] "POST /wp-cron.php?doing_wp_cron=1744630003.7674980163574218750000 HTTP/1.1" 200 0 "-" "WordPress/6.7.2; https://bayrampasaspor.com"
136.243.228.180 - - [14/Apr/2025:07:26:47 -0400] "GET /items/funqk272/15224?key=ridiculous HTTP/1.1" 500 1245 "-" "Mozilla/5.0 (compatible; DataForSeoBot/1.0; +https://dataforseo.com/dataforseo-bot)"
65.21.113.206 - - [14/Apr/2025:07:26:49 -0400] "GET /search.php?m082007871?srsltid=AfmBOomqGbYKNcxeaiaI0T_FYxiRKD2NF_VbKh0gDl-Q-jPzLkat1i HTTP/1.1" 200 110413 "-" "Mozilla/5.0 (compatible; AwarioBot/1.0; +https://awario.com/bots.html)"
136.243.228.180 - - [14/Apr/2025:07:26:52 -0400] "GET /items/qdctc264/42031?key=presence HTTP/1.1" 500 1245 "-" "Mozilla/5.0 (compatible; DataForSeoBot/1.0; +https://dataforseo.com/dataforseo-bot)"
136.243.228.180 - - [14/Apr/2025:07:26:55 -0400] "GET /items/ztoya208/148?key=predator HTTP/1.1" 500 1245 "-" "Mozilla/5.0 (compatible; DataForSeoBot/1.0; +https://dataforseo.com/dataforseo-bot)"
65.21.113.206 - - [14/Apr/2025:07:26:55 -0400] "GET /search.php?m082012043?srsltid=AfmBOobIONolFoLUrscjFL_znuYszhgND_VZNq4B5F-A-eQj2rof82 HTTP/1.1" 200 109446 "-" "Mozilla/5.0 (compatible; AwarioBot/1.0; +https://awario.com/bots.html)"
136.243.228.180 - - [14/Apr/2025:07:26:59 -0400] "GET /items/spmah233/45972?key=fast HTTP/1.1" 500 1245 "-" "Mozilla/5.0 (compatible; DataForSeoBot/1.0; +https://dataforseo.com/dataforseo-bot)"
65.21.113.206 - - [14/Apr/2025:07:26:59 -0400] "GET /search.php?m083018486?srsltid=AfmBOodLTdBXddONHwUwYi_IKINeUzfXE_N4IMqluA-I-9dHSwY6KB HTTP/1.1" 200 109563 "-" "Mozilla/5.0 (compatible; AwarioBot/1.0; +https://awario.com/bots.html)"
20.171.207.13 - - [14/Apr/2025:07:27:03 -0400] "GET /items/oyjto280/24537?key=confrontation HTTP/1.1" 500 1245 "-" "Mozilla/5.0 AppleWebKit/537.36 (KHTML, like Gecko; compatible; GPTBot/1.2; +https://openai.com/gptbot)"
136.243.228.180 - - [14/Apr/2025:07:27:03 -0400] "GET /items/ylacp197/49329?key=forever HTTP/1.1" 500 1245 "-" "Mozilla/5.0 (compatible; DataForSeoBot/1.0; +https://dataforseo.com/dataforseo-bot)"
65.21.113.206 - - [14/Apr/2025:07:27:04 -0400] "GET /search.php?m083026312?srsltid=AfmBOoMRmMYFejDC1yVf3u_T5BW4B4WcW_Hr1frf1P-H-EmWmEAEZc HTTP/1.1" 200 109858 "-" "Mozilla/5.0 (compatible; AwarioBot/1.0; +https://awario.com/bots.html)"
136.243.228.180 - - [14/Apr/2025:07:27:07 -0400] "GET /items/zzyhr57/32308?key=rape HTTP/1.1" 500 1245 "-" "Mozilla/5.0 (compatible; DataForSeoBot/1.0; +https://dataforseo.com/dataforseo-bot)"
65.21.113.206 - - [14/Apr/2025:07:27:10 -0400] "GET /search.php?m083026834?srsltid=AfmBOoDyhAbRyqVaKLgHVs_jMURHv46z7_PfOlWtm1-L-ftn60Ozed HTTP/1.1" 200 110171 "-" "Mozilla/5.0 (compatible; AwarioBot/1.0; +https://awario.com/bots.html)"
136.243.228.180 - - [14/Apr/2025:07:27:11 -0400] "GET /items/voehl192/4093?key=chin HTTP/1.1" 500 1245 "-" "Mozilla/5.0 (compatible; DataForSeoBot/1.0; +https://dataforseo.com/dataforseo-bot)"
136.243.228.180 - - [14/Apr/2025:07:27:15 -0400] "GET /items/usgtk120/45535?key=inspector HTTP/1.1" 500 1245 "-" "Mozilla/5.0 (compatible; DataForSeoBot/1.0; +https://dataforseo.com/dataforseo-bot)"
65.21.113.206 - - [14/Apr/2025:07:27:14 -0400] "GET /search.php?m083028714?srsltid=AfmBOoizpgoajvcF5W2GtF_k0yo8okltm_AnQcQ3dI-Y-mYmTR4PrV HTTP/1.1" 200 111051 "-" "Mozilla/5.0 (compatible; AwarioBot/1.0; +https://awario.com/bots.html)"
136.243.228.180 - - [14/Apr/2025:07:27:18 -0400] "GET /items/emibx111/30213?key=minor HTTP/1.1" 500 1245 "-" "Mozilla/5.0 (compatible; DataForSeoBot/1.0; +https://dataforseo.com/dataforseo-bot)"
65.21.113.206 - - [14/Apr/2025:07:27:19 -0400] "GET /search.php?m084016815?srsltid=AfmBOoYXUmfUEfdx5vKNii_cmhFFxKr6s_JTddeBi6-C-wwy3QXNbR HTTP/1.1" 200 109087 "-" "Mozilla/5.0 (compatible; AwarioBot/1.0; +https://awario.com/bots.html)"
136.243.228.180 - - [14/Apr/2025:07:27:23 -0400] "GET /items/fsydz279/30835?key=full-time HTTP/1.1" 500 1245 "-" "Mozilla/5.0 (compatible; DataForSeoBot/1.0; +https://dataforseo.com/dataforseo-bot)"
65.21.113.206 - - [14/Apr/2025:07:27:23 -0400] "GET /search.php?m084020279?srsltid=AfmBOoJRckkDGgncoHg7dm_gpbaYLjMRM_VJvUH6FY-A-tjEQrNrMX HTTP/1.1" 200 109848 "-" "Mozilla/5.0 (compatible; AwarioBot/1.0; +https://awario.com/bots.html)"
136.243.228.180 - - [14/Apr/2025:07:27:27 -0400] "GET /items/hkblv141/44412?key=articulate HTTP/1.1" 500 1245 "-" "Mozilla/5.0 (compatible; DataForSeoBot/1.0; +https://dataforseo.com/dataforseo-bot)"
65.21.113.206 - - [14/Apr/2025:07:27:27 -0400] "GET /search.php?m084031259?srsltid=AfmBOoHyQTWPmSIJAGCfGr_kifkSJNJZU_QV10ryrD-N-LSk8kJP8f HTTP/1.1" 200 109621 "-" "Mozilla/5.0 (compatible; AwarioBot/1.0; +https://awario.com/bots.html)"
136.243.228.180 - - [14/Apr/2025:07:27:31 -0400] "GET /items/xwkho136/22953?key=chair HTTP/1.1" 500 1245 "-" "Mozilla/5.0 (compatible; DataForSeoBot/1.0; +https://dataforseo.com/dataforseo-bot)"
136.243.228.180 - - [14/Apr/2025:07:27:35 -0400] "GET /items/ekjkf283/36096?key=Iraqi HTTP/1.1" 500 1245 "-" "Mozilla/5.0 (compatible; DataForSeoBot/1.0; +https://dataforseo.com/dataforseo-bot)"
65.21.113.206 - - [14/Apr/2025:07:27:35 -0400] "GET /search.php?m085005850?srsltid=AfmBOotIOMJXELzcN5JQ0m_To6Pg8lpLN_kg7oKzRL-R-9C53SrA7d HTTP/1.1" 200 109115 "-" "Mozilla/5.0 (compatible; AwarioBot/1.0; +https://awario.com/bots.html)"
136.243.228.180 - - [14/Apr/2025:07:27:39 -0400] "GET /items/sxlpa51/44880?key=territory HTTP/1.1" 500 1245 "-" "Mozilla/5.0 (compatible; DataForSeoBot/1.0; +https://dataforseo.com/dataforseo-bot)"
65.21.113.206 - - [14/Apr/2025:07:27:41 -0400] "GET /search.php?m085027650?srsltid=AfmBOoJimjlQEVtIIERxvS_U9OEnUKy0x_rgeTz12j-V-Qy9YcrLNP HTTP/1.1" 200 109325 "-" "Mozilla/5.0 (compatible; AwarioBot/1.0; +https://awario.com/bots.html)"
198.54.114.83 - - [14/Apr/2025:07:27:45 -0400] "POST /wp-cron.php?doing_wp_cron=1744630064.2558960914611816406250 HTTP/1.1" 200 0 "-" "WordPress/6.7.2; https://bayrampasaspor.com"
136.243.228.180 - - [14/Apr/2025:07:28:12 -0400] "GET /items/hdsel260/32097?key=ethics HTTP/1.1" 500 1245 "-" "Mozilla/5.0 (compatible; DataForSeoBot/1.0; +https://dataforseo.com/dataforseo-bot)"
136.243.228.180 - - [14/Apr/2025:07:28:15 -0400] "GET /items/xnbnc60/39803?key=homeless HTTP/1.1" 500 1245 "-" "Mozilla/5.0 (compatible; DataForSeoBot/1.0; +https://dataforseo.com/dataforseo-bot)"
65.21.113.206 - - [14/Apr/2025:07:28:15 -0400] "GET /search.php?m086023189?srsltid=AfmBOoBxjuBnMDziQbGSvh_manB0EnkgW_JWetCWYT-T-izljPcaLC HTTP/1.1" 200 109733 "-" "Mozilla/5.0 (compatible; AwarioBot/1.0; +https://awario.com/bots.html)"
136.243.228.180 - - [14/Apr/2025:07:28:19 -0400] "GET /items/vfdvk194/11930?key=equal HTTP/1.1" 500 1245 "-" "Mozilla/5.0 (compatible; DataForSeoBot/1.0; +https://dataforseo.com/dataforseo-bot)"
65.21.113.206 - - [14/Apr/2025:07:28:21 -0400] "GET /search.php?m086043889?srsltid=AfmBOosvrpZtMdvLHSD97H_lYFEWDsPbC_eI8CDk1R-A-zWX0TPAKu HTTP/1.1" 200 110281 "-" "Mozilla/5.0 (compatible; AwarioBot/1.0; +https://awario.com/bots.html)"
136.243.228.180 - - [14/Apr/2025:07:28:22 -0400] "GET /items/nxqhq65/36644?key=gesture HTTP/1.1" 500 1245 "-" "Mozilla/5.0 (compatible; DataForSeoBot/1.0; +https://dataforseo.com/dataforseo-bot)"
136.243.228.180 - - [14/Apr/2025:07:28:27 -0400] "GET /items/shebp99/33383?key=trace HTTP/1.1" 500 1245 "-" "Mozilla/5.0 (compatible; DataForSeoBot/1.0; +https://dataforseo.com/dataforseo-bot)"
65.21.113.206 - - [14/Apr/2025:07:28:26 -0400] "GET /search.php?m086047677?srsltid=AfmBOoRwRnFKTXCsgwkkGg_Zww7UPFBYj_EE5lWkuU-L-sjPD10LEQ HTTP/1.1" 200 109642 "-" "Mozilla/5.0 (compatible; AwarioBot/1.0; +https://awario.com/bots.html)"
136.243.228.180 - - [14/Apr/2025:07:28:30 -0400] "GET /items/abyzp28/8747?key=elect HTTP/1.1" 500 1245 "-" "Mozilla/5.0 (compatible; DataForSeoBot/1.0; +https://dataforseo.com/dataforseo-bot)"
65.21.113.206 - - [14/Apr/2025:07:28:32 -0400] "GET /search.php?m087019284?srsltid=AfmBOolxLNSVxeYQVFyu7T_SVpGF6zEDg_97DEWFlp-B-jG8s7dAsD HTTP/1.1" 200 108664 "-" "Mozilla/5.0 (compatible; AwarioBot/1.0; +https://awario.com/bots.html)"
136.243.228.180 - - [14/Apr/2025:07:28:35 -0400] "GET /items/kancf267/21703?key=whereas HTTP/1.1" 500 1245 "-" "Mozilla/5.0 (compatible; DataForSeoBot/1.0; +https://dataforseo.com/dataforseo-bot)"
65.21.113.206 - - [14/Apr/2025:07:28:35 -0400] "GET /search.php?m087026576?srsltid=AfmBOoHbdVryBBri3Jzjjg_dc77aeaa5b_BMMeoeet-F-nSbSSg5xW HTTP/1.1" 200 109642 "-" "Mozilla/5.0 (compatible; AwarioBot/1.0; +https://awario.com/bots.html)"
136.243.228.180 - - [14/Apr/2025:07:28:38 -0400] "GET /items/huqdg86/10288?key=shuttle HTTP/1.1" 500 1245 "-" "Mozilla/5.0 (compatible; DataForSeoBot/1.0; +https://dataforseo.com/dataforseo-bot)"
136.243.228.180 - - [14/Apr/2025:07:28:43 -0400] "GET /items/hifsa59/1184?key=collaboration HTTP/1.1" 500 1245 "-" "Mozilla/5.0 (compatible; DataForSeoBot/1.0; +https://dataforseo.com/dataforseo-bot)"
65.21.113.206 - - [14/Apr/2025:07:28:44 -0400] "GET /search.php?m088005233?srsltid=AfmBOoYuoieZOuLaThw5Gf_utG1sNNz6s_hnFY004d-Q-t6HHD568G HTTP/1.1" 200 109598 "-" "Mozilla/5.0 (compatible; AwarioBot/1.0; +https://awario.com/bots.html)"
136.243.228.180 - - [14/Apr/2025:07:28:47 -0400] "GET /items/yzorr133/16165?key=suspicion HTTP/1.1" 500 1245 "-" "Mozilla/5.0 (compatible; DataForSeoBot/1.0; +https://dataforseo.com/dataforseo-bot)"
65.21.113.206 - - [14/Apr/2025:07:28:50 -0400] "GET /search.php?m088010127?srsltid=AfmBOooEnDiGHrWJRUv2qi_eTrjJpomHs_qm6H9BjY-O-jJIaNwsYD HTTP/1.1" 200 108975 "-" "Mozilla/5.0 (compatible; AwarioBot/1.0; +https://awario.com/bots.html)"
136.243.228.180 - - [14/Apr/2025:07:28:51 -0400] "GET /items/glojv200/30219?key=cash HTTP/1.1" 500 1245 "-" "Mozilla/5.0 (compatible; DataForSeoBot/1.0; +https://dataforseo.com/dataforseo-bot)"
136.243.228.180 - - [14/Apr/2025:07:28:56 -0400] "GET /items/wrakb228/36225?key=chicken HTTP/1.1" 500 1245 "-" "Mozilla/5.0 (compatible; DataForSeoBot/1.0; +https://dataforseo.com/dataforseo-bot)"
65.21.113.206 - - [14/Apr/2025:07:28:56 -0400] "GET /search.php?m088039237?srsltid=AfmBOoBfjoriyqEc806f5o_JvRYPK3dNh_PbRwSO6r-P-j69IghduA HTTP/1.1" 200 108536 "-" "Mozilla/5.0 (compatible; AwarioBot/1.0; +https://awario.com/bots.html)"
136.243.228.180 - - [14/Apr/2025:07:29:00 -0400] "GET /items/mkmpr284/14478?key=center HTTP/1.1" 500 1245 "-" "Mozilla/5.0 (compatible; DataForSeoBot/1.0; +https://dataforseo.com/dataforseo-bot)"
