65.21.113.206 - - [14/Apr/2025:08:43:51 -0400] "GET /search.php?m262017273?srsltid=AfmBOonMHhneHFnf0gMTKH_DiMkg8qPh4_IuC6w9Ng-N-V1psXQ3mj HTTP/1.1" 200 109097 "-" "Mozilla/5.0 (compatible; AwarioBot/1.0; +https://awario.com/bots.html)"
136.243.228.180 - - [14/Apr/2025:08:43:52 -0400] "GET /items/kzrcc113/32149?key=thrive HTTP/1.1" 500 1245 "-" "Mozilla/5.0 (compatible; DataForSeoBot/1.0; +https://dataforseo.com/dataforseo-bot)"
65.21.113.206 - - [14/Apr/2025:08:43:55 -0400] "GET /robots.txt HTTP/1.1" 304 0 "-" "Mozilla/5.0 (compatible; AwarioBot/1.0; +https://awario.com/bots.html)"
65.21.113.206 - - [14/Apr/2025:08:43:55 -0400] "GET /search.php?m262019409?srsltid=AfmBOoAuyhfbvElDCkg2v6_CWahA1A9RW_wmfxvxzZ-R-eHEHWx7sP HTTP/1.1" 200 109174 "-" "Mozilla/5.0 (compatible; AwarioBot/1.0; +https://awario.com/bots.html)"
136.243.228.180 - - [14/Apr/2025:08:43:56 -0400] "GET /items/wagct233/3261?key=crisis HTTP/1.1" 500 1245 "-" "Mozilla/5.0 (compatible; DataForSeoBot/1.0; +https://dataforseo.com/dataforseo-bot)"
136.243.228.180 - - [14/Apr/2025:08:43:59 -0400] "GET /items/xgxgb81/22888?key=anger HTTP/1.1" 500 1245 "-" "Mozilla/5.0 (compatible; DataForSeoBot/1.0; +https://dataforseo.com/dataforseo-bot)"
65.21.113.206 - - [14/Apr/2025:08:43:59 -0400] "GET /search.php?m262039409?srsltid=AfmBOogVDwaoMImXeHaEmS_7IV9vP93xc_0iw5Cwhr-B-9Zl9YkoXk HTTP/1.1" 200 110293 "-" "Mozilla/5.0 (compatible; AwarioBot/1.0; +https://awario.com/bots.html)"
198.54.114.83 - - [14/Apr/2025:08:44:04 -0400] "POST /wp-cron.php?doing_wp_cron=1744634644.2559220790863037109375 HTTP/1.1" 403 1242 "-" "WordPress/6.7.2; https://bayrampasaspor.com"
65.21.113.206 - - [14/Apr/2025:08:44:03 -0400] "GET /search.php?m262043159?srsltid=AfmBOopIfgnOVBGpYAxPHm_4gjNpnnfvF_pvtAffui-C-d0yyGD4Im HTTP/1.1" 200 109568 "-" "Mozilla/5.0 (compatible; AwarioBot/1.0; +https://awario.com/bots.html)"
136.243.228.180 - - [14/Apr/2025:08:44:03 -0400] "GET /items/vwxsh92/2357?key=immediately HTTP/1.1" 500 1245 "-" "Mozilla/5.0 (compatible; DataForSeoBot/1.0; +https://dataforseo.com/dataforseo-bot)"
136.243.228.180 - - [14/Apr/2025:08:44:08 -0400] "GET /items/clrqw8/32510?key=personnel HTTP/1.1" 500 1245 "-" "Mozilla/5.0 (compatible; DataForSeoBot/1.0; +https://dataforseo.com/dataforseo-bot)"
65.21.113.206 - - [14/Apr/2025:08:44:09 -0400] "GET /search.php?m263004588?srsltid=AfmBOoKaNplkQUgW1KTYJE_Ja0yHpmcAk_fzHKXdrp-A-SbXAsYqI8 HTTP/1.1" 200 110000 "-" "Mozilla/5.0 (compatible; AwarioBot/1.0; +https://awario.com/bots.html)"
136.243.228.180 - - [14/Apr/2025:08:44:12 -0400] "GET /items/pzrga144/13882?key=southern HTTP/1.1" 500 1245 "-" "Mozilla/5.0 (compatible; DataForSeoBot/1.0; +https://dataforseo.com/dataforseo-bot)"
65.21.113.206 - - [14/Apr/2025:08:44:13 -0400] "GET /search.php?m263009208?srsltid=AfmBOoZxIicyTMHmPtfKsG_5tbdsAZiAd_NjZcbv0b-U-eDdn8dexn HTTP/1.1" 200 109724 "-" "Mozilla/5.0 (compatible; AwarioBot/1.0; +https://awario.com/bots.html)"
136.243.228.180 - - [14/Apr/2025:08:44:16 -0400] "GET /items/sbyzo108/8873?key=bus HTTP/1.1" 500 1245 "-" "Mozilla/5.0 (compatible; DataForSeoBot/1.0; +https://dataforseo.com/dataforseo-bot)"
65.21.113.206 - - [14/Apr/2025:08:44:18 -0400] "GET /search.php?m263016146?srsltid=AfmBOofAdRyMCKKJIwAtq0_XkhETzAD5L_I7lmhTXF-Y-fsZRo98z4 HTTP/1.1" 200 109973 "-" "Mozilla/5.0 (compatible; AwarioBot/1.0; +https://awario.com/bots.html)"
136.243.228.180 - - [14/Apr/2025:08:44:20 -0400] "GET /items/kswps147/19607?key=mentor HTTP/1.1" 500 1245 "-" "Mozilla/5.0 (compatible; DataForSeoBot/1.0; +https://dataforseo.com/dataforseo-bot)"
20.171.207.13 - - [14/Apr/2025:08:44:22 -0400] "GET /items/uhved272/35606?key=unfair HTTP/1.1" 500 1245 "-" "Mozilla/5.0 AppleWebKit/537.36 (KHTML, like Gecko; compatible; GPTBot/1.2; +https://openai.com/gptbot)"
65.21.113.206 - - [14/Apr/2025:08:44:22 -0400] "GET /search.php?m263018230?srsltid=AfmBOoDcCQqyeeZkx7y8D0_FrE7XSCiPU_vWfgerA3-Q-M3cOhv5Lr HTTP/1.1" 200 110034 "-" "Mozilla/5.0 (compatible; AwarioBot/1.0; +https://awario.com/bots.html)"
136.243.228.180 - - [14/Apr/2025:08:44:24 -0400] "GET /items/qvhpj80/7414?key=trip HTTP/1.1" 500 1245 "-" "Mozilla/5.0 (compatible; DataForSeoBot/1.0; +https://dataforseo.com/dataforseo-bot)"
136.243.228.180 - - [14/Apr/2025:08:44:27 -0400] "GET /items/jptoy90/23230?key=approximately HTTP/1.1" 500 1245 "-" "Mozilla/5.0 (compatible; DataForSeoBot/1.0; +https://dataforseo.com/dataforseo-bot)"
65.21.113.206 - - [14/Apr/2025:08:44:27 -0400] "GET /search.php?m263029286?srsltid=AfmBOoDLgUIowPKrJbclO7_M8tH0dX6uC_k2tZ4zKI-X-jkUQL1lCw HTTP/1.1" 200 109052 "-" "Mozilla/5.0 (compatible; AwarioBot/1.0; +https://awario.com/bots.html)"
216.244.66.246 - - [14/Apr/2025:08:44:27 -0400] "GET /navigating-fda-otc-registration/?loknya=/home HTTP/1.1" 200 12639 "-" "Mozilla/5.0 (compatible; DotBot/1.2; +https://opensiteexplorer.org/dotbot; help@moz.com)"
65.21.113.206 - - [14/Apr/2025:08:44:31 -0400] "GET /search.php?m263047468?srsltid=AfmBOozOrdfHZmGHdFPIZr_VtInyyS8Ns_aziFFe41-N-tFFdab9sm HTTP/1.1" 200 109571 "-" "Mozilla/5.0 (compatible; AwarioBot/1.0; +https://awario.com/bots.html)"
136.243.228.180 - - [14/Apr/2025:08:44:32 -0400] "GET /items/vggbm72/17424?key=rival HTTP/1.1" 500 1245 "-" "Mozilla/5.0 (compatible; DataForSeoBot/1.0; +https://dataforseo.com/dataforseo-bot)"
65.21.113.206 - - [14/Apr/2025:08:44:35 -0400] "GET /search.php?m264023961?srsltid=AfmBOooIjltGYloeKZ4fzt_MoxzywMUPL_7rVsF8qY-N-qmJosTcPN HTTP/1.1" 200 108212 "-" "Mozilla/5.0 (compatible; AwarioBot/1.0; +https://awario.com/bots.html)"
136.243.228.180 - - [14/Apr/2025:08:44:36 -0400] "GET /items/sfwfy180/6584?key=package HTTP/1.1" 500 1245 "-" "Mozilla/5.0 (compatible; DataForSeoBot/1.0; +https://dataforseo.com/dataforseo-bot)"
136.243.228.180 - - [14/Apr/2025:08:44:40 -0400] "GET /items/kxkss234/42227?key=for HTTP/1.1" 500 1245 "-" "Mozilla/5.0 (compatible; DataForSeoBot/1.0; +https://dataforseo.com/dataforseo-bot)"
65.21.113.206 - - [14/Apr/2025:08:44:40 -0400] "GET /search.php?m264029133?srsltid=AfmBOosIhsZdkuwzoBVqRq_V7vFvvRVzr_DJfJJjna-P-qEEg6yneQ HTTP/1.1" 200 108799 "-" "Mozilla/5.0 (compatible; AwarioBot/1.0; +https://awario.com/bots.html)"
136.243.228.180 - - [14/Apr/2025:08:44:44 -0400] "GET /items/elisr44/37252?key=realistic HTTP/1.1" 500 1245 "-" "Mozilla/5.0 (compatible; DataForSeoBot/1.0; +https://dataforseo.com/dataforseo-bot)"
65.21.113.206 - - [14/Apr/2025:08:44:44 -0400] "GET /search.php?m264029731?srsltid=AfmBOoAepCxSACPxhj75Q8_oasKC3Etir_9HRsbmVE-Z-gkumjwxRu HTTP/1.1" 200 109905 "-" "Mozilla/5.0 (compatible; AwarioBot/1.0; +https://awario.com/bots.html)"
65.21.113.206 - - [14/Apr/2025:08:44:48 -0400] "GET /search.php?m264045245?srsltid=AfmBOonDvkTXlnwfNjZxPm_EopLUuii8a_8Ym6cQQh-F-81i55sdRH HTTP/1.1" 200 109987 "-" "Mozilla/5.0 (compatible; AwarioBot/1.0; +https://awario.com/bots.html)"
136.243.228.180 - - [14/Apr/2025:08:44:49 -0400] "GET /items/vdrqz253/36419?key=sign HTTP/1.1" 500 1245 "-" "Mozilla/5.0 (compatible; DataForSeoBot/1.0; +https://dataforseo.com/dataforseo-bot)"
136.243.228.180 - - [14/Apr/2025:08:44:52 -0400] "GET /items/kimgk66/5779?key=occasionally HTTP/1.1" 500 1245 "-" "Mozilla/5.0 (compatible; DataForSeoBot/1.0; +https://dataforseo.com/dataforseo-bot)"
65.21.113.206 - - [14/Apr/2025:08:44:52 -0400] "GET /search.php?m265005586?srsltid=AfmBOohQVAgyowCsGCUvNq_J3mESimUJu_egJaWgcf-I-c205WVn90 HTTP/1.1" 200 109132 "-" "Mozilla/5.0 (compatible; AwarioBot/1.0; +https://awario.com/bots.html)"
136.243.228.180 - - [14/Apr/2025:08:41:10 -0400] "GET /items/pcvmt232/27531?key=coal HTTP/1.1" 500 1245 "-" "Mozilla/5.0 (compatible; DataForSeoBot/1.0; +https://dataforseo.com/dataforseo-bot)"
65.21.113.206 - - [14/Apr/2025:08:41:11 -0400] "GET /search.php?m255008096?srsltid=AfmBOomjOyygfslyWYKV72_HZn51IESP7_zHdexAkE-T-cjO2lhRGu HTTP/1.1" 200 108312 "-" "Mozilla/5.0 (compatible; AwarioBot/1.0; +https://awario.com/bots.html)"
136.243.228.180 - - [14/Apr/2025:08:41:16 -0400] "GET /items/yryyf267/22382?key=rose HTTP/1.1" 500 1245 "-" "Mozilla/5.0 (compatible; DataForSeoBot/1.0; +https://dataforseo.com/dataforseo-bot)"
65.21.113.206 - - [14/Apr/2025:08:41:20 -0400] "GET /search.php?m255019374?srsltid=AfmBOoyidKZYzXXGggm7Ju_fx0qBF2w8w_8NfncYGE-D-qM0pava7u HTTP/1.1" 200 110458 "-" "Mozilla/5.0 (compatible; AwarioBot/1.0; +https://awario.com/bots.html)"
136.243.228.180 - - [14/Apr/2025:08:41:23 -0400] "GET /items/mtydf45/47651?key=devastating HTTP/1.1" 500 1245 "-" "Mozilla/5.0 (compatible; DataForSeoBot/1.0; +https://dataforseo.com/dataforseo-bot)"
65.21.113.206 - - [14/Apr/2025:08:41:28 -0400] "GET /search.php?m255027732?srsltid=AfmBOoaBwSntKwaOiCcBdP_YeaiUZxqRf_RFpC3d6m-B-NdCs6YZ7M HTTP/1.1" 200 108733 "-" "Mozilla/5.0 (compatible; AwarioBot/1.0; +https://awario.com/bots.html)"
136.243.228.180 - - [14/Apr/2025:08:41:29 -0400] "GET /items/frttj213/48281?key=shrimp HTTP/1.1" 500 1245 "-" "Mozilla/5.0 (compatible; DataForSeoBot/1.0; +https://dataforseo.com/dataforseo-bot)"
136.243.228.180 - - [14/Apr/2025:08:41:36 -0400] "GET /items/ajnug22/13591?key=pass HTTP/1.1" 500 1245 "-" "Mozilla/5.0 (compatible; DataForSeoBot/1.0; +https://dataforseo.com/dataforseo-bot)"
65.21.113.206 - - [14/Apr/2025:08:41:37 -0400] "GET /search.php?m255041880?srsltid=AfmBOoRMgmrcwLqsCAOozN_zQAVJa2dLK_LvagbICi-U-tvozQ3LbI HTTP/1.1" 200 108801 "-" "Mozilla/5.0 (compatible; AwarioBot/1.0; +https://awario.com/bots.html)"
136.243.228.180 - - [14/Apr/2025:08:41:41 -0400] "GET /items/cmtbe107/28721?key=cabin HTTP/1.1" 500 1245 "-" "Mozilla/5.0 (compatible; DataForSeoBot/1.0; +https://dataforseo.com/dataforseo-bot)"
136.243.228.180 - - [14/Apr/2025:08:44:58 -0400] "GET /items/jxdli7/19347?key=ah HTTP/1.1" 500 1245 "-" "Mozilla/5.0 (compatible; DataForSeoBot/1.0; +https://dataforseo.com/dataforseo-bot)"
65.21.113.206 - - [14/Apr/2025:08:45:00 -0400] "GET /search.php?m265016834?srsltid=AfmBOolukoVRDgRd4a4huq_HcNz9bBlMJ_wy5m7vjq-A-n6uKeyPYF HTTP/1.1" 200 109772 "-" "Mozilla/5.0 (compatible; AwarioBot/1.0; +https://awario.com/bots.html)"
198.54.114.83 - - [14/Apr/2025:08:45:06 -0400] "POST /wp-cron.php?doing_wp_cron=1744634705.2731180191040039062500 HTTP/1.1" 403 1242 "-" "WordPress/6.7.2; https://bayrampasaspor.com"
136.243.228.180 - - [14/Apr/2025:08:45:02 -0400] "GET /items/odtzg190/44565?key=elegant HTTP/1.1" 500 1245 "-" "Mozilla/5.0 (compatible; DataForSeoBot/1.0; +https://dataforseo.com/dataforseo-bot)"
65.21.113.206 - - [14/Apr/2025:08:45:05 -0400] "GET /search.php?m265026546?srsltid=AfmBOoAXUKvdKYjtJasRH0_7A6BSE0s3h_ZAOXDxFu-G-IYk1uxsn4 HTTP/1.1" 200 108475 "-" "Mozilla/5.0 (compatible; AwarioBot/1.0; +https://awario.com/bots.html)"
136.243.228.180 - - [14/Apr/2025:08:45:11 -0400] "GET /items/boilg248/43396?key=van HTTP/1.1" 500 1245 "-" "Mozilla/5.0 (compatible; DataForSeoBot/1.0; +https://dataforseo.com/dataforseo-bot)"
65.21.113.206 - - [14/Apr/2025:08:45:12 -0400] "GET /search.php?m265038646?srsltid=AfmBOoPYFUACQTDFSPL54C_Sf1nL4laJV_1o6HFnRl-Z-jex6NXY8D HTTP/1.1" 200 109750 "-" "Mozilla/5.0 (compatible; AwarioBot/1.0; +https://awario.com/bots.html)"
136.243.228.180 - - [14/Apr/2025:08:45:15 -0400] "GET /items/eihac103/13293?key=colony HTTP/1.1" 500 1245 "-" "Mozilla/5.0 (compatible; DataForSeoBot/1.0; +https://dataforseo.com/dataforseo-bot)"
65.21.113.206 - - [14/Apr/2025:08:45:17 -0400] "GET /search.php?m266003837?srsltid=AfmBOokswnJcBBufm6D7ag_uCyem08fsX_ofNapI69-Z-ers3VZ7uk HTTP/1.1" 200 109602 "-" "Mozilla/5.0 (compatible; AwarioBot/1.0; +https://awario.com/bots.html)"
136.243.228.180 - - [14/Apr/2025:08:45:18 -0400] "GET /items/plhls28/29632?key=dose HTTP/1.1" 500 1245 "-" "Mozilla/5.0 (compatible; DataForSeoBot/1.0; +https://dataforseo.com/dataforseo-bot)"
65.21.113.206 - - [14/Apr/2025:08:45:20 -0400] "GET /search.php?m266016069?srsltid=AfmBOoJgwIJPhgfA7uoyGM_VGd1CojaVa_7J6Epqsk-C-f6HpM8MKP HTTP/1.1" 200 109041 "-" "Mozilla/5.0 (compatible; AwarioBot/1.0; +https://awario.com/bots.html)"
136.243.228.180 - - [14/Apr/2025:08:45:21 -0400] "GET /items/zrrhs44/4575?key=driveway HTTP/1.1" 500 1245 "-" "Mozilla/5.0 (compatible; DataForSeoBot/1.0; +https://dataforseo.com/dataforseo-bot)"
65.21.113.206 - - [14/Apr/2025:08:45:24 -0400] "GET /search.php?m266046819?srsltid=AfmBOohVMOHmtuQGen8gz9_8MT3bNwoXk_Hc2FweuD-I-nMVOW1Y2f HTTP/1.1" 200 109506 "-" "Mozilla/5.0 (compatible; AwarioBot/1.0; +https://awario.com/bots.html)"
20.171.207.13 - - [14/Apr/2025:08:45:27 -0400] "GET /items/pfont192/21841?key=news HTTP/1.1" 500 1245 "-" "Mozilla/5.0 AppleWebKit/537.36 (KHTML, like Gecko; compatible; GPTBot/1.2; +https://openai.com/gptbot)"
136.243.228.180 - - [14/Apr/2025:08:45:26 -0400] "GET /items/nwuwk205/41644?key=monitor HTTP/1.1" 500 1245 "-" "Mozilla/5.0 (compatible; DataForSeoBot/1.0; +https://dataforseo.com/dataforseo-bot)"
65.21.113.206 - - [14/Apr/2025:08:45:28 -0400] "GET /search.php?m266047143?srsltid=AfmBOoInzwWQSSyP2RiIGP_95bpRxfg1M_4VeT0yG7-R-9G3ZMOjK6 HTTP/1.1" 200 108780 "-" "Mozilla/5.0 (compatible; AwarioBot/1.0; +https://awario.com/bots.html)"
136.243.228.180 - - [14/Apr/2025:08:45:30 -0400] "GET /items/azlxp102/18246?key=constitutional HTTP/1.1" 500 1245 "-" "Mozilla/5.0 (compatible; DataForSeoBot/1.0; +https://dataforseo.com/dataforseo-bot)"
65.21.113.206 - - [14/Apr/2025:08:45:32 -0400] "GET /search.php?m266048547?srsltid=AfmBOoZJjfWEkFMAhMKIE0_EMcdnTlMNY_xKenr2x5-R-XUomCwI23 HTTP/1.1" 200 108942 "-" "Mozilla/5.0 (compatible; AwarioBot/1.0; +https://awario.com/bots.html)"
136.243.228.180 - - [14/Apr/2025:08:45:33 -0400] "GET /items/shaay255/43985?key=comment HTTP/1.1" 500 1245 "-" "Mozilla/5.0 (compatible; DataForSeoBot/1.0; +https://dataforseo.com/dataforseo-bot)"
216.244.66.246 - - [14/Apr/2025:08:45:35 -0400] "GET /unlocking-wellness-the-role-of-a-chiropractor-in-dubai/?loknya=/home/varizmol/bayrampasaspor.com/wp-includes HTTP/1.1" 200 29336 "-" "Mozilla/5.0 (compatible; DotBot/1.2; +https://opensiteexplorer.org/dotbot; help@moz.com)"
65.21.113.206 - - [14/Apr/2025:08:45:35 -0400] "GET /search.php?m267010222?srsltid=AfmBOoZFIbiycmPyJVmSyB_WcM54cIxQx_oVsHoxmN-R-tmeOcdcNv HTTP/1.1" 200 109460 "-" "Mozilla/5.0 (compatible; AwarioBot/1.0; +https://awario.com/bots.html)"
136.243.228.180 - - [14/Apr/2025:08:45:37 -0400] "GET /items/ojtah292/20128?key=precisely HTTP/1.1" 500 1245 "-" "Mozilla/5.0 (compatible; DataForSeoBot/1.0; +https://dataforseo.com/dataforseo-bot)"
65.21.113.206 - - [14/Apr/2025:08:45:40 -0400] "GET /search.php?m267016412?srsltid=AfmBOojVYVouoGuJgW9LVa_f5csiNkREY_dio5KLGg-H-s1JnjkHaH HTTP/1.1" 200 108564 "-" "Mozilla/5.0 (compatible; AwarioBot/1.0; +https://awario.com/bots.html)"
136.243.228.180 - - [14/Apr/2025:08:45:43 -0400] "GET /items/xljsv300/37881?key=anxious HTTP/1.1" 500 1245 "-" "Mozilla/5.0 (compatible; DataForSeoBot/1.0; +https://dataforseo.com/dataforseo-bot)"
65.21.113.206 - - [14/Apr/2025:08:45:44 -0400] "GET /search.php?m267042970?srsltid=AfmBOoqSUFjhRFClBFzzgk_BDDx3iK004_vvZ9VPee-R-ZKfpkke37 HTTP/1.1" 200 109377 "-" "Mozilla/5.0 (compatible; AwarioBot/1.0; +https://awario.com/bots.html)"
136.243.228.180 - - [14/Apr/2025:08:45:46 -0400] "GET /items/mcnkr63/8565?key=rate HTTP/1.1" 500 1245 "-" "Mozilla/5.0 (compatible; DataForSeoBot/1.0; +https://dataforseo.com/dataforseo-bot)"
65.21.113.206 - - [14/Apr/2025:08:45:49 -0400] "GET /search.php?m267043230?srsltid=AfmBOoSRJEauxgUhQ3zyQK_P4Wl2IAkYy_d0AvQOEC-Z-8lzHwCX6V HTTP/1.1" 200 108408 "-" "Mozilla/5.0 (compatible; AwarioBot/1.0; +https://awario.com/bots.html)"
136.243.228.180 - - [14/Apr/2025:08:45:51 -0400] "GET /items/vsbiz294/41224?key=agree HTTP/1.1" 500 1245 "-" "Mozilla/5.0 (compatible; DataForSeoBot/1.0; +https://dataforseo.com/dataforseo-bot)"
136.243.228.180 - - [14/Apr/2025:08:45:54 -0400] "GET /items/ewgou148/42699?key=fully HTTP/1.1" 500 1245 "-" "Mozilla/5.0 (compatible; DataForSeoBot/1.0; +https://dataforseo.com/dataforseo-bot)"
65.21.113.206 - - [14/Apr/2025:08:45:54 -0400] "GET /search.php?m268006755?srsltid=AfmBOoTOwhKdWcAlk8bjEa_4OxmDYEJ69_KgzOApWG-P-E5UN1dYPz HTTP/1.1" 200 110455 "-" "Mozilla/5.0 (compatible; AwarioBot/1.0; +https://awario.com/bots.html)"
136.243.228.180 - - [14/Apr/2025:08:45:58 -0400] "GET /items/crumc270/11667?key=historical HTTP/1.1" 500 1245 "-" "Mozilla/5.0 (compatible; DataForSeoBot/1.0; +https://dataforseo.com/dataforseo-bot)"
65.21.113.206 - - [14/Apr/2025:08:45:59 -0400] "GET /search.php?m268007231?srsltid=AfmBOosWedRkBYgmNo71VK_AvjWVfdIHS_HuNPUD1z-O-THyZwvMzf HTTP/1.1" 200 110672 "-" "Mozilla/5.0 (compatible; AwarioBot/1.0; +https://awario.com/bots.html)"
136.243.228.180 - - [14/Apr/2025:08:46:01 -0400] "GET /items/hexaj209/21858?key=whatever HTTP/1.1" 500 1245 "-" "Mozilla/5.0 (compatible; DataForSeoBot/1.0; +https://dataforseo.com/dataforseo-bot)"
65.21.113.206 - - [14/Apr/2025:08:46:04 -0400] "GET /search.php?m268007595?srsltid=AfmBOouOxtKHiztn9eu53S_EqRLYqIg7t_JtBDJz5F-F-I0V2xZp95 HTTP/1.1" 200 109281 "-" "Mozilla/5.0 (compatible; AwarioBot/1.0; +https://awario.com/bots.html)"
198.54.114.83 - - [14/Apr/2025:08:46:07 -0400] "POST /wp-cron.php?doing_wp_cron=1744634766.7193770408630371093750 HTTP/1.1" 200 0 "-" "WordPress/6.7.2; https://bayrampasaspor.com"
136.243.228.180 - - [14/Apr/2025:08:46:06 -0400] "GET /items/dqwzy59/46009?key=board HTTP/1.1" 500 1245 "-" "Mozilla/5.0 (compatible; DataForSeoBot/1.0; +https://dataforseo.com/dataforseo-bot)"
65.21.113.206 - - [14/Apr/2025:08:46:08 -0400] "GET /search.php?m268016005?srsltid=AfmBOoBqQPToybSwYN4n1C_GSIMxmUP2I_jrmMK7u6-J-WMt5K36qF HTTP/1.1" 200 109642 "-" "Mozilla/5.0 (compatible; AwarioBot/1.0; +https://awario.com/bots.html)"
136.243.228.180 - - [14/Apr/2025:08:46:11 -0400] "GET /items/vwiik116/38038?key=make HTTP/1.1" 500 1245 "-" "Mozilla/5.0 (compatible; DataForSeoBot/1.0; +https://dataforseo.com/dataforseo-bot)"
136.243.228.180 - - [14/Apr/2025:08:46:15 -0400] "GET /items/zltci236/49956?key=four HTTP/1.1" 500 1245 "-" "Mozilla/5.0 (compatible; DataForSeoBot/1.0; +https://dataforseo.com/dataforseo-bot)"
65.21.113.206 - - [14/Apr/2025:08:46:15 -0400] "GET /search.php?m268038261?srsltid=AfmBOoVsEpJcaIznyowSnn_HVCbbTAXrI_y0DDTa76-G-FFMP4v05I HTTP/1.1" 200 108950 "-" "Mozilla/5.0 (compatible; AwarioBot/1.0; +https://awario.com/bots.html)"
136.243.228.180 - - [14/Apr/2025:08:46:18 -0400] "GET /items/zxwvc250/32542?key=actively HTTP/1.1" 500 1245 "-" "Mozilla/5.0 (compatible; DataForSeoBot/1.0; +https://dataforseo.com/dataforseo-bot)"
65.21.113.206 - - [14/Apr/2025:08:46:20 -0400] "GET /search.php?m269008854?srsltid=AfmBOocYwSAOYMOqFCoXev_DU0gTiTKQN_L9F8p8cR-B-loRog68QM HTTP/1.1" 200 110080 "-" "Mozilla/5.0 (compatible; AwarioBot/1.0; +https://awario.com/bots.html)"
136.243.228.180 - - [14/Apr/2025:08:46:22 -0400] "GET /items/enohu148/11842?key=foreign HTTP/1.1" 500 1245 "-" "Mozilla/5.0 (compatible; DataForSeoBot/1.0; +https://dataforseo.com/dataforseo-bot)"
65.21.113.206 - - [14/Apr/2025:08:46:23 -0400] "GET /search.php?m269013410?srsltid=AfmBOoGaaeTTvowmwk4xAW_FtiYvUyuAj_jlkU5hHp-X-KbQtxf3Hp HTTP/1.1" 200 109108 "-" "Mozilla/5.0 (compatible; AwarioBot/1.0; +https://awario.com/bots.html)"
136.243.228.180 - - [14/Apr/2025:08:46:25 -0400] "GET /items/zcwwq54/6301?key=expectation HTTP/1.1" 500 1245 "-" "Mozilla/5.0 (compatible; DataForSeoBot/1.0; +https://dataforseo.com/dataforseo-bot)"
65.21.113.206 - - [14/Apr/2025:08:46:26 -0400] "GET /search.php?m269034828?srsltid=AfmBOoernmIHiwvEQEcKD1_tPnJSf2E1t_whmnKNab-H-QiX1SLZRx HTTP/1.1" 200 110283 "-" "Mozilla/5.0 (compatible; AwarioBot/1.0; +https://awario.com/bots.html)"
20.171.207.13 - - [14/Apr/2025:08:46:28 -0400] "GET /items/qgvtz115/40591?key=news HTTP/1.1" 500 1245 "-" "Mozilla/5.0 AppleWebKit/537.36 (KHTML, like Gecko; compatible; GPTBot/1.2; +https://openai.com/gptbot)"
136.243.228.180 - - [14/Apr/2025:08:46:31 -0400] "GET /items/xjxwj64/43310?key=sell HTTP/1.1" 500 1245 "-" "Mozilla/5.0 (compatible; DataForSeoBot/1.0; +https://dataforseo.com/dataforseo-bot)"
65.21.113.206 - - [14/Apr/2025:08:46:30 -0400] "GET /search.php?m269036392?srsltid=AfmBOoIzKvcoMNiFVSIyxx_5bthhob4tV_eHQQse2H-W-DDKa5VT57 HTTP/1.1" 200 109579 "-" "Mozilla/5.0 (compatible; AwarioBot/1.0; +https://awario.com/bots.html)"
136.243.228.180 - - [14/Apr/2025:08:46:35 -0400] "GET /items/wpyex216/20272?key=almost HTTP/1.1" 500 1245 "-" "Mozilla/5.0 (compatible; DataForSeoBot/1.0; +https://dataforseo.com/dataforseo-bot)"
65.21.113.206 - - [14/Apr/2025:08:46:35 -0400] "GET /search.php?m269043150?srsltid=AfmBOoIbAjvbguKTbinGrK_PzpEa9QggA_YAxPHmII-G-pvtAffuiF HTTP/1.1" 200 109250 "-" "Mozilla/5.0 (compatible; AwarioBot/1.0; +https://awario.com/bots.html)"
136.243.228.180 - - [14/Apr/2025:08:46:39 -0400] "GET /items/ykita203/20855?key=journalism HTTP/1.1" 500 1245 "-" "Mozilla/5.0 (compatible; DataForSeoBot/1.0; +https://dataforseo.com/dataforseo-bot)"
136.243.228.180 - - [14/Apr/2025:08:46:42 -0400] "GET /items/hrlmj218/39406?key=open HTTP/1.1" 500 1245 "-" "Mozilla/5.0 (compatible; DataForSeoBot/1.0; +https://dataforseo.com/dataforseo-bot)"
65.21.113.206 - - [14/Apr/2025:08:46:42 -0400] "GET /search.php?m269046328?srsltid=AfmBOoJepDifbKZn25uaJQ_bfmGct0QBG_npIN1S7u-N-F9AlbaFM3 HTTP/1.1" 200 108491 "-" "Mozilla/5.0 (compatible; AwarioBot/1.0; +https://awario.com/bots.html)"
136.243.228.180 - - [14/Apr/2025:08:46:46 -0400] "GET /items/jqfgd11/5313?key=administrative HTTP/1.1" 500 1245 "-" "Mozilla/5.0 (compatible; DataForSeoBot/1.0; +https://dataforseo.com/dataforseo-bot)"
65.21.113.206 - - [14/Apr/2025:08:46:46 -0400] "GET /search.php?m270017101?srsltid=AfmBOolLwdJGIKvGwvoMyp_MNpL5Ex6Tt_wJj1atiT-Y-x3qXr9ksq HTTP/1.1" 200 109832 "-" "Mozilla/5.0 (compatible; AwarioBot/1.0; +https://awario.com/bots.html)"
136.243.228.180 - - [14/Apr/2025:08:46:50 -0400] "GET /items/ujwgn261/31154?key=make HTTP/1.1" 500 1245 "-" "Mozilla/5.0 (compatible; DataForSeoBot/1.0; +https://dataforseo.com/dataforseo-bot)"
65.21.113.206 - - [14/Apr/2025:08:46:50 -0400] "GET /search.php?m270019147?srsltid=AfmBOoyEyTlAFfIOVM03P3_8x1N1693WW_YzmzS7yH-B-YtZ6dhhqy HTTP/1.1" 200 109251 "-" "Mozilla/5.0 (compatible; AwarioBot/1.0; +https://awario.com/bots.html)"
136.243.228.180 - - [14/Apr/2025:08:46:55 -0400] "GET /items/hywtn203/7099?key=uncertain HTTP/1.1" 500 1245 "-" "Mozilla/5.0 (compatible; DataForSeoBot/1.0; +https://dataforseo.com/dataforseo-bot)"
65.21.113.206 - - [14/Apr/2025:08:46:55 -0400] "GET /search.php?m270025327?srsltid=AfmBOodWXdekbeDKXk07SH_PWmkzw5VlE_DW8wJGX3-Z-Ze4GJrRf7 HTTP/1.1" 200 109424 "-" "Mozilla/5.0 (compatible; AwarioBot/1.0; +https://awario.com/bots.html)"
136.243.228.180 - - [14/Apr/2025:08:46:59 -0400] "GET /items/xnhoi229/38823?key=orientation HTTP/1.1" 500 1245 "-" "Mozilla/5.0 (compatible; DataForSeoBot/1.0; +https://dataforseo.com/dataforseo-bot)"
65.21.113.206 - - [14/Apr/2025:08:47:00 -0400] "GET /search.php?m270034603?srsltid=AfmBOozqocsyRQrkLVCTuv_1g4BcsiGAM_MtryClLE-Z-SG2JMVqep HTTP/1.1" 200 110605 "-" "Mozilla/5.0 (compatible; AwarioBot/1.0; +https://awario.com/bots.html)"
136.243.228.180 - - [14/Apr/2025:08:47:03 -0400] "GET /items/sxhsc125/34343?key=mouse HTTP/1.1" 500 1245 "-" "Mozilla/5.0 (compatible; DataForSeoBot/1.0; +https://dataforseo.com/dataforseo-bot)"
65.21.113.206 - - [14/Apr/2025:08:47:04 -0400] "GET /search.php?m270042883?srsltid=AfmBOoDiPgLnpZUb0OJrgZ_xPmhdH4kd6_Rhwo42Wo-E-LdcBOd6ao HTTP/1.1" 200 109483 "-" "Mozilla/5.0 (compatible; AwarioBot/1.0; +https://awario.com/bots.html)"
136.243.228.180 - - [14/Apr/2025:08:47:07 -0400] "GET /items/sbdzl129/23666?key=conscience HTTP/1.1" 500 1245 "-" "Mozilla/5.0 (compatible; DataForSeoBot/1.0; +https://dataforseo.com/dataforseo-bot)"
65.21.113.206 - - [14/Apr/2025:08:47:08 -0400] "GET /search.php?m270047923?srsltid=AfmBOoGmuvMZLAGkygj6vb_n2HjoShNJ7_BjDaM46H-J-E3ngCe4MN HTTP/1.1" 200 109122 "-" "Mozilla/5.0 (compatible; AwarioBot/1.0; +https://awario.com/bots.html)"
216.244.66.246 - - [14/Apr/2025:08:47:04 -0400] "GET /building-engagement-and-influence/?loknya=/home1 HTTP/1.1" 200 12449 "-" "Mozilla/5.0 (compatible; DotBot/1.2; +https://opensiteexplorer.org/dotbot; help@moz.com)"
136.243.228.180 - - [14/Apr/2025:08:47:10 -0400] "GET /items/ycats36/16517?key=lion HTTP/1.1" 500 1245 "-" "Mozilla/5.0 (compatible; DataForSeoBot/1.0; +https://dataforseo.com/dataforseo-bot)"
65.21.113.206 - - [14/Apr/2025:08:47:11 -0400] "GET /search.php?m271004248?srsltid=AfmBOoemVsHobKuLRPlBE3_XBW6jxADdO_PkhDBYyn-Y-deg9Y6Qrn HTTP/1.1" 200 110152 "-" "Mozilla/5.0 (compatible; AwarioBot/1.0; +https://awario.com/bots.html)"
136.243.228.180 - - [14/Apr/2025:08:47:15 -0400] "GET /items/zpeeg32/7365?key=mark HTTP/1.1" 500 1245 "-" "Mozilla/5.0 (compatible; DataForSeoBot/1.0; +https://dataforseo.com/dataforseo-bot)"
65.21.113.206 - - [14/Apr/2025:08:47:16 -0400] "GET /search.php?m271013794?srsltid=AfmBOowEyMdRfXWO6xwtcF_nFV7bFKXHQ_McCnMoSB-R-w8U9kDqOZ HTTP/1.1" 200 108841 "-" "Mozilla/5.0 (compatible; AwarioBot/1.0; +https://awario.com/bots.html)"
136.243.228.180 - - [14/Apr/2025:08:47:19 -0400] "GET /items/hxtrt271/15936?key=Internet HTTP/1.1" 500 1245 "-" "Mozilla/5.0 (compatible; DataForSeoBot/1.0; +https://dataforseo.com/dataforseo-bot)"
65.21.113.206 - - [14/Apr/2025:08:47:19 -0400] "GET /search.php?m271022976?srsltid=AfmBOoeOiJBfCrOSbMCVE0_nBGd2iNuw1_8gV7o1sc-T-nAL7hDgDB HTTP/1.1" 200 108849 "-" "Mozilla/5.0 (compatible; AwarioBot/1.0; +https://awario.com/bots.html)"
136.243.228.180 - - [14/Apr/2025:08:47:24 -0400] "GET /items/jkcoi22/34458?key=speed HTTP/1.1" 500 1245 "-" "Mozilla/5.0 (compatible; DataForSeoBot/1.0; +https://dataforseo.com/dataforseo-bot)"
65.21.113.206 - - [14/Apr/2025:08:47:25 -0400] "GET /search.php?m271045236?srsltid=AfmBOoNBXkOyiDcnBNDVMm_TR3abeP4RR_NjZxPm0N-H-8Ym6cQQhI HTTP/1.1" 200 109386 "-" "Mozilla/5.0 (compatible; AwarioBot/1.0; +https://awario.com/bots.html)"
136.243.228.180 - - [14/Apr/2025:08:47:28 -0400] "GET /items/uqdli155/32183?key=video HTTP/1.1" 500 1245 "-" "Mozilla/5.0 (compatible; DataForSeoBot/1.0; +https://dataforseo.com/dataforseo-bot)"
65.21.113.206 - - [14/Apr/2025:08:47:29 -0400] "GET /search.php?m272005641?srsltid=AfmBOoiaMTSxFVsEU0XH6D_w93j7Mpkwe_TMwHl8m2-F-HcmhoeQfo HTTP/1.1" 200 109156 "-" "Mozilla/5.0 (compatible; AwarioBot/1.0; +https://awario.com/bots.html)"
20.171.207.13 - - [14/Apr/2025:08:47:31 -0400] "GET /items/hnefx295/18358?key=religious HTTP/1.1" 500 1245 "-" "Mozilla/5.0 AppleWebKit/537.36 (KHTML, like Gecko; compatible; GPTBot/1.2; +https://openai.com/gptbot)"
136.243.228.180 - - [14/Apr/2025:08:47:32 -0400] "GET /items/ypvyj121/14895?key=wander HTTP/1.1" 500 1245 "-" "Mozilla/5.0 (compatible; DataForSeoBot/1.0; +https://dataforseo.com/dataforseo-bot)"
65.21.113.206 - - [14/Apr/2025:08:47:33 -0400] "GET /search.php?m272006319?srsltid=AfmBOowwFkBjWeSm51d6M0_g5Stzw31sq_8YkFQ5OJ-I-6ES1VTIVB HTTP/1.1" 200 110338 "-" "Mozilla/5.0 (compatible; AwarioBot/1.0; +https://awario.com/bots.html)"
136.243.228.180 - - [14/Apr/2025:08:47:36 -0400] "GET /items/duned139/28142?key=willing HTTP/1.1" 500 1245 "-" "Mozilla/5.0 (compatible; DataForSeoBot/1.0; +https://dataforseo.com/dataforseo-bot)"
65.21.113.206 - - [14/Apr/2025:08:47:37 -0400] "GET /search.php?m272013011?srsltid=AfmBOoZKKnkkrVtKL5ALW2_1fm40uQgUY_AQa8WOSD-H-2AjMkuF2q HTTP/1.1" 200 109526 "-" "Mozilla/5.0 (compatible; AwarioBot/1.0; +https://awario.com/bots.html)"
136.243.228.180 - - [14/Apr/2025:08:47:40 -0400] "GET /items/znmue165/5289?key=soft HTTP/1.1" 500 1245 "-" "Mozilla/5.0 (compatible; DataForSeoBot/1.0; +https://dataforseo.com/dataforseo-bot)"
65.21.113.206 - - [14/Apr/2025:08:47:43 -0400] "GET /search.php?m272027609?srsltid=AfmBOoUBsEDoOFBmGbLnMR_GQ0yzh5HhP_0V4hiWQi-Z-VSGuAGECN HTTP/1.1" 200 109027 "-" "Mozilla/5.0 (compatible; AwarioBot/1.0; +https://awario.com/bots.html)"
136.243.228.180 - - [14/Apr/2025:08:47:43 -0400] "GET /items/rodth297/47391?key=yellow HTTP/1.1" 500 1245 "-" "Mozilla/5.0 (compatible; DataForSeoBot/1.0; +https://dataforseo.com/dataforseo-bot)"
65.21.113.206 - - [14/Apr/2025:08:47:47 -0400] "GET /search.php?m272043697?srsltid=AfmBOozAaRBjWDLoWf8VQr_eLRlWPLe48_q5eU8qCi-G-x1g87Dpgi HTTP/1.1" 200 108684 "-" "Mozilla/5.0 (compatible; AwarioBot/1.0; +https://awario.com/bots.html)"
136.243.228.180 - - [14/Apr/2025:08:47:48 -0400] "GET /items/mbnun262/28581?key=wealthy HTTP/1.1" 500 1245 "-" "Mozilla/5.0 (compatible; DataForSeoBot/1.0; +https://dataforseo.com/dataforseo-bot)"
136.243.228.180 - - [14/Apr/2025:08:47:52 -0400] "GET /items/osbdk200/28674?key=integrity HTTP/1.1" 500 1245 "-" "Mozilla/5.0 (compatible; DataForSeoBot/1.0; +https://dataforseo.com/dataforseo-bot)"
65.21.113.206 - - [14/Apr/2025:08:47:52 -0400] "GET /search.php?m272046751?srsltid=AfmBOoYRLxZVlaCQsIOpzF_Jn0FXdbleA_RqiUxmaY-X-uhecg9bRW HTTP/1.1" 200 109826 "-" "Mozilla/5.0 (compatible; AwarioBot/1.0; +https://awario.com/bots.html)"
136.243.228.180 - - [14/Apr/2025:08:47:56 -0400] "GET /items/nmgms128/15806?key=apology HTTP/1.1" 500 1245 "-" "Mozilla/5.0 (compatible; DataForSeoBot/1.0; +https://dataforseo.com/dataforseo-bot)"
65.21.113.206 - - [14/Apr/2025:08:47:57 -0400] "GET /search.php?m273016412?srsltid=AfmBOouBYKPOQNppR42SzZ_SYb8z8oOve_VNsrseTv-I-KBK7y5dh5 HTTP/1.1" 200 109653 "-" "Mozilla/5.0 (compatible; AwarioBot/1.0; +https://awario.com/bots.html)"
136.243.228.180 - - [14/Apr/2025:08:47:59 -0400] "GET /items/tzjkk215/14229?key=rear HTTP/1.1" 500 1245 "-" "Mozilla/5.0 (compatible; DataForSeoBot/1.0; +https://dataforseo.com/dataforseo-bot)"
65.21.113.206 - - [14/Apr/2025:08:48:01 -0400] "GET /search.php?m273020140?srsltid=AfmBOorAIctwJToj4BvlVD_FaC7kQpgkg_gEUphICp-I-9w1M8w80C HTTP/1.1" 200 109038 "-" "Mozilla/5.0 (compatible; AwarioBot/1.0; +https://awario.com/bots.html)"
136.243.228.180 - - [14/Apr/2025:08:48:04 -0400] "GET /items/yexpr21/19143?key=some HTTP/1.1" 500 1245 "-" "Mozilla/5.0 (compatible; DataForSeoBot/1.0; +https://dataforseo.com/dataforseo-bot)"
65.21.113.206 - - [14/Apr/2025:08:48:05 -0400] "GET /search.php?m273026990?srsltid=AfmBOoHmwrevivwwppQL6o_RPIHGaPpuk_ZC8bgZw2-X-19jl7sE2X HTTP/1.1" 200 109227 "-" "Mozilla/5.0 (compatible; AwarioBot/1.0; +https://awario.com/bots.html)"
136.243.228.180 - - [14/Apr/2025:08:48:09 -0400] "GET /items/zrqsn288/11949?key=northwest HTTP/1.1" 500 1245 "-" "Mozilla/5.0 (compatible; DataForSeoBot/1.0; +https://dataforseo.com/dataforseo-bot)"
65.21.113.206 - - [14/Apr/2025:08:48:10 -0400] "GET /search.php?m273027836?srsltid=AfmBOoTmQNoOFruObWmydG_C6X01Ozwzj_r7WhEcYc-P-l4O3i3Mx4 HTTP/1.1" 200 110000 "-" "Mozilla/5.0 (compatible; AwarioBot/1.0; +https://awario.com/bots.html)"
136.243.228.180 - - [14/Apr/2025:08:48:13 -0400] "GET /items/nmgms42/15892?key=dried HTTP/1.1" 500 1245 "-" "Mozilla/5.0 (compatible; DataForSeoBot/1.0; +https://dataforseo.com/dataforseo-bot)"
65.21.113.206 - - [14/Apr/2025:08:48:14 -0400] "GET /search.php?m273042958?srsltid=AfmBOozwpjHKNyESHTNx83_vpszoriUUp_w8cupOYY-Z-IcFpvvnkr HTTP/1.1" 200 109609 "-" "Mozilla/5.0 (compatible; AwarioBot/1.0; +https://awario.com/bots.html)"
136.243.228.180 - - [14/Apr/2025:08:48:17 -0400] "GET /items/qexyl220/1795?key=dedicate HTTP/1.1" 500 1245 "-" "Mozilla/5.0 (compatible; DataForSeoBot/1.0; +https://dataforseo.com/dataforseo-bot)"
65.21.113.206 - - [14/Apr/2025:08:48:18 -0400] "GET /search.php?m273049458?srsltid=AfmBOoAIgmYOkgTdfdUJUR_ysBsMSK6xE_3g3HsraO-G-9zcOjSgnO HTTP/1.1" 200 111112 "-" "Mozilla/5.0 (compatible; AwarioBot/1.0; +https://awario.com/bots.html)"
136.243.228.180 - - [14/Apr/2025:08:48:20 -0400] "GET /items/lauyq125/2547?key=raise HTTP/1.1" 500 1245 "-" "Mozilla/5.0 (compatible; DataForSeoBot/1.0; +https://dataforseo.com/dataforseo-bot)"
65.21.113.206 - - [14/Apr/2025:08:48:23 -0400] "GET /search.php?m274007417?srsltid=AfmBOoStSYwyWTcf0ttAKQ_EEeTF2zOxr_dOvbz4mZ-F-ucTkdlMea HTTP/1.1" 200 109355 "-" "Mozilla/5.0 (compatible; AwarioBot/1.0; +https://awario.com/bots.html)"
136.243.228.180 - - [14/Apr/2025:08:48:25 -0400] "GET /items/pcnto95/22198?key=advise HTTP/1.1" 500 1245 "-" "Mozilla/5.0 (compatible; DataForSeoBot/1.0; +https://dataforseo.com/dataforseo-bot)"
65.21.113.206 - - [14/Apr/2025:08:48:27 -0400] "GET /search.php?m274008119?srsltid=AfmBOoofkvyaSgOk7axBNM_E6dpys118h_0nJ1X44y-S-9PGDDveKH HTTP/1.1" 200 109506 "-" "Mozilla/5.0 (compatible; AwarioBot/1.0; +https://awario.com/bots.html)"
136.243.228.180 - - [14/Apr/2025:08:48:29 -0400] "GET /items/uhlll189/18941?key=mall HTTP/1.1" 500 1245 "-" "Mozilla/5.0 (compatible; DataForSeoBot/1.0; +https://dataforseo.com/dataforseo-bot)"
20.171.207.13 - - [14/Apr/2025:08:48:31 -0400] "GET /items/vhtmw103/44877?key=reluctant HTTP/1.1" 500 1245 "-" "Mozilla/5.0 AppleWebKit/537.36 (KHTML, like Gecko; compatible; GPTBot/1.2; +https://openai.com/gptbot)"
65.21.113.206 - - [14/Apr/2025:08:48:31 -0400] "GET /search.php?m274040055?srsltid=AfmBOoCCjmTFZNntWL6Kwj_Th7yobBC2i_NrCAmgqZ-E-ISiCadJIA HTTP/1.1" 200 109140 "-" "Mozilla/5.0 (compatible; AwarioBot/1.0; +https://awario.com/bots.html)"
136.243.228.180 - - [14/Apr/2025:08:48:33 -0400] "GET /items/mmtme107/41088?key=shorts HTTP/1.1" 500 1245 "-" "Mozilla/5.0 (compatible; DataForSeoBot/1.0; +https://dataforseo.com/dataforseo-bot)"
65.21.113.206 - - [14/Apr/2025:08:48:36 -0400] "GET /search.php?m275004160?srsltid=AfmBOomddDccJaEvlCPmfn_WSwGOtUyvy_BcYSt3aA-B-o9ICDcDiS HTTP/1.1" 200 110516 "-" "Mozilla/5.0 (compatible; AwarioBot/1.0; +https://awario.com/bots.html)"
136.243.228.180 - - [14/Apr/2025:08:48:37 -0400] "GET /items/dwxet139/6910?key=solve HTTP/1.1" 500 1245 "-" "Mozilla/5.0 (compatible; DataForSeoBot/1.0; +https://dataforseo.com/dataforseo-bot)"
65.21.113.206 - - [14/Apr/2025:08:48:39 -0400] "GET /search.php?m275006040?srsltid=AfmBOoducbyPjhuRjVwocQ_jWLOdviOGq_OaTHeyT6-L-vE0wvP9aB HTTP/1.1" 200 109484 "-" "Mozilla/5.0 (compatible; AwarioBot/1.0; +https://awario.com/bots.html)"
136.243.228.180 - - [14/Apr/2025:08:48:41 -0400] "GET /items/wolfu179/33186?key=rail HTTP/1.1" 500 1245 "-" "Mozilla/5.0 (compatible; DataForSeoBot/1.0; +https://dataforseo.com/dataforseo-bot)"
65.21.113.206 - - [14/Apr/2025:08:48:43 -0400] "GET /search.php?m275007736?srsltid=AfmBOoVzDViljZCIWDJZAM_6ulcMBnqQo_XLary9ij-R-tYOQm6kiJ HTTP/1.1" 200 109706 "-" "Mozilla/5.0 (compatible; AwarioBot/1.0; +https://awario.com/bots.html)"
136.243.228.180 - - [14/Apr/2025:08:48:45 -0400] "GET /items/loycd232/40544?key=developer HTTP/1.1" 500 1245 "-" "Mozilla/5.0 (compatible; DataForSeoBot/1.0; +https://dataforseo.com/dataforseo-bot)"
136.243.228.180 - - [14/Apr/2025:08:48:48 -0400] "GET /items/knouv206/22606?key=tax HTTP/1.1" 500 1245 "-" "Mozilla/5.0 (compatible; DataForSeoBot/1.0; +https://dataforseo.com/dataforseo-bot)"
65.21.113.206 - - [14/Apr/2025:08:48:48 -0400] "GET /search.php?m275021358?srsltid=AfmBOowXDgeyqsiaSJ8Ivk_7zCVmjQf3u_zMStJPAC-X-KBcFwukDG HTTP/1.1" 200 108533 "-" "Mozilla/5.0 (compatible; AwarioBot/1.0; +https://awario.com/bots.html)"
65.21.113.206 - - [14/Apr/2025:08:48:52 -0400] "GET /search.php?m275039666?srsltid=AfmBOomVazuIisjAZpzjnd_4Z6RUgUUbm_8QSepeeZ-N-ir9rrBpBP HTTP/1.1" 200 110219 "-" "Mozilla/5.0 (compatible; AwarioBot/1.0; +https://awario.com/bots.html)"
136.243.228.180 - - [14/Apr/2025:08:48:53 -0400] "GET /items/vlcps60/41443?key=changing HTTP/1.1" 500 1245 "-" "Mozilla/5.0 (compatible; DataForSeoBot/1.0; +https://dataforseo.com/dataforseo-bot)"
65.21.113.206 - - [14/Apr/2025:08:48:56 -0400] "GET /search.php?m276023303?srsltid=AfmBOoSwkpIcQCCJwC19FU_rVnzf8aYBd_X8uOBkbQ-Y-EVrhGQ3M3 HTTP/1.1" 200 109108 "-" "Mozilla/5.0 (compatible; AwarioBot/1.0; +https://awario.com/bots.html)"
136.243.228.180 - - [14/Apr/2025:08:48:56 -0400] "GET /items/zhlua248/5352?key=rebuild HTTP/1.1" 500 1245 "-" "Mozilla/5.0 (compatible; DataForSeoBot/1.0; +https://dataforseo.com/dataforseo-bot)"
136.243.228.180 - - [14/Apr/2025:08:49:00 -0400] "GET /items/kbzch152/49000?key=bronze HTTP/1.1" 500 1245 "-" "Mozilla/5.0 (compatible; DataForSeoBot/1.0; +https://dataforseo.com/dataforseo-bot)"
65.21.113.206 - - [14/Apr/2025:08:49:00 -0400] "GET /search.php?m276040019?srsltid=AfmBOoWpEcZuUAjUDQJbf4_xCfegTcFJO_pOYfleTu-S-8CRpe3gpr HTTP/1.1" 200 108631 "-" "Mozilla/5.0 (compatible; AwarioBot/1.0; +https://awario.com/bots.html)"
136.243.228.180 - - [14/Apr/2025:08:49:06 -0400] "GET /items/xizay293/24580?key=classify HTTP/1.1" 500 1245 "-" "Mozilla/5.0 (compatible; DataForSeoBot/1.0; +https://dataforseo.com/dataforseo-bot)"
65.21.113.206 - - [14/Apr/2025:08:49:05 -0400] "GET /search.php?m276041059?srsltid=AfmBOoaNgloPAqDzO0AO6g_SQXtcsz1Xi_FOaLGXbO-R-ovPWKOGf0 HTTP/1.1" 200 109440 "-" "Mozilla/5.0 (compatible; AwarioBot/1.0; +https://awario.com/bots.html)"
198.54.114.83 - - [14/Apr/2025:08:49:10 -0400] "POST /wp-cron.php?doing_wp_cron=1744634949.8268411159515380859375 HTTP/1.1" 403 1242 "-" "WordPress/6.7.2; https://bayrampasaspor.com"
136.243.228.180 - - [14/Apr/2025:08:49:09 -0400] "GET /items/lbchl27/15670?key=two HTTP/1.1" 500 1245 "-" "Mozilla/5.0 (compatible; DataForSeoBot/1.0; +https://dataforseo.com/dataforseo-bot)"
65.21.113.206 - - [14/Apr/2025:08:49:09 -0400] "GET /search.php?m277008030?srsltid=AfmBOohWTaIGCkgEM03ur5_TwsJfQp9nF_DxuInJB7-Z-PLVNHKUmD HTTP/1.1" 200 109955 "-" "Mozilla/5.0 (compatible; AwarioBot/1.0; +https://awario.com/bots.html)"
136.243.228.180 - - [14/Apr/2025:08:49:13 -0400] "GET /items/ykooi121/10191?key=management HTTP/1.1" 500 1245 "-" "Mozilla/5.0 (compatible; DataForSeoBot/1.0; +https://dataforseo.com/dataforseo-bot)"
108.181.170.209 - - [14/Apr/2025:08:48:55 -0400] "GET /wp-content/edit.php HTTP/1.1" 200 0 "http://www.bayrampasaspor.com/wp-content/edit.php" "Opera/9.80 (Windows NT 6.1; U; ja) Presto/2.10.229 Version/11.60"
65.21.113.206 - - [14/Apr/2025:08:49:13 -0400] "GET /search.php?m277021776?srsltid=AfmBOosJfIUGKxYhMHKjLJ_azBHUQ4VhO_f9qSGZU2-S-pKFPy1kDX HTTP/1.1" 200 108443 "-" "Mozilla/5.0 (compatible; AwarioBot/1.0; +https://awario.com/bots.html)"
108.181.170.209 - - [14/Apr/2025:08:49:15 -0400] "GET /wp-content/edit.php HTTP/1.1" 200 26 "http://www.bayrampasaspor.com/wp-content/edit.php" "Mozilla/4.0 (compatible; MSIE 7.0; Windows NT 6.0; SLCC1; .NET CLR 2.0.50727; Media Center PC 5.0; .NET CLR 3.0.04506)"
136.243.228.180 - - [14/Apr/2025:08:49:17 -0400] "GET /items/oykmu175/43999?key=late HTTP/1.1" 500 1245 "-" "Mozilla/5.0 (compatible; DataForSeoBot/1.0; +https://dataforseo.com/dataforseo-bot)"
65.21.113.206 - - [14/Apr/2025:08:49:17 -0400] "GET /search.php?m277025046?srsltid=AfmBOoZzPpdqHAMxzmdCKv_NnsSFUkCG0_uCqLQYtT-P-ESW24fz5I HTTP/1.1" 200 108933 "-" "Mozilla/5.0 (compatible; AwarioBot/1.0; +https://awario.com/bots.html)"
65.21.113.206 - - [14/Apr/2025:08:49:20 -0400] "GET /search.php?m277041666?srsltid=AfmBOoTYHZuxkQzi4cVmBs_ngqWeNOQsX_GFglCUtY-T-YSGt6iJl7 HTTP/1.1" 200 109729 "-" "Mozilla/5.0 (compatible; AwarioBot/1.0; +https://awario.com/bots.html)"
136.243.228.180 - - [14/Apr/2025:08:49:21 -0400] "GET /items/kusio258/28313?key=everybody HTTP/1.1" 500 1245 "-" "Mozilla/5.0 (compatible; DataForSeoBot/1.0; +https://dataforseo.com/dataforseo-bot)"
65.21.113.206 - - [14/Apr/2025:08:49:23 -0400] "GET /search.php?m277042676?srsltid=AfmBOozoVAPHusPDWP9CyK_DZov00EX7Z_Pbcrrflk-P-fiidPBkbc HTTP/1.1" 200 110476 "-" "Mozilla/5.0 (compatible; AwarioBot/1.0; +https://awario.com/bots.html)"
136.243.228.180 - - [14/Apr/2025:08:49:24 -0400] "GET /items/rzcao239/11124?key=weakness HTTP/1.1" 500 1245 "-" "Mozilla/5.0 (compatible; DataForSeoBot/1.0; +https://dataforseo.com/dataforseo-bot)"
65.21.113.206 - - [14/Apr/2025:08:49:27 -0400] "GET /search.php?m277045048?srsltid=AfmBOoNFZdNtuXYSmiD68k_fMQS6JgVoU_BLel4REi-D-NJjYpbIhV HTTP/1.1" 200 109503 "-" "Mozilla/5.0 (compatible; AwarioBot/1.0; +https://awario.com/bots.html)"
136.243.228.180 - - [14/Apr/2025:08:49:28 -0400] "GET /items/dewuj117/23774?key=deficit HTTP/1.1" 500 1245 "-" "Mozilla/5.0 (compatible; DataForSeoBot/1.0; +https://dataforseo.com/dataforseo-bot)"
65.21.113.206 - - [14/Apr/2025:08:49:30 -0400] "GET /search.php?m278005847?srsltid=AfmBOoYDnZAjRALhbeNMFr_EICMoiTQ2O_CzBXHseA-T-yU8vYDeQa HTTP/1.1" 200 109027 "-" "Mozilla/5.0 (compatible; AwarioBot/1.0; +https://awario.com/bots.html)"
136.243.228.180 - - [14/Apr/2025:08:49:33 -0400] "GET /items/khumo298/29882?key=bacteria HTTP/1.1" 500 1245 "-" "Mozilla/5.0 (compatible; DataForSeoBot/1.0; +https://dataforseo.com/dataforseo-bot)"
65.21.113.206 - - [14/Apr/2025:08:49:33 -0400] "GET /search.php?m278011375?srsltid=AfmBOoPkccMIIpzwMZMnCo_ACGNfZTl7z_YwxoGeJH-Q-rIKgLyXrf HTTP/1.1" 200 108733 "-" "Mozilla/5.0 (compatible; AwarioBot/1.0; +https://awario.com/bots.html)"
20.171.207.13 - - [14/Apr/2025:08:49:37 -0400] "GET /items/vpmnc70/42942?key=awful HTTP/1.1" 500 1245 "-" "Mozilla/5.0 AppleWebKit/537.36 (KHTML, like Gecko; compatible; GPTBot/1.2; +https://openai.com/gptbot)"
136.243.228.180 - - [14/Apr/2025:08:49:37 -0400] "GET /items/gerfd293/37442?key=university HTTP/1.1" 500 1245 "-" "Mozilla/5.0 (compatible; DataForSeoBot/1.0; +https://dataforseo.com/dataforseo-bot)"
65.21.113.206 - - [14/Apr/2025:08:49:37 -0400] "GET /search.php?m278012173?srsltid=AfmBOobHxKWPvjGR8iKsEf_zotFHIvXho_qzKtJm6C-V-gl2xwcYfQ HTTP/1.1" 200 109775 "-" "Mozilla/5.0 (compatible; AwarioBot/1.0; +https://awario.com/bots.html)"
65.21.113.206 - - [14/Apr/2025:08:49:41 -0400] "GET /search.php?m278016239?srsltid=AfmBOoWfxxZEEPxgItfQlg_RBfxt5wZC6_WcBF3ACP-S-830vwgSYG HTTP/1.1" 200 108736 "-" "Mozilla/5.0 (compatible; AwarioBot/1.0; +https://awario.com/bots.html)"
136.243.228.180 - - [14/Apr/2025:08:49:41 -0400] "GET /items/enmfd214/2090?key=few HTTP/1.1" 500 1245 "-" "Mozilla/5.0 (compatible; DataForSeoBot/1.0; +https://dataforseo.com/dataforseo-bot)"
65.21.113.206 - - [14/Apr/2025:08:49:44 -0400] "GET /search.php?m278038041?srsltid=AfmBOosSJrqbotwSPBJFJN_5vXvog2WeN_5t5j9dKM-K-M8NxV25th HTTP/1.1" 200 109313 "-" "Mozilla/5.0 (compatible; AwarioBot/1.0; +https://awario.com/bots.html)"
136.243.228.180 - - [14/Apr/2025:08:49:45 -0400] "GET /items/wnwjs35/9061?key=retire HTTP/1.1" 500 1245 "-" "Mozilla/5.0 (compatible; DataForSeoBot/1.0; +https://dataforseo.com/dataforseo-bot)"
65.21.113.206 - - [14/Apr/2025:08:49:47 -0400] "GET /search.php?m278041451?srsltid=AfmBOovYOrsaNDQyLkq1mX_1Ri5bmlo0h_iqnLuYUs-Z-LwTFUBuOy HTTP/1.1" 200 110217 "-" "Mozilla/5.0 (compatible; AwarioBot/1.0; +https://awario.com/bots.html)"
136.243.228.180 - - [14/Apr/2025:08:49:48 -0400] "GET /items/vlhbv140/12996?key=mild HTTP/1.1" 500 1245 "-" "Mozilla/5.0 (compatible; DataForSeoBot/1.0; +https://dataforseo.com/dataforseo-bot)"
65.21.113.206 - - [14/Apr/2025:08:49:51 -0400] "GET /search.php?m279004418?srsltid=AfmBOoVvkEHfiNlr5bnNOB_jDUyqUERiw_9glWgxmf-B-Lpu0CaM3E HTTP/1.1" 200 109155 "-" "Mozilla/5.0 (compatible; AwarioBot/1.0; +https://awario.com/bots.html)"
136.243.228.180 - - [14/Apr/2025:08:49:53 -0400] "GET /items/beaio283/30785?key=largely HTTP/1.1" 500 1245 "-" "Mozilla/5.0 (compatible; DataForSeoBot/1.0; +https://dataforseo.com/dataforseo-bot)"
65.21.113.206 - - [14/Apr/2025:08:49:55 -0400] "GET /search.php?m279010134?srsltid=AfmBOoPcytKWDMBHapunbZ_icUuANgwN8_PaRzlcZl-A-E4jQDjpAV HTTP/1.1" 200 108862 "-" "Mozilla/5.0 (compatible; AwarioBot/1.0; +https://awario.com/bots.html)"
136.243.228.180 - - [14/Apr/2025:08:49:56 -0400] "GET /items/pyogp231/748?key=each HTTP/1.1" 500 1245 "-" "Mozilla/5.0 (compatible; DataForSeoBot/1.0; +https://dataforseo.com/dataforseo-bot)"
65.21.113.206 - - [14/Apr/2025:08:50:00 -0400] "GET /search.php?m279012534?srsltid=AfmBOoNxnQcYhNETNZK9Yv_YwotkxakGB_thPDqVDT-S-6StySnZJ0 HTTP/1.1" 200 108874 "-" "Mozilla/5.0 (compatible; AwarioBot/1.0; +https://awario.com/bots.html)"
136.243.228.180 - - [14/Apr/2025:08:50:01 -0400] "GET /items/hzsip272/14491?key=institutional HTTP/1.1" 500 1245 "-" "Mozilla/5.0 (compatible; DataForSeoBot/1.0; +https://dataforseo.com/dataforseo-bot)"
136.243.228.180 - - [14/Apr/2025:08:50:05 -0400] "GET /items/qirhd96/30192?key=strip HTTP/1.1" 500 1245 "-" "Mozilla/5.0 (compatible; DataForSeoBot/1.0; +https://dataforseo.com/dataforseo-bot)"
65.21.113.206 - - [14/Apr/2025:08:50:06 -0400] "GET /search.php?m279029614?srsltid=AfmBOorQCBWIQBADDUlxqG_1eAYsUBV61_UD0Be2iN-Z-s04H8FSXX HTTP/1.1" 200 109953 "-" "Mozilla/5.0 (compatible; AwarioBot/1.0; +https://awario.com/bots.html)"
136.243.228.180 - - [14/Apr/2025:08:50:09 -0400] "GET /items/ehpjn135/30299?key=coal HTTP/1.1" 500 1245 "-" "Mozilla/5.0 (compatible; DataForSeoBot/1.0; +https://dataforseo.com/dataforseo-bot)"
198.54.114.83 - - [14/Apr/2025:08:50:12 -0400] "POST /wp-cron.php?doing_wp_cron=1744635010.2519481182098388671875 HTTP/1.1" 200 0 "-" "WordPress/6.7.2; https://bayrampasaspor.com"
65.21.113.206 - - [14/Apr/2025:08:50:11 -0400] "GET /search.php?m279034980?srsltid=AfmBOoOerILEqjMcgQt7m3_wW7VAvAxZp_wBsPWPfV-H-M323qdYCw HTTP/1.1" 200 108655 "-" "Mozilla/5.0 (compatible; AwarioBot/1.0; +https://awario.com/bots.html)"
136.243.228.180 - - [14/Apr/2025:08:50:13 -0400] "GET /items/bibdy259/14326?key=attraction HTTP/1.1" 500 1245 "-" "Mozilla/5.0 (compatible; DataForSeoBot/1.0; +https://dataforseo.com/dataforseo-bot)"
65.21.113.206 - - [14/Apr/2025:08:50:14 -0400] "GET /search.php?m279048882?srsltid=AfmBOoLRsJbKQhSOIVkWCe_yhLDMODC08_fMjq2j7X-K-8eZ8oJP3d HTTP/1.1" 200 109361 "-" "Mozilla/5.0 (compatible; AwarioBot/1.0; +https://awario.com/bots.html)"
136.243.228.180 - - [14/Apr/2025:08:50:18 -0400] "GET /items/lgwne36/40681?key=triumph HTTP/1.1" 500 1245 "-" "Mozilla/5.0 (compatible; DataForSeoBot/1.0; +https://dataforseo.com/dataforseo-bot)"
65.21.113.206 - - [14/Apr/2025:08:50:19 -0400] "GET /search.php?m280025277?srsltid=AfmBOoxwsVzjAxfiPOYpll_mkr88IdrRW_izyycWz9-P-qqV4GFDlL HTTP/1.1" 200 109786 "-" "Mozilla/5.0 (compatible; AwarioBot/1.0; +https://awario.com/bots.html)"
136.243.228.180 - - [14/Apr/2025:08:50:21 -0400] "GET /items/ocrgy89/20209?key=electronics HTTP/1.1" 500 1245 "-" "Mozilla/5.0 (compatible; DataForSeoBot/1.0; +https://dataforseo.com/dataforseo-bot)"
65.21.113.206 - - [14/Apr/2025:08:50:23 -0400] "GET /search.php?m280025775?srsltid=AfmBOomrfoZWXKqdAd5mdZ_7hl73SvTr6_8D15WONG-N-Z7CroedvH HTTP/1.1" 200 110568 "-" "Mozilla/5.0 (compatible; AwarioBot/1.0; +https://awario.com/bots.html)"
136.243.228.180 - - [14/Apr/2025:08:50:24 -0400] "GET /items/hlayk212/3586?key=obligation HTTP/1.1" 500 1245 "-" "Mozilla/5.0 (compatible; DataForSeoBot/1.0; +https://dataforseo.com/dataforseo-bot)"
65.21.113.206 - - [14/Apr/2025:08:50:28 -0400] "GET /search.php?m280038207?srsltid=AfmBOodYHnRVmWqmuU5BNb_pcaxA2oirX_8vEgxRhf-F-WNDHbCFyi HTTP/1.1" 200 108508 "-" "Mozilla/5.0 (compatible; AwarioBot/1.0; +https://awario.com/bots.html)"
136.243.228.180 - - [14/Apr/2025:08:50:29 -0400] "GET /items/mfzgd7/32964?key=reception HTTP/1.1" 500 1245 "-" "Mozilla/5.0 (compatible; DataForSeoBot/1.0; +https://dataforseo.com/dataforseo-bot)"
65.21.113.206 - - [14/Apr/2025:08:50:32 -0400] "GET /search.php?m280041117?srsltid=AfmBOowGvCuVUBFVCD4Rte_9NuI3usdjK_iCzmCluh-Z-XmI4q8GcR HTTP/1.1" 200 109923 "-" "Mozilla/5.0 (compatible; AwarioBot/1.0; +https://awario.com/bots.html)"
136.243.228.180 - - [14/Apr/2025:08:50:34 -0400] "GET /items/punhg76/2046?key=doorway HTTP/1.1" 500 1245 "-" "Mozilla/5.0 (compatible; DataForSeoBot/1.0; +https://dataforseo.com/dataforseo-bot)"
136.243.228.180 - - [14/Apr/2025:08:50:36 -0400] "GET /items/medcv73/33576?key=dare HTTP/1.1" 500 1245 "-" "Mozilla/5.0 (compatible; DataForSeoBot/1.0; +https://dataforseo.com/dataforseo-bot)"
65.21.113.206 - - [14/Apr/2025:08:50:36 -0400] "GET /search.php?m280043955?srsltid=AfmBOoaEDVIpOYIKMbmCUV_fHnrCixANm_jsMwCZ73-S-p82Kij9oi HTTP/1.1" 200 108980 "-" "Mozilla/5.0 (compatible; AwarioBot/1.0; +https://awario.com/bots.html)"
173.208.205.34 - - [14/Apr/2025:08:50:37 -0400] "GET /wp-content/edit.php?id=80613 HTTP/1.1" 200 0 "http://www.bayrampasaspor.com/wp-content/edit.php?id=80613" "Mozilla/5.0 (Windows NT 10.0; Win64; x64) AppleWebKit/537.36 (KHTML, like Gecko) Chrome/58.0.3029.110 Safari/537.3"
173.208.205.34 - - [14/Apr/2025:08:50:41 -0400] "GET /wp-content/edit.php?id=80613 HTTP/1.1" 200 26 "http://www.bayrampasaspor.com/wp-content/edit.php?id=80613" "Mozilla/5.0 (Windows NT 10.0; Win64; x64) AppleWebKit/537.36 (KHTML, like Gecko) Chrome/58.0.3029.110 Safari/537.3"
136.243.228.180 - - [14/Apr/2025:08:50:41 -0400] "GET /items/urfsm100/46559?key=limit HTTP/1.1" 500 1245 "-" "Mozilla/5.0 (compatible; DataForSeoBot/1.0; +https://dataforseo.com/dataforseo-bot)"
20.171.207.13 - - [14/Apr/2025:08:50:40 -0400] "GET /items/iahru12/43470?key=row HTTP/1.1" 500 1245 "-" "Mozilla/5.0 AppleWebKit/537.36 (KHTML, like Gecko; compatible; GPTBot/1.2; +https://openai.com/gptbot)"
65.21.113.206 - - [14/Apr/2025:08:50:41 -0400] "GET /search.php?m281025188?srsltid=AfmBOoXagDzKdWAEsugpWF_IAvUpNqe5a_Tlctv5Co-G-fBe97QUGG HTTP/1.1" 200 109544 "-" "Mozilla/5.0 (compatible; AwarioBot/1.0; +https://awario.com/bots.html)"
136.243.228.180 - - [14/Apr/2025:08:50:44 -0400] "GET /items/jndzy102/48555?key=belly HTTP/1.1" 500 1245 "-" "Mozilla/5.0 (compatible; DataForSeoBot/1.0; +https://dataforseo.com/dataforseo-bot)"
65.21.113.206 - - [14/Apr/2025:08:50:47 -0400] "GET /search.php?m281031498?srsltid=AfmBOowoejoUlYDFu3Dlu9_kUNaQRI6Pt_5vUV10xl-G-j60emraDi HTTP/1.1" 200 109752 "-" "Mozilla/5.0 (compatible; AwarioBot/1.0; +https://awario.com/bots.html)"
136.243.228.180 - - [14/Apr/2025:08:50:49 -0400] "GET /items/oywdx130/617?key=quit HTTP/1.1" 500 1245 "-" "Mozilla/5.0 (compatible; DataForSeoBot/1.0; +https://dataforseo.com/dataforseo-bot)"
136.243.228.180 - - [14/Apr/2025:08:50:53 -0400] "GET /items/zsmex190/17593?key=helmet HTTP/1.1" 500 1245 "-" "Mozilla/5.0 (compatible; DataForSeoBot/1.0; +https://dataforseo.com/dataforseo-bot)"
65.21.113.206 - - [14/Apr/2025:08:50:53 -0400] "GET /search.php?m281044486?srsltid=AfmBOoxXavrELJHIPzbhK5_hCgqrqsiX5_L3YjYP9a-V-onoPicIPU HTTP/1.1" 200 109087 "-" "Mozilla/5.0 (compatible; AwarioBot/1.0; +https://awario.com/bots.html)"
136.243.228.180 - - [14/Apr/2025:08:50:57 -0400] "GET /items/mdecs22/11598?key=ambition HTTP/1.1" 500 1245 "-" "Mozilla/5.0 (compatible; DataForSeoBot/1.0; +https://dataforseo.com/dataforseo-bot)"
