65.21.113.206 - - [14/Apr/2025:08:50:57 -0400] "GET /search.php?m281047904?srsltid=AfmBOokxTGVhKqTKupUnlB_VmWP71dlMF_6jNDBOJZ-S-EKSe38Llp HTTP/1.1" 200 108674 "-" "Mozilla/5.0 (compatible; AwarioBot/1.0; +https://awario.com/bots.html)"
136.243.228.180 - - [14/Apr/2025:08:51:00 -0400] "GET /items/ndfok41/14490?key=pan HTTP/1.1" 500 1245 "-" "Mozilla/5.0 (compatible; DataForSeoBot/1.0; +https://dataforseo.com/dataforseo-bot)"
65.21.113.206 - - [14/Apr/2025:08:51:02 -0400] "GET /search.php?m282000321?srsltid=AfmBOonBjxyGRxmpV4E692_KiDoxl7qGR_FMd0Xsw6-D-1QbZzK8Tb HTTP/1.1" 200 108967 "-" "Mozilla/5.0 (compatible; AwarioBot/1.0; +https://awario.com/bots.html)"
136.243.228.180 - - [14/Apr/2025:08:51:04 -0400] "GET /items/qqzdj278/23451?key=comfort HTTP/1.1" 500 1245 "-" "Mozilla/5.0 (compatible; DataForSeoBot/1.0; +https://dataforseo.com/dataforseo-bot)"
65.21.113.206 - - [14/Apr/2025:08:51:06 -0400] "GET /search.php?m282001755?srsltid=AfmBOoqCvtjnZAuyzYChqh_buGxG9oHbN_4JZJs5F6-Q-guQhlFN5I HTTP/1.1" 200 110503 "-" "Mozilla/5.0 (compatible; AwarioBot/1.0; +https://awario.com/bots.html)"
136.243.228.180 - - [14/Apr/2025:08:51:09 -0400] "GET /items/pwwwo140/23039?key=laugh HTTP/1.1" 500 1245 "-" "Mozilla/5.0 (compatible; DataForSeoBot/1.0; +https://dataforseo.com/dataforseo-bot)"
65.21.113.206 - - [14/Apr/2025:08:51:10 -0400] "GET /search.php?m282004991?srsltid=AfmBOokbrTrShSvVaaK7x6_08xI76q3ov_VFxDrCqU-N-gbqNwAVKa HTTP/1.1" 200 108416 "-" "Mozilla/5.0 (compatible; AwarioBot/1.0; +https://awario.com/bots.html)"
136.243.228.180 - - [14/Apr/2025:08:51:12 -0400] "GET /items/urerd237/25929?key=bike HTTP/1.1" 500 1245 "-" "Mozilla/5.0 (compatible; DataForSeoBot/1.0; +https://dataforseo.com/dataforseo-bot)"
65.21.113.206 - - [14/Apr/2025:08:51:14 -0400] "GET /search.php?m282020419?srsltid=AfmBOojrYeSiADMtqwOMhw_vzRsvt3Yhh_jfKCWoHx-C-K7fvCbb80 HTTP/1.1" 200 109795 "-" "Mozilla/5.0 (compatible; AwarioBot/1.0; +https://awario.com/bots.html)"
136.243.228.180 - - [14/Apr/2025:08:51:16 -0400] "GET /items/dmafq241/27372?key=tax HTTP/1.1" 500 1245 "-" "Mozilla/5.0 (compatible; DataForSeoBot/1.0; +https://dataforseo.com/dataforseo-bot)"
65.21.113.206 - - [14/Apr/2025:08:51:17 -0400] "GET /search.php?m282021077?srsltid=AfmBOobkumehYRnajqo9C2_gj9ZlJbp9L_dMcPNEFM-F-KSbImeRGj HTTP/1.1" 200 109090 "-" "Mozilla/5.0 (compatible; AwarioBot/1.0; +https://awario.com/bots.html)"
136.243.228.180 - - [14/Apr/2025:08:51:21 -0400] "GET /items/vfusc26/28623?key=name HTTP/1.1" 500 1245 "-" "Mozilla/5.0 (compatible; DataForSeoBot/1.0; +https://dataforseo.com/dataforseo-bot)"
65.21.113.206 - - [14/Apr/2025:08:51:21 -0400] "GET /search.php?m283000642?srsltid=AfmBOoypmKXwhDvM6PVxPO_pSQpB2vV1H_Ews37PxK-C-D1hEYqtRC HTTP/1.1" 200 109194 "-" "Mozilla/5.0 (compatible; AwarioBot/1.0; +https://awario.com/bots.html)"
136.243.228.180 - - [14/Apr/2025:08:51:24 -0400] "GET /items/twggx115/36647?key=relate HTTP/1.1" 500 1245 "-" "Mozilla/5.0 (compatible; DataForSeoBot/1.0; +https://dataforseo.com/dataforseo-bot)"
65.21.113.206 - - [14/Apr/2025:08:51:25 -0400] "GET /search.php?m283016202?srsltid=AfmBOosQOznDTPhUt7uk83_tF7Cg0ztXX_r91nm0pf-Y-3wxbDJJzq HTTP/1.1" 200 110925 "-" "Mozilla/5.0 (compatible; AwarioBot/1.0; +https://awario.com/bots.html)"
216.244.66.246 - - [14/Apr/2025:08:51:26 -0400] "GET /moderne-designs-fur-jeden-geschmack/?loknya=/var/lve HTTP/1.1" 200 12920 "-" "Mozilla/5.0 (compatible; DotBot/1.2; +https://opensiteexplorer.org/dotbot; help@moz.com)"
136.243.228.180 - - [14/Apr/2025:08:51:29 -0400] "GET /items/tqhaj142/12657?key=several HTTP/1.1" 500 1245 "-" "Mozilla/5.0 (compatible; DataForSeoBot/1.0; +https://dataforseo.com/dataforseo-bot)"
65.21.113.206 - - [14/Apr/2025:08:51:29 -0400] "GET /search.php?m283036478?srsltid=AfmBOoRcAjYjTTKsYwcleE_RUAYQE1uoi_PMvoDGcB-F-3h6U1uFcv HTTP/1.1" 200 110219 "-" "Mozilla/5.0 (compatible; AwarioBot/1.0; +https://awario.com/bots.html)"
136.243.228.180 - - [14/Apr/2025:08:51:32 -0400] "GET /items/gmkcm138/23082?key=sympathy HTTP/1.1" 500 1245 "-" "Mozilla/5.0 (compatible; DataForSeoBot/1.0; +https://dataforseo.com/dataforseo-bot)"
65.21.113.206 - - [14/Apr/2025:08:51:34 -0400] "GET /search.php?m284007563?srsltid=AfmBOoJeGavcrKKu82tlX2_0Oeu0vQVXb_4yKcqIGu-J-V3nfWgIrG HTTP/1.1" 200 109664 "-" "Mozilla/5.0 (compatible; AwarioBot/1.0; +https://awario.com/bots.html)"
136.243.228.180 - - [14/Apr/2025:08:51:36 -0400] "GET /items/zcbec252/33141?key=data HTTP/1.1" 500 1245 "-" "Mozilla/5.0 (compatible; DataForSeoBot/1.0; +https://dataforseo.com/dataforseo-bot)"
65.21.113.206 - - [14/Apr/2025:08:51:39 -0400] "GET /search.php?m284011903?srsltid=AfmBOoLpcBfWBeXG1arjAU_PVLjrqYbNi_fn0rBc9v-R-TaPZ4tHVh HTTP/1.1" 200 108721 "-" "Mozilla/5.0 (compatible; AwarioBot/1.0; +https://awario.com/bots.html)"
136.243.228.180 - - [14/Apr/2025:08:51:41 -0400] "GET /items/iphgl107/8181?key=aesthetic HTTP/1.1" 500 1245 "-" "Mozilla/5.0 (compatible; DataForSeoBot/1.0; +https://dataforseo.com/dataforseo-bot)"
20.171.207.13 - - [14/Apr/2025:08:51:41 -0400] "GET /items/ndazo114/36009?key=lip HTTP/1.1" 500 1245 "-" "Mozilla/5.0 AppleWebKit/537.36 (KHTML, like Gecko; compatible; GPTBot/1.2; +https://openai.com/gptbot)"
136.243.228.180 - - [14/Apr/2025:08:51:45 -0400] "GET /items/zytze88/9447?key=bias HTTP/1.1" 500 1245 "-" "Mozilla/5.0 (compatible; DataForSeoBot/1.0; +https://dataforseo.com/dataforseo-bot)"
65.21.113.206 - - [14/Apr/2025:08:51:45 -0400] "GET /search.php?m284016105?srsltid=AfmBOoAClpzeDvTsQOIpKw_Yka3fdk60T_BfSzsByI-W-jsgmdDln8 HTTP/1.1" 200 109063 "-" "Mozilla/5.0 (compatible; AwarioBot/1.0; +https://awario.com/bots.html)"
136.243.228.180 - - [14/Apr/2025:08:51:49 -0400] "GET /items/nrxbz67/339?key=painter HTTP/1.1" 500 1245 "-" "Mozilla/5.0 (compatible; DataForSeoBot/1.0; +https://dataforseo.com/dataforseo-bot)"
65.21.113.206 - - [14/Apr/2025:08:51:49 -0400] "GET /search.php?m284032425?srsltid=AfmBOoeDHDjVjAheMNAjJY_feh3iG5R0Q_8dWvpNbw-X-qVxcJAR7A HTTP/1.1" 200 110500 "-" "Mozilla/5.0 (compatible; AwarioBot/1.0; +https://awario.com/bots.html)"
136.243.228.180 - - [14/Apr/2025:08:51:52 -0400] "GET /items/bklhq88/24857?key=level HTTP/1.1" 500 1245 "-" "Mozilla/5.0 (compatible; DataForSeoBot/1.0; +https://dataforseo.com/dataforseo-bot)"
65.21.113.206 - - [14/Apr/2025:08:51:54 -0400] "GET /search.php?m284036341?srsltid=AfmBOoTkXDknKjJs65DSQu_49wGpqzDSk_Lyta6dHK-V-vB3jKMrrD HTTP/1.1" 200 109484 "-" "Mozilla/5.0 (compatible; AwarioBot/1.0; +https://awario.com/bots.html)"
136.243.228.180 - - [14/Apr/2025:08:51:57 -0400] "GET /items/pesdb19/39128?key=motion HTTP/1.1" 500 1245 "-" "Mozilla/5.0 (compatible; DataForSeoBot/1.0; +https://dataforseo.com/dataforseo-bot)"
65.21.113.206 - - [14/Apr/2025:08:52:00 -0400] "GET /search.php?m284046233?srsltid=AfmBOoxZBXzBHwhSNrytOU_Opoyc5eTJJ_tMXCOm1i-C-mEUxbCCBg HTTP/1.1" 200 109095 "-" "Mozilla/5.0 (compatible; AwarioBot/1.0; +https://awario.com/bots.html)"
136.243.228.180 - - [14/Apr/2025:08:52:01 -0400] "GET /items/afzow226/40099?key=session HTTP/1.1" 500 1245 "-" "Mozilla/5.0 (compatible; DataForSeoBot/1.0; +https://dataforseo.com/dataforseo-bot)"
136.243.228.180 - - [14/Apr/2025:08:52:05 -0400] "GET /items/tissj13/15672?key=imply HTTP/1.1" 500 1245 "-" "Mozilla/5.0 (compatible; DataForSeoBot/1.0; +https://dataforseo.com/dataforseo-bot)"
65.21.113.206 - - [14/Apr/2025:08:52:06 -0400] "GET /search.php?m284048515?srsltid=AfmBOoXnuFkpdxMFz9n9se_MYMzFVEMa3_zi2n6lis-N-PMauQv8JZ HTTP/1.1" 200 109207 "-" "Mozilla/5.0 (compatible; AwarioBot/1.0; +https://awario.com/bots.html)"
136.243.228.180 - - [14/Apr/2025:08:52:09 -0400] "GET /items/exqzx20/30200?key=institutional HTTP/1.1" 500 1245 "-" "Mozilla/5.0 (compatible; DataForSeoBot/1.0; +https://dataforseo.com/dataforseo-bot)"
65.21.113.206 - - [14/Apr/2025:08:52:10 -0400] "GET /search.php?m285016964?srsltid=AfmBOoFsQENVgzLAOL3Cx0_Hbu1KOs6bU_zugaWtHz-L-cXmnv5pc7 HTTP/1.1" 200 108887 "-" "Mozilla/5.0 (compatible; AwarioBot/1.0; +https://awario.com/bots.html)"
136.243.228.180 - - [14/Apr/2025:08:52:12 -0400] "GET /items/lxrsz107/14895?key=election HTTP/1.1" 500 1245 "-" "Mozilla/5.0 (compatible; DataForSeoBot/1.0; +https://dataforseo.com/dataforseo-bot)"
65.21.113.206 - - [14/Apr/2025:08:52:14 -0400] "GET /search.php?m285018498?srsltid=AfmBOoziRHuoptaurfZTZx_nZkZ4wz7VW_x7x5Jar1-G-krh2PYEe2 HTTP/1.1" 200 108711 "-" "Mozilla/5.0 (compatible; AwarioBot/1.0; +https://awario.com/bots.html)"
136.243.228.180 - - [14/Apr/2025:08:52:17 -0400] "GET /items/kvlkl76/4855?key=drama HTTP/1.1" 500 1245 "-" "Mozilla/5.0 (compatible; DataForSeoBot/1.0; +https://dataforseo.com/dataforseo-bot)"
65.21.113.206 - - [14/Apr/2025:08:52:19 -0400] "GET /search.php?m285037314?srsltid=AfmBOonkTlwulIFlykqdB2_bIJSr0ke4O_Gq2PJ4lN-S-Hy9vpDljv HTTP/1.1" 200 108473 "-" "Mozilla/5.0 (compatible; AwarioBot/1.0; +https://awario.com/bots.html)"
136.243.228.180 - - [14/Apr/2025:08:52:21 -0400] "GET /items/dcqbr165/40851?key=determination HTTP/1.1" 500 1245 "-" "Mozilla/5.0 (compatible; DataForSeoBot/1.0; +https://dataforseo.com/dataforseo-bot)"
136.243.228.180 - - [14/Apr/2025:08:52:25 -0400] "GET /items/lectf134/21738?key=since HTTP/1.1" 500 1245 "-" "Mozilla/5.0 (compatible; DataForSeoBot/1.0; +https://dataforseo.com/dataforseo-bot)"
65.21.113.206 - - [14/Apr/2025:08:52:24 -0400] "GET /search.php?m285043520?srsltid=AfmBOoLJzDdAlUTq9Gd8um_yIuBsvO3qh_mEu1xWez-Y-hpAmQqEZq HTTP/1.1" 200 109088 "-" "Mozilla/5.0 (compatible; AwarioBot/1.0; +https://awario.com/bots.html)"
136.243.228.180 - - [14/Apr/2025:08:52:30 -0400] "GET /items/lnfoa181/2543?key=side HTTP/1.1" 500 1245 "-" "Mozilla/5.0 (compatible; DataForSeoBot/1.0; +https://dataforseo.com/dataforseo-bot)"
173.208.205.34 - - [14/Apr/2025:08:52:29 -0400] "GET /wp-content/edit.php?id=80613 HTTP/1.1" 200 0 "http://www.bayrampasaspor.com/wp-content/edit.php?id=80613" "Mozilla/5.0 (Windows NT 10.0; Win64; x64) AppleWebKit/537.36 (KHTML, like Gecko) Chrome/58.0.3029.110 Safari/537.3"
65.21.113.206 - - [14/Apr/2025:08:52:30 -0400] "GET /search.php?m286010327?srsltid=AfmBOobAfcCINXVgHUTm50_lc0iLoQYQL_97b23uIu-J-jJB7r7Jjy HTTP/1.1" 200 110078 "-" "Mozilla/5.0 (compatible; AwarioBot/1.0; +https://awario.com/bots.html)"
173.208.205.34 - - [14/Apr/2025:08:52:32 -0400] "GET /wp-content/edit.php?id=80613 HTTP/1.1" 200 26 "http://www.bayrampasaspor.com/wp-content/edit.php?id=80613" "Mozilla/5.0 (Windows NT 10.0; Win64; x64) AppleWebKit/537.36 (KHTML, like Gecko) Chrome/58.0.3029.110 Safari/537.3"
136.243.228.180 - - [14/Apr/2025:08:52:34 -0400] "GET /items/ecyrg50/18011?key=advertising HTTP/1.1" 500 1245 "-" "Mozilla/5.0 (compatible; DataForSeoBot/1.0; +https://dataforseo.com/dataforseo-bot)"
65.21.113.206 - - [14/Apr/2025:08:52:35 -0400] "GET /search.php?m286024181?srsltid=AfmBOoQClNQMRFwKhmp0Oe_YwTbMrGR0k_ocuBCwKJ-U-4QYjWEkQ5 HTTP/1.1" 200 109348 "-" "Mozilla/5.0 (compatible; AwarioBot/1.0; +https://awario.com/bots.html)"
136.243.228.180 - - [14/Apr/2025:08:52:36 -0400] "GET /items/hbtga178/35190?key=nut HTTP/1.1" 500 1245 "-" "Mozilla/5.0 (compatible; DataForSeoBot/1.0; +https://dataforseo.com/dataforseo-bot)"
65.21.113.206 - - [14/Apr/2025:08:52:39 -0400] "GET /search.php?m286032017?srsltid=AfmBOogOhHodKmcacBEJwZ_zF38CEzsw2_FUDPW06C-I-jEJ9AcYQO HTTP/1.1" 200 107850 "-" "Mozilla/5.0 (compatible; AwarioBot/1.0; +https://awario.com/bots.html)"
136.243.228.180 - - [14/Apr/2025:08:52:40 -0400] "GET /items/rsbkg230/14717?key=perform HTTP/1.1" 500 1245 "-" "Mozilla/5.0 (compatible; DataForSeoBot/1.0; +https://dataforseo.com/dataforseo-bot)"
20.171.207.13 - - [14/Apr/2025:08:52:42 -0400] "GET /items/boexc117/18722?key=not HTTP/1.1" 500 1245 "-" "Mozilla/5.0 AppleWebKit/537.36 (KHTML, like Gecko; compatible; GPTBot/1.2; +https://openai.com/gptbot)"
65.21.113.206 - - [14/Apr/2025:08:52:43 -0400] "GET /search.php?m286034065?srsltid=AfmBOorXrQjIsSanJ1BSle_pULWFbdRrv_ahKFOtTi-U-pfaUqQnra HTTP/1.1" 200 109988 "-" "Mozilla/5.0 (compatible; AwarioBot/1.0; +https://awario.com/bots.html)"
136.243.228.180 - - [14/Apr/2025:08:52:44 -0400] "GET /items/vibnl225/33960?key=baseball HTTP/1.1" 500 1245 "-" "Mozilla/5.0 (compatible; DataForSeoBot/1.0; +https://dataforseo.com/dataforseo-bot)"
65.21.113.206 - - [14/Apr/2025:08:52:47 -0400] "GET /search.php?m286036015?srsltid=AfmBOoRkaxXAVdeVU4wf9J_NutsLWemAM_uOCre9x5-S-joinsNdPw HTTP/1.1" 200 109543 "-" "Mozilla/5.0 (compatible; AwarioBot/1.0; +https://awario.com/bots.html)"
136.243.228.180 - - [14/Apr/2025:08:52:48 -0400] "GET /items/ukekm215/37064?key=fifteen HTTP/1.1" 500 1245 "-" "Mozilla/5.0 (compatible; DataForSeoBot/1.0; +https://dataforseo.com/dataforseo-bot)"
65.21.113.206 - - [14/Apr/2025:08:52:50 -0400] "GET /search.php?m287003166?srsltid=AfmBOoqxglCaIBEGjUjIsM_gOev56oJUJ_92yb7ziQ-C-15d0uruAQ HTTP/1.1" 200 109642 "-" "Mozilla/5.0 (compatible; AwarioBot/1.0; +https://awario.com/bots.html)"
136.243.228.180 - - [14/Apr/2025:08:52:52 -0400] "GET /items/coyot22/6815?key=from HTTP/1.1" 500 1245 "-" "Mozilla/5.0 (compatible; DataForSeoBot/1.0; +https://dataforseo.com/dataforseo-bot)"
65.21.113.206 - - [14/Apr/2025:08:52:54 -0400] "GET /search.php?m287039912?srsltid=AfmBOoUyxWpcueKNc9tEdQ_K3nYIPZ2TG_0DTXeAcK-R-8Ti6txoPw HTTP/1.1" 200 109225 "-" "Mozilla/5.0 (compatible; AwarioBot/1.0; +https://awario.com/bots.html)"
136.243.228.180 - - [14/Apr/2025:08:52:57 -0400] "GET /items/ivorz271/33306?key=era HTTP/1.1" 500 1245 "-" "Mozilla/5.0 (compatible; DataForSeoBot/1.0; +https://dataforseo.com/dataforseo-bot)"
65.21.113.206 - - [14/Apr/2025:08:52:57 -0400] "GET /search.php?m288013831?srsltid=AfmBOoEotFKhRMkSBd9bwp_lD5yuU72UK_AvJ7bglb-A-TAkbZkaf4 HTTP/1.1" 200 109007 "-" "Mozilla/5.0 (compatible; AwarioBot/1.0; +https://awario.com/bots.html)"
136.243.228.180 - - [14/Apr/2025:08:53:00 -0400] "GET /items/ajeyt179/37602?key=understand HTTP/1.1" 500 1245 "-" "Mozilla/5.0 (compatible; DataForSeoBot/1.0; +https://dataforseo.com/dataforseo-bot)"
65.21.113.206 - - [14/Apr/2025:08:53:01 -0400] "GET /search.php?m288018125?srsltid=AfmBOoOITRTuLzdXpOa2Ti_pTsqLabzHV_8DVMSrXZ-Y-awhS10xhJ HTTP/1.1" 200 110520 "-" "Mozilla/5.0 (compatible; AwarioBot/1.0; +https://awario.com/bots.html)"
136.243.228.180 - - [14/Apr/2025:08:53:04 -0400] "GET /items/jueub24/20361?key=communication HTTP/1.1" 500 1245 "-" "Mozilla/5.0 (compatible; DataForSeoBot/1.0; +https://dataforseo.com/dataforseo-bot)"
65.21.113.206 - - [14/Apr/2025:08:53:05 -0400] "GET /search.php?m288027835?srsltid=AfmBOoULYADGWXuXKV0x0h_vtCtblyyZb_xgxX8ttc-P-Zpk33cplh HTTP/1.1" 200 110943 "-" "Mozilla/5.0 (compatible; AwarioBot/1.0; +https://awario.com/bots.html)"
136.243.228.180 - - [14/Apr/2025:08:53:08 -0400] "GET /items/zexyh217/40768?key=trim HTTP/1.1" 500 1245 "-" "Mozilla/5.0 (compatible; DataForSeoBot/1.0; +https://dataforseo.com/dataforseo-bot)"
65.21.113.206 - - [14/Apr/2025:08:53:08 -0400] "GET /search.php?m288028263?srsltid=AfmBOoMPHiaFTiAED464Jw_rqrzQ973KT_1XFiyz7n-J-Kc6kanTq8 HTTP/1.1" 200 109392 "-" "Mozilla/5.0 (compatible; AwarioBot/1.0; +https://awario.com/bots.html)"
136.243.228.180 - - [14/Apr/2025:08:53:12 -0400] "GET /items/qisad121/47342?key=trip HTTP/1.1" 500 1245 "-" "Mozilla/5.0 (compatible; DataForSeoBot/1.0; +https://dataforseo.com/dataforseo-bot)"
65.21.113.206 - - [14/Apr/2025:08:53:12 -0400] "GET /search.php?m288044699?srsltid=AfmBOoUGvYXobrmoO78cgd_XoU8Pp7l8S_d5wGo3xw-J-kUPoMkFvy HTTP/1.1" 200 109181 "-" "Mozilla/5.0 (compatible; AwarioBot/1.0; +https://awario.com/bots.html)"
136.243.228.180 - - [14/Apr/2025:08:53:16 -0400] "GET /items/qeppl117/19018?key=failure HTTP/1.1" 500 1245 "-" "Mozilla/5.0 (compatible; DataForSeoBot/1.0; +https://dataforseo.com/dataforseo-bot)"
65.21.113.206 - - [14/Apr/2025:08:53:16 -0400] "GET /search.php?m289024428?srsltid=AfmBOoGgVzMLcehfVn543N_whmpzGFWMa_6SurH20m-F-n0UDmWhlC HTTP/1.1" 200 110289 "-" "Mozilla/5.0 (compatible; AwarioBot/1.0; +https://awario.com/bots.html)"
136.243.228.180 - - [14/Apr/2025:08:53:20 -0400] "GET /items/smkva99/42834?key=painful HTTP/1.1" 500 1245 "-" "Mozilla/5.0 (compatible; DataForSeoBot/1.0; +https://dataforseo.com/dataforseo-bot)"
65.21.113.206 - - [14/Apr/2025:08:53:20 -0400] "GET /search.php?m289025090?srsltid=AfmBOorTIFrHNRcZSy0bdi_VWGf485Wog_kWZzHPkY-I-2MCX3PySD HTTP/1.1" 200 109570 "-" "Mozilla/5.0 (compatible; AwarioBot/1.0; +https://awario.com/bots.html)"
136.243.228.180 - - [14/Apr/2025:08:53:24 -0400] "GET /items/tdqfg185/24433?key=increasingly HTTP/1.1" 500 1245 "-" "Mozilla/5.0 (compatible; DataForSeoBot/1.0; +https://dataforseo.com/dataforseo-bot)"
65.21.113.206 - - [14/Apr/2025:08:53:24 -0400] "GET /search.php?m289029246?srsltid=AfmBOogVcjprJUwpULnIVP_TakGnRtcN2_VHdv34jb-Z-JvM38c0QN HTTP/1.1" 200 109534 "-" "Mozilla/5.0 (compatible; AwarioBot/1.0; +https://awario.com/bots.html)"
65.21.113.206 - - [14/Apr/2025:08:53:28 -0400] "GET /search.php?m289038182?srsltid=AfmBOokpvDjMeFnjHAydJ0_Y26B3hr2sM_0ZjMYD0u-J-HDMjuNWGa HTTP/1.1" 200 109633 "-" "Mozilla/5.0 (compatible; AwarioBot/1.0; +https://awario.com/bots.html)"
136.243.228.180 - - [14/Apr/2025:08:53:29 -0400] "GET /items/epadk259/44039?key=mine HTTP/1.1" 500 1245 "-" "Mozilla/5.0 (compatible; DataForSeoBot/1.0; +https://dataforseo.com/dataforseo-bot)"
136.243.228.180 - - [14/Apr/2025:08:53:32 -0400] "GET /items/kzant66/37763?key=improved HTTP/1.1" 500 1245 "-" "Mozilla/5.0 (compatible; DataForSeoBot/1.0; +https://dataforseo.com/dataforseo-bot)"
65.21.113.206 - - [14/Apr/2025:08:53:32 -0400] "GET /search.php?m289041764?srsltid=AfmBOoWzkNfxRcmhMl5LeR_IvO5j8VlMx_ivnr1o7h-R-7WI5nXlqQ HTTP/1.1" 200 110678 "-" "Mozilla/5.0 (compatible; AwarioBot/1.0; +https://awario.com/bots.html)"
65.21.113.206 - - [14/Apr/2025:08:53:36 -0400] "GET /search.php?m290018745?srsltid=AfmBOozgRDIgBQfMBSSsr3_kkLpCGZiw3_BlqX1moi-J-tCATM4Jgh HTTP/1.1" 200 110016 "-" "Mozilla/5.0 (compatible; AwarioBot/1.0; +https://awario.com/bots.html)"
136.243.228.180 - - [14/Apr/2025:08:53:37 -0400] "GET /items/zbkqo12/24371?key=point HTTP/1.1" 500 1245 "-" "Mozilla/5.0 (compatible; DataForSeoBot/1.0; +https://dataforseo.com/dataforseo-bot)"
65.21.113.206 - - [14/Apr/2025:08:53:39 -0400] "GET /search.php?m290021329?srsltid=AfmBOoFZpWVzLzKVhxM11C_5WzzVWZuQP_ROOzRflq-Y-ncGrHW7Vb HTTP/1.1" 200 109749 "-" "Mozilla/5.0 (compatible; AwarioBot/1.0; +https://awario.com/bots.html)"
136.243.228.180 - - [14/Apr/2025:08:53:40 -0400] "GET /items/udiui61/26620?key=liberty HTTP/1.1" 500 1245 "-" "Mozilla/5.0 (compatible; DataForSeoBot/1.0; +https://dataforseo.com/dataforseo-bot)"
65.21.113.206 - - [14/Apr/2025:08:53:42 -0400] "GET /search.php?m290023555?srsltid=AfmBOoLUbEzAJqurVsm1HR_9MR3kYlurF_bd3qYc16-D-CYN6dw4Ap HTTP/1.1" 200 109731 "-" "Mozilla/5.0 (compatible; AwarioBot/1.0; +https://awario.com/bots.html)"
136.243.228.180 - - [14/Apr/2025:08:53:45 -0400] "GET /items/vwkwu188/19611?key=warning HTTP/1.1" 500 1245 "-" "Mozilla/5.0 (compatible; DataForSeoBot/1.0; +https://dataforseo.com/dataforseo-bot)"
65.21.113.206 - - [14/Apr/2025:08:53:46 -0400] "GET /search.php?m290033045?srsltid=AfmBOoXtWPCYxdJBuC7iGZ_2Atc4FlNup_IKbFxh3a-I-GtDWqs1qf HTTP/1.1" 200 111029 "-" "Mozilla/5.0 (compatible; AwarioBot/1.0; +https://awario.com/bots.html)"
20.171.207.13 - - [14/Apr/2025:08:53:47 -0400] "GET /items/qyqvr53/22927?key=internal HTTP/1.1" 500 1245 "-" "Mozilla/5.0 AppleWebKit/537.36 (KHTML, like Gecko; compatible; GPTBot/1.2; +https://openai.com/gptbot)"
136.243.228.180 - - [14/Apr/2025:08:53:49 -0400] "GET /items/rhhga248/10579?key=disc HTTP/1.1" 500 1245 "-" "Mozilla/5.0 (compatible; DataForSeoBot/1.0; +https://dataforseo.com/dataforseo-bot)"
65.21.113.206 - - [14/Apr/2025:08:53:50 -0400] "GET /search.php?m290034631?srsltid=AfmBOovlzwbdjhoO61t8cS_rQDdUigz6j_cCHuF73B-P-pWkwzilSD HTTP/1.1" 200 110932 "-" "Mozilla/5.0 (compatible; AwarioBot/1.0; +https://awario.com/bots.html)"
136.243.228.180 - - [14/Apr/2025:08:53:52 -0400] "GET /items/mjrpk273/9553?key=efficient HTTP/1.1" 500 1245 "-" "Mozilla/5.0 (compatible; DataForSeoBot/1.0; +https://dataforseo.com/dataforseo-bot)"
65.21.113.206 - - [14/Apr/2025:08:53:55 -0400] "GET /search.php?m290045125?srsltid=AfmBOoaYJJhiinBwX6UzQr_tNMBoWohsm_lshuWui5-T-imMm10tOI HTTP/1.1" 200 109610 "-" "Mozilla/5.0 (compatible; AwarioBot/1.0; +https://awario.com/bots.html)"
136.243.228.180 - - [14/Apr/2025:08:53:57 -0400] "GET /items/jtmqk289/13362?key=contact HTTP/1.1" 500 1245 "-" "Mozilla/5.0 (compatible; DataForSeoBot/1.0; +https://dataforseo.com/dataforseo-bot)"
65.21.113.206 - - [14/Apr/2025:08:53:58 -0400] "GET /search.php?m291003074?srsltid=AfmBOoLKcOCFBWMps4EjIA_ackeAnEucB_uPKx5Enu-O-XF8dw7pPr HTTP/1.1" 200 109215 "-" "Mozilla/5.0 (compatible; AwarioBot/1.0; +https://awario.com/bots.html)"
136.243.228.180 - - [14/Apr/2025:08:54:01 -0400] "GET /items/nlnmi63/13276?key=island HTTP/1.1" 500 1245 "-" "Mozilla/5.0 (compatible; DataForSeoBot/1.0; +https://dataforseo.com/dataforseo-bot)"
65.21.113.206 - - [14/Apr/2025:08:54:02 -0400] "GET /search.php?m291004266?srsltid=AfmBOofZvLIiXOIduijtJH_tDlNsK1oox_2RJqkImm-O-uq4ahh6xG HTTP/1.1" 200 109304 "-" "Mozilla/5.0 (compatible; AwarioBot/1.0; +https://awario.com/bots.html)"
136.243.228.180 - - [14/Apr/2025:08:54:05 -0400] "GET /items/tyerg45/22415?key=offender HTTP/1.1" 500 1245 "-" "Mozilla/5.0 (compatible; DataForSeoBot/1.0; +https://dataforseo.com/dataforseo-bot)"
65.21.113.206 - - [14/Apr/2025:08:54:08 -0400] "GET /search.php?m291005622?srsltid=AfmBOoiaMTSxFVsEU0XH6D_w93j7Mpkwe_TMwHl8m2-F-HcmhoeQfo HTTP/1.1" 200 108340 "-" "Mozilla/5.0 (compatible; AwarioBot/1.0; +https://awario.com/bots.html)"
136.243.228.180 - - [14/Apr/2025:08:54:10 -0400] "GET /items/aotou40/9910?key=plaintiff HTTP/1.1" 500 1245 "-" "Mozilla/5.0 (compatible; DataForSeoBot/1.0; +https://dataforseo.com/dataforseo-bot)"
65.21.113.206 - - [14/Apr/2025:08:54:12 -0400] "GET /search.php?m291007686?srsltid=AfmBOoPQSqBxyRnohGd1ZG_S4o3Sh2YV7_ZwzsbTCp-M-zXMsk674a HTTP/1.1" 200 109076 "-" "Mozilla/5.0 (compatible; AwarioBot/1.0; +https://awario.com/bots.html)"
136.243.228.180 - - [14/Apr/2025:08:54:14 -0400] "GET /items/eccjs41/48944?key=workout HTTP/1.1" 500 1245 "-" "Mozilla/5.0 (compatible; DataForSeoBot/1.0; +https://dataforseo.com/dataforseo-bot)"
136.243.228.180 - - [14/Apr/2025:08:54:16 -0400] "GET /items/zqymj227/46676?key=thinking HTTP/1.1" 500 1245 "-" "Mozilla/5.0 (compatible; DataForSeoBot/1.0; +https://dataforseo.com/dataforseo-bot)"
65.21.113.206 - - [14/Apr/2025:08:54:17 -0400] "GET /search.php?m291026464?srsltid=AfmBOodBGIdiHIEniaPmHB_P9BwpPEUq6_4Idvcakb-N-ZGBaTW7Zy HTTP/1.1" 200 109307 "-" "Mozilla/5.0 (compatible; AwarioBot/1.0; +https://awario.com/bots.html)"
136.243.228.180 - - [14/Apr/2025:08:54:20 -0400] "GET /items/uenix127/30449?key=excitement HTTP/1.1" 500 1245 "-" "Mozilla/5.0 (compatible; DataForSeoBot/1.0; +https://dataforseo.com/dataforseo-bot)"
65.21.113.206 - - [14/Apr/2025:08:54:20 -0400] "GET /search.php?m291029258?srsltid=AfmBOoDLgUIowPKrJbclO7_M8tH0dX6uC_k2tZ4zKI-X-jkUQL1lCw HTTP/1.1" 200 110078 "-" "Mozilla/5.0 (compatible; AwarioBot/1.0; +https://awario.com/bots.html)"
173.208.205.34 - - [14/Apr/2025:08:54:22 -0400] "GET /wp-content/edit.php?id=80613 HTTP/1.1" 200 0 "http://www.bayrampasaspor.com/wp-content/edit.php?id=80613" "Mozilla/5.0 (Windows NT 10.0; Win64; x64) AppleWebKit/537.36 (KHTML, like Gecko) Chrome/58.0.3029.110 Safari/537.3"
65.21.113.206 - - [14/Apr/2025:08:54:24 -0400] "GET /search.php?m291041722?srsltid=AfmBOodGTVcqYLvzIAF5xn_3r2gNymJnZ_anYmcJ8W-Z-GFhw2KmSO HTTP/1.1" 200 108680 "-" "Mozilla/5.0 (compatible; AwarioBot/1.0; +https://awario.com/bots.html)"
136.243.228.180 - - [14/Apr/2025:08:54:24 -0400] "GET /items/uowcn241/2031?key=distribute HTTP/1.1" 500 1245 "-" "Mozilla/5.0 (compatible; DataForSeoBot/1.0; +https://dataforseo.com/dataforseo-bot)"
173.208.205.34 - - [14/Apr/2025:08:54:25 -0400] "GET /wp-content/edit.php?id=80613 HTTP/1.1" 200 26 "http://www.bayrampasaspor.com/wp-content/edit.php?id=80613" "Mozilla/5.0 (Windows NT 10.0; Win64; x64) AppleWebKit/537.36 (KHTML, like Gecko) Chrome/58.0.3029.110 Safari/537.3"
65.21.113.206 - - [14/Apr/2025:08:54:27 -0400] "GET /search.php?m292006543?srsltid=AfmBOobedPOrwPvoJvSZ3x_oOKf0of8Ps_6Nn7unL5-A-WJRWYxlMi HTTP/1.1" 200 109612 "-" "Mozilla/5.0 (compatible; AwarioBot/1.0; +https://awario.com/bots.html)"
136.243.228.180 - - [14/Apr/2025:08:54:29 -0400] "GET /items/nzuqh56/44994?key=quite HTTP/1.1" 500 1245 "-" "Mozilla/5.0 (compatible; DataForSeoBot/1.0; +https://dataforseo.com/dataforseo-bot)"
65.21.113.206 - - [14/Apr/2025:08:54:31 -0400] "GET /search.php?m292008313?srsltid=AfmBOoKcXpagzIvgm2t7ou_f5V267tV7C_dO5ioWOo-T-XZFAiFHLI HTTP/1.1" 200 109395 "-" "Mozilla/5.0 (compatible; AwarioBot/1.0; +https://awario.com/bots.html)"
136.243.228.180 - - [14/Apr/2025:08:54:33 -0400] "GET /items/wznnc11/42967?key=web HTTP/1.1" 500 1245 "-" "Mozilla/5.0 (compatible; DataForSeoBot/1.0; +https://dataforseo.com/dataforseo-bot)"
65.21.113.206 - - [14/Apr/2025:08:54:35 -0400] "GET /search.php?m292037037?srsltid=AfmBOovqHOOtMptJQo7IPg_oEPGyTdmst_RoeOFfKI-X-HsD9yNdY0 HTTP/1.1" 200 110739 "-" "Mozilla/5.0 (compatible; AwarioBot/1.0; +https://awario.com/bots.html)"
136.243.228.180 - - [14/Apr/2025:08:54:36 -0400] "GET /items/tddaq257/20784?key=hesitate HTTP/1.1" 500 1245 "-" "Mozilla/5.0 (compatible; DataForSeoBot/1.0; +https://dataforseo.com/dataforseo-bot)"
65.21.113.206 - - [14/Apr/2025:08:54:38 -0400] "GET /search.php?m292041241?srsltid=AfmBOokfKljoBXuXcLmLIA_aGaIrxHYYZ_7mUnFyss-Z-BoleDDntk HTTP/1.1" 200 108908 "-" "Mozilla/5.0 (compatible; AwarioBot/1.0; +https://awario.com/bots.html)"
136.243.228.180 - - [14/Apr/2025:08:54:40 -0400] "GET /items/jvhrb95/32908?key=physician HTTP/1.1" 500 1245 "-" "Mozilla/5.0 (compatible; DataForSeoBot/1.0; +https://dataforseo.com/dataforseo-bot)"
65.21.113.206 - - [14/Apr/2025:08:54:41 -0400] "GET /search.php?m292041635?srsltid=AfmBOoekvEspGsjV52LRGq_rte2Z5pO71_JpoBOACh-N-toaJIgLIv HTTP/1.1" 200 108828 "-" "Mozilla/5.0 (compatible; AwarioBot/1.0; +https://awario.com/bots.html)"
136.243.228.180 - - [14/Apr/2025:08:54:44 -0400] "GET /items/gfgpn234/9519?key=uncertain HTTP/1.1" 500 1245 "-" "Mozilla/5.0 (compatible; DataForSeoBot/1.0; +https://dataforseo.com/dataforseo-bot)"
65.21.113.206 - - [14/Apr/2025:08:54:46 -0400] "GET /search.php?m293019330?srsltid=AfmBOorVnFmwyfEW99Re3i_Ti7f1qqmXB_0F9hZZte-Z-sXKK6u3Pf HTTP/1.1" 200 110209 "-" "Mozilla/5.0 (compatible; AwarioBot/1.0; +https://awario.com/bots.html)"
136.243.228.180 - - [14/Apr/2025:08:54:48 -0400] "GET /items/dkcdg72/24368?key=columnist HTTP/1.1" 500 1245 "-" "Mozilla/5.0 (compatible; DataForSeoBot/1.0; +https://dataforseo.com/dataforseo-bot)"
20.171.207.13 - - [14/Apr/2025:08:54:52 -0400] "GET /items/pulsm34/10355?key=whatever HTTP/1.1" 500 1245 "-" "Mozilla/5.0 AppleWebKit/537.36 (KHTML, like Gecko; compatible; GPTBot/1.2; +https://openai.com/gptbot)"
65.21.113.206 - - [14/Apr/2025:08:54:51 -0400] "GET /search.php?m293035462?srsltid=AfmBOoNAIKRfZIApuSKHsj_THaUCHDvHI_g8UMgqRg-O-k7Oh5OLbZ HTTP/1.1" 200 110967 "-" "Mozilla/5.0 (compatible; AwarioBot/1.0; +https://awario.com/bots.html)"
136.243.228.180 - - [14/Apr/2025:08:54:53 -0400] "GET /items/lyohq190/8563?key=portion HTTP/1.1" 500 1245 "-" "Mozilla/5.0 (compatible; DataForSeoBot/1.0; +https://dataforseo.com/dataforseo-bot)"
65.21.113.206 - - [14/Apr/2025:08:54:55 -0400] "GET /search.php?m293037852?srsltid=AfmBOoktiqkDNDFG2oGRSw_yb2u7jFx6s_Ci5EHFlz-K-vA8hZSTZW HTTP/1.1" 200 109462 "-" "Mozilla/5.0 (compatible; AwarioBot/1.0; +https://awario.com/bots.html)"
136.243.228.180 - - [14/Apr/2025:08:54:58 -0400] "GET /items/fpznb75/7422?key=proportion HTTP/1.1" 500 1245 "-" "Mozilla/5.0 (compatible; DataForSeoBot/1.0; +https://dataforseo.com/dataforseo-bot)"
65.21.113.206 - - [14/Apr/2025:08:54:59 -0400] "GET /search.php?m293042414?srsltid=AfmBOoUQHoQdGKLNkctMtX_bnwnBq7ZzR_MEMJ5fnl-Z-8WhaZO4b4 HTTP/1.1" 200 109748 "-" "Mozilla/5.0 (compatible; AwarioBot/1.0; +https://awario.com/bots.html)"
136.243.228.180 - - [14/Apr/2025:08:55:01 -0400] "GET /items/qgpyf31/4639?key=fail HTTP/1.1" 500 1245 "-" "Mozilla/5.0 (compatible; DataForSeoBot/1.0; +https://dataforseo.com/dataforseo-bot)"
65.21.113.206 - - [14/Apr/2025:08:55:04 -0400] "GET /search.php?m294002439?srsltid=AfmBOoDNbGGntvLi9GA4tY_1K6H5dJJeJ_EaM4Xbbq-S-MkxssEskK HTTP/1.1" 200 109050 "-" "Mozilla/5.0 (compatible; AwarioBot/1.0; +https://awario.com/bots.html)"
136.243.228.180 - - [14/Apr/2025:08:55:06 -0400] "GET /items/ukozs198/30119?key=next HTTP/1.1" 500 1245 "-" "Mozilla/5.0 (compatible; DataForSeoBot/1.0; +https://dataforseo.com/dataforseo-bot)"
65.21.113.206 - - [14/Apr/2025:08:55:09 -0400] "GET /search.php?m294025755?srsltid=AfmBOoShkAEytqRHzGMy9G_yH6MyC0MR0_TZqjceqp-X-3Ggx3DxyV HTTP/1.1" 200 108695 "-" "Mozilla/5.0 (compatible; AwarioBot/1.0; +https://awario.com/bots.html)"
136.243.228.180 - - [14/Apr/2025:08:55:10 -0400] "GET /items/wzkku140/34391?key=early HTTP/1.1" 500 1245 "-" "Mozilla/5.0 (compatible; DataForSeoBot/1.0; +https://dataforseo.com/dataforseo-bot)"
136.243.228.180 - - [14/Apr/2025:08:55:13 -0400] "GET /items/uszkz38/43985?key=him HTTP/1.1" 500 1245 "-" "Mozilla/5.0 (compatible; DataForSeoBot/1.0; +https://dataforseo.com/dataforseo-bot)"
65.21.113.206 - - [14/Apr/2025:08:55:15 -0400] "GET /search.php?m294038567?srsltid=AfmBOopYMHqGcOtgdtbUjB_G8JXK0PdBw_OghmWXRM-K-XOn0j8yEQ HTTP/1.1" 200 108161 "-" "Mozilla/5.0 (compatible; AwarioBot/1.0; +https://awario.com/bots.html)"
136.243.228.180 - - [14/Apr/2025:08:55:18 -0400] "GET /items/atfzr275/37516?key=classify HTTP/1.1" 500 1245 "-" "Mozilla/5.0 (compatible; DataForSeoBot/1.0; +https://dataforseo.com/dataforseo-bot)"
136.243.228.180 - - [14/Apr/2025:08:55:22 -0400] "GET /items/vyurq98/13022?key=balanced HTTP/1.1" 500 1245 "-" "Mozilla/5.0 (compatible; DataForSeoBot/1.0; +https://dataforseo.com/dataforseo-bot)"
65.21.113.206 - - [14/Apr/2025:08:55:21 -0400] "GET /search.php?m294038591?srsltid=AfmBOoiIElfVMdbyFO8Bt8_Re7dehzAit_pLCpgPA1-H-tKfuxLvUg HTTP/1.1" 200 109406 "-" "Mozilla/5.0 (compatible; AwarioBot/1.0; +https://awario.com/bots.html)"
136.243.228.180 - - [14/Apr/2025:08:55:26 -0400] "GET /items/ygvlj87/24417?key=loose HTTP/1.1" 500 1245 "-" "Mozilla/5.0 (compatible; DataForSeoBot/1.0; +https://dataforseo.com/dataforseo-bot)"
65.21.113.206 - - [14/Apr/2025:08:55:29 -0400] "GET /search.php?m294038887?srsltid=AfmBOofmwVGYUUPonY2bGL_YInDLgiuOm_d2PmtRWF-I-j8L21JCON HTTP/1.1" 200 109508 "-" "Mozilla/5.0 (compatible; AwarioBot/1.0; +https://awario.com/bots.html)"
65.21.113.206 - - [14/Apr/2025:08:55:35 -0400] "GET /search.php?m295004692?srsltid=AfmBOojRtuGOBimFDY8Nsi_MocZYb6GEV_MLE0KY5C-P-cF9ACME8P HTTP/1.1" 200 108889 "-" "Mozilla/5.0 (compatible; AwarioBot/1.0; +https://awario.com/bots.html)"
65.21.113.206 - - [14/Apr/2025:08:55:41 -0400] "GET /search.php?m295010692?srsltid=AfmBOoSJLaZBpILxKJgEa6_DpMCtdsc63_IHd06viV-Z-QvJBYa5NF HTTP/1.1" 200 109483 "-" "Mozilla/5.0 (compatible; AwarioBot/1.0; +https://awario.com/bots.html)"
65.21.113.206 - - [14/Apr/2025:08:55:45 -0400] "GET /search.php?m295040248?srsltid=AfmBOokZMKSkjYugclJ4fC_DH2MFoF00U_T7acdcgg-X-mxXxzzDCb HTTP/1.1" 200 109630 "-" "Mozilla/5.0 (compatible; AwarioBot/1.0; +https://awario.com/bots.html)"
65.21.113.206 - - [14/Apr/2025:08:55:49 -0400] "GET /search.php?m295043708?srsltid=AfmBOoMOosNMduSq5ZcVUp_8fQUuY13nM_hk726aLI-U-15Por4f1f HTTP/1.1" 200 109620 "-" "Mozilla/5.0 (compatible; AwarioBot/1.0; +https://awario.com/bots.html)"
65.21.113.206 - - [14/Apr/2025:08:55:53 -0400] "GET /search.php?m295047844?srsltid=AfmBOowyIZYgDHHYeRWTJn_5iMxhnTZtN_lnhTw84f-P-N5jvVTSoC HTTP/1.1" 200 109164 "-" "Mozilla/5.0 (compatible; AwarioBot/1.0; +https://awario.com/bots.html)"
20.171.207.13 - - [14/Apr/2025:08:55:56 -0400] "GET /items/ipdsb18/24595?key=envision HTTP/1.1" 500 1245 "-" "Mozilla/5.0 AppleWebKit/537.36 (KHTML, like Gecko; compatible; GPTBot/1.2; +https://openai.com/gptbot)"
65.21.113.206 - - [14/Apr/2025:08:55:56 -0400] "GET /search.php?m296009131?srsltid=AfmBOoJGgjJQLdMdQ7mA3D_fMmWRDHnYD_a8pYuI3W-N-hMXTxUXh5 HTTP/1.1" 200 109039 "-" "Mozilla/5.0 (compatible; AwarioBot/1.0; +https://awario.com/bots.html)"
65.21.113.206 - - [14/Apr/2025:08:56:00 -0400] "GET /search.php?m296010173?srsltid=AfmBOofLNDXyFDgRw9mQDi_nB7JD1703U_eyxL5yWG-B-yhMKAnPjj HTTP/1.1" 200 109308 "-" "Mozilla/5.0 (compatible; AwarioBot/1.0; +https://awario.com/bots.html)"
173.208.205.34 - - [14/Apr/2025:08:56:02 -0400] "GET /wp-content/edit.php?id=80613 HTTP/1.1" 200 0 "http://www.bayrampasaspor.com/wp-content/edit.php?id=80613" "Mozilla/5.0 (Windows NT 10.0; Win64; x64) AppleWebKit/537.36 (KHTML, like Gecko) Chrome/58.0.3029.110 Safari/537.3"
173.208.205.34 - - [14/Apr/2025:08:56:05 -0400] "GET /wp-content/edit.php?id=80613 HTTP/1.1" 200 26 "http://www.bayrampasaspor.com/wp-content/edit.php?id=80613" "Mozilla/5.0 (Windows NT 10.0; Win64; x64) AppleWebKit/537.36 (KHTML, like Gecko) Chrome/58.0.3029.110 Safari/537.3"
65.21.113.206 - - [14/Apr/2025:08:56:08 -0400] "GET /search.php?m296013545?srsltid=AfmBOopMZCdAlhVS7kdYjW_Rr6HqFa6Pd_y6zorm6J-X-r8GlVMtbJ HTTP/1.1" 200 110314 "-" "Mozilla/5.0 (compatible; AwarioBot/1.0; +https://awario.com/bots.html)"
2a12:6741:3b60:59e3:8338:8e98:f883:16af - - [14/Apr/2025:08:56:14 -0400] "GET /analyzing-the-casino-solution-distribution/ HTTP/1.1" 200 15459 "http://bayrampasaspor.com/analyzing-the-casino-solution-distribution/" "Mozilla/5.0 (Windows NT 10.0; Win64; x64) AppleWebKit/537.36 (KHTML, like Gecko) Chrome/130.0.0.0 Safari/537.36"
65.21.113.206 - - [14/Apr/2025:08:56:14 -0400] "GET /search.php?m296015645?srsltid=AfmBOoFfWZwLZBNiOOI5m4_XhwOxXHBR1_2p5Xm1OA-P-xtEXBVZid HTTP/1.1" 200 109536 "-" "Mozilla/5.0 (compatible; AwarioBot/1.0; +https://awario.com/bots.html)"
136.243.228.180 - - [14/Apr/2025:08:56:16 -0400] "GET /items/bywvt211/9894?key=reward HTTP/1.1" 500 1245 "-" "Mozilla/5.0 (compatible; DataForSeoBot/1.0; +https://dataforseo.com/dataforseo-bot)"
136.243.228.180 - - [14/Apr/2025:08:56:19 -0400] "GET /items/jvuaq75/14429?key=ill HTTP/1.1" 500 1245 "-" "Mozilla/5.0 (compatible; DataForSeoBot/1.0; +https://dataforseo.com/dataforseo-bot)"
65.21.113.206 - - [14/Apr/2025:08:56:20 -0400] "GET /search.php?m296016865?srsltid=AfmBOohLgpJqLkieO6JNHl_YwIbjbg2bx_7sY6YEmY-T-bmbrabKKG HTTP/1.1" 200 109687 "-" "Mozilla/5.0 (compatible; AwarioBot/1.0; +https://awario.com/bots.html)"
136.243.228.180 - - [14/Apr/2025:08:56:24 -0400] "GET /items/pmzia292/29484?key=explode HTTP/1.1" 500 1245 "-" "Mozilla/5.0 (compatible; DataForSeoBot/1.0; +https://dataforseo.com/dataforseo-bot)"
65.21.113.206 - - [14/Apr/2025:08:56:25 -0400] "GET /search.php?m296025001?srsltid=AfmBOolSICYSjTIakJQUdG_KITg9hRzmQ_uVe6i2E7-R-21Azh5j2g HTTP/1.1" 200 109379 "-" "Mozilla/5.0 (compatible; AwarioBot/1.0; +https://awario.com/bots.html)"
136.243.228.180 - - [14/Apr/2025:08:56:28 -0400] "GET /items/hnkni273/39628?key=enemy HTTP/1.1" 500 1245 "-" "Mozilla/5.0 (compatible; DataForSeoBot/1.0; +https://dataforseo.com/dataforseo-bot)"
65.21.113.206 - - [14/Apr/2025:08:56:29 -0400] "GET /search.php?m296036509?srsltid=AfmBOofwUMxbkUDm86ZhoE_m6P9xWvgYj_I1Rp9uU7-D-PzsVRhnva HTTP/1.1" 200 109227 "-" "Mozilla/5.0 (compatible; AwarioBot/1.0; +https://awario.com/bots.html)"
136.243.228.180 - - [14/Apr/2025:08:56:32 -0400] "GET /items/ofdvy185/12895?key=sigh HTTP/1.1" 500 1245 "-" "Mozilla/5.0 (compatible; DataForSeoBot/1.0; +https://dataforseo.com/dataforseo-bot)"
65.21.113.206 - - [14/Apr/2025:08:56:35 -0400] "GET /search.php?m296039353?srsltid=AfmBOoLUyMAsHXpEJGoN8l_lR0BeYWg2R_9z1rWmgN-B-IRUSsnW9T HTTP/1.1" 200 109200 "-" "Mozilla/5.0 (compatible; AwarioBot/1.0; +https://awario.com/bots.html)"
136.243.228.180 - - [14/Apr/2025:08:56:36 -0400] "GET /items/kjtom2/40353?key=signal HTTP/1.1" 500 1245 "-" "Mozilla/5.0 (compatible; DataForSeoBot/1.0; +https://dataforseo.com/dataforseo-bot)"
136.243.228.180 - - [14/Apr/2025:08:56:41 -0400] "GET /items/fmjtf225/3031?key=medium HTTP/1.1" 500 1245 "-" "Mozilla/5.0 (compatible; DataForSeoBot/1.0; +https://dataforseo.com/dataforseo-bot)"
65.21.113.206 - - [14/Apr/2025:08:56:41 -0400] "GET /search.php?m297001642?srsltid=AfmBOonHwgxTvGiu9GQt7m_XiTUKNPOE8_5a4EW3iA-G-gdZKw2eAI HTTP/1.1" 200 110597 "-" "Mozilla/5.0 (compatible; AwarioBot/1.0; +https://awario.com/bots.html)"
136.243.228.180 - - [14/Apr/2025:08:56:45 -0400] "GET /items/chnzd62/40122?key=composition HTTP/1.1" 500 1245 "-" "Mozilla/5.0 (compatible; DataForSeoBot/1.0; +https://dataforseo.com/dataforseo-bot)"
65.21.113.206 - - [14/Apr/2025:08:56:48 -0400] "GET /search.php?m297015140?srsltid=AfmBOonRflePlRENZ2nuOG_amdlQ6qpi9_cLneYEwP-K-mOzwVvG7Q HTTP/1.1" 200 108495 "-" "Mozilla/5.0 (compatible; AwarioBot/1.0; +https://awario.com/bots.html)"
136.243.228.180 - - [14/Apr/2025:08:56:49 -0400] "GET /items/nodhg111/22401?key=respond HTTP/1.1" 500 1245 "-" "Mozilla/5.0 (compatible; DataForSeoBot/1.0; +https://dataforseo.com/dataforseo-bot)"
136.243.228.180 - - [14/Apr/2025:08:56:55 -0400] "GET /items/mulop284/43081?key=courtroom HTTP/1.1" 500 1245 "-" "Mozilla/5.0 (compatible; DataForSeoBot/1.0; +https://dataforseo.com/dataforseo-bot)"
65.21.113.206 - - [14/Apr/2025:08:56:55 -0400] "GET /search.php?m297034130?srsltid=AfmBOoXlJiCFdOocxSOsx9_b0ZEgdhFob_W8yE3VOw-I-vERroUF1W HTTP/1.1" 200 110812 "-" "Mozilla/5.0 (compatible; AwarioBot/1.0; +https://awario.com/bots.html)"
136.243.228.180 - - [14/Apr/2025:08:56:59 -0400] "GET /items/hnpgp214/37886?key=record HTTP/1.1" 500 1245 "-" "Mozilla/5.0 (compatible; DataForSeoBot/1.0; +https://dataforseo.com/dataforseo-bot)"
65.21.113.206 - - [14/Apr/2025:08:57:00 -0400] "GET /search.php?m298005737?srsltid=AfmBOoADOLkRXCSWq9w2zh_taN9zpFrru_4RyI8scc-M-6oV2bbSAz HTTP/1.1" 200 110532 "-" "Mozilla/5.0 (compatible; AwarioBot/1.0; +https://awario.com/bots.html)"
20.171.207.13 - - [14/Apr/2025:08:57:03 -0400] "GET /items/qudwa51/45121?key=politics HTTP/1.1" 500 1245 "-" "Mozilla/5.0 AppleWebKit/537.36 (KHTML, like Gecko; compatible; GPTBot/1.2; +https://openai.com/gptbot)"
136.243.228.180 - - [14/Apr/2025:08:57:03 -0400] "GET /items/xnkrv53/48659?key=worker HTTP/1.1" 500 1245 "-" "Mozilla/5.0 (compatible; DataForSeoBot/1.0; +https://dataforseo.com/dataforseo-bot)"
65.21.113.206 - - [14/Apr/2025:08:57:05 -0400] "GET /search.php?m298014341?srsltid=AfmBOofqpjSWqKRBCP8p3l_uZ9h0399bC_fwtC6ww4-Z-QOJMMVp5s HTTP/1.1" 200 109561 "-" "Mozilla/5.0 (compatible; AwarioBot/1.0; +https://awario.com/bots.html)"
136.243.228.180 - - [14/Apr/2025:08:57:07 -0400] "GET /items/wlyxf51/46850?key=drift HTTP/1.1" 500 1245 "-" "Mozilla/5.0 (compatible; DataForSeoBot/1.0; +https://dataforseo.com/dataforseo-bot)"
65.21.113.206 - - [14/Apr/2025:08:57:11 -0400] "GET /search.php?m298028789?srsltid=AfmBOoUXyFKJcTNrZCckjK_RDAQUnk04x_XQjlqoNd-E-EwZ14mC7y HTTP/1.1" 200 109379 "-" "Mozilla/5.0 (compatible; AwarioBot/1.0; +https://awario.com/bots.html)"
136.243.228.180 - - [14/Apr/2025:08:57:11 -0400] "GET /items/cgmss296/16921?key=instantly HTTP/1.1" 500 1245 "-" "Mozilla/5.0 (compatible; DataForSeoBot/1.0; +https://dataforseo.com/dataforseo-bot)"
65.21.113.206 - - [14/Apr/2025:08:57:15 -0400] "GET /search.php?m298046495?srsltid=AfmBOoeVYszevVdTNTc9hY_vDPLNV5XwD_9Y13hqTo-J-DL0WMn1lH HTTP/1.1" 200 109797 "-" "Mozilla/5.0 (compatible; AwarioBot/1.0; +https://awario.com/bots.html)"
136.243.228.180 - - [14/Apr/2025:08:57:15 -0400] "GET /items/pdkrn143/13279?key=defend HTTP/1.1" 500 1245 "-" "Mozilla/5.0 (compatible; DataForSeoBot/1.0; +https://dataforseo.com/dataforseo-bot)"
136.243.228.180 - - [14/Apr/2025:08:57:20 -0400] "GET /items/zvreg240/28613?key=distinctive HTTP/1.1" 500 1245 "-" "Mozilla/5.0 (compatible; DataForSeoBot/1.0; +https://dataforseo.com/dataforseo-bot)"
65.21.113.206 - - [14/Apr/2025:08:57:20 -0400] "GET /search.php?m299003608?srsltid=AfmBOoYClRYWIxdUUsXkEV_oGM2ha6hTg_RMVlmnlH-L-1NAmNdRbC HTTP/1.1" 200 109165 "-" "Mozilla/5.0 (compatible; AwarioBot/1.0; +https://awario.com/bots.html)"
136.243.228.180 - - [14/Apr/2025:08:57:22 -0400] "GET /items/kahsn251/30291?key=circumstance HTTP/1.1" 500 1245 "-" "Mozilla/5.0 (compatible; DataForSeoBot/1.0; +https://dataforseo.com/dataforseo-bot)"
65.21.113.206 - - [14/Apr/2025:08:57:26 -0400] "GET /search.php?m299012850?srsltid=AfmBOoOjjYyyCQkZ9O3CWB_62MyO5ZfsY_gU3dsJMf-J-Y4ursmnZl HTTP/1.1" 200 109555 "-" "Mozilla/5.0 (compatible; AwarioBot/1.0; +https://awario.com/bots.html)"
136.243.228.180 - - [14/Apr/2025:08:57:27 -0400] "GET /items/tugqu46/16998?key=rural HTTP/1.1" 500 1245 "-" "Mozilla/5.0 (compatible; DataForSeoBot/1.0; +https://dataforseo.com/dataforseo-bot)"
136.243.228.180 - - [14/Apr/2025:08:57:31 -0400] "GET /items/jbrcs39/19432?key=rescue HTTP/1.1" 500 1245 "-" "Mozilla/5.0 (compatible; DataForSeoBot/1.0; +https://dataforseo.com/dataforseo-bot)"
65.21.113.206 - - [14/Apr/2025:08:57:32 -0400] "GET /search.php?m299015714?srsltid=AfmBOoFdTKXQIPKz32km7i_94fOHgQdFt_oFCxgtuk-H-QbezMhx82 HTTP/1.1" 200 109736 "-" "Mozilla/5.0 (compatible; AwarioBot/1.0; +https://awario.com/bots.html)"
136.243.228.180 - - [14/Apr/2025:08:57:35 -0400] "GET /items/hmson85/1606?key=refuse HTTP/1.1" 500 1245 "-" "Mozilla/5.0 (compatible; DataForSeoBot/1.0; +https://dataforseo.com/dataforseo-bot)"
65.21.113.206 - - [14/Apr/2025:08:57:36 -0400] "GET /search.php?m299017634?srsltid=AfmBOoUTCenjpONA9CU05i_3UF95eC1yf_9tZfVaNI-W-uH5EBrLsO HTTP/1.1" 200 109931 "-" "Mozilla/5.0 (compatible; AwarioBot/1.0; +https://awario.com/bots.html)"
136.243.228.180 - - [14/Apr/2025:08:57:39 -0400] "GET /items/ucwwb129/24760?key=anybody HTTP/1.1" 500 1245 "-" "Mozilla/5.0 (compatible; DataForSeoBot/1.0; +https://dataforseo.com/dataforseo-bot)"
65.21.113.206 - - [14/Apr/2025:08:57:41 -0400] "GET /search.php?m299031006?srsltid=AfmBOoOgCHKcGmWpwd6e7b_hOCFDUpVqi_Vk5KIqn4-K-pCIGdohMY HTTP/1.1" 200 109848 "-" "Mozilla/5.0 (compatible; AwarioBot/1.0; +https://awario.com/bots.html)"
136.243.228.180 - - [14/Apr/2025:08:57:43 -0400] "GET /items/kyxmx119/20708?key=tune HTTP/1.1" 500 1245 "-" "Mozilla/5.0 (compatible; DataForSeoBot/1.0; +https://dataforseo.com/dataforseo-bot)"
65.21.113.206 - - [14/Apr/2025:08:57:45 -0400] "GET /search.php?m299033828?srsltid=AfmBOouBluTXKkxZwH5zKd_IagpT8iyCy_gMc1vxnI-Y-9DxRZaZ3v HTTP/1.1" 200 109369 "-" "Mozilla/5.0 (compatible; AwarioBot/1.0; +https://awario.com/bots.html)"
136.243.228.180 - - [14/Apr/2025:08:57:47 -0400] "GET /items/khsco160/26799?key=yourself HTTP/1.1" 500 1245 "-" "Mozilla/5.0 (compatible; DataForSeoBot/1.0; +https://dataforseo.com/dataforseo-bot)"
65.21.113.206 - - [14/Apr/2025:08:57:50 -0400] "GET /search.php?m300000757?srsltid=AfmBOodpxdfXbAuf5gzymI_yFGihTkY5h_AwpxI7Wu-F-Ba8FU3aRj HTTP/1.1" 200 109433 "-" "Mozilla/5.0 (compatible; AwarioBot/1.0; +https://awario.com/bots.html)"
136.243.228.180 - - [14/Apr/2025:08:57:51 -0400] "GET /items/oxsrt65/10618?key=ago HTTP/1.1" 500 1245 "-" "Mozilla/5.0 (compatible; DataForSeoBot/1.0; +https://dataforseo.com/dataforseo-bot)"
136.243.228.180 - - [14/Apr/2025:08:57:55 -0400] "GET /items/pwild240/7312?key=result HTTP/1.1" 500 1245 "-" "Mozilla/5.0 (compatible; DataForSeoBot/1.0; +https://dataforseo.com/dataforseo-bot)"
65.21.113.206 - - [14/Apr/2025:08:57:54 -0400] "GET /search.php?m300005599?srsltid=AfmBOohlDzowzDipLu9Lai_DKLiBCIv6S_arZ5pmS4-M-p3Z10ob4e HTTP/1.1" 200 110179 "-" "Mozilla/5.0 (compatible; AwarioBot/1.0; +https://awario.com/bots.html)"
173.208.205.34 - - [14/Apr/2025:08:57:56 -0400] "GET /wp-content/edit.php?id=80613 HTTP/1.1" 200 0 "http://www.bayrampasaspor.com/wp-content/edit.php?id=80613" "Mozilla/5.0 (Windows NT 10.0; Win64; x64) AppleWebKit/537.36 (KHTML, like Gecko) Chrome/58.0.3029.110 Safari/537.3"
65.21.113.206 - - [14/Apr/2025:08:57:58 -0400] "GET /search.php?m300027793?srsltid=AfmBOoZWYvnOqmLNVcPwIw_CejAjaCgHE_F9Q9AKTn-H-t267k0wis HTTP/1.1" 200 109392 "-" "Mozilla/5.0 (compatible; AwarioBot/1.0; +https://awario.com/bots.html)"
136.243.228.180 - - [14/Apr/2025:08:57:59 -0400] "GET /items/zswxm163/14889?key=collection HTTP/1.1" 500 1245 "-" "Mozilla/5.0 (compatible; DataForSeoBot/1.0; +https://dataforseo.com/dataforseo-bot)"
65.21.113.206 - - [14/Apr/2025:08:58:02 -0400] "GET /search.php?m300030875?srsltid=AfmBOoLZbDOhbNMx50QQnm_RttMVsksFP_77Bvy0yk-E-x4VAVi25S HTTP/1.1" 200 108881 "-" "Mozilla/5.0 (compatible; AwarioBot/1.0; +https://awario.com/bots.html)"
136.243.228.180 - - [14/Apr/2025:08:58:03 -0400] "GET /items/ernpm285/20292?key=wrap HTTP/1.1" 500 1245 "-" "Mozilla/5.0 (compatible; DataForSeoBot/1.0; +https://dataforseo.com/dataforseo-bot)"
20.171.207.13 - - [14/Apr/2025:08:58:05 -0400] "GET /items/lkpvc59/39868?key=bacteria HTTP/1.1" 500 1245 "-" "Mozilla/5.0 AppleWebKit/537.36 (KHTML, like Gecko; compatible; GPTBot/1.2; +https://openai.com/gptbot)"
65.21.113.206 - - [14/Apr/2025:08:58:06 -0400] "GET /search.php?m300032403?srsltid=AfmBOocMJRqACCMtN1vX3G_dlv9Ts5Sqy_e9bYjcFS-F-xE7PK9qIo HTTP/1.1" 200 108654 "-" "Mozilla/5.0 (compatible; AwarioBot/1.0; +https://awario.com/bots.html)"
136.243.228.180 - - [14/Apr/2025:08:58:08 -0400] "GET /items/nfgkg263/24839?key=detect HTTP/1.1" 500 1245 "-" "Mozilla/5.0 (compatible; DataForSeoBot/1.0; +https://dataforseo.com/dataforseo-bot)"
136.243.228.180 - - [14/Apr/2025:08:58:11 -0400] "GET /items/nqaoz242/16243?key=feather HTTP/1.1" 500 1245 "-" "Mozilla/5.0 (compatible; DataForSeoBot/1.0; +https://dataforseo.com/dataforseo-bot)"
136.243.228.180 - - [14/Apr/2025:08:58:16 -0400] "GET /items/mixdl74/5080?key=young HTTP/1.1" 500 1245 "-" "Mozilla/5.0 (compatible; DataForSeoBot/1.0; +https://dataforseo.com/dataforseo-bot)"
198.54.114.83 - - [14/Apr/2025:08:58:17 -0400] "POST /wp-cron.php?doing_wp_cron=1744635496.4696791172027587890625 HTTP/1.1" 200 0 "-" "WordPress/6.7.2; https://bayrampasaspor.com"
136.243.228.180 - - [14/Apr/2025:08:58:19 -0400] "GET /items/vfypa241/13901?key=capability HTTP/1.1" 500 1245 "-" "Mozilla/5.0 (compatible; DataForSeoBot/1.0; +https://dataforseo.com/dataforseo-bot)"
136.243.228.180 - - [14/Apr/2025:08:58:22 -0400] "GET /items/abbnj229/37028?key=balloon HTTP/1.1" 500 1245 "-" "Mozilla/5.0 (compatible; DataForSeoBot/1.0; +https://dataforseo.com/dataforseo-bot)"
136.243.228.180 - - [14/Apr/2025:08:58:27 -0400] "GET /items/eabot232/12927?key=illness HTTP/1.1" 500 1245 "-" "Mozilla/5.0 (compatible; DataForSeoBot/1.0; +https://dataforseo.com/dataforseo-bot)"
136.243.228.180 - - [14/Apr/2025:08:58:31 -0400] "GET /items/xqguq285/28241?key=Mr HTTP/1.1" 500 1245 "-" "Mozilla/5.0 (compatible; DataForSeoBot/1.0; +https://dataforseo.com/dataforseo-bot)"
136.243.228.180 - - [14/Apr/2025:08:58:35 -0400] "GET /items/byfvf60/32796?key=window HTTP/1.1" 500 1245 "-" "Mozilla/5.0 (compatible; DataForSeoBot/1.0; +https://dataforseo.com/dataforseo-bot)"
136.243.228.180 - - [14/Apr/2025:08:58:38 -0400] "GET /items/hblow27/18917?key=balance HTTP/1.1" 500 1245 "-" "Mozilla/5.0 (compatible; DataForSeoBot/1.0; +https://dataforseo.com/dataforseo-bot)"
136.243.228.180 - - [14/Apr/2025:08:58:42 -0400] "GET /items/orocc130/47604?key=extra HTTP/1.1" 500 1245 "-" "Mozilla/5.0 (compatible; DataForSeoBot/1.0; +https://dataforseo.com/dataforseo-bot)"
136.243.228.180 - - [14/Apr/2025:08:58:46 -0400] "GET /items/xbrgb71/2109?key=holy HTTP/1.1" 500 1245 "-" "Mozilla/5.0 (compatible; DataForSeoBot/1.0; +https://dataforseo.com/dataforseo-bot)"
136.243.228.180 - - [14/Apr/2025:08:58:51 -0400] "GET /items/bgwfy54/17745?key=coordinate HTTP/1.1" 500 1245 "-" "Mozilla/5.0 (compatible; DataForSeoBot/1.0; +https://dataforseo.com/dataforseo-bot)"
136.243.228.180 - - [14/Apr/2025:08:58:55 -0400] "GET /items/mdllg119/41639?key=spite HTTP/1.1" 500 1245 "-" "Mozilla/5.0 (compatible; DataForSeoBot/1.0; +https://dataforseo.com/dataforseo-bot)"
136.243.228.180 - - [14/Apr/2025:08:58:58 -0400] "GET /items/ajfcj278/34997?key=via HTTP/1.1" 500 1245 "-" "Mozilla/5.0 (compatible; DataForSeoBot/1.0; +https://dataforseo.com/dataforseo-bot)"
136.243.228.180 - - [14/Apr/2025:08:59:04 -0400] "GET /items/vgwvp1/19238?key=management HTTP/1.1" 500 1245 "-" "Mozilla/5.0 (compatible; DataForSeoBot/1.0; +https://dataforseo.com/dataforseo-bot)"
136.243.228.180 - - [14/Apr/2025:08:59:08 -0400] "GET /items/qewwp279/8944?key=use HTTP/1.1" 500 1245 "-" "Mozilla/5.0 (compatible; DataForSeoBot/1.0; +https://dataforseo.com/dataforseo-bot)"
136.243.228.180 - - [14/Apr/2025:08:59:11 -0400] "GET /items/jhuoj201/25415?key=oh HTTP/1.1" 500 1245 "-" "Mozilla/5.0 (compatible; DataForSeoBot/1.0; +https://dataforseo.com/dataforseo-bot)"
136.243.228.180 - - [14/Apr/2025:08:59:15 -0400] "GET /items/hrkvf141/8330?key=introduction HTTP/1.1" 500 1245 "-" "Mozilla/5.0 (compatible; DataForSeoBot/1.0; +https://dataforseo.com/dataforseo-bot)"
136.243.228.180 - - [14/Apr/2025:08:59:20 -0400] "GET /items/slsdz198/10906?key=theoretical HTTP/1.1" 500 1245 "-" "Mozilla/5.0 (compatible; DataForSeoBot/1.0; +https://dataforseo.com/dataforseo-bot)"
136.243.228.180 - - [14/Apr/2025:08:59:24 -0400] "GET /items/lvoug48/46076?key=addition HTTP/1.1" 500 1245 "-" "Mozilla/5.0 (compatible; DataForSeoBot/1.0; +https://dataforseo.com/dataforseo-bot)"
136.243.228.180 - - [14/Apr/2025:08:59:28 -0400] "GET /items/zajfa14/15898?key=lightly HTTP/1.1" 500 1245 "-" "Mozilla/5.0 (compatible; DataForSeoBot/1.0; +https://dataforseo.com/dataforseo-bot)"
136.243.228.180 - - [14/Apr/2025:08:59:32 -0400] "GET /items/flgzn124/47792?key=scale HTTP/1.1" 500 1245 "-" "Mozilla/5.0 (compatible; DataForSeoBot/1.0; +https://dataforseo.com/dataforseo-bot)"
136.243.228.180 - - [14/Apr/2025:08:59:37 -0400] "GET /items/vmvhr199/33049?key=flying HTTP/1.1" 500 1245 "-" "Mozilla/5.0 (compatible; DataForSeoBot/1.0; +https://dataforseo.com/dataforseo-bot)"
136.243.228.180 - - [14/Apr/2025:08:59:41 -0400] "GET /items/qlvsd144/42842?key=behave HTTP/1.1" 500 1245 "-" "Mozilla/5.0 (compatible; DataForSeoBot/1.0; +https://dataforseo.com/dataforseo-bot)"
173.208.205.34 - - [14/Apr/2025:08:59:41 -0400] "GET /wp-content/edit.php?id=80613 HTTP/1.1" 200 0 "http://www.bayrampasaspor.com/wp-content/edit.php?id=80613" "Mozilla/5.0 (Windows NT 10.0; Win64; x64) AppleWebKit/537.36 (KHTML, like Gecko) Chrome/58.0.3029.110 Safari/537.3"
