136.243.228.180 - - [14/Apr/2025:10:50:58 -0400] "GET /items/jvncn149/1721?key=diary HTTP/1.1" 500 1245 "-" "Mozilla/5.0 (compatible; DataForSeoBot/1.0; +https://dataforseo.com/dataforseo-bot)"
136.243.228.180 - - [14/Apr/2025:10:51:00 -0400] "GET /items/vuxwb285/991?key=engine HTTP/1.1" 500 1245 "-" "Mozilla/5.0 (compatible; DataForSeoBot/1.0; +https://dataforseo.com/dataforseo-bot)"
136.243.228.180 - - [14/Apr/2025:10:51:04 -0400] "GET /items/blohy51/15270?key=carbon HTTP/1.1" 500 1245 "-" "Mozilla/5.0 (compatible; DataForSeoBot/1.0; +https://dataforseo.com/dataforseo-bot)"
198.54.114.83 - - [14/Apr/2025:10:51:09 -0400] "POST /wp-cron.php?doing_wp_cron=1744642268.8428850173950195312500 HTTP/1.1" 403 1242 "-" "WordPress/6.7.2; https://bayrampasaspor.com"
136.243.228.180 - - [14/Apr/2025:10:51:08 -0400] "GET /items/eobkz22/17081?key=boy HTTP/1.1" 500 1245 "-" "Mozilla/5.0 (compatible; DataForSeoBot/1.0; +https://dataforseo.com/dataforseo-bot)"
136.243.228.180 - - [14/Apr/2025:10:51:12 -0400] "GET /items/bbhxf43/37531?key=consequence HTTP/1.1" 500 1245 "-" "Mozilla/5.0 (compatible; DataForSeoBot/1.0; +https://dataforseo.com/dataforseo-bot)"
20.171.207.13 - - [14/Apr/2025:10:51:15 -0400] "GET /sitemap183.xml HTTP/1.1" 200 50777 "-" "Mozilla/5.0 AppleWebKit/537.36 (KHTML, like Gecko; compatible; GPTBot/1.2; +https://openai.com/gptbot)"
136.243.228.180 - - [14/Apr/2025:10:51:16 -0400] "GET /items/guqpw299/29174?key=married HTTP/1.1" 500 1245 "-" "Mozilla/5.0 (compatible; DataForSeoBot/1.0; +https://dataforseo.com/dataforseo-bot)"
136.243.228.180 - - [14/Apr/2025:10:51:20 -0400] "GET /items/hqwrn185/40642?key=development HTTP/1.1" 500 1245 "-" "Mozilla/5.0 (compatible; DataForSeoBot/1.0; +https://dataforseo.com/dataforseo-bot)"
136.243.228.180 - - [14/Apr/2025:10:51:25 -0400] "GET /items/dwqfg81/4923?key=hypothesis HTTP/1.1" 500 1245 "-" "Mozilla/5.0 (compatible; DataForSeoBot/1.0; +https://dataforseo.com/dataforseo-bot)"
136.243.228.180 - - [14/Apr/2025:10:51:28 -0400] "GET /items/logvv196/41460?key=penalty HTTP/1.1" 500 1245 "-" "Mozilla/5.0 (compatible; DataForSeoBot/1.0; +https://dataforseo.com/dataforseo-bot)"
136.243.228.180 - - [14/Apr/2025:10:51:33 -0400] "GET /items/bafyp140/15094?key=withdrawal HTTP/1.1" 500 1245 "-" "Mozilla/5.0 (compatible; DataForSeoBot/1.0; +https://dataforseo.com/dataforseo-bot)"
136.243.228.180 - - [14/Apr/2025:10:51:36 -0400] "GET /items/bvcmo57/35328?key=battle HTTP/1.1" 500 1245 "-" "Mozilla/5.0 (compatible; DataForSeoBot/1.0; +https://dataforseo.com/dataforseo-bot)"
136.243.228.180 - - [14/Apr/2025:10:51:41 -0400] "GET /items/fdlvt31/494?key=administration HTTP/1.1" 500 1245 "-" "Mozilla/5.0 (compatible; DataForSeoBot/1.0; +https://dataforseo.com/dataforseo-bot)"
20.171.207.13 - - [14/Apr/2025:10:52:13 -0400] "GET /sitemap454.xml HTTP/1.1" 200 50666 "-" "Mozilla/5.0 AppleWebKit/537.36 (KHTML, like Gecko; compatible; GPTBot/1.2; +https://openai.com/gptbot)"
136.243.228.180 - - [14/Apr/2025:10:52:32 -0400] "GET /items/btdrq232/6321?key=thrive HTTP/1.1" 500 1245 "-" "Mozilla/5.0 (compatible; DataForSeoBot/1.0; +https://dataforseo.com/dataforseo-bot)"
136.243.228.180 - - [14/Apr/2025:10:52:35 -0400] "GET /items/zxgjv45/49759?key=deficit HTTP/1.1" 500 1245 "-" "Mozilla/5.0 (compatible; DataForSeoBot/1.0; +https://dataforseo.com/dataforseo-bot)"
136.243.228.180 - - [14/Apr/2025:10:52:39 -0400] "GET /items/lnkks252/4027?key=accurate HTTP/1.1" 500 1245 "-" "Mozilla/5.0 (compatible; DataForSeoBot/1.0; +https://dataforseo.com/dataforseo-bot)"
136.243.228.180 - - [14/Apr/2025:10:52:44 -0400] "GET /items/uehaq231/21771?key=adequate HTTP/1.1" 500 1245 "-" "Mozilla/5.0 (compatible; DataForSeoBot/1.0; +https://dataforseo.com/dataforseo-bot)"
136.243.228.180 - - [14/Apr/2025:10:52:48 -0400] "GET /items/zxljp149/31439?key=quietly HTTP/1.1" 500 1245 "-" "Mozilla/5.0 (compatible; DataForSeoBot/1.0; +https://dataforseo.com/dataforseo-bot)"
136.243.228.180 - - [14/Apr/2025:10:52:51 -0400] "GET /items/gyhdv81/14340?key=entrepreneur HTTP/1.1" 500 1245 "-" "Mozilla/5.0 (compatible; DataForSeoBot/1.0; +https://dataforseo.com/dataforseo-bot)"
136.243.228.180 - - [14/Apr/2025:10:52:56 -0400] "GET /items/fitej90/11546?key=unhappy HTTP/1.1" 500 1245 "-" "Mozilla/5.0 (compatible; DataForSeoBot/1.0; +https://dataforseo.com/dataforseo-bot)"
136.243.228.180 - - [14/Apr/2025:10:52:59 -0400] "GET /items/dnuya216/25940?key=career HTTP/1.1" 500 1245 "-" "Mozilla/5.0 (compatible; DataForSeoBot/1.0; +https://dataforseo.com/dataforseo-bot)"
136.243.228.180 - - [14/Apr/2025:10:53:04 -0400] "GET /items/wskbm242/28453?key=manual HTTP/1.1" 500 1245 "-" "Mozilla/5.0 (compatible; DataForSeoBot/1.0; +https://dataforseo.com/dataforseo-bot)"
136.243.228.180 - - [14/Apr/2025:10:53:07 -0400] "GET /items/wgasi63/33814?key=opera HTTP/1.1" 500 1245 "-" "Mozilla/5.0 (compatible; DataForSeoBot/1.0; +https://dataforseo.com/dataforseo-bot)"
20.171.207.13 - - [14/Apr/2025:10:53:07 -0400] "GET /sitemap377.xml HTTP/1.1" 200 50449 "-" "Mozilla/5.0 AppleWebKit/537.36 (KHTML, like Gecko; compatible; GPTBot/1.2; +https://openai.com/gptbot)"
198.54.114.83 - - [14/Apr/2025:10:53:12 -0400] "POST /wp-cron.php?doing_wp_cron=1744642392.0148921012878417968750 HTTP/1.1" 403 1242 "-" "WordPress/6.7.2; https://bayrampasaspor.com"
136.243.228.180 - - [14/Apr/2025:10:53:11 -0400] "GET /items/zdipp123/30827?key=portion HTTP/1.1" 500 1245 "-" "Mozilla/5.0 (compatible; DataForSeoBot/1.0; +https://dataforseo.com/dataforseo-bot)"
136.243.228.180 - - [14/Apr/2025:10:53:16 -0400] "GET /items/xoxua250/46610?key=freeze HTTP/1.1" 500 1245 "-" "Mozilla/5.0 (compatible; DataForSeoBot/1.0; +https://dataforseo.com/dataforseo-bot)"
136.243.228.180 - - [14/Apr/2025:10:53:19 -0400] "GET /items/cflzt71/15318?key=achievement HTTP/1.1" 500 1245 "-" "Mozilla/5.0 (compatible; DataForSeoBot/1.0; +https://dataforseo.com/dataforseo-bot)"
136.243.228.180 - - [14/Apr/2025:10:53:23 -0400] "GET /items/koeuh46/8419?key=powerful HTTP/1.1" 500 1245 "-" "Mozilla/5.0 (compatible; DataForSeoBot/1.0; +https://dataforseo.com/dataforseo-bot)"
136.243.228.180 - - [14/Apr/2025:10:53:27 -0400] "GET /items/mrerk145/46047?key=fluid HTTP/1.1" 500 1245 "-" "Mozilla/5.0 (compatible; DataForSeoBot/1.0; +https://dataforseo.com/dataforseo-bot)"
136.243.228.180 - - [14/Apr/2025:10:53:32 -0400] "GET /items/xcsjn65/28802?key=cemetery HTTP/1.1" 500 1245 "-" "Mozilla/5.0 (compatible; DataForSeoBot/1.0; +https://dataforseo.com/dataforseo-bot)"
136.243.228.180 - - [14/Apr/2025:10:53:35 -0400] "GET /items/bifrg297/46382?key=sheet HTTP/1.1" 500 1245 "-" "Mozilla/5.0 (compatible; DataForSeoBot/1.0; +https://dataforseo.com/dataforseo-bot)"
136.243.228.180 - - [14/Apr/2025:10:53:39 -0400] "GET /items/eynra245/21524?key=marine HTTP/1.1" 500 1245 "-" "Mozilla/5.0 (compatible; DataForSeoBot/1.0; +https://dataforseo.com/dataforseo-bot)"
136.243.228.180 - - [14/Apr/2025:10:53:43 -0400] "GET /items/sljdk76/4824?key=copy HTTP/1.1" 500 1245 "-" "Mozilla/5.0 (compatible; DataForSeoBot/1.0; +https://dataforseo.com/dataforseo-bot)"
136.243.228.180 - - [14/Apr/2025:10:53:48 -0400] "GET /items/ktcxp92/5354?key=predict HTTP/1.1" 500 1245 "-" "Mozilla/5.0 (compatible; DataForSeoBot/1.0; +https://dataforseo.com/dataforseo-bot)"
136.243.228.180 - - [14/Apr/2025:10:53:51 -0400] "GET /items/lisgq195/74?key=scary HTTP/1.1" 500 1245 "-" "Mozilla/5.0 (compatible; DataForSeoBot/1.0; +https://dataforseo.com/dataforseo-bot)"
20.171.207.13 - - [14/Apr/2025:10:53:53 -0400] "GET /sitemap989.xml HTTP/1.1" 200 50512 "-" "Mozilla/5.0 AppleWebKit/537.36 (KHTML, like Gecko; compatible; GPTBot/1.2; +https://openai.com/gptbot)"
136.243.228.180 - - [14/Apr/2025:10:53:56 -0400] "GET /items/lwbfy10/30355?key=fragile HTTP/1.1" 500 1245 "-" "Mozilla/5.0 (compatible; DataForSeoBot/1.0; +https://dataforseo.com/dataforseo-bot)"
136.243.228.180 - - [14/Apr/2025:10:53:59 -0400] "GET /items/vqvts216/21319?key=dough HTTP/1.1" 500 1245 "-" "Mozilla/5.0 (compatible; DataForSeoBot/1.0; +https://dataforseo.com/dataforseo-bot)"
136.243.228.180 - - [14/Apr/2025:10:54:03 -0400] "GET /items/bjdmt83/18539?key=response HTTP/1.1" 500 1245 "-" "Mozilla/5.0 (compatible; DataForSeoBot/1.0; +https://dataforseo.com/dataforseo-bot)"
136.243.228.180 - - [14/Apr/2025:10:54:08 -0400] "GET /items/zeuqe174/42089?key=alongside HTTP/1.1" 500 1245 "-" "Mozilla/5.0 (compatible; DataForSeoBot/1.0; +https://dataforseo.com/dataforseo-bot)"
198.54.114.83 - - [14/Apr/2025:10:54:12 -0400] "POST /wp-cron.php?doing_wp_cron=1744642452.2903890609741210937500 HTTP/1.1" 403 1242 "-" "WordPress/6.7.2; https://bayrampasaspor.com"
136.243.228.180 - - [14/Apr/2025:10:54:12 -0400] "GET /items/cqjaj44/41630?key=population HTTP/1.1" 500 1245 "-" "Mozilla/5.0 (compatible; DataForSeoBot/1.0; +https://dataforseo.com/dataforseo-bot)"
136.243.228.180 - - [14/Apr/2025:10:54:16 -0400] "GET /items/srjyx241/6934?key=pot HTTP/1.1" 500 1245 "-" "Mozilla/5.0 (compatible; DataForSeoBot/1.0; +https://dataforseo.com/dataforseo-bot)"
136.243.228.180 - - [14/Apr/2025:10:54:19 -0400] "GET /items/lptpx270/33410?key=themselves HTTP/1.1" 500 1245 "-" "Mozilla/5.0 (compatible; DataForSeoBot/1.0; +https://dataforseo.com/dataforseo-bot)"
136.243.228.180 - - [14/Apr/2025:10:54:23 -0400] "GET /items/nzixn62/27931?key=cartoon HTTP/1.1" 500 1245 "-" "Mozilla/5.0 (compatible; DataForSeoBot/1.0; +https://dataforseo.com/dataforseo-bot)"
136.243.228.180 - - [14/Apr/2025:10:54:27 -0400] "GET /items/trsmv201/44185?key=client HTTP/1.1" 500 1245 "-" "Mozilla/5.0 (compatible; DataForSeoBot/1.0; +https://dataforseo.com/dataforseo-bot)"
136.243.228.180 - - [14/Apr/2025:10:54:31 -0400] "GET /items/gckol54/18843?key=separate HTTP/1.1" 500 1245 "-" "Mozilla/5.0 (compatible; DataForSeoBot/1.0; +https://dataforseo.com/dataforseo-bot)"
136.243.228.180 - - [14/Apr/2025:10:54:36 -0400] "GET /items/hrcwv205/22803?key=bean HTTP/1.1" 500 1245 "-" "Mozilla/5.0 (compatible; DataForSeoBot/1.0; +https://dataforseo.com/dataforseo-bot)"
20.171.207.13 - - [14/Apr/2025:10:54:37 -0400] "GET /sitemap241.xml HTTP/1.1" 200 50697 "-" "Mozilla/5.0 AppleWebKit/537.36 (KHTML, like Gecko; compatible; GPTBot/1.2; +https://openai.com/gptbot)"
136.243.228.180 - - [14/Apr/2025:10:54:39 -0400] "GET /items/yrych28/40443?key=storage HTTP/1.1" 500 1245 "-" "Mozilla/5.0 (compatible; DataForSeoBot/1.0; +https://dataforseo.com/dataforseo-bot)"
136.243.228.180 - - [14/Apr/2025:10:54:43 -0400] "GET /items/klkee84/31288?key=phase HTTP/1.1" 500 1245 "-" "Mozilla/5.0 (compatible; DataForSeoBot/1.0; +https://dataforseo.com/dataforseo-bot)"
136.243.228.180 - - [14/Apr/2025:10:54:47 -0400] "GET /items/lxezc182/32716?key=rice HTTP/1.1" 500 1245 "-" "Mozilla/5.0 (compatible; DataForSeoBot/1.0; +https://dataforseo.com/dataforseo-bot)"
136.243.228.180 - - [14/Apr/2025:10:54:51 -0400] "GET /items/qejue58/44738?key=indicator HTTP/1.1" 500 1245 "-" "Mozilla/5.0 (compatible; DataForSeoBot/1.0; +https://dataforseo.com/dataforseo-bot)"
136.243.228.180 - - [14/Apr/2025:10:54:55 -0400] "GET /items/sjhud262/27444?key=click HTTP/1.1" 500 1245 "-" "Mozilla/5.0 (compatible; DataForSeoBot/1.0; +https://dataforseo.com/dataforseo-bot)"
136.243.228.180 - - [14/Apr/2025:10:54:59 -0400] "GET /items/aonck229/22627?key=orbit HTTP/1.1" 500 1245 "-" "Mozilla/5.0 (compatible; DataForSeoBot/1.0; +https://dataforseo.com/dataforseo-bot)"
136.243.228.180 - - [14/Apr/2025:10:55:03 -0400] "GET /items/ztaki70/34195?key=rely HTTP/1.1" 500 1245 "-" "Mozilla/5.0 (compatible; DataForSeoBot/1.0; +https://dataforseo.com/dataforseo-bot)"
136.243.228.180 - - [14/Apr/2025:10:55:07 -0400] "GET /items/wrwcy108/32734?key=up HTTP/1.1" 500 1245 "-" "Mozilla/5.0 (compatible; DataForSeoBot/1.0; +https://dataforseo.com/dataforseo-bot)"
136.243.228.180 - - [14/Apr/2025:10:55:11 -0400] "GET /items/fgmoh294/33958?key=classify HTTP/1.1" 500 1245 "-" "Mozilla/5.0 (compatible; DataForSeoBot/1.0; +https://dataforseo.com/dataforseo-bot)"
198.54.114.83 - - [14/Apr/2025:10:55:15 -0400] "POST /wp-cron.php?doing_wp_cron=1744642515.5619089603424072265625 HTTP/1.1" 403 1242 "-" "WordPress/6.7.2; https://bayrampasaspor.com"
136.243.228.180 - - [14/Apr/2025:10:55:15 -0400] "GET /items/tpncz119/20877?key=black HTTP/1.1" 500 1245 "-" "Mozilla/5.0 (compatible; DataForSeoBot/1.0; +https://dataforseo.com/dataforseo-bot)"
20.171.207.13 - - [14/Apr/2025:10:55:15 -0400] "GET /sitemap195.xml HTTP/1.1" 200 50693 "-" "Mozilla/5.0 AppleWebKit/537.36 (KHTML, like Gecko; compatible; GPTBot/1.2; +https://openai.com/gptbot)"
136.243.228.180 - - [14/Apr/2025:10:55:20 -0400] "GET /items/omorb124/41928?key=cow HTTP/1.1" 500 1245 "-" "Mozilla/5.0 (compatible; DataForSeoBot/1.0; +https://dataforseo.com/dataforseo-bot)"
136.243.228.180 - - [14/Apr/2025:10:55:23 -0400] "GET /items/zlayq59/40027?key=metaphor HTTP/1.1" 500 1245 "-" "Mozilla/5.0 (compatible; DataForSeoBot/1.0; +https://dataforseo.com/dataforseo-bot)"
136.243.228.180 - - [14/Apr/2025:10:55:27 -0400] "GET /items/rpgwh114/24782?key=ride HTTP/1.1" 500 1245 "-" "Mozilla/5.0 (compatible; DataForSeoBot/1.0; +https://dataforseo.com/dataforseo-bot)"
136.243.228.180 - - [14/Apr/2025:10:55:31 -0400] "GET /items/mzjqx211/11964?key=proportion HTTP/1.1" 500 1245 "-" "Mozilla/5.0 (compatible; DataForSeoBot/1.0; +https://dataforseo.com/dataforseo-bot)"
136.243.228.180 - - [14/Apr/2025:10:55:35 -0400] "GET /items/iuyid282/14298?key=spill HTTP/1.1" 500 1245 "-" "Mozilla/5.0 (compatible; DataForSeoBot/1.0; +https://dataforseo.com/dataforseo-bot)"
136.243.228.180 - - [14/Apr/2025:10:55:39 -0400] "GET /items/xeiig227/5058?key=photographer HTTP/1.1" 500 1245 "-" "Mozilla/5.0 (compatible; DataForSeoBot/1.0; +https://dataforseo.com/dataforseo-bot)"
136.243.228.180 - - [14/Apr/2025:10:55:43 -0400] "GET /items/skrzv258/44891?key=loyalty HTTP/1.1" 500 1245 "-" "Mozilla/5.0 (compatible; DataForSeoBot/1.0; +https://dataforseo.com/dataforseo-bot)"
136.243.228.180 - - [14/Apr/2025:10:55:48 -0400] "GET /items/mamxt142/21990?key=shut HTTP/1.1" 500 1245 "-" "Mozilla/5.0 (compatible; DataForSeoBot/1.0; +https://dataforseo.com/dataforseo-bot)"
20.171.207.13 - - [14/Apr/2025:10:55:48 -0400] "GET /sitemap180.xml HTTP/1.1" 200 50419 "-" "Mozilla/5.0 AppleWebKit/537.36 (KHTML, like Gecko; compatible; GPTBot/1.2; +https://openai.com/gptbot)"
136.243.228.180 - - [14/Apr/2025:10:55:52 -0400] "GET /items/dzjgd41/29648?key=balance HTTP/1.1" 500 1245 "-" "Mozilla/5.0 (compatible; DataForSeoBot/1.0; +https://dataforseo.com/dataforseo-bot)"
136.243.228.180 - - [14/Apr/2025:10:55:56 -0400] "GET /items/hizen91/18299?key=confidence HTTP/1.1" 500 1245 "-" "Mozilla/5.0 (compatible; DataForSeoBot/1.0; +https://dataforseo.com/dataforseo-bot)"
136.243.228.180 - - [14/Apr/2025:10:55:59 -0400] "GET /items/ztvzl163/24930?key=ok HTTP/1.1" 500 1245 "-" "Mozilla/5.0 (compatible; DataForSeoBot/1.0; +https://dataforseo.com/dataforseo-bot)"
136.243.228.180 - - [14/Apr/2025:10:56:04 -0400] "GET /items/yqjhv95/48128?key=standing HTTP/1.1" 500 1245 "-" "Mozilla/5.0 (compatible; DataForSeoBot/1.0; +https://dataforseo.com/dataforseo-bot)"
136.243.228.180 - - [14/Apr/2025:10:56:08 -0400] "GET /items/uopar180/48463?key=digital HTTP/1.1" 500 1245 "-" "Mozilla/5.0 (compatible; DataForSeoBot/1.0; +https://dataforseo.com/dataforseo-bot)"
136.243.228.180 - - [14/Apr/2025:10:56:11 -0400] "GET /items/ryxxo253/47892?key=frame HTTP/1.1" 500 1245 "-" "Mozilla/5.0 (compatible; DataForSeoBot/1.0; +https://dataforseo.com/dataforseo-bot)"
136.243.228.180 - - [14/Apr/2025:10:56:16 -0400] "GET /items/mnpzm189/34915?key=robot HTTP/1.1" 500 1245 "-" "Mozilla/5.0 (compatible; DataForSeoBot/1.0; +https://dataforseo.com/dataforseo-bot)"
136.243.228.180 - - [14/Apr/2025:10:56:20 -0400] "GET /items/hhrme224/44368?key=afterward HTTP/1.1" 500 1245 "-" "Mozilla/5.0 (compatible; DataForSeoBot/1.0; +https://dataforseo.com/dataforseo-bot)"
20.171.207.13 - - [14/Apr/2025:10:56:20 -0400] "GET /sitemap920.xml HTTP/1.1" 200 50451 "-" "Mozilla/5.0 AppleWebKit/537.36 (KHTML, like Gecko; compatible; GPTBot/1.2; +https://openai.com/gptbot)"
136.243.228.180 - - [14/Apr/2025:10:56:23 -0400] "GET /items/tifgf85/8237?key=lightning HTTP/1.1" 500 1245 "-" "Mozilla/5.0 (compatible; DataForSeoBot/1.0; +https://dataforseo.com/dataforseo-bot)"
136.243.228.180 - - [14/Apr/2025:10:56:27 -0400] "GET /items/tpjhs72/48606?key=forget HTTP/1.1" 500 1245 "-" "Mozilla/5.0 (compatible; DataForSeoBot/1.0; +https://dataforseo.com/dataforseo-bot)"
136.243.228.180 - - [14/Apr/2025:10:56:31 -0400] "GET /items/gbhum181/14749?key=logic HTTP/1.1" 500 1245 "-" "Mozilla/5.0 (compatible; DataForSeoBot/1.0; +https://dataforseo.com/dataforseo-bot)"
136.243.228.180 - - [14/Apr/2025:10:56:35 -0400] "GET /items/zqeuj239/21768?key=respect HTTP/1.1" 500 1245 "-" "Mozilla/5.0 (compatible; DataForSeoBot/1.0; +https://dataforseo.com/dataforseo-bot)"
136.243.228.180 - - [14/Apr/2025:10:56:40 -0400] "GET /items/vsent228/45259?key=guest HTTP/1.1" 500 1245 "-" "Mozilla/5.0 (compatible; DataForSeoBot/1.0; +https://dataforseo.com/dataforseo-bot)"
136.243.228.180 - - [14/Apr/2025:10:56:43 -0400] "GET /items/wqbxw69/39778?key=patent HTTP/1.1" 500 1245 "-" "Mozilla/5.0 (compatible; DataForSeoBot/1.0; +https://dataforseo.com/dataforseo-bot)"
136.243.228.180 - - [14/Apr/2025:10:56:47 -0400] "GET /items/hbrzp52/12145?key=raise HTTP/1.1" 500 1245 "-" "Mozilla/5.0 (compatible; DataForSeoBot/1.0; +https://dataforseo.com/dataforseo-bot)"
20.171.207.13 - - [14/Apr/2025:10:56:47 -0400] "GET /sitemap464.xml HTTP/1.1" 200 50368 "-" "Mozilla/5.0 AppleWebKit/537.36 (KHTML, like Gecko; compatible; GPTBot/1.2; +https://openai.com/gptbot)"
136.243.228.180 - - [14/Apr/2025:10:56:51 -0400] "GET /items/akoqx295/41809?key=accomplish HTTP/1.1" 500 1245 "-" "Mozilla/5.0 (compatible; DataForSeoBot/1.0; +https://dataforseo.com/dataforseo-bot)"
136.243.228.180 - - [14/Apr/2025:10:56:55 -0400] "GET /items/vqvts149/21386?key=stair HTTP/1.1" 500 1245 "-" "Mozilla/5.0 (compatible; DataForSeoBot/1.0; +https://dataforseo.com/dataforseo-bot)"
136.243.228.180 - - [14/Apr/2025:10:56:59 -0400] "GET /items/zswbo34/27700?key=biological HTTP/1.1" 500 1245 "-" "Mozilla/5.0 (compatible; DataForSeoBot/1.0; +https://dataforseo.com/dataforseo-bot)"
136.243.228.180 - - [14/Apr/2025:10:57:03 -0400] "GET /items/ccnrv188/15737?key=charity HTTP/1.1" 500 1245 "-" "Mozilla/5.0 (compatible; DataForSeoBot/1.0; +https://dataforseo.com/dataforseo-bot)"
2a11:5786:c53b:a263:3b4f:a5d1:c067:d4c4 - - [14/Apr/2025:10:57:05 -0400] "GET /analyzing-the-casino-solution-distribution/ HTTP/1.1" 200 15524 "http://bayrampasaspor.com/analyzing-the-casino-solution-distribution/" "Mozilla/5.0 (Windows NT 10.0; Win64; x64) AppleWebKit/537.36 (KHTML, like Gecko) Chrome/131.0.0.0 Safari/537.36"
136.243.228.180 - - [14/Apr/2025:10:57:07 -0400] "GET /items/tkxlr102/48179?key=partnership HTTP/1.1" 500 1245 "-" "Mozilla/5.0 (compatible; DataForSeoBot/1.0; +https://dataforseo.com/dataforseo-bot)"
136.243.228.180 - - [14/Apr/2025:10:57:12 -0400] "GET /items/skble215/22288?key=contemplate HTTP/1.1" 500 1245 "-" "Mozilla/5.0 (compatible; DataForSeoBot/1.0; +https://dataforseo.com/dataforseo-bot)"
20.171.207.13 - - [14/Apr/2025:10:57:11 -0400] "GET /sitemap514.xml HTTP/1.1" 200 50449 "-" "Mozilla/5.0 AppleWebKit/537.36 (KHTML, like Gecko; compatible; GPTBot/1.2; +https://openai.com/gptbot)"
136.243.228.180 - - [14/Apr/2025:10:57:15 -0400] "GET /items/zqcss49/19080?key=whisper HTTP/1.1" 500 1245 "-" "Mozilla/5.0 (compatible; DataForSeoBot/1.0; +https://dataforseo.com/dataforseo-bot)"
136.243.228.180 - - [14/Apr/2025:10:57:20 -0400] "GET /items/txtez72/7757?key=enforce HTTP/1.1" 500 1245 "-" "Mozilla/5.0 (compatible; DataForSeoBot/1.0; +https://dataforseo.com/dataforseo-bot)"
136.243.228.180 - - [14/Apr/2025:10:57:24 -0400] "GET /items/gpmqh85/22137?key=liberal HTTP/1.1" 500 1245 "-" "Mozilla/5.0 (compatible; DataForSeoBot/1.0; +https://dataforseo.com/dataforseo-bot)"
136.243.228.180 - - [14/Apr/2025:10:57:28 -0400] "GET /items/kuvvu250/18604?key=apart HTTP/1.1" 500 1245 "-" "Mozilla/5.0 (compatible; DataForSeoBot/1.0; +https://dataforseo.com/dataforseo-bot)"
136.243.228.180 - - [14/Apr/2025:10:57:32 -0400] "GET /items/niara73/41970?key=several HTTP/1.1" 500 1245 "-" "Mozilla/5.0 (compatible; DataForSeoBot/1.0; +https://dataforseo.com/dataforseo-bot)"
136.243.228.180 - - [14/Apr/2025:10:57:35 -0400] "GET /items/tpgud37/43560?key=resume HTTP/1.1" 500 1245 "-" "Mozilla/5.0 (compatible; DataForSeoBot/1.0; +https://dataforseo.com/dataforseo-bot)"
20.171.207.13 - - [14/Apr/2025:10:57:35 -0400] "GET /sitemap573.xml HTTP/1.1" 200 50497 "-" "Mozilla/5.0 AppleWebKit/537.36 (KHTML, like Gecko; compatible; GPTBot/1.2; +https://openai.com/gptbot)"
136.243.228.180 - - [14/Apr/2025:10:57:39 -0400] "GET /items/rlypq208/9348?key=electrical HTTP/1.1" 500 1245 "-" "Mozilla/5.0 (compatible; DataForSeoBot/1.0; +https://dataforseo.com/dataforseo-bot)"
136.243.228.180 - - [14/Apr/2025:10:57:43 -0400] "GET /items/mkhct109/35703?key=version HTTP/1.1" 500 1245 "-" "Mozilla/5.0 (compatible; DataForSeoBot/1.0; +https://dataforseo.com/dataforseo-bot)"
136.243.228.180 - - [14/Apr/2025:10:57:47 -0400] "GET /items/vxtgz56/49416?key=what HTTP/1.1" 500 1245 "-" "Mozilla/5.0 (compatible; DataForSeoBot/1.0; +https://dataforseo.com/dataforseo-bot)"
136.243.228.180 - - [14/Apr/2025:10:57:51 -0400] "GET /items/qqzdj287/23442?key=pioneer HTTP/1.1" 500 1245 "-" "Mozilla/5.0 (compatible; DataForSeoBot/1.0; +https://dataforseo.com/dataforseo-bot)"
20.171.207.13 - - [14/Apr/2025:10:57:54 -0400] "GET /items/rjzpj104/25492?key=dignity HTTP/1.1" 500 1245 "-" "Mozilla/5.0 AppleWebKit/537.36 (KHTML, like Gecko; compatible; GPTBot/1.2; +https://openai.com/gptbot)"
136.243.228.180 - - [14/Apr/2025:10:57:55 -0400] "GET /items/pplam255/47546?key=sustainable HTTP/1.1" 500 1245 "-" "Mozilla/5.0 (compatible; DataForSeoBot/1.0; +https://dataforseo.com/dataforseo-bot)"
84.239.25.14 - - [14/Apr/2025:10:58:02 -0400] "GET /.env HTTP/1.1" 403 1242 "-" "Mozilla/5.0 (Macintosh; Intel Mac OS X 10.15; rv:77.0) Gecko/20100101 Firefox/77.0"
20.171.207.13 - - [14/Apr/2025:10:58:13 -0400] "GET /items/jhmur278/12731?key=embarrassed HTTP/1.1" 500 1245 "-" "Mozilla/5.0 AppleWebKit/537.36 (KHTML, like Gecko; compatible; GPTBot/1.2; +https://openai.com/gptbot)"
136.243.228.180 - - [14/Apr/2025:10:58:46 -0400] "GET /items/bpdck244/24331?key=evident HTTP/1.1" 500 1245 "-" "Mozilla/5.0 (compatible; DataForSeoBot/1.0; +https://dataforseo.com/dataforseo-bot)"
136.243.228.180 - - [14/Apr/2025:10:58:50 -0400] "GET /items/zwbvt62/4364?key=down HTTP/1.1" 500 1245 "-" "Mozilla/5.0 (compatible; DataForSeoBot/1.0; +https://dataforseo.com/dataforseo-bot)"
136.243.228.180 - - [14/Apr/2025:10:58:54 -0400] "GET /items/cokuz86/36219?key=resist HTTP/1.1" 500 1245 "-" "Mozilla/5.0 (compatible; DataForSeoBot/1.0; +https://dataforseo.com/dataforseo-bot)"
136.243.228.180 - - [14/Apr/2025:10:58:59 -0400] "GET /items/yrlby135/30253?key=terrorism HTTP/1.1" 500 1245 "-" "Mozilla/5.0 (compatible; DataForSeoBot/1.0; +https://dataforseo.com/dataforseo-bot)"
136.243.228.180 - - [14/Apr/2025:10:59:02 -0400] "GET /items/quobl157/48527?key=skip HTTP/1.1" 500 1245 "-" "Mozilla/5.0 (compatible; DataForSeoBot/1.0; +https://dataforseo.com/dataforseo-bot)"
136.243.228.180 - - [14/Apr/2025:10:59:07 -0400] "GET /items/wpajc35/42367?key=regulator HTTP/1.1" 500 1245 "-" "Mozilla/5.0 (compatible; DataForSeoBot/1.0; +https://dataforseo.com/dataforseo-bot)"
20.171.207.13 - - [14/Apr/2025:10:59:07 -0400] "GET /items/henac229/26208?key=complicated HTTP/1.1" 500 1245 "-" "Mozilla/5.0 AppleWebKit/537.36 (KHTML, like Gecko; compatible; GPTBot/1.2; +https://openai.com/gptbot)"
136.243.228.180 - - [14/Apr/2025:10:59:10 -0400] "GET /items/ragfp77/30909?key=invest HTTP/1.1" 500 1245 "-" "Mozilla/5.0 (compatible; DataForSeoBot/1.0; +https://dataforseo.com/dataforseo-bot)"
136.243.228.180 - - [14/Apr/2025:10:59:14 -0400] "GET /items/aysyy272/43462?key=site HTTP/1.1" 500 1245 "-" "Mozilla/5.0 (compatible; DataForSeoBot/1.0; +https://dataforseo.com/dataforseo-bot)"
136.243.228.180 - - [14/Apr/2025:10:59:18 -0400] "GET /items/hntnc146/18443?key=skirt HTTP/1.1" 500 1245 "-" "Mozilla/5.0 (compatible; DataForSeoBot/1.0; +https://dataforseo.com/dataforseo-bot)"
198.54.114.83 - - [14/Apr/2025:10:59:23 -0400] "POST /wp-cron.php?doing_wp_cron=1744642762.8104810714721679687500 HTTP/1.1" 403 1242 "-" "WordPress/6.7.2; https://bayrampasaspor.com"
136.243.228.180 - - [14/Apr/2025:10:59:22 -0400] "GET /items/gqyam225/31007?key=competitive HTTP/1.1" 500 1245 "-" "Mozilla/5.0 (compatible; DataForSeoBot/1.0; +https://dataforseo.com/dataforseo-bot)"
136.243.228.180 - - [14/Apr/2025:10:59:27 -0400] "GET /items/scyif46/16742?key=no HTTP/1.1" 500 1245 "-" "Mozilla/5.0 (compatible; DataForSeoBot/1.0; +https://dataforseo.com/dataforseo-bot)"
136.243.228.180 - - [14/Apr/2025:10:59:31 -0400] "GET /items/usnrc43/15416?key=psychological HTTP/1.1" 500 1245 "-" "Mozilla/5.0 (compatible; DataForSeoBot/1.0; +https://dataforseo.com/dataforseo-bot)"
136.243.228.180 - - [14/Apr/2025:10:59:36 -0400] "GET /items/hbepm205/20391?key=soften HTTP/1.1" 500 1245 "-" "Mozilla/5.0 (compatible; DataForSeoBot/1.0; +https://dataforseo.com/dataforseo-bot)"
136.243.228.180 - - [14/Apr/2025:10:59:40 -0400] "GET /items/zufkt93/19109?key=moment HTTP/1.1" 500 1245 "-" "Mozilla/5.0 (compatible; DataForSeoBot/1.0; +https://dataforseo.com/dataforseo-bot)"
136.243.228.180 - - [14/Apr/2025:10:59:43 -0400] "GET /items/hkhgz80/10722?key=exclude HTTP/1.1" 500 1245 "-" "Mozilla/5.0 (compatible; DataForSeoBot/1.0; +https://dataforseo.com/dataforseo-bot)"
136.243.228.180 - - [14/Apr/2025:10:59:47 -0400] "GET /items/nfogn218/38820?key=corn HTTP/1.1" 500 1245 "-" "Mozilla/5.0 (compatible; DataForSeoBot/1.0; +https://dataforseo.com/dataforseo-bot)"
136.243.228.180 - - [14/Apr/2025:10:59:52 -0400] "GET /items/zlvbx188/19769?key=court HTTP/1.1" 500 1245 "-" "Mozilla/5.0 (compatible; DataForSeoBot/1.0; +https://dataforseo.com/dataforseo-bot)"
136.243.228.180 - - [14/Apr/2025:10:59:56 -0400] "GET /items/umdbb25/14485?key=impulse HTTP/1.1" 500 1245 "-" "Mozilla/5.0 (compatible; DataForSeoBot/1.0; +https://dataforseo.com/dataforseo-bot)"
136.243.228.180 - - [14/Apr/2025:11:00:00 -0400] "GET /items/qpmnc110/46306?key=abroad HTTP/1.1" 500 1245 "-" "Mozilla/5.0 (compatible; DataForSeoBot/1.0; +https://dataforseo.com/dataforseo-bot)"
136.243.228.180 - - [14/Apr/2025:11:00:05 -0400] "GET /items/mnbmh152/14164?key=document HTTP/1.1" 500 1245 "-" "Mozilla/5.0 (compatible; DataForSeoBot/1.0; +https://dataforseo.com/dataforseo-bot)"
136.243.228.180 - - [14/Apr/2025:11:00:09 -0400] "GET /items/oxeuj23/49382?key=buyer HTTP/1.1" 500 1245 "-" "Mozilla/5.0 (compatible; DataForSeoBot/1.0; +https://dataforseo.com/dataforseo-bot)"
136.243.228.180 - - [14/Apr/2025:11:00:12 -0400] "GET /items/woafu218/44575?key=lately HTTP/1.1" 500 1245 "-" "Mozilla/5.0 (compatible; DataForSeoBot/1.0; +https://dataforseo.com/dataforseo-bot)"
20.171.207.13 - - [14/Apr/2025:11:00:13 -0400] "GET /items/vstbn298/39127?key=composition HTTP/1.1" 500 1245 "-" "Mozilla/5.0 AppleWebKit/537.36 (KHTML, like Gecko; compatible; GPTBot/1.2; +https://openai.com/gptbot)"
136.243.228.180 - - [14/Apr/2025:11:00:16 -0400] "GET /items/crfgd153/41255?key=environmental HTTP/1.1" 500 1245 "-" "Mozilla/5.0 (compatible; DataForSeoBot/1.0; +https://dataforseo.com/dataforseo-bot)"
136.243.228.180 - - [14/Apr/2025:11:00:19 -0400] "GET /items/yzdap243/31739?key=headquarters HTTP/1.1" 500 1245 "-" "Mozilla/5.0 (compatible; DataForSeoBot/1.0; +https://dataforseo.com/dataforseo-bot)"
136.243.228.180 - - [14/Apr/2025:11:00:23 -0400] "GET /items/fyuhl40/12583?key=premium HTTP/1.1" 500 1245 "-" "Mozilla/5.0 (compatible; DataForSeoBot/1.0; +https://dataforseo.com/dataforseo-bot)"
136.243.228.180 - - [14/Apr/2025:11:00:27 -0400] "GET /items/jhojg251/28913?key=statue HTTP/1.1" 500 1245 "-" "Mozilla/5.0 (compatible; DataForSeoBot/1.0; +https://dataforseo.com/dataforseo-bot)"
136.243.228.180 - - [14/Apr/2025:11:00:31 -0400] "GET /items/ydxre28/6866?key=trip HTTP/1.1" 500 1245 "-" "Mozilla/5.0 (compatible; DataForSeoBot/1.0; +https://dataforseo.com/dataforseo-bot)"
136.243.228.180 - - [14/Apr/2025:11:00:36 -0400] "GET /items/ikcvv80/43253?key=announcement HTTP/1.1" 500 1245 "-" "Mozilla/5.0 (compatible; DataForSeoBot/1.0; +https://dataforseo.com/dataforseo-bot)"
136.243.228.180 - - [14/Apr/2025:11:00:40 -0400] "GET /items/qfrsc155/46522?key=frozen HTTP/1.1" 500 1245 "-" "Mozilla/5.0 (compatible; DataForSeoBot/1.0; +https://dataforseo.com/dataforseo-bot)"
136.243.228.180 - - [14/Apr/2025:11:00:43 -0400] "GET /items/ljlwh161/35365?key=fighting HTTP/1.1" 500 1245 "-" "Mozilla/5.0 (compatible; DataForSeoBot/1.0; +https://dataforseo.com/dataforseo-bot)"
136.243.228.180 - - [14/Apr/2025:11:00:48 -0400] "GET /items/ilrvv150/6964?key=motivate HTTP/1.1" 500 1245 "-" "Mozilla/5.0 (compatible; DataForSeoBot/1.0; +https://dataforseo.com/dataforseo-bot)"
136.243.228.180 - - [14/Apr/2025:11:00:52 -0400] "GET /items/ubigk281/26089?key=appreciate HTTP/1.1" 500 1245 "-" "Mozilla/5.0 (compatible; DataForSeoBot/1.0; +https://dataforseo.com/dataforseo-bot)"
136.243.228.180 - - [14/Apr/2025:11:00:56 -0400] "GET /items/dwqyk16/44838?key=hurricane HTTP/1.1" 500 1245 "-" "Mozilla/5.0 (compatible; DataForSeoBot/1.0; +https://dataforseo.com/dataforseo-bot)"
136.243.228.180 - - [14/Apr/2025:11:00:59 -0400] "GET /items/arzwm139/30912?key=innocent HTTP/1.1" 500 1245 "-" "Mozilla/5.0 (compatible; DataForSeoBot/1.0; +https://dataforseo.com/dataforseo-bot)"
136.243.228.180 - - [14/Apr/2025:11:01:04 -0400] "GET /items/msjbs195/23666?key=chemistry HTTP/1.1" 500 1245 "-" "Mozilla/5.0 (compatible; DataForSeoBot/1.0; +https://dataforseo.com/dataforseo-bot)"
136.243.228.180 - - [14/Apr/2025:11:01:07 -0400] "GET /items/mtnjk185/30354?key=southeast HTTP/1.1" 500 1245 "-" "Mozilla/5.0 (compatible; DataForSeoBot/1.0; +https://dataforseo.com/dataforseo-bot)"
136.243.228.180 - - [14/Apr/2025:11:01:12 -0400] "GET /items/ymznn296/49583?key=mine HTTP/1.1" 500 1245 "-" "Mozilla/5.0 (compatible; DataForSeoBot/1.0; +https://dataforseo.com/dataforseo-bot)"
20.171.207.13 - - [14/Apr/2025:11:01:15 -0400] "GET /items/wzhpf47/19060?key=anything HTTP/1.1" 500 1245 "-" "Mozilla/5.0 AppleWebKit/537.36 (KHTML, like Gecko; compatible; GPTBot/1.2; +https://openai.com/gptbot)"
136.243.228.180 - - [14/Apr/2025:11:01:16 -0400] "GET /items/gbujv19/29172?key=appoint HTTP/1.1" 500 1245 "-" "Mozilla/5.0 (compatible; DataForSeoBot/1.0; +https://dataforseo.com/dataforseo-bot)"
136.243.228.180 - - [14/Apr/2025:11:01:20 -0400] "GET /items/hppig299/23626?key=loyal HTTP/1.1" 500 1245 "-" "Mozilla/5.0 (compatible; DataForSeoBot/1.0; +https://dataforseo.com/dataforseo-bot)"
198.54.114.83 - - [14/Apr/2025:11:01:24 -0400] "POST /wp-cron.php?doing_wp_cron=1744642884.1823730468750000000000 HTTP/1.1" 403 1242 "-" "WordPress/6.7.2; https://bayrampasaspor.com"
136.243.228.180 - - [14/Apr/2025:11:01:23 -0400] "GET /items/yzadk24/20794?key=tightly HTTP/1.1" 500 1245 "-" "Mozilla/5.0 (compatible; DataForSeoBot/1.0; +https://dataforseo.com/dataforseo-bot)"
136.243.228.180 - - [14/Apr/2025:11:01:27 -0400] "GET /items/pqgje198/37544?key=various HTTP/1.1" 500 1245 "-" "Mozilla/5.0 (compatible; DataForSeoBot/1.0; +https://dataforseo.com/dataforseo-bot)"
136.243.228.180 - - [14/Apr/2025:11:01:32 -0400] "GET /items/trtgs153/9538?key=rid HTTP/1.1" 500 1245 "-" "Mozilla/5.0 (compatible; DataForSeoBot/1.0; +https://dataforseo.com/dataforseo-bot)"
136.243.228.180 - - [14/Apr/2025:11:01:36 -0400] "GET /items/jcnhn79/9394?key=for HTTP/1.1" 500 1245 "-" "Mozilla/5.0 (compatible; DataForSeoBot/1.0; +https://dataforseo.com/dataforseo-bot)"
136.243.228.180 - - [14/Apr/2025:11:01:39 -0400] "GET /items/eueov224/3853?key=conversion HTTP/1.1" 500 1245 "-" "Mozilla/5.0 (compatible; DataForSeoBot/1.0; +https://dataforseo.com/dataforseo-bot)"
136.243.228.180 - - [14/Apr/2025:11:01:44 -0400] "GET /items/wztav207/44185?key=sudden HTTP/1.1" 500 1245 "-" "Mozilla/5.0 (compatible; DataForSeoBot/1.0; +https://dataforseo.com/dataforseo-bot)"
136.243.228.180 - - [14/Apr/2025:11:01:48 -0400] "GET /items/epvtp246/14506?key=lie HTTP/1.1" 500 1245 "-" "Mozilla/5.0 (compatible; DataForSeoBot/1.0; +https://dataforseo.com/dataforseo-bot)"
136.243.228.180 - - [14/Apr/2025:11:01:52 -0400] "GET /items/pejbu15/12841?key=rich HTTP/1.1" 500 1245 "-" "Mozilla/5.0 (compatible; DataForSeoBot/1.0; +https://dataforseo.com/dataforseo-bot)"
136.243.228.180 - - [14/Apr/2025:11:01:56 -0400] "GET /items/vbshz254/16578?key=ceremony HTTP/1.1" 500 1245 "-" "Mozilla/5.0 (compatible; DataForSeoBot/1.0; +https://dataforseo.com/dataforseo-bot)"
136.243.228.180 - - [14/Apr/2025:11:01:59 -0400] "GET /items/sdgjn121/45895?key=gravity HTTP/1.1" 500 1245 "-" "Mozilla/5.0 (compatible; DataForSeoBot/1.0; +https://dataforseo.com/dataforseo-bot)"
136.243.228.180 - - [14/Apr/2025:11:02:04 -0400] "GET /items/ulznm186/21745?key=entire HTTP/1.1" 500 1245 "-" "Mozilla/5.0 (compatible; DataForSeoBot/1.0; +https://dataforseo.com/dataforseo-bot)"
136.243.228.180 - - [14/Apr/2025:11:02:08 -0400] "GET /items/lelrv171/4194?key=amount HTTP/1.1" 500 1245 "-" "Mozilla/5.0 (compatible; DataForSeoBot/1.0; +https://dataforseo.com/dataforseo-bot)"
136.243.228.180 - - [14/Apr/2025:11:02:12 -0400] "GET /items/kifbd58/28729?key=narrow HTTP/1.1" 500 1245 "-" "Mozilla/5.0 (compatible; DataForSeoBot/1.0; +https://dataforseo.com/dataforseo-bot)"
136.243.228.180 - - [14/Apr/2025:11:02:15 -0400] "GET /items/pcjvw186/37604?key=tent HTTP/1.1" 500 1245 "-" "Mozilla/5.0 (compatible; DataForSeoBot/1.0; +https://dataforseo.com/dataforseo-bot)"
20.171.207.13 - - [14/Apr/2025:11:02:18 -0400] "GET /items/mqtkr167/11983?key=alternative HTTP/1.1" 500 1245 "-" "Mozilla/5.0 AppleWebKit/537.36 (KHTML, like Gecko; compatible; GPTBot/1.2; +https://openai.com/gptbot)"
136.243.228.180 - - [14/Apr/2025:11:02:20 -0400] "GET /items/scdwm156/11132?key=disc HTTP/1.1" 500 1245 "-" "Mozilla/5.0 (compatible; DataForSeoBot/1.0; +https://dataforseo.com/dataforseo-bot)"
198.54.114.83 - - [14/Apr/2025:11:02:24 -0400] "POST /wp-cron.php?doing_wp_cron=1744642944.3732609748840332031250 HTTP/1.1" 403 1242 "-" "WordPress/6.7.2; https://bayrampasaspor.com"
136.243.228.180 - - [14/Apr/2025:11:02:24 -0400] "GET /items/pizcd153/5067?key=scandal HTTP/1.1" 500 1245 "-" "Mozilla/5.0 (compatible; DataForSeoBot/1.0; +https://dataforseo.com/dataforseo-bot)"
136.243.228.180 - - [14/Apr/2025:11:02:27 -0400] "GET /items/drbhj138/7993?key=rope HTTP/1.1" 500 1245 "-" "Mozilla/5.0 (compatible; DataForSeoBot/1.0; +https://dataforseo.com/dataforseo-bot)"
136.243.228.180 - - [14/Apr/2025:11:02:31 -0400] "GET /items/vfbgg78/33054?key=positive HTTP/1.1" 500 1245 "-" "Mozilla/5.0 (compatible; DataForSeoBot/1.0; +https://dataforseo.com/dataforseo-bot)"
136.243.228.180 - - [14/Apr/2025:11:02:35 -0400] "GET /items/fcgvo161/14493?key=coffee HTTP/1.1" 500 1245 "-" "Mozilla/5.0 (compatible; DataForSeoBot/1.0; +https://dataforseo.com/dataforseo-bot)"
136.243.228.180 - - [14/Apr/2025:11:02:40 -0400] "GET /items/tzrbq154/36068?key=influential HTTP/1.1" 500 1245 "-" "Mozilla/5.0 (compatible; DataForSeoBot/1.0; +https://dataforseo.com/dataforseo-bot)"
136.243.228.180 - - [14/Apr/2025:11:02:43 -0400] "GET /items/ohege96/5945?key=sky HTTP/1.1" 500 1245 "-" "Mozilla/5.0 (compatible; DataForSeoBot/1.0; +https://dataforseo.com/dataforseo-bot)"
136.243.228.180 - - [14/Apr/2025:11:02:48 -0400] "GET /items/fdlvt215/310?key=modify HTTP/1.1" 500 1245 "-" "Mozilla/5.0 (compatible; DataForSeoBot/1.0; +https://dataforseo.com/dataforseo-bot)"
216.244.66.246 - - [14/Apr/2025:11:02:47 -0400] "GET /flores-road-in-brentwood/ HTTP/1.1" 200 15497 "-" "Mozilla/5.0 (compatible; DotBot/1.2; +https://opensiteexplorer.org/dotbot; help@moz.com)"
136.243.228.180 - - [14/Apr/2025:11:02:52 -0400] "GET /items/tdjhv121/42950?key=enterprise HTTP/1.1" 500 1245 "-" "Mozilla/5.0 (compatible; DataForSeoBot/1.0; +https://dataforseo.com/dataforseo-bot)"
216.244.66.246 - - [14/Apr/2025:11:02:54 -0400] "GET /online-job-advertising-in-ireland/ HTTP/1.1" 200 15498 "-" "Mozilla/5.0 (compatible; DotBot/1.2; +https://opensiteexplorer.org/dotbot; help@moz.com)"
136.243.228.180 - - [14/Apr/2025:11:02:56 -0400] "GET /items/fixhf170/15047?key=driveway HTTP/1.1" 500 1245 "-" "Mozilla/5.0 (compatible; DataForSeoBot/1.0; +https://dataforseo.com/dataforseo-bot)"
136.243.228.180 - - [14/Apr/2025:11:03:00 -0400] "GET /items/wbomp202/39564?key=fishing HTTP/1.1" 500 1245 "-" "Mozilla/5.0 (compatible; DataForSeoBot/1.0; +https://dataforseo.com/dataforseo-bot)"
136.243.228.180 - - [14/Apr/2025:11:03:05 -0400] "GET /items/ipizz62/3521?key=rural HTTP/1.1" 500 1245 "-" "Mozilla/5.0 (compatible; DataForSeoBot/1.0; +https://dataforseo.com/dataforseo-bot)"
136.243.228.180 - - [14/Apr/2025:11:03:09 -0400] "GET /items/wzkro276/43974?key=interval HTTP/1.1" 500 1245 "-" "Mozilla/5.0 (compatible; DataForSeoBot/1.0; +https://dataforseo.com/dataforseo-bot)"
136.243.228.180 - - [14/Apr/2025:11:03:12 -0400] "GET /items/jjucw263/18909?key=manager HTTP/1.1" 500 1245 "-" "Mozilla/5.0 (compatible; DataForSeoBot/1.0; +https://dataforseo.com/dataforseo-bot)"
136.243.228.180 - - [14/Apr/2025:11:03:18 -0400] "GET /items/zerpz283/42228?key=middle HTTP/1.1" 500 1245 "-" "Mozilla/5.0 (compatible; DataForSeoBot/1.0; +https://dataforseo.com/dataforseo-bot)"
136.243.228.180 - - [14/Apr/2025:11:03:21 -0400] "GET /items/voqjr275/7097?key=housing HTTP/1.1" 500 1245 "-" "Mozilla/5.0 (compatible; DataForSeoBot/1.0; +https://dataforseo.com/dataforseo-bot)"
20.171.207.13 - - [14/Apr/2025:11:03:22 -0400] "GET /items/odxgv143/34696?key=convenience HTTP/1.1" 500 1245 "-" "Mozilla/5.0 AppleWebKit/537.36 (KHTML, like Gecko; compatible; GPTBot/1.2; +https://openai.com/gptbot)"
136.243.228.180 - - [14/Apr/2025:11:03:25 -0400] "GET /items/pkczx175/29438?key=participant HTTP/1.1" 500 1245 "-" "Mozilla/5.0 (compatible; DataForSeoBot/1.0; +https://dataforseo.com/dataforseo-bot)"
136.243.228.180 - - [14/Apr/2025:11:03:29 -0400] "GET /items/efwvi31/9516?key=utilize HTTP/1.1" 500 1245 "-" "Mozilla/5.0 (compatible; DataForSeoBot/1.0; +https://dataforseo.com/dataforseo-bot)"
136.243.228.180 - - [14/Apr/2025:11:04:20 -0400] "GET /items/vshki183/24155?key=beside HTTP/1.1" 500 1245 "-" "Mozilla/5.0 (compatible; DataForSeoBot/1.0; +https://dataforseo.com/dataforseo-bot)"
136.243.228.180 - - [14/Apr/2025:11:04:25 -0400] "GET /items/zmbal189/29116?key=plunge HTTP/1.1" 500 1245 "-" "Mozilla/5.0 (compatible; DataForSeoBot/1.0; +https://dataforseo.com/dataforseo-bot)"
20.171.207.13 - - [14/Apr/2025:11:04:25 -0400] "GET /items/ydbms215/27701?key=differently HTTP/1.1" 500 1245 "-" "Mozilla/5.0 AppleWebKit/537.36 (KHTML, like Gecko; compatible; GPTBot/1.2; +https://openai.com/gptbot)"
136.243.228.180 - - [14/Apr/2025:11:04:28 -0400] "GET /items/cwnpz51/41949?key=painting HTTP/1.1" 500 1245 "-" "Mozilla/5.0 (compatible; DataForSeoBot/1.0; +https://dataforseo.com/dataforseo-bot)"
136.243.228.180 - - [14/Apr/2025:11:04:32 -0400] "GET /items/afjik239/20565?key=race HTTP/1.1" 500 1245 "-" "Mozilla/5.0 (compatible; DataForSeoBot/1.0; +https://dataforseo.com/dataforseo-bot)"
136.243.228.180 - - [14/Apr/2025:11:04:38 -0400] "GET /items/tmgbn94/3823?key=funeral HTTP/1.1" 500 1245 "-" "Mozilla/5.0 (compatible; DataForSeoBot/1.0; +https://dataforseo.com/dataforseo-bot)"
136.243.228.180 - - [14/Apr/2025:11:04:41 -0400] "GET /items/tcosw93/36139?key=could HTTP/1.1" 500 1245 "-" "Mozilla/5.0 (compatible; DataForSeoBot/1.0; +https://dataforseo.com/dataforseo-bot)"
136.243.228.180 - - [14/Apr/2025:11:04:45 -0400] "GET /items/pacux227/17964?key=lack HTTP/1.1" 500 1245 "-" "Mozilla/5.0 (compatible; DataForSeoBot/1.0; +https://dataforseo.com/dataforseo-bot)"
136.243.228.180 - - [14/Apr/2025:11:04:49 -0400] "GET /items/zobsd295/47027?key=abroad HTTP/1.1" 500 1245 "-" "Mozilla/5.0 (compatible; DataForSeoBot/1.0; +https://dataforseo.com/dataforseo-bot)"
136.243.228.180 - - [14/Apr/2025:11:04:53 -0400] "GET /items/ldjpt287/48239?key=increase HTTP/1.1" 500 1245 "-" "Mozilla/5.0 (compatible; DataForSeoBot/1.0; +https://dataforseo.com/dataforseo-bot)"
216.244.66.246 - - [14/Apr/2025:11:04:56 -0400] "GET /expert-comptable-paris/?loknya=/home HTTP/1.1" 200 12638 "-" "Mozilla/5.0 (compatible; DotBot/1.2; +https://opensiteexplorer.org/dotbot; help@moz.com)"
136.243.228.180 - - [14/Apr/2025:11:04:57 -0400] "GET /items/zvflh234/97?key=significant HTTP/1.1" 500 1245 "-" "Mozilla/5.0 (compatible; DataForSeoBot/1.0; +https://dataforseo.com/dataforseo-bot)"
136.243.228.180 - - [14/Apr/2025:11:05:04 -0400] "GET /items/qyekd236/7689?key=chop HTTP/1.1" 500 1245 "-" "Mozilla/5.0 (compatible; DataForSeoBot/1.0; +https://dataforseo.com/dataforseo-bot)"
136.243.228.180 - - [14/Apr/2025:11:05:10 -0400] "GET /items/usbqy191/34639?key=architecture HTTP/1.1" 500 1245 "-" "Mozilla/5.0 (compatible; DataForSeoBot/1.0; +https://dataforseo.com/dataforseo-bot)"
216.244.66.246 - - [14/Apr/2025:11:05:09 -0400] "GET /la-plateforme-de-paris-sportifs-1xbet-une-revolution-dans-le-monde-des-paris-en-ligne/ HTTP/1.1" 200 15498 "-" "Mozilla/5.0 (compatible; DotBot/1.2; +https://opensiteexplorer.org/dotbot; help@moz.com)"
136.243.228.180 - - [14/Apr/2025:11:05:16 -0400] "GET /items/cghim62/7495?key=proposed HTTP/1.1" 500 1245 "-" "Mozilla/5.0 (compatible; DataForSeoBot/1.0; +https://dataforseo.com/dataforseo-bot)"
136.243.228.180 - - [14/Apr/2025:11:05:21 -0400] "GET /items/goevb159/31589?key=fifth HTTP/1.1" 500 1245 "-" "Mozilla/5.0 (compatible; DataForSeoBot/1.0; +https://dataforseo.com/dataforseo-bot)"
136.243.228.180 - - [14/Apr/2025:11:05:27 -0400] "GET /items/xtogd94/19804?key=intact HTTP/1.1" 500 1245 "-" "Mozilla/5.0 (compatible; DataForSeoBot/1.0; +https://dataforseo.com/dataforseo-bot)"
20.171.207.13 - - [14/Apr/2025:11:05:31 -0400] "GET /items/ahcad213/890?key=squeeze HTTP/1.1" 500 1245 "-" "Mozilla/5.0 AppleWebKit/537.36 (KHTML, like Gecko; compatible; GPTBot/1.2; +https://openai.com/gptbot)"
136.243.228.180 - - [14/Apr/2025:11:05:32 -0400] "GET /items/nkgay179/17338?key=exception HTTP/1.1" 500 1245 "-" "Mozilla/5.0 (compatible; DataForSeoBot/1.0; +https://dataforseo.com/dataforseo-bot)"
136.243.228.180 - - [14/Apr/2025:11:05:37 -0400] "GET /items/pbdmx179/15497?key=today HTTP/1.1" 500 1245 "-" "Mozilla/5.0 (compatible; DataForSeoBot/1.0; +https://dataforseo.com/dataforseo-bot)"
2a12:8101:d3b8:182f:a2bb:2d4a:17b1:98c8 - - [14/Apr/2025:11:05:37 -0400] "GET /why-smart-business-travelers-always-book-a-massage/ HTTP/1.1" 200 15523 "http://bayrampasaspor.com/why-smart-business-travelers-always-book-a-massage/" "Mozilla/5.0 (Windows NT 10.0; Win64; x64) AppleWebKit/537.36 (KHTML, like Gecko) Chrome/130.0.0.0 Safari/537.36"
136.243.228.180 - - [14/Apr/2025:11:05:41 -0400] "GET /items/dkexs79/507?key=provided HTTP/1.1" 500 1245 "-" "Mozilla/5.0 (compatible; DataForSeoBot/1.0; +https://dataforseo.com/dataforseo-bot)"
136.243.228.180 - - [14/Apr/2025:11:05:44 -0400] "GET /items/nstne251/36620?key=mill HTTP/1.1" 500 1245 "-" "Mozilla/5.0 (compatible; DataForSeoBot/1.0; +https://dataforseo.com/dataforseo-bot)"
136.243.228.180 - - [14/Apr/2025:11:05:47 -0400] "GET /items/bsaih128/24500?key=tray HTTP/1.1" 500 1245 "-" "Mozilla/5.0 (compatible; DataForSeoBot/1.0; +https://dataforseo.com/dataforseo-bot)"
136.243.228.180 - - [14/Apr/2025:11:05:51 -0400] "GET /items/zexwi206/28313?key=ago HTTP/1.1" 500 1245 "-" "Mozilla/5.0 (compatible; DataForSeoBot/1.0; +https://dataforseo.com/dataforseo-bot)"
136.243.228.180 - - [14/Apr/2025:11:05:56 -0400] "GET /items/ptyml86/39246?key=new HTTP/1.1" 500 1245 "-" "Mozilla/5.0 (compatible; DataForSeoBot/1.0; +https://dataforseo.com/dataforseo-bot)"
136.243.228.180 - - [14/Apr/2025:11:06:00 -0400] "GET /items/djyof115/33839?key=achieve HTTP/1.1" 500 1245 "-" "Mozilla/5.0 (compatible; DataForSeoBot/1.0; +https://dataforseo.com/dataforseo-bot)"
136.243.228.180 - - [14/Apr/2025:11:06:03 -0400] "GET /items/ckmgn292/2197?key=brush HTTP/1.1" 500 1245 "-" "Mozilla/5.0 (compatible; DataForSeoBot/1.0; +https://dataforseo.com/dataforseo-bot)"
136.243.228.180 - - [14/Apr/2025:11:06:08 -0400] "GET /items/jvavn284/12618?key=map HTTP/1.1" 500 1245 "-" "Mozilla/5.0 (compatible; DataForSeoBot/1.0; +https://dataforseo.com/dataforseo-bot)"
136.243.228.180 - - [14/Apr/2025:11:06:11 -0400] "GET /items/pjfpn140/44538?key=drum HTTP/1.1" 500 1245 "-" "Mozilla/5.0 (compatible; DataForSeoBot/1.0; +https://dataforseo.com/dataforseo-bot)"
136.243.228.180 - - [14/Apr/2025:11:06:15 -0400] "GET /items/rjcki245/44659?key=praise HTTP/1.1" 500 1245 "-" "Mozilla/5.0 (compatible; DataForSeoBot/1.0; +https://dataforseo.com/dataforseo-bot)"
136.243.228.180 - - [14/Apr/2025:11:06:19 -0400] "GET /items/jkraj47/36482?key=few HTTP/1.1" 500 1245 "-" "Mozilla/5.0 (compatible; DataForSeoBot/1.0; +https://dataforseo.com/dataforseo-bot)"
136.243.228.180 - - [14/Apr/2025:11:06:24 -0400] "GET /items/vvqws13/47591?key=guest HTTP/1.1" 500 1245 "-" "Mozilla/5.0 (compatible; DataForSeoBot/1.0; +https://dataforseo.com/dataforseo-bot)"
136.243.228.180 - - [14/Apr/2025:11:06:27 -0400] "GET /items/vuimj25/15186?key=pull HTTP/1.1" 500 1245 "-" "Mozilla/5.0 (compatible; DataForSeoBot/1.0; +https://dataforseo.com/dataforseo-bot)"
136.243.228.180 - - [14/Apr/2025:11:06:32 -0400] "GET /items/kdzpi80/33617?key=miss HTTP/1.1" 500 1245 "-" "Mozilla/5.0 (compatible; DataForSeoBot/1.0; +https://dataforseo.com/dataforseo-bot)"
20.171.207.13 - - [14/Apr/2025:11:06:32 -0400] "GET /items/qqdfl6/40925?key=ceiling HTTP/1.1" 500 1245 "-" "Mozilla/5.0 AppleWebKit/537.36 (KHTML, like Gecko; compatible; GPTBot/1.2; +https://openai.com/gptbot)"
136.243.228.180 - - [14/Apr/2025:11:06:36 -0400] "GET /items/kdven156/42507?key=rating HTTP/1.1" 500 1245 "-" "Mozilla/5.0 (compatible; DataForSeoBot/1.0; +https://dataforseo.com/dataforseo-bot)"
136.243.228.180 - - [14/Apr/2025:11:06:39 -0400] "GET /items/ytrph280/43502?key=effort HTTP/1.1" 500 1245 "-" "Mozilla/5.0 (compatible; DataForSeoBot/1.0; +https://dataforseo.com/dataforseo-bot)"
136.243.228.180 - - [14/Apr/2025:11:06:43 -0400] "GET /items/jvkxz139/25325?key=difficult HTTP/1.1" 500 1245 "-" "Mozilla/5.0 (compatible; DataForSeoBot/1.0; +https://dataforseo.com/dataforseo-bot)"
136.243.228.180 - - [14/Apr/2025:11:06:47 -0400] "GET /items/olytd290/29165?key=camp HTTP/1.1" 500 1245 "-" "Mozilla/5.0 (compatible; DataForSeoBot/1.0; +https://dataforseo.com/dataforseo-bot)"
136.243.228.180 - - [14/Apr/2025:11:06:51 -0400] "GET /items/ttkii52/18520?key=butterfly HTTP/1.1" 500 1245 "-" "Mozilla/5.0 (compatible; DataForSeoBot/1.0; +https://dataforseo.com/dataforseo-bot)"
136.243.228.180 - - [14/Apr/2025:11:06:55 -0400] "GET /items/zlmbv42/7747?key=represent HTTP/1.1" 500 1245 "-" "Mozilla/5.0 (compatible; DataForSeoBot/1.0; +https://dataforseo.com/dataforseo-bot)"
136.243.228.180 - - [14/Apr/2025:11:07:00 -0400] "GET /items/zfulh296/43951?key=electricity HTTP/1.1" 500 1245 "-" "Mozilla/5.0 (compatible; DataForSeoBot/1.0; +https://dataforseo.com/dataforseo-bot)"
136.243.228.180 - - [14/Apr/2025:11:07:04 -0400] "GET /items/jndqz50/13222?key=individual HTTP/1.1" 500 1245 "-" "Mozilla/5.0 (compatible; DataForSeoBot/1.0; +https://dataforseo.com/dataforseo-bot)"
136.243.228.180 - - [14/Apr/2025:11:07:07 -0400] "GET /items/ivfba3/752?key=sleeve HTTP/1.1" 500 1245 "-" "Mozilla/5.0 (compatible; DataForSeoBot/1.0; +https://dataforseo.com/dataforseo-bot)"
136.243.228.180 - - [14/Apr/2025:11:07:11 -0400] "GET /items/scuke290/5864?key=assure HTTP/1.1" 500 1245 "-" "Mozilla/5.0 (compatible; DataForSeoBot/1.0; +https://dataforseo.com/dataforseo-bot)"
136.243.228.180 - - [14/Apr/2025:11:07:16 -0400] "GET /items/khaqv130/44722?key=riot HTTP/1.1" 500 1245 "-" "Mozilla/5.0 (compatible; DataForSeoBot/1.0; +https://dataforseo.com/dataforseo-bot)"
136.243.228.180 - - [14/Apr/2025:11:07:19 -0400] "GET /items/jpmml82/2354?key=rest HTTP/1.1" 500 1245 "-" "Mozilla/5.0 (compatible; DataForSeoBot/1.0; +https://dataforseo.com/dataforseo-bot)"
136.243.228.180 - - [14/Apr/2025:11:07:23 -0400] "GET /items/netdu116/24213?key=analyst HTTP/1.1" 500 1245 "-" "Mozilla/5.0 (compatible; DataForSeoBot/1.0; +https://dataforseo.com/dataforseo-bot)"
136.243.228.180 - - [14/Apr/2025:11:07:28 -0400] "GET /items/ogcrs54/29321?key=bed HTTP/1.1" 500 1245 "-" "Mozilla/5.0 (compatible; DataForSeoBot/1.0; +https://dataforseo.com/dataforseo-bot)"
136.243.228.180 - - [14/Apr/2025:11:07:32 -0400] "GET /items/tybcz15/7945?key=physics HTTP/1.1" 500 1245 "-" "Mozilla/5.0 (compatible; DataForSeoBot/1.0; +https://dataforseo.com/dataforseo-bot)"
136.243.228.180 - - [14/Apr/2025:11:07:36 -0400] "GET /items/yimen15/23376?key=electric HTTP/1.1" 500 1245 "-" "Mozilla/5.0 (compatible; DataForSeoBot/1.0; +https://dataforseo.com/dataforseo-bot)"
20.171.207.13 - - [14/Apr/2025:11:07:37 -0400] "GET /items/rcbio98/25999?key=coalition HTTP/1.1" 500 1245 "-" "Mozilla/5.0 AppleWebKit/537.36 (KHTML, like Gecko; compatible; GPTBot/1.2; +https://openai.com/gptbot)"
136.243.228.180 - - [14/Apr/2025:11:07:40 -0400] "GET /items/zgmkf71/28638?key=powder HTTP/1.1" 500 1245 "-" "Mozilla/5.0 (compatible; DataForSeoBot/1.0; +https://dataforseo.com/dataforseo-bot)"
136.243.228.180 - - [14/Apr/2025:11:07:44 -0400] "GET /items/btgyt115/14517?key=shock HTTP/1.1" 500 1245 "-" "Mozilla/5.0 (compatible; DataForSeoBot/1.0; +https://dataforseo.com/dataforseo-bot)"
136.243.228.180 - - [14/Apr/2025:11:07:47 -0400] "GET /items/omhvo154/15074?key=desire HTTP/1.1" 500 1245 "-" "Mozilla/5.0 (compatible; DataForSeoBot/1.0; +https://dataforseo.com/dataforseo-bot)"
136.243.228.180 - - [14/Apr/2025:11:07:51 -0400] "GET /items/olcqi59/49614?key=altogether HTTP/1.1" 500 1245 "-" "Mozilla/5.0 (compatible; DataForSeoBot/1.0; +https://dataforseo.com/dataforseo-bot)"
