136.243.228.180 - - [14/Apr/2025:06:29:14 -0400] "GET /items/ovhqj78/12416?key=reserve HTTP/1.1" 500 1245 "-" "Mozilla/5.0 (compatible; DataForSeoBot/1.0; +https://dataforseo.com/dataforseo-bot)"
136.243.228.180 - - [14/Apr/2025:06:29:17 -0400] "GET /items/isnhs233/47203?key=relevant HTTP/1.1" 500 1245 "-" "Mozilla/5.0 (compatible; DataForSeoBot/1.0; +https://dataforseo.com/dataforseo-bot)"
136.243.228.180 - - [14/Apr/2025:06:29:20 -0400] "GET /items/snapv40/27599?key=hour HTTP/1.1" 500 1245 "-" "Mozilla/5.0 (compatible; DataForSeoBot/1.0; +https://dataforseo.com/dataforseo-bot)"
20.171.207.13 - - [14/Apr/2025:06:29:21 -0400] "GET /items/qzzvy161/28455?key=ball HTTP/1.1" 500 1245 "-" "Mozilla/5.0 AppleWebKit/537.36 (KHTML, like Gecko; compatible; GPTBot/1.2; +https://openai.com/gptbot)"
65.21.113.206 - - [14/Apr/2025:06:29:21 -0400] "GET /search.php?items/ygfmf209/10411?key=alike HTTP/1.1" 200 110162 "-" "Mozilla/5.0 (compatible; AwarioBot/1.0; +https://awario.com/bots.html)"
136.243.228.180 - - [14/Apr/2025:06:29:25 -0400] "GET /items/ikhih214/1152?key=theater HTTP/1.1" 500 1245 "-" "Mozilla/5.0 (compatible; DataForSeoBot/1.0; +https://dataforseo.com/dataforseo-bot)"
136.243.228.180 - - [14/Apr/2025:06:29:29 -0400] "GET /items/mwipp153/26345?key=sandwich HTTP/1.1" 500 1245 "-" "Mozilla/5.0 (compatible; DataForSeoBot/1.0; +https://dataforseo.com/dataforseo-bot)"
65.21.113.206 - - [14/Apr/2025:06:29:30 -0400] "GET /search.php?items/yhyer196/27216?key=analysis HTTP/1.1" 200 109435 "-" "Mozilla/5.0 (compatible; AwarioBot/1.0; +https://awario.com/bots.html)"
136.243.228.180 - - [14/Apr/2025:06:29:33 -0400] "GET /items/hnapd192/40238?key=realize HTTP/1.1" 500 1245 "-" "Mozilla/5.0 (compatible; DataForSeoBot/1.0; +https://dataforseo.com/dataforseo-bot)"
136.243.228.180 - - [14/Apr/2025:06:29:37 -0400] "GET /items/xjnfh179/49418?key=burn HTTP/1.1" 500 1245 "-" "Mozilla/5.0 (compatible; DataForSeoBot/1.0; +https://dataforseo.com/dataforseo-bot)"
65.21.113.206 - - [14/Apr/2025:06:29:40 -0400] "GET /search.php?items/yimus78/14490?key=length HTTP/1.1" 200 109604 "-" "Mozilla/5.0 (compatible; AwarioBot/1.0; +https://awario.com/bots.html)"
136.243.228.180 - - [14/Apr/2025:06:29:42 -0400] "GET /items/hnkhv221/42452?key=boat HTTP/1.1" 500 1245 "-" "Mozilla/5.0 (compatible; DataForSeoBot/1.0; +https://dataforseo.com/dataforseo-bot)"
136.243.228.180 - - [14/Apr/2025:06:29:46 -0400] "GET /items/rwcdo162/26287?key=decent HTTP/1.1" 500 1245 "-" "Mozilla/5.0 (compatible; DataForSeoBot/1.0; +https://dataforseo.com/dataforseo-bot)"
136.243.228.180 - - [14/Apr/2025:06:29:49 -0400] "GET /items/zfmzy249/6306?key=cloth HTTP/1.1" 500 1245 "-" "Mozilla/5.0 (compatible; DataForSeoBot/1.0; +https://dataforseo.com/dataforseo-bot)"
65.21.113.206 - - [14/Apr/2025:06:29:49 -0400] "GET /search.php?items/yjfmx77/39767?key=crawl HTTP/1.1" 200 110891 "-" "Mozilla/5.0 (compatible; AwarioBot/1.0; +https://awario.com/bots.html)"
136.243.228.180 - - [14/Apr/2025:06:29:54 -0400] "GET /items/zxijv46/45012?key=vacation HTTP/1.1" 500 1245 "-" "Mozilla/5.0 (compatible; DataForSeoBot/1.0; +https://dataforseo.com/dataforseo-bot)"
65.21.113.206 - - [14/Apr/2025:06:29:56 -0400] "GET /search.php?items/ykejb208/13312?key=guest HTTP/1.1" 200 109076 "-" "Mozilla/5.0 (compatible; AwarioBot/1.0; +https://awario.com/bots.html)"
136.243.228.180 - - [14/Apr/2025:06:29:57 -0400] "GET /items/tudcl105/27182?key=holy HTTP/1.1" 500 1245 "-" "Mozilla/5.0 (compatible; DataForSeoBot/1.0; +https://dataforseo.com/dataforseo-bot)"
136.243.228.180 - - [14/Apr/2025:06:30:04 -0400] "GET /items/zzzix43/48708?key=hunger HTTP/1.1" 500 1245 "-" "Mozilla/5.0 (compatible; DataForSeoBot/1.0; +https://dataforseo.com/dataforseo-bot)"
65.21.113.206 - - [14/Apr/2025:06:30:05 -0400] "GET /search.php?items/ykgos143/5871?key=heal HTTP/1.1" 200 110394 "-" "Mozilla/5.0 (compatible; AwarioBot/1.0; +https://awario.com/bots.html)"
136.243.228.180 - - [14/Apr/2025:06:30:08 -0400] "GET /items/eitfw195/31346?key=human HTTP/1.1" 500 1245 "-" "Mozilla/5.0 (compatible; DataForSeoBot/1.0; +https://dataforseo.com/dataforseo-bot)"
136.243.228.180 - - [14/Apr/2025:06:30:13 -0400] "GET /items/mjmzb238/17238?key=confuse HTTP/1.1" 500 1245 "-" "Mozilla/5.0 (compatible; DataForSeoBot/1.0; +https://dataforseo.com/dataforseo-bot)"
65.21.113.206 - - [14/Apr/2025:06:30:15 -0400] "GET /search.php?items/ykpig132/29944?key=politically HTTP/1.1" 200 108096 "-" "Mozilla/5.0 (compatible; AwarioBot/1.0; +https://awario.com/bots.html)"
136.243.228.180 - - [14/Apr/2025:06:30:16 -0400] "GET /items/kybyr118/13586?key=believe HTTP/1.1" 500 1245 "-" "Mozilla/5.0 (compatible; DataForSeoBot/1.0; +https://dataforseo.com/dataforseo-bot)"
136.243.228.180 - - [14/Apr/2025:06:30:20 -0400] "GET /items/xkjui242/23546?key=spirit HTTP/1.1" 500 1245 "-" "Mozilla/5.0 (compatible; DataForSeoBot/1.0; +https://dataforseo.com/dataforseo-bot)"
136.243.228.180 - - [14/Apr/2025:06:30:24 -0400] "GET /items/ykcrt244/10578?key=biography HTTP/1.1" 500 1245 "-" "Mozilla/5.0 (compatible; DataForSeoBot/1.0; +https://dataforseo.com/dataforseo-bot)"
65.21.113.206 - - [14/Apr/2025:06:30:25 -0400] "GET /search.php?items/ykrfi75/32461?key=expedition HTTP/1.1" 200 109672 "-" "Mozilla/5.0 (compatible; AwarioBot/1.0; +https://awario.com/bots.html)"
20.171.207.13 - - [14/Apr/2025:06:30:27 -0400] "GET /items/wmrhu204/41186?key=price HTTP/1.1" 500 1245 "-" "Mozilla/5.0 AppleWebKit/537.36 (KHTML, like Gecko; compatible; GPTBot/1.2; +https://openai.com/gptbot)"
136.243.228.180 - - [14/Apr/2025:06:30:28 -0400] "GET /items/rlade293/4555?key=realize HTTP/1.1" 500 1245 "-" "Mozilla/5.0 (compatible; DataForSeoBot/1.0; +https://dataforseo.com/dataforseo-bot)"
136.243.228.180 - - [14/Apr/2025:06:30:32 -0400] "GET /items/nivhy268/2833?key=examine HTTP/1.1" 500 1245 "-" "Mozilla/5.0 (compatible; DataForSeoBot/1.0; +https://dataforseo.com/dataforseo-bot)"
65.21.113.206 - - [14/Apr/2025:06:30:35 -0400] "GET /search.php?items/ylbez214/2116?key=harmony HTTP/1.1" 200 107934 "-" "Mozilla/5.0 (compatible; AwarioBot/1.0; +https://awario.com/bots.html)"
136.243.228.180 - - [14/Apr/2025:06:30:36 -0400] "GET /items/kootn77/34230?key=seldom HTTP/1.1" 500 1245 "-" "Mozilla/5.0 (compatible; DataForSeoBot/1.0; +https://dataforseo.com/dataforseo-bot)"
136.243.228.180 - - [14/Apr/2025:06:30:41 -0400] "GET /items/pyewo154/38404?key=charity HTTP/1.1" 500 1245 "-" "Mozilla/5.0 (compatible; DataForSeoBot/1.0; +https://dataforseo.com/dataforseo-bot)"
136.243.228.180 - - [14/Apr/2025:06:30:45 -0400] "GET /items/ptlvs21/24818?key=oil HTTP/1.1" 500 1245 "-" "Mozilla/5.0 (compatible; DataForSeoBot/1.0; +https://dataforseo.com/dataforseo-bot)"
65.21.113.206 - - [14/Apr/2025:06:30:45 -0400] "GET /search.php?items/ylmen268/20388?key=dog HTTP/1.1" 200 108227 "-" "Mozilla/5.0 (compatible; AwarioBot/1.0; +https://awario.com/bots.html)"
136.243.228.180 - - [14/Apr/2025:06:30:51 -0400] "GET /items/czjnf117/17046?key=open HTTP/1.1" 500 1245 "-" "Mozilla/5.0 (compatible; DataForSeoBot/1.0; +https://dataforseo.com/dataforseo-bot)"
65.21.113.206 - - [14/Apr/2025:06:30:52 -0400] "GET /search.php?items/yltpk225/22871?key=female HTTP/1.1" 200 109988 "-" "Mozilla/5.0 (compatible; AwarioBot/1.0; +https://awario.com/bots.html)"
136.243.228.180 - - [14/Apr/2025:06:30:54 -0400] "GET /items/nyzih38/4192?key=rifle HTTP/1.1" 500 1245 "-" "Mozilla/5.0 (compatible; DataForSeoBot/1.0; +https://dataforseo.com/dataforseo-bot)"
136.243.228.180 - - [14/Apr/2025:06:30:58 -0400] "GET /items/xnhwd240/24425?key=unit HTTP/1.1" 500 1245 "-" "Mozilla/5.0 (compatible; DataForSeoBot/1.0; +https://dataforseo.com/dataforseo-bot)"
136.243.228.180 - - [14/Apr/2025:06:31:01 -0400] "GET /items/ccard23/48187?key=hardly HTTP/1.1" 500 1245 "-" "Mozilla/5.0 (compatible; DataForSeoBot/1.0; +https://dataforseo.com/dataforseo-bot)"
65.21.113.206 - - [14/Apr/2025:06:31:01 -0400] "GET /search.php?items/ymxop239/13749?key=monkey HTTP/1.1" 200 109081 "-" "Mozilla/5.0 (compatible; AwarioBot/1.0; +https://awario.com/bots.html)"
136.243.228.180 - - [14/Apr/2025:06:31:06 -0400] "GET /items/lmnwd137/18546?key=increase HTTP/1.1" 500 1245 "-" "Mozilla/5.0 (compatible; DataForSeoBot/1.0; +https://dataforseo.com/dataforseo-bot)"
136.243.228.180 - - [14/Apr/2025:06:31:10 -0400] "GET /items/xuhwe199/37119?key=owner HTTP/1.1" 500 1245 "-" "Mozilla/5.0 (compatible; DataForSeoBot/1.0; +https://dataforseo.com/dataforseo-bot)"
65.21.113.206 - - [14/Apr/2025:06:31:11 -0400] "GET /search.php?items/ymzkz84/9752?key=farmer HTTP/1.1" 200 109307 "-" "Mozilla/5.0 (compatible; AwarioBot/1.0; +https://awario.com/bots.html)"
136.243.228.180 - - [14/Apr/2025:06:31:14 -0400] "GET /items/lhwvk234/23275?key=girl HTTP/1.1" 500 1245 "-" "Mozilla/5.0 (compatible; DataForSeoBot/1.0; +https://dataforseo.com/dataforseo-bot)"
2a11:5781:29c8:992b:14e7:9880:f5:b5d9 - - [14/Apr/2025:06:31:16 -0400] "GET /why-smart-business-travelers-always-book-a-massage/ HTTP/1.1" 200 15492 "http://bayrampasaspor.com/why-smart-business-travelers-always-book-a-massage/" "Mozilla/5.0 (Windows NT 10.0; Win64; x64) AppleWebKit/537.36 (KHTML, like Gecko) Chrome/131.0.0.0 Safari/537.36"
136.243.228.180 - - [14/Apr/2025:06:31:20 -0400] "GET /items/ljguk232/25548?key=capacity HTTP/1.1" 500 1245 "-" "Mozilla/5.0 (compatible; DataForSeoBot/1.0; +https://dataforseo.com/dataforseo-bot)"
65.21.113.206 - - [14/Apr/2025:06:31:20 -0400] "GET /search.php?items/yndth211/1965?key=cave HTTP/1.1" 200 109847 "-" "Mozilla/5.0 (compatible; AwarioBot/1.0; +https://awario.com/bots.html)"
136.243.228.180 - - [14/Apr/2025:06:31:24 -0400] "GET /items/zghyn236/22521?key=wing HTTP/1.1" 500 1245 "-" "Mozilla/5.0 (compatible; DataForSeoBot/1.0; +https://dataforseo.com/dataforseo-bot)"
136.243.228.180 - - [14/Apr/2025:06:31:28 -0400] "GET /items/znfno275/18706?key=mind HTTP/1.1" 500 1245 "-" "Mozilla/5.0 (compatible; DataForSeoBot/1.0; +https://dataforseo.com/dataforseo-bot)"
65.21.113.206 - - [14/Apr/2025:06:31:30 -0400] "GET /search.php?items/ynmqn235/23965?key=nor HTTP/1.1" 200 109743 "-" "Mozilla/5.0 (compatible; AwarioBot/1.0; +https://awario.com/bots.html)"
136.243.228.180 - - [14/Apr/2025:06:31:32 -0400] "GET /items/ushlu115/11334?key=still HTTP/1.1" 500 1245 "-" "Mozilla/5.0 (compatible; DataForSeoBot/1.0; +https://dataforseo.com/dataforseo-bot)"
20.171.207.13 - - [14/Apr/2025:06:31:33 -0400] "GET /items/qziip231/28320?key=clean HTTP/1.1" 500 1245 "-" "Mozilla/5.0 AppleWebKit/537.36 (KHTML, like Gecko; compatible; GPTBot/1.2; +https://openai.com/gptbot)"
136.243.228.180 - - [14/Apr/2025:06:31:36 -0400] "GET /items/ecsdb285/22067?key=happily HTTP/1.1" 500 1245 "-" "Mozilla/5.0 (compatible; DataForSeoBot/1.0; +https://dataforseo.com/dataforseo-bot)"
136.243.228.180 - - [14/Apr/2025:06:31:41 -0400] "GET /items/tbeck232/41077?key=severely HTTP/1.1" 500 1245 "-" "Mozilla/5.0 (compatible; DataForSeoBot/1.0; +https://dataforseo.com/dataforseo-bot)"
65.21.113.206 - - [14/Apr/2025:06:31:40 -0400] "GET /search.php?items/yqbow191/60313?key=guilty HTTP/1.1" 200 109025 "-" "Mozilla/5.0 (compatible; AwarioBot/1.0; +https://awario.com/bots.html)"
136.243.228.180 - - [14/Apr/2025:06:31:45 -0400] "GET /items/nwkzh259/16469?key=supplier HTTP/1.1" 500 1245 "-" "Mozilla/5.0 (compatible; DataForSeoBot/1.0; +https://dataforseo.com/dataforseo-bot)"
136.243.228.180 - - [14/Apr/2025:06:31:49 -0400] "GET /items/koira42/20809?key=genuine HTTP/1.1" 500 1245 "-" "Mozilla/5.0 (compatible; DataForSeoBot/1.0; +https://dataforseo.com/dataforseo-bot)"
65.21.113.206 - - [14/Apr/2025:06:31:49 -0400] "GET /search.php?items/yqesf258/3016?key=send HTTP/1.1" 200 109351 "-" "Mozilla/5.0 (compatible; AwarioBot/1.0; +https://awario.com/bots.html)"
136.243.228.180 - - [14/Apr/2025:06:31:52 -0400] "GET /items/tcfts200/35076?key=tail HTTP/1.1" 500 1245 "-" "Mozilla/5.0 (compatible; DataForSeoBot/1.0; +https://dataforseo.com/dataforseo-bot)"
136.243.228.180 - - [14/Apr/2025:06:31:57 -0400] "GET /items/plfkk190/29986?key=raw HTTP/1.1" 500 1245 "-" "Mozilla/5.0 (compatible; DataForSeoBot/1.0; +https://dataforseo.com/dataforseo-bot)"
65.21.113.206 - - [14/Apr/2025:06:31:57 -0400] "GET /search.php?items/yqkno59/5251?key=so HTTP/1.1" 200 108851 "-" "Mozilla/5.0 (compatible; AwarioBot/1.0; +https://awario.com/bots.html)"
136.243.228.180 - - [14/Apr/2025:06:32:00 -0400] "GET /items/cwnlm220/12124?key=passenger HTTP/1.1" 500 1245 "-" "Mozilla/5.0 (compatible; DataForSeoBot/1.0; +https://dataforseo.com/dataforseo-bot)"
136.243.228.180 - - [14/Apr/2025:06:32:04 -0400] "GET /items/oiyre159/42842?key=battery HTTP/1.1" 500 1245 "-" "Mozilla/5.0 (compatible; DataForSeoBot/1.0; +https://dataforseo.com/dataforseo-bot)"
65.21.113.206 - - [14/Apr/2025:06:32:04 -0400] "GET /search.php?items/yqqvq68/48496?key=component HTTP/1.1" 200 110061 "-" "Mozilla/5.0 (compatible; AwarioBot/1.0; +https://awario.com/bots.html)"
136.243.228.180 - - [14/Apr/2025:06:32:08 -0400] "GET /items/nipms263/2708?key=gear HTTP/1.1" 500 1245 "-" "Mozilla/5.0 (compatible; DataForSeoBot/1.0; +https://dataforseo.com/dataforseo-bot)"
136.243.228.180 - - [14/Apr/2025:06:32:12 -0400] "GET /items/dbelw250/2064?key=perceived HTTP/1.1" 500 1245 "-" "Mozilla/5.0 (compatible; DataForSeoBot/1.0; +https://dataforseo.com/dataforseo-bot)"
65.21.113.206 - - [14/Apr/2025:06:32:13 -0400] "GET /search.php?items/yqsjm85/4715?key=tooth HTTP/1.1" 200 109602 "-" "Mozilla/5.0 (compatible; AwarioBot/1.0; +https://awario.com/bots.html)"
136.243.228.180 - - [14/Apr/2025:06:32:16 -0400] "GET /items/kynmr252/30796?key=strategy HTTP/1.1" 500 1245 "-" "Mozilla/5.0 (compatible; DataForSeoBot/1.0; +https://dataforseo.com/dataforseo-bot)"
65.21.113.206 - - [14/Apr/2025:06:32:20 -0400] "GET /search.php?items/yqxhg242/25380?key=dead HTTP/1.1" 200 109300 "-" "Mozilla/5.0 (compatible; AwarioBot/1.0; +https://awario.com/bots.html)"
136.243.228.180 - - [14/Apr/2025:06:32:21 -0400] "GET /items/uvmvt5/23180?key=mouse HTTP/1.1" 500 1245 "-" "Mozilla/5.0 (compatible; DataForSeoBot/1.0; +https://dataforseo.com/dataforseo-bot)"
136.243.228.180 - - [14/Apr/2025:06:32:24 -0400] "GET /items/luzby58/21860?key=homeland HTTP/1.1" 500 1245 "-" "Mozilla/5.0 (compatible; DataForSeoBot/1.0; +https://dataforseo.com/dataforseo-bot)"
136.243.228.180 - - [14/Apr/2025:06:32:28 -0400] "GET /items/wcqmo90/36353?key=energy HTTP/1.1" 500 1245 "-" "Mozilla/5.0 (compatible; DataForSeoBot/1.0; +https://dataforseo.com/dataforseo-bot)"
65.21.113.206 - - [14/Apr/2025:06:32:28 -0400] "GET /search.php?items/yrcef251/49503?key=machine HTTP/1.1" 200 108877 "-" "Mozilla/5.0 (compatible; AwarioBot/1.0; +https://awario.com/bots.html)"
136.243.228.180 - - [14/Apr/2025:06:32:32 -0400] "GET /items/tsdkr92/12508?key=mouse HTTP/1.1" 500 1245 "-" "Mozilla/5.0 (compatible; DataForSeoBot/1.0; +https://dataforseo.com/dataforseo-bot)"
20.171.207.13 - - [14/Apr/2025:06:32:33 -0400] "GET /items/exheq264/33851?key=sample HTTP/1.1" 500 1245 "-" "Mozilla/5.0 AppleWebKit/537.36 (KHTML, like Gecko; compatible; GPTBot/1.2; +https://openai.com/gptbot)"
136.243.228.180 - - [14/Apr/2025:06:32:38 -0400] "GET /items/ckhpr204/27673?key=representation HTTP/1.1" 500 1245 "-" "Mozilla/5.0 (compatible; DataForSeoBot/1.0; +https://dataforseo.com/dataforseo-bot)"
65.21.113.206 - - [14/Apr/2025:06:32:38 -0400] "GET /search.php?items/yrfzr130/24860?key=education HTTP/1.1" 200 108149 "-" "Mozilla/5.0 (compatible; AwarioBot/1.0; +https://awario.com/bots.html)"
136.243.228.180 - - [14/Apr/2025:06:32:40 -0400] "GET /items/jjnzb90/19455?key=filter HTTP/1.1" 500 1245 "-" "Mozilla/5.0 (compatible; DataForSeoBot/1.0; +https://dataforseo.com/dataforseo-bot)"
198.54.114.83 - - [14/Apr/2025:06:32:45 -0400] "POST /wp-cron.php?doing_wp_cron=1744626764.7334799766540527343750 HTTP/1.1" 403 1242 "-" "WordPress/6.7.2; https://bayrampasaspor.com"
136.243.228.180 - - [14/Apr/2025:06:32:44 -0400] "GET /items/eakzl252/12711?key=weak HTTP/1.1" 500 1245 "-" "Mozilla/5.0 (compatible; DataForSeoBot/1.0; +https://dataforseo.com/dataforseo-bot)"
65.21.113.206 - - [14/Apr/2025:06:32:45 -0400] "GET /search.php?items/yritz251/22219?key=respect HTTP/1.1" 200 110105 "-" "Mozilla/5.0 (compatible; AwarioBot/1.0; +https://awario.com/bots.html)"
136.243.228.180 - - [14/Apr/2025:06:32:48 -0400] "GET /items/rktnn260/32785?key=lens HTTP/1.1" 500 1245 "-" "Mozilla/5.0 (compatible; DataForSeoBot/1.0; +https://dataforseo.com/dataforseo-bot)"
136.243.228.180 - - [14/Apr/2025:06:32:52 -0400] "GET /items/jcaas198/42306?key=fragment HTTP/1.1" 500 1245 "-" "Mozilla/5.0 (compatible; DataForSeoBot/1.0; +https://dataforseo.com/dataforseo-bot)"
65.21.113.206 - - [14/Apr/2025:06:32:52 -0400] "GET /search.php?items/yrucg245/21369?key=receiver HTTP/1.1" 200 108697 "-" "Mozilla/5.0 (compatible; AwarioBot/1.0; +https://awario.com/bots.html)"
136.243.228.180 - - [14/Apr/2025:06:32:56 -0400] "GET /items/fgsny113/9709?key=reduction HTTP/1.1" 500 1245 "-" "Mozilla/5.0 (compatible; DataForSeoBot/1.0; +https://dataforseo.com/dataforseo-bot)"
136.243.228.180 - - [14/Apr/2025:06:33:00 -0400] "GET /items/qddng246/15720?key=bulb HTTP/1.1" 500 1245 "-" "Mozilla/5.0 (compatible; DataForSeoBot/1.0; +https://dataforseo.com/dataforseo-bot)"
65.21.113.206 - - [14/Apr/2025:06:32:59 -0400] "GET /search.php?items/yruss162/156?key=conceive HTTP/1.1" 200 110431 "-" "Mozilla/5.0 (compatible; AwarioBot/1.0; +https://awario.com/bots.html)"
136.243.228.180 - - [14/Apr/2025:06:33:04 -0400] "GET /items/juhgl82/38374?key=mere HTTP/1.1" 500 1245 "-" "Mozilla/5.0 (compatible; DataForSeoBot/1.0; +https://dataforseo.com/dataforseo-bot)"
65.21.113.206 - - [14/Apr/2025:06:33:07 -0400] "GET /search.php?items/yspxt54/21638?key=common HTTP/1.1" 200 110119 "-" "Mozilla/5.0 (compatible; AwarioBot/1.0; +https://awario.com/bots.html)"
136.243.228.180 - - [14/Apr/2025:06:33:08 -0400] "GET /items/cxtav269/4806?key=scientific HTTP/1.1" 500 1245 "-" "Mozilla/5.0 (compatible; DataForSeoBot/1.0; +https://dataforseo.com/dataforseo-bot)"
136.243.228.180 - - [14/Apr/2025:06:33:13 -0400] "GET /items/zlsuc256/32700?key=developing HTTP/1.1" 500 1245 "-" "Mozilla/5.0 (compatible; DataForSeoBot/1.0; +https://dataforseo.com/dataforseo-bot)"
65.21.113.206 - - [14/Apr/2025:06:33:14 -0400] "GET /search.php?items/ystbr88/28762?key=acquisition HTTP/1.1" 200 110273 "-" "Mozilla/5.0 (compatible; AwarioBot/1.0; +https://awario.com/bots.html)"
13.201.45.253 - - [14/Apr/2025:06:33:15 -0400] "GET / HTTP/1.1" 500 1245 "-" "Mozilla/5.0 (Windows NT 10.0; Win64; x64) AppleWebKit/537.36 (KHTML, like Gecko) Chrome/78.0.3904.108 Safari/537.36"
136.243.228.180 - - [14/Apr/2025:06:33:16 -0400] "GET /items/ubfut27/48822?key=puzzle HTTP/1.1" 500 1245 "-" "Mozilla/5.0 (compatible; DataForSeoBot/1.0; +https://dataforseo.com/dataforseo-bot)"
13.201.45.253 - - [14/Apr/2025:06:33:17 -0400] "GET / HTTP/1.1" 500 1245 "-" "Mozilla/5.0 (Windows NT 10.0; Win64; x64) AppleWebKit/537.36 (KHTML, like Gecko) Chrome/78.0.3904.108 Safari/537.36"
13.201.45.253 - - [14/Apr/2025:06:33:19 -0400] "GET /wp-includes/wlwmanifest.xml HTTP/1.1" 500 1245 "-" "Mozilla/5.0 (Windows NT 10.0; Win64; x64) AppleWebKit/537.36 (KHTML, like Gecko) Chrome/78.0.3904.108 Safari/537.36"
136.243.228.180 - - [14/Apr/2025:06:33:20 -0400] "GET /items/ncfly103/10153?key=menu HTTP/1.1" 500 1245 "-" "Mozilla/5.0 (compatible; DataForSeoBot/1.0; +https://dataforseo.com/dataforseo-bot)"
13.201.45.253 - - [14/Apr/2025:06:33:21 -0400] "GET /?author=1 HTTP/1.1" 301 21 "-" "Mozilla/5.0 (Windows NT 10.0; Win64; x64) AppleWebKit/537.36 (KHTML, like Gecko) Chrome/78.0.3904.108 Safari/537.36"
65.21.113.206 - - [14/Apr/2025:06:33:21 -0400] "GET /search.php?items/ytjch214/47870?key=road HTTP/1.1" 200 108992 "-" "Mozilla/5.0 (compatible; AwarioBot/1.0; +https://awario.com/bots.html)"
136.243.228.180 - - [14/Apr/2025:06:33:24 -0400] "GET /items/helgb193/29822?key=gold HTTP/1.1" 500 1245 "-" "Mozilla/5.0 (compatible; DataForSeoBot/1.0; +https://dataforseo.com/dataforseo-bot)"
13.201.45.253 - - [14/Apr/2025:06:33:24 -0400] "GET /?author=2 HTTP/1.1" 301 21 "-" "Mozilla/5.0 (Windows NT 10.0; Win64; x64) AppleWebKit/537.36 (KHTML, like Gecko) Chrome/78.0.3904.108 Safari/537.36"
65.21.113.206 - - [14/Apr/2025:06:33:26 -0400] "GET /search.php?items/ytozl58/28780?key=Senate HTTP/1.1" 200 110114 "-" "Mozilla/5.0 (compatible; AwarioBot/1.0; +https://awario.com/bots.html)"
136.243.228.180 - - [14/Apr/2025:06:33:29 -0400] "GET /items/wrtul264/241?key=broker HTTP/1.1" 500 1245 "-" "Mozilla/5.0 (compatible; DataForSeoBot/1.0; +https://dataforseo.com/dataforseo-bot)"
13.201.45.253 - - [14/Apr/2025:06:33:29 -0400] "GET /wp-json/wp/v2/users/ HTTP/1.1" 200 2040 "-" "Mozilla/5.0 (Windows NT 10.0; Win64; x64) AppleWebKit/537.36 (KHTML, like Gecko) Chrome/78.0.3904.108 Safari/537.36"
136.243.228.180 - - [14/Apr/2025:06:33:33 -0400] "GET /items/ijeap270/17321?key=lighting HTTP/1.1" 500 1245 "-" "Mozilla/5.0 (compatible; DataForSeoBot/1.0; +https://dataforseo.com/dataforseo-bot)"
20.171.207.13 - - [14/Apr/2025:06:33:38 -0400] "GET /items/driyd157/43874?key=borrow HTTP/1.1" 500 1245 "-" "Mozilla/5.0 AppleWebKit/537.36 (KHTML, like Gecko; compatible; GPTBot/1.2; +https://openai.com/gptbot)"
136.243.228.180 - - [14/Apr/2025:06:33:39 -0400] "GET /items/cqcfk134/12365?key=bit HTTP/1.1" 500 1245 "-" "Mozilla/5.0 (compatible; DataForSeoBot/1.0; +https://dataforseo.com/dataforseo-bot)"
65.21.113.206 - - [14/Apr/2025:06:33:40 -0400] "GET /search.php?items/yudlp238/14014?key=pipe HTTP/1.1" 200 109437 "-" "Mozilla/5.0 (compatible; AwarioBot/1.0; +https://awario.com/bots.html)"
136.243.228.180 - - [14/Apr/2025:06:33:42 -0400] "GET /items/zmphf112/10092?key=banker HTTP/1.1" 500 1245 "-" "Mozilla/5.0 (compatible; DataForSeoBot/1.0; +https://dataforseo.com/dataforseo-bot)"
136.243.228.180 - - [14/Apr/2025:06:33:46 -0400] "GET /items/fqmyw244/12644?key=learn HTTP/1.1" 500 1245 "-" "Mozilla/5.0 (compatible; DataForSeoBot/1.0; +https://dataforseo.com/dataforseo-bot)"
65.21.113.206 - - [14/Apr/2025:06:33:47 -0400] "GET /search.php?items/yvwll251/15153?key=ceiling HTTP/1.1" 200 110438 "-" "Mozilla/5.0 (compatible; AwarioBot/1.0; +https://awario.com/bots.html)"
136.243.228.180 - - [14/Apr/2025:06:33:50 -0400] "GET /items/cxqry105/10601?key=enroll HTTP/1.1" 500 1245 "-" "Mozilla/5.0 (compatible; DataForSeoBot/1.0; +https://dataforseo.com/dataforseo-bot)"
136.243.228.180 - - [14/Apr/2025:06:33:55 -0400] "GET /items/lhvws6/13389?key=diversity HTTP/1.1" 500 1245 "-" "Mozilla/5.0 (compatible; DataForSeoBot/1.0; +https://dataforseo.com/dataforseo-bot)"
65.21.113.206 - - [14/Apr/2025:06:33:55 -0400] "GET /search.php?items/ywany287/18111?key=longtime HTTP/1.1" 200 109105 "-" "Mozilla/5.0 (compatible; AwarioBot/1.0; +https://awario.com/bots.html)"
136.243.228.180 - - [14/Apr/2025:06:34:02 -0400] "GET /items/xuaph129/35315?key=columnist HTTP/1.1" 500 1245 "-" "Mozilla/5.0 (compatible; DataForSeoBot/1.0; +https://dataforseo.com/dataforseo-bot)"
136.243.228.180 - - [14/Apr/2025:06:34:07 -0400] "GET /items/zxuah149/20082?key=kill HTTP/1.1" 500 1245 "-" "Mozilla/5.0 (compatible; DataForSeoBot/1.0; +https://dataforseo.com/dataforseo-bot)"
65.21.113.206 - - [14/Apr/2025:06:34:07 -0400] "GET /search.php?items/ywfyb64/45054?key=realize HTTP/1.1" 200 110297 "-" "Mozilla/5.0 (compatible; AwarioBot/1.0; +https://awario.com/bots.html)"
136.243.228.180 - - [14/Apr/2025:06:34:12 -0400] "GET /items/comot73/44095?key=effectively HTTP/1.1" 500 1245 "-" "Mozilla/5.0 (compatible; DataForSeoBot/1.0; +https://dataforseo.com/dataforseo-bot)"
65.21.113.206 - - [14/Apr/2025:06:34:16 -0400] "GET /search.php?items/ywiif178/46116?key=hint HTTP/1.1" 200 110093 "-" "Mozilla/5.0 (compatible; AwarioBot/1.0; +https://awario.com/bots.html)"
136.243.228.180 - - [14/Apr/2025:06:34:18 -0400] "GET /items/yzdyc226/10961?key=dirty HTTP/1.1" 500 1245 "-" "Mozilla/5.0 (compatible; DataForSeoBot/1.0; +https://dataforseo.com/dataforseo-bot)"
136.243.228.180 - - [14/Apr/2025:06:34:23 -0400] "GET /items/naqfg225/29376?key=excellent HTTP/1.1" 500 1245 "-" "Mozilla/5.0 (compatible; DataForSeoBot/1.0; +https://dataforseo.com/dataforseo-bot)"
136.243.228.180 - - [14/Apr/2025:06:34:26 -0400] "GET /items/zhkqd18/35468?key=damn HTTP/1.1" 500 1245 "-" "Mozilla/5.0 (compatible; DataForSeoBot/1.0; +https://dataforseo.com/dataforseo-bot)"
65.21.113.206 - - [14/Apr/2025:06:34:25 -0400] "GET /search.php?items/ywiif214/46080?key=impulse HTTP/1.1" 200 108158 "-" "Mozilla/5.0 (compatible; AwarioBot/1.0; +https://awario.com/bots.html)"
136.243.228.180 - - [14/Apr/2025:06:34:31 -0400] "GET /items/hqwhn44/47797?key=require HTTP/1.1" 500 1245 "-" "Mozilla/5.0 (compatible; DataForSeoBot/1.0; +https://dataforseo.com/dataforseo-bot)"
136.243.228.180 - - [14/Apr/2025:06:34:33 -0400] "GET /items/pttjk63/25922?key=fiber HTTP/1.1" 500 1245 "-" "Mozilla/5.0 (compatible; DataForSeoBot/1.0; +https://dataforseo.com/dataforseo-bot)"
65.21.113.206 - - [14/Apr/2025:06:34:32 -0400] "GET /search.php?items/ywtmy229/37055?key=importance HTTP/1.1" 200 110034 "-" "Mozilla/5.0 (compatible; AwarioBot/1.0; +https://awario.com/bots.html)"
136.243.228.180 - - [14/Apr/2025:06:34:37 -0400] "GET /items/vzehz237/2474?key=hello HTTP/1.1" 500 1245 "-" "Mozilla/5.0 (compatible; DataForSeoBot/1.0; +https://dataforseo.com/dataforseo-bot)"
20.171.207.13 - - [14/Apr/2025:06:34:40 -0400] "GET /items/yqunz232/39712?key=parade HTTP/1.1" 500 1245 "-" "Mozilla/5.0 AppleWebKit/537.36 (KHTML, like Gecko; compatible; GPTBot/1.2; +https://openai.com/gptbot)"
136.243.228.180 - - [14/Apr/2025:06:34:41 -0400] "GET /items/vgczo269/27005?key=discount HTTP/1.1" 500 1245 "-" "Mozilla/5.0 (compatible; DataForSeoBot/1.0; +https://dataforseo.com/dataforseo-bot)"
65.21.113.206 - - [14/Apr/2025:06:34:41 -0400] "GET /search.php?items/ywtvh48/2622?key=news HTTP/1.1" 200 109486 "-" "Mozilla/5.0 (compatible; AwarioBot/1.0; +https://awario.com/bots.html)"
198.54.114.83 - - [14/Apr/2025:06:34:47 -0400] "POST /wp-cron.php?doing_wp_cron=1744626886.1852080821990966796875 HTTP/1.1" 200 0 "-" "WordPress/6.7.2; https://bayrampasaspor.com"
136.243.228.180 - - [14/Apr/2025:06:34:45 -0400] "GET /items/ftbou81/32026?key=menu HTTP/1.1" 500 1245 "-" "Mozilla/5.0 (compatible; DataForSeoBot/1.0; +https://dataforseo.com/dataforseo-bot)"
65.21.113.206 - - [14/Apr/2025:06:34:48 -0400] "GET /search.php?items/yxfuu118/4302?key=plant HTTP/1.1" 200 110087 "-" "Mozilla/5.0 (compatible; AwarioBot/1.0; +https://awario.com/bots.html)"
136.243.228.180 - - [14/Apr/2025:06:34:50 -0400] "GET /items/gqrks37/14568?key=interfere HTTP/1.1" 500 1245 "-" "Mozilla/5.0 (compatible; DataForSeoBot/1.0; +https://dataforseo.com/dataforseo-bot)"
136.243.228.180 - - [14/Apr/2025:06:34:54 -0400] "GET /items/qccxa49/31964?key=ball HTTP/1.1" 500 1245 "-" "Mozilla/5.0 (compatible; DataForSeoBot/1.0; +https://dataforseo.com/dataforseo-bot)"
136.243.228.180 - - [14/Apr/2025:06:34:58 -0400] "GET /items/rjhtv199/2118?key=frequent HTTP/1.1" 500 1245 "-" "Mozilla/5.0 (compatible; DataForSeoBot/1.0; +https://dataforseo.com/dataforseo-bot)"
65.21.113.206 - - [14/Apr/2025:06:34:57 -0400] "GET /search.php?items/yxwea198/15564?key=several HTTP/1.1" 200 110010 "-" "Mozilla/5.0 (compatible; AwarioBot/1.0; +https://awario.com/bots.html)"
136.243.228.180 - - [14/Apr/2025:06:35:03 -0400] "GET /items/bvwgd269/23638?key=come HTTP/1.1" 500 1245 "-" "Mozilla/5.0 (compatible; DataForSeoBot/1.0; +https://dataforseo.com/dataforseo-bot)"
136.243.228.180 - - [14/Apr/2025:06:35:08 -0400] "GET /items/bppns135/36560?key=man HTTP/1.1" 500 1245 "-" "Mozilla/5.0 (compatible; DataForSeoBot/1.0; +https://dataforseo.com/dataforseo-bot)"
65.21.113.206 - - [14/Apr/2025:06:35:08 -0400] "GET /search.php?items/yylfs51/6159?key=sheet HTTP/1.1" 200 108656 "-" "Mozilla/5.0 (compatible; AwarioBot/1.0; +https://awario.com/bots.html)"
136.243.228.180 - - [14/Apr/2025:06:35:13 -0400] "GET /items/pyieq239/669?key=characteristic HTTP/1.1" 500 1245 "-" "Mozilla/5.0 (compatible; DataForSeoBot/1.0; +https://dataforseo.com/dataforseo-bot)"
65.21.113.206 - - [14/Apr/2025:06:35:16 -0400] "GET /search.php?items/yyonu149/45289?key=presumably HTTP/1.1" 200 109419 "-" "Mozilla/5.0 (compatible; AwarioBot/1.0; +https://awario.com/bots.html)"
136.243.228.180 - - [14/Apr/2025:06:35:17 -0400] "GET /items/fpoqi189/21960?key=technician HTTP/1.1" 500 1245 "-" "Mozilla/5.0 (compatible; DataForSeoBot/1.0; +https://dataforseo.com/dataforseo-bot)"
136.243.228.180 - - [14/Apr/2025:06:35:21 -0400] "GET /items/awvvi27/26540?key=discussion HTTP/1.1" 500 1245 "-" "Mozilla/5.0 (compatible; DataForSeoBot/1.0; +https://dataforseo.com/dataforseo-bot)"
65.21.113.206 - - [14/Apr/2025:06:35:24 -0400] "GET /search.php?items/yysqz153/19685?key=liquid HTTP/1.1" 200 108840 "-" "Mozilla/5.0 (compatible; AwarioBot/1.0; +https://awario.com/bots.html)"
136.243.228.180 - - [14/Apr/2025:06:35:25 -0400] "GET /items/qeimv295/38504?key=tumor HTTP/1.1" 500 1245 "-" "Mozilla/5.0 (compatible; DataForSeoBot/1.0; +https://dataforseo.com/dataforseo-bot)"
136.243.228.180 - - [14/Apr/2025:06:35:29 -0400] "GET /items/osgyc85/15210?key=Jewish HTTP/1.1" 500 1245 "-" "Mozilla/5.0 (compatible; DataForSeoBot/1.0; +https://dataforseo.com/dataforseo-bot)"
65.21.113.206 - - [14/Apr/2025:06:35:29 -0400] "GET /search.php?items/yytte145/679?key=he HTTP/1.1" 200 109656 "-" "Mozilla/5.0 (compatible; AwarioBot/1.0; +https://awario.com/bots.html)"
136.243.228.180 - - [14/Apr/2025:06:35:34 -0400] "GET /items/ymqyx16/35346?key=payment HTTP/1.1" 500 1245 "-" "Mozilla/5.0 (compatible; DataForSeoBot/1.0; +https://dataforseo.com/dataforseo-bot)"
65.21.113.206 - - [14/Apr/2025:06:35:39 -0400] "GET /search.php?items/yzadk130/20688?key=when HTTP/1.1" 200 108493 "-" "Mozilla/5.0 (compatible; AwarioBot/1.0; +https://awario.com/bots.html)"
136.243.228.180 - - [14/Apr/2025:06:35:41 -0400] "GET /items/zoowm249/1732?key=exercise HTTP/1.1" 500 1245 "-" "Mozilla/5.0 (compatible; DataForSeoBot/1.0; +https://dataforseo.com/dataforseo-bot)"
20.171.207.13 - - [14/Apr/2025:06:35:44 -0400] "GET /items/egkyf60/45383?key=instant HTTP/1.1" 500 1245 "-" "Mozilla/5.0 AppleWebKit/537.36 (KHTML, like Gecko; compatible; GPTBot/1.2; +https://openai.com/gptbot)"
136.243.228.180 - - [14/Apr/2025:06:35:47 -0400] "GET /items/lgtnt150/1938?key=pale HTTP/1.1" 500 1245 "-" "Mozilla/5.0 (compatible; DataForSeoBot/1.0; +https://dataforseo.com/dataforseo-bot)"
65.21.113.206 - - [14/Apr/2025:06:35:50 -0400] "GET /search.php?items/yzxuu61/46887?key=hold HTTP/1.1" 200 107931 "-" "Mozilla/5.0 (compatible; AwarioBot/1.0; +https://awario.com/bots.html)"
136.243.228.180 - - [14/Apr/2025:06:35:53 -0400] "GET /items/ioeuw193/19614?key=behavioral HTTP/1.1" 500 1245 "-" "Mozilla/5.0 (compatible; DataForSeoBot/1.0; +https://dataforseo.com/dataforseo-bot)"
136.243.228.180 - - [14/Apr/2025:06:35:58 -0400] "GET /items/vvtqi228/49558?key=copy HTTP/1.1" 500 1245 "-" "Mozilla/5.0 (compatible; DataForSeoBot/1.0; +https://dataforseo.com/dataforseo-bot)"
65.21.113.206 - - [14/Apr/2025:06:35:59 -0400] "GET /search.php?items/zaacq218/35934?key=tourism HTTP/1.1" 200 109698 "-" "Mozilla/5.0 (compatible; AwarioBot/1.0; +https://awario.com/bots.html)"
136.243.228.180 - - [14/Apr/2025:06:36:04 -0400] "GET /items/sjlnf290/20533?key=render HTTP/1.1" 500 1245 "-" "Mozilla/5.0 (compatible; DataForSeoBot/1.0; +https://dataforseo.com/dataforseo-bot)"
136.243.228.180 - - [14/Apr/2025:06:36:10 -0400] "GET /items/wmqmk82/5206?key=implement HTTP/1.1" 500 1245 "-" "Mozilla/5.0 (compatible; DataForSeoBot/1.0; +https://dataforseo.com/dataforseo-bot)"
65.21.113.206 - - [14/Apr/2025:06:36:16 -0400] "GET /search.php?items/zawcs102/46770?key=justice HTTP/1.1" 200 109573 "-" "Mozilla/5.0 (compatible; AwarioBot/1.0; +https://awario.com/bots.html)"
136.243.228.180 - - [14/Apr/2025:06:36:16 -0400] "GET /items/jiiln11/7190?key=many HTTP/1.1" 500 1245 "-" "Mozilla/5.0 (compatible; DataForSeoBot/1.0; +https://dataforseo.com/dataforseo-bot)"
136.243.228.180 - - [14/Apr/2025:06:36:24 -0400] "GET /items/vfsak243/6875?key=programming HTTP/1.1" 500 1245 "-" "Mozilla/5.0 (compatible; DataForSeoBot/1.0; +https://dataforseo.com/dataforseo-bot)"
65.21.113.206 - - [14/Apr/2025:06:36:27 -0400] "GET /search.php?items/zawws193/3391?key=coffee HTTP/1.1" 200 108500 "-" "Mozilla/5.0 (compatible; AwarioBot/1.0; +https://awario.com/bots.html)"
136.243.228.180 - - [14/Apr/2025:06:36:30 -0400] "GET /items/kfjqm154/42780?key=socially HTTP/1.1" 500 1245 "-" "Mozilla/5.0 (compatible; DataForSeoBot/1.0; +https://dataforseo.com/dataforseo-bot)"
136.243.228.180 - - [14/Apr/2025:06:36:36 -0400] "GET /items/gwrfc286/40324?key=belly HTTP/1.1" 500 1245 "-" "Mozilla/5.0 (compatible; DataForSeoBot/1.0; +https://dataforseo.com/dataforseo-bot)"
65.21.113.206 - - [14/Apr/2025:06:36:39 -0400] "GET /search.php?items/zbgtt125/36329?key=British HTTP/1.1" 200 109439 "-" "Mozilla/5.0 (compatible; AwarioBot/1.0; +https://awario.com/bots.html)"
136.243.228.180 - - [14/Apr/2025:06:36:42 -0400] "GET /items/jwzmt49/46468?key=creativity HTTP/1.1" 500 1245 "-" "Mozilla/5.0 (compatible; DataForSeoBot/1.0; +https://dataforseo.com/dataforseo-bot)"
20.171.207.13 - - [14/Apr/2025:06:36:47 -0400] "GET /items/dmgea191/7712?key=servant HTTP/1.1" 500 1245 "-" "Mozilla/5.0 AppleWebKit/537.36 (KHTML, like Gecko; compatible; GPTBot/1.2; +https://openai.com/gptbot)"
136.243.228.180 - - [14/Apr/2025:06:36:48 -0400] "GET /items/njxko67/1429?key=adult HTTP/1.1" 500 1245 "-" "Mozilla/5.0 (compatible; DataForSeoBot/1.0; +https://dataforseo.com/dataforseo-bot)"
65.21.113.206 - - [14/Apr/2025:06:36:52 -0400] "GET /search.php?items/zbomd19/17853?key=whale HTTP/1.1" 200 109621 "-" "Mozilla/5.0 (compatible; AwarioBot/1.0; +https://awario.com/bots.html)"
136.243.228.180 - - [14/Apr/2025:06:36:53 -0400] "GET /items/ufxmv18/18324?key=dramatic HTTP/1.1" 500 1245 "-" "Mozilla/5.0 (compatible; DataForSeoBot/1.0; +https://dataforseo.com/dataforseo-bot)"
136.243.228.180 - - [14/Apr/2025:06:36:59 -0400] "GET /items/tsodc198/4292?key=wedding HTTP/1.1" 500 1245 "-" "Mozilla/5.0 (compatible; DataForSeoBot/1.0; +https://dataforseo.com/dataforseo-bot)"
65.21.113.206 - - [14/Apr/2025:06:37:02 -0400] "GET /search.php?items/zbpqf275/6655?key=learning HTTP/1.1" 200 108729 "-" "Mozilla/5.0 (compatible; AwarioBot/1.0; +https://awario.com/bots.html)"
136.243.228.180 - - [14/Apr/2025:06:37:03 -0400] "GET /items/hunmt38/10899?key=suddenly HTTP/1.1" 500 1245 "-" "Mozilla/5.0 (compatible; DataForSeoBot/1.0; +https://dataforseo.com/dataforseo-bot)"
136.243.228.180 - - [14/Apr/2025:06:37:07 -0400] "GET /items/niugn55/43929?key=interfere HTTP/1.1" 500 1245 "-" "Mozilla/5.0 (compatible; DataForSeoBot/1.0; +https://dataforseo.com/dataforseo-bot)"
136.243.228.180 - - [14/Apr/2025:06:37:12 -0400] "GET /items/zodeo210/35827?key=donate HTTP/1.1" 500 1245 "-" "Mozilla/5.0 (compatible; DataForSeoBot/1.0; +https://dataforseo.com/dataforseo-bot)"
65.21.113.206 - - [14/Apr/2025:06:37:13 -0400] "GET /search.php?items/zbzcu57/48033?key=response HTTP/1.1" 200 108903 "-" "Mozilla/5.0 (compatible; AwarioBot/1.0; +https://awario.com/bots.html)"
136.243.228.180 - - [14/Apr/2025:06:37:16 -0400] "GET /items/dabkx103/45663?key=insist HTTP/1.1" 500 1245 "-" "Mozilla/5.0 (compatible; DataForSeoBot/1.0; +https://dataforseo.com/dataforseo-bot)"
136.243.228.180 - - [14/Apr/2025:06:37:22 -0400] "GET /items/nqffe52/41762?key=particularly HTTP/1.1" 500 1245 "-" "Mozilla/5.0 (compatible; DataForSeoBot/1.0; +https://dataforseo.com/dataforseo-bot)"
65.21.113.206 - - [14/Apr/2025:06:37:23 -0400] "GET /search.php?items/zcfow102/34404?key=fee HTTP/1.1" 200 108875 "-" "Mozilla/5.0 (compatible; AwarioBot/1.0; +https://awario.com/bots.html)"
136.243.228.180 - - [14/Apr/2025:06:37:26 -0400] "GET /items/hqfxf255/9702?key=operating HTTP/1.1" 500 1245 "-" "Mozilla/5.0 (compatible; DataForSeoBot/1.0; +https://dataforseo.com/dataforseo-bot)"
136.243.228.180 - - [14/Apr/2025:06:37:32 -0400] "GET /items/gsikh268/311?key=sprinkle HTTP/1.1" 500 1245 "-" "Mozilla/5.0 (compatible; DataForSeoBot/1.0; +https://dataforseo.com/dataforseo-bot)"
65.21.113.206 - - [14/Apr/2025:06:37:35 -0400] "GET /search.php?items/zdahl69/46551?key=effect HTTP/1.1" 200 110023 "-" "Mozilla/5.0 (compatible; AwarioBot/1.0; +https://awario.com/bots.html)"
136.243.228.180 - - [14/Apr/2025:06:37:37 -0400] "GET /items/ezitx118/32417?key=fight HTTP/1.1" 500 1245 "-" "Mozilla/5.0 (compatible; DataForSeoBot/1.0; +https://dataforseo.com/dataforseo-bot)"
136.243.228.180 - - [14/Apr/2025:06:37:41 -0400] "GET /items/jxuue99/28245?key=Arab HTTP/1.1" 500 1245 "-" "Mozilla/5.0 (compatible; DataForSeoBot/1.0; +https://dataforseo.com/dataforseo-bot)"
65.21.113.206 - - [14/Apr/2025:06:37:44 -0400] "GET /search.php?items/zdnrt129/1045?key=village HTTP/1.1" 200 109093 "-" "Mozilla/5.0 (compatible; AwarioBot/1.0; +https://awario.com/bots.html)"
136.243.228.180 - - [14/Apr/2025:06:37:45 -0400] "GET /items/rovye252/30884?key=punishment HTTP/1.1" 500 1245 "-" "Mozilla/5.0 (compatible; DataForSeoBot/1.0; +https://dataforseo.com/dataforseo-bot)"
20.171.207.13 - - [14/Apr/2025:06:37:45 -0400] "GET /items/sxqri136/28613?key=cloth HTTP/1.1" 500 1245 "-" "Mozilla/5.0 AppleWebKit/537.36 (KHTML, like Gecko; compatible; GPTBot/1.2; +https://openai.com/gptbot)"
136.243.228.180 - - [14/Apr/2025:06:37:49 -0400] "GET /items/rxjxy42/17564?key=ultimate HTTP/1.1" 500 1245 "-" "Mozilla/5.0 (compatible; DataForSeoBot/1.0; +https://dataforseo.com/dataforseo-bot)"
136.243.228.180 - - [14/Apr/2025:06:37:51 -0400] "GET /items/roorw78/18402?key=asleep HTTP/1.1" 500 1245 "-" "Mozilla/5.0 (compatible; DataForSeoBot/1.0; +https://dataforseo.com/dataforseo-bot)"
65.21.113.206 - - [14/Apr/2025:06:37:53 -0400] "GET /search.php?items/zergr176/14584?key=surgeon HTTP/1.1" 200 109394 "-" "Mozilla/5.0 (compatible; AwarioBot/1.0; +https://awario.com/bots.html)"
136.243.228.180 - - [14/Apr/2025:06:37:56 -0400] "GET /items/qimuh192/17765?key=glad HTTP/1.1" 500 1245 "-" "Mozilla/5.0 (compatible; DataForSeoBot/1.0; +https://dataforseo.com/dataforseo-bot)"
136.243.228.180 - - [14/Apr/2025:06:38:00 -0400] "GET /items/mbkbf126/14688?key=expert HTTP/1.1" 500 1245 "-" "Mozilla/5.0 (compatible; DataForSeoBot/1.0; +https://dataforseo.com/dataforseo-bot)"
65.21.113.206 - - [14/Apr/2025:06:38:02 -0400] "GET /search.php?items/zerpr223/22273?key=sector HTTP/1.1" 200 110228 "-" "Mozilla/5.0 (compatible; AwarioBot/1.0; +https://awario.com/bots.html)"
136.243.228.180 - - [14/Apr/2025:06:38:04 -0400] "GET /items/mqitm38/24181?key=Islam HTTP/1.1" 500 1245 "-" "Mozilla/5.0 (compatible; DataForSeoBot/1.0; +https://dataforseo.com/dataforseo-bot)"
136.243.228.180 - - [14/Apr/2025:06:38:08 -0400] "GET /items/gicaf248/42588?key=combination HTTP/1.1" 500 1245 "-" "Mozilla/5.0 (compatible; DataForSeoBot/1.0; +https://dataforseo.com/dataforseo-bot)"
65.21.113.206 - - [14/Apr/2025:06:38:10 -0400] "GET /search.php?items/zewgm26/5212?key=lunch HTTP/1.1" 200 108324 "-" "Mozilla/5.0 (compatible; AwarioBot/1.0; +https://awario.com/bots.html)"
136.243.228.180 - - [14/Apr/2025:06:38:12 -0400] "GET /items/loibd17/3579?key=Republican HTTP/1.1" 500 1245 "-" "Mozilla/5.0 (compatible; DataForSeoBot/1.0; +https://dataforseo.com/dataforseo-bot)"
136.243.228.180 - - [14/Apr/2025:06:38:16 -0400] "GET /items/wnfwz94/1327?key=exhibition HTTP/1.1" 500 1245 "-" "Mozilla/5.0 (compatible; DataForSeoBot/1.0; +https://dataforseo.com/dataforseo-bot)"
65.21.113.206 - - [14/Apr/2025:06:38:19 -0400] "GET /search.php?items/zfaqz31/43441?key=nonetheless HTTP/1.1" 200 109240 "-" "Mozilla/5.0 (compatible; AwarioBot/1.0; +https://awario.com/bots.html)"
136.243.228.180 - - [14/Apr/2025:06:38:21 -0400] "GET /items/ysfaj35/3983?key=beauty HTTP/1.1" 500 1245 "-" "Mozilla/5.0 (compatible; DataForSeoBot/1.0; +https://dataforseo.com/dataforseo-bot)"
136.243.228.180 - - [14/Apr/2025:06:38:25 -0400] "GET /items/taefy80/24054?key=excellent HTTP/1.1" 500 1245 "-" "Mozilla/5.0 (compatible; DataForSeoBot/1.0; +https://dataforseo.com/dataforseo-bot)"
136.243.228.180 - - [14/Apr/2025:06:38:29 -0400] "GET /items/ziyqk161/12162?key=regime HTTP/1.1" 500 1245 "-" "Mozilla/5.0 (compatible; DataForSeoBot/1.0; +https://dataforseo.com/dataforseo-bot)"
65.21.113.206 - - [14/Apr/2025:06:38:29 -0400] "GET /search.php?items/zfdbq62/9342?key=old-fashioned HTTP/1.1" 200 108406 "-" "Mozilla/5.0 (compatible; AwarioBot/1.0; +https://awario.com/bots.html)"
136.243.228.180 - - [14/Apr/2025:06:38:32 -0400] "GET /items/perdf215/33982?key=source HTTP/1.1" 500 1245 "-" "Mozilla/5.0 (compatible; DataForSeoBot/1.0; +https://dataforseo.com/dataforseo-bot)"
136.243.228.180 - - [14/Apr/2025:06:38:37 -0400] "GET /items/djrwz170/36573?key=season HTTP/1.1" 500 1245 "-" "Mozilla/5.0 (compatible; DataForSeoBot/1.0; +https://dataforseo.com/dataforseo-bot)"
65.21.113.206 - - [14/Apr/2025:06:38:38 -0400] "GET /search.php?items/zfdwn118/41106?key=excellent HTTP/1.1" 200 109454 "-" "Mozilla/5.0 (compatible; AwarioBot/1.0; +https://awario.com/bots.html)"
136.243.228.180 - - [14/Apr/2025:06:38:41 -0400] "GET /items/zemlz117/36048?key=northeast HTTP/1.1" 500 1245 "-" "Mozilla/5.0 (compatible; DataForSeoBot/1.0; +https://dataforseo.com/dataforseo-bot)"
65.21.113.206 - - [14/Apr/2025:06:38:43 -0400] "GET /search.php?items/zfvia154/12026?key=clean HTTP/1.1" 200 109045 "-" "Mozilla/5.0 (compatible; AwarioBot/1.0; +https://awario.com/bots.html)"
136.243.228.180 - - [14/Apr/2025:06:38:44 -0400] "GET /items/llkgz52/40900?key=architect HTTP/1.1" 500 1245 "-" "Mozilla/5.0 (compatible; DataForSeoBot/1.0; +https://dataforseo.com/dataforseo-bot)"
136.243.228.180 - - [14/Apr/2025:06:38:47 -0400] "GET /items/ovvcj167/264?key=automatically HTTP/1.1" 500 1245 "-" "Mozilla/5.0 (compatible; DataForSeoBot/1.0; +https://dataforseo.com/dataforseo-bot)"
65.21.113.206 - - [14/Apr/2025:06:38:48 -0400] "GET /search.php?items/zfwin178/26468?key=destination HTTP/1.1" 200 108524 "-" "Mozilla/5.0 (compatible; AwarioBot/1.0; +https://awario.com/bots.html)"
20.171.207.13 - - [14/Apr/2025:06:38:48 -0400] "GET /items/zmbfl240/29569?key=prime HTTP/1.1" 500 1245 "-" "Mozilla/5.0 AppleWebKit/537.36 (KHTML, like Gecko; compatible; GPTBot/1.2; +https://openai.com/gptbot)"
136.243.228.180 - - [14/Apr/2025:06:38:52 -0400] "GET /items/vdxgk50/47090?key=hike HTTP/1.1" 500 1245 "-" "Mozilla/5.0 (compatible; DataForSeoBot/1.0; +https://dataforseo.com/dataforseo-bot)"
65.21.113.206 - - [14/Apr/2025:06:38:54 -0400] "GET /search.php?items/zgfxj58/29260?key=collapse HTTP/1.1" 200 109615 "-" "Mozilla/5.0 (compatible; AwarioBot/1.0; +https://awario.com/bots.html)"
136.243.228.180 - - [14/Apr/2025:06:38:57 -0400] "GET /items/azovw224/34707?key=skirt HTTP/1.1" 500 1245 "-" "Mozilla/5.0 (compatible; DataForSeoBot/1.0; +https://dataforseo.com/dataforseo-bot)"
136.243.228.180 - - [14/Apr/2025:06:39:01 -0400] "GET /items/bpnvz174/19406?key=highway HTTP/1.1" 500 1245 "-" "Mozilla/5.0 (compatible; DataForSeoBot/1.0; +https://dataforseo.com/dataforseo-bot)"
65.21.113.206 - - [14/Apr/2025:06:39:01 -0400] "GET /search.php?items/zgzwn3/31299?key=tired HTTP/1.1" 200 109841 "-" "Mozilla/5.0 (compatible; AwarioBot/1.0; +https://awario.com/bots.html)"
136.243.228.180 - - [14/Apr/2025:06:39:04 -0400] "GET /items/rlwqw119/47323?key=managing HTTP/1.1" 500 1245 "-" "Mozilla/5.0 (compatible; DataForSeoBot/1.0; +https://dataforseo.com/dataforseo-bot)"
65.21.113.206 - - [14/Apr/2025:06:39:07 -0400] "GET /search.php?items/zhhzp25/24827?key=policeman HTTP/1.1" 200 108479 "-" "Mozilla/5.0 (compatible; AwarioBot/1.0; +https://awario.com/bots.html)"
136.243.228.180 - - [14/Apr/2025:06:39:10 -0400] "GET /items/zubro190/7962?key=approach HTTP/1.1" 500 1245 "-" "Mozilla/5.0 (compatible; DataForSeoBot/1.0; +https://dataforseo.com/dataforseo-bot)"
136.243.228.180 - - [14/Apr/2025:06:39:13 -0400] "GET /items/rtebq273/27354?key=landmark HTTP/1.1" 500 1245 "-" "Mozilla/5.0 (compatible; DataForSeoBot/1.0; +https://dataforseo.com/dataforseo-bot)"
65.21.113.206 - - [14/Apr/2025:06:39:13 -0400] "GET /search.php?items/zhine3/30785?key=dress HTTP/1.1" 200 109442 "-" "Mozilla/5.0 (compatible; AwarioBot/1.0; +https://awario.com/bots.html)"
136.243.228.180 - - [14/Apr/2025:06:39:17 -0400] "GET /items/bpjhu70/36413?key=laser HTTP/1.1" 500 1245 "-" "Mozilla/5.0 (compatible; DataForSeoBot/1.0; +https://dataforseo.com/dataforseo-bot)"
65.21.113.206 - - [14/Apr/2025:06:39:18 -0400] "GET /search.php?items/zilbj123/43437?key=plenty HTTP/1.1" 200 108131 "-" "Mozilla/5.0 (compatible; AwarioBot/1.0; +https://awario.com/bots.html)"
136.243.228.180 - - [14/Apr/2025:06:39:21 -0400] "GET /items/cvogb47/49752?key=inspection HTTP/1.1" 500 1245 "-" "Mozilla/5.0 (compatible; DataForSeoBot/1.0; +https://dataforseo.com/dataforseo-bot)"
136.243.228.180 - - [14/Apr/2025:06:39:25 -0400] "GET /items/fgadv112/1003?key=viewer HTTP/1.1" 500 1245 "-" "Mozilla/5.0 (compatible; DataForSeoBot/1.0; +https://dataforseo.com/dataforseo-bot)"
65.21.113.206 - - [14/Apr/2025:06:39:25 -0400] "GET /search.php?items/zimlw209/43829?key=improve HTTP/1.1" 200 110265 "-" "Mozilla/5.0 (compatible; AwarioBot/1.0; +https://awario.com/bots.html)"
136.243.228.180 - - [14/Apr/2025:06:39:29 -0400] "GET /items/zzgxm187/15063?key=array HTTP/1.1" 500 1245 "-" "Mozilla/5.0 (compatible; DataForSeoBot/1.0; +https://dataforseo.com/dataforseo-bot)"
65.21.113.206 - - [14/Apr/2025:06:39:31 -0400] "GET /search.php?items/zirzm240/31638?key=which HTTP/1.1" 200 108652 "-" "Mozilla/5.0 (compatible; AwarioBot/1.0; +https://awario.com/bots.html)"
136.243.228.180 - - [14/Apr/2025:06:39:33 -0400] "GET /items/zxqit90/11679?key=quarter HTTP/1.1" 500 1245 "-" "Mozilla/5.0 (compatible; DataForSeoBot/1.0; +https://dataforseo.com/dataforseo-bot)"
136.243.228.180 - - [14/Apr/2025:06:39:40 -0400] "GET /items/rbixj200/11838?key=eligible HTTP/1.1" 500 1245 "-" "Mozilla/5.0 (compatible; DataForSeoBot/1.0; +https://dataforseo.com/dataforseo-bot)"
65.21.113.206 - - [14/Apr/2025:06:39:40 -0400] "GET /search.php?items/ziyvf155/32425?key=adult HTTP/1.1" 200 109143 "-" "Mozilla/5.0 (compatible; AwarioBot/1.0; +https://awario.com/bots.html)"
136.243.228.180 - - [14/Apr/2025:06:39:43 -0400] "GET /items/zmdya161/33142?key=classic HTTP/1.1" 500 1245 "-" "Mozilla/5.0 (compatible; DataForSeoBot/1.0; +https://dataforseo.com/dataforseo-bot)"
198.54.114.83 - - [14/Apr/2025:06:39:49 -0400] "POST /wp-cron.php?doing_wp_cron=1744627187.6285550594329833984375 HTTP/1.1" 200 0 "-" "WordPress/6.7.2; https://bayrampasaspor.com"
136.243.228.180 - - [14/Apr/2025:06:39:47 -0400] "GET /items/bnutd23/49200?key=lap HTTP/1.1" 500 1245 "-" "Mozilla/5.0 (compatible; DataForSeoBot/1.0; +https://dataforseo.com/dataforseo-bot)"
65.21.113.206 - - [14/Apr/2025:06:39:48 -0400] "GET /search.php?items/zjled4/3444?key=examination HTTP/1.1" 200 108736 "-" "Mozilla/5.0 (compatible; AwarioBot/1.0; +https://awario.com/bots.html)"
20.171.207.13 - - [14/Apr/2025:06:39:50 -0400] "GET /items/wjkkx267/28745?key=quit HTTP/1.1" 500 1245 "-" "Mozilla/5.0 AppleWebKit/537.36 (KHTML, like Gecko; compatible; GPTBot/1.2; +https://openai.com/gptbot)"
136.243.228.180 - - [14/Apr/2025:06:39:51 -0400] "GET /items/oolgd262/46809?key=pack HTTP/1.1" 500 1245 "-" "Mozilla/5.0 (compatible; DataForSeoBot/1.0; +https://dataforseo.com/dataforseo-bot)"
136.243.228.180 - - [14/Apr/2025:06:39:55 -0400] "GET /items/urknb45/3859?key=potentially HTTP/1.1" 500 1245 "-" "Mozilla/5.0 (compatible; DataForSeoBot/1.0; +https://dataforseo.com/dataforseo-bot)"
65.21.113.206 - - [14/Apr/2025:06:39:56 -0400] "GET /search.php?items/zjtdk179/31185?key=loyalty HTTP/1.1" 200 110552 "-" "Mozilla/5.0 (compatible; AwarioBot/1.0; +https://awario.com/bots.html)"
136.243.228.180 - - [14/Apr/2025:06:39:59 -0400] "GET /items/gclnf240/45601?key=wonderful HTTP/1.1" 500 1245 "-" "Mozilla/5.0 (compatible; DataForSeoBot/1.0; +https://dataforseo.com/dataforseo-bot)"
65.21.113.206 - - [14/Apr/2025:06:40:01 -0400] "GET /search.php?items/zjvkg154/44330?key=tent HTTP/1.1" 200 110240 "-" "Mozilla/5.0 (compatible; AwarioBot/1.0; +https://awario.com/bots.html)"
136.243.228.180 - - [14/Apr/2025:06:40:05 -0400] "GET /items/eeaxx228/1484?key=astronomer HTTP/1.1" 500 1245 "-" "Mozilla/5.0 (compatible; DataForSeoBot/1.0; +https://dataforseo.com/dataforseo-bot)"
136.243.228.180 - - [14/Apr/2025:06:40:09 -0400] "GET /items/xjkhp114/24331?key=fisherman HTTP/1.1" 500 1245 "-" "Mozilla/5.0 (compatible; DataForSeoBot/1.0; +https://dataforseo.com/dataforseo-bot)"
65.21.113.206 - - [14/Apr/2025:06:40:10 -0400] "GET /search.php?items/zjwpk81/45099?key=shirt HTTP/1.1" 200 109924 "-" "Mozilla/5.0 (compatible; AwarioBot/1.0; +https://awario.com/bots.html)"
136.243.228.180 - - [14/Apr/2025:06:40:12 -0400] "GET /items/uoxnv289/16153?key=serving HTTP/1.1" 500 1245 "-" "Mozilla/5.0 (compatible; DataForSeoBot/1.0; +https://dataforseo.com/dataforseo-bot)"
136.243.228.180 - - [14/Apr/2025:06:40:17 -0400] "GET /items/xsedw243/33946?key=importance HTTP/1.1" 500 1245 "-" "Mozilla/5.0 (compatible; DataForSeoBot/1.0; +https://dataforseo.com/dataforseo-bot)"
65.21.113.206 - - [14/Apr/2025:06:40:17 -0400] "GET /search.php?items/zkfax207/35699?key=family HTTP/1.1" 200 108594 "-" "Mozilla/5.0 (compatible; AwarioBot/1.0; +https://awario.com/bots.html)"
136.243.228.180 - - [14/Apr/2025:06:40:20 -0400] "GET /items/lvzau104/45979?key=behavior HTTP/1.1" 500 1245 "-" "Mozilla/5.0 (compatible; DataForSeoBot/1.0; +https://dataforseo.com/dataforseo-bot)"
136.243.228.180 - - [14/Apr/2025:06:40:24 -0400] "GET /items/lsult226/9855?key=recommend HTTP/1.1" 500 1245 "-" "Mozilla/5.0 (compatible; DataForSeoBot/1.0; +https://dataforseo.com/dataforseo-bot)"
65.21.113.206 - - [14/Apr/2025:06:40:24 -0400] "GET /search.php?items/zkovt223/45549?key=marriage HTTP/1.1" 200 109756 "-" "Mozilla/5.0 (compatible; AwarioBot/1.0; +https://awario.com/bots.html)"
136.243.228.180 - - [14/Apr/2025:06:40:28 -0400] "GET /items/ntudl298/43253?key=lay HTTP/1.1" 500 1245 "-" "Mozilla/5.0 (compatible; DataForSeoBot/1.0; +https://dataforseo.com/dataforseo-bot)"
