20.171.207.13 - - [14/Apr/2025:08:18:15 -0400] "GET /items/dwfsa197/42599?key=index HTTP/1.1" 500 1245 "-" "Mozilla/5.0 AppleWebKit/537.36 (KHTML, like Gecko; compatible; GPTBot/1.2; +https://openai.com/gptbot)"
136.243.228.180 - - [14/Apr/2025:08:18:17 -0400] "GET /items/ornld2/9881?key=superior HTTP/1.1" 500 1245 "-" "Mozilla/5.0 (compatible; DataForSeoBot/1.0; +https://dataforseo.com/dataforseo-bot)"
65.21.113.206 - - [14/Apr/2025:08:18:18 -0400] "GET /search.php?m205026542?srsltid=AfmBOoDywkzuVJqjTYznBW_8TqsRiJAho_UHQYERG0-M-9GfJO5EuP HTTP/1.1" 200 109542 "-" "Mozilla/5.0 (compatible; AwarioBot/1.0; +https://awario.com/bots.html)"
136.243.228.180 - - [14/Apr/2025:08:18:21 -0400] "GET /items/trloz91/33496?key=or HTTP/1.1" 500 1245 "-" "Mozilla/5.0 (compatible; DataForSeoBot/1.0; +https://dataforseo.com/dataforseo-bot)"
136.243.228.180 - - [14/Apr/2025:08:18:25 -0400] "GET /items/gtxxy120/12341?key=metal HTTP/1.1" 500 1245 "-" "Mozilla/5.0 (compatible; DataForSeoBot/1.0; +https://dataforseo.com/dataforseo-bot)"
65.21.113.206 - - [14/Apr/2025:08:18:25 -0400] "GET /search.php?m205041852?srsltid=AfmBOoDmQDfDnqdK7WI5nX_OkQ2SW3ePF_5YvjIDMS-O-RHpTOuKhr HTTP/1.1" 200 109472 "-" "Mozilla/5.0 (compatible; AwarioBot/1.0; +https://awario.com/bots.html)"
136.243.228.180 - - [14/Apr/2025:08:18:29 -0400] "GET /items/vzehz90/2621?key=nest HTTP/1.1" 500 1245 "-" "Mozilla/5.0 (compatible; DataForSeoBot/1.0; +https://dataforseo.com/dataforseo-bot)"
65.21.113.206 - - [14/Apr/2025:08:18:30 -0400] "GET /search.php?m206000013?srsltid=AfmBOotPzsZpGWPkWAsDVk_g24ewiZBS6_sTWvxkL2-Y-LcQWYyag1 HTTP/1.1" 200 110282 "-" "Mozilla/5.0 (compatible; AwarioBot/1.0; +https://awario.com/bots.html)"
136.243.228.180 - - [14/Apr/2025:08:18:34 -0400] "GET /items/rbxdu82/37234?key=victory HTTP/1.1" 500 1245 "-" "Mozilla/5.0 (compatible; DataForSeoBot/1.0; +https://dataforseo.com/dataforseo-bot)"
65.21.113.206 - - [14/Apr/2025:08:18:36 -0400] "GET /search.php?m206018271?srsltid=AfmBOoowioOTlccphML8KT_erNiD8IBMh_mDLtMW98-B-0To4ZiY8H HTTP/1.1" 200 108783 "-" "Mozilla/5.0 (compatible; AwarioBot/1.0; +https://awario.com/bots.html)"
198.54.114.83 - - [14/Apr/2025:08:18:38 -0400] "POST /wp-cron.php?doing_wp_cron=1744633118.0676031112670898437500 HTTP/1.1" 403 1242 "-" "WordPress/6.7.2; https://bayrampasaspor.com"
136.243.228.180 - - [14/Apr/2025:08:18:37 -0400] "GET /items/fqufv100/37321?key=opera HTTP/1.1" 500 1245 "-" "Mozilla/5.0 (compatible; DataForSeoBot/1.0; +https://dataforseo.com/dataforseo-bot)"
65.21.113.206 - - [14/Apr/2025:08:18:41 -0400] "GET /search.php?m206024819?srsltid=AfmBOorxalPDxbRYEyjoSi_biMfV4ONZK_nJYOtUBw-V-4mcdJIo4f HTTP/1.1" 200 109662 "-" "Mozilla/5.0 (compatible; AwarioBot/1.0; +https://awario.com/bots.html)"
136.243.228.180 - - [14/Apr/2025:08:18:42 -0400] "GET /items/nkupe170/6143?key=mandate HTTP/1.1" 500 1245 "-" "Mozilla/5.0 (compatible; DataForSeoBot/1.0; +https://dataforseo.com/dataforseo-bot)"
136.243.228.180 - - [14/Apr/2025:08:18:45 -0400] "GET /items/jrwzp45/20199?key=differ HTTP/1.1" 500 1245 "-" "Mozilla/5.0 (compatible; DataForSeoBot/1.0; +https://dataforseo.com/dataforseo-bot)"
65.21.113.206 - - [14/Apr/2025:08:18:45 -0400] "GET /search.php?m206028241?srsltid=AfmBOoBBQdFzflhnnWkLoy_ERnPe6IeXp_xeAm7Qmr-L-jRSpRbm90 HTTP/1.1" 200 108524 "-" "Mozilla/5.0 (compatible; AwarioBot/1.0; +https://awario.com/bots.html)"
136.243.228.180 - - [14/Apr/2025:08:18:49 -0400] "GET /items/spfds276/8196?key=trim HTTP/1.1" 500 1245 "-" "Mozilla/5.0 (compatible; DataForSeoBot/1.0; +https://dataforseo.com/dataforseo-bot)"
65.21.113.206 - - [14/Apr/2025:08:18:49 -0400] "GET /search.php?m206042075?srsltid=AfmBOovBEFGWAiMNCIVo83_kgJV2gE3pK_9y5x98Eh-Y-ZdPq4u57g HTTP/1.1" 200 110097 "-" "Mozilla/5.0 (compatible; AwarioBot/1.0; +https://awario.com/bots.html)"
136.243.228.180 - - [14/Apr/2025:08:18:53 -0400] "GET /items/rsgon47/35142?key=vessel HTTP/1.1" 500 1245 "-" "Mozilla/5.0 (compatible; DataForSeoBot/1.0; +https://dataforseo.com/dataforseo-bot)"
65.21.113.206 - - [14/Apr/2025:08:18:54 -0400] "GET /search.php?m206043939?srsltid=AfmBOoNxnyyiYqsiAKEz96_jNFitBQ7RV_ckTQvZ4W-D-kryL29iyl HTTP/1.1" 200 110422 "-" "Mozilla/5.0 (compatible; AwarioBot/1.0; +https://awario.com/bots.html)"
136.243.228.180 - - [14/Apr/2025:08:18:57 -0400] "GET /items/fricu106/24402?key=wedding HTTP/1.1" 500 1245 "-" "Mozilla/5.0 (compatible; DataForSeoBot/1.0; +https://dataforseo.com/dataforseo-bot)"
65.21.113.206 - - [14/Apr/2025:08:19:00 -0400] "GET /search.php?m206048881?srsltid=AfmBOoCcnvtpOThHFe5eCU_a7aonzZyPX_ol9tCQzb-U-Sb94glfMh HTTP/1.1" 200 108648 "-" "Mozilla/5.0 (compatible; AwarioBot/1.0; +https://awario.com/bots.html)"
136.243.228.180 - - [14/Apr/2025:08:19:01 -0400] "GET /items/qeasd104/9632?key=or HTTP/1.1" 500 1245 "-" "Mozilla/5.0 (compatible; DataForSeoBot/1.0; +https://dataforseo.com/dataforseo-bot)"
136.243.228.180 - - [14/Apr/2025:08:19:05 -0400] "GET /items/rwgeq164/1877?key=counter HTTP/1.1" 500 1245 "-" "Mozilla/5.0 (compatible; DataForSeoBot/1.0; +https://dataforseo.com/dataforseo-bot)"
65.21.113.206 - - [14/Apr/2025:08:19:06 -0400] "GET /search.php?m207021554?srsltid=AfmBOoKzkaTJggCRaAYror_OmeieUMefr_tXQX7IXq-A-dIj6IkHRY HTTP/1.1" 200 108604 "-" "Mozilla/5.0 (compatible; AwarioBot/1.0; +https://awario.com/bots.html)"
136.243.228.180 - - [14/Apr/2025:08:19:09 -0400] "GET /items/zqmja209/20567?key=pour HTTP/1.1" 500 1245 "-" "Mozilla/5.0 (compatible; DataForSeoBot/1.0; +https://dataforseo.com/dataforseo-bot)"
65.21.113.206 - - [14/Apr/2025:08:19:12 -0400] "GET /search.php?m207022658?srsltid=AfmBOoRMjzDeTcEAEUWpoe_ymfkbIRAjY_KazRrZb9-Y-kK2Y9dDrD HTTP/1.1" 200 109523 "-" "Mozilla/5.0 (compatible; AwarioBot/1.0; +https://awario.com/bots.html)"
136.243.228.180 - - [14/Apr/2025:08:19:13 -0400] "GET /items/otjdm45/22132?key=million HTTP/1.1" 500 1245 "-" "Mozilla/5.0 (compatible; DataForSeoBot/1.0; +https://dataforseo.com/dataforseo-bot)"
20.171.207.13 - - [14/Apr/2025:08:19:15 -0400] "GET /items/oekpa289/23884?key=index HTTP/1.1" 500 1245 "-" "Mozilla/5.0 AppleWebKit/537.36 (KHTML, like Gecko; compatible; GPTBot/1.2; +https://openai.com/gptbot)"
65.21.113.206 - - [14/Apr/2025:08:19:17 -0400] "GET /search.php?m207028512?srsltid=AfmBOoxGCkbegWaRE3HltV_cSd0g9FOIQ_qwptzCMu-H-AfhqpDvq3 HTTP/1.1" 200 110112 "-" "Mozilla/5.0 (compatible; AwarioBot/1.0; +https://awario.com/bots.html)"
136.243.228.180 - - [14/Apr/2025:08:19:17 -0400] "GET /items/iimgp299/22025?key=pursue HTTP/1.1" 500 1245 "-" "Mozilla/5.0 (compatible; DataForSeoBot/1.0; +https://dataforseo.com/dataforseo-bot)"
136.243.228.180 - - [14/Apr/2025:08:19:21 -0400] "GET /items/pxvvp18/31485?key=collar HTTP/1.1" 500 1245 "-" "Mozilla/5.0 (compatible; DataForSeoBot/1.0; +https://dataforseo.com/dataforseo-bot)"
65.21.113.206 - - [14/Apr/2025:08:19:23 -0400] "GET /search.php?m207031578?srsltid=AfmBOoNCVqcvppmmavYrhq_n4du9GBcVa_pLqX98dc-V-5mxbJntsV HTTP/1.1" 200 109459 "-" "Mozilla/5.0 (compatible; AwarioBot/1.0; +https://awario.com/bots.html)"
136.243.228.180 - - [14/Apr/2025:08:19:25 -0400] "GET /items/ziznr87/20240?key=entertainment HTTP/1.1" 500 1245 "-" "Mozilla/5.0 (compatible; DataForSeoBot/1.0; +https://dataforseo.com/dataforseo-bot)"
65.21.113.206 - - [14/Apr/2025:08:19:28 -0400] "GET /search.php?m207035910?srsltid=AfmBOoJlbvGNHmJSoXIzlX_d4FNdABy1m_hVmEf8Rt-D-RYSF265qt HTTP/1.1" 200 108868 "-" "Mozilla/5.0 (compatible; AwarioBot/1.0; +https://awario.com/bots.html)"
136.243.228.180 - - [14/Apr/2025:08:19:29 -0400] "GET /items/kcxki297/22765?key=rocket HTTP/1.1" 500 1245 "-" "Mozilla/5.0 (compatible; DataForSeoBot/1.0; +https://dataforseo.com/dataforseo-bot)"
136.243.228.180 - - [14/Apr/2025:08:19:33 -0400] "GET /items/fowte300/18575?key=repair HTTP/1.1" 500 1245 "-" "Mozilla/5.0 (compatible; DataForSeoBot/1.0; +https://dataforseo.com/dataforseo-bot)"
65.21.113.206 - - [14/Apr/2025:08:19:35 -0400] "GET /search.php?m207041812?srsltid=AfmBOoIxrPWfCEhIfMLvEd_il4wFkNX78_1FhM2Elc-A-bnkdt24fp HTTP/1.1" 200 110199 "-" "Mozilla/5.0 (compatible; AwarioBot/1.0; +https://awario.com/bots.html)"
198.54.114.83 - - [14/Apr/2025:08:19:38 -0400] "POST /wp-cron.php?doing_wp_cron=1744633178.1772758960723876953125 HTTP/1.1" 403 1242 "-" "WordPress/6.7.2; https://bayrampasaspor.com"
136.243.228.180 - - [14/Apr/2025:08:19:37 -0400] "GET /items/impwy276/7153?key=mark HTTP/1.1" 500 1245 "-" "Mozilla/5.0 (compatible; DataForSeoBot/1.0; +https://dataforseo.com/dataforseo-bot)"
65.21.113.206 - - [14/Apr/2025:08:19:40 -0400] "GET /search.php?m208020367?srsltid=AfmBOonARgxMvLUE4ucQNS_5Ejus6Kx7q_nrcaGfV2-L-QZLatV9KD HTTP/1.1" 200 110305 "-" "Mozilla/5.0 (compatible; AwarioBot/1.0; +https://awario.com/bots.html)"
136.243.228.180 - - [14/Apr/2025:08:19:41 -0400] "GET /items/thcwb181/23888?key=station HTTP/1.1" 500 1245 "-" "Mozilla/5.0 (compatible; DataForSeoBot/1.0; +https://dataforseo.com/dataforseo-bot)"
136.243.228.180 - - [14/Apr/2025:08:19:45 -0400] "GET /items/unnmw274/40574?key=interval HTTP/1.1" 500 1245 "-" "Mozilla/5.0 (compatible; DataForSeoBot/1.0; +https://dataforseo.com/dataforseo-bot)"
65.21.113.206 - - [14/Apr/2025:08:19:47 -0400] "GET /search.php?m208039667?srsltid=AfmBOoZCtiZiMWVaZwNkwj_x17x489it7_RSVK9cXi-B-94K2zRdXv HTTP/1.1" 200 111117 "-" "Mozilla/5.0 (compatible; AwarioBot/1.0; +https://awario.com/bots.html)"
136.243.228.180 - - [14/Apr/2025:08:19:49 -0400] "GET /items/jcrkj141/14755?key=appointment HTTP/1.1" 500 1245 "-" "Mozilla/5.0 (compatible; DataForSeoBot/1.0; +https://dataforseo.com/dataforseo-bot)"
65.21.113.206 - - [14/Apr/2025:08:19:52 -0400] "GET /search.php?m208044741?srsltid=AfmBOoLjYgTgJkdYPDBukY_Mx8ZCPA6Et_7wGKPi1F-U-kfgrSLWz4 HTTP/1.1" 200 108946 "-" "Mozilla/5.0 (compatible; AwarioBot/1.0; +https://awario.com/bots.html)"
136.243.228.180 - - [14/Apr/2025:08:19:53 -0400] "GET /items/fctjn80/4800?key=existing HTTP/1.1" 500 1245 "-" "Mozilla/5.0 (compatible; DataForSeoBot/1.0; +https://dataforseo.com/dataforseo-bot)"
136.243.228.180 - - [14/Apr/2025:08:19:57 -0400] "GET /items/hwwqb152/39518?key=slide HTTP/1.1" 500 1245 "-" "Mozilla/5.0 (compatible; DataForSeoBot/1.0; +https://dataforseo.com/dataforseo-bot)"
65.21.113.206 - - [14/Apr/2025:08:19:57 -0400] "GET /search.php?m209003734?srsltid=AfmBOoXjnKtmIQNzB9Es0z_12Wno4oJlB_6bG0o02n-Y-NFpFw6T0K HTTP/1.1" 200 108917 "-" "Mozilla/5.0 (compatible; AwarioBot/1.0; +https://awario.com/bots.html)"
136.243.228.180 - - [14/Apr/2025:08:20:01 -0400] "GET /items/biens237/47135?key=same HTTP/1.1" 500 1245 "-" "Mozilla/5.0 (compatible; DataForSeoBot/1.0; +https://dataforseo.com/dataforseo-bot)"
65.21.113.206 - - [14/Apr/2025:08:20:03 -0400] "GET /search.php?m209024994?srsltid=AfmBOobxGyuLBIehcVB8Go_N5lXtmJzvw_IEWc3uTb-Y-e3vk4b027 HTTP/1.1" 200 109008 "-" "Mozilla/5.0 (compatible; AwarioBot/1.0; +https://awario.com/bots.html)"
136.243.228.180 - - [14/Apr/2025:08:20:05 -0400] "GET /items/fgtmx202/19931?key=butterfly HTTP/1.1" 500 1245 "-" "Mozilla/5.0 (compatible; DataForSeoBot/1.0; +https://dataforseo.com/dataforseo-bot)"
136.243.228.180 - - [14/Apr/2025:08:20:09 -0400] "GET /items/wgytz266/43140?key=coverage HTTP/1.1" 500 1245 "-" "Mozilla/5.0 (compatible; DataForSeoBot/1.0; +https://dataforseo.com/dataforseo-bot)"
65.21.113.206 - - [14/Apr/2025:08:20:09 -0400] "GET /search.php?m209039468?srsltid=AfmBOoAkEsQpikUn8Lwvz7_LPODqOwS9D_acWpcnl7-Z-SQBDZnS1c HTTP/1.1" 200 110306 "-" "Mozilla/5.0 (compatible; AwarioBot/1.0; +https://awario.com/bots.html)"
136.243.228.180 - - [14/Apr/2025:08:20:14 -0400] "GET /items/hktag20/33952?key=Arab HTTP/1.1" 500 1245 "-" "Mozilla/5.0 (compatible; DataForSeoBot/1.0; +https://dataforseo.com/dataforseo-bot)"
65.21.113.206 - - [14/Apr/2025:08:20:16 -0400] "GET /search.php?m209048160?srsltid=AfmBOovPShZysFex8okhlm_x850MNQcNe_gNWvTVDT-Q-Vvg5TgczB HTTP/1.1" 200 110739 "-" "Mozilla/5.0 (compatible; AwarioBot/1.0; +https://awario.com/bots.html)"
20.171.207.13 - - [14/Apr/2025:08:20:17 -0400] "GET /items/cixyj9/46098?key=doubt HTTP/1.1" 500 1245 "-" "Mozilla/5.0 AppleWebKit/537.36 (KHTML, like Gecko; compatible; GPTBot/1.2; +https://openai.com/gptbot)"
136.243.228.180 - - [14/Apr/2025:08:20:18 -0400] "GET /items/ppfkx58/18524?key=biology HTTP/1.1" 500 1245 "-" "Mozilla/5.0 (compatible; DataForSeoBot/1.0; +https://dataforseo.com/dataforseo-bot)"
65.21.113.206 - - [14/Apr/2025:08:20:21 -0400] "GET /search.php?m210041143?srsltid=AfmBOoTovcToNXlje4l572_DIHl4oZPSO_BWSigz4v-E-YAKRxHD5V HTTP/1.1" 200 109637 "-" "Mozilla/5.0 (compatible; AwarioBot/1.0; +https://awario.com/bots.html)"
136.243.228.180 - - [14/Apr/2025:08:20:21 -0400] "GET /items/tagqz56/36810?key=seriously HTTP/1.1" 500 1245 "-" "Mozilla/5.0 (compatible; DataForSeoBot/1.0; +https://dataforseo.com/dataforseo-bot)"
136.243.228.180 - - [14/Apr/2025:08:20:25 -0400] "GET /items/xjyfg69/24540?key=convert HTTP/1.1" 500 1245 "-" "Mozilla/5.0 (compatible; DataForSeoBot/1.0; +https://dataforseo.com/dataforseo-bot)"
65.21.113.206 - - [14/Apr/2025:08:20:26 -0400] "GET /search.php?m210044429?srsltid=AfmBOoIfHBubpaConTLcpr_JiLFBLkXu2_sSaZSBXx-C-RHMfntdR6 HTTP/1.1" 200 109390 "-" "Mozilla/5.0 (compatible; AwarioBot/1.0; +https://awario.com/bots.html)"
136.243.228.180 - - [14/Apr/2025:08:20:29 -0400] "GET /items/ieaue232/47807?key=wander HTTP/1.1" 500 1245 "-" "Mozilla/5.0 (compatible; DataForSeoBot/1.0; +https://dataforseo.com/dataforseo-bot)"
65.21.113.206 - - [14/Apr/2025:08:20:30 -0400] "GET /search.php?m210047591?srsltid=AfmBOovvtNdvunPve6UaA8_FBH4U6wmZ6_wi76Tg12-N-2wENDRExD HTTP/1.1" 200 108729 "-" "Mozilla/5.0 (compatible; AwarioBot/1.0; +https://awario.com/bots.html)"
136.243.228.180 - - [14/Apr/2025:08:20:33 -0400] "GET /items/dwqfg2/5002?key=desperately HTTP/1.1" 500 1245 "-" "Mozilla/5.0 (compatible; DataForSeoBot/1.0; +https://dataforseo.com/dataforseo-bot)"
65.21.113.206 - - [14/Apr/2025:08:20:36 -0400] "GET /search.php?m211003800?srsltid=AfmBOoUQvwxtoXBXmxYZJm_lFOkaDPtDm_wVaLgTcg-T-ae5t35G8E HTTP/1.1" 200 109587 "-" "Mozilla/5.0 (compatible; AwarioBot/1.0; +https://awario.com/bots.html)"
198.54.114.83 - - [14/Apr/2025:08:20:39 -0400] "POST /wp-cron.php?doing_wp_cron=1744633238.5949940681457519531250 HTTP/1.1" 403 1242 "-" "WordPress/6.7.2; https://bayrampasaspor.com"
136.243.228.180 - - [14/Apr/2025:08:20:38 -0400] "GET /items/ffoki177/6983?key=shrug HTTP/1.1" 500 1245 "-" "Mozilla/5.0 (compatible; DataForSeoBot/1.0; +https://dataforseo.com/dataforseo-bot)"
136.243.228.180 - - [14/Apr/2025:08:20:42 -0400] "GET /items/zakhb15/40788?key=perform HTTP/1.1" 500 1245 "-" "Mozilla/5.0 (compatible; DataForSeoBot/1.0; +https://dataforseo.com/dataforseo-bot)"
65.21.113.206 - - [14/Apr/2025:08:20:43 -0400] "GET /search.php?m211011924?srsltid=AfmBOoyASxEzBxpyhbqUqM_D0o09Ws1jX_wgwtRncS-O-4tnHG02gf HTTP/1.1" 200 109099 "-" "Mozilla/5.0 (compatible; AwarioBot/1.0; +https://awario.com/bots.html)"
136.243.228.180 - - [14/Apr/2025:08:20:45 -0400] "GET /items/jublc178/1939?key=soldier HTTP/1.1" 500 1245 "-" "Mozilla/5.0 (compatible; DataForSeoBot/1.0; +https://dataforseo.com/dataforseo-bot)"
65.21.113.206 - - [14/Apr/2025:08:20:49 -0400] "GET /search.php?m211025728?srsltid=AfmBOoNnhtsgMwnHtSMApq_i7Y0sKmpQI_yZM0tQpA-A-6haHpUA4Z HTTP/1.1" 200 109540 "-" "Mozilla/5.0 (compatible; AwarioBot/1.0; +https://awario.com/bots.html)"
136.243.228.180 - - [14/Apr/2025:08:20:51 -0400] "GET /items/nrplb269/41939?key=miss HTTP/1.1" 500 1245 "-" "Mozilla/5.0 (compatible; DataForSeoBot/1.0; +https://dataforseo.com/dataforseo-bot)"
136.243.228.180 - - [14/Apr/2025:08:20:55 -0400] "GET /items/thlia128/20869?key=civic HTTP/1.1" 500 1245 "-" "Mozilla/5.0 (compatible; DataForSeoBot/1.0; +https://dataforseo.com/dataforseo-bot)"
65.21.113.206 - - [14/Apr/2025:08:20:56 -0400] "GET /search.php?m211038260?srsltid=AfmBOokpvDjMeFnjHAydJ0_Y26B3hr2sM_0ZjMYD0u-J-HDMjuNWGa HTTP/1.1" 200 109025 "-" "Mozilla/5.0 (compatible; AwarioBot/1.0; +https://awario.com/bots.html)"
136.243.228.180 - - [14/Apr/2025:08:20:59 -0400] "GET /items/rdlgq123/356?key=bread HTTP/1.1" 500 1245 "-" "Mozilla/5.0 (compatible; DataForSeoBot/1.0; +https://dataforseo.com/dataforseo-bot)"
136.243.228.180 - - [14/Apr/2025:08:21:03 -0400] "GET /items/bzrfp297/32829?key=passing HTTP/1.1" 500 1245 "-" "Mozilla/5.0 (compatible; DataForSeoBot/1.0; +https://dataforseo.com/dataforseo-bot)"
65.21.113.206 - - [14/Apr/2025:08:21:02 -0400] "GET /search.php?m212022245?srsltid=AfmBOoKnTkBzXMtBcgP8pI_oX8wAdfsIJ_Ex5rVLgz-Y-9rNLjP2TU HTTP/1.1" 200 109043 "-" "Mozilla/5.0 (compatible; AwarioBot/1.0; +https://awario.com/bots.html)"
136.243.228.180 - - [14/Apr/2025:08:21:06 -0400] "GET /items/rxxbq130/36897?key=extra HTTP/1.1" 500 1245 "-" "Mozilla/5.0 (compatible; DataForSeoBot/1.0; +https://dataforseo.com/dataforseo-bot)"
65.21.113.206 - - [14/Apr/2025:08:21:08 -0400] "GET /search.php?m212027021?srsltid=AfmBOobRRnjjnJAljrcDhk_EKW0qKPNw2_d43sdQlO-M-NOCorpa0X HTTP/1.1" 200 110106 "-" "Mozilla/5.0 (compatible; AwarioBot/1.0; +https://awario.com/bots.html)"
136.243.228.180 - - [14/Apr/2025:08:21:10 -0400] "GET /items/btmhj122/14551?key=bloody HTTP/1.1" 500 1245 "-" "Mozilla/5.0 (compatible; DataForSeoBot/1.0; +https://dataforseo.com/dataforseo-bot)"
65.21.113.206 - - [14/Apr/2025:08:21:13 -0400] "GET /search.php?m212031679?srsltid=AfmBOoUzbYaGQMxrfApem7_JBOMdLW5UR_M2Nyp3Bn-E-9CeOb5VrH HTTP/1.1" 200 109276 "-" "Mozilla/5.0 (compatible; AwarioBot/1.0; +https://awario.com/bots.html)"
136.243.228.180 - - [14/Apr/2025:08:21:14 -0400] "GET /items/trbly249/36220?key=presumably HTTP/1.1" 500 1245 "-" "Mozilla/5.0 (compatible; DataForSeoBot/1.0; +https://dataforseo.com/dataforseo-bot)"
136.243.228.180 - - [14/Apr/2025:08:21:17 -0400] "GET /items/vghob53/23977?key=toxic HTTP/1.1" 500 1245 "-" "Mozilla/5.0 (compatible; DataForSeoBot/1.0; +https://dataforseo.com/dataforseo-bot)"
65.21.113.206 - - [14/Apr/2025:08:21:19 -0400] "GET /search.php?m212035543?srsltid=AfmBOoNAIKRfZIApuSKHsj_THaUCHDvHI_g8UMgqRg-O-k7Oh5OLbZ HTTP/1.1" 200 108117 "-" "Mozilla/5.0 (compatible; AwarioBot/1.0; +https://awario.com/bots.html)"
20.171.207.13 - - [14/Apr/2025:08:21:21 -0400] "GET /items/odfhi54/26744?key=tooth HTTP/1.1" 500 1245 "-" "Mozilla/5.0 AppleWebKit/537.36 (KHTML, like Gecko; compatible; GPTBot/1.2; +https://openai.com/gptbot)"
136.243.228.180 - - [14/Apr/2025:08:21:21 -0400] "GET /items/kataa97/18678?key=shelter HTTP/1.1" 500 1245 "-" "Mozilla/5.0 (compatible; DataForSeoBot/1.0; +https://dataforseo.com/dataforseo-bot)"
65.21.113.206 - - [14/Apr/2025:08:21:23 -0400] "GET /search.php?m212036725?srsltid=AfmBOoXbyJSghEpJgLouew_nhYiLEBoTq_0zHRYWfe-E-A3yBZGxvJ HTTP/1.1" 200 109007 "-" "Mozilla/5.0 (compatible; AwarioBot/1.0; +https://awario.com/bots.html)"
136.243.228.180 - - [14/Apr/2025:08:21:25 -0400] "GET /items/gapvu185/33698?key=shy HTTP/1.1" 500 1245 "-" "Mozilla/5.0 (compatible; DataForSeoBot/1.0; +https://dataforseo.com/dataforseo-bot)"
65.21.113.206 - - [14/Apr/2025:08:21:27 -0400] "GET /search.php?m212042395?srsltid=AfmBOoQnJVyHshsq5Zs3P6_b2en51fncw_jGwJSvwH-B-RDrXRGu2U HTTP/1.1" 200 109419 "-" "Mozilla/5.0 (compatible; AwarioBot/1.0; +https://awario.com/bots.html)"
136.243.228.180 - - [14/Apr/2025:08:21:30 -0400] "GET /items/elubg29/22275?key=rifle HTTP/1.1" 500 1245 "-" "Mozilla/5.0 (compatible; DataForSeoBot/1.0; +https://dataforseo.com/dataforseo-bot)"
65.21.113.206 - - [14/Apr/2025:08:21:31 -0400] "GET /search.php?m212048541?srsltid=AfmBOoZRqdBjvZGxF7etF1_vt7oM1MtLB_3wXrCr3h-J-FWwW1NbFG HTTP/1.1" 200 109534 "-" "Mozilla/5.0 (compatible; AwarioBot/1.0; +https://awario.com/bots.html)"
136.243.228.180 - - [14/Apr/2025:08:21:33 -0400] "GET /items/fllqe39/29320?key=chef HTTP/1.1" 500 1245 "-" "Mozilla/5.0 (compatible; DataForSeoBot/1.0; +https://dataforseo.com/dataforseo-bot)"
65.21.113.206 - - [14/Apr/2025:08:21:35 -0400] "GET /search.php?m213017178?srsltid=AfmBOoSXwEyefsCup1199o_99ff4WpeRc_9QQj7XTn-O-MTWGgQNuK HTTP/1.1" 200 109576 "-" "Mozilla/5.0 (compatible; AwarioBot/1.0; +https://awario.com/bots.html)"
136.243.228.180 - - [14/Apr/2025:08:21:38 -0400] "GET /items/fueij117/30081?key=saving HTTP/1.1" 500 1245 "-" "Mozilla/5.0 (compatible; DataForSeoBot/1.0; +https://dataforseo.com/dataforseo-bot)"
65.21.113.206 - - [14/Apr/2025:08:21:40 -0400] "GET /search.php?m213033462?srsltid=AfmBOogBBsAAJgWy4oZdSb_WcgeiyLqKo_gCnvltIc-L-dFZRTXu5R HTTP/1.1" 200 109919 "-" "Mozilla/5.0 (compatible; AwarioBot/1.0; +https://awario.com/bots.html)"
198.54.114.83 - - [14/Apr/2025:08:21:42 -0400] "POST /wp-cron.php?doing_wp_cron=1744633302.5414590835571289062500 HTTP/1.1" 403 1242 "-" "WordPress/6.7.2; https://bayrampasaspor.com"
136.243.228.180 - - [14/Apr/2025:08:21:42 -0400] "GET /items/swtql284/4379?key=election HTTP/1.1" 500 1245 "-" "Mozilla/5.0 (compatible; DataForSeoBot/1.0; +https://dataforseo.com/dataforseo-bot)"
65.21.113.206 - - [14/Apr/2025:08:21:44 -0400] "GET /search.php?m213033808?srsltid=AfmBOoGUtarhGgruZwlTth_FR2CeNUXT2_JO1obSne-S-u9ZTtVQyZ HTTP/1.1" 200 109278 "-" "Mozilla/5.0 (compatible; AwarioBot/1.0; +https://awario.com/bots.html)"
136.243.228.180 - - [14/Apr/2025:08:21:45 -0400] "GET /items/melkq225/29631?key=fan HTTP/1.1" 500 1245 "-" "Mozilla/5.0 (compatible; DataForSeoBot/1.0; +https://dataforseo.com/dataforseo-bot)"
65.21.113.206 - - [14/Apr/2025:08:21:49 -0400] "GET /search.php?m213035544?srsltid=AfmBOolsFpUuCOhng8UMgq_DOhXy9XY3U_k7Oh5OLb-Z-YtGYOb6Pi HTTP/1.1" 200 109042 "-" "Mozilla/5.0 (compatible; AwarioBot/1.0; +https://awario.com/bots.html)"
136.243.228.180 - - [14/Apr/2025:08:21:49 -0400] "GET /items/jcosj260/18837?key=horizon HTTP/1.1" 500 1245 "-" "Mozilla/5.0 (compatible; DataForSeoBot/1.0; +https://dataforseo.com/dataforseo-bot)"
136.243.228.180 - - [14/Apr/2025:08:21:53 -0400] "GET /items/abdzr114/39419?key=swim HTTP/1.1" 500 1245 "-" "Mozilla/5.0 (compatible; DataForSeoBot/1.0; +https://dataforseo.com/dataforseo-bot)"
65.21.113.206 - - [14/Apr/2025:08:21:54 -0400] "GET /search.php?m213037812?srsltid=AfmBOovfyPOUWCkbnvuwQZ_1nEyPLO4ZV_HgJvF48q-G-xvZV2CEHr HTTP/1.1" 200 109129 "-" "Mozilla/5.0 (compatible; AwarioBot/1.0; +https://awario.com/bots.html)"
136.243.228.180 - - [14/Apr/2025:08:21:58 -0400] "GET /items/ssgju279/45169?key=adviser HTTP/1.1" 500 1245 "-" "Mozilla/5.0 (compatible; DataForSeoBot/1.0; +https://dataforseo.com/dataforseo-bot)"
65.21.113.206 - - [14/Apr/2025:08:21:59 -0400] "GET /search.php?m214006795?srsltid=AfmBOoJUsLziCzKxWdvRsh_oLj6nTQhOI_A4h7bRlU-G-MVUSJG8k0 HTTP/1.1" 200 109742 "-" "Mozilla/5.0 (compatible; AwarioBot/1.0; +https://awario.com/bots.html)"
136.243.228.180 - - [14/Apr/2025:08:22:02 -0400] "GET /items/ewqyw168/25705?key=counseling HTTP/1.1" 500 1245 "-" "Mozilla/5.0 (compatible; DataForSeoBot/1.0; +https://dataforseo.com/dataforseo-bot)"
65.21.113.206 - - [14/Apr/2025:08:22:03 -0400] "GET /search.php?m214011153?srsltid=AfmBOoJSYeIPMrQusLjkbg_38e1MAPAGt_ZUwQCOCK-R-kGjCjhwJc HTTP/1.1" 200 109119 "-" "Mozilla/5.0 (compatible; AwarioBot/1.0; +https://awario.com/bots.html)"
136.243.228.180 - - [14/Apr/2025:08:22:05 -0400] "GET /items/xuvqc60/11524?key=fifteen HTTP/1.1" 500 1245 "-" "Mozilla/5.0 (compatible; DataForSeoBot/1.0; +https://dataforseo.com/dataforseo-bot)"
65.21.113.206 - - [14/Apr/2025:08:22:08 -0400] "GET /search.php?m214013815?srsltid=AfmBOoQpedjytROxd9I1Fd_lpagThTK7J_XWrTcT9M-C-cn4nH7DMO HTTP/1.1" 200 108833 "-" "Mozilla/5.0 (compatible; AwarioBot/1.0; +https://awario.com/bots.html)"
136.243.228.180 - - [14/Apr/2025:08:22:09 -0400] "GET /items/gyaqk137/10979?key=also HTTP/1.1" 500 1245 "-" "Mozilla/5.0 (compatible; DataForSeoBot/1.0; +https://dataforseo.com/dataforseo-bot)"
136.243.228.180 - - [14/Apr/2025:08:22:14 -0400] "GET /items/iclrg171/47450?key=over HTTP/1.1" 500 1245 "-" "Mozilla/5.0 (compatible; DataForSeoBot/1.0; +https://dataforseo.com/dataforseo-bot)"
65.21.113.206 - - [14/Apr/2025:08:22:14 -0400] "GET /search.php?m214034955?srsltid=AfmBOoDLkTiuzTzYAWyuE4_XeE25knVKw_UNnDh8Ag-E-MCuBtwPXc HTTP/1.1" 200 109400 "-" "Mozilla/5.0 (compatible; AwarioBot/1.0; +https://awario.com/bots.html)"
136.243.228.180 - - [14/Apr/2025:08:22:17 -0400] "GET /items/lemtp82/28865?key=counter HTTP/1.1" 500 1245 "-" "Mozilla/5.0 (compatible; DataForSeoBot/1.0; +https://dataforseo.com/dataforseo-bot)"
65.21.113.206 - - [14/Apr/2025:08:22:19 -0400] "GET /search.php?m214040805?srsltid=AfmBOobaDtJeFqyd2gHSgQ_4js4MF7GiO_9BhUuDwx-S-3iSbdMHZq HTTP/1.1" 200 109258 "-" "Mozilla/5.0 (compatible; AwarioBot/1.0; +https://awario.com/bots.html)"
136.243.228.180 - - [14/Apr/2025:08:22:22 -0400] "GET /items/eznbs8/23597?key=experiment HTTP/1.1" 500 1245 "-" "Mozilla/5.0 (compatible; DataForSeoBot/1.0; +https://dataforseo.com/dataforseo-bot)"
20.171.207.13 - - [14/Apr/2025:08:22:23 -0400] "GET /items/evomr52/48860?key=recession HTTP/1.1" 500 1245 "-" "Mozilla/5.0 AppleWebKit/537.36 (KHTML, like Gecko; compatible; GPTBot/1.2; +https://openai.com/gptbot)"
65.21.113.206 - - [14/Apr/2025:08:22:23 -0400] "GET /search.php?m215006718?srsltid=AfmBOoeGYwYCcVlFy0SE95_cKyz1xzUJV_quih3iJX-B-4aF43mMEx HTTP/1.1" 200 108872 "-" "Mozilla/5.0 (compatible; AwarioBot/1.0; +https://awario.com/bots.html)"
136.243.228.180 - - [14/Apr/2025:08:22:25 -0400] "GET /items/jtmqk186/13465?key=but HTTP/1.1" 500 1245 "-" "Mozilla/5.0 (compatible; DataForSeoBot/1.0; +https://dataforseo.com/dataforseo-bot)"
65.21.113.206 - - [14/Apr/2025:08:22:27 -0400] "GET /search.php?m215021400?srsltid=AfmBOosRWzUEcpRwxegXdB_tcHaZkWWhk_Cko6L33X-W-hxM11CMLH HTTP/1.1" 200 108823 "-" "Mozilla/5.0 (compatible; AwarioBot/1.0; +https://awario.com/bots.html)"
136.243.228.180 - - [14/Apr/2025:08:22:30 -0400] "GET /items/zvfbg220/18664?key=import HTTP/1.1" 500 1245 "-" "Mozilla/5.0 (compatible; DataForSeoBot/1.0; +https://dataforseo.com/dataforseo-bot)"
65.21.113.206 - - [14/Apr/2025:08:22:32 -0400] "GET /search.php?m215028576?srsltid=AfmBOodyEUcXOXkNakYLJW_C7eEvU2LD9_24Lgl10e-K-Zm8OANrCr HTTP/1.1" 200 109609 "-" "Mozilla/5.0 (compatible; AwarioBot/1.0; +https://awario.com/bots.html)"
136.243.228.180 - - [14/Apr/2025:08:22:33 -0400] "GET /items/pxtwj182/49950?key=particle HTTP/1.1" 500 1245 "-" "Mozilla/5.0 (compatible; DataForSeoBot/1.0; +https://dataforseo.com/dataforseo-bot)"
136.243.228.180 - - [14/Apr/2025:08:22:38 -0400] "GET /items/jpxsw9/16026?key=pretend HTTP/1.1" 500 1245 "-" "Mozilla/5.0 (compatible; DataForSeoBot/1.0; +https://dataforseo.com/dataforseo-bot)"
65.21.113.206 - - [14/Apr/2025:08:22:38 -0400] "GET /search.php?m215037770?srsltid=AfmBOoifcGXsJuQgmIffuE_HyyVwzjJ2q_ZZj7ESFD-U-4RSJ2gQyP HTTP/1.1" 200 108569 "-" "Mozilla/5.0 (compatible; AwarioBot/1.0; +https://awario.com/bots.html)"
136.243.228.180 - - [14/Apr/2025:08:22:41 -0400] "GET /items/omkel151/12965?key=clerk HTTP/1.1" 500 1245 "-" "Mozilla/5.0 (compatible; DataForSeoBot/1.0; +https://dataforseo.com/dataforseo-bot)"
65.21.113.206 - - [14/Apr/2025:08:22:43 -0400] "GET /search.php?m215046448?srsltid=AfmBOorMyCysXCRpaAbcGB_vQ7dYJsALE_H9WlLUJj-U-9c6xwSgOR HTTP/1.1" 200 109031 "-" "Mozilla/5.0 (compatible; AwarioBot/1.0; +https://awario.com/bots.html)"
136.243.228.180 - - [14/Apr/2025:08:22:45 -0400] "GET /items/yqxcq169/36588?key=clothing HTTP/1.1" 500 1245 "-" "Mozilla/5.0 (compatible; DataForSeoBot/1.0; +https://dataforseo.com/dataforseo-bot)"
65.21.113.206 - - [14/Apr/2025:08:22:48 -0400] "GET /search.php?m216009811?srsltid=AfmBOoaBKJDkBpwyfu23rV_H6npcgE2HU_k87dp3Cb-A-IfBK2bLzr HTTP/1.1" 200 109229 "-" "Mozilla/5.0 (compatible; AwarioBot/1.0; +https://awario.com/bots.html)"
136.243.228.180 - - [14/Apr/2025:08:22:49 -0400] "GET /items/esaua16/6528?key=board HTTP/1.1" 500 1245 "-" "Mozilla/5.0 (compatible; DataForSeoBot/1.0; +https://dataforseo.com/dataforseo-bot)"
65.21.113.206 - - [14/Apr/2025:08:22:52 -0400] "GET /search.php?m216010285?srsltid=AfmBOohqucmjuszqCT841w_KEDpgDfmyx_z8Ak8B4H-W-7ack4FYgU HTTP/1.1" 200 109404 "-" "Mozilla/5.0 (compatible; AwarioBot/1.0; +https://awario.com/bots.html)"
136.243.228.180 - - [14/Apr/2025:08:22:54 -0400] "GET /items/gquwp28/40033?key=hurt HTTP/1.1" 500 1245 "-" "Mozilla/5.0 (compatible; DataForSeoBot/1.0; +https://dataforseo.com/dataforseo-bot)"
136.243.228.180 - - [14/Apr/2025:08:22:57 -0400] "GET /items/yukfc188/31155?key=definitely HTTP/1.1" 500 1245 "-" "Mozilla/5.0 (compatible; DataForSeoBot/1.0; +https://dataforseo.com/dataforseo-bot)"
65.21.113.206 - - [14/Apr/2025:08:22:59 -0400] "GET /search.php?m216037991?srsltid=AfmBOopZypxpLcxrzf4nrT_Nw9AuNNRfz_EAsRkkF0-F-pGcc2sEYd HTTP/1.1" 200 110073 "-" "Mozilla/5.0 (compatible; AwarioBot/1.0; +https://awario.com/bots.html)"
136.243.228.180 - - [14/Apr/2025:08:23:02 -0400] "GET /items/dszpv86/20733?key=section HTTP/1.1" 500 1245 "-" "Mozilla/5.0 (compatible; DataForSeoBot/1.0; +https://dataforseo.com/dataforseo-bot)"
65.21.113.206 - - [14/Apr/2025:08:23:05 -0400] "GET /search.php?m216039527?srsltid=AfmBOoZOVKNEYFHxiYIWTr_14dIgJjE6N_shHdyZig-J-YEO78AUZf HTTP/1.1" 200 109882 "-" "Mozilla/5.0 (compatible; AwarioBot/1.0; +https://awario.com/bots.html)"
136.243.228.180 - - [14/Apr/2025:08:23:06 -0400] "GET /items/zqkgc37/29521?key=weigh HTTP/1.1" 500 1245 "-" "Mozilla/5.0 (compatible; DataForSeoBot/1.0; +https://dataforseo.com/dataforseo-bot)"
136.243.228.180 - - [14/Apr/2025:08:23:10 -0400] "GET /items/itljf100/43834?key=discuss HTTP/1.1" 500 1245 "-" "Mozilla/5.0 (compatible; DataForSeoBot/1.0; +https://dataforseo.com/dataforseo-bot)"
65.21.113.206 - - [14/Apr/2025:08:23:12 -0400] "GET /search.php?m217003648?srsltid=AfmBOoUBxDHuaxKNiCt0of_jLJXbZA8e2_kEtiMd4T-C-t56j8Dpd3 HTTP/1.1" 200 109657 "-" "Mozilla/5.0 (compatible; AwarioBot/1.0; +https://awario.com/bots.html)"
136.243.228.180 - - [14/Apr/2025:08:23:14 -0400] "GET /items/jjyjk110/11151?key=quarterback HTTP/1.1" 500 1245 "-" "Mozilla/5.0 (compatible; DataForSeoBot/1.0; +https://dataforseo.com/dataforseo-bot)"
136.243.228.180 - - [14/Apr/2025:08:23:18 -0400] "GET /items/okmyu175/910?key=effort HTTP/1.1" 500 1245 "-" "Mozilla/5.0 (compatible; DataForSeoBot/1.0; +https://dataforseo.com/dataforseo-bot)"
65.21.113.206 - - [14/Apr/2025:08:23:18 -0400] "GET /search.php?m217016874?srsltid=AfmBOobKYlGFqpnCmGfL5U_GaoDOh1CTC_9bCDNZRT-W-1baN8R8Zc HTTP/1.1" 200 109905 "-" "Mozilla/5.0 (compatible; AwarioBot/1.0; +https://awario.com/bots.html)"
136.243.228.180 - - [14/Apr/2025:08:23:21 -0400] "GET /items/czetw103/9257?key=dancing HTTP/1.1" 500 1245 "-" "Mozilla/5.0 (compatible; DataForSeoBot/1.0; +https://dataforseo.com/dataforseo-bot)"
65.21.113.206 - - [14/Apr/2025:08:23:24 -0400] "GET /search.php?m217022432?srsltid=AfmBOopRppdppWYfSEJVcO_sMqfY2XvPW_MeZxi7mY-O-My5ZdVz2q HTTP/1.1" 200 110756 "-" "Mozilla/5.0 (compatible; AwarioBot/1.0; +https://awario.com/bots.html)"
136.243.228.180 - - [14/Apr/2025:08:23:25 -0400] "GET /items/flehn52/16734?key=reward HTTP/1.1" 500 1245 "-" "Mozilla/5.0 (compatible; DataForSeoBot/1.0; +https://dataforseo.com/dataforseo-bot)"
20.171.207.13 - - [14/Apr/2025:08:23:26 -0400] "GET /items/bpmaf67/24214?key=excessive HTTP/1.1" 500 1245 "-" "Mozilla/5.0 AppleWebKit/537.36 (KHTML, like Gecko; compatible; GPTBot/1.2; +https://openai.com/gptbot)"
136.243.228.180 - - [14/Apr/2025:08:23:29 -0400] "GET /items/mnbgy288/33863?key=sympathy HTTP/1.1" 500 1245 "-" "Mozilla/5.0 (compatible; DataForSeoBot/1.0; +https://dataforseo.com/dataforseo-bot)"
65.21.113.206 - - [14/Apr/2025:08:23:29 -0400] "GET /robots.txt HTTP/1.1" 304 0 "-" "Mozilla/5.0 (compatible; AwarioBot/1.0; +https://awario.com/bots.html)"
65.21.113.206 - - [14/Apr/2025:08:23:30 -0400] "GET /search.php?m217024098?srsltid=AfmBOoSzAZZHDyyXqpIgGM_UTonRRJcK6_qhNZZRnY-S-1rrmQZho3 HTTP/1.1" 200 109723 "-" "Mozilla/5.0 (compatible; AwarioBot/1.0; +https://awario.com/bots.html)"
136.243.228.180 - - [14/Apr/2025:08:23:33 -0400] "GET /items/sbxiq236/29717?key=poem HTTP/1.1" 500 1245 "-" "Mozilla/5.0 (compatible; DataForSeoBot/1.0; +https://dataforseo.com/dataforseo-bot)"
65.21.113.206 - - [14/Apr/2025:08:23:35 -0400] "GET /search.php?m217030682?srsltid=AfmBOolrfQJELKcDdQ1jep_mI7a4Yz8mT_bTcJAosF-E-Cy9E0XWMD HTTP/1.1" 200 108995 "-" "Mozilla/5.0 (compatible; AwarioBot/1.0; +https://awario.com/bots.html)"
136.243.228.180 - - [14/Apr/2025:08:23:37 -0400] "GET /items/pxfpb223/36900?key=after HTTP/1.1" 500 1245 "-" "Mozilla/5.0 (compatible; DataForSeoBot/1.0; +https://dataforseo.com/dataforseo-bot)"
136.243.228.180 - - [14/Apr/2025:08:23:42 -0400] "GET /items/sfkml255/8446?key=colorful HTTP/1.1" 500 1245 "-" "Mozilla/5.0 (compatible; DataForSeoBot/1.0; +https://dataforseo.com/dataforseo-bot)"
65.21.113.206 - - [14/Apr/2025:08:23:42 -0400] "GET /search.php?m217046702?srsltid=AfmBOoApElFydITXXgaVz7_ygGID8svnu_GbNTYwIE-O-WTyvJ5u2K HTTP/1.1" 200 109938 "-" "Mozilla/5.0 (compatible; AwarioBot/1.0; +https://awario.com/bots.html)"
136.243.228.180 - - [14/Apr/2025:08:23:46 -0400] "GET /items/csdxs101/18685?key=humor HTTP/1.1" 500 1245 "-" "Mozilla/5.0 (compatible; DataForSeoBot/1.0; +https://dataforseo.com/dataforseo-bot)"
65.21.113.206 - - [14/Apr/2025:08:23:47 -0400] "GET /search.php?m218008753?srsltid=AfmBOoRACknKbtjrtWEkUN_gELA7ZlxDE_etsH8A4l-R-nr0m6hBOw HTTP/1.1" 200 109509 "-" "Mozilla/5.0 (compatible; AwarioBot/1.0; +https://awario.com/bots.html)"
136.243.228.180 - - [14/Apr/2025:08:23:49 -0400] "GET /items/njpqk201/9140?key=myth HTTP/1.1" 500 1245 "-" "Mozilla/5.0 (compatible; DataForSeoBot/1.0; +https://dataforseo.com/dataforseo-bot)"
65.21.113.206 - - [14/Apr/2025:08:23:51 -0400] "GET /search.php?m218009329?srsltid=AfmBOogLlZXSCewpXgTDrS_2WFUo8Ludg_7bxTNChS-D-mL2lRGY6q HTTP/1.1" 200 109598 "-" "Mozilla/5.0 (compatible; AwarioBot/1.0; +https://awario.com/bots.html)"
136.243.228.180 - - [14/Apr/2025:08:23:53 -0400] "GET /items/tlbjr86/22447?key=scenario HTTP/1.1" 500 1245 "-" "Mozilla/5.0 (compatible; DataForSeoBot/1.0; +https://dataforseo.com/dataforseo-bot)"
136.243.228.180 - - [14/Apr/2025:08:23:57 -0400] "GET /items/submz179/2171?key=limitation HTTP/1.1" 500 1245 "-" "Mozilla/5.0 (compatible; DataForSeoBot/1.0; +https://dataforseo.com/dataforseo-bot)"
65.21.113.206 - - [14/Apr/2025:08:23:56 -0400] "GET /search.php?m218016473?srsltid=AfmBOoqzSNJdtkEOC3zERQ_906jG62sEm_Bta3tWyM-C-g7tjXsBMu HTTP/1.1" 200 109273 "-" "Mozilla/5.0 (compatible; AwarioBot/1.0; +https://awario.com/bots.html)"
136.243.228.180 - - [14/Apr/2025:08:24:01 -0400] "GET /items/wddfk159/10860?key=broadcast HTTP/1.1" 500 1245 "-" "Mozilla/5.0 (compatible; DataForSeoBot/1.0; +https://dataforseo.com/dataforseo-bot)"
65.21.113.206 - - [14/Apr/2025:08:24:02 -0400] "GET /search.php?m218024389?srsltid=AfmBOoLingvhftRCMmxqVq_ve595kSSGp_LACADkk5-Z-CUDbbzr7K HTTP/1.1" 200 110333 "-" "Mozilla/5.0 (compatible; AwarioBot/1.0; +https://awario.com/bots.html)"
2a12:e241:6607:53da:3b95:6da0:7251:a07c - - [14/Apr/2025:08:24:03 -0400] "GET /analyzing-the-casino-solution-distribution/ HTTP/1.1" 200 15509 "http://bayrampasaspor.com/analyzing-the-casino-solution-distribution/" "Mozilla/5.0 (Windows NT 10.0; Win64; x64) AppleWebKit/537.36 (KHTML, like Gecko) Chrome/131.0.0.0 Safari/537.36"
136.243.228.180 - - [14/Apr/2025:08:24:05 -0400] "GET /items/susyh245/8983?key=classify HTTP/1.1" 500 1245 "-" "Mozilla/5.0 (compatible; DataForSeoBot/1.0; +https://dataforseo.com/dataforseo-bot)"
65.21.113.206 - - [14/Apr/2025:08:24:08 -0400] "GET /search.php?m218042905?srsltid=AfmBOoLzkWZzQsDi8f5j0j_oH2Z2D0DYF_Wy9yjCj8-K-Wm585DTDd HTTP/1.1" 200 109013 "-" "Mozilla/5.0 (compatible; AwarioBot/1.0; +https://awario.com/bots.html)"
136.243.228.180 - - [14/Apr/2025:08:24:09 -0400] "GET /items/wxgca278/17798?key=protective HTTP/1.1" 500 1245 "-" "Mozilla/5.0 (compatible; DataForSeoBot/1.0; +https://dataforseo.com/dataforseo-bot)"
136.243.228.180 - - [14/Apr/2025:08:24:14 -0400] "GET /items/qkzgm42/35581?key=nt HTTP/1.1" 500 1245 "-" "Mozilla/5.0 (compatible; DataForSeoBot/1.0; +https://dataforseo.com/dataforseo-bot)"
65.21.113.206 - - [14/Apr/2025:08:24:14 -0400] "GET /search.php?m218047885?srsltid=AfmBOoMOuydqRsTZ2mSCPR_aovH4W7ola_aIdCWbaz-C-8twkTUn1v HTTP/1.1" 200 108832 "-" "Mozilla/5.0 (compatible; AwarioBot/1.0; +https://awario.com/bots.html)"
136.243.228.180 - - [14/Apr/2025:08:24:19 -0400] "GET /items/ewnav125/33401?key=forgive HTTP/1.1" 500 1245 "-" "Mozilla/5.0 (compatible; DataForSeoBot/1.0; +https://dataforseo.com/dataforseo-bot)"
65.21.113.206 - - [14/Apr/2025:08:24:21 -0400] "GET /search.php?m219016004?srsltid=AfmBOoFQlzAszgUEoGo0en_jiBSvXbuMD_sv1oKJNy-T-BS7a28DHn HTTP/1.1" 200 108943 "-" "Mozilla/5.0 (compatible; AwarioBot/1.0; +https://awario.com/bots.html)"
136.243.228.180 - - [14/Apr/2025:08:24:22 -0400] "GET /items/gdiei144/6143?key=sand HTTP/1.1" 500 1245 "-" "Mozilla/5.0 (compatible; DataForSeoBot/1.0; +https://dataforseo.com/dataforseo-bot)"
136.243.228.180 - - [14/Apr/2025:08:24:26 -0400] "GET /items/zzmki269/33064?key=risky HTTP/1.1" 500 1245 "-" "Mozilla/5.0 (compatible; DataForSeoBot/1.0; +https://dataforseo.com/dataforseo-bot)"
20.171.207.13 - - [14/Apr/2025:08:24:26 -0400] "GET /items/dyait120/27268?key=index HTTP/1.1" 500 1245 "-" "Mozilla/5.0 AppleWebKit/537.36 (KHTML, like Gecko; compatible; GPTBot/1.2; +https://openai.com/gptbot)"
65.21.113.206 - - [14/Apr/2025:08:24:27 -0400] "GET /search.php?m219018126?srsltid=AfmBOosrVBykaMUYnfbkEd_xdH8wX7iMB_LYf5uS72-B-OfydxHh2x HTTP/1.1" 200 108691 "-" "Mozilla/5.0 (compatible; AwarioBot/1.0; +https://awario.com/bots.html)"
136.243.228.180 - - [14/Apr/2025:08:24:30 -0400] "GET /items/flihf181/479?key=instant HTTP/1.1" 500 1245 "-" "Mozilla/5.0 (compatible; DataForSeoBot/1.0; +https://dataforseo.com/dataforseo-bot)"
65.21.113.206 - - [14/Apr/2025:08:24:32 -0400] "GET /search.php?m219022808?srsltid=AfmBOoZjAxZSnbyNEBEU6w_d6MHaXormA_LEajRbHU-M-dXPMnObKX HTTP/1.1" 200 107630 "-" "Mozilla/5.0 (compatible; AwarioBot/1.0; +https://awario.com/bots.html)"
136.243.228.180 - - [14/Apr/2025:08:24:34 -0400] "GET /items/bntbk203/24173?key=advocate HTTP/1.1" 500 1245 "-" "Mozilla/5.0 (compatible; DataForSeoBot/1.0; +https://dataforseo.com/dataforseo-bot)"
136.243.228.180 - - [14/Apr/2025:08:24:38 -0400] "GET /items/sspet245/43217?key=course HTTP/1.1" 500 1245 "-" "Mozilla/5.0 (compatible; DataForSeoBot/1.0; +https://dataforseo.com/dataforseo-bot)"
65.21.113.206 - - [14/Apr/2025:08:24:40 -0400] "GET /search.php?m219026702?srsltid=AfmBOoXuHkzUneAXftn60O_Uja3hOf66L_xzIu9aUU-Y-t6ZAllLnn HTTP/1.1" 200 109285 "-" "Mozilla/5.0 (compatible; AwarioBot/1.0; +https://awario.com/bots.html)"
136.243.228.180 - - [14/Apr/2025:08:24:41 -0400] "GET /items/czpgs129/49438?key=experimental HTTP/1.1" 500 1245 "-" "Mozilla/5.0 (compatible; DataForSeoBot/1.0; +https://dataforseo.com/dataforseo-bot)"
136.243.228.180 - - [14/Apr/2025:08:24:46 -0400] "GET /items/gzxhj75/2215?key=mixed HTTP/1.1" 500 1245 "-" "Mozilla/5.0 (compatible; DataForSeoBot/1.0; +https://dataforseo.com/dataforseo-bot)"
65.21.113.206 - - [14/Apr/2025:08:24:46 -0400] "GET /search.php?m219031996?srsltid=AfmBOoEMOnJqaeuB28xkMf_3giwfapaZE_eFVDO5ON-G-9GOWOyAKj HTTP/1.1" 200 107739 "-" "Mozilla/5.0 (compatible; AwarioBot/1.0; +https://awario.com/bots.html)"
136.243.228.180 - - [14/Apr/2025:08:24:50 -0400] "GET /items/ckaqk116/33878?key=beer HTTP/1.1" 500 1245 "-" "Mozilla/5.0 (compatible; DataForSeoBot/1.0; +https://dataforseo.com/dataforseo-bot)"
65.21.113.206 - - [14/Apr/2025:08:24:54 -0400] "GET /search.php?m219032596?srsltid=AfmBOoKGnuZNTYrDbR4Ttp_S2oydAH5bX_7KdVYl6C-X-JsToade7n HTTP/1.1" 200 109408 "-" "Mozilla/5.0 (compatible; AwarioBot/1.0; +https://awario.com/bots.html)"
136.243.228.180 - - [14/Apr/2025:08:24:54 -0400] "GET /items/prjco24/2505?key=during HTTP/1.1" 500 1245 "-" "Mozilla/5.0 (compatible; DataForSeoBot/1.0; +https://dataforseo.com/dataforseo-bot)"
136.243.228.180 - - [14/Apr/2025:08:24:58 -0400] "GET /items/elzvy70/40304?key=discourse HTTP/1.1" 500 1245 "-" "Mozilla/5.0 (compatible; DataForSeoBot/1.0; +https://dataforseo.com/dataforseo-bot)"
65.21.113.206 - - [14/Apr/2025:08:25:00 -0400] "GET /search.php?m220002421?srsltid=AfmBOoRcKRBVTnkjEeUUH6_gmmy3g2G83_ffhtmAF7-S-EqdDLuqab HTTP/1.1" 200 109880 "-" "Mozilla/5.0 (compatible; AwarioBot/1.0; +https://awario.com/bots.html)"
136.243.228.180 - - [14/Apr/2025:08:25:03 -0400] "GET /items/zvozv33/1105?key=ha HTTP/1.1" 500 1245 "-" "Mozilla/5.0 (compatible; DataForSeoBot/1.0; +https://dataforseo.com/dataforseo-bot)"
136.243.228.180 - - [14/Apr/2025:08:25:07 -0400] "GET /items/icawn41/12467?key=door HTTP/1.1" 500 1245 "-" "Mozilla/5.0 (compatible; DataForSeoBot/1.0; +https://dataforseo.com/dataforseo-bot)"
65.21.113.206 - - [14/Apr/2025:08:25:07 -0400] "GET /search.php?m220003667?srsltid=AfmBOokvbXGMrMWyIrmhUb_qAJFRJPr4t_3KfJKn5P-T-ObvCaIp37 HTTP/1.1" 200 109268 "-" "Mozilla/5.0 (compatible; AwarioBot/1.0; +https://awario.com/bots.html)"
136.243.228.180 - - [14/Apr/2025:08:25:10 -0400] "GET /items/rfnnr129/29233?key=valley HTTP/1.1" 500 1245 "-" "Mozilla/5.0 (compatible; DataForSeoBot/1.0; +https://dataforseo.com/dataforseo-bot)"
136.243.228.180 - - [14/Apr/2025:08:25:14 -0400] "GET /items/bckgi177/25812?key=literally HTTP/1.1" 500 1245 "-" "Mozilla/5.0 (compatible; DataForSeoBot/1.0; +https://dataforseo.com/dataforseo-bot)"
65.21.113.206 - - [14/Apr/2025:08:25:15 -0400] "GET /search.php?m220005025?srsltid=AfmBOowgolaekYgA1hk9Cd_SscNUpnc2c_WA6MfrAd-U-sSrhBEBO5 HTTP/1.1" 200 109366 "-" "Mozilla/5.0 (compatible; AwarioBot/1.0; +https://awario.com/bots.html)"
136.243.228.180 - - [14/Apr/2025:08:25:18 -0400] "GET /items/myswt212/2204?key=stance HTTP/1.1" 500 1245 "-" "Mozilla/5.0 (compatible; DataForSeoBot/1.0; +https://dataforseo.com/dataforseo-bot)"
65.21.113.206 - - [14/Apr/2025:08:25:20 -0400] "GET /search.php?m220005393?srsltid=AfmBOooZuDNhdlaxo59oZf_lbdSpzGn08_Cb5eGUQo-H-L7ElYyhxc HTTP/1.1" 200 110556 "-" "Mozilla/5.0 (compatible; AwarioBot/1.0; +https://awario.com/bots.html)"
136.243.228.180 - - [14/Apr/2025:08:25:22 -0400] "GET /items/pxrhj187/44412?key=Christianity HTTP/1.1" 500 1245 "-" "Mozilla/5.0 (compatible; DataForSeoBot/1.0; +https://dataforseo.com/dataforseo-bot)"
136.243.228.180 - - [14/Apr/2025:08:25:25 -0400] "GET /items/saafg281/12?key=trend HTTP/1.1" 500 1245 "-" "Mozilla/5.0 (compatible; DataForSeoBot/1.0; +https://dataforseo.com/dataforseo-bot)"
65.21.113.206 - - [14/Apr/2025:08:25:25 -0400] "GET /search.php?m220006969?srsltid=AfmBOowoagmEabyvlri7x4_kIDclYQGnB_9MjwthSZ-R-DO5wUP67T HTTP/1.1" 200 109544 "-" "Mozilla/5.0 (compatible; AwarioBot/1.0; +https://awario.com/bots.html)"
136.243.228.180 - - [14/Apr/2025:08:25:30 -0400] "GET /items/wjhdy130/36827?key=blast HTTP/1.1" 500 1245 "-" "Mozilla/5.0 (compatible; DataForSeoBot/1.0; +https://dataforseo.com/dataforseo-bot)"
20.171.207.13 - - [14/Apr/2025:08:25:31 -0400] "GET /items/gmwpx65/40953?key=index HTTP/1.1" 500 1245 "-" "Mozilla/5.0 AppleWebKit/537.36 (KHTML, like Gecko; compatible; GPTBot/1.2; +https://openai.com/gptbot)"
65.21.113.206 - - [14/Apr/2025:08:25:31 -0400] "GET /search.php?m220007843?srsltid=AfmBOoIXaAHkzFVfkI54ZR_4WV9F8UUPh_ChxKzoof-O-EN2OO3LIn HTTP/1.1" 200 109567 "-" "Mozilla/5.0 (compatible; AwarioBot/1.0; +https://awario.com/bots.html)"
136.243.228.180 - - [14/Apr/2025:08:25:33 -0400] "GET /items/tasul3/43020?key=football HTTP/1.1" 500 1245 "-" "Mozilla/5.0 (compatible; DataForSeoBot/1.0; +https://dataforseo.com/dataforseo-bot)"
136.243.228.180 - - [14/Apr/2025:08:25:38 -0400] "GET /items/jpood57/30431?key=breathe HTTP/1.1" 500 1245 "-" "Mozilla/5.0 (compatible; DataForSeoBot/1.0; +https://dataforseo.com/dataforseo-bot)"
65.21.113.206 - - [14/Apr/2025:08:25:38 -0400] "GET /search.php?m220023579?srsltid=AfmBOocgrnKSJqeGEOt9op_xkECckvzRV_UXk7Ugtr-T-vwIK6iYyc HTTP/1.1" 200 108949 "-" "Mozilla/5.0 (compatible; AwarioBot/1.0; +https://awario.com/bots.html)"
136.243.228.180 - - [14/Apr/2025:08:25:42 -0400] "GET /items/drirt24/13953?key=radical HTTP/1.1" 500 1245 "-" "Mozilla/5.0 (compatible; DataForSeoBot/1.0; +https://dataforseo.com/dataforseo-bot)"
198.54.114.83 - - [14/Apr/2025:08:25:45 -0400] "POST /wp-cron.php?doing_wp_cron=1744633543.1830990314483642578125 HTTP/1.1" 200 0 "-" "WordPress/6.7.2; https://bayrampasaspor.com"
136.243.228.180 - - [14/Apr/2025:08:25:46 -0400] "GET /items/fjtmx285/2505?key=mainstream HTTP/1.1" 500 1245 "-" "Mozilla/5.0 (compatible; DataForSeoBot/1.0; +https://dataforseo.com/dataforseo-bot)"
65.21.113.206 - - [14/Apr/2025:08:25:46 -0400] "GET /search.php?m220043973?srsltid=AfmBOoySFstvrLTzep4jcW_BTNRh3l0xV_ahi97AFO-Z-0FZKe3Djh HTTP/1.1" 200 107918 "-" "Mozilla/5.0 (compatible; AwarioBot/1.0; +https://awario.com/bots.html)"
136.243.228.180 - - [14/Apr/2025:08:25:50 -0400] "GET /items/jkfsf85/38780?key=realistic HTTP/1.1" 500 1245 "-" "Mozilla/5.0 (compatible; DataForSeoBot/1.0; +https://dataforseo.com/dataforseo-bot)"
65.21.113.206 - - [14/Apr/2025:08:25:52 -0400] "GET /search.php?m221019464?srsltid=AfmBOoGpJrnFRmzXA8PPxZ_nqqlLVs23J_rrPZmV9z-P-UMGBnQHYq HTTP/1.1" 200 110143 "-" "Mozilla/5.0 (compatible; AwarioBot/1.0; +https://awario.com/bots.html)"
136.243.228.180 - - [14/Apr/2025:08:25:54 -0400] "GET /items/pidpu70/8742?key=for HTTP/1.1" 500 1245 "-" "Mozilla/5.0 (compatible; DataForSeoBot/1.0; +https://dataforseo.com/dataforseo-bot)"
136.243.228.180 - - [14/Apr/2025:08:25:58 -0400] "GET /items/sftor195/46678?key=teaching HTTP/1.1" 500 1245 "-" "Mozilla/5.0 (compatible; DataForSeoBot/1.0; +https://dataforseo.com/dataforseo-bot)"
65.21.113.206 - - [14/Apr/2025:08:25:59 -0400] "GET /search.php?m221038632?srsltid=AfmBOoDvWOYaVhWIghfU83_pRSJbmJNmD_25OxSObS-K-c7QcnQZRN HTTP/1.1" 200 108434 "-" "Mozilla/5.0 (compatible; AwarioBot/1.0; +https://awario.com/bots.html)"
136.243.228.180 - - [14/Apr/2025:08:26:02 -0400] "GET /items/wrwok180/46353?key=height HTTP/1.1" 500 1245 "-" "Mozilla/5.0 (compatible; DataForSeoBot/1.0; +https://dataforseo.com/dataforseo-bot)"
65.21.113.206 - - [14/Apr/2025:08:26:05 -0400] "GET /search.php?m221040038?srsltid=AfmBOomumLNMWqfnNu704D_9ZNPp9RLOt_NLzAiwUR-B-5aCdQM7Bi HTTP/1.1" 200 109058 "-" "Mozilla/5.0 (compatible; AwarioBot/1.0; +https://awario.com/bots.html)"
136.243.228.180 - - [14/Apr/2025:08:26:06 -0400] "GET /items/bknih124/26641?key=twice HTTP/1.1" 500 1245 "-" "Mozilla/5.0 (compatible; DataForSeoBot/1.0; +https://dataforseo.com/dataforseo-bot)"
136.243.228.180 - - [14/Apr/2025:08:26:10 -0400] "GET /items/dhysa207/35128?key=earthquake HTTP/1.1" 500 1245 "-" "Mozilla/5.0 (compatible; DataForSeoBot/1.0; +https://dataforseo.com/dataforseo-bot)"
65.21.113.206 - - [14/Apr/2025:08:26:10 -0400] "GET /search.php?m221042828?srsltid=AfmBOoxirxcWuQuwM3eBSL_kaNVodmJqY_nY9Tk3Hf-D-euaSqJGWS HTTP/1.1" 200 109098 "-" "Mozilla/5.0 (compatible; AwarioBot/1.0; +https://awario.com/bots.html)"
136.243.228.180 - - [14/Apr/2025:08:26:14 -0400] "GET /items/vanym15/12848?key=admission HTTP/1.1" 500 1245 "-" "Mozilla/5.0 (compatible; DataForSeoBot/1.0; +https://dataforseo.com/dataforseo-bot)"
65.21.113.206 - - [14/Apr/2025:08:26:16 -0400] "GET /search.php?m221048190?srsltid=AfmBOocTTNJJZYzrqQABLb_YqBwIyCRLT_dPFygZtG-I-RTYqfC2Jd HTTP/1.1" 200 108982 "-" "Mozilla/5.0 (compatible; AwarioBot/1.0; +https://awario.com/bots.html)"
136.243.228.180 - - [14/Apr/2025:08:26:18 -0400] "GET /items/oiaoh127/44253?key=jaw HTTP/1.1" 500 1245 "-" "Mozilla/5.0 (compatible; DataForSeoBot/1.0; +https://dataforseo.com/dataforseo-bot)"
65.21.113.206 - - [14/Apr/2025:08:26:21 -0400] "GET /search.php?m222000575?srsltid=AfmBOoarWHspvjrjWF0uBz_3rghYh60Gs_rMv1vYNU-U-ucu3H9p6J HTTP/1.1" 200 108678 "-" "Mozilla/5.0 (compatible; AwarioBot/1.0; +https://awario.com/bots.html)"
136.243.228.180 - - [14/Apr/2025:08:26:22 -0400] "GET /items/aobik73/44721?key=jump HTTP/1.1" 500 1245 "-" "Mozilla/5.0 (compatible; DataForSeoBot/1.0; +https://dataforseo.com/dataforseo-bot)"
65.21.113.206 - - [14/Apr/2025:08:26:25 -0400] "GET /search.php?m222017495?srsltid=AfmBOokkafEKoJxVZ0GJnj_pjQAzCQexs_pF1HKFve-F-yWdH4rlFJ HTTP/1.1" 200 109395 "-" "Mozilla/5.0 (compatible; AwarioBot/1.0; +https://awario.com/bots.html)"
136.243.228.180 - - [14/Apr/2025:08:26:25 -0400] "GET /items/uergs139/1973?key=performance HTTP/1.1" 500 1245 "-" "Mozilla/5.0 (compatible; DataForSeoBot/1.0; +https://dataforseo.com/dataforseo-bot)"
136.243.228.180 - - [14/Apr/2025:08:26:29 -0400] "GET /items/nnyur300/20550?key=preference HTTP/1.1" 500 1245 "-" "Mozilla/5.0 (compatible; DataForSeoBot/1.0; +https://dataforseo.com/dataforseo-bot)"
20.171.207.13 - - [14/Apr/2025:08:26:32 -0400] "GET /items/eqpld15/30286?key=index HTTP/1.1" 500 1245 "-" "Mozilla/5.0 AppleWebKit/537.36 (KHTML, like Gecko; compatible; GPTBot/1.2; +https://openai.com/gptbot)"
65.21.113.206 - - [14/Apr/2025:08:26:32 -0400] "GET /search.php?m222018147?srsltid=AfmBOoHDpoQiGycHWoQDIe_xV6HvEQHXH_XvReTjRO-Q-dGOfd8dXG HTTP/1.1" 200 108616 "-" "Mozilla/5.0 (compatible; AwarioBot/1.0; +https://awario.com/bots.html)"
136.243.228.180 - - [14/Apr/2025:08:26:33 -0400] "GET /items/gquwp15/40046?key=huh HTTP/1.1" 500 1245 "-" "Mozilla/5.0 (compatible; DataForSeoBot/1.0; +https://dataforseo.com/dataforseo-bot)"
65.21.113.206 - - [14/Apr/2025:08:26:38 -0400] "GET /search.php?m222021835?srsltid=AfmBOoAulcvfdCnqpKFPy1_pPj08nC12t_l30AGuUL-X-ZRLV3Y8zz HTTP/1.1" 200 109588 "-" "Mozilla/5.0 (compatible; AwarioBot/1.0; +https://awario.com/bots.html)"
136.243.228.180 - - [14/Apr/2025:08:26:38 -0400] "GET /items/lyvuq150/43331?key=rumor HTTP/1.1" 500 1245 "-" "Mozilla/5.0 (compatible; DataForSeoBot/1.0; +https://dataforseo.com/dataforseo-bot)"
198.54.114.83 - - [14/Apr/2025:08:26:44 -0400] "POST /wp-cron.php?doing_wp_cron=1744633603.4767670631408691406250 HTTP/1.1" 403 1242 "-" "WordPress/6.7.2; https://bayrampasaspor.com"
136.243.228.180 - - [14/Apr/2025:08:26:42 -0400] "GET /items/pmzfc281/22641?key=clue HTTP/1.1" 500 1245 "-" "Mozilla/5.0 (compatible; DataForSeoBot/1.0; +https://dataforseo.com/dataforseo-bot)"
65.21.113.206 - - [14/Apr/2025:08:26:44 -0400] "GET /search.php?m222024035?srsltid=AfmBOozEjNxklKdTyBFuHM_EBS0K5CVU2_jtDo7nRM-S-xnrLXFPEg HTTP/1.1" 200 110198 "-" "Mozilla/5.0 (compatible; AwarioBot/1.0; +https://awario.com/bots.html)"
