65.21.113.206 - - [14/Apr/2025:07:29:02 -0400] "GET /search.php?m089010738?srsltid=AfmBOocoHuBzQikV1g3CPt_QoW6RAtLVQ_uVFCaY7j-O-VcwNEURTH HTTP/1.1" 200 109100 "-" "Mozilla/5.0 (compatible; AwarioBot/1.0; +https://awario.com/bots.html)"
136.243.228.180 - - [14/Apr/2025:07:29:04 -0400] "GET /items/grlii196/46872?key=embrace HTTP/1.1" 500 1245 "-" "Mozilla/5.0 (compatible; DataForSeoBot/1.0; +https://dataforseo.com/dataforseo-bot)"
136.243.228.180 - - [14/Apr/2025:07:29:07 -0400] "GET /items/yhrta68/17211?key=suburb HTTP/1.1" 500 1245 "-" "Mozilla/5.0 (compatible; DataForSeoBot/1.0; +https://dataforseo.com/dataforseo-bot)"
65.21.113.206 - - [14/Apr/2025:07:29:07 -0400] "GET /search.php?m089026754?srsltid=AfmBOocdkMarfuEFTBuEGv_Yi9CfY2s2v_WymEqkxk-J-WOgx9xI3z HTTP/1.1" 200 108981 "-" "Mozilla/5.0 (compatible; AwarioBot/1.0; +https://awario.com/bots.html)"
136.243.228.180 - - [14/Apr/2025:07:29:12 -0400] "GET /items/hakjw115/44776?key=literally HTTP/1.1" 500 1245 "-" "Mozilla/5.0 (compatible; DataForSeoBot/1.0; +https://dataforseo.com/dataforseo-bot)"
20.171.207.13 - - [14/Apr/2025:07:29:12 -0400] "GET /items/lljgk225/17911?key=supplier HTTP/1.1" 500 1245 "-" "Mozilla/5.0 AppleWebKit/537.36 (KHTML, like Gecko; compatible; GPTBot/1.2; +https://openai.com/gptbot)"
65.21.113.206 - - [14/Apr/2025:07:29:12 -0400] "GET /search.php?m089031438?srsltid=AfmBOovbrtwifMQtd85ZjF_z5VmB3Tkts_lTbGduC8-W-53WKDtEKZ HTTP/1.1" 200 108985 "-" "Mozilla/5.0 (compatible; AwarioBot/1.0; +https://awario.com/bots.html)"
136.243.228.180 - - [14/Apr/2025:07:29:15 -0400] "GET /items/lsbpc8/31622?key=egg HTTP/1.1" 500 1245 "-" "Mozilla/5.0 (compatible; DataForSeoBot/1.0; +https://dataforseo.com/dataforseo-bot)"
136.243.228.180 - - [14/Apr/2025:07:29:19 -0400] "GET /items/bfyrb214/4126?key=scratch HTTP/1.1" 500 1245 "-" "Mozilla/5.0 (compatible; DataForSeoBot/1.0; +https://dataforseo.com/dataforseo-bot)"
65.21.113.206 - - [14/Apr/2025:07:29:19 -0400] "GET /search.php?m089038970?srsltid=AfmBOophMnWvYiZm9EqcdP_mMF7uKsV7O_6ktjdpKt-I-ZE1VJZjWJ HTTP/1.1" 200 111299 "-" "Mozilla/5.0 (compatible; AwarioBot/1.0; +https://awario.com/bots.html)"
136.243.228.180 - - [14/Apr/2025:07:29:24 -0400] "GET /items/bvqfe73/37696?key=reminder HTTP/1.1" 500 1245 "-" "Mozilla/5.0 (compatible; DataForSeoBot/1.0; +https://dataforseo.com/dataforseo-bot)"
65.21.113.206 - - [14/Apr/2025:07:29:24 -0400] "GET /search.php?m089039950?srsltid=AfmBOoULteHzYnXVy2c9Ht_xSjQo2OdQS_MBlIPpAl-H-tcGX2t7MY HTTP/1.1" 200 110546 "-" "Mozilla/5.0 (compatible; AwarioBot/1.0; +https://awario.com/bots.html)"
136.243.228.180 - - [14/Apr/2025:07:29:27 -0400] "GET /items/gumdo253/2015?key=source HTTP/1.1" 500 1245 "-" "Mozilla/5.0 (compatible; DataForSeoBot/1.0; +https://dataforseo.com/dataforseo-bot)"
65.21.113.206 - - [14/Apr/2025:07:29:29 -0400] "GET /search.php?m089043550?srsltid=AfmBOoaoZhBThXPb9dPDCW_f84szxuglg_JDyswaZS-B-UYO7ZVZvQ HTTP/1.1" 200 108813 "-" "Mozilla/5.0 (compatible; AwarioBot/1.0; +https://awario.com/bots.html)"
136.243.228.180 - - [14/Apr/2025:07:29:31 -0400] "GET /items/jzcgt282/41158?key=only HTTP/1.1" 500 1245 "-" "Mozilla/5.0 (compatible; DataForSeoBot/1.0; +https://dataforseo.com/dataforseo-bot)"
136.243.228.180 - - [14/Apr/2025:07:29:35 -0400] "GET /items/apnac136/19849?key=container HTTP/1.1" 500 1245 "-" "Mozilla/5.0 (compatible; DataForSeoBot/1.0; +https://dataforseo.com/dataforseo-bot)"
65.21.113.206 - - [14/Apr/2025:07:29:36 -0400] "GET /search.php?m089044264?srsltid=AfmBOorDlRXKbqdQTaL0do_jMHcWek55x_6zwUBgnn-G-7cIYwwSPq HTTP/1.1" 200 108917 "-" "Mozilla/5.0 (compatible; AwarioBot/1.0; +https://awario.com/bots.html)"
65.21.113.206 - - [14/Apr/2025:07:29:40 -0400] "GET /search.php?m090023801?srsltid=AfmBOoIeGSWpCaNMhBEIIA_Go00LQDuy9_Xggxy6vd-Z-5VUx3WNGR HTTP/1.1" 200 108985 "-" "Mozilla/5.0 (compatible; AwarioBot/1.0; +https://awario.com/bots.html)"
136.243.228.180 - - [14/Apr/2025:07:29:39 -0400] "GET /items/qcsds24/46903?key=wave HTTP/1.1" 500 1245 "-" "Mozilla/5.0 (compatible; DataForSeoBot/1.0; +https://dataforseo.com/dataforseo-bot)"
136.243.228.180 - - [14/Apr/2025:07:29:43 -0400] "GET /items/zqbnb34/32806?key=magnetic HTTP/1.1" 500 1245 "-" "Mozilla/5.0 (compatible; DataForSeoBot/1.0; +https://dataforseo.com/dataforseo-bot)"
65.21.113.206 - - [14/Apr/2025:07:29:45 -0400] "GET /search.php?m090043111?srsltid=AfmBOoUZEguAJjswQwKz3Z_FQTzpEiuNu_2ONuinkE-N-NbHWrpr6D HTTP/1.1" 200 108462 "-" "Mozilla/5.0 (compatible; AwarioBot/1.0; +https://awario.com/bots.html)"
136.243.228.180 - - [14/Apr/2025:07:29:48 -0400] "GET /items/lanyo241/10002?key=shallow HTTP/1.1" 500 1245 "-" "Mozilla/5.0 (compatible; DataForSeoBot/1.0; +https://dataforseo.com/dataforseo-bot)"
136.243.228.180 - - [14/Apr/2025:07:29:52 -0400] "GET /items/tqzej126/10995?key=forever HTTP/1.1" 500 1245 "-" "Mozilla/5.0 (compatible; DataForSeoBot/1.0; +https://dataforseo.com/dataforseo-bot)"
65.21.113.206 - - [14/Apr/2025:07:29:52 -0400] "GET /search.php?m090046273?srsltid=AfmBOoHWsHhkcoIotBBdRJ_HHTCfTsnIb_PTDmTQ4n-E-5rtFGUDit HTTP/1.1" 200 108842 "-" "Mozilla/5.0 (compatible; AwarioBot/1.0; +https://awario.com/bots.html)"
136.243.228.180 - - [14/Apr/2025:07:29:56 -0400] "GET /items/esaua149/6395?key=fee HTTP/1.1" 500 1245 "-" "Mozilla/5.0 (compatible; DataForSeoBot/1.0; +https://dataforseo.com/dataforseo-bot)"
65.21.113.206 - - [14/Apr/2025:07:29:57 -0400] "GET /search.php?m091001314?srsltid=AfmBOoBkAaYUDYTJQVk32b_V2xdq0pL3d_TC8cGeNR-Z-ARGKS8ADZ HTTP/1.1" 200 108608 "-" "Mozilla/5.0 (compatible; AwarioBot/1.0; +https://awario.com/bots.html)"
136.243.228.180 - - [14/Apr/2025:07:29:59 -0400] "GET /items/azdpo172/16577?key=hesitate HTTP/1.1" 500 1245 "-" "Mozilla/5.0 (compatible; DataForSeoBot/1.0; +https://dataforseo.com/dataforseo-bot)"
136.243.228.180 - - [14/Apr/2025:07:30:04 -0400] "GET /items/qjubc157/27042?key=nice HTTP/1.1" 500 1245 "-" "Mozilla/5.0 (compatible; DataForSeoBot/1.0; +https://dataforseo.com/dataforseo-bot)"
65.21.113.206 - - [14/Apr/2025:07:30:03 -0400] "GET /search.php?m091002282?srsltid=AfmBOocHyjuFTotYvWF0GA_nISFV8sc8K_agceDLoD-T-qQXlAXtjb HTTP/1.1" 200 109005 "-" "Mozilla/5.0 (compatible; AwarioBot/1.0; +https://awario.com/bots.html)"
136.243.228.180 - - [14/Apr/2025:07:30:08 -0400] "GET /items/dhzbp78/9039?key=stage HTTP/1.1" 500 1245 "-" "Mozilla/5.0 (compatible; DataForSeoBot/1.0; +https://dataforseo.com/dataforseo-bot)"
65.21.113.206 - - [14/Apr/2025:07:30:10 -0400] "GET /search.php?m091008026?srsltid=AfmBOohnroGmIjNofiG5fb_UXZ4SsXXxT_nj93RnnK-K-nNHXX2W9q HTTP/1.1" 200 107838 "-" "Mozilla/5.0 (compatible; AwarioBot/1.0; +https://awario.com/bots.html)"
136.243.228.180 - - [14/Apr/2025:07:30:12 -0400] "GET /items/fzoiv214/24593?key=disclose HTTP/1.1" 500 1245 "-" "Mozilla/5.0 (compatible; DataForSeoBot/1.0; +https://dataforseo.com/dataforseo-bot)"
20.171.207.13 - - [14/Apr/2025:07:30:13 -0400] "GET /items/uzsbu159/22888?key=consistently HTTP/1.1" 500 1245 "-" "Mozilla/5.0 AppleWebKit/537.36 (KHTML, like Gecko; compatible; GPTBot/1.2; +https://openai.com/gptbot)"
65.21.113.206 - - [14/Apr/2025:07:30:14 -0400] "GET /search.php?m091047130?srsltid=AfmBOoExGoYzmbcL1jOjJp_IsIdkMq3e2_xNpugAam-R-AxQoDyWSO HTTP/1.1" 200 109403 "-" "Mozilla/5.0 (compatible; AwarioBot/1.0; +https://awario.com/bots.html)"
136.243.228.180 - - [14/Apr/2025:07:30:16 -0400] "GET /items/dyrvk150/40897?key=hypothesis HTTP/1.1" 500 1245 "-" "Mozilla/5.0 (compatible; DataForSeoBot/1.0; +https://dataforseo.com/dataforseo-bot)"
65.21.113.206 - - [14/Apr/2025:07:30:19 -0400] "GET /search.php?m092000267?srsltid=AfmBOojCvYjulbUQgjXuJD_8vjTmINSiF_9bBDxpWs-B-htmlz5O8C HTTP/1.1" 200 110252 "-" "Mozilla/5.0 (compatible; AwarioBot/1.0; +https://awario.com/bots.html)"
136.243.228.180 - - [14/Apr/2025:07:27:44 -0400] "GET /items/vkjzl19/8764?key=fiber HTTP/1.1" 500 1245 "-" "Mozilla/5.0 (compatible; DataForSeoBot/1.0; +https://dataforseo.com/dataforseo-bot)"
65.21.113.206 - - [14/Apr/2025:07:27:45 -0400] "GET /search.php?m085034346?srsltid=AfmBOoJalkvJHfcSvERroU_Vp6gM71oab_ZJf1onBW-O-Xu3QNAVmi HTTP/1.1" 200 111721 "-" "Mozilla/5.0 (compatible; AwarioBot/1.0; +https://awario.com/bots.html)"
136.243.228.180 - - [14/Apr/2025:07:27:47 -0400] "GET /items/aqjsi275/19865?key=kiss HTTP/1.1" 500 1245 "-" "Mozilla/5.0 (compatible; DataForSeoBot/1.0; +https://dataforseo.com/dataforseo-bot)"
65.21.113.206 - - [14/Apr/2025:07:27:51 -0400] "GET /search.php?m085045394?srsltid=AfmBOoXpJxjSOfSyseb5JL_7pkwYowKJ5_QIcX6c3z-O-hHDhq7Xim HTTP/1.1" 200 109831 "-" "Mozilla/5.0 (compatible; AwarioBot/1.0; +https://awario.com/bots.html)"
136.243.228.180 - - [14/Apr/2025:07:27:51 -0400] "GET /items/udbep300/7111?key=coalition HTTP/1.1" 500 1245 "-" "Mozilla/5.0 (compatible; DataForSeoBot/1.0; +https://dataforseo.com/dataforseo-bot)"
136.243.228.180 - - [14/Apr/2025:07:27:55 -0400] "GET /items/niwbd57/16197?key=silver HTTP/1.1" 500 1245 "-" "Mozilla/5.0 (compatible; DataForSeoBot/1.0; +https://dataforseo.com/dataforseo-bot)"
65.21.113.206 - - [14/Apr/2025:07:27:55 -0400] "GET /search.php?m085047842?srsltid=AfmBOohMRUjNSRloNYh4yi_ru2q3FneJj_omrYJv1F-J-b3iRfTgoP HTTP/1.1" 200 111082 "-" "Mozilla/5.0 (compatible; AwarioBot/1.0; +https://awario.com/bots.html)"
136.243.228.180 - - [14/Apr/2025:07:27:58 -0400] "GET /items/yfnni25/14842?key=bird HTTP/1.1" 500 1245 "-" "Mozilla/5.0 (compatible; DataForSeoBot/1.0; +https://dataforseo.com/dataforseo-bot)"
65.21.113.206 - - [14/Apr/2025:07:28:02 -0400] "GET /search.php?m085048000?srsltid=AfmBOoVbmLJLtCLJ9CRqHk_bzkqjJ2tjE_tduZ3AbZ-Z-A1jUI1r77 HTTP/1.1" 200 109905 "-" "Mozilla/5.0 (compatible; AwarioBot/1.0; +https://awario.com/bots.html)"
136.243.228.180 - - [14/Apr/2025:07:28:03 -0400] "GET /items/rmgqe299/30717?key=trunk HTTP/1.1" 500 1245 "-" "Mozilla/5.0 (compatible; DataForSeoBot/1.0; +https://dataforseo.com/dataforseo-bot)"
136.243.228.180 - - [14/Apr/2025:07:28:07 -0400] "GET /items/hzfzj10/35092?key=regulate HTTP/1.1" 500 1245 "-" "Mozilla/5.0 (compatible; DataForSeoBot/1.0; +https://dataforseo.com/dataforseo-bot)"
20.171.207.13 - - [14/Apr/2025:07:28:07 -0400] "GET /items/cdlec170/44211?key=classroom HTTP/1.1" 500 1245 "-" "Mozilla/5.0 AppleWebKit/537.36 (KHTML, like Gecko; compatible; GPTBot/1.2; +https://openai.com/gptbot)"
65.21.113.206 - - [14/Apr/2025:07:28:09 -0400] "GET /search.php?m086006213?srsltid=AfmBOozBofeHKqWppSLqTx_fNgwMlNBoK_JP6MoJXr-B-lWwiIAVry HTTP/1.1" 200 110683 "-" "Mozilla/5.0 (compatible; AwarioBot/1.0; +https://awario.com/bots.html)"
136.243.228.180 - - [14/Apr/2025:07:30:20 -0400] "GET /items/kketq239/55?key=learning HTTP/1.1" 500 1245 "-" "Mozilla/5.0 (compatible; DataForSeoBot/1.0; +https://dataforseo.com/dataforseo-bot)"
136.243.228.180 - - [14/Apr/2025:07:30:24 -0400] "GET /items/hsicr261/32020?key=use HTTP/1.1" 500 1245 "-" "Mozilla/5.0 (compatible; DataForSeoBot/1.0; +https://dataforseo.com/dataforseo-bot)"
65.21.113.206 - - [14/Apr/2025:07:30:24 -0400] "GET /search.php?m092012801?srsltid=AfmBOokQBoYEaZOnLkUMtI_DdBfR3GXUT_JpdWmYIQ-K-dImOVW084 HTTP/1.1" 200 109168 "-" "Mozilla/5.0 (compatible; AwarioBot/1.0; +https://awario.com/bots.html)"
136.243.228.180 - - [14/Apr/2025:07:30:28 -0400] "GET /items/foaoc246/24515?key=experience HTTP/1.1" 500 1245 "-" "Mozilla/5.0 (compatible; DataForSeoBot/1.0; +https://dataforseo.com/dataforseo-bot)"
65.21.113.206 - - [14/Apr/2025:07:30:29 -0400] "GET /search.php?m092014223?srsltid=AfmBOodjgfFhXFbo0LTjM1_KxLsSBS5uH_Tz9eaeEN-U-dgLgvQp7T HTTP/1.1" 200 108608 "-" "Mozilla/5.0 (compatible; AwarioBot/1.0; +https://awario.com/bots.html)"
136.243.228.180 - - [14/Apr/2025:07:30:33 -0400] "GET /items/sfnei73/37694?key=date HTTP/1.1" 500 1245 "-" "Mozilla/5.0 (compatible; DataForSeoBot/1.0; +https://dataforseo.com/dataforseo-bot)"
65.21.113.206 - - [14/Apr/2025:07:30:33 -0400] "GET /search.php?m092029181?srsltid=AfmBOoYeakfLAThaksfsrq_FMFJEGQpid_Q8NmR56q-G-qi2XwsFIh HTTP/1.1" 200 109617 "-" "Mozilla/5.0 (compatible; AwarioBot/1.0; +https://awario.com/bots.html)"
136.243.228.180 - - [14/Apr/2025:07:30:36 -0400] "GET /items/jujzk212/25678?key=holiday HTTP/1.1" 500 1245 "-" "Mozilla/5.0 (compatible; DataForSeoBot/1.0; +https://dataforseo.com/dataforseo-bot)"
136.243.228.180 - - [14/Apr/2025:07:30:40 -0400] "GET /items/jtege40/18867?key=resort HTTP/1.1" 500 1245 "-" "Mozilla/5.0 (compatible; DataForSeoBot/1.0; +https://dataforseo.com/dataforseo-bot)"
65.21.113.206 - - [14/Apr/2025:07:30:39 -0400] "GET /search.php?m092031945?srsltid=AfmBOoPciNxQDsSqvDQgG4_zTDnGcCb8l_EmxyZn28-N-LyBj2zqpW HTTP/1.1" 200 109238 "-" "Mozilla/5.0 (compatible; AwarioBot/1.0; +https://awario.com/bots.html)"
136.243.228.180 - - [14/Apr/2025:07:30:44 -0400] "GET /items/coffx86/27482?key=success HTTP/1.1" 500 1245 "-" "Mozilla/5.0 (compatible; DataForSeoBot/1.0; +https://dataforseo.com/dataforseo-bot)"
65.21.113.206 - - [14/Apr/2025:07:30:44 -0400] "GET /search.php?m092046233?srsltid=AfmBOoMJLkTvUWzcPNw1Fm_4tk7MtUQNt_MsHNM6Tu-A-GIaUn5aof HTTP/1.1" 200 109545 "-" "Mozilla/5.0 (compatible; AwarioBot/1.0; +https://awario.com/bots.html)"
198.54.114.83 - - [14/Apr/2025:07:30:48 -0400] "POST /wp-cron.php?doing_wp_cron=1744630248.2413260936737060546875 HTTP/1.1" 403 1242 "-" "WordPress/6.7.2; https://bayrampasaspor.com"
136.243.228.180 - - [14/Apr/2025:07:30:47 -0400] "GET /items/bxypt247/7727?key=remaining HTTP/1.1" 500 1245 "-" "Mozilla/5.0 (compatible; DataForSeoBot/1.0; +https://dataforseo.com/dataforseo-bot)"
65.21.113.206 - - [14/Apr/2025:07:30:49 -0400] "GET /search.php?m092047309?srsltid=AfmBOoANtPtNUcejGEKT9b_wIjnDXpZkv_jtViRQ3o-S-rEF7mWBKl HTTP/1.1" 200 110021 "-" "Mozilla/5.0 (compatible; AwarioBot/1.0; +https://awario.com/bots.html)"
136.243.228.180 - - [14/Apr/2025:07:30:52 -0400] "GET /items/bwdhi123/39221?key=decline HTTP/1.1" 500 1245 "-" "Mozilla/5.0 (compatible; DataForSeoBot/1.0; +https://dataforseo.com/dataforseo-bot)"
65.21.113.206 - - [14/Apr/2025:07:30:54 -0400] "GET /search.php?m093016194?srsltid=AfmBOosvWjwxtukkfalEo9_dPaFWj9lsm_wBNs6xzJ-X-1LrdUTGrY HTTP/1.1" 200 109879 "-" "Mozilla/5.0 (compatible; AwarioBot/1.0; +https://awario.com/bots.html)"
136.243.228.180 - - [14/Apr/2025:07:30:55 -0400] "GET /items/fdceu256/45063?key=forbid HTTP/1.1" 500 1245 "-" "Mozilla/5.0 (compatible; DataForSeoBot/1.0; +https://dataforseo.com/dataforseo-bot)"
136.243.228.180 - - [14/Apr/2025:07:31:00 -0400] "GET /items/hfwbs185/9499?key=pause HTTP/1.1" 500 1245 "-" "Mozilla/5.0 (compatible; DataForSeoBot/1.0; +https://dataforseo.com/dataforseo-bot)"
136.243.228.180 - - [14/Apr/2025:07:25:59 -0400] "GET /items/cdzzw234/19620?key=Supreme HTTP/1.1" 500 1245 "-" "Mozilla/5.0 (compatible; DataForSeoBot/1.0; +https://dataforseo.com/dataforseo-bot)"
65.21.113.206 - - [14/Apr/2025:07:25:59 -0400] "GET /search.php?m079024500?srsltid=AfmBOoYJSrgmuVkU2bUpob_Aa49AB0hs6_l2CGsLAS-P-WNICw0FzR HTTP/1.1" 200 108528 "-" "Mozilla/5.0 (compatible; AwarioBot/1.0; +https://awario.com/bots.html)"
136.243.228.180 - - [14/Apr/2025:07:26:03 -0400] "GET /items/swqio287/6587?key=approval HTTP/1.1" 500 1245 "-" "Mozilla/5.0 (compatible; DataForSeoBot/1.0; +https://dataforseo.com/dataforseo-bot)"
65.21.113.206 - - [14/Apr/2025:07:26:04 -0400] "GET /search.php?m079047856?srsltid=AfmBOouYRDFjzoyzITF4Xl_OPa6523aSP_eH5vh0HY-T-IUbyqE9Se HTTP/1.1" 200 109583 "-" "Mozilla/5.0 (compatible; AwarioBot/1.0; +https://awario.com/bots.html)"
136.243.228.180 - - [14/Apr/2025:07:26:08 -0400] "GET /items/iucme224/23329?key=text HTTP/1.1" 500 1245 "-" "Mozilla/5.0 (compatible; DataForSeoBot/1.0; +https://dataforseo.com/dataforseo-bot)"
65.21.113.206 - - [14/Apr/2025:07:26:10 -0400] "GET /search.php?m080020591?srsltid=AfmBOoSwcARjnGnkOIkPHB_NwLeMgHiIB_SUIYsLwz-H-PLN2c1pBT HTTP/1.1" 200 110461 "-" "Mozilla/5.0 (compatible; AwarioBot/1.0; +https://awario.com/bots.html)"
136.243.228.180 - - [14/Apr/2025:07:26:11 -0400] "GET /items/lkhcd69/41416?key=dip HTTP/1.1" 500 1245 "-" "Mozilla/5.0 (compatible; DataForSeoBot/1.0; +https://dataforseo.com/dataforseo-bot)"
136.243.228.180 - - [14/Apr/2025:07:26:15 -0400] "GET /items/ayhph185/30590?key=shorts HTTP/1.1" 500 1245 "-" "Mozilla/5.0 (compatible; DataForSeoBot/1.0; +https://dataforseo.com/dataforseo-bot)"
65.21.113.206 - - [14/Apr/2025:07:26:15 -0400] "GET /search.php?m080032445?srsltid=AfmBOoCoPhXNdAIyeOABqG_chYHZJa9Hk_j8El3aBE-U-bW3HTbsrA HTTP/1.1" 200 109370 "-" "Mozilla/5.0 (compatible; AwarioBot/1.0; +https://awario.com/bots.html)"
136.243.228.180 - - [14/Apr/2025:07:26:19 -0400] "GET /items/eitwi227/15132?key=meaningful HTTP/1.1" 500 1245 "-" "Mozilla/5.0 (compatible; DataForSeoBot/1.0; +https://dataforseo.com/dataforseo-bot)"
65.21.113.206 - - [14/Apr/2025:07:26:21 -0400] "GET /search.php?m080036141?srsltid=AfmBOovhMrgROibqlgjUFf_OSzIaJqpYN_oEQqjZA2-W-cp51bgXaa HTTP/1.1" 200 108791 "-" "Mozilla/5.0 (compatible; AwarioBot/1.0; +https://awario.com/bots.html)"
65.21.113.206 - - [14/Apr/2025:07:30:59 -0400] "GET /search.php?m093027078?srsltid=AfmBOoNdONDyljCYGDubvo_lRZUbwM9eC_EbTBW219-P-LjvRhwtzd HTTP/1.1" 200 109510 "-" "Mozilla/5.0 (compatible; AwarioBot/1.0; +https://awario.com/bots.html)"
65.21.113.206 - - [14/Apr/2025:07:31:03 -0400] "GET /search.php?m093034588?srsltid=AfmBOoZryOCRyRQtXhnoL4_kUpPvjZkTg_5DQethxS-W-XRTvd5ccC HTTP/1.1" 200 110084 "-" "Mozilla/5.0 (compatible; AwarioBot/1.0; +https://awario.com/bots.html)"
136.243.228.180 - - [14/Apr/2025:07:31:04 -0400] "GET /items/uajlp63/37028?key=removal HTTP/1.1" 500 1245 "-" "Mozilla/5.0 (compatible; DataForSeoBot/1.0; +https://dataforseo.com/dataforseo-bot)"
136.243.228.180 - - [14/Apr/2025:07:31:08 -0400] "GET /items/wqopz168/34999?key=reporting HTTP/1.1" 500 1245 "-" "Mozilla/5.0 (compatible; DataForSeoBot/1.0; +https://dataforseo.com/dataforseo-bot)"
65.21.113.206 - - [14/Apr/2025:07:31:08 -0400] "GET /search.php?m094017983?srsltid=AfmBOohktTkhZKVjA1BMmZ_WwDZpwKDT0_Hjl8HEjc-K-rT9Z0hHPT HTTP/1.1" 200 108894 "-" "Mozilla/5.0 (compatible; AwarioBot/1.0; +https://awario.com/bots.html)"
136.243.228.180 - - [14/Apr/2025:07:31:13 -0400] "GET /items/rukvh238/25502?key=commodity HTTP/1.1" 500 1245 "-" "Mozilla/5.0 (compatible; DataForSeoBot/1.0; +https://dataforseo.com/dataforseo-bot)"
65.21.113.206 - - [14/Apr/2025:07:31:13 -0400] "GET /search.php?m094022865?srsltid=AfmBOorAIxsqAYJPP3T5qv_PwRYIpInTV_GvH767FJ-T-CMKMXO6QN HTTP/1.1" 200 110252 "-" "Mozilla/5.0 (compatible; AwarioBot/1.0; +https://awario.com/bots.html)"
20.171.207.13 - - [14/Apr/2025:07:31:15 -0400] "GET /items/oxdkc286/12459?key=Mr HTTP/1.1" 500 1245 "-" "Mozilla/5.0 AppleWebKit/537.36 (KHTML, like Gecko; compatible; GPTBot/1.2; +https://openai.com/gptbot)"
136.243.228.180 - - [14/Apr/2025:07:31:16 -0400] "GET /items/zobzs187/18133?key=Thanksgiving HTTP/1.1" 500 1245 "-" "Mozilla/5.0 (compatible; DataForSeoBot/1.0; +https://dataforseo.com/dataforseo-bot)"
65.21.113.206 - - [14/Apr/2025:07:31:18 -0400] "GET /search.php?m094037393?srsltid=AfmBOoJUYlBAXXOXY1eOeM_WoyoVIUI3x_qBqz7n7L-E-wKzqzFglK HTTP/1.1" 200 109394 "-" "Mozilla/5.0 (compatible; AwarioBot/1.0; +https://awario.com/bots.html)"
136.243.228.180 - - [14/Apr/2025:07:31:19 -0400] "GET /items/txbpd98/19810?key=ball HTTP/1.1" 500 1245 "-" "Mozilla/5.0 (compatible; DataForSeoBot/1.0; +https://dataforseo.com/dataforseo-bot)"
136.243.228.180 - - [14/Apr/2025:07:31:24 -0400] "GET /items/iclrg186/47435?key=drinking HTTP/1.1" 500 1245 "-" "Mozilla/5.0 (compatible; DataForSeoBot/1.0; +https://dataforseo.com/dataforseo-bot)"
65.21.113.206 - - [14/Apr/2025:07:31:24 -0400] "GET /search.php?m094042149?srsltid=AfmBOoRRhnnbgASE5UH54H_7okuoiN2J4_HWiHEfUV-D-A5lUwjn9x HTTP/1.1" 200 108966 "-" "Mozilla/5.0 (compatible; AwarioBot/1.0; +https://awario.com/bots.html)"
136.243.228.180 - - [14/Apr/2025:07:31:27 -0400] "GET /items/mteed93/26835?key=partially HTTP/1.1" 500 1245 "-" "Mozilla/5.0 (compatible; DataForSeoBot/1.0; +https://dataforseo.com/dataforseo-bot)"
65.21.113.206 - - [14/Apr/2025:07:31:29 -0400] "GET /search.php?m094045709?srsltid=AfmBOoSXPdeYCmZDsPmTq7_ownqKweJKa_07hN0jQN-L-W2JIK2UEB HTTP/1.1" 200 109296 "-" "Mozilla/5.0 (compatible; AwarioBot/1.0; +https://awario.com/bots.html)"
136.243.228.180 - - [14/Apr/2025:07:31:32 -0400] "GET /items/lkvbq173/6399?key=study HTTP/1.1" 500 1245 "-" "Mozilla/5.0 (compatible; DataForSeoBot/1.0; +https://dataforseo.com/dataforseo-bot)"
136.243.228.180 - - [14/Apr/2025:07:31:36 -0400] "GET /items/cmdni99/39910?key=fold HTTP/1.1" 500 1245 "-" "Mozilla/5.0 (compatible; DataForSeoBot/1.0; +https://dataforseo.com/dataforseo-bot)"
65.21.113.206 - - [14/Apr/2025:07:31:36 -0400] "GET /search.php?m095002038?srsltid=AfmBOoZAVEIOuPhYRMjSZ6_pa6BrSgiOF_m68K0My9-E-jzZw64C6K HTTP/1.1" 200 108701 "-" "Mozilla/5.0 (compatible; AwarioBot/1.0; +https://awario.com/bots.html)"
136.243.228.180 - - [14/Apr/2025:07:31:40 -0400] "GET /items/dhvxv49/45670?key=cup HTTP/1.1" 500 1245 "-" "Mozilla/5.0 (compatible; DataForSeoBot/1.0; +https://dataforseo.com/dataforseo-bot)"
65.21.113.206 - - [14/Apr/2025:07:31:44 -0400] "GET /search.php?m095002472?srsltid=AfmBOoKZwNaHpcEO2SCizM_FBC3pJY2eh_oDmVdG7H-E-OjpN20H1m HTTP/1.1" 200 109967 "-" "Mozilla/5.0 (compatible; AwarioBot/1.0; +https://awario.com/bots.html)"
136.243.228.180 - - [14/Apr/2025:07:31:44 -0400] "GET /items/bjiay101/42450?key=reward HTTP/1.1" 500 1245 "-" "Mozilla/5.0 (compatible; DataForSeoBot/1.0; +https://dataforseo.com/dataforseo-bot)"
198.54.114.83 - - [14/Apr/2025:07:31:49 -0400] "POST /wp-cron.php?doing_wp_cron=1744630308.8252038955688476562500 HTTP/1.1" 403 0 "-" "WordPress/6.7.2; https://bayrampasaspor.com"
136.243.228.180 - - [14/Apr/2025:07:31:48 -0400] "GET /items/xgjcy285/49261?key=involvement HTTP/1.1" 500 1245 "-" "Mozilla/5.0 (compatible; DataForSeoBot/1.0; +https://dataforseo.com/dataforseo-bot)"
65.21.113.206 - - [14/Apr/2025:07:31:50 -0400] "GET /search.php?m095002768?srsltid=AfmBOoVaeTJNnpWatL6Z3h_Ab5EMydZfU_qXPGxgT7-A-iT24zuIpt HTTP/1.1" 200 110704 "-" "Mozilla/5.0 (compatible; AwarioBot/1.0; +https://awario.com/bots.html)"
136.243.228.180 - - [14/Apr/2025:07:31:52 -0400] "GET /items/znfxx165/18413?key=sustainable HTTP/1.1" 500 1245 "-" "Mozilla/5.0 (compatible; DataForSeoBot/1.0; +https://dataforseo.com/dataforseo-bot)"
65.21.113.206 - - [14/Apr/2025:07:31:56 -0400] "GET /search.php?m095011196?srsltid=AfmBOoupUfVlCmoPNm4rOY_yKXBCJqgBh_ZHmJRnPm-K-Ly8sELpPV HTTP/1.1" 200 110380 "-" "Mozilla/5.0 (compatible; AwarioBot/1.0; +https://awario.com/bots.html)"
136.243.228.180 - - [14/Apr/2025:07:31:56 -0400] "GET /items/azoju295/14024?key=full-time HTTP/1.1" 500 1245 "-" "Mozilla/5.0 (compatible; DataForSeoBot/1.0; +https://dataforseo.com/dataforseo-bot)"
136.243.228.180 - - [14/Apr/2025:07:32:00 -0400] "GET /items/uhlll103/19027?key=underlying HTTP/1.1" 500 1245 "-" "Mozilla/5.0 (compatible; DataForSeoBot/1.0; +https://dataforseo.com/dataforseo-bot)"
65.21.113.206 - - [14/Apr/2025:07:32:01 -0400] "GET /search.php?m095018132?srsltid=AfmBOoczMefmSkPRHzbiSz_IDR4IMmyOy_VJ3UyzeW-U-e2JXBFBE2 HTTP/1.1" 200 109592 "-" "Mozilla/5.0 (compatible; AwarioBot/1.0; +https://awario.com/bots.html)"
136.243.228.180 - - [14/Apr/2025:07:32:04 -0400] "GET /items/rvhoi178/651?key=least HTTP/1.1" 500 1245 "-" "Mozilla/5.0 (compatible; DataForSeoBot/1.0; +https://dataforseo.com/dataforseo-bot)"
136.243.228.180 - - [14/Apr/2025:07:32:07 -0400] "GET /items/taoyq112/15866?key=cooperation HTTP/1.1" 500 1245 "-" "Mozilla/5.0 (compatible; DataForSeoBot/1.0; +https://dataforseo.com/dataforseo-bot)"
65.21.113.206 - - [14/Apr/2025:07:32:07 -0400] "GET /search.php?m095033212?srsltid=AfmBOoZyGBhgtQvffrbiaF_Kljk7o4lqr_u8voI5uK-S-kcNhCxfGg HTTP/1.1" 200 110428 "-" "Mozilla/5.0 (compatible; AwarioBot/1.0; +https://awario.com/bots.html)"
136.243.228.180 - - [14/Apr/2025:07:32:11 -0400] "GET /items/oyebo129/37385?key=efficient HTTP/1.1" 500 1245 "-" "Mozilla/5.0 (compatible; DataForSeoBot/1.0; +https://dataforseo.com/dataforseo-bot)"
65.21.113.206 - - [14/Apr/2025:07:32:11 -0400] "GET /search.php?m095040708?srsltid=AfmBOoWgbodAHXKJaKHRzK_jflrjibKlY_okKEAbnk-X-UqtR4Bo9K HTTP/1.1" 200 109684 "-" "Mozilla/5.0 (compatible; AwarioBot/1.0; +https://awario.com/bots.html)"
20.171.207.13 - - [14/Apr/2025:07:32:16 -0400] "GET /items/fmmse72/37610?key=mystery HTTP/1.1" 500 1245 "-" "Mozilla/5.0 AppleWebKit/537.36 (KHTML, like Gecko; compatible; GPTBot/1.2; +https://openai.com/gptbot)"
136.243.228.180 - - [14/Apr/2025:07:32:17 -0400] "GET /items/xzqsk136/17857?key=emphasize HTTP/1.1" 500 1245 "-" "Mozilla/5.0 (compatible; DataForSeoBot/1.0; +https://dataforseo.com/dataforseo-bot)"
65.21.113.206 - - [14/Apr/2025:07:32:17 -0400] "GET /search.php?m095049490?srsltid=AfmBOoVTVwrcxVKnwqNMvl_eQo1wiuBsH_9jenosdg-J-2oPerQ9zK HTTP/1.1" 200 109323 "-" "Mozilla/5.0 (compatible; AwarioBot/1.0; +https://awario.com/bots.html)"
136.243.228.180 - - [14/Apr/2025:07:32:20 -0400] "GET /items/ohguq6/20578?key=library HTTP/1.1" 500 1245 "-" "Mozilla/5.0 (compatible; DataForSeoBot/1.0; +https://dataforseo.com/dataforseo-bot)"
65.21.113.206 - - [14/Apr/2025:07:32:23 -0400] "GET /search.php?m096035213?srsltid=AfmBOoZGmKJvAtnbwKRp4f_9CkLQ9oUCp_XlZtnxKX-S-81rSwRKax HTTP/1.1" 200 110112 "-" "Mozilla/5.0 (compatible; AwarioBot/1.0; +https://awario.com/bots.html)"
136.243.228.180 - - [14/Apr/2025:07:32:24 -0400] "GET /items/ytkhw14/678?key=guest HTTP/1.1" 500 1245 "-" "Mozilla/5.0 (compatible; DataForSeoBot/1.0; +https://dataforseo.com/dataforseo-bot)"
136.243.228.180 - - [14/Apr/2025:07:32:28 -0400] "GET /items/mupnn269/35000?key=justify HTTP/1.1" 500 1245 "-" "Mozilla/5.0 (compatible; DataForSeoBot/1.0; +https://dataforseo.com/dataforseo-bot)"
65.21.113.206 - - [14/Apr/2025:07:32:28 -0400] "GET /search.php?m096036893?srsltid=AfmBOoLjuYMLeigPYgEuLm_Atai1SlXgL_6QFCAvdJ-C-zIwf3lGPA HTTP/1.1" 200 110731 "-" "Mozilla/5.0 (compatible; AwarioBot/1.0; +https://awario.com/bots.html)"
136.243.228.180 - - [14/Apr/2025:07:32:33 -0400] "GET /items/joypg208/1932?key=music HTTP/1.1" 500 1245 "-" "Mozilla/5.0 (compatible; DataForSeoBot/1.0; +https://dataforseo.com/dataforseo-bot)"
65.21.113.206 - - [14/Apr/2025:07:32:34 -0400] "GET /search.php?m096038315?srsltid=AfmBOovWUVGmqFRIK6Y2QC_2crqsiiasZ_qotz33Jz-C-2XllmXEiI HTTP/1.1" 200 108508 "-" "Mozilla/5.0 (compatible; AwarioBot/1.0; +https://awario.com/bots.html)"
136.243.228.180 - - [14/Apr/2025:07:32:36 -0400] "GET /items/nzszx202/41094?key=strategy HTTP/1.1" 500 1245 "-" "Mozilla/5.0 (compatible; DataForSeoBot/1.0; +https://dataforseo.com/dataforseo-bot)"
136.243.228.180 - - [14/Apr/2025:07:32:40 -0400] "GET /items/vpmnc94/42918?key=chemical HTTP/1.1" 500 1245 "-" "Mozilla/5.0 (compatible; DataForSeoBot/1.0; +https://dataforseo.com/dataforseo-bot)"
65.21.113.206 - - [14/Apr/2025:07:32:39 -0400] "GET /search.php?m096040535?srsltid=AfmBOoejtNwrBDyjlEjwEj_LrsLrJ58PK_kXjkL8ea-F-mY0HpRPIx HTTP/1.1" 200 109246 "-" "Mozilla/5.0 (compatible; AwarioBot/1.0; +https://awario.com/bots.html)"
136.243.228.180 - - [14/Apr/2025:07:32:46 -0400] "GET /items/ijpyf257/17104?key=top HTTP/1.1" 500 1245 "-" "Mozilla/5.0 (compatible; DataForSeoBot/1.0; +https://dataforseo.com/dataforseo-bot)"
65.21.113.206 - - [14/Apr/2025:07:32:45 -0400] "GET /search.php?m096046561?srsltid=AfmBOoCPyoytZDbcZ2s548_P1OBSmL40g_ULf4W3qT-T-UHcs0D4Sn HTTP/1.1" 200 108937 "-" "Mozilla/5.0 (compatible; AwarioBot/1.0; +https://awario.com/bots.html)"
198.54.114.83 - - [14/Apr/2025:07:32:49 -0400] "POST /wp-cron.php?doing_wp_cron=1744630369.1251718997955322265625 HTTP/1.1" 403 1242 "-" "WordPress/6.7.2; https://bayrampasaspor.com"
136.243.228.180 - - [14/Apr/2025:07:32:48 -0400] "GET /items/whgad260/24272?key=original HTTP/1.1" 500 1245 "-" "Mozilla/5.0 (compatible; DataForSeoBot/1.0; +https://dataforseo.com/dataforseo-bot)"
65.21.113.206 - - [14/Apr/2025:07:32:50 -0400] "GET /search.php?m097002628?srsltid=AfmBOoGZdBpTgJzm9uifEv_XSPpGu3TWz_nJWLKf79-J-N3VyQJ5mx HTTP/1.1" 200 109028 "-" "Mozilla/5.0 (compatible; AwarioBot/1.0; +https://awario.com/bots.html)"
136.243.228.180 - - [14/Apr/2025:07:32:52 -0400] "GET /items/fvcpp188/322?key=wherever HTTP/1.1" 500 1245 "-" "Mozilla/5.0 (compatible; DataForSeoBot/1.0; +https://dataforseo.com/dataforseo-bot)"
136.243.228.180 - - [14/Apr/2025:07:32:56 -0400] "GET /items/plqrc189/29800?key=shall HTTP/1.1" 500 1245 "-" "Mozilla/5.0 (compatible; DataForSeoBot/1.0; +https://dataforseo.com/dataforseo-bot)"
65.21.113.206 - - [14/Apr/2025:07:32:56 -0400] "GET /search.php?m097034390?srsltid=AfmBOoPiVeOXcscTK8T5JW_2vN4RVk2uz_Zi7gU1dk-M-dzcxLP17A HTTP/1.1" 200 110175 "-" "Mozilla/5.0 (compatible; AwarioBot/1.0; +https://awario.com/bots.html)"
136.243.228.180 - - [14/Apr/2025:07:33:00 -0400] "GET /items/boqws77/43072?key=sharp HTTP/1.1" 500 1245 "-" "Mozilla/5.0 (compatible; DataForSeoBot/1.0; +https://dataforseo.com/dataforseo-bot)"
65.21.113.206 - - [14/Apr/2025:07:33:01 -0400] "GET /search.php?m097040146?srsltid=AfmBOoVWsylIjpCSORn5mI_ZAeKYxR6uj_NtGDFo3E-Z-kosh4A0kA HTTP/1.1" 200 108776 "-" "Mozilla/5.0 (compatible; AwarioBot/1.0; +https://awario.com/bots.html)"
136.243.228.180 - - [14/Apr/2025:07:33:03 -0400] "GET /items/igbwq257/34715?key=crush HTTP/1.1" 500 1245 "-" "Mozilla/5.0 (compatible; DataForSeoBot/1.0; +https://dataforseo.com/dataforseo-bot)"
65.21.113.206 - - [14/Apr/2025:07:33:05 -0400] "GET /search.php?m097048846?srsltid=AfmBOoUpXTIKWrwfGyBMPp_iSwZtjWyKL_w5vPnJdG-B-KFYEZnvyV HTTP/1.1" 200 109457 "-" "Mozilla/5.0 (compatible; AwarioBot/1.0; +https://awario.com/bots.html)"
136.243.228.180 - - [14/Apr/2025:07:33:07 -0400] "GET /items/zukkx264/9159?key=trigger HTTP/1.1" 500 1245 "-" "Mozilla/5.0 (compatible; DataForSeoBot/1.0; +https://dataforseo.com/dataforseo-bot)"
65.21.113.206 - - [14/Apr/2025:07:33:09 -0400] "GET /search.php?m098018241?srsltid=AfmBOoIPEksnxCAehFrlwq_59X6sS9abD_y8YlWyw2-P-1WDqTjclh HTTP/1.1" 200 110558 "-" "Mozilla/5.0 (compatible; AwarioBot/1.0; +https://awario.com/bots.html)"
136.243.228.180 - - [14/Apr/2025:07:33:11 -0400] "GET /items/unoff168/8618?key=credit HTTP/1.1" 500 1245 "-" "Mozilla/5.0 (compatible; DataForSeoBot/1.0; +https://dataforseo.com/dataforseo-bot)"
65.21.113.206 - - [14/Apr/2025:07:33:14 -0400] "GET /search.php?m098036803?srsltid=AfmBOoDCJSagkSTopv9KBR_E2ZNA18Mzj_V6oz1nJm-Z-WD2o97lOq HTTP/1.1" 200 109854 "-" "Mozilla/5.0 (compatible; AwarioBot/1.0; +https://awario.com/bots.html)"
136.243.228.180 - - [14/Apr/2025:07:33:15 -0400] "GET /items/wlnrs295/45588?key=overlook HTTP/1.1" 500 1245 "-" "Mozilla/5.0 (compatible; DataForSeoBot/1.0; +https://dataforseo.com/dataforseo-bot)"
20.171.207.13 - - [14/Apr/2025:07:33:17 -0400] "GET /items/pizye112/6740?key=map HTTP/1.1" 500 1245 "-" "Mozilla/5.0 AppleWebKit/537.36 (KHTML, like Gecko; compatible; GPTBot/1.2; +https://openai.com/gptbot)"
136.243.228.180 - - [14/Apr/2025:07:33:20 -0400] "GET /items/zdnjv286/13316?key=snake HTTP/1.1" 500 1245 "-" "Mozilla/5.0 (compatible; DataForSeoBot/1.0; +https://dataforseo.com/dataforseo-bot)"
65.21.113.206 - - [14/Apr/2025:07:33:19 -0400] "GET /search.php?m098044655?srsltid=AfmBOodAuemOHnMd4iLqKM_GSBJ3q5Mub_UlmZNjDJ-S-5x9o01Bqf HTTP/1.1" 200 110018 "-" "Mozilla/5.0 (compatible; AwarioBot/1.0; +https://awario.com/bots.html)"
136.243.228.180 - - [14/Apr/2025:07:33:23 -0400] "GET /items/helkq180/31616?key=balanced HTTP/1.1" 500 1245 "-" "Mozilla/5.0 (compatible; DataForSeoBot/1.0; +https://dataforseo.com/dataforseo-bot)"
65.21.113.206 - - [14/Apr/2025:07:33:23 -0400] "GET /search.php?m099007618?srsltid=AfmBOomSiojMFKAOgRDR42_w6wYM2R5mF_sqZrW9u7-B-8ZbAKOmzP HTTP/1.1" 200 110203 "-" "Mozilla/5.0 (compatible; AwarioBot/1.0; +https://awario.com/bots.html)"
65.21.113.206 - - [14/Apr/2025:07:33:28 -0400] "GET /search.php?m099009244?srsltid=AfmBOonAHnvtybGDC1dEC0_dPJI42ZpB7_FHB91ZhQ-A-XTpHcz3vu HTTP/1.1" 200 108955 "-" "Mozilla/5.0 (compatible; AwarioBot/1.0; +https://awario.com/bots.html)"
136.243.228.180 - - [14/Apr/2025:07:33:27 -0400] "GET /items/wimxj283/37331?key=hurry HTTP/1.1" 500 1245 "-" "Mozilla/5.0 (compatible; DataForSeoBot/1.0; +https://dataforseo.com/dataforseo-bot)"
136.243.228.180 - - [14/Apr/2025:07:33:32 -0400] "GET /items/ipnxx15/9442?key=implication HTTP/1.1" 500 1245 "-" "Mozilla/5.0 (compatible; DataForSeoBot/1.0; +https://dataforseo.com/dataforseo-bot)"
65.21.113.206 - - [14/Apr/2025:07:33:33 -0400] "GET /search.php?m099039488?srsltid=AfmBOoCMbKaUvfULn3VPNn_geiu5BqrY8_fnEA4VuP-E-0tRgpwWqX HTTP/1.1" 200 108103 "-" "Mozilla/5.0 (compatible; AwarioBot/1.0; +https://awario.com/bots.html)"
136.243.228.180 - - [14/Apr/2025:07:33:36 -0400] "GET /items/ojfjr238/6156?key=photo HTTP/1.1" 500 1245 "-" "Mozilla/5.0 (compatible; DataForSeoBot/1.0; +https://dataforseo.com/dataforseo-bot)"
65.21.113.206 - - [14/Apr/2025:07:33:39 -0400] "GET /search.php?m099047252?srsltid=AfmBOoAHeAJwczGPNHVatR_nhKR7zPbcM_VzEJB1t7-Z-q4cgWrhpn HTTP/1.1" 200 109409 "-" "Mozilla/5.0 (compatible; AwarioBot/1.0; +https://awario.com/bots.html)"
136.243.228.180 - - [14/Apr/2025:07:33:40 -0400] "GET /items/pepho67/2354?key=tension HTTP/1.1" 500 1245 "-" "Mozilla/5.0 (compatible; DataForSeoBot/1.0; +https://dataforseo.com/dataforseo-bot)"
136.243.228.180 - - [14/Apr/2025:07:33:44 -0400] "GET /items/hddak178/44279?key=born HTTP/1.1" 500 1245 "-" "Mozilla/5.0 (compatible; DataForSeoBot/1.0; +https://dataforseo.com/dataforseo-bot)"
65.21.113.206 - - [14/Apr/2025:07:33:45 -0400] "GET /search.php?m100001381?srsltid=AfmBOoBzgThsfMTewyMhQj_vDB9sfN94z_AwMWQUMT-F-kAiWk5Cg0 HTTP/1.1" 200 109334 "-" "Mozilla/5.0 (compatible; AwarioBot/1.0; +https://awario.com/bots.html)"
136.243.228.180 - - [14/Apr/2025:07:33:47 -0400] "GET /items/jxwit139/33211?key=iron HTTP/1.1" 500 1245 "-" "Mozilla/5.0 (compatible; DataForSeoBot/1.0; +https://dataforseo.com/dataforseo-bot)"
65.21.113.206 - - [14/Apr/2025:07:33:49 -0400] "GET /search.php?m100014317?srsltid=AfmBOobnWRknBfOAEZm9xD_ygObjvjAQx_C7zB0BAj-H-Hg6gki7ND HTTP/1.1" 200 109178 "-" "Mozilla/5.0 (compatible; AwarioBot/1.0; +https://awario.com/bots.html)"
136.243.228.180 - - [14/Apr/2025:07:33:52 -0400] "GET /items/zucfy248/1267?key=separate HTTP/1.1" 500 1245 "-" "Mozilla/5.0 (compatible; DataForSeoBot/1.0; +https://dataforseo.com/dataforseo-bot)"
65.21.113.206 - - [14/Apr/2025:07:33:54 -0400] "GET /search.php?m100039739?srsltid=AfmBOozAcuZXovsw4Z1s3R_vNaVCSygSq_VfNWHkCH-Y-aWZfGZM0L HTTP/1.1" 200 108298 "-" "Mozilla/5.0 (compatible; AwarioBot/1.0; +https://awario.com/bots.html)"
136.243.228.180 - - [14/Apr/2025:07:33:56 -0400] "GET /items/hlgin152/21694?key=democracy HTTP/1.1" 500 1245 "-" "Mozilla/5.0 (compatible; DataForSeoBot/1.0; +https://dataforseo.com/dataforseo-bot)"
65.21.113.206 - - [14/Apr/2025:07:33:58 -0400] "GET /search.php?m101010922?srsltid=AfmBOorePUjQgdoOAqACIE_98xVSJfjq6_jgilr5zB-B-eJxjUfQcf HTTP/1.1" 200 108809 "-" "Mozilla/5.0 (compatible; AwarioBot/1.0; +https://awario.com/bots.html)"
136.243.228.180 - - [14/Apr/2025:07:34:00 -0400] "GET /items/rhcot152/17591?key=distinguish HTTP/1.1" 500 1245 "-" "Mozilla/5.0 (compatible; DataForSeoBot/1.0; +https://dataforseo.com/dataforseo-bot)"
65.21.113.206 - - [14/Apr/2025:07:34:03 -0400] "GET /search.php?m101016956?srsltid=AfmBOoacsBLHDTiXRcjHAL_rGH5jMzkrI_rXCQay2v-W-ZqfrhmvKL HTTP/1.1" 200 110655 "-" "Mozilla/5.0 (compatible; AwarioBot/1.0; +https://awario.com/bots.html)"
136.243.228.180 - - [14/Apr/2025:07:34:04 -0400] "GET /items/jhmml235/7080?key=calm HTTP/1.1" 500 1245 "-" "Mozilla/5.0 (compatible; DataForSeoBot/1.0; +https://dataforseo.com/dataforseo-bot)"
136.243.228.180 - - [14/Apr/2025:07:34:08 -0400] "GET /items/umpkf13/19336?key=fame HTTP/1.1" 500 1245 "-" "Mozilla/5.0 (compatible; DataForSeoBot/1.0; +https://dataforseo.com/dataforseo-bot)"
65.21.113.206 - - [14/Apr/2025:07:34:09 -0400] "GET /search.php?m101025372?srsltid=AfmBOoFBQPckiuCIfBe97Q_jFwluD44No_wpeGKmmo-D-Wvx99ACTl HTTP/1.1" 200 110048 "-" "Mozilla/5.0 (compatible; AwarioBot/1.0; +https://awario.com/bots.html)"
136.243.228.180 - - [14/Apr/2025:07:34:13 -0400] "GET /items/jitxg54/33037?key=brother HTTP/1.1" 500 1245 "-" "Mozilla/5.0 (compatible; DataForSeoBot/1.0; +https://dataforseo.com/dataforseo-bot)"
65.21.113.206 - - [14/Apr/2025:07:34:15 -0400] "GET /search.php?m101026416?srsltid=AfmBOoiJZUaencQveaYopN_ld68RzWhcY_K8itSFm2-K-Y1Tb5Cr6B HTTP/1.1" 200 109607 "-" "Mozilla/5.0 (compatible; AwarioBot/1.0; +https://awario.com/bots.html)"
136.243.228.180 - - [14/Apr/2025:07:34:17 -0400] "GET /items/kukvs244/36467?key=central HTTP/1.1" 500 1245 "-" "Mozilla/5.0 (compatible; DataForSeoBot/1.0; +https://dataforseo.com/dataforseo-bot)"
136.243.228.180 - - [14/Apr/2025:07:34:21 -0400] "GET /items/nwycw152/11827?key=disturb HTTP/1.1" 500 1245 "-" "Mozilla/5.0 (compatible; DataForSeoBot/1.0; +https://dataforseo.com/dataforseo-bot)"
65.21.113.206 - - [14/Apr/2025:07:34:21 -0400] "GET /search.php?m101038278?srsltid=AfmBOoKJcVkIYdtoCfiUPP_OleNNGEajB_YLrrjSWN-S-BBXgfq6t6 HTTP/1.1" 200 109254 "-" "Mozilla/5.0 (compatible; AwarioBot/1.0; +https://awario.com/bots.html)"
20.171.207.13 - - [14/Apr/2025:07:34:22 -0400] "GET /items/gonen60/33184?key=van HTTP/1.1" 500 1245 "-" "Mozilla/5.0 AppleWebKit/537.36 (KHTML, like Gecko; compatible; GPTBot/1.2; +https://openai.com/gptbot)"
136.243.228.180 - - [14/Apr/2025:07:34:24 -0400] "GET /items/tyngo140/30167?key=organ HTTP/1.1" 500 1245 "-" "Mozilla/5.0 (compatible; DataForSeoBot/1.0; +https://dataforseo.com/dataforseo-bot)"
65.21.113.206 - - [14/Apr/2025:07:34:27 -0400] "GET /search.php?m102004887?srsltid=AfmBOoiRgZgnwyjPMLE0KY_zwokAZx8vF_cF9ACME8-G-0KB5Lhtcu HTTP/1.1" 200 109191 "-" "Mozilla/5.0 (compatible; AwarioBot/1.0; +https://awario.com/bots.html)"
136.243.228.180 - - [14/Apr/2025:07:34:29 -0400] "GET /items/iaqvw21/44660?key=oh HTTP/1.1" 500 1245 "-" "Mozilla/5.0 (compatible; DataForSeoBot/1.0; +https://dataforseo.com/dataforseo-bot)"
136.243.228.180 - - [14/Apr/2025:07:34:33 -0400] "GET /items/qugwx40/3338?key=politically HTTP/1.1" 500 1245 "-" "Mozilla/5.0 (compatible; DataForSeoBot/1.0; +https://dataforseo.com/dataforseo-bot)"
65.21.113.206 - - [14/Apr/2025:07:34:33 -0400] "GET /search.php?m102015873?srsltid=AfmBOojXQhLnMyEjQLHqeJ_DC86wzOnMV_L0UnWeOt-G-cpE8Y5tgG HTTP/1.1" 200 109840 "-" "Mozilla/5.0 (compatible; AwarioBot/1.0; +https://awario.com/bots.html)"
136.243.228.180 - - [14/Apr/2025:07:34:38 -0400] "GET /items/ksdmr158/4250?key=fuel HTTP/1.1" 500 1245 "-" "Mozilla/5.0 (compatible; DataForSeoBot/1.0; +https://dataforseo.com/dataforseo-bot)"
65.21.113.206 - - [14/Apr/2025:07:34:39 -0400] "GET /search.php?m102023851?srsltid=AfmBOoUQnXBOPqfYEYuqDm_JZ2ch7XIUv_JCRKgjAF-Y-Ut7yAG5s4 HTTP/1.1" 200 108923 "-" "Mozilla/5.0 (compatible; AwarioBot/1.0; +https://awario.com/bots.html)"
136.243.228.180 - - [14/Apr/2025:07:34:41 -0400] "GET /items/fxxgy78/37597?key=empire HTTP/1.1" 500 1245 "-" "Mozilla/5.0 (compatible; DataForSeoBot/1.0; +https://dataforseo.com/dataforseo-bot)"
65.21.113.206 - - [14/Apr/2025:07:34:42 -0400] "GET /search.php?m103006876?srsltid=AfmBOohESpLDysIkaGgaIP_NMTZxXIInQ_3drjaJJ5-T-2gMooLpdr HTTP/1.1" 200 109729 "-" "Mozilla/5.0 (compatible; AwarioBot/1.0; +https://awario.com/bots.html)"
136.243.228.180 - - [14/Apr/2025:07:34:44 -0400] "GET /items/ovhsr72/48460?key=craft HTTP/1.1" 500 1245 "-" "Mozilla/5.0 (compatible; DataForSeoBot/1.0; +https://dataforseo.com/dataforseo-bot)"
65.21.113.206 - - [14/Apr/2025:07:34:46 -0400] "GET /search.php?m103021278?srsltid=AfmBOopvYYquuczPvK94Qo_Q29y8YeooC_UZvmfqii-V-bIoFSS6Ox HTTP/1.1" 200 109502 "-" "Mozilla/5.0 (compatible; AwarioBot/1.0; +https://awario.com/bots.html)"
136.243.228.180 - - [14/Apr/2025:07:34:49 -0400] "GET /items/jqzam153/47349?key=civilian HTTP/1.1" 500 1245 "-" "Mozilla/5.0 (compatible; DataForSeoBot/1.0; +https://dataforseo.com/dataforseo-bot)"
65.21.113.206 - - [14/Apr/2025:07:34:50 -0400] "GET /search.php?m103024964?srsltid=AfmBOosKyJiSuXYUqgntMQ_p2FiEhZFyt_DBT4EpB2-P-ToGFhBzFp HTTP/1.1" 200 108282 "-" "Mozilla/5.0 (compatible; AwarioBot/1.0; +https://awario.com/bots.html)"
136.243.228.180 - - [14/Apr/2025:07:34:52 -0400] "GET /items/gprej247/5751?key=gentle HTTP/1.1" 500 1245 "-" "Mozilla/5.0 (compatible; DataForSeoBot/1.0; +https://dataforseo.com/dataforseo-bot)"
65.21.113.206 - - [14/Apr/2025:07:34:54 -0400] "GET /search.php?m103025382?srsltid=AfmBOoyRrzRhYECoE8oWol_i1r1Th8YIu_RqRSB0kJ-Z-4qXrIRDG5 HTTP/1.1" 200 109940 "-" "Mozilla/5.0 (compatible; AwarioBot/1.0; +https://awario.com/bots.html)"
136.243.228.180 - - [14/Apr/2025:07:34:56 -0400] "GET /items/gnuev76/5626?key=proud HTTP/1.1" 500 1245 "-" "Mozilla/5.0 (compatible; DataForSeoBot/1.0; +https://dataforseo.com/dataforseo-bot)"
65.21.113.206 - - [14/Apr/2025:07:34:57 -0400] "GET /search.php?m103036492?srsltid=AfmBOowIZTaSxYCRQYDaRR_BHR99eNmvz_JxssHg19-Z-ZZpbIxinz HTTP/1.1" 200 109268 "-" "Mozilla/5.0 (compatible; AwarioBot/1.0; +https://awario.com/bots.html)"
136.243.228.180 - - [14/Apr/2025:07:35:01 -0400] "GET /items/zfdwq17/21408?key=youth HTTP/1.1" 500 1245 "-" "Mozilla/5.0 (compatible; DataForSeoBot/1.0; +https://dataforseo.com/dataforseo-bot)"
65.21.113.206 - - [14/Apr/2025:07:35:01 -0400] "GET /search.php?m103041168?srsltid=AfmBOooPUHjJhALlrRMzIj_jySreVnYmV_OxDndCfw-E-bt92oL9U9 HTTP/1.1" 200 110252 "-" "Mozilla/5.0 (compatible; AwarioBot/1.0; +https://awario.com/bots.html)"
136.243.228.180 - - [14/Apr/2025:07:35:05 -0400] "GET /items/ggeam230/8604?key=belief HTTP/1.1" 500 1245 "-" "Mozilla/5.0 (compatible; DataForSeoBot/1.0; +https://dataforseo.com/dataforseo-bot)"
65.21.113.206 - - [14/Apr/2025:07:35:06 -0400] "GET /search.php?m103047686?srsltid=AfmBOoWUfhjeOpdg8BYbuL_LfBquICQiJ_EsFNf91x-N-cH9g0ue0f HTTP/1.1" 200 109795 "-" "Mozilla/5.0 (compatible; AwarioBot/1.0; +https://awario.com/bots.html)"
136.243.228.180 - - [14/Apr/2025:07:35:08 -0400] "GET /items/edujn218/16791?key=Persian HTTP/1.1" 500 1245 "-" "Mozilla/5.0 (compatible; DataForSeoBot/1.0; +https://dataforseo.com/dataforseo-bot)"
136.243.228.180 - - [14/Apr/2025:07:35:12 -0400] "GET /items/culja88/47576?key=club HTTP/1.1" 500 1245 "-" "Mozilla/5.0 (compatible; DataForSeoBot/1.0; +https://dataforseo.com/dataforseo-bot)"
65.21.113.206 - - [14/Apr/2025:07:35:14 -0400] "GET /search.php?m104002517?srsltid=AfmBOoLwYgLhssOd6I7hUJ_VPbo8NsCFL_cZOX7VMT-R-I5TFjpk68 HTTP/1.1" 200 108816 "-" "Mozilla/5.0 (compatible; AwarioBot/1.0; +https://awario.com/bots.html)"
136.243.228.180 - - [14/Apr/2025:07:35:16 -0400] "GET /items/diunh44/37000?key=task HTTP/1.1" 500 1245 "-" "Mozilla/5.0 (compatible; DataForSeoBot/1.0; +https://dataforseo.com/dataforseo-bot)"
65.21.113.206 - - [14/Apr/2025:07:35:18 -0400] "GET /search.php?m104009645?srsltid=AfmBOoCfJbCqbLXLv1pXTh_zFr6PV7S7c_ylisMDfD-Z-2Fi5E53dh HTTP/1.1" 200 109788 "-" "Mozilla/5.0 (compatible; AwarioBot/1.0; +https://awario.com/bots.html)"
136.243.228.180 - - [14/Apr/2025:07:35:21 -0400] "GET /items/zbzhn254/17428?key=blue HTTP/1.1" 500 1245 "-" "Mozilla/5.0 (compatible; DataForSeoBot/1.0; +https://dataforseo.com/dataforseo-bot)"
65.21.113.206 - - [14/Apr/2025:07:35:22 -0400] "GET /search.php?m104030649?srsltid=AfmBOoXEYWKRsrooVkwBPM_zQdp9nDzDI_M2FVRCPC-J-Ais8Q8KFD HTTP/1.1" 200 110246 "-" "Mozilla/5.0 (compatible; AwarioBot/1.0; +https://awario.com/bots.html)"
20.171.207.13 - - [14/Apr/2025:07:35:24 -0400] "GET /items/snwig33/27344?key=aggressive HTTP/1.1" 500 1245 "-" "Mozilla/5.0 AppleWebKit/537.36 (KHTML, like Gecko; compatible; GPTBot/1.2; +https://openai.com/gptbot)"
136.243.228.180 - - [14/Apr/2025:07:35:27 -0400] "GET /items/cgtvl53/43465?key=refuge HTTP/1.1" 500 1245 "-" "Mozilla/5.0 (compatible; DataForSeoBot/1.0; +https://dataforseo.com/dataforseo-bot)"
65.21.113.206 - - [14/Apr/2025:07:35:27 -0400] "GET /search.php?m104033355?srsltid=AfmBOoxReMpNGBNPGLEFyX_BZXvjWgfKH_17pg9F6V-Z-98ZuHg79P HTTP/1.1" 200 109475 "-" "Mozilla/5.0 (compatible; AwarioBot/1.0; +https://awario.com/bots.html)"
136.243.228.180 - - [14/Apr/2025:07:35:30 -0400] "GET /items/tsnbr19/7879?key=proportion HTTP/1.1" 500 1245 "-" "Mozilla/5.0 (compatible; DataForSeoBot/1.0; +https://dataforseo.com/dataforseo-bot)"
65.21.113.206 - - [14/Apr/2025:07:35:31 -0400] "GET /search.php?m104035335?srsltid=AfmBOoXBehRlyJMQrwlteD_B5Yxk4I5wr_4FKLDC4s-X-2JesvfL5Q HTTP/1.1" 200 108655 "-" "Mozilla/5.0 (compatible; AwarioBot/1.0; +https://awario.com/bots.html)"
136.243.228.180 - - [14/Apr/2025:07:35:35 -0400] "GET /items/xkzfy83/3964?key=stop HTTP/1.1" 500 1245 "-" "Mozilla/5.0 (compatible; DataForSeoBot/1.0; +https://dataforseo.com/dataforseo-bot)"
65.21.113.206 - - [14/Apr/2025:07:35:37 -0400] "GET /search.php?m104036159?srsltid=AfmBOoNnlybsqzziaqNHGL_5GklJZoIeq_evOBrhZp-T-AGngSOQ6X HTTP/1.1" 200 108937 "-" "Mozilla/5.0 (compatible; AwarioBot/1.0; +https://awario.com/bots.html)"
136.243.228.180 - - [14/Apr/2025:07:35:38 -0400] "GET /items/retwj223/21678?key=explosion HTTP/1.1" 500 1245 "-" "Mozilla/5.0 (compatible; DataForSeoBot/1.0; +https://dataforseo.com/dataforseo-bot)"
136.243.228.180 - - [14/Apr/2025:07:35:42 -0400] "GET /items/bcrik265/46033?key=water HTTP/1.1" 500 1245 "-" "Mozilla/5.0 (compatible; DataForSeoBot/1.0; +https://dataforseo.com/dataforseo-bot)"
65.21.113.206 - - [14/Apr/2025:07:35:42 -0400] "GET /search.php?m104048537?srsltid=AfmBOoWIxzKXlAwS5ltyuA_tH4cKdEvu6_OaUwnGIW-F-lnP4xO8pu HTTP/1.1" 200 108851 "-" "Mozilla/5.0 (compatible; AwarioBot/1.0; +https://awario.com/bots.html)"
65.21.113.206 - - [14/Apr/2025:07:35:46 -0400] "GET /search.php?m105006676?srsltid=AfmBOowZvXQSumXzqllZMK_88oVIryguj_pZ4h2slO-D-IxQ0Uz97e HTTP/1.1" 200 109857 "-" "Mozilla/5.0 (compatible; AwarioBot/1.0; +https://awario.com/bots.html)"
136.243.228.180 - - [14/Apr/2025:07:35:47 -0400] "GET /items/uqnth174/36958?key=decrease HTTP/1.1" 500 1245 "-" "Mozilla/5.0 (compatible; DataForSeoBot/1.0; +https://dataforseo.com/dataforseo-bot)"
65.21.113.206 - - [14/Apr/2025:07:35:51 -0400] "GET /search.php?m105014098?srsltid=AfmBOonqZChgPKFWJja3Ef_vTVoZ5vr32_V4ekXEgB-A-y6demg9lV HTTP/1.1" 200 109524 "-" "Mozilla/5.0 (compatible; AwarioBot/1.0; +https://awario.com/bots.html)"
198.54.114.83 - - [14/Apr/2025:07:35:52 -0400] "POST /wp-cron.php?doing_wp_cron=1744630552.2434780597686767578125 HTTP/1.1" 403 1242 "-" "WordPress/6.7.2; https://bayrampasaspor.com"
136.243.228.180 - - [14/Apr/2025:07:35:51 -0400] "GET /items/fzvpk170/34238?key=ribbon HTTP/1.1" 500 1245 "-" "Mozilla/5.0 (compatible; DataForSeoBot/1.0; +https://dataforseo.com/dataforseo-bot)"
136.243.228.180 - - [14/Apr/2025:07:35:55 -0400] "GET /items/yekbn93/46579?key=professor HTTP/1.1" 500 1245 "-" "Mozilla/5.0 (compatible; DataForSeoBot/1.0; +https://dataforseo.com/dataforseo-bot)"
65.21.113.206 - - [14/Apr/2025:07:35:55 -0400] "GET /search.php?m105020414?srsltid=AfmBOoNIzZiVHlyGp4sVUf_MdGeNpfJ6X_16o5nhBm-I-vh2y1COc8 HTTP/1.1" 200 108429 "-" "Mozilla/5.0 (compatible; AwarioBot/1.0; +https://awario.com/bots.html)"
136.243.228.180 - - [14/Apr/2025:07:35:59 -0400] "GET /items/yxipm120/46263?key=review HTTP/1.1" 500 1245 "-" "Mozilla/5.0 (compatible; DataForSeoBot/1.0; +https://dataforseo.com/dataforseo-bot)"
65.21.113.206 - - [14/Apr/2025:07:36:00 -0400] "GET /search.php?m105038800?srsltid=AfmBOojflIezdvmlN8E1em_9wpS8IuYQs_uSNRXIFi-K-h4OtmEzgi HTTP/1.1" 200 110340 "-" "Mozilla/5.0 (compatible; AwarioBot/1.0; +https://awario.com/bots.html)"
136.243.228.180 - - [14/Apr/2025:07:36:03 -0400] "GET /items/jiomq120/34553?key=ok HTTP/1.1" 500 1245 "-" "Mozilla/5.0 (compatible; DataForSeoBot/1.0; +https://dataforseo.com/dataforseo-bot)"
65.21.113.206 - - [14/Apr/2025:07:36:04 -0400] "GET /search.php?m106003593?srsltid=AfmBOoBLPnqJOfXy6fVtC3_cVRd30pLPB_ysCYmdvR-C-hm3GS6u1u HTTP/1.1" 200 109653 "-" "Mozilla/5.0 (compatible; AwarioBot/1.0; +https://awario.com/bots.html)"
136.243.228.180 - - [14/Apr/2025:07:36:08 -0400] "GET /items/ecvwp176/39610?key=hey HTTP/1.1" 500 1245 "-" "Mozilla/5.0 (compatible; DataForSeoBot/1.0; +https://dataforseo.com/dataforseo-bot)"
65.21.113.206 - - [14/Apr/2025:07:36:08 -0400] "GET /search.php?m106011457?srsltid=AfmBOoWwHVczVyyZMdpCCA_9p33EhgwcW_MUUCP3uK-M-65ogrGQmK HTTP/1.1" 200 109271 "-" "Mozilla/5.0 (compatible; AwarioBot/1.0; +https://awario.com/bots.html)"
136.243.228.180 - - [14/Apr/2025:07:36:12 -0400] "GET /items/lmsyc101/25406?key=judgment HTTP/1.1" 500 1245 "-" "Mozilla/5.0 (compatible; DataForSeoBot/1.0; +https://dataforseo.com/dataforseo-bot)"
65.21.113.206 - - [14/Apr/2025:07:36:13 -0400] "GET /search.php?m106011845?srsltid=AfmBOoKxPJhjYODDAaesuj_BLyDfLYhxy_n1vPnRNB-Z-DGNWV0akW HTTP/1.1" 200 109360 "-" "Mozilla/5.0 (compatible; AwarioBot/1.0; +https://awario.com/bots.html)"
136.243.228.180 - - [14/Apr/2025:07:36:16 -0400] "GET /items/sgysz200/36677?key=injure HTTP/1.1" 500 1245 "-" "Mozilla/5.0 (compatible; DataForSeoBot/1.0; +https://dataforseo.com/dataforseo-bot)"
65.21.113.206 - - [14/Apr/2025:07:36:19 -0400] "GET /search.php?m106012317?srsltid=AfmBOoQKMFXIbBqNnIlPaA_t15mMMdNZr_Nyv77P6W-I-eww3qZxbW HTTP/1.1" 200 108977 "-" "Mozilla/5.0 (compatible; AwarioBot/1.0; +https://awario.com/bots.html)"
136.243.228.180 - - [14/Apr/2025:07:36:20 -0400] "GET /items/adgph196/17814?key=where HTTP/1.1" 500 1245 "-" "Mozilla/5.0 (compatible; DataForSeoBot/1.0; +https://dataforseo.com/dataforseo-bot)"
65.21.113.206 - - [14/Apr/2025:07:36:23 -0400] "GET /search.php?m106014821?srsltid=AfmBOoRyKwmwSBzi6EEwKb_BBQfUrCUf2_chIGemGI-Q-0cx1c0d7Q HTTP/1.1" 200 110805 "-" "Mozilla/5.0 (compatible; AwarioBot/1.0; +https://awario.com/bots.html)"
136.243.228.180 - - [14/Apr/2025:07:36:24 -0400] "GET /items/nkqwm193/41395?key=bar HTTP/1.1" 500 1245 "-" "Mozilla/5.0 (compatible; DataForSeoBot/1.0; +https://dataforseo.com/dataforseo-bot)"
136.243.228.180 - - [14/Apr/2025:07:36:27 -0400] "GET /items/nshsk40/48501?key=box HTTP/1.1" 500 1245 "-" "Mozilla/5.0 (compatible; DataForSeoBot/1.0; +https://dataforseo.com/dataforseo-bot)"
65.21.113.206 - - [14/Apr/2025:07:36:27 -0400] "GET /search.php?m106023875?srsltid=AfmBOooAZcCTRdhihvQMdt_UPtQ7YlWQx_NUMVfrqM-I-hTlJRhLLP HTTP/1.1" 200 109865 "-" "Mozilla/5.0 (compatible; AwarioBot/1.0; +https://awario.com/bots.html)"
