136.243.228.180 - - [14/Apr/2025:11:25:05 -0400] "GET /items/sacxz196/44662?key=inspiration HTTP/1.1" 500 1245 "-" "Mozilla/5.0 (compatible; DataForSeoBot/1.0; +https://dataforseo.com/dataforseo-bot)"
136.243.228.180 - - [14/Apr/2025:11:25:08 -0400] "GET /items/hvbwg38/15983?key=margin HTTP/1.1" 500 1245 "-" "Mozilla/5.0 (compatible; DataForSeoBot/1.0; +https://dataforseo.com/dataforseo-bot)"
136.243.228.180 - - [14/Apr/2025:11:25:13 -0400] "GET /items/ookle106/23712?key=dear HTTP/1.1" 500 1245 "-" "Mozilla/5.0 (compatible; DataForSeoBot/1.0; +https://dataforseo.com/dataforseo-bot)"
136.243.228.180 - - [14/Apr/2025:11:25:16 -0400] "GET /items/kwyef224/18092?key=bus HTTP/1.1" 500 1245 "-" "Mozilla/5.0 (compatible; DataForSeoBot/1.0; +https://dataforseo.com/dataforseo-bot)"
136.243.228.180 - - [14/Apr/2025:11:25:20 -0400] "GET /items/pbgnn158/24517?key=counsel HTTP/1.1" 500 1245 "-" "Mozilla/5.0 (compatible; DataForSeoBot/1.0; +https://dataforseo.com/dataforseo-bot)"
136.243.228.180 - - [14/Apr/2025:11:25:24 -0400] "GET /items/noryz181/22863?key=hip HTTP/1.1" 500 1245 "-" "Mozilla/5.0 (compatible; DataForSeoBot/1.0; +https://dataforseo.com/dataforseo-bot)"
136.243.228.180 - - [14/Apr/2025:11:25:28 -0400] "GET /items/hebbl185/23920?key=paper HTTP/1.1" 500 1245 "-" "Mozilla/5.0 (compatible; DataForSeoBot/1.0; +https://dataforseo.com/dataforseo-bot)"
136.243.228.180 - - [14/Apr/2025:11:25:33 -0400] "GET /items/cmkwt203/6349?key=queen HTTP/1.1" 500 1245 "-" "Mozilla/5.0 (compatible; DataForSeoBot/1.0; +https://dataforseo.com/dataforseo-bot)"
136.243.228.180 - - [14/Apr/2025:11:25:36 -0400] "GET /items/iqduz134/48038?key=realistic HTTP/1.1" 500 1245 "-" "Mozilla/5.0 (compatible; DataForSeoBot/1.0; +https://dataforseo.com/dataforseo-bot)"
20.171.207.13 - - [14/Apr/2025:11:25:39 -0400] "GET /items/zcbyn93/41171?key=direction HTTP/1.1" 500 1245 "-" "Mozilla/5.0 AppleWebKit/537.36 (KHTML, like Gecko; compatible; GPTBot/1.2; +https://openai.com/gptbot)"
136.243.228.180 - - [14/Apr/2025:11:25:43 -0400] "GET /items/hyzyx10/44476?key=rumor HTTP/1.1" 500 1245 "-" "Mozilla/5.0 (compatible; DataForSeoBot/1.0; +https://dataforseo.com/dataforseo-bot)"
136.243.228.180 - - [14/Apr/2025:11:25:44 -0400] "GET /items/icceg74/31149?key=every HTTP/1.1" 500 1245 "-" "Mozilla/5.0 (compatible; DataForSeoBot/1.0; +https://dataforseo.com/dataforseo-bot)"
198.54.114.83 - - [14/Apr/2025:11:25:52 -0400] "POST /wp-cron.php?doing_wp_cron=1744644350.6860530376434326171875 HTTP/1.1" 200 0 "-" "WordPress/6.7.2; https://bayrampasaspor.com"
136.243.228.180 - - [14/Apr/2025:11:25:50 -0400] "GET /items/rzltn295/5627?key=Latin HTTP/1.1" 500 1245 "-" "Mozilla/5.0 (compatible; DataForSeoBot/1.0; +https://dataforseo.com/dataforseo-bot)"
198.54.114.83 - - [14/Apr/2025:11:25:52 -0400] "POST /wp-cron.php?doing_wp_cron=1744644350.7292900085449218750000 HTTP/1.1" 200 0 "-" "WordPress/6.7.2; https://bayrampasaspor.com"
2a12:d3c7:7ea5:af4d:eb7f:4f82:d3d7:54ae - - [14/Apr/2025:11:25:50 -0400] "GET /analyzing-the-casino-solution-distribution/ HTTP/1.1" 200 15505 "http://bayrampasaspor.com/analyzing-the-casino-solution-distribution/" "Mozilla/5.0 (Windows NT 10.0; Win64; x64) AppleWebKit/537.36 (KHTML, like Gecko) Chrome/131.0.0.0 Safari/537.36 Avast/131.0.0.0"
136.243.228.180 - - [14/Apr/2025:11:25:54 -0400] "GET /items/ajnti298/44368?key=attorney HTTP/1.1" 500 1245 "-" "Mozilla/5.0 (compatible; DataForSeoBot/1.0; +https://dataforseo.com/dataforseo-bot)"
136.243.228.180 - - [14/Apr/2025:11:25:58 -0400] "GET /items/ztbcp184/7800?key=involvement HTTP/1.1" 500 1245 "-" "Mozilla/5.0 (compatible; DataForSeoBot/1.0; +https://dataforseo.com/dataforseo-bot)"
136.243.228.180 - - [14/Apr/2025:11:26:02 -0400] "GET /items/yebbm157/9611?key=note HTTP/1.1" 500 1245 "-" "Mozilla/5.0 (compatible; DataForSeoBot/1.0; +https://dataforseo.com/dataforseo-bot)"
136.243.228.180 - - [14/Apr/2025:11:26:06 -0400] "GET /items/qtuvc139/24914?key=chain HTTP/1.1" 500 1245 "-" "Mozilla/5.0 (compatible; DataForSeoBot/1.0; +https://dataforseo.com/dataforseo-bot)"
136.243.228.180 - - [14/Apr/2025:11:26:11 -0400] "GET /items/wvuiy182/5119?key=province HTTP/1.1" 500 1245 "-" "Mozilla/5.0 (compatible; DataForSeoBot/1.0; +https://dataforseo.com/dataforseo-bot)"
136.243.228.180 - - [14/Apr/2025:11:26:14 -0400] "GET /items/ajweu297/40760?key=pasta HTTP/1.1" 500 1245 "-" "Mozilla/5.0 (compatible; DataForSeoBot/1.0; +https://dataforseo.com/dataforseo-bot)"
136.243.228.180 - - [14/Apr/2025:11:26:17 -0400] "GET /items/bcbmw276/19033?key=surprisingly HTTP/1.1" 500 1245 "-" "Mozilla/5.0 (compatible; DataForSeoBot/1.0; +https://dataforseo.com/dataforseo-bot)"
136.243.228.180 - - [14/Apr/2025:11:26:22 -0400] "GET /items/lbycn190/16465?key=recovery HTTP/1.1" 500 1245 "-" "Mozilla/5.0 (compatible; DataForSeoBot/1.0; +https://dataforseo.com/dataforseo-bot)"
136.243.228.180 - - [14/Apr/2025:11:26:26 -0400] "GET /items/cpxlq88/1565?key=weather HTTP/1.1" 500 1245 "-" "Mozilla/5.0 (compatible; DataForSeoBot/1.0; +https://dataforseo.com/dataforseo-bot)"
136.243.228.180 - - [14/Apr/2025:11:26:30 -0400] "GET /items/kuzye260/39996?key=tell HTTP/1.1" 500 1245 "-" "Mozilla/5.0 (compatible; DataForSeoBot/1.0; +https://dataforseo.com/dataforseo-bot)"
136.243.228.180 - - [14/Apr/2025:11:26:35 -0400] "GET /items/odwbd278/9638?key=telescope HTTP/1.1" 500 1245 "-" "Mozilla/5.0 (compatible; DataForSeoBot/1.0; +https://dataforseo.com/dataforseo-bot)"
136.243.228.180 - - [14/Apr/2025:11:26:39 -0400] "GET /items/gwzyf172/16695?key=confuse HTTP/1.1" 500 1245 "-" "Mozilla/5.0 (compatible; DataForSeoBot/1.0; +https://dataforseo.com/dataforseo-bot)"
136.243.228.180 - - [14/Apr/2025:11:26:42 -0400] "GET /items/loycd106/40670?key=broadcast HTTP/1.1" 500 1245 "-" "Mozilla/5.0 (compatible; DataForSeoBot/1.0; +https://dataforseo.com/dataforseo-bot)"
20.171.207.13 - - [14/Apr/2025:11:26:43 -0400] "GET /items/cwjhy173/22175?key=painter HTTP/1.1" 500 1245 "-" "Mozilla/5.0 AppleWebKit/537.36 (KHTML, like Gecko; compatible; GPTBot/1.2; +https://openai.com/gptbot)"
136.243.228.180 - - [14/Apr/2025:11:26:45 -0400] "GET /items/waozw145/24894?key=season HTTP/1.1" 500 1245 "-" "Mozilla/5.0 (compatible; DataForSeoBot/1.0; +https://dataforseo.com/dataforseo-bot)"
136.243.228.180 - - [14/Apr/2025:11:26:51 -0400] "GET /items/rhscg37/22379?key=trail HTTP/1.1" 500 1245 "-" "Mozilla/5.0 (compatible; DataForSeoBot/1.0; +https://dataforseo.com/dataforseo-bot)"
198.54.114.83 - - [14/Apr/2025:11:26:54 -0400] "POST /wp-cron.php?doing_wp_cron=1744644411.5921549797058105468750 HTTP/1.1" 200 0 "-" "WordPress/6.7.2; https://bayrampasaspor.com"
136.243.228.180 - - [14/Apr/2025:11:26:57 -0400] "GET /items/bvppr189/34127?key=disabled HTTP/1.1" 500 1245 "-" "Mozilla/5.0 (compatible; DataForSeoBot/1.0; +https://dataforseo.com/dataforseo-bot)"
136.243.228.180 - - [14/Apr/2025:11:27:03 -0400] "GET /items/qkrbm116/45872?key=law HTTP/1.1" 500 1245 "-" "Mozilla/5.0 (compatible; DataForSeoBot/1.0; +https://dataforseo.com/dataforseo-bot)"
136.243.228.180 - - [14/Apr/2025:11:27:07 -0400] "GET /items/jfdrm42/16674?key=confuse HTTP/1.1" 500 1245 "-" "Mozilla/5.0 (compatible; DataForSeoBot/1.0; +https://dataforseo.com/dataforseo-bot)"
136.243.228.180 - - [14/Apr/2025:11:27:11 -0400] "GET /items/omijo194/13654?key=icon HTTP/1.1" 500 1245 "-" "Mozilla/5.0 (compatible; DataForSeoBot/1.0; +https://dataforseo.com/dataforseo-bot)"
136.243.228.180 - - [14/Apr/2025:11:27:15 -0400] "GET /items/tskjr182/386?key=elect HTTP/1.1" 500 1245 "-" "Mozilla/5.0 (compatible; DataForSeoBot/1.0; +https://dataforseo.com/dataforseo-bot)"
136.243.228.180 - - [14/Apr/2025:11:27:19 -0400] "GET /items/kcffd239/34369?key=stove HTTP/1.1" 500 1245 "-" "Mozilla/5.0 (compatible; DataForSeoBot/1.0; +https://dataforseo.com/dataforseo-bot)"
136.243.228.180 - - [14/Apr/2025:11:27:23 -0400] "GET /items/xvpmy130/46638?key=suddenly HTTP/1.1" 500 1245 "-" "Mozilla/5.0 (compatible; DataForSeoBot/1.0; +https://dataforseo.com/dataforseo-bot)"
136.243.228.180 - - [14/Apr/2025:11:27:27 -0400] "GET /items/vrafk95/43990?key=fantasy HTTP/1.1" 500 1245 "-" "Mozilla/5.0 (compatible; DataForSeoBot/1.0; +https://dataforseo.com/dataforseo-bot)"
136.243.228.180 - - [14/Apr/2025:11:27:30 -0400] "GET /items/wurgo242/12880?key=stem HTTP/1.1" 500 1245 "-" "Mozilla/5.0 (compatible; DataForSeoBot/1.0; +https://dataforseo.com/dataforseo-bot)"
136.243.228.180 - - [14/Apr/2025:11:27:35 -0400] "GET /items/zupni213/14325?key=beauty HTTP/1.1" 500 1245 "-" "Mozilla/5.0 (compatible; DataForSeoBot/1.0; +https://dataforseo.com/dataforseo-bot)"
136.243.228.180 - - [14/Apr/2025:11:27:39 -0400] "GET /items/yresa5/41195?key=impossible HTTP/1.1" 500 1245 "-" "Mozilla/5.0 (compatible; DataForSeoBot/1.0; +https://dataforseo.com/dataforseo-bot)"
52.164.203.120 - - [14/Apr/2025:11:27:42 -0400] "GET /index.php HTTP/1.1" 301 21 "-" "-"
136.243.228.180 - - [14/Apr/2025:11:27:42 -0400] "GET /items/ztkmb65/34201?key=student HTTP/1.1" 500 1245 "-" "Mozilla/5.0 (compatible; DataForSeoBot/1.0; +https://dataforseo.com/dataforseo-bot)"
52.164.203.120 - - [14/Apr/2025:11:27:44 -0400] "GET / HTTP/1.1" 500 1245 "-" "-"
136.243.228.180 - - [14/Apr/2025:11:27:46 -0400] "GET /items/qpige35/12024?key=powder HTTP/1.1" 500 1245 "-" "Mozilla/5.0 (compatible; DataForSeoBot/1.0; +https://dataforseo.com/dataforseo-bot)"
20.171.207.13 - - [14/Apr/2025:11:27:46 -0400] "GET /items/gfcqb234/14653?key=finding HTTP/1.1" 500 1245 "-" "Mozilla/5.0 AppleWebKit/537.36 (KHTML, like Gecko; compatible; GPTBot/1.2; +https://openai.com/gptbot)"
52.164.203.120 - - [14/Apr/2025:11:27:46 -0400] "GET /cgi-bin/xmrlpc.php HTTP/1.1" 301 21 "-" "-"
52.164.203.120 - - [14/Apr/2025:11:27:48 -0400] "GET /cgi-bin/xmrlpc.php HTTP/1.1" 500 1245 "-" "-"
52.164.203.120 - - [14/Apr/2025:11:27:50 -0400] "GET /404.php HTTP/1.1" 301 21 "-" "-"
52.164.203.120 - - [14/Apr/2025:11:27:52 -0400] "GET /404.php HTTP/1.1" 500 1245 "-" "-"
136.243.228.180 - - [14/Apr/2025:11:27:51 -0400] "GET /items/arvsv245/12012?key=gap HTTP/1.1" 500 1245 "-" "Mozilla/5.0 (compatible; DataForSeoBot/1.0; +https://dataforseo.com/dataforseo-bot)"
198.54.114.83 - - [14/Apr/2025:11:27:53 -0400] "POST /wp-cron.php?doing_wp_cron=1744644471.8939020633697509765625 HTTP/1.1" 200 0 "-" "WordPress/6.7.2; https://bayrampasaspor.com"
52.164.203.120 - - [14/Apr/2025:11:27:54 -0400] "GET /wp-configs.php HTTP/1.1" 301 21 "-" "-"
52.164.203.120 - - [14/Apr/2025:11:27:57 -0400] "GET /wp-configs.php HTTP/1.1" 500 1245 "-" "-"
136.243.228.180 - - [14/Apr/2025:11:27:57 -0400] "GET /items/kvwvi4/32980?key=margin HTTP/1.1" 500 1245 "-" "Mozilla/5.0 (compatible; DataForSeoBot/1.0; +https://dataforseo.com/dataforseo-bot)"
52.164.203.120 - - [14/Apr/2025:11:27:59 -0400] "GET /simple.php HTTP/1.1" 301 21 "-" "-"
136.243.228.180 - - [14/Apr/2025:11:28:03 -0400] "GET /items/xfzbe1/16526?key=loose HTTP/1.1" 500 1245 "-" "Mozilla/5.0 (compatible; DataForSeoBot/1.0; +https://dataforseo.com/dataforseo-bot)"
52.164.203.120 - - [14/Apr/2025:11:28:04 -0400] "GET /simple.php HTTP/1.1" 500 1245 "-" "-"
52.164.203.120 - - [14/Apr/2025:11:28:06 -0400] "GET /themes.php HTTP/1.1" 301 21 "-" "-"
136.243.228.180 - - [14/Apr/2025:11:28:07 -0400] "GET /items/wsnmn265/14753?key=package HTTP/1.1" 500 1245 "-" "Mozilla/5.0 (compatible; DataForSeoBot/1.0; +https://dataforseo.com/dataforseo-bot)"
52.164.203.120 - - [14/Apr/2025:11:28:09 -0400] "GET /themes.php HTTP/1.1" 500 1245 "-" "-"
52.164.203.120 - - [14/Apr/2025:11:28:11 -0400] "GET /ini.php HTTP/1.1" 301 21 "-" "-"
136.243.228.180 - - [14/Apr/2025:11:28:11 -0400] "GET /items/mcagw124/28658?key=confidence HTTP/1.1" 500 1245 "-" "Mozilla/5.0 (compatible; DataForSeoBot/1.0; +https://dataforseo.com/dataforseo-bot)"
52.164.203.120 - - [14/Apr/2025:11:28:14 -0400] "GET /ini.php HTTP/1.1" 500 1245 "-" "-"
136.243.228.180 - - [14/Apr/2025:11:28:15 -0400] "GET /items/crfhp54/31833?key=outstanding HTTP/1.1" 500 1245 "-" "Mozilla/5.0 (compatible; DataForSeoBot/1.0; +https://dataforseo.com/dataforseo-bot)"
52.164.203.120 - - [14/Apr/2025:11:28:17 -0400] "GET /autoload_classmap.php HTTP/1.1" 301 21 "-" "-"
136.243.228.180 - - [14/Apr/2025:11:28:18 -0400] "GET /items/srzng136/6039?key=hunger HTTP/1.1" 500 1245 "-" "Mozilla/5.0 (compatible; DataForSeoBot/1.0; +https://dataforseo.com/dataforseo-bot)"
52.164.203.120 - - [14/Apr/2025:11:28:19 -0400] "GET /autoload_classmap.php HTTP/1.1" 500 1245 "-" "-"
52.164.203.120 - - [14/Apr/2025:11:28:21 -0400] "GET /as.php HTTP/1.1" 301 21 "-" "-"
136.243.228.180 - - [14/Apr/2025:11:28:22 -0400] "GET /items/imytz4/35886?key=announce HTTP/1.1" 500 1245 "-" "Mozilla/5.0 (compatible; DataForSeoBot/1.0; +https://dataforseo.com/dataforseo-bot)"
52.164.203.120 - - [14/Apr/2025:11:28:22 -0400] "GET /as.php HTTP/1.1" 500 1245 "-" "-"
52.164.203.120 - - [14/Apr/2025:11:28:27 -0400] "GET /admin/upload/css.php HTTP/1.1" 301 21 "-" "-"
136.243.228.180 - - [14/Apr/2025:11:28:28 -0400] "GET /items/vnszj240/11673?key=bolt HTTP/1.1" 500 1245 "-" "Mozilla/5.0 (compatible; DataForSeoBot/1.0; +https://dataforseo.com/dataforseo-bot)"
52.164.203.120 - - [14/Apr/2025:11:28:29 -0400] "GET /admin/upload/css.php HTTP/1.1" 500 1245 "-" "-"
52.164.203.120 - - [14/Apr/2025:11:28:33 -0400] "GET /.well-known/pki-validation/afnew.php HTTP/1.1" 404 1251 "-" "-"
136.243.228.180 - - [14/Apr/2025:11:28:34 -0400] "GET /items/rlafa244/8120?key=carefully HTTP/1.1" 500 1245 "-" "Mozilla/5.0 (compatible; DataForSeoBot/1.0; +https://dataforseo.com/dataforseo-bot)"
52.164.203.120 - - [14/Apr/2025:11:28:36 -0400] "GET /lufix.php HTTP/1.1" 301 21 "-" "-"
136.243.228.180 - - [14/Apr/2025:11:28:38 -0400] "GET /items/aobsl91/25721?key=confess HTTP/1.1" 500 1245 "-" "Mozilla/5.0 (compatible; DataForSeoBot/1.0; +https://dataforseo.com/dataforseo-bot)"
52.164.203.120 - - [14/Apr/2025:11:28:39 -0400] "GET /lufix.php HTTP/1.1" 500 1245 "-" "-"
52.164.203.120 - - [14/Apr/2025:11:28:42 -0400] "GET /media.php HTTP/1.1" 301 21 "-" "-"
136.243.228.180 - - [14/Apr/2025:11:28:43 -0400] "GET /items/tojhw297/25328?key=jurisdiction HTTP/1.1" 500 1245 "-" "Mozilla/5.0 (compatible; DataForSeoBot/1.0; +https://dataforseo.com/dataforseo-bot)"
52.164.203.120 - - [14/Apr/2025:11:28:44 -0400] "GET /media.php HTTP/1.1" 500 1245 "-" "-"
52.164.203.120 - - [14/Apr/2025:11:28:46 -0400] "GET /simple.php HTTP/1.1" 301 21 "-" "-"
136.243.228.180 - - [14/Apr/2025:11:28:47 -0400] "GET /items/rremy226/31821?key=opinion HTTP/1.1" 500 1245 "-" "Mozilla/5.0 (compatible; DataForSeoBot/1.0; +https://dataforseo.com/dataforseo-bot)"
52.164.203.120 - - [14/Apr/2025:11:28:49 -0400] "GET /simple.php HTTP/1.1" 500 1245 "-" "-"
52.164.203.120 - - [14/Apr/2025:11:28:52 -0400] "GET /contact.php HTTP/1.1" 301 21 "-" "-"
198.54.114.83 - - [14/Apr/2025:11:28:53 -0400] "POST /wp-cron.php?doing_wp_cron=1744644531.9672200679779052734375 HTTP/1.1" 200 0 "-" "WordPress/6.7.2; https://bayrampasaspor.com"
20.171.207.13 - - [14/Apr/2025:11:28:51 -0400] "GET /items/jxgog85/43111?key=sail HTTP/1.1" 500 1245 "-" "Mozilla/5.0 AppleWebKit/537.36 (KHTML, like Gecko; compatible; GPTBot/1.2; +https://openai.com/gptbot)"
198.54.114.83 - - [14/Apr/2025:11:28:53 -0400] "POST /wp-cron.php?doing_wp_cron=1744644532.0595679283142089843750 HTTP/1.1" 200 0 "-" "WordPress/6.7.2; https://bayrampasaspor.com"
136.243.228.180 - - [14/Apr/2025:11:28:51 -0400] "GET /items/vundd299/12793?key=seem HTTP/1.1" 500 1245 "-" "Mozilla/5.0 (compatible; DataForSeoBot/1.0; +https://dataforseo.com/dataforseo-bot)"
52.164.203.120 - - [14/Apr/2025:11:28:54 -0400] "GET /contact.php HTTP/1.1" 500 1245 "-" "-"
136.243.228.180 - - [14/Apr/2025:11:28:57 -0400] "GET /items/ulxdw193/8600?key=probably HTTP/1.1" 500 1245 "-" "Mozilla/5.0 (compatible; DataForSeoBot/1.0; +https://dataforseo.com/dataforseo-bot)"
52.164.203.120 - - [14/Apr/2025:11:28:57 -0400] "GET /byp.php HTTP/1.1" 301 21 "-" "-"
52.164.203.120 - - [14/Apr/2025:11:29:00 -0400] "GET /byp.php HTTP/1.1" 500 1245 "-" "-"
136.243.228.180 - - [14/Apr/2025:11:29:00 -0400] "GET /items/rtmfh177/4705?key=heat HTTP/1.1" 500 1245 "-" "Mozilla/5.0 (compatible; DataForSeoBot/1.0; +https://dataforseo.com/dataforseo-bot)"
52.164.203.120 - - [14/Apr/2025:11:29:04 -0400] "GET /upload.php HTTP/1.1" 301 21 "-" "-"
136.243.228.180 - - [14/Apr/2025:11:29:04 -0400] "GET /items/uoxdi105/50121?key=support HTTP/1.1" 500 1245 "-" "Mozilla/5.0 (compatible; DataForSeoBot/1.0; +https://dataforseo.com/dataforseo-bot)"
52.164.203.120 - - [14/Apr/2025:11:29:08 -0400] "GET /upload.php HTTP/1.1" 500 1245 "-" "-"
136.243.228.180 - - [14/Apr/2025:11:29:08 -0400] "GET /items/mfgix192/14042?key=aware HTTP/1.1" 500 1245 "-" "Mozilla/5.0 (compatible; DataForSeoBot/1.0; +https://dataforseo.com/dataforseo-bot)"
52.164.203.120 - - [14/Apr/2025:11:29:11 -0400] "GET /wp-content/themes/sketch/404.php HTTP/1.1" 301 21 "-" "-"
136.243.228.180 - - [14/Apr/2025:11:29:12 -0400] "GET /items/wwqmk14/27332?key=date HTTP/1.1" 500 1245 "-" "Mozilla/5.0 (compatible; DataForSeoBot/1.0; +https://dataforseo.com/dataforseo-bot)"
52.164.203.120 - - [14/Apr/2025:11:29:14 -0400] "GET /wp-content/themes/sketch/404.php HTTP/1.1" 500 1245 "-" "-"
136.243.228.180 - - [14/Apr/2025:11:29:17 -0400] "GET /items/kwvut131/13989?key=dust HTTP/1.1" 500 1245 "-" "Mozilla/5.0 (compatible; DataForSeoBot/1.0; +https://dataforseo.com/dataforseo-bot)"
52.164.203.120 - - [14/Apr/2025:11:29:18 -0400] "GET /test.php HTTP/1.1" 301 21 "-" "-"
52.164.203.120 - - [14/Apr/2025:11:29:20 -0400] "GET /test.php HTTP/1.1" 500 1245 "-" "-"
136.243.228.180 - - [14/Apr/2025:11:29:21 -0400] "GET /items/wvlro115/17285?key=attitude HTTP/1.1" 500 1245 "-" "Mozilla/5.0 (compatible; DataForSeoBot/1.0; +https://dataforseo.com/dataforseo-bot)"
52.164.203.120 - - [14/Apr/2025:11:29:23 -0400] "GET /cong.php HTTP/1.1" 301 21 "-" "-"
136.243.228.180 - - [14/Apr/2025:11:29:26 -0400] "GET /items/tmoyj87/48721?key=previous HTTP/1.1" 500 1245 "-" "Mozilla/5.0 (compatible; DataForSeoBot/1.0; +https://dataforseo.com/dataforseo-bot)"
52.164.203.120 - - [14/Apr/2025:11:29:27 -0400] "GET /cong.php HTTP/1.1" 500 1245 "-" "-"
136.243.228.180 - - [14/Apr/2025:11:29:31 -0400] "GET /items/laolu123/25670?key=ha HTTP/1.1" 500 1245 "-" "Mozilla/5.0 (compatible; DataForSeoBot/1.0; +https://dataforseo.com/dataforseo-bot)"
52.164.203.120 - - [14/Apr/2025:11:29:31 -0400] "GET /about/function.php HTTP/1.1" 301 21 "-" "-"
52.164.203.120 - - [14/Apr/2025:11:29:35 -0400] "GET /about/function.php HTTP/1.1" 500 1245 "-" "-"
136.243.228.180 - - [14/Apr/2025:11:29:35 -0400] "GET /items/pqdhn143/33445?key=monster HTTP/1.1" 500 1245 "-" "Mozilla/5.0 (compatible; DataForSeoBot/1.0; +https://dataforseo.com/dataforseo-bot)"
52.164.203.120 - - [14/Apr/2025:11:29:39 -0400] "GET /filemanager/dialog.php HTTP/1.1" 301 21 "-" "-"
136.243.228.180 - - [14/Apr/2025:11:29:40 -0400] "GET /items/qzvad40/12268?key=judicial HTTP/1.1" 500 1245 "-" "Mozilla/5.0 (compatible; DataForSeoBot/1.0; +https://dataforseo.com/dataforseo-bot)"
52.164.203.120 - - [14/Apr/2025:11:29:42 -0400] "GET /filemanager/dialog.php HTTP/1.1" 500 1245 "-" "-"
136.243.228.180 - - [14/Apr/2025:11:29:44 -0400] "GET /items/tmhtr114/3642?key=pilot HTTP/1.1" 500 1245 "-" "Mozilla/5.0 (compatible; DataForSeoBot/1.0; +https://dataforseo.com/dataforseo-bot)"
52.164.203.120 - - [14/Apr/2025:11:29:44 -0400] "GET /bak.php HTTP/1.1" 301 21 "-" "-"
52.164.203.120 - - [14/Apr/2025:11:29:46 -0400] "GET /bak.php HTTP/1.1" 500 1245 "-" "-"
136.243.228.180 - - [14/Apr/2025:11:29:46 -0400] "GET /items/okdlf169/35492?key=please HTTP/1.1" 500 1245 "-" "Mozilla/5.0 (compatible; DataForSeoBot/1.0; +https://dataforseo.com/dataforseo-bot)"
52.164.203.120 - - [14/Apr/2025:11:29:48 -0400] "GET /wp-info.php HTTP/1.1" 301 21 "-" "-"
136.243.228.180 - - [14/Apr/2025:11:29:52 -0400] "GET /items/retmk42/32984?key=leather HTTP/1.1" 500 1245 "-" "Mozilla/5.0 (compatible; DataForSeoBot/1.0; +https://dataforseo.com/dataforseo-bot)"
52.164.203.120 - - [14/Apr/2025:11:29:52 -0400] "GET /wp-info.php HTTP/1.1" 500 1245 "-" "-"
198.54.114.83 - - [14/Apr/2025:11:29:53 -0400] "POST /wp-cron.php?doing_wp_cron=1744644592.4085829257965087890625 HTTP/1.1" 200 0 "-" "WordPress/6.7.2; https://bayrampasaspor.com"
52.164.203.120 - - [14/Apr/2025:11:29:56 -0400] "GET /files/index.php HTTP/1.1" 301 21 "-" "-"
136.243.228.180 - - [14/Apr/2025:11:29:56 -0400] "GET /items/dsdaf180/18115?key=importance HTTP/1.1" 500 1245 "-" "Mozilla/5.0 (compatible; DataForSeoBot/1.0; +https://dataforseo.com/dataforseo-bot)"
20.171.207.13 - - [14/Apr/2025:11:29:56 -0400] "GET /items/ntyby170/125?key=transfer HTTP/1.1" 500 1245 "-" "Mozilla/5.0 AppleWebKit/537.36 (KHTML, like Gecko; compatible; GPTBot/1.2; +https://openai.com/gptbot)"
52.164.203.120 - - [14/Apr/2025:11:29:58 -0400] "GET /files/ HTTP/1.1" 500 1245 "-" "-"
136.243.228.180 - - [14/Apr/2025:11:30:01 -0400] "GET /items/zjwgt78/42023?key=today HTTP/1.1" 500 1245 "-" "Mozilla/5.0 (compatible; DataForSeoBot/1.0; +https://dataforseo.com/dataforseo-bot)"
52.164.203.120 - - [14/Apr/2025:11:30:03 -0400] "GET /css.php HTTP/1.1" 301 21 "-" "-"
52.164.203.120 - - [14/Apr/2025:11:30:07 -0400] "GET /css.php HTTP/1.1" 500 1245 "-" "-"
136.243.228.180 - - [14/Apr/2025:11:30:07 -0400] "GET /items/zeipq128/5991?key=assumption HTTP/1.1" 500 1245 "-" "Mozilla/5.0 (compatible; DataForSeoBot/1.0; +https://dataforseo.com/dataforseo-bot)"
52.164.203.120 - - [14/Apr/2025:11:30:09 -0400] "GET /css/index.php HTTP/1.1" 301 21 "-" "-"
136.243.228.180 - - [14/Apr/2025:11:30:11 -0400] "GET /items/skcvz97/49018?key=quarterback HTTP/1.1" 500 1245 "-" "Mozilla/5.0 (compatible; DataForSeoBot/1.0; +https://dataforseo.com/dataforseo-bot)"
52.164.203.120 - - [14/Apr/2025:11:30:12 -0400] "GET /css/ HTTP/1.1" 500 1245 "-" "-"
136.243.228.180 - - [14/Apr/2025:11:30:15 -0400] "GET /items/hcbpq220/16592?key=increased HTTP/1.1" 500 1245 "-" "Mozilla/5.0 (compatible; DataForSeoBot/1.0; +https://dataforseo.com/dataforseo-bot)"
52.164.203.120 - - [14/Apr/2025:11:30:16 -0400] "GET /wp-includes/bak.php HTTP/1.1" 301 21 "-" "-"
52.164.203.120 - - [14/Apr/2025:11:30:20 -0400] "GET /wp-includes/bak.php HTTP/1.1" 500 1245 "-" "-"
136.243.228.180 - - [14/Apr/2025:11:30:20 -0400] "GET /items/jgkdj252/6798?key=video HTTP/1.1" 500 1245 "-" "Mozilla/5.0 (compatible; DataForSeoBot/1.0; +https://dataforseo.com/dataforseo-bot)"
52.164.203.120 - - [14/Apr/2025:11:30:23 -0400] "GET /alfa-rex.php7 HTTP/1.1" 301 21 "-" "-"
136.243.228.180 - - [14/Apr/2025:11:30:25 -0400] "GET /items/ctqzs53/19202?key=asleep HTTP/1.1" 500 1245 "-" "Mozilla/5.0 (compatible; DataForSeoBot/1.0; +https://dataforseo.com/dataforseo-bot)"
52.164.203.120 - - [14/Apr/2025:11:30:26 -0400] "GET /alfa-rex.php7 HTTP/1.1" 500 1245 "-" "-"
52.164.203.120 - - [14/Apr/2025:11:30:29 -0400] "GET /wp-admin/wp-login.php HTTP/1.1" 301 21 "-" "-"
136.243.228.180 - - [14/Apr/2025:11:30:30 -0400] "GET /items/eohqq77/25953?key=enterprise HTTP/1.1" 500 1245 "-" "Mozilla/5.0 (compatible; DataForSeoBot/1.0; +https://dataforseo.com/dataforseo-bot)"
52.164.203.120 - - [14/Apr/2025:11:30:31 -0400] "GET /wp-admin/wp-login.php HTTP/1.1" 500 1245 "-" "-"
136.243.228.180 - - [14/Apr/2025:11:30:33 -0400] "GET /items/ldxgi210/1550?key=earth HTTP/1.1" 500 1245 "-" "Mozilla/5.0 (compatible; DataForSeoBot/1.0; +https://dataforseo.com/dataforseo-bot)"
52.164.203.120 - - [14/Apr/2025:11:30:36 -0400] "GET /wp-includes/cloud.php HTTP/1.1" 301 21 "-" "-"
136.243.228.180 - - [14/Apr/2025:11:30:38 -0400] "GET /items/dzqkb290/5232?key=shine HTTP/1.1" 500 1245 "-" "Mozilla/5.0 (compatible; DataForSeoBot/1.0; +https://dataforseo.com/dataforseo-bot)"
52.164.203.120 - - [14/Apr/2025:11:30:38 -0400] "GET /wp-includes/cloud.php HTTP/1.1" 500 1245 "-" "-"
52.164.203.120 - - [14/Apr/2025:11:30:41 -0400] "GET /wp-content/index.php HTTP/1.1" 200 0 "-" "-"
136.243.228.180 - - [14/Apr/2025:11:30:41 -0400] "GET /items/vixgv130/43790?key=upper HTTP/1.1" 500 1245 "-" "Mozilla/5.0 (compatible; DataForSeoBot/1.0; +https://dataforseo.com/dataforseo-bot)"
52.164.203.120 - - [14/Apr/2025:11:30:44 -0400] "GET /readme.php HTTP/1.1" 301 21 "-" "-"
136.243.228.180 - - [14/Apr/2025:11:30:44 -0400] "GET /items/cpmuh73/15178?key=traveler HTTP/1.1" 500 1245 "-" "Mozilla/5.0 (compatible; DataForSeoBot/1.0; +https://dataforseo.com/dataforseo-bot)"
52.164.203.120 - - [14/Apr/2025:11:30:47 -0400] "GET /readme.php HTTP/1.1" 500 1245 "-" "-"
136.243.228.180 - - [14/Apr/2025:11:30:49 -0400] "GET /items/wvpsy59/33288?key=cave HTTP/1.1" 500 1245 "-" "Mozilla/5.0 (compatible; DataForSeoBot/1.0; +https://dataforseo.com/dataforseo-bot)"
52.164.203.120 - - [14/Apr/2025:11:30:50 -0400] "GET /wp-admin/about.php HTTP/1.1" 302 21 "-" "-"
198.54.114.83 - - [14/Apr/2025:11:30:54 -0400] "POST /wp-cron.php?doing_wp_cron=1744644653.3765869140625000000000 HTTP/1.1" 403 1242 "-" "WordPress/6.7.2; https://bayrampasaspor.com"
136.243.228.180 - - [14/Apr/2025:11:30:52 -0400] "GET /items/zeaxv101/22017?key=essence HTTP/1.1" 500 1245 "-" "Mozilla/5.0 (compatible; DataForSeoBot/1.0; +https://dataforseo.com/dataforseo-bot)"
136.243.228.180 - - [14/Apr/2025:11:30:55 -0400] "GET /items/myspe251/33482?key=label HTTP/1.1" 500 1245 "-" "Mozilla/5.0 (compatible; DataForSeoBot/1.0; +https://dataforseo.com/dataforseo-bot)"
20.171.207.13 - - [14/Apr/2025:11:30:56 -0400] "GET /items/bojak95/37940?key=chop HTTP/1.1" 500 1245 "-" "Mozilla/5.0 AppleWebKit/537.36 (KHTML, like Gecko; compatible; GPTBot/1.2; +https://openai.com/gptbot)"
52.164.203.120 - - [14/Apr/2025:11:30:57 -0400] "GET /wp-content/themes/404.php HTTP/1.1" 301 21 "-" "-"
52.164.203.120 - - [14/Apr/2025:11:30:59 -0400] "GET /wp-content/themes/404.php HTTP/1.1" 500 1245 "-" "-"
136.243.228.180 - - [14/Apr/2025:11:31:01 -0400] "GET /items/lxcde45/5927?key=driveway HTTP/1.1" 500 1245 "-" "Mozilla/5.0 (compatible; DataForSeoBot/1.0; +https://dataforseo.com/dataforseo-bot)"
52.164.203.120 - - [14/Apr/2025:11:31:01 -0400] "GET /wp-admin/index.php HTTP/1.1" 302 21 "-" "-"
136.243.228.180 - - [14/Apr/2025:11:31:04 -0400] "GET /items/vsxdo25/2074?key=accent HTTP/1.1" 500 1245 "-" "Mozilla/5.0 (compatible; DataForSeoBot/1.0; +https://dataforseo.com/dataforseo-bot)"
136.243.228.180 - - [14/Apr/2025:11:31:09 -0400] "GET /items/zvwyy292/26215?key=participation HTTP/1.1" 500 1245 "-" "Mozilla/5.0 (compatible; DataForSeoBot/1.0; +https://dataforseo.com/dataforseo-bot)"
52.164.203.120 - - [14/Apr/2025:11:31:10 -0400] "GET /wp-content/themes.php HTTP/1.1" 301 21 "-" "-"
52.164.203.120 - - [14/Apr/2025:11:31:13 -0400] "GET /wp-content/themes.php HTTP/1.1" 500 1245 "-" "-"
136.243.228.180 - - [14/Apr/2025:11:31:13 -0400] "GET /items/vktnb291/10347?key=vote HTTP/1.1" 500 1245 "-" "Mozilla/5.0 (compatible; DataForSeoBot/1.0; +https://dataforseo.com/dataforseo-bot)"
52.164.203.120 - - [14/Apr/2025:11:31:17 -0400] "GET /wp-content/dropdown.php HTTP/1.1" 301 21 "-" "-"
136.243.228.180 - - [14/Apr/2025:11:31:18 -0400] "GET /items/yscys187/29539?key=activity HTTP/1.1" 500 1245 "-" "Mozilla/5.0 (compatible; DataForSeoBot/1.0; +https://dataforseo.com/dataforseo-bot)"
52.164.203.120 - - [14/Apr/2025:11:31:19 -0400] "GET /wp-content/dropdown.php HTTP/1.1" 500 1245 "-" "-"
136.243.228.180 - - [14/Apr/2025:11:31:22 -0400] "GET /items/peorv56/5691?key=logic HTTP/1.1" 500 1245 "-" "Mozilla/5.0 (compatible; DataForSeoBot/1.0; +https://dataforseo.com/dataforseo-bot)"
52.164.203.120 - - [14/Apr/2025:11:31:22 -0400] "GET /wp-includes/404.php HTTP/1.1" 301 21 "-" "-"
52.164.203.120 - - [14/Apr/2025:11:31:25 -0400] "GET /wp-includes/404.php HTTP/1.1" 500 1245 "-" "-"
136.243.228.180 - - [14/Apr/2025:11:31:25 -0400] "GET /items/uquvc46/3581?key=dough HTTP/1.1" 500 1245 "-" "Mozilla/5.0 (compatible; DataForSeoBot/1.0; +https://dataforseo.com/dataforseo-bot)"
52.164.203.120 - - [14/Apr/2025:11:31:27 -0400] "GET /wp-content/upgrade/index.php HTTP/1.1" 301 21 "-" "-"
52.164.203.120 - - [14/Apr/2025:11:31:29 -0400] "GET /wp-content/upgrade/ HTTP/1.1" 200 687 "-" "-"
136.243.228.180 - - [14/Apr/2025:11:31:29 -0400] "GET /items/srxxs32/26791?key=yard HTTP/1.1" 500 1245 "-" "Mozilla/5.0 (compatible; DataForSeoBot/1.0; +https://dataforseo.com/dataforseo-bot)"
52.164.203.120 - - [14/Apr/2025:11:31:31 -0400] "GET /cgi-bin/file.php HTTP/1.1" 301 21 "-" "-"
136.243.228.180 - - [14/Apr/2025:11:31:32 -0400] "GET /items/bbzmd155/46238?key=cable HTTP/1.1" 500 1245 "-" "Mozilla/5.0 (compatible; DataForSeoBot/1.0; +https://dataforseo.com/dataforseo-bot)"
52.164.203.120 - - [14/Apr/2025:11:31:33 -0400] "GET /cgi-bin/file.php HTTP/1.1" 500 1245 "-" "-"
52.164.203.120 - - [14/Apr/2025:11:31:36 -0400] "GET /.well-known/index.php HTTP/1.1" 301 21 "-" "-"
136.243.228.180 - - [14/Apr/2025:11:31:36 -0400] "GET /items/rhhpe37/20761?key=evaluation HTTP/1.1" 500 1245 "-" "Mozilla/5.0 (compatible; DataForSeoBot/1.0; +https://dataforseo.com/dataforseo-bot)"
52.164.203.120 - - [14/Apr/2025:11:31:38 -0400] "GET /.well-known/ HTTP/1.1" 500 1245 "-" "-"
136.243.228.180 - - [14/Apr/2025:11:31:39 -0400] "GET /items/svkex211/43173?key=contend HTTP/1.1" 500 1245 "-" "Mozilla/5.0 (compatible; DataForSeoBot/1.0; +https://dataforseo.com/dataforseo-bot)"
52.164.203.120 - - [14/Apr/2025:11:31:39 -0400] "GET /wp-content/cloud.php HTTP/1.1" 301 21 "-" "-"
52.164.203.120 - - [14/Apr/2025:11:31:41 -0400] "GET /wp-content/cloud.php HTTP/1.1" 500 1245 "-" "-"
52.164.203.120 - - [14/Apr/2025:11:31:42 -0400] "GET /.well-known/acme-challenge/index.php HTTP/1.1" 301 21 "-" "-"
52.164.203.120 - - [14/Apr/2025:11:31:44 -0400] "GET /.well-known/acme-challenge/ HTTP/1.1" 500 1245 "-" "-"
136.243.228.180 - - [14/Apr/2025:11:31:44 -0400] "GET /items/ggtqw256/2178?key=county HTTP/1.1" 500 1245 "-" "Mozilla/5.0 (compatible; DataForSeoBot/1.0; +https://dataforseo.com/dataforseo-bot)"
52.164.203.120 - - [14/Apr/2025:11:31:45 -0400] "GET /cgi-bin/404.php HTTP/1.1" 301 21 "-" "-"
52.164.203.120 - - [14/Apr/2025:11:31:47 -0400] "GET /cgi-bin/404.php HTTP/1.1" 500 1245 "-" "-"
52.164.203.120 - - [14/Apr/2025:11:31:48 -0400] "GET /wp-includes/function.php HTTP/1.1" 301 21 "-" "-"
136.243.228.180 - - [14/Apr/2025:11:31:47 -0400] "GET /items/pxkqb214/40713?key=though HTTP/1.1" 500 1245 "-" "Mozilla/5.0 (compatible; DataForSeoBot/1.0; +https://dataforseo.com/dataforseo-bot)"
52.164.203.120 - - [14/Apr/2025:11:31:49 -0400] "GET /wp-includes/function.php HTTP/1.1" 500 1245 "-" "-"
52.164.203.120 - - [14/Apr/2025:11:31:51 -0400] "GET /file.php HTTP/1.1" 301 21 "-" "-"
198.54.114.83 - - [14/Apr/2025:11:31:54 -0400] "POST /wp-cron.php?doing_wp_cron=1744644713.4586830139160156250000 HTTP/1.1" 403 0 "-" "WordPress/6.7.2; https://bayrampasaspor.com"
198.54.114.83 - - [14/Apr/2025:11:31:55 -0400] "POST /wp-cron.php?doing_wp_cron=1744644713.5506548881530761718750 HTTP/1.1" 200 0 "-" "WordPress/6.7.2; https://bayrampasaspor.com"
52.164.203.120 - - [14/Apr/2025:11:31:53 -0400] "GET /file.php HTTP/1.1" 500 1245 "-" "-"
136.243.228.180 - - [14/Apr/2025:11:31:53 -0400] "GET /items/ocquc129/1492?key=recipient HTTP/1.1" 500 1245 "-" "Mozilla/5.0 (compatible; DataForSeoBot/1.0; +https://dataforseo.com/dataforseo-bot)"
52.164.203.120 - - [14/Apr/2025:11:31:56 -0400] "GET /.well-known/acme-challenge/autoload_classmap.php HTTP/1.1" 301 21 "-" "-"
136.243.228.180 - - [14/Apr/2025:11:31:57 -0400] "GET /items/elbpo285/20690?key=hers HTTP/1.1" 500 1245 "-" "Mozilla/5.0 (compatible; DataForSeoBot/1.0; +https://dataforseo.com/dataforseo-bot)"
52.164.203.120 - - [14/Apr/2025:11:31:58 -0400] "GET /.well-known/acme-challenge/autoload_classmap.php HTTP/1.1" 500 1245 "-" "-"
20.171.207.13 - - [14/Apr/2025:11:31:58 -0400] "GET /items/insqf150/7035?key=status HTTP/1.1" 500 1245 "-" "Mozilla/5.0 AppleWebKit/537.36 (KHTML, like Gecko; compatible; GPTBot/1.2; +https://openai.com/gptbot)"
52.164.203.120 - - [14/Apr/2025:11:31:59 -0400] "GET /wp-includes/themes.php HTTP/1.1" 301 21 "-" "-"
52.164.203.120 - - [14/Apr/2025:11:32:01 -0400] "GET /wp-includes/themes.php HTTP/1.1" 500 1245 "-" "-"
136.243.228.180 - - [14/Apr/2025:11:32:01 -0400] "GET /items/acsil162/11264?key=sunlight HTTP/1.1" 500 1245 "-" "Mozilla/5.0 (compatible; DataForSeoBot/1.0; +https://dataforseo.com/dataforseo-bot)"
52.164.203.120 - - [14/Apr/2025:11:32:04 -0400] "GET /wp-includes/wp-login.php HTTP/1.1" 301 21 "-" "-"
52.164.203.120 - - [14/Apr/2025:11:32:05 -0400] "GET /wp-includes/wp-login.php HTTP/1.1" 500 1245 "-" "-"
136.243.228.180 - - [14/Apr/2025:11:32:05 -0400] "GET /items/giqgx186/36042?key=goat HTTP/1.1" 500 1245 "-" "Mozilla/5.0 (compatible; DataForSeoBot/1.0; +https://dataforseo.com/dataforseo-bot)"
52.164.203.120 - - [14/Apr/2025:11:32:08 -0400] "GET /wp-content/file.php HTTP/1.1" 301 21 "-" "-"
136.243.228.180 - - [14/Apr/2025:11:32:09 -0400] "GET /items/ajmec193/40410?key=habit HTTP/1.1" 500 1245 "-" "Mozilla/5.0 (compatible; DataForSeoBot/1.0; +https://dataforseo.com/dataforseo-bot)"
52.164.203.120 - - [14/Apr/2025:11:32:10 -0400] "GET /wp-content/file.php HTTP/1.1" 500 1245 "-" "-"
52.164.203.120 - - [14/Apr/2025:11:32:12 -0400] "GET /wp-trackback.php HTTP/1.1" 403 1242 "-" "-"
136.243.228.180 - - [14/Apr/2025:11:32:14 -0400] "GET /items/jiiln258/6943?key=spectacular HTTP/1.1" 500 1245 "-" "Mozilla/5.0 (compatible; DataForSeoBot/1.0; +https://dataforseo.com/dataforseo-bot)"
52.164.203.120 - - [14/Apr/2025:11:32:15 -0400] "GET /wp-includes/SimplePie/wp-login.php HTTP/1.1" 301 21 "-" "-"
52.164.203.120 - - [14/Apr/2025:11:32:17 -0400] "GET /wp-includes/SimplePie/wp-login.php HTTP/1.1" 500 1245 "-" "-"
136.243.228.180 - - [14/Apr/2025:11:32:18 -0400] "GET /items/tzgwh194/3599?key=deliver HTTP/1.1" 500 1245 "-" "Mozilla/5.0 (compatible; DataForSeoBot/1.0; +https://dataforseo.com/dataforseo-bot)"
52.164.203.120 - - [14/Apr/2025:11:32:21 -0400] "GET /cgi-bin/index.php HTTP/1.1" 500 99 "-" "-"
136.243.228.180 - - [14/Apr/2025:11:32:22 -0400] "GET /items/upaem286/29350?key=sword HTTP/1.1" 500 1245 "-" "Mozilla/5.0 (compatible; DataForSeoBot/1.0; +https://dataforseo.com/dataforseo-bot)"
52.164.203.120 - - [14/Apr/2025:11:32:23 -0400] "GET /wp-admin/themes.php HTTP/1.1" 403 1242 "-" "-"
52.164.203.120 - - [14/Apr/2025:11:32:23 -0400] "GET /.well-known/cloud.php HTTP/1.1" 301 21 "-" "-"
136.243.228.180 - - [14/Apr/2025:11:32:25 -0400] "GET /items/mkboq137/835?key=update HTTP/1.1" 500 1245 "-" "Mozilla/5.0 (compatible; DataForSeoBot/1.0; +https://dataforseo.com/dataforseo-bot)"
52.164.203.120 - - [14/Apr/2025:11:32:25 -0400] "GET /.well-known/cloud.php HTTP/1.1" 500 1245 "-" "-"
52.164.203.120 - - [14/Apr/2025:11:32:27 -0400] "GET /.well-known/wp-load.php HTTP/1.1" 301 21 "-" "-"
52.164.203.120 - - [14/Apr/2025:11:32:29 -0400] "GET /.well-known/wp-load.php HTTP/1.1" 500 1245 "-" "-"
136.243.228.180 - - [14/Apr/2025:11:32:30 -0400] "GET /items/hrgte60/47022?key=obvious HTTP/1.1" 500 1245 "-" "Mozilla/5.0 (compatible; DataForSeoBot/1.0; +https://dataforseo.com/dataforseo-bot)"
52.164.203.120 - - [14/Apr/2025:11:32:31 -0400] "GET /.well-known/file.php HTTP/1.1" 301 21 "-" "-"
52.164.203.120 - - [14/Apr/2025:11:32:34 -0400] "GET /.well-known/file.php HTTP/1.1" 500 1245 "-" "-"
136.243.228.180 - - [14/Apr/2025:11:32:35 -0400] "GET /items/kqecy163/46418?key=manager HTTP/1.1" 500 1245 "-" "Mozilla/5.0 (compatible; DataForSeoBot/1.0; +https://dataforseo.com/dataforseo-bot)"
52.164.203.120 - - [14/Apr/2025:11:32:38 -0400] "GET /.well-known/makeasmtp.php HTTP/1.1" 301 21 "-" "-"
136.243.228.180 - - [14/Apr/2025:11:32:39 -0400] "GET /items/xhlmd214/951?key=ultimately HTTP/1.1" 500 1245 "-" "Mozilla/5.0 (compatible; DataForSeoBot/1.0; +https://dataforseo.com/dataforseo-bot)"
52.164.203.120 - - [14/Apr/2025:11:32:41 -0400] "GET /.well-known/makeasmtp.php HTTP/1.1" 500 1245 "-" "-"
136.243.228.180 - - [14/Apr/2025:11:32:44 -0400] "GET /items/qukzw84/22098?key=hopefully HTTP/1.1" 500 1245 "-" "Mozilla/5.0 (compatible; DataForSeoBot/1.0; +https://dataforseo.com/dataforseo-bot)"
52.164.203.120 - - [14/Apr/2025:11:32:45 -0400] "GET /wp-includes/index.php HTTP/1.1" 301 21 "-" "-"
52.164.203.120 - - [14/Apr/2025:11:32:47 -0400] "GET /wp-includes/ HTTP/1.1" 200 11549 "-" "-"
136.243.228.180 - - [14/Apr/2025:11:32:48 -0400] "GET /items/llkkr231/16239?key=the HTTP/1.1" 500 1245 "-" "Mozilla/5.0 (compatible; DataForSeoBot/1.0; +https://dataforseo.com/dataforseo-bot)"
52.164.203.120 - - [14/Apr/2025:11:32:51 -0400] "GET /.well-known/acme-challenge/admin.php HTTP/1.1" 301 21 "-" "-"
136.243.228.180 - - [14/Apr/2025:11:32:53 -0400] "GET /items/wyvys11/40145?key=conclude HTTP/1.1" 500 1245 "-" "Mozilla/5.0 (compatible; DataForSeoBot/1.0; +https://dataforseo.com/dataforseo-bot)"
52.164.203.120 - - [14/Apr/2025:11:32:54 -0400] "GET /.well-known/acme-challenge/admin.php HTTP/1.1" 500 1245 "-" "-"
52.164.203.120 - - [14/Apr/2025:11:32:57 -0400] "GET /wp-admin/404.php HTTP/1.1" 301 21 "-" "-"
52.164.203.120 - - [14/Apr/2025:11:33:00 -0400] "GET /wp-admin/404.php HTTP/1.1" 500 1245 "-" "-"
20.171.207.13 - - [14/Apr/2025:11:33:02 -0400] "GET /items/lxsbt60/49933?key=debate HTTP/1.1" 500 1245 "-" "Mozilla/5.0 AppleWebKit/537.36 (KHTML, like Gecko; compatible; GPTBot/1.2; +https://openai.com/gptbot)"
52.164.203.120 - - [14/Apr/2025:11:33:02 -0400] "GET /.well-known/acme-challenge/makeasmtp.php HTTP/1.1" 301 21 "-" "-"
52.164.203.120 - - [14/Apr/2025:11:33:05 -0400] "GET /.well-known/acme-challenge/makeasmtp.php HTTP/1.1" 500 1245 "-" "-"
52.164.203.120 - - [14/Apr/2025:11:33:08 -0400] "GET /radio.php HTTP/1.1" 301 21 "-" "-"
52.164.203.120 - - [14/Apr/2025:11:33:11 -0400] "GET /radio.php HTTP/1.1" 500 1245 "-" "-"
52.164.203.120 - - [14/Apr/2025:11:33:14 -0400] "GET /wp-content/themes/index.php HTTP/1.1" 200 0 "-" "-"
52.164.203.120 - - [14/Apr/2025:11:33:16 -0400] "GET /wp-includes/admin.php HTTP/1.1" 301 21 "-" "-"
52.164.203.120 - - [14/Apr/2025:11:33:18 -0400] "GET /wp-includes/admin.php HTTP/1.1" 500 1245 "-" "-"
52.164.203.120 - - [14/Apr/2025:11:33:19 -0400] "GET /wp-includes/system_log.php?p= HTTP/1.1" 301 21 "-" "-"
52.164.203.120 - - [14/Apr/2025:11:33:22 -0400] "GET /wp-includes/system_log.php HTTP/1.1" 500 1245 "-" "-"
52.164.203.120 - - [14/Apr/2025:11:33:24 -0400] "GET /wp-includes/wp-activate.php HTTP/1.1" 301 21 "-" "-"
52.164.203.120 - - [14/Apr/2025:11:33:27 -0400] "GET /wp-includes/wp-activate.php HTTP/1.1" 500 1245 "-" "-"
52.164.203.120 - - [14/Apr/2025:11:33:30 -0400] "GET /wp-includes/makeasmtp.php HTTP/1.1" 301 21 "-" "-"
52.164.203.120 - - [14/Apr/2025:11:33:32 -0400] "GET /wp-includes/makeasmtp.php HTTP/1.1" 500 1245 "-" "-"
52.164.203.120 - - [14/Apr/2025:11:33:36 -0400] "GET /wp-admin/user/index.php HTTP/1.1" 302 21 "-" "-"
136.243.228.180 - - [14/Apr/2025:11:33:43 -0400] "GET /items/yelfy142/39910?key=summer HTTP/1.1" 500 1245 "-" "Mozilla/5.0 (compatible; DataForSeoBot/1.0; +https://dataforseo.com/dataforseo-bot)"
52.164.203.120 - - [14/Apr/2025:11:33:46 -0400] "GET /link.php HTTP/1.1" 301 21 "-" "-"
136.243.228.180 - - [14/Apr/2025:11:33:46 -0400] "GET /items/ehaav296/2735?key=robot HTTP/1.1" 500 1245 "-" "Mozilla/5.0 (compatible; DataForSeoBot/1.0; +https://dataforseo.com/dataforseo-bot)"
52.164.203.120 - - [14/Apr/2025:11:33:48 -0400] "GET /link.php HTTP/1.1" 500 1245 "-" "-"
52.164.203.120 - - [14/Apr/2025:11:33:50 -0400] "GET /wp-content/autoload_classmap.php HTTP/1.1" 301 21 "-" "-"
136.243.228.180 - - [14/Apr/2025:11:33:50 -0400] "GET /items/bfhhg152/5947?key=author HTTP/1.1" 500 1245 "-" "Mozilla/5.0 (compatible; DataForSeoBot/1.0; +https://dataforseo.com/dataforseo-bot)"
52.164.203.120 - - [14/Apr/2025:11:33:54 -0400] "GET /wp-content/autoload_classmap.php HTTP/1.1" 500 1245 "-" "-"
198.54.114.83 - - [14/Apr/2025:11:33:55 -0400] "POST /wp-cron.php?doing_wp_cron=1744644834.2310729026794433593750 HTTP/1.1" 200 0 "-" "WordPress/6.7.2; https://bayrampasaspor.com"
136.243.228.180 - - [14/Apr/2025:11:33:55 -0400] "GET /items/zvwqj218/26744?key=reason HTTP/1.1" 500 1245 "-" "Mozilla/5.0 (compatible; DataForSeoBot/1.0; +https://dataforseo.com/dataforseo-bot)"
52.164.203.120 - - [14/Apr/2025:11:33:58 -0400] "GET /cgi-bin/themes.php HTTP/1.1" 301 21 "-" "-"
136.243.228.180 - - [14/Apr/2025:11:33:59 -0400] "GET /items/rqvaz228/42807?key=pepper HTTP/1.1" 500 1245 "-" "Mozilla/5.0 (compatible; DataForSeoBot/1.0; +https://dataforseo.com/dataforseo-bot)"
52.164.203.120 - - [14/Apr/2025:11:34:00 -0400] "GET /cgi-bin/themes.php HTTP/1.1" 500 1245 "-" "-"
52.164.203.120 - - [14/Apr/2025:11:34:02 -0400] "GET /wp-content/themes/admin.php HTTP/1.1" 301 21 "-" "-"
136.243.228.180 - - [14/Apr/2025:11:34:02 -0400] "GET /items/znwzw235/16698?key=attract HTTP/1.1" 500 1245 "-" "Mozilla/5.0 (compatible; DataForSeoBot/1.0; +https://dataforseo.com/dataforseo-bot)"
52.164.203.120 - - [14/Apr/2025:11:34:04 -0400] "GET /wp-content/themes/admin.php HTTP/1.1" 500 1245 "-" "-"
20.171.207.13 - - [14/Apr/2025:11:34:04 -0400] "GET /items/ohjtt39/48641?key=permit HTTP/1.1" 500 1245 "-" "Mozilla/5.0 AppleWebKit/537.36 (KHTML, like Gecko; compatible; GPTBot/1.2; +https://openai.com/gptbot)"
136.243.228.180 - - [14/Apr/2025:11:34:07 -0400] "GET /items/ckjfq126/29817?key=landscape HTTP/1.1" 500 1245 "-" "Mozilla/5.0 (compatible; DataForSeoBot/1.0; +https://dataforseo.com/dataforseo-bot)"
52.164.203.120 - - [14/Apr/2025:11:34:07 -0400] "GET /wp-admin/css/wp-login.php HTTP/1.1" 301 21 "-" "-"
52.164.203.120 - - [14/Apr/2025:11:34:09 -0400] "GET /wp-admin/css/wp-login.php HTTP/1.1" 500 1245 "-" "-"
136.243.228.180 - - [14/Apr/2025:11:34:10 -0400] "GET /items/edmpl143/25830?key=repair HTTP/1.1" 500 1245 "-" "Mozilla/5.0 (compatible; DataForSeoBot/1.0; +https://dataforseo.com/dataforseo-bot)"
52.164.203.120 - - [14/Apr/2025:11:34:11 -0400] "GET /function.php HTTP/1.1" 301 21 "-" "-"
52.164.203.120 - - [14/Apr/2025:11:34:14 -0400] "GET /function.php HTTP/1.1" 500 1245 "-" "-"
136.243.228.180 - - [14/Apr/2025:11:34:16 -0400] "GET /items/epvtp124/14628?key=medication HTTP/1.1" 500 1245 "-" "Mozilla/5.0 (compatible; DataForSeoBot/1.0; +https://dataforseo.com/dataforseo-bot)"
52.164.203.120 - - [14/Apr/2025:11:34:16 -0400] "GET /wp-admin/images/wp-login.php HTTP/1.1" 301 21 "-" "-"
52.164.203.120 - - [14/Apr/2025:11:34:19 -0400] "GET /wp-admin/images/wp-login.php HTTP/1.1" 500 1245 "-" "-"
136.243.228.180 - - [14/Apr/2025:11:34:20 -0400] "GET /items/btuua125/7005?key=store HTTP/1.1" 500 1245 "-" "Mozilla/5.0 (compatible; DataForSeoBot/1.0; +https://dataforseo.com/dataforseo-bot)"
52.164.203.120 - - [14/Apr/2025:11:34:21 -0400] "GET /log.php HTTP/1.1" 301 21 "-" "-"
136.243.228.180 - - [14/Apr/2025:11:34:23 -0400] "GET /items/cwgbh113/8162?key=equip HTTP/1.1" 500 1245 "-" "Mozilla/5.0 (compatible; DataForSeoBot/1.0; +https://dataforseo.com/dataforseo-bot)"
52.164.203.120 - - [14/Apr/2025:11:34:25 -0400] "GET /log.php HTTP/1.1" 500 1245 "-" "-"
136.243.228.180 - - [14/Apr/2025:11:34:27 -0400] "GET /items/cuqkn269/9678?key=skin HTTP/1.1" 500 1245 "-" "Mozilla/5.0 (compatible; DataForSeoBot/1.0; +https://dataforseo.com/dataforseo-bot)"
52.164.203.120 - - [14/Apr/2025:11:34:28 -0400] "GET /wp-admin/wp-signup.php HTTP/1.1" 301 21 "-" "-"
52.164.203.120 - - [14/Apr/2025:11:34:32 -0400] "GET /wp-admin/wp-signup.php HTTP/1.1" 500 1245 "-" "-"
136.243.228.180 - - [14/Apr/2025:11:34:32 -0400] "GET /items/qmnhm18/39025?key=exceed HTTP/1.1" 500 1245 "-" "Mozilla/5.0 (compatible; DataForSeoBot/1.0; +https://dataforseo.com/dataforseo-bot)"
52.164.203.120 - - [14/Apr/2025:11:34:35 -0400] "GET /wp-content/themes/themes.php HTTP/1.1" 301 21 "-" "-"
136.243.228.180 - - [14/Apr/2025:11:34:38 -0400] "GET /items/wjcbc229/8865?key=university HTTP/1.1" 500 1245 "-" "Mozilla/5.0 (compatible; DataForSeoBot/1.0; +https://dataforseo.com/dataforseo-bot)"
52.164.203.120 - - [14/Apr/2025:11:34:39 -0400] "GET /wp-content/themes/themes.php HTTP/1.1" 500 1245 "-" "-"
136.243.228.180 - - [14/Apr/2025:11:34:43 -0400] "GET /items/hwzxc238/49638?key=tourist HTTP/1.1" 500 1245 "-" "Mozilla/5.0 (compatible; DataForSeoBot/1.0; +https://dataforseo.com/dataforseo-bot)"
52.164.203.120 - - [14/Apr/2025:11:34:43 -0400] "GET /.well-known/radio.php HTTP/1.1" 301 21 "-" "-"
52.164.203.120 - - [14/Apr/2025:11:34:45 -0400] "GET /.well-known/radio.php HTTP/1.1" 500 1245 "-" "-"
136.243.228.180 - - [14/Apr/2025:11:34:47 -0400] "GET /items/dxpoo115/23904?key=restaurant HTTP/1.1" 500 1245 "-" "Mozilla/5.0 (compatible; DataForSeoBot/1.0; +https://dataforseo.com/dataforseo-bot)"
52.164.203.120 - - [14/Apr/2025:11:34:48 -0400] "GET /wp-mail.php HTTP/1.1" 403 1242 "-" "-"
52.164.203.120 - - [14/Apr/2025:11:34:51 -0400] "GET /.well-known/pki-validation/index.php HTTP/1.1" 404 1251 "-" "-"
136.243.228.180 - - [14/Apr/2025:11:34:51 -0400] "GET /items/mkbqn141/7657?key=allow HTTP/1.1" 500 1245 "-" "Mozilla/5.0 (compatible; DataForSeoBot/1.0; +https://dataforseo.com/dataforseo-bot)"
52.164.203.120 - - [14/Apr/2025:11:34:53 -0400] "GET /.well-known/admin.php HTTP/1.1" 301 21 "-" "-"
52.164.203.120 - - [14/Apr/2025:11:34:56 -0400] "GET /.well-known/admin.php HTTP/1.1" 500 1245 "-" "-"
136.243.228.180 - - [14/Apr/2025:11:34:55 -0400] "GET /items/mnlxg174/45207?key=disorder HTTP/1.1" 500 1245 "-" "Mozilla/5.0 (compatible; DataForSeoBot/1.0; +https://dataforseo.com/dataforseo-bot)"
198.54.114.83 - - [14/Apr/2025:11:34:57 -0400] "POST /wp-cron.php?doing_wp_cron=1744644896.0435121059417724609375 HTTP/1.1" 200 0 "-" "WordPress/6.7.2; https://bayrampasaspor.com"
52.164.203.120 - - [14/Apr/2025:11:34:58 -0400] "GET /cgi-bin/wp-login.php HTTP/1.1" 301 21 "-" "-"
136.243.228.180 - - [14/Apr/2025:11:34:59 -0400] "GET /items/bzeri61/2530?key=lab HTTP/1.1" 500 1245 "-" "Mozilla/5.0 (compatible; DataForSeoBot/1.0; +https://dataforseo.com/dataforseo-bot)"
52.164.203.120 - - [14/Apr/2025:11:35:00 -0400] "GET /cgi-bin/wp-login.php HTTP/1.1" 500 1245 "-" "-"
52.164.203.120 - - [14/Apr/2025:11:35:02 -0400] "GET /wp-links-opml.php HTTP/1.1" 403 1242 "-" "-"
136.243.228.180 - - [14/Apr/2025:11:35:06 -0400] "GET /items/naukb221/46746?key=late HTTP/1.1" 500 1245 "-" "Mozilla/5.0 (compatible; DataForSeoBot/1.0; +https://dataforseo.com/dataforseo-bot)"
52.164.203.120 - - [14/Apr/2025:11:35:06 -0400] "GET /.well-known/acme-challenge/radio.php HTTP/1.1" 301 21 "-" "-"
20.171.207.13 - - [14/Apr/2025:11:35:06 -0400] "GET /items/rmbwt279/2740?key=admire HTTP/1.1" 500 1245 "-" "Mozilla/5.0 AppleWebKit/537.36 (KHTML, like Gecko; compatible; GPTBot/1.2; +https://openai.com/gptbot)"
52.164.203.120 - - [14/Apr/2025:11:35:08 -0400] "GET /.well-known/acme-challenge/radio.php HTTP/1.1" 500 1245 "-" "-"
136.243.228.180 - - [14/Apr/2025:11:35:10 -0400] "GET /items/itrvf192/32926?key=now HTTP/1.1" 500 1245 "-" "Mozilla/5.0 (compatible; DataForSeoBot/1.0; +https://dataforseo.com/dataforseo-bot)"
52.164.203.120 - - [14/Apr/2025:11:35:11 -0400] "GET /wp-admin/images/file.php HTTP/1.1" 301 21 "-" "-"
52.164.203.120 - - [14/Apr/2025:11:35:12 -0400] "GET /wp-admin/images/file.php HTTP/1.1" 500 1245 "-" "-"
136.243.228.180 - - [14/Apr/2025:11:35:12 -0400] "GET /items/nairm210/14602?key=bubble HTTP/1.1" 500 1245 "-" "Mozilla/5.0 (compatible; DataForSeoBot/1.0; +https://dataforseo.com/dataforseo-bot)"
52.164.203.120 - - [14/Apr/2025:11:35:14 -0400] "GET /wp-content/upgrade/function.php HTTP/1.1" 301 21 "-" "-"
52.164.203.120 - - [14/Apr/2025:11:35:16 -0400] "GET /wp-content/upgrade/function.php HTTP/1.1" 500 1245 "-" "-"
136.243.228.180 - - [14/Apr/2025:11:35:16 -0400] "GET /items/otvva194/2753?key=pursuit HTTP/1.1" 500 1245 "-" "Mozilla/5.0 (compatible; DataForSeoBot/1.0; +https://dataforseo.com/dataforseo-bot)"
52.164.203.120 - - [14/Apr/2025:11:35:17 -0400] "GET /wp-admin/user/themes.php HTTP/1.1" 301 21 "-" "-"
52.164.203.120 - - [14/Apr/2025:11:35:19 -0400] "GET /wp-admin/user/themes.php HTTP/1.1" 500 1245 "-" "-"
136.243.228.180 - - [14/Apr/2025:11:35:20 -0400] "GET /items/mgkff197/40450?key=successfully HTTP/1.1" 500 1245 "-" "Mozilla/5.0 (compatible; DataForSeoBot/1.0; +https://dataforseo.com/dataforseo-bot)"
52.164.203.120 - - [14/Apr/2025:11:35:21 -0400] "GET /cgi-bin/radio.php HTTP/1.1" 301 21 "-" "-"
52.164.203.120 - - [14/Apr/2025:11:35:23 -0400] "GET /cgi-bin/radio.php HTTP/1.1" 500 1245 "-" "-"
52.164.203.120 - - [14/Apr/2025:11:35:24 -0400] "GET /wp-admin/css/license.php HTTP/1.1" 301 21 "-" "-"
136.243.228.180 - - [14/Apr/2025:11:35:24 -0400] "GET /items/syjwj150/49618?key=sail HTTP/1.1" 500 1245 "-" "Mozilla/5.0 (compatible; DataForSeoBot/1.0; +https://dataforseo.com/dataforseo-bot)"
52.164.203.120 - - [14/Apr/2025:11:35:27 -0400] "GET /wp-admin/css/license.php HTTP/1.1" 500 1245 "-" "-"
136.243.228.180 - - [14/Apr/2025:11:35:28 -0400] "GET /items/hdufm3/12465?key=flip HTTP/1.1" 500 1245 "-" "Mozilla/5.0 (compatible; DataForSeoBot/1.0; +https://dataforseo.com/dataforseo-bot)"
52.164.203.120 - - [14/Apr/2025:11:35:29 -0400] "GET /wp-content/radio.php HTTP/1.1" 301 21 "-" "-"
52.164.203.120 - - [14/Apr/2025:11:35:30 -0400] "GET /wp-content/radio.php HTTP/1.1" 500 1245 "-" "-"
52.164.203.120 - - [14/Apr/2025:11:35:32 -0400] "GET /wp-content/plugins/about.php HTTP/1.1" 301 21 "-" "-"
136.243.228.180 - - [14/Apr/2025:11:35:33 -0400] "GET /items/eqblu125/48895?key=layer HTTP/1.1" 500 1245 "-" "Mozilla/5.0 (compatible; DataForSeoBot/1.0; +https://dataforseo.com/dataforseo-bot)"
52.164.203.120 - - [14/Apr/2025:11:35:33 -0400] "GET /wp-content/plugins/about.php HTTP/1.1" 500 1245 "-" "-"
52.164.203.120 - - [14/Apr/2025:11:35:35 -0400] "GET /wp-admin/autoload_classmap.php HTTP/1.1" 301 21 "-" "-"
136.243.228.180 - - [14/Apr/2025:11:35:35 -0400] "GET /items/maiwy145/8654?key=wisdom HTTP/1.1" 500 1245 "-" "Mozilla/5.0 (compatible; DataForSeoBot/1.0; +https://dataforseo.com/dataforseo-bot)"
52.164.203.120 - - [14/Apr/2025:11:35:38 -0400] "GET /wp-admin/autoload_classmap.php HTTP/1.1" 500 1245 "-" "-"
52.164.203.120 - - [14/Apr/2025:11:35:39 -0400] "GET /.well-known/wp-login.php HTTP/1.1" 301 21 "-" "-"
