136.243.228.180 - - [14/Apr/2025:07:51:51 -0400] "GET /items/tklzg296/40195?key=especially HTTP/1.1" 500 1245 "-" "Mozilla/5.0 (compatible; DataForSeoBot/1.0; +https://dataforseo.com/dataforseo-bot)"
52.184.145.216 - - [14/Apr/2025:07:51:52 -0400] "GET /dropdown.php HTTP/1.1" 500 1245 "-" "-"
52.184.145.216 - - [14/Apr/2025:07:51:52 -0400] "GET /2.php HTTP/1.1" 301 21 "-" "-"
52.184.145.216 - - [14/Apr/2025:07:51:53 -0400] "GET /2.php HTTP/1.1" 500 1245 "-" "-"
52.184.145.216 - - [14/Apr/2025:07:51:53 -0400] "GET /alfa-rex.php HTTP/1.1" 301 21 "-" "-"
65.21.113.206 - - [14/Apr/2025:07:51:53 -0400] "GET /search.php?m142038701?srsltid=AfmBOoPSeZVhNsTemT8ens_2p8OnSIeDV_AE7RneC3-P-YA8bR9lU6 HTTP/1.1" 200 109201 "-" "Mozilla/5.0 (compatible; AwarioBot/1.0; +https://awario.com/bots.html)"
52.184.145.216 - - [14/Apr/2025:07:51:53 -0400] "GET /alfa-rex.php HTTP/1.1" 500 1245 "-" "-"
52.184.145.216 - - [14/Apr/2025:07:51:54 -0400] "GET /files.php HTTP/1.1" 301 21 "-" "-"
52.184.145.216 - - [14/Apr/2025:07:51:54 -0400] "GET /files.php HTTP/1.1" 500 1245 "-" "-"
52.184.145.216 - - [14/Apr/2025:07:51:55 -0400] "GET /info.php HTTP/1.1" 301 21 "-" "-"
52.184.145.216 - - [14/Apr/2025:07:51:55 -0400] "GET /info.php HTTP/1.1" 500 1245 "-" "-"
136.243.228.180 - - [14/Apr/2025:07:51:55 -0400] "GET /items/voeqj218/5596?key=prove HTTP/1.1" 500 1245 "-" "Mozilla/5.0 (compatible; DataForSeoBot/1.0; +https://dataforseo.com/dataforseo-bot)"
52.184.145.216 - - [14/Apr/2025:07:51:56 -0400] "GET /wp-content/shell20211028.php HTTP/1.1" 301 21 "-" "-"
52.184.145.216 - - [14/Apr/2025:07:51:56 -0400] "GET /wp-content/shell20211028.php HTTP/1.1" 500 1245 "-" "-"
52.184.145.216 - - [14/Apr/2025:07:51:56 -0400] "GET /wp-includes/rest-api/about.php HTTP/1.1" 301 21 "-" "-"
52.184.145.216 - - [14/Apr/2025:07:51:57 -0400] "GET /wp-includes/rest-api/about.php HTTP/1.1" 500 1245 "-" "-"
52.184.145.216 - - [14/Apr/2025:07:51:58 -0400] "GET /wp-content/uploads/ HTTP/1.1" 200 904 "-" "-"
65.21.113.206 - - [14/Apr/2025:07:51:57 -0400] "GET /search.php?m142048493?srsltid=AfmBOoBLghyrEWyp9KUItL_UjESeTjSyu_EUcPqEcY-Q-80XG83LfK HTTP/1.1" 200 108492 "-" "Mozilla/5.0 (compatible; AwarioBot/1.0; +https://awario.com/bots.html)"
52.184.145.216 - - [14/Apr/2025:07:51:58 -0400] "GET /images/stories/ HTTP/1.1" 301 21 "-" "-"
52.184.145.216 - - [14/Apr/2025:07:51:58 -0400] "GET /images/stories/ HTTP/1.1" 500 1245 "-" "-"
136.243.228.180 - - [14/Apr/2025:07:51:59 -0400] "GET /items/ozwtw282/34769?key=spine HTTP/1.1" 500 1245 "-" "Mozilla/5.0 (compatible; DataForSeoBot/1.0; +https://dataforseo.com/dataforseo-bot)"
52.184.145.216 - - [14/Apr/2025:07:51:59 -0400] "GET /index.php HTTP/1.1" 301 21 "-" "-"
52.184.145.216 - - [14/Apr/2025:07:52:00 -0400] "GET / HTTP/1.1" 500 1245 "-" "-"
52.184.145.216 - - [14/Apr/2025:07:52:01 -0400] "GET /wp-happy.php HTTP/1.1" 301 21 "-" "-"
52.184.145.216 - - [14/Apr/2025:07:52:01 -0400] "GET /wp-happy.php HTTP/1.1" 500 1245 "-" "-"
52.184.145.216 - - [14/Apr/2025:07:52:01 -0400] "GET /wp-content/file.php HTTP/1.1" 301 21 "-" "-"
52.184.145.216 - - [14/Apr/2025:07:52:02 -0400] "GET /wp-content/file.php HTTP/1.1" 500 1245 "-" "-"
52.184.145.216 - - [14/Apr/2025:07:52:02 -0400] "GET /wikindex.php HTTP/1.1" 301 21 "-" "-"
65.21.113.206 - - [14/Apr/2025:07:52:02 -0400] "GET /search.php?m143027914?srsltid=AfmBOoANDZDVXXUUkNl5uN_JLK5JwmjQK_ulXItncr-N-erBgz1ihJ HTTP/1.1" 200 110477 "-" "Mozilla/5.0 (compatible; AwarioBot/1.0; +https://awario.com/bots.html)"
52.184.145.216 - - [14/Apr/2025:07:52:02 -0400] "GET /wikindex.php HTTP/1.1" 500 1245 "-" "-"
52.184.145.216 - - [14/Apr/2025:07:52:03 -0400] "GET /user.php HTTP/1.1" 301 21 "-" "-"
136.243.228.180 - - [14/Apr/2025:07:52:03 -0400] "GET /items/edoyk215/32751?key=dig HTTP/1.1" 500 1245 "-" "Mozilla/5.0 (compatible; DataForSeoBot/1.0; +https://dataforseo.com/dataforseo-bot)"
52.184.145.216 - - [14/Apr/2025:07:52:03 -0400] "GET /user.php HTTP/1.1" 500 1245 "-" "-"
216.244.66.246 - - [14/Apr/2025:07:51:59 -0400] "GET /unveiling-the-best-parts/?loknya=/home/varizmol/bayrampasaspor.com/wp-includes HTTP/1.1" 200 29336 "-" "Mozilla/5.0 (compatible; DotBot/1.2; +https://opensiteexplorer.org/dotbot; help@moz.com)"
52.184.145.216 - - [14/Apr/2025:07:52:04 -0400] "GET /ws.php HTTP/1.1" 301 21 "-" "-"
52.184.145.216 - - [14/Apr/2025:07:52:04 -0400] "GET /ws.php HTTP/1.1" 500 1245 "-" "-"
52.184.145.216 - - [14/Apr/2025:07:52:05 -0400] "GET /shell.php HTTP/1.1" 301 21 "-" "-"
52.184.145.216 - - [14/Apr/2025:07:52:05 -0400] "GET /shell.php HTTP/1.1" 500 1245 "-" "-"
52.184.145.216 - - [14/Apr/2025:07:52:05 -0400] "GET /cgi-bin/cgi-bin/index.php HTTP/1.1" 301 21 "-" "-"
52.184.145.216 - - [14/Apr/2025:07:52:06 -0400] "GET /cgi-bin/cgi-bin/ HTTP/1.1" 500 1245 "-" "-"
52.184.145.216 - - [14/Apr/2025:07:52:06 -0400] "GET /wp-includes/wp-class.php HTTP/1.1" 301 21 "-" "-"
52.184.145.216 - - [14/Apr/2025:07:52:06 -0400] "GET /wp-includes/wp-class.php HTTP/1.1" 500 1245 "-" "-"
65.21.113.206 - - [14/Apr/2025:07:52:06 -0400] "GET /search.php?m143046816?srsltid=AfmBOotZbaYhSPVxdbeGf0_rzAIiGURn5_GyZrYxpq-F-fOEZieUls HTTP/1.1" 200 111383 "-" "Mozilla/5.0 (compatible; AwarioBot/1.0; +https://awario.com/bots.html)"
136.243.228.180 - - [14/Apr/2025:07:52:07 -0400] "GET /items/tfsgn255/21315?key=fishing HTTP/1.1" 500 1245 "-" "Mozilla/5.0 (compatible; DataForSeoBot/1.0; +https://dataforseo.com/dataforseo-bot)"
52.184.145.216 - - [14/Apr/2025:07:52:07 -0400] "GET /classsmtps.php HTTP/1.1" 301 21 "-" "-"
20.171.207.13 - - [14/Apr/2025:07:52:07 -0400] "GET /items/ietsv30/7854?key=contest HTTP/1.1" 500 1245 "-" "Mozilla/5.0 AppleWebKit/537.36 (KHTML, like Gecko; compatible; GPTBot/1.2; +https://openai.com/gptbot)"
52.184.145.216 - - [14/Apr/2025:07:52:07 -0400] "GET /classsmtps.php HTTP/1.1" 500 1245 "-" "-"
52.184.145.216 - - [14/Apr/2025:07:52:08 -0400] "GET /wp-admin/user/wp-login.php HTTP/1.1" 301 21 "-" "-"
52.184.145.216 - - [14/Apr/2025:07:52:08 -0400] "GET /wp-admin/user/wp-login.php HTTP/1.1" 500 1245 "-" "-"
52.184.145.216 - - [14/Apr/2025:07:52:09 -0400] "GET /404.php HTTP/1.1" 301 21 "-" "-"
52.184.145.216 - - [14/Apr/2025:07:52:09 -0400] "GET /404.php HTTP/1.1" 500 1245 "-" "-"
52.184.145.216 - - [14/Apr/2025:07:52:09 -0400] "GET /admin.php HTTP/1.1" 301 21 "-" "-"
52.184.145.216 - - [14/Apr/2025:07:52:10 -0400] "GET /admin.php HTTP/1.1" 500 1245 "-" "-"
52.184.145.216 - - [14/Apr/2025:07:52:10 -0400] "GET /wp-configs.php HTTP/1.1" 301 21 "-" "-"
52.184.145.216 - - [14/Apr/2025:07:52:10 -0400] "GET /wp-configs.php HTTP/1.1" 500 1245 "-" "-"
198.54.114.83 - - [14/Apr/2025:07:52:11 -0400] "POST /wp-cron.php?doing_wp_cron=1744631531.2641689777374267578125 HTTP/1.1" 403 1242 "-" "WordPress/6.7.2; https://bayrampasaspor.com"
52.184.145.216 - - [14/Apr/2025:07:52:10 -0400] "GET /wp-admin/network/admin.php HTTP/1.1" 302 21 "-" "-"
65.21.113.206 - - [14/Apr/2025:07:52:11 -0400] "GET /search.php?m144006299?srsltid=AfmBOopAzSkJVDqnAWzYJq_3ofwHOEfcL_oEwVGiE4-H-0Vbd2U5PM HTTP/1.1" 200 109354 "-" "Mozilla/5.0 (compatible; AwarioBot/1.0; +https://awario.com/bots.html)"
136.243.228.180 - - [14/Apr/2025:07:52:11 -0400] "GET /items/zilbj294/43266?key=necessary HTTP/1.1" 500 1245 "-" "Mozilla/5.0 (compatible; DataForSeoBot/1.0; +https://dataforseo.com/dataforseo-bot)"
52.184.145.216 - - [14/Apr/2025:07:52:13 -0400] "GET /wp-admin/css/colors/ HTTP/1.1" 200 1332 "-" "-"
52.184.145.216 - - [14/Apr/2025:07:52:13 -0400] "GET /wp-express.php HTTP/1.1" 301 21 "-" "-"
52.184.145.216 - - [14/Apr/2025:07:52:14 -0400] "GET /wp-express.php HTTP/1.1" 500 1245 "-" "-"
52.184.145.216 - - [14/Apr/2025:07:52:14 -0400] "GET /admin/editor/ HTTP/1.1" 301 21 "-" "-"
52.184.145.216 - - [14/Apr/2025:07:52:14 -0400] "GET /admin/editor/ HTTP/1.1" 500 1245 "-" "-"
52.184.145.216 - - [14/Apr/2025:07:52:15 -0400] "GET /wp-includes/js/crop/ HTTP/1.1" 200 931 "-" "-"
52.184.145.216 - - [14/Apr/2025:07:52:15 -0400] "GET /wp-includes/PHPMailer/ HTTP/1.1" 200 858 "-" "-"
136.243.228.180 - - [14/Apr/2025:07:52:15 -0400] "GET /items/wcrnr198/24380?key=orbit HTTP/1.1" 500 1245 "-" "Mozilla/5.0 (compatible; DataForSeoBot/1.0; +https://dataforseo.com/dataforseo-bot)"
52.184.145.216 - - [14/Apr/2025:07:52:15 -0400] "GET /xleet.php HTTP/1.1" 301 21 "-" "-"
65.21.113.206 - - [14/Apr/2025:07:52:15 -0400] "GET /search.php?m144010401?srsltid=AfmBOojRvHbQivvaCuELcf_9IiyQj0WPm_8BonlvjH-Q-jq7d9hRIq HTTP/1.1" 200 109346 "-" "Mozilla/5.0 (compatible; AwarioBot/1.0; +https://awario.com/bots.html)"
52.184.145.216 - - [14/Apr/2025:07:52:16 -0400] "GET /xleet.php HTTP/1.1" 500 1245 "-" "-"
52.184.145.216 - - [14/Apr/2025:07:52:16 -0400] "GET /85022df0ed31.php HTTP/1.1" 301 21 "-" "-"
52.184.145.216 - - [14/Apr/2025:07:52:17 -0400] "GET /85022df0ed31.php HTTP/1.1" 500 1245 "-" "-"
52.184.145.216 - - [14/Apr/2025:07:52:17 -0400] "GET /wp-includes/random_compat/chosen.php HTTP/1.1" 301 21 "-" "-"
52.184.145.216 - - [14/Apr/2025:07:52:18 -0400] "GET /wp-includes/random_compat/chosen.php HTTP/1.1" 500 1245 "-" "-"
52.184.145.216 - - [14/Apr/2025:07:52:18 -0400] "GET /wp-admin/includes/ HTTP/1.1" 200 5413 "-" "-"
52.184.145.216 - - [14/Apr/2025:07:52:18 -0400] "GET /randkeyword.php HTTP/1.1" 301 21 "-" "-"
52.184.145.216 - - [14/Apr/2025:07:52:19 -0400] "GET /randkeyword.php HTTP/1.1" 500 1245 "-" "-"
136.243.228.180 - - [14/Apr/2025:07:52:19 -0400] "GET /items/rwrbv165/37543?key=Palestinian HTTP/1.1" 500 1245 "-" "Mozilla/5.0 (compatible; DataForSeoBot/1.0; +https://dataforseo.com/dataforseo-bot)"
52.184.145.216 - - [14/Apr/2025:07:52:19 -0400] "GET /wp-admin/network/index.php HTTP/1.1" 302 21 "-" "-"
52.184.145.216 - - [14/Apr/2025:07:52:20 -0400] "GET /wp-trackback.php HTTP/1.1" 403 1242 "-" "-"
52.184.145.216 - - [14/Apr/2025:07:52:20 -0400] "GET /wp-includes/Requests/about.php HTTP/1.1" 301 21 "-" "-"
65.21.113.206 - - [14/Apr/2025:07:52:20 -0400] "GET /search.php?m144030057?srsltid=AfmBOoxgYVVhUALiuTuxkG_dtLoUH10AS_zP8kxYcK-D-0HA7pek0Y HTTP/1.1" 200 109481 "-" "Mozilla/5.0 (compatible; AwarioBot/1.0; +https://awario.com/bots.html)"
52.184.145.216 - - [14/Apr/2025:07:52:21 -0400] "GET /wp-includes/Requests/about.php HTTP/1.1" 500 1245 "-" "-"
52.184.145.216 - - [14/Apr/2025:07:52:21 -0400] "GET /wp-includes/images/media/ HTTP/1.1" 200 1515 "-" "-"
52.184.145.216 - - [14/Apr/2025:07:52:21 -0400] "GET /wp-includes/pomo/ HTTP/1.1" 200 1313 "-" "-"
52.184.145.216 - - [14/Apr/2025:07:52:22 -0400] "GET /wp-includes/style-engine/ HTTP/1.1" 200 954 "-" "-"
52.184.145.216 - - [14/Apr/2025:07:52:22 -0400] "GET /22.php HTTP/1.1" 301 21 "-" "-"
52.184.145.216 - - [14/Apr/2025:07:52:22 -0400] "GET /22.php HTTP/1.1" 500 1245 "-" "-"
136.243.228.180 - - [14/Apr/2025:07:52:23 -0400] "GET /items/dnqqy283/9?key=cheese HTTP/1.1" 500 1245 "-" "Mozilla/5.0 (compatible; DataForSeoBot/1.0; +https://dataforseo.com/dataforseo-bot)"
52.184.145.216 - - [14/Apr/2025:07:52:23 -0400] "GET /updates.php HTTP/1.1" 301 21 "-" "-"
52.184.145.216 - - [14/Apr/2025:07:52:23 -0400] "GET /updates.php HTTP/1.1" 500 1245 "-" "-"
52.184.145.216 - - [14/Apr/2025:07:52:24 -0400] "GET /wp-admin/css/colors/blue/index.php HTTP/1.1" 301 21 "-" "-"
52.184.145.216 - - [14/Apr/2025:07:52:25 -0400] "GET /wp-admin/css/colors/blue/ HTTP/1.1" 200 907 "-" "-"
52.184.145.216 - - [14/Apr/2025:07:52:25 -0400] "GET /system.php HTTP/1.1" 301 21 "-" "-"
65.21.113.206 - - [14/Apr/2025:07:52:24 -0400] "GET /search.php?m144032833?srsltid=AfmBOokMgEnHrUXu9dq7rM_CDvimSteiD_bn2lXhV2-R-avWcNaPGg HTTP/1.1" 200 109509 "-" "Mozilla/5.0 (compatible; AwarioBot/1.0; +https://awario.com/bots.html)"
52.184.145.216 - - [14/Apr/2025:07:52:25 -0400] "GET /system.php HTTP/1.1" 500 1245 "-" "-"
52.184.145.216 - - [14/Apr/2025:07:52:26 -0400] "GET /alfa.php HTTP/1.1" 301 21 "-" "-"
136.243.228.180 - - [14/Apr/2025:07:52:27 -0400] "GET /items/mnpzm93/35011?key=box HTTP/1.1" 500 1245 "-" "Mozilla/5.0 (compatible; DataForSeoBot/1.0; +https://dataforseo.com/dataforseo-bot)"
52.184.145.216 - - [14/Apr/2025:07:52:27 -0400] "GET /alfa.php HTTP/1.1" 500 1245 "-" "-"
52.184.145.216 - - [14/Apr/2025:07:52:28 -0400] "GET /themes.php HTTP/1.1" 301 21 "-" "-"
52.184.145.216 - - [14/Apr/2025:07:52:28 -0400] "GET /themes.php HTTP/1.1" 500 1245 "-" "-"
52.184.145.216 - - [14/Apr/2025:07:52:29 -0400] "GET /wp-content/uploads/admin.php HTTP/1.1" 301 21 "-" "-"
52.184.145.216 - - [14/Apr/2025:07:52:29 -0400] "GET /wp-content/uploads/admin.php HTTP/1.1" 500 1245 "-" "-"
52.184.145.216 - - [14/Apr/2025:07:52:30 -0400] "GET /wp-content/index.php HTTP/1.1" 200 0 "-" "-"
52.184.145.216 - - [14/Apr/2025:07:52:31 -0400] "GET /wp-includes/SimplePie/Content/Type/ HTTP/1.1" 301 21 "-" "-"
65.21.113.206 - - [14/Apr/2025:07:52:30 -0400] "GET /search.php?m144039893?srsltid=AfmBOoAjacThOSyafOWYLz_xEJi2mzZ0G_y2c9HtdP-Z-MBlIPpAlM HTTP/1.1" 200 108933 "-" "Mozilla/5.0 (compatible; AwarioBot/1.0; +https://awario.com/bots.html)"
52.184.145.216 - - [14/Apr/2025:07:52:31 -0400] "GET /wp-includes/SimplePie/Content/Type/ HTTP/1.1" 500 1245 "-" "-"
136.243.228.180 - - [14/Apr/2025:07:52:31 -0400] "GET /items/nrwlv162/39697?key=time HTTP/1.1" 500 1245 "-" "Mozilla/5.0 (compatible; DataForSeoBot/1.0; +https://dataforseo.com/dataforseo-bot)"
52.184.145.216 - - [14/Apr/2025:07:52:32 -0400] "GET /wp-includes/sodium_compat/ HTTP/1.1" 200 1405 "-" "-"
52.184.145.216 - - [14/Apr/2025:07:52:32 -0400] "GET /wp-admin/ HTTP/1.1" 302 21 "-" "-"
52.184.145.216 - - [14/Apr/2025:07:52:33 -0400] "GET /wp-includes/Requests/ HTTP/1.1" 200 810 "-" "-"
52.184.145.216 - - [14/Apr/2025:07:52:33 -0400] "GET /cgi-bin/index.php HTTP/1.1" 500 99 "-" "-"
52.184.145.216 - - [14/Apr/2025:07:52:33 -0400] "GET /default.php HTTP/1.1" 301 21 "-" "-"
52.184.145.216 - - [14/Apr/2025:07:52:33 -0400] "GET /default.php HTTP/1.1" 500 1245 "-" "-"
52.184.145.216 - - [14/Apr/2025:07:52:34 -0400] "GET /wp-includes/IXR/index.php HTTP/1.1" 301 21 "-" "-"
52.184.145.216 - - [14/Apr/2025:07:52:34 -0400] "GET /wp-includes/IXR/ HTTP/1.1" 200 1501 "-" "-"
52.184.145.216 - - [14/Apr/2025:07:52:35 -0400] "GET /k.php HTTP/1.1" 301 21 "-" "-"
52.184.145.216 - - [14/Apr/2025:07:52:35 -0400] "GET /k.php HTTP/1.1" 500 1245 "-" "-"
52.184.145.216 - - [14/Apr/2025:07:52:35 -0400] "GET /wp-content/themes/news-portal/error.php HTTP/1.1" 301 21 "-" "-"
52.184.145.216 - - [14/Apr/2025:07:52:36 -0400] "GET /wp-content/themes/news-portal/error.php HTTP/1.1" 500 1245 "-" "-"
136.243.228.180 - - [14/Apr/2025:07:52:36 -0400] "GET /items/cwgya99/46649?key=reliability HTTP/1.1" 500 1245 "-" "Mozilla/5.0 (compatible; DataForSeoBot/1.0; +https://dataforseo.com/dataforseo-bot)"
52.184.145.216 - - [14/Apr/2025:07:52:36 -0400] "GET /doc/function.php HTTP/1.1" 301 21 "-" "-"
52.184.145.216 - - [14/Apr/2025:07:52:36 -0400] "GET /doc/function.php HTTP/1.1" 500 1245 "-" "-"
52.184.145.216 - - [14/Apr/2025:07:52:36 -0400] "GET /wp-includes/Text/Diff/Renderer/ HTTP/1.1" 200 794 "-" "-"
52.184.145.216 - - [14/Apr/2025:07:52:37 -0400] "GET /wp-includes/rest-api/fields/ HTTP/1.1" 200 1319 "-" "-"
52.184.145.216 - - [14/Apr/2025:07:52:37 -0400] "GET /wp-2019.php HTTP/1.1" 301 21 "-" "-"
52.184.145.216 - - [14/Apr/2025:07:52:38 -0400] "GET /wp-2019.php HTTP/1.1" 500 1245 "-" "-"
52.184.145.216 - - [14/Apr/2025:07:52:38 -0400] "GET /wp-includes/Requests/Exception/ HTTP/1.1" 301 21 "-" "-"
65.21.113.206 - - [14/Apr/2025:07:52:37 -0400] "GET /search.php?m145006016?srsltid=AfmBOoKaUTTqgdCydOekz1_IezFhgfuzn_pucgMwku-X-Ey7kxTjpd HTTP/1.1" 200 108535 "-" "Mozilla/5.0 (compatible; AwarioBot/1.0; +https://awario.com/bots.html)"
52.184.145.216 - - [14/Apr/2025:07:52:38 -0400] "GET /wp-includes/Requests/Exception/ HTTP/1.1" 500 1245 "-" "-"
136.243.228.180 - - [14/Apr/2025:07:52:39 -0400] "GET /items/emrss182/1984?key=portrait HTTP/1.1" 500 1245 "-" "Mozilla/5.0 (compatible; DataForSeoBot/1.0; +https://dataforseo.com/dataforseo-bot)"
52.184.145.216 - - [14/Apr/2025:07:52:39 -0400] "GET /wp-includes/block-supports/about.php HTTP/1.1" 301 21 "-" "-"
52.184.145.216 - - [14/Apr/2025:07:52:39 -0400] "GET /wp-includes/block-supports/about.php HTTP/1.1" 500 1245 "-" "-"
52.184.145.216 - - [14/Apr/2025:07:52:40 -0400] "GET /wp-includes/sitemaps/about.php HTTP/1.1" 301 21 "-" "-"
52.184.145.216 - - [14/Apr/2025:07:52:40 -0400] "GET /wp-includes/sitemaps/about.php HTTP/1.1" 500 1245 "-" "-"
52.184.145.216 - - [14/Apr/2025:07:52:40 -0400] "GET /.well-known/acme-challenge/fond.php HTTP/1.1" 301 21 "-" "-"
52.184.145.216 - - [14/Apr/2025:07:52:41 -0400] "GET /.well-known/acme-challenge/fond.php HTTP/1.1" 500 1245 "-" "-"
52.184.145.216 - - [14/Apr/2025:07:52:41 -0400] "GET /wp-includes/css/dist/widgets/ HTTP/1.1" 200 852 "-" "-"
52.184.145.216 - - [14/Apr/2025:07:52:41 -0400] "GET /assets/app.php HTTP/1.1" 301 21 "-" "-"
52.184.145.216 - - [14/Apr/2025:07:52:42 -0400] "GET /assets/app.php HTTP/1.1" 500 1245 "-" "-"
52.184.145.216 - - [14/Apr/2025:07:52:42 -0400] "GET /profile.php HTTP/1.1" 403 1242 "-" "-"
52.184.145.216 - - [14/Apr/2025:07:52:42 -0400] "GET /wp-admin/ccx/ HTTP/1.1" 301 21 "-" "-"
52.184.145.216 - - [14/Apr/2025:07:52:43 -0400] "GET /wp-admin/ccx/ HTTP/1.1" 500 1245 "-" "-"
52.184.145.216 - - [14/Apr/2025:07:52:43 -0400] "GET /wp-content/plugins/wp-theme-editor/include.php HTTP/1.1" 301 21 "-" "-"
52.184.145.216 - - [14/Apr/2025:07:52:43 -0400] "GET /wp-content/plugins/wp-theme-editor/include.php HTTP/1.1" 500 1245 "-" "-"
136.243.228.180 - - [14/Apr/2025:07:52:43 -0400] "GET /items/tmhtr230/3526?key=partner HTTP/1.1" 500 1245 "-" "Mozilla/5.0 (compatible; DataForSeoBot/1.0; +https://dataforseo.com/dataforseo-bot)"
52.184.145.216 - - [14/Apr/2025:07:52:44 -0400] "GET /navigation.php HTTP/1.1" 301 21 "-" "-"
52.184.145.216 - - [14/Apr/2025:07:52:44 -0400] "GET /navigation.php HTTP/1.1" 500 1245 "-" "-"
65.21.113.206 - - [14/Apr/2025:07:52:43 -0400] "GET /search.php?m145006994?srsltid=AfmBOoZanstJhibd9nrI1X_oZ36PrvnvI_0qTyIszs-C-ziKbNbyuT HTTP/1.1" 200 108836 "-" "Mozilla/5.0 (compatible; AwarioBot/1.0; +https://awario.com/bots.html)"
52.184.145.216 - - [14/Apr/2025:07:52:44 -0400] "GET /wp-includes/ID3/berlin.php HTTP/1.1" 301 21 "-" "-"
52.184.145.216 - - [14/Apr/2025:07:52:45 -0400] "GET /wp-includes/ID3/berlin.php HTTP/1.1" 500 1245 "-" "-"
52.184.145.216 - - [14/Apr/2025:07:52:45 -0400] "GET /wp-admin/css/colors/blue/blkhfvco.php HTTP/1.1" 301 21 "-" "-"
52.184.145.216 - - [14/Apr/2025:07:52:45 -0400] "GET /wp-admin/css/colors/blue/blkhfvco.php HTTP/1.1" 500 1245 "-" "-"
52.184.145.216 - - [14/Apr/2025:07:52:46 -0400] "GET /wp-content/uploads/gfwisone.php HTTP/1.1" 301 21 "-" "-"
52.184.145.216 - - [14/Apr/2025:07:52:46 -0400] "GET /wp-content/uploads/gfwisone.php HTTP/1.1" 500 1245 "-" "-"
52.184.145.216 - - [14/Apr/2025:07:52:46 -0400] "GET /token.php HTTP/1.1" 301 21 "-" "-"
52.184.145.216 - - [14/Apr/2025:07:52:47 -0400] "GET /token.php HTTP/1.1" 500 1245 "-" "-"
52.184.145.216 - - [14/Apr/2025:07:52:47 -0400] "GET /sidebar.php HTTP/1.1" 301 21 "-" "-"
52.184.145.216 - - [14/Apr/2025:07:52:47 -0400] "GET /sidebar.php HTTP/1.1" 500 1245 "-" "-"
52.184.145.216 - - [14/Apr/2025:07:52:47 -0400] "GET /wp-includes/l10n/ HTTP/1.1" 200 1337 "-" "-"
136.243.228.180 - - [14/Apr/2025:07:52:47 -0400] "GET /items/enqmf60/29053?key=blow HTTP/1.1" 500 1245 "-" "Mozilla/5.0 (compatible; DataForSeoBot/1.0; +https://dataforseo.com/dataforseo-bot)"
52.184.145.216 - - [14/Apr/2025:07:52:48 -0400] "GET /wp-content/plugins/lsxvhpg/ HTTP/1.1" 301 21 "-" "-"
52.184.145.216 - - [14/Apr/2025:07:52:48 -0400] "GET /wp-content/plugins/lsxvhpg/ HTTP/1.1" 500 1245 "-" "-"
52.184.145.216 - - [14/Apr/2025:07:52:48 -0400] "GET /services.php HTTP/1.1" 301 21 "-" "-"
52.184.145.216 - - [14/Apr/2025:07:52:48 -0400] "GET /services.php HTTP/1.1" 500 1245 "-" "-"
52.184.145.216 - - [14/Apr/2025:07:52:49 -0400] "GET /wp-includes/certificates/about.php HTTP/1.1" 301 21 "-" "-"
65.21.113.206 - - [14/Apr/2025:07:52:49 -0400] "GET /search.php?m146009377?srsltid=AfmBOofNpHGbMKGXuVGu8H_IdJXFGQK7B_1soqx04k-H-UruX0mT89 HTTP/1.1" 200 109320 "-" "Mozilla/5.0 (compatible; AwarioBot/1.0; +https://awario.com/bots.html)"
52.184.145.216 - - [14/Apr/2025:07:52:49 -0400] "GET /wp-includes/certificates/about.php HTTP/1.1" 500 1245 "-" "-"
52.184.145.216 - - [14/Apr/2025:07:52:50 -0400] "GET /wp-admin/maint/wp-login.php HTTP/1.1" 301 21 "-" "-"
52.184.145.216 - - [14/Apr/2025:07:52:50 -0400] "GET /wp-admin/maint/wp-login.php HTTP/1.1" 500 1245 "-" "-"
52.184.145.216 - - [14/Apr/2025:07:52:51 -0400] "GET /css/cloud.php HTTP/1.1" 301 21 "-" "-"
52.184.145.216 - - [14/Apr/2025:07:52:51 -0400] "GET /css/cloud.php HTTP/1.1" 500 1245 "-" "-"
136.243.228.180 - - [14/Apr/2025:07:52:51 -0400] "GET /items/tpigu47/17925?key=occupation HTTP/1.1" 500 1245 "-" "Mozilla/5.0 (compatible; DataForSeoBot/1.0; +https://dataforseo.com/dataforseo-bot)"
52.184.145.216 - - [14/Apr/2025:07:52:51 -0400] "GET /indeex.php HTTP/1.1" 301 21 "-" "-"
52.184.145.216 - - [14/Apr/2025:07:52:52 -0400] "GET /indeex.php HTTP/1.1" 500 1245 "-" "-"
52.184.145.216 - - [14/Apr/2025:07:52:52 -0400] "GET /assets/fonts/admin.php HTTP/1.1" 301 21 "-" "-"
52.184.145.216 - - [14/Apr/2025:07:52:52 -0400] "GET /assets/fonts/admin.php HTTP/1.1" 500 1245 "-" "-"
52.184.145.216 - - [14/Apr/2025:07:52:52 -0400] "GET /header.php HTTP/1.1" 301 21 "-" "-"
52.184.145.216 - - [14/Apr/2025:07:52:53 -0400] "GET /header.php HTTP/1.1" 500 1245 "-" "-"
52.184.145.216 - - [14/Apr/2025:07:52:53 -0400] "GET /12.php HTTP/1.1" 301 21 "-" "-"
52.184.145.216 - - [14/Apr/2025:07:52:53 -0400] "GET /12.php HTTP/1.1" 500 1245 "-" "-"
52.184.145.216 - - [14/Apr/2025:07:52:53 -0400] "GET /wp-includes/language/ HTTP/1.1" 301 21 "-" "-"
52.184.145.216 - - [14/Apr/2025:07:52:54 -0400] "GET /wp-includes/language/ HTTP/1.1" 500 1245 "-" "-"
52.184.145.216 - - [14/Apr/2025:07:52:54 -0400] "GET /wp-includes/js/tinymce/plugins/fullscreen/ HTTP/1.1" 200 826 "-" "-"
52.184.145.216 - - [14/Apr/2025:07:52:54 -0400] "GET /mini.php HTTP/1.1" 301 21 "-" "-"
52.184.145.216 - - [14/Apr/2025:07:52:54 -0400] "GET /mini.php HTTP/1.1" 500 1245 "-" "-"
52.184.145.216 - - [14/Apr/2025:07:52:55 -0400] "GET /wp-apxupx.php?apx=upx HTTP/1.1" 301 21 "-" "-"
65.21.113.206 - - [14/Apr/2025:07:52:54 -0400] "GET /search.php?m146023431?srsltid=AfmBOoJTkoDpvrlsu3JLk3_gID9geZlRM_wC19FUdH-T-X8uOBkbQx HTTP/1.1" 200 109515 "-" "Mozilla/5.0 (compatible; AwarioBot/1.0; +https://awario.com/bots.html)"
136.243.228.180 - - [14/Apr/2025:07:52:55 -0400] "GET /items/itspt244/42233?key=egg HTTP/1.1" 500 1245 "-" "Mozilla/5.0 (compatible; DataForSeoBot/1.0; +https://dataforseo.com/dataforseo-bot)"
52.184.145.216 - - [14/Apr/2025:07:52:55 -0400] "GET /wp-apxupx.php?apx=upx HTTP/1.1" 500 1245 "-" "-"
52.184.145.216 - - [14/Apr/2025:07:52:55 -0400] "GET /wp-includes/PHPMailer/autoload_classmap.php HTTP/1.1" 301 21 "-" "-"
216.244.66.246 - - [14/Apr/2025:07:52:51 -0400] "GET /kms-california-hair-products-something-for-everyone/?loknya=/home3 HTTP/1.1" 200 12449 "-" "Mozilla/5.0 (compatible; DotBot/1.2; +https://opensiteexplorer.org/dotbot; help@moz.com)"
52.184.145.216 - - [14/Apr/2025:07:52:56 -0400] "GET /wp-includes/PHPMailer/autoload_classmap.php HTTP/1.1" 500 1245 "-" "-"
52.184.145.216 - - [14/Apr/2025:07:52:56 -0400] "GET /cron_job.php HTTP/1.1" 301 21 "-" "-"
52.184.145.216 - - [14/Apr/2025:07:52:56 -0400] "GET /cron_job.php HTTP/1.1" 500 1245 "-" "-"
52.184.145.216 - - [14/Apr/2025:07:52:56 -0400] "GET /images/headers/ HTTP/1.1" 301 21 "-" "-"
52.184.145.216 - - [14/Apr/2025:07:52:57 -0400] "GET /images/headers/ HTTP/1.1" 500 1245 "-" "-"
52.184.145.216 - - [14/Apr/2025:07:52:57 -0400] "GET /wp-blog-header.php HTTP/1.1" 403 1242 "-" "-"
52.184.145.216 - - [14/Apr/2025:07:52:57 -0400] "GET /wp-includes/css/about.php7 HTTP/1.1" 301 21 "-" "-"
52.184.145.216 - - [14/Apr/2025:07:52:57 -0400] "GET /wp-includes/css/about.php7 HTTP/1.1" 500 1245 "-" "-"
52.184.145.216 - - [14/Apr/2025:07:52:58 -0400] "GET /wp-content/themes/newstoday/ HTTP/1.1" 301 21 "-" "-"
52.184.145.216 - - [14/Apr/2025:07:52:58 -0400] "GET /wp-content/themes/newstoday/ HTTP/1.1" 500 1245 "-" "-"
52.184.145.216 - - [14/Apr/2025:07:52:58 -0400] "GET /predeploy.php HTTP/1.1" 301 21 "-" "-"
52.184.145.216 - - [14/Apr/2025:07:52:59 -0400] "GET /predeploy.php HTTP/1.1" 500 1245 "-" "-"
136.243.228.180 - - [14/Apr/2025:07:52:59 -0400] "GET /items/pchmx32/32329?key=emergency HTTP/1.1" 500 1245 "-" "Mozilla/5.0 (compatible; DataForSeoBot/1.0; +https://dataforseo.com/dataforseo-bot)"
52.184.145.216 - - [14/Apr/2025:07:52:59 -0400] "GET /wp-admin/themes/index HTTP/1.1" 301 21 "-" "-"
52.184.145.216 - - [14/Apr/2025:07:53:00 -0400] "GET /wp-admin/themes/index HTTP/1.1" 500 1245 "-" "-"
52.184.145.216 - - [14/Apr/2025:07:53:00 -0400] "GET /wp-includes//wp-includes/admin-bar.php HTTP/1.1" 301 21 "-" "-"
52.184.145.216 - - [14/Apr/2025:07:53:01 -0400] "GET /wp-includes/wp-includes/admin-bar.php HTTP/1.1" 500 1245 "-" "-"
65.21.113.206 - - [14/Apr/2025:07:53:00 -0400] "GET /search.php?m146037433?srsltid=AfmBOozpYZnHsCSWX5AIQq_h9YLabb1lV_dmMDSSGR-M-UKppPkNTt HTTP/1.1" 200 109514 "-" "Mozilla/5.0 (compatible; AwarioBot/1.0; +https://awario.com/bots.html)"
52.184.145.216 - - [14/Apr/2025:07:53:02 -0400] "GET /wp-content/languages/ HTTP/1.1" 301 21 "-" "-"
52.184.145.216 - - [14/Apr/2025:07:53:03 -0400] "GET /wp-content/languages/ HTTP/1.1" 500 1245 "-" "-"
136.243.228.180 - - [14/Apr/2025:07:53:03 -0400] "GET /items/egoku247/4982?key=innovative HTTP/1.1" 500 1245 "-" "Mozilla/5.0 (compatible; DataForSeoBot/1.0; +https://dataforseo.com/dataforseo-bot)"
52.184.145.216 - - [14/Apr/2025:07:53:03 -0400] "GET /batm.php HTTP/1.1" 301 21 "-" "-"
52.184.145.216 - - [14/Apr/2025:07:53:04 -0400] "GET /batm.php HTTP/1.1" 500 1245 "-" "-"
52.184.145.216 - - [14/Apr/2025:07:53:06 -0400] "GET /wp-admin/atomlib.php HTTP/1.1" 301 21 "-" "-"
65.21.113.206 - - [14/Apr/2025:07:53:05 -0400] "GET /search.php?m146037529?srsltid=AfmBOosHHUSSWDvtOA89Ge_GF9SXUF3sL_jtYX2jdK-M-SFik0Dpau HTTP/1.1" 200 109669 "-" "Mozilla/5.0 (compatible; AwarioBot/1.0; +https://awario.com/bots.html)"
52.184.145.216 - - [14/Apr/2025:07:53:06 -0400] "GET /wp-admin/atomlib.php HTTP/1.1" 500 1245 "-" "-"
136.243.228.180 - - [14/Apr/2025:07:53:08 -0400] "GET /items/jdifz251/9496?key=achieve HTTP/1.1" 500 1245 "-" "Mozilla/5.0 (compatible; DataForSeoBot/1.0; +https://dataforseo.com/dataforseo-bot)"
52.184.145.216 - - [14/Apr/2025:07:53:08 -0400] "GET /wp-admin/user/about.php HTTP/1.1" 302 21 "-" "-"
136.243.228.180 - - [14/Apr/2025:07:53:12 -0400] "GET /items/klqbn104/45091?key=insurance HTTP/1.1" 500 1245 "-" "Mozilla/5.0 (compatible; DataForSeoBot/1.0; +https://dataforseo.com/dataforseo-bot)"
65.21.113.206 - - [14/Apr/2025:07:53:13 -0400] "GET /search.php?m146046183?srsltid=AfmBOoPRXuZCplgZGIaUn5_mwPlpwohJK_iEpQilwG-S-07YoQ5kYw HTTP/1.1" 200 108497 "-" "Mozilla/5.0 (compatible; AwarioBot/1.0; +https://awario.com/bots.html)"
20.171.207.13 - - [14/Apr/2025:07:53:14 -0400] "GET /items/mhrmh20/1231?key=properly HTTP/1.1" 500 1245 "-" "Mozilla/5.0 AppleWebKit/537.36 (KHTML, like Gecko; compatible; GPTBot/1.2; +https://openai.com/gptbot)"
52.184.145.216 - - [14/Apr/2025:07:53:14 -0400] "GET /wp-admin/dropdown.php HTTP/1.1" 301 21 "-" "-"
52.184.145.216 - - [14/Apr/2025:07:53:16 -0400] "GET /wp-admin/dropdown.php HTTP/1.1" 500 1245 "-" "-"
136.243.228.180 - - [14/Apr/2025:07:53:16 -0400] "GET /items/efmvi20/12746?key=required HTTP/1.1" 500 1245 "-" "Mozilla/5.0 (compatible; DataForSeoBot/1.0; +https://dataforseo.com/dataforseo-bot)"
52.184.145.216 - - [14/Apr/2025:07:53:18 -0400] "GET /back.php HTTP/1.1" 301 21 "-" "-"
65.21.113.206 - - [14/Apr/2025:07:53:19 -0400] "GET /search.php?m147000024?srsltid=AfmBOopOnncaanyWTCZsU4_1VSjLMinMz_PFHjvuJv-Z-Y9OxFOTHq HTTP/1.1" 200 108597 "-" "Mozilla/5.0 (compatible; AwarioBot/1.0; +https://awario.com/bots.html)"
52.184.145.216 - - [14/Apr/2025:07:53:20 -0400] "GET /back.php HTTP/1.1" 500 1245 "-" "-"
136.243.228.180 - - [14/Apr/2025:07:53:20 -0400] "GET /items/zewrt262/26931?key=counterpart HTTP/1.1" 500 1245 "-" "Mozilla/5.0 (compatible; DataForSeoBot/1.0; +https://dataforseo.com/dataforseo-bot)"
52.184.145.216 - - [14/Apr/2025:07:53:22 -0400] "GET /upload/ HTTP/1.1" 301 21 "-" "-"
52.184.145.216 - - [14/Apr/2025:07:53:24 -0400] "GET /upload/ HTTP/1.1" 500 1245 "-" "-"
136.243.228.180 - - [14/Apr/2025:07:53:24 -0400] "GET /items/yekje292/24052?key=selection HTTP/1.1" 500 1245 "-" "Mozilla/5.0 (compatible; DataForSeoBot/1.0; +https://dataforseo.com/dataforseo-bot)"
52.184.145.216 - - [14/Apr/2025:07:53:26 -0400] "GET /favicon.php HTTP/1.1" 301 21 "-" "-"
65.21.113.206 - - [14/Apr/2025:07:53:25 -0400] "GET /search.php?m147002744?srsltid=AfmBOoGqKoRMZopkFlPsz2_zTuaxxoy0S_n3LIIAmG-V-K22ftoCBQ HTTP/1.1" 200 108619 "-" "Mozilla/5.0 (compatible; AwarioBot/1.0; +https://awario.com/bots.html)"
52.184.145.216 - - [14/Apr/2025:07:53:28 -0400] "GET /favicon.php HTTP/1.1" 500 1245 "-" "-"
136.243.228.180 - - [14/Apr/2025:07:53:29 -0400] "GET /items/tkjbn195/21031?key=flying HTTP/1.1" 500 1245 "-" "Mozilla/5.0 (compatible; DataForSeoBot/1.0; +https://dataforseo.com/dataforseo-bot)"
52.184.145.216 - - [14/Apr/2025:07:53:28 -0400] "GET /ioxi001.PhP7 HTTP/1.1" 301 21 "-" "-"
52.184.145.216 - - [14/Apr/2025:07:53:32 -0400] "GET /ioxi001.PhP7 HTTP/1.1" 500 1245 "-" "-"
52.184.145.216 - - [14/Apr/2025:07:53:32 -0400] "GET /wp-includes/pomo/autoload_classmap.php HTTP/1.1" 301 21 "-" "-"
65.21.113.206 - - [14/Apr/2025:07:53:32 -0400] "GET /search.php?m147008252?srsltid=AfmBOoCliiMzzsaF9aaC26_uur84CuK96_aC7Oways-C-3NIsnlGY6 HTTP/1.1" 200 109182 "-" "Mozilla/5.0 (compatible; AwarioBot/1.0; +https://awario.com/bots.html)"
52.184.145.216 - - [14/Apr/2025:07:53:33 -0400] "GET /wp-includes/pomo/autoload_classmap.php HTTP/1.1" 500 1245 "-" "-"
136.243.228.180 - - [14/Apr/2025:07:53:33 -0400] "GET /items/lehot96/32568?key=credibility HTTP/1.1" 500 1245 "-" "Mozilla/5.0 (compatible; DataForSeoBot/1.0; +https://dataforseo.com/dataforseo-bot)"
52.184.145.216 - - [14/Apr/2025:07:53:35 -0400] "GET /wp-includes/luuf.php HTTP/1.1" 301 21 "-" "-"
52.184.145.216 - - [14/Apr/2025:07:53:36 -0400] "GET /wp-includes/luuf.php HTTP/1.1" 500 1245 "-" "-"
52.184.145.216 - - [14/Apr/2025:07:53:36 -0400] "GET /lock.php HTTP/1.1" 301 21 "-" "-"
136.243.228.180 - - [14/Apr/2025:07:53:37 -0400] "GET /items/swyar109/38213?key=pet HTTP/1.1" 500 1245 "-" "Mozilla/5.0 (compatible; DataForSeoBot/1.0; +https://dataforseo.com/dataforseo-bot)"
52.184.145.216 - - [14/Apr/2025:07:53:37 -0400] "GET /lock.php HTTP/1.1" 500 1245 "-" "-"
52.184.145.216 - - [14/Apr/2025:07:53:38 -0400] "GET /wp-admin/css/colors/coffee/ HTTP/1.1" 200 912 "-" "-"
65.21.113.206 - - [14/Apr/2025:07:53:37 -0400] "GET /search.php?m147011022?srsltid=AfmBOorCqrjnhSRmTT9bEw_5MBZJno9xF_sD2R7rGx-W-PfL4OnAuP HTTP/1.1" 200 109608 "-" "Mozilla/5.0 (compatible; AwarioBot/1.0; +https://awario.com/bots.html)"
52.184.145.216 - - [14/Apr/2025:07:53:38 -0400] "GET /wp-content/plugins/css-ready-sel/ HTTP/1.1" 301 21 "-" "-"
52.184.145.216 - - [14/Apr/2025:07:53:38 -0400] "GET /wp-content/plugins/css-ready-sel/ HTTP/1.1" 500 1245 "-" "-"
52.184.145.216 - - [14/Apr/2025:07:53:39 -0400] "GET /.well-known/acme-challenge/content.php HTTP/1.1" 301 21 "-" "-"
52.184.145.216 - - [14/Apr/2025:07:53:39 -0400] "GET /.well-known/acme-challenge/content.php HTTP/1.1" 500 1245 "-" "-"
52.184.145.216 - - [14/Apr/2025:07:53:40 -0400] "GET /wp-admin/css/colors/coffee/cloud.php HTTP/1.1" 301 21 "-" "-"
136.243.228.180 - - [14/Apr/2025:07:53:40 -0400] "GET /items/jlclu33/37783?key=quote HTTP/1.1" 500 1245 "-" "Mozilla/5.0 (compatible; DataForSeoBot/1.0; +https://dataforseo.com/dataforseo-bot)"
52.184.145.216 - - [14/Apr/2025:07:53:40 -0400] "GET /wp-admin/css/colors/coffee/cloud.php HTTP/1.1" 500 1245 "-" "-"
52.184.145.216 - - [14/Apr/2025:07:53:40 -0400] "GET /wp-includes.bak/html-api/about.php HTTP/1.1" 301 21 "-" "-"
52.184.145.216 - - [14/Apr/2025:07:53:41 -0400] "GET /wp-includes.bak/html-api/about.php HTTP/1.1" 500 1245 "-" "-"
52.184.145.216 - - [14/Apr/2025:07:53:41 -0400] "GET /wp-content/plugins/html404/ HTTP/1.1" 301 21 "-" "-"
52.184.145.216 - - [14/Apr/2025:07:53:42 -0400] "GET /wp-content/plugins/html404/ HTTP/1.1" 500 1245 "-" "-"
65.21.113.206 - - [14/Apr/2025:07:53:42 -0400] "GET /search.php?m147020496?srsltid=AfmBOofMrfLPYTVRrXKvQd_TmkSCNHOQb_ONuJSgR5-P-anTMRfkQn HTTP/1.1" 200 109212 "-" "Mozilla/5.0 (compatible; AwarioBot/1.0; +https://awario.com/bots.html)"
52.184.145.216 - - [14/Apr/2025:07:53:43 -0400] "GET /users.php HTTP/1.1" 301 21 "-" "-"
52.184.145.216 - - [14/Apr/2025:07:53:43 -0400] "GET /users.php HTTP/1.1" 500 1245 "-" "-"
52.184.145.216 - - [14/Apr/2025:07:53:43 -0400] "GET /wp-content/themes/h47vbpo2/ HTTP/1.1" 301 21 "-" "-"
52.184.145.216 - - [14/Apr/2025:07:53:44 -0400] "GET /wp-content/themes/h47vbpo2/ HTTP/1.1" 500 1245 "-" "-"
52.184.145.216 - - [14/Apr/2025:07:53:44 -0400] "GET /wp-includes/Text/Diff/Engine/ftp_rmdir.php HTTP/1.1" 301 21 "-" "-"
52.184.145.216 - - [14/Apr/2025:07:53:44 -0400] "GET /wp-includes/Text/Diff/Engine/ftp_rmdir.php HTTP/1.1" 500 1245 "-" "-"
136.243.228.180 - - [14/Apr/2025:07:53:44 -0400] "GET /items/kbvnj169/46249?key=core HTTP/1.1" 500 1245 "-" "Mozilla/5.0 (compatible; DataForSeoBot/1.0; +https://dataforseo.com/dataforseo-bot)"
52.184.145.216 - - [14/Apr/2025:07:53:45 -0400] "GET /system_log.php HTTP/1.1" 301 21 "-" "-"
52.184.145.216 - - [14/Apr/2025:07:53:45 -0400] "GET /system_log.php HTTP/1.1" 500 1245 "-" "-"
52.184.145.216 - - [14/Apr/2025:07:53:45 -0400] "GET /wp-includes/css/dist/block-library/alfa-rex.php HTTP/1.1" 301 21 "-" "-"
52.184.145.216 - - [14/Apr/2025:07:53:46 -0400] "GET /wp-includes/css/dist/block-library/alfa-rex.php HTTP/1.1" 500 1245 "-" "-"
65.21.113.206 - - [14/Apr/2025:07:53:45 -0400] "GET /search.php?m147029246?srsltid=AfmBOolFQYwmqcBdwBNTpA_dG1jh7YfYY_Mi4wUe9e-Z-oBVqRqqsB HTTP/1.1" 200 108737 "-" "Mozilla/5.0 (compatible; AwarioBot/1.0; +https://awario.com/bots.html)"
52.184.145.216 - - [14/Apr/2025:07:53:46 -0400] "GET /wp-content/plugins/vheezid/ HTTP/1.1" 301 21 "-" "-"
52.184.145.216 - - [14/Apr/2025:07:53:46 -0400] "GET /wp-content/plugins/vheezid/ HTTP/1.1" 500 1245 "-" "-"
52.184.145.216 - - [14/Apr/2025:07:53:47 -0400] "GET /wp-content/uploads/wpr-addons/forms/ HTTP/1.1" 301 21 "-" "-"
52.184.145.216 - - [14/Apr/2025:07:53:47 -0400] "GET /wp-content/uploads/wpr-addons/forms/ HTTP/1.1" 500 1245 "-" "-"
52.184.145.216 - - [14/Apr/2025:07:53:47 -0400] "GET /wp-includes.bak/html-api/ HTTP/1.1" 301 21 "-" "-"
52.184.145.216 - - [14/Apr/2025:07:53:48 -0400] "GET /wp-includes.bak/html-api/ HTTP/1.1" 500 1245 "-" "-"
52.184.145.216 - - [14/Apr/2025:07:53:48 -0400] "GET /jindex.php HTTP/1.1" 301 21 "-" "-"
136.243.228.180 - - [14/Apr/2025:07:53:48 -0400] "GET /items/tajmw159/33989?key=catch HTTP/1.1" 500 1245 "-" "Mozilla/5.0 (compatible; DataForSeoBot/1.0; +https://dataforseo.com/dataforseo-bot)"
52.184.145.216 - - [14/Apr/2025:07:53:49 -0400] "GET /jindex.php HTTP/1.1" 500 1245 "-" "-"
52.184.145.216 - - [14/Apr/2025:07:53:49 -0400] "GET /wp-content/updraft/about.php HTTP/1.1" 301 21 "-" "-"
65.21.113.206 - - [14/Apr/2025:07:53:49 -0400] "GET /search.php?m148004041?srsltid=AfmBOoUkTUnlsUaAoTiywE_mNrMixdetR_zBDJ5oTv-Z-AlvqKMJ0C HTTP/1.1" 200 110197 "-" "Mozilla/5.0 (compatible; AwarioBot/1.0; +https://awario.com/bots.html)"
52.184.145.216 - - [14/Apr/2025:07:53:49 -0400] "GET /wp-content/updraft/about.php HTTP/1.1" 500 1245 "-" "-"
52.184.145.216 - - [14/Apr/2025:07:53:50 -0400] "GET /wp-content/plugins/npqzdpk/ HTTP/1.1" 301 21 "-" "-"
52.184.145.216 - - [14/Apr/2025:07:53:50 -0400] "GET /wp-content/plugins/npqzdpk/ HTTP/1.1" 500 1245 "-" "-"
52.184.145.216 - - [14/Apr/2025:07:53:51 -0400] "GET /wp-content/plugins/fix/up.php HTTP/1.1" 301 21 "-" "-"
52.184.145.216 - - [14/Apr/2025:07:53:51 -0400] "GET /wp-content/plugins/fix/up.php HTTP/1.1" 500 1245 "-" "-"
52.184.145.216 - - [14/Apr/2025:07:53:52 -0400] "GET /bitrix/js/seo/ads/client_selector/lang/ru/ HTTP/1.1" 301 21 "-" "-"
52.184.145.216 - - [14/Apr/2025:07:53:52 -0400] "GET /bitrix/js/seo/ads/client_selector/lang/ru/ HTTP/1.1" 500 1245 "-" "-"
136.243.228.180 - - [14/Apr/2025:07:53:52 -0400] "GET /items/gqjgb191/32498?key=pasta HTTP/1.1" 500 1245 "-" "Mozilla/5.0 (compatible; DataForSeoBot/1.0; +https://dataforseo.com/dataforseo-bot)"
52.184.145.216 - - [14/Apr/2025:07:53:52 -0400] "GET /blog/wp-content/plugins/ubh/up.php HTTP/1.1" 301 21 "-" "-"
52.184.145.216 - - [14/Apr/2025:07:53:52 -0400] "GET /blog/wp-content/plugins/ubh/up.php HTTP/1.1" 500 1245 "-" "-"
65.21.113.206 - - [14/Apr/2025:07:53:52 -0400] "GET /search.php?m148010955?srsltid=AfmBOoyzkdbStHEZ5OjFPo_9128TfJ1ty_LHscYKLm-M-EyKDd5ABa HTTP/1.1" 200 109027 "-" "Mozilla/5.0 (compatible; AwarioBot/1.0; +https://awario.com/bots.html)"
52.184.145.216 - - [14/Apr/2025:07:53:53 -0400] "GET /status.php HTTP/1.1" 301 21 "-" "-"
52.184.145.216 - - [14/Apr/2025:07:53:53 -0400] "GET /status.php HTTP/1.1" 500 1245 "-" "-"
52.184.145.216 - - [14/Apr/2025:07:53:53 -0400] "GET /email.php HTTP/1.1" 301 21 "-" "-"
52.184.145.216 - - [14/Apr/2025:07:53:54 -0400] "GET /email.php HTTP/1.1" 500 1245 "-" "-"
52.184.145.216 - - [14/Apr/2025:07:53:55 -0400] "GET /maintenance/ HTTP/1.1" 301 21 "-" "-"
52.184.145.216 - - [14/Apr/2025:07:53:55 -0400] "GET /maintenance/ HTTP/1.1" 500 1245 "-" "-"
52.184.145.216 - - [14/Apr/2025:07:53:55 -0400] "GET /wp-includes/class-controller-theme-comment.php HTTP/1.1" 301 21 "-" "-"
52.184.145.216 - - [14/Apr/2025:07:53:56 -0400] "GET /wp-includes/class-controller-theme-comment.php HTTP/1.1" 500 1245 "-" "-"
65.21.113.206 - - [14/Apr/2025:07:53:55 -0400] "GET /search.php?m148030993?srsltid=AfmBOoMMeYvNVwFgCVcfAK_tHDiUEvgDm_USbl4cBS-N-F1tlsHrIa HTTP/1.1" 200 111215 "-" "Mozilla/5.0 (compatible; AwarioBot/1.0; +https://awario.com/bots.html)"
136.243.228.180 - - [14/Apr/2025:07:53:56 -0400] "GET /items/isscj147/852?key=hair HTTP/1.1" 500 1245 "-" "Mozilla/5.0 (compatible; DataForSeoBot/1.0; +https://dataforseo.com/dataforseo-bot)"
52.184.145.216 - - [14/Apr/2025:07:53:56 -0400] "GET /wp-includes/pomo/yellow.php HTTP/1.1" 301 21 "-" "-"
52.184.145.216 - - [14/Apr/2025:07:53:57 -0400] "GET /wp-includes/pomo/yellow.php HTTP/1.1" 500 1245 "-" "-"
52.184.145.216 - - [14/Apr/2025:07:53:57 -0400] "GET /wp-content/plugins/classic-editor/ HTTP/1.1" 301 21 "-" "-"
52.184.145.216 - - [14/Apr/2025:07:53:57 -0400] "GET /wp-content/plugins/classic-editor/ HTTP/1.1" 500 1245 "-" "-"
52.184.145.216 - - [14/Apr/2025:07:53:58 -0400] "GET /wp-includes/about.php HTTP/1.1" 301 21 "-" "-"
52.184.145.216 - - [14/Apr/2025:07:53:58 -0400] "GET /wp-includes/about.php HTTP/1.1" 500 1245 "-" "-"
52.184.145.216 - - [14/Apr/2025:07:53:59 -0400] "GET /wp-includes/repeater.php HTTP/1.1" 301 21 "-" "-"
65.21.113.206 - - [14/Apr/2025:07:53:59 -0400] "GET /search.php?m148041681?srsltid=AfmBOopwLIbxBlGBdQoRvn_dqc21IlmF2_gkuzIlqY-R-tKZP78tW1 HTTP/1.1" 200 109700 "-" "Mozilla/5.0 (compatible; AwarioBot/1.0; +https://awario.com/bots.html)"
52.184.145.216 - - [14/Apr/2025:07:53:59 -0400] "GET /wp-includes/repeater.php HTTP/1.1" 500 1245 "-" "-"
52.184.145.216 - - [14/Apr/2025:07:54:00 -0400] "GET /.well-known/content.php HTTP/1.1" 301 21 "-" "-"
52.184.145.216 - - [14/Apr/2025:07:54:00 -0400] "GET /.well-known/content.php HTTP/1.1" 500 1245 "-" "-"
52.184.145.216 - - [14/Apr/2025:07:54:00 -0400] "GET /wp-admin/setup-config.php HTTP/1.1" 403 1242 "-" "-"
136.243.228.180 - - [14/Apr/2025:07:54:00 -0400] "GET /items/dveiv158/23648?key=refer HTTP/1.1" 500 1245 "-" "Mozilla/5.0 (compatible; DataForSeoBot/1.0; +https://dataforseo.com/dataforseo-bot)"
52.184.145.216 - - [14/Apr/2025:07:54:01 -0400] "GET /chosen HTTP/1.1" 301 21 "-" "-"
52.184.145.216 - - [14/Apr/2025:07:54:01 -0400] "GET /chosen HTTP/1.1" 500 1245 "-" "-"
52.184.145.216 - - [14/Apr/2025:07:54:01 -0400] "GET /priv8.php HTTP/1.1" 301 21 "-" "-"
52.184.145.216 - - [14/Apr/2025:07:54:02 -0400] "GET /priv8.php HTTP/1.1" 500 1245 "-" "-"
52.184.145.216 - - [14/Apr/2025:07:54:02 -0400] "GET /.well-known/kwggvpup.php HTTP/1.1" 301 21 "-" "-"
52.184.145.216 - - [14/Apr/2025:07:54:03 -0400] "GET /.well-known/kwggvpup.php HTTP/1.1" 500 1245 "-" "-"
52.184.145.216 - - [14/Apr/2025:07:54:03 -0400] "GET /wp-content/plugins/widget-logic/ui.php HTTP/1.1" 301 21 "-" "-"
65.21.113.206 - - [14/Apr/2025:07:54:03 -0400] "GET /search.php?m148064645?srsltid=AfmBOoeesKCKeJWmv77mRy_zzKfJJdpRS_PUgWWbMs-O-booAJQabM HTTP/1.1" 200 109034 "-" "Mozilla/5.0 (compatible; AwarioBot/1.0; +https://awario.com/bots.html)"
52.184.145.216 - - [14/Apr/2025:07:54:04 -0400] "GET /wp-content/plugins/widget-logic/ui.php HTTP/1.1" 500 1245 "-" "-"
136.243.228.180 - - [14/Apr/2025:07:54:05 -0400] "GET /items/gmdbz235/41206?key=curiosity HTTP/1.1" 500 1245 "-" "Mozilla/5.0 (compatible; DataForSeoBot/1.0; +https://dataforseo.com/dataforseo-bot)"
52.184.145.216 - - [14/Apr/2025:07:54:05 -0400] "GET /configure.php HTTP/1.1" 301 21 "-" "-"
52.184.145.216 - - [14/Apr/2025:07:54:05 -0400] "GET /configure.php HTTP/1.1" 500 1245 "-" "-"
52.184.145.216 - - [14/Apr/2025:07:54:06 -0400] "GET /wp-content/plugins/qufeaoy/ HTTP/1.1" 301 21 "-" "-"
52.184.145.216 - - [14/Apr/2025:07:54:07 -0400] "GET /wp-content/plugins/qufeaoy/ HTTP/1.1" 500 1245 "-" "-"
52.184.145.216 - - [14/Apr/2025:07:54:07 -0400] "GET /.well-known/pki-validation/iR7SzrsOUEP.php HTTP/1.1" 404 1251 "-" "-"
52.184.145.216 - - [14/Apr/2025:07:54:08 -0400] "GET /assets/cms/plugins/ckfinder/_samples/php/ HTTP/1.1" 301 21 "-" "-"
65.21.113.206 - - [14/Apr/2025:07:54:07 -0400] "GET /search.php?m149005244?srsltid=AfmBOoFIHjJQMkofm7Bw85_4R7qHiCRn1_I6lbMtI7-X-x4CTZiAQp HTTP/1.1" 200 108893 "-" "Mozilla/5.0 (compatible; AwarioBot/1.0; +https://awario.com/bots.html)"
136.243.228.180 - - [14/Apr/2025:07:54:08 -0400] "GET /items/rltnl290/7050?key=preliminary HTTP/1.1" 500 1245 "-" "Mozilla/5.0 (compatible; DataForSeoBot/1.0; +https://dataforseo.com/dataforseo-bot)"
52.184.145.216 - - [14/Apr/2025:07:54:08 -0400] "GET /assets/cms/plugins/ckfinder/_samples/php/ HTTP/1.1" 500 1245 "-" "-"
52.184.145.216 - - [14/Apr/2025:07:54:09 -0400] "GET /wp-includes/js/tinymce/skins/lightgray/img/ HTTP/1.1" 200 878 "-" "-"
52.184.145.216 - - [14/Apr/2025:07:54:09 -0400] "GET /credits.php HTTP/1.1" 301 21 "-" "-"
52.184.145.216 - - [14/Apr/2025:07:54:10 -0400] "GET /credits.php HTTP/1.1" 500 1245 "-" "-"
52.184.145.216 - - [14/Apr/2025:07:54:11 -0400] "GET /.well-known/acme-challenge/classsmtps.php HTTP/1.1" 301 21 "-" "-"
52.184.145.216 - - [14/Apr/2025:07:54:11 -0400] "GET /.well-known/acme-challenge/classsmtps.php HTTP/1.1" 500 1245 "-" "-"
52.184.145.216 - - [14/Apr/2025:07:54:11 -0400] "GET /wp-admin/sx.php HTTP/1.1" 301 21 "-" "-"
198.54.114.83 - - [14/Apr/2025:07:54:12 -0400] "POST /wp-cron.php?doing_wp_cron=1744631652.5908679962158203125000 HTTP/1.1" 403 1242 "-" "WordPress/6.7.2; https://bayrampasaspor.com"
52.184.145.216 - - [14/Apr/2025:07:54:12 -0400] "GET /wp-admin/sx.php HTTP/1.1" 500 1245 "-" "-"
136.243.228.180 - - [14/Apr/2025:07:54:12 -0400] "GET /items/mkktz81/36065?key=host HTTP/1.1" 500 1245 "-" "Mozilla/5.0 (compatible; DataForSeoBot/1.0; +https://dataforseo.com/dataforseo-bot)"
65.21.113.206 - - [14/Apr/2025:07:54:12 -0400] "GET /search.php?m149014286?srsltid=AfmBOonNiSmMxVXulaq6Dw_YKlGTTKhXj_4gtUU4So-Z-PUU6XGxP7 HTTP/1.1" 200 109489 "-" "Mozilla/5.0 (compatible; AwarioBot/1.0; +https://awario.com/bots.html)"
52.184.145.216 - - [14/Apr/2025:07:54:13 -0400] "GET /wp-includes/qw.php HTTP/1.1" 301 21 "-" "-"
52.184.145.216 - - [14/Apr/2025:07:54:13 -0400] "GET /wp-includes/qw.php HTTP/1.1" 500 1245 "-" "-"
52.184.145.216 - - [14/Apr/2025:07:54:14 -0400] "GET /wp-content/plugins/sfdfryt/ HTTP/1.1" 301 21 "-" "-"
52.184.145.216 - - [14/Apr/2025:07:54:14 -0400] "GET /wp-content/plugins/sfdfryt/ HTTP/1.1" 500 1245 "-" "-"
52.184.145.216 - - [14/Apr/2025:07:54:15 -0400] "GET /wp-includes/css/dist/edit-widgets/ HTTP/1.1" 200 871 "-" "-"
20.171.207.13 - - [14/Apr/2025:07:54:15 -0400] "GET /items/bktjk8/33084?key=observer HTTP/1.1" 500 1245 "-" "Mozilla/5.0 AppleWebKit/537.36 (KHTML, like Gecko; compatible; GPTBot/1.2; +https://openai.com/gptbot)"
52.184.145.216 - - [14/Apr/2025:07:54:15 -0400] "GET /auth.php HTTP/1.1" 301 21 "-" "-"
52.184.145.216 - - [14/Apr/2025:07:54:15 -0400] "GET /auth.php HTTP/1.1" 500 1245 "-" "-"
52.184.145.216 - - [14/Apr/2025:07:54:16 -0400] "GET /wp-content/plugins/ubh/1.php HTTP/1.1" 301 21 "-" "-"
136.243.228.180 - - [14/Apr/2025:07:54:16 -0400] "GET /items/kyoht138/18676?key=brown HTTP/1.1" 500 1245 "-" "Mozilla/5.0 (compatible; DataForSeoBot/1.0; +https://dataforseo.com/dataforseo-bot)"
52.184.145.216 - - [14/Apr/2025:07:54:17 -0400] "GET /wp-content/plugins/ubh/1.php HTTP/1.1" 500 1245 "-" "-"
65.21.113.206 - - [14/Apr/2025:07:54:17 -0400] "GET /search.php?m149015066?srsltid=AfmBOoLrMJkhWwAo03HRfG_tmrc3skuZl_3sUayvA5-Q-7w2QY8BnV HTTP/1.1" 200 108642 "-" "Mozilla/5.0 (compatible; AwarioBot/1.0; +https://awario.com/bots.html)"
52.184.145.216 - - [14/Apr/2025:07:54:18 -0400] "GET /wp-includes/ID3/classwithtostring.php HTTP/1.1" 301 21 "-" "-"
52.184.145.216 - - [14/Apr/2025:07:54:18 -0400] "GET /wp-includes/ID3/classwithtostring.php HTTP/1.1" 500 1245 "-" "-"
52.184.145.216 - - [14/Apr/2025:07:54:18 -0400] "GET /pi.php HTTP/1.1" 301 21 "-" "-"
52.184.145.216 - - [14/Apr/2025:07:54:19 -0400] "GET /pi.php HTTP/1.1" 500 1245 "-" "-"
52.184.145.216 - - [14/Apr/2025:07:54:19 -0400] "GET /wp-admin/css/colors/sunrise/ HTTP/1.1" 200 915 "-" "-"
52.184.145.216 - - [14/Apr/2025:07:54:19 -0400] "GET /wp-content/uploads/2018/03/ab.php HTTP/1.1" 301 21 "-" "-"
52.184.145.216 - - [14/Apr/2025:07:54:20 -0400] "GET /wp-content/uploads/2018/03/ab.php HTTP/1.1" 500 1245 "-" "-"
52.184.145.216 - - [14/Apr/2025:07:54:20 -0400] "GET /new/transjule.php HTTP/1.1" 301 21 "-" "-"
136.243.228.180 - - [14/Apr/2025:07:54:20 -0400] "GET /items/wouuv183/23633?key=progressive HTTP/1.1" 500 1245 "-" "Mozilla/5.0 (compatible; DataForSeoBot/1.0; +https://dataforseo.com/dataforseo-bot)"
52.184.145.216 - - [14/Apr/2025:07:54:20 -0400] "GET /new/transjule.php HTTP/1.1" 500 1245 "-" "-"
52.184.145.216 - - [14/Apr/2025:07:54:21 -0400] "GET /wp-content/plugins/background-image-cropper/tmpls.php HTTP/1.1" 301 21 "-" "-"
65.21.113.206 - - [14/Apr/2025:07:54:21 -0400] "GET /search.php?m149043034?srsltid=AfmBOoopOvgmjCambSXxXh_WU1Uk5xytV_KvK5hE46-W-gpl7zbm3Z HTTP/1.1" 200 109694 "-" "Mozilla/5.0 (compatible; AwarioBot/1.0; +https://awario.com/bots.html)"
52.184.145.216 - - [14/Apr/2025:07:54:21 -0400] "GET /wp-content/plugins/background-image-cropper/tmpls.php HTTP/1.1" 500 1245 "-" "-"
52.184.145.216 - - [14/Apr/2025:07:54:22 -0400] "GET /wp-content/plugins/blwrume/ HTTP/1.1" 301 21 "-" "-"
52.184.145.216 - - [14/Apr/2025:07:54:22 -0400] "GET /wp-content/plugins/blwrume/ HTTP/1.1" 500 1245 "-" "-"
52.184.145.216 - - [14/Apr/2025:07:54:23 -0400] "GET /.well-known/autoload_classmap.php HTTP/1.1" 301 21 "-" "-"
52.184.145.216 - - [14/Apr/2025:07:54:23 -0400] "GET /.well-known/autoload_classmap.php HTTP/1.1" 500 1245 "-" "-"
52.184.145.216 - - [14/Apr/2025:07:54:24 -0400] "GET /alfa-rex.php8 HTTP/1.1" 301 21 "-" "-"
136.243.228.180 - - [14/Apr/2025:07:54:24 -0400] "GET /items/lzuip143/9751?key=climate HTTP/1.1" 500 1245 "-" "Mozilla/5.0 (compatible; DataForSeoBot/1.0; +https://dataforseo.com/dataforseo-bot)"
52.184.145.216 - - [14/Apr/2025:07:54:25 -0400] "GET /alfa-rex.php8 HTTP/1.1" 500 1245 "-" "-"
52.184.145.216 - - [14/Apr/2025:07:54:25 -0400] "GET /wp-content/uploads/error_log.php HTTP/1.1" 301 21 "-" "-"
65.21.113.206 - - [14/Apr/2025:07:54:25 -0400] "GET /search.php?m149046696?srsltid=AfmBOoFrftNVMpet7594nV_kWlI4nS1eb_t3PquA20-M-aHZi8jF6y HTTP/1.1" 200 110575 "-" "Mozilla/5.0 (compatible; AwarioBot/1.0; +https://awario.com/bots.html)"
52.184.145.216 - - [14/Apr/2025:07:54:26 -0400] "GET /wp-content/uploads/error_log.php HTTP/1.1" 500 1245 "-" "-"
52.184.145.216 - - [14/Apr/2025:07:54:27 -0400] "GET /wp-includes/PHPMailer/upfile_(2).php HTTP/1.1" 301 21 "-" "-"
52.184.145.216 - - [14/Apr/2025:07:54:28 -0400] "GET /wp-includes/PHPMailer/upfile_(2).php HTTP/1.1" 500 1245 "-" "-"
52.184.145.216 - - [14/Apr/2025:07:54:29 -0400] "GET /jquery.php HTTP/1.1" 301 21 "-" "-"
136.243.228.180 - - [14/Apr/2025:07:54:29 -0400] "GET /items/bjqrl115/5776?key=icon HTTP/1.1" 500 1245 "-" "Mozilla/5.0 (compatible; DataForSeoBot/1.0; +https://dataforseo.com/dataforseo-bot)"
65.21.113.206 - - [14/Apr/2025:07:54:29 -0400] "GET /search.php?m150004087?srsltid=AfmBOoasQBefyQjp4cjUlN_eXjJUAXEOq_VZ1PfVlu-U-bKkOzD2rw HTTP/1.1" 200 109799 "-" "Mozilla/5.0 (compatible; AwarioBot/1.0; +https://awario.com/bots.html)"
52.184.145.216 - - [14/Apr/2025:07:54:29 -0400] "GET /jquery.php HTTP/1.1" 500 1245 "-" "-"
52.184.145.216 - - [14/Apr/2025:07:54:31 -0400] "GET /wp-admin/user/cloud.php HTTP/1.1" 301 21 "-" "-"
52.184.145.216 - - [14/Apr/2025:07:54:31 -0400] "GET /wp-admin/user/cloud.php HTTP/1.1" 500 1245 "-" "-"
136.243.228.180 - - [14/Apr/2025:07:54:32 -0400] "GET /items/lwcxl220/39147?key=Greek HTTP/1.1" 500 1245 "-" "Mozilla/5.0 (compatible; DataForSeoBot/1.0; +https://dataforseo.com/dataforseo-bot)"
52.184.145.216 - - [14/Apr/2025:07:54:33 -0400] "GET /wp-admin/uploads/init HTTP/1.1" 301 21 "-" "-"
65.21.113.206 - - [14/Apr/2025:07:54:32 -0400] "GET /search.php?m150025837?srsltid=AfmBOoZgjYqhGdwlTMzWSI_pwEh8RVJ6w_zM6tgTcl-Z-9mSHnthZ3 HTTP/1.1" 200 108019 "-" "Mozilla/5.0 (compatible; AwarioBot/1.0; +https://awario.com/bots.html)"
52.184.145.216 - - [14/Apr/2025:07:54:35 -0400] "GET /wp-admin/uploads/init HTTP/1.1" 500 1245 "-" "-"
52.184.145.216 - - [14/Apr/2025:07:54:35 -0400] "GET /wp-admin/css/colors/blue/blkqvmih.php HTTP/1.1" 301 21 "-" "-"
52.184.145.216 - - [14/Apr/2025:07:54:36 -0400] "GET /wp-admin/css/colors/blue/blkqvmih.php HTTP/1.1" 500 1245 "-" "-"
