143.244.186.239 - - [14/Apr/2025:12:50:09 -0400] "GET /blogs/wp-includes/ID3/ HTTP/1.1" 500 1245 "-" "fasthttp"
143.244.186.239 - - [14/Apr/2025:12:50:10 -0400] "GET /wp-includes/js/codemirror/ HTTP/1.1" 200 1359 "-" "fasthttp"
136.243.228.180 - - [14/Apr/2025:12:50:12 -0400] "GET /items/afvrd76/7561?key=seller HTTP/1.1" 500 1245 "-" "Mozilla/5.0 (compatible; DataForSeoBot/1.0; +https://dataforseo.com/dataforseo-bot)"
107.151.215.143 - - [14/Apr/2025:12:50:13 -0400] "GET /wp-includes/class-wp-block-parser-frame.php HTTP/1.1" 403 1242 "binance.com" "Mozilla/5.0 (Windows NT 10.0; Win64; x64) AppleWebKit/537.36 (KHTML, like Gecko) Chrome/90.0.4430.85 Safari/537.36"
143.244.186.239 - - [14/Apr/2025:12:50:14 -0400] "GET /wp-includes/rest-api/endpoints/ HTTP/1.1" 200 2859 "-" "fasthttp"
143.244.186.239 - - [14/Apr/2025:12:50:16 -0400] "GET /wp-includes/Requests/Transport/ HTTP/1.1" 500 1245 "-" "fasthttp"
136.243.228.180 - - [14/Apr/2025:12:50:16 -0400] "GET /items/jsesh20/11909?key=yes HTTP/1.1" 500 1245 "-" "Mozilla/5.0 (compatible; DataForSeoBot/1.0; +https://dataforseo.com/dataforseo-bot)"
107.151.215.143 - - [14/Apr/2025:12:50:18 -0400] "GET /wp-includes/class-wp-block-template.php HTTP/1.1" 403 1242 "binance.com" "Mozilla/5.0 (Windows NT 10.0; Win64; x64) AppleWebKit/537.36 (KHTML, like Gecko) Chrome/90.0.4430.85 Safari/537.36"
143.244.186.239 - - [14/Apr/2025:12:50:19 -0400] "GET /wp-admin/css/colors/ocean/ HTTP/1.1" 200 913 "-" "fasthttp"
143.244.186.239 - - [14/Apr/2025:12:50:20 -0400] "GET /wp-admin/css/colors/sunrise/ HTTP/1.1" 200 908 "-" "fasthttp"
136.243.228.180 - - [14/Apr/2025:12:50:20 -0400] "GET /items/bkuht9/38754?key=classical HTTP/1.1" 500 1245 "-" "Mozilla/5.0 (compatible; DataForSeoBot/1.0; +https://dataforseo.com/dataforseo-bot)"
143.244.186.239 - - [14/Apr/2025:12:50:21 -0400] "GET /wp-includes/rest-api/fields/ HTTP/1.1" 200 1316 "-" "fasthttp"
143.244.186.239 - - [14/Apr/2025:12:50:22 -0400] "GET /wp-includes/images/crystal/ HTTP/1.1" 200 1424 "-" "fasthttp"
107.151.215.143 - - [14/Apr/2025:12:50:22 -0400] "GET /wp-includes/class-wp-block-templates-registry.php HTTP/1.1" 403 1242 "binance.com" "Mozilla/5.0 (Windows NT 10.0; Win64; x64) AppleWebKit/537.36 (KHTML, like Gecko) Chrome/90.0.4430.85 Safari/537.36"
143.244.186.239 - - [14/Apr/2025:12:50:24 -0400] "GET /wp-includes/js/tinymce/themes/ HTTP/1.1" 200 795 "-" "fasthttp"
136.243.228.180 - - [14/Apr/2025:12:50:24 -0400] "GET /items/koynw207/49182?key=grief HTTP/1.1" 500 1245 "-" "Mozilla/5.0 (compatible; DataForSeoBot/1.0; +https://dataforseo.com/dataforseo-bot)"
143.244.186.239 - - [14/Apr/2025:12:50:25 -0400] "GET /wordpress/wp-includes/ HTTP/1.1" 500 1245 "-" "fasthttp"
107.151.215.143 - - [14/Apr/2025:12:50:26 -0400] "GET /wp-includes/class-wp-classic-to-block-menu-converter.php HTTP/1.1" 403 1242 "binance.com" "Mozilla/5.0 (Windows NT 10.0; Win64; x64) AppleWebKit/537.36 (KHTML, like Gecko) Chrome/90.0.4430.85 Safari/537.36"
143.244.186.239 - - [14/Apr/2025:12:50:27 -0400] "GET /wp-includes/images/media/ HTTP/1.1" 200 1511 "-" "fasthttp"
143.244.186.239 - - [14/Apr/2025:12:50:28 -0400] "GET /wp-includes/style-engine/ HTTP/1.1" 200 950 "-" "fasthttp"
107.151.215.143 - - [14/Apr/2025:12:50:29 -0400] "GET /wp-includes/class-wp-dependencies.php HTTP/1.1" 403 1242 "binance.com" "Mozilla/5.0 (Windows NT 10.0; Win64; x64) AppleWebKit/537.36 (KHTML, like Gecko) Chrome/90.0.4430.85 Safari/537.36"
143.244.186.239 - - [14/Apr/2025:12:50:29 -0400] "GET /wp-includes/html-api/ HTTP/1.1" 200 1796 "-" "fasthttp"
198.54.114.83 - - [14/Apr/2025:12:50:29 -0400] "POST /wp-cron.php?doing_wp_cron=1744649429.0982859134674072265625 HTTP/1.1" 403 1242 "-" "WordPress/6.7.2; https://bayrampasaspor.com"
136.243.228.180 - - [14/Apr/2025:12:50:28 -0400] "GET /items/zlvbx55/19902?key=nice HTTP/1.1" 500 1245 "-" "Mozilla/5.0 (compatible; DataForSeoBot/1.0; +https://dataforseo.com/dataforseo-bot)"
143.244.186.239 - - [14/Apr/2025:12:50:30 -0400] "GET /wp-includes/Requests/Utility/ HTTP/1.1" 500 1245 "-" "fasthttp"
107.151.215.143 - - [14/Apr/2025:12:50:31 -0400] "GET /wp-includes/class-wp-duotone.php HTTP/1.1" 403 1242 "binance.com" "Mozilla/5.0 (Windows NT 10.0; Win64; x64) AppleWebKit/537.36 (KHTML, like Gecko) Chrome/90.0.4430.85 Safari/537.36"
136.243.228.180 - - [14/Apr/2025:12:50:32 -0400] "GET /items/qxzsl90/17689?key=regarding HTTP/1.1" 500 1245 "-" "Mozilla/5.0 (compatible; DataForSeoBot/1.0; +https://dataforseo.com/dataforseo-bot)"
143.244.186.239 - - [14/Apr/2025:12:50:32 -0400] "GET /blog/wp-includes/Text/Diff/Renderer/ HTTP/1.1" 500 1245 "-" "fasthttp"
107.151.215.143 - - [14/Apr/2025:12:50:35 -0400] "GET /wp-includes/class-wp-exception.php HTTP/1.1" 403 1242 "binance.com" "Mozilla/5.0 (Windows NT 10.0; Win64; x64) AppleWebKit/537.36 (KHTML, like Gecko) Chrome/90.0.4430.85 Safari/537.36"
143.244.186.239 - - [14/Apr/2025:12:50:35 -0400] "GET /wp-includes/js/plupload/ HTTP/1.1" 200 1409 "-" "fasthttp"
143.244.186.239 - - [14/Apr/2025:12:50:36 -0400] "GET /wp-includes/js/tinymce/ HTTP/1.1" 200 1451 "-" "fasthttp"
107.151.215.143 - - [14/Apr/2025:12:50:36 -0400] "GET /wp-includes/class-wp-http.php HTTP/1.1" 403 1242 "binance.com" "Mozilla/5.0 (Windows NT 10.0; Win64; x64) AppleWebKit/537.36 (KHTML, like Gecko) Chrome/90.0.4430.85 Safari/537.36"
136.243.228.180 - - [14/Apr/2025:12:50:36 -0400] "GET /items/tqkea182/17200?key=setting HTTP/1.1" 500 1245 "-" "Mozilla/5.0 (compatible; DataForSeoBot/1.0; +https://dataforseo.com/dataforseo-bot)"
143.244.186.239 - - [14/Apr/2025:12:50:37 -0400] "GET /wp-includes/js/tinymce/skins/wordpress/ HTTP/1.1" 200 858 "-" "fasthttp"
107.151.215.143 - - [14/Apr/2025:12:50:38 -0400] "GET /wp-includes/class-wp-navigation-fallback.php HTTP/1.1" 403 1242 "binance.com" "Mozilla/5.0 (Windows NT 10.0; Win64; x64) AppleWebKit/537.36 (KHTML, like Gecko) Chrome/90.0.4430.85 Safari/537.36"
143.244.186.239 - - [14/Apr/2025:12:50:39 -0400] "GET /wp-includes/Requests/Proxy/ HTTP/1.1" 500 1245 "-" "fasthttp"
107.151.215.143 - - [14/Apr/2025:12:50:40 -0400] "GET /wp-includes/class-wp-plugin-dependencies.php HTTP/1.1" 403 1242 "binance.com" "Mozilla/5.0 (Windows NT 10.0; Win64; x64) AppleWebKit/537.36 (KHTML, like Gecko) Chrome/90.0.4430.85 Safari/537.36"
136.243.228.180 - - [14/Apr/2025:12:50:40 -0400] "GET /items/fmksw5/14156?key=game HTTP/1.1" 500 1245 "-" "Mozilla/5.0 (compatible; DataForSeoBot/1.0; +https://dataforseo.com/dataforseo-bot)"
143.244.186.239 - - [14/Apr/2025:12:50:41 -0400] "GET /wp-includes/SimplePie/Content/ HTTP/1.1" 500 1245 "-" "fasthttp"
107.151.215.143 - - [14/Apr/2025:12:50:42 -0400] "GET /wp-includes/class-wp-script-modules.php HTTP/1.1" 403 1242 "binance.com" "Mozilla/5.0 (Windows NT 10.0; Win64; x64) AppleWebKit/537.36 (KHTML, like Gecko) Chrome/90.0.4430.85 Safari/537.36"
20.171.207.13 - - [14/Apr/2025:12:50:42 -0400] "GET /items/xnmpe40/27802?key=faith HTTP/1.1" 500 1245 "-" "Mozilla/5.0 AppleWebKit/537.36 (KHTML, like Gecko; compatible; GPTBot/1.2; +https://openai.com/gptbot)"
107.151.215.143 - - [14/Apr/2025:12:50:44 -0400] "GET /wp-includes/class-wp-scripts.php HTTP/1.1" 403 1242 "binance.com" "Mozilla/5.0 (Windows NT 10.0; Win64; x64) AppleWebKit/537.36 (KHTML, like Gecko) Chrome/90.0.4430.85 Safari/537.36"
143.244.186.239 - - [14/Apr/2025:12:50:43 -0400] "GET /wp-includes/Requests/Cookie/ HTTP/1.1" 500 1245 "-" "fasthttp"
136.243.228.180 - - [14/Apr/2025:12:50:43 -0400] "GET /items/vjpjk98/44963?key=actor HTTP/1.1" 500 1245 "-" "Mozilla/5.0 (compatible; DataForSeoBot/1.0; +https://dataforseo.com/dataforseo-bot)"
143.244.186.239 - - [14/Apr/2025:12:50:47 -0400] "GET /wp-content/themes/twenty/ HTTP/1.1" 500 1245 "-" "fasthttp"
107.151.215.143 - - [14/Apr/2025:12:50:48 -0400] "GET /wp-includes/class-wp-styles.php HTTP/1.1" 403 1242 "binance.com" "Mozilla/5.0 (Windows NT 10.0; Win64; x64) AppleWebKit/537.36 (KHTML, like Gecko) Chrome/90.0.4430.85 Safari/537.36"
136.243.228.180 - - [14/Apr/2025:12:50:48 -0400] "GET /items/unvmn91/9588?key=terrific HTTP/1.1" 500 1245 "-" "Mozilla/5.0 (compatible; DataForSeoBot/1.0; +https://dataforseo.com/dataforseo-bot)"
143.244.186.239 - - [14/Apr/2025:12:50:49 -0400] "GET /wp-content/themes/twentytwenty/ HTTP/1.1" 500 1245 "-" "fasthttp"
107.151.215.143 - - [14/Apr/2025:12:50:52 -0400] "GET /wp-includes/class-wp-textdomain-registry.php HTTP/1.1" 403 1242 "binance.com" "Mozilla/5.0 (Windows NT 10.0; Win64; x64) AppleWebKit/537.36 (KHTML, like Gecko) Chrome/90.0.4430.85 Safari/537.36"
143.244.186.239 - - [14/Apr/2025:12:50:51 -0400] "GET /templates/beez3/ HTTP/1.1" 500 1245 "-" "fasthttp"
136.243.228.180 - - [14/Apr/2025:12:50:53 -0400] "GET /items/ewpot283/3251?key=blast HTTP/1.1" 500 1245 "-" "Mozilla/5.0 (compatible; DataForSeoBot/1.0; +https://dataforseo.com/dataforseo-bot)"
143.244.186.239 - - [14/Apr/2025:12:50:54 -0400] "GET /wp-content/themes/finley/ HTTP/1.1" 500 1245 "-" "fasthttp"
107.151.215.143 - - [14/Apr/2025:12:50:55 -0400] "GET /wp-includes/class-wp-theme-json-data.php HTTP/1.1" 403 1242 "binance.com" "Mozilla/5.0 (Windows NT 10.0; Win64; x64) AppleWebKit/537.36 (KHTML, like Gecko) Chrome/90.0.4430.85 Safari/537.36"
143.244.186.239 - - [14/Apr/2025:12:50:56 -0400] "GET /images/ HTTP/1.1" 500 1245 "-" "fasthttp"
136.243.228.180 - - [14/Apr/2025:12:50:56 -0400] "GET /items/arsji154/3972?key=friendly HTTP/1.1" 500 1245 "-" "Mozilla/5.0 (compatible; DataForSeoBot/1.0; +https://dataforseo.com/dataforseo-bot)"
143.244.186.239 - - [14/Apr/2025:12:50:59 -0400] "GET /libraries/joomla/ HTTP/1.1" 500 1245 "-" "fasthttp"
107.151.215.143 - - [14/Apr/2025:12:51:00 -0400] "GET /wp-includes/class-wp-theme-json-resolver.php HTTP/1.1" 403 1242 "binance.com" "Mozilla/5.0 (Windows NT 10.0; Win64; x64) AppleWebKit/537.36 (KHTML, like Gecko) Chrome/90.0.4430.85 Safari/537.36"
136.243.228.180 - - [14/Apr/2025:12:51:02 -0400] "GET /items/yrjdy202/2759?key=shout HTTP/1.1" 500 1245 "-" "Mozilla/5.0 (compatible; DataForSeoBot/1.0; +https://dataforseo.com/dataforseo-bot)"
143.244.186.239 - - [14/Apr/2025:12:51:03 -0400] "GET /wp-content/themes/alera/ HTTP/1.1" 500 1245 "-" "fasthttp"
107.151.215.143 - - [14/Apr/2025:12:51:04 -0400] "GET /wp-includes/class-wp-theme-json-schema.php HTTP/1.1" 403 1242 "binance.com" "Mozilla/5.0 (Windows NT 10.0; Win64; x64) AppleWebKit/537.36 (KHTML, like Gecko) Chrome/90.0.4430.85 Safari/537.36"
136.243.228.180 - - [14/Apr/2025:12:51:05 -0400] "GET /items/ppmql6/6125?key=promising HTTP/1.1" 500 1245 "-" "Mozilla/5.0 (compatible; DataForSeoBot/1.0; +https://dataforseo.com/dataforseo-bot)"
143.244.186.239 - - [14/Apr/2025:12:51:05 -0400] "GET /filemanager/ HTTP/1.1" 500 1245 "-" "fasthttp"
143.244.186.239 - - [14/Apr/2025:12:51:06 -0400] "GET /wp-content/themes/travel/ HTTP/1.1" 500 1245 "-" "fasthttp"
107.151.215.143 - - [14/Apr/2025:12:51:09 -0400] "GET /wp-includes/class-wp-theme-json.php HTTP/1.1" 403 1242 "binance.com" "Mozilla/5.0 (Windows NT 10.0; Win64; x64) AppleWebKit/537.36 (KHTML, like Gecko) Chrome/90.0.4430.85 Safari/537.36"
136.243.228.180 - - [14/Apr/2025:12:51:08 -0400] "GET /items/rhqft9/21802?key=segment HTTP/1.1" 500 1245 "-" "Mozilla/5.0 (compatible; DataForSeoBot/1.0; +https://dataforseo.com/dataforseo-bot)"
143.244.186.239 - - [14/Apr/2025:12:51:11 -0400] "GET /wp-content/themes/astra/inc/ HTTP/1.1" 500 1245 "-" "fasthttp"
107.151.215.143 - - [14/Apr/2025:12:51:12 -0400] "GET /wp-includes/class-wp-token-map.php HTTP/1.1" 403 1242 "binance.com" "Mozilla/5.0 (Windows NT 10.0; Win64; x64) AppleWebKit/537.36 (KHTML, like Gecko) Chrome/90.0.4430.85 Safari/537.36"
136.243.228.180 - - [14/Apr/2025:12:51:13 -0400] "GET /items/dxcdx211/45374?key=path HTTP/1.1" 500 1245 "-" "Mozilla/5.0 (compatible; DataForSeoBot/1.0; +https://dataforseo.com/dataforseo-bot)"
143.244.186.239 - - [14/Apr/2025:12:51:13 -0400] "GET /wp-content/themes/travelscape/ HTTP/1.1" 500 1245 "-" "fasthttp"
107.151.215.143 - - [14/Apr/2025:12:51:15 -0400] "GET /wp-includes/class-wpdb.php HTTP/1.1" 403 1242 "binance.com" "Mozilla/5.0 (Windows NT 10.0; Win64; x64) AppleWebKit/537.36 (KHTML, like Gecko) Chrome/90.0.4430.85 Safari/537.36"
143.244.186.239 - - [14/Apr/2025:12:51:16 -0400] "GET /wp-content/themes/intense/ HTTP/1.1" 500 1245 "-" "fasthttp"
107.151.215.143 - - [14/Apr/2025:12:51:18 -0400] "GET /wp-includes/click.php HTTP/1.1" 200 248 "binance.com" "Mozilla/5.0 (Windows NT 10.0; Win64; x64) AppleWebKit/537.36 (KHTML, like Gecko) Chrome/90.0.4430.85 Safari/537.36"
143.244.186.239 - - [14/Apr/2025:12:51:17 -0400] "GET /wp-content/themes/signify/ HTTP/1.1" 500 1245 "-" "fasthttp"
107.151.215.143 - - [14/Apr/2025:12:51:21 -0400] "GET /wp-includes/fonts.php HTTP/1.1" 403 1242 "binance.com" "Mozilla/5.0 (Windows NT 10.0; Win64; x64) AppleWebKit/537.36 (KHTML, like Gecko) Chrome/90.0.4430.85 Safari/537.36"
143.244.186.239 - - [14/Apr/2025:12:51:21 -0400] "GET /templates/atomic/ HTTP/1.1" 500 1245 "-" "fasthttp"
143.244.186.239 - - [14/Apr/2025:12:51:23 -0400] "GET /assets/images/ HTTP/1.1" 500 1245 "-" "fasthttp"
107.151.215.143 - - [14/Apr/2025:12:51:25 -0400] "GET /wp-includes/global-styles-and-settings.php HTTP/1.1" 403 1242 "binance.com" "Mozilla/5.0 (Windows NT 10.0; Win64; x64) AppleWebKit/537.36 (KHTML, like Gecko) Chrome/90.0.4430.85 Safari/537.36"
143.244.186.239 - - [14/Apr/2025:12:51:26 -0400] "GET /wp-content/themes/pridmag/ HTTP/1.1" 500 1245 "-" "fasthttp"
107.151.215.143 - - [14/Apr/2025:12:51:27 -0400] "GET /wp-includes/https-detection.php HTTP/1.1" 403 1242 "binance.com" "Mozilla/5.0 (Windows NT 10.0; Win64; x64) AppleWebKit/537.36 (KHTML, like Gecko) Chrome/90.0.4430.85 Safari/537.36"
143.244.186.239 - - [14/Apr/2025:12:51:27 -0400] "GET /include/ HTTP/1.1" 500 1245 "-" "fasthttp"
143.244.186.239 - - [14/Apr/2025:12:51:29 -0400] "GET /wp-content/uploads/2025/01/ HTTP/1.1" 200 785 "-" "fasthttp"
107.151.215.143 - - [14/Apr/2025:12:51:30 -0400] "GET /wp-includes/https-migration.php HTTP/1.1" 403 1242 "binance.com" "Mozilla/5.0 (Windows NT 10.0; Win64; x64) AppleWebKit/537.36 (KHTML, like Gecko) Chrome/90.0.4430.85 Safari/537.36"
143.244.186.239 - - [14/Apr/2025:12:51:30 -0400] "GET /wp-content/uploads/2024/12/ HTTP/1.1" 200 695 "-" "fasthttp"
143.244.186.239 - - [14/Apr/2025:12:51:33 -0400] "GET /wp-content/uploads/2024/ HTTP/1.1" 200 1399 "-" "fasthttp"
107.151.215.143 - - [14/Apr/2025:12:51:35 -0400] "GET /wp-includes/networks.php HTTP/1.1" 200 248 "binance.com" "Mozilla/5.0 (Windows NT 10.0; Win64; x64) AppleWebKit/537.36 (KHTML, like Gecko) Chrome/90.0.4430.85 Safari/537.36"
143.244.186.239 - - [14/Apr/2025:12:51:37 -0400] "GET /wp-content/uploads/2023/ HTTP/1.1" 200 1437 "-" "fasthttp"
143.244.186.239 - - [14/Apr/2025:12:51:40 -0400] "GET /wp-content/uploads/2025/ HTTP/1.1" 200 855 "-" "fasthttp"
107.151.215.143 - - [14/Apr/2025:12:51:40 -0400] "GET /wp-includes/options.php HTTP/1.1" 200 248 "binance.com" "Mozilla/5.0 (Windows NT 10.0; Win64; x64) AppleWebKit/537.36 (KHTML, like Gecko) Chrome/90.0.4430.85 Safari/537.36"
143.244.186.239 - - [14/Apr/2025:12:51:44 -0400] "GET /templates/beez/ HTTP/1.1" 500 0 "-" "fasthttp"
107.151.215.143 - - [14/Apr/2025:12:51:46 -0400] "GET /wp-includes/plugins.php HTTP/1.1" 200 248 "binance.com" "Mozilla/5.0 (Windows NT 10.0; Win64; x64) AppleWebKit/537.36 (KHTML, like Gecko) Chrome/90.0.4430.85 Safari/537.36"
20.171.207.13 - - [14/Apr/2025:12:51:46 -0400] "GET /items/shqoc241/44078?key=western HTTP/1.1" 500 1245 "-" "Mozilla/5.0 AppleWebKit/537.36 (KHTML, like Gecko; compatible; GPTBot/1.2; +https://openai.com/gptbot)"
143.244.186.239 - - [14/Apr/2025:12:51:48 -0400] "GET /templates/beez/ HTTP/1.1" 500 1245 "-" "fasthttp"
107.151.215.143 - - [14/Apr/2025:12:51:50 -0400] "GET /wp-includes/robots-template.php HTTP/1.1" 403 1242 "binance.com" "Mozilla/5.0 (Windows NT 10.0; Win64; x64) AppleWebKit/537.36 (KHTML, like Gecko) Chrome/90.0.4430.85 Safari/537.36"
143.244.186.239 - - [14/Apr/2025:12:51:50 -0400] "GET /assets/js/ HTTP/1.1" 500 1245 "-" "fasthttp"
143.244.186.239 - - [14/Apr/2025:12:51:53 -0400] "GET /images/1/ HTTP/1.1" 500 1245 "-" "fasthttp"
107.151.215.143 - - [14/Apr/2025:12:51:55 -0400] "GET /wp-includes/script-modules.php HTTP/1.1" 403 1242 "binance.com" "Mozilla/5.0 (Windows NT 10.0; Win64; x64) AppleWebKit/537.36 (KHTML, like Gecko) Chrome/90.0.4430.85 Safari/537.36"
143.244.186.239 - - [14/Apr/2025:12:51:56 -0400] "GET /storage/ HTTP/1.1" 500 1245 "-" "fasthttp"
107.151.215.143 - - [14/Apr/2025:12:51:58 -0400] "GET /wp-includes/style-engine.php HTTP/1.1" 403 1242 "binance.com" "Mozilla/5.0 (Windows NT 10.0; Win64; x64) AppleWebKit/537.36 (KHTML, like Gecko) Chrome/90.0.4430.85 Safari/537.36"
216.244.66.246 - - [14/Apr/2025:12:51:57 -0400] "GET /real-estate-investing-for-beginners/ HTTP/1.1" 200 15474 "-" "Mozilla/5.0 (compatible; DotBot/1.2; +https://opensiteexplorer.org/dotbot; help@moz.com)"
143.244.186.239 - - [14/Apr/2025:12:51:58 -0400] "GET /components/ HTTP/1.1" 500 1245 "-" "fasthttp"
107.151.215.143 - - [14/Apr/2025:12:52:01 -0400] "GET /wp-includes/template-canvas.php HTTP/1.1" 403 1242 "binance.com" "Mozilla/5.0 (Windows NT 10.0; Win64; x64) AppleWebKit/537.36 (KHTML, like Gecko) Chrome/90.0.4430.85 Safari/537.36"
143.244.186.239 - - [14/Apr/2025:12:52:01 -0400] "GET /wp-content/themes/wp-pridmag/ HTTP/1.1" 500 1245 "-" "fasthttp"
143.244.186.239 - - [14/Apr/2025:12:52:03 -0400] "GET /vendor/ HTTP/1.1" 200 0 "-" "fasthttp"
107.151.215.143 - - [14/Apr/2025:12:52:08 -0400] "GET /wp-includes/theme-previews.php HTTP/1.1" 403 1242 "binance.com" "Mozilla/5.0 (Windows NT 10.0; Win64; x64) AppleWebKit/537.36 (KHTML, like Gecko) Chrome/90.0.4430.85 Safari/537.36"
136.243.228.180 - - [14/Apr/2025:12:52:03 -0400] "GET /items/znksk124/45713?key=application HTTP/1.1" 500 1245 "-" "Mozilla/5.0 (compatible; DataForSeoBot/1.0; +https://dataforseo.com/dataforseo-bot)"
143.244.186.239 - - [14/Apr/2025:12:52:07 -0400] "GET /vendor/ HTTP/1.1" 500 1245 "-" "fasthttp"
107.151.215.143 - - [14/Apr/2025:12:52:12 -0400] "GET /wp-includes/theme-templates.php HTTP/1.1" 403 1242 "binance.com" "Mozilla/5.0 (Windows NT 10.0; Win64; x64) AppleWebKit/537.36 (KHTML, like Gecko) Chrome/90.0.4430.85 Safari/537.36"
136.243.228.180 - - [14/Apr/2025:12:52:11 -0400] "GET /items/qshqu126/46780?key=wood HTTP/1.1" 500 1245 "-" "Mozilla/5.0 (compatible; DataForSeoBot/1.0; +https://dataforseo.com/dataforseo-bot)"
143.244.186.239 - - [14/Apr/2025:12:52:12 -0400] "GET /vendor/composer/ HTTP/1.1" 500 1245 "-" "fasthttp"
107.151.215.143 - - [14/Apr/2025:12:52:16 -0400] "GET /wp-includes/wp-log1n.php HTTP/1.1" 200 248 "binance.com" "Mozilla/5.0 (Windows NT 10.0; Win64; x64) AppleWebKit/537.36 (KHTML, like Gecko) Chrome/90.0.4430.85 Safari/537.36"
143.244.186.239 - - [14/Apr/2025:12:52:16 -0400] "GET /modules/ HTTP/1.1" 500 0 "-" "fasthttp"
45.8.17.81 - - [14/Apr/2025:12:52:16 -0400] "GET / HTTP/1.1" 500 1245 "-" "Mozilla/5.0 (Windows NT 10.0; Win64; x64) AppleWebKit/537.36 (KHTML, like Gecko) Chrome/79.0 Safari/537.36"
136.243.228.180 - - [14/Apr/2025:12:52:16 -0400] "GET /items/xiado100/40589?key=unlike HTTP/1.1" 500 1245 "-" "Mozilla/5.0 (compatible; DataForSeoBot/1.0; +https://dataforseo.com/dataforseo-bot)"
107.151.215.143 - - [14/Apr/2025:12:52:20 -0400] "GET /wp-includes/ID3/ HTTP/1.1" 200 1713 "binance.com" "Mozilla/5.0 (Windows NT 10.0; Win64; x64) AppleWebKit/537.36 (KHTML, like Gecko) Chrome/90.0.4430.85 Safari/537.36"
143.244.186.239 - - [14/Apr/2025:12:52:21 -0400] "GET /modules/ HTTP/1.1" 500 1245 "-" "fasthttp"
45.8.17.81 - - [14/Apr/2025:12:52:21 -0400] "GET / HTTP/1.1" 500 1245 "-" "Mozilla/5.0 (Windows NT 10.0; Win64; x64) AppleWebKit/537.36 (KHTML, like Gecko) Chrome/79.0 Safari/537.36"
136.243.228.180 - - [14/Apr/2025:12:52:22 -0400] "GET /items/ipwza275/27007?key=wheat HTTP/1.1" 500 1245 "-" "Mozilla/5.0 (compatible; DataForSeoBot/1.0; +https://dataforseo.com/dataforseo-bot)"
143.244.186.239 - - [14/Apr/2025:12:52:24 -0400] "GET /web/ HTTP/1.1" 500 1245 "-" "fasthttp"
45.8.17.81 - - [14/Apr/2025:12:52:25 -0400] "GET /wp-includes/wlwmanifest.xml HTTP/1.1" 500 1245 "-" "Mozilla/5.0 (Windows NT 10.0; Win64; x64) AppleWebKit/537.36 (KHTML, like Gecko) Chrome/79.0 Safari/537.36"
136.243.228.180 - - [14/Apr/2025:12:52:26 -0400] "GET /items/uuubz150/21215?key=around HTTP/1.1" 500 1245 "-" "Mozilla/5.0 (compatible; DataForSeoBot/1.0; +https://dataforseo.com/dataforseo-bot)"
143.244.186.239 - - [14/Apr/2025:12:52:27 -0400] "GET /gallery/ HTTP/1.1" 500 1245 "-" "fasthttp"
107.151.215.143 - - [14/Apr/2025:12:52:28 -0400] "GET /wp-includes/ID3/ HTTP/1.1" 200 1713 "binance.com" "Mozilla/5.0 (Windows NT 10.0; Win64; x64) AppleWebKit/537.36 (KHTML, like Gecko) Chrome/90.0.4430.85 Safari/537.36"
45.8.17.81 - - [14/Apr/2025:12:52:28 -0400] "GET /?author=1 HTTP/1.1" 301 21 "-" "Mozilla/5.0 (Windows NT 10.0; Win64; x64) AppleWebKit/537.36 (KHTML, like Gecko) Chrome/79.0 Safari/537.36"
136.243.228.180 - - [14/Apr/2025:12:52:30 -0400] "GET /items/zljmg250/44095?key=Asian HTTP/1.1" 500 1245 "-" "Mozilla/5.0 (compatible; DataForSeoBot/1.0; +https://dataforseo.com/dataforseo-bot)"
143.244.186.239 - - [14/Apr/2025:12:52:31 -0400] "GET /docs/ HTTP/1.1" 500 1245 "-" "fasthttp"
45.8.17.81 - - [14/Apr/2025:12:52:31 -0400] "GET /?author=2 HTTP/1.1" 301 21 "-" "Mozilla/5.0 (Windows NT 10.0; Win64; x64) AppleWebKit/537.36 (KHTML, like Gecko) Chrome/79.0 Safari/537.36"
107.151.215.143 - - [14/Apr/2025:12:52:33 -0400] "GET /wp-includes/IXR/ HTTP/1.1" 200 1501 "binance.com" "Mozilla/5.0 (Windows NT 10.0; Win64; x64) AppleWebKit/537.36 (KHTML, like Gecko) Chrome/90.0.4430.85 Safari/537.36"
143.244.186.239 - - [14/Apr/2025:12:52:35 -0400] "GET /administrator/templates/hathor/ HTTP/1.1" 200 0 "-" "fasthttp"
136.243.228.180 - - [14/Apr/2025:12:52:36 -0400] "GET /items/sjgwb95/12194?key=resist HTTP/1.1" 500 1245 "-" "Mozilla/5.0 (compatible; DataForSeoBot/1.0; +https://dataforseo.com/dataforseo-bot)"
45.8.17.81 - - [14/Apr/2025:12:52:36 -0400] "GET /wp-json/wp/v2/users/ HTTP/1.1" 200 2040 "-" "Mozilla/5.0 (Windows NT 10.0; Win64; x64) AppleWebKit/537.36 (KHTML, like Gecko) Chrome/79.0 Safari/537.36"
107.151.215.143 - - [14/Apr/2025:12:52:37 -0400] "GET /wp-includes/IXR/ HTTP/1.1" 200 1501 "binance.com" "Mozilla/5.0 (Windows NT 10.0; Win64; x64) AppleWebKit/537.36 (KHTML, like Gecko) Chrome/90.0.4430.85 Safari/537.36"
143.244.186.239 - - [14/Apr/2025:12:52:38 -0400] "GET /administrator/templates/hathor/ HTTP/1.1" 500 1245 "-" "fasthttp"
45.8.17.81 - - [14/Apr/2025:12:52:39 -0400] "POST /xmlrpc.php HTTP/1.1" 403 1242 "-" "Mozilla/5.0 (Windows NT 10.0; Win64; x64) AppleWebKit/537.36 (KHTML, like Gecko) Chrome/79.0 Safari/537.36"
136.243.228.180 - - [14/Apr/2025:12:52:39 -0400] "GET /items/umuol257/36727?key=gut HTTP/1.1" 500 1245 "-" "Mozilla/5.0 (compatible; DataForSeoBot/1.0; +https://dataforseo.com/dataforseo-bot)"
143.244.186.239 - - [14/Apr/2025:12:52:41 -0400] "GET /templates/system/ HTTP/1.1" 500 1245 "-" "fasthttp"
107.151.215.143 - - [14/Apr/2025:12:52:42 -0400] "GET /wp-includes/PHPMailer/ HTTP/1.1" 200 856 "binance.com" "Mozilla/5.0 (Windows NT 10.0; Win64; x64) AppleWebKit/537.36 (KHTML, like Gecko) Chrome/90.0.4430.85 Safari/537.36"
45.8.17.81 - - [14/Apr/2025:12:52:42 -0400] "POST /xmlrpc.php HTTP/1.1" 403 1242 "-" "Mozilla/5.0 (Windows NT 10.0; Win64; x64) AppleWebKit/537.36 (KHTML, like Gecko) Chrome/79.0 Safari/537.36"
45.8.17.81 - - [14/Apr/2025:12:52:44 -0400] "POST /xmlrpc.php HTTP/1.1" 403 1242 "-" "Mozilla/5.0 (Windows NT 10.0; Win64; x64) AppleWebKit/537.36 (KHTML, like Gecko) Chrome/79.0 Safari/537.36"
143.244.186.239 - - [14/Apr/2025:12:52:43 -0400] "GET /public/ HTTP/1.1" 500 1245 "-" "fasthttp"
136.243.228.180 - - [14/Apr/2025:12:52:43 -0400] "GET /items/zqtgf112/18779?key=romance HTTP/1.1" 500 1245 "-" "Mozilla/5.0 (compatible; DataForSeoBot/1.0; +https://dataforseo.com/dataforseo-bot)"
107.151.215.143 - - [14/Apr/2025:12:52:46 -0400] "GET /wp-includes/PHPMailer/ HTTP/1.1" 200 856 "binance.com" "Mozilla/5.0 (Windows NT 10.0; Win64; x64) AppleWebKit/537.36 (KHTML, like Gecko) Chrome/90.0.4430.85 Safari/537.36"
143.244.186.239 - - [14/Apr/2025:12:52:46 -0400] "GET /templates/ HTTP/1.1" 500 1245 "-" "fasthttp"
136.243.228.180 - - [14/Apr/2025:12:52:48 -0400] "GET /items/svsbb132/33097?key=identity HTTP/1.1" 500 1245 "-" "Mozilla/5.0 (compatible; DataForSeoBot/1.0; +https://dataforseo.com/dataforseo-bot)"
143.244.186.239 - - [14/Apr/2025:12:52:49 -0400] "GET /administrator/ HTTP/1.1" 500 1245 "-" "fasthttp"
20.171.207.13 - - [14/Apr/2025:12:52:50 -0400] "GET /items/ejgcb51/1147?key=orientation HTTP/1.1" 500 1245 "-" "Mozilla/5.0 AppleWebKit/537.36 (KHTML, like Gecko; compatible; GPTBot/1.2; +https://openai.com/gptbot)"
107.151.215.143 - - [14/Apr/2025:12:52:50 -0400] "GET /wp-includes/Text/ HTTP/1.1" 200 885 "binance.com" "Mozilla/5.0 (Windows NT 10.0; Win64; x64) AppleWebKit/537.36 (KHTML, like Gecko) Chrome/90.0.4430.85 Safari/537.36"
136.243.228.180 - - [14/Apr/2025:12:52:52 -0400] "GET /items/zozud44/19725?key=cheap HTTP/1.1" 500 1245 "-" "Mozilla/5.0 (compatible; DataForSeoBot/1.0; +https://dataforseo.com/dataforseo-bot)"
143.244.186.239 - - [14/Apr/2025:12:52:52 -0400] "GET /admin/uploads/ HTTP/1.1" 500 1245 "-" "fasthttp"
107.151.215.143 - - [14/Apr/2025:12:52:56 -0400] "GET /wp-includes/Text/ HTTP/1.1" 200 885 "binance.com" "Mozilla/5.0 (Windows NT 10.0; Win64; x64) AppleWebKit/537.36 (KHTML, like Gecko) Chrome/90.0.4430.85 Safari/537.36"
143.244.186.239 - - [14/Apr/2025:12:52:57 -0400] "GET /wp/img/ HTTP/1.1" 200 0 "-" "fasthttp"
136.243.228.180 - - [14/Apr/2025:12:52:57 -0400] "GET /items/rbqgx206/10288?key=lunch HTTP/1.1" 500 1245 "-" "Mozilla/5.0 (compatible; DataForSeoBot/1.0; +https://dataforseo.com/dataforseo-bot)"
143.244.186.239 - - [14/Apr/2025:12:53:01 -0400] "GET /wp/img/ HTTP/1.1" 500 0 "-" "fasthttp"
107.151.215.143 - - [14/Apr/2025:12:53:01 -0400] "GET /wp-includes/Text/Diff/ HTTP/1.1" 200 873 "binance.com" "Mozilla/5.0 (Windows NT 10.0; Win64; x64) AppleWebKit/537.36 (KHTML, like Gecko) Chrome/90.0.4430.85 Safari/537.36"
136.243.228.180 - - [14/Apr/2025:12:53:03 -0400] "GET /items/mzqgn35/31633?key=fly HTTP/1.1" 500 1245 "-" "Mozilla/5.0 (compatible; DataForSeoBot/1.0; +https://dataforseo.com/dataforseo-bot)"
143.244.186.239 - - [14/Apr/2025:12:53:06 -0400] "GET /wp/img/ HTTP/1.1" 200 0 "-" "fasthttp"
107.151.215.143 - - [14/Apr/2025:12:53:08 -0400] "GET /wp-includes/Text/Diff/ HTTP/1.1" 200 873 "binance.com" "Mozilla/5.0 (Windows NT 10.0; Win64; x64) AppleWebKit/537.36 (KHTML, like Gecko) Chrome/90.0.4430.85 Safari/537.36"
143.244.186.239 - - [14/Apr/2025:12:53:11 -0400] "GET /wp/img/ HTTP/1.1" 200 0 "-" "fasthttp"
136.243.228.180 - - [14/Apr/2025:12:53:11 -0400] "GET /items/cuqkn227/9720?key=equally HTTP/1.1" 500 1245 "-" "Mozilla/5.0 (compatible; DataForSeoBot/1.0; +https://dataforseo.com/dataforseo-bot)"
143.244.186.239 - - [14/Apr/2025:12:53:14 -0400] "GET /wp/img/ HTTP/1.1" 200 0 "-" "fasthttp"
107.151.215.143 - - [14/Apr/2025:12:53:14 -0400] "GET /wp-includes/Text/Diff/Engine/ HTTP/1.1" 200 887 "binance.com" "Mozilla/5.0 (Windows NT 10.0; Win64; x64) AppleWebKit/537.36 (KHTML, like Gecko) Chrome/90.0.4430.85 Safari/537.36"
136.243.228.180 - - [14/Apr/2025:12:53:15 -0400] "GET /items/nwumj167/25312?key=annual HTTP/1.1" 500 1245 "-" "Mozilla/5.0 (compatible; DataForSeoBot/1.0; +https://dataforseo.com/dataforseo-bot)"
143.244.186.239 - - [14/Apr/2025:12:53:18 -0400] "GET /images/news/ HTTP/1.1" 200 0 "-" "fasthttp"
143.244.186.239 - - [14/Apr/2025:12:53:22 -0400] "GET /images/news/ HTTP/1.1" 200 0 "-" "fasthttp"
107.151.215.143 - - [14/Apr/2025:12:53:22 -0400] "GET /wp-includes/Text/Diff/Engine/ HTTP/1.1" 200 887 "binance.com" "Mozilla/5.0 (Windows NT 10.0; Win64; x64) AppleWebKit/537.36 (KHTML, like Gecko) Chrome/90.0.4430.85 Safari/537.36"
136.243.228.180 - - [14/Apr/2025:12:53:23 -0400] "GET /items/owllx3/28081?key=instead HTTP/1.1" 500 1245 "-" "Mozilla/5.0 (compatible; DataForSeoBot/1.0; +https://dataforseo.com/dataforseo-bot)"
143.244.186.239 - - [14/Apr/2025:12:53:26 -0400] "GET /images/news/ HTTP/1.1" 200 0 "-" "fasthttp"
107.151.215.143 - - [14/Apr/2025:12:53:28 -0400] "GET /wp-includes/Text/Diff/Renderer/ HTTP/1.1" 200 790 "binance.com" "Mozilla/5.0 (Windows NT 10.0; Win64; x64) AppleWebKit/537.36 (KHTML, like Gecko) Chrome/90.0.4430.85 Safari/537.36"
143.244.186.239 - - [14/Apr/2025:12:53:28 -0400] "GET /images/news/ HTTP/1.1" 500 1245 "-" "fasthttp"
136.243.228.180 - - [14/Apr/2025:12:53:28 -0400] "GET /items/rrtbm47/24765?key=invisible HTTP/1.1" 500 1245 "-" "Mozilla/5.0 (compatible; DataForSeoBot/1.0; +https://dataforseo.com/dataforseo-bot)"
143.244.186.239 - - [14/Apr/2025:12:53:33 -0400] "GET /wp-content/plugins/core-plugin/ HTTP/1.1" 200 0 "-" "fasthttp"
216.244.66.246 - - [14/Apr/2025:12:53:33 -0400] "GET /les-saris-venkatgiri-dandhra-pradesh/ HTTP/1.1" 200 15474 "-" "Mozilla/5.0 (compatible; DotBot/1.2; +https://opensiteexplorer.org/dotbot; help@moz.com)"
107.151.215.143 - - [14/Apr/2025:12:53:35 -0400] "GET /wp-includes/Text/Diff/Renderer/ HTTP/1.1" 200 790 "binance.com" "Mozilla/5.0 (Windows NT 10.0; Win64; x64) AppleWebKit/537.36 (KHTML, like Gecko) Chrome/90.0.4430.85 Safari/537.36"
136.243.228.180 - - [14/Apr/2025:12:53:35 -0400] "GET /items/hlfxn289/28356?key=destroy HTTP/1.1" 500 1245 "-" "Mozilla/5.0 (compatible; DataForSeoBot/1.0; +https://dataforseo.com/dataforseo-bot)"
143.244.186.239 - - [14/Apr/2025:12:53:36 -0400] "GET /wp-content/plugins/core-plugin/ HTTP/1.1" 500 1245 "-" "fasthttp"
107.151.215.143 - - [14/Apr/2025:12:53:38 -0400] "GET /wp-includes/blocks/ HTTP/1.1" 200 22 "binance.com" "Mozilla/5.0 (Windows NT 10.0; Win64; x64) AppleWebKit/537.36 (KHTML, like Gecko) Chrome/90.0.4430.85 Safari/537.36"
143.244.186.239 - - [14/Apr/2025:12:53:38 -0400] "GET /wp-content/plugins/Cache/ HTTP/1.1" 500 1245 "-" "fasthttp"
136.243.228.180 - - [14/Apr/2025:12:53:38 -0400] "GET /items/zwkhl215/16932?key=episode HTTP/1.1" 500 1245 "-" "Mozilla/5.0 (compatible; DataForSeoBot/1.0; +https://dataforseo.com/dataforseo-bot)"
198.54.114.83 - - [14/Apr/2025:12:53:41 -0400] "POST /wp-cron.php?doing_wp_cron=1744649618.9087369441986083984375 HTTP/1.1" 200 0 "-" "WordPress/6.7.2; https://bayrampasaspor.com"
143.244.186.239 - - [14/Apr/2025:12:53:42 -0400] "GET /wp-content/plugins/ern/ HTTP/1.1" 500 1245 "-" "fasthttp"
107.151.215.143 - - [14/Apr/2025:12:53:42 -0400] "GET /wp-includes/pomo/ HTTP/1.1" 200 1310 "binance.com" "Mozilla/5.0 (Windows NT 10.0; Win64; x64) AppleWebKit/537.36 (KHTML, like Gecko) Chrome/90.0.4430.85 Safari/537.36"
136.243.228.180 - - [14/Apr/2025:12:53:43 -0400] "GET /items/tkaab241/13770?key=wild HTTP/1.1" 500 1245 "-" "Mozilla/5.0 (compatible; DataForSeoBot/1.0; +https://dataforseo.com/dataforseo-bot)"
143.244.186.239 - - [14/Apr/2025:12:53:45 -0400] "GET /wp-content/plugins/wp-daft/ HTTP/1.1" 500 1245 "-" "fasthttp"
107.151.215.143 - - [14/Apr/2025:12:53:46 -0400] "GET /wp-includes/pomo/ HTTP/1.1" 200 1310 "binance.com" "Mozilla/5.0 (Windows NT 10.0; Win64; x64) AppleWebKit/537.36 (KHTML, like Gecko) Chrome/90.0.4430.85 Safari/537.36"
136.243.228.180 - - [14/Apr/2025:12:53:47 -0400] "GET /items/tmhsy183/36787?key=her HTTP/1.1" 500 1245 "-" "Mozilla/5.0 (compatible; DataForSeoBot/1.0; +https://dataforseo.com/dataforseo-bot)"
143.244.186.239 - - [14/Apr/2025:12:53:47 -0400] "GET /wp-content/plugins/apikey/ HTTP/1.1" 500 1245 "-" "fasthttp"
107.151.215.143 - - [14/Apr/2025:12:53:50 -0400] "GET /wp-includes/sitemaps/ HTTP/1.1" 200 1368 "binance.com" "Mozilla/5.0 (Windows NT 10.0; Win64; x64) AppleWebKit/537.36 (KHTML, like Gecko) Chrome/90.0.4430.85 Safari/537.36"
143.244.186.239 - - [14/Apr/2025:12:53:51 -0400] "GET /wp-content/plugins/seoplugins/ HTTP/1.1" 500 1245 "-" "fasthttp"
136.243.228.180 - - [14/Apr/2025:12:53:52 -0400] "GET /items/yxfuu90/4330?key=radar HTTP/1.1" 500 1245 "-" "Mozilla/5.0 (compatible; DataForSeoBot/1.0; +https://dataforseo.com/dataforseo-bot)"
143.244.186.239 - - [14/Apr/2025:12:53:53 -0400] "GET /wp-content/plugins/background-image-cropper/ HTTP/1.1" 500 1245 "-" "fasthttp"
20.171.207.13 - - [14/Apr/2025:12:53:54 -0400] "GET /items/jyqgy8/29468?key=reservation HTTP/1.1" 500 1245 "-" "Mozilla/5.0 AppleWebKit/537.36 (KHTML, like Gecko; compatible; GPTBot/1.2; +https://openai.com/gptbot)"
107.151.215.143 - - [14/Apr/2025:12:53:54 -0400] "GET /wp-includes/sitemaps/ HTTP/1.1" 200 1368 "binance.com" "Mozilla/5.0 (Windows NT 10.0; Win64; x64) AppleWebKit/537.36 (KHTML, like Gecko) Chrome/90.0.4430.85 Safari/537.36"
143.244.186.239 - - [14/Apr/2025:12:53:55 -0400] "GET /wp-content/plugins/seoo/ HTTP/1.1" 500 1245 "-" "fasthttp"
136.243.228.180 - - [14/Apr/2025:12:53:55 -0400] "GET /items/pfyxn29/29424?key=event HTTP/1.1" 500 1245 "-" "Mozilla/5.0 (compatible; DataForSeoBot/1.0; +https://dataforseo.com/dataforseo-bot)"
107.151.215.143 - - [14/Apr/2025:12:53:58 -0400] "GET /wp-includes/sitemaps/providers/ HTTP/1.1" 200 956 "binance.com" "Mozilla/5.0 (Windows NT 10.0; Win64; x64) AppleWebKit/537.36 (KHTML, like Gecko) Chrome/90.0.4430.85 Safari/537.36"
143.244.186.239 - - [14/Apr/2025:12:53:58 -0400] "GET /wp-content/plugins/envato-market/inc/ HTTP/1.1" 500 1245 "-" "fasthttp"
143.244.186.239 - - [14/Apr/2025:12:54:00 -0400] "GET /wp-content/plugins/ubh/ HTTP/1.1" 500 1245 "-" "fasthttp"
107.151.215.143 - - [14/Apr/2025:12:54:02 -0400] "GET /wp-includes/sitemaps/providers/ HTTP/1.1" 200 956 "binance.com" "Mozilla/5.0 (Windows NT 10.0; Win64; x64) AppleWebKit/537.36 (KHTML, like Gecko) Chrome/90.0.4430.85 Safari/537.36"
136.243.228.180 - - [14/Apr/2025:12:54:01 -0400] "GET /items/bhtxs259/47094?key=fellow HTTP/1.1" 500 1245 "-" "Mozilla/5.0 (compatible; DataForSeoBot/1.0; +https://dataforseo.com/dataforseo-bot)"
143.244.186.239 - - [14/Apr/2025:12:54:02 -0400] "GET /wp-content/plugins/ioptimization/ HTTP/1.1" 500 1245 "-" "fasthttp"
107.151.215.143 - - [14/Apr/2025:12:54:05 -0400] "GET /wp-includes/widgets/ HTTP/1.1" 200 1871 "binance.com" "Mozilla/5.0 (Windows NT 10.0; Win64; x64) AppleWebKit/537.36 (KHTML, like Gecko) Chrome/90.0.4430.85 Safari/537.36"
143.244.186.239 - - [14/Apr/2025:12:54:06 -0400] "GET /wp-content/plugins/ioptimization/ HTTP/1.1" 500 1245 "-" "fasthttp"
136.243.228.180 - - [14/Apr/2025:12:54:07 -0400] "GET /items/rxbpa281/10432?key=vary HTTP/1.1" 500 1245 "-" "Mozilla/5.0 (compatible; DataForSeoBot/1.0; +https://dataforseo.com/dataforseo-bot)"
107.151.215.143 - - [14/Apr/2025:12:54:08 -0400] "GET /wp-includes/widgets/ HTTP/1.1" 200 1871 "binance.com" "Mozilla/5.0 (Windows NT 10.0; Win64; x64) AppleWebKit/537.36 (KHTML, like Gecko) Chrome/90.0.4430.85 Safari/537.36"
143.244.186.239 - - [14/Apr/2025:12:54:09 -0400] "GET /wp-content/plugins/stats/ HTTP/1.1" 500 1245 "-" "fasthttp"
107.151.215.143 - - [14/Apr/2025:12:54:11 -0400] "GET /wp-includes/widgets/class-wp-widget-block.php HTTP/1.1" 403 1242 "binance.com" "Mozilla/5.0 (Windows NT 10.0; Win64; x64) AppleWebKit/537.36 (KHTML, like Gecko) Chrome/90.0.4430.85 Safari/537.36"
136.243.228.180 - - [14/Apr/2025:12:54:11 -0400] "GET /items/feivh8/40082?key=sock HTTP/1.1" 500 1245 "-" "Mozilla/5.0 (compatible; DataForSeoBot/1.0; +https://dataforseo.com/dataforseo-bot)"
143.244.186.239 - - [14/Apr/2025:12:54:11 -0400] "GET /wp-content/plugins/linkpreview/ HTTP/1.1" 500 1245 "-" "fasthttp"
107.151.215.143 - - [14/Apr/2025:12:54:15 -0400] "GET /wp-includes/css/ HTTP/1.1" 200 2370 "binance.com" "Mozilla/5.0 (Windows NT 10.0; Win64; x64) AppleWebKit/537.36 (KHTML, like Gecko) Chrome/90.0.4430.85 Safari/537.36"
143.244.186.239 - - [14/Apr/2025:12:54:15 -0400] "GET /wp-content/plugins/press/ HTTP/1.1" 500 1245 "-" "fasthttp"
136.243.228.180 - - [14/Apr/2025:12:54:16 -0400] "GET /items/ubryf247/6970?key=chairman HTTP/1.1" 500 1245 "-" "Mozilla/5.0 (compatible; DataForSeoBot/1.0; +https://dataforseo.com/dataforseo-bot)"
143.244.186.239 - - [14/Apr/2025:12:54:18 -0400] "GET /wp-content/plugins/hellopress/ HTTP/1.1" 500 1245 "-" "fasthttp"
107.151.215.143 - - [14/Apr/2025:12:54:19 -0400] "GET /wp-includes/css/dist/ HTTP/1.1" 200 1371 "binance.com" "Mozilla/5.0 (Windows NT 10.0; Win64; x64) AppleWebKit/537.36 (KHTML, like Gecko) Chrome/90.0.4430.85 Safari/537.36"
136.243.228.180 - - [14/Apr/2025:12:54:19 -0400] "GET /items/ktxiu14/15323?key=hers HTTP/1.1" 500 1245 "-" "Mozilla/5.0 (compatible; DataForSeoBot/1.0; +https://dataforseo.com/dataforseo-bot)"
143.244.186.239 - - [14/Apr/2025:12:54:20 -0400] "GET /wp-content/plugins/ango/ HTTP/1.1" 500 1245 "-" "fasthttp"
136.243.228.180 - - [14/Apr/2025:12:54:23 -0400] "GET /items/dzkfs47/11352?key=million HTTP/1.1" 500 1245 "-" "Mozilla/5.0 (compatible; DataForSeoBot/1.0; +https://dataforseo.com/dataforseo-bot)"
107.151.215.143 - - [14/Apr/2025:12:54:23 -0400] "GET /wp-includes/fonts/ HTTP/1.1" 200 1491 "binance.com" "Mozilla/5.0 (Windows NT 10.0; Win64; x64) AppleWebKit/537.36 (KHTML, like Gecko) Chrome/90.0.4430.85 Safari/537.36"
143.244.186.239 - - [14/Apr/2025:12:54:23 -0400] "GET /wp-content/plugins/easybusy/ HTTP/1.1" 500 1245 "-" "fasthttp"
143.244.186.239 - - [14/Apr/2025:12:54:24 -0400] "GET /wp-content/plugins/upspy/ HTTP/1.1" 500 1245 "-" "fasthttp"
143.244.186.239 - - [14/Apr/2025:12:54:26 -0400] "GET /wp-content/plugins/akismet/views/ HTTP/1.1" 500 1245 "-" "fasthttp"
107.151.215.143 - - [14/Apr/2025:12:54:27 -0400] "GET /wp-includes/fonts/ HTTP/1.1" 200 1491 "binance.com" "Mozilla/5.0 (Windows NT 10.0; Win64; x64) AppleWebKit/537.36 (KHTML, like Gecko) Chrome/90.0.4430.85 Safari/537.36"
136.243.228.180 - - [14/Apr/2025:12:54:27 -0400] "GET /items/yiwbw219/1304?key=vacuum HTTP/1.1" 500 1245 "-" "Mozilla/5.0 (compatible; DataForSeoBot/1.0; +https://dataforseo.com/dataforseo-bot)"
143.244.186.239 - - [14/Apr/2025:12:54:28 -0400] "GET /wp-includes/js/tinymce/skins/lightgray/fonts/ HTTP/1.1" 200 1358 "-" "fasthttp"
143.244.186.239 - - [14/Apr/2025:12:54:29 -0400] "GET /wp-includes/js/tinymce/skins/lightgray/img/ HTTP/1.1" 200 874 "-" "fasthttp"
136.243.228.180 - - [14/Apr/2025:12:54:29 -0400] "GET /items/ajcvg233/12701?key=sweater HTTP/1.1" 500 1245 "-" "Mozilla/5.0 (compatible; DataForSeoBot/1.0; +https://dataforseo.com/dataforseo-bot)"
107.151.215.143 - - [14/Apr/2025:12:54:31 -0400] "GET /wp-includes/fonts/class-wp-font-collection.php HTTP/1.1" 403 1242 "binance.com" "Mozilla/5.0 (Windows NT 10.0; Win64; x64) AppleWebKit/537.36 (KHTML, like Gecko) Chrome/90.0.4430.85 Safari/537.36"
143.244.186.239 - - [14/Apr/2025:12:54:31 -0400] "GET /wp-includes/blocks/table/int/tmpl/ HTTP/1.1" 500 1245 "-" "fasthttp"
143.244.186.239 - - [14/Apr/2025:12:54:33 -0400] "GET /wp-content/themes/digital-download/ HTTP/1.1" 500 1245 "-" "fasthttp"
107.151.215.143 - - [14/Apr/2025:12:54:33 -0400] "GET /wp-includes/fonts/class-wp-font-face-resolver.php HTTP/1.1" 403 1242 "binance.com" "Mozilla/5.0 (Windows NT 10.0; Win64; x64) AppleWebKit/537.36 (KHTML, like Gecko) Chrome/90.0.4430.85 Safari/537.36"
136.243.228.180 - - [14/Apr/2025:12:54:33 -0400] "GET /items/gxkzu262/39123?key=college HTTP/1.1" 500 1245 "-" "Mozilla/5.0 (compatible; DataForSeoBot/1.0; +https://dataforseo.com/dataforseo-bot)"
143.244.186.239 - - [14/Apr/2025:12:54:35 -0400] "GET /cache/ HTTP/1.1" 301 21 "-" "fasthttp"
107.151.215.143 - - [14/Apr/2025:12:54:36 -0400] "GET /wp-includes/fonts/class-wp-font-face.php HTTP/1.1" 403 1242 "binance.com" "Mozilla/5.0 (Windows NT 10.0; Win64; x64) AppleWebKit/537.36 (KHTML, like Gecko) Chrome/90.0.4430.85 Safari/537.36"
143.244.186.239 - - [14/Apr/2025:12:54:37 -0400] "GET /wp-includes/ID3/wp-includes/IXR/ HTTP/1.1" 500 1245 "-" "fasthttp"
107.151.215.143 - - [14/Apr/2025:12:54:38 -0400] "GET /wp-includes/fonts/class-wp-font-library.php HTTP/1.1" 403 1242 "binance.com" "Mozilla/5.0 (Windows NT 10.0; Win64; x64) AppleWebKit/537.36 (KHTML, like Gecko) Chrome/90.0.4430.85 Safari/537.36"
143.244.186.239 - - [14/Apr/2025:12:54:38 -0400] "GET /about/ HTTP/1.1" 301 21 "-" "fasthttp"
136.243.228.180 - - [14/Apr/2025:12:54:38 -0400] "GET /items/lzqoz138/22922?key=ghost HTTP/1.1" 500 1245 "-" "Mozilla/5.0 (compatible; DataForSeoBot/1.0; +https://dataforseo.com/dataforseo-bot)"
143.244.186.239 - - [14/Apr/2025:12:54:40 -0400] "GET /assets/assets/ HTTP/1.1" 500 1245 "-" "fasthttp"
107.151.215.143 - - [14/Apr/2025:12:54:42 -0400] "GET /wp-includes/fonts/class-wp-font-utils.php HTTP/1.1" 403 1242 "binance.com" "Mozilla/5.0 (Windows NT 10.0; Win64; x64) AppleWebKit/537.36 (KHTML, like Gecko) Chrome/90.0.4430.85 Safari/537.36"
136.243.228.180 - - [14/Apr/2025:12:54:42 -0400] "GET /items/npftv97/26091?key=manual HTTP/1.1" 500 1245 "-" "Mozilla/5.0 (compatible; DataForSeoBot/1.0; +https://dataforseo.com/dataforseo-bot)"
143.244.186.239 - - [14/Apr/2025:12:54:42 -0400] "GET /libraries/legacy/ HTTP/1.1" 500 1245 "-" "fasthttp"
143.244.186.239 - - [14/Apr/2025:12:54:44 -0400] "GET /libraries/vendor/ HTTP/1.1" 500 1245 "-" "fasthttp"
107.151.215.143 - - [14/Apr/2025:12:54:47 -0400] "GET /wp-includes/images/ HTTP/1.1" 200 2026 "binance.com" "Mozilla/5.0 (Windows NT 10.0; Win64; x64) AppleWebKit/537.36 (KHTML, like Gecko) Chrome/90.0.4430.85 Safari/537.36"
136.243.228.180 - - [14/Apr/2025:12:54:47 -0400] "GET /items/jzpdw54/22070?key=bell HTTP/1.1" 500 1245 "-" "Mozilla/5.0 (compatible; DataForSeoBot/1.0; +https://dataforseo.com/dataforseo-bot)"
143.244.186.239 - - [14/Apr/2025:12:54:48 -0400] "GET /wp-includes/blocks/avatar/ HTTP/1.1" 200 1328 "-" "fasthttp"
143.244.186.239 - - [14/Apr/2025:12:54:48 -0400] "GET /wp-content/plugins/wp-theme-editor/ HTTP/1.1" 500 1245 "-" "fasthttp"
107.151.215.143 - - [14/Apr/2025:12:54:48 -0400] "GET /wp-includes/images/crystal/ HTTP/1.1" 200 1424 "binance.com" "Mozilla/5.0 (Windows NT 10.0; Win64; x64) AppleWebKit/537.36 (KHTML, like Gecko) Chrome/90.0.4430.85 Safari/537.36"
143.244.186.239 - - [14/Apr/2025:12:54:50 -0400] "GET /admin/images/ HTTP/1.1" 500 1245 "-" "fasthttp"
136.243.228.180 - - [14/Apr/2025:12:54:51 -0400] "GET /items/juzro27/8731?key=bit HTTP/1.1" 500 1245 "-" "Mozilla/5.0 (compatible; DataForSeoBot/1.0; +https://dataforseo.com/dataforseo-bot)"
107.151.215.143 - - [14/Apr/2025:12:54:52 -0400] "GET /wp-includes/images/media/ HTTP/1.1" 200 1511 "binance.com" "Mozilla/5.0 (Windows NT 10.0; Win64; x64) AppleWebKit/537.36 (KHTML, like Gecko) Chrome/90.0.4430.85 Safari/537.36"
143.244.186.239 - - [14/Apr/2025:12:54:52 -0400] "GET /wp-content/plugins/shell/ HTTP/1.1" 500 1245 "-" "fasthttp"
136.243.228.180 - - [14/Apr/2025:12:54:54 -0400] "GET /items/weehg189/26729?key=representation HTTP/1.1" 500 1245 "-" "Mozilla/5.0 (compatible; DataForSeoBot/1.0; +https://dataforseo.com/dataforseo-bot)"
143.244.186.239 - - [14/Apr/2025:12:54:53 -0400] "GET /wp-content/themes/twentytwentytwo/ HTTP/1.1" 500 1245 "-" "fasthttp"
107.151.215.143 - - [14/Apr/2025:12:54:56 -0400] "GET /wp-includes/images/smilies/ HTTP/1.1" 200 1689 "binance.com" "Mozilla/5.0 (Windows NT 10.0; Win64; x64) AppleWebKit/537.36 (KHTML, like Gecko) Chrome/90.0.4430.85 Safari/537.36"
143.244.186.239 - - [14/Apr/2025:12:54:56 -0400] "GET /wp-content/languages/themes/ HTTP/1.1" 500 1245 "-" "fasthttp"
143.244.186.239 - - [14/Apr/2025:12:54:58 -0400] "GET /wordpress/wp-includes/IXR/ HTTP/1.1" 500 1245 "-" "fasthttp"
136.243.228.180 - - [14/Apr/2025:12:54:58 -0400] "GET /items/jvjwq7/37553?key=tobacco HTTP/1.1" 500 1245 "-" "Mozilla/5.0 (compatible; DataForSeoBot/1.0; +https://dataforseo.com/dataforseo-bot)"
107.151.215.143 - - [14/Apr/2025:12:54:58 -0400] "GET /wp-includes/images/wlw/ HTTP/1.1" 500 1245 "binance.com" "Mozilla/5.0 (Windows NT 10.0; Win64; x64) AppleWebKit/537.36 (KHTML, like Gecko) Chrome/90.0.4430.85 Safari/537.36"
20.171.207.13 - - [14/Apr/2025:12:54:58 -0400] "GET /items/hjpqk146/10886?key=offender HTTP/1.1" 500 1245 "-" "Mozilla/5.0 AppleWebKit/537.36 (KHTML, like Gecko; compatible; GPTBot/1.2; +https://openai.com/gptbot)"
143.244.186.239 - - [14/Apr/2025:12:54:59 -0400] "GET /wp-content/plugins/pwnd/ HTTP/1.1" 500 1245 "-" "fasthttp"
107.151.215.143 - - [14/Apr/2025:12:55:02 -0400] "GET /wp-includes/js/%20 HTTP/1.1" 301 21 "binance.com" "Mozilla/5.0 (Windows NT 10.0; Win64; x64) AppleWebKit/537.36 (KHTML, like Gecko) Chrome/90.0.4430.85 Safari/537.36"
143.244.186.239 - - [14/Apr/2025:12:55:02 -0400] "GET /templates/rhuk_milkyway/ HTTP/1.1" 500 1245 "-" "fasthttp"
136.243.228.180 - - [14/Apr/2025:12:55:03 -0400] "GET /items/aouyy271/27203?key=coup HTTP/1.1" 500 1245 "-" "Mozilla/5.0 (compatible; DataForSeoBot/1.0; +https://dataforseo.com/dataforseo-bot)"
107.151.215.143 - - [14/Apr/2025:12:55:05 -0400] "GET /wp-includes/js/ HTTP/1.1" 200 4798 "binance.com" "Mozilla/5.0 (Windows NT 10.0; Win64; x64) AppleWebKit/537.36 (KHTML, like Gecko) Chrome/90.0.4430.85 Safari/537.36"
143.244.186.239 - - [14/Apr/2025:12:55:05 -0400] "GET /wp-content/plugins/disable-media/ HTTP/1.1" 500 1245 "-" "fasthttp"
136.243.228.180 - - [14/Apr/2025:12:55:07 -0400] "GET /items/cabdz70/30357?key=priority HTTP/1.1" 500 1245 "-" "Mozilla/5.0 (compatible; DataForSeoBot/1.0; +https://dataforseo.com/dataforseo-bot)"
143.244.186.239 - - [14/Apr/2025:12:55:07 -0400] "GET /wp-content/plugins/html404/ HTTP/1.1" 500 1245 "-" "fasthttp"
107.151.215.143 - - [14/Apr/2025:12:55:09 -0400] "GET /wp-includes/js/codemirror/ HTTP/1.1" 200 1359 "binance.com" "Mozilla/5.0 (Windows NT 10.0; Win64; x64) AppleWebKit/537.36 (KHTML, like Gecko) Chrome/90.0.4430.85 Safari/537.36"
143.244.186.239 - - [14/Apr/2025:12:55:10 -0400] "GET /wp-content/plugins/content-management/ HTTP/1.1" 500 1245 "-" "fasthttp"
136.243.228.180 - - [14/Apr/2025:12:55:11 -0400] "GET /items/mloru299/37487?key=stability HTTP/1.1" 500 1245 "-" "Mozilla/5.0 (compatible; DataForSeoBot/1.0; +https://dataforseo.com/dataforseo-bot)"
107.151.215.143 - - [14/Apr/2025:12:55:13 -0400] "GET /wp-includes/js/plupload/ HTTP/1.1" 200 1409 "binance.com" "Mozilla/5.0 (Windows NT 10.0; Win64; x64) AppleWebKit/537.36 (KHTML, like Gecko) Chrome/90.0.4430.85 Safari/537.36"
143.244.186.239 - - [14/Apr/2025:12:55:13 -0400] "GET /wp-content/plugins/wp-catcher/ HTTP/1.1" 500 1245 "-" "fasthttp"
216.244.66.246 - - [14/Apr/2025:12:55:13 -0400] "GET /unraveling-the-veil-of-privacy-the-bitcoin-mixer-phenomenon/ HTTP/1.1" 200 15478 "-" "Mozilla/5.0 (compatible; DotBot/1.2; +https://opensiteexplorer.org/dotbot; help@moz.com)"
136.243.228.180 - - [14/Apr/2025:12:55:15 -0400] "GET /items/wrjgf2/33519?key=trainer HTTP/1.1" 500 1245 "-" "Mozilla/5.0 (compatible; DataForSeoBot/1.0; +https://dataforseo.com/dataforseo-bot)"
143.244.186.239 - - [14/Apr/2025:12:55:17 -0400] "GET /wp-content/themes/evita/ HTTP/1.1" 500 1245 "-" "fasthttp"
107.151.215.143 - - [14/Apr/2025:12:55:17 -0400] "GET /.well-known/ HTTP/1.1" 500 1245 "binance.com" "Mozilla/5.0 (Windows NT 10.0; Win64; x64) AppleWebKit/537.36 (KHTML, like Gecko) Chrome/90.0.4430.85 Safari/537.36"
143.244.186.239 - - [14/Apr/2025:12:55:20 -0400] "GET /wp-content/themes/calmly/ HTTP/1.1" 500 1245 "-" "fasthttp"
136.243.228.180 - - [14/Apr/2025:12:55:21 -0400] "GET /items/ncgux108/38417?key=secure HTTP/1.1" 500 1245 "-" "Mozilla/5.0 (compatible; DataForSeoBot/1.0; +https://dataforseo.com/dataforseo-bot)"
143.244.186.239 - - [14/Apr/2025:12:55:22 -0400] "GET /wp-content/cache/ HTTP/1.1" 301 21 "-" "fasthttp"
136.243.228.180 - - [14/Apr/2025:12:55:24 -0400] "GET /items/gowjp190/348?key=point HTTP/1.1" 500 1245 "-" "Mozilla/5.0 (compatible; DataForSeoBot/1.0; +https://dataforseo.com/dataforseo-bot)"
143.244.186.239 - - [14/Apr/2025:12:55:24 -0400] "GET /general/cache/ HTTP/1.1" 301 21 "-" "fasthttp"
143.244.186.239 - - [14/Apr/2025:12:55:26 -0400] "GET /sozorp/cache/ HTTP/1.1" 301 21 "-" "fasthttp"
136.243.228.180 - - [14/Apr/2025:12:55:28 -0400] "GET /items/qgnri72/22478?key=article HTTP/1.1" 500 1245 "-" "Mozilla/5.0 (compatible; DataForSeoBot/1.0; +https://dataforseo.com/dataforseo-bot)"
143.244.186.239 - - [14/Apr/2025:12:55:28 -0400] "GET /wp-includes/dir/ HTTP/1.1" 301 21 "-" "fasthttp"
143.244.186.239 - - [14/Apr/2025:12:55:30 -0400] "GET /libraries/phpmailer/ HTTP/1.1" 500 1245 "-" "fasthttp"
136.243.228.180 - - [14/Apr/2025:12:55:32 -0400] "GET /items/mvtxo228/30288?key=cruise HTTP/1.1" 500 1245 "-" "Mozilla/5.0 (compatible; DataForSeoBot/1.0; +https://dataforseo.com/dataforseo-bot)"
143.244.186.239 - - [14/Apr/2025:12:55:32 -0400] "GET /wp-content/banners/ HTTP/1.1" 500 1245 "-" "fasthttp"
143.244.186.239 - - [14/Apr/2025:12:55:35 -0400] "GET /wp-content/gallery/ HTTP/1.1" 500 1245 "-" "fasthttp"
136.243.228.180 - - [14/Apr/2025:12:55:35 -0400] "GET /items/txgli109/19169?key=with HTTP/1.1" 500 1245 "-" "Mozilla/5.0 (compatible; DataForSeoBot/1.0; +https://dataforseo.com/dataforseo-bot)"
143.244.186.239 - - [14/Apr/2025:12:55:36 -0400] "GET /wp-content/themes/twentytwentytwo/assets/fonts/ HTTP/1.1" 500 1245 "-" "fasthttp"
143.244.186.239 - - [14/Apr/2025:12:55:39 -0400] "GET /wp-includes/js/tinymce/themes/inlite/ HTTP/1.1" 200 823 "-" "fasthttp"
136.243.228.180 - - [14/Apr/2025:12:55:39 -0400] "GET /items/dxzna256/23103?key=involve HTTP/1.1" 500 1245 "-" "Mozilla/5.0 (compatible; DataForSeoBot/1.0; +https://dataforseo.com/dataforseo-bot)"
143.244.186.239 - - [14/Apr/2025:12:55:40 -0400] "GET /moodle/user/ HTTP/1.1" 500 1245 "-" "fasthttp"
143.244.186.239 - - [14/Apr/2025:12:55:42 -0400] "GET /wp-content/plugins/masterslider/ HTTP/1.1" 500 1245 "-" "fasthttp"
136.243.228.180 - - [14/Apr/2025:12:55:43 -0400] "GET /items/yrjwr221/24915?key=silent HTTP/1.1" 500 1245 "-" "Mozilla/5.0 (compatible; DataForSeoBot/1.0; +https://dataforseo.com/dataforseo-bot)"
2a11:5784:4ae5:476b:86d7:6f03:aa3c:3d60 - - [14/Apr/2025:12:55:42 -0400] "GET /analyzing-the-casino-solution-distribution/ HTTP/1.1" 200 15499 "http://bayrampasaspor.com/analyzing-the-casino-solution-distribution/" "Mozilla/5.0 (Windows NT 10.0; Win64; x64) AppleWebKit/537.36 (KHTML, like Gecko) Chrome/131.0.0.0 Safari/537.36 Avast/131.0.0.0"
143.244.186.239 - - [14/Apr/2025:12:55:44 -0400] "GET /upload/files/ HTTP/1.1" 500 1245 "-" "fasthttp"
