65.21.113.206 - - [14/Apr/2025:06:40:31 -0400] "GET /search.php?items/zksbs195/2711?key=heal HTTP/1.1" 200 108977 "-" "Mozilla/5.0 (compatible; AwarioBot/1.0; +https://awario.com/bots.html)"
136.243.228.180 - - [14/Apr/2025:06:40:32 -0400] "GET /items/bynzq68/4854?key=courtroom HTTP/1.1" 500 1245 "-" "Mozilla/5.0 (compatible; DataForSeoBot/1.0; +https://dataforseo.com/dataforseo-bot)"
136.243.228.180 - - [14/Apr/2025:06:40:39 -0400] "GET /items/ektyd73/22502?key=nor HTTP/1.1" 500 1245 "-" "Mozilla/5.0 (compatible; DataForSeoBot/1.0; +https://dataforseo.com/dataforseo-bot)"
65.21.113.206 - - [14/Apr/2025:06:40:38 -0400] "GET /search.php?items/zkusb122/3480?key=Congress HTTP/1.1" 200 108648 "-" "Mozilla/5.0 (compatible; AwarioBot/1.0; +https://awario.com/bots.html)"
136.243.228.180 - - [14/Apr/2025:06:40:43 -0400] "GET /items/tbxzz99/42503?key=wipe HTTP/1.1" 500 1245 "-" "Mozilla/5.0 (compatible; DataForSeoBot/1.0; +https://dataforseo.com/dataforseo-bot)"
136.243.228.180 - - [14/Apr/2025:06:40:48 -0400] "GET /items/jimhs79/17662?key=differently HTTP/1.1" 500 1245 "-" "Mozilla/5.0 (compatible; DataForSeoBot/1.0; +https://dataforseo.com/dataforseo-bot)"
65.21.113.206 - - [14/Apr/2025:06:40:48 -0400] "GET /search.php?items/zkwsh42/10030?key=sofa HTTP/1.1" 200 108581 "-" "Mozilla/5.0 (compatible; AwarioBot/1.0; +https://awario.com/bots.html)"
20.171.207.13 - - [14/Apr/2025:06:40:52 -0400] "GET /items/gbjpn214/22819?key=admit HTTP/1.1" 500 1245 "-" "Mozilla/5.0 AppleWebKit/537.36 (KHTML, like Gecko; compatible; GPTBot/1.2; +https://openai.com/gptbot)"
136.243.228.180 - - [14/Apr/2025:06:40:53 -0400] "GET /items/kqbdh60/5143?key=politically HTTP/1.1" 500 1245 "-" "Mozilla/5.0 (compatible; DataForSeoBot/1.0; +https://dataforseo.com/dataforseo-bot)"
136.243.228.180 - - [14/Apr/2025:06:40:55 -0400] "GET /items/botgc184/36189?key=burn HTTP/1.1" 500 1245 "-" "Mozilla/5.0 (compatible; DataForSeoBot/1.0; +https://dataforseo.com/dataforseo-bot)"
65.21.113.206 - - [14/Apr/2025:06:40:55 -0400] "GET /search.php?items/zkxbi71/21163?key=equip HTTP/1.1" 200 109117 "-" "Mozilla/5.0 (compatible; AwarioBot/1.0; +https://awario.com/bots.html)"
136.243.228.180 - - [14/Apr/2025:06:40:59 -0400] "GET /items/pgfyl46/18834?key=flying HTTP/1.1" 500 1245 "-" "Mozilla/5.0 (compatible; DataForSeoBot/1.0; +https://dataforseo.com/dataforseo-bot)"
136.243.228.180 - - [14/Apr/2025:06:41:03 -0400] "GET /items/vpwkn39/26760?key=front HTTP/1.1" 500 1245 "-" "Mozilla/5.0 (compatible; DataForSeoBot/1.0; +https://dataforseo.com/dataforseo-bot)"
65.21.113.206 - - [14/Apr/2025:06:41:04 -0400] "GET /search.php?items/zlbno15/15889?key=train HTTP/1.1" 200 107834 "-" "Mozilla/5.0 (compatible; AwarioBot/1.0; +https://awario.com/bots.html)"
136.243.228.180 - - [14/Apr/2025:06:41:06 -0400] "GET /items/dfyar176/4596?key=equal HTTP/1.1" 500 1245 "-" "Mozilla/5.0 (compatible; DataForSeoBot/1.0; +https://dataforseo.com/dataforseo-bot)"
136.243.228.180 - - [14/Apr/2025:06:41:11 -0400] "GET /items/pxcii154/36251?key=criminal HTTP/1.1" 500 1245 "-" "Mozilla/5.0 (compatible; DataForSeoBot/1.0; +https://dataforseo.com/dataforseo-bot)"
65.21.113.206 - - [14/Apr/2025:06:41:12 -0400] "GET /search.php?items/zlbno53/15851?key=claim HTTP/1.1" 200 108879 "-" "Mozilla/5.0 (compatible; AwarioBot/1.0; +https://awario.com/bots.html)"
136.243.228.180 - - [14/Apr/2025:06:41:15 -0400] "GET /items/lplly18/44798?key=actually HTTP/1.1" 500 1245 "-" "Mozilla/5.0 (compatible; DataForSeoBot/1.0; +https://dataforseo.com/dataforseo-bot)"
136.243.228.180 - - [14/Apr/2025:06:41:22 -0400] "GET /items/xirup84/11026?key=shall HTTP/1.1" 500 1245 "-" "Mozilla/5.0 (compatible; DataForSeoBot/1.0; +https://dataforseo.com/dataforseo-bot)"
65.21.113.206 - - [14/Apr/2025:06:41:23 -0400] "GET /search.php?items/zlbno9/15895?key=historical HTTP/1.1" 200 109052 "-" "Mozilla/5.0 (compatible; AwarioBot/1.0; +https://awario.com/bots.html)"
136.243.228.180 - - [14/Apr/2025:06:41:27 -0400] "GET /items/eeuts2/18854?key=soldier HTTP/1.1" 500 1245 "-" "Mozilla/5.0 (compatible; DataForSeoBot/1.0; +https://dataforseo.com/dataforseo-bot)"
136.243.228.180 - - [14/Apr/2025:06:41:32 -0400] "GET /items/yzbng172/19455?key=cookie HTTP/1.1" 500 1245 "-" "Mozilla/5.0 (compatible; DataForSeoBot/1.0; +https://dataforseo.com/dataforseo-bot)"
65.21.113.206 - - [14/Apr/2025:06:41:32 -0400] "GET /search.php?items/zluyl208/44264?key=conversion HTTP/1.1" 200 108837 "-" "Mozilla/5.0 (compatible; AwarioBot/1.0; +https://awario.com/bots.html)"
136.243.228.180 - - [14/Apr/2025:06:41:38 -0400] "GET /items/uwqbz128/22765?key=grip HTTP/1.1" 500 1245 "-" "Mozilla/5.0 (compatible; DataForSeoBot/1.0; +https://dataforseo.com/dataforseo-bot)"
65.21.113.206 - - [14/Apr/2025:06:41:40 -0400] "GET /search.php?items/zlwmm221/10711?key=loyal HTTP/1.1" 200 110374 "-" "Mozilla/5.0 (compatible; AwarioBot/1.0; +https://awario.com/bots.html)"
136.243.228.180 - - [14/Apr/2025:06:41:44 -0400] "GET /items/klpiu197/3076?key=virtue HTTP/1.1" 500 1245 "-" "Mozilla/5.0 (compatible; DataForSeoBot/1.0; +https://dataforseo.com/dataforseo-bot)"
136.243.228.180 - - [14/Apr/2025:06:41:48 -0400] "GET /items/qqmfs5/49044?key=tourism HTTP/1.1" 500 1245 "-" "Mozilla/5.0 (compatible; DataForSeoBot/1.0; +https://dataforseo.com/dataforseo-bot)"
65.21.113.206 - - [14/Apr/2025:06:41:49 -0400] "GET /search.php?items/zlxvr202/10180?key=moral HTTP/1.1" 200 108575 "-" "Mozilla/5.0 (compatible; AwarioBot/1.0; +https://awario.com/bots.html)"
136.243.228.180 - - [14/Apr/2025:06:41:52 -0400] "GET /items/rxddz177/23747?key=notebook HTTP/1.1" 500 1245 "-" "Mozilla/5.0 (compatible; DataForSeoBot/1.0; +https://dataforseo.com/dataforseo-bot)"
20.171.207.13 - - [14/Apr/2025:06:41:53 -0400] "GET /items/hueau281/18147?key=friend HTTP/1.1" 500 1245 "-" "Mozilla/5.0 AppleWebKit/537.36 (KHTML, like Gecko; compatible; GPTBot/1.2; +https://openai.com/gptbot)"
65.21.113.206 - - [14/Apr/2025:06:41:55 -0400] "GET /search.php?items/zlzrg188/17260?key=trainer HTTP/1.1" 200 109419 "-" "Mozilla/5.0 (compatible; AwarioBot/1.0; +https://awario.com/bots.html)"
136.243.228.180 - - [14/Apr/2025:06:41:56 -0400] "GET /items/jcxmo245/27279?key=currently HTTP/1.1" 500 1245 "-" "Mozilla/5.0 (compatible; DataForSeoBot/1.0; +https://dataforseo.com/dataforseo-bot)"
136.243.228.180 - - [14/Apr/2025:06:42:00 -0400] "GET /items/grdvb171/25375?key=sister HTTP/1.1" 500 1245 "-" "Mozilla/5.0 (compatible; DataForSeoBot/1.0; +https://dataforseo.com/dataforseo-bot)"
65.21.113.206 - - [14/Apr/2025:06:42:03 -0400] "GET /search.php?items/zmaet274/10920?key=rescue HTTP/1.1" 200 110719 "-" "Mozilla/5.0 (compatible; AwarioBot/1.0; +https://awario.com/bots.html)"
136.243.228.180 - - [14/Apr/2025:06:42:05 -0400] "GET /items/lveob179/22041?key=sheep HTTP/1.1" 500 1245 "-" "Mozilla/5.0 (compatible; DataForSeoBot/1.0; +https://dataforseo.com/dataforseo-bot)"
136.243.228.180 - - [14/Apr/2025:06:42:08 -0400] "GET /items/vldfr222/39743?key=beneath HTTP/1.1" 500 1245 "-" "Mozilla/5.0 (compatible; DataForSeoBot/1.0; +https://dataforseo.com/dataforseo-bot)"
65.21.113.206 - - [14/Apr/2025:06:42:11 -0400] "GET /search.php?items/zmfsk155/30015?key=complete HTTP/1.1" 200 108734 "-" "Mozilla/5.0 (compatible; AwarioBot/1.0; +https://awario.com/bots.html)"
136.243.228.180 - - [14/Apr/2025:06:42:13 -0400] "GET /items/yucej235/24016?key=box HTTP/1.1" 500 1245 "-" "Mozilla/5.0 (compatible; DataForSeoBot/1.0; +https://dataforseo.com/dataforseo-bot)"
65.21.113.206 - - [14/Apr/2025:06:42:18 -0400] "GET /search.php?items/zmgiz264/35240?key=molecule HTTP/1.1" 200 109214 "-" "Mozilla/5.0 (compatible; AwarioBot/1.0; +https://awario.com/bots.html)"
65.21.113.206 - - [14/Apr/2025:06:42:25 -0400] "GET /search.php?items/zmjcz242/32546?key=marketing HTTP/1.1" 200 109924 "-" "Mozilla/5.0 (compatible; AwarioBot/1.0; +https://awario.com/bots.html)"
65.21.113.206 - - [14/Apr/2025:06:42:31 -0400] "GET /search.php?items/zmoun188/22448?key=easy HTTP/1.1" 200 110554 "-" "Mozilla/5.0 (compatible; AwarioBot/1.0; +https://awario.com/bots.html)"
65.21.113.206 - - [14/Apr/2025:06:42:39 -0400] "GET /search.php?items/zndyb90/11106?key=effectively HTTP/1.1" 200 109502 "-" "Mozilla/5.0 (compatible; AwarioBot/1.0; +https://awario.com/bots.html)"
65.21.113.206 - - [14/Apr/2025:06:42:44 -0400] "GET /search.php?items/zneqc228/25374?key=key HTTP/1.1" 200 109121 "-" "Mozilla/5.0 (compatible; AwarioBot/1.0; +https://awario.com/bots.html)"
65.21.113.206 - - [14/Apr/2025:06:42:50 -0400] "GET /search.php?items/znipn235/27309?key=diet HTTP/1.1" 200 108286 "-" "Mozilla/5.0 (compatible; AwarioBot/1.0; +https://awario.com/bots.html)"
65.21.113.206 - - [14/Apr/2025:06:42:55 -0400] "GET /search.php?items/znkhl133/46871?key=personality HTTP/1.1" 200 108085 "-" "Mozilla/5.0 (compatible; AwarioBot/1.0; +https://awario.com/bots.html)"
20.171.207.13 - - [14/Apr/2025:06:42:56 -0400] "GET /items/rtebq156/27471?key=glove HTTP/1.1" 500 1245 "-" "Mozilla/5.0 AppleWebKit/537.36 (KHTML, like Gecko; compatible; GPTBot/1.2; +https://openai.com/gptbot)"
65.21.113.206 - - [14/Apr/2025:06:43:00 -0400] "GET /search.php?items/znllp283/7979?key=jail HTTP/1.1" 200 110586 "-" "Mozilla/5.0 (compatible; AwarioBot/1.0; +https://awario.com/bots.html)"
136.243.228.180 - - [14/Apr/2025:06:43:04 -0400] "GET /items/zasvz55/19937?key=wind HTTP/1.1" 500 1245 "-" "Mozilla/5.0 (compatible; DataForSeoBot/1.0; +https://dataforseo.com/dataforseo-bot)"
65.21.113.206 - - [14/Apr/2025:06:43:07 -0400] "GET /search.php?items/zntqr137/23071?key=requirement HTTP/1.1" 200 109051 "-" "Mozilla/5.0 (compatible; AwarioBot/1.0; +https://awario.com/bots.html)"
136.243.228.180 - - [14/Apr/2025:06:43:08 -0400] "GET /items/agddx110/38776?key=harsh HTTP/1.1" 500 1245 "-" "Mozilla/5.0 (compatible; DataForSeoBot/1.0; +https://dataforseo.com/dataforseo-bot)"
65.21.113.206 - - [14/Apr/2025:06:43:12 -0400] "GET /search.php?items/znyep288/9822?key=south HTTP/1.1" 200 108522 "-" "Mozilla/5.0 (compatible; AwarioBot/1.0; +https://awario.com/bots.html)"
136.243.228.180 - - [14/Apr/2025:06:43:13 -0400] "GET /items/fsswi62/29995?key=economist HTTP/1.1" 500 1245 "-" "Mozilla/5.0 (compatible; DataForSeoBot/1.0; +https://dataforseo.com/dataforseo-bot)"
216.244.66.246 - - [14/Apr/2025:06:43:15 -0400] "GET /robots.txt HTTP/1.1" 304 0 "-" "Mozilla/5.0 (compatible; DotBot/1.2; +https://opensiteexplorer.org/dotbot; help@moz.com)"
136.243.228.180 - - [14/Apr/2025:06:43:17 -0400] "GET /items/wwidn94/38885?key=backyard HTTP/1.1" 500 1245 "-" "Mozilla/5.0 (compatible; DataForSeoBot/1.0; +https://dataforseo.com/dataforseo-bot)"
65.21.113.206 - - [14/Apr/2025:06:43:17 -0400] "GET /search.php?items/zoaci62/22208?key=slow HTTP/1.1" 200 108704 "-" "Mozilla/5.0 (compatible; AwarioBot/1.0; +https://awario.com/bots.html)"
136.243.228.180 - - [14/Apr/2025:06:43:20 -0400] "GET /items/aozxk51/9627?key=level HTTP/1.1" 500 1245 "-" "Mozilla/5.0 (compatible; DataForSeoBot/1.0; +https://dataforseo.com/dataforseo-bot)"
65.21.113.206 - - [14/Apr/2025:06:43:23 -0400] "GET /search.php?items/zonpu105/15919?key=prevent HTTP/1.1" 200 110257 "-" "Mozilla/5.0 (compatible; AwarioBot/1.0; +https://awario.com/bots.html)"
136.243.228.180 - - [14/Apr/2025:06:43:24 -0400] "GET /items/faqzx241/26579?key=market HTTP/1.1" 500 1245 "-" "Mozilla/5.0 (compatible; DataForSeoBot/1.0; +https://dataforseo.com/dataforseo-bot)"
136.243.228.180 - - [14/Apr/2025:06:43:30 -0400] "GET /items/webaj51/5282?key=hi HTTP/1.1" 500 1245 "-" "Mozilla/5.0 (compatible; DataForSeoBot/1.0; +https://dataforseo.com/dataforseo-bot)"
65.21.113.206 - - [14/Apr/2025:06:43:31 -0400] "GET /search.php?items/zovfp179/12661?key=crucial HTTP/1.1" 200 109940 "-" "Mozilla/5.0 (compatible; AwarioBot/1.0; +https://awario.com/bots.html)"
136.243.228.180 - - [14/Apr/2025:06:43:32 -0400] "GET /items/bdcuu7/40341?key=safely HTTP/1.1" 500 1245 "-" "Mozilla/5.0 (compatible; DataForSeoBot/1.0; +https://dataforseo.com/dataforseo-bot)"
136.243.228.180 - - [14/Apr/2025:06:43:37 -0400] "GET /items/hxemo51/43725?key=coordinate HTTP/1.1" 500 1245 "-" "Mozilla/5.0 (compatible; DataForSeoBot/1.0; +https://dataforseo.com/dataforseo-bot)"
65.21.113.206 - - [14/Apr/2025:06:43:36 -0400] "GET /search.php?items/zovnc21/17791?key=drinking HTTP/1.1" 200 109301 "-" "Mozilla/5.0 (compatible; AwarioBot/1.0; +https://awario.com/bots.html)"
136.243.228.180 - - [14/Apr/2025:06:43:41 -0400] "GET /items/swrwc82/39783?key=calendar HTTP/1.1" 500 1245 "-" "Mozilla/5.0 (compatible; DataForSeoBot/1.0; +https://dataforseo.com/dataforseo-bot)"
65.21.113.206 - - [14/Apr/2025:06:43:41 -0400] "GET /search.php?items/zoxjp39/37409?key=fool HTTP/1.1" 200 109647 "-" "Mozilla/5.0 (compatible; AwarioBot/1.0; +https://awario.com/bots.html)"
136.243.228.180 - - [14/Apr/2025:06:43:46 -0400] "GET /items/ldhii176/11102?key=cholesterol HTTP/1.1" 500 1245 "-" "Mozilla/5.0 (compatible; DataForSeoBot/1.0; +https://dataforseo.com/dataforseo-bot)"
65.21.113.206 - - [14/Apr/2025:06:43:47 -0400] "GET /search.php?items/zpjrp295/43711?key=known HTTP/1.1" 200 109324 "-" "Mozilla/5.0 (compatible; AwarioBot/1.0; +https://awario.com/bots.html)"
136.243.228.180 - - [14/Apr/2025:06:43:49 -0400] "GET /items/cbhpd217/21027?key=shuttle HTTP/1.1" 500 1245 "-" "Mozilla/5.0 (compatible; DataForSeoBot/1.0; +https://dataforseo.com/dataforseo-bot)"
198.54.114.83 - - [14/Apr/2025:06:43:52 -0400] "POST /wp-cron.php?doing_wp_cron=1744627430.3455998897552490234375 HTTP/1.1" 200 0 "-" "WordPress/6.7.2; https://bayrampasaspor.com"
136.243.228.180 - - [14/Apr/2025:06:43:53 -0400] "GET /items/mnpkc271/13393?key=haul HTTP/1.1" 500 1245 "-" "Mozilla/5.0 (compatible; DataForSeoBot/1.0; +https://dataforseo.com/dataforseo-bot)"
65.21.113.206 - - [14/Apr/2025:06:43:53 -0400] "GET /search.php?items/zpksy18/39664?key=flat HTTP/1.1" 200 109004 "-" "Mozilla/5.0 (compatible; AwarioBot/1.0; +https://awario.com/bots.html)"
136.243.228.180 - - [14/Apr/2025:06:43:58 -0400] "GET /items/derat248/20893?key=highly HTTP/1.1" 500 1245 "-" "Mozilla/5.0 (compatible; DataForSeoBot/1.0; +https://dataforseo.com/dataforseo-bot)"
20.171.207.13 - - [14/Apr/2025:06:44:00 -0400] "GET /items/knwtf180/46373?key=regret HTTP/1.1" 500 1245 "-" "Mozilla/5.0 AppleWebKit/537.36 (KHTML, like Gecko; compatible; GPTBot/1.2; +https://openai.com/gptbot)"
65.21.113.206 - - [14/Apr/2025:06:44:00 -0400] "GET /search.php?items/zpllf104/37536?key=unknown HTTP/1.1" 200 109590 "-" "Mozilla/5.0 (compatible; AwarioBot/1.0; +https://awario.com/bots.html)"
136.243.228.180 - - [14/Apr/2025:06:44:02 -0400] "GET /items/ftkla203/19603?key=risk HTTP/1.1" 500 1245 "-" "Mozilla/5.0 (compatible; DataForSeoBot/1.0; +https://dataforseo.com/dataforseo-bot)"
136.243.228.180 - - [14/Apr/2025:06:44:05 -0400] "GET /items/octjz291/36076?key=allegation HTTP/1.1" 500 1245 "-" "Mozilla/5.0 (compatible; DataForSeoBot/1.0; +https://dataforseo.com/dataforseo-bot)"
65.21.113.206 - - [14/Apr/2025:06:44:08 -0400] "GET /search.php?items/zpmjj263/2423?key=carbohydrate HTTP/1.1" 200 108946 "-" "Mozilla/5.0 (compatible; AwarioBot/1.0; +https://awario.com/bots.html)"
136.243.228.180 - - [14/Apr/2025:06:44:09 -0400] "GET /items/chwlh47/41370?key=hole HTTP/1.1" 500 1245 "-" "Mozilla/5.0 (compatible; DataForSeoBot/1.0; +https://dataforseo.com/dataforseo-bot)"
136.243.228.180 - - [14/Apr/2025:06:44:14 -0400] "GET /items/wzfbw213/39612?key=truly HTTP/1.1" 500 1245 "-" "Mozilla/5.0 (compatible; DataForSeoBot/1.0; +https://dataforseo.com/dataforseo-bot)"
65.21.113.206 - - [14/Apr/2025:06:44:15 -0400] "GET /search.php?items/zpznr204/34392?key=wild HTTP/1.1" 200 109653 "-" "Mozilla/5.0 (compatible; AwarioBot/1.0; +https://awario.com/bots.html)"
136.243.228.180 - - [14/Apr/2025:06:44:18 -0400] "GET /items/xibbx34/26630?key=decent HTTP/1.1" 500 1245 "-" "Mozilla/5.0 (compatible; DataForSeoBot/1.0; +https://dataforseo.com/dataforseo-bot)"
136.243.228.180 - - [14/Apr/2025:06:44:21 -0400] "GET /items/buvig52/29469?key=historically HTTP/1.1" 500 1245 "-" "Mozilla/5.0 (compatible; DataForSeoBot/1.0; +https://dataforseo.com/dataforseo-bot)"
65.21.113.206 - - [14/Apr/2025:06:44:21 -0400] "GET /search.php?items/zqbfy25/38003?key=earn HTTP/1.1" 200 109120 "-" "Mozilla/5.0 (compatible; AwarioBot/1.0; +https://awario.com/bots.html)"
136.243.228.180 - - [14/Apr/2025:06:44:26 -0400] "GET /items/vyubk298/18749?key=cash HTTP/1.1" 500 1245 "-" "Mozilla/5.0 (compatible; DataForSeoBot/1.0; +https://dataforseo.com/dataforseo-bot)"
65.21.113.206 - - [14/Apr/2025:06:44:28 -0400] "GET /search.php?items/zqcfv98/8312?key=operating HTTP/1.1" 200 108552 "-" "Mozilla/5.0 (compatible; AwarioBot/1.0; +https://awario.com/bots.html)"
136.243.228.180 - - [14/Apr/2025:06:44:29 -0400] "GET /items/rauxi23/5308?key=fleet HTTP/1.1" 500 1245 "-" "Mozilla/5.0 (compatible; DataForSeoBot/1.0; +https://dataforseo.com/dataforseo-bot)"
136.243.228.180 - - [14/Apr/2025:06:44:35 -0400] "GET /items/ejhbd271/5279?key=whose HTTP/1.1" 500 1245 "-" "Mozilla/5.0 (compatible; DataForSeoBot/1.0; +https://dataforseo.com/dataforseo-bot)"
65.21.113.206 - - [14/Apr/2025:06:44:36 -0400] "GET /search.php?items/zqidu197/28111?key=entertainment HTTP/1.1" 200 109612 "-" "Mozilla/5.0 (compatible; AwarioBot/1.0; +https://awario.com/bots.html)"
136.243.228.180 - - [14/Apr/2025:06:44:39 -0400] "GET /items/sglya267/23489?key=enforcement HTTP/1.1" 500 1245 "-" "Mozilla/5.0 (compatible; DataForSeoBot/1.0; +https://dataforseo.com/dataforseo-bot)"
136.243.228.180 - - [14/Apr/2025:06:44:41 -0400] "GET /items/ceald127/22711?key=diagnosis HTTP/1.1" 500 1245 "-" "Mozilla/5.0 (compatible; DataForSeoBot/1.0; +https://dataforseo.com/dataforseo-bot)"
65.21.113.206 - - [14/Apr/2025:06:44:42 -0400] "GET /search.php?items/zqiqd128/3584?key=coordinator HTTP/1.1" 200 110419 "-" "Mozilla/5.0 (compatible; AwarioBot/1.0; +https://awario.com/bots.html)"
136.243.228.180 - - [14/Apr/2025:06:44:46 -0400] "GET /items/wqqjs137/32091?key=instructor HTTP/1.1" 500 1245 "-" "Mozilla/5.0 (compatible; DataForSeoBot/1.0; +https://dataforseo.com/dataforseo-bot)"
65.21.113.206 - - [14/Apr/2025:06:44:50 -0400] "GET /search.php?items/zqqcq64/13030?key=honest HTTP/1.1" 200 110000 "-" "Mozilla/5.0 (compatible; AwarioBot/1.0; +https://awario.com/bots.html)"
136.243.228.180 - - [14/Apr/2025:06:44:51 -0400] "GET /items/ejyay18/35629?key=enroll HTTP/1.1" 500 1245 "-" "Mozilla/5.0 (compatible; DataForSeoBot/1.0; +https://dataforseo.com/dataforseo-bot)"
198.54.114.83 - - [14/Apr/2025:06:44:53 -0400] "POST /wp-cron.php?doing_wp_cron=1744627491.4520490169525146484375 HTTP/1.1" 200 0 "-" "WordPress/6.7.2; https://bayrampasaspor.com"
136.243.228.180 - - [14/Apr/2025:06:44:56 -0400] "GET /items/vywfa110/18451?key=sail HTTP/1.1" 500 1245 "-" "Mozilla/5.0 (compatible; DataForSeoBot/1.0; +https://dataforseo.com/dataforseo-bot)"
65.21.113.206 - - [14/Apr/2025:06:44:56 -0400] "GET /search.php?items/zrtuf265/39877?key=shooting HTTP/1.1" 200 108465 "-" "Mozilla/5.0 (compatible; AwarioBot/1.0; +https://awario.com/bots.html)"
136.243.228.180 - - [14/Apr/2025:06:44:58 -0400] "GET /items/cxayy183/39456?key=suddenly HTTP/1.1" 500 1245 "-" "Mozilla/5.0 (compatible; DataForSeoBot/1.0; +https://dataforseo.com/dataforseo-bot)"
136.243.228.180 - - [14/Apr/2025:06:45:06 -0400] "GET /items/fwyjh73/39178?key=beat HTTP/1.1" 500 1245 "-" "Mozilla/5.0 (compatible; DataForSeoBot/1.0; +https://dataforseo.com/dataforseo-bot)"
65.21.113.206 - - [14/Apr/2025:06:45:06 -0400] "GET /search.php?items/zrvvv150/10008?key=density HTTP/1.1" 200 108700 "-" "Mozilla/5.0 (compatible; AwarioBot/1.0; +https://awario.com/bots.html)"
20.171.207.13 - - [14/Apr/2025:06:45:07 -0400] "GET /items/hnqag246/37537?key=steer HTTP/1.1" 500 1245 "-" "Mozilla/5.0 AppleWebKit/537.36 (KHTML, like Gecko; compatible; GPTBot/1.2; +https://openai.com/gptbot)"
136.243.228.180 - - [14/Apr/2025:06:45:12 -0400] "GET /items/hrorb136/26583?key=event HTTP/1.1" 500 1245 "-" "Mozilla/5.0 (compatible; DataForSeoBot/1.0; +https://dataforseo.com/dataforseo-bot)"
65.21.113.206 - - [14/Apr/2025:06:45:13 -0400] "GET /search.php?items/zrxqt119/10943?key=supermarket HTTP/1.1" 200 108882 "-" "Mozilla/5.0 (compatible; AwarioBot/1.0; +https://awario.com/bots.html)"
136.243.228.180 - - [14/Apr/2025:06:45:16 -0400] "GET /items/jgpdb97/26127?key=withdraw HTTP/1.1" 500 1245 "-" "Mozilla/5.0 (compatible; DataForSeoBot/1.0; +https://dataforseo.com/dataforseo-bot)"
136.243.228.180 - - [14/Apr/2025:06:45:20 -0400] "GET /items/fjfcw86/28727?key=pose HTTP/1.1" 500 1245 "-" "Mozilla/5.0 (compatible; DataForSeoBot/1.0; +https://dataforseo.com/dataforseo-bot)"
65.21.113.206 - - [14/Apr/2025:06:45:21 -0400] "GET /search.php?items/zseie101/311?key=upset HTTP/1.1" 200 109794 "-" "Mozilla/5.0 (compatible; AwarioBot/1.0; +https://awario.com/bots.html)"
136.243.228.180 - - [14/Apr/2025:06:45:24 -0400] "GET /items/xulnw272/2230?key=intense HTTP/1.1" 500 1245 "-" "Mozilla/5.0 (compatible; DataForSeoBot/1.0; +https://dataforseo.com/dataforseo-bot)"
136.243.228.180 - - [14/Apr/2025:06:45:30 -0400] "GET /items/utllu188/33931?key=specify HTTP/1.1" 500 1245 "-" "Mozilla/5.0 (compatible; DataForSeoBot/1.0; +https://dataforseo.com/dataforseo-bot)"
65.21.113.206 - - [14/Apr/2025:06:45:30 -0400] "GET /search.php?items/zsohd240/5924?key=vessel HTTP/1.1" 200 109390 "-" "Mozilla/5.0 (compatible; AwarioBot/1.0; +https://awario.com/bots.html)"
136.243.228.180 - - [14/Apr/2025:06:45:32 -0400] "GET /items/vmswk3/36927?key=spending HTTP/1.1" 500 1245 "-" "Mozilla/5.0 (compatible; DataForSeoBot/1.0; +https://dataforseo.com/dataforseo-bot)"
136.243.228.180 - - [14/Apr/2025:06:45:37 -0400] "GET /items/fvvnh276/34450?key=necessity HTTP/1.1" 500 1245 "-" "Mozilla/5.0 (compatible; DataForSeoBot/1.0; +https://dataforseo.com/dataforseo-bot)"
65.21.113.206 - - [14/Apr/2025:06:45:38 -0400] "GET /search.php?items/zsxoz183/5267?key=pen HTTP/1.1" 200 108887 "-" "Mozilla/5.0 (compatible; AwarioBot/1.0; +https://awario.com/bots.html)"
136.243.228.180 - - [14/Apr/2025:06:45:41 -0400] "GET /items/cuizu233/28681?key=donor HTTP/1.1" 500 1245 "-" "Mozilla/5.0 (compatible; DataForSeoBot/1.0; +https://dataforseo.com/dataforseo-bot)"
136.243.228.180 - - [14/Apr/2025:06:45:45 -0400] "GET /items/qnumj42/1100?key=cancer HTTP/1.1" 500 1245 "-" "Mozilla/5.0 (compatible; DataForSeoBot/1.0; +https://dataforseo.com/dataforseo-bot)"
65.21.113.206 - - [14/Apr/2025:06:45:45 -0400] "GET /search.php?items/zsxoz269/5181?key=monitor HTTP/1.1" 200 109247 "-" "Mozilla/5.0 (compatible; AwarioBot/1.0; +https://awario.com/bots.html)"
136.243.228.180 - - [14/Apr/2025:06:45:51 -0400] "GET /items/rjbod79/45904?key=Olympics HTTP/1.1" 500 1245 "-" "Mozilla/5.0 (compatible; DataForSeoBot/1.0; +https://dataforseo.com/dataforseo-bot)"
65.21.113.206 - - [14/Apr/2025:06:45:52 -0400] "GET /search.php?items/zsyoz59/40221?key=hard HTTP/1.1" 200 109504 "-" "Mozilla/5.0 (compatible; AwarioBot/1.0; +https://awario.com/bots.html)"
136.243.228.180 - - [14/Apr/2025:06:45:54 -0400] "GET /items/zqymo32/32349?key=spit HTTP/1.1" 500 1245 "-" "Mozilla/5.0 (compatible; DataForSeoBot/1.0; +https://dataforseo.com/dataforseo-bot)"
136.243.228.180 - - [14/Apr/2025:06:45:59 -0400] "GET /items/vgmla1/12152?key=category HTTP/1.1" 500 1245 "-" "Mozilla/5.0 (compatible; DataForSeoBot/1.0; +https://dataforseo.com/dataforseo-bot)"
65.21.113.206 - - [14/Apr/2025:06:45:59 -0400] "GET /search.php?items/ztfot60/28004?key=ambition HTTP/1.1" 200 108557 "-" "Mozilla/5.0 (compatible; AwarioBot/1.0; +https://awario.com/bots.html)"
136.243.228.180 - - [14/Apr/2025:06:46:03 -0400] "GET /items/wvyua94/49205?key=command HTTP/1.1" 500 1245 "-" "Mozilla/5.0 (compatible; DataForSeoBot/1.0; +https://dataforseo.com/dataforseo-bot)"
65.21.113.206 - - [14/Apr/2025:06:46:07 -0400] "GET /search.php?items/ztlwc12/6262?key=mathematics HTTP/1.1" 200 109809 "-" "Mozilla/5.0 (compatible; AwarioBot/1.0; +https://awario.com/bots.html)"
136.243.228.180 - - [14/Apr/2025:06:46:08 -0400] "GET /items/ibvmb42/47041?key=none HTTP/1.1" 500 1245 "-" "Mozilla/5.0 (compatible; DataForSeoBot/1.0; +https://dataforseo.com/dataforseo-bot)"
20.171.207.13 - - [14/Apr/2025:06:46:12 -0400] "GET /items/mfqaf71/3197?key=leg HTTP/1.1" 500 1245 "-" "Mozilla/5.0 AppleWebKit/537.36 (KHTML, like Gecko; compatible; GPTBot/1.2; +https://openai.com/gptbot)"
136.243.228.180 - - [14/Apr/2025:06:46:13 -0400] "GET /items/ehbrt81/41384?key=high HTTP/1.1" 500 1245 "-" "Mozilla/5.0 (compatible; DataForSeoBot/1.0; +https://dataforseo.com/dataforseo-bot)"
65.21.113.206 - - [14/Apr/2025:06:46:15 -0400] "GET /search.php?items/ztnsn12/39850?key=title HTTP/1.1" 200 110587 "-" "Mozilla/5.0 (compatible; AwarioBot/1.0; +https://awario.com/bots.html)"
136.243.228.180 - - [14/Apr/2025:06:46:17 -0400] "GET /items/prqdq198/38062?key=tune HTTP/1.1" 500 1245 "-" "Mozilla/5.0 (compatible; DataForSeoBot/1.0; +https://dataforseo.com/dataforseo-bot)"
136.243.228.180 - - [14/Apr/2025:06:46:22 -0400] "GET /items/jhpzd279/16063?key=outsider HTTP/1.1" 500 1245 "-" "Mozilla/5.0 (compatible; DataForSeoBot/1.0; +https://dataforseo.com/dataforseo-bot)"
65.21.113.206 - - [14/Apr/2025:06:46:23 -0400] "GET /search.php?items/ztwgf34/31218?key=booth HTTP/1.1" 200 109245 "-" "Mozilla/5.0 (compatible; AwarioBot/1.0; +https://awario.com/bots.html)"
136.243.228.180 - - [14/Apr/2025:06:46:25 -0400] "GET /items/qoxiz199/47475?key=racial HTTP/1.1" 500 1245 "-" "Mozilla/5.0 (compatible; DataForSeoBot/1.0; +https://dataforseo.com/dataforseo-bot)"
65.21.113.206 - - [14/Apr/2025:06:46:28 -0400] "GET /search.php?items/zublb244/44652?key=constitutional HTTP/1.1" 200 109816 "-" "Mozilla/5.0 (compatible; AwarioBot/1.0; +https://awario.com/bots.html)"
136.243.228.180 - - [14/Apr/2025:06:46:30 -0400] "GET /items/tbdzx211/38072?key=act HTTP/1.1" 500 1245 "-" "Mozilla/5.0 (compatible; DataForSeoBot/1.0; +https://dataforseo.com/dataforseo-bot)"
136.243.228.180 - - [14/Apr/2025:06:46:35 -0400] "GET /items/ewmhv112/12641?key=concede HTTP/1.1" 500 1245 "-" "Mozilla/5.0 (compatible; DataForSeoBot/1.0; +https://dataforseo.com/dataforseo-bot)"
65.21.113.206 - - [14/Apr/2025:06:46:36 -0400] "GET /search.php?items/zuggy43/31235?key=president HTTP/1.1" 200 109999 "-" "Mozilla/5.0 (compatible; AwarioBot/1.0; +https://awario.com/bots.html)"
136.243.228.180 - - [14/Apr/2025:06:46:39 -0400] "GET /items/wnbmc66/2047?key=flour HTTP/1.1" 500 1245 "-" "Mozilla/5.0 (compatible; DataForSeoBot/1.0; +https://dataforseo.com/dataforseo-bot)"
136.243.228.180 - - [14/Apr/2025:06:46:43 -0400] "GET /items/fhdqo222/32799?key=envision HTTP/1.1" 500 1245 "-" "Mozilla/5.0 (compatible; DataForSeoBot/1.0; +https://dataforseo.com/dataforseo-bot)"
65.21.113.206 - - [14/Apr/2025:06:46:43 -0400] "GET /search.php?items/zuibh22/1082?key=pound HTTP/1.1" 200 108717 "-" "Mozilla/5.0 (compatible; AwarioBot/1.0; +https://awario.com/bots.html)"
136.243.228.180 - - [14/Apr/2025:06:46:46 -0400] "GET /items/lemtp237/28710?key=engagement HTTP/1.1" 500 1245 "-" "Mozilla/5.0 (compatible; DataForSeoBot/1.0; +https://dataforseo.com/dataforseo-bot)"
136.243.228.180 - - [14/Apr/2025:06:46:50 -0400] "GET /items/ronsm30/7188?key=sake HTTP/1.1" 500 1245 "-" "Mozilla/5.0 (compatible; DataForSeoBot/1.0; +https://dataforseo.com/dataforseo-bot)"
65.21.113.206 - - [14/Apr/2025:06:46:50 -0400] "GET /search.php?items/zuqbn126/22666?key=color HTTP/1.1" 200 109301 "-" "Mozilla/5.0 (compatible; AwarioBot/1.0; +https://awario.com/bots.html)"
136.243.228.180 - - [14/Apr/2025:06:46:54 -0400] "GET /items/bbygc296/35798?key=installation HTTP/1.1" 500 1245 "-" "Mozilla/5.0 (compatible; DataForSeoBot/1.0; +https://dataforseo.com/dataforseo-bot)"
65.21.113.206 - - [14/Apr/2025:06:46:56 -0400] "GET /search.php?items/zuqjl250/6358?key=self HTTP/1.1" 200 110545 "-" "Mozilla/5.0 (compatible; AwarioBot/1.0; +https://awario.com/bots.html)"
136.243.228.180 - - [14/Apr/2025:06:46:58 -0400] "GET /items/lhlhq245/26939?key=cash HTTP/1.1" 500 1245 "-" "Mozilla/5.0 (compatible; DataForSeoBot/1.0; +https://dataforseo.com/dataforseo-bot)"
136.243.228.180 - - [14/Apr/2025:06:47:02 -0400] "GET /items/hwvza25/4054?key=shorts HTTP/1.1" 500 1245 "-" "Mozilla/5.0 (compatible; DataForSeoBot/1.0; +https://dataforseo.com/dataforseo-bot)"
65.21.113.206 - - [14/Apr/2025:06:47:01 -0400] "GET /search.php?items/zuuhy42/11238?key=trust HTTP/1.1" 200 108466 "-" "Mozilla/5.0 (compatible; AwarioBot/1.0; +https://awario.com/bots.html)"
136.243.228.180 - - [14/Apr/2025:06:47:06 -0400] "GET /items/kbwqa86/33646?key=rational HTTP/1.1" 500 1245 "-" "Mozilla/5.0 (compatible; DataForSeoBot/1.0; +https://dataforseo.com/dataforseo-bot)"
65.21.113.206 - - [14/Apr/2025:06:47:06 -0400] "GET /search.php?items/zvhyz132/27448?key=sales HTTP/1.1" 200 108908 "-" "Mozilla/5.0 (compatible; AwarioBot/1.0; +https://awario.com/bots.html)"
136.243.228.180 - - [14/Apr/2025:06:47:10 -0400] "GET /items/wuoyf39/571?key=uniform HTTP/1.1" 500 1245 "-" "Mozilla/5.0 (compatible; DataForSeoBot/1.0; +https://dataforseo.com/dataforseo-bot)"
65.21.113.206 - - [14/Apr/2025:06:47:12 -0400] "GET /search.php?items/zvjli61/1517?key=economically HTTP/1.1" 200 109378 "-" "Mozilla/5.0 (compatible; AwarioBot/1.0; +https://awario.com/bots.html)"
136.243.228.180 - - [14/Apr/2025:06:47:15 -0400] "GET /items/cbrnn58/1211?key=slide HTTP/1.1" 500 1245 "-" "Mozilla/5.0 (compatible; DataForSeoBot/1.0; +https://dataforseo.com/dataforseo-bot)"
20.171.207.13 - - [14/Apr/2025:06:47:16 -0400] "GET /items/vugij112/38439?key=destruction HTTP/1.1" 500 1245 "-" "Mozilla/5.0 AppleWebKit/537.36 (KHTML, like Gecko; compatible; GPTBot/1.2; +https://openai.com/gptbot)"
65.21.113.206 - - [14/Apr/2025:06:47:18 -0400] "GET /search.php?items/zvoar202/9116?key=underlying HTTP/1.1" 200 109252 "-" "Mozilla/5.0 (compatible; AwarioBot/1.0; +https://awario.com/bots.html)"
136.243.228.180 - - [14/Apr/2025:06:47:19 -0400] "GET /items/azfld50/29469?key=predict HTTP/1.1" 500 1245 "-" "Mozilla/5.0 (compatible; DataForSeoBot/1.0; +https://dataforseo.com/dataforseo-bot)"
136.243.228.180 - - [14/Apr/2025:06:47:24 -0400] "GET /items/nuxvj131/11479?key=charter HTTP/1.1" 500 1245 "-" "Mozilla/5.0 (compatible; DataForSeoBot/1.0; +https://dataforseo.com/dataforseo-bot)"
65.21.113.206 - - [14/Apr/2025:06:47:25 -0400] "GET /search.php?items/zvprj271/26983?key=counter HTTP/1.1" 200 109775 "-" "Mozilla/5.0 (compatible; AwarioBot/1.0; +https://awario.com/bots.html)"
136.243.228.180 - - [14/Apr/2025:06:47:27 -0400] "GET /items/teasl243/7775?key=little HTTP/1.1" 500 1245 "-" "Mozilla/5.0 (compatible; DataForSeoBot/1.0; +https://dataforseo.com/dataforseo-bot)"
136.243.228.180 - - [14/Apr/2025:06:47:30 -0400] "GET /items/ldvom285/10354?key=pen HTTP/1.1" 500 1245 "-" "Mozilla/5.0 (compatible; DataForSeoBot/1.0; +https://dataforseo.com/dataforseo-bot)"
65.21.113.206 - - [14/Apr/2025:06:47:30 -0400] "GET /search.php?items/zvzty179/38019?key=colonial HTTP/1.1" 200 109517 "-" "Mozilla/5.0 (compatible; AwarioBot/1.0; +https://awario.com/bots.html)"
136.243.228.180 - - [14/Apr/2025:06:47:36 -0400] "GET /items/ctseq108/15586?key=examine HTTP/1.1" 500 1245 "-" "Mozilla/5.0 (compatible; DataForSeoBot/1.0; +https://dataforseo.com/dataforseo-bot)"
65.21.113.206 - - [14/Apr/2025:06:47:36 -0400] "GET /search.php?items/zwhgm57/42477?key=national HTTP/1.1" 200 108849 "-" "Mozilla/5.0 (compatible; AwarioBot/1.0; +https://awario.com/bots.html)"
136.243.228.180 - - [14/Apr/2025:06:47:39 -0400] "GET /items/bulqt208/17947?key=button HTTP/1.1" 500 1245 "-" "Mozilla/5.0 (compatible; DataForSeoBot/1.0; +https://dataforseo.com/dataforseo-bot)"
136.243.228.180 - - [14/Apr/2025:06:47:43 -0400] "GET /items/lknyg244/4569?key=contribution HTTP/1.1" 500 1245 "-" "Mozilla/5.0 (compatible; DataForSeoBot/1.0; +https://dataforseo.com/dataforseo-bot)"
65.21.113.206 - - [14/Apr/2025:06:47:43 -0400] "GET /search.php?items/zwhhr176/27882?key=marriage HTTP/1.1" 200 109425 "-" "Mozilla/5.0 (compatible; AwarioBot/1.0; +https://awario.com/bots.html)"
136.243.228.180 - - [14/Apr/2025:06:47:47 -0400] "GET /items/bvhac36/31366?key=accomplish HTTP/1.1" 500 1245 "-" "Mozilla/5.0 (compatible; DataForSeoBot/1.0; +https://dataforseo.com/dataforseo-bot)"
65.21.113.206 - - [14/Apr/2025:06:47:51 -0400] "GET /search.php?items/zwiiu125/30033?key=disturb HTTP/1.1" 200 109086 "-" "Mozilla/5.0 (compatible; AwarioBot/1.0; +https://awario.com/bots.html)"
198.54.114.83 - - [14/Apr/2025:06:47:54 -0400] "POST /wp-cron.php?doing_wp_cron=1744627673.1760320663452148437500 HTTP/1.1" 200 0 "-" "WordPress/6.7.2; https://bayrampasaspor.com"
136.243.228.180 - - [14/Apr/2025:06:47:52 -0400] "GET /items/tnutp229/19309?key=boat HTTP/1.1" 500 1245 "-" "Mozilla/5.0 (compatible; DataForSeoBot/1.0; +https://dataforseo.com/dataforseo-bot)"
136.243.228.180 - - [14/Apr/2025:06:47:55 -0400] "GET /items/dsfkt244/10645?key=asleep HTTP/1.1" 500 1245 "-" "Mozilla/5.0 (compatible; DataForSeoBot/1.0; +https://dataforseo.com/dataforseo-bot)"
65.21.113.206 - - [14/Apr/2025:06:47:57 -0400] "GET /search.php?items/zxbvv261/8711?key=party HTTP/1.1" 200 109091 "-" "Mozilla/5.0 (compatible; AwarioBot/1.0; +https://awario.com/bots.html)"
136.243.228.180 - - [14/Apr/2025:06:48:01 -0400] "GET /items/surpm96/45795?key=rid HTTP/1.1" 500 1245 "-" "Mozilla/5.0 (compatible; DataForSeoBot/1.0; +https://dataforseo.com/dataforseo-bot)"
65.21.113.206 - - [14/Apr/2025:06:48:02 -0400] "GET /search.php?items/zxcel68/47928?key=confront HTTP/1.1" 200 108908 "-" "Mozilla/5.0 (compatible; AwarioBot/1.0; +https://awario.com/bots.html)"
136.243.228.180 - - [14/Apr/2025:06:48:03 -0400] "GET /items/zqnsi156/31173?key=odds HTTP/1.1" 500 1245 "-" "Mozilla/5.0 (compatible; DataForSeoBot/1.0; +https://dataforseo.com/dataforseo-bot)"
136.243.228.180 - - [14/Apr/2025:06:48:07 -0400] "GET /items/dvqzs155/17645?key=hook HTTP/1.1" 500 1245 "-" "Mozilla/5.0 (compatible; DataForSeoBot/1.0; +https://dataforseo.com/dataforseo-bot)"
65.21.113.206 - - [14/Apr/2025:06:48:07 -0400] "GET /search.php?items/zxiog133/10675?key=romantic HTTP/1.1" 200 109593 "-" "Mozilla/5.0 (compatible; AwarioBot/1.0; +https://awario.com/bots.html)"
136.243.228.180 - - [14/Apr/2025:06:48:12 -0400] "GET /items/naldp115/37362?key=cognitive HTTP/1.1" 500 1245 "-" "Mozilla/5.0 (compatible; DataForSeoBot/1.0; +https://dataforseo.com/dataforseo-bot)"
65.21.113.206 - - [14/Apr/2025:06:48:13 -0400] "GET /search.php?items/zxxox238/35298?key=hay HTTP/1.1" 200 109866 "-" "Mozilla/5.0 (compatible; AwarioBot/1.0; +https://awario.com/bots.html)"
136.243.228.180 - - [14/Apr/2025:06:48:16 -0400] "GET /items/qstjm54/9507?key=rope HTTP/1.1" 500 1245 "-" "Mozilla/5.0 (compatible; DataForSeoBot/1.0; +https://dataforseo.com/dataforseo-bot)"
136.243.228.180 - - [14/Apr/2025:06:48:22 -0400] "GET /items/ysnck19/22348?key=eventually HTTP/1.1" 500 1245 "-" "Mozilla/5.0 (compatible; DataForSeoBot/1.0; +https://dataforseo.com/dataforseo-bot)"
65.21.113.206 - - [14/Apr/2025:06:48:21 -0400] "GET /search.php?items/zycmi261/43949?key=requirement HTTP/1.1" 200 109810 "-" "Mozilla/5.0 (compatible; AwarioBot/1.0; +https://awario.com/bots.html)"
20.171.207.13 - - [14/Apr/2025:06:48:23 -0400] "GET /items/wyaqb92/15403?key=admit HTTP/1.1" 500 1245 "-" "Mozilla/5.0 AppleWebKit/537.36 (KHTML, like Gecko; compatible; GPTBot/1.2; +https://openai.com/gptbot)"
136.243.228.180 - - [14/Apr/2025:06:48:25 -0400] "GET /items/ilimj75/2492?key=like HTTP/1.1" 500 1245 "-" "Mozilla/5.0 (compatible; DataForSeoBot/1.0; +https://dataforseo.com/dataforseo-bot)"
65.21.113.206 - - [14/Apr/2025:06:48:27 -0400] "GET /search.php?items/zyfib24/2174?key=car HTTP/1.1" 200 109771 "-" "Mozilla/5.0 (compatible; AwarioBot/1.0; +https://awario.com/bots.html)"
136.243.228.180 - - [14/Apr/2025:06:48:29 -0400] "GET /items/mwalr226/48567?key=counsel HTTP/1.1" 500 1245 "-" "Mozilla/5.0 (compatible; DataForSeoBot/1.0; +https://dataforseo.com/dataforseo-bot)"
136.243.228.180 - - [14/Apr/2025:06:48:35 -0400] "GET /items/rjhnk32/5683?key=peanut HTTP/1.1" 500 1245 "-" "Mozilla/5.0 (compatible; DataForSeoBot/1.0; +https://dataforseo.com/dataforseo-bot)"
65.21.113.206 - - [14/Apr/2025:06:48:35 -0400] "GET /search.php?items/zyljm170/14070?key=publish HTTP/1.1" 200 109246 "-" "Mozilla/5.0 (compatible; AwarioBot/1.0; +https://awario.com/bots.html)"
136.243.228.180 - - [14/Apr/2025:06:48:39 -0400] "GET /items/ptmdw201/23258?key=marriage HTTP/1.1" 500 1245 "-" "Mozilla/5.0 (compatible; DataForSeoBot/1.0; +https://dataforseo.com/dataforseo-bot)"
136.243.228.180 - - [14/Apr/2025:06:48:43 -0400] "GET /items/jjgta246/25068?key=electrical HTTP/1.1" 500 1245 "-" "Mozilla/5.0 (compatible; DataForSeoBot/1.0; +https://dataforseo.com/dataforseo-bot)"
65.21.113.206 - - [14/Apr/2025:06:48:42 -0400] "GET /search.php?items/zynug16/42002?key=appreciate HTTP/1.1" 200 109337 "-" "Mozilla/5.0 (compatible; AwarioBot/1.0; +https://awario.com/bots.html)"
136.243.228.180 - - [14/Apr/2025:06:48:47 -0400] "GET /items/xrowy287/18860?key=guidance HTTP/1.1" 500 1245 "-" "Mozilla/5.0 (compatible; DataForSeoBot/1.0; +https://dataforseo.com/dataforseo-bot)"
65.21.113.206 - - [14/Apr/2025:06:48:48 -0400] "GET /search.php?items/zynug206/41812?key=personal HTTP/1.1" 200 109110 "-" "Mozilla/5.0 (compatible; AwarioBot/1.0; +https://awario.com/bots.html)"
136.243.228.180 - - [14/Apr/2025:06:48:52 -0400] "GET /items/gztxs257/27536?key=society HTTP/1.1" 500 1245 "-" "Mozilla/5.0 (compatible; DataForSeoBot/1.0; +https://dataforseo.com/dataforseo-bot)"
65.21.113.206 - - [14/Apr/2025:06:48:54 -0400] "GET /search.php?items/zyrjb49/12147?key=precisely HTTP/1.1" 200 108486 "-" "Mozilla/5.0 (compatible; AwarioBot/1.0; +https://awario.com/bots.html)"
136.243.228.180 - - [14/Apr/2025:06:48:55 -0400] "GET /items/ynvzi239/31446?key=path HTTP/1.1" 500 1245 "-" "Mozilla/5.0 (compatible; DataForSeoBot/1.0; +https://dataforseo.com/dataforseo-bot)"
136.243.228.180 - - [14/Apr/2025:06:48:59 -0400] "GET /items/rwdrz268/28880?key=pork HTTP/1.1" 500 1245 "-" "Mozilla/5.0 (compatible; DataForSeoBot/1.0; +https://dataforseo.com/dataforseo-bot)"
65.21.113.206 - - [14/Apr/2025:06:49:00 -0400] "GET /search.php?items/zyvjv167/38117?key=incorporate HTTP/1.1" 200 109185 "-" "Mozilla/5.0 (compatible; AwarioBot/1.0; +https://awario.com/bots.html)"
136.243.228.180 - - [14/Apr/2025:06:49:05 -0400] "GET /items/pkxfu246/19200?key=eventually HTTP/1.1" 500 1245 "-" "Mozilla/5.0 (compatible; DataForSeoBot/1.0; +https://dataforseo.com/dataforseo-bot)"
65.21.113.206 - - [14/Apr/2025:06:49:07 -0400] "GET /search.php?items/zzmzs40/41456?key=during HTTP/1.1" 200 108683 "-" "Mozilla/5.0 (compatible; AwarioBot/1.0; +https://awario.com/bots.html)"
136.243.228.180 - - [14/Apr/2025:06:49:07 -0400] "GET /items/ficjd69/478?key=flee HTTP/1.1" 500 1245 "-" "Mozilla/5.0 (compatible; DataForSeoBot/1.0; +https://dataforseo.com/dataforseo-bot)"
136.243.228.180 - - [14/Apr/2025:06:49:12 -0400] "GET /items/kcaru99/15509?key=lawsuit HTTP/1.1" 500 1245 "-" "Mozilla/5.0 (compatible; DataForSeoBot/1.0; +https://dataforseo.com/dataforseo-bot)"
65.21.113.206 - - [14/Apr/2025:06:49:13 -0400] "GET /search.php?items/zzycu131/43705?key=beer HTTP/1.1" 200 109179 "-" "Mozilla/5.0 (compatible; AwarioBot/1.0; +https://awario.com/bots.html)"
136.243.228.180 - - [14/Apr/2025:06:49:16 -0400] "GET /items/tpypa92/12166?key=founder HTTP/1.1" 500 1245 "-" "Mozilla/5.0 (compatible; DataForSeoBot/1.0; +https://dataforseo.com/dataforseo-bot)"
65.21.113.206 - - [14/Apr/2025:06:49:20 -0400] "GET /search.php?m001014192?srsltid=AfmBOoNieyemletCljSlkl_rmwew1lHVW_xAlACfmY-G-9o2mqdZxQ HTTP/1.1" 200 109686 "-" "Mozilla/5.0 (compatible; AwarioBot/1.0; +https://awario.com/bots.html)"
136.243.228.180 - - [14/Apr/2025:06:49:22 -0400] "GET /items/anyqi141/9015?key=meanwhile HTTP/1.1" 500 1245 "-" "Mozilla/5.0 (compatible; DataForSeoBot/1.0; +https://dataforseo.com/dataforseo-bot)"
20.171.207.13 - - [14/Apr/2025:06:49:22 -0400] "GET /items/bxmpp128/20893?key=protect HTTP/1.1" 500 1245 "-" "Mozilla/5.0 AppleWebKit/537.36 (KHTML, like Gecko; compatible; GPTBot/1.2; +https://openai.com/gptbot)"
136.243.228.180 - - [14/Apr/2025:06:49:26 -0400] "GET /items/dxssn116/38669?key=write HTTP/1.1" 500 1245 "-" "Mozilla/5.0 (compatible; DataForSeoBot/1.0; +https://dataforseo.com/dataforseo-bot)"
65.21.113.206 - - [14/Apr/2025:06:49:27 -0400] "GET /search.php?m001015902?srsltid=AfmBOobIBdxpblwD0AkWB7_RMT20hG9ga_veVyLhq7-W-NwR5YoO1q HTTP/1.1" 200 108902 "-" "Mozilla/5.0 (compatible; AwarioBot/1.0; +https://awario.com/bots.html)"
136.243.228.180 - - [14/Apr/2025:06:49:29 -0400] "GET /items/nnkvb286/49074?key=government HTTP/1.1" 500 1245 "-" "Mozilla/5.0 (compatible; DataForSeoBot/1.0; +https://dataforseo.com/dataforseo-bot)"
65.21.113.206 - - [14/Apr/2025:06:49:35 -0400] "GET /search.php?m001024236?srsltid=AfmBOomiDglFWyeYjyAZHE_9GfzNkslMF_txZcXJHU-R-ohDlxQvQF HTTP/1.1" 200 109436 "-" "Mozilla/5.0 (compatible; AwarioBot/1.0; +https://awario.com/bots.html)"
136.243.228.180 - - [14/Apr/2025:06:49:36 -0400] "GET /items/oiyre188/42813?key=future HTTP/1.1" 500 1245 "-" "Mozilla/5.0 (compatible; DataForSeoBot/1.0; +https://dataforseo.com/dataforseo-bot)"
136.243.228.180 - - [14/Apr/2025:06:49:39 -0400] "GET /items/xjcus47/47460?key=shot HTTP/1.1" 500 1245 "-" "Mozilla/5.0 (compatible; DataForSeoBot/1.0; +https://dataforseo.com/dataforseo-bot)"
136.243.228.180 - - [14/Apr/2025:06:49:42 -0400] "GET /items/mlmzi286/20143?key=tale HTTP/1.1" 500 1245 "-" "Mozilla/5.0 (compatible; DataForSeoBot/1.0; +https://dataforseo.com/dataforseo-bot)"
65.21.113.206 - - [14/Apr/2025:06:49:41 -0400] "GET /search.php?m001025712?srsltid=AfmBOothllqVVRzYYxBWp9_xFDhnFCNFN_8cNH84B8-C-caFQwFwlz HTTP/1.1" 200 110429 "-" "Mozilla/5.0 (compatible; AwarioBot/1.0; +https://awario.com/bots.html)"
136.243.228.180 - - [14/Apr/2025:06:49:45 -0400] "GET /items/rprje78/45954?key=towel HTTP/1.1" 500 1245 "-" "Mozilla/5.0 (compatible; DataForSeoBot/1.0; +https://dataforseo.com/dataforseo-bot)"
65.21.113.206 - - [14/Apr/2025:06:49:46 -0400] "GET /search.php?m001026798?srsltid=AfmBOoibjIrfOwVbd5BSQE_I1anWlAUjs_LeNs8l7j-Z-8PGi6Ew14 HTTP/1.1" 200 109067 "-" "Mozilla/5.0 (compatible; AwarioBot/1.0; +https://awario.com/bots.html)"
136.243.228.180 - - [14/Apr/2025:06:49:49 -0400] "GET /items/qfgwk230/41303?key=blessing HTTP/1.1" 500 1245 "-" "Mozilla/5.0 (compatible; DataForSeoBot/1.0; +https://dataforseo.com/dataforseo-bot)"
65.21.113.206 - - [14/Apr/2025:06:49:51 -0400] "GET /search.php?m002007207?srsltid=AfmBOoOdMhTnOxjlW2Vcyu_cR1htIwLmZ_2HRYFoXb-A-bUYmOZVmN HTTP/1.1" 200 109305 "-" "Mozilla/5.0 (compatible; AwarioBot/1.0; +https://awario.com/bots.html)"
198.54.114.83 - - [14/Apr/2025:06:49:56 -0400] "POST /wp-cron.php?doing_wp_cron=1744627794.7146210670471191406250 HTTP/1.1" 200 0 "-" "WordPress/6.7.2; https://bayrampasaspor.com"
136.243.228.180 - - [14/Apr/2025:06:49:53 -0400] "GET /items/vfcxu63/29280?key=relative HTTP/1.1" 500 1245 "-" "Mozilla/5.0 (compatible; DataForSeoBot/1.0; +https://dataforseo.com/dataforseo-bot)"
65.21.113.206 - - [14/Apr/2025:06:49:57 -0400] "GET /search.php?m002018389?srsltid=AfmBOoTzEDagWwwsTH5BKh_HA15ZvkxrJ_va51FBpd-H-EBMNoZkTO HTTP/1.1" 200 109530 "-" "Mozilla/5.0 (compatible; AwarioBot/1.0; +https://awario.com/bots.html)"
136.243.228.180 - - [14/Apr/2025:06:49:58 -0400] "GET /items/nuhzv10/13444?key=riot HTTP/1.1" 500 1245 "-" "Mozilla/5.0 (compatible; DataForSeoBot/1.0; +https://dataforseo.com/dataforseo-bot)"
136.243.228.180 - - [14/Apr/2025:06:50:02 -0400] "GET /items/yyhst58/7016?key=retired HTTP/1.1" 500 1245 "-" "Mozilla/5.0 (compatible; DataForSeoBot/1.0; +https://dataforseo.com/dataforseo-bot)"
65.21.113.206 - - [14/Apr/2025:06:50:01 -0400] "GET /search.php?m002032559?srsltid=AfmBOoUwTQkVnKpv2fK6im_HJWBk8235f_VHcIvDur-Q-HSAKnNXpr HTTP/1.1" 200 108749 "-" "Mozilla/5.0 (compatible; AwarioBot/1.0; +https://awario.com/bots.html)"
136.243.228.180 - - [14/Apr/2025:06:50:07 -0400] "GET /items/bymtn219/4896?key=extraordinary HTTP/1.1" 500 1245 "-" "Mozilla/5.0 (compatible; DataForSeoBot/1.0; +https://dataforseo.com/dataforseo-bot)"
65.21.113.206 - - [14/Apr/2025:06:50:09 -0400] "GET /search.php?m002042841?srsltid=AfmBOoFigykKTlSkxFzruf_9OoARGw7HO_30dwB1xE-V-XebYxjAvO HTTP/1.1" 200 110032 "-" "Mozilla/5.0 (compatible; AwarioBot/1.0; +https://awario.com/bots.html)"
136.243.228.180 - - [14/Apr/2025:06:50:11 -0400] "GET /items/zvprj167/27087?key=root HTTP/1.1" 500 1245 "-" "Mozilla/5.0 (compatible; DataForSeoBot/1.0; +https://dataforseo.com/dataforseo-bot)"
136.243.228.180 - - [14/Apr/2025:06:50:17 -0400] "GET /items/pdxbk58/39186?key=accommodate HTTP/1.1" 500 1245 "-" "Mozilla/5.0 (compatible; DataForSeoBot/1.0; +https://dataforseo.com/dataforseo-bot)"
65.21.113.206 - - [14/Apr/2025:06:50:17 -0400] "GET /search.php?m002047093?srsltid=AfmBOoWmEcRpFMLGu3oejs_epCG5rtcNn_b28kFH96-E-tv1zSDy8g HTTP/1.1" 200 109419 "-" "Mozilla/5.0 (compatible; AwarioBot/1.0; +https://awario.com/bots.html)"
136.243.228.180 - - [14/Apr/2025:06:50:23 -0400] "GET /items/oiwml103/27195?key=morning HTTP/1.1" 500 1245 "-" "Mozilla/5.0 (compatible; DataForSeoBot/1.0; +https://dataforseo.com/dataforseo-bot)"
65.21.113.206 - - [14/Apr/2025:06:50:25 -0400] "GET /search.php?m003018780?srsltid=AfmBOoziRHuoptaurfZTZx_nZkZ4wz7VW_x7x5Jar1-G-krh2PYEe2 HTTP/1.1" 200 109839 "-" "Mozilla/5.0 (compatible; AwarioBot/1.0; +https://awario.com/bots.html)"
20.171.207.13 - - [14/Apr/2025:06:50:27 -0400] "GET /items/hqioj160/42102?key=pursuit HTTP/1.1" 500 1245 "-" "Mozilla/5.0 AppleWebKit/537.36 (KHTML, like Gecko; compatible; GPTBot/1.2; +https://openai.com/gptbot)"
136.243.228.180 - - [14/Apr/2025:06:50:28 -0400] "GET /items/ufhuy144/26794?key=questionnaire HTTP/1.1" 500 1245 "-" "Mozilla/5.0 (compatible; DataForSeoBot/1.0; +https://dataforseo.com/dataforseo-bot)"
65.21.113.206 - - [14/Apr/2025:06:50:33 -0400] "GET /search.php?m003022644?srsltid=AfmBOoQrazIYLYYJDe7mn3_y0ESkVo61g_SEJVcOBL-N-MeZxi7mYE HTTP/1.1" 200 108898 "-" "Mozilla/5.0 (compatible; AwarioBot/1.0; +https://awario.com/bots.html)"
136.243.228.180 - - [14/Apr/2025:06:50:35 -0400] "GET /items/fiiwh202/42451?key=used HTTP/1.1" 500 1245 "-" "Mozilla/5.0 (compatible; DataForSeoBot/1.0; +https://dataforseo.com/dataforseo-bot)"
136.243.228.180 - - [14/Apr/2025:06:50:40 -0400] "GET /items/bvtxi207/14173?key=rely HTTP/1.1" 500 1245 "-" "Mozilla/5.0 (compatible; DataForSeoBot/1.0; +https://dataforseo.com/dataforseo-bot)"
65.21.113.206 - - [14/Apr/2025:06:50:40 -0400] "GET /search.php?m003023234?srsltid=AfmBOoXrfIoBmBZSgclGdc_ozG4ow8ZyY_E97gf8Xr-M-tToJ3WEpH HTTP/1.1" 200 109755 "-" "Mozilla/5.0 (compatible; AwarioBot/1.0; +https://awario.com/bots.html)"
136.243.228.180 - - [14/Apr/2025:06:50:45 -0400] "GET /items/fsmni54/17430?key=soil HTTP/1.1" 500 1245 "-" "Mozilla/5.0 (compatible; DataForSeoBot/1.0; +https://dataforseo.com/dataforseo-bot)"
136.243.228.180 - - [14/Apr/2025:06:50:48 -0400] "GET /items/mnsrq269/10419?key=chunk HTTP/1.1" 500 1245 "-" "Mozilla/5.0 (compatible; DataForSeoBot/1.0; +https://dataforseo.com/dataforseo-bot)"
65.21.113.206 - - [14/Apr/2025:06:50:48 -0400] "GET /search.php?m003035330?srsltid=AfmBOoWSNmUSkmoiR97MFl_CR2aIhuSOx_wkFS4J5a-Z-W1KnflmMM HTTP/1.1" 200 108729 "-" "Mozilla/5.0 (compatible; AwarioBot/1.0; +https://awario.com/bots.html)"
136.243.228.180 - - [14/Apr/2025:06:50:53 -0400] "GET /items/tzjaz100/5317?key=ethical HTTP/1.1" 500 1245 "-" "Mozilla/5.0 (compatible; DataForSeoBot/1.0; +https://dataforseo.com/dataforseo-bot)"
136.243.228.180 - - [14/Apr/2025:06:50:56 -0400] "GET /items/jcecv215/1968?key=bubble HTTP/1.1" 500 1245 "-" "Mozilla/5.0 (compatible; DataForSeoBot/1.0; +https://dataforseo.com/dataforseo-bot)"
65.21.113.206 - - [14/Apr/2025:06:50:56 -0400] "GET /search.php?m004002805?srsltid=AfmBOodMAvLqiWXXowgwLk_U6UaLPrc7J_I1ORyQlk-L-nz1g7b4XM HTTP/1.1" 200 110120 "-" "Mozilla/5.0 (compatible; AwarioBot/1.0; +https://awario.com/bots.html)"
136.243.228.180 - - [14/Apr/2025:06:51:02 -0400] "GET /items/kfrct72/43641?key=take HTTP/1.1" 500 1245 "-" "Mozilla/5.0 (compatible; DataForSeoBot/1.0; +https://dataforseo.com/dataforseo-bot)"
65.21.113.206 - - [14/Apr/2025:06:51:04 -0400] "GET /search.php?m004017169?srsltid=AfmBOonCNDmtTiMFh6zzZj_4YYnVnP5Lz_PPCRCq9u-Z-cJchtDrgZ HTTP/1.1" 200 109135 "-" "Mozilla/5.0 (compatible; AwarioBot/1.0; +https://awario.com/bots.html)"
136.243.228.180 - - [14/Apr/2025:06:51:07 -0400] "GET /items/azhfd179/28462?key=point HTTP/1.1" 500 1245 "-" "Mozilla/5.0 (compatible; DataForSeoBot/1.0; +https://dataforseo.com/dataforseo-bot)"
136.243.228.180 - - [14/Apr/2025:06:51:12 -0400] "GET /items/plcum222/20996?key=individual HTTP/1.1" 500 1245 "-" "Mozilla/5.0 (compatible; DataForSeoBot/1.0; +https://dataforseo.com/dataforseo-bot)"
65.21.113.206 - - [14/Apr/2025:06:51:13 -0400] "GET /search.php?m004028813?srsltid=AfmBOovNCZxmEBgwL39JpE_Z0EphgXRk5_zY8TNpFg-T-FtKT6Z7vi HTTP/1.1" 200 108956 "-" "Mozilla/5.0 (compatible; AwarioBot/1.0; +https://awario.com/bots.html)"
136.243.228.180 - - [14/Apr/2025:06:51:17 -0400] "GET /items/kcmlp103/6447?key=autonomy HTTP/1.1" 500 1245 "-" "Mozilla/5.0 (compatible; DataForSeoBot/1.0; +https://dataforseo.com/dataforseo-bot)"
136.243.228.180 - - [14/Apr/2025:06:51:21 -0400] "GET /items/llzwz145/11677?key=contribution HTTP/1.1" 500 1245 "-" "Mozilla/5.0 (compatible; DataForSeoBot/1.0; +https://dataforseo.com/dataforseo-bot)"
65.21.113.206 - - [14/Apr/2025:06:51:20 -0400] "GET /search.php?m004038661?srsltid=AfmBOoqzRuhJbASghbYU0b_Jv8sJgjzvJ_edlSsgfe-X-uRFqbGREA HTTP/1.1" 200 108637 "-" "Mozilla/5.0 (compatible; AwarioBot/1.0; +https://awario.com/bots.html)"
136.243.228.180 - - [14/Apr/2025:06:51:23 -0400] "GET /items/nanml125/40460?key=alternative HTTP/1.1" 500 1245 "-" "Mozilla/5.0 (compatible; DataForSeoBot/1.0; +https://dataforseo.com/dataforseo-bot)"
65.21.113.206 - - [14/Apr/2025:06:51:26 -0400] "GET /search.php?m004044549?srsltid=AfmBOovtNYLNouLyoZc5JZ_YjtbYzqmAG_cXp5Mo6k-Z-gJKnpZbeH HTTP/1.1" 200 109446 "-" "Mozilla/5.0 (compatible; AwarioBot/1.0; +https://awario.com/bots.html)"
