154.83.103.101 - - [04/Apr/2025:09:13:07 -0400] "GET /partner/config/config.js HTTP/1.1" 404 15296 "-" "Mozilla/5.0 (Windows NT 10.0; Win64; x64) AppleWebKit/537.36 (KHTML, like Gecko) Chrome/91.0.4472.124 Safari/537.36"
154.83.103.101 - - [04/Apr/2025:09:13:08 -0400] "GET /phpinfo HTTP/1.1" 404 15283 "-" "Mozilla/5.0 (Windows NT 10.0; Win64; x64) AppleWebKit/537.36 (KHTML, like Gecko) Chrome/91.0.4472.124 Safari/537.36"
154.83.103.101 - - [04/Apr/2025:09:13:18 -0400] "GET /phpinfo.php HTTP/1.1" 404 15285 "-" "Mozilla/5.0 (Windows NT 10.0; Win64; x64) AppleWebKit/537.36 (KHTML, like Gecko) Chrome/91.0.4472.124 Safari/537.36"
154.83.103.101 - - [04/Apr/2025:09:13:19 -0400] "GET /portal/.env HTTP/1.1" 403 1242 "-" "Mozilla/5.0 (Windows NT 10.0; Win64; x64) AppleWebKit/537.36 (KHTML, like Gecko) Chrome/91.0.4472.124 Safari/537.36"
154.83.103.101 - - [04/Apr/2025:09:13:25 -0400] "GET /prod/.env HTTP/1.1" 403 1242 "-" "Mozilla/5.0 (Windows NT 10.0; Win64; x64) AppleWebKit/537.36 (KHTML, like Gecko) Chrome/91.0.4472.124 Safari/537.36"
154.83.103.101 - - [04/Apr/2025:09:13:25 -0400] "GET /proxy HTTP/1.1" 404 15282 "-" "Mozilla/5.0 (Windows NT 10.0; Win64; x64) AppleWebKit/537.36 (KHTML, like Gecko) Chrome/91.0.4472.124 Safari/537.36"
154.83.103.101 - - [04/Apr/2025:09:13:26 -0400] "GET /public/.env HTTP/1.1" 403 1242 "-" "Mozilla/5.0 (Windows NT 10.0; Win64; x64) AppleWebKit/537.36 (KHTML, like Gecko) Chrome/91.0.4472.124 Safari/537.36"
154.83.103.101 - - [04/Apr/2025:09:13:27 -0400] "GET /public/js/main.js HTTP/1.1" 404 15292 "-" "Mozilla/5.0 (Windows NT 10.0; Win64; x64) AppleWebKit/537.36 (KHTML, like Gecko) Chrome/91.0.4472.124 Safari/537.36"
154.83.103.101 - - [04/Apr/2025:09:13:28 -0400] "GET /s3.js HTTP/1.1" 404 15281 "-" "Mozilla/5.0 (Windows NT 10.0; Win64; x64) AppleWebKit/537.36 (KHTML, like Gecko) Chrome/91.0.4472.124 Safari/537.36"
198.54.114.83 - - [04/Apr/2025:09:13:31 -0400] "POST /wp-cron.php?doing_wp_cron=1743772410.9891340732574462890625 HTTP/1.1" 200 0 "-" "WordPress/6.7.2; https://creative-webstyle.com"
154.83.103.101 - - [04/Apr/2025:09:13:30 -0400] "GET /scripts/nodemailer.js HTTP/1.1" 404 15293 "-" "Mozilla/5.0 (Windows NT 10.0; Win64; x64) AppleWebKit/537.36 (KHTML, like Gecko) Chrome/91.0.4472.124 Safari/537.36"
154.83.103.101 - - [04/Apr/2025:09:13:32 -0400] "GET /secured/phpinfo.php HTTP/1.1" 404 15292 "-" "Mozilla/5.0 (Windows NT 10.0; Win64; x64) AppleWebKit/537.36 (KHTML, like Gecko) Chrome/91.0.4472.124 Safari/537.36"
154.83.103.101 - - [04/Apr/2025:09:13:33 -0400] "GET /server-info HTTP/1.1" 404 15285 "-" "Mozilla/5.0 (Windows NT 10.0; Win64; x64) AppleWebKit/537.36 (KHTML, like Gecko) Chrome/91.0.4472.124 Safari/537.36"
154.83.103.101 - - [04/Apr/2025:09:13:35 -0400] "GET /server-info.php HTTP/1.1" 404 15288 "-" "Mozilla/5.0 (Windows NT 10.0; Win64; x64) AppleWebKit/537.36 (KHTML, like Gecko) Chrome/91.0.4472.124 Safari/537.36"
154.83.103.101 - - [04/Apr/2025:09:13:36 -0400] "GET /server.js HTTP/1.1" 404 15284 "-" "Mozilla/5.0 (Windows NT 10.0; Win64; x64) AppleWebKit/537.36 (KHTML, like Gecko) Chrome/91.0.4472.124 Safari/537.36"
154.83.103.101 - - [04/Apr/2025:09:13:38 -0400] "GET /server/config/database.js HTTP/1.1" 404 15297 "-" "Mozilla/5.0 (Windows NT 10.0; Win64; x64) AppleWebKit/537.36 (KHTML, like Gecko) Chrome/91.0.4472.124 Safari/537.36"
154.83.103.101 - - [04/Apr/2025:09:13:39 -0400] "GET /server/s3.js HTTP/1.1" 404 15287 "-" "Mozilla/5.0 (Windows NT 10.0; Win64; x64) AppleWebKit/537.36 (KHTML, like Gecko) Chrome/91.0.4472.124 Safari/537.36"
198.54.114.83 - - [04/Apr/2025:09:13:52 -0400] "POST /wp-cron.php?doing_wp_cron=1743772431.5257411003112792968750 HTTP/1.1" 200 0 "-" "WordPress/6.7.2; https://creative-webstyle.com"
154.83.103.101 - - [04/Apr/2025:09:13:51 -0400] "GET /server_info.php HTTP/1.1" 404 15288 "-" "Mozilla/5.0 (Windows NT 10.0; Win64; x64) AppleWebKit/537.36 (KHTML, like Gecko) Chrome/91.0.4472.124 Safari/537.36"
154.83.103.101 - - [04/Apr/2025:09:13:53 -0400] "GET /service/email_service.py HTTP/1.1" 404 15293 "-" "Mozilla/5.0 (Windows NT 10.0; Win64; x64) AppleWebKit/537.36 (KHTML, like Gecko) Chrome/91.0.4472.124 Safari/537.36"
154.83.103.101 - - [04/Apr/2025:09:13:54 -0400] "GET /settings.py HTTP/1.1" 404 15287 "-" "Mozilla/5.0 (Windows NT 10.0; Win64; x64) AppleWebKit/537.36 (KHTML, like Gecko) Chrome/91.0.4472.124 Safari/537.36"
154.83.103.101 - - [04/Apr/2025:09:14:00 -0400] "GET /shared/config/config.js HTTP/1.1" 404 15295 "-" "Mozilla/5.0 (Windows NT 10.0; Win64; x64) AppleWebKit/537.36 (KHTML, like Gecko) Chrome/91.0.4472.124 Safari/537.36"
154.83.103.101 - - [04/Apr/2025:09:14:01 -0400] "GET /site/.env HTTP/1.1" 404 15286 "-" "Mozilla/5.0 (Windows NT 10.0; Win64; x64) AppleWebKit/537.36 (KHTML, like Gecko) Chrome/91.0.4472.124 Safari/537.36"
154.83.103.101 - - [04/Apr/2025:09:14:02 -0400] "GET /sms.py HTTP/1.1" 404 15284 "-" "Mozilla/5.0 (Windows NT 10.0; Win64; x64) AppleWebKit/537.36 (KHTML, like Gecko) Chrome/91.0.4472.124 Safari/537.36"
154.83.103.101 - - [04/Apr/2025:09:14:03 -0400] "GET /static/js/2.ca066a4b.chunk.js HTTP/1.1" 404 15302 "-" "Mozilla/5.0 (Windows NT 10.0; Win64; x64) AppleWebKit/537.36 (KHTML, like Gecko) Chrome/91.0.4472.124 Safari/537.36"
154.83.103.101 - - [04/Apr/2025:09:14:04 -0400] "GET /static/js/main.141b0494.js HTTP/1.1" 404 15299 "-" "Mozilla/5.0 (Windows NT 10.0; Win64; x64) AppleWebKit/537.36 (KHTML, like Gecko) Chrome/91.0.4472.124 Safari/537.36"
154.83.103.101 - - [04/Apr/2025:09:14:06 -0400] "GET /static/js/main.e85f7a37.js HTTP/1.1" 404 15298 "-" "Mozilla/5.0 (Windows NT 10.0; Win64; x64) AppleWebKit/537.36 (KHTML, like Gecko) Chrome/91.0.4472.124 Safari/537.36"
154.83.103.101 - - [04/Apr/2025:09:14:07 -0400] "GET /storage/logs/laravel.log HTTP/1.1" 404 15295 "-" "Mozilla/5.0 (Windows NT 10.0; Win64; x64) AppleWebKit/537.36 (KHTML, like Gecko) Chrome/91.0.4472.124 Safari/537.36"
154.83.103.101 - - [04/Apr/2025:09:14:14 -0400] "GET /swagger.js HTTP/1.1" 404 15286 "-" "Mozilla/5.0 (Windows NT 10.0; Win64; x64) AppleWebKit/537.36 (KHTML, like Gecko) Chrome/91.0.4472.124 Safari/537.36"
154.83.103.101 - - [04/Apr/2025:09:14:15 -0400] "GET /swagger.json HTTP/1.1" 404 15287 "-" "Mozilla/5.0 (Windows NT 10.0; Win64; x64) AppleWebKit/537.36 (KHTML, like Gecko) Chrome/91.0.4472.124 Safari/537.36"
154.83.103.101 - - [04/Apr/2025:09:14:17 -0400] "GET /test.php HTTP/1.1" 404 15284 "-" "Mozilla/5.0 (Windows NT 10.0; Win64; x64) AppleWebKit/537.36 (KHTML, like Gecko) Chrome/91.0.4472.124 Safari/537.36"
154.83.103.101 - - [04/Apr/2025:09:14:19 -0400] "GET /user/config/config.js HTTP/1.1" 404 15292 "-" "Mozilla/5.0 (Windows NT 10.0; Win64; x64) AppleWebKit/537.36 (KHTML, like Gecko) Chrome/91.0.4472.124 Safari/537.36"
154.83.103.101 - - [04/Apr/2025:09:14:20 -0400] "GET /user/controllers/index.js HTTP/1.1" 404 15297 "-" "Mozilla/5.0 (Windows NT 10.0; Win64; x64) AppleWebKit/537.36 (KHTML, like Gecko) Chrome/91.0.4472.124 Safari/537.36"
154.83.103.101 - - [04/Apr/2025:09:14:21 -0400] "GET /web/.env HTTP/1.1" 404 15286 "-" "Mozilla/5.0 (Windows NT 10.0; Win64; x64) AppleWebKit/537.36 (KHTML, like Gecko) Chrome/91.0.4472.124 Safari/537.36"
154.83.103.101 - - [04/Apr/2025:09:14:22 -0400] "GET /website/.env HTTP/1.1" 403 1242 "-" "Mozilla/5.0 (Windows NT 10.0; Win64; x64) AppleWebKit/537.36 (KHTML, like Gecko) Chrome/91.0.4472.124 Safari/537.36"
154.83.103.101 - - [04/Apr/2025:09:14:22 -0400] "GET /wp-config HTTP/1.1" 404 15283 "-" "Mozilla/5.0 (Windows NT 10.0; Win64; x64) AppleWebKit/537.36 (KHTML, like Gecko) Chrome/91.0.4472.124 Safari/537.36"
154.83.103.101 - - [04/Apr/2025:09:14:24 -0400] "GET /www/.env HTTP/1.1" 403 1242 "-" "Mozilla/5.0 (Windows NT 10.0; Win64; x64) AppleWebKit/537.36 (KHTML, like Gecko) Chrome/91.0.4472.124 Safari/537.36"
154.83.103.101 - - [04/Apr/2025:09:14:24 -0400] "GET /xampp/.env HTTP/1.1" 403 1242 "-" "Mozilla/5.0 (Windows NT 10.0; Win64; x64) AppleWebKit/537.36 (KHTML, like Gecko) Chrome/91.0.4472.124 Safari/537.36"
154.83.103.101 - - [04/Apr/2025:09:14:24 -0400] "GET /xampp/phpinfo.php HTTP/1.1" 404 15292 "-" "Mozilla/5.0 (Windows NT 10.0; Win64; x64) AppleWebKit/537.36 (KHTML, like Gecko) Chrome/91.0.4472.124 Safari/537.36"
154.83.103.101 - - [04/Apr/2025:09:14:25 -0400] "GET /.env.production HTTP/1.1" 403 1242 "-" "Mozilla/5.0 (Windows NT 10.0; Win64; x64) AppleWebKit/537.36 (KHTML, like Gecko) Chrome/91.0.4472.124 Safari/537.36"
154.83.103.101 - - [04/Apr/2025:09:14:25 -0400] "GET /cms/.env HTTP/1.1" 403 1242 "-" "Mozilla/5.0 (Windows NT 10.0; Win64; x64) AppleWebKit/537.36 (KHTML, like Gecko) Chrome/91.0.4472.124 Safari/537.36"
154.83.103.101 - - [04/Apr/2025:09:14:25 -0400] "GET /script/.env HTTP/1.1" 403 1242 "-" "Mozilla/5.0 (Windows NT 10.0; Win64; x64) AppleWebKit/537.36 (KHTML, like Gecko) Chrome/91.0.4472.124 Safari/537.36"
198.54.114.83 - - [04/Apr/2025:09:14:32 -0400] "POST /wp-cron.php?doing_wp_cron=1743772472.1167669296264648437500 HTTP/1.1" 200 0 "-" "WordPress/6.7.2; https://creative-webstyle.com"
154.83.103.101 - - [04/Apr/2025:09:14:31 -0400] "GET /live_env HTTP/1.1" 404 15286 "-" "Mozilla/5.0 (Windows NT 10.0; Win64; x64) AppleWebKit/537.36 (KHTML, like Gecko) Chrome/91.0.4472.124 Safari/537.36"
154.83.103.101 - - [04/Apr/2025:09:14:33 -0400] "GET /.env.project HTTP/1.1" 403 1242 "-" "Mozilla/5.0 (Windows NT 10.0; Win64; x64) AppleWebKit/537.36 (KHTML, like Gecko) Chrome/91.0.4472.124 Safari/537.36"
154.83.103.101 - - [04/Apr/2025:09:14:33 -0400] "GET /.env.dist HTTP/1.1" 403 1242 "-" "Mozilla/5.0 (Windows NT 10.0; Win64; x64) AppleWebKit/537.36 (KHTML, like Gecko) Chrome/91.0.4472.124 Safari/537.36"
154.83.103.101 - - [04/Apr/2025:09:14:34 -0400] "GET /fedex/.env HTTP/1.1" 403 1242 "-" "Mozilla/5.0 (Windows NT 10.0; Win64; x64) AppleWebKit/537.36 (KHTML, like Gecko) Chrome/91.0.4472.124 Safari/537.36"
154.83.103.101 - - [04/Apr/2025:09:14:38 -0400] "GET /rest/.env HTTP/1.1" 403 1242 "-" "Mozilla/5.0 (Windows NT 10.0; Win64; x64) AppleWebKit/537.36 (KHTML, like Gecko) Chrome/91.0.4472.124 Safari/537.36"
154.83.103.101 - - [04/Apr/2025:09:14:38 -0400] "GET /shared/.env HTTP/1.1" 403 1242 "-" "Mozilla/5.0 (Windows NT 10.0; Win64; x64) AppleWebKit/537.36 (KHTML, like Gecko) Chrome/91.0.4472.124 Safari/537.36"
154.83.103.101 - - [04/Apr/2025:09:14:39 -0400] "GET /.env.development.local HTTP/1.1" 403 1242 "-" "Mozilla/5.0 (Windows NT 10.0; Win64; x64) AppleWebKit/537.36 (KHTML, like Gecko) Chrome/91.0.4472.124 Safari/537.36"
154.83.103.101 - - [04/Apr/2025:09:14:39 -0400] "GET /.remote HTTP/1.1" 404 15283 "-" "Mozilla/5.0 (Windows NT 10.0; Win64; x64) AppleWebKit/537.36 (KHTML, like Gecko) Chrome/91.0.4472.124 Safari/537.36"
154.83.103.101 - - [04/Apr/2025:09:14:41 -0400] "GET /.local HTTP/1.1" 301 0 "-" "Mozilla/5.0 (Windows NT 10.0; Win64; x64) AppleWebKit/537.36 (KHTML, like Gecko) Chrome/91.0.4472.124 Safari/537.36"
216.244.66.194 - - [04/Apr/2025:09:14:45 -0400] "GET /the-best-massage-gun-is-not-just-a-device/ HTTP/1.1" 200 22511 "-" "Mozilla/5.0 (compatible; DotBot/1.2; +https://opensiteexplorer.org/dotbot; help@moz.com)"
216.244.66.194 - - [04/Apr/2025:09:18:44 -0400] "GET /ein-leitfaden-fur-investoren/ HTTP/1.1" 200 22504 "-" "Mozilla/5.0 (compatible; DotBot/1.2; +https://opensiteexplorer.org/dotbot; help@moz.com)"
198.54.114.83 - - [04/Apr/2025:09:18:51 -0400] "POST /wp-cron.php?doing_wp_cron=1743772731.1244459152221679687500 HTTP/1.1" 200 0 "-" "WordPress/6.7.2; https://creative-webstyle.com"
216.244.66.194 - - [04/Apr/2025:09:18:50 -0400] "GET /lag-bolt/ HTTP/1.1" 200 21795 "-" "Mozilla/5.0 (compatible; DotBot/1.2; +https://opensiteexplorer.org/dotbot; help@moz.com)"
198.54.114.83 - - [04/Apr/2025:09:22:38 -0400] "POST /wp-cron.php?doing_wp_cron=1743772957.6778070926666259765625 HTTP/1.1" 200 0 "-" "WordPress/6.7.2; https://creative-webstyle.com"
216.244.66.194 - - [04/Apr/2025:09:22:37 -0400] "GET /can-you-buy-views-on-tiktok/ HTTP/1.1" 200 21854 "-" "Mozilla/5.0 (compatible; DotBot/1.2; +https://opensiteexplorer.org/dotbot; help@moz.com)"
198.54.114.83 - - [04/Apr/2025:09:34:45 -0400] "POST /wp-cron.php?doing_wp_cron=1743773684.5436439514160156250000 HTTP/1.1" 200 0 "-" "WordPress/6.7.2; https://creative-webstyle.com"
167.172.130.206 - - [04/Apr/2025:09:34:39 -0400] "GET /zwso.php HTTP/1.1" 404 15285 "www.google.com" "Mozlila/5.0 (Linux; Android 7.0; SM-G892A Bulid/NRD90M; wv) AppleWebKit/537.36 (KHTML, like Gecko) Version/4.0 Chrome/60.0.3112.107 Moblie Safari/537.36"
129.80.255.13 - - [04/Apr/2025:09:39:27 -0400] "GET / HTTP/1.1" 200 98430 "-" "Mozilla/5.0 (Windows NT 10.0; Win64; x64) AppleWebKit/537.36 (KHTML, like Gecko) Chrome/95.0.4638.69 Safari/537.36"
129.80.255.13 - - [04/Apr/2025:09:39:28 -0400] "GET /wp-includes/ID3/license.txt HTTP/1.1" 200 501 "-" "Mozilla/5.0 (Windows NT 10.0; Win64; x64) AppleWebKit/537.36 (KHTML, like Gecko) Chrome/95.0.4638.69 Safari/537.36"
198.54.114.83 - - [04/Apr/2025:09:39:30 -0400] "POST /wp-cron.php?doing_wp_cron=1743773969.5567779541015625000000 HTTP/1.1" 200 0 "-" "WordPress/6.7.2; https://creative-webstyle.com"
129.80.255.13 - - [04/Apr/2025:09:39:28 -0400] "GET /feed/ HTTP/1.1" 200 777206 "-" "Mozilla/5.0 (Windows NT 10.0; Win64; x64) AppleWebKit/537.36 (KHTML, like Gecko) Chrome/95.0.4638.69 Safari/537.36"
129.80.255.13 - - [04/Apr/2025:09:39:34 -0400] "GET /?author=1 HTTP/1.1" 200 98430 "-" "Mozilla/5.0 (Windows NT 10.0; Win64; x64) AppleWebKit/537.36 (KHTML, like Gecko) Chrome/95.0.4638.69 Safari/537.36"
129.80.255.13 - - [04/Apr/2025:09:39:35 -0400] "GET /wp-json/wp/v2/users/ HTTP/1.1" 200 2069 "-" "Mozilla/5.0 (Windows NT 10.0; Win64; x64) AppleWebKit/537.36 (KHTML, like Gecko) Chrome/95.0.4638.69 Safari/537.36"
198.54.114.83 - - [04/Apr/2025:09:54:06 -0400] "POST /wp-cron.php?doing_wp_cron=1743774846.5064051151275634765625 HTTP/1.1" 200 0 "-" "WordPress/6.7.2; https://creative-webstyle.com"
216.244.66.194 - - [04/Apr/2025:09:54:03 -0400] "GET /optimierung-der-hattinger-steuererklarung/ HTTP/1.1" 200 22604 "-" "Mozilla/5.0 (compatible; DotBot/1.2; +https://opensiteexplorer.org/dotbot; help@moz.com)"
198.54.114.83 - - [04/Apr/2025:09:58:53 -0400] "POST /wp-cron.php?doing_wp_cron=1743775133.5530760288238525390625 HTTP/1.1" 200 0 "-" "WordPress/6.7.2; https://creative-webstyle.com"
216.244.66.194 - - [04/Apr/2025:09:58:51 -0400] "GET /2023/09/05/ HTTP/1.1" 301 0 "-" "Mozilla/5.0 (compatible; DotBot/1.2; +https://opensiteexplorer.org/dotbot; help@moz.com)"
216.244.66.194 - - [04/Apr/2025:09:59:40 -0400] "GET /choosing-a-diaper-bag/ HTTP/1.1" 200 23853 "-" "Mozilla/5.0 (compatible; DotBot/1.2; +https://opensiteexplorer.org/dotbot; help@moz.com)"
198.54.114.83 - - [04/Apr/2025:10:01:53 -0400] "POST /wp-cron.php?doing_wp_cron=1743775312.6615040302276611328125 HTTP/1.1" 200 0 "-" "WordPress/6.7.2; https://creative-webstyle.com"
216.244.66.194 - - [04/Apr/2025:10:01:51 -0400] "GET /sport-betting-sites/ HTTP/1.1" 200 21740 "-" "Mozilla/5.0 (compatible; DotBot/1.2; +https://opensiteexplorer.org/dotbot; help@moz.com)"
198.54.114.83 - - [04/Apr/2025:10:11:16 -0400] "POST /wp-cron.php?doing_wp_cron=1743775875.9798159599304199218750 HTTP/1.1" 200 0 "-" "WordPress/6.7.2; https://creative-webstyle.com"
216.244.66.194 - - [04/Apr/2025:10:11:12 -0400] "GET /youtube-views/feed/ HTTP/1.1" 200 410 "-" "Mozilla/5.0 (compatible; DotBot/1.2; +https://opensiteexplorer.org/dotbot; help@moz.com)"
216.244.66.194 - - [04/Apr/2025:10:12:00 -0400] "GET /how-to-send-large-files-online-for-free/feed/ HTTP/1.1" 200 449 "-" "Mozilla/5.0 (compatible; DotBot/1.2; +https://opensiteexplorer.org/dotbot; help@moz.com)"
198.54.114.83 - - [04/Apr/2025:10:12:38 -0400] "POST /wp-cron.php?doing_wp_cron=1743775957.3507308959960937500000 HTTP/1.1" 200 0 "-" "WordPress/6.7.2; https://creative-webstyle.com"
216.244.66.194 - - [04/Apr/2025:10:12:36 -0400] "GET /category/activity/page/108/ HTTP/1.1" 200 20462 "-" "Mozilla/5.0 (compatible; DotBot/1.2; +https://opensiteexplorer.org/dotbot; help@moz.com)"
198.54.114.83 - - [04/Apr/2025:10:13:09 -0400] "POST /wp-cron.php?doing_wp_cron=1743775988.2706179618835449218750 HTTP/1.1" 200 0 "-" "WordPress/6.7.2; https://creative-webstyle.com"
216.244.66.194 - - [04/Apr/2025:10:13:07 -0400] "GET /category/activity/page/5/ HTTP/1.1" 200 20579 "-" "Mozilla/5.0 (compatible; DotBot/1.2; +https://opensiteexplorer.org/dotbot; help@moz.com)"
216.244.66.194 - - [04/Apr/2025:10:29:39 -0400] "GET /robots.txt HTTP/1.1" 304 0 "-" "Mozilla/5.0 (compatible; DotBot/1.2; +https://opensiteexplorer.org/dotbot; help@moz.com)"
198.54.114.83 - - [04/Apr/2025:10:37:51 -0400] "POST /wp-cron.php?doing_wp_cron=1743777470.7223949432373046875000 HTTP/1.1" 200 0 "-" "WordPress/6.7.2; https://creative-webstyle.com"
151.106.160.158 - - [04/Apr/2025:10:37:47 -0400] "GET /%E3%83%98%E3%82%A2%E3%82%B9%E3%82%BF%E3%82%A4%E3%83%AB%E3%81%AB%E8%87%AA%E4%BF%A1%E3%81%8C%E3%81%AA%E3%81%8F%E3%81%AA%E3%82%8A%E9%AB%AA%E3%81%AE%E6%AF%9B%E3%82%92%E5%A2%97%E3%82%84%E3%81%97/img/img01.png HTTP/1.1" 301 0 "-" "Mozilla/5.0 (X11; Ubuntu; Linux x86_64; rv:72.0) Gecko/20100101 Firefox/72.0"
151.106.160.158 - - [04/Apr/2025:10:37:54 -0400] "GET /%E3%83%98%E3%82%A2%E3%82%B9%E3%82%BF%E3%82%A4%E3%83%AB%E3%81%AB%E8%87%AA%E4%BF%A1%E3%81%8C%E3%81%AA%E3%81%8F%E3%81%AA%E3%82%8A%E9%AB%AA%E3%81%AE%E6%AF%9B%E3%82%92%E5%A2%97%E3%82%84%E3%81%97/img/img01.png HTTP/1.1" 404 15395 "-" "Mozilla/5.0 (X11; Ubuntu; Linux x86_64; rv:72.0) Gecko/20100101 Firefox/72.0"
151.106.160.158 - - [04/Apr/2025:10:37:56 -0400] "GET /%E3%83%98%E3%82%A2%E3%82%B9%E3%82%BF%E3%82%A4%E3%83%AB%E3%81%AB%E8%87%AA%E4%BF%A1%E3%81%8C%E3%81%AA%E3%81%8F%E3%81%AA%E3%82%8A%E9%AB%AA%E3%81%AE%E6%AF%9B%E3%82%92%E5%A2%97%E3%82%84%E3%81%97/img/img01.png HTTP/1.1" 301 0 "-" "Mozilla/5.0 (X11; Ubuntu; Linux x86_64; rv:72.0) Gecko/20100101 Firefox/72.0"
151.106.160.158 - - [04/Apr/2025:10:37:56 -0400] "GET /%E3%83%98%E3%82%A2%E3%82%B9%E3%82%BF%E3%82%A4%E3%83%AB%E3%81%AB%E8%87%AA%E4%BF%A1%E3%81%8C%E3%81%AA%E3%81%8F%E3%81%AA%E3%82%8A%E9%AB%AA%E3%81%AE%E6%AF%9B%E3%82%92%E5%A2%97%E3%82%84%E3%81%97/img/img01.png HTTP/1.1" 404 15395 "-" "Mozilla/5.0 (X11; Ubuntu; Linux x86_64; rv:72.0) Gecko/20100101 Firefox/72.0"
151.106.160.158 - - [04/Apr/2025:10:37:57 -0400] "GET /%E3%83%98%E3%82%A2%E3%82%B9%E3%82%BF%E3%82%A4%E3%83%AB%E3%81%AB%E8%87%AA%E4%BF%A1%E3%81%8C%E3%81%AA%E3%81%8F%E3%81%AA%E3%82%8A%E9%AB%AA%E3%81%AE%E6%AF%9B%E3%82%92%E5%A2%97%E3%82%84%E3%81%97/img/img01.png HTTP/1.1" 301 0 "-" "Mozilla/5.0 (X11; Ubuntu; Linux x86_64; rv:72.0) Gecko/20100101 Firefox/72.0"
151.106.160.158 - - [04/Apr/2025:10:37:57 -0400] "GET /%E3%83%98%E3%82%A2%E3%82%B9%E3%82%BF%E3%82%A4%E3%83%AB%E3%81%AB%E8%87%AA%E4%BF%A1%E3%81%8C%E3%81%AA%E3%81%8F%E3%81%AA%E3%82%8A%E9%AB%AA%E3%81%AE%E6%AF%9B%E3%82%92%E5%A2%97%E3%82%84%E3%81%97/img/img01.png HTTP/1.1" 404 15395 "-" "Mozilla/5.0 (X11; Ubuntu; Linux x86_64; rv:72.0) Gecko/20100101 Firefox/72.0"
5.253.117.6 - - [04/Apr/2025:10:38:01 -0400] "GET /michael-kors-bags-a-vision-of-sophistication-and-glitz/ HTTP/1.1" 200 23121 "-" "Mozilla/5.0 (Linux x86_64; rv:114.0) Gecko/20100101 Firefox/114.0"
198.54.114.83 - - [04/Apr/2025:10:39:46 -0400] "POST /wp-cron.php?doing_wp_cron=1743777586.4478750228881835937500 HTTP/1.1" 200 0 "-" "WordPress/6.7.2; https://creative-webstyle.com"
216.244.66.194 - - [04/Apr/2025:10:39:44 -0400] "GET /fire-pump/ HTTP/1.1" 200 21559 "-" "Mozilla/5.0 (compatible; DotBot/1.2; +https://opensiteexplorer.org/dotbot; help@moz.com)"
198.54.114.83 - - [04/Apr/2025:10:40:46 -0400] "POST /wp-cron.php?doing_wp_cron=1743777645.5673630237579345703125 HTTP/1.1" 200 0 "-" "WordPress/6.7.2; https://creative-webstyle.com"
216.244.66.194 - - [04/Apr/2025:10:40:45 -0400] "GET /a-modern-gambling-frontiers/ HTTP/1.1" 200 22155 "-" "Mozilla/5.0 (compatible; DotBot/1.2; +https://opensiteexplorer.org/dotbot; help@moz.com)"
198.54.114.83 - - [04/Apr/2025:10:51:07 -0400] "POST /wp-cron.php?doing_wp_cron=1743778266.8379850387573242187500 HTTP/1.1" 200 0 "-" "WordPress/6.7.2; https://creative-webstyle.com"
216.244.66.194 - - [04/Apr/2025:10:51:06 -0400] "GET /cutting-edge-technology/ HTTP/1.1" 200 22711 "-" "Mozilla/5.0 (compatible; DotBot/1.2; +https://opensiteexplorer.org/dotbot; help@moz.com)"
43.163.127.166 - - [04/Apr/2025:10:57:57 -0400] "GET / HTTP/1.1" 200 98430 "-" "Mozilla/5.0 (Windows NT 10.0; Win64; x64) AppleWebKit/537.36 (KHTML, like Gecko) Chrome/88.0.4240.193 Safari/537.36"
43.163.127.166 - - [04/Apr/2025:10:57:59 -0400] "GET / HTTP/1.1" 200 98430 "-" "Mozilla/5.0 (Windows NT 10.0; Win64; x64) AppleWebKit/537.36 (KHTML, like Gecko) Chrome/88.0.4240.193 Safari/537.36"
43.163.127.166 - - [04/Apr/2025:10:58:00 -0400] "GET /wp-includes/wlwmanifest.xml HTTP/1.1" 404 15295 "-" "Mozilla/5.0 (Windows NT 10.0; Win64; x64) AppleWebKit/537.36 (KHTML, like Gecko) Chrome/88.0.4240.193 Safari/537.36"
43.163.127.166 - - [04/Apr/2025:10:58:02 -0400] "GET /wp-login.php HTTP/1.1" 302 0 "-" "Mozilla/5.0 (Windows NT 10.0; Win64; x64) AppleWebKit/537.36 (KHTML, like Gecko) Chrome/88.0.4240.193 Safari/537.36"
216.244.66.194 - - [04/Apr/2025:10:58:29 -0400] "GET /the-versatility-of-cement-tiles/feed/ HTTP/1.1" 200 436 "-" "Mozilla/5.0 (compatible; DotBot/1.2; +https://opensiteexplorer.org/dotbot; help@moz.com)"
216.244.66.194 - - [04/Apr/2025:11:15:03 -0400] "GET /robots.txt HTTP/1.1" 304 0 "-" "Mozilla/5.0 (compatible; DotBot/1.2; +https://opensiteexplorer.org/dotbot; help@moz.com)"
93.123.109.101 - - [04/Apr/2025:11:18:45 -0400] "GET /lzdmod/common-info/5.0.30/index.js HTTP/1.1" 404 15307 "-" "Mozilla/5.0 (Windows NT 10.0; Win64; x64) AppleWebKit/537.36 Chrome/121.0.0.0"
165.232.156.160 - - [04/Apr/2025:11:19:43 -0400] "GET / HTTP/1.1" 200 98430 "-" "Mozilla/5.0 (compatible)"
198.54.114.83 - - [04/Apr/2025:11:19:44 -0400] "POST /wp-cron.php?doing_wp_cron=1743779984.5883560180664062500000 HTTP/1.1" 200 0 "-" "WordPress/6.7.2; https://creative-webstyle.com"
165.232.156.160 - - [04/Apr/2025:11:19:44 -0400] "GET /ads.txt HTTP/1.1" 301 0 "-" "Mozilla/5.0 (compatible)"
5.164.201.70 - - [04/Apr/2025:11:21:31 -0400] "GET / HTTP/1.1" 200 98430 "-" "Mozilla/5.0 (Windows NT 6.3; WOW64) AppleWebKit/537.36 (KHTML, like Gecko) Chrome/50.0.2661.102 Safari/537.36"
5.164.201.70 - - [04/Apr/2025:11:21:33 -0400] "GET / HTTP/1.1" 200 98430 "-" "Mozilla/5.0 (Windows NT 6.3; WOW64) AppleWebKit/537.36 (KHTML, like Gecko) Chrome/50.0.2661.102 Safari/537.36"
5.164.201.70 - - [04/Apr/2025:11:21:34 -0400] "GET /http:/ HTTP/1.1" 200 0 "-" "Mozilla/5.0 (Windows NT 6.3; WOW64) AppleWebKit/537.36 (KHTML, like Gecko) Chrome/50.0.2661.102 Safari/537.36"
198.54.114.83 - - [04/Apr/2025:11:21:38 -0400] "POST /wp-cron.php?doing_wp_cron=1743780098.0753800868988037109375 HTTP/1.1" 200 0 "-" "WordPress/6.7.2; https://creative-webstyle.com"
198.54.114.83 - - [04/Apr/2025:11:25:33 -0400] "POST /wp-cron.php?doing_wp_cron=1743780333.2283060550689697265625 HTTP/1.1" 200 0 "-" "WordPress/6.7.2; https://creative-webstyle.com"
216.244.66.194 - - [04/Apr/2025:11:25:33 -0400] "GET /sports-car-the-beauty-that-sports-cars-possess/ HTTP/1.1" 200 22945 "-" "Mozilla/5.0 (compatible; DotBot/1.2; +https://opensiteexplorer.org/dotbot; help@moz.com)"
51.222.253.7 - - [04/Apr/2025:11:26:53 -0400] "GET /robots.txt HTTP/1.1" 200 132 "-" "Mozilla/5.0 (compatible; AhrefsBot/7.0; +http://ahrefs.com/robot/)"
198.54.114.83 - - [04/Apr/2025:11:27:56 -0400] "POST /wp-cron.php?doing_wp_cron=1743780476.0921370983123779296875 HTTP/1.1" 200 0 "-" "WordPress/6.7.2; https://creative-webstyle.com"
216.244.66.194 - - [04/Apr/2025:11:27:55 -0400] "GET /crafting-the-ultimate-custom-gaming-pc/ HTTP/1.1" 200 22990 "-" "Mozilla/5.0 (compatible; DotBot/1.2; +https://opensiteexplorer.org/dotbot; help@moz.com)"
216.244.66.194 - - [04/Apr/2025:11:28:01 -0400] "GET /sport-betting-sites/feed/ HTTP/1.1" 200 439 "-" "Mozilla/5.0 (compatible; DotBot/1.2; +https://opensiteexplorer.org/dotbot; help@moz.com)"
216.244.66.194 - - [04/Apr/2025:11:28:27 -0400] "GET /unveiling-the-core-exploring-the-hauptseite/feed/ HTTP/1.1" 200 453 "-" "Mozilla/5.0 (compatible; DotBot/1.2; +https://opensiteexplorer.org/dotbot; help@moz.com)"
198.54.114.83 - - [04/Apr/2025:11:29:34 -0400] "POST /wp-cron.php?doing_wp_cron=1743780574.6869049072265625000000 HTTP/1.1" 200 0 "-" "WordPress/6.7.2; https://creative-webstyle.com"
216.244.66.194 - - [04/Apr/2025:11:29:34 -0400] "GET /unveiling-the-enchantment-of-the-myst-condo/ HTTP/1.1" 200 22544 "-" "Mozilla/5.0 (compatible; DotBot/1.2; +https://opensiteexplorer.org/dotbot; help@moz.com)"
198.54.114.83 - - [04/Apr/2025:11:32:07 -0400] "POST /wp-cron.php?doing_wp_cron=1743780727.5682010650634765625000 HTTP/1.1" 200 0 "-" "WordPress/6.7.2; https://creative-webstyle.com"
216.244.66.194 - - [04/Apr/2025:11:32:03 -0400] "GET /revolutionizing-workplace-communication-the-employee-communication-app/feed/ HTTP/1.1" 200 460 "-" "Mozilla/5.0 (compatible; DotBot/1.2; +https://opensiteexplorer.org/dotbot; help@moz.com)"
198.54.114.83 - - [04/Apr/2025:11:38:20 -0400] "POST /wp-cron.php?doing_wp_cron=1743781100.4320600032806396484375 HTTP/1.1" 200 0 "-" "WordPress/6.7.2; https://creative-webstyle.com"
216.244.66.194 - - [04/Apr/2025:11:38:18 -0400] "GET /die-rolle-des-scheidungsanwalts/feed/ HTTP/1.1" 200 432 "-" "Mozilla/5.0 (compatible; DotBot/1.2; +https://opensiteexplorer.org/dotbot; help@moz.com)"
216.244.66.194 - - [04/Apr/2025:11:41:21 -0400] "GET /cils-de-la-machoire-sifflante/feed/ HTTP/1.1" 200 437 "-" "Mozilla/5.0 (compatible; DotBot/1.2; +https://opensiteexplorer.org/dotbot; help@moz.com)"
216.244.66.194 - - [04/Apr/2025:11:42:05 -0400] "GET /liquid-silicone-rubber-suppliers-in-sri-lanka/feed/ HTTP/1.1" 200 454 "-" "Mozilla/5.0 (compatible; DotBot/1.2; +https://opensiteexplorer.org/dotbot; help@moz.com)"
222.186.134.245 - - [04/Apr/2025:11:57:17 -0400] "GET /apps/admin/view/default/layui/css/layui.css HTTP/1.1" 404 15308 "http://creative-webstyle.com/apps/admin/view/default/layui/css/layui.css" "Mozilla/4.0 (compatible; MSIE 9.0; Windows NT 6.1)"
216.244.66.194 - - [04/Apr/2025:12:07:33 -0400] "GET / HTTP/1.1" 200 98430 "-" "Mozilla/5.0 (compatible; DotBot/1.2; +https://opensiteexplorer.org/dotbot; help@moz.com)"
170.106.192.3 - - [04/Apr/2025:12:08:26 -0400] "GET / HTTP/1.1" 200 98430 "-" "Mozilla/5.0 (iPhone; CPU iPhone OS 13_2_3 like Mac OS X) AppleWebKit/605.1.15 (KHTML, like Gecko) Version/13.0.3 Mobile/15E148 Safari/604.1"
198.235.24.91 - - [04/Apr/2025:12:08:54 -0400] "GET / HTTP/1.1" 200 98430 "-" "Expanse, a Palo Alto Networks company, searches across the global IPv4 space multiple times per day to identify customers' presences on the Internet. If you would like to be excluded from our scans, please send IP addresses/domains to: scaninfo@paloaltonetworks.com"
216.244.66.194 - - [04/Apr/2025:12:14:20 -0400] "GET /2023/06/08/ HTTP/1.1" 301 0 "-" "Mozilla/5.0 (compatible; DotBot/1.2; +https://opensiteexplorer.org/dotbot; help@moz.com)"
216.244.66.194 - - [04/Apr/2025:12:14:26 -0400] "GET /2023/12/12/ HTTP/1.1" 301 0 "-" "Mozilla/5.0 (compatible; DotBot/1.2; +https://opensiteexplorer.org/dotbot; help@moz.com)"
198.54.114.83 - - [04/Apr/2025:12:14:32 -0400] "POST /wp-cron.php?doing_wp_cron=1743783271.3169479370117187500000 HTTP/1.1" 200 0 "-" "WordPress/6.7.2; https://creative-webstyle.com"
216.244.66.194 - - [04/Apr/2025:12:14:31 -0400] "GET /exploring-the-world-of-abdominoplasty/ HTTP/1.1" 200 22820 "-" "Mozilla/5.0 (compatible; DotBot/1.2; +https://opensiteexplorer.org/dotbot; help@moz.com)"
216.244.66.194 - - [04/Apr/2025:12:14:52 -0400] "GET /send-flowers-online/ HTTP/1.1" 200 22596 "-" "Mozilla/5.0 (compatible; DotBot/1.2; +https://opensiteexplorer.org/dotbot; help@moz.com)"
216.244.66.194 - - [04/Apr/2025:12:27:29 -0400] "GET /category/activity/page/82/ HTTP/1.1" 200 20632 "-" "Mozilla/5.0 (compatible; DotBot/1.2; +https://opensiteexplorer.org/dotbot; help@moz.com)"
157.230.1.83 - - [04/Apr/2025:12:30:01 -0400] "GET /wp-admin/css/ HTTP/1.1" 403 1242 "binance.com" "Mozilla/5.0 (Windows NT 10.0; Win64; x64) AppleWebKit/537.36 (KHTML, like Gecko) Chrome/90.0.4430.85 Safari/537.36"
198.54.114.83 - - [04/Apr/2025:12:32:40 -0400] "POST /wp-cron.php?doing_wp_cron=1743784359.9268729686737060546875 HTTP/1.1" 200 0 "-" "WordPress/6.7.2; https://creative-webstyle.com"
122.8.183.243 - - [04/Apr/2025:12:32:35 -0400] "GET /die-entwicklung-moderner-hangelampen HTTP/1.1" 404 15308 "http://creative-webstyle.com/die-entwicklung-moderner-hangelampen" "Mozilla/5.0 (Windows NT 10.0; Win64; x64) AppleWebKit/537.36 (KHTML, like Gecko) Chrome/116.0.0.0 Safari/537.36"
216.244.66.194 - - [04/Apr/2025:12:46:00 -0400] "GET /robots.txt HTTP/1.1" 304 0 "-" "Mozilla/5.0 (compatible; DotBot/1.2; +https://opensiteexplorer.org/dotbot; help@moz.com)"
198.54.114.83 - - [04/Apr/2025:12:48:24 -0400] "POST /wp-cron.php?doing_wp_cron=1743785304.4378209114074707031250 HTTP/1.1" 200 0 "-" "WordPress/6.7.2; https://creative-webstyle.com"
2602:fb54:962:: - - [04/Apr/2025:12:48:20 -0400] "GET /adminfuns.php?520 HTTP/1.1" 404 15293 "-" "Mozilla/5.0 (Windows; U; Windows NT 6.1; en-US; rv:1.9.1.5) Gecko/20091102 Firefox/3.5.5 (.NET CLR 3.5.30729)"
4.227.36.81 - - [04/Apr/2025:13:04:31 -0400] "GET /robots.txt HTTP/1.1" 200 132 "-" "Mozilla/5.0 AppleWebKit/537.36 (KHTML, like Gecko; compatible; GPTBot/1.2; +https://openai.com/gptbot)"
198.54.114.83 - - [04/Apr/2025:13:06:11 -0400] "POST /wp-cron.php?doing_wp_cron=1743786370.5564820766448974609375 HTTP/1.1" 200 0 "-" "WordPress/6.7.2; https://creative-webstyle.com"
13.201.1.202 - - [04/Apr/2025:13:06:08 -0400] "GET /dropdown.php HTTP/1.1" 404 15288 "-" "Mozlila/5.0 (Linux; Android 7.0; SM-G892A Bulid/NRD90M; wv) AppleWebKit/537.36 (KHTML, like Gecko) Version/4.0 Chrome/60.0.3112.107 Moblie Safari/537.36"
13.201.1.202 - - [04/Apr/2025:13:06:18 -0400] "GET /radio.php HTTP/1.1" 404 15284 "-" "Mozlila/5.0 (Linux; Android 7.0; SM-G892A Bulid/NRD90M; wv) AppleWebKit/537.36 (KHTML, like Gecko) Version/4.0 Chrome/60.0.3112.107 Moblie Safari/537.36"
13.201.1.202 - - [04/Apr/2025:13:06:21 -0400] "GET /randkeyword.php HTTP/1.1" 404 15290 "-" "Mozlila/5.0 (Linux; Android 7.0; SM-G892A Bulid/NRD90M; wv) AppleWebKit/537.36 (KHTML, like Gecko) Version/4.0 Chrome/60.0.3112.107 Moblie Safari/537.36"
13.201.1.202 - - [04/Apr/2025:13:06:27 -0400] "GET /flower.php HTTP/1.1" 404 15285 "-" "Mozlila/5.0 (Linux; Android 7.0; SM-G892A Bulid/NRD90M; wv) AppleWebKit/537.36 (KHTML, like Gecko) Version/4.0 Chrome/60.0.3112.107 Moblie Safari/537.36"
198.54.114.83 - - [04/Apr/2025:13:06:35 -0400] "POST /wp-cron.php?doing_wp_cron=1743786395.2882540225982666015625 HTTP/1.1" 200 0 "-" "WordPress/6.7.2; https://creative-webstyle.com"
13.201.1.202 - - [04/Apr/2025:13:06:34 -0400] "GET /item.php HTTP/1.1" 404 15282 "-" "Mozlila/5.0 (Linux; Android 7.0; SM-G892A Bulid/NRD90M; wv) AppleWebKit/537.36 (KHTML, like Gecko) Version/4.0 Chrome/60.0.3112.107 Moblie Safari/537.36"
13.201.1.202 - - [04/Apr/2025:13:06:41 -0400] "GET /admin.php HTTP/1.1" 404 15284 "-" "Mozlila/5.0 (Linux; Android 7.0; SM-G892A Bulid/NRD90M; wv) AppleWebKit/537.36 (KHTML, like Gecko) Version/4.0 Chrome/60.0.3112.107 Moblie Safari/537.36"
13.201.1.202 - - [04/Apr/2025:13:06:42 -0400] "GET /sim.php HTTP/1.1" 404 15283 "-" "Mozlila/5.0 (Linux; Android 7.0; SM-G892A Bulid/NRD90M; wv) AppleWebKit/537.36 (KHTML, like Gecko) Version/4.0 Chrome/60.0.3112.107 Moblie Safari/537.36"
13.201.1.202 - - [04/Apr/2025:13:06:48 -0400] "GET /about.php HTTP/1.1" 404 15283 "-" "Mozlila/5.0 (Linux; Android 7.0; SM-G892A Bulid/NRD90M; wv) AppleWebKit/537.36 (KHTML, like Gecko) Version/4.0 Chrome/60.0.3112.107 Moblie Safari/537.36"
198.54.114.83 - - [04/Apr/2025:13:06:54 -0400] "POST /wp-cron.php?doing_wp_cron=1743786414.1593809127807617187500 HTTP/1.1" 200 0 "-" "WordPress/6.7.2; https://creative-webstyle.com"
13.201.1.202 - - [04/Apr/2025:13:06:53 -0400] "GET /wp-content/admin.php HTTP/1.1" 404 15286 "-" "Mozlila/5.0 (Linux; Android 7.0; SM-G892A Bulid/NRD90M; wv) AppleWebKit/537.36 (KHTML, like Gecko) Version/4.0 Chrome/60.0.3112.107 Moblie Safari/537.36"
13.201.1.202 - - [04/Apr/2025:13:06:56 -0400] "GET /edit.php HTTP/1.1" 404 15284 "-" "Mozlila/5.0 (Linux; Android 7.0; SM-G892A Bulid/NRD90M; wv) AppleWebKit/537.36 (KHTML, like Gecko) Version/4.0 Chrome/60.0.3112.107 Moblie Safari/537.36"
13.201.1.202 - - [04/Apr/2025:13:07:00 -0400] "GET /wp-content/plugins/index.php HTTP/1.1" 200 0 "-" "Mozlila/5.0 (Linux; Android 7.0; SM-G892A Bulid/NRD90M; wv) AppleWebKit/537.36 (KHTML, like Gecko) Version/4.0 Chrome/60.0.3112.107 Moblie Safari/537.36"
13.201.1.202 - - [04/Apr/2025:13:07:05 -0400] "GET /themes.php HTTP/1.1" 404 15283 "-" "Mozlila/5.0 (Linux; Android 7.0; SM-G892A Bulid/NRD90M; wv) AppleWebKit/537.36 (KHTML, like Gecko) Version/4.0 Chrome/60.0.3112.107 Moblie Safari/537.36"
13.201.1.202 - - [04/Apr/2025:13:07:08 -0400] "GET /wp-includes/ID3/index.php HTTP/1.1" 301 0 "-" "Mozlila/5.0 (Linux; Android 7.0; SM-G892A Bulid/NRD90M; wv) AppleWebKit/537.36 (KHTML, like Gecko) Version/4.0 Chrome/60.0.3112.107 Moblie Safari/537.36"
13.201.1.202 - - [04/Apr/2025:13:07:09 -0400] "GET /wp-includes/ID3/ HTTP/1.1" 403 1242 "-" "Mozlila/5.0 (Linux; Android 7.0; SM-G892A Bulid/NRD90M; wv) AppleWebKit/537.36 (KHTML, like Gecko) Version/4.0 Chrome/60.0.3112.107 Moblie Safari/537.36"
13.201.1.202 - - [04/Apr/2025:13:07:14 -0400] "GET /wp-admin/maint/index.php HTTP/1.1" 301 0 "-" "Mozlila/5.0 (Linux; Android 7.0; SM-G892A Bulid/NRD90M; wv) AppleWebKit/537.36 (KHTML, like Gecko) Version/4.0 Chrome/60.0.3112.107 Moblie Safari/537.36"
13.201.1.202 - - [04/Apr/2025:13:07:16 -0400] "GET /wp-admin/maint/ HTTP/1.1" 403 1242 "-" "Mozlila/5.0 (Linux; Android 7.0; SM-G892A Bulid/NRD90M; wv) AppleWebKit/537.36 (KHTML, like Gecko) Version/4.0 Chrome/60.0.3112.107 Moblie Safari/537.36"
13.201.1.202 - - [04/Apr/2025:13:07:22 -0400] "GET /wp-admin/css/index.php HTTP/1.1" 301 0 "-" "Mozlila/5.0 (Linux; Android 7.0; SM-G892A Bulid/NRD90M; wv) AppleWebKit/537.36 (KHTML, like Gecko) Version/4.0 Chrome/60.0.3112.107 Moblie Safari/537.36"
13.201.1.202 - - [04/Apr/2025:13:07:25 -0400] "GET /wp-admin/css/ HTTP/1.1" 403 1242 "-" "Mozlila/5.0 (Linux; Android 7.0; SM-G892A Bulid/NRD90M; wv) AppleWebKit/537.36 (KHTML, like Gecko) Version/4.0 Chrome/60.0.3112.107 Moblie Safari/537.36"
13.201.1.202 - - [04/Apr/2025:13:07:28 -0400] "GET /wp-includes/widgets/index.php HTTP/1.1" 301 0 "-" "Mozlila/5.0 (Linux; Android 7.0; SM-G892A Bulid/NRD90M; wv) AppleWebKit/537.36 (KHTML, like Gecko) Version/4.0 Chrome/60.0.3112.107 Moblie Safari/537.36"
13.201.1.202 - - [04/Apr/2025:13:07:29 -0400] "GET /wp-includes/widgets/ HTTP/1.1" 403 1242 "-" "Mozlila/5.0 (Linux; Android 7.0; SM-G892A Bulid/NRD90M; wv) AppleWebKit/537.36 (KHTML, like Gecko) Version/4.0 Chrome/60.0.3112.107 Moblie Safari/537.36"
13.201.1.202 - - [04/Apr/2025:13:07:33 -0400] "GET /wp-content/index.php HTTP/1.1" 200 0 "-" "Mozlila/5.0 (Linux; Android 7.0; SM-G892A Bulid/NRD90M; wv) AppleWebKit/537.36 (KHTML, like Gecko) Version/4.0 Chrome/60.0.3112.107 Moblie Safari/537.36"
198.54.114.83 - - [04/Apr/2025:13:07:36 -0400] "POST /wp-cron.php?doing_wp_cron=1743786456.3008360862731933593750 HTTP/1.1" 200 0 "-" "WordPress/6.7.2; https://creative-webstyle.com"
13.201.1.202 - - [04/Apr/2025:13:07:35 -0400] "GET /wp-includes/images/index.php HTTP/1.1" 301 0 "-" "Mozlila/5.0 (Linux; Android 7.0; SM-G892A Bulid/NRD90M; wv) AppleWebKit/537.36 (KHTML, like Gecko) Version/4.0 Chrome/60.0.3112.107 Moblie Safari/537.36"
13.201.1.202 - - [04/Apr/2025:13:07:37 -0400] "GET /wp-includes/images/ HTTP/1.1" 403 1242 "-" "Mozlila/5.0 (Linux; Android 7.0; SM-G892A Bulid/NRD90M; wv) AppleWebKit/537.36 (KHTML, like Gecko) Version/4.0 Chrome/60.0.3112.107 Moblie Safari/537.36"
13.201.1.202 - - [04/Apr/2025:13:07:41 -0400] "GET /wp-includes/Text/Diff/index.php HTTP/1.1" 301 0 "-" "Mozlila/5.0 (Linux; Android 7.0; SM-G892A Bulid/NRD90M; wv) AppleWebKit/537.36 (KHTML, like Gecko) Version/4.0 Chrome/60.0.3112.107 Moblie Safari/537.36"
13.201.1.202 - - [04/Apr/2025:13:07:44 -0400] "GET /wp-includes/Text/Diff/ HTTP/1.1" 403 1242 "-" "Mozlila/5.0 (Linux; Android 7.0; SM-G892A Bulid/NRD90M; wv) AppleWebKit/537.36 (KHTML, like Gecko) Version/4.0 Chrome/60.0.3112.107 Moblie Safari/537.36"
13.201.1.202 - - [04/Apr/2025:13:07:47 -0400] "GET /wp-admin/network/index.php HTTP/1.1" 302 0 "-" "Mozlila/5.0 (Linux; Android 7.0; SM-G892A Bulid/NRD90M; wv) AppleWebKit/537.36 (KHTML, like Gecko) Version/4.0 Chrome/60.0.3112.107 Moblie Safari/537.36"
216.244.66.194 - - [04/Apr/2025:13:09:02 -0400] "GET /stomach-tuck/feed/ HTTP/1.1" 200 411 "-" "Mozilla/5.0 (compatible; DotBot/1.2; +https://opensiteexplorer.org/dotbot; help@moz.com)"
43.157.150.69 - - [04/Apr/2025:13:09:52 -0400] "GET / HTTP/1.1" 200 98430 "-" "Mozilla/5.0 (iPhone; CPU iPhone OS 13_2_3 like Mac OS X) AppleWebKit/605.1.15 (KHTML, like Gecko) Version/13.0.3 Mobile/15E148 Safari/604.1"
45.125.66.55 - - [04/Apr/2025:13:10:13 -0400] "GET /.env HTTP/1.1" 403 1242 "-" "Mozilla/5.0 (Macintosh; Intel Mac OS X 10.15; rv:77.0) Gecko/20100101 Firefox/77.0"
45.125.66.55 - - [04/Apr/2025:13:10:14 -0400] "GET /wp-content/ HTTP/1.1" 200 0 "-" "Mozilla/5.0 (Macintosh; Intel Mac OS X 10.15; rv:77.0) Gecko/20100101 Firefox/77.0"
216.244.66.194 - - [04/Apr/2025:13:13:27 -0400] "GET /so-finden-sie-einen-guten-dachdecker-hamburg/feed/ HTTP/1.1" 200 449 "-" "Mozilla/5.0 (compatible; DotBot/1.2; +https://opensiteexplorer.org/dotbot; help@moz.com)"
85.208.98.23 - - [04/Apr/2025:13:21:20 -0400] "GET /robots.txt HTTP/1.1" 304 0 "-" "Mozilla/5.0 (compatible; SemrushBot-BA; +http://www.semrush.com/bot.html)"
216.244.66.194 - - [04/Apr/2025:13:31:38 -0400] "GET /robots.txt HTTP/1.1" 304 0 "-" "Mozilla/5.0 (compatible; DotBot/1.2; +https://opensiteexplorer.org/dotbot; help@moz.com)"
151.106.160.158 - - [04/Apr/2025:13:34:27 -0400] "GET /img.style/volantini.gif HTTP/1.1" 301 0 "-" "Mozilla/5.0 (X11; Ubuntu; Linux x86_64; rv:72.0) Gecko/20100101 Firefox/72.0"
151.106.160.158 - - [04/Apr/2025:13:34:28 -0400] "GET /img.style/volantini.gif HTTP/1.1" 404 15297 "-" "Mozilla/5.0 (X11; Ubuntu; Linux x86_64; rv:72.0) Gecko/20100101 Firefox/72.0"
151.106.160.158 - - [04/Apr/2025:13:34:29 -0400] "GET /img.style/volantini.gif HTTP/1.1" 301 0 "-" "Mozilla/5.0 (X11; Ubuntu; Linux x86_64; rv:72.0) Gecko/20100101 Firefox/72.0"
151.106.160.158 - - [04/Apr/2025:13:34:29 -0400] "GET /img.style/volantini.gif HTTP/1.1" 404 15297 "-" "Mozilla/5.0 (X11; Ubuntu; Linux x86_64; rv:72.0) Gecko/20100101 Firefox/72.0"
151.106.160.158 - - [04/Apr/2025:13:34:29 -0400] "GET /img.style/volantini.gif HTTP/1.1" 301 0 "-" "Mozilla/5.0 (X11; Ubuntu; Linux x86_64; rv:72.0) Gecko/20100101 Firefox/72.0"
151.106.160.158 - - [04/Apr/2025:13:34:29 -0400] "GET /img.style/volantini.gif HTTP/1.1" 404 15297 "-" "Mozilla/5.0 (X11; Ubuntu; Linux x86_64; rv:72.0) Gecko/20100101 Firefox/72.0"
198.54.114.83 - - [04/Apr/2025:13:42:56 -0400] "POST /wp-cron.php?doing_wp_cron=1743788576.3917119503021240234375 HTTP/1.1" 200 0 "-" "WordPress/6.7.2; https://creative-webstyle.com"
216.244.66.194 - - [04/Apr/2025:13:42:52 -0400] "GET /enjoy-online-games-without-downloads/ HTTP/1.1" 200 22551 "-" "Mozilla/5.0 (compatible; DotBot/1.2; +https://opensiteexplorer.org/dotbot; help@moz.com)"
216.244.66.194 - - [04/Apr/2025:13:43:25 -0400] "GET /exploring-the-realm-of-ai-girlfriends/ HTTP/1.1" 200 22717 "-" "Mozilla/5.0 (compatible; DotBot/1.2; +https://opensiteexplorer.org/dotbot; help@moz.com)"
198.54.114.83 - - [04/Apr/2025:13:48:33 -0400] "POST /wp-cron.php?doing_wp_cron=1743788913.4272909164428710937500 HTTP/1.1" 200 0 "-" "WordPress/6.7.2; https://creative-webstyle.com"
72.195.34.41 - - [04/Apr/2025:13:48:31 -0400] "GET /hvac-systems-and-mold/ HTTP/1.1" 200 24056 "http://creative-webstyle.com/hvac-systems-and-mold/" "Mozilla/5.0 (Windows NT 10.0; Win64; x64) AppleWebKit/537.36 (KHTML, like Gecko) Chrome/131.0.0.0 Safari/537.36 Avast/131.0.0.0"
72.195.34.41 - - [04/Apr/2025:13:48:37 -0400] "POST /wp-comments-post.php HTTP/1.1" 200 1168 "http://creative-webstyle.com/hvac-systems-and-mold/" "Mozilla/5.0 (Windows NT 10.0; Win64; x64) AppleWebKit/537.36 (KHTML, like Gecko) Chrome/131.0.0.0 Safari/537.36 Avast/131.0.0.0"
46.8.22.20 - - [04/Apr/2025:13:49:20 -0400] "GET /wp-content/themes/woffice/readme.txt HTTP/1.1" 404 15301 "-" "Mozilla/5.0 (compatible; Googlebot/2.1; +http://www.google.com/bot.html)"
198.54.114.83 - - [04/Apr/2025:13:49:35 -0400] "POST /wp-cron.php?doing_wp_cron=1743788974.8512101173400878906250 HTTP/1.1" 200 0 "-" "WordPress/6.7.2; https://creative-webstyle.com"
93.123.109.101 - - [04/Apr/2025:13:49:34 -0400] "GET /lzdmod/desktop-footer/6.1.1/pc/index.js HTTP/1.1" 404 15313 "-" "Mozilla/5.0 (Macintosh; Intel Mac OS X 10_15_7) AppleWebKit/537.36 Chrome/120.0.0.0"
198.54.114.83 - - [04/Apr/2025:13:50:39 -0400] "POST /wp-cron.php?doing_wp_cron=1743789039.5209679603576660156250 HTTP/1.1" 200 0 "-" "WordPress/6.7.2; https://creative-webstyle.com"
151.106.168.134 - - [04/Apr/2025:13:50:39 -0400] "GET /%E3%81%A9%E3%82%93%E3%81%AA%E6%AF%9B%E8%9F%B9%E3%82%92%E9%81%B8%E3%82%93%E3%81%A0%E3%82%89%E3%82%88%E3%81%84%E3%81%8B%E3%81%84%E3%81%8F%E3%81%A4%E3%81%8B%E6%8C%99%E3%81%92%E3%81%A6%E3%81%BF%E3%81%BE/img/logo.png HTTP/1.1" 301 0 "-" "Mozilla/5.0 (X11; Ubuntu; Linux x86_64; rv:72.0) Gecko/20100101 Firefox/72.0"
151.106.168.134 - - [04/Apr/2025:13:50:41 -0400] "GET /%E3%81%A9%E3%82%93%E3%81%AA%E6%AF%9B%E8%9F%B9%E3%82%92%E9%81%B8%E3%82%93%E3%81%A0%E3%82%89%E3%82%88%E3%81%84%E3%81%8B%E3%81%84%E3%81%8F%E3%81%A4%E3%81%8B%E6%8C%99%E3%81%92%E3%81%A6%E3%81%BF%E3%81%BE/img/logo.png HTTP/1.1" 404 15385 "-" "Mozilla/5.0 (X11; Ubuntu; Linux x86_64; rv:72.0) Gecko/20100101 Firefox/72.0"
151.106.168.134 - - [04/Apr/2025:13:50:43 -0400] "GET /%E3%81%A9%E3%82%93%E3%81%AA%E6%AF%9B%E8%9F%B9%E3%82%92%E9%81%B8%E3%82%93%E3%81%A0%E3%82%89%E3%82%88%E3%81%84%E3%81%8B%E3%81%84%E3%81%8F%E3%81%A4%E3%81%8B%E6%8C%99%E3%81%92%E3%81%A6%E3%81%BF%E3%81%BE/img/logo.png HTTP/1.1" 301 0 "-" "Mozilla/5.0 (X11; Ubuntu; Linux x86_64; rv:72.0) Gecko/20100101 Firefox/72.0"
151.106.168.134 - - [04/Apr/2025:13:50:43 -0400] "GET /%E3%81%A9%E3%82%93%E3%81%AA%E6%AF%9B%E8%9F%B9%E3%82%92%E9%81%B8%E3%82%93%E3%81%A0%E3%82%89%E3%82%88%E3%81%84%E3%81%8B%E3%81%84%E3%81%8F%E3%81%A4%E3%81%8B%E6%8C%99%E3%81%92%E3%81%A6%E3%81%BF%E3%81%BE/img/logo.png HTTP/1.1" 404 15385 "-" "Mozilla/5.0 (X11; Ubuntu; Linux x86_64; rv:72.0) Gecko/20100101 Firefox/72.0"
151.106.168.134 - - [04/Apr/2025:13:50:44 -0400] "GET /%E3%81%A9%E3%82%93%E3%81%AA%E6%AF%9B%E8%9F%B9%E3%82%92%E9%81%B8%E3%82%93%E3%81%A0%E3%82%89%E3%82%88%E3%81%84%E3%81%8B%E3%81%84%E3%81%8F%E3%81%A4%E3%81%8B%E6%8C%99%E3%81%92%E3%81%A6%E3%81%BF%E3%81%BE/img/logo.png HTTP/1.1" 301 0 "-" "Mozilla/5.0 (X11; Ubuntu; Linux x86_64; rv:72.0) Gecko/20100101 Firefox/72.0"
151.106.168.134 - - [04/Apr/2025:13:50:46 -0400] "GET /%E3%81%A9%E3%82%93%E3%81%AA%E6%AF%9B%E8%9F%B9%E3%82%92%E9%81%B8%E3%82%93%E3%81%A0%E3%82%89%E3%82%88%E3%81%84%E3%81%8B%E3%81%84%E3%81%8F%E3%81%A4%E3%81%8B%E6%8C%99%E3%81%92%E3%81%A6%E3%81%BF%E3%81%BE/img/logo.png HTTP/1.1" 404 15385 "-" "Mozilla/5.0 (X11; Ubuntu; Linux x86_64; rv:72.0) Gecko/20100101 Firefox/72.0"
195.176.3.23 - - [04/Apr/2025:13:55:35 -0400] "GET / HTTP/1.1" 200 98430 "http://creative-webstyle.com" "Mozilla/5.0 (Windows NT 6.1; WOW64; Trident/7.0; rv:11.0) like Gecko"
198.54.114.83 - - [04/Apr/2025:13:55:44 -0400] "POST /wp-cron.php?doing_wp_cron=1743789343.0315079689025878906250 HTTP/1.1" 200 0 "-" "WordPress/6.7.2; https://creative-webstyle.com"
216.244.66.194 - - [04/Apr/2025:13:55:37 -0400] "GET /watch-overseas-football-for-free/feed/ HTTP/1.1" 200 432 "-" "Mozilla/5.0 (compatible; DotBot/1.2; +https://opensiteexplorer.org/dotbot; help@moz.com)"
121.62.29.157 - - [04/Apr/2025:14:20:37 -0400] "GET / HTTP/1.1" 200 98430 "http://creative-webstyle.com/" "Mozilla/4.0 (compatible; MSIE 9.0; Windows NT 6.1)"
198.54.114.83 - - [04/Apr/2025:14:23:45 -0400] "POST /wp-cron.php?doing_wp_cron=1743791025.2905869483947753906250 HTTP/1.1" 200 0 "-" "WordPress/6.7.2; https://creative-webstyle.com"
216.244.66.194 - - [04/Apr/2025:14:23:43 -0400] "GET /16-newest-ai-aggregators-tools/feed/ HTTP/1.1" 200 419 "-" "Mozilla/5.0 (compatible; DotBot/1.2; +https://opensiteexplorer.org/dotbot; help@moz.com)"
216.244.66.194 - - [04/Apr/2025:14:31:10 -0400] "GET /essential-elements-of-hotel-bedroom-furniture/feed/ HTTP/1.1" 200 446 "-" "Mozilla/5.0 (compatible; DotBot/1.2; +https://opensiteexplorer.org/dotbot; help@moz.com)"
198.54.114.83 - - [04/Apr/2025:14:31:18 -0400] "POST /wp-cron.php?doing_wp_cron=1743791476.2311439514160156250000 HTTP/1.1" 200 0 "-" "WordPress/6.7.2; https://creative-webstyle.com"
139.59.181.37 - - [04/Apr/2025:14:34:19 -0400] "GET / HTTP/1.1" 200 0 "-" "Mozilla/5.0 (compatible)"
216.244.66.194 - - [04/Apr/2025:14:40:15 -0400] "GET /center-parcs-ostsee/feed/ HTTP/1.1" 200 421 "-" "Mozilla/5.0 (compatible; DotBot/1.2; +https://opensiteexplorer.org/dotbot; help@moz.com)"
198.54.114.83 - - [04/Apr/2025:14:40:18 -0400] "POST /wp-cron.php?doing_wp_cron=1743792016.4241199493408203125000 HTTP/1.1" 200 0 "-" "WordPress/6.7.2; https://creative-webstyle.com"
85.208.98.23 - - [04/Apr/2025:14:41:01 -0400] "GET /robots.txt HTTP/1.1" 200 132 "-" "Mozilla/5.0 (compatible; SemrushBot-BA; +http://www.semrush.com/bot.html)"
198.54.114.83 - - [04/Apr/2025:14:45:33 -0400] "POST /wp-cron.php?doing_wp_cron=1743792332.8980550765991210937500 HTTP/1.1" 200 0 "-" "WordPress/6.7.2; https://creative-webstyle.com"
216.244.66.194 - - [04/Apr/2025:14:45:32 -0400] "GET /category/activity/page/42/ HTTP/1.1" 200 20564 "-" "Mozilla/5.0 (compatible; DotBot/1.2; +https://opensiteexplorer.org/dotbot; help@moz.com)"
93.123.109.101 - - [04/Apr/2025:15:09:17 -0400] "GET /lzdmod/site-nav-pc/5.2.38/assets/liveup/index.js HTTP/1.1" 404 15319 "-" "Mozilla/5.0 (Macintosh; Intel Mac OS X 10_15_7) AppleWebKit/537.36 Chrome/120.0.0.0"
216.244.66.194 - - [04/Apr/2025:15:10:29 -0400] "GET /les-ecrans-publicitaires-a-geneve-une-fenetre-vers-le-futur/ HTTP/1.1" 200 22589 "-" "Mozilla/5.0 (compatible; DotBot/1.2; +https://opensiteexplorer.org/dotbot; help@moz.com)"
216.244.66.194 - - [04/Apr/2025:15:13:18 -0400] "GET /2023/03/09/ HTTP/1.1" 301 0 "-" "Mozilla/5.0 (compatible; DotBot/1.2; +https://opensiteexplorer.org/dotbot; help@moz.com)"
216.244.66.194 - - [04/Apr/2025:15:15:29 -0400] "GET /understanding-online-betting-sites/feed/ HTTP/1.1" 200 432 "-" "Mozilla/5.0 (compatible; DotBot/1.2; +https://opensiteexplorer.org/dotbot; help@moz.com)"
198.54.114.83 - - [04/Apr/2025:15:24:36 -0400] "POST /wp-cron.php?doing_wp_cron=1743794676.2480750083923339843750 HTTP/1.1" 200 0 "-" "WordPress/6.7.2; https://creative-webstyle.com"
216.244.66.194 - - [04/Apr/2025:15:24:32 -0400] "GET /tissot-watch-repair/feed/ HTTP/1.1" 200 421 "-" "Mozilla/5.0 (compatible; DotBot/1.2; +https://opensiteexplorer.org/dotbot; help@moz.com)"
216.244.66.194 - - [04/Apr/2025:15:25:11 -0400] "GET /tretinoin-cream-uk/feed/ HTTP/1.1" 200 418 "-" "Mozilla/5.0 (compatible; DotBot/1.2; +https://opensiteexplorer.org/dotbot; help@moz.com)"
198.54.114.83 - - [04/Apr/2025:15:26:00 -0400] "POST /wp-cron.php?doing_wp_cron=1743794759.9790859222412109375000 HTTP/1.1" 200 0 "-" "WordPress/6.7.2; https://creative-webstyle.com"
216.244.66.194 - - [04/Apr/2025:15:25:59 -0400] "GET /free-multiple-moving-quotes-will-help-you-make-the-smart-decision-on-what-company-to-hire/feed/ HTTP/1.1" 200 516 "-" "Mozilla/5.0 (compatible; DotBot/1.2; +https://opensiteexplorer.org/dotbot; help@moz.com)"
198.54.114.83 - - [04/Apr/2025:15:30:27 -0400] "POST /wp-cron.php?doing_wp_cron=1743795026.2105450630187988281250 HTTP/1.1" 200 0 "-" "WordPress/6.7.2; https://creative-webstyle.com"
216.244.66.194 - - [04/Apr/2025:15:30:21 -0400] "GET /category/activity/page/41/ HTTP/1.1" 200 20449 "-" "Mozilla/5.0 (compatible; DotBot/1.2; +https://opensiteexplorer.org/dotbot; help@moz.com)"
146.59.150.51 - - [04/Apr/2025:15:36:26 -0400] "GET / HTTP/1.1" 200 98430 "-" "Mozilla/5.0 (Windows NT 10.0; Win64; x64) AppleWebKit/537.36 (KHTML, like Gecko) Chrome/88.0.4240.193 Safari/537.36"
146.59.150.51 - - [04/Apr/2025:15:36:27 -0400] "GET / HTTP/1.1" 200 98430 "-" "Mozilla/5.0 (Windows NT 10.0; Win64; x64) AppleWebKit/537.36 (KHTML, like Gecko) Chrome/88.0.4240.193 Safari/537.36"
146.59.150.51 - - [04/Apr/2025:15:36:28 -0400] "GET /wp-includes/wlwmanifest.xml HTTP/1.1" 404 15294 "-" "Mozilla/5.0 (Windows NT 10.0; Win64; x64) AppleWebKit/537.36 (KHTML, like Gecko) Chrome/88.0.4240.193 Safari/537.36"
146.59.150.51 - - [04/Apr/2025:15:36:31 -0400] "GET /wp-login.php HTTP/1.1" 302 0 "-" "Mozilla/5.0 (Windows NT 10.0; Win64; x64) AppleWebKit/537.36 (KHTML, like Gecko) Chrome/88.0.4240.193 Safari/537.36"
198.54.114.83 - - [04/Apr/2025:15:42:08 -0400] "POST /wp-cron.php?doing_wp_cron=1743795727.9929649829864501953125 HTTP/1.1" 200 0 "-" "WordPress/6.7.2; https://creative-webstyle.com"
151.106.166.201 - - [04/Apr/2025:15:42:01 -0400] "GET /img/2019kenkou850-3.jpg HTTP/1.1" 301 0 "-" "Mozilla/5.0 (X11; Ubuntu; Linux x86_64; rv:72.0) Gecko/20100101 Firefox/72.0"
151.106.166.201 - - [04/Apr/2025:15:42:09 -0400] "GET /img/2019kenkou850-3.jpg HTTP/1.1" 404 15294 "-" "Mozilla/5.0 (X11; Ubuntu; Linux x86_64; rv:72.0) Gecko/20100101 Firefox/72.0"
151.106.166.201 - - [04/Apr/2025:15:42:12 -0400] "GET /img/2019kenkou850-3.jpg HTTP/1.1" 301 0 "-" "Mozilla/5.0 (X11; Ubuntu; Linux x86_64; rv:72.0) Gecko/20100101 Firefox/72.0"
151.106.166.201 - - [04/Apr/2025:15:42:12 -0400] "GET /img/2019kenkou850-3.jpg HTTP/1.1" 404 15294 "-" "Mozilla/5.0 (X11; Ubuntu; Linux x86_64; rv:72.0) Gecko/20100101 Firefox/72.0"
151.106.166.201 - - [04/Apr/2025:15:42:12 -0400] "GET /img/2019kenkou850-3.jpg HTTP/1.1" 301 0 "-" "Mozilla/5.0 (X11; Ubuntu; Linux x86_64; rv:72.0) Gecko/20100101 Firefox/72.0"
151.106.166.201 - - [04/Apr/2025:15:42:13 -0400] "GET /img/2019kenkou850-3.jpg HTTP/1.1" 404 15294 "-" "Mozilla/5.0 (X11; Ubuntu; Linux x86_64; rv:72.0) Gecko/20100101 Firefox/72.0"
