110.40.78.19 - - [02/Apr/2025:12:35:18 -0400] "GET /public/plugins/ckeditor/images/spacer.gif HTTP/1.1" 404 15314 "http://creative-webstyle.com/public/plugins/ckeditor/images/spacer.gif" "Mozilla/5.0 (Windows NT 10.0; Win64; x64) AppleWebKit/537.36 (KHTML, like Gecko) Chrome/83.0.4103.61 Safari/537.36"
110.40.78.19 - - [02/Apr/2025:12:35:33 -0400] "GET /public/plugins/Ueditor/dialogs/attachment/fileTypeImages/icon_psd.gif HTTP/1.1" 404 15341 "http://creative-webstyle.com/public/plugins/Ueditor/dialogs/attachment/fileTypeImages/icon_psd.gif" "Mozilla/5.0 (Windows NT 10.0; Win64; x64) AppleWebKit/537.36 (KHTML, like Gecko) Chrome/83.0.4103.61 Safari/537.36"
110.40.78.19 - - [02/Apr/2025:12:35:38 -0400] "GET /public/plugins/Ueditor/dialogs/attachment/images/alignicon.gif HTTP/1.1" 404 15331 "http://creative-webstyle.com/public/plugins/Ueditor/dialogs/attachment/images/alignicon.gif" "Mozilla/5.0 (Windows NT 10.0; Win64; x64) AppleWebKit/537.36 (KHTML, like Gecko) Chrome/83.0.4103.61 Safari/537.36"
216.244.66.194 - - [02/Apr/2025:12:38:07 -0400] "GET /page/43/ HTTP/1.1" 200 20049 "-" "Mozilla/5.0 (compatible; DotBot/1.2; +https://opensiteexplorer.org/dotbot; help@moz.com)"
142.93.57.182 - - [02/Apr/2025:12:38:43 -0400] "GET / HTTP/1.1" 200 98430 "-" "Mozilla/5.0 (Windows NT 10.0; Win64; x64) AppleWebKit/537.36 (KHTML, like Gecko) Chrome/80.0.3987.149 Safari/537.36"
142.93.57.182 - - [02/Apr/2025:12:38:49 -0400] "GET / HTTP/1.1" 200 98430 "-" "Mozilla/5.0 (Windows NT 10.0; Win64; x64) AppleWebKit/537.36 (KHTML, like Gecko) Chrome/80.0.3987.149 Safari/537.36"
198.54.114.83 - - [02/Apr/2025:12:39:01 -0400] "POST /wp-cron.php?doing_wp_cron=1743611939.9109458923339843750000 HTTP/1.1" 200 0 "-" "WordPress/6.7.2; https://creative-webstyle.com"
142.93.57.182 - - [02/Apr/2025:12:38:54 -0400] "GET /wp-includes/wlwmanifest.xml HTTP/1.1" 404 15298 "-" "Mozilla/5.0 (Windows NT 10.0; Win64; x64) AppleWebKit/537.36 (KHTML, like Gecko) Chrome/80.0.3987.149 Safari/537.36"
216.244.66.194 - - [02/Apr/2025:12:39:04 -0400] "GET /2024/03/19/ HTTP/1.1" 301 0 "-" "Mozilla/5.0 (compatible; DotBot/1.2; +https://opensiteexplorer.org/dotbot; help@moz.com)"
142.93.57.182 - - [02/Apr/2025:12:39:04 -0400] "GET /?author=1 HTTP/1.1" 200 98430 "-" "Mozilla/5.0 (Windows NT 10.0; Win64; x64) AppleWebKit/537.36 (KHTML, like Gecko) Chrome/80.0.3987.149 Safari/537.36"
142.93.57.182 - - [02/Apr/2025:12:39:08 -0400] "GET /?author=2 HTTP/1.1" 200 98430 "-" "Mozilla/5.0 (Windows NT 10.0; Win64; x64) AppleWebKit/537.36 (KHTML, like Gecko) Chrome/80.0.3987.149 Safari/537.36"
142.93.57.182 - - [02/Apr/2025:12:39:15 -0400] "GET /wp-json/wp/v2/users/ HTTP/1.1" 200 2069 "-" "Mozilla/5.0 (Windows NT 10.0; Win64; x64) AppleWebKit/537.36 (KHTML, like Gecko) Chrome/80.0.3987.149 Safari/537.36"
142.93.57.182 - - [02/Apr/2025:12:39:18 -0400] "POST /xmlrpc.php HTTP/1.1" 200 212 "-" "Mozilla/5.0 (Windows NT 10.0; Win64; x64) AppleWebKit/537.36 (KHTML, like Gecko) Chrome/80.0.3987.149 Safari/537.36"
142.93.57.182 - - [02/Apr/2025:12:39:21 -0400] "POST /xmlrpc.php HTTP/1.1" 200 236 "-" "Mozilla/5.0 (Windows NT 10.0; Win64; x64) AppleWebKit/537.36 (KHTML, like Gecko) Chrome/80.0.3987.149 Safari/537.36"
142.93.57.182 - - [02/Apr/2025:12:39:23 -0400] "POST /xmlrpc.php HTTP/1.1" 200 212 "-" "Mozilla/5.0 (Windows NT 10.0; Win64; x64) AppleWebKit/537.36 (KHTML, like Gecko) Chrome/80.0.3987.149 Safari/537.36"
142.93.57.182 - - [02/Apr/2025:12:39:25 -0400] "POST /xmlrpc.php HTTP/1.1" 200 236 "-" "Mozilla/5.0 (Windows NT 10.0; Win64; x64) AppleWebKit/537.36 (KHTML, like Gecko) Chrome/80.0.3987.149 Safari/537.36"
142.93.57.182 - - [02/Apr/2025:12:39:28 -0400] "POST /xmlrpc.php HTTP/1.1" 200 236 "-" "Mozilla/5.0 (Windows NT 10.0; Win64; x64) AppleWebKit/537.36 (KHTML, like Gecko) Chrome/80.0.3987.149 Safari/537.36"
142.93.57.182 - - [02/Apr/2025:12:39:32 -0400] "POST /xmlrpc.php HTTP/1.1" 200 236 "-" "Mozilla/5.0 (Windows NT 10.0; Win64; x64) AppleWebKit/537.36 (KHTML, like Gecko) Chrome/80.0.3987.149 Safari/537.36"
198.54.114.83 - - [02/Apr/2025:12:51:16 -0400] "POST /wp-cron.php?doing_wp_cron=1743612675.5309228897094726562500 HTTP/1.1" 200 0 "-" "WordPress/6.7.2; https://creative-webstyle.com"
151.106.162.202 - - [02/Apr/2025:12:51:10 -0400] "GET /images/slider/elastic/05-150x59.jpg HTTP/1.1" 301 0 "-" "Mozilla/5.0 (X11; Ubuntu; Linux x86_64; rv:72.0) Gecko/20100101 Firefox/72.0"
151.106.162.202 - - [02/Apr/2025:12:51:19 -0400] "GET /images/slider/elastic/05-150x59.jpg HTTP/1.1" 404 15311 "-" "Mozilla/5.0 (X11; Ubuntu; Linux x86_64; rv:72.0) Gecko/20100101 Firefox/72.0"
151.106.162.202 - - [02/Apr/2025:12:51:21 -0400] "GET /images/slider/elastic/05-150x59.jpg HTTP/1.1" 301 0 "-" "Mozilla/5.0 (X11; Ubuntu; Linux x86_64; rv:72.0) Gecko/20100101 Firefox/72.0"
151.106.162.202 - - [02/Apr/2025:12:51:21 -0400] "GET /images/slider/elastic/05-150x59.jpg HTTP/1.1" 404 15311 "-" "Mozilla/5.0 (X11; Ubuntu; Linux x86_64; rv:72.0) Gecko/20100101 Firefox/72.0"
151.106.162.202 - - [02/Apr/2025:12:51:22 -0400] "GET /images/slider/elastic/05-150x59.jpg HTTP/1.1" 301 0 "-" "Mozilla/5.0 (X11; Ubuntu; Linux x86_64; rv:72.0) Gecko/20100101 Firefox/72.0"
151.106.162.202 - - [02/Apr/2025:12:51:22 -0400] "GET /images/slider/elastic/05-150x59.jpg HTTP/1.1" 404 15311 "-" "Mozilla/5.0 (X11; Ubuntu; Linux x86_64; rv:72.0) Gecko/20100101 Firefox/72.0"
2400:8d60:4::1:e1cf:42e1 - - [02/Apr/2025:12:52:34 -0400] "GET / HTTP/1.1" 200 98430 "https://78winn.icu" "Mozilla/5.0 (compatible; Googlebot/2.1; +http://www.google.com/bot.html)"
198.54.114.83 - - [02/Apr/2025:12:56:31 -0400] "POST /wp-cron.php?doing_wp_cron=1743612990.6400699615478515625000 HTTP/1.1" 200 0 "-" "WordPress/6.7.2; https://creative-webstyle.com"
195.20.18.175 - - [02/Apr/2025:12:56:27 -0400] "GET /assets/admin/plugins/jquery-file-upload/server/php/index.php?file=tf2rghf.jpg HTTP/1.1" 301 0 "-" "ALittle Client"
198.54.114.83 - - [02/Apr/2025:12:58:27 -0400] "POST /wp-cron.php?doing_wp_cron=1743613106.8784289360046386718750 HTTP/1.1" 200 0 "-" "WordPress/6.7.2; https://creative-webstyle.com"
195.20.18.175 - - [02/Apr/2025:12:58:26 -0400] "GET /assets/admin/plugins/jquery-file-upload/server/php/?file=tf2rghf.jpg HTTP/1.1" 404 15328 "-" "ALittle Client"
141.95.52.122 - - [02/Apr/2025:12:59:08 -0400] "GET /wp-login.php HTTP/1.1" 302 0 "-" "Mozilla/5.0 (Windows NT 10.0; Win64; x64; rv:66.0) Gecko/20100101 Firefox/66.0"
198.54.114.83 - - [02/Apr/2025:12:59:10 -0400] "POST /wp-cron.php?doing_wp_cron=1743613148.5276501178741455078125 HTTP/1.1" 200 0 "-" "WordPress/6.7.2; https://creative-webstyle.com"
182.42.110.255 - - [02/Apr/2025:13:09:55 -0400] "GET / HTTP/1.1" 200 98430 "-" "Mozilla/5.0 (iPhone; CPU iPhone OS 13_2_3 like Mac OS X) AppleWebKit/605.1.15 (KHTML, like Gecko) Version/13.0.3 Mobile/15E148 Safari/604.1"
193.23.3.90 - - [02/Apr/2025:13:12:22 -0400] "GET /.env HTTP/1.1" 403 1242 "-" "python-requests/2.26.0"
193.23.3.90 - - [02/Apr/2025:13:12:25 -0400] "POST / HTTP/1.1" 200 98430 "-" "python-requests/2.26.0"
216.244.66.194 - - [02/Apr/2025:13:12:30 -0400] "GET /essential-elements-of-hotel-bedroom-furniture/ HTTP/1.1" 200 22261 "-" "Mozilla/5.0 (compatible; DotBot/1.2; +https://opensiteexplorer.org/dotbot; help@moz.com)"
216.244.66.194 - - [02/Apr/2025:13:13:31 -0400] "GET /muheloser-umzug-mit-dem-umzugsunternehmen-buchholz-in-der-nordheide/feed/ HTTP/1.1" 200 490 "-" "Mozilla/5.0 (compatible; DotBot/1.2; +https://opensiteexplorer.org/dotbot; help@moz.com)"
216.244.66.194 - - [02/Apr/2025:13:13:39 -0400] "GET /the-forthcoming-ps4s-added-features/feed/ HTTP/1.1" 200 449 "-" "Mozilla/5.0 (compatible; DotBot/1.2; +https://opensiteexplorer.org/dotbot; help@moz.com)"
198.54.114.83 - - [02/Apr/2025:13:13:42 -0400] "POST /wp-cron.php?doing_wp_cron=1743614020.4820680618286132812500 HTTP/1.1" 200 0 "-" "WordPress/6.7.2; https://creative-webstyle.com"
216.244.66.194 - - [02/Apr/2025:13:14:45 -0400] "GET /strategies-to-skyrocket-your-youtube-subscriber-count/ HTTP/1.1" 200 23033 "-" "Mozilla/5.0 (compatible; DotBot/1.2; +https://opensiteexplorer.org/dotbot; help@moz.com)"
216.244.66.194 - - [02/Apr/2025:13:15:22 -0400] "GET /exploring-the-koon-seng-house-showflat/ HTTP/1.1" 200 22612 "-" "Mozilla/5.0 (compatible; DotBot/1.2; +https://opensiteexplorer.org/dotbot; help@moz.com)"
216.244.66.194 - - [02/Apr/2025:13:22:21 -0400] "GET /center-parcs-ostsee/ HTTP/1.1" 200 21787 "-" "Mozilla/5.0 (compatible; DotBot/1.2; +https://opensiteexplorer.org/dotbot; help@moz.com)"
198.54.114.83 - - [02/Apr/2025:13:26:31 -0400] "POST /wp-cron.php?doing_wp_cron=1743614791.2304449081420898437500 HTTP/1.1" 200 0 "-" "WordPress/6.7.2; https://creative-webstyle.com"
13.89.73.189 - - [02/Apr/2025:13:26:28 -0400] "GET /wp-admin/includes/nav.php HTTP/1.1" 404 15316 "-" "-"
13.89.73.189 - - [02/Apr/2025:13:26:35 -0400] "GET /wp-includes/sodium_compat/src/Core32/Curve25519/Ge/Core32.php HTTP/1.1" 404 15345 "-" "-"
13.89.73.189 - - [02/Apr/2025:13:26:38 -0400] "GET /.well-known/acme-challenge/zmFM.php HTTP/1.1" 404 15336 "-" "-"
198.54.114.83 - - [02/Apr/2025:13:26:41 -0400] "POST /wp-cron.php?doing_wp_cron=1743614801.1360790729522705078125 HTTP/1.1" 200 0 "-" "WordPress/6.7.2; https://creative-webstyle.com"
13.89.73.189 - - [02/Apr/2025:13:26:40 -0400] "GET /wp-includes/sitemaps/providers/zmFM.php HTTP/1.1" 404 15332 "-" "-"
13.89.73.189 - - [02/Apr/2025:13:26:46 -0400] "GET /wp-includes/pomo/zmFM.php HTTP/1.1" 404 15323 "-" "-"
13.89.73.189 - - [02/Apr/2025:13:26:48 -0400] "GET /wp-admin/css/colors/ectoplasm/zmFM.php HTTP/1.1" 404 15331 "-" "-"
13.89.73.189 - - [02/Apr/2025:13:26:50 -0400] "GET /wp-includes/PHPMailer//zmFM.php HTTP/1.1" 301 0 "-" "-"
13.89.73.189 - - [02/Apr/2025:13:26:53 -0400] "GET /wp-includes/PHPMailer/zmFM.php HTTP/1.1" 404 15328 "-" "-"
13.89.73.189 - - [02/Apr/2025:13:26:55 -0400] "GET /wp-includes/customize/zmFM.php HTTP/1.1" 404 15324 "-" "-"
13.89.73.189 - - [02/Apr/2025:13:26:57 -0400] "GET /wp-includes/certificates/zmFM.php HTTP/1.1" 404 15329 "-" "-"
13.89.73.189 - - [02/Apr/2025:13:26:58 -0400] "GET /wp-includes/theme-compat/zmFM.php HTTP/1.1" 404 15326 "-" "-"
13.89.73.189 - - [02/Apr/2025:13:27:00 -0400] "GET /heh.php HTTP/1.1" 404 15311 "-" "-"
13.89.73.189 - - [02/Apr/2025:13:27:01 -0400] "GET /NewFile.php HTTP/1.1" 404 15316 "-" "-"
13.89.73.189 - - [02/Apr/2025:13:27:03 -0400] "GET /wp-content/plugins/view-more/ioxi.php HTTP/1.1" 404 15329 "-" "-"
13.89.73.189 - - [02/Apr/2025:13:27:05 -0400] "GET /wp-content/plugins/erinyani/baxa1.php7 HTTP/1.1" 404 15333 "-" "-"
13.89.73.189 - - [02/Apr/2025:13:27:06 -0400] "GET /baxa1.php7 HTTP/1.1" 404 15313 "-" "-"
13.89.73.189 - - [02/Apr/2025:13:27:07 -0400] "GET /wp-content/plugins/erinyani/baxa1.php HTTP/1.1" 404 15332 "-" "-"
13.89.73.189 - - [02/Apr/2025:13:27:08 -0400] "GET /baxa1.php HTTP/1.1" 404 15313 "-" "-"
13.89.73.189 - - [02/Apr/2025:13:27:09 -0400] "GET /wp-content/plugins/seoxx/randkeyword.php HTTP/1.1" 404 15335 "-" "-"
13.89.73.189 - - [02/Apr/2025:13:27:10 -0400] "GET /wp-content/plugins/index.php HTTP/1.1" 200 0 "-" "-"
13.89.73.189 - - [02/Apr/2025:13:27:11 -0400] "GET /403.php HTTP/1.1" 404 15312 "-" "-"
13.89.73.189 - - [02/Apr/2025:13:27:13 -0400] "GET /content.php HTTP/1.1" 404 15311 "-" "-"
13.89.73.189 - - [02/Apr/2025:13:27:15 -0400] "GET /wp-content/plugins/not/includes/about.php HTTP/1.1" 404 15332 "-" "-"
13.89.73.189 - - [02/Apr/2025:13:27:16 -0400] "GET /wp-content/plugins/simple/simple.php HTTP/1.1" 404 15324 "-" "-"
13.89.73.189 - - [02/Apr/2025:13:27:18 -0400] "GET /wp-content/plugins/wp-theme-editor/include.php HTTP/1.1" 404 15332 "-" "-"
13.89.73.189 - - [02/Apr/2025:13:27:21 -0400] "GET /wp-content/themes/aahana/json.php HTTP/1.1" 404 15327 "-" "-"
13.89.73.189 - - [02/Apr/2025:13:27:24 -0400] "GET /admin.php HTTP/1.1" 404 15310 "-" "-"
13.89.73.189 - - [02/Apr/2025:13:27:27 -0400] "GET /wp-content/plugins/awesome-coming-soon/come.php HTTP/1.1" 404 15336 "-" "-"
13.89.73.189 - - [02/Apr/2025:13:27:30 -0400] "GET /wp-content/plugins/wp-conflg.php HTTP/1.1" 404 15324 "-" "-"
13.89.73.189 - - [02/Apr/2025:13:27:32 -0400] "GET /berlin.php HTTP/1.1" 404 15313 "-" "-"
13.89.73.189 - - [02/Apr/2025:13:27:34 -0400] "GET /wp-includes/Requests/about.php HTTP/1.1" 404 15324 "-" "-"
13.89.73.189 - - [02/Apr/2025:13:27:37 -0400] "GET /wp-includes/style-engine/about.php HTTP/1.1" 404 15324 "-" "-"
198.54.114.83 - - [02/Apr/2025:13:27:40 -0400] "POST /wp-cron.php?doing_wp_cron=1743614860.1545069217681884765625 HTTP/1.1" 200 0 "-" "WordPress/6.7.2; https://creative-webstyle.com"
13.89.73.189 - - [02/Apr/2025:13:27:39 -0400] "GET /wp-includes/rest-api/about.php HTTP/1.1" 404 15324 "-" "-"
13.89.73.189 - - [02/Apr/2025:13:27:41 -0400] "GET /wp-includes/SimplePie/about.php HTTP/1.1" 404 15324 "-" "-"
13.89.73.189 - - [02/Apr/2025:13:27:42 -0400] "GET /wp-content/banners/about.php HTTP/1.1" 404 15323 "-" "-"
13.89.73.189 - - [02/Apr/2025:13:27:44 -0400] "GET /wp-content/about.php HTTP/1.1" 404 15315 "-" "-"
13.89.73.189 - - [02/Apr/2025:13:27:45 -0400] "GET /.well-known/about.php HTTP/1.1" 404 15322 "-" "-"
13.89.73.189 - - [02/Apr/2025:13:27:47 -0400] "GET /wp-includes/Text/about.php HTTP/1.1" 404 15320 "-" "-"
198.54.114.83 - - [02/Apr/2025:13:27:50 -0400] "POST /wp-cron.php?doing_wp_cron=1743614869.7601380348205566406250 HTTP/1.1" 200 0 "-" "WordPress/6.7.2; https://creative-webstyle.com"
13.89.73.189 - - [02/Apr/2025:13:27:48 -0400] "GET /wp-includes/ID3/about.php HTTP/1.1" 404 15320 "-" "-"
13.89.73.189 - - [02/Apr/2025:13:27:51 -0400] "GET /img/about.php HTTP/1.1" 404 15314 "-" "-"
13.89.73.189 - - [02/Apr/2025:13:27:53 -0400] "GET /wp-content/languages/about.php HTTP/1.1" 404 15324 "-" "-"
13.89.73.189 - - [02/Apr/2025:13:27:54 -0400] "GET /wp-includes/customize/about.php HTTP/1.1" 404 15323 "-" "-"
13.89.73.189 - - [02/Apr/2025:13:27:56 -0400] "GET /wp-includes.bak/html-api/about.php HTTP/1.1" 404 15326 "-" "-"
13.89.73.189 - - [02/Apr/2025:13:27:58 -0400] "GET /wp-includes/widgets/about.php HTTP/1.1" 404 15323 "-" "-"
13.89.73.189 - - [02/Apr/2025:13:27:59 -0400] "GET /wp-includes/IXR/about.php HTTP/1.1" 404 15322 "-" "-"
13.89.73.189 - - [02/Apr/2025:13:28:02 -0400] "GET /wp-admin/js/about.php HTTP/1.1" 404 15315 "-" "-"
13.89.73.189 - - [02/Apr/2025:13:28:05 -0400] "GET /.well-known/pki-validation/about.php HTTP/1.1" 404 1251 "-" "-"
13.89.73.189 - - [02/Apr/2025:13:28:06 -0400] "GET /wp-includes/pomo/about.php HTTP/1.1" 404 15321 "-" "-"
13.89.73.189 - - [02/Apr/2025:13:28:09 -0400] "GET /wp-includes/block-patterns/about.php HTTP/1.1" 404 15327 "-" "-"
13.89.73.189 - - [02/Apr/2025:13:28:12 -0400] "GET /wp-content/updraft/about.php HTTP/1.1" 404 15323 "-" "-"
13.89.73.189 - - [02/Apr/2025:13:28:17 -0400] "GET /wp-content/upgrade-temp-backup/about.php HTTP/1.1" 404 15333 "-" "-"
13.89.73.189 - - [02/Apr/2025:13:28:21 -0400] "GET /wp-content/themes/about.php HTTP/1.1" 404 15319 "-" "-"
13.89.73.189 - - [02/Apr/2025:13:28:25 -0400] "GET /wp-admin/includes/about.php HTTP/1.1" 404 15316 "-" "-"
13.89.73.189 - - [02/Apr/2025:13:28:27 -0400] "GET /images/about.php HTTP/1.1" 404 15314 "-" "-"
13.89.73.189 - - [02/Apr/2025:13:28:30 -0400] "GET /wp-content/blogs.dir/about.php HTTP/1.1" 404 15325 "-" "-"
13.89.73.189 - - [02/Apr/2025:13:28:34 -0400] "GET /wp-includes/images/about.php HTTP/1.1" 404 15320 "-" "-"
13.89.73.189 - - [02/Apr/2025:13:28:37 -0400] "GET /wp-includes/about.php HTTP/1.1" 404 15314 "-" "-"
13.89.73.189 - - [02/Apr/2025:13:28:40 -0400] "GET /cgi-bin/about.php HTTP/1.1" 404 15317 "-" "-"
198.54.114.83 - - [02/Apr/2025:13:28:43 -0400] "POST /wp-cron.php?doing_wp_cron=1743614921.1750869750976562500000 HTTP/1.1" 200 0 "-" "WordPress/6.7.2; https://creative-webstyle.com"
13.89.73.189 - - [02/Apr/2025:13:28:43 -0400] "GET /wp-content/gallery/about.php HTTP/1.1" 404 15323 "-" "-"
13.89.73.189 - - [02/Apr/2025:13:28:48 -0400] "GET /wp-includes/blocks/about.php HTTP/1.1" 404 15321 "-" "-"
13.89.73.189 - - [02/Apr/2025:13:28:51 -0400] "GET /wp-admin/css/about.php HTTP/1.1" 404 15316 "-" "-"
13.89.73.189 - - [02/Apr/2025:13:28:55 -0400] "GET /wp-admin/images/about.php HTTP/1.1" 404 15315 "-" "-"
13.89.73.189 - - [02/Apr/2025:13:28:59 -0400] "GET /.well-known/pki-validation/cloud.php HTTP/1.1" 404 1251 "-" "-"
13.89.73.189 - - [02/Apr/2025:13:29:00 -0400] "GET /.well-known/acme-challenge/cloud.php HTTP/1.1" 404 15335 "-" "-"
13.89.73.189 - - [02/Apr/2025:13:29:03 -0400] "GET /wp-admin/network/cloud.php HTTP/1.1" 404 15320 "-" "-"
13.89.73.189 - - [02/Apr/2025:13:29:06 -0400] "GET /cloud.php HTTP/1.1" 404 15313 "-" "-"
13.89.73.189 - - [02/Apr/2025:13:29:08 -0400] "GET /cgi-bin/cloud.php HTTP/1.1" 404 15319 "-" "-"
13.89.73.189 - - [02/Apr/2025:13:29:10 -0400] "GET /wp-content/updates.php HTTP/1.1" 404 15317 "-" "-"
13.89.73.189 - - [02/Apr/2025:13:29:13 -0400] "GET /css/cloud.php HTTP/1.1" 404 15317 "-" "-"
13.89.73.189 - - [02/Apr/2025:13:29:16 -0400] "GET /wp-admin/user/cloud.php HTTP/1.1" 404 15317 "-" "-"
13.89.73.189 - - [02/Apr/2025:13:29:18 -0400] "GET /img/cloud.php HTTP/1.1" 404 15316 "-" "-"
13.89.73.189 - - [02/Apr/2025:13:29:20 -0400] "GET /wp-admin/css/colors/coffee/cloud.php HTTP/1.1" 404 15325 "-" "-"
13.89.73.189 - - [02/Apr/2025:13:29:23 -0400] "GET /wp-admin/images/cloud.php HTTP/1.1" 404 15317 "-" "-"
13.89.73.189 - - [02/Apr/2025:13:29:25 -0400] "GET /avaa.php HTTP/1.1" 404 15312 "-" "-"
13.89.73.189 - - [02/Apr/2025:13:29:26 -0400] "GET /images/cloud.php HTTP/1.1" 404 15317 "-" "-"
13.89.73.189 - - [02/Apr/2025:13:29:28 -0400] "GET /wp-admin/js/widgets/cloud.php HTTP/1.1" 404 15322 "-" "-"
13.89.73.189 - - [02/Apr/2025:13:29:31 -0400] "GET /wp-includes/Requests/Text/admin.php HTTP/1.1" 404 15327 "-" "-"
13.89.73.189 - - [02/Apr/2025:13:29:34 -0400] "GET /wp-admin/css/colors/cloud.php HTTP/1.1" 404 15321 "-" "-"
13.89.73.189 - - [02/Apr/2025:13:29:37 -0400] "GET /wp-admin/includes/cloud.php HTTP/1.1" 404 15317 "-" "-"
216.244.66.194 - - [02/Apr/2025:13:29:39 -0400] "GET /best-extended-car-warranty/feed/ HTTP/1.1" 200 424 "-" "Mozilla/5.0 (compatible; DotBot/1.2; +https://opensiteexplorer.org/dotbot; help@moz.com)"
13.89.73.189 - - [02/Apr/2025:13:29:39 -0400] "GET /wp-admin/css/colors/blue/cloud.php HTTP/1.1" 404 15325 "-" "-"
198.54.114.83 - - [02/Apr/2025:13:29:45 -0400] "POST /wp-cron.php?doing_wp_cron=1743614983.6445519924163818359375 HTTP/1.1" 200 0 "-" "WordPress/6.7.2; https://creative-webstyle.com"
13.89.73.189 - - [02/Apr/2025:13:29:43 -0400] "GET /wp-admin/cloud.php HTTP/1.1" 404 15312 "-" "-"
216.244.66.194 - - [02/Apr/2025:13:29:45 -0400] "GET /flathead-lake-boat-rental-2/feed/ HTTP/1.1" 200 426 "-" "Mozilla/5.0 (compatible; DotBot/1.2; +https://opensiteexplorer.org/dotbot; help@moz.com)"
13.89.73.189 - - [02/Apr/2025:13:29:45 -0400] "GET /updates.php HTTP/1.1" 404 15312 "-" "-"
13.89.73.189 - - [02/Apr/2025:13:29:49 -0400] "GET /libraries/legacy/updates.php HTTP/1.1" 404 15328 "-" "-"
13.89.73.189 - - [02/Apr/2025:13:29:51 -0400] "GET /libraries/phpmailer/updates.php HTTP/1.1" 404 15330 "-" "-"
13.89.73.189 - - [02/Apr/2025:13:29:54 -0400] "GET /libraries/vendor/updates.php HTTP/1.1" 404 15327 "-" "-"
13.89.73.189 - - [02/Apr/2025:13:29:56 -0400] "GET /alfa-rex.php7 HTTP/1.1" 404 15314 "-" "-"
13.89.73.189 - - [02/Apr/2025:13:29:58 -0400] "GET /alfanew.php HTTP/1.1" 404 15314 "-" "-"
13.89.73.189 - - [02/Apr/2025:13:30:00 -0400] "GET /wp-content/plugins/Cache/Cache.php HTTP/1.1" 404 15325 "-" "-"
13.89.73.189 - - [02/Apr/2025:13:30:05 -0400] "GET /wp-admin/js/widgets/about.php7 HTTP/1.1" 404 15322 "-" "-"
13.89.73.189 - - [02/Apr/2025:13:30:11 -0400] "GET /wp-p.php7 HTTP/1.1" 404 15311 "-" "-"
13.89.73.189 - - [02/Apr/2025:13:30:16 -0400] "GET /wp-admin/repeater.php HTTP/1.1" 404 15314 "-" "-"
13.89.73.189 - - [02/Apr/2025:13:30:19 -0400] "GET /wp-includes/repeater.php HTTP/1.1" 404 15320 "-" "-"
13.89.73.189 - - [02/Apr/2025:13:30:23 -0400] "GET /wp-content/repeater.php HTTP/1.1" 404 15319 "-" "-"
13.89.73.189 - - [02/Apr/2025:13:30:26 -0400] "GET /wsoyanz.php HTTP/1.1" 404 15315 "-" "-"
13.89.73.189 - - [02/Apr/2025:13:30:30 -0400] "GET /yanz.php HTTP/1.1" 404 15312 "-" "-"
13.89.73.189 - - [02/Apr/2025:13:30:31 -0400] "GET /wp-content/plugins/seoo/wsoyanz.php HTTP/1.1" 404 15330 "-" "-"
13.89.73.189 - - [02/Apr/2025:13:30:36 -0400] "GET /wp-content/plugins/seoo/wsoyanz1.php HTTP/1.1" 404 15331 "-" "-"
13.89.73.189 - - [02/Apr/2025:13:30:38 -0400] "GET /cache-compat.php HTTP/1.1" 404 15315 "-" "-"
13.89.73.189 - - [02/Apr/2025:13:30:39 -0400] "GET /ajax-actions.php HTTP/1.1" 404 15316 "-" "-"
13.89.73.189 - - [02/Apr/2025:13:30:41 -0400] "GET /wp-admin/ajax-actions.php HTTP/1.1" 404 15315 "-" "-"
13.89.73.189 - - [02/Apr/2025:13:30:42 -0400] "GET /wp-consar.php HTTP/1.1" 404 15313 "-" "-"
198.54.114.83 - - [02/Apr/2025:13:30:45 -0400] "POST /wp-cron.php?doing_wp_cron=1743615045.2257208824157714843750 HTTP/1.1" 200 0 "-" "WordPress/6.7.2; https://creative-webstyle.com"
13.89.73.189 - - [02/Apr/2025:13:30:44 -0400] "GET /repeater.php HTTP/1.1" 404 15315 "-" "-"
13.89.73.189 - - [02/Apr/2025:13:30:48 -0400] "GET /admin-post.php HTTP/1.1" 404 15312 "-" "-"
198.54.114.83 - - [02/Apr/2025:13:30:52 -0400] "POST /wp-cron.php?doing_wp_cron=1743615051.0633890628814697265625 HTTP/1.1" 200 0 "-" "WordPress/6.7.2; https://creative-webstyle.com"
13.89.73.189 - - [02/Apr/2025:13:30:50 -0400] "GET /wp-admin/maint/maint/ajax-actions.php HTTP/1.1" 404 15326 "-" "-"
13.89.73.189 - - [02/Apr/2025:13:30:53 -0400] "GET /wp-admin/dropdown.php HTTP/1.1" 404 15315 "-" "-"
13.89.73.189 - - [02/Apr/2025:13:30:55 -0400] "GET /wp-admin/css/index.php HTTP/1.1" 301 0 "-" "-"
13.89.73.189 - - [02/Apr/2025:13:30:56 -0400] "GET /wp-admin/css/ HTTP/1.1" 403 1242 "-" "-"
13.89.73.189 - - [02/Apr/2025:13:30:58 -0400] "GET /dropdown.php HTTP/1.1" 404 15316 "-" "-"
13.89.73.189 - - [02/Apr/2025:13:30:59 -0400] "GET /about.php HTTP/1.1" 404 15311 "-" "-"
13.89.73.189 - - [02/Apr/2025:13:31:02 -0400] "GET /about.php7 HTTP/1.1" 404 15312 "-" "-"
13.89.73.189 - - [02/Apr/2025:13:31:04 -0400] "GET /alfanew.php7 HTTP/1.1" 404 15316 "-" "-"
13.89.73.189 - - [02/Apr/2025:13:31:10 -0400] "GET /adminfuns.php7 HTTP/1.1" 404 15316 "-" "-"
13.89.73.189 - - [02/Apr/2025:13:31:11 -0400] "GET /ebs.php7 HTTP/1.1" 404 15313 "-" "-"
13.89.73.189 - - [02/Apr/2025:13:31:14 -0400] "GET /ws.php7 HTTP/1.1" 404 15311 "-" "-"
13.89.73.189 - - [02/Apr/2025:13:31:17 -0400] "GET /makeasmtp.php HTTP/1.1" 404 15316 "-" "-"
13.89.73.189 - - [02/Apr/2025:13:31:21 -0400] "GET /wp-sigunq.php HTTP/1.1" 404 15314 "-" "-"
151.106.162.202 - - [02/Apr/2025:13:31:22 -0400] "GET /img.style/banner-exchange.jpg HTTP/1.1" 301 0 "-" "Mozilla/5.0 (X11; Ubuntu; Linux x86_64; rv:72.0) Gecko/20100101 Firefox/72.0"
13.89.73.189 - - [02/Apr/2025:13:31:23 -0400] "GET /wso112233.php HTTP/1.1" 404 15314 "-" "-"
151.106.162.202 - - [02/Apr/2025:13:31:25 -0400] "GET /img.style/banner-exchange.jpg HTTP/1.1" 404 15305 "-" "Mozilla/5.0 (X11; Ubuntu; Linux x86_64; rv:72.0) Gecko/20100101 Firefox/72.0"
13.89.73.189 - - [02/Apr/2025:13:31:25 -0400] "GET /fw.php HTTP/1.1" 404 15310 "-" "-"
151.106.162.202 - - [02/Apr/2025:13:31:27 -0400] "GET /img.style/banner-exchange.jpg HTTP/1.1" 301 0 "-" "Mozilla/5.0 (X11; Ubuntu; Linux x86_64; rv:72.0) Gecko/20100101 Firefox/72.0"
151.106.162.202 - - [02/Apr/2025:13:31:28 -0400] "GET /img.style/banner-exchange.jpg HTTP/1.1" 404 15305 "-" "Mozilla/5.0 (X11; Ubuntu; Linux x86_64; rv:72.0) Gecko/20100101 Firefox/72.0"
13.89.73.189 - - [02/Apr/2025:13:31:28 -0400] "GET /install.php HTTP/1.1" 404 15314 "-" "-"
151.106.162.202 - - [02/Apr/2025:13:31:30 -0400] "GET /img.style/banner-exchange.jpg HTTP/1.1" 301 0 "-" "Mozilla/5.0 (X11; Ubuntu; Linux x86_64; rv:72.0) Gecko/20100101 Firefox/72.0"
151.106.162.202 - - [02/Apr/2025:13:31:32 -0400] "GET /img.style/banner-exchange.jpg HTTP/1.1" 404 15305 "-" "Mozilla/5.0 (X11; Ubuntu; Linux x86_64; rv:72.0) Gecko/20100101 Firefox/72.0"
13.89.73.189 - - [02/Apr/2025:13:31:31 -0400] "GET /wp-login.php HTTP/1.1" 302 0 "-" "-"
13.89.73.189 - - [02/Apr/2025:13:31:40 -0400] "GET /chosen.php HTTP/1.1" 404 15315 "-" "-"
13.89.73.189 - - [02/Apr/2025:13:31:43 -0400] "GET /simple.php HTTP/1.1" 404 15313 "-" "-"
13.89.73.189 - - [02/Apr/2025:13:31:46 -0400] "GET /inputs.php HTTP/1.1" 404 15312 "-" "-"
13.89.73.189 - - [02/Apr/2025:13:31:50 -0400] "GET /classsmtps.php HTTP/1.1" 404 15315 "-" "-"
198.54.114.83 - - [02/Apr/2025:13:31:54 -0400] "POST /wp-cron.php?doing_wp_cron=1743615113.7344470024108886718750 HTTP/1.1" 200 0 "-" "WordPress/6.7.2; https://creative-webstyle.com"
13.89.73.189 - - [02/Apr/2025:13:31:53 -0400] "GET /wp-blog-header.php HTTP/1.1" 404 0 "-" "-"
13.89.73.189 - - [02/Apr/2025:13:31:56 -0400] "GET /wp-trackback.php HTTP/1.1" 404 130 "-" "-"
13.89.73.189 - - [02/Apr/2025:13:31:57 -0400] "GET /wp-signup.php HTTP/1.1" 302 0 "-" "-"
13.89.73.189 - - [02/Apr/2025:13:32:07 -0400] "GET /wp-comments-post.php HTTP/1.1" 405 0 "-" "-"
13.89.73.189 - - [02/Apr/2025:13:32:08 -0400] "GET /wp-cron.php HTTP/1.1" 200 0 "-" "-"
13.89.73.189 - - [02/Apr/2025:13:32:10 -0400] "GET /wp-load.php HTTP/1.1" 200 0 "-" "-"
13.89.73.189 - - [02/Apr/2025:13:32:12 -0400] "GET /wp-mail.php HTTP/1.1" 403 1123 "-" "-"
13.89.73.189 - - [02/Apr/2025:13:32:14 -0400] "GET /edit.php HTTP/1.1" 404 15312 "-" "-"
13.89.73.189 - - [02/Apr/2025:13:32:17 -0400] "GET /wp-activate.php HTTP/1.1" 302 0 "-" "-"
198.54.114.83 - - [02/Apr/2025:13:32:20 -0400] "POST /wp-cron.php?doing_wp_cron=1743615138.9307689666748046875000 HTTP/1.1" 200 0 "-" "WordPress/6.7.2; https://creative-webstyle.com"
13.89.73.189 - - [02/Apr/2025:13:32:26 -0400] "GET /plugins.php HTTP/1.1" 404 15314 "-" "-"
13.89.73.189 - - [02/Apr/2025:13:32:30 -0400] "GET /post.php HTTP/1.1" 404 15311 "-" "-"
13.89.73.189 - - [02/Apr/2025:13:32:32 -0400] "GET /wp-2019.php HTTP/1.1" 404 15312 "-" "-"
13.89.73.189 - - [02/Apr/2025:13:32:34 -0400] "GET /geju.php HTTP/1.1" 404 15313 "-" "-"
13.89.73.189 - - [02/Apr/2025:13:32:36 -0400] "GET /wp.php HTTP/1.1" 404 15309 "-" "-"
13.89.73.189 - - [02/Apr/2025:13:32:37 -0400] "GET /hoot.php HTTP/1.1" 404 15312 "-" "-"
13.89.73.189 - - [02/Apr/2025:13:32:39 -0400] "GET /css.php HTTP/1.1" 404 15312 "-" "-"
13.89.73.189 - - [02/Apr/2025:13:32:41 -0400] "GET /log.php HTTP/1.1" 404 15311 "-" "-"
13.89.73.189 - - [02/Apr/2025:13:32:42 -0400] "GET /mail.php HTTP/1.1" 404 15313 "-" "-"
13.89.73.189 - - [02/Apr/2025:13:32:42 -0400] "GET /bak.php HTTP/1.1" 404 15311 "-" "-"
13.89.73.189 - - [02/Apr/2025:13:32:43 -0400] "GET /upfile.php HTTP/1.1" 404 15313 "-" "-"
13.89.73.189 - - [02/Apr/2025:13:32:44 -0400] "GET /wp-conflg.php HTTP/1.1" 404 15313 "-" "-"
13.89.73.189 - - [02/Apr/2025:13:32:46 -0400] "GET /bypass.php HTTP/1.1" 404 15314 "-" "-"
13.89.73.189 - - [02/Apr/2025:13:32:47 -0400] "GET /404.php HTTP/1.1" 404 15311 "-" "-"
13.89.73.189 - - [02/Apr/2025:13:32:48 -0400] "GET /radio.php HTTP/1.1" 404 15312 "-" "-"
13.89.73.189 - - [02/Apr/2025:13:32:51 -0400] "GET /xmrlpc.php HTTP/1.1" 404 15314 "-" "-"
198.54.114.83 - - [02/Apr/2025:13:32:56 -0400] "POST /wp-cron.php?doing_wp_cron=1743615176.0294070243835449218750 HTTP/1.1" 200 0 "-" "WordPress/6.7.2; https://creative-webstyle.com"
13.89.73.189 - - [02/Apr/2025:13:32:55 -0400] "GET /ae.php HTTP/1.1" 404 15310 "-" "-"
13.89.73.189 - - [02/Apr/2025:13:32:57 -0400] "GET /moon.php HTTP/1.1" 404 15313 "-" "-"
13.89.73.189 - - [02/Apr/2025:13:32:58 -0400] "GET /blog.php HTTP/1.1" 404 15313 "-" "-"
13.89.73.189 - - [02/Apr/2025:13:33:00 -0400] "GET /themes.php HTTP/1.1" 404 15311 "-" "-"
13.89.73.189 - - [02/Apr/2025:13:33:01 -0400] "GET /ini.php HTTP/1.1" 404 15310 "-" "-"
13.89.73.189 - - [02/Apr/2025:13:33:02 -0400] "GET /as.php HTTP/1.1" 404 15310 "-" "-"
13.89.73.189 - - [02/Apr/2025:13:33:03 -0400] "GET /shell.php HTTP/1.1" 404 15311 "-" "-"
13.89.73.189 - - [02/Apr/2025:13:33:05 -0400] "GET /ws.php HTTP/1.1" 404 15309 "-" "-"
13.89.73.189 - - [02/Apr/2025:13:33:08 -0400] "GET /alfanew2.php7 HTTP/1.1" 404 15315 "-" "-"
13.89.73.189 - - [02/Apr/2025:13:33:11 -0400] "GET /alfa-rex2.php7 HTTP/1.1" 404 15316 "-" "-"
13.89.73.189 - - [02/Apr/2025:13:33:17 -0400] "GET /wp-admin/images/index.php HTTP/1.1" 301 0 "-" "-"
13.89.73.189 - - [02/Apr/2025:13:33:18 -0400] "GET /wp-admin/images/ HTTP/1.1" 403 1242 "-" "-"
13.89.73.189 - - [02/Apr/2025:13:33:19 -0400] "GET /wp-admin/css/colors/index.php HTTP/1.1" 301 0 "-" "-"
13.89.73.189 - - [02/Apr/2025:13:33:22 -0400] "GET /wp-admin/css/colors/ HTTP/1.1" 403 1242 "-" "-"
13.89.73.189 - - [02/Apr/2025:13:33:23 -0400] "GET /wp-content/themes/pridmag/db.php?u HTTP/1.1" 404 15328 "-" "-"
13.89.73.189 - - [02/Apr/2025:13:33:25 -0400] "GET /wp-content/themes/seotheme/mar.php HTTP/1.1" 404 15324 "-" "-"
13.89.73.189 - - [02/Apr/2025:13:33:26 -0400] "GET /wp-content/plugins/linkpreview/db.php?u HTTP/1.1" 404 15334 "-" "-"
13.89.73.189 - - [02/Apr/2025:13:33:29 -0400] "GET /wp-content/themes/seotheme/db.php?u HTTP/1.1" 404 15326 "-" "-"
13.89.73.189 - - [02/Apr/2025:13:33:31 -0400] "GET /wp-content/plugins/seoplugins/db.php?u HTTP/1.1" 404 15326 "-" "-"
13.89.73.189 - - [02/Apr/2025:13:33:33 -0400] "GET /wp-content/plugins/seoplugins/mar.php HTTP/1.1" 404 15325 "-" "-"
13.89.73.189 - - [02/Apr/2025:13:33:36 -0400] "GET /.well-known/pki-validation/xmrlpc.php?p= HTTP/1.1" 404 1251 "-" "-"
13.89.73.189 - - [02/Apr/2025:13:33:36 -0400] "GET /.well-known/acme-challenge/xmrlpc.php?p= HTTP/1.1" 301 0 "-" "-"
198.54.114.83 - - [02/Apr/2025:13:33:40 -0400] "POST /wp-cron.php?doing_wp_cron=1743615219.1102490425109863281250 HTTP/1.1" 200 0 "-" "WordPress/6.7.2; https://creative-webstyle.com"
13.89.73.189 - - [02/Apr/2025:13:33:38 -0400] "GET /.well-known/acme-challenge/xmrlpc.php HTTP/1.1" 404 15336 "-" "-"
13.89.73.189 - - [02/Apr/2025:13:33:41 -0400] "GET /wp-admin/network/xmrlpc.php?p= HTTP/1.1" 301 0 "-" "-"
13.89.73.189 - - [02/Apr/2025:13:33:41 -0400] "GET /wp-admin/network/xmrlpc.php HTTP/1.1" 404 15322 "-" "-"
13.89.73.189 - - [02/Apr/2025:13:33:43 -0400] "GET /xmrlpc.php?p= HTTP/1.1" 301 0 "-" "-"
13.89.73.189 - - [02/Apr/2025:13:33:44 -0400] "GET /xmrlpc.php HTTP/1.1" 404 15314 "-" "-"
13.89.73.189 - - [02/Apr/2025:13:33:44 -0400] "GET /cgi-bin/xmrlpc.php?p= HTTP/1.1" 301 0 "-" "-"
13.89.73.189 - - [02/Apr/2025:13:33:44 -0400] "GET /cgi-bin/xmrlpc.php HTTP/1.1" 404 15320 "-" "-"
13.89.73.189 - - [02/Apr/2025:13:33:47 -0400] "GET /css/xmrlpc.php?p= HTTP/1.1" 301 0 "-" "-"
13.89.73.189 - - [02/Apr/2025:13:33:48 -0400] "GET /css/xmrlpc.php HTTP/1.1" 404 15317 "-" "-"
198.54.114.83 - - [02/Apr/2025:13:33:50 -0400] "POST /wp-cron.php?doing_wp_cron=1743615229.9933629035949707031250 HTTP/1.1" 200 0 "-" "WordPress/6.7.2; https://creative-webstyle.com"
13.89.73.189 - - [02/Apr/2025:13:33:49 -0400] "GET /wp-admin/user/xmrlpc.php?p= HTTP/1.1" 301 0 "-" "-"
13.89.73.189 - - [02/Apr/2025:13:33:51 -0400] "GET /wp-admin/user/xmrlpc.php HTTP/1.1" 404 15318 "-" "-"
13.89.73.189 - - [02/Apr/2025:13:33:53 -0400] "GET /img/xmrlpc.php?p= HTTP/1.1" 301 0 "-" "-"
13.89.73.189 - - [02/Apr/2025:13:33:54 -0400] "GET /img/xmrlpc.php HTTP/1.1" 404 15317 "-" "-"
13.89.73.189 - - [02/Apr/2025:13:33:56 -0400] "GET /wp-admin/css/colors/coffee/xmrlpc.php?p= HTTP/1.1" 301 0 "-" "-"
13.89.73.189 - - [02/Apr/2025:13:33:57 -0400] "GET /wp-admin/css/colors/coffee/xmrlpc.php HTTP/1.1" 404 15327 "-" "-"
13.89.73.189 - - [02/Apr/2025:13:33:58 -0400] "GET /wp-admin/images/xmrlpc.php?p= HTTP/1.1" 301 0 "-" "-"
13.89.73.189 - - [02/Apr/2025:13:34:01 -0400] "GET /wp-admin/images/xmrlpc.php HTTP/1.1" 404 15319 "-" "-"
151.106.162.202 - - [02/Apr/2025:13:34:01 -0400] "GET /img/eye2020-9.jpg HTTP/1.1" 404 15294 "-" "Mozilla/5.0 (X11; Ubuntu; Linux x86_64; rv:72.0) Gecko/20100101 Firefox/72.0"
151.106.162.202 - - [02/Apr/2025:13:34:04 -0400] "GET /img/eye2020-9.jpg HTTP/1.1" 404 15294 "-" "Mozilla/5.0 (X11; Ubuntu; Linux x86_64; rv:72.0) Gecko/20100101 Firefox/72.0"
13.89.73.189 - - [02/Apr/2025:13:34:04 -0400] "GET /images/xmrlpc.php?p= HTTP/1.1" 301 0 "-" "-"
13.89.73.189 - - [02/Apr/2025:13:34:05 -0400] "GET /images/xmrlpc.php HTTP/1.1" 404 15318 "-" "-"
13.89.73.189 - - [02/Apr/2025:13:34:06 -0400] "GET /wp-admin/js/widgets/xmrlpc.php?p= HTTP/1.1" 301 0 "-" "-"
13.89.73.189 - - [02/Apr/2025:13:34:08 -0400] "GET /wp-admin/js/widgets/xmrlpc.php HTTP/1.1" 404 15323 "-" "-"
13.89.73.189 - - [02/Apr/2025:13:34:10 -0400] "GET /wp-admin/css/colors/xmrlpc.php?p= HTTP/1.1" 301 0 "-" "-"
13.89.73.189 - - [02/Apr/2025:13:34:11 -0400] "GET /wp-admin/css/colors/xmrlpc.php HTTP/1.1" 404 15322 "-" "-"
13.89.73.189 - - [02/Apr/2025:13:34:15 -0400] "GET /wp-admin/includes/xmrlpc.php?p= HTTP/1.1" 301 0 "-" "-"
13.89.73.189 - - [02/Apr/2025:13:34:17 -0400] "GET /wp-admin/includes/xmrlpc.php HTTP/1.1" 404 15318 "-" "-"
13.89.73.189 - - [02/Apr/2025:13:34:20 -0400] "GET /wp-admin/css/colors/blue/xmrlpc.php?p= HTTP/1.1" 301 0 "-" "-"
13.89.73.189 - - [02/Apr/2025:13:34:22 -0400] "GET /wp-admin/css/colors/blue/xmrlpc.php HTTP/1.1" 404 15328 "-" "-"
13.89.73.189 - - [02/Apr/2025:13:34:25 -0400] "GET /wp-admin/xmrlpc.php?p= HTTP/1.1" 301 0 "-" "-"
13.89.73.189 - - [02/Apr/2025:13:34:28 -0400] "GET /wp-admin/xmrlpc.php HTTP/1.1" 404 15314 "-" "-"
209.97.151.108 - - [02/Apr/2025:13:40:31 -0400] "GET /wp-admin/css/ HTTP/1.1" 403 1242 "binance.com" "Mozilla/5.0 (Windows NT 10.0; Win64; x64) AppleWebKit/537.36 (KHTML, like Gecko) Chrome/90.0.4430.85 Safari/537.36"
194.127.173.102 - - [02/Apr/2025:13:45:06 -0400] "GET /best-cbd-oil-for-sleep-uk/ HTTP/1.1" 200 21689 "http://creative-webstyle.com/best-cbd-oil-for-sleep-uk/" "Mozilla/5.0 (Windows NT 10.0; Win64; x64) AppleWebKit/537.36 (KHTML, like Gecko) Chrome/130.0.0.0 Safari/537.36 CCleaner/130.0.0.0"
198.54.114.83 - - [02/Apr/2025:13:45:13 -0400] "POST /wp-cron.php?doing_wp_cron=1743615911.1933560371398925781250 HTTP/1.1" 200 0 "-" "WordPress/6.7.2; https://creative-webstyle.com"
194.127.173.102 - - [02/Apr/2025:13:45:09 -0400] "POST /wp-comments-post.php HTTP/1.1" 302 0 "http://creative-webstyle.com/best-cbd-oil-for-sleep-uk/" "Mozilla/5.0 (Windows NT 10.0; Win64; x64) AppleWebKit/537.36 (KHTML, like Gecko) Chrome/130.0.0.0 Safari/537.36 CCleaner/130.0.0.0"
193.112.74.173 - - [02/Apr/2025:13:45:26 -0400] "GET / HTTP/1.1" 200 98430 "-" "python-requests/2.32.3"
216.244.66.194 - - [02/Apr/2025:13:45:31 -0400] "GET /robots.txt HTTP/1.1" 304 0 "-" "Mozilla/5.0 (compatible; DotBot/1.2; +https://opensiteexplorer.org/dotbot; help@moz.com)"
85.208.98.23 - - [02/Apr/2025:13:47:02 -0400] "GET /robots.txt HTTP/1.1" 304 0 "-" "Mozilla/5.0 (compatible; SemrushBot-BA; +http://www.semrush.com/bot.html)"
167.99.69.132 - - [02/Apr/2025:13:51:11 -0400] "GET /wp-content/uploads/2017-------/09/wp-console.php HTTP/1.1" 404 15311 "-" "Mozilla/5.0 (Linux; Android 11; M2010J19SI) AppleWebKit/537.36 (KHTML, like Gecko) Chrome/109.0.0.0 Mobile Safari/537.36"
167.99.69.132 - - [02/Apr/2025:13:51:14 -0400] "GET /wp-includes/js/crop/uword.php HTTP/1.1" 404 15301 "-" "Mozilla/5.0 (Linux; Android 11; M2010J19SI) AppleWebKit/537.36 (KHTML, like Gecko) Chrome/109.0.0.0 Mobile Safari/537.36"
167.99.69.132 - - [02/Apr/2025:13:51:20 -0400] "GET /wp-content/themes/bltm/wp-login.php HTTP/1.1" 404 15302 "-" "Mozilla/5.0 (Linux; Android 11; M2010J19SI) AppleWebKit/537.36 (KHTML, like Gecko) Chrome/109.0.0.0 Mobile Safari/537.36"
167.99.69.132 - - [02/Apr/2025:13:51:25 -0400] "GET /autoload_classmap.php HTTP/1.1" 404 15295 "-" "Mozilla/5.0 (Linux; Android 11; M2010J19SI) AppleWebKit/537.36 (KHTML, like Gecko) Chrome/109.0.0.0 Mobile Safari/537.36"
167.99.69.132 - - [02/Apr/2025:13:51:31 -0400] "GET /wp-content/uploads/2014/07/olx.php HTTP/1.1" 404 15304 "-" "Mozilla/5.0 (Linux; Android 11; M2010J19SI) AppleWebKit/537.36 (KHTML, like Gecko) Chrome/109.0.0.0 Mobile Safari/537.36"
167.99.69.132 - - [02/Apr/2025:13:51:38 -0400] "GET /wp-admin/css/colors/midnight/index.php HTTP/1.1" 301 0 "-" "Mozilla/5.0 (Linux; Android 11; M2010J19SI) AppleWebKit/537.36 (KHTML, like Gecko) Chrome/109.0.0.0 Mobile Safari/537.36"
167.99.69.132 - - [02/Apr/2025:13:51:41 -0400] "GET /wp-admin/css/colors/midnight/ HTTP/1.1" 403 1242 "-" "Mozilla/5.0 (Linux; Android 11; M2010J19SI) AppleWebKit/537.36 (KHTML, like Gecko) Chrome/109.0.0.0 Mobile Safari/537.36"
167.99.69.132 - - [02/Apr/2025:13:51:44 -0400] "GET /wp-content/uploads/2020/wp-couldent.php.suspected HTTP/1.1" 404 15316 "-" "Mozilla/5.0 (Linux; Android 11; M2010J19SI) AppleWebKit/537.36 (KHTML, like Gecko) Chrome/109.0.0.0 Mobile Safari/537.36"
167.99.69.132 - - [02/Apr/2025:13:51:49 -0400] "GET /wp-content/plugins/523453244/ninja.php HTTP/1.1" 404 15309 "-" "Mozilla/5.0 (Linux; Android 11; M2010J19SI) AppleWebKit/537.36 (KHTML, like Gecko) Chrome/109.0.0.0 Mobile Safari/537.36"
167.99.69.132 - - [02/Apr/2025:13:51:55 -0400] "GET /wp-includes/js/imgareaselect/index.php HTTP/1.1" 301 0 "-" "Mozilla/5.0 (Linux; Android 11; M2010J19SI) AppleWebKit/537.36 (KHTML, like Gecko) Chrome/109.0.0.0 Mobile Safari/537.36"
198.54.114.83 - - [02/Apr/2025:13:51:59 -0400] "POST /wp-cron.php?doing_wp_cron=1743616316.4970500469207763671875 HTTP/1.1" 200 0 "-" "WordPress/6.7.2; https://creative-webstyle.com"
167.99.69.132 - - [02/Apr/2025:13:52:01 -0400] "GET /wp-includes/js/imgareaselect/ HTTP/1.1" 403 1242 "-" "Mozilla/5.0 (Linux; Android 11; M2010J19SI) AppleWebKit/537.36 (KHTML, like Gecko) Chrome/109.0.0.0 Mobile Safari/537.36"
167.99.69.132 - - [02/Apr/2025:13:52:04 -0400] "GET /wp-includes/PHPMailer/load.php HTTP/1.1" 404 15302 "-" "Mozilla/5.0 (Linux; Android 11; M2010J19SI) AppleWebKit/537.36 (KHTML, like Gecko) Chrome/109.0.0.0 Mobile Safari/537.36"
167.99.69.132 - - [02/Apr/2025:13:52:13 -0400] "GET /wp-links.php HTTP/1.1" 404 15288 "-" "Mozilla/5.0 (Linux; Android 11; M2010J19SI) AppleWebKit/537.36 (KHTML, like Gecko) Chrome/109.0.0.0 Mobile Safari/537.36"
167.99.69.132 - - [02/Apr/2025:13:52:20 -0400] "GET /wp-aa.php HTTP/1.1" 404 15285 "-" "Mozilla/5.0 (Linux; Android 11; M2010J19SI) AppleWebKit/537.36 (KHTML, like Gecko) Chrome/109.0.0.0 Mobile Safari/537.36"
167.99.69.132 - - [02/Apr/2025:13:52:24 -0400] "GET /wp-content/themes/travelscape/json.php HTTP/1.1" 404 15306 "-" "Mozilla/5.0 (Linux; Android 11; M2010J19SI) AppleWebKit/537.36 (KHTML, like Gecko) Chrome/109.0.0.0 Mobile Safari/537.36"
167.99.69.132 - - [02/Apr/2025:13:52:29 -0400] "GET /wp-content/themes/travel/issue.php HTTP/1.1" 404 15303 "-" "Mozilla/5.0 (Linux; Android 11; M2010J19SI) AppleWebKit/537.36 (KHTML, like Gecko) Chrome/109.0.0.0 Mobile Safari/537.36"
167.99.69.132 - - [02/Apr/2025:13:52:37 -0400] "GET /about.php HTTP/1.1" 404 15287 "-" "Mozilla/5.0 (Linux; Android 11; M2010J19SI) AppleWebKit/537.36 (KHTML, like Gecko) Chrome/109.0.0.0 Mobile Safari/537.36"
167.99.69.132 - - [02/Apr/2025:13:52:45 -0400] "GET /xx.php HTTP/1.1" 404 15286 "-" "Mozilla/5.0 (Linux; Android 11; M2010J19SI) AppleWebKit/537.36 (KHTML, like Gecko) Chrome/109.0.0.0 Mobile Safari/537.36"
167.99.69.132 - - [02/Apr/2025:13:52:50 -0400] "GET /wp-content/themes/digital-download/new.php HTTP/1.1" 404 15309 "-" "Mozilla/5.0 (Linux; Android 11; M2010J19SI) AppleWebKit/537.36 (KHTML, like Gecko) Chrome/109.0.0.0 Mobile Safari/537.36"
198.54.114.83 - - [02/Apr/2025:13:52:58 -0400] "POST /wp-cron.php?doing_wp_cron=1743616376.7769310474395751953125 HTTP/1.1" 200 0 "-" "WordPress/6.7.2; https://creative-webstyle.com"
167.99.69.132 - - [02/Apr/2025:13:52:56 -0400] "GET /epinyins.php HTTP/1.1" 404 15292 "-" "Mozilla/5.0 (Linux; Android 11; M2010J19SI) AppleWebKit/537.36 (KHTML, like Gecko) Chrome/109.0.0.0 Mobile Safari/537.36"
167.99.69.132 - - [02/Apr/2025:13:53:03 -0400] "GET /wp-admin/dropdown.php HTTP/1.1" 404 15291 "-" "Mozilla/5.0 (Linux; Android 11; M2010J19SI) AppleWebKit/537.36 (KHTML, like Gecko) Chrome/109.0.0.0 Mobile Safari/537.36"
167.99.69.132 - - [02/Apr/2025:13:53:07 -0400] "GET /dropdown.php HTTP/1.1" 404 15291 "-" "Mozilla/5.0 (Linux; Android 11; M2010J19SI) AppleWebKit/537.36 (KHTML, like Gecko) Chrome/109.0.0.0 Mobile Safari/537.36"
167.99.69.132 - - [02/Apr/2025:13:53:12 -0400] "GET /wp-admin/css/index.php HTTP/1.1" 301 0 "-" "Mozilla/5.0 (Linux; Android 11; M2010J19SI) AppleWebKit/537.36 (KHTML, like Gecko) Chrome/109.0.0.0 Mobile Safari/537.36"
167.99.69.132 - - [02/Apr/2025:13:53:15 -0400] "GET /wp-admin/css/ HTTP/1.1" 403 1242 "-" "Mozilla/5.0 (Linux; Android 11; M2010J19SI) AppleWebKit/537.36 (KHTML, like Gecko) Chrome/109.0.0.0 Mobile Safari/537.36"
167.99.69.132 - - [02/Apr/2025:13:53:18 -0400] "GET /wp-content/mah.php HTTP/1.1" 404 15291 "-" "Mozilla/5.0 (Linux; Android 11; M2010J19SI) AppleWebKit/537.36 (KHTML, like Gecko) Chrome/109.0.0.0 Mobile Safari/537.36"
167.99.69.132 - - [02/Apr/2025:13:53:22 -0400] "GET /wp-content/item.php HTTP/1.1" 404 15292 "-" "Mozilla/5.0 (Linux; Android 11; M2010J19SI) AppleWebKit/537.36 (KHTML, like Gecko) Chrome/109.0.0.0 Mobile Safari/537.36"
167.99.69.132 - - [02/Apr/2025:13:53:33 -0400] "GET /wp-content/plugins/shell/about.php HTTP/1.1" 404 15302 "-" "Mozilla/5.0 (Linux; Android 11; M2010J19SI) AppleWebKit/537.36 (KHTML, like Gecko) Chrome/109.0.0.0 Mobile Safari/537.36"
167.99.69.132 - - [02/Apr/2025:13:53:38 -0400] "GET /wp-content/plugins/pwnd/pwnd.php HTTP/1.1" 404 15300 "-" "Mozilla/5.0 (Linux; Android 11; M2010J19SI) AppleWebKit/537.36 (KHTML, like Gecko) Chrome/109.0.0.0 Mobile Safari/537.36"
167.99.69.132 - - [02/Apr/2025:13:53:45 -0400] "GET /wp-content/plugins/fix/up.php HTTP/1.1" 404 15302 "-" "Mozilla/5.0 (Linux; Android 11; M2010J19SI) AppleWebKit/537.36 (KHTML, like Gecko) Chrome/109.0.0.0 Mobile Safari/537.36"
167.99.69.132 - - [02/Apr/2025:13:53:52 -0400] "GET /wp-content/plugins/ph-file-manager/wp-file.php HTTP/1.1" 404 15311 "-" "Mozilla/5.0 (Linux; Android 11; M2010J19SI) AppleWebKit/537.36 (KHTML, like Gecko) Chrome/109.0.0.0 Mobile Safari/537.36"
167.99.69.132 - - [02/Apr/2025:13:53:57 -0400] "GET /wp-content/plugins/root-file-manager/wp-file.php HTTP/1.1" 404 15314 "-" "Mozilla/5.0 (Linux; Android 11; M2010J19SI) AppleWebKit/537.36 (KHTML, like Gecko) Chrome/109.0.0.0 Mobile Safari/537.36"
198.54.114.83 - - [02/Apr/2025:13:54:00 -0400] "POST /wp-cron.php?doing_wp_cron=1743616437.9481949806213378906250 HTTP/1.1" 200 0 "-" "WordPress/6.7.2; https://creative-webstyle.com"
167.99.69.132 - - [02/Apr/2025:13:54:04 -0400] "GET /wp-content/plugins/wp-help/mini.php HTTP/1.1" 404 15305 "-" "Mozilla/5.0 (Linux; Android 11; M2010J19SI) AppleWebKit/537.36 (KHTML, like Gecko) Chrome/109.0.0.0 Mobile Safari/537.36"
167.99.69.132 - - [02/Apr/2025:13:54:13 -0400] "GET /wp-content/themes/travel/issue.php HTTP/1.1" 404 15303 "-" "Mozilla/5.0 (Linux; Android 11; M2010J19SI) AppleWebKit/537.36 (KHTML, like Gecko) Chrome/109.0.0.0 Mobile Safari/537.36"
167.99.69.132 - - [02/Apr/2025:13:54:17 -0400] "GET /wp-content/themes/jaida/lang.php HTTP/1.1" 404 15303 "-" "Mozilla/5.0 (Linux; Android 11; M2010J19SI) AppleWebKit/537.36 (KHTML, like Gecko) Chrome/109.0.0.0 Mobile Safari/537.36"
167.99.69.132 - - [02/Apr/2025:13:54:23 -0400] "GET /wp-l0gin.php HTTP/1.1" 404 15288 "-" "Mozilla/5.0 (Linux; Android 11; M2010J19SI) AppleWebKit/537.36 (KHTML, like Gecko) Chrome/109.0.0.0 Mobile Safari/537.36"
167.99.69.132 - - [02/Apr/2025:13:54:28 -0400] "GET /ext.php HTTP/1.1" 404 15286 "-" "Mozilla/5.0 (Linux; Android 11; M2010J19SI) AppleWebKit/537.36 (KHTML, like Gecko) Chrome/109.0.0.0 Mobile Safari/537.36"
167.99.69.132 - - [02/Apr/2025:13:54:32 -0400] "GET /wp-l0gin.php HTTP/1.1" 404 15288 "-" "Mozilla/5.0 (Linux; Android 11; M2010J19SI) AppleWebKit/537.36 (KHTML, like Gecko) Chrome/109.0.0.0 Mobile Safari/537.36"
103.6.122.30 - - [02/Apr/2025:13:57:30 -0400] "POST /wp-login.php HTTP/1.1" 302 0 "-" "Mozilla/5.0 (Windows NT 10.0; Win64; x64; rv:95.0) Gecko/20100101 Firefox/95.0"
198.54.114.83 - - [02/Apr/2025:13:57:32 -0400] "POST /wp-cron.php?doing_wp_cron=1743616651.1336429119110107421875 HTTP/1.1" 200 0 "-" "WordPress/6.7.2; https://creative-webstyle.com"
216.244.66.194 - - [02/Apr/2025:13:58:20 -0400] "GET /the-pitfalls-of-buying-youtube-views-and-the-power-of-genuine-engagement/ HTTP/1.1" 200 22541 "-" "Mozilla/5.0 (compatible; DotBot/1.2; +https://opensiteexplorer.org/dotbot; help@moz.com)"
198.54.114.83 - - [02/Apr/2025:13:58:45 -0400] "POST /wp-cron.php?doing_wp_cron=1743616724.6490569114685058593750 HTTP/1.1" 200 0 "-" "WordPress/6.7.2; https://creative-webstyle.com"
216.244.66.194 - - [02/Apr/2025:13:58:44 -0400] "GET /what-we-know-about-used-slot-machines/ HTTP/1.1" 200 22776 "-" "Mozilla/5.0 (compatible; DotBot/1.2; +https://opensiteexplorer.org/dotbot; help@moz.com)"
110.40.78.19 - - [02/Apr/2025:14:05:41 -0400] "GET /ucms/img/loading.gif HTTP/1.1" 404 15296 "http://creative-webstyle.com/ucms/img/loading.gif" "Mozilla/5.0 (Windows NT 10.0; Win64; x64) AppleWebKit/537.36 (KHTML, like Gecko) Chrome/83.0.4103.61 Safari/537.36"
52.138.178.146 - - [02/Apr/2025:14:06:30 -0400] "GET /wp-includes/js/ HTTP/1.1" 403 1242 "-" "-"
52.138.178.146 - - [02/Apr/2025:14:06:32 -0400] "GET /wp-includes/pomo/ HTTP/1.1" 403 1242 "-" "-"
52.138.178.146 - - [02/Apr/2025:14:06:34 -0400] "GET /wp-includes/rest-api/ HTTP/1.1" 403 1242 "-" "-"
52.138.178.146 - - [02/Apr/2025:14:06:35 -0400] "GET /wp-includes/widgets/ HTTP/1.1" 403 1242 "-" "-"
52.138.178.146 - - [02/Apr/2025:14:06:37 -0400] "GET /wp-admin/css/ HTTP/1.1" 403 1242 "-" "-"
52.138.178.146 - - [02/Apr/2025:14:06:38 -0400] "GET /wp-admin/images/ HTTP/1.1" 403 1242 "-" "-"
52.138.178.146 - - [02/Apr/2025:14:06:39 -0400] "GET /wp-admin/maint/ HTTP/1.1" 403 1242 "-" "-"
198.54.114.83 - - [02/Apr/2025:14:06:41 -0400] "POST /wp-cron.php?doing_wp_cron=1743617201.1657850742340087890625 HTTP/1.1" 200 0 "-" "WordPress/6.7.2; https://creative-webstyle.com"
52.138.178.146 - - [02/Apr/2025:14:06:40 -0400] "GET /wp-admin/meta/ HTTP/1.1" 404 15310 "-" "-"
52.138.178.146 - - [02/Apr/2025:14:06:44 -0400] "GET /wp-admin/network/ HTTP/1.1" 302 0 "-" "-"
52.138.178.146 - - [02/Apr/2025:14:06:51 -0400] "GET /wp-admin/user/ HTTP/1.1" 302 0 "-" "-"
52.138.178.146 - - [02/Apr/2025:14:06:55 -0400] "GET /wp-content/ HTTP/1.1" 200 0 "-" "-"
52.138.178.146 - - [02/Apr/2025:14:06:55 -0400] "GET /wp-content/plugins/ HTTP/1.1" 200 0 "-" "-"
52.138.178.146 - - [02/Apr/2025:14:06:57 -0400] "GET /wp-content/themes/ HTTP/1.1" 200 0 "-" "-"
52.138.178.146 - - [02/Apr/2025:14:06:59 -0400] "GET /wp-admin/includes/ HTTP/1.1" 403 1242 "-" "-"
52.138.178.146 - - [02/Apr/2025:14:06:59 -0400] "GET /wp-admin/ HTTP/1.1" 302 0 "-" "-"
52.138.178.146 - - [02/Apr/2025:14:07:06 -0400] "GET /wp-content/upgrade/ HTTP/1.1" 403 1242 "-" "-"
52.138.178.146 - - [02/Apr/2025:14:07:07 -0400] "GET /wp-content/uploads/ HTTP/1.1" 403 1242 "-" "-"
52.138.178.146 - - [02/Apr/2025:14:07:07 -0400] "GET /wp-includes/ HTTP/1.1" 403 1242 "-" "-"
52.138.178.146 - - [02/Apr/2025:14:07:08 -0400] "GET /wp-includes/css/ HTTP/1.1" 403 1242 "-" "-"
52.138.178.146 - - [02/Apr/2025:14:07:08 -0400] "GET /wp-includes/ID3/ HTTP/1.1" 403 1242 "-" "-"
52.138.178.146 - - [02/Apr/2025:14:07:09 -0400] "GET /wp-includes/IXR/ HTTP/1.1" 403 1242 "-" "-"
52.138.178.146 - - [02/Apr/2025:14:07:09 -0400] "GET /wp-includes/Requests/ HTTP/1.1" 403 1242 "-" "-"
52.138.178.146 - - [02/Apr/2025:14:07:10 -0400] "GET /wp-includes/SimplePie/ HTTP/1.1" 403 1242 "-" "-"
52.138.178.146 - - [02/Apr/2025:14:07:10 -0400] "GET /wp-includes/Text/ HTTP/1.1" 403 1242 "-" "-"
52.138.178.146 - - [02/Apr/2025:14:07:10 -0400] "GET /wp-content/mu-plugins-old/ HTTP/1.1" 404 15322 "-" "-"
52.138.178.146 - - [02/Apr/2025:14:07:13 -0400] "GET /wp-content/themes/classic/inc/ HTTP/1.1" 404 15325 "-" "-"
52.138.178.146 - - [02/Apr/2025:14:07:16 -0400] "GET /wp-content/plugins/ninja-forms/ HTTP/1.1" 404 15323 "-" "-"
52.138.178.146 - - [02/Apr/2025:14:07:17 -0400] "GET /wp-content/mu-plugins/ HTTP/1.1" 404 15317 "-" "-"
52.138.178.146 - - [02/Apr/2025:14:07:21 -0400] "GET /wp-includes/Text/Diff/Renderer/ HTTP/1.1" 403 1242 "-" "-"
52.138.178.146 - - [02/Apr/2025:14:07:22 -0400] "GET /wp-includes/blocks/ HTTP/1.1" 200 22 "-" "-"
216.244.66.194 - - [02/Apr/2025:14:07:23 -0400] "GET /interior-design-services-near-me/ HTTP/1.1" 200 22600 "-" "Mozilla/5.0 (compatible; DotBot/1.2; +https://opensiteexplorer.org/dotbot; help@moz.com)"
52.138.178.146 - - [02/Apr/2025:14:07:23 -0400] "GET /wp-includes/certificates/ HTTP/1.1" 403 1242 "-" "-"
52.138.178.146 - - [02/Apr/2025:14:07:25 -0400] "GET /wp-includes/customize/ HTTP/1.1" 403 1242 "-" "-"
52.138.178.146 - - [02/Apr/2025:14:07:26 -0400] "GET /wp-includes/fonts/ HTTP/1.1" 403 1242 "-" "-"
52.138.178.146 - - [02/Apr/2025:14:07:27 -0400] "GET /wp-includes/images/ HTTP/1.1" 403 1242 "-" "-"
52.138.178.146 - - [02/Apr/2025:14:07:29 -0400] "GET /.well-known/ HTTP/1.1" 404 15315 "-" "-"
52.138.178.146 - - [02/Apr/2025:14:07:34 -0400] "GET /ALFA_DATA/ HTTP/1.1" 404 15317 "-" "-"
52.138.178.146 - - [02/Apr/2025:14:07:39 -0400] "GET /.well-knownold/ HTTP/1.1" 404 15318 "-" "-"
52.138.178.146 - - [02/Apr/2025:14:07:44 -0400] "GET /.well-known/acme-challenge/ HTTP/1.1" 404 15327 "-" "-"
52.138.178.146 - - [02/Apr/2025:14:07:49 -0400] "GET /.well-known/ HTTP/1.1" 404 15315 "-" "-"
52.138.178.146 - - [02/Apr/2025:14:07:51 -0400] "GET /cgi-bin/ HTTP/1.1" 500 102 "-" "-"
52.138.178.146 - - [02/Apr/2025:14:07:55 -0400] "GET /ALFA_DATA/ HTTP/1.1" 404 15317 "-" "-"
13.89.73.189 - - [02/Apr/2025:14:07:54 -0400] "GET /wp-admin/includes/nav.php HTTP/1.1" 404 15291 "-" "-"
198.54.114.83 - - [02/Apr/2025:14:07:57 -0400] "POST /wp-cron.php?doing_wp_cron=1743617274.6995120048522949218750 HTTP/1.1" 200 0 "-" "WordPress/6.7.2; https://creative-webstyle.com"
52.138.178.146 - - [02/Apr/2025:14:07:57 -0400] "GET /.well-knownold/ HTTP/1.1" 404 15318 "-" "-"
52.138.178.146 - - [02/Apr/2025:14:07:59 -0400] "GET /.well-known/acme-challenge/ HTTP/1.1" 404 15327 "-" "-"
52.138.178.146 - - [02/Apr/2025:14:08:01 -0400] "GET /.well-known/ HTTP/1.1" 404 15315 "-" "-"
