85.204.70.118 - - [04/Apr/2025:04:29:02 -0400] "GET /wp-json/wp/v2/users/ HTTP/1.1" 200 2069 "-" "Mozilla/5.0 (Windows NT 10.0; Win64; x64) AppleWebKit/537.36 (KHTML, like Gecko) Chrome/78.0.3904.108 Safari/537.36"
216.244.66.194 - - [04/Apr/2025:04:35:40 -0400] "GET /luxury-living-at-kassia-condo/ HTTP/1.1" 200 22196 "-" "Mozilla/5.0 (compatible; DotBot/1.2; +https://opensiteexplorer.org/dotbot; help@moz.com)"
198.54.114.83 - - [04/Apr/2025:04:45:07 -0400] "POST /wp-cron.php?doing_wp_cron=1743756307.3094420433044433593750 HTTP/1.1" 200 0 "-" "WordPress/6.7.2; https://creative-webstyle.com"
216.244.66.194 - - [04/Apr/2025:04:45:01 -0400] "GET /dachdecker-hamburg-rahlstedt/feed/ HTTP/1.1" 200 425 "-" "Mozilla/5.0 (compatible; DotBot/1.2; +https://opensiteexplorer.org/dotbot; help@moz.com)"
5.35.39.187 - - [04/Apr/2025:04:51:44 -0400] "GET /michael-kors-bags-a-vision-of-sophistication-and-glitz/ HTTP/1.1" 200 23121 "-" "Mozilla/5.0 (Windows NT 10.0; Win64; x64; rv:114.0) Gecko/20100101 Firefox/114.0"
151.106.160.158 - - [04/Apr/2025:04:56:55 -0400] "GET /img.style/FR-16x16.png HTTP/1.1" 301 0 "-" "Mozilla/5.0 (X11; Ubuntu; Linux x86_64; rv:72.0) Gecko/20100101 Firefox/72.0"
151.106.160.158 - - [04/Apr/2025:04:56:56 -0400] "GET /img.style/FR-16x16.png HTTP/1.1" 404 15295 "-" "Mozilla/5.0 (X11; Ubuntu; Linux x86_64; rv:72.0) Gecko/20100101 Firefox/72.0"
151.106.160.158 - - [04/Apr/2025:04:56:57 -0400] "GET /img.style/FR-16x16.png HTTP/1.1" 301 0 "-" "Mozilla/5.0 (X11; Ubuntu; Linux x86_64; rv:72.0) Gecko/20100101 Firefox/72.0"
151.106.160.158 - - [04/Apr/2025:04:56:57 -0400] "GET /img.style/FR-16x16.png HTTP/1.1" 404 15295 "-" "Mozilla/5.0 (X11; Ubuntu; Linux x86_64; rv:72.0) Gecko/20100101 Firefox/72.0"
151.106.160.158 - - [04/Apr/2025:04:56:57 -0400] "GET /img.style/FR-16x16.png HTTP/1.1" 301 0 "-" "Mozilla/5.0 (X11; Ubuntu; Linux x86_64; rv:72.0) Gecko/20100101 Firefox/72.0"
151.106.160.158 - - [04/Apr/2025:04:56:57 -0400] "GET /img.style/FR-16x16.png HTTP/1.1" 404 15295 "-" "Mozilla/5.0 (X11; Ubuntu; Linux x86_64; rv:72.0) Gecko/20100101 Firefox/72.0"
85.208.98.23 - - [04/Apr/2025:05:05:01 -0400] "GET /robots.txt HTTP/1.1" 200 132 "-" "Mozilla/5.0 (compatible; SemrushBot-BA; +http://www.semrush.com/bot.html)"
198.54.114.83 - - [04/Apr/2025:05:21:02 -0400] "POST /wp-cron.php?doing_wp_cron=1743758462.0425300598144531250000 HTTP/1.1" 200 0 "-" "WordPress/6.7.2; https://creative-webstyle.com"
216.244.66.194 - - [04/Apr/2025:05:20:57 -0400] "GET /cutting-edge-technology/feed/ HTTP/1.1" 200 422 "-" "Mozilla/5.0 (compatible; DotBot/1.2; +https://opensiteexplorer.org/dotbot; help@moz.com)"
198.54.114.83 - - [04/Apr/2025:05:21:51 -0400] "POST /wp-cron.php?doing_wp_cron=1743758511.2702839374542236328125 HTTP/1.1" 200 0 "-" "WordPress/6.7.2; https://creative-webstyle.com"
216.244.66.194 - - [04/Apr/2025:05:21:51 -0400] "GET /2023/03/14/ HTTP/1.1" 301 0 "-" "Mozilla/5.0 (compatible; DotBot/1.2; +https://opensiteexplorer.org/dotbot; help@moz.com)"
216.244.66.194 - - [04/Apr/2025:05:22:20 -0400] "GET /2023/09/16/ HTTP/1.1" 301 0 "-" "Mozilla/5.0 (compatible; DotBot/1.2; +https://opensiteexplorer.org/dotbot; help@moz.com)"
198.54.114.83 - - [04/Apr/2025:05:29:50 -0400] "POST /wp-cron.php?doing_wp_cron=1743758990.7690310478210449218750 HTTP/1.1" 200 0 "-" "WordPress/6.7.2; https://creative-webstyle.com"
216.244.66.194 - - [04/Apr/2025:05:29:48 -0400] "GET /custom-socks-with-logo/feed/ HTTP/1.1" 200 426 "-" "Mozilla/5.0 (compatible; DotBot/1.2; +https://opensiteexplorer.org/dotbot; help@moz.com)"
35.87.225.65 - - [04/Apr/2025:05:46:20 -0400] "GET / HTTP/1.1" 200 98430 "-" "Mozilla/4.0 (compatible; MSIE 6.0; Windows NT 5.1; FSL 7.0.6.01001)"
216.244.66.194 - - [04/Apr/2025:05:56:11 -0400] "GET /robots.txt HTTP/1.1" 200 132 "-" "Mozilla/5.0 (compatible; DotBot/1.2; +https://opensiteexplorer.org/dotbot; help@moz.com)"
198.54.114.83 - - [04/Apr/2025:06:04:11 -0400] "POST /wp-cron.php?doing_wp_cron=1743761051.5713040828704833984375 HTTP/1.1" 200 0 "-" "WordPress/6.7.2; https://creative-webstyle.com"
216.244.66.194 - - [04/Apr/2025:06:04:07 -0400] "GET /what-is-galling/ HTTP/1.1" 200 21599 "-" "Mozilla/5.0 (compatible; DotBot/1.2; +https://opensiteexplorer.org/dotbot; help@moz.com)"
198.54.114.83 - - [04/Apr/2025:06:11:51 -0400] "POST /wp-cron.php?doing_wp_cron=1743761510.9825890064239501953125 HTTP/1.1" 200 0 "-" "WordPress/6.7.2; https://creative-webstyle.com"
216.244.66.194 - - [04/Apr/2025:06:11:50 -0400] "GET /2024/06/26/ HTTP/1.1" 301 0 "-" "Mozilla/5.0 (compatible; DotBot/1.2; +https://opensiteexplorer.org/dotbot; help@moz.com)"
43.166.131.228 - - [04/Apr/2025:06:29:17 -0400] "GET / HTTP/1.1" 200 98430 "-" "Mozilla/5.0 (iPhone; CPU iPhone OS 13_2_3 like Mac OS X) AppleWebKit/605.1.15 (KHTML, like Gecko) Version/13.0.3 Mobile/15E148 Safari/604.1"
216.244.66.194 - - [04/Apr/2025:06:42:23 -0400] "GET /robots.txt HTTP/1.1" 200 132 "-" "Mozilla/5.0 (compatible; DotBot/1.2; +https://opensiteexplorer.org/dotbot; help@moz.com)"
185.246.188.74 - - [04/Apr/2025:06:45:01 -0400] "GET / HTTP/1.1" 200 98430 "http://creative-webstyle.com" "Mozilla/5.0 (Windows NT 6.1; WOW64) AppleWebKit/537.36 (KHTML, like Gecko) Chrome/46.0.2490.71 Safari/537.36 OPR/33.0.1990.43"
198.54.114.83 - - [04/Apr/2025:06:52:54 -0400] "POST /wp-cron.php?doing_wp_cron=1743763974.4201579093933105468750 HTTP/1.1" 200 0 "-" "WordPress/6.7.2; https://creative-webstyle.com"
216.244.66.194 - - [04/Apr/2025:06:52:53 -0400] "GET /cucumber-sandwich/ HTTP/1.1" 200 21855 "-" "Mozilla/5.0 (compatible; DotBot/1.2; +https://opensiteexplorer.org/dotbot; help@moz.com)"
216.244.66.194 - - [04/Apr/2025:06:52:59 -0400] "GET /fertility-clinic-sharjah/ HTTP/1.1" 200 21523 "-" "Mozilla/5.0 (compatible; DotBot/1.2; +https://opensiteexplorer.org/dotbot; help@moz.com)"
198.54.114.83 - - [04/Apr/2025:06:54:20 -0400] "POST /wp-cron.php?doing_wp_cron=1743764060.7797579765319824218750 HTTP/1.1" 200 0 "-" "WordPress/6.7.2; https://creative-webstyle.com"
216.244.66.194 - - [04/Apr/2025:06:54:20 -0400] "GET /pokemon-cards/ HTTP/1.1" 200 22764 "-" "Mozilla/5.0 (compatible; DotBot/1.2; +https://opensiteexplorer.org/dotbot; help@moz.com)"
198.54.114.83 - - [04/Apr/2025:06:56:34 -0400] "POST /wp-cron.php?doing_wp_cron=1743764194.4078290462493896484375 HTTP/1.1" 200 0 "-" "WordPress/6.7.2; https://creative-webstyle.com"
216.244.66.194 - - [04/Apr/2025:06:56:34 -0400] "GET /arete-one-25l-dehumidifier-review/ HTTP/1.1" 200 22430 "-" "Mozilla/5.0 (compatible; DotBot/1.2; +https://opensiteexplorer.org/dotbot; help@moz.com)"
198.54.114.83 - - [04/Apr/2025:06:58:18 -0400] "POST /wp-cron.php?doing_wp_cron=1743764298.4718570709228515625000 HTTP/1.1" 200 0 "-" "WordPress/6.7.2; https://creative-webstyle.com"
216.244.66.194 - - [04/Apr/2025:06:58:18 -0400] "GET /arete-one-25l-dehumidifier-review/feed/ HTTP/1.1" 200 435 "-" "Mozilla/5.0 (compatible; DotBot/1.2; +https://opensiteexplorer.org/dotbot; help@moz.com)"
198.54.114.83 - - [04/Apr/2025:07:01:02 -0400] "POST /wp-cron.php?doing_wp_cron=1743764462.0211699008941650390625 HTTP/1.1" 200 0 "-" "WordPress/6.7.2; https://creative-webstyle.com"
216.244.66.194 - - [04/Apr/2025:07:00:58 -0400] "GET /buy-tiktok-followers-and-likes/ HTTP/1.1" 200 21714 "-" "Mozilla/5.0 (compatible; DotBot/1.2; +https://opensiteexplorer.org/dotbot; help@moz.com)"
198.54.114.83 - - [04/Apr/2025:07:03:49 -0400] "POST /wp-cron.php?doing_wp_cron=1743764628.6525890827178955078125 HTTP/1.1" 200 0 "-" "WordPress/6.7.2; https://creative-webstyle.com"
216.244.66.194 - - [04/Apr/2025:07:03:45 -0400] "GET /a-guide-to-effective-corporate-video-production/feed/ HTTP/1.1" 200 451 "-" "Mozilla/5.0 (compatible; DotBot/1.2; +https://opensiteexplorer.org/dotbot; help@moz.com)"
198.54.114.83 - - [04/Apr/2025:07:11:16 -0400] "POST /wp-cron.php?doing_wp_cron=1743765075.9044580459594726562500 HTTP/1.1" 200 0 "-" "WordPress/6.7.2; https://creative-webstyle.com"
216.244.66.194 - - [04/Apr/2025:07:11:15 -0400] "GET /dryer-not-heating/feed/ HTTP/1.1" 200 415 "-" "Mozilla/5.0 (compatible; DotBot/1.2; +https://opensiteexplorer.org/dotbot; help@moz.com)"
198.54.114.83 - - [04/Apr/2025:07:11:45 -0400] "POST /wp-cron.php?doing_wp_cron=1743765105.1632449626922607421875 HTTP/1.1" 200 0 "-" "WordPress/6.7.2; https://creative-webstyle.com"
216.244.66.194 - - [04/Apr/2025:07:11:44 -0400] "GET /ship-by-sea-to-bermuda-important-information-about-sea-shipping-and-moving-overseas-to-bermuda/feed/ HTTP/1.1" 200 501 "-" "Mozilla/5.0 (compatible; DotBot/1.2; +https://opensiteexplorer.org/dotbot; help@moz.com)"
216.244.66.194 - - [04/Apr/2025:07:27:30 -0400] "GET /robots.txt HTTP/1.1" 200 132 "-" "Mozilla/5.0 (compatible; DotBot/1.2; +https://opensiteexplorer.org/dotbot; help@moz.com)"
170.106.35.187 - - [04/Apr/2025:07:34:38 -0400] "GET / HTTP/1.1" 200 98430 "-" "Mozilla/5.0 (iPhone; CPU iPhone OS 13_2_3 like Mac OS X) AppleWebKit/605.1.15 (KHTML, like Gecko) Version/13.0.3 Mobile/15E148 Safari/604.1"
198.54.114.83 - - [04/Apr/2025:07:39:55 -0400] "POST /wp-cron.php?doing_wp_cron=1743766794.8525969982147216796875 HTTP/1.1" 200 0 "-" "WordPress/6.7.2; https://creative-webstyle.com"
216.244.66.194 - - [04/Apr/2025:07:39:50 -0400] "GET /youtubes-views/ HTTP/1.1" 200 21905 "-" "Mozilla/5.0 (compatible; DotBot/1.2; +https://opensiteexplorer.org/dotbot; help@moz.com)"
198.54.114.83 - - [04/Apr/2025:07:41:13 -0400] "POST /wp-cron.php?doing_wp_cron=1743766871.9778490066528320312500 HTTP/1.1" 200 0 "-" "WordPress/6.7.2; https://creative-webstyle.com"
216.244.66.194 - - [04/Apr/2025:07:41:11 -0400] "GET /die-rechtsanwaltskanzlei-hattingen/ HTTP/1.1" 200 22919 "-" "Mozilla/5.0 (compatible; DotBot/1.2; +https://opensiteexplorer.org/dotbot; help@moz.com)"
198.54.114.83 - - [04/Apr/2025:07:45:16 -0400] "POST /wp-cron.php?doing_wp_cron=1743767115.1502449512481689453125 HTTP/1.1" 200 0 "-" "WordPress/6.7.2; https://creative-webstyle.com"
216.244.66.194 - - [04/Apr/2025:07:45:10 -0400] "GET /2023/03/16/ HTTP/1.1" 301 0 "-" "Mozilla/5.0 (compatible; DotBot/1.2; +https://opensiteexplorer.org/dotbot; help@moz.com)"
216.244.66.194 - - [04/Apr/2025:07:45:50 -0400] "GET /2023/09/10/ HTTP/1.1" 301 0 "-" "Mozilla/5.0 (compatible; DotBot/1.2; +https://opensiteexplorer.org/dotbot; help@moz.com)"
198.54.114.83 - - [04/Apr/2025:07:46:21 -0400] "POST /wp-cron.php?doing_wp_cron=1743767181.0259170532226562500000 HTTP/1.1" 200 0 "-" "WordPress/6.7.2; https://creative-webstyle.com"
216.244.66.194 - - [04/Apr/2025:07:46:20 -0400] "GET /2023/12/11/ HTTP/1.1" 301 0 "-" "Mozilla/5.0 (compatible; DotBot/1.2; +https://opensiteexplorer.org/dotbot; help@moz.com)"
198.54.114.83 - - [04/Apr/2025:07:49:24 -0400] "POST /wp-cron.php?doing_wp_cron=1743767364.3071079254150390625000 HTTP/1.1" 200 0 "-" "WordPress/6.7.2; https://creative-webstyle.com"
216.244.66.194 - - [04/Apr/2025:07:49:23 -0400] "GET /unveiling-the-core-exploring-the-hauptseite/ HTTP/1.1" 200 22838 "-" "Mozilla/5.0 (compatible; DotBot/1.2; +https://opensiteexplorer.org/dotbot; help@moz.com)"
221.229.106.25 - - [04/Apr/2025:08:09:37 -0400] "GET / HTTP/1.1" 200 98430 "-" "Mozilla/5.0 (iPhone; CPU iPhone OS 13_2_3 like Mac OS X) AppleWebKit/605.1.15 (KHTML, like Gecko) Version/13.0.3 Mobile/15E148 Safari/604.1"
216.244.66.194 - - [04/Apr/2025:08:13:08 -0400] "GET /robots.txt HTTP/1.1" 200 132 "-" "Mozilla/5.0 (compatible; DotBot/1.2; +https://opensiteexplorer.org/dotbot; help@moz.com)"
198.54.114.83 - - [04/Apr/2025:08:25:50 -0400] "POST /wp-cron.php?doing_wp_cron=1743769550.0242540836334228515625 HTTP/1.1" 200 0 "-" "WordPress/6.7.2; https://creative-webstyle.com"
216.244.66.194 - - [04/Apr/2025:08:25:49 -0400] "GET /lelegance-historique-de-lenseigne-quai-du-mont-blanc/ HTTP/1.1" 200 22653 "-" "Mozilla/5.0 (compatible; DotBot/1.2; +https://opensiteexplorer.org/dotbot; help@moz.com)"
198.54.114.83 - - [04/Apr/2025:08:27:57 -0400] "POST /wp-cron.php?doing_wp_cron=1743769677.5539309978485107421875 HTTP/1.1" 200 0 "-" "WordPress/6.7.2; https://creative-webstyle.com"
216.244.66.194 - - [04/Apr/2025:08:27:55 -0400] "GET /the-custom-gaming-pc-builder/ HTTP/1.1" 200 22603 "-" "Mozilla/5.0 (compatible; DotBot/1.2; +https://opensiteexplorer.org/dotbot; help@moz.com)"
198.54.114.83 - - [04/Apr/2025:08:31:25 -0400] "POST /wp-cron.php?doing_wp_cron=1743769885.4974920749664306640625 HTTP/1.1" 200 0 "-" "WordPress/6.7.2; https://creative-webstyle.com"
216.244.66.194 - - [04/Apr/2025:08:31:22 -0400] "GET /free-casino/ HTTP/1.1" 200 21817 "-" "Mozilla/5.0 (compatible; DotBot/1.2; +https://opensiteexplorer.org/dotbot; help@moz.com)"
198.54.114.83 - - [04/Apr/2025:08:34:59 -0400] "POST /wp-cron.php?doing_wp_cron=1743770098.9159269332885742187500 HTTP/1.1" 200 0 "-" "WordPress/6.7.2; https://creative-webstyle.com"
216.244.66.194 - - [04/Apr/2025:08:34:56 -0400] "GET /choosing-a-gaming-mousepad/feed/ HTTP/1.1" 200 429 "-" "Mozilla/5.0 (compatible; DotBot/1.2; +https://opensiteexplorer.org/dotbot; help@moz.com)"
198.54.114.83 - - [04/Apr/2025:08:36:45 -0400] "POST /wp-cron.php?doing_wp_cron=1743770205.4856829643249511718750 HTTP/1.1" 200 0 "-" "WordPress/6.7.2; https://creative-webstyle.com"
216.244.66.194 - - [04/Apr/2025:08:36:43 -0400] "GET /maximizing-efficiency-the-art-of-air-cooling-in-modern-systems/ HTTP/1.1" 200 22900 "-" "Mozilla/5.0 (compatible; DotBot/1.2; +https://opensiteexplorer.org/dotbot; help@moz.com)"
198.54.114.83 - - [04/Apr/2025:08:42:44 -0400] "POST /wp-cron.php?doing_wp_cron=1743770564.6258389949798583984375 HTTP/1.1" 200 0 "-" "WordPress/6.7.2; https://creative-webstyle.com"
216.244.66.194 - - [04/Apr/2025:08:42:42 -0400] "GET /page/80/ HTTP/1.1" 200 20069 "-" "Mozilla/5.0 (compatible; DotBot/1.2; +https://opensiteexplorer.org/dotbot; help@moz.com)"
85.208.98.23 - - [04/Apr/2025:08:57:29 -0400] "GET /robots.txt HTTP/1.1" 304 0 "-" "Mozilla/5.0 (compatible; SemrushBot-BA; +http://www.semrush.com/bot.html)"
216.244.66.194 - - [04/Apr/2025:08:58:26 -0400] "GET /robots.txt HTTP/1.1" 304 0 "-" "Mozilla/5.0 (compatible; DotBot/1.2; +https://opensiteexplorer.org/dotbot; help@moz.com)"
154.83.103.101 - - [04/Apr/2025:09:09:44 -0400] "GET /.git/HEAD HTTP/1.1" 403 1242 "-" "-"
154.83.103.101 - - [04/Apr/2025:09:09:46 -0400] "GET /.circleci/configs/development.yml HTTP/1.1" 404 15308 "-" "Mozilla/5.0 (Windows NT 10.0; Win64; x64) AppleWebKit/537.36 (KHTML, like Gecko) Chrome/91.0.4472.124 Safari/537.36"
154.83.103.101 - - [04/Apr/2025:09:09:47 -0400] "GET / HTTP/1.1" 200 98430 "-" "Mozilla/5.0 (Windows NT 10.0; Win64; x64) AppleWebKit/537.36 (KHTML, like Gecko) Chrome/91.0.4472.124 Safari/537.36"
154.83.103.101 - - [04/Apr/2025:09:09:48 -0400] "GET /.AWS_/credentials HTTP/1.1" 404 15291 "-" "Mozilla/5.0 (Windows NT 10.0; Win64; x64) AppleWebKit/537.36 (KHTML, like Gecko) Chrome/91.0.4472.124 Safari/537.36"
198.54.114.83 - - [04/Apr/2025:09:09:49 -0400] "POST /wp-cron.php?doing_wp_cron=1743772189.8521029949188232421875 HTTP/1.1" 200 0 "-" "WordPress/6.7.2; https://creative-webstyle.com"
154.83.103.101 - - [04/Apr/2025:09:09:49 -0400] "GET /.aws/config HTTP/1.1" 404 15287 "-" "Mozilla/5.0 (Windows NT 10.0; Win64; x64) AppleWebKit/537.36 (KHTML, like Gecko) Chrome/91.0.4472.124 Safari/537.36"
154.83.103.101 - - [04/Apr/2025:09:09:50 -0400] "GET /.aws/credentials HTTP/1.1" 404 15289 "-" "Mozilla/5.0 (Windows NT 10.0; Win64; x64) AppleWebKit/537.36 (KHTML, like Gecko) Chrome/91.0.4472.124 Safari/537.36"
154.83.103.101 - - [04/Apr/2025:09:09:51 -0400] "GET /.env HTTP/1.1" 403 1242 "-" "Mozilla/5.0 (Windows NT 10.0; Win64; x64) AppleWebKit/537.36 (KHTML, like Gecko) Chrome/91.0.4472.124 Safari/537.36"
154.83.103.101 - - [04/Apr/2025:09:09:51 -0400] "GET /.env.bak HTTP/1.1" 403 1242 "-" "Mozilla/5.0 (Windows NT 10.0; Win64; x64) AppleWebKit/537.36 (KHTML, like Gecko) Chrome/91.0.4472.124 Safari/537.36"
154.83.103.101 - - [04/Apr/2025:09:09:52 -0400] "GET /.env.example HTTP/1.1" 403 1242 "-" "Mozilla/5.0 (Windows NT 10.0; Win64; x64) AppleWebKit/537.36 (KHTML, like Gecko) Chrome/91.0.4472.124 Safari/537.36"
154.83.103.101 - - [04/Apr/2025:09:09:58 -0400] "GET /.env.local HTTP/1.1" 403 1242 "-" "Mozilla/5.0 (Windows NT 10.0; Win64; x64) AppleWebKit/537.36 (KHTML, like Gecko) Chrome/91.0.4472.124 Safari/537.36"
154.83.103.101 - - [04/Apr/2025:09:09:58 -0400] "GET /.env.old HTTP/1.1" 403 1242 "-" "Mozilla/5.0 (Windows NT 10.0; Win64; x64) AppleWebKit/537.36 (KHTML, like Gecko) Chrome/91.0.4472.124 Safari/537.36"
154.83.103.101 - - [04/Apr/2025:09:09:58 -0400] "GET /.env.prod HTTP/1.1" 403 1242 "-" "Mozilla/5.0 (Windows NT 10.0; Win64; x64) AppleWebKit/537.36 (KHTML, like Gecko) Chrome/91.0.4472.124 Safari/537.36"
154.83.103.101 - - [04/Apr/2025:09:09:59 -0400] "GET /.env.production.local HTTP/1.1" 403 1242 "-" "Mozilla/5.0 (Windows NT 10.0; Win64; x64) AppleWebKit/537.36 (KHTML, like Gecko) Chrome/91.0.4472.124 Safari/537.36"
154.83.103.101 - - [04/Apr/2025:09:09:59 -0400] "GET /.env.stage HTTP/1.1" 403 1242 "-" "Mozilla/5.0 (Windows NT 10.0; Win64; x64) AppleWebKit/537.36 (KHTML, like Gecko) Chrome/91.0.4472.124 Safari/537.36"
154.83.103.101 - - [04/Apr/2025:09:09:59 -0400] "GET /.env_sample HTTP/1.1" 403 1242 "-" "Mozilla/5.0 (Windows NT 10.0; Win64; x64) AppleWebKit/537.36 (KHTML, like Gecko) Chrome/91.0.4472.124 Safari/537.36"
154.83.103.101 - - [04/Apr/2025:09:09:59 -0400] "GET /.git/ HTTP/1.1" 403 1242 "-" "Mozilla/5.0 (Windows NT 10.0; Win64; x64) AppleWebKit/537.36 (KHTML, like Gecko) Chrome/91.0.4472.124 Safari/537.36"
154.83.103.101 - - [04/Apr/2025:09:09:59 -0400] "GET /.git/COMMIT_EDITMSG HTTP/1.1" 403 1242 "-" "Mozilla/5.0 (Windows NT 10.0; Win64; x64) AppleWebKit/537.36 (KHTML, like Gecko) Chrome/91.0.4472.124 Safari/537.36"
154.83.103.101 - - [04/Apr/2025:09:09:59 -0400] "GET /.git/FETCH_HEAD HTTP/1.1" 403 1242 "-" "Mozilla/5.0 (Windows NT 10.0; Win64; x64) AppleWebKit/537.36 (KHTML, like Gecko) Chrome/91.0.4472.124 Safari/537.36"
154.83.103.101 - - [04/Apr/2025:09:10:00 -0400] "GET /.git/HEAD HTTP/1.1" 403 1242 "-" "Mozilla/5.0 (Windows NT 10.0; Win64; x64) AppleWebKit/537.36 (KHTML, like Gecko) Chrome/91.0.4472.124 Safari/537.36"
154.83.103.101 - - [04/Apr/2025:09:10:00 -0400] "GET /.git/ORIG_HEAD HTTP/1.1" 403 1242 "-" "Mozilla/5.0 (Windows NT 10.0; Win64; x64) AppleWebKit/537.36 (KHTML, like Gecko) Chrome/91.0.4472.124 Safari/537.36"
154.83.103.101 - - [04/Apr/2025:09:10:00 -0400] "GET /.git/config HTTP/1.1" 403 1242 "-" "Mozilla/5.0 (Windows NT 10.0; Win64; x64) AppleWebKit/537.36 (KHTML, like Gecko) Chrome/91.0.4472.124 Safari/537.36"
154.83.103.101 - - [04/Apr/2025:09:10:00 -0400] "GET /.git/description HTTP/1.1" 403 1242 "-" "Mozilla/5.0 (Windows NT 10.0; Win64; x64) AppleWebKit/537.36 (KHTML, like Gecko) Chrome/91.0.4472.124 Safari/537.36"
154.83.103.101 - - [04/Apr/2025:09:10:01 -0400] "GET /.git/hooks/post-commit HTTP/1.1" 403 1242 "-" "Mozilla/5.0 (Windows NT 10.0; Win64; x64) AppleWebKit/537.36 (KHTML, like Gecko) Chrome/91.0.4472.124 Safari/537.36"
154.83.103.101 - - [04/Apr/2025:09:10:01 -0400] "GET /.git/hooks/pre-commit HTTP/1.1" 403 1242 "-" "Mozilla/5.0 (Windows NT 10.0; Win64; x64) AppleWebKit/537.36 (KHTML, like Gecko) Chrome/91.0.4472.124 Safari/537.36"
154.83.103.101 - - [04/Apr/2025:09:10:01 -0400] "GET /.git/hooks/pre-push HTTP/1.1" 403 1242 "-" "Mozilla/5.0 (Windows NT 10.0; Win64; x64) AppleWebKit/537.36 (KHTML, like Gecko) Chrome/91.0.4472.124 Safari/537.36"
154.83.103.101 - - [04/Apr/2025:09:10:02 -0400] "GET /.git/index HTTP/1.1" 403 1242 "-" "Mozilla/5.0 (Windows NT 10.0; Win64; x64) AppleWebKit/537.36 (KHTML, like Gecko) Chrome/91.0.4472.124 Safari/537.36"
154.83.103.101 - - [04/Apr/2025:09:10:02 -0400] "GET /.git/info/exclude HTTP/1.1" 403 1242 "-" "Mozilla/5.0 (Windows NT 10.0; Win64; x64) AppleWebKit/537.36 (KHTML, like Gecko) Chrome/91.0.4472.124 Safari/537.36"
154.83.103.101 - - [04/Apr/2025:09:10:02 -0400] "GET /.git/logs/HEAD HTTP/1.1" 403 1242 "-" "Mozilla/5.0 (Windows NT 10.0; Win64; x64) AppleWebKit/537.36 (KHTML, like Gecko) Chrome/91.0.4472.124 Safari/537.36"
154.83.103.101 - - [04/Apr/2025:09:10:03 -0400] "GET /.git/logs/refs/heads/master HTTP/1.1" 403 1242 "-" "Mozilla/5.0 (Windows NT 10.0; Win64; x64) AppleWebKit/537.36 (KHTML, like Gecko) Chrome/91.0.4472.124 Safari/537.36"
154.83.103.101 - - [04/Apr/2025:09:10:03 -0400] "GET /.git/logs/refs/remotes/origin/HEAD HTTP/1.1" 403 1242 "-" "Mozilla/5.0 (Windows NT 10.0; Win64; x64) AppleWebKit/537.36 (KHTML, like Gecko) Chrome/91.0.4472.124 Safari/537.36"
154.83.103.101 - - [04/Apr/2025:09:10:04 -0400] "GET /.git/objects/ HTTP/1.1" 403 1242 "-" "Mozilla/5.0 (Windows NT 10.0; Win64; x64) AppleWebKit/537.36 (KHTML, like Gecko) Chrome/91.0.4472.124 Safari/537.36"
154.83.103.101 - - [04/Apr/2025:09:10:04 -0400] "GET /.git/packed-refs HTTP/1.1" 403 1242 "-" "Mozilla/5.0 (Windows NT 10.0; Win64; x64) AppleWebKit/537.36 (KHTML, like Gecko) Chrome/91.0.4472.124 Safari/537.36"
216.244.66.194 - - [04/Apr/2025:09:10:05 -0400] "GET /germany-an-exotic-getaway/ HTTP/1.1" 200 23392 "-" "Mozilla/5.0 (compatible; DotBot/1.2; +https://opensiteexplorer.org/dotbot; help@moz.com)"
154.83.103.101 - - [04/Apr/2025:09:10:10 -0400] "GET /.git/refs/ HTTP/1.1" 403 1242 "-" "Mozilla/5.0 (Windows NT 10.0; Win64; x64) AppleWebKit/537.36 (KHTML, like Gecko) Chrome/91.0.4472.124 Safari/537.36"
154.83.103.101 - - [04/Apr/2025:09:10:10 -0400] "GET /.git/refs/heads/ HTTP/1.1" 403 1242 "-" "Mozilla/5.0 (Windows NT 10.0; Win64; x64) AppleWebKit/537.36 (KHTML, like Gecko) Chrome/91.0.4472.124 Safari/537.36"
154.83.103.101 - - [04/Apr/2025:09:10:10 -0400] "GET /.git/refs/remotes/ HTTP/1.1" 403 1242 "-" "Mozilla/5.0 (Windows NT 10.0; Win64; x64) AppleWebKit/537.36 (KHTML, like Gecko) Chrome/91.0.4472.124 Safari/537.36"
154.83.103.101 - - [04/Apr/2025:09:10:11 -0400] "GET /.git/refs/stash HTTP/1.1" 403 1242 "-" "Mozilla/5.0 (Windows NT 10.0; Win64; x64) AppleWebKit/537.36 (KHTML, like Gecko) Chrome/91.0.4472.124 Safari/537.36"
154.83.103.101 - - [04/Apr/2025:09:10:11 -0400] "GET /.git/refs/tags/ HTTP/1.1" 403 1242 "-" "Mozilla/5.0 (Windows NT 10.0; Win64; x64) AppleWebKit/537.36 (KHTML, like Gecko) Chrome/91.0.4472.124 Safari/537.36"
154.83.103.101 - - [04/Apr/2025:09:10:11 -0400] "GET /.gitattributes HTTP/1.1" 404 15290 "-" "Mozilla/5.0 (Windows NT 10.0; Win64; x64) AppleWebKit/537.36 (KHTML, like Gecko) Chrome/91.0.4472.124 Safari/537.36"
154.83.103.101 - - [04/Apr/2025:09:10:12 -0400] "GET /.gitignore HTTP/1.1" 403 1242 "-" "Mozilla/5.0 (Windows NT 10.0; Win64; x64) AppleWebKit/537.36 (KHTML, like Gecko) Chrome/91.0.4472.124 Safari/537.36"
154.83.103.101 - - [04/Apr/2025:09:10:13 -0400] "GET /.gitkeep HTTP/1.1" 404 15285 "-" "Mozilla/5.0 (Windows NT 10.0; Win64; x64) AppleWebKit/537.36 (KHTML, like Gecko) Chrome/91.0.4472.124 Safari/537.36"
154.83.103.101 - - [04/Apr/2025:09:10:13 -0400] "GET /.gitmodules HTTP/1.1" 404 15288 "-" "Mozilla/5.0 (Windows NT 10.0; Win64; x64) AppleWebKit/537.36 (KHTML, like Gecko) Chrome/91.0.4472.124 Safari/537.36"
154.83.103.101 - - [04/Apr/2025:09:10:23 -0400] "GET /.travis.yml HTTP/1.1" 404 15288 "-" "Mozilla/5.0 (Windows NT 10.0; Win64; x64) AppleWebKit/537.36 (KHTML, like Gecko) Chrome/91.0.4472.124 Safari/537.36"
154.83.103.101 - - [04/Apr/2025:09:10:24 -0400] "GET /.vscode/.env HTTP/1.1" 403 1242 "-" "Mozilla/5.0 (Windows NT 10.0; Win64; x64) AppleWebKit/537.36 (KHTML, like Gecko) Chrome/91.0.4472.124 Safari/537.36"
154.83.103.101 - - [04/Apr/2025:09:10:24 -0400] "GET /?phpinfo=1 HTTP/1.1" 200 98430 "-" "Mozilla/5.0 (Windows NT 10.0; Win64; x64) AppleWebKit/537.36 (KHTML, like Gecko) Chrome/91.0.4472.124 Safari/537.36"
198.54.114.83 - - [04/Apr/2025:09:10:30 -0400] "POST /wp-cron.php?doing_wp_cron=1743772230.0943019390106201171875 HTTP/1.1" 200 0 "-" "WordPress/6.7.2; https://creative-webstyle.com"
154.83.103.101 - - [04/Apr/2025:09:10:29 -0400] "GET /_phpinfo.php HTTP/1.1" 404 15287 "-" "Mozilla/5.0 (Windows NT 10.0; Win64; x64) AppleWebKit/537.36 (KHTML, like Gecko) Chrome/91.0.4472.124 Safari/537.36"
154.83.103.101 - - [04/Apr/2025:09:10:30 -0400] "GET /_profiler/phpinfo HTTP/1.1" 404 15293 "-" "Mozilla/5.0 (Windows NT 10.0; Win64; x64) AppleWebKit/537.36 (KHTML, like Gecko) Chrome/91.0.4472.124 Safari/537.36"
154.83.103.101 - - [04/Apr/2025:09:10:31 -0400] "GET /_profiler/phpinfo/info.php HTTP/1.1" 404 15299 "-" "Mozilla/5.0 (Windows NT 10.0; Win64; x64) AppleWebKit/537.36 (KHTML, like Gecko) Chrome/91.0.4472.124 Safari/537.36"
154.83.103.101 - - [04/Apr/2025:09:10:32 -0400] "GET /_profiler/phpinfo/phpinfo.php HTTP/1.1" 404 15297 "-" "Mozilla/5.0 (Windows NT 10.0; Win64; x64) AppleWebKit/537.36 (KHTML, like Gecko) Chrome/91.0.4472.124 Safari/537.36"
154.83.103.101 - - [04/Apr/2025:09:10:33 -0400] "GET /admin/.env HTTP/1.1" 403 1242 "-" "Mozilla/5.0 (Windows NT 10.0; Win64; x64) AppleWebKit/537.36 (KHTML, like Gecko) Chrome/91.0.4472.124 Safari/537.36"
154.83.103.101 - - [04/Apr/2025:09:10:33 -0400] "GET /admin/config HTTP/1.1" 404 15285 "-" "Mozilla/5.0 (Windows NT 10.0; Win64; x64) AppleWebKit/537.36 (KHTML, like Gecko) Chrome/91.0.4472.124 Safari/537.36"
154.83.103.101 - - [04/Apr/2025:09:10:35 -0400] "GET /admin/controllers/merchant.js HTTP/1.1" 404 15298 "-" "Mozilla/5.0 (Windows NT 10.0; Win64; x64) AppleWebKit/537.36 (KHTML, like Gecko) Chrome/91.0.4472.124 Safari/537.36"
154.83.103.101 - - [04/Apr/2025:09:10:36 -0400] "GET /admin/controllers/partner.js HTTP/1.1" 404 15296 "-" "Mozilla/5.0 (Windows NT 10.0; Win64; x64) AppleWebKit/537.36 (KHTML, like Gecko) Chrome/91.0.4472.124 Safari/537.36"
154.83.103.101 - - [04/Apr/2025:09:10:37 -0400] "GET /admin/internal/api HTTP/1.1" 404 15292 "-" "Mozilla/5.0 (Windows NT 10.0; Win64; x64) AppleWebKit/537.36 (KHTML, like Gecko) Chrome/91.0.4472.124 Safari/537.36"
154.83.103.101 - - [04/Apr/2025:09:10:38 -0400] "GET /admin/proxy HTTP/1.1" 404 15286 "-" "Mozilla/5.0 (Windows NT 10.0; Win64; x64) AppleWebKit/537.36 (KHTML, like Gecko) Chrome/91.0.4472.124 Safari/537.36"
154.83.103.101 - - [04/Apr/2025:09:10:39 -0400] "GET /admin/server_info.php HTTP/1.1" 404 15290 "-" "Mozilla/5.0 (Windows NT 10.0; Win64; x64) AppleWebKit/537.36 (KHTML, like Gecko) Chrome/91.0.4472.124 Safari/537.36"
154.83.103.101 - - [04/Apr/2025:09:10:40 -0400] "GET /api/.env HTTP/1.1" 403 1242 "-" "Mozilla/5.0 (Windows NT 10.0; Win64; x64) AppleWebKit/537.36 (KHTML, like Gecko) Chrome/91.0.4472.124 Safari/537.36"
154.83.103.101 - - [04/Apr/2025:09:10:40 -0400] "GET /api/config.env HTTP/1.1" 404 15291 "-" "Mozilla/5.0 (Windows NT 10.0; Win64; x64) AppleWebKit/537.36 (KHTML, like Gecko) Chrome/91.0.4472.124 Safari/537.36"
154.83.103.101 - - [04/Apr/2025:09:10:41 -0400] "GET /api/config.js HTTP/1.1" 404 15290 "-" "Mozilla/5.0 (Windows NT 10.0; Win64; x64) AppleWebKit/537.36 (KHTML, like Gecko) Chrome/91.0.4472.124 Safari/537.36"
212.102.39.196 - - [04/Apr/2025:09:10:46 -0400] "GET /michael-kors-bags-a-vision-of-sophistication-and-glitz/ HTTP/1.1" 200 23121 "http://creative-webstyle.com/michael-kors-bags-a-vision-of-sophistication-and-glitz/" "Mozilla/5.0 (Windows NT 10.0; Win64; x64) AppleWebKit/537.36 (KHTML, like Gecko) Chrome/130.0.0.0 Safari/537.36"
212.102.39.196 - - [04/Apr/2025:09:10:47 -0400] "POST /wp-comments-post.php HTTP/1.1" 302 0 "http://creative-webstyle.com/michael-kors-bags-a-vision-of-sophistication-and-glitz/" "Mozilla/5.0 (Windows NT 10.0; Win64; x64) AppleWebKit/537.36 (KHTML, like Gecko) Chrome/130.0.0.0 Safari/537.36"
154.83.103.101 - - [04/Apr/2025:09:10:50 -0400] "GET /api/config/config.yml HTTP/1.1" 403 1242 "-" "Mozilla/5.0 (Windows NT 10.0; Win64; x64) AppleWebKit/537.36 (KHTML, like Gecko) Chrome/91.0.4472.124 Safari/537.36"
154.83.103.101 - - [04/Apr/2025:09:10:51 -0400] "GET /api/objects/codes.php.save HTTP/1.1" 404 15300 "-" "Mozilla/5.0 (Windows NT 10.0; Win64; x64) AppleWebKit/537.36 (KHTML, like Gecko) Chrome/91.0.4472.124 Safari/537.36"
154.83.103.101 - - [04/Apr/2025:09:10:51 -0400] "GET /api/proxy HTTP/1.1" 404 15288 "-" "Mozilla/5.0 (Windows NT 10.0; Win64; x64) AppleWebKit/537.36 (KHTML, like Gecko) Chrome/91.0.4472.124 Safari/537.36"
154.83.103.101 - - [04/Apr/2025:09:10:57 -0400] "GET /api/shared/.env HTTP/1.1" 403 1242 "-" "Mozilla/5.0 (Windows NT 10.0; Win64; x64) AppleWebKit/537.36 (KHTML, like Gecko) Chrome/91.0.4472.124 Safari/537.36"
198.54.114.83 - - [04/Apr/2025:09:10:57 -0400] "POST /wp-cron.php?doing_wp_cron=1743772257.7745521068572998046875 HTTP/1.1" 200 0 "-" "WordPress/6.7.2; https://creative-webstyle.com"
154.83.103.101 - - [04/Apr/2025:09:10:57 -0400] "GET /api/shared/config.env HTTP/1.1" 404 15297 "-" "Mozilla/5.0 (Windows NT 10.0; Win64; x64) AppleWebKit/537.36 (KHTML, like Gecko) Chrome/91.0.4472.124 Safari/537.36"
154.83.103.101 - - [04/Apr/2025:09:10:58 -0400] "GET /api/shared/config/.env HTTP/1.1" 403 1242 "-" "Mozilla/5.0 (Windows NT 10.0; Win64; x64) AppleWebKit/537.36 (KHTML, like Gecko) Chrome/91.0.4472.124 Safari/537.36"
154.83.103.101 - - [04/Apr/2025:09:11:04 -0400] "GET /api/shared/config/config.env HTTP/1.1" 404 15300 "-" "Mozilla/5.0 (Windows NT 10.0; Win64; x64) AppleWebKit/537.36 (KHTML, like Gecko) Chrome/91.0.4472.124 Safari/537.36"
154.83.103.101 - - [04/Apr/2025:09:11:05 -0400] "GET /api/v1/proxy HTTP/1.1" 404 15291 "-" "Mozilla/5.0 (Windows NT 10.0; Win64; x64) AppleWebKit/537.36 (KHTML, like Gecko) Chrome/91.0.4472.124 Safari/537.36"
154.83.103.101 - - [04/Apr/2025:09:11:07 -0400] "GET /api/v2/proxy HTTP/1.1" 404 15291 "-" "Mozilla/5.0 (Windows NT 10.0; Win64; x64) AppleWebKit/537.36 (KHTML, like Gecko) Chrome/91.0.4472.124 Safari/537.36"
154.83.103.101 - - [04/Apr/2025:09:11:09 -0400] "GET /apis/config/config.js HTTP/1.1" 404 15293 "-" "Mozilla/5.0 (Windows NT 10.0; Win64; x64) AppleWebKit/537.36 (KHTML, like Gecko) Chrome/91.0.4472.124 Safari/537.36"
154.83.103.101 - - [04/Apr/2025:09:11:10 -0400] "GET /apis/controllers/users.js HTTP/1.1" 404 15297 "-" "Mozilla/5.0 (Windows NT 10.0; Win64; x64) AppleWebKit/537.36 (KHTML, like Gecko) Chrome/91.0.4472.124 Safari/537.36"
154.83.103.101 - - [04/Apr/2025:09:11:13 -0400] "GET /app.js HTTP/1.1" 404 15283 "-" "Mozilla/5.0 (Windows NT 10.0; Win64; x64) AppleWebKit/537.36 (KHTML, like Gecko) Chrome/91.0.4472.124 Safari/537.36"
154.83.103.101 - - [04/Apr/2025:09:11:14 -0400] "GET /app.py HTTP/1.1" 404 15285 "-" "Mozilla/5.0 (Windows NT 10.0; Win64; x64) AppleWebKit/537.36 (KHTML, like Gecko) Chrome/91.0.4472.124 Safari/537.36"
154.83.103.101 - - [04/Apr/2025:09:11:20 -0400] "GET /app/.env HTTP/1.1" 403 1242 "-" "Mozilla/5.0 (Windows NT 10.0; Win64; x64) AppleWebKit/537.36 (KHTML, like Gecko) Chrome/91.0.4472.124 Safari/537.36"
154.83.103.101 - - [04/Apr/2025:09:11:21 -0400] "GET /app/config/parameters.yml HTTP/1.1" 403 1242 "-" "Mozilla/5.0 (Windows NT 10.0; Win64; x64) AppleWebKit/537.36 (KHTML, like Gecko) Chrome/91.0.4472.124 Safari/537.36"
154.83.103.101 - - [04/Apr/2025:09:11:21 -0400] "GET /app_dev.php/_profiler/phpinfo HTTP/1.1" 404 15304 "-" "Mozilla/5.0 (Windows NT 10.0; Win64; x64) AppleWebKit/537.36 (KHTML, like Gecko) Chrome/91.0.4472.124 Safari/537.36"
154.83.103.101 - - [04/Apr/2025:09:11:23 -0400] "GET /application.properties HTTP/1.1" 404 15294 "-" "Mozilla/5.0 (Windows NT 10.0; Win64; x64) AppleWebKit/537.36 (KHTML, like Gecko) Chrome/91.0.4472.124 Safari/537.36"
154.83.103.101 - - [04/Apr/2025:09:11:25 -0400] "GET /application/.env HTTP/1.1" 403 1242 "-" "Mozilla/5.0 (Windows NT 10.0; Win64; x64) AppleWebKit/537.36 (KHTML, like Gecko) Chrome/91.0.4472.124 Safari/537.36"
154.83.103.101 - - [04/Apr/2025:09:11:25 -0400] "GET /apps/.env HTTP/1.1" 403 1242 "-" "Mozilla/5.0 (Windows NT 10.0; Win64; x64) AppleWebKit/537.36 (KHTML, like Gecko) Chrome/91.0.4472.124 Safari/537.36"
154.83.103.101 - - [04/Apr/2025:09:11:26 -0400] "GET /appsettings.json HTTP/1.1" 404 15289 "-" "Mozilla/5.0 (Windows NT 10.0; Win64; x64) AppleWebKit/537.36 (KHTML, like Gecko) Chrome/91.0.4472.124 Safari/537.36"
154.83.103.101 - - [04/Apr/2025:09:11:27 -0400] "GET /aws-secret.yaml HTTP/1.1" 404 15291 "-" "Mozilla/5.0 (Windows NT 10.0; Win64; x64) AppleWebKit/537.36 (KHTML, like Gecko) Chrome/91.0.4472.124 Safari/537.36"
154.83.103.101 - - [04/Apr/2025:09:11:28 -0400] "GET /aws.yml HTTP/1.1" 404 15285 "-" "Mozilla/5.0 (Windows NT 10.0; Win64; x64) AppleWebKit/537.36 (KHTML, like Gecko) Chrome/91.0.4472.124 Safari/537.36"
154.83.103.101 - - [04/Apr/2025:09:11:29 -0400] "GET /aws/credentials HTTP/1.1" 404 15288 "-" "Mozilla/5.0 (Windows NT 10.0; Win64; x64) AppleWebKit/537.36 (KHTML, like Gecko) Chrome/91.0.4472.124 Safari/537.36"
154.83.103.101 - - [04/Apr/2025:09:11:30 -0400] "GET /awstats/.env HTTP/1.1" 403 1242 "-" "Mozilla/5.0 (Windows NT 10.0; Win64; x64) AppleWebKit/537.36 (KHTML, like Gecko) Chrome/91.0.4472.124 Safari/537.36"
154.83.103.101 - - [04/Apr/2025:09:11:30 -0400] "GET /backend/.env HTTP/1.1" 403 1242 "-" "Mozilla/5.0 (Windows NT 10.0; Win64; x64) AppleWebKit/537.36 (KHTML, like Gecko) Chrome/91.0.4472.124 Safari/537.36"
198.54.114.83 - - [04/Apr/2025:09:11:31 -0400] "POST /wp-cron.php?doing_wp_cron=1743772291.0791079998016357421875 HTTP/1.1" 200 0 "-" "WordPress/6.7.2; https://creative-webstyle.com"
154.83.103.101 - - [04/Apr/2025:09:11:30 -0400] "GET /backend/config/default.yml HTTP/1.1" 404 15302 "-" "Mozilla/5.0 (Windows NT 10.0; Win64; x64) AppleWebKit/537.36 (KHTML, like Gecko) Chrome/91.0.4472.124 Safari/537.36"
154.83.103.101 - - [04/Apr/2025:09:11:32 -0400] "GET /backend/config/development.yml HTTP/1.1" 404 15305 "-" "Mozilla/5.0 (Windows NT 10.0; Win64; x64) AppleWebKit/537.36 (KHTML, like Gecko) Chrome/91.0.4472.124 Safari/537.36"
154.83.103.101 - - [04/Apr/2025:09:11:33 -0400] "GET /backend/config/settings.yml HTTP/1.1" 404 15302 "-" "Mozilla/5.0 (Windows NT 10.0; Win64; x64) AppleWebKit/537.36 (KHTML, like Gecko) Chrome/91.0.4472.124 Safari/537.36"
154.83.103.101 - - [04/Apr/2025:09:11:34 -0400] "GET /cloud/Scraper.js HTTP/1.1" 404 15291 "-" "Mozilla/5.0 (Windows NT 10.0; Win64; x64) AppleWebKit/537.36 (KHTML, like Gecko) Chrome/91.0.4472.124 Safari/537.36"
154.83.103.101 - - [04/Apr/2025:09:11:35 -0400] "GET /computeMetadata/v1 HTTP/1.1" 404 15294 "-" "Mozilla/5.0 (Windows NT 10.0; Win64; x64) AppleWebKit/537.36 (KHTML, like Gecko) Chrome/91.0.4472.124 Safari/537.36"
154.83.103.101 - - [04/Apr/2025:09:11:45 -0400] "GET /computeMetadata/v1beta1 HTTP/1.1" 404 15298 "-" "Mozilla/5.0 (Windows NT 10.0; Win64; x64) AppleWebKit/537.36 (KHTML, like Gecko) Chrome/91.0.4472.124 Safari/537.36"
154.83.103.101 - - [04/Apr/2025:09:11:46 -0400] "GET /conf/.env HTTP/1.1" 404 15288 "-" "Mozilla/5.0 (Windows NT 10.0; Win64; x64) AppleWebKit/537.36 (KHTML, like Gecko) Chrome/91.0.4472.124 Safari/537.36"
154.83.103.101 - - [04/Apr/2025:09:11:46 -0400] "GET /config.env HTTP/1.1" 404 15288 "-" "Mozilla/5.0 (Windows NT 10.0; Win64; x64) AppleWebKit/537.36 (KHTML, like Gecko) Chrome/91.0.4472.124 Safari/537.36"
154.83.103.101 - - [04/Apr/2025:09:11:48 -0400] "GET /config.js HTTP/1.1" 404 15285 "-" "Mozilla/5.0 (Windows NT 10.0; Win64; x64) AppleWebKit/537.36 (KHTML, like Gecko) Chrome/91.0.4472.124 Safari/537.36"
198.54.114.83 - - [04/Apr/2025:09:11:49 -0400] "POST /wp-cron.php?doing_wp_cron=1743772309.8344171047210693359375 HTTP/1.1" 200 0 "-" "WordPress/6.7.2; https://creative-webstyle.com"
154.83.103.101 - - [04/Apr/2025:09:11:49 -0400] "GET /config.json HTTP/1.1" 404 15286 "-" "Mozilla/5.0 (Windows NT 10.0; Win64; x64) AppleWebKit/537.36 (KHTML, like Gecko) Chrome/91.0.4472.124 Safari/537.36"
154.83.103.101 - - [04/Apr/2025:09:11:50 -0400] "GET /config/application.yml HTTP/1.1" 404 15294 "-" "Mozilla/5.0 (Windows NT 10.0; Win64; x64) AppleWebKit/537.36 (KHTML, like Gecko) Chrome/91.0.4472.124 Safari/537.36"
154.83.103.101 - - [04/Apr/2025:09:11:51 -0400] "GET /config/aws.yml HTTP/1.1" 404 15291 "-" "Mozilla/5.0 (Windows NT 10.0; Win64; x64) AppleWebKit/537.36 (KHTML, like Gecko) Chrome/91.0.4472.124 Safari/537.36"
154.83.103.101 - - [04/Apr/2025:09:11:52 -0400] "GET /config/config.json HTTP/1.1" 404 15289 "-" "Mozilla/5.0 (Windows NT 10.0; Win64; x64) AppleWebKit/537.36 (KHTML, like Gecko) Chrome/91.0.4472.124 Safari/537.36"
154.83.103.101 - - [04/Apr/2025:09:11:53 -0400] "GET /config/constants.js HTTP/1.1" 404 15292 "-" "Mozilla/5.0 (Windows NT 10.0; Win64; x64) AppleWebKit/537.36 (KHTML, like Gecko) Chrome/91.0.4472.124 Safari/537.36"
154.83.103.101 - - [04/Apr/2025:09:11:53 -0400] "GET /config/local.yml HTTP/1.1" 404 15292 "-" "Mozilla/5.0 (Windows NT 10.0; Win64; x64) AppleWebKit/537.36 (KHTML, like Gecko) Chrome/91.0.4472.124 Safari/537.36"
154.83.103.101 - - [04/Apr/2025:09:11:54 -0400] "GET /config/parameters.yml HTTP/1.1" 403 1242 "-" "Mozilla/5.0 (Windows NT 10.0; Win64; x64) AppleWebKit/537.36 (KHTML, like Gecko) Chrome/91.0.4472.124 Safari/537.36"
154.83.103.101 - - [04/Apr/2025:09:11:54 -0400] "GET /config/settings.json HTTP/1.1" 404 15294 "-" "Mozilla/5.0 (Windows NT 10.0; Win64; x64) AppleWebKit/537.36 (KHTML, like Gecko) Chrome/91.0.4472.124 Safari/537.36"
154.83.103.101 - - [04/Apr/2025:09:11:55 -0400] "GET /config/settings.local HTTP/1.1" 404 15296 "-" "Mozilla/5.0 (Windows NT 10.0; Win64; x64) AppleWebKit/537.36 (KHTML, like Gecko) Chrome/91.0.4472.124 Safari/537.36"
154.83.103.101 - - [04/Apr/2025:09:11:56 -0400] "GET /config/settings.prod HTTP/1.1" 404 15295 "-" "Mozilla/5.0 (Windows NT 10.0; Win64; x64) AppleWebKit/537.36 (KHTML, like Gecko) Chrome/91.0.4472.124 Safari/537.36"
154.83.103.101 - - [04/Apr/2025:09:11:56 -0400] "GET /config/storage.yml HTTP/1.1" 404 15292 "-" "Mozilla/5.0 (Windows NT 10.0; Win64; x64) AppleWebKit/537.36 (KHTML, like Gecko) Chrome/91.0.4472.124 Safari/537.36"
154.83.103.101 - - [04/Apr/2025:09:11:57 -0400] "GET /configs/routes-4aug.js HTTP/1.1" 404 15296 "-" "Mozilla/5.0 (Windows NT 10.0; Win64; x64) AppleWebKit/537.36 (KHTML, like Gecko) Chrome/91.0.4472.124 Safari/537.36"
154.83.103.101 - - [04/Apr/2025:09:11:58 -0400] "GET /configs/routes.js HTTP/1.1" 404 15292 "-" "Mozilla/5.0 (Windows NT 10.0; Win64; x64) AppleWebKit/537.36 (KHTML, like Gecko) Chrome/91.0.4472.124 Safari/537.36"
154.83.103.101 - - [04/Apr/2025:09:11:59 -0400] "GET /configs/s3_config.json HTTP/1.1" 404 15292 "-" "Mozilla/5.0 (Windows NT 10.0; Win64; x64) AppleWebKit/537.36 (KHTML, like Gecko) Chrome/91.0.4472.124 Safari/537.36"
154.83.103.101 - - [04/Apr/2025:09:12:00 -0400] "GET /controller/admin/post.js HTTP/1.1" 404 15293 "-" "Mozilla/5.0 (Windows NT 10.0; Win64; x64) AppleWebKit/537.36 (KHTML, like Gecko) Chrome/91.0.4472.124 Safari/537.36"
154.83.103.101 - - [04/Apr/2025:09:12:01 -0400] "GET /controller/api/post.js HTTP/1.1" 404 15295 "-" "Mozilla/5.0 (Windows NT 10.0; Win64; x64) AppleWebKit/537.36 (KHTML, like Gecko) Chrome/91.0.4472.124 Safari/537.36"
154.83.103.101 - - [04/Apr/2025:09:12:02 -0400] "GET /controllers/settings.js HTTP/1.1" 404 15295 "-" "Mozilla/5.0 (Windows NT 10.0; Win64; x64) AppleWebKit/537.36 (KHTML, like Gecko) Chrome/91.0.4472.124 Safari/537.36"
154.83.103.101 - - [04/Apr/2025:09:12:02 -0400] "GET /core/.env HTTP/1.1" 403 1242 "-" "Mozilla/5.0 (Windows NT 10.0; Win64; x64) AppleWebKit/537.36 (KHTML, like Gecko) Chrome/91.0.4472.124 Safari/537.36"
154.83.103.101 - - [04/Apr/2025:09:12:03 -0400] "GET /crm/.env HTTP/1.1" 403 1242 "-" "Mozilla/5.0 (Windows NT 10.0; Win64; x64) AppleWebKit/537.36 (KHTML, like Gecko) Chrome/91.0.4472.124 Safari/537.36"
154.83.103.101 - - [04/Apr/2025:09:12:03 -0400] "GET /cron/.env HTTP/1.1" 403 1242 "-" "Mozilla/5.0 (Windows NT 10.0; Win64; x64) AppleWebKit/537.36 (KHTML, like Gecko) Chrome/91.0.4472.124 Safari/537.36"
154.83.103.101 - - [04/Apr/2025:09:12:03 -0400] "GET /dashboard/phpinfo.php HTTP/1.1" 404 15295 "-" "Mozilla/5.0 (Windows NT 10.0; Win64; x64) AppleWebKit/537.36 (KHTML, like Gecko) Chrome/91.0.4472.124 Safari/537.36"
154.83.103.101 - - [04/Apr/2025:09:12:04 -0400] "GET /debug/default/view HTTP/1.1" 404 15294 "-" "Mozilla/5.0 (Windows NT 10.0; Win64; x64) AppleWebKit/537.36 (KHTML, like Gecko) Chrome/91.0.4472.124 Safari/537.36"
154.83.103.101 - - [04/Apr/2025:09:12:04 -0400] "GET /dev/.env HTTP/1.1" 403 1242 "-" "Mozilla/5.0 (Windows NT 10.0; Win64; x64) AppleWebKit/537.36 (KHTML, like Gecko) Chrome/91.0.4472.124 Safari/537.36"
154.83.103.101 - - [04/Apr/2025:09:12:05 -0400] "GET /development/.env HTTP/1.1" 403 1242 "-" "Mozilla/5.0 (Windows NT 10.0; Win64; x64) AppleWebKit/537.36 (KHTML, like Gecko) Chrome/91.0.4472.124 Safari/537.36"
154.83.103.101 - - [04/Apr/2025:09:12:05 -0400] "GET /docker/.env HTTP/1.1" 403 1242 "-" "Mozilla/5.0 (Windows NT 10.0; Win64; x64) AppleWebKit/537.36 (KHTML, like Gecko) Chrome/91.0.4472.124 Safari/537.36"
154.83.103.101 - - [04/Apr/2025:09:12:05 -0400] "GET /docker/app/.env HTTP/1.1" 403 1242 "-" "Mozilla/5.0 (Windows NT 10.0; Win64; x64) AppleWebKit/537.36 (KHTML, like Gecko) Chrome/91.0.4472.124 Safari/537.36"
154.83.103.101 - - [04/Apr/2025:09:12:05 -0400] "GET /env.backup HTTP/1.1" 404 15288 "-" "Mozilla/5.0 (Windows NT 10.0; Win64; x64) AppleWebKit/537.36 (KHTML, like Gecko) Chrome/91.0.4472.124 Safari/537.36"
154.83.103.101 - - [04/Apr/2025:09:12:07 -0400] "GET /env/.env HTTP/1.1" 403 1242 "-" "Mozilla/5.0 (Windows NT 10.0; Win64; x64) AppleWebKit/537.36 (KHTML, like Gecko) Chrome/91.0.4472.124 Safari/537.36"
154.83.103.101 - - [04/Apr/2025:09:12:08 -0400] "GET /gatsby-config.js HTTP/1.1" 404 15291 "-" "Mozilla/5.0 (Windows NT 10.0; Win64; x64) AppleWebKit/537.36 (KHTML, like Gecko) Chrome/91.0.4472.124 Safari/537.36"
154.83.103.101 - - [04/Apr/2025:09:12:09 -0400] "GET /getcpuutil.php-bakworking HTTP/1.1" 404 15298 "-" "Mozilla/5.0 (Windows NT 10.0; Win64; x64) AppleWebKit/537.36 (KHTML, like Gecko) Chrome/91.0.4472.124 Safari/537.36"
154.83.103.101 - - [04/Apr/2025:09:12:09 -0400] "GET /helper.js HTTP/1.1" 404 15285 "-" "Mozilla/5.0 (Windows NT 10.0; Win64; x64) AppleWebKit/537.36 (KHTML, like Gecko) Chrome/91.0.4472.124 Safari/537.36"
154.83.103.101 - - [04/Apr/2025:09:12:15 -0400] "GET /helper/EmailHelper.js HTTP/1.1" 404 15294 "-" "Mozilla/5.0 (Windows NT 10.0; Win64; x64) AppleWebKit/537.36 (KHTML, like Gecko) Chrome/91.0.4472.124 Safari/537.36"
154.83.103.101 - - [04/Apr/2025:09:12:16 -0400] "GET /helpers/utility.js HTTP/1.1" 404 15293 "-" "Mozilla/5.0 (Windows NT 10.0; Win64; x64) AppleWebKit/537.36 (KHTML, like Gecko) Chrome/91.0.4472.124 Safari/537.36"
154.83.103.101 - - [04/Apr/2025:09:12:21 -0400] "GET /index.html HTTP/1.1" 200 98430 "-" "Mozilla/5.0 (Windows NT 10.0; Win64; x64) AppleWebKit/537.36 (KHTML, like Gecko) Chrome/91.0.4472.124 Safari/537.36"
154.83.103.101 - - [04/Apr/2025:09:12:27 -0400] "GET /index.js HTTP/1.1" 404 15285 "-" "Mozilla/5.0 (Windows NT 10.0; Win64; x64) AppleWebKit/537.36 (KHTML, like Gecko) Chrome/91.0.4472.124 Safari/537.36"
154.83.103.101 - - [04/Apr/2025:09:12:27 -0400] "GET /info.php HTTP/1.1" 404 15284 "-" "Mozilla/5.0 (Windows NT 10.0; Win64; x64) AppleWebKit/537.36 (KHTML, like Gecko) Chrome/91.0.4472.124 Safari/537.36"
154.83.103.101 - - [04/Apr/2025:09:12:28 -0400] "GET /internal/api HTTP/1.1" 404 15289 "-" "Mozilla/5.0 (Windows NT 10.0; Win64; x64) AppleWebKit/537.36 (KHTML, like Gecko) Chrome/91.0.4472.124 Safari/537.36"
154.83.103.101 - - [04/Apr/2025:09:12:29 -0400] "GET /internal/proxy HTTP/1.1" 404 15290 "-" "Mozilla/5.0 (Windows NT 10.0; Win64; x64) AppleWebKit/537.36 (KHTML, like Gecko) Chrome/91.0.4472.124 Safari/537.36"
154.83.103.101 - - [04/Apr/2025:09:12:29 -0400] "GET /js/.env HTTP/1.1" 403 1242 "-" "Mozilla/5.0 (Windows NT 10.0; Win64; x64) AppleWebKit/537.36 (KHTML, like Gecko) Chrome/91.0.4472.124 Safari/537.36"
198.54.114.83 - - [04/Apr/2025:09:12:30 -0400] "POST /wp-cron.php?doing_wp_cron=1743772350.4774200916290283203125 HTTP/1.1" 200 0 "-" "WordPress/6.7.2; https://creative-webstyle.com"
154.83.103.101 - - [04/Apr/2025:09:12:30 -0400] "GET /js/main.js HTTP/1.1" 404 15286 "-" "Mozilla/5.0 (Windows NT 10.0; Win64; x64) AppleWebKit/537.36 (KHTML, like Gecko) Chrome/91.0.4472.124 Safari/537.36"
154.83.103.101 - - [04/Apr/2025:09:12:31 -0400] "GET /karma.conf.json HTTP/1.1" 404 15290 "-" "Mozilla/5.0 (Windows NT 10.0; Win64; x64) AppleWebKit/537.36 (KHTML, like Gecko) Chrome/91.0.4472.124 Safari/537.36"
154.83.103.101 - - [04/Apr/2025:09:12:31 -0400] "GET /kyc/.env HTTP/1.1" 403 1242 "-" "Mozilla/5.0 (Windows NT 10.0; Win64; x64) AppleWebKit/537.36 (KHTML, like Gecko) Chrome/91.0.4472.124 Safari/537.36"
154.83.103.101 - - [04/Apr/2025:09:12:32 -0400] "GET /lara/info.php HTTP/1.1" 404 15288 "-" "Mozilla/5.0 (Windows NT 10.0; Win64; x64) AppleWebKit/537.36 (KHTML, like Gecko) Chrome/91.0.4472.124 Safari/537.36"
154.83.103.101 - - [04/Apr/2025:09:12:32 -0400] "GET /lara/phpinfo.php HTTP/1.1" 404 15290 "-" "Mozilla/5.0 (Windows NT 10.0; Win64; x64) AppleWebKit/537.36 (KHTML, like Gecko) Chrome/91.0.4472.124 Safari/537.36"
154.83.103.101 - - [04/Apr/2025:09:12:33 -0400] "GET /laravel/.env HTTP/1.1" 403 1242 "-" "Mozilla/5.0 (Windows NT 10.0; Win64; x64) AppleWebKit/537.36 (KHTML, like Gecko) Chrome/91.0.4472.124 Safari/537.36"
154.83.103.101 - - [04/Apr/2025:09:12:33 -0400] "GET /laravel/core/.env HTTP/1.1" 403 1242 "-" "Mozilla/5.0 (Windows NT 10.0; Win64; x64) AppleWebKit/537.36 (KHTML, like Gecko) Chrome/91.0.4472.124 Safari/537.36"
154.83.103.101 - - [04/Apr/2025:09:12:33 -0400] "GET /laravel/info.php HTTP/1.1" 404 15291 "-" "Mozilla/5.0 (Windows NT 10.0; Win64; x64) AppleWebKit/537.36 (KHTML, like Gecko) Chrome/91.0.4472.124 Safari/537.36"
154.83.103.101 - - [04/Apr/2025:09:12:34 -0400] "GET /latest/meta-data HTTP/1.1" 404 15292 "-" "Mozilla/5.0 (Windows NT 10.0; Win64; x64) AppleWebKit/537.36 (KHTML, like Gecko) Chrome/91.0.4472.124 Safari/537.36"
154.83.103.101 - - [04/Apr/2025:09:12:35 -0400] "GET /latest/meta-data/iam/security-credentials/ HTTP/1.1" 404 15313 "-" "Mozilla/5.0 (Windows NT 10.0; Win64; x64) AppleWebKit/537.36 (KHTML, like Gecko) Chrome/91.0.4472.124 Safari/537.36"
154.83.103.101 - - [04/Apr/2025:09:12:45 -0400] "GET /latest/user-data HTTP/1.1" 404 15291 "-" "Mozilla/5.0 (Windows NT 10.0; Win64; x64) AppleWebKit/537.36 (KHTML, like Gecko) Chrome/91.0.4472.124 Safari/537.36"
154.83.103.101 - - [04/Apr/2025:09:12:46 -0400] "GET /local/.env HTTP/1.1" 403 1242 "-" "Mozilla/5.0 (Windows NT 10.0; Win64; x64) AppleWebKit/537.36 (KHTML, like Gecko) Chrome/91.0.4472.124 Safari/537.36"
154.83.103.101 - - [04/Apr/2025:09:12:46 -0400] "GET /mail/.env HTTP/1.1" 403 1242 "-" "Mozilla/5.0 (Windows NT 10.0; Win64; x64) AppleWebKit/537.36 (KHTML, like Gecko) Chrome/91.0.4472.124 Safari/537.36"
154.83.103.101 - - [04/Apr/2025:09:12:47 -0400] "GET /mailer/.env HTTP/1.1" 403 1242 "-" "Mozilla/5.0 (Windows NT 10.0; Win64; x64) AppleWebKit/537.36 (KHTML, like Gecko) Chrome/91.0.4472.124 Safari/537.36"
198.54.114.83 - - [04/Apr/2025:09:12:52 -0400] "POST /wp-cron.php?doing_wp_cron=1743772372.8884510993957519531250 HTTP/1.1" 200 0 "-" "WordPress/6.7.2; https://creative-webstyle.com"
154.83.103.101 - - [04/Apr/2025:09:12:52 -0400] "GET /main.js HTTP/1.1" 404 15283 "-" "Mozilla/5.0 (Windows NT 10.0; Win64; x64) AppleWebKit/537.36 (KHTML, like Gecko) Chrome/91.0.4472.124 Safari/537.36"
154.83.103.101 - - [04/Apr/2025:09:12:53 -0400] "GET /main.yml HTTP/1.1" 404 15285 "-" "Mozilla/5.0 (Windows NT 10.0; Win64; x64) AppleWebKit/537.36 (KHTML, like Gecko) Chrome/91.0.4472.124 Safari/537.36"
154.83.103.101 - - [04/Apr/2025:09:12:54 -0400] "GET /main/.env HTTP/1.1" 403 1242 "-" "Mozilla/5.0 (Windows NT 10.0; Win64; x64) AppleWebKit/537.36 (KHTML, like Gecko) Chrome/91.0.4472.124 Safari/537.36"
154.83.103.101 - - [04/Apr/2025:09:12:54 -0400] "GET /metadata/computeMetadata/v1 HTTP/1.1" 404 15297 "-" "Mozilla/5.0 (Windows NT 10.0; Win64; x64) AppleWebKit/537.36 (KHTML, like Gecko) Chrome/91.0.4472.124 Safari/537.36"
154.83.103.101 - - [04/Apr/2025:09:12:55 -0400] "GET /my_env/chakaash.py HTTP/1.1" 404 15295 "-" "Mozilla/5.0 (Windows NT 10.0; Win64; x64) AppleWebKit/537.36 (KHTML, like Gecko) Chrome/91.0.4472.124 Safari/537.36"
154.83.103.101 - - [04/Apr/2025:09:12:56 -0400] "GET /my_env/newsletter.py HTTP/1.1" 404 15296 "-" "Mozilla/5.0 (Windows NT 10.0; Win64; x64) AppleWebKit/537.36 (KHTML, like Gecko) Chrome/91.0.4472.124 Safari/537.36"
154.83.103.101 - - [04/Apr/2025:09:12:57 -0400] "GET /my_env/palash.py HTTP/1.1" 404 15291 "-" "Mozilla/5.0 (Windows NT 10.0; Win64; x64) AppleWebKit/537.36 (KHTML, like Gecko) Chrome/91.0.4472.124 Safari/537.36"
154.83.103.101 - - [04/Apr/2025:09:13:04 -0400] "GET /mytest/astech_robot.js HTTP/1.1" 404 15295 "-" "Mozilla/5.0 (Windows NT 10.0; Win64; x64) AppleWebKit/537.36 (KHTML, like Gecko) Chrome/91.0.4472.124 Safari/537.36"
154.83.103.101 - - [04/Apr/2025:09:13:05 -0400] "GET /new/.env HTTP/1.1" 403 1242 "-" "Mozilla/5.0 (Windows NT 10.0; Win64; x64) AppleWebKit/537.36 (KHTML, like Gecko) Chrome/91.0.4472.124 Safari/537.36"
154.83.103.101 - - [04/Apr/2025:09:13:05 -0400] "GET /new/.env.local HTTP/1.1" 403 1242 "-" "Mozilla/5.0 (Windows NT 10.0; Win64; x64) AppleWebKit/537.36 (KHTML, like Gecko) Chrome/91.0.4472.124 Safari/537.36"
154.83.103.101 - - [04/Apr/2025:09:13:05 -0400] "GET /new/.env.production HTTP/1.1" 403 1242 "-" "Mozilla/5.0 (Windows NT 10.0; Win64; x64) AppleWebKit/537.36 (KHTML, like Gecko) Chrome/91.0.4472.124 Safari/537.36"
154.83.103.101 - - [04/Apr/2025:09:13:06 -0400] "GET /new/.env.staging HTTP/1.1" 403 1242 "-" "Mozilla/5.0 (Windows NT 10.0; Win64; x64) AppleWebKit/537.36 (KHTML, like Gecko) Chrome/91.0.4472.124 Safari/537.36"
154.83.103.101 - - [04/Apr/2025:09:13:06 -0400] "GET /nginx/.env HTTP/1.1" 403 1242 "-" "Mozilla/5.0 (Windows NT 10.0; Win64; x64) AppleWebKit/537.36 (KHTML, like Gecko) Chrome/91.0.4472.124 Safari/537.36"
154.83.103.101 - - [04/Apr/2025:09:13:06 -0400] "GET /node/.env_example HTTP/1.1" 403 1242 "-" "Mozilla/5.0 (Windows NT 10.0; Win64; x64) AppleWebKit/537.36 (KHTML, like Gecko) Chrome/91.0.4472.124 Safari/537.36"
154.83.103.101 - - [04/Apr/2025:09:13:06 -0400] "GET /node_modules/.env HTTP/1.1" 403 1242 "-" "Mozilla/5.0 (Windows NT 10.0; Win64; x64) AppleWebKit/537.36 (KHTML, like Gecko) Chrome/91.0.4472.124 Safari/537.36"
