89.175.12.245 - - [04/Apr/2025:15:43:09 -0400] "GET /hvac-systems-and-mold/ HTTP/1.1" 200 24056 "http://creative-webstyle.com/hvac-systems-and-mold/" "Mozilla/5.0 (Windows NT 10.0; Win64; x64) AppleWebKit/537.36 (KHTML, like Gecko) Chrome/130.0.0.0 Safari/537.36 CCleaner/130.0.0.0"
103.153.202.96 - - [04/Apr/2025:15:43:46 -0400] "GET / HTTP/1.1" 200 98430 "http://creative-webstyle.com" "Mozilla/4.0 (compatible; MSIE 9.0; Windows NT 6.1)"
216.244.66.194 - - [04/Apr/2025:15:46:05 -0400] "GET /robots.txt HTTP/1.1" 304 0 "-" "Mozilla/5.0 (compatible; DotBot/1.2; +https://opensiteexplorer.org/dotbot; help@moz.com)"
109.70.100.69 - - [04/Apr/2025:15:52:04 -0400] "GET / HTTP/1.1" 200 98430 "http://creative-webstyle.com" "Mozilla/5.0 (Windows NT 6.1; WOW64) AppleWebKit/537.36 (KHTML, like Gecko) Chrome/46.0.2490.86 YaBrowser/15.12.1.6475 Yowser/2.5 Safari/537.36"
198.54.114.83 - - [04/Apr/2025:15:58:40 -0400] "POST /wp-cron.php?doing_wp_cron=1743796719.3722438812255859375000 HTTP/1.1" 200 0 "-" "WordPress/6.7.2; https://creative-webstyle.com"
216.244.66.194 - - [04/Apr/2025:15:58:38 -0400] "GET /page/133/ HTTP/1.1" 200 19900 "-" "Mozilla/5.0 (compatible; DotBot/1.2; +https://opensiteexplorer.org/dotbot; help@moz.com)"
85.208.98.23 - - [04/Apr/2025:16:03:36 -0400] "GET /robots.txt HTTP/1.1" 200 132 "-" "Mozilla/5.0 (compatible; SemrushBot-BA; +http://www.semrush.com/bot.html)"
8.28.7.20 - - [04/Apr/2025:16:04:05 -0400] "GET /ads.txt HTTP/1.1" 404 15285 "-" "PubMatic Crawler Bot"
8.28.7.20 - - [04/Apr/2025:16:04:07 -0400] "GET /ads.txt HTTP/1.1" 404 15285 "-" "Mozilla/5.0 (X11; Linux x86_64) AppleWebKit/537.36 (KHTML, like Gecko) Chrome/66.0.3359.139 Safari/537.36"
198.54.114.83 - - [04/Apr/2025:16:08:34 -0400] "POST /wp-cron.php?doing_wp_cron=1743797314.0941829681396484375000 HTTP/1.1" 200 0 "-" "WordPress/6.7.2; https://creative-webstyle.com"
216.244.66.194 - - [04/Apr/2025:16:08:29 -0400] "GET /buy-tiktok-viewss-and-followers/feed/ HTTP/1.1" 200 433 "-" "Mozilla/5.0 (compatible; DotBot/1.2; +https://opensiteexplorer.org/dotbot; help@moz.com)"
85.208.98.23 - - [04/Apr/2025:16:09:34 -0400] "GET /robots.txt HTTP/1.1" 200 132 "-" "Mozilla/5.0 (compatible; SemrushBot-BA; +http://www.semrush.com/bot.html)"
54.254.137.198 - - [04/Apr/2025:16:16:29 -0400] "GET /wp-cli.php HTTP/1.1" 404 15283 "www.google.com" "Mozlila/5.0 (Linux; Android 7.0; SM-G892A Bulid/NRD90M; wv) AppleWebKit/537.36 (KHTML, like Gecko) Version/4.0 Chrome/60.0.3112.107 Moblie Safari/537.36"
54.254.137.198 - - [04/Apr/2025:16:17:51 -0400] "GET /plugins/function.php HTTP/1.1" 404 15293 "-" "Mozlila/5.0 (Linux; Android 7.0; SM-G892A Bulid/NRD90M; wv) AppleWebKit/537.36 (KHTML, like Gecko) Version/4.0 Chrome/60.0.3112.107 Moblie Safari/537.36"
198.54.114.83 - - [04/Apr/2025:16:17:54 -0400] "POST /wp-cron.php?doing_wp_cron=1743797872.0378820896148681640625 HTTP/1.1" 200 0 "-" "WordPress/6.7.2; https://creative-webstyle.com"
54.254.137.198 - - [04/Apr/2025:16:17:55 -0400] "GET /file/function.php HTTP/1.1" 404 15290 "-" "Mozlila/5.0 (Linux; Android 7.0; SM-G892A Bulid/NRD90M; wv) AppleWebKit/537.36 (KHTML, like Gecko) Version/4.0 Chrome/60.0.3112.107 Moblie Safari/537.36"
54.254.137.198 - - [04/Apr/2025:16:18:00 -0400] "GET /as/function HTTP/1.1" 404 15288 "-" "Mozlila/5.0 (Linux; Android 7.0; SM-G892A Bulid/NRD90M; wv) AppleWebKit/537.36 (KHTML, like Gecko) Version/4.0 Chrome/60.0.3112.107 Moblie Safari/537.36"
54.254.137.198 - - [04/Apr/2025:16:18:04 -0400] "GET /mah/function.php HTTP/1.1" 404 15290 "-" "Mozlila/5.0 (Linux; Android 7.0; SM-G892A Bulid/NRD90M; wv) AppleWebKit/537.36 (KHTML, like Gecko) Version/4.0 Chrome/60.0.3112.107 Moblie Safari/537.36"
54.254.137.198 - - [04/Apr/2025:16:18:06 -0400] "GET /admin/function.php HTTP/1.1" 404 15289 "-" "Mozlila/5.0 (Linux; Android 7.0; SM-G892A Bulid/NRD90M; wv) AppleWebKit/537.36 (KHTML, like Gecko) Version/4.0 Chrome/60.0.3112.107 Moblie Safari/537.36"
54.254.137.198 - - [04/Apr/2025:16:18:09 -0400] "GET /doc/function.php HTTP/1.1" 404 15291 "-" "Mozlila/5.0 (Linux; Android 7.0; SM-G892A Bulid/NRD90M; wv) AppleWebKit/537.36 (KHTML, like Gecko) Version/4.0 Chrome/60.0.3112.107 Moblie Safari/537.36"
54.254.137.198 - - [04/Apr/2025:16:18:13 -0400] "GET /about/function.php HTTP/1.1" 404 15291 "-" "Mozlila/5.0 (Linux; Android 7.0; SM-G892A Bulid/NRD90M; wv) AppleWebKit/537.36 (KHTML, like Gecko) Version/4.0 Chrome/60.0.3112.107 Moblie Safari/537.36"
54.254.137.198 - - [04/Apr/2025:16:18:17 -0400] "GET /index/function.php HTTP/1.1" 404 15291 "-" "Mozlila/5.0 (Linux; Android 7.0; SM-G892A Bulid/NRD90M; wv) AppleWebKit/537.36 (KHTML, like Gecko) Version/4.0 Chrome/60.0.3112.107 Moblie Safari/537.36"
2602:fa59:5:62b::1 - - [04/Apr/2025:16:21:47 -0400] "GET /wp-admin/network/index.php HTTP/1.1" 302 0 "-" "Mozlila/5.0 (Linux; Android 7.0; SM-G892A Bulid/NRD90M; wv) AppleWebKit/537.36 (KHTML, like Gecko) Version/4.0 Chrome/60.0.3112.107 Moblie Safari/537.36"
198.54.114.83 - - [04/Apr/2025:16:22:31 -0400] "POST /wp-cron.php?doing_wp_cron=1743798150.3535399436950683593750 HTTP/1.1" 200 0 "-" "WordPress/6.7.2; https://creative-webstyle.com"
2602:fa59:5:62b::1 - - [04/Apr/2025:16:22:29 -0400] "GET /wp-admin/js/index.php HTTP/1.1" 301 0 "-" "Mozlila/5.0 (Linux; Android 7.0; SM-G892A Bulid/NRD90M; wv) AppleWebKit/537.36 (KHTML, like Gecko) Version/4.0 Chrome/60.0.3112.107 Moblie Safari/537.36"
2602:fa59:5:62b::1 - - [04/Apr/2025:16:22:31 -0400] "GET /wp-admin/js/ HTTP/1.1" 403 1242 "-" "Mozlila/5.0 (Linux; Android 7.0; SM-G892A Bulid/NRD90M; wv) AppleWebKit/537.36 (KHTML, like Gecko) Version/4.0 Chrome/60.0.3112.107 Moblie Safari/537.36"
198.54.114.83 - - [04/Apr/2025:16:23:01 -0400] "POST /wp-cron.php?doing_wp_cron=1743798181.3320810794830322265625 HTTP/1.1" 200 0 "-" "WordPress/6.7.2; https://creative-webstyle.com"
2602:fa59:5:62b::1 - - [04/Apr/2025:16:23:01 -0400] "GET /wp-admin/images/index.php HTTP/1.1" 301 0 "-" "Mozlila/5.0 (Linux; Android 7.0; SM-G892A Bulid/NRD90M; wv) AppleWebKit/537.36 (KHTML, like Gecko) Version/4.0 Chrome/60.0.3112.107 Moblie Safari/537.36"
2602:fa59:5:62b::1 - - [04/Apr/2025:16:23:03 -0400] "GET /wp-admin/images/ HTTP/1.1" 403 1242 "-" "Mozlila/5.0 (Linux; Android 7.0; SM-G892A Bulid/NRD90M; wv) AppleWebKit/537.36 (KHTML, like Gecko) Version/4.0 Chrome/60.0.3112.107 Moblie Safari/537.36"
2602:fa59:5:62b::1 - - [04/Apr/2025:16:23:19 -0400] "GET /wp-admin/css/index.php HTTP/1.1" 301 0 "-" "Mozlila/5.0 (Linux; Android 7.0; SM-G892A Bulid/NRD90M; wv) AppleWebKit/537.36 (KHTML, like Gecko) Version/4.0 Chrome/60.0.3112.107 Moblie Safari/537.36"
2602:fa59:5:62b::1 - - [04/Apr/2025:16:23:22 -0400] "GET /wp-admin/css/ HTTP/1.1" 403 1242 "-" "Mozlila/5.0 (Linux; Android 7.0; SM-G892A Bulid/NRD90M; wv) AppleWebKit/537.36 (KHTML, like Gecko) Version/4.0 Chrome/60.0.3112.107 Moblie Safari/537.36"
198.54.114.83 - - [04/Apr/2025:16:24:05 -0400] "POST /wp-cron.php?doing_wp_cron=1743798245.3230149745941162109375 HTTP/1.1" 200 0 "-" "WordPress/6.7.2; https://creative-webstyle.com"
2602:fa59:5:62b::1 - - [04/Apr/2025:16:24:04 -0400] "GET /wp-includes/SimplePie/Content/Type/index.php HTTP/1.1" 301 0 "-" "Mozlila/5.0 (Linux; Android 7.0; SM-G892A Bulid/NRD90M; wv) AppleWebKit/537.36 (KHTML, like Gecko) Version/4.0 Chrome/60.0.3112.107 Moblie Safari/537.36"
2602:fa59:5:62b::1 - - [04/Apr/2025:16:24:07 -0400] "GET /wp-includes/SimplePie/Content/Type/ HTTP/1.1" 404 15300 "-" "Mozlila/5.0 (Linux; Android 7.0; SM-G892A Bulid/NRD90M; wv) AppleWebKit/537.36 (KHTML, like Gecko) Version/4.0 Chrome/60.0.3112.107 Moblie Safari/537.36"
198.54.114.83 - - [04/Apr/2025:16:24:33 -0400] "POST /wp-cron.php?doing_wp_cron=1743798273.2833459377288818359375 HTTP/1.1" 200 0 "-" "WordPress/6.7.2; https://creative-webstyle.com"
2602:fa59:5:62b::1 - - [04/Apr/2025:16:24:32 -0400] "GET /wp-includes/Requests/Auth/index.php HTTP/1.1" 301 0 "-" "Mozlila/5.0 (Linux; Android 7.0; SM-G892A Bulid/NRD90M; wv) AppleWebKit/537.36 (KHTML, like Gecko) Version/4.0 Chrome/60.0.3112.107 Moblie Safari/537.36"
2602:fa59:5:62b::1 - - [04/Apr/2025:16:24:35 -0400] "GET /wp-includes/Requests/Auth/ HTTP/1.1" 404 15295 "-" "Mozlila/5.0 (Linux; Android 7.0; SM-G892A Bulid/NRD90M; wv) AppleWebKit/537.36 (KHTML, like Gecko) Version/4.0 Chrome/60.0.3112.107 Moblie Safari/537.36"
198.54.114.83 - - [04/Apr/2025:16:24:59 -0400] "POST /wp-cron.php?doing_wp_cron=1743798298.3725268840789794921875 HTTP/1.1" 200 0 "-" "WordPress/6.7.2; https://creative-webstyle.com"
2602:fa59:5:62b::1 - - [04/Apr/2025:16:24:57 -0400] "GET /wp-admin/css/colors/index.php HTTP/1.1" 301 0 "-" "Mozlila/5.0 (Linux; Android 7.0; SM-G892A Bulid/NRD90M; wv) AppleWebKit/537.36 (KHTML, like Gecko) Version/4.0 Chrome/60.0.3112.107 Moblie Safari/537.36"
2602:fa59:5:62b::1 - - [04/Apr/2025:16:25:00 -0400] "GET /wp-admin/css/colors/ HTTP/1.1" 403 1242 "-" "Mozlila/5.0 (Linux; Android 7.0; SM-G892A Bulid/NRD90M; wv) AppleWebKit/537.36 (KHTML, like Gecko) Version/4.0 Chrome/60.0.3112.107 Moblie Safari/537.36"
2602:fa59:5:62b::1 - - [04/Apr/2025:16:25:09 -0400] "GET /wp-content/languages/index.php HTTP/1.1" 301 0 "-" "Mozlila/5.0 (Linux; Android 7.0; SM-G892A Bulid/NRD90M; wv) AppleWebKit/537.36 (KHTML, like Gecko) Version/4.0 Chrome/60.0.3112.107 Moblie Safari/537.36"
2602:fa59:5:62b::1 - - [04/Apr/2025:16:25:11 -0400] "GET /wp-content/languages/ HTTP/1.1" 404 15289 "-" "Mozlila/5.0 (Linux; Android 7.0; SM-G892A Bulid/NRD90M; wv) AppleWebKit/537.36 (KHTML, like Gecko) Version/4.0 Chrome/60.0.3112.107 Moblie Safari/537.36"
2602:fa59:5:62b::1 - - [04/Apr/2025:16:25:22 -0400] "GET /wp-content/upgrade/index.php HTTP/1.1" 301 0 "-" "Mozlila/5.0 (Linux; Android 7.0; SM-G892A Bulid/NRD90M; wv) AppleWebKit/537.36 (KHTML, like Gecko) Version/4.0 Chrome/60.0.3112.107 Moblie Safari/537.36"
2602:fa59:5:62b::1 - - [04/Apr/2025:16:25:25 -0400] "GET /wp-content/upgrade/ HTTP/1.1" 403 1242 "-" "Mozlila/5.0 (Linux; Android 7.0; SM-G892A Bulid/NRD90M; wv) AppleWebKit/537.36 (KHTML, like Gecko) Version/4.0 Chrome/60.0.3112.107 Moblie Safari/537.36"
2602:fa59:5:62b::1 - - [04/Apr/2025:16:25:34 -0400] "GET /wp-content/IXR/index.php HTTP/1.1" 301 0 "-" "Mozlila/5.0 (Linux; Android 7.0; SM-G892A Bulid/NRD90M; wv) AppleWebKit/537.36 (KHTML, like Gecko) Version/4.0 Chrome/60.0.3112.107 Moblie Safari/537.36"
2602:fa59:5:62b::1 - - [04/Apr/2025:16:25:35 -0400] "GET /wp-content/IXR/ HTTP/1.1" 404 15288 "-" "Mozlila/5.0 (Linux; Android 7.0; SM-G892A Bulid/NRD90M; wv) AppleWebKit/537.36 (KHTML, like Gecko) Version/4.0 Chrome/60.0.3112.107 Moblie Safari/537.36"
198.54.114.83 - - [04/Apr/2025:16:29:50 -0400] "POST /wp-cron.php?doing_wp_cron=1743798590.4751029014587402343750 HTTP/1.1" 200 0 "-" "WordPress/6.7.2; https://creative-webstyle.com"
54.254.137.198 - - [04/Apr/2025:16:29:51 -0400] "GET /wp-cli.php HTTP/1.1" 404 15283 "www.google.com" "Mozlila/5.0 (Linux; Android 7.0; SM-G892A Bulid/NRD90M; wv) AppleWebKit/537.36 (KHTML, like Gecko) Version/4.0 Chrome/60.0.3112.107 Moblie Safari/537.36"
54.254.137.198 - - [04/Apr/2025:16:29:41 -0400] "GET /wp-includes/ID3/index.php HTTP/1.1" 301 0 "-" "Mozlila/5.0 (Linux; Android 7.0; SM-G892A Bulid/NRD90M; wv) AppleWebKit/537.36 (KHTML, like Gecko) Version/4.0 Chrome/60.0.3112.107 Moblie Safari/537.36"
54.254.137.198 - - [04/Apr/2025:16:29:54 -0400] "GET /wp-includes/ID3/ HTTP/1.1" 403 1242 "-" "Mozlila/5.0 (Linux; Android 7.0; SM-G892A Bulid/NRD90M; wv) AppleWebKit/537.36 (KHTML, like Gecko) Version/4.0 Chrome/60.0.3112.107 Moblie Safari/537.36"
54.254.137.198 - - [04/Apr/2025:16:29:56 -0400] "GET /wp-content/plugins/index.php HTTP/1.1" 200 0 "-" "Mozlila/5.0 (Linux; Android 7.0; SM-G892A Bulid/NRD90M; wv) AppleWebKit/537.36 (KHTML, like Gecko) Version/4.0 Chrome/60.0.3112.107 Moblie Safari/537.36"
54.254.137.198 - - [04/Apr/2025:16:29:58 -0400] "GET /wp-admin/network/index.php HTTP/1.1" 302 0 "-" "Mozlila/5.0 (Linux; Android 7.0; SM-G892A Bulid/NRD90M; wv) AppleWebKit/537.36 (KHTML, like Gecko) Version/4.0 Chrome/60.0.3112.107 Moblie Safari/537.36"
54.254.137.198 - - [04/Apr/2025:16:30:14 -0400] "GET /wp-includes/IXR/index.php HTTP/1.1" 301 0 "-" "Mozlila/5.0 (Linux; Android 7.0; SM-G892A Bulid/NRD90M; wv) AppleWebKit/537.36 (KHTML, like Gecko) Version/4.0 Chrome/60.0.3112.107 Moblie Safari/537.36"
54.254.137.198 - - [04/Apr/2025:16:30:18 -0400] "GET /wp-includes/IXR/ HTTP/1.1" 403 1242 "-" "Mozlila/5.0 (Linux; Android 7.0; SM-G892A Bulid/NRD90M; wv) AppleWebKit/537.36 (KHTML, like Gecko) Version/4.0 Chrome/60.0.3112.107 Moblie Safari/537.36"
54.254.137.198 - - [04/Apr/2025:16:30:21 -0400] "GET /wp-admin/images/index.php HTTP/1.1" 301 0 "-" "Mozlila/5.0 (Linux; Android 7.0; SM-G892A Bulid/NRD90M; wv) AppleWebKit/537.36 (KHTML, like Gecko) Version/4.0 Chrome/60.0.3112.107 Moblie Safari/537.36"
54.254.137.198 - - [04/Apr/2025:16:30:23 -0400] "GET /wp-admin/images/ HTTP/1.1" 403 1242 "-" "Mozlila/5.0 (Linux; Android 7.0; SM-G892A Bulid/NRD90M; wv) AppleWebKit/537.36 (KHTML, like Gecko) Version/4.0 Chrome/60.0.3112.107 Moblie Safari/537.36"
54.254.137.198 - - [04/Apr/2025:16:30:25 -0400] "GET /wp-login.php HTTP/1.1" 302 0 "-" "Mozlila/5.0 (Linux; Android 7.0; SM-G892A Bulid/NRD90M; wv) AppleWebKit/537.36 (KHTML, like Gecko) Version/4.0 Chrome/60.0.3112.107 Moblie Safari/537.36"
198.54.114.83 - - [04/Apr/2025:16:30:32 -0400] "POST /wp-cron.php?doing_wp_cron=1743798631.1596300601959228515625 HTTP/1.1" 200 0 "-" "WordPress/6.7.2; https://creative-webstyle.com"
54.254.137.198 - - [04/Apr/2025:16:30:30 -0400] "GET /wp-content/plugins/admin.php HTTP/1.1" 404 15292 "-" "Mozlila/5.0 (Linux; Android 7.0; SM-G892A Bulid/NRD90M; wv) AppleWebKit/537.36 (KHTML, like Gecko) Version/4.0 Chrome/60.0.3112.107 Moblie Safari/537.36"
54.254.137.198 - - [04/Apr/2025:16:30:36 -0400] "GET /xmlrpc.php HTTP/1.1" 405 60 "-" "Mozlila/5.0 (Linux; Android 7.0; SM-G892A Bulid/NRD90M; wv) AppleWebKit/537.36 (KHTML, like Gecko) Version/4.0 Chrome/60.0.3112.107 Moblie Safari/537.36"
54.254.137.198 - - [04/Apr/2025:16:30:39 -0400] "GET /wp-admin.php HTTP/1.1" 404 15282 "-" "Mozlila/5.0 (Linux; Android 7.0; SM-G892A Bulid/NRD90M; wv) AppleWebKit/537.36 (KHTML, like Gecko) Version/4.0 Chrome/60.0.3112.107 Moblie Safari/537.36"
54.254.137.198 - - [04/Apr/2025:16:30:44 -0400] "GET /wp-content/plugins/Core-Econ/upH.php HTTP/1.1" 404 15304 "-" "Mozlila/5.0 (Linux; Android 7.0; SM-G892A Bulid/NRD90M; wv) AppleWebKit/537.36 (KHTML, like Gecko) Version/4.0 Chrome/60.0.3112.107 Moblie Safari/537.36"
54.254.137.198 - - [04/Apr/2025:16:30:48 -0400] "GET /wp-content/plugins/fix/up.php HTTP/1.1" 404 15298 "-" "Mozlila/5.0 (Linux; Android 7.0; SM-G892A Bulid/NRD90M; wv) AppleWebKit/537.36 (KHTML, like Gecko) Version/4.0 Chrome/60.0.3112.107 Moblie Safari/537.36"
54.254.137.198 - - [04/Apr/2025:16:30:53 -0400] "GET /wp-content/plugins/pwnd/pwnd.php HTTP/1.1" 404 15296 "-" "Mozlila/5.0 (Linux; Android 7.0; SM-G892A Bulid/NRD90M; wv) AppleWebKit/537.36 (KHTML, like Gecko) Version/4.0 Chrome/60.0.3112.107 Moblie Safari/537.36"
54.254.137.198 - - [04/Apr/2025:16:30:56 -0400] "GET /wp-content/plugins/shell/noimg.php HTTP/1.1" 404 15300 "-" "Mozlila/5.0 (Linux; Android 7.0; SM-G892A Bulid/NRD90M; wv) AppleWebKit/537.36 (KHTML, like Gecko) Version/4.0 Chrome/60.0.3112.107 Moblie Safari/537.36"
216.244.66.194 - - [04/Apr/2025:16:31:01 -0400] "GET /robots.txt HTTP/1.1" 304 0 "-" "Mozilla/5.0 (compatible; DotBot/1.2; +https://opensiteexplorer.org/dotbot; help@moz.com)"
54.254.137.198 - - [04/Apr/2025:16:31:00 -0400] "GET /WSOEnigma.php HTTP/1.1" 404 15291 "-" "Mozlila/5.0 (Linux; Android 7.0; SM-G892A Bulid/NRD90M; wv) AppleWebKit/537.36 (KHTML, like Gecko) Version/4.0 Chrome/60.0.3112.107 Moblie Safari/537.36"
54.254.137.198 - - [04/Apr/2025:16:31:02 -0400] "GET /wp-content/plugins/pwnd-1/pwnd.php HTTP/1.1" 404 15297 "-" "Mozlila/5.0 (Linux; Android 7.0; SM-G892A Bulid/NRD90M; wv) AppleWebKit/537.36 (KHTML, like Gecko) Version/4.0 Chrome/60.0.3112.107 Moblie Safari/537.36"
54.254.137.198 - - [04/Apr/2025:16:31:06 -0400] "GET /wp-content/plugins/dummyyummy/wp-signup.php HTTP/1.1" 404 15307 "-" "Mozlila/5.0 (Linux; Android 7.0; SM-G892A Bulid/NRD90M; wv) AppleWebKit/537.36 (KHTML, like Gecko) Version/4.0 Chrome/60.0.3112.107 Moblie Safari/537.36"
54.254.137.198 - - [04/Apr/2025:16:31:09 -0400] "GET /wp-content/plugins/clara/clara.php HTTP/1.1" 404 15298 "-" "Mozlila/5.0 (Linux; Android 7.0; SM-G892A Bulid/NRD90M; wv) AppleWebKit/537.36 (KHTML, like Gecko) Version/4.0 Chrome/60.0.3112.107 Moblie Safari/537.36"
54.254.137.198 - - [04/Apr/2025:16:39:01 -0400] "GET /plugins/function.php HTTP/1.1" 404 15293 "-" "Mozlila/5.0 (Linux; Android 7.0; SM-G892A Bulid/NRD90M; wv) AppleWebKit/537.36 (KHTML, like Gecko) Version/4.0 Chrome/60.0.3112.107 Moblie Safari/537.36"
54.254.137.198 - - [04/Apr/2025:16:39:02 -0400] "GET /file/function.php HTTP/1.1" 404 15290 "-" "Mozlila/5.0 (Linux; Android 7.0; SM-G892A Bulid/NRD90M; wv) AppleWebKit/537.36 (KHTML, like Gecko) Version/4.0 Chrome/60.0.3112.107 Moblie Safari/537.36"
54.254.137.198 - - [04/Apr/2025:16:39:06 -0400] "GET /as/function HTTP/1.1" 404 15288 "-" "Mozlila/5.0 (Linux; Android 7.0; SM-G892A Bulid/NRD90M; wv) AppleWebKit/537.36 (KHTML, like Gecko) Version/4.0 Chrome/60.0.3112.107 Moblie Safari/537.36"
54.254.137.198 - - [04/Apr/2025:16:39:10 -0400] "GET /mah/function.php HTTP/1.1" 404 15290 "-" "Mozlila/5.0 (Linux; Android 7.0; SM-G892A Bulid/NRD90M; wv) AppleWebKit/537.36 (KHTML, like Gecko) Version/4.0 Chrome/60.0.3112.107 Moblie Safari/537.36"
54.254.137.198 - - [04/Apr/2025:16:39:15 -0400] "GET /admin/function.php HTTP/1.1" 404 15289 "-" "Mozlila/5.0 (Linux; Android 7.0; SM-G892A Bulid/NRD90M; wv) AppleWebKit/537.36 (KHTML, like Gecko) Version/4.0 Chrome/60.0.3112.107 Moblie Safari/537.36"
54.254.137.198 - - [04/Apr/2025:16:39:17 -0400] "GET /doc/function.php HTTP/1.1" 404 15291 "-" "Mozlila/5.0 (Linux; Android 7.0; SM-G892A Bulid/NRD90M; wv) AppleWebKit/537.36 (KHTML, like Gecko) Version/4.0 Chrome/60.0.3112.107 Moblie Safari/537.36"
54.254.137.198 - - [04/Apr/2025:16:39:21 -0400] "GET /about/function.php HTTP/1.1" 404 15291 "-" "Mozlila/5.0 (Linux; Android 7.0; SM-G892A Bulid/NRD90M; wv) AppleWebKit/537.36 (KHTML, like Gecko) Version/4.0 Chrome/60.0.3112.107 Moblie Safari/537.36"
54.254.137.198 - - [04/Apr/2025:16:39:25 -0400] "GET /index/function.php HTTP/1.1" 404 15291 "-" "Mozlila/5.0 (Linux; Android 7.0; SM-G892A Bulid/NRD90M; wv) AppleWebKit/537.36 (KHTML, like Gecko) Version/4.0 Chrome/60.0.3112.107 Moblie Safari/537.36"
188.130.221.179 - - [04/Apr/2025:16:39:55 -0400] "GET /hvac-systems-and-mold/ HTTP/1.1" 200 24056 "http://creative-webstyle.com/hvac-systems-and-mold/" "Mozilla/5.0 (Windows NT 10.0; Win64; x64) AppleWebKit/537.36 (KHTML, like Gecko) Chrome/130.0.0.0 Safari/537.36 CCleaner/130.0.0.0"
188.130.221.179 - - [04/Apr/2025:16:40:56 -0400] "GET /hvac-systems-and-mold/ HTTP/1.1" 200 24056 "http://creative-webstyle.com/hvac-systems-and-mold/" "Mozilla/5.0 (Windows NT 10.0; Win64; x64) AppleWebKit/537.36 (KHTML, like Gecko) Chrome/130.0.0.0 Safari/537.36 CCleaner/130.0.0.0"
198.54.114.83 - - [04/Apr/2025:16:43:34 -0400] "POST /wp-cron.php?doing_wp_cron=1743799413.8620929718017578125000 HTTP/1.1" 200 0 "-" "WordPress/6.7.2; https://creative-webstyle.com"
216.244.66.194 - - [04/Apr/2025:16:43:26 -0400] "GET /pc-builder-website/ HTTP/1.1" 200 0 "-" "Mozilla/5.0 (compatible; DotBot/1.2; +https://opensiteexplorer.org/dotbot; help@moz.com)"
198.54.114.83 - - [04/Apr/2025:16:46:43 -0400] "POST /wp-cron.php?doing_wp_cron=1743799601.2152299880981445312500 HTTP/1.1" 200 0 "-" "WordPress/6.7.2; https://creative-webstyle.com"
216.244.66.194 - - [04/Apr/2025:16:46:36 -0400] "GET /choosing-the-right-size-the-significance-of-a-proper-3-8-lag-bolt-pilot-hole/ HTTP/1.1" 200 22648 "-" "Mozilla/5.0 (compatible; DotBot/1.2; +https://opensiteexplorer.org/dotbot; help@moz.com)"
198.235.24.222 - - [04/Apr/2025:16:47:19 -0400] "GET / HTTP/1.1" 200 98430 "-" "Expanse, a Palo Alto Networks company, searches across the global IPv4 space multiple times per day to identify customers' presences on the Internet. If you would like to be excluded from our scans, please send IP addresses/domains to: scaninfo@paloaltonetworks.com"
216.244.66.194 - - [04/Apr/2025:16:54:31 -0400] "GET /ivf-clinics-in-sharjah/feed/ HTTP/1.1" 200 428 "-" "Mozilla/5.0 (compatible; DotBot/1.2; +https://opensiteexplorer.org/dotbot; help@moz.com)"
216.244.66.194 - - [04/Apr/2025:16:55:18 -0400] "GET /the-importance-of-a-fire-pump-in-a-sprinkler-system/feed/ HTTP/1.1" 200 458 "-" "Mozilla/5.0 (compatible; DotBot/1.2; +https://opensiteexplorer.org/dotbot; help@moz.com)"
216.244.66.194 - - [04/Apr/2025:16:56:37 -0400] "GET /category/activity/page/103/ HTTP/1.1" 200 20465 "-" "Mozilla/5.0 (compatible; DotBot/1.2; +https://opensiteexplorer.org/dotbot; help@moz.com)"
198.54.114.83 - - [04/Apr/2025:16:56:45 -0400] "POST /wp-cron.php?doing_wp_cron=1743800201.9537169933319091796875 HTTP/1.1" 200 0 "-" "WordPress/6.7.2; https://creative-webstyle.com"
212.102.39.211 - - [04/Apr/2025:16:59:06 -0400] "GET /michael-kors-bags-a-vision-of-sophistication-and-glitz/ HTTP/1.1" 200 23121 "http://creative-webstyle.com/michael-kors-bags-a-vision-of-sophistication-and-glitz/" "Mozilla/5.0 (Windows NT 10.0; Win64; x64) AppleWebKit/537.36 (KHTML, like Gecko) Chrome/130.0.0.0 Safari/537.36"
198.54.114.83 - - [04/Apr/2025:16:59:18 -0400] "POST /wp-cron.php?doing_wp_cron=1743800356.8733360767364501953125 HTTP/1.1" 200 0 "-" "WordPress/6.7.2; https://creative-webstyle.com"
198.54.114.83 - - [04/Apr/2025:16:59:22 -0400] "POST /wp-cron.php?doing_wp_cron=1743800362.5386269092559814453125 HTTP/1.1" 200 0 "-" "WordPress/6.7.2; https://creative-webstyle.com"
61.130.144.178 - - [04/Apr/2025:16:59:14 -0400] "GET /zb_system/login.php HTTP/1.1" 200 0 "http://creative-webstyle.com/zb_system/login.php" "Mozilla/4.0 (compatible; MSIE 9.0; Windows NT 6.1)"
212.102.39.211 - - [04/Apr/2025:16:59:10 -0400] "POST /wp-comments-post.php HTTP/1.1" 302 0 "http://creative-webstyle.com/michael-kors-bags-a-vision-of-sophistication-and-glitz/" "Mozilla/5.0 (Windows NT 10.0; Win64; x64) AppleWebKit/537.36 (KHTML, like Gecko) Chrome/130.0.0.0 Safari/537.36"
54.254.137.198 - - [04/Apr/2025:17:01:24 -0400] "GET /wp-includes/ID3/index.php HTTP/1.1" 301 0 "-" "Mozlila/5.0 (Linux; Android 7.0; SM-G892A Bulid/NRD90M; wv) AppleWebKit/537.36 (KHTML, like Gecko) Version/4.0 Chrome/60.0.3112.107 Moblie Safari/537.36"
54.254.137.198 - - [04/Apr/2025:17:01:27 -0400] "GET /wp-includes/ID3/ HTTP/1.1" 403 1242 "-" "Mozlila/5.0 (Linux; Android 7.0; SM-G892A Bulid/NRD90M; wv) AppleWebKit/537.36 (KHTML, like Gecko) Version/4.0 Chrome/60.0.3112.107 Moblie Safari/537.36"
54.254.137.198 - - [04/Apr/2025:17:01:29 -0400] "GET /wp-content/plugins/index.php HTTP/1.1" 200 0 "-" "Mozlila/5.0 (Linux; Android 7.0; SM-G892A Bulid/NRD90M; wv) AppleWebKit/537.36 (KHTML, like Gecko) Version/4.0 Chrome/60.0.3112.107 Moblie Safari/537.36"
54.254.137.198 - - [04/Apr/2025:17:01:32 -0400] "GET /wp-admin/network/index.php HTTP/1.1" 302 0 "-" "Mozlila/5.0 (Linux; Android 7.0; SM-G892A Bulid/NRD90M; wv) AppleWebKit/537.36 (KHTML, like Gecko) Version/4.0 Chrome/60.0.3112.107 Moblie Safari/537.36"
198.54.114.83 - - [04/Apr/2025:17:01:40 -0400] "POST /wp-cron.php?doing_wp_cron=1743800498.5379939079284667968750 HTTP/1.1" 200 0 "-" "WordPress/6.7.2; https://creative-webstyle.com"
54.254.137.198 - - [04/Apr/2025:17:01:46 -0400] "GET /wp-includes/IXR/index.php HTTP/1.1" 301 0 "-" "Mozlila/5.0 (Linux; Android 7.0; SM-G892A Bulid/NRD90M; wv) AppleWebKit/537.36 (KHTML, like Gecko) Version/4.0 Chrome/60.0.3112.107 Moblie Safari/537.36"
54.254.137.198 - - [04/Apr/2025:17:01:47 -0400] "GET /wp-includes/IXR/ HTTP/1.1" 403 1242 "-" "Mozlila/5.0 (Linux; Android 7.0; SM-G892A Bulid/NRD90M; wv) AppleWebKit/537.36 (KHTML, like Gecko) Version/4.0 Chrome/60.0.3112.107 Moblie Safari/537.36"
54.254.137.198 - - [04/Apr/2025:17:01:48 -0400] "GET /wp-admin/images/index.php HTTP/1.1" 301 0 "-" "Mozlila/5.0 (Linux; Android 7.0; SM-G892A Bulid/NRD90M; wv) AppleWebKit/537.36 (KHTML, like Gecko) Version/4.0 Chrome/60.0.3112.107 Moblie Safari/537.36"
54.254.137.198 - - [04/Apr/2025:17:01:49 -0400] "GET /wp-admin/images/ HTTP/1.1" 403 1242 "-" "Mozlila/5.0 (Linux; Android 7.0; SM-G892A Bulid/NRD90M; wv) AppleWebKit/537.36 (KHTML, like Gecko) Version/4.0 Chrome/60.0.3112.107 Moblie Safari/537.36"
54.254.137.198 - - [04/Apr/2025:17:01:50 -0400] "GET /wp-login.php HTTP/1.1" 302 0 "-" "Mozlila/5.0 (Linux; Android 7.0; SM-G892A Bulid/NRD90M; wv) AppleWebKit/537.36 (KHTML, like Gecko) Version/4.0 Chrome/60.0.3112.107 Moblie Safari/537.36"
54.254.137.198 - - [04/Apr/2025:17:01:56 -0400] "GET /wp-content/plugins/admin.php HTTP/1.1" 404 15292 "-" "Mozlila/5.0 (Linux; Android 7.0; SM-G892A Bulid/NRD90M; wv) AppleWebKit/537.36 (KHTML, like Gecko) Version/4.0 Chrome/60.0.3112.107 Moblie Safari/537.36"
54.254.137.198 - - [04/Apr/2025:17:01:59 -0400] "GET /xmlrpc.php HTTP/1.1" 405 60 "-" "Mozlila/5.0 (Linux; Android 7.0; SM-G892A Bulid/NRD90M; wv) AppleWebKit/537.36 (KHTML, like Gecko) Version/4.0 Chrome/60.0.3112.107 Moblie Safari/537.36"
54.254.137.198 - - [04/Apr/2025:17:02:00 -0400] "GET /wp-admin.php HTTP/1.1" 404 15282 "-" "Mozlila/5.0 (Linux; Android 7.0; SM-G892A Bulid/NRD90M; wv) AppleWebKit/537.36 (KHTML, like Gecko) Version/4.0 Chrome/60.0.3112.107 Moblie Safari/537.36"
54.254.137.198 - - [04/Apr/2025:17:02:01 -0400] "GET /wp-content/plugins/Core-Econ/upH.php HTTP/1.1" 404 15304 "-" "Mozlila/5.0 (Linux; Android 7.0; SM-G892A Bulid/NRD90M; wv) AppleWebKit/537.36 (KHTML, like Gecko) Version/4.0 Chrome/60.0.3112.107 Moblie Safari/537.36"
54.254.137.198 - - [04/Apr/2025:17:02:03 -0400] "GET /wp-content/plugins/fix/up.php HTTP/1.1" 404 15298 "-" "Mozlila/5.0 (Linux; Android 7.0; SM-G892A Bulid/NRD90M; wv) AppleWebKit/537.36 (KHTML, like Gecko) Version/4.0 Chrome/60.0.3112.107 Moblie Safari/537.36"
54.254.137.198 - - [04/Apr/2025:17:02:04 -0400] "GET /wp-content/plugins/pwnd/pwnd.php HTTP/1.1" 404 15296 "-" "Mozlila/5.0 (Linux; Android 7.0; SM-G892A Bulid/NRD90M; wv) AppleWebKit/537.36 (KHTML, like Gecko) Version/4.0 Chrome/60.0.3112.107 Moblie Safari/537.36"
54.254.137.198 - - [04/Apr/2025:17:02:07 -0400] "GET /wp-content/plugins/shell/noimg.php HTTP/1.1" 404 15300 "-" "Mozlila/5.0 (Linux; Android 7.0; SM-G892A Bulid/NRD90M; wv) AppleWebKit/537.36 (KHTML, like Gecko) Version/4.0 Chrome/60.0.3112.107 Moblie Safari/537.36"
54.254.137.198 - - [04/Apr/2025:17:02:08 -0400] "GET /WSOEnigma.php HTTP/1.1" 404 15291 "-" "Mozlila/5.0 (Linux; Android 7.0; SM-G892A Bulid/NRD90M; wv) AppleWebKit/537.36 (KHTML, like Gecko) Version/4.0 Chrome/60.0.3112.107 Moblie Safari/537.36"
54.254.137.198 - - [04/Apr/2025:17:02:09 -0400] "GET /wp-content/plugins/pwnd-1/pwnd.php HTTP/1.1" 404 15297 "-" "Mozlila/5.0 (Linux; Android 7.0; SM-G892A Bulid/NRD90M; wv) AppleWebKit/537.36 (KHTML, like Gecko) Version/4.0 Chrome/60.0.3112.107 Moblie Safari/537.36"
54.254.137.198 - - [04/Apr/2025:17:02:10 -0400] "GET /wp-content/plugins/dummyyummy/wp-signup.php HTTP/1.1" 404 15307 "-" "Mozlila/5.0 (Linux; Android 7.0; SM-G892A Bulid/NRD90M; wv) AppleWebKit/537.36 (KHTML, like Gecko) Version/4.0 Chrome/60.0.3112.107 Moblie Safari/537.36"
54.254.137.198 - - [04/Apr/2025:17:02:11 -0400] "GET /wp-content/plugins/clara/clara.php HTTP/1.1" 404 15298 "-" "Mozlila/5.0 (Linux; Android 7.0; SM-G892A Bulid/NRD90M; wv) AppleWebKit/537.36 (KHTML, like Gecko) Version/4.0 Chrome/60.0.3112.107 Moblie Safari/537.36"
161.35.15.162 - - [04/Apr/2025:17:03:42 -0400] "GET /wp-includes/ID3/index.php HTTP/1.1" 301 0 "-" "Mozlila/5.0 (Linux; Android 7.0; SM-G892A Bulid/NRD90M; wv) AppleWebKit/537.36 (KHTML, like Gecko) Version/4.0 Chrome/60.0.3112.107 Moblie Safari/537.36"
161.35.15.162 - - [04/Apr/2025:17:03:44 -0400] "GET /wp-includes/ID3/ HTTP/1.1" 403 1242 "-" "Mozlila/5.0 (Linux; Android 7.0; SM-G892A Bulid/NRD90M; wv) AppleWebKit/537.36 (KHTML, like Gecko) Version/4.0 Chrome/60.0.3112.107 Moblie Safari/537.36"
161.35.15.162 - - [04/Apr/2025:17:03:50 -0400] "GET /wp-content/plugins/index.php HTTP/1.1" 200 0 "-" "Mozlila/5.0 (Linux; Android 7.0; SM-G892A Bulid/NRD90M; wv) AppleWebKit/537.36 (KHTML, like Gecko) Version/4.0 Chrome/60.0.3112.107 Moblie Safari/537.36"
161.35.15.162 - - [04/Apr/2025:17:04:03 -0400] "GET /wp-admin/network/index.php HTTP/1.1" 302 0 "-" "Mozlila/5.0 (Linux; Android 7.0; SM-G892A Bulid/NRD90M; wv) AppleWebKit/537.36 (KHTML, like Gecko) Version/4.0 Chrome/60.0.3112.107 Moblie Safari/537.36"
198.54.114.83 - - [04/Apr/2025:17:04:06 -0400] "POST /wp-cron.php?doing_wp_cron=1743800644.1751799583435058593750 HTTP/1.1" 200 0 "-" "WordPress/6.7.2; https://creative-webstyle.com"
161.35.15.162 - - [04/Apr/2025:17:04:14 -0400] "GET /wp-includes/IXR/index.php HTTP/1.1" 301 0 "-" "Mozlila/5.0 (Linux; Android 7.0; SM-G892A Bulid/NRD90M; wv) AppleWebKit/537.36 (KHTML, like Gecko) Version/4.0 Chrome/60.0.3112.107 Moblie Safari/537.36"
161.35.15.162 - - [04/Apr/2025:17:04:14 -0400] "GET /wp-includes/IXR/ HTTP/1.1" 403 1242 "-" "Mozlila/5.0 (Linux; Android 7.0; SM-G892A Bulid/NRD90M; wv) AppleWebKit/537.36 (KHTML, like Gecko) Version/4.0 Chrome/60.0.3112.107 Moblie Safari/537.36"
161.35.15.162 - - [04/Apr/2025:17:04:19 -0400] "GET /wp-admin/images/index.php HTTP/1.1" 301 0 "-" "Mozlila/5.0 (Linux; Android 7.0; SM-G892A Bulid/NRD90M; wv) AppleWebKit/537.36 (KHTML, like Gecko) Version/4.0 Chrome/60.0.3112.107 Moblie Safari/537.36"
161.35.15.162 - - [04/Apr/2025:17:04:21 -0400] "GET /wp-admin/images/ HTTP/1.1" 403 1242 "-" "Mozlila/5.0 (Linux; Android 7.0; SM-G892A Bulid/NRD90M; wv) AppleWebKit/537.36 (KHTML, like Gecko) Version/4.0 Chrome/60.0.3112.107 Moblie Safari/537.36"
161.35.15.162 - - [04/Apr/2025:17:04:22 -0400] "GET /wp-login.php HTTP/1.1" 302 0 "-" "Mozlila/5.0 (Linux; Android 7.0; SM-G892A Bulid/NRD90M; wv) AppleWebKit/537.36 (KHTML, like Gecko) Version/4.0 Chrome/60.0.3112.107 Moblie Safari/537.36"
161.35.15.162 - - [04/Apr/2025:17:04:34 -0400] "GET /wp-content/plugins/admin.php HTTP/1.1" 404 15292 "-" "Mozlila/5.0 (Linux; Android 7.0; SM-G892A Bulid/NRD90M; wv) AppleWebKit/537.36 (KHTML, like Gecko) Version/4.0 Chrome/60.0.3112.107 Moblie Safari/537.36"
161.35.15.162 - - [04/Apr/2025:17:04:39 -0400] "GET /xmlrpc.php HTTP/1.1" 405 60 "-" "Mozlila/5.0 (Linux; Android 7.0; SM-G892A Bulid/NRD90M; wv) AppleWebKit/537.36 (KHTML, like Gecko) Version/4.0 Chrome/60.0.3112.107 Moblie Safari/537.36"
161.35.15.162 - - [04/Apr/2025:17:04:42 -0400] "GET /wp-admin.php HTTP/1.1" 404 15282 "-" "Mozlila/5.0 (Linux; Android 7.0; SM-G892A Bulid/NRD90M; wv) AppleWebKit/537.36 (KHTML, like Gecko) Version/4.0 Chrome/60.0.3112.107 Moblie Safari/537.36"
161.35.15.162 - - [04/Apr/2025:17:04:53 -0400] "GET /wp-content/plugins/Core-Econ/upH.php HTTP/1.1" 404 15304 "-" "Mozlila/5.0 (Linux; Android 7.0; SM-G892A Bulid/NRD90M; wv) AppleWebKit/537.36 (KHTML, like Gecko) Version/4.0 Chrome/60.0.3112.107 Moblie Safari/537.36"
161.35.15.162 - - [04/Apr/2025:17:05:10 -0400] "GET /wp-content/plugins/fix/up.php HTTP/1.1" 404 15298 "-" "Mozlila/5.0 (Linux; Android 7.0; SM-G892A Bulid/NRD90M; wv) AppleWebKit/537.36 (KHTML, like Gecko) Version/4.0 Chrome/60.0.3112.107 Moblie Safari/537.36"
161.35.15.162 - - [04/Apr/2025:17:05:23 -0400] "GET /wp-content/plugins/pwnd/pwnd.php HTTP/1.1" 404 15296 "-" "Mozlila/5.0 (Linux; Android 7.0; SM-G892A Bulid/NRD90M; wv) AppleWebKit/537.36 (KHTML, like Gecko) Version/4.0 Chrome/60.0.3112.107 Moblie Safari/537.36"
161.35.15.162 - - [04/Apr/2025:17:05:32 -0400] "GET /wp-content/plugins/shell/noimg.php HTTP/1.1" 404 15300 "-" "Mozlila/5.0 (Linux; Android 7.0; SM-G892A Bulid/NRD90M; wv) AppleWebKit/537.36 (KHTML, like Gecko) Version/4.0 Chrome/60.0.3112.107 Moblie Safari/537.36"
161.35.15.162 - - [04/Apr/2025:17:05:38 -0400] "GET /WSOEnigma.php HTTP/1.1" 404 15291 "-" "Mozlila/5.0 (Linux; Android 7.0; SM-G892A Bulid/NRD90M; wv) AppleWebKit/537.36 (KHTML, like Gecko) Version/4.0 Chrome/60.0.3112.107 Moblie Safari/537.36"
161.35.15.162 - - [04/Apr/2025:17:05:45 -0400] "GET /wp-content/plugins/pwnd-1/pwnd.php HTTP/1.1" 404 15297 "-" "Mozlila/5.0 (Linux; Android 7.0; SM-G892A Bulid/NRD90M; wv) AppleWebKit/537.36 (KHTML, like Gecko) Version/4.0 Chrome/60.0.3112.107 Moblie Safari/537.36"
161.35.15.162 - - [04/Apr/2025:17:05:57 -0400] "GET /wp-content/plugins/dummyyummy/wp-signup.php HTTP/1.1" 404 15307 "-" "Mozlila/5.0 (Linux; Android 7.0; SM-G892A Bulid/NRD90M; wv) AppleWebKit/537.36 (KHTML, like Gecko) Version/4.0 Chrome/60.0.3112.107 Moblie Safari/537.36"
161.35.15.162 - - [04/Apr/2025:17:06:08 -0400] "GET /wp-content/plugins/clara/clara.php HTTP/1.1" 404 15298 "-" "Mozlila/5.0 (Linux; Android 7.0; SM-G892A Bulid/NRD90M; wv) AppleWebKit/537.36 (KHTML, like Gecko) Version/4.0 Chrome/60.0.3112.107 Moblie Safari/537.36"
43.134.226.64 - - [04/Apr/2025:17:15:00 -0400] "GET //wp-content/plugins/fix/up.php HTTP/1.1" 301 0 "-" "Mozilla/5.0 (Windows NT 10.0; Win64; x64) AppleWebKit/537.36 (KHTML, like Gecko) Chrome/85.0.4183.102 Safari/537.36"
43.134.226.64 - - [04/Apr/2025:17:15:05 -0400] "GET /wp-content/plugins/fix/up.php HTTP/1.1" 404 0 "-" "Mozilla/5.0 (Windows NT 10.0; Win64; x64) AppleWebKit/537.36 (KHTML, like Gecko) Chrome/85.0.4183.102 Safari/537.36"
216.244.66.194 - - [04/Apr/2025:17:16:32 -0400] "GET /robots.txt HTTP/1.1" 304 0 "-" "Mozilla/5.0 (compatible; DotBot/1.2; +https://opensiteexplorer.org/dotbot; help@moz.com)"
216.244.66.194 - - [04/Apr/2025:17:26:42 -0400] "GET /elegant-living-at-lentoria-condo/ HTTP/1.1" 200 22443 "-" "Mozilla/5.0 (compatible; DotBot/1.2; +https://opensiteexplorer.org/dotbot; help@moz.com)"
198.54.114.83 - - [04/Apr/2025:17:37:18 -0400] "POST /wp-cron.php?doing_wp_cron=1743802636.9521689414978027343750 HTTP/1.1" 200 0 "-" "WordPress/6.7.2; https://creative-webstyle.com"
216.244.66.194 - - [04/Apr/2025:17:37:16 -0400] "GET /page/81/ HTTP/1.1" 200 20122 "-" "Mozilla/5.0 (compatible; DotBot/1.2; +https://opensiteexplorer.org/dotbot; help@moz.com)"
195.47.238.177 - - [04/Apr/2025:17:42:39 -0400] "GET / HTTP/1.1" 200 98430 "http://creative-webstyle.com" "Mozilla/5.0 (Windows NT 6.3; Win64; x64) AppleWebKit/537.36 (KHTML, like Gecko) Chrome/86.0.4240.183 Safari/537.36"
198.54.114.83 - - [04/Apr/2025:17:46:00 -0400] "POST /wp-cron.php?doing_wp_cron=1743803158.3834140300750732421875 HTTP/1.1" 200 0 "-" "WordPress/6.7.2; https://creative-webstyle.com"
216.244.66.194 - - [04/Apr/2025:17:45:54 -0400] "GET /category/activity/page/13/ HTTP/1.1" 200 20643 "-" "Mozilla/5.0 (compatible; DotBot/1.2; +https://opensiteexplorer.org/dotbot; help@moz.com)"
124.226.222.66 - - [04/Apr/2025:17:55:32 -0400] "GET / HTTP/1.1" 200 98430 "-" "Mozilla/5.0 (iPhone; CPU iPhone OS 13_2_3 like Mac OS X) AppleWebKit/605.1.15 (KHTML, like Gecko) Version/13.0.3 Mobile/15E148 Safari/604.1"
5.9.16.92 - - [04/Apr/2025:18:00:25 -0400] "GET /hvac-systems-and-mold/ HTTP/1.1" 200 24056 "http://creative-webstyle.com/hvac-systems-and-mold/" "Mozilla/5.0 (Windows NT 10.0; Win64; x64) AppleWebKit/537.36 (KHTML, like Gecko) Chrome/131.0.0.0 Safari/537.36"
5.9.16.92 - - [04/Apr/2025:18:00:28 -0400] "POST /wp-comments-post.php HTTP/1.1" 302 0 "http://creative-webstyle.com/hvac-systems-and-mold/" "Mozilla/5.0 (Windows NT 10.0; Win64; x64) AppleWebKit/537.36 (KHTML, like Gecko) Chrome/131.0.0.0 Safari/537.36"
49.51.38.193 - - [04/Apr/2025:18:09:23 -0400] "GET / HTTP/1.1" 200 98430 "-" "Mozilla/5.0 (iPhone; CPU iPhone OS 13_2_3 like Mac OS X) AppleWebKit/605.1.15 (KHTML, like Gecko) Version/13.0.3 Mobile/15E148 Safari/604.1"
198.54.114.83 - - [04/Apr/2025:18:09:44 -0400] "POST /wp-cron.php?doing_wp_cron=1743804582.8210890293121337890625 HTTP/1.1" 200 0 "-" "WordPress/6.7.2; https://creative-webstyle.com"
151.106.162.30 - - [04/Apr/2025:18:09:41 -0400] "GET /category/%E5%BE%92%E7%84%B6%E6%97%A5%E8%A8%988/img/logo.png HTTP/1.1" 301 0 "-" "Mozilla/5.0 (X11; Ubuntu; Linux x86_64; rv:72.0) Gecko/20100101 Firefox/72.0"
151.106.162.30 - - [04/Apr/2025:18:09:45 -0400] "GET /category/%E5%BE%92%E7%84%B6%E6%97%A5%E8%A8%988/img/logo.png HTTP/1.1" 404 15333 "-" "Mozilla/5.0 (X11; Ubuntu; Linux x86_64; rv:72.0) Gecko/20100101 Firefox/72.0"
151.106.162.30 - - [04/Apr/2025:18:09:49 -0400] "GET /category/%E5%BE%92%E7%84%B6%E6%97%A5%E8%A8%988/img/logo.png HTTP/1.1" 301 0 "-" "Mozilla/5.0 (X11; Ubuntu; Linux x86_64; rv:72.0) Gecko/20100101 Firefox/72.0"
151.106.162.30 - - [04/Apr/2025:18:09:50 -0400] "GET /category/%E5%BE%92%E7%84%B6%E6%97%A5%E8%A8%988/img/logo.png HTTP/1.1" 404 15333 "-" "Mozilla/5.0 (X11; Ubuntu; Linux x86_64; rv:72.0) Gecko/20100101 Firefox/72.0"
90.168.61.244 - - [04/Apr/2025:18:15:46 -0400] "GET /hvac-systems-and-mold/ HTTP/1.1" 200 24056 "http://creative-webstyle.com/hvac-systems-and-mold/" "Mozilla/5.0 (Windows NT 10.0; Win64; x64) AppleWebKit/537.36 (KHTML, like Gecko) Chrome/130.0.0.0 Safari/537.36 CCleaner/130.0.0.0"
192.42.116.203 - - [04/Apr/2025:18:46:00 -0400] "GET / HTTP/1.1" 200 98430 "creative-webstyle.com" "Mozilla/5.0 (Windows NT 6.3; Win64; x64) AppleWebKit/537.36 (KHTML, like Gecko) Chrome/48.0.2564.103 Safari/537.36"
185.220.100.242 - - [04/Apr/2025:18:46:41 -0400] "GET / HTTP/1.1" 200 98430 "http://creative-webstyle.com" "Mozilla/5.0 (Windows NT 6.3; Win64; x64) AppleWebKit/537.36 (KHTML, like Gecko) Chrome/48.0.2564.103 Safari/537.36"
35.195.171.208 - - [04/Apr/2025:18:58:15 -0400] "GET / HTTP/1.1" 200 98430 "-" "Mozilla/5.0 (Windows NT 10.0; Win64; x64) AppleWebKit/537.36 (KHTML, like Gecko) Chrome/84.0.4147.105 Safari/537.36"
198.54.114.83 - - [04/Apr/2025:19:00:52 -0400] "POST /wp-cron.php?doing_wp_cron=1743807649.1145749092102050781250 HTTP/1.1" 200 0 "-" "WordPress/6.7.2; https://creative-webstyle.com"
13.90.59.7 - - [04/Apr/2025:19:00:32 -0400] "GET /lv.php HTTP/1.1" 404 15283 "-" "-"
13.90.59.7 - - [04/Apr/2025:19:00:56 -0400] "GET /wp-content/plugins/pwnd/pwnd.php HTTP/1.1" 404 15296 "-" "-"
13.90.59.7 - - [04/Apr/2025:19:01:04 -0400] "GET /wp-content/plugins/pwnd-1/pwnd.php HTTP/1.1" 404 15298 "-" "-"
13.90.59.7 - - [04/Apr/2025:19:01:10 -0400] "GET /wp-includes/Requests/about.php HTTP/1.1" 404 15297 "-" "-"
13.90.59.7 - - [04/Apr/2025:19:01:15 -0400] "GET /wp-includes/style-engine/about.php HTTP/1.1" 404 15297 "-" "-"
13.90.59.7 - - [04/Apr/2025:19:01:16 -0400] "GET /wp-includes/rest-api/about.php HTTP/1.1" 404 15295 "-" "-"
13.90.59.7 - - [04/Apr/2025:19:01:21 -0400] "GET /wp-includes/SimplePie/about.php HTTP/1.1" 404 15296 "-" "-"
13.90.59.7 - - [04/Apr/2025:19:01:24 -0400] "GET /wp-content/banners/about.php HTTP/1.1" 404 15295 "-" "-"
13.90.59.7 - - [04/Apr/2025:19:01:27 -0400] "GET /wp-content/about.php HTTP/1.1" 404 15287 "-" "-"
13.90.59.7 - - [04/Apr/2025:19:01:30 -0400] "GET /.well-known/about.php HTTP/1.1" 404 15294 "-" "-"
13.90.59.7 - - [04/Apr/2025:19:01:35 -0400] "GET /wp-includes/Text/about.php HTTP/1.1" 404 15292 "-" "-"
13.90.59.7 - - [04/Apr/2025:19:01:36 -0400] "GET /wp-includes/ID3/about.php HTTP/1.1" 404 15293 "-" "-"
13.90.59.7 - - [04/Apr/2025:19:01:41 -0400] "GET /img/about.php HTTP/1.1" 404 15286 "-" "-"
198.54.114.83 - - [04/Apr/2025:19:01:50 -0400] "POST /wp-cron.php?doing_wp_cron=1743807710.0520079135894775390625 HTTP/1.1" 200 0 "-" "WordPress/6.7.2; https://creative-webstyle.com"
13.90.59.7 - - [04/Apr/2025:19:01:47 -0400] "GET /wp-content/languages/about.php HTTP/1.1" 404 15296 "-" "-"
13.90.59.7 - - [04/Apr/2025:19:01:56 -0400] "GET /wp-includes/customize/about.php HTTP/1.1" 404 15295 "-" "-"
13.90.59.7 - - [04/Apr/2025:19:02:02 -0400] "GET /wp-includes.bak/html-api/about.php HTTP/1.1" 404 15298 "-" "-"
13.90.59.7 - - [04/Apr/2025:19:02:05 -0400] "GET /wp-includes/widgets/about.php HTTP/1.1" 404 15295 "-" "-"
13.90.59.7 - - [04/Apr/2025:19:02:11 -0400] "GET /wp-includes/IXR/about.php HTTP/1.1" 404 15294 "-" "-"
13.90.59.7 - - [04/Apr/2025:19:02:15 -0400] "GET /wp-admin/js/about.php HTTP/1.1" 404 15287 "-" "-"
89.175.12.245 - - [04/Apr/2025:19:02:20 -0400] "GET /hvac-systems-and-mold/ HTTP/1.1" 200 24056 "http://creative-webstyle.com/hvac-systems-and-mold/" "Mozilla/5.0 (Windows NT 10.0; Win64; x64) AppleWebKit/537.36 (KHTML, like Gecko) Chrome/130.0.0.0 Safari/537.36"
13.90.59.7 - - [04/Apr/2025:19:02:20 -0400] "GET /.well-known/pki-validation/about.php HTTP/1.1" 404 1251 "-" "-"
13.90.59.7 - - [04/Apr/2025:19:02:22 -0400] "GET /wp-includes/pomo/about.php HTTP/1.1" 404 15294 "-" "-"
13.90.59.7 - - [04/Apr/2025:19:02:25 -0400] "GET /wp-includes/block-patterns/about.php HTTP/1.1" 404 15300 "-" "-"
13.90.59.7 - - [04/Apr/2025:19:02:28 -0400] "GET /wp-content/updraft/about.php HTTP/1.1" 404 15295 "-" "-"
198.54.114.83 - - [04/Apr/2025:19:02:33 -0400] "POST /wp-cron.php?doing_wp_cron=1743807752.7035100460052490234375 HTTP/1.1" 200 0 "-" "WordPress/6.7.2; https://creative-webstyle.com"
13.90.59.7 - - [04/Apr/2025:19:02:32 -0400] "GET /wp-content/upgrade-temp-backup/about.php HTTP/1.1" 404 15306 "-" "-"
13.90.59.7 - - [04/Apr/2025:19:02:35 -0400] "GET /wp-content/themes/about.php HTTP/1.1" 404 15291 "-" "-"
13.90.59.7 - - [04/Apr/2025:19:02:36 -0400] "GET /wp-admin/includes/about.php HTTP/1.1" 404 15289 "-" "-"
13.90.59.7 - - [04/Apr/2025:19:02:37 -0400] "GET /images/about.php HTTP/1.1" 404 15287 "-" "-"
13.90.59.7 - - [04/Apr/2025:19:02:39 -0400] "GET /wp-content/blogs.dir/about.php HTTP/1.1" 404 15296 "-" "-"
13.90.59.7 - - [04/Apr/2025:19:02:41 -0400] "GET /wp-includes/images/about.php HTTP/1.1" 404 15291 "-" "-"
13.90.59.7 - - [04/Apr/2025:19:02:44 -0400] "GET /wp-includes/about.php HTTP/1.1" 404 15286 "-" "-"
13.90.59.7 - - [04/Apr/2025:19:02:45 -0400] "GET /cgi-bin/about.php HTTP/1.1" 404 15288 "-" "-"
13.90.59.7 - - [04/Apr/2025:19:02:47 -0400] "GET /wp-content/gallery/about.php HTTP/1.1" 404 15295 "-" "-"
13.90.59.7 - - [04/Apr/2025:19:02:49 -0400] "GET /wp-includes/blocks/about.php HTTP/1.1" 404 15292 "-" "-"
13.90.59.7 - - [04/Apr/2025:19:02:51 -0400] "GET /wp-admin/css/about.php HTTP/1.1" 404 15288 "-" "-"
13.90.59.7 - - [04/Apr/2025:19:02:54 -0400] "GET /wp-admin/images/about.php HTTP/1.1" 404 15287 "-" "-"
13.90.59.7 - - [04/Apr/2025:19:02:56 -0400] "GET /.well-known/pki-validation/cloud.php HTTP/1.1" 404 1251 "-" "-"
13.90.59.7 - - [04/Apr/2025:19:02:59 -0400] "GET /.well-known/acme-challenge/cloud.php HTTP/1.1" 404 15307 "-" "-"
13.90.59.7 - - [04/Apr/2025:19:03:01 -0400] "GET /wp-admin/network/cloud.php HTTP/1.1" 404 15293 "-" "-"
13.90.59.7 - - [04/Apr/2025:19:03:04 -0400] "GET /cloud.php HTTP/1.1" 404 15284 "-" "-"
13.90.59.7 - - [04/Apr/2025:19:03:06 -0400] "GET /cgi-bin/cloud.php HTTP/1.1" 404 15291 "-" "-"
13.90.59.7 - - [04/Apr/2025:19:03:08 -0400] "GET /wp-content/updates.php HTTP/1.1" 404 15289 "-" "-"
13.90.59.7 - - [04/Apr/2025:19:03:10 -0400] "GET /css/cloud.php HTTP/1.1" 404 15288 "-" "-"
13.90.59.7 - - [04/Apr/2025:19:03:12 -0400] "GET /wp-admin/user/cloud.php HTTP/1.1" 404 15289 "-" "-"
13.90.59.7 - - [04/Apr/2025:19:03:14 -0400] "GET /img/cloud.php HTTP/1.1" 404 15288 "-" "-"
13.90.59.7 - - [04/Apr/2025:19:03:15 -0400] "GET /wp-admin/css/colors/coffee/cloud.php HTTP/1.1" 404 15297 "-" "-"
13.90.59.7 - - [04/Apr/2025:19:03:18 -0400] "GET /wp-admin/images/cloud.php HTTP/1.1" 404 15290 "-" "-"
13.90.59.7 - - [04/Apr/2025:19:03:21 -0400] "GET /avaa.php HTTP/1.1" 404 15285 "-" "-"
13.90.59.7 - - [04/Apr/2025:19:03:23 -0400] "GET /images/cloud.php HTTP/1.1" 404 15289 "-" "-"
13.90.59.7 - - [04/Apr/2025:19:03:25 -0400] "GET /wp-admin/js/widgets/cloud.php HTTP/1.1" 404 15295 "-" "-"
13.90.59.7 - - [04/Apr/2025:19:03:27 -0400] "GET /wp-includes/Requests/Text/admin.php HTTP/1.1" 404 15300 "-" "-"
13.90.59.7 - - [04/Apr/2025:19:03:29 -0400] "GET /wp-admin/css/colors/cloud.php HTTP/1.1" 404 15293 "-" "-"
13.90.59.7 - - [04/Apr/2025:19:03:31 -0400] "GET /wp-admin/includes/cloud.php HTTP/1.1" 404 15289 "-" "-"
198.54.114.83 - - [04/Apr/2025:19:03:35 -0400] "POST /wp-cron.php?doing_wp_cron=1743807814.9480609893798828125000 HTTP/1.1" 200 0 "-" "WordPress/6.7.2; https://creative-webstyle.com"
13.90.59.7 - - [04/Apr/2025:19:03:34 -0400] "GET /wp-admin/css/colors/blue/cloud.php HTTP/1.1" 404 15297 "-" "-"
13.90.59.7 - - [04/Apr/2025:19:03:37 -0400] "GET /wp-admin/cloud.php HTTP/1.1" 404 15285 "-" "-"
13.90.59.7 - - [04/Apr/2025:19:03:40 -0400] "GET /updates.php HTTP/1.1" 404 15285 "-" "-"
13.90.59.7 - - [04/Apr/2025:19:03:42 -0400] "GET /libraries/legacy/updates.php HTTP/1.1" 404 15300 "-" "-"
13.90.59.7 - - [04/Apr/2025:19:03:44 -0400] "GET /libraries/phpmailer/updates.php HTTP/1.1" 404 15303 "-" "-"
13.90.59.7 - - [04/Apr/2025:19:03:45 -0400] "GET /libraries/vendor/updates.php HTTP/1.1" 404 15300 "-" "-"
13.90.59.7 - - [04/Apr/2025:19:03:48 -0400] "GET /alfa-rex.php7 HTTP/1.1" 404 15288 "-" "-"
198.54.114.83 - - [04/Apr/2025:19:03:51 -0400] "POST /wp-cron.php?doing_wp_cron=1743807830.7777640819549560546875 HTTP/1.1" 200 0 "-" "WordPress/6.7.2; https://creative-webstyle.com"
13.90.59.7 - - [04/Apr/2025:19:03:50 -0400] "GET /alfanew.php HTTP/1.1" 404 15288 "-" "-"
13.90.59.7 - - [04/Apr/2025:19:03:53 -0400] "GET /wp-content/plugins/Cache/Cache.php HTTP/1.1" 404 15297 "-" "-"
13.90.59.7 - - [04/Apr/2025:19:03:55 -0400] "GET /wp-admin/js/widgets/about.php7 HTTP/1.1" 404 15294 "-" "-"
13.90.59.7 - - [04/Apr/2025:19:03:57 -0400] "GET /wp-p.php7 HTTP/1.1" 404 15283 "-" "-"
13.90.59.7 - - [04/Apr/2025:19:03:59 -0400] "GET /wp-admin/repeater.php HTTP/1.1" 404 15288 "-" "-"
13.90.59.7 - - [04/Apr/2025:19:04:01 -0400] "GET /wp-includes/repeater.php HTTP/1.1" 404 15292 "-" "-"
13.90.59.7 - - [04/Apr/2025:19:04:02 -0400] "GET /wp-content/repeater.php HTTP/1.1" 404 15292 "-" "-"
13.90.59.7 - - [04/Apr/2025:19:04:04 -0400] "GET /wsoyanz.php HTTP/1.1" 404 15287 "-" "-"
13.90.59.7 - - [04/Apr/2025:19:04:07 -0400] "GET /yanz.php HTTP/1.1" 404 15285 "-" "-"
13.90.59.7 - - [04/Apr/2025:19:04:10 -0400] "GET /wp-content/plugins/seoo/wsoyanz.php HTTP/1.1" 404 15303 "-" "-"
13.90.59.7 - - [04/Apr/2025:19:04:15 -0400] "GET /wp-content/plugins/seoo/wsoyanz1.php HTTP/1.1" 404 15304 "-" "-"
13.90.59.7 - - [04/Apr/2025:19:04:17 -0400] "GET /cache-compat.php HTTP/1.1" 404 15287 "-" "-"
13.90.59.7 - - [04/Apr/2025:19:04:21 -0400] "GET /ajax-actions.php HTTP/1.1" 404 15289 "-" "-"
13.90.59.7 - - [04/Apr/2025:19:04:23 -0400] "GET /wp-admin/ajax-actions.php HTTP/1.1" 404 15287 "-" "-"
13.90.59.7 - - [04/Apr/2025:19:04:25 -0400] "GET /wp-consar.php HTTP/1.1" 404 15286 "-" "-"
13.90.59.7 - - [04/Apr/2025:19:04:27 -0400] "GET /repeater.php HTTP/1.1" 404 15287 "-" "-"
198.54.114.83 - - [04/Apr/2025:19:04:31 -0400] "POST /wp-cron.php?doing_wp_cron=1743807871.0266439914703369140625 HTTP/1.1" 200 0 "-" "WordPress/6.7.2; https://creative-webstyle.com"
13.90.59.7 - - [04/Apr/2025:19:04:30 -0400] "GET /admin-post.php HTTP/1.1" 404 15285 "-" "-"
13.90.59.7 - - [04/Apr/2025:19:04:34 -0400] "GET /wp-admin/maint/maint/ajax-actions.php HTTP/1.1" 404 15297 "-" "-"
13.90.59.7 - - [04/Apr/2025:19:04:37 -0400] "GET /wp-admin/dropdown.php HTTP/1.1" 404 15287 "-" "-"
13.90.59.7 - - [04/Apr/2025:19:04:40 -0400] "GET /wp-admin/css/index.php HTTP/1.1" 301 0 "-" "-"
13.90.59.7 - - [04/Apr/2025:19:04:41 -0400] "GET /wp-admin/css/ HTTP/1.1" 403 1242 "-" "-"
13.90.59.7 - - [04/Apr/2025:19:04:42 -0400] "GET /dropdown.php HTTP/1.1" 404 15288 "-" "-"
13.90.59.7 - - [04/Apr/2025:19:04:44 -0400] "GET /about.php HTTP/1.1" 404 15284 "-" "-"
198.54.114.83 - - [04/Apr/2025:19:04:50 -0400] "POST /wp-cron.php?doing_wp_cron=1743807889.2888650894165039062500 HTTP/1.1" 200 0 "-" "WordPress/6.7.2; https://creative-webstyle.com"
13.90.59.7 - - [04/Apr/2025:19:04:48 -0400] "GET /admin.php HTTP/1.1" 404 15284 "-" "-"
13.90.59.7 - - [04/Apr/2025:19:04:51 -0400] "GET /about.php7 HTTP/1.1" 404 15285 "-" "-"
13.90.59.7 - - [04/Apr/2025:19:04:53 -0400] "GET /alfanew.php7 HTTP/1.1" 404 15288 "-" "-"
13.90.59.7 - - [04/Apr/2025:19:04:55 -0400] "GET /adminfuns.php7 HTTP/1.1" 404 15288 "-" "-"
13.90.59.7 - - [04/Apr/2025:19:04:56 -0400] "GET /ebs.php7 HTTP/1.1" 404 15284 "-" "-"
13.90.59.7 - - [04/Apr/2025:19:04:57 -0400] "GET /ws.php7 HTTP/1.1" 404 15283 "-" "-"
13.90.59.7 - - [04/Apr/2025:19:05:00 -0400] "GET /alfanew2.php7 HTTP/1.1" 404 15289 "-" "-"
13.90.59.7 - - [04/Apr/2025:19:05:03 -0400] "GET /alfa-rex2.php7 HTTP/1.1" 404 15289 "-" "-"
13.90.59.7 - - [04/Apr/2025:19:05:07 -0400] "GET /wp-admin/images/index.php HTTP/1.1" 301 0 "-" "-"
13.90.59.7 - - [04/Apr/2025:19:05:09 -0400] "GET /wp-admin/images/ HTTP/1.1" 403 1242 "-" "-"
13.90.59.7 - - [04/Apr/2025:19:05:10 -0400] "GET /wp-admin/css/colors/index.php HTTP/1.1" 301 0 "-" "-"
13.90.59.7 - - [04/Apr/2025:19:05:13 -0400] "GET /wp-admin/css/colors/ HTTP/1.1" 403 1242 "-" "-"
13.90.59.7 - - [04/Apr/2025:19:05:14 -0400] "GET /wp-content/themes/pridmag/db.php HTTP/1.1" 404 15299 "-" "-"
13.90.59.7 - - [04/Apr/2025:19:05:17 -0400] "GET /wp-content/themes/seotheme/mar.php HTTP/1.1" 404 15298 "-" "-"
13.90.59.7 - - [04/Apr/2025:19:05:19 -0400] "GET /wp-content/plugins/linkpreview/db.php HTTP/1.1" 404 15305 "-" "-"
13.90.59.7 - - [04/Apr/2025:19:05:22 -0400] "GET /wp-content/themes/seotheme/db.php HTTP/1.1" 404 15298 "-" "-"
13.90.59.7 - - [04/Apr/2025:19:05:24 -0400] "GET /wp-content/plugins/seoplugins/db.php HTTP/1.1" 404 15298 "-" "-"
13.90.59.7 - - [04/Apr/2025:19:05:26 -0400] "GET /wp-content/plugins/seoplugins/mar.php HTTP/1.1" 404 15298 "-" "-"
13.90.59.7 - - [04/Apr/2025:19:05:28 -0400] "GET /.well-known/pki-validation/xmrlpc.php HTTP/1.1" 404 1251 "-" "-"
13.90.59.7 - - [04/Apr/2025:19:05:29 -0400] "GET /.well-known/acme-challenge/xmrlpc.php HTTP/1.1" 404 15309 "-" "-"
198.54.114.83 - - [04/Apr/2025:19:05:32 -0400] "POST /wp-cron.php?doing_wp_cron=1743807932.0312380790710449218750 HTTP/1.1" 200 0 "-" "WordPress/6.7.2; https://creative-webstyle.com"
13.90.59.7 - - [04/Apr/2025:19:05:31 -0400] "GET /wp-admin/network/xmrlpc.php HTTP/1.1" 404 15294 "-" "-"
13.90.59.7 - - [04/Apr/2025:19:05:34 -0400] "GET /xmrlpc.php HTTP/1.1" 404 15286 "-" "-"
13.90.59.7 - - [04/Apr/2025:19:05:36 -0400] "GET /cgi-bin/xmrlpc.php HTTP/1.1" 404 15293 "-" "-"
