20.10.164.99 - - [31/Mar/2025:16:35:21 -0400] "GET /wp-includes/certificates/index.php HTTP/1.1" 301 0 "-" "-"
20.10.164.99 - - [31/Mar/2025:16:35:22 -0400] "GET /wp-includes/certificates/ HTTP/1.1" 403 1242 "-" "-"
20.10.164.99 - - [31/Mar/2025:16:35:22 -0400] "GET /.well-known/pki-validation/wp-login.php HTTP/1.1" 404 1251 "-" "-"
20.10.164.99 - - [31/Mar/2025:16:35:22 -0400] "GET /css/install.php HTTP/1.1" 404 15290 "-" "-"
20.10.164.99 - - [31/Mar/2025:16:35:23 -0400] "GET /wp-includes/theme-compat/wp-conflg.php/wp-content/plugins/google-seo-rank/index.php HTTP/1.1" 301 0 "-" "-"
20.10.164.99 - - [31/Mar/2025:16:35:24 -0400] "GET /wp-includes/theme-compat/wp-conflg.php/wp-content/plugins/google-seo-rank/ HTTP/1.1" 404 15324 "-" "-"
20.10.164.99 - - [31/Mar/2025:16:35:25 -0400] "GET /xmrlpc.php HTTP/1.1" 404 15286 "-" "-"
20.10.164.99 - - [31/Mar/2025:16:35:26 -0400] "GET /wp-admin/css/colors/classwithtostring.php HTTP/1.1" 404 15302 "-" "-"
20.10.164.99 - - [31/Mar/2025:16:35:27 -0400] "GET /wp-includes/index.php HTTP/1.1" 301 0 "-" "-"
20.10.164.99 - - [31/Mar/2025:16:35:28 -0400] "GET /wp-includes/ HTTP/1.1" 403 1242 "-" "-"
20.10.164.99 - - [31/Mar/2025:16:35:28 -0400] "GET /wp-includes/fonts/install.php HTTP/1.1" 404 15296 "-" "-"
20.10.164.99 - - [31/Mar/2025:16:35:28 -0400] "GET /assets/edit.php HTTP/1.1" 404 15287 "-" "-"
20.10.164.99 - - [31/Mar/2025:16:35:29 -0400] "GET /file.php HTTP/1.1" 404 15283 "-" "-"
20.10.164.99 - - [31/Mar/2025:16:35:30 -0400] "GET /wp-admin/index.php HTTP/1.1" 302 0 "-" "-"
20.10.164.99 - - [31/Mar/2025:16:35:32 -0400] "GET /wp-includes/Text/Diff/Engine/wp-login.php HTTP/1.1" 404 15304 "-" "-"
20.10.164.99 - - [31/Mar/2025:16:35:33 -0400] "GET /wp-admin/user/chosen.php HTTP/1.1" 404 15289 "-" "-"
20.10.164.99 - - [31/Mar/2025:16:35:34 -0400] "GET /wp-content/uploads/wp-conflg.php HTTP/1.1" 404 15295 "-" "-"
20.10.164.99 - - [31/Mar/2025:16:35:35 -0400] "GET /ok.php HTTP/1.1" 404 15283 "-" "-"
20.10.164.99 - - [31/Mar/2025:16:35:38 -0400] "GET /wp-includes/IXR/alfa-rex.php HTTP/1.1" 404 15296 "-" "-"
20.10.164.99 - - [31/Mar/2025:16:35:39 -0400] "GET /wp-admin/autoload_classmap.php HTTP/1.1" 404 15290 "-" "-"
20.10.164.99 - - [31/Mar/2025:16:35:40 -0400] "GET /wp-includes/sodium_compat/src/index.php HTTP/1.1" 301 0 "-" "-"
20.10.164.99 - - [31/Mar/2025:16:35:40 -0400] "GET /wp-includes/sodium_compat/src/ HTTP/1.1" 403 1242 "-" "-"
20.10.164.99 - - [31/Mar/2025:16:35:40 -0400] "GET /wp-includes/block-patterns/about.php HTTP/1.1" 404 15299 "-" "-"
20.10.164.99 - - [31/Mar/2025:16:35:41 -0400] "GET /wp-includes/css/alfa-rex.php HTTP/1.1" 404 15295 "-" "-"
20.10.164.99 - - [31/Mar/2025:16:35:42 -0400] "GET /images/stories/admin-post.php HTTP/1.1" 403 1242 "-" "-"
135.235.152.140 - - [31/Mar/2025:16:44:17 -0400] "GET / HTTP/1.1" 200 98430 "-" "Mozilla/5.0 (Windows NT 10.0; Win64; x64) AppleWebKit/537.36 (KHTML, like Gecko) Chrome/80.0.3987.149 Safari/537.36"
135.235.152.140 - - [31/Mar/2025:16:44:18 -0400] "GET / HTTP/1.1" 200 98430 "-" "Mozilla/5.0 (Windows NT 10.0; Win64; x64) AppleWebKit/537.36 (KHTML, like Gecko) Chrome/80.0.3987.149 Safari/537.36"
135.235.152.140 - - [31/Mar/2025:16:44:18 -0400] "GET /wp-includes/wlwmanifest.xml HTTP/1.1" 404 15293 "-" "Mozilla/5.0 (Windows NT 10.0; Win64; x64) AppleWebKit/537.36 (KHTML, like Gecko) Chrome/80.0.3987.149 Safari/537.36"
135.235.152.140 - - [31/Mar/2025:16:44:22 -0400] "GET /?author=1 HTTP/1.1" 200 98430 "-" "Mozilla/5.0 (Windows NT 10.0; Win64; x64) AppleWebKit/537.36 (KHTML, like Gecko) Chrome/80.0.3987.149 Safari/537.36"
135.235.152.140 - - [31/Mar/2025:16:44:22 -0400] "GET /?author=2 HTTP/1.1" 200 98430 "-" "Mozilla/5.0 (Windows NT 10.0; Win64; x64) AppleWebKit/537.36 (KHTML, like Gecko) Chrome/80.0.3987.149 Safari/537.36"
135.235.152.140 - - [31/Mar/2025:16:44:23 -0400] "GET /wp-json/wp/v2/users/ HTTP/1.1" 200 2069 "-" "Mozilla/5.0 (Windows NT 10.0; Win64; x64) AppleWebKit/537.36 (KHTML, like Gecko) Chrome/80.0.3987.149 Safari/537.36"
103.153.202.101 - - [31/Mar/2025:16:48:10 -0400] "GET / HTTP/1.1" 200 98430 "http://creative-webstyle.com" "Mozilla/4.0 (compatible; MSIE 9.0; Windows NT 6.1)"
20.1.164.162 - - [31/Mar/2025:16:51:44 -0400] "HEAD /wordpress HTTP/1.1" 404 0 "-" "Mozilla/5.0 (Windows NT 10.0; Win64; x64) AppleWebKit/537.36 (KHTML, like Gecko) Chrome/74.0.3729.169 Safari/537.36"
20.1.164.162 - - [31/Mar/2025:16:51:47 -0400] "HEAD / HTTP/1.1" 200 0 "-" "Mozilla/5.0 (Windows NT 10.0; Win64; x64) AppleWebKit/537.36 (KHTML, like Gecko) Chrome/74.0.3729.169 Safari/537.36"
20.1.164.162 - - [31/Mar/2025:16:51:48 -0400] "HEAD /wp HTTP/1.1" 404 0 "-" "Mozilla/5.0 (Windows NT 10.0; Win64; x64) AppleWebKit/537.36 (KHTML, like Gecko) Chrome/74.0.3729.169 Safari/537.36"
20.1.164.162 - - [31/Mar/2025:16:51:48 -0400] "HEAD /bc HTTP/1.1" 404 0 "-" "Mozilla/5.0 (Windows NT 10.0; Win64; x64) AppleWebKit/537.36 (KHTML, like Gecko) Chrome/74.0.3729.169 Safari/537.36"
20.1.164.162 - - [31/Mar/2025:16:51:48 -0400] "HEAD /bk HTTP/1.1" 404 0 "-" "Mozilla/5.0 (Windows NT 10.0; Win64; x64) AppleWebKit/537.36 (KHTML, like Gecko) Chrome/74.0.3729.169 Safari/537.36"
20.1.164.162 - - [31/Mar/2025:16:51:49 -0400] "HEAD /backup HTTP/1.1" 404 0 "-" "Mozilla/5.0 (Windows NT 10.0; Win64; x64) AppleWebKit/537.36 (KHTML, like Gecko) Chrome/74.0.3729.169 Safari/537.36"
20.1.164.162 - - [31/Mar/2025:16:51:49 -0400] "HEAD /old HTTP/1.1" 404 0 "-" "Mozilla/5.0 (Windows NT 10.0; Win64; x64) AppleWebKit/537.36 (KHTML, like Gecko) Chrome/74.0.3729.169 Safari/537.36"
20.1.164.162 - - [31/Mar/2025:16:51:49 -0400] "HEAD /new HTTP/1.1" 301 0 "-" "Mozilla/5.0 (Windows NT 10.0; Win64; x64) AppleWebKit/537.36 (KHTML, like Gecko) Chrome/74.0.3729.169 Safari/537.36"
20.1.164.162 - - [31/Mar/2025:16:51:50 -0400] "HEAD /main HTTP/1.1" 404 0 "-" "Mozilla/5.0 (Windows NT 10.0; Win64; x64) AppleWebKit/537.36 (KHTML, like Gecko) Chrome/74.0.3729.169 Safari/537.36"
20.1.164.162 - - [31/Mar/2025:16:51:51 -0400] "HEAD /home HTTP/1.1" 301 0 "-" "Mozilla/5.0 (Windows NT 10.0; Win64; x64) AppleWebKit/537.36 (KHTML, like Gecko) Chrome/74.0.3729.169 Safari/537.36"
216.244.66.194 - - [31/Mar/2025:16:58:44 -0400] "GET /robots.txt HTTP/1.1" 200 132 "-" "Mozilla/5.0 (compatible; DotBot/1.2; +https://opensiteexplorer.org/dotbot; help@moz.com)"
216.244.66.194 - - [31/Mar/2025:17:08:18 -0400] "GET /a-modern-convenience/feed/ HTTP/1.1" 200 423 "-" "Mozilla/5.0 (compatible; DotBot/1.2; +https://opensiteexplorer.org/dotbot; help@moz.com)"
216.244.66.194 - - [31/Mar/2025:17:15:42 -0400] "GET /plumbing-financing-for-bad-credit/feed/ HTTP/1.1" 200 435 "-" "Mozilla/5.0 (compatible; DotBot/1.2; +https://opensiteexplorer.org/dotbot; help@moz.com)"
93.123.109.101 - - [31/Mar/2025:17:20:22 -0400] "GET /code/npm/@ali/lzd-h5-utils-mtop/1.2.56/index.js HTTP/1.1" 404 15320 "-" "Mozilla/5.0 (Macintosh; Intel Mac OS X 10_15_7) AppleWebKit/537.36 Chrome/120.0.0.0"
45.154.98.197 - - [31/Mar/2025:17:40:57 -0400] "GET /wp-admin/css/ HTTP/1.1" 403 1242 "binance.com" "Mozilla/5.0 (Windows NT 10.0; Win64; x64) AppleWebKit/537.36 (KHTML, like Gecko) Chrome/90.0.4430.85 Safari/537.36"
216.244.66.194 - - [31/Mar/2025:17:44:27 -0400] "GET /robots.txt HTTP/1.1" 304 0 "-" "Mozilla/5.0 (compatible; DotBot/1.2; +https://opensiteexplorer.org/dotbot; help@moz.com)"
216.244.66.194 - - [31/Mar/2025:17:49:27 -0400] "GET /comment-nettoyer-une-bague-en-or/ HTTP/1.1" 200 22771 "-" "Mozilla/5.0 (compatible; DotBot/1.2; +https://opensiteexplorer.org/dotbot; help@moz.com)"
216.244.66.194 - - [31/Mar/2025:17:59:55 -0400] "GET /choosing-a-conservatory-roof-replacement/feed/ HTTP/1.1" 200 444 "-" "Mozilla/5.0 (compatible; DotBot/1.2; +https://opensiteexplorer.org/dotbot; help@moz.com)"
4.227.36.76 - - [31/Mar/2025:18:02:38 -0400] "GET /robots.txt HTTP/1.1" 200 132 "-" "Mozilla/5.0 AppleWebKit/537.36 (KHTML, like Gecko; compatible; GPTBot/1.2; +https://openai.com/gptbot)"
111.231.12.66 - - [31/Mar/2025:18:04:23 -0400] "GET / HTTP/1.1" 200 98430 "-" "Mozilla/5.0 (Linux; Android 10; LIO-AN00 Build/HUAWEILIO-AN00; wv) MicroMessenger Weixin QQ AppleWebKit/537.36 (KHTML, like Gecko) Version/4.0 Chrome/78.0.3904.62 XWEB/2692 MMWEBSDK/200901 Mobile Safari/537.36"
37.139.53.144 - - [31/Mar/2025:18:12:27 -0400] "GET /michael-kors-bags-a-vision-of-sophistication-and-glitz/ HTTP/1.1" 200 23120 "-" "Mozilla/5.0 (Macintosh; Intel Mac OS X 12.5; rv:114.0) Gecko/20100101 Firefox/114.0"
43.133.253.253 - - [31/Mar/2025:18:17:22 -0400] "GET / HTTP/1.1" 200 98430 "-" "Mozilla/5.0 (iPhone; CPU iPhone OS 13_2_3 like Mac OS X) AppleWebKit/605.1.15 (KHTML, like Gecko) Version/13.0.3 Mobile/15E148 Safari/604.1"
85.208.98.23 - - [31/Mar/2025:18:27:12 -0400] "GET /robots.txt HTTP/1.1" 304 0 "-" "Mozilla/5.0 (compatible; SemrushBot-BA; +http://www.semrush.com/bot.html)"
198.54.114.83 - - [31/Mar/2025:19:07:44 -0400] "POST /wp-cron.php?doing_wp_cron=1743462464.4966299533843994140625 HTTP/1.1" 200 0 "-" "WordPress/6.7.2; https://creative-webstyle.com"
93.123.109.101 - - [31/Mar/2025:19:07:40 -0400] "GET /lzdmod/site-nav-pc/5.2.38/assets/links-bar/index.js HTTP/1.1" 404 15321 "-" "Mozilla/5.0 (Macintosh; Intel Mac OS X 10_15_7) AppleWebKit/537.36 Chrome/120.0.0.0"
170.106.180.153 - - [31/Mar/2025:19:13:30 -0400] "GET / HTTP/1.1" 200 98430 "-" "Mozilla/5.0 (iPhone; CPU iPhone OS 13_2_3 like Mac OS X) AppleWebKit/605.1.15 (KHTML, like Gecko) Version/13.0.3 Mobile/15E148 Safari/604.1"
186.179.62.241 - - [31/Mar/2025:19:46:43 -0400] "GET /hvac-systems-and-mold/ HTTP/1.1" 200 24056 "http://creative-webstyle.com/hvac-systems-and-mold/" "Mozilla/5.0 (Windows NT 6.1; Win64; x64) AppleWebKit/537.36 (KHTML, like Gecko) Chrome/66.0.3359.170 Safari/537.36 OPR/53.0.2907.99"
198.54.114.83 - - [31/Mar/2025:19:46:44 -0400] "POST /wp-cron.php?doing_wp_cron=1743464804.5971291065216064453125 HTTP/1.1" 200 0 "-" "WordPress/6.7.2; https://creative-webstyle.com"
186.179.62.241 - - [31/Mar/2025:19:46:44 -0400] "POST /wp-comments-post.php HTTP/1.1" 200 1168 "http://creative-webstyle.com/hvac-systems-and-mold/" "Mozilla/5.0 (Windows NT 6.1; Win64; x64) AppleWebKit/537.36 (KHTML, like Gecko) Chrome/66.0.3359.170 Safari/537.36 OPR/53.0.2907.99"
186.179.62.241 - - [31/Mar/2025:19:46:45 -0400] "GET /hvac-systems-and-mold/ HTTP/1.1" 200 24056 "http://creative-webstyle.com/hvac-systems-and-mold/" "Mozilla/5.0 (Windows NT 6.1; Win64; x64) AppleWebKit/537.36 (KHTML, like Gecko) Chrome/66.0.3359.170 Safari/537.36 OPR/53.0.2907.99"
216.244.66.194 - - [31/Mar/2025:20:00:23 -0400] "GET /robots.txt HTTP/1.1" 304 0 "-" "Mozilla/5.0 (compatible; DotBot/1.2; +https://opensiteexplorer.org/dotbot; help@moz.com)"
198.54.114.83 - - [31/Mar/2025:20:06:16 -0400] "POST /wp-cron.php?doing_wp_cron=1743465976.1637160778045654296875 HTTP/1.1" 200 0 "-" "WordPress/6.7.2; https://creative-webstyle.com"
216.244.66.194 - - [31/Mar/2025:20:06:13 -0400] "GET /category/activity/page/162/ HTTP/1.1" 200 20063 "-" "Mozilla/5.0 (compatible; DotBot/1.2; +https://opensiteexplorer.org/dotbot; help@moz.com)"
93.123.109.101 - - [31/Mar/2025:20:06:57 -0400] "GET /plugins/interface.js HTTP/1.1" 404 15294 "-" "Mozilla/5.0 (Windows NT 10.0; Win64; x64) AppleWebKit/537.36 Chrome/121.0.0.0"
198.54.114.83 - - [31/Mar/2025:20:07:00 -0400] "POST /wp-cron.php?doing_wp_cron=1743466018.2108759880065917968750 HTTP/1.1" 200 0 "-" "WordPress/6.7.2; https://creative-webstyle.com"
216.244.66.194 - - [31/Mar/2025:20:08:50 -0400] "GET /the-truth-about-buying-youtube-views/ HTTP/1.1" 200 22573 "-" "Mozilla/5.0 (compatible; DotBot/1.2; +https://opensiteexplorer.org/dotbot; help@moz.com)"
216.244.66.194 - - [31/Mar/2025:20:09:07 -0400] "GET /fertility-clinic-sharjah/feed/ HTTP/1.1" 200 423 "-" "Mozilla/5.0 (compatible; DotBot/1.2; +https://opensiteexplorer.org/dotbot; help@moz.com)"
198.54.114.83 - - [31/Mar/2025:20:09:15 -0400] "POST /wp-cron.php?doing_wp_cron=1743466155.6156558990478515625000 HTTP/1.1" 200 0 "-" "WordPress/6.7.2; https://creative-webstyle.com"
216.244.66.194 - - [31/Mar/2025:20:09:15 -0400] "GET /what-is-galling/feed/ HTTP/1.1" 200 413 "-" "Mozilla/5.0 (compatible; DotBot/1.2; +https://opensiteexplorer.org/dotbot; help@moz.com)"
216.244.66.194 - - [31/Mar/2025:20:10:06 -0400] "GET /2023/06/13/ HTTP/1.1" 301 0 "-" "Mozilla/5.0 (compatible; DotBot/1.2; +https://opensiteexplorer.org/dotbot; help@moz.com)"
216.244.66.194 - - [31/Mar/2025:20:10:13 -0400] "GET /2023/06/18/ HTTP/1.1" 301 0 "-" "Mozilla/5.0 (compatible; DotBot/1.2; +https://opensiteexplorer.org/dotbot; help@moz.com)"
198.54.114.83 - - [31/Mar/2025:20:17:03 -0400] "POST /wp-cron.php?doing_wp_cron=1743466622.6478829383850097656250 HTTP/1.1" 200 0 "-" "WordPress/6.7.2; https://creative-webstyle.com"
216.244.66.194 - - [31/Mar/2025:20:17:02 -0400] "GET /uk-cbd-gummies/feed/ HTTP/1.1" 200 420 "-" "Mozilla/5.0 (compatible; DotBot/1.2; +https://opensiteexplorer.org/dotbot; help@moz.com)"
216.131.108.251 - - [31/Mar/2025:20:20:00 -0400] "GET /best-cbd-oil-for-sleep-uk/ HTTP/1.1" 200 21689 "http://creative-webstyle.com/best-cbd-oil-for-sleep-uk/" "Mozilla/5.0 (Windows NT 10.0; Win64; x64) AppleWebKit/537.36 (KHTML, like Gecko) Chrome/129.0.0.0 Safari/537.36"
198.54.114.83 - - [31/Mar/2025:20:20:16 -0400] "POST /wp-cron.php?doing_wp_cron=1743466813.9222168922424316406250 HTTP/1.1" 200 0 "-" "WordPress/6.7.2; https://creative-webstyle.com"
216.131.108.251 - - [31/Mar/2025:20:20:09 -0400] "POST /wp-comments-post.php HTTP/1.1" 302 0 "http://creative-webstyle.com/best-cbd-oil-for-sleep-uk/" "Mozilla/5.0 (Windows NT 10.0; Win64; x64) AppleWebKit/537.36 (KHTML, like Gecko) Chrome/129.0.0.0 Safari/537.36"
212.38.189.186 - - [31/Mar/2025:20:25:40 -0400] "GET / HTTP/1.1" 200 98430 "http://creative-webstyle.com" "Mozilla/5.0 (X11; U; Linux i686; en-US; rv:1.0.2) Gecko/20021120 Netscape/7.01"
88.80.26.4 - - [31/Mar/2025:20:43:16 -0400] "GET / HTTP/1.1" 200 98430 "http://creative-webstyle.com" "Opera/9.80 (Windows NT 6.1; Edition Yx 01) Presto/2.12.388 Version/12.17"
216.244.66.194 - - [31/Mar/2025:20:51:15 -0400] "GET /robots.txt HTTP/1.1" 304 0 "-" "Mozilla/5.0 (compatible; DotBot/1.2; +https://opensiteexplorer.org/dotbot; help@moz.com)"
195.191.219.132 - - [31/Mar/2025:20:54:09 -0400] "GET /robots.txt HTTP/1.1" 304 0 "-" "Mozilla/5.0 (compatible; MJ12bot/v2.0.0; http://mj12bot.com/)"
195.191.219.132 - - [31/Mar/2025:20:54:09 -0400] "GET / HTTP/1.1" 200 98430 "-" "Mozilla/5.0 (compatible; MJ12bot/v2.0.0; http://mj12bot.com/)"
216.244.66.194 - - [31/Mar/2025:20:57:23 -0400] "GET /complete-guide-to-natural-language-processing-nlp/ HTTP/1.1" 200 102080 "-" "Mozilla/5.0 (compatible; DotBot/1.2; +https://opensiteexplorer.org/dotbot; help@moz.com)"
195.191.219.131 - - [31/Mar/2025:20:59:34 -0400] "GET /robots.txt HTTP/1.1" 301 0 "-" "Mozilla/5.0 (compatible; MJ12bot/v2.0.0; http://mj12bot.com/)"
195.191.219.131 - - [31/Mar/2025:20:59:36 -0400] "GET / HTTP/1.1" 200 98430 "-" "Mozilla/5.0 (compatible; MJ12bot/v2.0.0; http://mj12bot.com/)"
198.54.114.83 - - [31/Mar/2025:21:01:55 -0400] "POST /wp-cron.php?doing_wp_cron=1743469315.3613269329071044921875 HTTP/1.1" 200 0 "-" "WordPress/6.7.2; https://creative-webstyle.com"
216.244.66.194 - - [31/Mar/2025:21:01:52 -0400] "GET /finding-the-right-plumber-in-newcastle/ HTTP/1.1" 200 23350 "-" "Mozilla/5.0 (compatible; DotBot/1.2; +https://opensiteexplorer.org/dotbot; help@moz.com)"
216.244.66.194 - - [31/Mar/2025:21:02:18 -0400] "GET /page/82/ HTTP/1.1" 200 20051 "-" "Mozilla/5.0 (compatible; DotBot/1.2; +https://opensiteexplorer.org/dotbot; help@moz.com)"
216.244.66.194 - - [31/Mar/2025:21:09:35 -0400] "GET /2024/03/20/ HTTP/1.1" 301 0 "-" "Mozilla/5.0 (compatible; DotBot/1.2; +https://opensiteexplorer.org/dotbot; help@moz.com)"
198.54.114.83 - - [31/Mar/2025:21:11:35 -0400] "POST /wp-cron.php?doing_wp_cron=1743469894.8664889335632324218750 HTTP/1.1" 200 0 "-" "WordPress/6.7.2; https://creative-webstyle.com"
216.244.66.194 - - [31/Mar/2025:21:11:34 -0400] "GET /inside-the-hill-showflat/feed/ HTTP/1.1" 200 429 "-" "Mozilla/5.0 (compatible; DotBot/1.2; +https://opensiteexplorer.org/dotbot; help@moz.com)"
198.54.114.83 - - [31/Mar/2025:21:13:46 -0400] "POST /wp-cron.php?doing_wp_cron=1743470026.2529530525207519531250 HTTP/1.1" 200 0 "-" "WordPress/6.7.2; https://creative-webstyle.com"
216.244.66.194 - - [31/Mar/2025:21:13:45 -0400] "GET /category/activity/page/10/ HTTP/1.1" 200 20407 "-" "Mozilla/5.0 (compatible; DotBot/1.2; +https://opensiteexplorer.org/dotbot; help@moz.com)"
47.254.83.202 - - [31/Mar/2025:22:01:40 -0400] "GET / HTTP/1.1" 200 98430 "-" "Mozilla/5.0 (Macintosh; Intel Mac OS X 10_15_7) AppleWebKit/537.36 (KHTML, like Gecko) Chrome/116.0.0.0 Safari/537.36"
47.254.83.202 - - [31/Mar/2025:22:01:41 -0400] "GET / HTTP/1.1" 200 98430 "-" "Mozilla/5.0 (Macintosh; Intel Mac OS X 10_15_7) AppleWebKit/537.36 (KHTML, like Gecko) Chrome/116.0.0.0 Safari/537.36"
203.2.64.59 - - [31/Mar/2025:22:02:58 -0400] "GET / HTTP/1.1" 200 98430 "-" "Mozilla/5.0 (iPhone; CPU iPhone OS 13_2_3 like Mac OS X) AppleWebKit/605.1.15 (KHTML, like Gecko) Version/13.0.3 Mobile/15E148 Safari/604.1"
54.36.148.19 - - [31/Mar/2025:22:03:23 -0400] "GET /robots.txt HTTP/1.1" 304 0 "-" "Mozilla/5.0 (compatible; AhrefsBot/7.0; +http://ahrefs.com/robot/)"
157.90.182.30 - - [31/Mar/2025:22:09:07 -0400] "GET /robots.txt HTTP/1.1" 304 0 "-" "Mozilla/5.0 (compatible; BLEXBot/1.0; +https://help.seranking.com/en/blex-crawler)"
157.90.182.30 - - [31/Mar/2025:22:09:08 -0400] "GET / HTTP/1.1" 200 98430 "-" "Mozilla/5.0 (compatible; BLEXBot/1.0; +https://help.seranking.com/en/blex-crawler)"
46.246.8.7 - - [31/Mar/2025:22:20:48 -0400] "GET /hvac-systems-and-mold/ HTTP/1.1" 200 24056 "http://creative-webstyle.com/hvac-systems-and-mold/" "Mozilla/5.0 (Windows NT 10.0; Win64; x64) AppleWebKit/537.36 (KHTML, like Gecko) Chrome/129.0.0.0 Safari/537.36"
198.54.114.83 - - [31/Mar/2025:22:20:50 -0400] "POST /wp-cron.php?doing_wp_cron=1743474049.9463510513305664062500 HTTP/1.1" 200 0 "-" "WordPress/6.7.2; https://creative-webstyle.com"
46.246.8.7 - - [31/Mar/2025:22:20:49 -0400] "POST /wp-comments-post.php HTTP/1.1" 302 0 "http://creative-webstyle.com/hvac-systems-and-mold/" "Mozilla/5.0 (Windows NT 10.0; Win64; x64) AppleWebKit/537.36 (KHTML, like Gecko) Chrome/129.0.0.0 Safari/537.36"
198.54.114.83 - - [31/Mar/2025:22:23:49 -0400] "POST /wp-cron.php?doing_wp_cron=1743474228.9004960060119628906250 HTTP/1.1" 200 0 "-" "WordPress/6.7.2; https://creative-webstyle.com"
165.227.238.122 - - [31/Mar/2025:22:23:44 -0400] "GET //wp-admin/css/autoload_classmap.php HTTP/1.1" 301 0 "-" "Mozilla/5.0 (Windows NT 10.0; Win64; x64) AppleWebKit/537.36 (KHTML, like Gecko) Chrome/85.0.4183.102 Safari/537.36"
165.227.238.122 - - [31/Mar/2025:22:23:52 -0400] "GET /wp-admin/css/autoload_classmap.php HTTP/1.1" 404 15298 "-" "Mozilla/5.0 (Windows NT 10.0; Win64; x64) AppleWebKit/537.36 (KHTML, like Gecko) Chrome/85.0.4183.102 Safari/537.36"
165.227.238.122 - - [31/Mar/2025:22:23:54 -0400] "GET //wp-admin/images/autoload_classmap.php HTTP/1.1" 301 0 "-" "Mozilla/5.0 (Windows NT 10.0; Win64; x64) AppleWebKit/537.36 (KHTML, like Gecko) Chrome/85.0.4183.102 Safari/537.36"
165.227.238.122 - - [31/Mar/2025:22:23:57 -0400] "GET /wp-admin/images/autoload_classmap.php HTTP/1.1" 404 15298 "-" "Mozilla/5.0 (Windows NT 10.0; Win64; x64) AppleWebKit/537.36 (KHTML, like Gecko) Chrome/85.0.4183.102 Safari/537.36"
165.227.238.122 - - [31/Mar/2025:22:24:03 -0400] "GET //wp-includes/pomo/autoload_classmap.php HTTP/1.1" 301 0 "-" "Mozilla/5.0 (Windows NT 10.0; Win64; x64) AppleWebKit/537.36 (KHTML, like Gecko) Chrome/85.0.4183.102 Safari/537.36"
165.227.238.122 - - [31/Mar/2025:22:24:07 -0400] "GET /wp-includes/pomo/autoload_classmap.php HTTP/1.1" 404 15303 "-" "Mozilla/5.0 (Windows NT 10.0; Win64; x64) AppleWebKit/537.36 (KHTML, like Gecko) Chrome/85.0.4183.102 Safari/537.36"
165.227.238.122 - - [31/Mar/2025:22:24:11 -0400] "GET //wp-includes/block-patterns/autoload_classmap.php HTTP/1.1" 301 0 "-" "Mozilla/5.0 (Windows NT 10.0; Win64; x64) AppleWebKit/537.36 (KHTML, like Gecko) Chrome/85.0.4183.102 Safari/537.36"
165.227.238.122 - - [31/Mar/2025:22:24:13 -0400] "GET /wp-includes/block-patterns/autoload_classmap.php HTTP/1.1" 404 15310 "-" "Mozilla/5.0 (Windows NT 10.0; Win64; x64) AppleWebKit/537.36 (KHTML, like Gecko) Chrome/85.0.4183.102 Safari/537.36"
165.227.238.122 - - [31/Mar/2025:22:24:16 -0400] "GET //wp-includes/js/autoload_classmap.php HTTP/1.1" 301 0 "-" "Mozilla/5.0 (Windows NT 10.0; Win64; x64) AppleWebKit/537.36 (KHTML, like Gecko) Chrome/85.0.4183.102 Safari/537.36"
165.227.238.122 - - [31/Mar/2025:22:24:17 -0400] "GET /wp-includes/js/autoload_classmap.php HTTP/1.1" 404 15301 "-" "Mozilla/5.0 (Windows NT 10.0; Win64; x64) AppleWebKit/537.36 (KHTML, like Gecko) Chrome/85.0.4183.102 Safari/537.36"
165.227.238.122 - - [31/Mar/2025:22:24:20 -0400] "GET //wp-includes/sitemaps/autoload_classmap.php HTTP/1.1" 301 0 "-" "Mozilla/5.0 (Windows NT 10.0; Win64; x64) AppleWebKit/537.36 (KHTML, like Gecko) Chrome/85.0.4183.102 Safari/537.36"
165.227.238.122 - - [31/Mar/2025:22:24:21 -0400] "GET /wp-includes/sitemaps/autoload_classmap.php HTTP/1.1" 404 15303 "-" "Mozilla/5.0 (Windows NT 10.0; Win64; x64) AppleWebKit/537.36 (KHTML, like Gecko) Chrome/85.0.4183.102 Safari/537.36"
165.227.238.122 - - [31/Mar/2025:22:24:24 -0400] "GET //wp-includes/SimplePie/autoload_classmap.php HTTP/1.1" 301 0 "-" "Mozilla/5.0 (Windows NT 10.0; Win64; x64) AppleWebKit/537.36 (KHTML, like Gecko) Chrome/85.0.4183.102 Safari/537.36"
165.227.238.122 - - [31/Mar/2025:22:24:25 -0400] "GET /wp-includes/SimplePie/autoload_classmap.php HTTP/1.1" 404 15305 "-" "Mozilla/5.0 (Windows NT 10.0; Win64; x64) AppleWebKit/537.36 (KHTML, like Gecko) Chrome/85.0.4183.102 Safari/537.36"
165.227.238.122 - - [31/Mar/2025:22:24:27 -0400] "GET //wp-includes/widgets/autoload_classmap.php HTTP/1.1" 301 0 "-" "Mozilla/5.0 (Windows NT 10.0; Win64; x64) AppleWebKit/537.36 (KHTML, like Gecko) Chrome/85.0.4183.102 Safari/537.36"
165.227.238.122 - - [31/Mar/2025:22:24:28 -0400] "GET /wp-includes/widgets/autoload_classmap.php HTTP/1.1" 404 15305 "-" "Mozilla/5.0 (Windows NT 10.0; Win64; x64) AppleWebKit/537.36 (KHTML, like Gecko) Chrome/85.0.4183.102 Safari/537.36"
165.227.238.122 - - [31/Mar/2025:22:24:29 -0400] "GET //wp-content/uploads/autoload_classmap.php HTTP/1.1" 301 0 "-" "Mozilla/5.0 (Windows NT 10.0; Win64; x64) AppleWebKit/537.36 (KHTML, like Gecko) Chrome/85.0.4183.102 Safari/537.36"
165.227.238.122 - - [31/Mar/2025:22:24:30 -0400] "GET /wp-content/uploads/autoload_classmap.php HTTP/1.1" 404 15304 "-" "Mozilla/5.0 (Windows NT 10.0; Win64; x64) AppleWebKit/537.36 (KHTML, like Gecko) Chrome/85.0.4183.102 Safari/537.36"
2408:821a:5631:f060:e5a6:aa14:8d6a:894c - - [31/Mar/2025:22:24:58 -0400] "GET / HTTP/1.1" 200 98430 "-" "Mozilla/5.0 (Linux; Android 13; V2231A; wv) AppleWebKit/537.36 (KHTML, like Gecko) Version/4.0 Chrome/87.0.4280.141 Mobile Safari/537.36 VivoBrowser/13.6.21.0"
198.54.114.83 - - [31/Mar/2025:22:28:45 -0400] "POST /wp-cron.php?doing_wp_cron=1743474525.4162330627441406250000 HTTP/1.1" 200 0 "-" "WordPress/6.7.2; https://creative-webstyle.com"
161.35.15.162 - - [31/Mar/2025:22:28:43 -0400] "GET /wp-cli.php HTTP/1.1" 404 15284 "www.google.com" "Mozlila/5.0 (Linux; Android 7.0; SM-G892A Bulid/NRD90M; wv) AppleWebKit/537.36 (KHTML, like Gecko) Version/4.0 Chrome/60.0.3112.107 Moblie Safari/537.36"
49.51.196.42 - - [31/Mar/2025:22:36:18 -0400] "GET / HTTP/1.1" 200 98430 "-" "Mozilla/5.0 (iPhone; CPU iPhone OS 13_2_3 like Mac OS X) AppleWebKit/605.1.15 (KHTML, like Gecko) Version/13.0.3 Mobile/15E148 Safari/604.1"
212.34.135.220 - - [31/Mar/2025:23:08:11 -0400] "GET /discover-your-dream-home-in-sonoma-ca/ HTTP/1.1" 200 22316 "http://creative-webstyle.com/discover-your-dream-home-in-sonoma-ca/#comment-26161" "Mozilla/5.0 (Windows NT 10.0; Win64; x64) AppleWebKit/537.36 (KHTML, like Gecko) Chrome/131.0.0.0 Safari/537.36"
198.54.114.83 - - [31/Mar/2025:23:08:20 -0400] "POST /wp-cron.php?doing_wp_cron=1743476899.3470098972320556640625 HTTP/1.1" 200 0 "-" "WordPress/6.7.2; https://creative-webstyle.com"
212.34.135.220 - - [31/Mar/2025:23:08:14 -0400] "POST /wp-comments-post.php HTTP/1.1" 302 0 "http://creative-webstyle.com/discover-your-dream-home-in-sonoma-ca/#comment-26161" "Mozilla/5.0 (Windows NT 10.0; Win64; x64) AppleWebKit/537.36 (KHTML, like Gecko) Chrome/131.0.0.0 Safari/537.36"
198.54.114.83 - - [31/Mar/2025:23:47:57 -0400] "POST /wp-cron.php?doing_wp_cron=1743479277.2315781116485595703125 HTTP/1.1" 200 0 "-" "WordPress/6.7.2; https://creative-webstyle.com"
196.251.88.242 - - [31/Mar/2025:23:47:53 -0400] "GET /geju.php HTTP/1.1" 404 15286 "-" "Mozlila/5.0 (Linux; Android 7.0; SM-G892A Bulid/NRD90M; wv) AppleWebKit/537.36 (KHTML, like Gecko) Version/4.0 Chrome/60.0.3112.107 Moblie Safari/537.36"
196.251.88.242 - - [31/Mar/2025:23:48:06 -0400] "GET /wp-content/plugins/about.php HTTP/1.1" 404 15295 "-" "Mozlila/5.0 (Linux; Android 7.0; SM-G892A Bulid/NRD90M; wv) AppleWebKit/537.36 (KHTML, like Gecko) Version/4.0 Chrome/60.0.3112.107 Moblie Safari/537.36"
196.251.88.242 - - [31/Mar/2025:23:48:15 -0400] "GET /wp.php HTTP/1.1" 404 15282 "-" "Mozlila/5.0 (Linux; Android 7.0; SM-G892A Bulid/NRD90M; wv) AppleWebKit/537.36 (KHTML, like Gecko) Version/4.0 Chrome/60.0.3112.107 Moblie Safari/537.36"
205.210.31.174 - - [31/Mar/2025:23:54:14 -0400] "GET / HTTP/1.1" 200 98430 "-" "Expanse, a Palo Alto Networks company, searches across the global IPv4 space multiple times per day to identify customers' presences on the Internet. If you would like to be excluded from our scans, please send IP addresses/domains to: scaninfo@paloaltonetworks.com"
161.35.11.214 - - [01/Apr/2025:00:02:24 -0400] "GET /wp-content/plugins/shell/about.php HTTP/1.1" 404 15299 "www.google.com" "Mozlila/5.0 (Linux; Android 7.0; SM-G892A Bulid/NRD90M; wv) AppleWebKit/537.36 (KHTML, like Gecko) Version/4.0 Chrome/60.0.3112.107 Moblie Safari/537.36"
198.54.114.83 - - [01/Apr/2025:00:02:43 -0400] "POST /wp-cron.php?doing_wp_cron=1743480162.3500289916992187500000 HTTP/1.1" 200 0 "-" "WordPress/6.7.2; https://creative-webstyle.com"
161.35.11.214 - - [01/Apr/2025:00:02:42 -0400] "GET /wp-content/plugins/fix/up.php HTTP/1.1" 404 15298 "www.google.com" "Mozlila/5.0 (Linux; Android 7.0; SM-G892A Bulid/NRD90M; wv) AppleWebKit/537.36 (KHTML, like Gecko) Version/4.0 Chrome/60.0.3112.107 Moblie Safari/537.36"
161.35.11.214 - - [01/Apr/2025:00:03:07 -0400] "GET /wp-content/plugins/wp-help/mini.php HTTP/1.1" 404 15302 "www.google.com" "Mozlila/5.0 (Linux; Android 7.0; SM-G892A Bulid/NRD90M; wv) AppleWebKit/537.36 (KHTML, like Gecko) Version/4.0 Chrome/60.0.3112.107 Moblie Safari/537.36"
4.227.36.76 - - [01/Apr/2025:00:15:08 -0400] "GET /robots.txt HTTP/1.1" 304 0 "-" "Mozilla/5.0 AppleWebKit/537.36 (KHTML, like Gecko; compatible; GPTBot/1.2; +https://openai.com/gptbot)"
85.208.98.23 - - [01/Apr/2025:00:27:06 -0400] "GET /robots.txt HTTP/1.1" 304 0 "-" "Mozilla/5.0 (compatible; SemrushBot-BA; +http://www.semrush.com/bot.html)"
151.106.162.202 - - [01/Apr/2025:00:41:34 -0400] "GET /img.style/FB-16x16.png HTTP/1.1" 301 0 "-" "Mozilla/5.0 (X11; Ubuntu; Linux x86_64; rv:72.0) Gecko/20100101 Firefox/72.0"
151.106.162.202 - - [01/Apr/2025:00:41:40 -0400] "GET /img.style/FB-16x16.png HTTP/1.1" 404 15294 "-" "Mozilla/5.0 (X11; Ubuntu; Linux x86_64; rv:72.0) Gecko/20100101 Firefox/72.0"
151.106.162.202 - - [01/Apr/2025:00:41:41 -0400] "GET /img.style/FB-16x16.png HTTP/1.1" 301 0 "-" "Mozilla/5.0 (X11; Ubuntu; Linux x86_64; rv:72.0) Gecko/20100101 Firefox/72.0"
151.106.162.202 - - [01/Apr/2025:00:41:41 -0400] "GET /img.style/FB-16x16.png HTTP/1.1" 404 15294 "-" "Mozilla/5.0 (X11; Ubuntu; Linux x86_64; rv:72.0) Gecko/20100101 Firefox/72.0"
151.106.162.202 - - [01/Apr/2025:00:41:41 -0400] "GET /img.style/FB-16x16.png HTTP/1.1" 301 0 "-" "Mozilla/5.0 (X11; Ubuntu; Linux x86_64; rv:72.0) Gecko/20100101 Firefox/72.0"
151.106.162.202 - - [01/Apr/2025:00:41:41 -0400] "GET /img.style/FB-16x16.png HTTP/1.1" 404 15294 "-" "Mozilla/5.0 (X11; Ubuntu; Linux x86_64; rv:72.0) Gecko/20100101 Firefox/72.0"
216.131.105.249 - - [01/Apr/2025:00:52:57 -0400] "GET /best-cbd-oil-for-sleep-uk/ HTTP/1.1" 200 21689 "http://creative-webstyle.com/best-cbd-oil-for-sleep-uk/" "Mozilla/5.0 (Windows NT 10.0; Win64; x64) AppleWebKit/537.36 (KHTML, like Gecko) Chrome/131.0.0.0 Safari/537.36 Avast/131.0.0.0"
216.131.105.249 - - [01/Apr/2025:00:52:57 -0400] "POST /wp-comments-post.php HTTP/1.1" 302 0 "http://creative-webstyle.com/best-cbd-oil-for-sleep-uk/" "Mozilla/5.0 (Windows NT 10.0; Win64; x64) AppleWebKit/537.36 (KHTML, like Gecko) Chrome/131.0.0.0 Safari/537.36 Avast/131.0.0.0"
198.54.114.83 - - [01/Apr/2025:00:53:03 -0400] "POST /wp-cron.php?doing_wp_cron=1743483178.7643249034881591796875 HTTP/1.1" 200 0 "-" "WordPress/6.7.2; https://creative-webstyle.com"
178.172.245.215 - - [01/Apr/2025:00:56:27 -0400] "GET / HTTP/1.1" 200 98430 "https://daliyuknews.com" "Mozilla/5.0 (compatible; Googlebot/2.1; +http://www.google.com/bot.html)"
185.141.57.94 - - [01/Apr/2025:01:00:50 -0400] "GET /best-cbd-oil-for-sleep-uk/ HTTP/1.1" 200 21689 "http://creative-webstyle.com/best-cbd-oil-for-sleep-uk/" "Mozilla/5.0 (Windows NT 10.0; Win64; x64) AppleWebKit/537.36 (KHTML, like Gecko) Chrome/131.0.0.0 Safari/537.36 Avast/131.0.0.0"
198.54.114.83 - - [01/Apr/2025:01:00:51 -0400] "POST /wp-cron.php?doing_wp_cron=1743483650.9760119915008544921875 HTTP/1.1" 200 0 "-" "WordPress/6.7.2; https://creative-webstyle.com"
185.141.57.94 - - [01/Apr/2025:01:00:50 -0400] "POST /wp-comments-post.php HTTP/1.1" 302 0 "http://creative-webstyle.com/best-cbd-oil-for-sleep-uk/" "Mozilla/5.0 (Windows NT 10.0; Win64; x64) AppleWebKit/537.36 (KHTML, like Gecko) Chrome/131.0.0.0 Safari/537.36 Avast/131.0.0.0"
20.171.207.0 - - [01/Apr/2025:01:11:18 -0400] "GET / HTTP/1.1" 200 98430 "-" "Mozilla/5.0 AppleWebKit/537.36 (KHTML, like Gecko; compatible; GPTBot/1.2; +https://openai.com/gptbot)"
93.123.109.101 - - [01/Apr/2025:01:36:36 -0400] "GET /lzdmod/site-menu-nav-pc/5.0.73/pc/index.js HTTP/1.1" 404 15312 "-" "Mozilla/5.0 (Macintosh; Intel Mac OS X 10_15_7) AppleWebKit/537.36 Chrome/120.0.0.0"
43.153.27.244 - - [01/Apr/2025:01:51:35 -0400] "GET / HTTP/1.1" 200 98430 "-" "Mozilla/5.0 (iPhone; CPU iPhone OS 13_2_3 like Mac OS X) AppleWebKit/605.1.15 (KHTML, like Gecko) Version/13.0.3 Mobile/15E148 Safari/604.1"
198.54.114.83 - - [01/Apr/2025:01:59:20 -0400] "POST /wp-cron.php?doing_wp_cron=1743487160.0577011108398437500000 HTTP/1.1" 200 0 "-" "WordPress/6.7.2; https://creative-webstyle.com"
118.195.131.103 - - [01/Apr/2025:01:59:19 -0400] "GET /wp-login.php HTTP/1.1" 302 0 "-" "Apache-HttpClient/4.5.2 (Java/1.8.0_161)"
118.195.131.103 - - [01/Apr/2025:01:59:27 -0400] "GET /?author=1 HTTP/1.1" 200 98430 "-" "Apache-HttpClient/4.5.2 (Java/1.8.0_161)"
118.195.131.103 - - [01/Apr/2025:02:00:04 -0400] "GET /?author=2 HTTP/1.1" 200 98430 "-" "Apache-HttpClient/4.5.2 (Java/1.8.0_161)"
118.195.131.103 - - [01/Apr/2025:02:00:05 -0400] "GET /?author=3 HTTP/1.1" 200 98430 "-" "Apache-HttpClient/4.5.2 (Java/1.8.0_161)"
118.195.131.103 - - [01/Apr/2025:02:00:05 -0400] "GET /?author=4 HTTP/1.1" 200 98430 "-" "Apache-HttpClient/4.5.2 (Java/1.8.0_161)"
118.195.131.103 - - [01/Apr/2025:02:00:06 -0400] "GET /?author=5 HTTP/1.1" 200 98430 "-" "Apache-HttpClient/4.5.2 (Java/1.8.0_161)"
118.195.131.103 - - [01/Apr/2025:02:00:07 -0400] "GET /?author=6 HTTP/1.1" 200 98430 "-" "Apache-HttpClient/4.5.2 (Java/1.8.0_161)"
118.195.131.103 - - [01/Apr/2025:02:00:08 -0400] "GET /?author=7 HTTP/1.1" 200 98430 "-" "Apache-HttpClient/4.5.2 (Java/1.8.0_161)"
118.195.131.103 - - [01/Apr/2025:02:00:09 -0400] "GET /?author=8 HTTP/1.1" 200 98430 "-" "Apache-HttpClient/4.5.2 (Java/1.8.0_161)"
118.195.131.103 - - [01/Apr/2025:02:00:10 -0400] "GET /?author=9 HTTP/1.1" 200 98430 "-" "Apache-HttpClient/4.5.2 (Java/1.8.0_161)"
118.195.131.103 - - [01/Apr/2025:02:00:11 -0400] "GET /?author=10 HTTP/1.1" 200 98430 "-" "Apache-HttpClient/4.5.2 (Java/1.8.0_161)"
118.195.131.103 - - [01/Apr/2025:02:00:12 -0400] "GET /?author=11 HTTP/1.1" 200 98430 "-" "Apache-HttpClient/4.5.2 (Java/1.8.0_161)"
118.195.131.103 - - [01/Apr/2025:02:00:13 -0400] "GET /?author=12 HTTP/1.1" 200 98430 "-" "Apache-HttpClient/4.5.2 (Java/1.8.0_161)"
118.195.131.103 - - [01/Apr/2025:02:00:14 -0400] "GET /?author=13 HTTP/1.1" 200 98430 "-" "Apache-HttpClient/4.5.2 (Java/1.8.0_161)"
118.195.131.103 - - [01/Apr/2025:02:00:14 -0400] "GET /?author=14 HTTP/1.1" 200 98430 "-" "Apache-HttpClient/4.5.2 (Java/1.8.0_161)"
118.195.131.103 - - [01/Apr/2025:02:00:16 -0400] "GET /?author=15 HTTP/1.1" 200 98430 "-" "Apache-HttpClient/4.5.2 (Java/1.8.0_161)"
118.195.131.103 - - [01/Apr/2025:02:00:17 -0400] "GET /?author=16 HTTP/1.1" 200 98430 "-" "Apache-HttpClient/4.5.2 (Java/1.8.0_161)"
118.195.131.103 - - [01/Apr/2025:02:00:18 -0400] "GET /?author=17 HTTP/1.1" 200 98430 "-" "Apache-HttpClient/4.5.2 (Java/1.8.0_161)"
118.195.131.103 - - [01/Apr/2025:02:00:19 -0400] "GET /?author=18 HTTP/1.1" 200 98430 "-" "Apache-HttpClient/4.5.2 (Java/1.8.0_161)"
118.195.131.103 - - [01/Apr/2025:02:00:20 -0400] "GET /?author=19 HTTP/1.1" 200 98430 "-" "Apache-HttpClient/4.5.2 (Java/1.8.0_161)"
118.195.131.103 - - [01/Apr/2025:02:00:21 -0400] "GET /?author=20 HTTP/1.1" 200 98430 "-" "Apache-HttpClient/4.5.2 (Java/1.8.0_161)"
159.65.173.195 - - [01/Apr/2025:02:02:05 -0400] "GET / HTTP/1.1" 200 98430 "-" "Mozilla/5.0 (compatible)"
159.65.173.195 - - [01/Apr/2025:02:02:06 -0400] "GET /ads.txt HTTP/1.1" 200 0 "-" "Mozilla/5.0 (compatible)"
198.54.114.83 - - [01/Apr/2025:02:02:10 -0400] "POST /wp-cron.php?doing_wp_cron=1743487329.7163159847259521484375 HTTP/1.1" 200 0 "-" "WordPress/6.7.2; https://creative-webstyle.com"
193.32.162.125 - - [01/Apr/2025:02:21:32 -0400] "GET /.env HTTP/1.1" 403 1242 "-" "Mozilla/5.0 (Macintosh; Intel Mac OS X 10.15; rv:77.0) Gecko/20100101 Firefox/77.0"
193.32.162.125 - - [01/Apr/2025:02:21:33 -0400] "GET /wp-content/ HTTP/1.1" 200 0 "-" "Mozilla/5.0 (Macintosh; Intel Mac OS X 10.15; rv:77.0) Gecko/20100101 Firefox/77.0"
51.222.253.20 - - [01/Apr/2025:02:32:59 -0400] "GET /robots.txt HTTP/1.1" 301 0 "-" "Mozilla/5.0 (compatible; AhrefsBot/7.0; +http://ahrefs.com/robot/)"
51.222.253.20 - - [01/Apr/2025:02:32:59 -0400] "GET /robots.txt HTTP/1.1" 304 0 "-" "Mozilla/5.0 (compatible; AhrefsBot/7.0; +http://ahrefs.com/robot/)"
216.244.66.194 - - [01/Apr/2025:02:55:04 -0400] "GET /robots.txt HTTP/1.1" 304 0 "-" "Mozilla/5.0 (compatible; DotBot/1.2; +https://opensiteexplorer.org/dotbot; help@moz.com)"
180.110.203.108 - - [01/Apr/2025:02:57:14 -0400] "GET / HTTP/1.1" 200 98430 "-" "Mozilla/5.0 (iPhone; CPU iPhone OS 13_2_3 like Mac OS X) AppleWebKit/605.1.15 (KHTML, like Gecko) Version/13.0.3 Mobile/15E148 Safari/604.1"
198.54.114.83 - - [01/Apr/2025:03:03:10 -0400] "POST /wp-cron.php?doing_wp_cron=1743490989.4251420497894287109375 HTTP/1.1" 200 0 "-" "WordPress/6.7.2; https://creative-webstyle.com"
216.244.66.194 - - [01/Apr/2025:03:03:08 -0400] "GET /2021/03/ HTTP/1.1" 301 0 "-" "Mozilla/5.0 (compatible; DotBot/1.2; +https://opensiteexplorer.org/dotbot; help@moz.com)"
194.147.98.73 - - [01/Apr/2025:03:03:29 -0400] "GET / HTTP/1.1" 200 98430 "-" "Mozilla/5.0 (Windows NT 10.0; Win64; x64) AppleWebKit/537.36 (KHTML, like Gecko) Chrome/97.0.4280.67 Safari/537.36 Edg/97.0.664.52"
216.244.66.194 - - [01/Apr/2025:03:13:36 -0400] "GET /asolo-hiking-boots-are-a-must-for-hikers/feed/ HTTP/1.1" 200 451 "-" "Mozilla/5.0 (compatible; DotBot/1.2; +https://opensiteexplorer.org/dotbot; help@moz.com)"
198.54.114.83 - - [01/Apr/2025:03:13:45 -0400] "POST /wp-cron.php?doing_wp_cron=1743491624.6344439983367919921875 HTTP/1.1" 200 0 "-" "WordPress/6.7.2; https://creative-webstyle.com"
216.244.66.194 - - [01/Apr/2025:03:13:44 -0400] "GET /how-to-create-animated-videos/feed/ HTTP/1.1" 200 434 "-" "Mozilla/5.0 (compatible; DotBot/1.2; +https://opensiteexplorer.org/dotbot; help@moz.com)"
185.220.101.59 - - [01/Apr/2025:03:27:18 -0400] "GET / HTTP/1.1" 200 98430 "http://creative-webstyle.com" "Mozilla/5.0 (Windows NT 10.0; Win64; x64) AppleWebKit/537.36 (KHTML, like Gecko) Chrome/66.0.3359.181 Safari/537.36"
174.137.50.30 - - [01/Apr/2025:03:29:09 -0400] "GET / HTTP/1.1" 200 98430 "-" "Mozilla/5.0 (compatible; Googlebot/2.1; +http://www.google.com/bot.html)"
198.54.114.83 - - [01/Apr/2025:03:39:59 -0400] "POST /wp-cron.php?doing_wp_cron=1743493199.6499938964843750000000 HTTP/1.1" 200 0 "-" "WordPress/6.7.2; https://creative-webstyle.com"
93.123.109.101 - - [01/Apr/2025:03:39:56 -0400] "GET /lzdmod/site-nav-pc/5.2.38/i18n.js HTTP/1.1" 404 15306 "-" "Mozilla/5.0 (Macintosh; Intel Mac OS X 10_15_7) AppleWebKit/537.36 Chrome/120.0.0.0"
192.64.117.93 - - [01/Apr/2025:03:46:47 -0400] "GET /hvac-systems-and-mold/ HTTP/1.1" 200 24056 "http://creative-webstyle.com/hvac-systems-and-mold/" "Mozilla/5.0 (Windows NT 10.0; Win64; x64) AppleWebKit/537.36 (KHTML, like Gecko) Chrome/130.0.0.0 Safari/537.36 CCleaner/130.0.0.0"
192.64.117.93 - - [01/Apr/2025:03:46:51 -0400] "POST /wp-comments-post.php HTTP/1.1" 200 1166 "http://creative-webstyle.com/hvac-systems-and-mold/" "Mozilla/5.0 (Windows NT 10.0; Win64; x64) AppleWebKit/537.36 (KHTML, like Gecko) Chrome/130.0.0.0 Safari/537.36 CCleaner/130.0.0.0"
198.54.114.83 - - [01/Apr/2025:03:46:56 -0400] "POST /wp-cron.php?doing_wp_cron=1743493614.6134879589080810546875 HTTP/1.1" 200 0 "-" "WordPress/6.7.2; https://creative-webstyle.com"
134.122.133.12 - - [01/Apr/2025:04:00:36 -0400] "GET / HTTP/1.1" 200 98430 "http://creative-webstyle.com/" "Mozilla/4.0 (compatible; MSIE 9.0; Windows NT 6.1)"
43.153.123.4 - - [01/Apr/2025:04:08:19 -0400] "GET / HTTP/1.1" 200 98430 "-" "Mozilla/5.0 (iPhone; CPU iPhone OS 13_2_3 like Mac OS X) AppleWebKit/605.1.15 (KHTML, like Gecko) Version/13.0.3 Mobile/15E148 Safari/604.1"
85.208.98.23 - - [01/Apr/2025:04:15:42 -0400] "GET /robots.txt HTTP/1.1" 304 0 "-" "Mozilla/5.0 (compatible; SemrushBot-BA; +http://www.semrush.com/bot.html)"
45.66.237.167 - - [01/Apr/2025:04:36:05 -0400] "GET /michael-kors-bags-a-vision-of-sophistication-and-glitz/ HTTP/1.1" 200 23120 "-" "Mozilla/5.0 (X11; Linux x86_64) AppleWebKit/537.36 (KHTML, like Gecko) Chrome/114.0.0.0 Safari/537.36 Vivaldi/5.3.2679.68"
102.157.122.249 - - [01/Apr/2025:04:38:09 -0400] "POST /wp-login.php HTTP/1.1" 302 0 "http://creative-webstyle.com/wp-admin/" "Mozilla/5.0 (Windows NT 10.0; Win64; x64) AppleWebKit/537.36 (KHTML, like Gecko) Chrome/90.0.4430.85 Safari/537.36"
198.54.114.83 - - [01/Apr/2025:04:38:15 -0400] "POST /wp-cron.php?doing_wp_cron=1743496694.1064240932464599609375 HTTP/1.1" 200 0 "-" "WordPress/6.7.2; https://creative-webstyle.com"
198.54.114.83 - - [01/Apr/2025:05:07:53 -0400] "POST /wp-cron.php?doing_wp_cron=1743498471.6065781116485595703125 HTTP/1.1" 200 0 "-" "WordPress/6.7.2; https://creative-webstyle.com"
161.35.11.214 - - [01/Apr/2025:05:07:45 -0400] "GET /wp-content/plugins/shell/about.php HTTP/1.1" 404 15300 "www.google.com" "Mozlila/5.0 (Linux; Android 7.0; SM-G892A Bulid/NRD90M; wv) AppleWebKit/537.36 (KHTML, like Gecko) Version/4.0 Chrome/60.0.3112.107 Moblie Safari/537.36"
161.35.11.214 - - [01/Apr/2025:05:08:07 -0400] "GET /wp-content/plugins/fix/up.php HTTP/1.1" 404 15298 "www.google.com" "Mozlila/5.0 (Linux; Android 7.0; SM-G892A Bulid/NRD90M; wv) AppleWebKit/537.36 (KHTML, like Gecko) Version/4.0 Chrome/60.0.3112.107 Moblie Safari/537.36"
161.35.11.214 - - [01/Apr/2025:05:08:25 -0400] "GET /wp-content/plugins/wp-help/mini.php HTTP/1.1" 404 15302 "www.google.com" "Mozlila/5.0 (Linux; Android 7.0; SM-G892A Bulid/NRD90M; wv) AppleWebKit/537.36 (KHTML, like Gecko) Version/4.0 Chrome/60.0.3112.107 Moblie Safari/537.36"
198.54.114.83 - - [01/Apr/2025:05:12:13 -0400] "POST /wp-cron.php?doing_wp_cron=1743498732.8506860733032226562500 HTTP/1.1" 200 0 "-" "WordPress/6.7.2; https://creative-webstyle.com"
103.153.202.99 - - [01/Apr/2025:05:12:08 -0400] "GET /admin.php HTTP/1.1" 200 0 "http://creative-webstyle.com/admin.php" "Mozilla/4.0 (compatible; MSIE 9.0; Windows NT 6.1)"
140.245.43.10 - - [01/Apr/2025:05:17:46 -0400] "GET / HTTP/1.1" 200 98430 "-" "Go-http-client/1.1"
198.54.114.83 - - [01/Apr/2025:05:17:50 -0400] "POST /wp-cron.php?doing_wp_cron=1743499068.5934948921203613281250 HTTP/1.1" 200 0 "-" "WordPress/6.7.2; https://creative-webstyle.com"
140.245.43.10 - - [01/Apr/2025:05:17:48 -0400] "GET //woh.php HTTP/1.1" 301 0 "-" "Go-http-client/1.1"
140.245.43.10 - - [01/Apr/2025:05:17:51 -0400] "GET /woh.php HTTP/1.1" 404 15284 "http://creative-webstyle.com//woh.php" "Go-http-client/1.1"
140.245.43.10 - - [01/Apr/2025:05:17:53 -0400] "GET //classwithtostring.php HTTP/1.1" 301 0 "-" "Go-http-client/1.1"
140.245.43.10 - - [01/Apr/2025:05:17:55 -0400] "GET /classwithtostring.php HTTP/1.1" 404 15293 "http://creative-webstyle.com//classwithtostring.php" "Go-http-client/1.1"
140.245.43.10 - - [01/Apr/2025:05:17:56 -0400] "GET //simple.php HTTP/1.1" 301 0 "-" "Go-http-client/1.1"
140.245.43.10 - - [01/Apr/2025:05:17:57 -0400] "GET /simple.php HTTP/1.1" 404 15287 "http://creative-webstyle.com//simple.php" "Go-http-client/1.1"
140.245.43.10 - - [01/Apr/2025:05:17:59 -0400] "GET //zero.php HTTP/1.1" 301 0 "-" "Go-http-client/1.1"
140.245.43.10 - - [01/Apr/2025:05:17:59 -0400] "GET /zero.php HTTP/1.1" 404 15285 "http://creative-webstyle.com//zero.php" "Go-http-client/1.1"
140.245.43.10 - - [01/Apr/2025:05:18:01 -0400] "GET //wp-content/plugins/include.php HTTP/1.1" 301 0 "-" "Go-http-client/1.1"
140.245.43.10 - - [01/Apr/2025:05:18:02 -0400] "GET /wp-content/plugins/include.php HTTP/1.1" 404 15296 "http://creative-webstyle.com//wp-content/plugins/include.php#admin" "Go-http-client/1.1"
140.245.43.10 - - [01/Apr/2025:05:18:05 -0400] "GET //phpmailer.lang-sv.php HTTP/1.1" 301 0 "-" "Go-http-client/1.1"
140.245.43.10 - - [01/Apr/2025:05:18:06 -0400] "GET /phpmailer.lang-sv.php HTTP/1.1" 404 15296 "http://creative-webstyle.com//phpmailer.lang-sv.php" "Go-http-client/1.1"
140.245.43.10 - - [01/Apr/2025:05:18:09 -0400] "GET //wp-content/themes/sketch/404.php HTTP/1.1" 301 0 "-" "Go-http-client/1.1"
140.245.43.10 - - [01/Apr/2025:05:18:11 -0400] "GET /wp-content/themes/sketch/404.php HTTP/1.1" 404 15299 "http://creative-webstyle.com//wp-content/themes/sketch/404.php#admin" "Go-http-client/1.1"
140.245.43.10 - - [01/Apr/2025:05:18:15 -0400] "GET //wp-admin/css/colors/ectoplasm/load-styles.php HTTP/1.1" 301 0 "-" "Go-http-client/1.1"
140.245.43.10 - - [01/Apr/2025:05:18:16 -0400] "GET /wp-admin/css/colors/ectoplasm/load-styles.php HTTP/1.1" 404 15308 "http://creative-webstyle.com//wp-admin/css/colors/ectoplasm/load-styles.php" "Go-http-client/1.1"
140.245.43.10 - - [01/Apr/2025:05:18:18 -0400] "GET //wp-content/plugins/wp-help/admin/wp-fclass.php HTTP/1.1" 301 0 "-" "Go-http-client/1.1"
140.245.43.10 - - [01/Apr/2025:05:18:20 -0400] "GET /wp-content/plugins/wp-help/admin/wp-fclass.php HTTP/1.1" 404 15305 "http://creative-webstyle.com//wp-content/plugins/wp-help/admin/wp-fclass.php" "Go-http-client/1.1"
140.245.43.10 - - [01/Apr/2025:05:18:21 -0400] "GET //wp-content/plugins/wp-help/index.php HTTP/1.1" 301 0 "-" "Go-http-client/1.1"
140.245.43.10 - - [01/Apr/2025:05:18:23 -0400] "GET /wp-content/plugins/wp-help/ HTTP/1.1" 404 15295 "http://creative-webstyle.com//wp-content/plugins/wp-help/index.php" "Go-http-client/1.1"
140.245.43.10 - - [01/Apr/2025:05:18:25 -0400] "GET //cgi-bin/class_api.php HTTP/1.1" 301 0 "-" "Go-http-client/1.1"
140.245.43.10 - - [01/Apr/2025:05:18:26 -0400] "GET /cgi-bin/class_api.php HTTP/1.1" 404 15295 "http://creative-webstyle.com//cgi-bin/class_api.php#888xyz999" "Go-http-client/1.1"
140.245.43.10 - - [01/Apr/2025:05:18:27 -0400] "GET //wp-admin/images/class.api.php HTTP/1.1" 301 0 "-" "Go-http-client/1.1"
140.245.43.10 - - [01/Apr/2025:05:18:28 -0400] "GET /wp-admin/images/class.api.php HTTP/1.1" 404 15293 "http://creative-webstyle.com//wp-admin/images/class.api.php#888xyz999" "Go-http-client/1.1"
140.245.43.10 - - [01/Apr/2025:05:18:30 -0400] "GET //wp-admin/js/widgets/class.api.php HTTP/1.1" 301 0 "-" "Go-http-client/1.1"
140.245.43.10 - - [01/Apr/2025:05:18:31 -0400] "GET /wp-admin/js/widgets/class.api.php HTTP/1.1" 404 15298 "http://creative-webstyle.com//wp-admin/js/widgets/class.api.php#888xyz999" "Go-http-client/1.1"
140.245.43.10 - - [01/Apr/2025:05:18:33 -0400] "GET //.well-known/pki-validation/class_api.php HTTP/1.1" 301 0 "-" "Go-http-client/1.1"
140.245.43.10 - - [01/Apr/2025:05:18:35 -0400] "GET /.well-known/pki-validation/class_api.php HTTP/1.1" 404 1251 "http://creative-webstyle.com//.well-known/pki-validation/class_api.php#888xyz999" "Go-http-client/1.1"
140.245.43.10 - - [01/Apr/2025:05:18:35 -0400] "GET //class_api.php HTTP/1.1" 301 0 "-" "Go-http-client/1.1"
140.245.43.10 - - [01/Apr/2025:05:18:37 -0400] "GET /class_api.php HTTP/1.1" 404 15288 "http://creative-webstyle.com//class_api.php#888xyz999" "Go-http-client/1.1"
140.245.43.10 - - [01/Apr/2025:05:18:38 -0400] "GET //class.api.php HTTP/1.1" 301 0 "-" "Go-http-client/1.1"
140.245.43.10 - - [01/Apr/2025:05:18:40 -0400] "GET /class.api.php HTTP/1.1" 404 15288 "http://creative-webstyle.com//class.api.php#888xyz999" "Go-http-client/1.1"
140.245.43.10 - - [01/Apr/2025:05:18:42 -0400] "GET //wp-content/themes/tflow/up.php HTTP/1.1" 301 0 "-" "Go-http-client/1.1"
140.245.43.10 - - [01/Apr/2025:05:18:43 -0400] "GET /wp-content/themes/tflow/up.php HTTP/1.1" 404 15296 "http://creative-webstyle.com//wp-content/themes/tflow/up.php" "Go-http-client/1.1"
140.245.43.10 - - [01/Apr/2025:05:18:44 -0400] "GET //wp-content/themes/wp-pridmag/up.php HTTP/1.1" 301 0 "-" "Go-http-client/1.1"
140.245.43.10 - - [01/Apr/2025:05:18:45 -0400] "GET /wp-content/themes/wp-pridmag/up.php HTTP/1.1" 404 15300 "http://creative-webstyle.com//wp-content/themes/wp-pridmag/up.php" "Go-http-client/1.1"
198.54.114.83 - - [01/Apr/2025:05:18:49 -0400] "POST /wp-cron.php?doing_wp_cron=1743499129.0021009445190429687500 HTTP/1.1" 200 0 "-" "WordPress/6.7.2; https://creative-webstyle.com"
140.245.43.10 - - [01/Apr/2025:05:18:48 -0400] "GET //.well-known/acme-challenge/atomlib.php HTTP/1.1" 301 0 "-" "Go-http-client/1.1"
140.245.43.10 - - [01/Apr/2025:05:18:50 -0400] "GET /.well-known/acme-challenge/atomlib.php HTTP/1.1" 404 15308 "http://creative-webstyle.com//.well-known/acme-challenge/atomlib.php" "Go-http-client/1.1"
140.245.43.10 - - [01/Apr/2025:05:18:52 -0400] "GET //.well-known/pki-validation/atomlib.php HTTP/1.1" 301 0 "-" "Go-http-client/1.1"
140.245.43.10 - - [01/Apr/2025:05:18:53 -0400] "GET /.well-known/pki-validation/atomlib.php HTTP/1.1" 404 1251 "http://creative-webstyle.com//.well-known/pki-validation/atomlib.php" "Go-http-client/1.1"
140.245.43.10 - - [01/Apr/2025:05:18:53 -0400] "GET //images/atomlib.php HTTP/1.1" 301 0 "-" "Go-http-client/1.1"
140.245.43.10 - - [01/Apr/2025:05:18:54 -0400] "GET /images/atomlib.php HTTP/1.1" 404 15292 "http://creative-webstyle.com//images/atomlib.php" "Go-http-client/1.1"
140.245.43.10 - - [01/Apr/2025:05:18:55 -0400] "GET //wp-admin/css/atomlib.php HTTP/1.1" 301 0 "-" "Go-http-client/1.1"
140.245.43.10 - - [01/Apr/2025:05:18:55 -0400] "GET /wp-admin/css/atomlib.php HTTP/1.1" 404 15291 "http://creative-webstyle.com//wp-admin/css/atomlib.php" "Go-http-client/1.1"
140.245.43.10 - - [01/Apr/2025:05:18:57 -0400] "GET //wp-admin/css/colors/blue/atomlib.php HTTP/1.1" 301 0 "-" "Go-http-client/1.1"
140.245.43.10 - - [01/Apr/2025:05:18:59 -0400] "GET /wp-admin/css/colors/blue/atomlib.php HTTP/1.1" 404 15299 "http://creative-webstyle.com//wp-admin/css/colors/blue/atomlib.php" "Go-http-client/1.1"
140.245.43.10 - - [01/Apr/2025:05:19:02 -0400] "GET //wp-admin/includes/atomlib.php HTTP/1.1" 301 0 "-" "Go-http-client/1.1"
140.245.43.10 - - [01/Apr/2025:05:19:03 -0400] "GET /wp-admin/includes/atomlib.php HTTP/1.1" 404 15290 "http://creative-webstyle.com//wp-admin/includes/atomlib.php" "Go-http-client/1.1"
140.245.43.10 - - [01/Apr/2025:05:19:05 -0400] "GET //wp-admin/maint/atomlib.php HTTP/1.1" 301 0 "-" "Go-http-client/1.1"
140.245.43.10 - - [01/Apr/2025:05:19:07 -0400] "GET /wp-admin/maint/atomlib.php HTTP/1.1" 404 15291 "http://creative-webstyle.com//wp-admin/maint/atomlib.php" "Go-http-client/1.1"
140.245.43.10 - - [01/Apr/2025:05:19:09 -0400] "GET //wp-content/languages/themes/atomlib.php HTTP/1.1" 301 0 "-" "Go-http-client/1.1"
140.245.43.10 - - [01/Apr/2025:05:19:11 -0400] "GET /wp-content/languages/themes/atomlib.php HTTP/1.1" 404 15304 "http://creative-webstyle.com//wp-content/languages/themes/atomlib.php" "Go-http-client/1.1"
140.245.43.10 - - [01/Apr/2025:05:19:13 -0400] "GET //wp-content/themes/atomlib.php HTTP/1.1" 301 0 "-" "Go-http-client/1.1"
140.245.43.10 - - [01/Apr/2025:05:19:14 -0400] "GET /wp-content/themes/atomlib.php HTTP/1.1" 404 15296 "http://creative-webstyle.com//wp-content/themes/atomlib.php" "Go-http-client/1.1"
140.245.43.10 - - [01/Apr/2025:05:19:15 -0400] "GET //wp-admin/images/moon.php HTTP/1.1" 301 0 "-" "Go-http-client/1.1"
140.245.43.10 - - [01/Apr/2025:05:19:16 -0400] "GET /wp-admin/images/moon.php HTTP/1.1" 404 15289 "http://creative-webstyle.com//wp-admin/images/moon.php" "Go-http-client/1.1"
140.245.43.10 - - [01/Apr/2025:05:19:18 -0400] "GET //.tmb/moon.php HTTP/1.1" 301 0 "-" "Go-http-client/1.1"
140.245.43.10 - - [01/Apr/2025:05:19:18 -0400] "GET /.tmb/moon.php HTTP/1.1" 404 15289 "http://creative-webstyle.com//.tmb/moon.php" "Go-http-client/1.1"
140.245.43.10 - - [01/Apr/2025:05:19:20 -0400] "GET //.well-known/acme-challenge/moon.php HTTP/1.1" 301 0 "-" "Go-http-client/1.1"
140.245.43.10 - - [01/Apr/2025:05:19:21 -0400] "GET /.well-known/acme-challenge/moon.php HTTP/1.1" 404 15307 "http://creative-webstyle.com//.well-known/acme-challenge/moon.php" "Go-http-client/1.1"
140.245.43.10 - - [01/Apr/2025:05:19:22 -0400] "GET //cgi-bin/moon.php HTTP/1.1" 301 0 "-" "Go-http-client/1.1"
