45.146.54.15 - - [30/Mar/2025:07:07:14 -0400] "GET /1337.php HTTP/1.1" 404 15284 "-" "Go-http-client/1.1"
45.146.54.15 - - [30/Mar/2025:07:07:15 -0400] "GET /upgrade.php HTTP/1.1" 404 15287 "-" "Go-http-client/1.1"
45.146.54.15 - - [30/Mar/2025:07:07:15 -0400] "GET /wp-content/tmpls.php HTTP/1.1" 404 15289 "-" "Go-http-client/1.1"
45.146.54.15 - - [30/Mar/2025:07:07:16 -0400] "GET /.well-known/pki-validation/about.php HTTP/1.1" 404 1251 "-" "Go-http-client/1.1"
45.146.54.15 - - [30/Mar/2025:07:07:16 -0400] "GET /editor.php HTTP/1.1" 404 15285 "-" "Go-http-client/1.1"
45.146.54.15 - - [30/Mar/2025:07:07:17 -0400] "GET /class.php HTTP/1.1" 404 15283 "-" "Go-http-client/1.1"
45.146.54.15 - - [30/Mar/2025:07:07:18 -0400] "GET /wp-includes/Text/about.php HTTP/1.1" 404 15291 "-" "Go-http-client/1.1"
45.146.54.15 - - [30/Mar/2025:07:07:18 -0400] "GET /wp-includes/wp-class.php HTTP/1.1" 404 15287 "-" "Go-http-client/1.1"
45.146.54.15 - - [30/Mar/2025:07:07:19 -0400] "GET /wp-admin/maint/upfile.php HTTP/1.1" 404 15291 "-" "Go-http-client/1.1"
45.146.54.15 - - [30/Mar/2025:07:07:20 -0400] "GET /wp-includes/room.php HTTP/1.1" 404 15287 "-" "Go-http-client/1.1"
45.146.54.15 - - [30/Mar/2025:07:07:21 -0400] "GET /3m/wp-admin/css/colors/blue/ HTTP/1.1" 404 15293 "-" "Go-http-client/1.1"
45.146.54.15 - - [30/Mar/2025:07:07:21 -0400] "GET /default.php HTTP/1.1" 404 15286 "-" "Go-http-client/1.1"
45.146.54.15 - - [30/Mar/2025:07:07:22 -0400] "GET /wp-content/themes/seotheme/db.php HTTP/1.1" 404 15297 "-" "Go-http-client/1.1"
45.146.54.15 - - [30/Mar/2025:07:07:23 -0400] "GET /wp-content/plugins/ubh/up.php HTTP/1.1" 404 15297 "-" "Go-http-client/1.1"
45.146.54.15 - - [30/Mar/2025:07:07:24 -0400] "GET /wp-content/themes/pridmag/db.php?u HTTP/1.1" 404 15300 "-" "Go-http-client/1.1"
45.146.54.15 - - [30/Mar/2025:07:07:25 -0400] "GET /wp-content/plugins/pwnd/pwnd.php HTTP/1.1" 404 15296 "-" "Go-http-client/1.1"
45.146.54.15 - - [30/Mar/2025:07:07:25 -0400] "GET /wp-content/ThreeFox_Exploit/index.php?threefox HTTP/1.1" 301 0 "-" "Go-http-client/1.1"
45.146.54.15 - - [30/Mar/2025:07:07:26 -0400] "GET /wp-content/ThreeFox_Exploit/?threefox HTTP/1.1" 404 15304 "http://creative-webstyle.com/wp-content/ThreeFox_Exploit/index.php?threefox" "Go-http-client/1.1"
45.146.54.15 - - [30/Mar/2025:07:07:26 -0400] "GET /test.php HTTP/1.1" 404 15284 "-" "Go-http-client/1.1"
45.148.10.237 - - [30/Mar/2025:07:27:20 -0400] "GET /code/npm/@ali/lzd-h5-utils-jsonp/1.1.11/index.js HTTP/1.1" 404 15322 "-" "Mozilla/5.0 (Macintosh; Intel Mac OS X 10_15_7) AppleWebKit/537.36 Chrome/120.0.0.0"
216.244.66.194 - - [30/Mar/2025:07:28:53 -0400] "GET /robots.txt HTTP/1.1" 200 132 "-" "Mozilla/5.0 (compatible; DotBot/1.2; +https://opensiteexplorer.org/dotbot; help@moz.com)"
198.54.114.83 - - [30/Mar/2025:07:39:40 -0400] "POST /wp-cron.php?doing_wp_cron=1743334780.5906620025634765625000 HTTP/1.1" 200 0 "-" "WordPress/6.7.2; https://creative-webstyle.com"
196.251.69.226 - - [30/Mar/2025:07:39:40 -0400] "GET /wp-content/themes/wp-pridmag/up.php HTTP/1.1" 404 15299 "www.google.com" "Mozlila/5.0 (Linux; Android 7.0; SM-G892A Bulid/NRD90M; wv) AppleWebKit/537.36 (KHTML, like Gecko) Version/4.0 Chrome/60.0.3112.107 Moblie Safari/537.36"
203.33.203.148 - - [30/Mar/2025:07:42:35 -0400] "GET / HTTP/1.1" 200 98430 "-" "Mozilla/5.0 (iPhone; CPU iPhone OS 13_2_3 like Mac OS X) AppleWebKit/605.1.15 (KHTML, like Gecko) Version/13.0.3 Mobile/15E148 Safari/604.1"
196.251.69.226 - - [30/Mar/2025:07:43:07 -0400] "POST /wp-content/plugins/about.php HTTP/1.1" 403 1242 "http://creative-webstyle.com" "Mozilla/5.0 (Windows NT 10.0; Win64; x64) AppleWebKit/537.36 (KHTML, like Gecko) Chrome/91.0.4472.124 Safari/537.36"
196.251.69.226 - - [30/Mar/2025:07:43:07 -0400] "GET /wp-content/about.php HTTP/1.1" 404 15286 "http://creative-webstyle.com" "Mozilla/5.0 (Windows NT 10.0; Win64; x64) AppleWebKit/537.36 (KHTML, like Gecko) Chrome/91.0.4472.124 Safari/537.36"
196.251.69.226 - - [30/Mar/2025:07:43:10 -0400] "POST /wp-content/plugins/about.php HTTP/1.1" 403 1242 "http://creative-webstyle.com" "Mozilla/5.0 (Windows NT 10.0; Win64; x64) AppleWebKit/537.36 (KHTML, like Gecko) Chrome/91.0.4472.124 Safari/537.36"
196.251.69.226 - - [30/Mar/2025:07:43:11 -0400] "GET /wp-content/about.php HTTP/1.1" 404 15286 "http://creative-webstyle.com" "Mozilla/5.0 (Windows NT 10.0; Win64; x64) AppleWebKit/537.36 (KHTML, like Gecko) Chrome/91.0.4472.124 Safari/537.36"
196.251.69.226 - - [30/Mar/2025:07:43:16 -0400] "POST /wp-content/plugins/about.php HTTP/1.1" 403 1242 "http://creative-webstyle.com" "Mozilla/5.0 (Windows NT 10.0; Win64; x64) AppleWebKit/537.36 (KHTML, like Gecko) Chrome/91.0.4472.124 Safari/537.36"
196.251.69.226 - - [30/Mar/2025:07:43:16 -0400] "GET /wp-content/about.php HTTP/1.1" 404 15286 "http://creative-webstyle.com" "Mozilla/5.0 (Windows NT 10.0; Win64; x64) AppleWebKit/537.36 (KHTML, like Gecko) Chrome/91.0.4472.124 Safari/537.36"
196.251.69.226 - - [30/Mar/2025:07:43:18 -0400] "POST /wp.php HTTP/1.1" 403 1242 "http://creative-webstyle.com" "Mozilla/5.0 (Windows NT 10.0; Win64; x64) AppleWebKit/537.36 (KHTML, like Gecko) Chrome/91.0.4472.124 Safari/537.36"
196.251.69.226 - - [30/Mar/2025:07:43:18 -0400] "GET /about.php HTTP/1.1" 404 15281 "http://creative-webstyle.com" "Mozilla/5.0 (Windows NT 10.0; Win64; x64) AppleWebKit/537.36 (KHTML, like Gecko) Chrome/91.0.4472.124 Safari/537.36"
198.54.114.83 - - [30/Mar/2025:07:47:42 -0400] "POST /wp-cron.php?doing_wp_cron=1743335262.6282770633697509765625 HTTP/1.1" 200 0 "-" "WordPress/6.7.2; https://creative-webstyle.com"
216.244.66.194 - - [30/Mar/2025:07:47:42 -0400] "GET /2024/09/18/ HTTP/1.1" 301 0 "-" "Mozilla/5.0 (compatible; DotBot/1.2; +https://opensiteexplorer.org/dotbot; help@moz.com)"
95.209.133.141 - - [30/Mar/2025:08:01:09 -0400] "GET / HTTP/1.1" 200 98430 "-" "Timpibot/0.9 (+http://www.timpi.io)"
196.251.69.226 - - [30/Mar/2025:08:10:04 -0400] "POST /wp-content/plugins/about.php HTTP/1.1" 403 1242 "http://creative-webstyle.com" "Mozilla/5.0 (Windows NT 10.0; Win64; x64) AppleWebKit/537.36 (KHTML, like Gecko) Chrome/91.0.4472.124 Safari/537.36"
196.251.69.226 - - [30/Mar/2025:08:10:04 -0400] "GET /wp-content/about.php HTTP/1.1" 404 15286 "http://creative-webstyle.com" "Mozilla/5.0 (Windows NT 10.0; Win64; x64) AppleWebKit/537.36 (KHTML, like Gecko) Chrome/91.0.4472.124 Safari/537.36"
196.251.69.226 - - [30/Mar/2025:08:10:06 -0400] "POST /wp.php HTTP/1.1" 403 1242 "http://creative-webstyle.com" "Mozilla/5.0 (Windows NT 10.0; Win64; x64) AppleWebKit/537.36 (KHTML, like Gecko) Chrome/91.0.4472.124 Safari/537.36"
196.251.69.226 - - [30/Mar/2025:08:10:09 -0400] "GET /about.php HTTP/1.1" 404 15281 "http://creative-webstyle.com" "Mozilla/5.0 (Windows NT 10.0; Win64; x64) AppleWebKit/537.36 (KHTML, like Gecko) Chrome/91.0.4472.124 Safari/537.36"
198.54.114.83 - - [30/Mar/2025:08:11:40 -0400] "POST /wp-cron.php?doing_wp_cron=1743336700.0104620456695556640625 HTTP/1.1" 200 0 "-" "WordPress/6.7.2; https://creative-webstyle.com"
114.168.236.183 - - [30/Mar/2025:08:11:39 -0400] "POST /wp-login.php HTTP/1.1" 302 0 "-" "Mozilla/5.0 (Windows NT 10.0; Win64; x64; rv:95.0) Gecko/20100101 Firefox/95.0"
216.244.66.194 - - [30/Mar/2025:08:15:43 -0400] "GET /robots.txt HTTP/1.1" 304 0 "-" "Mozilla/5.0 (compatible; DotBot/1.2; +https://opensiteexplorer.org/dotbot; help@moz.com)"
198.54.114.83 - - [30/Mar/2025:08:28:18 -0400] "POST /wp-cron.php?doing_wp_cron=1743337698.1805810928344726562500 HTTP/1.1" 200 0 "-" "WordPress/6.7.2; https://creative-webstyle.com"
216.244.66.194 - - [30/Mar/2025:08:28:13 -0400] "GET /2023/03/07/ HTTP/1.1" 301 0 "-" "Mozilla/5.0 (compatible; DotBot/1.2; +https://opensiteexplorer.org/dotbot; help@moz.com)"
198.54.114.83 - - [30/Mar/2025:08:28:55 -0400] "POST /wp-cron.php?doing_wp_cron=1743337735.4253211021423339843750 HTTP/1.1" 200 0 "-" "WordPress/6.7.2; https://creative-webstyle.com"
216.244.66.194 - - [30/Mar/2025:08:28:55 -0400] "GET /2023/06/11/ HTTP/1.1" 301 0 "-" "Mozilla/5.0 (compatible; DotBot/1.2; +https://opensiteexplorer.org/dotbot; help@moz.com)"
216.244.66.194 - - [30/Mar/2025:08:29:26 -0400] "GET /2023/12/17/ HTTP/1.1" 301 0 "-" "Mozilla/5.0 (compatible; DotBot/1.2; +https://opensiteexplorer.org/dotbot; help@moz.com)"
196.251.80.22 - - [30/Mar/2025:08:29:47 -0400] "GET / HTTP/1.1" 200 98430 "-" "Mozlila/5.0 (Linux; Android 7.0; SM-G892A Bulid/NRD90M; wv) AppleWebKit/537.36 (KHTML, like Gecko) Version/4.0 Chrome/60.0.3112.107 Moblie Safari/537.36"
196.251.80.22 - - [30/Mar/2025:08:29:47 -0400] "POST /ALFA_DATA/alfacgiapi/perl.alfa HTTP/1.1" 404 15257 "www.google.com" "Mozlila/5.0 (Linux; Android 7.0; SM-G892A Bulid/NRD90M; wv) AppleWebKit/537.36 (KHTML, like Gecko) Version/4.0 Chrome/60.0.3112.107 Moblie Safari/537.36"
196.251.80.22 - - [30/Mar/2025:08:29:47 -0400] "GET /wp-content/plugins/fix/up.php HTTP/1.1" 404 15297 "-" "Mozilla/5.0 (Windows NT 10.0; Win64; x64) AppleWebKit/537.36 (KHTML, like Gecko) Chrome/85.0.4183.102 Safari/537.36"
196.251.80.22 - - [30/Mar/2025:08:29:47 -0400] "GET /wp-content/themes/seotheme/db.php?u HTTP/1.1" 404 15298 "www.google.com" "Mozlila/5.0 (Linux; Android 7.0; SM-G892A Bulid/NRD90M; wv) AppleWebKit/537.36 (KHTML, like Gecko) Version/4.0 Chrome/60.0.3112.107 Moblie Safari/537.36"
196.251.80.22 - - [30/Mar/2025:08:29:47 -0400] "POST /wp-plain.php HTTP/1.1" 404 15236 "www.google.com" "Mozilla/5.0 (Linux; Android 7.0; SM-G892A Bulid/NRD90M; wv) AppleWebKit/537.36 (KHTML, like Gecko) Version/4.0 Chrome/60.0.3112.107 Moblie Safari/537.36"
196.251.80.22 - - [30/Mar/2025:08:29:48 -0400] "POST /alfacgiapi/perl.alfa HTTP/1.1" 404 15244 "www.google.com" "Mozlila/5.0 (Linux; Android 7.0; SM-G892A Bulid/NRD90M; wv) AppleWebKit/537.36 (KHTML, like Gecko) Version/4.0 Chrome/60.0.3112.107 Moblie Safari/537.36"
196.251.80.22 - - [30/Mar/2025:08:29:48 -0400] "GET /vpyscggz.php?Fox=d3wL7 HTTP/1.1" 404 15297 "www.google.com" "Mozilla/5.0 (Linux; Android 7.0; SM-G892A Bulid/NRD90M; wv) AppleWebKit/537.36 (KHTML, like Gecko) Version/4.0 Chrome/60.0.3112.107 Moblie Safari/537.36"
198.54.114.83 - - [30/Mar/2025:08:35:25 -0400] "POST /wp-cron.php?doing_wp_cron=1743338123.6751949787139892578125 HTTP/1.1" 200 0 "-" "WordPress/6.7.2; https://creative-webstyle.com"
216.244.66.194 - - [30/Mar/2025:08:35:18 -0400] "GET /page/43/ HTTP/1.1" 200 20049 "-" "Mozilla/5.0 (compatible; DotBot/1.2; +https://opensiteexplorer.org/dotbot; help@moz.com)"
216.244.66.194 - - [30/Mar/2025:08:36:08 -0400] "GET /2024/03/19/ HTTP/1.1" 301 0 "-" "Mozilla/5.0 (compatible; DotBot/1.2; +https://opensiteexplorer.org/dotbot; help@moz.com)"
45.132.246.245 - - [30/Mar/2025:08:37:02 -0400] "GET / HTTP/1.1" 200 98430 "http://creative-webstyle.com" "Mozilla/5.0 (Windows NT 10.0; Win64; x64) AppleWebKit/537.36 (KHTML, like Gecko) Chrome/83.0.4086.0 Safari/537.36"
196.251.88.242 - - [30/Mar/2025:08:42:22 -0400] "GET /geju.php HTTP/1.1" 404 15284 "-" "Mozlila/5.0 (Linux; Android 7.0; SM-G892A Bulid/NRD90M; wv) AppleWebKit/537.36 (KHTML, like Gecko) Version/4.0 Chrome/60.0.3112.107 Moblie Safari/537.36"
196.251.88.242 - - [30/Mar/2025:08:42:35 -0400] "GET /wp-content/plugins/about.php HTTP/1.1" 404 15293 "-" "Mozlila/5.0 (Linux; Android 7.0; SM-G892A Bulid/NRD90M; wv) AppleWebKit/537.36 (KHTML, like Gecko) Version/4.0 Chrome/60.0.3112.107 Moblie Safari/537.36"
198.54.114.83 - - [30/Mar/2025:08:42:53 -0400] "POST /wp-cron.php?doing_wp_cron=1743338573.3179390430450439453125 HTTP/1.1" 200 0 "-" "WordPress/6.7.2; https://creative-webstyle.com"
196.251.88.242 - - [30/Mar/2025:08:42:52 -0400] "GET /wp.php HTTP/1.1" 404 15280 "-" "Mozlila/5.0 (Linux; Android 7.0; SM-G892A Bulid/NRD90M; wv) AppleWebKit/537.36 (KHTML, like Gecko) Version/4.0 Chrome/60.0.3112.107 Moblie Safari/537.36"
135.235.166.5 - - [30/Mar/2025:08:45:42 -0400] "GET /wp-admin/css/ HTTP/1.1" 403 1242 "binance.com" "Mozilla/5.0 (Windows NT 10.0; Win64; x64) AppleWebKit/537.36 (KHTML, like Gecko) Chrome/90.0.4430.85 Safari/537.36"
198.54.114.83 - - [30/Mar/2025:08:54:48 -0400] "POST /wp-cron.php?doing_wp_cron=1743339288.1134259700775146484375 HTTP/1.1" 200 0 "-" "WordPress/6.7.2; https://creative-webstyle.com"
161.35.15.162 - - [30/Mar/2025:08:54:47 -0400] "GET /wp-includes/ID3/index.php HTTP/1.1" 301 0 "-" "Mozlila/5.0 (Linux; Android 7.0; SM-G892A Bulid/NRD90M; wv) AppleWebKit/537.36 (KHTML, like Gecko) Version/4.0 Chrome/60.0.3112.107 Moblie Safari/537.36"
161.35.15.162 - - [30/Mar/2025:08:54:49 -0400] "GET /wp-includes/ID3/ HTTP/1.1" 403 1242 "-" "Mozlila/5.0 (Linux; Android 7.0; SM-G892A Bulid/NRD90M; wv) AppleWebKit/537.36 (KHTML, like Gecko) Version/4.0 Chrome/60.0.3112.107 Moblie Safari/537.36"
161.35.15.162 - - [30/Mar/2025:08:55:02 -0400] "GET /wp-content/plugins/index.php HTTP/1.1" 200 0 "-" "Mozlila/5.0 (Linux; Android 7.0; SM-G892A Bulid/NRD90M; wv) AppleWebKit/537.36 (KHTML, like Gecko) Version/4.0 Chrome/60.0.3112.107 Moblie Safari/537.36"
161.35.15.162 - - [30/Mar/2025:08:55:06 -0400] "GET /wp-admin/network/index.php HTTP/1.1" 302 0 "-" "Mozlila/5.0 (Linux; Android 7.0; SM-G892A Bulid/NRD90M; wv) AppleWebKit/537.36 (KHTML, like Gecko) Version/4.0 Chrome/60.0.3112.107 Moblie Safari/537.36"
161.35.15.162 - - [30/Mar/2025:08:55:15 -0400] "GET /wp-includes/IXR/index.php HTTP/1.1" 301 0 "-" "Mozlila/5.0 (Linux; Android 7.0; SM-G892A Bulid/NRD90M; wv) AppleWebKit/537.36 (KHTML, like Gecko) Version/4.0 Chrome/60.0.3112.107 Moblie Safari/537.36"
161.35.15.162 - - [30/Mar/2025:08:55:19 -0400] "GET /wp-includes/IXR/ HTTP/1.1" 403 1242 "-" "Mozlila/5.0 (Linux; Android 7.0; SM-G892A Bulid/NRD90M; wv) AppleWebKit/537.36 (KHTML, like Gecko) Version/4.0 Chrome/60.0.3112.107 Moblie Safari/537.36"
161.35.15.162 - - [30/Mar/2025:08:55:20 -0400] "GET /wp-admin/images/index.php HTTP/1.1" 301 0 "-" "Mozlila/5.0 (Linux; Android 7.0; SM-G892A Bulid/NRD90M; wv) AppleWebKit/537.36 (KHTML, like Gecko) Version/4.0 Chrome/60.0.3112.107 Moblie Safari/537.36"
161.35.15.162 - - [30/Mar/2025:08:55:22 -0400] "GET /wp-admin/images/ HTTP/1.1" 403 1242 "-" "Mozlila/5.0 (Linux; Android 7.0; SM-G892A Bulid/NRD90M; wv) AppleWebKit/537.36 (KHTML, like Gecko) Version/4.0 Chrome/60.0.3112.107 Moblie Safari/537.36"
161.35.15.162 - - [30/Mar/2025:08:55:24 -0400] "GET /wp-login.php HTTP/1.1" 302 0 "-" "Mozlila/5.0 (Linux; Android 7.0; SM-G892A Bulid/NRD90M; wv) AppleWebKit/537.36 (KHTML, like Gecko) Version/4.0 Chrome/60.0.3112.107 Moblie Safari/537.36"
161.35.15.162 - - [30/Mar/2025:08:55:28 -0400] "GET /wp-content/plugins/admin.php HTTP/1.1" 404 15291 "-" "Mozlila/5.0 (Linux; Android 7.0; SM-G892A Bulid/NRD90M; wv) AppleWebKit/537.36 (KHTML, like Gecko) Version/4.0 Chrome/60.0.3112.107 Moblie Safari/537.36"
161.35.15.162 - - [30/Mar/2025:08:55:31 -0400] "GET /xmlrpc.php HTTP/1.1" 405 60 "-" "Mozlila/5.0 (Linux; Android 7.0; SM-G892A Bulid/NRD90M; wv) AppleWebKit/537.36 (KHTML, like Gecko) Version/4.0 Chrome/60.0.3112.107 Moblie Safari/537.36"
198.54.114.83 - - [30/Mar/2025:08:55:41 -0400] "POST /wp-cron.php?doing_wp_cron=1743339341.0019888877868652343750 HTTP/1.1" 200 0 "-" "WordPress/6.7.2; https://creative-webstyle.com"
161.35.15.162 - - [30/Mar/2025:08:55:40 -0400] "GET /wp-admin.php HTTP/1.1" 404 15281 "-" "Mozlila/5.0 (Linux; Android 7.0; SM-G892A Bulid/NRD90M; wv) AppleWebKit/537.36 (KHTML, like Gecko) Version/4.0 Chrome/60.0.3112.107 Moblie Safari/537.36"
198.54.114.83 - - [30/Mar/2025:08:55:52 -0400] "POST /wp-cron.php?doing_wp_cron=1743339352.5442469120025634765625 HTTP/1.1" 200 0 "-" "WordPress/6.7.2; https://creative-webstyle.com"
161.35.15.162 - - [30/Mar/2025:08:55:52 -0400] "GET /wp-content/plugins/Core-Econ/upH.php HTTP/1.1" 404 15302 "-" "Mozlila/5.0 (Linux; Android 7.0; SM-G892A Bulid/NRD90M; wv) AppleWebKit/537.36 (KHTML, like Gecko) Version/4.0 Chrome/60.0.3112.107 Moblie Safari/537.36"
161.35.15.162 - - [30/Mar/2025:08:56:04 -0400] "GET /wp-content/plugins/fix/up.php HTTP/1.1" 404 15297 "-" "Mozlila/5.0 (Linux; Android 7.0; SM-G892A Bulid/NRD90M; wv) AppleWebKit/537.36 (KHTML, like Gecko) Version/4.0 Chrome/60.0.3112.107 Moblie Safari/537.36"
161.35.15.162 - - [30/Mar/2025:08:56:07 -0400] "GET /wp-content/plugins/pwnd/pwnd.php HTTP/1.1" 404 15295 "-" "Mozlila/5.0 (Linux; Android 7.0; SM-G892A Bulid/NRD90M; wv) AppleWebKit/537.36 (KHTML, like Gecko) Version/4.0 Chrome/60.0.3112.107 Moblie Safari/537.36"
161.35.15.162 - - [30/Mar/2025:08:56:13 -0400] "GET /wp-content/plugins/shell/noimg.php HTTP/1.1" 404 15299 "-" "Mozlila/5.0 (Linux; Android 7.0; SM-G892A Bulid/NRD90M; wv) AppleWebKit/537.36 (KHTML, like Gecko) Version/4.0 Chrome/60.0.3112.107 Moblie Safari/537.36"
161.35.15.162 - - [30/Mar/2025:08:56:27 -0400] "GET /WSOEnigma.php HTTP/1.1" 404 15289 "-" "Mozlila/5.0 (Linux; Android 7.0; SM-G892A Bulid/NRD90M; wv) AppleWebKit/537.36 (KHTML, like Gecko) Version/4.0 Chrome/60.0.3112.107 Moblie Safari/537.36"
161.35.15.162 - - [30/Mar/2025:08:56:37 -0400] "GET /wp-content/plugins/pwnd-1/pwnd.php HTTP/1.1" 404 15295 "-" "Mozlila/5.0 (Linux; Android 7.0; SM-G892A Bulid/NRD90M; wv) AppleWebKit/537.36 (KHTML, like Gecko) Version/4.0 Chrome/60.0.3112.107 Moblie Safari/537.36"
198.54.114.83 - - [30/Mar/2025:08:56:45 -0400] "POST /wp-cron.php?doing_wp_cron=1743339405.5870521068572998046875 HTTP/1.1" 200 0 "-" "WordPress/6.7.2; https://creative-webstyle.com"
161.35.15.162 - - [30/Mar/2025:08:56:45 -0400] "GET /wp-content/plugins/dummyyummy/wp-signup.php HTTP/1.1" 404 15305 "-" "Mozlila/5.0 (Linux; Android 7.0; SM-G892A Bulid/NRD90M; wv) AppleWebKit/537.36 (KHTML, like Gecko) Version/4.0 Chrome/60.0.3112.107 Moblie Safari/537.36"
161.35.15.162 - - [30/Mar/2025:08:56:48 -0400] "GET /wp-content/plugins/clara/clara.php HTTP/1.1" 404 15295 "-" "Mozlila/5.0 (Linux; Android 7.0; SM-G892A Bulid/NRD90M; wv) AppleWebKit/537.36 (KHTML, like Gecko) Version/4.0 Chrome/60.0.3112.107 Moblie Safari/537.36"
216.244.66.194 - - [30/Mar/2025:09:12:55 -0400] "GET /best-extended-car-warranty/feed/ HTTP/1.1" 200 424 "-" "Mozilla/5.0 (compatible; DotBot/1.2; +https://opensiteexplorer.org/dotbot; help@moz.com)"
198.54.114.83 - - [30/Mar/2025:09:13:18 -0400] "POST /wp-cron.php?doing_wp_cron=1743340397.5571498870849609375000 HTTP/1.1" 200 0 "-" "WordPress/6.7.2; https://creative-webstyle.com"
216.244.66.194 - - [30/Mar/2025:09:13:17 -0400] "GET /muheloser-umzug-mit-dem-umzugsunternehmen-buchholz-in-der-nordheide/feed/ HTTP/1.1" 200 490 "-" "Mozilla/5.0 (compatible; DotBot/1.2; +https://opensiteexplorer.org/dotbot; help@moz.com)"
198.54.114.83 - - [30/Mar/2025:09:14:10 -0400] "POST /wp-cron.php?doing_wp_cron=1743340450.0773489475250244140625 HTTP/1.1" 200 0 "-" "WordPress/6.7.2; https://creative-webstyle.com"
216.244.66.194 - - [30/Mar/2025:09:14:09 -0400] "GET /essential-elements-of-hotel-bedroom-furniture/ HTTP/1.1" 200 22261 "-" "Mozilla/5.0 (compatible; DotBot/1.2; +https://opensiteexplorer.org/dotbot; help@moz.com)"
216.244.66.194 - - [30/Mar/2025:09:14:18 -0400] "GET /strategies-to-skyrocket-your-youtube-subscriber-count/ HTTP/1.1" 200 23033 "-" "Mozilla/5.0 (compatible; DotBot/1.2; +https://opensiteexplorer.org/dotbot; help@moz.com)"
47.238.13.5 - - [30/Mar/2025:09:14:24 -0400] "GET / HTTP/1.1" 200 98430 "-" "Mozilla/5.0 (Macintosh; Intel Mac OS X 10_15_7) AppleWebKit/537.36 (KHTML, like Gecko) Chrome/109.0.0.0 Safari/537.36"
216.244.66.194 - - [30/Mar/2025:09:14:35 -0400] "GET /exploring-the-koon-seng-house-showflat/ HTTP/1.1" 200 22612 "-" "Mozilla/5.0 (compatible; DotBot/1.2; +https://opensiteexplorer.org/dotbot; help@moz.com)"
198.54.114.83 - - [30/Mar/2025:09:18:41 -0400] "POST /wp-cron.php?doing_wp_cron=1743340720.6660759449005126953125 HTTP/1.1" 200 0 "-" "WordPress/6.7.2; https://creative-webstyle.com"
216.244.66.194 - - [30/Mar/2025:09:18:40 -0400] "GET /center-parcs-ostsee/ HTTP/1.1" 200 21787 "-" "Mozilla/5.0 (compatible; DotBot/1.2; +https://opensiteexplorer.org/dotbot; help@moz.com)"
198.54.114.83 - - [30/Mar/2025:09:24:43 -0400] "POST /wp-cron.php?doing_wp_cron=1743341083.2277460098266601562500 HTTP/1.1" 200 0 "-" "WordPress/6.7.2; https://creative-webstyle.com"
167.172.130.206 - - [30/Mar/2025:09:24:41 -0400] "GET /wp-login.php HTTP/1.1" 302 0 "-" "Mozilla/5.0"
196.251.69.226 - - [30/Mar/2025:09:25:03 -0400] "POST /wp-content/plugins/about.php HTTP/1.1" 403 1242 "http://creative-webstyle.com" "Mozilla/5.0 (Windows NT 10.0; Win64; x64) AppleWebKit/537.36 (KHTML, like Gecko) Chrome/91.0.4472.124 Safari/537.36"
196.251.69.226 - - [30/Mar/2025:09:25:04 -0400] "GET /wp-content/about.php HTTP/1.1" 404 15287 "http://creative-webstyle.com" "Mozilla/5.0 (Windows NT 10.0; Win64; x64) AppleWebKit/537.36 (KHTML, like Gecko) Chrome/91.0.4472.124 Safari/537.36"
196.251.69.226 - - [30/Mar/2025:09:25:10 -0400] "POST /wp-content/plugins/about.php HTTP/1.1" 403 1242 "http://creative-webstyle.com" "Mozilla/5.0 (Windows NT 10.0; Win64; x64) AppleWebKit/537.36 (KHTML, like Gecko) Chrome/91.0.4472.124 Safari/537.36"
196.251.69.226 - - [30/Mar/2025:09:25:20 -0400] "GET /wp-content/about.php HTTP/1.1" 404 15287 "http://creative-webstyle.com" "Mozilla/5.0 (Windows NT 10.0; Win64; x64) AppleWebKit/537.36 (KHTML, like Gecko) Chrome/91.0.4472.124 Safari/537.36"
196.251.69.226 - - [30/Mar/2025:09:25:21 -0400] "POST /wp-content/plugins/about.php HTTP/1.1" 403 1242 "http://creative-webstyle.com" "Mozilla/5.0 (Windows NT 10.0; Win64; x64) AppleWebKit/537.36 (KHTML, like Gecko) Chrome/91.0.4472.124 Safari/537.36"
196.251.69.226 - - [30/Mar/2025:09:25:22 -0400] "GET /wp-content/about.php HTTP/1.1" 404 15287 "http://creative-webstyle.com" "Mozilla/5.0 (Windows NT 10.0; Win64; x64) AppleWebKit/537.36 (KHTML, like Gecko) Chrome/91.0.4472.124 Safari/537.36"
196.251.69.226 - - [30/Mar/2025:09:25:25 -0400] "POST /wp.php HTTP/1.1" 403 1242 "http://creative-webstyle.com" "Mozilla/5.0 (Windows NT 10.0; Win64; x64) AppleWebKit/537.36 (KHTML, like Gecko) Chrome/91.0.4472.124 Safari/537.36"
196.251.69.226 - - [30/Mar/2025:09:25:26 -0400] "GET /about.php HTTP/1.1" 404 15283 "http://creative-webstyle.com" "Mozilla/5.0 (Windows NT 10.0; Win64; x64) AppleWebKit/537.36 (KHTML, like Gecko) Chrome/91.0.4472.124 Safari/537.36"
23.27.211.209 - - [30/Mar/2025:09:31:57 -0400] "GET / HTTP/1.1" 200 98430 "-" "Python/3.13 aiohttp/3.11.14"
196.251.69.226 - - [30/Mar/2025:09:37:20 -0400] "GET /thoms.php HTTP/1.1" 404 15284 "www.google.com" "Mozlila/5.0 (Linux; Android 7.0; SM-G892A Bulid/NRD90M; wv) AppleWebKit/537.36 (KHTML, like Gecko) Version/4.0 Chrome/60.0.3112.107 Moblie Safari/537.36"
85.204.70.98 - - [30/Mar/2025:09:39:05 -0400] "GET / HTTP/1.1" 200 98430 "-" "Mozilla/5.0 (Windows NT 10.0; Win64; x64) AppleWebKit/537.36 (KHTML, like Gecko) Chrome/78.0.3904.108 Safari/537.36"
85.204.70.98 - - [30/Mar/2025:09:39:05 -0400] "GET / HTTP/1.1" 200 98430 "-" "Mozilla/5.0 (Windows NT 10.0; Win64; x64) AppleWebKit/537.36 (KHTML, like Gecko) Chrome/78.0.3904.108 Safari/537.36"
198.54.114.83 - - [30/Mar/2025:09:39:06 -0400] "POST /wp-cron.php?doing_wp_cron=1743341946.0817320346832275390625 HTTP/1.1" 200 0 "-" "WordPress/6.7.2; https://creative-webstyle.com"
85.204.70.98 - - [30/Mar/2025:09:39:05 -0400] "GET /wp-includes/wlwmanifest.xml HTTP/1.1" 404 15293 "-" "Mozilla/5.0 (Windows NT 10.0; Win64; x64) AppleWebKit/537.36 (KHTML, like Gecko) Chrome/78.0.3904.108 Safari/537.36"
85.204.70.98 - - [30/Mar/2025:09:39:07 -0400] "GET /?author=1 HTTP/1.1" 200 98430 "-" "Mozilla/5.0 (Windows NT 10.0; Win64; x64) AppleWebKit/537.36 (KHTML, like Gecko) Chrome/78.0.3904.108 Safari/537.36"
85.204.70.98 - - [30/Mar/2025:09:39:07 -0400] "GET /?author=2 HTTP/1.1" 200 98430 "-" "Mozilla/5.0 (Windows NT 10.0; Win64; x64) AppleWebKit/537.36 (KHTML, like Gecko) Chrome/78.0.3904.108 Safari/537.36"
85.204.70.98 - - [30/Mar/2025:09:39:07 -0400] "GET /wp-json/wp/v2/users/ HTTP/1.1" 200 2069 "-" "Mozilla/5.0 (Windows NT 10.0; Win64; x64) AppleWebKit/537.36 (KHTML, like Gecko) Chrome/78.0.3904.108 Safari/537.36"
85.204.70.98 - - [30/Mar/2025:09:39:09 -0400] "POST /xmlrpc.php HTTP/1.1" 200 236 "-" "Mozilla/5.0 (Windows NT 10.0; Win64; x64) AppleWebKit/537.36 (KHTML, like Gecko) Chrome/78.0.3904.108 Safari/537.36"
85.204.70.98 - - [30/Mar/2025:09:39:11 -0400] "POST /xmlrpc.php HTTP/1.1" 200 236 "-" "Mozilla/5.0 (Windows NT 10.0; Win64; x64) AppleWebKit/537.36 (KHTML, like Gecko) Chrome/78.0.3904.108 Safari/537.36"
85.204.70.98 - - [30/Mar/2025:09:39:12 -0400] "POST /xmlrpc.php HTTP/1.1" 200 236 "-" "Mozilla/5.0 (Windows NT 10.0; Win64; x64) AppleWebKit/537.36 (KHTML, like Gecko) Chrome/78.0.3904.108 Safari/537.36"
85.204.70.98 - - [30/Mar/2025:09:39:13 -0400] "POST /xmlrpc.php HTTP/1.1" 200 236 "-" "Mozilla/5.0 (Windows NT 10.0; Win64; x64) AppleWebKit/537.36 (KHTML, like Gecko) Chrome/78.0.3904.108 Safari/537.36"
85.204.70.98 - - [30/Mar/2025:09:39:13 -0400] "POST /xmlrpc.php HTTP/1.1" 200 236 "-" "Mozilla/5.0 (Windows NT 10.0; Win64; x64) AppleWebKit/537.36 (KHTML, like Gecko) Chrome/78.0.3904.108 Safari/537.36"
85.204.70.98 - - [30/Mar/2025:09:39:14 -0400] "POST /xmlrpc.php HTTP/1.1" 200 236 "-" "Mozilla/5.0 (Windows NT 10.0; Win64; x64) AppleWebKit/537.36 (KHTML, like Gecko) Chrome/78.0.3904.108 Safari/537.36"
172.126.122.184 - - [30/Mar/2025:09:40:56 -0400] "GET / HTTP/1.1" 200 98430 "-" "Timpibot/0.9 (+http://www.timpi.io)"
216.244.66.194 - - [30/Mar/2025:09:47:24 -0400] "GET /robots.txt HTTP/1.1" 304 0 "-" "Mozilla/5.0 (compatible; DotBot/1.2; +https://opensiteexplorer.org/dotbot; help@moz.com)"
85.204.70.98 - - [30/Mar/2025:09:55:44 -0400] "GET / HTTP/1.1" 200 98430 "-" "Mozilla/5.0 (Windows NT 10.0; Win64; x64) AppleWebKit/537.36 (KHTML, like Gecko) Chrome/78.0.3904.108 Safari/537.36"
85.204.70.98 - - [30/Mar/2025:09:55:44 -0400] "GET / HTTP/1.1" 200 98430 "-" "Mozilla/5.0 (Windows NT 10.0; Win64; x64) AppleWebKit/537.36 (KHTML, like Gecko) Chrome/78.0.3904.108 Safari/537.36"
85.204.70.98 - - [30/Mar/2025:09:55:44 -0400] "GET /wp-includes/wlwmanifest.xml HTTP/1.1" 404 15293 "-" "Mozilla/5.0 (Windows NT 10.0; Win64; x64) AppleWebKit/537.36 (KHTML, like Gecko) Chrome/78.0.3904.108 Safari/537.36"
85.204.70.98 - - [30/Mar/2025:09:55:45 -0400] "GET /?author=1 HTTP/1.1" 200 98430 "-" "Mozilla/5.0 (Windows NT 10.0; Win64; x64) AppleWebKit/537.36 (KHTML, like Gecko) Chrome/78.0.3904.108 Safari/537.36"
85.204.70.98 - - [30/Mar/2025:09:55:45 -0400] "GET /?author=2 HTTP/1.1" 200 98430 "-" "Mozilla/5.0 (Windows NT 10.0; Win64; x64) AppleWebKit/537.36 (KHTML, like Gecko) Chrome/78.0.3904.108 Safari/537.36"
198.54.114.83 - - [30/Mar/2025:09:55:50 -0400] "POST /wp-cron.php?doing_wp_cron=1743342950.2022709846496582031250 HTTP/1.1" 200 0 "-" "WordPress/6.7.2; https://creative-webstyle.com"
85.204.70.98 - - [30/Mar/2025:09:55:45 -0400] "GET /wp-json/wp/v2/users/ HTTP/1.1" 200 2069 "-" "Mozilla/5.0 (Windows NT 10.0; Win64; x64) AppleWebKit/537.36 (KHTML, like Gecko) Chrome/78.0.3904.108 Safari/537.36"
85.204.70.98 - - [30/Mar/2025:09:55:52 -0400] "POST /xmlrpc.php HTTP/1.1" 200 236 "-" "Mozilla/5.0 (Windows NT 10.0; Win64; x64) AppleWebKit/537.36 (KHTML, like Gecko) Chrome/78.0.3904.108 Safari/537.36"
85.204.70.98 - - [30/Mar/2025:09:55:53 -0400] "POST /xmlrpc.php HTTP/1.1" 200 236 "-" "Mozilla/5.0 (Windows NT 10.0; Win64; x64) AppleWebKit/537.36 (KHTML, like Gecko) Chrome/78.0.3904.108 Safari/537.36"
85.204.70.98 - - [30/Mar/2025:09:55:54 -0400] "POST /xmlrpc.php HTTP/1.1" 200 236 "-" "Mozilla/5.0 (Windows NT 10.0; Win64; x64) AppleWebKit/537.36 (KHTML, like Gecko) Chrome/78.0.3904.108 Safari/537.36"
85.204.70.98 - - [30/Mar/2025:09:55:55 -0400] "POST /xmlrpc.php HTTP/1.1" 200 236 "-" "Mozilla/5.0 (Windows NT 10.0; Win64; x64) AppleWebKit/537.36 (KHTML, like Gecko) Chrome/78.0.3904.108 Safari/537.36"
85.204.70.98 - - [30/Mar/2025:09:55:55 -0400] "POST /xmlrpc.php HTTP/1.1" 200 236 "-" "Mozilla/5.0 (Windows NT 10.0; Win64; x64) AppleWebKit/537.36 (KHTML, like Gecko) Chrome/78.0.3904.108 Safari/537.36"
85.204.70.98 - - [30/Mar/2025:09:55:57 -0400] "POST /xmlrpc.php HTTP/1.1" 200 236 "-" "Mozilla/5.0 (Windows NT 10.0; Win64; x64) AppleWebKit/537.36 (KHTML, like Gecko) Chrome/78.0.3904.108 Safari/537.36"
51.222.253.15 - - [30/Mar/2025:09:59:52 -0400] "GET /robots.txt HTTP/1.1" 200 132 "-" "Mozilla/5.0 (compatible; AhrefsBot/7.0; +http://ahrefs.com/robot/)"
198.54.114.83 - - [30/Mar/2025:10:04:32 -0400] "POST /wp-cron.php?doing_wp_cron=1743343472.4984209537506103515625 HTTP/1.1" 200 0 "-" "WordPress/6.7.2; https://creative-webstyle.com"
216.244.66.194 - - [30/Mar/2025:10:04:32 -0400] "GET /interior-design-services-near-me/ HTTP/1.1" 200 22600 "-" "Mozilla/5.0 (compatible; DotBot/1.2; +https://opensiteexplorer.org/dotbot; help@moz.com)"
45.154.98.197 - - [30/Mar/2025:10:13:46 -0400] "GET /wp-admin/css/ HTTP/1.1" 403 1242 "binance.com" "Mozilla/5.0 (Windows NT 10.0; Win64; x64) AppleWebKit/537.36 (KHTML, like Gecko) Chrome/90.0.4430.85 Safari/537.36"
198.54.114.83 - - [30/Mar/2025:10:18:51 -0400] "POST /wp-cron.php?doing_wp_cron=1743344329.9218029975891113281250 HTTP/1.1" 200 0 "-" "WordPress/6.7.2; https://creative-webstyle.com"
45.148.10.237 - - [30/Mar/2025:10:18:49 -0400] "GET /lzdmod/site-nav-pc/5.2.38/assets/cart/index.js HTTP/1.1" 404 15314 "-" "Mozilla/5.0 (Windows NT 10.0; Win64; x64) AppleWebKit/537.36 Chrome/121.0.0.0"
45.55.37.107 - - [30/Mar/2025:10:19:03 -0400] "GET /wp-admin/css/ HTTP/1.1" 403 1242 "binance.com" "Mozilla/5.0 (Windows NT 10.0; Win64; x64) AppleWebKit/537.36 (KHTML, like Gecko) Chrome/90.0.4430.85 Safari/537.36"
45.84.107.172 - - [30/Mar/2025:10:29:00 -0400] "GET / HTTP/1.1" 200 98430 "http://creative-webstyle.com" "Mozilla/5.0 (Windows NT 5.1) AppleWebKit/537.36 (KHTML, like Gecko) Chrome/48.0.2564.109 Safari/537.36"
202.69.38.12 - - [30/Mar/2025:10:32:08 -0400] "HEAD / HTTP/1.1" 200 0 "https://creative-webstyle.com/" "Mozilla/5.0 (Windows NT 10.0; Win64; x64) AppleWebKit/537.36 (KHTML, like Gecko) Chrome/91.0.4472.124 Safari/537.36"
43.130.37.243 - - [30/Mar/2025:10:32:22 -0400] "GET / HTTP/1.1" 200 98430 "-" "Mozilla/5.0 (iPhone; CPU iPhone OS 13_2_3 like Mac OS X) AppleWebKit/605.1.15 (KHTML, like Gecko) Version/13.0.3 Mobile/15E148 Safari/604.1"
198.54.114.83 - - [30/Mar/2025:10:44:46 -0400] "POST /wp-cron.php?doing_wp_cron=1743345885.6053850650787353515625 HTTP/1.1" 200 0 "-" "WordPress/6.7.2; https://creative-webstyle.com"
216.244.66.194 - - [30/Mar/2025:10:44:41 -0400] "GET /fenben-lab/feed/ HTTP/1.1" 200 414 "-" "Mozilla/5.0 (compatible; DotBot/1.2; +https://opensiteexplorer.org/dotbot; help@moz.com)"
178.33.250.116 - - [30/Mar/2025:10:50:48 -0400] "GET /hvac-systems-and-mold/ HTTP/1.1" 200 24056 "http://creative-webstyle.com/hvac-systems-and-mold/" "Mozilla/5.0 (Windows NT 10.0; Win64; x64) AppleWebKit/537.36 (KHTML, like Gecko) Chrome/130.0.0.0 Safari/537.36"
198.54.114.83 - - [30/Mar/2025:10:50:58 -0400] "POST /wp-cron.php?doing_wp_cron=1743346258.0409278869628906250000 HTTP/1.1" 200 0 "-" "WordPress/6.7.2; https://creative-webstyle.com"
178.33.250.116 - - [30/Mar/2025:10:50:51 -0400] "POST /wp-comments-post.php HTTP/1.1" 200 1166 "http://creative-webstyle.com/hvac-systems-and-mold/" "Mozilla/5.0 (Windows NT 10.0; Win64; x64) AppleWebKit/537.36 (KHTML, like Gecko) Chrome/130.0.0.0 Safari/537.36"
172.126.122.162 - - [30/Mar/2025:11:04:31 -0400] "GET / HTTP/1.1" 200 98430 "-" "Timpibot/0.9 (+http://www.timpi.io)"
84.247.50.194 - - [30/Mar/2025:11:05:17 -0400] "GET /best-cbd-oil-for-sleep-uk/ HTTP/1.1" 200 21689 "http://creative-webstyle.com/best-cbd-oil-for-sleep-uk/" "Mozilla/5.0 (Windows NT 10.0; Win64; x64) AppleWebKit/537.36 (KHTML, like Gecko) Chrome/131.0.0.0 Safari/537.36 Avast/131.0.0.0"
198.54.114.83 - - [30/Mar/2025:11:05:25 -0400] "POST /wp-cron.php?doing_wp_cron=1743347124.5129520893096923828125 HTTP/1.1" 200 0 "-" "WordPress/6.7.2; https://creative-webstyle.com"
84.247.50.194 - - [30/Mar/2025:11:05:19 -0400] "POST /wp-comments-post.php HTTP/1.1" 302 0 "http://creative-webstyle.com/best-cbd-oil-for-sleep-uk/" "Mozilla/5.0 (Windows NT 10.0; Win64; x64) AppleWebKit/537.36 (KHTML, like Gecko) Chrome/131.0.0.0 Safari/537.36 Avast/131.0.0.0"
216.244.66.194 - - [30/Mar/2025:11:18:52 -0400] "GET /robots.txt HTTP/1.1" 304 0 "-" "Mozilla/5.0 (compatible; DotBot/1.2; +https://opensiteexplorer.org/dotbot; help@moz.com)"
198.54.114.83 - - [30/Mar/2025:11:26:05 -0400] "POST /wp-cron.php?doing_wp_cron=1743348365.3632059097290039062500 HTTP/1.1" 200 0 "-" "WordPress/6.7.2; https://creative-webstyle.com"
196.251.88.242 - - [30/Mar/2025:11:26:04 -0400] "GET /geju.php HTTP/1.1" 404 15284 "-" "Mozlila/5.0 (Linux; Android 7.0; SM-G892A Bulid/NRD90M; wv) AppleWebKit/537.36 (KHTML, like Gecko) Version/4.0 Chrome/60.0.3112.107 Moblie Safari/537.36"
196.251.88.242 - - [30/Mar/2025:11:26:16 -0400] "GET /wp-content/plugins/about.php HTTP/1.1" 404 15292 "-" "Mozlila/5.0 (Linux; Android 7.0; SM-G892A Bulid/NRD90M; wv) AppleWebKit/537.36 (KHTML, like Gecko) Version/4.0 Chrome/60.0.3112.107 Moblie Safari/537.36"
196.251.88.242 - - [30/Mar/2025:11:26:28 -0400] "GET /wp.php HTTP/1.1" 404 15280 "-" "Mozlila/5.0 (Linux; Android 7.0; SM-G892A Bulid/NRD90M; wv) AppleWebKit/537.36 (KHTML, like Gecko) Version/4.0 Chrome/60.0.3112.107 Moblie Safari/537.36"
185.106.102.102 - - [30/Mar/2025:11:27:14 -0400] "GET / HTTP/1.1" 200 98430 "http://creative-webstyle.com" "Mozilla/5.0 (X11; Datanyze; Linux x86_64) AppleWebKit/537.36 (KHTML, like Gecko) Chrome/65.0.3325.181 Safari/537.36"
43.159.145.153 - - [30/Mar/2025:11:27:58 -0400] "GET / HTTP/1.1" 200 98430 "-" "Mozilla/5.0 (iPhone; CPU iPhone OS 13_2_3 like Mac OS X) AppleWebKit/605.1.15 (KHTML, like Gecko) Version/13.0.3 Mobile/15E148 Safari/604.1"
198.54.114.83 - - [30/Mar/2025:11:30:11 -0400] "POST /wp-cron.php?doing_wp_cron=1743348610.6594970226287841796875 HTTP/1.1" 200 0 "-" "WordPress/6.7.2; https://creative-webstyle.com"
216.244.66.194 - - [30/Mar/2025:11:30:05 -0400] "GET /shop-hair-dryers-under-20/feed/ HTTP/1.1" 200 427 "-" "Mozilla/5.0 (compatible; DotBot/1.2; +https://opensiteexplorer.org/dotbot; help@moz.com)"
198.54.114.83 - - [30/Mar/2025:11:33:02 -0400] "POST /wp-cron.php?doing_wp_cron=1743348782.2383720874786376953125 HTTP/1.1" 200 0 "-" "WordPress/6.7.2; https://creative-webstyle.com"
216.244.66.194 - - [30/Mar/2025:11:33:01 -0400] "GET /portable-heater/ HTTP/1.1" 200 21786 "-" "Mozilla/5.0 (compatible; DotBot/1.2; +https://opensiteexplorer.org/dotbot; help@moz.com)"
192.42.116.179 - - [30/Mar/2025:11:35:34 -0400] "GET / HTTP/1.1" 200 98430 "http://creative-webstyle.com" "Mozilla/5.0 (X11; U; Linux i686; de-AT; rv:1.0.0) Gecko/20020615 Debian/1.0.0-3"
198.54.114.83 - - [30/Mar/2025:11:45:00 -0400] "POST /wp-cron.php?doing_wp_cron=1743349499.7760899066925048828125 HTTP/1.1" 200 0 "-" "WordPress/6.7.2; https://creative-webstyle.com"
104.207.35.38 - - [30/Mar/2025:11:44:57 -0400] "GET /vendor/phpunit/phpunit/LICENSE HTTP/1.1" 200 0 "-" "Mozilla/5.0 (Windows NT 10.0; Win64; x64) AppleWebKit/537.36 (KHTML, like Gecko) Chrome/106.0.0.0 Safari/537.36"
45.148.10.237 - - [30/Mar/2025:11:45:06 -0400] "GET /format.js HTTP/1.1" 404 15284 "-" "Mozilla/5.0 (Windows NT 10.0; Win64; x64) AppleWebKit/537.36 Chrome/121.0.0.0"
198.54.114.83 - - [30/Mar/2025:11:53:37 -0400] "POST /wp-cron.php?doing_wp_cron=1743350017.1202750205993652343750 HTTP/1.1" 200 0 "-" "WordPress/6.7.2; https://creative-webstyle.com"
216.244.66.194 - - [30/Mar/2025:11:53:31 -0400] "GET /category/activity/page/76/ HTTP/1.1" 200 20482 "-" "Mozilla/5.0 (compatible; DotBot/1.2; +https://opensiteexplorer.org/dotbot; help@moz.com)"
216.158.209.63 - - [30/Mar/2025:11:55:11 -0400] "GET /michael-kors-bags-a-vision-of-sophistication-and-glitz/ HTTP/1.1" 200 23120 "-" "Mozilla/5.0 (X11; Linux i686) AppleWebKit/537.36 (KHTML, like Gecko) Chrome/114.0.0.0 Safari/537.36 Vivaldi/5.3.2679.68"
216.158.209.63 - - [30/Mar/2025:11:55:15 -0400] "POST /wp-comments-post.php HTTP/1.1" 302 0 "http://creative-webstyle.com/michael-kors-bags-a-vision-of-sophistication-and-glitz/" "Mozilla/5.0 (X11; Linux i686) AppleWebKit/537.36 (KHTML, like Gecko) Chrome/114.0.0.0 Safari/537.36 Vivaldi/5.3.2679.68"
37.139.53.144 - - [30/Mar/2025:11:55:21 -0400] "GET /michael-kors-bags-a-vision-of-sophistication-and-glitz/ HTTP/1.1" 200 23120 "-" "Mozilla/5.0 (X11; Linux i686) AppleWebKit/537.36 (KHTML, like Gecko) Chrome/114.0.0.0 Safari/537.36 Vivaldi/5.3.2679.68"
196.251.69.226 - - [30/Mar/2025:11:55:37 -0400] "POST /wp-content/plugins/about.php HTTP/1.1" 403 1242 "http://creative-webstyle.com" "Mozilla/5.0 (Windows NT 10.0; Win64; x64) AppleWebKit/537.36 (KHTML, like Gecko) Chrome/91.0.4472.124 Safari/537.36"
196.251.69.226 - - [30/Mar/2025:11:55:37 -0400] "GET /wp-content/about.php HTTP/1.1" 404 15286 "http://creative-webstyle.com" "Mozilla/5.0 (Windows NT 10.0; Win64; x64) AppleWebKit/537.36 (KHTML, like Gecko) Chrome/91.0.4472.124 Safari/537.36"
196.251.69.226 - - [30/Mar/2025:11:55:39 -0400] "POST /wp-content/plugins/about.php HTTP/1.1" 403 1242 "http://creative-webstyle.com" "Mozilla/5.0 (Windows NT 10.0; Win64; x64) AppleWebKit/537.36 (KHTML, like Gecko) Chrome/91.0.4472.124 Safari/537.36"
196.251.69.226 - - [30/Mar/2025:11:55:40 -0400] "GET /wp-content/about.php HTTP/1.1" 404 15286 "http://creative-webstyle.com" "Mozilla/5.0 (Windows NT 10.0; Win64; x64) AppleWebKit/537.36 (KHTML, like Gecko) Chrome/91.0.4472.124 Safari/537.36"
196.251.69.226 - - [30/Mar/2025:11:55:46 -0400] "POST /wp-content/plugins/about.php HTTP/1.1" 403 1242 "http://creative-webstyle.com" "Mozilla/5.0 (Windows NT 10.0; Win64; x64) AppleWebKit/537.36 (KHTML, like Gecko) Chrome/91.0.4472.124 Safari/537.36"
196.251.69.226 - - [30/Mar/2025:11:55:46 -0400] "GET /wp-content/about.php HTTP/1.1" 404 15286 "http://creative-webstyle.com" "Mozilla/5.0 (Windows NT 10.0; Win64; x64) AppleWebKit/537.36 (KHTML, like Gecko) Chrome/91.0.4472.124 Safari/537.36"
196.251.69.226 - - [30/Mar/2025:11:55:53 -0400] "POST /wp.php HTTP/1.1" 403 1242 "http://creative-webstyle.com" "Mozilla/5.0 (Windows NT 10.0; Win64; x64) AppleWebKit/537.36 (KHTML, like Gecko) Chrome/91.0.4472.124 Safari/537.36"
196.251.69.226 - - [30/Mar/2025:11:55:55 -0400] "GET /about.php HTTP/1.1" 404 15281 "http://creative-webstyle.com" "Mozilla/5.0 (Windows NT 10.0; Win64; x64) AppleWebKit/537.36 (KHTML, like Gecko) Chrome/91.0.4472.124 Safari/537.36"
198.54.114.83 - - [30/Mar/2025:11:56:56 -0400] "POST /wp-cron.php?doing_wp_cron=1743350215.4107000827789306640625 HTTP/1.1" 200 0 "-" "WordPress/6.7.2; https://creative-webstyle.com"
45.148.10.237 - - [30/Mar/2025:11:56:55 -0400] "GET /code/npm/@ali/lzd-h5-utils-sites/1.1.11/index.js HTTP/1.1" 404 15319 "-" "Mozilla/5.0 (Macintosh; Intel Mac OS X 10_15_7) AppleWebKit/537.36 Chrome/120.0.0.0"
37.139.53.144 - - [30/Mar/2025:11:58:02 -0400] "GET /michael-kors-bags-a-vision-of-sophistication-and-glitz/ HTTP/1.1" 200 23120 "-" "Mozilla/5.0 (X11; Ubuntu; Linux x86_64; rv:114.0) Gecko/20100101 Firefox/114.0"
198.54.114.83 - - [30/Mar/2025:12:19:48 -0400] "POST /wp-cron.php?doing_wp_cron=1743351587.7070329189300537109375 HTTP/1.1" 200 0 "-" "WordPress/6.7.2; https://creative-webstyle.com"
216.244.66.194 - - [30/Mar/2025:12:19:43 -0400] "GET /steigerung-der-stadtischen-sauberkeit-die-kunst-und-wirkung-der-reinigungspraxis-in-hamburg/ HTTP/1.1" 200 23395 "-" "Mozilla/5.0 (compatible; DotBot/1.2; +https://opensiteexplorer.org/dotbot; help@moz.com)"
198.54.114.83 - - [30/Mar/2025:12:34:19 -0400] "POST /wp-cron.php?doing_wp_cron=1743352459.4218029975891113281250 HTTP/1.1" 200 0 "-" "WordPress/6.7.2; https://creative-webstyle.com"
45.148.10.237 - - [30/Mar/2025:12:34:17 -0400] "GET /lzdmod/jquery/5.0.9/index.js HTTP/1.1" 404 15300 "-" "Mozilla/5.0 (Macintosh; Intel Mac OS X 10_15_7) AppleWebKit/537.36 Chrome/120.0.0.0"
198.54.114.83 - - [30/Mar/2025:12:34:55 -0400] "POST /wp-cron.php?doing_wp_cron=1743352495.7347059249877929687500 HTTP/1.1" 200 0 "-" "WordPress/6.7.2; https://creative-webstyle.com"
216.244.66.194 - - [30/Mar/2025:12:34:55 -0400] "GET /category/activity/page/75/ HTTP/1.1" 200 20502 "-" "Mozilla/5.0 (compatible; DotBot/1.2; +https://opensiteexplorer.org/dotbot; help@moz.com)"
124.226.222.66 - - [30/Mar/2025:12:44:35 -0400] "GET / HTTP/1.1" 200 98430 "-" "Mozilla/5.0 (iPhone; CPU iPhone OS 13_2_3 like Mac OS X) AppleWebKit/605.1.15 (KHTML, like Gecko) Version/13.0.3 Mobile/15E148 Safari/604.1"
136.243.220.214 - - [30/Mar/2025:12:46:57 -0400] "GET / HTTP/1.1" 200 98430 "-" "Mozilla/5.0 (compatible; DataForSeoBot/1.0; +https://dataforseo.com/dataforseo-bot)"
66.249.68.67 - - [30/Mar/2025:12:49:49 -0400] "GET /robots.txt HTTP/1.1" 304 0 "-" "Mozilla/5.0 (compatible; Googlebot/2.1; +http://www.google.com/bot.html)"
66.249.68.66 - - [30/Mar/2025:12:49:50 -0400] "GET / HTTP/1.1" 200 98430 "-" "Mozilla/5.0 (Linux; Android 6.0.1; Nexus 5X Build/MMB29P) AppleWebKit/537.36 (KHTML, like Gecko) Chrome/99.0.4844.84 Mobile Safari/537.36 (compatible; Googlebot/2.1; +http://www.google.com/bot.html)"
66.249.68.67 - - [30/Mar/2025:12:49:51 -0400] "GET / HTTP/1.1" 200 98430 "-" "Mozilla/5.0 (compatible; Googlebot/2.1; +http://www.google.com/bot.html)"
198.54.114.83 - - [30/Mar/2025:13:01:04 -0400] "POST /wp-cron.php?doing_wp_cron=1743354064.6119410991668701171875 HTTP/1.1" 200 0 "-" "WordPress/6.7.2; https://creative-webstyle.com"
216.244.66.194 - - [30/Mar/2025:13:01:00 -0400] "GET /page/132/ HTTP/1.1" 200 19927 "-" "Mozilla/5.0 (compatible; DotBot/1.2; +https://opensiteexplorer.org/dotbot; help@moz.com)"
109.104.153.22 - - [30/Mar/2025:13:03:04 -0400] "GET / HTTP/1.1" 200 98430 "http://creative-webstyle.com" "Mozilla/5.0 (Windows NT 6.1) AppleWebKit/537.36 (KHTML, like Gecko) Chrome/28.0.1501.105 Safari/537.36 MRCHROME SOC"
198.54.114.83 - - [30/Mar/2025:13:03:57 -0400] "POST /wp-cron.php?doing_wp_cron=1743354236.0303969383239746093750 HTTP/1.1" 200 0 "-" "WordPress/6.7.2; https://creative-webstyle.com"
216.244.66.194 - - [30/Mar/2025:13:03:55 -0400] "GET /joe-tippens-protocols/feed/ HTTP/1.1" 200 422 "-" "Mozilla/5.0 (compatible; DotBot/1.2; +https://opensiteexplorer.org/dotbot; help@moz.com)"
95.209.133.141 - - [30/Mar/2025:13:08:49 -0400] "GET / HTTP/1.1" 200 98430 "-" "Timpibot/0.9 (+http://www.timpi.io)"
198.54.114.83 - - [30/Mar/2025:13:09:26 -0400] "POST /wp-cron.php?doing_wp_cron=1743354565.2140190601348876953125 HTTP/1.1" 200 0 "-" "WordPress/6.7.2; https://creative-webstyle.com"
194.38.23.16 - - [30/Mar/2025:13:09:18 -0400] "GET /theme/assets/global/plugins/file-upload/server/php/index.php?file=tf2rghf.jpg HTTP/1.1" 301 0 "-" "ALittle Client"
109.70.100.4 - - [30/Mar/2025:13:17:44 -0400] "GET / HTTP/1.1" 200 98430 "http://creative-webstyle.com" "Mozilla/5.0 (Windows; U; Windows NT 5.1; en-US; rv:1.8.1.13) Gecko/20080311 Firefox/2.0.0.13"
216.244.66.194 - - [30/Mar/2025:13:41:22 -0400] "GET /robots.txt HTTP/1.1" 304 0 "-" "Mozilla/5.0 (compatible; DotBot/1.2; +https://opensiteexplorer.org/dotbot; help@moz.com)"
196.251.69.226 - - [30/Mar/2025:13:44:28 -0400] "POST /wp-content/plugins/about.php HTTP/1.1" 403 1242 "http://creative-webstyle.com" "Mozilla/5.0 (Windows NT 10.0; Win64; x64) AppleWebKit/537.36 (KHTML, like Gecko) Chrome/91.0.4472.124 Safari/537.36"
196.251.69.226 - - [30/Mar/2025:13:44:28 -0400] "GET /wp-content/about.php HTTP/1.1" 404 15286 "http://creative-webstyle.com" "Mozilla/5.0 (Windows NT 10.0; Win64; x64) AppleWebKit/537.36 (KHTML, like Gecko) Chrome/91.0.4472.124 Safari/537.36"
196.251.69.226 - - [30/Mar/2025:13:44:34 -0400] "POST /wp-content/plugins/about.php HTTP/1.1" 403 1242 "http://creative-webstyle.com" "Mozilla/5.0 (Windows NT 10.0; Win64; x64) AppleWebKit/537.36 (KHTML, like Gecko) Chrome/91.0.4472.124 Safari/537.36"
196.251.69.226 - - [30/Mar/2025:13:44:35 -0400] "GET /wp-content/about.php HTTP/1.1" 404 15286 "http://creative-webstyle.com" "Mozilla/5.0 (Windows NT 10.0; Win64; x64) AppleWebKit/537.36 (KHTML, like Gecko) Chrome/91.0.4472.124 Safari/537.36"
196.251.69.226 - - [30/Mar/2025:13:44:39 -0400] "POST /wp.php HTTP/1.1" 403 1242 "http://creative-webstyle.com" "Mozilla/5.0 (Windows NT 10.0; Win64; x64) AppleWebKit/537.36 (KHTML, like Gecko) Chrome/91.0.4472.124 Safari/537.36"
198.54.114.83 - - [30/Mar/2025:13:44:41 -0400] "POST /wp-cron.php?doing_wp_cron=1743356680.7139110565185546875000 HTTP/1.1" 200 0 "-" "WordPress/6.7.2; https://creative-webstyle.com"
196.251.69.226 - - [30/Mar/2025:13:44:40 -0400] "GET /about.php HTTP/1.1" 404 15283 "http://creative-webstyle.com" "Mozilla/5.0 (Windows NT 10.0; Win64; x64) AppleWebKit/537.36 (KHTML, like Gecko) Chrome/91.0.4472.124 Safari/537.36"
198.54.114.83 - - [30/Mar/2025:13:51:00 -0400] "POST /wp-cron.php?doing_wp_cron=1743357059.3021540641784667968750 HTTP/1.1" 200 0 "-" "WordPress/6.7.2; https://creative-webstyle.com"
216.244.66.194 - - [30/Mar/2025:13:50:58 -0400] "GET /the-role-of-osteopathy-in-dubai/feed/ HTTP/1.1" 200 437 "-" "Mozilla/5.0 (compatible; DotBot/1.2; +https://opensiteexplorer.org/dotbot; help@moz.com)"
216.131.68.244 - - [30/Mar/2025:14:08:31 -0400] "GET /best-cbd-oil-for-sleep-uk/ HTTP/1.1" 200 21689 "http://creative-webstyle.com/best-cbd-oil-for-sleep-uk/" "Mozilla/5.0 (Windows NT 10.0; Win64; x64) AppleWebKit/537.36 (KHTML, like Gecko) Chrome/130.0.0.0 Safari/537.36 CCleaner/130.0.0.0"
198.54.114.83 - - [30/Mar/2025:14:08:37 -0400] "POST /wp-cron.php?doing_wp_cron=1743358117.6388878822326660156250 HTTP/1.1" 200 0 "-" "WordPress/6.7.2; https://creative-webstyle.com"
216.131.68.244 - - [30/Mar/2025:14:08:32 -0400] "POST /wp-comments-post.php HTTP/1.1" 302 0 "http://creative-webstyle.com/best-cbd-oil-for-sleep-uk/" "Mozilla/5.0 (Windows NT 10.0; Win64; x64) AppleWebKit/537.36 (KHTML, like Gecko) Chrome/130.0.0.0 Safari/537.36 CCleaner/130.0.0.0"
216.244.66.194 - - [30/Mar/2025:14:26:51 -0400] "GET /robots.txt HTTP/1.1" 304 0 "-" "Mozilla/5.0 (compatible; DotBot/1.2; +https://opensiteexplorer.org/dotbot; help@moz.com)"
198.54.114.83 - - [30/Mar/2025:14:32:51 -0400] "POST /wp-cron.php?doing_wp_cron=1743359571.5619781017303466796875 HTTP/1.1" 200 0 "-" "WordPress/6.7.2; https://creative-webstyle.com"
89.169.15.201 - - [30/Mar/2025:14:32:51 -0400] "GET /wp-content/plugins/hide-my-wp/view/assets/css/rtl.min.css HTTP/1.1" 404 15314 "-" "Mozilla/5.0 (Windows NT 10.0; rv:51.0) Gecko/20100101 Firefox/51.0"
196.251.69.226 - - [30/Mar/2025:14:36:15 -0400] "GET /wp-content/themes/wp-pridmag/up.php HTTP/1.1" 404 15298 "www.google.com" "Mozlila/5.0 (Linux; Android 7.0; SM-G892A Bulid/NRD90M; wv) AppleWebKit/537.36 (KHTML, like Gecko) Version/4.0 Chrome/60.0.3112.107 Moblie Safari/537.36"
198.54.114.83 - - [30/Mar/2025:14:39:01 -0400] "POST /wp-cron.php?doing_wp_cron=1743359941.4562599658966064453125 HTTP/1.1" 200 0 "-" "WordPress/6.7.2; https://creative-webstyle.com"
216.244.66.194 - - [30/Mar/2025:14:38:55 -0400] "GET /2024/03/16/ HTTP/1.1" 301 0 "-" "Mozilla/5.0 (compatible; DotBot/1.2; +https://opensiteexplorer.org/dotbot; help@moz.com)"
216.244.66.194 - - [30/Mar/2025:14:40:15 -0400] "GET /assurance-rc-garantir-la-serenite-dans-un-monde-en-mouvement/feed/ HTTP/1.1" 200 489 "-" "Mozilla/5.0 (compatible; DotBot/1.2; +https://opensiteexplorer.org/dotbot; help@moz.com)"
40.88.21.235 - - [30/Mar/2025:15:00:20 -0400] "GET / HTTP/1.1" 200 98430 "http://creative-webstyle.com/" "DuckDuckBot/1.1; (+http://duckduckgo.com/duckduckbot.html)"
216.244.66.194 - - [30/Mar/2025:15:12:18 -0400] "GET /robots.txt HTTP/1.1" 304 0 "-" "Mozilla/5.0 (compatible; DotBot/1.2; +https://opensiteexplorer.org/dotbot; help@moz.com)"
198.54.114.83 - - [30/Mar/2025:15:21:41 -0400] "POST /wp-cron.php?doing_wp_cron=1743362501.2955329418182373046875 HTTP/1.1" 200 0 "-" "WordPress/6.7.2; https://creative-webstyle.com"
216.244.66.194 - - [30/Mar/2025:15:21:41 -0400] "GET /understanding-international-freight-forwarding/feed/ HTTP/1.1" 200 441 "-" "Mozilla/5.0 (compatible; DotBot/1.2; +https://opensiteexplorer.org/dotbot; help@moz.com)"
43.130.9.111 - - [30/Mar/2025:15:29:56 -0400] "GET / HTTP/1.1" 200 98430 "-" "Mozilla/5.0 (iPhone; CPU iPhone OS 13_2_3 like Mac OS X) AppleWebKit/605.1.15 (KHTML, like Gecko) Version/13.0.3 Mobile/15E148 Safari/604.1"
176.67.86.247 - - [30/Mar/2025:15:34:42 -0400] "GET /best-cbd-oil-for-sleep-uk/ HTTP/1.1" 200 21689 "http://creative-webstyle.com/best-cbd-oil-for-sleep-uk/" "Mozilla/5.0 (Windows NT 10.0; Win64; x64) AppleWebKit/537.36 (KHTML, like Gecko) Chrome/131.0.0.0 Safari/537.36 Avast/131.0.0.0"
198.54.114.83 - - [30/Mar/2025:15:34:47 -0400] "POST /wp-cron.php?doing_wp_cron=1743363286.2051661014556884765625 HTTP/1.1" 200 0 "-" "WordPress/6.7.2; https://creative-webstyle.com"
176.67.86.247 - - [30/Mar/2025:15:34:43 -0400] "POST /wp-comments-post.php HTTP/1.1" 302 0 "http://creative-webstyle.com/best-cbd-oil-for-sleep-uk/" "Mozilla/5.0 (Windows NT 10.0; Win64; x64) AppleWebKit/537.36 (KHTML, like Gecko) Chrome/131.0.0.0 Safari/537.36 Avast/131.0.0.0"
161.35.11.214 - - [30/Mar/2025:15:48:24 -0400] "GET /wp-content/plugins/shell/about.php HTTP/1.1" 404 15297 "www.google.com" "Mozlila/5.0 (Linux; Android 7.0; SM-G892A Bulid/NRD90M; wv) AppleWebKit/537.36 (KHTML, like Gecko) Version/4.0 Chrome/60.0.3112.107 Moblie Safari/537.36"
161.35.11.214 - - [30/Mar/2025:15:48:38 -0400] "GET /wp-content/plugins/fix/up.php HTTP/1.1" 404 15296 "www.google.com" "Mozlila/5.0 (Linux; Android 7.0; SM-G892A Bulid/NRD90M; wv) AppleWebKit/537.36 (KHTML, like Gecko) Version/4.0 Chrome/60.0.3112.107 Moblie Safari/537.36"
198.54.114.83 - - [30/Mar/2025:15:48:50 -0400] "POST /wp-cron.php?doing_wp_cron=1743364129.6626000404357910156250 HTTP/1.1" 200 0 "-" "WordPress/6.7.2; https://creative-webstyle.com"
161.35.11.214 - - [30/Mar/2025:15:48:49 -0400] "GET /wp-content/plugins/wp-help/mini.php HTTP/1.1" 404 15299 "www.google.com" "Mozlila/5.0 (Linux; Android 7.0; SM-G892A Bulid/NRD90M; wv) AppleWebKit/537.36 (KHTML, like Gecko) Version/4.0 Chrome/60.0.3112.107 Moblie Safari/537.36"
