52.138.178.146 - - [02/Apr/2025:19:11:47 -0400] "GET /upload/image/ HTTP/1.1" 404 15289 "-" "-"
198.54.114.83 - - [02/Apr/2025:19:11:51 -0400] "POST /wp-cron.php?doing_wp_cron=1743635510.8859570026397705078125 HTTP/1.1" 200 0 "-" "WordPress/6.7.2; https://creative-webstyle.com"
52.138.178.146 - - [02/Apr/2025:19:11:50 -0400] "GET /assets/images/ HTTP/1.1" 301 0 "-" "-"
52.138.178.146 - - [02/Apr/2025:19:11:52 -0400] "GET /assets/images/ HTTP/1.1" 404 15288 "-" "-"
52.138.178.146 - - [02/Apr/2025:19:11:55 -0400] "GET /Public/ HTTP/1.1" 301 0 "-" "-"
52.138.178.146 - - [02/Apr/2025:19:11:57 -0400] "GET /Public/ HTTP/1.1" 404 15287 "-" "-"
52.138.178.146 - - [02/Apr/2025:19:11:59 -0400] "GET /vendor/ HTTP/1.1" 301 0 "-" "-"
52.138.178.146 - - [02/Apr/2025:19:12:00 -0400] "GET /vendor/ HTTP/1.1" 404 15288 "-" "-"
52.138.178.146 - - [02/Apr/2025:19:12:03 -0400] "GET /local/ HTTP/1.1" 301 0 "-" "-"
52.138.178.146 - - [02/Apr/2025:19:12:08 -0400] "GET /modules/ HTTP/1.1" 301 0 "-" "-"
52.138.178.146 - - [02/Apr/2025:19:12:09 -0400] "GET /modules/ HTTP/1.1" 404 15288 "-" "-"
52.138.178.146 - - [02/Apr/2025:19:12:11 -0400] "GET /Site/ HTTP/1.1" 301 0 "-" "-"
52.138.178.146 - - [02/Apr/2025:19:12:14 -0400] "GET /system/ HTTP/1.1" 301 0 "-" "-"
52.138.178.146 - - [02/Apr/2025:19:12:16 -0400] "GET /system/ HTTP/1.1" 404 15287 "-" "-"
52.138.178.146 - - [02/Apr/2025:19:12:19 -0400] "GET /template/ HTTP/1.1" 301 0 "-" "-"
52.138.178.146 - - [02/Apr/2025:19:12:20 -0400] "GET /template/ HTTP/1.1" 404 15288 "-" "-"
52.138.178.146 - - [02/Apr/2025:19:12:22 -0400] "GET /shop/ HTTP/1.1" 301 0 "-" "-"
52.138.178.146 - - [02/Apr/2025:19:12:25 -0400] "GET /files/ HTTP/1.1" 301 0 "-" "-"
52.138.178.146 - - [02/Apr/2025:19:12:25 -0400] "GET /files/ HTTP/1.1" 404 15286 "-" "-"
52.138.178.146 - - [02/Apr/2025:19:12:27 -0400] "GET /admin/editor/ HTTP/1.1" 301 0 "-" "-"
52.138.178.146 - - [02/Apr/2025:19:12:27 -0400] "GET /admin/editor/ HTTP/1.1" 404 15290 "-" "-"
52.138.178.146 - - [02/Apr/2025:19:12:29 -0400] "GET /include/ HTTP/1.1" 301 0 "-" "-"
52.138.178.146 - - [02/Apr/2025:19:12:29 -0400] "GET /include/ HTTP/1.1" 404 15285 "-" "-"
52.138.178.146 - - [02/Apr/2025:19:12:32 -0400] "GET /Assets/ HTTP/1.1" 301 0 "-" "-"
52.138.178.146 - - [02/Apr/2025:19:12:34 -0400] "GET /Assets/ HTTP/1.1" 404 15287 "-" "-"
52.138.178.146 - - [02/Apr/2025:19:12:37 -0400] "GET /images/stories/ HTTP/1.1" 301 0 "-" "-"
52.138.178.146 - - [02/Apr/2025:19:12:38 -0400] "GET /images/stories/ HTTP/1.1" 404 15289 "-" "-"
198.54.114.83 - - [02/Apr/2025:19:12:42 -0400] "POST /wp-cron.php?doing_wp_cron=1743635561.3781909942626953125000 HTTP/1.1" 200 0 "-" "WordPress/6.7.2; https://creative-webstyle.com"
52.138.178.146 - - [02/Apr/2025:19:12:40 -0400] "GET /plugins/ HTTP/1.1" 301 0 "-" "-"
52.138.178.146 - - [02/Apr/2025:19:12:43 -0400] "GET /plugins/ HTTP/1.1" 404 15287 "-" "-"
52.138.178.146 - - [02/Apr/2025:19:12:44 -0400] "GET /php/ HTTP/1.1" 301 0 "-" "-"
52.138.178.146 - - [02/Apr/2025:19:12:45 -0400] "GET /php/ HTTP/1.1" 404 15284 "-" "-"
52.138.178.146 - - [02/Apr/2025:19:12:48 -0400] "GET /wp-includes/assets/ HTTP/1.1" 403 1242 "-" "-"
52.138.178.146 - - [02/Apr/2025:19:12:48 -0400] "GET /wp-includes/Text/Diff/Engine/ HTTP/1.1" 403 1242 "-" "-"
52.138.178.146 - - [02/Apr/2025:19:12:48 -0400] "GET /wp-includes/block-patterns/ HTTP/1.1" 403 1242 "-" "-"
52.138.178.146 - - [02/Apr/2025:19:12:48 -0400] "GET /wp-includes/Text/Diff/ HTTP/1.1" 403 1242 "-" "-"
52.138.178.146 - - [02/Apr/2025:19:12:49 -0400] "GET /wp-includes/block-supports/ HTTP/1.1" 403 1242 "-" "-"
52.138.178.146 - - [02/Apr/2025:19:12:49 -0400] "GET /wp-includes/blocks/ HTTP/1.1" 200 22 "-" "-"
52.138.178.146 - - [02/Apr/2025:19:12:50 -0400] "GET /wp-includes/certificates/ HTTP/1.1" 403 1242 "-" "-"
52.138.178.146 - - [02/Apr/2025:19:12:50 -0400] "GET /wp-includes/SimplePie/Cache/ HTTP/1.1" 301 0 "-" "-"
52.138.178.146 - - [02/Apr/2025:19:12:52 -0400] "GET /wp-includes/SimplePie/Cache/ HTTP/1.1" 404 15298 "-" "-"
52.138.178.146 - - [02/Apr/2025:19:12:53 -0400] "GET /wp-includes/SimplePie/Content/Type/ HTTP/1.1" 301 0 "-" "-"
52.138.178.146 - - [02/Apr/2025:19:12:54 -0400] "GET /wp-includes/SimplePie/Content/Type/ HTTP/1.1" 404 15304 "-" "-"
52.138.178.146 - - [02/Apr/2025:19:12:55 -0400] "GET /wp-includes/css/ HTTP/1.1" 403 1242 "-" "-"
52.138.178.146 - - [02/Apr/2025:19:12:55 -0400] "GET /wp-includes/SimplePie/Content/ HTTP/1.1" 301 0 "-" "-"
52.138.178.146 - - [02/Apr/2025:19:12:56 -0400] "GET /wp-includes/SimplePie/Content/ HTTP/1.1" 404 15298 "-" "-"
52.138.178.146 - - [02/Apr/2025:19:12:57 -0400] "GET /wp-includes/rest-api/endpoints/ HTTP/1.1" 403 1242 "-" "-"
52.138.178.146 - - [02/Apr/2025:19:12:57 -0400] "GET /wp-includes/rest-api/fields/ HTTP/1.1" 403 1242 "-" "-"
52.138.178.146 - - [02/Apr/2025:19:12:58 -0400] "GET /wp-includes/Requests/Cookie/ HTTP/1.1" 301 0 "-" "-"
52.138.178.146 - - [02/Apr/2025:19:12:58 -0400] "GET /wp-includes/Requests/Cookie/ HTTP/1.1" 404 15300 "-" "-"
52.138.178.146 - - [02/Apr/2025:19:12:59 -0400] "GET /wp-includes/Requests/Proxy/ HTTP/1.1" 301 0 "-" "-"
52.138.178.146 - - [02/Apr/2025:19:13:00 -0400] "GET /wp-includes/Requests/Proxy/ HTTP/1.1" 404 15300 "-" "-"
52.138.178.146 - - [02/Apr/2025:19:13:01 -0400] "GET /wp-includes/Requests/Response/ HTTP/1.1" 301 0 "-" "-"
52.138.178.146 - - [02/Apr/2025:19:13:02 -0400] "GET /wp-includes/Requests/Response/ HTTP/1.1" 404 15299 "-" "-"
52.138.178.146 - - [02/Apr/2025:19:13:03 -0400] "GET /wp-includes/Requests/Transport/ HTTP/1.1" 301 0 "-" "-"
52.138.178.146 - - [02/Apr/2025:19:13:04 -0400] "GET /wp-includes/Requests/Transport/ HTTP/1.1" 404 15301 "-" "-"
52.138.178.146 - - [02/Apr/2025:19:13:05 -0400] "GET /wp-includes/Requests/Utility/ HTTP/1.1" 301 0 "-" "-"
52.138.178.146 - - [02/Apr/2025:19:13:06 -0400] "GET /wp-includes/Requests/Utility/ HTTP/1.1" 404 15301 "-" "-"
52.138.178.146 - - [02/Apr/2025:19:13:09 -0400] "GET /wp-includes/js/codemirror/ HTTP/1.1" 403 1242 "-" "-"
52.138.178.146 - - [02/Apr/2025:19:13:09 -0400] "GET /wp-includes/Requests/Exception/HTTP/ HTTP/1.1" 301 0 "-" "-"
52.138.178.146 - - [02/Apr/2025:19:13:10 -0400] "GET /wp-includes/Requests/Exception/HTTP/ HTTP/1.1" 404 15307 "-" "-"
52.138.178.146 - - [02/Apr/2025:19:13:13 -0400] "GET /wp-includes/js/crop/ HTTP/1.1" 403 1242 "-" "-"
52.138.178.146 - - [02/Apr/2025:19:13:14 -0400] "GET /wp-includes/images/crystal/ HTTP/1.1" 403 1242 "-" "-"
52.138.178.146 - - [02/Apr/2025:19:13:15 -0400] "GET /wp-includes/images/media/ HTTP/1.1" 403 1242 "-" "-"
52.138.178.146 - - [02/Apr/2025:19:13:15 -0400] "GET /wp-includes/images/smilies/ HTTP/1.1" 403 1242 "-" "-"
52.138.178.146 - - [02/Apr/2025:19:13:15 -0400] "GET /wp-includes/images/wlw/ HTTP/1.1" 301 0 "-" "-"
52.138.178.146 - - [02/Apr/2025:19:13:16 -0400] "GET /wp-includes/images/wlw/ HTTP/1.1" 404 15292 "-" "-"
52.138.178.146 - - [02/Apr/2025:19:13:18 -0400] "GET /wp-includes/rest-api/search/ HTTP/1.1" 403 1242 "-" "-"
52.138.178.146 - - [02/Apr/2025:19:13:18 -0400] "GET /wp-includes/Requests/Exception/ HTTP/1.1" 301 0 "-" "-"
52.138.178.146 - - [02/Apr/2025:19:13:19 -0400] "GET /wp-includes/Requests/Exception/ HTTP/1.1" 404 15300 "-" "-"
52.138.178.146 - - [02/Apr/2025:19:13:20 -0400] "GET /wp-includes/Requests/Auth/ HTTP/1.1" 301 0 "-" "-"
52.138.178.146 - - [02/Apr/2025:19:13:22 -0400] "GET /wp-includes/Requests/Auth/ HTTP/1.1" 404 15299 "-" "-"
52.138.178.146 - - [02/Apr/2025:19:13:23 -0400] "GET /wp-includes/sodium_compat/src/ HTTP/1.1" 403 1242 "-" "-"
52.138.178.146 - - [02/Apr/2025:19:13:24 -0400] "GET /wp-includes/sitemaps/providers/ HTTP/1.1" 403 1242 "-" "-"
52.138.178.146 - - [02/Apr/2025:19:13:24 -0400] "GET /wp-includes/Text/Diff/Engine/Engine/ HTTP/1.1" 301 0 "-" "-"
52.138.178.146 - - [02/Apr/2025:19:13:25 -0400] "GET /wp-includes/Text/Diff/Engine/Engine/ HTTP/1.1" 404 15300 "-" "-"
52.138.178.146 - - [02/Apr/2025:19:13:27 -0400] "GET /wp-includes/customize/ HTTP/1.1" 403 1242 "-" "-"
52.138.178.146 - - [02/Apr/2025:19:13:28 -0400] "GET /wp-includes/fonts/ HTTP/1.1" 403 1242 "-" "-"
52.138.178.146 - - [02/Apr/2025:19:13:28 -0400] "GET /wp-includes/html-api/ HTTP/1.1" 403 1242 "-" "-"
52.138.178.146 - - [02/Apr/2025:19:13:28 -0400] "GET /wp-includes/ID3/ HTTP/1.1" 403 1242 "-" "-"
52.138.178.146 - - [02/Apr/2025:19:13:29 -0400] "GET /wp-includes/images/ HTTP/1.1" 403 1242 "-" "-"
52.138.178.146 - - [02/Apr/2025:19:13:29 -0400] "GET /wp-includes/IXR/ HTTP/1.1" 403 1242 "-" "-"
52.138.178.146 - - [02/Apr/2025:19:13:29 -0400] "GET /wp-includes/js/ HTTP/1.1" 403 1242 "-" "-"
52.138.178.146 - - [02/Apr/2025:19:13:29 -0400] "GET /wp-includes/php-compat/ HTTP/1.1" 403 1242 "-" "-"
52.138.178.146 - - [02/Apr/2025:19:13:30 -0400] "GET /wp-includes/PHPMailer/ HTTP/1.1" 403 1242 "-" "-"
52.138.178.146 - - [02/Apr/2025:19:13:30 -0400] "GET /wp-includes/pomo/ HTTP/1.1" 403 1242 "-" "-"
52.138.178.146 - - [02/Apr/2025:19:13:30 -0400] "GET /wp-includes/random_compat/ HTTP/1.1" 301 0 "-" "-"
52.138.178.146 - - [02/Apr/2025:19:13:34 -0400] "GET /wp-includes/random_compat/ HTTP/1.1" 404 15297 "-" "-"
52.138.178.146 - - [02/Apr/2025:19:13:36 -0400] "GET /wp-includes/Requests/ HTTP/1.1" 403 1242 "-" "-"
52.138.178.146 - - [02/Apr/2025:19:13:37 -0400] "GET /wp-includes/rest-api/ HTTP/1.1" 403 1242 "-" "-"
52.138.178.146 - - [02/Apr/2025:19:13:37 -0400] "GET /wp-includes/SimplePie/ HTTP/1.1" 403 1242 "-" "-"
52.138.178.146 - - [02/Apr/2025:19:13:38 -0400] "GET /wp-includes/sitemaps/ HTTP/1.1" 403 1242 "-" "-"
52.138.178.146 - - [02/Apr/2025:19:13:38 -0400] "GET /wp-includes/sodium_compat/ HTTP/1.1" 403 1242 "-" "-"
52.138.178.146 - - [02/Apr/2025:19:13:38 -0400] "GET /wp-includes/style-engine/ HTTP/1.1" 403 1242 "-" "-"
52.138.178.146 - - [02/Apr/2025:19:13:39 -0400] "GET /wp-includes/Text/ HTTP/1.1" 403 1242 "-" "-"
52.138.178.146 - - [02/Apr/2025:19:13:40 -0400] "GET /wp-includes/theme-compat/ HTTP/1.1" 403 1242 "-" "-"
52.138.178.146 - - [02/Apr/2025:19:13:40 -0400] "GET /wp-includes/widgets/ HTTP/1.1" 403 1242 "-" "-"
52.138.178.146 - - [02/Apr/2025:19:13:40 -0400] "GET /wp-admin/css/colors/ectoplasm/ HTTP/1.1" 403 1242 "-" "-"
52.138.178.146 - - [02/Apr/2025:19:13:40 -0400] "GET /wp-admin/css/colors/ HTTP/1.1" 403 1242 "-" "-"
52.138.178.146 - - [02/Apr/2025:19:13:40 -0400] "GET /admin/images/slider/ HTTP/1.1" 301 0 "-" "-"
198.54.114.83 - - [02/Apr/2025:19:13:43 -0400] "POST /wp-cron.php?doing_wp_cron=1743635622.9675669670104980468750 HTTP/1.1" 200 0 "-" "WordPress/6.7.2; https://creative-webstyle.com"
52.138.178.146 - - [02/Apr/2025:19:13:42 -0400] "GET /admin/images/slider/ HTTP/1.1" 404 15292 "-" "-"
52.138.178.146 - - [02/Apr/2025:19:13:44 -0400] "GET /admin/fckeditor/editor/filemanager/ HTTP/1.1" 301 0 "-" "-"
52.138.178.146 - - [02/Apr/2025:19:13:45 -0400] "GET /admin/fckeditor/editor/filemanager/ HTTP/1.1" 404 15302 "-" "-"
52.138.178.146 - - [02/Apr/2025:19:13:46 -0400] "GET /sites/default/files/ HTTP/1.1" 301 0 "-" "-"
52.138.178.146 - - [02/Apr/2025:19:13:47 -0400] "GET /sites/default/files/ HTTP/1.1" 404 15295 "-" "-"
198.54.114.83 - - [02/Apr/2025:19:13:51 -0400] "POST /wp-cron.php?doing_wp_cron=1743635631.2980020046234130859375 HTTP/1.1" 200 0 "-" "WordPress/6.7.2; https://creative-webstyle.com"
52.138.178.146 - - [02/Apr/2025:19:13:50 -0400] "GET /admin/controller/extension/extension/ HTTP/1.1" 301 0 "-" "-"
52.138.178.146 - - [02/Apr/2025:19:13:52 -0400] "GET /admin/controller/extension/extension/ HTTP/1.1" 404 15300 "-" "-"
52.138.178.146 - - [02/Apr/2025:19:13:53 -0400] "GET /modules/mod_simplefileuploadv1.3/elements/ HTTP/1.1" 301 0 "-" "-"
52.138.178.146 - - [02/Apr/2025:19:13:55 -0400] "GET /modules/mod_simplefileuploadv1.3/elements/ HTTP/1.1" 404 15315 "-" "-"
52.138.178.146 - - [02/Apr/2025:19:13:56 -0400] "GET /components/ HTTP/1.1" 301 0 "-" "-"
52.138.178.146 - - [02/Apr/2025:19:13:58 -0400] "GET /components/ HTTP/1.1" 404 15290 "-" "-"
52.138.178.146 - - [02/Apr/2025:19:13:59 -0400] "GET /admin/uploads/images/ HTTP/1.1" 301 0 "-" "-"
52.138.178.146 - - [02/Apr/2025:19:14:01 -0400] "GET /admin/uploads/images/ HTTP/1.1" 404 15292 "-" "-"
198.54.114.83 - - [02/Apr/2025:19:15:56 -0400] "POST /wp-cron.php?doing_wp_cron=1743635756.4542560577392578125000 HTTP/1.1" 200 0 "-" "WordPress/6.7.2; https://creative-webstyle.com"
216.244.66.194 - - [02/Apr/2025:19:15:53 -0400] "GET /category/activity/page/159/ HTTP/1.1" 200 20621 "-" "Mozilla/5.0 (compatible; DotBot/1.2; +https://opensiteexplorer.org/dotbot; help@moz.com)"
198.54.114.83 - - [02/Apr/2025:19:23:30 -0400] "POST /wp-cron.php?doing_wp_cron=1743636209.7944281101226806640625 HTTP/1.1" 200 0 "-" "WordPress/6.7.2; https://creative-webstyle.com"
151.106.162.202 - - [02/Apr/2025:19:23:29 -0400] "GET /images/slider/elastic/02-150x59.jpg HTTP/1.1" 301 0 "-" "Mozilla/5.0 (X11; Ubuntu; Linux x86_64; rv:72.0) Gecko/20100101 Firefox/72.0"
151.106.162.202 - - [02/Apr/2025:19:23:32 -0400] "GET /images/slider/elastic/02-150x59.jpg HTTP/1.1" 404 15310 "-" "Mozilla/5.0 (X11; Ubuntu; Linux x86_64; rv:72.0) Gecko/20100101 Firefox/72.0"
151.106.162.202 - - [02/Apr/2025:19:23:34 -0400] "GET /images/slider/elastic/02-150x59.jpg HTTP/1.1" 301 0 "-" "Mozilla/5.0 (X11; Ubuntu; Linux x86_64; rv:72.0) Gecko/20100101 Firefox/72.0"
151.106.162.202 - - [02/Apr/2025:19:23:34 -0400] "GET /images/slider/elastic/02-150x59.jpg HTTP/1.1" 404 15310 "-" "Mozilla/5.0 (X11; Ubuntu; Linux x86_64; rv:72.0) Gecko/20100101 Firefox/72.0"
151.106.162.202 - - [02/Apr/2025:19:23:35 -0400] "GET /images/slider/elastic/02-150x59.jpg HTTP/1.1" 301 0 "-" "Mozilla/5.0 (X11; Ubuntu; Linux x86_64; rv:72.0) Gecko/20100101 Firefox/72.0"
151.106.162.202 - - [02/Apr/2025:19:23:35 -0400] "GET /images/slider/elastic/02-150x59.jpg HTTP/1.1" 404 15310 "-" "Mozilla/5.0 (X11; Ubuntu; Linux x86_64; rv:72.0) Gecko/20100101 Firefox/72.0"
198.54.114.83 - - [02/Apr/2025:19:26:50 -0400] "POST /wp-cron.php?doing_wp_cron=1743636410.4967110157012939453125 HTTP/1.1" 200 0 "-" "WordPress/6.7.2; https://creative-webstyle.com"
188.162.0.115 - - [02/Apr/2025:19:26:50 -0400] "GET /wp-login.php HTTP/1.1" 302 0 "-" "Mozilla/5.0 (Windows NT 10.0; Win64; x64) AppleWebKit/537.36 (KHTML, like Gecko) Chrome/88.0.4324.150 Safari/537.36"
188.162.0.115 - - [02/Apr/2025:19:26:54 -0400] "POST /wp-login.php HTTP/1.1" 302 0 "https://creative-webstyle.com/wp-login.php" "Mozilla/5.0 (Windows NT 10.0; Win64; x64) AppleWebKit/537.36 (KHTML, like Gecko) Chrome/88.0.4324.150 Safari/537.36"
188.162.0.115 - - [02/Apr/2025:19:26:56 -0400] "GET /wp-admin/profile.php HTTP/1.1" 302 0 "https://creative-webstyle.com/wp-login.php" "Mozilla/5.0 (Windows NT 10.0; Win64; x64) AppleWebKit/537.36 (KHTML, like Gecko) Chrome/88.0.4324.150 Safari/537.36"
196.251.71.229 - - [02/Apr/2025:19:49:42 -0400] "GET / HTTP/1.1" 200 98430 "-" "Mozlila/5.0 (Linux; Android 7.0; SM-G892A Bulid/NRD90M; wv) AppleWebKit/537.36 (KHTML, like Gecko) Version/4.0 Chrome/60.0.3112.107 Moblie Safari/537.36"
196.251.71.229 - - [02/Apr/2025:19:49:42 -0400] "GET /wp-content/plugins/fix/up.php HTTP/1.1" 404 15302 "-" "Mozilla/5.0 (Windows NT 10.0; Win64; x64) AppleWebKit/537.36 (KHTML, like Gecko) Chrome/85.0.4183.102 Safari/537.36"
196.251.71.229 - - [02/Apr/2025:19:49:42 -0400] "GET /wp-content/themes/seotheme/db.php?u HTTP/1.1" 404 15303 "www.google.com" "Mozlila/5.0 (Linux; Android 7.0; SM-G892A Bulid/NRD90M; wv) AppleWebKit/537.36 (KHTML, like Gecko) Version/4.0 Chrome/60.0.3112.107 Moblie Safari/537.36"
196.251.71.229 - - [02/Apr/2025:19:49:44 -0400] "POST /ALFA_DATA/alfacgiapi/perl.alfa HTTP/1.1" 404 15262 "www.google.com" "Mozlila/5.0 (Linux; Android 7.0; SM-G892A Bulid/NRD90M; wv) AppleWebKit/537.36 (KHTML, like Gecko) Version/4.0 Chrome/60.0.3112.107 Moblie Safari/537.36"
196.251.71.229 - - [02/Apr/2025:19:49:45 -0400] "POST /wp-plain.php HTTP/1.1" 404 15241 "www.google.com" "Mozilla/5.0 (Linux; Android 7.0; SM-G892A Bulid/NRD90M; wv) AppleWebKit/537.36 (KHTML, like Gecko) Version/4.0 Chrome/60.0.3112.107 Moblie Safari/537.36"
196.251.71.229 - - [02/Apr/2025:19:49:45 -0400] "POST /alfacgiapi/perl.alfa HTTP/1.1" 404 15249 "www.google.com" "Mozlila/5.0 (Linux; Android 7.0; SM-G892A Bulid/NRD90M; wv) AppleWebKit/537.36 (KHTML, like Gecko) Version/4.0 Chrome/60.0.3112.107 Moblie Safari/537.36"
196.251.71.229 - - [02/Apr/2025:19:49:46 -0400] "GET /gmwqwarr.php?Fox=d3wL7 HTTP/1.1" 404 15301 "www.google.com" "Mozilla/5.0 (Linux; Android 7.0; SM-G892A Bulid/NRD90M; wv) AppleWebKit/537.36 (KHTML, like Gecko) Version/4.0 Chrome/60.0.3112.107 Moblie Safari/537.36"
4.227.36.8 - - [02/Apr/2025:19:53:18 -0400] "GET /robots.txt HTTP/1.1" 301 0 "-" "Mozilla/5.0 AppleWebKit/537.36 (KHTML, like Gecko; compatible; GPTBot/1.2; +https://openai.com/gptbot)"
4.227.36.8 - - [02/Apr/2025:19:53:18 -0400] "GET /robots.txt HTTP/1.1" 200 132 "http://www.creative-webstyle.com/robots.txt" "Mozilla/5.0 AppleWebKit/537.36 (KHTML, like Gecko; compatible; GPTBot/1.2; +https://openai.com/gptbot)"
20.171.207.100 - - [02/Apr/2025:19:53:20 -0400] "GET / HTTP/1.1" 200 98430 "-" "Mozilla/5.0 AppleWebKit/537.36 (KHTML, like Gecko; compatible; GPTBot/1.2; +https://openai.com/gptbot)"
198.54.114.83 - - [02/Apr/2025:19:56:45 -0400] "POST /wp-cron.php?doing_wp_cron=1743638205.2209680080413818359375 HTTP/1.1" 200 0 "-" "WordPress/6.7.2; https://creative-webstyle.com"
46.148.206.226 - - [02/Apr/2025:19:56:45 -0400] "GET /hvac-systems-and-mold/ HTTP/1.1" 200 24061 "http://creative-webstyle.com/hvac-systems-and-mold/" "Mozilla/5.0 (Windows NT 10.0; Win64; x64) AppleWebKit/537.36 (KHTML, like Gecko) Chrome/130.0.0.0 Safari/537.36 CCleaner/130.0.0.0"
198.54.114.83 - - [02/Apr/2025:20:07:05 -0400] "POST /wp-cron.php?doing_wp_cron=1743638825.0894870758056640625000 HTTP/1.1" 200 0 "-" "WordPress/6.7.2; https://creative-webstyle.com"
104.167.28.250 - - [02/Apr/2025:20:07:04 -0400] "GET /michael-kors-bags-a-vision-of-sophistication-and-glitz/ HTTP/1.1" 200 23121 "-" "Mozilla/5.0 (Macintosh; Intel Mac OS X 12_5) AppleWebKit/537.36 (KHTML, like Gecko) Chrome/114.0.0.0 Safari/537.36"
194.38.23.16 - - [02/Apr/2025:20:30:56 -0400] "GET /file-upload/server/php/index.php?file=tf2rghf.jpg HTTP/1.1" 301 0 "-" "ALittle Client"
194.38.23.16 - - [02/Apr/2025:20:31:32 -0400] "GET /file-upload/server/php/?file=tf2rghf.jpg HTTP/1.1" 404 15310 "-" "ALittle Client"
37.19.198.146 - - [02/Apr/2025:20:35:30 -0400] "GET /.env HTTP/1.1" 403 1242 "-" "Mozilla/5.0 (Macintosh; Intel Mac OS X 10.15; rv:77.0) Gecko/20100101 Firefox/77.0"
93.123.109.101 - - [02/Apr/2025:20:37:27 -0400] "GET /lzdmod/site-nav-pc/5.2.38/assets/track-order/index.js HTTP/1.1" 404 15325 "-" "Mozilla/5.0 (Windows NT 10.0; Win64; x64) AppleWebKit/537.36 Chrome/121.0.0.0"
125.209.235.170 - - [02/Apr/2025:20:56:39 -0400] "GET /robots.txt HTTP/1.1" 200 132 "-" "Mozilla/5.0 (Windows NT 10.0; Win64; x64) AppleWebKit/537.36 (KHTML, like Gecko; compatible; Yeti/1.1; +https://naver.me/spd) Chrome/127.0.0.0 Safari/537.36"
110.93.150.155 - - [02/Apr/2025:20:56:41 -0400] "GET / HTTP/1.1" 200 98430 "-" "Mozilla/5.0 (Windows NT 10.0; Win64; x64) AppleWebKit/537.36 (KHTML, like Gecko; compatible; Yeti/1.1; +https://naver.me/spd) Chrome/127.0.0.0 Safari/537.36"
114.111.32.41 - - [02/Apr/2025:20:58:23 -0400] "GET /favicon.ico HTTP/1.1" 404 1251 "-" "Mozilla/5.0 (Windows NT 10.0; Win64; x64) AppleWebKit/537.36 (KHTML, like Gecko; compatible; Yeti/1.1; +https://naver.me/spd) Chrome/127.0.0.0 Safari/537.36"
103.153.202.96 - - [02/Apr/2025:20:59:38 -0400] "GET / HTTP/1.1" 200 98430 "http://creative-webstyle.com" "Mozilla/4.0 (compatible; MSIE 9.0; Windows NT 6.1)"
152.53.111.174 - - [02/Apr/2025:21:04:14 -0400] "GET /robots.txt HTTP/1.1" 200 132 "-" "Mozilla/5.0 (compatible; MJ12bot/v1.4.8; http://mj12bot.com/)"
152.53.111.174 - - [02/Apr/2025:21:04:16 -0400] "GET / HTTP/1.1" 200 98430 "-" "Mozilla/5.0 (compatible; MJ12bot/v1.4.8; http://mj12bot.com/)"
217.182.199.126 - - [02/Apr/2025:21:06:23 -0400] "GET /log HTTP/1.1" 404 15282 "http://creative-webstyle.com/log" "Mozilla/4.0 (compatible; MSIE 7.0; Windows NT 6.1; Trident/7.0; SLCC2; .NET CLR 2.0.50727; .NET CLR 3.5.30729; .NET CLR 3.0.30729; Media Center PC 6.0; .NET4.0C; .NET4.0E; GWX:QUALIFIED)"
198.54.114.83 - - [02/Apr/2025:21:06:25 -0400] "POST /wp-cron.php?doing_wp_cron=1743642384.1211149692535400390625 HTTP/1.1" 200 0 "-" "WordPress/6.7.2; https://creative-webstyle.com"
5.255.231.8 - - [02/Apr/2025:21:09:24 -0400] "GET /robots.txt HTTP/1.1" 200 132 "-" "Mozilla/5.0 (compatible; YandexBot/3.0; +http://yandex.com/bots)"
95.108.213.138 - - [02/Apr/2025:21:09:25 -0400] "GET / HTTP/1.1" 200 98430 "-" "Mozilla/5.0 (compatible; YandexBot/3.0; +http://yandex.com/bots)"
45.76.203.107 - - [02/Apr/2025:21:10:22 -0400] "GET /wp-login.php HTTP/1.1" 302 0 "-" "Mozilla/5.0"
85.208.98.23 - - [02/Apr/2025:21:14:39 -0400] "GET /robots.txt HTTP/1.1" 304 0 "-" "Mozilla/5.0 (compatible; SemrushBot-BA; +http://www.semrush.com/bot.html)"
91.14.4.200 - - [02/Apr/2025:21:46:26 -0400] "GET /robots.txt HTTP/1.1" 200 132 "-" "VsuSearchSpider/1.0"
91.14.4.200 - - [02/Apr/2025:21:46:28 -0400] "GET / HTTP/1.1" 200 98430 "-" "VsuSearchSpider/1.0"
34.222.207.168 - - [02/Apr/2025:21:50:14 -0400] "GET / HTTP/1.1" 200 98430 "-" "Mozilla/4.0 (compatible; MSIE 6.0; Windows NT 5.1; FSL 7.0.6.01001)"
54.36.149.84 - - [02/Apr/2025:22:04:46 -0400] "GET /robots.txt HTTP/1.1" 200 132 "-" "Mozilla/5.0 (compatible; AhrefsBot/7.0; +http://ahrefs.com/robot/)"
184.181.217.220 - - [02/Apr/2025:22:12:26 -0400] "GET /michael-kors-bags-a-vision-of-sophistication-and-glitz/ HTTP/1.1" 200 23121 "-" "Mozilla/5.0 (Windows NT 10.0; Win64; x64) AppleWebKit/537.36 (KHTML, like Gecko) Chrome/114.0.0.0 Safari/537.36 Edg/114.0.1264.71"
184.181.217.220 - - [02/Apr/2025:22:12:34 -0400] "GET /michael-kors-bags-a-vision-of-sophistication-and-glitz/ HTTP/1.1" 200 23121 "http://creative-webstyle.com/michael-kors-bags-a-vision-of-sophistication-and-glitz/" "Mozilla/5.0 (Windows NT 6.3; Win64; x64) AppleWebKit/537.36 (KHTML, like Gecko) Chrome/103.0.0.0 Safari/537.36"
184.181.217.220 - - [02/Apr/2025:22:12:35 -0400] "POST /wp-comments-post.php HTTP/1.1" 302 0 "http://creative-webstyle.com/michael-kors-bags-a-vision-of-sophistication-and-glitz/" "Mozilla/5.0 (Windows NT 6.3; Win64; x64) AppleWebKit/537.36 (KHTML, like Gecko) Chrome/103.0.0.0 Safari/537.36"
184.181.217.220 - - [02/Apr/2025:22:12:46 -0400] "GET /michael-kors-bags-a-vision-of-sophistication-and-glitz/ HTTP/1.1" 200 23121 "-" "Mozilla/5.0 (Windows NT 6.3; Win64; x64) AppleWebKit/537.36 (KHTML, like Gecko) Chrome/103.0.0.0 Safari/537.36"
124.226.222.66 - - [02/Apr/2025:22:34:35 -0400] "GET / HTTP/1.1" 200 98430 "-" "Mozilla/5.0 (iPhone; CPU iPhone OS 13_2_3 like Mac OS X) AppleWebKit/605.1.15 (KHTML, like Gecko) Version/13.0.3 Mobile/15E148 Safari/604.1"
94.131.54.46 - - [02/Apr/2025:22:53:56 -0400] "GET /michael-kors-bags-a-vision-of-sophistication-and-glitz/ HTTP/1.1" 200 23121 "-" "Mozilla/5.0 (X11; Linux i686) AppleWebKit/537.36 (KHTML, like Gecko) Chrome/114.0.0.0 Safari/537.36 Vivaldi/5.3.2679.68"
94.131.54.46 - - [02/Apr/2025:22:53:57 -0400] "GET /michael-kors-bags-a-vision-of-sophistication-and-glitz/ HTTP/1.1" 200 23121 "http://creative-webstyle.com/michael-kors-bags-a-vision-of-sophistication-and-glitz/" "Mozilla/5.0 (X11; Linux i686) AppleWebKit/537.36 (KHTML, like Gecko) Chrome/114.0.0.0 Safari/537.36 Vivaldi/5.3.2679.68"
194.147.98.17 - - [02/Apr/2025:22:54:20 -0400] "GET / HTTP/1.1" 200 98430 "-" "Mozilla/5.0 (Windows NT 10.0; Win64; x64) AppleWebKit/537.36 (KHTML, like Gecko) Chrome/97.0.4280.67 Safari/537.36 Edg/97.0.664.52"
34.162.64.177 - - [02/Apr/2025:22:57:59 -0400] "GET / HTTP/1.1" 200 98430 "-" "Mozilla/5.0 (Macintosh; Intel Mac OS X 10_15_7) AppleWebKit/537.36 (KHTML, like Gecko) Chrome/127.0.0.0 Safari/537.36"
34.162.64.177 - - [02/Apr/2025:22:58:02 -0400] "GET /app/ HTTP/1.1" 301 0 "-" "Mozilla/5.0 (Macintosh; Intel Mac OS X 10_15_7) AppleWebKit/537.36 (KHTML, like Gecko) Chrome/127.0.0.0 Safari/537.36"
34.162.64.177 - - [02/Apr/2025:22:58:06 -0400] "GET /login/ HTTP/1.1" 302 0 "-" "Mozilla/5.0 (Macintosh; Intel Mac OS X 10_15_7) AppleWebKit/537.36 (KHTML, like Gecko) Chrome/127.0.0.0 Safari/537.36"
34.162.64.177 - - [02/Apr/2025:22:58:09 -0400] "GET /@ali/lzdmod-site-nav-pc/pc/index.css HTTP/1.1" 404 15311 "-" "Mozilla/5.0 (Macintosh; Intel Mac OS X 10_15_7) AppleWebKit/537.36 (KHTML, like Gecko) Chrome/127.0.0.0 Safari/537.36"
34.162.64.177 - - [02/Apr/2025:22:58:12 -0400] "GET /@ali/lzdmod-desktop-footer/pc/index.css HTTP/1.1" 404 15316 "-" "Mozilla/5.0 (Macintosh; Intel Mac OS X 10_15_7) AppleWebKit/537.36 (KHTML, like Gecko) Chrome/127.0.0.0 Safari/537.36"
34.162.64.177 - - [02/Apr/2025:22:58:15 -0400] "GET /@ali/lzdmod-site-menu-pc/pc/index.css HTTP/1.1" 404 15310 "-" "Mozilla/5.0 (Macintosh; Intel Mac OS X 10_15_7) AppleWebKit/537.36 (KHTML, like Gecko) Chrome/127.0.0.0 Safari/537.36"
34.162.64.177 - - [02/Apr/2025:22:58:19 -0400] "GET /@ali/lzdmod-site-menu-nav-pc/pc/index.css HTTP/1.1" 404 15313 "-" "Mozilla/5.0 (Macintosh; Intel Mac OS X 10_15_7) AppleWebKit/537.36 (KHTML, like Gecko) Chrome/127.0.0.0 Safari/537.36"
34.162.64.177 - - [02/Apr/2025:22:58:21 -0400] "GET / HTTP/1.1" 200 98430 "-" "Mozilla/5.0 (Macintosh; Intel Mac OS X 10_15_7) AppleWebKit/537.36 (KHTML, like Gecko) Chrome/127.0.0.0 Safari/537.36"
34.162.64.177 - - [02/Apr/2025:22:58:21 -0400] "GET /app/ HTTP/1.1" 301 0 "-" "Mozilla/5.0 (Macintosh; Intel Mac OS X 10_15_7) AppleWebKit/537.36 (KHTML, like Gecko) Chrome/127.0.0.0 Safari/537.36"
34.162.64.177 - - [02/Apr/2025:22:58:22 -0400] "GET /login/ HTTP/1.1" 302 0 "-" "Mozilla/5.0 (Macintosh; Intel Mac OS X 10_15_7) AppleWebKit/537.36 (KHTML, like Gecko) Chrome/127.0.0.0 Safari/537.36"
34.162.64.177 - - [02/Apr/2025:22:58:22 -0400] "GET / HTTP/1.1" 200 98430 "-" "Mozilla/5.0 (Macintosh; Intel Mac OS X 10_15_7) AppleWebKit/537.36 (KHTML, like Gecko) Chrome/127.0.0.0 Safari/537.36"
34.162.64.177 - - [02/Apr/2025:22:58:22 -0400] "GET /app/ HTTP/1.1" 301 0 "-" "Mozilla/5.0 (Macintosh; Intel Mac OS X 10_15_7) AppleWebKit/537.36 (KHTML, like Gecko) Chrome/127.0.0.0 Safari/537.36"
34.162.64.177 - - [02/Apr/2025:22:58:23 -0400] "GET /login/ HTTP/1.1" 302 0 "-" "Mozilla/5.0 (Macintosh; Intel Mac OS X 10_15_7) AppleWebKit/537.36 (KHTML, like Gecko) Chrome/127.0.0.0 Safari/537.36"
145.239.10.137 - - [02/Apr/2025:23:19:35 -0400] "GET /item.php HTTP/1.1" 404 15286 "http://creative-webstyle.com/item.php" "Mozilla/5.0 (iPhone; CPU iPhone OS 17_5_1 like Mac OS X) AppleWebKit/605.1.15 (KHTML, like Gecko) Version/17.5 Mobile/15E148 Safari/604.1"
93.123.109.101 - - [02/Apr/2025:23:19:36 -0400] "GET /products/sw.js HTTP/1.1" 404 15291 "-" "Mozilla/5.0 (Windows NT 10.0; Win64; x64) AppleWebKit/537.36 Chrome/121.0.0.0"
44.193.11.208 - - [02/Apr/2025:23:35:56 -0400] "GET / HTTP/1.1" 200 98430 "-" "Mozilla/5.0 (Windows NT 10.0; Win64; x64) AppleWebKit/537.36 (KHTML, like Gecko) Chrome/104.0.0.0 Safari/537.36"
195.47.238.177 - - [02/Apr/2025:23:48:07 -0400] "GET / HTTP/1.1" 200 98430 "http://creative-webstyle.com" "Mozilla/5.0 (Windows NT 6.1; rv:6.0) Gecko/20110814 Firefox/6.0 Google Favicon"
170.106.160.90 - - [02/Apr/2025:23:52:47 -0400] "GET / HTTP/1.1" 200 98430 "-" "Mozilla/5.0 (iPhone; CPU iPhone OS 13_2_3 like Mac OS X) AppleWebKit/605.1.15 (KHTML, like Gecko) Version/13.0.3 Mobile/15E148 Safari/604.1"
84.239.48.20 - - [03/Apr/2025:00:07:39 -0400] "GET /.env HTTP/1.1" 403 1242 "-" "Mozilla/5.0 (Macintosh; Intel Mac OS X 10.15; rv:77.0) Gecko/20100101 Firefox/77.0"
93.123.109.101 - - [03/Apr/2025:00:13:18 -0400] "GET /mtb/lib-mtop/2.5.1/mtop.js HTTP/1.1" 404 15300 "-" "Mozilla/5.0 (Windows NT 10.0; Win64; x64) AppleWebKit/537.36 Chrome/121.0.0.0"
151.106.162.202 - - [03/Apr/2025:00:14:54 -0400] "GET /img/2019kibun850-5.jpg HTTP/1.1" 404 15295 "-" "Mozilla/5.0 (X11; Ubuntu; Linux x86_64; rv:72.0) Gecko/20100101 Firefox/72.0"
151.106.162.202 - - [03/Apr/2025:00:14:56 -0400] "GET /img/2019kibun850-5.jpg HTTP/1.1" 404 15295 "-" "Mozilla/5.0 (X11; Ubuntu; Linux x86_64; rv:72.0) Gecko/20100101 Firefox/72.0"
151.106.162.202 - - [03/Apr/2025:00:14:57 -0400] "GET /img/2019kibun850-5.jpg HTTP/1.1" 404 15295 "-" "Mozilla/5.0 (X11; Ubuntu; Linux x86_64; rv:72.0) Gecko/20100101 Firefox/72.0"
217.113.194.239 - - [03/Apr/2025:00:25:58 -0400] "GET /robots.txt HTTP/1.1" 301 0 "-" "Mozilla/5.0 (compatible; Barkrowler/0.9; +https://babbar.tech/crawler)"
217.113.194.239 - - [03/Apr/2025:00:25:59 -0400] "GET /robots.txt HTTP/1.1" 200 132 "-" "Mozilla/5.0 (compatible; Barkrowler/0.9; +https://babbar.tech/crawler)"
217.113.194.233 - - [03/Apr/2025:00:26:15 -0400] "GET / HTTP/1.1" 200 98430 "-" "Mozilla/5.0 (compatible; Barkrowler/0.9; +https://babbar.tech/crawler)"
43.130.3.120 - - [03/Apr/2025:01:01:59 -0400] "GET / HTTP/1.1" 200 98430 "-" "Mozilla/5.0 (iPhone; CPU iPhone OS 13_2_3 like Mac OS X) AppleWebKit/605.1.15 (KHTML, like Gecko) Version/13.0.3 Mobile/15E148 Safari/604.1"
74.225.152.45 - - [03/Apr/2025:01:07:25 -0400] "GET /wp-admin/css/ HTTP/1.1" 403 1242 "binance.com" "Mozilla/5.0 (Windows NT 10.0; Win64; x64) AppleWebKit/537.36 (KHTML, like Gecko) Chrome/90.0.4430.85 Safari/537.36"
1.169.252.80 - - [03/Apr/2025:01:18:59 -0400] "GET / HTTP/1.1" 200 98430 "http://creative-webstyle.com/" "Mozilla/5.0 (Windows NT 6.1; WOW64) AppleWebKit/537.36 (KHTML, like Gecko) Chrome/36.0.4074.471 Safari/537.36"
1.169.252.80 - - [03/Apr/2025:01:19:01 -0400] "GET / HTTP/1.1" 200 98430 "http://creative-webstyle.com/" "Mozilla/5.0 (Windows NT 6.1; WOW64) AppleWebKit/537.36 (KHTML, like Gecko) Chrome/36.0.4074.471 Safari/537.36"
85.208.98.23 - - [03/Apr/2025:01:21:03 -0400] "GET /robots.txt HTTP/1.1" 304 0 "-" "Mozilla/5.0 (compatible; SemrushBot-BA; +http://www.semrush.com/bot.html)"
37.27.218.238 - - [03/Apr/2025:01:32:38 -0400] "GET /michael-kors-bags-a-vision-of-sophistication-and-glitz/ HTTP/1.1" 200 23121 "http://creative-webstyle.com/michael-kors-bags-a-vision-of-sophistication-and-glitz/" "Mozilla/5.0 (Windows NT 10.0; Win64; x64) AppleWebKit/537.36 (KHTML, like Gecko) Chrome/129.0.0.0 Safari/537.36"
198.54.114.83 - - [03/Apr/2025:01:32:40 -0400] "POST /wp-cron.php?doing_wp_cron=1743658360.4774560928344726562500 HTTP/1.1" 200 0 "-" "WordPress/6.7.2; https://creative-webstyle.com"
37.27.218.238 - - [03/Apr/2025:01:32:40 -0400] "POST /wp-comments-post.php HTTP/1.1" 302 0 "http://creative-webstyle.com/michael-kors-bags-a-vision-of-sophistication-and-glitz/" "Mozilla/5.0 (Windows NT 10.0; Win64; x64) AppleWebKit/537.36 (KHTML, like Gecko) Chrome/129.0.0.0 Safari/537.36"
142.93.139.78 - - [03/Apr/2025:01:35:59 -0400] "GET /log-mama/function.php HTTP/1.1" 404 15297 "-" "Mozlila/5.0 (Linux; Android 7.0; SM-G892A Bulid/NRD90M; wv) AppleWebKit/537.36 (KHTML, like Gecko) Version/4.0 Chrome/60.0.3112.107 Moblie Safari/537.36"
142.93.139.78 - - [03/Apr/2025:01:36:03 -0400] "GET /bk/index.php HTTP/1.1" 301 0 "-" "Mozlila/5.0 (Linux; Android 7.0; SM-G892A Bulid/NRD90M; wv) AppleWebKit/537.36 (KHTML, like Gecko) Version/4.0 Chrome/60.0.3112.107 Moblie Safari/537.36"
142.93.139.78 - - [03/Apr/2025:01:36:03 -0400] "GET /bk/ HTTP/1.1" 404 15282 "-" "Mozlila/5.0 (Linux; Android 7.0; SM-G892A Bulid/NRD90M; wv) AppleWebKit/537.36 (KHTML, like Gecko) Version/4.0 Chrome/60.0.3112.107 Moblie Safari/537.36"
20.171.207.223 - - [03/Apr/2025:01:39:11 -0400] "GET / HTTP/1.1" 200 98430 "-" "Mozilla/5.0 AppleWebKit/537.36 (KHTML, like Gecko; compatible; GPTBot/1.2; +https://openai.com/gptbot)"
116.179.33.10 - - [03/Apr/2025:01:50:20 -0400] "GET /robots.txt HTTP/1.1" 304 0 "-" "Mozilla/5.0 (Windows NT 10.0; WOW64) AppleWebKit/537.36 (KHTML, like Gecko) Chrome/48.0.2564.116 Safari/537.36"
116.179.33.143 - - [03/Apr/2025:01:53:43 -0400] "GET / HTTP/1.1" 200 98430 "-" "Mozilla/5.0 (Windows NT 10.0; WOW64) AppleWebKit/537.36 (KHTML, like Gecko) Chrome/48.0.2564.116 Safari/537.36"
135.181.74.47 - - [03/Apr/2025:02:32:50 -0400] "GET /michael-kors-bags-a-vision-of-sophistication-and-glitz/ HTTP/1.1" 200 23122 "-" "Mozilla/5.0 (Windows NT 10.0; Win64; x64) AppleWebKit/537.36 (KHTML, like Gecko) Chrome/118.0.0.0 Safari/537.36"
116.179.32.68 - - [03/Apr/2025:02:39:02 -0400] "GET / HTTP/1.1" 200 98430 "-" "Mozilla/5.0 (compatible; Baiduspider/2.0; +http://www.baidu.com/search/spider.html)"
129.80.255.13 - - [03/Apr/2025:03:04:34 -0400] "GET / HTTP/1.1" 200 98430 "-" "Mozilla/5.0 (Windows NT 10.0; Win64; x64) AppleWebKit/537.36 (KHTML, like Gecko) Chrome/95.0.4638.69 Safari/537.36"
129.80.255.13 - - [03/Apr/2025:03:04:35 -0400] "GET /wp-includes/ID3/license.txt HTTP/1.1" 200 501 "-" "Mozilla/5.0 (Windows NT 10.0; Win64; x64) AppleWebKit/537.36 (KHTML, like Gecko) Chrome/95.0.4638.69 Safari/537.36"
129.80.255.13 - - [03/Apr/2025:03:04:35 -0400] "GET /feed/ HTTP/1.1" 200 777735 "-" "Mozilla/5.0 (Windows NT 10.0; Win64; x64) AppleWebKit/537.36 (KHTML, like Gecko) Chrome/95.0.4638.69 Safari/537.36"
129.80.255.13 - - [03/Apr/2025:03:04:36 -0400] "GET /?author=1 HTTP/1.1" 200 98430 "-" "Mozilla/5.0 (Windows NT 10.0; Win64; x64) AppleWebKit/537.36 (KHTML, like Gecko) Chrome/95.0.4638.69 Safari/537.36"
129.80.255.13 - - [03/Apr/2025:03:04:37 -0400] "GET /wp-json/wp/v2/users/ HTTP/1.1" 200 2069 "-" "Mozilla/5.0 (Windows NT 10.0; Win64; x64) AppleWebKit/537.36 (KHTML, like Gecko) Chrome/95.0.4638.69 Safari/537.36"
103.100.159.251 - - [03/Apr/2025:03:08:40 -0400] "GET /login.php?s=Admin/login HTTP/1.1" 404 15310 "-" "python-requests/2.32.3"
143.198.85.99 - - [03/Apr/2025:03:08:54 -0400] "GET / HTTP/1.1" 200 98430 "-" "Mozilla/5.0 (Windows NT 10.0; Win64; x64) AppleWebKit/537.36 (KHTML, like Gecko) Chrome/78.0.3904.108 Safari/537.36"
143.198.85.99 - - [03/Apr/2025:03:08:55 -0400] "GET / HTTP/1.1" 200 98430 "-" "Mozilla/5.0 (Windows NT 10.0; Win64; x64) AppleWebKit/537.36 (KHTML, like Gecko) Chrome/78.0.3904.108 Safari/537.36"
143.198.85.99 - - [03/Apr/2025:03:08:57 -0400] "GET /wp-includes/wlwmanifest.xml HTTP/1.1" 404 15296 "-" "Mozilla/5.0 (Windows NT 10.0; Win64; x64) AppleWebKit/537.36 (KHTML, like Gecko) Chrome/78.0.3904.108 Safari/537.36"
143.198.85.99 - - [03/Apr/2025:03:09:04 -0400] "GET /?author=1 HTTP/1.1" 200 98430 "-" "Mozilla/5.0 (Windows NT 10.0; Win64; x64) AppleWebKit/537.36 (KHTML, like Gecko) Chrome/78.0.3904.108 Safari/537.36"
143.198.85.99 - - [03/Apr/2025:03:09:06 -0400] "GET /?author=2 HTTP/1.1" 200 98430 "-" "Mozilla/5.0 (Windows NT 10.0; Win64; x64) AppleWebKit/537.36 (KHTML, like Gecko) Chrome/78.0.3904.108 Safari/537.36"
143.198.85.99 - - [03/Apr/2025:03:09:07 -0400] "GET /wp-json/wp/v2/users/ HTTP/1.1" 200 2069 "-" "Mozilla/5.0 (Windows NT 10.0; Win64; x64) AppleWebKit/537.36 (KHTML, like Gecko) Chrome/78.0.3904.108 Safari/537.36"
203.189.235.141 - - [03/Apr/2025:03:11:50 -0400] "GET /admin.php HTTP/1.1" 404 15286 "-" "python-requests/2.32.3"
198.54.114.83 - - [03/Apr/2025:03:11:56 -0400] "POST /wp-cron.php?doing_wp_cron=1743664311.3526699542999267578125 HTTP/1.1" 200 0 "-" "WordPress/6.7.2; https://creative-webstyle.com"
88.80.26.3 - - [03/Apr/2025:03:12:49 -0400] "GET / HTTP/1.1" 200 98430 "http://creative-webstyle.com" "Mozilla/5.0 (Macintosh; Intel Mac OS X 10_11_1) AppleWebKit/601.2.7 (KHTML, like Gecko) Version/9.0.1 Safari/601.2.7"
182.42.104.32 - - [03/Apr/2025:03:19:56 -0400] "GET / HTTP/1.1" 200 98430 "-" "Mozilla/5.0 (iPhone; CPU iPhone OS 13_2_3 like Mac OS X) AppleWebKit/605.1.15 (KHTML, like Gecko) Version/13.0.3 Mobile/15E148 Safari/604.1"
213.136.68.157 - - [03/Apr/2025:03:33:04 -0400] "GET /wp-content/plugins/WordPressCore/include.php HTTP/1.1" 404 15303 "www.google.com" "Mozilla/5.0 (Linux; Android 7.0; SM-G892A Build/NRD90M; wv) AppleWebKit/537.36 (KHTML, like Gecko) Version/4.0 Chrome/60.0.3112.107 Mobile Safari/537.36"
213.136.68.157 - - [03/Apr/2025:03:33:29 -0400] "GET /simple.php HTTP/1.1" 404 15286 "www.google.com" "Mozilla/5.0 (Linux; Android 7.0; SM-G892A Build/NRD90M; wv) AppleWebKit/537.36 (KHTML, like Gecko) Version/4.0 Chrome/60.0.3112.107 Mobile Safari/537.36"
84.239.25.8 - - [03/Apr/2025:03:52:53 -0400] "GET /.env HTTP/1.1" 403 1242 "-" "Mozilla/5.0 (Macintosh; Intel Mac OS X 10.15; rv:77.0) Gecko/20100101 Firefox/77.0"
198.54.114.83 - - [03/Apr/2025:04:01:41 -0400] "POST /wp-cron.php?doing_wp_cron=1743667301.1757159233093261718750 HTTP/1.1" 200 0 "-" "WordPress/6.7.2; https://creative-webstyle.com"
93.123.109.101 - - [03/Apr/2025:04:01:40 -0400] "GET /code/npm/@ali/lzd-h5-utils-icon/1.0.8/index.js HTTP/1.1" 404 15321 "-" "Mozilla/5.0 (Macintosh; Intel Mac OS X 10_15_7) AppleWebKit/537.36 Chrome/120.0.0.0"
104.196.200.44 - - [03/Apr/2025:04:31:24 -0400] "GET / HTTP/1.1" 200 0 "-" "Mozilla/5.0 (Windows NT 10.0; Win64; x64) AppleWebKit/537.36 (KHTML, like Gecko) Chrome/78.0.3904.108 Safari/537.36"
104.196.200.44 - - [03/Apr/2025:04:31:24 -0400] "GET / HTTP/1.1" 200 0 "-" "Mozilla/5.0 (Windows NT 10.0; Win64; x64) AppleWebKit/537.36 (KHTML, like Gecko) Chrome/78.0.3904.108 Safari/537.36"
104.196.200.44 - - [03/Apr/2025:04:32:43 -0400] "GET /wp-includes/wlwmanifest.xml HTTP/1.1" 404 15255 "-" "Mozilla/5.0 (Windows NT 10.0; Win64; x64) AppleWebKit/537.36 (KHTML, like Gecko) Chrome/78.0.3904.108 Safari/537.36"
104.196.200.44 - - [03/Apr/2025:04:33:11 -0400] "GET /?author=1 HTTP/1.1" 200 98430 "-" "Mozilla/5.0 (Windows NT 10.0; Win64; x64) AppleWebKit/537.36 (KHTML, like Gecko) Chrome/78.0.3904.108 Safari/537.36"
104.196.200.44 - - [03/Apr/2025:04:33:16 -0400] "GET /?author=2 HTTP/1.1" 200 98430 "-" "Mozilla/5.0 (Windows NT 10.0; Win64; x64) AppleWebKit/537.36 (KHTML, like Gecko) Chrome/78.0.3904.108 Safari/537.36"
104.196.200.44 - - [03/Apr/2025:04:33:16 -0400] "GET /wp-json/wp/v2/users/ HTTP/1.1" 500 1083 "-" "Mozilla/5.0 (Windows NT 10.0; Win64; x64) AppleWebKit/537.36 (KHTML, like Gecko) Chrome/78.0.3904.108 Safari/537.36"
104.196.200.44 - - [03/Apr/2025:04:33:17 -0400] "GET /wp-json/oembed/1.0/embed?url=http://creative-webstyle.com HTTP/1.1" 500 1083 "-" "Mozilla/5.0 (Windows NT 10.0; Win64; x64) AppleWebKit/537.36 (KHTML, like Gecko) Chrome/78.0.3904.108 Safari/537.36"
104.207.34.47 - - [03/Apr/2025:04:41:49 -0400] "GET / HTTP/1.1" 200 0 "-" "Mozilla/5.0 (Macintosh; Intel Mac OS X 12_5) AppleWebKit/537.36 (KHTML, like Gecko) Chrome/114.0.0.0 Safari/537.36 Edg/114.0.1264.71"
156.228.87.208 - - [03/Apr/2025:04:41:49 -0400] "GET / HTTP/1.1" 200 0 "-" "Mozilla/5.0 (Macintosh; Intel Mac OS X 12_5) AppleWebKit/537.36 (KHTML, like Gecko) Chrome/114.0.0.0 Safari/537.36 Edg/114.0.1264.71"
156.228.116.34 - - [03/Apr/2025:04:41:50 -0400] "GET / HTTP/1.1" 200 98430 "-" "Mozilla/5.0 (Macintosh; Intel Mac OS X 12_5) AppleWebKit/537.36 (KHTML, like Gecko) Chrome/114.0.0.0 Safari/537.36 Edg/114.0.1264.71"
156.228.116.34 - - [03/Apr/2025:04:41:55 -0400] "GET /'%20+%20item.url%20+%20' HTTP/1.1" 500 1083 "http://creative-webstyle.com" "Mozilla/5.0 (Macintosh; Intel Mac OS X 12_5) AppleWebKit/537.36 (KHTML, like Gecko) Chrome/114.0.0.0 Safari/537.36 Edg/114.0.1264.71"
156.228.116.34 - - [03/Apr/2025:04:41:57 -0400] "GET / HTTP/1.1" 200 98430 "http://creative-webstyle.com" "Mozilla/5.0 (Macintosh; Intel Mac OS X 12_5) AppleWebKit/537.36 (KHTML, like Gecko) Chrome/114.0.0.0 Safari/537.36 Edg/114.0.1264.71"
198.54.114.83 - - [03/Apr/2025:05:15:41 -0400] "POST /wp-cron.php?doing_wp_cron=1743671741.0843489170074462890625 HTTP/1.1" 200 0 "-" "WordPress/6.7.2; https://creative-webstyle.com"
135.181.74.47 - - [03/Apr/2025:05:15:40 -0400] "GET /how-to-order-a-birthday-cake-online/ HTTP/1.1" 200 23061 "-" "Mozilla/5.0 (Windows NT 10.0; Win64; x64) AppleWebKit/537.36 (KHTML, like Gecko) Chrome/118.0.0.0 Safari/537.36"
106.219.121.141 - - [03/Apr/2025:05:18:32 -0400] "GET / HTTP/1.1" 200 98430 "-" "Mozilla/5.0 (Windows NT 10.0; Win64; x64) AppleWebKit/537.36 (KHTML, like Gecko) Chrome/134.0.0.0 Safari/537.36"
198.54.114.83 - - [03/Apr/2025:05:20:25 -0400] "POST /wp-cron.php?doing_wp_cron=1743672025.5553929805755615234375 HTTP/1.1" 200 0 "-" "WordPress/6.7.2; https://creative-webstyle.com"
216.244.66.194 - - [03/Apr/2025:05:20:25 -0400] "GET /robots.txt HTTP/1.1" 200 132 "-" "Mozilla/5.0 (compatible; DotBot/1.2; +https://opensiteexplorer.org/dotbot; help@moz.com)"
135.181.74.47 - - [03/Apr/2025:05:24:47 -0400] "GET /the-intriguing-world-of-satta-king-a-comprehensive-overview/ HTTP/1.1" 200 23068 "-" "Mozilla/5.0 (Windows NT 10.0; Win64; x64) AppleWebKit/537.36 (KHTML, like Gecko) Chrome/118.0.0.0 Safari/537.36"
216.244.66.194 - - [03/Apr/2025:05:26:07 -0400] "GET /how-to-build-the-ultimate-ai-chatbot-by-following/feed/ HTTP/1.1" 200 462 "-" "Mozilla/5.0 (compatible; DotBot/1.2; +https://opensiteexplorer.org/dotbot; help@moz.com)"
103.148.104.77 - - [03/Apr/2025:05:39:48 -0400] "GET /admin.php HTTP/1.1" 404 15285 "http://creative-webstyle.com/admin.php" "Mozilla/4.0 (compatible; MSIE 9.0; Windows NT 6.1)"
5.255.231.187 - - [03/Apr/2025:05:49:47 -0400] "GET /robots.txt HTTP/1.1" 200 132 "-" "Mozilla/5.0 (compatible; YandexBot/3.0; +http://yandex.com/bots)"
5.255.231.37 - - [03/Apr/2025:05:49:48 -0400] "GET / HTTP/1.1" 200 98430 "-" "Mozilla/5.0 (compatible; YandexBot/3.0; +http://yandex.com/bots)"
87.250.233.1 - - [03/Apr/2025:05:49:48 -0400] "GET / HTTP/1.1" 200 98430 "-" "Mozilla/5.0 (compatible; YandexBot/3.0; +http://yandex.com/bots)"
5.255.231.92 - - [03/Apr/2025:05:49:48 -0400] "GET / HTTP/1.1" 200 98430 "-" "Mozilla/5.0 (compatible; YandexBot/3.0; +http://yandex.com/bots)"
31.56.240.153 - - [03/Apr/2025:05:50:28 -0400] "GET / HTTP/1.1" 200 98430 "-" "Mozilla/5.0 (X11; Linux x86_64) AppleWebKit/537.36 (KHTML, like Gecko) Chrome/110.0.0.0 YaBrowser/23.3.3.764 Yowser/2.5 Safari/537.36"
85.208.98.23 - - [03/Apr/2025:06:03:56 -0400] "GET /robots.txt HTTP/1.1" 200 132 "-" "Mozilla/5.0 (compatible; SemrushBot-BA; +http://www.semrush.com/bot.html)"
216.244.66.194 - - [03/Apr/2025:06:04:41 -0400] "GET /robots.txt HTTP/1.1" 200 132 "-" "Mozilla/5.0 (compatible; DotBot/1.2; +https://opensiteexplorer.org/dotbot; help@moz.com)"
43.153.54.138 - - [03/Apr/2025:06:07:31 -0400] "GET / HTTP/1.1" 200 98430 "-" "Mozilla/5.0 (iPhone; CPU iPhone OS 13_2_3 like Mac OS X) AppleWebKit/605.1.15 (KHTML, like Gecko) Version/13.0.3 Mobile/15E148 Safari/604.1"
52.15.114.144 - - [03/Apr/2025:06:08:37 -0400] "GET / HTTP/1.1" 200 98430 "-" "Mozilla/5.0 (Windows NT 10.0; Win64; x64) AppleWebKit/537.36 (KHTML, like Gecko) Chrome/90.0.4430.85 Safari/537.36"
52.15.114.144 - - [03/Apr/2025:06:08:38 -0400] "GET / HTTP/1.1" 200 98430 "-" "Mozilla/5.0 (Windows NT 10.0; Win64; x64) AppleWebKit/537.36 (KHTML, like Gecko) Chrome/90.0.4430.85 Safari/537.36"
52.15.114.144 - - [03/Apr/2025:06:08:38 -0400] "GET /wp-includes/wlwmanifest.xml HTTP/1.1" 404 15296 "-" "Mozilla/5.0 (Windows NT 10.0; Win64; x64) AppleWebKit/537.36 (KHTML, like Gecko) Chrome/90.0.4430.85 Safari/537.36"
52.15.114.144 - - [03/Apr/2025:06:08:39 -0400] "GET /?author=1 HTTP/1.1" 200 98430 "-" "Mozilla/5.0 (Windows NT 10.0; Win64; x64) AppleWebKit/537.36 (KHTML, like Gecko) Chrome/90.0.4430.85 Safari/537.36"
52.15.114.144 - - [03/Apr/2025:06:08:39 -0400] "GET /?author=2 HTTP/1.1" 200 98430 "-" "Mozilla/5.0 (Windows NT 10.0; Win64; x64) AppleWebKit/537.36 (KHTML, like Gecko) Chrome/90.0.4430.85 Safari/537.36"
52.15.114.144 - - [03/Apr/2025:06:08:39 -0400] "GET /wp-json/wp/v2/users/ HTTP/1.1" 200 2069 "-" "Mozilla/5.0 (Windows NT 10.0; Win64; x64) AppleWebKit/537.36 (KHTML, like Gecko) Chrome/90.0.4430.85 Safari/537.36"
198.54.114.83 - - [03/Apr/2025:06:11:04 -0400] "POST /wp-cron.php?doing_wp_cron=1743675064.5669090747833251953125 HTTP/1.1" 200 0 "-" "WordPress/6.7.2; https://creative-webstyle.com"
216.244.66.194 - - [03/Apr/2025:06:11:04 -0400] "GET /understanding-the-role-of-an-executor-of-a-will/ HTTP/1.1" 200 22338 "-" "Mozilla/5.0 (compatible; DotBot/1.2; +https://opensiteexplorer.org/dotbot; help@moz.com)"
198.54.114.83 - - [03/Apr/2025:06:12:56 -0400] "POST /wp-cron.php?doing_wp_cron=1743675176.5505859851837158203125 HTTP/1.1" 200 0 "-" "WordPress/6.7.2; https://creative-webstyle.com"
104.167.29.177 - - [03/Apr/2025:06:12:56 -0400] "GET /michael-kors-bags-a-vision-of-sophistication-and-glitz/ HTTP/1.1" 200 23122 "-" "Mozilla/5.0 (Macintosh; Intel Mac OS X 12_5) AppleWebKit/537.36 (KHTML, like Gecko) Chrome/114.0.0.0 Safari/537.36 Edg/114.0.1264.71"
85.208.98.23 - - [03/Apr/2025:06:20:19 -0400] "GET /robots.txt HTTP/1.1" 200 132 "-" "Mozilla/5.0 (compatible; SemrushBot-BA; +http://www.semrush.com/bot.html)"
93.123.109.101 - - [03/Apr/2025:06:21:54 -0400] "GET /lzdmod/desktop-footer/6.1.1/pc/reqwest/index.js HTTP/1.1" 404 15324 "-" "Mozilla/5.0 (Macintosh; Intel Mac OS X 10_15_7) AppleWebKit/537.36 Chrome/120.0.0.0"
134.209.219.121 - - [03/Apr/2025:06:24:28 -0400] "GET /wp-admin/css/ HTTP/1.1" 403 1242 "binance.com" "Mozilla/5.0 (Windows NT 10.0; Win64; x64) AppleWebKit/537.36 (KHTML, like Gecko) Chrome/90.0.4430.85 Safari/537.36"
216.244.66.194 - - [03/Apr/2025:06:48:51 -0400] "GET /robots.txt HTTP/1.1" 200 132 "-" "Mozilla/5.0 (compatible; DotBot/1.2; +https://opensiteexplorer.org/dotbot; help@moz.com)"
198.54.114.83 - - [03/Apr/2025:06:57:01 -0400] "POST /wp-cron.php?doing_wp_cron=1743677819.7184040546417236328125 HTTP/1.1" 200 0 "-" "WordPress/6.7.2; https://creative-webstyle.com"
216.244.66.194 - - [03/Apr/2025:06:56:59 -0400] "GET /business-trip-massage/feed/ HTTP/1.1" 200 419 "-" "Mozilla/5.0 (compatible; DotBot/1.2; +https://opensiteexplorer.org/dotbot; help@moz.com)"
64.23.233.179 - - [03/Apr/2025:07:06:33 -0400] "GET / HTTP/1.1" 200 98430 "-" "-"
170.106.180.139 - - [03/Apr/2025:07:16:13 -0400] "GET / HTTP/1.1" 200 98430 "-" "Mozilla/5.0 (iPhone; CPU iPhone OS 13_2_3 like Mac OS X) AppleWebKit/605.1.15 (KHTML, like Gecko) Version/13.0.3 Mobile/15E148 Safari/604.1"
35.87.14.60 - - [03/Apr/2025:07:29:09 -0400] "GET / HTTP/1.1" 200 98430 "-" "Mozilla/5.0 (Windows NT 10.0; Win64; x64)AppleWebKit/537.36 (KHTML, like Gecko) Chrome/66.0.3359.181 Safari/537.36"
61.231.86.36 - - [03/Apr/2025:07:33:24 -0400] "GET / HTTP/1.1" 200 98430 "http://creative-webstyle.com/" "Mozilla/5.0 (Windows NT 6.1; WOW64) AppleWebKit/537.36 (KHTML, like Gecko) Chrome/31.0.6134.063 Safari/537.36"
61.231.86.36 - - [03/Apr/2025:07:33:25 -0400] "GET / HTTP/1.1" 200 98430 "http://creative-webstyle.com/" "Mozilla/5.0 (Windows NT 6.1; WOW64) AppleWebKit/537.36 (KHTML, like Gecko) Chrome/31.0.6134.063 Safari/537.36"
1.173.235.220 - - [03/Apr/2025:07:39:43 -0400] "GET /michael-kors-bags-a-vision-of-sophistication-and-glitz/ HTTP/1.1" 200 23122 "http://creative-webstyle.com/michael-kors-bags-a-vision-of-sophistication-and-glitz/" "Mozilla/5.0 (Windows NT 10.0; Win64; x64) AppleWebKit/537.36 (KHTML, like Gecko) Chrome/131.0.0.0 Safari/537.36"
1.173.235.220 - - [03/Apr/2025:07:39:45 -0400] "POST /wp-comments-post.php HTTP/1.1" 302 0 "http://creative-webstyle.com/michael-kors-bags-a-vision-of-sophistication-and-glitz/" "Mozilla/5.0 (Windows NT 10.0; Win64; x64) AppleWebKit/537.36 (KHTML, like Gecko) Chrome/131.0.0.0 Safari/537.36"
216.244.66.194 - - [03/Apr/2025:08:19:41 -0400] "GET /robots.txt HTTP/1.1" 304 0 "-" "Mozilla/5.0 (compatible; DotBot/1.2; +https://opensiteexplorer.org/dotbot; help@moz.com)"
157.245.155.211 - - [03/Apr/2025:08:19:41 -0400] "GET /uploaded_script.php HTTP/1.1" 404 15289 "www.google.com" "Mozilla/5.0 (Linux; Android 7.0; SM-G892A Build/NRD90M; wv) AppleWebKit/537.36 (KHTML, like Gecko) Version/4.0 Chrome/60.0.3112.107 Mobile Safari/537.36"
216.244.66.194 - - [03/Apr/2025:08:25:47 -0400] "GET /understanding-aba-therapy-for-kids-in-dubai/ HTTP/1.1" 200 22252 "-" "Mozilla/5.0 (compatible; DotBot/1.2; +https://opensiteexplorer.org/dotbot; help@moz.com)"
216.244.66.194 - - [03/Apr/2025:08:30:13 -0400] "GET /2024/06/23/ HTTP/1.1" 301 0 "-" "Mozilla/5.0 (compatible; DotBot/1.2; +https://opensiteexplorer.org/dotbot; help@moz.com)"
216.244.66.194 - - [03/Apr/2025:08:30:19 -0400] "GET /2024/09/24/ HTTP/1.1" 301 0 "-" "Mozilla/5.0 (compatible; DotBot/1.2; +https://opensiteexplorer.org/dotbot; help@moz.com)"
161.35.47.151 - - [03/Apr/2025:08:30:42 -0400] "GET /chosen.php?p= HTTP/1.1" 301 0 "-" "Mozilla/5.0 (Linux; Android 7.0; SM-G892A Build/NRD90M; wv) AppleWebKit/537.36 (KHTML, like Gecko) Version/4.0 Chrome/60.0.3112.107 Mobile Safari/537.36"
161.35.47.151 - - [03/Apr/2025:08:30:43 -0400] "GET /chosen.php HTTP/1.1" 404 15288 "-" "Mozilla/5.0 (Linux; Android 7.0; SM-G892A Build/NRD90M; wv) AppleWebKit/537.36 (KHTML, like Gecko) Version/4.0 Chrome/60.0.3112.107 Mobile Safari/537.36"
145.220.91.19 - - [03/Apr/2025:08:37:01 -0400] "GET / HTTP/1.1" 200 98430 "-" "Mozilla/5.0 (Macintosh; Intel Mac OS X 10.15; rv:122.0) Gecko/20100101 Firefox/122.0"
167.99.54.225 - - [03/Apr/2025:08:45:52 -0400] "GET /geju.php HTTP/1.1" 404 15287 "-" "Mozlila/5.0 (Linux; Android 7.0; SM-G892A Build/NRD90M; wv) AppleWebKit/537.36 (KHTML, like Gecko) Version/4.0 Chrome/60.0.3112.107 Mobile Safari/537.36"
167.99.54.225 - - [03/Apr/2025:08:45:56 -0400] "GET /wp-content/plugins/about.php HTTP/1.1" 404 15296 "-" "Mozlila/5.0 (Linux; Android 7.0; SM-G892A Build/NRD90M; wv) AppleWebKit/537.36 (KHTML, like Gecko) Version/4.0 Chrome/60.0.3112.107 Mobile Safari/537.36"
167.99.54.225 - - [03/Apr/2025:08:46:00 -0400] "GET /wp.php HTTP/1.1" 404 15283 "-" "Mozlila/5.0 (Linux; Android 7.0; SM-G892A Build/NRD90M; wv) AppleWebKit/537.36 (KHTML, like Gecko) Version/4.0 Chrome/60.0.3112.107 Mobile Safari/537.36"
103.153.202.101 - - [03/Apr/2025:09:14:16 -0400] "GET /admin.php HTTP/1.1" 404 15285 "http://creative-webstyle.com/admin.php" "Mozilla/4.0 (compatible; MSIE 9.0; Windows NT 6.1)"
158.174.135.188 - - [03/Apr/2025:09:19:12 -0400] "GET / HTTP/1.1" 200 98430 "-" "Timpibot/0.9 (+http://www.timpi.io)"
91.201.113.132 - - [03/Apr/2025:09:20:05 -0400] "GET /hvac-systems-and-mold/ HTTP/1.1" 200 24058 "http://creative-webstyle.com/hvac-systems-and-mold/" "Mozilla/5.0 (Windows NT 10.0; Win64; x64) AppleWebKit/537.36 (KHTML, like Gecko) Chrome/130.0.0.0 Safari/537.36"
