152.42.177.187 - - [31/Mar/2025:04:34:26 -0400] "GET /ofso64.php HTTP/1.1" 404 15285 "-" "Mozilla/5.0 (Linux; Android 11; M2010J19SI) AppleWebKit/537.36 (KHTML, like Gecko) Chrome/109.0.0.0 Mobile Safari/537.36"
152.42.177.187 - - [31/Mar/2025:04:34:27 -0400] "GET /wp-content/plugins/TOPXHOH/wDR.php HTTP/1.1" 404 15305 "-" "Mozilla/5.0 (Linux; Android 11; M2010J19SI) AppleWebKit/537.36 (KHTML, like Gecko) Chrome/109.0.0.0 Mobile Safari/537.36"
152.42.177.187 - - [31/Mar/2025:04:34:29 -0400] "GET /wp-content/plugins/IOptimize.php?rchk HTTP/1.1" 404 15305 "-" "Mozilla/5.0 (Linux; Android 11; M2010J19SI) AppleWebKit/537.36 (KHTML, like Gecko) Chrome/109.0.0.0 Mobile Safari/537.36"
152.42.177.187 - - [31/Mar/2025:04:34:30 -0400] "GET /wp-content/themes/ccx/index.php HTTP/1.1" 301 0 "-" "Mozilla/5.0 (Linux; Android 11; M2010J19SI) AppleWebKit/537.36 (KHTML, like Gecko) Chrome/109.0.0.0 Mobile Safari/537.36"
152.42.177.187 - - [31/Mar/2025:04:34:31 -0400] "GET /wp-content/themes/ccx/ HTTP/1.1" 404 15288 "-" "Mozilla/5.0 (Linux; Android 11; M2010J19SI) AppleWebKit/537.36 (KHTML, like Gecko) Chrome/109.0.0.0 Mobile Safari/537.36"
152.42.177.187 - - [31/Mar/2025:04:34:32 -0400] "GET /wp-content/uploads/2017-------/09/wp-console.php HTTP/1.1" 404 15306 "-" "Mozilla/5.0 (Linux; Android 11; M2010J19SI) AppleWebKit/537.36 (KHTML, like Gecko) Chrome/109.0.0.0 Mobile Safari/537.36"
152.42.177.187 - - [31/Mar/2025:04:34:34 -0400] "GET /wp-includes/js/crop/uword.php HTTP/1.1" 404 15296 "-" "Mozilla/5.0 (Linux; Android 11; M2010J19SI) AppleWebKit/537.36 (KHTML, like Gecko) Chrome/109.0.0.0 Mobile Safari/537.36"
152.42.177.187 - - [31/Mar/2025:04:34:35 -0400] "GET /wp-content/themes/bltm/wp-login.php HTTP/1.1" 404 15297 "-" "Mozilla/5.0 (Linux; Android 11; M2010J19SI) AppleWebKit/537.36 (KHTML, like Gecko) Chrome/109.0.0.0 Mobile Safari/537.36"
152.42.177.187 - - [31/Mar/2025:04:34:37 -0400] "GET /autoload_classmap.php HTTP/1.1" 404 15291 "-" "Mozilla/5.0 (Linux; Android 11; M2010J19SI) AppleWebKit/537.36 (KHTML, like Gecko) Chrome/109.0.0.0 Mobile Safari/537.36"
152.42.177.187 - - [31/Mar/2025:04:34:38 -0400] "GET /wp-content/uploads/2014/07/olx.php HTTP/1.1" 404 15299 "-" "Mozilla/5.0 (Linux; Android 11; M2010J19SI) AppleWebKit/537.36 (KHTML, like Gecko) Chrome/109.0.0.0 Mobile Safari/537.36"
152.42.177.187 - - [31/Mar/2025:04:34:40 -0400] "GET /wp-admin/css/colors/midnight/index.php HTTP/1.1" 301 0 "-" "Mozilla/5.0 (Linux; Android 11; M2010J19SI) AppleWebKit/537.36 (KHTML, like Gecko) Chrome/109.0.0.0 Mobile Safari/537.36"
198.54.114.83 - - [31/Mar/2025:04:34:42 -0400] "POST /wp-cron.php?doing_wp_cron=1743410080.6206979751586914062500 HTTP/1.1" 200 0 "-" "WordPress/6.7.2; https://creative-webstyle.com"
152.42.177.187 - - [31/Mar/2025:04:34:42 -0400] "GET /wp-admin/css/colors/midnight/ HTTP/1.1" 403 1242 "-" "Mozilla/5.0 (Linux; Android 11; M2010J19SI) AppleWebKit/537.36 (KHTML, like Gecko) Chrome/109.0.0.0 Mobile Safari/537.36"
152.42.177.187 - - [31/Mar/2025:04:34:42 -0400] "GET /wp-content/uploads/2020/wp-couldent.php.suspected HTTP/1.1" 404 15311 "-" "Mozilla/5.0 (Linux; Android 11; M2010J19SI) AppleWebKit/537.36 (KHTML, like Gecko) Chrome/109.0.0.0 Mobile Safari/537.36"
152.42.177.187 - - [31/Mar/2025:04:34:44 -0400] "GET /wp-content/plugins/523453244/ninja.php HTTP/1.1" 404 15305 "-" "Mozilla/5.0 (Linux; Android 11; M2010J19SI) AppleWebKit/537.36 (KHTML, like Gecko) Chrome/109.0.0.0 Mobile Safari/537.36"
152.42.177.187 - - [31/Mar/2025:04:34:46 -0400] "GET /wp-includes/js/imgareaselect/index.php HTTP/1.1" 301 0 "-" "Mozilla/5.0 (Linux; Android 11; M2010J19SI) AppleWebKit/537.36 (KHTML, like Gecko) Chrome/109.0.0.0 Mobile Safari/537.36"
152.42.177.187 - - [31/Mar/2025:04:34:47 -0400] "GET /wp-includes/js/imgareaselect/ HTTP/1.1" 403 1242 "-" "Mozilla/5.0 (Linux; Android 11; M2010J19SI) AppleWebKit/537.36 (KHTML, like Gecko) Chrome/109.0.0.0 Mobile Safari/537.36"
152.42.177.187 - - [31/Mar/2025:04:34:48 -0400] "GET /wp-includes/PHPMailer/load.php HTTP/1.1" 404 15303 "-" "Mozilla/5.0 (Linux; Android 11; M2010J19SI) AppleWebKit/537.36 (KHTML, like Gecko) Chrome/109.0.0.0 Mobile Safari/537.36"
152.42.177.187 - - [31/Mar/2025:04:34:50 -0400] "GET /wp-content/plugins/seoplugins/mar.php HTTP/1.1" 404 15297 "-" "Mozilla/5.0 (Linux; Android 11; M2010J19SI) AppleWebKit/537.36 (KHTML, like Gecko) Chrome/109.0.0.0 Mobile Safari/537.36"
152.42.177.187 - - [31/Mar/2025:04:34:52 -0400] "GET /wp-links.php HTTP/1.1" 404 15284 "-" "Mozilla/5.0 (Linux; Android 11; M2010J19SI) AppleWebKit/537.36 (KHTML, like Gecko) Chrome/109.0.0.0 Mobile Safari/537.36"
152.42.177.187 - - [31/Mar/2025:04:34:55 -0400] "GET /wp-aa.php HTTP/1.1" 404 15281 "-" "Mozilla/5.0 (Linux; Android 11; M2010J19SI) AppleWebKit/537.36 (KHTML, like Gecko) Chrome/109.0.0.0 Mobile Safari/537.36"
152.42.177.187 - - [31/Mar/2025:04:34:57 -0400] "GET /wp-content/themes/travelscape/json.php HTTP/1.1" 404 15301 "-" "Mozilla/5.0 (Linux; Android 11; M2010J19SI) AppleWebKit/537.36 (KHTML, like Gecko) Chrome/109.0.0.0 Mobile Safari/537.36"
152.42.177.187 - - [31/Mar/2025:04:34:58 -0400] "GET /wp-content/themes/travel/issue.php HTTP/1.1" 404 15299 "-" "Mozilla/5.0 (Linux; Android 11; M2010J19SI) AppleWebKit/537.36 (KHTML, like Gecko) Chrome/109.0.0.0 Mobile Safari/537.36"
93.123.109.101 - - [31/Mar/2025:04:35:00 -0400] "GET /format.js HTTP/1.1" 404 15284 "-" "Mozilla/5.0 (Macintosh; Intel Mac OS X 10_15_7) AppleWebKit/537.36 Chrome/120.0.0.0"
152.42.177.187 - - [31/Mar/2025:04:35:01 -0400] "GET /about.php HTTP/1.1" 404 15283 "-" "Mozilla/5.0 (Linux; Android 11; M2010J19SI) AppleWebKit/537.36 (KHTML, like Gecko) Chrome/109.0.0.0 Mobile Safari/537.36"
152.42.177.187 - - [31/Mar/2025:04:35:03 -0400] "GET /xx.php HTTP/1.1" 404 15281 "-" "Mozilla/5.0 (Linux; Android 11; M2010J19SI) AppleWebKit/537.36 (KHTML, like Gecko) Chrome/109.0.0.0 Mobile Safari/537.36"
152.42.177.187 - - [31/Mar/2025:04:35:10 -0400] "GET /wp-content/themes/digital-download/new.php HTTP/1.1" 404 15305 "-" "Mozilla/5.0 (Linux; Android 11; M2010J19SI) AppleWebKit/537.36 (KHTML, like Gecko) Chrome/109.0.0.0 Mobile Safari/537.36"
152.42.177.187 - - [31/Mar/2025:04:35:13 -0400] "GET /epinyins.php HTTP/1.1" 404 15287 "-" "Mozilla/5.0 (Linux; Android 11; M2010J19SI) AppleWebKit/537.36 (KHTML, like Gecko) Chrome/109.0.0.0 Mobile Safari/537.36"
152.42.177.187 - - [31/Mar/2025:04:35:15 -0400] "GET /wp-admin/dropdown.php HTTP/1.1" 404 15287 "-" "Mozilla/5.0 (Linux; Android 11; M2010J19SI) AppleWebKit/537.36 (KHTML, like Gecko) Chrome/109.0.0.0 Mobile Safari/537.36"
152.42.177.187 - - [31/Mar/2025:04:35:16 -0400] "GET /dropdown.php HTTP/1.1" 404 15287 "-" "Mozilla/5.0 (Linux; Android 11; M2010J19SI) AppleWebKit/537.36 (KHTML, like Gecko) Chrome/109.0.0.0 Mobile Safari/537.36"
152.42.177.187 - - [31/Mar/2025:04:35:19 -0400] "GET /wp-admin/css/index.php HTTP/1.1" 301 0 "-" "Mozilla/5.0 (Linux; Android 11; M2010J19SI) AppleWebKit/537.36 (KHTML, like Gecko) Chrome/109.0.0.0 Mobile Safari/537.36"
152.42.177.187 - - [31/Mar/2025:04:35:20 -0400] "GET /wp-admin/css/ HTTP/1.1" 403 1242 "-" "Mozilla/5.0 (Linux; Android 11; M2010J19SI) AppleWebKit/537.36 (KHTML, like Gecko) Chrome/109.0.0.0 Mobile Safari/537.36"
152.42.177.187 - - [31/Mar/2025:04:35:20 -0400] "GET /wp-content/mah.php HTTP/1.1" 404 15287 "-" "Mozilla/5.0 (Linux; Android 11; M2010J19SI) AppleWebKit/537.36 (KHTML, like Gecko) Chrome/109.0.0.0 Mobile Safari/537.36"
152.42.177.187 - - [31/Mar/2025:04:35:23 -0400] "GET /wp-content/item.php HTTP/1.1" 404 15287 "-" "Mozilla/5.0 (Linux; Android 11; M2010J19SI) AppleWebKit/537.36 (KHTML, like Gecko) Chrome/109.0.0.0 Mobile Safari/537.36"
152.42.177.187 - - [31/Mar/2025:04:35:24 -0400] "GET /wp-content/plugins/shell/about.php HTTP/1.1" 404 15298 "-" "Mozilla/5.0 (Linux; Android 11; M2010J19SI) AppleWebKit/537.36 (KHTML, like Gecko) Chrome/109.0.0.0 Mobile Safari/537.36"
152.42.177.187 - - [31/Mar/2025:04:35:26 -0400] "GET /wp-content/plugins/pwnd/pwnd.php HTTP/1.1" 404 15295 "-" "Mozilla/5.0 (Linux; Android 11; M2010J19SI) AppleWebKit/537.36 (KHTML, like Gecko) Chrome/109.0.0.0 Mobile Safari/537.36"
152.42.177.187 - - [31/Mar/2025:04:35:27 -0400] "GET /wp-content/plugins/fix/up.php HTTP/1.1" 404 15297 "-" "Mozilla/5.0 (Linux; Android 11; M2010J19SI) AppleWebKit/537.36 (KHTML, like Gecko) Chrome/109.0.0.0 Mobile Safari/537.36"
152.42.177.187 - - [31/Mar/2025:04:35:28 -0400] "GET /wp-content/plugins/ph-file-manager/wp-file.php HTTP/1.1" 404 15305 "-" "Mozilla/5.0 (Linux; Android 11; M2010J19SI) AppleWebKit/537.36 (KHTML, like Gecko) Chrome/109.0.0.0 Mobile Safari/537.36"
152.42.177.187 - - [31/Mar/2025:04:35:30 -0400] "GET /.well-known/pki-validation/wp-login.php HTTP/1.1" 404 1251 "-" "Mozilla/5.0 (Linux; Android 11; M2010J19SI) AppleWebKit/537.36 (KHTML, like Gecko) Chrome/109.0.0.0 Mobile Safari/537.36"
152.42.177.187 - - [31/Mar/2025:04:35:31 -0400] "GET /wp-content/plugins/root-file-manager/wp-file.php HTTP/1.1" 404 15308 "-" "Mozilla/5.0 (Linux; Android 11; M2010J19SI) AppleWebKit/537.36 (KHTML, like Gecko) Chrome/109.0.0.0 Mobile Safari/537.36"
152.42.177.187 - - [31/Mar/2025:04:35:33 -0400] "GET /wp-content/plugins/wp-help/mini.php HTTP/1.1" 404 15300 "-" "Mozilla/5.0 (Linux; Android 11; M2010J19SI) AppleWebKit/537.36 (KHTML, like Gecko) Chrome/109.0.0.0 Mobile Safari/537.36"
152.42.177.187 - - [31/Mar/2025:04:35:35 -0400] "GET /wp-content/themes/travel/issue.php HTTP/1.1" 404 15299 "-" "Mozilla/5.0 (Linux; Android 11; M2010J19SI) AppleWebKit/537.36 (KHTML, like Gecko) Chrome/109.0.0.0 Mobile Safari/537.36"
152.42.177.187 - - [31/Mar/2025:04:35:36 -0400] "GET /wp-content/themes/jaida/lang.php HTTP/1.1" 404 15299 "-" "Mozilla/5.0 (Linux; Android 11; M2010J19SI) AppleWebKit/537.36 (KHTML, like Gecko) Chrome/109.0.0.0 Mobile Safari/537.36"
152.42.177.187 - - [31/Mar/2025:04:35:38 -0400] "GET /wp-l0gin.php HTTP/1.1" 404 15283 "-" "Mozilla/5.0 (Linux; Android 11; M2010J19SI) AppleWebKit/537.36 (KHTML, like Gecko) Chrome/109.0.0.0 Mobile Safari/537.36"
152.42.177.187 - - [31/Mar/2025:04:35:39 -0400] "GET /wp-content/plugins/index.php HTTP/1.1" 200 0 "-" "Mozilla/5.0 (Linux; Android 11; M2010J19SI) AppleWebKit/537.36 (KHTML, like Gecko) Chrome/109.0.0.0 Mobile Safari/537.36"
152.42.177.187 - - [31/Mar/2025:04:35:40 -0400] "GET /wp-content/plugins/index.php HTTP/1.1" 200 0 "-" "Mozilla/5.0 (Linux; Android 11; M2010J19SI) AppleWebKit/537.36 (KHTML, like Gecko) Chrome/109.0.0.0 Mobile Safari/537.36"
198.54.114.83 - - [31/Mar/2025:04:42:49 -0400] "POST /wp-cron.php?doing_wp_cron=1743410569.4242599010467529296875 HTTP/1.1" 200 0 "-" "WordPress/6.7.2; https://creative-webstyle.com"
77.68.17.162 - - [31/Mar/2025:04:42:49 -0400] "GET /wp-login.php HTTP/1.1" 302 0 "-" "Mozilla/5.0 (Windows NT 10.0; Win64; x64; rv:61.0) Gecko/20100101 Firefox/61.0"
185.220.101.83 - - [31/Mar/2025:04:44:18 -0400] "GET / HTTP/1.1" 200 98430 "http://creative-webstyle.com" "Mozilla/5.0 (compatible; DuckDuckGo-Favicons-Bot/1.0; +http://duckduckgo.com)"
45.154.98.197 - - [31/Mar/2025:04:48:53 -0400] "GET /wp-admin/css/ HTTP/1.1" 403 1242 "binance.com" "Mozilla/5.0 (Windows NT 10.0; Win64; x64) AppleWebKit/537.36 (KHTML, like Gecko) Chrome/90.0.4430.85 Safari/537.36"
216.244.66.194 - - [31/Mar/2025:04:55:44 -0400] "GET /robots.txt HTTP/1.1" 304 0 "-" "Mozilla/5.0 (compatible; DotBot/1.2; +https://opensiteexplorer.org/dotbot; help@moz.com)"
198.54.114.83 - - [31/Mar/2025:05:04:26 -0400] "POST /wp-cron.php?doing_wp_cron=1743411866.2866780757904052734375 HTTP/1.1" 200 0 "-" "WordPress/6.7.2; https://creative-webstyle.com"
216.244.66.194 - - [31/Mar/2025:05:04:22 -0400] "GET /send-large-files/ HTTP/1.1" 200 21499 "-" "Mozilla/5.0 (compatible; DotBot/1.2; +https://opensiteexplorer.org/dotbot; help@moz.com)"
61.145.176.92 - - [31/Mar/2025:05:06:22 -0400] "GET / HTTP/1.1" 200 98430 "-" "Java/17.0.14"
198.54.114.83 - - [31/Mar/2025:05:07:04 -0400] "POST /wp-cron.php?doing_wp_cron=1743412024.0124900341033935546875 HTTP/1.1" 200 0 "-" "WordPress/6.7.2; https://creative-webstyle.com"
14.128.63.109 - - [31/Mar/2025:05:06:59 -0400] "GET /zb_system/login.php HTTP/1.1" 404 15293 "http://creative-webstyle.com/zb_system/login.php" "Mozilla/4.0 (compatible; MSIE 9.0; Windows NT 6.1)"
216.244.66.194 - - [31/Mar/2025:05:07:22 -0400] "GET /the-forthcoming-ps4s-added-features/ HTTP/1.1" 200 22952 "-" "Mozilla/5.0 (compatible; DotBot/1.2; +https://opensiteexplorer.org/dotbot; help@moz.com)"
216.244.66.194 - - [31/Mar/2025:05:08:22 -0400] "GET /buy-youtube-subscribers-to-accelerate-your-growth/feed/ HTTP/1.1" 200 456 "-" "Mozilla/5.0 (compatible; DotBot/1.2; +https://opensiteexplorer.org/dotbot; help@moz.com)"
198.54.114.83 - - [31/Mar/2025:05:18:36 -0400] "POST /wp-cron.php?doing_wp_cron=1743412716.5105810165405273437500 HTTP/1.1" 200 0 "-" "WordPress/6.7.2; https://creative-webstyle.com"
93.123.109.101 - - [31/Mar/2025:05:18:34 -0400] "GET /lzdmod/jquery/5.0.9/index.js HTTP/1.1" 404 15301 "-" "Mozilla/5.0 (Macintosh; Intel Mac OS X 10_15_7) AppleWebKit/537.36 Chrome/120.0.0.0"
146.70.185.33 - - [31/Mar/2025:05:30:41 -0400] "GET / HTTP/1.1" 200 98430 "-" "Mozilla/5.0 (Windows NT 10.0; Win64; x64) AppleWebKit/537.36 (KHTML, like Gecko) Chrome/78.0.3904.108 Safari/537.36"
146.70.185.33 - - [31/Mar/2025:05:30:43 -0400] "GET / HTTP/1.1" 200 98430 "-" "Mozilla/5.0 (Windows NT 10.0; Win64; x64) AppleWebKit/537.36 (KHTML, like Gecko) Chrome/78.0.3904.108 Safari/537.36"
198.54.114.83 - - [31/Mar/2025:05:30:51 -0400] "POST /wp-cron.php?doing_wp_cron=1743413450.8772180080413818359375 HTTP/1.1" 200 0 "-" "WordPress/6.7.2; https://creative-webstyle.com"
146.70.185.33 - - [31/Mar/2025:05:30:45 -0400] "GET /wp-includes/wlwmanifest.xml HTTP/1.1" 404 15293 "-" "Mozilla/5.0 (Windows NT 10.0; Win64; x64) AppleWebKit/537.36 (KHTML, like Gecko) Chrome/78.0.3904.108 Safari/537.36"
146.70.185.33 - - [31/Mar/2025:05:30:53 -0400] "GET /?author=1 HTTP/1.1" 200 98430 "-" "Mozilla/5.0 (Windows NT 10.0; Win64; x64) AppleWebKit/537.36 (KHTML, like Gecko) Chrome/78.0.3904.108 Safari/537.36"
146.70.185.33 - - [31/Mar/2025:05:30:54 -0400] "GET /?author=2 HTTP/1.1" 200 98430 "-" "Mozilla/5.0 (Windows NT 10.0; Win64; x64) AppleWebKit/537.36 (KHTML, like Gecko) Chrome/78.0.3904.108 Safari/537.36"
146.70.185.33 - - [31/Mar/2025:05:30:55 -0400] "GET /wp-json/wp/v2/users/ HTTP/1.1" 200 2069 "-" "Mozilla/5.0 (Windows NT 10.0; Win64; x64) AppleWebKit/537.36 (KHTML, like Gecko) Chrome/78.0.3904.108 Safari/537.36"
146.70.185.33 - - [31/Mar/2025:05:30:56 -0400] "POST /xmlrpc.php HTTP/1.1" 200 236 "-" "Mozilla/5.0 (Windows NT 10.0; Win64; x64) AppleWebKit/537.36 (KHTML, like Gecko) Chrome/78.0.3904.108 Safari/537.36"
146.70.185.33 - - [31/Mar/2025:05:30:56 -0400] "POST /xmlrpc.php HTTP/1.1" 200 236 "-" "Mozilla/5.0 (Windows NT 10.0; Win64; x64) AppleWebKit/537.36 (KHTML, like Gecko) Chrome/78.0.3904.108 Safari/537.36"
146.70.185.33 - - [31/Mar/2025:05:30:57 -0400] "POST /xmlrpc.php HTTP/1.1" 200 236 "-" "Mozilla/5.0 (Windows NT 10.0; Win64; x64) AppleWebKit/537.36 (KHTML, like Gecko) Chrome/78.0.3904.108 Safari/537.36"
146.70.185.33 - - [31/Mar/2025:05:30:57 -0400] "POST /xmlrpc.php HTTP/1.1" 200 236 "-" "Mozilla/5.0 (Windows NT 10.0; Win64; x64) AppleWebKit/537.36 (KHTML, like Gecko) Chrome/78.0.3904.108 Safari/537.36"
146.70.185.33 - - [31/Mar/2025:05:30:57 -0400] "POST /xmlrpc.php HTTP/1.1" 200 236 "-" "Mozilla/5.0 (Windows NT 10.0; Win64; x64) AppleWebKit/537.36 (KHTML, like Gecko) Chrome/78.0.3904.108 Safari/537.36"
146.70.185.33 - - [31/Mar/2025:05:30:58 -0400] "POST /xmlrpc.php HTTP/1.1" 200 236 "-" "Mozilla/5.0 (Windows NT 10.0; Win64; x64) AppleWebKit/537.36 (KHTML, like Gecko) Chrome/78.0.3904.108 Safari/537.36"
146.70.185.33 - - [31/Mar/2025:05:31:30 -0400] "GET / HTTP/1.1" 200 98430 "-" "Mozilla/5.0 (Windows NT 10.0; Win64; x64) AppleWebKit/537.36 (KHTML, like Gecko) Chrome/78.0.3904.108 Safari/537.36"
146.70.185.33 - - [31/Mar/2025:05:31:31 -0400] "GET / HTTP/1.1" 200 98430 "-" "Mozilla/5.0 (Windows NT 10.0; Win64; x64) AppleWebKit/537.36 (KHTML, like Gecko) Chrome/78.0.3904.108 Safari/537.36"
146.70.185.33 - - [31/Mar/2025:05:31:31 -0400] "GET /wp-includes/wlwmanifest.xml HTTP/1.1" 404 15293 "-" "Mozilla/5.0 (Windows NT 10.0; Win64; x64) AppleWebKit/537.36 (KHTML, like Gecko) Chrome/78.0.3904.108 Safari/537.36"
146.70.185.33 - - [31/Mar/2025:05:31:31 -0400] "GET /?author=1 HTTP/1.1" 200 98430 "-" "Mozilla/5.0 (Windows NT 10.0; Win64; x64) AppleWebKit/537.36 (KHTML, like Gecko) Chrome/78.0.3904.108 Safari/537.36"
146.70.185.33 - - [31/Mar/2025:05:31:32 -0400] "GET /?author=2 HTTP/1.1" 200 98430 "-" "Mozilla/5.0 (Windows NT 10.0; Win64; x64) AppleWebKit/537.36 (KHTML, like Gecko) Chrome/78.0.3904.108 Safari/537.36"
146.70.185.33 - - [31/Mar/2025:05:31:32 -0400] "GET /wp-json/wp/v2/users/ HTTP/1.1" 200 2069 "-" "Mozilla/5.0 (Windows NT 10.0; Win64; x64) AppleWebKit/537.36 (KHTML, like Gecko) Chrome/78.0.3904.108 Safari/537.36"
8.28.7.20 - - [31/Mar/2025:05:50:57 -0400] "GET /ads.txt HTTP/1.1" 404 15283 "-" "PubMatic Crawler Bot"
8.28.7.20 - - [31/Mar/2025:05:50:58 -0400] "GET /ads.txt HTTP/1.1" 404 15283 "-" "Mozilla/5.0 (X11; Linux x86_64) AppleWebKit/537.36 (KHTML, like Gecko) Chrome/66.0.3359.139 Safari/537.36"
85.208.98.23 - - [31/Mar/2025:05:53:46 -0400] "GET /robots.txt HTTP/1.1" 304 0 "-" "Mozilla/5.0 (compatible; SemrushBot-BA; +http://www.semrush.com/bot.html)"
185.220.101.55 - - [31/Mar/2025:06:54:49 -0400] "GET / HTTP/1.1" 200 98430 "creative-webstyle.com" "Mozilla/5.0 (Windows NT 6.1; WOW64) AppleWebKit/534+ (KHTML, like Gecko) BingPreview/1.0b"
193.189.100.203 - - [31/Mar/2025:06:55:26 -0400] "GET / HTTP/1.1" 200 98430 "http://creative-webstyle.com" "Mozilla/5.0 (Windows NT 6.1; WOW64) AppleWebKit/534+ (KHTML, like Gecko) BingPreview/1.0b"
110.164.177.196 - - [31/Mar/2025:07:09:10 -0400] "GET / HTTP/1.1" 200 98430 "-" "Mozilla/5.0 (Windows NT 10.0; Win64; x64) AppleWebKit/537.36 (KHTML, like Gecko) Chrome/89.0.4389.114 Safari/537.36"
110.164.177.196 - - [31/Mar/2025:07:09:11 -0400] "GET / HTTP/1.1" 200 98430 "-" "Mozilla/5.0 (Windows NT 10.0; Win64; x64) AppleWebKit/537.36 (KHTML, like Gecko) Chrome/89.0.4389.114 Safari/537.36"
198.54.114.83 - - [31/Mar/2025:07:09:14 -0400] "POST /wp-cron.php?doing_wp_cron=1743419353.9655730724334716796875 HTTP/1.1" 200 0 "-" "WordPress/6.7.2; https://creative-webstyle.com"
110.164.177.196 - - [31/Mar/2025:07:09:11 -0400] "GET /wp-includes/wlwmanifest.xml HTTP/1.1" 404 15293 "-" "Mozilla/5.0 (Windows NT 10.0; Win64; x64) AppleWebKit/537.36 (KHTML, like Gecko) Chrome/89.0.4389.114 Safari/537.36"
110.164.177.196 - - [31/Mar/2025:07:09:15 -0400] "GET /?author=1 HTTP/1.1" 200 98430 "-" "Mozilla/5.0 (Windows NT 10.0; Win64; x64) AppleWebKit/537.36 (KHTML, like Gecko) Chrome/89.0.4389.114 Safari/537.36"
110.164.177.196 - - [31/Mar/2025:07:09:15 -0400] "GET /?author=2 HTTP/1.1" 200 98430 "-" "Mozilla/5.0 (Windows NT 10.0; Win64; x64) AppleWebKit/537.36 (KHTML, like Gecko) Chrome/89.0.4389.114 Safari/537.36"
110.164.177.196 - - [31/Mar/2025:07:09:16 -0400] "GET /?author=3 HTTP/1.1" 200 98430 "-" "Mozilla/5.0 (Windows NT 10.0; Win64; x64) AppleWebKit/537.36 (KHTML, like Gecko) Chrome/89.0.4389.114 Safari/537.36"
110.164.177.196 - - [31/Mar/2025:07:09:16 -0400] "GET /wp-json/wp/v2/users/ HTTP/1.1" 200 2069 "-" "Mozilla/5.0 (Windows NT 10.0; Win64; x64) AppleWebKit/537.36 (KHTML, like Gecko) Chrome/89.0.4389.114 Safari/537.36"
110.164.177.196 - - [31/Mar/2025:07:09:17 -0400] "POST /xmlrpc.php HTTP/1.1" 200 236 "-" "Mozilla/5.0 (Windows NT 10.0; Win64; x64) AppleWebKit/537.36 (KHTML, like Gecko) Chrome/89.0.4389.114 Safari/537.36"
110.164.177.196 - - [31/Mar/2025:07:09:17 -0400] "POST /xmlrpc.php HTTP/1.1" 200 236 "-" "Mozilla/5.0 (Windows NT 10.0; Win64; x64) AppleWebKit/537.36 (KHTML, like Gecko) Chrome/89.0.4389.114 Safari/537.36"
110.164.177.196 - - [31/Mar/2025:07:09:18 -0400] "POST /xmlrpc.php HTTP/1.1" 200 236 "-" "Mozilla/5.0 (Windows NT 10.0; Win64; x64) AppleWebKit/537.36 (KHTML, like Gecko) Chrome/89.0.4389.114 Safari/537.36"
110.164.177.196 - - [31/Mar/2025:07:09:18 -0400] "POST /xmlrpc.php HTTP/1.1" 200 236 "-" "Mozilla/5.0 (Windows NT 10.0; Win64; x64) AppleWebKit/537.36 (KHTML, like Gecko) Chrome/89.0.4389.114 Safari/537.36"
110.164.177.196 - - [31/Mar/2025:07:09:19 -0400] "POST /xmlrpc.php HTTP/1.1" 200 236 "-" "Mozilla/5.0 (Windows NT 10.0; Win64; x64) AppleWebKit/537.36 (KHTML, like Gecko) Chrome/89.0.4389.114 Safari/537.36"
110.164.177.196 - - [31/Mar/2025:07:09:20 -0400] "POST /xmlrpc.php HTTP/1.1" 200 236 "-" "Mozilla/5.0 (Windows NT 10.0; Win64; x64) AppleWebKit/537.36 (KHTML, like Gecko) Chrome/89.0.4389.114 Safari/537.36"
36.226.217.158 - - [31/Mar/2025:07:21:18 -0400] "GET / HTTP/1.1" 200 98430 "http://creative-webstyle.com/" "Mozilla/5.0 (Windows NT 6.1; WOW64) AppleWebKit/537.36 (KHTML, like Gecko) Chrome/34.0.3481.908 Safari/537.36"
36.226.217.158 - - [31/Mar/2025:07:21:19 -0400] "GET / HTTP/1.1" 200 98430 "http://creative-webstyle.com/" "Mozilla/5.0 (Windows NT 6.1; WOW64) AppleWebKit/537.36 (KHTML, like Gecko) Chrome/34.0.3481.908 Safari/537.36"
192.42.116.211 - - [31/Mar/2025:07:26:22 -0400] "GET / HTTP/1.1" 200 98430 "http://creative-webstyle.com" "Mozilla/5.0 (Macintosh; I; Intel Mac OS X 10_6_7; ru-ru) AppleWebKit/534.31+ (KHTML, like Gecko) Version/5.0.5 Safari/533.21.1"
111.231.1.45 - - [31/Mar/2025:07:40:33 -0400] "GET / HTTP/1.1" 200 98430 "-" "Mozilla/5.0 (Linux; Android 10; LIO-AN00 Build/HUAWEILIO-AN00; wv) MicroMessenger Weixin QQ AppleWebKit/537.36 (KHTML, like Gecko) Version/4.0 Chrome/78.0.3904.62 XWEB/2692 MMWEBSDK/200901 Mobile Safari/537.36"
111.172.249.49 - - [31/Mar/2025:07:45:02 -0400] "GET / HTTP/1.1" 200 98430 "-" "Mozilla/5.0 (iPhone; CPU iPhone OS 13_2_3 like Mac OS X) AppleWebKit/605.1.15 (KHTML, like Gecko) Version/13.0.3 Mobile/15E148 Safari/604.1"
111.231.1.45 - - [31/Mar/2025:07:45:40 -0400] "GET / HTTP/1.1" 200 98430 "-" "Mozilla/5.0 (Linux; Android 10; LIO-AN00 Build/HUAWEILIO-AN00; wv) MicroMessenger Weixin QQ AppleWebKit/537.36 (KHTML, like Gecko) Version/4.0 Chrome/78.0.3904.62 XWEB/2692 MMWEBSDK/200901 Mobile Safari/537.36"
198.54.114.83 - - [31/Mar/2025:07:50:55 -0400] "POST /wp-cron.php?doing_wp_cron=1743421855.5331149101257324218750 HTTP/1.1" 200 0 "-" "WordPress/6.7.2; https://creative-webstyle.com"
196.251.69.226 - - [31/Mar/2025:07:50:53 -0400] "GET /simple.php HTTP/1.1" 404 15283 "www.google.com" "Mozlila/5.0 (Linux; Android 7.0; SM-G892A Bulid/NRD90M; wv) AppleWebKit/537.36 (KHTML, like Gecko) Version/4.0 Chrome/60.0.3112.107 Moblie Safari/537.36"
196.251.69.226 - - [31/Mar/2025:07:51:15 -0400] "GET /inputs.php HTTP/1.1" 404 15283 "www.google.com" "Mozlila/5.0 (Linux; Android 7.0; SM-G892A Bulid/NRD90M; wv) AppleWebKit/537.36 (KHTML, like Gecko) Version/4.0 Chrome/60.0.3112.107 Moblie Safari/537.36"
170.106.167.214 - - [31/Mar/2025:07:52:49 -0400] "GET / HTTP/1.1" 200 98430 "-" "Mozilla/5.0 (iPhone; CPU iPhone OS 13_2_3 like Mac OS X) AppleWebKit/605.1.15 (KHTML, like Gecko) Version/13.0.3 Mobile/15E148 Safari/604.1"
198.54.114.83 - - [31/Mar/2025:07:57:24 -0400] "POST /wp-cron.php?doing_wp_cron=1743422244.6454920768737792968750 HTTP/1.1" 200 0 "-" "WordPress/6.7.2; https://creative-webstyle.com"
111.180.202.140 - - [31/Mar/2025:07:57:22 -0400] "GET /1234.php HTTP/1.1" 404 15281 "http://creative-webstyle.com/1234.php" "Mozilla/5.0 (compatible; MSIE 9.0; Windows NT 6.1; Win64; x64; Trident/5.0)"
37.139.53.144 - - [31/Mar/2025:08:07:01 -0400] "GET /michael-kors-bags-a-vision-of-sophistication-and-glitz/ HTTP/1.1" 200 23120 "-" "Mozilla/5.0 (Linux x86_64; rv:114.0) Gecko/20100101 Firefox/114.0"
198.54.114.83 - - [31/Mar/2025:08:12:39 -0400] "POST /wp-cron.php?doing_wp_cron=1743423159.5337829589843750000000 HTTP/1.1" 200 0 "-" "WordPress/6.7.2; https://creative-webstyle.com"
103.148.104.77 - - [31/Mar/2025:08:12:36 -0400] "GET /admin.php HTTP/1.1" 404 15282 "http://creative-webstyle.com/admin.php" "Mozilla/4.0 (compatible; MSIE 9.0; Windows NT 6.1)"
208.85.92.157 - - [31/Mar/2025:08:17:35 -0400] "GET / HTTP/1.1" 200 98430 "-" "Mozilla/5.0 (Windows NT 10.0; Win64; x64) AppleWebKit/537.36 (KHTML, like Gecko) Chrome/88.0.4240.193 Safari/537.36"
216.244.66.194 - - [31/Mar/2025:08:44:08 -0400] "GET /robots.txt HTTP/1.1" 304 0 "-" "Mozilla/5.0 (compatible; DotBot/1.2; +https://opensiteexplorer.org/dotbot; help@moz.com)"
119.28.177.175 - - [31/Mar/2025:08:46:19 -0400] "GET / HTTP/1.1" 200 98430 "-" "Mozilla/5.0 (iPhone; CPU iPhone OS 13_2_3 like Mac OS X) AppleWebKit/605.1.15 (KHTML, like Gecko) Version/13.0.3 Mobile/15E148 Safari/604.1"
216.244.66.194 - - [31/Mar/2025:08:49:38 -0400] "GET /2025/03/ HTTP/1.1" 301 0 "-" "Mozilla/5.0 (compatible; DotBot/1.2; +https://opensiteexplorer.org/dotbot; help@moz.com)"
198.54.114.83 - - [31/Mar/2025:09:38:52 -0400] "POST /wp-cron.php?doing_wp_cron=1743428331.9790630340576171875000 HTTP/1.1" 200 0 "-" "WordPress/6.7.2; https://creative-webstyle.com"
93.123.109.101 - - [31/Mar/2025:09:38:51 -0400] "GET /lzdmod/site-nav-pc/5.2.38/assets/affiliate/index.js HTTP/1.1" 404 15318 "-" "Mozilla/5.0 (Macintosh; Intel Mac OS X 10_15_7) AppleWebKit/537.36 Chrome/120.0.0.0"
198.54.114.83 - - [31/Mar/2025:09:52:59 -0400] "POST /wp-cron.php?doing_wp_cron=1743429179.4850189685821533203125 HTTP/1.1" 200 0 "-" "WordPress/6.7.2; https://creative-webstyle.com"
194.38.23.16 - - [31/Mar/2025:09:52:57 -0400] "GET /plugins/html5-file-upload/html5fileupload.remove.php HTTP/1.1" 404 15308 "-" "ALittle Client"
51.222.253.1 - - [31/Mar/2025:10:01:56 -0400] "GET /robots.txt HTTP/1.1" 304 0 "-" "Mozilla/5.0 (compatible; AhrefsBot/7.0; +http://ahrefs.com/robot/)"
188.130.142.225 - - [31/Mar/2025:10:21:31 -0400] "GET /hvac-systems-and-mold/ HTTP/1.1" 200 24056 "http://creative-webstyle.com/hvac-systems-and-mold/" "Mozilla/5.0 (Windows NT 10.0; Win64; x64) AppleWebKit/537.36 (KHTML, like Gecko) Chrome/130.0.0.0 Safari/537.36"
188.130.142.225 - - [31/Mar/2025:10:22:32 -0400] "GET /hvac-systems-and-mold/ HTTP/1.1" 200 24056 "http://creative-webstyle.com/hvac-systems-and-mold/" "Mozilla/5.0 (Windows NT 10.0; Win64; x64) AppleWebKit/537.36 (KHTML, like Gecko) Chrome/130.0.0.0 Safari/537.36"
196.251.69.226 - - [31/Mar/2025:10:40:17 -0400] "GET /simple.php HTTP/1.1" 404 15283 "www.google.com" "Mozlila/5.0 (Linux; Android 7.0; SM-G892A Bulid/NRD90M; wv) AppleWebKit/537.36 (KHTML, like Gecko) Version/4.0 Chrome/60.0.3112.107 Moblie Safari/537.36"
196.251.69.226 - - [31/Mar/2025:10:41:38 -0400] "GET /inputs.php HTTP/1.1" 404 15283 "www.google.com" "Mozlila/5.0 (Linux; Android 7.0; SM-G892A Bulid/NRD90M; wv) AppleWebKit/537.36 (KHTML, like Gecko) Version/4.0 Chrome/60.0.3112.107 Moblie Safari/537.36"
216.244.66.194 - - [31/Mar/2025:10:58:44 -0400] "GET /robots.txt HTTP/1.1" 304 0 "-" "Mozilla/5.0 (compatible; DotBot/1.2; +https://opensiteexplorer.org/dotbot; help@moz.com)"
198.54.114.83 - - [31/Mar/2025:11:01:08 -0400] "POST /wp-cron.php?doing_wp_cron=1743433268.4111940860748291015625 HTTP/1.1" 200 0 "-" "WordPress/6.7.2; https://creative-webstyle.com"
104.252.149.95 - - [31/Mar/2025:11:01:05 -0400] "POST /xmlrpc.php HTTP/1.1" 200 212 "-" "Mozilla/5.0 (Macintosh; Intel Mac OS X 10_15_9) AppleWebKit/532.33 (KHTML, like Gecko111) Chrome/93.7 Safari/536.33"
174.140.254.90 - - [31/Mar/2025:11:01:05 -0400] "POST /xmlrpc.php HTTP/1.1" 200 212 "-" "Mozilla/5.0 (Macintosh; Intel Mac OS X 10_15_4) AppleWebKit/538.38 (KHTML, like Gecko111) Chrome/91.6 Safari/537.36"
198.54.114.83 - - [31/Mar/2025:11:04:07 -0400] "POST /wp-cron.php?doing_wp_cron=1743433446.9000360965728759765625 HTTP/1.1" 200 0 "-" "WordPress/6.7.2; https://creative-webstyle.com"
216.244.66.194 - - [31/Mar/2025:11:04:06 -0400] "GET /how-generative-ai-is-transforming-customer-service/ HTTP/1.1" 200 118740 "-" "Mozilla/5.0 (compatible; DotBot/1.2; +https://opensiteexplorer.org/dotbot; help@moz.com)"
185.147.214.14 - - [31/Mar/2025:11:17:48 -0400] "GET /best-cbd-oil-for-sleep-uk/ HTTP/1.1" 200 21689 "http://creative-webstyle.com/best-cbd-oil-for-sleep-uk/" "Mozilla/5.0 (Windows NT 10.0; Win64; x64) AppleWebKit/537.36 (KHTML, like Gecko) Chrome/131.0.0.0 Safari/537.36 Avast/131.0.0.0"
198.54.114.83 - - [31/Mar/2025:11:17:53 -0400] "POST /wp-cron.php?doing_wp_cron=1743434272.9639720916748046875000 HTTP/1.1" 200 0 "-" "WordPress/6.7.2; https://creative-webstyle.com"
185.147.214.14 - - [31/Mar/2025:11:17:50 -0400] "POST /wp-comments-post.php HTTP/1.1" 302 0 "http://creative-webstyle.com/best-cbd-oil-for-sleep-uk/" "Mozilla/5.0 (Windows NT 10.0; Win64; x64) AppleWebKit/537.36 (KHTML, like Gecko) Chrome/131.0.0.0 Safari/537.36 Avast/131.0.0.0"
196.251.69.226 - - [31/Mar/2025:11:29:57 -0400] "POST /wp-content/plugins/wp-ver.php HTTP/1.1" 403 1242 "www.google.com" "Mozlila/5.0 (Linux; Android 7.0; SM-G892A Bulid/NRD90M; wv) AppleWebKit/537.36 (KHTML, like Gecko) Version/4.0 Chrome/60.0.3112.107 Moblie Safari/537.36"
54.36.148.164 - - [31/Mar/2025:11:33:20 -0400] "GET /robots.txt HTTP/1.1" 301 0 "-" "Mozilla/5.0 (compatible; AhrefsBot/7.0; +http://ahrefs.com/robot/)"
54.36.148.164 - - [31/Mar/2025:11:33:22 -0400] "GET /robots.txt HTTP/1.1" 304 0 "-" "Mozilla/5.0 (compatible; AhrefsBot/7.0; +http://ahrefs.com/robot/)"
216.244.66.194 - - [31/Mar/2025:11:42:39 -0400] "GET /robots.txt HTTP/1.1" 304 0 "-" "Mozilla/5.0 (compatible; DotBot/1.2; +https://opensiteexplorer.org/dotbot; help@moz.com)"
198.54.114.83 - - [31/Mar/2025:11:48:52 -0400] "POST /wp-cron.php?doing_wp_cron=1743436131.9491040706634521484375 HTTP/1.1" 200 0 "-" "WordPress/6.7.2; https://creative-webstyle.com"
216.244.66.194 - - [31/Mar/2025:11:48:50 -0400] "GET /hamburger-mull-entsorgen/ HTTP/1.1" 200 22495 "-" "Mozilla/5.0 (compatible; DotBot/1.2; +https://opensiteexplorer.org/dotbot; help@moz.com)"
209.97.151.108 - - [31/Mar/2025:11:58:58 -0400] "GET /wp-admin/css/ HTTP/1.1" 403 1242 "binance.com" "Mozilla/5.0 (Windows NT 10.0; Win64; x64) AppleWebKit/537.36 (KHTML, like Gecko) Chrome/90.0.4430.85 Safari/537.36"
103.153.202.99 - - [31/Mar/2025:12:02:03 -0400] "GET / HTTP/1.1" 200 98430 "http://creative-webstyle.com" "Mozilla/4.0 (compatible; MSIE 9.0; Windows NT 6.1)"
37.27.132.172 - - [31/Mar/2025:12:02:11 -0400] "GET /michael-kors-bags-a-vision-of-sophistication-and-glitz/ HTTP/1.1" 200 23120 "-" "Mozilla/5.0 (Windows NT 10.0; Win64; x64) AppleWebKit/537.36 (KHTML, like Gecko) Chrome/114.0.0.0 Safari/537.36"
37.27.132.172 - - [31/Mar/2025:12:02:12 -0400] "GET /michael-kors-bags-a-vision-of-sophistication-and-glitz/ HTTP/1.1" 200 23120 "http://creative-webstyle.com/michael-kors-bags-a-vision-of-sophistication-and-glitz/" "Mozilla/5.0 (Windows NT 10.0; Win64; x64) AppleWebKit/537.36 (KHTML, like Gecko) Chrome/114.0.0.0 Safari/537.36"
54.91.119.195 - - [31/Mar/2025:12:08:34 -0400] "GET //g.lazcdn.com/g/??mmfe/cps-rt-tracking/0.0.6/index.js HTTP/1.1" 301 0 "-" "Mozilla/5.0 (iPad; CPU OS 13_0 like Mac OS X) AppleWebKit/605.1.15 (KHTML, like Gecko) CriOS/76.0.3809.81 Mobile/15E148 Safari/605.1"
54.91.119.195 - - [31/Mar/2025:12:08:35 -0400] "GET //g.lazcdn.com/g/??mui/feloader/5.0.0/feloader-min.js HTTP/1.1" 301 0 "-" "Mozilla/5.0 (Windows NT 6.1; Win64; x64) AppleWebKit/537.36 (KHTML, like Gecko) Chrome/76.0.3809.87 Safari/537.36"
54.91.119.195 - - [31/Mar/2025:12:08:35 -0400] "GET //o.alicdn.com/lzd_sec/LWSC/index.js HTTP/1.1" 301 0 "-" "Mozilla/5.0 (Windows NT 10.0; Win64; x64) AppleWebKit/537.36 (KHTML, like Gecko) Chrome/75.0.3770.100 Safari/537.36 OPR/62.0.3331.109"
54.91.119.195 - - [31/Mar/2025:12:08:35 -0400] "GET //g.lazcdn.com/g/lzd/assets/0.0.5/next/0.19.21/next.min.js HTTP/1.1" 301 0 "-" "Mozilla/5.0 (X11; Linux 3.8-6.dmz.1-liquorix-686) KHTML/4.8.4 (like Gecko) Konqueror/4.8"
54.91.119.195 - - [31/Mar/2025:12:08:35 -0400] "GET //g.lazcdn.com/g/lzdfe/pdp-modules/1.4.4/pc-mod.js HTTP/1.1" 301 0 "-" "Links/0.9.1 (Linux 2.4.24; i386;)"
54.91.119.195 - - [31/Mar/2025:12:08:35 -0400] "GET //g.lazcdn.com/g/lzdfe/pdp-platform/0.1.22/pc.js HTTP/1.1" 301 0 "-" "Mozilla/5.0 (Linux; Android 9; GM1917) AppleWebKit/537.36 (KHTML, like Gecko) Chrome/76.0.3809.111 Mobile Safari/537.36"
54.91.119.195 - - [31/Mar/2025:12:08:34 -0400] "GET //g.lazcdn.com/g/alilog/mlog/aplus_int.js HTTP/1.1" 301 0 "-" "Mozilla/5.0 (Linux; Android 9; SM-G901F Build/PQ3A.190705.003) AppleWebKit/537.36 (KHTML, like Gecko) Version/4.0 Chrome/76.0.3809.89 Mobile Safari/537.36"
54.91.119.195 - - [31/Mar/2025:12:08:35 -0400] "GET //g.lazcdn.com/g/lzd/assets/1.1.37/web-vitals/2.1.0/index.js HTTP/1.1" 301 0 "-" "Mozilla/5.0 (Macintosh; Intel Mac OS X 10_14_5) AppleWebKit/537.36 (KHTML, like Gecko) Chrome/75.0.3770.80 Safari/537.36"
54.91.119.195 - - [31/Mar/2025:12:08:35 -0400] "GET //g.lazcdn.com/g/lzdmod/loader/5.0.2/??index.js HTTP/1.1" 301 0 "-" "Mozilla/5.0 (Windows NT 10.0; WOW64) AppleWebKit/537.36 (KHTML, like Gecko) Chrome/63.0.3239.132 Safari/537.36"
54.91.119.195 - - [31/Mar/2025:12:08:35 -0400] "GET //g.lazcdn.com/g/lazada-search-fe/lzd-searchbox/0.4.11/index.js HTTP/1.1" 301 0 "-" "Mozilla/5.0 (Linux; Android 8.0.0; SM-A910F) AppleWebKit/537.36 (KHTML, like Gecko) Chrome/76.0.3809.111 Mobile Safari/537.36"
54.91.119.195 - - [31/Mar/2025:12:08:35 -0400] "GET //g.lazcdn.com/g/lzd/assets/1.2.10/web-vitals/3.4.0/index.js HTTP/1.1" 301 0 "-" "Mozilla/5.0 (Linux; Android 9; Pixel 2 XL) AppleWebKit/537.36 (KHTML, like Gecko) Chrome/77.0.3865.18 Mobile Safari/537.36"
54.91.119.195 - - [31/Mar/2025:12:08:35 -0400] "GET //g.lazcdn.com/g/mui/i18n/5.0.4/??index.js HTTP/1.1" 301 0 "-" "Mozilla/5.0 (Windows NT 10.0; Win64; x64; rv:68.0) Gecko/20100101 Firefox/68.0"
54.91.119.195 - - [31/Mar/2025:12:08:35 -0400] "GET //g.lazcdn.com/g/lzd/assets/1.2.13/??babel-polyfill/6.26.0/polyfill.min.js HTTP/1.1" 301 0 "-" "Mozilla/5.0 (iPhone; CPU iPhone OS 12_4 like Mac OS X) AppleWebKit/605.1.15 (KHTML, like Gecko) GSA/79.0.259819395 Mobile/16G77 Safari/604.1"
54.91.119.195 - - [31/Mar/2025:12:08:35 -0400] "GET //g.lazcdn.com/g/lzdfe/pwa-assets/5.0.7/manifest/id.js HTTP/1.1" 301 0 "-" "Mozilla/5.0 (Windows NT 6.0; rv:36.0) Gecko/20100101 Firefox/36.0 SeaMonkey/2.33.1"
54.91.119.195 - - [31/Mar/2025:12:08:36 -0400] "GET //g.lazcdn.com/g/lzd-cs/chat/2.5.0/alichat.js HTTP/1.1" 301 0 "-" "Mozilla/5.0 (Linux; Android 8.1.0; SM-J530F) AppleWebKit/537.36 (KHTML, like Gecko) Chrome/76.0.3809.111 Mobile Safari/537.36"
54.91.119.195 - - [31/Mar/2025:12:08:35 -0400] "GET //o.alicdn.com/lzdfe/lzd-h5-itrace/index.js HTTP/1.1" 301 0 "-" "mukewang/7.2.0 (iPhone; iOS 12.3.1; Scale/2.00) webview"
54.91.119.195 - - [31/Mar/2025:12:08:35 -0400] "GET //g.lazcdn.com/g/woodpeckerx/jssdk??wpkReporter.js HTTP/1.1" 301 0 "-" "Mozilla/5.0 (iPad; CPU OS 12_4 like Mac OS X) AppleWebKit/605.1.15 (KHTML, like Gecko) Mobile/15E148 Flipboard/4.2.48"
54.91.119.195 - - [31/Mar/2025:12:08:35 -0400] "GET /assets/1.1.18/require/2.3.6/require.js HTTP/1.1" 404 15302 "-" "Opera/9.80 (Macintosh; Intel Mac OS X; U; en) Presto/2.6.30 Version/10.61"
198.54.114.83 - - [31/Mar/2025:12:08:38 -0400] "POST /wp-cron.php?doing_wp_cron=1743437317.9470870494842529296875 HTTP/1.1" 200 0 "-" "WordPress/6.7.2; https://creative-webstyle.com"
198.54.114.83 - - [31/Mar/2025:12:08:38 -0400] "POST /wp-cron.php?doing_wp_cron=1743437317.9482319355010986328125 HTTP/1.1" 200 0 "-" "WordPress/6.7.2; https://creative-webstyle.com"
54.91.119.195 - - [31/Mar/2025:12:08:34 -0400] "GET //g.lazcdn.com/g/??mtb/lib-promise/3.1.3/polyfillB.js HTTP/1.1" 301 0 "-" "Mozilla/5.0 (Windows NT 10.0; WOW64) AppleWebKit/537.36 (KHTML, like Gecko) Chrome/66.0.3359.181 Safari/537.36"
54.91.119.195 - - [31/Mar/2025:12:08:35 -0400] "GET //g.lazcdn.com/g/lzdmod/im/5.0.103/index.js HTTP/1.1" 301 0 "-" "Mozilla/5.0 (Windows NT 10.0; Win64; x64) AppleWebKit/537.36 (KHTML, like Gecko) Chrome/75.0.3770.100 Safari/537.36 OPR/62.0.3331.99"
54.91.119.195 - - [31/Mar/2025:12:08:35 -0400] "GET /16.8.0/react-dom.production.min.js HTTP/1.1" 404 15300 "-" "Mozilla/5.0 (compatible; Exabot/3.0; http://www.exabot.com/go/robot)"
54.91.119.195 - - [31/Mar/2025:12:08:35 -0400] "GET /blank.js HTTP/1.1" 404 15287 "-" "Mozilla/5.0 (X11; Linux x86_64)AppleWebKit/537.36 (KHTML, like Gecko) Chrome/64.0.3282.39 Safari/537.36"
54.91.119.195 - - [31/Mar/2025:12:08:34 -0400] "GET //aeis.alicdn.com/sd/ncpc/nc.js HTTP/1.1" 301 0 "-" "Mozilla/5.0 (compatible; Konqueror/4.1; DragonFly) KHTML/4.1.4 (like Gecko)"
54.91.119.195 - - [31/Mar/2025:12:08:35 -0400] "GET /16.8.0/react.production.min.js HTTP/1.1" 404 15296 "-" "Mozilla/5.0 (Linux; Android 7.1.2; Redmi 4) AppleWebKit/537.36 (KHTML, like Gecko) Chrome/76.0.3809.111 Mobile Safari/537.36"
54.91.119.195 - - [31/Mar/2025:12:08:37 -0400] "GET /jquery/5.0.9/index.js HTTP/1.1" 200 0 "-" "Mozilla/5.0 (X11; Linux x86_64) AppleWebKit/537.36 (KHTML, like Gecko) Chrome/74.0.3729.169 Safari/537.36"
54.91.119.195 - - [31/Mar/2025:12:08:40 -0400] "GET /lzd-h5-utils-icon/1.0.8/index.js HTTP/1.1" 200 0 "-" "Mozilla/5.0 (Linux; Android 9; Pixel 2 XL) AppleWebKit/537.36 (KHTML, like Gecko) Chrome/77.0.3865.18 Mobile Safari/537.36"
54.91.119.195 - - [31/Mar/2025:12:08:37 -0400] "GET //g.lazcdn.com/g/retcode/cloud-sdk/bl.js HTTP/1.1" 301 0 "-" "Mozilla/4.0 (compatible; MSIE 7.0; Windows Phone OS 7.0; Trident/3.1; IEMobile/7.0) Asus;Galaxy6"
54.91.119.195 - - [31/Mar/2025:12:08:36 -0400] "GET /lzd-h5-utils-jsonp/1.1.11/index.js HTTP/1.1" 404 15305 "-" "Mozilla/5.0 (Windows NT 6.1; Win64; x64; rv:25.0) Gecko/20100101 Firefox/29.0"
54.91.119.195 - - [31/Mar/2025:12:08:36 -0400] "GET /site-nav-pc/5.2.38/assets/reqwest/index.js HTTP/1.1" 404 15310 "-" "Mozilla/5.0 (Macintosh; Intel Mac OS X 10_14_1) AppleWebKit/537.36 (KHTML, like Gecko) Chrome/75.0.3770.80 Safari/537.36"
54.91.119.195 - - [31/Mar/2025:12:08:36 -0400] "GET /site-nav-pc/5.2.38/pc/index.js HTTP/1.1" 404 15299 "-" "Mozilla/5.0 (Macintosh; Intel Mac OS X 10_14_2) AppleWebKit/537.36 (KHTML, like Gecko) Chrome/75.0.3770.142 Safari/537.36"
54.91.119.195 - - [31/Mar/2025:12:08:37 -0400] "GET /lzd-h5-utils-env/1.5.12/index.js HTTP/1.1" 404 15303 "-" "Mozilla/5.0 (Windows NT 10.0) AppleWebKit/537.36 (KHTML, like Gecko) Chrome/52.0.2743.116 Safari/537.36 Edge/15.15063"
54.91.119.195 - - [31/Mar/2025:12:08:37 -0400] "GET /lzd-h5-utils-mtop/1.2.56/index.js HTTP/1.1" 404 15304 "-" "AndroidDownloadManager/5.1 (Linux; U; Android 5.1; Z820 Build/LMY47D)"
54.91.119.195 - - [31/Mar/2025:12:08:36 -0400] "GET /lib-mtop/2.5.1/mtop.js HTTP/1.1" 404 15292 "-" "Mozilla/5.0 (X11; Linux x86_64) AppleWebKit/537.36 (KHTML, like Gecko) Ubuntu Chromium/33.0.1750.152 Chrome/33.0.1750.152 Safari/537.36"
54.91.119.195 - - [31/Mar/2025:12:08:37 -0400] "GET /multimod-lzd-member__signup-login-pop/0.0.4/lib-signuppop/index.umd.es5.production.js HTTP/1.1" 200 0 "-" "Mozilla/5.0 (Linux; U; Android 6.0; zh-CN; KNT-UL10 Build/HUAWEIKNT-UL10) AppleWebKit/537.36 (KHTML, like Gecko) Version/4.0 Chrome/57.0.2987.108 Quark/3.0.2.943 Mobile Safari/537.36"
54.91.119.195 - - [31/Mar/2025:12:08:36 -0400] "GET /desktop-footer/6.1.1/pc/reqwest/index.js HTTP/1.1" 404 15312 "-" "Mozilla/5.0 (Macintosh; Intel Mac OS X 10_10_2) AppleWebKit/537.36 (KHTML, like Gecko) Chrome/42.0.2311.82 Safari/537.36 OPR/29.0.1795.41"
54.91.119.195 - - [31/Mar/2025:12:08:37 -0400] "GET /site-nav-pc/5.2.38/assets/user-info/index.js HTTP/1.1" 404 15311 "-" "Mozilla/5.0 (compatible; MSIE 9.0; Windows NT 6.2; Trident/5.0)"
54.91.119.195 - - [31/Mar/2025:12:08:36 -0400] "GET /desktop-footer/6.1.1/pc/index.js HTTP/1.1" 404 15305 "-" "Mozilla/5.0 (compatible; MSIE 9.0; Windows NT 6.1; WOW64; Trident/5.0; SLCC2; Media Center PC 6.0; InfoPath.3; MS-RTC LM 8; Zune 4.7)"
54.91.119.195 - - [31/Mar/2025:12:08:40 -0400] "GET /products/sw.js HTTP/1.1" 200 0 "-" "Opera/7.51 (Windows NT 5.1; U) [en]"
54.91.119.195 - - [31/Mar/2025:12:08:37 -0400] "GET /site-nav-pc/5.2.38/assets/common/popper/index.js HTTP/1.1" 404 15317 "-" "Mozilla/5.0 (BeOS; U; BeOS BePC; en-US; rv:1.9a1) Gecko/20060702 SeaMonkey/1.5a"
54.91.119.195 - - [31/Mar/2025:12:08:37 -0400] "GET /interface.js HTTP/1.1" 404 15286 "-" "Roku/DVP-4.1 (024.01E01250A)"
54.91.119.195 - - [31/Mar/2025:12:08:37 -0400] "GET /site-nav-pc/5.2.38/assets/logo-bar/index.js HTTP/1.1" 404 15312 "-" "Mozilla/5.0 (Windows NT 6.1; WOW64) AppleWebKit/537.36 (KHTML, like Gecko) Chrome/63.0.3239.26 Safari/537.36 Core/1.63.5977.400 LBBROWSER/10.1.3752.400"
54.91.119.195 - - [31/Mar/2025:12:08:37 -0400] "GET /common-info/5.0.30/index.js HTTP/1.1" 404 15305 "-" "Mozilla/5.0 (X11; Linux x86_64; rv:7.0a1) Gecko/20110623 Firefox/7.0a1"
54.91.119.195 - - [31/Mar/2025:12:08:37 -0400] "GET /lzd-h5-utils-qs/0.1.11/index.js HTTP/1.1" 404 15303 "-" "Mozilla/5.0 (Macintosh; Intel Mac OS X 10_11_0) AppleWebKit/537.36 (KHTML, like Gecko) Chrome/74.0.3729.169 Safari/537.36"
54.91.119.195 - - [31/Mar/2025:12:08:37 -0400] "GET /site-nav-pc/5.2.38/assets/affiliate/index.js HTTP/1.1" 404 15311 "-" "Mozilla/5.0 (Linux; Android 6.0; Nexus 5X Build/MDB08L) AppleWebKit/537.36 (KHTML, like Gecko) Chrome/53.0.2785.124 Mobile Safari/537.36"
54.91.119.195 - - [31/Mar/2025:12:08:37 -0400] "GET /site-nav-pc/5.2.38/assets/download-app/index.js HTTP/1.1" 404 15314 "-" "Mozilla/5.0 (X11; U; Linux i686; en-gb) AppleWebKit/534.35 (KHTML, like Gecko) Chrome/11.0.696.65 Safari/534.35 Puffin/2.0.5603M"
54.91.119.195 - - [31/Mar/2025:12:08:37 -0400] "GET /site-nav-pc/5.2.38/assets/switch-lang/index.js HTTP/1.1" 404 15314 "-" "Mozilla/5.0 (Windows NT 6.3; WOW64) AppleWebKit/537.36 (KHTML, like Gecko) Chrome/44.0.2403.107 Safari/537.36"
54.91.119.195 - - [31/Mar/2025:12:08:37 -0400] "GET /lazada-mod-lib/0.0.20/LazadaModLib.min.js HTTP/1.1" 404 15308 "-" "Mozilla/5.0 (Symbian/3; Series60/5.2 NokiaE7-00/010.016; Profile/MIDP-2.1 Configuration/CLDC-1.1 ) AppleWebKit/525 (KHTML, like Gecko) Version/3.0 BrowserNG/7.2.7.3 3gpp-gba"
54.91.119.195 - - [31/Mar/2025:12:08:37 -0400] "GET /site-nav-pc/5.2.38/i18n.js HTTP/1.1" 404 15297 "-" "Mozilla/5.0 (Linux; Android 9; ONEPLUS A6000) AppleWebKit/537.36 (KHTML, like Gecko) Chrome/76.0.3809.111 Mobile Safari/537.36"
54.91.119.195 - - [31/Mar/2025:12:08:37 -0400] "GET /lzd-h5-utils-cookie/1.2.10/index.js HTTP/1.1" 404 15306 "-" "Mozilla/5.0 (Linux; Android 8.0.0; LG-H873) AppleWebKit/537.36 (KHTML, like Gecko) Chrome/76.0.3809.89 Mobile Safari/537.36"
54.91.119.195 - - [31/Mar/2025:12:08:37 -0400] "GET /back-to-third-party-app/5.0.2/m/button.js HTTP/1.1" 404 15309 "-" "Mozilla/5.0 (iPhone; CPU iPhone OS 12_1 like Mac OS X) AppleWebKit/605.1.15 (KHTML, like Gecko) CriOS/75.0.3770.103 Mobile/15E148 Safari/605.1"
54.91.119.195 - - [31/Mar/2025:12:08:37 -0400] "GET /flow.js HTTP/1.1" 404 15281 "-" "Mozilla/5.0 (X11; U; Linux x86_64; en-US) AppleWebKit/534.15 (KHTML, like Gecko) Chrome/10.0.613.0 Safari/534.15"
54.91.119.195 - - [31/Mar/2025:12:08:37 -0400] "GET /site-nav-pc/5.2.38/assets/search-box/index.js HTTP/1.1" 404 15311 "-" "Opera/9.80 (Android 4.0.4; Linux; Opera Mobi/ADR-1205181138; U; pl) Presto/2.10.254 Version/12.00"
54.91.119.195 - - [31/Mar/2025:12:08:37 -0400] "GET /lzd-h5-utils-sites/1.1.11/index.js HTTP/1.1" 404 15311 "-" "Mozilla/5.0 (Linux; Android 8.1.0; SM-G610M) AppleWebKit/537.36 (KHTML, like Gecko) Chrome/76.0.3809.111 Mobile Safari/537.36"
54.91.119.195 - - [31/Mar/2025:12:08:37 -0400] "GET /lzd-h5-utils-logger/1.1.52/index.js HTTP/1.1" 404 15306 "-" "Mozilla/5.0 (Macintosh; Intel Mac OS X 10_13_6) AppleWebKit/605.1.15 (KHTML, like Gecko) Version/12.0.3 Safari/605.1.15"
54.91.119.195 - - [31/Mar/2025:12:08:40 -0400] "GET /site-menu-nav-pc/5.0.73/pc/index.js HTTP/1.1" 404 15303 "-" "Mozilla/5.0 (Windows NT 6.3; Win64; x64) AppleWebKit/537.36 (KHTML, like Gecko) Chrome/65.0.3325.162 Safari/537.36"
54.91.119.195 - - [31/Mar/2025:12:08:40 -0400] "GET /site-nav-pc/5.2.38/assets/liveup/index.js HTTP/1.1" 404 15310 "-" "Mozilla/5.0 (Windows NT 6.3; Win64; x64) AppleWebKit/537.36 (KHTML, like Gecko) Chrome/67.0.3396.87 Safari/537.36"
54.91.119.195 - - [31/Mar/2025:12:08:40 -0400] "GET /site-nav-pc/5.2.38/assets/links-bar/index.js HTTP/1.1" 404 15313 "-" "Mozilla/5.0 (Windows NT 10.0; WOW64) AppleWebKit/537.36 (KHTML, like Gecko) Chrome/65.0.3325.162 Safari/537.36"
54.91.119.195 - - [31/Mar/2025:12:08:40 -0400] "GET /site-nav-pc/5.2.38/assets/track-order/index.js HTTP/1.1" 404 15315 "-" "Mozilla/4.0 (compatible; MSIE 7.0; Windows NT 6.0; Trident/5.0)"
54.91.119.195 - - [31/Mar/2025:12:08:41 -0400] "GET /site-menu-pc/5.0.45/pc/index.js HTTP/1.1" 404 15298 "-" "Mozilla/5.0 (Macintosh; Intel Mac OS X 10_13_4) AppleWebKit/605.1.15 (KHTML, like Gecko) Version/11.1 Safari/605.1.15"
54.91.119.195 - - [31/Mar/2025:12:08:41 -0400] "GET /multimod-lzd-trade__cart/1.0.16/lib-cart/index.umd.es5.production.js HTTP/1.1" 404 15331 "-" "Mozilla/5.0 (Macintosh; Intel Mac OS X 10_7_3) AppleWebKit/534.55.3 (KHTML, like Gecko) Version/5.1.3 Safari/534.53.10"
54.91.119.195 - - [31/Mar/2025:12:08:40 -0400] "GET /site-nav-pc/5.2.38/assets/cart/index.js HTTP/1.1" 404 15307 "-" "Mozilla/5.0 (Windows NT 6.2) AppleWebKit/537.36 (KHTML, like Gecko) Chrome/75.0.3770.142 Safari/537.36 OPR/62.0.3331.116"
54.91.119.195 - - [31/Mar/2025:12:10:17 -0400] "GET //g.lazcdn.com/g/lzd/assets/1.2.13/??babel-polyfill/6.26.0/polyfill.min.js HTTP/1.1" 301 0 "-" "Mozilla/5.0 (Macintosh; Intel Mac OS X 10_14_6) AppleWebKit/537.36 (KHTML, like Gecko) Chrome/75.0.3770.142 Safari/537.36 OPR/62.0.3331.119"
54.91.119.195 - - [31/Mar/2025:12:10:18 -0400] "GET //g.lazcdn.com/g/??mui/feloader/5.0.0/feloader-min.js HTTP/1.1" 301 0 "-" "w3m/0.5.1"
54.91.119.195 - - [31/Mar/2025:12:10:18 -0400] "GET //g.lazcdn.com/g/??mmfe/cps-rt-tracking/0.0.6/index.js HTTP/1.1" 301 0 "-" "Opera/9.80 (Windows NT 6.1; WOW64) Presto/2.12.388 Version/12.16"
54.91.119.195 - - [31/Mar/2025:12:10:17 -0400] "GET //g.lazcdn.com/g/lzd/assets/1.2.10/web-vitals/3.4.0/index.js HTTP/1.1" 301 0 "-" "Mozilla/5.0 (Macintosh; Intel Mac OS X 10_14_4) AppleWebKit/537.36 (KHTML, like Gecko) Chrome/76.0.3809.100 Safari/537.36"
54.91.119.195 - - [31/Mar/2025:12:10:18 -0400] "GET //g.lazcdn.com/g/??mtb/lib-promise/3.1.3/polyfillB.js HTTP/1.1" 301 0 "-" "Mozilla/5.0 (Linux; U; Android 9; en-gb; Redmi Note 7 Pro Build/PKQ1.181203.001) AppleWebKit/537.36 (KHTML, like Gecko) Version/4.0 Chrome/71.0.3578.141 Mobile Safari/537.36 XiaoMi/MiuiBrowser/10.9.8-g"
54.91.119.195 - - [31/Mar/2025:12:10:18 -0400] "GET //g.lazcdn.com/g/mui/i18n/5.0.4/??index.js HTTP/1.1" 301 0 "-" "Mozilla/5.0 (Windows NT 10.0; WOW64) AppleWebKit/537.36 (KHTML, like Gecko) Chrome/73.0.3683.103 Safari/537.36"
54.91.119.195 - - [31/Mar/2025:12:10:19 -0400] "GET /assets/1.1.18/require/2.3.6/require.js HTTP/1.1" 404 15302 "-" "Mozilla/5.0 (Linux; Android 9; RMX1801) AppleWebKit/537.36 (KHTML, like Gecko) Chrome/76.0.3809.111 Mobile Safari/537.36"
54.91.119.195 - - [31/Mar/2025:12:10:18 -0400] "GET //g.lazcdn.com/g/lzdfe/pwa-assets/5.0.7/manifest/id.js HTTP/1.1" 301 0 "-" "Mozilla/5.0 (Linux; Android 7.0; Lenovo K33a42) AppleWebKit/537.36 (KHTML, like Gecko) Chrome/75.0.3770.101 Mobile Safari/537.36"
54.91.119.195 - - [31/Mar/2025:12:10:18 -0400] "GET //g.lazcdn.com/g/alilog/mlog/aplus_int.js HTTP/1.1" 301 0 "-" "SonyEricssonW810i/R4EA Browser/NetFront/3.3 Profile/MIDP-2.0 Configuration/CLDC-1.1 UP.Link/6.3.0.0.0"
54.91.119.195 - - [31/Mar/2025:12:10:18 -0400] "GET //g.lazcdn.com/g/lzd/assets/1.1.37/web-vitals/2.1.0/index.js HTTP/1.1" 301 0 "-" "Mozilla/5.0 (Windows NT 10.0; WOW64) AppleWebKit/537.36 (KHTML, like Gecko) Chrome/73.0.3683.105 Safari/537.36 Vivaldi/2.4.1488.38"
54.91.119.195 - - [31/Mar/2025:12:10:18 -0400] "GET //g.lazcdn.com/g/lzd-cs/chat/2.5.0/alichat.js HTTP/1.1" 301 0 "-" "Mozilla/5.0 (Linux; Android 9; SAMSUNG SM-G960U Build/PPR1.180610.011) AppleWebKit/537.36 (KHTML, like Gecko) SamsungBrowser/9.4 Chrome/67.0.3396.87 Mobile Safari/537.36"
54.91.119.195 - - [31/Mar/2025:12:10:18 -0400] "GET //g.lazcdn.com/g/lazada-search-fe/lzd-searchbox/0.4.11/index.js HTTP/1.1" 301 0 "-" "Mozilla/5.0 (Linux; U; Android 4.2; en-us; sdk Build/MR1) AppleWebKit/535.19 (KHTML, like Gecko) Version/4.2 Safari/535.19"
54.91.119.195 - - [31/Mar/2025:12:10:18 -0400] "GET //g.lazcdn.com/g/lzd/assets/0.0.5/next/0.19.21/next.min.js HTTP/1.1" 301 0 "-" "Mozilla/5.0 (Macintosh; Intel Mac OS X 10_13_0) AppleWebKit/537.36 (KHTML, like Gecko) Chrome/76.0.3809.100 Safari/537.36"
54.91.119.195 - - [31/Mar/2025:12:10:18 -0400] "GET //aeis.alicdn.com/sd/ncpc/nc.js HTTP/1.1" 301 0 "-" "Avant Browser/1.2.789rel1 (http://www.avantbrowser.com)"
54.91.119.195 - - [31/Mar/2025:12:10:20 -0400] "GET /flow.js HTTP/1.1" 404 15281 "-" "Mozilla/5.0 (iPhone; U; CPU iPhone OS 2_0 like Mac OS X; en-us) AppleWebKit/525.18.1 (KHTML, like Gecko) Version/3.1.1 Mobile/5A347 Safari/525.200"
54.91.119.195 - - [31/Mar/2025:12:10:20 -0400] "GET /blank.js HTTP/1.1" 404 15287 "-" "Mozilla/5.0 (Linux; U; Android 2.3.4; en-us; BNTV250 Build/GINGERBREAD) AppleWebKit/533.1 (KHTML, like Gecko) Version/4.0 Safari/533.1"
54.91.119.195 - - [31/Mar/2025:12:10:20 -0400] "GET /interface.js HTTP/1.1" 404 15286 "-" "Mozilla/5.0 (Linux; Android 4.4.2; SAMSUNG-SM-T537A Build/KOT49H) AppleWebKit/537.36 (KHTML like Gecko) Chrome/35.0.1916.141 Safari/537.36"
54.91.119.195 - - [31/Mar/2025:12:10:20 -0400] "GET /lzd-h5-utils-jsonp/1.1.11/index.js HTTP/1.1" 404 15305 "-" "Mozilla/5.0 (Windows NT 10.0; Win64; x64) AppleWebKit/537.36 (KHTML, like Gecko) Chrome/74.0.3850.0 Iron Safari/537.36"
54.91.119.195 - - [31/Mar/2025:12:10:20 -0400] "GET //g.lazcdn.com/g/lzdmod/loader/5.0.2/??index.js HTTP/1.1" 301 0 "-" "Mozilla/5.0 (Linux; U; Android 1.5; en-us; htc_bahamas Build/CRB17) AppleWebKit/528.5 (KHTML, like Gecko) Version/3.1.2 Mobile Safari/525.20.1"
54.91.119.195 - - [31/Mar/2025:12:10:20 -0400] "GET /multimod-lzd-trade__cart/1.0.16/lib-cart/index.umd.es5.production.js HTTP/1.1" 404 15331 "-" "Mozilla/5.0 (iPhone; CPU iPhone OS 10_0 like Mac OS X) AppleWebKit/600.1.4 (KHTML, like Gecko) GSA/18.0.130791545 Mobile/14A5345a Safari/600.1.4"
