54.91.119.195 - - [31/Mar/2025:12:10:20 -0400] "GET /lzd-h5-utils-env/1.5.12/index.js HTTP/1.1" 404 15303 "-" "Mozilla/5.0 (Macintosh; Intel Mac OS X 10_13_0) AppleWebKit/537.36 (KHTML, like Gecko) Chrome/74.0.3729.169 Safari/537.36"
54.91.119.195 - - [31/Mar/2025:12:10:20 -0400] "GET /site-nav-pc/5.2.38/assets/reqwest/index.js HTTP/1.1" 404 15310 "-" "BlackBerry8330/4.3.0 Profile/MIDP-2.0 Configuration/CLDC-1.1 VendorID/105"
54.91.119.195 - - [31/Mar/2025:12:10:20 -0400] "GET /lzd-h5-utils-sites/1.1.11/index.js HTTP/1.1" 404 15311 "-" "Mozilla/5.0 (Windows NT 10.0; WOW64; rv:47.0) Gecko/20100101 Firefox/47.0"
54.91.119.195 - - [31/Mar/2025:12:10:20 -0400] "GET /lzd-h5-utils-qs/0.1.11/index.js HTTP/1.1" 404 15303 "-" "Mozilla/5.0 (iPhone; CPU iPhone OS 12_3_1 like Mac OS X) AppleWebKit/605.1.15 (KHTML, like Gecko) Mobile/15E148 MicroMessenger/7.0.4(0x17000428) NetType/WIFI Language/zh_CN"
54.91.119.195 - - [31/Mar/2025:12:10:20 -0400] "GET /16.8.0/react.production.min.js HTTP/1.1" 404 15296 "-" "Mozilla/5.0 (Linux; Android 6.0; Le X620 Build/MRA58K) AppleWebKit/537.36 (KHTML, like Gecko) Chrome/56.0.2924.87 Mobile Safari/537.36"
54.91.119.195 - - [31/Mar/2025:12:10:20 -0400] "GET //o.alicdn.com/lzd_sec/LWSC/index.js HTTP/1.1" 301 0 "-" "Mozilla/5.0 (Macintosh; Intel Mac OS X 10_13_1) AppleWebKit/537.36 (KHTML, like Gecko) Chrome/76.0.3809.100 Safari/537.36"
54.91.119.195 - - [31/Mar/2025:12:10:20 -0400] "GET /site-nav-pc/5.2.38/assets/links-bar/index.js HTTP/1.1" 404 15313 "-" "Mozilla/5.0 (X11; Linux x86_64) AppleWebKit/537.36 (KHTML, like Gecko) Chrome/71.0.3578.98 Safari/537.36 OPR/58.0.3135.107"
54.91.119.195 - - [31/Mar/2025:12:10:20 -0400] "GET /site-nav-pc/5.2.38/assets/download-app/index.js HTTP/1.1" 404 15314 "-" "Web Downloader/6.9"
54.91.119.195 - - [31/Mar/2025:12:10:20 -0400] "GET //g.lazcdn.com/g/lzdfe/pdp-platform/0.1.22/pc.js HTTP/1.1" 301 0 "-" "Mozilla/5.0 (X11; Linux i686; rv:16.0) Gecko/20100101 Firefox/16.0"
54.91.119.195 - - [31/Mar/2025:12:10:20 -0400] "GET //g.lazcdn.com/g/retcode/cloud-sdk/bl.js HTTP/1.1" 301 0 "-" "Mozilla/5.0 (X11; U; Linux x86_64; en-US; rv:1.9.0.3) Gecko/2008092814 (Debian-3.0.1-1)"
54.91.119.195 - - [31/Mar/2025:12:10:20 -0400] "GET //o.alicdn.com/lzdfe/lzd-h5-itrace/index.js HTTP/1.1" 301 0 "-" "Mozilla/5.0 (X11; U; Linux x86_64; en-US; rv:1.9.1.13) Gecko/20100916 Iceape/2.0.8"
54.91.119.195 - - [31/Mar/2025:12:10:20 -0400] "GET /lzd-h5-utils-icon/1.0.8/index.js HTTP/1.1" 404 15302 "-" "Mozilla/5.0 (Windows; U; Windows NT 5.1; en-US; rv:1.9.0.10) Gecko/2009042316 Firefox/3.0.10"
54.91.119.195 - - [31/Mar/2025:12:10:20 -0400] "GET /products/sw.js HTTP/1.1" 404 15287 "-" "Mozilla/5.0 (Windows NT 6.1; WOW64) AppleWebKit/537.36 (KHTML, like Gecko) Chrome/70.0.3538.25 Safari/537.36 Core/1.70.3722.400 QQBrowser/10.5.3738.400"
54.91.119.195 - - [31/Mar/2025:12:10:20 -0400] "GET /jquery/5.0.9/index.js HTTP/1.1" 404 15292 "-" "Opera/9.80 (S60; SymbOS; Opera Mobi/499; U; ru) Presto/2.4.18 Version/10.00"
54.91.119.195 - - [31/Mar/2025:12:10:21 -0400] "GET /lzd-h5-utils-logger/1.1.52/index.js HTTP/1.1" 404 15306 "-" "Mozilla/5.0 (Linux; Android 9; SAMSUNG SM-G975F Build/PPR1.180610.011) AppleWebKit/537.36 (KHTML, like Gecko) SamsungBrowser/9.4 Chrome/67.0.3396.87 Mobile Safari/537.36"
54.91.119.195 - - [31/Mar/2025:12:10:21 -0400] "GET /back-to-third-party-app/5.0.2/m/button.js HTTP/1.1" 404 15309 "-" "Mozilla/5.0 (Linux; Android 9; ANE-LX3) AppleWebKit/537.36 (KHTML, like Gecko) Chrome/76.0.3809.111 Mobile Safari/537.36"
54.91.119.195 - - [31/Mar/2025:12:10:21 -0400] "GET /site-nav-pc/5.2.38/assets/track-order/index.js HTTP/1.1" 404 15315 "-" "Mozilla/5.0 (Macintosh; Intel Mac OS X 10_13_0) AppleWebKit/537.36 (KHTML, like Gecko) Chrome/76.0.3809.87 Safari/537.36"
54.91.119.195 - - [31/Mar/2025:12:10:21 -0400] "GET /site-nav-pc/5.2.38/assets/affiliate/index.js HTTP/1.1" 404 15311 "-" "Mozilla/5.0 (Macintosh; Intel Mac OS X 10_14_5) AppleWebKit/537.36 (KHTML, like Gecko) Chrome/75.0.3770.142 Safari/537.36"
54.91.119.195 - - [31/Mar/2025:12:10:21 -0400] "GET /16.8.0/react-dom.production.min.js HTTP/1.1" 404 15300 "-" "SAMSUNG-S8000/S8000XXIF3 SHP/VPP/R5 Jasmine/1.0 Nextreaming SMM-MMS/1.2.0 profile/MIDP-2.1 configuration/CLDC-1.1 FirePHP/0.3"
54.91.119.195 - - [31/Mar/2025:12:10:21 -0400] "GET /desktop-footer/6.1.1/pc/index.js HTTP/1.1" 404 15305 "-" "Nokia6630/1.0 (2.3.129) SymbianOS/8.0 Series60/2.6 Profile/MIDP-2.0 Configuration/CLDC-1.1"
54.91.119.195 - - [31/Mar/2025:12:10:20 -0400] "GET /multimod-lzd-member__signup-login-pop/0.0.4/lib-signuppop/index.umd.es5.production.js HTTP/1.1" 404 15340 "-" "Mozilla/5.0 (X11; Linux x86_64) AppleWebKit/537.36 (KHTML, like Gecko) Chrome/56.0.2924.76 Safari/537.36"
54.91.119.195 - - [31/Mar/2025:12:10:21 -0400] "GET /common-info/5.0.30/index.js HTTP/1.1" 404 15305 "-" "Mozilla/5.0 (Linux; Android 8.1.0; SM-G610M) AppleWebKit/537.36 (KHTML, like Gecko) Chrome/76.0.3809.111 Mobile Safari/537.36"
54.91.119.195 - - [31/Mar/2025:12:10:21 -0400] "GET /lzd-h5-utils-mtop/1.2.56/index.js HTTP/1.1" 404 15304 "-" "Mozilla/5.0 (Linux; U; Android 1.5; fr-fr; GT-I5700 Build/CUPCAKE) AppleWebKit/528.5 (KHTML, like Gecko) Version/3.1.2 Mobile Safari/525.20.1"
54.91.119.195 - - [31/Mar/2025:12:10:21 -0400] "GET /site-nav-pc/5.2.38/assets/cart/index.js HTTP/1.1" 404 15307 "-" "Links (2.1pre15; FreeBSD 5.3-RELEASE i386; 196x84)"
54.91.119.195 - - [31/Mar/2025:12:10:21 -0400] "GET //g.lazcdn.com/g/woodpeckerx/jssdk??wpkReporter.js HTTP/1.1" 301 0 "-" "Mozilla/5.0 (iPad; U; CPU iPad OS 5_0_1 like Mac OS X; en-us) AppleWebKit/535.1+ (KHTML like Gecko) Version/7.2.0.0 Safari/6533.18.5"
54.91.119.195 - - [31/Mar/2025:12:10:21 -0400] "GET /site-menu-pc/5.0.45/pc/index.js HTTP/1.1" 404 15298 "-" "Mozilla/5.0 (Windows NT 6.1; Win64; x64; rv:25.0) Gecko/20100101 Firefox/25.0"
54.91.119.195 - - [31/Mar/2025:12:10:21 -0400] "GET //g.lazcdn.com/g/lzdfe/pdp-modules/1.4.4/pc-mod.js HTTP/1.1" 301 0 "-" "Mozilla/5.0 (compatible; MSIE 9.0; Windows NT 6.1; Trident/5.0; XBLWP7; ZuneWP7) UCBrowser/2.9.0.263"
54.91.119.195 - - [31/Mar/2025:12:10:22 -0400] "GET /lib-mtop/2.5.1/mtop.js HTTP/1.1" 404 15292 "-" "Mozilla/5.0 (X11; U; FreeBSD i386; de-CH; rv:1.9.2.8) Gecko/20100729 Firefox/3.6.8"
54.91.119.195 - - [31/Mar/2025:12:10:22 -0400] "GET /lzd-h5-utils-cookie/1.2.10/index.js HTTP/1.1" 404 15306 "-" "Mozilla/5.0 (Linux; Android 9; ONEPLUS A6013) AppleWebKit/537.36 (KHTML, like Gecko) Chrome/78.0.3880.5 Mobile Safari/537.36"
54.91.119.195 - - [31/Mar/2025:12:10:22 -0400] "GET /site-nav-pc/5.2.38/assets/liveup/index.js HTTP/1.1" 404 15310 "-" "Mozilla/5.0 (Macintosh; Intel Mac OS X 10_14_5) AppleWebKit/537.36 (KHTML, like Gecko) Chrome/73.0.3683.103 Safari/537.36"
54.91.119.195 - - [31/Mar/2025:12:10:22 -0400] "GET //g.lazcdn.com/g/lzdmod/im/5.0.103/index.js HTTP/1.1" 301 0 "-" "Mozilla/5.0 (iPod; U; CPU iPhone OS 3_1_1 like Mac OS X; en-us) AppleWebKit/528.18 (KHTML, like Gecko) Mobile/7C145"
206.189.39.21 - - [31/Mar/2025:12:11:24 -0400] "GET /wp-content/themes/wp-pridmag/up.php HTTP/1.1" 404 15298 "-" "Mozilla/5.0 (Linux; Android 11; M2010J19SI) AppleWebKit/537.36 (KHTML, like Gecko) Chrome/109.0.0.0 Mobile Safari/537.36"
206.189.39.21 - - [31/Mar/2025:12:11:25 -0400] "GET /simple.php HTTP/1.1" 404 15283 "-" "Mozilla/5.0 (Linux; Android 11; M2010J19SI) AppleWebKit/537.36 (KHTML, like Gecko) Chrome/109.0.0.0 Mobile Safari/537.36"
206.189.39.21 - - [31/Mar/2025:12:11:27 -0400] "GET /cong.php HTTP/1.1" 404 15283 "-" "Mozilla/5.0 (Linux; Android 11; M2010J19SI) AppleWebKit/537.36 (KHTML, like Gecko) Chrome/109.0.0.0 Mobile Safari/537.36"
206.189.39.21 - - [31/Mar/2025:12:11:28 -0400] "GET /xxx.php HTTP/1.1" 404 15282 "-" "Mozilla/5.0 (Linux; Android 11; M2010J19SI) AppleWebKit/537.36 (KHTML, like Gecko) Chrome/109.0.0.0 Mobile Safari/537.36"
206.189.39.21 - - [31/Mar/2025:12:11:30 -0400] "GET /tmpls.php HTTP/1.1" 404 15283 "-" "Mozilla/5.0 (Linux; Android 11; M2010J19SI) AppleWebKit/537.36 (KHTML, like Gecko) Chrome/109.0.0.0 Mobile Safari/537.36"
206.189.39.21 - - [31/Mar/2025:12:11:31 -0400] "GET /wp-content/themes/travelscape/json.php HTTP/1.1" 404 15300 "-" "Mozilla/5.0 (Linux; Android 11; M2010J19SI) AppleWebKit/537.36 (KHTML, like Gecko) Chrome/109.0.0.0 Mobile Safari/537.36"
206.189.39.21 - - [31/Mar/2025:12:11:33 -0400] "GET /chosen.php?p= HTTP/1.1" 301 0 "-" "Mozilla/5.0 (Linux; Android 11; M2010J19SI) AppleWebKit/537.36 (KHTML, like Gecko) Chrome/109.0.0.0 Mobile Safari/537.36"
206.189.39.21 - - [31/Mar/2025:12:11:33 -0400] "GET /chosen.php HTTP/1.1" 404 15284 "-" "Mozilla/5.0 (Linux; Android 11; M2010J19SI) AppleWebKit/537.36 (KHTML, like Gecko) Chrome/109.0.0.0 Mobile Safari/537.36"
206.189.39.21 - - [31/Mar/2025:12:11:35 -0400] "GET /wp-cron.php?ac=3 HTTP/1.1" 200 0 "-" "Mozilla/5.0 (Linux; Android 11; M2010J19SI) AppleWebKit/537.36 (KHTML, like Gecko) Chrome/109.0.0.0 Mobile Safari/537.36"
206.189.39.21 - - [31/Mar/2025:12:11:35 -0400] "GET /wp-content/themes/pridmag/db.php?u HTTP/1.1" 404 15298 "-" "Mozilla/5.0 (Linux; Android 11; M2010J19SI) AppleWebKit/537.36 (KHTML, like Gecko) Chrome/109.0.0.0 Mobile Safari/537.36"
206.189.39.21 - - [31/Mar/2025:12:11:37 -0400] "GET /wp-content/themes/seotheme/mar.php HTTP/1.1" 404 15297 "-" "Mozilla/5.0 (Linux; Android 11; M2010J19SI) AppleWebKit/537.36 (KHTML, like Gecko) Chrome/109.0.0.0 Mobile Safari/537.36"
198.54.114.83 - - [31/Mar/2025:12:11:39 -0400] "POST /wp-cron.php?doing_wp_cron=1743437499.4431200027465820312500 HTTP/1.1" 200 0 "-" "WordPress/6.7.2; https://creative-webstyle.com"
206.189.39.21 - - [31/Mar/2025:12:11:39 -0400] "GET /wp-includes/Text/index.php HTTP/1.1" 301 0 "-" "Mozilla/5.0 (Linux; Android 11; M2010J19SI) AppleWebKit/537.36 (KHTML, like Gecko) Chrome/109.0.0.0 Mobile Safari/537.36"
206.189.39.21 - - [31/Mar/2025:12:11:40 -0400] "GET /wp-includes/Text/ HTTP/1.1" 403 1242 "-" "Mozilla/5.0 (Linux; Android 11; M2010J19SI) AppleWebKit/537.36 (KHTML, like Gecko) Chrome/109.0.0.0 Mobile Safari/537.36"
206.189.39.21 - - [31/Mar/2025:12:11:40 -0400] "GET /wp-content/themes/seotheme/mar.php HTTP/1.1" 404 15297 "-" "Mozilla/5.0 (Linux; Android 11; M2010J19SI) AppleWebKit/537.36 (KHTML, like Gecko) Chrome/109.0.0.0 Mobile Safari/537.36"
206.189.39.21 - - [31/Mar/2025:12:11:41 -0400] "GET /Njima.php HTTP/1.1" 404 15285 "-" "Mozilla/5.0 (Linux; Android 11; M2010J19SI) AppleWebKit/537.36 (KHTML, like Gecko) Chrome/109.0.0.0 Mobile Safari/537.36"
206.189.39.21 - - [31/Mar/2025:12:11:42 -0400] "GET /wp-admin/images/Mhbgf.php HTTP/1.1" 404 15289 "-" "Mozilla/5.0 (Linux; Android 11; M2010J19SI) AppleWebKit/537.36 (KHTML, like Gecko) Chrome/109.0.0.0 Mobile Safari/537.36"
206.189.39.21 - - [31/Mar/2025:12:11:44 -0400] "GET /wp-admin/css/index.php HTTP/1.1" 301 0 "-" "Mozilla/5.0 (Linux; Android 11; M2010J19SI) AppleWebKit/537.36 (KHTML, like Gecko) Chrome/109.0.0.0 Mobile Safari/537.36"
206.189.39.21 - - [31/Mar/2025:12:11:44 -0400] "GET /wp-admin/css/ HTTP/1.1" 403 1242 "-" "Mozilla/5.0 (Linux; Android 11; M2010J19SI) AppleWebKit/537.36 (KHTML, like Gecko) Chrome/109.0.0.0 Mobile Safari/537.36"
206.189.39.21 - - [31/Mar/2025:12:11:45 -0400] "GET /wp-admin/css/ysirlifn.php HTTP/1.1" 404 15291 "-" "Mozilla/5.0 (Linux; Android 11; M2010J19SI) AppleWebKit/537.36 (KHTML, like Gecko) Chrome/109.0.0.0 Mobile Safari/537.36"
206.189.39.21 - - [31/Mar/2025:12:11:46 -0400] "GET /repeater.php HTTP/1.1" 404 15286 "-" "Mozilla/5.0 (Linux; Android 11; M2010J19SI) AppleWebKit/537.36 (KHTML, like Gecko) Chrome/109.0.0.0 Mobile Safari/537.36"
206.189.39.21 - - [31/Mar/2025:12:11:48 -0400] "GET /wp-content/plugins/linkpreview/db.php?u HTTP/1.1" 404 15305 "-" "Mozilla/5.0 (Linux; Android 11; M2010J19SI) AppleWebKit/537.36 (KHTML, like Gecko) Chrome/109.0.0.0 Mobile Safari/537.36"
198.54.114.83 - - [31/Mar/2025:12:11:49 -0400] "POST /wp-cron.php?doing_wp_cron=1743437509.6525468826293945312500 HTTP/1.1" 200 0 "-" "WordPress/6.7.2; https://creative-webstyle.com"
206.189.39.21 - - [31/Mar/2025:12:11:49 -0400] "GET /ioxi002.PhP7 HTTP/1.1" 404 15287 "-" "Mozilla/5.0 (Linux; Android 11; M2010J19SI) AppleWebKit/537.36 (KHTML, like Gecko) Chrome/109.0.0.0 Mobile Safari/537.36"
206.189.39.21 - - [31/Mar/2025:12:11:51 -0400] "GET /radio.php HTTP/1.1" 404 15283 "-" "Mozilla/5.0 (Linux; Android 11; M2010J19SI) AppleWebKit/537.36 (KHTML, like Gecko) Chrome/109.0.0.0 Mobile Safari/537.36"
206.189.39.21 - - [31/Mar/2025:12:11:52 -0400] "GET /radio.php HTTP/1.1" 404 15283 "-" "Mozilla/5.0 (Linux; Android 11; M2010J19SI) AppleWebKit/537.36 (KHTML, like Gecko) Chrome/109.0.0.0 Mobile Safari/537.36"
206.189.39.21 - - [31/Mar/2025:12:11:53 -0400] "GET /wp-admin/css/colors/index.php HTTP/1.1" 301 0 "-" "Mozilla/5.0 (Linux; Android 11; M2010J19SI) AppleWebKit/537.36 (KHTML, like Gecko) Chrome/109.0.0.0 Mobile Safari/537.36"
206.189.39.21 - - [31/Mar/2025:12:11:54 -0400] "GET /wp-admin/css/colors/ HTTP/1.1" 403 1242 "-" "Mozilla/5.0 (Linux; Android 11; M2010J19SI) AppleWebKit/537.36 (KHTML, like Gecko) Chrome/109.0.0.0 Mobile Safari/537.36"
206.189.39.21 - - [31/Mar/2025:12:11:54 -0400] "GET /ofso64.php HTTP/1.1" 404 15285 "-" "Mozilla/5.0 (Linux; Android 11; M2010J19SI) AppleWebKit/537.36 (KHTML, like Gecko) Chrome/109.0.0.0 Mobile Safari/537.36"
206.189.39.21 - - [31/Mar/2025:12:11:56 -0400] "GET /wp-content/plugins/TOPXHOH/wDR.php HTTP/1.1" 404 15304 "-" "Mozilla/5.0 (Linux; Android 11; M2010J19SI) AppleWebKit/537.36 (KHTML, like Gecko) Chrome/109.0.0.0 Mobile Safari/537.36"
206.189.39.21 - - [31/Mar/2025:12:11:57 -0400] "GET /wp-content/plugins/IOptimize.php?rchk HTTP/1.1" 404 15304 "-" "Mozilla/5.0 (Linux; Android 11; M2010J19SI) AppleWebKit/537.36 (KHTML, like Gecko) Chrome/109.0.0.0 Mobile Safari/537.36"
206.189.39.21 - - [31/Mar/2025:12:11:58 -0400] "GET /wp-content/themes/ccx/index.php HTTP/1.1" 301 0 "-" "Mozilla/5.0 (Linux; Android 11; M2010J19SI) AppleWebKit/537.36 (KHTML, like Gecko) Chrome/109.0.0.0 Mobile Safari/537.36"
206.189.39.21 - - [31/Mar/2025:12:11:59 -0400] "GET /wp-content/themes/ccx/ HTTP/1.1" 404 15288 "-" "Mozilla/5.0 (Linux; Android 11; M2010J19SI) AppleWebKit/537.36 (KHTML, like Gecko) Chrome/109.0.0.0 Mobile Safari/537.36"
206.189.39.21 - - [31/Mar/2025:12:12:00 -0400] "GET /wp-content/uploads/2017-------/09/wp-console.php HTTP/1.1" 404 15306 "-" "Mozilla/5.0 (Linux; Android 11; M2010J19SI) AppleWebKit/537.36 (KHTML, like Gecko) Chrome/109.0.0.0 Mobile Safari/537.36"
206.189.39.21 - - [31/Mar/2025:12:12:03 -0400] "GET /wp-includes/js/crop/uword.php HTTP/1.1" 404 15296 "-" "Mozilla/5.0 (Linux; Android 11; M2010J19SI) AppleWebKit/537.36 (KHTML, like Gecko) Chrome/109.0.0.0 Mobile Safari/537.36"
206.189.39.21 - - [31/Mar/2025:12:12:04 -0400] "GET /wp-content/themes/bltm/wp-login.php HTTP/1.1" 404 15297 "-" "Mozilla/5.0 (Linux; Android 11; M2010J19SI) AppleWebKit/537.36 (KHTML, like Gecko) Chrome/109.0.0.0 Mobile Safari/537.36"
206.189.39.21 - - [31/Mar/2025:12:12:05 -0400] "GET /autoload_classmap.php HTTP/1.1" 404 15290 "-" "Mozilla/5.0 (Linux; Android 11; M2010J19SI) AppleWebKit/537.36 (KHTML, like Gecko) Chrome/109.0.0.0 Mobile Safari/537.36"
206.189.39.21 - - [31/Mar/2025:12:12:07 -0400] "GET /wp-content/uploads/2014/07/olx.php HTTP/1.1" 404 15299 "-" "Mozilla/5.0 (Linux; Android 11; M2010J19SI) AppleWebKit/537.36 (KHTML, like Gecko) Chrome/109.0.0.0 Mobile Safari/537.36"
206.189.39.21 - - [31/Mar/2025:12:12:08 -0400] "GET /wp-admin/css/colors/midnight/index.php HTTP/1.1" 301 0 "-" "Mozilla/5.0 (Linux; Android 11; M2010J19SI) AppleWebKit/537.36 (KHTML, like Gecko) Chrome/109.0.0.0 Mobile Safari/537.36"
206.189.39.21 - - [31/Mar/2025:12:12:09 -0400] "GET /wp-admin/css/colors/midnight/ HTTP/1.1" 403 1242 "-" "Mozilla/5.0 (Linux; Android 11; M2010J19SI) AppleWebKit/537.36 (KHTML, like Gecko) Chrome/109.0.0.0 Mobile Safari/537.36"
206.189.39.21 - - [31/Mar/2025:12:12:10 -0400] "GET /wp-content/uploads/2020/wp-couldent.php.suspected HTTP/1.1" 404 15310 "-" "Mozilla/5.0 (Linux; Android 11; M2010J19SI) AppleWebKit/537.36 (KHTML, like Gecko) Chrome/109.0.0.0 Mobile Safari/537.36"
206.189.39.21 - - [31/Mar/2025:12:12:12 -0400] "GET /wp-content/plugins/523453244/ninja.php HTTP/1.1" 404 15304 "-" "Mozilla/5.0 (Linux; Android 11; M2010J19SI) AppleWebKit/537.36 (KHTML, like Gecko) Chrome/109.0.0.0 Mobile Safari/537.36"
206.189.39.21 - - [31/Mar/2025:12:12:13 -0400] "GET /wp-includes/js/imgareaselect/index.php HTTP/1.1" 301 0 "-" "Mozilla/5.0 (Linux; Android 11; M2010J19SI) AppleWebKit/537.36 (KHTML, like Gecko) Chrome/109.0.0.0 Mobile Safari/537.36"
206.189.39.21 - - [31/Mar/2025:12:12:14 -0400] "GET /wp-includes/js/imgareaselect/ HTTP/1.1" 403 1242 "-" "Mozilla/5.0 (Linux; Android 11; M2010J19SI) AppleWebKit/537.36 (KHTML, like Gecko) Chrome/109.0.0.0 Mobile Safari/537.36"
206.189.39.21 - - [31/Mar/2025:12:12:14 -0400] "GET /wp-includes/PHPMailer/load.php HTTP/1.1" 404 15295 "-" "Mozilla/5.0 (Linux; Android 11; M2010J19SI) AppleWebKit/537.36 (KHTML, like Gecko) Chrome/109.0.0.0 Mobile Safari/537.36"
206.189.39.21 - - [31/Mar/2025:12:12:16 -0400] "GET /wp-content/plugins/seoplugins/mar.php HTTP/1.1" 404 15295 "-" "Mozilla/5.0 (Linux; Android 11; M2010J19SI) AppleWebKit/537.36 (KHTML, like Gecko) Chrome/109.0.0.0 Mobile Safari/537.36"
206.189.39.21 - - [31/Mar/2025:12:12:17 -0400] "GET /wp-links.php HTTP/1.1" 404 15282 "-" "Mozilla/5.0 (Linux; Android 11; M2010J19SI) AppleWebKit/537.36 (KHTML, like Gecko) Chrome/109.0.0.0 Mobile Safari/537.36"
206.189.39.21 - - [31/Mar/2025:12:12:18 -0400] "GET /wp-aa.php HTTP/1.1" 404 15279 "-" "Mozilla/5.0 (Linux; Android 11; M2010J19SI) AppleWebKit/537.36 (KHTML, like Gecko) Chrome/109.0.0.0 Mobile Safari/537.36"
206.189.39.21 - - [31/Mar/2025:12:12:19 -0400] "GET /wp-content/themes/travelscape/json.php HTTP/1.1" 404 15300 "-" "Mozilla/5.0 (Linux; Android 11; M2010J19SI) AppleWebKit/537.36 (KHTML, like Gecko) Chrome/109.0.0.0 Mobile Safari/537.36"
206.189.39.21 - - [31/Mar/2025:12:12:20 -0400] "GET /wp-content/themes/travel/issue.php HTTP/1.1" 404 15298 "-" "Mozilla/5.0 (Linux; Android 11; M2010J19SI) AppleWebKit/537.36 (KHTML, like Gecko) Chrome/109.0.0.0 Mobile Safari/537.36"
206.189.39.21 - - [31/Mar/2025:12:12:22 -0400] "GET /about.php HTTP/1.1" 404 15282 "-" "Mozilla/5.0 (Linux; Android 11; M2010J19SI) AppleWebKit/537.36 (KHTML, like Gecko) Chrome/109.0.0.0 Mobile Safari/537.36"
206.189.39.21 - - [31/Mar/2025:12:12:23 -0400] "GET /xx.php HTTP/1.1" 404 15281 "-" "Mozilla/5.0 (Linux; Android 11; M2010J19SI) AppleWebKit/537.36 (KHTML, like Gecko) Chrome/109.0.0.0 Mobile Safari/537.36"
206.189.39.21 - - [31/Mar/2025:12:12:25 -0400] "GET /wp-content/themes/digital-download/new.php HTTP/1.1" 404 15303 "-" "Mozilla/5.0 (Linux; Android 11; M2010J19SI) AppleWebKit/537.36 (KHTML, like Gecko) Chrome/109.0.0.0 Mobile Safari/537.36"
206.189.39.21 - - [31/Mar/2025:12:12:26 -0400] "GET /epinyins.php HTTP/1.1" 404 15287 "-" "Mozilla/5.0 (Linux; Android 11; M2010J19SI) AppleWebKit/537.36 (KHTML, like Gecko) Chrome/109.0.0.0 Mobile Safari/537.36"
206.189.39.21 - - [31/Mar/2025:12:12:28 -0400] "GET /wp-admin/dropdown.php HTTP/1.1" 404 15286 "-" "Mozilla/5.0 (Linux; Android 11; M2010J19SI) AppleWebKit/537.36 (KHTML, like Gecko) Chrome/109.0.0.0 Mobile Safari/537.36"
206.189.39.21 - - [31/Mar/2025:12:12:30 -0400] "GET /dropdown.php HTTP/1.1" 404 15285 "-" "Mozilla/5.0 (Linux; Android 11; M2010J19SI) AppleWebKit/537.36 (KHTML, like Gecko) Chrome/109.0.0.0 Mobile Safari/537.36"
206.189.39.21 - - [31/Mar/2025:12:12:32 -0400] "GET /wp-admin/css/index.php HTTP/1.1" 301 0 "-" "Mozilla/5.0 (Linux; Android 11; M2010J19SI) AppleWebKit/537.36 (KHTML, like Gecko) Chrome/109.0.0.0 Mobile Safari/537.36"
206.189.39.21 - - [31/Mar/2025:12:12:32 -0400] "GET /wp-admin/css/ HTTP/1.1" 403 1242 "-" "Mozilla/5.0 (Linux; Android 11; M2010J19SI) AppleWebKit/537.36 (KHTML, like Gecko) Chrome/109.0.0.0 Mobile Safari/537.36"
206.189.39.21 - - [31/Mar/2025:12:12:33 -0400] "GET /wp-content/mah.php HTTP/1.1" 404 15285 "-" "Mozilla/5.0 (Linux; Android 11; M2010J19SI) AppleWebKit/537.36 (KHTML, like Gecko) Chrome/109.0.0.0 Mobile Safari/537.36"
206.189.39.21 - - [31/Mar/2025:12:12:34 -0400] "GET /wp-content/item.php HTTP/1.1" 404 15285 "-" "Mozilla/5.0 (Linux; Android 11; M2010J19SI) AppleWebKit/537.36 (KHTML, like Gecko) Chrome/109.0.0.0 Mobile Safari/537.36"
206.189.39.21 - - [31/Mar/2025:12:12:35 -0400] "GET /wp-content/plugins/shell/about.php HTTP/1.1" 404 15296 "-" "Mozilla/5.0 (Linux; Android 11; M2010J19SI) AppleWebKit/537.36 (KHTML, like Gecko) Chrome/109.0.0.0 Mobile Safari/537.36"
206.189.39.21 - - [31/Mar/2025:12:12:38 -0400] "GET /wp-content/plugins/pwnd/pwnd.php HTTP/1.1" 404 15294 "-" "Mozilla/5.0 (Linux; Android 11; M2010J19SI) AppleWebKit/537.36 (KHTML, like Gecko) Chrome/109.0.0.0 Mobile Safari/537.36"
198.54.114.83 - - [31/Mar/2025:12:12:40 -0400] "POST /wp-cron.php?doing_wp_cron=1743437559.7872509956359863281250 HTTP/1.1" 200 0 "-" "WordPress/6.7.2; https://creative-webstyle.com"
206.189.39.21 - - [31/Mar/2025:12:12:39 -0400] "GET /wp-content/plugins/fix/up.php HTTP/1.1" 404 15297 "-" "Mozilla/5.0 (Linux; Android 11; M2010J19SI) AppleWebKit/537.36 (KHTML, like Gecko) Chrome/109.0.0.0 Mobile Safari/537.36"
206.189.39.21 - - [31/Mar/2025:12:12:42 -0400] "GET /wp-content/plugins/ph-file-manager/wp-file.php HTTP/1.1" 404 15306 "-" "Mozilla/5.0 (Linux; Android 11; M2010J19SI) AppleWebKit/537.36 (KHTML, like Gecko) Chrome/109.0.0.0 Mobile Safari/537.36"
206.189.39.21 - - [31/Mar/2025:12:12:44 -0400] "GET /.well-known/pki-validation/wp-login.php HTTP/1.1" 404 1251 "-" "Mozilla/5.0 (Linux; Android 11; M2010J19SI) AppleWebKit/537.36 (KHTML, like Gecko) Chrome/109.0.0.0 Mobile Safari/537.36"
206.189.39.21 - - [31/Mar/2025:12:12:46 -0400] "GET /wp-content/plugins/root-file-manager/wp-file.php HTTP/1.1" 404 15308 "-" "Mozilla/5.0 (Linux; Android 11; M2010J19SI) AppleWebKit/537.36 (KHTML, like Gecko) Chrome/109.0.0.0 Mobile Safari/537.36"
198.54.114.83 - - [31/Mar/2025:12:12:50 -0400] "POST /wp-cron.php?doing_wp_cron=1743437569.9223690032958984375000 HTTP/1.1" 200 0 "-" "WordPress/6.7.2; https://creative-webstyle.com"
206.189.39.21 - - [31/Mar/2025:12:12:49 -0400] "GET /wp-content/plugins/wp-help/mini.php HTTP/1.1" 404 15300 "-" "Mozilla/5.0 (Linux; Android 11; M2010J19SI) AppleWebKit/537.36 (KHTML, like Gecko) Chrome/109.0.0.0 Mobile Safari/537.36"
206.189.39.21 - - [31/Mar/2025:12:12:53 -0400] "GET /wp-content/themes/travel/issue.php HTTP/1.1" 404 15298 "-" "Mozilla/5.0 (Linux; Android 11; M2010J19SI) AppleWebKit/537.36 (KHTML, like Gecko) Chrome/109.0.0.0 Mobile Safari/537.36"
206.189.39.21 - - [31/Mar/2025:12:12:54 -0400] "GET /wp-content/themes/jaida/lang.php HTTP/1.1" 404 15298 "-" "Mozilla/5.0 (Linux; Android 11; M2010J19SI) AppleWebKit/537.36 (KHTML, like Gecko) Chrome/109.0.0.0 Mobile Safari/537.36"
206.189.39.21 - - [31/Mar/2025:12:12:56 -0400] "GET /wp-l0gin.php HTTP/1.1" 404 15282 "-" "Mozilla/5.0 (Linux; Android 11; M2010J19SI) AppleWebKit/537.36 (KHTML, like Gecko) Chrome/109.0.0.0 Mobile Safari/537.36"
206.189.39.21 - - [31/Mar/2025:12:12:58 -0400] "GET /wp-content/plugins/index.php HTTP/1.1" 200 0 "-" "Mozilla/5.0 (Linux; Android 11; M2010J19SI) AppleWebKit/537.36 (KHTML, like Gecko) Chrome/109.0.0.0 Mobile Safari/537.36"
206.189.39.21 - - [31/Mar/2025:12:12:59 -0400] "GET /wp-content/plugins/index.php HTTP/1.1" 200 0 "-" "Mozilla/5.0 (Linux; Android 11; M2010J19SI) AppleWebKit/537.36 (KHTML, like Gecko) Chrome/109.0.0.0 Mobile Safari/537.36"
198.54.114.83 - - [31/Mar/2025:12:22:29 -0400] "POST /wp-cron.php?doing_wp_cron=1743438148.9705150127410888671875 HTTP/1.1" 200 0 "-" "WordPress/6.7.2; https://creative-webstyle.com"
196.251.69.226 - - [31/Mar/2025:12:22:27 -0400] "GET /thoms.php HTTP/1.1" 404 15283 "www.google.com" "Mozlila/5.0 (Linux; Android 7.0; SM-G892A Bulid/NRD90M; wv) AppleWebKit/537.36 (KHTML, like Gecko) Version/4.0 Chrome/60.0.3112.107 Moblie Safari/537.36"
135.235.152.140 - - [31/Mar/2025:12:27:36 -0400] "GET / HTTP/1.1" 200 98430 "-" "Mozilla/5.0 (Windows NT 10.0; Win64; x64) AppleWebKit/537.36 (KHTML, like Gecko) Chrome/80.0.3987.149 Safari/537.36"
135.235.152.140 - - [31/Mar/2025:12:27:36 -0400] "GET / HTTP/1.1" 200 98430 "-" "Mozilla/5.0 (Windows NT 10.0; Win64; x64) AppleWebKit/537.36 (KHTML, like Gecko) Chrome/80.0.3987.149 Safari/537.36"
198.54.114.83 - - [31/Mar/2025:12:27:38 -0400] "POST /wp-cron.php?doing_wp_cron=1743438457.9598929882049560546875 HTTP/1.1" 200 0 "-" "WordPress/6.7.2; https://creative-webstyle.com"
135.235.152.140 - - [31/Mar/2025:12:27:37 -0400] "GET /wp-includes/wlwmanifest.xml HTTP/1.1" 404 15292 "-" "Mozilla/5.0 (Windows NT 10.0; Win64; x64) AppleWebKit/537.36 (KHTML, like Gecko) Chrome/80.0.3987.149 Safari/537.36"
135.235.152.140 - - [31/Mar/2025:12:27:38 -0400] "GET /?author=1 HTTP/1.1" 200 98430 "-" "Mozilla/5.0 (Windows NT 10.0; Win64; x64) AppleWebKit/537.36 (KHTML, like Gecko) Chrome/80.0.3987.149 Safari/537.36"
135.235.152.140 - - [31/Mar/2025:12:27:39 -0400] "GET /?author=2 HTTP/1.1" 200 98430 "-" "Mozilla/5.0 (Windows NT 10.0; Win64; x64) AppleWebKit/537.36 (KHTML, like Gecko) Chrome/80.0.3987.149 Safari/537.36"
135.235.152.140 - - [31/Mar/2025:12:27:39 -0400] "GET /wp-json/wp/v2/users/ HTTP/1.1" 200 2069 "-" "Mozilla/5.0 (Windows NT 10.0; Win64; x64) AppleWebKit/537.36 (KHTML, like Gecko) Chrome/80.0.3987.149 Safari/537.36"
135.235.152.140 - - [31/Mar/2025:12:27:40 -0400] "POST /xmlrpc.php HTTP/1.1" 200 212 "-" "Mozilla/5.0 (Windows NT 10.0; Win64; x64) AppleWebKit/537.36 (KHTML, like Gecko) Chrome/80.0.3987.149 Safari/537.36"
135.235.152.140 - - [31/Mar/2025:12:27:41 -0400] "POST /xmlrpc.php HTTP/1.1" 200 236 "-" "Mozilla/5.0 (Windows NT 10.0; Win64; x64) AppleWebKit/537.36 (KHTML, like Gecko) Chrome/80.0.3987.149 Safari/537.36"
135.235.152.140 - - [31/Mar/2025:12:27:41 -0400] "POST /xmlrpc.php HTTP/1.1" 200 212 "-" "Mozilla/5.0 (Windows NT 10.0; Win64; x64) AppleWebKit/537.36 (KHTML, like Gecko) Chrome/80.0.3987.149 Safari/537.36"
135.235.152.140 - - [31/Mar/2025:12:27:42 -0400] "POST /xmlrpc.php HTTP/1.1" 200 236 "-" "Mozilla/5.0 (Windows NT 10.0; Win64; x64) AppleWebKit/537.36 (KHTML, like Gecko) Chrome/80.0.3987.149 Safari/537.36"
135.235.152.140 - - [31/Mar/2025:12:27:43 -0400] "POST /xmlrpc.php HTTP/1.1" 200 236 "-" "Mozilla/5.0 (Windows NT 10.0; Win64; x64) AppleWebKit/537.36 (KHTML, like Gecko) Chrome/80.0.3987.149 Safari/537.36"
198.54.114.83 - - [31/Mar/2025:12:27:45 -0400] "POST /wp-cron.php?doing_wp_cron=1743438465.3211109638214111328125 HTTP/1.1" 200 0 "-" "WordPress/6.7.2; https://creative-webstyle.com"
135.235.152.140 - - [31/Mar/2025:12:27:43 -0400] "POST /xmlrpc.php HTTP/1.1" 200 236 "-" "Mozilla/5.0 (Windows NT 10.0; Win64; x64) AppleWebKit/537.36 (KHTML, like Gecko) Chrome/80.0.3987.149 Safari/537.36"
37.139.53.46 - - [31/Mar/2025:12:29:13 -0400] "GET /hvac-systems-and-mold/ HTTP/1.1" 200 24056 "http://creative-webstyle.com/hvac-systems-and-mold/" "Mozilla/5.0 (Windows NT 10.0; Win64; x64) AppleWebKit/537.36 (KHTML, like Gecko) Chrome/131.0.0.0 Safari/537.36"
37.139.53.46 - - [31/Mar/2025:12:29:14 -0400] "POST /wp-comments-post.php HTTP/1.1" 302 0 "http://creative-webstyle.com/hvac-systems-and-mold/" "Mozilla/5.0 (Windows NT 10.0; Win64; x64) AppleWebKit/537.36 (KHTML, like Gecko) Chrome/131.0.0.0 Safari/537.36"
198.54.114.83 - - [31/Mar/2025:12:32:43 -0400] "POST /wp-cron.php?doing_wp_cron=1743438763.3628499507904052734375 HTTP/1.1" 200 0 "-" "WordPress/6.7.2; https://creative-webstyle.com"
196.251.69.226 - - [31/Mar/2025:12:32:42 -0400] "GET /simple.php HTTP/1.1" 404 15283 "www.google.com" "Mozlila/5.0 (Linux; Android 7.0; SM-G892A Bulid/NRD90M; wv) AppleWebKit/537.36 (KHTML, like Gecko) Version/4.0 Chrome/60.0.3112.107 Moblie Safari/537.36"
198.54.114.83 - - [31/Mar/2025:12:33:43 -0400] "POST /wp-cron.php?doing_wp_cron=1743438823.4291830062866210937500 HTTP/1.1" 200 0 "-" "WordPress/6.7.2; https://creative-webstyle.com"
196.251.69.226 - - [31/Mar/2025:12:33:43 -0400] "GET /inputs.php HTTP/1.1" 404 15283 "www.google.com" "Mozlila/5.0 (Linux; Android 7.0; SM-G892A Bulid/NRD90M; wv) AppleWebKit/537.36 (KHTML, like Gecko) Version/4.0 Chrome/60.0.3112.107 Moblie Safari/537.36"
216.244.66.194 - - [31/Mar/2025:12:35:03 -0400] "GET /2023/06/06/ HTTP/1.1" 301 0 "-" "Mozilla/5.0 (compatible; DotBot/1.2; +https://opensiteexplorer.org/dotbot; help@moz.com)"
185.68.108.147 - - [31/Mar/2025:12:36:02 -0400] "GET /hvac-systems-and-mold/ HTTP/1.1" 200 24056 "http://creative-webstyle.com/hvac-systems-and-mold/" "Mozilla/5.0 (Windows NT 10.0; Win64; x64) AppleWebKit/537.36 (KHTML, like Gecko) Chrome/130.0.0.0 Safari/537.36"
198.54.114.83 - - [31/Mar/2025:12:36:07 -0400] "POST /wp-cron.php?doing_wp_cron=1743438966.8562550544738769531250 HTTP/1.1" 200 0 "-" "WordPress/6.7.2; https://creative-webstyle.com"
185.68.108.147 - - [31/Mar/2025:12:36:06 -0400] "POST /wp-comments-post.php HTTP/1.1" 200 1166 "http://creative-webstyle.com/hvac-systems-and-mold/" "Mozilla/5.0 (Windows NT 10.0; Win64; x64) AppleWebKit/537.36 (KHTML, like Gecko) Chrome/130.0.0.0 Safari/537.36"
182.40.104.255 - - [31/Mar/2025:12:42:12 -0400] "GET / HTTP/1.1" 200 98430 "-" "Mozilla/5.0 (iPhone; CPU iPhone OS 13_2_3 like Mac OS X) AppleWebKit/605.1.15 (KHTML, like Gecko) Version/13.0.3 Mobile/15E148 Safari/604.1"
43.130.105.21 - - [31/Mar/2025:12:42:53 -0400] "GET / HTTP/1.1" 200 98430 "-" "Mozilla/5.0 (iPhone; CPU iPhone OS 13_2_3 like Mac OS X) AppleWebKit/605.1.15 (KHTML, like Gecko) Version/13.0.3 Mobile/15E148 Safari/604.1"
176.67.83.246 - - [31/Mar/2025:13:10:12 -0400] "GET /best-cbd-oil-for-sleep-uk/ HTTP/1.1" 200 21689 "http://creative-webstyle.com/best-cbd-oil-for-sleep-uk/" "Mozilla/5.0 (Windows NT 10.0; Win64; x64) AppleWebKit/537.36 (KHTML, like Gecko) Chrome/131.0.0.0 Safari/537.36 Avast/131.0.0.0"
176.67.83.246 - - [31/Mar/2025:13:10:13 -0400] "POST /wp-comments-post.php HTTP/1.1" 302 0 "http://creative-webstyle.com/best-cbd-oil-for-sleep-uk/" "Mozilla/5.0 (Windows NT 10.0; Win64; x64) AppleWebKit/537.36 (KHTML, like Gecko) Chrome/131.0.0.0 Safari/537.36 Avast/131.0.0.0"
198.54.114.83 - - [31/Mar/2025:13:16:13 -0400] "POST /wp-cron.php?doing_wp_cron=1743441373.2042169570922851562500 HTTP/1.1" 200 0 "-" "WordPress/6.7.2; https://creative-webstyle.com"
195.20.18.175 - - [31/Mar/2025:13:16:09 -0400] "GET /plugins/jquery-file-upload/server/php/index.php?file=tf2rghf.jpg HTTP/1.1" 301 0 "-" "ALittle Client"
198.54.114.83 - - [31/Mar/2025:13:17:34 -0400] "POST /wp-cron.php?doing_wp_cron=1743441454.1549940109252929687500 HTTP/1.1" 200 0 "-" "WordPress/6.7.2; https://creative-webstyle.com"
195.20.18.175 - - [31/Mar/2025:13:17:33 -0400] "GET /plugins/jquery-file-upload/server/php/?file=tf2rghf.jpg HTTP/1.1" 404 15317 "-" "ALittle Client"
198.54.114.83 - - [31/Mar/2025:13:30:16 -0400] "POST /wp-cron.php?doing_wp_cron=1743442215.6282858848571777343750 HTTP/1.1" 200 0 "-" "WordPress/6.7.2; https://creative-webstyle.com"
119.3.239.232 - - [31/Mar/2025:13:30:15 -0400] "GET /wp-login.php HTTP/1.1" 302 0 "-" "Mozilla/5.0 (X11; Fedora; Linux x86_64; rv:94.0) Gecko/20100101 Firefox/95.0"
119.3.239.232 - - [31/Mar/2025:13:30:21 -0400] "GET ///?author=1 HTTP/1.1" 200 98430 "-" "Mozilla/5.0 (X11; Fedora; Linux x86_64; rv:94.0) Gecko/20100101 Firefox/95.0"
198.54.114.83 - - [31/Mar/2025:13:30:51 -0400] "POST /wp-cron.php?doing_wp_cron=1743442251.2189779281616210937500 HTTP/1.1" 200 0 "-" "WordPress/6.7.2; https://creative-webstyle.com"
119.3.239.232 - - [31/Mar/2025:13:30:51 -0400] "GET ///wp-json/wp/v2/users/ HTTP/1.1" 200 2069 "-" "Mozilla/5.0 (X11; Fedora; Linux x86_64; rv:94.0) Gecko/20100101 Firefox/95.0"
43.135.133.241 - - [31/Mar/2025:13:40:36 -0400] "GET / HTTP/1.1" 200 98430 "-" "Mozilla/5.0 (iPhone; CPU iPhone OS 13_2_3 like Mac OS X) AppleWebKit/605.1.15 (KHTML, like Gecko) Version/13.0.3 Mobile/15E148 Safari/604.1"
84.247.181.144 - - [31/Mar/2025:13:46:33 -0400] "GET / HTTP/1.1" 200 98430 "-" "Mozilla/5.0 (Windows NT 10.0; Win64; x64) AppleWebKit/537.36 (KHTML, like Gecko) Chrome/95.0.4638.69 Safari/537.36"
84.247.181.144 - - [31/Mar/2025:13:46:33 -0400] "GET /wp-includes/ID3/license.txt HTTP/1.1" 200 501 "-" "Mozilla/5.0 (Windows NT 10.0; Win64; x64) AppleWebKit/537.36 (KHTML, like Gecko) Chrome/95.0.4638.69 Safari/537.36"
84.247.181.144 - - [31/Mar/2025:13:46:34 -0400] "GET /feed/ HTTP/1.1" 200 777681 "-" "Mozilla/5.0 (Windows NT 10.0; Win64; x64) AppleWebKit/537.36 (KHTML, like Gecko) Chrome/95.0.4638.69 Safari/537.36"
84.247.181.144 - - [31/Mar/2025:13:46:34 -0400] "GET /?author=1 HTTP/1.1" 200 98430 "-" "Mozilla/5.0 (Windows NT 10.0; Win64; x64) AppleWebKit/537.36 (KHTML, like Gecko) Chrome/95.0.4638.69 Safari/537.36"
84.247.181.144 - - [31/Mar/2025:13:46:35 -0400] "GET /wp-json/wp/v2/users/ HTTP/1.1" 200 2069 "-" "Mozilla/5.0 (Windows NT 10.0; Win64; x64) AppleWebKit/537.36 (KHTML, like Gecko) Chrome/95.0.4638.69 Safari/537.36"
84.247.181.144 - - [31/Mar/2025:13:46:36 -0400] "POST /xmlrpc.php HTTP/1.1" 200 236 "-" "Mozilla/5.0 (Windows NT 10.0; Win64; x64) AppleWebKit/537.36 (KHTML, like Gecko) Chrome/95.0.4638.69 Safari/537.36"
84.247.181.144 - - [31/Mar/2025:13:46:37 -0400] "POST /xmlrpc.php HTTP/1.1" 200 236 "-" "Mozilla/5.0 (Windows NT 10.0; Win64; x64) AppleWebKit/537.36 (KHTML, like Gecko) Chrome/95.0.4638.69 Safari/537.36"
84.247.181.144 - - [31/Mar/2025:13:46:38 -0400] "POST /xmlrpc.php HTTP/1.1" 200 236 "-" "Mozilla/5.0 (Windows NT 10.0; Win64; x64) AppleWebKit/537.36 (KHTML, like Gecko) Chrome/95.0.4638.69 Safari/537.36"
84.247.181.144 - - [31/Mar/2025:13:46:38 -0400] "POST /xmlrpc.php HTTP/1.1" 200 236 "-" "Mozilla/5.0 (Windows NT 10.0; Win64; x64) AppleWebKit/537.36 (KHTML, like Gecko) Chrome/95.0.4638.69 Safari/537.36"
198.54.114.83 - - [31/Mar/2025:13:46:39 -0400] "POST /wp-cron.php?doing_wp_cron=1743443199.4758889675140380859375 HTTP/1.1" 200 0 "-" "WordPress/6.7.2; https://creative-webstyle.com"
84.247.181.144 - - [31/Mar/2025:13:46:39 -0400] "POST /xmlrpc.php HTTP/1.1" 200 236 "-" "Mozilla/5.0 (Windows NT 10.0; Win64; x64) AppleWebKit/537.36 (KHTML, like Gecko) Chrome/95.0.4638.69 Safari/537.36"
84.247.181.144 - - [31/Mar/2025:13:46:40 -0400] "POST /xmlrpc.php HTTP/1.1" 200 236 "-" "Mozilla/5.0 (Windows NT 10.0; Win64; x64) AppleWebKit/537.36 (KHTML, like Gecko) Chrome/95.0.4638.69 Safari/537.36"
216.244.66.194 - - [31/Mar/2025:13:57:14 -0400] "GET /robots.txt HTTP/1.1" 304 0 "-" "Mozilla/5.0 (compatible; DotBot/1.2; +https://opensiteexplorer.org/dotbot; help@moz.com)"
51.222.253.20 - - [31/Mar/2025:14:01:28 -0400] "GET / HTTP/1.1" 200 98430 "-" "Mozilla/5.0 (compatible; AhrefsBot/7.0; +http://ahrefs.com/robot/)"
198.54.114.83 - - [31/Mar/2025:14:10:17 -0400] "POST /wp-cron.php?doing_wp_cron=1743444617.3253040313720703125000 HTTP/1.1" 200 0 "-" "WordPress/6.7.2; https://creative-webstyle.com"
216.244.66.194 - - [31/Mar/2025:14:10:17 -0400] "GET /bugatti-chiron-for-sale/feed/ HTTP/1.1" 200 428 "-" "Mozilla/5.0 (compatible; DotBot/1.2; +https://opensiteexplorer.org/dotbot; help@moz.com)"
213.136.81.226 - - [31/Mar/2025:14:10:34 -0400] "GET /wp-includes/ HTTP/1.1" 403 1242 "-" "Mozlila/5.0 (Linux; Android 7.0; SM-G892A Bulid/NRD90M; wv) AppleWebKit/537.36 (KHTML, like Gecko) Version/4.0 Chrome/60.0.3112.107 Moblie Safari/537.36"
213.136.81.226 - - [31/Mar/2025:14:10:34 -0400] "GET /wp-content/uploads/ HTTP/1.1" 403 1242 "-" "Mozlila/5.0 (Linux; Android 7.0; SM-G892A Bulid/NRD90M; wv) AppleWebKit/537.36 (KHTML, like Gecko) Version/4.0 Chrome/60.0.3112.107 Moblie Safari/537.36"
213.136.81.226 - - [31/Mar/2025:14:10:35 -0400] "GET /wp-content/plugins/ HTTP/1.1" 200 0 "-" "Mozlila/5.0 (Linux; Android 7.0; SM-G892A Bulid/NRD90M; wv) AppleWebKit/537.36 (KHTML, like Gecko) Version/4.0 Chrome/60.0.3112.107 Moblie Safari/537.36"
213.136.81.226 - - [31/Mar/2025:14:10:35 -0400] "GET /wp-admin/maint/ HTTP/1.1" 403 1242 "-" "Mozlila/5.0 (Linux; Android 7.0; SM-G892A Bulid/NRD90M; wv) AppleWebKit/537.36 (KHTML, like Gecko) Version/4.0 Chrome/60.0.3112.107 Moblie Safari/537.36"
213.136.81.226 - - [31/Mar/2025:14:10:36 -0400] "GET /wp-admin/includes/ HTTP/1.1" 403 1242 "-" "Mozlila/5.0 (Linux; Android 7.0; SM-G892A Bulid/NRD90M; wv) AppleWebKit/537.36 (KHTML, like Gecko) Version/4.0 Chrome/60.0.3112.107 Moblie Safari/537.36"
213.136.81.226 - - [31/Mar/2025:14:10:36 -0400] "GET /wp-includes/ID3/ HTTP/1.1" 403 1242 "-" "Mozlila/5.0 (Linux; Android 7.0; SM-G892A Bulid/NRD90M; wv) AppleWebKit/537.36 (KHTML, like Gecko) Version/4.0 Chrome/60.0.3112.107 Moblie Safari/537.36"
213.136.81.226 - - [31/Mar/2025:14:10:37 -0400] "GET /wp-includes/IXR/ HTTP/1.1" 403 1242 "-" "Mozlila/5.0 (Linux; Android 7.0; SM-G892A Bulid/NRD90M; wv) AppleWebKit/537.36 (KHTML, like Gecko) Version/4.0 Chrome/60.0.3112.107 Moblie Safari/537.36"
213.136.81.226 - - [31/Mar/2025:14:10:43 -0400] "GET /.well-known/ HTTP/1.1" 404 15285 "-" "Mozlila/5.0 (Linux; Android 7.0; SM-G892A Bulid/NRD90M; wv) AppleWebKit/537.36 (KHTML, like Gecko) Version/4.0 Chrome/60.0.3112.107 Moblie Safari/537.36"
213.136.81.226 - - [31/Mar/2025:14:10:45 -0400] "GET /images/ HTTP/1.1" 404 15280 "-" "Mozlila/5.0 (Linux; Android 7.0; SM-G892A Bulid/NRD90M; wv) AppleWebKit/537.36 (KHTML, like Gecko) Version/4.0 Chrome/60.0.3112.107 Moblie Safari/537.36"
213.136.81.226 - - [31/Mar/2025:14:10:47 -0400] "GET /assets/ HTTP/1.1" 404 15280 "-" "Mozlila/5.0 (Linux; Android 7.0; SM-G892A Bulid/NRD90M; wv) AppleWebKit/537.36 (KHTML, like Gecko) Version/4.0 Chrome/60.0.3112.107 Moblie Safari/537.36"
213.136.81.226 - - [31/Mar/2025:14:10:48 -0400] "GET /test/ HTTP/1.1" 404 15280 "-" "Mozlila/5.0 (Linux; Android 7.0; SM-G892A Bulid/NRD90M; wv) AppleWebKit/537.36 (KHTML, like Gecko) Version/4.0 Chrome/60.0.3112.107 Moblie Safari/537.36"
213.136.81.226 - - [31/Mar/2025:14:10:52 -0400] "GET /img/ HTTP/1.1" 404 15279 "-" "Mozlila/5.0 (Linux; Android 7.0; SM-G892A Bulid/NRD90M; wv) AppleWebKit/537.36 (KHTML, like Gecko) Version/4.0 Chrome/60.0.3112.107 Moblie Safari/537.36"
213.136.81.226 - - [31/Mar/2025:14:10:54 -0400] "GET /wp-content/mu-plugins/ HTTP/1.1" 404 15288 "-" "Mozlila/5.0 (Linux; Android 7.0; SM-G892A Bulid/NRD90M; wv) AppleWebKit/537.36 (KHTML, like Gecko) Version/4.0 Chrome/60.0.3112.107 Moblie Safari/537.36"
213.136.81.226 - - [31/Mar/2025:14:10:55 -0400] "GET /components/ HTTP/1.1" 404 15285 "-" "Mozlila/5.0 (Linux; Android 7.0; SM-G892A Bulid/NRD90M; wv) AppleWebKit/537.36 (KHTML, like Gecko) Version/4.0 Chrome/60.0.3112.107 Moblie Safari/537.36"
213.136.81.226 - - [31/Mar/2025:14:10:57 -0400] "GET /wp-includes/js/ HTTP/1.1" 403 1242 "-" "Mozlila/5.0 (Linux; Android 7.0; SM-G892A Bulid/NRD90M; wv) AppleWebKit/537.36 (KHTML, like Gecko) Version/4.0 Chrome/60.0.3112.107 Moblie Safari/537.36"
213.136.81.226 - - [31/Mar/2025:14:10:57 -0400] "GET /wp-admin/css/ HTTP/1.1" 403 1242 "-" "Mozlila/5.0 (Linux; Android 7.0; SM-G892A Bulid/NRD90M; wv) AppleWebKit/537.36 (KHTML, like Gecko) Version/4.0 Chrome/60.0.3112.107 Moblie Safari/537.36"
213.136.81.226 - - [31/Mar/2025:14:10:58 -0400] "GET /wp-content/ HTTP/1.1" 200 0 "-" "Mozlila/5.0 (Linux; Android 7.0; SM-G892A Bulid/NRD90M; wv) AppleWebKit/537.36 (KHTML, like Gecko) Version/4.0 Chrome/60.0.3112.107 Moblie Safari/537.36"
213.136.81.226 - - [31/Mar/2025:14:10:59 -0400] "GET /wp-content/themes/ HTTP/1.1" 200 0 "-" "Mozlila/5.0 (Linux; Android 7.0; SM-G892A Bulid/NRD90M; wv) AppleWebKit/537.36 (KHTML, like Gecko) Version/4.0 Chrome/60.0.3112.107 Moblie Safari/537.36"
213.136.81.226 - - [31/Mar/2025:14:11:00 -0400] "GET /wp-admin/ HTTP/1.1" 302 0 "-" "Mozlila/5.0 (Linux; Android 7.0; SM-G892A Bulid/NRD90M; wv) AppleWebKit/537.36 (KHTML, like Gecko) Version/4.0 Chrome/60.0.3112.107 Moblie Safari/537.36"
213.136.81.226 - - [31/Mar/2025:14:11:03 -0400] "GET /uploads/ HTTP/1.1" 404 15281 "-" "Mozlila/5.0 (Linux; Android 7.0; SM-G892A Bulid/NRD90M; wv) AppleWebKit/537.36 (KHTML, like Gecko) Version/4.0 Chrome/60.0.3112.107 Moblie Safari/537.36"
213.136.81.226 - - [31/Mar/2025:14:11:04 -0400] "GET /upload/ HTTP/1.1" 404 15280 "-" "Mozlila/5.0 (Linux; Android 7.0; SM-G892A Bulid/NRD90M; wv) AppleWebKit/537.36 (KHTML, like Gecko) Version/4.0 Chrome/60.0.3112.107 Moblie Safari/537.36"
213.136.81.226 - - [31/Mar/2025:14:11:05 -0400] "GET /home/ HTTP/1.1" 301 0 "-" "Mozlila/5.0 (Linux; Android 7.0; SM-G892A Bulid/NRD90M; wv) AppleWebKit/537.36 (KHTML, like Gecko) Version/4.0 Chrome/60.0.3112.107 Moblie Safari/537.36"
213.136.81.226 - - [31/Mar/2025:14:11:06 -0400] "GET /files/ HTTP/1.1" 404 15281 "-" "Mozlila/5.0 (Linux; Android 7.0; SM-G892A Bulid/NRD90M; wv) AppleWebKit/537.36 (KHTML, like Gecko) Version/4.0 Chrome/60.0.3112.107 Moblie Safari/537.36"
196.251.72.179 - - [31/Mar/2025:14:14:30 -0400] "GET //wp-content/plugins/fix/up.php HTTP/1.1" 301 0 "-" "Mozilla/5.0 (Windows NT 10.0; Win64; x64) AppleWebKit/537.36 (KHTML, like Gecko) Chrome/85.0.4183.102 Safari/537.36"
196.251.72.179 - - [31/Mar/2025:14:14:31 -0400] "GET /wp-content/plugins/fix/up.php HTTP/1.1" 404 15296 "-" "Mozilla/5.0 (Windows NT 10.0; Win64; x64) AppleWebKit/537.36 (KHTML, like Gecko) Chrome/85.0.4183.102 Safari/537.36"
108.59.12.3 - - [31/Mar/2025:14:25:42 -0400] "GET / HTTP/1.1" 200 98430 "http://creative-webstyle.com" "Mozilla/5.0 (Windows NT 10.0; WOW64) AppleWebKit/537.36 (KHTML, like Gecko) Chrome/45.0.2454.101 Safari/537.36"
167.99.85.33 - - [31/Mar/2025:14:36:27 -0400] "GET / HTTP/1.1" 200 98430 "-" "Mozilla/5.0 (compatible)"
198.54.114.83 - - [31/Mar/2025:14:36:44 -0400] "POST /wp-cron.php?doing_wp_cron=1743446203.8298308849334716796875 HTTP/1.1" 200 0 "-" "WordPress/6.7.2; https://creative-webstyle.com"
93.123.109.101 - - [31/Mar/2025:14:36:42 -0400] "GET /react/16.8.0/react.production.min.js HTTP/1.1" 404 15302 "-" "Mozilla/5.0 (Windows NT 10.0; Win64; x64) AppleWebKit/537.36 Chrome/121.0.0.0"
194.146.38.112 - - [31/Mar/2025:14:36:56 -0400] "GET / HTTP/1.1" 200 98430 "-" "python-requests/2.25.1"
194.146.38.112 - - [31/Mar/2025:14:36:57 -0400] "GET / HTTP/1.1" 200 98430 "-" "Mozilla/5.0 (Windows NT 6.2; WOW64) AppleWebKit/537.27 (KHTML, like Gecko) Chrome/26.0.1384.2 Safari/537.27"
216.244.66.194 - - [31/Mar/2025:14:41:56 -0400] "GET /robots.txt HTTP/1.1" 200 132 "-" "Mozilla/5.0 (compatible; DotBot/1.2; +https://opensiteexplorer.org/dotbot; help@moz.com)"
216.244.66.194 - - [31/Mar/2025:14:47:09 -0400] "GET /clearview-ai-has-new-tools-to-identify-you-in/ HTTP/1.1" 200 169977 "-" "Mozilla/5.0 (compatible; DotBot/1.2; +https://opensiteexplorer.org/dotbot; help@moz.com)"
216.244.66.194 - - [31/Mar/2025:14:49:18 -0400] "GET /2023/09/09/ HTTP/1.1" 301 0 "-" "Mozilla/5.0 (compatible; DotBot/1.2; +https://opensiteexplorer.org/dotbot; help@moz.com)"
204.8.96.164 - - [31/Mar/2025:14:56:37 -0400] "GET / HTTP/1.1" 200 98430 "http://creative-webstyle.com" "Mozilla/5.0 (Windows NT 6.2; Win64; x64) AppleWebKit/537.36 (KHTML, like Gecko) Chrome/32.0.1667.0 Safari/537.36"
181.214.107.99 - - [31/Mar/2025:15:09:49 -0400] "GET / HTTP/1.1" 200 98430 "-" "Mozilla/5.0 (Windows NT 10.0; Win64; x64) AppleWebKit/537.36 (KHTML, like Gecko) Chrome/58.0.3029.110 Safari/537.3"
216.244.66.194 - - [31/Mar/2025:15:28:27 -0400] "GET /robots.txt HTTP/1.1" 304 0 "-" "Mozilla/5.0 (compatible; DotBot/1.2; +https://opensiteexplorer.org/dotbot; help@moz.com)"
103.153.202.101 - - [31/Mar/2025:15:34:55 -0400] "GET /admin.php HTTP/1.1" 404 15283 "http://creative-webstyle.com/admin.php" "Mozilla/4.0 (compatible; MSIE 9.0; Windows NT 6.1)"
216.244.66.194 - - [31/Mar/2025:15:36:04 -0400] "GET /renovation-de-salle-de-bain-transformez-votre-espace/ HTTP/1.1" 200 22916 "-" "Mozilla/5.0 (compatible; DotBot/1.2; +https://opensiteexplorer.org/dotbot; help@moz.com)"
93.123.109.101 - - [31/Mar/2025:15:47:24 -0400] "GET /code/npm/@ali/lzd-h5-utils-logger/1.1.52/index.js HTTP/1.1" 404 15320 "-" "Mozilla/5.0 (Macintosh; Intel Mac OS X 10_15_7) AppleWebKit/537.36 Chrome/120.0.0.0"
106.213.80.65 - - [31/Mar/2025:16:01:07 -0400] "GET /contact-us/ HTTP/1.1" 404 15280 "-" "Mozilla/5.0 (Macintosh; Intel Mac OS X 12.5; rv:114.0) Gecko/20100101 Firefox/114.0"
106.213.80.65 - - [31/Mar/2025:16:01:22 -0400] "GET / HTTP/1.1" 200 98430 "-" "Mozilla/5.0 (Macintosh; Intel Mac OS X 12.5; rv:114.0) Gecko/20100101 Firefox/114.0"
106.213.80.65 - - [31/Mar/2025:16:01:23 -0400] "GET /'%20+%20item.url%20+%20' HTTP/1.1" 301 0 "http://creative-webstyle.com/" "Mozilla/5.0 (Macintosh; Intel Mac OS X 12.5; rv:114.0) Gecko/20100101 Firefox/114.0"
106.213.80.65 - - [31/Mar/2025:16:01:25 -0400] "GET /%20+%20item.url%20+%20 HTTP/1.1" 301 0 "http://creative-webstyle.com/'%20+%20item.url%20+%20'" "Mozilla/5.0 (Macintosh; Intel Mac OS X 12.5; rv:114.0) Gecko/20100101 Firefox/114.0"
106.213.80.65 - - [31/Mar/2025:16:01:28 -0400] "GET /%20+%20item.url%20+ HTTP/1.1" 404 15290 "http://creative-webstyle.com/%20+%20item.url%20+%20" "Mozilla/5.0 (Macintosh; Intel Mac OS X 12.5; rv:114.0) Gecko/20100101 Firefox/114.0"
65.21.113.242 - - [31/Mar/2025:16:02:52 -0400] "GET /robots.txt HTTP/1.1" 304 0 "-" "Mozilla/5.0 (compatible; AwarioBot/1.0; +https://awario.com/bots.html)"
65.21.113.242 - - [31/Mar/2025:16:02:53 -0400] "GET / HTTP/1.1" 200 98430 "-" "Mozilla/5.0 (compatible; AwarioBot/1.0; +https://awario.com/bots.html)"
173.245.207.242 - - [31/Mar/2025:16:26:57 -0400] "GET /best-cbd-oil-for-sleep-uk/ HTTP/1.1" 200 21689 "http://creative-webstyle.com/best-cbd-oil-for-sleep-uk/" "Mozilla/5.0 (Windows NT 10.0; Win64; x64) AppleWebKit/537.36 (KHTML, like Gecko) Chrome/130.0.0.0 Safari/537.36"
173.245.207.242 - - [31/Mar/2025:16:26:58 -0400] "POST /wp-comments-post.php HTTP/1.1" 302 0 "http://creative-webstyle.com/best-cbd-oil-for-sleep-uk/" "Mozilla/5.0 (Windows NT 10.0; Win64; x64) AppleWebKit/537.36 (KHTML, like Gecko) Chrome/130.0.0.0 Safari/537.36"
216.244.66.194 - - [31/Mar/2025:16:30:14 -0400] "GET /agriturismo-piscina-lago-di-garda/feed/ HTTP/1.1" 200 432 "-" "Mozilla/5.0 (compatible; DotBot/1.2; +https://opensiteexplorer.org/dotbot; help@moz.com)"
20.10.164.99 - - [31/Mar/2025:16:30:14 -0400] "GET /wp-content/plugins/hellopress/wp_filemanager.php HTTP/1.1" 404 15309 "-" "-"
20.10.164.99 - - [31/Mar/2025:16:30:17 -0400] "GET /wp-includes/Text/network.php HTTP/1.1" 404 15295 "-" "-"
20.10.164.99 - - [31/Mar/2025:16:30:18 -0400] "GET /wp-content/upgrade-temp-backup/wp-login.php HTTP/1.1" 404 15307 "-" "-"
20.10.164.99 - - [31/Mar/2025:16:30:19 -0400] "GET /js/fm.php HTTP/1.1" 404 15285 "-" "-"
20.10.164.99 - - [31/Mar/2025:16:30:20 -0400] "GET /wp-content/themes/astra/inc/ki1k.php HTTP/1.1" 404 15303 "-" "-"
20.10.164.99 - - [31/Mar/2025:16:30:21 -0400] "GET /WordPress/wp-admin/includes/zmFM.php HTTP/1.1" 404 15295 "-" "-"
20.10.164.99 - - [31/Mar/2025:16:30:22 -0400] "GET /default.php HTTP/1.1" 404 15286 "-" "-"
20.10.164.99 - - [31/Mar/2025:16:30:22 -0400] "GET /ty.php HTTP/1.1" 404 15282 "-" "-"
20.10.164.99 - - [31/Mar/2025:16:30:23 -0400] "GET /wp-content/themes/cay-van-phong/filemanager.php HTTP/1.1" 404 15309 "-" "-"
20.10.164.99 - - [31/Mar/2025:16:30:24 -0400] "GET /fm.php HTTP/1.1" 404 15282 "-" "-"
20.10.164.99 - - [31/Mar/2025:16:30:24 -0400] "GET /wp-content/plugins/seoplugins/index.php HTTP/1.1" 301 0 "-" "-"
20.10.164.99 - - [31/Mar/2025:16:30:25 -0400] "GET /wp-content/plugins/seoplugins/ HTTP/1.1" 404 15290 "-" "-"
20.10.164.99 - - [31/Mar/2025:16:30:25 -0400] "GET /ini.php HTTP/1.1" 404 15282 "-" "-"
20.10.164.99 - - [31/Mar/2025:16:30:26 -0400] "GET /libraries/legacy/info.php HTTP/1.1" 404 15298 "-" "-"
20.10.164.99 - - [31/Mar/2025:16:30:27 -0400] "GET /wp-content/themes/include.php HTTP/1.1" 404 15292 "-" "-"
20.10.164.99 - - [31/Mar/2025:16:30:28 -0400] "GET /wp-admin/network/about.php HTTP/1.1" 302 0 "-" "-"
20.10.164.99 - - [31/Mar/2025:16:30:30 -0400] "GET /alfa.php HTTP/1.1" 404 15282 "-" "-"
20.10.164.99 - - [31/Mar/2025:16:30:31 -0400] "GET /wp-mail.php/wp-includes/ID3/rk2.php HTTP/1.1" 403 1123 "-" "-"
20.10.164.99 - - [31/Mar/2025:16:30:31 -0400] "GET /assets/images/28c5400b0b.php HTTP/1.1" 404 15294 "-" "-"
20.10.164.99 - - [31/Mar/2025:16:30:32 -0400] "GET /wordpress/wp-includes/wp-config-sample.php HTTP/1.1" 404 15300 "-" "-"
20.10.164.99 - - [31/Mar/2025:16:30:33 -0400] "GET /wp-mail.php/wp-includes/ID3/.info.php HTTP/1.1" 403 1123 "-" "-"
20.10.164.99 - - [31/Mar/2025:16:30:33 -0400] "GET /wp-includes/Text/Diff/Engine/about.php HTTP/1.1" 404 15302 "-" "-"
20.10.164.99 - - [31/Mar/2025:16:30:34 -0400] "GET /wp-includes/js/tinymce/skins/lightgray/img/about.php HTTP/1.1" 404 15315 "-" "-"
20.10.164.99 - - [31/Mar/2025:16:30:35 -0400] "GET /wp-includes/block-supports/autoload_classmap.php HTTP/1.1" 404 15307 "-" "-"
20.10.164.99 - - [31/Mar/2025:16:30:36 -0400] "GET /wp-content/uploads/classwithtostring.php HTTP/1.1" 404 15303 "-" "-"
20.10.164.99 - - [31/Mar/2025:16:30:38 -0400] "GET /wp-admin/images/install.php HTTP/1.1" 404 15290 "-" "-"
20.10.164.99 - - [31/Mar/2025:16:30:39 -0400] "GET /.well-known/link.php HTTP/1.1" 404 15293 "-" "-"
20.10.164.99 - - [31/Mar/2025:16:30:40 -0400] "GET /wp-admin/chosen.php HTTP/1.1" 404 15285 "-" "-"
216.244.66.194 - - [31/Mar/2025:16:30:40 -0400] "GET /unveiling-the-potential-of-fenbendazole-in-cancer-treatment/feed/ HTTP/1.1" 200 461 "-" "Mozilla/5.0 (compatible; DotBot/1.2; +https://opensiteexplorer.org/dotbot; help@moz.com)"
20.10.164.99 - - [31/Mar/2025:16:30:41 -0400] "GET /info.php HTTP/1.1" 404 15283 "-" "-"
20.10.164.99 - - [31/Mar/2025:16:30:42 -0400] "GET /wp-includes/assets/about.php HTTP/1.1" 404 15291 "-" "-"
20.10.164.99 - - [31/Mar/2025:16:30:43 -0400] "GET /test.php HTTP/1.1" 404 15283 "-" "-"
20.10.164.99 - - [31/Mar/2025:16:30:44 -0400] "GET /wp-admin/css/colors/ectoplasm/wp-login.php HTTP/1.1" 404 15302 "-" "-"
20.10.164.99 - - [31/Mar/2025:16:30:45 -0400] "GET /Assets/item.php HTTP/1.1" 404 15288 "-" "-"
20.10.164.99 - - [31/Mar/2025:16:30:46 -0400] "GET /shop/lock.php HTTP/1.1" 404 15288 "-" "-"
20.10.164.99 - - [31/Mar/2025:16:30:47 -0400] "GET /th/plugins/phpThumb/404.php HTTP/1.1" 404 15306 "-" "-"
