140.245.43.10 - - [01/Apr/2025:05:19:22 -0400] "GET /cgi-bin/moon.php HTTP/1.1" 404 15291 "http://creative-webstyle.com//cgi-bin/moon.php" "Go-http-client/1.1"
140.245.43.10 - - [01/Apr/2025:05:19:24 -0400] "GET //wp-admin/user/moon.php HTTP/1.1" 301 0 "-" "Go-http-client/1.1"
140.245.43.10 - - [01/Apr/2025:05:19:25 -0400] "GET /wp-admin/user/moon.php HTTP/1.1" 404 15289 "http://creative-webstyle.com//wp-admin/user/moon.php" "Go-http-client/1.1"
140.245.43.10 - - [01/Apr/2025:05:19:27 -0400] "GET //wp-content/upgrade/moon.php HTTP/1.1" 301 0 "-" "Go-http-client/1.1"
140.245.43.10 - - [01/Apr/2025:05:19:28 -0400] "GET /wp-content/upgrade/moon.php HTTP/1.1" 404 15296 "http://creative-webstyle.com//wp-content/upgrade/moon.php" "Go-http-client/1.1"
140.245.43.10 - - [01/Apr/2025:05:19:29 -0400] "GET //wp-admin/js/widgets/moon.php HTTP/1.1" 301 0 "-" "Go-http-client/1.1"
140.245.43.10 - - [01/Apr/2025:05:19:29 -0400] "GET /wp-admin/js/widgets/moon.php HTTP/1.1" 404 15294 "http://creative-webstyle.com//wp-admin/js/widgets/moon.php" "Go-http-client/1.1"
140.245.43.10 - - [01/Apr/2025:05:19:31 -0400] "GET //wp-admin/maint/moon.php HTTP/1.1" 301 0 "-" "Go-http-client/1.1"
140.245.43.10 - - [01/Apr/2025:05:19:32 -0400] "GET /wp-admin/maint/moon.php HTTP/1.1" 404 15291 "http://creative-webstyle.com//wp-admin/maint/moon.php" "Go-http-client/1.1"
140.245.43.10 - - [01/Apr/2025:05:19:35 -0400] "GET //wp-includes/ID3/moon.php HTTP/1.1" 301 0 "-" "Go-http-client/1.1"
140.245.43.10 - - [01/Apr/2025:05:19:36 -0400] "GET /wp-includes/ID3/moon.php HTTP/1.1" 404 15295 "http://creative-webstyle.com//wp-includes/ID3/moon.php" "Go-http-client/1.1"
140.245.43.10 - - [01/Apr/2025:05:19:38 -0400] "GET //wp-includes/certificates/moon.php HTTP/1.1" 301 0 "-" "Go-http-client/1.1"
198.54.114.83 - - [01/Apr/2025:05:19:40 -0400] "POST /wp-cron.php?doing_wp_cron=1743499180.0435459613800048828125 HTTP/1.1" 200 0 "-" "WordPress/6.7.2; https://creative-webstyle.com"
140.245.43.10 - - [01/Apr/2025:05:19:39 -0400] "GET /wp-includes/certificates/moon.php HTTP/1.1" 404 15301 "http://creative-webstyle.com//wp-includes/certificates/moon.php" "Go-http-client/1.1"
140.245.43.10 - - [01/Apr/2025:05:19:43 -0400] "GET //wp-admin/includes/moon.php HTTP/1.1" 301 0 "-" "Go-http-client/1.1"
140.245.43.10 - - [01/Apr/2025:05:19:44 -0400] "GET /wp-admin/includes/moon.php HTTP/1.1" 404 15290 "http://creative-webstyle.com//wp-admin/includes/moon.php" "Go-http-client/1.1"
140.245.43.10 - - [01/Apr/2025:05:19:48 -0400] "GET //wp-includes/IXR/moon.php HTTP/1.1" 301 0 "-" "Go-http-client/1.1"
198.54.114.83 - - [01/Apr/2025:05:19:51 -0400] "POST /wp-cron.php?doing_wp_cron=1743499190.8981359004974365234375 HTTP/1.1" 200 0 "-" "WordPress/6.7.2; https://creative-webstyle.com"
140.245.43.10 - - [01/Apr/2025:05:19:50 -0400] "GET /wp-includes/IXR/moon.php HTTP/1.1" 404 15296 "http://creative-webstyle.com//wp-includes/IXR/moon.php" "Go-http-client/1.1"
140.245.43.10 - - [01/Apr/2025:05:19:53 -0400] "GET //cjfuns.php HTTP/1.1" 301 0 "-" "Go-http-client/1.1"
140.245.43.10 - - [01/Apr/2025:05:19:55 -0400] "GET /cjfuns.php HTTP/1.1" 404 15287 "http://creative-webstyle.com//cjfuns.php" "Go-http-client/1.1"
140.245.43.10 - - [01/Apr/2025:05:19:58 -0400] "GET //classfuns.php HTTP/1.1" 301 0 "-" "Go-http-client/1.1"
140.245.43.10 - - [01/Apr/2025:05:20:00 -0400] "GET /classfuns.php HTTP/1.1" 404 15287 "http://creative-webstyle.com//classfuns.php" "Go-http-client/1.1"
140.245.43.10 - - [01/Apr/2025:05:20:02 -0400] "GET //tempfuns.php HTTP/1.1" 301 0 "-" "Go-http-client/1.1"
140.245.43.10 - - [01/Apr/2025:05:20:07 -0400] "GET /tempfuns.php HTTP/1.1" 404 15289 "http://creative-webstyle.com//tempfuns.php" "Go-http-client/1.1"
140.245.43.10 - - [01/Apr/2025:05:20:12 -0400] "GET //adminfuns.php HTTP/1.1" 301 0 "-" "Go-http-client/1.1"
140.245.43.10 - - [01/Apr/2025:05:20:14 -0400] "GET /adminfuns.php HTTP/1.1" 404 15289 "http://creative-webstyle.com//adminfuns.php" "Go-http-client/1.1"
140.245.43.10 - - [01/Apr/2025:05:20:18 -0400] "GET //nf_tracking.php HTTP/1.1" 301 0 "-" "Go-http-client/1.1"
140.245.43.10 - - [01/Apr/2025:05:20:21 -0400] "GET /nf_tracking.php HTTP/1.1" 404 15291 "http://creative-webstyle.com//nf_tracking.php#password" "Go-http-client/1.1"
140.245.43.10 - - [01/Apr/2025:05:20:25 -0400] "GET //wp-content/wso.php HTTP/1.1" 301 0 "-" "Go-http-client/1.1"
140.245.43.10 - - [01/Apr/2025:05:20:27 -0400] "GET /wp-content/wso.php HTTP/1.1" 404 15288 "http://creative-webstyle.com//wp-content/wso.php#UEjlZcWL%23UEjlZcWL" "Go-http-client/1.1"
140.245.43.10 - - [01/Apr/2025:05:20:29 -0400] "GET //wp-includes/wso.php HTTP/1.1" 301 0 "-" "Go-http-client/1.1"
140.245.43.10 - - [01/Apr/2025:05:20:30 -0400] "GET /wp-includes/wso.php HTTP/1.1" 404 15289 "http://creative-webstyle.com//wp-includes/wso.php#UEjlZcWL%23UEjlZcWL" "Go-http-client/1.1"
140.245.43.10 - - [01/Apr/2025:05:20:33 -0400] "GET //wso.php HTTP/1.1" 301 0 "-" "Go-http-client/1.1"
140.245.43.10 - - [01/Apr/2025:05:20:35 -0400] "GET /wso.php HTTP/1.1" 404 15283 "http://creative-webstyle.com//wso.php#UEjlZcWL" "Go-http-client/1.1"
140.245.43.10 - - [01/Apr/2025:05:20:37 -0400] "GET //wp-content/uploads/wp-apxupx.php?apx=upx HTTP/1.1" 301 0 "-" "Go-http-client/1.1"
198.54.114.83 - - [01/Apr/2025:05:20:41 -0400] "POST /wp-cron.php?doing_wp_cron=1743499239.8661398887634277343750 HTTP/1.1" 200 0 "-" "WordPress/6.7.2; https://creative-webstyle.com"
140.245.43.10 - - [01/Apr/2025:05:20:39 -0400] "GET /wp-content/uploads/wp-apxupx.php?apx=upx HTTP/1.1" 404 15305 "http://creative-webstyle.com//wp-content/uploads/wp-apxupx.php?apx=upx" "Go-http-client/1.1"
140.245.43.10 - - [01/Apr/2025:05:20:42 -0400] "GET //wp-content/upgrade/class_api.php HTTP/1.1" 301 0 "-" "Go-http-client/1.1"
140.245.43.10 - - [01/Apr/2025:05:20:44 -0400] "GET /wp-content/upgrade/class_api.php HTTP/1.1" 404 15301 "http://creative-webstyle.com//wp-content/upgrade/class_api.php" "Go-http-client/1.1"
140.245.43.10 - - [01/Apr/2025:05:20:46 -0400] "GET //cgi-bin/sgd.php HTTP/1.1" 301 0 "-" "Go-http-client/1.1"
140.245.43.10 - - [01/Apr/2025:05:20:47 -0400] "GET /cgi-bin/sgd.php HTTP/1.1" 404 15290 "http://creative-webstyle.com//cgi-bin/sgd.php" "Go-http-client/1.1"
140.245.43.10 - - [01/Apr/2025:05:20:51 -0400] "GET //wp-admin/js/widgets/sgd.php HTTP/1.1" 301 0 "-" "Go-http-client/1.1"
140.245.43.10 - - [01/Apr/2025:05:20:54 -0400] "GET /wp-admin/js/widgets/sgd.php HTTP/1.1" 404 15293 "http://creative-webstyle.com//wp-admin/js/widgets/sgd.php#fg123" "Go-http-client/1.1"
140.245.43.10 - - [01/Apr/2025:05:20:59 -0400] "GET //wp-apxupx.php?apx=upx HTTP/1.1" 301 0 "-" "Go-http-client/1.1"
140.245.43.10 - - [01/Apr/2025:05:21:01 -0400] "GET /wp-apxupx.php?apx=upx HTTP/1.1" 404 15291 "http://creative-webstyle.com//wp-apxupx.php?apx=upx" "Go-http-client/1.1"
140.245.43.10 - - [01/Apr/2025:05:21:03 -0400] "GET //wp-includes/IXR/class.api.php HTTP/1.1" 301 0 "-" "Go-http-client/1.1"
140.245.43.10 - - [01/Apr/2025:05:21:05 -0400] "GET /wp-includes/IXR/class.api.php HTTP/1.1" 404 15300 "http://creative-webstyle.com//wp-includes/IXR/class.api.php" "Go-http-client/1.1"
140.245.43.10 - - [01/Apr/2025:05:21:07 -0400] "GET //wp-content/languages/class_api.php HTTP/1.1" 301 0 "-" "Go-http-client/1.1"
140.245.43.10 - - [01/Apr/2025:05:21:10 -0400] "GET /wp-content/languages/class_api.php HTTP/1.1" 404 15303 "http://creative-webstyle.com//wp-content/languages/class_api.php" "Go-http-client/1.1"
140.245.43.10 - - [01/Apr/2025:05:21:12 -0400] "GET //class_api.php HTTP/1.1" 301 0 "-" "Go-http-client/1.1"
140.245.43.10 - - [01/Apr/2025:05:21:13 -0400] "GET /class_api.php HTTP/1.1" 404 15288 "http://creative-webstyle.com//class_api.php" "Go-http-client/1.1"
140.245.43.10 - - [01/Apr/2025:05:21:13 -0400] "GET //.well-known/acme-challenge/class_api.php HTTP/1.1" 301 0 "-" "Go-http-client/1.1"
140.245.43.10 - - [01/Apr/2025:05:21:14 -0400] "GET /.well-known/acme-challenge/class_api.php HTTP/1.1" 404 15312 "http://creative-webstyle.com//.well-known/acme-challenge/class_api.php" "Go-http-client/1.1"
140.245.43.10 - - [01/Apr/2025:05:21:16 -0400] "GET //.tmb/mariju.php HTTP/1.1" 301 0 "-" "Go-http-client/1.1"
140.245.43.10 - - [01/Apr/2025:05:21:17 -0400] "GET /.tmb/mariju.php HTTP/1.1" 404 15291 "http://creative-webstyle.com//.tmb/mariju.php" "Go-http-client/1.1"
140.245.43.10 - - [01/Apr/2025:05:21:20 -0400] "GET //wp-content/languages/themes/class_api.php HTTP/1.1" 301 0 "-" "Go-http-client/1.1"
140.245.43.10 - - [01/Apr/2025:05:21:23 -0400] "GET /wp-content/languages/themes/class_api.php HTTP/1.1" 404 15306 "http://creative-webstyle.com//wp-content/languages/themes/class_api.php" "Go-http-client/1.1"
140.245.43.10 - - [01/Apr/2025:05:21:24 -0400] "GET //wp-admin/includes/class_api.php HTTP/1.1" 301 0 "-" "Go-http-client/1.1"
140.245.43.10 - - [01/Apr/2025:05:21:27 -0400] "GET /wp-admin/includes/class_api.php HTTP/1.1" 404 15293 "http://creative-webstyle.com//wp-admin/includes/class_api.php" "Go-http-client/1.1"
140.245.43.10 - - [01/Apr/2025:05:21:31 -0400] "GET //wp-admin/js/widgets/class_api.php HTTP/1.1" 301 0 "-" "Go-http-client/1.1"
140.245.43.10 - - [01/Apr/2025:05:21:33 -0400] "GET /wp-admin/js/widgets/class_api.php HTTP/1.1" 404 15298 "http://creative-webstyle.com//wp-admin/js/widgets/class_api.php" "Go-http-client/1.1"
140.245.43.10 - - [01/Apr/2025:05:21:36 -0400] "GET //wp-admin/network/class_api.php HTTP/1.1" 301 0 "-" "Go-http-client/1.1"
140.245.43.10 - - [01/Apr/2025:05:21:39 -0400] "GET /wp-admin/network/class_api.php HTTP/1.1" 404 15297 "http://creative-webstyle.com//wp-admin/network/class_api.php" "Go-http-client/1.1"
198.54.114.83 - - [01/Apr/2025:05:21:41 -0400] "POST /wp-cron.php?doing_wp_cron=1743499301.7088620662689208984375 HTTP/1.1" 200 0 "-" "WordPress/6.7.2; https://creative-webstyle.com"
140.245.43.10 - - [01/Apr/2025:05:21:41 -0400] "GET //.tmb/class_api.php HTTP/1.1" 301 0 "-" "Go-http-client/1.1"
140.245.43.10 - - [01/Apr/2025:05:21:44 -0400] "GET /.tmb/class_api.php HTTP/1.1" 404 15294 "http://creative-webstyle.com//.tmb/class_api.php" "Go-http-client/1.1"
140.245.43.10 - - [01/Apr/2025:05:21:46 -0400] "GET //assets/class_api.php HTTP/1.1" 301 0 "-" "Go-http-client/1.1"
140.245.43.10 - - [01/Apr/2025:05:21:47 -0400] "GET /assets/class_api.php HTTP/1.1" 404 15292 "http://creative-webstyle.com//assets/class_api.php" "Go-http-client/1.1"
198.54.114.83 - - [01/Apr/2025:05:21:50 -0400] "POST /wp-cron.php?doing_wp_cron=1743499310.0935499668121337890625 HTTP/1.1" 200 0 "-" "WordPress/6.7.2; https://creative-webstyle.com"
140.245.43.10 - - [01/Apr/2025:05:21:49 -0400] "GET //common/css/class_api.php HTTP/1.1" 301 0 "-" "Go-http-client/1.1"
140.245.43.10 - - [01/Apr/2025:05:21:53 -0400] "GET /common/css/class_api.php HTTP/1.1" 404 15299 "http://creative-webstyle.com//common/css/class_api.php" "Go-http-client/1.1"
140.245.43.10 - - [01/Apr/2025:05:21:56 -0400] "GET //common/img/class_api.php HTTP/1.1" 301 0 "-" "Go-http-client/1.1"
140.245.43.10 - - [01/Apr/2025:05:21:58 -0400] "GET /common/img/class_api.php HTTP/1.1" 404 15297 "http://creative-webstyle.com//common/img/class_api.php" "Go-http-client/1.1"
140.245.43.10 - - [01/Apr/2025:05:22:03 -0400] "GET //.well-known/acme-challenge/mariju.php HTTP/1.1" 301 0 "-" "Go-http-client/1.1"
140.245.43.10 - - [01/Apr/2025:05:22:06 -0400] "GET /.well-known/acme-challenge/mariju.php HTTP/1.1" 404 15310 "http://creative-webstyle.com//.well-known/acme-challenge/mariju.php" "Go-http-client/1.1"
140.245.43.10 - - [01/Apr/2025:05:22:11 -0400] "GET //wp-admin/user/class_api.php HTTP/1.1" 301 0 "-" "Go-http-client/1.1"
140.245.43.10 - - [01/Apr/2025:05:22:12 -0400] "GET /wp-admin/user/class_api.php HTTP/1.1" 404 15293 "http://creative-webstyle.com//wp-admin/user/class_api.php" "Go-http-client/1.1"
140.245.43.10 - - [01/Apr/2025:05:22:17 -0400] "GET //wp-includes/rest-api/fields/cache/index.php HTTP/1.1" 301 0 "-" "Go-http-client/1.1"
140.245.43.10 - - [01/Apr/2025:05:22:20 -0400] "GET /wp-includes/rest-api/fields/cache/ HTTP/1.1" 404 15301 "http://creative-webstyle.com//wp-includes/rest-api/fields/cache/index.php" "Go-http-client/1.1"
140.245.43.10 - - [01/Apr/2025:05:22:26 -0400] "GET //wp-content/themes/travel/issue.php HTTP/1.1" 301 0 "-" "Go-http-client/1.1"
140.245.43.10 - - [01/Apr/2025:05:22:29 -0400] "GET /wp-content/themes/travel/issue.php HTTP/1.1" 404 15299 "http://creative-webstyle.com//wp-content/themes/travel/issue.php" "Go-http-client/1.1"
140.245.43.10 - - [01/Apr/2025:05:22:31 -0400] "GET //wp-includes/IXR/class_api.php HTTP/1.1" 301 0 "-" "Go-http-client/1.1"
140.245.43.10 - - [01/Apr/2025:05:22:34 -0400] "GET /wp-includes/IXR/class_api.php HTTP/1.1" 404 15301 "http://creative-webstyle.com//wp-includes/IXR/class_api.php" "Go-http-client/1.1"
140.245.43.10 - - [01/Apr/2025:05:22:35 -0400] "GET //wp-includes/Requests/class_api.php HTTP/1.1" 301 0 "-" "Go-http-client/1.1"
140.245.43.10 - - [01/Apr/2025:05:22:36 -0400] "GET /wp-includes/Requests/class_api.php HTTP/1.1" 404 15302 "http://creative-webstyle.com//wp-includes/Requests/class_api.php" "Go-http-client/1.1"
198.54.114.83 - - [01/Apr/2025:05:22:39 -0400] "POST /wp-cron.php?doing_wp_cron=1743499359.2713260650634765625000 HTTP/1.1" 200 0 "-" "WordPress/6.7.2; https://creative-webstyle.com"
140.245.43.10 - - [01/Apr/2025:05:22:38 -0400] "GET //wp-includes/random_compat/class_api.php HTTP/1.1" 301 0 "-" "Go-http-client/1.1"
140.245.43.10 - - [01/Apr/2025:05:22:40 -0400] "GET /wp-includes/random_compat/class_api.php HTTP/1.1" 404 15307 "http://creative-webstyle.com//wp-includes/random_compat/class_api.php" "Go-http-client/1.1"
140.245.43.10 - - [01/Apr/2025:05:22:42 -0400] "GET //wp-content/themes/hello-element/footer.php HTTP/1.1" 301 0 "-" "Go-http-client/1.1"
140.245.43.10 - - [01/Apr/2025:05:22:44 -0400] "GET /wp-content/themes/hello-element/footer.php HTTP/1.1" 404 15304 "http://creative-webstyle.com//wp-content/themes/hello-element/footer.php" "Go-http-client/1.1"
145.220.91.19 - - [01/Apr/2025:05:26:25 -0400] "GET / HTTP/1.1" 200 98430 "-" "Mozilla/5.0 (Macintosh; Intel Mac OS X 10.15; rv:122.0) Gecko/20100101 Firefox/122.0"
71.131.247.249 - - [01/Apr/2025:05:47:21 -0400] "GET / HTTP/1.1" 200 98430 "-" "Mozilla/5.0 (Windows NT 7_1_1; Win64; x64) AppleWebKit/600.44 (KHTML, like Gecko) Chrome/57.0.747 Safari/537.36"
71.131.247.249 - - [01/Apr/2025:05:47:27 -0400] "GET / HTTP/1.1" 200 98430 "-" "Mozilla/5.0 (Windows NT 7_0_1; Win64; x64) AppleWebKit/573.39 (KHTML, like Gecko) Chrome/100.0.1860 Safari/537.36"
71.131.247.249 - - [01/Apr/2025:05:48:31 -0400] "GET / HTTP/1.1" 200 98430 "-" "Mozilla/5.0 (Windows NT 9_1_2; Win64; x64) AppleWebKit/543.38 (KHTML, like Gecko) Chrome/61.0.2416 Safari/537.36"
71.131.247.249 - - [01/Apr/2025:05:49:06 -0400] "GET /sitemap.xml HTTP/1.1" 200 295 "-" "Go-http-client/1.1"
71.131.247.249 - - [01/Apr/2025:05:49:06 -0400] "GET /robots.txt HTTP/1.1" 304 0 "-" "Go-http-client/1.1"
8.28.7.20 - - [01/Apr/2025:05:52:14 -0400] "GET /ads.txt HTTP/1.1" 404 15285 "-" "PubMatic Crawler Bot"
8.28.7.20 - - [01/Apr/2025:05:52:19 -0400] "GET /ads.txt HTTP/1.1" 404 15285 "-" "Mozilla/5.0 (X11; Linux x86_64) AppleWebKit/537.36 (KHTML, like Gecko) Chrome/66.0.3359.139 Safari/537.36"
198.54.114.83 - - [01/Apr/2025:05:53:04 -0400] "POST /wp-cron.php?doing_wp_cron=1743501182.4797809123992919921875 HTTP/1.1" 200 0 "-" "WordPress/6.7.2; https://creative-webstyle.com"
196.251.85.197 - - [01/Apr/2025:05:53:01 -0400] "GET /system/storage/logs/error.txt HTTP/1.1" 404 15301 "-" "Mozilla/5.0 (compatible; Googlebot/2.1 +http://www.googlebot.com/bot.html)"
216.244.66.194 - - [01/Apr/2025:05:54:57 -0400] "GET /robots.txt HTTP/1.1" 304 0 "-" "Mozilla/5.0 (compatible; DotBot/1.2; +https://opensiteexplorer.org/dotbot; help@moz.com)"
198.54.114.83 - - [01/Apr/2025:06:01:17 -0400] "POST /wp-cron.php?doing_wp_cron=1743501676.9404420852661132812500 HTTP/1.1" 200 0 "-" "WordPress/6.7.2; https://creative-webstyle.com"
216.244.66.194 - - [01/Apr/2025:06:01:16 -0400] "GET /the-art-of-cashing-out-small-payments/ HTTP/1.1" 200 22424 "-" "Mozilla/5.0 (compatible; DotBot/1.2; +https://opensiteexplorer.org/dotbot; help@moz.com)"
198.54.114.83 - - [01/Apr/2025:07:04:33 -0400] "POST /wp-cron.php?doing_wp_cron=1743505473.0199038982391357421875 HTTP/1.1" 200 0 "-" "WordPress/6.7.2; https://creative-webstyle.com"
93.123.109.101 - - [01/Apr/2025:07:04:29 -0400] "GET /lzdmod/site-nav-pc/5.2.38/assets/logo-bar/index.js HTTP/1.1" 404 15321 "-" "Mozilla/5.0 (Macintosh; Intel Mac OS X 10_15_7) AppleWebKit/537.36 Chrome/120.0.0.0"
178.172.245.215 - - [01/Apr/2025:07:06:02 -0400] "GET / HTTP/1.1" 200 98430 "https://techlivenews.co.uk" "Mozilla/5.0 (compatible; Googlebot/2.1; +http://www.google.com/bot.html)"
36.226.210.76 - - [01/Apr/2025:07:09:23 -0400] "GET / HTTP/1.1" 200 98430 "https://morningsidenailbaratl.org/" "Mozilla/5.0 (compatible; Baiduspider/2.0; +http://www.baidu.com/search/spider.html)"
14.215.163.132 - - [01/Apr/2025:07:43:28 -0400] "GET / HTTP/1.1" 200 98430 "-" "Mozilla/5.0 (iPhone; CPU iPhone OS 13_2_3 like Mac OS X) AppleWebKit/605.1.15 (KHTML, like Gecko) Version/13.0.3 Mobile/15E148 Safari/604.1"
4.227.36.76 - - [01/Apr/2025:07:46:06 -0400] "GET /robots.txt HTTP/1.1" 200 132 "-" "Mozilla/5.0 AppleWebKit/537.36 (KHTML, like Gecko; compatible; GPTBot/1.2; +https://openai.com/gptbot)"
1.164.126.4 - - [01/Apr/2025:07:51:34 -0400] "GET / HTTP/1.1" 200 98430 "https://rdbrothers.in/projects/" "Mozilla/5.0 (compatible; Baiduspider/2.0; +http://www.baidu.com/search/spider.html)"
138.219.123.152 - - [01/Apr/2025:08:10:04 -0400] "GET / HTTP/1.1" 200 98430 "-" "python-requests/2.32.3"
198.54.114.83 - - [01/Apr/2025:08:21:59 -0400] "POST /wp-cron.php?doing_wp_cron=1743510118.8227930068969726562500 HTTP/1.1" 200 0 "-" "WordPress/6.7.2; https://creative-webstyle.com"
93.123.109.101 - - [01/Apr/2025:08:21:58 -0400] "GET /code/npm/@ali/lzd-h5-utils-cookie/1.2.10/index.js HTTP/1.1" 404 15322 "-" "Mozilla/5.0 (Macintosh; Intel Mac OS X 10_15_7) AppleWebKit/537.36 Chrome/120.0.0.0"
103.148.104.79 - - [01/Apr/2025:08:30:14 -0400] "GET / HTTP/1.1" 200 98430 "http://creative-webstyle.com" "Mozilla/4.0 (compatible; MSIE 9.0; Windows NT 6.1)"
185.132.53.12 - - [01/Apr/2025:08:35:24 -0400] "GET / HTTP/1.1" 200 98430 "http://creative-webstyle.com" "Mozilla/5.0 (Windows NT 6.1; WOW64; rv:35.0) Gecko/20100101 Firefox/35.0"
188.130.220.68 - - [01/Apr/2025:08:36:41 -0400] "GET /hvac-systems-and-mold/ HTTP/1.1" 200 24056 "http://creative-webstyle.com/hvac-systems-and-mold/" "Mozilla/5.0 (Windows NT 10.0; Win64; x64) AppleWebKit/537.36 (KHTML, like Gecko) Chrome/131.0.0.0 Safari/537.36"
185.220.101.69 - - [01/Apr/2025:08:47:35 -0400] "GET / HTTP/1.1" 200 98430 "http://creative-webstyle.com" "Mozilla/5.0 (Windows NT 10.0; WOW64) AppleWebKit/537.36 (KHTML, like Gecko) Chrome/91.0.4472.135 YaBrowser/21.6.2.854 Yowser/2.5 Safari/537.36"
178.20.55.182 - - [01/Apr/2025:08:54:59 -0400] "GET / HTTP/1.1" 200 98430 "http://creative-webstyle.com" "'Mozilla/5.0 (compatible; DuckDuckBot-Https/1.1; https://duckduckgo.com/duckduckbot)'"
216.244.66.194 - - [01/Apr/2025:08:55:20 -0400] "GET /robots.txt HTTP/1.1" 304 0 "-" "Mozilla/5.0 (compatible; DotBot/1.2; +https://opensiteexplorer.org/dotbot; help@moz.com)"
216.244.66.194 - - [01/Apr/2025:09:00:49 -0400] "GET / HTTP/1.1" 200 98430 "-" "Mozilla/5.0 (compatible; DotBot/1.2; +https://opensiteexplorer.org/dotbot; help@moz.com)"
196.251.80.22 - - [01/Apr/2025:09:06:00 -0400] "GET / HTTP/1.1" 200 98430 "-" "Mozlila/5.0 (Linux; Android 7.0; SM-G892A Bulid/NRD90M; wv) AppleWebKit/537.36 (KHTML, like Gecko) Version/4.0 Chrome/60.0.3112.107 Moblie Safari/537.36"
196.251.80.22 - - [01/Apr/2025:09:06:00 -0400] "POST /wp-plain.php HTTP/1.1" 404 15238 "www.google.com" "Mozilla/5.0 (Linux; Android 7.0; SM-G892A Bulid/NRD90M; wv) AppleWebKit/537.36 (KHTML, like Gecko) Version/4.0 Chrome/60.0.3112.107 Moblie Safari/537.36"
196.251.80.22 - - [01/Apr/2025:09:06:00 -0400] "GET /wp-content/themes/seotheme/db.php?u HTTP/1.1" 404 15300 "www.google.com" "Mozlila/5.0 (Linux; Android 7.0; SM-G892A Bulid/NRD90M; wv) AppleWebKit/537.36 (KHTML, like Gecko) Version/4.0 Chrome/60.0.3112.107 Moblie Safari/537.36"
196.251.80.22 - - [01/Apr/2025:09:06:00 -0400] "GET /wp-content/plugins/fix/up.php HTTP/1.1" 404 15299 "-" "Mozilla/5.0 (Windows NT 10.0; Win64; x64) AppleWebKit/537.36 (KHTML, like Gecko) Chrome/85.0.4183.102 Safari/537.36"
196.251.80.22 - - [01/Apr/2025:09:06:00 -0400] "POST /ALFA_DATA/alfacgiapi/perl.alfa HTTP/1.1" 404 15259 "www.google.com" "Mozlila/5.0 (Linux; Android 7.0; SM-G892A Bulid/NRD90M; wv) AppleWebKit/537.36 (KHTML, like Gecko) Version/4.0 Chrome/60.0.3112.107 Moblie Safari/537.36"
198.54.114.83 - - [01/Apr/2025:09:06:04 -0400] "POST /wp-cron.php?doing_wp_cron=1743512761.0202429294586181640625 HTTP/1.1" 200 0 "-" "WordPress/6.7.2; https://creative-webstyle.com"
198.54.114.83 - - [01/Apr/2025:09:06:04 -0400] "POST /wp-cron.php?doing_wp_cron=1743512761.0472490787506103515625 HTTP/1.1" 200 0 "-" "WordPress/6.7.2; https://creative-webstyle.com"
198.54.114.83 - - [01/Apr/2025:09:06:04 -0400] "POST /wp-cron.php?doing_wp_cron=1743512761.0308749675750732421875 HTTP/1.1" 200 0 "-" "WordPress/6.7.2; https://creative-webstyle.com"
198.54.114.83 - - [01/Apr/2025:09:06:04 -0400] "POST /wp-cron.php?doing_wp_cron=1743512761.0029520988464355468750 HTTP/1.1" 200 0 "-" "WordPress/6.7.2; https://creative-webstyle.com"
196.251.80.22 - - [01/Apr/2025:09:06:06 -0400] "GET /epfgphbp.php?Fox=d3wL7 HTTP/1.1" 404 15299 "www.google.com" "Mozilla/5.0 (Linux; Android 7.0; SM-G892A Bulid/NRD90M; wv) AppleWebKit/537.36 (KHTML, like Gecko) Version/4.0 Chrome/60.0.3112.107 Moblie Safari/537.36"
196.251.80.22 - - [01/Apr/2025:09:06:06 -0400] "POST /alfacgiapi/perl.alfa HTTP/1.1" 404 15246 "www.google.com" "Mozlila/5.0 (Linux; Android 7.0; SM-G892A Bulid/NRD90M; wv) AppleWebKit/537.36 (KHTML, like Gecko) Version/4.0 Chrome/60.0.3112.107 Moblie Safari/537.36"
198.54.114.83 - - [01/Apr/2025:09:30:31 -0400] "POST /wp-cron.php?doing_wp_cron=1743514230.7609980106353759765625 HTTP/1.1" 200 0 "-" "WordPress/6.7.2; https://creative-webstyle.com"
93.123.109.101 - - [01/Apr/2025:09:30:25 -0400] "GET /plugins/flow.js HTTP/1.1" 404 15290 "-" "Mozilla/5.0 (Windows NT 10.0; Win64; x64) AppleWebKit/537.36 Chrome/121.0.0.0"
114.119.149.71 - - [01/Apr/2025:09:44:50 -0400] "GET /robots.txt HTTP/1.1" 200 132 "-" "Mozilla/5.0 (compatible;PetalBot;+https://webmaster.petalsearch.com/site/petalbot)"
162.210.195.162 - - [01/Apr/2025:09:51:35 -0400] "GET /.env HTTP/1.1" 403 1242 "-" "python-requests/2.26.0"
162.210.195.162 - - [01/Apr/2025:09:51:36 -0400] "POST / HTTP/1.1" 200 98430 "-" "python-requests/2.26.0"
205.210.31.143 - - [01/Apr/2025:09:52:47 -0400] "GET / HTTP/1.1" 200 98430 "-" "Expanse, a Palo Alto Networks company, searches across the global IPv4 space multiple times per day to identify customers' presences on the Internet. If you would like to be excluded from our scans, please send IP addresses/domains to: scaninfo@paloaltonetworks.com"
51.222.253.20 - - [01/Apr/2025:10:03:41 -0400] "GET /robots.txt HTTP/1.1" 304 0 "-" "Mozilla/5.0 (compatible; AhrefsBot/7.0; +http://ahrefs.com/robot/)"
159.89.202.254 - - [01/Apr/2025:10:12:57 -0400] "GET / HTTP/1.1" 200 98430 "-" "Mozilla/5.0 (Windows NT 10.0; Win64; x64) AppleWebKit/537.36 (KHTML, like Gecko) Chrome/78.0.3904.108 Safari/537.36"
159.89.202.254 - - [01/Apr/2025:10:12:58 -0400] "GET / HTTP/1.1" 200 98430 "-" "Mozilla/5.0 (Windows NT 10.0; Win64; x64) AppleWebKit/537.36 (KHTML, like Gecko) Chrome/78.0.3904.108 Safari/537.36"
198.54.114.83 - - [01/Apr/2025:10:13:04 -0400] "POST /wp-cron.php?doing_wp_cron=1743516784.1054449081420898437500 HTTP/1.1" 200 0 "-" "WordPress/6.7.2; https://creative-webstyle.com"
159.89.202.254 - - [01/Apr/2025:10:12:59 -0400] "GET /wp-includes/wlwmanifest.xml HTTP/1.1" 404 15295 "-" "Mozilla/5.0 (Windows NT 10.0; Win64; x64) AppleWebKit/537.36 (KHTML, like Gecko) Chrome/78.0.3904.108 Safari/537.36"
159.89.202.254 - - [01/Apr/2025:10:13:07 -0400] "GET /?author=1 HTTP/1.1" 200 98430 "-" "Mozilla/5.0 (Windows NT 10.0; Win64; x64) AppleWebKit/537.36 (KHTML, like Gecko) Chrome/78.0.3904.108 Safari/537.36"
159.89.202.254 - - [01/Apr/2025:10:13:08 -0400] "GET /?author=2 HTTP/1.1" 200 98430 "-" "Mozilla/5.0 (Windows NT 10.0; Win64; x64) AppleWebKit/537.36 (KHTML, like Gecko) Chrome/78.0.3904.108 Safari/537.36"
159.89.202.254 - - [01/Apr/2025:10:13:08 -0400] "GET /wp-json/wp/v2/users/ HTTP/1.1" 200 2069 "-" "Mozilla/5.0 (Windows NT 10.0; Win64; x64) AppleWebKit/537.36 (KHTML, like Gecko) Chrome/78.0.3904.108 Safari/537.36"
159.89.202.254 - - [01/Apr/2025:10:13:10 -0400] "POST /xmlrpc.php HTTP/1.1" 200 236 "-" "Mozilla/5.0 (Windows NT 10.0; Win64; x64) AppleWebKit/537.36 (KHTML, like Gecko) Chrome/78.0.3904.108 Safari/537.36"
159.89.202.254 - - [01/Apr/2025:10:13:11 -0400] "POST /xmlrpc.php HTTP/1.1" 200 236 "-" "Mozilla/5.0 (Windows NT 10.0; Win64; x64) AppleWebKit/537.36 (KHTML, like Gecko) Chrome/78.0.3904.108 Safari/537.36"
159.89.202.254 - - [01/Apr/2025:10:13:11 -0400] "POST /xmlrpc.php HTTP/1.1" 200 236 "-" "Mozilla/5.0 (Windows NT 10.0; Win64; x64) AppleWebKit/537.36 (KHTML, like Gecko) Chrome/78.0.3904.108 Safari/537.36"
159.89.202.254 - - [01/Apr/2025:10:13:12 -0400] "POST /xmlrpc.php HTTP/1.1" 200 236 "-" "Mozilla/5.0 (Windows NT 10.0; Win64; x64) AppleWebKit/537.36 (KHTML, like Gecko) Chrome/78.0.3904.108 Safari/537.36"
159.89.202.254 - - [01/Apr/2025:10:13:12 -0400] "POST /xmlrpc.php HTTP/1.1" 200 236 "-" "Mozilla/5.0 (Windows NT 10.0; Win64; x64) AppleWebKit/537.36 (KHTML, like Gecko) Chrome/78.0.3904.108 Safari/537.36"
159.89.202.254 - - [01/Apr/2025:10:13:13 -0400] "POST /xmlrpc.php HTTP/1.1" 200 236 "-" "Mozilla/5.0 (Windows NT 10.0; Win64; x64) AppleWebKit/537.36 (KHTML, like Gecko) Chrome/78.0.3904.108 Safari/537.36"
198.54.114.83 - - [01/Apr/2025:10:13:58 -0400] "POST /wp-cron.php?doing_wp_cron=1743516838.6654129028320312500000 HTTP/1.1" 200 0 "-" "WordPress/6.7.2; https://creative-webstyle.com"
93.123.109.101 - - [01/Apr/2025:10:13:58 -0400] "GET /lzdmod/site-nav-pc/5.2.38/assets/download-app/index.js HTTP/1.1" 404 15323 "-" "Mozilla/5.0 (Windows NT 10.0; Win64; x64) AppleWebKit/537.36 Chrome/121.0.0.0"
103.153.202.101 - - [01/Apr/2025:10:19:54 -0400] "GET / HTTP/1.1" 200 98430 "http://creative-webstyle.com" "Mozilla/4.0 (compatible; MSIE 9.0; Windows NT 6.1)"
85.208.98.23 - - [01/Apr/2025:10:37:26 -0400] "GET /robots.txt HTTP/1.1" 304 0 "-" "Mozilla/5.0 (compatible; SemrushBot-BA; +http://www.semrush.com/bot.html)"
198.54.114.83 - - [01/Apr/2025:10:41:55 -0400] "POST /wp-cron.php?doing_wp_cron=1743518515.4136779308319091796875 HTTP/1.1" 200 0 "-" "WordPress/6.7.2; https://creative-webstyle.com"
194.38.23.16 - - [01/Apr/2025:10:41:51 -0400] "GET /plugins/html5-file-upload/html5fileupload.php HTTP/1.1" 404 15305 "-" "ALittle Client"
193.23.3.90 - - [01/Apr/2025:10:57:46 -0400] "GET /.env HTTP/1.1" 403 1242 "-" "python-requests/2.26.0"
193.23.3.90 - - [01/Apr/2025:10:57:46 -0400] "POST / HTTP/1.1" 200 98430 "-" "python-requests/2.26.0"
185.220.101.13 - - [01/Apr/2025:11:15:33 -0400] "GET / HTTP/1.1" 200 98430 "http://creative-webstyle.com" "Mozilla/5.0 (Windows; U; Windows NT 6.0; fr-FR) AppleWebKit/528.16 (KHTML, like Gecko) Version/4.0 Safari/528.16"
31.145.16.12 - - [01/Apr/2025:11:30:58 -0400] "GET /robots.txt HTTP/1.1" 200 132 "-" "Mozilla/5.0 AppleWebKit/537.36 (KHTML, like Gecko; compatible; PerplexityBot/1.0; +https://perplexity.ai/perplexitybot)"
198.54.114.83 - - [01/Apr/2025:11:39:13 -0400] "POST /wp-cron.php?doing_wp_cron=1743521952.4281489849090576171875 HTTP/1.1" 200 0 "-" "WordPress/6.7.2; https://creative-webstyle.com"
134.122.135.50 - - [01/Apr/2025:11:39:11 -0400] "GET /apps/admin/view/default/layui/css/layui.css HTTP/1.1" 404 15310 "http://creative-webstyle.com/apps/admin/view/default/layui/css/layui.css" "Mozilla/4.0 (compatible; MSIE 9.0; Windows NT 6.1)"
134.122.135.50 - - [01/Apr/2025:11:39:21 -0400] "GET /plus/img/df_dedetitle.gif HTTP/1.1" 404 15302 "http://creative-webstyle.com/plus/img/df_dedetitle.gif" "Mozilla/4.0 (compatible; MSIE 9.0; Windows NT 6.1)"
134.122.135.50 - - [01/Apr/2025:11:39:35 -0400] "GET /e/data/images/arrow.gif HTTP/1.1" 404 15298 "http://creative-webstyle.com/e/data/images/arrow.gif" "Mozilla/4.0 (compatible; MSIE 9.0; Windows NT 6.1)"
134.122.135.77 - - [01/Apr/2025:11:41:01 -0400] "GET /apps/admin/view/default/layui/css/layui.css HTTP/1.1" 404 15310 "http://creative-webstyle.com" "Mozilla/5.0 (Windows NT 10.0; Win64; x64) AppleWebKit/537.36 (KHTML, like Gecko) Chrome/128.0.0.0 Safari/537.36"
134.122.135.77 - - [01/Apr/2025:11:41:01 -0400] "GET /e/data/images/arrow.gif HTTP/1.1" 404 15298 "http://creative-webstyle.com" "Mozilla/5.0 (Windows NT 10.0; Win64; x64) AppleWebKit/537.36 (KHTML, like Gecko) Chrome/128.0.0.0 Safari/537.36"
134.122.135.77 - - [01/Apr/2025:11:41:01 -0400] "GET /include/ckeditor/images/addon.gif HTTP/1.1" 404 15303 "http://creative-webstyle.com" "Mozilla/5.0 (Windows NT 10.0; Win64; x64) AppleWebKit/537.36 (KHTML, like Gecko) Chrome/128.0.0.0 Safari/537.36"
134.122.135.77 - - [01/Apr/2025:11:41:01 -0400] "GET /public/plugins/Ueditor/dialogs/attachment/fileTypeImages/icon_psd.gif HTTP/1.1" 404 15338 "http://creative-webstyle.com" "Mozilla/5.0 (Windows NT 10.0; Win64; x64) AppleWebKit/537.36 (KHTML, like Gecko) Chrome/128.0.0.0 Safari/537.36"
134.122.133.12 - - [01/Apr/2025:11:45:24 -0400] "GET /xmlrpc.php HTTP/1.1" 200 0 "http://creative-webstyle.com" "AppleWebKit/534.46 (KHTML,like Gecko) Version/5.1 Mobile Safari/10600.6.3"
198.54.114.83 - - [01/Apr/2025:11:45:42 -0400] "POST /wp-cron.php?doing_wp_cron=1743522341.7565419673919677734375 HTTP/1.1" 200 0 "-" "WordPress/6.7.2; https://creative-webstyle.com"
134.122.133.12 - - [01/Apr/2025:11:48:44 -0400] "GET / HTTP/1.1" 200 98430 "http://creative-webstyle.com" "Mozilla/5.0 (compatible; Googlebot/2.1; +http://www.google.com/bot.html)"
45.84.107.54 - - [01/Apr/2025:11:50:10 -0400] "GET / HTTP/1.1" 200 98430 "http://creative-webstyle.com" "Mozilla/5.0 (Windows NT 6.3; Win64; x64) AppleWebKit/537.36 (KHTML, like Gecko) Chrome/88.0.4324.150 Safari/537.36"
198.54.114.83 - - [01/Apr/2025:11:50:44 -0400] "POST /wp-cron.php?doing_wp_cron=1743522642.2338659763336181640625 HTTP/1.1" 200 0 "-" "WordPress/6.7.2; https://creative-webstyle.com"
134.122.133.12 - - [01/Apr/2025:11:50:36 -0400] "GET /zb_system/image/common/user_1.png HTTP/1.1" 404 15306 "http://creative-webstyle.com" "Googlebot/2.1 (+http://www.googlebot.com/bot.html)"
134.122.133.12 - - [01/Apr/2025:11:50:49 -0400] "GET /include/ckeditor/images/addon.gif HTTP/1.1" 404 15303 "http://creative-webstyle.com" "AppleWebKit/534.46 (KHTML,like Gecko) Version/5.1 Mobile Safari/10600.6.3"
134.122.133.12 - - [01/Apr/2025:11:50:49 -0400] "GET /zb_users/avatar/0.png HTTP/1.1" 404 15297 "http://creative-webstyle.com" "Mozilla/5.0 (compatible; YodaoBot/1.0; http://www.yodao.com/help/webmaster/spider/\xa1\xb1; )"
134.122.133.12 - - [01/Apr/2025:11:50:51 -0400] "GET /images/loadinglit.gif HTTP/1.1" 404 15291 "http://creative-webstyle.com" "Mozilla/5.0 (compatible; Googlebot/2.1; +http://www.google.com/bot.html)"
23.235.185.18 - - [01/Apr/2025:11:51:08 -0400] "GET / HTTP/1.1" 200 98430 "-" "Mozilla/5.0"
198.54.114.83 - - [01/Apr/2025:11:51:46 -0400] "POST /wp-cron.php?doing_wp_cron=1743522705.8039920330047607421875 HTTP/1.1" 200 0 "-" "WordPress/6.7.2; https://creative-webstyle.com"
134.122.133.12 - - [01/Apr/2025:11:51:45 -0400] "GET /public/static/common/images/file.png HTTP/1.1" 404 15306 "http://creative-webstyle.com" "Mozilla/5.0 (compatible; Googlebot/2.1; +http://www.google.com/bot.html)"
198.54.114.83 - - [01/Apr/2025:11:51:51 -0400] "POST /wp-cron.php?doing_wp_cron=1743522710.9019129276275634765625 HTTP/1.1" 200 0 "-" "WordPress/6.7.2; https://creative-webstyle.com"
134.122.133.12 - - [01/Apr/2025:11:51:50 -0400] "GET /public/static/admin/images/ok.png HTTP/1.1" 404 15301 "http://creative-webstyle.com" "Sogou Push Spider/3.0(+http://www.sogou.com/docs/help/webmasters.htm#07\xa1\xe5)"
198.54.114.83 - - [01/Apr/2025:12:10:39 -0400] "POST /wp-cron.php?doing_wp_cron=1743523838.1001420021057128906250 HTTP/1.1" 200 0 "-" "WordPress/6.7.2; https://creative-webstyle.com"
93.123.109.101 - - [01/Apr/2025:12:10:34 -0400] "GET /lzdmod/back-to-third-party-app/5.0.2/m/button.js HTTP/1.1" 404 15319 "-" "Mozilla/5.0 (Macintosh; Intel Mac OS X 10_15_7) AppleWebKit/537.36 Chrome/120.0.0.0"
82.102.18.118 - - [01/Apr/2025:12:24:44 -0400] "GET / HTTP/1.1" 200 98430 "-" "Mozilla/5.0 (Windows NT 10.0; Win64; x64) AppleWebKit/537.36 (KHTML, like Gecko) Chrome/78.0.3904.108 Safari/537.36"
82.102.18.118 - - [01/Apr/2025:12:24:45 -0400] "GET / HTTP/1.1" 200 98430 "-" "Mozilla/5.0 (Windows NT 10.0; Win64; x64) AppleWebKit/537.36 (KHTML, like Gecko) Chrome/78.0.3904.108 Safari/537.36"
198.54.114.83 - - [01/Apr/2025:12:24:50 -0400] "POST /wp-cron.php?doing_wp_cron=1743524689.7778620719909667968750 HTTP/1.1" 200 0 "-" "WordPress/6.7.2; https://creative-webstyle.com"
82.102.18.118 - - [01/Apr/2025:12:24:46 -0400] "GET /wp-includes/wlwmanifest.xml HTTP/1.1" 404 15294 "-" "Mozilla/5.0 (Windows NT 10.0; Win64; x64) AppleWebKit/537.36 (KHTML, like Gecko) Chrome/78.0.3904.108 Safari/537.36"
82.102.18.118 - - [01/Apr/2025:12:24:51 -0400] "GET /?author=1 HTTP/1.1" 200 98430 "-" "Mozilla/5.0 (Windows NT 10.0; Win64; x64) AppleWebKit/537.36 (KHTML, like Gecko) Chrome/78.0.3904.108 Safari/537.36"
82.102.18.118 - - [01/Apr/2025:12:24:52 -0400] "GET /?author=2 HTTP/1.1" 200 98430 "-" "Mozilla/5.0 (Windows NT 10.0; Win64; x64) AppleWebKit/537.36 (KHTML, like Gecko) Chrome/78.0.3904.108 Safari/537.36"
82.102.18.118 - - [01/Apr/2025:12:24:52 -0400] "GET /wp-json/wp/v2/users/ HTTP/1.1" 200 2069 "-" "Mozilla/5.0 (Windows NT 10.0; Win64; x64) AppleWebKit/537.36 (KHTML, like Gecko) Chrome/78.0.3904.108 Safari/537.36"
82.102.18.118 - - [01/Apr/2025:12:24:55 -0400] "POST /xmlrpc.php HTTP/1.1" 200 236 "-" "Mozilla/5.0 (Windows NT 10.0; Win64; x64) AppleWebKit/537.36 (KHTML, like Gecko) Chrome/78.0.3904.108 Safari/537.36"
82.102.18.118 - - [01/Apr/2025:12:24:56 -0400] "POST /xmlrpc.php HTTP/1.1" 200 236 "-" "Mozilla/5.0 (Windows NT 10.0; Win64; x64) AppleWebKit/537.36 (KHTML, like Gecko) Chrome/78.0.3904.108 Safari/537.36"
82.102.18.118 - - [01/Apr/2025:12:24:57 -0400] "POST /xmlrpc.php HTTP/1.1" 200 236 "-" "Mozilla/5.0 (Windows NT 10.0; Win64; x64) AppleWebKit/537.36 (KHTML, like Gecko) Chrome/78.0.3904.108 Safari/537.36"
82.102.18.118 - - [01/Apr/2025:12:24:58 -0400] "POST /xmlrpc.php HTTP/1.1" 200 236 "-" "Mozilla/5.0 (Windows NT 10.0; Win64; x64) AppleWebKit/537.36 (KHTML, like Gecko) Chrome/78.0.3904.108 Safari/537.36"
82.102.18.118 - - [01/Apr/2025:12:24:58 -0400] "POST /xmlrpc.php HTTP/1.1" 200 236 "-" "Mozilla/5.0 (Windows NT 10.0; Win64; x64) AppleWebKit/537.36 (KHTML, like Gecko) Chrome/78.0.3904.108 Safari/537.36"
82.102.18.118 - - [01/Apr/2025:12:24:59 -0400] "POST /xmlrpc.php HTTP/1.1" 200 236 "-" "Mozilla/5.0 (Windows NT 10.0; Win64; x64) AppleWebKit/537.36 (KHTML, like Gecko) Chrome/78.0.3904.108 Safari/537.36"
111.172.249.49 - - [01/Apr/2025:12:49:50 -0400] "GET / HTTP/1.1" 200 98430 "-" "Mozilla/5.0 (iPhone; CPU iPhone OS 13_2_3 like Mac OS X) AppleWebKit/605.1.15 (KHTML, like Gecko) Version/13.0.3 Mobile/15E148 Safari/604.1"
198.54.114.83 - - [01/Apr/2025:13:01:18 -0400] "POST /wp-cron.php?doing_wp_cron=1743526877.8049190044403076171875 HTTP/1.1" 200 0 "-" "WordPress/6.7.2; https://creative-webstyle.com"
103.159.37.228 - - [01/Apr/2025:13:01:14 -0400] "POST /xmlrpc.php HTTP/1.1" 200 212 "http://creative-webstyle.com" "Mozilla/5.0 (Windows NT 10.0; Win64; x64) AppleWebKit/537.36 (KHTML, like Gecko) Chrome/115.0.5790.102 Safari/537.36"
205.210.31.239 - - [01/Apr/2025:13:02:43 -0400] "GET / HTTP/1.1" 200 98430 "-" "Expanse, a Palo Alto Networks company, searches across the global IPv4 space multiple times per day to identify customers' presences on the Internet. If you would like to be excluded from our scans, please send IP addresses/domains to: scaninfo@paloaltonetworks.com"
165.154.226.2 - - [01/Apr/2025:13:06:21 -0400] "GET / HTTP/1.1" 200 98430 "-" "Embarcadero URI Client/1.0"
198.54.114.83 - - [01/Apr/2025:13:07:43 -0400] "POST /wp-cron.php?doing_wp_cron=1743527263.6386320590972900390625 HTTP/1.1" 200 0 "-" "WordPress/6.7.2; https://creative-webstyle.com"
13.229.78.155 - - [01/Apr/2025:13:07:39 -0400] "GET /wp-cli.php HTTP/1.1" 404 15284 "www.google.com" "Mozlila/5.0 (Linux; Android 7.0; SM-G892A Bulid/NRD90M; wv) AppleWebKit/537.36 (KHTML, like Gecko) Version/4.0 Chrome/60.0.3112.107 Moblie Safari/537.36"
146.190.77.159 - - [01/Apr/2025:13:15:02 -0400] "GET /?rest_route=/wp/v2/users HTTP/1.1" 200 98430 "www.google.com" "Mozlila/5.0 (Linux; Android 7.0; SM-G892A Bulid/NRD90M; wv) AppleWebKit/537.36 (KHTML, like Gecko) Version/4.0 Chrome/60.0.3112.107 Moblie Safari/537.36"
152.53.53.243 - - [01/Apr/2025:13:15:31 -0400] "GET / HTTP/1.1" 200 98430 "http://creative-webstyle.com" "Mozilla/5.0 (Windows NT 6.1; Win64; x64; rv:36.0) Gecko/20100101 Firefox/36.0 Waterfox/36.0"
2408:821a:5631:f060:884e:fa70:82c9:ca9d - - [01/Apr/2025:13:22:58 -0400] "GET / HTTP/1.1" 200 98430 "-" "Mozilla/5.0 (Windows NT 10.0; Win64; x64) AppleWebKit/537.36 (KHTML, like Gecko) Chrome/97.0.4280.67 Safari/537.36 Edg/97.0.664.52"
212.227.72.139 - - [01/Apr/2025:13:28:45 -0400] "POST /xmlrpc.php HTTP/1.1" 200 0 "http://creative-webstyle.com" "Mozilla/5.0 (Macintosh; Intel Mac OS X 14_6) AppleWebKit/605.1.15 (KHTML, like Gecko) Version/17.5 Safari/605.1.15"
198.54.114.83 - - [01/Apr/2025:13:28:51 -0400] "POST /wp-cron.php?doing_wp_cron=1743528530.9919099807739257812500 HTTP/1.1" 200 0 "-" "WordPress/6.7.2; https://creative-webstyle.com"
198.54.114.83 - - [01/Apr/2025:13:34:52 -0400] "POST /wp-cron.php?doing_wp_cron=1743528891.8431398868560791015625 HTTP/1.1" 200 0 "-" "WordPress/6.7.2; https://creative-webstyle.com"
13.229.78.155 - - [01/Apr/2025:13:34:46 -0400] "GET /wp-includes/ID3/index.php HTTP/1.1" 301 0 "-" "Mozlila/5.0 (Linux; Android 7.0; SM-G892A Bulid/NRD90M; wv) AppleWebKit/537.36 (KHTML, like Gecko) Version/4.0 Chrome/60.0.3112.107 Moblie Safari/537.36"
13.229.78.155 - - [01/Apr/2025:13:34:55 -0400] "GET /wp-includes/ID3/ HTTP/1.1" 403 1242 "-" "Mozlila/5.0 (Linux; Android 7.0; SM-G892A Bulid/NRD90M; wv) AppleWebKit/537.36 (KHTML, like Gecko) Version/4.0 Chrome/60.0.3112.107 Moblie Safari/537.36"
13.229.78.155 - - [01/Apr/2025:13:34:57 -0400] "GET /wp-content/plugins/index.php HTTP/1.1" 200 0 "-" "Mozlila/5.0 (Linux; Android 7.0; SM-G892A Bulid/NRD90M; wv) AppleWebKit/537.36 (KHTML, like Gecko) Version/4.0 Chrome/60.0.3112.107 Moblie Safari/537.36"
13.229.78.155 - - [01/Apr/2025:13:35:10 -0400] "GET /wp-admin/network/index.php HTTP/1.1" 302 0 "-" "Mozlila/5.0 (Linux; Android 7.0; SM-G892A Bulid/NRD90M; wv) AppleWebKit/537.36 (KHTML, like Gecko) Version/4.0 Chrome/60.0.3112.107 Moblie Safari/537.36"
13.229.78.155 - - [01/Apr/2025:13:35:22 -0400] "GET /wp-includes/IXR/index.php HTTP/1.1" 301 0 "-" "Mozlila/5.0 (Linux; Android 7.0; SM-G892A Bulid/NRD90M; wv) AppleWebKit/537.36 (KHTML, like Gecko) Version/4.0 Chrome/60.0.3112.107 Moblie Safari/537.36"
13.229.78.155 - - [01/Apr/2025:13:35:24 -0400] "GET /wp-includes/IXR/ HTTP/1.1" 403 1242 "-" "Mozlila/5.0 (Linux; Android 7.0; SM-G892A Bulid/NRD90M; wv) AppleWebKit/537.36 (KHTML, like Gecko) Version/4.0 Chrome/60.0.3112.107 Moblie Safari/537.36"
13.229.78.155 - - [01/Apr/2025:13:35:25 -0400] "GET /wp-admin/images/index.php HTTP/1.1" 301 0 "-" "Mozlila/5.0 (Linux; Android 7.0; SM-G892A Bulid/NRD90M; wv) AppleWebKit/537.36 (KHTML, like Gecko) Version/4.0 Chrome/60.0.3112.107 Moblie Safari/537.36"
13.229.78.155 - - [01/Apr/2025:13:35:28 -0400] "GET /wp-admin/images/ HTTP/1.1" 403 1242 "-" "Mozlila/5.0 (Linux; Android 7.0; SM-G892A Bulid/NRD90M; wv) AppleWebKit/537.36 (KHTML, like Gecko) Version/4.0 Chrome/60.0.3112.107 Moblie Safari/537.36"
13.229.78.155 - - [01/Apr/2025:13:35:31 -0400] "GET /wp-login.php HTTP/1.1" 302 0 "-" "Mozlila/5.0 (Linux; Android 7.0; SM-G892A Bulid/NRD90M; wv) AppleWebKit/537.36 (KHTML, like Gecko) Version/4.0 Chrome/60.0.3112.107 Moblie Safari/537.36"
13.229.78.155 - - [01/Apr/2025:13:35:35 -0400] "GET /wp-content/plugins/admin.php HTTP/1.1" 404 15294 "-" "Mozlila/5.0 (Linux; Android 7.0; SM-G892A Bulid/NRD90M; wv) AppleWebKit/537.36 (KHTML, like Gecko) Version/4.0 Chrome/60.0.3112.107 Moblie Safari/537.36"
13.229.78.155 - - [01/Apr/2025:13:35:39 -0400] "GET /xmlrpc.php HTTP/1.1" 405 60 "-" "Mozlila/5.0 (Linux; Android 7.0; SM-G892A Bulid/NRD90M; wv) AppleWebKit/537.36 (KHTML, like Gecko) Version/4.0 Chrome/60.0.3112.107 Moblie Safari/537.36"
198.54.114.83 - - [01/Apr/2025:13:35:41 -0400] "POST /wp-cron.php?doing_wp_cron=1743528939.6798501014709472656250 HTTP/1.1" 200 0 "-" "WordPress/6.7.2; https://creative-webstyle.com"
13.229.78.155 - - [01/Apr/2025:13:35:53 -0400] "GET /wp-admin.php HTTP/1.1" 404 15282 "-" "Mozlila/5.0 (Linux; Android 7.0; SM-G892A Bulid/NRD90M; wv) AppleWebKit/537.36 (KHTML, like Gecko) Version/4.0 Chrome/60.0.3112.107 Moblie Safari/537.36"
13.229.78.155 - - [01/Apr/2025:13:35:57 -0400] "GET /wp-content/plugins/Core-Econ/upH.php HTTP/1.1" 404 15305 "-" "Mozlila/5.0 (Linux; Android 7.0; SM-G892A Bulid/NRD90M; wv) AppleWebKit/537.36 (KHTML, like Gecko) Version/4.0 Chrome/60.0.3112.107 Moblie Safari/537.36"
13.229.78.155 - - [01/Apr/2025:13:36:01 -0400] "GET /wp-content/plugins/fix/up.php HTTP/1.1" 404 15300 "-" "Mozlila/5.0 (Linux; Android 7.0; SM-G892A Bulid/NRD90M; wv) AppleWebKit/537.36 (KHTML, like Gecko) Version/4.0 Chrome/60.0.3112.107 Moblie Safari/537.36"
13.229.78.155 - - [01/Apr/2025:13:36:04 -0400] "GET /wp-content/plugins/pwnd/pwnd.php HTTP/1.1" 404 15297 "-" "Mozlila/5.0 (Linux; Android 7.0; SM-G892A Bulid/NRD90M; wv) AppleWebKit/537.36 (KHTML, like Gecko) Version/4.0 Chrome/60.0.3112.107 Moblie Safari/537.36"
13.229.78.155 - - [01/Apr/2025:13:36:10 -0400] "GET /wp-content/plugins/shell/noimg.php HTTP/1.1" 404 15302 "-" "Mozlila/5.0 (Linux; Android 7.0; SM-G892A Bulid/NRD90M; wv) AppleWebKit/537.36 (KHTML, like Gecko) Version/4.0 Chrome/60.0.3112.107 Moblie Safari/537.36"
13.229.78.155 - - [01/Apr/2025:13:36:14 -0400] "GET /WSOEnigma.php HTTP/1.1" 404 15291 "-" "Mozlila/5.0 (Linux; Android 7.0; SM-G892A Bulid/NRD90M; wv) AppleWebKit/537.36 (KHTML, like Gecko) Version/4.0 Chrome/60.0.3112.107 Moblie Safari/537.36"
13.229.78.155 - - [01/Apr/2025:13:36:17 -0400] "GET /wp-content/plugins/pwnd-1/pwnd.php HTTP/1.1" 404 15298 "-" "Mozlila/5.0 (Linux; Android 7.0; SM-G892A Bulid/NRD90M; wv) AppleWebKit/537.36 (KHTML, like Gecko) Version/4.0 Chrome/60.0.3112.107 Moblie Safari/537.36"
13.229.78.155 - - [01/Apr/2025:13:36:22 -0400] "GET /wp-content/plugins/dummyyummy/wp-signup.php HTTP/1.1" 404 15307 "-" "Mozlila/5.0 (Linux; Android 7.0; SM-G892A Bulid/NRD90M; wv) AppleWebKit/537.36 (KHTML, like Gecko) Version/4.0 Chrome/60.0.3112.107 Moblie Safari/537.36"
13.229.78.155 - - [01/Apr/2025:13:36:25 -0400] "GET /wp-content/plugins/clara/clara.php HTTP/1.1" 404 15299 "-" "Mozlila/5.0 (Linux; Android 7.0; SM-G892A Bulid/NRD90M; wv) AppleWebKit/537.36 (KHTML, like Gecko) Version/4.0 Chrome/60.0.3112.107 Moblie Safari/537.36"
185.220.101.103 - - [01/Apr/2025:13:39:49 -0400] "GET / HTTP/1.1" 200 98430 "http://creative-webstyle.com" "Mozilla/5.0 (Windows NT 6.3) AppleWebKit/537.36 (KHTML, like Gecko) Chrome/45.0.2454.112 Amigo/45.0.2454.112 MRCHROME SOC Safari/537.36"
198.54.121.141 - - [01/Apr/2025:13:55:37 -0400] "POST /xmlrpc.php HTTP/1.1" 200 212 "http://creative-webstyle.com" "Mozilla/5.0 (Windows NT 11.0; Win64; x64) AppleWebKit/537.36 (KHTML, like Gecko) Chrome/126.0.0.0 Safari/537.36"
198.54.114.83 - - [01/Apr/2025:14:11:45 -0400] "POST /wp-cron.php?doing_wp_cron=1743531103.6897130012512207031250 HTTP/1.1" 200 0 "-" "WordPress/6.7.2; https://creative-webstyle.com"
104.209.223.120 - - [01/Apr/2025:14:11:38 -0400] "HEAD /wordpress HTTP/1.1" 404 0 "-" "Mozilla/5.0 (Windows NT 10.0; Win64; x64) AppleWebKit/537.36 (KHTML, like Gecko) Chrome/74.0.3729.169 Safari/537.36"
104.209.223.120 - - [01/Apr/2025:14:11:46 -0400] "HEAD / HTTP/1.1" 200 0 "-" "Mozilla/5.0 (Windows NT 10.0; Win64; x64) AppleWebKit/537.36 (KHTML, like Gecko) Chrome/74.0.3729.169 Safari/537.36"
104.209.223.120 - - [01/Apr/2025:14:11:47 -0400] "HEAD /wp HTTP/1.1" 404 0 "-" "Mozilla/5.0 (Windows NT 10.0; Win64; x64) AppleWebKit/537.36 (KHTML, like Gecko) Chrome/74.0.3729.169 Safari/537.36"
104.209.223.120 - - [01/Apr/2025:14:11:49 -0400] "HEAD /bc HTTP/1.1" 404 0 "-" "Mozilla/5.0 (Windows NT 10.0; Win64; x64) AppleWebKit/537.36 (KHTML, like Gecko) Chrome/74.0.3729.169 Safari/537.36"
104.209.223.120 - - [01/Apr/2025:14:11:49 -0400] "HEAD /bk HTTP/1.1" 404 0 "-" "Mozilla/5.0 (Windows NT 10.0; Win64; x64) AppleWebKit/537.36 (KHTML, like Gecko) Chrome/74.0.3729.169 Safari/537.36"
104.209.223.120 - - [01/Apr/2025:14:11:51 -0400] "HEAD /backup HTTP/1.1" 404 0 "-" "Mozilla/5.0 (Windows NT 10.0; Win64; x64) AppleWebKit/537.36 (KHTML, like Gecko) Chrome/74.0.3729.169 Safari/537.36"
104.209.223.120 - - [01/Apr/2025:14:11:52 -0400] "HEAD /old HTTP/1.1" 404 0 "-" "Mozilla/5.0 (Windows NT 10.0; Win64; x64) AppleWebKit/537.36 (KHTML, like Gecko) Chrome/74.0.3729.169 Safari/537.36"
104.209.223.120 - - [01/Apr/2025:14:11:53 -0400] "HEAD /new HTTP/1.1" 301 0 "-" "Mozilla/5.0 (Windows NT 10.0; Win64; x64) AppleWebKit/537.36 (KHTML, like Gecko) Chrome/74.0.3729.169 Safari/537.36"
104.209.223.120 - - [01/Apr/2025:14:11:55 -0400] "HEAD /main HTTP/1.1" 404 0 "-" "Mozilla/5.0 (Windows NT 10.0; Win64; x64) AppleWebKit/537.36 (KHTML, like Gecko) Chrome/74.0.3729.169 Safari/537.36"
104.209.223.120 - - [01/Apr/2025:14:11:56 -0400] "HEAD /home HTTP/1.1" 301 0 "-" "Mozilla/5.0 (Windows NT 10.0; Win64; x64) AppleWebKit/537.36 (KHTML, like Gecko) Chrome/74.0.3729.169 Safari/537.36"
4.227.36.76 - - [01/Apr/2025:14:17:21 -0400] "GET /robots.txt HTTP/1.1" 304 0 "-" "Mozilla/5.0 AppleWebKit/537.36 (KHTML, like Gecko; compatible; GPTBot/1.2; +https://openai.com/gptbot)"
198.54.114.83 - - [01/Apr/2025:14:21:40 -0400] "POST /wp-cron.php?doing_wp_cron=1743531700.3784360885620117187500 HTTP/1.1" 200 0 "-" "WordPress/6.7.2; https://creative-webstyle.com"
208.107.66.243 - - [01/Apr/2025:14:21:39 -0400] "POST /xmlrpc.php HTTP/1.1" 200 212 "http://creative-webstyle.com" "Mozilla/5.0 (Windows NT 10.0; Win64; x64; rv:127.0) Gecko/20100101 Firefox/127.0"
196.251.72.179 - - [01/Apr/2025:14:40:06 -0400] "GET //wp-content/plugins/fix/up.php HTTP/1.1" 200 0 "-" "Mozilla/5.0 (Windows NT 10.0; Win64; x64) AppleWebKit/537.36 (KHTML, like Gecko) Chrome/85.0.4183.102 Safari/537.36"
198.54.114.83 - - [01/Apr/2025:14:47:12 -0400] "POST /wp-cron.php?doing_wp_cron=1743533231.8147709369659423828125 HTTP/1.1" 200 0 "-" "WordPress/6.7.2; https://creative-webstyle.com"
162.0.217.136 - - [01/Apr/2025:14:47:11 -0400] "POST /xmlrpc.php HTTP/1.1" 200 212 "http://creative-webstyle.com" "Mozilla/5.0 (Macintosh; Intel Mac OS X 10_15_7) AppleWebKit/537.36 (KHTML, like Gecko) Chrome/112.0.5615.138 Safari/537.36"
85.208.98.23 - - [01/Apr/2025:14:49:19 -0400] "GET /robots.txt HTTP/1.1" 304 0 "-" "Mozilla/5.0 (compatible; SemrushBot-BA; +http://www.semrush.com/bot.html)"
15.206.173.130 - - [01/Apr/2025:15:03:06 -0400] "GET / HTTP/1.1" 200 98430 "-" "Mozilla/5.0 (Windows NT 10.0; Win64; x64) AppleWebKit/537.36 (KHTML, like Gecko) Chrome/80.0.3987.149 Safari/537.36"
15.206.173.130 - - [01/Apr/2025:15:03:07 -0400] "GET / HTTP/1.1" 200 98430 "-" "Mozilla/5.0 (Windows NT 10.0; Win64; x64) AppleWebKit/537.36 (KHTML, like Gecko) Chrome/80.0.3987.149 Safari/537.36"
198.54.114.83 - - [01/Apr/2025:15:03:16 -0400] "POST /wp-cron.php?doing_wp_cron=1743534195.7464449405670166015625 HTTP/1.1" 200 0 "-" "WordPress/6.7.2; https://creative-webstyle.com"
15.206.173.130 - - [01/Apr/2025:15:03:08 -0400] "GET /wp-includes/wlwmanifest.xml HTTP/1.1" 404 15295 "-" "Mozilla/5.0 (Windows NT 10.0; Win64; x64) AppleWebKit/537.36 (KHTML, like Gecko) Chrome/80.0.3987.149 Safari/537.36"
15.206.173.130 - - [01/Apr/2025:15:03:19 -0400] "GET /?author=1 HTTP/1.1" 200 98430 "-" "Mozilla/5.0 (Windows NT 10.0; Win64; x64) AppleWebKit/537.36 (KHTML, like Gecko) Chrome/80.0.3987.149 Safari/537.36"
15.206.173.130 - - [01/Apr/2025:15:03:22 -0400] "GET /?author=2 HTTP/1.1" 200 98430 "-" "Mozilla/5.0 (Windows NT 10.0; Win64; x64) AppleWebKit/537.36 (KHTML, like Gecko) Chrome/80.0.3987.149 Safari/537.36"
15.206.173.130 - - [01/Apr/2025:15:03:24 -0400] "GET /wp-json/wp/v2/users/ HTTP/1.1" 200 2069 "-" "Mozilla/5.0 (Windows NT 10.0; Win64; x64) AppleWebKit/537.36 (KHTML, like Gecko) Chrome/80.0.3987.149 Safari/537.36"
15.206.173.130 - - [01/Apr/2025:15:03:27 -0400] "POST /xmlrpc.php HTTP/1.1" 200 212 "-" "Mozilla/5.0 (Windows NT 10.0; Win64; x64) AppleWebKit/537.36 (KHTML, like Gecko) Chrome/80.0.3987.149 Safari/537.36"
15.206.173.130 - - [01/Apr/2025:15:03:28 -0400] "POST /xmlrpc.php HTTP/1.1" 200 236 "-" "Mozilla/5.0 (Windows NT 10.0; Win64; x64) AppleWebKit/537.36 (KHTML, like Gecko) Chrome/80.0.3987.149 Safari/537.36"
15.206.173.130 - - [01/Apr/2025:15:03:30 -0400] "POST /xmlrpc.php HTTP/1.1" 200 212 "-" "Mozilla/5.0 (Windows NT 10.0; Win64; x64) AppleWebKit/537.36 (KHTML, like Gecko) Chrome/80.0.3987.149 Safari/537.36"
15.206.173.130 - - [01/Apr/2025:15:03:31 -0400] "POST /xmlrpc.php HTTP/1.1" 200 236 "-" "Mozilla/5.0 (Windows NT 10.0; Win64; x64) AppleWebKit/537.36 (KHTML, like Gecko) Chrome/80.0.3987.149 Safari/537.36"
15.206.173.130 - - [01/Apr/2025:15:03:32 -0400] "POST /xmlrpc.php HTTP/1.1" 200 236 "-" "Mozilla/5.0 (Windows NT 10.0; Win64; x64) AppleWebKit/537.36 (KHTML, like Gecko) Chrome/80.0.3987.149 Safari/537.36"
