45.156.129.125 - - [30/Mar/2025:04:23:36 -0400] "GET /wp-content/plugins/wp-time-capsule/readme.txt HTTP/1.1" 404 15308 "http://www.creative-webstyle.com/wp-content/plugins/wp-time-capsule/readme.txt" "Mozilla/5.0 (Windows NT 10.0; Win64; x64) AppleWebKit/537.36 (KHTML, like Gecko) Chrome/60.0.3112.113 Safari/537.36"
45.156.129.128 - - [30/Mar/2025:04:24:03 -0400] "GET /wp-content/plugins/wp-central/readme.txt HTTP/1.1" 301 0 "-" "Mozilla/5.0 (Windows NT 10.0; Win64; x64) AppleWebKit/537.36 (KHTML, like Gecko) Chrome/60.0.3112.113 Safari/537.36"
45.156.129.125 - - [30/Mar/2025:04:24:04 -0400] "GET /wp-content/plugins/wp-central/readme.txt HTTP/1.1" 404 15304 "http://www.creative-webstyle.com/wp-content/plugins/wp-central/readme.txt" "Mozilla/5.0 (Windows NT 10.0; Win64; x64) AppleWebKit/537.36 (KHTML, like Gecko) Chrome/60.0.3112.113 Safari/537.36"
45.156.129.126 - - [30/Mar/2025:04:24:26 -0400] "GET /wp-content/plugins/elementor/readme.txt HTTP/1.1" 301 0 "-" "Mozilla/5.0 (Windows NT 10.0; Win64; x64) AppleWebKit/537.36 (KHTML, like Gecko) Chrome/60.0.3112.113 Safari/537.36"
45.156.129.128 - - [30/Mar/2025:04:24:27 -0400] "GET /wp-content/plugins/elementor/readme.txt HTTP/1.1" 404 15306 "http://www.creative-webstyle.com/wp-content/plugins/elementor/readme.txt" "Mozilla/5.0 (Windows NT 10.0; Win64; x64) AppleWebKit/537.36 (KHTML, like Gecko) Chrome/60.0.3112.113 Safari/537.36"
198.54.114.83 - - [30/Mar/2025:04:24:50 -0400] "POST /wp-cron.php?doing_wp_cron=1743323090.6480829715728759765625 HTTP/1.1" 200 0 "-" "WordPress/6.7.2; https://creative-webstyle.com"
45.156.129.127 - - [30/Mar/2025:04:24:50 -0400] "GET /wp-content/plugins/code-snippets/readme.txt HTTP/1.1" 301 0 "-" "Mozilla/5.0 (Windows NT 10.0; Win64; x64) AppleWebKit/537.36 (KHTML, like Gecko) Chrome/60.0.3112.113 Safari/537.36"
45.156.129.126 - - [30/Mar/2025:04:24:51 -0400] "GET /wp-content/plugins/code-snippets/readme.txt HTTP/1.1" 404 15309 "http://www.creative-webstyle.com/wp-content/plugins/code-snippets/readme.txt" "Mozilla/5.0 (Windows NT 10.0; Win64; x64) AppleWebKit/537.36 (KHTML, like Gecko) Chrome/60.0.3112.113 Safari/537.36"
45.156.129.126 - - [30/Mar/2025:04:25:13 -0400] "GET /wp-content/plugins/wp-user-avatar/readme.txt HTTP/1.1" 301 0 "-" "Mozilla/5.0 (Windows NT 10.0; Win64; x64) AppleWebKit/537.36 (KHTML, like Gecko) Chrome/60.0.3112.113 Safari/537.36"
45.156.129.128 - - [30/Mar/2025:04:25:14 -0400] "GET /wp-content/plugins/wp-user-avatar/readme.txt HTTP/1.1" 404 15308 "http://www.creative-webstyle.com/wp-content/plugins/wp-user-avatar/readme.txt" "Mozilla/5.0 (Windows NT 10.0; Win64; x64) AppleWebKit/537.36 (KHTML, like Gecko) Chrome/60.0.3112.113 Safari/537.36"
45.156.129.126 - - [30/Mar/2025:04:25:29 -0400] "GET /wp-content/plugins/wpschoolpress/readme.txt HTTP/1.1" 301 0 "-" "Mozilla/5.0 (Windows NT 10.0; Win64; x64) AppleWebKit/537.36 (KHTML, like Gecko) Chrome/60.0.3112.113 Safari/537.36"
45.156.129.127 - - [30/Mar/2025:04:25:30 -0400] "GET /wp-content/plugins/wpschoolpress/readme.txt HTTP/1.1" 404 15306 "http://www.creative-webstyle.com/wp-content/plugins/wpschoolpress/readme.txt" "Mozilla/5.0 (Windows NT 10.0; Win64; x64) AppleWebKit/537.36 (KHTML, like Gecko) Chrome/60.0.3112.113 Safari/537.36"
216.244.66.194 - - [30/Mar/2025:04:25:40 -0400] "GET /robots.txt HTTP/1.1" 200 132 "-" "Mozilla/5.0 (compatible; DotBot/1.2; +https://opensiteexplorer.org/dotbot; help@moz.com)"
198.54.114.83 - - [30/Mar/2025:04:25:50 -0400] "POST /wp-cron.php?doing_wp_cron=1743323150.8884110450744628906250 HTTP/1.1" 200 0 "-" "WordPress/6.7.2; https://creative-webstyle.com"
45.156.129.127 - - [30/Mar/2025:04:25:50 -0400] "GET /wp-content/plugins/wp-video-lightbox/readme.txt HTTP/1.1" 301 0 "-" "Mozilla/5.0 (Windows NT 10.0; Win64; x64) AppleWebKit/537.36 (KHTML, like Gecko) Chrome/60.0.3112.113 Safari/537.36"
45.156.129.126 - - [30/Mar/2025:04:25:51 -0400] "GET /wp-content/plugins/wp-video-lightbox/readme.txt HTTP/1.1" 404 15312 "http://www.creative-webstyle.com/wp-content/plugins/wp-video-lightbox/readme.txt" "Mozilla/5.0 (Windows NT 10.0; Win64; x64) AppleWebKit/537.36 (KHTML, like Gecko) Chrome/60.0.3112.113 Safari/537.36"
45.156.129.128 - - [30/Mar/2025:04:26:26 -0400] "GET /wp-content/plugins/fancy-product-designer/readme.txt HTTP/1.1" 301 0 "-" "Mozilla/5.0 (Windows NT 10.0; Win64; x64) AppleWebKit/537.36 (KHTML, like Gecko) Chrome/60.0.3112.113 Safari/537.36"
45.156.129.125 - - [30/Mar/2025:04:26:26 -0400] "GET /wp-content/plugins/fancy-product-designer/readme.txt HTTP/1.1" 404 15317 "http://www.creative-webstyle.com/wp-content/plugins/fancy-product-designer/readme.txt" "Mozilla/5.0 (Windows NT 10.0; Win64; x64) AppleWebKit/537.36 (KHTML, like Gecko) Chrome/60.0.3112.113 Safari/537.36"
45.156.129.128 - - [30/Mar/2025:04:26:46 -0400] "GET /wp-content/plugins/wordpress-seo/readme.txt HTTP/1.1" 200 9743 "-" "Mozilla/5.0 (Windows NT 10.0; Win64; x64) AppleWebKit/537.36 (KHTML, like Gecko) Chrome/60.0.3112.113 Safari/537.36"
45.156.129.126 - - [30/Mar/2025:04:26:46 -0400] "GET /wp-content/plugins/litespeed-cache/readme.txt HTTP/1.1" 200 12489 "-" "Mozilla/5.0 (Windows NT 10.0; Win64; x64) AppleWebKit/537.36 (KHTML, like Gecko) Chrome/60.0.3112.113 Safari/537.36"
45.156.129.126 - - [30/Mar/2025:04:26:46 -0400] "GET /wp-content/plugins/akismet/readme.txt HTTP/1.1" 301 0 "-" "Mozilla/5.0 (Windows NT 10.0; Win64; x64) AppleWebKit/537.36 (KHTML, like Gecko) Chrome/60.0.3112.113 Safari/537.36"
198.54.114.83 - - [30/Mar/2025:04:26:46 -0400] "POST /wp-cron.php?doing_wp_cron=1743323206.7889900207519531250000 HTTP/1.1" 200 0 "-" "WordPress/6.7.2; https://creative-webstyle.com"
45.156.129.126 - - [30/Mar/2025:04:26:46 -0400] "GET /wp-content/plugins/wpforms-lite/readme.txt HTTP/1.1" 301 0 "-" "Mozilla/5.0 (Windows NT 10.0; Win64; x64) AppleWebKit/537.36 (KHTML, like Gecko) Chrome/60.0.3112.113 Safari/537.36"
45.156.129.127 - - [30/Mar/2025:04:26:46 -0400] "GET /wp-content/plugins/contact-form-7/readme.txt HTTP/1.1" 301 0 "-" "Mozilla/5.0 (Windows NT 10.0; Win64; x64) AppleWebKit/537.36 (KHTML, like Gecko) Chrome/60.0.3112.113 Safari/537.36"
45.156.129.126 - - [30/Mar/2025:04:26:46 -0400] "GET /wp-content/plugins/all-in-one-wp-migration/readme.txt HTTP/1.1" 301 0 "-" "Mozilla/5.0 (Windows NT 10.0; Win64; x64) AppleWebKit/537.36 (KHTML, like Gecko) Chrome/60.0.3112.113 Safari/537.36"
45.156.129.126 - - [30/Mar/2025:04:26:46 -0400] "GET /wp-content/plugins/wordfence/readme.txt HTTP/1.1" 301 0 "-" "Mozilla/5.0 (Windows NT 10.0; Win64; x64) AppleWebKit/537.36 (KHTML, like Gecko) Chrome/60.0.3112.113 Safari/537.36"
45.156.129.126 - - [30/Mar/2025:04:26:46 -0400] "GET /wp-content/plugins/really-simple-ssl/readme.txt HTTP/1.1" 301 0 "-" "Mozilla/5.0 (Windows NT 10.0; Win64; x64) AppleWebKit/537.36 (KHTML, like Gecko) Chrome/60.0.3112.113 Safari/537.36"
45.156.129.125 - - [30/Mar/2025:04:26:46 -0400] "GET /wp-content/plugins/limit-login-attempts-reloaded/readme.txt HTTP/1.1" 301 0 "-" "Mozilla/5.0 (Windows NT 10.0; Win64; x64) AppleWebKit/537.36 (KHTML, like Gecko) Chrome/60.0.3112.113 Safari/537.36"
45.156.129.126 - - [30/Mar/2025:04:26:46 -0400] "GET /wp-content/plugins/seo-by-rank-math/readme.txt HTTP/1.1" 301 0 "-" "Mozilla/5.0 (Windows NT 10.0; Win64; x64) AppleWebKit/537.36 (KHTML, like Gecko) Chrome/60.0.3112.113 Safari/537.36"
45.156.129.126 - - [30/Mar/2025:04:26:46 -0400] "GET /wp-content/plugins/insert-headers-and-footers/readme.txt HTTP/1.1" 301 0 "-" "Mozilla/5.0 (Windows NT 10.0; Win64; x64) AppleWebKit/537.36 (KHTML, like Gecko) Chrome/60.0.3112.113 Safari/537.36"
45.156.129.125 - - [30/Mar/2025:04:26:46 -0400] "GET /wp-content/plugins/updraftplus/readme.txt HTTP/1.1" 301 0 "-" "Mozilla/5.0 (Windows NT 10.0; Win64; x64) AppleWebKit/537.36 (KHTML, like Gecko) Chrome/60.0.3112.113 Safari/537.36"
45.156.129.127 - - [30/Mar/2025:04:26:46 -0400] "GET /wp-content/plugins/all-in-one-seo-pack/readme.txt HTTP/1.1" 301 0 "-" "Mozilla/5.0 (Windows NT 10.0; Win64; x64) AppleWebKit/537.36 (KHTML, like Gecko) Chrome/60.0.3112.113 Safari/537.36"
45.156.129.126 - - [30/Mar/2025:04:26:46 -0400] "GET /wp-content/plugins/woocommerce/readme.txt HTTP/1.1" 301 0 "-" "Mozilla/5.0 (Windows NT 10.0; Win64; x64) AppleWebKit/537.36 (KHTML, like Gecko) Chrome/60.0.3112.113 Safari/537.36"
45.156.129.126 - - [30/Mar/2025:04:26:47 -0400] "GET /wp-content/plugins/essential-addons-for-elementor-lite/readme.txt HTTP/1.1" 301 0 "-" "Mozilla/5.0 (Windows NT 10.0; Win64; x64) AppleWebKit/537.36 (KHTML, like Gecko) Chrome/60.0.3112.113 Safari/537.36"
45.156.129.125 - - [30/Mar/2025:04:26:47 -0400] "GET /wp-content/plugins/wps-hide-login/readme.txt HTTP/1.1" 301 0 "-" "Mozilla/5.0 (Windows NT 10.0; Win64; x64) AppleWebKit/537.36 (KHTML, like Gecko) Chrome/60.0.3112.113 Safari/537.36"
45.156.129.126 - - [30/Mar/2025:04:26:46 -0400] "GET /wp-content/plugins/duplicate-post/readme.txt HTTP/1.1" 301 0 "-" "Mozilla/5.0 (Windows NT 10.0; Win64; x64) AppleWebKit/537.36 (KHTML, like Gecko) Chrome/60.0.3112.113 Safari/537.36"
45.156.129.125 - - [30/Mar/2025:04:26:46 -0400] "GET /wp-content/plugins/redirection/readme.txt HTTP/1.1" 301 0 "-" "Mozilla/5.0 (Windows NT 10.0; Win64; x64) AppleWebKit/537.36 (KHTML, like Gecko) Chrome/60.0.3112.113 Safari/537.36"
45.156.129.127 - - [30/Mar/2025:04:26:46 -0400] "GET /wp-content/plugins/google-analytics-for-wordpress/readme.txt HTTP/1.1" 301 0 "-" "Mozilla/5.0 (Windows NT 10.0; Win64; x64) AppleWebKit/537.36 (KHTML, like Gecko) Chrome/60.0.3112.113 Safari/537.36"
45.156.129.127 - - [30/Mar/2025:04:26:47 -0400] "GET /wp-content/plugins/advanced-custom-fields/readme.txt HTTP/1.1" 301 0 "-" "Mozilla/5.0 (Windows NT 10.0; Win64; x64) AppleWebKit/537.36 (KHTML, like Gecko) Chrome/60.0.3112.113 Safari/537.36"
45.156.129.126 - - [30/Mar/2025:04:26:46 -0400] "GET /wp-content/plugins/jetpack/readme.txt HTTP/1.1" 301 0 "-" "Mozilla/5.0 (Windows NT 10.0; Win64; x64) AppleWebKit/537.36 (KHTML, like Gecko) Chrome/60.0.3112.113 Safari/537.36"
45.156.129.127 - - [30/Mar/2025:04:26:47 -0400] "GET /wp-content/plugins/mailchimp-for-wp/readme.txt HTTP/1.1" 301 0 "-" "Mozilla/5.0 (Windows NT 10.0; Win64; x64) AppleWebKit/537.36 (KHTML, like Gecko) Chrome/60.0.3112.113 Safari/537.36"
45.156.129.126 - - [30/Mar/2025:04:26:47 -0400] "GET /wp-content/plugins/autoptimize/readme.txt HTTP/1.1" 301 0 "-" "Mozilla/5.0 (Windows NT 10.0; Win64; x64) AppleWebKit/537.36 (KHTML, like Gecko) Chrome/60.0.3112.113 Safari/537.36"
45.156.129.125 - - [30/Mar/2025:04:26:47 -0400] "GET /wp-content/plugins/wp-optimize/readme.txt HTTP/1.1" 301 0 "-" "Mozilla/5.0 (Windows NT 10.0; Win64; x64) AppleWebKit/537.36 (KHTML, like Gecko) Chrome/60.0.3112.113 Safari/537.36"
45.156.129.127 - - [30/Mar/2025:04:26:47 -0400] "GET /wp-content/plugins/astra-sites/readme.txt HTTP/1.1" 301 0 "-" "Mozilla/5.0 (Windows NT 10.0; Win64; x64) AppleWebKit/537.36 (KHTML, like Gecko) Chrome/60.0.3112.113 Safari/537.36"
45.156.129.128 - - [30/Mar/2025:04:26:46 -0400] "GET /wp-content/plugins/duplicate-page/readme.txt HTTP/1.1" 301 0 "-" "Mozilla/5.0 (Windows NT 10.0; Win64; x64) AppleWebKit/537.36 (KHTML, like Gecko) Chrome/60.0.3112.113 Safari/537.36"
45.156.129.128 - - [30/Mar/2025:04:26:47 -0400] "GET /wp-content/plugins/loginizer/readme.txt HTTP/1.1" 301 0 "-" "Mozilla/5.0 (Windows NT 10.0; Win64; x64) AppleWebKit/537.36 (KHTML, like Gecko) Chrome/60.0.3112.113 Safari/537.36"
45.156.129.125 - - [30/Mar/2025:04:26:46 -0400] "GET /wp-content/plugins/hostinger/readme.txt HTTP/1.1" 301 0 "-" "Mozilla/5.0 (Windows NT 10.0; Win64; x64) AppleWebKit/537.36 (KHTML, like Gecko) Chrome/60.0.3112.113 Safari/537.36"
45.156.129.125 - - [30/Mar/2025:04:26:47 -0400] "GET /wp-content/plugins/duplicator/readme.txt HTTP/1.1" 301 0 "-" "Mozilla/5.0 (Windows NT 10.0; Win64; x64) AppleWebKit/537.36 (KHTML, like Gecko) Chrome/60.0.3112.113 Safari/537.36"
45.156.129.128 - - [30/Mar/2025:04:26:47 -0400] "GET /wp-content/plugins/wp-file-manager/readme.txt HTTP/1.1" 301 0 "-" "Mozilla/5.0 (Windows NT 10.0; Win64; x64) AppleWebKit/537.36 (KHTML, like Gecko) Chrome/60.0.3112.113 Safari/537.36"
45.156.129.128 - - [30/Mar/2025:04:26:47 -0400] "GET /wp-content/plugins/smart-slider-3/readme.txt HTTP/1.1" 301 0 "-" "Mozilla/5.0 (Windows NT 10.0; Win64; x64) AppleWebKit/537.36 (KHTML, like Gecko) Chrome/60.0.3112.113 Safari/537.36"
45.156.129.128 - - [30/Mar/2025:04:26:47 -0400] "GET /wp-content/plugins/sg-security/readme.txt HTTP/1.1" 301 0 "-" "Mozilla/5.0 (Windows NT 10.0; Win64; x64) AppleWebKit/537.36 (KHTML, like Gecko) Chrome/60.0.3112.113 Safari/537.36"
45.156.129.127 - - [30/Mar/2025:04:26:47 -0400] "GET /wp-content/plugins/w3-total-cache/readme.txt HTTP/1.1" 301 0 "-" "Mozilla/5.0 (Windows NT 10.0; Win64; x64) AppleWebKit/537.36 (KHTML, like Gecko) Chrome/60.0.3112.113 Safari/537.36"
45.156.129.128 - - [30/Mar/2025:04:26:47 -0400] "GET /wp-content/plugins/ultimate-addons-for-gutenberg/readme.txt HTTP/1.1" 301 0 "-" "Mozilla/5.0 (Windows NT 10.0; Win64; x64) AppleWebKit/537.36 (KHTML, like Gecko) Chrome/60.0.3112.113 Safari/537.36"
45.156.129.126 - - [30/Mar/2025:04:26:47 -0400] "GET /wp-content/plugins/wp-super-cache/readme.txt HTTP/1.1" 301 0 "-" "Mozilla/5.0 (Windows NT 10.0; Win64; x64) AppleWebKit/537.36 (KHTML, like Gecko) Chrome/60.0.3112.113 Safari/537.36"
45.156.129.126 - - [30/Mar/2025:04:26:47 -0400] "GET /wp-content/plugins/better-search-replace/readme.txt HTTP/1.1" 301 0 "-" "Mozilla/5.0 (Windows NT 10.0; Win64; x64) AppleWebKit/537.36 (KHTML, like Gecko) Chrome/60.0.3112.113 Safari/537.36"
45.156.129.125 - - [30/Mar/2025:04:26:47 -0400] "GET /wp-content/plugins/complianz-gdpr/readme.txt HTTP/1.1" 301 0 "-" "Mozilla/5.0 (Windows NT 10.0; Win64; x64) AppleWebKit/537.36 (KHTML, like Gecko) Chrome/60.0.3112.113 Safari/537.36"
45.156.129.126 - - [30/Mar/2025:04:26:47 -0400] "GET /wp-content/plugins/ewww-image-optimizer/readme.txt HTTP/1.1" 301 0 "-" "Mozilla/5.0 (Windows NT 10.0; Win64; x64) AppleWebKit/537.36 (KHTML, like Gecko) Chrome/60.0.3112.113 Safari/537.36"
45.156.129.125 - - [30/Mar/2025:04:26:47 -0400] "GET /wp-content/plugins/better-wp-security/readme.txt HTTP/1.1" 301 0 "-" "Mozilla/5.0 (Windows NT 10.0; Win64; x64) AppleWebKit/537.36 (KHTML, like Gecko) Chrome/60.0.3112.113 Safari/537.36"
45.156.129.126 - - [30/Mar/2025:04:26:47 -0400] "GET /wp-content/plugins/disable-comments/readme.txt HTTP/1.1" 301 0 "-" "Mozilla/5.0 (Windows NT 10.0; Win64; x64) AppleWebKit/537.36 (KHTML, like Gecko) Chrome/60.0.3112.113 Safari/537.36"
45.156.129.128 - - [30/Mar/2025:04:26:47 -0400] "GET /wp-content/plugins/envato-elements/readme.txt HTTP/1.1" 301 0 "-" "Mozilla/5.0 (Windows NT 10.0; Win64; x64) AppleWebKit/537.36 (KHTML, like Gecko) Chrome/60.0.3112.113 Safari/537.36"
45.156.129.126 - - [30/Mar/2025:04:26:47 -0400] "GET /wp-content/plugins/all-in-one-wp-security-and-firewall/readme.txt HTTP/1.1" 301 0 "-" "Mozilla/5.0 (Windows NT 10.0; Win64; x64) AppleWebKit/537.36 (KHTML, like Gecko) Chrome/60.0.3112.113 Safari/537.36"
45.156.129.127 - - [30/Mar/2025:04:26:47 -0400] "GET /wp-content/plugins/header-footer-elementor/readme.txt HTTP/1.1" 301 0 "-" "Mozilla/5.0 (Windows NT 10.0; Win64; x64) AppleWebKit/537.36 (KHTML, like Gecko) Chrome/60.0.3112.113 Safari/537.36"
45.156.129.128 - - [30/Mar/2025:04:26:47 -0400] "GET /wp-content/plugins/coming-soon/readme.txt HTTP/1.1" 301 0 "-" "Mozilla/5.0 (Windows NT 10.0; Win64; x64) AppleWebKit/537.36 (KHTML, like Gecko) Chrome/60.0.3112.113 Safari/537.36"
45.156.129.127 - - [30/Mar/2025:04:26:46 -0400] "GET /wp-content/plugins/google-site-kit/readme.txt HTTP/1.1" 301 0 "-" "Mozilla/5.0 (Windows NT 10.0; Win64; x64) AppleWebKit/537.36 (KHTML, like Gecko) Chrome/60.0.3112.113 Safari/537.36"
45.156.129.126 - - [30/Mar/2025:04:26:47 -0400] "GET /wp-content/plugins/limit-login-attempts-reloaded/readme.txt HTTP/1.1" 404 15318 "http://www.creative-webstyle.com/wp-content/plugins/limit-login-attempts-reloaded/readme.txt" "Mozilla/5.0 (Windows NT 10.0; Win64; x64) AppleWebKit/537.36 (KHTML, like Gecko) Chrome/60.0.3112.113 Safari/537.36"
45.156.129.128 - - [30/Mar/2025:04:26:47 -0400] "GET /wp-content/plugins/svg-support/readme.txt HTTP/1.1" 301 0 "-" "Mozilla/5.0 (Windows NT 10.0; Win64; x64) AppleWebKit/537.36 (KHTML, like Gecko) Chrome/60.0.3112.113 Safari/537.36"
45.156.129.125 - - [30/Mar/2025:04:26:47 -0400] "GET /wp-content/plugins/redux-framework/readme.txt HTTP/1.1" 301 0 "-" "Mozilla/5.0 (Windows NT 10.0; Win64; x64) AppleWebKit/537.36 (KHTML, like Gecko) Chrome/60.0.3112.113 Safari/537.36"
45.156.129.126 - - [30/Mar/2025:04:26:47 -0400] "GET /wp-content/plugins/contact-form-7/readme.txt HTTP/1.1" 404 15308 "http://www.creative-webstyle.com/wp-content/plugins/contact-form-7/readme.txt" "Mozilla/5.0 (Windows NT 10.0; Win64; x64) AppleWebKit/537.36 (KHTML, like Gecko) Chrome/60.0.3112.113 Safari/537.36"
45.156.129.126 - - [30/Mar/2025:04:26:47 -0400] "GET /wp-content/plugins/wpforms-lite/readme.txt HTTP/1.1" 404 15305 "http://www.creative-webstyle.com/wp-content/plugins/wpforms-lite/readme.txt" "Mozilla/5.0 (Windows NT 10.0; Win64; x64) AppleWebKit/537.36 (KHTML, like Gecko) Chrome/60.0.3112.113 Safari/537.36"
45.156.129.128 - - [30/Mar/2025:04:26:47 -0400] "GET /wp-content/plugins/akismet/readme.txt HTTP/1.1" 404 15302 "http://www.creative-webstyle.com/wp-content/plugins/akismet/readme.txt" "Mozilla/5.0 (Windows NT 10.0; Win64; x64) AppleWebKit/537.36 (KHTML, like Gecko) Chrome/60.0.3112.113 Safari/537.36"
198.54.114.83 - - [30/Mar/2025:04:26:49 -0400] "POST /wp-cron.php?doing_wp_cron=1743323209.0683178901672363281250 HTTP/1.1" 200 0 "-" "WordPress/6.7.2; https://creative-webstyle.com"
198.54.114.83 - - [30/Mar/2025:04:26:49 -0400] "POST /wp-cron.php?doing_wp_cron=1743323209.0248379707336425781250 HTTP/1.1" 200 0 "-" "WordPress/6.7.2; https://creative-webstyle.com"
45.156.129.128 - - [30/Mar/2025:04:26:47 -0400] "GET /wp-content/plugins/all-in-one-wp-migration/readme.txt HTTP/1.1" 404 15315 "http://www.creative-webstyle.com/wp-content/plugins/all-in-one-wp-migration/readme.txt" "Mozilla/5.0 (Windows NT 10.0; Win64; x64) AppleWebKit/537.36 (KHTML, like Gecko) Chrome/60.0.3112.113 Safari/537.36"
45.156.129.127 - - [30/Mar/2025:04:26:47 -0400] "GET /wp-content/plugins/insert-headers-and-footers/readme.txt HTTP/1.1" 404 15314 "http://www.creative-webstyle.com/wp-content/plugins/insert-headers-and-footers/readme.txt" "Mozilla/5.0 (Windows NT 10.0; Win64; x64) AppleWebKit/537.36 (KHTML, like Gecko) Chrome/60.0.3112.113 Safari/537.36"
45.156.129.126 - - [30/Mar/2025:04:26:47 -0400] "GET /wp-content/plugins/really-simple-ssl/readme.txt HTTP/1.1" 404 15309 "http://www.creative-webstyle.com/wp-content/plugins/really-simple-ssl/readme.txt" "Mozilla/5.0 (Windows NT 10.0; Win64; x64) AppleWebKit/537.36 (KHTML, like Gecko) Chrome/60.0.3112.113 Safari/537.36"
45.156.129.128 - - [30/Mar/2025:04:26:47 -0400] "GET /wp-content/plugins/wordfence/readme.txt HTTP/1.1" 404 15304 "http://www.creative-webstyle.com/wp-content/plugins/wordfence/readme.txt" "Mozilla/5.0 (Windows NT 10.0; Win64; x64) AppleWebKit/537.36 (KHTML, like Gecko) Chrome/60.0.3112.113 Safari/537.36"
45.156.129.125 - - [30/Mar/2025:04:26:47 -0400] "GET /wp-content/plugins/seo-by-rank-math/readme.txt HTTP/1.1" 404 15311 "http://www.creative-webstyle.com/wp-content/plugins/seo-by-rank-math/readme.txt" "Mozilla/5.0 (Windows NT 10.0; Win64; x64) AppleWebKit/537.36 (KHTML, like Gecko) Chrome/60.0.3112.113 Safari/537.36"
45.156.129.127 - - [30/Mar/2025:04:26:47 -0400] "GET /wp-content/plugins/wps-hide-login/readme.txt HTTP/1.1" 404 15307 "http://www.creative-webstyle.com/wp-content/plugins/wps-hide-login/readme.txt" "Mozilla/5.0 (Windows NT 10.0; Win64; x64) AppleWebKit/537.36 (KHTML, like Gecko) Chrome/60.0.3112.113 Safari/537.36"
45.156.129.126 - - [30/Mar/2025:04:26:47 -0400] "GET /wp-content/plugins/essential-addons-for-elementor-lite/readme.txt HTTP/1.1" 404 15323 "http://www.creative-webstyle.com/wp-content/plugins/essential-addons-for-elementor-lite/readme.txt" "Mozilla/5.0 (Windows NT 10.0; Win64; x64) AppleWebKit/537.36 (KHTML, like Gecko) Chrome/60.0.3112.113 Safari/537.36"
45.156.129.128 - - [30/Mar/2025:04:26:47 -0400] "GET /wp-content/plugins/duplicate-post/readme.txt HTTP/1.1" 404 15307 "http://www.creative-webstyle.com/wp-content/plugins/duplicate-post/readme.txt" "Mozilla/5.0 (Windows NT 10.0; Win64; x64) AppleWebKit/537.36 (KHTML, like Gecko) Chrome/60.0.3112.113 Safari/537.36"
45.156.129.125 - - [30/Mar/2025:04:26:47 -0400] "GET /wp-content/plugins/all-in-one-seo-pack/readme.txt HTTP/1.1" 404 15314 "http://www.creative-webstyle.com/wp-content/plugins/all-in-one-seo-pack/readme.txt" "Mozilla/5.0 (Windows NT 10.0; Win64; x64) AppleWebKit/537.36 (KHTML, like Gecko) Chrome/60.0.3112.113 Safari/537.36"
45.156.129.126 - - [30/Mar/2025:04:26:47 -0400] "GET /wp-content/plugins/autoptimize/readme.txt HTTP/1.1" 404 15307 "http://www.creative-webstyle.com/wp-content/plugins/autoptimize/readme.txt" "Mozilla/5.0 (Windows NT 10.0; Win64; x64) AppleWebKit/537.36 (KHTML, like Gecko) Chrome/60.0.3112.113 Safari/537.36"
45.156.129.126 - - [30/Mar/2025:04:26:48 -0400] "GET /wp-content/plugins/sg-security/readme.txt HTTP/1.1" 404 15307 "http://www.creative-webstyle.com/wp-content/plugins/sg-security/readme.txt" "Mozilla/5.0 (Windows NT 10.0; Win64; x64) AppleWebKit/537.36 (KHTML, like Gecko) Chrome/60.0.3112.113 Safari/537.36"
45.156.129.126 - - [30/Mar/2025:04:26:47 -0400] "GET /wp-content/plugins/updraftplus/readme.txt HTTP/1.1" 404 15305 "http://www.creative-webstyle.com/wp-content/plugins/updraftplus/readme.txt" "Mozilla/5.0 (Windows NT 10.0; Win64; x64) AppleWebKit/537.36 (KHTML, like Gecko) Chrome/60.0.3112.113 Safari/537.36"
45.156.129.125 - - [30/Mar/2025:04:26:47 -0400] "GET /wp-content/plugins/advanced-custom-fields/readme.txt HTTP/1.1" 404 15310 "http://www.creative-webstyle.com/wp-content/plugins/advanced-custom-fields/readme.txt" "Mozilla/5.0 (Windows NT 10.0; Win64; x64) AppleWebKit/537.36 (KHTML, like Gecko) Chrome/60.0.3112.113 Safari/537.36"
45.156.129.125 - - [30/Mar/2025:04:26:47 -0400] "GET /wp-content/plugins/loginizer/readme.txt HTTP/1.1" 404 15306 "http://www.creative-webstyle.com/wp-content/plugins/loginizer/readme.txt" "Mozilla/5.0 (Windows NT 10.0; Win64; x64) AppleWebKit/537.36 (KHTML, like Gecko) Chrome/60.0.3112.113 Safari/537.36"
45.156.129.125 - - [30/Mar/2025:04:26:47 -0400] "GET /wp-content/plugins/google-analytics-for-wordpress/readme.txt HTTP/1.1" 404 15319 "http://www.creative-webstyle.com/wp-content/plugins/google-analytics-for-wordpress/readme.txt" "Mozilla/5.0 (Windows NT 10.0; Win64; x64) AppleWebKit/537.36 (KHTML, like Gecko) Chrome/60.0.3112.113 Safari/537.36"
45.156.129.128 - - [30/Mar/2025:04:26:48 -0400] "GET /wp-content/plugins/w3-total-cache/readme.txt HTTP/1.1" 404 15309 "http://www.creative-webstyle.com/wp-content/plugins/w3-total-cache/readme.txt" "Mozilla/5.0 (Windows NT 10.0; Win64; x64) AppleWebKit/537.36 (KHTML, like Gecko) Chrome/60.0.3112.113 Safari/537.36"
45.156.129.125 - - [30/Mar/2025:04:26:48 -0400] "GET /wp-content/plugins/smart-slider-3/readme.txt HTTP/1.1" 404 15310 "http://www.creative-webstyle.com/wp-content/plugins/smart-slider-3/readme.txt" "Mozilla/5.0 (Windows NT 10.0; Win64; x64) AppleWebKit/537.36 (KHTML, like Gecko) Chrome/60.0.3112.113 Safari/537.36"
45.156.129.126 - - [30/Mar/2025:04:26:47 -0400] "GET /wp-content/plugins/jetpack/readme.txt HTTP/1.1" 404 15306 "http://www.creative-webstyle.com/wp-content/plugins/jetpack/readme.txt" "Mozilla/5.0 (Windows NT 10.0; Win64; x64) AppleWebKit/537.36 (KHTML, like Gecko) Chrome/60.0.3112.113 Safari/537.36"
45.156.129.126 - - [30/Mar/2025:04:26:47 -0400] "GET /wp-content/plugins/wp-file-manager/readme.txt HTTP/1.1" 404 15309 "http://www.creative-webstyle.com/wp-content/plugins/wp-file-manager/readme.txt" "Mozilla/5.0 (Windows NT 10.0; Win64; x64) AppleWebKit/537.36 (KHTML, like Gecko) Chrome/60.0.3112.113 Safari/537.36"
45.156.129.125 - - [30/Mar/2025:04:26:47 -0400] "GET /wp-content/plugins/woocommerce/readme.txt HTTP/1.1" 404 15312 "http://www.creative-webstyle.com/wp-content/plugins/woocommerce/readme.txt" "Mozilla/5.0 (Windows NT 10.0; Win64; x64) AppleWebKit/537.36 (KHTML, like Gecko) Chrome/60.0.3112.113 Safari/537.36"
45.156.129.128 - - [30/Mar/2025:04:26:47 -0400] "GET /wp-content/plugins/redirection/readme.txt HTTP/1.1" 404 15304 "http://www.creative-webstyle.com/wp-content/plugins/redirection/readme.txt" "Mozilla/5.0 (Windows NT 10.0; Win64; x64) AppleWebKit/537.36 (KHTML, like Gecko) Chrome/60.0.3112.113 Safari/537.36"
45.156.129.127 - - [30/Mar/2025:04:26:47 -0400] "GET /wp-content/plugins/duplicate-page/readme.txt HTTP/1.1" 404 15308 "http://www.creative-webstyle.com/wp-content/plugins/duplicate-page/readme.txt" "Mozilla/5.0 (Windows NT 10.0; Win64; x64) AppleWebKit/537.36 (KHTML, like Gecko) Chrome/60.0.3112.113 Safari/537.36"
45.156.129.127 - - [30/Mar/2025:04:26:47 -0400] "GET /wp-content/plugins/astra-sites/readme.txt HTTP/1.1" 404 15304 "http://www.creative-webstyle.com/wp-content/plugins/astra-sites/readme.txt" "Mozilla/5.0 (Windows NT 10.0; Win64; x64) AppleWebKit/537.36 (KHTML, like Gecko) Chrome/60.0.3112.113 Safari/537.36"
45.156.129.127 - - [30/Mar/2025:04:26:48 -0400] "GET /wp-content/plugins/better-wp-security/readme.txt HTTP/1.1" 404 15313 "http://www.creative-webstyle.com/wp-content/plugins/better-wp-security/readme.txt" "Mozilla/5.0 (Windows NT 10.0; Win64; x64) AppleWebKit/537.36 (KHTML, like Gecko) Chrome/60.0.3112.113 Safari/537.36"
45.156.129.125 - - [30/Mar/2025:04:26:47 -0400] "GET /wp-content/plugins/wp-optimize/readme.txt HTTP/1.1" 404 15305 "http://www.creative-webstyle.com/wp-content/plugins/wp-optimize/readme.txt" "Mozilla/5.0 (Windows NT 10.0; Win64; x64) AppleWebKit/537.36 (KHTML, like Gecko) Chrome/60.0.3112.113 Safari/537.36"
45.156.129.126 - - [30/Mar/2025:04:26:47 -0400] "GET /wp-content/plugins/duplicator/readme.txt HTTP/1.1" 404 15306 "http://www.creative-webstyle.com/wp-content/plugins/duplicator/readme.txt" "Mozilla/5.0 (Windows NT 10.0; Win64; x64) AppleWebKit/537.36 (KHTML, like Gecko) Chrome/60.0.3112.113 Safari/537.36"
45.156.129.126 - - [30/Mar/2025:04:26:47 -0400] "GET /wp-content/plugins/hostinger/readme.txt HTTP/1.1" 404 15305 "http://www.creative-webstyle.com/wp-content/plugins/hostinger/readme.txt" "Mozilla/5.0 (Windows NT 10.0; Win64; x64) AppleWebKit/537.36 (KHTML, like Gecko) Chrome/60.0.3112.113 Safari/537.36"
45.156.129.127 - - [30/Mar/2025:04:26:48 -0400] "GET /wp-content/plugins/ultimate-addons-for-gutenberg/readme.txt HTTP/1.1" 404 15320 "http://www.creative-webstyle.com/wp-content/plugins/ultimate-addons-for-gutenberg/readme.txt" "Mozilla/5.0 (Windows NT 10.0; Win64; x64) AppleWebKit/537.36 (KHTML, like Gecko) Chrome/60.0.3112.113 Safari/537.36"
45.156.129.127 - - [30/Mar/2025:04:26:47 -0400] "GET /wp-content/plugins/mailchimp-for-wp/readme.txt HTTP/1.1" 404 15311 "http://www.creative-webstyle.com/wp-content/plugins/mailchimp-for-wp/readme.txt" "Mozilla/5.0 (Windows NT 10.0; Win64; x64) AppleWebKit/537.36 (KHTML, like Gecko) Chrome/60.0.3112.113 Safari/537.36"
45.156.129.127 - - [30/Mar/2025:04:26:48 -0400] "GET /wp-content/plugins/better-search-replace/readme.txt HTTP/1.1" 404 15310 "http://www.creative-webstyle.com/wp-content/plugins/better-search-replace/readme.txt" "Mozilla/5.0 (Windows NT 10.0; Win64; x64) AppleWebKit/537.36 (KHTML, like Gecko) Chrome/60.0.3112.113 Safari/537.36"
45.156.129.126 - - [30/Mar/2025:04:26:48 -0400] "GET /wp-content/plugins/wp-super-cache/readme.txt HTTP/1.1" 404 15308 "http://www.creative-webstyle.com/wp-content/plugins/wp-super-cache/readme.txt" "Mozilla/5.0 (Windows NT 10.0; Win64; x64) AppleWebKit/537.36 (KHTML, like Gecko) Chrome/60.0.3112.113 Safari/537.36"
45.156.129.125 - - [30/Mar/2025:04:26:48 -0400] "GET /wp-content/plugins/ewww-image-optimizer/readme.txt HTTP/1.1" 404 15313 "http://www.creative-webstyle.com/wp-content/plugins/ewww-image-optimizer/readme.txt" "Mozilla/5.0 (Windows NT 10.0; Win64; x64) AppleWebKit/537.36 (KHTML, like Gecko) Chrome/60.0.3112.113 Safari/537.36"
45.156.129.128 - - [30/Mar/2025:04:26:48 -0400] "GET /wp-content/plugins/envato-elements/readme.txt HTTP/1.1" 404 15311 "http://www.creative-webstyle.com/wp-content/plugins/envato-elements/readme.txt" "Mozilla/5.0 (Windows NT 10.0; Win64; x64) AppleWebKit/537.36 (KHTML, like Gecko) Chrome/60.0.3112.113 Safari/537.36"
45.156.129.126 - - [30/Mar/2025:04:26:48 -0400] "GET /wp-content/plugins/complianz-gdpr/readme.txt HTTP/1.1" 404 15309 "http://www.creative-webstyle.com/wp-content/plugins/complianz-gdpr/readme.txt" "Mozilla/5.0 (Windows NT 10.0; Win64; x64) AppleWebKit/537.36 (KHTML, like Gecko) Chrome/60.0.3112.113 Safari/537.36"
45.156.129.125 - - [30/Mar/2025:04:26:48 -0400] "GET /wp-content/plugins/disable-comments/readme.txt HTTP/1.1" 404 15307 "http://www.creative-webstyle.com/wp-content/plugins/disable-comments/readme.txt" "Mozilla/5.0 (Windows NT 10.0; Win64; x64) AppleWebKit/537.36 (KHTML, like Gecko) Chrome/60.0.3112.113 Safari/537.36"
45.156.129.127 - - [30/Mar/2025:04:26:49 -0400] "GET /wp-content/plugins/redux-framework/readme.txt HTTP/1.1" 404 15310 "http://www.creative-webstyle.com/wp-content/plugins/redux-framework/readme.txt" "Mozilla/5.0 (Windows NT 10.0; Win64; x64) AppleWebKit/537.36 (KHTML, like Gecko) Chrome/60.0.3112.113 Safari/537.36"
45.156.129.127 - - [30/Mar/2025:04:26:49 -0400] "GET /wp-content/plugins/coming-soon/readme.txt HTTP/1.1" 404 15307 "http://www.creative-webstyle.com/wp-content/plugins/coming-soon/readme.txt" "Mozilla/5.0 (Windows NT 10.0; Win64; x64) AppleWebKit/537.36 (KHTML, like Gecko) Chrome/60.0.3112.113 Safari/537.36"
45.156.129.128 - - [30/Mar/2025:04:26:49 -0400] "GET /wp-content/plugins/all-in-one-wp-security-and-firewall/readme.txt HTTP/1.1" 404 15326 "http://www.creative-webstyle.com/wp-content/plugins/all-in-one-wp-security-and-firewall/readme.txt" "Mozilla/5.0 (Windows NT 10.0; Win64; x64) AppleWebKit/537.36 (KHTML, like Gecko) Chrome/60.0.3112.113 Safari/537.36"
45.156.129.127 - - [30/Mar/2025:04:26:49 -0400] "GET /wp-content/plugins/header-footer-elementor/readme.txt HTTP/1.1" 404 15313 "http://www.creative-webstyle.com/wp-content/plugins/header-footer-elementor/readme.txt" "Mozilla/5.0 (Windows NT 10.0; Win64; x64) AppleWebKit/537.36 (KHTML, like Gecko) Chrome/60.0.3112.113 Safari/537.36"
45.156.129.125 - - [30/Mar/2025:04:26:49 -0400] "GET /wp-content/plugins/google-site-kit/readme.txt HTTP/1.1" 404 15308 "http://www.creative-webstyle.com/wp-content/plugins/google-site-kit/readme.txt" "Mozilla/5.0 (Windows NT 10.0; Win64; x64) AppleWebKit/537.36 (KHTML, like Gecko) Chrome/60.0.3112.113 Safari/537.36"
45.156.129.125 - - [30/Mar/2025:04:26:49 -0400] "GET /wp-content/plugins/svg-support/readme.txt HTTP/1.1" 404 15304 "http://www.creative-webstyle.com/wp-content/plugins/svg-support/readme.txt" "Mozilla/5.0 (Windows NT 10.0; Win64; x64) AppleWebKit/537.36 (KHTML, like Gecko) Chrome/60.0.3112.113 Safari/537.36"
45.156.129.126 - - [30/Mar/2025:04:27:41 -0400] "GET /wp-content/plugins/wordpress-database-reset/readme.txt HTTP/1.1" 301 0 "-" "Mozilla/5.0 (Windows NT 10.0; Win64; x64) AppleWebKit/537.36 (KHTML, like Gecko) Chrome/60.0.3112.113 Safari/537.36"
45.156.129.125 - - [30/Mar/2025:04:27:42 -0400] "GET /wp-content/plugins/wordpress-database-reset/readme.txt HTTP/1.1" 404 15313 "http://www.creative-webstyle.com/wp-content/plugins/wordpress-database-reset/readme.txt" "Mozilla/5.0 (Windows NT 10.0; Win64; x64) AppleWebKit/537.36 (KHTML, like Gecko) Chrome/60.0.3112.113 Safari/537.36"
45.156.129.125 - - [30/Mar/2025:04:28:00 -0400] "GET /favicon.ico HTTP/1.1" 404 1251 "-" "Mozilla/5.0 (Windows NT 10.0; WOW64) AppleWebKit/537.36 (KHTML, like Gecko) Chrome/66.0.3359.117 Safari/537.36"
222.73.51.239 - - [30/Mar/2025:04:28:34 -0400] "GET /wp-login.php HTTP/1.1" 302 0 "-" "Apache-HttpClient/4.5.2 (Java/1.8.0_351)"
198.54.114.83 - - [30/Mar/2025:04:28:36 -0400] "POST /wp-cron.php?doing_wp_cron=1743323314.8251829147338867187500 HTTP/1.1" 200 0 "-" "WordPress/6.7.2; https://creative-webstyle.com"
222.73.51.239 - - [30/Mar/2025:04:28:53 -0400] "GET /?author=1 HTTP/1.1" 200 98430 "-" "Apache-HttpClient/4.5.2 (Java/1.8.0_351)"
222.73.51.239 - - [30/Mar/2025:04:28:54 -0400] "GET /?author=2 HTTP/1.1" 200 98430 "-" "Apache-HttpClient/4.5.2 (Java/1.8.0_351)"
222.73.51.239 - - [30/Mar/2025:04:28:55 -0400] "GET /?author=3 HTTP/1.1" 200 98430 "-" "Apache-HttpClient/4.5.2 (Java/1.8.0_351)"
222.73.51.239 - - [30/Mar/2025:04:28:56 -0400] "GET /?author=4 HTTP/1.1" 200 98430 "-" "Apache-HttpClient/4.5.2 (Java/1.8.0_351)"
222.73.51.239 - - [30/Mar/2025:04:28:56 -0400] "GET /?author=5 HTTP/1.1" 200 98430 "-" "Apache-HttpClient/4.5.2 (Java/1.8.0_351)"
222.73.51.239 - - [30/Mar/2025:04:28:57 -0400] "GET /?author=6 HTTP/1.1" 200 98430 "-" "Apache-HttpClient/4.5.2 (Java/1.8.0_351)"
222.73.51.239 - - [30/Mar/2025:04:28:59 -0400] "GET /?author=7 HTTP/1.1" 200 98430 "-" "Apache-HttpClient/4.5.2 (Java/1.8.0_351)"
222.73.51.239 - - [30/Mar/2025:04:29:00 -0400] "GET /?author=8 HTTP/1.1" 200 98430 "-" "Apache-HttpClient/4.5.2 (Java/1.8.0_351)"
222.73.51.239 - - [30/Mar/2025:04:29:02 -0400] "GET /?author=9 HTTP/1.1" 200 98430 "-" "Apache-HttpClient/4.5.2 (Java/1.8.0_351)"
222.73.51.239 - - [30/Mar/2025:04:29:03 -0400] "GET /?author=10 HTTP/1.1" 200 98430 "-" "Apache-HttpClient/4.5.2 (Java/1.8.0_351)"
222.73.51.239 - - [30/Mar/2025:04:29:04 -0400] "GET /?author=11 HTTP/1.1" 200 98430 "-" "Apache-HttpClient/4.5.2 (Java/1.8.0_351)"
222.73.51.239 - - [30/Mar/2025:04:29:05 -0400] "GET /?author=12 HTTP/1.1" 200 98430 "-" "Apache-HttpClient/4.5.2 (Java/1.8.0_351)"
222.73.51.239 - - [30/Mar/2025:04:29:08 -0400] "GET /?author=13 HTTP/1.1" 200 98430 "-" "Apache-HttpClient/4.5.2 (Java/1.8.0_351)"
222.73.51.239 - - [30/Mar/2025:04:29:11 -0400] "GET /?author=14 HTTP/1.1" 200 98430 "-" "Apache-HttpClient/4.5.2 (Java/1.8.0_351)"
222.73.51.239 - - [30/Mar/2025:04:29:12 -0400] "GET /?author=15 HTTP/1.1" 200 98430 "-" "Apache-HttpClient/4.5.2 (Java/1.8.0_351)"
222.73.51.239 - - [30/Mar/2025:04:29:13 -0400] "GET /?author=16 HTTP/1.1" 200 98430 "-" "Apache-HttpClient/4.5.2 (Java/1.8.0_351)"
222.73.51.239 - - [30/Mar/2025:04:29:14 -0400] "GET /?author=17 HTTP/1.1" 200 98430 "-" "Apache-HttpClient/4.5.2 (Java/1.8.0_351)"
222.73.51.239 - - [30/Mar/2025:04:29:15 -0400] "GET /?author=18 HTTP/1.1" 200 98430 "-" "Apache-HttpClient/4.5.2 (Java/1.8.0_351)"
222.73.51.239 - - [30/Mar/2025:04:29:17 -0400] "GET /?author=19 HTTP/1.1" 200 98430 "-" "Apache-HttpClient/4.5.2 (Java/1.8.0_351)"
222.73.51.239 - - [30/Mar/2025:04:29:18 -0400] "GET /?author=20 HTTP/1.1" 200 98430 "-" "Apache-HttpClient/4.5.2 (Java/1.8.0_351)"
198.54.114.83 - - [30/Mar/2025:04:36:11 -0400] "POST /wp-cron.php?doing_wp_cron=1743323771.0514340400695800781250 HTTP/1.1" 200 0 "-" "WordPress/6.7.2; https://creative-webstyle.com"
216.244.66.194 - - [30/Mar/2025:04:36:06 -0400] "GET /inside-the-hill-showflat/ HTTP/1.1" 200 22601 "-" "Mozilla/5.0 (compatible; DotBot/1.2; +https://opensiteexplorer.org/dotbot; help@moz.com)"
198.54.114.83 - - [30/Mar/2025:04:41:15 -0400] "POST /wp-cron.php?doing_wp_cron=1743324074.8310849666595458984375 HTTP/1.1" 200 0 "-" "WordPress/6.7.2; https://creative-webstyle.com"
216.244.66.194 - - [30/Mar/2025:04:41:10 -0400] "GET /the-ethics-and-efficacy-of-buying-views/ HTTP/1.1" 200 22869 "-" "Mozilla/5.0 (compatible; DotBot/1.2; +https://opensiteexplorer.org/dotbot; help@moz.com)"
198.54.114.83 - - [30/Mar/2025:04:46:28 -0400] "POST /wp-cron.php?doing_wp_cron=1743324388.5512309074401855468750 HTTP/1.1" 200 0 "-" "WordPress/6.7.2; https://creative-webstyle.com"
139.99.68.31 - - [30/Mar/2025:04:46:28 -0400] "GET /wp-content/uploads/2017-------/09/wp-console.php HTTP/1.1" 404 15305 "-" "Mozilla/5.0 (Linux; Android 11; M2010J19SI) AppleWebKit/537.36 (KHTML, like Gecko) Chrome/109.0.0.0 Mobile Safari/537.36"
139.99.68.31 - - [30/Mar/2025:04:46:31 -0400] "GET /wp-includes/js/crop/uword.php HTTP/1.1" 404 15296 "-" "Mozilla/5.0 (Linux; Android 11; M2010J19SI) AppleWebKit/537.36 (KHTML, like Gecko) Chrome/109.0.0.0 Mobile Safari/537.36"
139.99.68.31 - - [30/Mar/2025:04:46:32 -0400] "GET /wp-content/themes/bltm/wp-login.php HTTP/1.1" 404 15297 "-" "Mozilla/5.0 (Linux; Android 11; M2010J19SI) AppleWebKit/537.36 (KHTML, like Gecko) Chrome/109.0.0.0 Mobile Safari/537.36"
139.99.68.31 - - [30/Mar/2025:04:46:33 -0400] "GET /autoload_classmap.php HTTP/1.1" 404 15290 "-" "Mozilla/5.0 (Linux; Android 11; M2010J19SI) AppleWebKit/537.36 (KHTML, like Gecko) Chrome/109.0.0.0 Mobile Safari/537.36"
139.99.68.31 - - [30/Mar/2025:04:46:34 -0400] "GET /wp-content/uploads/2014/07/olx.php HTTP/1.1" 404 15299 "-" "Mozilla/5.0 (Linux; Android 11; M2010J19SI) AppleWebKit/537.36 (KHTML, like Gecko) Chrome/109.0.0.0 Mobile Safari/537.36"
198.54.114.83 - - [30/Mar/2025:04:46:41 -0400] "POST /wp-cron.php?doing_wp_cron=1743324401.3112790584564208984375 HTTP/1.1" 200 0 "-" "WordPress/6.7.2; https://creative-webstyle.com"
139.99.68.31 - - [30/Mar/2025:04:46:41 -0400] "GET /wp-admin/css/colors/midnight/index.php HTTP/1.1" 301 0 "-" "Mozilla/5.0 (Linux; Android 11; M2010J19SI) AppleWebKit/537.36 (KHTML, like Gecko) Chrome/109.0.0.0 Mobile Safari/537.36"
139.99.68.31 - - [30/Mar/2025:04:46:41 -0400] "GET /wp-admin/css/colors/midnight/ HTTP/1.1" 403 1242 "-" "Mozilla/5.0 (Linux; Android 11; M2010J19SI) AppleWebKit/537.36 (KHTML, like Gecko) Chrome/109.0.0.0 Mobile Safari/537.36"
139.99.68.31 - - [30/Mar/2025:04:46:42 -0400] "GET /wp-content/uploads/2020/wp-couldent.php.suspected HTTP/1.1" 404 15312 "-" "Mozilla/5.0 (Linux; Android 11; M2010J19SI) AppleWebKit/537.36 (KHTML, like Gecko) Chrome/109.0.0.0 Mobile Safari/537.36"
139.99.68.31 - - [30/Mar/2025:04:46:43 -0400] "GET /wp-content/plugins/523453244/ninja.php HTTP/1.1" 404 15304 "-" "Mozilla/5.0 (Linux; Android 11; M2010J19SI) AppleWebKit/537.36 (KHTML, like Gecko) Chrome/109.0.0.0 Mobile Safari/537.36"
139.99.68.31 - - [30/Mar/2025:04:46:44 -0400] "GET /wp-includes/js/imgareaselect/index.php HTTP/1.1" 301 0 "-" "Mozilla/5.0 (Linux; Android 11; M2010J19SI) AppleWebKit/537.36 (KHTML, like Gecko) Chrome/109.0.0.0 Mobile Safari/537.36"
139.99.68.31 - - [30/Mar/2025:04:46:45 -0400] "GET /wp-includes/js/imgareaselect/ HTTP/1.1" 403 1242 "-" "Mozilla/5.0 (Linux; Android 11; M2010J19SI) AppleWebKit/537.36 (KHTML, like Gecko) Chrome/109.0.0.0 Mobile Safari/537.36"
139.99.68.31 - - [30/Mar/2025:04:46:45 -0400] "GET /wp-includes/PHPMailer/load.php HTTP/1.1" 404 15297 "-" "Mozilla/5.0 (Linux; Android 11; M2010J19SI) AppleWebKit/537.36 (KHTML, like Gecko) Chrome/109.0.0.0 Mobile Safari/537.36"
139.99.68.31 - - [30/Mar/2025:04:46:46 -0400] "GET /wp-links.php HTTP/1.1" 404 15284 "-" "Mozilla/5.0 (Linux; Android 11; M2010J19SI) AppleWebKit/537.36 (KHTML, like Gecko) Chrome/109.0.0.0 Mobile Safari/537.36"
198.54.114.83 - - [30/Mar/2025:04:46:54 -0400] "POST /wp-cron.php?doing_wp_cron=1743324414.5920560359954833984375 HTTP/1.1" 200 0 "-" "WordPress/6.7.2; https://creative-webstyle.com"
139.99.68.31 - - [30/Mar/2025:04:46:54 -0400] "GET /wp-aa.php HTTP/1.1" 404 15281 "-" "Mozilla/5.0 (Linux; Android 11; M2010J19SI) AppleWebKit/537.36 (KHTML, like Gecko) Chrome/109.0.0.0 Mobile Safari/537.36"
139.99.68.31 - - [30/Mar/2025:04:46:55 -0400] "GET /wp-content/themes/travelscape/json.php HTTP/1.1" 404 15300 "-" "Mozilla/5.0 (Linux; Android 11; M2010J19SI) AppleWebKit/537.36 (KHTML, like Gecko) Chrome/109.0.0.0 Mobile Safari/537.36"
139.99.68.31 - - [30/Mar/2025:04:46:57 -0400] "GET /wp-content/themes/travel/issue.php HTTP/1.1" 404 15298 "-" "Mozilla/5.0 (Linux; Android 11; M2010J19SI) AppleWebKit/537.36 (KHTML, like Gecko) Chrome/109.0.0.0 Mobile Safari/537.36"
139.99.68.31 - - [30/Mar/2025:04:46:58 -0400] "GET /about.php HTTP/1.1" 404 15282 "-" "Mozilla/5.0 (Linux; Android 11; M2010J19SI) AppleWebKit/537.36 (KHTML, like Gecko) Chrome/109.0.0.0 Mobile Safari/537.36"
139.99.68.31 - - [30/Mar/2025:04:46:59 -0400] "GET /xx.php HTTP/1.1" 404 15281 "-" "Mozilla/5.0 (Linux; Android 11; M2010J19SI) AppleWebKit/537.36 (KHTML, like Gecko) Chrome/109.0.0.0 Mobile Safari/537.36"
139.99.68.31 - - [30/Mar/2025:04:47:01 -0400] "GET /wp-content/themes/digital-download/new.php HTTP/1.1" 404 15304 "-" "Mozilla/5.0 (Linux; Android 11; M2010J19SI) AppleWebKit/537.36 (KHTML, like Gecko) Chrome/109.0.0.0 Mobile Safari/537.36"
139.99.68.31 - - [30/Mar/2025:04:47:02 -0400] "GET /epinyins.php HTTP/1.1" 404 15288 "-" "Mozilla/5.0 (Linux; Android 11; M2010J19SI) AppleWebKit/537.36 (KHTML, like Gecko) Chrome/109.0.0.0 Mobile Safari/537.36"
139.99.68.31 - - [30/Mar/2025:04:47:03 -0400] "GET /wp-admin/dropdown.php HTTP/1.1" 404 15286 "-" "Mozilla/5.0 (Linux; Android 11; M2010J19SI) AppleWebKit/537.36 (KHTML, like Gecko) Chrome/109.0.0.0 Mobile Safari/537.36"
139.99.68.31 - - [30/Mar/2025:04:47:04 -0400] "GET /dropdown.php HTTP/1.1" 404 15287 "-" "Mozilla/5.0 (Linux; Android 11; M2010J19SI) AppleWebKit/537.36 (KHTML, like Gecko) Chrome/109.0.0.0 Mobile Safari/537.36"
139.99.68.31 - - [30/Mar/2025:04:47:06 -0400] "GET /wp-admin/css/index.php HTTP/1.1" 301 0 "-" "Mozilla/5.0 (Linux; Android 11; M2010J19SI) AppleWebKit/537.36 (KHTML, like Gecko) Chrome/109.0.0.0 Mobile Safari/537.36"
139.99.68.31 - - [30/Mar/2025:04:47:06 -0400] "GET /wp-admin/css/ HTTP/1.1" 403 1242 "-" "Mozilla/5.0 (Linux; Android 11; M2010J19SI) AppleWebKit/537.36 (KHTML, like Gecko) Chrome/109.0.0.0 Mobile Safari/537.36"
139.99.68.31 - - [30/Mar/2025:04:47:07 -0400] "GET /wp-content/mah.php HTTP/1.1" 404 15286 "-" "Mozilla/5.0 (Linux; Android 11; M2010J19SI) AppleWebKit/537.36 (KHTML, like Gecko) Chrome/109.0.0.0 Mobile Safari/537.36"
139.99.68.31 - - [30/Mar/2025:04:47:09 -0400] "GET /wp-content/item.php HTTP/1.1" 404 15286 "-" "Mozilla/5.0 (Linux; Android 11; M2010J19SI) AppleWebKit/537.36 (KHTML, like Gecko) Chrome/109.0.0.0 Mobile Safari/537.36"
139.99.68.31 - - [30/Mar/2025:04:47:10 -0400] "GET /wp-content/plugins/shell/about.php HTTP/1.1" 404 15298 "-" "Mozilla/5.0 (Linux; Android 11; M2010J19SI) AppleWebKit/537.36 (KHTML, like Gecko) Chrome/109.0.0.0 Mobile Safari/537.36"
139.99.68.31 - - [30/Mar/2025:04:47:12 -0400] "GET /wp-content/plugins/pwnd/pwnd.php HTTP/1.1" 404 15296 "-" "Mozilla/5.0 (Linux; Android 11; M2010J19SI) AppleWebKit/537.36 (KHTML, like Gecko) Chrome/109.0.0.0 Mobile Safari/537.36"
139.99.68.31 - - [30/Mar/2025:04:47:16 -0400] "GET /wp-content/plugins/fix/up.php HTTP/1.1" 404 15297 "-" "Mozilla/5.0 (Linux; Android 11; M2010J19SI) AppleWebKit/537.36 (KHTML, like Gecko) Chrome/109.0.0.0 Mobile Safari/537.36"
139.99.68.31 - - [30/Mar/2025:04:47:18 -0400] "GET /wp-content/plugins/ph-file-manager/wp-file.php HTTP/1.1" 404 15305 "-" "Mozilla/5.0 (Linux; Android 11; M2010J19SI) AppleWebKit/537.36 (KHTML, like Gecko) Chrome/109.0.0.0 Mobile Safari/537.36"
139.99.68.31 - - [30/Mar/2025:04:47:19 -0400] "GET /wp-content/plugins/root-file-manager/wp-file.php HTTP/1.1" 404 15309 "-" "Mozilla/5.0 (Linux; Android 11; M2010J19SI) AppleWebKit/537.36 (KHTML, like Gecko) Chrome/109.0.0.0 Mobile Safari/537.36"
139.99.68.31 - - [30/Mar/2025:04:47:21 -0400] "GET /wp-content/plugins/wp-help/mini.php HTTP/1.1" 404 15301 "-" "Mozilla/5.0 (Linux; Android 11; M2010J19SI) AppleWebKit/537.36 (KHTML, like Gecko) Chrome/109.0.0.0 Mobile Safari/537.36"
139.99.68.31 - - [30/Mar/2025:04:47:22 -0400] "GET /wp-content/themes/travel/issue.php HTTP/1.1" 404 15298 "-" "Mozilla/5.0 (Linux; Android 11; M2010J19SI) AppleWebKit/537.36 (KHTML, like Gecko) Chrome/109.0.0.0 Mobile Safari/537.36"
139.99.68.31 - - [30/Mar/2025:04:47:23 -0400] "GET /wp-content/themes/jaida/lang.php HTTP/1.1" 404 15298 "-" "Mozilla/5.0 (Linux; Android 11; M2010J19SI) AppleWebKit/537.36 (KHTML, like Gecko) Chrome/109.0.0.0 Mobile Safari/537.36"
139.99.68.31 - - [30/Mar/2025:04:47:27 -0400] "GET /wp-l0gin.php HTTP/1.1" 404 15284 "-" "Mozilla/5.0 (Linux; Android 11; M2010J19SI) AppleWebKit/537.36 (KHTML, like Gecko) Chrome/109.0.0.0 Mobile Safari/537.36"
139.99.68.31 - - [30/Mar/2025:04:47:29 -0400] "GET /ext.php HTTP/1.1" 404 15281 "-" "Mozilla/5.0 (Linux; Android 11; M2010J19SI) AppleWebKit/537.36 (KHTML, like Gecko) Chrome/109.0.0.0 Mobile Safari/537.36"
139.99.68.31 - - [30/Mar/2025:04:47:31 -0400] "GET /wp-l0gin.php HTTP/1.1" 404 15284 "-" "Mozilla/5.0 (Linux; Android 11; M2010J19SI) AppleWebKit/537.36 (KHTML, like Gecko) Chrome/109.0.0.0 Mobile Safari/537.36"
198.54.114.83 - - [30/Mar/2025:04:53:47 -0400] "POST /wp-cron.php?doing_wp_cron=1743324826.9963619709014892578125 HTTP/1.1" 200 0 "-" "WordPress/6.7.2; https://creative-webstyle.com"
172.172.6.28 - - [30/Mar/2025:04:53:44 -0400] "HEAD /wordpress HTTP/1.1" 404 0 "-" "Mozilla/5.0 (Windows NT 10.0; Win64; x64) AppleWebKit/537.36 (KHTML, like Gecko) Chrome/74.0.3729.169 Safari/537.36"
172.172.6.28 - - [30/Mar/2025:04:53:47 -0400] "HEAD / HTTP/1.1" 200 0 "-" "Mozilla/5.0 (Windows NT 10.0; Win64; x64) AppleWebKit/537.36 (KHTML, like Gecko) Chrome/74.0.3729.169 Safari/537.36"
172.172.6.28 - - [30/Mar/2025:04:53:47 -0400] "HEAD /wp HTTP/1.1" 404 0 "-" "Mozilla/5.0 (Windows NT 10.0; Win64; x64) AppleWebKit/537.36 (KHTML, like Gecko) Chrome/74.0.3729.169 Safari/537.36"
172.172.6.28 - - [30/Mar/2025:04:53:47 -0400] "HEAD /bc HTTP/1.1" 404 0 "-" "Mozilla/5.0 (Windows NT 10.0; Win64; x64) AppleWebKit/537.36 (KHTML, like Gecko) Chrome/74.0.3729.169 Safari/537.36"
172.172.6.28 - - [30/Mar/2025:04:53:47 -0400] "HEAD /bk HTTP/1.1" 404 0 "-" "Mozilla/5.0 (Windows NT 10.0; Win64; x64) AppleWebKit/537.36 (KHTML, like Gecko) Chrome/74.0.3729.169 Safari/537.36"
172.172.6.28 - - [30/Mar/2025:04:53:47 -0400] "HEAD /backup HTTP/1.1" 404 0 "-" "Mozilla/5.0 (Windows NT 10.0; Win64; x64) AppleWebKit/537.36 (KHTML, like Gecko) Chrome/74.0.3729.169 Safari/537.36"
172.172.6.28 - - [30/Mar/2025:04:53:48 -0400] "HEAD /old HTTP/1.1" 404 0 "-" "Mozilla/5.0 (Windows NT 10.0; Win64; x64) AppleWebKit/537.36 (KHTML, like Gecko) Chrome/74.0.3729.169 Safari/537.36"
172.172.6.28 - - [30/Mar/2025:04:53:48 -0400] "HEAD /new HTTP/1.1" 301 0 "-" "Mozilla/5.0 (Windows NT 10.0; Win64; x64) AppleWebKit/537.36 (KHTML, like Gecko) Chrome/74.0.3729.169 Safari/537.36"
198.54.114.83 - - [30/Mar/2025:04:53:49 -0400] "POST /wp-cron.php?doing_wp_cron=1743324829.0715250968933105468750 HTTP/1.1" 200 0 "-" "WordPress/6.7.2; https://creative-webstyle.com"
172.172.6.28 - - [30/Mar/2025:04:53:49 -0400] "HEAD /main HTTP/1.1" 404 0 "-" "Mozilla/5.0 (Windows NT 10.0; Win64; x64) AppleWebKit/537.36 (KHTML, like Gecko) Chrome/74.0.3729.169 Safari/537.36"
172.172.6.28 - - [30/Mar/2025:04:53:49 -0400] "HEAD /home HTTP/1.1" 301 0 "-" "Mozilla/5.0 (Windows NT 10.0; Win64; x64) AppleWebKit/537.36 (KHTML, like Gecko) Chrome/74.0.3729.169 Safari/537.36"
18.97.9.96 - - [30/Mar/2025:05:08:44 -0400] "GET /robots.txt HTTP/1.1" 200 132 "-" "Mozilla/5.0 AppleWebKit/537.36 (KHTML, like Gecko; compatible; PerplexityBot/1.0; +https://perplexity.ai/perplexitybot)"
18.97.9.97 - - [30/Mar/2025:05:08:44 -0400] "GET / HTTP/1.1" 200 98430 "-" "Mozilla/5.0 AppleWebKit/537.36 (KHTML, like Gecko; compatible; PerplexityBot/1.0; +https://perplexity.ai/perplexitybot)"
216.244.66.194 - - [30/Mar/2025:05:11:36 -0400] "GET /robots.txt HTTP/1.1" 200 132 "-" "Mozilla/5.0 (compatible; DotBot/1.2; +https://opensiteexplorer.org/dotbot; help@moz.com)"
196.251.71.229 - - [30/Mar/2025:05:12:08 -0400] "GET /wp-content/plugins/fix/up.php HTTP/1.1" 404 15297 "-" "Mozilla/5.0 (Windows NT 10.0; Win64; x64) AppleWebKit/537.36 (KHTML, like Gecko) Chrome/85.0.4183.102 Safari/537.36"
196.251.71.229 - - [30/Mar/2025:05:12:08 -0400] "GET / HTTP/1.1" 200 98430 "-" "Mozlila/5.0 (Linux; Android 7.0; SM-G892A Bulid/NRD90M; wv) AppleWebKit/537.36 (KHTML, like Gecko) Version/4.0 Chrome/60.0.3112.107 Moblie Safari/537.36"
198.54.114.83 - - [30/Mar/2025:05:12:12 -0400] "POST /wp-cron.php?doing_wp_cron=1743325932.3203840255737304687500 HTTP/1.1" 200 0 "-" "WordPress/6.7.2; https://creative-webstyle.com"
198.54.114.83 - - [30/Mar/2025:05:12:12 -0400] "POST /wp-cron.php?doing_wp_cron=1743325932.3298881053924560546875 HTTP/1.1" 200 0 "-" "WordPress/6.7.2; https://creative-webstyle.com"
196.251.71.229 - - [30/Mar/2025:05:12:08 -0400] "POST /ALFA_DATA/alfacgiapi/perl.alfa HTTP/1.1" 404 15258 "www.google.com" "Mozlila/5.0 (Linux; Android 7.0; SM-G892A Bulid/NRD90M; wv) AppleWebKit/537.36 (KHTML, like Gecko) Version/4.0 Chrome/60.0.3112.107 Moblie Safari/537.36"
196.251.71.229 - - [30/Mar/2025:05:12:08 -0400] "POST /wp-plain.php HTTP/1.1" 404 15236 "www.google.com" "Mozilla/5.0 (Linux; Android 7.0; SM-G892A Bulid/NRD90M; wv) AppleWebKit/537.36 (KHTML, like Gecko) Version/4.0 Chrome/60.0.3112.107 Moblie Safari/537.36"
196.251.71.229 - - [30/Mar/2025:05:12:08 -0400] "GET /wp-content/themes/seotheme/db.php?u HTTP/1.1" 404 15298 "www.google.com" "Mozlila/5.0 (Linux; Android 7.0; SM-G892A Bulid/NRD90M; wv) AppleWebKit/537.36 (KHTML, like Gecko) Version/4.0 Chrome/60.0.3112.107 Moblie Safari/537.36"
196.251.71.229 - - [30/Mar/2025:05:12:14 -0400] "GET /fcoerkib.php?Fox=d3wL7 HTTP/1.1" 404 15296 "www.google.com" "Mozilla/5.0 (Linux; Android 7.0; SM-G892A Bulid/NRD90M; wv) AppleWebKit/537.36 (KHTML, like Gecko) Version/4.0 Chrome/60.0.3112.107 Moblie Safari/537.36"
196.251.71.229 - - [30/Mar/2025:05:12:14 -0400] "POST /alfacgiapi/perl.alfa HTTP/1.1" 404 15244 "www.google.com" "Mozlila/5.0 (Linux; Android 7.0; SM-G892A Bulid/NRD90M; wv) AppleWebKit/537.36 (KHTML, like Gecko) Version/4.0 Chrome/60.0.3112.107 Moblie Safari/537.36"
198.54.114.83 - - [30/Mar/2025:05:23:46 -0400] "POST /wp-cron.php?doing_wp_cron=1743326626.1192970275878906250000 HTTP/1.1" 200 0 "-" "WordPress/6.7.2; https://creative-webstyle.com"
216.244.66.194 - - [30/Mar/2025:05:23:42 -0400] "GET /page/158/ HTTP/1.1" 200 20024 "-" "Mozilla/5.0 (compatible; DotBot/1.2; +https://opensiteexplorer.org/dotbot; help@moz.com)"
