52.169.27.135 - - [03/Apr/2025:21:13:35 -0400] "GET /xmrlpc.php?p= HTTP/1.1" 301 0 "-" "-"
52.169.27.135 - - [03/Apr/2025:21:13:35 -0400] "GET /xmrlpc.php HTTP/1.1" 404 15287 "-" "-"
52.169.27.135 - - [03/Apr/2025:21:13:36 -0400] "GET /index.php?x=ooo HTTP/1.1" 301 0 "-" "-"
52.169.27.135 - - [03/Apr/2025:21:13:36 -0400] "GET /?x=ooo HTTP/1.1" 200 98430 "-" "-"
52.169.27.135 - - [03/Apr/2025:21:13:37 -0400] "GET /wp-admin/autoload_classmap.php HTTP/1.1" 404 15292 "-" "-"
52.169.27.135 - - [03/Apr/2025:21:13:37 -0400] "GET /addslashes.php HTTP/1.1" 404 15290 "-" "-"
52.169.27.135 - - [03/Apr/2025:21:13:38 -0400] "GET /.well-known/themes.php HTTP/1.1" 404 15295 "-" "-"
52.169.27.135 - - [03/Apr/2025:21:13:39 -0400] "GET /disagraeosc.php HTTP/1.1" 404 15290 "-" "-"
52.169.27.135 - - [03/Apr/2025:21:13:39 -0400] "GET /wp-content/themes/aahana/json.php HTTP/1.1" 404 15299 "-" "-"
52.169.27.135 - - [03/Apr/2025:21:13:40 -0400] "GET /xmrlpc.php HTTP/1.1" 404 15287 "-" "-"
52.169.27.135 - - [03/Apr/2025:21:13:41 -0400] "GET /classwithtostring.php?p= HTTP/1.1" 301 0 "-" "-"
52.169.27.135 - - [03/Apr/2025:21:13:41 -0400] "GET /classwithtostring.php HTTP/1.1" 404 15293 "-" "-"
52.169.27.135 - - [03/Apr/2025:21:13:42 -0400] "GET /test.php HTTP/1.1" 404 15285 "-" "-"
52.169.27.135 - - [03/Apr/2025:21:13:43 -0400] "GET /catuploadcsv.php HTTP/1.1" 404 15289 "-" "-"
52.169.27.135 - - [03/Apr/2025:21:13:44 -0400] "GET /wp-includes/php-compat/ HTTP/1.1" 403 1242 "-" "-"
52.169.27.135 - - [03/Apr/2025:21:13:44 -0400] "GET /24.php HTTP/1.1" 404 15284 "-" "-"
52.169.27.135 - - [03/Apr/2025:21:13:45 -0400] "GET /.well-known/info.php HTTP/1.1" 404 15295 "-" "-"
52.169.27.135 - - [03/Apr/2025:21:13:46 -0400] "GET /readme.php HTTP/1.1" 404 15287 "-" "-"
52.169.27.135 - - [03/Apr/2025:21:13:47 -0400] "GET /info.php HTTP/1.1" 404 15284 "-" "-"
52.169.27.135 - - [03/Apr/2025:21:13:48 -0400] "GET /license.php HTTP/1.1" 404 15287 "-" "-"
198.54.114.83 - - [03/Apr/2025:21:13:50 -0400] "POST /wp-cron.php?doing_wp_cron=1743729229.9068129062652587890625 HTTP/1.1" 200 0 "-" "WordPress/6.7.2; https://creative-webstyle.com"
52.169.27.135 - - [03/Apr/2025:21:13:49 -0400] "GET /wp-includes/SimplePie/about.php HTTP/1.1" 404 15296 "-" "-"
52.169.27.135 - - [03/Apr/2025:21:13:50 -0400] "GET /wordpress/about.php HTTP/1.1" 404 15287 "-" "-"
52.169.27.135 - - [03/Apr/2025:21:13:51 -0400] "GET /wp-content/gallery/about.php HTTP/1.1" 404 15297 "-" "-"
52.169.27.135 - - [03/Apr/2025:21:13:52 -0400] "GET /fxcexgle.php HTTP/1.1" 404 15289 "-" "-"
52.169.27.135 - - [03/Apr/2025:21:13:53 -0400] "GET /shell20211028.php HTTP/1.1" 404 15291 "-" "-"
52.169.27.135 - - [03/Apr/2025:21:13:54 -0400] "GET /wp-admin/css/admin.php HTTP/1.1" 404 15287 "-" "-"
52.169.27.135 - - [03/Apr/2025:21:13:55 -0400] "GET /wp-content/themes/ HTTP/1.1" 200 0 "-" "-"
52.169.27.135 - - [03/Apr/2025:21:13:56 -0400] "GET /wp-content/plugins/ninja-forms/ HTTP/1.1" 404 15296 "-" "-"
52.169.27.135 - - [03/Apr/2025:21:13:56 -0400] "GET /cong.php?p= HTTP/1.1" 301 0 "-" "-"
52.169.27.135 - - [03/Apr/2025:21:13:57 -0400] "GET /cong.php HTTP/1.1" 404 15285 "-" "-"
52.169.27.135 - - [03/Apr/2025:21:13:57 -0400] "GET /wp-includes/assets/index.php HTTP/1.1" 301 0 "-" "-"
52.169.27.135 - - [03/Apr/2025:21:13:58 -0400] "GET /wp-includes/assets/ HTTP/1.1" 403 1242 "-" "-"
52.169.27.135 - - [03/Apr/2025:21:13:58 -0400] "GET /wp-commentin.php HTTP/1.1" 404 15289 "-" "-"
52.169.27.135 - - [03/Apr/2025:21:13:59 -0400] "GET /wp-includes/rest-api/about.php HTTP/1.1" 404 15296 "-" "-"
52.169.27.135 - - [03/Apr/2025:21:14:00 -0400] "GET /wp-includes/SimplePie/index.php?p= HTTP/1.1" 301 0 "-" "-"
52.169.27.135 - - [03/Apr/2025:21:14:01 -0400] "GET /wp-includes/SimplePie/ HTTP/1.1" 403 1242 "-" "-"
52.169.27.135 - - [03/Apr/2025:21:14:01 -0400] "GET /wp-content/uploads/wp-login.php HTTP/1.1" 404 15297 "-" "-"
52.169.27.135 - - [03/Apr/2025:21:14:02 -0400] "GET /.well-known/acme-challenge/cloud.php HTTP/1.1" 404 15308 "-" "-"
52.169.27.135 - - [03/Apr/2025:21:14:03 -0400] "GET /wp-admin/css/colors/file.php HTTP/1.1" 404 15294 "-" "-"
52.169.27.135 - - [03/Apr/2025:21:14:04 -0400] "GET /about/sxo.php HTTP/1.1" 404 15287 "-" "-"
52.169.27.135 - - [03/Apr/2025:21:14:04 -0400] "GET /wp-content/plugins/pwnd/block-support.php HTTP/1.1" 404 15312 "-" "-"
52.169.27.135 - - [03/Apr/2025:21:14:05 -0400] "GET /wp-admin/css/colors/coffee/index.php HTTP/1.1" 301 0 "-" "-"
52.169.27.135 - - [03/Apr/2025:21:14:06 -0400] "GET /wp-admin/css/colors/coffee/ HTTP/1.1" 403 1242 "-" "-"
52.169.27.135 - - [03/Apr/2025:21:14:06 -0400] "GET /wp-includes/style-engine/about.php HTTP/1.1" 404 15297 "-" "-"
52.169.27.135 - - [03/Apr/2025:21:14:07 -0400] "GET /wp-content/cong.php HTTP/1.1" 404 15289 "-" "-"
52.169.27.135 - - [03/Apr/2025:21:14:07 -0400] "GET /templates/atomic/templates.php HTTP/1.1" 404 15299 "-" "-"
52.169.27.135 - - [03/Apr/2025:21:14:08 -0400] "GET /k.php HTTP/1.1" 404 15283 "-" "-"
52.169.27.135 - - [03/Apr/2025:21:14:09 -0400] "GET /dirs.php HTTP/1.1" 404 15284 "-" "-"
52.169.27.135 - - [03/Apr/2025:21:14:10 -0400] "GET /about.php HTTP/1.1" 404 15285 "-" "-"
52.169.27.135 - - [03/Apr/2025:21:14:10 -0400] "GET /options.php HTTP/1.1" 404 15286 "-" "-"
52.169.27.135 - - [03/Apr/2025:21:14:11 -0400] "GET /.well-known/makeasmtp.php?p= HTTP/1.1" 301 0 "-" "-"
52.169.27.135 - - [03/Apr/2025:21:14:11 -0400] "GET /.well-known/makeasmtp.php HTTP/1.1" 404 15300 "-" "-"
52.169.27.135 - - [03/Apr/2025:21:14:12 -0400] "GET /wp-configs.php HTTP/1.1" 404 15287 "-" "-"
52.169.27.135 - - [03/Apr/2025:21:14:13 -0400] "GET /wp-includes/SimplePie/Content/ HTTP/1.1" 404 15295 "-" "-"
52.169.27.135 - - [03/Apr/2025:21:14:13 -0400] "GET /priv.php HTTP/1.1" 404 15284 "-" "-"
52.169.27.135 - - [03/Apr/2025:21:14:14 -0400] "GET /.well-known/acme-challenge/autoload_classmap.php HTTP/1.1" 404 15313 "-" "-"
52.169.27.135 - - [03/Apr/2025:21:14:15 -0400] "GET /css/index.php HTTP/1.1" 301 0 "-" "-"
52.169.27.135 - - [03/Apr/2025:21:14:15 -0400] "GET /css/ HTTP/1.1" 404 15282 "-" "-"
52.169.27.135 - - [03/Apr/2025:21:14:16 -0400] "GET /images/about.php HTTP/1.1" 404 15288 "-" "-"
52.169.27.135 - - [03/Apr/2025:21:14:17 -0400] "GET /1p.php HTTP/1.1" 404 15283 "-" "-"
52.169.27.135 - - [03/Apr/2025:21:14:18 -0400] "GET /home/function.php HTTP/1.1" 404 15290 "-" "-"
52.169.27.135 - - [03/Apr/2025:21:14:18 -0400] "GET /as/function.php HTTP/1.1" 404 15290 "-" "-"
52.169.27.135 - - [03/Apr/2025:21:14:19 -0400] "GET /Admin/uploads/ HTTP/1.1" 404 15287 "-" "-"
52.169.27.135 - - [03/Apr/2025:21:14:20 -0400] "GET /wp-admin/css/colors/ HTTP/1.1" 403 1242 "-" "-"
52.169.27.135 - - [03/Apr/2025:21:14:20 -0400] "GET /xmlrpc.php HTTP/1.1" 405 60 "-" "-"
52.169.27.135 - - [03/Apr/2025:21:14:21 -0400] "GET /wp-admin/css/index.php HTTP/1.1" 301 0 "-" "-"
52.169.27.135 - - [03/Apr/2025:21:14:21 -0400] "GET /wp-admin/css/ HTTP/1.1" 403 1242 "-" "-"
52.169.27.135 - - [03/Apr/2025:21:14:21 -0400] "GET /abouts.php?p= HTTP/1.1" 301 0 "-" "-"
52.169.27.135 - - [03/Apr/2025:21:14:22 -0400] "GET /abouts.php HTTP/1.1" 404 15285 "-" "-"
52.169.27.135 - - [03/Apr/2025:21:14:23 -0400] "GET /autoload_classmap.php HTTP/1.1" 404 15292 "-" "-"
52.169.27.135 - - [03/Apr/2025:21:14:23 -0400] "GET /wp-content/plugins/pwnd/pwnd.php HTTP/1.1" 404 15297 "-" "-"
52.169.27.135 - - [03/Apr/2025:21:14:24 -0400] "GET /wp-content/plugins/alfa-rex.php HTTP/1.1" 404 15298 "-" "-"
52.169.27.135 - - [03/Apr/2025:21:14:24 -0400] "GET /wp-includes/SimplePie/wp-login.php HTTP/1.1" 404 15298 "-" "-"
52.169.27.135 - - [03/Apr/2025:21:14:25 -0400] "GET /ebs.php7 HTTP/1.1" 404 15285 "-" "-"
52.169.27.135 - - [03/Apr/2025:21:14:25 -0400] "GET /wp-admin/options.php HTTP/1.1" 302 0 "-" "-"
52.169.27.135 - - [03/Apr/2025:21:14:27 -0400] "GET /wp-content/plugins/simple/simple.php HTTP/1.1" 404 15297 "-" "-"
52.169.27.135 - - [03/Apr/2025:21:14:27 -0400] "GET /randkeyword.PhP8 HTTP/1.1" 404 15293 "-" "-"
52.169.27.135 - - [03/Apr/2025:21:14:28 -0400] "GET /baxa1.php HTTP/1.1" 404 15286 "-" "-"
52.169.27.135 - - [03/Apr/2025:21:14:29 -0400] "GET /admin.php?attempt=1 HTTP/1.1" 404 15291 "-" "-"
198.54.114.83 - - [03/Apr/2025:21:14:30 -0400] "POST /wp-cron.php?doing_wp_cron=1743729270.4181900024414062500000 HTTP/1.1" 200 0 "-" "WordPress/6.7.2; https://creative-webstyle.com"
52.169.27.135 - - [03/Apr/2025:21:14:30 -0400] "GET /db.php HTTP/1.1" 404 15283 "-" "-"
52.169.27.135 - - [03/Apr/2025:21:14:31 -0400] "GET /new.php HTTP/1.1" 404 15285 "-" "-"
52.169.27.135 - - [03/Apr/2025:21:14:31 -0400] "GET /alfa.php HTTP/1.1" 404 15285 "-" "-"
52.169.27.135 - - [03/Apr/2025:21:14:32 -0400] "GET /cgi-bin/index.php HTTP/1.1" 500 102 "-" "-"
52.169.27.135 - - [03/Apr/2025:21:14:32 -0400] "GET /wp-admin/maint/about.php HTTP/1.1" 404 15289 "-" "-"
52.169.27.135 - - [03/Apr/2025:21:14:33 -0400] "GET /.well-known/classwithtostring.php HTTP/1.1" 404 15304 "-" "-"
52.169.27.135 - - [03/Apr/2025:21:14:34 -0400] "GET /wp-admin/maint/ HTTP/1.1" 403 1242 "-" "-"
52.169.27.135 - - [03/Apr/2025:21:14:35 -0400] "GET /sites/default/files/ HTTP/1.1" 404 15293 "-" "-"
52.169.27.135 - - [03/Apr/2025:21:14:36 -0400] "GET /default.php HTTP/1.1" 404 15287 "-" "-"
52.169.27.135 - - [03/Apr/2025:21:14:37 -0400] "GET /.well-known/index.php HTTP/1.1" 301 0 "-" "-"
52.169.27.135 - - [03/Apr/2025:21:14:37 -0400] "GET /.well-known/ HTTP/1.1" 404 15288 "-" "-"
52.169.27.135 - - [03/Apr/2025:21:14:38 -0400] "GET /wp-content/plugins/wp-theme-editor/include.php HTTP/1.1" 404 15306 "-" "-"
52.169.27.135 - - [03/Apr/2025:21:14:39 -0400] "GET /wp-content/plugins/core/include.php HTTP/1.1" 404 15299 "-" "-"
52.169.27.135 - - [03/Apr/2025:21:14:40 -0400] "GET /wp-includes/images/smilies/about.php HTTP/1.1" 404 15299 "-" "-"
52.169.27.135 - - [03/Apr/2025:21:14:41 -0400] "GET /wp-content/uploads/file.php HTTP/1.1" 404 15296 "-" "-"
52.169.27.135 - - [03/Apr/2025:21:14:43 -0400] "GET /Alfa.php HTTP/1.1" 404 15285 "-" "-"
52.169.27.135 - - [03/Apr/2025:21:14:44 -0400] "GET /wp-includes/SimplePie/gzdecodes.php.suspected HTTP/1.1" 404 15310 "-" "-"
52.169.27.135 - - [03/Apr/2025:21:14:45 -0400] "GET /about/function.php HTTP/1.1" 404 15291 "-" "-"
52.169.27.135 - - [03/Apr/2025:21:14:46 -0400] "GET /hyIPpxWDQ.php HTTP/1.1" 404 15293 "-" "-"
52.169.27.135 - - [03/Apr/2025:21:14:47 -0400] "GET /themes/index.php HTTP/1.1" 301 0 "-" "-"
52.169.27.135 - - [03/Apr/2025:21:14:48 -0400] "GET /themes/ HTTP/1.1" 404 15282 "-" "-"
198.54.114.83 - - [03/Apr/2025:21:14:50 -0400] "POST /wp-cron.php?doing_wp_cron=1743729289.8574008941650390625000 HTTP/1.1" 200 0 "-" "WordPress/6.7.2; https://creative-webstyle.com"
52.169.27.135 - - [03/Apr/2025:21:14:49 -0400] "GET /wp-signup.php HTTP/1.1" 302 0 "-" "-"
52.169.27.135 - - [03/Apr/2025:21:14:51 -0400] "GET /22.php HTTP/1.1" 404 15284 "-" "-"
52.169.27.135 - - [03/Apr/2025:21:14:52 -0400] "GET /wp-content/uploads/classwithtostring.php HTTP/1.1" 404 15306 "-" "-"
52.169.27.135 - - [03/Apr/2025:21:14:53 -0400] "GET /wp-content/themes/pridmag/db.php?u HTTP/1.1" 404 15301 "-" "-"
52.169.27.135 - - [03/Apr/2025:21:14:54 -0400] "GET /wp-includes/IXR/admin.php HTTP/1.1" 404 15294 "-" "-"
52.169.27.135 - - [03/Apr/2025:21:14:55 -0400] "GET /cnzcsfwm.php HTTP/1.1" 404 15289 "-" "-"
52.169.27.135 - - [03/Apr/2025:21:14:56 -0400] "GET /IDhrIlrLb.php HTTP/1.1" 404 15290 "-" "-"
52.169.27.135 - - [03/Apr/2025:21:14:57 -0400] "GET /wp-includes/sitemaps/about.php HTTP/1.1" 404 15295 "-" "-"
52.169.27.135 - - [03/Apr/2025:21:14:58 -0400] "GET /NFXxUAA.php HTTP/1.1" 404 15291 "-" "-"
52.169.27.135 - - [03/Apr/2025:21:14:59 -0400] "GET /fucixwya.php HTTP/1.1" 404 15289 "-" "-"
52.169.27.135 - - [03/Apr/2025:21:15:01 -0400] "GET /img/about.php HTTP/1.1" 404 15287 "-" "-"
52.169.27.135 - - [03/Apr/2025:21:15:03 -0400] "GET /.well-known/mfeypwze.php HTTP/1.1" 404 15300 "-" "-"
52.169.27.135 - - [03/Apr/2025:21:15:04 -0400] "GET /wp-includes/random_compat/ HTTP/1.1" 404 15293 "-" "-"
52.169.27.135 - - [03/Apr/2025:21:15:06 -0400] "GET /wp-content/plugins/ioptimization/IOptimize.php?rchk HTTP/1.1" 404 15313 "-" "-"
52.169.27.135 - - [03/Apr/2025:21:15:07 -0400] "GET /wp-admin/css/colors/blue/about.php HTTP/1.1" 404 15297 "-" "-"
52.169.27.135 - - [03/Apr/2025:21:15:09 -0400] "GET //wp-includes/Requests/about.php HTTP/1.1" 301 0 "-" "-"
52.169.27.135 - - [03/Apr/2025:21:15:10 -0400] "GET /wp-includes/Requests/about.php HTTP/1.1" 404 15296 "-" "-"
52.169.27.135 - - [03/Apr/2025:21:15:10 -0400] "GET /edit.php?p= HTTP/1.1" 301 0 "-" "-"
52.169.27.135 - - [03/Apr/2025:21:15:11 -0400] "GET /edit.php HTTP/1.1" 404 15285 "-" "-"
52.169.27.135 - - [03/Apr/2025:21:15:11 -0400] "GET /wp-includes/images/sxo.php HTTP/1.1" 404 15292 "-" "-"
52.169.27.135 - - [03/Apr/2025:21:15:13 -0400] "GET /wp-content/plugins/linkpreview/custom-plugin.php HTTP/1.1" 404 15308 "-" "-"
52.169.27.135 - - [03/Apr/2025:21:15:14 -0400] "GET /index.php HTTP/1.1" 301 0 "-" "-"
52.169.27.135 - - [03/Apr/2025:21:15:14 -0400] "GET / HTTP/1.1" 200 98430 "-" "-"
52.169.27.135 - - [03/Apr/2025:21:15:15 -0400] "GET /.well-known/acme-challenge/about.php HTTP/1.1" 404 15305 "-" "-"
52.169.27.135 - - [03/Apr/2025:21:15:15 -0400] "GET /img/xmrlpc.php?p= HTTP/1.1" 301 0 "-" "-"
52.169.27.135 - - [03/Apr/2025:21:15:16 -0400] "GET /img/xmrlpc.php HTTP/1.1" 404 15290 "-" "-"
52.169.27.135 - - [03/Apr/2025:21:15:17 -0400] "GET /wp-includes/index.php HTTP/1.1" 301 0 "-" "-"
52.169.27.135 - - [03/Apr/2025:21:15:18 -0400] "GET /wp-includes/ HTTP/1.1" 403 1242 "-" "-"
52.169.27.135 - - [03/Apr/2025:21:15:18 -0400] "GET /wp-login.php?action=register HTTP/1.1" 302 0 "-" "-"
52.169.27.135 - - [03/Apr/2025:21:15:21 -0400] "GET /.well-known/pki-validation/about.php HTTP/1.1" 404 1251 "-" "-"
52.169.27.135 - - [03/Apr/2025:21:15:21 -0400] "GET /cgi-bin/file.php HTTP/1.1" 404 15291 "-" "-"
52.169.27.135 - - [03/Apr/2025:21:15:22 -0400] "GET /Auth.php HTTP/1.1" 404 15286 "-" "-"
52.169.27.135 - - [03/Apr/2025:21:15:24 -0400] "GET /css/uslipjzt.php HTTP/1.1" 404 15293 "-" "-"
52.169.27.135 - - [03/Apr/2025:21:15:26 -0400] "GET /admin HTTP/1.1" 302 0 "-" "-"
52.169.27.135 - - [03/Apr/2025:21:15:28 -0400] "GET /wp-includes/assets/ HTTP/1.1" 403 1242 "-" "-"
52.169.27.135 - - [03/Apr/2025:21:15:28 -0400] "GET /wp-content/themes/kadence/functions.php HTTP/1.1" 404 15303 "-" "-"
52.169.27.135 - - [03/Apr/2025:21:15:29 -0400] "GET /index/function.php?p= HTTP/1.1" 301 0 "-" "-"
52.169.27.135 - - [03/Apr/2025:21:15:29 -0400] "GET /index/function.php HTTP/1.1" 404 15293 "-" "-"
198.54.114.83 - - [03/Apr/2025:21:15:30 -0400] "POST /wp-cron.php?doing_wp_cron=1743729330.2404909133911132812500 HTTP/1.1" 200 0 "-" "WordPress/6.7.2; https://creative-webstyle.com"
52.169.27.135 - - [03/Apr/2025:21:15:30 -0400] "GET /wp-content/mu-plugins/ HTTP/1.1" 404 15290 "-" "-"
52.169.27.135 - - [03/Apr/2025:21:15:31 -0400] "GET /wp-includes/blocks/ HTTP/1.1" 200 22 "-" "-"
52.169.27.135 - - [03/Apr/2025:21:15:31 -0400] "GET /beence.php HTTP/1.1" 404 15286 "-" "-"
52.169.27.135 - - [03/Apr/2025:21:15:32 -0400] "GET /libraries/phpmailer/updates.php HTTP/1.1" 404 15303 "-" "-"
52.169.27.135 - - [03/Apr/2025:21:15:33 -0400] "GET /wp-content/languages/wp-login.php HTTP/1.1" 404 15298 "-" "-"
85.208.98.23 - - [03/Apr/2025:21:21:44 -0400] "GET /robots.txt HTTP/1.1" 200 132 "-" "Mozilla/5.0 (compatible; SemrushBot-BA; +http://www.semrush.com/bot.html)"
198.54.114.83 - - [03/Apr/2025:21:40:40 -0400] "POST /wp-cron.php?doing_wp_cron=1743730840.2885460853576660156250 HTTP/1.1" 200 0 "-" "WordPress/6.7.2; https://creative-webstyle.com"
165.227.83.226 - - [03/Apr/2025:21:40:39 -0400] "POST /wp-login.php HTTP/1.1" 302 0 "http://creative-webstyle.com/wp-admin/" "Mozilla/5.0 (Windows NT 10.0; Win64; x64) AppleWebKit/537.36 (KHTML, like Gecko) Chrome/90.0.4430.85 Safari/537.36"
165.227.83.226 - - [03/Apr/2025:21:40:41 -0400] "GET /wp-admin/ HTTP/1.1" 302 0 "www.google.com" "Mozilla/5.0 (Windows NT 10.0; Win64; x64) AppleWebKit/537.36 (KHTML, like Gecko) Chrome/90.0.4430.85 Safari/537.36"
85.208.96.207 - - [03/Apr/2025:21:52:43 -0400] "GET / HTTP/1.1" 200 98430 "-" "Mozilla/5.0 (compatible; SemrushBot/7~bl; +http://www.semrush.com/bot.html)"
198.54.114.83 - - [03/Apr/2025:22:10:07 -0400] "POST /wp-cron.php?doing_wp_cron=1743732606.8498690128326416015625 HTTP/1.1" 200 0 "-" "WordPress/6.7.2; https://creative-webstyle.com"
93.123.109.101 - - [03/Apr/2025:22:10:04 -0400] "GET /plugins/blank.js HTTP/1.1" 404 15290 "-" "Mozilla/5.0 (Macintosh; Intel Mac OS X 10_15_7) AppleWebKit/537.36 Chrome/120.0.0.0"
85.208.98.23 - - [03/Apr/2025:22:21:40 -0400] "GET /robots.txt HTTP/1.1" 200 132 "-" "Mozilla/5.0 (compatible; SemrushBot-BA; +http://www.semrush.com/bot.html)"
198.54.114.83 - - [03/Apr/2025:22:24:53 -0400] "POST /wp-cron.php?doing_wp_cron=1743733493.0740160942077636718750 HTTP/1.1" 200 0 "-" "WordPress/6.7.2; https://creative-webstyle.com"
61.130.144.178 - - [03/Apr/2025:22:24:50 -0400] "GET /public/static/common/images/file.png HTTP/1.1" 404 15306 "http://creative-webstyle.com" "Sogou Push Spider/3.0(+http://www.sogou.com/docs/help/webmasters.htm#07\xa1\xe5)"
61.130.144.178 - - [03/Apr/2025:22:24:54 -0400] "GET /public/static/admin/images/ok.png HTTP/1.1" 404 15301 "http://creative-webstyle.com" "Mozilla/5.0 (compatible; Yahoo! Slurp China; http://misc.yahoo.com.cn/help.html\xa1\xb1)"
114.96.103.33 - - [03/Apr/2025:22:29:09 -0400] "GET / HTTP/1.1" 200 98430 "-" "Mozilla/5.0 (iPhone; CPU iPhone OS 13_2_3 like Mac OS X) AppleWebKit/605.1.15 (KHTML, like Gecko) Version/13.0.3 Mobile/15E148 Safari/604.1"
195.211.191.127 - - [03/Apr/2025:23:03:29 -0400] "GET //g.lazcdn.com/g/mui/i18n/5.0.4/??index.js HTTP/1.1" 301 0 "-" "Mozilla/5.0 (Windows Phone 8.1; ARM; Trident/7.0; Touch; rv:11.0; IEMobile/11.0; NOKIA; Lumia 530) like Gecko"
195.211.191.127 - - [03/Apr/2025:23:03:29 -0400] "GET //g.lazcdn.com/g/lzdfe/pdp-platform/0.1.22/pc.js HTTP/1.1" 301 0 "-" "Mozilla/5.0 (Macintosh; Intel Mac OS X 10_15_7) AppleWebKit/537.36 (KHTML, like Gecko) Chrome/99.0.4844.51 Safari/537.36"
195.211.191.127 - - [03/Apr/2025:23:03:29 -0400] "GET //g.lazcdn.com/g/lzd/assets/0.0.5/next/0.19.21/next.min.js HTTP/1.1" 301 0 "-" "Mozilla/5.0 (Linux; U; Android 2.1; en-us; Nexus One Build/ERD62) AppleWebKit/530.17 (KHTML, like Gecko) Version/4.0 Mobile Safari/530.17"
195.211.191.127 - - [03/Apr/2025:23:03:29 -0400] "GET //g.lazcdn.com/g/woodpeckerx/jssdk??wpkReporter.js HTTP/1.1" 301 0 "-" "Mozilla/5.0 (Windows NT 10.0; Win64; x64) AppleWebKit/537.36 (KHTML, like Gecko) Chrome/100.0.4896.88 Safari/537.36"
195.211.191.127 - - [03/Apr/2025:23:03:29 -0400] "GET /16.8.0/react.production.min.js HTTP/1.1" 200 0 "-" "Mozilla/5.0 (Symbian/3; Series60/5.2 NokiaE7-00/010.016; Profile/MIDP-2.1 Configuration/CLDC-1.1 ) AppleWebKit/525 (KHTML, like Gecko) Version/3.0 BrowserNG/7.2.7.3 3gpp-gba"
195.211.191.127 - - [03/Apr/2025:23:03:29 -0400] "GET /assets/1.1.18/require/2.3.6/require.js HTTP/1.1" 200 0 "-" "Mozilla/5.0 (X11; FreeBSD amd64) AppleWebKit/536.5 (KHTML like Gecko) Chrome/19.0.1084.56 Safari/536.5"
195.211.191.127 - - [03/Apr/2025:23:03:29 -0400] "GET /blank.js HTTP/1.1" 200 0 "-" "Mozilla/5.0 (Linux; Android 11; RMX2161) AppleWebKit/537.36 (KHTML, like Gecko) Chrome/94.0.4606.85 Mobile Safari/537.36"
195.211.191.127 - - [03/Apr/2025:23:03:30 -0400] "GET /lzd-h5-utils-qs/0.1.11/index.js HTTP/1.1" 200 0 "-" "Mozilla/5.0 (PlayBook; U; RIM Tablet OS 2.1.0; en-US) AppleWebKit/536.2+ (KHTML like Gecko) Version/7.2.1.0 Safari/536.2+"
195.211.191.127 - - [03/Apr/2025:23:03:30 -0400] "GET /lzd-h5-utils-sites/1.1.11/index.js HTTP/1.1" 200 0 "-" "Mozilla/5.0 (X11; U; Linux i686; en-US; rv:1.8.1.16) Gecko/20080716 (Gentoo) Galeon/2.0.6"
195.211.191.127 - - [03/Apr/2025:23:03:30 -0400] "GET /multimod-lzd-member__signup-login-pop/0.0.4/lib-signuppop/index.umd.es5.production.js HTTP/1.1" 200 0 "-" "Mozilla/5.0 (Windows NT 10.0; Win64; x64) AppleWebKit/537.36 (KHTML, like Gecko) Chrome/80.0.3987.149 Safari/537.36"
195.211.191.127 - - [03/Apr/2025:23:03:30 -0400] "GET /lzd-h5-utils-icon/1.0.8/index.js HTTP/1.1" 200 0 "-" "Mozilla/5.0 (Linux; Android 11; Redmi Note 8 Pro) AppleWebKit/537.36 (KHTML, like Gecko) Chrome/99.0.4844.88 Mobile Safari/537.36 OPR/68.3.3557.64528"
195.211.191.127 - - [03/Apr/2025:23:03:30 -0400] "GET /lzd-h5-utils-logger/1.1.52/index.js HTTP/1.1" 200 0 "-" "Mozilla/5.0 (X11; U; Linux x86_64; sv-SE; rv:1.8.1.12) Gecko/20080207 Ubuntu/7.10 (gutsy) Firefox/2.0.0.12"
195.211.191.127 - - [03/Apr/2025:23:03:30 -0400] "GET /products/sw.js HTTP/1.1" 200 0 "-" "Mozilla/5.0 (Macintosh; Intel Mac OS X 10_14_6) AppleWebKit/537.36 (KHTML, like Gecko) Chrome/79.0.3945.130 Safari/537.36"
195.211.191.127 - - [03/Apr/2025:23:03:30 -0400] "GET /jquery/5.0.9/index.js HTTP/1.1" 200 0 "-" "Mozilla/5.0 (Macintosh; Intel Mac OS X 10_15_7) AppleWebKit/537.36 (KHTML, like Gecko) Chrome/98.0.4758.141 YaBrowser/22.3.3.866 Yowser/2.5 Safari/537.36"
195.211.191.127 - - [03/Apr/2025:23:03:30 -0400] "GET /site-nav-pc/5.2.38/assets/liveup/index.js HTTP/1.1" 200 0 "-" "Mozilla/5.0 (compatible; Konqueror/4.4; Linux 2.6.32-22-generic; X11; en_US) KHTML/4.4.3 (like Gecko) Kubuntu"
195.211.191.127 - - [03/Apr/2025:23:03:30 -0400] "GET /site-nav-pc/5.2.38/assets/user-info/index.js HTTP/1.1" 200 0 "-" "Mozilla/5.0 (Linux; Android 12; Pixel 6) AppleWebKit/537.36 (KHTML, like Gecko) Chrome/101.0.4951.61 Mobile Safari/537.36"
195.211.191.127 - - [03/Apr/2025:23:03:30 -0400] "GET //aeis.alicdn.com/sd/ncpc/nc.js HTTP/1.1" 301 0 "-" "msnbot/1.1 ( http://search.msn.com/msnbot.htm)"
195.211.191.127 - - [03/Apr/2025:23:03:29 -0400] "GET /common-info/5.0.30/index.js HTTP/1.1" 404 15300 "-" "Mozilla/5.0 (X11; U; SunOS i86pc; en-US; rv:1.9.1b3) Gecko/20090429 Firefox/3.1b3"
195.211.191.127 - - [03/Apr/2025:23:03:29 -0400] "GET /lib-mtop/2.5.1/mtop.js HTTP/1.1" 404 15294 "-" "Mozilla/5.0 (Linux; Android 11; SM-A326U) AppleWebKit/537.36 (KHTML, like Gecko) Chrome/101.0.4951.41 Mobile Safari/537.36"
195.211.191.127 - - [03/Apr/2025:23:03:29 -0400] "GET /back-to-third-party-app/5.0.2/m/button.js HTTP/1.1" 404 15310 "-" "Mozilla/5.0 (iPhone; CPU iPhone OS 15_1 like Mac OS X) AppleWebKit/605.1.15 (KHTML, like Gecko) Version/15.1 Mobile/15E148 Safari/604.1"
195.211.191.127 - - [03/Apr/2025:23:03:29 -0400] "GET /16.8.0/react-dom.production.min.js HTTP/1.1" 404 15302 "-" "Mozilla/5.0 (X11; Linux x86_64) AppleWebKit/536.5 (KHTML, like Gecko) Chrome/19.0.1084.9 Safari/536.5"
195.211.191.127 - - [03/Apr/2025:23:03:29 -0400] "GET /lzd-h5-utils-env/1.5.12/index.js HTTP/1.1" 404 15305 "-" "Mozilla/5.0 (Linux; Android 11; Mi 9 SE) AppleWebKit/537.36 (KHTML, like Gecko) Chrome/101.0.4951.41 Mobile Safari/537.36"
195.211.191.127 - - [03/Apr/2025:23:03:30 -0400] "GET /desktop-footer/6.1.1/pc/reqwest/index.js HTTP/1.1" 404 15314 "-" "Mozilla/5.0 (Linux; Android 12; SM-G973F) AppleWebKit/537.36 (KHTML, like Gecko) Chrome/101.0.4951.41 Mobile Safari/537.36"
195.211.191.127 - - [03/Apr/2025:23:03:29 -0400] "GET /lzd-h5-utils-cookie/1.2.10/index.js HTTP/1.1" 404 15307 "-" "Mozilla/5.0 (X11; Linux x86_64) AppleWebKit/537.21 (KHTML, like Gecko) konqueror/4.14.10 Safari/537.21"
195.211.191.127 - - [03/Apr/2025:23:03:30 -0400] "GET /multimod-lzd-trade__cart/1.0.16/lib-cart/index.umd.es5.production.js HTTP/1.1" 404 15334 "-" "Mozilla/5.0 (X11; U; Linux arm7tdmi; rv:1.8.1.11) Gecko/20071130 Minimo/0.025"
195.211.191.127 - - [03/Apr/2025:23:03:30 -0400] "GET /desktop-footer/6.1.1/pc/index.js HTTP/1.1" 404 15306 "-" "Mozilla/5.0 (SymbianOS/9.1; U; en-us) AppleWebKit/413 (KHTML, like Gecko) Safari/413"
195.211.191.127 - - [03/Apr/2025:23:03:30 -0400] "GET /site-nav-pc/5.2.38/assets/logo-bar/index.js HTTP/1.1" 404 15313 "-" "Mozilla/5.0 (Windows NT 10.0; Win64; x64) AppleWebKit/537.36 (KHTML, like Gecko) Chrome/98.0.4758.80 Safari/537.36"
195.211.191.127 - - [03/Apr/2025:23:03:30 -0400] "GET /lzd-h5-utils-jsonp/1.1.11/index.js HTTP/1.1" 404 15307 "-" "Mozilla/5.0 (Windows NT 10.0; Win64; x64) AppleWebKit/537.36 (KHTML, like Gecko) Chrome/79.0.3945.0 Safari/537.36"
195.211.191.127 - - [03/Apr/2025:23:03:41 -0400] "GET /lib-mtop/2.5.1/mtop.js HTTP/1.1" 404 15294 "-" "Mozilla/5.0 (X11; Linux i686 on x86_64; rv:2.0.1) Gecko/20100101 Firefox/4.0.1 Fennec/2.0.1"
195.211.191.127 - - [03/Apr/2025:23:03:30 -0400] "GET /flow.js HTTP/1.1" 404 15282 "-" "Mozilla/5.0 (iPad; U; CPU iPad OS 5_0_1 like Mac OS X; en-us) AppleWebKit/535.1+ (KHTML like Gecko) Version/7.2.0.0 Safari/6533.18.5"
195.211.191.127 - - [03/Apr/2025:23:03:30 -0400] "GET /site-nav-pc/5.2.38/pc/index.js HTTP/1.1" 404 15301 "-" "Mozilla/5.0 (X11; U; Linux i686; en-US; rv:1.9.1.16) Gecko/20120421 Gecko Firefox/11.0"
195.211.191.127 - - [03/Apr/2025:23:03:30 -0400] "GET /site-nav-pc/5.2.38/assets/search-box/index.js HTTP/1.1" 404 15313 "-" "Mozilla/5.0 (Linux; Android 11; Redmi Note 9 Pro Max) AppleWebKit/537.36 (KHTML, like Gecko) Chrome/99.0.4844.88 Mobile Safari/537.36 OPR/68.3.3557.64528"
195.211.191.127 - - [03/Apr/2025:23:03:30 -0400] "GET /interface.js HTTP/1.1" 404 15288 "-" "Mozilla/5.0 (Windows NT 6.1; WOW64) AppleWebKit/537.36 (KHTML, like Gecko) Brave Chrome/89.0.4389.105 Safari/537.36"
195.211.191.127 - - [03/Apr/2025:23:03:30 -0400] "GET /lazada-mod-lib/0.0.20/LazadaModLib.min.js HTTP/1.1" 404 15310 "-" "Mozilla/5.0 (Linux; Android 4.4.4; Nexus 7 Build/KTU84P) AppleWebKit/537.36 (KHTML like Gecko) Chrome/36.0.1985.135 Safari/537.36"
195.211.191.127 - - [03/Apr/2025:23:03:30 -0400] "GET /site-nav-pc/5.2.38/i18n.js HTTP/1.1" 404 15298 "-" "Mozilla/5.0 (Windows NT 10.0; Win64; x64) AppleWebKit/537.36 (KHTML, like Gecko) Chrome/98.0.4758.119 Safari/537.36 Edg/98.0.1108.76"
195.211.191.127 - - [03/Apr/2025:23:03:30 -0400] "GET /lzd-h5-utils-mtop/1.2.56/index.js HTTP/1.1" 404 15306 "-" "Mozilla/5.0 (iPad; CPU OS 15_4_1 like Mac OS X) AppleWebKit/605.1.15 (KHTML, like Gecko) Version/15.4 Mobile/15E148 Safari/604.1"
195.211.191.127 - - [03/Apr/2025:23:03:30 -0400] "GET /site-nav-pc/5.2.38/assets/reqwest/index.js HTTP/1.1" 404 15312 "-" "Mozilla/5.0 (Linux; Android 11; Pixel 4) AppleWebKit/537.36 (KHTML, like Gecko) Chrome/101.0.4951.41 Mobile Safari/537.36"
195.211.191.127 - - [03/Apr/2025:23:03:30 -0400] "GET /site-nav-pc/5.2.38/assets/affiliate/index.js HTTP/1.1" 404 15312 "-" "Mozilla/5.0 (Linux; Android 11; Redmi Note 9 Pro Max) AppleWebKit/537.36 (KHTML, like Gecko) Chrome/99.0.4844.88 Mobile Safari/537.36 OPR/68.3.3557.64528"
195.211.191.127 - - [03/Apr/2025:23:03:44 -0400] "GET /site-nav-pc/5.2.38/assets/affiliate/index.js HTTP/1.1" 404 15312 "-" "Mozilla/5.0 (X11; Linux x86_64; rv:38.0) Gecko/20100101 Firefox/38.0"
195.211.191.127 - - [03/Apr/2025:23:03:41 -0400] "GET //g.lazcdn.com/g/lzd-cs/chat/2.5.0/alichat.js HTTP/1.1" 200 0 "-" "Mozilla/5.0 (X11; Fedora; Linux x86_64) AppleWebKit/537.36 (KHTML, like Gecko) Chrome/52.0.2743.116 Safari/537.36"
195.211.191.127 - - [03/Apr/2025:23:03:41 -0400] "GET /blank.js HTTP/1.1" 200 0 "-" "Mozilla/5.0 (Macintosh; Intel Mac OS X 10_14_5) AppleWebKit/537.36 (KHTML, like Gecko) Chrome/101.0.4951.54 Safari/537.36"
195.211.191.127 - - [03/Apr/2025:23:03:41 -0400] "GET //g.lazcdn.com/g/lzdmod/im/5.0.103/index.js HTTP/1.1" 200 0 "-" "Mozilla/5.0 (X11; Linux x86_64) AppleWebKit/537.36 (KHTML, like Gecko) Chrome/100.0.4896.88 Safari/537.36"
195.211.191.127 - - [03/Apr/2025:23:03:41 -0400] "GET /16.8.0/react.production.min.js HTTP/1.1" 200 0 "-" "Mozilla/5.0 (Windows NT 10.0; Win64; x64) AppleWebKit/537.36 (KHTML, like Gecko) Chrome/70.0.3538.102 Safari/537.36"
195.211.191.127 - - [03/Apr/2025:23:03:41 -0400] "GET /assets/1.1.18/require/2.3.6/require.js HTTP/1.1" 200 0 "-" "Mozilla/5.0 (X11; Linux x86_64) AppleWebKit/537.36 (KHTML like Gecko) Chrome/36.0.1985.125 Safari/537.36"
195.211.191.127 - - [03/Apr/2025:23:03:41 -0400] "GET /products/sw.js HTTP/1.1" 200 0 "-" "Mozilla/4.0 (compatible; MSIE 8.0; Windows NT 5.1; Trident/4.0; .NET CLR 2.0.50727; .NET CLR 3.0.04506.648; .NET CLR 3.5.21022; .NET CLR 3.0.4506.2152; .NET CLR 3.5.30729)"
195.211.191.127 - - [03/Apr/2025:23:03:41 -0400] "GET //o.alicdn.com/lzd_sec/LWSC/index.js HTTP/1.1" 200 0 "-" "Mozilla/5.0 (Windows NT 10.0; Win64; x64) AppleWebKit/537.36 (KHTML, like Gecko) Chrome/92.0.4515.107 Safari/537.36 HBPC/12.0.0.300"
195.211.191.127 - - [03/Apr/2025:23:03:40 -0400] "GET //aeis.alicdn.com/sd/ncpc/nc.js HTTP/1.1" 301 0 "-" "Mozilla/5.0 (Linux; Android 11; Pixel 4) AppleWebKit/537.36 (KHTML, like Gecko) Chrome/101.0.4951.41 Mobile Safari/537.36"
195.211.191.127 - - [03/Apr/2025:23:03:41 -0400] "GET /lzd-h5-utils-sites/1.1.11/index.js HTTP/1.1" 200 0 "-" "Mozilla/5.0 (Windows NT 5.2; rv:10.0.1) Gecko/20100101 Firefox/10.0.1 SeaMonkey/2.7.1"
195.211.191.127 - - [03/Apr/2025:23:03:40 -0400] "GET //g.lazcdn.com/g/lzdfe/pdp-platform/0.1.22/pc.js HTTP/1.1" 301 0 "-" "Mozilla/5.0 (Macintosh; Intel Mac OS X 10_15_7) AppleWebKit/537.36 (KHTML, like Gecko) Chrome/102.0.0.0 Safari/537.36"
195.211.191.127 - - [03/Apr/2025:23:03:41 -0400] "GET /site-nav-pc/5.2.38/assets/liveup/index.js HTTP/1.1" 200 0 "-" "Mozilla/5.0 (Macintosh; Intel Mac OS X 10_15_7) AppleWebKit/537.36 (KHTML, like Gecko) Chrome/100.0.4896.57 Whale/3.14.133.23 Safari/537.36"
195.211.191.127 - - [03/Apr/2025:23:03:41 -0400] "GET /site-nav-pc/5.2.38/assets/user-info/index.js HTTP/1.1" 200 0 "-" "Mozilla/5.0 (Macintosh; U; Intel Mac OS X; en-US) AppleWebKit/528.16 (KHTML, like Gecko, Safari/528.16) OmniWeb/v622.8.0.112941"
195.211.191.127 - - [03/Apr/2025:23:03:30 -0400] "GET /site-nav-pc/5.2.38/assets/common/popper/index.js HTTP/1.1" 404 15318 "-" "Mozilla/5.0 (X11; Linux i686; rv:5.0) Gecko/20100101 Firefox/5.0"
195.211.191.127 - - [03/Apr/2025:23:03:41 -0400] "GET //g.lazcdn.com/g/lzd/assets/1.2.10/web-vitals/3.4.0/index.js HTTP/1.1" 301 0 "-" "Mozilla/5.0 (Windows NT 10.0; Win64; x64) AppleWebKit/537.36 (KHTML, like Gecko) Chrome/99.0.4844.51 Safari/537.36"
195.211.191.127 - - [03/Apr/2025:23:03:41 -0400] "GET //g.lazcdn.com/g/alilog/mlog/aplus_int.js HTTP/1.1" 301 0 "-" "Mozilla/5.0 (Linux; U; Android 10; zh-Hans-CN; SPN-AL00 Build/HUAWEISPN-AL00) AppleWebKit/537.36 (KHTML, like Gecko) Version/4.0 Chrome/78.0.3904.108 Quark/5.4.9.201 Mobile Safari/537.36"
195.211.191.127 - - [03/Apr/2025:23:03:30 -0400] "GET /site-menu-nav-pc/5.0.73/pc/index.js HTTP/1.1" 404 15304 "-" "nook browser/1.0"
195.211.191.127 - - [03/Apr/2025:23:03:41 -0400] "GET //g.lazcdn.com/g/lzdfe/pwa-assets/5.0.7/manifest/id.js HTTP/1.1" 301 0 "-" "Mozilla/5.0 (Macintosh; U; Intel Mac OS X 10_7; en-us) AppleWebKit/534.20.8 (KHTML, like Gecko) Version/5.1 Safari/534.20.8"
195.211.191.127 - - [03/Apr/2025:23:03:30 -0400] "GET /site-menu-pc/5.0.45/pc/index.js HTTP/1.1" 404 15301 "-" "Nokia6230i/2.0 (03.80) Profile/MIDP-2.0 Configuration/CLDC-1.1"
195.211.191.127 - - [03/Apr/2025:23:03:40 -0400] "GET //g.lazcdn.com/g/lzd/assets/0.0.5/next/0.19.21/next.min.js HTTP/1.1" 301 0 "-" "Mozilla/5.0 (Macintosh; Intel Mac OS X 10_15_7) AppleWebKit/605.1.15 (KHTML, like Gecko) Version/14.1.1 Safari/605.1.15"
195.211.191.127 - - [03/Apr/2025:23:03:41 -0400] "GET //g.lazcdn.com/g/lazada-search-fe/lzd-searchbox/0.4.11/index.js HTTP/1.1" 301 0 "-" "Peach/1.01 (Ubuntu 8.04 LTS; U; en)"
195.211.191.127 - - [03/Apr/2025:23:03:30 -0400] "GET /site-nav-pc/5.2.38/assets/cart/index.js HTTP/1.1" 404 15310 "-" "Mozilla/5.0 (Macintosh; Intel Mac OS X 10_12_3) AppleWebKit/537.36 (KHTML, like Gecko) Chrome/101.0.4951.54 Safari/537.36"
195.211.191.127 - - [03/Apr/2025:23:03:30 -0400] "GET /site-nav-pc/5.2.38/assets/download-app/index.js HTTP/1.1" 404 15316 "-" "Mozilla/5.0 (Linux; U; Android 2.2; en-us; SCH-I800 Build/FROYO) AppleWebKit/533.1 (KHTML, like Gecko) Version/4.0 Mobile Safari/533.1"
195.211.191.127 - - [03/Apr/2025:23:03:47 -0400] "GET /site-nav-pc/5.2.38/assets/cart/index.js HTTP/1.1" 404 15310 "-" "Mozilla/5.0 (PLAYSTATION 3; 1.10)"
198.54.114.83 - - [03/Apr/2025:23:07:43 -0400] "POST /wp-cron.php?doing_wp_cron=1743736062.8351249694824218750000 HTTP/1.1" 200 0 "-" "WordPress/6.7.2; https://creative-webstyle.com"
61.130.144.178 - - [03/Apr/2025:23:07:37 -0400] "GET /xmlrpc.php HTTP/1.1" 405 60 "http://creative-webstyle.com" "Mozilla/5.0 (compatible; Yahoo! Slurp China; http://misc.yahoo.com.cn/help.html\xa1\xb1)"
65.108.124.33 - - [03/Apr/2025:23:21:56 -0400] "GET /hvac-systems-and-mold/ HTTP/1.1" 200 24058 "http://creative-webstyle.com/hvac-systems-and-mold/" "Mozilla/5.0 (Windows NT 10.0; Win64; x64) AppleWebKit/537.36 (KHTML, like Gecko) Chrome/130.0.0.0 Safari/537.36 CCleaner/130.0.0.0"
198.54.114.83 - - [03/Apr/2025:23:22:02 -0400] "POST /wp-cron.php?doing_wp_cron=1743736921.7246470451354980468750 HTTP/1.1" 200 0 "-" "WordPress/6.7.2; https://creative-webstyle.com"
65.108.124.33 - - [03/Apr/2025:23:21:57 -0400] "POST /wp-comments-post.php HTTP/1.1" 302 0 "http://creative-webstyle.com/hvac-systems-and-mold/" "Mozilla/5.0 (Windows NT 10.0; Win64; x64) AppleWebKit/537.36 (KHTML, like Gecko) Chrome/130.0.0.0 Safari/537.36 CCleaner/130.0.0.0"
54.36.149.74 - - [03/Apr/2025:23:26:35 -0400] "GET /robots.txt HTTP/1.1" 304 0 "-" "Mozilla/5.0 (compatible; AhrefsBot/7.0; +http://ahrefs.com/robot/)"
46.148.206.226 - - [03/Apr/2025:23:33:43 -0400] "GET /hvac-systems-and-mold/ HTTP/1.1" 200 24058 "http://creative-webstyle.com/hvac-systems-and-mold/" "Mozilla/5.0 (Windows NT 10.0; Win64; x64) AppleWebKit/537.36 (KHTML, like Gecko) Chrome/131.0.0.0 Safari/537.36"
46.148.206.226 - - [03/Apr/2025:23:33:44 -0400] "GET /hvac-systems-and-mold/ HTTP/1.1" 200 24058 "http://creative-webstyle.com/hvac-systems-and-mold/" "Mozilla/5.0 (Windows NT 10.0; Win64; x64) AppleWebKit/537.36 (KHTML, like Gecko) Chrome/131.0.0.0 Safari/537.36"
198.54.114.83 - - [03/Apr/2025:23:33:49 -0400] "POST /wp-cron.php?doing_wp_cron=1743737629.0065689086914062500000 HTTP/1.1" 200 0 "-" "WordPress/6.7.2; https://creative-webstyle.com"
46.148.206.226 - - [03/Apr/2025:23:33:44 -0400] "POST /wp-comments-post.php HTTP/1.1" 302 0 "http://creative-webstyle.com/hvac-systems-and-mold/" "Mozilla/5.0 (Windows NT 10.0; Win64; x64) AppleWebKit/537.36 (KHTML, like Gecko) Chrome/131.0.0.0 Safari/537.36"
95.108.213.96 - - [03/Apr/2025:23:46:26 -0400] "GET /robots.txt HTTP/1.1" 301 0 "-" "Mozilla/5.0 (compatible; YandexBot/3.0; +http://yandex.com/bots)"
95.108.213.96 - - [03/Apr/2025:23:46:27 -0400] "GET /robots.txt HTTP/1.1" 200 132 "-" "Mozilla/5.0 (compatible; YandexBot/3.0; +http://yandex.com/bots)"
198.54.114.83 - - [03/Apr/2025:23:46:31 -0400] "POST /wp-cron.php?doing_wp_cron=1743738390.8755619525909423828125 HTTP/1.1" 200 0 "-" "WordPress/6.7.2; https://creative-webstyle.com"
213.180.203.250 - - [03/Apr/2025:23:46:28 -0400] "GET /%E5%AE%9F%E3%81%AF%E6%AF%9B%E3%81%8C%E6%8A%9C%E3%81%91%E3%82%84%E3%81%99%E3%81%84%E3%82%B7%E3%83%BC%E3%82%BA%E3%83%B3%E3%81%8C%E3%81%82%E3%82%8A%E3%81%BE%E3%81%97/ HTTP/1.1" 301 0 "-" "Mozilla/5.0 (compatible; YandexBot/3.0; +http://yandex.com/bots)"
5.255.231.88 - - [03/Apr/2025:23:46:32 -0400] "GET /%E5%AE%9F%E3%81%AF%E6%AF%9B%E3%81%8C%E6%8A%9C%E3%81%91%E3%82%84%E3%81%99%E3%81%84%E3%82%B7%E3%83%BC%E3%82%BA%E3%83%B3%E3%81%8C%E3%81%82%E3%82%8A%E3%81%BE%E3%81%97/ HTTP/1.1" 404 15361 "-" "Mozilla/5.0 (compatible; YandexBot/3.0; +http://yandex.com/bots)"
157.230.52.52 - - [03/Apr/2025:23:55:04 -0400] "GET /?rest_route=/wp/v2/users HTTP/1.1" 200 98430 "www.google.com" "Mozlila/5.0 (Linux; Android 7.0; SM-G892A Bulid/NRD90M; wv) AppleWebKit/537.36 (KHTML, like Gecko) Version/4.0 Chrome/60.0.3112.107 Moblie Safari/537.36"
198.54.114.83 - - [04/Apr/2025:00:12:54 -0400] "POST /wp-cron.php?doing_wp_cron=1743739973.7583389282226562500000 HTTP/1.1" 200 0 "-" "WordPress/6.7.2; https://creative-webstyle.com"
140.245.43.10 - - [04/Apr/2025:00:12:49 -0400] "GET /media/system/js/core.js HTTP/1.1" 404 15298 "-" "Mozilla/5.0 (Macintosh; Intel Mac OS X 10_10_1) AppleWebKit/537.36 (KHTML, like Gecko) Chrome/39.0.2171.95 Safari/537.36"
140.245.43.10 - - [04/Apr/2025:00:12:55 -0400] "GET /wp-includes/js/jquery/jquery.js HTTP/1.1" 200 102492 "-" "Mozilla/5.0 (Macintosh; Intel Mac OS X 10_10_1) AppleWebKit/537.36 (KHTML, like Gecko) Chrome/39.0.2171.95 Safari/537.36"
151.106.176.244 - - [04/Apr/2025:00:13:10 -0400] "GET /img/header.jpg HTTP/1.1" 404 15286 "-" "Mozilla/5.0 (X11; Ubuntu; Linux x86_64; rv:72.0) Gecko/20100101 Firefox/72.0"
151.106.176.244 - - [04/Apr/2025:00:13:12 -0400] "GET /img/header.jpg HTTP/1.1" 404 15286 "-" "Mozilla/5.0 (X11; Ubuntu; Linux x86_64; rv:72.0) Gecko/20100101 Firefox/72.0"
151.106.176.244 - - [04/Apr/2025:00:13:13 -0400] "GET /img/header.jpg HTTP/1.1" 404 15286 "-" "Mozilla/5.0 (X11; Ubuntu; Linux x86_64; rv:72.0) Gecko/20100101 Firefox/72.0"
49.51.233.95 - - [04/Apr/2025:00:36:15 -0400] "GET / HTTP/1.1" 200 98430 "-" "Mozilla/5.0 (iPhone; CPU iPhone OS 13_2_3 like Mac OS X) AppleWebKit/605.1.15 (KHTML, like Gecko) Version/13.0.3 Mobile/15E148 Safari/604.1"
216.244.66.194 - - [04/Apr/2025:00:42:34 -0400] "GET /robots.txt HTTP/1.1" 304 0 "-" "Mozilla/5.0 (compatible; DotBot/1.2; +https://opensiteexplorer.org/dotbot; help@moz.com)"
121.62.29.157 - - [04/Apr/2025:00:44:54 -0400] "GET / HTTP/1.1" 200 98430 "http://creative-webstyle.com/" "Mozilla/4.0 (compatible; MSIE 9.0; Windows NT 6.1)"
198.54.114.83 - - [04/Apr/2025:00:51:22 -0400] "POST /wp-cron.php?doing_wp_cron=1743742282.3338360786437988281250 HTTP/1.1" 200 0 "-" "WordPress/6.7.2; https://creative-webstyle.com"
216.244.66.194 - - [04/Apr/2025:00:51:22 -0400] "GET /choosing-the-right-dental-plan-that-will-not-burn-a-hole-in-your-pocket/ HTTP/1.1" 200 23126 "-" "Mozilla/5.0 (compatible; DotBot/1.2; +https://opensiteexplorer.org/dotbot; help@moz.com)"
198.54.114.83 - - [04/Apr/2025:00:52:35 -0400] "POST /wp-cron.php?doing_wp_cron=1743742354.7916769981384277343750 HTTP/1.1" 200 0 "-" "WordPress/6.7.2; https://creative-webstyle.com"
216.244.66.194 - - [04/Apr/2025:00:52:34 -0400] "GET /renovation-company-olympic-village/feed/ HTTP/1.1" 200 433 "-" "Mozilla/5.0 (compatible; DotBot/1.2; +https://opensiteexplorer.org/dotbot; help@moz.com)"
198.54.114.83 - - [04/Apr/2025:00:54:54 -0400] "POST /wp-cron.php?doing_wp_cron=1743742494.7124791145324707031250 HTTP/1.1" 200 0 "-" "WordPress/6.7.2; https://creative-webstyle.com"
216.244.66.194 - - [04/Apr/2025:00:54:51 -0400] "GET /lart-de-sublimer-votre-interieur-pour-mieux-vendre/feed/ HTTP/1.1" 200 476 "-" "Mozilla/5.0 (compatible; DotBot/1.2; +https://opensiteexplorer.org/dotbot; help@moz.com)"
198.54.114.83 - - [04/Apr/2025:01:01:42 -0400] "POST /wp-cron.php?doing_wp_cron=1743742902.5780730247497558593750 HTTP/1.1" 200 0 "-" "WordPress/6.7.2; https://creative-webstyle.com"
216.244.66.194 - - [04/Apr/2025:01:01:40 -0400] "GET /the-continuum-showflat/feed/ HTTP/1.1" 200 424 "-" "Mozilla/5.0 (compatible; DotBot/1.2; +https://opensiteexplorer.org/dotbot; help@moz.com)"
198.54.114.83 - - [04/Apr/2025:01:08:38 -0400] "POST /wp-cron.php?doing_wp_cron=1743743318.0379951000213623046875 HTTP/1.1" 200 0 "-" "WordPress/6.7.2; https://creative-webstyle.com"
216.244.66.194 - - [04/Apr/2025:01:08:37 -0400] "GET /category/activity/page/36/ HTTP/1.1" 200 20668 "-" "Mozilla/5.0 (compatible; DotBot/1.2; +https://opensiteexplorer.org/dotbot; help@moz.com)"
114.119.156.9 - - [04/Apr/2025:01:16:32 -0400] "GET /robots.txt HTTP/1.1" 301 0 "-" "Mozilla/5.0 (compatible;PetalBot;+https://webmaster.petalsearch.com/site/petalbot)"
114.119.156.9 - - [04/Apr/2025:01:16:32 -0400] "GET /robots.txt HTTP/1.1" 304 0 "-" "Mozilla/5.0 (compatible;PetalBot;+https://webmaster.petalsearch.com/site/petalbot)"
198.54.114.83 - - [04/Apr/2025:01:37:13 -0400] "POST /wp-cron.php?doing_wp_cron=1743745033.1582059860229492187500 HTTP/1.1" 200 0 "-" "WordPress/6.7.2; https://creative-webstyle.com"
216.244.66.194 - - [04/Apr/2025:01:37:11 -0400] "GET /motorbike-workshop-service/ HTTP/1.1" 200 22236 "-" "Mozilla/5.0 (compatible; DotBot/1.2; +https://opensiteexplorer.org/dotbot; help@moz.com)"
198.54.114.83 - - [04/Apr/2025:01:38:55 -0400] "POST /wp-cron.php?doing_wp_cron=1743745135.5763289928436279296875 HTTP/1.1" 200 0 "-" "WordPress/6.7.2; https://creative-webstyle.com"
216.244.66.194 - - [04/Apr/2025:01:38:52 -0400] "GET /gutachterausschuss/ HTTP/1.1" 200 21824 "-" "Mozilla/5.0 (compatible; DotBot/1.2; +https://opensiteexplorer.org/dotbot; help@moz.com)"
43.153.87.54 - - [04/Apr/2025:01:52:09 -0400] "GET / HTTP/1.1" 200 98430 "-" "Mozilla/5.0 (iPhone; CPU iPhone OS 13_2_3 like Mac OS X) AppleWebKit/605.1.15 (KHTML, like Gecko) Version/13.0.3 Mobile/15E148 Safari/604.1"
213.180.203.203 - - [04/Apr/2025:01:58:40 -0400] "GET /robots.txt HTTP/1.1" 200 132 "-" "Mozilla/5.0 (compatible; YandexBot/3.0; +http://yandex.com/bots)"
5.255.231.87 - - [04/Apr/2025:01:58:41 -0400] "GET / HTTP/1.1" 200 98430 "-" "Mozilla/5.0 (compatible; YandexBot/3.0; +http://yandex.com/bots)"
216.244.66.194 - - [04/Apr/2025:02:12:33 -0400] "GET /robots.txt HTTP/1.1" 304 0 "-" "Mozilla/5.0 (compatible; DotBot/1.2; +https://opensiteexplorer.org/dotbot; help@moz.com)"
43.205.237.19 - - [04/Apr/2025:02:14:54 -0400] "GET / HTTP/1.1" 200 98430 "-" "Mozilla/5.0 (Windows NT 10.0; Win64; x64) AppleWebKit/537.36 (KHTML, like Gecko) Chrome/80.0.3987.149 Safari/537.36"
43.205.237.19 - - [04/Apr/2025:02:14:55 -0400] "GET / HTTP/1.1" 200 98430 "-" "Mozilla/5.0 (Windows NT 10.0; Win64; x64) AppleWebKit/537.36 (KHTML, like Gecko) Chrome/80.0.3987.149 Safari/537.36"
43.205.237.19 - - [04/Apr/2025:02:14:56 -0400] "GET /wp-includes/wlwmanifest.xml HTTP/1.1" 404 15294 "-" "Mozilla/5.0 (Windows NT 10.0; Win64; x64) AppleWebKit/537.36 (KHTML, like Gecko) Chrome/80.0.3987.149 Safari/537.36"
43.205.237.19 - - [04/Apr/2025:02:14:57 -0400] "GET /?author=1 HTTP/1.1" 200 98430 "-" "Mozilla/5.0 (Windows NT 10.0; Win64; x64) AppleWebKit/537.36 (KHTML, like Gecko) Chrome/80.0.3987.149 Safari/537.36"
43.205.237.19 - - [04/Apr/2025:02:14:58 -0400] "GET /?author=2 HTTP/1.1" 200 98430 "-" "Mozilla/5.0 (Windows NT 10.0; Win64; x64) AppleWebKit/537.36 (KHTML, like Gecko) Chrome/80.0.3987.149 Safari/537.36"
43.205.237.19 - - [04/Apr/2025:02:14:58 -0400] "GET /wp-json/wp/v2/users/ HTTP/1.1" 200 2069 "-" "Mozilla/5.0 (Windows NT 10.0; Win64; x64) AppleWebKit/537.36 (KHTML, like Gecko) Chrome/80.0.3987.149 Safari/537.36"
198.54.114.83 - - [04/Apr/2025:02:23:37 -0400] "POST /wp-cron.php?doing_wp_cron=1743747816.9929380416870117187500 HTTP/1.1" 200 0 "-" "WordPress/6.7.2; https://creative-webstyle.com"
216.244.66.194 - - [04/Apr/2025:02:23:36 -0400] "GET /renovation-company-olympic-village/ HTTP/1.1" 200 21799 "-" "Mozilla/5.0 (compatible; DotBot/1.2; +https://opensiteexplorer.org/dotbot; help@moz.com)"
198.54.114.83 - - [04/Apr/2025:02:30:41 -0400] "POST /wp-cron.php?doing_wp_cron=1743748241.3426139354705810546875 HTTP/1.1" 200 0 "-" "WordPress/6.7.2; https://creative-webstyle.com"
216.244.66.194 - - [04/Apr/2025:02:30:37 -0400] "GET /photographe-corporate-geneve/feed/ HTTP/1.1" 200 425 "-" "Mozilla/5.0 (compatible; DotBot/1.2; +https://opensiteexplorer.org/dotbot; help@moz.com)"
198.54.114.83 - - [04/Apr/2025:02:31:16 -0400] "POST /wp-cron.php?doing_wp_cron=1743748275.8078210353851318359375 HTTP/1.1" 200 0 "-" "WordPress/6.7.2; https://creative-webstyle.com"
216.244.66.194 - - [04/Apr/2025:02:31:15 -0400] "GET /unlocking-potential-the-transformative-power-of-education/feed/ HTTP/1.1" 200 454 "-" "Mozilla/5.0 (compatible; DotBot/1.2; +https://opensiteexplorer.org/dotbot; help@moz.com)"
216.244.66.194 - - [04/Apr/2025:02:57:54 -0400] "GET /robots.txt HTTP/1.1" 200 132 "-" "Mozilla/5.0 (compatible; DotBot/1.2; +https://opensiteexplorer.org/dotbot; help@moz.com)"
85.208.98.23 - - [04/Apr/2025:03:02:33 -0400] "GET /robots.txt HTTP/1.1" 304 0 "-" "Mozilla/5.0 (compatible; SemrushBot-BA; +http://www.semrush.com/bot.html)"
111.229.69.139 - - [04/Apr/2025:03:07:18 -0400] "GET / HTTP/1.1" 200 98430 "-" "Mozilla/5.0 (Linux; Android 10; LIO-AN00 Build/HUAWEILIO-AN00; wv) MicroMessenger Weixin QQ AppleWebKit/537.36 (KHTML, like Gecko) Version/4.0 Chrome/78.0.3904.62 XWEB/2692 MMWEBSDK/200901 Mobile Safari/537.36"
198.54.114.83 - - [04/Apr/2025:03:07:54 -0400] "POST /wp-cron.php?doing_wp_cron=1743750474.0034129619598388671875 HTTP/1.1" 200 0 "-" "WordPress/6.7.2; https://creative-webstyle.com"
216.244.66.194 - - [04/Apr/2025:03:07:49 -0400] "GET /enhancing-facial-harmony/ HTTP/1.1" 200 22755 "-" "Mozilla/5.0 (compatible; DotBot/1.2; +https://opensiteexplorer.org/dotbot; help@moz.com)"
216.244.66.194 - - [04/Apr/2025:03:09:42 -0400] "GET /exceptional-interior-design-services-in-yaletown/ HTTP/1.1" 200 22909 "-" "Mozilla/5.0 (compatible; DotBot/1.2; +https://opensiteexplorer.org/dotbot; help@moz.com)"
198.54.114.83 - - [04/Apr/2025:03:09:51 -0400] "POST /wp-cron.php?doing_wp_cron=1743750588.6290779113769531250000 HTTP/1.1" 200 0 "-" "WordPress/6.7.2; https://creative-webstyle.com"
216.244.66.194 - - [04/Apr/2025:03:10:24 -0400] "GET /unveiling-the-serenity-of-the-hill-shore/ HTTP/1.1" 200 22472 "-" "Mozilla/5.0 (compatible; DotBot/1.2; +https://opensiteexplorer.org/dotbot; help@moz.com)"
182.42.111.156 - - [04/Apr/2025:03:12:16 -0400] "GET / HTTP/1.1" 200 98430 "-" "Mozilla/5.0 (iPhone; CPU iPhone OS 13_2_3 like Mac OS X) AppleWebKit/605.1.15 (KHTML, like Gecko) Version/13.0.3 Mobile/15E148 Safari/604.1"
111.229.69.139 - - [04/Apr/2025:03:12:37 -0400] "GET / HTTP/1.1" 200 98430 "-" "Mozilla/5.0 (Linux; Android 10; LIO-AN00 Build/HUAWEILIO-AN00; wv) MicroMessenger Weixin QQ AppleWebKit/537.36 (KHTML, like Gecko) Version/4.0 Chrome/78.0.3904.62 XWEB/2692 MMWEBSDK/200901 Mobile Safari/537.36"
198.54.114.83 - - [04/Apr/2025:03:16:25 -0400] "POST /wp-cron.php?doing_wp_cron=1743750984.7408580780029296875000 HTTP/1.1" 200 0 "-" "WordPress/6.7.2; https://creative-webstyle.com"
216.244.66.194 - - [04/Apr/2025:03:16:24 -0400] "GET /2024/06/22/ HTTP/1.1" 301 0 "-" "Mozilla/5.0 (compatible; DotBot/1.2; +https://opensiteexplorer.org/dotbot; help@moz.com)"
216.244.66.194 - - [04/Apr/2025:03:18:11 -0400] "GET /royal-canadian-circus/feed/ HTTP/1.1" 200 425 "-" "Mozilla/5.0 (compatible; DotBot/1.2; +https://opensiteexplorer.org/dotbot; help@moz.com)"
171.25.193.235 - - [04/Apr/2025:03:47:25 -0400] "GET / HTTP/1.1" 200 98430 "http://creative-webstyle.com" "Mozilla/5.0 (Windows NT 10.0; Win64; x64) AppleWebKit/537.36 (KHTML, like Gecko) Chrome/92.0.4515.159 Safari/537.36 OPR/78.0.4093.231"
198.54.114.83 - - [04/Apr/2025:03:50:59 -0400] "POST /wp-cron.php?doing_wp_cron=1743753058.6121609210968017578125 HTTP/1.1" 200 0 "-" "WordPress/6.7.2; https://creative-webstyle.com"
216.244.66.194 - - [04/Apr/2025:03:50:55 -0400] "GET /a-stylish-mk-bucket-bag/ HTTP/1.1" 200 22380 "-" "Mozilla/5.0 (compatible; DotBot/1.2; +https://opensiteexplorer.org/dotbot; help@moz.com)"
216.244.66.194 - - [04/Apr/2025:03:52:28 -0400] "GET /scheidungsanwalt-hattingen/ HTTP/1.1" 200 22903 "-" "Mozilla/5.0 (compatible; DotBot/1.2; +https://opensiteexplorer.org/dotbot; help@moz.com)"
198.54.114.83 - - [04/Apr/2025:03:53:05 -0400] "POST /wp-cron.php?doing_wp_cron=1743753185.8392300605773925781250 HTTP/1.1" 200 0 "-" "WordPress/6.7.2; https://creative-webstyle.com"
216.244.66.194 - - [04/Apr/2025:03:53:05 -0400] "GET /what-is-coinjoin/ HTTP/1.1" 200 22253 "-" "Mozilla/5.0 (compatible; DotBot/1.2; +https://opensiteexplorer.org/dotbot; help@moz.com)"
198.54.114.83 - - [04/Apr/2025:03:54:16 -0400] "POST /wp-cron.php?doing_wp_cron=1743753256.3454339504241943359375 HTTP/1.1" 200 0 "-" "WordPress/6.7.2; https://creative-webstyle.com"
216.244.66.194 - - [04/Apr/2025:03:54:15 -0400] "GET /is-michael-kors-a-luxury-brand/ HTTP/1.1" 200 22307 "-" "Mozilla/5.0 (compatible; DotBot/1.2; +https://opensiteexplorer.org/dotbot; help@moz.com)"
198.54.114.83 - - [04/Apr/2025:04:27:33 -0400] "POST /wp-cron.php?doing_wp_cron=1743755253.5214240550994873046875 HTTP/1.1" 200 0 "-" "WordPress/6.7.2; https://creative-webstyle.com"
216.244.66.194 - - [04/Apr/2025:04:27:29 -0400] "GET /robots.txt HTTP/1.1" 200 132 "-" "Mozilla/5.0 (compatible; DotBot/1.2; +https://opensiteexplorer.org/dotbot; help@moz.com)"
198.54.114.83 - - [04/Apr/2025:04:28:11 -0400] "POST /wp-cron.php?doing_wp_cron=1743755291.5942978858947753906250 HTTP/1.1" 200 0 "-" "WordPress/6.7.2; https://creative-webstyle.com"
212.102.39.211 - - [04/Apr/2025:04:28:11 -0400] "GET /michael-kors-bags-a-vision-of-sophistication-and-glitz/ HTTP/1.1" 200 23121 "http://creative-webstyle.com/michael-kors-bags-a-vision-of-sophistication-and-glitz/" "Mozilla/5.0 (Windows NT 10.0; Win64; x64) AppleWebKit/537.36 (KHTML, like Gecko) Chrome/131.0.0.0 Safari/537.36"
212.102.39.211 - - [04/Apr/2025:04:28:14 -0400] "POST /wp-comments-post.php HTTP/1.1" 302 0 "http://creative-webstyle.com/michael-kors-bags-a-vision-of-sophistication-and-glitz/" "Mozilla/5.0 (Windows NT 10.0; Win64; x64) AppleWebKit/537.36 (KHTML, like Gecko) Chrome/131.0.0.0 Safari/537.36"
85.204.70.118 - - [04/Apr/2025:04:28:59 -0400] "GET / HTTP/1.1" 200 98430 "-" "Mozilla/5.0 (Windows NT 10.0; Win64; x64) AppleWebKit/537.36 (KHTML, like Gecko) Chrome/78.0.3904.108 Safari/537.36"
85.204.70.118 - - [04/Apr/2025:04:28:59 -0400] "GET / HTTP/1.1" 200 98430 "-" "Mozilla/5.0 (Windows NT 10.0; Win64; x64) AppleWebKit/537.36 (KHTML, like Gecko) Chrome/78.0.3904.108 Safari/537.36"
198.54.114.83 - - [04/Apr/2025:04:29:00 -0400] "POST /wp-cron.php?doing_wp_cron=1743755340.4081790447235107421875 HTTP/1.1" 200 0 "-" "WordPress/6.7.2; https://creative-webstyle.com"
85.204.70.118 - - [04/Apr/2025:04:29:00 -0400] "GET /wp-includes/wlwmanifest.xml HTTP/1.1" 404 15294 "-" "Mozilla/5.0 (Windows NT 10.0; Win64; x64) AppleWebKit/537.36 (KHTML, like Gecko) Chrome/78.0.3904.108 Safari/537.36"
85.204.70.118 - - [04/Apr/2025:04:29:01 -0400] "GET /?author=1 HTTP/1.1" 200 98430 "-" "Mozilla/5.0 (Windows NT 10.0; Win64; x64) AppleWebKit/537.36 (KHTML, like Gecko) Chrome/78.0.3904.108 Safari/537.36"
85.204.70.118 - - [04/Apr/2025:04:29:01 -0400] "GET /?author=2 HTTP/1.1" 200 98430 "-" "Mozilla/5.0 (Windows NT 10.0; Win64; x64) AppleWebKit/537.36 (KHTML, like Gecko) Chrome/78.0.3904.108 Safari/537.36"
