15.206.173.130 - - [01/Apr/2025:15:03:34 -0400] "POST /xmlrpc.php HTTP/1.1" 200 236 "-" "Mozilla/5.0 (Windows NT 10.0; Win64; x64) AppleWebKit/537.36 (KHTML, like Gecko) Chrome/80.0.3987.149 Safari/537.36"
162.213.255.8 - - [01/Apr/2025:15:12:05 -0400] "POST /xmlrpc.php HTTP/1.1" 200 212 "http://creative-webstyle.com" "Mozilla/5.0 (Windows NT 11.0; Win64; x64; rv:126.0) Gecko/20100101 Firefox/126.0"
198.54.114.83 - - [01/Apr/2025:15:12:10 -0400] "POST /wp-cron.php?doing_wp_cron=1743534728.4932670593261718750000 HTTP/1.1" 200 0 "-" "WordPress/6.7.2; https://creative-webstyle.com"
94.16.115.121 - - [01/Apr/2025:15:13:37 -0400] "GET / HTTP/1.1" 200 98430 "http://creative-webstyle.com" "Mozilla/5.0 (Macintosh; Intel Mac OS X 10_6_2) AppleWebKit/535.1 (KHTML, like Gecko) Chrome/13.0.782.41 Safari/535.1"
198.54.114.83 - - [01/Apr/2025:15:20:57 -0400] "POST /wp-cron.php?doing_wp_cron=1743535257.2293939590454101562500 HTTP/1.1" 200 0 "-" "WordPress/6.7.2; https://creative-webstyle.com"
13.229.78.155 - - [01/Apr/2025:15:20:54 -0400] "GET /wp-admin/install.php?step=1 HTTP/1.1" 200 522 "-" "Mozilla/5.0 (X11; Linux x86_64; rv:52.0) Gecko/20100101 Firefox/52.0"
13.229.78.155 - - [01/Apr/2025:15:20:58 -0400] "GET /wp-admin/setup-config.php HTTP/1.1" 409 1222 "-" "Mozilla/5.0 (X11; Linux x86_64; rv:52.0) Gecko/20100101 Firefox/52.0"
198.54.114.83 - - [01/Apr/2025:15:20:59 -0400] "POST /wp-cron.php?doing_wp_cron=1743535259.4098050594329833984375 HTTP/1.1" 200 0 "-" "WordPress/6.7.2; https://creative-webstyle.com"
13.229.78.155 - - [01/Apr/2025:15:20:58 -0400] "GET /new/wp-admin/install.php?step=1 HTTP/1.1" 404 15299 "-" "Mozilla/5.0 (X11; Linux x86_64; rv:52.0) Gecko/20100101 Firefox/52.0"
13.229.78.155 - - [01/Apr/2025:15:21:05 -0400] "GET /new/wp-admin/setup-config.php HTTP/1.1" 404 15298 "-" "Mozilla/5.0 (X11; Linux x86_64; rv:52.0) Gecko/20100101 Firefox/52.0"
13.229.78.155 - - [01/Apr/2025:15:21:12 -0400] "GET /blog/wp-admin/install.php?step=1 HTTP/1.1" 404 15300 "-" "Mozilla/5.0 (X11; Linux x86_64; rv:52.0) Gecko/20100101 Firefox/52.0"
13.229.78.155 - - [01/Apr/2025:15:21:13 -0400] "GET /blog/wp-admin/setup-config.php HTTP/1.1" 404 15300 "-" "Mozilla/5.0 (X11; Linux x86_64; rv:52.0) Gecko/20100101 Firefox/52.0"
13.229.78.155 - - [01/Apr/2025:15:21:15 -0400] "GET /blogs/wp-admin/install.php?step=1 HTTP/1.1" 404 15301 "-" "Mozilla/5.0 (X11; Linux x86_64; rv:52.0) Gecko/20100101 Firefox/52.0"
13.229.78.155 - - [01/Apr/2025:15:21:16 -0400] "GET /blogs/wp-admin/setup-config.php HTTP/1.1" 404 15299 "-" "Mozilla/5.0 (X11; Linux x86_64; rv:52.0) Gecko/20100101 Firefox/52.0"
13.229.78.155 - - [01/Apr/2025:15:21:17 -0400] "GET /demo/wp-admin/install.php?step=1 HTTP/1.1" 404 15299 "-" "Mozilla/5.0 (X11; Linux x86_64; rv:52.0) Gecko/20100101 Firefox/52.0"
13.229.78.155 - - [01/Apr/2025:15:21:18 -0400] "GET /demo/wp-admin/setup-config.php HTTP/1.1" 404 15298 "-" "Mozilla/5.0 (X11; Linux x86_64; rv:52.0) Gecko/20100101 Firefox/52.0"
13.229.78.155 - - [01/Apr/2025:15:21:20 -0400] "GET /wp/wp-admin/install.php?step=1 HTTP/1.1" 404 15295 "-" "Mozilla/5.0 (X11; Linux x86_64; rv:52.0) Gecko/20100101 Firefox/52.0"
13.229.78.155 - - [01/Apr/2025:15:21:21 -0400] "GET /wp/wp-admin/setup-config.php HTTP/1.1" 404 15295 "-" "Mozilla/5.0 (X11; Linux x86_64; rv:52.0) Gecko/20100101 Firefox/52.0"
13.229.78.155 - - [01/Apr/2025:15:21:23 -0400] "GET /wordpress/wp-admin/install.php?step=1 HTTP/1.1" 404 15299 "-" "Mozilla/5.0 (X11; Linux x86_64; rv:52.0) Gecko/20100101 Firefox/52.0"
13.229.78.155 - - [01/Apr/2025:15:21:25 -0400] "GET /wordpress/wp-admin/setup-config.php HTTP/1.1" 404 15298 "-" "Mozilla/5.0 (X11; Linux x86_64; rv:52.0) Gecko/20100101 Firefox/52.0"
13.229.78.155 - - [01/Apr/2025:15:21:26 -0400] "GET /tes/wp-admin/install.php?step=1 HTTP/1.1" 404 15299 "-" "Mozilla/5.0 (X11; Linux x86_64; rv:52.0) Gecko/20100101 Firefox/52.0"
13.229.78.155 - - [01/Apr/2025:15:21:27 -0400] "GET /tes/wp-admin/setup-config.php HTTP/1.1" 404 15297 "-" "Mozilla/5.0 (X11; Linux x86_64; rv:52.0) Gecko/20100101 Firefox/52.0"
13.229.78.155 - - [01/Apr/2025:15:21:29 -0400] "GET /test/wp-admin/install.php?step=1 HTTP/1.1" 404 15299 "-" "Mozilla/5.0 (X11; Linux x86_64; rv:52.0) Gecko/20100101 Firefox/52.0"
13.229.78.155 - - [01/Apr/2025:15:21:30 -0400] "GET /test/wp-admin/setup-config.php HTTP/1.1" 404 15298 "-" "Mozilla/5.0 (X11; Linux x86_64; rv:52.0) Gecko/20100101 Firefox/52.0"
13.229.78.155 - - [01/Apr/2025:15:21:32 -0400] "GET /web/wp-admin/install.php?step=1 HTTP/1.1" 404 15298 "-" "Mozilla/5.0 (X11; Linux x86_64; rv:52.0) Gecko/20100101 Firefox/52.0"
13.229.78.155 - - [01/Apr/2025:15:21:33 -0400] "GET /web/wp-admin/setup-config.php HTTP/1.1" 404 15296 "-" "Mozilla/5.0 (X11; Linux x86_64; rv:52.0) Gecko/20100101 Firefox/52.0"
13.229.78.155 - - [01/Apr/2025:15:21:35 -0400] "GET /cms/wp-admin/install.php?step=1 HTTP/1.1" 404 15298 "-" "Mozilla/5.0 (X11; Linux x86_64; rv:52.0) Gecko/20100101 Firefox/52.0"
13.229.78.155 - - [01/Apr/2025:15:21:36 -0400] "GET /cms/wp-admin/setup-config.php HTTP/1.1" 404 15298 "-" "Mozilla/5.0 (X11; Linux x86_64; rv:52.0) Gecko/20100101 Firefox/52.0"
13.229.78.155 - - [01/Apr/2025:15:21:38 -0400] "POST /wp-admin/admin-ajax.php HTTP/1.1" 400 21 "-" "Mozilla/5.0 (X11; Linux x86_64; rv:52.0) Gecko/20100101 Firefox/52.0"
198.54.114.83 - - [01/Apr/2025:15:21:39 -0400] "POST /wp-cron.php?doing_wp_cron=1743535299.1890690326690673828125 HTTP/1.1" 200 0 "-" "WordPress/6.7.2; https://creative-webstyle.com"
13.229.78.155 - - [01/Apr/2025:15:21:38 -0400] "GET /wp-admin/ HTTP/1.1" 302 0 "-" "Mozilla/5.0 (X11; Linux x86_64; rv:52.0) Gecko/20100101 Firefox/52.0"
43.166.134.47 - - [01/Apr/2025:15:30:37 -0400] "GET / HTTP/1.1" 200 98430 "-" "Mozilla/5.0 (iPhone; CPU iPhone OS 13_2_3 like Mac OS X) AppleWebKit/605.1.15 (KHTML, like Gecko) Version/13.0.3 Mobile/15E148 Safari/604.1"
2605:6f00:1234:701:1::14d - - [01/Apr/2025:15:36:28 -0400] "POST /xmlrpc.php HTTP/1.1" 200 212 "http://creative-webstyle.com" "Mozilla/5.0 (Windows NT 10.0; Win64; x64) AppleWebKit/537.36 (KHTML, like Gecko) Chrome/116.0.5845.96 Safari/537.36"
198.54.114.83 - - [01/Apr/2025:15:36:34 -0400] "POST /wp-cron.php?doing_wp_cron=1743536192.5311388969421386718750 HTTP/1.1" 200 0 "-" "WordPress/6.7.2; https://creative-webstyle.com"
216.244.66.194 - - [01/Apr/2025:15:36:35 -0400] "GET /robots.txt HTTP/1.1" 304 0 "-" "Mozilla/5.0 (compatible; DotBot/1.2; +https://opensiteexplorer.org/dotbot; help@moz.com)"
2a01:e0a:a67:b860:858b:6cf8:96ba:1d55 - - [01/Apr/2025:15:41:47 -0400] "GET /.env HTTP/1.1" 403 1242 "-" "Mozilla/5.0 (Macintosh; U; Intel Mac OS X 10_6_8; en-us) AppleWebKit/534.50 (KHTML, like Gecko) Version/5.1 Safari/534.50"
198.54.114.83 - - [01/Apr/2025:15:45:43 -0400] "POST /wp-cron.php?doing_wp_cron=1743536742.9709029197692871093750 HTTP/1.1" 200 0 "-" "WordPress/6.7.2; https://creative-webstyle.com"
216.244.66.194 - - [01/Apr/2025:15:45:37 -0400] "GET /wood-window-shutters/ HTTP/1.1" 200 22267 "-" "Mozilla/5.0 (compatible; DotBot/1.2; +https://opensiteexplorer.org/dotbot; help@moz.com)"
198.54.114.83 - - [01/Apr/2025:15:46:09 -0400] "POST /wp-cron.php?doing_wp_cron=1743536769.0279870033264160156250 HTTP/1.1" 200 0 "-" "WordPress/6.7.2; https://creative-webstyle.com"
216.244.66.194 - - [01/Apr/2025:15:46:08 -0400] "GET /how-to-find-sales-michael-kors-handbags/feed/ HTTP/1.1" 200 449 "-" "Mozilla/5.0 (compatible; DotBot/1.2; +https://opensiteexplorer.org/dotbot; help@moz.com)"
198.54.114.83 - - [01/Apr/2025:15:46:42 -0400] "POST /wp-cron.php?doing_wp_cron=1743536802.2260189056396484375000 HTTP/1.1" 200 0 "-" "WordPress/6.7.2; https://creative-webstyle.com"
216.244.66.194 - - [01/Apr/2025:15:46:41 -0400] "GET /the-importance-of-food-labels/feed/ HTTP/1.1" 200 434 "-" "Mozilla/5.0 (compatible; DotBot/1.2; +https://opensiteexplorer.org/dotbot; help@moz.com)"
198.54.114.83 - - [01/Apr/2025:15:54:46 -0400] "POST /wp-cron.php?doing_wp_cron=1743537286.1075680255889892578125 HTTP/1.1" 200 0 "-" "WordPress/6.7.2; https://creative-webstyle.com"
216.244.66.194 - - [01/Apr/2025:15:54:41 -0400] "GET /creating-comfort-the-essential-guide-to-hotel-room-furniture/feed/ HTTP/1.1" 200 470 "-" "Mozilla/5.0 (compatible; DotBot/1.2; +https://opensiteexplorer.org/dotbot; help@moz.com)"
2001:41d0:303:2bb1::1 - - [01/Apr/2025:15:57:06 -0400] "GET /robots.txt HTTP/1.1" 301 0 "-" "Mozilla/5.0 (compatible; MJ12bot/v1.4.8; http://mj12bot.com/)"
2001:41d0:303:2bb1::1 - - [01/Apr/2025:15:57:07 -0400] "GET /robots.txt HTTP/1.1" 200 132 "-" "Mozilla/5.0 (compatible; MJ12bot/v1.4.8; http://mj12bot.com/)"
2001:41d0:303:2bb1::1 - - [01/Apr/2025:15:57:09 -0400] "GET /%E3%81%8B%E3%81%AB%E3%81%AF%E5%9B%BD%E7%94%A3%E3%81%A8%E5%A4%96%E5%9B%BD%E7%94%A3%E3%81%A7%E5%91%B3%E3%81%AB%E3%81%A1%E3%81%8C%E3%81%84%E3%81%8C%E3%81%82%E3%82%8B%E3%82%93%E3%81%A7/ HTTP/1.1" 301 0 "-" "Mozilla/5.0 (compatible; MJ12bot/v1.4.8; http://mj12bot.com/)"
2001:41d0:303:2bb1::1 - - [01/Apr/2025:15:57:12 -0400] "GET /%E3%81%8B%E3%81%AB%E3%81%AF%E5%9B%BD%E7%94%A3%E3%81%A8%E5%A4%96%E5%9B%BD%E7%94%A3%E3%81%A7%E5%91%B3%E3%81%AB%E3%81%A1%E3%81%8C%E3%81%84%E3%81%8C%E3%81%82%E3%82%8B%E3%82%93%E3%81%A7/ HTTP/1.1" 404 15355 "-" "Mozilla/5.0 (compatible; MJ12bot/v1.4.8; http://mj12bot.com/)"
2001:41d0:303:2bb1::1 - - [01/Apr/2025:15:57:15 -0400] "GET /%E3%81%93%E3%81%AE%E3%81%82%E3%81%84%E3%81%A0%E8%84%B1%E6%AF%9B%E3%82%B5%E3%83%AD%E3%83%B3%E3%81%AE%E7%89%B9%E9%9B%86%E3%82%84%E8%84%B1%E6%AF%9B%E6%99%82%E3%81%AE%E6%B3%A8%E6%84%8F%E7%82%B9%E3%81%8C/ HTTP/1.1" 301 0 "-" "Mozilla/5.0 (compatible; MJ12bot/v1.4.8; http://mj12bot.com/)"
2001:41d0:303:2bb1::1 - - [01/Apr/2025:15:57:18 -0400] "GET /%E3%81%93%E3%81%AE%E3%81%82%E3%81%84%E3%81%A0%E8%84%B1%E6%AF%9B%E3%82%B5%E3%83%AD%E3%83%B3%E3%81%AE%E7%89%B9%E9%9B%86%E3%82%84%E8%84%B1%E6%AF%9B%E6%99%82%E3%81%AE%E6%B3%A8%E6%84%8F%E7%82%B9%E3%81%8C/ HTTP/1.1" 404 15385 "-" "Mozilla/5.0 (compatible; MJ12bot/v1.4.8; http://mj12bot.com/)"
2001:41d0:303:2bb1::1 - - [01/Apr/2025:15:57:22 -0400] "GET /%E3%81%A9%E3%82%93%E3%81%AA%E6%AF%9B%E8%9F%B9%E3%82%92%E9%81%B8%E3%82%93%E3%81%A0%E3%82%89%E3%82%88%E3%81%84%E3%81%8B%E3%81%84%E3%81%8F%E3%81%A4%E3%81%8B%E6%8C%99%E3%81%92%E3%81%A6%E3%81%BF%E3%81%BE/ HTTP/1.1" 301 0 "-" "Mozilla/5.0 (compatible; MJ12bot/v1.4.8; http://mj12bot.com/)"
2001:41d0:303:2bb1::1 - - [01/Apr/2025:15:58:16 -0400] "GET /%E3%81%A9%E3%82%93%E3%81%AA%E6%AF%9B%E8%9F%B9%E3%82%92%E9%81%B8%E3%82%93%E3%81%A0%E3%82%89%E3%82%88%E3%81%84%E3%81%8B%E3%81%84%E3%81%8F%E3%81%A4%E3%81%8B%E6%8C%99%E3%81%92%E3%81%A6%E3%81%BF%E3%81%BE/ HTTP/1.1" 301 0 "-" "Mozilla/5.0 (compatible; MJ12bot/v1.4.8; http://mj12bot.com/)"
198.54.114.83 - - [01/Apr/2025:15:58:19 -0400] "POST /wp-cron.php?doing_wp_cron=1743537498.7281370162963867187500 HTTP/1.1" 200 0 "-" "WordPress/6.7.2; https://creative-webstyle.com"
2001:41d0:303:2bb1::1 - - [01/Apr/2025:15:58:18 -0400] "GET /%E3%81%A9%E3%82%93%E3%81%AA%E6%AF%9B%E8%9F%B9%E3%82%92%E9%81%B8%E3%82%93%E3%81%A0%E3%82%89%E3%82%88%E3%81%84%E3%81%8B%E3%81%84%E3%81%8F%E3%81%A4%E3%81%8B%E6%8C%99%E3%81%92%E3%81%A6%E3%81%BF%E3%81%BE/ HTTP/1.1" 404 15374 "-" "Mozilla/5.0 (compatible; MJ12bot/v1.4.8; http://mj12bot.com/)"
2001:41d0:303:2bb1::1 - - [01/Apr/2025:15:58:22 -0400] "GET /%E3%82%A8%E3%82%BF%E3%83%A9%E3%83%93%EF%BC%88%E3%82%A8%E3%82%BF%E3%83%BC%E3%83%8A%E3%83%AB%E3%83%BB%E3%83%A9%E3%83%93%E3%83%AA%E3%83%B3%E3%82%B9%EF%BC%89%E3%81%AF/ HTTP/1.1" 301 0 "-" "Mozilla/5.0 (compatible; MJ12bot/v1.4.8; http://mj12bot.com/)"
2001:41d0:303:2bb1::1 - - [01/Apr/2025:15:58:24 -0400] "GET /%E3%82%A8%E3%82%BF%E3%83%A9%E3%83%93%EF%BC%88%E3%82%A8%E3%82%BF%E3%83%BC%E3%83%8A%E3%83%AB%E3%83%BB%E3%83%A9%E3%83%93%E3%83%AA%E3%83%B3%E3%82%B9%EF%BC%89%E3%81%AF/ HTTP/1.1" 404 15351 "-" "Mozilla/5.0 (compatible; MJ12bot/v1.4.8; http://mj12bot.com/)"
2001:41d0:303:2bb1::1 - - [01/Apr/2025:15:58:28 -0400] "GET /%E3%82%B0%E3%83%AA%E3%83%BC%E3%83%B3%E3%82%B9%E3%83%A0%E3%83%BC%E3%82%B8%E3%83%BC%E3%81%A8%E3%81%84%E3%81%86%E3%82%82%E3%81%AE%E3%81%8C%E3%83%96%E3%83%BC%E3%83%A0%E3%81%AB%E3%81%AA%E3%81%A3%E3%81%A6/ HTTP/1.1" 301 0 "-" "Mozilla/5.0 (compatible; MJ12bot/v1.4.8; http://mj12bot.com/)"
2001:41d0:303:2bb1::1 - - [01/Apr/2025:15:58:30 -0400] "GET /%E3%82%B0%E3%83%AA%E3%83%BC%E3%83%B3%E3%82%B9%E3%83%A0%E3%83%BC%E3%82%B8%E3%83%BC%E3%81%A8%E3%81%84%E3%81%86%E3%82%82%E3%81%AE%E3%81%8C%E3%83%96%E3%83%BC%E3%83%A0%E3%81%AB%E3%81%AA%E3%81%A3%E3%81%A6/ HTTP/1.1" 404 15360 "-" "Mozilla/5.0 (compatible; MJ12bot/v1.4.8; http://mj12bot.com/)"
2001:41d0:303:2bb1::1 - - [01/Apr/2025:15:58:33 -0400] "GET /%E3%82%B3%E3%83%A9%E3%83%BC%E3%82%B2%E3%83%B3%EF%BC%88%E4%BA%BA%E4%BD%93%E3%81%AE%E3%82%BF%E3%83%B3%E3%83%91%E3%82%AF%E8%B3%AA%E3%81%AE%E7%B4%84%EF%BC%93%EF%BC%90%EF%BC%85/ HTTP/1.1" 301 0 "-" "Mozilla/5.0 (compatible; MJ12bot/v1.4.8; http://mj12bot.com/)"
2001:41d0:303:2bb1::1 - - [01/Apr/2025:15:58:35 -0400] "GET /%E3%82%B3%E3%83%A9%E3%83%BC%E3%82%B2%E3%83%B3%EF%BC%88%E4%BA%BA%E4%BD%93%E3%81%AE%E3%82%BF%E3%83%B3%E3%83%91%E3%82%AF%E8%B3%AA%E3%81%AE%E7%B4%84%EF%BC%93%EF%BC%90%EF%BC%85/ HTTP/1.1" 404 15370 "-" "Mozilla/5.0 (compatible; MJ12bot/v1.4.8; http://mj12bot.com/)"
198.54.114.83 - - [01/Apr/2025:15:58:39 -0400] "POST /wp-cron.php?doing_wp_cron=1743537519.5411090850830078125000 HTTP/1.1" 200 0 "-" "WordPress/6.7.2; https://creative-webstyle.com"
2001:41d0:303:2bb1::1 - - [01/Apr/2025:15:58:39 -0400] "GET /%E3%83%8B%E3%82%AD%E3%83%93%E3%81%A8%E3%81%AF%E7%9A%AE%E8%84%82%E3%81%AB%E3%82%88%E3%81%A3%E3%81%A6%E6%AF%9B%E7%A9%B4%E3%81%8C%E7%9B%AE%E8%A9%B0%E3%81%BE%E3%82%8A%E3%82%92%E8%B5%B7%E3%81%93%E3%81%97/ HTTP/1.1" 301 0 "-" "Mozilla/5.0 (compatible; MJ12bot/v1.4.8; http://mj12bot.com/)"
2001:41d0:303:2bb1::1 - - [01/Apr/2025:15:58:41 -0400] "GET /%E3%83%8B%E3%82%AD%E3%83%93%E3%81%A8%E3%81%AF%E7%9A%AE%E8%84%82%E3%81%AB%E3%82%88%E3%81%A3%E3%81%A6%E6%AF%9B%E7%A9%B4%E3%81%8C%E7%9B%AE%E8%A9%B0%E3%81%BE%E3%82%8A%E3%82%92%E8%B5%B7%E3%81%93%E3%81%97/ HTTP/1.1" 404 15389 "-" "Mozilla/5.0 (compatible; MJ12bot/v1.4.8; http://mj12bot.com/)"
2001:41d0:303:2bb1::1 - - [01/Apr/2025:15:58:46 -0400] "GET /%E3%83%95%E3%82%A1%E3%83%B3%E3%82%B1%E3%83%AB%E7%84%A1%E6%B7%BB%E5%8A%A0%E3%82%B9%E3%82%AD%E3%83%B3%E3%82%B1%E3%82%A2%E3%81%AF%E7%84%A1%E6%B7%BB%E5%8A%A0%E3%81%A0%E3%81%91%E3%81%AB%E9%99%90/ HTTP/1.1" 301 0 "-" "Mozilla/5.0 (compatible; MJ12bot/v1.4.8; http://mj12bot.com/)"
198.54.114.83 - - [01/Apr/2025:15:58:49 -0400] "POST /wp-cron.php?doing_wp_cron=1743537529.1139619350433349609375 HTTP/1.1" 200 0 "-" "WordPress/6.7.2; https://creative-webstyle.com"
2001:41d0:303:2bb1::1 - - [01/Apr/2025:15:58:48 -0400] "GET /%E3%83%95%E3%82%A1%E3%83%B3%E3%82%B1%E3%83%AB%E7%84%A1%E6%B7%BB%E5%8A%A0%E3%82%B9%E3%82%AD%E3%83%B3%E3%82%B1%E3%82%A2%E3%81%AF%E7%84%A1%E6%B7%BB%E5%8A%A0%E3%81%A0%E3%81%91%E3%81%AB%E9%99%90/ HTTP/1.1" 404 15362 "-" "Mozilla/5.0 (compatible; MJ12bot/v1.4.8; http://mj12bot.com/)"
2001:41d0:303:2bb1::1 - - [01/Apr/2025:15:58:52 -0400] "GET /%E3%83%98%E3%82%A2%E3%82%B9%E3%82%BF%E3%82%A4%E3%83%AB%E3%81%AB%E8%87%AA%E4%BF%A1%E3%81%8C%E3%81%AA%E3%81%8F%E3%81%AA%E3%82%8A%E9%AB%AA%E3%81%AE%E6%AF%9B%E3%82%92%E5%A2%97%E3%82%84%E3%81%97/ HTTP/1.1" 301 0 "-" "Mozilla/5.0 (compatible; MJ12bot/v1.4.8; http://mj12bot.com/)"
2001:41d0:303:2bb1::1 - - [01/Apr/2025:15:58:54 -0400] "GET /%E3%83%98%E3%82%A2%E3%82%B9%E3%82%BF%E3%82%A4%E3%83%AB%E3%81%AB%E8%87%AA%E4%BF%A1%E3%81%8C%E3%81%AA%E3%81%8F%E3%81%AA%E3%82%8A%E9%AB%AA%E3%81%AE%E6%AF%9B%E3%82%92%E5%A2%97%E3%82%84%E3%81%97/ HTTP/1.1" 404 15384 "-" "Mozilla/5.0 (compatible; MJ12bot/v1.4.8; http://mj12bot.com/)"
2001:41d0:303:2bb1::1 - - [01/Apr/2025:15:58:58 -0400] "GET /%E4%B8%80%E5%8F%A3%E3%81%AB%E3%82%A4%E3%83%B3%E3%83%97%E3%83%A9%E3%83%B3%E3%83%88%E6%B2%BB%E7%99%82%E3%81%A8%E3%81%84%E3%81%A3%E3%81%A6%E3%82%82%E6%AE%B5%E9%9A%8E%E3%81%8C/ HTTP/1.1" 301 0 "-" "Mozilla/5.0 (compatible; MJ12bot/v1.4.8; http://mj12bot.com/)"
2001:41d0:303:2bb1::1 - - [01/Apr/2025:15:59:01 -0400] "GET /%E4%B8%80%E5%8F%A3%E3%81%AB%E3%82%A4%E3%83%B3%E3%83%97%E3%83%A9%E3%83%B3%E3%83%88%E6%B2%BB%E7%99%82%E3%81%A8%E3%81%84%E3%81%A3%E3%81%A6%E3%82%82%E6%AE%B5%E9%9A%8E%E3%81%8C/ HTTP/1.1" 404 15385 "-" "Mozilla/5.0 (compatible; MJ12bot/v1.4.8; http://mj12bot.com/)"
2001:41d0:303:2bb1::1 - - [01/Apr/2025:15:59:05 -0400] "GET /%E4%BA%BA%E6%9D%90%E7%B4%B9%E4%BB%8B%E4%BC%9A%E7%A4%BE%E3%81%AE%E5%88%A9%E7%94%A8%E3%82%92%E8%A1%8C%E3%81%AA%E3%81%84%E8%BB%A2%E8%81%B7%E3%81%99/ HTTP/1.1" 301 0 "-" "Mozilla/5.0 (compatible; MJ12bot/v1.4.8; http://mj12bot.com/)"
2001:41d0:303:2bb1::1 - - [01/Apr/2025:15:59:08 -0400] "GET /%E4%BA%BA%E6%9D%90%E7%B4%B9%E4%BB%8B%E4%BC%9A%E7%A4%BE%E3%81%AE%E5%88%A9%E7%94%A8%E3%82%92%E8%A1%8C%E3%81%AA%E3%81%84%E8%BB%A2%E8%81%B7%E3%81%99/ HTTP/1.1" 404 15381 "-" "Mozilla/5.0 (compatible; MJ12bot/v1.4.8; http://mj12bot.com/)"
2001:41d0:303:2bb1::1 - - [01/Apr/2025:15:59:12 -0400] "GET /%E4%BD%99%E8%A8%88%E3%81%AA%E8%84%82%E5%88%86%E3%82%92%E6%8C%81%E3%81%9F%E3%81%AA%E3%81%84%E4%BA%BA%E3%81%AF%E9%A0%AD%E7%9A%AE%E3%81%8C%E5%81%A5%E5%BA%B7%E7%9A%84%E3%81%A7%E9%A0%AD%E7%9A%AE/ HTTP/1.1" 301 0 "-" "Mozilla/5.0 (compatible; MJ12bot/v1.4.8; http://mj12bot.com/)"
2001:41d0:303:2bb1::1 - - [01/Apr/2025:15:59:14 -0400] "GET /%E4%BD%99%E8%A8%88%E3%81%AA%E8%84%82%E5%88%86%E3%82%92%E6%8C%81%E3%81%9F%E3%81%AA%E3%81%84%E4%BA%BA%E3%81%AF%E9%A0%AD%E7%9A%AE%E3%81%8C%E5%81%A5%E5%BA%B7%E7%9A%84%E3%81%A7%E9%A0%AD%E7%9A%AE/ HTTP/1.1" 404 15386 "-" "Mozilla/5.0 (compatible; MJ12bot/v1.4.8; http://mj12bot.com/)"
2001:41d0:303:2bb1::1 - - [01/Apr/2025:15:59:18 -0400] "GET /%E5%A4%9A%E3%81%8F%E3%81%AE%E6%96%B9%E3%81%AB%E3%81%A8%E3%81%A3%E3%81%A6%E3%82%A4%E3%83%B3%E3%83%97%E3%83%A9%E3%83%B3%E3%83%88%E6%B2%BB%E7%99%82/ HTTP/1.1" 301 0 "-" "Mozilla/5.0 (compatible; MJ12bot/v1.4.8; http://mj12bot.com/)"
2001:41d0:303:2bb1::1 - - [01/Apr/2025:15:59:21 -0400] "GET /%E5%A4%9A%E3%81%8F%E3%81%AE%E6%96%B9%E3%81%AB%E3%81%A8%E3%81%A3%E3%81%A6%E3%82%A4%E3%83%B3%E3%83%97%E3%83%A9%E3%83%B3%E3%83%88%E6%B2%BB%E7%99%82/ HTTP/1.1" 404 15358 "-" "Mozilla/5.0 (compatible; MJ12bot/v1.4.8; http://mj12bot.com/)"
2001:41d0:303:2bb1::1 - - [01/Apr/2025:15:59:25 -0400] "GET /%E5%AD%A6%E6%A0%A1%E8%A1%8C%E4%BA%8B%E3%81%AE%E6%97%85%E8%A1%8C%E3%82%84%E4%B8%80%E8%88%AC%E5%90%91%E3%81%91%E6%97%85%E8%A1%8C%E4%BC%81%E7%94%BB%E3%81%AA%E3%81%A9%E3%81%AB%E5%8F%82%E5%8A%A0/ HTTP/1.1" 301 0 "-" "Mozilla/5.0 (compatible; MJ12bot/v1.4.8; http://mj12bot.com/)"
2001:41d0:303:2bb1::1 - - [01/Apr/2025:15:59:28 -0400] "GET /%E5%AD%A6%E6%A0%A1%E8%A1%8C%E4%BA%8B%E3%81%AE%E6%97%85%E8%A1%8C%E3%82%84%E4%B8%80%E8%88%AC%E5%90%91%E3%81%91%E6%97%85%E8%A1%8C%E4%BC%81%E7%94%BB%E3%81%AA%E3%81%A9%E3%81%AB%E5%8F%82%E5%8A%A0/ HTTP/1.1" 404 15389 "-" "Mozilla/5.0 (compatible; MJ12bot/v1.4.8; http://mj12bot.com/)"
2001:41d0:303:2bb1::1 - - [01/Apr/2025:15:59:31 -0400] "GET /%E5%AE%9F%E3%81%AF%E6%AF%9B%E3%81%8C%E6%8A%9C%E3%81%91%E3%82%84%E3%81%99%E3%81%84%E3%82%B7%E3%83%BC%E3%82%BA%E3%83%B3%E3%81%8C%E3%81%82%E3%82%8A%E3%81%BE%E3%81%97/ HTTP/1.1" 301 0 "-" "Mozilla/5.0 (compatible; MJ12bot/v1.4.8; http://mj12bot.com/)"
2001:41d0:303:2bb1::1 - - [01/Apr/2025:15:59:33 -0400] "GET /%E5%AE%9F%E3%81%AF%E6%AF%9B%E3%81%8C%E6%8A%9C%E3%81%91%E3%82%84%E3%81%99%E3%81%84%E3%82%B7%E3%83%BC%E3%82%BA%E3%83%B3%E3%81%8C%E3%81%82%E3%82%8A%E3%81%BE%E3%81%97/ HTTP/1.1" 404 15362 "-" "Mozilla/5.0 (compatible; MJ12bot/v1.4.8; http://mj12bot.com/)"
2001:41d0:303:2bb1::1 - - [01/Apr/2025:15:59:37 -0400] "GET /%E6%9C%80%E8%BF%91%E3%82%88%E3%81%8F%E3%81%BF%E3%82%89%E3%82%8C%E3%82%8B%E3%81%AE%E3%81%AF%E3%81%84%E3%81%A4%E3%81%AE%E6%99%82%E7%AF%80%E3%81%AB%E3%82%82/ HTTP/1.1" 301 0 "-" "Mozilla/5.0 (compatible; MJ12bot/v1.4.8; http://mj12bot.com/)"
198.54.114.83 - - [01/Apr/2025:15:59:40 -0400] "POST /wp-cron.php?doing_wp_cron=1743537579.8857870101928710937500 HTTP/1.1" 200 0 "-" "WordPress/6.7.2; https://creative-webstyle.com"
2001:41d0:303:2bb1::1 - - [01/Apr/2025:15:59:39 -0400] "GET /%E6%9C%80%E8%BF%91%E3%82%88%E3%81%8F%E3%81%BF%E3%82%89%E3%82%8C%E3%82%8B%E3%81%AE%E3%81%AF%E3%81%84%E3%81%A4%E3%81%AE%E6%99%82%E7%AF%80%E3%81%AB%E3%82%82/ HTTP/1.1" 404 15359 "-" "Mozilla/5.0 (compatible; MJ12bot/v1.4.8; http://mj12bot.com/)"
2001:41d0:303:2bb1::1 - - [01/Apr/2025:15:59:42 -0400] "GET /%E6%9C%AA%E3%81%A0%E3%81%AB%E8%82%B2%E6%AF%9B%E3%81%A8%E3%81%84%E3%81%86%E3%81%A8%E3%81%BE%E3%81%A0%E3%81%BE%E3%81%A0%E3%83%96%E3%83%A9%E3%82%B7%E3%81%A7%E9%A0%AD%E7%9A%AE/ HTTP/1.1" 301 0 "-" "Mozilla/5.0 (compatible; MJ12bot/v1.4.8; http://mj12bot.com/)"
2001:41d0:303:2bb1::1 - - [01/Apr/2025:15:59:44 -0400] "GET /%E6%9C%AA%E3%81%A0%E3%81%AB%E8%82%B2%E6%AF%9B%E3%81%A8%E3%81%84%E3%81%86%E3%81%A8%E3%81%BE%E3%81%A0%E3%81%BE%E3%81%A0%E3%83%96%E3%83%A9%E3%82%B7%E3%81%A7%E9%A0%AD%E7%9A%AE/ HTTP/1.1" 404 15367 "-" "Mozilla/5.0 (compatible; MJ12bot/v1.4.8; http://mj12bot.com/)"
2001:41d0:303:2bb1::1 - - [01/Apr/2025:15:59:48 -0400] "GET /%E6%B0%B8%E4%B9%85%E8%84%B1%E6%AF%9B%E3%82%92%E3%81%99%E3%82%8B%E3%81%A8%E5%AE%9F%E9%9A%9B%E3%81%AB%E6%B0%B8%E4%B9%85%E3%81%AB%E6%AF%9B%E3%81%8C%E7%94%9F%E3%81%88%E3%81%A6%E3%81%93%E3%81%AA%E3%81%84/ HTTP/1.1" 301 0 "-" "Mozilla/5.0 (compatible; MJ12bot/v1.4.8; http://mj12bot.com/)"
198.54.114.83 - - [01/Apr/2025:15:59:51 -0400] "POST /wp-cron.php?doing_wp_cron=1743537591.2348480224609375000000 HTTP/1.1" 200 0 "-" "WordPress/6.7.2; https://creative-webstyle.com"
2001:41d0:303:2bb1::1 - - [01/Apr/2025:15:59:50 -0400] "GET /%E6%B0%B8%E4%B9%85%E8%84%B1%E6%AF%9B%E3%82%92%E3%81%99%E3%82%8B%E3%81%A8%E5%AE%9F%E9%9A%9B%E3%81%AB%E6%B0%B8%E4%B9%85%E3%81%AB%E6%AF%9B%E3%81%8C%E7%94%9F%E3%81%88%E3%81%A6%E3%81%93%E3%81%AA%E3%81%84/ HTTP/1.1" 404 15388 "-" "Mozilla/5.0 (compatible; MJ12bot/v1.4.8; http://mj12bot.com/)"
2001:41d0:303:2bb1::1 - - [01/Apr/2025:15:59:55 -0400] "GET /%E7%8F%BE%E5%9C%A8%E3%81%AF%E8%89%B2%E3%80%85%E3%81%AA%E7%90%86%E7%94%B1%E3%81%A7%E9%AB%AA%E3%81%AE%E8%96%84%E3%81%95%E3%81%AB%E5%9B%B0%E3%81%A3%E3%81%A6%E3%81%84%E3%82%8B%E5%A5%B3/ HTTP/1.1" 301 0 "-" "Mozilla/5.0 (compatible; MJ12bot/v1.4.8; http://mj12bot.com/)"
2001:41d0:303:2bb1::1 - - [01/Apr/2025:15:59:57 -0400] "GET /%E7%8F%BE%E5%9C%A8%E3%81%AF%E8%89%B2%E3%80%85%E3%81%AA%E7%90%86%E7%94%B1%E3%81%A7%E9%AB%AA%E3%81%AE%E8%96%84%E3%81%95%E3%81%AB%E5%9B%B0%E3%81%A3%E3%81%A6%E3%81%84%E3%82%8B%E5%A5%B3/ HTTP/1.1" 404 15387 "-" "Mozilla/5.0 (compatible; MJ12bot/v1.4.8; http://mj12bot.com/)"
192.42.116.212 - - [01/Apr/2025:16:00:02 -0400] "GET / HTTP/1.1" 200 98430 "http://creative-webstyle.com" "Mozilla/5.0 (Windows NT 6.1; WOW64) AppleWebKit/537.36 (KHTML, like Gecko) Chrome/87.0.4280.60 YaBrowser/20.12.0.966 Yowser/2.5 Safari/537.36"
2001:41d0:303:2bb1::1 - - [01/Apr/2025:16:00:02 -0400] "GET /%E7%94%B7%E6%80%A7%E7%94%A8%E8%82%B2%E6%AF%9B%E5%89%A4%E3%81%A8%E3%81%84%E3%81%86%E3%81%AE%E3%81%AF%E6%95%B0%E5%A4%9A%E3%81%8F%E5%87%BA%E5%9B%9E%E3%81%A3%E3%81%A6%E3%81%84%E3%81%BE%E3%81%99%E3%81%8C/ HTTP/1.1" 301 0 "-" "Mozilla/5.0 (compatible; MJ12bot/v1.4.8; http://mj12bot.com/)"
2001:41d0:303:2bb1::1 - - [01/Apr/2025:16:00:06 -0400] "GET /%E7%94%B7%E6%80%A7%E7%94%A8%E8%82%B2%E6%AF%9B%E5%89%A4%E3%81%A8%E3%81%84%E3%81%86%E3%81%AE%E3%81%AF%E6%95%B0%E5%A4%9A%E3%81%8F%E5%87%BA%E5%9B%9E%E3%81%A3%E3%81%A6%E3%81%84%E3%81%BE%E3%81%99%E3%81%8C/ HTTP/1.1" 404 15386 "-" "Mozilla/5.0 (compatible; MJ12bot/v1.4.8; http://mj12bot.com/)"
199.188.200.139 - - [01/Apr/2025:16:00:11 -0400] "POST /xmlrpc.php HTTP/1.1" 200 212 "http://creative-webstyle.com" "Mozilla/5.0 (Windows NT 11.0; Win64; x64; rv:126.0) Gecko/20100101 Firefox/126.0"
2001:41d0:303:2bb1::1 - - [01/Apr/2025:16:00:14 -0400] "GET /%E7%99%BD%E3%81%8F%E8%86%A8%E3%82%89%E3%82%93%E3%81%A0%E7%97%9B%E3%80%85%E3%81%97%E3%81%84%E3%83%8B%E3%82%AD%E3%83%93%E3%82%92%E8%A6%8B%E3%81%A4%E3%81%91%E3%82%8B%E3%81%A8%E6%B0%97%E3%81%AB%E3%81%AA/ HTTP/1.1" 301 0 "-" "Mozilla/5.0 (compatible; MJ12bot/v1.4.8; http://mj12bot.com/)"
2001:41d0:303:2bb1::1 - - [01/Apr/2025:16:00:17 -0400] "GET /%E7%99%BD%E3%81%8F%E8%86%A8%E3%82%89%E3%82%93%E3%81%A0%E7%97%9B%E3%80%85%E3%81%97%E3%81%84%E3%83%8B%E3%82%AD%E3%83%93%E3%82%92%E8%A6%8B%E3%81%A4%E3%81%91%E3%82%8B%E3%81%A8%E6%B0%97%E3%81%AB%E3%81%AA/ HTTP/1.1" 404 15386 "-" "Mozilla/5.0 (compatible; MJ12bot/v1.4.8; http://mj12bot.com/)"
2001:41d0:303:2bb1::1 - - [01/Apr/2025:16:00:22 -0400] "GET /category/%E5%BE%92%E7%84%B6%E6%97%A5%E8%A8%988/ HTTP/1.1" 301 0 "-" "Mozilla/5.0 (compatible; MJ12bot/v1.4.8; http://mj12bot.com/)"
2001:41d0:303:2bb1::1 - - [01/Apr/2025:16:00:25 -0400] "GET /category/%E5%BE%92%E7%84%B6%E6%97%A5%E8%A8%988/ HTTP/1.1" 404 15321 "-" "Mozilla/5.0 (compatible; MJ12bot/v1.4.8; http://mj12bot.com/)"
2001:41d0:303:2bb1::1 - - [01/Apr/2025:16:00:28 -0400] "GET /category/%E5%BE%92%E7%84%B6%E6%97%A5%E8%A8%988/feed/ HTTP/1.1" 404 15351 "-" "Mozilla/5.0 (compatible; MJ12bot/v1.4.8; http://mj12bot.com/)"
2001:41d0:303:2bb1::1 - - [01/Apr/2025:16:00:32 -0400] "GET /category/%E5%BE%92%E7%84%B6%E6%97%A5%E8%A8%988/page/2/ HTTP/1.1" 301 0 "-" "Mozilla/5.0 (compatible; MJ12bot/v1.4.8; http://mj12bot.com/)"
2001:41d0:303:2bb1::1 - - [01/Apr/2025:16:00:35 -0400] "GET /category/%E5%BE%92%E7%84%B6%E6%97%A5%E8%A8%988/page/2/ HTTP/1.1" 404 15322 "-" "Mozilla/5.0 (compatible; MJ12bot/v1.4.8; http://mj12bot.com/)"
2001:41d0:303:2bb1::1 - - [01/Apr/2025:16:00:38 -0400] "GET /category/%E5%BE%92%E7%84%B6%E6%97%A5%E8%A8%988/page/3/ HTTP/1.1" 301 0 "-" "Mozilla/5.0 (compatible; MJ12bot/v1.4.8; http://mj12bot.com/)"
198.54.114.83 - - [01/Apr/2025:16:00:41 -0400] "POST /wp-cron.php?doing_wp_cron=1743537641.5414600372314453125000 HTTP/1.1" 200 0 "-" "WordPress/6.7.2; https://creative-webstyle.com"
2001:41d0:303:2bb1::1 - - [01/Apr/2025:16:00:41 -0400] "GET /category/%E5%BE%92%E7%84%B6%E6%97%A5%E8%A8%988/page/3/ HTTP/1.1" 404 15323 "-" "Mozilla/5.0 (compatible; MJ12bot/v1.4.8; http://mj12bot.com/)"
2001:41d0:303:2bb1::1 - - [01/Apr/2025:16:00:45 -0400] "GET /%E9%81%8B%E5%96%B6%E8%80%85%E6%83%85%E5%A0%B1.html HTTP/1.1" 301 0 "-" "Mozilla/5.0 (compatible; MJ12bot/v1.4.8; http://mj12bot.com/)"
2001:41d0:303:2bb1::1 - - [01/Apr/2025:16:00:47 -0400] "GET /%E9%81%8B%E5%96%B6%E8%80%85%E6%83%85%E5%A0%B1.html HTTP/1.1" 404 15323 "-" "Mozilla/5.0 (compatible; MJ12bot/v1.4.8; http://mj12bot.com/)"
142.93.182.3 - - [01/Apr/2025:16:13:27 -0400] "GET / HTTP/1.1" 200 98430 "-" "Mozilla/5.0 (Windows NT 10.0; Win64; x64) AppleWebKit/537.36 (KHTML, like Gecko) Chrome/80.0.3987.149 Safari/537.36"
142.93.182.3 - - [01/Apr/2025:16:13:28 -0400] "GET / HTTP/1.1" 200 98430 "-" "Mozilla/5.0 (Windows NT 10.0; Win64; x64) AppleWebKit/537.36 (KHTML, like Gecko) Chrome/80.0.3987.149 Safari/537.36"
198.54.114.83 - - [01/Apr/2025:16:13:36 -0400] "POST /wp-cron.php?doing_wp_cron=1743538413.6557219028472900390625 HTTP/1.1" 200 0 "-" "WordPress/6.7.2; https://creative-webstyle.com"
142.93.182.3 - - [01/Apr/2025:16:13:28 -0400] "GET /wp-includes/wlwmanifest.xml HTTP/1.1" 404 15294 "-" "Mozilla/5.0 (Windows NT 10.0; Win64; x64) AppleWebKit/537.36 (KHTML, like Gecko) Chrome/80.0.3987.149 Safari/537.36"
142.93.182.3 - - [01/Apr/2025:16:13:39 -0400] "GET /?author=1 HTTP/1.1" 200 98430 "-" "Mozilla/5.0 (Windows NT 10.0; Win64; x64) AppleWebKit/537.36 (KHTML, like Gecko) Chrome/80.0.3987.149 Safari/537.36"
142.93.182.3 - - [01/Apr/2025:16:13:40 -0400] "GET /?author=2 HTTP/1.1" 200 98430 "-" "Mozilla/5.0 (Windows NT 10.0; Win64; x64) AppleWebKit/537.36 (KHTML, like Gecko) Chrome/80.0.3987.149 Safari/537.36"
142.93.182.3 - - [01/Apr/2025:16:13:42 -0400] "GET /wp-json/wp/v2/users/ HTTP/1.1" 200 2069 "-" "Mozilla/5.0 (Windows NT 10.0; Win64; x64) AppleWebKit/537.36 (KHTML, like Gecko) Chrome/80.0.3987.149 Safari/537.36"
142.93.182.3 - - [01/Apr/2025:16:13:44 -0400] "POST /xmlrpc.php HTTP/1.1" 200 212 "-" "Mozilla/5.0 (Windows NT 10.0; Win64; x64) AppleWebKit/537.36 (KHTML, like Gecko) Chrome/80.0.3987.149 Safari/537.36"
142.93.182.3 - - [01/Apr/2025:16:13:46 -0400] "POST /xmlrpc.php HTTP/1.1" 200 236 "-" "Mozilla/5.0 (Windows NT 10.0; Win64; x64) AppleWebKit/537.36 (KHTML, like Gecko) Chrome/80.0.3987.149 Safari/537.36"
142.93.182.3 - - [01/Apr/2025:16:13:48 -0400] "POST /xmlrpc.php HTTP/1.1" 200 212 "-" "Mozilla/5.0 (Windows NT 10.0; Win64; x64) AppleWebKit/537.36 (KHTML, like Gecko) Chrome/80.0.3987.149 Safari/537.36"
142.93.182.3 - - [01/Apr/2025:16:13:49 -0400] "POST /xmlrpc.php HTTP/1.1" 200 236 "-" "Mozilla/5.0 (Windows NT 10.0; Win64; x64) AppleWebKit/537.36 (KHTML, like Gecko) Chrome/80.0.3987.149 Safari/537.36"
142.93.182.3 - - [01/Apr/2025:16:13:51 -0400] "POST /xmlrpc.php HTTP/1.1" 200 236 "-" "Mozilla/5.0 (Windows NT 10.0; Win64; x64) AppleWebKit/537.36 (KHTML, like Gecko) Chrome/80.0.3987.149 Safari/537.36"
142.93.182.3 - - [01/Apr/2025:16:13:54 -0400] "POST /xmlrpc.php HTTP/1.1" 200 236 "-" "Mozilla/5.0 (Windows NT 10.0; Win64; x64) AppleWebKit/537.36 (KHTML, like Gecko) Chrome/80.0.3987.149 Safari/537.36"
85.208.98.23 - - [01/Apr/2025:16:15:50 -0400] "GET /robots.txt HTTP/1.1" 200 132 "-" "Mozilla/5.0 (compatible; SemrushBot-BA; +http://www.semrush.com/bot.html)"
198.54.114.83 - - [01/Apr/2025:16:23:02 -0400] "POST /wp-cron.php?doing_wp_cron=1743538981.2140600681304931640625 HTTP/1.1" 200 0 "-" "WordPress/6.7.2; https://creative-webstyle.com"
13.229.78.155 - - [01/Apr/2025:16:23:00 -0400] "GET /wp-cli.php HTTP/1.1" 404 15284 "www.google.com" "Mozlila/5.0 (Linux; Android 7.0; SM-G892A Bulid/NRD90M; wv) AppleWebKit/537.36 (KHTML, like Gecko) Version/4.0 Chrome/60.0.3112.107 Moblie Safari/537.36"
198.54.114.83 - - [01/Apr/2025:16:27:44 -0400] "POST /wp-cron.php?doing_wp_cron=1743539264.1211619377136230468750 HTTP/1.1" 200 0 "-" "WordPress/6.7.2; https://creative-webstyle.com"
216.244.66.194 - - [01/Apr/2025:16:27:39 -0400] "GET /best-sandals-for-women/ HTTP/1.1" 200 22895 "-" "Mozilla/5.0 (compatible; DotBot/1.2; +https://opensiteexplorer.org/dotbot; help@moz.com)"
198.54.114.83 - - [01/Apr/2025:16:48:03 -0400] "POST /wp-cron.php?doing_wp_cron=1743540483.7691340446472167968750 HTTP/1.1" 200 0 "-" "WordPress/6.7.2; https://creative-webstyle.com"
89.28.217.3 - - [01/Apr/2025:16:47:58 -0400] "POST /xmlrpc.php HTTP/1.1" 200 212 "http://creative-webstyle.com" "Mozilla/5.0 (Windows NT 10.0; Win64; x64; rv:125.0.1) Gecko/20100101 Firefox/125.0.1"
198.54.114.83 - - [01/Apr/2025:16:58:29 -0400] "POST /wp-cron.php?doing_wp_cron=1743541109.1874899864196777343750 HTTP/1.1" 200 0 "-" "WordPress/6.7.2; https://creative-webstyle.com"
13.229.78.155 - - [01/Apr/2025:16:58:26 -0400] "GET /wp-includes/ID3/index.php HTTP/1.1" 301 0 "-" "Mozlila/5.0 (Linux; Android 7.0; SM-G892A Bulid/NRD90M; wv) AppleWebKit/537.36 (KHTML, like Gecko) Version/4.0 Chrome/60.0.3112.107 Moblie Safari/537.36"
13.229.78.155 - - [01/Apr/2025:16:58:29 -0400] "GET /wp-includes/ID3/ HTTP/1.1" 403 1242 "-" "Mozlila/5.0 (Linux; Android 7.0; SM-G892A Bulid/NRD90M; wv) AppleWebKit/537.36 (KHTML, like Gecko) Version/4.0 Chrome/60.0.3112.107 Moblie Safari/537.36"
13.229.78.155 - - [01/Apr/2025:16:58:30 -0400] "GET /wp-content/plugins/index.php HTTP/1.1" 200 0 "-" "Mozlila/5.0 (Linux; Android 7.0; SM-G892A Bulid/NRD90M; wv) AppleWebKit/537.36 (KHTML, like Gecko) Version/4.0 Chrome/60.0.3112.107 Moblie Safari/537.36"
13.229.78.155 - - [01/Apr/2025:16:58:31 -0400] "GET /wp-admin/network/index.php HTTP/1.1" 302 0 "-" "Mozlila/5.0 (Linux; Android 7.0; SM-G892A Bulid/NRD90M; wv) AppleWebKit/537.36 (KHTML, like Gecko) Version/4.0 Chrome/60.0.3112.107 Moblie Safari/537.36"
13.229.78.155 - - [01/Apr/2025:16:58:37 -0400] "GET /wp-includes/IXR/index.php HTTP/1.1" 301 0 "-" "Mozlila/5.0 (Linux; Android 7.0; SM-G892A Bulid/NRD90M; wv) AppleWebKit/537.36 (KHTML, like Gecko) Version/4.0 Chrome/60.0.3112.107 Moblie Safari/537.36"
13.229.78.155 - - [01/Apr/2025:16:58:38 -0400] "GET /wp-includes/IXR/ HTTP/1.1" 403 1242 "-" "Mozlila/5.0 (Linux; Android 7.0; SM-G892A Bulid/NRD90M; wv) AppleWebKit/537.36 (KHTML, like Gecko) Version/4.0 Chrome/60.0.3112.107 Moblie Safari/537.36"
198.54.114.83 - - [01/Apr/2025:16:58:41 -0400] "POST /wp-cron.php?doing_wp_cron=1743541120.1652290821075439453125 HTTP/1.1" 200 0 "-" "WordPress/6.7.2; https://creative-webstyle.com"
13.229.78.155 - - [01/Apr/2025:16:58:39 -0400] "GET /wp-admin/images/index.php HTTP/1.1" 301 0 "-" "Mozlila/5.0 (Linux; Android 7.0; SM-G892A Bulid/NRD90M; wv) AppleWebKit/537.36 (KHTML, like Gecko) Version/4.0 Chrome/60.0.3112.107 Moblie Safari/537.36"
13.229.78.155 - - [01/Apr/2025:16:58:42 -0400] "GET /wp-admin/images/ HTTP/1.1" 403 1242 "-" "Mozlila/5.0 (Linux; Android 7.0; SM-G892A Bulid/NRD90M; wv) AppleWebKit/537.36 (KHTML, like Gecko) Version/4.0 Chrome/60.0.3112.107 Moblie Safari/537.36"
13.229.78.155 - - [01/Apr/2025:16:58:43 -0400] "GET /wp-login.php HTTP/1.1" 302 0 "-" "Mozlila/5.0 (Linux; Android 7.0; SM-G892A Bulid/NRD90M; wv) AppleWebKit/537.36 (KHTML, like Gecko) Version/4.0 Chrome/60.0.3112.107 Moblie Safari/537.36"
13.229.78.155 - - [01/Apr/2025:16:58:44 -0400] "GET /wp-content/plugins/admin.php HTTP/1.1" 404 15292 "-" "Mozlila/5.0 (Linux; Android 7.0; SM-G892A Bulid/NRD90M; wv) AppleWebKit/537.36 (KHTML, like Gecko) Version/4.0 Chrome/60.0.3112.107 Moblie Safari/537.36"
13.229.78.155 - - [01/Apr/2025:16:58:48 -0400] "GET /xmlrpc.php HTTP/1.1" 405 60 "-" "Mozlila/5.0 (Linux; Android 7.0; SM-G892A Bulid/NRD90M; wv) AppleWebKit/537.36 (KHTML, like Gecko) Version/4.0 Chrome/60.0.3112.107 Moblie Safari/537.36"
13.229.78.155 - - [01/Apr/2025:16:58:49 -0400] "GET /wp-admin.php HTTP/1.1" 404 15281 "-" "Mozlila/5.0 (Linux; Android 7.0; SM-G892A Bulid/NRD90M; wv) AppleWebKit/537.36 (KHTML, like Gecko) Version/4.0 Chrome/60.0.3112.107 Moblie Safari/537.36"
13.229.78.155 - - [01/Apr/2025:16:58:52 -0400] "GET /wp-content/plugins/Core-Econ/upH.php HTTP/1.1" 404 15304 "-" "Mozlila/5.0 (Linux; Android 7.0; SM-G892A Bulid/NRD90M; wv) AppleWebKit/537.36 (KHTML, like Gecko) Version/4.0 Chrome/60.0.3112.107 Moblie Safari/537.36"
13.229.78.155 - - [01/Apr/2025:16:58:53 -0400] "GET /wp-content/plugins/fix/up.php HTTP/1.1" 404 15299 "-" "Mozlila/5.0 (Linux; Android 7.0; SM-G892A Bulid/NRD90M; wv) AppleWebKit/537.36 (KHTML, like Gecko) Version/4.0 Chrome/60.0.3112.107 Moblie Safari/537.36"
13.229.78.155 - - [01/Apr/2025:16:58:56 -0400] "GET /wp-content/plugins/pwnd/pwnd.php HTTP/1.1" 404 15296 "-" "Mozlila/5.0 (Linux; Android 7.0; SM-G892A Bulid/NRD90M; wv) AppleWebKit/537.36 (KHTML, like Gecko) Version/4.0 Chrome/60.0.3112.107 Moblie Safari/537.36"
13.229.78.155 - - [01/Apr/2025:16:58:59 -0400] "GET /wp-content/plugins/shell/noimg.php HTTP/1.1" 404 15300 "-" "Mozlila/5.0 (Linux; Android 7.0; SM-G892A Bulid/NRD90M; wv) AppleWebKit/537.36 (KHTML, like Gecko) Version/4.0 Chrome/60.0.3112.107 Moblie Safari/537.36"
13.229.78.155 - - [01/Apr/2025:16:59:00 -0400] "GET /WSOEnigma.php HTTP/1.1" 404 15290 "-" "Mozlila/5.0 (Linux; Android 7.0; SM-G892A Bulid/NRD90M; wv) AppleWebKit/537.36 (KHTML, like Gecko) Version/4.0 Chrome/60.0.3112.107 Moblie Safari/537.36"
13.229.78.155 - - [01/Apr/2025:16:59:02 -0400] "GET /wp-content/plugins/pwnd-1/pwnd.php HTTP/1.1" 404 15297 "-" "Mozlila/5.0 (Linux; Android 7.0; SM-G892A Bulid/NRD90M; wv) AppleWebKit/537.36 (KHTML, like Gecko) Version/4.0 Chrome/60.0.3112.107 Moblie Safari/537.36"
13.229.78.155 - - [01/Apr/2025:16:59:06 -0400] "GET /wp-content/plugins/dummyyummy/wp-signup.php HTTP/1.1" 404 15306 "-" "Mozlila/5.0 (Linux; Android 7.0; SM-G892A Bulid/NRD90M; wv) AppleWebKit/537.36 (KHTML, like Gecko) Version/4.0 Chrome/60.0.3112.107 Moblie Safari/537.36"
13.229.78.155 - - [01/Apr/2025:16:59:09 -0400] "GET /wp-content/plugins/clara/clara.php HTTP/1.1" 404 15298 "-" "Mozlila/5.0 (Linux; Android 7.0; SM-G892A Bulid/NRD90M; wv) AppleWebKit/537.36 (KHTML, like Gecko) Version/4.0 Chrome/60.0.3112.107 Moblie Safari/537.36"
43.134.141.202 - - [01/Apr/2025:17:03:47 -0400] "GET //wp-content/plugins/fix/up.php HTTP/1.1" 200 0 "-" "Mozilla/5.0 (Windows NT 10.0; Win64; x64) AppleWebKit/537.36 (KHTML, like Gecko) Chrome/85.0.4183.102 Safari/537.36"
198.54.114.83 - - [01/Apr/2025:17:03:51 -0400] "POST /wp-cron.php?doing_wp_cron=1743541431.3992309570312500000000 HTTP/1.1" 200 0 "-" "WordPress/6.7.2; https://creative-webstyle.com"
216.244.66.194 - - [01/Apr/2025:17:03:56 -0400] "GET /robots.txt HTTP/1.1" 304 0 "-" "Mozilla/5.0 (compatible; DotBot/1.2; +https://opensiteexplorer.org/dotbot; help@moz.com)"
198.54.114.83 - - [01/Apr/2025:17:10:42 -0400] "POST /wp-cron.php?doing_wp_cron=1743541842.1618800163269042968750 HTTP/1.1" 200 0 "-" "WordPress/6.7.2; https://creative-webstyle.com"
216.244.66.194 - - [01/Apr/2025:17:10:41 -0400] "GET /get-moving-quotes/ HTTP/1.1" 200 21933 "-" "Mozilla/5.0 (compatible; DotBot/1.2; +https://opensiteexplorer.org/dotbot; help@moz.com)"
198.54.114.83 - - [01/Apr/2025:17:12:28 -0400] "POST /wp-cron.php?doing_wp_cron=1743541948.4332098960876464843750 HTTP/1.1" 200 0 "-" "WordPress/6.7.2; https://creative-webstyle.com"
216.244.66.194 - - [01/Apr/2025:17:12:25 -0400] "GET /2023/06/07/ HTTP/1.1" 301 0 "-" "Mozilla/5.0 (compatible; DotBot/1.2; +https://opensiteexplorer.org/dotbot; help@moz.com)"
91.227.68.182 - - [01/Apr/2025:17:27:06 -0400] "HEAD / HTTP/1.1" 200 0 "-" "Mozilla/4.0 (compatible; MSIE 4.01; Digital AlphaServer 1000A 4/233; Windows NT; Powered By 64-Bit Alpha Processor)"
91.227.68.182 - - [01/Apr/2025:17:27:06 -0400] "GET / HTTP/1.1" 200 98430 "-" "Mozilla/4.0 (compatible; MSIE 8.0; Windows NT 6.1; WOW64; Trident/4.0; MRSPUTNIK 2, 4, 0, 289; SLCC2; .NET CLR 2.0.50727; .NET CLR 3.5.30729; .NET CLR 3.0.30729; Media Center PC 6.0; InfoPath.3; .NET4.0C; .NET4.0E)"
198.54.114.83 - - [01/Apr/2025:17:27:11 -0400] "POST /wp-cron.php?doing_wp_cron=1743542831.5040280818939208984375 HTTP/1.1" 200 0 "-" "WordPress/6.7.2; https://creative-webstyle.com"
91.227.68.182 - - [01/Apr/2025:17:27:10 -0400] "GET /admin/ HTTP/1.1" 302 0 "-" "Zend_Http_Client"
109.70.100.1 - - [01/Apr/2025:17:28:04 -0400] "GET / HTTP/1.1" 200 98430 "http://creative-webstyle.com" "Mozilla/5.0 (Windows NT 6.1) AppleWebKit/537.36 (KHTML, like Gecko) Chrome/46.0.2490.86 YaBrowser/15.12.1.6475 Yowser/2.5 Safari/537.36"
101.91.148.219 - - [01/Apr/2025:17:29:52 -0400] "GET / HTTP/1.1" 200 98430 "-" "Mozilla/5.0 (iPhone; CPU iPhone OS 13_2_3 like Mac OS X) AppleWebKit/605.1.15 (KHTML, like Gecko) Version/13.0.3 Mobile/15E148 Safari/604.1"
198.54.114.83 - - [01/Apr/2025:17:35:40 -0400] "POST /wp-cron.php?doing_wp_cron=1743543340.1641559600830078125000 HTTP/1.1" 200 0 "-" "WordPress/6.7.2; https://creative-webstyle.com"
2400:6180:100:d0::4fe:6001 - - [01/Apr/2025:17:35:39 -0400] "POST /xmlrpc.php HTTP/1.1" 200 212 "http://creative-webstyle.com" "Mozilla/5.0 (Windows NT 10.0; Win64; x64) AppleWebKit/537.36 (KHTML, like Gecko) Chrome/116.0.5845.96 Safari/537.36"
5.255.231.159 - - [01/Apr/2025:17:36:40 -0400] "GET /robots.txt HTTP/1.1" 200 132 "-" "Mozilla/5.0 (compatible; YandexBot/3.0; +http://yandex.com/bots)"
87.250.224.251 - - [01/Apr/2025:17:36:40 -0400] "GET / HTTP/1.1" 200 98430 "-" "Mozilla/5.0 (compatible; YandexBot/3.0; +http://yandex.com/bots)"
192.42.116.200 - - [01/Apr/2025:17:43:10 -0400] "GET / HTTP/1.1" 200 98430 "http://creative-webstyle.com" "Mozilla/5.0 (Windows NT 6.1; rv:24.0) Gecko/20100101 Firefox/24.0"
152.42.235.76 - - [01/Apr/2025:17:45:13 -0400] "GET / HTTP/1.1" 200 98430 "-" "Mozilla/5.0 (Windows NT 10.0; Win64; x64) AppleWebKit/537.36 (KHTML, like Gecko) Chrome/78.0.3904.108 Safari/537.36"
152.42.235.76 - - [01/Apr/2025:17:45:14 -0400] "GET / HTTP/1.1" 200 98430 "-" "Mozilla/5.0 (Windows NT 10.0; Win64; x64) AppleWebKit/537.36 (KHTML, like Gecko) Chrome/78.0.3904.108 Safari/537.36"
152.42.235.76 - - [01/Apr/2025:17:45:14 -0400] "GET /wp-includes/wlwmanifest.xml HTTP/1.1" 404 15295 "-" "Mozilla/5.0 (Windows NT 10.0; Win64; x64) AppleWebKit/537.36 (KHTML, like Gecko) Chrome/78.0.3904.108 Safari/537.36"
152.42.235.76 - - [01/Apr/2025:17:45:15 -0400] "GET /?author=1 HTTP/1.1" 200 98430 "-" "Mozilla/5.0 (Windows NT 10.0; Win64; x64) AppleWebKit/537.36 (KHTML, like Gecko) Chrome/78.0.3904.108 Safari/537.36"
152.42.235.76 - - [01/Apr/2025:17:45:16 -0400] "GET /?author=2 HTTP/1.1" 200 98430 "-" "Mozilla/5.0 (Windows NT 10.0; Win64; x64) AppleWebKit/537.36 (KHTML, like Gecko) Chrome/78.0.3904.108 Safari/537.36"
152.42.235.76 - - [01/Apr/2025:17:45:16 -0400] "GET /wp-json/wp/v2/users/ HTTP/1.1" 200 2069 "-" "Mozilla/5.0 (Windows NT 10.0; Win64; x64) AppleWebKit/537.36 (KHTML, like Gecko) Chrome/78.0.3904.108 Safari/537.36"
152.42.235.76 - - [01/Apr/2025:17:45:17 -0400] "POST /xmlrpc.php HTTP/1.1" 200 236 "-" "Mozilla/5.0 (Windows NT 10.0; Win64; x64) AppleWebKit/537.36 (KHTML, like Gecko) Chrome/78.0.3904.108 Safari/537.36"
152.42.235.76 - - [01/Apr/2025:17:45:18 -0400] "POST /xmlrpc.php HTTP/1.1" 200 236 "-" "Mozilla/5.0 (Windows NT 10.0; Win64; x64) AppleWebKit/537.36 (KHTML, like Gecko) Chrome/78.0.3904.108 Safari/537.36"
152.42.235.76 - - [01/Apr/2025:17:45:19 -0400] "POST /xmlrpc.php HTTP/1.1" 200 236 "-" "Mozilla/5.0 (Windows NT 10.0; Win64; x64) AppleWebKit/537.36 (KHTML, like Gecko) Chrome/78.0.3904.108 Safari/537.36"
152.42.235.76 - - [01/Apr/2025:17:45:20 -0400] "POST /xmlrpc.php HTTP/1.1" 200 236 "-" "Mozilla/5.0 (Windows NT 10.0; Win64; x64) AppleWebKit/537.36 (KHTML, like Gecko) Chrome/78.0.3904.108 Safari/537.36"
152.42.235.76 - - [01/Apr/2025:17:45:20 -0400] "POST /xmlrpc.php HTTP/1.1" 200 236 "-" "Mozilla/5.0 (Windows NT 10.0; Win64; x64) AppleWebKit/537.36 (KHTML, like Gecko) Chrome/78.0.3904.108 Safari/537.36"
152.42.235.76 - - [01/Apr/2025:17:45:21 -0400] "POST /xmlrpc.php HTTP/1.1" 200 236 "-" "Mozilla/5.0 (Windows NT 10.0; Win64; x64) AppleWebKit/537.36 (KHTML, like Gecko) Chrome/78.0.3904.108 Safari/537.36"
216.244.66.194 - - [01/Apr/2025:17:47:57 -0400] "GET /robots.txt HTTP/1.1" 304 0 "-" "Mozilla/5.0 (compatible; DotBot/1.2; +https://opensiteexplorer.org/dotbot; help@moz.com)"
43.159.149.56 - - [01/Apr/2025:17:52:37 -0400] "GET / HTTP/1.1" 200 98430 "-" "Mozilla/5.0 (iPhone; CPU iPhone OS 13_2_3 like Mac OS X) AppleWebKit/605.1.15 (KHTML, like Gecko) Version/13.0.3 Mobile/15E148 Safari/604.1"
216.244.66.194 - - [01/Apr/2025:17:53:10 -0400] "GET /how-to-build-the-ultimate-ai-chatbot-by-following/ HTTP/1.1" 200 115524 "-" "Mozilla/5.0 (compatible; DotBot/1.2; +https://opensiteexplorer.org/dotbot; help@moz.com)"
103.8.25.98 - - [01/Apr/2025:17:59:39 -0400] "POST /xmlrpc.php HTTP/1.1" 200 212 "http://creative-webstyle.com" "Mozilla/5.0 (Macintosh; Intel Mac OS X 10_15_7) AppleWebKit/537.36 (KHTML, like Gecko) Chrome/126.0.0.0 Safari/537.36"
198.54.114.83 - - [01/Apr/2025:18:00:44 -0400] "POST /wp-cron.php?doing_wp_cron=1743544843.9240260124206542968750 HTTP/1.1" 200 0 "-" "WordPress/6.7.2; https://creative-webstyle.com"
216.244.66.194 - - [01/Apr/2025:18:00:43 -0400] "GET /pc-builder-website/feed/ HTTP/1.1" 200 418 "-" "Mozilla/5.0 (compatible; DotBot/1.2; +https://opensiteexplorer.org/dotbot; help@moz.com)"
198.54.114.83 - - [01/Apr/2025:18:02:00 -0400] "POST /wp-cron.php?doing_wp_cron=1743544920.4512500762939453125000 HTTP/1.1" 200 0 "-" "WordPress/6.7.2; https://creative-webstyle.com"
216.244.66.194 - - [01/Apr/2025:18:02:00 -0400] "GET /billi-tap/feed/ HTTP/1.1" 200 410 "-" "Mozilla/5.0 (compatible; DotBot/1.2; +https://opensiteexplorer.org/dotbot; help@moz.com)"
216.244.66.194 - - [01/Apr/2025:18:02:28 -0400] "GET /what-are-the-benefits-of-sound-healing/feed/ HTTP/1.1" 200 447 "-" "Mozilla/5.0 (compatible; DotBot/1.2; +https://opensiteexplorer.org/dotbot; help@moz.com)"
198.54.114.83 - - [01/Apr/2025:18:02:53 -0400] "POST /wp-cron.php?doing_wp_cron=1743544973.3124361038208007812500 HTTP/1.1" 200 0 "-" "WordPress/6.7.2; https://creative-webstyle.com"
216.244.66.194 - - [01/Apr/2025:18:02:53 -0400] "GET /navigating-the-landscape-of-online-betting-balancing-thrills-and-caution/feed/ HTTP/1.1" 200 482 "-" "Mozilla/5.0 (compatible; DotBot/1.2; +https://opensiteexplorer.org/dotbot; help@moz.com)"
47.82.11.203 - - [01/Apr/2025:18:03:58 -0400] "GET /wp-content/themes/revista/assets/lib/custom/js/pagination.js HTTP/1.1" 200 2484 "-" "Mozilla/5.0 (Windows NT 10.0; Win64; x64) AppleWebKit/537.36 (KHTML, like Gecko) Chrome/114.0.0.0 Safari/537.36 Edg/114.0.1823.43"
47.82.9.36 - - [01/Apr/2025:18:04:12 -0400] "GET /wp-content/themes/revista/assets/lib/custom/js/custom.js HTTP/1.1" 200 2852 "-" "Mozilla/5.0 (Windows NT 10.0; Win64; x64) AppleWebKit/537.36 (KHTML, like Gecko) Chrome/114.0.0.0 Safari/537.36 Edg/114.0.1823.43"
47.82.10.231 - - [01/Apr/2025:18:05:46 -0400] "GET /wp-content/themes/revista/assets/lib/slick/js/slick.min.js HTTP/1.1" 200 12983 "-" "Mozilla/5.0 (Windows NT 10.0; Win64; x64) AppleWebKit/537.36 (KHTML, like Gecko) Chrome/114.0.0.0 Safari/537.36 Edg/114.0.1823.43"
47.82.10.240 - - [01/Apr/2025:18:07:17 -0400] "GET /wp-includes/js/jquery/jquery.min.js HTTP/1.1" 200 35438 "-" "Mozilla/5.0 (Windows NT 10.0; Win64; x64) AppleWebKit/537.36 (KHTML, like Gecko) Chrome/114.0.0.0 Safari/537.36 Edg/114.0.1823.43"
47.82.10.197 - - [01/Apr/2025:18:08:27 -0400] "GET /wp-content/themes/revista/assets/lib/custom/js/ajax.js HTTP/1.1" 200 698 "-" "Mozilla/5.0 (Windows NT 10.0; Win64; x64) AppleWebKit/537.36 (KHTML, like Gecko) Chrome/114.0.0.0 Safari/537.36 Edg/114.0.1823.43"
47.82.10.112 - - [01/Apr/2025:18:10:06 -0400] "GET /wp-content/themes/revista/assets/lib/magnific-popup/jquery.magnific-popup.min.js HTTP/1.1" 200 8269 "-" "Mozilla/5.0 (Windows NT 10.0; Win64; x64) AppleWebKit/537.36 (KHTML, like Gecko) Chrome/114.0.0.0 Safari/537.36 Edg/114.0.1823.43"
47.82.9.26 - - [01/Apr/2025:18:14:01 -0400] "GET /wp-includes/js/jquery/jquery-migrate.min.js HTTP/1.1" 200 5342 "-" "Mozilla/5.0 (Windows NT 10.0; Win64; x64) AppleWebKit/537.36 (KHTML, like Gecko) Chrome/114.0.0.0 Safari/537.36 Edg/114.0.1823.43"
47.79.120.224 - - [01/Apr/2025:18:14:41 -0400] "GET /wp-includes/js/imagesloaded.min.js HTTP/1.1" 200 1976 "-" "Mozilla/5.0 (Windows NT 10.0; Win64; x64) AppleWebKit/537.36 (KHTML, like Gecko) Chrome/114.0.0.0 Safari/537.36 Edg/114.0.1823.43"
198.54.114.83 - - [01/Apr/2025:18:24:04 -0400] "POST /wp-cron.php?doing_wp_cron=1743546243.7857110500335693359375 HTTP/1.1" 200 0 "-" "WordPress/6.7.2; https://creative-webstyle.com"
198.54.126.98 - - [01/Apr/2025:18:24:03 -0400] "POST /xmlrpc.php HTTP/1.1" 200 212 "http://creative-webstyle.com" "Mozilla/5.0 (Macintosh; Intel Mac OS X 10.15; rv:126.0) Gecko/20100101 Firefox/126.0"
216.244.66.194 - - [01/Apr/2025:18:31:54 -0400] "GET /robots.txt HTTP/1.1" 304 0 "-" "Mozilla/5.0 (compatible; DotBot/1.2; +https://opensiteexplorer.org/dotbot; help@moz.com)"
159.223.118.172 - - [01/Apr/2025:18:34:27 -0400] "GET /?rest_route=/wp/v2/users HTTP/1.1" 200 98430 "www.google.com" "Mozlila/5.0 (Linux; Android 7.0; SM-G892A Bulid/NRD90M; wv) AppleWebKit/537.36 (KHTML, like Gecko) Version/4.0 Chrome/60.0.3112.107 Moblie Safari/537.36"
192.42.116.200 - - [01/Apr/2025:18:35:10 -0400] "GET / HTTP/1.1" 200 98430 "http://creative-webstyle.com" "Mozilla/5.0 (Windows NT 6.1; WOW64) AppleWebKit/537.36 (KHTML, like Gecko) Chrome/45.0.2454.101 YaBrowser/15.10.2454.3865 Safari/537.36"
216.244.66.194 - - [01/Apr/2025:18:37:12 -0400] "GET /caribbean-cruise-and-excursions-pack-your-bags-for-fun/ HTTP/1.1" 200 23602 "-" "Mozilla/5.0 (compatible; DotBot/1.2; +https://opensiteexplorer.org/dotbot; help@moz.com)"
198.54.114.83 - - [01/Apr/2025:18:38:53 -0400] "POST /wp-cron.php?doing_wp_cron=1743547133.0919389724731445312500 HTTP/1.1" 200 0 "-" "WordPress/6.7.2; https://creative-webstyle.com"
216.244.66.194 - - [01/Apr/2025:18:38:49 -0400] "GET /star-plus-energy/ HTTP/1.1" 200 21508 "-" "Mozilla/5.0 (compatible; DotBot/1.2; +https://opensiteexplorer.org/dotbot; help@moz.com)"
216.244.66.194 - - [01/Apr/2025:18:39:05 -0400] "GET /youtubes-views/feed/ HTTP/1.1" 200 415 "-" "Mozilla/5.0 (compatible; DotBot/1.2; +https://opensiteexplorer.org/dotbot; help@moz.com)"
216.244.66.194 - - [01/Apr/2025:18:40:41 -0400] "GET /how-to-create-custom-brand-socks/feed/ HTTP/1.1" 200 438 "-" "Mozilla/5.0 (compatible; DotBot/1.2; +https://opensiteexplorer.org/dotbot; help@moz.com)"
198.54.114.83 - - [01/Apr/2025:18:48:22 -0400] "POST /wp-cron.php?doing_wp_cron=1743547701.6385400295257568359375 HTTP/1.1" 200 0 "-" "WordPress/6.7.2; https://creative-webstyle.com"
198.54.126.140 - - [01/Apr/2025:18:48:17 -0400] "POST /xmlrpc.php HTTP/1.1" 200 212 "http://creative-webstyle.com" "Mozilla/5.0 (Macintosh; Intel Mac OS X 10_15_7; rv:126.0) Gecko/20100101 Firefox/126.0"
161.35.15.162 - - [01/Apr/2025:18:53:55 -0400] "GET /wp-cli.php HTTP/1.1" 404 15284 "www.google.com" "Mozlila/5.0 (Linux; Android 7.0; SM-G892A Bulid/NRD90M; wv) AppleWebKit/537.36 (KHTML, like Gecko) Version/4.0 Chrome/60.0.3112.107 Moblie Safari/537.36"
46.101.204.165 - - [01/Apr/2025:19:05:29 -0400] "GET /log-mama/function.php HTTP/1.1" 404 15296 "-" "Mozlila/5.0 (Linux; Android 7.0; SM-G892A Bulid/NRD90M; wv) AppleWebKit/537.36 (KHTML, like Gecko) Version/4.0 Chrome/60.0.3112.107 Moblie Safari/537.36"
46.101.204.165 - - [01/Apr/2025:19:05:32 -0400] "GET /bk/index.php HTTP/1.1" 301 0 "-" "Mozlila/5.0 (Linux; Android 7.0; SM-G892A Bulid/NRD90M; wv) AppleWebKit/537.36 (KHTML, like Gecko) Version/4.0 Chrome/60.0.3112.107 Moblie Safari/537.36"
46.101.204.165 - - [01/Apr/2025:19:05:33 -0400] "GET /bk/ HTTP/1.1" 404 15281 "-" "Mozlila/5.0 (Linux; Android 7.0; SM-G892A Bulid/NRD90M; wv) AppleWebKit/537.36 (KHTML, like Gecko) Version/4.0 Chrome/60.0.3112.107 Moblie Safari/537.36"
185.220.101.167 - - [01/Apr/2025:19:10:22 -0400] "GET / HTTP/1.1" 200 98430 "http://creative-webstyle.com" "Mozilla/5.0 (Windows NT 6.1; WOW64) AppleWebKit/537.36 (KHTML, like Gecko) Chrome/42.0.2311.152 Safari/537.36"
216.244.65.154 - - [01/Apr/2025:19:12:22 -0400] "POST /xmlrpc.php HTTP/1.1" 200 212 "http://creative-webstyle.com" "Mozilla/5.0 (Windows NT 11.0; Win64; x64; rv:126.0) Gecko/20100101 Firefox/126.0"
216.244.66.194 - - [01/Apr/2025:19:15:36 -0400] "GET /robots.txt HTTP/1.1" 304 0 "-" "Mozilla/5.0 (compatible; DotBot/1.2; +https://opensiteexplorer.org/dotbot; help@moz.com)"
