Server IP : 172.67.141.100 / Your IP : 3.135.192.183 Web Server : LiteSpeed System : Linux business31.web-hosting.com 4.18.0-553.16.1.lve.1.el8.x86_64 #1 SMP Mon Sep 23 20:16:18 UTC 2024 x86_64 User : varizmol ( 2121) PHP Version : 8.0.30 Disable Function : NONE MySQL : OFF | cURL : ON | WGET : ON | Perl : ON | Python : ON | Sudo : OFF | Pkexec : OFF Directory : /home/varizmol/access-logs/ |
Upload File : |
85.208.98.23 - - [29/Mar/2025:18:40:47 -0400] "GET /robots.txt HTTP/1.1" 304 0 "-" "Mozilla/5.0 (compatible; SemrushBot-BA; +http://www.semrush.com/bot.html)"
142.93.57.182 - - [29/Mar/2025:18:57:32 -0400] "GET / HTTP/1.1" 200 98430 "-" "Mozilla/5.0 (Windows NT 10.0; Win64; x64) AppleWebKit/537.36 (KHTML, like Gecko) Chrome/80.0.3987.149 Safari/537.36"
142.93.57.182 - - [29/Mar/2025:18:57:36 -0400] "GET / HTTP/1.1" 200 98430 "-" "Mozilla/5.0 (Windows NT 10.0; Win64; x64) AppleWebKit/537.36 (KHTML, like Gecko) Chrome/80.0.3987.149 Safari/537.36"
198.54.114.83 - - [29/Mar/2025:18:57:40 -0400] "POST /wp-cron.php?doing_wp_cron=1743289060.6038229465484619140625 HTTP/1.1" 200 0 "-" "WordPress/6.7.2; https://creative-webstyle.com"
142.93.57.182 - - [29/Mar/2025:18:57:36 -0400] "GET /wp-includes/wlwmanifest.xml HTTP/1.1" 404 15293 "-" "Mozilla/5.0 (Windows NT 10.0; Win64; x64) AppleWebKit/537.36 (KHTML, like Gecko) Chrome/80.0.3987.149 Safari/537.36"
142.93.57.182 - - [29/Mar/2025:18:57:42 -0400] "GET /?author=1 HTTP/1.1" 200 98430 "-" "Mozilla/5.0 (Windows NT 10.0; Win64; x64) AppleWebKit/537.36 (KHTML, like Gecko) Chrome/80.0.3987.149 Safari/537.36"
142.93.57.182 - - [29/Mar/2025:18:57:43 -0400] "GET /?author=2 HTTP/1.1" 200 98430 "-" "Mozilla/5.0 (Windows NT 10.0; Win64; x64) AppleWebKit/537.36 (KHTML, like Gecko) Chrome/80.0.3987.149 Safari/537.36"
142.93.57.182 - - [29/Mar/2025:18:57:44 -0400] "GET /wp-json/wp/v2/users/ HTTP/1.1" 200 2069 "-" "Mozilla/5.0 (Windows NT 10.0; Win64; x64) AppleWebKit/537.36 (KHTML, like Gecko) Chrome/80.0.3987.149 Safari/537.36"
109.70.100.71 - - [29/Mar/2025:18:59:51 -0400] "GET / HTTP/1.1" 200 98430 "http://creative-webstyle.com" "Mozilla/5.0 (Windows NT 6.1; WOW64) AppleWebKit/537.36 (KHTML, like Gecko) Chrome/41.0.2272.76 Safari/537.36 OPR/28.0.1750.40"
45.132.194.23 - - [29/Mar/2025:19:08:17 -0400] "GET /best-cbd-oil-for-sleep-uk/ HTTP/1.1" 200 21690 "http://creative-webstyle.com/best-cbd-oil-for-sleep-uk/" "Mozilla/5.0 (Windows NT 10.0; Win64; x64) AppleWebKit/537.36 (KHTML, like Gecko) Chrome/130.0.0.0 Safari/537.36 CCleaner/130.0.0.0"
135.235.152.140 - - [29/Mar/2025:19:11:54 -0400] "GET / HTTP/1.1" 200 98430 "-" "Mozilla/5.0 (Windows NT 10.0; Win64; x64) AppleWebKit/537.36 (KHTML, like Gecko) Chrome/80.0.3987.149 Safari/537.36"
135.235.152.140 - - [29/Mar/2025:19:11:55 -0400] "GET / HTTP/1.1" 200 98430 "-" "Mozilla/5.0 (Windows NT 10.0; Win64; x64) AppleWebKit/537.36 (KHTML, like Gecko) Chrome/80.0.3987.149 Safari/537.36"
135.235.152.140 - - [29/Mar/2025:19:11:56 -0400] "GET /wp-includes/wlwmanifest.xml HTTP/1.1" 404 15293 "-" "Mozilla/5.0 (Windows NT 10.0; Win64; x64) AppleWebKit/537.36 (KHTML, like Gecko) Chrome/80.0.3987.149 Safari/537.36"
135.235.152.140 - - [29/Mar/2025:19:11:56 -0400] "GET /?author=1 HTTP/1.1" 200 98430 "-" "Mozilla/5.0 (Windows NT 10.0; Win64; x64) AppleWebKit/537.36 (KHTML, like Gecko) Chrome/80.0.3987.149 Safari/537.36"
135.235.152.140 - - [29/Mar/2025:19:11:56 -0400] "GET /?author=2 HTTP/1.1" 200 98430 "-" "Mozilla/5.0 (Windows NT 10.0; Win64; x64) AppleWebKit/537.36 (KHTML, like Gecko) Chrome/80.0.3987.149 Safari/537.36"
198.54.114.83 - - [29/Mar/2025:19:12:00 -0400] "POST /wp-cron.php?doing_wp_cron=1743289920.2530210018157958984375 HTTP/1.1" 200 0 "-" "WordPress/6.7.2; https://creative-webstyle.com"
135.235.152.140 - - [29/Mar/2025:19:11:57 -0400] "GET /wp-json/wp/v2/users/ HTTP/1.1" 200 2069 "-" "Mozilla/5.0 (Windows NT 10.0; Win64; x64) AppleWebKit/537.36 (KHTML, like Gecko) Chrome/80.0.3987.149 Safari/537.36"
43.157.147.3 - - [29/Mar/2025:19:15:36 -0400] "GET / HTTP/1.1" 200 98430 "-" "Mozilla/5.0 (iPhone; CPU iPhone OS 13_2_3 like Mac OS X) AppleWebKit/605.1.15 (KHTML, like Gecko) Version/13.0.3 Mobile/15E148 Safari/604.1"
198.54.114.83 - - [29/Mar/2025:19:17:10 -0400] "POST /wp-cron.php?doing_wp_cron=1743290230.7535519599914550781250 HTTP/1.1" 200 0 "-" "WordPress/6.7.2; https://creative-webstyle.com"
195.20.18.175 - - [29/Mar/2025:19:17:07 -0400] "GET /admin/assets/jquery-file-upload/server/php/index.php?file=tf2rghf.jpg HTTP/1.1" 301 0 "-" "ALittle Client"
195.20.18.175 - - [29/Mar/2025:19:18:07 -0400] "GET /admin/assets/jquery-file-upload/server/php/?file=tf2rghf.jpg HTTP/1.1" 404 15318 "-" "ALittle Client"
198.54.114.83 - - [29/Mar/2025:19:25:34 -0400] "POST /wp-cron.php?doing_wp_cron=1743290734.5905809402465820312500 HTTP/1.1" 200 0 "-" "WordPress/6.7.2; https://creative-webstyle.com"
156.146.35.50 - - [29/Mar/2025:19:25:31 -0400] "GET /wp-login.php HTTP/1.1" 302 0 "-" "Mozilla/5.0 (Windows NT 10.0; Win64; x64) AppleWebKit/537.36 (KHTML, like Gecko) Chrome/91.0.4472.124 Safari/537.36"
43.134.29.139 - - [29/Mar/2025:19:53:22 -0400] "GET /michael-kors-bags-a-vision-of-sophistication-and-glitz/ HTTP/1.1" 200 23121 "http://creative-webstyle.com" "Mozilla/5.0 (Windows NT 10.0; Win64; x64) AppleWebKit/537.36 (KHTML, like Gecko) Chrome/62.0.3202.94 Safari/537.36"
198.54.114.83 - - [29/Mar/2025:19:53:27 -0400] "POST /wp-cron.php?doing_wp_cron=1743292406.9998250007629394531250 HTTP/1.1" 200 0 "-" "WordPress/6.7.2; https://creative-webstyle.com"
43.134.29.139 - - [29/Mar/2025:19:53:25 -0400] "POST /wp-comments-post.php HTTP/1.1" 302 0 "http://creative-webstyle.com" "Mozilla/5.0 (Windows NT 10.0; Win64; x64) AppleWebKit/537.36 (KHTML, like Gecko) Chrome/62.0.3202.94 Safari/537.36"
196.251.88.242 - - [29/Mar/2025:19:53:58 -0400] "GET /wp-content/plugins/wp-catcher/index.php HTTP/1.1" 403 1242 "www.google.com" "Mozlila/5.0 (Linux; Android 7.0; SM-G892A Bulid/NRD90M; wv) AppleWebKit/537.36 (KHTML, like Gecko) Version/4.0 Chrome/60.0.3112.107 Moblie Safari/537.36"
196.251.88.242 - - [29/Mar/2025:19:58:59 -0400] "GET /wp-content/plugins/wp-catcher/index.php HTTP/1.1" 403 1242 "www.google.com" "Mozlila/5.0 (Linux; Android 7.0; SM-G892A Bulid/NRD90M; wv) AppleWebKit/537.36 (KHTML, like Gecko) Version/4.0 Chrome/60.0.3112.107 Moblie Safari/537.36"
15.206.160.240 - - [29/Mar/2025:20:13:42 -0400] "GET / HTTP/1.1" 200 98430 "-" "Mozilla/5.0 (Windows NT 10.0; Win64; x64) AppleWebKit/537.36 (KHTML, like Gecko) Chrome/80.0.3987.149 Safari/537.36"
15.206.160.240 - - [29/Mar/2025:20:13:43 -0400] "GET / HTTP/1.1" 200 98430 "-" "Mozilla/5.0 (Windows NT 10.0; Win64; x64) AppleWebKit/537.36 (KHTML, like Gecko) Chrome/80.0.3987.149 Safari/537.36"
198.54.114.83 - - [29/Mar/2025:20:13:47 -0400] "POST /wp-cron.php?doing_wp_cron=1743293627.6857109069824218750000 HTTP/1.1" 200 0 "-" "WordPress/6.7.2; https://creative-webstyle.com"
15.206.160.240 - - [29/Mar/2025:20:13:44 -0400] "GET /wp-includes/wlwmanifest.xml HTTP/1.1" 404 15293 "-" "Mozilla/5.0 (Windows NT 10.0; Win64; x64) AppleWebKit/537.36 (KHTML, like Gecko) Chrome/80.0.3987.149 Safari/537.36"
15.206.160.240 - - [29/Mar/2025:20:13:48 -0400] "GET /?author=1 HTTP/1.1" 200 98430 "-" "Mozilla/5.0 (Windows NT 10.0; Win64; x64) AppleWebKit/537.36 (KHTML, like Gecko) Chrome/80.0.3987.149 Safari/537.36"
15.206.160.240 - - [29/Mar/2025:20:13:49 -0400] "GET /?author=2 HTTP/1.1" 200 98430 "-" "Mozilla/5.0 (Windows NT 10.0; Win64; x64) AppleWebKit/537.36 (KHTML, like Gecko) Chrome/80.0.3987.149 Safari/537.36"
198.54.114.83 - - [29/Mar/2025:20:13:50 -0400] "POST /wp-cron.php?doing_wp_cron=1743293630.3482089042663574218750 HTTP/1.1" 200 0 "-" "WordPress/6.7.2; https://creative-webstyle.com"
15.206.160.240 - - [29/Mar/2025:20:13:50 -0400] "GET /wp-json/wp/v2/users/ HTTP/1.1" 200 2069 "-" "Mozilla/5.0 (Windows NT 10.0; Win64; x64) AppleWebKit/537.36 (KHTML, like Gecko) Chrome/80.0.3987.149 Safari/537.36"
217.154.91.7 - - [29/Mar/2025:20:14:11 -0400] "POST /wp-login.php HTTP/1.1" 302 0 "http://creative-webstyle.com/wp-admin/" "Mozilla/5.0 (Windows NT 10.0; Win64; x64) AppleWebKit/537.36 (KHTML, like Gecko) Chrome/90.0.4430.85 Safari/537.36"
172.172.6.28 - - [29/Mar/2025:20:31:14 -0400] "HEAD /wordpress HTTP/1.1" 404 0 "-" "Mozilla/5.0 (Windows NT 10.0; Win64; x64) AppleWebKit/537.36 (KHTML, like Gecko) Chrome/74.0.3729.169 Safari/537.36"
172.172.6.28 - - [29/Mar/2025:20:31:15 -0400] "HEAD / HTTP/1.1" 200 0 "-" "Mozilla/5.0 (Windows NT 10.0; Win64; x64) AppleWebKit/537.36 (KHTML, like Gecko) Chrome/74.0.3729.169 Safari/537.36"
172.172.6.28 - - [29/Mar/2025:20:31:15 -0400] "HEAD /wp HTTP/1.1" 404 0 "-" "Mozilla/5.0 (Windows NT 10.0; Win64; x64) AppleWebKit/537.36 (KHTML, like Gecko) Chrome/74.0.3729.169 Safari/537.36"
172.172.6.28 - - [29/Mar/2025:20:31:15 -0400] "HEAD /bc HTTP/1.1" 404 0 "-" "Mozilla/5.0 (Windows NT 10.0; Win64; x64) AppleWebKit/537.36 (KHTML, like Gecko) Chrome/74.0.3729.169 Safari/537.36"
172.172.6.28 - - [29/Mar/2025:20:31:16 -0400] "HEAD /bk HTTP/1.1" 404 0 "-" "Mozilla/5.0 (Windows NT 10.0; Win64; x64) AppleWebKit/537.36 (KHTML, like Gecko) Chrome/74.0.3729.169 Safari/537.36"
172.172.6.28 - - [29/Mar/2025:20:31:17 -0400] "HEAD /backup HTTP/1.1" 404 0 "-" "Mozilla/5.0 (Windows NT 10.0; Win64; x64) AppleWebKit/537.36 (KHTML, like Gecko) Chrome/74.0.3729.169 Safari/537.36"
172.172.6.28 - - [29/Mar/2025:20:31:17 -0400] "HEAD /old HTTP/1.1" 404 0 "-" "Mozilla/5.0 (Windows NT 10.0; Win64; x64) AppleWebKit/537.36 (KHTML, like Gecko) Chrome/74.0.3729.169 Safari/537.36"
172.172.6.28 - - [29/Mar/2025:20:31:18 -0400] "HEAD /new HTTP/1.1" 301 0 "-" "Mozilla/5.0 (Windows NT 10.0; Win64; x64) AppleWebKit/537.36 (KHTML, like Gecko) Chrome/74.0.3729.169 Safari/537.36"
172.172.6.28 - - [29/Mar/2025:20:31:19 -0400] "HEAD /main HTTP/1.1" 404 0 "-" "Mozilla/5.0 (Windows NT 10.0; Win64; x64) AppleWebKit/537.36 (KHTML, like Gecko) Chrome/74.0.3729.169 Safari/537.36"
172.172.6.28 - - [29/Mar/2025:20:31:19 -0400] "HEAD /home HTTP/1.1" 301 0 "-" "Mozilla/5.0 (Windows NT 10.0; Win64; x64) AppleWebKit/537.36 (KHTML, like Gecko) Chrome/74.0.3729.169 Safari/537.36"
45.84.107.222 - - [29/Mar/2025:20:48:49 -0400] "GET / HTTP/1.1" 200 98430 "http://creative-webstyle.com" "Mozilla/5.0 (Windows NT 6.1; Win64; x64) AppleWebKit/537.36 (KHTML, like Gecko) Chrome/48.0.2564.109 Safari/537.36"
43.130.37.196 - - [29/Mar/2025:21:15:07 -0400] "GET /why-composite-doors-are-perfect-for-homes-across-south-wales/ HTTP/1.1" 200 22931 "-" "Mozilla/5.0 (X11; Ubuntu; Linux x86_64; rv:114.0) Gecko/20100101 Firefox/114.0"
198.54.114.83 - - [29/Mar/2025:21:19:24 -0400] "POST /wp-cron.php?doing_wp_cron=1743297564.5138900279998779296875 HTTP/1.1" 200 0 "-" "WordPress/6.7.2; https://creative-webstyle.com"
43.136.39.92 - - [29/Mar/2025:21:19:22 -0400] "GET /wp-login.php HTTP/1.1" 302 0 "-" "Apache-HttpClient/4.5.2 (Java/1.8.0_151)"
43.136.39.92 - - [29/Mar/2025:21:19:49 -0400] "GET /?author=1 HTTP/1.1" 200 98430 "-" "Apache-HttpClient/4.5.2 (Java/1.8.0_151)"
43.136.39.92 - - [29/Mar/2025:21:19:50 -0400] "GET /?author=2 HTTP/1.1" 200 98430 "-" "Apache-HttpClient/4.5.2 (Java/1.8.0_151)"
43.136.39.92 - - [29/Mar/2025:21:19:51 -0400] "GET /?author=3 HTTP/1.1" 200 98430 "-" "Apache-HttpClient/4.5.2 (Java/1.8.0_151)"
43.136.39.92 - - [29/Mar/2025:21:19:52 -0400] "GET /?author=4 HTTP/1.1" 200 98430 "-" "Apache-HttpClient/4.5.2 (Java/1.8.0_151)"
43.136.39.92 - - [29/Mar/2025:21:19:53 -0400] "GET /?author=5 HTTP/1.1" 200 98430 "-" "Apache-HttpClient/4.5.2 (Java/1.8.0_151)"
43.136.39.92 - - [29/Mar/2025:21:19:53 -0400] "GET /?author=6 HTTP/1.1" 200 98430 "-" "Apache-HttpClient/4.5.2 (Java/1.8.0_151)"
43.136.39.92 - - [29/Mar/2025:21:19:54 -0400] "GET /?author=7 HTTP/1.1" 200 98430 "-" "Apache-HttpClient/4.5.2 (Java/1.8.0_151)"
43.136.39.92 - - [29/Mar/2025:21:19:54 -0400] "GET /?author=8 HTTP/1.1" 200 98430 "-" "Apache-HttpClient/4.5.2 (Java/1.8.0_151)"
43.136.39.92 - - [29/Mar/2025:21:19:55 -0400] "GET /?author=9 HTTP/1.1" 200 98430 "-" "Apache-HttpClient/4.5.2 (Java/1.8.0_151)"
43.136.39.92 - - [29/Mar/2025:21:19:55 -0400] "GET /?author=10 HTTP/1.1" 200 98430 "-" "Apache-HttpClient/4.5.2 (Java/1.8.0_151)"
43.136.39.92 - - [29/Mar/2025:21:19:56 -0400] "GET /?author=11 HTTP/1.1" 200 98430 "-" "Apache-HttpClient/4.5.2 (Java/1.8.0_151)"
43.136.39.92 - - [29/Mar/2025:21:19:56 -0400] "GET /?author=12 HTTP/1.1" 200 98430 "-" "Apache-HttpClient/4.5.2 (Java/1.8.0_151)"
43.136.39.92 - - [29/Mar/2025:21:19:57 -0400] "GET /?author=13 HTTP/1.1" 200 98430 "-" "Apache-HttpClient/4.5.2 (Java/1.8.0_151)"
43.136.39.92 - - [29/Mar/2025:21:19:58 -0400] "GET /?author=14 HTTP/1.1" 200 98430 "-" "Apache-HttpClient/4.5.2 (Java/1.8.0_151)"
43.136.39.92 - - [29/Mar/2025:21:19:58 -0400] "GET /?author=15 HTTP/1.1" 200 98430 "-" "Apache-HttpClient/4.5.2 (Java/1.8.0_151)"
43.136.39.92 - - [29/Mar/2025:21:20:00 -0400] "GET /?author=16 HTTP/1.1" 200 98430 "-" "Apache-HttpClient/4.5.2 (Java/1.8.0_151)"
43.136.39.92 - - [29/Mar/2025:21:20:03 -0400] "GET /?author=17 HTTP/1.1" 200 98430 "-" "Apache-HttpClient/4.5.2 (Java/1.8.0_151)"
43.136.39.92 - - [29/Mar/2025:21:20:10 -0400] "GET /?author=18 HTTP/1.1" 200 98430 "-" "Apache-HttpClient/4.5.2 (Java/1.8.0_151)"
43.136.39.92 - - [29/Mar/2025:21:20:11 -0400] "GET /?author=19 HTTP/1.1" 200 98430 "-" "Apache-HttpClient/4.5.2 (Java/1.8.0_151)"
43.136.39.92 - - [29/Mar/2025:21:20:12 -0400] "GET /?author=20 HTTP/1.1" 200 98430 "-" "Apache-HttpClient/4.5.2 (Java/1.8.0_151)"
217.154.91.7 - - [29/Mar/2025:21:20:09 -0400] "POST /wp-login.php HTTP/1.1" 200 0 "http://creative-webstyle.com/wp-admin/" "Mozilla/5.0 (Windows NT 10.0; Win64; x64) AppleWebKit/537.36 (KHTML, like Gecko) Chrome/90.0.4430.85 Safari/537.36"
217.154.91.7 - - [29/Mar/2025:21:20:39 -0400] "POST /wp-login.php HTTP/1.1" 200 0 "http://creative-webstyle.com/wp-admin/" "Mozilla/5.0 (Windows NT 10.0; Win64; x64) AppleWebKit/537.36 (KHTML, like Gecko) Chrome/90.0.4430.85 Safari/537.36"
198.54.114.83 - - [29/Mar/2025:21:23:44 -0400] "POST /wp-cron.php?doing_wp_cron=1743297824.1867189407348632812500 HTTP/1.1" 200 0 "-" "WordPress/6.7.2; https://creative-webstyle.com"
46.3.80.229 - - [29/Mar/2025:21:23:42 -0400] "GET /wp-login.php HTTP/1.1" 302 0 "-" "Mozilla/5.0 (Windows NT 10.0; Win64; x64) AppleWebKit/537.36 (KHTML, like Gecko) Chrome/87.0.4280.141 Safari/537.36"
46.3.80.229 - - [29/Mar/2025:21:23:46 -0400] "POST /wp-login.php HTTP/1.1" 302 0 "-" "Mozilla/5.0 (Windows NT 10.0; Win64; x64) AppleWebKit/537.36 (KHTML, like Gecko) Chrome/87.0.4280.141 Safari/537.36"
40.88.21.235 - - [29/Mar/2025:21:43:27 -0400] "GET / HTTP/1.1" 200 98430 "http://creative-webstyle.com/" "DuckDuckBot/1.1; (+http://duckduckgo.com/duckduckbot.html)"
192.42.116.215 - - [29/Mar/2025:21:53:33 -0400] "GET / HTTP/1.1" 200 98430 "http://creative-webstyle.com" "Mozilla/5.0 (Windows NT 6.1; WOW64) AppleWebKit/537.36 (KHTML, like Gecko) Chrome/43.0.2357.81 Safari/537.36 OPR/30.0.1835.59 (Edition Yx)"
54.36.148.165 - - [29/Mar/2025:21:59:47 -0400] "GET /robots.txt HTTP/1.1" 304 0 "-" "Mozilla/5.0 (compatible; AhrefsBot/7.0; +http://ahrefs.com/robot/)"
182.43.70.143 - - [29/Mar/2025:22:04:27 -0400] "GET / HTTP/1.1" 200 98430 "-" "Mozilla/5.0 (iPhone; CPU iPhone OS 13_2_3 like Mac OS X) AppleWebKit/605.1.15 (KHTML, like Gecko) Version/13.0.3 Mobile/15E148 Safari/604.1"
196.251.69.226 - - [29/Mar/2025:22:05:34 -0400] "POST /wp-content/plugins/about.php HTTP/1.1" 403 1242 "http://creative-webstyle.com" "Mozilla/5.0 (Windows NT 10.0; Win64; x64) AppleWebKit/537.36 (KHTML, like Gecko) Chrome/91.0.4472.124 Safari/537.36"
198.54.114.83 - - [29/Mar/2025:22:05:35 -0400] "POST /wp-cron.php?doing_wp_cron=1743300335.0826890468597412109375 HTTP/1.1" 200 0 "-" "WordPress/6.7.2; https://creative-webstyle.com"
196.251.69.226 - - [29/Mar/2025:22:05:34 -0400] "GET /wp-content/about.php HTTP/1.1" 404 15287 "http://creative-webstyle.com" "Mozilla/5.0 (Windows NT 10.0; Win64; x64) AppleWebKit/537.36 (KHTML, like Gecko) Chrome/91.0.4472.124 Safari/537.36"
196.251.69.226 - - [29/Mar/2025:22:05:37 -0400] "POST /wp-content/plugins/about.php HTTP/1.1" 403 1242 "http://creative-webstyle.com" "Mozilla/5.0 (Windows NT 10.0; Win64; x64) AppleWebKit/537.36 (KHTML, like Gecko) Chrome/91.0.4472.124 Safari/537.36"
196.251.69.226 - - [29/Mar/2025:22:05:38 -0400] "GET /wp-content/about.php HTTP/1.1" 404 15287 "http://creative-webstyle.com" "Mozilla/5.0 (Windows NT 10.0; Win64; x64) AppleWebKit/537.36 (KHTML, like Gecko) Chrome/91.0.4472.124 Safari/537.36"
196.251.69.226 - - [29/Mar/2025:22:05:39 -0400] "POST /wp-content/plugins/about.php HTTP/1.1" 403 1242 "http://creative-webstyle.com" "Mozilla/5.0 (Windows NT 10.0; Win64; x64) AppleWebKit/537.36 (KHTML, like Gecko) Chrome/91.0.4472.124 Safari/537.36"
196.251.69.226 - - [29/Mar/2025:22:05:42 -0400] "GET /wp-content/about.php HTTP/1.1" 404 15287 "http://creative-webstyle.com" "Mozilla/5.0 (Windows NT 10.0; Win64; x64) AppleWebKit/537.36 (KHTML, like Gecko) Chrome/91.0.4472.124 Safari/537.36"
196.251.69.226 - - [29/Mar/2025:22:05:45 -0400] "POST /wp.php HTTP/1.1" 403 1242 "http://creative-webstyle.com" "Mozilla/5.0 (Windows NT 10.0; Win64; x64) AppleWebKit/537.36 (KHTML, like Gecko) Chrome/91.0.4472.124 Safari/537.36"
196.251.69.226 - - [29/Mar/2025:22:05:45 -0400] "GET /about.php HTTP/1.1" 404 15283 "http://creative-webstyle.com" "Mozilla/5.0 (Windows NT 10.0; Win64; x64) AppleWebKit/537.36 (KHTML, like Gecko) Chrome/91.0.4472.124 Safari/537.36"
185.122.185.163 - - [29/Mar/2025:22:10:44 -0400] "GET /best-cbd-oil-for-sleep-uk/ HTTP/1.1" 200 21690 "http://creative-webstyle.com/best-cbd-oil-for-sleep-uk/" "Mozilla/5.0 (Windows NT 10.0; Win64; x64) AppleWebKit/537.36 (KHTML, like Gecko) Chrome/130.0.0.0 Safari/537.36 CCleaner/130.0.0.0"
196.251.69.226 - - [29/Mar/2025:22:25:34 -0400] "POST /wp-content/plugins/about.php HTTP/1.1" 403 1242 "http://creative-webstyle.com" "Mozilla/5.0 (Windows NT 10.0; Win64; x64) AppleWebKit/537.36 (KHTML, like Gecko) Chrome/91.0.4472.124 Safari/537.36"
196.251.69.226 - - [29/Mar/2025:22:25:34 -0400] "GET /wp-content/about.php HTTP/1.1" 404 15287 "http://creative-webstyle.com" "Mozilla/5.0 (Windows NT 10.0; Win64; x64) AppleWebKit/537.36 (KHTML, like Gecko) Chrome/91.0.4472.124 Safari/537.36"
196.251.69.226 - - [29/Mar/2025:22:25:35 -0400] "POST /wp-content/plugins/about.php HTTP/1.1" 403 1242 "http://creative-webstyle.com" "Mozilla/5.0 (Windows NT 10.0; Win64; x64) AppleWebKit/537.36 (KHTML, like Gecko) Chrome/91.0.4472.124 Safari/537.36"
196.251.69.226 - - [29/Mar/2025:22:25:35 -0400] "GET /wp-content/about.php HTTP/1.1" 404 15287 "http://creative-webstyle.com" "Mozilla/5.0 (Windows NT 10.0; Win64; x64) AppleWebKit/537.36 (KHTML, like Gecko) Chrome/91.0.4472.124 Safari/537.36"
196.251.69.226 - - [29/Mar/2025:22:26:00 -0400] "POST /wp.php HTTP/1.1" 403 1242 "http://creative-webstyle.com" "Mozilla/5.0 (Windows NT 10.0; Win64; x64) AppleWebKit/537.36 (KHTML, like Gecko) Chrome/91.0.4472.124 Safari/537.36"
196.251.69.226 - - [29/Mar/2025:22:26:04 -0400] "GET /about.php HTTP/1.1" 404 15283 "http://creative-webstyle.com" "Mozilla/5.0 (Windows NT 10.0; Win64; x64) AppleWebKit/537.36 (KHTML, like Gecko) Chrome/91.0.4472.124 Safari/537.36"
195.191.219.132 - - [29/Mar/2025:22:35:31 -0400] "GET /robots.txt HTTP/1.1" 304 0 "-" "Mozilla/5.0 (compatible; MJ12bot/v2.0.0; http://mj12bot.com/)"
195.191.219.132 - - [29/Mar/2025:22:35:31 -0400] "GET / HTTP/1.1" 200 98430 "-" "Mozilla/5.0 (compatible; MJ12bot/v2.0.0; http://mj12bot.com/)"
198.54.114.83 - - [29/Mar/2025:22:44:55 -0400] "POST /wp-cron.php?doing_wp_cron=1743302695.2393939495086669921875 HTTP/1.1" 200 0 "-" "WordPress/6.7.2; https://creative-webstyle.com"
107.189.27.223 - - [29/Mar/2025:22:44:52 -0400] "GET /wp-content/plugins/about.php HTTP/1.1" 404 15293 "-" "Mozlila/5.0 (Linux; Android 7.0; SM-G892A Bulid/NRD90M; wv) AppleWebKit/537.36 (KHTML, like Gecko) Version/4.0 Chrome/60.0.3112.107 Moblie Safari/537.36"
45.148.10.237 - - [29/Mar/2025:22:45:01 -0400] "GET /lzdmod/site-nav-pc/5.2.38/i18n.js HTTP/1.1" 404 15305 "-" "Mozilla/5.0 (Macintosh; Intel Mac OS X 10_15_7) AppleWebKit/537.36 Chrome/120.0.0.0"
198.54.114.83 - - [29/Mar/2025:22:45:58 -0400] "POST /wp-cron.php?doing_wp_cron=1743302758.3147230148315429687500 HTTP/1.1" 200 0 "-" "WordPress/6.7.2; https://creative-webstyle.com"
107.189.27.223 - - [29/Mar/2025:22:45:58 -0400] "GET /geju.php HTTP/1.1" 404 15284 "-" "Mozlila/5.0 (Linux; Android 7.0; SM-G892A Bulid/NRD90M; wv) AppleWebKit/537.36 (KHTML, like Gecko) Version/4.0 Chrome/60.0.3112.107 Moblie Safari/537.36"
107.189.27.223 - - [29/Mar/2025:22:46:15 -0400] "GET /wp.php HTTP/1.1" 404 15281 "-" "Mozlila/5.0 (Linux; Android 7.0; SM-G892A Bulid/NRD90M; wv) AppleWebKit/537.36 (KHTML, like Gecko) Version/4.0 Chrome/60.0.3112.107 Moblie Safari/537.36"
198.54.114.83 - - [29/Mar/2025:23:12:30 -0400] "POST /wp-cron.php?doing_wp_cron=1743304350.0763731002807617187500 HTTP/1.1" 200 0 "-" "WordPress/6.7.2; https://creative-webstyle.com"
46.101.204.165 - - [29/Mar/2025:23:12:24 -0400] "POST /wp-login.php HTTP/1.1" 302 0 "http://creative-webstyle.com/wp-admin/" "Mozilla/5.0 (Windows NT 10.0; Win64; x64) AppleWebKit/537.36 (KHTML, like Gecko) Chrome/90.0.4430.85 Safari/537.36"
198.54.114.83 - - [29/Mar/2025:23:41:41 -0400] "POST /wp-cron.php?doing_wp_cron=1743306100.9837479591369628906250 HTTP/1.1" 200 0 "-" "WordPress/6.7.2; https://creative-webstyle.com"
135.125.183.99 - - [29/Mar/2025:23:41:38 -0400] "POST /wp-login.php HTTP/1.1" 302 0 "http://creative-webstyle.com/wp-admin/" "Mozilla/5.0 (Windows NT 10.0; Win64; x64) AppleWebKit/537.36 (KHTML, like Gecko) Chrome/90.0.4430.85 Safari/537.36"
198.54.114.83 - - [29/Mar/2025:23:43:00 -0400] "POST /wp-cron.php?doing_wp_cron=1743306180.0637860298156738281250 HTTP/1.1" 200 0 "-" "WordPress/6.7.2; https://creative-webstyle.com"
135.125.183.99 - - [29/Mar/2025:23:42:59 -0400] "POST /wp-login.php HTTP/1.1" 302 0 "http://creative-webstyle.com/wp-admin/" "Mozilla/5.0 (Windows NT 10.0; Win64; x64) AppleWebKit/537.36 (KHTML, like Gecko) Chrome/90.0.4430.85 Safari/537.36"
135.125.183.99 - - [29/Mar/2025:23:43:01 -0400] "POST /wp-login.php HTTP/1.1" 302 0 "http://creative-webstyle.com/wp-admin/" "Mozilla/5.0 (Windows NT 10.0; Win64; x64) AppleWebKit/537.36 (KHTML, like Gecko) Chrome/90.0.4430.85 Safari/537.36"
135.125.183.99 - - [29/Mar/2025:23:43:02 -0400] "GET /wp-admin/ HTTP/1.1" 302 0 "www.google.com" "Mozilla/5.0 (Windows NT 10.0; Win64; x64) AppleWebKit/537.36 (KHTML, like Gecko) Chrome/90.0.4430.85 Safari/537.36"
198.54.114.83 - - [29/Mar/2025:23:57:54 -0400] "POST /wp-cron.php?doing_wp_cron=1743307074.6145560741424560546875 HTTP/1.1" 200 0 "-" "WordPress/6.7.2; https://creative-webstyle.com"
45.148.10.237 - - [29/Mar/2025:23:57:52 -0400] "GET /lzdmod/site-nav-pc/5.2.38/assets/logo-bar/index.js HTTP/1.1" 404 15319 "-" "Mozilla/5.0 (Windows NT 10.0; Win64; x64) AppleWebKit/537.36 Chrome/121.0.0.0"
43.156.97.155 - - [30/Mar/2025:00:15:27 -0400] "GET //wp-content/plugins/fix/up.php HTTP/1.1" 301 0 "-" "Mozilla/5.0 (Windows NT 10.0; Win64; x64) AppleWebKit/537.36 (KHTML, like Gecko) Chrome/85.0.4183.102 Safari/537.36"
43.156.97.155 - - [30/Mar/2025:00:15:27 -0400] "GET /wp-content/plugins/fix/up.php HTTP/1.1" 404 15298 "-" "Mozilla/5.0 (Windows NT 10.0; Win64; x64) AppleWebKit/537.36 (KHTML, like Gecko) Chrome/85.0.4183.102 Safari/537.36"
196.251.88.242 - - [30/Mar/2025:00:24:17 -0400] "GET /wp-content/plugins/wp-catcher/index.php HTTP/1.1" 403 1242 "www.google.com" "Mozlila/5.0 (Linux; Android 7.0; SM-G892A Bulid/NRD90M; wv) AppleWebKit/537.36 (KHTML, like Gecko) Version/4.0 Chrome/60.0.3112.107 Moblie Safari/537.36"
43.135.182.95 - - [30/Mar/2025:00:25:30 -0400] "GET / HTTP/1.1" 200 98430 "-" "Mozilla/5.0 (iPhone; CPU iPhone OS 13_2_3 like Mac OS X) AppleWebKit/605.1.15 (KHTML, like Gecko) Version/13.0.3 Mobile/15E148 Safari/604.1"
216.244.66.194 - - [30/Mar/2025:00:34:28 -0400] "GET /robots.txt HTTP/1.1" 304 0 "-" "Mozilla/5.0 (compatible; DotBot/1.2; +https://opensiteexplorer.org/dotbot; help@moz.com)"
193.32.162.96 - - [30/Mar/2025:00:36:30 -0400] "GET / HTTP/1.1" 200 98430 "http://creative-webstyle.com" "Mozilla/5.0 (Windows NT 6.1; WOW64; rv:21.0) Gecko/20100101 Firefox/21.0"
178.18.252.165 - - [30/Mar/2025:00:43:23 -0400] "GET / HTTP/1.1" 200 98430 "-" "Mozilla/5.0 (Macintosh; Intel Mac OS X 10_15_7) AppleWebKit/537.36 (KHTML, like Gecko) Chrome/127.0.0 Safari/537.36"
198.54.114.83 - - [30/Mar/2025:00:44:17 -0400] "POST /wp-cron.php?doing_wp_cron=1743309857.1796479225158691406250 HTTP/1.1" 200 0 "-" "WordPress/6.7.2; https://creative-webstyle.com"
216.244.66.194 - - [30/Mar/2025:00:44:14 -0400] "GET /page/20/ HTTP/1.1" 200 20106 "-" "Mozilla/5.0 (compatible; DotBot/1.2; +https://opensiteexplorer.org/dotbot; help@moz.com)"
198.54.114.83 - - [30/Mar/2025:00:45:55 -0400] "POST /wp-cron.php?doing_wp_cron=1743309955.6882989406585693359375 HTTP/1.1" 200 0 "-" "WordPress/6.7.2; https://creative-webstyle.com"
216.244.66.194 - - [30/Mar/2025:00:45:54 -0400] "GET /category/activity/page/107/ HTTP/1.1" 200 20506 "-" "Mozilla/5.0 (compatible; DotBot/1.2; +https://opensiteexplorer.org/dotbot; help@moz.com)"
198.54.114.83 - - [30/Mar/2025:00:47:42 -0400] "POST /wp-cron.php?doing_wp_cron=1743310062.0109229087829589843750 HTTP/1.1" 200 0 "-" "WordPress/6.7.2; https://creative-webstyle.com"
216.244.66.194 - - [30/Mar/2025:00:47:40 -0400] "GET /best-extended-car-warranty/ HTTP/1.1" 200 21465 "-" "Mozilla/5.0 (compatible; DotBot/1.2; +https://opensiteexplorer.org/dotbot; help@moz.com)"
65.21.113.242 - - [30/Mar/2025:00:50:50 -0400] "GET /robots.txt HTTP/1.1" 200 132 "-" "Mozilla/5.0 (compatible; AwarioBot/1.0; +https://awario.com/bots.html)"
65.21.113.242 - - [30/Mar/2025:00:50:50 -0400] "GET / HTTP/1.1" 200 98430 "-" "Mozilla/5.0 (compatible; AwarioBot/1.0; +https://awario.com/bots.html)"
198.54.114.83 - - [30/Mar/2025:00:52:10 -0400] "POST /wp-cron.php?doing_wp_cron=1743310330.6827061176300048828125 HTTP/1.1" 200 0 "-" "WordPress/6.7.2; https://creative-webstyle.com"
2602:fb54:967:: - - [30/Mar/2025:00:52:10 -0400] "GET /wp-content/plugins/WordPressCore/include.php HTTP/1.1" 404 15301 "-" "ShellBot 2.0"
198.54.114.83 - - [30/Mar/2025:00:53:44 -0400] "POST /wp-cron.php?doing_wp_cron=1743310423.9735310077667236328125 HTTP/1.1" 200 0 "-" "WordPress/6.7.2; https://creative-webstyle.com"
2602:fb54:965:: - - [30/Mar/2025:00:53:41 -0400] "GET /wp-content/themes/include.php HTTP/1.1" 404 15291 "-" "ShellBot 2.0"
94.25.225.56 - - [30/Mar/2025:00:55:41 -0400] "GET /best-cbd-oil-for-sleep-uk/ HTTP/1.1" 200 21690 "http://creative-webstyle.com/best-cbd-oil-for-sleep-uk/" "Mozilla/5.0 (Windows NT 10.0; Win64; x64) AppleWebKit/537.36 (KHTML, like Gecko) Chrome/130.0.0.0 Safari/537.36 CCleaner/130.0.0.0"
198.54.114.83 - - [30/Mar/2025:00:57:26 -0400] "POST /wp-cron.php?doing_wp_cron=1743310646.7290420532226562500000 HTTP/1.1" 200 0 "-" "WordPress/6.7.2; https://creative-webstyle.com"
198.54.114.83 - - [30/Mar/2025:00:57:26 -0400] "POST /wp-cron.php?doing_wp_cron=1743310646.7283720970153808593750 HTTP/1.1" 200 0 "-" "WordPress/6.7.2; https://creative-webstyle.com"
92.255.57.103 - - [30/Mar/2025:00:57:24 -0400] "GET /wp-login.php?wp_lang=en_US HTTP/1.1" 302 0 "http://creative-webstyle.com/wp-login.php" "Mozilla/5.0 (Windows NT 10.0; Win64; x64) AppleWebKit/537.36 (KHTML, like Gecko) Chrome/135.0.0.0 Safari/537.36"
2602:fb54:3d9:: - - [30/Mar/2025:00:57:24 -0400] "GET /wp-content/plugins/WordPressCore/include.php HTTP/1.1" 404 15301 "www.google.com" "Mozlila/5.0 (Linux; Android 7.0; SM-G892A Bulid/NRD90M; wv) AppleWebKit/537.36 (KHTML, like Gecko) Version/4.0 Chrome/60.0.3112.107 Moblie Safari/537.36"
4.227.36.0 - - [30/Mar/2025:00:58:08 -0400] "GET /robots.txt HTTP/1.1" 200 132 "-" "Mozilla/5.0 AppleWebKit/537.36 (KHTML, like Gecko; compatible; GPTBot/1.2; +https://openai.com/gptbot)"
4.227.36.94 - - [30/Mar/2025:00:58:08 -0400] "GET /robots.txt HTTP/1.1" 301 0 "-" "Mozilla/5.0 AppleWebKit/537.36 (KHTML, like Gecko; compatible; GPTBot/1.2; +https://openai.com/gptbot)"
4.227.36.94 - - [30/Mar/2025:00:58:08 -0400] "GET /robots.txt HTTP/1.1" 200 132 "http://www.creative-webstyle.com/robots.txt" "Mozilla/5.0 AppleWebKit/537.36 (KHTML, like Gecko; compatible; GPTBot/1.2; +https://openai.com/gptbot)"
198.54.114.83 - - [30/Mar/2025:00:58:09 -0400] "POST /wp-cron.php?doing_wp_cron=1743310689.3998439311981201171875 HTTP/1.1" 200 0 "-" "WordPress/6.7.2; https://creative-webstyle.com"
20.171.207.42 - - [30/Mar/2025:00:58:09 -0400] "GET /volantini.html HTTP/1.1" 301 0 "-" "Mozilla/5.0 AppleWebKit/537.36 (KHTML, like Gecko; compatible; GPTBot/1.2; +https://openai.com/gptbot)"
20.171.207.42 - - [30/Mar/2025:00:58:12 -0400] "GET /effetti_animati.html HTTP/1.1" 301 0 "-" "Mozilla/5.0 AppleWebKit/537.36 (KHTML, like Gecko; compatible; GPTBot/1.2; +https://openai.com/gptbot)"
20.171.207.42 - - [30/Mar/2025:00:58:15 -0400] "GET /free_graphic_tools.html HTTP/1.1" 301 0 "-" "Mozilla/5.0 AppleWebKit/537.36 (KHTML, like Gecko; compatible; GPTBot/1.2; +https://openai.com/gptbot)"
20.171.207.42 - - [30/Mar/2025:00:58:17 -0400] "GET /formati_banners.html HTTP/1.1" 301 0 "-" "Mozilla/5.0 AppleWebKit/537.36 (KHTML, like Gecko; compatible; GPTBot/1.2; +https://openai.com/gptbot)"
20.171.207.42 - - [30/Mar/2025:00:58:20 -0400] "GET /%E4%B8%80%E5%8F%A3%E3%81%AB%E3%82%A4%E3%83%B3%E3%83%97%E3%83%A9%E3%83%B3%E3%83%88%E6%B2%BB%E7%99%82%E3%81%A8%E3%81%84%E3%81%A3%E3%81%A6%E3%82%82%E6%AE%B5%E9%9A%8E%E3%81%8C HTTP/1.1" 301 0 "-" "Mozilla/5.0 AppleWebKit/537.36 (KHTML, like Gecko; compatible; GPTBot/1.2; +https://openai.com/gptbot)"
20.171.207.42 - - [30/Mar/2025:00:58:22 -0400] "GET /news.html HTTP/1.1" 301 0 "-" "Mozilla/5.0 AppleWebKit/537.36 (KHTML, like Gecko; compatible; GPTBot/1.2; +https://openai.com/gptbot)"
20.171.207.42 - - [30/Mar/2025:00:58:24 -0400] "GET /risorse_grafiche_gratuite.html HTTP/1.1" 301 0 "-" "Mozilla/5.0 AppleWebKit/537.36 (KHTML, like Gecko; compatible; GPTBot/1.2; +https://openai.com/gptbot)"
20.171.207.42 - - [30/Mar/2025:00:58:25 -0400] "GET /%E3%83%98%E3%82%A2%E3%82%B9%E3%82%BF%E3%82%A4%E3%83%AB%E3%81%AB%E8%87%AA%E4%BF%A1%E3%81%8C%E3%81%AA%E3%81%8F%E3%81%AA%E3%82%8A%E9%AB%AA%E3%81%AE%E6%AF%9B%E3%82%92%E5%A2%97%E3%82%84%E3%81%97 HTTP/1.1" 301 0 "-" "Mozilla/5.0 AppleWebKit/537.36 (KHTML, like Gecko; compatible; GPTBot/1.2; +https://openai.com/gptbot)"
20.171.207.42 - - [30/Mar/2025:00:58:27 -0400] "GET /events_cards.html HTTP/1.1" 301 0 "-" "Mozilla/5.0 AppleWebKit/537.36 (KHTML, like Gecko; compatible; GPTBot/1.2; +https://openai.com/gptbot)"
20.171.207.42 - - [30/Mar/2025:00:58:28 -0400] "GET /free_3D_softwares.html HTTP/1.1" 301 0 "-" "Mozilla/5.0 AppleWebKit/537.36 (KHTML, like Gecko; compatible; GPTBot/1.2; +https://openai.com/gptbot)"
20.171.207.42 - - [30/Mar/2025:00:58:29 -0400] "GET /solidarieta.html HTTP/1.1" 301 0 "-" "Mozilla/5.0 AppleWebKit/537.36 (KHTML, like Gecko; compatible; GPTBot/1.2; +https://openai.com/gptbot)"
20.171.207.42 - - [30/Mar/2025:00:58:31 -0400] "GET /e-commerce.html HTTP/1.1" 301 0 "-" "Mozilla/5.0 AppleWebKit/537.36 (KHTML, like Gecko; compatible; GPTBot/1.2; +https://openai.com/gptbot)"
198.54.114.83 - - [30/Mar/2025:00:58:39 -0400] "POST /wp-cron.php?doing_wp_cron=1743310719.5058300495147705078125 HTTP/1.1" 200 0 "-" "WordPress/6.7.2; https://creative-webstyle.com"
20.171.207.172 - - [30/Mar/2025:00:58:39 -0400] "GET /del.php HTTP/1.1" 404 15282 "-" "Mozilla/5.0 AppleWebKit/537.36 (KHTML, like Gecko; compatible; GPTBot/1.2; +https://openai.com/gptbot)"
20.171.207.172 - - [30/Mar/2025:00:59:11 -0400] "GET / HTTP/1.1" 200 98430 "-" "Mozilla/5.0 AppleWebKit/537.36 (KHTML, like Gecko; compatible; GPTBot/1.2; +https://openai.com/gptbot)"
198.54.114.83 - - [30/Mar/2025:00:59:41 -0400] "POST /wp-cron.php?doing_wp_cron=1743310781.7766299247741699218750 HTTP/1.1" 200 0 "-" "WordPress/6.7.2; https://creative-webstyle.com"
20.171.207.172 - - [30/Mar/2025:00:59:41 -0400] "GET /wp-content/wso.php HTTP/1.1" 404 15287 "-" "Mozilla/5.0 AppleWebKit/537.36 (KHTML, like Gecko; compatible; GPTBot/1.2; +https://openai.com/gptbot)"
198.54.114.83 - - [30/Mar/2025:01:00:10 -0400] "POST /wp-cron.php?doing_wp_cron=1743310810.5443549156188964843750 HTTP/1.1" 200 0 "-" "WordPress/6.7.2; https://creative-webstyle.com"
20.171.207.172 - - [30/Mar/2025:01:00:10 -0400] "GET /woh.php HTTP/1.1" 404 15282 "-" "Mozilla/5.0 AppleWebKit/537.36 (KHTML, like Gecko; compatible; GPTBot/1.2; +https://openai.com/gptbot)"
20.171.207.172 - - [30/Mar/2025:01:00:38 -0400] "GET /alpanew.php HTTP/1.1" 404 15285 "-" "Mozilla/5.0 AppleWebKit/537.36 (KHTML, like Gecko; compatible; GPTBot/1.2; +https://openai.com/gptbot)"
198.54.114.83 - - [30/Mar/2025:01:01:06 -0400] "POST /wp-cron.php?doing_wp_cron=1743310866.2521080970764160156250 HTTP/1.1" 200 0 "-" "WordPress/6.7.2; https://creative-webstyle.com"
20.171.207.172 - - [30/Mar/2025:01:01:06 -0400] "GET /zero.php HTTP/1.1" 404 15284 "-" "Mozilla/5.0 AppleWebKit/537.36 (KHTML, like Gecko; compatible; GPTBot/1.2; +https://openai.com/gptbot)"
20.171.207.172 - - [30/Mar/2025:01:01:34 -0400] "GET /wk.php HTTP/1.1" 404 15281 "-" "Mozilla/5.0 AppleWebKit/537.36 (KHTML, like Gecko; compatible; GPTBot/1.2; +https://openai.com/gptbot)"
198.54.114.83 - - [30/Mar/2025:01:02:02 -0400] "POST /wp-cron.php?doing_wp_cron=1743310922.7010629177093505859375 HTTP/1.1" 200 0 "-" "WordPress/6.7.2; https://creative-webstyle.com"
20.171.207.172 - - [30/Mar/2025:01:02:02 -0400] "GET /tempfuns.php HTTP/1.1" 404 15287 "-" "Mozilla/5.0 AppleWebKit/537.36 (KHTML, like Gecko; compatible; GPTBot/1.2; +https://openai.com/gptbot)"
20.171.207.172 - - [30/Mar/2025:01:02:29 -0400] "GET /slax.php HTTP/1.1" 404 15282 "-" "Mozilla/5.0 AppleWebKit/537.36 (KHTML, like Gecko; compatible; GPTBot/1.2; +https://openai.com/gptbot)"
198.54.114.83 - - [30/Mar/2025:01:02:57 -0400] "POST /wp-cron.php?doing_wp_cron=1743310977.1397550106048583984375 HTTP/1.1" 200 0 "-" "WordPress/6.7.2; https://creative-webstyle.com"
20.171.207.172 - - [30/Mar/2025:01:02:56 -0400] "GET /%E3%83%98%E3%82%A2%E3%82%B9%E3%82%BF%E3%82%A4%E3%83%AB%E3%81%AB%E8%87%AA%E4%BF%A1%E3%81%8C%E3%81%AA%E3%81%8F%E3%81%AA%E3%82%8A%E9%AB%AA%E3%81%AE%E6%AF%9B%E3%82%92%E5%A2%97%E3%82%84%E3%81%97 HTTP/1.1" 404 15382 "-" "Mozilla/5.0 AppleWebKit/537.36 (KHTML, like Gecko; compatible; GPTBot/1.2; +https://openai.com/gptbot)"
20.171.207.172 - - [30/Mar/2025:01:03:24 -0400] "GET /%E4%B8%80%E5%8F%A3%E3%81%AB%E3%82%A4%E3%83%B3%E3%83%97%E3%83%A9%E3%83%B3%E3%83%88%E6%B2%BB%E7%99%82%E3%81%A8%E3%81%84%E3%81%A3%E3%81%A6%E3%82%82%E6%AE%B5%E9%9A%8E%E3%81%8C HTTP/1.1" 404 15383 "-" "Mozilla/5.0 AppleWebKit/537.36 (KHTML, like Gecko; compatible; GPTBot/1.2; +https://openai.com/gptbot)"
198.54.114.83 - - [30/Mar/2025:01:03:53 -0400] "POST /wp-cron.php?doing_wp_cron=1743311033.3923599720001220703125 HTTP/1.1" 200 0 "-" "WordPress/6.7.2; https://creative-webstyle.com"
20.171.207.172 - - [30/Mar/2025:01:03:53 -0400] "GET /free_3D_softwares.html HTTP/1.1" 404 15295 "-" "Mozilla/5.0 AppleWebKit/537.36 (KHTML, like Gecko; compatible; GPTBot/1.2; +https://openai.com/gptbot)"
20.171.207.172 - - [30/Mar/2025:01:04:20 -0400] "GET /free_graphic_tools.html HTTP/1.1" 404 15295 "-" "Mozilla/5.0 AppleWebKit/537.36 (KHTML, like Gecko; compatible; GPTBot/1.2; +https://openai.com/gptbot)"
198.54.114.83 - - [30/Mar/2025:01:04:48 -0400] "POST /wp-cron.php?doing_wp_cron=1743311088.6063530445098876953125 HTTP/1.1" 200 0 "-" "WordPress/6.7.2; https://creative-webstyle.com"
20.171.207.172 - - [30/Mar/2025:01:04:48 -0400] "GET /classfuns.php HTTP/1.1" 404 15286 "-" "Mozilla/5.0 AppleWebKit/537.36 (KHTML, like Gecko; compatible; GPTBot/1.2; +https://openai.com/gptbot)"
198.54.114.83 - - [30/Mar/2025:01:05:16 -0400] "POST /wp-cron.php?doing_wp_cron=1743311116.3217499256134033203125 HTTP/1.1" 200 0 "-" "WordPress/6.7.2; https://creative-webstyle.com"
20.171.207.172 - - [30/Mar/2025:01:05:15 -0400] "GET /adminfuns.php HTTP/1.1" 404 15285 "-" "Mozilla/5.0 AppleWebKit/537.36 (KHTML, like Gecko; compatible; GPTBot/1.2; +https://openai.com/gptbot)"
198.54.114.83 - - [30/Mar/2025:01:05:44 -0400] "POST /wp-cron.php?doing_wp_cron=1743311144.7204930782318115234375 HTTP/1.1" 200 0 "-" "WordPress/6.7.2; https://creative-webstyle.com"
20.171.207.172 - - [30/Mar/2025:01:05:44 -0400] "GET /1p.php HTTP/1.1" 404 15282 "-" "Mozilla/5.0 AppleWebKit/537.36 (KHTML, like Gecko; compatible; GPTBot/1.2; +https://openai.com/gptbot)"
198.54.114.83 - - [30/Mar/2025:01:06:13 -0400] "POST /wp-cron.php?doing_wp_cron=1743311173.3961589336395263671875 HTTP/1.1" 200 0 "-" "WordPress/6.7.2; https://creative-webstyle.com"
20.171.207.172 - - [30/Mar/2025:01:06:13 -0400] "GET /banner.php HTTP/1.1" 404 15285 "-" "Mozilla/5.0 AppleWebKit/537.36 (KHTML, like Gecko; compatible; GPTBot/1.2; +https://openai.com/gptbot)"
198.54.114.83 - - [30/Mar/2025:01:06:40 -0400] "POST /wp-cron.php?doing_wp_cron=1743311200.8370759487152099609375 HTTP/1.1" 200 0 "-" "WordPress/6.7.2; https://creative-webstyle.com"
20.171.207.172 - - [30/Mar/2025:01:06:40 -0400] "GET /formati_banners.html HTTP/1.1" 404 15291 "-" "Mozilla/5.0 AppleWebKit/537.36 (KHTML, like Gecko; compatible; GPTBot/1.2; +https://openai.com/gptbot)"
198.54.114.83 - - [30/Mar/2025:01:07:09 -0400] "POST /wp-cron.php?doing_wp_cron=1743311229.5181529521942138671875 HTTP/1.1" 200 0 "-" "WordPress/6.7.2; https://creative-webstyle.com"
20.171.207.172 - - [30/Mar/2025:01:07:09 -0400] "GET /gelay.php HTTP/1.1" 404 15284 "-" "Mozilla/5.0 AppleWebKit/537.36 (KHTML, like Gecko; compatible; GPTBot/1.2; +https://openai.com/gptbot)"
20.171.207.172 - - [30/Mar/2025:01:07:38 -0400] "GET /g383er.php HTTP/1.1" 404 15285 "-" "Mozilla/5.0 AppleWebKit/537.36 (KHTML, like Gecko; compatible; GPTBot/1.2; +https://openai.com/gptbot)"
198.54.114.83 - - [30/Mar/2025:01:08:05 -0400] "POST /wp-cron.php?doing_wp_cron=1743311285.6101870536804199218750 HTTP/1.1" 200 0 "-" "WordPress/6.7.2; https://creative-webstyle.com"
20.171.207.172 - - [30/Mar/2025:01:08:05 -0400] "GET /uploadfile.php HTTP/1.1" 404 15287 "-" "Mozilla/5.0 AppleWebKit/537.36 (KHTML, like Gecko; compatible; GPTBot/1.2; +https://openai.com/gptbot)"
20.171.207.172 - - [30/Mar/2025:01:08:34 -0400] "GET /phpmailer.lang-sv.php HTTP/1.1" 404 15294 "-" "Mozilla/5.0 AppleWebKit/537.36 (KHTML, like Gecko; compatible; GPTBot/1.2; +https://openai.com/gptbot)"
198.54.114.83 - - [30/Mar/2025:01:09:04 -0400] "POST /wp-cron.php?doing_wp_cron=1743311344.1930110454559326171875 HTTP/1.1" 200 0 "-" "WordPress/6.7.2; https://creative-webstyle.com"
20.171.207.172 - - [30/Mar/2025:01:09:04 -0400] "GET /events_cards.html HTTP/1.1" 404 15288 "-" "Mozilla/5.0 AppleWebKit/537.36 (KHTML, like Gecko; compatible; GPTBot/1.2; +https://openai.com/gptbot)"
20.171.207.172 - - [30/Mar/2025:01:09:33 -0400] "GET /wp-content/themes/atomlib.php HTTP/1.1" 404 15293 "-" "Mozilla/5.0 AppleWebKit/537.36 (KHTML, like Gecko; compatible; GPTBot/1.2; +https://openai.com/gptbot)"
198.54.114.83 - - [30/Mar/2025:01:10:03 -0400] "POST /wp-cron.php?doing_wp_cron=1743311403.1041860580444335937500 HTTP/1.1" 200 0 "-" "WordPress/6.7.2; https://creative-webstyle.com"
20.171.207.172 - - [30/Mar/2025:01:10:02 -0400] "GET /effetti_animati.html HTTP/1.1" 404 15292 "-" "Mozilla/5.0 AppleWebKit/537.36 (KHTML, like Gecko; compatible; GPTBot/1.2; +https://openai.com/gptbot)"
20.171.207.172 - - [30/Mar/2025:01:10:30 -0400] "GET /.well-known/acme-challenge/class_api.php HTTP/1.1" 404 15310 "-" "Mozilla/5.0 AppleWebKit/537.36 (KHTML, like Gecko; compatible; GPTBot/1.2; +https://openai.com/gptbot)"
20.171.207.172 - - [30/Mar/2025:01:10:59 -0400] "GET /.well-known/pki-validation/class_api.php HTTP/1.1" 404 1251 "-" "Mozilla/5.0 AppleWebKit/537.36 (KHTML, like Gecko; compatible; GPTBot/1.2; +https://openai.com/gptbot)"
198.54.114.83 - - [30/Mar/2025:01:11:27 -0400] "POST /wp-cron.php?doing_wp_cron=1743311486.9355340003967285156250 HTTP/1.1" 200 0 "-" "WordPress/6.7.2; https://creative-webstyle.com"
20.171.207.172 - - [30/Mar/2025:01:11:26 -0400] "GET /wp-content/languages/themes/class_api.php HTTP/1.1" 404 15305 "-" "Mozilla/5.0 AppleWebKit/537.36 (KHTML, like Gecko; compatible; GPTBot/1.2; +https://openai.com/gptbot)"
198.54.114.83 - - [30/Mar/2025:01:11:54 -0400] "POST /wp-cron.php?doing_wp_cron=1743311514.2171809673309326171875 HTTP/1.1" 200 0 "-" "WordPress/6.7.2; https://creative-webstyle.com"
20.171.207.172 - - [30/Mar/2025:01:11:54 -0400] "GET /wp-content/plugins/include.php HTTP/1.1" 404 15294 "-" "Mozilla/5.0 AppleWebKit/537.36 (KHTML, like Gecko; compatible; GPTBot/1.2; +https://openai.com/gptbot)"
20.171.207.172 - - [30/Mar/2025:01:12:22 -0400] "GET /wp-content/ThreeFox_Exploit/index.php HTTP/1.1" 301 0 "-" "Mozilla/5.0 AppleWebKit/537.36 (KHTML, like Gecko; compatible; GPTBot/1.2; +https://openai.com/gptbot)"
198.54.114.83 - - [30/Mar/2025:01:12:50 -0400] "POST /wp-cron.php?doing_wp_cron=1743311570.1038579940795898437500 HTTP/1.1" 200 0 "-" "WordPress/6.7.2; https://creative-webstyle.com"
20.171.207.172 - - [30/Mar/2025:01:12:49 -0400] "GET /wp-content/languages/class_api.php HTTP/1.1" 404 15300 "-" "Mozilla/5.0 AppleWebKit/537.36 (KHTML, like Gecko; compatible; GPTBot/1.2; +https://openai.com/gptbot)"
20.171.207.172 - - [30/Mar/2025:01:13:15 -0400] "GET /risorse_grafiche_gratuite.html HTTP/1.1" 404 15297 "-" "Mozilla/5.0 AppleWebKit/537.36 (KHTML, like Gecko; compatible; GPTBot/1.2; +https://openai.com/gptbot)"
198.54.114.83 - - [30/Mar/2025:01:13:41 -0400] "POST /wp-cron.php?doing_wp_cron=1743311621.8610279560089111328125 HTTP/1.1" 200 0 "-" "WordPress/6.7.2; https://creative-webstyle.com"
20.171.207.172 - - [30/Mar/2025:01:13:41 -0400] "GET /wp-content/upgrade/class_api.php HTTP/1.1" 404 15299 "-" "Mozilla/5.0 AppleWebKit/537.36 (KHTML, like Gecko; compatible; GPTBot/1.2; +https://openai.com/gptbot)"
198.54.114.83 - - [30/Mar/2025:01:14:06 -0400] "POST /wp-cron.php?doing_wp_cron=1743311646.7107629776000976562500 HTTP/1.1" 200 0 "-" "WordPress/6.7.2; https://creative-webstyle.com"
20.171.207.172 - - [30/Mar/2025:01:14:06 -0400] "GET /sitemap.html HTTP/1.1" 404 15285 "-" "Mozilla/5.0 AppleWebKit/537.36 (KHTML, like Gecko; compatible; GPTBot/1.2; +https://openai.com/gptbot)"
20.171.207.172 - - [30/Mar/2025:01:14:32 -0400] "GET /news.html HTTP/1.1" 404 15283 "-" "Mozilla/5.0 AppleWebKit/537.36 (KHTML, like Gecko; compatible; GPTBot/1.2; +https://openai.com/gptbot)"
198.54.114.83 - - [30/Mar/2025:01:14:58 -0400] "POST /wp-cron.php?doing_wp_cron=1743311698.5454409122467041015625 HTTP/1.1" 200 0 "-" "WordPress/6.7.2; https://creative-webstyle.com"
20.171.207.172 - - [30/Mar/2025:01:14:58 -0400] "GET /wp-content/uploads/wp-apxupx.php HTTP/1.1" 404 15302 "-" "Mozilla/5.0 AppleWebKit/537.36 (KHTML, like Gecko; compatible; GPTBot/1.2; +https://openai.com/gptbot)"
20.171.207.172 - - [30/Mar/2025:01:15:23 -0400] "GET /volantini.html HTTP/1.1" 404 15288 "-" "Mozilla/5.0 AppleWebKit/537.36 (KHTML, like Gecko; compatible; GPTBot/1.2; +https://openai.com/gptbot)"
198.54.114.83 - - [30/Mar/2025:01:15:48 -0400] "POST /wp-cron.php?doing_wp_cron=1743311748.6388700008392333984375 HTTP/1.1" 200 0 "-" "WordPress/6.7.2; https://creative-webstyle.com"
20.171.207.172 - - [30/Mar/2025:01:15:48 -0400] "GET /README.md HTTP/1.1" 404 15287 "-" "Mozilla/5.0 AppleWebKit/537.36 (KHTML, like Gecko; compatible; GPTBot/1.2; +https://openai.com/gptbot)"
20.171.207.172 - - [30/Mar/2025:01:16:13 -0400] "GET /wp-apxupx.php HTTP/1.1" 404 15284 "-" "Mozilla/5.0 AppleWebKit/537.36 (KHTML, like Gecko; compatible; GPTBot/1.2; +https://openai.com/gptbot)"
198.54.114.83 - - [30/Mar/2025:01:16:40 -0400] "POST /wp-cron.php?doing_wp_cron=1743311799.7757120132446289062500 HTTP/1.1" 200 0 "-" "WordPress/6.7.2; https://creative-webstyle.com"
20.171.207.172 - - [30/Mar/2025:01:16:39 -0400] "GET /wp-content/ThreeFox_Exploit/ HTTP/1.1" 404 15296 "-" "Mozilla/5.0 AppleWebKit/537.36 (KHTML, like Gecko; compatible; GPTBot/1.2; +https://openai.com/gptbot)"
20.171.207.172 - - [30/Mar/2025:01:17:03 -0400] "GET /.well-known/pki-validation/atomlib.php HTTP/1.1" 404 1251 "-" "Mozilla/5.0 AppleWebKit/537.36 (KHTML, like Gecko; compatible; GPTBot/1.2; +https://openai.com/gptbot)"
198.54.114.83 - - [30/Mar/2025:01:17:30 -0400] "POST /wp-cron.php?doing_wp_cron=1743311850.2080330848693847656250 HTTP/1.1" 200 0 "-" "WordPress/6.7.2; https://creative-webstyle.com"
20.171.207.172 - - [30/Mar/2025:01:17:30 -0400] "GET /.well-known/acme-challenge/atomlib.php HTTP/1.1" 404 15307 "-" "Mozilla/5.0 AppleWebKit/537.36 (KHTML, like Gecko; compatible; GPTBot/1.2; +https://openai.com/gptbot)"
198.54.114.83 - - [30/Mar/2025:01:17:55 -0400] "POST /wp-cron.php?doing_wp_cron=1743311875.7297658920288085937500 HTTP/1.1" 200 0 "-" "WordPress/6.7.2; https://creative-webstyle.com"
20.171.207.172 - - [30/Mar/2025:01:17:55 -0400] "GET /system_logs.php HTTP/1.1" 404 15289 "-" "Mozilla/5.0 AppleWebKit/537.36 (KHTML, like Gecko; compatible; GPTBot/1.2; +https://openai.com/gptbot)"
20.171.207.172 - - [30/Mar/2025:01:18:21 -0400] "GET /solidarieta.html HTTP/1.1" 404 15288 "-" "Mozilla/5.0 AppleWebKit/537.36 (KHTML, like Gecko; compatible; GPTBot/1.2; +https://openai.com/gptbot)"
198.54.114.83 - - [30/Mar/2025:01:18:46 -0400] "POST /wp-cron.php?doing_wp_cron=1743311926.0043768882751464843750 HTTP/1.1" 200 0 "-" "WordPress/6.7.2; https://creative-webstyle.com"
20.171.207.172 - - [30/Mar/2025:01:18:45 -0400] "GET /wp-content/languages/themes/atomlib.php HTTP/1.1" 404 15302 "-" "Mozilla/5.0 AppleWebKit/537.36 (KHTML, like Gecko; compatible; GPTBot/1.2; +https://openai.com/gptbot)"
198.54.114.83 - - [30/Mar/2025:01:19:12 -0400] "POST /wp-cron.php?doing_wp_cron=1743311952.2496860027313232421875 HTTP/1.1" 200 0 "-" "WordPress/6.7.2; https://creative-webstyle.com"
20.171.207.172 - - [30/Mar/2025:01:19:12 -0400] "GET /nf_tracking.php HTTP/1.1" 404 15289 "-" "Mozilla/5.0 AppleWebKit/537.36 (KHTML, like Gecko; compatible; GPTBot/1.2; +https://openai.com/gptbot)"
20.171.207.172 - - [30/Mar/2025:01:19:37 -0400] "GET /wp-content/themes/tflow/up.php HTTP/1.1" 404 15294 "-" "Mozilla/5.0 AppleWebKit/537.36 (KHTML, like Gecko; compatible; GPTBot/1.2; +https://openai.com/gptbot)"
198.54.114.83 - - [30/Mar/2025:01:20:04 -0400] "POST /wp-cron.php?doing_wp_cron=1743312004.4713981151580810546875 HTTP/1.1" 200 0 "-" "WordPress/6.7.2; https://creative-webstyle.com"
20.171.207.172 - - [30/Mar/2025:01:20:04 -0400] "GET /e-commerce.html HTTP/1.1" 404 15286 "-" "Mozilla/5.0 AppleWebKit/537.36 (KHTML, like Gecko; compatible; GPTBot/1.2; +https://openai.com/gptbot)"
216.244.66.194 - - [30/Mar/2025:01:20:27 -0400] "GET /robots.txt HTTP/1.1" 200 132 "-" "Mozilla/5.0 (compatible; DotBot/1.2; +https://opensiteexplorer.org/dotbot; help@moz.com)"
20.171.207.172 - - [30/Mar/2025:01:20:28 -0400] "GET /wp-includes/random_compat/class_api.php HTTP/1.1" 404 15304 "-" "Mozilla/5.0 AppleWebKit/537.36 (KHTML, like Gecko; compatible; GPTBot/1.2; +https://openai.com/gptbot)"
198.54.114.83 - - [30/Mar/2025:01:20:54 -0400] "POST /wp-cron.php?doing_wp_cron=1743312053.9598820209503173828125 HTTP/1.1" 200 0 "-" "WordPress/6.7.2; https://creative-webstyle.com"
20.171.207.172 - - [30/Mar/2025:01:20:53 -0400] "GET /.tmb/class_api.php HTTP/1.1" 404 15291 "-" "Mozilla/5.0 AppleWebKit/537.36 (KHTML, like Gecko; compatible; GPTBot/1.2; +https://openai.com/gptbot)"
20.171.207.172 - - [30/Mar/2025:01:21:20 -0400] "GET /cgi-bin/class_api.php HTTP/1.1" 404 15291 "-" "Mozilla/5.0 AppleWebKit/537.36 (KHTML, like Gecko; compatible; GPTBot/1.2; +https://openai.com/gptbot)"
198.54.114.83 - - [30/Mar/2025:01:21:47 -0400] "POST /wp-cron.php?doing_wp_cron=1743312107.0918378829956054687500 HTTP/1.1" 200 0 "-" "WordPress/6.7.2; https://creative-webstyle.com"
20.171.207.172 - - [30/Mar/2025:01:21:46 -0400] "GET /.tmb/mariju.php HTTP/1.1" 404 15290 "-" "Mozilla/5.0 AppleWebKit/537.36 (KHTML, like Gecko; compatible; GPTBot/1.2; +https://openai.com/gptbot)"
198.54.114.83 - - [30/Mar/2025:01:22:12 -0400] "POST /wp-cron.php?doing_wp_cron=1743312132.6332380771636962890625 HTTP/1.1" 200 0 "-" "WordPress/6.7.2; https://creative-webstyle.com"
20.171.207.172 - - [30/Mar/2025:01:22:12 -0400] "GET /cgi-bin/sgd.php HTTP/1.1" 404 15289 "-" "Mozilla/5.0 AppleWebKit/537.36 (KHTML, like Gecko; compatible; GPTBot/1.2; +https://openai.com/gptbot)"
20.171.207.172 - - [30/Mar/2025:01:22:37 -0400] "GET /.tmb/moon.php HTTP/1.1" 404 15289 "-" "Mozilla/5.0 AppleWebKit/537.36 (KHTML, like Gecko; compatible; GPTBot/1.2; +https://openai.com/gptbot)"
198.54.114.83 - - [30/Mar/2025:01:23:02 -0400] "POST /wp-cron.php?doing_wp_cron=1743312182.1056880950927734375000 HTTP/1.1" 200 0 "-" "WordPress/6.7.2; https://creative-webstyle.com"
20.171.207.172 - - [30/Mar/2025:01:23:01 -0400] "GET /wp-includes/Requests/class_api.php HTTP/1.1" 404 15301 "-" "Mozilla/5.0 AppleWebKit/537.36 (KHTML, like Gecko; compatible; GPTBot/1.2; +https://openai.com/gptbot)"
20.171.207.172 - - [30/Mar/2025:01:23:26 -0400] "GET /wp-includes/IXR/class.api.php HTTP/1.1" 404 15297 "-" "Mozilla/5.0 AppleWebKit/537.36 (KHTML, like Gecko; compatible; GPTBot/1.2; +https://openai.com/gptbot)"
198.54.114.83 - - [30/Mar/2025:01:23:52 -0400] "POST /wp-cron.php?doing_wp_cron=1743312232.6458909511566162109375 HTTP/1.1" 200 0 "-" "WordPress/6.7.2; https://creative-webstyle.com"
20.171.207.172 - - [30/Mar/2025:01:23:52 -0400] "GET /wp-includes/IXR/class_api.php HTTP/1.1" 404 15298 "-" "Mozilla/5.0 AppleWebKit/537.36 (KHTML, like Gecko; compatible; GPTBot/1.2; +https://openai.com/gptbot)"
20.171.207.172 - - [30/Mar/2025:01:24:18 -0400] "GET /wp-admin/network/class_api.php HTTP/1.1" 404 15295 "-" "Mozilla/5.0 AppleWebKit/537.36 (KHTML, like Gecko; compatible; GPTBot/1.2; +https://openai.com/gptbot)"
198.54.114.83 - - [30/Mar/2025:01:24:43 -0400] "POST /wp-cron.php?doing_wp_cron=1743312283.8628818988800048828125 HTTP/1.1" 200 0 "-" "WordPress/6.7.2; https://creative-webstyle.com"
