198.54.114.83 - - [30/Mar/2025:05:24:07 -0400] "POST /wp-cron.php?doing_wp_cron=1743326647.1874980926513671875000 HTTP/1.1" 200 0 "-" "WordPress/6.7.2; https://creative-webstyle.com"
216.244.66.194 - - [30/Mar/2025:05:24:06 -0400] "GET /reduisez-le-risque-de-chute-avec-des-chaussettes-pour-patients/feed/ HTTP/1.1" 404 15329 "-" "Mozilla/5.0 (compatible; DotBot/1.2; +https://opensiteexplorer.org/dotbot; help@moz.com)"
216.244.66.194 - - [30/Mar/2025:05:24:27 -0400] "GET /2023/05/31/ HTTP/1.1" 301 0 "-" "Mozilla/5.0 (compatible; DotBot/1.2; +https://opensiteexplorer.org/dotbot; help@moz.com)"
216.244.66.194 - - [30/Mar/2025:05:26:37 -0400] "GET /you-can-definitely-buy-wood-window-shutters-that-will-not-leave-a-hole-in-your-wallet/ HTTP/1.1" 200 22522 "-" "Mozilla/5.0 (compatible; DotBot/1.2; +https://opensiteexplorer.org/dotbot; help@moz.com)"
198.54.114.83 - - [30/Mar/2025:05:26:47 -0400] "POST /wp-cron.php?doing_wp_cron=1743326804.3646349906921386718750 HTTP/1.1" 200 0 "-" "WordPress/6.7.2; https://creative-webstyle.com"
157.245.197.94 - - [30/Mar/2025:05:32:43 -0400] "GET / HTTP/1.1" 200 98430 "-" "Mozilla/5.0 (Windows NT 10.0; Win64; x64) AppleWebKit/537.36 (KHTML, like Gecko) Chrome/95.0.4638.69 Safari/537.36"
157.245.197.94 - - [30/Mar/2025:05:32:45 -0400] "GET /wp-includes/ID3/license.txt HTTP/1.1" 200 501 "-" "Mozilla/5.0 (Windows NT 10.0; Win64; x64) AppleWebKit/537.36 (KHTML, like Gecko) Chrome/95.0.4638.69 Safari/537.36"
198.54.114.83 - - [30/Mar/2025:05:32:52 -0400] "POST /wp-cron.php?doing_wp_cron=1743327172.0598449707031250000000 HTTP/1.1" 200 0 "-" "WordPress/6.7.2; https://creative-webstyle.com"
157.245.197.94 - - [30/Mar/2025:05:32:50 -0400] "GET /feed/ HTTP/1.1" 200 777681 "-" "Mozilla/5.0 (Windows NT 10.0; Win64; x64) AppleWebKit/537.36 (KHTML, like Gecko) Chrome/95.0.4638.69 Safari/537.36"
157.245.197.94 - - [30/Mar/2025:05:32:56 -0400] "GET /?author=1 HTTP/1.1" 200 98430 "-" "Mozilla/5.0 (Windows NT 10.0; Win64; x64) AppleWebKit/537.36 (KHTML, like Gecko) Chrome/95.0.4638.69 Safari/537.36"
157.245.197.94 - - [30/Mar/2025:05:32:57 -0400] "GET /wp-json/wp/v2/users/ HTTP/1.1" 200 2069 "-" "Mozilla/5.0 (Windows NT 10.0; Win64; x64) AppleWebKit/537.36 (KHTML, like Gecko) Chrome/95.0.4638.69 Safari/537.36"
198.54.114.83 - - [30/Mar/2025:05:34:00 -0400] "POST /wp-cron.php?doing_wp_cron=1743327240.7666010856628417968750 HTTP/1.1" 200 0 "-" "WordPress/6.7.2; https://creative-webstyle.com"
157.245.197.94 - - [30/Mar/2025:05:33:00 -0400] "POST /xmlrpc.php HTTP/1.1" 200 236 "-" "Mozilla/5.0 (Windows NT 10.0; Win64; x64) AppleWebKit/537.36 (KHTML, like Gecko) Chrome/95.0.4638.69 Safari/537.36"
216.244.66.194 - - [30/Mar/2025:05:34:03 -0400] "GET /why-do-people-put-butter-in-their-coffee/feed/ HTTP/1.1" 200 447 "-" "Mozilla/5.0 (compatible; DotBot/1.2; +https://opensiteexplorer.org/dotbot; help@moz.com)"
157.245.197.94 - - [30/Mar/2025:05:34:01 -0400] "POST /xmlrpc.php HTTP/1.1" 200 0 "-" "Mozilla/5.0 (Windows NT 10.0; Win64; x64) AppleWebKit/537.36 (KHTML, like Gecko) Chrome/95.0.4638.69 Safari/537.36"
157.245.197.94 - - [30/Mar/2025:05:35:31 -0400] "POST /xmlrpc.php HTTP/1.1" 200 0 "-" "Mozilla/5.0 (Windows NT 10.0; Win64; x64) AppleWebKit/537.36 (KHTML, like Gecko) Chrome/95.0.4638.69 Safari/537.36"
198.54.114.83 - - [30/Mar/2025:05:37:05 -0400] "POST /wp-cron.php?doing_wp_cron=1743327425.8943688869476318359375 HTTP/1.1" 200 0 "-" "WordPress/6.7.2; https://creative-webstyle.com"
198.54.114.83 - - [30/Mar/2025:05:37:46 -0400] "POST /wp-cron.php?doing_wp_cron=1743327466.2468900680541992187500 HTTP/1.1" 200 0 "-" "WordPress/6.7.2; https://creative-webstyle.com"
157.245.197.94 - - [30/Mar/2025:05:37:01 -0400] "POST /xmlrpc.php HTTP/1.1" 200 236 "-" "Mozilla/5.0 (Windows NT 10.0; Win64; x64) AppleWebKit/537.36 (KHTML, like Gecko) Chrome/95.0.4638.69 Safari/537.36"
198.54.114.83 - - [30/Mar/2025:05:38:45 -0400] "POST /wp-cron.php?doing_wp_cron=1743327525.7308189868927001953125 HTTP/1.1" 200 0 "-" "WordPress/6.7.2; https://creative-webstyle.com"
157.245.197.94 - - [30/Mar/2025:05:37:47 -0400] "POST /xmlrpc.php HTTP/1.1" 200 236 "-" "Mozilla/5.0 (Windows NT 10.0; Win64; x64) AppleWebKit/537.36 (KHTML, like Gecko) Chrome/95.0.4638.69 Safari/537.36"
66.249.68.70 - - [30/Mar/2025:05:39:51 -0400] "GET /robots.txt HTTP/1.1" 200 132 "-" "Mozilla/5.0 (compatible; Googlebot/2.1; +http://www.google.com/bot.html)"
66.249.68.71 - - [30/Mar/2025:05:39:52 -0400] "GET / HTTP/1.1" 200 98430 "-" "Mozilla/5.0 (Linux; Android 6.0.1; Nexus 5X Build/MMB29P) AppleWebKit/537.36 (KHTML, like Gecko) Chrome/134.0.6998.165 Mobile Safari/537.36 (compatible; Googlebot/2.1; +http://www.google.com/bot.html)"
198.54.114.83 - - [30/Mar/2025:05:40:15 -0400] "POST /wp-cron.php?doing_wp_cron=1743327615.2160749435424804687500 HTTP/1.1" 200 0 "-" "WordPress/6.7.2; https://creative-webstyle.com"
157.245.197.94 - - [30/Mar/2025:05:38:46 -0400] "POST /xmlrpc.php HTTP/1.1" 200 236 "-" "Mozilla/5.0 (Windows NT 10.0; Win64; x64) AppleWebKit/537.36 (KHTML, like Gecko) Chrome/95.0.4638.69 Safari/537.36"
157.245.197.94 - - [30/Mar/2025:05:40:16 -0400] "POST /xmlrpc.php HTTP/1.1" 200 0 "-" "Mozilla/5.0 (Windows NT 10.0; Win64; x64) AppleWebKit/537.36 (KHTML, like Gecko) Chrome/95.0.4638.69 Safari/537.36"
8.28.7.20 - - [30/Mar/2025:05:48:22 -0400] "GET /ads.txt HTTP/1.1" 404 15284 "-" "PubMatic Crawler Bot"
8.28.7.20 - - [30/Mar/2025:05:48:23 -0400] "GET /ads.txt HTTP/1.1" 404 15284 "-" "Mozilla/5.0 (X11; Linux x86_64) AppleWebKit/537.36 (KHTML, like Gecko) Chrome/66.0.3359.139 Safari/537.36"
43.130.91.95 - - [30/Mar/2025:05:49:50 -0400] "GET / HTTP/1.1" 200 98430 "-" "Mozilla/5.0 (iPhone; CPU iPhone OS 13_2_3 like Mac OS X) AppleWebKit/605.1.15 (KHTML, like Gecko) Version/13.0.3 Mobile/15E148 Safari/604.1"
216.244.66.194 - - [30/Mar/2025:05:58:00 -0400] "GET /robots.txt HTTP/1.1" 200 132 "-" "Mozilla/5.0 (compatible; DotBot/1.2; +https://opensiteexplorer.org/dotbot; help@moz.com)"
46.148.206.226 - - [30/Mar/2025:05:58:30 -0400] "GET /best-cbd-oil-for-sleep-uk/ HTTP/1.1" 200 21689 "http://creative-webstyle.com/best-cbd-oil-for-sleep-uk/" "Mozilla/5.0 (Windows NT 10.0; Win64; x64) AppleWebKit/537.36 (KHTML, like Gecko) Chrome/131.0.0.0 Safari/537.36"
198.54.114.83 - - [30/Mar/2025:06:12:01 -0400] "POST /wp-cron.php?doing_wp_cron=1743329520.1185929775238037109375 HTTP/1.1" 200 0 "-" "WordPress/6.7.2; https://creative-webstyle.com"
216.244.66.194 - - [30/Mar/2025:06:11:57 -0400] "GET /page/17/ HTTP/1.1" 200 21268 "-" "Mozilla/5.0 (compatible; DotBot/1.2; +https://opensiteexplorer.org/dotbot; help@moz.com)"
196.251.69.226 - - [30/Mar/2025:06:12:12 -0400] "POST /wp-content/plugins/about.php HTTP/1.1" 403 1242 "http://creative-webstyle.com" "Mozilla/5.0 (Windows NT 10.0; Win64; x64) AppleWebKit/537.36 (KHTML, like Gecko) Chrome/91.0.4472.124 Safari/537.36"
196.251.69.226 - - [30/Mar/2025:06:12:12 -0400] "GET /wp-content/about.php HTTP/1.1" 404 15286 "http://creative-webstyle.com" "Mozilla/5.0 (Windows NT 10.0; Win64; x64) AppleWebKit/537.36 (KHTML, like Gecko) Chrome/91.0.4472.124 Safari/537.36"
196.251.69.226 - - [30/Mar/2025:06:12:14 -0400] "POST /wp-content/plugins/about.php HTTP/1.1" 403 1242 "http://creative-webstyle.com" "Mozilla/5.0 (Windows NT 10.0; Win64; x64) AppleWebKit/537.36 (KHTML, like Gecko) Chrome/91.0.4472.124 Safari/537.36"
196.251.69.226 - - [30/Mar/2025:06:12:15 -0400] "GET /wp-content/about.php HTTP/1.1" 404 15286 "http://creative-webstyle.com" "Mozilla/5.0 (Windows NT 10.0; Win64; x64) AppleWebKit/537.36 (KHTML, like Gecko) Chrome/91.0.4472.124 Safari/537.36"
216.244.66.194 - - [30/Mar/2025:06:12:19 -0400] "GET /exploring-chiropractic-care-in-dubai/feed/ HTTP/1.1" 200 442 "-" "Mozilla/5.0 (compatible; DotBot/1.2; +https://opensiteexplorer.org/dotbot; help@moz.com)"
196.251.69.226 - - [30/Mar/2025:06:12:25 -0400] "POST /wp-content/plugins/about.php HTTP/1.1" 403 1242 "http://creative-webstyle.com" "Mozilla/5.0 (Windows NT 10.0; Win64; x64) AppleWebKit/537.36 (KHTML, like Gecko) Chrome/91.0.4472.124 Safari/537.36"
196.251.69.226 - - [30/Mar/2025:06:12:25 -0400] "GET /wp-content/about.php HTTP/1.1" 404 15286 "http://creative-webstyle.com" "Mozilla/5.0 (Windows NT 10.0; Win64; x64) AppleWebKit/537.36 (KHTML, like Gecko) Chrome/91.0.4472.124 Safari/537.36"
196.251.69.226 - - [30/Mar/2025:06:12:30 -0400] "POST /wp.php HTTP/1.1" 403 1242 "http://creative-webstyle.com" "Mozilla/5.0 (Windows NT 10.0; Win64; x64) AppleWebKit/537.36 (KHTML, like Gecko) Chrome/91.0.4472.124 Safari/537.36"
196.251.69.226 - - [30/Mar/2025:06:12:31 -0400] "GET /about.php HTTP/1.1" 404 15281 "http://creative-webstyle.com" "Mozilla/5.0 (Windows NT 10.0; Win64; x64) AppleWebKit/537.36 (KHTML, like Gecko) Chrome/91.0.4472.124 Safari/537.36"
198.54.114.83 - - [30/Mar/2025:06:42:03 -0400] "POST /wp-cron.php?doing_wp_cron=1743331323.2259130477905273437500 HTTP/1.1" 200 0 "-" "WordPress/6.7.2; https://creative-webstyle.com"
45.148.10.237 - - [30/Mar/2025:06:41:59 -0400] "GET /lazada-decorate/lazada-mod-lib/0.0.20/LazadaModLib.min.js HTTP/1.1" 404 15320 "-" "Mozilla/5.0 (Macintosh; Intel Mac OS X 10_15_7) AppleWebKit/537.36 Chrome/120.0.0.0"
43.157.207.78 - - [30/Mar/2025:06:42:26 -0400] "GET / HTTP/1.1" 200 98430 "-" "Mozilla/5.0 (iPhone; CPU iPhone OS 13_2_3 like Mac OS X) AppleWebKit/605.1.15 (KHTML, like Gecko) Version/13.0.3 Mobile/15E148 Safari/604.1"
216.244.66.194 - - [30/Mar/2025:06:43:37 -0400] "GET /robots.txt HTTP/1.1" 304 0 "-" "Mozilla/5.0 (compatible; DotBot/1.2; +https://opensiteexplorer.org/dotbot; help@moz.com)"
196.251.88.242 - - [30/Mar/2025:06:48:59 -0400] "GET /wp-content/plugins/wp-catcher/index.php HTTP/1.1" 403 1242 "www.google.com" "Mozlila/5.0 (Linux; Android 7.0; SM-G892A Bulid/NRD90M; wv) AppleWebKit/537.36 (KHTML, like Gecko) Version/4.0 Chrome/60.0.3112.107 Moblie Safari/537.36"
198.54.114.83 - - [30/Mar/2025:06:52:21 -0400] "POST /wp-cron.php?doing_wp_cron=1743331941.7544159889221191406250 HTTP/1.1" 200 0 "-" "WordPress/6.7.2; https://creative-webstyle.com"
216.244.66.194 - - [30/Mar/2025:06:52:21 -0400] "GET /how-to-create-animated-videos/ HTTP/1.1" 200 22432 "-" "Mozilla/5.0 (compatible; DotBot/1.2; +https://opensiteexplorer.org/dotbot; help@moz.com)"
198.54.114.83 - - [30/Mar/2025:06:54:41 -0400] "POST /wp-cron.php?doing_wp_cron=1743332081.6183750629425048828125 HTTP/1.1" 200 0 "-" "WordPress/6.7.2; https://creative-webstyle.com"
216.244.66.194 - - [30/Mar/2025:06:54:41 -0400] "GET /category/about-us/feed/ HTTP/1.1" 200 465 "-" "Mozilla/5.0 (compatible; DotBot/1.2; +https://opensiteexplorer.org/dotbot; help@moz.com)"
216.244.66.194 - - [30/Mar/2025:06:57:37 -0400] "GET /cherry-picker-rental/feed/ HTTP/1.1" 200 424 "-" "Mozilla/5.0 (compatible; DotBot/1.2; +https://opensiteexplorer.org/dotbot; help@moz.com)"
198.54.114.83 - - [30/Mar/2025:06:57:42 -0400] "POST /wp-cron.php?doing_wp_cron=1743332262.7819969654083251953125 HTTP/1.1" 200 0 "-" "WordPress/6.7.2; https://creative-webstyle.com"
216.244.66.194 - - [30/Mar/2025:06:57:42 -0400] "GET /eyeleting-machine/feed/ HTTP/1.1" 200 418 "-" "Mozilla/5.0 (compatible; DotBot/1.2; +https://opensiteexplorer.org/dotbot; help@moz.com)"
198.54.114.83 - - [30/Mar/2025:07:03:46 -0400] "POST /wp-cron.php?doing_wp_cron=1743332626.1838419437408447265625 HTTP/1.1" 200 0 "-" "WordPress/6.7.2; https://creative-webstyle.com"
45.146.54.15 - - [30/Mar/2025:07:03:45 -0400] "GET /bugz.php HTTP/1.1" 404 15284 "-" "Go-http-client/1.1"
45.146.54.15 - - [30/Mar/2025:07:03:47 -0400] "GET /cjfuns.php HTTP/1.1" 404 15286 "-" "Go-http-client/1.1"
45.146.54.15 - - [30/Mar/2025:07:03:48 -0400] "GET /go.php HTTP/1.1" 404 15282 "-" "Go-http-client/1.1"
198.54.114.83 - - [30/Mar/2025:07:03:49 -0400] "POST /wp-cron.php?doing_wp_cron=1743332629.1526610851287841796875 HTTP/1.1" 200 0 "-" "WordPress/6.7.2; https://creative-webstyle.com"
45.146.54.15 - - [30/Mar/2025:07:03:49 -0400] "GET /indec.php HTTP/1.1" 404 15284 "-" "Go-http-client/1.1"
45.146.54.15 - - [30/Mar/2025:07:03:49 -0400] "GET /contact.php HTTP/1.1" 404 15283 "-" "Go-http-client/1.1"
45.146.54.15 - - [30/Mar/2025:07:03:50 -0400] "GET /wp-content/plugins/wp-super-cache/wp-cache-pointer.php HTTP/1.1" 404 15310 "-" "Go-http-client/1.1"
45.146.54.15 - - [30/Mar/2025:07:03:51 -0400] "GET /wp-content/plugins/js_composer/vc_classmap.json-list.php HTTP/1.1" 404 15318 "-" "Go-http-client/1.1"
45.146.54.15 - - [30/Mar/2025:07:03:52 -0400] "GET /wp-content/plugins/social-gallery-block/pop.php HTTP/1.1" 404 15309 "-" "Go-http-client/1.1"
45.146.54.15 - - [30/Mar/2025:07:03:52 -0400] "GET /wp-content/plugins/wpputty/wpputty.php HTTP/1.1" 404 15298 "-" "Go-http-client/1.1"
45.146.54.15 - - [30/Mar/2025:07:03:53 -0400] "GET /wp-admin/includes/String.php HTTP/1.1" 404 15290 "-" "Go-http-client/1.1"
45.146.54.15 - - [30/Mar/2025:07:03:54 -0400] "GET /wp-content/upgrade/String.php HTTP/1.1" 404 15297 "-" "Go-http-client/1.1"
45.146.54.15 - - [30/Mar/2025:07:03:54 -0400] "GET /size.php HTTP/1.1" 404 15284 "-" "Go-http-client/1.1"
45.146.54.15 - - [30/Mar/2025:07:03:55 -0400] "GET /wp-content/themes/news-portal/error.php HTTP/1.1" 404 15303 "-" "Go-http-client/1.1"
45.146.54.15 - - [30/Mar/2025:07:03:56 -0400] "GET /utchiha505.php HTTP/1.1" 404 15288 "-" "Go-http-client/1.1"
45.146.54.15 - - [30/Mar/2025:07:03:57 -0400] "GET /wp-content/click.php HTTP/1.1" 404 15288 "-" "Go-http-client/1.1"
45.146.54.15 - - [30/Mar/2025:07:03:59 -0400] "GET /wp-admin/plugins.php HTTP/1.1" 302 0 "-" "Go-http-client/1.1"
45.146.54.15 - - [30/Mar/2025:07:04:02 -0400] "GET /product.php HTTP/1.1" 404 15287 "-" "Go-http-client/1.1"
45.146.54.15 - - [30/Mar/2025:07:04:03 -0400] "GET /wp-log1n.php HTTP/1.1" 404 15285 "-" "Go-http-client/1.1"
45.146.54.15 - - [30/Mar/2025:07:04:04 -0400] "GET /wp-content/wp-log1n.php HTTP/1.1" 404 15289 "-" "Go-http-client/1.1"
45.146.54.15 - - [30/Mar/2025:07:04:05 -0400] "GET /wp-admin/item.php HTTP/1.1" 404 15282 "-" "Go-http-client/1.1"
45.146.54.15 - - [30/Mar/2025:07:04:06 -0400] "GET /wp-admin/product.php HTTP/1.1" 404 15286 "-" "Go-http-client/1.1"
45.146.54.15 - - [30/Mar/2025:07:04:07 -0400] "GET /wp-includes/networks.php HTTP/1.1" 404 15292 "-" "Go-http-client/1.1"
45.146.54.15 - - [30/Mar/2025:07:04:08 -0400] "GET /wp-content/options.php HTTP/1.1" 404 15289 "-" "Go-http-client/1.1"
45.146.54.15 - - [30/Mar/2025:07:04:09 -0400] "GET /wp-content/networks.php HTTP/1.1" 404 15291 "-" "Go-http-client/1.1"
45.146.54.15 - - [30/Mar/2025:07:04:10 -0400] "GET /options.php HTTP/1.1" 404 15285 "-" "Go-http-client/1.1"
45.146.54.15 - - [30/Mar/2025:07:04:10 -0400] "GET /item.php HTTP/1.1" 404 15283 "-" "Go-http-client/1.1"
45.146.54.15 - - [30/Mar/2025:07:04:11 -0400] "GET /wp-content/themes/admin.php?taf HTTP/1.1" 404 15294 "-" "Go-http-client/1.1"
45.146.54.15 - - [30/Mar/2025:07:04:12 -0400] "GET /wp-admin/maint/smile.php HTTP/1.1" 404 15290 "-" "Go-http-client/1.1"
45.146.54.15 - - [30/Mar/2025:07:04:13 -0400] "GET /wp-admin/maint/wp-act.php HTTP/1.1" 404 15289 "-" "Go-http-client/1.1"
45.146.54.15 - - [30/Mar/2025:07:04:14 -0400] "GET /wp-content/plugins/WordPressCore/admin.php? HTTP/1.1" 404 15300 "-" "Go-http-client/1.1"
45.146.54.15 - - [30/Mar/2025:07:04:15 -0400] "GET /wp-admin/maint/go.php HTTP/1.1" 404 15288 "-" "Go-http-client/1.1"
45.146.54.15 - - [30/Mar/2025:07:04:16 -0400] "GET /click.php HTTP/1.1" 404 15284 "-" "Go-http-client/1.1"
45.146.54.15 - - [30/Mar/2025:07:04:17 -0400] "GET /rcc.php HTTP/1.1" 404 15283 "-" "Go-http-client/1.1"
45.146.54.15 - - [30/Mar/2025:07:04:18 -0400] "GET /sellSEX.php HTTP/1.1" 404 15287 "-" "Go-http-client/1.1"
45.146.54.15 - - [30/Mar/2025:07:04:18 -0400] "GET /termps.php HTTP/1.1" 404 15285 "-" "Go-http-client/1.1"
45.146.54.15 - - [30/Mar/2025:07:04:20 -0400] "GET /sck.php HTTP/1.1" 404 15284 "-" "Go-http-client/1.1"
45.146.54.15 - - [30/Mar/2025:07:04:20 -0400] "GET /ans.php HTTP/1.1" 404 15282 "-" "Go-http-client/1.1"
45.146.54.15 - - [30/Mar/2025:07:04:21 -0400] "GET /buy.php HTTP/1.1" 404 15283 "-" "Go-http-client/1.1"
45.146.54.15 - - [30/Mar/2025:07:04:22 -0400] "GET /wp-content/plugins/Core-EconX/up.php HTTP/1.1" 404 15304 "-" "Go-http-client/1.1"
45.146.54.15 - - [30/Mar/2025:07:04:22 -0400] "GET /index4.php HTTP/1.1" 404 15286 "-" "Go-http-client/1.1"
45.146.54.15 - - [30/Mar/2025:07:04:23 -0400] "GET /wp-content/termps.php HTTP/1.1" 404 15290 "-" "Go-http-client/1.1"
45.146.54.15 - - [30/Mar/2025:07:04:24 -0400] "GET /rbh/log.php HTTP/1.1" 404 15287 "-" "Go-http-client/1.1"
45.146.54.15 - - [30/Mar/2025:07:04:24 -0400] "GET /wp-admin/network/login.php HTTP/1.1" 404 15291 "-" "Go-http-client/1.1"
45.146.54.15 - - [30/Mar/2025:07:04:25 -0400] "GET /wander.php HTTP/1.1" 404 15285 "-" "Go-http-client/1.1"
45.146.54.15 - - [30/Mar/2025:07:04:25 -0400] "GET /fck.php HTTP/1.1" 404 15283 "-" "Go-http-client/1.1"
45.146.54.15 - - [30/Mar/2025:07:04:26 -0400] "GET /wp-includes/css/about.php HTTP/1.1" 404 15290 "-" "Go-http-client/1.1"
45.146.54.15 - - [30/Mar/2025:07:04:26 -0400] "GET /writeable.php HTTP/1.1" 404 15285 "-" "Go-http-client/1.1"
45.146.54.15 - - [30/Mar/2025:07:04:27 -0400] "GET /admin/function.php HTTP/1.1" 404 15288 "-" "Go-http-client/1.1"
45.146.54.15 - - [30/Mar/2025:07:04:27 -0400] "GET /wp-content/themes/deeto/login.php HTTP/1.1" 404 15298 "-" "Go-http-client/1.1"
45.146.54.15 - - [30/Mar/2025:07:04:28 -0400] "GET /wp-includes/IXR/wp-login.php HTTP/1.1" 404 15295 "-" "Go-http-client/1.1"
45.146.54.15 - - [30/Mar/2025:07:04:28 -0400] "GET /ans.php HTTP/1.1" 404 15282 "-" "Go-http-client/1.1"
45.146.54.15 - - [30/Mar/2025:07:04:29 -0400] "GET /.tmb/about.php HTTP/1.1" 404 15287 "-" "Go-http-client/1.1"
45.146.54.15 - - [30/Mar/2025:07:04:29 -0400] "GET /wp-content/plugins/helloapx/wp-apxupx.php?apx=upx HTTP/1.1" 404 15310 "-" "Go-http-client/1.1"
45.146.54.15 - - [30/Mar/2025:07:04:30 -0400] "GET /wp-content/themes/about.php HTTP/1.1" 404 15290 "-" "Go-http-client/1.1"
45.146.54.15 - - [30/Mar/2025:07:04:30 -0400] "GET /wp-content/plugins/hello-dolly/hello.php HTTP/1.1" 404 15303 "-" "Go-http-client/1.1"
45.146.54.15 - - [30/Mar/2025:07:04:31 -0400] "GET /shell20211028.php HTTP/1.1" 404 15290 "-" "Go-http-client/1.1"
45.146.54.15 - - [30/Mar/2025:07:04:31 -0400] "GET /wp-includes/images/about.php HTTP/1.1" 404 15291 "-" "Go-http-client/1.1"
45.146.54.15 - - [30/Mar/2025:07:04:32 -0400] "GET /makeasmtp.php HTTP/1.1" 404 15288 "-" "Go-http-client/1.1"
45.146.54.15 - - [30/Mar/2025:07:04:32 -0400] "GET /mah/function.php HTTP/1.1" 404 15289 "-" "Go-http-client/1.1"
45.146.54.15 - - [30/Mar/2025:07:04:33 -0400] "GET /simple.php HTTP/1.1" 404 15284 "-" "Go-http-client/1.1"
45.146.54.15 - - [30/Mar/2025:07:04:34 -0400] "GET /shell.php HTTP/1.1" 404 15283 "-" "Go-http-client/1.1"
45.146.54.15 - - [30/Mar/2025:07:04:34 -0400] "GET /file.php HTTP/1.1" 404 15283 "-" "Go-http-client/1.1"
45.146.54.15 - - [30/Mar/2025:07:04:35 -0400] "GET /admin.php HTTP/1.1" 404 15283 "-" "Go-http-client/1.1"
45.146.54.15 - - [30/Mar/2025:07:04:35 -0400] "GET /mah.php HTTP/1.1" 404 15283 "-" "Go-http-client/1.1"
45.146.54.15 - - [30/Mar/2025:07:04:36 -0400] "GET /about.php HTTP/1.1" 404 15281 "-" "Go-http-client/1.1"
45.146.54.15 - - [30/Mar/2025:07:04:36 -0400] "GET /css/index.php HTTP/1.1" 301 0 "-" "Go-http-client/1.1"
45.146.54.15 - - [30/Mar/2025:07:04:36 -0400] "GET /css/ HTTP/1.1" 404 15281 "http://creative-webstyle.com/css/index.php" "Go-http-client/1.1"
45.146.54.15 - - [30/Mar/2025:07:04:37 -0400] "GET /index/function.php HTTP/1.1" 404 15292 "-" "Go-http-client/1.1"
45.146.54.15 - - [30/Mar/2025:07:04:38 -0400] "GET /chosen.php HTTP/1.1" 404 15285 "-" "Go-http-client/1.1"
45.146.54.15 - - [30/Mar/2025:07:04:38 -0400] "GET /fm.php HTTP/1.1" 404 15282 "-" "Go-http-client/1.1"
198.54.114.83 - - [30/Mar/2025:07:04:39 -0400] "POST /wp-cron.php?doing_wp_cron=1743332679.2522358894348144531250 HTTP/1.1" 200 0 "-" "WordPress/6.7.2; https://creative-webstyle.com"
45.146.54.15 - - [30/Mar/2025:07:04:39 -0400] "GET /1.php HTTP/1.1" 404 15281 "-" "Go-http-client/1.1"
45.146.54.15 - - [30/Mar/2025:07:04:39 -0400] "GET /wp-admin/js/index.php HTTP/1.1" 301 0 "-" "Go-http-client/1.1"
45.146.54.15 - - [30/Mar/2025:07:04:40 -0400] "GET /wp-admin/js/ HTTP/1.1" 403 1242 "http://creative-webstyle.com/wp-admin/js/index.php" "Go-http-client/1.1"
45.146.54.15 - - [30/Mar/2025:07:04:40 -0400] "GET /about/function.php HTTP/1.1" 404 15289 "-" "Go-http-client/1.1"
45.146.54.15 - - [30/Mar/2025:07:04:40 -0400] "GET /alfa-rex.php HTTP/1.1" 404 15287 "-" "Go-http-client/1.1"
45.146.54.15 - - [30/Mar/2025:07:04:41 -0400] "GET /wp-content/plugins/core-plugin/include.php HTTP/1.1" 404 15302 "-" "Go-http-client/1.1"
45.146.54.15 - - [30/Mar/2025:07:04:41 -0400] "GET /moon.php HTTP/1.1" 404 15284 "-" "Go-http-client/1.1"
45.146.54.15 - - [30/Mar/2025:07:04:42 -0400] "GET /wp-content/index.php HTTP/1.1" 200 0 "-" "Go-http-client/1.1"
45.146.54.15 - - [30/Mar/2025:07:04:42 -0400] "GET /wp-content/themes/sketch/404.php HTTP/1.1" 404 15297 "-" "Go-http-client/1.1"
45.146.54.15 - - [30/Mar/2025:07:04:43 -0400] "GET /wp-admin/network/index.php HTTP/1.1" 302 0 "-" "Go-http-client/1.1"
45.146.54.15 - - [30/Mar/2025:07:04:44 -0400] "GET /404.php HTTP/1.1" 404 15283 "-" "Go-http-client/1.1"
45.146.54.15 - - [30/Mar/2025:07:04:45 -0400] "GET /wp-admin/maint/index.php HTTP/1.1" 301 0 "-" "Go-http-client/1.1"
45.146.54.15 - - [30/Mar/2025:07:04:46 -0400] "GET /wp-admin/maint/ HTTP/1.1" 403 1242 "http://creative-webstyle.com/wp-admin/maint/index.php" "Go-http-client/1.1"
45.146.54.15 - - [30/Mar/2025:07:04:46 -0400] "GET /blog/index.php HTTP/1.1" 301 0 "-" "Go-http-client/1.1"
45.146.54.15 - - [30/Mar/2025:07:04:46 -0400] "GET /blog/ HTTP/1.1" 404 15280 "http://creative-webstyle.com/blog/index.php" "Go-http-client/1.1"
45.146.54.15 - - [30/Mar/2025:07:04:47 -0400] "GET /autoload_classmap.php HTTP/1.1" 404 15291 "-" "Go-http-client/1.1"
45.146.54.15 - - [30/Mar/2025:07:04:48 -0400] "GET /xml.php HTTP/1.1" 404 15283 "-" "Go-http-client/1.1"
45.146.54.15 - - [30/Mar/2025:07:04:48 -0400] "GET /jindex.php HTTP/1.1" 404 15285 "-" "Go-http-client/1.1"
198.54.114.83 - - [30/Mar/2025:07:04:50 -0400] "POST /wp-cron.php?doing_wp_cron=1743332689.9441740512847900390625 HTTP/1.1" 200 0 "-" "WordPress/6.7.2; https://creative-webstyle.com"
45.146.54.15 - - [30/Mar/2025:07:04:49 -0400] "GET /.well-known/ HTTP/1.1" 404 15286 "-" "Go-http-client/1.1"
45.146.54.15 - - [30/Mar/2025:07:04:50 -0400] "GET /wp-content/uploads/index.php HTTP/1.1" 301 0 "-" "Go-http-client/1.1"
45.146.54.15 - - [30/Mar/2025:07:04:51 -0400] "GET /wp-content/uploads/ HTTP/1.1" 403 1242 "http://creative-webstyle.com/wp-content/uploads/index.php" "Go-http-client/1.1"
45.146.54.15 - - [30/Mar/2025:07:04:51 -0400] "GET /wp-content/plugins/index.php HTTP/1.1" 200 0 "-" "Go-http-client/1.1"
45.146.54.15 - - [30/Mar/2025:07:04:51 -0400] "GET /en/index.php HTTP/1.1" 301 0 "-" "Go-http-client/1.1"
45.146.54.15 - - [30/Mar/2025:07:04:52 -0400] "GET /en/ HTTP/1.1" 301 0 "http://creative-webstyle.com/en/index.php" "Go-http-client/1.1"
45.146.54.15 - - [30/Mar/2025:07:04:54 -0400] "GET /wp-content/plugins/WordPressCore/include.php HTTP/1.1" 404 15301 "-" "Go-http-client/1.1"
45.146.54.15 - - [30/Mar/2025:07:04:55 -0400] "GET /wso.php HTTP/1.1" 404 15282 "-" "Go-http-client/1.1"
45.146.54.15 - - [30/Mar/2025:07:04:56 -0400] "GET /ini.php HTTP/1.1" 404 15283 "-" "Go-http-client/1.1"
45.146.54.15 - - [30/Mar/2025:07:04:56 -0400] "GET /bk/index.php HTTP/1.1" 301 0 "-" "Go-http-client/1.1"
45.146.54.15 - - [30/Mar/2025:07:04:57 -0400] "GET /bk/ HTTP/1.1" 404 15280 "http://creative-webstyle.com/bk/index.php" "Go-http-client/1.1"
45.146.54.15 - - [30/Mar/2025:07:04:58 -0400] "GET /themes.php HTTP/1.1" 404 15283 "-" "Go-http-client/1.1"
45.146.54.15 - - [30/Mar/2025:07:04:59 -0400] "GET /wp-content/plugins/revslider/includes/external/page/index.php HTTP/1.1" 301 0 "-" "Go-http-client/1.1"
45.146.54.15 - - [30/Mar/2025:07:05:00 -0400] "GET /wp-content/plugins/revslider/includes/external/page/ HTTP/1.1" 404 15308 "http://creative-webstyle.com/wp-content/plugins/revslider/includes/external/page/index.php" "Go-http-client/1.1"
45.146.54.15 - - [30/Mar/2025:07:05:02 -0400] "GET /install.php HTTP/1.1" 404 15286 "-" "Go-http-client/1.1"
45.146.54.15 - - [30/Mar/2025:07:05:03 -0400] "GET /wp-includes/css/index.php HTTP/1.1" 301 0 "-" "Go-http-client/1.1"
45.146.54.15 - - [30/Mar/2025:07:05:04 -0400] "GET /wp-includes/css/ HTTP/1.1" 403 1242 "http://creative-webstyle.com/wp-includes/css/index.php" "Go-http-client/1.1"
45.146.54.15 - - [30/Mar/2025:07:05:04 -0400] "GET /.well-known/pki-validation/moon.php HTTP/1.1" 404 1251 "-" "Go-http-client/1.1"
45.146.54.15 - - [30/Mar/2025:07:05:05 -0400] "GET /classwithtostring.php HTTP/1.1" 404 15292 "-" "Go-http-client/1.1"
45.146.54.15 - - [30/Mar/2025:07:05:06 -0400] "GET /wp-includes/ID3/index.php HTTP/1.1" 301 0 "-" "Go-http-client/1.1"
45.146.54.15 - - [30/Mar/2025:07:05:07 -0400] "GET /wp-includes/ID3/ HTTP/1.1" 403 1242 "http://creative-webstyle.com/wp-includes/ID3/index.php" "Go-http-client/1.1"
45.146.54.15 - - [30/Mar/2025:07:05:08 -0400] "GET /goods.php HTTP/1.1" 404 15284 "-" "Go-http-client/1.1"
45.146.54.15 - - [30/Mar/2025:07:05:09 -0400] "GET /wp-admin/images/index.php HTTP/1.1" 301 0 "-" "Go-http-client/1.1"
45.146.54.15 - - [30/Mar/2025:07:05:10 -0400] "GET /wp-admin/images/ HTTP/1.1" 403 1242 "http://creative-webstyle.com/wp-admin/images/index.php" "Go-http-client/1.1"
45.146.54.15 - - [30/Mar/2025:07:05:10 -0400] "GET /wp-links.php HTTP/1.1" 404 15284 "-" "Go-http-client/1.1"
45.146.54.15 - - [30/Mar/2025:07:05:12 -0400] "GET /new.php HTTP/1.1" 404 15282 "-" "Go-http-client/1.1"
45.146.54.15 - - [30/Mar/2025:07:05:13 -0400] "GET /wp-content/languages/wp-login.php HTTP/1.1" 404 15298 "-" "Go-http-client/1.1"
45.146.54.15 - - [30/Mar/2025:07:05:14 -0400] "GET /wp.php HTTP/1.1" 404 15281 "-" "Go-http-client/1.1"
45.146.54.15 - - [30/Mar/2025:07:05:15 -0400] "GET /elp.php HTTP/1.1" 404 15283 "-" "Go-http-client/1.1"
45.146.54.15 - - [30/Mar/2025:07:05:17 -0400] "GET /a.php HTTP/1.1" 404 15281 "-" "Go-http-client/1.1"
45.146.54.15 - - [30/Mar/2025:07:05:18 -0400] "GET /m.php HTTP/1.1" 404 15281 "-" "Go-http-client/1.1"
45.146.54.15 - - [30/Mar/2025:07:05:19 -0400] "GET /wp-includes/product.php HTTP/1.1" 404 15290 "-" "Go-http-client/1.1"
45.146.54.15 - - [30/Mar/2025:07:05:20 -0400] "GET /wp-content/admin.php HTTP/1.1" 404 15285 "-" "Go-http-client/1.1"
45.146.54.15 - - [30/Mar/2025:07:05:21 -0400] "GET /wp-admin/images/about.php HTTP/1.1" 404 15287 "-" "Go-http-client/1.1"
45.146.54.15 - - [30/Mar/2025:07:05:22 -0400] "GET /log.php HTTP/1.1" 404 15283 "-" "Go-http-client/1.1"
45.146.54.15 - - [30/Mar/2025:07:05:23 -0400] "GET /inc.php HTTP/1.1" 404 15283 "-" "Go-http-client/1.1"
45.146.54.15 - - [30/Mar/2025:07:05:24 -0400] "GET /wp-admin/css/index.php HTTP/1.1" 301 0 "-" "Go-http-client/1.1"
45.146.54.15 - - [30/Mar/2025:07:05:24 -0400] "GET /wp-admin/css/ HTTP/1.1" 403 1242 "http://creative-webstyle.com/wp-admin/css/index.php" "Go-http-client/1.1"
45.146.54.15 - - [30/Mar/2025:07:05:25 -0400] "GET /wp-conflg.php HTTP/1.1" 404 15285 "-" "Go-http-client/1.1"
45.146.54.15 - - [30/Mar/2025:07:05:25 -0400] "GET /cong.php HTTP/1.1" 404 15283 "-" "Go-http-client/1.1"
45.146.54.15 - - [30/Mar/2025:07:05:27 -0400] "GET /content.php HTTP/1.1" 404 15283 "-" "Go-http-client/1.1"
45.146.54.15 - - [30/Mar/2025:07:05:28 -0400] "GET /wp-content/themes/seotheme/mar.php HTTP/1.1" 404 15297 "-" "Go-http-client/1.1"
45.146.54.15 - - [30/Mar/2025:07:05:29 -0400] "GET /wp-info.php HTTP/1.1" 404 15282 "-" "Go-http-client/1.1"
45.146.54.15 - - [30/Mar/2025:07:05:30 -0400] "GET /wp-content/languages/index.php HTTP/1.1" 301 0 "-" "Go-http-client/1.1"
45.146.54.15 - - [30/Mar/2025:07:05:31 -0400] "GET /wp-content/languages/ HTTP/1.1" 404 15289 "http://creative-webstyle.com/wp-content/languages/index.php" "Go-http-client/1.1"
45.146.54.15 - - [30/Mar/2025:07:05:32 -0400] "GET /edit.php HTTP/1.1" 404 15283 "-" "Go-http-client/1.1"
45.146.54.15 - - [30/Mar/2025:07:05:33 -0400] "GET /wp-mail.php HTTP/1.1" 403 1123 "-" "Go-http-client/1.1"
45.146.54.15 - - [30/Mar/2025:07:05:33 -0400] "GET /wp-includes/SimplePie/index.php HTTP/1.1" 301 0 "-" "Go-http-client/1.1"
45.146.54.15 - - [30/Mar/2025:07:05:34 -0400] "GET /wp-includes/SimplePie/ HTTP/1.1" 403 1242 "http://creative-webstyle.com/wp-includes/SimplePie/index.php" "Go-http-client/1.1"
45.146.54.15 - - [30/Mar/2025:07:05:34 -0400] "GET /login.php HTTP/1.1" 302 0 "-" "Go-http-client/1.1"
45.146.54.15 - - [30/Mar/2025:07:05:35 -0400] "GET /text.php HTTP/1.1" 404 15283 "-" "Go-http-client/1.1"
45.146.54.15 - - [30/Mar/2025:07:05:36 -0400] "GET /wp-content/upgrade/about.php HTTP/1.1" 404 15293 "-" "Go-http-client/1.1"
45.146.54.15 - - [30/Mar/2025:07:05:37 -0400] "GET /wp-includes/assets/index.php HTTP/1.1" 301 0 "-" "Go-http-client/1.1"
45.146.54.15 - - [30/Mar/2025:07:05:38 -0400] "GET /wp-includes/assets/ HTTP/1.1" 403 1242 "http://creative-webstyle.com/wp-includes/assets/index.php" "Go-http-client/1.1"
45.146.54.15 - - [30/Mar/2025:07:05:38 -0400] "GET /wp-includes/js/index.php HTTP/1.1" 301 0 "-" "Go-http-client/1.1"
45.146.54.15 - - [30/Mar/2025:07:05:38 -0400] "GET /wp-includes/js/ HTTP/1.1" 403 1242 "http://creative-webstyle.com/wp-includes/js/index.php" "Go-http-client/1.1"
198.54.114.83 - - [30/Mar/2025:07:05:39 -0400] "POST /wp-cron.php?doing_wp_cron=1743332739.5593109130859375000000 HTTP/1.1" 200 0 "-" "WordPress/6.7.2; https://creative-webstyle.com"
45.146.54.15 - - [30/Mar/2025:07:05:39 -0400] "GET /ws.php HTTP/1.1" 404 15281 "-" "Go-http-client/1.1"
45.146.54.15 - - [30/Mar/2025:07:05:40 -0400] "GET /dropdown.php HTTP/1.1" 404 15287 "-" "Go-http-client/1.1"
45.146.54.15 - - [30/Mar/2025:07:05:41 -0400] "GET /.well-known/pki-validation/index.php HTTP/1.1" 404 1251 "-" "Go-http-client/1.1"
45.146.54.15 - - [30/Mar/2025:07:05:41 -0400] "GET /doc.php HTTP/1.1" 404 15283 "-" "Go-http-client/1.1"
45.146.54.15 - - [30/Mar/2025:07:05:43 -0400] "GET /administrator/templates/hathor/index.php HTTP/1.1" 301 0 "-" "Go-http-client/1.1"
45.146.54.15 - - [30/Mar/2025:07:05:44 -0400] "GET /administrator/templates/hathor/ HTTP/1.1" 404 15303 "http://creative-webstyle.com/administrator/templates/hathor/index.php" "Go-http-client/1.1"
45.146.54.15 - - [30/Mar/2025:07:05:46 -0400] "GET /administrator/templates/isis/index.php HTTP/1.1" 301 0 "-" "Go-http-client/1.1"
45.146.54.15 - - [30/Mar/2025:07:05:47 -0400] "GET /administrator/templates/isis/ HTTP/1.1" 404 15299 "http://creative-webstyle.com/administrator/templates/isis/index.php" "Go-http-client/1.1"
198.54.114.83 - - [30/Mar/2025:07:05:49 -0400] "POST /wp-cron.php?doing_wp_cron=1743332749.6613259315490722656250 HTTP/1.1" 200 0 "-" "WordPress/6.7.2; https://creative-webstyle.com"
45.146.54.15 - - [30/Mar/2025:07:05:49 -0400] "GET /modules/mod_simplefileuploadv1.3/elements/udd.php HTTP/1.1" 404 15317 "-" "Go-http-client/1.1"
45.146.54.15 - - [30/Mar/2025:07:05:50 -0400] "GET /templates/beez/index.php HTTP/1.1" 301 0 "-" "Go-http-client/1.1"
45.146.54.15 - - [30/Mar/2025:07:05:51 -0400] "GET /templates/beez/ HTTP/1.1" 404 15290 "http://creative-webstyle.com/templates/beez/index.php" "Go-http-client/1.1"
45.146.54.15 - - [30/Mar/2025:07:05:51 -0400] "GET /templates/beez3/error.php HTTP/1.1" 404 15299 "-" "Go-http-client/1.1"
45.146.54.15 - - [30/Mar/2025:07:05:52 -0400] "GET /templates/beez5/index.php HTTP/1.1" 301 0 "-" "Go-http-client/1.1"
146.70.194.252 - - [30/Mar/2025:07:05:53 -0400] "GET / HTTP/1.1" 200 98430 "-" "Mozilla/5.0 (Windows NT 10.0; Win64; x64) AppleWebKit/537.36 (KHTML, like Gecko) Chrome/78.0.3904.108 Safari/537.36"
45.146.54.15 - - [30/Mar/2025:07:05:53 -0400] "GET /templates/beez5/ HTTP/1.1" 404 15291 "http://creative-webstyle.com/templates/beez5/index.php" "Go-http-client/1.1"
146.70.194.252 - - [30/Mar/2025:07:05:54 -0400] "GET / HTTP/1.1" 200 98430 "-" "Mozilla/5.0 (Windows NT 10.0; Win64; x64) AppleWebKit/537.36 (KHTML, like Gecko) Chrome/78.0.3904.108 Safari/537.36"
45.146.54.15 - - [30/Mar/2025:07:05:54 -0400] "GET /templates/protostar/index.php HTTP/1.1" 301 0 "-" "Go-http-client/1.1"
146.70.194.252 - - [30/Mar/2025:07:05:54 -0400] "GET /wp-includes/wlwmanifest.xml HTTP/1.1" 404 15294 "-" "Mozilla/5.0 (Windows NT 10.0; Win64; x64) AppleWebKit/537.36 (KHTML, like Gecko) Chrome/78.0.3904.108 Safari/537.36"
45.146.54.15 - - [30/Mar/2025:07:05:54 -0400] "GET /templates/protostar/ HTTP/1.1" 404 15292 "http://creative-webstyle.com/templates/protostar/index.php" "Go-http-client/1.1"
146.70.194.252 - - [30/Mar/2025:07:05:55 -0400] "GET /?author=1 HTTP/1.1" 200 98430 "-" "Mozilla/5.0 (Windows NT 10.0; Win64; x64) AppleWebKit/537.36 (KHTML, like Gecko) Chrome/78.0.3904.108 Safari/537.36"
146.70.194.252 - - [30/Mar/2025:07:05:56 -0400] "GET /?author=2 HTTP/1.1" 200 98430 "-" "Mozilla/5.0 (Windows NT 10.0; Win64; x64) AppleWebKit/537.36 (KHTML, like Gecko) Chrome/78.0.3904.108 Safari/537.36"
45.146.54.15 - - [30/Mar/2025:07:05:55 -0400] "GET /templates/atomic/index.php HTTP/1.1" 301 0 "-" "Go-http-client/1.1"
45.146.54.15 - - [30/Mar/2025:07:05:56 -0400] "GET /templates/atomic/ HTTP/1.1" 404 15291 "http://creative-webstyle.com/templates/atomic/index.php" "Go-http-client/1.1"
146.70.194.252 - - [30/Mar/2025:07:05:56 -0400] "GET /wp-json/wp/v2/users/ HTTP/1.1" 200 2069 "-" "Mozilla/5.0 (Windows NT 10.0; Win64; x64) AppleWebKit/537.36 (KHTML, like Gecko) Chrome/78.0.3904.108 Safari/537.36"
45.146.54.15 - - [30/Mar/2025:07:05:57 -0400] "GET /templates/atomic/error.php HTTP/1.1" 404 15298 "-" "Go-http-client/1.1"
146.70.194.252 - - [30/Mar/2025:07:05:57 -0400] "POST /xmlrpc.php HTTP/1.1" 200 236 "-" "Mozilla/5.0 (Windows NT 10.0; Win64; x64) AppleWebKit/537.36 (KHTML, like Gecko) Chrome/78.0.3904.108 Safari/537.36"
146.70.194.252 - - [30/Mar/2025:07:05:58 -0400] "POST /xmlrpc.php HTTP/1.1" 200 236 "-" "Mozilla/5.0 (Windows NT 10.0; Win64; x64) AppleWebKit/537.36 (KHTML, like Gecko) Chrome/78.0.3904.108 Safari/537.36"
45.146.54.15 - - [30/Mar/2025:07:05:58 -0400] "GET /radio.php HTTP/1.1" 404 15285 "-" "Go-http-client/1.1"
146.70.194.252 - - [30/Mar/2025:07:05:58 -0400] "POST /xmlrpc.php HTTP/1.1" 200 236 "-" "Mozilla/5.0 (Windows NT 10.0; Win64; x64) AppleWebKit/537.36 (KHTML, like Gecko) Chrome/78.0.3904.108 Safari/537.36"
146.70.194.252 - - [30/Mar/2025:07:05:58 -0400] "POST /xmlrpc.php HTTP/1.1" 200 236 "-" "Mozilla/5.0 (Windows NT 10.0; Win64; x64) AppleWebKit/537.36 (KHTML, like Gecko) Chrome/78.0.3904.108 Safari/537.36"
45.146.54.15 - - [30/Mar/2025:07:05:58 -0400] "GET /wp-includes/customize/index.php HTTP/1.1" 301 0 "-" "Go-http-client/1.1"
45.146.54.15 - - [30/Mar/2025:07:05:59 -0400] "GET /wp-includes/customize/ HTTP/1.1" 403 1242 "http://creative-webstyle.com/wp-includes/customize/index.php" "Go-http-client/1.1"
146.70.194.252 - - [30/Mar/2025:07:05:59 -0400] "POST /xmlrpc.php HTTP/1.1" 200 236 "-" "Mozilla/5.0 (Windows NT 10.0; Win64; x64) AppleWebKit/537.36 (KHTML, like Gecko) Chrome/78.0.3904.108 Safari/537.36"
146.70.194.252 - - [30/Mar/2025:07:06:00 -0400] "POST /xmlrpc.php HTTP/1.1" 200 236 "-" "Mozilla/5.0 (Windows NT 10.0; Win64; x64) AppleWebKit/537.36 (KHTML, like Gecko) Chrome/78.0.3904.108 Safari/537.36"
45.146.54.15 - - [30/Mar/2025:07:05:59 -0400] "GET /css.php HTTP/1.1" 404 15283 "-" "Go-http-client/1.1"
45.146.54.15 - - [30/Mar/2025:07:06:01 -0400] "GET /wp-content/plugins/hello.php HTTP/1.1" 404 15295 "-" "Go-http-client/1.1"
45.146.54.15 - - [30/Mar/2025:07:06:02 -0400] "GET /function.php HTTP/1.1" 404 15286 "-" "Go-http-client/1.1"
45.146.54.15 - - [30/Mar/2025:07:06:02 -0400] "GET /randkeyword.php HTTP/1.1" 404 15290 "-" "Go-http-client/1.1"
45.146.54.15 - - [30/Mar/2025:07:06:03 -0400] "GET /wp-includes/fonts/index.php HTTP/1.1" 301 0 "-" "Go-http-client/1.1"
45.146.54.15 - - [30/Mar/2025:07:06:03 -0400] "GET /wp-includes/fonts/ HTTP/1.1" 403 1242 "http://creative-webstyle.com/wp-includes/fonts/index.php" "Go-http-client/1.1"
45.146.54.15 - - [30/Mar/2025:07:06:04 -0400] "GET /plugin.php HTTP/1.1" 404 15284 "-" "Go-http-client/1.1"
45.146.54.15 - - [30/Mar/2025:07:06:04 -0400] "GET /wp-includes/Text/wp-login.php HTTP/1.1" 404 15293 "-" "Go-http-client/1.1"
45.146.54.15 - - [30/Mar/2025:07:06:05 -0400] "GET /link.php HTTP/1.1" 404 15282 "-" "Go-http-client/1.1"
45.146.54.15 - - [30/Mar/2025:07:06:06 -0400] "GET /wp-login.php HTTP/1.1" 302 0 "-" "Go-http-client/1.1"
45.146.54.15 - - [30/Mar/2025:07:06:07 -0400] "GET /wp-includes/fonts/about.php HTTP/1.1" 404 15293 "-" "Go-http-client/1.1"
45.146.54.15 - - [30/Mar/2025:07:06:08 -0400] "GET /wp-includes/admin.php HTTP/1.1" 404 15285 "-" "Go-http-client/1.1"
45.146.54.15 - - [30/Mar/2025:07:06:09 -0400] "GET /defaults.php HTTP/1.1" 404 15287 "-" "Go-http-client/1.1"
45.146.54.15 - - [30/Mar/2025:07:06:10 -0400] "GET /user.php HTTP/1.1" 404 15283 "-" "Go-http-client/1.1"
45.146.54.15 - - [30/Mar/2025:07:06:11 -0400] "GET /wp-content/themes/twentyfive/include.php HTTP/1.1" 404 15300 "-" "Go-http-client/1.1"
45.146.54.15 - - [30/Mar/2025:07:06:11 -0400] "GET /alfa.php HTTP/1.1" 404 15284 "-" "Go-http-client/1.1"
45.146.54.15 - - [30/Mar/2025:07:06:12 -0400] "GET /wp-config-sample.php HTTP/1.1" 500 1083 "-" "Go-http-client/1.1"
45.146.54.15 - - [30/Mar/2025:07:06:12 -0400] "GET /wp-admin/css/colors/blue/ HTTP/1.1" 403 1242 "-" "Go-http-client/1.1"
45.146.54.15 - - [30/Mar/2025:07:06:12 -0400] "GET /wp-content/mah.php HTTP/1.1" 404 15286 "-" "Go-http-client/1.1"
45.146.54.15 - - [30/Mar/2025:07:06:13 -0400] "GET /x/index.php HTTP/1.1" 301 0 "-" "Go-http-client/1.1"
45.146.54.15 - - [30/Mar/2025:07:06:13 -0400] "GET /x/ HTTP/1.1" 404 15279 "http://creative-webstyle.com/x/index.php" "Go-http-client/1.1"
45.146.54.15 - - [30/Mar/2025:07:06:14 -0400] "GET /wp-admin.php HTTP/1.1" 404 15281 "-" "Go-http-client/1.1"
45.146.54.15 - - [30/Mar/2025:07:06:15 -0400] "GET /templates/beez3/jsstrings.php HTTP/1.1" 404 15303 "-" "Go-http-client/1.1"
45.146.54.15 - - [30/Mar/2025:07:06:15 -0400] "GET /403.php HTTP/1.1" 404 15283 "-" "Go-http-client/1.1"
45.146.54.15 - - [30/Mar/2025:07:06:16 -0400] "GET /wp-includes/mah.php HTTP/1.1" 404 15287 "-" "Go-http-client/1.1"
45.146.54.15 - - [30/Mar/2025:07:06:17 -0400] "GET /wp-content/shell.php HTTP/1.1" 404 15287 "-" "Go-http-client/1.1"
45.146.54.15 - - [30/Mar/2025:07:06:17 -0400] "GET /wp-includes/rest-api/index.php HTTP/1.1" 301 0 "-" "Go-http-client/1.1"
45.146.54.15 - - [30/Mar/2025:07:06:18 -0400] "GET /wp-includes/rest-api/ HTTP/1.1" 403 1242 "http://creative-webstyle.com/wp-includes/rest-api/index.php" "Go-http-client/1.1"
45.146.54.15 - - [30/Mar/2025:07:06:18 -0400] "GET /menu.php HTTP/1.1" 404 15282 "-" "Go-http-client/1.1"
45.146.54.15 - - [30/Mar/2025:07:06:18 -0400] "GET /data.php HTTP/1.1" 404 15283 "-" "Go-http-client/1.1"
45.146.54.15 - - [30/Mar/2025:07:06:19 -0400] "GET /lock.php HTTP/1.1" 404 15283 "-" "Go-http-client/1.1"
45.146.54.15 - - [30/Mar/2025:07:06:19 -0400] "GET /wp-header.php HTTP/1.1" 404 15283 "-" "Go-http-client/1.1"
45.146.54.15 - - [30/Mar/2025:07:06:20 -0400] "GET /mini.php HTTP/1.1" 404 15284 "-" "Go-http-client/1.1"
45.146.54.15 - - [30/Mar/2025:07:06:20 -0400] "GET /atomlib.php HTTP/1.1" 404 15285 "-" "Go-http-client/1.1"
45.146.54.15 - - [30/Mar/2025:07:06:21 -0400] "GET /randkeyword.PhP7 HTTP/1.1" 404 15291 "-" "Go-http-client/1.1"
45.146.54.15 - - [30/Mar/2025:07:06:21 -0400] "GET /b.php HTTP/1.1" 404 15281 "-" "Go-http-client/1.1"
45.146.54.15 - - [30/Mar/2025:07:06:22 -0400] "GET /s.php HTTP/1.1" 404 15281 "-" "Go-http-client/1.1"
45.146.54.15 - - [30/Mar/2025:07:06:22 -0400] "GET /hehehehe.php HTTP/1.1" 404 15284 "-" "Go-http-client/1.1"
45.146.54.15 - - [30/Mar/2025:07:06:23 -0400] "GET /wp-includes/wp-login.php HTTP/1.1" 404 15289 "-" "Go-http-client/1.1"
45.146.54.15 - - [30/Mar/2025:07:06:24 -0400] "GET /cgi-bin/wp-login.php HTTP/1.1" 500 104 "-" "Go-http-client/1.1"
45.146.54.15 - - [30/Mar/2025:07:06:24 -0400] "GET /xmlrpc.php HTTP/1.1" 405 60 "-" "Go-http-client/1.1"
45.146.54.15 - - [30/Mar/2025:07:06:24 -0400] "GET /.well-known/acme-challenge/index.php HTTP/1.1" 301 0 "-" "Go-http-client/1.1"
45.146.54.15 - - [30/Mar/2025:07:06:25 -0400] "GET /.well-known/acme-challenge/ HTTP/1.1" 404 15298 "http://creative-webstyle.com/.well-known/acme-challenge/index.php" "Go-http-client/1.1"
45.146.54.15 - - [30/Mar/2025:07:06:25 -0400] "GET /wp-admin/css/colors/index.php HTTP/1.1" 301 0 "-" "Go-http-client/1.1"
45.146.54.15 - - [30/Mar/2025:07:06:26 -0400] "GET /wp-admin/css/colors/ HTTP/1.1" 403 1242 "http://creative-webstyle.com/wp-admin/css/colors/index.php" "Go-http-client/1.1"
45.146.54.15 - - [30/Mar/2025:07:06:26 -0400] "GET /web.php HTTP/1.1" 404 15281 "-" "Go-http-client/1.1"
45.146.54.15 - - [30/Mar/2025:07:06:26 -0400] "GET /xx.php HTTP/1.1" 404 15282 "-" "Go-http-client/1.1"
45.146.54.15 - - [30/Mar/2025:07:06:27 -0400] "GET /as.php HTTP/1.1" 404 15282 "-" "Go-http-client/1.1"
45.146.54.15 - - [30/Mar/2025:07:06:28 -0400] "GET /worksec.php HTTP/1.1" 404 15285 "-" "Go-http-client/1.1"
45.146.54.15 - - [30/Mar/2025:07:06:28 -0400] "GET /ioxi002.PhP7 HTTP/1.1" 404 15288 "-" "Go-http-client/1.1"
45.146.54.15 - - [30/Mar/2025:07:06:29 -0400] "GET /wp-admin/network/about.php HTTP/1.1" 302 0 "-" "Go-http-client/1.1"
45.146.54.15 - - [30/Mar/2025:07:06:29 -0400] "GET /back.php HTTP/1.1" 404 15283 "-" "Go-http-client/1.1"
45.146.54.15 - - [30/Mar/2025:07:06:30 -0400] "GET /.well-known/about.php HTTP/1.1" 404 15292 "-" "Go-http-client/1.1"
45.146.54.15 - - [30/Mar/2025:07:06:30 -0400] "GET /plugins.php HTTP/1.1" 404 15286 "-" "Go-http-client/1.1"
45.146.54.15 - - [30/Mar/2025:07:06:31 -0400] "GET /wp-content/about.php HTTP/1.1" 404 15286 "-" "Go-http-client/1.1"
45.146.54.15 - - [30/Mar/2025:07:06:31 -0400] "GET /class.api.php HTTP/1.1" 404 15287 "-" "Go-http-client/1.1"
45.146.54.15 - - [30/Mar/2025:07:06:32 -0400] "GET /baxa1.phP8 HTTP/1.1" 404 15286 "-" "Go-http-client/1.1"
45.146.54.15 - - [30/Mar/2025:07:06:32 -0400] "GET /wp-includes/SimplePie/about.php HTTP/1.1" 404 15295 "-" "Go-http-client/1.1"
45.146.54.15 - - [30/Mar/2025:07:06:33 -0400] "GET /wp-includes/sitemaps/about.php HTTP/1.1" 404 15293 "-" "Go-http-client/1.1"
45.146.54.15 - - [30/Mar/2025:07:06:33 -0400] "GET /.well-known/acme-challenge/about.php HTTP/1.1" 404 15303 "-" "Go-http-client/1.1"
45.146.54.15 - - [30/Mar/2025:07:06:34 -0400] "GET /ova.php HTTP/1.1" 404 15282 "-" "Go-http-client/1.1"
45.146.54.15 - - [30/Mar/2025:07:06:34 -0400] "GET /wp-content/item.php HTTP/1.1" 404 15286 "-" "Go-http-client/1.1"
45.146.54.15 - - [30/Mar/2025:07:06:35 -0400] "GET /wp-content/classwithtostring.php HTTP/1.1" 404 15298 "-" "Go-http-client/1.1"
45.146.54.15 - - [30/Mar/2025:07:06:35 -0400] "GET /wp-admin/css/about.php HTTP/1.1" 404 15287 "-" "Go-http-client/1.1"
45.146.54.15 - - [30/Mar/2025:07:06:36 -0400] "GET /home.php HTTP/1.1" 404 15283 "-" "Go-http-client/1.1"
45.146.54.15 - - [30/Mar/2025:07:06:36 -0400] "GET /wp-includes/item.php HTTP/1.1" 404 15286 "-" "Go-http-client/1.1"
45.146.54.15 - - [30/Mar/2025:07:06:37 -0400] "GET /wp-admin/network/admin.php HTTP/1.1" 302 0 "-" "Go-http-client/1.1"
45.146.54.15 - - [30/Mar/2025:07:06:38 -0400] "GET /wp-content/cong.php HTTP/1.1" 404 15287 "-" "Go-http-client/1.1"
45.146.54.15 - - [30/Mar/2025:07:06:38 -0400] "GET /wp-content/themes/digital-download/new.php HTTP/1.1" 404 15304 "-" "Go-http-client/1.1"
198.54.114.83 - - [30/Mar/2025:07:06:39 -0400] "POST /wp-cron.php?doing_wp_cron=1743332799.2062039375305175781250 HTTP/1.1" 200 0 "-" "WordPress/6.7.2; https://creative-webstyle.com"
45.146.54.15 - - [30/Mar/2025:07:06:39 -0400] "GET /x.php HTTP/1.1" 404 15280 "-" "Go-http-client/1.1"
45.146.54.15 - - [30/Mar/2025:07:06:39 -0400] "GET /wp-admin/images/admin.php HTTP/1.1" 404 15285 "-" "Go-http-client/1.1"
45.146.54.15 - - [30/Mar/2025:07:06:40 -0400] "GET /byp.php HTTP/1.1" 404 15283 "-" "Go-http-client/1.1"
45.146.54.15 - - [30/Mar/2025:07:06:40 -0400] "GET /wp-admin/css/colors/about.php HTTP/1.1" 404 15292 "-" "Go-http-client/1.1"
45.146.54.15 - - [30/Mar/2025:07:06:41 -0400] "GET /wp-includes/customize/about.php HTTP/1.1" 404 15294 "-" "Go-http-client/1.1"
45.146.54.15 - - [30/Mar/2025:07:06:41 -0400] "GET /wp-admin/wp-login.php HTTP/1.1" 404 15286 "-" "Go-http-client/1.1"
45.146.54.15 - - [30/Mar/2025:07:06:42 -0400] "GET /.well-known/acme-challenge/upfile.php HTTP/1.1" 404 15308 "-" "Go-http-client/1.1"
45.146.54.15 - - [30/Mar/2025:07:06:42 -0400] "GET /wp-content/themes/include.php HTTP/1.1" 404 15291 "-" "Go-http-client/1.1"
45.146.54.15 - - [30/Mar/2025:07:06:43 -0400] "GET /wp-admin/classwithtostring.php HTTP/1.1" 404 15291 "-" "Go-http-client/1.1"
45.146.54.15 - - [30/Mar/2025:07:06:44 -0400] "GET /wp-content/plugins/WordPressCore/index.php HTTP/1.1" 301 0 "-" "Go-http-client/1.1"
45.146.54.15 - - [30/Mar/2025:07:06:44 -0400] "GET /wp-content/plugins/WordPressCore/ HTTP/1.1" 404 15293 "http://creative-webstyle.com/wp-content/plugins/WordPressCore/index.php" "Go-http-client/1.1"
45.146.54.15 - - [30/Mar/2025:07:06:44 -0400] "GET /ova-tools.php HTTP/1.1" 404 15286 "-" "Go-http-client/1.1"
45.146.54.15 - - [30/Mar/2025:07:06:45 -0400] "GET /version.php HTTP/1.1" 404 15286 "-" "Go-http-client/1.1"
45.146.54.15 - - [30/Mar/2025:07:06:46 -0400] "GET /lufix.php HTTP/1.1" 404 15284 "-" "Go-http-client/1.1"
45.146.54.15 - - [30/Mar/2025:07:06:46 -0400] "GET /wp-includes/images/wp-login.php HTTP/1.1" 404 15293 "-" "Go-http-client/1.1"
45.146.54.15 - - [30/Mar/2025:07:06:47 -0400] "GET /wp-includes/pomo/wp-login.php HTTP/1.1" 404 15294 "-" "Go-http-client/1.1"
45.146.54.15 - - [30/Mar/2025:07:06:47 -0400] "GET /wp-admin/user/index.php HTTP/1.1" 302 0 "-" "Go-http-client/1.1"
45.146.54.15 - - [30/Mar/2025:07:06:49 -0400] "GET /wp-content/themes.php HTTP/1.1" 200 0 "-" "Go-http-client/1.1"
198.54.114.83 - - [30/Mar/2025:07:06:49 -0400] "POST /wp-cron.php?doing_wp_cron=1743332809.5155279636383056640625 HTTP/1.1" 200 0 "-" "WordPress/6.7.2; https://creative-webstyle.com"
45.146.54.15 - - [30/Mar/2025:07:06:49 -0400] "GET /wp-content/uploads/about.php HTTP/1.1" 404 15293 "-" "Go-http-client/1.1"
45.146.54.15 - - [30/Mar/2025:07:06:50 -0400] "GET /wp-admin/css/colors/coffee/index.php HTTP/1.1" 301 0 "-" "Go-http-client/1.1"
45.146.54.15 - - [30/Mar/2025:07:06:50 -0400] "GET /wp-admin/css/colors/coffee/ HTTP/1.1" 403 1242 "http://creative-webstyle.com/wp-admin/css/colors/coffee/index.php" "Go-http-client/1.1"
45.146.54.15 - - [30/Mar/2025:07:06:50 -0400] "GET /wp-includes/link.php HTTP/1.1" 404 15287 "-" "Go-http-client/1.1"
45.146.54.15 - - [30/Mar/2025:07:06:51 -0400] "GET /wp-content/plugins/dummyyummy/wp-signup.php HTTP/1.1" 404 15306 "-" "Go-http-client/1.1"
45.146.54.15 - - [30/Mar/2025:07:06:52 -0400] "GET /w.php HTTP/1.1" 404 15280 "-" "Go-http-client/1.1"
45.146.54.15 - - [30/Mar/2025:07:06:53 -0400] "GET /bypass.php HTTP/1.1" 404 15285 "-" "Go-http-client/1.1"
45.146.54.15 - - [30/Mar/2025:07:06:54 -0400] "GET /wp-add.php HTTP/1.1" 404 15281 "-" "Go-http-client/1.1"
45.146.54.15 - - [30/Mar/2025:07:06:54 -0400] "GET /wp-admin/about.php HTTP/1.1" 302 0 "-" "Go-http-client/1.1"
45.146.54.15 - - [30/Mar/2025:07:06:55 -0400] "GET /wp-signup.php HTTP/1.1" 302 0 "-" "Go-http-client/1.1"
45.146.54.15 - - [30/Mar/2025:07:06:57 -0400] "GET /xl2023.php HTTP/1.1" 404 15285 "-" "Go-http-client/1.1"
45.146.54.15 - - [30/Mar/2025:07:06:58 -0400] "GET /templates/beez/index.php HTTP/1.1" 301 0 "-" "Go-http-client/1.1"
45.146.54.15 - - [30/Mar/2025:07:06:58 -0400] "GET /templates/beez/ HTTP/1.1" 404 15290 "http://creative-webstyle.com/templates/beez/index.php" "Go-http-client/1.1"
45.146.54.15 - - [30/Mar/2025:07:06:58 -0400] "GET /wp-l0gin.php HTTP/1.1" 404 15283 "-" "Go-http-client/1.1"
45.146.54.15 - - [30/Mar/2025:07:06:59 -0400] "GET /c.php HTTP/1.1" 404 15281 "-" "Go-http-client/1.1"
45.146.54.15 - - [30/Mar/2025:07:07:00 -0400] "GET /wp-admin/dropdown.php HTTP/1.1" 404 15286 "-" "Go-http-client/1.1"
45.146.54.15 - - [30/Mar/2025:07:07:01 -0400] "GET /small.php HTTP/1.1" 404 15284 "-" "Go-http-client/1.1"
45.146.54.15 - - [30/Mar/2025:07:07:02 -0400] "GET /assets/library.php HTTP/1.1" 404 15290 "-" "Go-http-client/1.1"
45.146.54.15 - - [30/Mar/2025:07:07:03 -0400] "GET /h.php HTTP/1.1" 404 15281 "-" "Go-http-client/1.1"
45.146.54.15 - - [30/Mar/2025:07:07:03 -0400] "GET /504.php HTTP/1.1" 404 15282 "-" "Go-http-client/1.1"
45.146.54.15 - - [30/Mar/2025:07:07:04 -0400] "GET /wp-content/content.php HTTP/1.1" 404 15287 "-" "Go-http-client/1.1"
45.146.54.15 - - [30/Mar/2025:07:07:06 -0400] "GET /xt/index.php HTTP/1.1" 301 0 "-" "Go-http-client/1.1"
45.146.54.15 - - [30/Mar/2025:07:07:06 -0400] "GET /xt/ HTTP/1.1" 404 15279 "http://creative-webstyle.com/xt/index.php" "Go-http-client/1.1"
45.146.54.15 - - [30/Mar/2025:07:07:07 -0400] "GET /wp-admin/admin.php HTTP/1.1" 302 0 "-" "Go-http-client/1.1"
45.146.54.15 - - [30/Mar/2025:07:07:08 -0400] "GET /wp-content/json.php HTTP/1.1" 404 15287 "-" "Go-http-client/1.1"
45.146.54.15 - - [30/Mar/2025:07:07:09 -0400] "GET /wp-includes/ID3/about.php HTTP/1.1" 404 15292 "-" "Go-http-client/1.1"
45.146.54.15 - - [30/Mar/2025:07:07:10 -0400] "GET /wp-includes/widgets/include.php HTTP/1.1" 404 15294 "-" "Go-http-client/1.1"
45.146.54.15 - - [30/Mar/2025:07:07:11 -0400] "GET /customize.php HTTP/1.1" 404 15285 "-" "Go-http-client/1.1"
45.146.54.15 - - [30/Mar/2025:07:07:11 -0400] "GET /jp.php HTTP/1.1" 404 15283 "-" "Go-http-client/1.1"
45.146.54.15 - - [30/Mar/2025:07:07:12 -0400] "GET /wp-includes/fonts/wp-login.php HTTP/1.1" 404 15295 "-" "Go-http-client/1.1"
45.146.54.15 - - [30/Mar/2025:07:07:13 -0400] "GET /wp-admin/js/about.php HTTP/1.1" 404 15286 "-" "Go-http-client/1.1"
45.146.54.15 - - [30/Mar/2025:07:07:13 -0400] "GET /wp-admin/network/wp-login.php HTTP/1.1" 404 15293 "-" "Go-http-client/1.1"
