198.54.114.83 - - [02/Apr/2025:00:57:58 -0400] "POST /wp-cron.php?doing_wp_cron=1743569877.7724039554595947265625 HTTP/1.1" 200 0 "-" "WordPress/6.7.2; https://creative-webstyle.com"
151.106.162.202 - - [02/Apr/2025:00:57:56 -0400] "GET /%E3%81%8B%E3%81%AB%E3%81%AF%E5%9B%BD%E7%94%A3%E3%81%A8%E5%A4%96%E5%9B%BD%E7%94%A3%E3%81%A7%E5%91%B3%E3%81%AB%E3%81%A1%E3%81%8C%E3%81%84%E3%81%8C%E3%81%82%E3%82%8B%E3%82%93%E3%81%A7/img/img01.png HTTP/1.1" 301 0 "-" "Mozilla/5.0 (X11; Ubuntu; Linux x86_64; rv:72.0) Gecko/20100101 Firefox/72.0"
151.106.162.202 - - [02/Apr/2025:00:58:00 -0400] "GET /%E3%81%8B%E3%81%AB%E3%81%AF%E5%9B%BD%E7%94%A3%E3%81%A8%E5%A4%96%E5%9B%BD%E7%94%A3%E3%81%A7%E5%91%B3%E3%81%AB%E3%81%A1%E3%81%8C%E3%81%84%E3%81%8C%E3%81%82%E3%82%8B%E3%82%93%E3%81%A7/img/img01.png HTTP/1.1" 404 15369 "-" "Mozilla/5.0 (X11; Ubuntu; Linux x86_64; rv:72.0) Gecko/20100101 Firefox/72.0"
151.106.162.202 - - [02/Apr/2025:00:58:01 -0400] "GET /%E3%81%8B%E3%81%AB%E3%81%AF%E5%9B%BD%E7%94%A3%E3%81%A8%E5%A4%96%E5%9B%BD%E7%94%A3%E3%81%A7%E5%91%B3%E3%81%AB%E3%81%A1%E3%81%8C%E3%81%84%E3%81%8C%E3%81%82%E3%82%8B%E3%82%93%E3%81%A7/img/img01.png HTTP/1.1" 301 0 "-" "Mozilla/5.0 (X11; Ubuntu; Linux x86_64; rv:72.0) Gecko/20100101 Firefox/72.0"
151.106.162.202 - - [02/Apr/2025:00:58:02 -0400] "GET /%E3%81%8B%E3%81%AB%E3%81%AF%E5%9B%BD%E7%94%A3%E3%81%A8%E5%A4%96%E5%9B%BD%E7%94%A3%E3%81%A7%E5%91%B3%E3%81%AB%E3%81%A1%E3%81%8C%E3%81%84%E3%81%8C%E3%81%82%E3%82%8B%E3%82%93%E3%81%A7/img/img01.png HTTP/1.1" 404 15369 "-" "Mozilla/5.0 (X11; Ubuntu; Linux x86_64; rv:72.0) Gecko/20100101 Firefox/72.0"
198.54.114.83 - - [02/Apr/2025:01:01:48 -0400] "POST /wp-cron.php?doing_wp_cron=1743570108.1176209449768066406250 HTTP/1.1" 200 0 "-" "WordPress/6.7.2; https://creative-webstyle.com"
82.156.199.117 - - [02/Apr/2025:01:01:47 -0400] "POST /xmlrpc.php HTTP/1.1" 200 212 "http://creative-webstyle.com" "Mozilla/5.0 (Windows NT 10.0; Win64; x64) AppleWebKit/537.36 (KHTML, like Gecko) Chrome/114.0.5735.199 Safari/537.36 Edg/114.0.1823.67"
198.54.114.83 - - [02/Apr/2025:01:19:59 -0400] "POST /wp-cron.php?doing_wp_cron=1743571199.3585419654846191406250 HTTP/1.1" 200 0 "-" "WordPress/6.7.2; https://creative-webstyle.com"
216.244.66.194 - - [02/Apr/2025:01:19:59 -0400] "GET /the-importance-of-hiring-a-dwi-lawyer/feed/ HTTP/1.1" 200 447 "-" "Mozilla/5.0 (compatible; DotBot/1.2; +https://opensiteexplorer.org/dotbot; help@moz.com)"
198.54.114.83 - - [02/Apr/2025:01:25:12 -0400] "POST /wp-cron.php?doing_wp_cron=1743571512.4505879878997802734375 HTTP/1.1" 200 0 "-" "WordPress/6.7.2; https://creative-webstyle.com"
216.244.66.194 - - [02/Apr/2025:01:25:09 -0400] "GET /entdecken-sie-die-ruhe-im-center-parcs-baltic-sea/ HTTP/1.1" 200 23093 "-" "Mozilla/5.0 (compatible; DotBot/1.2; +https://opensiteexplorer.org/dotbot; help@moz.com)"
198.54.114.83 - - [02/Apr/2025:01:27:08 -0400] "POST /wp-cron.php?doing_wp_cron=1743571628.2232699394226074218750 HTTP/1.1" 200 0 "-" "WordPress/6.7.2; https://creative-webstyle.com"
162.213.251.40 - - [02/Apr/2025:01:27:05 -0400] "POST /xmlrpc.php HTTP/1.1" 200 212 "http://creative-webstyle.com" "Mozilla/5.0 (Windows NT 10.0; Win64; x64; rv:125.0.1) Gecko/20100101 Firefox/125.0.1"
216.244.66.194 - - [02/Apr/2025:01:27:16 -0400] "GET /ai-girlfriend-the-future-of-digital-romance/feed/ HTTP/1.1" 200 460 "-" "Mozilla/5.0 (compatible; DotBot/1.2; +https://opensiteexplorer.org/dotbot; help@moz.com)"
3.90.49.252 - - [02/Apr/2025:01:38:42 -0400] "GET /robots.txt HTTP/1.1" 304 0 "-" "Mozilla/5.0 (Macintosh; Intel Mac OS X 10_15_7) AppleWebKit/537.36 (KHTML, like Gecko) Chrome/108.0.0.0 Safari/537.36"
44.220.175.127 - - [02/Apr/2025:01:42:05 -0400] "GET / HTTP/1.1" 200 98430 "-" "Mozilla/5.0 (Windows NT 10.0; Win64; x64) AppleWebKit/537.36 (KHTML, like Gecko) Chrome/89.0.4389.114 Safari/537.36"
44.220.175.127 - - [02/Apr/2025:01:42:06 -0400] "GET / HTTP/1.1" 200 98430 "-" "Mozilla/5.0 (Windows NT 10.0; Win64; x64) AppleWebKit/537.36 (KHTML, like Gecko) Chrome/89.0.4389.114 Safari/537.36"
198.54.114.83 - - [02/Apr/2025:01:42:11 -0400] "POST /wp-cron.php?doing_wp_cron=1743572531.0647010803222656250000 HTTP/1.1" 200 0 "-" "WordPress/6.7.2; https://creative-webstyle.com"
44.220.175.127 - - [02/Apr/2025:01:42:06 -0400] "GET /wp-includes/wlwmanifest.xml HTTP/1.1" 404 15298 "-" "Mozilla/5.0 (Windows NT 10.0; Win64; x64) AppleWebKit/537.36 (KHTML, like Gecko) Chrome/89.0.4389.114 Safari/537.36"
44.220.175.127 - - [02/Apr/2025:01:42:12 -0400] "GET /wp-login.php HTTP/1.1" 302 0 "-" "Mozilla/5.0 (Windows NT 10.0; Win64; x64) AppleWebKit/537.36 (KHTML, like Gecko) Chrome/89.0.4389.114 Safari/537.36"
198.54.114.83 - - [02/Apr/2025:01:52:46 -0400] "POST /wp-cron.php?doing_wp_cron=1743573166.5506169795989990234375 HTTP/1.1" 200 0 "-" "WordPress/6.7.2; https://creative-webstyle.com"
220.158.233.237 - - [02/Apr/2025:01:52:41 -0400] "POST /xmlrpc.php HTTP/1.1" 200 212 "http://creative-webstyle.com" "Mozilla/5.0 (Windows NT 10.0; Win64; x64) AppleWebKit/537.36 (KHTML, like Gecko) Chrome/114.0.5735.134 Safari/537.36"
216.244.66.194 - - [02/Apr/2025:01:54:43 -0400] "GET /robots.txt HTTP/1.1" 304 0 "-" "Mozilla/5.0 (compatible; DotBot/1.2; +https://opensiteexplorer.org/dotbot; help@moz.com)"
198.54.114.83 - - [02/Apr/2025:02:03:04 -0400] "POST /wp-cron.php?doing_wp_cron=1743573783.8988769054412841796875 HTTP/1.1" 200 0 "-" "WordPress/6.7.2; https://creative-webstyle.com"
185.253.98.242 - - [02/Apr/2025:02:03:01 -0400] "GET /creative-webstyle.zip HTTP/1.1" 404 15287 "-" "Mozilla/5.0 (Macintosh; Intel Mac OS X 10_15_7) AppleWebKit/537.36 (KHTML, like Gecko) Chrome/110.0.5481.77 Safari/537.36"
43.157.38.131 - - [02/Apr/2025:02:04:04 -0400] "GET / HTTP/1.1" 200 98430 "-" "Mozilla/5.0 (iPhone; CPU iPhone OS 13_2_3 like Mac OS X) AppleWebKit/605.1.15 (KHTML, like Gecko) Version/13.0.3 Mobile/15E148 Safari/604.1"
198.54.114.83 - - [02/Apr/2025:02:05:32 -0400] "POST /wp-cron.php?doing_wp_cron=1743573932.6584439277648925781250 HTTP/1.1" 200 0 "-" "WordPress/6.7.2; https://creative-webstyle.com"
216.244.66.194 - - [02/Apr/2025:02:05:31 -0400] "GET /how-to-buy-tiktok-views-and-followers/feed/ HTTP/1.1" 200 450 "-" "Mozilla/5.0 (compatible; DotBot/1.2; +https://opensiteexplorer.org/dotbot; help@moz.com)"
176.123.10.50 - - [02/Apr/2025:02:11:28 -0400] "GET / HTTP/1.1" 200 98430 "-" "Mozilla/5.0 (compatible; ScannerBot/1.0)"
198.54.114.83 - - [02/Apr/2025:02:18:20 -0400] "POST /wp-cron.php?doing_wp_cron=1743574700.2774829864501953125000 HTTP/1.1" 200 0 "-" "WordPress/6.7.2; https://creative-webstyle.com"
2a06:6440:0:2caa::1 - - [02/Apr/2025:02:18:20 -0400] "POST /xmlrpc.php HTTP/1.1" 200 212 "http://creative-webstyle.com" "Mozilla/5.0 (Macintosh; Intel Mac OS X 10_15_7) AppleWebKit/537.36 (KHTML, like Gecko) Chrome/114.0.5735.134 Safari/537.36"
198.54.114.83 - - [02/Apr/2025:02:25:51 -0400] "POST /wp-cron.php?doing_wp_cron=1743575150.9940609931945800781250 HTTP/1.1" 200 0 "-" "WordPress/6.7.2; https://creative-webstyle.com"
103.148.104.79 - - [02/Apr/2025:02:25:47 -0400] "GET /admin.php HTTP/1.1" 404 15287 "http://creative-webstyle.com/admin.php" "Mozilla/4.0 (compatible; MSIE 9.0; Windows NT 6.1)"
51.222.253.5 - - [02/Apr/2025:02:26:06 -0400] "GET / HTTP/1.1" 200 98430 "-" "Mozilla/5.0 (compatible; AhrefsBot/7.0; +http://ahrefs.com/robot/)"
198.54.114.83 - - [02/Apr/2025:02:42:41 -0400] "POST /wp-cron.php?doing_wp_cron=1743576161.5290799140930175781250 HTTP/1.1" 200 0 "-" "WordPress/6.7.2; https://creative-webstyle.com"
162.0.209.186 - - [02/Apr/2025:02:42:41 -0400] "POST /xmlrpc.php HTTP/1.1" 200 212 "http://creative-webstyle.com" "Mozilla/5.0 (Windows NT 10.0; Win64; x64) AppleWebKit/537.36 (KHTML, like Gecko) Chrome/112.0.5615.138 Safari/537.36"
198.54.114.83 - - [02/Apr/2025:02:44:17 -0400] "POST /wp-cron.php?doing_wp_cron=1743576257.0306959152221679687500 HTTP/1.1" 200 0 "-" "WordPress/6.7.2; https://creative-webstyle.com"
93.123.109.101 - - [02/Apr/2025:02:44:16 -0400] "GET /lzdmod/site-nav-pc/5.2.38/pc/index.js HTTP/1.1" 404 15312 "-" "Mozilla/5.0 (Windows NT 10.0; Win64; x64) AppleWebKit/537.36 Chrome/121.0.0.0"
198.54.114.83 - - [02/Apr/2025:02:53:18 -0400] "POST /wp-cron.php?doing_wp_cron=1743576798.8849349021911621093750 HTTP/1.1" 200 0 "-" "WordPress/6.7.2; https://creative-webstyle.com"
151.106.162.202 - - [02/Apr/2025:02:53:17 -0400] "GET /author/oregenki-2/img/img01.png HTTP/1.1" 301 0 "-" "Mozilla/5.0 (X11; Ubuntu; Linux x86_64; rv:72.0) Gecko/20100101 Firefox/72.0"
151.106.162.202 - - [02/Apr/2025:02:53:19 -0400] "GET /author/oregenki-2/img/img01.png HTTP/1.1" 404 15306 "-" "Mozilla/5.0 (X11; Ubuntu; Linux x86_64; rv:72.0) Gecko/20100101 Firefox/72.0"
151.106.162.202 - - [02/Apr/2025:02:53:20 -0400] "GET /author/oregenki-2/img/img01.png HTTP/1.1" 301 0 "-" "Mozilla/5.0 (X11; Ubuntu; Linux x86_64; rv:72.0) Gecko/20100101 Firefox/72.0"
151.106.162.202 - - [02/Apr/2025:02:53:20 -0400] "GET /author/oregenki-2/img/img01.png HTTP/1.1" 404 15306 "-" "Mozilla/5.0 (X11; Ubuntu; Linux x86_64; rv:72.0) Gecko/20100101 Firefox/72.0"
151.106.162.202 - - [02/Apr/2025:02:53:21 -0400] "GET /author/oregenki-2/img/img01.png HTTP/1.1" 301 0 "-" "Mozilla/5.0 (X11; Ubuntu; Linux x86_64; rv:72.0) Gecko/20100101 Firefox/72.0"
151.106.162.202 - - [02/Apr/2025:02:53:21 -0400] "GET /author/oregenki-2/img/img01.png HTTP/1.1" 404 15306 "-" "Mozilla/5.0 (X11; Ubuntu; Linux x86_64; rv:72.0) Gecko/20100101 Firefox/72.0"
198.54.114.83 - - [02/Apr/2025:03:06:48 -0400] "POST /wp-cron.php?doing_wp_cron=1743577608.5822229385375976562500 HTTP/1.1" 200 0 "-" "WordPress/6.7.2; https://creative-webstyle.com"
216.244.65.154 - - [02/Apr/2025:03:06:48 -0400] "POST /xmlrpc.php HTTP/1.1" 200 212 "http://creative-webstyle.com" "Mozilla/5.0 (Windows NT 10.0; Win64; x64) AppleWebKit/537.36 (KHTML, like Gecko) Chrome/114.0.5735.134 Safari/537.36"
2620:101:2002:11a5:10:8:141:52 - - [02/Apr/2025:03:08:33 -0400] "GET / HTTP/1.1" 200 98430 "-" "Mozilla/5.0 (Windows NT 10.0; Win64; x64; rv:65.0) Gecko/20100101 Firefox/65.0"
2620:101:2002:11a5:10:8:141:52 - - [02/Apr/2025:03:08:38 -0400] "GET /group.lazada.com/en/about/ HTTP/1.1" 301 0 "-" "Mozilla/5.0 (Windows NT 10.0; Win64; x64; rv:65.0) Gecko/20100101 Firefox/65.0"
2620:101:2002:11a5:10:8:141:52 - - [02/Apr/2025:03:08:43 -0400] "GET /group.lazada.com/en/about/ HTTP/1.1" 404 15302 "-" "Mozilla/5.0 (Windows NT 10.0; Win64; x64; rv:65.0) Gecko/20100101 Firefox/65.0"
151.106.162.202 - - [02/Apr/2025:03:11:03 -0400] "GET /sample-page/img/img01.png HTTP/1.1" 301 0 "-" "Mozilla/5.0 (X11; Ubuntu; Linux x86_64; rv:72.0) Gecko/20100101 Firefox/72.0"
151.106.162.202 - - [02/Apr/2025:03:11:04 -0400] "GET /sample-page/img/img01.png HTTP/1.1" 404 15299 "-" "Mozilla/5.0 (X11; Ubuntu; Linux x86_64; rv:72.0) Gecko/20100101 Firefox/72.0"
151.106.162.202 - - [02/Apr/2025:03:11:04 -0400] "GET /sample-page/img/img01.png HTTP/1.1" 301 0 "-" "Mozilla/5.0 (X11; Ubuntu; Linux x86_64; rv:72.0) Gecko/20100101 Firefox/72.0"
151.106.162.202 - - [02/Apr/2025:03:11:05 -0400] "GET /sample-page/img/img01.png HTTP/1.1" 404 15299 "-" "Mozilla/5.0 (X11; Ubuntu; Linux x86_64; rv:72.0) Gecko/20100101 Firefox/72.0"
151.106.162.202 - - [02/Apr/2025:03:11:05 -0400] "GET /sample-page/img/img01.png HTTP/1.1" 301 0 "-" "Mozilla/5.0 (X11; Ubuntu; Linux x86_64; rv:72.0) Gecko/20100101 Firefox/72.0"
151.106.162.202 - - [02/Apr/2025:03:11:05 -0400] "GET /sample-page/img/img01.png HTTP/1.1" 404 15299 "-" "Mozilla/5.0 (X11; Ubuntu; Linux x86_64; rv:72.0) Gecko/20100101 Firefox/72.0"
182.43.70.143 - - [02/Apr/2025:03:11:15 -0400] "GET / HTTP/1.1" 200 98430 "-" "Mozilla/5.0 (iPhone; CPU iPhone OS 13_2_3 like Mac OS X) AppleWebKit/605.1.15 (KHTML, like Gecko) Version/13.0.3 Mobile/15E148 Safari/604.1"
170.106.110.146 - - [02/Apr/2025:03:27:36 -0400] "GET / HTTP/1.1" 200 98430 "-" "Mozilla/5.0 (iPhone; CPU iPhone OS 13_2_3 like Mac OS X) AppleWebKit/605.1.15 (KHTML, like Gecko) Version/13.0.3 Mobile/15E148 Safari/604.1"
114.119.138.183 - - [02/Apr/2025:03:28:27 -0400] "GET /robots.txt HTTP/1.1" 301 0 "-" "Mozilla/5.0 (compatible;PetalBot;+https://webmaster.petalsearch.com/site/petalbot)"
114.119.138.183 - - [02/Apr/2025:03:28:29 -0400] "GET /robots.txt HTTP/1.1" 304 0 "-" "Mozilla/5.0 (compatible;PetalBot;+https://webmaster.petalsearch.com/site/petalbot)"
2607:a400:4:97::4 - - [02/Apr/2025:03:31:10 -0400] "GET / HTTP/1.1" 200 98430 "-" "Mozilla/5.0 (Windows NT 10.0; WOW64) AppleWebKit/537.36 (KHTML, like Gecko) Chrome/66.0.3359.117 Safari/537.36"
2607:a400:4:97::2 - - [02/Apr/2025:03:31:10 -0400] "GET / HTTP/1.1" 200 98430 "-" "Mozilla/5.0 (Windows NT 10.0; WOW64) AppleWebKit/537.36 (KHTML, like Gecko) Chrome/66.0.3359.117 Safari/537.36"
198.54.114.83 - - [02/Apr/2025:03:31:11 -0400] "POST /wp-cron.php?doing_wp_cron=1743579071.4407250881195068359375 HTTP/1.1" 200 0 "-" "WordPress/6.7.2; https://creative-webstyle.com"
173.212.223.204 - - [02/Apr/2025:03:31:07 -0400] "POST /xmlrpc.php HTTP/1.1" 200 212 "http://creative-webstyle.com" "Mozilla/5.0 (Macintosh; Intel Mac OS X 10.15; rv:126.0) Gecko/20100101 Firefox/126.0"
198.54.114.83 - - [02/Apr/2025:03:52:07 -0400] "POST /wp-cron.php?doing_wp_cron=1743580326.5995180606842041015625 HTTP/1.1" 200 0 "-" "WordPress/6.7.2; https://creative-webstyle.com"
158.69.192.122 - - [02/Apr/2025:03:52:05 -0400] "GET /wp-login.php HTTP/1.1" 302 0 "-" "Mozilla/5.0 (Windows NT 10.0; Win64; x64; rv:50.0) Gecko/20100101 Firefox/50.0"
198.54.114.83 - - [02/Apr/2025:03:57:28 -0400] "POST /wp-cron.php?doing_wp_cron=1743580647.5459730625152587890625 HTTP/1.1" 200 0 "-" "WordPress/6.7.2; https://creative-webstyle.com"
109.123.236.117 - - [02/Apr/2025:03:57:23 -0400] "POST /xmlrpc.php HTTP/1.1" 200 212 "http://creative-webstyle.com" "Mozilla/5.0 (Macintosh; Intel Mac OS X 13_3) AppleWebKit/537.36 (KHTML, like Gecko) Chrome/126.0.0.0 Safari/537.36 Edg/126.0.0.0"
47.79.123.158 - - [02/Apr/2025:04:02:23 -0400] "GET /wp-content/themes/revista/style.css HTTP/1.1" 200 30429 "-" "Mozilla/5.0 (Windows NT 10.0; Win64; x64) AppleWebKit/537.36 (KHTML, like Gecko) Chrome/114.0.0.0 Safari/537.36 Edg/114.0.1823.43"
47.79.98.4 - - [02/Apr/2025:04:02:33 -0400] "GET /wp-content/fonts/c9e237df1571e85a828aad3d8841371a.css HTTP/1.1" 200 1197 "-" "Mozilla/5.0 (Windows NT 10.0; Win64; x64) AppleWebKit/537.36 (KHTML, like Gecko) Chrome/114.0.0.0 Safari/537.36 Edg/114.0.1823.43"
47.79.6.241 - - [02/Apr/2025:04:02:41 -0400] "GET /wp-includes/css/dist/block-library/style.min.css HTTP/1.1" 200 19532 "-" "Mozilla/5.0 (Windows NT 10.0; Win64; x64) AppleWebKit/537.36 (KHTML, like Gecko) Chrome/114.0.0.0 Safari/537.36 Edg/114.0.1823.43"
47.82.10.228 - - [02/Apr/2025:04:02:48 -0400] "GET /wp-content/themes/revista/assets/lib/slick/css/slick.min.css HTTP/1.1" 200 521 "-" "Mozilla/5.0 (Windows NT 10.0; Win64; x64) AppleWebKit/537.36 (KHTML, like Gecko) Chrome/114.0.0.0 Safari/537.36 Edg/114.0.1823.43"
47.82.10.191 - - [02/Apr/2025:04:06:38 -0400] "GET /wp-content/themes/revista/assets/lib/magnific-popup/magnific-popup.css HTTP/1.1" 200 2152 "-" "Mozilla/5.0 (Windows NT 10.0; Win64; x64) AppleWebKit/537.36 (KHTML, like Gecko) Chrome/114.0.0.0 Safari/537.36 Edg/114.0.1823.43"
216.244.66.194 - - [02/Apr/2025:04:10:46 -0400] "GET /robots.txt HTTP/1.1" 304 0 "-" "Mozilla/5.0 (compatible; DotBot/1.2; +https://opensiteexplorer.org/dotbot; help@moz.com)"
178.20.55.182 - - [02/Apr/2025:04:13:49 -0400] "GET / HTTP/1.1" 200 98430 "http://creative-webstyle.com" "Mozilla/5.0 (compatible; MSIE 9.0; Windows NT 6.1; Trident/5.0; Trident/5.0)"
198.54.114.83 - - [02/Apr/2025:04:18:04 -0400] "POST /wp-cron.php?doing_wp_cron=1743581882.4670979976654052734375 HTTP/1.1" 200 0 "-" "WordPress/6.7.2; https://creative-webstyle.com"
103.148.104.77 - - [02/Apr/2025:04:17:58 -0400] "GET /admin.php HTTP/1.1" 404 15287 "http://creative-webstyle.com/admin.php" "Mozilla/4.0 (compatible; MSIE 9.0; Windows NT 6.1)"
198.54.114.83 - - [02/Apr/2025:04:20:05 -0400] "POST /wp-cron.php?doing_wp_cron=1743582004.6197550296783447265625 HTTP/1.1" 200 0 "-" "WordPress/6.7.2; https://creative-webstyle.com"
216.244.66.194 - - [02/Apr/2025:04:20:04 -0400] "GET /expertenwissen-zum-thema-scheidungsanwalt-in-hattingen/ HTTP/1.1" 200 22547 "-" "Mozilla/5.0 (compatible; DotBot/1.2; +https://opensiteexplorer.org/dotbot; help@moz.com)"
35.238.203.213 - - [02/Apr/2025:04:24:59 -0400] "POST /xmlrpc.php HTTP/1.1" 200 212 "http://creative-webstyle.com" "Mozilla/5.0 (Windows NT 10.0; Win64; x64) AppleWebKit/537.36 (KHTML, like Gecko) Chrome/126.0.0.0 Safari/537.36 Edg/126.0.0.0"
107.189.8.56 - - [02/Apr/2025:04:35:07 -0400] "GET / HTTP/1.1" 200 98430 "http://creative-webstyle.com" "Mozilla/5.0 (Macintosh; U; Intel Mac OS X 10.6; en-US; rv:1.9.2) Gecko/20100115 Firefox/3.6"
198.54.114.83 - - [02/Apr/2025:04:41:07 -0400] "POST /wp-cron.php?doing_wp_cron=1743583267.5150179862976074218750 HTTP/1.1" 200 0 "-" "WordPress/6.7.2; https://creative-webstyle.com"
105.72.0.121 - - [02/Apr/2025:04:41:07 -0400] "GET /wp-login.php HTTP/1.1" 302 0 "-" "python-requests/2.32.3"
105.72.0.121 - - [02/Apr/2025:04:41:08 -0400] "POST /wp-login.php HTTP/1.1" 302 0 "-" "Mozilla/5.0 (X11; Linux x86_64) AppleWebKit/537.36 (KHTML, like Gecko) Chrome/87.0.4280.66 Safari/537.36"
198.54.114.83 - - [02/Apr/2025:04:53:10 -0400] "POST /wp-cron.php?doing_wp_cron=1743583990.6351690292358398437500 HTTP/1.1" 200 0 "-" "WordPress/6.7.2; https://creative-webstyle.com"
198.54.120.130 - - [02/Apr/2025:04:53:07 -0400] "POST /xmlrpc.php HTTP/1.1" 200 212 "http://creative-webstyle.com" "Mozilla/5.0 (Macintosh; Intel Mac OS X 14_4_1) AppleWebKit/605.1.15 (KHTML, like Gecko) Version/17.3.1 Safari/605.1.15"
169.224.18.178 - - [02/Apr/2025:05:14:38 -0400] "POST /xmlrpc.php HTTP/1.1" 200 212 "-" "Mozilla/5.0 (Windows NT 10.0; Win64; x64) AppleWebKit/537.36 (KHTML, like Gecko) Chrome/97.0.4692.99 Safari/537.36"
198.54.114.83 - - [02/Apr/2025:05:14:45 -0400] "POST /wp-cron.php?doing_wp_cron=1743585283.2042250633239746093750 HTTP/1.1" 200 0 "-" "WordPress/6.7.2; https://creative-webstyle.com"
45.187.6.229 - - [02/Apr/2025:05:14:47 -0400] "POST /xmlrpc.php HTTP/1.1" 200 212 "-" "Mozilla/5.0 (X11; Linux x86_64) AppleWebKit/537.36 (KHTML, like Gecko) Chrome/91.0.4472.114 Safari/537.36"
4.227.36.76 - - [02/Apr/2025:05:14:55 -0400] "GET /robots.txt HTTP/1.1" 200 132 "-" "Mozilla/5.0 AppleWebKit/537.36 (KHTML, like Gecko; compatible; GPTBot/1.2; +https://openai.com/gptbot)"
185.12.249.39 - - [02/Apr/2025:05:22:26 -0400] "GET /robots.txt HTTP/1.1" 200 132 "-" "Mozilla/5.0 (Android 14; Mobile; rv:123.0) Gecko/123.0 Firefox/123"
5.133.192.199 - - [02/Apr/2025:05:22:26 -0400] "GET / HTTP/1.1" 200 98430 "-" "Mozilla/5.0 (Android 14; Mobile; rv:123.0) Gecko/123.0 Firefox/123"
85.208.98.23 - - [02/Apr/2025:05:41:24 -0400] "GET /robots.txt HTTP/1.1" 304 0 "-" "Mozilla/5.0 (compatible; SemrushBot-BA; +http://www.semrush.com/bot.html)"
198.54.114.83 - - [02/Apr/2025:05:50:51 -0400] "POST /wp-cron.php?doing_wp_cron=1743587450.8891251087188720703125 HTTP/1.1" 200 0 "-" "WordPress/6.7.2; https://creative-webstyle.com"
38.242.195.184 - - [02/Apr/2025:05:50:50 -0400] "POST /xmlrpc.php HTTP/1.1" 200 212 "http://creative-webstyle.com" "Mozilla/5.0 (Macintosh; Intel Mac OS X 13_3) AppleWebKit/537.36 (KHTML, like Gecko) Chrome/126.0.0.0 Safari/537.36"
198.54.114.83 - - [02/Apr/2025:05:52:08 -0400] "POST /wp-cron.php?doing_wp_cron=1743587528.2319040298461914062500 HTTP/1.1" 200 0 "-" "WordPress/6.7.2; https://creative-webstyle.com"
20.121.111.230 - - [02/Apr/2025:05:52:07 -0400] "GET /wp-login.php HTTP/1.1" 302 0 "-" "Mozilla/5.0 (Windows NT 10.0; Win64; x64; rv:78.0) Gecko/20100101 Firefox/78.0"
198.54.114.83 - - [02/Apr/2025:05:55:16 -0400] "POST /wp-cron.php?doing_wp_cron=1743587715.9284369945526123046875 HTTP/1.1" 200 0 "-" "WordPress/6.7.2; https://creative-webstyle.com"
8.28.7.20 - - [02/Apr/2025:05:55:15 -0400] "GET /ads.txt HTTP/1.1" 404 15289 "-" "PubMatic Crawler Bot"
8.28.7.20 - - [02/Apr/2025:05:55:17 -0400] "GET /ads.txt HTTP/1.1" 404 15289 "-" "Mozilla/5.0 (X11; Linux x86_64) AppleWebKit/537.36 (KHTML, like Gecko) Chrome/66.0.3359.139 Safari/537.36"
87.250.224.49 - - [02/Apr/2025:05:58:53 -0400] "GET /robots.txt HTTP/1.1" 200 132 "-" "Mozilla/5.0 (compatible; YandexBot/3.0; +http://yandex.com/bots)"
213.180.203.61 - - [02/Apr/2025:05:58:54 -0400] "GET / HTTP/1.1" 200 98430 "-" "Mozilla/5.0 (compatible; YandexBot/3.0; +http://yandex.com/bots)"
222.186.134.245 - - [02/Apr/2025:06:02:02 -0400] "GET / HTTP/1.1" 200 98430 "http://creative-webstyle.com" "Googlebot/2.1 (+http://www.googlebot.com/bot.html)"
198.54.114.83 - - [02/Apr/2025:06:09:56 -0400] "POST /wp-cron.php?doing_wp_cron=1743588596.7437889575958251953125 HTTP/1.1" 200 0 "-" "WordPress/6.7.2; https://creative-webstyle.com"
2405:4803:f694:7f90:d914:a75c:fd35:b97e - - [02/Apr/2025:06:09:56 -0400] "POST /xmlrpc.php HTTP/1.1" 200 212 "-" "Mozilla/5.0 (Windows NT 6.1; WOW64; rv:92.0) Gecko/20100101 Firefox/92.0"
174.31.64.104 - - [02/Apr/2025:06:09:57 -0400] "POST /xmlrpc.php HTTP/1.1" 200 212 "-" "Mozilla/5.0 (Macintosh; Intel Mac OS X 10_15_7) AppleWebKit/605.1.15 (KHTML, like Gecko) Version/15.1 Safari/605.1.15"
93.123.109.101 - - [02/Apr/2025:06:14:13 -0400] "GET /lzdmod/site-nav-pc/5.2.38/assets/user-info/index.js HTTP/1.1" 404 15323 "-" "Mozilla/5.0 (Macintosh; Intel Mac OS X 10_15_7) AppleWebKit/537.36 Chrome/120.0.0.0"
216.244.66.194 - - [02/Apr/2025:06:17:18 -0400] "GET /the-joe-tippens-protocol-for-cancer-treatment/ HTTP/1.1" 200 22434 "-" "Mozilla/5.0 (compatible; DotBot/1.2; +https://opensiteexplorer.org/dotbot; help@moz.com)"
196.32.220.226 - - [02/Apr/2025:06:20:34 -0400] "POST /xmlrpc.php HTTP/1.1" 200 212 "http://creative-webstyle.com" "Mozilla/5.0 (Windows NT 10.0; Win64; x64) AppleWebKit/537.36 (KHTML, like Gecko) Chrome/112.0.5615.138 Safari/537.36 Edg/112.0.1722.68"
198.54.114.83 - - [02/Apr/2025:06:20:41 -0400] "POST /wp-cron.php?doing_wp_cron=1743589239.3335690498352050781250 HTTP/1.1" 200 0 "-" "WordPress/6.7.2; https://creative-webstyle.com"
216.244.66.194 - - [02/Apr/2025:06:22:02 -0400] "GET /strategies-to-skyrocket-your-youtube-subscriber-count/feed/ HTTP/1.1" 200 459 "-" "Mozilla/5.0 (compatible; DotBot/1.2; +https://opensiteexplorer.org/dotbot; help@moz.com)"
52.167.144.56 - - [02/Apr/2025:06:27:46 -0400] "GET /robots.txt HTTP/1.1" 301 0 "-" "Mozilla/5.0 AppleWebKit/537.36 (KHTML, like Gecko; compatible; bingbot/2.0; +http://www.bing.com/bingbot.htm) Chrome/116.0.1938.76 Safari/537.36"
52.167.144.22 - - [02/Apr/2025:06:27:54 -0400] "GET / HTTP/1.1" 200 98430 "-" "Mozilla/5.0 AppleWebKit/537.36 (KHTML, like Gecko; compatible; bingbot/2.0; +http://www.bing.com/bingbot.htm) Chrome/116.0.1938.76 Safari/537.36"
139.59.16.194 - - [02/Apr/2025:06:50:22 -0400] "POST /xmlrpc.php HTTP/1.1" 200 212 "http://creative-webstyle.com" "Mozilla/5.0 (Windows NT 10.0; Win64; x64) AppleWebKit/537.36 (KHTML, like Gecko) Chrome/126.0.0.0 Safari/537.36"
216.244.66.194 - - [02/Apr/2025:06:53:06 -0400] "GET /robots.txt HTTP/1.1" 304 0 "-" "Mozilla/5.0 (compatible; DotBot/1.2; +https://opensiteexplorer.org/dotbot; help@moz.com)"
146.190.77.159 - - [02/Apr/2025:07:00:15 -0400] "GET /?rest_route=/wp/v2/users HTTP/1.1" 200 98430 "www.google.com" "Mozlila/5.0 (Linux; Android 7.0; SM-G892A Bulid/NRD90M; wv) AppleWebKit/537.36 (KHTML, like Gecko) Version/4.0 Chrome/60.0.3112.107 Moblie Safari/537.36"
216.244.66.194 - - [02/Apr/2025:07:03:30 -0400] "GET /expert-bathroom-renovations-in-melbournes-western-suburbs/feed/ HTTP/1.1" 200 471 "-" "Mozilla/5.0 (compatible; DotBot/1.2; +https://opensiteexplorer.org/dotbot; help@moz.com)"
216.244.66.194 - - [02/Apr/2025:07:07:55 -0400] "GET /2024/09/23/ HTTP/1.1" 301 0 "-" "Mozilla/5.0 (compatible; DotBot/1.2; +https://opensiteexplorer.org/dotbot; help@moz.com)"
216.244.66.194 - - [02/Apr/2025:07:08:01 -0400] "GET /renovation-de-salle-de-bain-transformez-votre-espace/feed/ HTTP/1.1" 200 462 "-" "Mozilla/5.0 (compatible; DotBot/1.2; +https://opensiteexplorer.org/dotbot; help@moz.com)"
198.54.114.83 - - [02/Apr/2025:07:19:54 -0400] "POST /wp-cron.php?doing_wp_cron=1743592794.0338571071624755859375 HTTP/1.1" 200 0 "-" "WordPress/6.7.2; https://creative-webstyle.com"
128.199.126.239 - - [02/Apr/2025:07:19:53 -0400] "POST /xmlrpc.php HTTP/1.1" 200 212 "http://creative-webstyle.com" "Mozilla/5.0 (Macintosh; Intel Mac OS X 10_15_7) AppleWebKit/537.36 (KHTML, like Gecko) Chrome/115.0.5790.102 Safari/537.36"
45.154.98.197 - - [02/Apr/2025:07:22:14 -0400] "GET /wp-admin/css/ HTTP/1.1" 403 1242 "binance.com" "Mozilla/5.0 (Windows NT 10.0; Win64; x64) AppleWebKit/537.36 (KHTML, like Gecko) Chrome/90.0.4430.85 Safari/537.36"
35.190.204.246 - - [02/Apr/2025:07:24:16 -0400] "GET / HTTP/1.1" 200 98430 "-" "Mozilla/5.0 (Windows NT 10.0; Win64; x64) AppleWebKit/537.36 (KHTML, like Gecko) Chrome/84.0.4147.105 Safari/537.36"
216.244.66.194 - - [02/Apr/2025:07:38:44 -0400] "GET /robots.txt HTTP/1.1" 304 0 "-" "Mozilla/5.0 (compatible; DotBot/1.2; +https://opensiteexplorer.org/dotbot; help@moz.com)"
198.54.114.83 - - [02/Apr/2025:07:48:59 -0400] "POST /wp-cron.php?doing_wp_cron=1743594539.4980599880218505859375 HTTP/1.1" 200 0 "-" "WordPress/6.7.2; https://creative-webstyle.com"
216.244.66.194 - - [02/Apr/2025:07:48:59 -0400] "GET /page/108/ HTTP/1.1" 200 19897 "-" "Mozilla/5.0 (compatible; DotBot/1.2; +https://opensiteexplorer.org/dotbot; help@moz.com)"
162.213.255.14 - - [02/Apr/2025:07:49:32 -0400] "POST /xmlrpc.php HTTP/1.1" 200 212 "http://creative-webstyle.com" "Mozilla/5.0 (Windows NT 10.0; Win64; x64) AppleWebKit/537.36 (KHTML, like Gecko) Chrome/116.0.5845.96 Safari/537.36"
198.54.114.83 - - [02/Apr/2025:07:57:43 -0400] "POST /wp-cron.php?doing_wp_cron=1743595063.2440779209136962890625 HTTP/1.1" 200 0 "-" "WordPress/6.7.2; https://creative-webstyle.com"
93.123.109.101 - - [02/Apr/2025:07:57:43 -0400] "GET /lzdmod/site-nav-pc/5.2.38/assets/reqwest/index.js HTTP/1.1" 404 15322 "-" "Mozilla/5.0 (Windows NT 10.0; Win64; x64) AppleWebKit/537.36 Chrome/121.0.0.0"
114.96.103.33 - - [02/Apr/2025:08:10:23 -0400] "GET / HTTP/1.1" 200 98430 "-" "Mozilla/5.0 (iPhone; CPU iPhone OS 13_2_3 like Mac OS X) AppleWebKit/605.1.15 (KHTML, like Gecko) Version/13.0.3 Mobile/15E148 Safari/604.1"
85.208.98.23 - - [02/Apr/2025:08:13:00 -0400] "GET /robots.txt HTTP/1.1" 304 0 "-" "Mozilla/5.0 (compatible; SemrushBot-BA; +http://www.semrush.com/bot.html)"
162.240.168.197 - - [02/Apr/2025:08:19:36 -0400] "POST /xmlrpc.php HTTP/1.1" 200 212 "http://creative-webstyle.com" "Mozilla/5.0 (Windows NT 10.0; Win64; x64) AppleWebKit/537.36 (KHTML, like Gecko) Chrome/126.0.0.0 Safari/537.36 Edg/126.0.0.0"
203.75.213.2 - - [02/Apr/2025:08:28:15 -0400] "GET / HTTP/1.1" 200 98430 "-" "Python/3.8 aiohttp/3.8.4"
159.65.187.188 - - [02/Apr/2025:08:47:29 -0400] "GET / HTTP/1.1" 200 98430 "-" "Mozilla/5.0 (compatible)"
159.65.187.188 - - [02/Apr/2025:08:47:30 -0400] "GET /ads.txt HTTP/1.1" 404 15312 "-" "Mozilla/5.0 (compatible)"
2604:a880:400:d0::8f4:f001 - - [02/Apr/2025:08:50:18 -0400] "POST /xmlrpc.php HTTP/1.1" 200 212 "http://creative-webstyle.com" "Mozilla/5.0 (Macintosh; Intel Mac OS X 10_15_7; rv:127.0) Gecko/20100101 Firefox/127.0"
157.230.252.55 - - [02/Apr/2025:09:17:06 -0400] "HEAD / HTTP/1.1" 200 0 "-" "curl/7.88.1"
198.54.114.83 - - [02/Apr/2025:09:17:08 -0400] "POST /wp-cron.php?doing_wp_cron=1743599828.0097060203552246093750 HTTP/1.1" 200 0 "-" "WordPress/6.7.2; https://creative-webstyle.com"
157.230.252.55 - - [02/Apr/2025:09:17:07 -0400] "GET /assets/jquery-file-upload/server/php/ HTTP/1.1" 404 15306 "-" "Mozilla/5.0 (Windows NT 10.0; Win64; x64) AppleWebKit/537.36 (KHTML, like Gecko) Chrome/99.0.4859.172 Safari/537.36"
157.230.252.55 - - [02/Apr/2025:09:17:11 -0400] "GET /assets/backend/plugins/jquery-file-upload/server/php/ HTTP/1.1" 404 15321 "-" "Mozilla/5.0 (Windows NT 10.0; Win64; x64) AppleWebKit/537.36 (KHTML, like Gecko) Chrome/99.0.4859.172 Safari/537.36"
157.230.252.55 - - [02/Apr/2025:09:17:14 -0400] "GET /plugins/jquery-file-upload/server/php/ HTTP/1.1" 404 15309 "-" "Mozilla/5.0 (Windows NT 10.0; Win64; x64) AppleWebKit/537.36 (KHTML, like Gecko) Chrome/99.0.4859.172 Safari/537.36"
157.230.252.55 - - [02/Apr/2025:09:17:16 -0400] "GET /assets/libs/jquery-file-upload/server/php/ HTTP/1.1" 404 15310 "-" "Mozilla/5.0 (Windows NT 10.0; Win64; x64) AppleWebKit/537.36 (KHTML, like Gecko) Chrome/99.0.4859.172 Safari/537.36"
157.230.252.55 - - [02/Apr/2025:09:17:18 -0400] "GET /assets/lib/jquery-file-upload/server/php/ HTTP/1.1" 404 15310 "-" "Mozilla/5.0 (Windows NT 10.0; Win64; x64) AppleWebKit/537.36 (KHTML, like Gecko) Chrome/99.0.4859.172 Safari/537.36"
157.230.252.55 - - [02/Apr/2025:09:17:20 -0400] "GET /lib/jquery-file-upload/server/php/ HTTP/1.1" 404 15306 "-" "Mozilla/5.0 (Windows NT 10.0; Win64; x64) AppleWebKit/537.36 (KHTML, like Gecko) Chrome/99.0.4859.172 Safari/537.36"
157.230.252.55 - - [02/Apr/2025:09:17:23 -0400] "GET /js/jquery-file-upload/server/php/ HTTP/1.1" 404 15306 "-" "Mozilla/5.0 (Windows NT 10.0; Win64; x64) AppleWebKit/537.36 (KHTML, like Gecko) Chrome/99.0.4859.172 Safari/537.36"
157.230.252.55 - - [02/Apr/2025:09:17:25 -0400] "GET /assets/plugins/jquery-file-upload/server/php/ HTTP/1.1" 404 15312 "-" "Mozilla/5.0 (Windows NT 10.0; Win64; x64) AppleWebKit/537.36 (KHTML, like Gecko) Chrome/99.0.4859.172 Safari/537.36"
157.230.252.55 - - [02/Apr/2025:09:17:28 -0400] "GET /assets/global/plugins/jquery-file-upload/server/php/ HTTP/1.1" 404 15318 "-" "Mozilla/5.0 (Windows NT 10.0; Win64; x64) AppleWebKit/537.36 (KHTML, like Gecko) Chrome/99.0.4859.172 Safari/537.36"
157.230.252.55 - - [02/Apr/2025:09:17:34 -0400] "GET /resources/global/plugins/jquery-file-upload/server/php/ HTTP/1.1" 404 15322 "-" "Mozilla/5.0 (Windows NT 10.0; Win64; x64) AppleWebKit/537.36 (KHTML, like Gecko) Chrome/99.0.4859.172 Safari/537.36"
157.230.252.55 - - [02/Apr/2025:09:17:37 -0400] "GET /app/webroot/global/plugins/jquery-file-upload/server/php/ HTTP/1.1" 404 15323 "-" "Mozilla/5.0 (Windows NT 10.0; Win64; x64) AppleWebKit/537.36 (KHTML, like Gecko) Chrome/99.0.4859.172 Safari/537.36"
198.54.114.83 - - [02/Apr/2025:09:17:42 -0400] "POST /wp-cron.php?doing_wp_cron=1743599861.8279969692230224609375 HTTP/1.1" 200 0 "-" "WordPress/6.7.2; https://creative-webstyle.com"
157.230.252.55 - - [02/Apr/2025:09:17:41 -0400] "GET /assets/themes/metronic/global/jquery-file-upload/server/php/ HTTP/1.1" 404 15325 "-" "Mozilla/5.0 (Windows NT 10.0; Win64; x64) AppleWebKit/537.36 (KHTML, like Gecko) Chrome/99.0.4859.172 Safari/537.36"
157.230.252.55 - - [02/Apr/2025:09:17:46 -0400] "GET /metronic/assets/global/plugins/jquery-file-upload/server/php/ HTTP/1.1" 404 15328 "-" "Mozilla/5.0 (Windows NT 10.0; Win64; x64) AppleWebKit/537.36 (KHTML, like Gecko) Chrome/99.0.4859.172 Safari/537.36"
198.54.114.83 - - [02/Apr/2025:09:17:52 -0400] "POST /wp-cron.php?doing_wp_cron=1743599871.3223230838775634765625 HTTP/1.1" 200 0 "-" "WordPress/6.7.2; https://creative-webstyle.com"
157.230.252.55 - - [02/Apr/2025:09:17:51 -0400] "GET /coloradmin/assets/plugins/jquery-file-upload/server/php/ HTTP/1.1" 404 15319 "-" "Mozilla/5.0 (Windows NT 10.0; Win64; x64) AppleWebKit/537.36 (KHTML, like Gecko) Chrome/99.0.4859.172 Safari/537.36"
157.230.252.55 - - [02/Apr/2025:09:17:54 -0400] "GET /assets/color_admin/plugins/jquery-file-upload/server/php/ HTTP/1.1" 404 15321 "-" "Mozilla/5.0 (Windows NT 10.0; Win64; x64) AppleWebKit/537.36 (KHTML, like Gecko) Chrome/99.0.4859.172 Safari/537.36"
157.230.252.55 - - [02/Apr/2025:09:17:58 -0400] "GET /assets/vendor_admin/plugins/jquery-file-upload/server/php/ HTTP/1.1" 404 15323 "-" "Mozilla/5.0 (Windows NT 10.0; Win64; x64) AppleWebKit/537.36 (KHTML, like Gecko) Chrome/99.0.4859.172 Safari/537.36"
157.230.252.55 - - [02/Apr/2025:09:18:01 -0400] "GET /public/javascript/jquery.upload/server/php/ HTTP/1.1" 404 15307 "-" "Mozilla/5.0 (Windows NT 10.0; Win64; x64) AppleWebKit/537.36 (KHTML, like Gecko) Chrome/99.0.4859.172 Safari/537.36"
157.230.252.55 - - [02/Apr/2025:09:18:05 -0400] "GET /media/mediamgr/other/jq_fileupload/server/php/ HTTP/1.1" 404 15318 "-" "Mozilla/5.0 (Windows NT 10.0; Win64; x64) AppleWebKit/537.36 (KHTML, like Gecko) Chrome/99.0.4859.172 Safari/537.36"
157.230.252.55 - - [02/Apr/2025:09:18:10 -0400] "GET /formcraft/file-upload/server/php/ HTTP/1.1" 404 15308 "-" "Mozilla/5.0 (Windows NT 10.0; Win64; x64) AppleWebKit/537.36 (KHTML, like Gecko) Chrome/99.0.4859.172 Safari/537.36"
157.230.252.55 - - [02/Apr/2025:09:18:12 -0400] "GET /coaster/jquery/gallery-upload/server/php/ HTTP/1.1" 404 15311 "-" "Mozilla/5.0 (Windows NT 10.0; Win64; x64) AppleWebKit/537.36 (KHTML, like Gecko) Chrome/99.0.4859.172 Safari/537.36"
185.253.98.242 - - [02/Apr/2025:09:25:27 -0400] "GET /creative-webstyle.com.zip HTTP/1.1" 404 15291 "-" "Mozilla/5.0 (Macintosh; Intel Mac OS X 10_15_7) AppleWebKit/537.36 (KHTML, like Gecko) Chrome/110.0.5481.77 Safari/537.36"
170.106.143.6 - - [02/Apr/2025:09:41:09 -0400] "GET / HTTP/1.1" 200 98430 "-" "Mozilla/5.0 (iPhone; CPU iPhone OS 13_2_3 like Mac OS X) AppleWebKit/605.1.15 (KHTML, like Gecko) Version/13.0.3 Mobile/15E148 Safari/604.1"
216.244.66.194 - - [02/Apr/2025:09:56:57 -0400] "GET /robots.txt HTTP/1.1" 304 0 "-" "Mozilla/5.0 (compatible; DotBot/1.2; +https://opensiteexplorer.org/dotbot; help@moz.com)"
198.54.114.83 - - [02/Apr/2025:09:59:10 -0400] "POST /wp-cron.php?doing_wp_cron=1743602349.3324050903320312500000 HTTP/1.1" 200 0 "-" "WordPress/6.7.2; https://creative-webstyle.com"
139.59.100.51 - - [02/Apr/2025:09:59:08 -0400] "GET /wp-content/plugins/pwnd/pwnd.php HTTP/1.1" 404 15300 "-" "Mozilla/5.0 (Linux; Android 7.0; SM-G892A Build/NRD90M; wv) AppleWebKit/537.36 (KHTML, like Gecko) Version/4.0 Chrome/60.0.3112.107 Mobile Safari/537.36"
139.59.100.51 - - [02/Apr/2025:09:59:16 -0400] "GET /wp-content/plugins/pwnd-1/pwnd.php HTTP/1.1" 404 15301 "-" "Mozilla/5.0 (Linux; Android 7.0; SM-G892A Build/NRD90M; wv) AppleWebKit/537.36 (KHTML, like Gecko) Version/4.0 Chrome/60.0.3112.107 Mobile Safari/537.36"
139.59.100.51 - - [02/Apr/2025:09:59:19 -0400] "GET /wp-content/plugins/pwnd-2/pwnd.php HTTP/1.1" 404 15302 "-" "Mozilla/5.0 (Linux; Android 7.0; SM-G892A Build/NRD90M; wv) AppleWebKit/537.36 (KHTML, like Gecko) Version/4.0 Chrome/60.0.3112.107 Mobile Safari/537.36"
139.59.100.51 - - [02/Apr/2025:09:59:36 -0400] "GET /wp-content/plugins/fix/up.php HTTP/1.1" 404 15303 "-" "Mozilla/5.0 (Linux; Android 7.0; SM-G892A Build/NRD90M; wv) AppleWebKit/537.36 (KHTML, like Gecko) Version/4.0 Chrome/60.0.3112.107 Mobile Safari/537.36"
68.71.245.206 - - [02/Apr/2025:10:00:26 -0400] "GET /michael-kors-bags-a-vision-of-sophistication-and-glitz/ HTTP/1.1" 200 23120 "-" "Mozilla/5.0 (Windows NT 10.0; WOW64) AppleWebKit/537.36 (KHTML, like Gecko) Chrome/114.0.0.0 Safari/537.36"
68.71.245.206 - - [02/Apr/2025:10:00:37 -0400] "GET /michael-kors-bags-a-vision-of-sophistication-and-glitz/ HTTP/1.1" 200 23120 "http://creative-webstyle.com/michael-kors-bags-a-vision-of-sophistication-and-glitz/" "Mozilla/5.0 (Windows NT 6.3; Win64; x64) AppleWebKit/537.36 (KHTML, like Gecko) Chrome/103.0.0.0 Safari/537.36"
198.54.114.83 - - [02/Apr/2025:10:00:42 -0400] "POST /wp-cron.php?doing_wp_cron=1743602441.5965518951416015625000 HTTP/1.1" 200 0 "-" "WordPress/6.7.2; https://creative-webstyle.com"
68.71.245.206 - - [02/Apr/2025:10:00:39 -0400] "POST /wp-comments-post.php HTTP/1.1" 302 0 "http://creative-webstyle.com/michael-kors-bags-a-vision-of-sophistication-and-glitz/" "Mozilla/5.0 (Windows NT 6.3; Win64; x64) AppleWebKit/537.36 (KHTML, like Gecko) Chrome/103.0.0.0 Safari/537.36"
68.71.245.206 - - [02/Apr/2025:10:00:52 -0400] "GET /michael-kors-bags-a-vision-of-sophistication-and-glitz/ HTTP/1.1" 200 23120 "-" "Mozilla/5.0 (Windows NT 6.3; Win64; x64) AppleWebKit/537.36 (KHTML, like Gecko) Chrome/103.0.0.0 Safari/537.36"
51.222.253.17 - - [02/Apr/2025:10:04:31 -0400] "GET /robots.txt HTTP/1.1" 304 0 "-" "Mozilla/5.0 (compatible; AhrefsBot/7.0; +http://ahrefs.com/robot/)"
72.195.34.59 - - [02/Apr/2025:10:06:10 -0400] "GET /michael-kors-bags-a-vision-of-sophistication-and-glitz/ HTTP/1.1" 200 23120 "-" "Mozilla/5.0 (Macintosh; Intel Mac OS X 12_5) AppleWebKit/537.36 (KHTML, like Gecko) Chrome/114.0.0.0 Safari/537.36"
198.54.114.83 - - [02/Apr/2025:10:11:23 -0400] "POST /wp-cron.php?doing_wp_cron=1743603082.7879159450531005859375 HTTP/1.1" 200 0 "-" "WordPress/6.7.2; https://creative-webstyle.com"
151.106.162.202 - - [02/Apr/2025:10:11:18 -0400] "GET /images/portfolio/three-columns/ID_0114_sitoweb_th.jpg HTTP/1.1" 301 0 "-" "Mozilla/5.0 (X11; Ubuntu; Linux x86_64; rv:72.0) Gecko/20100101 Firefox/72.0"
151.106.162.202 - - [02/Apr/2025:10:11:25 -0400] "GET /images/portfolio/three-columns/ID_0114_sitoweb_th.jpg HTTP/1.1" 404 15327 "-" "Mozilla/5.0 (X11; Ubuntu; Linux x86_64; rv:72.0) Gecko/20100101 Firefox/72.0"
151.106.162.202 - - [02/Apr/2025:10:11:27 -0400] "GET /images/portfolio/three-columns/ID_0114_sitoweb_th.jpg HTTP/1.1" 301 0 "-" "Mozilla/5.0 (X11; Ubuntu; Linux x86_64; rv:72.0) Gecko/20100101 Firefox/72.0"
151.106.162.202 - - [02/Apr/2025:10:11:27 -0400] "GET /images/portfolio/three-columns/ID_0114_sitoweb_th.jpg HTTP/1.1" 404 15327 "-" "Mozilla/5.0 (X11; Ubuntu; Linux x86_64; rv:72.0) Gecko/20100101 Firefox/72.0"
151.106.162.202 - - [02/Apr/2025:10:11:28 -0400] "GET /images/portfolio/three-columns/ID_0114_sitoweb_th.jpg HTTP/1.1" 301 0 "-" "Mozilla/5.0 (X11; Ubuntu; Linux x86_64; rv:72.0) Gecko/20100101 Firefox/72.0"
151.106.162.202 - - [02/Apr/2025:10:11:31 -0400] "GET /images/portfolio/three-columns/ID_0114_sitoweb_th.jpg HTTP/1.1" 404 15327 "-" "Mozilla/5.0 (X11; Ubuntu; Linux x86_64; rv:72.0) Gecko/20100101 Firefox/72.0"
216.244.66.194 - - [02/Apr/2025:10:21:27 -0400] "GET /patere-porte/feed/ HTTP/1.1" 200 409 "-" "Mozilla/5.0 (compatible; DotBot/1.2; +https://opensiteexplorer.org/dotbot; help@moz.com)"
109.70.100.1 - - [02/Apr/2025:10:26:09 -0400] "GET / HTTP/1.1" 200 98430 "http://creative-webstyle.com" "Mozilla/5.0 (Windows NT 10.0; WOW64; rv:41.0) Gecko/20100101 Firefox/41.0"
198.54.114.83 - - [02/Apr/2025:10:28:35 -0400] "POST /wp-cron.php?doing_wp_cron=1743604114.2975020408630371093750 HTTP/1.1" 200 0 "-" "WordPress/6.7.2; https://creative-webstyle.com"
216.244.66.194 - - [02/Apr/2025:10:28:30 -0400] "GET /category/activity/page/45/ HTTP/1.1" 200 20542 "-" "Mozilla/5.0 (compatible; DotBot/1.2; +https://opensiteexplorer.org/dotbot; help@moz.com)"
45.55.37.107 - - [02/Apr/2025:10:29:34 -0400] "GET /wp-admin/css/ HTTP/1.1" 403 1242 "binance.com" "Mozilla/5.0 (Windows NT 10.0; Win64; x64) AppleWebKit/537.36 (KHTML, like Gecko) Chrome/90.0.4430.85 Safari/537.36"
216.244.66.194 - - [02/Apr/2025:10:42:36 -0400] "GET /robots.txt HTTP/1.1" 304 0 "-" "Mozilla/5.0 (compatible; DotBot/1.2; +https://opensiteexplorer.org/dotbot; help@moz.com)"
167.172.130.206 - - [02/Apr/2025:10:55:04 -0400] "GET / HTTP/1.1" 200 98430 "-" "Mozilla/5.0 (Windows NT 10.0; Win64; x64) AppleWebKit/537.36 (KHTML, like Gecko) Chrome/80.0.3987.149 Safari/537.36"
167.172.130.206 - - [02/Apr/2025:10:55:07 -0400] "GET / HTTP/1.1" 200 98430 "-" "Mozilla/5.0 (Windows NT 10.0; Win64; x64) AppleWebKit/537.36 (KHTML, like Gecko) Chrome/80.0.3987.149 Safari/537.36"
198.54.114.83 - - [02/Apr/2025:10:55:14 -0400] "POST /wp-cron.php?doing_wp_cron=1743605713.2604920864105224609375 HTTP/1.1" 200 0 "-" "WordPress/6.7.2; https://creative-webstyle.com"
167.172.130.206 - - [02/Apr/2025:10:55:07 -0400] "GET /wp-includes/wlwmanifest.xml HTTP/1.1" 404 15298 "-" "Mozilla/5.0 (Windows NT 10.0; Win64; x64) AppleWebKit/537.36 (KHTML, like Gecko) Chrome/80.0.3987.149 Safari/537.36"
167.172.130.206 - - [02/Apr/2025:10:55:17 -0400] "GET /?author=1 HTTP/1.1" 200 98430 "-" "Mozilla/5.0 (Windows NT 10.0; Win64; x64) AppleWebKit/537.36 (KHTML, like Gecko) Chrome/80.0.3987.149 Safari/537.36"
167.172.130.206 - - [02/Apr/2025:10:55:19 -0400] "GET /?author=2 HTTP/1.1" 200 98430 "-" "Mozilla/5.0 (Windows NT 10.0; Win64; x64) AppleWebKit/537.36 (KHTML, like Gecko) Chrome/80.0.3987.149 Safari/537.36"
167.172.130.206 - - [02/Apr/2025:10:55:20 -0400] "GET /wp-json/wp/v2/users/ HTTP/1.1" 200 2069 "-" "Mozilla/5.0 (Windows NT 10.0; Win64; x64) AppleWebKit/537.36 (KHTML, like Gecko) Chrome/80.0.3987.149 Safari/537.36"
167.172.130.206 - - [02/Apr/2025:10:55:22 -0400] "POST /xmlrpc.php HTTP/1.1" 200 212 "-" "Mozilla/5.0 (Windows NT 10.0; Win64; x64) AppleWebKit/537.36 (KHTML, like Gecko) Chrome/80.0.3987.149 Safari/537.36"
167.172.130.206 - - [02/Apr/2025:10:55:23 -0400] "POST /xmlrpc.php HTTP/1.1" 200 236 "-" "Mozilla/5.0 (Windows NT 10.0; Win64; x64) AppleWebKit/537.36 (KHTML, like Gecko) Chrome/80.0.3987.149 Safari/537.36"
167.172.130.206 - - [02/Apr/2025:10:55:24 -0400] "POST /xmlrpc.php HTTP/1.1" 200 212 "-" "Mozilla/5.0 (Windows NT 10.0; Win64; x64) AppleWebKit/537.36 (KHTML, like Gecko) Chrome/80.0.3987.149 Safari/537.36"
167.172.130.206 - - [02/Apr/2025:10:55:25 -0400] "POST /xmlrpc.php HTTP/1.1" 200 236 "-" "Mozilla/5.0 (Windows NT 10.0; Win64; x64) AppleWebKit/537.36 (KHTML, like Gecko) Chrome/80.0.3987.149 Safari/537.36"
167.172.130.206 - - [02/Apr/2025:10:55:26 -0400] "POST /xmlrpc.php HTTP/1.1" 200 236 "-" "Mozilla/5.0 (Windows NT 10.0; Win64; x64) AppleWebKit/537.36 (KHTML, like Gecko) Chrome/80.0.3987.149 Safari/537.36"
167.172.130.206 - - [02/Apr/2025:10:55:27 -0400] "POST /xmlrpc.php HTTP/1.1" 200 236 "-" "Mozilla/5.0 (Windows NT 10.0; Win64; x64) AppleWebKit/537.36 (KHTML, like Gecko) Chrome/80.0.3987.149 Safari/537.36"
43.157.156.190 - - [02/Apr/2025:10:56:42 -0400] "GET / HTTP/1.1" 200 98430 "-" "Mozilla/5.0 (iPhone; CPU iPhone OS 13_2_3 like Mac OS X) AppleWebKit/605.1.15 (KHTML, like Gecko) Version/13.0.3 Mobile/15E148 Safari/604.1"
216.244.66.194 - - [02/Apr/2025:11:05:39 -0400] "GET /page/111/ HTTP/1.1" 200 19688 "-" "Mozilla/5.0 (compatible; DotBot/1.2; +https://opensiteexplorer.org/dotbot; help@moz.com)"
216.244.66.194 - - [02/Apr/2025:11:08:01 -0400] "GET /pilates-in-wollongong/feed/ HTTP/1.1" 200 422 "-" "Mozilla/5.0 (compatible; DotBot/1.2; +https://opensiteexplorer.org/dotbot; help@moz.com)"
123.6.49.15 - - [02/Apr/2025:11:16:14 -0400] "GET / HTTP/1.1" 200 98430 "-" "Mozilla/5.0 (Linux; Android 10; HUAWEI P30 Pro) AppleWebKit/537.36 (KHTML, like Gecko) Chrome/89.0.4389.105 Mobile Safari/537.36"
43.204.32.115 - - [02/Apr/2025:11:22:08 -0400] "GET / HTTP/1.1" 200 98430 "-" "Mozilla/5.0 (Windows NT 10.0; Win64; x64) AppleWebKit/537.36 (KHTML, like Gecko) Chrome/80.0.3987.149 Safari/537.36"
43.204.32.115 - - [02/Apr/2025:11:22:09 -0400] "GET / HTTP/1.1" 200 98430 "-" "Mozilla/5.0 (Windows NT 10.0; Win64; x64) AppleWebKit/537.36 (KHTML, like Gecko) Chrome/80.0.3987.149 Safari/537.36"
43.204.32.115 - - [02/Apr/2025:11:22:10 -0400] "GET /wp-includes/wlwmanifest.xml HTTP/1.1" 404 15298 "-" "Mozilla/5.0 (Windows NT 10.0; Win64; x64) AppleWebKit/537.36 (KHTML, like Gecko) Chrome/80.0.3987.149 Safari/537.36"
43.204.32.115 - - [02/Apr/2025:11:22:11 -0400] "GET /?author=1 HTTP/1.1" 200 98430 "-" "Mozilla/5.0 (Windows NT 10.0; Win64; x64) AppleWebKit/537.36 (KHTML, like Gecko) Chrome/80.0.3987.149 Safari/537.36"
43.204.32.115 - - [02/Apr/2025:11:22:12 -0400] "GET /?author=2 HTTP/1.1" 200 98430 "-" "Mozilla/5.0 (Windows NT 10.0; Win64; x64) AppleWebKit/537.36 (KHTML, like Gecko) Chrome/80.0.3987.149 Safari/537.36"
43.204.32.115 - - [02/Apr/2025:11:22:13 -0400] "GET /wp-json/wp/v2/users/ HTTP/1.1" 200 2069 "-" "Mozilla/5.0 (Windows NT 10.0; Win64; x64) AppleWebKit/537.36 (KHTML, like Gecko) Chrome/80.0.3987.149 Safari/537.36"
43.204.32.115 - - [02/Apr/2025:11:22:14 -0400] "POST /xmlrpc.php HTTP/1.1" 200 212 "-" "Mozilla/5.0 (Windows NT 10.0; Win64; x64) AppleWebKit/537.36 (KHTML, like Gecko) Chrome/80.0.3987.149 Safari/537.36"
43.204.32.115 - - [02/Apr/2025:11:22:15 -0400] "POST /xmlrpc.php HTTP/1.1" 200 236 "-" "Mozilla/5.0 (Windows NT 10.0; Win64; x64) AppleWebKit/537.36 (KHTML, like Gecko) Chrome/80.0.3987.149 Safari/537.36"
43.204.32.115 - - [02/Apr/2025:11:22:16 -0400] "POST /xmlrpc.php HTTP/1.1" 200 212 "-" "Mozilla/5.0 (Windows NT 10.0; Win64; x64) AppleWebKit/537.36 (KHTML, like Gecko) Chrome/80.0.3987.149 Safari/537.36"
43.204.32.115 - - [02/Apr/2025:11:22:17 -0400] "POST /xmlrpc.php HTTP/1.1" 200 236 "-" "Mozilla/5.0 (Windows NT 10.0; Win64; x64) AppleWebKit/537.36 (KHTML, like Gecko) Chrome/80.0.3987.149 Safari/537.36"
43.204.32.115 - - [02/Apr/2025:11:22:19 -0400] "POST /xmlrpc.php HTTP/1.1" 200 236 "-" "Mozilla/5.0 (Windows NT 10.0; Win64; x64) AppleWebKit/537.36 (KHTML, like Gecko) Chrome/80.0.3987.149 Safari/537.36"
43.204.32.115 - - [02/Apr/2025:11:22:20 -0400] "POST /xmlrpc.php HTTP/1.1" 200 236 "-" "Mozilla/5.0 (Windows NT 10.0; Win64; x64) AppleWebKit/537.36 (KHTML, like Gecko) Chrome/80.0.3987.149 Safari/537.36"
151.106.162.202 - - [02/Apr/2025:11:25:31 -0400] "GET /img/eye2020-9.jpg HTTP/1.1" 301 0 "-" "Mozilla/5.0 (X11; Ubuntu; Linux x86_64; rv:72.0) Gecko/20100101 Firefox/72.0"
151.106.162.202 - - [02/Apr/2025:11:25:34 -0400] "GET /img/eye2020-9.jpg HTTP/1.1" 404 15293 "-" "Mozilla/5.0 (X11; Ubuntu; Linux x86_64; rv:72.0) Gecko/20100101 Firefox/72.0"
151.106.162.202 - - [02/Apr/2025:11:25:36 -0400] "GET /img/eye2020-9.jpg HTTP/1.1" 301 0 "-" "Mozilla/5.0 (X11; Ubuntu; Linux x86_64; rv:72.0) Gecko/20100101 Firefox/72.0"
151.106.162.202 - - [02/Apr/2025:11:25:37 -0400] "GET /img/eye2020-9.jpg HTTP/1.1" 404 15293 "-" "Mozilla/5.0 (X11; Ubuntu; Linux x86_64; rv:72.0) Gecko/20100101 Firefox/72.0"
151.106.162.202 - - [02/Apr/2025:11:25:37 -0400] "GET /img/eye2020-9.jpg HTTP/1.1" 301 0 "-" "Mozilla/5.0 (X11; Ubuntu; Linux x86_64; rv:72.0) Gecko/20100101 Firefox/72.0"
151.106.162.202 - - [02/Apr/2025:11:25:39 -0400] "GET /img/eye2020-9.jpg HTTP/1.1" 404 15293 "-" "Mozilla/5.0 (X11; Ubuntu; Linux x86_64; rv:72.0) Gecko/20100101 Firefox/72.0"
216.244.66.194 - - [02/Apr/2025:11:28:34 -0400] "GET /robots.txt HTTP/1.1" 304 0 "-" "Mozilla/5.0 (compatible; DotBot/1.2; +https://opensiteexplorer.org/dotbot; help@moz.com)"
4.227.36.76 - - [02/Apr/2025:11:31:43 -0400] "GET /robots.txt HTTP/1.1" 200 132 "-" "Mozilla/5.0 AppleWebKit/537.36 (KHTML, like Gecko; compatible; GPTBot/1.2; +https://openai.com/gptbot)"
216.244.66.194 - - [02/Apr/2025:11:41:04 -0400] "GET /mandar-flores/ HTTP/1.1" 200 21531 "-" "Mozilla/5.0 (compatible; DotBot/1.2; +https://opensiteexplorer.org/dotbot; help@moz.com)"
216.244.66.194 - - [02/Apr/2025:11:41:36 -0400] "GET /flathead-lake-cruises/ HTTP/1.1" 200 22711 "-" "Mozilla/5.0 (compatible; DotBot/1.2; +https://opensiteexplorer.org/dotbot; help@moz.com)"
198.54.114.83 - - [02/Apr/2025:11:41:40 -0400] "POST /wp-cron.php?doing_wp_cron=1743608496.5906379222869873046875 HTTP/1.1" 200 0 "-" "WordPress/6.7.2; https://creative-webstyle.com"
176.123.10.50 - - [02/Apr/2025:11:56:04 -0400] "GET / HTTP/1.1" 200 98430 "-" "Mozilla/5.0 (compatible; ScannerBot/1.0)"
216.244.66.194 - - [02/Apr/2025:11:56:40 -0400] "GET /2024/09/18/ HTTP/1.1" 301 0 "-" "Mozilla/5.0 (compatible; DotBot/1.2; +https://opensiteexplorer.org/dotbot; help@moz.com)"
198.54.114.83 - - [02/Apr/2025:11:59:35 -0400] "POST /wp-cron.php?doing_wp_cron=1743609574.8054890632629394531250 HTTP/1.1" 200 0 "-" "WordPress/6.7.2; https://creative-webstyle.com"
151.106.162.202 - - [02/Apr/2025:11:59:34 -0400] "GET /img/2019itamae850-5.jpg HTTP/1.1" 404 15297 "-" "Mozilla/5.0 (X11; Ubuntu; Linux x86_64; rv:72.0) Gecko/20100101 Firefox/72.0"
151.106.162.202 - - [02/Apr/2025:11:59:37 -0400] "GET /img/2019itamae850-5.jpg HTTP/1.1" 404 15297 "-" "Mozilla/5.0 (X11; Ubuntu; Linux x86_64; rv:72.0) Gecko/20100101 Firefox/72.0"
151.106.162.202 - - [02/Apr/2025:11:59:38 -0400] "GET /img/2019itamae850-5.jpg HTTP/1.1" 404 15297 "-" "Mozilla/5.0 (X11; Ubuntu; Linux x86_64; rv:72.0) Gecko/20100101 Firefox/72.0"
198.54.114.83 - - [02/Apr/2025:12:00:06 -0400] "POST /wp-cron.php?doing_wp_cron=1743609604.7642850875854492187500 HTTP/1.1" 200 0 "-" "WordPress/6.7.2; https://creative-webstyle.com"
216.244.66.194 - - [02/Apr/2025:12:00:04 -0400] "GET /what-is-a-swaging-machine/feed/ HTTP/1.1" 200 432 "-" "Mozilla/5.0 (compatible; DotBot/1.2; +https://opensiteexplorer.org/dotbot; help@moz.com)"
216.244.66.194 - - [02/Apr/2025:12:00:29 -0400] "GET /window-shutters-north-east/feed/ HTTP/1.1" 200 425 "-" "Mozilla/5.0 (compatible; DotBot/1.2; +https://opensiteexplorer.org/dotbot; help@moz.com)"
216.244.66.194 - - [02/Apr/2025:12:14:24 -0400] "GET /robots.txt HTTP/1.1" 304 0 "-" "Mozilla/5.0 (compatible; DotBot/1.2; +https://opensiteexplorer.org/dotbot; help@moz.com)"
176.97.122.93 - - [02/Apr/2025:12:25:54 -0400] "GET / HTTP/1.1" 200 98430 "-" "Mozilla/5.0 (X11; U; Linux i686; en-US; rv:0.9.3) Gecko/20010801"
216.244.66.194 - - [02/Apr/2025:12:28:02 -0400] "GET /2023/03/07/ HTTP/1.1" 301 0 "-" "Mozilla/5.0 (compatible; DotBot/1.2; +https://opensiteexplorer.org/dotbot; help@moz.com)"
216.244.66.194 - - [02/Apr/2025:12:28:06 -0400] "GET /2023/06/11/ HTTP/1.1" 301 0 "-" "Mozilla/5.0 (compatible; DotBot/1.2; +https://opensiteexplorer.org/dotbot; help@moz.com)"
216.244.66.194 - - [02/Apr/2025:12:28:10 -0400] "GET /2023/12/17/ HTTP/1.1" 301 0 "-" "Mozilla/5.0 (compatible; DotBot/1.2; +https://opensiteexplorer.org/dotbot; help@moz.com)"
198.54.114.83 - - [02/Apr/2025:12:28:48 -0400] "POST /wp-cron.php?doing_wp_cron=1743611328.0243740081787109375000 HTTP/1.1" 200 0 "-" "WordPress/6.7.2; https://creative-webstyle.com"
216.244.66.194 - - [02/Apr/2025:12:28:47 -0400] "GET /the-best-pc-building-site/ HTTP/1.1" 200 22346 "-" "Mozilla/5.0 (compatible; DotBot/1.2; +https://opensiteexplorer.org/dotbot; help@moz.com)"
198.54.114.83 - - [02/Apr/2025:12:35:25 -0400] "POST /wp-cron.php?doing_wp_cron=1743611723.3398180007934570312500 HTTP/1.1" 200 0 "-" "WordPress/6.7.2; https://creative-webstyle.com"
