114.235.63.221 - - [15/Apr/2025:10:56:03 -0400] "POST /wp-comments-post.php HTTP/1.1" 302 0 "https://creative-webstyle.com/understanding-health-scores/" "Mozilla/5.0 (Windows NT 10.0; WOW64) AppleWebKit/537.36 (KHTML, like Gecko) Chrome/114.0.0.0 Safari/537.36"
114.235.63.221 - - [15/Apr/2025:10:56:11 -0400] "GET /understanding-health-scores/?unapproved=35239&moderation-hash=2e81d8fc6b13da92f910736dc7349f8f HTTP/1.1" 200 18745 "https://creative-webstyle.com/wp-comments-post.php" "Mozilla/5.0 (Windows NT 10.0; WOW64) AppleWebKit/537.36 (KHTML, like Gecko) Chrome/114.0.0.0 Safari/537.36"
217.113.194.235 - - [15/Apr/2025:10:56:25 -0400] "GET /finding-the-perfect-wedding-celebrant-in-auckland/ HTTP/1.1" 200 18124 "-" "Mozilla/5.0 (compatible; Barkrowler/0.9; +https://babbar.tech/crawler)"
217.113.194.235 - - [15/Apr/2025:10:56:49 -0400] "GET /finding-the-best-accommodation-in-brisbane-by-location/ HTTP/1.1" 200 18494 "-" "Mozilla/5.0 (compatible; Barkrowler/0.9; +https://babbar.tech/crawler)"
198.54.114.83 - - [15/Apr/2025:10:57:16 -0400] "POST /wp-cron.php?doing_wp_cron=1744729034.7300229072570800781250 HTTP/1.1" 200 0 "-" "WordPress/6.7.2; https://creative-webstyle.com"
217.113.194.238 - - [15/Apr/2025:10:57:14 -0400] "GET /when-does-sonic-2-come-out-on-paramount-plus/ HTTP/1.1" 200 20714 "-" "Mozilla/5.0 (compatible; Barkrowler/0.9; +https://babbar.tech/crawler)"
2a02:598:128:8a00::b00:15 - - [15/Apr/2025:10:57:36 -0400] "GET /seashell-ring/ HTTP/1.1" 200 18016 "-" "Mozilla/5.0 (compatible; SeznamBot/4.0; +https://o-seznam.cz/napoveda/vyhledavani/en/seznambot-crawler/)"
217.113.194.240 - - [15/Apr/2025:10:57:40 -0400] "GET /la-revolution-du-jeu-en-ligne-decouvrez-1x-bet/ HTTP/1.1" 200 18136 "-" "Mozilla/5.0 (compatible; Barkrowler/0.9; +https://babbar.tech/crawler)"
212.102.33.148 - - [15/Apr/2025:10:58:03 -0400] "POST /xmlrpc.php HTTP/1.1" 200 186 "-" "Mozilla/5.0 (Windows NT 6.1; Win64; x64) AppleWebKit/537.36 (KHTML, like Gecko) Chrome/80.0.3987.132 Safari/537.36"
217.113.194.237 - - [15/Apr/2025:10:58:04 -0400] "GET /sadan-laver-du-dit-eget-tojdyr/feed/ HTTP/1.1" 200 405 "-" "Mozilla/5.0 (compatible; Barkrowler/0.9; +https://babbar.tech/crawler)"
212.102.33.148 - - [15/Apr/2025:10:58:05 -0400] "POST /xmlrpc.php HTTP/1.1" 200 186 "-" "Mozilla/5.0 (Windows NT 6.1; Win64; x64) AppleWebKit/537.36 (KHTML, like Gecko) Chrome/80.0.3987.132 Safari/537.36"
212.102.33.148 - - [15/Apr/2025:10:58:07 -0400] "POST /xmlrpc.php HTTP/1.1" 200 186 "-" "Mozilla/5.0 (Windows NT 6.1; Win64; x64) AppleWebKit/537.36 (KHTML, like Gecko) Chrome/80.0.3987.132 Safari/537.36"
212.102.33.148 - - [15/Apr/2025:10:58:09 -0400] "POST /xmlrpc.php HTTP/1.1" 200 186 "-" "Mozilla/5.0 (Windows NT 6.1; Win64; x64) AppleWebKit/537.36 (KHTML, like Gecko) Chrome/80.0.3987.132 Safari/537.36"
217.113.194.241 - - [15/Apr/2025:10:58:31 -0400] "GET /how-to-choose-an-affordable-clipping-path-service/feed/ HTTP/1.1" 200 418 "-" "Mozilla/5.0 (compatible; Barkrowler/0.9; +https://babbar.tech/crawler)"
217.113.194.232 - - [15/Apr/2025:10:59:02 -0400] "GET /how-to-find-a-louisiana-criminal-lawyer-you-can-trust/ HTTP/1.1" 200 17855 "-" "Mozilla/5.0 (compatible; Barkrowler/0.9; +https://babbar.tech/crawler)"
217.113.194.234 - - [15/Apr/2025:10:59:34 -0400] "GET /how-to-find-reputable-photo-clipping-services/feed/ HTTP/1.1" 200 415 "-" "Mozilla/5.0 (compatible; Barkrowler/0.9; +https://babbar.tech/crawler)"
47.128.16.132 - - [15/Apr/2025:10:59:36 -0400] "GET /understanding-aba-therapy-for-kids-in-dubai/ HTTP/1.1" 200 17799 "-" "Mozilla/5.0 (Linux; Android 5.0) AppleWebKit/537.36 (KHTML, like Gecko) Mobile Safari/537.36 (compatible; TikTokSpider; ttspider-feedback@tiktok.com)"
217.113.194.254 - - [15/Apr/2025:11:00:04 -0400] "GET /how-to-find-the-best-youtube-subscriber-buy-site/feed/ HTTP/1.1" 200 427 "-" "Mozilla/5.0 (compatible; Barkrowler/0.9; +https://babbar.tech/crawler)"
114.235.63.221 - - [15/Apr/2025:11:00:24 -0400] "GET /understanding-health-scores/ HTTP/1.1" 200 18127 "-" "Mozilla/5.0 (Windows NT 10.0; Win64; x64; rv:114.0) Gecko/20100101 Firefox/114.0"
154.54.249.218 - - [15/Apr/2025:11:00:32 -0400] "GET /how-to-find-the-best-cheapest-extended-car-warranty/ HTTP/1.1" 200 18186 "-" "Mozilla/5.0 (compatible; Barkrowler/0.9; +https://babbar.tech/crawler)"
217.113.194.234 - - [15/Apr/2025:11:00:58 -0400] "GET /the-main-goals-a-financial-plan-should-accomplish/ HTTP/1.1" 200 19801 "-" "Mozilla/5.0 (compatible; Barkrowler/0.9; +https://babbar.tech/crawler)"
154.54.249.218 - - [15/Apr/2025:11:01:24 -0400] "GET /the-basics-of-using-a-norcold-refrigerator/feed/ HTTP/1.1" 200 412 "-" "Mozilla/5.0 (compatible; Barkrowler/0.9; +https://babbar.tech/crawler)"
198.54.114.83 - - [15/Apr/2025:11:01:29 -0400] "POST /wp-cron.php?doing_wp_cron=1744729285.9965190887451171875000 HTTP/1.1" 200 0 "-" "WordPress/6.7.2; https://creative-webstyle.com"
217.113.194.254 - - [15/Apr/2025:11:01:52 -0400] "GET /effektive-unterstutzung-fur-jurastudenten/feed/ HTTP/1.1" 200 412 "-" "Mozilla/5.0 (compatible; Barkrowler/0.9; +https://babbar.tech/crawler)"
217.113.194.232 - - [15/Apr/2025:11:02:18 -0400] "GET /discovering-unblocked-games-6x-a-world-of-fun/ HTTP/1.1" 200 18066 "-" "Mozilla/5.0 (compatible; Barkrowler/0.9; +https://babbar.tech/crawler)"
3.131.82.143 - - [15/Apr/2025:11:02:39 -0400] "GET /?p=2811 HTTP/1.1" 200 78396 "-" "Mozilla/5.0 AppleWebKit/537.36 (KHTML, like Gecko; compatible; ClaudeBot/1.0; +claudebot@anthropic.com)"
217.113.194.232 - - [15/Apr/2025:11:02:42 -0400] "GET /discover-your-dream-home-houses-for-sale-in-napa-ca/ HTTP/1.1" 200 18125 "-" "Mozilla/5.0 (compatible; Barkrowler/0.9; +https://babbar.tech/crawler)"
217.113.194.233 - - [15/Apr/2025:11:03:09 -0400] "GET /discover-the-charm-of-one-bernam-showflat/ HTTP/1.1" 200 18502 "-" "Mozilla/5.0 (compatible; Barkrowler/0.9; +https://babbar.tech/crawler)"
217.113.194.234 - - [15/Apr/2025:11:03:33 -0400] "GET /discover-the-charm-of-one-bernam-showflat/feed/ HTTP/1.1" 200 411 "-" "Mozilla/5.0 (compatible; Barkrowler/0.9; +https://babbar.tech/crawler)"
217.113.194.238 - - [15/Apr/2025:11:04:00 -0400] "GET /eyelash-serum-with-bimatoprost/feed/ HTTP/1.1" 200 398 "-" "Mozilla/5.0 (compatible; Barkrowler/0.9; +https://babbar.tech/crawler)"
217.113.194.240 - - [15/Apr/2025:11:04:27 -0400] "GET /simplifying-links-with-free-url-shorteners/feed/ HTTP/1.1" 200 410 "-" "Mozilla/5.0 (compatible; Barkrowler/0.9; +https://babbar.tech/crawler)"
217.113.194.241 - - [15/Apr/2025:11:04:54 -0400] "GET /ai-agent-revolutionizing-workflows-and-efficiency/ HTTP/1.1" 200 18792 "-" "Mozilla/5.0 (compatible; Barkrowler/0.9; +https://babbar.tech/crawler)"
154.54.249.218 - - [15/Apr/2025:11:05:17 -0400] "GET /digital-marketing-and-its-influence-in-business-strategies/ HTTP/1.1" 200 18843 "-" "Mozilla/5.0 (compatible; Barkrowler/0.9; +https://babbar.tech/crawler)"
2a02:598:128:8a00::b00:a - - [15/Apr/2025:11:05:38 -0400] "GET /efficiency-at-your-fingertips-the-instant-hot-water-tap/ HTTP/1.1" 200 18149 "-" "Mozilla/5.0 (compatible; SeznamBot/4.0; +https://o-seznam.cz/napoveda/vyhledavani/en/seznambot-crawler/)"
217.113.194.240 - - [15/Apr/2025:11:05:44 -0400] "GET /24-hour-locksmiths-working-for-your-satisfaction/ HTTP/1.1" 200 18349 "-" "Mozilla/5.0 (compatible; Barkrowler/0.9; +https://babbar.tech/crawler)"
217.113.194.236 - - [15/Apr/2025:11:06:12 -0400] "GET /transforming-lives-at-fertility-clinic-dubai/feed/ HTTP/1.1" 200 414 "-" "Mozilla/5.0 (compatible; Barkrowler/0.9; +https://babbar.tech/crawler)"
154.54.249.218 - - [15/Apr/2025:11:06:34 -0400] "GET /transformative-tips-for-small-bathroom-renovations/feed/ HTTP/1.1" 200 419 "-" "Mozilla/5.0 (compatible; Barkrowler/0.9; +https://babbar.tech/crawler)"
198.54.114.83 - - [15/Apr/2025:11:06:38 -0400] "POST /wp-cron.php?doing_wp_cron=1744729595.1565060615539550781250 HTTP/1.1" 200 0 "-" "WordPress/6.7.2; https://creative-webstyle.com"
217.113.194.236 - - [15/Apr/2025:11:06:58 -0400] "GET /endless-entertainment-unblocked-games-6x/feed/ HTTP/1.1" 200 402 "-" "Mozilla/5.0 (compatible; Barkrowler/0.9; +https://babbar.tech/crawler)"
217.113.194.236 - - [15/Apr/2025:11:07:25 -0400] "GET /how-buying-instagram-likes-can-help-your-business/feed/ HTTP/1.1" 200 422 "-" "Mozilla/5.0 (compatible; Barkrowler/0.9; +https://babbar.tech/crawler)"
154.54.249.218 - - [15/Apr/2025:11:07:49 -0400] "GET /yacht-charter-in-sardinia-costa-smeralda-and-beyond/feed/ HTTP/1.1" 200 434 "-" "Mozilla/5.0 (compatible; Barkrowler/0.9; +https://babbar.tech/crawler)"
198.54.114.83 - - [15/Apr/2025:11:07:50 -0400] "POST /wp-cron.php?doing_wp_cron=1744729669.5826098918914794921875 HTTP/1.1" 200 0 "-" "WordPress/6.7.2; https://creative-webstyle.com"
2a02:598:128:8a00::b00:15 - - [15/Apr/2025:11:07:50 -0400] "GET /winnie-the-pooh-quotes/ HTTP/1.1" 404 12629 "-" "Mozilla/5.0 (compatible; SeznamBot/4.0; +https://o-seznam.cz/napoveda/vyhledavani/en/seznambot-crawler/)"
217.113.194.254 - - [15/Apr/2025:11:08:10 -0400] "GET /yacht-charter-in-sardinia-costa-smeralda-and-beyond/ HTTP/1.1" 200 21583 "-" "Mozilla/5.0 (compatible; Barkrowler/0.9; +https://babbar.tech/crawler)"
154.54.249.218 - - [15/Apr/2025:11:08:37 -0400] "GET /vita-glow-skin-whitening-night-cream-review/feed/ HTTP/1.1" 200 418 "-" "Mozilla/5.0 (compatible; Barkrowler/0.9; +https://babbar.tech/crawler)"
185.173.37.68 - - [15/Apr/2025:11:09:03 -0400] "GET /the-intriguing-world-of-satta-king-a-comprehensive-overview/ HTTP/1.1" 200 18543 "-" "Mozilla/5.0 (Windows NT 10.0; Win64; x64; rv:114.0) Gecko/20100101 Firefox/114.0"
217.113.194.233 - - [15/Apr/2025:11:09:04 -0400] "GET /exceptional-interior-design-services-in-yaletown/feed/ HTTP/1.1" 200 413 "-" "Mozilla/5.0 (compatible; Barkrowler/0.9; +https://babbar.tech/crawler)"
198.54.114.83 - - [15/Apr/2025:11:09:09 -0400] "POST /wp-cron.php?doing_wp_cron=1744729745.0339810848236083984375 HTTP/1.1" 200 0 "-" "WordPress/6.7.2; https://creative-webstyle.com"
217.113.194.235 - - [15/Apr/2025:11:09:31 -0400] "GET /optimiser-la-presence-en-ligne-des-petites-entreprises/feed/ HTTP/1.1" 200 430 "-" "Mozilla/5.0 (compatible; Barkrowler/0.9; +https://babbar.tech/crawler)"
217.113.194.234 - - [15/Apr/2025:11:09:54 -0400] "GET /a-comprehensive-look-at-the-arcady-showflat/feed/ HTTP/1.1" 200 411 "-" "Mozilla/5.0 (compatible; Barkrowler/0.9; +https://babbar.tech/crawler)"
172.245.168.36 - - [15/Apr/2025:11:09:52 -0400] "POST /index.php/wp-json/litespeed/v1/cdn_status HTTP/1.1" 401 98 "https://mail.creative-webstyle.com/wp-admin/update.php?action=upload-plugin" "Mozilla/5.0 (Windows NT 10.0; Win64; x64; rv:128.0) Gecko/20100101 Firefox/128.0"
85.208.96.198 - - [15/Apr/2025:11:10:08 -0400] "GET /the-new-frontier-of-meme-coins/ HTTP/1.1" 200 17972 "-" "Mozilla/5.0 (compatible; SemrushBot/7~bl; +http://www.semrush.com/bot.html)"
217.113.194.239 - - [15/Apr/2025:11:10:20 -0400] "GET /birthday-cakes-adding-fun-to-food/feed/ HTTP/1.1" 200 409 "-" "Mozilla/5.0 (compatible; Barkrowler/0.9; +https://babbar.tech/crawler)"
198.54.114.83 - - [15/Apr/2025:11:10:23 -0400] "POST /wp-cron.php?doing_wp_cron=1744729820.8004190921783447265625 HTTP/1.1" 200 0 "-" "WordPress/6.7.2; https://creative-webstyle.com"
217.113.194.235 - - [15/Apr/2025:11:10:43 -0400] "GET /california-prefab-homes-a-modern-housing-solution/feed/ HTTP/1.1" 200 413 "-" "Mozilla/5.0 (compatible; Barkrowler/0.9; +https://babbar.tech/crawler)"
154.54.249.218 - - [15/Apr/2025:11:11:10 -0400] "GET /california-prefab-homes-a-modern-housing-solution/ HTTP/1.1" 200 17866 "-" "Mozilla/5.0 (compatible; Barkrowler/0.9; +https://babbar.tech/crawler)"
198.54.114.83 - - [15/Apr/2025:11:11:35 -0400] "POST /wp-cron.php?doing_wp_cron=1744729893.2649400234222412109375 HTTP/1.1" 200 0 "-" "WordPress/6.7.2; https://creative-webstyle.com"
217.113.194.236 - - [15/Apr/2025:11:11:32 -0400] "GET /ray-ban-glasses-timeless-style-meets-modern-innovation/ HTTP/1.1" 200 18386 "-" "Mozilla/5.0 (compatible; Barkrowler/0.9; +https://babbar.tech/crawler)"
217.113.194.233 - - [15/Apr/2025:11:11:55 -0400] "GET /mettigel-a-popular-snack-in-germany/feed/ HTTP/1.1" 200 406 "-" "Mozilla/5.0 (compatible; Barkrowler/0.9; +https://babbar.tech/crawler)"
217.113.194.233 - - [15/Apr/2025:11:12:17 -0400] "GET /the-joe-tippens-protocol-for-cancer-treatment/ HTTP/1.1" 200 18037 "-" "Mozilla/5.0 (compatible; Barkrowler/0.9; +https://babbar.tech/crawler)"
198.54.114.83 - - [15/Apr/2025:11:12:40 -0400] "POST /wp-cron.php?doing_wp_cron=1744729959.4322760105133056640625 HTTP/1.1" 200 0 "-" "WordPress/6.7.2; https://creative-webstyle.com"
217.113.194.236 - - [15/Apr/2025:11:12:39 -0400] "GET /why-choose-bowman-hydraulic-oil-coolers/feed/ HTTP/1.1" 200 408 "-" "Mozilla/5.0 (compatible; Barkrowler/0.9; +https://babbar.tech/crawler)"
217.113.194.234 - - [15/Apr/2025:11:13:04 -0400] "GET /strategies-to-skyrocket-your-youtube-subscriber-count/ HTTP/1.1" 200 18503 "-" "Mozilla/5.0 (compatible; Barkrowler/0.9; +https://babbar.tech/crawler)"
217.113.194.234 - - [15/Apr/2025:11:13:26 -0400] "GET /buy-youtube-watch-time-from-reputable-providers/feed/ HTTP/1.1" 200 423 "-" "Mozilla/5.0 (compatible; Barkrowler/0.9; +https://babbar.tech/crawler)"
217.113.194.241 - - [15/Apr/2025:11:13:50 -0400] "GET /le-pendule-oscille-dans-les-deux-sens/feed/ HTTP/1.1" 200 397 "-" "Mozilla/5.0 (compatible; Barkrowler/0.9; +https://babbar.tech/crawler)"
198.54.114.83 - - [15/Apr/2025:11:13:54 -0400] "POST /wp-cron.php?doing_wp_cron=1744730031.4862139225006103515625 HTTP/1.1" 200 0 "-" "WordPress/6.7.2; https://creative-webstyle.com"
217.113.194.254 - - [15/Apr/2025:11:14:15 -0400] "GET /luxurious-living-at-park-hill-condo/feed/ HTTP/1.1" 200 408 "-" "Mozilla/5.0 (compatible; Barkrowler/0.9; +https://babbar.tech/crawler)"
217.113.194.240 - - [15/Apr/2025:11:14:40 -0400] "GET /luxurious-living-at-ardor-residence-showflat/feed/ HTTP/1.1" 200 410 "-" "Mozilla/5.0 (compatible; Barkrowler/0.9; +https://babbar.tech/crawler)"
217.113.194.233 - - [15/Apr/2025:11:15:05 -0400] "GET /die-faszination-der-pokemon-spielzeuge/feed/ HTTP/1.1" 200 409 "-" "Mozilla/5.0 (compatible; Barkrowler/0.9; +https://babbar.tech/crawler)"
198.54.114.83 - - [15/Apr/2025:11:15:09 -0400] "POST /wp-cron.php?doing_wp_cron=1744730106.4263660907745361328125 HTTP/1.1" 200 0 "-" "WordPress/6.7.2; https://creative-webstyle.com"
217.113.194.234 - - [15/Apr/2025:11:15:30 -0400] "GET /die-rechtsanwaltskanzlei-hattingen/feed/ HTTP/1.1" 200 392 "-" "Mozilla/5.0 (compatible; Barkrowler/0.9; +https://babbar.tech/crawler)"
217.113.194.235 - - [15/Apr/2025:11:15:55 -0400] "GET /navigating-legal-challenges-with-an-oui-lawyer/feed/ HTTP/1.1" 200 414 "-" "Mozilla/5.0 (compatible; Barkrowler/0.9; +https://babbar.tech/crawler)"
217.113.194.241 - - [15/Apr/2025:11:16:17 -0400] "GET /navigating-the-landscape-of-fast-loans-in-singapore/feed/ HTTP/1.1" 200 423 "-" "Mozilla/5.0 (compatible; Barkrowler/0.9; +https://babbar.tech/crawler)"
198.54.114.83 - - [15/Apr/2025:11:16:21 -0400] "POST /wp-cron.php?doing_wp_cron=1744730178.3775110244750976562500 HTTP/1.1" 200 0 "-" "WordPress/6.7.2; https://creative-webstyle.com"
154.54.249.218 - - [15/Apr/2025:11:16:43 -0400] "GET /navigating-the-digital-dice-the-rise-of-online-casinos/feed/ HTTP/1.1" 200 425 "-" "Mozilla/5.0 (compatible; Barkrowler/0.9; +https://babbar.tech/crawler)"
217.113.194.237 - - [15/Apr/2025:11:17:04 -0400] "GET /navigating-the-digital-dice-the-dynamics-of-online-gambling/feed/ HTTP/1.1" 200 431 "-" "Mozilla/5.0 (compatible; Barkrowler/0.9; +https://babbar.tech/crawler)"
114.235.63.221 - - [15/Apr/2025:11:17:10 -0400] "GET /unveiling-the-risks-and-rewards-of-free-casinos/ HTTP/1.1" 200 18025 "-" "Mozilla/5.0 (Macintosh; Intel Mac OS X 12.5; rv:114.0) Gecko/20100101 Firefox/114.0"
114.235.63.221 - - [15/Apr/2025:11:17:17 -0400] "POST /wp-comments-post.php HTTP/1.1" 302 0 "https://creative-webstyle.com/unveiling-the-risks-and-rewards-of-free-casinos/" "Mozilla/5.0 (Macintosh; Intel Mac OS X 12.5; rv:114.0) Gecko/20100101 Firefox/114.0"
114.235.63.221 - - [15/Apr/2025:11:17:22 -0400] "GET /unveiling-the-risks-and-rewards-of-free-casinos/?unapproved=35240&moderation-hash=6b8ebdcd23f6c506fe30b3722fda2f6e HTTP/1.1" 200 18691 "https://creative-webstyle.com/wp-comments-post.php" "Mozilla/5.0 (Macintosh; Intel Mac OS X 12.5; rv:114.0) Gecko/20100101 Firefox/114.0"
198.54.114.83 - - [15/Apr/2025:11:17:25 -0400] "POST /wp-cron.php?doing_wp_cron=1744730243.3008599281311035156250 HTTP/1.1" 200 0 "-" "WordPress/6.7.2; https://creative-webstyle.com"
114.235.63.221 - - [15/Apr/2025:11:17:27 -0400] "GET /unveiling-the-risks-and-rewards-of-free-casinos/ HTTP/1.1" 200 18025 "-" "Mozilla/5.0 (Macintosh; Intel Mac OS X 12.5; rv:114.0) Gecko/20100101 Firefox/114.0"
217.113.194.233 - - [15/Apr/2025:11:17:27 -0400] "GET /navigating-the-dynamic-realm-of-cryptocurrency-trading/ HTTP/1.1" 200 17922 "-" "Mozilla/5.0 (compatible; Barkrowler/0.9; +https://babbar.tech/crawler)"
217.113.194.239 - - [15/Apr/2025:11:17:52 -0400] "GET /navigating-the-dynamic-realm-of-cryptocurrency-trading/feed/ HTTP/1.1" 200 421 "-" "Mozilla/5.0 (compatible; Barkrowler/0.9; +https://babbar.tech/crawler)"
217.113.194.235 - - [15/Apr/2025:11:18:16 -0400] "GET /navigating-the-thrills-exploring-the-realm-of-online-casinos/ HTTP/1.1" 200 18319 "-" "Mozilla/5.0 (compatible; Barkrowler/0.9; +https://babbar.tech/crawler)"
198.54.114.83 - - [15/Apr/2025:11:18:45 -0400] "POST /wp-cron.php?doing_wp_cron=1744730323.3863930702209472656250 HTTP/1.1" 200 0 "-" "WordPress/6.7.2; https://creative-webstyle.com"
217.113.194.239 - - [15/Apr/2025:11:18:43 -0400] "GET /the-beauty-of-betfair-tennis-in-play-trading/ HTTP/1.1" 200 17847 "-" "Mozilla/5.0 (compatible; Barkrowler/0.9; +https://babbar.tech/crawler)"
217.113.194.236 - - [15/Apr/2025:11:19:11 -0400] "GET /the-better-alternative-to-conservatory-blinds-inserts/feed/ HTTP/1.1" 200 424 "-" "Mozilla/5.0 (compatible; Barkrowler/0.9; +https://babbar.tech/crawler)"
217.113.194.235 - - [15/Apr/2025:11:19:37 -0400] "GET /the-benefits-of-diesel-lift-truck-renting/feed/ HTTP/1.1" 200 412 "-" "Mozilla/5.0 (compatible; Barkrowler/0.9; +https://babbar.tech/crawler)"
217.113.194.254 - - [15/Apr/2025:11:20:01 -0400] "GET /revolutionizing-productivity-taskade-ai-agents/ HTTP/1.1" 200 17971 "-" "Mozilla/5.0 (compatible; Barkrowler/0.9; +https://babbar.tech/crawler)"
198.54.114.83 - - [15/Apr/2025:11:20:06 -0400] "POST /wp-cron.php?doing_wp_cron=1744730402.1256780624389648437500 HTTP/1.1" 200 0 "-" "WordPress/6.7.2; https://creative-webstyle.com"
217.113.194.237 - - [15/Apr/2025:11:20:31 -0400] "GET /revolutionner-la-tradition-la-palette-pop-art/ HTTP/1.1" 200 18235 "-" "Mozilla/5.0 (compatible; Barkrowler/0.9; +https://babbar.tech/crawler)"
217.113.194.234 - - [15/Apr/2025:11:20:56 -0400] "GET /revolutionner-la-tradition-la-palette-pop-art/feed/ HTTP/1.1" 200 423 "-" "Mozilla/5.0 (compatible; Barkrowler/0.9; +https://babbar.tech/crawler)"
212.102.37.196 - - [15/Apr/2025:11:21:20 -0400] "GET /2023/03/ HTTP/1.1" 301 0 "-" "Mozilla/5.0 (Windows NT 10.0) AppleWebKit/537.36 (KHTML, like Gecko) Chrome/114.0.0.0 Safari/537.36"
198.54.114.83 - - [15/Apr/2025:11:21:24 -0400] "POST /wp-cron.php?doing_wp_cron=1744730480.7909989356994628906250 HTTP/1.1" 200 0 "-" "WordPress/6.7.2; https://creative-webstyle.com"
217.113.194.233 - - [15/Apr/2025:11:21:23 -0400] "GET /esta-herramienta-no-solo-te-da-tu-edad/ HTTP/1.1" 200 17730 "-" "Mozilla/5.0 (compatible; Barkrowler/0.9; +https://babbar.tech/crawler)"
212.102.37.196 - - [15/Apr/2025:11:21:26 -0400] "GET / HTTP/1.1" 200 78396 "https://creative-webstyle.com/2023/03/" "Mozilla/5.0 (Windows NT 10.0) AppleWebKit/537.36 (KHTML, like Gecko) Chrome/114.0.0.0 Safari/537.36"
212.102.37.196 - - [15/Apr/2025:11:21:30 -0400] "GET /'%20+%20item.url%20+%20' HTTP/1.1" 301 0 "https://creative-webstyle.com" "Mozilla/5.0 (Windows NT 10.0) AppleWebKit/537.36 (KHTML, like Gecko) Chrome/114.0.0.0 Safari/537.36"
212.102.37.196 - - [15/Apr/2025:11:21:35 -0400] "GET /%20+%20item.url%20+%20 HTTP/1.1" 301 0 "https://creative-webstyle.com/'%20+%20item.url%20+%20'" "Mozilla/5.0 (Windows NT 10.0) AppleWebKit/537.36 (KHTML, like Gecko) Chrome/114.0.0.0 Safari/537.36"
212.102.37.196 - - [15/Apr/2025:11:21:40 -0400] "GET /%20+%20item.url%20+ HTTP/1.1" 404 12629 "https://creative-webstyle.com/%20+%20item.url%20+%20" "Mozilla/5.0 (Windows NT 10.0) AppleWebKit/537.36 (KHTML, like Gecko) Chrome/114.0.0.0 Safari/537.36"
212.102.37.196 - - [15/Apr/2025:11:21:46 -0400] "GET / HTTP/1.1" 200 78396 "https://creative-webstyle.com" "Mozilla/5.0 (Windows NT 10.0) AppleWebKit/537.36 (KHTML, like Gecko) Chrome/114.0.0.0 Safari/537.36"
217.113.194.232 - - [15/Apr/2025:11:21:50 -0400] "GET /erfolgreich-durchsetzen-in-jeder-situation/ HTTP/1.1" 200 18101 "-" "Mozilla/5.0 (compatible; Barkrowler/0.9; +https://babbar.tech/crawler)"
47.238.13.17 - - [15/Apr/2025:11:22:06 -0400] "GET /navigating-employment-law-a-comprehensive-guide-to-sound-advice HTTP/1.1" 301 0 "-" "Mozilla/5.0 (Macintosh; Intel Mac OS X 10_15_7) AppleWebKit/537.36 (KHTML, like Gecko) Chrome/109.0.0.0 Safari/537.36"
47.238.13.17 - - [15/Apr/2025:11:22:10 -0400] "GET /navigating-employment-law-a-comprehensive-guide-to-sound-advice/ HTTP/1.1" 200 18309 "https://creative-webstyle.com/navigating-employment-law-a-comprehensive-guide-to-sound-advice" "Mozilla/5.0 (Macintosh; Intel Mac OS X 10_15_7) AppleWebKit/537.36 (KHTML, like Gecko) Chrome/109.0.0.0 Safari/537.36"
217.113.194.254 - - [15/Apr/2025:11:22:14 -0400] "GET /unlocking-fun-with-unblocked-games-6x/ HTTP/1.1" 200 18090 "-" "Mozilla/5.0 (compatible; Barkrowler/0.9; +https://babbar.tech/crawler)"
217.113.194.233 - - [15/Apr/2025:11:22:38 -0400] "GET /unveiling-the-world-of-professional-headphones/feed/ HTTP/1.1" 200 409 "-" "Mozilla/5.0 (compatible; Barkrowler/0.9; +https://babbar.tech/crawler)"
198.54.114.83 - - [15/Apr/2025:11:22:41 -0400] "POST /wp-cron.php?doing_wp_cron=1744730558.8034720420837402343750 HTTP/1.1" 200 0 "-" "WordPress/6.7.2; https://creative-webstyle.com"
217.113.194.237 - - [15/Apr/2025:11:23:05 -0400] "GET /unveiling-the-hidden-gem-nusa-penida/ HTTP/1.1" 200 18239 "-" "Mozilla/5.0 (compatible; Barkrowler/0.9; +https://babbar.tech/crawler)"
217.113.194.240 - - [15/Apr/2025:11:23:30 -0400] "GET /unveiling-the-allure-and-risks-of-online-casinos/ HTTP/1.1" 200 17823 "-" "Mozilla/5.0 (compatible; Barkrowler/0.9; +https://babbar.tech/crawler)"
217.113.194.232 - - [15/Apr/2025:11:23:56 -0400] "GET /unveiling-the-wonders-the-perfect-science-gift/ HTTP/1.1" 200 18746 "-" "Mozilla/5.0 (compatible; Barkrowler/0.9; +https://babbar.tech/crawler)"
198.54.114.83 - - [15/Apr/2025:11:24:00 -0400] "POST /wp-cron.php?doing_wp_cron=1744730636.8524179458618164062500 HTTP/1.1" 200 0 "-" "WordPress/6.7.2; https://creative-webstyle.com"
114.235.63.221 - - [15/Apr/2025:11:24:13 -0400] "GET /unveiling-the-risks-and-rewards-of-free-casinos/ HTTP/1.1" 200 18025 "-" "Mozilla/5.0 (Windows NT 10.0; Win64; x64; rv:114.0) Gecko/20100101 Firefox/114.0"
217.113.194.236 - - [15/Apr/2025:11:24:22 -0400] "GET /unveiling-the-truth-behind-buying-instagram-followers/ HTTP/1.1" 200 18240 "-" "Mozilla/5.0 (compatible; Barkrowler/0.9; +https://babbar.tech/crawler)"
217.113.194.240 - - [15/Apr/2025:11:24:48 -0400] "GET /benefits-of-borrowing-from-a-licensed-money-lender/ HTTP/1.1" 200 17720 "-" "Mozilla/5.0 (compatible; Barkrowler/0.9; +https://babbar.tech/crawler)"
198.54.114.83 - - [15/Apr/2025:11:25:23 -0400] "POST /wp-cron.php?doing_wp_cron=1744730722.5689640045166015625000 HTTP/1.1" 200 0 "-" "WordPress/6.7.2; https://creative-webstyle.com"
217.113.194.241 - - [15/Apr/2025:11:25:22 -0400] "GET /photographers-mesmerizing-pictures-at-randburg/ HTTP/1.1" 200 18419 "-" "Mozilla/5.0 (compatible; Barkrowler/0.9; +https://babbar.tech/crawler)"
154.54.249.218 - - [15/Apr/2025:11:25:49 -0400] "GET /the-first-six-months-big-changes-month-two/ HTTP/1.1" 200 19446 "-" "Mozilla/5.0 (compatible; Barkrowler/0.9; +https://babbar.tech/crawler)"
217.113.194.235 - - [15/Apr/2025:11:26:11 -0400] "GET /understanding-the-role-of-an-executor-of-a-will/ HTTP/1.1" 200 17937 "-" "Mozilla/5.0 (compatible; Barkrowler/0.9; +https://babbar.tech/crawler)"
198.54.114.83 - - [15/Apr/2025:11:26:35 -0400] "POST /wp-cron.php?doing_wp_cron=1744730794.4070351123809814453125 HTTP/1.1" 200 0 "-" "WordPress/6.7.2; https://creative-webstyle.com"
217.113.194.254 - - [15/Apr/2025:11:26:33 -0400] "GET /lart-de-sublimer-votre-interieur-pour-mieux-vendre/feed/ HTTP/1.1" 200 440 "-" "Mozilla/5.0 (compatible; Barkrowler/0.9; +https://babbar.tech/crawler)"
217.113.194.240 - - [15/Apr/2025:11:26:56 -0400] "GET /lilo-and-stitch-teddys-aloha/feed/ HTTP/1.1" 200 404 "-" "Mozilla/5.0 (compatible; Barkrowler/0.9; +https://babbar.tech/crawler)"
217.113.194.233 - - [15/Apr/2025:11:27:20 -0400] "GET /michael-kors-handbags-on-sale-for-discounts-youll-love/ HTTP/1.1" 200 18631 "-" "Mozilla/5.0 (compatible; Barkrowler/0.9; +https://babbar.tech/crawler)"
198.54.114.83 - - [15/Apr/2025:11:27:44 -0400] "POST /wp-cron.php?doing_wp_cron=1744730862.8049919605255126953125 HTTP/1.1" 200 0 "-" "WordPress/6.7.2; https://creative-webstyle.com"
217.113.194.235 - - [15/Apr/2025:11:27:42 -0400] "GET /movers-7-secrets-to-finding-the-right-moving-company/ HTTP/1.1" 200 20473 "-" "Mozilla/5.0 (compatible; Barkrowler/0.9; +https://babbar.tech/crawler)"
217.113.194.240 - - [15/Apr/2025:11:28:07 -0400] "GET /escapade-ideale-sejour-au-resort-du-lac-de-garde/ HTTP/1.1" 200 17989 "-" "Mozilla/5.0 (compatible; Barkrowler/0.9; +https://babbar.tech/crawler)"
40.77.167.85 - - [15/Apr/2025:11:28:33 -0400] "GET /robots.txt HTTP/1.1" 200 110 "-" "Mozilla/5.0 AppleWebKit/537.36 (KHTML, like Gecko; compatible; bingbot/2.0; +http://www.bing.com/bingbot.htm) Chrome/116.0.1938.76 Safari/537.36"
217.113.194.239 - - [15/Apr/2025:11:28:33 -0400] "GET /escapade-ideale-sejour-au-resort-du-lac-de-garde/feed/ HTTP/1.1" 200 428 "-" "Mozilla/5.0 (compatible; Barkrowler/0.9; +https://babbar.tech/crawler)"
157.55.39.15 - - [15/Apr/2025:11:28:39 -0400] "GET /proceedings-supplementary-in-florida-how-to-use-them-and-how-to-avoid-them/ HTTP/1.1" 200 19065 "-" "Mozilla/5.0 AppleWebKit/537.36 (KHTML, like Gecko; compatible; bingbot/2.0; +http://www.bing.com/bingbot.htm) Chrome/116.0.1938.76 Safari/537.36"
154.54.249.218 - - [15/Apr/2025:11:28:54 -0400] "GET /restoring-functionality-appliance-repair-in-gatineau/ HTTP/1.1" 200 18306 "-" "Mozilla/5.0 (compatible; Barkrowler/0.9; +https://babbar.tech/crawler)"
198.54.114.83 - - [15/Apr/2025:11:28:57 -0400] "POST /wp-cron.php?doing_wp_cron=1744730935.2036719322204589843750 HTTP/1.1" 200 0 "-" "WordPress/6.7.2; https://creative-webstyle.com"
217.113.194.233 - - [15/Apr/2025:11:29:20 -0400] "GET /tembusu-grand-a-new-development-in-district-15/feed/ HTTP/1.1" 200 419 "-" "Mozilla/5.0 (compatible; Barkrowler/0.9; +https://babbar.tech/crawler)"
217.113.194.239 - - [15/Apr/2025:11:29:42 -0400] "GET /complete-guide-to-natural-language-processing-nlp/feed/ HTTP/1.1" 200 424 "-" "Mozilla/5.0 (compatible; Barkrowler/0.9; +https://babbar.tech/crawler)"
198.54.114.83 - - [15/Apr/2025:11:30:14 -0400] "POST /wp-cron.php?doing_wp_cron=1744731010.4858129024505615234375 HTTP/1.1" 200 0 "-" "WordPress/6.7.2; https://creative-webstyle.com"
154.54.249.218 - - [15/Apr/2025:11:30:10 -0400] "GET /que-peut-faire-le-desherbant-general-pour-moi/ HTTP/1.1" 200 18265 "-" "Mozilla/5.0 (compatible; Barkrowler/0.9; +https://babbar.tech/crawler)"
217.113.194.233 - - [15/Apr/2025:11:30:34 -0400] "GET /best-affordable-concrete-contractors-in-northern-colorado/ HTTP/1.1" 200 18034 "-" "Mozilla/5.0 (compatible; Barkrowler/0.9; +https://babbar.tech/crawler)"
217.113.194.234 - - [15/Apr/2025:11:31:01 -0400] "GET /reduce-your-online-gambling-losses-to-make-money/feed/ HTTP/1.1" 200 423 "-" "Mozilla/5.0 (compatible; Barkrowler/0.9; +https://babbar.tech/crawler)"
217.113.194.240 - - [15/Apr/2025:11:31:25 -0400] "GET /careprost-eyelash-serum-uk/feed/ HTTP/1.1" 200 390 "-" "Mozilla/5.0 (compatible; Barkrowler/0.9; +https://babbar.tech/crawler)"
198.54.114.83 - - [15/Apr/2025:11:31:28 -0400] "POST /wp-cron.php?doing_wp_cron=1744731085.4892671108245849609375 HTTP/1.1" 200 0 "-" "WordPress/6.7.2; https://creative-webstyle.com"
217.113.194.233 - - [15/Apr/2025:11:31:50 -0400] "GET /remplissez-un-petit-vase-blanc-de-creativite/feed/ HTTP/1.1" 200 417 "-" "Mozilla/5.0 (compatible; Barkrowler/0.9; +https://babbar.tech/crawler)"
217.113.194.233 - - [15/Apr/2025:11:32:12 -0400] "GET /optimierung-der-hattinger-steuererklarung/feed/ HTTP/1.1" 200 409 "-" "Mozilla/5.0 (compatible; Barkrowler/0.9; +https://babbar.tech/crawler)"
198.54.114.83 - - [15/Apr/2025:11:32:40 -0400] "POST /wp-cron.php?doing_wp_cron=1744731159.0972681045532226562500 HTTP/1.1" 200 0 "-" "WordPress/6.7.2; https://creative-webstyle.com"
217.113.194.233 - - [15/Apr/2025:11:32:38 -0400] "GET /the-importance-of-eye-care-a-comprehensive-guide/ HTTP/1.1" 200 18340 "-" "Mozilla/5.0 (compatible; Barkrowler/0.9; +https://babbar.tech/crawler)"
217.113.194.236 - - [15/Apr/2025:11:33:04 -0400] "GET /hilfe-fur-eine-reibungslose-raumung/feed/ HTTP/1.1" 200 409 "-" "Mozilla/5.0 (compatible; Barkrowler/0.9; +https://babbar.tech/crawler)"
154.54.249.218 - - [15/Apr/2025:11:33:27 -0400] "GET /the-transformative-power-of-reiki-for-healing/feed/ HTTP/1.1" 200 415 "-" "Mozilla/5.0 (compatible; Barkrowler/0.9; +https://babbar.tech/crawler)"
217.113.194.236 - - [15/Apr/2025:11:33:51 -0400] "GET /licht-der-zukunft-die-moderne-hangeleuchte/ HTTP/1.1" 200 18244 "-" "Mozilla/5.0 (compatible; Barkrowler/0.9; +https://babbar.tech/crawler)"
198.54.114.83 - - [15/Apr/2025:11:33:54 -0400] "POST /wp-cron.php?doing_wp_cron=1744731232.2646749019622802734375 HTTP/1.1" 200 0 "-" "WordPress/6.7.2; https://creative-webstyle.com"
217.113.194.240 - - [15/Apr/2025:11:34:17 -0400] "GET /licht-der-zukunft-die-moderne-hangeleuchte/feed/ HTTP/1.1" 200 419 "-" "Mozilla/5.0 (compatible; Barkrowler/0.9; +https://babbar.tech/crawler)"
217.113.194.234 - - [15/Apr/2025:11:34:43 -0400] "GET /lichtquelle-der-eleganz-pendelleuchten/ HTTP/1.1" 200 17911 "-" "Mozilla/5.0 (compatible; Barkrowler/0.9; +https://babbar.tech/crawler)"
217.113.194.234 - - [15/Apr/2025:11:35:10 -0400] "GET /lichtquelle-der-eleganz-pendelleuchten/feed/ HTTP/1.1" 200 399 "-" "Mozilla/5.0 (compatible; Barkrowler/0.9; +https://babbar.tech/crawler)"
198.54.114.83 - - [15/Apr/2025:11:35:15 -0400] "POST /wp-cron.php?doing_wp_cron=1744731311.6609449386596679687500 HTTP/1.1" 200 0 "-" "WordPress/6.7.2; https://creative-webstyle.com"
154.54.249.218 - - [15/Apr/2025:11:35:37 -0400] "GET /igniting-corporate-events-with-captivating-entertainment/ HTTP/1.1" 200 18028 "-" "Mozilla/5.0 (compatible; Barkrowler/0.9; +https://babbar.tech/crawler)"
217.113.194.238 - - [15/Apr/2025:11:36:02 -0400] "GET /where-to-buy-1000-tiktok-followers-cheap/feed/ HTTP/1.1" 200 414 "-" "Mozilla/5.0 (compatible; Barkrowler/0.9; +https://babbar.tech/crawler)"
217.113.194.240 - - [15/Apr/2025:11:36:27 -0400] "GET /proteger-votre-entreprise-avec-une-assurance-de-bureau/feed/ HTTP/1.1" 200 427 "-" "Mozilla/5.0 (compatible; Barkrowler/0.9; +https://babbar.tech/crawler)"
198.54.114.83 - - [15/Apr/2025:11:36:30 -0400] "POST /wp-cron.php?doing_wp_cron=1744731387.9441640377044677734375 HTTP/1.1" 200 0 "-" "WordPress/6.7.2; https://creative-webstyle.com"
217.113.194.232 - - [15/Apr/2025:11:36:51 -0400] "GET /property-sales-costa-del-sol-busiest-year-ever/ HTTP/1.1" 200 17806 "-" "Mozilla/5.0 (compatible; Barkrowler/0.9; +https://babbar.tech/crawler)"
217.113.194.254 - - [15/Apr/2025:11:37:17 -0400] "GET /what-makes-boxer-brief-underwear-a-perfect-option/ HTTP/1.1" 200 19111 "-" "Mozilla/5.0 (compatible; Barkrowler/0.9; +https://babbar.tech/crawler)"
217.113.194.254 - - [15/Apr/2025:11:37:39 -0400] "GET /what-makes-boxer-brief-underwear-a-perfect-option/feed/ HTTP/1.1" 200 416 "-" "Mozilla/5.0 (compatible; Barkrowler/0.9; +https://babbar.tech/crawler)"
198.54.114.83 - - [15/Apr/2025:11:37:42 -0400] "POST /wp-cron.php?doing_wp_cron=1744731460.1608109474182128906250 HTTP/1.1" 200 0 "-" "WordPress/6.7.2; https://creative-webstyle.com"
217.113.194.240 - - [15/Apr/2025:11:38:06 -0400] "GET /exploring-the-potential-of-the-stake-oasis-protocol/ HTTP/1.1" 200 18176 "-" "Mozilla/5.0 (compatible; Barkrowler/0.9; +https://babbar.tech/crawler)"
47.128.32.25 - - [15/Apr/2025:11:38:07 -0400] "GET /%E9%81%8B%E5%96%B6%E8%80%85%E6%83%85%E5%A0%B1.html HTTP/1.1" 404 12657 "-" "Mozilla/5.0 (Linux; Android 5.0) AppleWebKit/537.36 (KHTML, like Gecko) Mobile Safari/537.36 (compatible; Bytespider; spider-feedback@bytedance.com)"
217.113.194.234 - - [15/Apr/2025:11:38:28 -0400] "GET /exploring-the-potential-of-the-stake-oasis-protocol/feed/ HTTP/1.1" 200 424 "-" "Mozilla/5.0 (compatible; Barkrowler/0.9; +https://babbar.tech/crawler)"
217.113.194.239 - - [15/Apr/2025:11:38:54 -0400] "GET /exploring-the-charms-of-puerto-de-la-duquesa/feed/ HTTP/1.1" 200 413 "-" "Mozilla/5.0 (compatible; Barkrowler/0.9; +https://babbar.tech/crawler)"
198.54.114.83 - - [15/Apr/2025:11:38:57 -0400] "POST /wp-cron.php?doing_wp_cron=1744731534.7131559848785400390625 HTTP/1.1" 200 0 "-" "WordPress/6.7.2; https://creative-webstyle.com"
217.113.194.254 - - [15/Apr/2025:11:39:21 -0400] "GET /exploring-the-charms-of-puerto-de-la-duquesa/ HTTP/1.1" 200 17920 "-" "Mozilla/5.0 (compatible; Barkrowler/0.9; +https://babbar.tech/crawler)"
2a02:598:128:8a00::b00:15 - - [15/Apr/2025:11:39:34 -0400] "GET /the-evolution-and-appeal-of-online-casinos/feed/ HTTP/1.1" 200 406 "-" "Mozilla/5.0 (compatible; SeznamBot/4.0; +https://o-seznam.cz/napoveda/vyhledavani/en/seznambot-crawler/)"
217.113.194.232 - - [15/Apr/2025:11:39:46 -0400] "GET /exploring-the-wonders-of-careprost-eye-drops/ HTTP/1.1" 200 18111 "-" "Mozilla/5.0 (compatible; Barkrowler/0.9; +https://babbar.tech/crawler)"
217.113.194.233 - - [15/Apr/2025:11:40:13 -0400] "GET /convenient-and-affordable-car-rental-services-in-udon/feed/ HTTP/1.1" 200 420 "-" "Mozilla/5.0 (compatible; Barkrowler/0.9; +https://babbar.tech/crawler)"
198.54.114.83 - - [15/Apr/2025:11:40:15 -0400] "POST /wp-cron.php?doing_wp_cron=1744731613.8430991172790527343750 HTTP/1.1" 200 0 "-" "WordPress/6.7.2; https://creative-webstyle.com"
154.54.249.218 - - [15/Apr/2025:11:40:39 -0400] "GET /apprenez-a-connaitre-le-fond-decran-erp/feed/ HTTP/1.1" 200 431 "-" "Mozilla/5.0 (compatible; Barkrowler/0.9; +https://babbar.tech/crawler)"
217.113.194.235 - - [15/Apr/2025:11:41:04 -0400] "GET /essential-workout-supplies-for-your-home-gym/feed/ HTTP/1.1" 200 415 "-" "Mozilla/5.0 (compatible; Barkrowler/0.9; +https://babbar.tech/crawler)"
217.113.194.240 - - [15/Apr/2025:11:41:26 -0400] "GET /essential-guide-to-choosing-the-right-breast-pump/feed/ HTTP/1.1" 200 422 "-" "Mozilla/5.0 (compatible; Barkrowler/0.9; +https://babbar.tech/crawler)"
198.54.114.83 - - [15/Apr/2025:11:41:28 -0400] "POST /wp-cron.php?doing_wp_cron=1744731686.9511680603027343750000 HTTP/1.1" 200 0 "-" "WordPress/6.7.2; https://creative-webstyle.com"
217.113.194.241 - - [15/Apr/2025:11:41:51 -0400] "GET /ardor-residence-developer-by-nanshan-group/feed/ HTTP/1.1" 200 408 "-" "Mozilla/5.0 (compatible; Barkrowler/0.9; +https://babbar.tech/crawler)"
217.113.194.234 - - [15/Apr/2025:11:42:13 -0400] "GET /stepping-into-style-the-allure-of-printed-socks/ HTTP/1.1" 200 18432 "-" "Mozilla/5.0 (compatible; Barkrowler/0.9; +https://babbar.tech/crawler)"
198.54.114.83 - - [15/Apr/2025:11:42:38 -0400] "POST /wp-cron.php?doing_wp_cron=1744731757.1687209606170654296875 HTTP/1.1" 200 0 "-" "WordPress/6.7.2; https://creative-webstyle.com"
217.113.194.240 - - [15/Apr/2025:11:42:36 -0400] "GET /step-into-comfort-and-style-with-custom-grip-socks/ HTTP/1.1" 200 18190 "-" "Mozilla/5.0 (compatible; Barkrowler/0.9; +https://babbar.tech/crawler)"
217.113.194.240 - - [15/Apr/2025:11:43:01 -0400] "GET /so-finden-sie-einen-guten-dachdecker-hamburg/ HTTP/1.1" 200 17620 "-" "Mozilla/5.0 (compatible; Barkrowler/0.9; +https://babbar.tech/crawler)"
217.113.194.232 - - [15/Apr/2025:11:43:27 -0400] "GET /tailoring-your-resume-to-the-job-youre-applying-for/ HTTP/1.1" 200 17980 "-" "Mozilla/5.0 (compatible; Barkrowler/0.9; +https://babbar.tech/crawler)"
198.54.114.83 - - [15/Apr/2025:11:43:49 -0400] "POST /wp-cron.php?doing_wp_cron=1744731828.1581790447235107421875 HTTP/1.1" 200 0 "-" "WordPress/6.7.2; https://creative-webstyle.com"
217.113.194.240 - - [15/Apr/2025:11:43:47 -0400] "GET /tailoring-your-resume-to-the-job-youre-applying-for/feed/ HTTP/1.1" 200 433 "-" "Mozilla/5.0 (compatible; Barkrowler/0.9; +https://babbar.tech/crawler)"
217.113.194.254 - - [15/Apr/2025:11:44:12 -0400] "GET /side-effects-of-vyvanse-60-mg-high/ HTTP/1.1" 200 18324 "-" "Mozilla/5.0 (compatible; Barkrowler/0.9; +https://babbar.tech/crawler)"
217.113.194.233 - - [15/Apr/2025:11:44:36 -0400] "GET /side-effects-of-vyvanse-60-mg-high/feed/ HTTP/1.1" 200 405 "-" "Mozilla/5.0 (compatible; Barkrowler/0.9; +https://babbar.tech/crawler)"
217.113.194.232 - - [15/Apr/2025:11:44:56 -0400] "GET /comprehensive-guide-to-fertility-clinics-in-dubai/feed/ HTTP/1.1" 200 413 "-" "Mozilla/5.0 (compatible; Barkrowler/0.9; +https://babbar.tech/crawler)"
198.54.114.83 - - [15/Apr/2025:11:44:59 -0400] "POST /wp-cron.php?doing_wp_cron=1744731896.9224801063537597656250 HTTP/1.1" 200 0 "-" "WordPress/6.7.2; https://creative-webstyle.com"
217.113.194.254 - - [15/Apr/2025:11:45:23 -0400] "GET /streamlining-data-migration-the-art-of-file-transfer/ HTTP/1.1" 200 18308 "-" "Mozilla/5.0 (compatible; Barkrowler/0.9; +https://babbar.tech/crawler)"
217.113.194.235 - - [15/Apr/2025:11:45:42 -0400] "GET /gebaudereinigung-winsen-luhe/feed/ HTTP/1.1" 200 399 "-" "Mozilla/5.0 (compatible; Barkrowler/0.9; +https://babbar.tech/crawler)"
217.113.194.235 - - [15/Apr/2025:11:46:07 -0400] "GET /union-square-residences-redefining-urban-elegance/feed/ HTTP/1.1" 200 412 "-" "Mozilla/5.0 (compatible; Barkrowler/0.9; +https://babbar.tech/crawler)"
198.54.114.83 - - [15/Apr/2025:11:46:10 -0400] "POST /wp-cron.php?doing_wp_cron=1744731967.8513979911804199218750 HTTP/1.1" 200 0 "-" "WordPress/6.7.2; https://creative-webstyle.com"
217.113.194.240 - - [15/Apr/2025:11:46:29 -0400] "GET /five-reasons-to-call-an-emergency-locksmith/feed/ HTTP/1.1" 200 412 "-" "Mozilla/5.0 (compatible; Barkrowler/0.9; +https://babbar.tech/crawler)"
217.113.194.237 - - [15/Apr/2025:11:46:54 -0400] "GET /elegance-preserved-the-art-of-nettoyer-largenterie/ HTTP/1.1" 200 18633 "-" "Mozilla/5.0 (compatible; Barkrowler/0.9; +https://babbar.tech/crawler)"
217.113.194.236 - - [15/Apr/2025:11:47:18 -0400] "GET /elegance-et-modernite-le-panneau-pvc-imprime-marbre/ HTTP/1.1" 200 18236 "-" "Mozilla/5.0 (compatible; Barkrowler/0.9; +https://babbar.tech/crawler)"
198.54.114.83 - - [15/Apr/2025:11:47:22 -0400] "POST /wp-cron.php?doing_wp_cron=1744732039.7731850147247314453125 HTTP/1.1" 200 0 "-" "WordPress/6.7.2; https://creative-webstyle.com"
154.54.249.218 - - [15/Apr/2025:11:47:48 -0400] "GET /finding-affordable-concrete-contractors-in-northern-colorado/ HTTP/1.1" 200 17793 "-" "Mozilla/5.0 (compatible; Barkrowler/0.9; +https://babbar.tech/crawler)"
217.113.194.240 - - [15/Apr/2025:11:48:12 -0400] "GET /finding-that-perfect-mens-titanium-ring-customize-it/feed/ HTTP/1.1" 200 435 "-" "Mozilla/5.0 (compatible; Barkrowler/0.9; +https://babbar.tech/crawler)"
198.54.114.83 - - [15/Apr/2025:11:48:36 -0400] "POST /wp-cron.php?doing_wp_cron=1744732115.0428919792175292968750 HTTP/1.1" 200 0 "-" "WordPress/6.7.2; https://creative-webstyle.com"
217.113.194.234 - - [15/Apr/2025:11:48:34 -0400] "GET /personalized-pet-portraits-a-unique-expression-of-love/ HTTP/1.1" 200 18262 "-" "Mozilla/5.0 (compatible; Barkrowler/0.9; +https://babbar.tech/crawler)"
154.54.249.218 - - [15/Apr/2025:11:49:00 -0400] "GET /when-should-you-require-the-emergency-locksmith-services/ HTTP/1.1" 200 18318 "-" "Mozilla/5.0 (compatible; Barkrowler/0.9; +https://babbar.tech/crawler)"
217.113.194.239 - - [15/Apr/2025:11:49:22 -0400] "GET /la-revolution-des-paris-sportifs-avec-1xbet/ HTTP/1.1" 200 17952 "-" "Mozilla/5.0 (compatible; Barkrowler/0.9; +https://babbar.tech/crawler)"
198.54.114.83 - - [15/Apr/2025:11:49:47 -0400] "POST /wp-cron.php?doing_wp_cron=1744732186.2304871082305908203125 HTTP/1.1" 200 0 "-" "WordPress/6.7.2; https://creative-webstyle.com"
217.113.194.233 - - [15/Apr/2025:11:49:45 -0400] "GET /la-revolution-du-jeu-en-ligne-decouvrez-1x-bet/feed/ HTTP/1.1" 200 430 "-" "Mozilla/5.0 (compatible; Barkrowler/0.9; +https://babbar.tech/crawler)"
217.113.194.241 - - [15/Apr/2025:11:50:10 -0400] "GET /boost-your-online-presence-with-bought-youtube-views/feed/ HTTP/1.1" 200 424 "-" "Mozilla/5.0 (compatible; Barkrowler/0.9; +https://babbar.tech/crawler)"
217.113.194.233 - - [15/Apr/2025:11:50:35 -0400] "GET /sparkling-elegance-the-ultimate-gold-jewellery-cleaner/feed/ HTTP/1.1" 200 422 "-" "Mozilla/5.0 (compatible; Barkrowler/0.9; +https://babbar.tech/crawler)"
198.54.114.83 - - [15/Apr/2025:11:50:58 -0400] "POST /wp-cron.php?doing_wp_cron=1744732256.9644091129302978515625 HTTP/1.1" 200 0 "-" "WordPress/6.7.2; https://creative-webstyle.com"
217.113.194.241 - - [15/Apr/2025:11:50:56 -0400] "GET /sparkling-elegance-the-ultimate-gold-jewellery-cleaner/ HTTP/1.1" 200 18533 "-" "Mozilla/5.0 (compatible; Barkrowler/0.9; +https://babbar.tech/crawler)"
217.113.194.241 - - [15/Apr/2025:11:51:21 -0400] "GET /how-to-choose-the-right-spa-massage-equipment-for-your-salon/ HTTP/1.1" 200 18261 "-" "Mozilla/5.0 (compatible; Barkrowler/0.9; +https://babbar.tech/crawler)"
217.113.194.235 - - [15/Apr/2025:11:51:46 -0400] "GET /how-to-find-a-louisiana-criminal-lawyer-you-can-trust/feed/ HTTP/1.1" 200 432 "-" "Mozilla/5.0 (compatible; Barkrowler/0.9; +https://babbar.tech/crawler)"
217.113.194.236 - - [15/Apr/2025:11:52:09 -0400] "GET /how-to-buy-youtube-likes-from-a-reputable-company/feed/ HTTP/1.1" 200 425 "-" "Mozilla/5.0 (compatible; Barkrowler/0.9; +https://babbar.tech/crawler)"
198.54.114.83 - - [15/Apr/2025:11:52:12 -0400] "POST /wp-cron.php?doing_wp_cron=1744732329.9772279262542724609375 HTTP/1.1" 200 0 "-" "WordPress/6.7.2; https://creative-webstyle.com"
217.113.194.235 - - [15/Apr/2025:11:52:33 -0400] "GET /how-to-start-a-business-providing-boat-detailing-services/ HTTP/1.1" 200 18617 "-" "Mozilla/5.0 (compatible; Barkrowler/0.9; +https://babbar.tech/crawler)"
2a02:598:128:8a00::b00:15 - - [15/Apr/2025:11:52:54 -0400] "GET /courtier-dassurance/feed/ HTTP/1.1" 200 386 "-" "Mozilla/5.0 (compatible; SeznamBot/4.0; +https://o-seznam.cz/napoveda/vyhledavani/en/seznambot-crawler/)"
217.113.194.236 - - [15/Apr/2025:11:52:57 -0400] "GET /how-to-find-the-best-cheapest-extended-car-warranty/feed/ HTTP/1.1" 200 428 "-" "Mozilla/5.0 (compatible; Barkrowler/0.9; +https://babbar.tech/crawler)"
2a03:2880:f800:: - - [15/Apr/2025:11:52:57 -0400] "GET /what-are-shirt-cut-memes/ HTTP/1.1" 200 17975 "-" "meta-externalagent/1.1 (+https://developers.facebook.com/docs/sharing/webmasters/crawler)"
217.113.194.235 - - [15/Apr/2025:11:53:20 -0400] "GET /how-to-use-an-indoor-led-display-at-your-business/feed/ HTTP/1.1" 200 422 "-" "Mozilla/5.0 (compatible; Barkrowler/0.9; +https://babbar.tech/crawler)"
198.54.114.83 - - [15/Apr/2025:11:53:24 -0400] "POST /wp-cron.php?doing_wp_cron=1744732400.7333779335021972656250 HTTP/1.1" 200 0 "-" "WordPress/6.7.2; https://creative-webstyle.com"
217.113.194.241 - - [15/Apr/2025:11:53:43 -0400] "GET /the-ultimate-guide-to-deleting-your-instagram-account/ HTTP/1.1" 200 18080 "-" "Mozilla/5.0 (compatible; Barkrowler/0.9; +https://babbar.tech/crawler)"
217.113.194.234 - - [15/Apr/2025:11:54:06 -0400] "GET /why-buy-premium-domainsthe-value-of-premium-domains/ HTTP/1.1" 200 18107 "-" "Mozilla/5.0 (compatible; Barkrowler/0.9; +https://babbar.tech/crawler)"
198.54.114.83 - - [15/Apr/2025:11:54:28 -0400] "POST /wp-cron.php?doing_wp_cron=1744732468.4671258926391601562500 HTTP/1.1" 200 0 "-" "WordPress/6.7.2; https://creative-webstyle.com"
217.113.194.234 - - [15/Apr/2025:11:54:28 -0400] "GET /using-ecommerce-software-to-get-customers-to-buy-more/feed/ HTTP/1.1" 200 421 "-" "Mozilla/5.0 (compatible; Barkrowler/0.9; +https://babbar.tech/crawler)"
198.54.114.83 - - [15/Apr/2025:11:54:35 -0400] "POST /wp-admin/admin-ajax.php?action=async_litespeed&nonce=KX2S16v1CTMUHlmEauJGHOJ2gDzQPDLg&litespeed_type=imgoptm HTTP/1.1" 200 0 "-" "WordPress/6.7.2; https://creative-webstyle.com"
217.113.194.254 - - [15/Apr/2025:11:54:50 -0400] "GET /discover-your-dream-home-houses-for-sale-in-napa-ca/feed/ HTTP/1.1" 200 428 "-" "Mozilla/5.0 (compatible; Barkrowler/0.9; +https://babbar.tech/crawler)"
198.54.114.83 - - [15/Apr/2025:11:54:52 -0400] "POST /wp-cron.php?doing_wp_cron=1744732490.9069890975952148437500 HTTP/1.1" 200 0 "-" "WordPress/6.7.2; https://creative-webstyle.com"
217.113.194.241 - - [15/Apr/2025:11:55:16 -0400] "GET /discover-the-secrets-of-classroom-6x-unblocked/ HTTP/1.1" 200 17821 "-" "Mozilla/5.0 (compatible; Barkrowler/0.9; +https://babbar.tech/crawler)"
207.46.13.52 - - [15/Apr/2025:11:55:33 -0400] "GET /how-to-stop-online-gambling-addiction/ HTTP/1.1" 200 18214 "-" "Mozilla/5.0 AppleWebKit/537.36 (KHTML, like Gecko; compatible; bingbot/2.0; +http://www.bing.com/bingbot.htm) Chrome/116.0.1938.76 Safari/537.36"
154.54.249.218 - - [15/Apr/2025:11:55:39 -0400] "GET /discovering-the-benefits-of-hypnotherapy-in-singapore/feed/ HTTP/1.1" 200 425 "-" "Mozilla/5.0 (compatible; Barkrowler/0.9; +https://babbar.tech/crawler)"
47.238.13.2 - - [15/Apr/2025:11:56:03 -0400] "GET /der-schlussel-zur-verstandlichkeit HTTP/1.1" 301 0 "-" "Mozilla/5.0 (Macintosh; Intel Mac OS X 10_15_7) AppleWebKit/537.36 (KHTML, like Gecko) Chrome/109.0.0.0 Safari/537.36"
217.113.194.232 - - [15/Apr/2025:11:56:03 -0400] "GET /the-convenience-of-a-boiling-water-kitchen-tap/ HTTP/1.1" 200 17974 "-" "Mozilla/5.0 (compatible; Barkrowler/0.9; +https://babbar.tech/crawler)"
198.54.114.83 - - [15/Apr/2025:11:56:06 -0400] "POST /wp-cron.php?doing_wp_cron=1744732564.2389919757843017578125 HTTP/1.1" 200 0 "-" "WordPress/6.7.2; https://creative-webstyle.com"
198.54.114.83 - - [15/Apr/2025:11:56:06 -0400] "POST /wp-cron.php?doing_wp_cron=1744732564.2232799530029296875000 HTTP/1.1" 200 0 "-" "WordPress/6.7.2; https://creative-webstyle.com"
47.238.13.2 - - [15/Apr/2025:11:56:07 -0400] "GET /der-schlussel-zur-verstandlichkeit/ HTTP/1.1" 200 18158 "https://creative-webstyle.com/der-schlussel-zur-verstandlichkeit" "Mozilla/5.0 (Macintosh; Intel Mac OS X 10_15_7) AppleWebKit/537.36 (KHTML, like Gecko) Chrome/109.0.0.0 Safari/537.36"
217.113.194.232 - - [15/Apr/2025:11:56:26 -0400] "GET /prodotti-tipici-aglio-olio-e-peperoncino/ HTTP/1.1" 200 18222 "-" "Mozilla/5.0 (compatible; Barkrowler/0.9; +https://babbar.tech/crawler)"
217.113.194.232 - - [15/Apr/2025:11:56:50 -0400] "GET /4-best-practice-for-youtube-earn-online-money/feed/ HTTP/1.1" 200 420 "-" "Mozilla/5.0 (compatible; Barkrowler/0.9; +https://babbar.tech/crawler)"
198.54.114.83 - - [15/Apr/2025:11:57:16 -0400] "POST /wp-cron.php?doing_wp_cron=1744732634.8764450550079345703125 HTTP/1.1" 200 0 "-" "WordPress/6.7.2; https://creative-webstyle.com"
217.113.194.240 - - [15/Apr/2025:11:57:14 -0400] "GET /24-hour-locksmiths-working-for-your-satisfaction/feed/ HTTP/1.1" 200 419 "-" "Mozilla/5.0 (compatible; Barkrowler/0.9; +https://babbar.tech/crawler)"
217.113.194.240 - - [15/Apr/2025:11:57:39 -0400] "GET /maximizing-space-smart-bathroom-renovations-for-small-spaces/ HTTP/1.1" 200 17831 "-" "Mozilla/5.0 (compatible; Barkrowler/0.9; +https://babbar.tech/crawler)"
217.113.194.241 - - [15/Apr/2025:11:58:02 -0400] "GET /solutions-for-ecommerce-websites-opening-up-to-new-avenues/ HTTP/1.1" 200 18612 "-" "Mozilla/5.0 (compatible; Barkrowler/0.9; +https://babbar.tech/crawler)"
3.145.115.206 - - [15/Apr/2025:11:58:29 -0400] "GET /robots.txt HTTP/1.1" 200 110 "-" "Mozilla/5.0 AppleWebKit/537.36 (KHTML, like Gecko; compatible; ClaudeBot/1.0; +claudebot@anthropic.com)"
154.54.249.218 - - [15/Apr/2025:11:58:28 -0400] "GET /solutions-for-ecommerce-websites-opening-up-to-new-avenues/feed/ HTTP/1.1" 200 437 "-" "Mozilla/5.0 (compatible; Barkrowler/0.9; +https://babbar.tech/crawler)"
198.54.114.83 - - [15/Apr/2025:11:58:31 -0400] "POST /wp-cron.php?doing_wp_cron=1744732708.7035009860992431640625 HTTP/1.1" 200 0 "-" "WordPress/6.7.2; https://creative-webstyle.com"
3.145.115.206 - - [15/Apr/2025:11:58:31 -0400] "GET /live-in-care-dorchester HTTP/1.1" 301 0 "-" "Mozilla/5.0 AppleWebKit/537.36 (KHTML, like Gecko; compatible; ClaudeBot/1.0; +claudebot@anthropic.com)"
3.145.115.206 - - [15/Apr/2025:11:58:33 -0400] "GET /live-in-care-dorchester/ HTTP/1.1" 200 17339 "https://creative-webstyle.com/live-in-care-dorchester" "Mozilla/5.0 AppleWebKit/537.36 (KHTML, like Gecko; compatible; ClaudeBot/1.0; +claudebot@anthropic.com)"
217.113.194.235 - - [15/Apr/2025:11:58:54 -0400] "GET /adult-adhd-natural-treatments-vs-prescription-drugs/ HTTP/1.1" 200 19539 "-" "Mozilla/5.0 (compatible; Barkrowler/0.9; +https://babbar.tech/crawler)"
217.113.194.235 - - [15/Apr/2025:11:59:17 -0400] "GET /a-comprehensive-guide-to-wholesale-blank-apparel/ HTTP/1.1" 200 18298 "-" "Mozilla/5.0 (compatible; Barkrowler/0.9; +https://babbar.tech/crawler)"
140.245.9.158 - - [15/Apr/2025:11:59:33 -0400] "GET /why-composite-doors-are-perfect-for-homes-across-south-wales/ HTTP/1.1" 200 18298 "-" "Mozilla/5.0 (Windows NT 10.0; Win64; x64; rv:114.0) Gecko/20100101 Firefox/114.0"
198.54.114.83 - - [15/Apr/2025:11:59:47 -0400] "POST /wp-cron.php?doing_wp_cron=1744732785.6043128967285156250000 HTTP/1.1" 200 0 "-" "WordPress/6.7.2; https://creative-webstyle.com"
217.113.194.241 - - [15/Apr/2025:11:59:44 -0400] "GET /expert-bathroom-renovations-in-melbournes-western-suburbs/ HTTP/1.1" 200 18575 "-" "Mozilla/5.0 (compatible; Barkrowler/0.9; +https://babbar.tech/crawler)"
