217.113.194.233 - - [15/Apr/2025:03:44:30 -0400] "GET /buying-mk-bags-in-the-uk/ HTTP/1.1" 200 17587 "-" "Mozilla/5.0 (compatible; Barkrowler/0.9; +https://babbar.tech/crawler)"
198.54.114.83 - - [15/Apr/2025:03:44:50 -0400] "POST /wp-cron.php?doing_wp_cron=1744703089.6495220661163330078125 HTTP/1.1" 200 0 "-" "WordPress/6.7.2; https://creative-webstyle.com"
217.113.194.240 - - [15/Apr/2025:03:44:49 -0400] "GET /baby-seat-taxi-melbourne/ HTTP/1.1" 200 17884 "-" "Mozilla/5.0 (compatible; Barkrowler/0.9; +https://babbar.tech/crawler)"
217.113.194.236 - - [15/Apr/2025:03:45:09 -0400] "GET /elevate-your-travel-experience/feed/ HTTP/1.1" 200 394 "-" "Mozilla/5.0 (compatible; Barkrowler/0.9; +https://babbar.tech/crawler)"
198.54.114.83 - - [15/Apr/2025:03:45:11 -0400] "POST /wp-cron.php?doing_wp_cron=1744703109.4736869335174560546875 HTTP/1.1" 200 0 "-" "WordPress/6.7.2; https://creative-webstyle.com"
217.113.194.241 - - [15/Apr/2025:03:45:27 -0400] "GET /conserving-your-conservatory/feed/ HTTP/1.1" 200 383 "-" "Mozilla/5.0 (compatible; Barkrowler/0.9; +https://babbar.tech/crawler)"
217.113.194.254 - - [15/Apr/2025:03:45:44 -0400] "GET /une-strategie-visuelle-efficace/ HTTP/1.1" 200 18010 "-" "Mozilla/5.0 (compatible; Barkrowler/0.9; +https://babbar.tech/crawler)"
47.79.203.236 - - [15/Apr/2025:03:45:47 -0400] "GET / HTTP/1.1" 200 78396 "https://www.google.com/" "Mozilla/5.0 (Windows NT 10.0; Win64; x64) AppleWebKit/537.36 (KHTML, like Gecko) Chrome/133.0.0.0 Safari/537.36"
217.113.194.239 - - [15/Apr/2025:03:46:04 -0400] "GET /money-lender-loan-singapore/ HTTP/1.1" 200 17287 "-" "Mozilla/5.0 (compatible; Barkrowler/0.9; +https://babbar.tech/crawler)"
198.54.114.83 - - [15/Apr/2025:03:46:23 -0400] "POST /wp-cron.php?doing_wp_cron=1744703182.6793060302734375000000 HTTP/1.1" 200 0 "-" "WordPress/6.7.2; https://creative-webstyle.com"
217.113.194.254 - - [15/Apr/2025:03:46:22 -0400] "GET /be-wine-101-ready/feed/ HTTP/1.1" 200 381 "-" "Mozilla/5.0 (compatible; Barkrowler/0.9; +https://babbar.tech/crawler)"
198.54.114.83 - - [15/Apr/2025:03:46:24 -0400] "POST /wp-admin/admin-ajax.php?action=async_litespeed&nonce=2EsgipFT5zgyjxvLOia8FQCVRbo6EEkC&litespeed_type=imgoptm HTTP/1.1" 200 0 "-" "WordPress/6.7.2; https://creative-webstyle.com"
217.113.194.241 - - [15/Apr/2025:03:46:41 -0400] "GET /best-grip-socks-for-sports/ HTTP/1.1" 200 18111 "-" "Mozilla/5.0 (compatible; Barkrowler/0.9; +https://babbar.tech/crawler)"
198.54.114.83 - - [15/Apr/2025:03:46:59 -0400] "POST /wp-cron.php?doing_wp_cron=1744703219.2185039520263671875000 HTTP/1.1" 200 0 "-" "WordPress/6.7.2; https://creative-webstyle.com"
217.113.194.241 - - [15/Apr/2025:03:46:58 -0400] "GET /best-slouch-socks/feed/ HTTP/1.1" 200 377 "-" "Mozilla/5.0 (compatible; Barkrowler/0.9; +https://babbar.tech/crawler)"
198.54.114.83 - - [15/Apr/2025:03:47:04 -0400] "POST /wp-admin/admin-ajax.php?action=async_litespeed&nonce=GyNk2b1XIkDcjw3l28woZZPWE41cwKkc&litespeed_type=imgoptm HTTP/1.1" 200 5 "-" "WordPress/6.7.2; https://creative-webstyle.com"
217.113.194.233 - - [15/Apr/2025:03:47:17 -0400] "GET /cbd-shop-uk/feed/ HTTP/1.1" 200 375 "-" "Mozilla/5.0 (compatible; Barkrowler/0.9; +https://babbar.tech/crawler)"
154.54.249.218 - - [15/Apr/2025:03:47:36 -0400] "GET /cnc-machines-a-brief-history/ HTTP/1.1" 200 18534 "-" "Mozilla/5.0 (compatible; Barkrowler/0.9; +https://babbar.tech/crawler)"
198.54.114.83 - - [15/Apr/2025:03:47:56 -0400] "POST /wp-cron.php?doing_wp_cron=1744703275.8420259952545166015625 HTTP/1.1" 200 0 "-" "WordPress/6.7.2; https://creative-webstyle.com"
217.113.194.240 - - [15/Apr/2025:03:47:55 -0400] "GET /the-classic-tuxedo/feed/ HTTP/1.1" 200 380 "-" "Mozilla/5.0 (compatible; Barkrowler/0.9; +https://babbar.tech/crawler)"
198.54.114.83 - - [15/Apr/2025:03:48:01 -0400] "POST /wp-admin/admin-ajax.php?action=async_litespeed&nonce=btbE2a0zeHpOFxeWn5d6bgligk64FgfD&litespeed_type=imgoptm HTTP/1.1" 200 5 "-" "WordPress/6.7.2; https://creative-webstyle.com"
217.113.194.239 - - [15/Apr/2025:03:48:15 -0400] "GET /buchhaltung-hattingen/feed/ HTTP/1.1" 200 377 "-" "Mozilla/5.0 (compatible; Barkrowler/0.9; +https://babbar.tech/crawler)"
217.113.194.240 - - [15/Apr/2025:03:48:32 -0400] "GET /what-to-look-for-in-online-casinos/ HTTP/1.1" 200 18041 "-" "Mozilla/5.0 (compatible; Barkrowler/0.9; +https://babbar.tech/crawler)"
198.54.114.83 - - [15/Apr/2025:03:48:53 -0400] "POST /wp-cron.php?doing_wp_cron=1744703333.0392971038818359375000 HTTP/1.1" 200 0 "-" "WordPress/6.7.2; https://creative-webstyle.com"
217.113.194.233 - - [15/Apr/2025:03:48:52 -0400] "GET /what-to-do-with-sour-milk/ HTTP/1.1" 200 20734 "-" "Mozilla/5.0 (compatible; Barkrowler/0.9; +https://babbar.tech/crawler)"
198.54.114.83 - - [15/Apr/2025:03:48:59 -0400] "POST /wp-admin/admin-ajax.php?action=async_litespeed&nonce=OAmLc0knTKEj5V7R9qwn33Fjpa06gO4U&litespeed_type=imgoptm HTTP/1.1" 200 5 "-" "WordPress/6.7.2; https://creative-webstyle.com"
217.113.194.238 - - [15/Apr/2025:03:49:11 -0400] "GET /umzuge-luneburg/feed/ HTTP/1.1" 200 381 "-" "Mozilla/5.0 (compatible; Barkrowler/0.9; +https://babbar.tech/crawler)"
217.113.194.236 - - [15/Apr/2025:03:49:29 -0400] "GET /basic-knowledge-of-boiler-tube/ HTTP/1.1" 200 17796 "-" "Mozilla/5.0 (compatible; Barkrowler/0.9; +https://babbar.tech/crawler)"
217.113.194.233 - - [15/Apr/2025:03:49:50 -0400] "GET /the-importance-of-accounting/ HTTP/1.1" 200 18441 "-" "Mozilla/5.0 (compatible; Barkrowler/0.9; +https://babbar.tech/crawler)"
198.54.114.83 - - [15/Apr/2025:03:50:11 -0400] "POST /wp-cron.php?doing_wp_cron=1744703411.7060749530792236328125 HTTP/1.1" 200 0 "-" "WordPress/6.7.2; https://creative-webstyle.com"
217.113.194.232 - - [15/Apr/2025:03:50:11 -0400] "GET /the-importance-of-accounting/feed/ HTTP/1.1" 200 391 "-" "Mozilla/5.0 (compatible; Barkrowler/0.9; +https://babbar.tech/crawler)"
198.54.114.83 - - [15/Apr/2025:03:50:18 -0400] "POST /wp-admin/admin-ajax.php?action=async_litespeed&nonce=9gTFlQ19Qg7NTHV3FzwKpgM14XiMnOep&litespeed_type=imgoptm HTTP/1.1" 200 0 "-" "WordPress/6.7.2; https://creative-webstyle.com"
154.16.246.29 - - [15/Apr/2025:03:50:25 -0400] "GET /unlocking-spinal-health-discovering-the-role-of-a-chiropractor-in-dubai/ HTTP/1.1" 200 18203 "-" "Mozilla/5.0 (Windows NT 6.1) AppleWebKit/535.2 (KHTML, like Gecko) Chrome/18.6.872.0 Safari/535.2 UNTRUSTED/1.0 3gpp-gba UNTRUSTED/1.0"
217.113.194.236 - - [15/Apr/2025:03:50:29 -0400] "GET /customs-fuzzy-socks/feed/ HTTP/1.1" 200 383 "-" "Mozilla/5.0 (compatible; Barkrowler/0.9; +https://babbar.tech/crawler)"
217.113.194.241 - - [15/Apr/2025:03:50:46 -0400] "GET /customs-socks-with-logo/feed/ HTTP/1.1" 200 383 "-" "Mozilla/5.0 (compatible; Barkrowler/0.9; +https://babbar.tech/crawler)"
198.54.114.83 - - [15/Apr/2025:03:50:56 -0400] "POST /wp-admin/admin-ajax.php?action=async_litespeed&nonce=FRFIrjhLC3w0g7kDezeSr3SAtFF54bKp&litespeed_type=imgoptm HTTP/1.1" 200 0 "-" "WordPress/6.7.2; https://creative-webstyle.com"
217.113.194.234 - - [15/Apr/2025:03:51:02 -0400] "GET /le-duo-massage-a-geneve/ HTTP/1.1" 200 18015 "-" "Mozilla/5.0 (compatible; Barkrowler/0.9; +https://babbar.tech/crawler)"
217.113.194.235 - - [15/Apr/2025:03:51:20 -0400] "GET /branding-firms-in-chicago/ HTTP/1.1" 200 18052 "-" "Mozilla/5.0 (compatible; Barkrowler/0.9; +https://babbar.tech/crawler)"
217.113.194.234 - - [15/Apr/2025:03:51:37 -0400] "GET /a-guide-to-stunning-renovations/ HTTP/1.1" 200 18157 "-" "Mozilla/5.0 (compatible; Barkrowler/0.9; +https://babbar.tech/crawler)"
154.54.249.218 - - [15/Apr/2025:03:51:56 -0400] "GET /physical-therapist-near-me/ HTTP/1.1" 200 17174 "-" "Mozilla/5.0 (compatible; Barkrowler/0.9; +https://babbar.tech/crawler)"
198.54.114.83 - - [15/Apr/2025:03:51:58 -0400] "POST /wp-admin/admin-ajax.php?action=async_litespeed&nonce=FTWYBhHyENbz8o2GAvgZ71uXTMbyvStk&litespeed_type=imgoptm HTTP/1.1" 200 0 "-" "WordPress/6.7.2; https://creative-webstyle.com"
217.113.194.240 - - [15/Apr/2025:03:52:15 -0400] "GET /center-parcs-ostdeutschland/feed/ HTTP/1.1" 200 384 "-" "Mozilla/5.0 (compatible; Barkrowler/0.9; +https://babbar.tech/crawler)"
217.113.194.234 - - [15/Apr/2025:03:52:31 -0400] "GET /center-parcs-ostdeutschland/ HTTP/1.1" 200 17998 "-" "Mozilla/5.0 (compatible; Barkrowler/0.9; +https://babbar.tech/crawler)"
217.113.194.254 - - [15/Apr/2025:03:52:51 -0400] "GET /implants-dentaires-moins-chers/ HTTP/1.1" 200 17061 "-" "Mozilla/5.0 (compatible; Barkrowler/0.9; +https://babbar.tech/crawler)"
198.54.114.83 - - [15/Apr/2025:03:52:58 -0400] "POST /wp-admin/admin-ajax.php?action=async_litespeed&nonce=fvPgLdnwsuT906Xh3rk9psylUKccjl7k&litespeed_type=imgoptm HTTP/1.1" 200 0 "-" "WordPress/6.7.2; https://creative-webstyle.com"
217.113.194.254 - - [15/Apr/2025:03:53:11 -0400] "GET /implants-dentaires-moins-chers/feed/ HTTP/1.1" 200 386 "-" "Mozilla/5.0 (compatible; Barkrowler/0.9; +https://babbar.tech/crawler)"
217.113.194.254 - - [15/Apr/2025:03:53:28 -0400] "GET /fire-and-flood-restoration/feed/ HTTP/1.1" 200 390 "-" "Mozilla/5.0 (compatible; Barkrowler/0.9; +https://babbar.tech/crawler)"
217.113.194.237 - - [15/Apr/2025:03:53:46 -0400] "GET /inside-the-brush-machine-factory/ HTTP/1.1" 200 17985 "-" "Mozilla/5.0 (compatible; Barkrowler/0.9; +https://babbar.tech/crawler)"
198.54.114.83 - - [15/Apr/2025:03:53:57 -0400] "POST /wp-admin/admin-ajax.php?action=async_litespeed&nonce=SDPnocBFY2JZqm6Ka7JDFbvZsy59iwTD&litespeed_type=imgoptm HTTP/1.1" 200 5 "-" "WordPress/6.7.2; https://creative-webstyle.com"
217.113.194.254 - - [15/Apr/2025:03:54:04 -0400] "GET /what-vitamins-give-you-energy/ HTTP/1.1" 200 20800 "-" "Mozilla/5.0 (compatible; Barkrowler/0.9; +https://babbar.tech/crawler)"
217.113.194.239 - - [15/Apr/2025:03:54:22 -0400] "GET /exploring-culinary-diversity/feed/ HTTP/1.1" 200 387 "-" "Mozilla/5.0 (compatible; Barkrowler/0.9; +https://babbar.tech/crawler)"
217.113.194.237 - - [15/Apr/2025:03:54:42 -0400] "GET /exploring-cointelegraph/feed/ HTTP/1.1" 200 379 "-" "Mozilla/5.0 (compatible; Barkrowler/0.9; +https://babbar.tech/crawler)"
198.54.114.83 - - [15/Apr/2025:03:54:58 -0400] "POST /wp-admin/admin-ajax.php?action=async_litespeed&nonce=ZEV83v1YK2trULIrFEZaidEmU8H6MM29&litespeed_type=imgoptm HTTP/1.1" 200 5 "-" "WordPress/6.7.2; https://creative-webstyle.com"
217.113.194.241 - - [15/Apr/2025:03:55:02 -0400] "GET /exploring-the-german-wine-country/ HTTP/1.1" 200 19341 "-" "Mozilla/5.0 (compatible; Barkrowler/0.9; +https://babbar.tech/crawler)"
217.113.194.233 - - [15/Apr/2025:03:55:23 -0400] "GET /exploring-the-world-of-online-casinos/ HTTP/1.1" 200 18277 "-" "Mozilla/5.0 (compatible; Barkrowler/0.9; +https://babbar.tech/crawler)"
52.138.175.243 - - [15/Apr/2025:03:55:30 -0400] "GET //wp-admin/about.php HTTP/1.1" 302 0 "-" "-"
52.138.175.243 - - [15/Apr/2025:03:55:33 -0400] "GET /wp-login.php?redirect_to=https%3A%2F%2Fmail.creative-webstyle.com%2F%2Fwp-admin%2Fabout.php&reauth=1 HTTP/1.1" 200 1702 "-" "-"
217.113.194.254 - - [15/Apr/2025:03:55:43 -0400] "GET /football-socks-grip/feed/ HTTP/1.1" 200 374 "-" "Mozilla/5.0 (compatible; Barkrowler/0.9; +https://babbar.tech/crawler)"
198.54.114.83 - - [15/Apr/2025:03:55:59 -0400] "POST /wp-admin/admin-ajax.php?action=async_litespeed&nonce=mhDtARaE1Sqm7bo6AvHbsHIE13XLkCKA&litespeed_type=imgoptm HTTP/1.1" 200 0 "-" "WordPress/6.7.2; https://creative-webstyle.com"
217.113.194.238 - - [15/Apr/2025:03:56:01 -0400] "GET /mould-specialist-london/feed/ HTTP/1.1" 200 381 "-" "Mozilla/5.0 (compatible; Barkrowler/0.9; +https://babbar.tech/crawler)"
217.113.194.236 - - [15/Apr/2025:03:56:20 -0400] "GET /winnie-the-pooh-quotes/ HTTP/1.1" 404 12628 "-" "Mozilla/5.0 (compatible; Barkrowler/0.9; +https://babbar.tech/crawler)"
52.138.175.243 - - [15/Apr/2025:03:56:33 -0400] "GET //wp-admin/network/admin.php HTTP/1.1" 302 0 "-" "-"
52.138.175.243 - - [15/Apr/2025:03:56:36 -0400] "GET /wp-login.php?redirect_to=https%3A%2F%2Fmail.creative-webstyle.com%2F%2Fwp-admin%2Fnetwork%2Fadmin.php&reauth=1 HTTP/1.1" 200 1707 "-" "-"
154.54.249.218 - - [15/Apr/2025:03:56:40 -0400] "GET /the-power-of-virality/feed/ HTTP/1.1" 200 385 "-" "Mozilla/5.0 (compatible; Barkrowler/0.9; +https://babbar.tech/crawler)"
52.138.175.243 - - [15/Apr/2025:03:56:42 -0400] "GET //wp-admin/network/index.php HTTP/1.1" 302 0 "-" "-"
52.138.175.243 - - [15/Apr/2025:03:56:43 -0400] "GET /wp-login.php?redirect_to=https%3A%2F%2Fmail.creative-webstyle.com%2F%2Fwp-admin%2Fnetwork%2Findex.php&reauth=1 HTTP/1.1" 200 1705 "-" "-"
198.54.114.83 - - [15/Apr/2025:03:56:56 -0400] "POST /wp-admin/admin-ajax.php?action=async_litespeed&nonce=rneEBS0aX5RV2rWcmBcKYngp5tmXUCoz&litespeed_type=imgoptm HTTP/1.1" 200 5 "-" "WordPress/6.7.2; https://creative-webstyle.com"
217.113.194.241 - - [15/Apr/2025:03:57:00 -0400] "GET /the-power-of-a-webdesign-agency/ HTTP/1.1" 200 17889 "-" "Mozilla/5.0 (compatible; Barkrowler/0.9; +https://babbar.tech/crawler)"
154.54.249.218 - - [15/Apr/2025:03:57:20 -0400] "GET /uk-cbd-gummies-2/ HTTP/1.1" 200 18191 "-" "Mozilla/5.0 (compatible; Barkrowler/0.9; +https://babbar.tech/crawler)"
217.113.194.233 - - [15/Apr/2025:03:57:43 -0400] "GET /moderne-hangeleuchten/feed/ HTTP/1.1" 200 385 "-" "Mozilla/5.0 (compatible; Barkrowler/0.9; +https://babbar.tech/crawler)"
46.4.81.149 - - [15/Apr/2025:03:57:50 -0400] "GET /welche-online-lernplattform-fur-gitarre-ist-die-richtige-fur-sie/ HTTP/1.1" 200 17910 "-" "Mozilla/5.0 (X11; Linux x86_64; rv:102.0) Gecko/20100101 Firefox/102.0"
46.4.81.149 - - [15/Apr/2025:03:57:54 -0400] "GET /gitarre-online-lernen/ HTTP/1.1" 200 17138 "-" "Mozilla/5.0 (Windows NT 10.0; Win64; x64) AppleWebKit/537.36 (KHTML, like Gecko) Chrome/108.0.0.0 Safari/537.36 OPR/94.0.0.0"
154.54.249.218 - - [15/Apr/2025:03:58:00 -0400] "GET /professional-photos-for-dating-profile/ HTTP/1.1" 200 17337 "-" "Mozilla/5.0 (compatible; Barkrowler/0.9; +https://babbar.tech/crawler)"
217.113.194.233 - - [15/Apr/2025:03:58:21 -0400] "GET /cheapest-smm-panel/feed/ HTTP/1.1" 200 379 "-" "Mozilla/5.0 (compatible; Barkrowler/0.9; +https://babbar.tech/crawler)"
162.55.94.175 - - [15/Apr/2025:03:58:25 -0400] "GET /so-bekommen-sie-ein-gefuhl-fur-die-preise-fur-gitarrenunterricht/ HTTP/1.1" 200 18377 "-" "Mozilla/5.0 (X11; Linux x86_64) AppleWebKit/537.36 (KHTML, like Gecko) Chrome/108.0.0.0 Safari/537.36"
217.113.194.237 - - [15/Apr/2025:03:58:41 -0400] "GET /cheapest-smm-panel-2/feed/ HTTP/1.1" 200 381 "-" "Mozilla/5.0 (compatible; Barkrowler/0.9; +https://babbar.tech/crawler)"
198.54.114.83 - - [15/Apr/2025:03:58:58 -0400] "POST /wp-admin/admin-ajax.php?action=async_litespeed&nonce=tEjk6bttNycLTfY2UNyte98GqSyaoo8V&litespeed_type=imgoptm HTTP/1.1" 200 0 "-" "WordPress/6.7.2; https://creative-webstyle.com"
217.113.194.239 - - [15/Apr/2025:03:59:04 -0400] "GET /cheapest-smm-panel-2/ HTTP/1.1" 200 17287 "-" "Mozilla/5.0 (compatible; Barkrowler/0.9; +https://babbar.tech/crawler)"
185.191.171.16 - - [15/Apr/2025:03:59:25 -0400] "GET /choosing-a-kitchen-remolding-contractor/ HTTP/1.1" 200 18805 "-" "Mozilla/5.0 (compatible; SemrushBot/7~bl; +http://www.semrush.com/bot.html)"
217.113.194.241 - - [15/Apr/2025:03:59:25 -0400] "GET /tissot-watch-repair/feed/ HTTP/1.1" 200 383 "-" "Mozilla/5.0 (compatible; Barkrowler/0.9; +https://babbar.tech/crawler)"
162.55.94.175 - - [15/Apr/2025:03:59:42 -0400] "GET /gitarrenunterricht/ HTTP/1.1" 200 17286 "-" "Mozilla/5.0 (Macintosh; Intel Mac OS X 10.15; rv:102.0) Gecko/20100101 Firefox/102.0"
217.113.194.240 - - [15/Apr/2025:03:59:47 -0400] "GET /window-shutters-north-east/feed/ HTTP/1.1" 200 387 "-" "Mozilla/5.0 (compatible; Barkrowler/0.9; +https://babbar.tech/crawler)"
217.113.194.240 - - [15/Apr/2025:04:00:08 -0400] "GET /soot-damage-cleaning/feed/ HTTP/1.1" 200 381 "-" "Mozilla/5.0 (compatible; Barkrowler/0.9; +https://babbar.tech/crawler)"
217.113.194.238 - - [15/Apr/2025:04:00:25 -0400] "GET /time-to-play-online-lotteries/ HTTP/1.1" 200 18758 "-" "Mozilla/5.0 (compatible; Barkrowler/0.9; +https://babbar.tech/crawler)"
217.113.194.233 - - [15/Apr/2025:04:00:44 -0400] "GET /veilleuse-bebe-tortue/ HTTP/1.1" 200 18554 "-" "Mozilla/5.0 (compatible; Barkrowler/0.9; +https://babbar.tech/crawler)"
198.54.114.83 - - [15/Apr/2025:04:00:56 -0400] "POST /wp-admin/admin-ajax.php?action=async_litespeed&nonce=WkCVdVDQCsGWoJZ8K6WQUF3SpUszrjWk&litespeed_type=imgoptm HTTP/1.1" 200 0 "-" "WordPress/6.7.2; https://creative-webstyle.com"
217.113.194.241 - - [15/Apr/2025:04:01:01 -0400] "GET /veilleuse-bebe-tortue/feed/ HTTP/1.1" 200 384 "-" "Mozilla/5.0 (compatible; Barkrowler/0.9; +https://babbar.tech/crawler)"
52.138.175.243 - - [15/Apr/2025:04:01:03 -0400] "GET /wp-admin/ HTTP/1.1" 302 0 "-" "-"
52.138.175.243 - - [15/Apr/2025:04:01:05 -0400] "GET /wp-login.php?redirect_to=https%3A%2F%2Fcreative-webstyle.com%2Fwp-admin%2F&reauth=1 HTTP/1.1" 200 1694 "-" "-"
217.113.194.241 - - [15/Apr/2025:04:01:18 -0400] "GET /agriturismo-con-piscina/ HTTP/1.1" 200 17981 "-" "Mozilla/5.0 (compatible; Barkrowler/0.9; +https://babbar.tech/crawler)"
52.138.175.243 - - [15/Apr/2025:04:01:26 -0400] "GET /wp-admin/ HTTP/1.1" 302 0 "-" "-"
52.138.175.243 - - [15/Apr/2025:04:01:27 -0400] "GET /wp-login.php?redirect_to=https%3A%2F%2Fcreative-webstyle.com%2Fwp-admin%2F&reauth=1 HTTP/1.1" 200 1694 "-" "-"
217.113.194.235 - - [15/Apr/2025:04:01:37 -0400] "GET /streamlining-entertainment-choices/ HTTP/1.1" 200 17933 "-" "Mozilla/5.0 (compatible; Barkrowler/0.9; +https://babbar.tech/crawler)"
217.113.194.237 - - [15/Apr/2025:04:01:58 -0400] "GET /streamlining-web-navigation/feed/ HTTP/1.1" 200 381 "-" "Mozilla/5.0 (compatible; Barkrowler/0.9; +https://babbar.tech/crawler)"
45.93.157.4 - - [15/Apr/2025:04:02:03 -0400] "GET /eine-reise-durch-die-welt-der-musik/ HTTP/1.1" 200 17902 "-" "Mozilla/5.0 (Windows NT 10.0; Win64; x64; rv:108.0) Gecko/20100101 Firefox/108.0"
217.113.194.254 - - [15/Apr/2025:04:02:18 -0400] "GET /confort-et-saveurs-a-domicile/ HTTP/1.1" 200 17839 "-" "Mozilla/5.0 (compatible; Barkrowler/0.9; +https://babbar.tech/crawler)"
217.113.194.239 - - [15/Apr/2025:04:02:36 -0400] "GET /confort-et-saveurs-a-domicile/feed/ HTTP/1.1" 200 399 "-" "Mozilla/5.0 (compatible; Barkrowler/0.9; +https://babbar.tech/crawler)"
217.113.194.233 - - [15/Apr/2025:04:02:54 -0400] "GET /popularity-of-online-gambling-software/ HTTP/1.1" 200 18421 "-" "Mozilla/5.0 (compatible; Barkrowler/0.9; +https://babbar.tech/crawler)"
198.54.114.83 - - [15/Apr/2025:04:02:57 -0400] "POST /wp-admin/admin-ajax.php?action=async_litespeed&nonce=Yg4HUQWDACCcI0vP5jhcY9nLSVkf1BRW&litespeed_type=imgoptm HTTP/1.1" 200 0 "-" "WordPress/6.7.2; https://creative-webstyle.com"
217.113.194.236 - - [15/Apr/2025:04:03:14 -0400] "GET /no-doc-business-loans/ HTTP/1.1" 200 17161 "-" "Mozilla/5.0 (compatible; Barkrowler/0.9; +https://babbar.tech/crawler)"
217.113.194.254 - - [15/Apr/2025:04:03:33 -0400] "GET /what-are-social-networking-websites/ HTTP/1.1" 200 18945 "-" "Mozilla/5.0 (compatible; Barkrowler/0.9; +https://babbar.tech/crawler)"
198.54.114.83 - - [15/Apr/2025:04:03:53 -0400] "POST /wp-cron.php?doing_wp_cron=1744704233.2741270065307617187500 HTTP/1.1" 200 0 "-" "WordPress/6.7.2; https://creative-webstyle.com"
217.113.194.238 - - [15/Apr/2025:04:03:52 -0400] "GET /what-are-direct-peptides/ HTTP/1.1" 200 18097 "-" "Mozilla/5.0 (compatible; Barkrowler/0.9; +https://babbar.tech/crawler)"
198.54.114.83 - - [15/Apr/2025:04:03:59 -0400] "POST /wp-admin/admin-ajax.php?action=async_litespeed&nonce=M03zduOTPP4Vdpysqo8ZdkFVOyFDJqS1&litespeed_type=imgoptm HTTP/1.1" 200 5 "-" "WordPress/6.7.2; https://creative-webstyle.com"
217.113.194.232 - - [15/Apr/2025:04:04:13 -0400] "GET /what-are-shirt-cut-memes/feed/ HTTP/1.1" 200 392 "-" "Mozilla/5.0 (compatible; Barkrowler/0.9; +https://babbar.tech/crawler)"
217.113.194.238 - - [15/Apr/2025:04:04:30 -0400] "GET /what-are-prefab-garage-kits/ HTTP/1.1" 200 18836 "-" "Mozilla/5.0 (compatible; Barkrowler/0.9; +https://babbar.tech/crawler)"
217.113.194.254 - - [15/Apr/2025:04:04:47 -0400] "GET /cyprus-rhinoplasty-prices/ HTTP/1.1" 200 17756 "-" "Mozilla/5.0 (compatible; Barkrowler/0.9; +https://babbar.tech/crawler)"
198.54.114.83 - - [15/Apr/2025:04:05:07 -0400] "POST /wp-cron.php?doing_wp_cron=1744704307.3214468955993652343750 HTTP/1.1" 200 0 "-" "WordPress/6.7.2; https://creative-webstyle.com"
217.113.194.254 - - [15/Apr/2025:04:05:06 -0400] "GET /col-du-galibier/feed/ HTTP/1.1" 200 373 "-" "Mozilla/5.0 (compatible; Barkrowler/0.9; +https://babbar.tech/crawler)"
198.54.114.83 - - [15/Apr/2025:04:05:13 -0400] "POST /wp-admin/admin-ajax.php?action=async_litespeed&nonce=G9lUbUGKS8iwHdP0A9FrDj37pRnVRXh8&litespeed_type=imgoptm HTTP/1.1" 200 5 "-" "WordPress/6.7.2; https://creative-webstyle.com"
217.113.194.234 - - [15/Apr/2025:04:05:26 -0400] "GET /motorbike-workshop-service/feed/ HTTP/1.1" 200 385 "-" "Mozilla/5.0 (compatible; Barkrowler/0.9; +https://babbar.tech/crawler)"
217.113.194.241 - - [15/Apr/2025:04:05:44 -0400] "GET /interior-design-services-near-me/ HTTP/1.1" 200 18144 "-" "Mozilla/5.0 (compatible; Barkrowler/0.9; +https://babbar.tech/crawler)"
185.245.106.236 - - [15/Apr/2025:04:06:00 -0400] "GET /hvac-systems-and-mold/ HTTP/1.1" 200 19424 "https://creative-webstyle.com/hvac-systems-and-mold/" "Mozilla/5.0 (Windows NT 10.0; Win64; x64) AppleWebKit/537.36 (KHTML, like Gecko) Chrome/103.0.5060.66 Safari/537.36"
198.54.114.83 - - [15/Apr/2025:04:06:03 -0400] "POST /wp-cron.php?doing_wp_cron=1744704362.3224279880523681640625 HTTP/1.1" 200 0 "-" "WordPress/6.7.2; https://creative-webstyle.com"
154.54.249.218 - - [15/Apr/2025:04:06:03 -0400] "GET /custom-baseball-socks-with-logo/feed/ HTTP/1.1" 200 398 "-" "Mozilla/5.0 (compatible; Barkrowler/0.9; +https://babbar.tech/crawler)"
185.245.106.236 - - [15/Apr/2025:04:06:01 -0400] "POST /wp-comments-post.php HTTP/1.1" 302 0 "https://creative-webstyle.com/hvac-systems-and-mold/" "Mozilla/5.0 (Windows NT 10.0; Win64; x64) AppleWebKit/537.36 (KHTML, like Gecko) Chrome/103.0.5060.66 Safari/537.36"
185.245.106.236 - - [15/Apr/2025:04:06:05 -0400] "GET /hvac-systems-and-mold/ HTTP/1.1" 200 20058 "https://creative-webstyle.com/hvac-systems-and-mold/#comment-35220" "Mozilla/5.0 (Windows NT 10.0; Win64; x64) AppleWebKit/537.36 (KHTML, like Gecko) Chrome/103.0.5060.66 Safari/537.36"
198.54.114.83 - - [15/Apr/2025:04:06:08 -0400] "POST /wp-admin/admin-ajax.php?action=async_litespeed&nonce=ePsJs57tjqThW9ABEkLJ3F3d8NDfh8HZ&litespeed_type=imgoptm HTTP/1.1" 200 5 "-" "WordPress/6.7.2; https://creative-webstyle.com"
217.113.194.234 - - [15/Apr/2025:04:06:20 -0400] "GET /gatwick-to-heathrow-transfer/ HTTP/1.1" 200 18377 "-" "Mozilla/5.0 (compatible; Barkrowler/0.9; +https://babbar.tech/crawler)"
217.113.194.254 - - [15/Apr/2025:04:06:38 -0400] "GET /grip-socks-for-football-players/ HTTP/1.1" 200 17908 "-" "Mozilla/5.0 (compatible; Barkrowler/0.9; +https://babbar.tech/crawler)"
198.54.114.83 - - [15/Apr/2025:04:06:56 -0400] "POST /wp-cron.php?doing_wp_cron=1744704416.1178450584411621093750 HTTP/1.1" 200 0 "-" "WordPress/6.7.2; https://creative-webstyle.com"
217.113.194.240 - - [15/Apr/2025:04:06:55 -0400] "GET /grip-socks-for-football-players/feed/ HTTP/1.1" 200 401 "-" "Mozilla/5.0 (compatible; Barkrowler/0.9; +https://babbar.tech/crawler)"
95.108.213.203 - - [15/Apr/2025:04:06:59 -0400] "GET /robots.txt HTTP/1.1" 304 0 "-" "Mozilla/5.0 (compatible; YandexBot/3.0; +http://yandex.com/bots)"
95.108.213.204 - - [15/Apr/2025:04:07:00 -0400] "GET /remplissez-un-petit-vase-blanc-de-creativite/ HTTP/1.1" 200 18572 "-" "Mozilla/5.0 (compatible; YandexBot/3.0; +http://yandex.com/bots)"
198.54.114.83 - - [15/Apr/2025:04:07:01 -0400] "POST /wp-admin/admin-ajax.php?action=async_litespeed&nonce=N9Rg3WYVAUlm9phmg0VNsYKsKxGrEBRl&litespeed_type=imgoptm HTTP/1.1" 200 5 "-" "WordPress/6.7.2; https://creative-webstyle.com"
217.113.194.241 - - [15/Apr/2025:04:07:13 -0400] "GET /loans-for-women-business-owners/ HTTP/1.1" 200 18039 "-" "Mozilla/5.0 (compatible; Barkrowler/0.9; +https://babbar.tech/crawler)"
217.113.194.241 - - [15/Apr/2025:04:07:32 -0400] "GET /elegance-et-praticite/feed/ HTTP/1.1" 200 395 "-" "Mozilla/5.0 (compatible; Barkrowler/0.9; +https://babbar.tech/crawler)"
217.113.194.233 - - [15/Apr/2025:04:07:48 -0400] "GET /borracce-personalizzate/feed/ HTTP/1.1" 200 377 "-" "Mozilla/5.0 (compatible; Barkrowler/0.9; +https://babbar.tech/crawler)"
194.104.10.137 - - [15/Apr/2025:04:08:54 -0400] "GET /une-entreprise-disolation-a-geneve-reduire-les-pertes-energetiques/ HTTP/1.1" 200 18453 "https://creative-webstyle.com/une-entreprise-disolation-a-geneve-reduire-les-pertes-energetiques/" "Mozilla/5.0 (Windows NT 10.0; Win64; x64) AppleWebKit/537.36 (KHTML, like Gecko) Chrome/130.0.0.0 Safari/537.36 CCleaner/130.0.0.0"
198.54.114.83 - - [15/Apr/2025:04:08:55 -0400] "POST /wp-admin/admin-ajax.php?action=async_litespeed&nonce=hM1ZefqhR1vXhKWyZAiCi5YJMInKM61f&litespeed_type=imgoptm HTTP/1.1" 200 5 "-" "WordPress/6.7.2; https://creative-webstyle.com"
217.113.194.232 - - [15/Apr/2025:04:08:56 -0400] "GET /pex-tubing-and-rodents/ HTTP/1.1" 200 17984 "-" "Mozilla/5.0 (compatible; Barkrowler/0.9; +https://babbar.tech/crawler)"
194.104.10.137 - - [15/Apr/2025:04:09:02 -0400] "POST /wp-comments-post.php HTTP/1.1" 302 0 "https://creative-webstyle.com/une-entreprise-disolation-a-geneve-reduire-les-pertes-energetiques/" "Mozilla/5.0 (Windows NT 10.0; Win64; x64) AppleWebKit/537.36 (KHTML, like Gecko) Chrome/130.0.0.0 Safari/537.36 CCleaner/130.0.0.0"
194.104.10.137 - - [15/Apr/2025:04:09:04 -0400] "GET /une-entreprise-disolation-a-geneve-reduire-les-pertes-energetiques/ HTTP/1.1" 200 19995 "https://creative-webstyle.com/une-entreprise-disolation-a-geneve-reduire-les-pertes-energetiques/#comment-35221" "Mozilla/5.0 (Windows NT 10.0; Win64; x64) AppleWebKit/537.36 (KHTML, like Gecko) Chrome/130.0.0.0 Safari/537.36 CCleaner/130.0.0.0"
217.113.194.240 - - [15/Apr/2025:04:09:14 -0400] "GET /pex-tubing-and-rodents/feed/ HTTP/1.1" 200 387 "-" "Mozilla/5.0 (compatible; Barkrowler/0.9; +https://babbar.tech/crawler)"
217.113.194.241 - - [15/Apr/2025:04:09:30 -0400] "GET /black-and-gold-bedside-lamps/ HTTP/1.1" 200 18208 "-" "Mozilla/5.0 (compatible; Barkrowler/0.9; +https://babbar.tech/crawler)"
217.113.194.236 - - [15/Apr/2025:04:09:48 -0400] "GET /enhancing-facial-harmony/feed/ HTTP/1.1" 200 386 "-" "Mozilla/5.0 (compatible; Barkrowler/0.9; +https://babbar.tech/crawler)"
198.54.114.83 - - [15/Apr/2025:04:09:59 -0400] "POST /wp-admin/admin-ajax.php?action=async_litespeed&nonce=nAUOcqd3kRRq28GLsy6MEsWvD8e9BLRS&litespeed_type=imgoptm HTTP/1.1" 200 5 "-" "WordPress/6.7.2; https://creative-webstyle.com"
217.113.194.241 - - [15/Apr/2025:04:10:05 -0400] "GET /youtube-to-mp4-converter/feed/ HTTP/1.1" 200 383 "-" "Mozilla/5.0 (compatible; Barkrowler/0.9; +https://babbar.tech/crawler)"
217.113.194.241 - - [15/Apr/2025:04:10:22 -0400] "GET /how-to-prevent-thread-galling/feed/ HTTP/1.1" 200 396 "-" "Mozilla/5.0 (compatible; Barkrowler/0.9; +https://babbar.tech/crawler)"
217.113.194.236 - - [15/Apr/2025:04:10:40 -0400] "GET /how-to-stop-online-gambling-addiction/ HTTP/1.1" 200 18214 "-" "Mozilla/5.0 (compatible; Barkrowler/0.9; +https://babbar.tech/crawler)"
198.54.114.83 - - [15/Apr/2025:04:10:56 -0400] "POST /wp-admin/admin-ajax.php?action=async_litespeed&nonce=0MmjOqfTq6NTc4d7apcs0jcNbf0v0DWd&litespeed_type=imgoptm HTTP/1.1" 200 5 "-" "WordPress/6.7.2; https://creative-webstyle.com"
217.113.194.239 - - [15/Apr/2025:04:10:58 -0400] "GET /how-to-keep-up-your-oral-hygiene/ HTTP/1.1" 200 18461 "-" "Mozilla/5.0 (compatible; Barkrowler/0.9; +https://babbar.tech/crawler)"
217.113.194.233 - - [15/Apr/2025:04:11:14 -0400] "GET /how-to-choose-the-best-sport-betting-sites/ HTTP/1.1" 200 18038 "-" "Mozilla/5.0 (compatible; Barkrowler/0.9; +https://babbar.tech/crawler)"
40.69.36.253 - - [15/Apr/2025:04:11:19 -0400] "GET //wp-admin/about.php HTTP/1.1" 302 0 "-" "-"
40.69.36.253 - - [15/Apr/2025:04:11:20 -0400] "GET /wp-login.php?redirect_to=https%3A%2F%2Fwww.creative-webstyle.com%2F%2Fwp-admin%2Fabout.php&reauth=1 HTTP/1.1" 200 1700 "-" "-"
217.113.194.233 - - [15/Apr/2025:04:11:32 -0400] "GET /how-to-find-a-caregiver-near-me/ HTTP/1.1" 200 18355 "-" "Mozilla/5.0 (compatible; Barkrowler/0.9; +https://babbar.tech/crawler)"
217.113.194.240 - - [15/Apr/2025:04:11:49 -0400] "GET /how-to-find-a-good-divorce-attorney/ HTTP/1.1" 200 18492 "-" "Mozilla/5.0 (compatible; Barkrowler/0.9; +https://babbar.tech/crawler)"
135.119.140.236 - - [15/Apr/2025:04:08:00 -0400] "HEAD /new-approach-prevents-skin-cancer-using-photodynamic-therapy-pdt/ HTTP/1.1" 200 0 "http://creative-webstyle.com/new" "Mozilla/5.0 (Windows NT 10.0; Win64; x64) AppleWebKit/537.36 (KHTML, like Gecko) Chrome/74.0.3729.169 Safari/537.36"
135.119.140.236 - - [15/Apr/2025:04:08:02 -0400] "HEAD /home-automation-companies/ HTTP/1.1" 200 0 "http://creative-webstyle.com/home" "Mozilla/5.0 (Windows NT 10.0; Win64; x64) AppleWebKit/537.36 (KHTML, like Gecko) Chrome/74.0.3729.169 Safari/537.36"
198.54.114.83 - - [15/Apr/2025:04:08:03 -0400] "POST /wp-admin/admin-ajax.php?action=async_litespeed&nonce=9J5L9U0IqOEuP9TwNYFdklSX5qoyWqRs&litespeed_type=imgoptm HTTP/1.1" 200 5 "-" "WordPress/6.7.2; https://creative-webstyle.com"
217.113.194.233 - - [15/Apr/2025:04:08:04 -0400] "GET /top-10-convertible-duffel-bags/ HTTP/1.1" 200 17772 "-" "Mozilla/5.0 (compatible; Barkrowler/0.9; +https://babbar.tech/crawler)"
217.113.194.235 - - [15/Apr/2025:04:08:21 -0400] "GET /health-advice-what-you-need-to-know/feed/ HTTP/1.1" 200 416 "-" "Mozilla/5.0 (compatible; Barkrowler/0.9; +https://babbar.tech/crawler)"
217.113.194.241 - - [15/Apr/2025:04:08:37 -0400] "GET /jewelry-photo-retouching-service-2/ HTTP/1.1" 200 17302 "-" "Mozilla/5.0 (compatible; Barkrowler/0.9; +https://babbar.tech/crawler)"
18.190.158.237 - - [15/Apr/2025:04:11:53 -0400] "GET /robots.txt HTTP/1.1" 200 110 "-" "Mozilla/5.0 AppleWebKit/537.36 (KHTML, like Gecko; compatible; ClaudeBot/1.0; +claudebot@anthropic.com)"
198.54.114.83 - - [15/Apr/2025:04:11:56 -0400] "POST /wp-cron.php?doing_wp_cron=1744704715.5539879798889160156250 HTTP/1.1" 200 0 "-" "WordPress/6.7.2; https://creative-webstyle.com"
18.190.158.237 - - [15/Apr/2025:04:11:55 -0400] "GET /how-to-send-large-files-online-for-free/feed HTTP/1.1" 301 0 "-" "Mozilla/5.0 AppleWebKit/537.36 (KHTML, like Gecko; compatible; ClaudeBot/1.0; +claudebot@anthropic.com)"
198.54.114.83 - - [15/Apr/2025:04:11:57 -0400] "POST /wp-admin/admin-ajax.php?action=async_litespeed&nonce=7fS1pavZ2MNng4CbWHwkItNYXmqY93qS&litespeed_type=imgoptm HTTP/1.1" 200 5 "-" "WordPress/6.7.2; https://creative-webstyle.com"
18.190.158.237 - - [15/Apr/2025:04:11:57 -0400] "GET /how-to-send-large-files-online-for-free/feed/ HTTP/1.1" 200 410 "-" "Mozilla/5.0 AppleWebKit/537.36 (KHTML, like Gecko; compatible; ClaudeBot/1.0; +claudebot@anthropic.com)"
217.113.194.235 - - [15/Apr/2025:04:12:07 -0400] "GET /how-to-find-a-good-divorce-attorney/feed/ HTTP/1.1" 200 406 "-" "Mozilla/5.0 (compatible; Barkrowler/0.9; +https://babbar.tech/crawler)"
217.113.194.235 - - [15/Apr/2025:04:12:24 -0400] "GET /how-to-skyrocket-your-instagram-followers/ HTTP/1.1" 200 18142 "-" "Mozilla/5.0 (compatible; Barkrowler/0.9; +https://babbar.tech/crawler)"
217.113.194.241 - - [15/Apr/2025:04:12:41 -0400] "GET /how-to-create-a-youtube-live-stream/feed/ HTTP/1.1" 200 410 "-" "Mozilla/5.0 (compatible; Barkrowler/0.9; +https://babbar.tech/crawler)"
198.54.114.83 - - [15/Apr/2025:04:13:00 -0400] "POST /wp-cron.php?doing_wp_cron=1744704779.9346709251403808593750 HTTP/1.1" 200 0 "-" "WordPress/6.7.2; https://creative-webstyle.com"
217.113.194.232 - - [15/Apr/2025:04:12:59 -0400] "GET /how-to-make-a-meat-samosa/feed/ HTTP/1.1" 200 395 "-" "Mozilla/5.0 (compatible; Barkrowler/0.9; +https://babbar.tech/crawler)"
198.54.114.83 - - [15/Apr/2025:04:13:05 -0400] "POST /wp-admin/admin-ajax.php?action=async_litespeed&nonce=xfN138mG8FSwVIwjXpNcRZ74kQjJQ8If&litespeed_type=imgoptm HTTP/1.1" 200 0 "-" "WordPress/6.7.2; https://creative-webstyle.com"
217.113.194.236 - - [15/Apr/2025:04:13:17 -0400] "GET /how-to-write-a-good-attorney-bio/feed/ HTTP/1.1" 200 404 "-" "Mozilla/5.0 (compatible; Barkrowler/0.9; +https://babbar.tech/crawler)"
217.113.194.235 - - [15/Apr/2025:04:13:35 -0400] "GET /how-to-make-paper-quilling-jewelry/ HTTP/1.1" 200 17964 "-" "Mozilla/5.0 (compatible; Barkrowler/0.9; +https://babbar.tech/crawler)"
198.54.114.83 - - [15/Apr/2025:04:13:53 -0400] "POST /wp-cron.php?doing_wp_cron=1744704833.5600569248199462890625 HTTP/1.1" 200 0 "-" "WordPress/6.7.2; https://creative-webstyle.com"
217.113.194.238 - - [15/Apr/2025:04:13:53 -0400] "GET /how-to-buy-youtube-subscribers/feed/ HTTP/1.1" 200 398 "-" "Mozilla/5.0 (compatible; Barkrowler/0.9; +https://babbar.tech/crawler)"
198.54.114.83 - - [15/Apr/2025:04:14:00 -0400] "POST /wp-admin/admin-ajax.php?action=async_litespeed&nonce=lk9orBcqLhmb7RrqA7kmlnF5tpc3tQ1B&litespeed_type=imgoptm HTTP/1.1" 200 0 "-" "WordPress/6.7.2; https://creative-webstyle.com"
217.113.194.238 - - [15/Apr/2025:04:14:10 -0400] "GET /how-to-buy-youtube-views-easily/ HTTP/1.1" 200 18056 "-" "Mozilla/5.0 (compatible; Barkrowler/0.9; +https://babbar.tech/crawler)"
154.54.249.218 - - [15/Apr/2025:04:14:30 -0400] "GET /how-to-buy-youtube-views-easily/feed/ HTTP/1.1" 200 404 "-" "Mozilla/5.0 (compatible; Barkrowler/0.9; +https://babbar.tech/crawler)"
217.113.194.241 - - [15/Apr/2025:04:14:46 -0400] "GET /how-to-create-custom-brand-socks/feed/ HTTP/1.1" 200 400 "-" "Mozilla/5.0 (compatible; Barkrowler/0.9; +https://babbar.tech/crawler)"
198.54.114.83 - - [15/Apr/2025:04:15:04 -0400] "POST /wp-cron.php?doing_wp_cron=1744704903.8574199676513671875000 HTTP/1.1" 200 0 "-" "WordPress/6.7.2; https://creative-webstyle.com"
217.113.194.240 - - [15/Apr/2025:04:15:03 -0400] "GET /how-to-evaluate-a-moving-company/ HTTP/1.1" 200 18621 "-" "Mozilla/5.0 (compatible; Barkrowler/0.9; +https://babbar.tech/crawler)"
198.54.114.83 - - [15/Apr/2025:04:15:11 -0400] "POST /wp-admin/admin-ajax.php?action=async_litespeed&nonce=hgg7ltd2NoXA6OXoQw72FgYEbyFRRIC6&litespeed_type=imgoptm HTTP/1.1" 200 0 "-" "WordPress/6.7.2; https://creative-webstyle.com"
2a02:598:128:8a00::b00:a - - [15/Apr/2025:04:15:14 -0400] "GET /zuverlassige-umzugsfirma-in-luneburg/ HTTP/1.1" 200 18183 "-" "Mozilla/5.0 (compatible; SeznamBot/4.0; +https://o-seznam.cz/napoveda/vyhledavani/en/seznambot-crawler/)"
217.113.194.235 - - [15/Apr/2025:04:15:23 -0400] "GET /how-to-get-started-in-diamond-painting/ HTTP/1.1" 200 18372 "-" "Mozilla/5.0 (compatible; Barkrowler/0.9; +https://babbar.tech/crawler)"
58.254.68.125 - - [15/Apr/2025:04:15:31 -0400] "GET /black-and-gold-bedside-lamps/ HTTP/1.1" 200 18208 "https://creative-webstyle.com" "Mozilla/5.0 (Windows NT 10.0; Win64; x64) AppleWebKit/537.36 (KHTML, like Gecko) Chrome/62.0.3202.94 Safari/537.36"
58.254.68.125 - - [15/Apr/2025:04:15:33 -0400] "POST /wp-comments-post.php HTTP/1.1" 302 0 "https://creative-webstyle.com" "Mozilla/5.0 (Windows NT 10.0; Win64; x64) AppleWebKit/537.36 (KHTML, like Gecko) Chrome/62.0.3202.94 Safari/537.36"
217.113.194.239 - - [15/Apr/2025:04:15:39 -0400] "GET /how-to-get-started-in-diamond-painting/feed/ HTTP/1.1" 200 406 "-" "Mozilla/5.0 (compatible; Barkrowler/0.9; +https://babbar.tech/crawler)"
58.254.68.125 - - [15/Apr/2025:04:15:39 -0400] "GET /black-and-gold-bedside-lamps/ HTTP/1.1" 200 18988 "https://creative-webstyle.com" "Mozilla/4.0 (compatible; MSIE 6.0; Windows NT 5.1; en) Opera 8.50"
198.54.114.83 - - [15/Apr/2025:04:15:54 -0400] "POST /wp-cron.php?doing_wp_cron=1744704954.2067680358886718750000 HTTP/1.1" 200 0 "-" "WordPress/6.7.2; https://creative-webstyle.com"
2a02:598:128:8a00::b00:15 - - [15/Apr/2025:04:15:53 -0400] "GET /die-bedeutung-eines-anwalts-in-der-modernen-gesellschaft/feed/ HTTP/1.1" 200 425 "-" "Mozilla/5.0 (compatible; SeznamBot/4.0; +https://o-seznam.cz/napoveda/vyhledavani/en/seznambot-crawler/)"
217.113.194.240 - - [15/Apr/2025:04:15:57 -0400] "GET /how-to-do-motorcycle-detailing/feed/ HTTP/1.1" 200 397 "-" "Mozilla/5.0 (compatible; Barkrowler/0.9; +https://babbar.tech/crawler)"
198.54.114.83 - - [15/Apr/2025:04:15:59 -0400] "POST /wp-admin/admin-ajax.php?action=async_litespeed&nonce=CGAy5ByOQGnjLzcdx3VIHkhfsszAx2Yd&litespeed_type=imgoptm HTTP/1.1" 200 5 "-" "WordPress/6.7.2; https://creative-webstyle.com"
217.113.194.238 - - [15/Apr/2025:04:16:14 -0400] "GET /the-ultimate-casino-solution-sale/feed/ HTTP/1.1" 200 396 "-" "Mozilla/5.0 (compatible; Barkrowler/0.9; +https://babbar.tech/crawler)"
217.113.194.239 - - [15/Apr/2025:04:16:30 -0400] "GET /objectif-publicitaire-personnalis/feed/ HTTP/1.1" 200 387 "-" "Mozilla/5.0 (compatible; Barkrowler/0.9; +https://babbar.tech/crawler)"
217.113.194.233 - - [15/Apr/2025:04:16:47 -0400] "GET /objectif-publicitaire-personnalis/ HTTP/1.1" 200 18479 "-" "Mozilla/5.0 (compatible; Barkrowler/0.9; +https://babbar.tech/crawler)"
198.54.114.83 - - [15/Apr/2025:04:17:04 -0400] "POST /wp-cron.php?doing_wp_cron=1744705024.2823939323425292968750 HTTP/1.1" 200 0 "-" "WordPress/6.7.2; https://creative-webstyle.com"
217.113.194.233 - - [15/Apr/2025:04:17:03 -0400] "GET /the-basics-of-football-betting/ HTTP/1.1" 200 17661 "-" "Mozilla/5.0 (compatible; Barkrowler/0.9; +https://babbar.tech/crawler)"
198.54.114.83 - - [15/Apr/2025:04:17:10 -0400] "POST /wp-admin/admin-ajax.php?action=async_litespeed&nonce=S9RqzJ9GwM35IBuVuxo71J1PtX1gTI2B&litespeed_type=imgoptm HTTP/1.1" 200 0 "-" "WordPress/6.7.2; https://creative-webstyle.com"
217.113.194.232 - - [15/Apr/2025:04:17:22 -0400] "GET /hair-transplant-north-cyprus/ HTTP/1.1" 200 17334 "-" "Mozilla/5.0 (compatible; Barkrowler/0.9; +https://babbar.tech/crawler)"
217.113.194.254 - - [15/Apr/2025:04:17:39 -0400] "GET /a-journey-through-enchanting-wins/ HTTP/1.1" 200 17958 "-" "Mozilla/5.0 (compatible; Barkrowler/0.9; +https://babbar.tech/crawler)"
198.54.114.83 - - [15/Apr/2025:04:17:57 -0400] "POST /wp-cron.php?doing_wp_cron=1744705077.5406780242919921875000 HTTP/1.1" 200 0 "-" "WordPress/6.7.2; https://creative-webstyle.com"
154.54.249.218 - - [15/Apr/2025:04:17:57 -0400] "GET /lelegance-et-lutilite/feed/ HTTP/1.1" 200 406 "-" "Mozilla/5.0 (compatible; Barkrowler/0.9; +https://babbar.tech/crawler)"
198.54.114.83 - - [15/Apr/2025:04:18:03 -0400] "POST /wp-admin/admin-ajax.php?action=async_litespeed&nonce=RCmpKGhUK9TtI3aBQ8OavhvzasAIsXLE&litespeed_type=imgoptm HTTP/1.1" 200 5 "-" "WordPress/6.7.2; https://creative-webstyle.com"
217.113.194.232 - - [15/Apr/2025:04:18:15 -0400] "GET /pikachu-kostum-kinder/ HTTP/1.1" 200 18194 "-" "Mozilla/5.0 (compatible; Barkrowler/0.9; +https://babbar.tech/crawler)"
217.113.194.240 - - [15/Apr/2025:04:18:33 -0400] "GET /choosing-a-gaming-mousepad/ HTTP/1.1" 200 17916 "-" "Mozilla/5.0 (compatible; Barkrowler/0.9; +https://babbar.tech/crawler)"
198.54.114.83 - - [15/Apr/2025:04:18:52 -0400] "POST /wp-cron.php?doing_wp_cron=1744705131.9177670478820800781250 HTTP/1.1" 200 0 "-" "WordPress/6.7.2; https://creative-webstyle.com"
217.113.194.237 - - [15/Apr/2025:04:18:51 -0400] "GET /choosing-a-diaper-bag/feed/ HTTP/1.1" 200 384 "-" "Mozilla/5.0 (compatible; Barkrowler/0.9; +https://babbar.tech/crawler)"
198.54.114.83 - - [15/Apr/2025:04:18:58 -0400] "POST /wp-admin/admin-ajax.php?action=async_litespeed&nonce=mVwKwo6l9xREC8EkQU9iKlLcJazRNkGQ&litespeed_type=imgoptm HTTP/1.1" 200 5 "-" "WordPress/6.7.2; https://creative-webstyle.com"
217.113.194.232 - - [15/Apr/2025:04:19:12 -0400] "GET /choosing-the-best-cbd-brands/ HTTP/1.1" 200 17998 "-" "Mozilla/5.0 (compatible; Barkrowler/0.9; +https://babbar.tech/crawler)"
217.113.194.234 - - [15/Apr/2025:04:19:29 -0400] "GET /the-role-of-osteopathy-in-dubai/ HTTP/1.1" 200 17916 "-" "Mozilla/5.0 (compatible; Barkrowler/0.9; +https://babbar.tech/crawler)"
198.54.114.83 - - [15/Apr/2025:04:19:51 -0400] "POST /wp-cron.php?doing_wp_cron=1744705191.2810480594635009765625 HTTP/1.1" 200 0 "-" "WordPress/6.7.2; https://creative-webstyle.com"
154.54.249.218 - - [15/Apr/2025:04:19:50 -0400] "GET /valentines-gift-for-daughter/feed/ HTTP/1.1" 200 393 "-" "Mozilla/5.0 (compatible; Barkrowler/0.9; +https://babbar.tech/crawler)"
217.113.194.235 - - [15/Apr/2025:04:20:10 -0400] "GET /transforming-consumer-expectations/feed/ HTTP/1.1" 200 391 "-" "Mozilla/5.0 (compatible; Barkrowler/0.9; +https://babbar.tech/crawler)"
198.54.114.83 - - [15/Apr/2025:04:20:13 -0400] "POST /wp-cron.php?doing_wp_cron=1744705211.1088979244232177734375 HTTP/1.1" 200 0 "-" "WordPress/6.7.2; https://creative-webstyle.com"
217.113.194.233 - - [15/Apr/2025:04:20:28 -0400] "GET /online-job-advertising-in-the-uk/feed/ HTTP/1.1" 200 394 "-" "Mozilla/5.0 (compatible; Barkrowler/0.9; +https://babbar.tech/crawler)"
217.113.194.236 - - [15/Apr/2025:04:20:47 -0400] "GET /how-does-tretinoin-work/ HTTP/1.1" 200 18893 "-" "Mozilla/5.0 (compatible; Barkrowler/0.9; +https://babbar.tech/crawler)"
217.113.194.238 - - [15/Apr/2025:04:21:06 -0400] "GET /how-ppr-fittings-are-made/ HTTP/1.1" 200 18001 "-" "Mozilla/5.0 (compatible; Barkrowler/0.9; +https://babbar.tech/crawler)"
198.54.114.83 - - [15/Apr/2025:04:21:23 -0400] "POST /wp-cron.php?doing_wp_cron=1744705283.2092580795288085937500 HTTP/1.1" 200 0 "-" "WordPress/6.7.2; https://creative-webstyle.com"
217.113.194.233 - - [15/Apr/2025:04:21:22 -0400] "GET /nearest-hotels-to-disneyland-paris/ HTTP/1.1" 200 17121 "-" "Mozilla/5.0 (compatible; Barkrowler/0.9; +https://babbar.tech/crawler)"
198.54.114.83 - - [15/Apr/2025:04:21:24 -0400] "POST /wp-admin/admin-ajax.php?action=async_litespeed&nonce=tDsxOHjZHGR95DhBZxtSv9s3CyI0vPw3&litespeed_type=imgoptm HTTP/1.1" 200 5 "-" "WordPress/6.7.2; https://creative-webstyle.com"
217.113.194.238 - - [15/Apr/2025:04:21:42 -0400] "GET /entre-tradition-et-modernite/feed/ HTTP/1.1" 200 393 "-" "Mozilla/5.0 (compatible; Barkrowler/0.9; +https://babbar.tech/crawler)"
217.113.194.240 - - [15/Apr/2025:04:21:59 -0400] "GET /renovation-company-olympic-village/ HTTP/1.1" 200 17307 "-" "Mozilla/5.0 (compatible; Barkrowler/0.9; +https://babbar.tech/crawler)"
198.54.114.83 - - [15/Apr/2025:04:22:02 -0400] "POST /wp-cron.php?doing_wp_cron=1744705320.1824300289154052734375 HTTP/1.1" 200 0 "-" "WordPress/6.7.2; https://creative-webstyle.com"
217.113.194.236 - - [15/Apr/2025:04:22:19 -0400] "GET /womens-socks-at-lands-end/feed/ HTTP/1.1" 200 403 "-" "Mozilla/5.0 (compatible; Barkrowler/0.9; +https://babbar.tech/crawler)"
217.113.194.254 - - [15/Apr/2025:04:22:38 -0400] "GET /fertility-clinic-dubai/feed/ HTTP/1.1" 200 387 "-" "Mozilla/5.0 (compatible; Barkrowler/0.9; +https://babbar.tech/crawler)"
217.113.194.232 - - [15/Apr/2025:04:22:55 -0400] "GET /a-look-at-diamond-dog-tags/ HTTP/1.1" 200 17746 "-" "Mozilla/5.0 (compatible; Barkrowler/0.9; +https://babbar.tech/crawler)"
198.54.114.83 - - [15/Apr/2025:04:23:14 -0400] "POST /wp-cron.php?doing_wp_cron=1744705393.8831729888916015625000 HTTP/1.1" 200 0 "-" "WordPress/6.7.2; https://creative-webstyle.com"
217.113.194.233 - - [15/Apr/2025:04:23:13 -0400] "GET /on-sale-michael-kors-bags/ HTTP/1.1" 200 17206 "-" "Mozilla/5.0 (compatible; Barkrowler/0.9; +https://babbar.tech/crawler)"
198.54.114.83 - - [15/Apr/2025:04:23:19 -0400] "POST /wp-admin/admin-ajax.php?action=async_litespeed&nonce=C18wWLdjSzzV1AjZfGEkprx3VgskuXQ2&litespeed_type=imgoptm HTTP/1.1" 200 5 "-" "WordPress/6.7.2; https://creative-webstyle.com"
217.113.194.235 - - [15/Apr/2025:04:23:33 -0400] "GET /a-stylish-mk-bucket-bag/ HTTP/1.1" 200 17872 "-" "Mozilla/5.0 (compatible; Barkrowler/0.9; +https://babbar.tech/crawler)"
198.54.114.83 - - [15/Apr/2025:04:23:51 -0400] "POST /wp-cron.php?doing_wp_cron=1744705430.8623800277709960937500 HTTP/1.1" 200 0 "-" "WordPress/6.7.2; https://creative-webstyle.com"
217.113.194.238 - - [15/Apr/2025:04:23:50 -0400] "GET /voyance-par-telephone-avec-cbc/ HTTP/1.1" 200 17767 "-" "Mozilla/5.0 (compatible; Barkrowler/0.9; +https://babbar.tech/crawler)"
198.54.114.83 - - [15/Apr/2025:04:24:12 -0400] "POST /wp-cron.php?doing_wp_cron=1744705451.2709898948669433593750 HTTP/1.1" 200 0 "-" "WordPress/6.7.2; https://creative-webstyle.com"
198.54.114.83 - - [15/Apr/2025:04:24:13 -0400] "POST /wp-admin/admin-ajax.php?action=async_litespeed&nonce=O75rsEAOLp3mIFzRE4gbeeMtgf4cigOi&litespeed_type=imgoptm HTTP/1.1" 200 0 "-" "WordPress/6.7.2; https://creative-webstyle.com"
217.113.194.234 - - [15/Apr/2025:04:24:10 -0400] "GET /orthodontist-in-woodland-hills/ HTTP/1.1" 200 17971 "-" "Mozilla/5.0 (compatible; Barkrowler/0.9; +https://babbar.tech/crawler)"
217.113.194.233 - - [15/Apr/2025:04:24:36 -0400] "GET /orthodontics-in-woodland-hills/ HTTP/1.1" 200 17983 "-" "Mozilla/5.0 (compatible; Barkrowler/0.9; +https://babbar.tech/crawler)"
198.54.114.83 - - [15/Apr/2025:04:25:00 -0400] "POST /wp-cron.php?doing_wp_cron=1744705498.8907020092010498046875 HTTP/1.1" 200 0 "-" "WordPress/6.7.2; https://creative-webstyle.com"
217.113.194.232 - - [15/Apr/2025:04:24:58 -0400] "GET /artificial-intelligence-in-marketing/ HTTP/1.1" 200 18054 "-" "Mozilla/5.0 (compatible; Barkrowler/0.9; +https://babbar.tech/crawler)"
217.113.194.234 - - [15/Apr/2025:04:25:21 -0400] "GET /a-colorful-gaming-experience/feed/ HTTP/1.1" 200 393 "-" "Mozilla/5.0 (compatible; Barkrowler/0.9; +https://babbar.tech/crawler)"
217.113.194.239 - - [15/Apr/2025:04:25:39 -0400] "GET /birthday-cake-deliveries/feed/ HTTP/1.1" 200 381 "-" "Mozilla/5.0 (compatible; Barkrowler/0.9; +https://babbar.tech/crawler)"
84.54.44.204 - - [15/Apr/2025:04:25:48 -0400] "GET /hvac-systems-and-mold/ HTTP/1.1" 200 19434 "https://creative-webstyle.com/hvac-systems-and-mold/#comment-19688/" "Mozilla/5.0 (Windows NT 10.0; Win64; x64) AppleWebKit/537.36 (KHTML, like Gecko) Chrome/129.0.0.0 Safari/537.36"
84.54.44.204 - - [15/Apr/2025:04:25:50 -0400] "POST /wp-comments-post.php HTTP/1.1" 302 0 "https://creative-webstyle.com/hvac-systems-and-mold/#comment-19688/" "Mozilla/5.0 (Windows NT 10.0; Win64; x64) AppleWebKit/537.36 (KHTML, like Gecko) Chrome/129.0.0.0 Safari/537.36"
84.54.44.204 - - [15/Apr/2025:04:25:54 -0400] "GET /hvac-systems-and-mold/ HTTP/1.1" 200 25681 "https://creative-webstyle.com/hvac-systems-and-mold/#comment-35223" "Mozilla/5.0 (Windows NT 10.0; Win64; x64) AppleWebKit/537.36 (KHTML, like Gecko) Chrome/129.0.0.0 Safari/537.36"
217.113.194.238 - - [15/Apr/2025:04:25:56 -0400] "GET /bathroom-renovations-melton/ HTTP/1.1" 200 17087 "-" "Mozilla/5.0 (compatible; Barkrowler/0.9; +https://babbar.tech/crawler)"
198.54.114.83 - - [15/Apr/2025:04:26:13 -0400] "POST /wp-cron.php?doing_wp_cron=1744705573.3820750713348388671875 HTTP/1.1" 200 0 "-" "WordPress/6.7.2; https://creative-webstyle.com"
217.113.194.254 - - [15/Apr/2025:04:26:12 -0400] "GET /pilou-asbaek/feed/ HTTP/1.1" 200 371 "-" "Mozilla/5.0 (compatible; Barkrowler/0.9; +https://babbar.tech/crawler)"
198.54.114.83 - - [15/Apr/2025:04:26:19 -0400] "POST /wp-admin/admin-ajax.php?action=async_litespeed&nonce=BlETgx4oHZLEj4i4UxdAndlJu5mCzwky&litespeed_type=imgoptm HTTP/1.1" 200 0 "-" "WordPress/6.7.2; https://creative-webstyle.com"
217.113.194.236 - - [15/Apr/2025:04:26:30 -0400] "GET /the-needs-of-a-care-giver/feed/ HTTP/1.1" 200 395 "-" "Mozilla/5.0 (compatible; Barkrowler/0.9; +https://babbar.tech/crawler)"
217.113.194.241 - - [15/Apr/2025:04:26:46 -0400] "GET /the-essence-of-philosophical-cinema/ HTTP/1.1" 200 18327 "-" "Mozilla/5.0 (compatible; Barkrowler/0.9; +https://babbar.tech/crawler)"
198.54.114.83 - - [15/Apr/2025:04:27:04 -0400] "POST /wp-cron.php?doing_wp_cron=1744705624.6603720188140869140625 HTTP/1.1" 200 0 "-" "WordPress/6.7.2; https://creative-webstyle.com"
217.113.194.238 - - [15/Apr/2025:04:27:04 -0400] "GET /the-allure-of-online-casinos/feed/ HTTP/1.1" 200 389 "-" "Mozilla/5.0 (compatible; Barkrowler/0.9; +https://babbar.tech/crawler)"
198.54.114.83 - - [15/Apr/2025:04:27:10 -0400] "POST /wp-admin/admin-ajax.php?action=async_litespeed&nonce=TB9CLKUf1gxaRgLWNcquc42NEAwDSR3X&litespeed_type=imgoptm HTTP/1.1" 200 5 "-" "WordPress/6.7.2; https://creative-webstyle.com"
217.113.194.235 - - [15/Apr/2025:04:27:22 -0400] "GET /the-emergence-of-multicanais/feed/ HTTP/1.1" 200 392 "-" "Mozilla/5.0 (compatible; Barkrowler/0.9; +https://babbar.tech/crawler)"
217.113.194.232 - - [15/Apr/2025:04:27:38 -0400] "GET /the-evolution-of-cabinet-manufacturers/ HTTP/1.1" 200 17965 "-" "Mozilla/5.0 (compatible; Barkrowler/0.9; +https://babbar.tech/crawler)"
198.54.114.83 - - [15/Apr/2025:04:27:56 -0400] "POST /wp-cron.php?doing_wp_cron=1744705676.5867269039154052734375 HTTP/1.1" 200 0 "-" "WordPress/6.7.2; https://creative-webstyle.com"
217.113.194.241 - - [15/Apr/2025:04:27:56 -0400] "GET /the-evolution-of-online-lottery-games/ HTTP/1.1" 200 18410 "-" "Mozilla/5.0 (compatible; Barkrowler/0.9; +https://babbar.tech/crawler)"
198.54.114.83 - - [15/Apr/2025:04:28:02 -0400] "POST /wp-admin/admin-ajax.php?action=async_litespeed&nonce=UDDzY2Yv0V6TaaOIeWhMqc4NKyqmkqGD&litespeed_type=imgoptm HTTP/1.1" 200 5 "-" "WordPress/6.7.2; https://creative-webstyle.com"
217.113.194.241 - - [15/Apr/2025:04:28:13 -0400] "GET /the-evolution-of-online-casinos/feed/ HTTP/1.1" 200 394 "-" "Mozilla/5.0 (compatible; Barkrowler/0.9; +https://babbar.tech/crawler)"
217.113.194.232 - - [15/Apr/2025:04:28:30 -0400] "GET /the-custom-gaming-pc-builder/feed/ HTTP/1.1" 200 394 "-" "Mozilla/5.0 (compatible; Barkrowler/0.9; +https://babbar.tech/crawler)"
198.54.114.83 - - [15/Apr/2025:04:28:51 -0400] "POST /wp-cron.php?doing_wp_cron=1744705730.9879860877990722656250 HTTP/1.1" 200 0 "-" "WordPress/6.7.2; https://creative-webstyle.com"
217.113.194.232 - - [15/Apr/2025:04:28:50 -0400] "GET /the-key-to-efficiency-and-productivity/ HTTP/1.1" 200 18476 "-" "Mozilla/5.0 (compatible; Barkrowler/0.9; +https://babbar.tech/crawler)"
198.54.114.83 - - [15/Apr/2025:04:29:13 -0400] "POST /wp-cron.php?doing_wp_cron=1744705752.7640590667724609375000 HTTP/1.1" 200 0 "-" "WordPress/6.7.2; https://creative-webstyle.com"
