147.185.132.174 - - [14/Apr/2025:23:22:13 -0400] "GET / HTTP/1.1" 200 78396 "-" "Expanse, a Palo Alto Networks company, searches across the global IPv4 space multiple times per day to identify customers' presences on the Internet. If you would like to be excluded from our scans, please send IP addresses/domains to: scaninfo@paloaltonetworks.com"
217.113.194.240 - - [14/Apr/2025:23:22:26 -0400] "GET /2024/05/ HTTP/1.1" 301 0 "-" "Mozilla/5.0 (compatible; Barkrowler/0.9; +https://babbar.tech/crawler)"
217.113.194.235 - - [14/Apr/2025:23:22:43 -0400] "GET /2024/06/ HTTP/1.1" 301 0 "-" "Mozilla/5.0 (compatible; Barkrowler/0.9; +https://babbar.tech/crawler)"
52.169.24.230 - - [14/Apr/2025:23:22:57 -0400] "GET /wp-admin/media.php HTTP/1.1" 302 0 "-" "-"
52.169.24.230 - - [14/Apr/2025:23:23:00 -0400] "GET /wp-login.php?redirect_to=https%3A%2F%2Fmail.creative-webstyle.com%2Fwp-admin%2Fmedia.php&reauth=1 HTTP/1.1" 200 1696 "-" "-"
217.113.194.233 - - [14/Apr/2025:23:23:02 -0400] "GET /2024/08/ HTTP/1.1" 301 0 "-" "Mozilla/5.0 (compatible; Barkrowler/0.9; +https://babbar.tech/crawler)"
52.169.24.230 - - [14/Apr/2025:23:23:09 -0400] "GET /wp-admin/network/ HTTP/1.1" 302 0 "-" "-"
52.169.24.230 - - [14/Apr/2025:23:23:12 -0400] "GET /wp-login.php?redirect_to=https%3A%2F%2Fmail.creative-webstyle.com%2Fwp-admin%2Fnetwork%2F&reauth=1 HTTP/1.1" 200 1697 "-" "-"
52.169.24.230 - - [14/Apr/2025:23:23:16 -0400] "GET /wp-admin/network/about.php HTTP/1.1" 302 0 "-" "-"
52.169.24.230 - - [14/Apr/2025:23:23:17 -0400] "GET /wp-login.php?redirect_to=https%3A%2F%2Fmail.creative-webstyle.com%2Fwp-admin%2Fnetwork%2Fabout.php&reauth=1 HTTP/1.1" 200 1704 "-" "-"
217.113.194.236 - - [14/Apr/2025:23:23:18 -0400] "GET /2024/07/ HTTP/1.1" 301 0 "-" "Mozilla/5.0 (compatible; Barkrowler/0.9; +https://babbar.tech/crawler)"
52.169.24.230 - - [14/Apr/2025:23:23:22 -0400] "GET /wp-admin/network/admin.php HTTP/1.1" 302 0 "-" "-"
52.169.24.230 - - [14/Apr/2025:23:23:24 -0400] "GET /wp-login.php?redirect_to=https%3A%2F%2Fmail.creative-webstyle.com%2Fwp-admin%2Fnetwork%2Fadmin.php&reauth=1 HTTP/1.1" 200 1701 "-" "-"
2a02:598:128:8a00::b00:a - - [14/Apr/2025:23:24:36 -0400] "GET /buy-tiktok-followers/ HTTP/1.1" 200 17269 "-" "Mozilla/5.0 (compatible; SeznamBot/4.0; +https://o-seznam.cz/napoveda/vyhledavani/en/seznambot-crawler/)"
217.113.194.235 - - [14/Apr/2025:23:24:46 -0400] "GET /2024/10/ HTTP/1.1" 301 0 "-" "Mozilla/5.0 (compatible; Barkrowler/0.9; +https://babbar.tech/crawler)"
52.169.24.230 - - [14/Apr/2025:23:25:05 -0400] "GET /wp-admin/user/ HTTP/1.1" 302 0 "-" "-"
217.113.194.254 - - [14/Apr/2025:23:25:05 -0400] "GET /2023/12/ HTTP/1.1" 301 0 "-" "Mozilla/5.0 (compatible; Barkrowler/0.9; +https://babbar.tech/crawler)"
52.169.24.230 - - [14/Apr/2025:23:25:08 -0400] "GET /wp-login.php?redirect_to=https%3A%2F%2Fmail.creative-webstyle.com%2Fwp-admin%2Fuser%2F&reauth=1 HTTP/1.1" 200 1700 "-" "-"
52.169.24.230 - - [14/Apr/2025:23:25:15 -0400] "GET /wp-admin/user/?p= HTTP/1.1" 302 0 "-" "-"
52.169.24.230 - - [14/Apr/2025:23:25:18 -0400] "GET /wp-login.php?redirect_to=https%3A%2F%2Fmail.creative-webstyle.com%2Fwp-admin%2Fuser%2F%3Fp%3D&reauth=1 HTTP/1.1" 200 1697 "-" "-"
52.169.24.230 - - [14/Apr/2025:23:25:24 -0400] "GET /wp-admin/user/about.php HTTP/1.1" 302 0 "-" "-"
217.113.194.241 - - [14/Apr/2025:23:25:24 -0400] "GET /2023/11/ HTTP/1.1" 301 0 "-" "Mozilla/5.0 (compatible; Barkrowler/0.9; +https://babbar.tech/crawler)"
52.169.24.230 - - [14/Apr/2025:23:25:26 -0400] "GET /wp-login.php?redirect_to=https%3A%2F%2Fmail.creative-webstyle.com%2Fwp-admin%2Fuser%2Fabout.php&reauth=1 HTTP/1.1" 200 1705 "-" "-"
52.169.24.230 - - [14/Apr/2025:23:25:31 -0400] "GET /wp-admin/user/about.php?p= HTTP/1.1" 302 0 "-" "-"
52.169.24.230 - - [14/Apr/2025:23:25:35 -0400] "GET /wp-login.php?redirect_to=https%3A%2F%2Fmail.creative-webstyle.com%2Fwp-admin%2Fuser%2Fabout.php%3Fp%3D&reauth=1 HTTP/1.1" 200 1705 "-" "-"
52.169.24.230 - - [14/Apr/2025:23:25:40 -0400] "GET /wp-admin/user/admin.php HTTP/1.1" 302 0 "-" "-"
217.113.194.234 - - [14/Apr/2025:23:25:41 -0400] "GET /2023/10/ HTTP/1.1" 301 0 "-" "Mozilla/5.0 (compatible; Barkrowler/0.9; +https://babbar.tech/crawler)"
52.169.24.230 - - [14/Apr/2025:23:25:42 -0400] "GET /wp-login.php?redirect_to=https%3A%2F%2Fmail.creative-webstyle.com%2Fwp-admin%2Fuser%2Fadmin.php&reauth=1 HTTP/1.1" 200 1702 "-" "-"
198.54.114.83 - - [14/Apr/2025:23:25:57 -0400] "POST /wp-cron.php?doing_wp_cron=1744687555.6063759326934814453125 HTTP/1.1" 200 0 "-" "WordPress/6.7.2; https://creative-webstyle.com"
52.169.24.230 - - [14/Apr/2025:23:25:55 -0400] "GET /wp-admin/user/index.php HTTP/1.1" 302 0 "-" "-"
52.169.24.230 - - [14/Apr/2025:23:25:57 -0400] "GET /wp-login.php?redirect_to=https%3A%2F%2Fmail.creative-webstyle.com%2Fwp-admin%2Fuser%2Findex.php&reauth=1 HTTP/1.1" 200 1700 "-" "-"
217.113.194.237 - - [14/Apr/2025:23:25:58 -0400] "GET /ai-gf/ HTTP/1.1" 200 17158 "-" "Mozilla/5.0 (compatible; Barkrowler/0.9; +https://babbar.tech/crawler)"
52.169.24.230 - - [14/Apr/2025:23:26:08 -0400] "GET /wp-admin/users.php HTTP/1.1" 302 0 "-" "-"
52.169.24.230 - - [14/Apr/2025:23:26:09 -0400] "GET /wp-login.php?redirect_to=https%3A%2F%2Fmail.creative-webstyle.com%2Fwp-admin%2Fusers.php&reauth=1 HTTP/1.1" 200 1699 "-" "-"
154.54.249.218 - - [14/Apr/2025:23:26:17 -0400] "GET /ai-marketing/ HTTP/1.1" 200 17316 "-" "Mozilla/5.0 (compatible; Barkrowler/0.9; +https://babbar.tech/crawler)"
217.113.194.254 - - [14/Apr/2025:23:26:35 -0400] "GET /streetwear/feed/ HTTP/1.1" 200 366 "-" "Mozilla/5.0 (compatible; Barkrowler/0.9; +https://babbar.tech/crawler)"
52.169.24.230 - - [14/Apr/2025:23:26:39 -0400] "GET /feed/atom/ HTTP/1.1" 200 1106011 "-" "-"
217.113.194.232 - - [14/Apr/2025:23:26:53 -0400] "GET /nft/feed/ HTTP/1.1" 200 359 "-" "Mozilla/5.0 (compatible; Barkrowler/0.9; +https://babbar.tech/crawler)"
154.54.249.218 - - [14/Apr/2025:23:27:11 -0400] "GET /car-dealership/ HTTP/1.1" 200 17331 "-" "Mozilla/5.0 (compatible; Barkrowler/0.9; +https://babbar.tech/crawler)"
217.113.194.234 - - [14/Apr/2025:23:27:29 -0400] "GET /sport-betting-sites/ HTTP/1.1" 200 17270 "-" "Mozilla/5.0 (compatible; Barkrowler/0.9; +https://babbar.tech/crawler)"
217.113.194.254 - - [14/Apr/2025:23:23:36 -0400] "GET /2024/03/ HTTP/1.1" 301 0 "-" "Mozilla/5.0 (compatible; Barkrowler/0.9; +https://babbar.tech/crawler)"
52.169.24.230 - - [14/Apr/2025:23:23:37 -0400] "GET /wp-admin/network/index.php HTTP/1.1" 302 0 "-" "-"
52.169.24.230 - - [14/Apr/2025:23:23:39 -0400] "GET /wp-login.php?redirect_to=https%3A%2F%2Fmail.creative-webstyle.com%2Fwp-admin%2Fnetwork%2Findex.php&reauth=1 HTTP/1.1" 200 1699 "-" "-"
52.169.24.230 - - [14/Apr/2025:23:23:47 -0400] "GET /wp-admin/network/plugins.php HTTP/1.1" 302 0 "-" "-"
52.169.24.230 - - [14/Apr/2025:23:23:49 -0400] "GET /wp-login.php?redirect_to=https%3A%2F%2Fmail.creative-webstyle.com%2Fwp-admin%2Fnetwork%2Fplugins.php&reauth=1 HTTP/1.1" 200 1703 "-" "-"
217.113.194.239 - - [14/Apr/2025:23:23:54 -0400] "GET /2024/01/ HTTP/1.1" 301 0 "-" "Mozilla/5.0 (compatible; Barkrowler/0.9; +https://babbar.tech/crawler)"
198.54.114.83 - - [14/Apr/2025:23:23:55 -0400] "POST /wp-admin/admin-ajax.php?action=async_litespeed&nonce=KvaMYbR4ZVq9RKZh7Tnf0LzoT75DwzUU&litespeed_type=imgoptm HTTP/1.1" 200 0 "-" "WordPress/6.7.2; https://creative-webstyle.com"
217.113.194.238 - - [14/Apr/2025:23:24:11 -0400] "GET /2024/02/ HTTP/1.1" 301 0 "-" "Mozilla/5.0 (compatible; Barkrowler/0.9; +https://babbar.tech/crawler)"
52.169.24.230 - - [14/Apr/2025:23:24:23 -0400] "GET /wp-admin/options.php HTTP/1.1" 302 0 "-" "-"
52.169.24.230 - - [14/Apr/2025:23:24:26 -0400] "GET /wp-login.php?redirect_to=https%3A%2F%2Fmail.creative-webstyle.com%2Fwp-admin%2Foptions.php&reauth=1 HTTP/1.1" 200 1700 "-" "-"
217.113.194.241 - - [14/Apr/2025:23:24:29 -0400] "GET /2024/12/28/ HTTP/1.1" 301 0 "-" "Mozilla/5.0 (compatible; Barkrowler/0.9; +https://babbar.tech/crawler)"
217.113.194.235 - - [14/Apr/2025:23:27:48 -0400] "GET /sport-coat/feed/ HTTP/1.1" 200 370 "-" "Mozilla/5.0 (compatible; Barkrowler/0.9; +https://babbar.tech/crawler)"
217.113.194.241 - - [14/Apr/2025:23:28:05 -0400] "GET /agence-seo/feed/ HTTP/1.1" 200 373 "-" "Mozilla/5.0 (compatible; Barkrowler/0.9; +https://babbar.tech/crawler)"
217.113.194.240 - - [14/Apr/2025:23:28:22 -0400] "GET /talbina/ HTTP/1.1" 200 17269 "-" "Mozilla/5.0 (compatible; Barkrowler/0.9; +https://babbar.tech/crawler)"
154.54.249.218 - - [14/Apr/2025:23:28:40 -0400] "GET /urgence-dentiste/ HTTP/1.1" 200 17414 "-" "Mozilla/5.0 (compatible; Barkrowler/0.9; +https://babbar.tech/crawler)"
217.113.194.241 - - [14/Apr/2025:23:28:59 -0400] "GET /what-is-aws/ HTTP/1.1" 200 17846 "-" "Mozilla/5.0 (compatible; Barkrowler/0.9; +https://babbar.tech/crawler)"
198.54.114.83 - - [14/Apr/2025:23:29:01 -0400] "POST /wp-admin/admin-ajax.php?action=async_litespeed&nonce=u4QqHSKcjWc0vkEefQJ05wWaI1cQchl9&litespeed_type=imgoptm HTTP/1.1" 200 0 "-" "WordPress/6.7.2; https://creative-webstyle.com"
217.113.194.239 - - [14/Apr/2025:23:29:18 -0400] "GET /what-is-galling/ HTTP/1.1" 200 17242 "-" "Mozilla/5.0 (compatible; Barkrowler/0.9; +https://babbar.tech/crawler)"
217.113.194.235 - - [14/Apr/2025:23:29:36 -0400] "GET /buy-youtube-views/ HTTP/1.1" 200 17357 "-" "Mozilla/5.0 (compatible; Barkrowler/0.9; +https://babbar.tech/crawler)"
217.113.194.233 - - [14/Apr/2025:23:29:53 -0400] "GET /sac-f2/feed/ HTTP/1.1" 200 367 "-" "Mozilla/5.0 (compatible; Barkrowler/0.9; +https://babbar.tech/crawler)"
154.54.249.218 - - [14/Apr/2025:23:30:11 -0400] "GET /silver-polish/feed/ HTTP/1.1" 200 370 "-" "Mozilla/5.0 (compatible; Barkrowler/0.9; +https://babbar.tech/crawler)"
195.26.224.102 - - [14/Apr/2025:23:30:20 -0400] "GET /hvac-systems-and-mold/ HTTP/1.1" 200 19424 "https://creative-webstyle.com/hvac-systems-and-mold/" "Mozilla/5.0 (Windows NT 10.0; Win64; x64) AppleWebKit/537.36 (KHTML, like Gecko) Chrome/131.0.0.0 Safari/537.36"
195.26.224.102 - - [14/Apr/2025:23:30:24 -0400] "POST /wp-comments-post.php HTTP/1.1" 302 0 "https://creative-webstyle.com/hvac-systems-and-mold/" "Mozilla/5.0 (Windows NT 10.0; Win64; x64) AppleWebKit/537.36 (KHTML, like Gecko) Chrome/131.0.0.0 Safari/537.36"
195.26.224.102 - - [14/Apr/2025:23:30:28 -0400] "GET /hvac-systems-and-mold/ HTTP/1.1" 200 20054 "https://creative-webstyle.com/hvac-systems-and-mold/#comment-35202" "Mozilla/5.0 (Windows NT 10.0; Win64; x64) AppleWebKit/537.36 (KHTML, like Gecko) Chrome/131.0.0.0 Safari/537.36"
217.113.194.233 - - [14/Apr/2025:23:30:29 -0400] "GET /relx/feed/ HTTP/1.1" 200 363 "-" "Mozilla/5.0 (compatible; Barkrowler/0.9; +https://babbar.tech/crawler)"
217.113.194.238 - - [14/Apr/2025:23:30:48 -0400] "GET /tableau-singe/ HTTP/1.1" 200 17507 "-" "Mozilla/5.0 (compatible; Barkrowler/0.9; +https://babbar.tech/crawler)"
217.113.194.233 - - [14/Apr/2025:23:31:06 -0400] "GET /pokemon-cards/feed/ HTTP/1.1" 200 374 "-" "Mozilla/5.0 (compatible; Barkrowler/0.9; +https://babbar.tech/crawler)"
217.113.194.234 - - [14/Apr/2025:23:31:23 -0400] "GET /dui-attorney/ HTTP/1.1" 200 18398 "-" "Mozilla/5.0 (compatible; Barkrowler/0.9; +https://babbar.tech/crawler)"
217.113.194.254 - - [14/Apr/2025:23:31:42 -0400] "GET /2d-animation/ HTTP/1.1" 200 17257 "-" "Mozilla/5.0 (compatible; Barkrowler/0.9; +https://babbar.tech/crawler)"
217.113.194.233 - - [14/Apr/2025:23:31:59 -0400] "GET /spa-massage/feed/ HTTP/1.1" 200 368 "-" "Mozilla/5.0 (compatible; Barkrowler/0.9; +https://babbar.tech/crawler)"
217.113.194.233 - - [14/Apr/2025:23:32:18 -0400] "GET /billi-tap/ HTTP/1.1" 200 17073 "-" "Mozilla/5.0 (compatible; Barkrowler/0.9; +https://babbar.tech/crawler)"
217.113.194.240 - - [14/Apr/2025:23:32:37 -0400] "GET /seashell-ring/ HTTP/1.1" 200 17965 "-" "Mozilla/5.0 (compatible; Barkrowler/0.9; +https://babbar.tech/crawler)"
217.113.194.237 - - [14/Apr/2025:23:32:56 -0400] "GET /category/about-us/feed/ HTTP/1.1" 200 426 "-" "Mozilla/5.0 (compatible; Barkrowler/0.9; +https://babbar.tech/crawler)"
198.54.114.83 - - [14/Apr/2025:23:33:01 -0400] "POST /wp-admin/admin-ajax.php?action=async_litespeed&nonce=HhDk2OzmrenhVvpgbzRkhkjoqWcy2XKE&litespeed_type=imgoptm HTTP/1.1" 200 0 "-" "WordPress/6.7.2; https://creative-webstyle.com"
217.113.194.234 - - [14/Apr/2025:23:33:14 -0400] "GET /category/activity/feed/ HTTP/1.1" 200 736932 "-" "Mozilla/5.0 (compatible; Barkrowler/0.9; +https://babbar.tech/crawler)"
217.113.194.232 - - [14/Apr/2025:23:33:32 -0400] "GET /ini-slot/ HTTP/1.1" 200 17326 "-" "Mozilla/5.0 (compatible; Barkrowler/0.9; +https://babbar.tech/crawler)"
217.113.194.232 - - [14/Apr/2025:23:33:51 -0400] "GET /history-of-aviation/ HTTP/1.1" 200 18352 "-" "Mozilla/5.0 (compatible; Barkrowler/0.9; +https://babbar.tech/crawler)"
217.113.194.234 - - [14/Apr/2025:23:34:09 -0400] "GET /lag-bolt/ HTTP/1.1" 200 17317 "-" "Mozilla/5.0 (compatible; Barkrowler/0.9; +https://babbar.tech/crawler)"
217.113.194.236 - - [14/Apr/2025:23:34:28 -0400] "GET /bitcoin-blender/ HTTP/1.1" 200 17097 "-" "Mozilla/5.0 (compatible; Barkrowler/0.9; +https://babbar.tech/crawler)"
217.113.194.237 - - [14/Apr/2025:23:34:48 -0400] "GET /send-large-files/ HTTP/1.1" 200 17111 "-" "Mozilla/5.0 (compatible; Barkrowler/0.9; +https://babbar.tech/crawler)"
217.113.194.254 - - [14/Apr/2025:23:35:08 -0400] "GET /page/2/?SA HTTP/1.1" 200 16093 "-" "Mozilla/5.0 (compatible; Barkrowler/0.9; +https://babbar.tech/crawler)"
217.113.194.235 - - [14/Apr/2025:23:35:31 -0400] "GET /page/2/?ND HTTP/1.1" 200 16094 "-" "Mozilla/5.0 (compatible; Barkrowler/0.9; +https://babbar.tech/crawler)"
217.113.194.239 - - [14/Apr/2025:23:35:52 -0400] "GET /michael-kors/feed/ HTTP/1.1" 200 379 "-" "Mozilla/5.0 (compatible; Barkrowler/0.9; +https://babbar.tech/crawler)"
217.113.194.235 - - [14/Apr/2025:23:36:10 -0400] "GET /betting-strategy/ HTTP/1.1" 200 17642 "-" "Mozilla/5.0 (compatible; Barkrowler/0.9; +https://babbar.tech/crawler)"
217.113.194.234 - - [14/Apr/2025:23:36:29 -0400] "GET /cbd-shop/ HTTP/1.1" 200 17225 "-" "Mozilla/5.0 (compatible; Barkrowler/0.9; +https://babbar.tech/crawler)"
217.113.194.240 - - [14/Apr/2025:23:36:51 -0400] "GET /thermal-paste/ HTTP/1.1" 200 17304 "-" "Mozilla/5.0 (compatible; Barkrowler/0.9; +https://babbar.tech/crawler)"
217.113.194.236 - - [14/Apr/2025:23:37:11 -0400] "GET /thermal-paste/feed/ HTTP/1.1" 200 373 "-" "Mozilla/5.0 (compatible; Barkrowler/0.9; +https://babbar.tech/crawler)"
217.113.194.234 - - [14/Apr/2025:23:37:29 -0400] "GET /buchhaltung/feed/ HTTP/1.1" 200 369 "-" "Mozilla/5.0 (compatible; Barkrowler/0.9; +https://babbar.tech/crawler)"
154.54.249.218 - - [14/Apr/2025:23:37:46 -0400] "GET /buchhaltungs/ HTTP/1.1" 200 17248 "-" "Mozilla/5.0 (compatible; Barkrowler/0.9; +https://babbar.tech/crawler)"
217.113.194.240 - - [14/Apr/2025:23:38:04 -0400] "GET /buchhaltungs/feed/ HTTP/1.1" 200 369 "-" "Mozilla/5.0 (compatible; Barkrowler/0.9; +https://babbar.tech/crawler)"
217.113.194.235 - - [14/Apr/2025:23:38:24 -0400] "GET /summer-dresses/feed/ HTTP/1.1" 200 369 "-" "Mozilla/5.0 (compatible; Barkrowler/0.9; +https://babbar.tech/crawler)"
217.113.194.233 - - [14/Apr/2025:23:38:43 -0400] "GET /fire-pump/feed/ HTTP/1.1" 200 371 "-" "Mozilla/5.0 (compatible; Barkrowler/0.9; +https://babbar.tech/crawler)"
217.113.194.235 - - [14/Apr/2025:23:39:01 -0400] "GET /key-duplication/ HTTP/1.1" 200 17111 "-" "Mozilla/5.0 (compatible; Barkrowler/0.9; +https://babbar.tech/crawler)"
2a03:2880:f800:1a:: - - [14/Apr/2025:23:39:05 -0400] "GET /how-to-make-a-meat-samosa/ HTTP/1.1" 200 17911 "-" "meta-externalagent/1.1 (+https://developers.facebook.com/docs/sharing/webmasters/crawler)"
217.113.194.233 - - [14/Apr/2025:23:39:20 -0400] "GET /local-chiropractors/ HTTP/1.1" 200 17317 "-" "Mozilla/5.0 (compatible; Barkrowler/0.9; +https://babbar.tech/crawler)"
217.113.194.240 - - [14/Apr/2025:23:39:40 -0400] "GET /tennis-betting/feed/ HTTP/1.1" 200 375 "-" "Mozilla/5.0 (compatible; Barkrowler/0.9; +https://babbar.tech/crawler)"
217.113.194.236 - - [14/Apr/2025:23:39:58 -0400] "GET /tennis-prediction/ HTTP/1.1" 200 18424 "-" "Mozilla/5.0 (compatible; Barkrowler/0.9; +https://babbar.tech/crawler)"
198.54.114.83 - - [14/Apr/2025:23:40:01 -0400] "POST /wp-cron.php?doing_wp_cron=1744688398.8818550109863281250000 HTTP/1.1" 200 0 "-" "WordPress/6.7.2; https://creative-webstyle.com"
217.113.194.235 - - [14/Apr/2025:23:40:18 -0400] "GET /window-shutters/ HTTP/1.1" 200 17134 "-" "Mozilla/5.0 (compatible; Barkrowler/0.9; +https://babbar.tech/crawler)"
217.113.194.254 - - [14/Apr/2025:23:40:37 -0400] "GET /window-shutters/feed/ HTTP/1.1" 200 379 "-" "Mozilla/5.0 (compatible; Barkrowler/0.9; +https://babbar.tech/crawler)"
217.113.194.234 - - [14/Apr/2025:23:40:56 -0400] "GET /windows-cardiff/feed/ HTTP/1.1" 200 374 "-" "Mozilla/5.0 (compatible; Barkrowler/0.9; +https://babbar.tech/crawler)"
217.113.194.254 - - [14/Apr/2025:23:41:14 -0400] "GET /gaming-betting/feed/ HTTP/1.1" 200 375 "-" "Mozilla/5.0 (compatible; Barkrowler/0.9; +https://babbar.tech/crawler)"
217.113.194.235 - - [14/Apr/2025:23:41:31 -0400] "GET /diamond-painting/ HTTP/1.1" 200 17227 "-" "Mozilla/5.0 (compatible; Barkrowler/0.9; +https://babbar.tech/crawler)"
217.113.194.241 - - [14/Apr/2025:23:41:51 -0400] "GET /crypto-casino/feed/ HTTP/1.1" 200 370 "-" "Mozilla/5.0 (compatible; Barkrowler/0.9; +https://babbar.tech/crawler)"
47.128.121.129 - - [14/Apr/2025:23:42:02 -0400] "GET /time-to-play-online-lotteries/ HTTP/1.1" 200 18758 "-" "Mozilla/5.0 (Linux; Android 5.0) AppleWebKit/537.36 (KHTML, like Gecko) Mobile Safari/537.36 (compatible; TikTokSpider; ttspider-feedback@tiktok.com)"
47.128.121.129 - - [14/Apr/2025:23:42:06 -0400] "GET /wp-content/fonts/3bbda505bd57a3a922ae6361a424e8d0.css?ver=1.0.6 HTTP/1.1" 200 950 "https://creative-webstyle.com/time-to-play-online-lotteries/" "Mozilla/5.0 (Linux; Android 5.0) AppleWebKit/537.36 (KHTML, like Gecko) Mobile Safari/537.36 (compatible; TikTokSpider; ttspider-feedback@tiktok.com)"
217.113.194.233 - - [14/Apr/2025:23:42:09 -0400] "GET /crypto-tumbler/ HTTP/1.1" 200 17227 "-" "Mozilla/5.0 (compatible; Barkrowler/0.9; +https://babbar.tech/crawler)"
217.113.194.254 - - [14/Apr/2025:23:42:28 -0400] "GET /crypto-tumbler/feed/ HTTP/1.1" 200 374 "-" "Mozilla/5.0 (compatible; Barkrowler/0.9; +https://babbar.tech/crawler)"
217.113.194.236 - - [14/Apr/2025:23:42:45 -0400] "GET /modern-kitchen-cabinets/feed/ HTTP/1.1" 200 380 "-" "Mozilla/5.0 (compatible; Barkrowler/0.9; +https://babbar.tech/crawler)"
52.169.110.77 - - [14/Apr/2025:23:42:52 -0400] "GET /mediafire-alternative/ HTTP/1.1" 200 17287 "-" "-"
217.113.194.232 - - [14/Apr/2025:23:43:03 -0400] "GET /modern-kitchen-cabinets/ HTTP/1.1" 200 17360 "-" "Mozilla/5.0 (compatible; Barkrowler/0.9; +https://babbar.tech/crawler)"
217.113.194.237 - - [14/Apr/2025:23:43:21 -0400] "GET /modern-kitchen-cabinet/feed/ HTTP/1.1" 200 386 "-" "Mozilla/5.0 (compatible; Barkrowler/0.9; +https://babbar.tech/crawler)"
217.113.194.235 - - [14/Apr/2025:23:43:40 -0400] "GET /modern-kitchen-cabinet/ HTTP/1.1" 200 17877 "-" "Mozilla/5.0 (compatible; Barkrowler/0.9; +https://babbar.tech/crawler)"
217.113.194.254 - - [14/Apr/2025:23:43:58 -0400] "GET /steuerberatung/ HTTP/1.1" 200 17491 "-" "Mozilla/5.0 (compatible; Barkrowler/0.9; +https://babbar.tech/crawler)"
198.54.114.83 - - [14/Apr/2025:23:44:12 -0400] "POST /wp-admin/admin-ajax.php?action=async_litespeed&nonce=MKRGK2CoSxXXSWiVu7l8XT4kKJ9HOdVp&litespeed_type=imgoptm HTTP/1.1" 200 0 "-" "WordPress/6.7.2; https://creative-webstyle.com"
217.113.194.236 - - [14/Apr/2025:23:44:17 -0400] "GET /camper-refrig/ HTTP/1.1" 200 17102 "-" "Mozilla/5.0 (compatible; Barkrowler/0.9; +https://babbar.tech/crawler)"
217.113.194.239 - - [14/Apr/2025:23:44:38 -0400] "GET /custom-sports-socks/feed/ HTTP/1.1" 200 380 "-" "Mozilla/5.0 (compatible; Barkrowler/0.9; +https://babbar.tech/crawler)"
45.140.206.168 - - [14/Apr/2025:23:44:44 -0400] "GET /une-entreprise-disolation-a-geneve-reduire-les-pertes-energetiques/ HTTP/1.1" 200 18435 "https://creative-webstyle.com/une-entreprise-disolation-a-geneve-reduire-les-pertes-energetiques/" "Mozilla/5.0 (Windows NT 10.0; Win64; x64) AppleWebKit/537.36 (KHTML, like Gecko) Chrome/130.0.0.0 Safari/537.36 CCleaner/130.0.0.0"
45.140.206.168 - - [14/Apr/2025:23:44:48 -0400] "POST /wp-comments-post.php HTTP/1.1" 302 0 "https://creative-webstyle.com/une-entreprise-disolation-a-geneve-reduire-les-pertes-energetiques/" "Mozilla/5.0 (Windows NT 10.0; Win64; x64) AppleWebKit/537.36 (KHTML, like Gecko) Chrome/130.0.0.0 Safari/537.36 CCleaner/130.0.0.0"
45.140.206.168 - - [14/Apr/2025:23:44:54 -0400] "GET /une-entreprise-disolation-a-geneve-reduire-les-pertes-energetiques/ HTTP/1.1" 200 19702 "https://creative-webstyle.com/une-entreprise-disolation-a-geneve-reduire-les-pertes-energetiques/#comment-35203" "Mozilla/5.0 (Windows NT 10.0; Win64; x64) AppleWebKit/537.36 (KHTML, like Gecko) Chrome/130.0.0.0 Safari/537.36 CCleaner/130.0.0.0"
217.113.194.233 - - [14/Apr/2025:23:44:56 -0400] "GET /custom-athletic-socks/feed/ HTTP/1.1" 200 380 "-" "Mozilla/5.0 (compatible; Barkrowler/0.9; +https://babbar.tech/crawler)"
217.113.194.232 - - [14/Apr/2025:23:45:17 -0400] "GET /custom-tube-socks/feed/ HTTP/1.1" 200 381 "-" "Mozilla/5.0 (compatible; Barkrowler/0.9; +https://babbar.tech/crawler)"
217.113.194.233 - - [14/Apr/2025:23:45:33 -0400] "GET /custom-print-socks/ HTTP/1.1" 200 17289 "-" "Mozilla/5.0 (compatible; Barkrowler/0.9; +https://babbar.tech/crawler)"
2a02:598:128:8a00::b00:a - - [14/Apr/2025:23:45:45 -0400] "GET /lelegance-et-lutilite/feed/ HTTP/1.1" 200 406 "-" "Mozilla/5.0 (compatible; SeznamBot/4.0; +https://o-seznam.cz/napoveda/vyhledavani/en/seznambot-crawler/)"
217.113.194.240 - - [14/Apr/2025:23:45:51 -0400] "GET /custom-made-socks/ HTTP/1.1" 200 17829 "-" "Mozilla/5.0 (compatible; Barkrowler/0.9; +https://babbar.tech/crawler)"
198.54.114.83 - - [14/Apr/2025:23:45:56 -0400] "POST /wp-admin/admin-ajax.php?action=async_litespeed&nonce=V7Vez5gGWjF6jbvthbJHVrbdxSPbYftY&litespeed_type=imgoptm HTTP/1.1" 200 0 "-" "WordPress/6.7.2; https://creative-webstyle.com"
217.113.194.234 - - [14/Apr/2025:23:46:08 -0400] "GET /custom-grip-socks/ HTTP/1.1" 200 17287 "-" "Mozilla/5.0 (compatible; Barkrowler/0.9; +https://babbar.tech/crawler)"
2602:fb54:964:: - - [14/Apr/2025:23:46:26 -0400] "POST /wp-login.php HTTP/1.1" 200 1818 "https://creative-webstyle.com/wp-admin/" "Mozilla/5.0 (Windows NT 10.0; Win64; x64) AppleWebKit/537.36 (KHTML, like Gecko) Chrome/90.0.4430.85 Safari/537.36"
217.113.194.236 - - [14/Apr/2025:23:46:26 -0400] "GET /health-state-score/ HTTP/1.1" 200 17257 "-" "Mozilla/5.0 (compatible; Barkrowler/0.9; +https://babbar.tech/crawler)"
2602:fb54:964:: - - [14/Apr/2025:23:46:28 -0400] "GET /wp-admin/ HTTP/1.1" 302 0 "https://www.google.com" "Mozilla/5.0 (Windows NT 10.0; Win64; x64) AppleWebKit/537.36 (KHTML, like Gecko) Chrome/90.0.4430.85 Safari/537.36"
2602:fb54:964:: - - [14/Apr/2025:23:46:30 -0400] "GET /wp-login.php?redirect_to=https%3A%2F%2Fcreative-webstyle.com%2Fwp-admin%2F&reauth=1 HTTP/1.1" 200 1694 "https://www.google.com" "Mozilla/5.0 (Windows NT 10.0; Win64; x64) AppleWebKit/537.36 (KHTML, like Gecko) Chrome/90.0.4430.85 Safari/537.36"
217.113.194.234 - - [14/Apr/2025:23:46:44 -0400] "GET /health-state-score/feed/ HTTP/1.1" 200 376 "-" "Mozilla/5.0 (compatible; Barkrowler/0.9; +https://babbar.tech/crawler)"
52.169.110.77 - - [14/Apr/2025:23:46:53 -0400] "GET /paganisme/ HTTP/1.1" 200 18475 "-" "-"
198.54.114.83 - - [14/Apr/2025:23:46:59 -0400] "POST /wp-admin/admin-ajax.php?action=async_litespeed&nonce=IYzowgP4Rp5LHQe1II8UPE7OLl4kwLq4&litespeed_type=imgoptm HTTP/1.1" 200 0 "-" "WordPress/6.7.2; https://creative-webstyle.com"
217.113.194.238 - - [14/Apr/2025:23:47:01 -0400] "GET /premier-broadcast/feed/ HTTP/1.1" 200 400 "-" "Mozilla/5.0 (compatible; Barkrowler/0.9; +https://babbar.tech/crawler)"
43.132.182.217 - - [14/Apr/2025:23:47:02 -0400] "GET /are-the-sports-betting-champ-of-john-morrison-the-best-sports-betting-system/ HTTP/1.1" 200 18391 "-" "Python/3.10 aiohttp/3.10.5"
217.113.194.240 - - [14/Apr/2025:23:47:19 -0400] "GET /plastic-injection/feed/ HTTP/1.1" 200 372 "-" "Mozilla/5.0 (compatible; Barkrowler/0.9; +https://babbar.tech/crawler)"
217.113.194.254 - - [14/Apr/2025:23:47:36 -0400] "GET /youtube-social-shares/feed/ HTTP/1.1" 200 377 "-" "Mozilla/5.0 (compatible; Barkrowler/0.9; +https://babbar.tech/crawler)"
217.113.194.240 - - [14/Apr/2025:23:47:53 -0400] "GET /2025/01/16/ HTTP/1.1" 301 0 "-" "Mozilla/5.0 (compatible; Barkrowler/0.9; +https://babbar.tech/crawler)"
198.54.114.83 - - [14/Apr/2025:23:47:57 -0400] "POST /wp-admin/admin-ajax.php?action=async_litespeed&nonce=PQzqHgPLji7pLtWM2rmDbkGeazGyDeiA&litespeed_type=imgoptm HTTP/1.1" 200 0 "-" "WordPress/6.7.2; https://creative-webstyle.com"
217.113.194.233 - - [14/Apr/2025:23:48:10 -0400] "GET /2025/01/07/ HTTP/1.1" 301 0 "-" "Mozilla/5.0 (compatible; Barkrowler/0.9; +https://babbar.tech/crawler)"
52.169.110.77 - - [14/Apr/2025:23:48:16 -0400] "GET /endangered-species-shirts-t-shirt-revolution-to-protect-endangered-species/ HTTP/1.1" 200 18550 "-" "-"
217.113.194.232 - - [14/Apr/2025:23:48:28 -0400] "GET /2025/03/26/ HTTP/1.1" 301 0 "-" "Mozilla/5.0 (compatible; Barkrowler/0.9; +https://babbar.tech/crawler)"
217.113.194.240 - - [14/Apr/2025:23:48:45 -0400] "GET /2025/01/06/ HTTP/1.1" 301 0 "-" "Mozilla/5.0 (compatible; Barkrowler/0.9; +https://babbar.tech/crawler)"
198.54.114.83 - - [14/Apr/2025:23:49:02 -0400] "POST /wp-admin/admin-ajax.php?action=async_litespeed&nonce=Y897lnO9OpetkC1x9nIBsH857sFZ3Sq1&litespeed_type=imgoptm HTTP/1.1" 200 0 "-" "WordPress/6.7.2; https://creative-webstyle.com"
217.113.194.240 - - [14/Apr/2025:23:49:04 -0400] "GET /2024/12/21/ HTTP/1.1" 301 0 "-" "Mozilla/5.0 (compatible; Barkrowler/0.9; +https://babbar.tech/crawler)"
217.113.194.232 - - [14/Apr/2025:23:49:21 -0400] "GET /2024/12/24/ HTTP/1.1" 301 0 "-" "Mozilla/5.0 (compatible; Barkrowler/0.9; +https://babbar.tech/crawler)"
217.113.194.254 - - [14/Apr/2025:23:49:38 -0400] "GET /2024/12/18/ HTTP/1.1" 301 0 "-" "Mozilla/5.0 (compatible; Barkrowler/0.9; +https://babbar.tech/crawler)"
217.113.194.240 - - [14/Apr/2025:23:49:56 -0400] "GET /2024/12/27/ HTTP/1.1" 301 0 "-" "Mozilla/5.0 (compatible; Barkrowler/0.9; +https://babbar.tech/crawler)"
217.113.194.236 - - [14/Apr/2025:23:50:13 -0400] "GET /2024/12/30/ HTTP/1.1" 301 0 "-" "Mozilla/5.0 (compatible; Barkrowler/0.9; +https://babbar.tech/crawler)"
52.169.110.77 - - [14/Apr/2025:23:50:27 -0400] "GET /securely-mounted-choosing-the-right-lag-bolts-for-your-tv/ HTTP/1.1" 200 18541 "-" "-"
217.113.194.232 - - [14/Apr/2025:23:50:30 -0400] "GET /2024/10/13/ HTTP/1.1" 301 0 "-" "Mozilla/5.0 (compatible; Barkrowler/0.9; +https://babbar.tech/crawler)"
154.54.249.218 - - [14/Apr/2025:23:50:47 -0400] "GET /android-pos-machine/ HTTP/1.1" 200 17356 "-" "Mozilla/5.0 (compatible; Barkrowler/0.9; +https://babbar.tech/crawler)"
2a02:598:128:8a00::b00:15 - - [14/Apr/2025:23:50:54 -0400] "GET /finding-affordable-concrete-contractors-in-northern-colorado/ HTTP/1.1" 200 17793 "-" "Mozilla/5.0 (compatible; SeznamBot/4.0; +https://o-seznam.cz/napoveda/vyhledavani/en/seznambot-crawler/)"
198.54.114.83 - - [14/Apr/2025:23:50:58 -0400] "POST /wp-admin/admin-ajax.php?action=async_litespeed&nonce=zWgk5I9SNaDYYwW7uK2Tntk8d7nNd0eq&litespeed_type=imgoptm HTTP/1.1" 200 0 "-" "WordPress/6.7.2; https://creative-webstyle.com"
52.169.110.77 - - [14/Apr/2025:23:51:06 -0400] "GET /shop-hair-dryers-under-20/ HTTP/1.1" 200 17304 "-" "-"
217.113.194.240 - - [14/Apr/2025:23:51:05 -0400] "GET /chakra-jewelry/feed/ HTTP/1.1" 200 373 "-" "Mozilla/5.0 (compatible; Barkrowler/0.9; +https://babbar.tech/crawler)"
217.113.194.233 - - [14/Apr/2025:23:51:22 -0400] "GET /chakra-jewelry/ HTTP/1.1" 200 17491 "-" "Mozilla/5.0 (compatible; Barkrowler/0.9; +https://babbar.tech/crawler)"
217.113.194.236 - - [14/Apr/2025:23:51:40 -0400] "GET /eyeleting-machine/ HTTP/1.1" 200 18482 "-" "Mozilla/5.0 (compatible; Barkrowler/0.9; +https://babbar.tech/crawler)"
52.169.110.77 - - [14/Apr/2025:23:51:54 -0400] "GET /sitemap-benefits-of-a-generator-sitemap/ HTTP/1.1" 200 18514 "-" "-"
154.54.249.218 - - [14/Apr/2025:23:51:57 -0400] "GET /aa-cars-review/feed/ HTTP/1.1" 200 376 "-" "Mozilla/5.0 (compatible; Barkrowler/0.9; +https://babbar.tech/crawler)"
198.54.114.83 - - [14/Apr/2025:23:51:59 -0400] "POST /wp-admin/admin-ajax.php?action=async_litespeed&nonce=JGs3CAa2GDVZB3hshLbPXUMDmjHLzSLU&litespeed_type=imgoptm HTTP/1.1" 200 0 "-" "WordPress/6.7.2; https://creative-webstyle.com"
154.54.249.218 - - [14/Apr/2025:23:52:16 -0400] "GET /dna-activation/feed/ HTTP/1.1" 200 368 "-" "Mozilla/5.0 (compatible; Barkrowler/0.9; +https://babbar.tech/crawler)"
217.113.194.254 - - [14/Apr/2025:23:52:37 -0400] "GET /plan-your-trip/feed/ HTTP/1.1" 200 374 "-" "Mozilla/5.0 (compatible; Barkrowler/0.9; +https://babbar.tech/crawler)"
134.17.14.122 - - [14/Apr/2025:23:52:53 -0400] "GET /past.php HTTP/1.1" 404 12617 "-" "Mozilla/4.0 (compatible; MSIE 6.0; Windows NT 5.1; SV1)"
217.113.194.232 - - [14/Apr/2025:23:52:54 -0400] "GET /online-accountant/feed/ HTTP/1.1" 200 395 "-" "Mozilla/5.0 (compatible; Barkrowler/0.9; +https://babbar.tech/crawler)"
217.113.194.234 - - [14/Apr/2025:23:53:12 -0400] "GET /rv-refrigeration/ HTTP/1.1" 200 17306 "-" "Mozilla/5.0 (compatible; Barkrowler/0.9; +https://babbar.tech/crawler)"
217.113.194.234 - - [14/Apr/2025:23:53:30 -0400] "GET /mandar-flores/ HTTP/1.1" 200 17053 "-" "Mozilla/5.0 (compatible; Barkrowler/0.9; +https://babbar.tech/crawler)"
217.113.194.236 - - [14/Apr/2025:23:53:48 -0400] "GET /portable-heater/ HTTP/1.1" 200 17245 "-" "Mozilla/5.0 (compatible; Barkrowler/0.9; +https://babbar.tech/crawler)"
198.54.114.83 - - [14/Apr/2025:23:53:57 -0400] "POST /wp-admin/admin-ajax.php?action=async_litespeed&nonce=fsdjyXmV63VYCEynntBl5O115iIJ0H1p&litespeed_type=imgoptm HTTP/1.1" 200 0 "-" "WordPress/6.7.2; https://creative-webstyle.com"
217.113.194.238 - - [14/Apr/2025:23:54:05 -0400] "GET /runner-rugs/feed/ HTTP/1.1" 200 368 "-" "Mozilla/5.0 (compatible; Barkrowler/0.9; +https://babbar.tech/crawler)"
217.113.194.239 - - [14/Apr/2025:23:54:22 -0400] "GET /mid-face-lift/ HTTP/1.1" 200 17947 "-" "Mozilla/5.0 (compatible; Barkrowler/0.9; +https://babbar.tech/crawler)"
217.113.194.234 - - [14/Apr/2025:23:54:40 -0400] "GET /obsession-spells/ HTTP/1.1" 200 17092 "-" "Mozilla/5.0 (compatible; Barkrowler/0.9; +https://babbar.tech/crawler)"
217.113.194.232 - - [14/Apr/2025:23:55:00 -0400] "GET /big77-login/ HTTP/1.1" 200 17327 "-" "Mozilla/5.0 (compatible; Barkrowler/0.9; +https://babbar.tech/crawler)"
217.113.194.232 - - [14/Apr/2025:23:55:20 -0400] "GET /talbina/feed/ HTTP/1.1" 200 363 "-" "Mozilla/5.0 (compatible; Barkrowler/0.9; +https://babbar.tech/crawler)"
217.113.194.237 - - [14/Apr/2025:23:55:38 -0400] "GET /urgence-dentiste/feed/ HTTP/1.1" 200 372 "-" "Mozilla/5.0 (compatible; Barkrowler/0.9; +https://babbar.tech/crawler)"
198.54.114.83 - - [14/Apr/2025:23:55:56 -0400] "POST /wp-admin/admin-ajax.php?action=async_litespeed&nonce=NpEeaPLM9ohsht3qOaW81Ai3SfTPlhHb&litespeed_type=imgoptm HTTP/1.1" 200 0 "-" "WordPress/6.7.2; https://creative-webstyle.com"
217.113.194.238 - - [14/Apr/2025:23:55:58 -0400] "GET /what-is-cpu-cooling/ HTTP/1.1" 200 17750 "-" "Mozilla/5.0 (compatible; Barkrowler/0.9; +https://babbar.tech/crawler)"
52.169.110.77 - - [14/Apr/2025:23:56:12 -0400] "GET /10-boxes-of-pure-quality/ HTTP/1.1" 200 17762 "-" "-"
217.113.194.254 - - [14/Apr/2025:23:56:16 -0400] "GET /what-is-aws/feed/ HTTP/1.1" 200 374 "-" "Mozilla/5.0 (compatible; Barkrowler/0.9; +https://babbar.tech/crawler)"
217.113.194.241 - - [14/Apr/2025:23:56:33 -0400] "GET /what-is-file-transfer/ HTTP/1.1" 200 17874 "-" "Mozilla/5.0 (compatible; Barkrowler/0.9; +https://babbar.tech/crawler)"
217.113.194.240 - - [14/Apr/2025:23:56:51 -0400] "GET /business-trip-massage/ HTTP/1.1" 200 17508 "-" "Mozilla/5.0 (compatible; Barkrowler/0.9; +https://babbar.tech/crawler)"
217.113.194.232 - - [14/Apr/2025:23:57:09 -0400] "GET /pressure-wash/feed/ HTTP/1.1" 200 369 "-" "Mozilla/5.0 (compatible; Barkrowler/0.9; +https://babbar.tech/crawler)"
154.54.249.218 - - [14/Apr/2025:23:57:26 -0400] "GET /plaid-polaire/ HTTP/1.1" 200 17195 "-" "Mozilla/5.0 (compatible; Barkrowler/0.9; +https://babbar.tech/crawler)"
2a03:2880:f800:c:: - - [14/Apr/2025:23:57:29 -0400] "GET /fight-like-a-champion-in-mma-mixed-martial-arts/ HTTP/1.1" 200 17848 "-" "meta-externalagent/1.1 (+https://developers.facebook.com/docs/sharing/webmasters/crawler)"
217.113.194.254 - - [14/Apr/2025:23:57:43 -0400] "GET /tableau-singe/feed/ HTTP/1.1" 200 374 "-" "Mozilla/5.0 (compatible; Barkrowler/0.9; +https://babbar.tech/crawler)"
198.54.114.83 - - [14/Apr/2025:23:57:59 -0400] "POST /wp-admin/admin-ajax.php?action=async_litespeed&nonce=YRrtaJr1tE8ME134ZZlRNFg0UM3iQGVw&litespeed_type=imgoptm HTTP/1.1" 200 0 "-" "WordPress/6.7.2; https://creative-webstyle.com"
217.113.194.240 - - [14/Apr/2025:23:58:00 -0400] "GET /air-cooling-system/ HTTP/1.1" 200 17090 "-" "Mozilla/5.0 (compatible; Barkrowler/0.9; +https://babbar.tech/crawler)"
52.169.110.77 - - [14/Apr/2025:23:58:11 -0400] "GET /wp-admin/ HTTP/1.1" 302 0 "-" "-"
52.169.110.77 - - [14/Apr/2025:23:58:14 -0400] "GET /wp-login.php?redirect_to=https%3A%2F%2Fwww.creative-webstyle.com%2Fwp-admin%2F&reauth=1 HTTP/1.1" 200 1695 "-" "-"
217.113.194.241 - - [14/Apr/2025:23:58:19 -0400] "GET /dui-attorney/feed/ HTTP/1.1" 200 373 "-" "Mozilla/5.0 (compatible; Barkrowler/0.9; +https://babbar.tech/crawler)"
217.113.194.238 - - [14/Apr/2025:23:58:36 -0400] "GET /build-your-resume/ HTTP/1.1" 200 17319 "-" "Mozilla/5.0 (compatible; Barkrowler/0.9; +https://babbar.tech/crawler)"
217.113.194.232 - - [14/Apr/2025:23:58:54 -0400] "GET /ultraviolet-light/ HTTP/1.1" 200 18342 "-" "Mozilla/5.0 (compatible; Barkrowler/0.9; +https://babbar.tech/crawler)"
198.54.114.83 - - [14/Apr/2025:23:59:00 -0400] "POST /wp-admin/admin-ajax.php?action=async_litespeed&nonce=AExCF3KlFOHKAnRWodhhv897gTS69fup&litespeed_type=imgoptm HTTP/1.1" 200 0 "-" "WordPress/6.7.2; https://creative-webstyle.com"
154.54.249.218 - - [14/Apr/2025:23:59:16 -0400] "GET /fendi-bag/feed/ HTTP/1.1" 200 370 "-" "Mozilla/5.0 (compatible; Barkrowler/0.9; +https://babbar.tech/crawler)"
154.54.249.218 - - [14/Apr/2025:23:59:33 -0400] "GET /billi-tap/feed/ HTTP/1.1" 200 368 "-" "Mozilla/5.0 (compatible; Barkrowler/0.9; +https://babbar.tech/crawler)"
52.169.110.77 - - [14/Apr/2025:23:59:46 -0400] "GET /wp-admin/about.php HTTP/1.1" 302 0 "-" "-"
52.169.110.77 - - [14/Apr/2025:23:59:48 -0400] "GET /wp-login.php?redirect_to=https%3A%2F%2Fwww.creative-webstyle.com%2Fwp-admin%2Fabout.php&reauth=1 HTTP/1.1" 200 1700 "-" "-"
58.254.68.38 - - [14/Apr/2025:23:59:49 -0400] "GET /the-intriguing-world-of-satta-king-a-comprehensive-overview/ HTTP/1.1" 200 18566 "https://creative-webstyle.com" "Mozilla/5.0 (Windows NT 10.0; Win64; x64) AppleWebKit/537.36 (KHTML, like Gecko) Chrome/62.0.3202.94 Safari/537.36"
217.113.194.240 - - [14/Apr/2025:23:59:51 -0400] "GET /category/contact-us/feed/ HTTP/1.1" 200 430 "-" "Mozilla/5.0 (compatible; Barkrowler/0.9; +https://babbar.tech/crawler)"
58.254.68.38 - - [14/Apr/2025:23:59:51 -0400] "POST /wp-comments-post.php HTTP/1.1" 302 0 "https://creative-webstyle.com" "Mozilla/5.0 (Windows NT 10.0; Win64; x64) AppleWebKit/537.36 (KHTML, like Gecko) Chrome/62.0.3202.94 Safari/537.36"
52.169.110.77 - - [14/Apr/2025:23:59:55 -0400] "GET /wp-admin/admin.php HTTP/1.1" 302 0 "-" "-"
52.169.110.77 - - [14/Apr/2025:23:59:57 -0400] "GET /wp-login.php?redirect_to=https%3A%2F%2Fwww.creative-webstyle.com%2Fwp-admin%2Fadmin.php&reauth=1 HTTP/1.1" 200 1697 "-" "-"
198.54.114.83 - - [15/Apr/2025:00:02:00 -0400] "POST /wp-cron.php?doing_wp_cron=1744689717.6709849834442138671875 HTTP/1.1" 200 0 "-" "WordPress/6.7.2; https://creative-webstyle.com"
154.54.249.218 - - [15/Apr/2025:00:02:17 -0400] "GET /send-flowers-online/ HTTP/1.1" 200 18036 "-" "Mozilla/5.0 (compatible; Barkrowler/0.9; +https://babbar.tech/crawler)"
217.113.194.236 - - [15/Apr/2025:00:02:39 -0400] "GET /send-flowers-online/feed/ HTTP/1.1" 200 376 "-" "Mozilla/5.0 (compatible; Barkrowler/0.9; +https://babbar.tech/crawler)"
217.113.194.241 - - [15/Apr/2025:00:03:13 -0400] "GET /michael-kors-tote-bag/ HTTP/1.1" 200 18006 "-" "Mozilla/5.0 (compatible; Barkrowler/0.9; +https://babbar.tech/crawler)"
217.113.194.235 - - [15/Apr/2025:00:03:31 -0400] "GET /betting-strategy/feed/ HTTP/1.1" 200 375 "-" "Mozilla/5.0 (compatible; Barkrowler/0.9; +https://babbar.tech/crawler)"
217.113.194.238 - - [15/Apr/2025:00:03:51 -0400] "GET /best-bitcoin-mixer/ HTTP/1.1" 200 17103 "-" "Mozilla/5.0 (compatible; Barkrowler/0.9; +https://babbar.tech/crawler)"
217.113.194.236 - - [15/Apr/2025:00:04:11 -0400] "GET /best-massage-gun/ HTTP/1.1" 200 17199 "-" "Mozilla/5.0 (compatible; Barkrowler/0.9; +https://babbar.tech/crawler)"
198.54.114.83 - - [15/Apr/2025:00:00:00 -0400] "POST /wp-admin/admin-ajax.php?action=async_litespeed&nonce=JlpblTQtPBIbnKrL6ZfNbOxwdzRYRGw8&litespeed_type=imgoptm HTTP/1.1" 200 0 "-" "WordPress/6.7.2; https://creative-webstyle.com"
217.113.194.233 - - [15/Apr/2025:00:00:12 -0400] "GET /category/sign-in/feed/ HTTP/1.1" 200 424 "-" "Mozilla/5.0 (compatible; Barkrowler/0.9; +https://babbar.tech/crawler)"
217.113.194.241 - - [15/Apr/2025:00:00:33 -0400] "GET /churchill-shooting/ HTTP/1.1" 200 18386 "-" "Mozilla/5.0 (compatible; Barkrowler/0.9; +https://babbar.tech/crawler)"
217.113.194.234 - - [15/Apr/2025:00:00:55 -0400] "GET /baby-girl-name/ HTTP/1.1" 200 17131 "-" "Mozilla/5.0 (compatible; Barkrowler/0.9; +https://babbar.tech/crawler)"
217.113.194.254 - - [15/Apr/2025:00:01:14 -0400] "GET /baby-girl-name/feed/ HTTP/1.1" 200 379 "-" "Mozilla/5.0 (compatible; Barkrowler/0.9; +https://babbar.tech/crawler)"
217.113.194.238 - - [15/Apr/2025:00:01:36 -0400] "GET /history-of-aviation/feed/ HTTP/1.1" 200 378 "-" "Mozilla/5.0 (compatible; Barkrowler/0.9; +https://babbar.tech/crawler)"
217.113.194.235 - - [15/Apr/2025:00:01:57 -0400] "GET /bitcoin-blender/feed/ HTTP/1.1" 200 371 "-" "Mozilla/5.0 (compatible; Barkrowler/0.9; +https://babbar.tech/crawler)"
217.113.194.234 - - [15/Apr/2025:00:04:31 -0400] "GET /best-massage-gun/feed/ HTTP/1.1" 200 377 "-" "Mozilla/5.0 (compatible; Barkrowler/0.9; +https://babbar.tech/crawler)"
217.113.194.232 - - [15/Apr/2025:00:04:49 -0400] "GET /cbd-online/feed/ HTTP/1.1" 200 370 "-" "Mozilla/5.0 (compatible; Barkrowler/0.9; +https://babbar.tech/crawler)"
217.113.194.234 - - [15/Apr/2025:00:05:09 -0400] "GET /cbd-shop/feed/ HTTP/1.1" 200 368 "-" "Mozilla/5.0 (compatible; Barkrowler/0.9; +https://babbar.tech/crawler)"
217.113.194.236 - - [15/Apr/2025:00:05:26 -0400] "GET /page/5/?MA HTTP/1.1" 200 15962 "-" "Mozilla/5.0 (compatible; Barkrowler/0.9; +https://babbar.tech/crawler)"
51.222.253.14 - - [15/Apr/2025:00:05:43 -0400] "GET /robots.txt HTTP/1.1" 200 110 "-" "Mozilla/5.0 (compatible; AhrefsBot/7.0; +http://ahrefs.com/robot/)"
217.113.194.240 - - [15/Apr/2025:00:05:48 -0400] "GET /page/5/?ND HTTP/1.1" 200 15962 "-" "Mozilla/5.0 (compatible; Barkrowler/0.9; +https://babbar.tech/crawler)"
198.54.114.83 - - [15/Apr/2025:00:06:08 -0400] "POST /wp-cron.php?doing_wp_cron=1744689968.2593209743499755859375 HTTP/1.1" 200 0 "-" "WordPress/6.7.2; https://creative-webstyle.com"
217.113.194.235 - - [15/Apr/2025:00:06:06 -0400] "GET /page/7/?SA HTTP/1.1" 200 15847 "-" "Mozilla/5.0 (compatible; Barkrowler/0.9; +https://babbar.tech/crawler)"
198.54.114.83 - - [15/Apr/2025:00:06:16 -0400] "POST /wp-admin/admin-ajax.php?action=async_litespeed&nonce=AR2fT55JjltqoUlPoeLIZRisTNazzD1D&litespeed_type=imgoptm HTTP/1.1" 200 0 "-" "WordPress/6.7.2; https://creative-webstyle.com"
217.113.194.235 - - [15/Apr/2025:00:06:28 -0400] "GET /page/4/?MA HTTP/1.1" 200 15968 "-" "Mozilla/5.0 (compatible; Barkrowler/0.9; +https://babbar.tech/crawler)"
217.113.194.239 - - [15/Apr/2025:00:06:47 -0400] "GET /page/4/?ND HTTP/1.1" 200 15967 "-" "Mozilla/5.0 (compatible; Barkrowler/0.9; +https://babbar.tech/crawler)"
140.245.9.158 - - [15/Apr/2025:00:06:57 -0400] "GET /why-composite-doors-are-perfect-for-homes-across-south-wales/ HTTP/1.1" 200 18294 "-" "Mozilla/5.0 (X11; Linux x86_64) AppleWebKit/537.36 (KHTML, like Gecko) Chrome/114.0.0.0 Safari/537.36 Vivaldi/5.3.2679.68"
140.245.9.158 - - [15/Apr/2025:00:07:02 -0400] "GET /category/sign-up/ HTTP/1.1" 200 14528 "https://creative-webstyle.com/why-composite-doors-are-perfect-for-homes-across-south-wales/" "Mozilla/5.0 (Windows NT 6.3; Win64; x64) AppleWebKit/537.36 (KHTML, like Gecko) Chrome/103.0.0.0 Safari/537.36"
140.245.9.158 - - [15/Apr/2025:00:07:03 -0400] "GET /category/sign-up/ HTTP/1.1" 200 14528 "https://creative-webstyle.com/category/sign-up/" "Mozilla/5.0 (Windows NT 6.3; Win64; x64) AppleWebKit/537.36 (KHTML, like Gecko) Chrome/103.0.0.0 Safari/537.36"
140.245.9.158 - - [15/Apr/2025:00:07:05 -0400] "GET /why-composite-doors-are-perfect-for-homes-across-south-wales/ HTTP/1.1" 200 18294 "https://creative-webstyle.com/why-composite-doors-are-perfect-for-homes-across-south-wales/" "Mozilla/5.0 (Windows NT 6.3; Win64; x64) AppleWebKit/537.36 (KHTML, like Gecko) Chrome/103.0.0.0 Safari/537.36"
217.113.194.233 - - [15/Apr/2025:00:07:04 -0400] "GET /page/9/?MA HTTP/1.1" 200 15727 "-" "Mozilla/5.0 (compatible; Barkrowler/0.9; +https://babbar.tech/crawler)"
140.245.9.158 - - [15/Apr/2025:00:07:07 -0400] "POST /wp-comments-post.php HTTP/1.1" 302 0 "https://creative-webstyle.com/why-composite-doors-are-perfect-for-homes-across-south-wales/" "Mozilla/5.0 (Windows NT 6.3; Win64; x64) AppleWebKit/537.36 (KHTML, like Gecko) Chrome/103.0.0.0 Safari/537.36"
140.245.9.158 - - [15/Apr/2025:00:07:12 -0400] "GET /why-composite-doors-are-perfect-for-homes-across-south-wales/?unapproved=35205&moderation-hash=6499d3f24623da2d28306724b0c55513 HTTP/1.1" 200 18897 "https://creative-webstyle.com/wp-comments-post.php" "Mozilla/5.0 (Windows NT 6.3; Win64; x64) AppleWebKit/537.36 (KHTML, like Gecko) Chrome/103.0.0.0 Safari/537.36"
140.245.9.158 - - [15/Apr/2025:00:07:14 -0400] "GET /why-composite-doors-are-perfect-for-homes-across-south-wales/ HTTP/1.1" 200 18294 "-" "Mozilla/5.0 (Windows NT 6.3; Win64; x64) AppleWebKit/537.36 (KHTML, like Gecko) Chrome/103.0.0.0 Safari/537.36"
217.113.194.239 - - [15/Apr/2025:00:07:23 -0400] "GET /page/9/?SA HTTP/1.1" 200 15726 "-" "Mozilla/5.0 (compatible; Barkrowler/0.9; +https://babbar.tech/crawler)"
217.113.194.234 - - [15/Apr/2025:00:07:41 -0400] "GET /page/9/?ND HTTP/1.1" 200 15727 "-" "Mozilla/5.0 (compatible; Barkrowler/0.9; +https://babbar.tech/crawler)"
198.54.114.83 - - [15/Apr/2025:00:07:57 -0400] "POST /wp-admin/admin-ajax.php?action=async_litespeed&nonce=RgKLZxFQX36zgTc4CVG3Yl6c2Razozep&litespeed_type=imgoptm HTTP/1.1" 200 0 "-" "WordPress/6.7.2; https://creative-webstyle.com"
140.245.9.158 - - [15/Apr/2025:00:07:59 -0400] "GET /why-composite-doors-are-perfect-for-homes-across-south-wales/ HTTP/1.1" 200 18294 "-" "Mozilla/5.0 (Windows NT 10.0; Win64; x64; rv:114.0) Gecko/20100101 Firefox/114.0"
217.113.194.240 - - [15/Apr/2025:00:07:59 -0400] "GET /page/6/?MA HTTP/1.1" 200 15791 "-" "Mozilla/5.0 (compatible; Barkrowler/0.9; +https://babbar.tech/crawler)"
217.113.194.234 - - [15/Apr/2025:00:08:18 -0400] "GET /page/6/?SA HTTP/1.1" 200 15791 "-" "Mozilla/5.0 (compatible; Barkrowler/0.9; +https://babbar.tech/crawler)"
217.113.194.235 - - [15/Apr/2025:00:08:36 -0400] "GET /page/6/?ND HTTP/1.1" 200 15791 "-" "Mozilla/5.0 (compatible; Barkrowler/0.9; +https://babbar.tech/crawler)"
52.169.24.230 - - [15/Apr/2025:00:08:39 -0400] "GET /feed/atom/ HTTP/1.1" 200 1106011 "-" "-"
217.113.194.254 - - [15/Apr/2025:00:08:54 -0400] "GET /office-water-cooler/ HTTP/1.1" 200 17405 "-" "Mozilla/5.0 (compatible; Barkrowler/0.9; +https://babbar.tech/crawler)"
198.54.114.83 - - [15/Apr/2025:00:08:59 -0400] "POST /wp-admin/admin-ajax.php?action=async_litespeed&nonce=hQ3uD2ydtKwpmnMlEuj58bK5rqOvmKK0&litespeed_type=imgoptm HTTP/1.1" 200 0 "-" "WordPress/6.7.2; https://creative-webstyle.com"
217.113.194.240 - - [15/Apr/2025:00:09:12 -0400] "GET /bilanz-hattingen/ HTTP/1.1" 200 17259 "-" "Mozilla/5.0 (compatible; Barkrowler/0.9; +https://babbar.tech/crawler)"
52.169.24.230 - - [15/Apr/2025:00:09:17 -0400] "GET /wp-admin/ HTTP/1.1" 302 0 "-" "-"
52.169.24.230 - - [15/Apr/2025:00:09:18 -0400] "GET /wp-login.php?redirect_to=https%3A%2F%2Fcreative-webstyle.com%2Fwp-admin%2F&reauth=1 HTTP/1.1" 200 1694 "-" "-"
183.78.147.66 - - [15/Apr/2025:00:09:27 -0400] "GET /cbd-vape-uk-how-to-find-the-best-cbd-vape-products-in-the-uk/ HTTP/1.1" 200 18339 "-" "Mozilla/5.0 (Windows NT 10.0; Win64; x64) AppleWebKit/537.36 (KHTML, like Gecko) Chrome/114.0.0.0 Safari/537.36"
217.113.194.232 - - [15/Apr/2025:00:09:31 -0400] "GET /bijoux-lait-maternel/ HTTP/1.1" 200 17323 "-" "Mozilla/5.0 (compatible; Barkrowler/0.9; +https://babbar.tech/crawler)"
52.169.24.230 - - [15/Apr/2025:00:09:46 -0400] "GET /wp-login.php?action=register HTTP/1.1" 302 0 "-" "-"
198.54.114.83 - - [15/Apr/2025:00:09:50 -0400] "POST /wp-cron.php?doing_wp_cron=1744690189.2347030639648437500000 HTTP/1.1" 200 0 "-" "WordPress/6.7.2; https://creative-webstyle.com"
52.169.24.230 - - [15/Apr/2025:00:09:48 -0400] "GET /wp-login.php?registration=disabled HTTP/1.1" 200 1757 "-" "-"
217.113.194.236 - - [15/Apr/2025:00:09:51 -0400] "GET /fire-fighting-pumps/ HTTP/1.1" 200 17236 "-" "Mozilla/5.0 (compatible; Barkrowler/0.9; +https://babbar.tech/crawler)"
52.169.110.77 - - [15/Apr/2025:00:10:09 -0400] "GET /wp-admin/index.php HTTP/1.1" 302 0 "-" "-"
217.113.194.237 - - [15/Apr/2025:00:10:08 -0400] "GET /mindfulness-quotes/ HTTP/1.1" 200 17059 "-" "Mozilla/5.0 (compatible; Barkrowler/0.9; +https://babbar.tech/crawler)"
52.169.110.77 - - [15/Apr/2025:00:10:11 -0400] "GET /wp-login.php?redirect_to=https%3A%2F%2Fwww.creative-webstyle.com%2Fwp-admin%2Findex.php&reauth=1 HTTP/1.1" 200 1696 "-" "-"
183.78.147.66 - - [15/Apr/2025:00:10:13 -0400] "POST /wp-comments-post.php HTTP/1.1" 302 0 "https://creative-webstyle.com/cbd-vape-uk-how-to-find-the-best-cbd-vape-products-in-the-uk/" "Mozilla/5.0 (Windows NT 10.0; Win64; x64) AppleWebKit/537.36 (KHTML, like Gecko) Chrome/114.0.0.0 Safari/537.36"
52.169.110.77 - - [15/Apr/2025:00:10:15 -0400] "GET /wp-admin/index.php?p= HTTP/1.1" 302 0 "-" "-"
52.169.110.77 - - [15/Apr/2025:00:10:17 -0400] "GET /wp-login.php?redirect_to=https%3A%2F%2Fwww.creative-webstyle.com%2Fwp-admin%2Findex.php%3Fp%3D&reauth=1 HTTP/1.1" 200 1696 "-" "-"
183.78.147.66 - - [15/Apr/2025:00:10:26 -0400] "GET /cbd-vape-uk-how-to-find-the-best-cbd-vape-products-in-the-uk/?unapproved=35206&moderation-hash=229b3b44cbce7913bc56686586cc6f5b HTTP/1.1" 200 18980 "https://creative-webstyle.com/wp-comments-post.php" "Mozilla/5.0 (Windows NT 10.0; Win64; x64) AppleWebKit/537.36 (KHTML, like Gecko) Chrome/114.0.0.0 Safari/537.36"
217.113.194.239 - - [15/Apr/2025:00:10:27 -0400] "GET /vegetable-puff/ HTTP/1.1" 200 17382 "-" "Mozilla/5.0 (compatible; Barkrowler/0.9; +https://babbar.tech/crawler)"
49.254.87.118 - - [15/Apr/2025:00:10:35 -0400] "GET /cbd-vape-uk-how-to-find-the-best-cbd-vape-products-in-the-uk/ HTTP/1.1" 200 18339 "-" "Mozilla/5.0 (Windows NT 10.0; Win64; x64) AppleWebKit/537.36 (KHTML, like Gecko) Chrome/114.0.0.0 Safari/537.36"
217.113.194.233 - - [15/Apr/2025:00:10:45 -0400] "GET /kratom-for-sale/ HTTP/1.1" 200 17129 "-" "Mozilla/5.0 (compatible; Barkrowler/0.9; +https://babbar.tech/crawler)"
2a02:598:128:8a00::b00:a - - [15/Apr/2025:00:10:55 -0400] "GET /the-best-pc-building-site/feed/ HTTP/1.1" 200 392 "-" "Mozilla/5.0 (compatible; SeznamBot/4.0; +https://o-seznam.cz/napoveda/vyhledavani/en/seznambot-crawler/)"
198.54.114.83 - - [15/Apr/2025:00:10:56 -0400] "POST /wp-admin/admin-ajax.php?action=async_litespeed&nonce=kxGAwyTXOq2Q5dyMwZsC02VgZtWaLsvV&litespeed_type=imgoptm HTTP/1.1" 200 0 "-" "WordPress/6.7.2; https://creative-webstyle.com"
198.54.114.83 - - [15/Apr/2025:00:10:58 -0400] "POST /wp-cron.php?doing_wp_cron=1744690257.6446919441223144531250 HTTP/1.1" 200 0 "-" "WordPress/6.7.2; https://creative-webstyle.com"
217.113.194.254 - - [15/Apr/2025:00:11:05 -0400] "GET /local-heating-engineer/feed/ HTTP/1.1" 200 379 "-" "Mozilla/5.0 (compatible; Barkrowler/0.9; +https://babbar.tech/crawler)"
217.113.194.234 - - [15/Apr/2025:00:11:23 -0400] "GET /tennis-prediction/feed/ HTTP/1.1" 200 377 "-" "Mozilla/5.0 (compatible; Barkrowler/0.9; +https://babbar.tech/crawler)"
217.113.194.232 - - [15/Apr/2025:00:11:39 -0400] "GET /ashley-clarke-do/ HTTP/1.1" 200 17901 "-" "Mozilla/5.0 (compatible; Barkrowler/0.9; +https://babbar.tech/crawler)"
198.54.114.83 - - [15/Apr/2025:00:11:59 -0400] "POST /wp-cron.php?doing_wp_cron=1744690318.0221219062805175781250 HTTP/1.1" 200 0 "-" "WordPress/6.7.2; https://creative-webstyle.com"
217.113.194.241 - - [15/Apr/2025:00:11:57 -0400] "GET /cavity-insulation/ HTTP/1.1" 200 17123 "-" "Mozilla/5.0 (compatible; Barkrowler/0.9; +https://babbar.tech/crawler)"
217.113.194.235 - - [15/Apr/2025:00:12:16 -0400] "GET /diamond-painting/feed/ HTTP/1.1" 200 369 "-" "Mozilla/5.0 (compatible; Barkrowler/0.9; +https://babbar.tech/crawler)"
217.113.194.238 - - [15/Apr/2025:00:12:33 -0400] "GET /courtier-dassurance/ HTTP/1.1" 200 18241 "-" "Mozilla/5.0 (compatible; Barkrowler/0.9; +https://babbar.tech/crawler)"
217.113.194.233 - - [15/Apr/2025:00:12:52 -0400] "GET /paganisme/feed/ HTTP/1.1" 200 365 "-" "Mozilla/5.0 (compatible; Barkrowler/0.9; +https://babbar.tech/crawler)"
52.169.110.77 - - [15/Apr/2025:00:13:01 -0400] "GET /wp-admin/media.php HTTP/1.1" 302 0 "-" "-"
52.169.110.77 - - [15/Apr/2025:00:13:04 -0400] "GET /wp-login.php?redirect_to=https%3A%2F%2Fwww.creative-webstyle.com%2Fwp-admin%2Fmedia.php&reauth=1 HTTP/1.1" 200 1697 "-" "-"
154.54.249.218 - - [15/Apr/2025:00:13:09 -0400] "GET /woom-automagic/ HTTP/1.1" 200 17339 "-" "Mozilla/5.0 (compatible; Barkrowler/0.9; +https://babbar.tech/crawler)"
