217.113.194.234 - - [15/Apr/2025:12:58:04 -0400] "GET /expert-bathroom-renovations-in-melbournes-western-suburbs/feed/ HTTP/1.1" 200 428 "-" "Mozilla/5.0 (compatible; Barkrowler/0.9; +https://babbar.tech/crawler)"
157.90.182.30 - - [15/Apr/2025:12:58:04 -0400] "GET /umzugsunternehmen-in-hamburg-fur-stressfreie-umzuge/ HTTP/1.1" 200 18487 "-" "Mozilla/5.0 (compatible; BLEXBot/1.0; +https://help.seranking.com/en/blex-crawler)"
217.113.194.238 - - [15/Apr/2025:12:58:27 -0400] "GET /the-myst-condo-a-haven-of-luxury-and-serenity/ HTTP/1.1" 200 17917 "-" "Mozilla/5.0 (compatible; Barkrowler/0.9; +https://babbar.tech/crawler)"
217.113.194.239 - - [15/Apr/2025:12:58:48 -0400] "GET /the-myst-condo-a-haven-of-luxury-and-serenity/feed/ HTTP/1.1" 200 421 "-" "Mozilla/5.0 (compatible; Barkrowler/0.9; +https://babbar.tech/crawler)"
198.54.114.83 - - [15/Apr/2025:12:58:54 -0400] "POST /wp-cron.php?doing_wp_cron=1744736329.2912490367889404296875 HTTP/1.1" 200 0 "-" "WordPress/6.7.2; https://creative-webstyle.com"
217.113.194.254 - - [15/Apr/2025:12:59:12 -0400] "GET /safeguarding-resilience-disaster-recovery-in-connecticut/feed/ HTTP/1.1" 200 416 "-" "Mozilla/5.0 (compatible; Barkrowler/0.9; +https://babbar.tech/crawler)"
91.84.113.162 - - [15/Apr/2025:12:59:33 -0400] "GET /hvac-systems-and-mold/ HTTP/1.1" 200 19434 "https://creative-webstyle.com/hvac-systems-and-mold/#comment-35032" "Mozilla/5.0 (Windows NT 6.3; Win64; x64) AppleWebKit/537.36 (KHTML, like Gecko) Chrome/103.0.5060.53 Safari/537.36"
154.54.249.218 - - [15/Apr/2025:12:59:38 -0400] "GET /screw-sizes-choosing-the-right-size-for-your-project/feed/ HTTP/1.1" 200 438 "-" "Mozilla/5.0 (compatible; Barkrowler/0.9; +https://babbar.tech/crawler)"
91.84.113.162 - - [15/Apr/2025:12:59:36 -0400] "POST /wp-comments-post.php HTTP/1.1" 302 0 "https://creative-webstyle.com/hvac-systems-and-mold/#comment-35032" "Mozilla/5.0 (Windows NT 6.3; Win64; x64) AppleWebKit/537.36 (KHTML, like Gecko) Chrome/103.0.5060.53 Safari/537.36"
91.84.113.162 - - [15/Apr/2025:12:59:45 -0400] "GET /hvac-systems-and-mold/ HTTP/1.1" 200 20019 "https://creative-webstyle.com/hvac-systems-and-mold/#comment-35244" "Mozilla/5.0 (Windows NT 6.3; Win64; x64) AppleWebKit/537.36 (KHTML, like Gecko) Chrome/103.0.5060.53 Safari/537.36"
217.113.194.241 - - [15/Apr/2025:13:00:04 -0400] "GET /navigating-the-landscape-of-sex-addiction-recovery-in-san-diego/ HTTP/1.1" 200 18021 "-" "Mozilla/5.0 (compatible; Barkrowler/0.9; +https://babbar.tech/crawler)"
198.54.114.83 - - [15/Apr/2025:13:00:08 -0400] "POST /wp-cron.php?doing_wp_cron=1744736404.6131999492645263671875 HTTP/1.1" 200 0 "-" "WordPress/6.7.2; https://creative-webstyle.com"
217.113.194.254 - - [15/Apr/2025:13:00:30 -0400] "GET /navigating-the-digital-dice-exploring-the-world-of-online-betting/feed/ HTTP/1.1" 200 448 "-" "Mozilla/5.0 (compatible; Barkrowler/0.9; +https://babbar.tech/crawler)"
196.251.71.7 - - [15/Apr/2025:13:00:49 -0400] "GET /wp-content/themes/seotheme/db.php?u HTTP/1.1" 404 12635 "www.google.com" "Mozlila/5.0 (Linux; Android 7.0; SM-G892A Bulid/NRD90M; wv) AppleWebKit/537.36 (KHTML, like Gecko) Version/4.0 Chrome/60.0.3112.107 Moblie Safari/537.36"
217.113.194.241 - - [15/Apr/2025:13:00:50 -0400] "GET /navigating-the-virtual-dice-exploring-the-world-of-online-gambling/feed/ HTTP/1.1" 200 449 "-" "Mozilla/5.0 (compatible; Barkrowler/0.9; +https://babbar.tech/crawler)"
196.251.71.7 - - [15/Apr/2025:13:00:54 -0400] "POST /wp-plain.php HTTP/1.1" 404 12570 "www.google.com" "Mozilla/5.0 (Linux; Android 7.0; SM-G892A Bulid/NRD90M; wv) AppleWebKit/537.36 (KHTML, like Gecko) Version/4.0 Chrome/60.0.3112.107 Moblie Safari/537.36"
196.251.71.7 - - [15/Apr/2025:13:00:58 -0400] "GET /rnzeehyx.php?Fox=d3wL7 HTTP/1.1" 404 12632 "www.google.com" "Mozilla/5.0 (Linux; Android 7.0; SM-G892A Bulid/NRD90M; wv) AppleWebKit/537.36 (KHTML, like Gecko) Version/4.0 Chrome/60.0.3112.107 Moblie Safari/537.36"
135.119.140.236 - - [15/Apr/2025:13:01:02 -0400] "HEAD /new-approach-prevents-skin-cancer-using-photodynamic-therapy-pdt/ HTTP/1.1" 200 0 "http://creative-webstyle.com/new" "Mozilla/5.0 (Windows NT 10.0; Win64; x64) AppleWebKit/537.36 (KHTML, like Gecko) Chrome/74.0.3729.169 Safari/537.36"
217.113.194.232 - - [15/Apr/2025:13:01:13 -0400] "GET /navigating-the-thrills-exploring-the-realm-of-online-casinos/feed/ HTTP/1.1" 200 439 "-" "Mozilla/5.0 (compatible; Barkrowler/0.9; +https://babbar.tech/crawler)"
135.119.140.236 - - [15/Apr/2025:13:01:14 -0400] "HEAD /home-automation-companies/ HTTP/1.1" 200 0 "http://creative-webstyle.com/home" "Mozilla/5.0 (Windows NT 10.0; Win64; x64) AppleWebKit/537.36 (KHTML, like Gecko) Chrome/74.0.3729.169 Safari/537.36"
154.54.249.218 - - [15/Apr/2025:13:01:41 -0400] "GET /navigating-free-employment-law-advice-what-you-need-to-know/ HTTP/1.1" 200 17832 "-" "Mozilla/5.0 (compatible; Barkrowler/0.9; +https://babbar.tech/crawler)"
217.113.194.254 - - [15/Apr/2025:13:02:11 -0400] "GET /why-you-should-have-a-branded-youtube-channel-for-your-business/ HTTP/1.1" 200 18546 "-" "Mozilla/5.0 (compatible; Barkrowler/0.9; +https://babbar.tech/crawler)"
198.54.114.83 - - [15/Apr/2025:13:02:16 -0400] "POST /wp-cron.php?doing_wp_cron=1744736532.0909569263458251953125 HTTP/1.1" 200 0 "-" "WordPress/6.7.2; https://creative-webstyle.com"
217.113.194.234 - - [15/Apr/2025:13:02:35 -0400] "GET /der-schlussel-zur-verstandlichen-kommunikation/feed/ HTTP/1.1" 200 420 "-" "Mozilla/5.0 (compatible; Barkrowler/0.9; +https://babbar.tech/crawler)"
154.54.249.218 - - [15/Apr/2025:13:02:57 -0400] "GET /der-schlussel-zur-verstandlichen-kommunikation/ HTTP/1.1" 200 18032 "-" "Mozilla/5.0 (compatible; Barkrowler/0.9; +https://babbar.tech/crawler)"
217.113.194.254 - - [15/Apr/2025:13:03:18 -0400] "GET /common-misconceptions-about-buying-and-selling-real-estate/ HTTP/1.1" 200 19287 "-" "Mozilla/5.0 (compatible; Barkrowler/0.9; +https://babbar.tech/crawler)"
198.54.114.83 - - [15/Apr/2025:13:03:22 -0400] "POST /wp-cron.php?doing_wp_cron=1744736599.3826138973236083984375 HTTP/1.1" 200 0 "-" "WordPress/6.7.2; https://creative-webstyle.com"
217.113.194.235 - - [15/Apr/2025:13:03:42 -0400] "GET /common-misconceptions-about-buying-and-selling-real-estate/feed/ HTTP/1.1" 200 430 "-" "Mozilla/5.0 (compatible; Barkrowler/0.9; +https://babbar.tech/crawler)"
217.113.194.240 - - [15/Apr/2025:13:04:04 -0400] "GET /what-does-it-mean-when-your-engine-light-comes-on/feed/ HTTP/1.1" 200 431 "-" "Mozilla/5.0 (compatible; Barkrowler/0.9; +https://babbar.tech/crawler)"
18.97.14.80 - - [15/Apr/2025:13:04:10 -0400] "GET / HTTP/1.1" 200 78396 "-" "CCBot/2.0 (https://commoncrawl.org/faq/)"
217.113.194.235 - - [15/Apr/2025:13:04:25 -0400] "GET /innovations-in-real-estate-marketing-navigating-the-digital-landscape/feed/ HTTP/1.1" 200 435 "-" "Mozilla/5.0 (compatible; Barkrowler/0.9; +https://babbar.tech/crawler)"
198.54.114.83 - - [15/Apr/2025:13:04:30 -0400] "POST /wp-cron.php?doing_wp_cron=1744736666.5722899436950683593750 HTTP/1.1" 200 0 "-" "WordPress/6.7.2; https://creative-webstyle.com"
217.113.194.233 - - [15/Apr/2025:13:04:48 -0400] "GET /economisez-avec-des-bannieres-publicitaires-abordables/feed/ HTTP/1.1" 200 424 "-" "Mozilla/5.0 (compatible; Barkrowler/0.9; +https://babbar.tech/crawler)"
217.113.194.240 - - [15/Apr/2025:13:05:14 -0400] "GET /enjoy-a-boat-private-party-in-cartagena-colombia/ HTTP/1.1" 200 18302 "-" "Mozilla/5.0 (compatible; Barkrowler/0.9; +https://babbar.tech/crawler)"
217.113.194.240 - - [15/Apr/2025:13:05:45 -0400] "GET /cool-solutions-navigating-refrigerator-repair-in-ottawa/ HTTP/1.1" 200 18829 "-" "Mozilla/5.0 (compatible; Barkrowler/0.9; +https://babbar.tech/crawler)"
198.54.114.83 - - [15/Apr/2025:13:05:50 -0400] "POST /wp-cron.php?doing_wp_cron=1744736745.6621909141540527343750 HTTP/1.1" 200 0 "-" "WordPress/6.7.2; https://creative-webstyle.com"
217.113.194.254 - - [15/Apr/2025:13:06:14 -0400] "GET /revolutionizing-communication-the-power-of-answering-services/ HTTP/1.1" 200 18113 "-" "Mozilla/5.0 (compatible; Barkrowler/0.9; +https://babbar.tech/crawler)"
217.113.194.254 - - [15/Apr/2025:13:06:40 -0400] "GET /revolutionizing-productivity-taskade-ai-agents/feed/ HTTP/1.1" 200 406 "-" "Mozilla/5.0 (compatible; Barkrowler/0.9; +https://babbar.tech/crawler)"
217.113.194.234 - - [15/Apr/2025:13:07:06 -0400] "GET /revolutionizing-transactions-the-virtual-pos-terminal/feed/ HTTP/1.1" 200 417 "-" "Mozilla/5.0 (compatible; Barkrowler/0.9; +https://babbar.tech/crawler)"
198.54.114.83 - - [15/Apr/2025:13:07:11 -0400] "POST /wp-cron.php?doing_wp_cron=1744736826.5531339645385742187500 HTTP/1.1" 200 0 "-" "WordPress/6.7.2; https://creative-webstyle.com"
85.208.96.195 - - [15/Apr/2025:13:07:21 -0400] "GET /a-modern-gaming-experiences/ HTTP/1.1" 200 17968 "-" "Mozilla/5.0 (compatible; SemrushBot/7~bl; +http://www.semrush.com/bot.html)"
217.113.194.254 - - [15/Apr/2025:13:07:32 -0400] "GET /esta-herramienta-no-solo-te-da-tu-edad/feed/ HTTP/1.1" 200 398 "-" "Mozilla/5.0 (compatible; Barkrowler/0.9; +https://babbar.tech/crawler)"
185.231.154.128 - - [15/Apr/2025:13:08:00 -0400] "GET /best-cbd-oil-for-sleep-uk/ HTTP/1.1" 200 17254 "https://creative-webstyle.com/best-cbd-oil-for-sleep-uk/#comment-10043" "Mozilla/5.0 (Windows NT 10.0; Win64; x64) AppleWebKit/537.36 (KHTML, like Gecko) Chrome/129.0.0.0 Safari/537.36"
217.113.194.254 - - [15/Apr/2025:13:07:58 -0400] "GET /5-tips-to-remember-when-you-pressure-wash-your-driveway/ HTTP/1.1" 200 17940 "-" "Mozilla/5.0 (compatible; Barkrowler/0.9; +https://babbar.tech/crawler)"
185.231.154.128 - - [15/Apr/2025:13:08:07 -0400] "POST /wp-comments-post.php HTTP/1.1" 302 0 "https://creative-webstyle.com/best-cbd-oil-for-sleep-uk/#comment-10043" "Mozilla/5.0 (Windows NT 10.0; Win64; x64) AppleWebKit/537.36 (KHTML, like Gecko) Chrome/129.0.0.0 Safari/537.36"
198.54.114.83 - - [15/Apr/2025:13:08:12 -0400] "POST /wp-cron.php?doing_wp_cron=1744736887.9954519271850585937500 HTTP/1.1" 200 0 "-" "WordPress/6.7.2; https://creative-webstyle.com"
47.128.96.208 - - [15/Apr/2025:13:08:10 -0400] "GET /tembusu-grand-a-new-development-in-district-15/ HTTP/1.1" 200 18344 "-" "Mozilla/5.0 (Linux; Android 5.0) AppleWebKit/537.36 (KHTML, like Gecko) Mobile Safari/537.36 (compatible; TikTokSpider; ttspider-feedback@tiktok.com)"
185.231.154.128 - - [15/Apr/2025:13:08:19 -0400] "GET /best-cbd-oil-for-sleep-uk/ HTTP/1.1" 200 23072 "https://creative-webstyle.com/best-cbd-oil-for-sleep-uk/#comment-35245" "Mozilla/5.0 (Windows NT 10.0; Win64; x64) AppleWebKit/537.36 (KHTML, like Gecko) Chrome/129.0.0.0 Safari/537.36"
217.113.194.236 - - [15/Apr/2025:13:08:24 -0400] "GET /erfolgreich-durchsetzen-in-jeder-situation/feed/ HTTP/1.1" 200 405 "-" "Mozilla/5.0 (compatible; Barkrowler/0.9; +https://babbar.tech/crawler)"
40.77.167.24 - - [15/Apr/2025:13:08:41 -0400] "GET /why-are-gas-heaters-so-popular/ HTTP/1.1" 200 18528 "-" "Mozilla/5.0 AppleWebKit/537.36 (KHTML, like Gecko; compatible; bingbot/2.0; +http://www.bing.com/bingbot.htm) Chrome/116.0.1938.76 Safari/537.36"
217.113.194.240 - - [15/Apr/2025:13:08:51 -0400] "GET /unlocking-wellness-the-role-of-osteopathy-in-dubai/ HTTP/1.1" 200 18112 "-" "Mozilla/5.0 (compatible; Barkrowler/0.9; +https://babbar.tech/crawler)"
198.54.114.83 - - [15/Apr/2025:13:09:28 -0400] "POST /wp-cron.php?doing_wp_cron=1744736963.8052139282226562500000 HTTP/1.1" 200 0 "-" "WordPress/6.7.2; https://creative-webstyle.com"
217.113.194.254 - - [15/Apr/2025:13:09:22 -0400] "GET /unlocking-wellness-the-rise-of-osteopathy-in-dubai/ HTTP/1.1" 200 17927 "-" "Mozilla/5.0 (compatible; Barkrowler/0.9; +https://babbar.tech/crawler)"
217.113.194.240 - - [15/Apr/2025:13:09:54 -0400] "GET /unlocking-opportunities-the-best-resume-writing-services/ HTTP/1.1" 200 18169 "-" "Mozilla/5.0 (compatible; Barkrowler/0.9; +https://babbar.tech/crawler)"
154.54.249.218 - - [15/Apr/2025:13:10:24 -0400] "GET /unlocking-opportunities-the-best-resume-writing-services/feed/ HTTP/1.1" 200 421 "-" "Mozilla/5.0 (compatible; Barkrowler/0.9; +https://babbar.tech/crawler)"
198.54.114.83 - - [15/Apr/2025:13:10:31 -0400] "POST /wp-cron.php?doing_wp_cron=1744737025.2264320850372314453125 HTTP/1.1" 200 0 "-" "WordPress/6.7.2; https://creative-webstyle.com"
217.113.194.234 - - [15/Apr/2025:13:10:55 -0400] "GET /unlocking-financial-success-steuerberatung-hattingen/feed/ HTTP/1.1" 200 415 "-" "Mozilla/5.0 (compatible; Barkrowler/0.9; +https://babbar.tech/crawler)"
217.113.194.232 - - [15/Apr/2025:13:11:24 -0400] "GET /unlocking-freedom-the-world-of-no-deposit-car-finance/ HTTP/1.1" 200 18275 "-" "Mozilla/5.0 (compatible; Barkrowler/0.9; +https://babbar.tech/crawler)"
217.113.194.236 - - [15/Apr/2025:13:11:53 -0400] "GET /unlocking-anonymity-the-cryptomixer-revolution/feed/ HTTP/1.1" 200 405 "-" "Mozilla/5.0 (compatible; Barkrowler/0.9; +https://babbar.tech/crawler)"
198.54.114.83 - - [15/Apr/2025:13:11:58 -0400] "POST /wp-cron.php?doing_wp_cron=1744737114.2475318908691406250000 HTTP/1.1" 200 0 "-" "WordPress/6.7.2; https://creative-webstyle.com"
217.113.194.236 - - [15/Apr/2025:13:12:21 -0400] "GET /unveiling-the-allure-and-risks-of-online-casinos/feed/ HTTP/1.1" 200 414 "-" "Mozilla/5.0 (compatible; Barkrowler/0.9; +https://babbar.tech/crawler)"
185.231.154.128 - - [15/Apr/2025:13:12:38 -0400] "GET /best-cbd-oil-for-sleep-uk/ HTTP/1.1" 200 17254 "https://creative-webstyle.com/best-cbd-oil-for-sleep-uk/#comment-10043" "Mozilla/5.0 (Windows NT 10.0; Win64; x64) AppleWebKit/537.36 (KHTML, like Gecko) Chrome/130.0.0.0 Safari/537.36 CCleaner/130.0.0.0"
217.113.194.235 - - [15/Apr/2025:13:12:45 -0400] "GET /unveiling-the-truth-behind-buying-youtube-subscribers/feed/ HTTP/1.1" 200 428 "-" "Mozilla/5.0 (compatible; Barkrowler/0.9; +https://babbar.tech/crawler)"
185.231.154.128 - - [15/Apr/2025:13:12:45 -0400] "POST /wp-comments-post.php HTTP/1.1" 302 0 "https://creative-webstyle.com/best-cbd-oil-for-sleep-uk/#comment-10043" "Mozilla/5.0 (Windows NT 10.0; Win64; x64) AppleWebKit/537.36 (KHTML, like Gecko) Chrome/130.0.0.0 Safari/537.36 CCleaner/130.0.0.0"
185.231.154.128 - - [15/Apr/2025:13:12:52 -0400] "GET /best-cbd-oil-for-sleep-uk/ HTTP/1.1" 200 25688 "https://creative-webstyle.com/best-cbd-oil-for-sleep-uk/#comment-35246" "Mozilla/5.0 (Windows NT 10.0; Win64; x64) AppleWebKit/537.36 (KHTML, like Gecko) Chrome/130.0.0.0 Safari/537.36 CCleaner/130.0.0.0"
217.113.194.240 - - [15/Apr/2025:13:13:07 -0400] "GET /unveiling-the-truth-behind-buying-instagram-followers/feed/ HTTP/1.1" 200 425 "-" "Mozilla/5.0 (compatible; Barkrowler/0.9; +https://babbar.tech/crawler)"
217.113.194.241 - - [15/Apr/2025:13:13:31 -0400] "GET /unveiling-the-excitement-navigating-the-world-of-online-casinos/ HTTP/1.1" 200 18574 "-" "Mozilla/5.0 (compatible; Barkrowler/0.9; +https://babbar.tech/crawler)"
217.113.194.241 - - [15/Apr/2025:13:13:59 -0400] "GET /unveiling-the-crypto-presale-an-emerging-trend/ HTTP/1.1" 200 18241 "-" "Mozilla/5.0 (compatible; Barkrowler/0.9; +https://babbar.tech/crawler)"
217.113.194.232 - - [15/Apr/2025:13:14:20 -0400] "GET /benefits-of-borrowing-from-a-licensed-money-lender/feed/ HTTP/1.1" 200 423 "-" "Mozilla/5.0 (compatible; Barkrowler/0.9; +https://babbar.tech/crawler)"
198.54.114.83 - - [15/Apr/2025:13:14:25 -0400] "POST /wp-cron.php?doing_wp_cron=1744737261.4939229488372802734375 HTTP/1.1" 200 0 "-" "WordPress/6.7.2; https://creative-webstyle.com"
217.113.194.239 - - [15/Apr/2025:13:14:45 -0400] "GET /the-first-six-months-big-changes-month-two/feed/ HTTP/1.1" 200 424 "-" "Mozilla/5.0 (compatible; Barkrowler/0.9; +https://babbar.tech/crawler)"
217.113.194.233 - - [15/Apr/2025:13:15:10 -0400] "GET /lart-de-lamenagement-de-bureau-un-univers-de-mobilier/feed/ HTTP/1.1" 200 437 "-" "Mozilla/5.0 (compatible; Barkrowler/0.9; +https://babbar.tech/crawler)"
217.113.194.236 - - [15/Apr/2025:13:15:33 -0400] "GET /michael-kors-handbags-on-sale-for-discounts-youll-love/feed/ HTTP/1.1" 200 436 "-" "Mozilla/5.0 (compatible; Barkrowler/0.9; +https://babbar.tech/crawler)"
198.54.114.83 - - [15/Apr/2025:13:15:37 -0400] "POST /wp-cron.php?doing_wp_cron=1744737334.0242919921875000000000 HTTP/1.1" 200 0 "-" "WordPress/6.7.2; https://creative-webstyle.com"
217.113.194.237 - - [15/Apr/2025:13:16:01 -0400] "GET /embracing-comfort-the-innovation-of-floor-heating-pipes/ HTTP/1.1" 200 18106 "-" "Mozilla/5.0 (compatible; Barkrowler/0.9; +https://babbar.tech/crawler)"
217.113.194.232 - - [15/Apr/2025:13:16:27 -0400] "GET /embracing-the-new-normal-the-evolution-of-work-from-home/ HTTP/1.1" 200 18208 "-" "Mozilla/5.0 (compatible; Barkrowler/0.9; +https://babbar.tech/crawler)"
2a02:598:128:8a00::b00:15 - - [15/Apr/2025:13:16:53 -0400] "GET /die-macht-der-mentalen-starke/ HTTP/1.1" 200 18010 "-" "Mozilla/5.0 (compatible; SeznamBot/4.0; +https://o-seznam.cz/napoveda/vyhledavani/en/seznambot-crawler/)"
217.113.194.239 - - [15/Apr/2025:13:16:53 -0400] "GET /restoring-functionality-appliance-repair-in-gatineau/feed/ HTTP/1.1" 200 422 "-" "Mozilla/5.0 (compatible; Barkrowler/0.9; +https://babbar.tech/crawler)"
198.54.114.83 - - [15/Apr/2025:13:16:57 -0400] "POST /wp-cron.php?doing_wp_cron=1744737414.0645940303802490234375 HTTP/1.1" 200 0 "-" "WordPress/6.7.2; https://creative-webstyle.com"
217.113.194.241 - - [15/Apr/2025:13:17:19 -0400] "GET /que-peut-faire-le-desherbant-general-pour-moi/feed/ HTTP/1.1" 200 427 "-" "Mozilla/5.0 (compatible; Barkrowler/0.9; +https://babbar.tech/crawler)"
217.113.194.241 - - [15/Apr/2025:13:17:41 -0400] "GET /cbd-oil-is-it-practical-for-psychological-disorders/feed/ HTTP/1.1" 200 424 "-" "Mozilla/5.0 (compatible; Barkrowler/0.9; +https://babbar.tech/crawler)"
2a02:598:128:8a00::b00:a - - [15/Apr/2025:13:18:00 -0400] "GET /wholesale-pool-supplies-for-every-need/feed/ HTTP/1.1" 200 406 "-" "Mozilla/5.0 (compatible; SeznamBot/4.0; +https://o-seznam.cz/napoveda/vyhledavani/en/seznambot-crawler/)"
217.113.194.233 - - [15/Apr/2025:13:18:07 -0400] "GET /cultivating-authentic-engagement-in-a-digital-landscape/feed/ HTTP/1.1" 200 417 "-" "Mozilla/5.0 (compatible; Barkrowler/0.9; +https://babbar.tech/crawler)"
198.54.114.83 - - [15/Apr/2025:13:18:13 -0400] "POST /wp-cron.php?doing_wp_cron=1744737488.3181838989257812500000 HTTP/1.1" 200 0 "-" "WordPress/6.7.2; https://creative-webstyle.com"
124.156.119.193 - - [15/Apr/2025:13:18:28 -0400] "GET /cyprus-rhinoplasty-prices/ HTTP/1.1" 200 17755 "-" "Python/3.10 aiohttp/3.10.5"
217.113.194.233 - - [15/Apr/2025:13:18:33 -0400] "GET /kraft-der-videoanimationen-eine-visuelle-revolution/feed/ HTTP/1.1" 200 412 "-" "Mozilla/5.0 (compatible; Barkrowler/0.9; +https://babbar.tech/crawler)"
217.113.194.240 - - [15/Apr/2025:13:19:00 -0400] "GET /why-use-taxbuddys-tax-audit-calculator-for-your-business/ HTTP/1.1" 200 19410 "-" "Mozilla/5.0 (compatible; Barkrowler/0.9; +https://babbar.tech/crawler)"
58.254.68.38 - - [15/Apr/2025:13:19:18 -0400] "GET /the-intriguing-world-of-satta-king-a-comprehensive-overview/ HTTP/1.1" 200 18543 "https://creative-webstyle.com" "Mozilla/5.0 (Windows NT 10.0; Win64; x64) AppleWebKit/537.36 (KHTML, like Gecko) Chrome/62.0.3202.94 Safari/537.36"
178.62.200.135 - - [15/Apr/2025:13:19:20 -0400] "GET /wp-json/wp/v2/tags?per_page=50&page=1&orderby=count&order=desc HTTP/1.1" 200 2 "-" "axios/1.7.7"
58.254.68.38 - - [15/Apr/2025:13:19:27 -0400] "POST /wp-comments-post.php HTTP/1.1" 200 0 "https://creative-webstyle.com" "Mozilla/5.0 (Windows NT 10.0; Win64; x64) AppleWebKit/537.36 (KHTML, like Gecko) Chrome/62.0.3202.94 Safari/537.36"
178.62.200.135 - - [15/Apr/2025:13:19:31 -0400] "GET /wp-json/wp/v2/categories?per_page=50&page=1&orderby=count&order=desc HTTP/1.1" 200 22059 "-" "axios/1.7.7"
217.113.194.240 - - [15/Apr/2025:13:19:31 -0400] "GET /franchise-opportunities-in-canada-a-lucrative-business-venture/ HTTP/1.1" 200 18070 "-" "Mozilla/5.0 (compatible; Barkrowler/0.9; +https://babbar.tech/crawler)"
217.113.194.240 - - [15/Apr/2025:13:20:04 -0400] "GET /franchise-opportunities-in-canada-a-lucrative-business-venture/feed/ HTTP/1.1" 200 423 "-" "Mozilla/5.0 (compatible; Barkrowler/0.9; +https://babbar.tech/crawler)"
154.54.249.218 - - [15/Apr/2025:13:20:28 -0400] "GET /the-importance-of-photo-editing-services-in-various-sectors/ HTTP/1.1" 200 0 "-" "Mozilla/5.0 (compatible; Barkrowler/0.9; +https://babbar.tech/crawler)"
85.208.96.207 - - [15/Apr/2025:13:30:33 -0400] "GET /advantages-of-outsourcing-commercial-cleaning-services/ HTTP/1.1" 200 18396 "-" "Mozilla/5.0 (compatible; SemrushBot/7~bl; +http://www.semrush.com/bot.html)"
43.135.121.251 - - [15/Apr/2025:13:32:09 -0400] "GET /examining-the-differences-between-two-mysql-tables/ HTTP/1.1" 200 17725 "-" "Python/3.10 aiohttp/3.10.5"
185.191.171.9 - - [15/Apr/2025:13:43:43 -0400] "GET /professionelle-haushaltsauflosungen-in-luneburg/ HTTP/1.1" 200 18297 "-" "Mozilla/5.0 (compatible; SemrushBot/7~bl; +http://www.semrush.com/bot.html)"
198.54.114.83 - - [15/Apr/2025:13:43:54 -0400] "POST /wp-cron.php?doing_wp_cron=1744739029.7020030021667480468750 HTTP/1.1" 200 0 "-" "WordPress/6.7.2; https://creative-webstyle.com"
129.226.128.49 - - [15/Apr/2025:13:44:29 -0400] "GET /choosing-family-divorce-lawyers/ HTTP/1.1" 200 17831 "-" "Python/3.10 aiohttp/3.10.5"
45.237.85.27 - - [15/Apr/2025:13:45:19 -0400] "GET /why-composite-doors-are-perfect-for-homes-across-south-wales/ HTTP/1.1" 200 18298 "-" "Mozilla/5.0 (X11; Ubuntu; Linux x86_64; rv:114.0) Gecko/20100101 Firefox/114.0"
45.237.85.27 - - [15/Apr/2025:13:45:28 -0400] "GET /category/sign-up/ HTTP/1.1" 200 14519 "https://creative-webstyle.com/why-composite-doors-are-perfect-for-homes-across-south-wales/" "Mozilla/5.0 (Windows NT 6.3; Win64; x64) AppleWebKit/537.36 (KHTML, like Gecko) Chrome/103.0.0.0 Safari/537.36"
45.237.85.27 - - [15/Apr/2025:13:45:36 -0400] "GET /category/sign-up/ HTTP/1.1" 200 14519 "https://creative-webstyle.com/category/sign-up/" "Mozilla/5.0 (Windows NT 6.3; Win64; x64) AppleWebKit/537.36 (KHTML, like Gecko) Chrome/103.0.0.0 Safari/537.36"
45.237.85.27 - - [15/Apr/2025:13:45:42 -0400] "GET /why-composite-doors-are-perfect-for-homes-across-south-wales/ HTTP/1.1" 200 18298 "https://creative-webstyle.com/why-composite-doors-are-perfect-for-homes-across-south-wales/" "Mozilla/5.0 (Windows NT 6.3; Win64; x64) AppleWebKit/537.36 (KHTML, like Gecko) Chrome/103.0.0.0 Safari/537.36"
45.237.85.27 - - [15/Apr/2025:13:45:48 -0400] "POST /wp-comments-post.php HTTP/1.1" 302 0 "https://creative-webstyle.com/why-composite-doors-are-perfect-for-homes-across-south-wales/" "Mozilla/5.0 (Windows NT 6.3; Win64; x64) AppleWebKit/537.36 (KHTML, like Gecko) Chrome/103.0.0.0 Safari/537.36"
198.54.114.83 - - [15/Apr/2025:13:45:55 -0400] "POST /wp-cron.php?doing_wp_cron=1744739150.3560841083526611328125 HTTP/1.1" 200 0 "-" "WordPress/6.7.2; https://creative-webstyle.com"
45.237.85.27 - - [15/Apr/2025:13:46:01 -0400] "GET /why-composite-doors-are-perfect-for-homes-across-south-wales/?unapproved=35248&moderation-hash=2d7b35aaf127d6e3ef5b3175bf3d38a7 HTTP/1.1" 200 18996 "https://creative-webstyle.com/wp-comments-post.php" "Mozilla/5.0 (Windows NT 6.3; Win64; x64) AppleWebKit/537.36 (KHTML, like Gecko) Chrome/103.0.0.0 Safari/537.36"
45.237.85.27 - - [15/Apr/2025:13:46:10 -0400] "GET /why-composite-doors-are-perfect-for-homes-across-south-wales/ HTTP/1.1" 200 18298 "-" "Mozilla/5.0 (Windows NT 6.3; Win64; x64) AppleWebKit/537.36 (KHTML, like Gecko) Chrome/103.0.0.0 Safari/537.36"
2a02:598:128:8a00::b00:a - - [15/Apr/2025:13:46:51 -0400] "GET /the-hot-water-dispenser-revolution/ HTTP/1.1" 200 17910 "-" "Mozilla/5.0 (compatible; SeznamBot/4.0; +https://o-seznam.cz/napoveda/vyhledavani/en/seznambot-crawler/)"
45.237.85.27 - - [15/Apr/2025:13:50:33 -0400] "GET /why-composite-doors-are-perfect-for-homes-across-south-wales/ HTTP/1.1" 200 18298 "-" "Mozilla/5.0 (Windows NT 10.0; Win64; x64; rv:114.0) Gecko/20100101 Firefox/114.0"
34.41.7.66 - - [15/Apr/2025:13:53:51 -0400] "GET / HTTP/1.1" 200 78396 "-" "Mozilla/5.0 (Windows NT 10.0; Win64; x64) AppleWebKit/537.36 (KHTML, like Gecko) Chrome/120.0.0.0 Safari/537.36"
47.238.13.15 - - [15/Apr/2025:13:53:53 -0400] "GET /navigating-the-maze-a-comprehensive-guide-to-tax-consultation HTTP/1.1" 301 0 "-" "Mozilla/5.0 (Macintosh; Intel Mac OS X 10_15_7) AppleWebKit/537.36 (KHTML, like Gecko) Chrome/109.0.0.0 Safari/537.36"
47.128.96.183 - - [15/Apr/2025:13:53:53 -0400] "GET /the-ultimate-guide-to-deleting-your-instagram-account/ HTTP/1.1" 200 18080 "-" "Mozilla/5.0 (Linux; Android 5.0) AppleWebKit/537.36 (KHTML, like Gecko) Mobile Safari/537.36 (compatible; TikTokSpider; ttspider-feedback@tiktok.com)"
198.54.114.83 - - [15/Apr/2025:13:54:05 -0400] "POST /wp-cron.php?doing_wp_cron=1744739638.1743509769439697265625 HTTP/1.1" 200 0 "-" "WordPress/6.7.2; https://creative-webstyle.com"
47.238.13.15 - - [15/Apr/2025:13:54:05 -0400] "GET /navigating-the-maze-a-comprehensive-guide-to-tax-consultation/ HTTP/1.1" 200 0 "https://creative-webstyle.com/navigating-the-maze-a-comprehensive-guide-to-tax-consultation" "Mozilla/5.0 (Macintosh; Intel Mac OS X 10_15_7) AppleWebKit/537.36 (KHTML, like Gecko) Chrome/109.0.0.0 Safari/537.36"
167.94.138.121 - - [15/Apr/2025:13:54:41 -0400] "GET / HTTP/1.1" 200 78396 "-" "Mozilla/5.0 (compatible; CensysInspect/1.1; +https://about.censys.io/)"
151.106.181.25 - - [15/Apr/2025:13:54:50 -0400] "GET /images/slider/elastic/02.jpg HTTP/1.1" 301 0 "-" "Mozilla/5.0 (X11; Ubuntu; Linux x86_64; rv:72.0) Gecko/20100101 Firefox/72.0"
151.106.181.25 - - [15/Apr/2025:13:54:55 -0400] "GET /images/slider/elastic/02.jpg HTTP/1.1" 404 12634 "-" "Mozilla/5.0 (X11; Ubuntu; Linux x86_64; rv:72.0) Gecko/20100101 Firefox/72.0"
151.106.181.25 - - [15/Apr/2025:13:55:01 -0400] "GET /images/slider/elastic/02.jpg HTTP/1.1" 301 0 "-" "Mozilla/5.0 (X11; Ubuntu; Linux x86_64; rv:72.0) Gecko/20100101 Firefox/72.0"
151.106.181.25 - - [15/Apr/2025:13:55:08 -0400] "GET /images/slider/elastic/02.jpg HTTP/1.1" 404 12634 "-" "Mozilla/5.0 (X11; Ubuntu; Linux x86_64; rv:72.0) Gecko/20100101 Firefox/72.0"
151.106.181.25 - - [15/Apr/2025:13:55:14 -0400] "GET /images/slider/elastic/02.jpg HTTP/1.1" 301 0 "-" "Mozilla/5.0 (X11; Ubuntu; Linux x86_64; rv:72.0) Gecko/20100101 Firefox/72.0"
2602:80d:1006::39 - - [15/Apr/2025:13:55:14 -0400] "GET /favicon.ico HTTP/1.1" 404 1251 "-" "Mozilla/5.0 (compatible; CensysInspect/1.1; +https://about.censys.io/)"
151.106.181.25 - - [15/Apr/2025:13:55:19 -0400] "GET /images/slider/elastic/02.jpg HTTP/1.1" 404 12634 "-" "Mozilla/5.0 (X11; Ubuntu; Linux x86_64; rv:72.0) Gecko/20100101 Firefox/72.0"
217.113.194.254 - - [15/Apr/2025:13:55:29 -0400] "GET /the-importance-of-hiring-a-scheidungsanwalt-hattingen HTTP/1.1" 301 0 "-" "Mozilla/5.0 (compatible; Barkrowler/0.9; +https://babbar.tech/crawler)"
198.54.114.83 - - [15/Apr/2025:13:55:33 -0400] "POST /wp-cron.php?doing_wp_cron=1744739729.8429100513458251953125 HTTP/1.1" 200 0 "-" "WordPress/6.7.2; https://creative-webstyle.com"
2602:80d:1006::39 - - [15/Apr/2025:13:55:52 -0400] "GET /favicon.ico HTTP/1.1" 404 1251 "-" "Mozilla/5.0 (compatible; CensysInspect/1.1; +https://about.censys.io/)"
217.113.194.233 - - [15/Apr/2025:13:55:51 -0400] "GET /la-publicite-par-drapeau-une-strategie-visuelle-efficace/feed/ HTTP/1.1" 200 435 "-" "Mozilla/5.0 (compatible; Barkrowler/0.9; +https://babbar.tech/crawler)"
217.113.194.239 - - [15/Apr/2025:13:56:15 -0400] "GET /parodontite-les-differentes-etapes-de-la-parodontite/ HTTP/1.1" 200 18226 "-" "Mozilla/5.0 (compatible; Barkrowler/0.9; +https://babbar.tech/crawler)"
217.113.194.234 - - [15/Apr/2025:13:56:41 -0400] "GET /bruxisme-demasquer-le-train-train-nocturne/feed/ HTTP/1.1" 200 411 "-" "Mozilla/5.0 (compatible; Barkrowler/0.9; +https://babbar.tech/crawler)"
13.59.90.174 - - [15/Apr/2025:13:56:46 -0400] "GET /robots.txt HTTP/1.1" 304 0 "-" "Mozilla/5.0 AppleWebKit/537.36 (KHTML, like Gecko; compatible; ClaudeBot/1.0; +claudebot@anthropic.com)"
13.59.90.174 - - [15/Apr/2025:13:56:54 -0400] "GET /how-to-use-tretinoin-gel-in-the-uk/feed HTTP/1.1" 301 0 "-" "Mozilla/5.0 AppleWebKit/537.36 (KHTML, like Gecko; compatible; ClaudeBot/1.0; +claudebot@anthropic.com)"
13.59.90.174 - - [15/Apr/2025:13:56:54 -0400] "GET /send-large-files HTTP/1.1" 301 0 "-" "Mozilla/5.0 AppleWebKit/537.36 (KHTML, like Gecko; compatible; ClaudeBot/1.0; +claudebot@anthropic.com)"
91.84.98.204 - - [15/Apr/2025:13:57:01 -0400] "GET /why-composite-doors-are-perfect-for-homes-across-south-wales/ HTTP/1.1" 200 18298 "-" "Mozilla/5.0 (Linux x86_64; rv:114.0) Gecko/20100101 Firefox/114.0"
13.59.90.174 - - [15/Apr/2025:13:57:01 -0400] "GET /how-to-use-tretinoin-gel-in-the-uk/feed/ HTTP/1.1" 200 402 "-" "Mozilla/5.0 AppleWebKit/537.36 (KHTML, like Gecko; compatible; ClaudeBot/1.0; +claudebot@anthropic.com)"
13.59.90.174 - - [15/Apr/2025:13:57:01 -0400] "GET /send-large-files/ HTTP/1.1" 200 17111 "-" "Mozilla/5.0 AppleWebKit/537.36 (KHTML, like Gecko; compatible; ClaudeBot/1.0; +claudebot@anthropic.com)"
217.113.194.233 - - [15/Apr/2025:13:57:05 -0400] "GET /salon-equipment-simple-strategies-to-save-you-time-and-money/ HTTP/1.1" 200 18197 "-" "Mozilla/5.0 (compatible; Barkrowler/0.9; +https://babbar.tech/crawler)"
13.59.90.174 - - [15/Apr/2025:13:57:11 -0400] "GET /wp-content/themes/revista/assets/lib/magnific-popup/jquery.magnific-popup.min.js?ver=6.7.2 HTTP/1.1" 304 0 "https://creative-webstyle.com/send-large-files/" "Mozilla/5.0 AppleWebKit/537.36 (KHTML, like Gecko; compatible; ClaudeBot/1.0; +claudebot@anthropic.com)"
13.59.90.174 - - [15/Apr/2025:13:57:11 -0400] "GET /wp-content/themes/revista/assets/lib/custom/js/pagination.js?ver=6.7.2 HTTP/1.1" 304 0 "https://creative-webstyle.com/send-large-files/" "Mozilla/5.0 AppleWebKit/537.36 (KHTML, like Gecko; compatible; ClaudeBot/1.0; +claudebot@anthropic.com)"
13.59.90.174 - - [15/Apr/2025:13:57:11 -0400] "GET /wp-includes/js/jquery/jquery-migrate.min.js?ver=3.4.1 HTTP/1.1" 304 0 "https://creative-webstyle.com/send-large-files/" "Mozilla/5.0 AppleWebKit/537.36 (KHTML, like Gecko; compatible; ClaudeBot/1.0; +claudebot@anthropic.com)"
13.59.90.174 - - [15/Apr/2025:13:57:11 -0400] "GET /wp-content/themes/revista/assets/lib/custom/js/ajax.js?ver=6.7.2 HTTP/1.1" 304 0 "https://creative-webstyle.com/send-large-files/" "Mozilla/5.0 AppleWebKit/537.36 (KHTML, like Gecko; compatible; ClaudeBot/1.0; +claudebot@anthropic.com)"
13.59.90.174 - - [15/Apr/2025:13:57:11 -0400] "GET /wp-content/themes/revista/assets/lib/slick/js/slick.min.js?ver=6.7.2 HTTP/1.1" 304 0 "https://creative-webstyle.com/send-large-files/" "Mozilla/5.0 AppleWebKit/537.36 (KHTML, like Gecko; compatible; ClaudeBot/1.0; +claudebot@anthropic.com)"
13.59.90.174 - - [15/Apr/2025:13:57:11 -0400] "GET /wp-includes/js/imagesloaded.min.js?ver=5.0.0 HTTP/1.1" 304 0 "https://creative-webstyle.com/send-large-files/" "Mozilla/5.0 AppleWebKit/537.36 (KHTML, like Gecko; compatible; ClaudeBot/1.0; +claudebot@anthropic.com)"
13.59.90.174 - - [15/Apr/2025:13:57:11 -0400] "GET /wp-includes/js/jquery/jquery.min.js?ver=3.7.1 HTTP/1.1" 304 0 "https://creative-webstyle.com/send-large-files/" "Mozilla/5.0 AppleWebKit/537.36 (KHTML, like Gecko; compatible; ClaudeBot/1.0; +claudebot@anthropic.com)"
13.59.90.174 - - [15/Apr/2025:13:57:11 -0400] "GET /wp-content/themes/revista/assets/lib/custom/js/custom.js?ver=6.7.2 HTTP/1.1" 304 0 "https://creative-webstyle.com/send-large-files/" "Mozilla/5.0 AppleWebKit/537.36 (KHTML, like Gecko; compatible; ClaudeBot/1.0; +claudebot@anthropic.com)"
91.84.98.204 - - [15/Apr/2025:13:57:15 -0400] "GET /category/sign-up/ HTTP/1.1" 200 14519 "https://creative-webstyle.com/why-composite-doors-are-perfect-for-homes-across-south-wales/" "Mozilla/5.0 (Windows NT 6.3; Win64; x64) AppleWebKit/537.36 (KHTML, like Gecko) Chrome/103.0.0.0 Safari/537.36"
13.59.90.174 - - [15/Apr/2025:13:57:17 -0400] "GET /wp-includes/js/wp-emoji-release.min.js?ver=6.7.2 HTTP/1.1" 304 0 "https://creative-webstyle.com/send-large-files/" "Mozilla/5.0 AppleWebKit/537.36 (KHTML, like Gecko; compatible; ClaudeBot/1.0; +claudebot@anthropic.com)"
13.59.90.174 - - [15/Apr/2025:13:57:17 -0400] "GET /wp-includes/js/comment-reply.min.js?ver=6.7.2 HTTP/1.1" 304 0 "https://creative-webstyle.com/send-large-files/" "Mozilla/5.0 AppleWebKit/537.36 (KHTML, like Gecko; compatible; ClaudeBot/1.0; +claudebot@anthropic.com)"
91.84.98.204 - - [15/Apr/2025:13:57:20 -0400] "GET /category/sign-up/ HTTP/1.1" 200 14519 "https://creative-webstyle.com/category/sign-up/" "Mozilla/5.0 (Windows NT 6.3; Win64; x64) AppleWebKit/537.36 (KHTML, like Gecko) Chrome/103.0.0.0 Safari/537.36"
91.84.98.204 - - [15/Apr/2025:13:57:26 -0400] "GET /why-composite-doors-are-perfect-for-homes-across-south-wales/ HTTP/1.1" 200 18298 "https://creative-webstyle.com/why-composite-doors-are-perfect-for-homes-across-south-wales/" "Mozilla/5.0 (Windows NT 6.3; Win64; x64) AppleWebKit/537.36 (KHTML, like Gecko) Chrome/103.0.0.0 Safari/537.36"
154.54.249.218 - - [15/Apr/2025:13:57:27 -0400] "GET /poncho-surfing-catching-waves-with-comfort/feed/ HTTP/1.1" 200 415 "-" "Mozilla/5.0 (compatible; Barkrowler/0.9; +https://babbar.tech/crawler)"
91.84.98.204 - - [15/Apr/2025:13:57:31 -0400] "POST /wp-comments-post.php HTTP/1.1" 302 0 "https://creative-webstyle.com/why-composite-doors-are-perfect-for-homes-across-south-wales/" "Mozilla/5.0 (Windows NT 6.3; Win64; x64) AppleWebKit/537.36 (KHTML, like Gecko) Chrome/103.0.0.0 Safari/537.36"
91.84.98.204 - - [15/Apr/2025:13:57:39 -0400] "GET /why-composite-doors-are-perfect-for-homes-across-south-wales/?unapproved=35249&moderation-hash=bf53f3d02fc20077832ac497dd76face HTTP/1.1" 200 19049 "https://creative-webstyle.com/wp-comments-post.php" "Mozilla/5.0 (Windows NT 6.3; Win64; x64) AppleWebKit/537.36 (KHTML, like Gecko) Chrome/103.0.0.0 Safari/537.36"
91.84.98.204 - - [15/Apr/2025:13:57:46 -0400] "GET /why-composite-doors-are-perfect-for-homes-across-south-wales/ HTTP/1.1" 200 18298 "-" "Mozilla/5.0 (Windows NT 6.3; Win64; x64) AppleWebKit/537.36 (KHTML, like Gecko) Chrome/103.0.0.0 Safari/537.36"
217.113.194.240 - - [15/Apr/2025:13:57:47 -0400] "GET /entdecken-sie-die-ruhe-im-center-parcs-baltic-sea/ HTTP/1.1" 200 18534 "-" "Mozilla/5.0 (compatible; Barkrowler/0.9; +https://babbar.tech/crawler)"
198.54.114.83 - - [15/Apr/2025:13:57:55 -0400] "POST /wp-cron.php?doing_wp_cron=1744739868.6298880577087402343750 HTTP/1.1" 200 0 "-" "WordPress/6.7.2; https://creative-webstyle.com"
217.113.194.240 - - [15/Apr/2025:13:58:12 -0400] "GET /igniting-corporate-events-with-captivating-entertainment/feed/ HTTP/1.1" 200 412 "-" "Mozilla/5.0 (compatible; Barkrowler/0.9; +https://babbar.tech/crawler)"
217.113.194.240 - - [15/Apr/2025:13:58:33 -0400] "GET /la-vitamine-d3-dalgue-une-source-innovante/ HTTP/1.1" 200 17930 "-" "Mozilla/5.0 (compatible; Barkrowler/0.9; +https://babbar.tech/crawler)"
217.113.194.236 - - [15/Apr/2025:13:58:59 -0400] "GET /colors-patterns-and-designs-that-enhance-personal-style/feed/ HTTP/1.1" 200 421 "-" "Mozilla/5.0 (compatible; Barkrowler/0.9; +https://babbar.tech/crawler)"
217.113.194.240 - - [15/Apr/2025:13:59:27 -0400] "GET /stepping-into-style-the-allure-of-printed-socks/feed/ HTTP/1.1" 200 433 "-" "Mozilla/5.0 (compatible; Barkrowler/0.9; +https://babbar.tech/crawler)"
154.54.249.218 - - [15/Apr/2025:13:59:54 -0400] "GET /stepping-into-style-the-art-of-custom-socks-manufacturing/feed/ HTTP/1.1" 200 432 "-" "Mozilla/5.0 (compatible; Barkrowler/0.9; +https://babbar.tech/crawler)"
217.113.194.236 - - [15/Apr/2025:14:00:24 -0400] "GET /stepping-into-style-the-art-of-custom-socks-manufacturing/ HTTP/1.1" 200 18667 "-" "Mozilla/5.0 (compatible; Barkrowler/0.9; +https://babbar.tech/crawler)"
47.79.205.28 - - [15/Apr/2025:14:00:36 -0400] "GET / HTTP/1.1" 200 78396 "https://www.google.com/" "Mozilla/5.0 (Windows NT 10.0; Win64; x64) AppleWebKit/537.36 (KHTML, like Gecko) Chrome/132.0.0.0 Safari/537.36"
217.113.194.237 - - [15/Apr/2025:14:00:49 -0400] "GET /stepping-up-your-style-with-custom-360-printed-socks/feed/ HTTP/1.1" 200 427 "-" "Mozilla/5.0 (compatible; Barkrowler/0.9; +https://babbar.tech/crawler)"
217.113.194.232 - - [15/Apr/2025:14:01:16 -0400] "GET /craft-your-dream-wedding-invitations-with-diy-digital-designs/feed/ HTTP/1.1" 200 440 "-" "Mozilla/5.0 (compatible; Barkrowler/0.9; +https://babbar.tech/crawler)"
217.113.194.233 - - [15/Apr/2025:14:01:38 -0400] "GET /craft-your-dream-wedding-invitations-with-diy-digital-designs/ HTTP/1.1" 200 18165 "-" "Mozilla/5.0 (compatible; Barkrowler/0.9; +https://babbar.tech/crawler)"
217.113.194.237 - - [15/Apr/2025:14:02:08 -0400] "GET /zugang-zu-psychischer-gesundheit-von-uberall/ HTTP/1.1" 200 17917 "-" "Mozilla/5.0 (compatible; Barkrowler/0.9; +https://babbar.tech/crawler)"
154.54.249.218 - - [15/Apr/2025:14:02:32 -0400] "GET /starting-your-journey-to-muscle-building-a-beginners-guide/ HTTP/1.1" 200 18318 "-" "Mozilla/5.0 (compatible; Barkrowler/0.9; +https://babbar.tech/crawler)"
217.113.194.240 - - [15/Apr/2025:14:02:50 -0400] "GET /fenbendazole-222mg-capsules-for-humans/ HTTP/1.1" 200 17288 "-" "Mozilla/5.0 (compatible; Barkrowler/0.9; +https://babbar.tech/crawler)"
217.113.194.236 - - [15/Apr/2025:14:03:22 -0400] "GET /fenbendazole-222mg-capsules-for-humans/feed/ HTTP/1.1" 200 396 "-" "Mozilla/5.0 (compatible; Barkrowler/0.9; +https://babbar.tech/crawler)"
91.84.98.204 - - [15/Apr/2025:14:03:44 -0400] "GET /why-composite-doors-are-perfect-for-homes-across-south-wales/ HTTP/1.1" 200 18298 "-" "Mozilla/5.0 (Windows NT 10.0; Win64; x64; rv:114.0) Gecko/20100101 Firefox/114.0"
217.113.194.234 - - [15/Apr/2025:14:03:43 -0400] "GET /easy-way-to-change-multiple-ads-on-your-google-adwords-campaign/ HTTP/1.1" 200 19527 "-" "Mozilla/5.0 (compatible; Barkrowler/0.9; +https://babbar.tech/crawler)"
217.113.194.232 - - [15/Apr/2025:14:04:07 -0400] "GET /elegance-preserved-the-art-of-nettoyer-largenterie/feed/ HTTP/1.1" 200 432 "-" "Mozilla/5.0 (compatible; Barkrowler/0.9; +https://babbar.tech/crawler)"
217.113.194.238 - - [15/Apr/2025:14:04:30 -0400] "GET /elegance-et-securite-decouvrez-le-tour-de-lit-pare-choc/feed/ HTTP/1.1" 200 445 "-" "Mozilla/5.0 (compatible; Barkrowler/0.9; +https://babbar.tech/crawler)"
217.113.194.234 - - [15/Apr/2025:14:04:52 -0400] "GET /elegance-et-securite-decouvrez-le-tour-de-lit-pare-choc/ HTTP/1.1" 200 18449 "-" "Mozilla/5.0 (compatible; Barkrowler/0.9; +https://babbar.tech/crawler)"
217.113.194.236 - - [15/Apr/2025:14:05:20 -0400] "GET /meyer-blue-the-subtle-majesty-of-natures-hue/ HTTP/1.1" 200 17964 "-" "Mozilla/5.0 (compatible; Barkrowler/0.9; +https://babbar.tech/crawler)"
217.113.194.232 - - [15/Apr/2025:14:05:45 -0400] "GET /finding-the-best-rehab-center-things-to-keep-in-mind/feed/ HTTP/1.1" 200 440 "-" "Mozilla/5.0 (compatible; Barkrowler/0.9; +https://babbar.tech/crawler)"
217.113.194.241 - - [15/Apr/2025:14:06:07 -0400] "GET /the-lakegarden-residences-at-jurong-lake-gardens/ HTTP/1.1" 200 18229 "-" "Mozilla/5.0 (compatible; Barkrowler/0.9; +https://babbar.tech/crawler)"
47.128.121.7 - - [15/Apr/2025:14:06:14 -0400] "GET /navigating-the-realm-of-instagram-followers/ HTTP/1.1" 200 17973 "-" "Mozilla/5.0 (Linux; Android 5.0) AppleWebKit/537.36 (KHTML, like Gecko) Mobile Safari/537.36 (compatible; TikTokSpider; ttspider-feedback@tiktok.com)"
217.113.194.232 - - [15/Apr/2025:14:06:29 -0400] "GET /the-lakegarden-residences-at-jurong-lake-gardens/feed/ HTTP/1.1" 200 412 "-" "Mozilla/5.0 (compatible; Barkrowler/0.9; +https://babbar.tech/crawler)"
198.54.114.83 - - [15/Apr/2025:14:06:35 -0400] "POST /wp-cron.php?doing_wp_cron=1744740390.0263409614562988281250 HTTP/1.1" 200 0 "-" "WordPress/6.7.2; https://creative-webstyle.com"
217.113.194.239 - - [15/Apr/2025:14:06:52 -0400] "GET /come-organizzare-un-matrimonio-sul-lago-di-garda/feed/ HTTP/1.1" 200 418 "-" "Mozilla/5.0 (compatible; Barkrowler/0.9; +https://babbar.tech/crawler)"
217.113.194.234 - - [15/Apr/2025:14:07:12 -0400] "GET /virus-in-nc-casino-triggers-spike-in-online-gambling/feed/ HTTP/1.1" 200 423 "-" "Mozilla/5.0 (compatible; Barkrowler/0.9; +https://babbar.tech/crawler)"
217.113.194.240 - - [15/Apr/2025:14:07:32 -0400] "GET /hanoi-massage-a-blissful-journey-to-tranquility/ HTTP/1.1" 200 19005 "-" "Mozilla/5.0 (compatible; Barkrowler/0.9; +https://babbar.tech/crawler)"
198.54.114.83 - - [15/Apr/2025:14:07:35 -0400] "POST /wp-cron.php?doing_wp_cron=1744740452.4809610843658447265625 HTTP/1.1" 200 0 "-" "WordPress/6.7.2; https://creative-webstyle.com"
154.54.249.218 - - [15/Apr/2025:14:07:53 -0400] "GET /how-to-start-a-business-providing-boat-detailing-services/feed/ HTTP/1.1" 200 422 "-" "Mozilla/5.0 (compatible; Barkrowler/0.9; +https://babbar.tech/crawler)"
154.54.249.218 - - [15/Apr/2025:14:08:11 -0400] "GET /the-ultimate-guide-to-how-to-get-a-small-business-loan-for-women/feed/ HTTP/1.1" 200 436 "-" "Mozilla/5.0 (compatible; Barkrowler/0.9; +https://babbar.tech/crawler)"
217.113.194.236 - - [15/Apr/2025:14:08:31 -0400] "GET /applied-behavior-analysis-aba-therapy-for-kids-in-dubai/feed/ HTTP/1.1" 200 437 "-" "Mozilla/5.0 (compatible; Barkrowler/0.9; +https://babbar.tech/crawler)"
217.113.194.238 - - [15/Apr/2025:14:08:51 -0400] "GET /the-main-goals-a-financial-plan-should-accomplish/feed/ HTTP/1.1" 200 425 "-" "Mozilla/5.0 (compatible; Barkrowler/0.9; +https://babbar.tech/crawler)"
198.54.114.83 - - [15/Apr/2025:14:08:56 -0400] "POST /wp-cron.php?doing_wp_cron=1744740532.3341140747070312500000 HTTP/1.1" 200 0 "-" "WordPress/6.7.2; https://creative-webstyle.com"
217.113.194.234 - - [15/Apr/2025:14:09:12 -0400] "GET /why-its-important-to-choose-the-right-property-management-company/ HTTP/1.1" 200 18135 "-" "Mozilla/5.0 (compatible; Barkrowler/0.9; +https://babbar.tech/crawler)"
124.156.119.193 - - [15/Apr/2025:14:09:24 -0400] "GET /hiring-a-divorce-lawyer-in-nahariya/ HTTP/1.1" 200 17995 "-" "Python/3.10 aiohttp/3.10.5"
217.113.194.241 - - [15/Apr/2025:14:09:36 -0400] "GET /why-buy-premium-domainsthe-value-of-premium-domains/feed/ HTTP/1.1" 200 411 "-" "Mozilla/5.0 (compatible; Barkrowler/0.9; +https://babbar.tech/crawler)"
217.113.194.233 - - [15/Apr/2025:14:09:57 -0400] "GET /effektive-haushaltsauflosungen-in-luneburg/ HTTP/1.1" 200 18312 "-" "Mozilla/5.0 (compatible; Barkrowler/0.9; +https://babbar.tech/crawler)"
198.54.114.83 - - [15/Apr/2025:14:10:04 -0400] "POST /wp-cron.php?doing_wp_cron=1744740597.7350840568542480468750 HTTP/1.1" 200 0 "-" "WordPress/6.7.2; https://creative-webstyle.com"
154.54.249.218 - - [15/Apr/2025:14:10:20 -0400] "GET /important-tips-for-making-your-mp4-player-foolproof/ HTTP/1.1" 200 18599 "-" "Mozilla/5.0 (compatible; Barkrowler/0.9; +https://babbar.tech/crawler)"
217.113.194.235 - - [15/Apr/2025:14:10:42 -0400] "GET /lelegance-historique-de-lenseigne-quai-du-mont-blanc/feed/ HTTP/1.1" 200 442 "-" "Mozilla/5.0 (compatible; Barkrowler/0.9; +https://babbar.tech/crawler)"
154.54.249.218 - - [15/Apr/2025:14:11:03 -0400] "GET /rechtsanwalt-die-verteidiger-der-gerechtigkeit/ HTTP/1.1" 200 17913 "-" "Mozilla/5.0 (compatible; Barkrowler/0.9; +https://babbar.tech/crawler)"
198.54.114.83 - - [15/Apr/2025:14:11:08 -0400] "POST /wp-cron.php?doing_wp_cron=1744740663.8433969020843505859375 HTTP/1.1" 200 0 "-" "WordPress/6.7.2; https://creative-webstyle.com"
217.113.194.241 - - [15/Apr/2025:14:11:25 -0400] "GET /breaking-the-ice-fun-and-engaging-ice-breaker-questions-for-kids/ HTTP/1.1" 200 17930 "-" "Mozilla/5.0 (compatible; Barkrowler/0.9; +https://babbar.tech/crawler)"
31.171.152.109 - - [15/Apr/2025:14:11:47 -0400] "GET /category/sign-up/ HTTP/1.1" 200 14519 "https://creative-webstyle.com/category/sign-up/" "Mozilla/5.0 (Windows NT 10.0; Win64; x64) AppleWebKit/537.36 (KHTML, like Gecko) Chrome/131.0.0.0 Safari/537.36 Avast/131.0.0.0"
217.113.194.236 - - [15/Apr/2025:14:11:48 -0400] "GET /choosing-a-disaster-recovery-as-a-service-draas-solution/ HTTP/1.1" 200 18374 "-" "Mozilla/5.0 (compatible; Barkrowler/0.9; +https://babbar.tech/crawler)"
217.113.194.254 - - [15/Apr/2025:14:12:11 -0400] "GET /maximizing-space-smart-bathroom-renovations-for-small-spaces/feed/ HTTP/1.1" 200 428 "-" "Mozilla/5.0 (compatible; Barkrowler/0.9; +https://babbar.tech/crawler)"
198.54.114.83 - - [15/Apr/2025:14:12:17 -0400] "POST /wp-cron.php?doing_wp_cron=1744740732.2105460166931152343750 HTTP/1.1" 200 0 "-" "WordPress/6.7.2; https://creative-webstyle.com"
154.54.249.218 - - [15/Apr/2025:14:12:31 -0400] "GET /decoding-youtube-subscribers-building-a-loyal-audience/ HTTP/1.1" 200 18407 "-" "Mozilla/5.0 (compatible; Barkrowler/0.9; +https://babbar.tech/crawler)"
217.113.194.254 - - [15/Apr/2025:14:12:51 -0400] "GET /decoding-youtube-subscribers-building-a-loyal-audience/feed/ HTTP/1.1" 200 434 "-" "Mozilla/5.0 (compatible; Barkrowler/0.9; +https://babbar.tech/crawler)"
217.113.194.240 - - [15/Apr/2025:14:13:10 -0400] "GET /einzigartige-schonheit-moderne-hangelampen/feed/ HTTP/1.1" 200 416 "-" "Mozilla/5.0 (compatible; Barkrowler/0.9; +https://babbar.tech/crawler)"
119.28.2.109 - - [15/Apr/2025:14:13:27 -0400] "GET /home-insulation-is-yours-energy-efficient/ HTTP/1.1" 200 18275 "-" "Python/3.10 aiohttp/3.10.5"
217.113.194.236 - - [15/Apr/2025:14:13:29 -0400] "GET /5-usi-per-bottiglie-dacqua-personalizzate/feed/ HTTP/1.1" 200 413 "-" "Mozilla/5.0 (compatible; Barkrowler/0.9; +https://babbar.tech/crawler)"
198.54.114.83 - - [15/Apr/2025:14:13:32 -0400] "POST /wp-cron.php?doing_wp_cron=1744740810.3318519592285156250000 HTTP/1.1" 200 0 "-" "WordPress/6.7.2; https://creative-webstyle.com"
217.113.194.238 - - [15/Apr/2025:14:13:50 -0400] "GET /online-gambling-during-the-global-financial-crisis-a-positive-view/ HTTP/1.1" 200 18559 "-" "Mozilla/5.0 (compatible; Barkrowler/0.9; +https://babbar.tech/crawler)"
217.113.194.234 - - [15/Apr/2025:14:14:11 -0400] "GET /lheritage-durable-explorer-limportance-de-la-permanence-dentaire/ HTTP/1.1" 200 18735 "-" "Mozilla/5.0 (compatible; Barkrowler/0.9; +https://babbar.tech/crawler)"
151.106.191.239 - - [15/Apr/2025:14:14:12 -0400] "GET /images/volantini/flyer-templates_01.jpg HTTP/1.1" 404 12642 "-" "Mozilla/5.0 (X11; Ubuntu; Linux x86_64; rv:72.0) Gecko/20100101 Firefox/72.0"
151.106.191.239 - - [15/Apr/2025:14:14:16 -0400] "GET /images/volantini/flyer-templates_01.jpg HTTP/1.1" 404 12642 "-" "Mozilla/5.0 (X11; Ubuntu; Linux x86_64; rv:72.0) Gecko/20100101 Firefox/72.0"
151.106.191.239 - - [15/Apr/2025:14:14:19 -0400] "GET /images/volantini/flyer-templates_01.jpg HTTP/1.1" 404 12642 "-" "Mozilla/5.0 (X11; Ubuntu; Linux x86_64; rv:72.0) Gecko/20100101 Firefox/72.0"
217.113.194.235 - - [15/Apr/2025:14:14:30 -0400] "GET /straightening-up-effective-solutions-for-forward-head-posture/ HTTP/1.1" 200 18068 "-" "Mozilla/5.0 (compatible; Barkrowler/0.9; +https://babbar.tech/crawler)"
198.54.114.83 - - [15/Apr/2025:14:14:33 -0400] "POST /wp-cron.php?doing_wp_cron=1744740870.9814701080322265625000 HTTP/1.1" 200 0 "-" "WordPress/6.7.2; https://creative-webstyle.com"
154.54.249.218 - - [15/Apr/2025:14:14:50 -0400] "GET /straightening-up-effective-solutions-for-forward-head-posture/feed/ HTTP/1.1" 200 429 "-" "Mozilla/5.0 (compatible; Barkrowler/0.9; +https://babbar.tech/crawler)"
217.113.194.240 - - [15/Apr/2025:14:15:10 -0400] "GET /adult-adhd-natural-treatments-vs-prescription-drugs/feed/ HTTP/1.1" 200 419 "-" "Mozilla/5.0 (compatible; Barkrowler/0.9; +https://babbar.tech/crawler)"
217.113.194.235 - - [15/Apr/2025:14:15:31 -0400] "GET /northern-pharma-revolutionizing-the-pharmaceutical-industry/feed/ HTTP/1.1" 200 417 "-" "Mozilla/5.0 (compatible; Barkrowler/0.9; +https://babbar.tech/crawler)"
198.54.114.83 - - [15/Apr/2025:14:15:37 -0400] "POST /wp-cron.php?doing_wp_cron=1744740932.4301130771636962890625 HTTP/1.1" 200 0 "-" "WordPress/6.7.2; https://creative-webstyle.com"
217.113.194.232 - - [15/Apr/2025:14:15:52 -0400] "GET /does-a-cancer-treatment-with-fenbendazole-really-work/ HTTP/1.1" 200 18370 "-" "Mozilla/5.0 (compatible; Barkrowler/0.9; +https://babbar.tech/crawler)"
217.113.194.238 - - [15/Apr/2025:14:16:11 -0400] "GET /vita-glow-cream-unveiling-radiant-skin-through-innovation/ HTTP/1.1" 200 18386 "-" "Mozilla/5.0 (compatible; Barkrowler/0.9; +https://babbar.tech/crawler)"
217.113.194.232 - - [15/Apr/2025:14:16:31 -0400] "GET /3-reasons-why-you-should-not-plagiarize-quality-articles/ HTTP/1.1" 200 18735 "-" "Mozilla/5.0 (compatible; Barkrowler/0.9; +https://babbar.tech/crawler)"
217.113.194.254 - - [15/Apr/2025:14:16:51 -0400] "GET /3-reasons-why-you-should-not-plagiarize-quality-articles/feed/ HTTP/1.1" 200 431 "-" "Mozilla/5.0 (compatible; Barkrowler/0.9; +https://babbar.tech/crawler)"
198.54.114.83 - - [15/Apr/2025:14:16:57 -0400] "POST /wp-cron.php?doing_wp_cron=1744741012.3002281188964843750000 HTTP/1.1" 200 0 "-" "WordPress/6.7.2; https://creative-webstyle.com"
217.113.194.234 - - [15/Apr/2025:14:17:14 -0400] "GET /creating-comfort-the-essential-guide-to-hotel-room-furniture/feed/ HTTP/1.1" 200 438 "-" "Mozilla/5.0 (compatible; Barkrowler/0.9; +https://babbar.tech/crawler)"
217.113.194.240 - - [15/Apr/2025:14:17:38 -0400] "GET /zuverlassige-umzugsfirma-in-luneburg/feed/ HTTP/1.1" 200 412 "-" "Mozilla/5.0 (compatible; Barkrowler/0.9; +https://babbar.tech/crawler)"
217.113.194.254 - - [15/Apr/2025:14:18:03 -0400] "GET /the-strategic-guide-to-purchasing-tiktok-followers/ HTTP/1.1" 200 17530 "-" "Mozilla/5.0 (compatible; Barkrowler/0.9; +https://babbar.tech/crawler)"
217.113.194.233 - - [15/Apr/2025:14:18:27 -0400] "GET /the-strategic-guide-to-purchasing-tiktok-followers/feed/ HTTP/1.1" 200 418 "-" "Mozilla/5.0 (compatible; Barkrowler/0.9; +https://babbar.tech/crawler)"
154.54.249.218 - - [15/Apr/2025:14:18:48 -0400] "GET /the-craftsmanship-of-bespoke-suits-a-timeless-elegance/feed/ HTTP/1.1" 200 427 "-" "Mozilla/5.0 (compatible; Barkrowler/0.9; +https://babbar.tech/crawler)"
217.113.194.240 - - [15/Apr/2025:14:19:09 -0400] "GET /the-craftsmanship-of-bespoke-suits-a-timeless-elegance/ HTTP/1.1" 200 18075 "-" "Mozilla/5.0 (compatible; Barkrowler/0.9; +https://babbar.tech/crawler)"
