217.113.194.233 - - [15/Apr/2025:07:20:54 -0400] "GET /the-essential-guide-to-breast-pumps/feed/ HTTP/1.1" 200 396 "-" "Mozilla/5.0 (compatible; Barkrowler/0.9; +https://babbar.tech/crawler)"
198.54.114.83 - - [15/Apr/2025:07:21:01 -0400] "POST /wp-admin/admin-ajax.php?action=async_litespeed&nonce=NTV37BPe5g8jfIW8huS65ZrgI4LtnZV1&litespeed_type=imgoptm HTTP/1.1" 200 0 "-" "WordPress/6.7.2; https://creative-webstyle.com"
217.113.194.239 - - [15/Apr/2025:07:21:11 -0400] "GET /the-evolution-and-appeal-of-online-casinos-2/ HTTP/1.1" 200 18152 "-" "Mozilla/5.0 (compatible; Barkrowler/0.9; +https://babbar.tech/crawler)"
217.113.194.235 - - [15/Apr/2025:07:21:30 -0400] "GET /the-evolution-and-appeal-of-online-casinos/feed/ HTTP/1.1" 200 406 "-" "Mozilla/5.0 (compatible; Barkrowler/0.9; +https://babbar.tech/crawler)"
154.54.249.218 - - [15/Apr/2025:07:21:48 -0400] "GET /the-evolution-and-impact-of-online-casinos/feed/ HTTP/1.1" 200 409 "-" "Mozilla/5.0 (compatible; Barkrowler/0.9; +https://babbar.tech/crawler)"
198.54.114.83 - - [15/Apr/2025:07:22:07 -0400] "POST /wp-cron.php?doing_wp_cron=1744716126.3949270248413085937500 HTTP/1.1" 200 0 "-" "WordPress/6.7.2; https://creative-webstyle.com"
217.113.194.254 - - [15/Apr/2025:07:22:05 -0400] "GET /the-timeless-allure-of-designer-handbags/feed/ HTTP/1.1" 200 425 "-" "Mozilla/5.0 (compatible; Barkrowler/0.9; +https://babbar.tech/crawler)"
198.54.114.83 - - [15/Apr/2025:07:22:14 -0400] "POST /wp-admin/admin-ajax.php?action=async_litespeed&nonce=LTelIoNsstBP8dKIz8ZPICLGP3jwUp2c&litespeed_type=imgoptm HTTP/1.1" 200 0 "-" "WordPress/6.7.2; https://creative-webstyle.com"
217.113.194.236 - - [15/Apr/2025:07:22:24 -0400] "GET /the-iconic-appeal-of-ray-ban-frames/feed/ HTTP/1.1" 200 407 "-" "Mozilla/5.0 (compatible; Barkrowler/0.9; +https://babbar.tech/crawler)"
217.113.194.233 - - [15/Apr/2025:07:22:42 -0400] "GET /the-forthcoming-ps4s-added-features/ HTTP/1.1" 200 18361 "-" "Mozilla/5.0 (compatible; Barkrowler/0.9; +https://babbar.tech/crawler)"
198.54.114.83 - - [15/Apr/2025:07:23:03 -0400] "POST /wp-cron.php?doing_wp_cron=1744716183.0931019783020019531250 HTTP/1.1" 200 0 "-" "WordPress/6.7.2; https://creative-webstyle.com"
217.113.194.235 - - [15/Apr/2025:07:23:02 -0400] "GET /the-thriving-world-of-online-casinos-2/ HTTP/1.1" 200 18041 "-" "Mozilla/5.0 (compatible; Barkrowler/0.9; +https://babbar.tech/crawler)"
198.54.114.83 - - [15/Apr/2025:07:23:09 -0400] "POST /wp-admin/admin-ajax.php?action=async_litespeed&nonce=CU3FTiuZD678Vt0voKuC4wziZHuxzpxp&litespeed_type=imgoptm HTTP/1.1" 200 0 "-" "WordPress/6.7.2; https://creative-webstyle.com"
217.113.194.240 - - [15/Apr/2025:07:23:21 -0400] "GET /the-thriving-world-of-online-casinos/feed/ HTTP/1.1" 200 400 "-" "Mozilla/5.0 (compatible; Barkrowler/0.9; +https://babbar.tech/crawler)"
217.113.194.241 - - [15/Apr/2025:07:23:37 -0400] "GET /the-thrilling-world-of-poker-casinos/feed/ HTTP/1.1" 200 406 "-" "Mozilla/5.0 (compatible; Barkrowler/0.9; +https://babbar.tech/crawler)"
198.54.114.83 - - [15/Apr/2025:07:23:57 -0400] "POST /wp-cron.php?doing_wp_cron=1744716236.9297199249267578125000 HTTP/1.1" 200 0 "-" "WordPress/6.7.2; https://creative-webstyle.com"
217.113.194.254 - - [15/Apr/2025:07:23:56 -0400] "GET /what-is-a-blockchain-how-does-it-work/ HTTP/1.1" 200 18531 "-" "Mozilla/5.0 (compatible; Barkrowler/0.9; +https://babbar.tech/crawler)"
198.54.114.83 - - [15/Apr/2025:07:24:04 -0400] "POST /wp-admin/admin-ajax.php?action=async_litespeed&nonce=rsJi8wjy3w8IwJhW8fNKa8I6MRr7NNln&litespeed_type=imgoptm HTTP/1.1" 200 0 "-" "WordPress/6.7.2; https://creative-webstyle.com"
5.35.69.6 - - [15/Apr/2025:07:24:12 -0400] "GET / HTTP/1.1" 200 78396 "-" "Mozilla/5.0 (Macintosh; Intel Mac OS X 10_15_7) AppleWebKit/537.36 (KHTML, like Gecko) Chrome/133.0.0.0 Safari/537.36"
217.113.194.240 - - [15/Apr/2025:07:24:15 -0400] "GET /what-is-a-blockchain-how-does-it-work/feed/ HTTP/1.1" 200 407 "-" "Mozilla/5.0 (compatible; Barkrowler/0.9; +https://babbar.tech/crawler)"
217.113.194.233 - - [15/Apr/2025:07:24:32 -0400] "GET /what-is-a-baked-bar-vape-pen/feed/ HTTP/1.1" 200 398 "-" "Mozilla/5.0 (compatible; Barkrowler/0.9; +https://babbar.tech/crawler)"
5.35.69.6 - - [15/Apr/2025:07:24:48 -0400] "GET /shop-motorcycle-exterior-accessories/ HTTP/1.1" 404 12637 "-" "Mozilla/5.0 (Macintosh; Intel Mac OS X 10_15_7) AppleWebKit/537.36 (KHTML, like Gecko) Chrome/133.0.0.0 Safari/537.36"
198.54.114.83 - - [15/Apr/2025:07:24:49 -0400] "POST /wp-cron.php?doing_wp_cron=1744716289.0166270732879638671875 HTTP/1.1" 200 0 "-" "WordPress/6.7.2; https://creative-webstyle.com"
217.113.194.254 - - [15/Apr/2025:07:24:48 -0400] "GET /strategies-for-skyrocketing-subscriber-count/feed/ HTTP/1.1" 200 409 "-" "Mozilla/5.0 (compatible; Barkrowler/0.9; +https://babbar.tech/crawler)"
5.35.69.6 - - [15/Apr/2025:07:24:50 -0400] "GET /shop-motorcycle-exterior-accessories/?page=2 HTTP/1.1" 404 12645 "-" "Mozilla/5.0 (Macintosh; Intel Mac OS X 10_15_7) AppleWebKit/537.36 (KHTML, like Gecko) Chrome/133.0.0.0 Safari/537.36"
217.113.194.234 - - [15/Apr/2025:07:25:07 -0400] "GET /wo-man-lampen-online-kaufen-kann/feed/ HTTP/1.1" 200 398 "-" "Mozilla/5.0 (compatible; Barkrowler/0.9; +https://babbar.tech/crawler)"
198.54.114.83 - - [15/Apr/2025:07:25:09 -0400] "POST /wp-cron.php?doing_wp_cron=1744716307.9997789859771728515625 HTTP/1.1" 200 0 "-" "WordPress/6.7.2; https://creative-webstyle.com"
217.113.194.241 - - [15/Apr/2025:07:25:25 -0400] "GET /a-modern-frontier-of-entertainment/feed/ HTTP/1.1" 200 390 "-" "Mozilla/5.0 (compatible; Barkrowler/0.9; +https://babbar.tech/crawler)"
217.113.194.240 - - [15/Apr/2025:07:25:43 -0400] "GET /cherishing-memories-custom-pet-portraits/ HTTP/1.1" 200 17767 "-" "Mozilla/5.0 (compatible; Barkrowler/0.9; +https://babbar.tech/crawler)"
217.113.194.254 - - [15/Apr/2025:07:26:02 -0400] "GET /cherishing-memories-custom-pet-portraits/feed/ HTTP/1.1" 200 406 "-" "Mozilla/5.0 (compatible; Barkrowler/0.9; +https://babbar.tech/crawler)"
198.54.114.83 - - [15/Apr/2025:07:26:22 -0400] "POST /wp-cron.php?doing_wp_cron=1744716380.3273420333862304687500 HTTP/1.1" 200 0 "-" "WordPress/6.7.2; https://creative-webstyle.com"
217.113.194.239 - - [15/Apr/2025:07:26:19 -0400] "GET /location-matrimoni-lago-di-garda/ HTTP/1.1" 200 17333 "-" "Mozilla/5.0 (compatible; Barkrowler/0.9; +https://babbar.tech/crawler)"
217.113.194.235 - - [15/Apr/2025:07:26:39 -0400] "GET /location-matrimoni-lago-di-garda/feed/ HTTP/1.1" 200 394 "-" "Mozilla/5.0 (compatible; Barkrowler/0.9; +https://babbar.tech/crawler)"
217.113.194.233 - - [15/Apr/2025:07:26:57 -0400] "GET /quest-ce-quune-pantoufle-pour-chat/ HTTP/1.1" 200 18190 "-" "Mozilla/5.0 (compatible; Barkrowler/0.9; +https://babbar.tech/crawler)"
217.113.194.241 - - [15/Apr/2025:07:27:17 -0400] "GET /premium-sarms-in-canada-quality-and-benefits/ HTTP/1.1" 200 18290 "-" "Mozilla/5.0 (compatible; Barkrowler/0.9; +https://babbar.tech/crawler)"
198.54.114.83 - - [15/Apr/2025:07:27:36 -0400] "POST /wp-cron.php?doing_wp_cron=1744716455.7270500659942626953125 HTTP/1.1" 200 0 "-" "WordPress/6.7.2; https://creative-webstyle.com"
217.113.194.237 - - [15/Apr/2025:07:27:35 -0400] "GET /wellnesshotels-am-gardasee-luxus/feed/ HTTP/1.1" 200 392 "-" "Mozilla/5.0 (compatible; Barkrowler/0.9; +https://babbar.tech/crawler)"
217.113.194.233 - - [15/Apr/2025:07:27:53 -0400] "GET /reusable-iced-coffee-cup/feed/ HTTP/1.1" 200 385 "-" "Mozilla/5.0 (compatible; Barkrowler/0.9; +https://babbar.tech/crawler)"
217.113.194.238 - - [15/Apr/2025:07:28:09 -0400] "GET /hamburg-fur-ihre-bedurfnisse/ HTTP/1.1" 200 18300 "-" "Mozilla/5.0 (compatible; Barkrowler/0.9; +https://babbar.tech/crawler)"
154.54.249.218 - - [15/Apr/2025:07:28:27 -0400] "GET /die-macht-der-mentalen-starke/feed/ HTTP/1.1" 200 403 "-" "Mozilla/5.0 (compatible; Barkrowler/0.9; +https://babbar.tech/crawler)"
198.54.114.83 - - [15/Apr/2025:07:28:45 -0400] "POST /wp-cron.php?doing_wp_cron=1744716524.8212749958038330078125 HTTP/1.1" 200 0 "-" "WordPress/6.7.2; https://creative-webstyle.com"
217.113.194.238 - - [15/Apr/2025:07:28:44 -0400] "GET /the-benefits-of-vitamin-d-milk/feed/ HTTP/1.1" 200 396 "-" "Mozilla/5.0 (compatible; Barkrowler/0.9; +https://babbar.tech/crawler)"
198.54.114.83 - - [15/Apr/2025:07:28:46 -0400] "POST /wp-admin/admin-ajax.php?action=async_litespeed&nonce=tzavIyjyyu3E9sN6jDedOxgboFnZJ9PY&litespeed_type=imgoptm HTTP/1.1" 200 0 "-" "WordPress/6.7.2; https://creative-webstyle.com"
198.54.114.83 - - [15/Apr/2025:07:29:03 -0400] "POST /wp-cron.php?doing_wp_cron=1744716542.6889359951019287109375 HTTP/1.1" 200 0 "-" "WordPress/6.7.2; https://creative-webstyle.com"
217.113.194.233 - - [15/Apr/2025:07:29:02 -0400] "GET /smart-strategies-to-save-money-on-tires/ HTTP/1.1" 200 17938 "-" "Mozilla/5.0 (compatible; Barkrowler/0.9; +https://babbar.tech/crawler)"
198.54.114.83 - - [15/Apr/2025:07:29:09 -0400] "POST /wp-admin/admin-ajax.php?action=async_litespeed&nonce=LGBLbm0S2DotHPMySW222TbGAig6p6Pq&litespeed_type=imgoptm HTTP/1.1" 200 0 "-" "WordPress/6.7.2; https://creative-webstyle.com"
217.113.194.234 - - [15/Apr/2025:07:29:20 -0400] "GET /alternatives-to-free-file-upload/feed/ HTTP/1.1" 200 389 "-" "Mozilla/5.0 (compatible; Barkrowler/0.9; +https://babbar.tech/crawler)"
217.113.194.234 - - [15/Apr/2025:07:29:38 -0400] "GET /a-celebration-of-freedom-and-community/feed/ HTTP/1.1" 200 395 "-" "Mozilla/5.0 (compatible; Barkrowler/0.9; +https://babbar.tech/crawler)"
198.54.114.83 - - [15/Apr/2025:07:29:57 -0400] "POST /wp-cron.php?doing_wp_cron=1744716596.5386281013488769531250 HTTP/1.1" 200 0 "-" "WordPress/6.7.2; https://creative-webstyle.com"
217.113.194.254 - - [15/Apr/2025:07:29:56 -0400] "GET /ambulance-american-medical-response-billing/ HTTP/1.1" 200 18395 "-" "Mozilla/5.0 (compatible; Barkrowler/0.9; +https://babbar.tech/crawler)"
198.54.114.83 - - [15/Apr/2025:07:30:03 -0400] "POST /wp-admin/admin-ajax.php?action=async_litespeed&nonce=BIHiAcrOydgWYAGQcuY5V37rS0DNAPN8&litespeed_type=imgoptm HTTP/1.1" 200 0 "-" "WordPress/6.7.2; https://creative-webstyle.com"
217.113.194.232 - - [15/Apr/2025:07:30:15 -0400] "GET /what-does-5g-uac-mean-on-iphone/ HTTP/1.1" 200 19835 "-" "Mozilla/5.0 (compatible; Barkrowler/0.9; +https://babbar.tech/crawler)"
217.113.194.235 - - [15/Apr/2025:07:30:32 -0400] "GET /what-does-a-marketing-automation-agency-do/ HTTP/1.1" 200 18277 "-" "Mozilla/5.0 (compatible; Barkrowler/0.9; +https://babbar.tech/crawler)"
198.54.114.83 - - [15/Apr/2025:07:30:51 -0400] "POST /wp-cron.php?doing_wp_cron=1744716650.5229649543762207031250 HTTP/1.1" 200 0 "-" "WordPress/6.7.2; https://creative-webstyle.com"
217.113.194.254 - - [15/Apr/2025:07:30:50 -0400] "GET /what-does-a-marketing-automation-agency-do/feed/ HTTP/1.1" 200 412 "-" "Mozilla/5.0 (compatible; Barkrowler/0.9; +https://babbar.tech/crawler)"
198.54.114.83 - - [15/Apr/2025:07:31:09 -0400] "POST /wp-cron.php?doing_wp_cron=1744716668.8021759986877441406250 HTTP/1.1" 200 0 "-" "WordPress/6.7.2; https://creative-webstyle.com"
217.113.194.232 - - [15/Apr/2025:07:31:08 -0400] "GET /innovative-solutions-for-diverse-industries/feed/ HTTP/1.1" 200 401 "-" "Mozilla/5.0 (compatible; Barkrowler/0.9; +https://babbar.tech/crawler)"
198.54.114.83 - - [15/Apr/2025:07:31:10 -0400] "POST /wp-admin/admin-ajax.php?action=async_litespeed&nonce=lHc7FiGKMGT4gcL8MVyICW2kEwLJgb1G&litespeed_type=imgoptm HTTP/1.1" 200 0 "-" "WordPress/6.7.2; https://creative-webstyle.com"
217.113.194.233 - - [15/Apr/2025:07:31:25 -0400] "GET /cache-level-3-and-early-learning-centres-2/ HTTP/1.1" 200 18036 "-" "Mozilla/5.0 (compatible; Barkrowler/0.9; +https://babbar.tech/crawler)"
217.113.194.240 - - [15/Apr/2025:07:31:43 -0400] "GET /cache-level-3-and-early-learning-centres/feed/ HTTP/1.1" 200 403 "-" "Mozilla/5.0 (compatible; Barkrowler/0.9; +https://babbar.tech/crawler)"
198.54.114.83 - - [15/Apr/2025:07:32:01 -0400] "POST /wp-cron.php?doing_wp_cron=1744716720.9566679000854492187500 HTTP/1.1" 200 0 "-" "WordPress/6.7.2; https://creative-webstyle.com"
217.113.194.233 - - [15/Apr/2025:07:32:00 -0400] "GET /qualifications-to-look-for-in-a-dentist/ HTTP/1.1" 404 12637 "-" "Mozilla/5.0 (compatible; Barkrowler/0.9; +https://babbar.tech/crawler)"
198.54.114.83 - - [15/Apr/2025:07:32:07 -0400] "POST /wp-admin/admin-ajax.php?action=async_litespeed&nonce=ri6asrDWUs27LwgMmlb0PgzkfkLATIBL&litespeed_type=imgoptm HTTP/1.1" 200 0 "-" "WordPress/6.7.2; https://creative-webstyle.com"
217.113.194.238 - - [15/Apr/2025:07:32:18 -0400] "GET /what-we-know-about-used-slot-machines/feed/ HTTP/1.1" 200 408 "-" "Mozilla/5.0 (compatible; Barkrowler/0.9; +https://babbar.tech/crawler)"
217.113.194.234 - - [15/Apr/2025:07:32:36 -0400] "GET /the-art-and-science-of-massage-therapy/feed/ HTTP/1.1" 200 405 "-" "Mozilla/5.0 (compatible; Barkrowler/0.9; +https://babbar.tech/crawler)"
198.54.114.83 - - [15/Apr/2025:07:32:54 -0400] "POST /wp-cron.php?doing_wp_cron=1744716773.7500209808349609375000 HTTP/1.1" 200 0 "-" "WordPress/6.7.2; https://creative-webstyle.com"
154.54.249.218 - - [15/Apr/2025:07:32:53 -0400] "GET /the-art-and-benefits-of-massage-therapy/feed/ HTTP/1.1" 200 408 "-" "Mozilla/5.0 (compatible; Barkrowler/0.9; +https://babbar.tech/crawler)"
198.54.114.83 - - [15/Apr/2025:07:33:00 -0400] "POST /wp-admin/admin-ajax.php?action=async_litespeed&nonce=kHPJItHUaSlnYuYXFRnxAE4daYREmkiL&litespeed_type=imgoptm HTTP/1.1" 200 0 "-" "WordPress/6.7.2; https://creative-webstyle.com"
217.113.194.232 - - [15/Apr/2025:07:33:11 -0400] "GET /revolutionizing-it-infrastructure/feed/ HTTP/1.1" 200 388 "-" "Mozilla/5.0 (compatible; Barkrowler/0.9; +https://babbar.tech/crawler)"
154.54.249.218 - - [15/Apr/2025:07:33:28 -0400] "GET /unlocking-the-power-of-protein-powders/feed/ HTTP/1.1" 200 403 "-" "Mozilla/5.0 (compatible; Barkrowler/0.9; +https://babbar.tech/crawler)"
217.113.194.240 - - [15/Apr/2025:07:33:45 -0400] "GET /unlocking-the-power-of-protein-powders/ HTTP/1.1" 200 18063 "-" "Mozilla/5.0 (compatible; Barkrowler/0.9; +https://babbar.tech/crawler)"
198.54.114.83 - - [15/Apr/2025:07:34:03 -0400] "POST /wp-cron.php?doing_wp_cron=1744716842.8619959354400634765625 HTTP/1.1" 200 0 "-" "WordPress/6.7.2; https://creative-webstyle.com"
217.113.194.240 - - [15/Apr/2025:07:34:02 -0400] "GET /unveiling-the-serenity-of-the-hill-shore/ HTTP/1.1" 200 17933 "-" "Mozilla/5.0 (compatible; Barkrowler/0.9; +https://babbar.tech/crawler)"
198.54.114.83 - - [15/Apr/2025:07:34:09 -0400] "POST /wp-admin/admin-ajax.php?action=async_litespeed&nonce=ghHVtTtYhlv6h5L0ZWor0DuueZQjNouo&litespeed_type=imgoptm HTTP/1.1" 200 0 "-" "WordPress/6.7.2; https://creative-webstyle.com"
217.113.194.241 - - [15/Apr/2025:07:34:21 -0400] "GET /unraveling-the-allure-of-sate-bet/ HTTP/1.1" 200 18036 "-" "Mozilla/5.0 (compatible; Barkrowler/0.9; +https://babbar.tech/crawler)"
47.238.13.12 - - [15/Apr/2025:07:34:43 -0400] "GET /lobjet-scientifique HTTP/1.1" 301 0 "-" "Mozilla/5.0 (Macintosh; Intel Mac OS X 10_15_7) AppleWebKit/537.36 (KHTML, like Gecko) Chrome/109.0.0.0 Safari/537.36"
217.113.194.240 - - [15/Apr/2025:07:34:42 -0400] "GET /top-heroes-in-watcher-of-realms-2/ HTTP/1.1" 200 17841 "-" "Mozilla/5.0 (compatible; Barkrowler/0.9; +https://babbar.tech/crawler)"
47.238.13.12 - - [15/Apr/2025:07:34:46 -0400] "GET /lobjet-scientifique/ HTTP/1.1" 200 18251 "https://creative-webstyle.com/lobjet-scientifique" "Mozilla/5.0 (Macintosh; Intel Mac OS X 10_15_7) AppleWebKit/537.36 (KHTML, like Gecko) Chrome/109.0.0.0 Safari/537.36"
198.54.114.83 - - [15/Apr/2025:07:35:03 -0400] "POST /wp-cron.php?doing_wp_cron=1744716903.2343471050262451171875 HTTP/1.1" 200 0 "-" "WordPress/6.7.2; https://creative-webstyle.com"
217.113.194.241 - - [15/Apr/2025:07:35:02 -0400] "GET /tiktok-buy-likes-and-views/ HTTP/1.1" 200 17255 "-" "Mozilla/5.0 (compatible; Barkrowler/0.9; +https://babbar.tech/crawler)"
198.54.114.83 - - [15/Apr/2025:07:35:10 -0400] "POST /wp-admin/admin-ajax.php?action=async_litespeed&nonce=XWsUphqBuqgZmsSll7m69NkxUsPcjNbM&litespeed_type=imgoptm HTTP/1.1" 200 0 "-" "WordPress/6.7.2; https://creative-webstyle.com"
154.54.249.218 - - [15/Apr/2025:07:35:22 -0400] "GET /dachdecker-hamburg-rahlstedt/ HTTP/1.1" 200 17389 "-" "Mozilla/5.0 (compatible; Barkrowler/0.9; +https://babbar.tech/crawler)"
154.54.249.218 - - [15/Apr/2025:07:35:40 -0400] "GET /real-estate-is-the-best-industry-there-is/ HTTP/1.1" 200 18980 "-" "Mozilla/5.0 (compatible; Barkrowler/0.9; +https://babbar.tech/crawler)"
198.54.114.83 - - [15/Apr/2025:07:35:59 -0400] "POST /wp-cron.php?doing_wp_cron=1744716959.1525499820709228515625 HTTP/1.1" 200 0 "-" "WordPress/6.7.2; https://creative-webstyle.com"
217.113.194.254 - - [15/Apr/2025:07:35:58 -0400] "GET /integrated-led-cylinder-light-fixture/ HTTP/1.1" 200 18347 "-" "Mozilla/5.0 (compatible; Barkrowler/0.9; +https://babbar.tech/crawler)"
198.54.114.83 - - [15/Apr/2025:07:36:05 -0400] "POST /wp-admin/admin-ajax.php?action=async_litespeed&nonce=Qr0YhIKCuAymw32tpy5JTAeEZfFuQXsD&litespeed_type=imgoptm HTTP/1.1" 200 0 "-" "WordPress/6.7.2; https://creative-webstyle.com"
217.113.194.232 - - [15/Apr/2025:07:36:17 -0400] "GET /integrated-led-cylinder-light-fixture/feed/ HTTP/1.1" 200 400 "-" "Mozilla/5.0 (compatible; Barkrowler/0.9; +https://babbar.tech/crawler)"
217.113.194.234 - - [15/Apr/2025:07:36:34 -0400] "GET /flathead-lake-cruises-polson/feed/ HTTP/1.1" 200 386 "-" "Mozilla/5.0 (compatible; Barkrowler/0.9; +https://babbar.tech/crawler)"
198.54.114.83 - - [15/Apr/2025:07:36:53 -0400] "POST /wp-cron.php?doing_wp_cron=1744717012.7973480224609375000000 HTTP/1.1" 200 0 "-" "WordPress/6.7.2; https://creative-webstyle.com"
217.113.194.234 - - [15/Apr/2025:07:36:52 -0400] "GET /understanding-performance-surety-bonds/feed/ HTTP/1.1" 200 397 "-" "Mozilla/5.0 (compatible; Barkrowler/0.9; +https://babbar.tech/crawler)"
198.54.114.83 - - [15/Apr/2025:07:36:59 -0400] "POST /wp-admin/admin-ajax.php?action=async_litespeed&nonce=d8ySm4FGLerVlQDuS9Uj1dzBW1kGzqIC&litespeed_type=imgoptm HTTP/1.1" 200 0 "-" "WordPress/6.7.2; https://creative-webstyle.com"
217.113.194.234 - - [15/Apr/2025:07:37:10 -0400] "GET /understanding-aba-therapy-for-kids-in-dubai/ HTTP/1.1" 200 17803 "-" "Mozilla/5.0 (compatible; Barkrowler/0.9; +https://babbar.tech/crawler)"
217.113.194.234 - - [15/Apr/2025:07:37:38 -0400] "GET /understanding-youtube-seo-fundamentals/feed/ HTTP/1.1" 200 404 "-" "Mozilla/5.0 (compatible; Barkrowler/0.9; +https://babbar.tech/crawler)"
198.54.114.83 - - [15/Apr/2025:07:37:57 -0400] "POST /wp-cron.php?doing_wp_cron=1744717076.8936209678649902343750 HTTP/1.1" 200 0 "-" "WordPress/6.7.2; https://creative-webstyle.com"
217.113.194.236 - - [15/Apr/2025:07:37:56 -0400] "GET /understanding-the-costs-of-montreal-home-care/ HTTP/1.1" 200 18335 "-" "Mozilla/5.0 (compatible; Barkrowler/0.9; +https://babbar.tech/crawler)"
198.54.114.83 - - [15/Apr/2025:07:38:04 -0400] "POST /wp-admin/admin-ajax.php?action=async_litespeed&nonce=NT9AYBN6zSB8DJjyAy1UKWq2wBJL7yNl&litespeed_type=imgoptm HTTP/1.1" 200 0 "-" "WordPress/6.7.2; https://creative-webstyle.com"
217.113.194.235 - - [15/Apr/2025:07:38:15 -0400] "GET /understanding-the-role-of-money-lenders/feed/ HTTP/1.1" 200 411 "-" "Mozilla/5.0 (compatible; Barkrowler/0.9; +https://babbar.tech/crawler)"
217.113.194.233 - - [15/Apr/2025:07:38:32 -0400] "GET /understanding-fda-cosmetic-registration-2/ HTTP/1.1" 200 18005 "-" "Mozilla/5.0 (compatible; Barkrowler/0.9; +https://babbar.tech/crawler)"
198.54.114.83 - - [15/Apr/2025:07:38:50 -0400] "POST /wp-cron.php?doing_wp_cron=1744717130.2856841087341308593750 HTTP/1.1" 200 0 "-" "WordPress/6.7.2; https://creative-webstyle.com"
154.54.249.218 - - [15/Apr/2025:07:38:49 -0400] "GET /understanding-fda-cosmetic-registration/feed/ HTTP/1.1" 200 401 "-" "Mozilla/5.0 (compatible; Barkrowler/0.9; +https://babbar.tech/crawler)"
198.54.114.83 - - [15/Apr/2025:07:39:09 -0400] "POST /wp-cron.php?doing_wp_cron=1744717148.8467080593109130859375 HTTP/1.1" 200 0 "-" "WordPress/6.7.2; https://creative-webstyle.com"
217.113.194.232 - - [15/Apr/2025:07:39:08 -0400] "GET /understanding-iptv-subscriptions/feed/ HTTP/1.1" 200 393 "-" "Mozilla/5.0 (compatible; Barkrowler/0.9; +https://babbar.tech/crawler)"
217.113.194.254 - - [15/Apr/2025:07:39:26 -0400] "GET /understanding-the-youtube-algorithms/feed/ HTTP/1.1" 200 404 "-" "Mozilla/5.0 (compatible; Barkrowler/0.9; +https://babbar.tech/crawler)"
217.113.194.234 - - [15/Apr/2025:07:39:43 -0400] "GET /understanding-classroom-6x-dynamics/ HTTP/1.1" 200 18010 "-" "Mozilla/5.0 (compatible; Barkrowler/0.9; +https://babbar.tech/crawler)"
217.113.194.254 - - [15/Apr/2025:07:40:02 -0400] "GET /shopping-for-a-cup-for-iced-coffee/ HTTP/1.1" 200 18424 "-" "Mozilla/5.0 (compatible; Barkrowler/0.9; +https://babbar.tech/crawler)"
217.113.194.236 - - [15/Apr/2025:07:40:21 -0400] "GET /les-meilleurs-restaurants-de-la-ville-lumiere/feed/ HTTP/1.1" 200 421 "-" "Mozilla/5.0 (compatible; Barkrowler/0.9; +https://babbar.tech/crawler)"
217.113.194.240 - - [15/Apr/2025:07:40:39 -0400] "GET /le-charme-du-toit-en-cuivre/feed/ HTTP/1.1" 200 398 "-" "Mozilla/5.0 (compatible; Barkrowler/0.9; +https://babbar.tech/crawler)"
155.94.240.137 - - [15/Apr/2025:07:40:56 -0400] "GET /bugatti-chiron-for-sale HTTP/1.1" 301 0 "-" "Mozilla/5.0 (Windows NT 10.0; Win64; x64; rv:114.0) Gecko/20100101 Firefox/114.0"
217.113.194.240 - - [15/Apr/2025:07:40:56 -0400] "GET /buy-tiktok-followers-and-likes/ HTTP/1.1" 200 17251 "-" "Mozilla/5.0 (compatible; Barkrowler/0.9; +https://babbar.tech/crawler)"
155.94.240.137 - - [15/Apr/2025:07:40:58 -0400] "GET /bugatti-chiron-for-sale/ HTTP/1.1" 200 18566 "https://creative-webstyle.com/bugatti-chiron-for-sale" "Mozilla/5.0 (Windows NT 10.0; Win64; x64; rv:114.0) Gecko/20100101 Firefox/114.0"
217.113.194.240 - - [15/Apr/2025:07:41:13 -0400] "GET /buy-tiktok-followers-and-likes/feed/ HTTP/1.1" 200 394 "-" "Mozilla/5.0 (compatible; Barkrowler/0.9; +https://babbar.tech/crawler)"
198.54.114.83 - - [15/Apr/2025:07:41:32 -0400] "POST /wp-cron.php?doing_wp_cron=1744717291.5608699321746826171875 HTTP/1.1" 200 0 "-" "WordPress/6.7.2; https://creative-webstyle.com"
217.113.194.235 - - [15/Apr/2025:07:41:30 -0400] "GET /the-pros-and-cons-of-slot-gas-stations/feed/ HTTP/1.1" 200 408 "-" "Mozilla/5.0 (compatible; Barkrowler/0.9; +https://babbar.tech/crawler)"
217.113.194.240 - - [15/Apr/2025:07:41:48 -0400] "GET /mastering-the-art-of-promotional-materials/feed/ HTTP/1.1" 200 410 "-" "Mozilla/5.0 (compatible; Barkrowler/0.9; +https://babbar.tech/crawler)"
217.113.194.235 - - [15/Apr/2025:07:42:05 -0400] "GET /mastering-the-art-of-proper-property-management/ HTTP/1.1" 200 18594 "-" "Mozilla/5.0 (compatible; Barkrowler/0.9; +https://babbar.tech/crawler)"
217.113.194.232 - - [15/Apr/2025:07:42:22 -0400] "GET /une-tradition-ancienne-et-apaisante/ HTTP/1.1" 200 18191 "-" "Mozilla/5.0 (compatible; Barkrowler/0.9; +https://babbar.tech/crawler)"
198.54.114.83 - - [15/Apr/2025:07:42:37 -0400] "POST /wp-admin/admin-ajax.php?action=async_litespeed&nonce=AGvkYD6tssmpWATvaVnPEwCLKjRh6OrF&litespeed_type=imgoptm HTTP/1.1" 200 0 "-" "WordPress/6.7.2; https://creative-webstyle.com"
52.169.202.124 - - [15/Apr/2025:07:42:36 -0400] "GET /wp-admin/about.php HTTP/1.1" 302 0 "-" "-"
52.169.202.124 - - [15/Apr/2025:07:42:38 -0400] "GET /wp-login.php?redirect_to=https%3A%2F%2Fcreative-webstyle.com%2Fwp-admin%2Fabout.php&reauth=1 HTTP/1.1" 200 1701 "-" "-"
217.113.194.254 - - [15/Apr/2025:07:42:40 -0400] "GET /best-vegan-lip-care-for-sensitive-skin/ HTTP/1.1" 200 18351 "-" "Mozilla/5.0 (compatible; Barkrowler/0.9; +https://babbar.tech/crawler)"
198.54.114.83 - - [15/Apr/2025:07:42:59 -0400] "POST /wp-admin/admin-ajax.php?action=async_litespeed&nonce=YI98cexpXdlxF4ePTz3dRogtWmxGazAB&litespeed_type=imgoptm HTTP/1.1" 200 0 "-" "WordPress/6.7.2; https://creative-webstyle.com"
217.113.194.235 - - [15/Apr/2025:07:42:58 -0400] "GET /cbd-in-the-uk-what-you-need-to-know/ HTTP/1.1" 200 18446 "-" "Mozilla/5.0 (compatible; Barkrowler/0.9; +https://babbar.tech/crawler)"
217.113.194.234 - - [15/Apr/2025:07:43:16 -0400] "GET /cultivating-genuine-connections-on-instagram/ HTTP/1.1" 200 18128 "-" "Mozilla/5.0 (compatible; Barkrowler/0.9; +https://babbar.tech/crawler)"
217.113.194.232 - - [15/Apr/2025:07:43:34 -0400] "GET /the-truth-about-buying-youtube-views/feed/ HTTP/1.1" 200 413 "-" "Mozilla/5.0 (compatible; Barkrowler/0.9; +https://babbar.tech/crawler)"
217.113.194.240 - - [15/Apr/2025:07:43:50 -0400] "GET /careprost-eyelash-serum-uk HTTP/1.1" 301 0 "-" "Mozilla/5.0 (compatible; Barkrowler/0.9; +https://babbar.tech/crawler)"
198.54.114.83 - - [15/Apr/2025:07:43:56 -0400] "POST /wp-admin/admin-ajax.php?action=async_litespeed&nonce=rXwC8NU3MraL4IWIJnTScLpSO1D9nrBb&litespeed_type=imgoptm HTTP/1.1" 200 5 "-" "WordPress/6.7.2; https://creative-webstyle.com"
217.113.194.234 - - [15/Apr/2025:07:44:06 -0400] "GET /the-importance-of-the-right-pistol-grip/feed/ HTTP/1.1" 200 412 "-" "Mozilla/5.0 (compatible; Barkrowler/0.9; +https://babbar.tech/crawler)"
217.113.194.234 - - [15/Apr/2025:07:44:24 -0400] "GET /the-importance-of-long-football-socks/ HTTP/1.1" 200 17584 "-" "Mozilla/5.0 (compatible; Barkrowler/0.9; +https://babbar.tech/crawler)"
217.113.194.233 - - [15/Apr/2025:07:44:42 -0400] "GET /the-importance-of-soffits-and-guttering/ HTTP/1.1" 200 17844 "-" "Mozilla/5.0 (compatible; Barkrowler/0.9; +https://babbar.tech/crawler)"
198.54.114.83 - - [15/Apr/2025:07:44:57 -0400] "POST /wp-cron.php?doing_wp_cron=1744717497.3333549499511718750000 HTTP/1.1" 200 0 "-" "WordPress/6.7.2; https://creative-webstyle.com"
198.54.114.83 - - [15/Apr/2025:07:44:58 -0400] "POST /wp-admin/admin-ajax.php?action=async_litespeed&nonce=s1jU6RjvLGOSQQnFDtw5x8cnotdp5dXr&litespeed_type=imgoptm HTTP/1.1" 200 5 "-" "WordPress/6.7.2; https://creative-webstyle.com"
23.22.5.66 - - [15/Apr/2025:07:44:57 -0400] "GET /how-to-do-motorcycle-detailing/ HTTP/1.1" 200 18304 "-" "Grammarly/1.0 (http://www.grammarly.com)"
52.169.202.124 - - [15/Apr/2025:07:44:58 -0400] "GET /wp-login.php?action=register HTTP/1.1" 302 0 "-" "-"
52.169.202.124 - - [15/Apr/2025:07:44:59 -0400] "GET /wp-login.php?registration=disabled HTTP/1.1" 200 1757 "-" "-"
217.113.194.254 - - [15/Apr/2025:07:44:59 -0400] "GET /the-importance-of-hiring-a-dwi-lawyer/ HTTP/1.1" 200 18425 "-" "Mozilla/5.0 (compatible; Barkrowler/0.9; +https://babbar.tech/crawler)"
217.113.194.254 - - [15/Apr/2025:07:45:16 -0400] "GET /the-impact-of-views-on-youtube/ HTTP/1.1" 200 18018 "-" "Mozilla/5.0 (compatible; Barkrowler/0.9; +https://babbar.tech/crawler)"
2a02:598:128:8a00::b00:15 - - [15/Apr/2025:07:45:24 -0400] "GET /les-tendances-les-plus-chaudes-dans-les-bijoux-pour-femmes-pour-2022/ HTTP/1.1" 200 19190 "-" "Mozilla/5.0 (compatible; SeznamBot/4.0; +https://o-seznam.cz/napoveda/vyhledavani/en/seznambot-crawler/)"
217.113.194.235 - - [15/Apr/2025:07:45:32 -0400] "GET /the-impact-of-views-on-youtube/feed/ HTTP/1.1" 200 403 "-" "Mozilla/5.0 (compatible; Barkrowler/0.9; +https://babbar.tech/crawler)"
47.79.213.145 - - [15/Apr/2025:07:45:37 -0400] "GET / HTTP/1.1" 200 78396 "https://www.google.com/" "Mozilla/5.0 (Linux; arm_64; Android 14; SM-A346E) AppleWebKit/537.36 (KHTML, like Gecko) Chrome/130.0.6723.1012 YaSearchBrowser/24.125.1 BroPP/1.0 YaSearchApp/24.125.1 webOmni SA/3 Mobile Safari/537.36"
217.113.194.232 - - [15/Apr/2025:07:45:49 -0400] "GET /le-origini-delle-carte-dragon-ball/feed/ HTTP/1.1" 200 399 "-" "Mozilla/5.0 (compatible; Barkrowler/0.9; +https://babbar.tech/crawler)"
198.54.114.83 - - [15/Apr/2025:07:45:57 -0400] "POST /wp-admin/admin-ajax.php?action=async_litespeed&nonce=UWVUcsq2EnQLycEAdYh0G66tV7Ybe42K&litespeed_type=imgoptm HTTP/1.1" 200 0 "-" "WordPress/6.7.2; https://creative-webstyle.com"
217.113.194.232 - - [15/Apr/2025:07:46:06 -0400] "GET /a-guide-to-increasing-your-instagram-followers/ HTTP/1.1" 200 18207 "-" "Mozilla/5.0 (compatible; Barkrowler/0.9; +https://babbar.tech/crawler)"
217.113.194.240 - - [15/Apr/2025:07:46:23 -0400] "GET /mon-examen-premium-adapt-2024/feed/ HTTP/1.1" 200 394 "-" "Mozilla/5.0 (compatible; Barkrowler/0.9; +https://babbar.tech/crawler)"
217.113.194.240 - - [15/Apr/2025:07:46:40 -0400] "GET /list-of-celebrities-who-smoke-weed/feed/ HTTP/1.1" 200 401 "-" "Mozilla/5.0 (compatible; Barkrowler/0.9; +https://babbar.tech/crawler)"
217.113.194.234 - - [15/Apr/2025:07:46:57 -0400] "GET /die-starken-der-besten-helden/ HTTP/1.1" 200 18284 "-" "Mozilla/5.0 (compatible; Barkrowler/0.9; +https://babbar.tech/crawler)"
217.113.194.233 - - [15/Apr/2025:07:47:16 -0400] "GET /find-designer-bags-on-sale-at-thredup/ HTTP/1.1" 200 17976 "-" "Mozilla/5.0 (compatible; Barkrowler/0.9; +https://babbar.tech/crawler)"
154.54.249.218 - - [15/Apr/2025:07:47:34 -0400] "GET /proven-strategies-to-gain-more-followers/ HTTP/1.1" 200 18214 "-" "Mozilla/5.0 (compatible; Barkrowler/0.9; +https://babbar.tech/crawler)"
85.208.96.195 - - [15/Apr/2025:07:47:44 -0400] "GET /robots.txt HTTP/1.1" 304 0 "-" "Mozilla/5.0 (compatible; SemrushBot/7~bl; +http://www.semrush.com/bot.html)"
185.191.171.8 - - [15/Apr/2025:07:47:45 -0400] "GET /understanding-the-youtube-algorithms/ HTTP/1.1" 200 18194 "-" "Mozilla/5.0 (compatible; SemrushBot/7~bl; +http://www.semrush.com/bot.html)"
217.113.194.235 - - [15/Apr/2025:07:47:54 -0400] "GET /proven-strategies-to-gain-more-followers/feed/ HTTP/1.1" 200 409 "-" "Mozilla/5.0 (compatible; Barkrowler/0.9; +https://babbar.tech/crawler)"
198.54.114.83 - - [15/Apr/2025:07:47:59 -0400] "POST /wp-admin/admin-ajax.php?action=async_litespeed&nonce=G81OhKsJvDEIJcJlbY5dYAMBPq92O5Dt&litespeed_type=imgoptm HTTP/1.1" 200 0 "-" "WordPress/6.7.2; https://creative-webstyle.com"
217.113.194.254 - - [15/Apr/2025:07:48:11 -0400] "GET /exploring-homes-for-sale-in-portland-oregon/ HTTP/1.1" 200 18035 "-" "Mozilla/5.0 (compatible; Barkrowler/0.9; +https://babbar.tech/crawler)"
52.169.202.124 - - [15/Apr/2025:07:48:23 -0400] "GET /wp-admin/user/ HTTP/1.1" 302 0 "-" "-"
52.169.202.124 - - [15/Apr/2025:07:48:25 -0400] "GET /wp-login.php?redirect_to=https%3A%2F%2Fcreative-webstyle.com%2Fwp-admin%2Fuser%2F&reauth=1 HTTP/1.1" 200 1695 "-" "-"
217.113.194.237 - - [15/Apr/2025:07:48:30 -0400] "GET /exploring-homes-for-sale-in-portland-oregon/feed/ HTTP/1.1" 200 416 "-" "Mozilla/5.0 (compatible; Barkrowler/0.9; +https://babbar.tech/crawler)"
217.113.194.235 - - [15/Apr/2025:07:48:46 -0400] "GET /exploring-vietnam-a-korean-travelers-guide/ HTTP/1.1" 200 18861 "-" "Mozilla/5.0 (compatible; Barkrowler/0.9; +https://babbar.tech/crawler)"
198.54.114.83 - - [15/Apr/2025:07:48:57 -0400] "POST /wp-admin/admin-ajax.php?action=async_litespeed&nonce=P2bjCQCt0RTFLypEm4WBQlqI43AOa7aZ&litespeed_type=imgoptm HTTP/1.1" 200 5 "-" "WordPress/6.7.2; https://creative-webstyle.com"
154.54.249.218 - - [15/Apr/2025:07:49:04 -0400] "GET /exploring-the-jansen-house-showflat/feed/ HTTP/1.1" 200 401 "-" "Mozilla/5.0 (compatible; Barkrowler/0.9; +https://babbar.tech/crawler)"
217.113.194.254 - - [15/Apr/2025:07:49:21 -0400] "GET /exploring-the-realm-of-ai-girlfriends/ HTTP/1.1" 200 18268 "-" "Mozilla/5.0 (compatible; Barkrowler/0.9; +https://babbar.tech/crawler)"
217.113.194.235 - - [15/Apr/2025:07:49:39 -0400] "GET /exploring-the-best-free-qr-code-generators/ HTTP/1.1" 200 17833 "-" "Mozilla/5.0 (compatible; Barkrowler/0.9; +https://babbar.tech/crawler)"
217.113.194.240 - - [15/Apr/2025:07:49:57 -0400] "GET /exploring-the-world-of-abdominoplasty/ HTTP/1.1" 200 18373 "-" "Mozilla/5.0 (compatible; Barkrowler/0.9; +https://babbar.tech/crawler)"
217.113.194.235 - - [15/Apr/2025:07:50:14 -0400] "GET /exploring-the-top-disposable-vape-brands/ HTTP/1.1" 200 17953 "-" "Mozilla/5.0 (compatible; Barkrowler/0.9; +https://babbar.tech/crawler)"
217.113.194.236 - - [15/Apr/2025:07:50:32 -0400] "GET /exploring-chiropractic-care-in-dubai/feed/ HTTP/1.1" 200 402 "-" "Mozilla/5.0 (compatible; Barkrowler/0.9; +https://babbar.tech/crawler)"
217.113.194.241 - - [15/Apr/2025:07:50:49 -0400] "GET /an-urban-oasis-in-the-heart-of-singapore/ HTTP/1.1" 200 17889 "-" "Mozilla/5.0 (compatible; Barkrowler/0.9; +https://babbar.tech/crawler)"
198.54.114.83 - - [15/Apr/2025:07:50:58 -0400] "POST /wp-admin/admin-ajax.php?action=async_litespeed&nonce=BArGkWc4f5jOMkOiZJoNACfakgopyT7z&litespeed_type=imgoptm HTTP/1.1" 200 5 "-" "WordPress/6.7.2; https://creative-webstyle.com"
217.113.194.240 - - [15/Apr/2025:07:51:06 -0400] "GET /dream-a-little-dream-of-me-lyrics/feed/ HTTP/1.1" 200 397 "-" "Mozilla/5.0 (compatible; Barkrowler/0.9; +https://babbar.tech/crawler)"
217.113.194.236 - - [15/Apr/2025:07:51:23 -0400] "GET /the-power-of-free-url-shorteners/feed/ HTTP/1.1" 200 402 "-" "Mozilla/5.0 (compatible; Barkrowler/0.9; +https://babbar.tech/crawler)"
217.113.194.235 - - [15/Apr/2025:07:51:41 -0400] "GET /the-power-of-blood-sugar-support-supplements/ HTTP/1.1" 200 17949 "-" "Mozilla/5.0 (compatible; Barkrowler/0.9; +https://babbar.tech/crawler)"
198.54.114.83 - - [15/Apr/2025:07:51:59 -0400] "POST /wp-cron.php?doing_wp_cron=1744717918.5228409767150878906250 HTTP/1.1" 200 0 "-" "WordPress/6.7.2; https://creative-webstyle.com"
217.113.194.241 - - [15/Apr/2025:07:51:58 -0400] "GET /the-power-of-immediate-availability/feed/ HTTP/1.1" 200 398 "-" "Mozilla/5.0 (compatible; Barkrowler/0.9; +https://babbar.tech/crawler)"
198.54.114.83 - - [15/Apr/2025:07:52:00 -0400] "POST /wp-admin/admin-ajax.php?action=async_litespeed&nonce=jhiQfoCV4emjUYdJzd1ypoMlQfuuhCaZ&litespeed_type=imgoptm HTTP/1.1" 200 0 "-" "WordPress/6.7.2; https://creative-webstyle.com"
217.113.194.254 - - [15/Apr/2025:07:52:16 -0400] "GET /9-best-clinics-in-dubai-uae/feed/ HTTP/1.1" 200 396 "-" "Mozilla/5.0 (compatible; Barkrowler/0.9; +https://babbar.tech/crawler)"
2a02:598:128:8a00::b00:a - - [15/Apr/2025:07:52:20 -0400] "GET /the-journey-of-a-pert-pipe-manufacturer/feed/ HTTP/1.1" 200 407 "-" "Mozilla/5.0 (compatible; SeznamBot/4.0; +https://o-seznam.cz/napoveda/vyhledavani/en/seznambot-crawler/)"
147.185.132.243 - - [15/Apr/2025:07:52:25 -0400] "GET / HTTP/1.1" 200 78396 "-" "Expanse, a Palo Alto Networks company, searches across the global IPv4 space multiple times per day to identify customers' presences on the Internet. If you would like to be excluded from our scans, please send IP addresses/domains to: scaninfo@paloaltonetworks.com"
217.113.194.240 - - [15/Apr/2025:07:52:32 -0400] "GET /moderne-asthetik-und-funktionalitat/ HTTP/1.1" 200 17880 "-" "Mozilla/5.0 (compatible; Barkrowler/0.9; +https://babbar.tech/crawler)"
198.54.114.83 - - [15/Apr/2025:07:52:51 -0400] "POST /wp-cron.php?doing_wp_cron=1744717970.8093249797821044921875 HTTP/1.1" 200 0 "-" "WordPress/6.7.2; https://creative-webstyle.com"
217.113.194.239 - - [15/Apr/2025:07:52:50 -0400] "GET /essential-guide-to-car-interior-cleaning/feed/ HTTP/1.1" 200 403 "-" "Mozilla/5.0 (compatible; Barkrowler/0.9; +https://babbar.tech/crawler)"
198.54.114.83 - - [15/Apr/2025:07:52:59 -0400] "POST /wp-admin/admin-ajax.php?action=async_litespeed&nonce=o63IQHzjSQ3x5D4q9u9m5w9LgWZee5kH&litespeed_type=imgoptm HTTP/1.1" 200 0 "-" "WordPress/6.7.2; https://creative-webstyle.com"
154.54.249.218 - - [15/Apr/2025:07:53:09 -0400] "GET /comment-choisir-une-agence-de-referencement/feed/ HTTP/1.1" 200 413 "-" "Mozilla/5.0 (compatible; Barkrowler/0.9; +https://babbar.tech/crawler)"
77.83.84.240 - - [15/Apr/2025:07:53:19 -0400] "GET /digital-nomad-visa-spain/ HTTP/1.1" 200 18141 "-" "Mozilla/5.0 (Windows NT 10.0; Win64; x64; rv:114.0) Gecko/20100101 Firefox/114.0"
217.113.194.241 - - [15/Apr/2025:07:53:27 -0400] "GET /comment-obtenir-une-lecture-psychique-pour-10/ HTTP/1.1" 200 19077 "-" "Mozilla/5.0 (compatible; Barkrowler/0.9; +https://babbar.tech/crawler)"
217.113.194.240 - - [15/Apr/2025:07:53:44 -0400] "GET /comment-remplir-un-petit-vase-blanc/feed/ HTTP/1.1" 200 394 "-" "Mozilla/5.0 (compatible; Barkrowler/0.9; +https://babbar.tech/crawler)"
198.54.114.83 - - [15/Apr/2025:07:53:59 -0400] "POST /wp-admin/admin-ajax.php?action=async_litespeed&nonce=gCnIWlYxZbqfwbpczHousaCqMqEddAo7&litespeed_type=imgoptm HTTP/1.1" 200 0 "-" "WordPress/6.7.2; https://creative-webstyle.com"
217.113.194.235 - - [15/Apr/2025:07:54:03 -0400] "GET /crafting-the-ultimate-custom-gaming-pc/feed/ HTTP/1.1" 200 407 "-" "Mozilla/5.0 (compatible; Barkrowler/0.9; +https://babbar.tech/crawler)"
217.113.194.238 - - [15/Apr/2025:07:54:21 -0400] "GET /limportance-de-lassurance-professionnelle/feed/ HTTP/1.1" 200 399 "-" "Mozilla/5.0 (compatible; Barkrowler/0.9; +https://babbar.tech/crawler)"
217.113.194.241 - - [15/Apr/2025:07:54:39 -0400] "GET /die-geschichte-von-accounting-hattingen/ HTTP/1.1" 200 17954 "-" "Mozilla/5.0 (compatible; Barkrowler/0.9; +https://babbar.tech/crawler)"
217.113.194.233 - - [15/Apr/2025:07:54:58 -0400] "GET /vietnam-travel-top-5-breathtaking-rendezvous/ HTTP/1.1" 200 19898 "-" "Mozilla/5.0 (compatible; Barkrowler/0.9; +https://babbar.tech/crawler)"
198.54.114.83 - - [15/Apr/2025:07:55:01 -0400] "POST /wp-admin/admin-ajax.php?action=async_litespeed&nonce=Q29FgJN0zDiDEQ9apZFAdjx41QCSWIAz&litespeed_type=imgoptm HTTP/1.1" 200 0 "-" "WordPress/6.7.2; https://creative-webstyle.com"
217.113.194.237 - - [15/Apr/2025:07:55:15 -0400] "GET /scheidungsanwalt-hattingen/feed/ HTTP/1.1" 200 383 "-" "Mozilla/5.0 (compatible; Barkrowler/0.9; +https://babbar.tech/crawler)"
217.113.194.254 - - [15/Apr/2025:07:55:32 -0400] "GET /capturing-the-essence-of-santorini/ HTTP/1.1" 200 18133 "-" "Mozilla/5.0 (compatible; Barkrowler/0.9; +https://babbar.tech/crawler)"
217.113.194.233 - - [15/Apr/2025:07:55:50 -0400] "GET /toyota-sprinter-an-honest-review/feed/ HTTP/1.1" 200 416 "-" "Mozilla/5.0 (compatible; Barkrowler/0.9; +https://babbar.tech/crawler)"
154.54.249.218 - - [15/Apr/2025:07:56:08 -0400] "GET /mens-pilou-pilou-pajamas/feed/ HTTP/1.1" 200 391 "-" "Mozilla/5.0 (compatible; Barkrowler/0.9; +https://babbar.tech/crawler)"
52.169.202.124 - - [15/Apr/2025:07:56:14 -0400] "GET /wp-login.php?action=register HTTP/1.1" 302 0 "-" "-"
52.169.202.124 - - [15/Apr/2025:07:56:16 -0400] "GET /wp-login.php?registration=disabled HTTP/1.1" 200 1757 "-" "-"
217.113.194.232 - - [15/Apr/2025:07:56:26 -0400] "GET /uberblick-uber-moderne-hangeleuchten/ HTTP/1.1" 200 18292 "-" "Mozilla/5.0 (compatible; Barkrowler/0.9; +https://babbar.tech/crawler)"
154.54.249.218 - - [15/Apr/2025:07:56:45 -0400] "GET /uberblick-uber-moderne-hangeleuchten/feed/ HTTP/1.1" 200 407 "-" "Mozilla/5.0 (compatible; Barkrowler/0.9; +https://babbar.tech/crawler)"
217.113.194.233 - - [15/Apr/2025:07:57:02 -0400] "GET /agriturismo-piscina-lago-di-garda/feed/ HTTP/1.1" 200 395 "-" "Mozilla/5.0 (compatible; Barkrowler/0.9; +https://babbar.tech/crawler)"
217.113.194.233 - - [15/Apr/2025:07:57:20 -0400] "GET /agriturismo-piscina-lago-di-garda/ HTTP/1.1" 200 17475 "-" "Mozilla/5.0 (compatible; Barkrowler/0.9; +https://babbar.tech/crawler)"
217.113.194.233 - - [15/Apr/2025:07:57:37 -0400] "GET /top-5-digital-marketing-agencies-in-mumbai/feed/ HTTP/1.1" 200 409 "-" "Mozilla/5.0 (compatible; Barkrowler/0.9; +https://babbar.tech/crawler)"
217.113.194.239 - - [15/Apr/2025:07:57:54 -0400] "GET /fenben-lab-fenbendazol/feed/ HTTP/1.1" 200 379 "-" "Mozilla/5.0 (compatible; Barkrowler/0.9; +https://babbar.tech/crawler)"
198.54.114.83 - - [15/Apr/2025:07:58:14 -0400] "POST /wp-cron.php?doing_wp_cron=1744718292.9757819175720214843750 HTTP/1.1" 200 0 "-" "WordPress/6.7.2; https://creative-webstyle.com"
217.113.194.232 - - [15/Apr/2025:07:58:12 -0400] "GET /fenbendazole-cancer-treatment/feed/ HTTP/1.1" 200 388 "-" "Mozilla/5.0 (compatible; Barkrowler/0.9; +https://babbar.tech/crawler)"
198.54.114.83 - - [15/Apr/2025:07:58:15 -0400] "POST /wp-admin/admin-ajax.php?action=async_litespeed&nonce=k2OqzIE5k9THe2v3p3zJdgpycKizJEDs&litespeed_type=imgoptm HTTP/1.1" 200 0 "-" "WordPress/6.7.2; https://creative-webstyle.com"
217.113.194.232 - - [15/Apr/2025:07:58:32 -0400] "GET /fenbendazole-for-humans-2/feed/ HTTP/1.1" 200 384 "-" "Mozilla/5.0 (compatible; Barkrowler/0.9; +https://babbar.tech/crawler)"
217.113.194.235 - - [15/Apr/2025:07:58:53 -0400] "GET /fenbendazole-for-cancers/feed/ HTTP/1.1" 200 381 "-" "Mozilla/5.0 (compatible; Barkrowler/0.9; +https://babbar.tech/crawler)"
198.54.114.83 - - [15/Apr/2025:07:58:55 -0400] "POST /wp-cron.php?doing_wp_cron=1744718333.6102778911590576171875 HTTP/1.1" 200 0 "-" "WordPress/6.7.2; https://creative-webstyle.com"
217.113.194.232 - - [15/Apr/2025:07:59:10 -0400] "GET /fenbendazole-for-cancer/feed/ HTTP/1.1" 200 384 "-" "Mozilla/5.0 (compatible; Barkrowler/0.9; +https://babbar.tech/crawler)"
154.54.249.218 - - [15/Apr/2025:07:59:27 -0400] "GET /leveraging-digital-marketing-for-small-businesses/ HTTP/1.1" 200 18190 "-" "Mozilla/5.0 (compatible; Barkrowler/0.9; +https://babbar.tech/crawler)"
217.113.194.240 - - [15/Apr/2025:07:59:45 -0400] "GET /leveraging-digital-marketing-for-small-businesses/feed/ HTTP/1.1" 200 418 "-" "Mozilla/5.0 (compatible; Barkrowler/0.9; +https://babbar.tech/crawler)"
198.54.114.83 - - [15/Apr/2025:08:00:05 -0400] "POST /wp-cron.php?doing_wp_cron=1744718404.3297960758209228515625 HTTP/1.1" 200 0 "-" "WordPress/6.7.2; https://creative-webstyle.com"
217.113.194.238 - - [15/Apr/2025:08:00:03 -0400] "GET /the-history-of-figurative-painting-in-germany/ HTTP/1.1" 200 18799 "-" "Mozilla/5.0 (compatible; Barkrowler/0.9; +https://babbar.tech/crawler)"
217.113.194.236 - - [15/Apr/2025:08:00:23 -0400] "GET /most-popular-compact-suvs-on-the-road/ HTTP/1.1" 200 19401 "-" "Mozilla/5.0 (compatible; Barkrowler/0.9; +https://babbar.tech/crawler)"
154.54.249.218 - - [15/Apr/2025:08:00:42 -0400] "GET /custom-portraits-for-your-beloved-dog/feed/ HTTP/1.1" 200 407 "-" "Mozilla/5.0 (compatible; Barkrowler/0.9; +https://babbar.tech/crawler)"
217.113.194.237 - - [15/Apr/2025:08:01:00 -0400] "GET /dometic-refrigerators-for-campervans/ HTTP/1.1" 200 18245 "-" "Mozilla/5.0 (compatible; Barkrowler/0.9; +https://babbar.tech/crawler)"
198.54.114.83 - - [15/Apr/2025:08:01:22 -0400] "POST /wp-cron.php?doing_wp_cron=1744718481.0004050731658935546875 HTTP/1.1" 200 0 "-" "WordPress/6.7.2; https://creative-webstyle.com"
217.113.194.236 - - [15/Apr/2025:08:01:20 -0400] "GET /dometic-refrigerators-for-campervans/feed/ HTTP/1.1" 200 397 "-" "Mozilla/5.0 (compatible; Barkrowler/0.9; +https://babbar.tech/crawler)"
185.231.155.169 - - [15/Apr/2025:08:01:33 -0400] "GET /hvac-systems-and-mold/ HTTP/1.1" 200 19434 "https://creative-webstyle.com/hvac-systems-and-mold/" "Mozilla/5.0 (Windows NT 10.0; Win64; x64) AppleWebKit/537.36 (KHTML, like Gecko) Chrome/131.0.0.0 Safari/537.36 Avast/131.0.0.0"
185.231.155.169 - - [15/Apr/2025:08:01:33 -0400] "GET /hvac-systems-and-mold/ HTTP/1.1" 200 19434 "https://creative-webstyle.com/hvac-systems-and-mold/" "Mozilla/5.0 (Windows NT 10.0; Win64; x64) AppleWebKit/537.36 (KHTML, like Gecko) Chrome/129.0.0.0 Safari/537.36"
185.231.155.169 - - [15/Apr/2025:08:01:35 -0400] "POST /wp-comments-post.php HTTP/1.1" 429 982 "https://creative-webstyle.com/hvac-systems-and-mold/" "Mozilla/5.0 (Windows NT 10.0; Win64; x64) AppleWebKit/537.36 (KHTML, like Gecko) Chrome/129.0.0.0 Safari/537.36"
185.231.155.169 - - [15/Apr/2025:08:01:35 -0400] "POST /wp-comments-post.php HTTP/1.1" 302 0 "https://creative-webstyle.com/hvac-systems-and-mold/" "Mozilla/5.0 (Windows NT 10.0; Win64; x64) AppleWebKit/537.36 (KHTML, like Gecko) Chrome/131.0.0.0 Safari/537.36 Avast/131.0.0.0"
217.113.194.235 - - [15/Apr/2025:08:01:38 -0400] "GET /sac-a-dos-en-toile-old-school-backpack/ HTTP/1.1" 200 18589 "-" "Mozilla/5.0 (compatible; Barkrowler/0.9; +https://babbar.tech/crawler)"
185.231.155.169 - - [15/Apr/2025:08:01:38 -0400] "GET /hvac-systems-and-mold/ HTTP/1.1" 200 32970 "https://creative-webstyle.com/hvac-systems-and-mold/#comment-35229" "Mozilla/5.0 (Windows NT 10.0; Win64; x64) AppleWebKit/537.36 (KHTML, like Gecko) Chrome/131.0.0.0 Safari/537.36 Avast/131.0.0.0"
207.174.7.209 - - [15/Apr/2025:08:01:47 -0400] "GET /wp-login.php HTTP/1.1" 200 1693 "-" "Mozilla/5.0 (Windows NT 10.0; Win64; x64) AppleWebKit/537.36 (KHTML, like Gecko) Chrome/87.0.4280.141 Safari/537.36"
207.174.7.209 - - [15/Apr/2025:08:01:50 -0400] "GET /wp-login.php HTTP/1.1" 200 1693 "-" "Mozilla/5.0 (Windows NT 10.0; Win64; x64) AppleWebKit/537.36 (KHTML, like Gecko) Chrome/87.0.4280.141 Safari/537.36"
154.54.249.218 - - [15/Apr/2025:08:01:56 -0400] "GET /sac-a-dos-en-toile-old-school-backpack/feed/ HTTP/1.1" 200 419 "-" "Mozilla/5.0 (compatible; Barkrowler/0.9; +https://babbar.tech/crawler)"
217.113.194.240 - - [15/Apr/2025:08:02:14 -0400] "GET /good-night-quotes-to-keep-you-connected/feed/ HTTP/1.1" 200 412 "-" "Mozilla/5.0 (compatible; Barkrowler/0.9; +https://babbar.tech/crawler)"
198.54.114.83 - - [15/Apr/2025:08:02:32 -0400] "POST /wp-cron.php?doing_wp_cron=1744718551.9061009883880615234375 HTTP/1.1" 200 0 "-" "WordPress/6.7.2; https://creative-webstyle.com"
217.113.194.241 - - [15/Apr/2025:08:02:31 -0400] "GET /serene-oasis-amidst-urban-hustle/ HTTP/1.1" 200 18201 "-" "Mozilla/5.0 (compatible; Barkrowler/0.9; +https://babbar.tech/crawler)"
198.54.114.83 - - [15/Apr/2025:08:02:38 -0400] "POST /wp-admin/admin-ajax.php?action=async_litespeed&nonce=fWL86tPNIcfPJnqzE2suZVpGZruIDpb0&litespeed_type=imgoptm HTTP/1.1" 200 0 "-" "WordPress/6.7.2; https://creative-webstyle.com"
2a02:598:128:8a00::b00:a - - [15/Apr/2025:08:02:39 -0400] "GET /league-of-legends-lectures/ HTTP/1.1" 200 17740 "-" "Mozilla/5.0 (compatible; SeznamBot/4.0; +https://o-seznam.cz/napoveda/vyhledavani/en/seznambot-crawler/)"
198.54.114.83 - - [15/Apr/2025:08:02:51 -0400] "POST /wp-cron.php?doing_wp_cron=1744718571.5821468830108642578125 HTTP/1.1" 200 0 "-" "WordPress/6.7.2; https://creative-webstyle.com"
217.113.194.241 - - [15/Apr/2025:08:02:51 -0400] "GET /shark-tank-update-and-market-impact/feed/ HTTP/1.1" 200 407 "-" "Mozilla/5.0 (compatible; Barkrowler/0.9; +https://babbar.tech/crawler)"
213.108.2.205 - - [15/Apr/2025:08:02:54 -0400] "GET /cherry-picker-rental/ HTTP/1.1" 200 17359 "https://creative-webstyle.com/cherry-picker-rental/" "Mozilla/5.0 (Windows NT 10.0; Win64; x64) AppleWebKit/537.36 (KHTML, like Gecko) Chrome/131.0.0.0 Safari/537.36 Avast/131.0.0.0"
198.54.114.83 - - [15/Apr/2025:08:02:59 -0400] "POST /wp-cron.php?doing_wp_cron=1744718579.1796469688415527343750 HTTP/1.1" 200 0 "-" "WordPress/6.7.2; https://creative-webstyle.com"
213.108.2.205 - - [15/Apr/2025:08:02:58 -0400] "POST /wp-comments-post.php HTTP/1.1" 302 0 "https://creative-webstyle.com/cherry-picker-rental/" "Mozilla/5.0 (Windows NT 10.0; Win64; x64) AppleWebKit/537.36 (KHTML, like Gecko) Chrome/131.0.0.0 Safari/537.36 Avast/131.0.0.0"
198.54.114.83 - - [15/Apr/2025:08:03:01 -0400] "POST /wp-admin/admin-ajax.php?action=async_litespeed&nonce=kK71Hewgbx9eDvjRgpXmgWjLGF6qdNEC&litespeed_type=imgoptm HTTP/1.1" 200 0 "-" "WordPress/6.7.2; https://creative-webstyle.com"
213.108.2.205 - - [15/Apr/2025:08:03:03 -0400] "GET /cherry-picker-rental/ HTTP/1.1" 200 18467 "https://creative-webstyle.com/cherry-picker-rental/#comment-35230" "Mozilla/5.0 (Windows NT 10.0; Win64; x64) AppleWebKit/537.36 (KHTML, like Gecko) Chrome/131.0.0.0 Safari/537.36 Avast/131.0.0.0"
217.113.194.254 - - [15/Apr/2025:08:03:10 -0400] "GET /finding-reliable-shipping-services-nearby/ HTTP/1.1" 200 18211 "-" "Mozilla/5.0 (compatible; Barkrowler/0.9; +https://babbar.tech/crawler)"
217.113.194.254 - - [15/Apr/2025:08:03:27 -0400] "GET /health-benefits-of-black-cumin-seed-oil/ HTTP/1.1" 200 17888 "-" "Mozilla/5.0 (compatible; Barkrowler/0.9; +https://babbar.tech/crawler)"
154.54.249.218 - - [15/Apr/2025:08:03:46 -0400] "GET /when-does-the-tuners-update-come-out/ HTTP/1.1" 200 20437 "-" "Mozilla/5.0 (compatible; Barkrowler/0.9; +https://babbar.tech/crawler)"
198.54.114.83 - - [15/Apr/2025:08:04:06 -0400] "POST /wp-cron.php?doing_wp_cron=1744718644.8881759643554687500000 HTTP/1.1" 200 0 "-" "WordPress/6.7.2; https://creative-webstyle.com"
217.113.194.235 - - [15/Apr/2025:08:04:04 -0400] "GET /boudoir-photography-san-antonio/feed/ HTTP/1.1" 200 388 "-" "Mozilla/5.0 (compatible; Barkrowler/0.9; +https://babbar.tech/crawler)"
154.54.249.218 - - [15/Apr/2025:08:04:23 -0400] "GET /google-hindi-input-tools-download-for-windows-10/ HTTP/1.1" 404 12637 "-" "Mozilla/5.0 (compatible; Barkrowler/0.9; +https://babbar.tech/crawler)"
154.54.249.218 - - [15/Apr/2025:08:04:42 -0400] "GET /how-to-create-and-manage-a-youtube-playlist/feed/ HTTP/1.1" 200 417 "-" "Mozilla/5.0 (compatible; Barkrowler/0.9; +https://babbar.tech/crawler)"
217.113.194.241 - - [15/Apr/2025:08:05:01 -0400] "GET /how-to-save-money-on-ac-parts-near-me/feed/ HTTP/1.1" 200 408 "-" "Mozilla/5.0 (compatible; Barkrowler/0.9; +https://babbar.tech/crawler)"
217.113.194.234 - - [15/Apr/2025:08:05:20 -0400] "GET /how-to-get-4000-watch-hours-on-youtube/feed/ HTTP/1.1" 200 415 "-" "Mozilla/5.0 (compatible; Barkrowler/0.9; +https://babbar.tech/crawler)"
198.54.114.83 - - [15/Apr/2025:08:05:23 -0400] "POST /wp-cron.php?doing_wp_cron=1744718720.7374019622802734375000 HTTP/1.1" 200 0 "-" "WordPress/6.7.2; https://creative-webstyle.com"
217.113.194.238 - - [15/Apr/2025:08:05:38 -0400] "GET /how-to-get-4000-watch-hours-on-youtube/ HTTP/1.1" 200 18265 "-" "Mozilla/5.0 (compatible; Barkrowler/0.9; +https://babbar.tech/crawler)"
217.113.194.236 - - [15/Apr/2025:08:05:59 -0400] "GET /how-to-order-a-birthday-cake-online/feed/ HTTP/1.1" 200 400 "-" "Mozilla/5.0 (compatible; Barkrowler/0.9; +https://babbar.tech/crawler)"
217.113.194.235 - - [15/Apr/2025:08:06:19 -0400] "GET /how-to-hire-an-immigration-lawyer-in-portland/ HTTP/1.1" 200 18233 "-" "Mozilla/5.0 (compatible; Barkrowler/0.9; +https://babbar.tech/crawler)"
217.113.194.254 - - [15/Apr/2025:08:06:39 -0400] "GET /how-to-do-internet-sports-betting-successfully/feed/ HTTP/1.1" 200 410 "-" "Mozilla/5.0 (compatible; Barkrowler/0.9; +https://babbar.tech/crawler)"
