Server IP : 104.21.46.188 / Your IP : 18.119.139.161 Web Server : LiteSpeed System : Linux business31.web-hosting.com 4.18.0-553.16.1.lve.1.el8.x86_64 #1 SMP Mon Sep 23 20:16:18 UTC 2024 x86_64 User : varizmol ( 2121) PHP Version : 8.0.30 Disable Function : NONE MySQL : OFF | cURL : ON | WGET : ON | Perl : ON | Python : ON | Sudo : OFF | Pkexec : OFF Directory : /home/varizmol/access-logs/ |
Upload File : |
198.54.114.83 - - [14/Apr/2025:06:32:29 -0400] "POST /wp-cron.php?doing_wp_cron=1744626748.4328389167785644531250 HTTP/1.1" 200 0 "-" "WordPress/6.7.2; https://creative-webstyle.com"
198.54.114.83 - - [14/Apr/2025:06:32:31 -0400] "POST /wp-admin/admin-ajax.php?action=async_litespeed&nonce=a7yososR0vj8Hx0wa4jVazfMNOqJEFcE&litespeed_type=imgoptm HTTP/1.1" 200 0 "-" "WordPress/6.7.2; https://creative-webstyle.com"
47.128.121.171 - - [14/Apr/2025:06:32:22 -0400] "GET /conservatory-roof-replacement-how-to-tell-if-your-conservatory-needs-replacing/ HTTP/1.1" 200 18343 "-" "Mozilla/5.0 (Linux; Android 5.0) AppleWebKit/537.36 (KHTML, like Gecko) Mobile Safari/537.36 (compatible; TikTokSpider; ttspider-feedback@tiktok.com)"
2a02:598:128:8a00::b00:15 - - [14/Apr/2025:06:40:47 -0400] "GET /how-to-create-animated-videos/feed/ HTTP/1.1" 200 395 "-" "Mozilla/5.0 (compatible; SeznamBot/4.0; +https://o-seznam.cz/napoveda/vyhledavani/en/seznambot-crawler/)"
198.54.114.83 - - [14/Apr/2025:06:40:53 -0400] "POST /wp-cron.php?doing_wp_cron=1744627252.1857199668884277343750 HTTP/1.1" 200 0 "-" "WordPress/6.7.2; https://creative-webstyle.com"
195.2.75.216 - - [14/Apr/2025:06:42:50 -0400] "GET /hvac-systems-and-mold/ HTTP/1.1" 200 19424 "https://creative-webstyle.com/hvac-systems-and-mold/#comment-19688/" "Mozilla/5.0 (Windows NT 10.0; Win64; x64) AppleWebKit/537.36 (KHTML, like Gecko) Chrome/131.0.0.0 Safari/537.36"
198.54.114.83 - - [14/Apr/2025:06:42:57 -0400] "POST /wp-cron.php?doing_wp_cron=1744627376.9935081005096435546875 HTTP/1.1" 200 0 "-" "WordPress/6.7.2; https://creative-webstyle.com"
195.2.75.216 - - [14/Apr/2025:06:42:52 -0400] "POST /wp-comments-post.php HTTP/1.1" 302 0 "https://creative-webstyle.com/hvac-systems-and-mold/#comment-19688/" "Mozilla/5.0 (Windows NT 10.0; Win64; x64) AppleWebKit/537.36 (KHTML, like Gecko) Chrome/131.0.0.0 Safari/537.36"
198.54.114.83 - - [14/Apr/2025:06:43:00 -0400] "POST /wp-admin/admin-ajax.php?action=async_litespeed&nonce=3UL3qFldPE82k0w8BlO0BkBYZLIr0CX7&litespeed_type=imgoptm HTTP/1.1" 200 0 "-" "WordPress/6.7.2; https://creative-webstyle.com"
195.2.75.216 - - [14/Apr/2025:06:43:01 -0400] "GET /hvac-systems-and-mold/ HTTP/1.1" 200 25427 "https://creative-webstyle.com/hvac-systems-and-mold/#comment-35155" "Mozilla/5.0 (Windows NT 10.0; Win64; x64) AppleWebKit/537.36 (KHTML, like Gecko) Chrome/131.0.0.0 Safari/537.36"
198.54.114.83 - - [14/Apr/2025:06:45:53 -0400] "POST /wp-cron.php?doing_wp_cron=1744627551.8979508876800537109375 HTTP/1.1" 200 0 "-" "WordPress/6.7.2; https://creative-webstyle.com"
2a02:598:128:8a00::b00:a - - [14/Apr/2025:06:45:45 -0400] "GET /the-ultimate-guide-to-london-airport-taxis/ HTTP/1.1" 200 0 "-" "Mozilla/5.0 (compatible; SeznamBot/4.0; +https://o-seznam.cz/napoveda/vyhledavani/en/seznambot-crawler/)"
198.54.114.83 - - [14/Apr/2025:06:45:56 -0400] "POST /wp-admin/admin-ajax.php?action=async_litespeed&nonce=2Ioq0fRP7xTrEeKwtHqcleveelLLIgTg&litespeed_type=imgoptm HTTP/1.1" 200 0 "-" "WordPress/6.7.2; https://creative-webstyle.com"
198.54.114.83 - - [14/Apr/2025:06:49:55 -0400] "POST /wp-cron.php?doing_wp_cron=1744627794.1487329006195068359375 HTTP/1.1" 200 0 "-" "WordPress/6.7.2; https://creative-webstyle.com"
2a02:598:128:8a00::b00:15 - - [14/Apr/2025:06:49:48 -0400] "GET /expert-bathroom-renovations-in-melbournes-western-suburbs/ HTTP/1.1" 200 18545 "-" "Mozilla/5.0 (compatible; SeznamBot/4.0; +https://o-seznam.cz/napoveda/vyhledavani/en/seznambot-crawler/)"
198.54.114.83 - - [14/Apr/2025:06:52:27 -0400] "POST /wp-cron.php?doing_wp_cron=1744627945.6037549972534179687500 HTTP/1.1" 200 0 "-" "WordPress/6.7.2; https://creative-webstyle.com"
146.70.217.115 - - [14/Apr/2025:06:52:20 -0400] "GET /digital-nomad-visa-spain/ HTTP/1.1" 200 18155 "-" "Mozilla/5.0 (Windows NT 10.0; Win64; x64) AppleWebKit/537.36 (KHTML, like Gecko) Chrome/114.0.0.0 Safari/537.36"
47.128.96.173 - - [14/Apr/2025:06:52:38 -0400] "GET /exploring-vietnam-a-korean-travelers-guide/ HTTP/1.1" 200 18872 "-" "Mozilla/5.0 (Linux; Android 5.0) AppleWebKit/537.36 (KHTML, like Gecko) Mobile Safari/537.36 (compatible; TikTokSpider; ttspider-feedback@tiktok.com)"
198.54.114.83 - - [14/Apr/2025:06:53:51 -0400] "POST /wp-cron.php?doing_wp_cron=1744628030.1641719341278076171875 HTTP/1.1" 200 0 "-" "WordPress/6.7.2; https://creative-webstyle.com"
2400:9800:320:cdec:4165:323a:b0d:9716 - - [14/Apr/2025:06:53:49 -0400] "POST /wp-login.php HTTP/1.1" 200 1817 "https://creative-webstyle.com/wp-admin/" "Mozilla/5.0 (Windows NT 10.0; Win64; x64) AppleWebKit/537.36 (KHTML, like Gecko) Chrome/90.0.4430.85 Safari/537.36"
198.54.114.83 - - [14/Apr/2025:06:53:53 -0400] "POST /wp-admin/admin-ajax.php?action=async_litespeed&nonce=KNjmGcY6TLWzqCWIwMVbEsLXQbBfumcV&litespeed_type=imgoptm HTTP/1.1" 200 0 "-" "WordPress/6.7.2; https://creative-webstyle.com"
2400:9800:320:cdec:4165:323a:b0d:9716 - - [14/Apr/2025:06:53:52 -0400] "GET /wp-admin/ HTTP/1.1" 302 0 "www.google.com" "Mozilla/5.0 (Windows NT 10.0; Win64; x64) AppleWebKit/537.36 (KHTML, like Gecko) Chrome/90.0.4430.85 Safari/537.36"
198.54.114.83 - - [14/Apr/2025:06:53:54 -0400] "POST /wp-cron.php?doing_wp_cron=1744628033.5315589904785156250000 HTTP/1.1" 200 0 "-" "WordPress/6.7.2; https://creative-webstyle.com"
2400:9800:320:cdec:4165:323a:b0d:9716 - - [14/Apr/2025:06:53:55 -0400] "GET /wp-login.php?redirect_to=https%3A%2F%2Fcreative-webstyle.com%2Fwp-admin%2F&reauth=1 HTTP/1.1" 200 1692 "www.google.com" "Mozilla/5.0 (Windows NT 10.0; Win64; x64) AppleWebKit/537.36 (KHTML, like Gecko) Chrome/90.0.4430.85 Safari/537.36"
198.54.114.83 - - [14/Apr/2025:06:53:56 -0400] "POST /wp-admin/admin-ajax.php?action=async_litespeed&nonce=7MSXk2aIisOyZf4eX7sI1cEIpvYdc7wa&litespeed_type=imgoptm HTTP/1.1" 200 0 "-" "WordPress/6.7.2; https://creative-webstyle.com"
213.180.203.149 - - [14/Apr/2025:06:57:46 -0400] "GET /robots.txt HTTP/1.1" 304 0 "-" "Mozilla/5.0 (compatible; YandexBot/3.0; +http://yandex.com/bots)"
198.54.114.83 - - [14/Apr/2025:06:57:53 -0400] "POST /wp-cron.php?doing_wp_cron=1744628273.6306059360504150390625 HTTP/1.1" 200 0 "-" "WordPress/6.7.2; https://creative-webstyle.com"
198.54.114.83 - - [14/Apr/2025:06:57:56 -0400] "POST /wp-admin/admin-ajax.php?action=async_litespeed&nonce=jj78cI4bBVXeff0Ft7RMEETlVX9uNFRD&litespeed_type=imgoptm HTTP/1.1" 200 0 "-" "WordPress/6.7.2; https://creative-webstyle.com"
95.108.213.154 - - [14/Apr/2025:06:57:47 -0400] "GET /2024/08/ HTTP/1.1" 301 0 "-" "Mozilla/5.0 (compatible; YandexBot/3.0; +http://yandex.com/bots)"
5.255.231.162 - - [14/Apr/2025:06:57:59 -0400] "GET /robots.txt HTTP/1.1" 200 110 "-" "Mozilla/5.0 (compatible; YandexBot/3.0; +http://yandex.com/bots)"
213.180.203.105 - - [14/Apr/2025:06:58:00 -0400] "GET / HTTP/1.1" 200 78396 "-" "Mozilla/5.0 (compatible; YandexBot/3.0; +http://yandex.com/bots)"
198.54.114.83 - - [14/Apr/2025:07:03:51 -0400] "POST /wp-cron.php?doing_wp_cron=1744628629.7158629894256591796875 HTTP/1.1" 200 0 "-" "WordPress/6.7.2; https://creative-webstyle.com"
151.106.180.26 - - [14/Apr/2025:07:03:42 -0400] "GET /wp-content/uploads/2022/03/scrivere-per-la-seo-1024x776.jpg HTTP/1.1" 404 12643 "-" "Mozilla/5.0 (X11; Ubuntu; Linux x86_64; rv:72.0) Gecko/20100101 Firefox/72.0"
151.106.180.26 - - [14/Apr/2025:07:03:55 -0400] "GET /wp-content/uploads/2022/03/scrivere-per-la-seo-1024x776.jpg HTTP/1.1" 404 12643 "-" "Mozilla/5.0 (X11; Ubuntu; Linux x86_64; rv:72.0) Gecko/20100101 Firefox/72.0"
151.106.180.26 - - [14/Apr/2025:07:03:56 -0400] "GET /wp-content/uploads/2022/03/scrivere-per-la-seo-1024x776.jpg HTTP/1.1" 404 12643 "-" "Mozilla/5.0 (X11; Ubuntu; Linux x86_64; rv:72.0) Gecko/20100101 Firefox/72.0"
198.54.114.83 - - [14/Apr/2025:07:05:32 -0400] "POST /wp-cron.php?doing_wp_cron=1744628730.3589770793914794921875 HTTP/1.1" 200 0 "-" "WordPress/6.7.2; https://creative-webstyle.com"
47.128.121.98 - - [14/Apr/2025:07:05:27 -0400] "GET /mastering-the-rift-unlocking-strategies-in-league-of-legends/ HTTP/1.1" 200 18093 "-" "Mozilla/5.0 (Linux; Android 5.0) AppleWebKit/537.36 (KHTML, like Gecko) Mobile Safari/537.36 (compatible; TikTokSpider; ttspider-feedback@tiktok.com)"
198.54.114.83 - - [14/Apr/2025:07:08:52 -0400] "POST /wp-cron.php?doing_wp_cron=1744628931.4759340286254882812500 HTTP/1.1" 200 0 "-" "WordPress/6.7.2; https://creative-webstyle.com"
47.79.2.14 - - [14/Apr/2025:07:08:45 -0400] "GET /%E0%B8%AA%E0%B8%A5%E0%B9%87%E0%B8%AD%E0%B8%95888-%E0%B9%80%E0%B8%84%E0%B8%A3%E0%B8%94%E0%B8%B4%E0%B8%95%E0%B8%9F%E0%B8%A3%E0%B8%B5-%E0%B9%84%E0%B8%A1%E0%B9%88%E0%B8%95%E0%B9%89%E0%B8%AD%E0%B8%87 HTTP/1.1" 301 0 "https://creative-webstyle.com/%e0%b8%aa%e0%b8%a5%e0%b9%87%e0%b8%ad%e0%b8%95888-%e0%b9%80%e0%b8%84%e0%b8%a3%e0%b8%94%e0%b8%b4%e0%b8%95%e0%b8%9f%e0%b8%a3%e0%b8%b5-%e0%b9%84%e0%b8%a1%e0%b9%88%e0%b8%95%e0%b9%89%e0%b8%ad%e0%b8%87" "Mozilla/5.0 (Windows NT 10.0; Win64; x64) AppleWebKit/537.36 (KHTML, like Gecko) Chrome/114.0.0.0 Safari/537.36 Edg/114.0.1823.43"
198.54.114.83 - - [14/Apr/2025:07:08:54 -0400] "POST /wp-admin/admin-ajax.php?action=async_litespeed&nonce=SNzJqAWJrozHiqMFvPJvNkEwTADuqDIC&litespeed_type=imgoptm HTTP/1.1" 200 0 "-" "WordPress/6.7.2; https://creative-webstyle.com"
47.79.2.14 - - [14/Apr/2025:07:08:53 -0400] "GET /%E0%B8%AA%E0%B8%A5%E0%B9%87%E0%B8%AD%E0%B8%95888-%E0%B9%80%E0%B8%84%E0%B8%A3%E0%B8%94%E0%B8%B4%E0%B8%95%E0%B8%9F%E0%B8%A3%E0%B8%B5-%E0%B9%84%E0%B8%A1%E0%B9%88%E0%B8%95%E0%B9%89%E0%B8%AD%E0%B8%87/ HTTP/1.1" 500 13485 "https://creative-webstyle.com/%e0%b8%aa%e0%b8%a5%e0%b9%87%e0%b8%ad%e0%b8%95888-%e0%b9%80%e0%b8%84%e0%b8%a3%e0%b8%94%e0%b8%b4%e0%b8%95%e0%b8%9f%e0%b8%a3%e0%b8%b5-%e0%b9%84%e0%b8%a1%e0%b9%88%e0%b8%95%e0%b9%89%e0%b8%ad%e0%b8%87" "Mozilla/5.0 (Windows NT 10.0; Win64; x64) AppleWebKit/537.36 (KHTML, like Gecko) Chrome/114.0.0.0 Safari/537.36 Edg/114.0.1823.43"
47.128.16.121 - - [14/Apr/2025:07:09:24 -0400] "GET /how-to-prevent-thread-galling/ HTTP/1.1" 200 17939 "-" "Mozilla/5.0 (Linux; Android 5.0) AppleWebKit/537.36 (KHTML, like Gecko) Mobile Safari/537.36 (compatible; TikTokSpider; ttspider-feedback@tiktok.com)"
198.54.114.83 - - [14/Apr/2025:07:10:43 -0400] "POST /wp-cron.php?doing_wp_cron=1744629042.3706040382385253906250 HTTP/1.1" 200 0 "-" "WordPress/6.7.2; https://creative-webstyle.com"
40.77.167.149 - - [14/Apr/2025:07:10:41 -0400] "GET /2024/08/03/ HTTP/1.1" 301 0 "-" "Mozilla/5.0 AppleWebKit/537.36 (KHTML, like Gecko; compatible; bingbot/2.0; +http://www.bing.com/bingbot.htm) Chrome/116.0.1938.76 Safari/537.36"
198.54.114.83 - - [14/Apr/2025:07:11:51 -0400] "POST /wp-cron.php?doing_wp_cron=1744629109.2967479228973388671875 HTTP/1.1" 200 0 "-" "WordPress/6.7.2; https://creative-webstyle.com"
2a02:598:128:8a00::b00:a - - [14/Apr/2025:07:11:48 -0400] "GET /10-boxes-of-pure-quality/ HTTP/1.1" 200 17762 "-" "Mozilla/5.0 (compatible; SeznamBot/4.0; +https://o-seznam.cz/napoveda/vyhledavani/en/seznambot-crawler/)"
198.54.114.83 - - [14/Apr/2025:07:25:36 -0400] "POST /wp-cron.php?doing_wp_cron=1744629935.9145100116729736328125 HTTP/1.1" 200 0 "-" "WordPress/6.7.2; https://creative-webstyle.com"
2a03:2880:f800:: - - [14/Apr/2025:07:25:32 -0400] "GET /agriturismo-sul-lago-di-garda-con-spa/ HTTP/1.1" 200 17938 "-" "meta-externalagent/1.1 (+https://developers.facebook.com/docs/sharing/webmasters/crawler)"
198.54.114.83 - - [14/Apr/2025:07:25:38 -0400] "POST /wp-admin/admin-ajax.php?action=async_litespeed&nonce=r1Oomf9ZEXIXhPquMK5fll1JlVNntQY1&litespeed_type=imgoptm HTTP/1.1" 200 0 "-" "WordPress/6.7.2; https://creative-webstyle.com"
212.23.222.23 - - [14/Apr/2025:07:38:00 -0400] "GET / HTTP/1.1" 200 78396 "-" "Timpibot/0.9 (+http://www.timpi.io)"
198.54.114.83 - - [14/Apr/2025:07:39:19 -0400] "POST /wp-admin/admin-ajax.php?action=async_litespeed&nonce=3hb3DQW0qocL61zPoZtbuPxIf0mNSvOL&litespeed_type=imgoptm HTTP/1.1" 200 0 "-" "WordPress/6.7.2; https://creative-webstyle.com"
91.84.98.204 - - [14/Apr/2025:07:40:44 -0400] "GET /why-composite-doors-are-perfect-for-homes-across-south-wales/ HTTP/1.1" 200 18294 "-" "Mozilla/5.0 (Windows NT 10.0; Win64; x64) AppleWebKit/537.36 (KHTML, like Gecko) Chrome/114.0.0.0 Safari/537.36"
91.84.98.204 - - [14/Apr/2025:07:51:29 -0400] "GET /why-composite-doors-are-perfect-for-homes-across-south-wales/ HTTP/1.1" 200 18294 "-" "Mozilla/5.0 (Windows NT 10.0; Win64; x64) AppleWebKit/537.36 (KHTML, like Gecko) Chrome/114.0.0.0 Safari/537.36"
198.54.114.83 - - [14/Apr/2025:07:59:51 -0400] "POST /wp-cron.php?doing_wp_cron=1744631990.8312740325927734375000 HTTP/1.1" 200 0 "-" "WordPress/6.7.2; https://creative-webstyle.com"
78.138.127.62 - - [14/Apr/2025:07:59:44 -0400] "GET /the-importance-of-hiring-a-scheidungsanwalt-hattingen/ HTTP/1.1" 200 18286 "-" "Mozilla/5.0 (Windows NT 10.0; Win64; x64) AppleWebKit/537.36 (KHTML, like Gecko) Chrome/114.0.0.0 Safari/537.36"
198.54.114.83 - - [14/Apr/2025:07:59:53 -0400] "POST /wp-admin/admin-ajax.php?action=async_litespeed&nonce=d0xn3htvb17arBSdNMyjLv0y9iPAf27J&litespeed_type=imgoptm HTTP/1.1" 200 0 "-" "WordPress/6.7.2; https://creative-webstyle.com"
198.54.114.83 - - [14/Apr/2025:08:02:25 -0400] "POST /wp-cron.php?doing_wp_cron=1744632144.7975859642028808593750 HTTP/1.1" 200 0 "-" "WordPress/6.7.2; https://creative-webstyle.com"
2a03:2880:f800:c:: - - [14/Apr/2025:08:02:21 -0400] "GET /gaming-betting/ HTTP/1.1" 200 18195 "-" "meta-externalagent/1.1 (+https://developers.facebook.com/docs/sharing/webmasters/crawler)"
198.54.114.83 - - [14/Apr/2025:08:02:25 -0400] "POST /wp-admin/admin-ajax.php?action=async_litespeed&nonce=3s2qW4XL3ST22B3ELGNQHbwWCQ65RITX&litespeed_type=imgoptm HTTP/1.1" 200 5 "-" "WordPress/6.7.2; https://creative-webstyle.com"
198.54.114.83 - - [14/Apr/2025:08:03:00 -0400] "POST /wp-cron.php?doing_wp_cron=1744632180.0586409568786621093750 HTTP/1.1" 200 0 "-" "WordPress/6.7.2; https://creative-webstyle.com"
2a02:598:128:8a00::b00:a - - [14/Apr/2025:08:02:59 -0400] "GET /eine-reise-durch-die-welt-der-musik/ HTTP/1.1" 200 17902 "-" "Mozilla/5.0 (compatible; SeznamBot/4.0; +https://o-seznam.cz/napoveda/vyhledavani/en/seznambot-crawler/)"
198.54.114.83 - - [14/Apr/2025:08:03:02 -0400] "POST /wp-admin/admin-ajax.php?action=async_litespeed&nonce=o0jTy32bawGjKquHpAm8uaf1UZ4uLM3c&litespeed_type=imgoptm HTTP/1.1" 200 0 "-" "WordPress/6.7.2; https://creative-webstyle.com"
198.54.114.83 - - [14/Apr/2025:08:04:16 -0400] "POST /wp-cron.php?doing_wp_cron=1744632255.5290539264678955078125 HTTP/1.1" 200 0 "-" "WordPress/6.7.2; https://creative-webstyle.com"
2a03:2880:f800:3:: - - [14/Apr/2025:08:04:15 -0400] "GET /where-to-buy-1000-tiktok-followers-cheap/ HTTP/1.1" 200 18013 "-" "meta-externalagent/1.1 (+https://developers.facebook.com/docs/sharing/webmasters/crawler)"
198.54.114.83 - - [14/Apr/2025:08:04:18 -0400] "POST /wp-admin/admin-ajax.php?action=async_litespeed&nonce=odqUWLnDZrBGfujJLb9michq6ErCCoK3&litespeed_type=imgoptm HTTP/1.1" 200 0 "-" "WordPress/6.7.2; https://creative-webstyle.com"
198.54.114.83 - - [14/Apr/2025:08:06:05 -0400] "POST /wp-cron.php?doing_wp_cron=1744632365.2929999828338623046875 HTTP/1.1" 200 0 "-" "WordPress/6.7.2; https://creative-webstyle.com"
2a02:598:128:8a00::b00:15 - - [14/Apr/2025:08:06:01 -0400] "GET /smart-strategies-to-save-money-on-tires/ HTTP/1.1" 200 17974 "-" "Mozilla/5.0 (compatible; SeznamBot/4.0; +https://o-seznam.cz/napoveda/vyhledavani/en/seznambot-crawler/)"
198.54.114.83 - - [14/Apr/2025:08:06:06 -0400] "POST /wp-admin/admin-ajax.php?action=async_litespeed&nonce=sQqxaxOlH45hEaO68zvIdtPsqdsgkTGP&litespeed_type=imgoptm HTTP/1.1" 200 0 "-" "WordPress/6.7.2; https://creative-webstyle.com"
103.156.100.9 - - [14/Apr/2025:08:07:36 -0400] "GET /wp-login.php HTTP/1.1" 200 1693 "-" "Mozilla/5.0 (Windows NT 10.0; Win64; x64) AppleWebKit/537.36 (KHTML, like Gecko) Chrome/135.0.0.0 Safari/537.36"
198.54.114.83 - - [14/Apr/2025:08:07:40 -0400] "POST /wp-cron.php?doing_wp_cron=1744632459.6099820137023925781250 HTTP/1.1" 200 0 "-" "WordPress/6.7.2; https://creative-webstyle.com"
38.94.178.252 - - [14/Apr/2025:08:16:13 -0400] "GET / HTTP/1.1" 200 78396 "-" "Mozilla/5.0 (Windows NT 10.0; Win64; x64) AppleWebKit/537.36 (KHTML, like Gecko) Chrome/86.0.4240.111 Safari/537.36"
198.54.114.83 - - [14/Apr/2025:08:20:15 -0400] "POST /wp-cron.php?doing_wp_cron=1744633213.9333639144897460937500 HTTP/1.1" 200 0 "-" "WordPress/6.7.2; https://creative-webstyle.com"
2a02:598:128:8a00::b00:15 - - [14/Apr/2025:08:20:07 -0400] "GET /how-to-add-custom-chat-commands-in-streamlabs-2024/ HTTP/1.1" 200 0 "-" "Mozilla/5.0 (compatible; SeznamBot/4.0; +https://o-seznam.cz/napoveda/vyhledavani/en/seznambot-crawler/)"
198.54.114.83 - - [14/Apr/2025:08:20:16 -0400] "POST /wp-admin/admin-ajax.php?action=async_litespeed&nonce=EKfGrj6Ti2gBg8VU8u25xtoIHvPNT2wG&litespeed_type=imgoptm HTTP/1.1" 200 0 "-" "WordPress/6.7.2; https://creative-webstyle.com"
47.238.14.0 - - [14/Apr/2025:08:26:46 -0400] "GET /betting-money-site HTTP/1.1" 301 0 "-" "Mozilla/5.0 (Macintosh; Intel Mac OS X 10_15_7) AppleWebKit/537.36 (KHTML, like Gecko) Chrome/109.0.0.0 Safari/537.36"
198.54.114.83 - - [14/Apr/2025:08:26:54 -0400] "POST /wp-cron.php?doing_wp_cron=1744633613.2229840755462646484375 HTTP/1.1" 200 0 "-" "WordPress/6.7.2; https://creative-webstyle.com"
47.238.14.0 - - [14/Apr/2025:08:26:55 -0400] "GET /betting-money-site/ HTTP/1.1" 200 17801 "https://creative-webstyle.com/betting-money-site" "Mozilla/5.0 (Macintosh; Intel Mac OS X 10_15_7) AppleWebKit/537.36 (KHTML, like Gecko) Chrome/109.0.0.0 Safari/537.36"
198.54.114.83 - - [14/Apr/2025:08:28:44 -0400] "POST /wp-admin/admin-ajax.php?action=async_litespeed&nonce=LcNVxyGf9AbmbLhGXbFNb1OBpk7VYTcD&litespeed_type=imgoptm HTTP/1.1" 200 0 "-" "WordPress/6.7.2; https://creative-webstyle.com"
83.217.213.120 - - [14/Apr/2025:08:29:59 -0400] "GET /hvac-systems-and-mold/ HTTP/1.1" 200 19424 "https://creative-webstyle.com/hvac-systems-and-mold/#comment-19688/" "Mozilla/5.0 (Windows NT 10.0; Win64; x64) AppleWebKit/537.36 (KHTML, like Gecko) Chrome/130.0.0.0 Safari/537.36 CCleaner/130.0.0.0"
83.217.213.120 - - [14/Apr/2025:08:30:00 -0400] "POST /wp-comments-post.php HTTP/1.1" 302 0 "https://creative-webstyle.com/hvac-systems-and-mold/#comment-19688/" "Mozilla/5.0 (Windows NT 10.0; Win64; x64) AppleWebKit/537.36 (KHTML, like Gecko) Chrome/130.0.0.0 Safari/537.36 CCleaner/130.0.0.0"
83.217.213.120 - - [14/Apr/2025:08:30:04 -0400] "GET /hvac-systems-and-mold/ HTTP/1.1" 200 26814 "https://creative-webstyle.com/hvac-systems-and-mold/#comment-35156" "Mozilla/5.0 (Windows NT 10.0; Win64; x64) AppleWebKit/537.36 (KHTML, like Gecko) Chrome/130.0.0.0 Safari/537.36 CCleaner/130.0.0.0"
83.217.213.120 - - [14/Apr/2025:08:30:57 -0400] "GET /hvac-systems-and-mold/ HTTP/1.1" 200 19424 "https://creative-webstyle.com/hvac-systems-and-mold/#comment-19688/" "Mozilla/5.0 (Windows NT 10.0; Win64; x64) AppleWebKit/537.36 (KHTML, like Gecko) Chrome/131.0.0.0 Safari/537.36"
198.54.114.83 - - [14/Apr/2025:08:31:00 -0400] "POST /wp-cron.php?doing_wp_cron=1744633859.5339260101318359375000 HTTP/1.1" 200 0 "-" "WordPress/6.7.2; https://creative-webstyle.com"
83.217.213.120 - - [14/Apr/2025:08:30:59 -0400] "POST /wp-comments-post.php HTTP/1.1" 302 0 "https://creative-webstyle.com/hvac-systems-and-mold/#comment-19688/" "Mozilla/5.0 (Windows NT 10.0; Win64; x64) AppleWebKit/537.36 (KHTML, like Gecko) Chrome/131.0.0.0 Safari/537.36"
198.54.114.83 - - [14/Apr/2025:08:31:02 -0400] "POST /wp-admin/admin-ajax.php?action=async_litespeed&nonce=ZFr54T4nxY8KUzsMUoEyTIj4ouRo5zx4&litespeed_type=imgoptm HTTP/1.1" 200 0 "-" "WordPress/6.7.2; https://creative-webstyle.com"
83.217.213.120 - - [14/Apr/2025:08:31:04 -0400] "GET /hvac-systems-and-mold/ HTTP/1.1" 200 37022 "https://creative-webstyle.com/hvac-systems-and-mold/#comment-35157" "Mozilla/5.0 (Windows NT 10.0; Win64; x64) AppleWebKit/537.36 (KHTML, like Gecko) Chrome/131.0.0.0 Safari/537.36"
152.42.172.190 - - [14/Apr/2025:08:32:22 -0400] "GET / HTTP/1.1" 200 78396 "-" "python-requests/2.32.3"
198.54.114.83 - - [14/Apr/2025:08:32:25 -0400] "POST /wp-cron.php?doing_wp_cron=1744633944.5085580348968505859375 HTTP/1.1" 200 0 "-" "WordPress/6.7.2; https://creative-webstyle.com"
152.42.172.190 - - [14/Apr/2025:08:32:23 -0400] "GET /wp-content/plugins/wp-time-capsule/wp-tcapsule-bridge/upload.php HTTP/1.1" 404 12638 "-" "python-requests/2.32.3"
198.54.114.83 - - [14/Apr/2025:08:32:26 -0400] "POST /wp-admin/admin-ajax.php?action=async_litespeed&nonce=NQr9mcUZergDulaSW9Scub8IDO3tv59h&litespeed_type=imgoptm HTTP/1.1" 200 0 "-" "WordPress/6.7.2; https://creative-webstyle.com"
198.54.114.83 - - [14/Apr/2025:08:34:51 -0400] "POST /wp-cron.php?doing_wp_cron=1744634090.4127919673919677734375 HTTP/1.1" 200 0 "-" "WordPress/6.7.2; https://creative-webstyle.com"
198.54.114.83 - - [14/Apr/2025:08:34:52 -0400] "POST /wp-admin/admin-ajax.php?action=async_litespeed&nonce=Epx7Xx3aeIj3G2vvTKMo1xohLMKqrTNF&litespeed_type=imgoptm HTTP/1.1" 200 0 "-" "WordPress/6.7.2; https://creative-webstyle.com"
2a03:2880:f800:17:: - - [14/Apr/2025:08:34:45 -0400] "GET /navigating-legal-challenges-with-an-oui-lawyer/ HTTP/1.1" 200 18241 "-" "meta-externalagent/1.1 (+https://developers.facebook.com/docs/sharing/webmasters/crawler)"
198.54.114.83 - - [14/Apr/2025:08:35:55 -0400] "POST /wp-cron.php?doing_wp_cron=1744634154.8314740657806396484375 HTTP/1.1" 200 0 "-" "WordPress/6.7.2; https://creative-webstyle.com"
198.54.114.83 - - [14/Apr/2025:08:35:56 -0400] "POST /wp-admin/admin-ajax.php?action=async_litespeed&nonce=EiIQIxtYJn60UKqFPdmtnXH14GMqKvta&litespeed_type=imgoptm HTTP/1.1" 200 0 "-" "WordPress/6.7.2; https://creative-webstyle.com"
178.168.34.50 - - [14/Apr/2025:08:35:53 -0400] "GET /hvac-systems-and-mold/ HTTP/1.1" 200 19424 "-" "Mozilla/5.0 (Windows NT 10.0; Win64; x64) AppleWebKit/537.36 (KHTML, like Gecko) Chrome/130.0.0.0 Safari/537.36 CCleaner/130.0.0.0"
198.54.114.83 - - [14/Apr/2025:08:37:00 -0400] "POST /wp-cron.php?doing_wp_cron=1744634219.7943110466003417968750 HTTP/1.1" 200 0 "-" "WordPress/6.7.2; https://creative-webstyle.com"
47.128.121.68 - - [14/Apr/2025:08:36:59 -0400] "GET /navigating-loan-options-for-foreigners-in-singapore/ HTTP/1.1" 200 18074 "-" "Mozilla/5.0 (Linux; Android 5.0) AppleWebKit/537.36 (KHTML, like Gecko) Mobile Safari/537.36 (compatible; TikTokSpider; ttspider-feedback@tiktok.com)"
198.54.114.83 - - [14/Apr/2025:08:37:01 -0400] "POST /wp-admin/admin-ajax.php?action=async_litespeed&nonce=zmczw9GoE49BjLUDbqSrI2wUn5PijgoJ&litespeed_type=imgoptm HTTP/1.1" 200 0 "-" "WordPress/6.7.2; https://creative-webstyle.com"
198.54.114.83 - - [14/Apr/2025:08:38:07 -0400] "POST /wp-cron.php?doing_wp_cron=1744634286.3441429138183593750000 HTTP/1.1" 200 0 "-" "WordPress/6.7.2; https://creative-webstyle.com"
52.167.144.169 - - [14/Apr/2025:08:38:05 -0400] "GET /a-nusa-penida-day-tour/ HTTP/1.1" 200 18043 "-" "Mozilla/5.0 AppleWebKit/537.36 (KHTML, like Gecko; compatible; bingbot/2.0; +http://www.bing.com/bingbot.htm) Chrome/116.0.1938.76 Safari/537.36"
198.54.114.83 - - [14/Apr/2025:08:38:09 -0400] "POST /wp-admin/admin-ajax.php?action=async_litespeed&nonce=JU4azwtqBkoveh1mnz4EJYzfMhbmZto4&litespeed_type=imgoptm HTTP/1.1" 200 0 "-" "WordPress/6.7.2; https://creative-webstyle.com"
98.85.92.10 - - [14/Apr/2025:08:41:00 -0400] "GET /ivf-clinics-in-sharjah/ HTTP/1.1" 200 18289 "-" "Grammarly/1.0 (http://www.grammarly.com)"
198.54.114.83 - - [14/Apr/2025:08:41:07 -0400] "POST /wp-cron.php?doing_wp_cron=1744634464.6986939907073974609375 HTTP/1.1" 200 0 "-" "WordPress/6.7.2; https://creative-webstyle.com"
2a02:598:128:8a00::b00:15 - - [14/Apr/2025:08:42:05 -0400] "GET /relaxation-for-the-busy-professional/feed/ HTTP/1.1" 200 391 "-" "Mozilla/5.0 (compatible; SeznamBot/4.0; +https://o-seznam.cz/napoveda/vyhledavani/en/seznambot-crawler/)"
198.54.114.83 - - [14/Apr/2025:08:42:07 -0400] "POST /wp-cron.php?doing_wp_cron=1744634525.4792740345001220703125 HTTP/1.1" 200 0 "-" "WordPress/6.7.2; https://creative-webstyle.com"
185.191.171.2 - - [14/Apr/2025:08:46:55 -0400] "GET /robots.txt HTTP/1.1" 304 0 "-" "Mozilla/5.0 (compatible; SemrushBot/7~bl; +http://www.semrush.com/bot.html)"
198.54.114.83 - - [14/Apr/2025:08:47:02 -0400] "POST /wp-cron.php?doing_wp_cron=1744634821.1176490783691406250000 HTTP/1.1" 200 0 "-" "WordPress/6.7.2; https://creative-webstyle.com"
185.191.171.5 - - [14/Apr/2025:08:46:56 -0400] "GET /baby-seat-for-maxi-cab-melbourne/ HTTP/1.1" 200 18806 "-" "Mozilla/5.0 (compatible; SemrushBot/7~bl; +http://www.semrush.com/bot.html)"
198.54.114.83 - - [14/Apr/2025:08:47:03 -0400] "POST /wp-admin/admin-ajax.php?action=async_litespeed&nonce=i6QVTog5sYmmGnjv2Hyoa0OBeWYizIMF&litespeed_type=imgoptm HTTP/1.1" 200 0 "-" "WordPress/6.7.2; https://creative-webstyle.com"
198.54.114.83 - - [14/Apr/2025:08:50:43 -0400] "POST /wp-cron.php?doing_wp_cron=1744635040.9987559318542480468750 HTTP/1.1" 200 0 "-" "WordPress/6.7.2; https://creative-webstyle.com"
2a01:4f8:241:42e4::2 - - [14/Apr/2025:08:50:36 -0400] "GET /the-evolution-of-soccer-grip-socks/ HTTP/1.1" 200 18252 "-" "Mozilla/5.0 (Windows NT 10.0; Win64; x64) AppleWebKit/537.36 (KHTML, like Gecko) Chrome/120.0.0.0 Safari/537.36"
198.54.114.83 - - [14/Apr/2025:09:07:23 -0400] "POST /wp-cron.php?doing_wp_cron=1744636041.5827751159667968750000 HTTP/1.1" 200 0 "-" "WordPress/6.7.2; https://creative-webstyle.com"
2a03:2880:f800:1b:: - - [14/Apr/2025:09:07:16 -0400] "GET /customized-socks-with-logo/ HTTP/1.1" 200 18265 "-" "meta-externalagent/1.1 (+https://developers.facebook.com/docs/sharing/webmasters/crawler)"
195.2.75.216 - - [14/Apr/2025:09:11:33 -0400] "GET /hvac-systems-and-mold/ HTTP/1.1" 200 19424 "https://creative-webstyle.com/hvac-systems-and-mold/#comment-19688/" "Mozilla/5.0 (Windows NT 10.0; Win64; x64) AppleWebKit/537.36 (KHTML, like Gecko) Chrome/131.0.0.0 Safari/537.36 Avast/131.0.0.0"
195.2.75.216 - - [14/Apr/2025:09:11:36 -0400] "POST /wp-comments-post.php HTTP/1.1" 302 0 "https://creative-webstyle.com/hvac-systems-and-mold/#comment-19688/" "Mozilla/5.0 (Windows NT 10.0; Win64; x64) AppleWebKit/537.36 (KHTML, like Gecko) Chrome/131.0.0.0 Safari/537.36 Avast/131.0.0.0"
198.54.114.83 - - [14/Apr/2025:09:11:44 -0400] "POST /wp-cron.php?doing_wp_cron=1744636301.5538599491119384765625 HTTP/1.1" 200 0 "-" "WordPress/6.7.2; https://creative-webstyle.com"
195.2.75.216 - - [14/Apr/2025:09:11:46 -0400] "GET /hvac-systems-and-mold/ HTTP/1.1" 200 22971 "https://creative-webstyle.com/hvac-systems-and-mold/#comment-35158" "Mozilla/5.0 (Windows NT 10.0; Win64; x64) AppleWebKit/537.36 (KHTML, like Gecko) Chrome/131.0.0.0 Safari/537.36 Avast/131.0.0.0"
198.54.114.83 - - [14/Apr/2025:09:13:02 -0400] "POST /wp-admin/admin-ajax.php?action=async_litespeed&nonce=S0VEnrDwK4SSEWxItOGbWjJ1tZjjB6Qa&litespeed_type=imgoptm HTTP/1.1" 200 0 "-" "WordPress/6.7.2; https://creative-webstyle.com"
178.68.117.5 - - [14/Apr/2025:09:16:41 -0400] "GET /hvac-systems-and-mold/ HTTP/1.1" 200 19424 "https://creative-webstyle.com/hvac-systems-and-mold/#comment-34683" "Mozilla/5.0 (Windows NT 10.0; Win64; x64) AppleWebKit/537.36 (KHTML, like Gecko) Chrome/131.0.0.0 Safari/537.36 Avast/131.0.0.0"
198.54.114.83 - - [14/Apr/2025:09:16:50 -0400] "POST /wp-cron.php?doing_wp_cron=1744636610.2497520446777343750000 HTTP/1.1" 200 0 "-" "WordPress/6.7.2; https://creative-webstyle.com"
178.68.117.5 - - [14/Apr/2025:09:16:44 -0400] "POST /wp-comments-post.php HTTP/1.1" 409 1002 "https://creative-webstyle.com/hvac-systems-and-mold/#comment-34683" "Mozilla/5.0 (Windows NT 10.0; Win64; x64) AppleWebKit/537.36 (KHTML, like Gecko) Chrome/131.0.0.0 Safari/537.36 Avast/131.0.0.0"
198.54.114.83 - - [14/Apr/2025:09:16:52 -0400] "POST /wp-admin/admin-ajax.php?action=async_litespeed&nonce=ej3vNyG5O5eSCfMTkLd0BCX2OPOn2ubh&litespeed_type=imgoptm HTTP/1.1" 200 0 "-" "WordPress/6.7.2; https://creative-webstyle.com"
178.68.117.5 - - [14/Apr/2025:09:16:55 -0400] "GET /hvac-systems-and-mold/ HTTP/1.1" 200 19424 "https://creative-webstyle.com/hvac-systems-and-mold/#comment-34683" "Mozilla/5.0 (Windows NT 10.0; Win64; x64) AppleWebKit/537.36 (KHTML, like Gecko) Chrome/131.0.0.0 Safari/537.36 Avast/131.0.0.0"
198.54.114.83 - - [14/Apr/2025:09:17:02 -0400] "POST /wp-cron.php?doing_wp_cron=1744636621.7228810787200927734375 HTTP/1.1" 200 0 "-" "WordPress/6.7.2; https://creative-webstyle.com"
178.68.117.5 - - [14/Apr/2025:09:17:01 -0400] "GET /author/jorge/ HTTP/1.1" 301 0 "https://creative-webstyle.com/author/jorge/" "Mozilla/5.0 (Windows NT 10.0; Win64; x64) AppleWebKit/537.36 (KHTML, like Gecko) Chrome/131.0.0.0 Safari/537.36 Avast/131.0.0.0"
198.54.114.83 - - [14/Apr/2025:09:17:03 -0400] "POST /wp-admin/admin-ajax.php?action=async_litespeed&nonce=dQzibxdy8wuRopi9VbPAGvg4LmUzYwCG&litespeed_type=imgoptm HTTP/1.1" 200 0 "-" "WordPress/6.7.2; https://creative-webstyle.com"
198.54.114.83 - - [14/Apr/2025:09:19:35 -0400] "POST /wp-cron.php?doing_wp_cron=1744636773.7586290836334228515625 HTTP/1.1" 200 0 "-" "WordPress/6.7.2; https://creative-webstyle.com"
85.208.96.197 - - [14/Apr/2025:09:19:28 -0400] "GET /fenbendazol-for-cancer/ HTTP/1.1" 200 17616 "-" "Mozilla/5.0 (compatible; SemrushBot/7~bl; +http://www.semrush.com/bot.html)"
198.54.114.83 - - [14/Apr/2025:09:22:35 -0400] "POST /wp-cron.php?doing_wp_cron=1744636955.4015719890594482421875 HTTP/1.1" 200 0 "-" "WordPress/6.7.2; https://creative-webstyle.com"
112.92.74.179 - - [14/Apr/2025:09:22:30 -0400] "GET /black-and-gold-bedside-lamps/ HTTP/1.1" 200 18232 "-" "Mozilla/5.0 (Windows NT 6.1; WOW64) AppleWebKit/537.36 (KHTML, like Gecko) Chrome/34.0.1847.131 Safari/537.36"
198.54.114.83 - - [14/Apr/2025:09:22:38 -0400] "POST /wp-admin/admin-ajax.php?action=async_litespeed&nonce=CR66vtL7j6NMo4wBwlvB2G7VRUCYfQiT&litespeed_type=imgoptm HTTP/1.1" 200 0 "-" "WordPress/6.7.2; https://creative-webstyle.com"
198.54.114.83 - - [14/Apr/2025:09:23:22 -0400] "POST /wp-cron.php?doing_wp_cron=1744637002.2420089244842529296875 HTTP/1.1" 200 0 "-" "WordPress/6.7.2; https://creative-webstyle.com"
2a03:2880:f800:b:: - - [14/Apr/2025:09:23:21 -0400] "GET /pressure-wash/ HTTP/1.1" 200 17272 "-" "meta-externalagent/1.1 (+https://developers.facebook.com/docs/sharing/webmasters/crawler)"
198.54.114.83 - - [14/Apr/2025:09:23:24 -0400] "POST /wp-admin/admin-ajax.php?action=async_litespeed&nonce=hiez08nAWeBVvyKuuOvFUiWSQc2B7DCK&litespeed_type=imgoptm HTTP/1.1" 200 0 "-" "WordPress/6.7.2; https://creative-webstyle.com"
198.54.114.83 - - [14/Apr/2025:09:24:04 -0400] "POST /wp-admin/admin-ajax.php?action=async_litespeed&nonce=pR2z87WOQUbCuJ99TRGgxvzAugRSjhDM&litespeed_type=imgoptm HTTP/1.1" 200 0 "-" "WordPress/6.7.2; https://creative-webstyle.com"
198.54.114.83 - - [14/Apr/2025:09:39:11 -0400] "POST /wp-cron.php?doing_wp_cron=1744637951.3696999549865722656250 HTTP/1.1" 200 0 "-" "WordPress/6.7.2; https://creative-webstyle.com"
198.54.114.83 - - [14/Apr/2025:09:39:13 -0400] "POST /wp-admin/admin-ajax.php?action=async_litespeed&nonce=mAOzXkrApHHO64oCRPr3OyVuKPUy3oMZ&litespeed_type=imgoptm HTTP/1.1" 200 0 "-" "WordPress/6.7.2; https://creative-webstyle.com"
185.191.171.16 - - [14/Apr/2025:09:39:05 -0400] "GET /navigating-justice-die-vielseitigkeit-eines-anwalts-enthullen/ HTTP/1.1" 200 18952 "-" "Mozilla/5.0 (compatible; SemrushBot/7~bl; +http://www.semrush.com/bot.html)"
2a02:598:128:8a00::b00:15 - - [14/Apr/2025:09:39:14 -0400] "GET /how-generative-ai-is-transforming-customer-service/ HTTP/1.1" 200 108623 "-" "Mozilla/5.0 (compatible; SeznamBot/4.0; +https://o-seznam.cz/napoveda/vyhledavani/en/seznambot-crawler/)"
157.90.182.30 - - [14/Apr/2025:09:43:01 -0400] "GET /robots.txt HTTP/1.1" 304 0 "-" "Mozilla/5.0 (compatible; BLEXBot/1.0; +https://help.seranking.com/en/blex-crawler)"
157.90.182.30 - - [14/Apr/2025:09:43:03 -0400] "GET / HTTP/1.1" 200 78396 "-" "Mozilla/5.0 (compatible; BLEXBot/1.0; +https://help.seranking.com/en/blex-crawler)"
198.54.114.83 - - [14/Apr/2025:09:44:35 -0400] "POST /wp-cron.php?doing_wp_cron=1744638274.1946411132812500000000 HTTP/1.1" 200 0 "-" "WordPress/6.7.2; https://creative-webstyle.com"
47.128.111.114 - - [14/Apr/2025:09:44:27 -0400] "GET /apprenez-a-connaitre-le-fond-decran-erp/ HTTP/1.1" 200 17960 "-" "Mozilla/5.0 (Linux; Android 5.0) AppleWebKit/537.36 (KHTML, like Gecko) Mobile Safari/537.36 (compatible; TikTokSpider; ttspider-feedback@tiktok.com)"
198.54.114.83 - - [14/Apr/2025:09:49:32 -0400] "POST /wp-cron.php?doing_wp_cron=1744638572.1709430217742919921875 HTTP/1.1" 200 0 "-" "WordPress/6.7.2; https://creative-webstyle.com"
159.100.22.26 - - [14/Apr/2025:09:49:33 -0400] "GET / HTTP/1.1" 200 78396 "-" "Screaming Frog SEO Spider/16.7"
47.128.122.103 - - [14/Apr/2025:09:49:26 -0400] "GET /a-glimpse-into-luxury-living-exploring-the-hillhaven-showflat/ HTTP/1.1" 200 18105 "-" "Mozilla/5.0 (Linux; Android 5.0) AppleWebKit/537.36 (KHTML, like Gecko) Mobile Safari/537.36 (compatible; TikTokSpider; ttspider-feedback@tiktok.com)"
198.54.114.83 - - [14/Apr/2025:09:49:35 -0400] "POST /wp-admin/admin-ajax.php?action=async_litespeed&nonce=GzsXBWHGpsc2730cZtJMpVJ6krY1AHHS&litespeed_type=imgoptm HTTP/1.1" 200 0 "-" "WordPress/6.7.2; https://creative-webstyle.com"
198.54.114.83 - - [14/Apr/2025:09:50:57 -0400] "POST /wp-admin/admin-ajax.php?action=async_litespeed&nonce=c3rxLiga4yTlQmYVhqyNPY9IPRL1Aqod&litespeed_type=imgoptm HTTP/1.1" 200 0 "-" "WordPress/6.7.2; https://creative-webstyle.com"
111.225.148.183 - - [14/Apr/2025:09:51:17 -0400] "GET /robots.txt HTTP/1.1" 304 0 "-" "Mozilla/5.0 (Linux; Android 5.0) AppleWebKit/537.36 (KHTML, like Gecko) Mobile Safari/537.36 (compatible; Bytespider; https://zhanzhang.toutiao.com/)"
198.54.114.83 - - [14/Apr/2025:09:51:56 -0400] "POST /wp-admin/admin-ajax.php?action=async_litespeed&nonce=bKNlh7qB8b7APPA0RaZQXAJAee6CoP3v&litespeed_type=imgoptm HTTP/1.1" 200 0 "-" "WordPress/6.7.2; https://creative-webstyle.com"
2a02:598:128:8a00::b00:15 - - [14/Apr/2025:09:52:20 -0400] "GET /the-sirius-power-gaming-keyboard/ HTTP/1.1" 200 18193 "-" "Mozilla/5.0 (compatible; SeznamBot/4.0; +https://o-seznam.cz/napoveda/vyhledavani/en/seznambot-crawler/)"
198.54.114.83 - - [14/Apr/2025:09:54:09 -0400] "POST /wp-cron.php?doing_wp_cron=1744638848.8470048904418945312500 HTTP/1.1" 200 0 "-" "WordPress/6.7.2; https://creative-webstyle.com"
58.254.68.38 - - [14/Apr/2025:09:54:03 -0400] "GET /customized-socks-with-logo/ HTTP/1.1" 200 18265 "-" "Mozilla/5.0 (Windows NT 10.0; Win64; x64) AppleWebKit/537.36 (KHTML, like Gecko) Chrome/114.0.0.0 Safari/537.36"
198.54.114.83 - - [14/Apr/2025:09:54:11 -0400] "POST /wp-admin/admin-ajax.php?action=async_litespeed&nonce=w48O7PdM0LNzxrIrISvuYiGuaNWWr0Sv&litespeed_type=imgoptm HTTP/1.1" 200 0 "-" "WordPress/6.7.2; https://creative-webstyle.com"
198.54.114.83 - - [14/Apr/2025:10:04:18 -0400] "POST /wp-admin/admin-ajax.php?action=async_litespeed&nonce=N8Lj2zDhoB7FsmNdqvuGktI65l4RVsgq&litespeed_type=imgoptm HTTP/1.1" 200 0 "-" "WordPress/6.7.2; https://creative-webstyle.com"
198.54.114.83 - - [14/Apr/2025:10:06:00 -0400] "POST /wp-admin/admin-ajax.php?action=async_litespeed&nonce=8Q3fXNimI7ZknbvosNHp61XJFMoOiN0o&litespeed_type=imgoptm HTTP/1.1" 200 0 "-" "WordPress/6.7.2; https://creative-webstyle.com"
135.119.140.236 - - [14/Apr/2025:10:06:07 -0400] "HEAD /new-approach-prevents-skin-cancer-using-photodynamic-therapy-pdt/ HTTP/1.1" 200 0 "http://creative-webstyle.com/new" "Mozilla/5.0 (Windows NT 10.0; Win64; x64) AppleWebKit/537.36 (KHTML, like Gecko) Chrome/74.0.3729.169 Safari/537.36"
135.119.140.236 - - [14/Apr/2025:10:06:11 -0400] "HEAD /home-automation-companies/ HTTP/1.1" 200 0 "http://creative-webstyle.com/home" "Mozilla/5.0 (Windows NT 10.0; Win64; x64) AppleWebKit/537.36 (KHTML, like Gecko) Chrome/74.0.3729.169 Safari/537.36"
198.54.114.83 - - [14/Apr/2025:10:07:24 -0400] "POST /wp-admin/admin-ajax.php?action=async_litespeed&nonce=ePuBtdYU0F7wtAEgQodLNfqcI3c82fZY&litespeed_type=imgoptm HTTP/1.1" 200 0 "-" "WordPress/6.7.2; https://creative-webstyle.com"
198.54.114.83 - - [14/Apr/2025:10:08:40 -0400] "POST /wp-admin/admin-ajax.php?action=async_litespeed&nonce=KCDdCPifOsInWb8y9gvy07BmomTCUDBK&litespeed_type=imgoptm HTTP/1.1" 200 5 "-" "WordPress/6.7.2; https://creative-webstyle.com"
198.54.114.83 - - [14/Apr/2025:10:15:25 -0400] "POST /wp-cron.php?doing_wp_cron=1744640125.3080220222473144531250 HTTP/1.1" 200 0 "-" "WordPress/6.7.2; https://creative-webstyle.com"
2a03:2880:f800:b:: - - [14/Apr/2025:10:15:19 -0400] "GET /asolo-hiking-boots-are-a-must-for-hikers/ HTTP/1.1" 200 18186 "-" "meta-externalagent/1.1 (+https://developers.facebook.com/docs/sharing/webmasters/crawler)"
198.54.114.83 - - [14/Apr/2025:10:15:26 -0400] "POST /wp-admin/admin-ajax.php?action=async_litespeed&nonce=FCnC2WIEJTyVDB1jf80wpaggliNKJ7vK&litespeed_type=imgoptm HTTP/1.1" 200 0 "-" "WordPress/6.7.2; https://creative-webstyle.com"
198.54.114.83 - - [14/Apr/2025:10:16:26 -0400] "POST /wp-admin/admin-ajax.php?action=async_litespeed&nonce=OFkF6oBtaM4iEqrDk6SXdI6nixasWoYh&litespeed_type=imgoptm HTTP/1.1" 200 5 "-" "WordPress/6.7.2; https://creative-webstyle.com"
103.170.66.48 - - [14/Apr/2025:10:17:14 -0400] "GET /why-composite-doors-are-perfect-for-homes-across-south-wales/ HTTP/1.1" 200 18294 "-" "Mozilla/5.0 (Macintosh; Intel Mac OS X 12_5) AppleWebKit/537.36 (KHTML, like Gecko) Chrome/114.0.0.0 Safari/537.36 Vivaldi/5.3.2679.68"
198.54.114.83 - - [14/Apr/2025:10:17:16 -0400] "POST /wp-cron.php?doing_wp_cron=1744640235.7628819942474365234375 HTTP/1.1" 200 0 "-" "WordPress/6.7.2; https://creative-webstyle.com"
103.170.66.48 - - [14/Apr/2025:10:17:15 -0400] "GET /category/sign-up/ HTTP/1.1" 200 14528 "https://creative-webstyle.com/why-composite-doors-are-perfect-for-homes-across-south-wales/" "Mozilla/5.0 (Windows NT 6.3; Win64; x64) AppleWebKit/537.36 (KHTML, like Gecko) Chrome/103.0.0.0 Safari/537.36"
198.54.114.83 - - [14/Apr/2025:10:17:17 -0400] "POST /wp-admin/admin-ajax.php?action=async_litespeed&nonce=pwCcP2b82Ujks2vUTylfuxz8qKkP4U3k&litespeed_type=imgoptm HTTP/1.1" 200 5 "-" "WordPress/6.7.2; https://creative-webstyle.com"
103.170.66.48 - - [14/Apr/2025:10:17:18 -0400] "GET /category/sign-up/ HTTP/1.1" 200 14528 "https://creative-webstyle.com/category/sign-up/" "Mozilla/5.0 (Windows NT 6.3; Win64; x64) AppleWebKit/537.36 (KHTML, like Gecko) Chrome/103.0.0.0 Safari/537.36"
195.2.84.178 - - [14/Apr/2025:10:26:32 -0400] "GET /hvac-systems-and-mold/ HTTP/1.1" 200 19424 "https://creative-webstyle.com/hvac-systems-and-mold/" "Mozilla/5.0 (Windows NT 10.0; Win64; x64) AppleWebKit/537.36 (KHTML, like Gecko) Chrome/131.0.0.0 Safari/537.36 Avast/131.0.0.0"
195.2.84.178 - - [14/Apr/2025:10:26:32 -0400] "GET /hvac-systems-and-mold/ HTTP/1.1" 200 19424 "https://creative-webstyle.com/hvac-systems-and-mold/" "Mozilla/5.0 (Windows NT 10.0; Win64; x64) AppleWebKit/537.36 (KHTML, like Gecko) Chrome/129.0.0.0 Safari/537.36"
198.54.114.83 - - [14/Apr/2025:10:26:38 -0400] "POST /wp-cron.php?doing_wp_cron=1744640797.4431169033050537109375 HTTP/1.1" 200 0 "-" "WordPress/6.7.2; https://creative-webstyle.com"
198.54.114.83 - - [14/Apr/2025:10:26:38 -0400] "POST /wp-cron.php?doing_wp_cron=1744640797.4432749748229980468750 HTTP/1.1" 200 0 "-" "WordPress/6.7.2; https://creative-webstyle.com"
195.2.84.178 - - [14/Apr/2025:10:26:33 -0400] "POST /wp-comments-post.php HTTP/1.1" 302 0 "https://creative-webstyle.com/hvac-systems-and-mold/" "Mozilla/5.0 (Windows NT 10.0; Win64; x64) AppleWebKit/537.36 (KHTML, like Gecko) Chrome/129.0.0.0 Safari/537.36"
195.2.84.178 - - [14/Apr/2025:10:26:33 -0400] "POST /wp-comments-post.php HTTP/1.1" 302 0 "https://creative-webstyle.com/hvac-systems-and-mold/" "Mozilla/5.0 (Windows NT 10.0; Win64; x64) AppleWebKit/537.36 (KHTML, like Gecko) Chrome/131.0.0.0 Safari/537.36 Avast/131.0.0.0"
198.54.114.83 - - [14/Apr/2025:10:26:39 -0400] "POST /wp-admin/admin-ajax.php?action=async_litespeed&nonce=5ggFtX4Zq6iaHaJtqsVfvwlNKoHclEnS&litespeed_type=imgoptm HTTP/1.1" 200 0 "-" "WordPress/6.7.2; https://creative-webstyle.com"
195.2.84.178 - - [14/Apr/2025:10:26:41 -0400] "GET /hvac-systems-and-mold/ HTTP/1.1" 200 20218 "https://creative-webstyle.com/hvac-systems-and-mold/#comment-35159" "Mozilla/5.0 (Windows NT 10.0; Win64; x64) AppleWebKit/537.36 (KHTML, like Gecko) Chrome/131.0.0.0 Safari/537.36 Avast/131.0.0.0"
195.2.84.178 - - [14/Apr/2025:10:26:41 -0400] "GET /hvac-systems-and-mold/ HTTP/1.1" 200 20217 "https://creative-webstyle.com/hvac-systems-and-mold/#comment-35160" "Mozilla/5.0 (Windows NT 10.0; Win64; x64) AppleWebKit/537.36 (KHTML, like Gecko) Chrome/129.0.0.0 Safari/537.36"
198.54.114.83 - - [14/Apr/2025:10:29:12 -0400] "POST /wp-cron.php?doing_wp_cron=1744640952.4158289432525634765625 HTTP/1.1" 200 0 "-" "WordPress/6.7.2; https://creative-webstyle.com"
2a02:598:128:8a00::b00:15 - - [14/Apr/2025:10:29:08 -0400] "GET /how-to-find-the-best-cbd-for-sleep-uk/ HTTP/1.1" 200 19233 "-" "Mozilla/5.0 (compatible; SeznamBot/4.0; +https://o-seznam.cz/napoveda/vyhledavani/en/seznambot-crawler/)"
198.54.114.83 - - [14/Apr/2025:10:29:13 -0400] "POST /wp-admin/admin-ajax.php?action=async_litespeed&nonce=aBcaNjch2HxAcYVnBInjh0MUnTUoGjOT&litespeed_type=imgoptm HTTP/1.1" 200 0 "-" "WordPress/6.7.2; https://creative-webstyle.com"
112.92.74.179 - - [14/Apr/2025:10:32:35 -0400] "GET /customized-socks-with-logo/ HTTP/1.1" 200 18265 "https://creative-webstyle.com" "Mozilla/5.0 (Windows NT 10.0; Win64; x64) AppleWebKit/537.36 (KHTML, like Gecko) Chrome/62.0.3202.94 Safari/537.36"
198.54.114.83 - - [14/Apr/2025:10:32:48 -0400] "POST /wp-cron.php?doing_wp_cron=1744641167.0319139957427978515625 HTTP/1.1" 200 0 "-" "WordPress/6.7.2; https://creative-webstyle.com"
151.106.169.76 - - [14/Apr/2025:10:32:41 -0400] "GET /images/volantini/flyer-templates_02.jpg HTTP/1.1" 404 12632 "-" "Mozilla/5.0 (X11; Ubuntu; Linux x86_64; rv:72.0) Gecko/20100101 Firefox/72.0"
151.106.169.76 - - [14/Apr/2025:10:32:52 -0400] "GET /images/volantini/flyer-templates_02.jpg HTTP/1.1" 404 12632 "-" "Mozilla/5.0 (X11; Ubuntu; Linux x86_64; rv:72.0) Gecko/20100101 Firefox/72.0"
112.92.74.179 - - [14/Apr/2025:10:32:56 -0400] "POST /wp-comments-post.php HTTP/1.1" 302 0 "https://creative-webstyle.com" "Mozilla/5.0 (Windows NT 10.0; Win64; x64) AppleWebKit/537.36 (KHTML, like Gecko) Chrome/62.0.3202.94 Safari/537.36"
198.54.114.83 - - [14/Apr/2025:10:35:14 -0400] "POST /wp-cron.php?doing_wp_cron=1744641314.4636309146881103515625 HTTP/1.1" 200 0 "-" "WordPress/6.7.2; https://creative-webstyle.com"
240e:350:8003:5:4ecc:6a1e:a9f7:5ca9 - - [14/Apr/2025:10:35:10 -0400] "POST /wp-comments-post.php HTTP/1.1" 302 0 "-" "Mozilla/5.0 (Windows NT 10.0; Win64; x64) AppleWebKit/537.36 (KHTML, like Gecko) Chrome/108.0.0.0 Safari/537.36 Edg/108.0.1462.46"
198.54.114.83 - - [14/Apr/2025:10:35:15 -0400] "POST /wp-admin/admin-ajax.php?action=async_litespeed&nonce=XsmCFflnrfIDOVkcTD3kaNNCBlgzOMqX&litespeed_type=imgoptm HTTP/1.1" 200 0 "-" "WordPress/6.7.2; https://creative-webstyle.com"
240e:350:8003:5:4ecc:6a1e:a9f7:5ca9 - - [14/Apr/2025:10:35:16 -0400] "GET /integrating-your-link-shortener-with-spotify/?unapproved=35162&moderation-hash=1e52f94c446c64f4b24c64a061d4c081 HTTP/1.1" 200 18535 "-" "Mozilla/5.0 (Windows NT 10.0; Win64; x64) AppleWebKit/537.36 (KHTML, like Gecko) Chrome/108.0.0.0 Safari/537.36 Edg/108.0.1462.46"
2a02:598:128:8a00::b00:a - - [14/Apr/2025:10:35:18 -0400] "GET /understanding-fda-cosmetic-registration/ HTTP/1.1" 200 17869 "-" "Mozilla/5.0 (compatible; SeznamBot/4.0; +https://o-seznam.cz/napoveda/vyhledavani/en/seznambot-crawler/)"
198.54.114.83 - - [14/Apr/2025:10:36:03 -0400] "POST /wp-cron.php?doing_wp_cron=1744641363.7361519336700439453125 HTTP/1.1" 200 0 "-" "WordPress/6.7.2; https://creative-webstyle.com"
2a02:598:128:8a00::b00:15 - - [14/Apr/2025:10:36:03 -0400] "GET /einzigartige-schonheit-moderne-hangelampen/ HTTP/1.1" 200 18101 "-" "Mozilla/5.0 (compatible; SeznamBot/4.0; +https://o-seznam.cz/napoveda/vyhledavani/en/seznambot-crawler/)"
198.54.114.83 - - [14/Apr/2025:10:36:05 -0400] "POST /wp-admin/admin-ajax.php?action=async_litespeed&nonce=X5gtTjSFxy66whzmKO5uJMJ8dVQNuyQv&litespeed_type=imgoptm HTTP/1.1" 200 5 "-" "WordPress/6.7.2; https://creative-webstyle.com"
198.54.114.83 - - [14/Apr/2025:10:37:20 -0400] "POST /wp-cron.php?doing_wp_cron=1744641440.2807009220123291015625 HTTP/1.1" 200 0 "-" "WordPress/6.7.2; https://creative-webstyle.com"
2a02:598:128:8a00::b00:a - - [14/Apr/2025:10:37:19 -0400] "GET /heritage-amidst-urban-hustle/ HTTP/1.1" 200 18100 "-" "Mozilla/5.0 (compatible; SeznamBot/4.0; +https://o-seznam.cz/napoveda/vyhledavani/en/seznambot-crawler/)"
198.54.114.83 - - [14/Apr/2025:10:37:21 -0400] "POST /wp-admin/admin-ajax.php?action=async_litespeed&nonce=u5y8KGdRI21N0kkBCVswDrPuzUWoToCs&litespeed_type=imgoptm HTTP/1.1" 200 5 "-" "WordPress/6.7.2; https://creative-webstyle.com"
198.54.114.83 - - [14/Apr/2025:10:42:33 -0400] "POST /wp-cron.php?doing_wp_cron=1744641752.8625121116638183593750 HTTP/1.1" 200 0 "-" "WordPress/6.7.2; https://creative-webstyle.com"
2a03:2880:f800:1a:: - - [14/Apr/2025:10:42:28 -0400] "GET /revolutionizing-consumer-trends-the-impact-of-buy-like-on-tiktok/ HTTP/1.1" 200 18197 "-" "meta-externalagent/1.1 (+https://developers.facebook.com/docs/sharing/webmasters/crawler)"
198.54.114.83 - - [14/Apr/2025:10:42:34 -0400] "POST /wp-admin/admin-ajax.php?action=async_litespeed&nonce=F4KeySkopwNj984MA164IQCQJkdmokqJ&litespeed_type=imgoptm HTTP/1.1" 200 0 "-" "WordPress/6.7.2; https://creative-webstyle.com"
198.54.114.83 - - [14/Apr/2025:10:45:24 -0400] "POST /wp-cron.php?doing_wp_cron=1744641923.8020110130310058593750 HTTP/1.1" 200 0 "-" "WordPress/6.7.2; https://creative-webstyle.com"
2a02:598:128:8a00::b00:15 - - [14/Apr/2025:10:45:19 -0400] "GET /le-charme-du-toit-en-cuivre/feed/ HTTP/1.1" 200 398 "-" "Mozilla/5.0 (compatible; SeznamBot/4.0; +https://o-seznam.cz/napoveda/vyhledavani/en/seznambot-crawler/)"
198.54.114.83 - - [14/Apr/2025:10:45:25 -0400] "POST /wp-admin/admin-ajax.php?action=async_litespeed&nonce=mCI1RvgZMmtyBxCmudSVRHxvPFYcE5F9&litespeed_type=imgoptm HTTP/1.1" 200 0 "-" "WordPress/6.7.2; https://creative-webstyle.com"
198.54.114.83 - - [14/Apr/2025:10:48:53 -0400] "POST /wp-admin/admin-ajax.php?action=async_litespeed&nonce=GVGZpaGr9HJi1kllEBVf25m1cxBPJv5Y&litespeed_type=imgoptm HTTP/1.1" 200 0 "-" "WordPress/6.7.2; https://creative-webstyle.com"
198.54.114.83 - - [14/Apr/2025:10:51:11 -0400] "POST /wp-admin/admin-ajax.php?action=async_litespeed&nonce=PHyzDViDT5N5FCox5pnnNjSG6KRoZjai&litespeed_type=imgoptm HTTP/1.1" 200 0 "-" "WordPress/6.7.2; https://creative-webstyle.com"
198.54.114.83 - - [14/Apr/2025:10:59:13 -0400] "POST /wp-cron.php?doing_wp_cron=1744642752.8496448993682861328125 HTTP/1.1" 200 0 "-" "WordPress/6.7.2; https://creative-webstyle.com"
47.128.96.175 - - [14/Apr/2025:10:59:07 -0400] "GET /best-vegan-lip-care-for-sensitive-skin/ HTTP/1.1" 200 18377 "-" "Mozilla/5.0 (Linux; Android 5.0) AppleWebKit/537.36 (KHTML, like Gecko) Mobile Safari/537.36 (compatible; TikTokSpider; ttspider-feedback@tiktok.com)"
198.54.114.83 - - [14/Apr/2025:10:59:13 -0400] "POST /wp-admin/admin-ajax.php?action=async_litespeed&nonce=oxasTCHScZLKA083u7Wg2UWi9nD6NvPD&litespeed_type=imgoptm HTTP/1.1" 200 5 "-" "WordPress/6.7.2; https://creative-webstyle.com"
198.54.114.83 - - [14/Apr/2025:11:02:20 -0400] "POST /wp-cron.php?doing_wp_cron=1744642940.7734689712524414062500 HTTP/1.1" 200 0 "-" "WordPress/6.7.2; https://creative-webstyle.com"
170.199.224.250 - - [14/Apr/2025:11:02:16 -0400] "GET /how-to-order-a-birthday-cake-online HTTP/1.1" 301 0 "-" "Mozilla/5.0 (Macintosh; Intel Mac OS X 12_5) AppleWebKit/537.36 (KHTML, like Gecko) Chrome/114.0.0.0 Safari/537.36 Vivaldi/5.3.2679.68"
198.54.114.83 - - [14/Apr/2025:11:02:22 -0400] "POST /wp-admin/admin-ajax.php?action=async_litespeed&nonce=SZDWh4c6kde9nQV8TmPybudGCOzTHehW&litespeed_type=imgoptm HTTP/1.1" 200 0 "-" "WordPress/6.7.2; https://creative-webstyle.com"
170.199.224.250 - - [14/Apr/2025:11:02:22 -0400] "GET /how-to-order-a-birthday-cake-online/ HTTP/1.1" 200 18557 "https://creative-webstyle.com/how-to-order-a-birthday-cake-online" "Mozilla/5.0 (Macintosh; Intel Mac OS X 12_5) AppleWebKit/537.36 (KHTML, like Gecko) Chrome/114.0.0.0 Safari/537.36 Vivaldi/5.3.2679.68"
170.199.224.250 - - [14/Apr/2025:11:02:26 -0400] "GET /category/sign-up/ HTTP/1.1" 200 14528 "https://creative-webstyle.com/how-to-order-a-birthday-cake-online/" "Mozilla/5.0 (Windows NT 6.3; Win64; x64) AppleWebKit/537.36 (KHTML, like Gecko) Chrome/103.0.0.0 Safari/537.36"
170.199.224.250 - - [14/Apr/2025:11:02:28 -0400] "GET /category/sign-up/ HTTP/1.1" 200 14528 "https://creative-webstyle.com/category/sign-up/" "Mozilla/5.0 (Windows NT 6.3; Win64; x64) AppleWebKit/537.36 (KHTML, like Gecko) Chrome/103.0.0.0 Safari/537.36"
2a03:2880:f800:1:: - - [14/Apr/2025:11:02:30 -0400] "GET /fenbendazole-for-cancer/ HTTP/1.1" 200 17780 "-" "meta-externalagent/1.1 (+https://developers.facebook.com/docs/sharing/webmasters/crawler)"
178.217.98.213 - - [14/Apr/2025:11:03:30 -0400] "GET /why-composite-doors-are-perfect-for-homes-across-south-wales/ HTTP/1.1" 200 18294 "-" "Mozilla/5.0 (Windows NT 10.0; Win64; x64) AppleWebKit/537.36 (KHTML, like Gecko) Chrome/114.0.0.0 Safari/537.36"
3.22.172.5 - - [14/Apr/2025:11:04:47 -0400] "GET /robots.txt HTTP/1.1" 200 110 "-" "Mozilla/5.0 AppleWebKit/537.36 (KHTML, like Gecko; compatible; ClaudeBot/1.0; +claudebot@anthropic.com)"
3.22.172.5 - - [14/Apr/2025:11:04:48 -0400] "GET /?p=2567 HTTP/1.1" 200 78396 "-" "Mozilla/5.0 AppleWebKit/537.36 (KHTML, like Gecko; compatible; ClaudeBot/1.0; +claudebot@anthropic.com)"
