52.169.110.77 - - [15/Apr/2025:00:13:11 -0400] "GET /wp-admin/network/ HTTP/1.1" 302 0 "-" "-"
52.169.110.77 - - [15/Apr/2025:00:13:13 -0400] "GET /wp-login.php?redirect_to=https%3A%2F%2Fwww.creative-webstyle.com%2Fwp-admin%2Fnetwork%2F&reauth=1 HTTP/1.1" 200 1699 "-" "-"
52.169.110.77 - - [15/Apr/2025:00:13:17 -0400] "GET /wp-admin/network/about.php HTTP/1.1" 302 0 "-" "-"
52.169.110.77 - - [15/Apr/2025:00:13:19 -0400] "GET /wp-login.php?redirect_to=https%3A%2F%2Fwww.creative-webstyle.com%2Fwp-admin%2Fnetwork%2Fabout.php&reauth=1 HTTP/1.1" 200 1705 "-" "-"
52.169.110.77 - - [15/Apr/2025:00:13:26 -0400] "GET /wp-admin/network/admin.php HTTP/1.1" 302 0 "-" "-"
52.169.110.77 - - [15/Apr/2025:00:13:27 -0400] "GET /wp-login.php?redirect_to=https%3A%2F%2Fwww.creative-webstyle.com%2Fwp-admin%2Fnetwork%2Fadmin.php&reauth=1 HTTP/1.1" 200 1701 "-" "-"
217.113.194.235 - - [15/Apr/2025:00:13:27 -0400] "GET /fenben-lab/ HTTP/1.1" 200 17083 "-" "Mozilla/5.0 (compatible; Barkrowler/0.9; +https://babbar.tech/crawler)"
217.113.194.239 - - [15/Apr/2025:00:13:45 -0400] "GET /tipps-und-tricks/ HTTP/1.1" 200 18162 "-" "Mozilla/5.0 (compatible; Barkrowler/0.9; +https://babbar.tech/crawler)"
52.169.110.77 - - [15/Apr/2025:00:13:47 -0400] "GET /wp-admin/network/index.php HTTP/1.1" 302 0 "-" "-"
52.169.110.77 - - [15/Apr/2025:00:13:50 -0400] "GET /wp-login.php?redirect_to=https%3A%2F%2Fwww.creative-webstyle.com%2Fwp-admin%2Fnetwork%2Findex.php&reauth=1 HTTP/1.1" 200 1699 "-" "-"
217.113.194.241 - - [15/Apr/2025:00:14:04 -0400] "GET /tube-ice-machine/feed/ HTTP/1.1" 200 377 "-" "Mozilla/5.0 (compatible; Barkrowler/0.9; +https://babbar.tech/crawler)"
198.54.114.83 - - [15/Apr/2025:00:14:08 -0400] "POST /wp-admin/admin-ajax.php?action=async_litespeed&nonce=j6c8afM3kRwA4ugOXJDgL3DZmfFjQt9W&litespeed_type=imgoptm HTTP/1.1" 200 0 "-" "WordPress/6.7.2; https://creative-webstyle.com"
52.169.110.77 - - [15/Apr/2025:00:14:09 -0400] "GET /wp-admin/network/plugins.php HTTP/1.1" 302 0 "-" "-"
52.169.110.77 - - [15/Apr/2025:00:14:11 -0400] "GET /wp-login.php?redirect_to=https%3A%2F%2Fwww.creative-webstyle.com%2Fwp-admin%2Fnetwork%2Fplugins.php&reauth=1 HTTP/1.1" 200 1704 "-" "-"
217.113.194.235 - - [15/Apr/2025:00:14:21 -0400] "GET /camper-refrigerator/feed/ HTTP/1.1" 200 375 "-" "Mozilla/5.0 (compatible; Barkrowler/0.9; +https://babbar.tech/crawler)"
217.113.194.234 - - [15/Apr/2025:00:14:39 -0400] "GET /camper-refrig/feed/ HTTP/1.1" 200 375 "-" "Mozilla/5.0 (compatible; Barkrowler/0.9; +https://babbar.tech/crawler)"
52.169.110.77 - - [15/Apr/2025:00:14:56 -0400] "GET /wp-admin/options.php HTTP/1.1" 302 0 "-" "-"
154.54.249.218 - - [15/Apr/2025:00:14:57 -0400] "GET /custom-print-socks/feed/ HTTP/1.1" 200 378 "-" "Mozilla/5.0 (compatible; Barkrowler/0.9; +https://babbar.tech/crawler)"
52.169.110.77 - - [15/Apr/2025:00:14:58 -0400] "GET /wp-login.php?redirect_to=https%3A%2F%2Fwww.creative-webstyle.com%2Fwp-admin%2Foptions.php&reauth=1 HTTP/1.1" 200 1701 "-" "-"
185.7.214.64 - - [15/Apr/2025:00:15:11 -0400] "GET /wp-login.php HTTP/1.1" 200 1692 "-" "Mozilla/5.0 (Macintosh; Intel Mac OS X 10_15_7) AppleWebKit/537.36 (KHTML, like Gecko) Chrome/120.0.0.0 Safari/537.36"
185.7.214.64 - - [15/Apr/2025:00:15:13 -0400] "GET /wp-login.php?wp_lang=en_US HTTP/1.1" 200 1694 "-" "Mozilla/5.0 (Macintosh; Intel Mac OS X 10_15_7) AppleWebKit/605.1.15 (KHTML, like Gecko) Version/15.5 Safari/605.1.15"
217.113.194.238 - - [15/Apr/2025:00:15:14 -0400] "GET /custom-made-socks/feed/ HTTP/1.1" 200 379 "-" "Mozilla/5.0 (compatible; Barkrowler/0.9; +https://babbar.tech/crawler)"
185.7.214.64 - - [15/Apr/2025:00:15:16 -0400] "POST /wp-login.php?wp_lang=en_US HTTP/1.1" 200 1818 "-" "Mozilla/5.0 (Macintosh; Intel Mac OS X 10_15_7) AppleWebKit/605.1.15 (KHTML, like Gecko) Version/15.5 Safari/605.1.15"
185.7.214.64 - - [15/Apr/2025:00:15:20 -0400] "GET /wp-login.php?wp_lang=en_US HTTP/1.1" 200 1694 "-" "Mozilla/5.0 (Windows NT 10.0; Win64; x64) AppleWebKit/537.36 (KHTML, like Gecko) Chrome/110.0.0.0 Safari/537.36"
217.113.194.241 - - [15/Apr/2025:00:15:33 -0400] "GET /custom-grip-socks/feed/ HTTP/1.1" 200 377 "-" "Mozilla/5.0 (compatible; Barkrowler/0.9; +https://babbar.tech/crawler)"
185.7.214.64 - - [15/Apr/2025:00:15:33 -0400] "POST /wp-login.php?wp_lang=en_US HTTP/1.1" 200 1818 "-" "Mozilla/5.0 (Windows NT 10.0; Win64; x64) AppleWebKit/537.36 (KHTML, like Gecko) Chrome/110.0.0.0 Safari/537.36"
185.7.214.64 - - [15/Apr/2025:00:15:37 -0400] "GET /wp-login.php?wp_lang=en_US HTTP/1.1" 200 1694 "-" "Mozilla/5.0 (Windows NT 10.0; Win64; x64) AppleWebKit/537.36 (KHTML, like Gecko) Chrome/100.0.4896.75 Safari/537.36"
217.113.194.233 - - [15/Apr/2025:00:15:52 -0400] "GET /custom-fuzzy-socks/feed/ HTTP/1.1" 200 383 "-" "Mozilla/5.0 (compatible; Barkrowler/0.9; +https://babbar.tech/crawler)"
115.144.67.180 - - [15/Apr/2025:00:15:59 -0400] "GET /cbd-vape-uk-how-to-find-the-best-cbd-vape-products-in-the-uk/ HTTP/1.1" 200 18339 "-" "Mozilla/5.0 (Windows NT 10.0; Win64; x64; rv:114.0) Gecko/20100101 Firefox/114.0"
217.113.194.238 - - [15/Apr/2025:00:16:09 -0400] "GET /custom-fuzzy-socks-2/ HTTP/1.1" 200 17940 "-" "Mozilla/5.0 (compatible; Barkrowler/0.9; +https://babbar.tech/crawler)"
52.169.110.77 - - [15/Apr/2025:00:16:15 -0400] "GET /wp-admin/user/ HTTP/1.1" 302 0 "-" "-"
52.169.110.77 - - [15/Apr/2025:00:16:19 -0400] "GET /wp-login.php?redirect_to=https%3A%2F%2Fwww.creative-webstyle.com%2Fwp-admin%2Fuser%2F&reauth=1 HTTP/1.1" 200 1697 "-" "-"
52.169.110.77 - - [15/Apr/2025:00:16:23 -0400] "GET /wp-admin/user/?p= HTTP/1.1" 302 0 "-" "-"
52.169.110.77 - - [15/Apr/2025:00:16:25 -0400] "GET /wp-login.php?redirect_to=https%3A%2F%2Fwww.creative-webstyle.com%2Fwp-admin%2Fuser%2F%3Fp%3D&reauth=1 HTTP/1.1" 200 1698 "-" "-"
52.169.110.77 - - [15/Apr/2025:00:16:28 -0400] "GET /wp-admin/user/about.php HTTP/1.1" 302 0 "-" "-"
52.169.110.77 - - [15/Apr/2025:00:16:30 -0400] "GET /wp-login.php?redirect_to=https%3A%2F%2Fwww.creative-webstyle.com%2Fwp-admin%2Fuser%2Fabout.php&reauth=1 HTTP/1.1" 200 1705 "-" "-"
51.75.126.150 - - [15/Apr/2025:00:16:33 -0400] "GET /wp-login.php?wp_lang=en_US HTTP/1.1" 200 1694 "-" "Mozilla/5.0 (iPhone; CPU iPhone OS 17_2 like Mac OS X) AppleWebKit/605.1.15 (KHTML, like Gecko) Version/17.2 Mobile/15E148 Safari/604.1"
52.169.110.77 - - [15/Apr/2025:00:16:35 -0400] "GET /wp-admin/user/about.php?p= HTTP/1.1" 302 0 "-" "-"
52.169.110.77 - - [15/Apr/2025:00:16:38 -0400] "GET /wp-login.php?redirect_to=https%3A%2F%2Fwww.creative-webstyle.com%2Fwp-admin%2Fuser%2Fabout.php%3Fp%3D&reauth=1 HTTP/1.1" 200 1704 "-" "-"
51.75.126.150 - - [15/Apr/2025:00:16:40 -0400] "POST /wp-login.php?wp_lang=en_US HTTP/1.1" 200 1818 "-" "Mozilla/5.0 (iPhone; CPU iPhone OS 17_2 like Mac OS X) AppleWebKit/605.1.15 (KHTML, like Gecko) Version/17.2 Mobile/15E148 Safari/604.1"
52.169.110.77 - - [15/Apr/2025:00:16:43 -0400] "GET /wp-admin/user/admin.php HTTP/1.1" 302 0 "-" "-"
217.113.194.236 - - [15/Apr/2025:00:16:43 -0400] "GET /custom-vinyl-banners/feed/ HTTP/1.1" 200 377 "-" "Mozilla/5.0 (compatible; Barkrowler/0.9; +https://babbar.tech/crawler)"
52.169.110.77 - - [15/Apr/2025:00:16:45 -0400] "GET /wp-login.php?redirect_to=https%3A%2F%2Fwww.creative-webstyle.com%2Fwp-admin%2Fuser%2Fadmin.php&reauth=1 HTTP/1.1" 200 1702 "-" "-"
51.75.126.150 - - [15/Apr/2025:00:16:46 -0400] "GET /wp-login.php?wp_lang=en_US HTTP/1.1" 200 1694 "-" "Mozilla/5.0 (Windows NT 10.0; Win64; x64) AppleWebKit/537.36 (KHTML, like Gecko) Chrome/101.0.4951.64 Safari/537.36 Edg/101.0.1210.47"
198.54.114.83 - - [15/Apr/2025:00:16:59 -0400] "POST /wp-admin/admin-ajax.php?action=async_litespeed&nonce=KPdOpWg9EiB6DarW4DHrVMaTqBVU4GVi&litespeed_type=imgoptm HTTP/1.1" 200 0 "-" "WordPress/6.7.2; https://creative-webstyle.com"
185.7.214.64 - - [15/Apr/2025:00:15:41 -0400] "POST /wp-login.php?wp_lang=en_US HTTP/1.1" 200 1818 "-" "Mozilla/5.0 (Windows NT 10.0; Win64; x64) AppleWebKit/537.36 (KHTML, like Gecko) Chrome/100.0.4896.75 Safari/537.36"
217.113.194.254 - - [15/Apr/2025:00:17:01 -0400] "GET /spider-gwen-cosplay/ HTTP/1.1" 200 17252 "-" "Mozilla/5.0 (compatible; Barkrowler/0.9; +https://babbar.tech/crawler)"
52.169.110.77 - - [15/Apr/2025:00:17:20 -0400] "GET /wp-admin/user/index.php HTTP/1.1" 302 0 "-" "-"
52.169.110.77 - - [15/Apr/2025:00:17:23 -0400] "GET /wp-login.php?redirect_to=https%3A%2F%2Fwww.creative-webstyle.com%2Fwp-admin%2Fuser%2Findex.php&reauth=1 HTTP/1.1" 200 1699 "-" "-"
217.113.194.234 - - [15/Apr/2025:00:17:24 -0400] "GET /los-angeles-seo-services/ HTTP/1.1" 200 18192 "-" "Mozilla/5.0 (compatible; Barkrowler/0.9; +https://babbar.tech/crawler)"
217.113.194.236 - - [15/Apr/2025:00:17:43 -0400] "GET /sports-grip-socks/feed/ HTTP/1.1" 200 382 "-" "Mozilla/5.0 (compatible; Barkrowler/0.9; +https://babbar.tech/crawler)"
52.169.110.77 - - [15/Apr/2025:00:17:44 -0400] "GET /wp-admin/users.php HTTP/1.1" 302 0 "-" "-"
52.169.110.77 - - [15/Apr/2025:00:17:47 -0400] "GET /wp-login.php?redirect_to=https%3A%2F%2Fwww.creative-webstyle.com%2Fwp-admin%2Fusers.php&reauth=1 HTTP/1.1" 200 1700 "-" "-"
217.113.194.238 - - [15/Apr/2025:00:18:01 -0400] "GET /sports-grip-sockss/ HTTP/1.1" 200 17235 "-" "Mozilla/5.0 (compatible; Barkrowler/0.9; +https://babbar.tech/crawler)"
217.113.194.238 - - [15/Apr/2025:00:18:20 -0400] "GET /sports-grip-sockss/feed/ HTTP/1.1" 200 377 "-" "Mozilla/5.0 (compatible; Barkrowler/0.9; +https://babbar.tech/crawler)"
217.113.194.240 - - [15/Apr/2025:00:18:37 -0400] "GET /cold-water-therapy/feed/ HTTP/1.1" 200 382 "-" "Mozilla/5.0 (compatible; Barkrowler/0.9; +https://babbar.tech/crawler)"
52.169.110.77 - - [15/Apr/2025:00:18:41 -0400] "GET /feed/atom/ HTTP/1.1" 200 1106011 "-" "-"
217.113.194.241 - - [15/Apr/2025:00:18:54 -0400] "GET /stomach-tuck/ HTTP/1.1" 200 17362 "-" "Mozilla/5.0 (compatible; Barkrowler/0.9; +https://babbar.tech/crawler)"
217.113.194.254 - - [15/Apr/2025:00:19:13 -0400] "GET /stomach-tuck/feed/ HTTP/1.1" 200 372 "-" "Mozilla/5.0 (compatible; Barkrowler/0.9; +https://babbar.tech/crawler)"
217.113.194.241 - - [15/Apr/2025:00:19:31 -0400] "GET /magicien-closeup/feed/ HTTP/1.1" 200 373 "-" "Mozilla/5.0 (compatible; Barkrowler/0.9; +https://babbar.tech/crawler)"
72.214.108.67 - - [15/Apr/2025:00:19:43 -0400] "GET /wp-login.php?wp_lang=en_US HTTP/1.1" 200 1694 "-" "Mozilla/5.0 (Windows NT 10.0; Win64; x64) AppleWebKit/537.36 (KHTML, like Gecko) Chrome/107.0.0.0 Safari/537.36"
217.113.194.237 - - [15/Apr/2025:00:19:49 -0400] "GET /youtube-live-stream/feed/ HTTP/1.1" 200 376 "-" "Mozilla/5.0 (compatible; Barkrowler/0.9; +https://babbar.tech/crawler)"
198.54.114.83 - - [15/Apr/2025:00:19:51 -0400] "POST /wp-cron.php?doing_wp_cron=1744690790.1047298908233642578125 HTTP/1.1" 200 0 "-" "WordPress/6.7.2; https://creative-webstyle.com"
72.214.108.67 - - [15/Apr/2025:00:19:49 -0400] "POST /wp-login.php?wp_lang=en_US HTTP/1.1" 200 1818 "-" "Mozilla/5.0 (Windows NT 10.0; Win64; x64) AppleWebKit/537.36 (KHTML, like Gecko) Chrome/107.0.0.0 Safari/537.36"
217.113.194.236 - - [15/Apr/2025:00:20:08 -0400] "GET /cabinet-manufacturer/ HTTP/1.1" 200 17265 "-" "Mozilla/5.0 (compatible; Barkrowler/0.9; +https://babbar.tech/crawler)"
72.214.108.67 - - [15/Apr/2025:00:20:10 -0400] "GET /wp-login.php?wp_lang=en_US HTTP/1.1" 200 1694 "-" "Mozilla/5.0 (Macintosh; Intel Mac OS X 10_15_7) AppleWebKit/605.1.15 (KHTML, like Gecko) Version/15.3 Safari/605.1.15"
217.113.194.254 - - [15/Apr/2025:00:20:27 -0400] "GET /tor-bitcoin-mixer/feed/ HTTP/1.1" 200 377 "-" "Mozilla/5.0 (compatible; Barkrowler/0.9; +https://babbar.tech/crawler)"
72.214.108.67 - - [15/Apr/2025:00:20:29 -0400] "POST /wp-login.php?wp_lang=en_US HTTP/1.1" 200 1818 "-" "Mozilla/5.0 (Macintosh; Intel Mac OS X 10_15_7) AppleWebKit/605.1.15 (KHTML, like Gecko) Version/15.3 Safari/605.1.15"
217.113.194.234 - - [15/Apr/2025:00:20:45 -0400] "GET /how-to-download-youtube-video/ HTTP/1.1" 200 17655 "-" "Mozilla/5.0 (compatible; Barkrowler/0.9; +https://babbar.tech/crawler)"
72.214.108.67 - - [15/Apr/2025:00:20:52 -0400] "GET /wp-login.php?wp_lang=en_US HTTP/1.1" 200 1694 "-" "Mozilla/5.0 (Macintosh; Intel Mac OS X 10_15_7) AppleWebKit/605.1.15 (KHTML, like Gecko) Version/15.5 Safari/605.1.15"
217.113.194.235 - - [15/Apr/2025:00:21:04 -0400] "GET /how-to-mount-a-tv/feed/ HTTP/1.1" 200 384 "-" "Mozilla/5.0 (compatible; Barkrowler/0.9; +https://babbar.tech/crawler)"
192.252.220.92 - - [15/Apr/2025:00:21:11 -0400] "GET /wp-login.php?wp_lang=en_US HTTP/1.1" 200 1694 "-" "Mozilla/5.0 (Linux; Android 12; Pixel 6) AppleWebKit/537.36 (KHTML, like Gecko) Chrome/99.0.4844.58 Mobile Safari/537.36"
52.169.110.77 - - [15/Apr/2025:00:21:13 -0400] "GET /cache-level-3-and-early-learning-centres/ HTTP/1.1" 200 17055 "-" "-"
192.252.220.92 - - [15/Apr/2025:00:21:20 -0400] "POST /wp-login.php?wp_lang=en_US HTTP/1.1" 200 1818 "-" "Mozilla/5.0 (Linux; Android 12; Pixel 6) AppleWebKit/537.36 (KHTML, like Gecko) Chrome/99.0.4844.58 Mobile Safari/537.36"
217.113.194.232 - - [15/Apr/2025:00:21:21 -0400] "GET /how-to-register-a-company/ HTTP/1.1" 200 17690 "-" "Mozilla/5.0 (compatible; Barkrowler/0.9; +https://babbar.tech/crawler)"
192.252.220.92 - - [15/Apr/2025:00:21:27 -0400] "GET /wp-login.php?wp_lang=en_US HTTP/1.1" 200 1694 "-" "Mozilla/5.0 (Windows NT 10.0; Win64; x64) AppleWebKit/537.36 (KHTML, like Gecko) Chrome/101.0.4951.67 Safari/537.36"
192.252.220.92 - - [15/Apr/2025:00:21:36 -0400] "POST /wp-login.php?wp_lang=en_US HTTP/1.1" 200 1818 "-" "Mozilla/5.0 (Windows NT 10.0; Win64; x64) AppleWebKit/537.36 (KHTML, like Gecko) Chrome/101.0.4951.67 Safari/537.36"
217.113.194.240 - - [15/Apr/2025:00:21:39 -0400] "GET /how-to-win-online-casino/ HTTP/1.1" 200 17071 "-" "Mozilla/5.0 (compatible; Barkrowler/0.9; +https://babbar.tech/crawler)"
154.54.249.218 - - [15/Apr/2025:00:21:57 -0400] "GET /get-moving-quotes/feed/ HTTP/1.1" 200 380 "-" "Mozilla/5.0 (compatible; Barkrowler/0.9; +https://babbar.tech/crawler)"
198.54.114.83 - - [15/Apr/2025:00:22:03 -0400] "POST /wp-admin/admin-ajax.php?action=async_litespeed&nonce=PKMDxgrmpqn4Gq5gxHBi2x5OH9RRdRwb&litespeed_type=imgoptm HTTP/1.1" 200 0 "-" "WordPress/6.7.2; https://creative-webstyle.com"
192.252.220.92 - - [15/Apr/2025:00:22:05 -0400] "GET /wp-login.php?wp_lang=en_US HTTP/1.1" 200 1694 "-" "Mozilla/5.0 (Windows NT 10.0; Win64; x64) AppleWebKit/537.36 (KHTML, like Gecko) Chrome/101.0.4951.64 Safari/537.36 Edg/101.0.1210.47"
192.252.220.92 - - [15/Apr/2025:00:22:11 -0400] "POST /wp-login.php?wp_lang=en_US HTTP/1.1" 200 1818 "-" "Mozilla/5.0 (Windows NT 10.0; Win64; x64) AppleWebKit/537.36 (KHTML, like Gecko) Chrome/101.0.4951.64 Safari/537.36 Edg/101.0.1210.47"
217.113.194.235 - - [15/Apr/2025:00:22:14 -0400] "GET /android-pos-machine/feed/ HTTP/1.1" 200 375 "-" "Mozilla/5.0 (compatible; Barkrowler/0.9; +https://babbar.tech/crawler)"
192.252.220.92 - - [15/Apr/2025:00:22:20 -0400] "GET /wp-login.php?wp_lang=en_US HTTP/1.1" 200 1694 "-" "Mozilla/5.0 (iPhone; CPU iPhone OS 17_2 like Mac OS X) AppleWebKit/605.1.15 (KHTML, like Gecko) Version/17.2 Mobile/15E148 Safari/604.1"
192.252.220.92 - - [15/Apr/2025:00:22:31 -0400] "POST /wp-login.php?wp_lang=en_US HTTP/1.1" 200 1818 "-" "Mozilla/5.0 (iPhone; CPU iPhone OS 17_2 like Mac OS X) AppleWebKit/605.1.15 (KHTML, like Gecko) Version/17.2 Mobile/15E148 Safari/604.1"
217.113.194.234 - - [15/Apr/2025:00:22:32 -0400] "GET /ceramic-coating/feed/ HTTP/1.1" 200 372 "-" "Mozilla/5.0 (compatible; Barkrowler/0.9; +https://babbar.tech/crawler)"
192.252.220.92 - - [15/Apr/2025:00:22:39 -0400] "GET /wp-login.php?wp_lang=en_US HTTP/1.1" 200 1694 "-" "Mozilla/5.0 (Windows NT 10.0; Win64; x64) AppleWebKit/537.36 (KHTML, like Gecko) Chrome/99.0.4844.51 Safari/537.36 Edg/99.0.1150.30"
192.252.220.92 - - [15/Apr/2025:00:22:49 -0400] "POST /wp-login.php?wp_lang=en_US HTTP/1.1" 200 1818 "-" "Mozilla/5.0 (Windows NT 10.0; Win64; x64) AppleWebKit/537.36 (KHTML, like Gecko) Chrome/99.0.4844.51 Safari/537.36 Edg/99.0.1150.30"
217.113.194.240 - - [15/Apr/2025:00:22:52 -0400] "GET /eyeleting-machine/feed/ HTTP/1.1" 200 375 "-" "Mozilla/5.0 (compatible; Barkrowler/0.9; +https://babbar.tech/crawler)"
217.113.194.237 - - [15/Apr/2025:00:23:10 -0400] "GET /ai-gf/feed/ HTTP/1.1" 200 365 "-" "Mozilla/5.0 (compatible; Barkrowler/0.9; +https://babbar.tech/crawler)"
217.113.194.235 - - [15/Apr/2025:00:23:29 -0400] "GET /ai-marketing/feed/ HTTP/1.1" 200 364 "-" "Mozilla/5.0 (compatible; Barkrowler/0.9; +https://babbar.tech/crawler)"
58.254.68.125 - - [15/Apr/2025:00:23:32 -0400] "GET /how-to-order-a-birthday-cake-online/ HTTP/1.1" 200 18558 "-" "Mozilla/5.0 (Windows NT 6.1; WOW64) AppleWebKit/537.36 (KHTML, like Gecko) Chrome/34.0.1847.131 Safari/537.36"
91.84.98.84 - - [15/Apr/2025:00:23:43 -0400] "GET /hvac-systems-and-mold/ HTTP/1.1" 200 19424 "https://creative-webstyle.com/hvac-systems-and-mold/" "Mozilla/5.0 (Windows NT 6.3) AppleWebKit/537.36 (KHTML, like Gecko) Chrome/103.0.0.0 Safari/537.36"
217.113.194.241 - - [15/Apr/2025:00:23:48 -0400] "GET /dental-chair/feed/ HTTP/1.1" 200 369 "-" "Mozilla/5.0 (compatible; Barkrowler/0.9; +https://babbar.tech/crawler)"
91.84.98.84 - - [15/Apr/2025:00:23:45 -0400] "POST /wp-comments-post.php HTTP/1.1" 302 0 "https://creative-webstyle.com/hvac-systems-and-mold/" "Mozilla/5.0 (Windows NT 6.3) AppleWebKit/537.36 (KHTML, like Gecko) Chrome/103.0.0.0 Safari/537.36"
91.84.98.84 - - [15/Apr/2025:00:23:51 -0400] "GET /hvac-systems-and-mold/ HTTP/1.1" 200 20028 "https://creative-webstyle.com/hvac-systems-and-mold/#comment-35207" "Mozilla/5.0 (Windows NT 6.3) AppleWebKit/537.36 (KHTML, like Gecko) Chrome/103.0.0.0 Safari/537.36"
198.54.114.83 - - [15/Apr/2025:00:23:55 -0400] "POST /wp-cron.php?doing_wp_cron=1744691032.0970621109008789062500 HTTP/1.1" 200 0 "-" "WordPress/6.7.2; https://creative-webstyle.com"
217.113.194.240 - - [15/Apr/2025:00:24:05 -0400] "GET /ein-leitfaden/ HTTP/1.1" 200 18148 "-" "Mozilla/5.0 (compatible; Barkrowler/0.9; +https://babbar.tech/crawler)"
217.113.194.239 - - [15/Apr/2025:00:24:24 -0400] "GET /employee-communication-app/ HTTP/1.1" 200 17309 "-" "Mozilla/5.0 (compatible; Barkrowler/0.9; +https://babbar.tech/crawler)"
154.54.249.218 - - [15/Apr/2025:00:24:45 -0400] "GET /waxed-canvas-bags/ HTTP/1.1" 200 17044 "-" "Mozilla/5.0 (compatible; Barkrowler/0.9; +https://babbar.tech/crawler)"
217.113.194.232 - - [15/Apr/2025:00:25:04 -0400] "GET /tote-bag-personnalise/ HTTP/1.1" 200 17364 "-" "Mozilla/5.0 (compatible; Barkrowler/0.9; +https://babbar.tech/crawler)"
217.113.194.241 - - [15/Apr/2025:00:25:24 -0400] "GET /mandar-flores/feed/ HTTP/1.1" 200 371 "-" "Mozilla/5.0 (compatible; Barkrowler/0.9; +https://babbar.tech/crawler)"
154.54.249.218 - - [15/Apr/2025:00:25:44 -0400] "GET /german-lessons-near-me/ HTTP/1.1" 200 17124 "-" "Mozilla/5.0 (compatible; Barkrowler/0.9; +https://babbar.tech/crawler)"
217.113.194.233 - - [15/Apr/2025:00:26:03 -0400] "GET /portable-heater/feed/ HTTP/1.1" 200 371 "-" "Mozilla/5.0 (compatible; Barkrowler/0.9; +https://babbar.tech/crawler)"
217.113.194.234 - - [15/Apr/2025:00:26:21 -0400] "GET /car-dealership/feed/ HTTP/1.1" 200 370 "-" "Mozilla/5.0 (compatible; Barkrowler/0.9; +https://babbar.tech/crawler)"
217.113.194.238 - - [15/Apr/2025:00:26:38 -0400] "GET /sport-betting-sites/feed/ HTTP/1.1" 200 399 "-" "Mozilla/5.0 (compatible; Barkrowler/0.9; +https://babbar.tech/crawler)"
154.54.249.218 - - [15/Apr/2025:00:26:57 -0400] "GET /mid-face-lift/feed/ HTTP/1.1" 200 375 "-" "Mozilla/5.0 (compatible; Barkrowler/0.9; +https://babbar.tech/crawler)"
198.54.114.83 - - [15/Apr/2025:00:27:01 -0400] "POST /wp-admin/admin-ajax.php?action=async_litespeed&nonce=lMsToVwr6xC4kb2M3pxuCjiResITncoz&litespeed_type=imgoptm HTTP/1.1" 200 0 "-" "WordPress/6.7.2; https://creative-webstyle.com"
217.113.194.236 - - [15/Apr/2025:00:27:16 -0400] "GET /agence-google-ads-paris/ HTTP/1.1" 200 17147 "-" "Mozilla/5.0 (compatible; Barkrowler/0.9; +https://babbar.tech/crawler)"
40.77.167.4 - - [15/Apr/2025:00:27:31 -0400] "GET /revitalizing-your-homes-charm-the-art-of-exterior-house-cleaning/feed/ HTTP/1.1" 200 452 "-" "Mozilla/5.0 AppleWebKit/537.36 (KHTML, like Gecko; compatible; bingbot/2.0; +http://www.bing.com/bingbot.htm) Chrome/116.0.1938.76 Safari/537.36"
217.113.194.240 - - [15/Apr/2025:00:27:37 -0400] "GET /royal-canadian-circus/feed/ HTTP/1.1" 200 381 "-" "Mozilla/5.0 (compatible; Barkrowler/0.9; +https://babbar.tech/crawler)"
217.113.194.254 - - [15/Apr/2025:00:27:58 -0400] "GET /royal-canadian-circus/ HTTP/1.1" 200 18204 "-" "Mozilla/5.0 (compatible; Barkrowler/0.9; +https://babbar.tech/crawler)"
217.113.194.237 - - [15/Apr/2025:00:28:17 -0400] "GET /the-rise-of-online-casinos/ HTTP/1.1" 200 17873 "-" "Mozilla/5.0 (compatible; Barkrowler/0.9; +https://babbar.tech/crawler)"
217.113.194.236 - - [15/Apr/2025:00:28:37 -0400] "GET /urgence-dentaire-geneve/ HTTP/1.1" 200 17358 "-" "Mozilla/5.0 (compatible; Barkrowler/0.9; +https://babbar.tech/crawler)"
217.113.194.232 - - [15/Apr/2025:00:28:55 -0400] "GET /what-is-credit-restoration/ HTTP/1.1" 200 18559 "-" "Mozilla/5.0 (compatible; Barkrowler/0.9; +https://babbar.tech/crawler)"
154.54.249.218 - - [15/Apr/2025:00:29:12 -0400] "GET /what-is-file-transfer/feed/ HTTP/1.1" 200 390 "-" "Mozilla/5.0 (compatible; Barkrowler/0.9; +https://babbar.tech/crawler)"
217.113.194.232 - - [15/Apr/2025:00:29:29 -0400] "GET /what-is-galling/feed/ HTTP/1.1" 200 375 "-" "Mozilla/5.0 (compatible; Barkrowler/0.9; +https://babbar.tech/crawler)"
217.113.194.238 - - [15/Apr/2025:00:29:48 -0400] "GET /buy-youtube-favorites/ HTTP/1.1" 200 17062 "-" "Mozilla/5.0 (compatible; Barkrowler/0.9; +https://babbar.tech/crawler)"
198.54.114.83 - - [15/Apr/2025:00:30:01 -0400] "POST /wp-admin/admin-ajax.php?action=async_litespeed&nonce=TxUGE8IM2vdAhnkTIDvDiJdQeg6vVxsX&litespeed_type=imgoptm HTTP/1.1" 200 0 "-" "WordPress/6.7.2; https://creative-webstyle.com"
217.113.194.234 - - [15/Apr/2025:00:30:10 -0400] "GET /buy-youtube-views/feed/ HTTP/1.1" 200 376 "-" "Mozilla/5.0 (compatible; Barkrowler/0.9; +https://babbar.tech/crawler)"
217.113.194.234 - - [15/Apr/2025:00:30:31 -0400] "GET /business-trip-massage/feed/ HTTP/1.1" 200 377 "-" "Mozilla/5.0 (compatible; Barkrowler/0.9; +https://babbar.tech/crawler)"
198.54.114.83 - - [15/Apr/2025:00:30:51 -0400] "POST /wp-cron.php?doing_wp_cron=1744691449.4938778877258300781250 HTTP/1.1" 200 0 "-" "WordPress/6.7.2; https://creative-webstyle.com"
217.113.194.240 - - [15/Apr/2025:00:30:49 -0400] "GET /free-employment-advice/ HTTP/1.1" 200 17596 "-" "Mozilla/5.0 (compatible; Barkrowler/0.9; +https://babbar.tech/crawler)"
217.113.194.232 - - [15/Apr/2025:00:31:09 -0400] "GET /mediafire-alternative/ HTTP/1.1" 200 17287 "-" "Mozilla/5.0 (compatible; Barkrowler/0.9; +https://babbar.tech/crawler)"
217.113.194.240 - - [15/Apr/2025:00:31:27 -0400] "GET /cutting-edge-technology/ HTTP/1.1" 200 18277 "-" "Mozilla/5.0 (compatible; Barkrowler/0.9; +https://babbar.tech/crawler)"
217.113.194.234 - - [15/Apr/2025:00:31:47 -0400] "GET /air-cooling-system/feed/ HTTP/1.1" 200 379 "-" "Mozilla/5.0 (compatible; Barkrowler/0.9; +https://babbar.tech/crawler)"
217.113.194.235 - - [15/Apr/2025:00:32:06 -0400] "GET /ultraviolet-light/feed/ HTTP/1.1" 200 375 "-" "Mozilla/5.0 (compatible; Barkrowler/0.9; +https://babbar.tech/crawler)"
217.113.194.233 - - [15/Apr/2025:00:32:23 -0400] "GET /retail-marketing-agency/ HTTP/1.1" 200 17109 "-" "Mozilla/5.0 (compatible; Barkrowler/0.9; +https://babbar.tech/crawler)"
217.113.194.238 - - [15/Apr/2025:00:32:41 -0400] "GET /2d-animation/feed/ HTTP/1.1" 200 369 "-" "Mozilla/5.0 (compatible; Barkrowler/0.9; +https://babbar.tech/crawler)"
217.113.194.233 - - [15/Apr/2025:00:33:01 -0400] "GET /cherry-picker-rental/ HTTP/1.1" 200 17359 "-" "Mozilla/5.0 (compatible; Barkrowler/0.9; +https://babbar.tech/crawler)"
217.113.194.232 - - [15/Apr/2025:00:33:19 -0400] "GET /cherry-picker-rental/feed/ HTTP/1.1" 200 381 "-" "Mozilla/5.0 (compatible; Barkrowler/0.9; +https://babbar.tech/crawler)"
217.113.194.233 - - [15/Apr/2025:00:33:38 -0400] "GET /chausson-rigolo/ HTTP/1.1" 200 17117 "-" "Mozilla/5.0 (compatible; Barkrowler/0.9; +https://babbar.tech/crawler)"
154.54.249.218 - - [15/Apr/2025:00:33:59 -0400] "GET /seashell-necklace/feed/ HTTP/1.1" 200 371 "-" "Mozilla/5.0 (compatible; Barkrowler/0.9; +https://babbar.tech/crawler)"
217.113.194.239 - - [15/Apr/2025:00:34:18 -0400] "GET /seashell-ring/feed/ HTTP/1.1" 200 374 "-" "Mozilla/5.0 (compatible; Barkrowler/0.9; +https://babbar.tech/crawler)"
217.113.194.240 - - [15/Apr/2025:00:34:37 -0400] "GET /category/activity/page/2/ HTTP/1.1" 200 16551 "-" "Mozilla/5.0 (compatible; Barkrowler/0.9; +https://babbar.tech/crawler)"
217.113.194.240 - - [15/Apr/2025:00:34:56 -0400] "GET /category/activity/page/10/ HTTP/1.1" 200 16282 "-" "Mozilla/5.0 (compatible; Barkrowler/0.9; +https://babbar.tech/crawler)"
217.113.194.254 - - [15/Apr/2025:00:35:16 -0400] "GET /category/activity/page/5/ HTTP/1.1" 200 16432 "-" "Mozilla/5.0 (compatible; Barkrowler/0.9; +https://babbar.tech/crawler)"
217.113.194.235 - - [15/Apr/2025:00:35:37 -0400] "GET /category/activity/page/8/ HTTP/1.1" 200 16432 "-" "Mozilla/5.0 (compatible; Barkrowler/0.9; +https://babbar.tech/crawler)"
198.54.114.83 - - [15/Apr/2025:00:35:58 -0400] "POST /wp-cron.php?doing_wp_cron=1744691756.2294631004333496093750 HTTP/1.1" 200 0 "-" "WordPress/6.7.2; https://creative-webstyle.com"
217.113.194.236 - - [15/Apr/2025:00:35:55 -0400] "GET /category/activity/page/4/ HTTP/1.1" 200 16470 "-" "Mozilla/5.0 (compatible; Barkrowler/0.9; +https://babbar.tech/crawler)"
154.54.249.218 - - [15/Apr/2025:00:36:16 -0400] "GET /category/activity/page/12/ HTTP/1.1" 200 16474 "-" "Mozilla/5.0 (compatible; Barkrowler/0.9; +https://babbar.tech/crawler)"
154.54.249.218 - - [15/Apr/2025:00:36:36 -0400] "GET /category/sign-up/feed/ HTTP/1.1" 200 425 "-" "Mozilla/5.0 (compatible; Barkrowler/0.9; +https://babbar.tech/crawler)"
2a03:2880:f800:3:: - - [15/Apr/2025:00:36:44 -0400] "GET /how-to-identify-an-mk-shoulder-bag/ HTTP/1.1" 200 18386 "-" "meta-externalagent/1.1 (+https://developers.facebook.com/docs/sharing/webmasters/crawler)"
154.54.249.218 - - [15/Apr/2025:00:36:55 -0400] "GET /top-vacuum-pumps/feed/ HTTP/1.1" 200 377 "-" "Mozilla/5.0 (compatible; Barkrowler/0.9; +https://babbar.tech/crawler)"
217.113.194.239 - - [15/Apr/2025:00:37:13 -0400] "GET /electrical-service/feed/ HTTP/1.1" 200 375 "-" "Mozilla/5.0 (compatible; Barkrowler/0.9; +https://babbar.tech/crawler)"
217.113.194.236 - - [15/Apr/2025:00:37:31 -0400] "GET /ini-slot/feed/ HTTP/1.1" 200 365 "-" "Mozilla/5.0 (compatible; Barkrowler/0.9; +https://babbar.tech/crawler)"
217.113.194.254 - - [15/Apr/2025:00:37:49 -0400] "GET /stitch-pajamas/feed/ HTTP/1.1" 200 373 "-" "Mozilla/5.0 (compatible; Barkrowler/0.9; +https://babbar.tech/crawler)"
217.113.194.235 - - [15/Apr/2025:00:38:08 -0400] "GET /understanding-health-scores/ HTTP/1.1" 200 18127 "-" "Mozilla/5.0 (compatible; Barkrowler/0.9; +https://babbar.tech/crawler)"
217.113.194.254 - - [15/Apr/2025:00:38:26 -0400] "GET /home-automation-companies/ HTTP/1.1" 200 17066 "-" "Mozilla/5.0 (compatible; Barkrowler/0.9; +https://babbar.tech/crawler)"
154.54.249.218 - - [15/Apr/2025:00:38:45 -0400] "GET /send-large-files/feed/ HTTP/1.1" 200 378 "-" "Mozilla/5.0 (compatible; Barkrowler/0.9; +https://babbar.tech/crawler)"
2a03:2880:f800:8:: - - [15/Apr/2025:00:38:51 -0400] "GET /health-state-score/ HTTP/1.1" 200 17257 "-" "meta-externalagent/1.1 (+https://developers.facebook.com/docs/sharing/webmasters/crawler)"
217.113.194.240 - - [15/Apr/2025:00:39:03 -0400] "GET /inspirational-jewelry-rings/ HTTP/1.1" 200 18044 "-" "Mozilla/5.0 (compatible; Barkrowler/0.9; +https://babbar.tech/crawler)"
217.113.194.239 - - [15/Apr/2025:00:39:22 -0400] "GET /employment-law-advice/ HTTP/1.1" 200 17265 "-" "Mozilla/5.0 (compatible; Barkrowler/0.9; +https://babbar.tech/crawler)"
217.113.194.241 - - [15/Apr/2025:00:39:39 -0400] "GET /michael-kors-tote-bag/feed/ HTTP/1.1" 200 383 "-" "Mozilla/5.0 (compatible; Barkrowler/0.9; +https://babbar.tech/crawler)"
217.113.194.254 - - [15/Apr/2025:00:39:58 -0400] "GET /betting-money-site/feed/ HTTP/1.1" 200 383 "-" "Mozilla/5.0 (compatible; Barkrowler/0.9; +https://babbar.tech/crawler)"
217.113.194.241 - - [15/Apr/2025:00:40:15 -0400] "GET /betting-money-sites/feed/ HTTP/1.1" 200 391 "-" "Mozilla/5.0 (compatible; Barkrowler/0.9; +https://babbar.tech/crawler)"
217.113.194.254 - - [15/Apr/2025:00:40:38 -0400] "GET /wood-window-shutters/ HTTP/1.1" 200 17803 "-" "Mozilla/5.0 (compatible; Barkrowler/0.9; +https://babbar.tech/crawler)"
54.157.84.74 - - [15/Apr/2025:00:40:47 -0400] "GET /how-to-buy-youtube-views-easily/ HTTP/1.1" 200 18056 "-" "Mozilla/5.0 AppleWebKit/537.36 (KHTML, like Gecko; compatible; Amazonbot/0.1; +https://developer.amazon.com/support/amazonbot) Chrome/119.0.6045.214 Safari/537.36"
217.113.194.232 - - [15/Apr/2025:00:40:56 -0400] "GET /wood-window-shutters/feed/ HTTP/1.1" 200 383 "-" "Mozilla/5.0 (compatible; Barkrowler/0.9; +https://babbar.tech/crawler)"
217.113.194.233 - - [15/Apr/2025:00:41:13 -0400] "GET /best-bitcoin-mixer/feed/ HTTP/1.1" 200 378 "-" "Mozilla/5.0 (compatible; Barkrowler/0.9; +https://babbar.tech/crawler)"
217.113.194.236 - - [15/Apr/2025:00:41:31 -0400] "GET /best-hvac-scales/feed/ HTTP/1.1" 200 380 "-" "Mozilla/5.0 (compatible; Barkrowler/0.9; +https://babbar.tech/crawler)"
217.113.194.235 - - [15/Apr/2025:00:41:49 -0400] "GET /page/162/?MA HTTP/1.1" 200 15661 "-" "Mozilla/5.0 (compatible; Barkrowler/0.9; +https://babbar.tech/crawler)"
217.113.194.240 - - [15/Apr/2025:00:42:08 -0400] "GET /page/162/?SA HTTP/1.1" 200 15661 "-" "Mozilla/5.0 (compatible; Barkrowler/0.9; +https://babbar.tech/crawler)"
217.113.194.240 - - [15/Apr/2025:00:42:26 -0400] "GET /page/162/?ND HTTP/1.1" 200 15662 "-" "Mozilla/5.0 (compatible; Barkrowler/0.9; +https://babbar.tech/crawler)"
217.113.194.238 - - [15/Apr/2025:00:42:44 -0400] "GET /page/160/?ND HTTP/1.1" 200 16053 "-" "Mozilla/5.0 (compatible; Barkrowler/0.9; +https://babbar.tech/crawler)"
198.54.114.83 - - [15/Apr/2025:00:43:03 -0400] "POST /wp-cron.php?doing_wp_cron=1744692182.6836481094360351562500 HTTP/1.1" 200 0 "-" "WordPress/6.7.2; https://creative-webstyle.com"
217.113.194.233 - - [15/Apr/2025:00:43:02 -0400] "GET /page/156/?MA HTTP/1.1" 200 15837 "-" "Mozilla/5.0 (compatible; Barkrowler/0.9; +https://babbar.tech/crawler)"
198.54.114.83 - - [15/Apr/2025:00:43:10 -0400] "POST /wp-admin/admin-ajax.php?action=async_litespeed&nonce=wNTCs25vxsIhqBQs5MFcB4RURr0LPFYQ&litespeed_type=imgoptm HTTP/1.1" 200 0 "-" "WordPress/6.7.2; https://creative-webstyle.com"
217.113.194.240 - - [15/Apr/2025:00:43:22 -0400] "GET /page/153/?MA HTTP/1.1" 200 15999 "-" "Mozilla/5.0 (compatible; Barkrowler/0.9; +https://babbar.tech/crawler)"
217.113.194.240 - - [15/Apr/2025:00:43:41 -0400] "GET /page/146/?SA HTTP/1.1" 200 16079 "-" "Mozilla/5.0 (compatible; Barkrowler/0.9; +https://babbar.tech/crawler)"
217.113.194.236 - - [15/Apr/2025:00:43:59 -0400] "GET /page/146/?ND HTTP/1.1" 200 16079 "-" "Mozilla/5.0 (compatible; Barkrowler/0.9; +https://babbar.tech/crawler)"
217.113.194.238 - - [15/Apr/2025:00:44:18 -0400] "GET /page/149/?ND HTTP/1.1" 200 15875 "-" "Mozilla/5.0 (compatible; Barkrowler/0.9; +https://babbar.tech/crawler)"
217.113.194.236 - - [15/Apr/2025:00:44:37 -0400] "GET /page/155/?SA HTTP/1.1" 200 15882 "-" "Mozilla/5.0 (compatible; Barkrowler/0.9; +https://babbar.tech/crawler)"
217.113.194.254 - - [15/Apr/2025:00:44:56 -0400] "GET /page/155/?ND HTTP/1.1" 200 15882 "-" "Mozilla/5.0 (compatible; Barkrowler/0.9; +https://babbar.tech/crawler)"
217.113.194.233 - - [15/Apr/2025:00:45:15 -0400] "GET /page/148/?MA HTTP/1.1" 200 15868 "-" "Mozilla/5.0 (compatible; Barkrowler/0.9; +https://babbar.tech/crawler)"
4.227.36.21 - - [15/Apr/2025:00:45:22 -0400] "GET /robots.txt HTTP/1.1" 200 110 "-" "Mozilla/5.0 AppleWebKit/537.36 (KHTML, like Gecko; compatible; GPTBot/1.2; +https://openai.com/gptbot)"
20.171.207.209 - - [15/Apr/2025:00:45:32 -0400] "GET /sports-rehab-in-canton-oh/ HTTP/1.1" 200 17738 "-" "Mozilla/5.0 AppleWebKit/537.36 (KHTML, like Gecko; compatible; GPTBot/1.2; +https://openai.com/gptbot)"
217.113.194.235 - - [15/Apr/2025:00:45:33 -0400] "GET /page/148/?SA HTTP/1.1" 200 15867 "-" "Mozilla/5.0 (compatible; Barkrowler/0.9; +https://babbar.tech/crawler)"
198.54.114.83 - - [15/Apr/2025:00:45:55 -0400] "POST /wp-cron.php?doing_wp_cron=1744692353.0637691020965576171875 HTTP/1.1" 200 0 "-" "WordPress/6.7.2; https://creative-webstyle.com"
217.113.194.235 - - [15/Apr/2025:00:45:52 -0400] "GET /page/148/?ND HTTP/1.1" 200 15871 "-" "Mozilla/5.0 (compatible; Barkrowler/0.9; +https://babbar.tech/crawler)"
217.113.194.241 - - [15/Apr/2025:00:46:12 -0400] "GET /page/158/?MA HTTP/1.1" 200 15955 "-" "Mozilla/5.0 (compatible; Barkrowler/0.9; +https://babbar.tech/crawler)"
217.113.194.240 - - [15/Apr/2025:00:46:30 -0400] "GET /page/158/?ND HTTP/1.1" 200 15955 "-" "Mozilla/5.0 (compatible; Barkrowler/0.9; +https://babbar.tech/crawler)"
217.113.194.232 - - [15/Apr/2025:00:46:48 -0400] "GET /page/154/?SA HTTP/1.1" 200 15794 "-" "Mozilla/5.0 (compatible; Barkrowler/0.9; +https://babbar.tech/crawler)"
154.54.249.218 - - [15/Apr/2025:00:47:07 -0400] "GET /page/161/?SA HTTP/1.1" 200 15875 "-" "Mozilla/5.0 (compatible; Barkrowler/0.9; +https://babbar.tech/crawler)"
217.113.194.232 - - [15/Apr/2025:00:47:28 -0400] "GET /page/161/?ND HTTP/1.1" 200 15875 "-" "Mozilla/5.0 (compatible; Barkrowler/0.9; +https://babbar.tech/crawler)"
217.113.194.232 - - [15/Apr/2025:00:47:47 -0400] "GET /page/159/?MA HTTP/1.1" 200 16038 "-" "Mozilla/5.0 (compatible; Barkrowler/0.9; +https://babbar.tech/crawler)"
198.54.114.83 - - [15/Apr/2025:00:47:55 -0400] "POST /wp-cron.php?doing_wp_cron=1744692474.6045889854431152343750 HTTP/1.1" 200 0 "-" "WordPress/6.7.2; https://creative-webstyle.com"
47.128.121.177 - - [15/Apr/2025:00:47:54 -0400] "GET /orthodontist-in-woodland-hills/ HTTP/1.1" 200 17972 "-" "Mozilla/5.0 (Linux; Android 5.0) AppleWebKit/537.36 (KHTML, like Gecko) Mobile Safari/537.36 (compatible; TikTokSpider; ttspider-feedback@tiktok.com)"
185.191.171.16 - - [15/Apr/2025:00:48:03 -0400] "GET /robots.txt HTTP/1.1" 304 0 "-" "Mozilla/5.0 (compatible; SemrushBot/7~bl; +http://www.semrush.com/bot.html)"
198.54.114.83 - - [15/Apr/2025:00:48:04 -0400] "POST /wp-admin/admin-ajax.php?action=async_litespeed&nonce=xHOQcZ6BzAZcnzVxnbMLzQwcAW3K4qya&litespeed_type=imgoptm HTTP/1.1" 200 0 "-" "WordPress/6.7.2; https://creative-webstyle.com"
85.208.96.205 - - [15/Apr/2025:00:48:05 -0400] "GET /hiring-a-divorce-lawyer-in-nahariya/ HTTP/1.1" 200 17995 "-" "Mozilla/5.0 (compatible; SemrushBot/7~bl; +http://www.semrush.com/bot.html)"
217.113.194.240 - - [15/Apr/2025:00:48:05 -0400] "GET /page/159/?SA HTTP/1.1" 200 16038 "-" "Mozilla/5.0 (compatible; Barkrowler/0.9; +https://babbar.tech/crawler)"
217.113.194.239 - - [15/Apr/2025:00:48:23 -0400] "GET /page/159/?ND HTTP/1.1" 200 16038 "-" "Mozilla/5.0 (compatible; Barkrowler/0.9; +https://babbar.tech/crawler)"
217.113.194.235 - - [15/Apr/2025:00:48:42 -0400] "GET /page/152/?MA HTTP/1.1" 200 16089 "-" "Mozilla/5.0 (compatible; Barkrowler/0.9; +https://babbar.tech/crawler)"
217.113.194.240 - - [15/Apr/2025:00:49:02 -0400] "GET /page/152/?ND HTTP/1.1" 200 16089 "-" "Mozilla/5.0 (compatible; Barkrowler/0.9; +https://babbar.tech/crawler)"
217.113.194.236 - - [15/Apr/2025:00:49:23 -0400] "GET /page/14/?ND HTTP/1.1" 200 15774 "-" "Mozilla/5.0 (compatible; Barkrowler/0.9; +https://babbar.tech/crawler)"
217.113.194.240 - - [15/Apr/2025:00:49:42 -0400] "GET /page/14/?MA HTTP/1.1" 200 15774 "-" "Mozilla/5.0 (compatible; Barkrowler/0.9; +https://babbar.tech/crawler)"
217.113.194.240 - - [15/Apr/2025:00:50:00 -0400] "GET /page/14/?SA HTTP/1.1" 200 15773 "-" "Mozilla/5.0 (compatible; Barkrowler/0.9; +https://babbar.tech/crawler)"
198.54.114.83 - - [15/Apr/2025:00:50:02 -0400] "POST /wp-admin/admin-ajax.php?action=async_litespeed&nonce=heH68txJmfqyRcDxSn5zWzwIRq8vV3X5&litespeed_type=imgoptm HTTP/1.1" 200 0 "-" "WordPress/6.7.2; https://creative-webstyle.com"
217.113.194.237 - - [15/Apr/2025:00:50:19 -0400] "GET /cbd-shop-uk/ HTTP/1.1" 200 17120 "-" "Mozilla/5.0 (compatible; Barkrowler/0.9; +https://babbar.tech/crawler)"
217.113.194.235 - - [15/Apr/2025:00:50:38 -0400] "GET /page/15/?SA HTTP/1.1" 200 15805 "-" "Mozilla/5.0 (compatible; Barkrowler/0.9; +https://babbar.tech/crawler)"
217.113.194.254 - - [15/Apr/2025:00:50:58 -0400] "GET /page/16/?ND HTTP/1.1" 200 15926 "-" "Mozilla/5.0 (compatible; Barkrowler/0.9; +https://babbar.tech/crawler)"
217.113.194.254 - - [15/Apr/2025:00:51:17 -0400] "GET /page/16/?MA HTTP/1.1" 200 15925 "-" "Mozilla/5.0 (compatible; Barkrowler/0.9; +https://babbar.tech/crawler)"
154.54.249.218 - - [15/Apr/2025:00:51:36 -0400] "GET /page/12/?ND HTTP/1.1" 200 16049 "-" "Mozilla/5.0 (compatible; Barkrowler/0.9; +https://babbar.tech/crawler)"
217.113.194.234 - - [15/Apr/2025:00:51:56 -0400] "GET /page/12/?MA HTTP/1.1" 200 16049 "-" "Mozilla/5.0 (compatible; Barkrowler/0.9; +https://babbar.tech/crawler)"
217.113.194.240 - - [15/Apr/2025:00:52:15 -0400] "GET /page/12/?SA HTTP/1.1" 200 16049 "-" "Mozilla/5.0 (compatible; Barkrowler/0.9; +https://babbar.tech/crawler)"
185.191.171.7 - - [15/Apr/2025:00:52:31 -0400] "GET /what-does-a-marketing-automation-agency-do/ HTTP/1.1" 200 18277 "-" "Mozilla/5.0 (compatible; SemrushBot/7~bl; +http://www.semrush.com/bot.html)"
217.113.194.233 - - [15/Apr/2025:00:52:33 -0400] "GET /page/17/?SA HTTP/1.1" 200 17028 "-" "Mozilla/5.0 (compatible; Barkrowler/0.9; +https://babbar.tech/crawler)"
217.113.194.240 - - [15/Apr/2025:00:52:52 -0400] "GET /page/13/?MA HTTP/1.1" 200 16089 "-" "Mozilla/5.0 (compatible; Barkrowler/0.9; +https://babbar.tech/crawler)"
198.54.114.83 - - [15/Apr/2025:00:52:55 -0400] "POST /wp-cron.php?doing_wp_cron=1744692773.1307420730590820312500 HTTP/1.1" 200 0 "-" "WordPress/6.7.2; https://creative-webstyle.com"
217.113.194.241 - - [15/Apr/2025:00:53:13 -0400] "GET /page/13/?SA HTTP/1.1" 200 16089 "-" "Mozilla/5.0 (compatible; Barkrowler/0.9; +https://babbar.tech/crawler)"
217.113.194.241 - - [15/Apr/2025:00:53:33 -0400] "GET /page/11/?ND HTTP/1.1" 200 16104 "-" "Mozilla/5.0 (compatible; Barkrowler/0.9; +https://babbar.tech/crawler)"
217.113.194.236 - - [15/Apr/2025:00:53:52 -0400] "GET /page/11/?SA HTTP/1.1" 200 16100 "-" "Mozilla/5.0 (compatible; Barkrowler/0.9; +https://babbar.tech/crawler)"
217.113.194.241 - - [15/Apr/2025:00:54:11 -0400] "GET /page/10/?ND HTTP/1.1" 200 15841 "-" "Mozilla/5.0 (compatible; Barkrowler/0.9; +https://babbar.tech/crawler)"
217.113.194.238 - - [15/Apr/2025:00:54:33 -0400] "GET /page/10/?MA HTTP/1.1" 200 15841 "-" "Mozilla/5.0 (compatible; Barkrowler/0.9; +https://babbar.tech/crawler)"
217.113.194.254 - - [15/Apr/2025:00:54:58 -0400] "GET /cpu-cooling/feed/ HTTP/1.1" 200 369 "-" "Mozilla/5.0 (compatible; Barkrowler/0.9; +https://babbar.tech/crawler)"
198.54.114.83 - - [15/Apr/2025:00:55:02 -0400] "POST /wp-cron.php?doing_wp_cron=1744692898.5364809036254882812500 HTTP/1.1" 200 0 "-" "WordPress/6.7.2; https://creative-webstyle.com"
217.113.194.241 - - [15/Apr/2025:00:55:19 -0400] "GET /page/150/?MA HTTP/1.1" 200 15813 "-" "Mozilla/5.0 (compatible; Barkrowler/0.9; +https://babbar.tech/crawler)"
217.113.194.234 - - [15/Apr/2025:00:55:40 -0400] "GET /page/150/?SA HTTP/1.1" 200 15813 "-" "Mozilla/5.0 (compatible; Barkrowler/0.9; +https://babbar.tech/crawler)"
217.113.194.239 - - [15/Apr/2025:00:56:00 -0400] "GET /page/150/?ND HTTP/1.1" 200 15813 "-" "Mozilla/5.0 (compatible; Barkrowler/0.9; +https://babbar.tech/crawler)"
217.113.194.240 - - [15/Apr/2025:00:56:18 -0400] "GET /page/157/?MA HTTP/1.1" 200 15912 "-" "Mozilla/5.0 (compatible; Barkrowler/0.9; +https://babbar.tech/crawler)"
217.113.194.232 - - [15/Apr/2025:00:56:37 -0400] "GET /page/157/?ND HTTP/1.1" 200 15913 "-" "Mozilla/5.0 (compatible; Barkrowler/0.9; +https://babbar.tech/crawler)"
5.183.255.97 - - [15/Apr/2025:00:56:41 -0400] "GET /les-enjeux-du-recrutement-dans-la-restauration/ HTTP/1.1" 200 18486 "https://creative-webstyle.com/les-enjeux-du-recrutement-dans-la-restauration/" "Mozilla/5.0 (Windows NT 10.0; Win64; x64) AppleWebKit/537.36 (KHTML, like Gecko) Chrome/129.0.0.0 Safari/537.36"
5.183.255.97 - - [15/Apr/2025:00:56:48 -0400] "POST /wp-comments-post.php HTTP/1.1" 302 0 "https://creative-webstyle.com/les-enjeux-du-recrutement-dans-la-restauration/" "Mozilla/5.0 (Windows NT 10.0; Win64; x64) AppleWebKit/537.36 (KHTML, like Gecko) Chrome/129.0.0.0 Safari/537.36"
5.183.255.97 - - [15/Apr/2025:00:56:52 -0400] "GET /les-enjeux-du-recrutement-dans-la-restauration/ HTTP/1.1" 200 19595 "https://creative-webstyle.com/les-enjeux-du-recrutement-dans-la-restauration/#comment-35208" "Mozilla/5.0 (Windows NT 10.0; Win64; x64) AppleWebKit/537.36 (KHTML, like Gecko) Chrome/129.0.0.0 Safari/537.36"
217.113.194.233 - - [15/Apr/2025:00:56:55 -0400] "GET /carer-dorchester/feed/ HTTP/1.1" 200 375 "-" "Mozilla/5.0 (compatible; Barkrowler/0.9; +https://babbar.tech/crawler)"
154.54.249.218 - - [15/Apr/2025:00:57:14 -0400] "GET /restaurant-marketing-tools/ HTTP/1.1" 200 18007 "-" "Mozilla/5.0 (compatible; Barkrowler/0.9; +https://babbar.tech/crawler)"
154.54.249.218 - - [15/Apr/2025:00:57:33 -0400] "GET /gambling-sites/feed/ HTTP/1.1" 200 374 "-" "Mozilla/5.0 (compatible; Barkrowler/0.9; +https://babbar.tech/crawler)"
184.169.181.217 - - [15/Apr/2025:00:57:45 -0400] "GET /michael-kors-bags-a-vision-of-sophistication-and-glitz/ HTTP/1.1" 200 18545 "-" "Mozilla/5.0 (Windows NT 6.3; Win64; x64) AppleWebKit/537.36 (KHTML, like Gecko) Chrome/75.0.3770.100 Safari/537.36"
217.113.194.239 - - [15/Apr/2025:00:57:50 -0400] "GET /center-parcs-ostsee/feed/ HTTP/1.1" 200 380 "-" "Mozilla/5.0 (compatible; Barkrowler/0.9; +https://babbar.tech/crawler)"
217.113.194.236 - - [15/Apr/2025:00:58:09 -0400] "GET /center-parcs-ostsee/ HTTP/1.1" 200 17321 "-" "Mozilla/5.0 (compatible; Barkrowler/0.9; +https://babbar.tech/crawler)"
2001:1388:13a6:8281:65a2:614a:dd5d:2e66 - - [15/Apr/2025:00:58:14 -0400] "POST /xmlrpc.php HTTP/1.1" 200 186 "-" "Mozilla/5.0 (Windows NT 10.0; Win64; x64) AppleWebKit/537.36 (KHTML, like Gecko) Chrome/91.0.4472.124 Safari/537.36"
217.113.194.232 - - [15/Apr/2025:00:58:28 -0400] "GET /pc-builder-website/feed/ HTTP/1.1" 200 374 "-" "Mozilla/5.0 (compatible; Barkrowler/0.9; +https://babbar.tech/crawler)"
217.113.194.232 - - [15/Apr/2025:00:58:45 -0400] "GET /ppr-pipe-prices/ HTTP/1.1" 200 17290 "-" "Mozilla/5.0 (compatible; Barkrowler/0.9; +https://babbar.tech/crawler)"
217.113.194.239 - - [15/Apr/2025:00:59:06 -0400] "GET /bijoux-lait-maternel/feed/ HTTP/1.1" 200 381 "-" "Mozilla/5.0 (compatible; Barkrowler/0.9; +https://babbar.tech/crawler)"
217.113.194.235 - - [15/Apr/2025:00:59:23 -0400] "GET /gpm-to-lpm/feed/ HTTP/1.1" 200 370 "-" "Mozilla/5.0 (compatible; Barkrowler/0.9; +https://babbar.tech/crawler)"
217.113.194.234 - - [15/Apr/2025:00:59:40 -0400] "GET /fire-fighting-pump/ HTTP/1.1" 200 17024 "-" "Mozilla/5.0 (compatible; Barkrowler/0.9; +https://babbar.tech/crawler)"
217.113.194.238 - - [15/Apr/2025:00:59:57 -0400] "GET /fire-fighting-pump/feed/ HTTP/1.1" 200 378 "-" "Mozilla/5.0 (compatible; Barkrowler/0.9; +https://babbar.tech/crawler)"
217.113.194.241 - - [15/Apr/2025:01:00:14 -0400] "GET /fire-water-pump/feed/ HTTP/1.1" 200 377 "-" "Mozilla/5.0 (compatible; Barkrowler/0.9; +https://babbar.tech/crawler)"
217.113.194.235 - - [15/Apr/2025:01:00:32 -0400] "GET /key-duplication/feed/ HTTP/1.1" 200 367 "-" "Mozilla/5.0 (compatible; Barkrowler/0.9; +https://babbar.tech/crawler)"
217.113.194.241 - - [15/Apr/2025:01:00:51 -0400] "GET /mindfulness-quotes/feed/ HTTP/1.1" 200 371 "-" "Mozilla/5.0 (compatible; Barkrowler/0.9; +https://babbar.tech/crawler)"
217.113.194.241 - - [15/Apr/2025:01:01:08 -0400] "GET /soccer-grip-socks/ HTTP/1.1" 200 17059 "-" "Mozilla/5.0 (compatible; Barkrowler/0.9; +https://babbar.tech/crawler)"
154.54.249.218 - - [15/Apr/2025:01:01:26 -0400] "GET /soccer-grip-socks/feed/ HTTP/1.1" 200 376 "-" "Mozilla/5.0 (compatible; Barkrowler/0.9; +https://babbar.tech/crawler)"
217.113.194.239 - - [15/Apr/2025:01:01:43 -0400] "GET /button-head-screw/feed/ HTTP/1.1" 200 381 "-" "Mozilla/5.0 (compatible; Barkrowler/0.9; +https://babbar.tech/crawler)"
217.113.194.254 - - [15/Apr/2025:01:02:01 -0400] "GET /local-chiropractors/feed/ HTTP/1.1" 200 375 "-" "Mozilla/5.0 (compatible; Barkrowler/0.9; +https://babbar.tech/crawler)"
198.54.114.83 - - [15/Apr/2025:01:02:18 -0400] "POST /wp-admin/admin-ajax.php?action=async_litespeed&nonce=Kxie0VvFbLSa7cQKp9ILsCTDiPOk4FPy&litespeed_type=imgoptm HTTP/1.1" 200 0 "-" "WordPress/6.7.2; https://creative-webstyle.com"
217.113.194.234 - - [15/Apr/2025:01:02:18 -0400] "GET /steroids-thailand/ HTTP/1.1" 200 18001 "-" "Mozilla/5.0 (compatible; Barkrowler/0.9; +https://babbar.tech/crawler)"
8.210.8.206 - - [15/Apr/2025:01:02:26 -0400] "GET /category/activity/page/151 HTTP/1.1" 301 0 "-" "Mozilla/5.0 (Macintosh; Intel Mac OS X 10_15_7) AppleWebKit/537.36 (KHTML, like Gecko) Chrome/109.0.0.0 Safari/537.36"
8.210.8.206 - - [15/Apr/2025:01:02:28 -0400] "GET /category/activity/page/151/ HTTP/1.1" 200 16388 "https://creative-webstyle.com/category/activity/page/151" "Mozilla/5.0 (Macintosh; Intel Mac OS X 10_15_7) AppleWebKit/537.36 (KHTML, like Gecko) Chrome/109.0.0.0 Safari/537.36"
217.113.194.238 - - [15/Apr/2025:01:02:37 -0400] "GET /steroids-thailand/feed/ HTTP/1.1" 200 373 "-" "Mozilla/5.0 (compatible; Barkrowler/0.9; +https://babbar.tech/crawler)"
185.173.37.68 - - [15/Apr/2025:01:02:45 -0400] "GET /the-intriguing-world-of-satta-king-a-comprehensive-overview/ HTTP/1.1" 200 18566 "-" "Mozilla/5.0 (Windows NT 10.0; Win64; x64; rv:114.0) Gecko/20100101 Firefox/114.0"
217.113.194.233 - - [15/Apr/2025:01:02:54 -0400] "GET /what-are-online-slots/ HTTP/1.1" 200 19388 "-" "Mozilla/5.0 (compatible; Barkrowler/0.9; +https://babbar.tech/crawler)"
217.113.194.232 - - [15/Apr/2025:01:03:12 -0400] "GET /what-are-online-slots/feed/ HTTP/1.1" 200 384 "-" "Mozilla/5.0 (compatible; Barkrowler/0.9; +https://babbar.tech/crawler)"
217.113.194.240 - - [15/Apr/2025:01:03:29 -0400] "GET /woom-automagic/feed/ HTTP/1.1" 200 373 "-" "Mozilla/5.0 (compatible; Barkrowler/0.9; +https://babbar.tech/crawler)"
217.113.194.237 - - [15/Apr/2025:01:03:46 -0400] "GET /shutters-north-east/ HTTP/1.1" 200 17467 "-" "Mozilla/5.0 (compatible; Barkrowler/0.9; +https://babbar.tech/crawler)"
217.113.194.235 - - [15/Apr/2025:01:04:04 -0400] "GET /mini-golf-hire-costs/ HTTP/1.1" 200 17725 "-" "Mozilla/5.0 (compatible; Barkrowler/0.9; +https://babbar.tech/crawler)"
154.54.249.218 - - [15/Apr/2025:01:04:23 -0400] "GET /steuerberatung/feed/ HTTP/1.1" 200 369 "-" "Mozilla/5.0 (compatible; Barkrowler/0.9; +https://babbar.tech/crawler)"
217.113.194.234 - - [15/Apr/2025:01:04:41 -0400] "GET /custom-slouch-socks/ HTTP/1.1" 200 17387 "-" "Mozilla/5.0 (compatible; Barkrowler/0.9; +https://babbar.tech/crawler)"
198.54.114.83 - - [15/Apr/2025:01:04:59 -0400] "POST /wp-admin/admin-ajax.php?action=async_litespeed&nonce=fJ7OpuvOp4v3Zbbro8bxERahKuHlAcjA&litespeed_type=imgoptm HTTP/1.1" 200 0 "-" "WordPress/6.7.2; https://creative-webstyle.com"
217.113.194.237 - - [15/Apr/2025:01:05:00 -0400] "GET /custom-fuzzy-socks-2/feed/ HTTP/1.1" 200 384 "-" "Mozilla/5.0 (compatible; Barkrowler/0.9; +https://babbar.tech/crawler)"
85.208.96.195 - - [15/Apr/2025:01:05:10 -0400] "GET /pressure-wash/ HTTP/1.1" 200 17272 "-" "Mozilla/5.0 (compatible; SemrushBot/7~bl; +http://www.semrush.com/bot.html)"
2a03:2880:f800:19:: - - [15/Apr/2025:01:05:10 -0400] "GET /curls-crafted-with-precision-unveiling-the-expertise-of-a-curly-hair-hairdresser-in-melbourne/ HTTP/1.1" 200 18354 "-" "meta-externalagent/1.1 (+https://developers.facebook.com/docs/sharing/webmasters/crawler)"
217.113.194.233 - - [15/Apr/2025:01:05:18 -0400] "GET /custom-socks-with-logo/ HTTP/1.1" 200 18271 "-" "Mozilla/5.0 (compatible; Barkrowler/0.9; +https://babbar.tech/crawler)"
2001:1388:13a6:8281:65a2:614a:dd5d:2e66 - - [15/Apr/2025:01:05:19 -0400] "GET /wp-json/wp/v2/users HTTP/1.1" 200 2069 "-" "Mozilla/4.0 (compatible; Win32; WinHttp.WinHttpRequest.5)"
217.113.194.235 - - [15/Apr/2025:01:05:36 -0400] "GET /spider-gwen-cosplay/feed/ HTTP/1.1" 200 381 "-" "Mozilla/5.0 (compatible; Barkrowler/0.9; +https://babbar.tech/crawler)"
217.113.194.254 - - [15/Apr/2025:01:05:54 -0400] "GET /gitarre-online-lernen/ HTTP/1.1" 200 17138 "-" "Mozilla/5.0 (compatible; Barkrowler/0.9; +https://babbar.tech/crawler)"
198.54.114.83 - - [15/Apr/2025:01:06:01 -0400] "POST /wp-admin/admin-ajax.php?action=async_litespeed&nonce=5iufbhIUZ52MSAQ1ubbSEww0rpY765Pt&litespeed_type=imgoptm HTTP/1.1" 200 0 "-" "WordPress/6.7.2; https://creative-webstyle.com"
217.113.194.240 - - [15/Apr/2025:01:06:12 -0400] "GET /powerball-online-betting/ HTTP/1.1" 200 18368 "-" "Mozilla/5.0 (compatible; Barkrowler/0.9; +https://babbar.tech/crawler)"
217.113.194.239 - - [15/Apr/2025:01:06:30 -0400] "GET /powerball-online-betting/feed/ HTTP/1.1" 200 380 "-" "Mozilla/5.0 (compatible; Barkrowler/0.9; +https://babbar.tech/crawler)"
217.113.194.232 - - [15/Apr/2025:01:06:47 -0400] "GET /hex-lag-screws/ HTTP/1.1" 200 17910 "-" "Mozilla/5.0 (compatible; Barkrowler/0.9; +https://babbar.tech/crawler)"
2001:1388:13a6:8281:65a2:614a:dd5d:2e66 - - [15/Apr/2025:01:06:58 -0400] "POST /xmlrpc.php HTTP/1.1" 200 186 "-" "Mozilla/5.0 (Windows NT 10.0; Win64; x64) AppleWebKit/537.36 (KHTML, like Gecko) Chrome/91.0.4472.124 Safari/537.36"
217.113.194.240 - - [15/Apr/2025:01:07:05 -0400] "GET /cabinet-manufacturer/feed/ HTTP/1.1" 200 368 "-" "Mozilla/5.0 (compatible; Barkrowler/0.9; +https://babbar.tech/crawler)"
47.79.193.203 - - [15/Apr/2025:01:07:22 -0400] "GET / HTTP/1.1" 200 78396 "https://www.google.com/" "Mozilla/5.0 (Linux; Android 10; K) AppleWebKit/537.36 (KHTML, like Gecko) Chrome/133.0.0.0 Mobile Safari/537.36"
