217.113.194.254 - - [15/Apr/2025:12:00:13 -0400] "GET /ray-ban-glasses-timeless-style-meets-modern-innovation/feed/ HTTP/1.1" 200 426 "-" "Mozilla/5.0 (compatible; Barkrowler/0.9; +https://babbar.tech/crawler)"
217.113.194.239 - - [15/Apr/2025:12:00:39 -0400] "GET /the-wool-beanie-warm-soft-and-lightweight/feed/ HTTP/1.1" 200 425 "-" "Mozilla/5.0 (compatible; Barkrowler/0.9; +https://babbar.tech/crawler)"
217.113.194.234 - - [15/Apr/2025:12:01:02 -0400] "GET /the-joe-tippens-protocol-for-cancer-treatment/feed/ HTTP/1.1" 200 415 "-" "Mozilla/5.0 (compatible; Barkrowler/0.9; +https://babbar.tech/crawler)"
198.54.114.83 - - [15/Apr/2025:12:01:05 -0400] "POST /wp-cron.php?doing_wp_cron=1744732863.1141200065612792968750 HTTP/1.1" 200 0 "-" "WordPress/6.7.2; https://creative-webstyle.com"
217.113.194.233 - - [15/Apr/2025:12:01:28 -0400] "GET /the-future-of-computing-exploring-gpu-cloud-services/feed/ HTTP/1.1" 200 420 "-" "Mozilla/5.0 (compatible; Barkrowler/0.9; +https://babbar.tech/crawler)"
47.79.199.187 - - [15/Apr/2025:12:01:48 -0400] "GET / HTTP/1.1" 200 78396 "https://www.google.com/" "Mozilla/5.0 (Linux; Android 10; K) AppleWebKit/537.36 (KHTML, like Gecko) Chrome/133.0.0.0 Mobile Safari/537.36"
217.113.194.235 - - [15/Apr/2025:12:01:52 -0400] "GET /the-future-of-computing-exploring-gpu-cloud-services/ HTTP/1.1" 200 17956 "-" "Mozilla/5.0 (compatible; Barkrowler/0.9; +https://babbar.tech/crawler)"
198.54.114.83 - - [15/Apr/2025:12:02:14 -0400] "POST /wp-cron.php?doing_wp_cron=1744732933.7896370887756347656250 HTTP/1.1" 200 0 "-" "WordPress/6.7.2; https://creative-webstyle.com"
217.113.194.234 - - [15/Apr/2025:12:02:13 -0400] "GET /the-watcher-of-realms-celebrating-the-best-heroes/feed/ HTTP/1.1" 200 423 "-" "Mozilla/5.0 (compatible; Barkrowler/0.9; +https://babbar.tech/crawler)"
217.113.194.254 - - [15/Apr/2025:12:02:38 -0400] "GET /safeguarding-resilience-disaster-recovery-in-connecticut/ HTTP/1.1" 200 18339 "-" "Mozilla/5.0 (compatible; Barkrowler/0.9; +https://babbar.tech/crawler)"
217.113.194.241 - - [15/Apr/2025:12:03:02 -0400] "GET /strategies-to-skyrocket-your-youtube-subscriber-count/feed/ HTTP/1.1" 200 425 "-" "Mozilla/5.0 (compatible; Barkrowler/0.9; +https://babbar.tech/crawler)"
217.113.194.241 - - [15/Apr/2025:12:03:27 -0400] "GET /buy-youtube-subscribers-to-accelerate-your-growth/feed/ HTTP/1.1" 200 423 "-" "Mozilla/5.0 (compatible; Barkrowler/0.9; +https://babbar.tech/crawler)"
198.54.114.83 - - [15/Apr/2025:12:03:32 -0400] "POST /wp-cron.php?doing_wp_cron=1744733008.1230030059814453125000 HTTP/1.1" 200 0 "-" "WordPress/6.7.2; https://creative-webstyle.com"
217.113.194.236 - - [15/Apr/2025:12:03:54 -0400] "GET /buy-youtube-shares-how-to-get-your-video-noticed-on-youtube/ HTTP/1.1" 200 18130 "-" "Mozilla/5.0 (compatible; Barkrowler/0.9; +https://babbar.tech/crawler)"
178.20.45.182 - - [15/Apr/2025:12:04:00 -0400] "GET /best-cbd-oil-for-sleep-uk/ HTTP/1.1" 200 17254 "https://creative-webstyle.com/best-cbd-oil-for-sleep-uk/#comment-12975/" "Mozilla/5.0 (Windows NT 10.0; Win64; x64) AppleWebKit/537.36 (KHTML, like Gecko) Chrome/130.0.0.0 Safari/537.36"
178.20.45.182 - - [15/Apr/2025:12:04:00 -0400] "GET /best-cbd-oil-for-sleep-uk/ HTTP/1.1" 200 17254 "https://creative-webstyle.com/best-cbd-oil-for-sleep-uk/#comment-12975/" "Mozilla/5.0 (Windows NT 10.0; Win64; x64) AppleWebKit/537.36 (KHTML, like Gecko) Chrome/130.0.0.0 Safari/537.36 CCleaner/130.0.0.0"
178.20.45.182 - - [15/Apr/2025:12:04:00 -0400] "GET /best-cbd-oil-for-sleep-uk/ HTTP/1.1" 200 17254 "https://creative-webstyle.com/best-cbd-oil-for-sleep-uk/#comment-12975/" "Mozilla/5.0 (Windows NT 10.0; Win64; x64) AppleWebKit/537.36 (KHTML, like Gecko) Chrome/129.0.0.0 Safari/537.36"
178.20.45.182 - - [15/Apr/2025:12:04:01 -0400] "GET /best-cbd-oil-for-sleep-uk/ HTTP/1.1" 200 17254 "https://creative-webstyle.com/best-cbd-oil-for-sleep-uk/#comment-12975/" "Mozilla/5.0 (Windows NT 10.0; Win64; x64) AppleWebKit/537.36 (KHTML, like Gecko) Chrome/131.0.0.0 Safari/537.36 Avast/131.0.0.0"
178.20.45.182 - - [15/Apr/2025:12:04:04 -0400] "POST /wp-comments-post.php HTTP/1.1" 429 982 "https://creative-webstyle.com/best-cbd-oil-for-sleep-uk/#comment-12975/" "Mozilla/5.0 (Windows NT 10.0; Win64; x64) AppleWebKit/537.36 (KHTML, like Gecko) Chrome/129.0.0.0 Safari/537.36"
178.20.45.182 - - [15/Apr/2025:12:04:04 -0400] "POST /wp-comments-post.php HTTP/1.1" 429 982 "https://creative-webstyle.com/best-cbd-oil-for-sleep-uk/#comment-12975/" "Mozilla/5.0 (Windows NT 10.0; Win64; x64) AppleWebKit/537.36 (KHTML, like Gecko) Chrome/130.0.0.0 Safari/537.36 CCleaner/130.0.0.0"
178.20.45.182 - - [15/Apr/2025:12:04:05 -0400] "POST /wp-comments-post.php HTTP/1.1" 429 982 "https://creative-webstyle.com/best-cbd-oil-for-sleep-uk/#comment-12975/" "Mozilla/5.0 (Windows NT 10.0; Win64; x64) AppleWebKit/537.36 (KHTML, like Gecko) Chrome/131.0.0.0 Safari/537.36 Avast/131.0.0.0"
178.20.45.182 - - [15/Apr/2025:12:04:04 -0400] "POST /wp-comments-post.php HTTP/1.1" 302 0 "https://creative-webstyle.com/best-cbd-oil-for-sleep-uk/#comment-12975/" "Mozilla/5.0 (Windows NT 10.0; Win64; x64) AppleWebKit/537.36 (KHTML, like Gecko) Chrome/130.0.0.0 Safari/537.36"
178.20.45.182 - - [15/Apr/2025:12:04:11 -0400] "GET /best-cbd-oil-for-sleep-uk/ HTTP/1.1" 200 19763 "https://creative-webstyle.com/best-cbd-oil-for-sleep-uk/#comment-35241" "Mozilla/5.0 (Windows NT 10.0; Win64; x64) AppleWebKit/537.36 (KHTML, like Gecko) Chrome/130.0.0.0 Safari/537.36"
217.113.194.233 - - [15/Apr/2025:12:04:17 -0400] "GET /buy-youtube-shares-how-to-get-your-video-noticed-on-youtube/feed/ HTTP/1.1" 200 443 "-" "Mozilla/5.0 (compatible; Barkrowler/0.9; +https://babbar.tech/crawler)"
217.113.194.233 - - [15/Apr/2025:12:04:42 -0400] "GET /buy-youtube-shorts-views-to-make-your-videos-go-viral/ HTTP/1.1" 200 18470 "-" "Mozilla/5.0 (compatible; Barkrowler/0.9; +https://babbar.tech/crawler)"
198.54.114.83 - - [15/Apr/2025:12:04:47 -0400] "POST /wp-cron.php?doing_wp_cron=1744733084.0406260490417480468750 HTTP/1.1" 200 0 "-" "WordPress/6.7.2; https://creative-webstyle.com"
17.241.219.17 - - [15/Apr/2025:12:05:11 -0400] "GET /robots.txt HTTP/1.1" 200 110 "-" "Mozilla/5.0 (Macintosh; Intel Mac OS X 10_15_7) AppleWebKit/605.1.15 (KHTML, like Gecko) Version/17.4 Safari/605.1.15 (Applebot/0.1; +http://www.apple.com/go/applebot)"
217.113.194.237 - - [15/Apr/2025:12:05:15 -0400] "GET /buy-youtube-shorts-views-to-make-your-videos-go-viral/feed/ HTTP/1.1" 200 433 "-" "Mozilla/5.0 (compatible; Barkrowler/0.9; +https://babbar.tech/crawler)"
17.241.219.17 - - [15/Apr/2025:12:05:19 -0400] "GET /wp-content/uploads/2023/08/synthesize-2.mp3 HTTP/1.1" 200 37440 "-" "Mozilla/5.0 (Macintosh; Intel Mac OS X 10_15_7) AppleWebKit/605.1.15 (KHTML, like Gecko) Version/17.4 Safari/605.1.15 (Applebot/0.1; +http://www.apple.com/go/applebot)"
217.113.194.240 - - [15/Apr/2025:12:05:39 -0400] "GET /luxuriose-auszeit-am-gardasee/feed/ HTTP/1.1" 200 401 "-" "Mozilla/5.0 (compatible; Barkrowler/0.9; +https://babbar.tech/crawler)"
2a03:2880:f800:17:: - - [15/Apr/2025:12:05:45 -0400] "GET /category/sign-up/ HTTP/1.1" 200 14519 "-" "meta-externalagent/1.1 (+https://developers.facebook.com/docs/sharing/webmasters/crawler)"
198.54.114.83 - - [15/Apr/2025:12:06:03 -0400] "POST /wp-cron.php?doing_wp_cron=1744733161.6337950229644775390625 HTTP/1.1" 200 0 "-" "WordPress/6.7.2; https://creative-webstyle.com"
217.113.194.234 - - [15/Apr/2025:12:06:01 -0400] "GET /screw-sizes-choosing-the-right-size-for-your-project/ HTTP/1.1" 200 18212 "-" "Mozilla/5.0 (compatible; Barkrowler/0.9; +https://babbar.tech/crawler)"
217.113.194.235 - - [15/Apr/2025:12:06:26 -0400] "GET /advantages-of-outsourcing-commercial-cleaning-services/ HTTP/1.1" 200 18396 "-" "Mozilla/5.0 (compatible; Barkrowler/0.9; +https://babbar.tech/crawler)"
217.113.194.233 - - [15/Apr/2025:12:06:51 -0400] "GET /advantages-of-outsourcing-commercial-cleaning-services/feed/ HTTP/1.1" 200 417 "-" "Mozilla/5.0 (compatible; Barkrowler/0.9; +https://babbar.tech/crawler)"
198.54.114.83 - - [15/Apr/2025:12:07:15 -0400] "POST /wp-cron.php?doing_wp_cron=1744733234.3993539810180664062500 HTTP/1.1" 200 0 "-" "WordPress/6.7.2; https://creative-webstyle.com"
217.113.194.234 - - [15/Apr/2025:12:07:13 -0400] "GET /die-eleganz-der-moderne-hangelampen-im-trend/feed/ HTTP/1.1" 200 420 "-" "Mozilla/5.0 (compatible; Barkrowler/0.9; +https://babbar.tech/crawler)"
217.113.194.234 - - [15/Apr/2025:12:07:34 -0400] "GET /die-eleganz-der-moderne-hangelampen-im-trend/ HTTP/1.1" 200 18056 "-" "Mozilla/5.0 (compatible; Barkrowler/0.9; +https://babbar.tech/crawler)"
217.113.194.233 - - [15/Apr/2025:12:07:59 -0400] "GET /navigating-the-digital-dice-the-rise-of-online-casinos-2/feed/ HTTP/1.1" 200 425 "-" "Mozilla/5.0 (compatible; Barkrowler/0.9; +https://babbar.tech/crawler)"
198.54.114.83 - - [15/Apr/2025:12:08:27 -0400] "POST /wp-cron.php?doing_wp_cron=1744733305.9389519691467285156250 HTTP/1.1" 200 0 "-" "WordPress/6.7.2; https://creative-webstyle.com"
217.113.194.233 - - [15/Apr/2025:12:08:25 -0400] "GET /navigating-the-digital-dice-exploring-the-world-of-online-betting/ HTTP/1.1" 200 18316 "-" "Mozilla/5.0 (compatible; Barkrowler/0.9; +https://babbar.tech/crawler)"
217.113.194.240 - - [15/Apr/2025:12:08:52 -0400] "GET /navigating-the-virtual-dice-exploring-the-world-of-online-gambling/ HTTP/1.1" 200 18055 "-" "Mozilla/5.0 (compatible; Barkrowler/0.9; +https://babbar.tech/crawler)"
217.113.194.238 - - [15/Apr/2025:12:09:16 -0400] "GET /the-beauty-of-betfair-tennis-in-play-trading/feed/ HTTP/1.1" 200 420 "-" "Mozilla/5.0 (compatible; Barkrowler/0.9; +https://babbar.tech/crawler)"
217.113.194.237 - - [15/Apr/2025:12:09:38 -0400] "GET /calcular-el-costo-de-peaje-en-mexico/feed/ HTTP/1.1" 200 408 "-" "Mozilla/5.0 (compatible; Barkrowler/0.9; +https://babbar.tech/crawler)"
198.54.114.83 - - [15/Apr/2025:12:09:40 -0400] "POST /wp-cron.php?doing_wp_cron=1744733378.9443120956420898437500 HTTP/1.1" 200 0 "-" "WordPress/6.7.2; https://creative-webstyle.com"
217.113.194.241 - - [15/Apr/2025:12:09:59 -0400] "GET /what-does-it-mean-when-your-engine-light-comes-on/ HTTP/1.1" 200 20757 "-" "Mozilla/5.0 (compatible; Barkrowler/0.9; +https://babbar.tech/crawler)"
217.113.194.233 - - [15/Apr/2025:12:10:23 -0400] "GET /innovations-in-real-estate-marketing-navigating-the-digital-landscape/ HTTP/1.1" 200 18203 "-" "Mozilla/5.0 (compatible; Barkrowler/0.9; +https://babbar.tech/crawler)"
217.113.194.234 - - [15/Apr/2025:12:10:46 -0400] "GET /economisez-avec-des-bannieres-publicitaires-abordables/ HTTP/1.1" 200 18145 "-" "Mozilla/5.0 (compatible; Barkrowler/0.9; +https://babbar.tech/crawler)"
198.54.114.83 - - [15/Apr/2025:12:11:09 -0400] "POST /wp-cron.php?doing_wp_cron=1744733467.8999829292297363281250 HTTP/1.1" 200 0 "-" "WordPress/6.7.2; https://creative-webstyle.com"
217.113.194.232 - - [15/Apr/2025:12:11:07 -0400] "GET /revolutionizing-convenience-with-cutting-edge-technology/ HTTP/1.1" 200 18071 "-" "Mozilla/5.0 (compatible; Barkrowler/0.9; +https://babbar.tech/crawler)"
217.113.194.237 - - [15/Apr/2025:12:11:32 -0400] "GET /revolutionizing-transactions-the-virtual-pos-terminal/ HTTP/1.1" 200 18500 "-" "Mozilla/5.0 (compatible; Barkrowler/0.9; +https://babbar.tech/crawler)"
217.113.194.240 - - [15/Apr/2025:12:11:57 -0400] "GET /skills-you-must-master-to-be-a-skill-seller/feed/ HTTP/1.1" 200 414 "-" "Mozilla/5.0 (compatible; Barkrowler/0.9; +https://babbar.tech/crawler)"
217.113.194.238 - - [15/Apr/2025:12:12:20 -0400] "GET /unlocking-fun-with-unblocked-games-6x/feed/ HTTP/1.1" 200 406 "-" "Mozilla/5.0 (compatible; Barkrowler/0.9; +https://babbar.tech/crawler)"
198.54.114.83 - - [15/Apr/2025:12:12:23 -0400] "POST /wp-cron.php?doing_wp_cron=1744733541.1544680595397949218750 HTTP/1.1" 200 0 "-" "WordPress/6.7.2; https://creative-webstyle.com"
154.54.249.218 - - [15/Apr/2025:12:12:42 -0400] "GET /unlocking-financial-success-steuerberatung-hattingen/ HTTP/1.1" 200 18361 "-" "Mozilla/5.0 (compatible; Barkrowler/0.9; +https://babbar.tech/crawler)"
217.113.194.240 - - [15/Apr/2025:12:13:05 -0400] "GET /unlocking-anonymity-the-cryptomixer-revolution/ HTTP/1.1" 200 18358 "-" "Mozilla/5.0 (compatible; Barkrowler/0.9; +https://babbar.tech/crawler)"
217.113.194.241 - - [15/Apr/2025:12:13:30 -0400] "GET /unveiling-the-hidden-gem-nusa-penida/feed/ HTTP/1.1" 200 405 "-" "Mozilla/5.0 (compatible; Barkrowler/0.9; +https://babbar.tech/crawler)"
198.54.114.83 - - [15/Apr/2025:12:13:34 -0400] "POST /wp-cron.php?doing_wp_cron=1744733611.1996510028839111328125 HTTP/1.1" 200 0 "-" "WordPress/6.7.2; https://creative-webstyle.com"
217.113.194.254 - - [15/Apr/2025:12:13:55 -0400] "GET /unveiling-the-core-exploring-the-hauptseite/feed/ HTTP/1.1" 200 424 "-" "Mozilla/5.0 (compatible; Barkrowler/0.9; +https://babbar.tech/crawler)"
217.113.194.235 - - [15/Apr/2025:12:14:20 -0400] "GET /unveiling-the-magic-of-rainbow-riches-games/feed/ HTTP/1.1" 200 415 "-" "Mozilla/5.0 (compatible; Barkrowler/0.9; +https://babbar.tech/crawler)"
198.54.114.83 - - [15/Apr/2025:12:14:42 -0400] "POST /wp-cron.php?doing_wp_cron=1744733681.2389860153198242187500 HTTP/1.1" 200 0 "-" "WordPress/6.7.2; https://creative-webstyle.com"
217.113.194.238 - - [15/Apr/2025:12:14:40 -0400] "GET /unveiling-the-charm-of-lilo-stitch-hoodies/ HTTP/1.1" 200 18302 "-" "Mozilla/5.0 (compatible; Barkrowler/0.9; +https://babbar.tech/crawler)"
217.113.194.234 - - [15/Apr/2025:12:15:07 -0400] "GET /unveiling-the-charm-of-lilo-stitch-hoodies/feed/ HTTP/1.1" 200 437 "-" "Mozilla/5.0 (compatible; Barkrowler/0.9; +https://babbar.tech/crawler)"
217.113.194.240 - - [15/Apr/2025:12:15:32 -0400] "GET /robots.txt HTTP/1.1" 304 0 "-" "Mozilla/5.0 (compatible; Barkrowler/0.9; +https://babbar.tech/crawler)"
217.113.194.254 - - [15/Apr/2025:12:15:58 -0400] "GET /unveiling-the-wonders-the-perfect-science-gift/feed/ HTTP/1.1" 200 436 "-" "Mozilla/5.0 (compatible; Barkrowler/0.9; +https://babbar.tech/crawler)"
217.113.194.232 - - [15/Apr/2025:12:16:26 -0400] "GET /unveiling-the-truth-behind-buying-youtube-subscribers/ HTTP/1.1" 200 18202 "-" "Mozilla/5.0 (compatible; Barkrowler/0.9; +https://babbar.tech/crawler)"
3.140.192.22 - - [15/Apr/2025:12:16:43 -0400] "GET /wp-json/wp/v2/posts/1785 HTTP/1.1" 200 11519 "-" "Mozilla/5.0 AppleWebKit/537.36 (KHTML, like Gecko; compatible; ClaudeBot/1.0; +claudebot@anthropic.com)"
217.113.194.239 - - [15/Apr/2025:12:16:54 -0400] "GET /unveiling-the-truth-behind-buy-youtube-views-services/ HTTP/1.1" 200 18292 "-" "Mozilla/5.0 (compatible; Barkrowler/0.9; +https://babbar.tech/crawler)"
217.113.194.235 - - [15/Apr/2025:12:17:21 -0400] "GET /unveiling-the-truth-behind-buy-youtube-views-services/feed/ HTTP/1.1" 200 442 "-" "Mozilla/5.0 (compatible; Barkrowler/0.9; +https://babbar.tech/crawler)"
198.54.114.83 - - [15/Apr/2025:12:17:25 -0400] "POST /wp-cron.php?doing_wp_cron=1744733841.6424770355224609375000 HTTP/1.1" 200 0 "-" "WordPress/6.7.2; https://creative-webstyle.com"
217.113.194.232 - - [15/Apr/2025:12:17:45 -0400] "GET /unveiling-the-enchantment-of-the-myst-condo/feed/ HTTP/1.1" 200 411 "-" "Mozilla/5.0 (compatible; Barkrowler/0.9; +https://babbar.tech/crawler)"
3.137.162.132 - - [15/Apr/2025:12:18:07 -0400] "GET /revitalizing-surfaces-the-power-of-commercial-pressure-cleaning HTTP/1.1" 301 0 "-" "Mozilla/5.0 AppleWebKit/537.36 (KHTML, like Gecko; compatible; ClaudeBot/1.0; +claudebot@anthropic.com)"
154.54.249.218 - - [15/Apr/2025:12:18:09 -0400] "GET /unveiling-the-enchantment-of-the-myst-condo/ HTTP/1.1" 200 18033 "-" "Mozilla/5.0 (compatible; Barkrowler/0.9; +https://babbar.tech/crawler)"
3.137.162.132 - - [15/Apr/2025:12:18:11 -0400] "GET /revitalizing-surfaces-the-power-of-commercial-pressure-cleaning/ HTTP/1.1" 200 18152 "https://creative-webstyle.com/revitalizing-surfaces-the-power-of-commercial-pressure-cleaning" "Mozilla/5.0 AppleWebKit/537.36 (KHTML, like Gecko; compatible; ClaudeBot/1.0; +claudebot@anthropic.com)"
217.113.194.234 - - [15/Apr/2025:12:18:34 -0400] "GET /unveiling-the-risks-and-rewards-of-free-casinos/feed/ HTTP/1.1" 200 420 "-" "Mozilla/5.0 (compatible; Barkrowler/0.9; +https://babbar.tech/crawler)"
198.54.114.83 - - [15/Apr/2025:12:18:38 -0400] "POST /wp-cron.php?doing_wp_cron=1744733914.6633501052856445312500 HTTP/1.1" 200 0 "-" "WordPress/6.7.2; https://creative-webstyle.com"
217.113.194.240 - - [15/Apr/2025:12:18:56 -0400] "GET /unveiling-the-risks-and-rewards-of-free-casinos/ HTTP/1.1" 200 18025 "-" "Mozilla/5.0 (compatible; Barkrowler/0.9; +https://babbar.tech/crawler)"
217.113.194.241 - - [15/Apr/2025:12:19:21 -0400] "GET /unveiling-the-thrill-exploring-the-world-of-online-casinos/ HTTP/1.1" 200 18217 "-" "Mozilla/5.0 (compatible; Barkrowler/0.9; +https://babbar.tech/crawler)"
185.191.171.12 - - [15/Apr/2025:12:19:40 -0400] "GET /the-art-of-bathroom-renovations/ HTTP/1.1" 200 17977 "-" "Mozilla/5.0 (compatible; SemrushBot/7~bl; +http://www.semrush.com/bot.html)"
198.54.114.83 - - [15/Apr/2025:12:19:47 -0400] "POST /wp-cron.php?doing_wp_cron=1744733981.4552659988403320312500 HTTP/1.1" 200 0 "-" "WordPress/6.7.2; https://creative-webstyle.com"
217.113.194.236 - - [15/Apr/2025:12:19:50 -0400] "GET /benefits-of-auto-salvage-in-fort-myers-fl/feed/ HTTP/1.1" 200 418 "-" "Mozilla/5.0 (compatible; Barkrowler/0.9; +https://babbar.tech/crawler)"
2a03:2880:f800:2:: - - [15/Apr/2025:12:20:13 -0400] "GET /pokemon-party-favors-are-a-popular-way-to-thank-guests-at-your-childs-birthday-celebration/ HTTP/1.1" 200 18665 "-" "meta-externalagent/1.1 (+https://developers.facebook.com/docs/sharing/webmasters/crawler)"
217.113.194.236 - - [15/Apr/2025:12:20:17 -0400] "GET /efficient-organizational-tools-printable-planner-stickers/ HTTP/1.1" 200 18056 "-" "Mozilla/5.0 (compatible; Barkrowler/0.9; +https://babbar.tech/crawler)"
217.113.194.238 - - [15/Apr/2025:12:20:45 -0400] "GET /paper-bags-have-revolutionized-the-way-people-shop/feed/ HTTP/1.1" 200 420 "-" "Mozilla/5.0 (compatible; Barkrowler/0.9; +https://babbar.tech/crawler)"
198.54.114.83 - - [15/Apr/2025:12:20:51 -0400] "POST /wp-cron.php?doing_wp_cron=1744734045.8908369541168212890625 HTTP/1.1" 200 0 "-" "WordPress/6.7.2; https://creative-webstyle.com"
217.113.194.234 - - [15/Apr/2025:12:21:14 -0400] "GET /top-9-online-job-advertising-ireland-platforms/feed/ HTTP/1.1" 200 413 "-" "Mozilla/5.0 (compatible; Barkrowler/0.9; +https://babbar.tech/crawler)"
217.113.194.233 - - [15/Apr/2025:12:21:39 -0400] "GET /photographers-mesmerizing-pictures-at-randburg/feed/ HTTP/1.1" 200 417 "-" "Mozilla/5.0 (compatible; Barkrowler/0.9; +https://babbar.tech/crawler)"
217.113.194.233 - - [15/Apr/2025:12:22:03 -0400] "GET /understanding-the-role-of-an-executor-of-a-will/feed/ HTTP/1.1" 200 422 "-" "Mozilla/5.0 (compatible; Barkrowler/0.9; +https://babbar.tech/crawler)"
198.54.114.83 - - [15/Apr/2025:12:22:06 -0400] "POST /wp-cron.php?doing_wp_cron=1744734123.7535068988800048828125 HTTP/1.1" 200 0 "-" "WordPress/6.7.2; https://creative-webstyle.com"
217.113.194.232 - - [15/Apr/2025:12:22:24 -0400] "GET /lart-de-lamenagement-de-bureau-un-univers-de-mobilier/ HTTP/1.1" 200 17941 "-" "Mozilla/5.0 (compatible; Barkrowler/0.9; +https://babbar.tech/crawler)"
217.113.194.240 - - [15/Apr/2025:12:22:50 -0400] "GET /repas-dentreprise-plateaux-repas-pour-tous-les-gouts/ HTTP/1.1" 200 18382 "-" "Mozilla/5.0 (compatible; Barkrowler/0.9; +https://babbar.tech/crawler)"
217.113.194.241 - - [15/Apr/2025:12:23:22 -0400] "GET /repas-dentreprise-plateaux-repas-pour-tous-les-gouts/feed/ HTTP/1.1" 200 435 "-" "Mozilla/5.0 (compatible; Barkrowler/0.9; +https://babbar.tech/crawler)"
198.54.114.83 - - [15/Apr/2025:12:23:24 -0400] "POST /wp-cron.php?doing_wp_cron=1744734202.5933830738067626953125 HTTP/1.1" 200 0 "-" "WordPress/6.7.2; https://creative-webstyle.com"
154.54.249.218 - - [15/Apr/2025:12:23:46 -0400] "GET /fight-like-a-champion-in-mma-mixed-martial-arts/feed/ HTTP/1.1" 200 432 "-" "Mozilla/5.0 (compatible; Barkrowler/0.9; +https://babbar.tech/crawler)"
217.113.194.234 - - [15/Apr/2025:12:24:08 -0400] "GET /asolo-hiking-boots-are-a-must-for-hikers/feed/ HTTP/1.1" 200 414 "-" "Mozilla/5.0 (compatible; Barkrowler/0.9; +https://babbar.tech/crawler)"
217.113.194.240 - - [15/Apr/2025:12:24:33 -0400] "GET /adorned-inspiration-the-power-of-inspirational-jewelry/feed/ HTTP/1.1" 200 429 "-" "Mozilla/5.0 (compatible; Barkrowler/0.9; +https://babbar.tech/crawler)"
198.54.114.83 - - [15/Apr/2025:12:24:38 -0400] "POST /wp-cron.php?doing_wp_cron=1744734273.6481230258941650390625 HTTP/1.1" 200 0 "-" "WordPress/6.7.2; https://creative-webstyle.com"
217.113.194.254 - - [15/Apr/2025:12:25:00 -0400] "GET /movers-7-secrets-to-finding-the-right-moving-company/feed/ HTTP/1.1" 200 434 "-" "Mozilla/5.0 (compatible; Barkrowler/0.9; +https://babbar.tech/crawler)"
217.113.194.241 - - [15/Apr/2025:12:25:25 -0400] "GET /elevate-your-style-with-custom-slouch-socks/feed/ HTTP/1.1" 200 429 "-" "Mozilla/5.0 (compatible; Barkrowler/0.9; +https://babbar.tech/crawler)"
2a02:598:128:8a00::b00:a - - [15/Apr/2025:12:25:42 -0400] "GET /the-continuum-showflat/feed/ HTTP/1.1" 200 387 "-" "Mozilla/5.0 (compatible; SeznamBot/4.0; +https://o-seznam.cz/napoveda/vyhledavani/en/seznambot-crawler/)"
198.54.114.83 - - [15/Apr/2025:12:25:48 -0400] "POST /wp-cron.php?doing_wp_cron=1744734343.2815461158752441406250 HTTP/1.1" 200 0 "-" "WordPress/6.7.2; https://creative-webstyle.com"
217.113.194.234 - - [15/Apr/2025:12:25:48 -0400] "GET /best-affordable-concrete-contractors-in-northern-colorado/feed/ HTTP/1.1" 200 422 "-" "Mozilla/5.0 (compatible; Barkrowler/0.9; +https://babbar.tech/crawler)"
154.54.249.218 - - [15/Apr/2025:12:26:09 -0400] "GET /cbd-oil-is-it-practical-for-psychological-disorders/ HTTP/1.1" 200 18669 "-" "Mozilla/5.0 (compatible; Barkrowler/0.9; +https://babbar.tech/crawler)"
217.113.194.235 - - [15/Apr/2025:12:26:35 -0400] "GET /going-into-the-world-of-wonderful-online-flash-games/feed/ HTTP/1.1" 200 428 "-" "Mozilla/5.0 (compatible; Barkrowler/0.9; +https://babbar.tech/crawler)"
3.138.67.8 - - [15/Apr/2025:12:26:55 -0400] "GET /?p=1785 HTTP/1.1" 200 78396 "-" "Mozilla/5.0 AppleWebKit/537.36 (KHTML, like Gecko; compatible; ClaudeBot/1.0; +claudebot@anthropic.com)"
217.113.194.240 - - [15/Apr/2025:12:26:59 -0400] "GET /cultivating-authentic-engagement-in-a-digital-landscape/ HTTP/1.1" 200 18009 "-" "Mozilla/5.0 (compatible; Barkrowler/0.9; +https://babbar.tech/crawler)"
198.54.114.83 - - [15/Apr/2025:12:27:03 -0400] "POST /wp-cron.php?doing_wp_cron=1744734420.2149319648742675781250 HTTP/1.1" 200 0 "-" "WordPress/6.7.2; https://creative-webstyle.com"
217.113.194.254 - - [15/Apr/2025:12:27:26 -0400] "GET /kraft-der-videoanimationen-eine-visuelle-revolution/ HTTP/1.1" 200 18085 "-" "Mozilla/5.0 (compatible; Barkrowler/0.9; +https://babbar.tech/crawler)"
154.54.249.218 - - [15/Apr/2025:12:27:50 -0400] "GET /examining-the-differences-between-two-mysql-tables/feed/ HTTP/1.1" 200 425 "-" "Mozilla/5.0 (compatible; Barkrowler/0.9; +https://babbar.tech/crawler)"
140.228.23.9 - - [15/Apr/2025:12:28:03 -0400] "GET /2024/10/ HTTP/1.1" 301 0 "-" "Mozilla/5.0 (Windows; U; Windows NT 6.0; sv-SE; rv:1.9.2.12) Gecko/20101026 Firefox/3.6.12"
198.54.114.83 - - [15/Apr/2025:12:28:09 -0400] "POST /wp-cron.php?doing_wp_cron=1744734484.1459870338439941406250 HTTP/1.1" 200 0 "-" "WordPress/6.7.2; https://creative-webstyle.com"
140.228.23.149 - - [15/Apr/2025:12:28:13 -0400] "GET / HTTP/1.1" 200 78396 "-" "Mozilla/5.0 (Windows; U; Windows NT 6.0; sv-SE; rv:1.9.2.12) Gecko/20101026 Firefox/3.6.12"
217.113.194.232 - - [15/Apr/2025:12:28:17 -0400] "GET /the-importance-of-eye-care-a-comprehensive-guide/feed/ HTTP/1.1" 200 419 "-" "Mozilla/5.0 (compatible; Barkrowler/0.9; +https://babbar.tech/crawler)"
18.117.11.129 - - [15/Apr/2025:12:28:39 -0400] "GET /5-tips-to-remember-when-you-pressure-wash-your-driveway/feed HTTP/1.1" 301 0 "-" "Mozilla/5.0 AppleWebKit/537.36 (KHTML, like Gecko; compatible; ClaudeBot/1.0; +claudebot@anthropic.com)"
217.113.194.254 - - [15/Apr/2025:12:28:41 -0400] "GET /the-importance-of-a-fire-pump-in-a-sprinkler-system/ HTTP/1.1" 200 18565 "-" "Mozilla/5.0 (compatible; Barkrowler/0.9; +https://babbar.tech/crawler)"
18.117.11.129 - - [15/Apr/2025:12:28:43 -0400] "GET /5-tips-to-remember-when-you-pressure-wash-your-driveway/feed/ HTTP/1.1" 200 435 "https://creative-webstyle.com/5-tips-to-remember-when-you-pressure-wash-your-driveway/feed" "Mozilla/5.0 AppleWebKit/537.36 (KHTML, like Gecko; compatible; ClaudeBot/1.0; +claudebot@anthropic.com)"
154.54.249.218 - - [15/Apr/2025:12:29:05 -0400] "GET /the-importance-of-a-fire-pump-in-a-sprinkler-system/feed/ HTTP/1.1" 200 426 "-" "Mozilla/5.0 (compatible; Barkrowler/0.9; +https://babbar.tech/crawler)"
198.54.114.83 - - [15/Apr/2025:12:29:09 -0400] "POST /wp-cron.php?doing_wp_cron=1744734546.1584300994873046875000 HTTP/1.1" 200 0 "-" "WordPress/6.7.2; https://creative-webstyle.com"
217.113.194.234 - - [15/Apr/2025:12:29:26 -0400] "GET /la-publicite-par-drapeau-une-strategie-visuelle-efficace/ HTTP/1.1" 200 17917 "-" "Mozilla/5.0 (compatible; Barkrowler/0.9; +https://babbar.tech/crawler)"
217.113.194.235 - - [15/Apr/2025:12:29:49 -0400] "GET /bruxisme-demasquer-le-train-train-nocturne/ HTTP/1.1" 200 18991 "-" "Mozilla/5.0 (compatible; Barkrowler/0.9; +https://babbar.tech/crawler)"
217.113.194.234 - - [15/Apr/2025:12:30:17 -0400] "GET /curb-address-painting-a-home-business-opportunity/ HTTP/1.1" 200 18436 "-" "Mozilla/5.0 (compatible; Barkrowler/0.9; +https://babbar.tech/crawler)"
198.54.114.83 - - [15/Apr/2025:12:30:22 -0400] "POST /wp-cron.php?doing_wp_cron=1744734617.9450950622558593750000 HTTP/1.1" 200 0 "-" "WordPress/6.7.2; https://creative-webstyle.com"
217.113.194.235 - - [15/Apr/2025:12:30:46 -0400] "GET /poncho-surfing-catching-waves-with-comfort/ HTTP/1.1" 200 17933 "-" "Mozilla/5.0 (compatible; Barkrowler/0.9; +https://babbar.tech/crawler)"
217.113.194.254 - - [15/Apr/2025:12:31:13 -0400] "GET /proteger-et-rafraichir-votre-canape-avec-des-housses/ HTTP/1.1" 200 18112 "-" "Mozilla/5.0 (compatible; Barkrowler/0.9; +https://babbar.tech/crawler)"
217.113.194.233 - - [15/Apr/2025:12:31:40 -0400] "GET /proteger-et-rafraichir-votre-canape-avec-des-housses/feed/ HTTP/1.1" 200 439 "-" "Mozilla/5.0 (compatible; Barkrowler/0.9; +https://babbar.tech/crawler)"
198.54.114.83 - - [15/Apr/2025:12:31:44 -0400] "POST /wp-cron.php?doing_wp_cron=1744734700.6999208927154541015625 HTTP/1.1" 200 0 "-" "WordPress/6.7.2; https://creative-webstyle.com"
217.113.194.239 - - [15/Apr/2025:12:32:09 -0400] "GET /property-sales-costa-del-sol-busiest-year-ever/feed/ HTTP/1.1" 200 430 "-" "Mozilla/5.0 (compatible; Barkrowler/0.9; +https://babbar.tech/crawler)"
217.113.194.239 - - [15/Apr/2025:12:32:33 -0400] "GET /what-should-you-look-for-in-skin-care-products/feed/ HTTP/1.1" 200 425 "-" "Mozilla/5.0 (compatible; Barkrowler/0.9; +https://babbar.tech/crawler)"
154.54.249.218 - - [15/Apr/2025:12:32:57 -0400] "GET /exploring-the-wonders-of-careprost-eye-drops/feed/ HTTP/1.1" 200 411 "-" "Mozilla/5.0 (compatible; Barkrowler/0.9; +https://babbar.tech/crawler)"
198.54.114.83 - - [15/Apr/2025:12:33:01 -0400] "POST /wp-cron.php?doing_wp_cron=1744734778.2692399024963378906250 HTTP/1.1" 200 0 "-" "WordPress/6.7.2; https://creative-webstyle.com"
217.113.194.240 - - [15/Apr/2025:12:33:24 -0400] "GET /convenience-is-what-sets-cyber-casinos-apart/ HTTP/1.1" 200 17996 "-" "Mozilla/5.0 (compatible; Barkrowler/0.9; +https://babbar.tech/crawler)"
217.113.194.241 - - [15/Apr/2025:12:33:50 -0400] "GET /convenience-is-what-sets-cyber-casinos-apart/feed/ HTTP/1.1" 200 418 "-" "Mozilla/5.0 (compatible; Barkrowler/0.9; +https://babbar.tech/crawler)"
198.54.114.83 - - [15/Apr/2025:12:34:15 -0400] "POST /wp-cron.php?doing_wp_cron=1744734853.9633030891418457031250 HTTP/1.1" 200 0 "-" "WordPress/6.7.2; https://creative-webstyle.com"
217.113.194.241 - - [15/Apr/2025:12:34:13 -0400] "GET /mit-silberpolitur-edelmetalle-konservieren/ HTTP/1.1" 200 18373 "-" "Mozilla/5.0 (compatible; Barkrowler/0.9; +https://babbar.tech/crawler)"
217.113.194.232 - - [15/Apr/2025:12:34:36 -0400] "GET /valworx-explosion-proof-electric-actuator/feed/ HTTP/1.1" 200 405 "-" "Mozilla/5.0 (compatible; Barkrowler/0.9; +https://babbar.tech/crawler)"
217.113.194.233 - - [15/Apr/2025:12:34:56 -0400] "GET /colors-patterns-and-designs-that-enhance-personal-style/ HTTP/1.1" 200 18039 "-" "Mozilla/5.0 (compatible; Barkrowler/0.9; +https://babbar.tech/crawler)"
217.113.194.234 - - [15/Apr/2025:12:35:22 -0400] "GET /limportance-dune-isolation-de-qualite-a-geneve/feed/ HTTP/1.1" 200 433 "-" "Mozilla/5.0 (compatible; Barkrowler/0.9; +https://babbar.tech/crawler)"
217.113.194.234 - - [15/Apr/2025:12:35:47 -0400] "GET /step-into-comfort-and-style-with-custom-grip-socks/feed/ HTTP/1.1" 200 439 "-" "Mozilla/5.0 (compatible; Barkrowler/0.9; +https://babbar.tech/crawler)"
47.128.121.54 - - [15/Apr/2025:12:35:50 -0400] "GET /benefits-of-using-a-licensed-money-lender/ HTTP/1.1" 200 18223 "-" "Mozilla/5.0 (Linux; Android 5.0) AppleWebKit/537.36 (KHTML, like Gecko) Mobile Safari/537.36 (compatible; TikTokSpider; ttspider-feedback@tiktok.com)"
217.113.194.237 - - [15/Apr/2025:12:36:12 -0400] "GET /stepping-up-your-style-with-custom-360-printed-socks/ HTTP/1.1" 200 18288 "-" "Mozilla/5.0 (compatible; Barkrowler/0.9; +https://babbar.tech/crawler)"
217.113.194.234 - - [15/Apr/2025:12:36:35 -0400] "GET /permanence-dentaire-et-remplacement-des-dents-permanentes/ HTTP/1.1" 200 18034 "-" "Mozilla/5.0 (compatible; Barkrowler/0.9; +https://babbar.tech/crawler)"
198.54.114.83 - - [15/Apr/2025:12:36:40 -0400] "POST /wp-cron.php?doing_wp_cron=1744734996.0800340175628662109375 HTTP/1.1" 200 0 "-" "WordPress/6.7.2; https://creative-webstyle.com"
217.113.194.254 - - [15/Apr/2025:12:37:01 -0400] "GET /so-finden-sie-einen-guten-dachdecker-hamburg/feed/ HTTP/1.1" 200 414 "-" "Mozilla/5.0 (compatible; Barkrowler/0.9; +https://babbar.tech/crawler)"
154.54.249.218 - - [15/Apr/2025:12:37:22 -0400] "GET /agriturismo-sul-lago-di-garda-con-spa/feed/ HTTP/1.1" 200 416 "-" "Mozilla/5.0 (compatible; Barkrowler/0.9; +https://babbar.tech/crawler)"
198.54.114.83 - - [15/Apr/2025:12:37:42 -0400] "POST /wp-cron.php?doing_wp_cron=1744735060.6542999744415283203125 HTTP/1.1" 200 0 "-" "WordPress/6.7.2; https://creative-webstyle.com"
58.254.68.38 - - [15/Apr/2025:12:37:40 -0400] "GET /leaking-roof-do-it-yourself-job-or-hire-someone-to-do-the-job/ HTTP/1.1" 200 18735 "https://creative-webstyle.com" "Mozilla/5.0 (Windows NT 10.0; Win64; x64) AppleWebKit/537.36 (KHTML, like Gecko) Chrome/62.0.3202.94 Safari/537.36"
217.113.194.241 - - [15/Apr/2025:12:37:45 -0400] "GET /streamlining-data-migration-the-art-of-file-transfer/feed/ HTTP/1.1" 200 423 "-" "Mozilla/5.0 (compatible; Barkrowler/0.9; +https://babbar.tech/crawler)"
58.254.68.38 - - [15/Apr/2025:12:37:47 -0400] "POST /wp-comments-post.php HTTP/1.1" 302 0 "https://creative-webstyle.com" "Mozilla/5.0 (Windows NT 10.0; Win64; x64) AppleWebKit/537.36 (KHTML, like Gecko) Chrome/62.0.3202.94 Safari/537.36"
58.254.68.38 - - [15/Apr/2025:12:37:55 -0400] "GET /leaking-roof-do-it-yourself-job-or-hire-someone-to-do-the-job/ HTTP/1.1" 200 19480 "https://creative-webstyle.com" "Mozilla/4.0 (compatible; MSIE 6.0; Windows NT 5.1; en) Opera 8.50"
217.113.194.233 - - [15/Apr/2025:12:38:07 -0400] "GET /manifold-advantages-of-using-a-custom-wine-cellar/feed/ HTTP/1.1" 200 423 "-" "Mozilla/5.0 (compatible; Barkrowler/0.9; +https://babbar.tech/crawler)"
217.113.194.240 - - [15/Apr/2025:12:38:27 -0400] "GET /manifold-advantages-of-using-a-custom-wine-cellar/ HTTP/1.1" 200 18568 "-" "Mozilla/5.0 (compatible; Barkrowler/0.9; +https://babbar.tech/crawler)"
31.57.159.26 - - [15/Apr/2025:12:38:44 -0400] "GET / HTTP/1.1" 200 78396 "-" "Mozilla/5.0"
217.113.194.240 - - [15/Apr/2025:12:38:51 -0400] "GET /kompetente-scheidungsanwalte-in-hattingen/feed/ HTTP/1.1" 200 406 "-" "Mozilla/5.0 (compatible; Barkrowler/0.9; +https://babbar.tech/crawler)"
198.54.114.83 - - [15/Apr/2025:12:38:54 -0400] "POST /wp-cron.php?doing_wp_cron=1744735131.6329710483551025390625 HTTP/1.1" 200 0 "-" "WordPress/6.7.2; https://creative-webstyle.com"
217.113.194.235 - - [15/Apr/2025:12:39:17 -0400] "GET /13-tips-to-finding-the-right-tax-preparer-for-your-team/ HTTP/1.1" 200 19545 "-" "Mozilla/5.0 (compatible; Barkrowler/0.9; +https://babbar.tech/crawler)"
31.57.159.26 - - [15/Apr/2025:12:39:37 -0400] "GET /pms?module=logging&file_name=../../../../../../~/.aws/credentials&number_of_lines=10000 HTTP/1.1" 404 12685 "-" "Mozilla/5.0"
154.54.249.218 - - [15/Apr/2025:12:39:46 -0400] "GET /the-hidden-risks-of-buying-youtube-views-and-subscribers/ HTTP/1.1" 200 18115 "-" "Mozilla/5.0 (compatible; Barkrowler/0.9; +https://babbar.tech/crawler)"
31.57.159.26 - - [15/Apr/2025:12:39:47 -0400] "GET /admin/config?cmd=cat+/root/.aws/credentials HTTP/1.1" 404 12653 "-" "Mozilla/5.0"
31.57.159.26 - - [15/Apr/2025:12:39:54 -0400] "GET /.env HTTP/1.1" 403 1242 "-" "Mozilla/5.0"
31.57.159.26 - - [15/Apr/2025:12:39:59 -0400] "GET /.env.local HTTP/1.1" 403 1242 "-" "Mozilla/5.0"
31.57.159.26 - - [15/Apr/2025:12:40:06 -0400] "GET /.env.production HTTP/1.1" 403 1242 "-" "Mozilla/5.0"
217.113.194.238 - - [15/Apr/2025:12:40:10 -0400] "GET /decouvrez-les-paris-sportifs-passionnants-avec-1x-bet/feed/ HTTP/1.1" 200 425 "-" "Mozilla/5.0 (compatible; Barkrowler/0.9; +https://babbar.tech/crawler)"
31.57.159.26 - - [15/Apr/2025:12:40:13 -0400] "GET /blog.env HTTP/1.1" 404 12618 "-" "Mozilla/5.0"
31.57.159.26 - - [15/Apr/2025:12:40:23 -0400] "GET /wp-content/.env HTTP/1.1" 403 1242 "-" "Mozilla/5.0"
31.57.159.26 - - [15/Apr/2025:12:40:27 -0400] "GET /application/.env HTTP/1.1" 403 1242 "-" "Mozilla/5.0"
31.57.159.26 - - [15/Apr/2025:12:40:32 -0400] "GET /app/.env HTTP/1.1" 403 1242 "-" "Mozilla/5.0"
31.57.159.26 - - [15/Apr/2025:12:40:36 -0400] "GET /config/.env HTTP/1.1" 403 1242 "-" "Mozilla/5.0"
31.57.159.26 - - [15/Apr/2025:12:40:40 -0400] "GET /api/.env HTTP/1.1" 403 1242 "-" "Mozilla/5.0"
217.113.194.254 - - [15/Apr/2025:12:40:38 -0400] "GET /decouvrez-les-paris-sportifs-passionnants-avec-1x-bet/ HTTP/1.1" 200 17957 "-" "Mozilla/5.0 (compatible; Barkrowler/0.9; +https://babbar.tech/crawler)"
31.57.159.26 - - [15/Apr/2025:12:40:44 -0400] "GET /config.json HTTP/1.1" 404 12619 "-" "Mozilla/5.0"
31.57.159.26 - - [15/Apr/2025:12:40:56 -0400] "GET /laravel/.env HTTP/1.1" 403 1242 "-" "Mozilla/5.0"
31.57.159.26 - - [15/Apr/2025:12:41:01 -0400] "GET /library/.env HTTP/1.1" 403 1242 "-" "Mozilla/5.0"
217.113.194.236 - - [15/Apr/2025:12:41:05 -0400] "GET /les-enjeux-de-paris-en-ligne-entre-excitation-et-prudence/ HTTP/1.1" 200 17991 "-" "Mozilla/5.0 (compatible; Barkrowler/0.9; +https://babbar.tech/crawler)"
31.57.159.26 - - [15/Apr/2025:12:41:07 -0400] "GET /nextjs-app/.env HTTP/1.1" 403 1242 "-" "Mozilla/5.0"
31.57.159.26 - - [15/Apr/2025:12:41:13 -0400] "GET /node-api/.env HTTP/1.1" 403 1242 "-" "Mozilla/5.0"
31.57.159.26 - - [15/Apr/2025:12:41:17 -0400] "GET /vendor/.env HTTP/1.1" 403 1242 "-" "Mozilla/5.0"
31.57.159.26 - - [15/Apr/2025:12:41:25 -0400] "GET /.aws/credentials HTTP/1.1" 404 12622 "-" "Mozilla/5.0"
198.54.114.83 - - [15/Apr/2025:12:41:28 -0400] "POST /wp-cron.php?doing_wp_cron=1744735285.8230431079864501953125 HTTP/1.1" 200 0 "-" "WordPress/6.7.2; https://creative-webstyle.com"
217.113.194.232 - - [15/Apr/2025:12:41:29 -0400] "GET /les-enjeux-de-paris-en-ligne-entre-excitation-et-prudence/feed/ HTTP/1.1" 200 425 "-" "Mozilla/5.0 (compatible; Barkrowler/0.9; +https://babbar.tech/crawler)"
31.57.159.26 - - [15/Apr/2025:12:41:33 -0400] "GET /backend/.env HTTP/1.1" 403 1242 "-" "Mozilla/5.0"
31.57.159.26 - - [15/Apr/2025:12:41:41 -0400] "GET /home/user/.aws/credentials HTTP/1.1" 404 12630 "-" "Mozilla/5.0"
31.57.159.26 - - [15/Apr/2025:12:41:50 -0400] "GET /myproject/.env HTTP/1.1" 403 1242 "-" "Mozilla/5.0"
217.113.194.234 - - [15/Apr/2025:12:41:52 -0400] "GET /elegance-et-modernite-le-panneau-pvc-imprime-marbre/feed/ HTTP/1.1" 200 435 "-" "Mozilla/5.0 (compatible; Barkrowler/0.9; +https://babbar.tech/crawler)"
31.57.159.26 - - [15/Apr/2025:12:41:54 -0400] "GET /.envs/.production/.django HTTP/1.1" 403 1242 "-" "Mozilla/5.0"
31.57.159.26 - - [15/Apr/2025:12:41:58 -0400] "GET /react-app/.env HTTP/1.1" 403 1242 "-" "Mozilla/5.0"
31.57.159.26 - - [15/Apr/2025:12:42:02 -0400] "GET /react-app/.env.production HTTP/1.1" 403 1242 "-" "Mozilla/5.0"
31.57.159.26 - - [15/Apr/2025:12:42:05 -0400] "GET /config/secrets.json HTTP/1.1" 404 12629 "-" "Mozilla/5.0"
31.57.159.26 - - [15/Apr/2025:12:42:13 -0400] "GET /config/settings.json HTTP/1.1" 404 12627 "-" "Mozilla/5.0"
217.113.194.236 - - [15/Apr/2025:12:42:16 -0400] "GET /finding-affordable-concrete-contractors-in-northern-colorado/feed/ HTTP/1.1" 200 425 "-" "Mozilla/5.0 (compatible; Barkrowler/0.9; +https://babbar.tech/crawler)"
31.57.159.26 - - [15/Apr/2025:12:42:18 -0400] "GET /config.yaml HTTP/1.1" 404 12619 "-" "Mozilla/5.0"
31.57.159.26 - - [15/Apr/2025:12:42:27 -0400] "GET /config.yml HTTP/1.1" 404 12618 "-" "Mozilla/5.0"
198.54.114.83 - - [15/Apr/2025:12:42:31 -0400] "POST /wp-cron.php?doing_wp_cron=1744735348.0789239406585693359375 HTTP/1.1" 200 0 "-" "WordPress/6.7.2; https://creative-webstyle.com"
31.57.159.26 - - [15/Apr/2025:12:42:37 -0400] "GET /config.py HTTP/1.1" 404 12620 "-" "Mozilla/5.0"
217.113.194.241 - - [15/Apr/2025:12:42:40 -0400] "GET /finding-the-best-rehab-center-things-to-keep-in-mind/ HTTP/1.1" 200 18060 "-" "Mozilla/5.0 (compatible; Barkrowler/0.9; +https://babbar.tech/crawler)"
31.57.159.26 - - [15/Apr/2025:12:42:42 -0400] "GET /phpinfo HTTP/1.1" 404 12618 "-" "Mozilla/5.0"
31.57.159.26 - - [15/Apr/2025:12:42:50 -0400] "GET /_profiler/phpinfo HTTP/1.1" 404 12628 "-" "Mozilla/5.0"
31.57.159.26 - - [15/Apr/2025:12:42:58 -0400] "GET /phpinfo.php HTTP/1.1" 404 12619 "-" "Mozilla/5.0"
217.113.194.241 - - [15/Apr/2025:12:43:06 -0400] "GET /finding-the-best-accommodation-in-brisbane-by-location/feed/ HTTP/1.1" 200 422 "-" "Mozilla/5.0 (compatible; Barkrowler/0.9; +https://babbar.tech/crawler)"
31.57.159.26 - - [15/Apr/2025:12:43:07 -0400] "GET /info.php HTTP/1.1" 404 12619 "-" "Mozilla/5.0"
217.113.194.232 - - [15/Apr/2025:12:43:31 -0400] "GET /personalized-pet-portraits-a-unique-expression-of-love/feed/ HTTP/1.1" 200 420 "-" "Mozilla/5.0 (compatible; Barkrowler/0.9; +https://babbar.tech/crawler)"
198.54.114.83 - - [15/Apr/2025:12:43:36 -0400] "POST /wp-cron.php?doing_wp_cron=1744735412.0041029453277587890625 HTTP/1.1" 200 0 "-" "WordPress/6.7.2; https://creative-webstyle.com"
154.54.249.218 - - [15/Apr/2025:12:43:59 -0400] "GET /when-should-you-require-the-emergency-locksmith-services/feed/ HTTP/1.1" 200 431 "-" "Mozilla/5.0 (compatible; Barkrowler/0.9; +https://babbar.tech/crawler)"
217.113.194.235 - - [15/Apr/2025:12:44:25 -0400] "GET /when-does-sonic-2-come-out-on-paramount-plus/feed/ HTTP/1.1" 200 417 "-" "Mozilla/5.0 (compatible; Barkrowler/0.9; +https://babbar.tech/crawler)"
217.113.194.236 - - [15/Apr/2025:12:44:49 -0400] "GET /la-revolution-des-paris-sportifs-avec-1xbet/feed/ HTTP/1.1" 200 421 "-" "Mozilla/5.0 (compatible; Barkrowler/0.9; +https://babbar.tech/crawler)"
198.54.114.83 - - [15/Apr/2025:12:44:54 -0400] "POST /wp-cron.php?doing_wp_cron=1744735490.6478710174560546875000 HTTP/1.1" 200 0 "-" "WordPress/6.7.2; https://creative-webstyle.com"
217.113.194.236 - - [15/Apr/2025:12:45:16 -0400] "GET /come-organizzare-un-matrimonio-sul-lago-di-garda/ HTTP/1.1" 200 18144 "-" "Mozilla/5.0 (compatible; Barkrowler/0.9; +https://babbar.tech/crawler)"
217.113.194.240 - - [15/Apr/2025:12:45:43 -0400] "GET /virus-in-nc-casino-triggers-spike-in-online-gambling/ HTTP/1.1" 200 18099 "-" "Mozilla/5.0 (compatible; Barkrowler/0.9; +https://babbar.tech/crawler)"
217.113.194.240 - - [15/Apr/2025:12:46:06 -0400] "GET /how-to-build-the-ultimate-ai-chatbot-by-following/feed/ HTTP/1.1" 200 422 "-" "Mozilla/5.0 (compatible; Barkrowler/0.9; +https://babbar.tech/crawler)"
157.55.39.204 - - [15/Apr/2025:12:46:08 -0400] "GET /choosing-the-right-dental-plan-that-will-not-burn-a-hole-in-your-pocket/ HTTP/1.1" 200 18625 "-" "Mozilla/5.0 AppleWebKit/537.36 (KHTML, like Gecko; compatible; bingbot/2.0; +http://www.bing.com/bingbot.htm) Chrome/116.0.1938.76 Safari/537.36"
198.54.114.83 - - [15/Apr/2025:12:46:12 -0400] "POST /wp-cron.php?doing_wp_cron=1744735568.2227809429168701171875 HTTP/1.1" 200 0 "-" "WordPress/6.7.2; https://creative-webstyle.com"
217.113.194.240 - - [15/Apr/2025:12:46:32 -0400] "GET /how-to-build-the-ultimate-ai-chatbot-by-following/ HTTP/1.1" 200 107080 "-" "Mozilla/5.0 (compatible; Barkrowler/0.9; +https://babbar.tech/crawler)"
217.113.194.241 - - [15/Apr/2025:12:46:57 -0400] "GET /how-to-choose-the-right-spa-massage-equipment-for-your-salon/feed/ HTTP/1.1" 200 440 "-" "Mozilla/5.0 (compatible; Barkrowler/0.9; +https://babbar.tech/crawler)"
58.254.68.38 - - [15/Apr/2025:12:47:23 -0400] "GET /the-intriguing-world-of-satta-king-a-comprehensive-overview/ HTTP/1.1" 200 18543 "https://creative-webstyle.com" "Mozilla/5.0 (Windows NT 10.0; Win64; x64) AppleWebKit/537.36 (KHTML, like Gecko) Chrome/62.0.3202.94 Safari/537.36"
217.113.194.240 - - [15/Apr/2025:12:47:25 -0400] "GET /how-to-add-custom-chat-commands-in-streamlabs-2024/ HTTP/1.1" 200 100118 "-" "Mozilla/5.0 (compatible; Barkrowler/0.9; +https://babbar.tech/crawler)"
198.54.114.83 - - [15/Apr/2025:12:47:30 -0400] "POST /wp-cron.php?doing_wp_cron=1744735646.1480820178985595703125 HTTP/1.1" 200 0 "-" "WordPress/6.7.2; https://creative-webstyle.com"
58.254.68.38 - - [15/Apr/2025:12:47:31 -0400] "POST /wp-comments-post.php HTTP/1.1" 302 0 "https://creative-webstyle.com" "Mozilla/5.0 (Windows NT 10.0; Win64; x64) AppleWebKit/537.36 (KHTML, like Gecko) Chrome/62.0.3202.94 Safari/537.36"
58.254.68.38 - - [15/Apr/2025:12:47:39 -0400] "GET /the-intriguing-world-of-satta-king-a-comprehensive-overview/ HTTP/1.1" 200 19263 "https://creative-webstyle.com" "Mozilla/4.0 (compatible; MSIE 6.0; Windows NT 5.1; en) Opera 8.50"
217.113.194.237 - - [15/Apr/2025:12:47:53 -0400] "GET /how-to-add-custom-chat-commands-in-streamlabs-2024/feed/ HTTP/1.1" 200 427 "-" "Mozilla/5.0 (compatible; Barkrowler/0.9; +https://babbar.tech/crawler)"
217.113.194.234 - - [15/Apr/2025:12:48:18 -0400] "GET /the-ultimate-guide-to-how-to-get-a-small-business-loan-for-women/ HTTP/1.1" 200 18005 "-" "Mozilla/5.0 (compatible; Barkrowler/0.9; +https://babbar.tech/crawler)"
217.113.194.237 - - [15/Apr/2025:12:48:39 -0400] "GET /the-ultimate-guide-to-deleting-your-instagram-account/feed/ HTTP/1.1" 200 426 "-" "Mozilla/5.0 (compatible; Barkrowler/0.9; +https://babbar.tech/crawler)"
198.54.114.83 - - [15/Apr/2025:12:48:43 -0400] "POST /wp-cron.php?doing_wp_cron=1744735720.2466249465942382812500 HTTP/1.1" 200 0 "-" "WordPress/6.7.2; https://creative-webstyle.com"
217.113.194.241 - - [15/Apr/2025:12:48:59 -0400] "GET /applied-behavior-analysis-aba-therapy-for-kids-in-dubai/ HTTP/1.1" 200 17952 "-" "Mozilla/5.0 (compatible; Barkrowler/0.9; +https://babbar.tech/crawler)"
217.113.194.237 - - [15/Apr/2025:12:49:30 -0400] "GET /discovering-unblocked-games-6x-a-world-of-fun/feed/ HTTP/1.1" 200 413 "-" "Mozilla/5.0 (compatible; Barkrowler/0.9; +https://babbar.tech/crawler)"
2a02:598:128:8a00::b00:15 - - [15/Apr/2025:12:49:51 -0400] "GET /a-hub-for-fitness-enthusiasts/ HTTP/1.1" 200 18068 "-" "Mozilla/5.0 (compatible; SeznamBot/4.0; +https://o-seznam.cz/napoveda/vyhledavani/en/seznambot-crawler/)"
217.113.194.234 - - [15/Apr/2025:12:49:56 -0400] "GET /discover-the-secrets-of-classroom-6x-unblocked/feed/ HTTP/1.1" 200 409 "-" "Mozilla/5.0 (compatible; Barkrowler/0.9; +https://babbar.tech/crawler)"
198.54.114.83 - - [15/Apr/2025:12:50:01 -0400] "POST /wp-cron.php?doing_wp_cron=1744735797.7145500183105468750000 HTTP/1.1" 200 0 "-" "WordPress/6.7.2; https://creative-webstyle.com"
217.113.194.233 - - [15/Apr/2025:12:50:24 -0400] "GET /ai-agent-revolutionizing-workflows-and-efficiency/feed/ HTTP/1.1" 200 412 "-" "Mozilla/5.0 (compatible; Barkrowler/0.9; +https://babbar.tech/crawler)"
217.113.194.237 - - [15/Apr/2025:12:50:52 -0400] "GET /effective-weight-loss-treatment-using-acupuncture/feed/ HTTP/1.1" 200 417 "-" "Mozilla/5.0 (compatible; Barkrowler/0.9; +https://babbar.tech/crawler)"
154.54.249.218 - - [15/Apr/2025:12:51:16 -0400] "GET /digital-marketing-and-its-influence-in-business-strategies/feed/ HTTP/1.1" 200 412 "-" "Mozilla/5.0 (compatible; Barkrowler/0.9; +https://babbar.tech/crawler)"
51.8.102.200 - - [15/Apr/2025:12:51:19 -0400] "GET /robots.txt HTTP/1.1" 304 0 "-" "Mozilla/5.0 (Macintosh; Intel Mac OS X 10_15_7) AppleWebKit/537.36 (KHTML, like Gecko) Chrome/131.0.0.0 Safari/537.36; compatible; OAI-SearchBot/1.0; +https://openai.com/searchbot"
198.54.114.83 - - [15/Apr/2025:12:51:22 -0400] "POST /wp-cron.php?doing_wp_cron=1744735877.3681290149688720703125 HTTP/1.1" 200 0 "-" "WordPress/6.7.2; https://creative-webstyle.com"
217.113.194.254 - - [15/Apr/2025:12:51:39 -0400] "GET /lelegance-historique-de-lenseigne-quai-du-mont-blanc/ HTTP/1.1" 200 18145 "-" "Mozilla/5.0 (compatible; Barkrowler/0.9; +https://babbar.tech/crawler)"
217.113.194.240 - - [15/Apr/2025:12:52:01 -0400] "GET /the-convenience-of-a-boiling-water-kitchen-tap/feed/ HTTP/1.1" 200 417 "-" "Mozilla/5.0 (compatible; Barkrowler/0.9; +https://babbar.tech/crawler)"
154.54.249.218 - - [15/Apr/2025:12:52:31 -0400] "GET /prodotti-tipici-aglio-olio-e-peperoncino/feed/ HTTP/1.1" 200 406 "-" "Mozilla/5.0 (compatible; Barkrowler/0.9; +https://babbar.tech/crawler)"
198.54.114.83 - - [15/Apr/2025:12:52:35 -0400] "POST /wp-cron.php?doing_wp_cron=1744735951.5182280540466308593750 HTTP/1.1" 200 0 "-" "WordPress/6.7.2; https://creative-webstyle.com"
47.128.121.8 - - [15/Apr/2025:12:52:48 -0400] "GET /a-comprehensive-journey-through-the-ivf-clinic-experience/ HTTP/1.1" 200 18965 "-" "Mozilla/5.0 (Linux; Android 5.0) AppleWebKit/537.36 (KHTML, like Gecko) Mobile Safari/537.36 (compatible; TikTokSpider; ttspider-feedback@tiktok.com)"
217.113.194.233 - - [15/Apr/2025:12:52:55 -0400] "GET /maximizing-space-and-flexibility-with-drywall-partitions/ HTTP/1.1" 200 17975 "-" "Mozilla/5.0 (compatible; Barkrowler/0.9; +https://babbar.tech/crawler)"
217.113.194.239 - - [15/Apr/2025:12:53:20 -0400] "GET /einzigartige-schonheit-moderne-hangelampen/ HTTP/1.1" 200 18121 "-" "Mozilla/5.0 (compatible; Barkrowler/0.9; +https://babbar.tech/crawler)"
217.113.194.241 - - [15/Apr/2025:12:53:43 -0400] "GET /5-usi-per-bottiglie-dacqua-personalizzate/ HTTP/1.1" 200 18552 "-" "Mozilla/5.0 (compatible; Barkrowler/0.9; +https://babbar.tech/crawler)"
198.54.114.83 - - [15/Apr/2025:12:53:49 -0400] "POST /wp-cron.php?doing_wp_cron=1744736024.3542480468750000000000 HTTP/1.1" 200 0 "-" "WordPress/6.7.2; https://creative-webstyle.com"
217.113.194.254 - - [15/Apr/2025:12:54:09 -0400] "GET /transforming-workplace-connectivity-the-employee-communication-app/ HTTP/1.1" 200 18187 "-" "Mozilla/5.0 (compatible; Barkrowler/0.9; +https://babbar.tech/crawler)"
217.113.194.232 - - [15/Apr/2025:12:54:33 -0400] "GET /effortless-business-communication-through-virtual-receptionist/ HTTP/1.1" 200 18108 "-" "Mozilla/5.0 (compatible; Barkrowler/0.9; +https://babbar.tech/crawler)"
217.113.194.238 - - [15/Apr/2025:12:55:01 -0400] "GET /effortless-business-communication-through-virtual-receptionist/feed/ HTTP/1.1" 200 415 "-" "Mozilla/5.0 (compatible; Barkrowler/0.9; +https://babbar.tech/crawler)"
217.113.194.241 - - [15/Apr/2025:12:55:26 -0400] "GET /northern-pharma-revolutionizing-the-pharmaceutical-industry/ HTTP/1.1" 200 18344 "-" "Mozilla/5.0 (compatible; Barkrowler/0.9; +https://babbar.tech/crawler)"
217.113.194.234 - - [15/Apr/2025:12:56:00 -0400] "GET /como-calcular-el-costo-de-peaje-en-mexico/ HTTP/1.1" 200 18104 "-" "Mozilla/5.0 (compatible; Barkrowler/0.9; +https://babbar.tech/crawler)"
217.113.194.233 - - [15/Apr/2025:12:56:27 -0400] "GET /excellent-lightweight-solution-for-carrying-weighted-products/ HTTP/1.1" 200 18173 "-" "Mozilla/5.0 (compatible; Barkrowler/0.9; +https://babbar.tech/crawler)"
198.54.114.83 - - [15/Apr/2025:12:56:31 -0400] "POST /wp-cron.php?doing_wp_cron=1744736188.3445749282836914062500 HTTP/1.1" 200 0 "-" "WordPress/6.7.2; https://creative-webstyle.com"
217.113.194.234 - - [15/Apr/2025:12:56:55 -0400] "GET /a-comprehensive-guide-to-wholesale-blank-apparel/feed/ HTTP/1.1" 200 411 "-" "Mozilla/5.0 (compatible; Barkrowler/0.9; +https://babbar.tech/crawler)"
154.54.249.218 - - [15/Apr/2025:12:57:16 -0400] "GET /creating-comfort-the-essential-guide-to-hotel-room-furniture/ HTTP/1.1" 200 18232 "-" "Mozilla/5.0 (compatible; Barkrowler/0.9; +https://babbar.tech/crawler)"
157.90.182.30 - - [15/Apr/2025:12:57:32 -0400] "GET /robots.txt HTTP/1.1" 200 110 "-" "Mozilla/5.0 (compatible; BLEXBot/1.0; +https://help.seranking.com/en/blex-crawler)"
217.113.194.241 - - [15/Apr/2025:12:57:38 -0400] "GET /zuverlassige-umzugsfirma-in-luneburg/ HTTP/1.1" 200 18183 "-" "Mozilla/5.0 (compatible; Barkrowler/0.9; +https://babbar.tech/crawler)"
157.90.182.30 - - [15/Apr/2025:12:57:36 -0400] "GET /sitemap_index.xml HTTP/1.1" 200 293 "-" "Mozilla/5.0 (compatible; BLEXBot/1.0; +https://help.seranking.com/en/blex-crawler)"
198.54.114.83 - - [15/Apr/2025:12:57:39 -0400] "POST /wp-cron.php?doing_wp_cron=1744736256.9599220752716064453125 HTTP/1.1" 200 0 "-" "WordPress/6.7.2; https://creative-webstyle.com"
85.208.96.200 - - [15/Apr/2025:12:57:56 -0400] "GET /orthodontist-in-woodland-hills/ HTTP/1.1" 200 17971 "-" "Mozilla/5.0 (compatible; SemrushBot/7~bl; +http://www.semrush.com/bot.html)"
146.103.10.123 - - [15/Apr/2025:12:58:01 -0400] "GET /unveiling-the-crypto-presale-an-emerging-trend/ HTTP/1.1" 200 18241 "-" "Mozilla/5.0 (Macintosh; U; Intel Mac OS X 10_6_4; en-US) AppleWebKit/534.10 (KHTML, like Gecko) Chrome/8.0.552.210 Safari/534.10"
