217.113.194.237 - - [15/Apr/2025:04:29:12 -0400] "GET /the-thrill-of-online-lottery-games/ HTTP/1.1" 200 18151 "-" "Mozilla/5.0 (compatible; Barkrowler/0.9; +https://babbar.tech/crawler)"
198.54.114.83 - - [15/Apr/2025:04:29:14 -0400] "POST /wp-admin/admin-ajax.php?action=async_litespeed&nonce=IfQrbu4t7mlz4zGvYeLazBa7EmBbnASX&litespeed_type=imgoptm HTTP/1.1" 200 0 "-" "WordPress/6.7.2; https://creative-webstyle.com"
217.113.194.235 - - [15/Apr/2025:04:29:31 -0400] "GET /joe-tippens-protocol/feed/ HTTP/1.1" 200 378 "-" "Mozilla/5.0 (compatible; Barkrowler/0.9; +https://babbar.tech/crawler)"
198.54.114.83 - - [15/Apr/2025:04:29:50 -0400] "POST /wp-cron.php?doing_wp_cron=1744705790.7245550155639648437500 HTTP/1.1" 200 0 "-" "WordPress/6.7.2; https://creative-webstyle.com"
217.113.194.234 - - [15/Apr/2025:04:29:50 -0400] "GET /poker-the-bible-of-a-poker-game/ HTTP/1.1" 200 18756 "-" "Mozilla/5.0 (compatible; Barkrowler/0.9; +https://babbar.tech/crawler)"
198.54.114.83 - - [15/Apr/2025:04:30:09 -0400] "POST /wp-cron.php?doing_wp_cron=1744705808.9299759864807128906250 HTTP/1.1" 200 0 "-" "WordPress/6.7.2; https://creative-webstyle.com"
217.113.194.236 - - [15/Apr/2025:04:30:08 -0400] "GET /what-is-a-socket-head-screw/ HTTP/1.1" 200 18335 "-" "Mozilla/5.0 (compatible; Barkrowler/0.9; +https://babbar.tech/crawler)"
198.54.114.83 - - [15/Apr/2025:04:30:12 -0400] "POST /wp-admin/admin-ajax.php?action=async_litespeed&nonce=JRyjgoQLNGMgJEifgvQev608eLwsyttf&litespeed_type=imgoptm HTTP/1.1" 200 0 "-" "WordPress/6.7.2; https://creative-webstyle.com"
217.113.194.240 - - [15/Apr/2025:04:30:27 -0400] "GET /what-is-a-swaging-machine/feed/ HTTP/1.1" 200 391 "-" "Mozilla/5.0 (compatible; Barkrowler/0.9; +https://babbar.tech/crawler)"
188.130.137.229 - - [15/Apr/2025:04:30:33 -0400] "GET /modeschmuck-auf-der-suche-nach-stilvollem-online-schmuck/ HTTP/1.1" 200 19210 "-" "Mozilla/5.0 (Windows NT 10.0; Win64; x64; rv:114.0) Gecko/20100101 Firefox/114.0"
217.113.194.238 - - [15/Apr/2025:04:30:44 -0400] "GET /what-is-an-online-travel-agency/feed/ HTTP/1.1" 200 395 "-" "Mozilla/5.0 (compatible; Barkrowler/0.9; +https://babbar.tech/crawler)"
198.54.114.83 - - [15/Apr/2025:04:31:01 -0400] "POST /wp-cron.php?doing_wp_cron=1744705861.4012188911437988281250 HTTP/1.1" 200 0 "-" "WordPress/6.7.2; https://creative-webstyle.com"
217.113.194.236 - - [15/Apr/2025:04:31:01 -0400] "GET /buy-youtube-views-non-drop/ HTTP/1.1" 200 17311 "-" "Mozilla/5.0 (compatible; Barkrowler/0.9; +https://babbar.tech/crawler)"
198.54.114.83 - - [15/Apr/2025:04:31:07 -0400] "POST /wp-admin/admin-ajax.php?action=async_litespeed&nonce=mwlRMnYgDD1zXq263SxbGBkh6FxmQhNT&litespeed_type=imgoptm HTTP/1.1" 200 0 "-" "WordPress/6.7.2; https://creative-webstyle.com"
217.113.194.234 - - [15/Apr/2025:04:31:22 -0400] "GET /buy-youtube-views-cheap-and-working/ HTTP/1.1" 200 18017 "-" "Mozilla/5.0 (compatible; Barkrowler/0.9; +https://babbar.tech/crawler)"
58.254.68.125 - - [15/Apr/2025:04:31:22 -0400] "GET /how-to-order-a-birthday-cake-online/ HTTP/1.1" 200 18595 "https://creative-webstyle.com" "Mozilla/5.0 (Windows NT 10.0; Win64; x64) AppleWebKit/537.36 (KHTML, like Gecko) Chrome/62.0.3202.94 Safari/537.36"
58.254.68.125 - - [15/Apr/2025:04:31:27 -0400] "POST /wp-comments-post.php HTTP/1.1" 302 0 "https://creative-webstyle.com" "Mozilla/5.0 (Windows NT 10.0; Win64; x64) AppleWebKit/537.36 (KHTML, like Gecko) Chrome/62.0.3202.94 Safari/537.36"
58.254.68.125 - - [15/Apr/2025:04:31:33 -0400] "GET /how-to-order-a-birthday-cake-online/ HTTP/1.1" 200 19228 "https://creative-webstyle.com" "Mozilla/4.0 (compatible; MSIE 6.0; Windows NT 5.1; en) Opera 8.50"
217.113.194.237 - - [15/Apr/2025:04:31:43 -0400] "GET /buy-youtube-live-stream-views/feed/ HTTP/1.1" 200 390 "-" "Mozilla/5.0 (compatible; Barkrowler/0.9; +https://babbar.tech/crawler)"
198.54.114.83 - - [15/Apr/2025:04:32:03 -0400] "POST /wp-cron.php?doing_wp_cron=1744705922.3421299457550048828125 HTTP/1.1" 200 0 "-" "WordPress/6.7.2; https://creative-webstyle.com"
217.113.194.235 - - [15/Apr/2025:04:32:01 -0400] "GET /buy-watch-hours-on-youtube/ HTTP/1.1" 200 17180 "-" "Mozilla/5.0 (compatible; Barkrowler/0.9; +https://babbar.tech/crawler)"
217.113.194.235 - - [15/Apr/2025:04:32:21 -0400] "GET /buy-watch-hours-on-youtube/feed/ HTTP/1.1" 200 389 "-" "Mozilla/5.0 (compatible; Barkrowler/0.9; +https://babbar.tech/crawler)"
217.113.194.238 - - [15/Apr/2025:04:32:37 -0400] "GET /buy-likes-for-tiktok/ HTTP/1.1" 200 17903 "-" "Mozilla/5.0 (compatible; Barkrowler/0.9; +https://babbar.tech/crawler)"
217.113.194.254 - - [15/Apr/2025:04:32:54 -0400] "GET /buy-likes-for-tiktok/feed/ HTTP/1.1" 200 391 "-" "Mozilla/5.0 (compatible; Barkrowler/0.9; +https://babbar.tech/crawler)"
198.54.114.83 - - [15/Apr/2025:04:33:15 -0400] "POST /wp-cron.php?doing_wp_cron=1744705994.7499558925628662109375 HTTP/1.1" 200 0 "-" "WordPress/6.7.2; https://creative-webstyle.com"
217.113.194.241 - - [15/Apr/2025:04:33:14 -0400] "GET /a-modern-gaming-experiences/feed/ HTTP/1.1" 200 391 "-" "Mozilla/5.0 (compatible; Barkrowler/0.9; +https://babbar.tech/crawler)"
198.54.114.83 - - [15/Apr/2025:04:33:21 -0400] "POST /wp-admin/admin-ajax.php?action=async_litespeed&nonce=G5nqbnKl1EMowEkbjp1XIEjZeiSdcqDY&litespeed_type=imgoptm HTTP/1.1" 200 5 "-" "WordPress/6.7.2; https://creative-webstyle.com"
217.113.194.236 - - [15/Apr/2025:04:33:33 -0400] "GET /a-modern-gambling-frontier/feed/ HTTP/1.1" 200 390 "-" "Mozilla/5.0 (compatible; Barkrowler/0.9; +https://babbar.tech/crawler)"
198.54.114.83 - - [15/Apr/2025:04:33:52 -0400] "POST /wp-cron.php?doing_wp_cron=1744706031.9813470840454101562500 HTTP/1.1" 200 0 "-" "WordPress/6.7.2; https://creative-webstyle.com"
217.113.194.234 - - [15/Apr/2025:04:33:51 -0400] "GET /a-modern-gambling-frontiers/feed/ HTTP/1.1" 200 389 "-" "Mozilla/5.0 (compatible; Barkrowler/0.9; +https://babbar.tech/crawler)"
2a03:2880:f800:14:: - - [15/Apr/2025:04:33:54 -0400] "GET /does-a-cancer-treatment-with-fenbendazole-really-work/ HTTP/1.1" 200 18370 "-" "meta-externalagent/1.1 (+https://developers.facebook.com/docs/sharing/webmasters/crawler)"
198.54.114.83 - - [15/Apr/2025:04:34:10 -0400] "POST /wp-cron.php?doing_wp_cron=1744706049.7331829071044921875000 HTTP/1.1" 200 0 "-" "WordPress/6.7.2; https://creative-webstyle.com"
217.113.194.254 - - [15/Apr/2025:04:34:09 -0400] "GET /promoting-with-printed-laptop-bags/feed/ HTTP/1.1" 200 402 "-" "Mozilla/5.0 (compatible; Barkrowler/0.9; +https://babbar.tech/crawler)"
198.54.114.83 - - [15/Apr/2025:04:34:10 -0400] "POST /wp-admin/admin-ajax.php?action=async_litespeed&nonce=It19v9kSYNFkR9fRSgMgZMiBemhGFgGo&litespeed_type=imgoptm HTTP/1.1" 200 0 "-" "WordPress/6.7.2; https://creative-webstyle.com"
217.113.194.254 - - [15/Apr/2025:04:34:27 -0400] "GET /retaining-youtube-subscribers/ HTTP/1.1" 200 17463 "-" "Mozilla/5.0 (compatible; Barkrowler/0.9; +https://babbar.tech/crawler)"
217.113.194.238 - - [15/Apr/2025:04:34:46 -0400] "GET /screw-sizes-and-head-types/ HTTP/1.1" 200 17653 "-" "Mozilla/5.0 (compatible; Barkrowler/0.9; +https://babbar.tech/crawler)"
47.128.16.160 - - [15/Apr/2025:04:35:06 -0400] "GET /proteger-et-rafraichir-votre-canape-avec-des-housses/ HTTP/1.1" 200 18112 "-" "Mozilla/5.0 (Linux; Android 5.0) AppleWebKit/537.36 (KHTML, like Gecko) Mobile Safari/537.36 (compatible; TikTokSpider; ttspider-feedback@tiktok.com)"
198.54.114.83 - - [15/Apr/2025:04:35:09 -0400] "POST /wp-cron.php?doing_wp_cron=1744706106.9484610557556152343750 HTTP/1.1" 200 0 "-" "WordPress/6.7.2; https://creative-webstyle.com"
217.113.194.254 - - [15/Apr/2025:04:35:10 -0400] "GET /advantages-of-online-gambling/ HTTP/1.1" 200 18209 "-" "Mozilla/5.0 (compatible; Barkrowler/0.9; +https://babbar.tech/crawler)"
217.113.194.236 - - [15/Apr/2025:04:35:27 -0400] "GET /why-you-should-consider-online-gambling/ HTTP/1.1" 200 18084 "-" "Mozilla/5.0 (compatible; Barkrowler/0.9; +https://babbar.tech/crawler)"
217.113.194.238 - - [15/Apr/2025:04:35:43 -0400] "GET /why-you-should-consider-online-gambling/feed/ HTTP/1.1" 200 408 "-" "Mozilla/5.0 (compatible; Barkrowler/0.9; +https://babbar.tech/crawler)"
185.191.171.8 - - [15/Apr/2025:04:35:44 -0400] "GET /eco-friendly-convenience-exploring-the-benefits-of-reusable-breast-milk-storage-bags/ HTTP/1.1" 200 18234 "-" "Mozilla/5.0 (compatible; SemrushBot/7~bl; +http://www.semrush.com/bot.html)"
217.113.194.241 - - [15/Apr/2025:04:36:01 -0400] "GET /musings-from-a-health-coach/ HTTP/1.1" 200 19339 "-" "Mozilla/5.0 (compatible; Barkrowler/0.9; +https://babbar.tech/crawler)"
198.54.114.83 - - [15/Apr/2025:04:36:18 -0400] "POST /wp-cron.php?doing_wp_cron=1744706178.4435369968414306640625 HTTP/1.1" 200 0 "-" "WordPress/6.7.2; https://creative-webstyle.com"
217.113.194.232 - - [15/Apr/2025:04:36:18 -0400] "GET /the-best-pc-building-site/feed/ HTTP/1.1" 200 392 "-" "Mozilla/5.0 (compatible; Barkrowler/0.9; +https://babbar.tech/crawler)"
198.54.114.83 - - [15/Apr/2025:04:36:24 -0400] "POST /wp-admin/admin-ajax.php?action=async_litespeed&nonce=VkYqIsbCH1tTWKkjTOTyymG7dLKUu90Z&litespeed_type=imgoptm HTTP/1.1" 200 5 "-" "WordPress/6.7.2; https://creative-webstyle.com"
217.113.194.240 - - [15/Apr/2025:04:36:36 -0400] "GET /common-forms-of-online-gambling/feed/ HTTP/1.1" 200 396 "-" "Mozilla/5.0 (compatible; Barkrowler/0.9; +https://babbar.tech/crawler)"
198.54.114.83 - - [15/Apr/2025:04:36:56 -0400] "POST /wp-cron.php?doing_wp_cron=1744706215.1697061061859130859375 HTTP/1.1" 200 0 "-" "WordPress/6.7.2; https://creative-webstyle.com"
217.113.194.236 - - [15/Apr/2025:04:36:54 -0400] "GET /shop-hair-dryers-under-20/ HTTP/1.1" 200 17292 "-" "Mozilla/5.0 (compatible; Barkrowler/0.9; +https://babbar.tech/crawler)"
217.113.194.234 - - [15/Apr/2025:04:37:13 -0400] "GET /conneaut-lake-concerts/feed/ HTTP/1.1" 200 385 "-" "Mozilla/5.0 (compatible; Barkrowler/0.9; +https://babbar.tech/crawler)"
217.113.194.238 - - [15/Apr/2025:04:37:29 -0400] "GET /pilates-in-wollongong/feed/ HTTP/1.1" 200 383 "-" "Mozilla/5.0 (compatible; Barkrowler/0.9; +https://babbar.tech/crawler)"
217.113.194.233 - - [15/Apr/2025:04:37:45 -0400] "GET /is-michael-kors-a-luxury-brand/ HTTP/1.1" 200 17707 "-" "Mozilla/5.0 (compatible; Barkrowler/0.9; +https://babbar.tech/crawler)"
198.54.114.83 - - [15/Apr/2025:04:38:06 -0400] "POST /wp-cron.php?doing_wp_cron=1744706286.4602289199829101562500 HTTP/1.1" 200 0 "-" "WordPress/6.7.2; https://creative-webstyle.com"
217.113.194.234 - - [15/Apr/2025:04:38:06 -0400] "GET /is-online-gambling-the-new-trend/ HTTP/1.1" 200 18755 "-" "Mozilla/5.0 (compatible; Barkrowler/0.9; +https://babbar.tech/crawler)"
198.54.114.83 - - [15/Apr/2025:04:38:12 -0400] "POST /wp-admin/admin-ajax.php?action=async_litespeed&nonce=y7CKrRcn9ovIHg7hPrc7fqiUVsIt8heO&litespeed_type=imgoptm HTTP/1.1" 200 5 "-" "WordPress/6.7.2; https://creative-webstyle.com"
217.113.194.235 - - [15/Apr/2025:04:38:27 -0400] "GET /is-online-gambling-the-new-trend/feed/ HTTP/1.1" 200 399 "-" "Mozilla/5.0 (compatible; Barkrowler/0.9; +https://babbar.tech/crawler)"
217.113.194.234 - - [15/Apr/2025:04:38:44 -0400] "GET /prefab-adus-in-california/ HTTP/1.1" 200 17857 "-" "Mozilla/5.0 (compatible; Barkrowler/0.9; +https://babbar.tech/crawler)"
198.54.114.83 - - [15/Apr/2025:04:39:04 -0400] "POST /wp-cron.php?doing_wp_cron=1744706344.2810029983520507812500 HTTP/1.1" 200 0 "-" "WordPress/6.7.2; https://creative-webstyle.com"
217.113.194.237 - - [15/Apr/2025:04:39:03 -0400] "GET /loan-agency-services-in-singapore/feed/ HTTP/1.1" 200 396 "-" "Mozilla/5.0 (compatible; Barkrowler/0.9; +https://babbar.tech/crawler)"
198.54.114.83 - - [15/Apr/2025:04:39:11 -0400] "POST /wp-admin/admin-ajax.php?action=async_litespeed&nonce=AuCAxs3uVSj5fCaOcH0zCCXGkSq8CuUx&litespeed_type=imgoptm HTTP/1.1" 200 5 "-" "WordPress/6.7.2; https://creative-webstyle.com"
217.113.194.235 - - [15/Apr/2025:04:39:21 -0400] "GET /10-boxes-of-pure-quality/ HTTP/1.1" 200 17800 "-" "Mozilla/5.0 (compatible; Barkrowler/0.9; +https://babbar.tech/crawler)"
217.113.194.233 - - [15/Apr/2025:04:39:38 -0400] "GET /chauffeur-car-melbourne-airport/ HTTP/1.1" 200 17269 "-" "Mozilla/5.0 (compatible; Barkrowler/0.9; +https://babbar.tech/crawler)"
198.54.114.83 - - [15/Apr/2025:04:39:59 -0400] "POST /wp-cron.php?doing_wp_cron=1744706399.3544669151306152343750 HTTP/1.1" 200 0 "-" "WordPress/6.7.2; https://creative-webstyle.com"
154.54.249.218 - - [15/Apr/2025:04:39:58 -0400] "GET /unlocking-the-power-of-massage/feed/ HTTP/1.1" 200 394 "-" "Mozilla/5.0 (compatible; Barkrowler/0.9; +https://babbar.tech/crawler)"
198.54.114.83 - - [15/Apr/2025:04:40:09 -0400] "POST /wp-admin/admin-ajax.php?action=async_litespeed&nonce=ywQ2oqm1MxNAAgMC6bI29ZJ5r2qbCDbq&litespeed_type=imgoptm HTTP/1.1" 200 0 "-" "WordPress/6.7.2; https://creative-webstyle.com"
217.113.194.235 - - [15/Apr/2025:04:40:16 -0400] "GET /instant-hot-water-dispensers/feed/ HTTP/1.1" 200 389 "-" "Mozilla/5.0 (compatible; Barkrowler/0.9; +https://babbar.tech/crawler)"
217.113.194.234 - - [15/Apr/2025:04:40:33 -0400] "GET /nappe-publicitaire-personnalisable/ HTTP/1.1" 200 18421 "-" "Mozilla/5.0 (compatible; Barkrowler/0.9; +https://babbar.tech/crawler)"
198.54.114.83 - - [15/Apr/2025:04:40:52 -0400] "POST /wp-cron.php?doing_wp_cron=1744706452.1517319679260253906250 HTTP/1.1" 200 0 "-" "WordPress/6.7.2; https://creative-webstyle.com"
217.113.194.238 - - [15/Apr/2025:04:40:51 -0400] "GET /flathead-lake-boat-rental-2/ HTTP/1.1" 200 17261 "-" "Mozilla/5.0 (compatible; Barkrowler/0.9; +https://babbar.tech/crawler)"
198.54.114.83 - - [15/Apr/2025:04:41:09 -0400] "POST /wp-cron.php?doing_wp_cron=1744706469.1368229389190673828125 HTTP/1.1" 200 0 "-" "WordPress/6.7.2; https://creative-webstyle.com"
217.113.194.241 - - [15/Apr/2025:04:41:08 -0400] "GET /flathead-lake-boat-rental/feed/ HTTP/1.1" 200 392 "-" "Mozilla/5.0 (compatible; Barkrowler/0.9; +https://babbar.tech/crawler)"
198.54.114.83 - - [15/Apr/2025:04:41:09 -0400] "POST /wp-admin/admin-ajax.php?action=async_litespeed&nonce=aRKthTP7yRbw1wR4Spc6U6mkTh4fGHCD&litespeed_type=imgoptm HTTP/1.1" 200 5 "-" "WordPress/6.7.2; https://creative-webstyle.com"
154.54.249.218 - - [15/Apr/2025:04:41:26 -0400] "GET /understanding-online-betting-sites/feed/ HTTP/1.1" 200 391 "-" "Mozilla/5.0 (compatible; Barkrowler/0.9; +https://babbar.tech/crawler)"
58.254.68.38 - - [15/Apr/2025:04:41:40 -0400] "GET /the-intriguing-world-of-satta-king-a-comprehensive-overview/ HTTP/1.1" 200 18543 "-" "Mozilla/5.0 (Windows NT 6.1; WOW64) AppleWebKit/537.36 (KHTML, like Gecko) Chrome/34.0.1847.131 Safari/537.36"
217.113.194.241 - - [15/Apr/2025:04:41:46 -0400] "GET /pedicure-chair-massage-spa/ HTTP/1.1" 200 18407 "-" "Mozilla/5.0 (compatible; Barkrowler/0.9; +https://babbar.tech/crawler)"
198.54.114.83 - - [15/Apr/2025:04:42:04 -0400] "POST /wp-cron.php?doing_wp_cron=1744706524.7153251171112060546875 HTTP/1.1" 200 0 "-" "WordPress/6.7.2; https://creative-webstyle.com"
217.113.194.233 - - [15/Apr/2025:04:42:03 -0400] "GET /pedicure-chair-massage-spa/feed/ HTTP/1.1" 200 388 "-" "Mozilla/5.0 (compatible; Barkrowler/0.9; +https://babbar.tech/crawler)"
198.54.114.83 - - [15/Apr/2025:04:42:10 -0400] "POST /wp-admin/admin-ajax.php?action=async_litespeed&nonce=O05L3XHAaX9TYiomfpQnOTq9UAmuVrux&litespeed_type=imgoptm HTTP/1.1" 200 5 "-" "WordPress/6.7.2; https://creative-webstyle.com"
217.113.194.234 - - [15/Apr/2025:04:42:23 -0400] "GET /the-chilled-water-dispenser/feed/ HTTP/1.1" 200 390 "-" "Mozilla/5.0 (compatible; Barkrowler/0.9; +https://babbar.tech/crawler)"
85.239.36.84 - - [15/Apr/2025:04:42:37 -0400] "GET /why-composite-doors-are-perfect-for-homes-across-south-wales/ HTTP/1.1" 200 18298 "-" "Mozilla/5.0 (X11; Linux x86_64) AppleWebKit/537.36 (KHTML, like Gecko) Chrome/114.0.0.0 Safari/537.36 OPR/89.0.4447.51"
217.113.194.234 - - [15/Apr/2025:04:42:41 -0400] "GET /buy-tiktok-video-saves/feed/ HTTP/1.1" 200 383 "-" "Mozilla/5.0 (compatible; Barkrowler/0.9; +https://babbar.tech/crawler)"
85.239.36.84 - - [15/Apr/2025:04:42:41 -0400] "GET /category/sign-up/ HTTP/1.1" 200 14519 "https://creative-webstyle.com/why-composite-doors-are-perfect-for-homes-across-south-wales/" "Mozilla/5.0 (Windows NT 6.3; Win64; x64) AppleWebKit/537.36 (KHTML, like Gecko) Chrome/103.0.0.0 Safari/537.36"
85.239.36.84 - - [15/Apr/2025:04:42:44 -0400] "GET /category/sign-up/ HTTP/1.1" 200 14519 "https://creative-webstyle.com/category/sign-up/" "Mozilla/5.0 (Windows NT 6.3; Win64; x64) AppleWebKit/537.36 (KHTML, like Gecko) Chrome/103.0.0.0 Safari/537.36"
198.54.114.83 - - [15/Apr/2025:04:42:58 -0400] "POST /wp-cron.php?doing_wp_cron=1744706578.7489900588989257812500 HTTP/1.1" 200 0 "-" "WordPress/6.7.2; https://creative-webstyle.com"
217.113.194.254 - - [15/Apr/2025:04:42:58 -0400] "GET /buying-a-used-rv-fridge/ HTTP/1.1" 200 18130 "-" "Mozilla/5.0 (compatible; Barkrowler/0.9; +https://babbar.tech/crawler)"
198.54.114.83 - - [15/Apr/2025:04:43:04 -0400] "POST /wp-admin/admin-ajax.php?action=async_litespeed&nonce=oAbgCSGIDRBL6esh0s6wLzRbP4iVJEN8&litespeed_type=imgoptm HTTP/1.1" 200 5 "-" "WordPress/6.7.2; https://creative-webstyle.com"
217.113.194.233 - - [15/Apr/2025:04:43:18 -0400] "GET /baby-seat-taxi-melbourne/feed/ HTTP/1.1" 200 390 "-" "Mozilla/5.0 (compatible; Barkrowler/0.9; +https://babbar.tech/crawler)"
217.113.194.233 - - [15/Apr/2025:04:43:34 -0400] "GET /new-orleans-a-foodies-paradise/ HTTP/1.1" 200 20358 "-" "Mozilla/5.0 (compatible; Barkrowler/0.9; +https://babbar.tech/crawler)"
198.54.114.83 - - [15/Apr/2025:04:43:52 -0400] "POST /wp-cron.php?doing_wp_cron=1744706631.8547821044921875000000 HTTP/1.1" 200 0 "-" "WordPress/6.7.2; https://creative-webstyle.com"
217.113.194.234 - - [15/Apr/2025:04:43:51 -0400] "GET /une-strategie-visuelle-efficace/feed/ HTTP/1.1" 200 407 "-" "Mozilla/5.0 (compatible; Barkrowler/0.9; +https://babbar.tech/crawler)"
198.54.114.83 - - [15/Apr/2025:04:43:54 -0400] "POST /wp-cron.php HTTP/1.1" 200 0 "-" "WordPress/6.7.2; https://creative-webstyle.com"
198.54.114.83 - - [15/Apr/2025:04:43:55 -0400] "GET / HTTP/1.1" 200 78396 "-" "WordPress/6.7.2; https://creative-webstyle.com"
198.54.114.83 - - [15/Apr/2025:04:43:55 -0400] "GET / HTTP/1.1" 200 78396 "-" "WordPress/6.7.2; https://creative-webstyle.com"
198.54.114.83 - - [15/Apr/2025:04:43:56 -0400] "GET / HTTP/1.1" 200 78396 "-" "WordPress/6.7.2; https://creative-webstyle.com"
198.54.114.83 - - [15/Apr/2025:04:43:56 -0400] "GET / HTTP/1.1" 200 78396 "-" "WordPress/6.7.2; https://creative-webstyle.com"
198.54.114.83 - - [15/Apr/2025:04:44:11 -0400] "POST /wp-cron.php?doing_wp_cron=1744706651.0212969779968261718750 HTTP/1.1" 200 0 "-" "WordPress/6.7.2; https://creative-webstyle.com"
198.54.114.83 - - [15/Apr/2025:04:44:12 -0400] "POST /wp-admin/admin-ajax.php?action=async_litespeed&nonce=2ptDBBF98aOux0shwCicB2f143U8FZgW&litespeed_type=imgoptm HTTP/1.1" 200 0 "-" "WordPress/6.7.2; https://creative-webstyle.com"
217.113.194.234 - - [15/Apr/2025:04:44:10 -0400] "GET /money-lender-singapore/feed/ HTTP/1.1" 200 379 "-" "Mozilla/5.0 (compatible; Barkrowler/0.9; +https://babbar.tech/crawler)"
217.113.194.233 - - [15/Apr/2025:04:44:29 -0400] "GET /money-lender-loan-singapore/feed/ HTTP/1.1" 200 384 "-" "Mozilla/5.0 (compatible; Barkrowler/0.9; +https://babbar.tech/crawler)"
217.113.194.241 - - [15/Apr/2025:04:44:46 -0400] "GET /best-extended-car-warranty/ HTTP/1.1" 200 17119 "-" "Mozilla/5.0 (compatible; Barkrowler/0.9; +https://babbar.tech/crawler)"
198.54.114.83 - - [15/Apr/2025:04:45:05 -0400] "POST /wp-cron.php?doing_wp_cron=1744706704.3297901153564453125000 HTTP/1.1" 200 0 "-" "WordPress/6.7.2; https://creative-webstyle.com"
217.113.194.241 - - [15/Apr/2025:04:45:03 -0400] "GET /best-extended-car-warranty/feed/ HTTP/1.1" 200 388 "-" "Mozilla/5.0 (compatible; Barkrowler/0.9; +https://babbar.tech/crawler)"
217.113.194.254 - - [15/Apr/2025:04:45:21 -0400] "GET /ozark-trail-customer-service/ HTTP/1.1" 200 18345 "-" "Mozilla/5.0 (compatible; Barkrowler/0.9; +https://babbar.tech/crawler)"
217.113.194.241 - - [15/Apr/2025:04:45:39 -0400] "GET /best-grip-socks-for-sports/feed/ HTTP/1.1" 200 395 "-" "Mozilla/5.0 (compatible; Barkrowler/0.9; +https://babbar.tech/crawler)"
154.54.249.218 - - [15/Apr/2025:04:45:55 -0400] "GET /the-new-frontier-of-meme-coins/ HTTP/1.1" 200 17972 "-" "Mozilla/5.0 (compatible; Barkrowler/0.9; +https://babbar.tech/crawler)"
198.54.114.83 - - [15/Apr/2025:04:46:13 -0400] "POST /wp-cron.php?doing_wp_cron=1744706773.0213170051574707031250 HTTP/1.1" 200 0 "-" "WordPress/6.7.2; https://creative-webstyle.com"
217.113.194.236 - - [15/Apr/2025:04:46:12 -0400] "GET /roofer-hamburg-niendorf/ HTTP/1.1" 200 18146 "-" "Mozilla/5.0 (compatible; Barkrowler/0.9; +https://babbar.tech/crawler)"
198.54.114.83 - - [15/Apr/2025:04:46:18 -0400] "POST /wp-admin/admin-ajax.php?action=async_litespeed&nonce=Q9XfqBF33ufalSqgVHde6KEOOYSJUMwT&litespeed_type=imgoptm HTTP/1.1" 200 0 "-" "WordPress/6.7.2; https://creative-webstyle.com"
217.113.194.233 - - [15/Apr/2025:04:46:33 -0400] "GET /what-to-do-with-sour-milk/feed/ HTTP/1.1" 200 394 "-" "Mozilla/5.0 (compatible; Barkrowler/0.9; +https://babbar.tech/crawler)"
198.54.114.83 - - [15/Apr/2025:04:46:52 -0400] "POST /wp-cron.php?doing_wp_cron=1744706812.1463339328765869140625 HTTP/1.1" 200 0 "-" "WordPress/6.7.2; https://creative-webstyle.com"
154.54.249.218 - - [15/Apr/2025:04:46:51 -0400] "GET /dog-dewormer-for-cancer/ HTTP/1.1" 200 17300 "-" "Mozilla/5.0 (compatible; Barkrowler/0.9; +https://babbar.tech/crawler)"
198.54.114.83 - - [15/Apr/2025:04:47:10 -0400] "POST /wp-cron.php?doing_wp_cron=1744706830.1457901000976562500000 HTTP/1.1" 200 0 "-" "WordPress/6.7.2; https://creative-webstyle.com"
217.113.194.238 - - [15/Apr/2025:04:47:09 -0400] "GET /the-importance-of-ruqyah/ HTTP/1.1" 200 18067 "-" "Mozilla/5.0 (compatible; Barkrowler/0.9; +https://babbar.tech/crawler)"
198.54.114.83 - - [15/Apr/2025:04:47:10 -0400] "POST /wp-admin/admin-ajax.php?action=async_litespeed&nonce=P4QzA6BzIp8j8lyu1LtsERUXZtpLFrif&litespeed_type=imgoptm HTTP/1.1" 200 5 "-" "WordPress/6.7.2; https://creative-webstyle.com"
217.113.194.241 - - [15/Apr/2025:04:47:27 -0400] "GET /customized-socks-with-logo/feed/ HTTP/1.1" 200 391 "-" "Mozilla/5.0 (compatible; Barkrowler/0.9; +https://babbar.tech/crawler)"
217.113.194.240 - - [15/Apr/2025:04:47:43 -0400] "GET /branding-firms-in-chicago/feed/ HTTP/1.1" 200 389 "-" "Mozilla/5.0 (compatible; Barkrowler/0.9; +https://babbar.tech/crawler)"
198.54.114.83 - - [15/Apr/2025:04:48:01 -0400] "POST /wp-cron.php?doing_wp_cron=1744706881.3630421161651611328125 HTTP/1.1" 200 0 "-" "WordPress/6.7.2; https://creative-webstyle.com"
217.113.194.235 - - [15/Apr/2025:04:48:00 -0400] "GET /la-toile-de-table-avec-photo/ HTTP/1.1" 200 18000 "-" "Mozilla/5.0 (compatible; Barkrowler/0.9; +https://babbar.tech/crawler)"
198.54.114.83 - - [15/Apr/2025:04:48:06 -0400] "POST /wp-admin/admin-ajax.php?action=async_litespeed&nonce=hsMyt5GnACm997tlimFlSYuWkpQyuycK&litespeed_type=imgoptm HTTP/1.1" 200 5 "-" "WordPress/6.7.2; https://creative-webstyle.com"
217.113.194.241 - - [15/Apr/2025:04:48:18 -0400] "GET /la-toile-de-table-avec-photo/feed/ HTTP/1.1" 200 399 "-" "Mozilla/5.0 (compatible; Barkrowler/0.9; +https://babbar.tech/crawler)"
37.139.53.208 - - [15/Apr/2025:04:48:19 -0400] "GET /what-makes-boxer-brief-underwear-a-perfect-option/ HTTP/1.1" 200 19155 "https://creative-webstyle.com/what-makes-boxer-brief-underwear-a-perfect-option/" "Mozilla/5.0 (Windows NT 10.0; Win64; x64) AppleWebKit/537.36 (KHTML, like Gecko) Chrome/130.0.0.0 Safari/537.36"
37.139.53.208 - - [15/Apr/2025:04:48:23 -0400] "POST /wp-comments-post.php HTTP/1.1" 302 0 "https://creative-webstyle.com/what-makes-boxer-brief-underwear-a-perfect-option/" "Mozilla/5.0 (Windows NT 10.0; Win64; x64) AppleWebKit/537.36 (KHTML, like Gecko) Chrome/130.0.0.0 Safari/537.36"
37.139.53.208 - - [15/Apr/2025:04:48:27 -0400] "GET /what-makes-boxer-brief-underwear-a-perfect-option/ HTTP/1.1" 200 20260 "https://creative-webstyle.com/what-makes-boxer-brief-underwear-a-perfect-option/#comment-35225" "Mozilla/5.0 (Windows NT 10.0; Win64; x64) AppleWebKit/537.36 (KHTML, like Gecko) Chrome/130.0.0.0 Safari/537.36"
217.113.194.232 - - [15/Apr/2025:04:48:36 -0400] "GET /a-guide-to-fun-and-strategy/ HTTP/1.1" 200 18043 "-" "Mozilla/5.0 (compatible; Barkrowler/0.9; +https://babbar.tech/crawler)"
198.54.114.83 - - [15/Apr/2025:04:48:56 -0400] "POST /wp-cron.php?doing_wp_cron=1744706936.2157020568847656250000 HTTP/1.1" 200 0 "-" "WordPress/6.7.2; https://creative-webstyle.com"
217.113.194.241 - - [15/Apr/2025:04:48:55 -0400] "GET /baccarat-for-beginners/feed/ HTTP/1.1" 200 380 "-" "Mozilla/5.0 (compatible; Barkrowler/0.9; +https://babbar.tech/crawler)"
198.54.114.83 - - [15/Apr/2025:04:49:02 -0400] "POST /wp-admin/admin-ajax.php?action=async_litespeed&nonce=FEwEoQaT3wpyMiVnLbkry0eze7Irkaf2&litespeed_type=imgoptm HTTP/1.1" 200 0 "-" "WordPress/6.7.2; https://creative-webstyle.com"
154.54.249.218 - - [15/Apr/2025:04:49:13 -0400] "GET /physical-therapist-near-me/feed/ HTTP/1.1" 200 384 "-" "Mozilla/5.0 (compatible; Barkrowler/0.9; +https://babbar.tech/crawler)"
217.113.194.235 - - [15/Apr/2025:04:49:31 -0400] "GET /pg-slot-gaming-center/ HTTP/1.1" 200 17322 "-" "Mozilla/5.0 (compatible; Barkrowler/0.9; +https://babbar.tech/crawler)"
198.54.114.83 - - [15/Apr/2025:04:49:53 -0400] "POST /wp-cron.php?doing_wp_cron=1744706993.3436729907989501953125 HTTP/1.1" 200 0 "-" "WordPress/6.7.2; https://creative-webstyle.com"
217.113.194.254 - - [15/Apr/2025:04:49:52 -0400] "GET /where-to-buy-custom-youtube-comments/ HTTP/1.1" 200 18266 "-" "Mozilla/5.0 (compatible; Barkrowler/0.9; +https://babbar.tech/crawler)"
198.54.114.83 - - [15/Apr/2025:04:49:59 -0400] "POST /wp-admin/admin-ajax.php?action=async_litespeed&nonce=TcHyE2dcVYlNlLQdpVj5wskNeRH50iqA&litespeed_type=imgoptm HTTP/1.1" 200 5 "-" "WordPress/6.7.2; https://creative-webstyle.com"
217.113.194.239 - - [15/Apr/2025:04:50:13 -0400] "GET /where-to-buy-custom-youtube-comments/feed/ HTTP/1.1" 200 401 "-" "Mozilla/5.0 (compatible; Barkrowler/0.9; +https://babbar.tech/crawler)"
217.113.194.240 - - [15/Apr/2025:04:50:30 -0400] "GET /protegez-votre-activite-avec-sagesse/ HTTP/1.1" 200 17931 "-" "Mozilla/5.0 (compatible; Barkrowler/0.9; +https://babbar.tech/crawler)"
198.54.114.83 - - [15/Apr/2025:04:50:49 -0400] "POST /wp-cron.php?doing_wp_cron=1744707049.3500669002532958984375 HTTP/1.1" 200 0 "-" "WordPress/6.7.2; https://creative-webstyle.com"
217.113.194.241 - - [15/Apr/2025:04:50:48 -0400] "GET /protegez-votre-activite-avec-sagesse/feed/ HTTP/1.1" 200 413 "-" "Mozilla/5.0 (compatible; Barkrowler/0.9; +https://babbar.tech/crawler)"
198.54.114.83 - - [15/Apr/2025:04:51:08 -0400] "POST /wp-cron.php?doing_wp_cron=1744707067.4077329635620117187500 HTTP/1.1" 200 0 "-" "WordPress/6.7.2; https://creative-webstyle.com"
217.113.194.254 - - [15/Apr/2025:04:51:06 -0400] "GET /inside-the-brush-machine-factory/feed/ HTTP/1.1" 200 400 "-" "Mozilla/5.0 (compatible; Barkrowler/0.9; +https://babbar.tech/crawler)"
198.54.114.83 - - [15/Apr/2025:04:51:09 -0400] "POST /wp-admin/admin-ajax.php?action=async_litespeed&nonce=gMk561bnGRyHWbjoYVA90ad6rWEe5nNG&litespeed_type=imgoptm HTTP/1.1" 200 0 "-" "WordPress/6.7.2; https://creative-webstyle.com"
2a02:598:128:8a00::b00:a - - [15/Apr/2025:04:51:20 -0400] "GET /best-affordable-concrete-contractors-in-northern-colorado/ HTTP/1.1" 200 18034 "-" "Mozilla/5.0 (compatible; SeznamBot/4.0; +https://o-seznam.cz/napoveda/vyhledavani/en/seznambot-crawler/)"
217.113.194.236 - - [15/Apr/2025:04:51:25 -0400] "GET /exploring-fire-hose-nozzles/ HTTP/1.1" 200 18020 "-" "Mozilla/5.0 (compatible; Barkrowler/0.9; +https://babbar.tech/crawler)"
217.113.194.234 - - [15/Apr/2025:04:51:43 -0400] "GET /exploring-fire-hose-nozzles/feed/ HTTP/1.1" 200 390 "-" "Mozilla/5.0 (compatible; Barkrowler/0.9; +https://babbar.tech/crawler)"
198.54.114.83 - - [15/Apr/2025:04:52:03 -0400] "POST /wp-cron.php?doing_wp_cron=1744707122.5474278926849365234375 HTTP/1.1" 200 0 "-" "WordPress/6.7.2; https://creative-webstyle.com"
217.113.194.234 - - [15/Apr/2025:04:52:01 -0400] "GET /exploring-the-arcady-showflat/ HTTP/1.1" 200 18229 "-" "Mozilla/5.0 (compatible; Barkrowler/0.9; +https://babbar.tech/crawler)"
198.54.114.83 - - [15/Apr/2025:04:52:09 -0400] "POST /wp-admin/admin-ajax.php?action=async_litespeed&nonce=PwfguVQPAydvv5I04UERD4H7NdWybUg7&litespeed_type=imgoptm HTTP/1.1" 200 0 "-" "WordPress/6.7.2; https://creative-webstyle.com"
217.113.194.240 - - [15/Apr/2025:04:52:20 -0400] "GET /exploring-the-world-of-online-casinos-2/ HTTP/1.1" 200 17992 "-" "Mozilla/5.0 (compatible; Barkrowler/0.9; +https://babbar.tech/crawler)"
217.113.194.235 - - [15/Apr/2025:04:52:38 -0400] "GET /exploring-the-world-of-online-casinos/feed/ HTTP/1.1" 200 401 "-" "Mozilla/5.0 (compatible; Barkrowler/0.9; +https://babbar.tech/crawler)"
198.54.114.83 - - [15/Apr/2025:04:52:55 -0400] "POST /wp-cron.php?doing_wp_cron=1744707175.4987230300903320312500 HTTP/1.1" 200 0 "-" "WordPress/6.7.2; https://creative-webstyle.com"
217.113.194.254 - - [15/Apr/2025:04:52:55 -0400] "GET /exploring-the-lumina-grand-showroom/ HTTP/1.1" 200 18107 "-" "Mozilla/5.0 (compatible; Barkrowler/0.9; +https://babbar.tech/crawler)"
2a02:598:128:8a00::b00:15 - - [15/Apr/2025:04:53:00 -0400] "GET /google-hindi-input-tools-download-for-windows-10/ HTTP/1.1" 404 12636 "-" "Mozilla/5.0 (compatible; SeznamBot/4.0; +https://o-seznam.cz/napoveda/vyhledavani/en/seznambot-crawler/)"
198.54.114.83 - - [15/Apr/2025:04:53:01 -0400] "POST /wp-admin/admin-ajax.php?action=async_litespeed&nonce=eONZmWFQKi2OgWk8FZykYEunBiGS1Y1a&litespeed_type=imgoptm HTTP/1.1" 200 0 "-" "WordPress/6.7.2; https://creative-webstyle.com"
154.54.249.218 - - [15/Apr/2025:04:53:13 -0400] "GET /exploring-the-lumina-grand-showroom/feed/ HTTP/1.1" 200 405 "-" "Mozilla/5.0 (compatible; Barkrowler/0.9; +https://babbar.tech/crawler)"
217.113.194.233 - - [15/Apr/2025:04:53:29 -0400] "GET /an-overview-of-nba-betting/ HTTP/1.1" 200 18568 "-" "Mozilla/5.0 (compatible; Barkrowler/0.9; +https://babbar.tech/crawler)"
217.113.194.254 - - [15/Apr/2025:04:53:47 -0400] "GET /an-overview-of-nba-betting/feed/ HTTP/1.1" 200 389 "-" "Mozilla/5.0 (compatible; Barkrowler/0.9; +https://babbar.tech/crawler)"
198.54.114.83 - - [15/Apr/2025:04:54:06 -0400] "POST /wp-cron.php?doing_wp_cron=1744707245.4548730850219726562500 HTTP/1.1" 200 0 "-" "WordPress/6.7.2; https://creative-webstyle.com"
114.119.140.169 - - [15/Apr/2025:04:54:06 -0400] "GET /robots.txt HTTP/1.1" 200 110 "-" "Mozilla/5.0 (compatible;PetalBot;+https://webmaster.petalsearch.com/site/petalbot)"
217.113.194.233 - - [15/Apr/2025:04:54:04 -0400] "GET /an-under-bench-water-chimer/ HTTP/1.1" 200 17973 "-" "Mozilla/5.0 (compatible; Barkrowler/0.9; +https://babbar.tech/crawler)"
198.54.114.83 - - [15/Apr/2025:04:54:12 -0400] "POST /wp-admin/admin-ajax.php?action=async_litespeed&nonce=44YRkFcbtAaOMML9wuB8RYQ3G8JwUiJC&litespeed_type=imgoptm HTTP/1.1" 200 5 "-" "WordPress/6.7.2; https://creative-webstyle.com"
217.113.194.241 - - [15/Apr/2025:04:54:24 -0400] "GET /nettoyer-des-couverts-en-argent/ HTTP/1.1" 200 17266 "-" "Mozilla/5.0 (compatible; Barkrowler/0.9; +https://babbar.tech/crawler)"
44.242.140.159 - - [15/Apr/2025:04:54:31 -0400] "GET / HTTP/1.1" 200 78396 "-" "Mozilla/5.0 (X11; Linux x86_64) AppleWebKit/537.36 (KHTML, like Gecko) Chrome/134.0.0.0 Safari/537.36"
44.242.140.159 - - [15/Apr/2025:04:54:34 -0400] "GET /products/sw.js HTTP/1.1" 404 12616 "https://creative-webstyle.com/" "Mozilla/5.0 (X11; Linux x86_64) AppleWebKit/537.36 (KHTML, like Gecko) Chrome/134.0.0.0 Safari/537.36"
217.113.194.237 - - [15/Apr/2025:04:54:43 -0400] "GET /video-game-purchase-motivations/feed/ HTTP/1.1" 200 392 "-" "Mozilla/5.0 (compatible; Barkrowler/0.9; +https://babbar.tech/crawler)"
198.54.114.83 - - [15/Apr/2025:04:55:04 -0400] "POST /wp-cron.php?doing_wp_cron=1744707303.6985759735107421875000 HTTP/1.1" 200 0 "-" "WordPress/6.7.2; https://creative-webstyle.com"
217.113.194.235 - - [15/Apr/2025:04:55:02 -0400] "GET /uk-cbd-gummies-2/feed/ HTTP/1.1" 200 379 "-" "Mozilla/5.0 (compatible; Barkrowler/0.9; +https://babbar.tech/crawler)"
217.113.194.254 - - [15/Apr/2025:04:55:22 -0400] "GET /essential-guide-to-breast-pumps/ HTTP/1.1" 200 18040 "-" "Mozilla/5.0 (compatible; Barkrowler/0.9; +https://babbar.tech/crawler)"
217.113.194.241 - - [15/Apr/2025:04:55:41 -0400] "GET /comment-nettoyer-une-bague-en-or/feed/ HTTP/1.1" 200 395 "-" "Mozilla/5.0 (compatible; Barkrowler/0.9; +https://babbar.tech/crawler)"
217.113.194.234 - - [15/Apr/2025:04:55:59 -0400] "GET /comment-nettoyer-une-bague-en-or/ HTTP/1.1" 200 18164 "-" "Mozilla/5.0 (compatible; Barkrowler/0.9; +https://babbar.tech/crawler)"
198.54.114.83 - - [15/Apr/2025:04:56:18 -0400] "POST /wp-cron.php?doing_wp_cron=1744707378.1003639698028564453125 HTTP/1.1" 200 0 "-" "WordPress/6.7.2; https://creative-webstyle.com"
154.54.249.218 - - [15/Apr/2025:04:56:17 -0400] "GET /how-apparel-screen-printing-works/ HTTP/1.1" 200 18166 "-" "Mozilla/5.0 (compatible; Barkrowler/0.9; +https://babbar.tech/crawler)"
198.54.114.83 - - [15/Apr/2025:04:56:24 -0400] "POST /wp-admin/admin-ajax.php?action=async_litespeed&nonce=1AVjRoWXdm15SNKeadsMU3AqyFIJ1KU3&litespeed_type=imgoptm HTTP/1.1" 200 0 "-" "WordPress/6.7.2; https://creative-webstyle.com"
217.113.194.254 - - [15/Apr/2025:04:56:38 -0400] "GET /watch-overseas-football-for-free/ HTTP/1.1" 200 17329 "-" "Mozilla/5.0 (compatible; Barkrowler/0.9; +https://babbar.tech/crawler)"
198.54.114.83 - - [15/Apr/2025:04:56:58 -0400] "POST /wp-cron.php?doing_wp_cron=1744707418.6043341159820556640625 HTTP/1.1" 200 0 "-" "WordPress/6.7.2; https://creative-webstyle.com"
154.54.249.218 - - [15/Apr/2025:04:56:58 -0400] "GET /tailored-solutions-for-every-home/ HTTP/1.1" 200 17774 "-" "Mozilla/5.0 (compatible; Barkrowler/0.9; +https://babbar.tech/crawler)"
198.54.114.83 - - [15/Apr/2025:04:57:05 -0400] "POST /wp-admin/admin-ajax.php?action=async_litespeed&nonce=ErGYrGck1OFtUY88jXQTQtqxgvHWUFlz&litespeed_type=imgoptm HTTP/1.1" 200 0 "-" "WordPress/6.7.2; https://creative-webstyle.com"
217.113.194.241 - - [15/Apr/2025:04:57:16 -0400] "GET /time-to-play-online-lotteries/feed/ HTTP/1.1" 200 394 "-" "Mozilla/5.0 (compatible; Barkrowler/0.9; +https://babbar.tech/crawler)"
217.113.194.254 - - [15/Apr/2025:04:57:36 -0400] "GET /40-mg-vyvanse/feed/ HTTP/1.1" 200 375 "-" "Mozilla/5.0 (compatible; Barkrowler/0.9; +https://babbar.tech/crawler)"
198.54.114.83 - - [15/Apr/2025:04:57:55 -0400] "POST /wp-cron.php?doing_wp_cron=1744707474.8432469367980957031250 HTTP/1.1" 200 0 "-" "WordPress/6.7.2; https://creative-webstyle.com"
217.113.194.232 - - [15/Apr/2025:04:57:54 -0400] "GET /veilleuse-tortue-aquatique/ HTTP/1.1" 200 19036 "-" "Mozilla/5.0 (compatible; Barkrowler/0.9; +https://babbar.tech/crawler)"
198.54.114.83 - - [15/Apr/2025:04:58:01 -0400] "POST /wp-admin/admin-ajax.php?action=async_litespeed&nonce=rS4bR9u0Kqsz8LCAa78NMUlDIiWEoe97&litespeed_type=imgoptm HTTP/1.1" 200 0 "-" "WordPress/6.7.2; https://creative-webstyle.com"
154.54.249.218 - - [15/Apr/2025:04:58:13 -0400] "GET /agriturismo-con-piscina/feed/ HTTP/1.1" 200 383 "-" "Mozilla/5.0 (compatible; Barkrowler/0.9; +https://babbar.tech/crawler)"
217.113.194.240 - - [15/Apr/2025:04:58:32 -0400] "GET /popularity-of-online-gambling-software/feed/ HTTP/1.1" 200 395 "-" "Mozilla/5.0 (compatible; Barkrowler/0.9; +https://babbar.tech/crawler)"
198.54.114.83 - - [15/Apr/2025:04:58:51 -0400] "POST /wp-cron.php?doing_wp_cron=1744707530.4149050712585449218750 HTTP/1.1" 200 0 "-" "WordPress/6.7.2; https://creative-webstyle.com"
217.113.194.234 - - [15/Apr/2025:04:58:49 -0400] "GET /no-doc-business-loans/feed/ HTTP/1.1" 200 379 "-" "Mozilla/5.0 (compatible; Barkrowler/0.9; +https://babbar.tech/crawler)"
178.68.117.5 - - [15/Apr/2025:04:59:00 -0400] "GET /hvac-systems-and-mold/ HTTP/1.1" 200 19434 "https://creative-webstyle.com/hvac-systems-and-mold/#comment-34683" "Mozilla/5.0 (Windows NT 10.0; Win64; x64) AppleWebKit/537.36 (KHTML, like Gecko) Chrome/129.0.0.0 Safari/537.36"
217.113.194.235 - - [15/Apr/2025:04:59:09 -0400] "GET /what-are-direct-peptides/feed/ HTTP/1.1" 200 387 "-" "Mozilla/5.0 (compatible; Barkrowler/0.9; +https://babbar.tech/crawler)"
178.68.117.5 - - [15/Apr/2025:04:59:10 -0400] "POST /wp-comments-post.php HTTP/1.1" 302 0 "https://creative-webstyle.com/hvac-systems-and-mold/#comment-34683" "Mozilla/5.0 (Windows NT 10.0; Win64; x64) AppleWebKit/537.36 (KHTML, like Gecko) Chrome/129.0.0.0 Safari/537.36"
178.68.117.5 - - [15/Apr/2025:04:59:17 -0400] "GET /hvac-systems-and-mold/ HTTP/1.1" 200 20209 "https://creative-webstyle.com/hvac-systems-and-mold/#comment-35226" "Mozilla/5.0 (Windows NT 10.0; Win64; x64) AppleWebKit/537.36 (KHTML, like Gecko) Chrome/129.0.0.0 Safari/537.36"
217.113.194.235 - - [15/Apr/2025:04:59:28 -0400] "GET /fenbendazol-for-cancer/ HTTP/1.1" 200 17643 "-" "Mozilla/5.0 (compatible; Barkrowler/0.9; +https://babbar.tech/crawler)"
217.113.194.240 - - [15/Apr/2025:04:59:46 -0400] "GET /feld-fire-pumps-for-sale/ HTTP/1.1" 200 17654 "-" "Mozilla/5.0 (compatible; Barkrowler/0.9; +https://babbar.tech/crawler)"
154.54.249.218 - - [15/Apr/2025:05:00:06 -0400] "GET /pro-tips-for-painting-by-numbers/ HTTP/1.1" 200 18506 "-" "Mozilla/5.0 (compatible; Barkrowler/0.9; +https://babbar.tech/crawler)"
198.54.114.83 - - [15/Apr/2025:05:00:10 -0400] "POST /wp-cron.php?doing_wp_cron=1744707607.3756129741668701171875 HTTP/1.1" 200 0 "-" "WordPress/6.7.2; https://creative-webstyle.com"
217.113.194.235 - - [15/Apr/2025:05:00:28 -0400] "GET /the-sirius-power-gaming-keyboard/feed/ HTTP/1.1" 200 397 "-" "Mozilla/5.0 (compatible; Barkrowler/0.9; +https://babbar.tech/crawler)"
217.113.194.233 - - [15/Apr/2025:05:00:46 -0400] "GET /the-sirius-power-gaming-keyboard/ HTTP/1.1" 200 18178 "-" "Mozilla/5.0 (compatible; Barkrowler/0.9; +https://babbar.tech/crawler)"
217.113.194.240 - - [15/Apr/2025:05:01:05 -0400] "GET /interior-design-services-near-me/feed/ HTTP/1.1" 200 394 "-" "Mozilla/5.0 (compatible; Barkrowler/0.9; +https://babbar.tech/crawler)"
198.54.114.83 - - [15/Apr/2025:05:01:27 -0400] "POST /wp-cron.php?doing_wp_cron=1744707686.9111449718475341796875 HTTP/1.1" 200 0 "-" "WordPress/6.7.2; https://creative-webstyle.com"
217.113.194.234 - - [15/Apr/2025:05:01:26 -0400] "GET /diesel-exhaust-related-deaths/ HTTP/1.1" 200 18266 "-" "Mozilla/5.0 (compatible; Barkrowler/0.9; +https://babbar.tech/crawler)"
178.20.44.82 - - [15/Apr/2025:05:01:30 -0400] "GET /best-cbd-oil-for-sleep-uk/ HTTP/1.1" 200 17254 "https://creative-webstyle.com/best-cbd-oil-for-sleep-uk/#comment-10043/" "Mozilla/5.0 (Windows NT 10.0; Win64; x64) AppleWebKit/537.36 (KHTML, like Gecko) Chrome/130.0.0.0 Safari/537.36 CCleaner/130.0.0.0"
198.54.114.83 - - [15/Apr/2025:05:01:34 -0400] "POST /wp-admin/admin-ajax.php?action=async_litespeed&nonce=OLz5sBvQdQjYBd7UchdFnEvIOhDjeagX&litespeed_type=imgoptm HTTP/1.1" 200 0 "-" "WordPress/6.7.2; https://creative-webstyle.com"
178.20.44.82 - - [15/Apr/2025:05:01:34 -0400] "POST /wp-comments-post.php HTTP/1.1" 302 0 "https://creative-webstyle.com/best-cbd-oil-for-sleep-uk/#comment-10043/" "Mozilla/5.0 (Windows NT 10.0; Win64; x64) AppleWebKit/537.36 (KHTML, like Gecko) Chrome/130.0.0.0 Safari/537.36 CCleaner/130.0.0.0"
178.20.44.82 - - [15/Apr/2025:05:01:39 -0400] "GET /best-cbd-oil-for-sleep-uk/ HTTP/1.1" 200 21624 "https://creative-webstyle.com/best-cbd-oil-for-sleep-uk/#comment-35227" "Mozilla/5.0 (Windows NT 10.0; Win64; x64) AppleWebKit/537.36 (KHTML, like Gecko) Chrome/130.0.0.0 Safari/537.36 CCleaner/130.0.0.0"
217.113.194.236 - - [15/Apr/2025:05:01:45 -0400] "GET /italian-leather-bags-wholesale-uk/feed/ HTTP/1.1" 200 389 "-" "Mozilla/5.0 (compatible; Barkrowler/0.9; +https://babbar.tech/crawler)"
198.54.114.83 - - [15/Apr/2025:05:02:02 -0400] "POST /wp-cron.php?doing_wp_cron=1744707721.8100800514221191406250 HTTP/1.1" 200 0 "-" "WordPress/6.7.2; https://creative-webstyle.com"
217.113.194.239 - - [15/Apr/2025:05:02:01 -0400] "GET /custom-logo-socks-no-minimum/ HTTP/1.1" 200 17235 "-" "Mozilla/5.0 (compatible; Barkrowler/0.9; +https://babbar.tech/crawler)"
198.54.114.83 - - [15/Apr/2025:05:02:07 -0400] "POST /wp-admin/admin-ajax.php?action=async_litespeed&nonce=pkyve90B1VTvPselPsotdg3ALvbJVXxo&litespeed_type=imgoptm HTTP/1.1" 200 5 "-" "WordPress/6.7.2; https://creative-webstyle.com"
217.113.194.235 - - [15/Apr/2025:05:02:21 -0400] "GET /custom-logo-socks-no-minimum/feed/ HTTP/1.1" 200 388 "-" "Mozilla/5.0 (compatible; Barkrowler/0.9; +https://babbar.tech/crawler)"
217.113.194.236 - - [15/Apr/2025:05:02:37 -0400] "GET /gatwick-to-heathrow-transfer/feed/ HTTP/1.1" 200 415 "-" "Mozilla/5.0 (compatible; Barkrowler/0.9; +https://babbar.tech/crawler)"
198.54.114.83 - - [15/Apr/2025:05:02:56 -0400] "POST /wp-cron.php?doing_wp_cron=1744707776.2004120349884033203125 HTTP/1.1" 200 0 "-" "WordPress/6.7.2; https://creative-webstyle.com"
217.113.194.235 - - [15/Apr/2025:05:02:55 -0400] "GET /gitarre-lernen-in-dusseldorf/ HTTP/1.1" 200 18382 "-" "Mozilla/5.0 (compatible; Barkrowler/0.9; +https://babbar.tech/crawler)"
198.54.114.83 - - [15/Apr/2025:05:03:02 -0400] "POST /wp-admin/admin-ajax.php?action=async_litespeed&nonce=yYun28y51Ql3DzbST8VHWt3eqyjeS6lW&litespeed_type=imgoptm HTTP/1.1" 200 0 "-" "WordPress/6.7.2; https://creative-webstyle.com"
217.113.194.241 - - [15/Apr/2025:05:03:13 -0400] "GET /decouvrez-le-massage-thai-a-geneve/ HTTP/1.1" 200 17910 "-" "Mozilla/5.0 (compatible; Barkrowler/0.9; +https://babbar.tech/crawler)"
217.113.194.239 - - [15/Apr/2025:05:03:32 -0400] "GET /decouvrez-le-thai-massage-a-geneve/ HTTP/1.1" 200 18018 "-" "Mozilla/5.0 (compatible; Barkrowler/0.9; +https://babbar.tech/crawler)"
198.54.114.83 - - [15/Apr/2025:05:03:51 -0400] "POST /wp-cron.php?doing_wp_cron=1744707831.1743609905242919921875 HTTP/1.1" 200 0 "-" "WordPress/6.7.2; https://creative-webstyle.com"
217.113.194.232 - - [15/Apr/2025:05:03:50 -0400] "GET /sports-rehab-in-canton-oh/feed/ HTTP/1.1" 200 392 "-" "Mozilla/5.0 (compatible; Barkrowler/0.9; +https://babbar.tech/crawler)"
198.54.114.83 - - [15/Apr/2025:05:04:08 -0400] "POST /wp-cron.php?doing_wp_cron=1744707848.7659430503845214843750 HTTP/1.1" 200 0 "-" "WordPress/6.7.2; https://creative-webstyle.com"
217.113.194.234 - - [15/Apr/2025:05:04:08 -0400] "GET /top-10-convertible-duffel-bags/feed/ HTTP/1.1" 200 392 "-" "Mozilla/5.0 (compatible; Barkrowler/0.9; +https://babbar.tech/crawler)"
198.54.114.83 - - [15/Apr/2025:05:04:09 -0400] "POST /wp-admin/admin-ajax.php?action=async_litespeed&nonce=wb9Xm0ClSI1gbvzQyB5JdnmiMhhko8qT&litespeed_type=imgoptm HTTP/1.1" 200 0 "-" "WordPress/6.7.2; https://creative-webstyle.com"
217.113.194.254 - - [15/Apr/2025:05:04:25 -0400] "GET /jewelry-photo-retouching-service/feed/ HTTP/1.1" 200 392 "-" "Mozilla/5.0 (compatible; Barkrowler/0.9; +https://babbar.tech/crawler)"
217.113.194.254 - - [15/Apr/2025:05:04:44 -0400] "GET /jewelry-photo-retouching-service-2/feed/ HTTP/1.1" 200 394 "-" "Mozilla/5.0 (compatible; Barkrowler/0.9; +https://babbar.tech/crawler)"
198.54.114.83 - - [15/Apr/2025:05:05:04 -0400] "POST /wp-cron.php?doing_wp_cron=1744707903.1590559482574462890625 HTTP/1.1" 200 0 "-" "WordPress/6.7.2; https://creative-webstyle.com"
2a02:598:128:8a00::b00:a - - [15/Apr/2025:05:05:04 -0400] "GET /understanding-the-types-of-breast-pumps/feed/ HTTP/1.1" 200 407 "-" "Mozilla/5.0 (compatible; SeznamBot/4.0; +https://o-seznam.cz/napoveda/vyhledavani/en/seznambot-crawler/)"
217.113.194.234 - - [15/Apr/2025:05:05:02 -0400] "GET /black-and-gold-bedside-lamps-2/ HTTP/1.1" 200 17586 "-" "Mozilla/5.0 (compatible; Barkrowler/0.9; +https://babbar.tech/crawler)"
217.113.194.239 - - [15/Apr/2025:05:05:21 -0400] "GET /black-and-gold-bedside-lamps/feed/ HTTP/1.1" 200 395 "-" "Mozilla/5.0 (compatible; Barkrowler/0.9; +https://babbar.tech/crawler)"
217.113.194.240 - - [15/Apr/2025:05:05:41 -0400] "GET /mp4-players-offer-great-features/ HTTP/1.1" 200 18509 "-" "Mozilla/5.0 (compatible; Barkrowler/0.9; +https://babbar.tech/crawler)"
217.113.194.232 - - [15/Apr/2025:05:05:59 -0400] "GET /heritage-amidst-urban-hustle/ HTTP/1.1" 200 18098 "-" "Mozilla/5.0 (compatible; Barkrowler/0.9; +https://babbar.tech/crawler)"
198.54.114.83 - - [15/Apr/2025:05:06:19 -0400] "POST /wp-cron.php?doing_wp_cron=1744707978.5614380836486816406250 HTTP/1.1" 200 0 "-" "WordPress/6.7.2; https://creative-webstyle.com"
217.113.194.241 - - [15/Apr/2025:05:06:17 -0400] "GET /heritage-amidst-urban-hustle/feed/ HTTP/1.1" 200 391 "-" "Mozilla/5.0 (compatible; Barkrowler/0.9; +https://babbar.tech/crawler)"
217.113.194.234 - - [15/Apr/2025:05:06:37 -0400] "GET /how-to-stop-online-gambling-addiction/feed/ HTTP/1.1" 200 398 "-" "Mozilla/5.0 (compatible; Barkrowler/0.9; +https://babbar.tech/crawler)"
217.113.194.234 - - [15/Apr/2025:05:06:54 -0400] "GET /how-to-prepare-virtual-makeup-for-business/ HTTP/1.1" 200 18374 "-" "Mozilla/5.0 (compatible; Barkrowler/0.9; +https://babbar.tech/crawler)"
217.113.194.240 - - [15/Apr/2025:05:07:14 -0400] "GET /how-to-keep-up-your-oral-hygiene/feed/ HTTP/1.1" 200 405 "-" "Mozilla/5.0 (compatible; Barkrowler/0.9; +https://babbar.tech/crawler)"
198.54.114.83 - - [15/Apr/2025:05:07:34 -0400] "POST /wp-cron.php?doing_wp_cron=1744708053.3110001087188720703125 HTTP/1.1" 200 0 "-" "WordPress/6.7.2; https://creative-webstyle.com"
217.113.194.233 - - [15/Apr/2025:05:07:32 -0400] "GET /how-to-choose-the-best-portable-fire-pump/ HTTP/1.1" 200 17981 "-" "Mozilla/5.0 (compatible; Barkrowler/0.9; +https://babbar.tech/crawler)"
198.54.114.83 - - [15/Apr/2025:05:07:41 -0400] "POST /wp-admin/admin-ajax.php?action=async_litespeed&nonce=h2VeQlQNJJnAHCA2Er9JhNK7EJs87gCl&litespeed_type=imgoptm HTTP/1.1" 200 0 "-" "WordPress/6.7.2; https://creative-webstyle.com"
198.54.114.83 - - [15/Apr/2025:05:07:54 -0400] "POST /wp-cron.php?doing_wp_cron=1744708073.3204948902130126953125 HTTP/1.1" 200 0 "-" "WordPress/6.7.2; https://creative-webstyle.com"
217.113.194.234 - - [15/Apr/2025:05:07:52 -0400] "GET /how-to-choose-a-resume-writing-expert/ HTTP/1.1" 200 17905 "-" "Mozilla/5.0 (compatible; Barkrowler/0.9; +https://babbar.tech/crawler)"
198.54.114.83 - - [15/Apr/2025:05:08:00 -0400] "POST /wp-admin/admin-ajax.php?action=async_litespeed&nonce=NbIwEF88Rc1BPLBUTtr2cif9YjN1GIwf&litespeed_type=imgoptm HTTP/1.1" 200 5 "-" "WordPress/6.7.2; https://creative-webstyle.com"
217.113.194.234 - - [15/Apr/2025:05:08:12 -0400] "GET /how-to-choose-a-custom-cabinet-maker/feed/ HTTP/1.1" 200 406 "-" "Mozilla/5.0 (compatible; Barkrowler/0.9; +https://babbar.tech/crawler)"
217.113.194.232 - - [15/Apr/2025:05:08:29 -0400] "GET /how-to-find-a-caregiver-near-me/feed/ HTTP/1.1" 200 403 "-" "Mozilla/5.0 (compatible; Barkrowler/0.9; +https://babbar.tech/crawler)"
217.113.194.232 - - [15/Apr/2025:05:08:47 -0400] "GET /how-to-create-an-online-coaching-business/ HTTP/1.1" 200 17634 "-" "Mozilla/5.0 (compatible; Barkrowler/0.9; +https://babbar.tech/crawler)"
198.54.114.83 - - [15/Apr/2025:05:09:07 -0400] "POST /wp-cron.php?doing_wp_cron=1744708147.0019319057464599609375 HTTP/1.1" 200 0 "-" "WordPress/6.7.2; https://creative-webstyle.com"
217.113.194.233 - - [15/Apr/2025:05:09:06 -0400] "GET /how-to-create-an-online-coaching-business/feed/ HTTP/1.1" 200 402 "-" "Mozilla/5.0 (compatible; Barkrowler/0.9; +https://babbar.tech/crawler)"
198.54.114.83 - - [15/Apr/2025:05:09:13 -0400] "POST /wp-admin/admin-ajax.php?action=async_litespeed&nonce=d2QNUEZk7ETItGpmCcL9u9JqI9ZjVBCj&litespeed_type=imgoptm HTTP/1.1" 200 5 "-" "WordPress/6.7.2; https://creative-webstyle.com"
217.113.194.239 - - [15/Apr/2025:05:09:25 -0400] "GET /how-to-send-large-files-online-for-free/ HTTP/1.1" 200 18321 "-" "Mozilla/5.0 (compatible; Barkrowler/0.9; +https://babbar.tech/crawler)"
217.113.194.236 - - [15/Apr/2025:05:09:43 -0400] "GET /how-to-buy-live-stream-viewers-youtube HTTP/1.1" 301 0 "-" "Mozilla/5.0 (compatible; Barkrowler/0.9; +https://babbar.tech/crawler)"
198.54.114.83 - - [15/Apr/2025:05:10:03 -0400] "POST /wp-cron.php?doing_wp_cron=1744708201.0961050987243652343750 HTTP/1.1" 200 0 "-" "WordPress/6.7.2; https://creative-webstyle.com"
217.113.194.233 - - [15/Apr/2025:05:10:00 -0400] "GET /how-to-start-a-painting-by-numbers/ HTTP/1.1" 200 18375 "-" "Mozilla/5.0 (compatible; Barkrowler/0.9; +https://babbar.tech/crawler)"
217.113.194.232 - - [15/Apr/2025:05:10:20 -0400] "GET /how-to-start-a-modeling-agency/feed/ HTTP/1.1" 200 399 "-" "Mozilla/5.0 (compatible; Barkrowler/0.9; +https://babbar.tech/crawler)"
217.113.194.232 - - [15/Apr/2025:05:10:37 -0400] "GET /how-to-find-sales-michael-kors-handbags/ HTTP/1.1" 200 18597 "-" "Mozilla/5.0 (compatible; Barkrowler/0.9; +https://babbar.tech/crawler)"
217.113.194.233 - - [15/Apr/2025:05:10:56 -0400] "GET /how-to-get-proof-of-insurance/feed/ HTTP/1.1" 200 398 "-" "Mozilla/5.0 (compatible; Barkrowler/0.9; +https://babbar.tech/crawler)"
198.54.114.83 - - [15/Apr/2025:05:11:14 -0400] "POST /wp-cron.php?doing_wp_cron=1744708273.9939959049224853515625 HTTP/1.1" 200 0 "-" "WordPress/6.7.2; https://creative-webstyle.com"
217.113.194.237 - - [15/Apr/2025:05:11:13 -0400] "GET /how-to-grow-your-youtube-subscribers/ HTTP/1.1" 200 18174 "-" "Mozilla/5.0 (compatible; Barkrowler/0.9; +https://babbar.tech/crawler)"
198.54.114.83 - - [15/Apr/2025:05:11:21 -0400] "POST /wp-admin/admin-ajax.php?action=async_litespeed&nonce=d9USWwREu4rPwx1TzAov9HHfZC7atK3X&litespeed_type=imgoptm HTTP/1.1" 200 0 "-" "WordPress/6.7.2; https://creative-webstyle.com"
217.113.194.241 - - [15/Apr/2025:05:11:32 -0400] "GET /how-to-find-the-best-digital-marketing-agency/ HTTP/1.1" 200 21108 "-" "Mozilla/5.0 (compatible; Barkrowler/0.9; +https://babbar.tech/crawler)"
198.54.114.83 - - [15/Apr/2025:05:11:51 -0400] "POST /wp-cron.php?doing_wp_cron=1744708311.2132530212402343750000 HTTP/1.1" 200 0 "-" "WordPress/6.7.2; https://creative-webstyle.com"
