217.113.194.232 - - [15/Apr/2025:01:07:22 -0400] "GET /nusa-penida-trip/ HTTP/1.1" 200 17570 "-" "Mozilla/5.0 (compatible; Barkrowler/0.9; +https://babbar.tech/crawler)"
217.113.194.238 - - [15/Apr/2025:01:07:50 -0400] "GET /how-to-create-custom-socks/ HTTP/1.1" 200 18270 "-" "Mozilla/5.0 (compatible; Barkrowler/0.9; +https://babbar.tech/crawler)"
198.54.114.83 - - [15/Apr/2025:01:07:53 -0400] "POST /wp-cron.php?doing_wp_cron=1744693670.9935200214385986328125 HTTP/1.1" 200 0 "-" "WordPress/6.7.2; https://creative-webstyle.com"
217.113.194.240 - - [15/Apr/2025:01:08:10 -0400] "GET /how-to-win-online-casino/feed/ HTTP/1.1" 200 385 "-" "Mozilla/5.0 (compatible; Barkrowler/0.9; +https://babbar.tech/crawler)"
154.54.249.218 - - [15/Apr/2025:01:08:27 -0400] "GET /register-we1win/feed/ HTTP/1.1" 200 370 "-" "Mozilla/5.0 (compatible; Barkrowler/0.9; +https://babbar.tech/crawler)"
2001:1388:13a6:8281:65a2:614a:dd5d:2e66 - - [15/Apr/2025:01:08:32 -0400] "POST /xmlrpc.php HTTP/1.1" 200 186 "-" "Mozilla/5.0 (Windows NT 10.0; Win64; x64) AppleWebKit/537.36 (KHTML, like Gecko) Chrome/91.0.4472.124 Safari/537.36"
217.113.194.232 - - [15/Apr/2025:01:08:45 -0400] "GET /tax-strategies-for-advisors/ HTTP/1.1" 200 18462 "-" "Mozilla/5.0 (compatible; Barkrowler/0.9; +https://babbar.tech/crawler)"
198.54.114.83 - - [15/Apr/2025:01:08:57 -0400] "POST /wp-admin/admin-ajax.php?action=async_litespeed&nonce=JbcD7gexuYOTdk5uyd5b1k2O7cQaurFs&litespeed_type=imgoptm HTTP/1.1" 200 0 "-" "WordPress/6.7.2; https://creative-webstyle.com"
217.113.194.254 - - [15/Apr/2025:01:09:04 -0400] "GET /abrasive-wheels-training/ HTTP/1.1" 200 17713 "-" "Mozilla/5.0 (compatible; Barkrowler/0.9; +https://babbar.tech/crawler)"
217.113.194.232 - - [15/Apr/2025:01:09:22 -0400] "GET /aws-certification/feed/ HTTP/1.1" 200 368 "-" "Mozilla/5.0 (compatible; Barkrowler/0.9; +https://babbar.tech/crawler)"
217.113.194.240 - - [15/Apr/2025:01:09:40 -0400] "GET /a-welcoming-entry/ HTTP/1.1" 200 17991 "-" "Mozilla/5.0 (compatible; Barkrowler/0.9; +https://babbar.tech/crawler)"
2001:1388:13a6:8281:65a2:614a:dd5d:2e66 - - [15/Apr/2025:01:09:41 -0400] "POST /xmlrpc.php HTTP/1.1" 200 186 "-" "Mozilla/5.0 (Windows NT 10.0; Win64; x64) AppleWebKit/537.36 (KHTML, like Gecko) Chrome/91.0.4472.124 Safari/537.36"
198.54.114.83 - - [15/Apr/2025:01:09:59 -0400] "POST /wp-cron.php?doing_wp_cron=1744693798.1206009387969970703125 HTTP/1.1" 200 0 "-" "WordPress/6.7.2; https://creative-webstyle.com"
217.113.194.238 - - [15/Apr/2025:01:09:57 -0400] "GET /digital-nomad-visa-spain/ HTTP/1.1" 200 18144 "-" "Mozilla/5.0 (compatible; Barkrowler/0.9; +https://babbar.tech/crawler)"
217.113.194.240 - - [15/Apr/2025:01:10:17 -0400] "GET /your-best-travel-companion/ HTTP/1.1" 200 18007 "-" "Mozilla/5.0 (compatible; Barkrowler/0.9; +https://babbar.tech/crawler)"
217.113.194.233 - - [15/Apr/2025:01:10:33 -0400] "GET /ein-leitfaden/feed/ HTTP/1.1" 200 373 "-" "Mozilla/5.0 (compatible; Barkrowler/0.9; +https://babbar.tech/crawler)"
2001:1388:13a6:8281:65a2:614a:dd5d:2e66 - - [15/Apr/2025:01:10:39 -0400] "POST /xmlrpc.php HTTP/1.1" 200 186 "-" "Mozilla/5.0 (Windows NT 10.0; Win64; x64) AppleWebKit/537.36 (KHTML, like Gecko) Chrome/91.0.4472.124 Safari/537.36"
217.113.194.233 - - [15/Apr/2025:01:10:50 -0400] "GET /rv-refrigeration/feed/ HTTP/1.1" 200 372 "-" "Mozilla/5.0 (compatible; Barkrowler/0.9; +https://babbar.tech/crawler)"
198.54.114.83 - - [15/Apr/2025:01:11:02 -0400] "POST /wp-admin/admin-ajax.php?action=async_litespeed&nonce=bAEGVI5uy9jEST9460pd7iaKaMmdBdky&litespeed_type=imgoptm HTTP/1.1" 200 0 "-" "WordPress/6.7.2; https://creative-webstyle.com"
217.113.194.240 - - [15/Apr/2025:01:11:08 -0400] "GET /accountant-salary-guide/ HTTP/1.1" 200 17351 "-" "Mozilla/5.0 (compatible; Barkrowler/0.9; +https://babbar.tech/crawler)"
217.113.194.233 - - [15/Apr/2025:01:11:26 -0400] "GET /tote-bag-personnalise/feed/ HTTP/1.1" 200 387 "-" "Mozilla/5.0 (compatible; Barkrowler/0.9; +https://babbar.tech/crawler)"
217.113.194.240 - - [15/Apr/2025:01:11:44 -0400] "GET /german-lessons-near-me/feed/ HTTP/1.1" 200 379 "-" "Mozilla/5.0 (compatible; Barkrowler/0.9; +https://babbar.tech/crawler)"
2a02:598:128:8a00::b00:15 - - [15/Apr/2025:01:12:01 -0400] "GET /robots.txt HTTP/1.1" 200 110 "-" "Mozilla/5.0 (compatible; SeznamBot/4.0; +https://o-seznam.cz/napoveda/vyhledavani/en/seznambot-crawler/)"
217.113.194.241 - - [15/Apr/2025:01:12:01 -0400] "GET /pragmatic/feed/ HTTP/1.1" 200 366 "-" "Mozilla/5.0 (compatible; Barkrowler/0.9; +https://babbar.tech/crawler)"
2a02:598:128:8a00::b00:15 - - [15/Apr/2025:01:12:01 -0400] "GET /a-guide-to-effective-corporate-video-production/ HTTP/1.1" 200 18043 "-" "Mozilla/5.0 (compatible; SeznamBot/4.0; +https://o-seznam.cz/napoveda/vyhledavani/en/seznambot-crawler/)"
217.113.194.234 - - [15/Apr/2025:01:12:18 -0400] "GET /vita-glow-cream-2/ HTTP/1.1" 200 17318 "-" "Mozilla/5.0 (compatible; Barkrowler/0.9; +https://babbar.tech/crawler)"
217.113.194.233 - - [15/Apr/2025:01:12:36 -0400] "GET /vita-glow-cream/ HTTP/1.1" 200 17375 "-" "Mozilla/5.0 (compatible; Barkrowler/0.9; +https://babbar.tech/crawler)"
154.54.249.218 - - [15/Apr/2025:01:12:53 -0400] "GET /vita-glow-cream/feed/ HTTP/1.1" 200 379 "-" "Mozilla/5.0 (compatible; Barkrowler/0.9; +https://babbar.tech/crawler)"
198.54.114.83 - - [15/Apr/2025:01:13:00 -0400] "POST /wp-admin/admin-ajax.php?action=async_litespeed&nonce=PWWonMuCdHvtjkrAyWo8Hi9pB5BE8OGw&litespeed_type=imgoptm HTTP/1.1" 200 0 "-" "WordPress/6.7.2; https://creative-webstyle.com"
217.113.194.234 - - [15/Apr/2025:01:13:10 -0400] "GET /locksmith-chicago/feed/ HTTP/1.1" 200 372 "-" "Mozilla/5.0 (compatible; Barkrowler/0.9; +https://babbar.tech/crawler)"
217.113.194.241 - - [15/Apr/2025:01:13:28 -0400] "GET /obsession-spells/feed/ HTTP/1.1" 200 370 "-" "Mozilla/5.0 (compatible; Barkrowler/0.9; +https://babbar.tech/crawler)"
217.113.194.240 - - [15/Apr/2025:01:13:45 -0400] "GET /a-comprehensive-guide/ HTTP/1.1" 200 18273 "-" "Mozilla/5.0 (compatible; Barkrowler/0.9; +https://babbar.tech/crawler)"
198.54.114.83 - - [15/Apr/2025:01:14:02 -0400] "POST /wp-admin/admin-ajax.php?action=async_litespeed&nonce=bcEUaJjovYdVRhUtmPT3dgW1X2hLm8NV&litespeed_type=imgoptm HTTP/1.1" 200 0 "-" "WordPress/6.7.2; https://creative-webstyle.com"
217.113.194.232 - - [15/Apr/2025:01:14:02 -0400] "GET /big77-login/feed/ HTTP/1.1" 200 372 "-" "Mozilla/5.0 (compatible; Barkrowler/0.9; +https://babbar.tech/crawler)"
217.113.194.232 - - [15/Apr/2025:01:14:18 -0400] "GET /3-8-inch-to-mm/ HTTP/1.1" 200 17603 "-" "Mozilla/5.0 (compatible; Barkrowler/0.9; +https://babbar.tech/crawler)"
217.113.194.234 - - [15/Apr/2025:01:14:36 -0400] "GET /pilou-asbaek/ HTTP/1.1" 200 18500 "-" "Mozilla/5.0 (compatible; Barkrowler/0.9; +https://babbar.tech/crawler)"
217.113.194.236 - - [15/Apr/2025:01:14:54 -0400] "GET /the-toyota-4-runner/ HTTP/1.1" 200 18541 "-" "Mozilla/5.0 (compatible; Barkrowler/0.9; +https://babbar.tech/crawler)"
217.113.194.240 - - [15/Apr/2025:01:15:13 -0400] "GET /the-rise-of-modular-homes/ HTTP/1.1" 200 17894 "-" "Mozilla/5.0 (compatible; Barkrowler/0.9; +https://babbar.tech/crawler)"
217.113.194.234 - - [15/Apr/2025:01:15:33 -0400] "GET /urgence-dentaire-geneve/feed/ HTTP/1.1" 200 382 "-" "Mozilla/5.0 (compatible; Barkrowler/0.9; +https://babbar.tech/crawler)"
198.54.114.83 - - [15/Apr/2025:01:15:51 -0400] "POST /wp-cron.php?doing_wp_cron=1744694150.8772149085998535156250 HTTP/1.1" 200 0 "-" "WordPress/6.7.2; https://creative-webstyle.com"
217.113.194.254 - - [15/Apr/2025:01:15:50 -0400] "GET /what-is-cpu-cooling/feed/ HTTP/1.1" 200 386 "-" "Mozilla/5.0 (compatible; Barkrowler/0.9; +https://babbar.tech/crawler)"
198.54.114.83 - - [15/Apr/2025:01:15:58 -0400] "POST /wp-admin/admin-ajax.php?action=async_litespeed&nonce=iFmVsnL1aFff9pNjAug2zPLlSTbI0hAR&litespeed_type=imgoptm HTTP/1.1" 200 0 "-" "WordPress/6.7.2; https://creative-webstyle.com"
217.113.194.234 - - [15/Apr/2025:01:16:09 -0400] "GET /what-is-a-skill-seller/ HTTP/1.1" 200 18005 "-" "Mozilla/5.0 (compatible; Barkrowler/0.9; +https://babbar.tech/crawler)"
154.54.249.218 - - [15/Apr/2025:01:16:26 -0400] "GET /what-is-coinjoin/feed/ HTTP/1.1" 200 381 "-" "Mozilla/5.0 (compatible; Barkrowler/0.9; +https://babbar.tech/crawler)"
217.113.194.236 - - [15/Apr/2025:01:16:43 -0400] "GET /buy-youtube-views-online/feed/ HTTP/1.1" 200 392 "-" "Mozilla/5.0 (compatible; Barkrowler/0.9; +https://babbar.tech/crawler)"
217.113.194.240 - - [15/Apr/2025:01:16:59 -0400] "GET /buy-youtube-views-online/ HTTP/1.1" 200 17883 "-" "Mozilla/5.0 (compatible; Barkrowler/0.9; +https://babbar.tech/crawler)"
217.113.194.238 - - [15/Apr/2025:01:17:17 -0400] "GET /buy-youtube-viewss/feed/ HTTP/1.1" 200 385 "-" "Mozilla/5.0 (compatible; Barkrowler/0.9; +https://babbar.tech/crawler)"
217.113.194.254 - - [15/Apr/2025:01:17:34 -0400] "GET /buy-youtube-favorites/feed/ HTTP/1.1" 200 378 "-" "Mozilla/5.0 (compatible; Barkrowler/0.9; +https://babbar.tech/crawler)"
198.54.114.83 - - [15/Apr/2025:01:17:52 -0400] "POST /wp-cron.php?doing_wp_cron=1744694271.6037900447845458984375 HTTP/1.1" 200 0 "-" "WordPress/6.7.2; https://creative-webstyle.com"
217.113.194.241 - - [15/Apr/2025:01:17:51 -0400] "GET /buy-youtube-comment-likes/ HTTP/1.1" 200 17041 "-" "Mozilla/5.0 (compatible; Barkrowler/0.9; +https://babbar.tech/crawler)"
217.113.194.236 - - [15/Apr/2025:01:18:10 -0400] "GET /buy-itunes-gift-card/ HTTP/1.1" 200 17874 "-" "Mozilla/5.0 (compatible; Barkrowler/0.9; +https://babbar.tech/crawler)"
217.113.194.236 - - [15/Apr/2025:01:18:27 -0400] "GET /buy-subscribers-youtube/ HTTP/1.1" 200 17256 "-" "Mozilla/5.0 (compatible; Barkrowler/0.9; +https://babbar.tech/crawler)"
217.113.194.241 - - [15/Apr/2025:01:18:46 -0400] "GET /buy-subscribers-youtube/feed/ HTTP/1.1" 200 375 "-" "Mozilla/5.0 (compatible; Barkrowler/0.9; +https://babbar.tech/crawler)"
217.113.194.239 - - [15/Apr/2025:01:19:04 -0400] "GET /business-registration-singapore/ HTTP/1.1" 200 17270 "-" "Mozilla/5.0 (compatible; Barkrowler/0.9; +https://babbar.tech/crawler)"
217.113.194.235 - - [15/Apr/2025:01:19:22 -0400] "GET /sales-michael-kors-handbags/ HTTP/1.1" 200 17419 "-" "Mozilla/5.0 (compatible; Barkrowler/0.9; +https://babbar.tech/crawler)"
217.113.194.233 - - [15/Apr/2025:01:19:42 -0400] "GET /mediafire-alternative/feed/ HTTP/1.1" 200 380 "-" "Mozilla/5.0 (compatible; Barkrowler/0.9; +https://babbar.tech/crawler)"
217.113.194.254 - - [15/Apr/2025:01:19:59 -0400] "GET /plaid-polaire/feed/ HTTP/1.1" 200 371 "-" "Mozilla/5.0 (compatible; Barkrowler/0.9; +https://babbar.tech/crawler)"
217.113.194.241 - - [15/Apr/2025:01:20:17 -0400] "GET /bestes-parfum-damen/feed/ HTTP/1.1" 200 379 "-" "Mozilla/5.0 (compatible; Barkrowler/0.9; +https://babbar.tech/crawler)"
217.113.194.234 - - [15/Apr/2025:01:20:36 -0400] "GET /chance-meets-technology/ HTTP/1.1" 200 17950 "-" "Mozilla/5.0 (compatible; Barkrowler/0.9; +https://babbar.tech/crawler)"
198.54.114.83 - - [15/Apr/2025:01:20:55 -0400] "POST /wp-cron.php?doing_wp_cron=1744694454.2321829795837402343750 HTTP/1.1" 200 0 "-" "WordPress/6.7.2; https://creative-webstyle.com"
217.113.194.238 - - [15/Apr/2025:01:20:54 -0400] "GET /cache-level-3-courses/ HTTP/1.1" 200 17323 "-" "Mozilla/5.0 (compatible; Barkrowler/0.9; +https://babbar.tech/crawler)"
217.113.194.234 - - [15/Apr/2025:01:21:13 -0400] "GET /phone-answering-service/ HTTP/1.1" 200 17286 "-" "Mozilla/5.0 (compatible; Barkrowler/0.9; +https://babbar.tech/crawler)"
58.254.68.125 - - [15/Apr/2025:01:21:31 -0400] "GET /how-to-order-a-birthday-cake-online/ HTTP/1.1" 200 18558 "-" "Mozilla/5.0 (Windows NT 6.1; WOW64) AppleWebKit/537.36 (KHTML, like Gecko) Chrome/34.0.1847.131 Safari/537.36"
217.113.194.237 - - [15/Apr/2025:01:21:32 -0400] "GET /build-your-resume/feed/ HTTP/1.1" 200 378 "-" "Mozilla/5.0 (compatible; Barkrowler/0.9; +https://babbar.tech/crawler)"
217.113.194.236 - - [15/Apr/2025:01:21:50 -0400] "GET /emergency-locksmith/ HTTP/1.1" 200 17496 "-" "Mozilla/5.0 (compatible; Barkrowler/0.9; +https://babbar.tech/crawler)"
217.113.194.235 - - [15/Apr/2025:01:22:07 -0400] "GET /retail-marketing-agency/feed/ HTTP/1.1" 200 379 "-" "Mozilla/5.0 (compatible; Barkrowler/0.9; +https://babbar.tech/crawler)"
58.254.68.125 - - [15/Apr/2025:01:22:13 -0400] "GET /black-and-gold-bedside-lamps/ HTTP/1.1" 200 18232 "-" "Mozilla/5.0 (Windows NT 6.1; WOW64) AppleWebKit/537.36 (KHTML, like Gecko) Chrome/34.0.1847.131 Safari/537.36"
154.54.249.218 - - [15/Apr/2025:01:22:25 -0400] "GET /chausson-rigolo/feed/ HTTP/1.1" 200 372 "-" "Mozilla/5.0 (compatible; Barkrowler/0.9; +https://babbar.tech/crawler)"
151.106.184.192 - - [15/Apr/2025:01:22:42 -0400] "GET /images/portfolio/three-columns/ID_0100_sitoweb_th.jpg HTTP/1.1" 301 0 "-" "Mozilla/5.0 (X11; Ubuntu; Linux x86_64; rv:72.0) Gecko/20100101 Firefox/72.0"
217.113.194.254 - - [15/Apr/2025:01:22:42 -0400] "GET /category/activity/page/80/ HTTP/1.1" 200 16462 "-" "Mozilla/5.0 (compatible; Barkrowler/0.9; +https://babbar.tech/crawler)"
151.106.184.192 - - [15/Apr/2025:01:22:44 -0400] "GET /images/portfolio/three-columns/ID_0100_sitoweb_th.jpg HTTP/1.1" 404 12653 "-" "Mozilla/5.0 (X11; Ubuntu; Linux x86_64; rv:72.0) Gecko/20100101 Firefox/72.0"
151.106.184.192 - - [15/Apr/2025:01:22:47 -0400] "GET /images/portfolio/three-columns/ID_0100_sitoweb_th.jpg HTTP/1.1" 301 0 "-" "Mozilla/5.0 (X11; Ubuntu; Linux x86_64; rv:72.0) Gecko/20100101 Firefox/72.0"
151.106.184.192 - - [15/Apr/2025:01:22:47 -0400] "GET /images/portfolio/three-columns/ID_0100_sitoweb_th.jpg HTTP/1.1" 404 12653 "-" "Mozilla/5.0 (X11; Ubuntu; Linux x86_64; rv:72.0) Gecko/20100101 Firefox/72.0"
151.106.184.192 - - [15/Apr/2025:01:22:48 -0400] "GET /images/portfolio/three-columns/ID_0100_sitoweb_th.jpg HTTP/1.1" 301 0 "-" "Mozilla/5.0 (X11; Ubuntu; Linux x86_64; rv:72.0) Gecko/20100101 Firefox/72.0"
151.106.184.192 - - [15/Apr/2025:01:22:49 -0400] "GET /images/portfolio/three-columns/ID_0100_sitoweb_th.jpg HTTP/1.1" 404 12653 "-" "Mozilla/5.0 (X11; Ubuntu; Linux x86_64; rv:72.0) Gecko/20100101 Firefox/72.0"
217.113.194.241 - - [15/Apr/2025:01:23:00 -0400] "GET /category/activity/page/18/ HTTP/1.1" 200 16202 "-" "Mozilla/5.0 (compatible; Barkrowler/0.9; +https://babbar.tech/crawler)"
198.54.114.83 - - [15/Apr/2025:01:23:03 -0400] "POST /wp-admin/admin-ajax.php?action=async_litespeed&nonce=Ymz2nALEFDOR3cCNqWzZkdP0NLQO8tnP&litespeed_type=imgoptm HTTP/1.1" 200 0 "-" "WordPress/6.7.2; https://creative-webstyle.com"
217.113.194.232 - - [15/Apr/2025:01:23:19 -0400] "GET /category/activity/page/82/ HTTP/1.1" 200 16512 "-" "Mozilla/5.0 (compatible; Barkrowler/0.9; +https://babbar.tech/crawler)"
217.113.194.234 - - [15/Apr/2025:01:23:37 -0400] "GET /category/activity/page/36/ HTTP/1.1" 200 16506 "-" "Mozilla/5.0 (compatible; Barkrowler/0.9; +https://babbar.tech/crawler)"
198.54.114.83 - - [15/Apr/2025:01:23:59 -0400] "POST /wp-cron.php?doing_wp_cron=1744694638.0369369983673095703125 HTTP/1.1" 200 0 "-" "WordPress/6.7.2; https://creative-webstyle.com"
217.113.194.236 - - [15/Apr/2025:01:23:57 -0400] "GET /category/activity/page/90/ HTTP/1.1" 200 16417 "-" "Mozilla/5.0 (compatible; Barkrowler/0.9; +https://babbar.tech/crawler)"
217.113.194.238 - - [15/Apr/2025:01:24:18 -0400] "GET /category/activity/page/33/ HTTP/1.1" 200 15972 "-" "Mozilla/5.0 (compatible; Barkrowler/0.9; +https://babbar.tech/crawler)"
217.113.194.240 - - [15/Apr/2025:01:24:37 -0400] "GET /category/activity/page/60/ HTTP/1.1" 200 16453 "-" "Mozilla/5.0 (compatible; Barkrowler/0.9; +https://babbar.tech/crawler)"
217.113.194.240 - - [15/Apr/2025:01:24:55 -0400] "GET /category/activity/page/16/ HTTP/1.1" 200 16315 "-" "Mozilla/5.0 (compatible; Barkrowler/0.9; +https://babbar.tech/crawler)"
217.113.194.235 - - [15/Apr/2025:01:25:14 -0400] "GET /category/activity/page/30/ HTTP/1.1" 200 16660 "-" "Mozilla/5.0 (compatible; Barkrowler/0.9; +https://babbar.tech/crawler)"
58.254.68.125 - - [15/Apr/2025:01:25:21 -0400] "GET /how-to-order-a-birthday-cake-online/ HTTP/1.1" 200 18558 "-" "Mozilla/5.0 (Windows NT 6.1; WOW64) AppleWebKit/537.36 (KHTML, like Gecko) Chrome/34.0.1847.131 Safari/537.36"
217.113.194.237 - - [15/Apr/2025:01:25:33 -0400] "GET /category/activity/page/34/ HTTP/1.1" 200 16326 "-" "Mozilla/5.0 (compatible; Barkrowler/0.9; +https://babbar.tech/crawler)"
217.113.194.233 - - [15/Apr/2025:01:25:53 -0400] "GET /category/activity/page/17/ HTTP/1.1" 200 17458 "-" "Mozilla/5.0 (compatible; Barkrowler/0.9; +https://babbar.tech/crawler)"
198.54.114.83 - - [15/Apr/2025:01:26:03 -0400] "POST /wp-admin/admin-ajax.php?action=async_litespeed&nonce=dJoLJdh5FBLTGJDEsNzPNgrMSlrx4WRG&litespeed_type=imgoptm HTTP/1.1" 200 0 "-" "WordPress/6.7.2; https://creative-webstyle.com"
217.113.194.240 - - [15/Apr/2025:01:26:12 -0400] "GET /category/activity/page/11/ HTTP/1.1" 200 16518 "-" "Mozilla/5.0 (compatible; Barkrowler/0.9; +https://babbar.tech/crawler)"
217.113.194.254 - - [15/Apr/2025:01:26:30 -0400] "GET /paper-quilling-art/feed/ HTTP/1.1" 200 380 "-" "Mozilla/5.0 (compatible; Barkrowler/0.9; +https://babbar.tech/crawler)"
198.54.114.83 - - [15/Apr/2025:01:26:50 -0400] "POST /wp-cron.php?doing_wp_cron=1744694810.0629251003265380859375 HTTP/1.1" 200 0 "-" "WordPress/6.7.2; https://creative-webstyle.com"
217.113.194.235 - - [15/Apr/2025:01:26:49 -0400] "GET /churchill-shooting/feed/ HTTP/1.1" 200 376 "-" "Mozilla/5.0 (compatible; Barkrowler/0.9; +https://babbar.tech/crawler)"
198.54.114.83 - - [15/Apr/2025:01:27:01 -0400] "POST /wp-admin/admin-ajax.php?action=async_litespeed&nonce=E9fgKyKIQ482a2OX9A5m1scaGkQ96gQb&litespeed_type=imgoptm HTTP/1.1" 200 0 "-" "WordPress/6.7.2; https://creative-webstyle.com"
217.113.194.237 - - [15/Apr/2025:01:27:10 -0400] "GET /top-web-design-agency/ HTTP/1.1" 200 17290 "-" "Mozilla/5.0 (compatible; Barkrowler/0.9; +https://babbar.tech/crawler)"
52.169.110.77 - - [15/Apr/2025:01:27:16 -0400] "GET /feed/atom/ HTTP/1.1" 200 1106011 "-" "-"
217.113.194.233 - - [15/Apr/2025:01:27:29 -0400] "GET /chicago-locksmith-review/ HTTP/1.1" 200 18151 "-" "Mozilla/5.0 (compatible; Barkrowler/0.9; +https://babbar.tech/crawler)"
217.113.194.234 - - [15/Apr/2025:01:27:51 -0400] "GET /real-estate-crm-features/ HTTP/1.1" 200 17305 "-" "Mozilla/5.0 (compatible; Barkrowler/0.9; +https://babbar.tech/crawler)"
217.113.194.235 - - [15/Apr/2025:01:28:10 -0400] "GET /flathead-lake-cruises/ HTTP/1.1" 200 18179 "-" "Mozilla/5.0 (compatible; Barkrowler/0.9; +https://babbar.tech/crawler)"
52.169.110.77 - - [15/Apr/2025:01:28:29 -0400] "GET /wp-admin/ HTTP/1.1" 302 0 "-" "-"
217.113.194.254 - - [15/Apr/2025:01:28:31 -0400] "GET /lag-bolt/feed/ HTTP/1.1" 200 367 "-" "Mozilla/5.0 (compatible; Barkrowler/0.9; +https://babbar.tech/crawler)"
52.169.110.77 - - [15/Apr/2025:01:28:32 -0400] "GET /wp-login.php?redirect_to=https%3A%2F%2Fcreative-webstyle.com%2Fwp-admin%2F&reauth=1 HTTP/1.1" 200 1694 "-" "-"
217.113.194.238 - - [15/Apr/2025:01:28:50 -0400] "GET /michael-kors-hand-bag/ HTTP/1.1" 200 17108 "-" "Mozilla/5.0 (compatible; Barkrowler/0.9; +https://babbar.tech/crawler)"
217.113.194.235 - - [15/Apr/2025:01:29:09 -0400] "GET /chaleur-et-confort/feed/ HTTP/1.1" 200 382 "-" "Mozilla/5.0 (compatible; Barkrowler/0.9; +https://babbar.tech/crawler)"
52.169.110.77 - - [15/Apr/2025:01:29:11 -0400] "GET /wp-login.php?action=register HTTP/1.1" 302 0 "-" "-"
52.169.110.77 - - [15/Apr/2025:01:29:12 -0400] "GET /wp-login.php?registration=disabled HTTP/1.1" 200 1757 "-" "-"
217.113.194.235 - - [15/Apr/2025:01:29:27 -0400] "GET /buying-a-used-bike/feed/ HTTP/1.1" 200 385 "-" "Mozilla/5.0 (compatible; Barkrowler/0.9; +https://babbar.tech/crawler)"
154.54.249.218 - - [15/Apr/2025:01:29:46 -0400] "GET /conservatory-roof/feed/ HTTP/1.1" 200 371 "-" "Mozilla/5.0 (compatible; Barkrowler/0.9; +https://babbar.tech/crawler)"
217.113.194.240 - - [15/Apr/2025:01:30:04 -0400] "GET /bobine-tesla-mini/ HTTP/1.1" 200 17320 "-" "Mozilla/5.0 (compatible; Barkrowler/0.9; +https://babbar.tech/crawler)"
154.54.249.218 - - [15/Apr/2025:01:30:29 -0400] "GET /best-sandals-for-women/feed/ HTTP/1.1" 200 384 "-" "Mozilla/5.0 (compatible; Barkrowler/0.9; +https://babbar.tech/crawler)"
217.113.194.235 - - [15/Apr/2025:01:30:47 -0400] "GET /best-credit-repair-companies/feed/ HTTP/1.1" 200 385 "-" "Mozilla/5.0 (compatible; Barkrowler/0.9; +https://babbar.tech/crawler)"
198.54.114.83 - - [15/Apr/2025:01:31:03 -0400] "POST /wp-admin/admin-ajax.php?action=async_litespeed&nonce=Rn3KNgoBUsUfqoBR4KRpjTFDk2TwFx7r&litespeed_type=imgoptm HTTP/1.1" 200 0 "-" "WordPress/6.7.2; https://creative-webstyle.com"
217.113.194.236 - - [15/Apr/2025:01:31:05 -0400] "GET /best-black-seed-oil/ HTTP/1.1" 200 17168 "-" "Mozilla/5.0 (compatible; Barkrowler/0.9; +https://babbar.tech/crawler)"
154.54.249.218 - - [15/Apr/2025:01:31:26 -0400] "GET /best-black-seed-oil/feed/ HTTP/1.1" 200 379 "-" "Mozilla/5.0 (compatible; Barkrowler/0.9; +https://babbar.tech/crawler)"
217.113.194.254 - - [15/Apr/2025:01:31:44 -0400] "GET /pendule-en-pierre/ HTTP/1.1" 200 17254 "-" "Mozilla/5.0 (compatible; Barkrowler/0.9; +https://babbar.tech/crawler)"
217.113.194.234 - - [15/Apr/2025:01:32:03 -0400] "GET /pendule-en-pierre/feed/ HTTP/1.1" 200 375 "-" "Mozilla/5.0 (compatible; Barkrowler/0.9; +https://babbar.tech/crawler)"
217.113.194.233 - - [15/Apr/2025:01:32:21 -0400] "GET /hotels-in-lake-garda/ HTTP/1.1" 200 17460 "-" "Mozilla/5.0 (compatible; Barkrowler/0.9; +https://babbar.tech/crawler)"
217.113.194.235 - - [15/Apr/2025:01:32:41 -0400] "GET /office-water-cooler/feed/ HTTP/1.1" 200 380 "-" "Mozilla/5.0 (compatible; Barkrowler/0.9; +https://babbar.tech/crawler)"
198.54.114.83 - - [15/Apr/2025:01:33:02 -0400] "POST /wp-cron.php?doing_wp_cron=1744695181.0223059654235839843750 HTTP/1.1" 200 0 "-" "WordPress/6.7.2; https://creative-webstyle.com"
217.113.194.233 - - [15/Apr/2025:01:33:00 -0400] "GET /autism-and-its-treatments/ HTTP/1.1" 200 18897 "-" "Mozilla/5.0 (compatible; Barkrowler/0.9; +https://babbar.tech/crawler)"
217.113.194.240 - - [15/Apr/2025:01:33:21 -0400] "GET /buchhaltung-hattingen/ HTTP/1.1" 200 17182 "-" "Mozilla/5.0 (compatible; Barkrowler/0.9; +https://babbar.tech/crawler)"
217.113.194.239 - - [15/Apr/2025:01:33:40 -0400] "GET /umzuge-luneburg/ HTTP/1.1" 200 17335 "-" "Mozilla/5.0 (compatible; Barkrowler/0.9; +https://babbar.tech/crawler)"
217.113.194.237 - - [15/Apr/2025:01:34:02 -0400] "GET /bilanz-hattingen/feed/ HTTP/1.1" 200 379 "-" "Mozilla/5.0 (compatible; Barkrowler/0.9; +https://babbar.tech/crawler)"
198.54.114.83 - - [15/Apr/2025:01:34:04 -0400] "POST /wp-cron.php?doing_wp_cron=1744695242.8104889392852783203125 HTTP/1.1" 200 0 "-" "WordPress/6.7.2; https://creative-webstyle.com"
217.113.194.232 - - [15/Apr/2025:01:34:23 -0400] "GET /customized-dress-socks/ HTTP/1.1" 200 17926 "-" "Mozilla/5.0 (compatible; Barkrowler/0.9; +https://babbar.tech/crawler)"
217.113.194.241 - - [15/Apr/2025:01:34:44 -0400] "GET /le-monde-des-paris-en-ligne/feed/ HTTP/1.1" 200 394 "-" "Mozilla/5.0 (compatible; Barkrowler/0.9; +https://babbar.tech/crawler)"
217.113.194.234 - - [15/Apr/2025:01:35:07 -0400] "GET /le-monde-des-paris-en-ligne/ HTTP/1.1" 200 18204 "-" "Mozilla/5.0 (compatible; Barkrowler/0.9; +https://babbar.tech/crawler)"
198.54.114.83 - - [15/Apr/2025:01:35:12 -0400] "POST /wp-cron.php?doing_wp_cron=1744695309.2514688968658447265625 HTTP/1.1" 200 0 "-" "WordPress/6.7.2; https://creative-webstyle.com"
154.54.249.218 - - [15/Apr/2025:01:35:31 -0400] "GET /fire-fighting-pumps/feed/ HTTP/1.1" 200 377 "-" "Mozilla/5.0 (compatible; Barkrowler/0.9; +https://babbar.tech/crawler)"
217.113.194.241 - - [15/Apr/2025:01:35:50 -0400] "GET /inside-the-hill-showflat/ HTTP/1.1" 200 18124 "-" "Mozilla/5.0 (compatible; Barkrowler/0.9; +https://babbar.tech/crawler)"
198.54.114.83 - - [15/Apr/2025:01:36:13 -0400] "POST /wp-cron.php?doing_wp_cron=1744695372.0097649097442626953125 HTTP/1.1" 200 0 "-" "WordPress/6.7.2; https://creative-webstyle.com"
217.113.194.235 - - [15/Apr/2025:01:36:11 -0400] "GET /football-socks-grip/ HTTP/1.1" 200 17263 "-" "Mozilla/5.0 (compatible; Barkrowler/0.9; +https://babbar.tech/crawler)"
217.113.194.241 - - [15/Apr/2025:01:36:32 -0400] "GET /mould-specialist-london/ HTTP/1.1" 200 17339 "-" "Mozilla/5.0 (compatible; Barkrowler/0.9; +https://babbar.tech/crawler)"
154.54.249.218 - - [15/Apr/2025:01:36:52 -0400] "GET /hvac-systems-and-mold/ HTTP/1.1" 200 19424 "-" "Mozilla/5.0 (compatible; Barkrowler/0.9; +https://babbar.tech/crawler)"
217.113.194.235 - - [15/Apr/2025:01:37:11 -0400] "GET /vegetable-puff/feed/ HTTP/1.1" 200 392 "-" "Mozilla/5.0 (compatible; Barkrowler/0.9; +https://babbar.tech/crawler)"
217.113.194.241 - - [15/Apr/2025:01:37:29 -0400] "GET /the-power-of-qr-codes/feed/ HTTP/1.1" 200 386 "-" "Mozilla/5.0 (compatible; Barkrowler/0.9; +https://babbar.tech/crawler)"
198.54.114.83 - - [15/Apr/2025:01:37:33 -0400] "POST /wp-cron.php?doing_wp_cron=1744695450.4119811058044433593750 HTTP/1.1" 200 0 "-" "WordPress/6.7.2; https://creative-webstyle.com"
217.113.194.233 - - [15/Apr/2025:01:37:51 -0400] "GET /kratom-for-sale/feed/ HTTP/1.1" 200 379 "-" "Mozilla/5.0 (compatible; Barkrowler/0.9; +https://babbar.tech/crawler)"
217.113.194.235 - - [15/Apr/2025:01:38:11 -0400] "GET /star-plus-energy/feed/ HTTP/1.1" 200 379 "-" "Mozilla/5.0 (compatible; Barkrowler/0.9; +https://babbar.tech/crawler)"
217.113.194.236 - - [15/Apr/2025:01:38:32 -0400] "GET /gutachterausschuss/feed/ HTTP/1.1" 200 371 "-" "Mozilla/5.0 (compatible; Barkrowler/0.9; +https://babbar.tech/crawler)"
217.113.194.236 - - [15/Apr/2025:01:38:51 -0400] "GET /chirurgien-dentiste/feed/ HTTP/1.1" 200 372 "-" "Mozilla/5.0 (compatible; Barkrowler/0.9; +https://babbar.tech/crawler)"
198.54.114.83 - - [15/Apr/2025:01:38:53 -0400] "POST /wp-cron.php?doing_wp_cron=1744695531.3772940635681152343750 HTTP/1.1" 200 0 "-" "WordPress/6.7.2; https://creative-webstyle.com"
217.113.194.232 - - [15/Apr/2025:01:39:10 -0400] "GET /ashley-clarke-do/feed/ HTTP/1.1" 200 382 "-" "Mozilla/5.0 (compatible; Barkrowler/0.9; +https://babbar.tech/crawler)"
217.113.194.237 - - [15/Apr/2025:01:39:30 -0400] "GET /cavity-insulation/feed/ HTTP/1.1" 200 372 "-" "Mozilla/5.0 (compatible; Barkrowler/0.9; +https://babbar.tech/crawler)"
154.54.249.218 - - [15/Apr/2025:01:39:49 -0400] "GET /diamond-painting-accessories HTTP/1.1" 301 0 "-" "Mozilla/5.0 (compatible; Barkrowler/0.9; +https://babbar.tech/crawler)"
198.54.114.83 - - [15/Apr/2025:01:40:12 -0400] "POST /wp-cron.php?doing_wp_cron=1744695610.3566219806671142578125 HTTP/1.1" 200 0 "-" "WordPress/6.7.2; https://creative-webstyle.com"
154.54.249.218 - - [15/Apr/2025:01:40:09 -0400] "GET /courtier-dassurance/feed/ HTTP/1.1" 200 386 "-" "Mozilla/5.0 (compatible; Barkrowler/0.9; +https://babbar.tech/crawler)"
217.113.194.254 - - [15/Apr/2025:01:40:32 -0400] "GET /fenben-lab/feed/ HTTP/1.1" 200 373 "-" "Mozilla/5.0 (compatible; Barkrowler/0.9; +https://babbar.tech/crawler)"
217.113.194.241 - - [15/Apr/2025:01:40:50 -0400] "GET /tipps-und-tricks/feed/ HTTP/1.1" 200 378 "-" "Mozilla/5.0 (compatible; Barkrowler/0.9; +https://babbar.tech/crawler)"
198.54.114.83 - - [15/Apr/2025:01:41:12 -0400] "POST /wp-cron.php?doing_wp_cron=1744695671.6522800922393798828125 HTTP/1.1" 200 0 "-" "WordPress/6.7.2; https://creative-webstyle.com"
217.113.194.233 - - [15/Apr/2025:01:41:11 -0400] "GET /shutters-north-east/feed/ HTTP/1.1" 200 380 "-" "Mozilla/5.0 (compatible; Barkrowler/0.9; +https://babbar.tech/crawler)"
217.113.194.240 - - [15/Apr/2025:01:41:31 -0400] "GET /was-ist-ein-anwalt/feed/ HTTP/1.1" 200 382 "-" "Mozilla/5.0 (compatible; Barkrowler/0.9; +https://babbar.tech/crawler)"
2a02:598:128:8a00::b00:a - - [15/Apr/2025:01:41:47 -0400] "GET /umzug-firma-hamburg-fur-einen-stressfreien-umzug/feed/ HTTP/1.1" 200 421 "-" "Mozilla/5.0 (compatible; SeznamBot/4.0; +https://o-seznam.cz/napoveda/vyhledavani/en/seznambot-crawler/)"
217.113.194.238 - - [15/Apr/2025:01:41:51 -0400] "GET /custom-stirrup-socks/feed/ HTTP/1.1" 200 382 "-" "Mozilla/5.0 (compatible; Barkrowler/0.9; +https://babbar.tech/crawler)"
217.113.194.254 - - [15/Apr/2025:01:42:10 -0400] "GET /custom-socks-with-logo/feed/ HTTP/1.1" 200 390 "-" "Mozilla/5.0 (compatible; Barkrowler/0.9; +https://babbar.tech/crawler)"
198.54.114.83 - - [15/Apr/2025:01:42:31 -0400] "POST /wp-cron.php?doing_wp_cron=1744695749.8644049167633056640625 HTTP/1.1" 200 0 "-" "WordPress/6.7.2; https://creative-webstyle.com"
217.113.194.241 - - [15/Apr/2025:01:42:29 -0400] "GET /gitarrenunterricht/feed/ HTTP/1.1" 200 374 "-" "Mozilla/5.0 (compatible; Barkrowler/0.9; +https://babbar.tech/crawler)"
217.113.194.234 - - [15/Apr/2025:01:42:49 -0400] "GET /gitarre-online-lernen/feed/ HTTP/1.1" 200 380 "-" "Mozilla/5.0 (compatible; Barkrowler/0.9; +https://babbar.tech/crawler)"
217.113.194.233 - - [15/Apr/2025:01:43:09 -0400] "GET /los-angeles-seo-services/feed/ HTTP/1.1" 200 385 "-" "Mozilla/5.0 (compatible; Barkrowler/0.9; +https://babbar.tech/crawler)"
47.242.77.69 - - [15/Apr/2025:01:43:16 -0400] "GET /post-sitemap2.xml HTTP/1.1" 200 15222 "-" "Mozilla/5.0 (Macintosh; Intel Mac OS X 10_15_7) AppleWebKit/537.36 (KHTML, like Gecko) Chrome/109.0.0.0 Safari/537.36"
198.54.114.83 - - [15/Apr/2025:01:43:31 -0400] "POST /wp-cron.php?doing_wp_cron=1744695810.2586200237274169921875 HTTP/1.1" 200 0 "-" "WordPress/6.7.2; https://creative-webstyle.com"
217.113.194.233 - - [15/Apr/2025:01:43:29 -0400] "GET /bugatti-chiron-for-sale/ HTTP/1.1" 200 18566 "-" "Mozilla/5.0 (compatible; Barkrowler/0.9; +https://babbar.tech/crawler)"
217.113.194.233 - - [15/Apr/2025:01:43:52 -0400] "GET /elegance-et-praticite/ HTTP/1.1" 200 18081 "-" "Mozilla/5.0 (compatible; Barkrowler/0.9; +https://babbar.tech/crawler)"
217.113.194.240 - - [15/Apr/2025:01:44:12 -0400] "GET /elegance-intemporelle/ HTTP/1.1" 200 18234 "-" "Mozilla/5.0 (compatible; Barkrowler/0.9; +https://babbar.tech/crawler)"
198.54.114.83 - - [15/Apr/2025:01:44:34 -0400] "POST /wp-cron.php?doing_wp_cron=1744695872.6106479167938232421875 HTTP/1.1" 200 0 "-" "WordPress/6.7.2; https://creative-webstyle.com"
217.113.194.241 - - [15/Apr/2025:01:44:31 -0400] "GET /mobile-bebe-bois-naturel/feed/ HTTP/1.1" 200 374 "-" "Mozilla/5.0 (compatible; Barkrowler/0.9; +https://babbar.tech/crawler)"
217.113.194.238 - - [15/Apr/2025:01:44:53 -0400] "GET /pyjamas-en-soie-pour-femmes/ HTTP/1.1" 200 18285 "-" "Mozilla/5.0 (compatible; Barkrowler/0.9; +https://babbar.tech/crawler)"
217.113.194.240 - - [15/Apr/2025:01:45:14 -0400] "GET /hex-lag-screws/feed/ HTTP/1.1" 200 377 "-" "Mozilla/5.0 (compatible; Barkrowler/0.9; +https://babbar.tech/crawler)"
217.113.194.232 - - [15/Apr/2025:01:45:33 -0400] "GET /m98-com-entrance/feed/ HTTP/1.1" 200 407 "-" "Mozilla/5.0 (compatible; Barkrowler/0.9; +https://babbar.tech/crawler)"
198.54.114.83 - - [15/Apr/2025:01:45:36 -0400] "POST /wp-cron.php?doing_wp_cron=1744695934.1606109142303466796875 HTTP/1.1" 200 0 "-" "WordPress/6.7.2; https://creative-webstyle.com"
217.113.194.234 - - [15/Apr/2025:01:45:54 -0400] "GET /hangelampen-modern/feed/ HTTP/1.1" 200 381 "-" "Mozilla/5.0 (compatible; Barkrowler/0.9; +https://babbar.tech/crawler)"
217.113.194.254 - - [15/Apr/2025:01:46:13 -0400] "GET /plastic-recycling-machine/feed/ HTTP/1.1" 200 381 "-" "Mozilla/5.0 (compatible; Barkrowler/0.9; +https://babbar.tech/crawler)"
217.113.194.241 - - [15/Apr/2025:01:46:31 -0400] "GET /how-to-download-youtube-video/feed/ HTTP/1.1" 200 395 "-" "Mozilla/5.0 (compatible; Barkrowler/0.9; +https://babbar.tech/crawler)"
217.113.194.232 - - [15/Apr/2025:01:46:50 -0400] "GET /how-to-prevent-thread-galling/ HTTP/1.1" 200 17935 "-" "Mozilla/5.0 (compatible; Barkrowler/0.9; +https://babbar.tech/crawler)"
198.54.114.83 - - [15/Apr/2025:01:46:54 -0400] "POST /wp-cron.php?doing_wp_cron=1744696011.3378360271453857421875 HTTP/1.1" 200 0 "-" "WordPress/6.7.2; https://creative-webstyle.com"
217.113.194.236 - - [15/Apr/2025:01:47:11 -0400] "GET /how-to-create-animated-videos/feed/ HTTP/1.1" 200 395 "-" "Mozilla/5.0 (compatible; Barkrowler/0.9; +https://babbar.tech/crawler)"
217.113.194.241 - - [15/Apr/2025:01:47:29 -0400] "GET /how-to-make-a-meat-samosa/ HTTP/1.1" 200 17911 "-" "Mozilla/5.0 (compatible; Barkrowler/0.9; +https://babbar.tech/crawler)"
217.113.194.236 - - [15/Apr/2025:01:47:47 -0400] "GET /how-to-set-up-a-live-cam/ HTTP/1.1" 200 17877 "-" "Mozilla/5.0 (compatible; Barkrowler/0.9; +https://babbar.tech/crawler)"
217.113.194.238 - - [15/Apr/2025:01:48:10 -0400] "GET /how-to-register-a-company/feed/ HTTP/1.1" 200 382 "-" "Mozilla/5.0 (compatible; Barkrowler/0.9; +https://babbar.tech/crawler)"
198.54.114.83 - - [15/Apr/2025:01:48:12 -0400] "POST /wp-cron.php?doing_wp_cron=1744696090.5214660167694091796875 HTTP/1.1" 200 0 "-" "WordPress/6.7.2; https://creative-webstyle.com"
217.113.194.237 - - [15/Apr/2025:01:48:31 -0400] "GET /how-to-create-custom-socks/feed/ HTTP/1.1" 200 392 "-" "Mozilla/5.0 (compatible; Barkrowler/0.9; +https://babbar.tech/crawler)"
217.113.194.238 - - [15/Apr/2025:01:48:50 -0400] "GET /how-to-create-custom-brand-socks HTTP/1.1" 301 0 "-" "Mozilla/5.0 (compatible; Barkrowler/0.9; +https://babbar.tech/crawler)"
217.113.194.235 - - [15/Apr/2025:01:49:11 -0400] "GET /how-to-do-motorcycle-detailing/ HTTP/1.1" 200 18286 "-" "Mozilla/5.0 (compatible; Barkrowler/0.9; +https://babbar.tech/crawler)"
217.113.194.236 - - [15/Apr/2025:01:49:28 -0400] "GET /the-ultimate-casino-solution-sale/ HTTP/1.1" 200 18203 "-" "Mozilla/5.0 (compatible; Barkrowler/0.9; +https://babbar.tech/crawler)"
198.54.114.83 - - [15/Apr/2025:01:49:50 -0400] "POST /wp-cron.php?doing_wp_cron=1744696189.6739950180053710937500 HTTP/1.1" 200 0 "-" "WordPress/6.7.2; https://creative-webstyle.com"
217.113.194.240 - - [15/Apr/2025:01:49:49 -0400] "GET /papier-peint-pour-chambre/ HTTP/1.1" 200 17339 "-" "Mozilla/5.0 (compatible; Barkrowler/0.9; +https://babbar.tech/crawler)"
198.54.114.83 - - [15/Apr/2025:01:49:57 -0400] "POST /wp-admin/admin-ajax.php?action=async_litespeed&nonce=NKKc2zu36ZuoyAs30ksW05vsUEdElygP&litespeed_type=imgoptm HTTP/1.1" 200 0 "-" "WordPress/6.7.2; https://creative-webstyle.com"
217.113.194.233 - - [15/Apr/2025:01:50:12 -0400] "GET /tax-strategies-for-advisors/feed/ HTTP/1.1" 200 389 "-" "Mozilla/5.0 (compatible; Barkrowler/0.9; +https://babbar.tech/crawler)"
58.254.68.125 - - [15/Apr/2025:01:50:18 -0400] "GET /black-and-gold-bedside-lamps/ HTTP/1.1" 200 18232 "-" "Mozilla/5.0 (Windows NT 6.1; WOW64) AppleWebKit/537.36 (KHTML, like Gecko) Chrome/34.0.1847.131 Safari/537.36"
217.113.194.232 - - [15/Apr/2025:01:50:32 -0400] "GET /boat-rental-cartagena/ HTTP/1.1" 200 17264 "-" "Mozilla/5.0 (compatible; Barkrowler/0.9; +https://babbar.tech/crawler)"
198.54.114.83 - - [15/Apr/2025:01:50:54 -0400] "POST /wp-cron.php?doing_wp_cron=1744696253.0196919441223144531250 HTTP/1.1" 200 0 "-" "WordPress/6.7.2; https://creative-webstyle.com"
217.113.194.240 - - [15/Apr/2025:01:50:52 -0400] "GET /why-legal-expertise-matters/ HTTP/1.1" 200 18015 "-" "Mozilla/5.0 (compatible; Barkrowler/0.9; +https://babbar.tech/crawler)"
217.113.194.233 - - [15/Apr/2025:01:51:14 -0400] "GET /why-legal-expertise-matters/feed/ HTTP/1.1" 200 391 "-" "Mozilla/5.0 (compatible; Barkrowler/0.9; +https://babbar.tech/crawler)"
217.113.194.237 - - [15/Apr/2025:01:51:34 -0400] "GET /abrasive-wheels-training/feed/ HTTP/1.1" 200 385 "-" "Mozilla/5.0 (compatible; Barkrowler/0.9; +https://babbar.tech/crawler)"
198.54.114.83 - - [15/Apr/2025:01:51:57 -0400] "POST /wp-cron.php?doing_wp_cron=1744696316.7330920696258544921875 HTTP/1.1" 200 0 "-" "WordPress/6.7.2; https://creative-webstyle.com"
217.113.194.233 - - [15/Apr/2025:01:51:56 -0400] "GET /relais-lago-di-garda/ HTTP/1.1" 200 17272 "-" "Mozilla/5.0 (compatible; Barkrowler/0.9; +https://babbar.tech/crawler)"
217.113.194.254 - - [15/Apr/2025:01:52:17 -0400] "GET /relais-lago-di-garda/feed/ HTTP/1.1" 200 382 "-" "Mozilla/5.0 (compatible; Barkrowler/0.9; +https://babbar.tech/crawler)"
217.113.194.233 - - [15/Apr/2025:01:52:37 -0400] "GET /pizzabacken-in-rome/feed/ HTTP/1.1" 200 381 "-" "Mozilla/5.0 (compatible; Barkrowler/0.9; +https://babbar.tech/crawler)"
119.28.65.64 - - [15/Apr/2025:01:52:41 -0400] "GET /churchill-shooting/ HTTP/1.1" 200 18386 "-" "Python/3.10 aiohttp/3.10.5"
217.113.194.254 - - [15/Apr/2025:01:52:56 -0400] "GET /a-glimpse-inside/ HTTP/1.1" 200 17986 "-" "Mozilla/5.0 (compatible; Barkrowler/0.9; +https://babbar.tech/crawler)"
198.54.114.83 - - [15/Apr/2025:01:52:59 -0400] "POST /wp-cron.php?doing_wp_cron=1744696377.1882519721984863281250 HTTP/1.1" 200 0 "-" "WordPress/6.7.2; https://creative-webstyle.com"
217.113.194.232 - - [15/Apr/2025:01:53:18 -0400] "GET /a-glimpse-inside/feed/ HTTP/1.1" 200 378 "-" "Mozilla/5.0 (compatible; Barkrowler/0.9; +https://babbar.tech/crawler)"
217.113.194.238 - - [15/Apr/2025:01:53:37 -0400] "GET /the-continuum-showflat/ HTTP/1.1" 200 18459 "-" "Mozilla/5.0 (compatible; Barkrowler/0.9; +https://babbar.tech/crawler)"
217.113.194.236 - - [15/Apr/2025:01:53:56 -0400] "GET /your-best-travel-companion/feed/ HTTP/1.1" 200 389 "-" "Mozilla/5.0 (compatible; Barkrowler/0.9; +https://babbar.tech/crawler)"
217.113.194.240 - - [15/Apr/2025:01:54:15 -0400] "GET /employee-communication-app/feed/ HTTP/1.1" 200 380 "-" "Mozilla/5.0 (compatible; Barkrowler/0.9; +https://babbar.tech/crawler)"
198.54.114.83 - - [15/Apr/2025:01:54:17 -0400] "POST /wp-cron.php?doing_wp_cron=1744696455.9767808914184570312500 HTTP/1.1" 200 0 "-" "WordPress/6.7.2; https://creative-webstyle.com"
217.113.194.233 - - [15/Apr/2025:01:54:35 -0400] "GET /waxed-canvas-bags/feed/ HTTP/1.1" 200 378 "-" "Mozilla/5.0 (compatible; Barkrowler/0.9; +https://babbar.tech/crawler)"
185.121.234.211 - - [15/Apr/2025:01:54:41 -0400] "GET /hvac-systems-and-mold/ HTTP/1.1" 200 19424 "https://creative-webstyle.com/hvac-systems-and-mold/" "Mozilla/5.0 (Windows NT 6.3; WOW64) AppleWebKit/537.36 (KHTML, like Gecko) Chrome/103.0.5060.114 Safari/537.36"
185.121.234.211 - - [15/Apr/2025:01:54:43 -0400] "POST /wp-comments-post.php HTTP/1.1" 302 0 "https://creative-webstyle.com/hvac-systems-and-mold/" "Mozilla/5.0 (Windows NT 6.3; WOW64) AppleWebKit/537.36 (KHTML, like Gecko) Chrome/103.0.5060.114 Safari/537.36"
185.121.234.211 - - [15/Apr/2025:01:54:47 -0400] "GET /hvac-systems-and-mold/ HTTP/1.1" 200 20007 "https://creative-webstyle.com/hvac-systems-and-mold/#comment-35209" "Mozilla/5.0 (Windows NT 6.3; WOW64) AppleWebKit/537.36 (KHTML, like Gecko) Chrome/103.0.5060.114 Safari/537.36"
154.54.249.218 - - [15/Apr/2025:01:54:53 -0400] "GET /vita-glow-cream-2/feed/ HTTP/1.1" 200 381 "-" "Mozilla/5.0 (compatible; Barkrowler/0.9; +https://babbar.tech/crawler)"
217.113.194.254 - - [15/Apr/2025:01:55:12 -0400] "GET /it-services-connecticut/feed/ HTTP/1.1" 200 372 "-" "Mozilla/5.0 (compatible; Barkrowler/0.9; +https://babbar.tech/crawler)"
217.113.194.235 - - [15/Apr/2025:01:55:32 -0400] "GET /robots.txt HTTP/1.1" 304 0 "-" "Mozilla/5.0 (compatible; Barkrowler/0.9; +https://babbar.tech/crawler)"
198.54.114.83 - - [15/Apr/2025:01:55:50 -0400] "POST /wp-cron.php?doing_wp_cron=1744696549.8599550724029541015625 HTTP/1.1" 200 0 "-" "WordPress/6.7.2; https://creative-webstyle.com"
217.113.194.236 - - [15/Apr/2025:01:55:49 -0400] "GET /vintage-persian-rugss/ HTTP/1.1" 200 17037 "-" "Mozilla/5.0 (compatible; Barkrowler/0.9; +https://babbar.tech/crawler)"
198.54.114.83 - - [15/Apr/2025:01:55:58 -0400] "POST /wp-admin/admin-ajax.php?action=async_litespeed&nonce=G6NCN7i4phOK8i1F6Q9gaa2pqVttA9wm&litespeed_type=imgoptm HTTP/1.1" 200 0 "-" "WordPress/6.7.2; https://creative-webstyle.com"
217.113.194.233 - - [15/Apr/2025:01:56:12 -0400] "GET /vintage-persian-rugss/feed/ HTTP/1.1" 200 382 "-" "Mozilla/5.0 (compatible; Barkrowler/0.9; +https://babbar.tech/crawler)"
217.113.194.235 - - [15/Apr/2025:01:56:30 -0400] "GET /golden-visa-program-spain/feed/ HTTP/1.1" 200 384 "-" "Mozilla/5.0 (compatible; Barkrowler/0.9; +https://babbar.tech/crawler)"
2a03:2880:f800:15:: - - [15/Apr/2025:01:56:33 -0400] "GET /diamond-painting-eigenes-bild/ HTTP/1.1" 200 17338 "-" "meta-externalagent/1.1 (+https://developers.facebook.com/docs/sharing/webmasters/crawler)"
198.54.114.83 - - [15/Apr/2025:01:56:50 -0400] "POST /wp-cron.php?doing_wp_cron=1744696609.4793109893798828125000 HTTP/1.1" 200 0 "-" "WordPress/6.7.2; https://creative-webstyle.com"
217.113.194.235 - - [15/Apr/2025:01:56:49 -0400] "GET /entre-tradition-et-modernite/ HTTP/1.1" 200 18245 "-" "Mozilla/5.0 (compatible; Barkrowler/0.9; +https://babbar.tech/crawler)"
198.54.114.83 - - [15/Apr/2025:01:57:11 -0400] "POST /wp-cron.php?doing_wp_cron=1744696630.0790059566497802734375 HTTP/1.1" 200 0 "-" "WordPress/6.7.2; https://creative-webstyle.com"
217.113.194.240 - - [15/Apr/2025:01:57:09 -0400] "GET /car-key-replacement/feed/ HTTP/1.1" 200 380 "-" "Mozilla/5.0 (compatible; Barkrowler/0.9; +https://babbar.tech/crawler)"
140.245.9.158 - - [15/Apr/2025:01:57:12 -0400] "GET /why-composite-doors-are-perfect-for-homes-across-south-wales/ HTTP/1.1" 200 18294 "-" "Mozilla/5.0 (Windows NT 10.0; Win64; x64; rv:114.0) Gecko/20100101 Firefox/114.0"
217.113.194.232 - - [15/Apr/2025:01:57:29 -0400] "GET /fertility-clinic-dubai/ HTTP/1.1" 200 18127 "-" "Mozilla/5.0 (compatible; Barkrowler/0.9; +https://babbar.tech/crawler)"
217.113.194.237 - - [15/Apr/2025:01:57:49 -0400] "GET /cucumber-sandwich/feed/ HTTP/1.1" 200 375 "-" "Mozilla/5.0 (compatible; Barkrowler/0.9; +https://babbar.tech/crawler)"
217.113.194.236 - - [15/Apr/2025:01:58:06 -0400] "GET /agence-google-ads-paris/feed/ HTTP/1.1" 200 385 "-" "Mozilla/5.0 (compatible; Barkrowler/0.9; +https://babbar.tech/crawler)"
198.54.114.83 - - [15/Apr/2025:01:58:25 -0400] "POST /wp-cron.php?doing_wp_cron=1744696704.3487379550933837890625 HTTP/1.1" 200 0 "-" "WordPress/6.7.2; https://creative-webstyle.com"
217.113.194.235 - - [15/Apr/2025:01:58:23 -0400] "GET /a-comprehensive-guide/feed/ HTTP/1.1" 200 380 "-" "Mozilla/5.0 (compatible; Barkrowler/0.9; +https://babbar.tech/crawler)"
198.54.114.83 - - [15/Apr/2025:01:58:26 -0400] "POST /wp-admin/admin-ajax.php?action=async_litespeed&nonce=BF6zCkh4b6VTyj05S4BHORlkVCqfGNgQ&litespeed_type=imgoptm HTTP/1.1" 200 0 "-" "WordPress/6.7.2; https://creative-webstyle.com"
217.113.194.240 - - [15/Apr/2025:01:58:42 -0400] "GET /birthday-cake-deliveries/ HTTP/1.1" 200 17383 "-" "Mozilla/5.0 (compatible; Barkrowler/0.9; +https://babbar.tech/crawler)"
198.54.114.83 - - [15/Apr/2025:01:59:04 -0400] "POST /wp-cron.php?doing_wp_cron=1744696742.6512711048126220703125 HTTP/1.1" 200 0 "-" "WordPress/6.7.2; https://creative-webstyle.com"
217.113.194.232 - - [15/Apr/2025:01:59:02 -0400] "GET /thailand-elite-agent/ HTTP/1.1" 200 17128 "-" "Mozilla/5.0 (compatible; Barkrowler/0.9; +https://babbar.tech/crawler)"
217.113.194.237 - - [15/Apr/2025:01:59:22 -0400] "GET /thailand-elite-agent/feed/ HTTP/1.1" 200 383 "-" "Mozilla/5.0 (compatible; Barkrowler/0.9; +https://babbar.tech/crawler)"
217.113.194.232 - - [15/Apr/2025:01:59:41 -0400] "GET /the-weight-of-social-media/ HTTP/1.1" 200 17906 "-" "Mozilla/5.0 (compatible; Barkrowler/0.9; +https://babbar.tech/crawler)"
185.245.105.171 - - [15/Apr/2025:01:59:46 -0400] "GET /hvac-systems-and-mold/ HTTP/1.1" 200 19424 "https://creative-webstyle.com/hvac-systems-and-mold/" "Mozilla/5.0 (Windows NT 10.0; Win64; x64) AppleWebKit/537.36 (KHTML, like Gecko) Chrome/131.0.0.0 Safari/537.36 Avast/131.0.0.0"
185.245.105.171 - - [15/Apr/2025:01:59:48 -0400] "POST /wp-comments-post.php HTTP/1.1" 302 0 "https://creative-webstyle.com/hvac-systems-and-mold/" "Mozilla/5.0 (Windows NT 10.0; Win64; x64) AppleWebKit/537.36 (KHTML, like Gecko) Chrome/131.0.0.0 Safari/537.36 Avast/131.0.0.0"
185.245.105.171 - - [15/Apr/2025:01:59:51 -0400] "GET /hvac-systems-and-mold/ HTTP/1.1" 200 20036 "https://creative-webstyle.com/hvac-systems-and-mold/#comment-35210" "Mozilla/5.0 (Windows NT 10.0; Win64; x64) AppleWebKit/537.36 (KHTML, like Gecko) Chrome/131.0.0.0 Safari/537.36 Avast/131.0.0.0"
77.238.251.212 - - [15/Apr/2025:01:59:57 -0400] "GET /hvac-systems-and-mold/ HTTP/1.1" 200 19424 "https://creative-webstyle.com/hvac-systems-and-mold/" "Mozilla/5.0 (Windows NT 10.0; Win64; x64) AppleWebKit/537.36 (KHTML, like Gecko) Chrome/130.0.0.0 Safari/537.36 CCleaner/130.0.0.0"
77.238.251.212 - - [15/Apr/2025:01:59:59 -0400] "POST /wp-comments-post.php HTTP/1.1" 302 0 "https://creative-webstyle.com/hvac-systems-and-mold/" "Mozilla/5.0 (Windows NT 10.0; Win64; x64) AppleWebKit/537.36 (KHTML, like Gecko) Chrome/130.0.0.0 Safari/537.36 CCleaner/130.0.0.0"
77.238.251.212 - - [15/Apr/2025:02:00:02 -0400] "GET /hvac-systems-and-mold/ HTTP/1.1" 200 20053 "https://creative-webstyle.com/hvac-systems-and-mold/#comment-35211" "Mozilla/5.0 (Windows NT 10.0; Win64; x64) AppleWebKit/537.36 (KHTML, like Gecko) Chrome/130.0.0.0 Safari/537.36 CCleaner/130.0.0.0"
198.54.114.83 - - [15/Apr/2025:02:00:07 -0400] "POST /wp-cron.php?doing_wp_cron=1744696803.1472558975219726562500 HTTP/1.1" 200 0 "-" "WordPress/6.7.2; https://creative-webstyle.com"
217.113.194.232 - - [15/Apr/2025:02:00:00 -0400] "GET /the-allure-of-online-casinos/ HTTP/1.1" 200 17770 "-" "Mozilla/5.0 (compatible; Barkrowler/0.9; +https://babbar.tech/crawler)"
2a03:2880:f800:15:: - - [15/Apr/2025:02:00:15 -0400] "GET /wood-window-shutters/ HTTP/1.1" 200 17803 "-" "meta-externalagent/1.1 (+https://developers.facebook.com/docs/sharing/webmasters/crawler)"
2a03:2880:f800:19:: - - [15/Apr/2025:02:00:18 -0400] "GET /cpu-cooling/ HTTP/1.1" 200 17057 "-" "meta-externalagent/1.1 (+https://developers.facebook.com/docs/sharing/webmasters/crawler)"
217.113.194.232 - - [15/Apr/2025:02:00:26 -0400] "GET /the-evolution-of-online-casinos/ HTTP/1.1" 200 18035 "-" "Mozilla/5.0 (compatible; Barkrowler/0.9; +https://babbar.tech/crawler)"
217.113.194.239 - - [15/Apr/2025:02:00:46 -0400] "GET /the-rise-of-online-casinos/feed/ HTTP/1.1" 200 391 "-" "Mozilla/5.0 (compatible; Barkrowler/0.9; +https://babbar.tech/crawler)"
198.54.114.83 - - [15/Apr/2025:02:01:06 -0400] "POST /wp-cron.php?doing_wp_cron=1744696865.0963571071624755859375 HTTP/1.1" 200 0 "-" "WordPress/6.7.2; https://creative-webstyle.com"
217.113.194.234 - - [15/Apr/2025:02:01:04 -0400] "GET /the-for-visitenkarten/ HTTP/1.1" 200 17997 "-" "Mozilla/5.0 (compatible; Barkrowler/0.9; +https://babbar.tech/crawler)"
217.113.194.233 - - [15/Apr/2025:02:01:25 -0400] "GET /the-enigmatic-watchers/ HTTP/1.1" 200 17952 "-" "Mozilla/5.0 (compatible; Barkrowler/0.9; +https://babbar.tech/crawler)"
217.113.194.237 - - [15/Apr/2025:02:01:43 -0400] "GET /what-is-credit-restoration/feed/ HTTP/1.1" 200 387 "-" "Mozilla/5.0 (compatible; Barkrowler/0.9; +https://babbar.tech/crawler)"
217.113.194.236 - - [15/Apr/2025:02:02:02 -0400] "GET /what-is-a-swaging-machine/ HTTP/1.1" 200 18371 "-" "Mozilla/5.0 (compatible; Barkrowler/0.9; +https://babbar.tech/crawler)"
198.54.114.83 - - [15/Apr/2025:02:02:21 -0400] "POST /wp-cron.php?doing_wp_cron=1744696940.8576710224151611328125 HTTP/1.1" 200 0 "-" "WordPress/6.7.2; https://creative-webstyle.com"
217.113.194.240 - - [15/Apr/2025:02:02:20 -0400] "GET /buy-youtube-views-online-2/feed/ HTTP/1.1" 200 395 "-" "Mozilla/5.0 (compatible; Barkrowler/0.9; +https://babbar.tech/crawler)"
198.54.114.83 - - [15/Apr/2025:02:02:28 -0400] "POST /wp-admin/admin-ajax.php?action=async_litespeed&nonce=B0Y1d5lD7ykwcdVx0i4hB6RbOn1TFSxc&litespeed_type=imgoptm HTTP/1.1" 200 0 "-" "WordPress/6.7.2; https://creative-webstyle.com"
217.113.194.238 - - [15/Apr/2025:02:02:39 -0400] "GET /buy-youtube-live-stream-views/ HTTP/1.1" 200 17363 "-" "Mozilla/5.0 (compatible; Barkrowler/0.9; +https://babbar.tech/crawler)"
198.54.114.83 - - [15/Apr/2025:02:03:00 -0400] "POST /wp-cron.php?doing_wp_cron=1744696979.5714199542999267578125 HTTP/1.1" 200 0 "-" "WordPress/6.7.2; https://creative-webstyle.com"
217.113.194.241 - - [15/Apr/2025:02:02:59 -0400] "GET /buy-youtube-comment-likes/feed/ HTTP/1.1" 200 383 "-" "Mozilla/5.0 (compatible; Barkrowler/0.9; +https://babbar.tech/crawler)"
198.54.114.83 - - [15/Apr/2025:02:03:07 -0400] "POST /wp-admin/admin-ajax.php?action=async_litespeed&nonce=fhgL7Eeg5RBE3idmDtwppcF3XvVemKLn&litespeed_type=imgoptm HTTP/1.1" 200 0 "-" "WordPress/6.7.2; https://creative-webstyle.com"
217.113.194.240 - - [15/Apr/2025:02:03:18 -0400] "GET /buy-youtube-shorts-views/feed/ HTTP/1.1" 200 384 "-" "Mozilla/5.0 (compatible; Barkrowler/0.9; +https://babbar.tech/crawler)"
217.113.194.240 - - [15/Apr/2025:02:03:37 -0400] "GET /a-modern-gaming-experiences/ HTTP/1.1" 200 17968 "-" "Mozilla/5.0 (compatible; Barkrowler/0.9; +https://babbar.tech/crawler)"
198.54.114.83 - - [15/Apr/2025:02:03:58 -0400] "POST /wp-cron.php?doing_wp_cron=1744697037.3746500015258789062500 HTTP/1.1" 200 0 "-" "WordPress/6.7.2; https://creative-webstyle.com"
217.113.194.235 - - [15/Apr/2025:02:03:56 -0400] "GET /a-modern-gaming-experience/ HTTP/1.1" 200 18032 "-" "Mozilla/5.0 (compatible; Barkrowler/0.9; +https://babbar.tech/crawler)"
217.113.194.233 - - [15/Apr/2025:02:04:17 -0400] "GET /business-registration-singapore/feed/ HTTP/1.1" 200 384 "-" "Mozilla/5.0 (compatible; Barkrowler/0.9; +https://babbar.tech/crawler)"
217.113.194.238 - - [15/Apr/2025:02:04:37 -0400] "GET /wellness-am-gardasee/ HTTP/1.1" 200 17303 "-" "Mozilla/5.0 (compatible; Barkrowler/0.9; +https://babbar.tech/crawler)"
3.144.19.228 - - [15/Apr/2025:02:04:59 -0400] "GET /robots.txt HTTP/1.1" 304 0 "-" "Mozilla/5.0 AppleWebKit/537.36 (KHTML, like Gecko; compatible; ClaudeBot/1.0; +claudebot@anthropic.com)"
198.54.114.83 - - [15/Apr/2025:02:04:59 -0400] "POST /wp-cron.php?doing_wp_cron=1744697098.4116060733795166015625 HTTP/1.1" 200 0 "-" "WordPress/6.7.2; https://creative-webstyle.com"
217.113.194.239 - - [15/Apr/2025:02:04:58 -0400] "GET /sales-michael-kors-handbag/feed/ HTTP/1.1" 200 385 "-" "Mozilla/5.0 (compatible; Barkrowler/0.9; +https://babbar.tech/crawler)"
