151.106.184.192 - - [14/Apr/2025:17:28:51 -0400] "GET /gallery/img/biglietti/G2_biglietto-da-visita_th.jpg HTTP/1.1" 404 12642 "-" "Mozilla/5.0 (X11; Ubuntu; Linux x86_64; rv:72.0) Gecko/20100101 Firefox/72.0"
17.241.75.4 - - [14/Apr/2025:17:29:35 -0400] "GET /discovering-the-midtown-modern-showflat-a-blend-of-elegance-and-innovation/ HTTP/1.1" 200 18283 "-" "Mozilla/5.0 (Macintosh; Intel Mac OS X 10_15_7) AppleWebKit/605.1.15 (KHTML, like Gecko) Version/17.4 Safari/605.1.15 (Applebot/0.1; +http://www.apple.com/go/applebot)"
91.84.106.2 - - [14/Apr/2025:17:31:43 -0400] "GET /hvac-systems-and-mold/ HTTP/1.1" 200 19424 "https://creative-webstyle.com/hvac-systems-and-mold/" "Mozilla/5.0 (Windows NT 10.0; Win64; x64) AppleWebKit/537.36 (KHTML, like Gecko) Chrome/131.0.0.0 Safari/537.36"
91.84.106.2 - - [14/Apr/2025:17:31:43 -0400] "POST /wp-comments-post.php HTTP/1.1" 302 0 "https://creative-webstyle.com/hvac-systems-and-mold/" "Mozilla/5.0 (Windows NT 10.0; Win64; x64) AppleWebKit/537.36 (KHTML, like Gecko) Chrome/131.0.0.0 Safari/537.36"
91.84.106.2 - - [14/Apr/2025:17:31:46 -0400] "GET /hvac-systems-and-mold/ HTTP/1.1" 200 19978 "https://creative-webstyle.com/hvac-systems-and-mold/#comment-35187" "Mozilla/5.0 (Windows NT 10.0; Win64; x64) AppleWebKit/537.36 (KHTML, like Gecko) Chrome/131.0.0.0 Safari/537.36"
52.169.25.97 - - [14/Apr/2025:17:36:24 -0400] "GET /mediafire-alternative/ HTTP/1.1" 200 17287 "-" "-"
112.202.98.221 - - [14/Apr/2025:17:36:37 -0400] "GET /how-to-identify-an-mk-shoulder-bag/ HTTP/1.1" 200 18387 "-" "Mozilla/5.0 (X11; Fedora; Linux x86_64; rv:114.0) Gecko/20100101 Firefox/114.0"
112.202.98.221 - - [14/Apr/2025:17:36:45 -0400] "GET /category/sign-up/ HTTP/1.1" 200 14528 "https://creative-webstyle.com/how-to-identify-an-mk-shoulder-bag/" "Mozilla/5.0 (Windows NT 6.3; Win64; x64) AppleWebKit/537.36 (KHTML, like Gecko) Chrome/103.0.0.0 Safari/537.36"
112.202.98.221 - - [14/Apr/2025:17:36:46 -0400] "GET /category/sign-up/ HTTP/1.1" 200 14528 "https://creative-webstyle.com/category/sign-up/" "Mozilla/5.0 (Windows NT 6.3; Win64; x64) AppleWebKit/537.36 (KHTML, like Gecko) Chrome/103.0.0.0 Safari/537.36"
112.202.98.221 - - [14/Apr/2025:17:36:47 -0400] "GET /how-to-identify-an-mk-shoulder-bag/ HTTP/1.1" 200 18387 "https://creative-webstyle.com/how-to-identify-an-mk-shoulder-bag/" "Mozilla/5.0 (Windows NT 6.3; Win64; x64) AppleWebKit/537.36 (KHTML, like Gecko) Chrome/103.0.0.0 Safari/537.36"
112.202.98.221 - - [14/Apr/2025:17:36:48 -0400] "POST /wp-comments-post.php HTTP/1.1" 302 0 "https://creative-webstyle.com/how-to-identify-an-mk-shoulder-bag/" "Mozilla/5.0 (Windows NT 6.3; Win64; x64) AppleWebKit/537.36 (KHTML, like Gecko) Chrome/103.0.0.0 Safari/537.36"
112.202.98.221 - - [14/Apr/2025:17:36:52 -0400] "GET /how-to-identify-an-mk-shoulder-bag/?unapproved=35188&moderation-hash=182d3a992f51bc835a036f9c6e86f028 HTTP/1.1" 200 18943 "https://creative-webstyle.com/wp-comments-post.php" "Mozilla/5.0 (Windows NT 6.3; Win64; x64) AppleWebKit/537.36 (KHTML, like Gecko) Chrome/103.0.0.0 Safari/537.36"
112.202.98.221 - - [14/Apr/2025:17:36:53 -0400] "GET /how-to-identify-an-mk-shoulder-bag/ HTTP/1.1" 200 18387 "-" "Mozilla/5.0 (Windows NT 6.3; Win64; x64) AppleWebKit/537.36 (KHTML, like Gecko) Chrome/103.0.0.0 Safari/537.36"
52.169.25.97 - - [14/Apr/2025:17:37:39 -0400] "GET /paganisme/ HTTP/1.1" 200 18475 "-" "-"
2a02:598:128:8a00::b00:15 - - [14/Apr/2025:17:38:11 -0400] "GET /pc-builder-website/feed/ HTTP/1.1" 200 374 "-" "Mozilla/5.0 (compatible; SeznamBot/4.0; +https://o-seznam.cz/napoveda/vyhledavani/en/seznambot-crawler/)"
52.169.25.97 - - [14/Apr/2025:17:38:11 -0400] "GET /endangered-species-shirts-t-shirt-revolution-to-protect-endangered-species/ HTTP/1.1" 200 18550 "-" "-"
52.169.25.97 - - [14/Apr/2025:17:39:01 -0400] "GET /securely-mounted-choosing-the-right-lag-bolts-for-your-tv/ HTTP/1.1" 200 18541 "-" "-"
52.169.25.97 - - [14/Apr/2025:17:39:20 -0400] "GET /shop-hair-dryers-under-20/ HTTP/1.1" 200 17304 "-" "-"
52.169.25.97 - - [14/Apr/2025:17:39:42 -0400] "GET /sitemap-benefits-of-a-generator-sitemap/ HTTP/1.1" 200 18514 "-" "-"
112.202.98.221 - - [14/Apr/2025:17:41:17 -0400] "GET /how-to-identify-an-mk-shoulder-bag/ HTTP/1.1" 200 18387 "-" "Mozilla/5.0 (Windows NT 10.0; Win64; x64; rv:114.0) Gecko/20100101 Firefox/114.0"
52.169.25.97 - - [14/Apr/2025:17:41:36 -0400] "GET /10-boxes-of-pure-quality/ HTTP/1.1" 200 17762 "-" "-"
52.169.25.97 - - [14/Apr/2025:17:42:33 -0400] "GET /wp-admin/ HTTP/1.1" 302 0 "-" "-"
52.169.25.97 - - [14/Apr/2025:17:42:36 -0400] "GET /wp-login.php?redirect_to=https%3A%2F%2Fcreative-webstyle.com%2Fwp-admin%2F&reauth=1 HTTP/1.1" 200 1693 "-" "-"
52.169.25.97 - - [14/Apr/2025:17:43:25 -0400] "GET /wp-admin/about.php HTTP/1.1" 302 0 "-" "-"
52.169.25.97 - - [14/Apr/2025:17:43:27 -0400] "GET /wp-login.php?redirect_to=https%3A%2F%2Fcreative-webstyle.com%2Fwp-admin%2Fabout.php&reauth=1 HTTP/1.1" 200 1701 "-" "-"
52.169.25.97 - - [14/Apr/2025:17:43:33 -0400] "GET /wp-admin/admin.php HTTP/1.1" 302 0 "-" "-"
52.169.25.97 - - [14/Apr/2025:17:43:34 -0400] "GET /wp-login.php?redirect_to=https%3A%2F%2Fcreative-webstyle.com%2Fwp-admin%2Fadmin.php&reauth=1 HTTP/1.1" 200 1697 "-" "-"
45.157.54.41 - - [14/Apr/2025:17:45:09 -0400] "GET /wp-content/plugins/suretriggers/app/build/main.css HTTP/1.1" 404 12636 "-" "Mozilla/5.0 (Windows NT 10.0; Win64; x64) AppleWebKit/537.36 (KHTML, like Gecko) Chrome/127.0.0.0 Safari/537.36"
43.135.121.153 - - [14/Apr/2025:17:45:48 -0400] "GET /cnc-machines-a-brief-history/ HTTP/1.1" 200 18534 "-" "Python/3.10 aiohttp/3.10.5"
91.84.98.204 - - [14/Apr/2025:17:46:16 -0400] "GET /why-composite-doors-are-perfect-for-homes-across-south-wales/ HTTP/1.1" 200 18294 "-" "Mozilla/5.0 (Windows NT 10.0; Win64; x64) AppleWebKit/537.36 (KHTML, like Gecko) Chrome/114.0.0.0 Safari/537.36"
52.169.25.97 - - [14/Apr/2025:17:46:33 -0400] "GET /wp-admin/index.php HTTP/1.1" 302 0 "-" "-"
52.169.25.97 - - [14/Apr/2025:17:46:34 -0400] "GET /wp-login.php?redirect_to=https%3A%2F%2Fcreative-webstyle.com%2Fwp-admin%2Findex.php&reauth=1 HTTP/1.1" 200 1696 "-" "-"
52.169.25.97 - - [14/Apr/2025:17:46:36 -0400] "GET /wp-admin/index.php?p= HTTP/1.1" 302 0 "-" "-"
52.169.25.97 - - [14/Apr/2025:17:46:36 -0400] "GET /wp-login.php?redirect_to=https%3A%2F%2Fcreative-webstyle.com%2Fwp-admin%2Findex.php%3Fp%3D&reauth=1 HTTP/1.1" 200 1697 "-" "-"
52.169.25.97 - - [14/Apr/2025:17:47:39 -0400] "GET /wp-admin/media.php HTTP/1.1" 302 0 "-" "-"
52.169.25.97 - - [14/Apr/2025:17:47:40 -0400] "GET /wp-login.php?redirect_to=https%3A%2F%2Fcreative-webstyle.com%2Fwp-admin%2Fmedia.php&reauth=1 HTTP/1.1" 200 1698 "-" "-"
52.169.25.97 - - [14/Apr/2025:17:47:43 -0400] "GET /wp-admin/network/ HTTP/1.1" 302 0 "-" "-"
52.169.25.97 - - [14/Apr/2025:17:47:43 -0400] "GET /wp-login.php?redirect_to=https%3A%2F%2Fcreative-webstyle.com%2Fwp-admin%2Fnetwork%2F&reauth=1 HTTP/1.1" 200 1697 "-" "-"
52.169.25.97 - - [14/Apr/2025:17:47:45 -0400] "GET /wp-admin/network/about.php HTTP/1.1" 302 0 "-" "-"
52.169.25.97 - - [14/Apr/2025:17:47:46 -0400] "GET /wp-login.php?redirect_to=https%3A%2F%2Fcreative-webstyle.com%2Fwp-admin%2Fnetwork%2Fabout.php&reauth=1 HTTP/1.1" 200 1704 "-" "-"
52.169.25.97 - - [14/Apr/2025:17:47:51 -0400] "GET /wp-admin/network/admin.php HTTP/1.1" 302 0 "-" "-"
52.169.25.97 - - [14/Apr/2025:17:47:52 -0400] "GET /wp-login.php?redirect_to=https%3A%2F%2Fcreative-webstyle.com%2Fwp-admin%2Fnetwork%2Fadmin.php&reauth=1 HTTP/1.1" 200 1700 "-" "-"
52.169.25.97 - - [14/Apr/2025:17:47:58 -0400] "GET /wp-admin/network/index.php HTTP/1.1" 302 0 "-" "-"
52.169.25.97 - - [14/Apr/2025:17:47:59 -0400] "GET /wp-login.php?redirect_to=https%3A%2F%2Fcreative-webstyle.com%2Fwp-admin%2Fnetwork%2Findex.php&reauth=1 HTTP/1.1" 200 1698 "-" "-"
52.169.25.97 - - [14/Apr/2025:17:48:05 -0400] "GET /wp-admin/network/plugins.php HTTP/1.1" 302 0 "-" "-"
52.169.25.97 - - [14/Apr/2025:17:48:06 -0400] "GET /wp-login.php?redirect_to=https%3A%2F%2Fcreative-webstyle.com%2Fwp-admin%2Fnetwork%2Fplugins.php&reauth=1 HTTP/1.1" 200 1700 "-" "-"
52.169.25.97 - - [14/Apr/2025:17:48:23 -0400] "GET /wp-admin/options.php HTTP/1.1" 302 0 "-" "-"
52.169.25.97 - - [14/Apr/2025:17:48:26 -0400] "GET /wp-login.php?redirect_to=https%3A%2F%2Fcreative-webstyle.com%2Fwp-admin%2Foptions.php&reauth=1 HTTP/1.1" 200 1699 "-" "-"
52.169.25.97 - - [14/Apr/2025:17:49:00 -0400] "GET /wp-admin/user/ HTTP/1.1" 302 0 "-" "-"
52.169.25.97 - - [14/Apr/2025:17:49:01 -0400] "GET /wp-login.php?redirect_to=https%3A%2F%2Fcreative-webstyle.com%2Fwp-admin%2Fuser%2F&reauth=1 HTTP/1.1" 200 1695 "-" "-"
52.169.25.97 - - [14/Apr/2025:17:49:03 -0400] "GET /wp-admin/user/?p= HTTP/1.1" 302 0 "-" "-"
52.169.25.97 - - [14/Apr/2025:17:49:05 -0400] "GET /wp-login.php?redirect_to=https%3A%2F%2Fcreative-webstyle.com%2Fwp-admin%2Fuser%2F%3Fp%3D&reauth=1 HTTP/1.1" 200 1696 "-" "-"
52.169.25.97 - - [14/Apr/2025:17:49:07 -0400] "GET /wp-admin/user/about.php HTTP/1.1" 302 0 "-" "-"
52.169.25.97 - - [14/Apr/2025:17:49:09 -0400] "GET /wp-login.php?redirect_to=https%3A%2F%2Fcreative-webstyle.com%2Fwp-admin%2Fuser%2Fabout.php&reauth=1 HTTP/1.1" 200 1701 "-" "-"
52.169.25.97 - - [14/Apr/2025:17:49:12 -0400] "GET /wp-admin/user/about.php?p= HTTP/1.1" 302 0 "-" "-"
52.169.25.97 - - [14/Apr/2025:17:49:13 -0400] "GET /wp-login.php?redirect_to=https%3A%2F%2Fcreative-webstyle.com%2Fwp-admin%2Fuser%2Fabout.php%3Fp%3D&reauth=1 HTTP/1.1" 200 1704 "-" "-"
52.169.25.97 - - [14/Apr/2025:17:49:15 -0400] "GET /wp-admin/user/admin.php HTTP/1.1" 302 0 "-" "-"
52.169.25.97 - - [14/Apr/2025:17:49:16 -0400] "GET /wp-login.php?redirect_to=https%3A%2F%2Fcreative-webstyle.com%2Fwp-admin%2Fuser%2Fadmin.php&reauth=1 HTTP/1.1" 200 1697 "-" "-"
52.169.25.97 - - [14/Apr/2025:17:49:26 -0400] "GET /wp-admin/user/index.php HTTP/1.1" 302 0 "-" "-"
52.169.25.97 - - [14/Apr/2025:17:49:29 -0400] "GET /wp-login.php?redirect_to=https%3A%2F%2Fcreative-webstyle.com%2Fwp-admin%2Fuser%2Findex.php&reauth=1 HTTP/1.1" 200 1695 "-" "-"
52.169.25.97 - - [14/Apr/2025:17:49:35 -0400] "GET /wp-admin/users.php HTTP/1.1" 302 0 "-" "-"
52.169.25.97 - - [14/Apr/2025:17:49:36 -0400] "GET /wp-login.php?redirect_to=https%3A%2F%2Fcreative-webstyle.com%2Fwp-admin%2Fusers.php&reauth=1 HTTP/1.1" 200 1701 "-" "-"
52.169.25.97 - - [14/Apr/2025:17:49:54 -0400] "GET /feed/atom/ HTTP/1.1" 200 1106011 "-" "-"
52.169.25.97 - - [14/Apr/2025:17:50:52 -0400] "GET /cache-level-3-and-early-learning-centres/ HTTP/1.1" 200 17055 "-" "-"
2a02:598:128:8a00::b00:a - - [14/Apr/2025:17:53:59 -0400] "GET /san-rafael-real-estate-opportunities/ HTTP/1.1" 200 18014 "-" "Mozilla/5.0 (compatible; SeznamBot/4.0; +https://o-seznam.cz/napoveda/vyhledavani/en/seznambot-crawler/)"
91.84.98.204 - - [14/Apr/2025:17:56:28 -0400] "GET /why-composite-doors-are-perfect-for-homes-across-south-wales/ HTTP/1.1" 200 18294 "-" "Mozilla/5.0 (Windows NT 10.0; Win64; x64) AppleWebKit/537.36 (KHTML, like Gecko) Chrome/114.0.0.0 Safari/537.36"
101.32.27.106 - - [14/Apr/2025:17:57:29 -0400] "GET /when-does-sonic-2-come-out-on-paramount-plus/ HTTP/1.1" 200 20662 "-" "Python/3.10 aiohttp/3.10.5"
78.138.127.62 - - [14/Apr/2025:17:59:48 -0400] "GET /the-importance-of-hiring-a-scheidungsanwalt-hattingen/ HTTP/1.1" 200 18286 "-" "Mozilla/5.0 (Windows NT 10.0; Win64; x64; rv:114.0) Gecko/20100101 Firefox/114.0"
66.249.79.135 - - [14/Apr/2025:18:00:46 -0400] "GET /wp-content/uploads/2023/02/qeds.jpg HTTP/1.1" 200 123120 "-" "Googlebot-Image/1.0"
47.79.194.147 - - [14/Apr/2025:18:01:46 -0400] "GET / HTTP/1.1" 200 78396 "https://www.google.com/" "Mozilla/5.0 (Linux; Android 10; K) AppleWebKit/537.36 (KHTML, like Gecko) Chrome/132.0.0.0 Mobile Safari/537.36"
112.92.74.179 - - [14/Apr/2025:18:04:32 -0400] "GET /black-and-gold-bedside-lamps/ HTTP/1.1" 200 18232 "https://creative-webstyle.com" "Mozilla/5.0 (Windows NT 10.0; Win64; x64) AppleWebKit/537.36 (KHTML, like Gecko) Chrome/62.0.3202.94 Safari/537.36"
52.169.25.97 - - [14/Apr/2025:18:07:41 -0400] "GET /feed/atom/ HTTP/1.1" 200 1106011 "-" "-"
52.169.25.97 - - [14/Apr/2025:18:08:09 -0400] "GET /wp-login.php HTTP/1.1" 200 1692 "-" "-"
52.169.25.97 - - [14/Apr/2025:18:08:25 -0400] "GET /wp-login.php?action=register HTTP/1.1" 302 0 "-" "-"
52.169.25.97 - - [14/Apr/2025:18:08:26 -0400] "GET /wp-login.php?registration=disabled HTTP/1.1" 200 1756 "-" "-"
2a02:598:128:8a00::b00:a - - [14/Apr/2025:18:18:53 -0400] "GET /page-sitemap.xml HTTP/1.1" 200 346 "-" "Mozilla/5.0 (compatible; SeznamBot/4.0; +https://o-seznam.cz/napoveda/vyhledavani/en/seznambot-crawler/)"
77.83.84.240 - - [14/Apr/2025:18:27:55 -0400] "GET /modeschmuck-auf-der-suche-nach-stilvollem-online-schmuck/ HTTP/1.1" 200 19188 "-" "Mozilla/5.0 (Windows NT 10.0; Win64; x64) AppleWebKit/537.36 (KHTML, like Gecko) Chrome/114.0.0.0 Safari/537.36 Vivaldi/5.3.2679.68"
2a02:598:128:8a00::b00:a - - [14/Apr/2025:18:27:53 -0400] "GET /revolutionizing-it-infrastructure/ HTTP/1.1" 200 17912 "-" "Mozilla/5.0 (compatible; SeznamBot/4.0; +https://o-seznam.cz/napoveda/vyhledavani/en/seznambot-crawler/)"
2a03:2880:f800:b:: - - [14/Apr/2025:18:27:59 -0400] "GET /le-meilleur-siege-ergonomique-pour-soulager-les-douleurs-dorso-lombaires/ HTTP/1.1" 200 18074 "-" "meta-externalagent/1.1 (+https://developers.facebook.com/docs/sharing/webmasters/crawler)"
194.156.123.14 - - [14/Apr/2025:18:28:06 -0400] "GET /category/sign-up/ HTTP/1.1" 200 14528 "https://creative-webstyle.com/modeschmuck-auf-der-suche-nach-stilvollem-online-schmuck/" "Mozilla/5.0 (Windows NT 6.3; Win64; x64) AppleWebKit/537.36 (KHTML, like Gecko) Chrome/103.0.0.0 Safari/537.36"
45.140.53.216 - - [14/Apr/2025:18:28:08 -0400] "GET /category/sign-up/ HTTP/1.1" 200 14528 "https://creative-webstyle.com/category/sign-up/" "Mozilla/5.0 (Windows NT 6.3; Win64; x64) AppleWebKit/537.36 (KHTML, like Gecko) Chrome/103.0.0.0 Safari/537.36"
188.130.137.229 - - [14/Apr/2025:18:28:10 -0400] "GET /modeschmuck-auf-der-suche-nach-stilvollem-online-schmuck/ HTTP/1.1" 200 19188 "https://creative-webstyle.com/modeschmuck-auf-der-suche-nach-stilvollem-online-schmuck/" "Mozilla/5.0 (Windows NT 6.3; Win64; x64) AppleWebKit/537.36 (KHTML, like Gecko) Chrome/103.0.0.0 Safari/537.36"
194.156.123.14 - - [14/Apr/2025:18:28:11 -0400] "POST /wp-comments-post.php HTTP/1.1" 302 0 "https://creative-webstyle.com/modeschmuck-auf-der-suche-nach-stilvollem-online-schmuck/" "Mozilla/5.0 (Windows NT 6.3; Win64; x64) AppleWebKit/537.36 (KHTML, like Gecko) Chrome/103.0.0.0 Safari/537.36"
194.156.123.14 - - [14/Apr/2025:18:28:15 -0400] "GET /modeschmuck-auf-der-suche-nach-stilvollem-online-schmuck/?unapproved=35189&moderation-hash=1a3ce38e37669117b196904c6d02531e HTTP/1.1" 200 19693 "https://creative-webstyle.com/wp-comments-post.php" "Mozilla/5.0 (Windows NT 6.3; Win64; x64) AppleWebKit/537.36 (KHTML, like Gecko) Chrome/103.0.0.0 Safari/537.36"
77.83.84.240 - - [14/Apr/2025:18:28:18 -0400] "GET /modeschmuck-auf-der-suche-nach-stilvollem-online-schmuck/ HTTP/1.1" 200 19188 "-" "Mozilla/5.0 (Windows NT 6.3; Win64; x64) AppleWebKit/537.36 (KHTML, like Gecko) Chrome/103.0.0.0 Safari/537.36"
45.145.118.185 - - [14/Apr/2025:18:28:43 -0400] "GET /modeschmuck-auf-der-suche-nach-stilvollem-online-schmuck/ HTTP/1.1" 200 19188 "-" "Mozilla/5.0 (Windows NT 10.0; Win64; x64; rv:114.0) Gecko/20100101 Firefox/114.0"
2a03:2880:f800:16:: - - [14/Apr/2025:18:36:56 -0400] "GET /how-water-fasting-can-help-you-get-healthy/ HTTP/1.1" 200 20947 "-" "meta-externalagent/1.1 (+https://developers.facebook.com/docs/sharing/webmasters/crawler)"
124.156.158.34 - - [14/Apr/2025:18:47:16 -0400] "GET /shutters-north-east/ HTTP/1.1" 200 17467 "-" "Python/3.10 aiohttp/3.10.5"
85.208.96.197 - - [14/Apr/2025:18:49:38 -0400] "GET /robots.txt HTTP/1.1" 304 0 "-" "Mozilla/5.0 (compatible; SemrushBot/7~bl; +http://www.semrush.com/bot.html)"
85.208.96.206 - - [14/Apr/2025:18:49:39 -0400] "GET /finding-the-right-plumber-in-newcastle/ HTTP/1.1" 200 18712 "-" "Mozilla/5.0 (compatible; SemrushBot/7~bl; +http://www.semrush.com/bot.html)"
2a03:2880:13ff:9:: - - [14/Apr/2025:18:50:45 -0400] "GET /robots.txt HTTP/1.1" 200 110 "-" "facebookexternalhit/1.1 (+http://www.facebook.com/externalhit_uatext.php)"
2a03:2880:f800:5:: - - [14/Apr/2025:18:50:45 -0400] "GET /how-to-identify-an-mk-shoulder-bag/ HTTP/1.1" 200 18386 "-" "meta-externalagent/1.1 (+https://developers.facebook.com/docs/sharing/webmasters/crawler)"
185.191.171.19 - - [14/Apr/2025:18:50:49 -0400] "GET /the-versatility-of-cement-tiles/ HTTP/1.1" 200 18435 "-" "Mozilla/5.0 (compatible; SemrushBot/7~bl; +http://www.semrush.com/bot.html)"
172.245.252.231 - - [14/Apr/2025:18:53:41 -0400] "GET /bugatti-chiron-for-sale HTTP/1.1" 301 0 "-" "Mozilla/5.0 (Windows NT 10.0; Win64; x64) AppleWebKit/537.36 (KHTML, like Gecko) Chrome/114.0.0.0 Safari/537.36 OPR/89.0.4447.51"
172.245.252.231 - - [14/Apr/2025:18:53:45 -0400] "GET /bugatti-chiron-for-sale/ HTTP/1.1" 200 18559 "https://creative-webstyle.com/bugatti-chiron-for-sale" "Mozilla/5.0 (Windows NT 10.0; Win64; x64) AppleWebKit/537.36 (KHTML, like Gecko) Chrome/114.0.0.0 Safari/537.36 OPR/89.0.4447.51"
172.245.252.231 - - [14/Apr/2025:18:53:48 -0400] "GET /category/sign-up/ HTTP/1.1" 200 14528 "https://creative-webstyle.com/bugatti-chiron-for-sale/" "Mozilla/5.0 (Windows NT 6.3; Win64; x64) AppleWebKit/537.36 (KHTML, like Gecko) Chrome/103.0.0.0 Safari/537.36"
172.245.252.231 - - [14/Apr/2025:18:53:48 -0400] "GET /category/sign-up/ HTTP/1.1" 200 14528 "https://creative-webstyle.com/category/sign-up/" "Mozilla/5.0 (Windows NT 6.3; Win64; x64) AppleWebKit/537.36 (KHTML, like Gecko) Chrome/103.0.0.0 Safari/537.36"
172.245.252.231 - - [14/Apr/2025:18:53:49 -0400] "GET /bugatti-chiron-for-sale HTTP/1.1" 301 0 "https://creative-webstyle.com/bugatti-chiron-for-sale" "Mozilla/5.0 (Windows NT 6.3; Win64; x64) AppleWebKit/537.36 (KHTML, like Gecko) Chrome/103.0.0.0 Safari/537.36"
172.245.252.231 - - [14/Apr/2025:18:53:50 -0400] "GET /bugatti-chiron-for-sale/ HTTP/1.1" 200 18559 "https://creative-webstyle.com/bugatti-chiron-for-sale" "Mozilla/5.0 (Windows NT 6.3; Win64; x64) AppleWebKit/537.36 (KHTML, like Gecko) Chrome/103.0.0.0 Safari/537.36"
172.245.252.231 - - [14/Apr/2025:18:53:51 -0400] "POST /wp-comments-post.php HTTP/1.1" 302 0 "https://creative-webstyle.com/bugatti-chiron-for-sale/" "Mozilla/5.0 (Windows NT 6.3; Win64; x64) AppleWebKit/537.36 (KHTML, like Gecko) Chrome/103.0.0.0 Safari/537.36"
172.245.252.231 - - [14/Apr/2025:18:53:53 -0400] "GET /bugatti-chiron-for-sale/?unapproved=35190&moderation-hash=8329c5a730c863d6a2a391e72d24c96e HTTP/1.1" 200 19136 "https://creative-webstyle.com/wp-comments-post.php" "Mozilla/5.0 (Windows NT 6.3; Win64; x64) AppleWebKit/537.36 (KHTML, like Gecko) Chrome/103.0.0.0 Safari/537.36"
172.245.252.231 - - [14/Apr/2025:18:53:55 -0400] "GET /bugatti-chiron-for-sale HTTP/1.1" 301 0 "-" "Mozilla/5.0 (Windows NT 6.3; Win64; x64) AppleWebKit/537.36 (KHTML, like Gecko) Chrome/103.0.0.0 Safari/537.36"
172.245.252.231 - - [14/Apr/2025:18:53:56 -0400] "GET /bugatti-chiron-for-sale/ HTTP/1.1" 200 18559 "https://creative-webstyle.com/bugatti-chiron-for-sale" "Mozilla/5.0 (Windows NT 6.3; Win64; x64) AppleWebKit/537.36 (KHTML, like Gecko) Chrome/103.0.0.0 Safari/537.36"
172.245.252.231 - - [14/Apr/2025:18:55:02 -0400] "GET /bugatti-chiron-for-sale HTTP/1.1" 301 0 "-" "Mozilla/5.0 (Windows NT 10.0; Win64; x64) AppleWebKit/537.36 (KHTML, like Gecko) Chrome/114.0.0.0 Safari/537.36"
172.245.252.231 - - [14/Apr/2025:18:55:03 -0400] "GET /bugatti-chiron-for-sale/ HTTP/1.1" 200 18559 "https://creative-webstyle.com/bugatti-chiron-for-sale" "Mozilla/5.0 (Windows NT 10.0; Win64; x64) AppleWebKit/537.36 (KHTML, like Gecko) Chrome/114.0.0.0 Safari/537.36"
2a03:2880:f800:18:: - - [14/Apr/2025:18:57:41 -0400] "GET /unlocking-savings-the-tiktok-advantage-in-smart-shopping/ HTTP/1.1" 200 18296 "-" "meta-externalagent/1.1 (+https://developers.facebook.com/docs/sharing/webmasters/crawler)"
17.241.75.154 - - [14/Apr/2025:18:59:28 -0400] "GET /wp-content/uploads/2023/09/synthesize-8.mp3 HTTP/1.1" 200 30624 "-" "Mozilla/5.0 (Macintosh; Intel Mac OS X 10_15_7) AppleWebKit/605.1.15 (KHTML, like Gecko) Version/17.4 Safari/605.1.15 (Applebot/0.1; +http://www.apple.com/go/applebot)"
185.191.171.1 - - [14/Apr/2025:19:00:25 -0400] "GET /norcold-refrigerator-parts/ HTTP/1.1" 200 17680 "-" "Mozilla/5.0 (compatible; SemrushBot/7~bl; +http://www.semrush.com/bot.html)"
185.191.171.3 - - [14/Apr/2025:19:03:07 -0400] "GET /a-captivating-tour-experience/ HTTP/1.1" 200 18105 "-" "Mozilla/5.0 (compatible; SemrushBot/7~bl; +http://www.semrush.com/bot.html)"
91.84.100.21 - - [14/Apr/2025:19:03:41 -0400] "GET /hvac-systems-and-mold/ HTTP/1.1" 200 19424 "https://creative-webstyle.com/hvac-systems-and-mold/" "Mozilla/5.0 (Windows NT 10.0; Win64; x64) AppleWebKit/537.36 (KHTML, like Gecko) Chrome/130.0.0.0 Safari/537.36"
91.84.100.21 - - [14/Apr/2025:19:03:42 -0400] "POST /wp-comments-post.php HTTP/1.1" 302 0 "https://creative-webstyle.com/hvac-systems-and-mold/" "Mozilla/5.0 (Windows NT 10.0; Win64; x64) AppleWebKit/537.36 (KHTML, like Gecko) Chrome/130.0.0.0 Safari/537.36"
91.84.100.21 - - [14/Apr/2025:19:03:44 -0400] "GET /hvac-systems-and-mold/ HTTP/1.1" 200 20008 "https://creative-webstyle.com/hvac-systems-and-mold/#comment-35191" "Mozilla/5.0 (Windows NT 10.0; Win64; x64) AppleWebKit/537.36 (KHTML, like Gecko) Chrome/130.0.0.0 Safari/537.36"
43.154.130.232 - - [14/Apr/2025:19:04:03 -0400] "GET /motorbike-workshop-service/ HTTP/1.1" 200 17649 "-" "Python/3.10 aiohttp/3.10.5"
158.62.223.66 - - [14/Apr/2025:19:07:58 -0400] "GET /how-to-order-a-birthday-cake-online HTTP/1.1" 301 0 "-" "Mozilla/5.0 (Macintosh; Intel Mac OS X 12_5) AppleWebKit/537.36 (KHTML, like Gecko) Chrome/114.0.0.0 Safari/537.36 Edg/114.0.1264.71"
158.62.223.66 - - [14/Apr/2025:19:07:59 -0400] "GET /how-to-order-a-birthday-cake-online/ HTTP/1.1" 200 18557 "https://creative-webstyle.com/how-to-order-a-birthday-cake-online" "Mozilla/5.0 (Macintosh; Intel Mac OS X 12_5) AppleWebKit/537.36 (KHTML, like Gecko) Chrome/114.0.0.0 Safari/537.36 Edg/114.0.1264.71"
158.62.223.66 - - [14/Apr/2025:19:08:04 -0400] "GET /category/sign-up/ HTTP/1.1" 200 14528 "https://creative-webstyle.com/how-to-order-a-birthday-cake-online/" "Mozilla/5.0 (Windows NT 6.3; Win64; x64) AppleWebKit/537.36 (KHTML, like Gecko) Chrome/103.0.0.0 Safari/537.36"
158.62.223.66 - - [14/Apr/2025:19:08:05 -0400] "GET /category/sign-up/ HTTP/1.1" 200 14528 "https://creative-webstyle.com/category/sign-up/" "Mozilla/5.0 (Windows NT 6.3; Win64; x64) AppleWebKit/537.36 (KHTML, like Gecko) Chrome/103.0.0.0 Safari/537.36"
135.119.140.236 - - [14/Apr/2025:19:08:45 -0400] "HEAD /new-approach-prevents-skin-cancer-using-photodynamic-therapy-pdt/ HTTP/1.1" 200 0 "http://creative-webstyle.com/new" "Mozilla/5.0 (Windows NT 10.0; Win64; x64) AppleWebKit/537.36 (KHTML, like Gecko) Chrome/74.0.3729.169 Safari/537.36"
135.119.140.236 - - [14/Apr/2025:19:08:46 -0400] "HEAD /home-automation-companies/ HTTP/1.1" 200 0 "http://creative-webstyle.com/home" "Mozilla/5.0 (Windows NT 10.0; Win64; x64) AppleWebKit/537.36 (KHTML, like Gecko) Chrome/74.0.3729.169 Safari/537.36"
2a03:2880:f800:1b:: - - [14/Apr/2025:19:09:12 -0400] "GET /easy-way-to-change-multiple-ads-on-your-google-adwords-campaign/ HTTP/1.1" 200 19507 "-" "meta-externalagent/1.1 (+https://developers.facebook.com/docs/sharing/webmasters/crawler)"
2a02:598:128:8a00::b00:15 - - [14/Apr/2025:19:16:24 -0400] "GET /proven-strategies-to-gain-more-followers/feed/ HTTP/1.1" 200 409 "-" "Mozilla/5.0 (compatible; SeznamBot/4.0; +https://o-seznam.cz/napoveda/vyhledavani/en/seznambot-crawler/)"
2a03:2880:f800:f:: - - [14/Apr/2025:19:16:58 -0400] "GET /yacht-charter-in-sardinia-costa-smeralda-and-beyond/ HTTP/1.1" 200 21565 "-" "meta-externalagent/1.1 (+https://developers.facebook.com/docs/sharing/webmasters/crawler)"
47.128.96.12 - - [14/Apr/2025:19:17:48 -0400] "GET /a-stylish-mk-bucket-bag/ HTTP/1.1" 200 17862 "-" "Mozilla/5.0 (Linux; Android 5.0) AppleWebKit/537.36 (KHTML, like Gecko) Mobile Safari/537.36 (compatible; TikTokSpider; ttspider-feedback@tiktok.com)"
17.241.75.238 - - [14/Apr/2025:19:24:32 -0400] "GET /wp-content/uploads/2023/06/synthesize.mp3 HTTP/1.1" 200 42336 "-" "Mozilla/5.0 (Macintosh; Intel Mac OS X 10_15_7) AppleWebKit/605.1.15 (KHTML, like Gecko) Version/17.4 Safari/605.1.15 (Applebot/0.1; +http://www.apple.com/go/applebot)"
2a03:2880:f800:1a:: - - [14/Apr/2025:19:26:20 -0400] "GET /heartfelt-gestures-the-magic-of-personalized-valentines-day-gifts/ HTTP/1.1" 200 18195 "-" "meta-externalagent/1.1 (+https://developers.facebook.com/docs/sharing/webmasters/crawler)"
134.17.14.122 - - [14/Apr/2025:19:29:32 -0400] "GET /goat.php HTTP/1.1" 404 12611 "-" "Mozilla/4.0 (compatible; MSIE 6.0; Windows NT 5.1; SV1)"
40.77.167.247 - - [14/Apr/2025:19:31:22 -0400] "GET /how-to-get-4000-watch-hours-on-youtube/ HTTP/1.1" 200 18286 "-" "Mozilla/5.0 AppleWebKit/537.36 (KHTML, like Gecko; compatible; bingbot/2.0; +http://www.bing.com/bingbot.htm) Chrome/116.0.1938.76 Safari/537.36"
85.208.96.211 - - [14/Apr/2025:19:38:58 -0400] "GET /local-heating-engineer/ HTTP/1.1" 200 17279 "-" "Mozilla/5.0 (compatible; SemrushBot/7~bl; +http://www.semrush.com/bot.html)"
2a02:598:128:8a00::b00:a - - [14/Apr/2025:19:40:02 -0400] "GET /the-importance-of-eye-care-a-comprehensive-guide/ HTTP/1.1" 200 18371 "-" "Mozilla/5.0 (compatible; SeznamBot/4.0; +https://o-seznam.cz/napoveda/vyhledavani/en/seznambot-crawler/)"
88.218.45.213 - - [14/Apr/2025:19:41:43 -0400] "GET /wp-login.php HTTP/1.1" 200 1692 "-" "Mozilla/5.0 (Windows NT 10.0; Win64; x64) AppleWebKit/537.36 (KHTML, like Gecko) Chrome/115.0.0.0 Safari/537.36 Edg/115.0.1901.203"
88.218.45.213 - - [14/Apr/2025:19:41:44 -0400] "POST /wp-login.php HTTP/1.1" 200 1827 "https://creative-webstyle.com/wp-login.php" "Mozilla/5.0 (Windows NT 10.0; Win64; x64) AppleWebKit/537.36 (KHTML, like Gecko) Chrome/115.0.0.0 Safari/537.36 Edg/115.0.1901.203"
58.254.68.38 - - [14/Apr/2025:19:43:10 -0400] "GET /the-intriguing-world-of-satta-king-a-comprehensive-overview/ HTTP/1.1" 200 18566 "https://creative-webstyle.com" "Mozilla/5.0 (Windows NT 10.0; Win64; x64) AppleWebKit/537.36 (KHTML, like Gecko) Chrome/62.0.3202.94 Safari/537.36"
58.254.68.38 - - [14/Apr/2025:19:43:11 -0400] "POST /wp-comments-post.php HTTP/1.1" 302 0 "https://creative-webstyle.com" "Mozilla/5.0 (Windows NT 10.0; Win64; x64) AppleWebKit/537.36 (KHTML, like Gecko) Chrome/62.0.3202.94 Safari/537.36"
58.254.68.38 - - [14/Apr/2025:19:43:15 -0400] "GET /the-intriguing-world-of-satta-king-a-comprehensive-overview/ HTTP/1.1" 200 19255 "https://creative-webstyle.com" "Mozilla/4.0 (compatible; MSIE 6.0; Windows NT 5.1; en) Opera 8.50"
92.251.103.63 - - [14/Apr/2025:19:44:58 -0400] "GET /the-history-of-figurative-painting-in-germany/ HTTP/1.1" 200 18809 "-" "Mozilla/5.0 (Windows NT 10.0; Win64; x64; rv:114.0) Gecko/20100101 Firefox/114.0"
2a02:598:128:8a00::b00:15 - - [14/Apr/2025:19:46:19 -0400] "GET /league-of-legends-lectures/feed/ HTTP/1.1" 200 392 "-" "Mozilla/5.0 (compatible; SeznamBot/4.0; +https://o-seznam.cz/napoveda/vyhledavani/en/seznambot-crawler/)"
2a02:598:128:8a00::b00:a - - [14/Apr/2025:19:48:20 -0400] "GET /the-enigmatic-watchers/ HTTP/1.1" 200 17952 "-" "Mozilla/5.0 (compatible; SeznamBot/4.0; +https://o-seznam.cz/napoveda/vyhledavani/en/seznambot-crawler/)"
2a02:598:128:8a00::b00:15 - - [14/Apr/2025:19:49:20 -0400] "GET /unveiling-the-truth-behind-buying-instagram-followers/feed/ HTTP/1.1" 200 425 "-" "Mozilla/5.0 (compatible; SeznamBot/4.0; +https://o-seznam.cz/napoveda/vyhledavani/en/seznambot-crawler/)"
47.79.121.52 - - [14/Apr/2025:19:58:58 -0400] "GET /%E0%B8%AA%E0%B8%A5%E0%B9%87%E0%B8%AD%E0%B8%95888-%E0%B9%80%E0%B8%84%E0%B8%A3%E0%B8%94%E0%B8%B4%E0%B8%95%E0%B8%9F%E0%B8%A3%E0%B8%B5-%E0%B9%84%E0%B8%A1%E0%B9%88%E0%B8%95%E0%B9%89%E0%B8%AD%E0%B8%87 HTTP/1.1" 301 0 "https://creative-webstyle.com/%E0%B8%AA%E0%B8%A5%E0%B9%87%E0%B8%AD%E0%B8%95888-%E0%B9%80%E0%B8%84%E0%B8%A3%E0%B8%94%E0%B8%B4%E0%B8%95%E0%B8%9F%E0%B8%A3%E0%B8%B5-%E0%B9%84%E0%B8%A1%E0%B9%88%E0%B8%95%E0%B9%89%E0%B8%AD%E0%B8%87" "Mozilla/5.0 (Windows NT 10.0; Win64; x64) AppleWebKit/537.36 (KHTML, like Gecko) Chrome/114.0.0.0 Safari/537.36 Edg/114.0.1823.43"
47.79.121.52 - - [14/Apr/2025:19:58:58 -0400] "GET /%E0%B8%AA%E0%B8%A5%E0%B9%87%E0%B8%AD%E0%B8%95888-%E0%B9%80%E0%B8%84%E0%B8%A3%E0%B8%94%E0%B8%B4%E0%B8%95%E0%B8%9F%E0%B8%A3%E0%B8%B5-%E0%B9%84%E0%B8%A1%E0%B9%88%E0%B8%95%E0%B9%89%E0%B8%AD%E0%B8%87/ HTTP/1.1" 500 13485 "https://creative-webstyle.com/%E0%B8%AA%E0%B8%A5%E0%B9%87%E0%B8%AD%E0%B8%95888-%E0%B9%80%E0%B8%84%E0%B8%A3%E0%B8%94%E0%B8%B4%E0%B8%95%E0%B8%9F%E0%B8%A3%E0%B8%B5-%E0%B9%84%E0%B8%A1%E0%B9%88%E0%B8%95%E0%B9%89%E0%B8%AD%E0%B8%87" "Mozilla/5.0 (Windows NT 10.0; Win64; x64) AppleWebKit/537.36 (KHTML, like Gecko) Chrome/114.0.0.0 Safari/537.36 Edg/114.0.1823.43"
3.147.49.219 - - [14/Apr/2025:20:13:58 -0400] "GET /robots.txt HTTP/1.1" 304 0 "-" "Mozilla/5.0 AppleWebKit/537.36 (KHTML, like Gecko; compatible; ClaudeBot/1.0; +claudebot@anthropic.com)"
198.54.114.83 - - [14/Apr/2025:20:14:04 -0400] "POST /wp-cron.php?doing_wp_cron=1744676044.2020640373229980468750 HTTP/1.1" 200 0 "-" "WordPress/6.7.2; https://creative-webstyle.com"
3.147.49.219 - - [14/Apr/2025:20:13:59 -0400] "GET /wp-json/oembed/1.0/embed?format=xml&url=https%3A%2F%2Fcreative-webstyle.com%2Ftop-web-design-agency%2F HTTP/1.1" 200 1112 "-" "Mozilla/5.0 AppleWebKit/537.36 (KHTML, like Gecko; compatible; ClaudeBot/1.0; +claudebot@anthropic.com)"
198.54.114.83 - - [14/Apr/2025:20:14:05 -0400] "POST /wp-admin/admin-ajax.php?action=async_litespeed&nonce=3XYAnh6Q0HIKJCbcX5mM0xhxDGCPAyDA&litespeed_type=imgoptm HTTP/1.1" 200 5 "-" "WordPress/6.7.2; https://creative-webstyle.com"
198.54.114.83 - - [14/Apr/2025:20:15:11 -0400] "POST /wp-cron.php?doing_wp_cron=1744676110.7252440452575683593750 HTTP/1.1" 200 0 "-" "WordPress/6.7.2; https://creative-webstyle.com"
198.54.114.83 - - [14/Apr/2025:20:15:12 -0400] "POST /wp-admin/admin-ajax.php?action=async_litespeed&nonce=frhpgyjB21k1uqpE9HuAWTOK9H9282NH&litespeed_type=imgoptm HTTP/1.1" 200 5 "-" "WordPress/6.7.2; https://creative-webstyle.com"
2a03:2880:f800:9:: - - [14/Apr/2025:20:15:10 -0400] "GET /flathead-lake-boat-rental/ HTTP/1.1" 200 18111 "-" "meta-externalagent/1.1 (+https://developers.facebook.com/docs/sharing/webmasters/crawler)"
198.54.114.83 - - [14/Apr/2025:20:17:08 -0400] "POST /wp-admin/admin-ajax.php?action=async_litespeed&nonce=IwFlmqbDvz2VyOxeVO62ImR8Wvq4kJqR&litespeed_type=imgoptm HTTP/1.1" 200 0 "-" "WordPress/6.7.2; https://creative-webstyle.com"
91.84.96.34 - - [14/Apr/2025:20:17:31 -0400] "GET /hvac-systems-and-mold/ HTTP/1.1" 200 19424 "https://creative-webstyle.com/hvac-systems-and-mold/" "Mozilla/5.0 (Windows NT 10.0; Win64; x64) AppleWebKit/537.36 (KHTML, like Gecko) Chrome/131.0.0.0 Safari/537.36"
91.84.96.34 - - [14/Apr/2025:20:17:33 -0400] "POST /wp-comments-post.php HTTP/1.1" 302 0 "https://creative-webstyle.com/hvac-systems-and-mold/" "Mozilla/5.0 (Windows NT 10.0; Win64; x64) AppleWebKit/537.36 (KHTML, like Gecko) Chrome/131.0.0.0 Safari/537.36"
91.84.96.34 - - [14/Apr/2025:20:17:36 -0400] "GET /hvac-systems-and-mold/ HTTP/1.1" 200 20067 "https://creative-webstyle.com/hvac-systems-and-mold/#comment-35193" "Mozilla/5.0 (Windows NT 10.0; Win64; x64) AppleWebKit/537.36 (KHTML, like Gecko) Chrome/131.0.0.0 Safari/537.36"
2a01:239:3bb:8a00::1 - - [14/Apr/2025:20:17:37 -0400] "GET /wp-content/themes/include.php HTTP/1.1" 404 12626 "www.google.com" "Mozilla/5.0 (Linux; Android 7.0; SM-G892A Build/NRD90M; wv) AppleWebKit/537.36 (KHTML, like Gecko) Version/4.0 Chrome/60.0.3112.107 Mobile Safari/537.36"
198.54.114.83 - - [14/Apr/2025:20:17:58 -0400] "POST /wp-admin/admin-ajax.php?action=async_litespeed&nonce=0dSLhhOg1j0bGCRFqM52E5dnkBJSAoye&litespeed_type=imgoptm HTTP/1.1" 200 0 "-" "WordPress/6.7.2; https://creative-webstyle.com"
2a01:239:3bb:8a00::1 - - [14/Apr/2025:20:18:08 -0400] "GET /style.php HTTP/1.1" 404 12615 "www.google.com" "Mozilla/5.0 (Linux; Android 7.0; SM-G892A Build/NRD90M; wv) AppleWebKit/537.36 (KHTML, like Gecko) Version/4.0 Chrome/60.0.3112.107 Mobile Safari/537.36"
2a01:239:3bb:8a00::1 - - [14/Apr/2025:20:18:33 -0400] "GET /file.php HTTP/1.1" 404 12618 "www.google.com" "Mozilla/5.0 (Linux; Android 7.0; SM-G892A Build/NRD90M; wv) AppleWebKit/537.36 (KHTML, like Gecko) Version/4.0 Chrome/60.0.3112.107 Mobile Safari/537.36"
198.54.114.83 - - [14/Apr/2025:20:20:33 -0400] "POST /wp-cron.php?doing_wp_cron=1744676433.0731210708618164062500 HTTP/1.1" 200 0 "-" "WordPress/6.7.2; https://creative-webstyle.com"
2a02:598:128:8a00::b00:a - - [14/Apr/2025:20:20:27 -0400] "GET /advantages-of-pex-tubing/feed/ HTTP/1.1" 200 388 "-" "Mozilla/5.0 (compatible; SeznamBot/4.0; +https://o-seznam.cz/napoveda/vyhledavani/en/seznambot-crawler/)"
198.54.114.83 - - [14/Apr/2025:20:20:35 -0400] "POST /wp-admin/admin-ajax.php?action=async_litespeed&nonce=LvxNGGjA8q6TMccnEHvCbJwAmPbG8PT7&litespeed_type=imgoptm HTTP/1.1" 200 0 "-" "WordPress/6.7.2; https://creative-webstyle.com"
198.54.114.83 - - [14/Apr/2025:20:26:40 -0400] "POST /wp-cron.php?doing_wp_cron=1744676798.8913550376892089843750 HTTP/1.1" 200 0 "-" "WordPress/6.7.2; https://creative-webstyle.com"
151.106.166.243 - - [14/Apr/2025:20:26:33 -0400] "GET /images/portfolio/three-columns/ID_004_sitoweb_th.jpg HTTP/1.1" 404 12653 "-" "Mozilla/5.0 (X11; Ubuntu; Linux x86_64; rv:72.0) Gecko/20100101 Firefox/72.0"
151.106.166.243 - - [14/Apr/2025:20:26:42 -0400] "GET /images/portfolio/three-columns/ID_004_sitoweb_th.jpg HTTP/1.1" 404 12653 "-" "Mozilla/5.0 (X11; Ubuntu; Linux x86_64; rv:72.0) Gecko/20100101 Firefox/72.0"
151.106.166.243 - - [14/Apr/2025:20:26:46 -0400] "GET /images/portfolio/three-columns/ID_004_sitoweb_th.jpg HTTP/1.1" 404 12653 "-" "Mozilla/5.0 (X11; Ubuntu; Linux x86_64; rv:72.0) Gecko/20100101 Firefox/72.0"
2a02:598:128:8a00::b00:15 - - [14/Apr/2025:20:27:12 -0400] "GET /gutachterausschuss/feed/ HTTP/1.1" 200 371 "-" "Mozilla/5.0 (compatible; SeznamBot/4.0; +https://o-seznam.cz/napoveda/vyhledavani/en/seznambot-crawler/)"
129.226.64.249 - - [14/Apr/2025:20:27:34 -0400] "GET /relx-group-plc/ HTTP/1.1" 200 18161 "-" "Python/3.10 aiohttp/3.10.5"
198.54.114.83 - - [14/Apr/2025:20:28:03 -0400] "POST /wp-cron.php?doing_wp_cron=1744676882.2074339389801025390625 HTTP/1.1" 200 0 "-" "WordPress/6.7.2; https://creative-webstyle.com"
52.167.144.200 - - [14/Apr/2025:20:28:01 -0400] "GET /mettigel-a-popular-snack-in-germany/ HTTP/1.1" 200 18286 "-" "Mozilla/5.0 AppleWebKit/537.36 (KHTML, like Gecko; compatible; bingbot/2.0; +http://www.bing.com/bingbot.htm) Chrome/116.0.1938.76 Safari/537.36"
198.54.114.83 - - [14/Apr/2025:20:28:04 -0400] "POST /wp-admin/admin-ajax.php?action=async_litespeed&nonce=uhyIi2T0R01tvN1ghGO9pQWNDjicxKhj&litespeed_type=imgoptm HTTP/1.1" 200 0 "-" "WordPress/6.7.2; https://creative-webstyle.com"
2a02:598:128:8a00::b00:a - - [14/Apr/2025:20:28:14 -0400] "GET /the-ultimate-gaming-headset-experience/ HTTP/1.1" 200 18454 "-" "Mozilla/5.0 (compatible; SeznamBot/4.0; +https://o-seznam.cz/napoveda/vyhledavani/en/seznambot-crawler/)"
52.230.163.41 - - [14/Apr/2025:20:34:37 -0400] "GET / HTTP/1.1" 200 78396 "-" "Mozilla/5.0 AppleWebKit/537.36 (KHTML, like Gecko); compatible; ChatGPT-User/1.0; +https://openai.com/bot"
198.54.114.83 - - [14/Apr/2025:20:35:36 -0400] "POST /wp-cron.php?doing_wp_cron=1744677335.5656340122222900390625 HTTP/1.1" 200 0 "-" "WordPress/6.7.2; https://creative-webstyle.com"
2a02:598:128:8a00::b00:15 - - [14/Apr/2025:20:35:29 -0400] "GET /16-newest-ai-aggregators-tools/ HTTP/1.1" 200 0 "-" "Mozilla/5.0 (compatible; SeznamBot/4.0; +https://o-seznam.cz/napoveda/vyhledavani/en/seznambot-crawler/)"
198.54.114.83 - - [14/Apr/2025:20:35:37 -0400] "POST /wp-admin/admin-ajax.php?action=async_litespeed&nonce=2jbYkQxxCDmgZGyLyejD0wdebmmpoVUb&litespeed_type=imgoptm HTTP/1.1" 200 0 "-" "WordPress/6.7.2; https://creative-webstyle.com"
198.54.114.83 - - [14/Apr/2025:20:41:17 -0400] "POST /wp-cron.php?doing_wp_cron=1744677676.8770370483398437500000 HTTP/1.1" 200 0 "-" "WordPress/6.7.2; https://creative-webstyle.com"
2a02:598:128:8a00::b00:a - - [14/Apr/2025:20:41:11 -0400] "GET /tranquil-oasis-a-glimpse-into-the-hillock-green-showflat/feed/ HTTP/1.1" 200 425 "-" "Mozilla/5.0 (compatible; SeznamBot/4.0; +https://o-seznam.cz/napoveda/vyhledavani/en/seznambot-crawler/)"
198.54.114.83 - - [14/Apr/2025:20:41:19 -0400] "POST /wp-admin/admin-ajax.php?action=async_litespeed&nonce=j8eJdBEveOPoFJ8z5MXuRy37wCezwKxf&litespeed_type=imgoptm HTTP/1.1" 200 0 "-" "WordPress/6.7.2; https://creative-webstyle.com"
58.254.68.38 - - [14/Apr/2025:20:41:37 -0400] "GET /the-intriguing-world-of-satta-king-a-comprehensive-overview/ HTTP/1.1" 200 18566 "https://creative-webstyle.com" "Mozilla/5.0 (Windows NT 10.0; Win64; x64) AppleWebKit/537.36 (KHTML, like Gecko) Chrome/62.0.3202.94 Safari/537.36"
58.254.68.38 - - [14/Apr/2025:20:41:39 -0400] "POST /wp-comments-post.php HTTP/1.1" 302 0 "https://creative-webstyle.com" "Mozilla/5.0 (Windows NT 10.0; Win64; x64) AppleWebKit/537.36 (KHTML, like Gecko) Chrome/62.0.3202.94 Safari/537.36"
58.254.68.38 - - [14/Apr/2025:20:41:43 -0400] "GET /the-intriguing-world-of-satta-king-a-comprehensive-overview/ HTTP/1.1" 200 19230 "https://creative-webstyle.com" "Mozilla/4.0 (compatible; MSIE 6.0; Windows NT 5.1; en) Opera 8.50"
185.191.171.8 - - [14/Apr/2025:20:42:16 -0400] "GET /robots.txt HTTP/1.1" 200 110 "-" "Mozilla/5.0 (compatible; SemrushBot/7~bl; +http://www.semrush.com/bot.html)"
198.54.114.83 - - [14/Apr/2025:20:42:19 -0400] "POST /wp-cron.php?doing_wp_cron=1744677738.3841989040374755859375 HTTP/1.1" 200 0 "-" "WordPress/6.7.2; https://creative-webstyle.com"
85.208.96.203 - - [14/Apr/2025:20:42:17 -0400] "GET /your-best-travel-companion/ HTTP/1.1" 200 18007 "-" "Mozilla/5.0 (compatible; SemrushBot/7~bl; +http://www.semrush.com/bot.html)"
198.54.114.83 - - [14/Apr/2025:20:42:20 -0400] "POST /wp-admin/admin-ajax.php?action=async_litespeed&nonce=uUUOcPcAA5FjRDPzF8tCxPn7zCsZlOUX&litespeed_type=imgoptm HTTP/1.1" 200 5 "-" "WordPress/6.7.2; https://creative-webstyle.com"
198.54.114.83 - - [14/Apr/2025:20:43:35 -0400] "POST /wp-cron.php?doing_wp_cron=1744677814.7720580101013183593750 HTTP/1.1" 200 0 "-" "WordPress/6.7.2; https://creative-webstyle.com"
2a03:2880:f800:1d:: - - [14/Apr/2025:20:43:34 -0400] "GET /wholesale-jute-bags-a-green-option-to-satisfy-all-of-your-customers/ HTTP/1.1" 200 18642 "-" "meta-externalagent/1.1 (+https://developers.facebook.com/docs/sharing/webmasters/crawler)"
198.54.114.83 - - [14/Apr/2025:20:43:36 -0400] "POST /wp-admin/admin-ajax.php?action=async_litespeed&nonce=BeHtbd2iabRSUX0OYht2HIPPqRHpC3Lu&litespeed_type=imgoptm HTTP/1.1" 200 5 "-" "WordPress/6.7.2; https://creative-webstyle.com"
198.54.114.83 - - [14/Apr/2025:20:44:46 -0400] "POST /wp-cron.php?doing_wp_cron=1744677886.4161710739135742187500 HTTP/1.1" 200 0 "-" "WordPress/6.7.2; https://creative-webstyle.com"
213.108.2.205 - - [14/Apr/2025:20:44:45 -0400] "GET /splendeur-animale-la-peinture-comme-miroir-de-la-nature/ HTTP/1.1" 200 17967 "https://creative-webstyle.com/splendeur-animale-la-peinture-comme-miroir-de-la-nature/" "Mozilla/5.0 (Windows NT 10.0; Win64; x64) AppleWebKit/537.36 (KHTML, like Gecko) Chrome/131.0.0.0 Safari/537.36 Avast/131.0.0.0"
198.54.114.83 - - [14/Apr/2025:20:44:47 -0400] "POST /wp-admin/admin-ajax.php?action=async_litespeed&nonce=gp8WMP3Y5AEEKxrcxfHfcFsKTTklMlec&litespeed_type=imgoptm HTTP/1.1" 200 5 "-" "WordPress/6.7.2; https://creative-webstyle.com"
198.54.114.83 - - [14/Apr/2025:20:44:50 -0400] "POST /wp-cron.php?doing_wp_cron=1744677890.3748419284820556640625 HTTP/1.1" 200 0 "-" "WordPress/6.7.2; https://creative-webstyle.com"
213.108.2.205 - - [14/Apr/2025:20:44:50 -0400] "POST /wp-comments-post.php HTTP/1.1" 302 0 "https://creative-webstyle.com/splendeur-animale-la-peinture-comme-miroir-de-la-nature/" "Mozilla/5.0 (Windows NT 10.0; Win64; x64) AppleWebKit/537.36 (KHTML, like Gecko) Chrome/131.0.0.0 Safari/537.36 Avast/131.0.0.0"
198.54.114.83 - - [14/Apr/2025:20:44:53 -0400] "POST /wp-cron.php?doing_wp_cron=1744677893.0668609142303466796875 HTTP/1.1" 200 0 "-" "WordPress/6.7.2; https://creative-webstyle.com"
198.54.114.83 - - [14/Apr/2025:20:44:53 -0400] "POST /wp-admin/admin-ajax.php?action=async_litespeed&nonce=cNWHKWkDLTSOZAmYYUNF1fUHI5oxFLKz&litespeed_type=imgoptm HTTP/1.1" 200 5 "-" "WordPress/6.7.2; https://creative-webstyle.com"
213.108.2.205 - - [14/Apr/2025:20:44:52 -0400] "GET /splendeur-animale-la-peinture-comme-miroir-de-la-nature/ HTTP/1.1" 200 19066 "https://creative-webstyle.com/splendeur-animale-la-peinture-comme-miroir-de-la-nature/#comment-35195" "Mozilla/5.0 (Windows NT 10.0; Win64; x64) AppleWebKit/537.36 (KHTML, like Gecko) Chrome/131.0.0.0 Safari/537.36 Avast/131.0.0.0"
198.54.114.83 - - [14/Apr/2025:20:48:36 -0400] "POST /wp-cron.php?doing_wp_cron=1744678115.6897590160369873046875 HTTP/1.1" 200 0 "-" "WordPress/6.7.2; https://creative-webstyle.com"
2a03:2880:f800:: - - [14/Apr/2025:20:48:30 -0400] "GET /eco-friendly-convenience-exploring-the-benefits-of-reusable-breast-milk-storage-bags/ HTTP/1.1" 200 18234 "-" "meta-externalagent/1.1 (+https://developers.facebook.com/docs/sharing/webmasters/crawler)"
198.54.114.83 - - [14/Apr/2025:20:48:38 -0400] "POST /wp-admin/admin-ajax.php?action=async_litespeed&nonce=5eUz3VsMIZknxvXOugIqFQ9BGMfKChEp&litespeed_type=imgoptm HTTP/1.1" 200 0 "-" "WordPress/6.7.2; https://creative-webstyle.com"
198.54.114.83 - - [14/Apr/2025:20:50:31 -0400] "POST /wp-cron.php?doing_wp_cron=1744678231.0667450428009033203125 HTTP/1.1" 200 0 "-" "WordPress/6.7.2; https://creative-webstyle.com"
2a02:598:128:8a00::b00:15 - - [14/Apr/2025:20:50:28 -0400] "GET /optimierung-der-hattinger-steuererklarung/ HTTP/1.1" 200 18124 "-" "Mozilla/5.0 (compatible; SeznamBot/4.0; +https://o-seznam.cz/napoveda/vyhledavani/en/seznambot-crawler/)"
198.54.114.83 - - [14/Apr/2025:20:50:32 -0400] "POST /wp-admin/admin-ajax.php?action=async_litespeed&nonce=RvkNZEnF21lfhmu1MvZ6ixVaK2GoOnHa&litespeed_type=imgoptm HTTP/1.1" 200 0 "-" "WordPress/6.7.2; https://creative-webstyle.com"
198.54.114.83 - - [14/Apr/2025:20:51:14 -0400] "POST /wp-cron.php?doing_wp_cron=1744678274.6095418930053710937500 HTTP/1.1" 200 0 "-" "WordPress/6.7.2; https://creative-webstyle.com"
51.222.253.8 - - [14/Apr/2025:20:51:14 -0400] "GET /2024/02/13/ HTTP/1.1" 301 0 "-" "Mozilla/5.0 (compatible; AhrefsBot/7.0; +http://ahrefs.com/robot/)"
198.54.114.83 - - [14/Apr/2025:20:51:15 -0400] "POST /wp-admin/admin-ajax.php?action=async_litespeed&nonce=grNdGPIlYwQIxXGnfOVb9fO4RLPEQTjh&litespeed_type=imgoptm HTTP/1.1" 200 5 "-" "WordPress/6.7.2; https://creative-webstyle.com"
79.127.184.220 - - [14/Apr/2025:20:52:03 -0400] "GET /digital-nomad-visa-spain/ HTTP/1.1" 200 18155 "-" "Mozilla/5.0 (Macintosh; Intel Mac OS X 12_5) AppleWebKit/537.36 (KHTML, like Gecko) Chrome/114.0.0.0 Safari/537.36"
198.54.114.83 - - [14/Apr/2025:20:52:05 -0400] "POST /wp-cron.php?doing_wp_cron=1744678324.7079749107360839843750 HTTP/1.1" 200 0 "-" "WordPress/6.7.2; https://creative-webstyle.com"
198.54.114.83 - - [14/Apr/2025:20:52:06 -0400] "POST /wp-admin/admin-ajax.php?action=async_litespeed&nonce=FVdjozngZjbSth2o1fVDLR969XYjmJ2p&litespeed_type=imgoptm HTTP/1.1" 200 5 "-" "WordPress/6.7.2; https://creative-webstyle.com"
79.127.184.220 - - [14/Apr/2025:20:52:04 -0400] "POST /wp-comments-post.php HTTP/1.1" 302 0 "https://creative-webstyle.com/digital-nomad-visa-spain/" "Mozilla/5.0 (Macintosh; Intel Mac OS X 12_5) AppleWebKit/537.36 (KHTML, like Gecko) Chrome/114.0.0.0 Safari/537.36"
79.127.184.220 - - [14/Apr/2025:20:52:07 -0400] "GET /digital-nomad-visa-spain/?unapproved=35196&moderation-hash=958be1bfa8fa0d458576cbe886ee30a2 HTTP/1.1" 200 18891 "https://creative-webstyle.com/wp-comments-post.php" "Mozilla/5.0 (Macintosh; Intel Mac OS X 12_5) AppleWebKit/537.36 (KHTML, like Gecko) Chrome/114.0.0.0 Safari/537.36"
79.127.184.220 - - [14/Apr/2025:20:52:09 -0400] "GET /digital-nomad-visa-spain/ HTTP/1.1" 200 18155 "-" "Mozilla/5.0 (Macintosh; Intel Mac OS X 12_5) AppleWebKit/537.36 (KHTML, like Gecko) Chrome/114.0.0.0 Safari/537.36"
198.54.114.83 - - [14/Apr/2025:20:53:20 -0400] "POST /wp-cron.php?doing_wp_cron=1744678400.2864949703216552734375 HTTP/1.1" 200 0 "-" "WordPress/6.7.2; https://creative-webstyle.com"
2a02:598:128:8a00::b00:a - - [14/Apr/2025:20:53:19 -0400] "GET /the-rise-of-stake-ator-in-modern-investment/ HTTP/1.1" 200 17890 "-" "Mozilla/5.0 (compatible; SeznamBot/4.0; +https://o-seznam.cz/napoveda/vyhledavani/en/seznambot-crawler/)"
198.54.114.83 - - [14/Apr/2025:20:53:22 -0400] "POST /wp-admin/admin-ajax.php?action=async_litespeed&nonce=XJG0Gt4PTt6qCAqUvULHgYaiWYmsMVEw&litespeed_type=imgoptm HTTP/1.1" 200 0 "-" "WordPress/6.7.2; https://creative-webstyle.com"
198.54.114.83 - - [14/Apr/2025:20:54:17 -0400] "POST /wp-cron.php?doing_wp_cron=1744678457.1477069854736328125000 HTTP/1.1" 200 0 "-" "WordPress/6.7.2; https://creative-webstyle.com"
43.129.84.140 - - [14/Apr/2025:20:54:16 -0400] "GET /why-choose-bowman-hydraulic-oil-coolers/ HTTP/1.1" 200 18558 "-" "Python/3.10 aiohttp/3.10.5"
198.54.114.83 - - [14/Apr/2025:20:54:18 -0400] "POST /wp-admin/admin-ajax.php?action=async_litespeed&nonce=5jBrhXMnYozf6SUfYeNWI8KduY9lf1g4&litespeed_type=imgoptm HTTP/1.1" 200 5 "-" "WordPress/6.7.2; https://creative-webstyle.com"
198.54.114.83 - - [14/Apr/2025:21:04:44 -0400] "POST /wp-cron.php?doing_wp_cron=1744679083.8094971179962158203125 HTTP/1.1" 200 0 "-" "WordPress/6.7.2; https://creative-webstyle.com"
2a03:2880:f800:1d:: - - [14/Apr/2025:21:04:37 -0400] "GET /new-orleans-a-foodies-paradise/ HTTP/1.1" 200 20358 "-" "meta-externalagent/1.1 (+https://developers.facebook.com/docs/sharing/webmasters/crawler)"
198.54.114.83 - - [14/Apr/2025:21:04:45 -0400] "POST /wp-admin/admin-ajax.php?action=async_litespeed&nonce=mZSC1vQtEzyJ8mR9fm0MKK1PnuCr3gEq&litespeed_type=imgoptm HTTP/1.1" 200 0 "-" "WordPress/6.7.2; https://creative-webstyle.com"
165.232.142.151 - - [14/Apr/2025:21:05:07 -0400] "GET / HTTP/1.1" 200 78396 "-" "Mozilla/5.0 (compatible)"
198.54.114.83 - - [14/Apr/2025:21:05:08 -0400] "POST /wp-admin/admin-ajax.php?action=async_litespeed&nonce=0jXK51riLifuFkgtuhbZKd4fWcZBH87Y&litespeed_type=imgoptm HTTP/1.1" 200 0 "-" "WordPress/6.7.2; https://creative-webstyle.com"
165.232.142.151 - - [14/Apr/2025:21:05:08 -0400] "GET /ads.txt HTTP/1.1" 404 12616 "-" "Mozilla/5.0 (compatible)"
178.217.98.213 - - [14/Apr/2025:21:07:58 -0400] "GET /why-composite-doors-are-perfect-for-homes-across-south-wales/ HTTP/1.1" 200 18294 "-" "Mozilla/5.0 (Windows NT 10.0; Win64; x64; rv:114.0) Gecko/20100101 Firefox/114.0"
2a03:2880:f800:1a:: - - [14/Apr/2025:21:10:51 -0400] "GET /maximizing-space-smart-bathroom-renovations-for-small-spaces/ HTTP/1.1" 200 17805 "-" "meta-externalagent/1.1 (+https://developers.facebook.com/docs/sharing/webmasters/crawler)"
198.54.114.83 - - [14/Apr/2025:21:12:25 -0400] "POST /wp-cron.php?doing_wp_cron=1744679544.3228299617767333984375 HTTP/1.1" 200 0 "-" "WordPress/6.7.2; https://creative-webstyle.com"
240e:350:8003:12a:4ecc:6ad5:31f7:5ca9 - - [14/Apr/2025:21:12:17 -0400] "POST /wp-comments-post.php HTTP/1.1" 302 0 "-" "Mozilla/5.0 (Windows NT 10.0; Win64; x64) AppleWebKit/537.36 (KHTML, like Gecko) Chrome/108.0.0.0 Safari/537.36 Edg/108.0.1462.46"
240e:350:8003:12a:4ecc:6ad5:31f7:5ca9 - - [14/Apr/2025:21:12:29 -0400] "GET /real-estate-crm-features/?unapproved=35197&moderation-hash=206e41935a2395d416d276eeaa555c68 HTTP/1.1" 200 17893 "-" "Mozilla/5.0 (Windows NT 10.0; Win64; x64) AppleWebKit/537.36 (KHTML, like Gecko) Chrome/108.0.0.0 Safari/537.36 Edg/108.0.1462.46"
198.54.114.83 - - [14/Apr/2025:21:16:03 -0400] "POST /wp-cron.php?doing_wp_cron=1744679762.7130270004272460937500 HTTP/1.1" 200 0 "-" "WordPress/6.7.2; https://creative-webstyle.com"
45.80.104.134 - - [14/Apr/2025:21:15:59 -0400] "GET /il-nuovo-capitolo-delluniverso-star-wars/ HTTP/1.1" 200 18051 "https://creative-webstyle.com/il-nuovo-capitolo-delluniverso-star-wars/" "Mozilla/5.0 (Windows NT 10.0; Win64; x64) AppleWebKit/537.36 (KHTML, like Gecko) Chrome/131.0.0.0 Safari/537.36"
198.54.114.83 - - [14/Apr/2025:21:16:04 -0400] "POST /wp-admin/admin-ajax.php?action=async_litespeed&nonce=Ky6g1kBWgKl2iozqISNiYvNgkOxBnDrH&litespeed_type=imgoptm HTTP/1.1" 200 0 "-" "WordPress/6.7.2; https://creative-webstyle.com"
45.80.104.134 - - [14/Apr/2025:21:16:06 -0400] "POST /wp-comments-post.php HTTP/1.1" 302 0 "https://creative-webstyle.com/il-nuovo-capitolo-delluniverso-star-wars/" "Mozilla/5.0 (Windows NT 10.0; Win64; x64) AppleWebKit/537.36 (KHTML, like Gecko) Chrome/131.0.0.0 Safari/537.36"
45.80.104.134 - - [14/Apr/2025:21:16:10 -0400] "GET /il-nuovo-capitolo-delluniverso-star-wars/ HTTP/1.1" 200 19112 "https://creative-webstyle.com/il-nuovo-capitolo-delluniverso-star-wars/#comment-35198" "Mozilla/5.0 (Windows NT 10.0; Win64; x64) AppleWebKit/537.36 (KHTML, like Gecko) Chrome/131.0.0.0 Safari/537.36"
198.54.114.83 - - [14/Apr/2025:21:27:46 -0400] "POST /wp-cron.php?doing_wp_cron=1744680466.0275800228118896484375 HTTP/1.1" 200 0 "-" "WordPress/6.7.2; https://creative-webstyle.com"
198.54.114.83 - - [14/Apr/2025:21:27:47 -0400] "POST /wp-admin/admin-ajax.php?action=async_litespeed&nonce=8kvLCDFSaZavAWvzkWN9vjNCavoAMeug&litespeed_type=imgoptm HTTP/1.1" 200 0 "-" "WordPress/6.7.2; https://creative-webstyle.com"
185.191.171.15 - - [14/Apr/2025:21:27:42 -0400] "GET /management-company-for-rental-properties/ HTTP/1.1" 200 17634 "-" "Mozilla/5.0 (compatible; SemrushBot/7~bl; +http://www.semrush.com/bot.html)"
198.54.114.83 - - [14/Apr/2025:21:29:44 -0400] "POST /wp-cron.php?doing_wp_cron=1744680583.5534710884094238281250 HTTP/1.1" 200 0 "-" "WordPress/6.7.2; https://creative-webstyle.com"
