198.54.114.83 - - [15/Apr/2025:18:41:22 -0400] "POST /wp-cron.php?doing_wp_cron=1744756881.0619220733642578125000 HTTP/1.1" 200 0 "-" "WordPress/6.7.2; https://creative-webstyle.com"
217.113.194.232 - - [15/Apr/2025:18:41:20 -0400] "GET /navigating-the-controversy-the-pros-and-cons-of-buying-tiktok-views-and-followers/feed/ HTTP/1.1" 200 470 "-" "Mozilla/5.0 (compatible; Barkrowler/0.9; +https://babbar.tech/crawler)"
217.113.194.235 - - [15/Apr/2025:18:41:41 -0400] "GET /le-meilleur-siege-ergonomique-pour-soulager-les-douleurs-dorso-lombaires/ HTTP/1.1" 200 18029 "-" "Mozilla/5.0 (compatible; Barkrowler/0.9; +https://babbar.tech/crawler)"
217.113.194.241 - - [15/Apr/2025:18:42:00 -0400] "GET /unlocking-the-health-benefits-of-talbina-a-nutrient-packed-comfort-food/feed/ HTTP/1.1" 200 444 "-" "Mozilla/5.0 (compatible; Barkrowler/0.9; +https://babbar.tech/crawler)"
217.113.194.232 - - [15/Apr/2025:18:42:19 -0400] "GET /unlocking-digital-worlds-purchasing-roblox-gift-cards-with-cryptocurrency/feed/ HTTP/1.1" 200 446 "-" "Mozilla/5.0 (compatible; Barkrowler/0.9; +https://babbar.tech/crawler)"
198.54.114.83 - - [15/Apr/2025:18:42:39 -0400] "POST /wp-cron.php?doing_wp_cron=1744756958.2551178932189941406250 HTTP/1.1" 200 0 "-" "WordPress/6.7.2; https://creative-webstyle.com"
217.113.194.241 - - [15/Apr/2025:18:42:37 -0400] "GET /unveiling-the-secrets-of-non-drop-youtube-views-a-strategic-approach/feed/ HTTP/1.1" 200 447 "-" "Mozilla/5.0 (compatible; Barkrowler/0.9; +https://babbar.tech/crawler)"
198.54.114.83 - - [15/Apr/2025:18:42:45 -0400] "POST /wp-admin/admin-ajax.php?action=async_litespeed&nonce=vM3hL7gpLmtm29dJy0BfsTsObt6vDJkM&litespeed_type=imgoptm HTTP/1.1" 200 0 "-" "WordPress/6.7.2; https://creative-webstyle.com"
198.54.114.83 - - [15/Apr/2025:18:42:58 -0400] "POST /wp-cron.php?doing_wp_cron=1744756976.9926390647888183593750 HTTP/1.1" 200 0 "-" "WordPress/6.7.2; https://creative-webstyle.com"
217.113.194.236 - - [15/Apr/2025:18:42:56 -0400] "GET /weed-management-the-herbicides-you-should-really-be-wary-of-using/feed/ HTTP/1.1" 200 448 "-" "Mozilla/5.0 (compatible; Barkrowler/0.9; +https://babbar.tech/crawler)"
154.54.249.218 - - [15/Apr/2025:18:43:14 -0400] "GET /rsa-and-rsg-online-certificate-courses-by-aot-broaden-work-opportunities/feed/ HTTP/1.1" 200 443 "-" "Mozilla/5.0 (compatible; Barkrowler/0.9; +https://babbar.tech/crawler)"
217.113.194.240 - - [15/Apr/2025:18:43:32 -0400] "GET /conservatory-roof-replacement-how-to-tell-if-your-conservatory-needs-replacing/feed/ HTTP/1.1" 200 449 "-" "Mozilla/5.0 (compatible; Barkrowler/0.9; +https://babbar.tech/crawler)"
154.54.249.218 - - [15/Apr/2025:18:43:50 -0400] "GET /exploring-the-klimt-cairnhill-showroom-a-premier-destination-for-art-and-design/feed/ HTTP/1.1" 200 455 "-" "Mozilla/5.0 (compatible; Barkrowler/0.9; +https://babbar.tech/crawler)"
217.113.194.238 - - [15/Apr/2025:18:44:09 -0400] "GET /including-slot-promotions-deposit-1-get-100-make-200-latest-2023/feed/ HTTP/1.1" 200 504 "-" "Mozilla/5.0 (compatible; Barkrowler/0.9; +https://babbar.tech/crawler)"
198.54.114.83 - - [15/Apr/2025:18:44:12 -0400] "POST /wp-cron.php?doing_wp_cron=1744757049.5309879779815673828125 HTTP/1.1" 200 0 "-" "WordPress/6.7.2; https://creative-webstyle.com"
217.113.194.234 - - [15/Apr/2025:18:44:28 -0400] "GET /ganar-dinero-con-los-programas-de-afiliados-de-apuestas-deportivas/feed/ HTTP/1.1" 200 427 "-" "Mozilla/5.0 (compatible; Barkrowler/0.9; +https://babbar.tech/crawler)"
217.113.194.240 - - [15/Apr/2025:18:44:51 -0400] "GET /eco-friendly-convenience-exploring-the-benefits-of-reusable-breast-milk-storage-bags/feed/ HTTP/1.1" 200 475 "-" "Mozilla/5.0 (compatible; Barkrowler/0.9; +https://babbar.tech/crawler)"
217.113.194.232 - - [15/Apr/2025:18:45:14 -0400] "GET /personal-trainer-nyc-agree-gingko-is-powerful-fitness-by-personal-trainers-nyc/ HTTP/1.1" 200 19266 "-" "Mozilla/5.0 (compatible; Barkrowler/0.9; +https://babbar.tech/crawler)"
198.54.114.83 - - [15/Apr/2025:18:45:18 -0400] "POST /wp-cron.php?doing_wp_cron=1744757114.9757061004638671875000 HTTP/1.1" 200 0 "-" "WordPress/6.7.2; https://creative-webstyle.com"
217.113.194.238 - - [15/Apr/2025:18:45:36 -0400] "GET /welche-online-lernplattform-fur-gitarre-ist-die-richtige-fur-sie/ HTTP/1.1" 200 17891 "-" "Mozilla/5.0 (compatible; Barkrowler/0.9; +https://babbar.tech/crawler)"
217.113.194.240 - - [15/Apr/2025:18:48:38 -0400] "GET /die-kraft-der-video-animationen-eine-revolution-in-der-visuellen-kommunikation/ HTTP/1.1" 200 17947 "-" "Mozilla/5.0 (compatible; Barkrowler/0.9; +https://babbar.tech/crawler)"
185.157.212.157 - - [15/Apr/2025:18:48:53 -0400] "GET /why-composite-doors-are-perfect-for-homes-across-south-wales/ HTTP/1.1" 200 18298 "-" "Mozilla/5.0 (Macintosh; Intel Mac OS X 12_5) AppleWebKit/537.36 (KHTML, like Gecko) Chrome/114.0.0.0 Safari/537.36 Vivaldi/5.3.2679.68"
185.157.212.157 - - [15/Apr/2025:18:48:56 -0400] "GET /category/sign-up/ HTTP/1.1" 200 14519 "https://creative-webstyle.com/why-composite-doors-are-perfect-for-homes-across-south-wales/" "Mozilla/5.0 (Windows NT 6.3; Win64; x64) AppleWebKit/537.36 (KHTML, like Gecko) Chrome/103.0.0.0 Safari/537.36"
185.157.212.157 - - [15/Apr/2025:18:48:58 -0400] "GET /category/sign-up/ HTTP/1.1" 200 14519 "https://creative-webstyle.com/category/sign-up/" "Mozilla/5.0 (Windows NT 6.3; Win64; x64) AppleWebKit/537.36 (KHTML, like Gecko) Chrome/103.0.0.0 Safari/537.36"
185.157.212.157 - - [15/Apr/2025:18:49:01 -0400] "GET /why-composite-doors-are-perfect-for-homes-across-south-wales/ HTTP/1.1" 200 18298 "https://creative-webstyle.com/why-composite-doors-are-perfect-for-homes-across-south-wales/" "Mozilla/5.0 (Windows NT 6.3; Win64; x64) AppleWebKit/537.36 (KHTML, like Gecko) Chrome/103.0.0.0 Safari/537.36"
198.54.114.83 - - [15/Apr/2025:18:49:02 -0400] "POST /wp-cron.php?doing_wp_cron=1744757341.1382160186767578125000 HTTP/1.1" 200 0 "-" "WordPress/6.7.2; https://creative-webstyle.com"
217.113.194.238 - - [15/Apr/2025:18:49:00 -0400] "GET /unveiling-the-button-head-bolt-a-critical-component-in-engineering-excellence/feed/ HTTP/1.1" 200 448 "-" "Mozilla/5.0 (compatible; Barkrowler/0.9; +https://babbar.tech/crawler)"
185.157.212.157 - - [15/Apr/2025:18:49:03 -0400] "POST /wp-comments-post.php HTTP/1.1" 302 0 "https://creative-webstyle.com/why-composite-doors-are-perfect-for-homes-across-south-wales/" "Mozilla/5.0 (Windows NT 6.3; Win64; x64) AppleWebKit/537.36 (KHTML, like Gecko) Chrome/103.0.0.0 Safari/537.36"
185.157.212.157 - - [15/Apr/2025:18:49:09 -0400] "GET /why-composite-doors-are-perfect-for-homes-across-south-wales/?unapproved=35259&moderation-hash=f7e7edb1ceccaac974f5b3b2709864a3 HTTP/1.1" 200 18926 "https://creative-webstyle.com/wp-comments-post.php" "Mozilla/5.0 (Windows NT 6.3; Win64; x64) AppleWebKit/537.36 (KHTML, like Gecko) Chrome/103.0.0.0 Safari/537.36"
185.157.212.157 - - [15/Apr/2025:18:49:12 -0400] "GET /why-composite-doors-are-perfect-for-homes-across-south-wales/ HTTP/1.1" 200 18298 "-" "Mozilla/5.0 (Windows NT 6.3; Win64; x64) AppleWebKit/537.36 (KHTML, like Gecko) Chrome/103.0.0.0 Safari/537.36"
217.113.194.232 - - [15/Apr/2025:18:49:20 -0400] "GET /unveiling-the-thrills-of-online-casinos-an-enticing-world-of-gaming-excitement/feed/ HTTP/1.1" 200 457 "-" "Mozilla/5.0 (compatible; Barkrowler/0.9; +https://babbar.tech/crawler)"
217.113.194.232 - - [15/Apr/2025:18:49:38 -0400] "GET /muheloser-umzug-mit-dem-umzugsunternehmen-buchholz-in-der-nordheide/ HTTP/1.1" 200 18618 "-" "Mozilla/5.0 (compatible; Barkrowler/0.9; +https://babbar.tech/crawler)"
217.113.194.232 - - [15/Apr/2025:18:49:59 -0400] "GET /how-to-save-lots-of-money-traveling-in-singapore-finding-the-best-money-changers/feed/ HTTP/1.1" 200 465 "-" "Mozilla/5.0 (compatible; Barkrowler/0.9; +https://babbar.tech/crawler)"
198.54.114.83 - - [15/Apr/2025:18:50:03 -0400] "POST /wp-cron.php?doing_wp_cron=1744757401.6585209369659423828125 HTTP/1.1" 200 0 "-" "WordPress/6.7.2; https://creative-webstyle.com"
2a03:2880:f800:1a:: - - [15/Apr/2025:18:50:01 -0400] "GET /pilates-in-wollongong/ HTTP/1.1" 200 17983 "-" "meta-externalagent/1.1 (+https://developers.facebook.com/docs/sharing/webmasters/crawler)"
217.113.194.233 - - [15/Apr/2025:18:50:17 -0400] "GET /why-reviews-on-refrigerators-geyser-and-dishwasher-essential-to-get-the-best-products/ HTTP/1.1" 200 18510 "-" "Mozilla/5.0 (compatible; Barkrowler/0.9; +https://babbar.tech/crawler)"
124.156.108.107 - - [15/Apr/2025:18:45:46 -0400] "GET /4-best-practice-for-youtube-earn-online-money/ HTTP/1.1" 200 19089 "-" "Python/3.10 aiohttp/3.10.5"
217.113.194.232 - - [15/Apr/2025:18:45:55 -0400] "GET /insolvenzanwalt-holen-sie-sich-unterstutzung-bei-der-einreichung/feed/ HTTP/1.1" 200 449 "-" "Mozilla/5.0 (compatible; Barkrowler/0.9; +https://babbar.tech/crawler)"
217.113.194.241 - - [15/Apr/2025:18:46:12 -0400] "GET /suitsupply-the-suit-store-that-feels-fresh-and-quietly-fashion-focused/feed/ HTTP/1.1" 200 453 "-" "Mozilla/5.0 (compatible; Barkrowler/0.9; +https://babbar.tech/crawler)"
217.113.194.235 - - [15/Apr/2025:18:46:29 -0400] "GET /suitsupply-the-suit-store-that-feels-fresh-and-quietly-fashion-focused/ HTTP/1.1" 200 17904 "-" "Mozilla/5.0 (compatible; Barkrowler/0.9; +https://babbar.tech/crawler)"
198.54.114.83 - - [15/Apr/2025:18:46:32 -0400] "POST /wp-cron.php?doing_wp_cron=1744757190.1300621032714843750000 HTTP/1.1" 200 0 "-" "WordPress/6.7.2; https://creative-webstyle.com"
85.208.96.196 - - [15/Apr/2025:18:46:41 -0400] "GET /how-to-make-money-with-online-betting/ HTTP/1.1" 200 18413 "-" "Mozilla/5.0 (compatible; SemrushBot/7~bl; +http://www.semrush.com/bot.html)"
217.113.194.233 - - [15/Apr/2025:18:46:48 -0400] "GET /overcoming-the-pain-strategies-for-healing-a-pulled-muscle-in-the-upper-back/feed/ HTTP/1.1" 200 452 "-" "Mozilla/5.0 (compatible; Barkrowler/0.9; +https://babbar.tech/crawler)"
217.113.194.241 - - [15/Apr/2025:18:47:06 -0400] "GET /telechargez-lappli-1win-pour-une-experience-de-paris-sportifs-sans-precedent/ HTTP/1.1" 200 18118 "-" "Mozilla/5.0 (compatible; Barkrowler/0.9; +https://babbar.tech/crawler)"
217.113.194.234 - - [15/Apr/2025:18:47:24 -0400] "GET /the-pitfalls-of-purchasing-youtube-subscribers-a-risky-shortcut-to-success/feed/ HTTP/1.1" 200 462 "-" "Mozilla/5.0 (compatible; Barkrowler/0.9; +https://babbar.tech/crawler)"
198.54.114.83 - - [15/Apr/2025:18:47:45 -0400] "POST /wp-cron.php?doing_wp_cron=1744757263.7066659927368164062500 HTTP/1.1" 200 0 "-" "WordPress/6.7.2; https://creative-webstyle.com"
217.113.194.254 - - [15/Apr/2025:18:47:43 -0400] "GET /free-multiple-moving-quotes-will-help-you-make-the-smart-decision-on-what-company-to-hire/feed/ HTTP/1.1" 200 469 "-" "Mozilla/5.0 (compatible; Barkrowler/0.9; +https://babbar.tech/crawler)"
2a03:2880:f800:d:: - - [15/Apr/2025:18:47:55 -0400] "GET /how-to-order-a-birthday-cake-online/ HTTP/1.1" 200 18595 "-" "meta-externalagent/1.1 (+https://developers.facebook.com/docs/sharing/webmasters/crawler)"
217.113.194.240 - - [15/Apr/2025:18:48:03 -0400] "GET /die-kunst-der-modernen-hangelampen-ein-blick-auf-innovation-und-stil/ HTTP/1.1" 200 18083 "-" "Mozilla/5.0 (compatible; Barkrowler/0.9; +https://babbar.tech/crawler)"
217.113.194.239 - - [15/Apr/2025:18:48:21 -0400] "GET /die-kunst-der-modernen-hangelampen-ein-blick-auf-innovation-und-stil/feed/ HTTP/1.1" 200 452 "-" "Mozilla/5.0 (compatible; Barkrowler/0.9; +https://babbar.tech/crawler)"
217.113.194.238 - - [15/Apr/2025:18:50:37 -0400] "GET /telechargez-lappli-1win-pour-une-experience-de-paris-sportifs-sans-precedent/feed/ HTTP/1.1" 200 479 "-" "Mozilla/5.0 (compatible; Barkrowler/0.9; +https://babbar.tech/crawler)"
217.113.194.234 - - [15/Apr/2025:18:50:57 -0400] "GET /die-kraft-der-video-animationen-eine-revolution-in-der-visuellen-kommunikation/feed/ HTTP/1.1" 200 444 "-" "Mozilla/5.0 (compatible; Barkrowler/0.9; +https://babbar.tech/crawler)"
198.54.114.83 - - [15/Apr/2025:18:51:17 -0400] "POST /wp-cron.php?doing_wp_cron=1744757475.3418970108032226562500 HTTP/1.1" 200 0 "-" "WordPress/6.7.2; https://creative-webstyle.com"
217.113.194.232 - - [15/Apr/2025:18:51:14 -0400] "GET /die-moderne-hangeleuchte-ein-stilvoller-blickfang-fur-ihr-zuhause/ HTTP/1.1" 200 18714 "-" "Mozilla/5.0 (compatible; Barkrowler/0.9; +https://babbar.tech/crawler)"
217.113.194.236 - - [15/Apr/2025:18:51:34 -0400] "GET /le-meilleur-siege-ergonomique-pour-soulager-les-douleurs-dorso-lombaires/feed/ HTTP/1.1" 200 447 "-" "Mozilla/5.0 (compatible; Barkrowler/0.9; +https://babbar.tech/crawler)"
47.238.13.3 - - [15/Apr/2025:18:51:40 -0400] "GET /category-sitemap.xml HTTP/1.1" 200 339 "-" "Mozilla/5.0 (Macintosh; Intel Mac OS X 10_15_7) AppleWebKit/537.36 (KHTML, like Gecko) Chrome/109.0.0.0 Safari/537.36"
217.113.194.232 - - [15/Apr/2025:18:51:53 -0400] "GET /muheloser-umzug-mit-dem-umzugsunternehmen-buchholz-in-der-nordheide/feed/ HTTP/1.1" 200 450 "-" "Mozilla/5.0 (compatible; Barkrowler/0.9; +https://babbar.tech/crawler)"
217.113.194.233 - - [15/Apr/2025:18:52:11 -0400] "GET /personal-trainer-nyc-agree-gingko-is-powerful-fitness-by-personal-trainers-nyc/feed/ HTTP/1.1" 200 443 "-" "Mozilla/5.0 (compatible; Barkrowler/0.9; +https://babbar.tech/crawler)"
217.113.194.233 - - [15/Apr/2025:18:52:30 -0400] "GET /welche-online-lernplattform-fur-gitarre-ist-die-richtige-fur-sie/feed/ HTTP/1.1" 200 439 "-" "Mozilla/5.0 (compatible; Barkrowler/0.9; +https://babbar.tech/crawler)"
198.54.114.83 - - [15/Apr/2025:18:52:33 -0400] "POST /wp-cron.php?doing_wp_cron=1744757551.1126410961151123046875 HTTP/1.1" 200 0 "-" "WordPress/6.7.2; https://creative-webstyle.com"
217.113.194.232 - - [15/Apr/2025:18:52:49 -0400] "GET /carleton-sheets-no-down-payment-program-3-ways-real-estate-agents-can-profit-from-it/ HTTP/1.1" 200 19577 "-" "Mozilla/5.0 (compatible; Barkrowler/0.9; +https://babbar.tech/crawler)"
217.113.194.241 - - [15/Apr/2025:18:53:08 -0400] "GET /die-moderne-hangeleuchte-ein-stilvoller-blickfang-fur-ihr-zuhause/feed/ HTTP/1.1" 200 448 "-" "Mozilla/5.0 (compatible; Barkrowler/0.9; +https://babbar.tech/crawler)"
217.113.194.241 - - [15/Apr/2025:18:53:29 -0400] "GET /unraveling-the-enigma-of-forex-robots-a-closer-look-into-automated-trading/ HTTP/1.1" 200 18057 "-" "Mozilla/5.0 (compatible; Barkrowler/0.9; +https://babbar.tech/crawler)"
217.113.194.237 - - [15/Apr/2025:18:53:51 -0400] "GET /unraveling-the-enigma-of-forex-robots-a-closer-look-into-automated-trading/feed/ HTTP/1.1" 200 452 "-" "Mozilla/5.0 (compatible; Barkrowler/0.9; +https://babbar.tech/crawler)"
198.54.114.83 - - [15/Apr/2025:18:53:54 -0400] "POST /wp-cron.php?doing_wp_cron=1744757631.8858180046081542968750 HTTP/1.1" 200 0 "-" "WordPress/6.7.2; https://creative-webstyle.com"
217.113.194.233 - - [15/Apr/2025:18:54:13 -0400] "GET /lake-champlain-und-5-moglichkeiten-diesen-grosartigen-see-zu-geniesen/ HTTP/1.1" 200 19781 "-" "Mozilla/5.0 (compatible; Barkrowler/0.9; +https://babbar.tech/crawler)"
185.157.212.157 - - [15/Apr/2025:18:54:21 -0400] "GET /why-composite-doors-are-perfect-for-homes-across-south-wales/ HTTP/1.1" 200 18298 "-" "Mozilla/5.0 (Windows NT 10.0; Win64; x64; Xbox; Xbox One) AppleWebKit/537.36 (KHTML, like Gecko) Chrome/114.0.0.0 Safari/537.36 Edge/44.18363.8131"
154.54.249.218 - - [15/Apr/2025:18:54:32 -0400] "GET /you-can-definitely-buy-wood-window-shutters-that-will-not-leave-a-hole-in-your-wallet/feed/ HTTP/1.1" 200 472 "-" "Mozilla/5.0 (compatible; Barkrowler/0.9; +https://babbar.tech/crawler)"
198.54.114.83 - - [15/Apr/2025:18:54:53 -0400] "POST /wp-cron.php?doing_wp_cron=1744757692.0172259807586669921875 HTTP/1.1" 200 0 "-" "WordPress/6.7.2; https://creative-webstyle.com"
217.113.194.233 - - [15/Apr/2025:18:54:51 -0400] "GET /you-can-definitely-buy-wood-window-shutters-that-will-not-leave-a-hole-in-your-wallet/ HTTP/1.1" 200 18087 "-" "Mozilla/5.0 (compatible; Barkrowler/0.9; +https://babbar.tech/crawler)"
217.113.194.234 - - [15/Apr/2025:18:55:12 -0400] "GET /why-reviews-on-refrigerators-geyser-and-dishwasher-essential-to-get-the-best-products/feed/ HTTP/1.1" 200 458 "-" "Mozilla/5.0 (compatible; Barkrowler/0.9; +https://babbar.tech/crawler)"
217.113.194.234 - - [15/Apr/2025:18:55:30 -0400] "GET /choosing-the-right-size-the-significance-of-a-proper-3-8-lag-bolt-pilot-hole/feed/ HTTP/1.1" 200 460 "-" "Mozilla/5.0 (compatible; Barkrowler/0.9; +https://babbar.tech/crawler)"
154.54.249.218 - - [15/Apr/2025:18:55:50 -0400] "GET /choosing-the-right-size-the-significance-of-a-proper-3-8-lag-bolt-pilot-hole/ HTTP/1.1" 200 18135 "-" "Mozilla/5.0 (compatible; Barkrowler/0.9; +https://babbar.tech/crawler)"
217.113.194.241 - - [15/Apr/2025:18:56:12 -0400] "GET /carleton-sheets-no-down-payment-program-3-ways-real-estate-agents-can-profit-from-it/feed/ HTTP/1.1" 200 476 "-" "Mozilla/5.0 (compatible; Barkrowler/0.9; +https://babbar.tech/crawler)"
198.54.114.83 - - [15/Apr/2025:18:56:15 -0400] "POST /wp-cron.php?doing_wp_cron=1744757772.7838780879974365234375 HTTP/1.1" 200 0 "-" "WordPress/6.7.2; https://creative-webstyle.com"
154.54.249.218 - - [15/Apr/2025:18:56:31 -0400] "GET /ship-by-sea-to-bermuda-important-information-about-sea-shipping-and-moving-overseas-to-bermuda/ HTTP/1.1" 200 19345 "-" "Mozilla/5.0 (compatible; Barkrowler/0.9; +https://babbar.tech/crawler)"
217.113.194.241 - - [15/Apr/2025:18:56:50 -0400] "GET /pokemon-party-favors-are-a-popular-way-to-thank-guests-at-your-childs-birthday-celebration/ HTTP/1.1" 200 18665 "-" "Mozilla/5.0 (compatible; Barkrowler/0.9; +https://babbar.tech/crawler)"
217.113.194.234 - - [15/Apr/2025:18:57:07 -0400] "GET /so-bekommen-sie-ein-gefuhl-fur-die-preise-fur-gitarrenunterricht/feed/ HTTP/1.1" 200 442 "-" "Mozilla/5.0 (compatible; Barkrowler/0.9; +https://babbar.tech/crawler)"
18.219.59.223 - - [15/Apr/2025:18:57:18 -0400] "GET /robots.txt HTTP/1.1" 304 0 "-" "Mozilla/5.0 AppleWebKit/537.36 (KHTML, like Gecko; compatible; ClaudeBot/1.0; +claudebot@anthropic.com)"
85.208.96.212 - - [15/Apr/2025:18:57:21 -0400] "GET /lheritage-durable-explorer-limportance-de-la-permanence-dentaire/ HTTP/1.1" 200 18735 "-" "Mozilla/5.0 (compatible; SemrushBot/7~bl; +http://www.semrush.com/bot.html)"
18.219.59.223 - - [15/Apr/2025:18:57:22 -0400] "GET /navigating-the-world-of-international-shipping HTTP/1.1" 301 0 "-" "Mozilla/5.0 AppleWebKit/537.36 (KHTML, like Gecko; compatible; ClaudeBot/1.0; +claudebot@anthropic.com)"
198.54.114.83 - - [15/Apr/2025:18:57:25 -0400] "POST /wp-cron.php?doing_wp_cron=1744757842.6161429882049560546875 HTTP/1.1" 200 0 "-" "WordPress/6.7.2; https://creative-webstyle.com"
217.113.194.240 - - [15/Apr/2025:18:57:25 -0400] "GET /so-bekommen-sie-ein-gefuhl-fur-die-preise-fur-gitarrenunterricht/ HTTP/1.1" 200 18378 "-" "Mozilla/5.0 (compatible; Barkrowler/0.9; +https://babbar.tech/crawler)"
18.219.59.223 - - [15/Apr/2025:18:57:25 -0400] "GET /navigating-the-world-of-international-shipping/ HTTP/1.1" 200 17774 "-" "Mozilla/5.0 AppleWebKit/537.36 (KHTML, like Gecko; compatible; ClaudeBot/1.0; +claudebot@anthropic.com)"
18.219.59.223 - - [15/Apr/2025:18:57:28 -0400] "GET /wp-content/themes/revista/assets/lib/custom/js/ajax.js?ver=6.7.2 HTTP/1.1" 304 0 "https://creative-webstyle.com/navigating-the-world-of-international-shipping/" "Mozilla/5.0 AppleWebKit/537.36 (KHTML, like Gecko; compatible; ClaudeBot/1.0; +claudebot@anthropic.com)"
18.219.59.223 - - [15/Apr/2025:18:57:28 -0400] "GET /wp-includes/js/jquery/jquery-migrate.min.js?ver=3.4.1 HTTP/1.1" 304 0 "https://creative-webstyle.com/navigating-the-world-of-international-shipping/" "Mozilla/5.0 AppleWebKit/537.36 (KHTML, like Gecko; compatible; ClaudeBot/1.0; +claudebot@anthropic.com)"
18.219.59.223 - - [15/Apr/2025:18:57:29 -0400] "GET /wp-content/themes/revista/assets/lib/custom/js/pagination.js?ver=6.7.2 HTTP/1.1" 304 0 "https://creative-webstyle.com/navigating-the-world-of-international-shipping/" "Mozilla/5.0 AppleWebKit/537.36 (KHTML, like Gecko; compatible; ClaudeBot/1.0; +claudebot@anthropic.com)"
18.219.59.223 - - [15/Apr/2025:18:57:29 -0400] "GET /wp-content/themes/revista/assets/lib/slick/js/slick.min.js?ver=6.7.2 HTTP/1.1" 304 0 "https://creative-webstyle.com/navigating-the-world-of-international-shipping/" "Mozilla/5.0 AppleWebKit/537.36 (KHTML, like Gecko; compatible; ClaudeBot/1.0; +claudebot@anthropic.com)"
18.219.59.223 - - [15/Apr/2025:18:57:29 -0400] "GET /wp-content/themes/revista/assets/lib/custom/js/custom.js?ver=6.7.2 HTTP/1.1" 304 0 "https://creative-webstyle.com/navigating-the-world-of-international-shipping/" "Mozilla/5.0 AppleWebKit/537.36 (KHTML, like Gecko; compatible; ClaudeBot/1.0; +claudebot@anthropic.com)"
18.219.59.223 - - [15/Apr/2025:18:57:29 -0400] "GET /wp-content/themes/revista/assets/lib/magnific-popup/jquery.magnific-popup.min.js?ver=6.7.2 HTTP/1.1" 304 0 "https://creative-webstyle.com/navigating-the-world-of-international-shipping/" "Mozilla/5.0 AppleWebKit/537.36 (KHTML, like Gecko; compatible; ClaudeBot/1.0; +claudebot@anthropic.com)"
18.219.59.223 - - [15/Apr/2025:18:57:29 -0400] "GET /wp-includes/js/jquery/jquery.min.js?ver=3.7.1 HTTP/1.1" 304 0 "https://creative-webstyle.com/navigating-the-world-of-international-shipping/" "Mozilla/5.0 AppleWebKit/537.36 (KHTML, like Gecko; compatible; ClaudeBot/1.0; +claudebot@anthropic.com)"
18.219.59.223 - - [15/Apr/2025:18:57:29 -0400] "GET /wp-includes/js/imagesloaded.min.js?ver=5.0.0 HTTP/1.1" 304 0 "https://creative-webstyle.com/navigating-the-world-of-international-shipping/" "Mozilla/5.0 AppleWebKit/537.36 (KHTML, like Gecko; compatible; ClaudeBot/1.0; +claudebot@anthropic.com)"
18.219.59.223 - - [15/Apr/2025:18:57:31 -0400] "GET /wp-includes/js/comment-reply.min.js?ver=6.7.2 HTTP/1.1" 304 0 "https://creative-webstyle.com/navigating-the-world-of-international-shipping/" "Mozilla/5.0 AppleWebKit/537.36 (KHTML, like Gecko; compatible; ClaudeBot/1.0; +claudebot@anthropic.com)"
18.219.59.223 - - [15/Apr/2025:18:57:31 -0400] "GET /wp-includes/js/wp-emoji-release.min.js?ver=6.7.2 HTTP/1.1" 304 0 "https://creative-webstyle.com/navigating-the-world-of-international-shipping/" "Mozilla/5.0 AppleWebKit/537.36 (KHTML, like Gecko; compatible; ClaudeBot/1.0; +claudebot@anthropic.com)"
154.54.249.218 - - [15/Apr/2025:18:57:43 -0400] "GET /navigieren-durch-das-labyrinth-des-uberdenkens-das-mentale-labyrinth-entratseln/ HTTP/1.1" 200 19017 "-" "Mozilla/5.0 (compatible; Barkrowler/0.9; +https://babbar.tech/crawler)"
217.113.194.254 - - [15/Apr/2025:18:58:02 -0400] "GET /authenitchits-features-the-best-top-notch-genuine-youtube-sights-at-affordable-prices/feed/ HTTP/1.1" 200 444 "-" "Mozilla/5.0 (compatible; Barkrowler/0.9; +https://babbar.tech/crawler)"
217.113.194.241 - - [15/Apr/2025:18:58:20 -0400] "GET /authenitchits-features-the-best-top-notch-genuine-youtube-sights-at-affordable-prices/ HTTP/1.1" 200 18425 "-" "Mozilla/5.0 (compatible; Barkrowler/0.9; +https://babbar.tech/crawler)"
217.113.194.234 - - [15/Apr/2025:18:58:40 -0400] "GET /ship-by-sea-to-bermuda-important-information-about-sea-shipping-and-moving-overseas-to-bermuda/feed/ HTTP/1.1" 200 457 "-" "Mozilla/5.0 (compatible; Barkrowler/0.9; +https://babbar.tech/crawler)"
198.54.114.83 - - [15/Apr/2025:18:58:43 -0400] "POST /wp-cron.php?doing_wp_cron=1744757921.1376190185546875000000 HTTP/1.1" 200 0 "-" "WordPress/6.7.2; https://creative-webstyle.com"
154.54.249.218 - - [15/Apr/2025:18:59:00 -0400] "GET /pokemon-party-favors-are-a-popular-way-to-thank-guests-at-your-childs-birthday-celebration/feed/ HTTP/1.1" 200 476 "-" "Mozilla/5.0 (compatible; Barkrowler/0.9; +https://babbar.tech/crawler)"
217.113.194.241 - - [15/Apr/2025:18:59:18 -0400] "GET /lake-champlain-und-5-moglichkeiten-diesen-grosartigen-see-zu-geniesen/feed/ HTTP/1.1" 200 453 "-" "Mozilla/5.0 (compatible; Barkrowler/0.9; +https://babbar.tech/crawler)"
23.94.228.241 - - [15/Apr/2025:18:59:25 -0400] "GET /how-to-order-a-birthday-cake-online/ HTTP/1.1" 200 18533 "-" "Mozilla/5.0 (Macintosh; Intel Mac OS X 12_5) AppleWebKit/605.1.15 (KHTML, like Gecko) Version/15.4 Safari/605.1.15"
23.94.228.241 - - [15/Apr/2025:18:59:37 -0400] "GET /category/sign-up/ HTTP/1.1" 200 14519 "https://creative-webstyle.com/how-to-order-a-birthday-cake-online/" "Mozilla/5.0 (Windows NT 6.3; Win64; x64) AppleWebKit/537.36 (KHTML, like Gecko) Chrome/103.0.0.0 Safari/537.36"
217.113.194.240 - - [15/Apr/2025:18:59:36 -0400] "GET /navigieren-durch-das-labyrinth-des-uberdenkens-das-mentale-labyrinth-entratseln/feed/ HTTP/1.1" 200 448 "-" "Mozilla/5.0 (compatible; Barkrowler/0.9; +https://babbar.tech/crawler)"
23.94.228.241 - - [15/Apr/2025:18:59:40 -0400] "GET /category/sign-up/ HTTP/1.1" 200 14519 "https://creative-webstyle.com/category/sign-up/" "Mozilla/5.0 (Windows NT 6.3; Win64; x64) AppleWebKit/537.36 (KHTML, like Gecko) Chrome/103.0.0.0 Safari/537.36"
23.94.228.241 - - [15/Apr/2025:18:59:44 -0400] "GET /how-to-order-a-birthday-cake-online/ HTTP/1.1" 200 18533 "https://creative-webstyle.com/how-to-order-a-birthday-cake-online/" "Mozilla/5.0 (Windows NT 6.3; Win64; x64) AppleWebKit/537.36 (KHTML, like Gecko) Chrome/103.0.0.0 Safari/537.36"
198.54.114.83 - - [15/Apr/2025:18:59:50 -0400] "POST /wp-cron.php?doing_wp_cron=1744757989.0354349613189697265625 HTTP/1.1" 200 0 "-" "WordPress/6.7.2; https://creative-webstyle.com"
23.94.228.241 - - [15/Apr/2025:18:59:48 -0400] "POST /wp-comments-post.php HTTP/1.1" 302 0 "https://creative-webstyle.com/how-to-order-a-birthday-cake-online/" "Mozilla/5.0 (Windows NT 6.3; Win64; x64) AppleWebKit/537.36 (KHTML, like Gecko) Chrome/103.0.0.0 Safari/537.36"
217.113.194.233 - - [15/Apr/2025:18:59:55 -0400] "GET /der-beste-scheidungsanwalt-in-hattingen-ihre-anlaufstelle-fur-rechtliche-unterstutzung/ HTTP/1.1" 200 17822 "-" "Mozilla/5.0 (compatible; Barkrowler/0.9; +https://babbar.tech/crawler)"
198.54.114.83 - - [15/Apr/2025:18:59:56 -0400] "POST /wp-admin/admin-ajax.php?action=async_litespeed&nonce=kyVtUJjniMSKVUmLXvU8ol7MldzxJHVG&litespeed_type=imgoptm HTTP/1.1" 200 0 "-" "WordPress/6.7.2; https://creative-webstyle.com"
23.94.228.241 - - [15/Apr/2025:18:59:54 -0400] "GET /how-to-order-a-birthday-cake-online/?unapproved=35260&moderation-hash=c4debac7ae46e482b971ee4b72c7332a HTTP/1.1" 200 19127 "https://creative-webstyle.com/wp-comments-post.php" "Mozilla/5.0 (Windows NT 6.3; Win64; x64) AppleWebKit/537.36 (KHTML, like Gecko) Chrome/103.0.0.0 Safari/537.36"
23.94.228.241 - - [15/Apr/2025:19:00:00 -0400] "GET /how-to-order-a-birthday-cake-online/ HTTP/1.1" 200 18533 "-" "Mozilla/5.0 (Windows NT 6.3; Win64; x64) AppleWebKit/537.36 (KHTML, like Gecko) Chrome/103.0.0.0 Safari/537.36"
217.113.194.239 - - [15/Apr/2025:19:00:15 -0400] "GET /curls-crafted-with-precision-unveiling-the-expertise-of-a-curly-hair-hairdresser-in-melbourne/ HTTP/1.1" 200 18339 "-" "Mozilla/5.0 (compatible; Barkrowler/0.9; +https://babbar.tech/crawler)"
217.113.194.241 - - [15/Apr/2025:19:00:39 -0400] "GET /curls-crafted-with-precision-unveiling-the-expertise-of-a-curly-hair-hairdresser-in-melbourne/feed/ HTTP/1.1" 200 469 "-" "Mozilla/5.0 (compatible; Barkrowler/0.9; +https://babbar.tech/crawler)"
198.54.114.83 - - [15/Apr/2025:19:00:58 -0400] "POST /wp-cron.php?doing_wp_cron=1744758057.5525128841400146484375 HTTP/1.1" 200 0 "-" "WordPress/6.7.2; https://creative-webstyle.com"
217.113.194.233 - - [15/Apr/2025:19:00:56 -0400] "GET /die-komplexitat-entratseln-die-rolle-eines-scheidungsanwalts-in-scheidungsverfahren/ HTTP/1.1" 200 18757 "-" "Mozilla/5.0 (compatible; Barkrowler/0.9; +https://babbar.tech/crawler)"
198.54.114.83 - - [15/Apr/2025:19:01:06 -0400] "POST /wp-admin/admin-ajax.php?action=async_litespeed&nonce=jFIx5UIke9Kyzx2ri6SyYjtyV2arJJJT&litespeed_type=imgoptm HTTP/1.1" 200 0 "-" "WordPress/6.7.2; https://creative-webstyle.com"
217.113.194.236 - - [15/Apr/2025:19:01:17 -0400] "GET /der-beste-scheidungsanwalt-in-hattingen-ihre-anlaufstelle-fur-rechtliche-unterstutzung/feed/ HTTP/1.1" 200 462 "-" "Mozilla/5.0 (compatible; Barkrowler/0.9; +https://babbar.tech/crawler)"
217.113.194.241 - - [15/Apr/2025:19:01:35 -0400] "GET /anti-wrinkle-treatment-the-incredible-wonders-of-this-treatment-in-effectively-handling-wrinkles/ HTTP/1.1" 200 18011 "-" "Mozilla/5.0 (compatible; Barkrowler/0.9; +https://babbar.tech/crawler)"
198.54.114.83 - - [15/Apr/2025:19:01:56 -0400] "POST /wp-cron.php?doing_wp_cron=1744758115.3205509185791015625000 HTTP/1.1" 200 0 "-" "WordPress/6.7.2; https://creative-webstyle.com"
217.113.194.236 - - [15/Apr/2025:19:01:54 -0400] "GET /anti-wrinkle-treatment-the-incredible-wonders-of-this-treatment-in-effectively-handling-wrinkles/feed/ HTTP/1.1" 200 470 "-" "Mozilla/5.0 (compatible; Barkrowler/0.9; +https://babbar.tech/crawler)"
198.54.114.83 - - [15/Apr/2025:19:02:02 -0400] "POST /wp-admin/admin-ajax.php?action=async_litespeed&nonce=XkpWftz2wKNX20kMl2ShkuEmCr6ACTbC&litespeed_type=imgoptm HTTP/1.1" 200 0 "-" "WordPress/6.7.2; https://creative-webstyle.com"
217.113.194.236 - - [15/Apr/2025:19:02:13 -0400] "GET /die-komplexitat-entratseln-die-rolle-eines-scheidungsanwalts-in-scheidungsverfahren/feed/ HTTP/1.1" 200 452 "-" "Mozilla/5.0 (compatible; Barkrowler/0.9; +https://babbar.tech/crawler)"
217.113.194.235 - - [15/Apr/2025:19:02:30 -0400] "GET /steigerung-der-stadtischen-sauberkeit-die-kunst-und-wirkung-der-reinigungspraxis-in-hamburg/ HTTP/1.1" 200 18855 "-" "Mozilla/5.0 (compatible; Barkrowler/0.9; +https://babbar.tech/crawler)"
198.54.114.83 - - [15/Apr/2025:19:02:51 -0400] "POST /wp-cron.php?doing_wp_cron=1744758170.8979210853576660156250 HTTP/1.1" 200 0 "-" "WordPress/6.7.2; https://creative-webstyle.com"
217.113.194.241 - - [15/Apr/2025:19:02:49 -0400] "GET /devoiler-la-puissance-du-referencement-naviguer-vers-le-succes-avec-une-agence-de-referencement-de-premier-plan/ HTTP/1.1" 200 18705 "-" "Mozilla/5.0 (compatible; Barkrowler/0.9; +https://babbar.tech/crawler)"
23.94.228.241 - - [15/Apr/2025:19:02:57 -0400] "GET /how-to-order-a-birthday-cake-online/ HTTP/1.1" 200 18533 "-" "Mozilla/5.0 (Windows NT 10.0; Win64; x64; Xbox; Xbox One) AppleWebKit/537.36 (KHTML, like Gecko) Chrome/114.0.0.0 Safari/537.36 Edge/44.18363.8131"
198.54.114.83 - - [15/Apr/2025:19:03:12 -0400] "POST /wp-cron.php?doing_wp_cron=1744758190.9814729690551757812500 HTTP/1.1" 200 0 "-" "WordPress/6.7.2; https://creative-webstyle.com"
217.113.194.240 - - [15/Apr/2025:19:03:10 -0400] "GET /devoiler-la-puissance-du-referencement-naviguer-vers-le-succes-avec-une-agence-de-referencement-de-premier-plan/feed/ HTTP/1.1" 200 491 "-" "Mozilla/5.0 (compatible; Barkrowler/0.9; +https://babbar.tech/crawler)"
217.113.194.254 - - [15/Apr/2025:19:03:28 -0400] "GET /steigerung-der-stadtischen-sauberkeit-die-kunst-und-wirkung-der-reinigungspraxis-in-hamburg/feed/ HTTP/1.1" 200 482 "-" "Mozilla/5.0 (compatible; Barkrowler/0.9; +https://babbar.tech/crawler)"
217.113.194.240 - - [15/Apr/2025:19:03:46 -0400] "GET /rifugio-sereno-unoasi-in-un-agriturismo-sul-lago-di-garda-con-una-piscina-frizzante/ HTTP/1.1" 200 18433 "-" "Mozilla/5.0 (compatible; Barkrowler/0.9; +https://babbar.tech/crawler)"
217.113.194.240 - - [15/Apr/2025:19:04:06 -0400] "GET /rifugio-sereno-unoasi-in-un-agriturismo-sul-lago-di-garda-con-una-piscina-frizzante/feed/ HTTP/1.1" 200 470 "-" "Mozilla/5.0 (compatible; Barkrowler/0.9; +https://babbar.tech/crawler)"
198.54.114.83 - - [15/Apr/2025:19:04:26 -0400] "POST /wp-cron.php?doing_wp_cron=1744758265.8454129695892333984375 HTTP/1.1" 200 0 "-" "WordPress/6.7.2; https://creative-webstyle.com"
198.54.114.83 - - [15/Apr/2025:19:04:27 -0400] "POST /wp-admin/admin-ajax.php?action=async_litespeed&nonce=FHgHvYvcd26oYYs4ydLBaAysophULeWp&litespeed_type=imgoptm HTTP/1.1" 200 0 "-" "WordPress/6.7.2; https://creative-webstyle.com"
217.113.194.241 - - [15/Apr/2025:19:04:24 -0400] "GET /menschen-gefallen-die-heimtuckische-angewohnheit-die-sich-auf-ihr-privat-und-berufsleben-auswirken-kann/ HTTP/1.1" 200 18551 "-" "Mozilla/5.0 (compatible; Barkrowler/0.9; +https://babbar.tech/crawler)"
217.113.194.234 - - [15/Apr/2025:19:04:46 -0400] "GET /menschen-gefallen-die-heimtuckische-angewohnheit-die-sich-auf-ihr-privat-und-berufsleben-auswirken-kann/feed/ HTTP/1.1" 200 491 "-" "Mozilla/5.0 (compatible; Barkrowler/0.9; +https://babbar.tech/crawler)"
217.113.194.238 - - [15/Apr/2025:19:05:07 -0400] "GET /%E0%B8%AA%E0%B8%A5%E0%B9%87%E0%B8%AD%E0%B8%95888-%E0%B9%80%E0%B8%84%E0%B8%A3%E0%B8%94%E0%B8%B4%E0%B8%95%E0%B8%9F%E0%B8%A3%E0%B8%B5-%E0%B9%84%E0%B8%A1%E0%B9%88%E0%B8%95%E0%B9%89%E0%B8%AD%E0%B8%87/ HTTP/1.1" 500 13502 "-" "Mozilla/5.0 (compatible; Barkrowler/0.9; +https://babbar.tech/crawler)"
198.54.114.83 - - [15/Apr/2025:19:05:10 -0400] "POST /wp-cron.php?doing_wp_cron=1744758307.8112618923187255859375 HTTP/1.1" 200 0 "-" "WordPress/6.7.2; https://creative-webstyle.com"
217.113.194.234 - - [15/Apr/2025:19:05:26 -0400] "GET /%E0%B9%82%E0%B8%A5%E0%B8%81%E0%B8%97%E0%B8%B5%E0%B9%88%E0%B8%99%E0%B9%88%E0%B8%B2%E0%B8%95%E0%B8%B7%E0%B9%88%E0%B8%99%E0%B9%80%E0%B8%95%E0%B9%89%E0%B8%99%E0%B8%82%E0%B8%AD%E0%B8%87%E0%B8%AA%E0%B8%A5/ HTTP/1.1" 500 12226 "-" "Mozilla/5.0 (compatible; Barkrowler/0.9; +https://babbar.tech/crawler)"
198.54.114.83 - - [15/Apr/2025:19:06:32 -0400] "POST /wp-cron.php?doing_wp_cron=1744758388.9122650623321533203125 HTTP/1.1" 200 0 "-" "WordPress/6.7.2; https://creative-webstyle.com"
197.221.2.7 - - [15/Apr/2025:19:06:27 -0400] "GET /wp-json/wp/v2/users/ HTTP/1.1" 200 2069 "-" "Mozilla/5.0 (X11; Linux x86_64) AppleWebKit/537.36 (KHTML, like Gecko) Chrome/135.0.7049.42 Safari/537.36"
85.208.96.200 - - [15/Apr/2025:19:07:20 -0400] "GET /la-publicite-par-drapeau-une-strategie-visuelle-efficace/ HTTP/1.1" 200 17917 "-" "Mozilla/5.0 (compatible; SemrushBot/7~bl; +http://www.semrush.com/bot.html)"
198.54.114.83 - - [15/Apr/2025:19:08:22 -0400] "POST /wp-cron.php?doing_wp_cron=1744758501.1324710845947265625000 HTTP/1.1" 200 0 "-" "WordPress/6.7.2; https://creative-webstyle.com"
185.61.218.144 - - [15/Apr/2025:19:08:12 -0400] "GET /lelegance-historique-de-lenseigne-quai-du-mont-blanc/ HTTP/1.1" 200 18145 "https://creative-webstyle.com/lelegance-historique-de-lenseigne-quai-du-mont-blanc/" "Mozilla/5.0 (Windows NT 6.1; Win64; x64) AppleWebKit/537.36 (KHTML, like Gecko) Chrome/103.0.0.0 Safari/537.36"
185.61.218.144 - - [15/Apr/2025:19:08:33 -0400] "POST /wp-comments-post.php HTTP/1.1" 302 0 "https://creative-webstyle.com/lelegance-historique-de-lenseigne-quai-du-mont-blanc/" "Mozilla/5.0 (Windows NT 6.1; Win64; x64) AppleWebKit/537.36 (KHTML, like Gecko) Chrome/103.0.0.0 Safari/537.36"
185.61.218.144 - - [15/Apr/2025:19:08:38 -0400] "GET /lelegance-historique-de-lenseigne-quai-du-mont-blanc/ HTTP/1.1" 200 19134 "https://creative-webstyle.com/lelegance-historique-de-lenseigne-quai-du-mont-blanc/#comment-35261" "Mozilla/5.0 (Windows NT 6.1; Win64; x64) AppleWebKit/537.36 (KHTML, like Gecko) Chrome/103.0.0.0 Safari/537.36"
43.132.229.118 - - [15/Apr/2025:19:09:17 -0400] "GET /montreal-home-care-providers-and-tax-credits/ HTTP/1.1" 200 18381 "-" "Python/3.10 aiohttp/3.10.5"
185.191.171.5 - - [15/Apr/2025:19:18:22 -0400] "GET /horse-racing-betting-gambling-system-critical-overview/ HTTP/1.1" 200 18554 "-" "Mozilla/5.0 (compatible; SemrushBot/7~bl; +http://www.semrush.com/bot.html)"
188.166.247.40 - - [15/Apr/2025:19:23:32 -0400] "GET /wp-admin/network/index.php HTTP/1.1" 302 0 "-" "Mozlila/5.0 (Linux; Android 7.0; SM-G892A Bulid/NRD90M; wv) AppleWebKit/537.36 (KHTML, like Gecko) Version/4.0 Chrome/60.0.3112.107 Moblie Safari/537.36"
188.166.247.40 - - [15/Apr/2025:19:23:33 -0400] "GET /wp-login.php?redirect_to=https%3A%2F%2Fcreative-webstyle.com%2Fwp-admin%2Fnetwork%2Findex.php&reauth=1 HTTP/1.1" 200 1699 "-" "Mozlila/5.0 (Linux; Android 7.0; SM-G892A Bulid/NRD90M; wv) AppleWebKit/537.36 (KHTML, like Gecko) Version/4.0 Chrome/60.0.3112.107 Moblie Safari/537.36"
198.54.114.83 - - [15/Apr/2025:19:24:31 -0400] "POST /wp-cron.php?doing_wp_cron=1744759470.8311469554901123046875 HTTP/1.1" 200 0 "-" "WordPress/6.7.2; https://creative-webstyle.com"
2a02:598:128:8a00::b00:15 - - [15/Apr/2025:19:24:29 -0400] "GET /leading-architects-of-maine/ HTTP/1.1" 200 18092 "-" "Mozilla/5.0 (compatible; SeznamBot/4.0; +https://o-seznam.cz/napoveda/vyhledavani/en/seznambot-crawler/)"
2a03:2880:30ff:6:: - - [15/Apr/2025:19:27:50 -0400] "GET / HTTP/1.1" 200 78396 "-" "facebookexternalhit/1.1 (+http://www.facebook.com/externalhit_uatext.php)"
2a03:2880:30ff:73:: - - [15/Apr/2025:19:27:50 -0400] "GET / HTTP/1.1" 200 78396 "-" "facebookexternalhit/1.1 (+http://www.facebook.com/externalhit_uatext.php)"
198.54.114.83 - - [15/Apr/2025:19:27:57 -0400] "POST /wp-cron.php?doing_wp_cron=1744759676.4851698875427246093750 HTTP/1.1" 200 0 "-" "WordPress/6.7.2; https://creative-webstyle.com"
2a03:2880:30ff:4:: - - [15/Apr/2025:19:27:50 -0400] "GET /meta.json HTTP/1.1" 200 0 "-" "facebookexternalhit/1.1 (+http://www.facebook.com/externalhit_uatext.php)"
198.54.114.83 - - [15/Apr/2025:19:28:03 -0400] "POST /wp-admin/admin-ajax.php?action=async_litespeed&nonce=7Jv1KnhS4wKs6Hybe2oKJKK8qrioF8s8&litespeed_type=imgoptm HTTP/1.1" 200 0 "-" "WordPress/6.7.2; https://creative-webstyle.com"
2a02:598:128:8a00::b00:a - - [15/Apr/2025:19:32:22 -0400] "GET /the-journey-of-a-pert-pipe-manufacturer/feed/ HTTP/1.1" 200 407 "-" "Mozilla/5.0 (compatible; SeznamBot/4.0; +https://o-seznam.cz/napoveda/vyhledavani/en/seznambot-crawler/)"
178.217.98.213 - - [15/Apr/2025:19:34:35 -0400] "GET /why-composite-doors-are-perfect-for-homes-across-south-wales/ HTTP/1.1" 200 18298 "-" "Mozilla/5.0 (Windows NT 10.0; Win64; x64) AppleWebKit/537.36 (KHTML, like Gecko) Chrome/114.0.0.0 Safari/537.36 OPR/89.0.4447.51"
178.217.98.213 - - [15/Apr/2025:19:34:42 -0400] "GET /category/sign-up/ HTTP/1.1" 200 14519 "https://creative-webstyle.com/why-composite-doors-are-perfect-for-homes-across-south-wales/" "Mozilla/5.0 (Windows NT 6.3; Win64; x64) AppleWebKit/537.36 (KHTML, like Gecko) Chrome/103.0.0.0 Safari/537.36"
178.217.98.213 - - [15/Apr/2025:19:34:46 -0400] "GET /category/sign-up/ HTTP/1.1" 200 14519 "https://creative-webstyle.com/category/sign-up/" "Mozilla/5.0 (Windows NT 6.3; Win64; x64) AppleWebKit/537.36 (KHTML, like Gecko) Chrome/103.0.0.0 Safari/537.36"
178.217.98.213 - - [15/Apr/2025:19:34:49 -0400] "GET /why-composite-doors-are-perfect-for-homes-across-south-wales/ HTTP/1.1" 200 18298 "https://creative-webstyle.com/why-composite-doors-are-perfect-for-homes-across-south-wales/" "Mozilla/5.0 (Windows NT 6.3; Win64; x64) AppleWebKit/537.36 (KHTML, like Gecko) Chrome/103.0.0.0 Safari/537.36"
198.54.114.83 - - [15/Apr/2025:19:34:59 -0400] "POST /wp-cron.php?doing_wp_cron=1744760096.9703130722045898437500 HTTP/1.1" 200 0 "-" "WordPress/6.7.2; https://creative-webstyle.com"
178.217.98.213 - - [15/Apr/2025:19:34:50 -0400] "POST /wp-comments-post.php HTTP/1.1" 302 0 "https://creative-webstyle.com/why-composite-doors-are-perfect-for-homes-across-south-wales/" "Mozilla/5.0 (Windows NT 6.3; Win64; x64) AppleWebKit/537.36 (KHTML, like Gecko) Chrome/103.0.0.0 Safari/537.36"
178.217.98.213 - - [15/Apr/2025:19:35:06 -0400] "GET /why-composite-doors-are-perfect-for-homes-across-south-wales/?unapproved=35262&moderation-hash=bd2bf25e7fc851fcb7ac23d93940dd5a HTTP/1.1" 200 18942 "https://creative-webstyle.com/wp-comments-post.php" "Mozilla/5.0 (Windows NT 6.3; Win64; x64) AppleWebKit/537.36 (KHTML, like Gecko) Chrome/103.0.0.0 Safari/537.36"
178.217.98.213 - - [15/Apr/2025:19:35:16 -0400] "GET /why-composite-doors-are-perfect-for-homes-across-south-wales/ HTTP/1.1" 200 18298 "-" "Mozilla/5.0 (Windows NT 6.3; Win64; x64) AppleWebKit/537.36 (KHTML, like Gecko) Chrome/103.0.0.0 Safari/537.36"
2a02:598:128:8a00::b00:15 - - [15/Apr/2025:19:37:25 -0400] "GET /die-starken-der-besten-helden/ HTTP/1.1" 200 18284 "-" "Mozilla/5.0 (compatible; SeznamBot/4.0; +https://o-seznam.cz/napoveda/vyhledavani/en/seznambot-crawler/)"
185.191.171.2 - - [15/Apr/2025:19:37:31 -0400] "GET /magia-e-strategia-il-mondo-delle-carte-magic-the-gathering/ HTTP/1.1" 200 18290 "-" "Mozilla/5.0 (compatible; SemrushBot/7~bl; +http://www.semrush.com/bot.html)"
178.217.98.213 - - [15/Apr/2025:19:39:34 -0400] "GET /why-composite-doors-are-perfect-for-homes-across-south-wales/ HTTP/1.1" 200 18298 "-" "Mozilla/5.0 (Windows NT 10.0; Win64; x64; Xbox; Xbox One) AppleWebKit/537.36 (KHTML, like Gecko) Chrome/114.0.0.0 Safari/537.36 Edge/44.18363.8131"
198.54.114.83 - - [15/Apr/2025:19:41:52 -0400] "POST /wp-cron.php?doing_wp_cron=1744760511.2725839614868164062500 HTTP/1.1" 200 0 "-" "WordPress/6.7.2; https://creative-webstyle.com"
3.145.15.153 - - [15/Apr/2025:19:41:45 -0400] "GET /wp-json/oembed/1.0/embed?format=xml&url=https%3A%2F%2Fcreative-webstyle.com%2Fmagic-mushroom-chocolate-bars%2F HTTP/1.1" 200 0 "-" "Mozilla/5.0 AppleWebKit/537.36 (KHTML, like Gecko; compatible; ClaudeBot/1.0; +claudebot@anthropic.com)"
198.54.114.83 - - [15/Apr/2025:19:41:59 -0400] "POST /wp-admin/admin-ajax.php?action=async_litespeed&nonce=DCNOdPQ1xXLAAGQUMD6x9gNnq9Zzo838&litespeed_type=imgoptm HTTP/1.1" 200 0 "-" "WordPress/6.7.2; https://creative-webstyle.com"
151.106.173.252 - - [15/Apr/2025:19:42:05 -0400] "GET /images/slider/elastic/05.jpg HTTP/1.1" 404 12634 "-" "Mozilla/5.0 (X11; Ubuntu; Linux x86_64; rv:72.0) Gecko/20100101 Firefox/72.0"
151.106.173.252 - - [15/Apr/2025:19:42:16 -0400] "GET /images/slider/elastic/05.jpg HTTP/1.1" 404 12634 "-" "Mozilla/5.0 (X11; Ubuntu; Linux x86_64; rv:72.0) Gecko/20100101 Firefox/72.0"
198.54.114.83 - - [15/Apr/2025:19:42:20 -0400] "POST /wp-cron.php?doing_wp_cron=1744760536.8654069900512695312500 HTTP/1.1" 200 0 "-" "WordPress/6.7.2; https://creative-webstyle.com"
151.106.173.252 - - [15/Apr/2025:19:42:21 -0400] "GET /images/slider/elastic/05.jpg HTTP/1.1" 404 12634 "-" "Mozilla/5.0 (X11; Ubuntu; Linux x86_64; rv:72.0) Gecko/20100101 Firefox/72.0"
3.22.242.110 - - [15/Apr/2025:19:46:20 -0400] "GET /wp-json/oembed/1.0/embed?url=https%3A%2F%2Fcreative-webstyle.com%2Fmagic-mushroom-chocolate-bars%2F HTTP/1.1" 200 0 "-" "Mozilla/5.0 AppleWebKit/537.36 (KHTML, like Gecko; compatible; ClaudeBot/1.0; +claudebot@anthropic.com)"
198.54.114.83 - - [15/Apr/2025:19:46:28 -0400] "POST /wp-cron.php?doing_wp_cron=1744760787.4449610710144042968750 HTTP/1.1" 200 0 "-" "WordPress/6.7.2; https://creative-webstyle.com"
178.68.117.5 - - [15/Apr/2025:19:46:39 -0400] "GET /hvac-systems-and-mold/ HTTP/1.1" 200 19434 "https://creative-webstyle.com/hvac-systems-and-mold/#comment-34683" "Mozilla/5.0 (Windows NT 10.0; Win64; x64) AppleWebKit/537.36 (KHTML, like Gecko) Chrome/130.0.0.0 Safari/537.36 CCleaner/130.0.0.0"
178.68.117.5 - - [15/Apr/2025:19:46:49 -0400] "POST /wp-comments-post.php HTTP/1.1" 302 0 "https://creative-webstyle.com/hvac-systems-and-mold/#comment-34683" "Mozilla/5.0 (Windows NT 10.0; Win64; x64) AppleWebKit/537.36 (KHTML, like Gecko) Chrome/130.0.0.0 Safari/537.36 CCleaner/130.0.0.0"
178.68.117.5 - - [15/Apr/2025:19:46:56 -0400] "GET /hvac-systems-and-mold/ HTTP/1.1" 200 20149 "https://creative-webstyle.com/hvac-systems-and-mold/#comment-35263" "Mozilla/5.0 (Windows NT 10.0; Win64; x64) AppleWebKit/537.36 (KHTML, like Gecko) Chrome/130.0.0.0 Safari/537.36 CCleaner/130.0.0.0"
18.188.103.42 - - [15/Apr/2025:19:48:49 -0400] "GET /magic-mushroom-chocolate-bars/feed HTTP/1.1" 200 0 "-" "Mozilla/5.0 AppleWebKit/537.36 (KHTML, like Gecko; compatible; ClaudeBot/1.0; +claudebot@anthropic.com)"
198.54.114.83 - - [15/Apr/2025:19:49:09 -0400] "POST /wp-cron.php?doing_wp_cron=1744760945.7096989154815673828125 HTTP/1.1" 200 0 "-" "WordPress/6.7.2; https://creative-webstyle.com"
47.79.6.175 - - [15/Apr/2025:19:49:50 -0400] "GET /%E0%B8%AA%E0%B8%A5%E0%B9%87%E0%B8%AD%E0%B8%95888-%E0%B9%80%E0%B8%84%E0%B8%A3%E0%B8%94%E0%B8%B4%E0%B8%95%E0%B8%9F%E0%B8%A3%E0%B8%B5-%E0%B9%84%E0%B8%A1%E0%B9%88%E0%B8%95%E0%B9%89%E0%B8%AD%E0%B8%87 HTTP/1.1" 301 0 "https://creative-webstyle.com/%e0%b8%aa%e0%b8%a5%e0%b9%87%e0%b8%ad%e0%b8%95888-%e0%b9%80%e0%b8%84%e0%b8%a3%e0%b8%94%e0%b8%b4%e0%b8%95%e0%b8%9f%e0%b8%a3%e0%b8%b5-%e0%b9%84%e0%b8%a1%e0%b9%88%e0%b8%95%e0%b9%89%e0%b8%ad%e0%b8%87" "Mozilla/5.0 (Windows NT 10.0; Win64; x64) AppleWebKit/537.36 (KHTML, like Gecko) Chrome/114.0.0.0 Safari/537.36 Edg/114.0.1823.43"
198.54.114.83 - - [15/Apr/2025:19:51:13 -0400] "POST /wp-cron.php?doing_wp_cron=1744761072.5440089702606201171875 HTTP/1.1" 200 0 "-" "WordPress/6.7.2; https://creative-webstyle.com"
35.240.128.90 - - [15/Apr/2025:19:51:10 -0400] "POST /wp-login.php HTTP/1.1" 200 1817 "-" "Mozlila/5.0 (Linux; Android 7.0; SM-G892A Bulid/NRD90M; wv) AppleWebKit/537.36 (KHTML, like Gecko) Version/4.0 Chrome/60.0.3112.107 Moblie Safari/537.36"
35.240.128.90 - - [15/Apr/2025:19:51:16 -0400] "GET /wp-admin/plugin-install.php?tab=upload HTTP/1.1" 302 0 "-" "Mozlila/5.0 (Linux; Android 7.0; SM-G892A Bulid/NRD90M; wv) AppleWebKit/537.36 (KHTML, like Gecko) Version/4.0 Chrome/60.0.3112.107 Moblie Safari/537.36"
35.240.128.90 - - [15/Apr/2025:19:51:19 -0400] "GET /wp-login.php?redirect_to=https%3A%2F%2Fcreative-webstyle.com%2Fwp-admin%2Fplugin-install.php%3Ftab%3Dupload&reauth=1 HTTP/1.1" 200 1715 "-" "Mozlila/5.0 (Linux; Android 7.0; SM-G892A Bulid/NRD90M; wv) AppleWebKit/537.36 (KHTML, like Gecko) Version/4.0 Chrome/60.0.3112.107 Moblie Safari/537.36"
198.54.114.83 - - [15/Apr/2025:19:51:20 -0400] "POST /wp-admin/admin-ajax.php?action=async_litespeed&nonce=yZwPW2BQiLFAFa2dv4nGUGaOlLudOMRG&litespeed_type=imgoptm HTTP/1.1" 200 0 "-" "WordPress/6.7.2; https://creative-webstyle.com"
198.54.114.83 - - [15/Apr/2025:19:58:00 -0400] "POST /wp-cron.php?doing_wp_cron=1744761479.9184339046478271484375 HTTP/1.1" 200 0 "-" "WordPress/6.7.2; https://creative-webstyle.com"
40.77.167.5 - - [15/Apr/2025:19:57:54 -0400] "GET /sitemap_index.xml HTTP/1.1" 200 293 "-" "Mozilla/5.0 AppleWebKit/537.36 (KHTML, like Gecko; compatible; bingbot/2.0; +http://www.bing.com/bingbot.htm) Chrome/116.0.1938.76 Safari/537.36"
198.54.114.83 - - [15/Apr/2025:19:58:07 -0400] "POST /wp-admin/admin-ajax.php?action=async_litespeed&nonce=xc2udlkhrwVYwXWw37jh9kgFdRqxxtNF&litespeed_type=imgoptm HTTP/1.1" 200 0 "-" "WordPress/6.7.2; https://creative-webstyle.com"
3.137.200.226 - - [15/Apr/2025:19:58:30 -0400] "GET /?p=159 HTTP/1.1" 200 78396 "-" "Mozilla/5.0 AppleWebKit/537.36 (KHTML, like Gecko; compatible; ClaudeBot/1.0; +claudebot@anthropic.com)"
62.113.115.161 - - [15/Apr/2025:19:59:18 -0400] "GET /hvac-systems-and-mold/ HTTP/1.1" 200 19434 "https://creative-webstyle.com/hvac-systems-and-mold/" "Mozilla/5.0 (Windows NT 10.0; Win64; x64) AppleWebKit/537.36 (KHTML, like Gecko) Chrome/129.0.0.0 Safari/537.36"
198.54.114.83 - - [15/Apr/2025:19:59:21 -0400] "POST /wp-cron.php?doing_wp_cron=1744761560.9804151058197021484375 HTTP/1.1" 200 0 "-" "WordPress/6.7.2; https://creative-webstyle.com"
62.113.115.161 - - [15/Apr/2025:19:59:19 -0400] "POST /wp-comments-post.php HTTP/1.1" 200 980 "https://creative-webstyle.com/hvac-systems-and-mold/" "Mozilla/5.0 (Windows NT 10.0; Win64; x64) AppleWebKit/537.36 (KHTML, like Gecko) Chrome/129.0.0.0 Safari/537.36"
198.54.114.83 - - [15/Apr/2025:19:59:28 -0400] "POST /wp-admin/admin-ajax.php?action=async_litespeed&nonce=nTKBAp1cLg6SlZDYRP68ekWJEtILFFql&litespeed_type=imgoptm HTTP/1.1" 200 0 "-" "WordPress/6.7.2; https://creative-webstyle.com"
47.79.202.125 - - [15/Apr/2025:20:00:26 -0400] "GET / HTTP/1.1" 200 78396 "https://www.google.com/" "Mozilla/5.0 (Linux; Android 10; K) AppleWebKit/537.36 (KHTML, like Gecko) Chrome/132.0.0.0 Safari/537.36"
185.191.171.3 - - [15/Apr/2025:20:02:19 -0400] "GET /robots.txt HTTP/1.1" 304 0 "-" "Mozilla/5.0 (compatible; SemrushBot/7~bl; +http://www.semrush.com/bot.html)"
85.208.96.200 - - [15/Apr/2025:20:02:21 -0400] "GET /the-safest-way-to-use-hair-removal-cream/ HTTP/1.1" 200 18363 "-" "Mozilla/5.0 (compatible; SemrushBot/7~bl; +http://www.semrush.com/bot.html)"
198.54.114.83 - - [15/Apr/2025:20:03:00 -0400] "POST /wp-cron.php?doing_wp_cron=1744761779.0100479125976562500000 HTTP/1.1" 200 0 "-" "WordPress/6.7.2; https://creative-webstyle.com"
3.137.210.249 - - [15/Apr/2025:20:02:53 -0400] "GET /wp-json/wp/v2/posts/159 HTTP/1.1" 200 0 "-" "Mozilla/5.0 AppleWebKit/537.36 (KHTML, like Gecko; compatible; ClaudeBot/1.0; +claudebot@anthropic.com)"
3.88.5.251 - - [15/Apr/2025:20:09:11 -0400] "GET /.git/config HTTP/1.1" 403 1242 "-" "Mozilla/5.0 (Linux; U; Android 1.5; en-us; T-Mobile G1 Build/CRB43) AppleWebKit/528.5 (KHTML, like Gecko) Version/3.1.2 Mobile Safari 525.20.1"
150.109.58.248 - - [15/Apr/2025:20:15:00 -0400] "GET /natural-remedies-to-prevent-and-treat-cancer/ HTTP/1.1" 200 18427 "-" "Python/3.10 aiohttp/3.10.5"
140.245.9.158 - - [15/Apr/2025:20:15:51 -0400] "GET /why-composite-doors-are-perfect-for-homes-across-south-wales/ HTTP/1.1" 200 18298 "-" "Mozilla/5.0 (Windows NT 10.0; Win64; x64; Xbox; Xbox One) AppleWebKit/537.36 (KHTML, like Gecko) Chrome/114.0.0.0 Safari/537.36 Edge/44.18363.8131"
207.46.13.111 - - [15/Apr/2025:20:19:46 -0400] "GET /what-you-should-notice-when-buying-any-michael-kors-handbag/ HTTP/1.1" 200 18275 "-" "Mozilla/5.0 AppleWebKit/537.36 (KHTML, like Gecko; compatible; bingbot/2.0; +http://www.bing.com/bingbot.htm) Chrome/116.0.1938.76 Safari/537.36"
115.144.67.180 - - [15/Apr/2025:20:28:12 -0400] "GET /cbd-vape-uk-how-to-find-the-best-cbd-vape-products-in-the-uk/ HTTP/1.1" 200 18339 "-" "Mozilla/5.0 (Windows NT 10.0; Win64; x64; Xbox; Xbox One) AppleWebKit/537.36 (KHTML, like Gecko) Chrome/114.0.0.0 Safari/537.36 Edge/44.18363.8131"
198.54.114.83 - - [15/Apr/2025:20:29:02 -0400] "POST /wp-cron.php?doing_wp_cron=1744763342.2300260066986083984375 HTTP/1.1" 200 0 "-" "WordPress/6.7.2; https://creative-webstyle.com"
45.93.184.81 - - [15/Apr/2025:20:28:57 -0400] "GET /category/activity/page/144/ HTTP/1.1" 200 16364 "-" "Mozilla/5.0 (Windows NT 6.2) AppleWebKit/537.36 (KHTML, like Gecko) Chrome/28.0.1467.0 Safari/537.36"
198.54.114.83 - - [15/Apr/2025:20:29:09 -0400] "POST /wp-admin/admin-ajax.php?action=async_litespeed&nonce=GpcIkAF1wz9E6WVmU7JiTjZz00dHVzro&litespeed_type=imgoptm HTTP/1.1" 200 0 "-" "WordPress/6.7.2; https://creative-webstyle.com"
