185.191.171.19 - - [15/Apr/2025:09:02:44 -0400] "GET /die-starken-der-besten-helden/ HTTP/1.1" 200 18284 "-" "Mozilla/5.0 (compatible; SemrushBot/7~bl; +http://www.semrush.com/bot.html)"
217.113.194.233 - - [15/Apr/2025:09:02:48 -0400] "GET /luxe-living-at-union-square-residences/feed/ HTTP/1.1" 200 411 "-" "Mozilla/5.0 (compatible; Barkrowler/0.9; +https://babbar.tech/crawler)"
217.113.194.234 - - [15/Apr/2025:09:03:05 -0400] "GET /the-basics-of-using-a-norcold-refrigerator/ HTTP/1.1" 200 17828 "-" "Mozilla/5.0 (compatible; Barkrowler/0.9; +https://babbar.tech/crawler)"
217.113.194.233 - - [15/Apr/2025:09:03:23 -0400] "GET /why-buying-shares-could-be-lucrative/feed/ HTTP/1.1" 200 405 "-" "Mozilla/5.0 (compatible; Barkrowler/0.9; +https://babbar.tech/crawler)"
198.54.114.83 - - [15/Apr/2025:09:03:25 -0400] "POST /wp-cron.php?doing_wp_cron=1744722204.1669759750366210937500 HTTP/1.1" 200 0 "-" "WordPress/6.7.2; https://creative-webstyle.com"
217.113.194.235 - - [15/Apr/2025:09:03:42 -0400] "GET /chatbot-saas-the-complete-guide-2023/feed/ HTTP/1.1" 200 405 "-" "Mozilla/5.0 (compatible; Barkrowler/0.9; +https://babbar.tech/crawler)"
217.113.194.241 - - [15/Apr/2025:09:04:03 -0400] "GET /explosion-proof-sanitary-ball-valves/feed/ HTTP/1.1" 200 400 "-" "Mozilla/5.0 (compatible; Barkrowler/0.9; +https://babbar.tech/crawler)"
217.113.194.241 - - [15/Apr/2025:09:04:20 -0400] "GET /discovering-nusa-penida-a-hidden-gem/feed/ HTTP/1.1" 200 404 "-" "Mozilla/5.0 (compatible; Barkrowler/0.9; +https://babbar.tech/crawler)"
217.113.194.241 - - [15/Apr/2025:09:04:37 -0400] "GET /discover-the-charm-of-resort-lake-garda/feed/ HTTP/1.1" 200 407 "-" "Mozilla/5.0 (compatible; Barkrowler/0.9; +https://babbar.tech/crawler)"
198.54.114.83 - - [15/Apr/2025:09:04:46 -0400] "POST /wp-cron.php?doing_wp_cron=1744722281.8270890712738037109375 HTTP/1.1" 200 0 "-" "WordPress/6.7.2; https://creative-webstyle.com"
2a03:2880:f800:9:: - - [15/Apr/2025:09:04:55 -0400] "GET /the-timeless-allure-of-designer-handbags/ HTTP/1.1" 200 18380 "-" "meta-externalagent/1.1 (+https://developers.facebook.com/docs/sharing/webmasters/crawler)"
217.113.194.237 - - [15/Apr/2025:09:05:02 -0400] "GET /discover-the-charm-of-resort-lake-garda/ HTTP/1.1" 200 17909 "-" "Mozilla/5.0 (compatible; Barkrowler/0.9; +https://babbar.tech/crawler)"
217.113.194.234 - - [15/Apr/2025:09:05:21 -0400] "GET /discover-the-charm-of-lake-garda-resorts/feed/ HTTP/1.1" 200 411 "-" "Mozilla/5.0 (compatible; Barkrowler/0.9; +https://babbar.tech/crawler)"
217.113.194.240 - - [15/Apr/2025:09:05:39 -0400] "GET /discover-the-magic-of-rainbow-riches-casino/ HTTP/1.1" 200 17872 "-" "Mozilla/5.0 (compatible; Barkrowler/0.9; +https://babbar.tech/crawler)"
198.54.114.83 - - [15/Apr/2025:09:05:45 -0400] "POST /wp-cron.php?doing_wp_cron=1744722344.4147338867187500000000 HTTP/1.1" 200 0 "-" "WordPress/6.7.2; https://creative-webstyle.com"
2a02:598:128:8a00::b00:a - - [15/Apr/2025:09:05:44 -0400] "GET /streamlining-data-migration-the-art-of-file-transfer/ HTTP/1.1" 200 18308 "-" "Mozilla/5.0 (compatible; SeznamBot/4.0; +https://o-seznam.cz/napoveda/vyhledavani/en/seznambot-crawler/)"
217.113.194.232 - - [15/Apr/2025:09:05:58 -0400] "GET /discover-the-magic-of-rainbow-riches-casino/feed/ HTTP/1.1" 200 410 "-" "Mozilla/5.0 (compatible; Barkrowler/0.9; +https://babbar.tech/crawler)"
116.76.39.129 - - [15/Apr/2025:09:06:13 -0400] "GET /robots.txt HTTP/1.1" 200 110 "-" "Mozilla/5.0 (Windows NT 10.0; Win64; x64) AppleWebKit/537.36 (KHTML, like Gecko) Chrome/89.0.2973.56 Safari/537.36 Edge/18.18362"
217.113.194.233 - - [15/Apr/2025:09:06:16 -0400] "GET /discover-the-magic-of-rainbow-riches-casino-2/ HTTP/1.1" 200 18082 "-" "Mozilla/5.0 (compatible; Barkrowler/0.9; +https://babbar.tech/crawler)"
217.113.194.235 - - [15/Apr/2025:09:06:35 -0400] "GET /discovering-the-elegance-of-botany-showflat/feed/ HTTP/1.1" 200 410 "-" "Mozilla/5.0 (compatible; Barkrowler/0.9; +https://babbar.tech/crawler)"
198.54.114.83 - - [15/Apr/2025:09:06:55 -0400] "POST /wp-cron.php?doing_wp_cron=1744722414.0689051151275634765625 HTTP/1.1" 200 0 "-" "WordPress/6.7.2; https://creative-webstyle.com"
217.113.194.236 - - [15/Apr/2025:09:06:53 -0400] "GET /discovering-the-elegance-of-botany-showflat/ HTTP/1.1" 200 18313 "-" "Mozilla/5.0 (compatible; Barkrowler/0.9; +https://babbar.tech/crawler)"
217.113.194.232 - - [15/Apr/2025:09:07:14 -0400] "GET /simplifying-links-with-free-url-shorteners/ HTTP/1.1" 200 18001 "-" "Mozilla/5.0 (compatible; Barkrowler/0.9; +https://babbar.tech/crawler)"
217.113.194.233 - - [15/Apr/2025:09:07:31 -0400] "GET /a-journey-to-knowledge-and-empowerment/feed/ HTTP/1.1" 200 402 "-" "Mozilla/5.0 (compatible; Barkrowler/0.9; +https://babbar.tech/crawler)"
185.191.171.8 - - [15/Apr/2025:09:07:39 -0400] "GET /ein-paradies-am-gardasee/ HTTP/1.1" 200 18020 "-" "Mozilla/5.0 (compatible; SemrushBot/7~bl; +http://www.semrush.com/bot.html)"
217.113.194.235 - - [15/Apr/2025:09:07:49 -0400] "GET /ai-girlfriend-the-future-of-digital-romance/ HTTP/1.1" 200 18041 "-" "Mozilla/5.0 (compatible; Barkrowler/0.9; +https://babbar.tech/crawler)"
154.54.249.218 - - [15/Apr/2025:09:08:07 -0400] "GET /ai-girlfriend-the-future-of-digital-romance/feed/ HTTP/1.1" 200 423 "-" "Mozilla/5.0 (compatible; Barkrowler/0.9; +https://babbar.tech/crawler)"
198.54.114.83 - - [15/Apr/2025:09:08:09 -0400] "POST /wp-cron.php?doing_wp_cron=1744722487.9734520912170410156250 HTTP/1.1" 200 0 "-" "WordPress/6.7.2; https://creative-webstyle.com"
154.54.249.218 - - [15/Apr/2025:09:08:27 -0400] "GET /lere-revolutionnaire-de-la-realite-virtuelle/ HTTP/1.1" 200 18190 "-" "Mozilla/5.0 (compatible; Barkrowler/0.9; +https://babbar.tech/crawler)"
217.113.194.233 - - [15/Apr/2025:09:08:48 -0400] "GET /la-fascinacion-de-descubrir-la-edad/feed/ HTTP/1.1" 200 405 "-" "Mozilla/5.0 (compatible; Barkrowler/0.9; +https://babbar.tech/crawler)"
154.54.249.218 - - [15/Apr/2025:09:09:06 -0400] "GET /choosing-a-conservatory-roof-replacement/feed/ HTTP/1.1" 200 402 "-" "Mozilla/5.0 (compatible; Barkrowler/0.9; +https://babbar.tech/crawler)"
217.113.194.240 - - [15/Apr/2025:09:09:25 -0400] "GET /choosing-the-right-kitchen-cabinet-manufacturers/feed/ HTTP/1.1" 200 415 "-" "Mozilla/5.0 (compatible; Barkrowler/0.9; +https://babbar.tech/crawler)"
198.54.114.83 - - [15/Apr/2025:09:09:27 -0400] "POST /wp-cron.php?doing_wp_cron=1744722565.4238550662994384765625 HTTP/1.1" 200 0 "-" "WordPress/6.7.2; https://creative-webstyle.com"
217.113.194.239 - - [15/Apr/2025:09:09:43 -0400] "GET /choosing-modern-cabinetry-for-your-home/feed/ HTTP/1.1" 200 410 "-" "Mozilla/5.0 (compatible; Barkrowler/0.9; +https://babbar.tech/crawler)"
217.113.194.254 - - [15/Apr/2025:09:10:01 -0400] "GET /hiring-a-divorce-lawyer-in-nahariya/feed/ HTTP/1.1" 200 403 "-" "Mozilla/5.0 (compatible; Barkrowler/0.9; +https://babbar.tech/crawler)"
217.113.194.235 - - [15/Apr/2025:09:10:20 -0400] "GET /your-guide-to-gatwick-to-heathrow-transfers/ HTTP/1.1" 200 18057 "-" "Mozilla/5.0 (compatible; Barkrowler/0.9; +https://babbar.tech/crawler)"
154.54.249.218 - - [15/Apr/2025:09:10:41 -0400] "GET /your-guide-to-gatwick-to-heathrow-transfers/feed/ HTTP/1.1" 200 410 "-" "Mozilla/5.0 (compatible; Barkrowler/0.9; +https://babbar.tech/crawler)"
198.54.114.83 - - [15/Apr/2025:09:10:44 -0400] "POST /wp-cron.php?doing_wp_cron=1744722641.4959259033203125000000 HTTP/1.1" 200 0 "-" "WordPress/6.7.2; https://creative-webstyle.com"
217.113.194.237 - - [15/Apr/2025:09:11:01 -0400] "GET /transforming-lives-at-fertility-clinic-dubai/ HTTP/1.1" 200 17986 "-" "Mozilla/5.0 (compatible; Barkrowler/0.9; +https://babbar.tech/crawler)"
217.113.194.235 - - [15/Apr/2025:09:11:19 -0400] "GET /transformative-tips-for-small-bathroom-renovations/ HTTP/1.1" 200 17886 "-" "Mozilla/5.0 (compatible; Barkrowler/0.9; +https://babbar.tech/crawler)"
217.113.194.234 - - [15/Apr/2025:09:11:38 -0400] "GET /six-ways-to-become-a-microsoft-solutions-provider/ HTTP/1.1" 200 17695 "-" "Mozilla/5.0 (compatible; Barkrowler/0.9; +https://babbar.tech/crawler)"
198.54.114.83 - - [15/Apr/2025:09:11:58 -0400] "POST /wp-cron.php?doing_wp_cron=1744722717.1398820877075195312500 HTTP/1.1" 200 0 "-" "WordPress/6.7.2; https://creative-webstyle.com"
217.113.194.236 - - [15/Apr/2025:09:11:56 -0400] "GET /how-a-dedicated-firm-can-make-a-difference/ HTTP/1.1" 200 17967 "-" "Mozilla/5.0 (compatible; Barkrowler/0.9; +https://babbar.tech/crawler)"
217.113.194.233 - - [15/Apr/2025:09:12:17 -0400] "GET /how-michael-hart-revolutionized-the-internet/ HTTP/1.1" 200 18321 "-" "Mozilla/5.0 (compatible; Barkrowler/0.9; +https://babbar.tech/crawler)"
217.113.194.237 - - [15/Apr/2025:09:12:36 -0400] "GET /how-water-fasting-can-help-you-get-healthy/feed/ HTTP/1.1" 200 419 "-" "Mozilla/5.0 (compatible; Barkrowler/0.9; +https://babbar.tech/crawler)"
154.54.249.218 - - [15/Apr/2025:09:12:54 -0400] "GET /assurance-pour-location-de-voiture-a-court-terme/ HTTP/1.1" 200 17997 "-" "Mozilla/5.0 (compatible; Barkrowler/0.9; +https://babbar.tech/crawler)"
198.54.114.83 - - [15/Apr/2025:09:13:15 -0400] "POST /wp-cron.php?doing_wp_cron=1744722793.3907411098480224609375 HTTP/1.1" 200 0 "-" "WordPress/6.7.2; https://creative-webstyle.com"
217.113.194.238 - - [15/Apr/2025:09:13:13 -0400] "GET /horse-racing-betting-gambling-system-critical-overview/ HTTP/1.1" 200 18554 "-" "Mozilla/5.0 (compatible; Barkrowler/0.9; +https://babbar.tech/crawler)"
217.113.194.237 - - [15/Apr/2025:09:13:32 -0400] "GET /the-facts-about-weee-recycling-management/feed/ HTTP/1.1" 200 410 "-" "Mozilla/5.0 (compatible; Barkrowler/0.9; +https://babbar.tech/crawler)"
217.113.194.235 - - [15/Apr/2025:09:13:50 -0400] "GET /vita-glow-skin-whitening-night-cream-review/ HTTP/1.1" 200 18048 "-" "Mozilla/5.0 (compatible; Barkrowler/0.9; +https://babbar.tech/crawler)"
217.113.194.238 - - [15/Apr/2025:09:14:10 -0400] "GET /renovation-de-salle-de-bain-transformez-votre-espace/ HTTP/1.1" 200 18413 "-" "Mozilla/5.0 (compatible; Barkrowler/0.9; +https://babbar.tech/crawler)"
217.113.194.237 - - [15/Apr/2025:09:14:30 -0400] "GET /a-tour-of-the-lentor-mansion-showflat/feed/ HTTP/1.1" 200 402 "-" "Mozilla/5.0 (compatible; Barkrowler/0.9; +https://babbar.tech/crawler)"
198.54.114.83 - - [15/Apr/2025:09:14:35 -0400] "POST /wp-cron.php?doing_wp_cron=1744722871.3175890445709228515625 HTTP/1.1" 200 0 "-" "WordPress/6.7.2; https://creative-webstyle.com"
217.113.194.236 - - [15/Apr/2025:09:14:52 -0400] "GET /a-tour-of-the-lentor-mansion-showflat/ HTTP/1.1" 200 18236 "-" "Mozilla/5.0 (compatible; Barkrowler/0.9; +https://babbar.tech/crawler)"
217.113.194.233 - - [15/Apr/2025:09:15:14 -0400] "GET /a-tour-of-the-tembusu-grand-showflat/feed/ HTTP/1.1" 200 406 "-" "Mozilla/5.0 (compatible; Barkrowler/0.9; +https://babbar.tech/crawler)"
85.208.96.196 - - [15/Apr/2025:09:15:28 -0400] "GET /how-to-find-sales-michael-kors-handbags/ HTTP/1.1" 200 18597 "-" "Mozilla/5.0 (compatible; SemrushBot/7~bl; +http://www.semrush.com/bot.html)"
217.113.194.232 - - [15/Apr/2025:09:15:33 -0400] "GET /a-seamless-multichannel-experience/feed/ HTTP/1.1" 200 392 "-" "Mozilla/5.0 (compatible; Barkrowler/0.9; +https://babbar.tech/crawler)"
198.54.114.83 - - [15/Apr/2025:09:15:37 -0400] "POST /wp-cron.php?doing_wp_cron=1744722934.2809429168701171875000 HTTP/1.1" 200 0 "-" "WordPress/6.7.2; https://creative-webstyle.com"
217.113.194.234 - - [15/Apr/2025:09:15:55 -0400] "GET /optimiser-la-presence-en-ligne-des-petites-entreprises/ HTTP/1.1" 200 18318 "-" "Mozilla/5.0 (compatible; Barkrowler/0.9; +https://babbar.tech/crawler)"
217.113.194.234 - - [15/Apr/2025:09:16:14 -0400] "GET /mettigel-a-popular-snack-in-germany/ HTTP/1.1" 200 18209 "-" "Mozilla/5.0 (compatible; Barkrowler/0.9; +https://babbar.tech/crawler)"
217.113.194.254 - - [15/Apr/2025:09:16:33 -0400] "GET /the-appeal-of-monkey-mart-unblocked/ HTTP/1.1" 200 17907 "-" "Mozilla/5.0 (compatible; Barkrowler/0.9; +https://babbar.tech/crawler)"
217.113.194.234 - - [15/Apr/2025:09:16:51 -0400] "GET /the-journey-of-a-pert-pipe-manufacturer/feed/ HTTP/1.1" 200 407 "-" "Mozilla/5.0 (compatible; Barkrowler/0.9; +https://babbar.tech/crawler)"
198.54.114.83 - - [15/Apr/2025:09:17:10 -0400] "POST /wp-cron.php?doing_wp_cron=1744723028.9018650054931640625000 HTTP/1.1" 200 0 "-" "WordPress/6.7.2; https://creative-webstyle.com"
217.113.194.238 - - [15/Apr/2025:09:17:08 -0400] "GET /the-myst-condo-at-bukit-timah/ HTTP/1.1" 200 18483 "-" "Mozilla/5.0 (compatible; Barkrowler/0.9; +https://babbar.tech/crawler)"
217.113.194.240 - - [15/Apr/2025:09:17:28 -0400] "GET /the-essentials-of-hotel-room-furnishings/feed/ HTTP/1.1" 200 407 "-" "Mozilla/5.0 (compatible; Barkrowler/0.9; +https://babbar.tech/crawler)"
217.113.194.234 - - [15/Apr/2025:09:17:45 -0400] "GET /the-evolution-and-appeal-of-online-casinos-2/feed/ HTTP/1.1" 200 410 "-" "Mozilla/5.0 (compatible; Barkrowler/0.9; +https://babbar.tech/crawler)"
217.113.194.234 - - [15/Apr/2025:09:18:02 -0400] "GET /the-safest-way-to-use-hair-removal-cream/ HTTP/1.1" 200 18363 "-" "Mozilla/5.0 (compatible; Barkrowler/0.9; +https://babbar.tech/crawler)"
58.254.68.125 - - [15/Apr/2025:09:18:03 -0400] "GET /digital-nomad-visa-spain/ HTTP/1.1" 200 18144 "https://creative-webstyle.com" "Mozilla/5.0 (Windows NT 10.0; Win64; x64) AppleWebKit/537.36 (KHTML, like Gecko) Chrome/62.0.3202.94 Safari/537.36"
217.113.194.232 - - [15/Apr/2025:09:18:22 -0400] "GET /the-rise-of-stake-ator-in-modern-investment/feed/ HTTP/1.1" 200 415 "-" "Mozilla/5.0 (compatible; Barkrowler/0.9; +https://babbar.tech/crawler)"
198.54.114.83 - - [15/Apr/2025:09:18:24 -0400] "POST /wp-cron.php?doing_wp_cron=1744723102.7353639602661132812500 HTTP/1.1" 200 0 "-" "WordPress/6.7.2; https://creative-webstyle.com"
217.113.194.235 - - [15/Apr/2025:09:18:41 -0400] "GET /the-enigmatic-case-of-blank-number-plates/ HTTP/1.1" 200 18036 "-" "Mozilla/5.0 (compatible; Barkrowler/0.9; +https://babbar.tech/crawler)"
217.113.194.236 - - [15/Apr/2025:09:19:00 -0400] "GET /the-enigmatic-case-of-blank-number-plates/feed/ HTTP/1.1" 200 415 "-" "Mozilla/5.0 (compatible; Barkrowler/0.9; +https://babbar.tech/crawler)"
217.113.194.235 - - [15/Apr/2025:09:19:19 -0400] "GET /the-thriving-world-of-online-casinos-2/feed/ HTTP/1.1" 200 401 "-" "Mozilla/5.0 (compatible; Barkrowler/0.9; +https://babbar.tech/crawler)"
217.113.194.254 - - [15/Apr/2025:09:19:36 -0400] "GET /buy-youtube-watch-time-from-reputable-providers HTTP/1.1" 301 0 "-" "Mozilla/5.0 (compatible; Barkrowler/0.9; +https://babbar.tech/crawler)"
198.54.114.83 - - [15/Apr/2025:09:19:38 -0400] "POST /wp-cron.php?doing_wp_cron=1744723176.7574748992919921875000 HTTP/1.1" 200 0 "-" "WordPress/6.7.2; https://creative-webstyle.com"
217.113.194.235 - - [15/Apr/2025:09:19:54 -0400] "GET /buy-youtube-watch-time-from-reputable-providers/ HTTP/1.1" 200 18352 "-" "Mozilla/5.0 (compatible; Barkrowler/0.9; +https://babbar.tech/crawler)"
217.113.194.254 - - [15/Apr/2025:09:20:15 -0400] "GET /quest-ce-quune-pantoufle-pour-chat/feed/ HTTP/1.1" 200 411 "-" "Mozilla/5.0 (compatible; Barkrowler/0.9; +https://babbar.tech/crawler)"
217.113.194.254 - - [15/Apr/2025:09:20:34 -0400] "GET /le-pendule-oscille-dans-les-deux-sens/ HTTP/1.1" 200 19145 "-" "Mozilla/5.0 (compatible; Barkrowler/0.9; +https://babbar.tech/crawler)"
198.54.114.83 - - [15/Apr/2025:09:20:55 -0400] "POST /wp-cron.php?doing_wp_cron=1744723253.9398438930511474609375 HTTP/1.1" 200 0 "-" "WordPress/6.7.2; https://creative-webstyle.com"
217.113.194.235 - - [15/Apr/2025:09:20:53 -0400] "GET /luxurious-living-at-park-hill-condo/ HTTP/1.1" 200 18278 "-" "Mozilla/5.0 (compatible; Barkrowler/0.9; +https://babbar.tech/crawler)"
217.113.194.238 - - [15/Apr/2025:09:21:13 -0400] "GET /luxuriose-auszeit-am-gardasee/ HTTP/1.1" 200 18391 "-" "Mozilla/5.0 (compatible; Barkrowler/0.9; +https://babbar.tech/crawler)"
217.113.194.232 - - [15/Apr/2025:09:21:31 -0400] "GET /college-football-betting-easy-and-profitable/ HTTP/1.1" 200 18220 "-" "Mozilla/5.0 (compatible; Barkrowler/0.9; +https://babbar.tech/crawler)"
217.113.194.233 - - [15/Apr/2025:09:21:49 -0400] "GET /relax-and-recharge-with-business-trip-massage-services/ HTTP/1.1" 200 18549 "-" "Mozilla/5.0 (compatible; Barkrowler/0.9; +https://babbar.tech/crawler)"
217.113.194.254 - - [15/Apr/2025:09:22:08 -0400] "GET /relax-and-recharge-with-business-trip-massage-services/feed/ HTTP/1.1" 200 418 "-" "Mozilla/5.0 (compatible; Barkrowler/0.9; +https://babbar.tech/crawler)"
198.54.114.83 - - [15/Apr/2025:09:22:09 -0400] "POST /wp-cron.php?doing_wp_cron=1744723328.4821569919586181640625 HTTP/1.1" 200 0 "-" "WordPress/6.7.2; https://creative-webstyle.com"
217.113.194.235 - - [15/Apr/2025:09:22:28 -0400] "GET /assessing-agility-the-typing-speed-test/ HTTP/1.1" 200 18126 "-" "Mozilla/5.0 (compatible; Barkrowler/0.9; +https://babbar.tech/crawler)"
217.113.194.235 - - [15/Apr/2025:09:22:45 -0400] "GET /assessing-agility-the-typing-speed-test/feed/ HTTP/1.1" 200 408 "-" "Mozilla/5.0 (compatible; Barkrowler/0.9; +https://babbar.tech/crawler)"
217.113.194.240 - - [15/Apr/2025:09:23:04 -0400] "GET /hamburg-fur-ihre-bedurfnisse/feed/ HTTP/1.1" 200 404 "-" "Mozilla/5.0 (compatible; Barkrowler/0.9; +https://babbar.tech/crawler)"
198.54.114.83 - - [15/Apr/2025:09:23:24 -0400] "POST /wp-cron.php?doing_wp_cron=1744723402.6230680942535400390625 HTTP/1.1" 200 0 "-" "WordPress/6.7.2; https://creative-webstyle.com"
217.113.194.235 - - [15/Apr/2025:09:23:22 -0400] "GET /die-bezaubernde-symphonie-des-parfums/feed/ HTTP/1.1" 200 419 "-" "Mozilla/5.0 (compatible; Barkrowler/0.9; +https://babbar.tech/crawler)"
217.113.194.254 - - [15/Apr/2025:09:23:41 -0400] "GET /die-eleganz-der-mordren-hangelampe/ HTTP/1.1" 200 18286 "-" "Mozilla/5.0 (compatible; Barkrowler/0.9; +https://babbar.tech/crawler)"
217.113.194.240 - - [15/Apr/2025:09:24:00 -0400] "GET /die-faszination-der-pokemon-spielzeuge/ HTTP/1.1" 200 17988 "-" "Mozilla/5.0 (compatible; Barkrowler/0.9; +https://babbar.tech/crawler)"
154.54.249.218 - - [15/Apr/2025:09:24:20 -0400] "GET /die-rechtsanwaltskanzlei-hattingen/ HTTP/1.1" 200 18345 "-" "Mozilla/5.0 (compatible; Barkrowler/0.9; +https://babbar.tech/crawler)"
217.113.194.232 - - [15/Apr/2025:09:24:38 -0400] "GET /die-bewertung-von-immobilien-in-dusseldorf/ HTTP/1.1" 200 18001 "-" "Mozilla/5.0 (compatible; Barkrowler/0.9; +https://babbar.tech/crawler)"
198.54.114.83 - - [15/Apr/2025:09:24:41 -0400] "POST /wp-cron.php?doing_wp_cron=1744723479.3600640296936035156250 HTTP/1.1" 200 0 "-" "WordPress/6.7.2; https://creative-webstyle.com"
154.54.249.218 - - [15/Apr/2025:09:24:58 -0400] "GET /navigating-the-digital-dice-the-rise-of-online-gambling/ HTTP/1.1" 200 18433 "-" "Mozilla/5.0 (compatible; Barkrowler/0.9; +https://babbar.tech/crawler)"
217.113.194.233 - - [15/Apr/2025:09:25:18 -0400] "GET /navigating-the-digital-dice-the-rise-of-online-casinos/ HTTP/1.1" 200 18005 "-" "Mozilla/5.0 (compatible; Barkrowler/0.9; +https://babbar.tech/crawler)"
217.113.194.232 - - [15/Apr/2025:09:25:38 -0400] "GET /navigating-consensual-divorce-in-tehran/feed/ HTTP/1.1" 200 403 "-" "Mozilla/5.0 (compatible; Barkrowler/0.9; +https://babbar.tech/crawler)"
217.113.194.236 - - [15/Apr/2025:09:25:56 -0400] "GET /montreal-home-care-providers-and-tax-credits/feed/ HTTP/1.1" 200 419 "-" "Mozilla/5.0 (compatible; Barkrowler/0.9; +https://babbar.tech/crawler)"
198.54.114.83 - - [15/Apr/2025:09:25:58 -0400] "POST /wp-cron.php?doing_wp_cron=1744723556.7139039039611816406250 HTTP/1.1" 200 0 "-" "WordPress/6.7.2; https://creative-webstyle.com"
146.70.189.177 - - [15/Apr/2025:09:26:11 -0400] "GET /category/contact-us/ HTTP/1.1" 200 14550 "http://creative-webstyle.com" "Mozilla/5.0 (Windows NT 10.0; Win64; x64; rv:114.0) Gecko/20100101 Firefox/114.0"
217.113.194.238 - - [15/Apr/2025:09:26:14 -0400] "GET /delving-into-fertility-solutions-in-dubai/feed/ HTTP/1.1" 200 410 "-" "Mozilla/5.0 (compatible; Barkrowler/0.9; +https://babbar.tech/crawler)"
217.113.194.254 - - [15/Apr/2025:09:26:33 -0400] "GET /the-best-massage-gun-is-not-just-a-device/ HTTP/1.1" 200 17930 "-" "Mozilla/5.0 (compatible; Barkrowler/0.9; +https://babbar.tech/crawler)"
217.113.194.233 - - [15/Apr/2025:09:26:53 -0400] "GET /the-best-massage-gun-is-not-just-a-device/feed/ HTTP/1.1" 200 412 "-" "Mozilla/5.0 (compatible; Barkrowler/0.9; +https://babbar.tech/crawler)"
217.113.194.232 - - [15/Apr/2025:09:27:14 -0400] "GET /the-benefits-of-diesel-lift-truck-renting/ HTTP/1.1" 200 18104 "-" "Mozilla/5.0 (compatible; Barkrowler/0.9; +https://babbar.tech/crawler)"
198.54.114.83 - - [15/Apr/2025:09:27:17 -0400] "POST /wp-cron.php?doing_wp_cron=1744723634.8876130580902099609375 HTTP/1.1" 200 0 "-" "WordPress/6.7.2; https://creative-webstyle.com"
217.113.194.235 - - [15/Apr/2025:09:27:35 -0400] "GET /isracard-customer-service-by-phone-24-hours/ HTTP/1.1" 200 17424 "-" "Mozilla/5.0 (compatible; Barkrowler/0.9; +https://babbar.tech/crawler)"
217.113.194.235 - - [15/Apr/2025:09:27:56 -0400] "GET /der-ideale-umzugsservice-in-hamburg/feed/ HTTP/1.1" 200 399 "-" "Mozilla/5.0 (compatible; Barkrowler/0.9; +https://babbar.tech/crawler)"
217.113.194.254 - - [15/Apr/2025:09:28:14 -0400] "GET /what-does-5g-uac-mean-on-iphone/feed/ HTTP/1.1" 200 406 "-" "Mozilla/5.0 (compatible; Barkrowler/0.9; +https://babbar.tech/crawler)"
217.113.194.238 - - [15/Apr/2025:09:28:33 -0400] "GET /cache-level-3-and-early-learning-centres-2/feed/ HTTP/1.1" 200 415 "-" "Mozilla/5.0 (compatible; Barkrowler/0.9; +https://babbar.tech/crawler)"
198.54.114.83 - - [15/Apr/2025:09:28:36 -0400] "POST /wp-cron.php?doing_wp_cron=1744723713.5876219272613525390625 HTTP/1.1" 200 0 "-" "WordPress/6.7.2; https://creative-webstyle.com"
217.113.194.235 - - [15/Apr/2025:09:28:53 -0400] "GET /timeless-beauty-of-shell-pearl-necklaces/feed/ HTTP/1.1" 200 408 "-" "Mozilla/5.0 (compatible; Barkrowler/0.9; +https://babbar.tech/crawler)"
217.113.194.254 - - [15/Apr/2025:09:29:13 -0400] "GET /timeless-beauty-of-shell-pearl-necklaces/ HTTP/1.1" 200 18506 "-" "Mozilla/5.0 (compatible; Barkrowler/0.9; +https://babbar.tech/crawler)"
203.86.123.223 - - [15/Apr/2025:09:29:15 -0400] "GET /wp-content/uploads/2023/07/i-1-300x300.webp HTTP/1.1" 200 12562 "-" "Mozilla/5.0 (X11; Ubuntu; Linux x86_64; rv:72.0) Gecko/20100101 Firefox/72.0"
217.113.194.234 - - [15/Apr/2025:09:29:33 -0400] "GET /pokemon-lego-uk-rebuilds-kanto/feed/ HTTP/1.1" 200 400 "-" "Mozilla/5.0 (compatible; Barkrowler/0.9; +https://babbar.tech/crawler)"
198.54.114.83 - - [15/Apr/2025:09:29:36 -0400] "POST /wp-cron.php?doing_wp_cron=1744723774.0668060779571533203125 HTTP/1.1" 200 0 "-" "WordPress/6.7.2; https://creative-webstyle.com"
217.113.194.254 - - [15/Apr/2025:09:29:54 -0400] "GET /la-passion-du-jeu-decouvrez-1xbet/feed/ HTTP/1.1" 200 411 "-" "Mozilla/5.0 (compatible; Barkrowler/0.9; +https://babbar.tech/crawler)"
217.113.194.240 - - [15/Apr/2025:09:30:16 -0400] "GET /la-passion-du-jeu-decouvrez-1xbet/ HTTP/1.1" 200 17939 "-" "Mozilla/5.0 (compatible; Barkrowler/0.9; +https://babbar.tech/crawler)"
217.113.194.235 - - [15/Apr/2025:09:30:39 -0400] "GET /erfolgreiche-schulungen-fur-spitzenleistungen/feed/ HTTP/1.1" 200 407 "-" "Mozilla/5.0 (compatible; Barkrowler/0.9; +https://babbar.tech/crawler)"
198.54.114.83 - - [15/Apr/2025:09:30:45 -0400] "POST /wp-cron.php?doing_wp_cron=1744723839.9920589923858642578125 HTTP/1.1" 200 0 "-" "WordPress/6.7.2; https://creative-webstyle.com"
217.113.194.240 - - [15/Apr/2025:09:31:01 -0400] "GET /unlocking-the-benefits-of-a-part-time-job/feed/ HTTP/1.1" 200 415 "-" "Mozilla/5.0 (compatible; Barkrowler/0.9; +https://babbar.tech/crawler)"
217.113.194.234 - - [15/Apr/2025:09:31:21 -0400] "GET /unveiling-the-world-of-professional-headphones/ HTTP/1.1" 200 18059 "-" "Mozilla/5.0 (compatible; Barkrowler/0.9; +https://babbar.tech/crawler)"
154.54.249.218 - - [15/Apr/2025:09:31:40 -0400] "GET /unveiling-the-serenity-of-the-hill-shore/feed/ HTTP/1.1" 200 423 "-" "Mozilla/5.0 (compatible; Barkrowler/0.9; +https://babbar.tech/crawler)"
198.54.114.83 - - [15/Apr/2025:09:31:43 -0400] "POST /wp-cron.php?doing_wp_cron=1744723900.9793369770050048828125 HTTP/1.1" 200 0 "-" "WordPress/6.7.2; https://creative-webstyle.com"
217.113.194.241 - - [15/Apr/2025:09:32:00 -0400] "GET /unveiling-a-haven-of-modern-comfort/feed/ HTTP/1.1" 200 404 "-" "Mozilla/5.0 (compatible; Barkrowler/0.9; +https://babbar.tech/crawler)"
217.113.194.232 - - [15/Apr/2025:09:32:18 -0400] "GET /unveiling-a-haven-of-modern-comfort/ HTTP/1.1" 200 17924 "-" "Mozilla/5.0 (compatible; Barkrowler/0.9; +https://babbar.tech/crawler)"
217.113.194.235 - - [15/Apr/2025:09:32:37 -0400] "GET /benefits-of-the-thailand-elite-visa-program/feed/ HTTP/1.1" 200 409 "-" "Mozilla/5.0 (compatible; Barkrowler/0.9; +https://babbar.tech/crawler)"
217.113.194.235 - - [15/Apr/2025:09:32:54 -0400] "GET /home-insulation-is-yours-energy-efficient/feed/ HTTP/1.1" 200 418 "-" "Mozilla/5.0 (compatible; Barkrowler/0.9; +https://babbar.tech/crawler)"
198.54.114.83 - - [15/Apr/2025:09:32:57 -0400] "POST /wp-cron.php?doing_wp_cron=1744723975.1722440719604492187500 HTTP/1.1" 200 0 "-" "WordPress/6.7.2; https://creative-webstyle.com"
217.113.194.232 - - [15/Apr/2025:09:33:14 -0400] "GET /elegant-living-at-lentoria-condo/feed/ HTTP/1.1" 200 398 "-" "Mozilla/5.0 (compatible; Barkrowler/0.9; +https://babbar.tech/crawler)"
217.113.194.233 - - [15/Apr/2025:09:33:32 -0400] "GET /real-estate-investors-in-sydney-and-nsw/ HTTP/1.1" 200 18773 "-" "Mozilla/5.0 (compatible; Barkrowler/0.9; +https://babbar.tech/crawler)"
217.113.194.232 - - [15/Apr/2025:09:33:51 -0400] "GET /integrating-your-link-shortener-with-spotify/feed/ HTTP/1.1" 200 416 "-" "Mozilla/5.0 (compatible; Barkrowler/0.9; +https://babbar.tech/crawler)"
217.113.194.232 - - [15/Apr/2025:09:34:11 -0400] "GET /integrating-your-link-shortener-with-spotify/ HTTP/1.1" 200 17973 "-" "Mozilla/5.0 (compatible; Barkrowler/0.9; +https://babbar.tech/crawler)"
198.54.114.83 - - [15/Apr/2025:09:34:15 -0400] "POST /wp-cron.php?doing_wp_cron=1744724052.2239880561828613281250 HTTP/1.1" 200 0 "-" "WordPress/6.7.2; https://creative-webstyle.com"
217.113.194.254 - - [15/Apr/2025:09:34:31 -0400] "GET /shopping-for-a-cup-for-iced-coffee/feed/ HTTP/1.1" 200 402 "-" "Mozilla/5.0 (compatible; Barkrowler/0.9; +https://babbar.tech/crawler)"
217.113.194.235 - - [15/Apr/2025:09:34:50 -0400] "GET /buy-tiktok-post-shares-from-useviral/ HTTP/1.1" 200 17906 "-" "Mozilla/5.0 (compatible; Barkrowler/0.9; +https://babbar.tech/crawler)"
217.113.194.233 - - [15/Apr/2025:09:35:12 -0400] "GET /make-the-most-of-your-tretinoin-cream/ HTTP/1.1" 200 19039 "-" "Mozilla/5.0 (compatible; Barkrowler/0.9; +https://babbar.tech/crawler)"
198.54.114.83 - - [15/Apr/2025:09:35:15 -0400] "POST /wp-cron.php?doing_wp_cron=1744724112.9629230499267578125000 HTTP/1.1" 200 0 "-" "WordPress/6.7.2; https://creative-webstyle.com"
154.54.249.218 - - [15/Apr/2025:09:35:31 -0400] "GET /make-the-most-of-your-tretinoin-cream/feed/ HTTP/1.1" 200 408 "-" "Mozilla/5.0 (compatible; Barkrowler/0.9; +https://babbar.tech/crawler)"
217.113.194.234 - - [15/Apr/2025:09:35:50 -0400] "GET /to-regulate-or-to-ban-online-gambling-games/ HTTP/1.1" 200 18612 "-" "Mozilla/5.0 (compatible; Barkrowler/0.9; +https://babbar.tech/crawler)"
217.113.194.233 - - [15/Apr/2025:09:36:10 -0400] "GET /eine-reise-durch-die-welt-der-musik/feed/ HTTP/1.1" 200 407 "-" "Mozilla/5.0 (compatible; Barkrowler/0.9; +https://babbar.tech/crawler)"
217.113.194.233 - - [15/Apr/2025:09:36:30 -0400] "GET /tembusu-grand-a-new-development-in-district-15/ HTTP/1.1" 200 18344 "-" "Mozilla/5.0 (compatible; Barkrowler/0.9; +https://babbar.tech/crawler)"
198.54.114.83 - - [15/Apr/2025:09:36:33 -0400] "POST /wp-cron.php?doing_wp_cron=1744724190.9868559837341308593750 HTTP/1.1" 200 0 "-" "WordPress/6.7.2; https://creative-webstyle.com"
217.113.194.238 - - [15/Apr/2025:09:36:51 -0400] "GET /que-rechercher-dans-une-agence-google-ads/feed/ HTTP/1.1" 200 405 "-" "Mozilla/5.0 (compatible; Barkrowler/0.9; +https://babbar.tech/crawler)"
154.54.249.218 - - [15/Apr/2025:09:37:09 -0400] "GET /best-practices-for-peek-injection-molding/feed/ HTTP/1.1" 200 410 "-" "Mozilla/5.0 (compatible; Barkrowler/0.9; +https://babbar.tech/crawler)"
217.113.194.234 - - [15/Apr/2025:09:37:27 -0400] "GET /kostliche-gerostete-mandeln-kaufen/ HTTP/1.1" 200 18191 "-" "Mozilla/5.0 (compatible; Barkrowler/0.9; +https://babbar.tech/crawler)"
217.113.194.239 - - [15/Apr/2025:09:37:47 -0400] "GET /kostliche-gerostete-mandeln-kaufen/feed/ HTTP/1.1" 200 403 "-" "Mozilla/5.0 (compatible; Barkrowler/0.9; +https://babbar.tech/crawler)"
198.54.114.83 - - [15/Apr/2025:09:37:49 -0400] "POST /wp-cron.php?doing_wp_cron=1744724267.5387289524078369140625 HTTP/1.1" 200 0 "-" "WordPress/6.7.2; https://creative-webstyle.com"
217.113.194.234 - - [15/Apr/2025:09:38:06 -0400] "GET /reduce-your-online-gambling-losses-to-make-money/ HTTP/1.1" 200 18708 "-" "Mozilla/5.0 (compatible; Barkrowler/0.9; +https://babbar.tech/crawler)"
154.54.249.218 - - [15/Apr/2025:09:38:26 -0400] "GET /the-importance-of-regular-water-tank-cleaning/feed/ HTTP/1.1" 200 421 "-" "Mozilla/5.0 (compatible; Barkrowler/0.9; +https://babbar.tech/crawler)"
47.238.13.2 - - [15/Apr/2025:09:38:35 -0400] "GET /category/activity/page/11 HTTP/1.1" 301 0 "-" "Mozilla/5.0 (Macintosh; Intel Mac OS X 10_15_7) AppleWebKit/537.36 (KHTML, like Gecko) Chrome/109.0.0.0 Safari/537.36"
47.238.13.2 - - [15/Apr/2025:09:38:39 -0400] "GET /category/activity/page/11/ HTTP/1.1" 200 16519 "https://creative-webstyle.com/category/activity/page/11" "Mozilla/5.0 (Macintosh; Intel Mac OS X 10_15_7) AppleWebKit/537.36 (KHTML, like Gecko) Chrome/109.0.0.0 Safari/537.36"
172.245.168.36 - - [15/Apr/2025:09:38:40 -0400] "POST /index.php/wp-json/litespeed/v1/cdn_status HTTP/1.1" 401 98 "https://creative-webstyle.com/wp-admin/update.php?action=upload-plugin" "Mozilla/5.0 (Windows NT 10.0; Win64; x64; rv:128.0) Gecko/20100101 Firefox/128.0"
217.113.194.232 - - [15/Apr/2025:09:38:45 -0400] "GET /the-importance-of-long-football-socks/feed/ HTTP/1.1" 200 404 "-" "Mozilla/5.0 (compatible; Barkrowler/0.9; +https://babbar.tech/crawler)"
217.113.194.240 - - [15/Apr/2025:09:39:04 -0400] "GET /the-importance-of-soffits-and-guttering/feed/ HTTP/1.1" 200 408 "-" "Mozilla/5.0 (compatible; Barkrowler/0.9; +https://babbar.tech/crawler)"
198.54.114.83 - - [15/Apr/2025:09:39:08 -0400] "POST /wp-cron.php?doing_wp_cron=1744724344.7640740871429443359375 HTTP/1.1" 200 0 "-" "WordPress/6.7.2; https://creative-webstyle.com"
217.113.194.238 - - [15/Apr/2025:09:39:24 -0400] "GET /clinique-dhygiene-dentaire-du-valencia-college/ HTTP/1.1" 200 18215 "-" "Mozilla/5.0 (compatible; Barkrowler/0.9; +https://babbar.tech/crawler)"
2a02:598:128:8a00::b00:15 - - [15/Apr/2025:09:39:41 -0400] "GET /mobilier-de-bureau-moderne-creez-un-espace-de-travail-efficace/ HTTP/1.1" 200 18142 "-" "Mozilla/5.0 (compatible; SeznamBot/4.0; +https://o-seznam.cz/napoveda/vyhledavani/en/seznambot-crawler/)"
217.113.194.234 - - [15/Apr/2025:09:39:45 -0400] "GET /clinique-dhygiene-dentaire-du-valencia-college/feed/ HTTP/1.1" 200 433 "-" "Mozilla/5.0 (compatible; Barkrowler/0.9; +https://babbar.tech/crawler)"
217.113.194.232 - - [15/Apr/2025:09:40:03 -0400] "GET /why-do-people-put-butter-in-their-coffee/ HTTP/1.1" 200 20458 "-" "Mozilla/5.0 (compatible; Barkrowler/0.9; +https://babbar.tech/crawler)"
217.113.194.234 - - [15/Apr/2025:09:40:23 -0400] "GET /scopri-il-resort-del-lago-di-garda/ HTTP/1.1" 200 17929 "-" "Mozilla/5.0 (compatible; Barkrowler/0.9; +https://babbar.tech/crawler)"
198.54.114.83 - - [15/Apr/2025:09:40:26 -0400] "POST /wp-cron.php?doing_wp_cron=1744724423.6675529479980468750000 HTTP/1.1" 200 0 "-" "WordPress/6.7.2; https://creative-webstyle.com"
217.113.194.233 - - [15/Apr/2025:09:40:44 -0400] "GET /a-guide-to-increasing-your-instagram-followers/feed/ HTTP/1.1" 200 414 "-" "Mozilla/5.0 (compatible; Barkrowler/0.9; +https://babbar.tech/crawler)"
217.113.194.234 - - [15/Apr/2025:09:41:03 -0400] "GET /a-guide-to-effective-corporate-video-production/feed/ HTTP/1.1" 200 403 "-" "Mozilla/5.0 (compatible; Barkrowler/0.9; +https://babbar.tech/crawler)"
217.113.194.232 - - [15/Apr/2025:09:41:22 -0400] "GET /the-transformative-power-of-reiki-for-healing/ HTTP/1.1" 200 18017 "-" "Mozilla/5.0 (compatible; Barkrowler/0.9; +https://babbar.tech/crawler)"
217.113.194.254 - - [15/Apr/2025:09:41:42 -0400] "GET /where-to-buy-4000-watch-hours-on-youtube/ HTTP/1.1" 200 18231 "-" "Mozilla/5.0 (compatible; Barkrowler/0.9; +https://babbar.tech/crawler)"
198.54.114.83 - - [15/Apr/2025:09:41:44 -0400] "POST /wp-cron.php?doing_wp_cron=1744724502.8045809268951416015625 HTTP/1.1" 200 0 "-" "WordPress/6.7.2; https://creative-webstyle.com"
217.113.194.236 - - [15/Apr/2025:09:42:03 -0400] "GET /where-to-buy-4000-watch-hours-on-youtube/feed/ HTTP/1.1" 200 417 "-" "Mozilla/5.0 (compatible; Barkrowler/0.9; +https://babbar.tech/crawler)"
217.113.194.233 - - [15/Apr/2025:09:42:20 -0400] "GET /should-you-consider-outsourcing-photo-editing/ HTTP/1.1" 200 17704 "-" "Mozilla/5.0 (compatible; Barkrowler/0.9; +https://babbar.tech/crawler)"
217.113.194.238 - - [15/Apr/2025:09:42:39 -0400] "GET /what-can-be-done-when-youtube-doesnt-buffer/ HTTP/1.1" 200 17744 "-" "Mozilla/5.0 (compatible; Barkrowler/0.9; +https://babbar.tech/crawler)"
217.113.194.254 - - [15/Apr/2025:09:42:57 -0400] "GET /what-can-be-done-when-youtube-doesnt-buffer/feed/ HTTP/1.1" 200 429 "-" "Mozilla/5.0 (compatible; Barkrowler/0.9; +https://babbar.tech/crawler)"
198.54.114.83 - - [15/Apr/2025:09:43:01 -0400] "POST /wp-cron.php?doing_wp_cron=1744724578.1228768825531005859375 HTTP/1.1" 200 0 "-" "WordPress/6.7.2; https://creative-webstyle.com"
217.113.194.241 - - [15/Apr/2025:09:43:19 -0400] "GET /wholesale-pool-supplies-for-every-need/ HTTP/1.1" 200 18008 "-" "Mozilla/5.0 (compatible; Barkrowler/0.9; +https://babbar.tech/crawler)"
217.113.194.241 - - [15/Apr/2025:09:43:41 -0400] "GET /cils-de-la-machoire-sifflante/feed/ HTTP/1.1" 200 397 "-" "Mozilla/5.0 (compatible; Barkrowler/0.9; +https://babbar.tech/crawler)"
217.113.194.233 - - [15/Apr/2025:09:44:01 -0400] "GET /exploring-vietnam-a-korean-travelers-guide/feed/ HTTP/1.1" 200 417 "-" "Mozilla/5.0 (compatible; Barkrowler/0.9; +https://babbar.tech/crawler)"
198.54.114.83 - - [15/Apr/2025:09:44:04 -0400] "POST /wp-cron.php?doing_wp_cron=1744724642.2215840816497802734375 HTTP/1.1" 200 0 "-" "WordPress/6.7.2; https://creative-webstyle.com"
217.113.194.236 - - [15/Apr/2025:09:44:21 -0400] "GET /exploring-the-elegance-of-sophia-regency-showflat/ HTTP/1.1" 200 18090 "-" "Mozilla/5.0 (compatible; Barkrowler/0.9; +https://babbar.tech/crawler)"
217.113.194.235 - - [15/Apr/2025:09:44:40 -0400] "GET /exploring-the-magic-of-rainbow-riches-casino/feed/ HTTP/1.1" 200 415 "-" "Mozilla/5.0 (compatible; Barkrowler/0.9; +https://babbar.tech/crawler)"
52.81.187.72 - - [15/Apr/2025:09:44:49 -0400] "GET / HTTP/1.1" 200 78396 "-" "Mozilla/5.0 (X11; Linux x86_64) AppleWebKit/580.47 (KHTML, like Gecko) Chrome/59.0.1173 Safari/537.36"
217.113.194.254 - - [15/Apr/2025:09:44:58 -0400] "GET /exploring-the-magic-of-rainbow-riches-casino/ HTTP/1.1" 200 18118 "-" "Mozilla/5.0 (compatible; Barkrowler/0.9; +https://babbar.tech/crawler)"
52.81.187.72 - - [15/Apr/2025:09:45:04 -0400] "GET / HTTP/1.1" 200 78396 "-" "Mozilla/5.0 (X11; Linux x86_64) AppleWebKit/592.47 (KHTML, like Gecko) Chrome/98.0.2890 Safari/537.36"
52.81.187.72 - - [15/Apr/2025:09:45:15 -0400] "GET /products/sw.js HTTP/1.1" 404 12617 "https://creative-webstyle.com/" "Mozilla/5.0 (X11; Linux x86_64) AppleWebKit/537.36 (KHTML, like Gecko) HeadlessChrome/114.0.5716.0 Safari/537.36"
198.54.114.83 - - [15/Apr/2025:09:45:18 -0400] "POST /wp-cron.php?doing_wp_cron=1744724715.4680409431457519531250 HTTP/1.1" 200 0 "-" "WordPress/6.7.2; https://creative-webstyle.com"
217.113.194.235 - - [15/Apr/2025:09:45:18 -0400] "GET /exploring-the-best-free-qr-code-generators/feed/ HTTP/1.1" 200 410 "-" "Mozilla/5.0 (compatible; Barkrowler/0.9; +https://babbar.tech/crawler)"
217.113.194.233 - - [15/Apr/2025:09:45:36 -0400] "GET /exploring-the-koon-seng-house-showflat/ HTTP/1.1" 200 18177 "-" "Mozilla/5.0 (compatible; Barkrowler/0.9; +https://babbar.tech/crawler)"
154.54.249.218 - - [15/Apr/2025:09:45:55 -0400] "GET /exploring-real-estate-for-sale-in-marrakech-morocco/ HTTP/1.1" 200 18186 "-" "Mozilla/5.0 (compatible; Barkrowler/0.9; +https://babbar.tech/crawler)"
217.113.194.234 - - [15/Apr/2025:09:46:14 -0400] "GET /the-difference-between-betting-on-baseball-and-football/ HTTP/1.1" 200 18982 "-" "Mozilla/5.0 (compatible; Barkrowler/0.9; +https://babbar.tech/crawler)"
52.81.187.72 - - [15/Apr/2025:09:46:27 -0400] "GET / HTTP/1.1" 200 78396 "-" "Mozilla/5.0 (X11; Linux x86_64) AppleWebKit/577.41 (KHTML, like Gecko) Chrome/56.0.2013 Safari/537.36"
47.79.215.21 - - [15/Apr/2025:09:46:27 -0400] "GET / HTTP/1.1" 200 78396 "https://www.google.com/" "Mozilla/5.0 (Linux; Android 10; K) AppleWebKit/537.36 (KHTML, like Gecko) Chrome/133.0.0.0 Mobile Safari/537.36"
217.113.194.254 - - [15/Apr/2025:09:46:32 -0400] "GET /the-power-of-blood-sugar-support-supplements/feed/ HTTP/1.1" 200 413 "-" "Mozilla/5.0 (compatible; Barkrowler/0.9; +https://babbar.tech/crawler)"
198.54.114.83 - - [15/Apr/2025:09:46:35 -0400] "POST /wp-cron.php?doing_wp_cron=1744724793.4896070957183837890625 HTTP/1.1" 200 0 "-" "WordPress/6.7.2; https://creative-webstyle.com"
217.113.194.237 - - [15/Apr/2025:09:46:52 -0400] "GET /essential-workout-supplies-for-your-home-gym/ HTTP/1.1" 200 18181 "-" "Mozilla/5.0 (compatible; Barkrowler/0.9; +https://babbar.tech/crawler)"
52.81.187.72 - - [15/Apr/2025:09:47:06 -0400] "GET /sitemap.xml HTTP/1.1" 200 245 "-" "Go-http-client/1.1"
217.113.194.237 - - [15/Apr/2025:09:47:10 -0400] "GET /essential-elements-of-hotel-bedroom-furniture/ HTTP/1.1" 200 17848 "-" "Mozilla/5.0 (compatible; Barkrowler/0.9; +https://babbar.tech/crawler)"
217.113.194.232 - - [15/Apr/2025:09:47:31 -0400] "GET /essential-guide-to-choosing-the-right-breast-pump/ HTTP/1.1" 200 17919 "-" "Mozilla/5.0 (compatible; Barkrowler/0.9; +https://babbar.tech/crawler)"
58.254.68.125 - - [15/Apr/2025:09:47:48 -0400] "GET /black-and-gold-bedside-lamps/ HTTP/1.1" 200 18208 "https://creative-webstyle.com" "Mozilla/5.0 (Windows NT 10.0; Win64; x64) AppleWebKit/537.36 (KHTML, like Gecko) Chrome/62.0.3202.94 Safari/537.36"
198.54.114.83 - - [15/Apr/2025:09:47:52 -0400] "POST /wp-cron.php?doing_wp_cron=1744724871.1993288993835449218750 HTTP/1.1" 200 0 "-" "WordPress/6.7.2; https://creative-webstyle.com"
217.113.194.235 - - [15/Apr/2025:09:47:50 -0400] "GET /arete-one-25l-dehumidifier-review/ HTTP/1.1" 200 18000 "-" "Mozilla/5.0 (compatible; Barkrowler/0.9; +https://babbar.tech/crawler)"
154.54.249.218 - - [15/Apr/2025:09:48:10 -0400] "GET /arete-one-25l-dehumidifier-review/feed/ HTTP/1.1" 200 401 "-" "Mozilla/5.0 (compatible; Barkrowler/0.9; +https://babbar.tech/crawler)"
217.113.194.241 - - [15/Apr/2025:09:48:30 -0400] "GET /comment-supprimer-un-compte-1xbet/feed/ HTTP/1.1" 200 394 "-" "Mozilla/5.0 (compatible; Barkrowler/0.9; +https://babbar.tech/crawler)"
217.113.194.240 - - [15/Apr/2025:09:48:50 -0400] "GET /comment-supprimer-un-compte-1xbet-2/ HTTP/1.1" 200 17784 "-" "Mozilla/5.0 (compatible; Barkrowler/0.9; +https://babbar.tech/crawler)"
198.54.114.83 - - [15/Apr/2025:09:48:54 -0400] "POST /wp-cron.php?doing_wp_cron=1744724931.5693318843841552734375 HTTP/1.1" 200 0 "-" "WordPress/6.7.2; https://creative-webstyle.com"
217.113.194.237 - - [15/Apr/2025:09:49:11 -0400] "GET /comment-obtenir-une-lecture-psychique-pour-10/feed/ HTTP/1.1" 200 410 "-" "Mozilla/5.0 (compatible; Barkrowler/0.9; +https://babbar.tech/crawler)"
154.54.249.218 - - [15/Apr/2025:09:49:31 -0400] "GET /can-you-buy-views-on-tiktok/feed/ HTTP/1.1" 200 390 "-" "Mozilla/5.0 (compatible; Barkrowler/0.9; +https://babbar.tech/crawler)"
217.113.194.254 - - [15/Apr/2025:09:49:50 -0400] "GET /tips-on-how-to-avoid-a-gambling-addiction/feed/ HTTP/1.1" 200 412 "-" "Mozilla/5.0 (compatible; Barkrowler/0.9; +https://babbar.tech/crawler)"
217.113.194.233 - - [15/Apr/2025:09:50:10 -0400] "GET /nipple-protectors-for-breastfeeding/feed/ HTTP/1.1" 200 394 "-" "Mozilla/5.0 (compatible; Barkrowler/0.9; +https://babbar.tech/crawler)"
198.54.114.83 - - [15/Apr/2025:09:50:13 -0400] "POST /wp-cron.php?doing_wp_cron=1744725010.5402441024780273437500 HTTP/1.1" 200 0 "-" "WordPress/6.7.2; https://creative-webstyle.com"
217.113.194.254 - - [15/Apr/2025:09:50:30 -0400] "GET /the-history-of-figurative-painting-in-germany/feed/ HTTP/1.1" 200 410 "-" "Mozilla/5.0 (compatible; Barkrowler/0.9; +https://babbar.tech/crawler)"
217.113.194.239 - - [15/Apr/2025:09:50:47 -0400] "GET /lequipement-indispensable-pour-les-forces-armees/ HTTP/1.1" 200 18035 "-" "Mozilla/5.0 (compatible; Barkrowler/0.9; +https://babbar.tech/crawler)"
217.113.194.241 - - [15/Apr/2025:09:51:06 -0400] "GET /five-reasons-to-call-an-emergency-locksmith/ HTTP/1.1" 200 18335 "-" "Mozilla/5.0 (compatible; Barkrowler/0.9; +https://babbar.tech/crawler)"
198.54.114.83 - - [15/Apr/2025:09:51:27 -0400] "POST /wp-cron.php?doing_wp_cron=1744725085.5420770645141601562500 HTTP/1.1" 200 0 "-" "WordPress/6.7.2; https://creative-webstyle.com"
217.113.194.233 - - [15/Apr/2025:09:51:25 -0400] "GET /liquid-silicone-rubber-suppliers-in-sri-lanka/feed/ HTTP/1.1" 200 417 "-" "Mozilla/5.0 (compatible; Barkrowler/0.9; +https://babbar.tech/crawler)"
217.113.194.241 - - [15/Apr/2025:09:51:44 -0400] "GET /5-super-trips-with-pizzabacken-in-rome/feed/ HTTP/1.1" 200 416 "-" "Mozilla/5.0 (compatible; Barkrowler/0.9; +https://babbar.tech/crawler)"
217.113.194.238 - - [15/Apr/2025:09:52:02 -0400] "GET /finding-reliable-shipping-services-nearby/feed/ HTTP/1.1" 200 404 "-" "Mozilla/5.0 (compatible; Barkrowler/0.9; +https://babbar.tech/crawler)"
151.106.186.76 - - [15/Apr/2025:09:52:15 -0400] "GET /images/gallery/ID_0133_sitoweb_th.jpg HTTP/1.1" 301 0 "-" "Mozilla/5.0 (X11; Ubuntu; Linux x86_64; rv:72.0) Gecko/20100101 Firefox/72.0"
151.106.186.76 - - [15/Apr/2025:09:52:18 -0400] "GET /images/gallery/ID_0133_sitoweb_th.jpg HTTP/1.1" 404 12642 "-" "Mozilla/5.0 (X11; Ubuntu; Linux x86_64; rv:72.0) Gecko/20100101 Firefox/72.0"
151.106.186.76 - - [15/Apr/2025:09:52:21 -0400] "GET /images/gallery/ID_0133_sitoweb_th.jpg HTTP/1.1" 301 0 "-" "Mozilla/5.0 (X11; Ubuntu; Linux x86_64; rv:72.0) Gecko/20100101 Firefox/72.0"
217.113.194.232 - - [15/Apr/2025:09:52:20 -0400] "GET /finding-a-local-plumbing-service-you-can-trust/feed/ HTTP/1.1" 200 420 "-" "Mozilla/5.0 (compatible; Barkrowler/0.9; +https://babbar.tech/crawler)"
151.106.186.76 - - [15/Apr/2025:09:52:23 -0400] "GET /images/gallery/ID_0133_sitoweb_th.jpg HTTP/1.1" 404 12642 "-" "Mozilla/5.0 (X11; Ubuntu; Linux x86_64; rv:72.0) Gecko/20100101 Firefox/72.0"
151.106.186.76 - - [15/Apr/2025:09:52:24 -0400] "GET /images/gallery/ID_0133_sitoweb_th.jpg HTTP/1.1" 301 0 "-" "Mozilla/5.0 (X11; Ubuntu; Linux x86_64; rv:72.0) Gecko/20100101 Firefox/72.0"
151.106.186.76 - - [15/Apr/2025:09:52:27 -0400] "GET /images/gallery/ID_0133_sitoweb_th.jpg HTTP/1.1" 404 12642 "-" "Mozilla/5.0 (X11; Ubuntu; Linux x86_64; rv:72.0) Gecko/20100101 Firefox/72.0"
217.113.194.241 - - [15/Apr/2025:09:52:40 -0400] "GET /finding-that-perfect-mens-titanium-ring-customize-it/ HTTP/1.1" 200 18111 "-" "Mozilla/5.0 (compatible; Barkrowler/0.9; +https://babbar.tech/crawler)"
198.54.114.83 - - [15/Apr/2025:09:52:44 -0400] "POST /wp-cron.php?doing_wp_cron=1744725161.3471748828887939453125 HTTP/1.1" 200 0 "-" "WordPress/6.7.2; https://creative-webstyle.com"
217.113.194.232 - - [15/Apr/2025:09:53:03 -0400] "GET /boost-your-online-presence-with-bought-youtube-views/ HTTP/1.1" 200 17794 "-" "Mozilla/5.0 (compatible; Barkrowler/0.9; +https://babbar.tech/crawler)"
217.113.194.234 - - [15/Apr/2025:09:53:21 -0400] "GET /sadan-laver-du-dit-eget-tojdyr/ HTTP/1.1" 200 18593 "-" "Mozilla/5.0 (compatible; Barkrowler/0.9; +https://babbar.tech/crawler)"
47.128.121.125 - - [15/Apr/2025:09:53:40 -0400] "GET /robots.txt HTTP/1.1" 304 0 "-" "Go-http-client/2.0"
217.113.194.240 - - [15/Apr/2025:09:53:42 -0400] "GET /how-to-choose-an-affordable-clipping-path-service/ HTTP/1.1" 200 18241 "-" "Mozilla/5.0 (compatible; Barkrowler/0.9; +https://babbar.tech/crawler)"
198.54.114.83 - - [15/Apr/2025:09:53:44 -0400] "POST /wp-cron.php?doing_wp_cron=1744725222.4796481132507324218750 HTTP/1.1" 200 0 "-" "WordPress/6.7.2; https://creative-webstyle.com"
217.113.194.235 - - [15/Apr/2025:09:54:03 -0400] "GET /how-to-make-your-own-best-whipped-soap/feed/ HTTP/1.1" 200 413 "-" "Mozilla/5.0 (compatible; Barkrowler/0.9; +https://babbar.tech/crawler)"
217.113.194.240 - - [15/Apr/2025:09:54:21 -0400] "GET /how-to-buy-youtube-likes-from-a-reputable-company/ HTTP/1.1" 200 18332 "-" "Mozilla/5.0 (compatible; Barkrowler/0.9; +https://babbar.tech/crawler)"
217.113.194.240 - - [15/Apr/2025:09:54:41 -0400] "GET /how-to-find-reputable-photo-clipping-services/ HTTP/1.1" 200 18399 "-" "Mozilla/5.0 (compatible; Barkrowler/0.9; +https://babbar.tech/crawler)"
217.113.194.238 - - [15/Apr/2025:09:55:01 -0400] "GET /how-to-use-tretinoin-gel-in-the-uk/feed/ HTTP/1.1" 200 402 "-" "Mozilla/5.0 (compatible; Barkrowler/0.9; +https://babbar.tech/crawler)"
198.54.114.83 - - [15/Apr/2025:09:55:05 -0400] "POST /wp-cron.php?doing_wp_cron=1744725301.6982328891754150390625 HTTP/1.1" 200 0 "-" "WordPress/6.7.2; https://creative-webstyle.com"
217.113.194.235 - - [15/Apr/2025:09:55:22 -0400] "GET /how-to-hire-an-immigration-lawyer-in-portland/feed/ HTTP/1.1" 200 413 "-" "Mozilla/5.0 (compatible; Barkrowler/0.9; +https://babbar.tech/crawler)"
217.113.194.233 - - [15/Apr/2025:09:55:42 -0400] "GET /how-to-use-an-indoor-led-display-at-your-business/ HTTP/1.1" 200 18118 "-" "Mozilla/5.0 (compatible; Barkrowler/0.9; +https://babbar.tech/crawler)"
217.113.194.254 - - [15/Apr/2025:09:56:01 -0400] "GET /how-to-use-crm-software-to-grow-your-business/feed/ HTTP/1.1" 200 410 "-" "Mozilla/5.0 (compatible; Barkrowler/0.9; +https://babbar.tech/crawler)"
198.54.114.83 - - [15/Apr/2025:09:56:05 -0400] "POST /wp-cron.php?doing_wp_cron=1744725362.2018229961395263671875 HTTP/1.1" 200 0 "-" "WordPress/6.7.2; https://creative-webstyle.com"
217.113.194.241 - - [15/Apr/2025:09:56:22 -0400] "GET /why-buying-instagram-followers-and-likes-falls-short/ HTTP/1.1" 200 17795 "-" "Mozilla/5.0 (compatible; Barkrowler/0.9; +https://babbar.tech/crawler)"
217.113.194.241 - - [15/Apr/2025:09:56:41 -0400] "GET /why-buying-instagram-followers-and-likes-falls-short/feed/ HTTP/1.1" 200 426 "-" "Mozilla/5.0 (compatible; Barkrowler/0.9; +https://babbar.tech/crawler)"
217.113.194.254 - - [15/Apr/2025:09:57:00 -0400] "GET /effektive-unterstutzung-fur-jurastudenten/ HTTP/1.1" 200 18007 "-" "Mozilla/5.0 (compatible; Barkrowler/0.9; +https://babbar.tech/crawler)"
198.54.114.83 - - [15/Apr/2025:09:57:19 -0400] "POST /wp-cron.php?doing_wp_cron=1744725438.8438129425048828125000 HTTP/1.1" 200 0 "-" "WordPress/6.7.2; https://creative-webstyle.com"
217.113.194.235 - - [15/Apr/2025:09:57:18 -0400] "GET /using-ecommerce-software-to-get-customers-to-buy-more/ HTTP/1.1" 200 18275 "-" "Mozilla/5.0 (compatible; Barkrowler/0.9; +https://babbar.tech/crawler)"
198.54.114.83 - - [15/Apr/2025:09:57:26 -0400] "POST /wp-admin/admin-ajax.php?action=async_litespeed&nonce=Z4DqnHYKDDnMF2GVif4t92afNoKkl7RB&litespeed_type=imgoptm HTTP/1.1" 200 0 "-" "WordPress/6.7.2; https://creative-webstyle.com"
217.113.194.234 - - [15/Apr/2025:09:57:37 -0400] "GET /important-things-to-know-about-football-betting/ HTTP/1.1" 200 17613 "-" "Mozilla/5.0 (compatible; Barkrowler/0.9; +https://babbar.tech/crawler)"
47.128.121.165 - - [15/Apr/2025:09:57:38 -0400] "GET /the-safest-way-to-use-hair-removal-cream/ HTTP/1.1" 200 18363 "-" "Mozilla/5.0 (Linux; Android 5.0) AppleWebKit/537.36 (KHTML, like Gecko) Mobile Safari/537.36 (compatible; TikTokSpider; ttspider-feedback@tiktok.com)"
198.54.114.83 - - [15/Apr/2025:09:57:56 -0400] "POST /wp-cron.php?doing_wp_cron=1744725475.6025938987731933593750 HTTP/1.1" 200 0 "-" "WordPress/6.7.2; https://creative-webstyle.com"
154.54.249.218 - - [15/Apr/2025:09:57:55 -0400] "GET /important-things-to-know-about-football-betting/feed/ HTTP/1.1" 200 415 "-" "Mozilla/5.0 (compatible; Barkrowler/0.9; +https://babbar.tech/crawler)"
198.54.114.83 - - [15/Apr/2025:09:58:03 -0400] "POST /wp-admin/admin-ajax.php?action=async_litespeed&nonce=Nl2JClRfVzwlrwl2rr3mnvy3hDEABAwg&litespeed_type=imgoptm HTTP/1.1" 200 0 "-" "WordPress/6.7.2; https://creative-webstyle.com"
217.113.194.238 - - [15/Apr/2025:09:58:14 -0400] "GET /discover-omnigenceam-a-modern-digital-solution/ HTTP/1.1" 200 17976 "-" "Mozilla/5.0 (compatible; Barkrowler/0.9; +https://babbar.tech/crawler)"
217.113.194.233 - - [15/Apr/2025:09:58:32 -0400] "GET /discover-omnigenceam-a-modern-digital-solution/feed/ HTTP/1.1" 200 413 "-" "Mozilla/5.0 (compatible; Barkrowler/0.9; +https://babbar.tech/crawler)"
217.113.194.235 - - [15/Apr/2025:09:58:51 -0400] "GET /discover-the-magic-of-rainbow-riches-casino-2/feed/ HTTP/1.1" 200 412 "-" "Mozilla/5.0 (compatible; Barkrowler/0.9; +https://babbar.tech/crawler)"
198.54.114.83 - - [15/Apr/2025:09:58:54 -0400] "POST /wp-cron.php?doing_wp_cron=1744725531.6355829238891601562500 HTTP/1.1" 200 0 "-" "WordPress/6.7.2; https://creative-webstyle.com"
217.113.194.233 - - [15/Apr/2025:09:59:09 -0400] "GET /discover-the-popularity-of-fruit-of-the-loom-t-shirts/ HTTP/1.1" 200 18115 "-" "Mozilla/5.0 (compatible; Barkrowler/0.9; +https://babbar.tech/crawler)"
217.113.194.236 - - [15/Apr/2025:09:59:27 -0400] "GET /discover-the-popularity-of-fruit-of-the-loom-t-shirts/feed/ HTTP/1.1" 200 426 "-" "Mozilla/5.0 (compatible; Barkrowler/0.9; +https://babbar.tech/crawler)"
217.113.194.241 - - [15/Apr/2025:09:59:46 -0400] "GET /discovering-the-magic-of-rainbow-riches-casinos/feed/ HTTP/1.1" 200 415 "-" "Mozilla/5.0 (compatible; Barkrowler/0.9; +https://babbar.tech/crawler)"
