3.144.19.228 - - [15/Apr/2025:02:05:00 -0400] "GET /umzugsunternehmen-in-hamburg-fur-stressfreie-umzuge HTTP/1.1" 301 0 "-" "Mozilla/5.0 AppleWebKit/537.36 (KHTML, like Gecko; compatible; ClaudeBot/1.0; +claudebot@anthropic.com)"
3.144.19.228 - - [15/Apr/2025:02:05:02 -0400] "GET /umzugsunternehmen-in-hamburg-fur-stressfreie-umzuge/ HTTP/1.1" 200 18490 "https://creative-webstyle.com/umzugsunternehmen-in-hamburg-fur-stressfreie-umzuge" "Mozilla/5.0 AppleWebKit/537.36 (KHTML, like Gecko; compatible; ClaudeBot/1.0; +claudebot@anthropic.com)"
52.167.144.140 - - [15/Apr/2025:02:05:08 -0400] "GET /unlocking-the-key-to-efficiency-the-typing-speed-test/feed/ HTTP/1.1" 200 427 "-" "Mozilla/5.0 AppleWebKit/537.36 (KHTML, like Gecko; compatible; bingbot/2.0; +http://www.bing.com/bingbot.htm) Chrome/116.0.1938.76 Safari/537.36"
58.254.68.125 - - [15/Apr/2025:02:05:10 -0400] "GET /black-and-gold-bedside-lamps/ HTTP/1.1" 200 18232 "-" "Mozilla/5.0 (Windows NT 6.1; WOW64) AppleWebKit/537.36 (KHTML, like Gecko) Chrome/34.0.1847.131 Safari/537.36"
217.113.194.233 - - [15/Apr/2025:02:05:18 -0400] "GET /sales-michael-kors-handbags/feed/ HTTP/1.1" 200 389 "-" "Mozilla/5.0 (compatible; Barkrowler/0.9; +https://babbar.tech/crawler)"
217.113.194.234 - - [15/Apr/2025:02:05:37 -0400] "GET /mediation-costs-in-the-uk/ HTTP/1.1" 200 18384 "-" "Mozilla/5.0 (compatible; Barkrowler/0.9; +https://babbar.tech/crawler)"
217.113.194.235 - - [15/Apr/2025:02:05:55 -0400] "GET /free-employment-advice/feed/ HTTP/1.1" 200 383 "-" "Mozilla/5.0 (compatible; Barkrowler/0.9; +https://babbar.tech/crawler)"
198.54.114.83 - - [15/Apr/2025:02:06:16 -0400] "POST /wp-cron.php?doing_wp_cron=1744697175.1441469192504882812500 HTTP/1.1" 200 0 "-" "WordPress/6.7.2; https://creative-webstyle.com"
217.113.194.235 - - [15/Apr/2025:02:06:14 -0400] "GET /mma-mixed-martial-arts/ HTTP/1.1" 200 18493 "-" "Mozilla/5.0 (compatible; Barkrowler/0.9; +https://babbar.tech/crawler)"
217.113.194.234 - - [15/Apr/2025:02:06:37 -0400] "GET /screw-sizes-and-gauges/ HTTP/1.1" 200 17780 "-" "Mozilla/5.0 (compatible; Barkrowler/0.9; +https://babbar.tech/crawler)"
217.113.194.240 - - [15/Apr/2025:02:06:55 -0400] "GET /programmatic-ads-dubai/feed/ HTTP/1.1" 200 382 "-" "Mozilla/5.0 (compatible; Barkrowler/0.9; +https://babbar.tech/crawler)"
198.54.114.83 - - [15/Apr/2025:02:07:18 -0400] "POST /wp-cron.php?doing_wp_cron=1744697236.9086310863494873046875 HTTP/1.1" 200 0 "-" "WordPress/6.7.2; https://creative-webstyle.com"
217.113.194.235 - - [15/Apr/2025:02:07:16 -0400] "GET /cutting-edge-technology/feed/ HTTP/1.1" 200 378 "-" "Mozilla/5.0 (compatible; Barkrowler/0.9; +https://babbar.tech/crawler)"
217.113.194.254 - - [15/Apr/2025:02:07:37 -0400] "GET /composite-doors-cardiff/ HTTP/1.1" 200 17277 "-" "Mozilla/5.0 (compatible; Barkrowler/0.9; +https://babbar.tech/crawler)"
217.113.194.235 - - [15/Apr/2025:02:08:00 -0400] "GET /marketing-pour-petite-entreprise/ HTTP/1.1" 200 17160 "-" "Mozilla/5.0 (compatible; Barkrowler/0.9; +https://babbar.tech/crawler)"
217.113.194.254 - - [15/Apr/2025:02:08:24 -0400] "GET /chance-meets-technology/feed/ HTTP/1.1" 200 381 "-" "Mozilla/5.0 (compatible; Barkrowler/0.9; +https://babbar.tech/crawler)"
198.54.114.83 - - [15/Apr/2025:02:08:27 -0400] "POST /wp-cron.php?doing_wp_cron=1744697304.6940538883209228515625 HTTP/1.1" 200 0 "-" "WordPress/6.7.2; https://creative-webstyle.com"
217.113.194.232 - - [15/Apr/2025:02:08:45 -0400] "GET /conneaut-lake-concerts/ HTTP/1.1" 200 18130 "-" "Mozilla/5.0 (compatible; Barkrowler/0.9; +https://babbar.tech/crawler)"
217.113.194.241 - - [15/Apr/2025:02:09:06 -0400] "GET /emergency-locksmith/feed/ HTTP/1.1" 200 371 "-" "Mozilla/5.0 (compatible; Barkrowler/0.9; +https://babbar.tech/crawler)"
198.54.114.83 - - [15/Apr/2025:02:09:28 -0400] "POST /wp-cron.php?doing_wp_cron=1744697367.4242460727691650390625 HTTP/1.1" 200 0 "-" "WordPress/6.7.2; https://creative-webstyle.com"
217.113.194.234 - - [15/Apr/2025:02:09:27 -0400] "GET /live-in-care-dorchester/feed/ HTTP/1.1" 200 390 "-" "Mozilla/5.0 (compatible; Barkrowler/0.9; +https://babbar.tech/crawler)"
198.54.114.83 - - [15/Apr/2025:02:09:36 -0400] "POST /wp-admin/admin-ajax.php?action=async_litespeed&nonce=GAIyDcmyaOxpzrtrQNpRqrAO9YnxHNbb&litespeed_type=imgoptm HTTP/1.1" 200 0 "-" "WordPress/6.7.2; https://creative-webstyle.com"
198.54.114.83 - - [15/Apr/2025:02:09:51 -0400] "POST /wp-cron.php?doing_wp_cron=1744697390.5385570526123046875000 HTTP/1.1" 200 0 "-" "WordPress/6.7.2; https://creative-webstyle.com"
217.113.194.238 - - [15/Apr/2025:02:09:49 -0400] "GET /category/activity/page/74/ HTTP/1.1" 200 16569 "-" "Mozilla/5.0 (compatible; Barkrowler/0.9; +https://babbar.tech/crawler)"
217.113.194.240 - - [15/Apr/2025:02:10:14 -0400] "GET /category/activity/page/76/ HTTP/1.1" 200 16267 "-" "Mozilla/5.0 (compatible; Barkrowler/0.9; +https://babbar.tech/crawler)"
217.113.194.241 - - [15/Apr/2025:02:10:33 -0400] "GET /category/activity/page/97/ HTTP/1.1" 200 16396 "-" "Mozilla/5.0 (compatible; Barkrowler/0.9; +https://babbar.tech/crawler)"
198.54.114.83 - - [15/Apr/2025:02:10:56 -0400] "POST /wp-cron.php?doing_wp_cron=1744697456.1482930183410644531250 HTTP/1.1" 200 0 "-" "WordPress/6.7.2; https://creative-webstyle.com"
217.113.194.233 - - [15/Apr/2025:02:10:55 -0400] "GET /category/activity/page/86/ HTTP/1.1" 200 16389 "-" "Mozilla/5.0 (compatible; Barkrowler/0.9; +https://babbar.tech/crawler)"
198.54.114.83 - - [15/Apr/2025:02:11:03 -0400] "POST /wp-admin/admin-ajax.php?action=async_litespeed&nonce=fCjRbpPDcVOMcpgETiSJ2qYHGGXfEHCj&litespeed_type=imgoptm HTTP/1.1" 200 0 "-" "WordPress/6.7.2; https://creative-webstyle.com"
217.113.194.237 - - [15/Apr/2025:02:11:18 -0400] "GET /category/activity/page/75/ HTTP/1.1" 200 16373 "-" "Mozilla/5.0 (compatible; Barkrowler/0.9; +https://babbar.tech/crawler)"
217.113.194.232 - - [15/Apr/2025:02:11:39 -0400] "GET /category/activity/page/84/ HTTP/1.1" 200 16512 "-" "Mozilla/5.0 (compatible; Barkrowler/0.9; +https://babbar.tech/crawler)"
198.54.114.83 - - [15/Apr/2025:02:12:01 -0400] "POST /wp-cron.php?doing_wp_cron=1744697520.7219619750976562500000 HTTP/1.1" 200 0 "-" "WordPress/6.7.2; https://creative-webstyle.com"
217.113.194.239 - - [15/Apr/2025:02:11:59 -0400] "GET /category/activity/page/42/ HTTP/1.1" 200 16492 "-" "Mozilla/5.0 (compatible; Barkrowler/0.9; +https://babbar.tech/crawler)"
198.54.114.83 - - [15/Apr/2025:02:12:08 -0400] "POST /wp-admin/admin-ajax.php?action=async_litespeed&nonce=6XhbyOzCqgeJW2lQpoUNbgZj5wNXLJ1s&litespeed_type=imgoptm HTTP/1.1" 200 0 "-" "WordPress/6.7.2; https://creative-webstyle.com"
154.54.249.218 - - [15/Apr/2025:02:12:21 -0400] "GET /category/activity/page/54/ HTTP/1.1" 200 16288 "-" "Mozilla/5.0 (compatible; Barkrowler/0.9; +https://babbar.tech/crawler)"
217.113.194.254 - - [15/Apr/2025:02:12:42 -0400] "GET /category/activity/page/87/ HTTP/1.1" 200 16456 "-" "Mozilla/5.0 (compatible; Barkrowler/0.9; +https://babbar.tech/crawler)"
198.54.114.83 - - [15/Apr/2025:02:13:03 -0400] "POST /wp-cron.php?doing_wp_cron=1744697582.3555080890655517578125 HTTP/1.1" 200 0 "-" "WordPress/6.7.2; https://creative-webstyle.com"
217.113.194.232 - - [15/Apr/2025:02:13:01 -0400] "GET /category/activity/page/68/ HTTP/1.1" 200 16380 "-" "Mozilla/5.0 (compatible; Barkrowler/0.9; +https://babbar.tech/crawler)"
217.113.194.239 - - [15/Apr/2025:02:13:22 -0400] "GET /category/activity/page/78/ HTTP/1.1" 200 16449 "-" "Mozilla/5.0 (compatible; Barkrowler/0.9; +https://babbar.tech/crawler)"
217.113.194.234 - - [15/Apr/2025:02:13:41 -0400] "GET /category/activity/page/39/ HTTP/1.1" 200 16359 "-" "Mozilla/5.0 (compatible; Barkrowler/0.9; +https://babbar.tech/crawler)"
217.113.194.232 - - [15/Apr/2025:02:13:59 -0400] "GET /category/activity/page/58/ HTTP/1.1" 200 16181 "-" "Mozilla/5.0 (compatible; Barkrowler/0.9; +https://babbar.tech/crawler)"
198.54.114.83 - - [15/Apr/2025:02:14:22 -0400] "POST /wp-cron.php?doing_wp_cron=1744697660.7041618824005126953125 HTTP/1.1" 200 0 "-" "WordPress/6.7.2; https://creative-webstyle.com"
217.113.194.236 - - [15/Apr/2025:02:14:20 -0400] "GET /category/activity/page/49/ HTTP/1.1" 200 16432 "-" "Mozilla/5.0 (compatible; Barkrowler/0.9; +https://babbar.tech/crawler)"
217.113.194.241 - - [15/Apr/2025:02:14:39 -0400] "GET /category/activity/page/83/ HTTP/1.1" 200 16370 "-" "Mozilla/5.0 (compatible; Barkrowler/0.9; +https://babbar.tech/crawler)"
217.113.194.240 - - [15/Apr/2025:02:14:58 -0400] "GET /category/activity/page/45/ HTTP/1.1" 200 16397 "-" "Mozilla/5.0 (compatible; Barkrowler/0.9; +https://babbar.tech/crawler)"
217.113.194.241 - - [15/Apr/2025:02:15:19 -0400] "GET /category/activity/page/77/ HTTP/1.1" 200 16408 "-" "Mozilla/5.0 (compatible; Barkrowler/0.9; +https://babbar.tech/crawler)"
198.54.114.83 - - [15/Apr/2025:02:15:41 -0400] "POST /wp-cron.php?doing_wp_cron=1744697740.2072041034698486328125 HTTP/1.1" 200 0 "-" "WordPress/6.7.2; https://creative-webstyle.com"
217.113.194.254 - - [15/Apr/2025:02:15:39 -0400] "GET /category/activity/page/56/ HTTP/1.1" 200 16377 "-" "Mozilla/5.0 (compatible; Barkrowler/0.9; +https://babbar.tech/crawler)"
217.113.194.254 - - [15/Apr/2025:02:16:01 -0400] "GET /category/activity/page/95/ HTTP/1.1" 200 16481 "-" "Mozilla/5.0 (compatible; Barkrowler/0.9; +https://babbar.tech/crawler)"
217.113.194.254 - - [15/Apr/2025:02:16:19 -0400] "GET /category/activity/page/94/ HTTP/1.1" 200 16733 "-" "Mozilla/5.0 (compatible; Barkrowler/0.9; +https://babbar.tech/crawler)"
217.113.194.232 - - [15/Apr/2025:02:16:39 -0400] "GET /category/activity/page/57/ HTTP/1.1" 200 16449 "-" "Mozilla/5.0 (compatible; Barkrowler/0.9; +https://babbar.tech/crawler)"
198.54.114.83 - - [15/Apr/2025:02:16:58 -0400] "POST /wp-cron.php?doing_wp_cron=1744697817.3719611167907714843750 HTTP/1.1" 200 0 "-" "WordPress/6.7.2; https://creative-webstyle.com"
217.113.194.236 - - [15/Apr/2025:02:16:56 -0400] "GET /category/activity/page/99/ HTTP/1.1" 200 16472 "-" "Mozilla/5.0 (compatible; Barkrowler/0.9; +https://babbar.tech/crawler)"
198.54.114.83 - - [15/Apr/2025:02:17:04 -0400] "POST /wp-admin/admin-ajax.php?action=async_litespeed&nonce=sCq1dzESzBdtgslnhJ8C1mAeLR9p0DOF&litespeed_type=imgoptm HTTP/1.1" 200 0 "-" "WordPress/6.7.2; https://creative-webstyle.com"
154.54.249.218 - - [15/Apr/2025:02:17:17 -0400] "GET /category/activity/page/41/ HTTP/1.1" 200 16303 "-" "Mozilla/5.0 (compatible; Barkrowler/0.9; +https://babbar.tech/crawler)"
217.113.194.241 - - [15/Apr/2025:02:17:37 -0400] "GET /category/activity/page/72/ HTTP/1.1" 200 16542 "-" "Mozilla/5.0 (compatible; Barkrowler/0.9; +https://babbar.tech/crawler)"
198.54.114.83 - - [15/Apr/2025:02:17:56 -0400] "POST /wp-cron.php?doing_wp_cron=1744697875.7716689109802246093750 HTTP/1.1" 200 0 "-" "WordPress/6.7.2; https://creative-webstyle.com"
217.113.194.238 - - [15/Apr/2025:02:17:55 -0400] "GET /category/activity/page/52/ HTTP/1.1" 200 16257 "-" "Mozilla/5.0 (compatible; Barkrowler/0.9; +https://babbar.tech/crawler)"
198.54.114.83 - - [15/Apr/2025:02:18:02 -0400] "POST /wp-admin/admin-ajax.php?action=async_litespeed&nonce=qmQSQHfR6eReboXdMeijCImcDrzqS8IR&litespeed_type=imgoptm HTTP/1.1" 200 0 "-" "WordPress/6.7.2; https://creative-webstyle.com"
217.113.194.238 - - [15/Apr/2025:02:18:14 -0400] "GET /category/activity/page/37/ HTTP/1.1" 200 16610 "-" "Mozilla/5.0 (compatible; Barkrowler/0.9; +https://babbar.tech/crawler)"
217.113.194.254 - - [15/Apr/2025:02:18:33 -0400] "GET /category/activity/page/65/ HTTP/1.1" 200 16446 "-" "Mozilla/5.0 (compatible; Barkrowler/0.9; +https://babbar.tech/crawler)"
217.113.194.234 - - [15/Apr/2025:02:18:51 -0400] "GET /category/activity/page/47/ HTTP/1.1" 200 16418 "-" "Mozilla/5.0 (compatible; Barkrowler/0.9; +https://babbar.tech/crawler)"
198.54.114.83 - - [15/Apr/2025:02:19:00 -0400] "POST /wp-admin/admin-ajax.php?action=async_litespeed&nonce=fpk1heIml4gxrDJYxZoCzr4Yp1PmtdTH&litespeed_type=imgoptm HTTP/1.1" 200 0 "-" "WordPress/6.7.2; https://creative-webstyle.com"
217.113.194.235 - - [15/Apr/2025:02:19:09 -0400] "GET /category/activity/page/89/ HTTP/1.1" 200 16713 "-" "Mozilla/5.0 (compatible; Barkrowler/0.9; +https://babbar.tech/crawler)"
217.113.194.235 - - [15/Apr/2025:02:19:29 -0400] "GET /category/activity/page/66/ HTTP/1.1" 200 16321 "-" "Mozilla/5.0 (compatible; Barkrowler/0.9; +https://babbar.tech/crawler)"
217.113.194.232 - - [15/Apr/2025:02:19:47 -0400] "GET /category/activity/page/69/ HTTP/1.1" 200 16465 "-" "Mozilla/5.0 (compatible; Barkrowler/0.9; +https://babbar.tech/crawler)"
217.113.194.254 - - [15/Apr/2025:02:20:07 -0400] "GET /category/activity/page/61/ HTTP/1.1" 200 16518 "-" "Mozilla/5.0 (compatible; Barkrowler/0.9; +https://babbar.tech/crawler)"
217.113.194.233 - - [15/Apr/2025:02:20:25 -0400] "GET /category/activity/page/44/ HTTP/1.1" 200 16434 "-" "Mozilla/5.0 (compatible; Barkrowler/0.9; +https://babbar.tech/crawler)"
217.113.194.238 - - [15/Apr/2025:02:20:45 -0400] "GET /category/activity/page/46/ HTTP/1.1" 200 16353 "-" "Mozilla/5.0 (compatible; Barkrowler/0.9; +https://babbar.tech/crawler)"
217.113.194.234 - - [15/Apr/2025:02:21:03 -0400] "GET /category/activity/page/48/ HTTP/1.1" 200 16507 "-" "Mozilla/5.0 (compatible; Barkrowler/0.9; +https://babbar.tech/crawler)"
198.54.114.83 - - [15/Apr/2025:02:21:14 -0400] "POST /wp-admin/admin-ajax.php?action=async_litespeed&nonce=myjEqVtbBBqB8yyZ2GLukBq3KLbVDSlg&litespeed_type=imgoptm HTTP/1.1" 200 0 "-" "WordPress/6.7.2; https://creative-webstyle.com"
217.113.194.241 - - [15/Apr/2025:02:21:23 -0400] "GET /category/activity/page/55/ HTTP/1.1" 200 16269 "-" "Mozilla/5.0 (compatible; Barkrowler/0.9; +https://babbar.tech/crawler)"
217.113.194.240 - - [15/Apr/2025:02:21:41 -0400] "GET /category/activity/page/63/ HTTP/1.1" 200 16462 "-" "Mozilla/5.0 (compatible; Barkrowler/0.9; +https://babbar.tech/crawler)"
198.54.114.83 - - [15/Apr/2025:02:22:00 -0400] "POST /wp-admin/admin-ajax.php?action=async_litespeed&nonce=kcQlW7srUlCA4RZvmJfFtoGCwhSGmkIA&litespeed_type=imgoptm HTTP/1.1" 200 0 "-" "WordPress/6.7.2; https://creative-webstyle.com"
217.113.194.236 - - [15/Apr/2025:02:22:01 -0400] "GET /category/activity/page/22/ HTTP/1.1" 200 16474 "-" "Mozilla/5.0 (compatible; Barkrowler/0.9; +https://babbar.tech/crawler)"
217.113.194.234 - - [15/Apr/2025:02:22:19 -0400] "GET /category/activity/page/27/ HTTP/1.1" 200 16457 "-" "Mozilla/5.0 (compatible; Barkrowler/0.9; +https://babbar.tech/crawler)"
47.128.96.157 - - [15/Apr/2025:02:22:37 -0400] "GET /types-of-conservatory-roof-replacement/ HTTP/1.1" 200 18526 "-" "Mozilla/5.0 (Linux; Android 5.0) AppleWebKit/537.36 (KHTML, like Gecko) Mobile Safari/537.36 (compatible; TikTokSpider; ttspider-feedback@tiktok.com)"
217.113.194.240 - - [15/Apr/2025:02:22:38 -0400] "GET /category/activity/page/26/ HTTP/1.1" 200 16418 "-" "Mozilla/5.0 (compatible; Barkrowler/0.9; +https://babbar.tech/crawler)"
217.113.194.240 - - [15/Apr/2025:02:22:58 -0400] "GET /category/activity/page/21/ HTTP/1.1" 200 16280 "-" "Mozilla/5.0 (compatible; Barkrowler/0.9; +https://babbar.tech/crawler)"
217.113.194.235 - - [15/Apr/2025:02:23:16 -0400] "GET /category/activity/page/28/ HTTP/1.1" 200 16449 "-" "Mozilla/5.0 (compatible; Barkrowler/0.9; +https://babbar.tech/crawler)"
85.208.96.209 - - [15/Apr/2025:02:23:22 -0400] "GET /scopri-il-resort-del-lago-di-garda/ HTTP/1.1" 200 17969 "-" "Mozilla/5.0 (compatible; SemrushBot/7~bl; +http://www.semrush.com/bot.html)"
217.113.194.233 - - [15/Apr/2025:02:23:37 -0400] "GET /category/activity/page/29/ HTTP/1.1" 200 16527 "-" "Mozilla/5.0 (compatible; Barkrowler/0.9; +https://babbar.tech/crawler)"
62.113.113.106 - - [15/Apr/2025:02:23:54 -0400] "GET /hvac-systems-and-mold/ HTTP/1.1" 200 19424 "https://creative-webstyle.com/hvac-systems-and-mold/" "Mozilla/5.0 (Windows NT 10.0; Win64; x64) AppleWebKit/537.36 (KHTML, like Gecko) Chrome/130.0.0.0 Safari/537.36"
52.169.150.57 - - [15/Apr/2025:02:23:55 -0400] "GET //wp-admin/about.php HTTP/1.1" 302 0 "-" "-"
52.169.150.57 - - [15/Apr/2025:02:23:58 -0400] "GET /wp-login.php?redirect_to=https%3A%2F%2Fcreative-webstyle.com%2F%2Fwp-admin%2Fabout.php&reauth=1 HTTP/1.1" 200 1702 "-" "-"
198.54.114.83 - - [15/Apr/2025:02:23:59 -0400] "POST /wp-cron.php?doing_wp_cron=1744698237.8580811023712158203125 HTTP/1.1" 200 0 "-" "WordPress/6.7.2; https://creative-webstyle.com"
62.113.113.106 - - [15/Apr/2025:02:23:57 -0400] "POST /wp-comments-post.php HTTP/1.1" 302 0 "https://creative-webstyle.com/hvac-systems-and-mold/" "Mozilla/5.0 (Windows NT 10.0; Win64; x64) AppleWebKit/537.36 (KHTML, like Gecko) Chrome/130.0.0.0 Safari/537.36"
217.113.194.238 - - [15/Apr/2025:02:23:58 -0400] "GET /category/activity/page/23/ HTTP/1.1" 200 16357 "-" "Mozilla/5.0 (compatible; Barkrowler/0.9; +https://babbar.tech/crawler)"
62.113.113.106 - - [15/Apr/2025:02:24:03 -0400] "GET /hvac-systems-and-mold/ HTTP/1.1" 200 20471 "https://creative-webstyle.com/hvac-systems-and-mold/#comment-35212" "Mozilla/5.0 (Windows NT 10.0; Win64; x64) AppleWebKit/537.36 (KHTML, like Gecko) Chrome/130.0.0.0 Safari/537.36"
217.113.194.234 - - [15/Apr/2025:02:24:18 -0400] "GET /category/activity/page/131/ HTTP/1.1" 200 16470 "-" "Mozilla/5.0 (compatible; Barkrowler/0.9; +https://babbar.tech/crawler)"
154.54.249.218 - - [15/Apr/2025:02:24:37 -0400] "GET /category/activity/page/133/ HTTP/1.1" 200 16329 "-" "Mozilla/5.0 (compatible; Barkrowler/0.9; +https://babbar.tech/crawler)"
217.113.194.236 - - [15/Apr/2025:02:24:56 -0400] "GET /category/activity/page/135/ HTTP/1.1" 200 16272 "-" "Mozilla/5.0 (compatible; Barkrowler/0.9; +https://babbar.tech/crawler)"
198.54.114.83 - - [15/Apr/2025:02:24:59 -0400] "POST /wp-cron.php?doing_wp_cron=1744698299.0271151065826416015625 HTTP/1.1" 200 0 "-" "WordPress/6.7.2; https://creative-webstyle.com"
52.169.150.57 - - [15/Apr/2025:02:24:58 -0400] "GET //wp-admin/network/admin.php HTTP/1.1" 302 0 "-" "-"
198.54.114.83 - - [15/Apr/2025:02:25:01 -0400] "POST /wp-admin/admin-ajax.php?action=async_litespeed&nonce=DMxmFbGFXsoKVe35G4Q1yWJ2vcJk83pG&litespeed_type=imgoptm HTTP/1.1" 200 0 "-" "WordPress/6.7.2; https://creative-webstyle.com"
52.169.150.57 - - [15/Apr/2025:02:25:01 -0400] "GET /wp-login.php?redirect_to=https%3A%2F%2Fcreative-webstyle.com%2F%2Fwp-admin%2Fnetwork%2Fadmin.php&reauth=1 HTTP/1.1" 200 1702 "-" "-"
52.169.150.57 - - [15/Apr/2025:02:25:09 -0400] "GET //wp-admin/network/index.php HTTP/1.1" 302 0 "-" "-"
52.169.150.57 - - [15/Apr/2025:02:25:10 -0400] "GET /wp-login.php?redirect_to=https%3A%2F%2Fcreative-webstyle.com%2F%2Fwp-admin%2Fnetwork%2Findex.php&reauth=1 HTTP/1.1" 200 1700 "-" "-"
217.113.194.240 - - [15/Apr/2025:02:25:16 -0400] "GET /category/activity/page/137/ HTTP/1.1" 200 16396 "-" "Mozilla/5.0 (compatible; Barkrowler/0.9; +https://babbar.tech/crawler)"
154.54.249.218 - - [15/Apr/2025:02:25:33 -0400] "GET /category/activity/page/134/ HTTP/1.1" 200 16369 "-" "Mozilla/5.0 (compatible; Barkrowler/0.9; +https://babbar.tech/crawler)"
217.113.194.233 - - [15/Apr/2025:02:25:53 -0400] "GET /category/activity/page/139/ HTTP/1.1" 200 16226 "-" "Mozilla/5.0 (compatible; Barkrowler/0.9; +https://babbar.tech/crawler)"
198.54.114.83 - - [15/Apr/2025:02:25:59 -0400] "POST /wp-admin/admin-ajax.php?action=async_litespeed&nonce=dbC5wAjeq40YiKAqMJMUaWwErkx3svqr&litespeed_type=imgoptm HTTP/1.1" 200 0 "-" "WordPress/6.7.2; https://creative-webstyle.com"
217.113.194.240 - - [15/Apr/2025:02:26:12 -0400] "GET /category/activity/page/103/ HTTP/1.1" 200 16302 "-" "Mozilla/5.0 (compatible; Barkrowler/0.9; +https://babbar.tech/crawler)"
217.113.194.232 - - [15/Apr/2025:02:26:33 -0400] "GET /category/activity/page/102/ HTTP/1.1" 200 16327 "-" "Mozilla/5.0 (compatible; Barkrowler/0.9; +https://babbar.tech/crawler)"
217.113.194.235 - - [15/Apr/2025:02:26:51 -0400] "GET /category/activity/page/105/ HTTP/1.1" 200 16455 "-" "Mozilla/5.0 (compatible; Barkrowler/0.9; +https://babbar.tech/crawler)"
217.113.194.240 - - [15/Apr/2025:02:27:12 -0400] "GET /category/activity/page/107/ HTTP/1.1" 200 16454 "-" "Mozilla/5.0 (compatible; Barkrowler/0.9; +https://babbar.tech/crawler)"
217.113.194.234 - - [15/Apr/2025:02:27:31 -0400] "GET /category/activity/page/161/ HTTP/1.1" 200 16360 "-" "Mozilla/5.0 (compatible; Barkrowler/0.9; +https://babbar.tech/crawler)"
198.54.114.83 - - [15/Apr/2025:02:27:53 -0400] "POST /wp-cron.php?doing_wp_cron=1744698471.9264509677886962890625 HTTP/1.1" 200 0 "-" "WordPress/6.7.2; https://creative-webstyle.com"
217.113.194.241 - - [15/Apr/2025:02:27:51 -0400] "GET /category/activity/page/160/ HTTP/1.1" 200 16727 "-" "Mozilla/5.0 (compatible; Barkrowler/0.9; +https://babbar.tech/crawler)"
198.54.114.83 - - [15/Apr/2025:02:28:00 -0400] "POST /wp-admin/admin-ajax.php?action=async_litespeed&nonce=a5Yfg0BP1ck9RuG9CqsYGf2utJkG2k7j&litespeed_type=imgoptm HTTP/1.1" 200 0 "-" "WordPress/6.7.2; https://creative-webstyle.com"
217.113.194.240 - - [15/Apr/2025:02:28:12 -0400] "GET /category/activity/page/162/ HTTP/1.1" 200 16054 "-" "Mozilla/5.0 (compatible; Barkrowler/0.9; +https://babbar.tech/crawler)"
217.113.194.233 - - [15/Apr/2025:02:28:31 -0400] "GET /category/activity/page/151/ HTTP/1.1" 200 16388 "-" "Mozilla/5.0 (compatible; Barkrowler/0.9; +https://babbar.tech/crawler)"
217.113.194.235 - - [15/Apr/2025:02:28:51 -0400] "GET /category/activity/page/152/ HTTP/1.1" 200 16599 "-" "Mozilla/5.0 (compatible; Barkrowler/0.9; +https://babbar.tech/crawler)"
198.54.114.83 - - [15/Apr/2025:02:29:00 -0400] "POST /wp-admin/admin-ajax.php?action=async_litespeed&nonce=DLlvSWWW1gPcRlotcpviBO3WRM202FyM&litespeed_type=imgoptm HTTP/1.1" 200 0 "-" "WordPress/6.7.2; https://creative-webstyle.com"
217.113.194.236 - - [15/Apr/2025:02:29:13 -0400] "GET /category/activity/page/155/ HTTP/1.1" 200 16314 "-" "Mozilla/5.0 (compatible; Barkrowler/0.9; +https://babbar.tech/crawler)"
217.113.194.240 - - [15/Apr/2025:02:29:32 -0400] "GET /category/activity/page/157/ HTTP/1.1" 200 16356 "-" "Mozilla/5.0 (compatible; Barkrowler/0.9; +https://babbar.tech/crawler)"
154.54.249.218 - - [15/Apr/2025:02:29:52 -0400] "GET /category/activity/page/150/ HTTP/1.1" 200 16312 "-" "Mozilla/5.0 (compatible; Barkrowler/0.9; +https://babbar.tech/crawler)"
52.169.150.57 - - [15/Apr/2025:02:30:12 -0400] "GET /wp-admin/ HTTP/1.1" 302 0 "-" "-"
52.169.150.57 - - [15/Apr/2025:02:30:14 -0400] "GET /wp-login.php?redirect_to=https%3A%2F%2Fcreative-webstyle.com%2Fwp-admin%2F&reauth=1 HTTP/1.1" 200 1694 "-" "-"
217.113.194.239 - - [15/Apr/2025:02:30:13 -0400] "GET /category/activity/page/154/ HTTP/1.1" 200 16259 "-" "Mozilla/5.0 (compatible; Barkrowler/0.9; +https://babbar.tech/crawler)"
217.113.194.254 - - [15/Apr/2025:02:30:35 -0400] "GET /category/activity/page/159/ HTTP/1.1" 200 16527 "-" "Mozilla/5.0 (compatible; Barkrowler/0.9; +https://babbar.tech/crawler)"
85.208.96.212 - - [15/Apr/2025:02:30:37 -0400] "GET /navigating-the-chill-a-guide-to-freezing-your-instagram-account/ HTTP/1.1" 200 18044 "-" "Mozilla/5.0 (compatible; SemrushBot/7~bl; +http://www.semrush.com/bot.html)"
52.169.150.57 - - [15/Apr/2025:02:30:57 -0400] "GET /wp-admin/ HTTP/1.1" 302 0 "-" "-"
217.113.194.241 - - [15/Apr/2025:02:30:56 -0400] "GET /category/activity/page/156/ HTTP/1.1" 200 16347 "-" "Mozilla/5.0 (compatible; Barkrowler/0.9; +https://babbar.tech/crawler)"
52.169.150.57 - - [15/Apr/2025:02:30:59 -0400] "GET /wp-login.php?redirect_to=https%3A%2F%2Fcreative-webstyle.com%2Fwp-admin%2F&reauth=1 HTTP/1.1" 200 1694 "-" "-"
217.113.194.238 - - [15/Apr/2025:02:31:15 -0400] "GET /category/activity/page/143/ HTTP/1.1" 200 16475 "-" "Mozilla/5.0 (compatible; Barkrowler/0.9; +https://babbar.tech/crawler)"
217.113.194.232 - - [15/Apr/2025:02:31:38 -0400] "GET /category/activity/page/142/ HTTP/1.1" 200 16480 "-" "Mozilla/5.0 (compatible; Barkrowler/0.9; +https://babbar.tech/crawler)"
217.113.194.254 - - [15/Apr/2025:02:31:56 -0400] "GET /category/activity/page/145/ HTTP/1.1" 200 16346 "-" "Mozilla/5.0 (compatible; Barkrowler/0.9; +https://babbar.tech/crawler)"
154.54.249.218 - - [15/Apr/2025:02:32:19 -0400] "GET /category/activity/page/147/ HTTP/1.1" 200 16349 "-" "Mozilla/5.0 (compatible; Barkrowler/0.9; +https://babbar.tech/crawler)"
217.113.194.239 - - [15/Apr/2025:02:32:40 -0400] "GET /category/activity/page/148/ HTTP/1.1" 200 16284 "-" "Mozilla/5.0 (compatible; Barkrowler/0.9; +https://babbar.tech/crawler)"
217.113.194.236 - - [15/Apr/2025:02:32:59 -0400] "GET /category/activity/page/140/ HTTP/1.1" 200 16280 "-" "Mozilla/5.0 (compatible; Barkrowler/0.9; +https://babbar.tech/crawler)"
217.113.194.234 - - [15/Apr/2025:02:33:19 -0400] "GET /category/activity/page/144/ HTTP/1.1" 200 16346 "-" "Mozilla/5.0 (compatible; Barkrowler/0.9; +https://babbar.tech/crawler)"
2a03:2880:f800:5:: - - [15/Apr/2025:02:33:26 -0400] "GET /michael-kors-hand-bag/ HTTP/1.1" 200 17108 "-" "meta-externalagent/1.1 (+https://developers.facebook.com/docs/sharing/webmasters/crawler)"
217.113.194.232 - - [15/Apr/2025:02:33:38 -0400] "GET /category/activity/page/146/ HTTP/1.1" 200 16546 "-" "Mozilla/5.0 (compatible; Barkrowler/0.9; +https://babbar.tech/crawler)"
198.54.114.83 - - [15/Apr/2025:02:34:00 -0400] "POST /wp-cron.php?doing_wp_cron=1744698839.1292059421539306640625 HTTP/1.1" 200 0 "-" "WordPress/6.7.2; https://creative-webstyle.com"
217.113.194.254 - - [15/Apr/2025:02:33:58 -0400] "GET /instant-hot-water-tap/ HTTP/1.1" 200 17181 "-" "Mozilla/5.0 (compatible; Barkrowler/0.9; +https://babbar.tech/crawler)"
217.113.194.239 - - [15/Apr/2025:02:34:21 -0400] "GET /photographe-corporate-geneve/feed/ HTTP/1.1" 200 380 "-" "Mozilla/5.0 (compatible; Barkrowler/0.9; +https://babbar.tech/crawler)"
2a03:2880:f800:4:: - - [15/Apr/2025:02:34:30 -0400] "GET /umzuge-luneburg/ HTTP/1.1" 200 17335 "-" "meta-externalagent/1.1 (+https://developers.facebook.com/docs/sharing/webmasters/crawler)"
185.191.171.9 - - [15/Apr/2025:02:34:37 -0400] "GET /cultivating-authentic-engagement-in-a-digital-landscape/ HTTP/1.1" 200 18011 "-" "Mozilla/5.0 (compatible; SemrushBot/7~bl; +http://www.semrush.com/bot.html)"
217.113.194.240 - - [15/Apr/2025:02:34:38 -0400] "GET /chicago-locksmith-review/feed/ HTTP/1.1" 200 387 "-" "Mozilla/5.0 (compatible; Barkrowler/0.9; +https://babbar.tech/crawler)"
154.54.249.218 - - [15/Apr/2025:02:34:58 -0400] "GET /real-estate-crm-features/feed/ HTTP/1.1" 200 381 "-" "Mozilla/5.0 (compatible; Barkrowler/0.9; +https://babbar.tech/crawler)"
2a02:598:128:8a00::b00:15 - - [15/Apr/2025:02:35:10 -0400] "GET /the-appeal-of-steroids-in-thailand/ HTTP/1.1" 200 18039 "-" "Mozilla/5.0 (compatible; SeznamBot/4.0; +https://o-seznam.cz/napoveda/vyhledavani/en/seznambot-crawler/)"
217.113.194.235 - - [15/Apr/2025:02:35:20 -0400] "GET /real-estate-crm-software/feed/ HTTP/1.1" 200 385 "-" "Mozilla/5.0 (compatible; Barkrowler/0.9; +https://babbar.tech/crawler)"
217.113.194.241 - - [15/Apr/2025:02:35:41 -0400] "GET /understanding-health-scores/feed/ HTTP/1.1" 200 389 "-" "Mozilla/5.0 (compatible; Barkrowler/0.9; +https://babbar.tech/crawler)"
217.113.194.232 - - [15/Apr/2025:02:36:01 -0400] "GET /understanding-online-betting-sites/ HTTP/1.1" 200 18075 "-" "Mozilla/5.0 (compatible; Barkrowler/0.9; +https://babbar.tech/crawler)"
198.54.114.83 - - [15/Apr/2025:02:36:16 -0400] "POST /wp-admin/admin-ajax.php?action=async_litespeed&nonce=t85oNfrRdNEiLhOhRPlRhsqvYwm7fbR3&litespeed_type=imgoptm HTTP/1.1" 200 0 "-" "WordPress/6.7.2; https://creative-webstyle.com"
217.113.194.234 - - [15/Apr/2025:02:36:21 -0400] "GET /home-automation-companies/feed/ HTTP/1.1" 200 383 "-" "Mozilla/5.0 (compatible; Barkrowler/0.9; +https://babbar.tech/crawler)"
85.208.96.204 - - [15/Apr/2025:02:36:32 -0400] "GET /finding-the-best-accommodation-in-brisbane-by-location/ HTTP/1.1" 200 18494 "-" "Mozilla/5.0 (compatible; SemrushBot/7~bl; +http://www.semrush.com/bot.html)"
217.113.194.240 - - [15/Apr/2025:02:36:41 -0400] "GET /inspirational-jewelry-rings/feed/ HTTP/1.1" 200 383 "-" "Mozilla/5.0 (compatible; Barkrowler/0.9; +https://babbar.tech/crawler)"
217.113.194.241 - - [15/Apr/2025:02:37:01 -0400] "GET /employment-law-advice/feed/ HTTP/1.1" 200 378 "-" "Mozilla/5.0 (compatible; Barkrowler/0.9; +https://babbar.tech/crawler)"
52.169.105.188 - - [15/Apr/2025:02:37:03 -0400] "GET /wp-admin/ HTTP/1.1" 302 0 "-" "-"
52.169.105.188 - - [15/Apr/2025:02:37:05 -0400] "GET /wp-login.php?redirect_to=https%3A%2F%2Fcreative-webstyle.com%2Fwp-admin%2F&reauth=1 HTTP/1.1" 200 1694 "-" "-"
52.169.105.188 - - [15/Apr/2025:02:37:25 -0400] "GET /feed/atom/ HTTP/1.1" 200 1106011 "-" "-"
52.169.105.188 - - [15/Apr/2025:02:37:34 -0400] "GET /wp-admin/themes.php HTTP/1.1" 302 0 "-" "-"
52.169.105.188 - - [15/Apr/2025:02:37:34 -0400] "GET /wp-login.php?redirect_to=https%3A%2F%2Fcreative-webstyle.com%2Fwp-admin%2Fthemes.php&reauth=1 HTTP/1.1" 200 1701 "-" "-"
217.113.194.236 - - [15/Apr/2025:02:37:37 -0400] "GET /buying-tiktok-views/feed/ HTTP/1.1" 200 387 "-" "Mozilla/5.0 (compatible; Barkrowler/0.9; +https://babbar.tech/crawler)"
52.169.105.188 - - [15/Apr/2025:02:37:48 -0400] "GET /wp-admin/network/admin.php HTTP/1.1" 302 0 "-" "-"
198.54.114.83 - - [15/Apr/2025:02:37:51 -0400] "POST /wp-cron.php?doing_wp_cron=1744699071.4068989753723144531250 HTTP/1.1" 200 0 "-" "WordPress/6.7.2; https://creative-webstyle.com"
52.169.105.188 - - [15/Apr/2025:02:37:51 -0400] "GET /wp-login.php?redirect_to=https%3A%2F%2Fcreative-webstyle.com%2Fwp-admin%2Fnetwork%2Fadmin.php&reauth=1 HTTP/1.1" 200 1700 "-" "-"
217.113.194.233 - - [15/Apr/2025:02:37:54 -0400] "GET /elevate-your-travel-experience/ HTTP/1.1" 200 17938 "-" "Mozilla/5.0 (compatible; Barkrowler/0.9; +https://babbar.tech/crawler)"
198.54.114.83 - - [15/Apr/2025:02:37:57 -0400] "POST /wp-admin/admin-ajax.php?action=async_litespeed&nonce=QSliiyyab75Aba1FBeSVQEIh6JGBNpTu&litespeed_type=imgoptm HTTP/1.1" 200 0 "-" "WordPress/6.7.2; https://creative-webstyle.com"
154.54.249.218 - - [15/Apr/2025:02:38:14 -0400] "GET /money-lender-singapore/ HTTP/1.1" 200 17078 "-" "Mozilla/5.0 (compatible; Barkrowler/0.9; +https://babbar.tech/crawler)"
217.113.194.254 - - [15/Apr/2025:02:38:38 -0400] "GET /be-wine-101-ready/ HTTP/1.1" 200 18312 "-" "Mozilla/5.0 (compatible; Barkrowler/0.9; +https://babbar.tech/crawler)"
52.169.105.188 - - [15/Apr/2025:02:38:40 -0400] "GET /wp-admin/user/about.php HTTP/1.1" 302 0 "-" "-"
52.169.105.188 - - [15/Apr/2025:02:38:42 -0400] "GET /wp-login.php?redirect_to=https%3A%2F%2Fcreative-webstyle.com%2Fwp-admin%2Fuser%2Fabout.php&reauth=1 HTTP/1.1" 200 1701 "-" "-"
83.217.213.120 - - [15/Apr/2025:02:38:44 -0400] "GET /hvac-systems-and-mold/ HTTP/1.1" 200 19424 "https://creative-webstyle.com/hvac-systems-and-mold/#comment-19688/" "Mozilla/5.0 (Windows NT 10.0; Win64; x64) AppleWebKit/537.36 (KHTML, like Gecko) Chrome/130.0.0.0 Safari/537.36 CCleaner/130.0.0.0"
83.217.213.120 - - [15/Apr/2025:02:38:44 -0400] "GET /hvac-systems-and-mold/ HTTP/1.1" 200 19424 "https://creative-webstyle.com/hvac-systems-and-mold/#comment-19688/" "Mozilla/5.0 (Windows NT 10.0; Win64; x64) AppleWebKit/537.36 (KHTML, like Gecko) Chrome/130.0.0.0 Safari/537.36"
83.217.213.120 - - [15/Apr/2025:02:38:47 -0400] "POST /wp-comments-post.php HTTP/1.1" 302 0 "https://creative-webstyle.com/hvac-systems-and-mold/#comment-19688/" "Mozilla/5.0 (Windows NT 10.0; Win64; x64) AppleWebKit/537.36 (KHTML, like Gecko) Chrome/130.0.0.0 Safari/537.36 CCleaner/130.0.0.0"
83.217.213.120 - - [15/Apr/2025:02:38:47 -0400] "POST /wp-comments-post.php HTTP/1.1" 302 0 "https://creative-webstyle.com/hvac-systems-and-mold/#comment-19688/" "Mozilla/5.0 (Windows NT 10.0; Win64; x64) AppleWebKit/537.36 (KHTML, like Gecko) Chrome/130.0.0.0 Safari/537.36"
83.217.213.120 - - [15/Apr/2025:02:38:50 -0400] "GET /hvac-systems-and-mold/ HTTP/1.1" 200 51166 "https://creative-webstyle.com/hvac-systems-and-mold/#comment-35213" "Mozilla/5.0 (Windows NT 10.0; Win64; x64) AppleWebKit/537.36 (KHTML, like Gecko) Chrome/130.0.0.0 Safari/537.36 CCleaner/130.0.0.0"
83.217.213.120 - - [15/Apr/2025:02:38:51 -0400] "GET /hvac-systems-and-mold/ HTTP/1.1" 200 26194 "https://creative-webstyle.com/hvac-systems-and-mold/#comment-35214" "Mozilla/5.0 (Windows NT 10.0; Win64; x64) AppleWebKit/537.36 (KHTML, like Gecko) Chrome/130.0.0.0 Safari/537.36"
217.113.194.240 - - [15/Apr/2025:02:38:55 -0400] "GET /bobine-tesla-mini/feed/ HTTP/1.1" 200 375 "-" "Mozilla/5.0 (compatible; Barkrowler/0.9; +https://babbar.tech/crawler)"
217.113.194.234 - - [15/Apr/2025:02:39:14 -0400] "GET /best-hair-dryer-2023/ HTTP/1.1" 200 17919 "-" "Mozilla/5.0 (compatible; Barkrowler/0.9; +https://babbar.tech/crawler)"
217.113.194.233 - - [15/Apr/2025:02:39:33 -0400] "GET /best-car-tint-shop/feed/ HTTP/1.1" 200 381 "-" "Mozilla/5.0 (compatible; Barkrowler/0.9; +https://babbar.tech/crawler)"
212.34.147.142 - - [15/Apr/2025:02:39:51 -0400] "GET /hvac-systems-and-mold/ HTTP/1.1" 200 19424 "https://creative-webstyle.com/hvac-systems-and-mold/" "Mozilla/5.0 (Windows NT 10.0; Win64; x64) AppleWebKit/537.36 (KHTML, like Gecko) Chrome/130.0.0.0 Safari/537.36 CCleaner/130.0.0.0"
217.113.194.233 - - [15/Apr/2025:02:39:50 -0400] "GET /cbd-tropfen/feed/ HTTP/1.1" 200 368 "-" "Mozilla/5.0 (compatible; Barkrowler/0.9; +https://babbar.tech/crawler)"
212.34.147.142 - - [15/Apr/2025:02:39:53 -0400] "POST /wp-comments-post.php HTTP/1.1" 302 0 "https://creative-webstyle.com/hvac-systems-and-mold/" "Mozilla/5.0 (Windows NT 10.0; Win64; x64) AppleWebKit/537.36 (KHTML, like Gecko) Chrome/130.0.0.0 Safari/537.36 CCleaner/130.0.0.0"
212.34.147.142 - - [15/Apr/2025:02:39:55 -0400] "GET /hvac-systems-and-mold/ HTTP/1.1" 200 20051 "https://creative-webstyle.com/hvac-systems-and-mold/#comment-35215" "Mozilla/5.0 (Windows NT 10.0; Win64; x64) AppleWebKit/537.36 (KHTML, like Gecko) Chrome/130.0.0.0 Safari/537.36 CCleaner/130.0.0.0"
198.54.114.83 - - [15/Apr/2025:02:39:57 -0400] "POST /wp-admin/admin-ajax.php?action=async_litespeed&nonce=Wj7O66xQxyvw499iw0gYAX5wr1WM6ifP&litespeed_type=imgoptm HTTP/1.1" 200 0 "-" "WordPress/6.7.2; https://creative-webstyle.com"
217.113.194.240 - - [15/Apr/2025:02:40:09 -0400] "GET /hotels-in-lake-garda/feed/ HTTP/1.1" 200 381 "-" "Mozilla/5.0 (compatible; Barkrowler/0.9; +https://babbar.tech/crawler)"
154.54.249.218 - - [15/Apr/2025:02:40:29 -0400] "GET /autism-and-its-treatments/feed/ HTTP/1.1" 200 388 "-" "Mozilla/5.0 (compatible; Barkrowler/0.9; +https://babbar.tech/crawler)"
52.169.105.188 - - [15/Apr/2025:02:40:31 -0400] "GET /wp-admin/network/ HTTP/1.1" 302 0 "-" "-"
52.169.105.188 - - [15/Apr/2025:02:40:31 -0400] "GET /wp-login.php?redirect_to=https%3A%2F%2Fcreative-webstyle.com%2Fwp-admin%2Fnetwork%2F&reauth=1 HTTP/1.1" 200 1697 "-" "-"
154.54.249.218 - - [15/Apr/2025:02:40:47 -0400] "GET /caregiver-jobs-toronto/ HTTP/1.1" 200 17275 "-" "Mozilla/5.0 (compatible; Barkrowler/0.9; +https://babbar.tech/crawler)"
198.54.114.83 - - [15/Apr/2025:02:40:58 -0400] "POST /wp-admin/admin-ajax.php?action=async_litespeed&nonce=Mr07vDNK7TgRj5jH068jQRLklziIr3B2&litespeed_type=imgoptm HTTP/1.1" 200 0 "-" "WordPress/6.7.2; https://creative-webstyle.com"
154.54.249.218 - - [15/Apr/2025:02:41:06 -0400] "GET /caregiver-jobs-toronto/feed/ HTTP/1.1" 200 379 "-" "Mozilla/5.0 (compatible; Barkrowler/0.9; +https://babbar.tech/crawler)"
217.113.194.232 - - [15/Apr/2025:02:41:25 -0400] "GET /restaurant-marketing-tools/feed/ HTTP/1.1" 200 385 "-" "Mozilla/5.0 (compatible; Barkrowler/0.9; +https://babbar.tech/crawler)"
52.169.105.188 - - [15/Apr/2025:02:41:34 -0400] "GET /wp-login.php?action=register HTTP/1.1" 302 0 "-" "-"
52.169.105.188 - - [15/Apr/2025:02:41:36 -0400] "GET /wp-login.php?registration=disabled HTTP/1.1" 200 1757 "-" "-"
217.113.194.239 - - [15/Apr/2025:02:41:42 -0400] "GET /clinique-dhygiene-dentaire/ HTTP/1.1" 200 18286 "-" "Mozilla/5.0 (compatible; Barkrowler/0.9; +https://babbar.tech/crawler)"
198.54.114.83 - - [15/Apr/2025:02:41:58 -0400] "POST /wp-admin/admin-ajax.php?action=async_litespeed&nonce=5ATAhtfgX2LizQXm5Me9gvSIExmNfjDu&litespeed_type=imgoptm HTTP/1.1" 200 0 "-" "WordPress/6.7.2; https://creative-webstyle.com"
52.169.105.188 - - [15/Apr/2025:02:42:00 -0400] "GET /wp-admin/network/index.php HTTP/1.1" 302 0 "-" "-"
217.113.194.239 - - [15/Apr/2025:02:42:00 -0400] "GET /clinique-dhygiene-dentaire/feed/ HTTP/1.1" 200 406 "-" "Mozilla/5.0 (compatible; Barkrowler/0.9; +https://babbar.tech/crawler)"
52.169.105.188 - - [15/Apr/2025:02:42:01 -0400] "GET /wp-login.php?redirect_to=https%3A%2F%2Fcreative-webstyle.com%2Fwp-admin%2Fnetwork%2Findex.php&reauth=1 HTTP/1.1" 200 1699 "-" "-"
52.169.150.57 - - [15/Apr/2025:02:42:20 -0400] "GET /mediafire-alternative/ HTTP/1.1" 200 17287 "-" "-"
217.113.194.236 - - [15/Apr/2025:02:42:19 -0400] "GET /customized-dress-socks/feed/ HTTP/1.1" 200 382 "-" "Mozilla/5.0 (compatible; Barkrowler/0.9; +https://babbar.tech/crawler)"
217.113.194.238 - - [15/Apr/2025:02:42:37 -0400] "GET /customs-grip-socks/feed/ HTTP/1.1" 200 380 "-" "Mozilla/5.0 (compatible; Barkrowler/0.9; +https://babbar.tech/crawler)"
198.54.114.83 - - [15/Apr/2025:02:42:58 -0400] "POST /wp-cron.php?doing_wp_cron=1744699377.0212700366973876953125 HTTP/1.1" 200 0 "-" "WordPress/6.7.2; https://creative-webstyle.com"
217.113.194.241 - - [15/Apr/2025:02:42:56 -0400] "GET /customs-socks-with-logo/ HTTP/1.1" 200 17313 "-" "Mozilla/5.0 (compatible; Barkrowler/0.9; +https://babbar.tech/crawler)"
217.113.194.238 - - [15/Apr/2025:02:43:17 -0400] "GET /lobjet-scientifique/feed/ HTTP/1.1" 200 390 "-" "Mozilla/5.0 (compatible; Barkrowler/0.9; +https://babbar.tech/crawler)"
154.54.249.218 - - [15/Apr/2025:02:43:35 -0400] "GET /ppr-pipe-price/feed/ HTTP/1.1" 200 374 "-" "Mozilla/5.0 (compatible; Barkrowler/0.9; +https://babbar.tech/crawler)"
52.169.150.57 - - [15/Apr/2025:02:43:48 -0400] "GET /paganisme/ HTTP/1.1" 200 18475 "-" "-"
52.169.105.188 - - [15/Apr/2025:02:43:48 -0400] "GET /wp-admin/ HTTP/1.1" 302 0 "-" "-"
52.169.105.188 - - [15/Apr/2025:02:43:50 -0400] "GET /wp-login.php?redirect_to=https%3A%2F%2Fcreative-webstyle.com%2Fwp-admin%2F&reauth=1 HTTP/1.1" 200 1694 "-" "-"
217.113.194.235 - - [15/Apr/2025:02:43:53 -0400] "GET /ppr-pipe-prices/feed/ HTTP/1.1" 200 376 "-" "Mozilla/5.0 (compatible; Barkrowler/0.9; +https://babbar.tech/crawler)"
198.54.114.83 - - [15/Apr/2025:02:44:01 -0400] "POST /wp-admin/admin-ajax.php?action=async_litespeed&nonce=aJBRCTnRvJAhfWpL5KfCgB5U64a6DlE5&litespeed_type=imgoptm HTTP/1.1" 200 0 "-" "WordPress/6.7.2; https://creative-webstyle.com"
217.113.194.240 - - [15/Apr/2025:02:44:10 -0400] "GET /where-to-buy-youtube-likes/ HTTP/1.1" 200 18351 "-" "Mozilla/5.0 (compatible; Barkrowler/0.9; +https://babbar.tech/crawler)"
52.169.105.188 - - [15/Apr/2025:02:44:11 -0400] "GET /la-fascinacion-de-descubrir-la-edad/ HTTP/1.1" 200 17987 "-" "-"
52.169.150.57 - - [15/Apr/2025:02:44:24 -0400] "GET /endangered-species-shirts-t-shirt-revolution-to-protect-endangered-species/ HTTP/1.1" 200 18550 "-" "-"
217.113.194.238 - - [15/Apr/2025:02:44:30 -0400] "GET /where-to-buy-youtube-likes/feed/ HTTP/1.1" 200 396 "-" "Mozilla/5.0 (compatible; Barkrowler/0.9; +https://babbar.tech/crawler)"
198.54.114.83 - - [15/Apr/2025:02:44:50 -0400] "POST /wp-cron.php?doing_wp_cron=1744699489.7456619739532470703125 HTTP/1.1" 200 0 "-" "WordPress/6.7.2; https://creative-webstyle.com"
217.113.194.232 - - [15/Apr/2025:02:44:49 -0400] "GET /inside-the-hill-showflat/feed/ HTTP/1.1" 200 389 "-" "Mozilla/5.0 (compatible; Barkrowler/0.9; +https://babbar.tech/crawler)"
198.54.114.83 - - [15/Apr/2025:02:44:59 -0400] "POST /wp-admin/admin-ajax.php?action=async_litespeed&nonce=yqBUBL1azRodVhM0yXY7S3ZFCy2L6xjK&litespeed_type=imgoptm HTTP/1.1" 200 0 "-" "WordPress/6.7.2; https://creative-webstyle.com"
217.113.194.234 - - [15/Apr/2025:02:45:08 -0400] "GET /palm-tree-wall-art/feed/ HTTP/1.1" 200 383 "-" "Mozilla/5.0 (compatible; Barkrowler/0.9; +https://babbar.tech/crawler)"
52.169.150.57 - - [15/Apr/2025:02:45:16 -0400] "GET /securely-mounted-choosing-the-right-lag-bolts-for-your-tv/ HTTP/1.1" 200 18541 "-" "-"
217.113.194.232 - - [15/Apr/2025:02:45:28 -0400] "GET /exploring-culinary-diversity/ HTTP/1.1" 200 18269 "-" "Mozilla/5.0 (compatible; Barkrowler/0.9; +https://babbar.tech/crawler)"
52.169.150.57 - - [15/Apr/2025:02:45:31 -0400] "GET /shop-hair-dryers-under-20/ HTTP/1.1" 200 17304 "-" "-"
217.113.194.241 - - [15/Apr/2025:02:45:49 -0400] "GET /exploring-cointelegraph/ HTTP/1.1" 200 18131 "-" "Mozilla/5.0 (compatible; Barkrowler/0.9; +https://babbar.tech/crawler)"
52.169.150.57 - - [15/Apr/2025:02:45:57 -0400] "GET /sitemap-benefits-of-a-generator-sitemap/ HTTP/1.1" 200 18514 "-" "-"
217.113.194.237 - - [15/Apr/2025:02:46:09 -0400] "GET /exploring-the-best-restaurants/ HTTP/1.1" 200 18123 "-" "Mozilla/5.0 (compatible; Barkrowler/0.9; +https://babbar.tech/crawler)"
217.113.194.240 - - [15/Apr/2025:02:46:29 -0400] "GET /exploring-the-best-restaurants/feed/ HTTP/1.1" 200 390 "-" "Mozilla/5.0 (compatible; Barkrowler/0.9; +https://babbar.tech/crawler)"
217.113.194.234 - - [15/Apr/2025:02:46:46 -0400] "GET /anwalt-hattingen/feed/ HTTP/1.1" 200 377 "-" "Mozilla/5.0 (compatible; Barkrowler/0.9; +https://babbar.tech/crawler)"
198.54.114.83 - - [15/Apr/2025:02:47:00 -0400] "POST /wp-admin/admin-ajax.php?action=async_litespeed&nonce=AcySFaQD68QooAgdjUlasfgo0c9i76Bw&litespeed_type=imgoptm HTTP/1.1" 200 0 "-" "WordPress/6.7.2; https://creative-webstyle.com"
217.113.194.236 - - [15/Apr/2025:02:47:04 -0400] "GET /national-family-mediation/feed/ HTTP/1.1" 200 378 "-" "Mozilla/5.0 (compatible; Barkrowler/0.9; +https://babbar.tech/crawler)"
217.113.194.241 - - [15/Apr/2025:02:47:26 -0400] "GET /hvac-systems-and-mold/feed/ HTTP/1.1" 200 384 "-" "Mozilla/5.0 (compatible; Barkrowler/0.9; +https://babbar.tech/crawler)"
217.113.194.254 - - [15/Apr/2025:02:47:46 -0400] "GET /video-editor-sdk/feed/ HTTP/1.1" 200 380 "-" "Mozilla/5.0 (compatible; Barkrowler/0.9; +https://babbar.tech/crawler)"
217.113.194.240 - - [15/Apr/2025:02:48:05 -0400] "GET /video-game-purchase-motivations/ HTTP/1.1" 200 17950 "-" "Mozilla/5.0 (compatible; Barkrowler/0.9; +https://babbar.tech/crawler)"
217.113.194.241 - - [15/Apr/2025:02:48:24 -0400] "GET /uk-cbd-gummies/feed/ HTTP/1.1" 200 377 "-" "Mozilla/5.0 (compatible; Barkrowler/0.9; +https://babbar.tech/crawler)"
52.169.150.57 - - [15/Apr/2025:02:48:26 -0400] "GET /10-boxes-of-pure-quality/ HTTP/1.1" 200 17762 "-" "-"
217.113.194.232 - - [15/Apr/2025:02:48:42 -0400] "GET /uk-cbd-gummies/ HTTP/1.1" 200 18137 "-" "Mozilla/5.0 (compatible; Barkrowler/0.9; +https://babbar.tech/crawler)"
217.113.194.235 - - [15/Apr/2025:02:49:06 -0400] "GET /moderne-hangeleuchten/ HTTP/1.1" 200 17225 "-" "Mozilla/5.0 (compatible; Barkrowler/0.9; +https://babbar.tech/crawler)"
217.113.194.233 - - [15/Apr/2025:02:49:23 -0400] "GET /star-plus-energys/ HTTP/1.1" 200 17124 "-" "Mozilla/5.0 (compatible; Barkrowler/0.9; +https://babbar.tech/crawler)"
217.113.194.234 - - [15/Apr/2025:02:49:46 -0400] "GET /star-plus-energys/feed/ HTTP/1.1" 200 379 "-" "Mozilla/5.0 (compatible; Barkrowler/0.9; +https://babbar.tech/crawler)"
52.169.150.57 - - [15/Apr/2025:02:49:52 -0400] "GET /wp-admin/ HTTP/1.1" 302 0 "-" "-"
198.54.114.83 - - [15/Apr/2025:02:49:54 -0400] "POST /wp-cron.php?doing_wp_cron=1744699793.9938709735870361328125 HTTP/1.1" 200 0 "-" "WordPress/6.7.2; https://creative-webstyle.com"
52.169.150.57 - - [15/Apr/2025:02:49:53 -0400] "GET /wp-login.php?redirect_to=https%3A%2F%2Fcreative-webstyle.com%2Fwp-admin%2F&reauth=1 HTTP/1.1" 200 1694 "-" "-"
198.54.114.83 - - [15/Apr/2025:02:50:00 -0400] "POST /wp-admin/admin-ajax.php?action=async_litespeed&nonce=U47Hy1pZZt1wiHI2tk0XyCAmkLs4uwIC&litespeed_type=imgoptm HTTP/1.1" 200 0 "-" "WordPress/6.7.2; https://creative-webstyle.com"
217.113.194.240 - - [15/Apr/2025:02:50:08 -0400] "GET /hydraulic-cutting-machine/feed/ HTTP/1.1" 200 379 "-" "Mozilla/5.0 (compatible; Barkrowler/0.9; +https://babbar.tech/crawler)"
217.113.194.239 - - [15/Apr/2025:02:50:24 -0400] "GET /hydraulic-cutting-machine/ HTTP/1.1" 200 17251 "-" "Mozilla/5.0 (compatible; Barkrowler/0.9; +https://babbar.tech/crawler)"
52.169.105.188 - - [15/Apr/2025:02:50:34 -0400] "GET /wp-admin/index.php HTTP/1.1" 302 0 "-" "-"
52.169.105.188 - - [15/Apr/2025:02:50:36 -0400] "GET /wp-login.php?redirect_to=https%3A%2F%2Fcreative-webstyle.com%2Fwp-admin%2Findex.php&reauth=1 HTTP/1.1" 200 1696 "-" "-"
52.169.150.57 - - [15/Apr/2025:02:50:41 -0400] "GET /wp-admin/about.php HTTP/1.1" 302 0 "-" "-"
52.169.150.57 - - [15/Apr/2025:02:50:42 -0400] "GET /wp-login.php?redirect_to=https%3A%2F%2Fcreative-webstyle.com%2Fwp-admin%2Fabout.php&reauth=1 HTTP/1.1" 200 1701 "-" "-"
52.169.150.57 - - [15/Apr/2025:02:50:47 -0400] "GET /wp-admin/admin.php HTTP/1.1" 302 0 "-" "-"
52.169.150.57 - - [15/Apr/2025:02:50:47 -0400] "GET /wp-login.php?redirect_to=https%3A%2F%2Fcreative-webstyle.com%2Fwp-admin%2Fadmin.php&reauth=1 HTTP/1.1" 200 1698 "-" "-"
217.113.194.234 - - [15/Apr/2025:02:50:44 -0400] "GET /tissot-watch-repair/ HTTP/1.1" 200 18391 "-" "Mozilla/5.0 (compatible; Barkrowler/0.9; +https://babbar.tech/crawler)"
198.54.114.83 - - [15/Apr/2025:02:50:58 -0400] "POST /wp-admin/admin-ajax.php?action=async_litespeed&nonce=SPPEQy3dO2RxjDbWPVu8ci6nNJ9nsmLA&litespeed_type=imgoptm HTTP/1.1" 200 0 "-" "WordPress/6.7.2; https://creative-webstyle.com"
217.113.194.232 - - [15/Apr/2025:02:51:06 -0400] "GET /scheidungsanwalt/ HTTP/1.1" 200 17083 "-" "Mozilla/5.0 (compatible; Barkrowler/0.9; +https://babbar.tech/crawler)"
217.113.194.240 - - [15/Apr/2025:02:51:26 -0400] "GET /scheidungsanwalt/feed/ HTTP/1.1" 200 370 "-" "Mozilla/5.0 (compatible; Barkrowler/0.9; +https://babbar.tech/crawler)"
217.113.194.232 - - [15/Apr/2025:02:51:46 -0400] "GET /moss-agate-rings/feed/ HTTP/1.1" 200 380 "-" "Mozilla/5.0 (compatible; Barkrowler/0.9; +https://babbar.tech/crawler)"
198.54.114.83 - - [15/Apr/2025:02:51:57 -0400] "POST /wp-admin/admin-ajax.php?action=async_litespeed&nonce=76l8HCoh1aJ1bVynzTt8qcEJKbhIpsOg&litespeed_type=imgoptm HTTP/1.1" 200 0 "-" "WordPress/6.7.2; https://creative-webstyle.com"
217.113.194.235 - - [15/Apr/2025:02:52:03 -0400] "GET /diamond-painting-accessories/feed/ HTTP/1.1" 200 390 "-" "Mozilla/5.0 (compatible; Barkrowler/0.9; +https://babbar.tech/crawler)"
217.113.194.235 - - [15/Apr/2025:02:52:23 -0400] "GET /40-mg-vyvanse/ HTTP/1.1" 200 17252 "-" "Mozilla/5.0 (compatible; Barkrowler/0.9; +https://babbar.tech/crawler)"
217.113.194.234 - - [15/Apr/2025:02:52:42 -0400] "GET /mens-bamboo-sock-review/feed/ HTTP/1.1" 200 397 "-" "Mozilla/5.0 (compatible; Barkrowler/0.9; +https://babbar.tech/crawler)"
198.54.114.83 - - [15/Apr/2025:02:52:55 -0400] "POST /wp-admin/admin-ajax.php?action=async_litespeed&nonce=uVMBBZ3juGdHB7U7UVRwxXNQLGBCEyao&litespeed_type=imgoptm HTTP/1.1" 200 5 "-" "WordPress/6.7.2; https://creative-webstyle.com"
217.113.194.236 - - [15/Apr/2025:02:52:58 -0400] "GET /streamlining-global-logistics/ HTTP/1.1" 200 18061 "-" "Mozilla/5.0 (compatible; Barkrowler/0.9; +https://babbar.tech/crawler)"
52.169.105.188 - - [15/Apr/2025:02:53:18 -0400] "GET /shop-hair-dryers-under-20/ HTTP/1.1" 200 17304 "-" "-"
217.113.194.237 - - [15/Apr/2025:02:53:17 -0400] "GET /streamlining-global-logistics/feed/ HTTP/1.1" 200 388 "-" "Mozilla/5.0 (compatible; Barkrowler/0.9; +https://babbar.tech/crawler)"
154.54.249.218 - - [15/Apr/2025:02:53:37 -0400] "GET /prices-of-accounting-services/ HTTP/1.1" 200 17978 "-" "Mozilla/5.0 (compatible; Barkrowler/0.9; +https://babbar.tech/crawler)"
23.27.91.7 - - [15/Apr/2025:02:53:41 -0400] "GET /unveiling-the-trailblazing-journey-of-adriana-olivarez/ HTTP/1.1" 200 18707 "-" "Mozilla/5.0 (X11; Linux x86_64) AppleWebKit/537.36 (KHTML, like Gecko) Chrome/106.0.0.0 Safari/537.36"
52.169.105.188 - - [15/Apr/2025:02:53:55 -0400] "GET /sitemap-benefits-of-a-generator-sitemap/ HTTP/1.1" 200 18514 "-" "-"
217.113.194.241 - - [15/Apr/2025:02:53:57 -0400] "GET /prices-of-accounting-services/feed/ HTTP/1.1" 200 387 "-" "Mozilla/5.0 (compatible; Barkrowler/0.9; +https://babbar.tech/crawler)"
198.54.114.83 - - [15/Apr/2025:02:53:58 -0400] "POST /wp-admin/admin-ajax.php?action=async_litespeed&nonce=8A0w7ccuwxtmIdxky4JcYzgs1W14WFVS&litespeed_type=imgoptm HTTP/1.1" 200 0 "-" "WordPress/6.7.2; https://creative-webstyle.com"
52.169.150.57 - - [15/Apr/2025:02:53:58 -0400] "GET /wp-admin/index.php HTTP/1.1" 302 0 "-" "-"
52.169.150.57 - - [15/Apr/2025:02:53:59 -0400] "GET /wp-login.php?redirect_to=https%3A%2F%2Fcreative-webstyle.com%2Fwp-admin%2Findex.php&reauth=1 HTTP/1.1" 200 1696 "-" "-"
52.169.150.57 - - [15/Apr/2025:02:54:01 -0400] "GET /wp-admin/index.php?p= HTTP/1.1" 302 0 "-" "-"
52.169.150.57 - - [15/Apr/2025:02:54:02 -0400] "GET /wp-login.php?redirect_to=https%3A%2F%2Fcreative-webstyle.com%2Fwp-admin%2Findex.php%3Fp%3D&reauth=1 HTTP/1.1" 200 1697 "-" "-"
217.113.194.233 - - [15/Apr/2025:02:54:17 -0400] "GET /top-5-belt-cutting-machines/ HTTP/1.1" 200 18257 "-" "Mozilla/5.0 (compatible; Barkrowler/0.9; +https://babbar.tech/crawler)"
217.113.194.237 - - [15/Apr/2025:02:54:36 -0400] "GET /top-5-belt-cutting-machines/feed/ HTTP/1.1" 200 391 "-" "Mozilla/5.0 (compatible; Barkrowler/0.9; +https://babbar.tech/crawler)"
52.169.150.57 - - [15/Apr/2025:02:54:53 -0400] "GET /wp-admin/media.php HTTP/1.1" 302 0 "-" "-"
154.54.249.218 - - [15/Apr/2025:02:54:53 -0400] "GET /what-are-shirt-cut-memes/ HTTP/1.1" 200 17974 "-" "Mozilla/5.0 (compatible; Barkrowler/0.9; +https://babbar.tech/crawler)"
52.169.150.57 - - [15/Apr/2025:02:54:54 -0400] "GET /wp-login.php?redirect_to=https%3A%2F%2Fcreative-webstyle.com%2Fwp-admin%2Fmedia.php&reauth=1 HTTP/1.1" 200 1699 "-" "-"
198.54.114.83 - - [15/Apr/2025:02:54:56 -0400] "POST /wp-admin/admin-ajax.php?action=async_litespeed&nonce=UScyzPB3LedP3eFj1Jm2ARYO5keCRlQm&litespeed_type=imgoptm HTTP/1.1" 200 5 "-" "WordPress/6.7.2; https://creative-webstyle.com"
52.169.150.57 - - [15/Apr/2025:02:54:56 -0400] "GET /wp-admin/network/ HTTP/1.1" 302 0 "-" "-"
