217.113.194.240 - - [15/Apr/2025:05:11:50 -0400] "GET /how-to-find-the-best-rv-ac-units/ HTTP/1.1" 200 18477 "-" "Mozilla/5.0 (compatible; Barkrowler/0.9; +https://babbar.tech/crawler)"
198.54.114.83 - - [15/Apr/2025:05:12:12 -0400] "POST /wp-cron.php?doing_wp_cron=1744708330.8607261180877685546875 HTTP/1.1" 200 0 "-" "WordPress/6.7.2; https://creative-webstyle.com"
154.54.249.218 - - [15/Apr/2025:05:12:10 -0400] "GET /how-to-find-the-best-tinder-photographer/ HTTP/1.1" 200 18386 "-" "Mozilla/5.0 (compatible; Barkrowler/0.9; +https://babbar.tech/crawler)"
217.113.194.233 - - [15/Apr/2025:05:12:30 -0400] "GET /how-to-look-for-a-good-real-estate-agent/ HTTP/1.1" 200 18887 "-" "Mozilla/5.0 (compatible; Barkrowler/0.9; +https://babbar.tech/crawler)"
217.113.194.234 - - [15/Apr/2025:05:12:48 -0400] "GET /how-to-get-more-youtube-subscribers-2/ HTTP/1.1" 200 17959 "-" "Mozilla/5.0 (compatible; Barkrowler/0.9; +https://babbar.tech/crawler)"
167.160.74.136 - - [15/Apr/2025:05:13:07 -0400] "GET / HTTP/1.1" 200 78396 "-" "Mozilla/5.0 (X11; Ubuntu; Linux i686; rv:114.0) Gecko/20100101 Firefox/114.0"
217.113.194.236 - - [15/Apr/2025:05:13:06 -0400] "GET /how-to-get-more-youtube-subscribers/feed/ HTTP/1.1" 200 406 "-" "Mozilla/5.0 (compatible; Barkrowler/0.9; +https://babbar.tech/crawler)"
167.160.74.136 - - [15/Apr/2025:05:13:09 -0400] "GET /'%20+%20item.url%20+%20' HTTP/1.1" 301 0 "https://creative-webstyle.com" "Mozilla/5.0 (X11; Ubuntu; Linux i686; rv:114.0) Gecko/20100101 Firefox/114.0"
198.54.114.83 - - [15/Apr/2025:05:13:11 -0400] "POST /wp-cron.php?doing_wp_cron=1744708391.0598759651184082031250 HTTP/1.1" 200 0 "-" "WordPress/6.7.2; https://creative-webstyle.com"
167.160.74.136 - - [15/Apr/2025:05:13:10 -0400] "GET /%20+%20item.url%20+%20 HTTP/1.1" 301 0 "https://creative-webstyle.com/'%20+%20item.url%20+%20'" "Mozilla/5.0 (X11; Ubuntu; Linux i686; rv:114.0) Gecko/20100101 Firefox/114.0"
198.54.114.83 - - [15/Apr/2025:05:13:12 -0400] "POST /wp-admin/admin-ajax.php?action=async_litespeed&nonce=mAuUvcKK3WDe4AVbyq2iKWB2tGiuvbgx&litespeed_type=imgoptm HTTP/1.1" 200 0 "-" "WordPress/6.7.2; https://creative-webstyle.com"
167.160.74.136 - - [15/Apr/2025:05:13:12 -0400] "GET /%20+%20item.url%20+ HTTP/1.1" 404 12628 "https://creative-webstyle.com/%20+%20item.url%20+%20" "Mozilla/5.0 (X11; Ubuntu; Linux i686; rv:114.0) Gecko/20100101 Firefox/114.0"
167.160.74.136 - - [15/Apr/2025:05:13:16 -0400] "GET / HTTP/1.1" 200 78396 "https://creative-webstyle.com" "Mozilla/5.0 (X11; Ubuntu; Linux i686; rv:114.0) Gecko/20100101 Firefox/114.0"
217.113.194.254 - - [15/Apr/2025:05:13:24 -0400] "GET /the-ultimate-gaming-headset-experience/ HTTP/1.1" 200 18456 "-" "Mozilla/5.0 (compatible; Barkrowler/0.9; +https://babbar.tech/crawler)"
217.113.194.240 - - [15/Apr/2025:05:13:43 -0400] "GET /the-basics-of-football-betting/feed/ HTTP/1.1" 200 395 "-" "Mozilla/5.0 (compatible; Barkrowler/0.9; +https://babbar.tech/crawler)"
198.54.114.83 - - [15/Apr/2025:05:14:01 -0400] "POST /wp-cron.php?doing_wp_cron=1744708440.5534200668334960937500 HTTP/1.1" 200 0 "-" "WordPress/6.7.2; https://creative-webstyle.com"
217.113.194.240 - - [15/Apr/2025:05:14:00 -0400] "GET /the-basics-of-football-betting-2/ HTTP/1.1" 200 17625 "-" "Mozilla/5.0 (compatible; Barkrowler/0.9; +https://babbar.tech/crawler)"
198.54.114.83 - - [15/Apr/2025:05:14:07 -0400] "POST /wp-admin/admin-ajax.php?action=async_litespeed&nonce=of2bPQFDBZcJWd14ywUSY8Ckwt5rtoOg&litespeed_type=imgoptm HTTP/1.1" 200 0 "-" "WordPress/6.7.2; https://creative-webstyle.com"
217.113.194.237 - - [15/Apr/2025:05:14:19 -0400] "GET /robots.txt HTTP/1.1" 200 110 "-" "Mozilla/5.0 (compatible; Barkrowler/0.9; +https://babbar.tech/crawler)"
217.113.194.232 - - [15/Apr/2025:05:14:35 -0400] "GET /calvin-klein-eternity-fur-manner/ HTTP/1.1" 200 18856 "-" "Mozilla/5.0 (compatible; Barkrowler/0.9; +https://babbar.tech/crawler)"
198.54.114.83 - - [15/Apr/2025:05:15:00 -0400] "POST /wp-cron.php?doing_wp_cron=1744708499.7279710769653320312500 HTTP/1.1" 200 0 "-" "WordPress/6.7.2; https://creative-webstyle.com"
217.113.194.233 - - [15/Apr/2025:05:14:59 -0400] "GET /calvin-klein-eternity-fur-manner/feed/ HTTP/1.1" 200 409 "-" "Mozilla/5.0 (compatible; Barkrowler/0.9; +https://babbar.tech/crawler)"
198.54.114.83 - - [15/Apr/2025:05:15:07 -0400] "POST /wp-admin/admin-ajax.php?action=async_litespeed&nonce=LfKCITW23QyoVVArXmjqgRbRo9wivD1f&litespeed_type=imgoptm HTTP/1.1" 200 0 "-" "WordPress/6.7.2; https://creative-webstyle.com"
217.113.194.241 - - [15/Apr/2025:05:15:17 -0400] "GET /discovering-osteopathy-in-dubai/feed/ HTTP/1.1" 200 391 "-" "Mozilla/5.0 (compatible; Barkrowler/0.9; +https://babbar.tech/crawler)"
217.113.194.254 - - [15/Apr/2025:05:15:33 -0400] "GET /a-nusa-penida-day-tour/ HTTP/1.1" 200 18044 "-" "Mozilla/5.0 (compatible; Barkrowler/0.9; +https://babbar.tech/crawler)"
217.113.194.237 - - [15/Apr/2025:05:15:51 -0400] "GET /a-journey-through-enchanting-wins/feed/ HTTP/1.1" 200 399 "-" "Mozilla/5.0 (compatible; Barkrowler/0.9; +https://babbar.tech/crawler)"
198.54.114.83 - - [15/Apr/2025:05:15:53 -0400] "POST /wp-cron.php?doing_wp_cron=1744708551.8419969081878662109375 HTTP/1.1" 200 0 "-" "WordPress/6.7.2; https://creative-webstyle.com"
217.113.194.254 - - [15/Apr/2025:05:16:09 -0400] "GET /a-hub-for-fitness-enthusiasts/ HTTP/1.1" 200 18068 "-" "Mozilla/5.0 (compatible; Barkrowler/0.9; +https://babbar.tech/crawler)"
217.113.194.233 - - [15/Apr/2025:05:16:28 -0400] "GET /sitemap-benefits-of-a-generator-sitemap/ HTTP/1.1" 200 18505 "-" "Mozilla/5.0 (compatible; Barkrowler/0.9; +https://babbar.tech/crawler)"
217.113.194.254 - - [15/Apr/2025:05:16:46 -0400] "GET /a-beacon-of-premium-entertainment/ HTTP/1.1" 200 18016 "-" "Mozilla/5.0 (compatible; Barkrowler/0.9; +https://babbar.tech/crawler)"
198.54.114.83 - - [15/Apr/2025:05:17:04 -0400] "POST /wp-cron.php?doing_wp_cron=1744708623.7976970672607421875000 HTTP/1.1" 200 0 "-" "WordPress/6.7.2; https://creative-webstyle.com"
217.113.194.234 - - [15/Apr/2025:05:17:03 -0400] "GET /pikachu-kostum-kinder/feed/ HTTP/1.1" 200 390 "-" "Mozilla/5.0 (compatible; Barkrowler/0.9; +https://babbar.tech/crawler)"
198.54.114.83 - - [15/Apr/2025:05:17:10 -0400] "POST /wp-admin/admin-ajax.php?action=async_litespeed&nonce=ejQytYXGgxVUGVBEuuRnPfGzoqNo2iBR&litespeed_type=imgoptm HTTP/1.1" 200 0 "-" "WordPress/6.7.2; https://creative-webstyle.com"
217.113.194.232 - - [15/Apr/2025:05:17:22 -0400] "GET /natural-wonders-of-nusa-penida/ HTTP/1.1" 200 17902 "-" "Mozilla/5.0 (compatible; Barkrowler/0.9; +https://babbar.tech/crawler)"
217.113.194.241 - - [15/Apr/2025:05:17:41 -0400] "GET /klimt-cairnhill-apartment/ HTTP/1.1" 200 18081 "-" "Mozilla/5.0 (compatible; Barkrowler/0.9; +https://babbar.tech/crawler)"
198.54.114.83 - - [15/Apr/2025:05:17:59 -0400] "POST /wp-cron.php?doing_wp_cron=1744708679.0864300727844238281250 HTTP/1.1" 200 0 "-" "WordPress/6.7.2; https://creative-webstyle.com"
154.54.249.218 - - [15/Apr/2025:05:17:58 -0400] "GET /choosing-a-commercial-air-cleaner/ HTTP/1.1" 200 18517 "-" "Mozilla/5.0 (compatible; Barkrowler/0.9; +https://babbar.tech/crawler)"
198.54.114.83 - - [15/Apr/2025:05:18:05 -0400] "POST /wp-admin/admin-ajax.php?action=async_litespeed&nonce=zl6xdj9nyDmdGe8O9es2fmva0madyrKu&litespeed_type=imgoptm HTTP/1.1" 200 0 "-" "WordPress/6.7.2; https://creative-webstyle.com"
217.113.194.236 - - [15/Apr/2025:05:18:18 -0400] "GET /choosing-a-commercial-air-cleaner/feed/ HTTP/1.1" 200 395 "-" "Mozilla/5.0 (compatible; Barkrowler/0.9; +https://babbar.tech/crawler)"
217.113.194.237 - - [15/Apr/2025:05:18:35 -0400] "GET /choosing-a-transport-company-near-me/ HTTP/1.1" 200 18003 "-" "Mozilla/5.0 (compatible; Barkrowler/0.9; +https://babbar.tech/crawler)"
47.128.121.124 - - [15/Apr/2025:05:18:47 -0400] "GET /important-tips-for-making-your-mp4-player-foolproof/ HTTP/1.1" 200 18598 "-" "Mozilla/5.0 (Linux; Android 5.0) AppleWebKit/537.36 (KHTML, like Gecko) Mobile Safari/537.36 (compatible; TikTokSpider; ttspider-feedback@tiktok.com)"
198.54.114.83 - - [15/Apr/2025:05:18:55 -0400] "POST /wp-cron.php?doing_wp_cron=1744708734.5513770580291748046875 HTTP/1.1" 200 0 "-" "WordPress/6.7.2; https://creative-webstyle.com"
217.113.194.235 - - [15/Apr/2025:05:18:54 -0400] "GET /choosing-an-awesome-powerball-system/ HTTP/1.1" 200 18219 "-" "Mozilla/5.0 (compatible; Barkrowler/0.9; +https://babbar.tech/crawler)"
198.54.114.83 - - [15/Apr/2025:05:19:01 -0400] "POST /wp-admin/admin-ajax.php?action=async_litespeed&nonce=eWtypuRJLaZ7z1jnlCIlKTAK5pxSUY4i&litespeed_type=imgoptm HTTP/1.1" 200 5 "-" "WordPress/6.7.2; https://creative-webstyle.com"
217.113.194.232 - - [15/Apr/2025:05:19:12 -0400] "GET /choosing-the-best-cbd-brands/feed/ HTTP/1.1" 200 394 "-" "Mozilla/5.0 (compatible; Barkrowler/0.9; +https://babbar.tech/crawler)"
217.113.194.254 - - [15/Apr/2025:05:19:30 -0400] "GET /retirement-blogs-as-essential-guides/ HTTP/1.1" 200 18215 "-" "Mozilla/5.0 (compatible; Barkrowler/0.9; +https://babbar.tech/crawler)"
154.54.249.218 - - [15/Apr/2025:05:19:47 -0400] "GET /retirement-blogs-as-essential-guides/feed/ HTTP/1.1" 200 398 "-" "Mozilla/5.0 (compatible; Barkrowler/0.9; +https://babbar.tech/crawler)"
198.54.114.83 - - [15/Apr/2025:05:20:06 -0400] "POST /wp-cron.php?doing_wp_cron=1744708805.7026779651641845703125 HTTP/1.1" 200 0 "-" "WordPress/6.7.2; https://creative-webstyle.com"
217.113.194.233 - - [15/Apr/2025:05:20:04 -0400] "GET /your-ultimate-guide-to-language-lessons/ HTTP/1.1" 200 18313 "-" "Mozilla/5.0 (compatible; Barkrowler/0.9; +https://babbar.tech/crawler)"
198.54.114.83 - - [15/Apr/2025:05:20:12 -0400] "POST /wp-admin/admin-ajax.php?action=async_litespeed&nonce=J3JfqaVx5Pke2sBMD3PQduGY2x7qYfXA&litespeed_type=imgoptm HTTP/1.1" 200 0 "-" "WordPress/6.7.2; https://creative-webstyle.com"
2a02:598:128:8a00::b00:15 - - [15/Apr/2025:05:20:15 -0400] "GET /cherry-picker-rental/ HTTP/1.1" 200 17359 "-" "Mozilla/5.0 (compatible; SeznamBot/4.0; +https://o-seznam.cz/napoveda/vyhledavani/en/seznambot-crawler/)"
217.113.194.239 - - [15/Apr/2025:05:20:24 -0400] "GET /rain-gutter-cleaning-and-maintenance/ HTTP/1.1" 200 18558 "-" "Mozilla/5.0 (compatible; Barkrowler/0.9; +https://babbar.tech/crawler)"
2a03:2880:f800:f:: - - [15/Apr/2025:05:20:42 -0400] "GET /chauffeur-car-melbourne-airport/ HTTP/1.1" 200 17269 "-" "meta-externalagent/1.1 (+https://developers.facebook.com/docs/sharing/webmasters/crawler)"
217.113.194.238 - - [15/Apr/2025:05:20:43 -0400] "GET /ein-leitfaden-fur-investoren/ HTTP/1.1" 200 17967 "-" "Mozilla/5.0 (compatible; Barkrowler/0.9; +https://babbar.tech/crawler)"
198.54.114.83 - - [15/Apr/2025:05:21:01 -0400] "POST /wp-cron.php?doing_wp_cron=1744708861.5963280200958251953125 HTTP/1.1" 200 0 "-" "WordPress/6.7.2; https://creative-webstyle.com"
217.113.194.241 - - [15/Apr/2025:05:21:01 -0400] "GET /ein-paradies-am-gardasee/ HTTP/1.1" 200 18020 "-" "Mozilla/5.0 (compatible; Barkrowler/0.9; +https://babbar.tech/crawler)"
198.54.114.83 - - [15/Apr/2025:05:21:08 -0400] "POST /wp-admin/admin-ajax.php?action=async_litespeed&nonce=jyxgKUmdu2rST3U5u0s4IcujYNmy0u59&litespeed_type=imgoptm HTTP/1.1" 200 0 "-" "WordPress/6.7.2; https://creative-webstyle.com"
217.113.194.234 - - [15/Apr/2025:05:21:20 -0400] "GET /tretinoin-0-1-gel/feed/ HTTP/1.1" 200 381 "-" "Mozilla/5.0 (compatible; Barkrowler/0.9; +https://babbar.tech/crawler)"
217.113.194.233 - - [15/Apr/2025:05:21:36 -0400] "GET /how-does-tretinoin-work/feed/ HTTP/1.1" 200 390 "-" "Mozilla/5.0 (compatible; Barkrowler/0.9; +https://babbar.tech/crawler)"
217.113.194.233 - - [15/Apr/2025:05:21:55 -0400] "GET /how-ppr-fittings-are-made/feed/ HTTP/1.1" 200 390 "-" "Mozilla/5.0 (compatible; Barkrowler/0.9; +https://babbar.tech/crawler)"
198.54.114.83 - - [15/Apr/2025:05:21:57 -0400] "POST /wp-cron.php?doing_wp_cron=1744708916.3048079013824462890625 HTTP/1.1" 200 0 "-" "WordPress/6.7.2; https://creative-webstyle.com"
198.54.114.83 - - [15/Apr/2025:05:22:05 -0400] "POST /wp-admin/admin-ajax.php?action=async_litespeed&nonce=GrNJnWaOMFLa2tyOoRgUbQwO09iPFBzP&litespeed_type=imgoptm HTTP/1.1" 200 0 "-" "WordPress/6.7.2; https://creative-webstyle.com"
217.113.194.238 - - [15/Apr/2025:05:22:14 -0400] "GET /a-new-age-of-small-unit-leadership/ HTTP/1.1" 200 19882 "-" "Mozilla/5.0 (compatible; Barkrowler/0.9; +https://babbar.tech/crawler)"
217.113.194.235 - - [15/Apr/2025:05:22:32 -0400] "GET /genuine-leather-handbags-wholesale/ HTTP/1.1" 200 17975 "-" "Mozilla/5.0 (compatible; Barkrowler/0.9; +https://babbar.tech/crawler)"
217.113.194.241 - - [15/Apr/2025:05:22:51 -0400] "GET /genuine-leather-handbags-wholesale/feed/ HTTP/1.1" 200 396 "-" "Mozilla/5.0 (compatible; Barkrowler/0.9; +https://babbar.tech/crawler)"
198.54.114.83 - - [15/Apr/2025:05:22:53 -0400] "POST /wp-cron.php?doing_wp_cron=1744708971.9742159843444824218750 HTTP/1.1" 200 0 "-" "WordPress/6.7.2; https://creative-webstyle.com"
154.54.249.218 - - [15/Apr/2025:05:23:09 -0400] "GET /vita-glow-night-cream-review/feed/ HTTP/1.1" 200 401 "-" "Mozilla/5.0 (compatible; Barkrowler/0.9; +https://babbar.tech/crawler)"
217.113.194.235 - - [15/Apr/2025:05:23:27 -0400] "GET /nearest-hotels-to-disneyland-paris/feed/ HTTP/1.1" 200 398 "-" "Mozilla/5.0 (compatible; Barkrowler/0.9; +https://babbar.tech/crawler)"
217.113.194.241 - - [15/Apr/2025:05:23:45 -0400] "GET /making-your-mark-in-the-business-world/feed/ HTTP/1.1" 200 405 "-" "Mozilla/5.0 (compatible; Barkrowler/0.9; +https://babbar.tech/crawler)"
198.54.114.83 - - [15/Apr/2025:05:24:04 -0400] "POST /wp-cron.php?doing_wp_cron=1744709043.3518970012664794921875 HTTP/1.1" 200 0 "-" "WordPress/6.7.2; https://creative-webstyle.com"
217.113.194.236 - - [15/Apr/2025:05:24:02 -0400] "GET /quickbooks-file-doctor-not-working/ HTTP/1.1" 200 18202 "-" "Mozilla/5.0 (compatible; Barkrowler/0.9; +https://babbar.tech/crawler)"
198.54.114.83 - - [15/Apr/2025:05:24:10 -0400] "POST /wp-admin/admin-ajax.php?action=async_litespeed&nonce=CrBivwL4WbpCtYFyBM3ypyg0Kw5cvXwi&litespeed_type=imgoptm HTTP/1.1" 200 0 "-" "WordPress/6.7.2; https://creative-webstyle.com"
198.54.114.83 - - [15/Apr/2025:05:24:23 -0400] "POST /wp-cron.php?doing_wp_cron=1744709063.1483190059661865234375 HTTP/1.1" 200 0 "-" "WordPress/6.7.2; https://creative-webstyle.com"
217.113.194.232 - - [15/Apr/2025:05:24:22 -0400] "GET /agence-google-analytics-paris/feed/ HTTP/1.1" 200 387 "-" "Mozilla/5.0 (compatible; Barkrowler/0.9; +https://babbar.tech/crawler)"
217.113.194.239 - - [15/Apr/2025:05:24:40 -0400] "GET /a-captivating-tour-experience/ HTTP/1.1" 200 18143 "-" "Mozilla/5.0 (compatible; Barkrowler/0.9; +https://babbar.tech/crawler)"
198.54.114.83 - - [15/Apr/2025:05:25:00 -0400] "POST /wp-cron.php?doing_wp_cron=1744709100.7345108985900878906250 HTTP/1.1" 200 0 "-" "WordPress/6.7.2; https://creative-webstyle.com"
217.113.194.235 - - [15/Apr/2025:05:25:00 -0400] "GET /a-captivating-tour-experience/feed/ HTTP/1.1" 200 392 "-" "Mozilla/5.0 (compatible; Barkrowler/0.9; +https://babbar.tech/crawler)"
198.54.114.83 - - [15/Apr/2025:05:25:07 -0400] "POST /wp-admin/admin-ajax.php?action=async_litespeed&nonce=eAvrZp4vJCWd95csTREH9BQW8uShGBAE&litespeed_type=imgoptm HTTP/1.1" 200 0 "-" "WordPress/6.7.2; https://creative-webstyle.com"
217.113.194.240 - - [15/Apr/2025:05:25:17 -0400] "GET /types-of-conservatories-cardiff/ HTTP/1.1" 200 18291 "-" "Mozilla/5.0 (compatible; Barkrowler/0.9; +https://babbar.tech/crawler)"
217.113.194.254 - - [15/Apr/2025:05:25:35 -0400] "GET /voyance-par-telephone-serieuse/feed/ HTTP/1.1" 200 401 "-" "Mozilla/5.0 (compatible; Barkrowler/0.9; +https://babbar.tech/crawler)"
217.113.194.234 - - [15/Apr/2025:05:25:55 -0400] "GET /voyance-par-telephone-avec-cbc/feed/ HTTP/1.1" 200 405 "-" "Mozilla/5.0 (compatible; Barkrowler/0.9; +https://babbar.tech/crawler)"
198.54.114.83 - - [15/Apr/2025:05:25:57 -0400] "POST /wp-cron.php?doing_wp_cron=1744709155.5377779006958007812500 HTTP/1.1" 200 0 "-" "WordPress/6.7.2; https://creative-webstyle.com"
217.113.194.236 - - [15/Apr/2025:05:26:13 -0400] "GET /orthodontist-in-woodland-hills/feed/ HTTP/1.1" 200 387 "-" "Mozilla/5.0 (compatible; Barkrowler/0.9; +https://babbar.tech/crawler)"
154.54.249.218 - - [15/Apr/2025:05:26:30 -0400] "GET /artificial-intelligence-in-marketing/feed/ HTTP/1.1" 200 397 "-" "Mozilla/5.0 (compatible; Barkrowler/0.9; +https://babbar.tech/crawler)"
217.113.194.232 - - [15/Apr/2025:05:26:47 -0400] "GET /divorce-lawyer-in-nahariya/feed/ HTTP/1.1" 200 424 "-" "Mozilla/5.0 (compatible; Barkrowler/0.9; +https://babbar.tech/crawler)"
85.208.96.201 - - [15/Apr/2025:05:26:53 -0400] "GET /economisez-avec-des-bannieres-publicitaires-abordables/ HTTP/1.1" 200 18145 "-" "Mozilla/5.0 (compatible; SemrushBot/7~bl; +http://www.semrush.com/bot.html)"
198.54.114.83 - - [15/Apr/2025:05:27:06 -0400] "POST /wp-cron.php?doing_wp_cron=1744709225.4575600624084472656250 HTTP/1.1" 200 0 "-" "WordPress/6.7.2; https://creative-webstyle.com"
217.113.194.232 - - [15/Apr/2025:05:27:05 -0400] "GET /bathroom-renovations-melton/feed/ HTTP/1.1" 200 383 "-" "Mozilla/5.0 (compatible; Barkrowler/0.9; +https://babbar.tech/crawler)"
198.54.114.83 - - [15/Apr/2025:05:27:11 -0400] "POST /wp-admin/admin-ajax.php?action=async_litespeed&nonce=MJ7dzcRjLsyXRUp1n3KelzyuE39oviAw&litespeed_type=imgoptm HTTP/1.1" 200 5 "-" "WordPress/6.7.2; https://creative-webstyle.com"
2a03:2880:27ff:73:: - - [15/Apr/2025:05:27:13 -0400] "GET /robots.txt HTTP/1.1" 301 0 "-" "facebookexternalhit/1.1 (+http://www.facebook.com/externalhit_uatext.php)"
2a03:2880:27ff:: - - [15/Apr/2025:05:27:15 -0400] "GET /robots.txt HTTP/1.1" 200 110 "-" "facebookexternalhit/1.1 (+http://www.facebook.com/externalhit_uatext.php)"
2a03:2880:27ff:72:: - - [15/Apr/2025:05:27:15 -0400] "GET /robots.txt HTTP/1.1" 200 110 "-" "facebookexternalhit/1.1 (+http://www.facebook.com/externalhit_uatext.php)"
2a03:2880:27ff:74:: - - [15/Apr/2025:05:27:15 -0400] "GET /robots.txt HTTP/1.1" 200 110 "-" "facebookexternalhit/1.1 (+http://www.facebook.com/externalhit_uatext.php)"
2a03:2880:27ff:3:: - - [15/Apr/2025:05:27:21 -0400] "GET / HTTP/1.1" 200 78396 "-" "facebookexternalhit/1.1 (+http://www.facebook.com/externalhit_uatext.php)"
2a03:2880:27ff:7:: - - [15/Apr/2025:05:27:21 -0400] "GET / HTTP/1.1" 200 78396 "-" "facebookexternalhit/1.1 (+http://www.facebook.com/externalhit_uatext.php)"
2a03:2880:27ff:: - - [15/Apr/2025:05:27:21 -0400] "GET /meta.json HTTP/1.1" 301 0 "-" "facebookexternalhit/1.1 (+http://www.facebook.com/externalhit_uatext.php)"
2a03:2880:27ff:7:: - - [15/Apr/2025:05:27:22 -0400] "GET /meta.json HTTP/1.1" 404 12618 "-" "facebookexternalhit/1.1 (+http://www.facebook.com/externalhit_uatext.php)"
217.113.194.237 - - [15/Apr/2025:05:27:22 -0400] "GET /the-task-of-watch-repair/feed/ HTTP/1.1" 200 393 "-" "Mozilla/5.0 (compatible; Barkrowler/0.9; +https://babbar.tech/crawler)"
217.113.194.233 - - [15/Apr/2025:05:27:40 -0400] "GET /the-epitome-of-luxury-living/feed/ HTTP/1.1" 200 397 "-" "Mozilla/5.0 (compatible; Barkrowler/0.9; +https://babbar.tech/crawler)"
198.54.114.83 - - [15/Apr/2025:05:27:57 -0400] "POST /wp-cron.php?doing_wp_cron=1744709277.3601679801940917968750 HTTP/1.1" 200 0 "-" "WordPress/6.7.2; https://creative-webstyle.com"
217.113.194.254 - - [15/Apr/2025:05:27:56 -0400] "GET /the-allure-of-napa-ca-real-estate/ HTTP/1.1" 200 17906 "-" "Mozilla/5.0 (compatible; Barkrowler/0.9; +https://babbar.tech/crawler)"
198.54.114.83 - - [15/Apr/2025:05:28:03 -0400] "POST /wp-admin/admin-ajax.php?action=async_litespeed&nonce=pZwz9cDdS3SwC5dUh9bZ7HDHZ1LAC65V&litespeed_type=imgoptm HTTP/1.1" 200 5 "-" "WordPress/6.7.2; https://creative-webstyle.com"
217.113.194.234 - - [15/Apr/2025:05:28:14 -0400] "GET /the-essential-guide-to-breast-pumps/ HTTP/1.1" 200 17932 "-" "Mozilla/5.0 (compatible; Barkrowler/0.9; +https://babbar.tech/crawler)"
217.113.194.233 - - [15/Apr/2025:05:28:31 -0400] "GET /the-rise-of-franchise-opportunities/feed/ HTTP/1.1" 200 400 "-" "Mozilla/5.0 (compatible; Barkrowler/0.9; +https://babbar.tech/crawler)"
154.54.249.218 - - [15/Apr/2025:05:28:48 -0400] "GET /the-iconic-appeal-of-ray-ban-frames/ HTTP/1.1" 200 18052 "-" "Mozilla/5.0 (compatible; Barkrowler/0.9; +https://babbar.tech/crawler)"
198.54.114.83 - - [15/Apr/2025:05:29:08 -0400] "POST /wp-cron.php?doing_wp_cron=1744709347.1164679527282714843750 HTTP/1.1" 200 0 "-" "WordPress/6.7.2; https://creative-webstyle.com"
217.113.194.254 - - [15/Apr/2025:05:29:06 -0400] "GET /the-versatility-of-cement-tiles/feed/ HTTP/1.1" 200 399 "-" "Mozilla/5.0 (compatible; Barkrowler/0.9; +https://babbar.tech/crawler)"
217.113.194.238 - - [15/Apr/2025:05:29:24 -0400] "GET /the-thriving-world-of-online-casinos/ HTTP/1.1" 200 18082 "-" "Mozilla/5.0 (compatible; Barkrowler/0.9; +https://babbar.tech/crawler)"
217.113.194.235 - - [15/Apr/2025:05:29:42 -0400] "GET /poker-the-bible-of-a-poker-game/feed/ HTTP/1.1" 200 402 "-" "Mozilla/5.0 (compatible; Barkrowler/0.9; +https://babbar.tech/crawler)"
217.113.194.240 - - [15/Apr/2025:05:30:00 -0400] "GET /what-is-a-socket-head-screw/feed/ HTTP/1.1" 200 398 "-" "Mozilla/5.0 (compatible; Barkrowler/0.9; +https://babbar.tech/crawler)"
198.54.114.83 - - [15/Apr/2025:05:30:20 -0400] "POST /wp-cron.php?doing_wp_cron=1744709419.0933480262756347656250 HTTP/1.1" 200 0 "-" "WordPress/6.7.2; https://creative-webstyle.com"
217.113.194.238 - - [15/Apr/2025:05:30:18 -0400] "GET /building-conservatories-in-bridgend/ HTTP/1.1" 200 18236 "-" "Mozilla/5.0 (compatible; Barkrowler/0.9; +https://babbar.tech/crawler)"
217.113.194.254 - - [15/Apr/2025:05:30:38 -0400] "GET /buy-youtube-views-with-instant-delivery/ HTTP/1.1" 200 17272 "-" "Mozilla/5.0 (compatible; Barkrowler/0.9; +https://babbar.tech/crawler)"
217.113.194.235 - - [15/Apr/2025:05:30:57 -0400] "GET /buy-youtube-views-non-drop/feed/ HTTP/1.1" 200 393 "-" "Mozilla/5.0 (compatible; Barkrowler/0.9; +https://babbar.tech/crawler)"
217.113.194.239 - - [15/Apr/2025:05:31:15 -0400] "GET /buy-real-tiktok-shares/feed/ HTTP/1.1" 200 382 "-" "Mozilla/5.0 (compatible; Barkrowler/0.9; +https://babbar.tech/crawler)"
217.113.194.233 - - [15/Apr/2025:05:31:33 -0400] "GET /a-modern-frontier-of-entertainment/ HTTP/1.1" 200 18094 "-" "Mozilla/5.0 (compatible; Barkrowler/0.9; +https://babbar.tech/crawler)"
198.54.114.83 - - [15/Apr/2025:05:31:37 -0400] "POST /wp-cron.php?doing_wp_cron=1744709493.6147069931030273437500 HTTP/1.1" 200 0 "-" "WordPress/6.7.2; https://creative-webstyle.com"
217.113.194.238 - - [15/Apr/2025:05:31:53 -0400] "GET /a-modern-entertainment-phenomenon/ HTTP/1.1" 200 18032 "-" "Mozilla/5.0 (compatible; Barkrowler/0.9; +https://babbar.tech/crawler)"
217.113.194.254 - - [15/Apr/2025:05:32:13 -0400] "GET /mediation-costs-in-the-uk/feed/ HTTP/1.1" 200 386 "-" "Mozilla/5.0 (compatible; Barkrowler/0.9; +https://babbar.tech/crawler)"
217.113.194.234 - - [15/Apr/2025:05:32:31 -0400] "GET /hamburger-mull-entsorgen/ HTTP/1.1" 200 18190 "-" "Mozilla/5.0 (compatible; Barkrowler/0.9; +https://babbar.tech/crawler)"
198.54.114.83 - - [15/Apr/2025:05:32:50 -0400] "POST /wp-cron.php?doing_wp_cron=1744709570.0715060234069824218750 HTTP/1.1" 200 0 "-" "WordPress/6.7.2; https://creative-webstyle.com"
217.113.194.240 - - [15/Apr/2025:05:32:49 -0400] "GET /advantages-of-pex-tubing/ HTTP/1.1" 200 18006 "-" "Mozilla/5.0 (compatible; Barkrowler/0.9; +https://babbar.tech/crawler)"
198.54.114.83 - - [15/Apr/2025:05:32:56 -0400] "POST /wp-admin/admin-ajax.php?action=async_litespeed&nonce=FKvhz110aZ54KIHifj9hVv5AAqA1M7VK&litespeed_type=imgoptm HTTP/1.1" 200 0 "-" "WordPress/6.7.2; https://creative-webstyle.com"
217.113.194.254 - - [15/Apr/2025:05:33:09 -0400] "GET /navigating-the-world-of-international-shipping/ HTTP/1.1" 200 17773 "-" "Mozilla/5.0 (compatible; Barkrowler/0.9; +https://babbar.tech/crawler)"
154.54.249.218 - - [15/Apr/2025:05:33:27 -0400] "GET /navigating-the-world-of-international-shipping/feed/ HTTP/1.1" 200 396 "-" "Mozilla/5.0 (compatible; Barkrowler/0.9; +https://babbar.tech/crawler)"
217.113.194.254 - - [15/Apr/2025:05:33:45 -0400] "GET /musings-from-a-health-coach/feed/ HTTP/1.1" 200 395 "-" "Mozilla/5.0 (compatible; Barkrowler/0.9; +https://babbar.tech/crawler)"
198.54.114.83 - - [15/Apr/2025:05:34:02 -0400] "POST /wp-cron.php?doing_wp_cron=1744709641.9577009677886962890625 HTTP/1.1" 200 0 "-" "WordPress/6.7.2; https://creative-webstyle.com"
217.113.194.233 - - [15/Apr/2025:05:34:01 -0400] "GET /the-best-soccer-grip-socks/feed/ HTTP/1.1" 200 394 "-" "Mozilla/5.0 (compatible; Barkrowler/0.9; +https://babbar.tech/crawler)"
198.54.114.83 - - [15/Apr/2025:05:34:08 -0400] "POST /wp-admin/admin-ajax.php?action=async_litespeed&nonce=HGgRJAzAklp670MuRFtyIdUjpT6tMB8E&litespeed_type=imgoptm HTTP/1.1" 200 5 "-" "WordPress/6.7.2; https://creative-webstyle.com"
217.113.194.254 - - [15/Apr/2025:05:34:19 -0400] "GET /the-best-soccer-grip-socks/ HTTP/1.1" 200 17709 "-" "Mozilla/5.0 (compatible; Barkrowler/0.9; +https://babbar.tech/crawler)"
217.113.194.234 - - [15/Apr/2025:05:34:41 -0400] "GET /der-reiz-von-hangelampen/ HTTP/1.1" 200 18245 "-" "Mozilla/5.0 (compatible; Barkrowler/0.9; +https://babbar.tech/crawler)"
198.54.114.83 - - [15/Apr/2025:05:35:00 -0400] "POST /wp-cron.php?doing_wp_cron=1744709699.3455688953399658203125 HTTP/1.1" 200 0 "-" "WordPress/6.7.2; https://creative-webstyle.com"
217.113.194.233 - - [15/Apr/2025:05:34:58 -0400] "GET /der-reiz-von-hangelampen/feed/ HTTP/1.1" 200 395 "-" "Mozilla/5.0 (compatible; Barkrowler/0.9; +https://babbar.tech/crawler)"
198.54.114.83 - - [15/Apr/2025:05:35:07 -0400] "POST /wp-admin/admin-ajax.php?action=async_litespeed&nonce=3YRDUbHMfsQy6TzlN60GyJ1qeRvHYK7t&litespeed_type=imgoptm HTTP/1.1" 200 0 "-" "WordPress/6.7.2; https://creative-webstyle.com"
217.113.194.232 - - [15/Apr/2025:05:35:16 -0400] "GET /shop-hair-dryers-under-20/feed/ HTTP/1.1" 200 394 "-" "Mozilla/5.0 (compatible; Barkrowler/0.9; +https://babbar.tech/crawler)"
217.113.194.232 - - [15/Apr/2025:05:35:33 -0400] "GET /a-celebration-of-freedom-and-community/ HTTP/1.1" 200 18016 "-" "Mozilla/5.0 (compatible; Barkrowler/0.9; +https://babbar.tech/crawler)"
198.54.114.83 - - [15/Apr/2025:05:35:54 -0400] "POST /wp-cron.php?doing_wp_cron=1744709753.8199539184570312500000 HTTP/1.1" 200 0 "-" "WordPress/6.7.2; https://creative-webstyle.com"
217.113.194.233 - - [15/Apr/2025:05:35:53 -0400] "GET /is-michael-kors-a-luxury-brand/feed/ HTTP/1.1" 200 395 "-" "Mozilla/5.0 (compatible; Barkrowler/0.9; +https://babbar.tech/crawler)"
198.54.114.83 - - [15/Apr/2025:05:36:00 -0400] "POST /wp-admin/admin-ajax.php?action=async_litespeed&nonce=g3iNOO2tbwsaMir0P49fWGjXqeanWzGf&litespeed_type=imgoptm HTTP/1.1" 200 0 "-" "WordPress/6.7.2; https://creative-webstyle.com"
154.54.249.218 - - [15/Apr/2025:05:36:11 -0400] "GET /prefab-adus-in-california/feed/ HTTP/1.1" 200 386 "-" "Mozilla/5.0 (compatible; Barkrowler/0.9; +https://babbar.tech/crawler)"
217.113.194.254 - - [15/Apr/2025:05:36:28 -0400] "GET /the-art-and-science-of-massage-therapy/ HTTP/1.1" 200 17974 "-" "Mozilla/5.0 (compatible; Barkrowler/0.9; +https://babbar.tech/crawler)"
217.113.194.240 - - [15/Apr/2025:05:36:47 -0400] "GET /the-art-and-benefits-of-massage-therapy/ HTTP/1.1" 200 18400 "-" "Mozilla/5.0 (compatible; Barkrowler/0.9; +https://babbar.tech/crawler)"
198.54.114.83 - - [15/Apr/2025:05:37:06 -0400] "POST /wp-cron.php?doing_wp_cron=1744709825.4680259227752685546875 HTTP/1.1" 200 0 "-" "WordPress/6.7.2; https://creative-webstyle.com"
217.113.194.234 - - [15/Apr/2025:05:37:05 -0400] "GET /the-art-of-bathroom-renovations/feed/ HTTP/1.1" 200 395 "-" "Mozilla/5.0 (compatible; Barkrowler/0.9; +https://babbar.tech/crawler)"
198.54.114.83 - - [15/Apr/2025:05:37:12 -0400] "POST /wp-admin/admin-ajax.php?action=async_litespeed&nonce=5tJWVf90fkiiLx20GVyVhMdHaKGHxVjg&litespeed_type=imgoptm HTTP/1.1" 200 0 "-" "WordPress/6.7.2; https://creative-webstyle.com"
217.113.194.238 - - [15/Apr/2025:05:37:24 -0400] "GET /revolutionizing-it-infrastructure/ HTTP/1.1" 200 17913 "-" "Mozilla/5.0 (compatible; Barkrowler/0.9; +https://babbar.tech/crawler)"
217.113.194.241 - - [15/Apr/2025:05:37:41 -0400] "GET /10-boxes-of-pure-quality/feed/ HTTP/1.1" 200 391 "-" "Mozilla/5.0 (compatible; Barkrowler/0.9; +https://babbar.tech/crawler)"
198.54.114.83 - - [15/Apr/2025:05:37:59 -0400] "POST /wp-cron.php?doing_wp_cron=1744709878.7996680736541748046875 HTTP/1.1" 200 0 "-" "WordPress/6.7.2; https://creative-webstyle.com"
154.54.249.218 - - [15/Apr/2025:05:37:58 -0400] "GET /benefits-of-the-android-pos-terminal/feed/ HTTP/1.1" 200 402 "-" "Mozilla/5.0 (compatible; Barkrowler/0.9; +https://babbar.tech/crawler)"
198.54.114.83 - - [15/Apr/2025:05:38:05 -0400] "POST /wp-admin/admin-ajax.php?action=async_litespeed&nonce=ZIaRF9b9OnGLplNgepnP8nIZKlnO2Wlk&litespeed_type=imgoptm HTTP/1.1" 200 0 "-" "WordPress/6.7.2; https://creative-webstyle.com"
217.113.194.233 - - [15/Apr/2025:05:38:16 -0400] "GET /benefits-of-the-android-pos-terminal/ HTTP/1.1" 200 17999 "-" "Mozilla/5.0 (compatible; Barkrowler/0.9; +https://babbar.tech/crawler)"
217.113.194.237 - - [15/Apr/2025:05:38:35 -0400] "GET /san-rafael-real-estate-opportunities/ HTTP/1.1" 200 17977 "-" "Mozilla/5.0 (compatible; Barkrowler/0.9; +https://babbar.tech/crawler)"
217.113.194.238 - - [15/Apr/2025:05:38:54 -0400] "GET /electrical-contractor-clearwater/feed/ HTTP/1.1" 200 392 "-" "Mozilla/5.0 (compatible; Barkrowler/0.9; +https://babbar.tech/crawler)"
198.54.114.83 - - [15/Apr/2025:05:38:56 -0400] "POST /wp-cron.php?doing_wp_cron=1744709935.0669760704040527343750 HTTP/1.1" 200 0 "-" "WordPress/6.7.2; https://creative-webstyle.com"
217.113.194.232 - - [15/Apr/2025:05:39:14 -0400] "GET /nappe-publicitaire-personnalisable/feed/ HTTP/1.1" 200 421 "-" "Mozilla/5.0 (compatible; Barkrowler/0.9; +https://babbar.tech/crawler)"
217.113.194.235 - - [15/Apr/2025:05:39:33 -0400] "GET /norcold-refrigerator-parts/feed/ HTTP/1.1" 200 382 "-" "Mozilla/5.0 (compatible; Barkrowler/0.9; +https://babbar.tech/crawler)"
217.113.194.236 - - [15/Apr/2025:05:39:51 -0400] "GET /flathead-lake-boat-rental-2/feed/ HTTP/1.1" 200 386 "-" "Mozilla/5.0 (compatible; Barkrowler/0.9; +https://babbar.tech/crawler)"
198.54.114.83 - - [15/Apr/2025:05:40:12 -0400] "POST /wp-cron.php?doing_wp_cron=1744710011.2243120670318603515625 HTTP/1.1" 200 0 "-" "WordPress/6.7.2; https://creative-webstyle.com"
217.113.194.238 - - [15/Apr/2025:05:40:10 -0400] "GET /flathead-lake-cruises-polson/ HTTP/1.1" 200 17211 "-" "Mozilla/5.0 (compatible; Barkrowler/0.9; +https://babbar.tech/crawler)"
198.54.114.83 - - [15/Apr/2025:05:40:18 -0400] "POST /wp-admin/admin-ajax.php?action=async_litespeed&nonce=xaDoxPHZ3tBuDVwgr8QBkxuCwVEFYIUh&litespeed_type=imgoptm HTTP/1.1" 200 0 "-" "WordPress/6.7.2; https://creative-webstyle.com"
217.113.194.232 - - [15/Apr/2025:05:40:29 -0400] "GET /understanding-youtube-seo-fundamentals/ HTTP/1.1" 200 18175 "-" "Mozilla/5.0 (compatible; Barkrowler/0.9; +https://babbar.tech/crawler)"
154.54.249.218 - - [15/Apr/2025:05:40:47 -0400] "GET /understanding-iptv-subscriptions/ HTTP/1.1" 200 18133 "-" "Mozilla/5.0 (compatible; Barkrowler/0.9; +https://babbar.tech/crawler)"
198.54.114.83 - - [15/Apr/2025:05:41:08 -0400] "POST /wp-cron.php?doing_wp_cron=1744710067.1914858818054199218750 HTTP/1.1" 200 0 "-" "WordPress/6.7.2; https://creative-webstyle.com"
217.113.194.234 - - [15/Apr/2025:05:41:06 -0400] "GET /understanding-the-youtube-algorithms/ HTTP/1.1" 200 18194 "-" "Mozilla/5.0 (compatible; Barkrowler/0.9; +https://babbar.tech/crawler)"
217.113.194.254 - - [15/Apr/2025:05:41:25 -0400] "GET /understanding-the-types-of-breast-pumps/ HTTP/1.1" 200 17994 "-" "Mozilla/5.0 (compatible; Barkrowler/0.9; +https://babbar.tech/crawler)"
217.113.194.238 - - [15/Apr/2025:05:41:43 -0400] "GET /les-meilleurs-restaurants-a-decouvrir/ HTTP/1.1" 200 17739 "-" "Mozilla/5.0 (compatible; Barkrowler/0.9; +https://babbar.tech/crawler)"
217.113.194.234 - - [15/Apr/2025:05:42:02 -0400] "GET /le-charme-du-toit-en-cuivre/ HTTP/1.1" 200 17904 "-" "Mozilla/5.0 (compatible; Barkrowler/0.9; +https://babbar.tech/crawler)"
185.191.171.7 - - [15/Apr/2025:05:42:06 -0400] "GET /the-power-of-immediate-availability/ HTTP/1.1" 200 18111 "-" "Mozilla/5.0 (compatible; SemrushBot/7~bl; +http://www.semrush.com/bot.html)"
198.54.114.83 - - [15/Apr/2025:05:42:25 -0400] "POST /wp-cron.php?doing_wp_cron=1744710143.6756160259246826171875 HTTP/1.1" 200 0 "-" "WordPress/6.7.2; https://creative-webstyle.com"
217.113.194.236 - - [15/Apr/2025:05:42:23 -0400] "GET /buy-tiktok-views-and-followers/ HTTP/1.1" 200 17716 "-" "Mozilla/5.0 (compatible; Barkrowler/0.9; +https://babbar.tech/crawler)"
217.113.194.240 - - [15/Apr/2025:05:42:45 -0400] "GET /buy-tiktok-views-and-followers/feed/ HTTP/1.1" 200 392 "-" "Mozilla/5.0 (compatible; Barkrowler/0.9; +https://babbar.tech/crawler)"
217.113.194.232 - - [15/Apr/2025:05:43:03 -0400] "GET /concrete-tank-repairs-near-me/ HTTP/1.1" 200 17925 "-" "Mozilla/5.0 (compatible; Barkrowler/0.9; +https://babbar.tech/crawler)"
217.113.194.238 - - [15/Apr/2025:05:43:22 -0400] "GET /concrete-tank-repairs-near-me/feed/ HTTP/1.1" 200 396 "-" "Mozilla/5.0 (compatible; Barkrowler/0.9; +https://babbar.tech/crawler)"
18.216.160.84 - - [15/Apr/2025:05:43:34 -0400] "GET /2025/01 HTTP/1.1" 301 0 "-" "Mozilla/5.0 AppleWebKit/537.36 (KHTML, like Gecko; compatible; ClaudeBot/1.0; +claudebot@anthropic.com)"
198.54.114.83 - - [15/Apr/2025:05:43:36 -0400] "POST /wp-cron.php?doing_wp_cron=1744710215.3259270191192626953125 HTTP/1.1" 200 0 "-" "WordPress/6.7.2; https://creative-webstyle.com"
198.54.114.83 - - [15/Apr/2025:05:43:36 -0400] "POST /wp-cron.php?doing_wp_cron=1744710215.3587000370025634765625 HTTP/1.1" 200 0 "-" "WordPress/6.7.2; https://creative-webstyle.com"
18.216.160.84 - - [15/Apr/2025:05:43:34 -0400] "GET /feed HTTP/1.1" 301 0 "-" "Mozilla/5.0 AppleWebKit/537.36 (KHTML, like Gecko; compatible; ClaudeBot/1.0; +claudebot@anthropic.com)"
18.216.160.84 - - [15/Apr/2025:05:43:38 -0400] "GET /feed/ HTTP/1.1" 200 736983 "https://creative-webstyle.com/feed" "Mozilla/5.0 AppleWebKit/537.36 (KHTML, like Gecko; compatible; ClaudeBot/1.0; +claudebot@anthropic.com)"
217.113.194.240 - - [15/Apr/2025:05:43:40 -0400] "GET /michael-kors-crossbody-bag-collection/ HTTP/1.1" 200 17620 "-" "Mozilla/5.0 (compatible; Barkrowler/0.9; +https://babbar.tech/crawler)"
154.54.249.218 - - [15/Apr/2025:05:43:58 -0400] "GET /buying-mk-bags-in-the-uk/feed/ HTTP/1.1" 200 395 "-" "Mozilla/5.0 (compatible; Barkrowler/0.9; +https://babbar.tech/crawler)"
217.113.194.239 - - [15/Apr/2025:05:44:16 -0400] "GET /buying-real-estate-in-nicaragua/feed/ HTTP/1.1" 200 398 "-" "Mozilla/5.0 (compatible; Barkrowler/0.9; +https://babbar.tech/crawler)"
51.222.253.8 - - [15/Apr/2025:05:44:19 -0400] "GET /sitemap_index.xml HTTP/1.1" 200 293 "-" "Mozilla/5.0 (compatible; AhrefsBot/7.0; +http://ahrefs.com/robot/)"
51.222.253.8 - - [15/Apr/2025:05:44:22 -0400] "GET /post-sitemap.xml HTTP/1.1" 200 24316 "-" "Mozilla/5.0 (compatible; AhrefsBot/7.0; +http://ahrefs.com/robot/)"
217.113.194.239 - - [15/Apr/2025:05:44:32 -0400] "GET /buying-real-estate-in-nicaragua/ HTTP/1.1" 200 19340 "-" "Mozilla/5.0 (compatible; Barkrowler/0.9; +https://babbar.tech/crawler)"
51.222.253.4 - - [15/Apr/2025:05:44:33 -0400] "GET /post-sitemap2.xml HTTP/1.1" 200 15222 "-" "Mozilla/5.0 (compatible; AhrefsBot/7.0; +http://ahrefs.com/robot/)"
198.54.114.83 - - [15/Apr/2025:05:44:43 -0400] "POST /wp-cron.php?doing_wp_cron=1744710283.2525370121002197265625 HTTP/1.1" 200 0 "-" "WordPress/6.7.2; https://creative-webstyle.com"
51.222.253.11 - - [15/Apr/2025:05:44:42 -0400] "GET /page-sitemap.xml HTTP/1.1" 200 346 "-" "Mozilla/5.0 (compatible; AhrefsBot/7.0; +http://ahrefs.com/robot/)"
51.222.253.20 - - [15/Apr/2025:05:44:45 -0400] "GET /category-sitemap.xml HTTP/1.1" 200 339 "-" "Mozilla/5.0 (compatible; AhrefsBot/7.0; +http://ahrefs.com/robot/)"
18.118.171.161 - - [15/Apr/2025:05:44:47 -0400] "GET /2021/04 HTTP/1.1" 301 0 "-" "Mozilla/5.0 AppleWebKit/537.36 (KHTML, like Gecko; compatible; ClaudeBot/1.0; +claudebot@anthropic.com)"
18.118.171.161 - - [15/Apr/2025:05:44:47 -0400] "GET /2023/10 HTTP/1.1" 301 0 "-" "Mozilla/5.0 AppleWebKit/537.36 (KHTML, like Gecko; compatible; ClaudeBot/1.0; +claudebot@anthropic.com)"
198.54.114.83 - - [15/Apr/2025:05:44:49 -0400] "POST /wp-admin/admin-ajax.php?action=async_litespeed&nonce=QSvRk85csvL3Wy2dF57JBL66wxRHn8zF&litespeed_type=imgoptm HTTP/1.1" 200 0 "-" "WordPress/6.7.2; https://creative-webstyle.com"
217.113.194.239 - - [15/Apr/2025:05:44:49 -0400] "GET /eine-asthetische-revolution/ HTTP/1.1" 200 17730 "-" "Mozilla/5.0 (compatible; Barkrowler/0.9; +https://babbar.tech/crawler)"
198.54.114.83 - - [15/Apr/2025:05:45:11 -0400] "POST /wp-cron.php?doing_wp_cron=1744710308.8582708835601806640625 HTTP/1.1" 200 0 "-" "WordPress/6.7.2; https://creative-webstyle.com"
217.113.194.236 - - [15/Apr/2025:05:45:07 -0400] "GET /mastering-the-art-of-promotional-materials/ HTTP/1.1" 200 18439 "-" "Mozilla/5.0 (compatible; Barkrowler/0.9; +https://babbar.tech/crawler)"
47.79.213.75 - - [15/Apr/2025:05:45:14 -0400] "GET / HTTP/1.1" 200 78396 "https://www.google.com/" "Mozilla/5.0 (Linux; Android 10; K) AppleWebKit/537.36 (KHTML, like Gecko) Chrome/132.0.0.0 Mobile Safari/537.36"
154.54.249.218 - - [15/Apr/2025:05:45:28 -0400] "GET /best-cbd-oil-for-sleep-uk/ HTTP/1.1" 200 17254 "-" "Mozilla/5.0 (compatible; Barkrowler/0.9; +https://babbar.tech/crawler)"
217.113.194.254 - - [15/Apr/2025:05:45:46 -0400] "GET /ozark-trail-customer-service/feed/ HTTP/1.1" 200 450 "-" "Mozilla/5.0 (compatible; Barkrowler/0.9; +https://babbar.tech/crawler)"
217.113.194.233 - - [15/Apr/2025:05:46:03 -0400] "GET /best-hair-dryer-2023/feed/ HTTP/1.1" 200 386 "-" "Mozilla/5.0 (compatible; Barkrowler/0.9; +https://babbar.tech/crawler)"
198.54.114.83 - - [15/Apr/2025:05:46:10 -0400] "POST /wp-cron.php?doing_wp_cron=1744710370.4362840652465820312500 HTTP/1.1" 200 0 "-" "WordPress/6.7.2; https://creative-webstyle.com"
198.54.114.83 - - [15/Apr/2025:05:46:10 -0400] "POST /wp-cron.php?doing_wp_cron=1744710370.4330990314483642578125 HTTP/1.1" 200 0 "-" "WordPress/6.7.2; https://creative-webstyle.com"
18.216.137.32 - - [15/Apr/2025:05:46:09 -0400] "GET /2023/12 HTTP/1.1" 301 0 "-" "Mozilla/5.0 AppleWebKit/537.36 (KHTML, like Gecko; compatible; ClaudeBot/1.0; +claudebot@anthropic.com)"
18.216.137.32 - - [15/Apr/2025:05:46:09 -0400] "GET /2023/07 HTTP/1.1" 301 0 "-" "Mozilla/5.0 AppleWebKit/537.36 (KHTML, like Gecko; compatible; ClaudeBot/1.0; +claudebot@anthropic.com)"
198.54.114.83 - - [15/Apr/2025:05:46:16 -0400] "POST /wp-admin/admin-ajax.php?action=async_litespeed&nonce=bA9iXMu8aMXMBHcZUCxT6oA0CoAFfWek&litespeed_type=imgoptm HTTP/1.1" 200 0 "-" "WordPress/6.7.2; https://creative-webstyle.com"
217.113.194.254 - - [15/Apr/2025:05:46:20 -0400] "GET /cbd-gummies-uk/feed/ HTTP/1.1" 200 378 "-" "Mozilla/5.0 (compatible; Barkrowler/0.9; +https://babbar.tech/crawler)"
154.54.249.218 - - [15/Apr/2025:05:46:38 -0400] "GET /cnc-machines-a-brief-history/feed/ HTTP/1.1" 200 395 "-" "Mozilla/5.0 (compatible; Barkrowler/0.9; +https://babbar.tech/crawler)"
198.54.114.83 - - [15/Apr/2025:05:46:57 -0400] "POST /wp-cron.php?doing_wp_cron=1744710416.8304541110992431640625 HTTP/1.1" 200 0 "-" "WordPress/6.7.2; https://creative-webstyle.com"
217.113.194.239 - - [15/Apr/2025:05:46:56 -0400] "GET /roofer-hamburg-niendorf/feed/ HTTP/1.1" 200 388 "-" "Mozilla/5.0 (compatible; Barkrowler/0.9; +https://babbar.tech/crawler)"
198.54.114.83 - - [15/Apr/2025:05:47:03 -0400] "POST /wp-admin/admin-ajax.php?action=async_litespeed&nonce=gum9PXXO17MyCTXBTo9vA2d4PY5lDKsV&litespeed_type=imgoptm HTTP/1.1" 200 0 "-" "WordPress/6.7.2; https://creative-webstyle.com"
217.113.194.239 - - [15/Apr/2025:05:47:14 -0400] "GET /the-truth-about-buying-youtube-views/ HTTP/1.1" 200 18109 "-" "Mozilla/5.0 (compatible; Barkrowler/0.9; +https://babbar.tech/crawler)"
217.113.194.237 - - [15/Apr/2025:05:47:35 -0400] "GET /what-to-look-for-in-online-casinos/feed/ HTTP/1.1" 200 401 "-" "Mozilla/5.0 (compatible; Barkrowler/0.9; +https://babbar.tech/crawler)"
18.117.157.126 - - [15/Apr/2025:05:47:42 -0400] "GET /2024/12 HTTP/1.1" 301 0 "-" "Mozilla/5.0 AppleWebKit/537.36 (KHTML, like Gecko; compatible; ClaudeBot/1.0; +claudebot@anthropic.com)"
18.117.157.126 - - [15/Apr/2025:05:47:42 -0400] "GET /2022/01 HTTP/1.1" 301 0 "-" "Mozilla/5.0 AppleWebKit/537.36 (KHTML, like Gecko; compatible; ClaudeBot/1.0; +claudebot@anthropic.com)"
198.54.114.83 - - [15/Apr/2025:05:47:54 -0400] "POST /wp-cron.php?doing_wp_cron=1744710474.0605530738830566406250 HTTP/1.1" 200 0 "-" "WordPress/6.7.2; https://creative-webstyle.com"
217.113.194.240 - - [15/Apr/2025:05:47:53 -0400] "GET /luxury-living-at-kassia-condo/ HTTP/1.1" 200 17868 "-" "Mozilla/5.0 (compatible; Barkrowler/0.9; +https://babbar.tech/crawler)"
198.54.114.83 - - [15/Apr/2025:05:48:01 -0400] "POST /wp-admin/admin-ajax.php?action=async_litespeed&nonce=rY9uHceaBkqveW3EmODs1MccjP63Kn9b&litespeed_type=imgoptm HTTP/1.1" 200 0 "-" "WordPress/6.7.2; https://creative-webstyle.com"
217.113.194.234 - - [15/Apr/2025:05:48:12 -0400] "GET /basic-knowledge-of-boiler-tube/feed/ HTTP/1.1" 200 391 "-" "Mozilla/5.0 (compatible; Barkrowler/0.9; +https://babbar.tech/crawler)"
217.113.194.236 - - [15/Apr/2025:05:48:29 -0400] "GET /home-warranty-and-appliance-repair/ HTTP/1.1" 200 17902 "-" "Mozilla/5.0 (compatible; Barkrowler/0.9; +https://babbar.tech/crawler)"
217.113.194.240 - - [15/Apr/2025:05:48:47 -0400] "GET /the-importance-of-food-labels/ HTTP/1.1" 200 18020 "-" "Mozilla/5.0 (compatible; Barkrowler/0.9; +https://babbar.tech/crawler)"
198.54.114.83 - - [15/Apr/2025:05:49:02 -0400] "POST /wp-cron.php?doing_wp_cron=1744710542.5292050838470458984375 HTTP/1.1" 200 0 "-" "WordPress/6.7.2; https://creative-webstyle.com"
3.15.190.49 - - [15/Apr/2025:05:49:02 -0400] "GET /2024/10 HTTP/1.1" 301 0 "-" "Mozilla/5.0 AppleWebKit/537.36 (KHTML, like Gecko; compatible; ClaudeBot/1.0; +claudebot@anthropic.com)"
3.15.190.49 - - [15/Apr/2025:05:49:02 -0400] "GET /2024/04 HTTP/1.1" 301 0 "-" "Mozilla/5.0 AppleWebKit/537.36 (KHTML, like Gecko; compatible; ClaudeBot/1.0; +claudebot@anthropic.com)"
217.113.194.240 - - [15/Apr/2025:05:49:04 -0400] "GET /le-duo-massage-a-geneve/feed/ HTTP/1.1" 200 395 "-" "Mozilla/5.0 (compatible; Barkrowler/0.9; +https://babbar.tech/crawler)"
198.54.114.83 - - [15/Apr/2025:05:49:09 -0400] "POST /wp-admin/admin-ajax.php?action=async_litespeed&nonce=EHa5JqP4zohvAh6lfa9MEhUlRfL6oE3B&litespeed_type=imgoptm HTTP/1.1" 200 0 "-" "WordPress/6.7.2; https://creative-webstyle.com"
217.113.194.233 - - [15/Apr/2025:05:49:21 -0400] "GET /le-origini-delle-carte-dragon-ball/ HTTP/1.1" 200 17953 "-" "Mozilla/5.0 (compatible; Barkrowler/0.9; +https://babbar.tech/crawler)"
217.113.194.239 - - [15/Apr/2025:05:49:39 -0400] "GET /a-guide-to-stunning-renovations/feed/ HTTP/1.1" 200 390 "-" "Mozilla/5.0 (compatible; Barkrowler/0.9; +https://babbar.tech/crawler)"
198.54.114.83 - - [15/Apr/2025:05:49:58 -0400] "POST /wp-cron.php?doing_wp_cron=1744710597.5827078819274902343750 HTTP/1.1" 200 0 "-" "WordPress/6.7.2; https://creative-webstyle.com"
217.113.194.236 - - [15/Apr/2025:05:49:57 -0400] "GET /mon-examen-premium-adapt-2024/ HTTP/1.1" 200 18144 "-" "Mozilla/5.0 (compatible; Barkrowler/0.9; +https://babbar.tech/crawler)"
198.54.114.83 - - [15/Apr/2025:05:50:05 -0400] "POST /wp-admin/admin-ajax.php?action=async_litespeed&nonce=DQPgKXEbvi1CM4qnI0yxqLoLtTjddnp6&litespeed_type=imgoptm HTTP/1.1" 200 0 "-" "WordPress/6.7.2; https://creative-webstyle.com"
217.113.194.236 - - [15/Apr/2025:05:50:15 -0400] "GET /the-hot-water-dispenser-revolution/feed/ HTTP/1.1" 200 395 "-" "Mozilla/5.0 (compatible; Barkrowler/0.9; +https://babbar.tech/crawler)"
3.133.13.2 - - [15/Apr/2025:05:50:17 -0400] "GET /2023/06 HTTP/1.1" 301 0 "-" "Mozilla/5.0 AppleWebKit/537.36 (KHTML, like Gecko; compatible; ClaudeBot/1.0; +claudebot@anthropic.com)"
3.133.13.2 - - [15/Apr/2025:05:50:17 -0400] "GET /2023/11 HTTP/1.1" 301 0 "-" "Mozilla/5.0 AppleWebKit/537.36 (KHTML, like Gecko; compatible; ClaudeBot/1.0; +claudebot@anthropic.com)"
154.54.249.218 - - [15/Apr/2025:05:50:32 -0400] "GET /the-hot-water-dispenser-revolution/ HTTP/1.1" 200 17910 "-" "Mozilla/5.0 (compatible; Barkrowler/0.9; +https://babbar.tech/crawler)"
198.54.114.83 - - [15/Apr/2025:05:50:51 -0400] "POST /wp-cron.php?doing_wp_cron=1744710650.6578049659729003906250 HTTP/1.1" 200 0 "-" "WordPress/6.7.2; https://creative-webstyle.com"
217.113.194.235 - - [15/Apr/2025:05:50:50 -0400] "GET /what-vitamins-give-you-energy/feed/ HTTP/1.1" 200 398 "-" "Mozilla/5.0 (compatible; Barkrowler/0.9; +https://babbar.tech/crawler)"
198.54.114.83 - - [15/Apr/2025:05:51:11 -0400] "POST /wp-cron.php?doing_wp_cron=1744710669.9954009056091308593750 HTTP/1.1" 200 0 "-" "WordPress/6.7.2; https://creative-webstyle.com"
217.113.194.241 - - [15/Apr/2025:05:51:09 -0400] "GET /relaxation-for-the-busy-professional/ HTTP/1.1" 200 18441 "-" "Mozilla/5.0 (compatible; Barkrowler/0.9; +https://babbar.tech/crawler)"
217.113.194.232 - - [15/Apr/2025:05:51:27 -0400] "GET /exploring-the-german-wine-country/feed/ HTTP/1.1" 200 397 "-" "Mozilla/5.0 (compatible; Barkrowler/0.9; +https://babbar.tech/crawler)"
3.145.43.59 - - [15/Apr/2025:05:51:32 -0400] "GET /2024/02 HTTP/1.1" 301 0 "-" "Mozilla/5.0 AppleWebKit/537.36 (KHTML, like Gecko; compatible; ClaudeBot/1.0; +claudebot@anthropic.com)"
3.145.43.59 - - [15/Apr/2025:05:51:32 -0400] "GET /2023/04 HTTP/1.1" 301 0 "-" "Mozilla/5.0 AppleWebKit/537.36 (KHTML, like Gecko; compatible; ClaudeBot/1.0; +claudebot@anthropic.com)"
217.113.194.232 - - [15/Apr/2025:05:51:46 -0400] "GET /exploring-the-arcady-showflat/feed/ HTTP/1.1" 200 392 "-" "Mozilla/5.0 (compatible; Barkrowler/0.9; +https://babbar.tech/crawler)"
217.113.194.254 - - [15/Apr/2025:05:52:03 -0400] "GET /exploring-the-world-of-online-casinos-3/ HTTP/1.1" 200 18257 "-" "Mozilla/5.0 (compatible; Barkrowler/0.9; +https://babbar.tech/crawler)"
85.208.96.204 - - [15/Apr/2025:05:52:06 -0400] "GET /m98-com-entrance/ HTTP/1.1" 200 17418 "-" "Mozilla/5.0 (compatible; SemrushBot/7~bl; +http://www.semrush.com/bot.html)"
198.54.114.83 - - [15/Apr/2025:05:52:22 -0400] "POST /wp-cron.php?doing_wp_cron=1744710741.8360579013824462890625 HTTP/1.1" 200 0 "-" "WordPress/6.7.2; https://creative-webstyle.com"
198.54.114.83 - - [15/Apr/2025:05:52:23 -0400] "POST /wp-admin/admin-ajax.php?action=async_litespeed&nonce=pBkqVYjTveCiKkqDzEkhLuQcE7HvtOqr&litespeed_type=imgoptm HTTP/1.1" 200 0 "-" "WordPress/6.7.2; https://creative-webstyle.com"
217.113.194.238 - - [15/Apr/2025:05:52:21 -0400] "GET /video-categories-found-on-youtube/ HTTP/1.1" 200 18843 "-" "Mozilla/5.0 (compatible; Barkrowler/0.9; +https://babbar.tech/crawler)"
217.113.194.233 - - [15/Apr/2025:05:52:41 -0400] "GET /why-composite-doors-are-so-good/ HTTP/1.1" 200 18179 "-" "Mozilla/5.0 (compatible; Barkrowler/0.9; +https://babbar.tech/crawler)"
198.54.114.83 - - [15/Apr/2025:05:53:01 -0400] "POST /wp-cron.php?doing_wp_cron=1744710780.4020531177520751953125 HTTP/1.1" 200 0 "-" "WordPress/6.7.2; https://creative-webstyle.com"
217.113.194.232 - - [15/Apr/2025:05:53:00 -0400] "GET /the-power-of-employee-communication-apps/ HTTP/1.1" 200 17854 "-" "Mozilla/5.0 (compatible; Barkrowler/0.9; +https://babbar.tech/crawler)"
217.113.194.234 - - [15/Apr/2025:05:53:18 -0400] "GET /the-power-of-a-webdesign-agency/feed/ HTTP/1.1" 200 402 "-" "Mozilla/5.0 (compatible; Barkrowler/0.9; +https://babbar.tech/crawler)"
217.154.66.163 - - [15/Apr/2025:05:53:23 -0400] "GET / HTTP/1.1" 200 78396 "-" "python-requests/2.32.3"
18.222.34.209 - - [15/Apr/2025:05:53:35 -0400] "GET /2024/06 HTTP/1.1" 301 0 "-" "Mozilla/5.0 AppleWebKit/537.36 (KHTML, like Gecko; compatible; ClaudeBot/1.0; +claudebot@anthropic.com)"
18.222.34.209 - - [15/Apr/2025:05:53:35 -0400] "GET /wp-json HTTP/1.1" 200 201236 "-" "Mozilla/5.0 AppleWebKit/537.36 (KHTML, like Gecko; compatible; ClaudeBot/1.0; +claudebot@anthropic.com)"
217.113.194.233 - - [15/Apr/2025:05:53:36 -0400] "GET /9-best-clinics-in-dubai-uae/ HTTP/1.1" 200 18925 "-" "Mozilla/5.0 (compatible; Barkrowler/0.9; +https://babbar.tech/crawler)"
217.113.194.236 - - [15/Apr/2025:05:53:54 -0400] "GET /essential-guide-to-breast-pumps/feed/ HTTP/1.1" 200 391 "-" "Mozilla/5.0 (compatible; Barkrowler/0.9; +https://babbar.tech/crawler)"
198.54.114.83 - - [15/Apr/2025:05:54:14 -0400] "POST /wp-cron.php?doing_wp_cron=1744710853.9069190025329589843750 HTTP/1.1" 200 0 "-" "WordPress/6.7.2; https://creative-webstyle.com"
217.113.194.241 - - [15/Apr/2025:05:54:13 -0400] "GET /professional-photos-for-dating-profile/feed/ HTTP/1.1" 200 395 "-" "Mozilla/5.0 (compatible; Barkrowler/0.9; +https://babbar.tech/crawler)"
198.54.114.83 - - [15/Apr/2025:05:54:21 -0400] "POST /wp-admin/admin-ajax.php?action=async_litespeed&nonce=Q4tqcIGX9Gr5KSIckMg2Ag1Vqt8DtHYw&litespeed_type=imgoptm HTTP/1.1" 200 0 "-" "WordPress/6.7.2; https://creative-webstyle.com"
217.113.194.239 - - [15/Apr/2025:05:54:31 -0400] "GET /comment-choisir-une-agence-de-referencement/ HTTP/1.1" 200 18144 "-" "Mozilla/5.0 (compatible; Barkrowler/0.9; +https://babbar.tech/crawler)"
198.54.114.83 - - [15/Apr/2025:05:54:51 -0400] "POST /wp-cron.php?doing_wp_cron=1744710890.1631801128387451171875 HTTP/1.1" 200 0 "-" "WordPress/6.7.2; https://creative-webstyle.com"
154.54.249.218 - - [15/Apr/2025:05:54:49 -0400] "GET /crafting-the-ultimate-custom-gaming-pc/ HTTP/1.1" 200 18475 "-" "Mozilla/5.0 (compatible; Barkrowler/0.9; +https://babbar.tech/crawler)"
217.113.194.241 - - [15/Apr/2025:05:55:09 -0400] "GET /plumbing-financing-for-bad-credit/ HTTP/1.1" 200 18307 "-" "Mozilla/5.0 (compatible; Barkrowler/0.9; +https://babbar.tech/crawler)"
52.15.66.233 - - [15/Apr/2025:05:55:16 -0400] "GET /2021/03 HTTP/1.1" 301 0 "-" "Mozilla/5.0 AppleWebKit/537.36 (KHTML, like Gecko; compatible; ClaudeBot/1.0; +claudebot@anthropic.com)"
