52.15.66.233 - - [15/Apr/2025:05:55:16 -0400] "GET /2021/01 HTTP/1.1" 301 0 "-" "Mozilla/5.0 AppleWebKit/537.36 (KHTML, like Gecko; compatible; ClaudeBot/1.0; +claudebot@anthropic.com)"
217.113.194.240 - - [15/Apr/2025:05:55:28 -0400] "GET /how-apparel-screen-printing-works/feed/ HTTP/1.1" 200 399 "-" "Mozilla/5.0 (compatible; Barkrowler/0.9; +https://babbar.tech/crawler)"
217.113.194.241 - - [15/Apr/2025:05:55:45 -0400] "GET /tissot-watch-repair-near-me/ HTTP/1.1" 200 17426 "-" "Mozilla/5.0 (compatible; Barkrowler/0.9; +https://babbar.tech/crawler)"
198.54.114.83 - - [15/Apr/2025:05:56:04 -0400] "POST /wp-cron.php?doing_wp_cron=1744710964.2134459018707275390625 HTTP/1.1" 200 0 "-" "WordPress/6.7.2; https://creative-webstyle.com"
217.113.194.236 - - [15/Apr/2025:05:56:04 -0400] "GET /watch-overseas-football-for-free/feed/ HTTP/1.1" 200 396 "-" "Mozilla/5.0 (compatible; Barkrowler/0.9; +https://babbar.tech/crawler)"
198.54.114.83 - - [15/Apr/2025:05:56:11 -0400] "POST /wp-admin/admin-ajax.php?action=async_litespeed&nonce=MQhu9PxdKSUQUPKDLf9caac6fxoHs7lb&litespeed_type=imgoptm HTTP/1.1" 200 0 "-" "WordPress/6.7.2; https://creative-webstyle.com"
185.191.171.7 - - [15/Apr/2025:05:56:16 -0400] "GET /windows-cardiff/ HTTP/1.1" 200 17150 "-" "Mozilla/5.0 (compatible; SemrushBot/7~bl; +http://www.semrush.com/bot.html)"
217.113.194.232 - - [15/Apr/2025:05:56:21 -0400] "GET /ivf-clinics-in-sharjah/ HTTP/1.1" 200 18245 "-" "Mozilla/5.0 (compatible; Barkrowler/0.9; +https://babbar.tech/crawler)"
217.113.194.234 - - [15/Apr/2025:05:56:41 -0400] "GET /diamond-painting-eigenes-bild/feed/ HTTP/1.1" 200 388 "-" "Mozilla/5.0 (compatible; Barkrowler/0.9; +https://babbar.tech/crawler)"
198.54.114.83 - - [15/Apr/2025:05:56:59 -0400] "POST /wp-cron.php?doing_wp_cron=1744711019.0267200469970703125000 HTTP/1.1" 200 0 "-" "WordPress/6.7.2; https://creative-webstyle.com"
217.113.194.238 - - [15/Apr/2025:05:56:58 -0400] "GET /diamond-painting-eigenes-bild/ HTTP/1.1" 200 17339 "-" "Mozilla/5.0 (compatible; Barkrowler/0.9; +https://babbar.tech/crawler)"
198.54.114.83 - - [15/Apr/2025:05:57:05 -0400] "POST /wp-admin/admin-ajax.php?action=async_litespeed&nonce=00m370V6xvqz15UE6x9yWpnZzzMTzlcC&litespeed_type=imgoptm HTTP/1.1" 200 0 "-" "WordPress/6.7.2; https://creative-webstyle.com"
217.113.194.239 - - [15/Apr/2025:05:57:17 -0400] "GET /veilleuse-tortue-aquatique/feed/ HTTP/1.1" 200 383 "-" "Mozilla/5.0 (compatible; Barkrowler/0.9; +https://babbar.tech/crawler)"
18.218.137.69 - - [15/Apr/2025:05:57:35 -0400] "GET /2024/03 HTTP/1.1" 301 0 "-" "Mozilla/5.0 AppleWebKit/537.36 (KHTML, like Gecko; compatible; ClaudeBot/1.0; +claudebot@anthropic.com)"
217.113.194.232 - - [15/Apr/2025:05:57:34 -0400] "GET /the-charm-of-custom-dog-portraits/ HTTP/1.1" 200 18008 "-" "Mozilla/5.0 (compatible; Barkrowler/0.9; +https://babbar.tech/crawler)"
18.218.137.69 - - [15/Apr/2025:05:57:36 -0400] "GET /2024/05 HTTP/1.1" 301 0 "-" "Mozilla/5.0 AppleWebKit/537.36 (KHTML, like Gecko; compatible; ClaudeBot/1.0; +claudebot@anthropic.com)"
198.54.114.83 - - [15/Apr/2025:05:57:53 -0400] "POST /wp-cron.php?doing_wp_cron=1744711073.2627089023590087890625 HTTP/1.1" 200 0 "-" "WordPress/6.7.2; https://creative-webstyle.com"
217.113.194.241 - - [15/Apr/2025:05:57:52 -0400] "GET /the-charm-of-custom-dog-portraits/feed/ HTTP/1.1" 200 400 "-" "Mozilla/5.0 (compatible; Barkrowler/0.9; +https://babbar.tech/crawler)"
198.54.114.83 - - [15/Apr/2025:05:57:59 -0400] "POST /wp-admin/admin-ajax.php?action=async_litespeed&nonce=eYMwJdaCA74LKkuHsf4wq9FkuLy9R0zQ&litespeed_type=imgoptm HTTP/1.1" 200 5 "-" "WordPress/6.7.2; https://creative-webstyle.com"
217.113.194.234 - - [15/Apr/2025:05:58:09 -0400] "GET /causes-of-facial-wrinkles/ HTTP/1.1" 200 18182 "-" "Mozilla/5.0 (compatible; Barkrowler/0.9; +https://babbar.tech/crawler)"
217.113.194.240 - - [15/Apr/2025:05:58:28 -0400] "GET /causes-of-facial-wrinkles/feed/ HTTP/1.1" 200 388 "-" "Mozilla/5.0 (compatible; Barkrowler/0.9; +https://babbar.tech/crawler)"
154.54.249.218 - - [15/Apr/2025:05:58:45 -0400] "GET /streamlining-entertainment-choices/feed/ HTTP/1.1" 200 383 "-" "Mozilla/5.0 (compatible; Barkrowler/0.9; +https://babbar.tech/crawler)"
198.54.114.83 - - [15/Apr/2025:05:59:05 -0400] "POST /wp-cron.php?doing_wp_cron=1744711143.9035019874572753906250 HTTP/1.1" 200 0 "-" "WordPress/6.7.2; https://creative-webstyle.com"
217.113.194.232 - - [15/Apr/2025:05:59:03 -0400] "GET /what-are-social-networking-websites/feed/ HTTP/1.1" 200 399 "-" "Mozilla/5.0 (compatible; Barkrowler/0.9; +https://babbar.tech/crawler)"
217.113.194.233 - - [15/Apr/2025:05:59:21 -0400] "GET /what-are-prefab-garage-kits/feed/ HTTP/1.1" 200 399 "-" "Mozilla/5.0 (compatible; Barkrowler/0.9; +https://babbar.tech/crawler)"
217.113.194.254 - - [15/Apr/2025:05:59:40 -0400] "GET /fenbendazol-for-cancers/ HTTP/1.1" 200 17796 "-" "Mozilla/5.0 (compatible; Barkrowler/0.9; +https://babbar.tech/crawler)"
3.23.59.187 - - [15/Apr/2025:05:59:59 -0400] "GET /2023/02 HTTP/1.1" 301 0 "-" "Mozilla/5.0 AppleWebKit/537.36 (KHTML, like Gecko; compatible; ClaudeBot/1.0; +claudebot@anthropic.com)"
3.23.59.187 - - [15/Apr/2025:05:59:59 -0400] "GET /2023/03 HTTP/1.1" 301 0 "-" "Mozilla/5.0 AppleWebKit/537.36 (KHTML, like Gecko; compatible; ClaudeBot/1.0; +claudebot@anthropic.com)"
217.113.194.236 - - [15/Apr/2025:06:00:01 -0400] "GET /fenbendazol-for-cancers/feed/ HTTP/1.1" 200 384 "-" "Mozilla/5.0 (compatible; Barkrowler/0.9; +https://babbar.tech/crawler)"
2a02:598:128:8a00::b00:a - - [15/Apr/2025:06:00:15 -0400] "GET /how-to-use-tretinoin-gel-in-the-uk/ HTTP/1.1" 200 17980 "-" "Mozilla/5.0 (compatible; SeznamBot/4.0; +https://o-seznam.cz/napoveda/vyhledavani/en/seznambot-crawler/)"
198.54.114.83 - - [15/Apr/2025:06:00:18 -0400] "POST /wp-cron.php?doing_wp_cron=1744711216.0376360416412353515625 HTTP/1.1" 200 0 "-" "WordPress/6.7.2; https://creative-webstyle.com"
217.113.194.254 - - [15/Apr/2025:06:00:21 -0400] "GET /fenbendazole-for-humans/ HTTP/1.1" 200 17283 "-" "Mozilla/5.0 (compatible; Barkrowler/0.9; +https://babbar.tech/crawler)"
217.113.194.232 - - [15/Apr/2025:06:00:45 -0400] "GET /fenbendazole-for-cancers/ HTTP/1.1" 200 17457 "-" "Mozilla/5.0 (compatible; Barkrowler/0.9; +https://babbar.tech/crawler)"
217.113.194.234 - - [15/Apr/2025:06:01:02 -0400] "GET /fenbendazole-for-cancer/ HTTP/1.1" 200 17838 "-" "Mozilla/5.0 (compatible; Barkrowler/0.9; +https://babbar.tech/crawler)"
198.54.114.83 - - [15/Apr/2025:06:01:21 -0400] "POST /wp-cron.php?doing_wp_cron=1744711280.5598509311676025390625 HTTP/1.1" 200 0 "-" "WordPress/6.7.2; https://creative-webstyle.com"
217.113.194.234 - - [15/Apr/2025:06:01:20 -0400] "GET /cyprus-rhinoplasty-prices/feed/ HTTP/1.1" 200 386 "-" "Mozilla/5.0 (compatible; Barkrowler/0.9; +https://babbar.tech/crawler)"
198.54.114.83 - - [15/Apr/2025:06:01:28 -0400] "POST /wp-admin/admin-ajax.php?action=async_litespeed&nonce=9XoIwT5dK9RgFsjD8iEQaxHDQDYibaOQ&litespeed_type=imgoptm HTTP/1.1" 200 0 "-" "WordPress/6.7.2; https://creative-webstyle.com"
217.113.194.240 - - [15/Apr/2025:06:01:38 -0400] "GET /pro-tips-for-painting-by-numbers/feed/ HTTP/1.1" 200 401 "-" "Mozilla/5.0 (compatible; Barkrowler/0.9; +https://babbar.tech/crawler)"
198.54.114.83 - - [15/Apr/2025:06:01:57 -0400] "POST /wp-cron.php?doing_wp_cron=1744711316.4518740177154541015625 HTTP/1.1" 200 0 "-" "WordPress/6.7.2; https://creative-webstyle.com"
217.113.194.234 - - [15/Apr/2025:06:01:55 -0400] "GET /custom-portraits-for-your-beloved-dog/ HTTP/1.1" 200 18000 "-" "Mozilla/5.0 (compatible; Barkrowler/0.9; +https://babbar.tech/crawler)"
217.113.194.234 - - [15/Apr/2025:06:02:14 -0400] "GET /gitarre-lernen-in-dusseldorf/feed/ HTTP/1.1" 200 396 "-" "Mozilla/5.0 (compatible; Barkrowler/0.9; +https://babbar.tech/crawler)"
3.17.145.72 - - [15/Apr/2025:06:02:19 -0400] "GET /2024/07 HTTP/1.1" 301 0 "-" "Mozilla/5.0 AppleWebKit/537.36 (KHTML, like Gecko; compatible; ClaudeBot/1.0; +claudebot@anthropic.com)"
217.113.194.238 - - [15/Apr/2025:06:02:30 -0400] "GET /loans-for-women-business-owners/feed/ HTTP/1.1" 200 396 "-" "Mozilla/5.0 (compatible; Barkrowler/0.9; +https://babbar.tech/crawler)"
217.113.194.236 - - [15/Apr/2025:06:02:48 -0400] "GET /shark-tank-update-and-market-impact/ HTTP/1.1" 200 18096 "-" "Mozilla/5.0 (compatible; Barkrowler/0.9; +https://babbar.tech/crawler)"
198.54.114.83 - - [15/Apr/2025:06:03:08 -0400] "POST /wp-cron.php?doing_wp_cron=1744711387.4158809185028076171875 HTTP/1.1" 200 0 "-" "WordPress/6.7.2; https://creative-webstyle.com"
217.113.194.234 - - [15/Apr/2025:06:03:07 -0400] "GET /a-thriving-virtual-gaming-experience/ HTTP/1.1" 200 18346 "-" "Mozilla/5.0 (compatible; Barkrowler/0.9; +https://babbar.tech/crawler)"
154.54.249.218 - - [15/Apr/2025:06:03:25 -0400] "GET /black-and-gold-bedside-lamps-2/feed/ HTTP/1.1" 200 396 "-" "Mozilla/5.0 (compatible; Barkrowler/0.9; +https://babbar.tech/crawler)"
217.113.194.236 - - [15/Apr/2025:06:03:41 -0400] "GET /boudoir-photography-san-antonio/ HTTP/1.1" 200 17369 "-" "Mozilla/5.0 (compatible; Barkrowler/0.9; +https://babbar.tech/crawler)"
217.113.194.236 - - [15/Apr/2025:06:03:59 -0400] "GET /mp4-players-offer-great-features/feed/ HTTP/1.1" 200 393 "-" "Mozilla/5.0 (compatible; Barkrowler/0.9; +https://babbar.tech/crawler)"
198.54.114.83 - - [15/Apr/2025:06:04:18 -0400] "POST /wp-cron.php?doing_wp_cron=1744711458.2061419486999511718750 HTTP/1.1" 200 0 "-" "WordPress/6.7.2; https://creative-webstyle.com"
217.113.194.236 - - [15/Apr/2025:06:04:17 -0400] "GET /how-to-make-money-with-online-betting/ HTTP/1.1" 200 18413 "-" "Mozilla/5.0 (compatible; Barkrowler/0.9; +https://babbar.tech/crawler)"
198.54.114.83 - - [15/Apr/2025:06:04:25 -0400] "POST /wp-admin/admin-ajax.php?action=async_litespeed&nonce=j33DFLrbzqv0fVBLEQnnt7m4TASxIC5e&litespeed_type=imgoptm HTTP/1.1" 200 0 "-" "WordPress/6.7.2; https://creative-webstyle.com"
217.113.194.254 - - [15/Apr/2025:06:04:40 -0400] "GET /how-to-make-money-with-online-betting/feed/ HTTP/1.1" 200 411 "-" "Mozilla/5.0 (compatible; Barkrowler/0.9; +https://babbar.tech/crawler)"
3.135.218.109 - - [15/Apr/2025:06:04:41 -0400] "GET /2024/09 HTTP/1.1" 301 0 "-" "Mozilla/5.0 AppleWebKit/537.36 (KHTML, like Gecko; compatible; ClaudeBot/1.0; +claudebot@anthropic.com)"
198.54.114.83 - - [15/Apr/2025:06:04:58 -0400] "POST /wp-cron.php?doing_wp_cron=1744711498.1237950325012207031250 HTTP/1.1" 200 0 "-" "WordPress/6.7.2; https://creative-webstyle.com"
217.113.194.234 - - [15/Apr/2025:06:04:57 -0400] "GET /how-to-build-your-resume-from-scratch/ HTTP/1.1" 200 18071 "-" "Mozilla/5.0 (compatible; Barkrowler/0.9; +https://babbar.tech/crawler)"
198.54.114.83 - - [15/Apr/2025:06:05:05 -0400] "POST /wp-admin/admin-ajax.php?action=async_litespeed&nonce=tiTOHGFQB9b5cRDe9E5S7pso3G7ZJFAJ&litespeed_type=imgoptm HTTP/1.1" 200 0 "-" "WordPress/6.7.2; https://creative-webstyle.com"
217.113.194.235 - - [15/Apr/2025:06:05:19 -0400] "GET /how-to-build-your-resume-from-scratch/feed/ HTTP/1.1" 200 407 "-" "Mozilla/5.0 (compatible; Barkrowler/0.9; +https://babbar.tech/crawler)"
217.113.194.233 - - [15/Apr/2025:06:05:35 -0400] "GET /how-to-choose-the-best-soccer-grip-socks/ HTTP/1.1" 200 17585 "-" "Mozilla/5.0 (compatible; Barkrowler/0.9; +https://babbar.tech/crawler)"
198.54.114.83 - - [15/Apr/2025:06:05:56 -0400] "POST /wp-cron.php?doing_wp_cron=1744711555.4145851135253906250000 HTTP/1.1" 200 0 "-" "WordPress/6.7.2; https://creative-webstyle.com"
217.113.194.240 - - [15/Apr/2025:06:05:54 -0400] "GET /how-to-choose-the-best-sport-betting-sites/feed/ HTTP/1.1" 200 415 "-" "Mozilla/5.0 (compatible; Barkrowler/0.9; +https://babbar.tech/crawler)"
198.54.114.83 - - [15/Apr/2025:06:06:02 -0400] "POST /wp-admin/admin-ajax.php?action=async_litespeed&nonce=lhN9QGxCZCBQJ8O33uMsEIKZC6atoU0w&litespeed_type=imgoptm HTTP/1.1" 200 0 "-" "WordPress/6.7.2; https://creative-webstyle.com"
217.113.194.232 - - [15/Apr/2025:06:06:14 -0400] "GET /how-to-choose-a-resume-writing-expert/feed/ HTTP/1.1" 200 406 "-" "Mozilla/5.0 (compatible; Barkrowler/0.9; +https://babbar.tech/crawler)"
217.113.194.233 - - [15/Apr/2025:06:06:31 -0400] "GET /how-to-skyrocket-your-instagram-followers/feed/ HTTP/1.1" 200 406 "-" "Mozilla/5.0 (compatible; Barkrowler/0.9; +https://babbar.tech/crawler)"
198.54.114.83 - - [15/Apr/2025:06:06:53 -0400] "POST /wp-cron.php?doing_wp_cron=1744711611.2843270301818847656250 HTTP/1.1" 200 0 "-" "WordPress/6.7.2; https://creative-webstyle.com"
217.113.194.233 - - [15/Apr/2025:06:06:50 -0400] "GET /how-to-make-your-gold-jewellery-cleaner/ HTTP/1.1" 200 17877 "-" "Mozilla/5.0 (compatible; Barkrowler/0.9; +https://babbar.tech/crawler)"
3.15.5.51 - - [15/Apr/2025:06:07:03 -0400] "GET /2024/01 HTTP/1.1" 301 0 "-" "Mozilla/5.0 AppleWebKit/537.36 (KHTML, like Gecko; compatible; ClaudeBot/1.0; +claudebot@anthropic.com)"
217.113.194.235 - - [15/Apr/2025:06:07:09 -0400] "GET /how-to-send-large-files-online-for-free/feed/ HTTP/1.1" 200 410 "-" "Mozilla/5.0 (compatible; Barkrowler/0.9; +https://babbar.tech/crawler)"
217.113.194.236 - - [15/Apr/2025:06:07:25 -0400] "GET /how-to-write-a-good-voice-over-script/ HTTP/1.1" 200 17915 "-" "Mozilla/5.0 (compatible; Barkrowler/0.9; +https://babbar.tech/crawler)"
154.54.249.218 - - [15/Apr/2025:06:07:44 -0400] "GET /how-to-write-a-good-voice-over-script/feed/ HTTP/1.1" 200 410 "-" "Mozilla/5.0 (compatible; Barkrowler/0.9; +https://babbar.tech/crawler)"
198.54.114.83 - - [15/Apr/2025:06:08:02 -0400] "POST /wp-cron.php?doing_wp_cron=1744711682.2315769195556640625000 HTTP/1.1" 200 0 "-" "WordPress/6.7.2; https://creative-webstyle.com"
217.113.194.234 - - [15/Apr/2025:06:08:01 -0400] "GET /how-to-make-paper-quilling-jewelry/feed/ HTTP/1.1" 200 404 "-" "Mozilla/5.0 (compatible; Barkrowler/0.9; +https://babbar.tech/crawler)"
198.54.114.83 - - [15/Apr/2025:06:08:09 -0400] "POST /wp-admin/admin-ajax.php?action=async_litespeed&nonce=Jgdk8UY8ug03IS7DBnxXKCzWYrSIuvW3&litespeed_type=imgoptm HTTP/1.1" 200 0 "-" "WordPress/6.7.2; https://creative-webstyle.com"
217.113.194.241 - - [15/Apr/2025:06:08:19 -0400] "GET /how-to-buy-live-stream-viewers-youtube/feed/ HTTP/1.1" 200 411 "-" "Mozilla/5.0 (compatible; Barkrowler/0.9; +https://babbar.tech/crawler)"
217.113.194.237 - - [15/Apr/2025:06:08:37 -0400] "GET /how-to-buy-live-stream-viewers-youtube/ HTTP/1.1" 200 18246 "-" "Mozilla/5.0 (compatible; Barkrowler/0.9; +https://babbar.tech/crawler)"
198.54.114.83 - - [15/Apr/2025:06:08:56 -0400] "POST /wp-cron.php?doing_wp_cron=1744711735.5449559688568115234375 HTTP/1.1" 200 0 "-" "WordPress/6.7.2; https://creative-webstyle.com"
217.113.194.240 - - [15/Apr/2025:06:08:54 -0400] "GET /how-to-install-norcold-cooling-units/ HTTP/1.1" 200 17723 "-" "Mozilla/5.0 (compatible; Barkrowler/0.9; +https://babbar.tech/crawler)"
217.113.194.233 - - [15/Apr/2025:06:09:14 -0400] "GET /how-to-order-a-birthday-cake-online/ HTTP/1.1" 200 18595 "-" "Mozilla/5.0 (compatible; Barkrowler/0.9; +https://babbar.tech/crawler)"
18.222.28.236 - - [15/Apr/2025:06:09:25 -0400] "GET /2024/08 HTTP/1.1" 301 0 "-" "Mozilla/5.0 AppleWebKit/537.36 (KHTML, like Gecko; compatible; ClaudeBot/1.0; +claudebot@anthropic.com)"
217.113.194.241 - - [15/Apr/2025:06:09:29 -0400] "GET /how-to-find-sales-michael-kors-handbags/feed/ HTTP/1.1" 200 409 "-" "Mozilla/5.0 (compatible; Barkrowler/0.9; +https://babbar.tech/crawler)"
217.113.194.240 - - [15/Apr/2025:06:09:47 -0400] "GET /how-to-evaluate-a-moving-company/feed/ HTTP/1.1" 200 396 "-" "Mozilla/5.0 (compatible; Barkrowler/0.9; +https://babbar.tech/crawler)"
198.54.114.83 - - [15/Apr/2025:06:10:06 -0400] "POST /wp-cron.php?doing_wp_cron=1744711806.2137410640716552734375 HTTP/1.1" 200 0 "-" "WordPress/6.7.2; https://creative-webstyle.com"
217.113.194.237 - - [15/Apr/2025:06:10:05 -0400] "GET /how-to-find-the-best-cbd-for-sleep-uk/ HTTP/1.1" 200 19209 "-" "Mozilla/5.0 (compatible; Barkrowler/0.9; +https://babbar.tech/crawler)"
198.54.114.83 - - [15/Apr/2025:06:10:14 -0400] "POST /wp-admin/admin-ajax.php?action=async_litespeed&nonce=972D7xQwLP0OgHEfMPuHCuVCqJkoI22G&litespeed_type=imgoptm HTTP/1.1" 200 0 "-" "WordPress/6.7.2; https://creative-webstyle.com"
217.113.194.233 - - [15/Apr/2025:06:10:25 -0400] "GET /how-to-find-the-best-digital-marketing-agency/feed/ HTTP/1.1" 200 418 "-" "Mozilla/5.0 (compatible; Barkrowler/0.9; +https://babbar.tech/crawler)"
217.113.194.234 - - [15/Apr/2025:06:10:42 -0400] "GET /how-to-find-the-best-rv-ac-units/feed/ HTTP/1.1" 200 404 "-" "Mozilla/5.0 (compatible; Barkrowler/0.9; +https://babbar.tech/crawler)"
3.22.61.111 - - [15/Apr/2025:06:10:49 -0400] "GET /?p=2083 HTTP/1.1" 200 78396 "-" "Mozilla/5.0 AppleWebKit/537.36 (KHTML, like Gecko; compatible; ClaudeBot/1.0; +claudebot@anthropic.com)"
198.54.114.83 - - [15/Apr/2025:06:10:59 -0400] "POST /wp-cron.php?doing_wp_cron=1744711859.4477019309997558593750 HTTP/1.1" 200 0 "-" "WordPress/6.7.2; https://creative-webstyle.com"
217.113.194.233 - - [15/Apr/2025:06:10:58 -0400] "GET /how-to-look-for-a-good-real-estate-agent/feed/ HTTP/1.1" 200 415 "-" "Mozilla/5.0 (compatible; Barkrowler/0.9; +https://babbar.tech/crawler)"
198.54.114.83 - - [15/Apr/2025:06:11:05 -0400] "POST /wp-admin/admin-ajax.php?action=async_litespeed&nonce=rIqzzXmI5BGQ3ZHb9voUn0zlo2YYkmud&litespeed_type=imgoptm HTTP/1.1" 200 5 "-" "WordPress/6.7.2; https://creative-webstyle.com"
154.54.249.218 - - [15/Apr/2025:06:11:16 -0400] "GET /how-to-use-thermal-paste-on-your-computer/ HTTP/1.1" 200 17852 "-" "Mozilla/5.0 (compatible; Barkrowler/0.9; +https://babbar.tech/crawler)"
154.54.249.218 - - [15/Apr/2025:06:11:34 -0400] "GET /how-to-get-more-youtube-subscribers-2/feed/ HTTP/1.1" 200 407 "-" "Mozilla/5.0 (compatible; Barkrowler/0.9; +https://babbar.tech/crawler)"
85.208.96.195 - - [15/Apr/2025:06:11:44 -0400] "GET /careprost-eyelash-serum-uk/ HTTP/1.1" 200 18346 "-" "Mozilla/5.0 (compatible; SemrushBot/7~bl; +http://www.semrush.com/bot.html)"
198.54.114.83 - - [15/Apr/2025:06:11:52 -0400] "POST /wp-cron.php?doing_wp_cron=1744711911.4509830474853515625000 HTTP/1.1" 200 0 "-" "WordPress/6.7.2; https://creative-webstyle.com"
217.113.194.240 - - [15/Apr/2025:06:11:50 -0400] "GET /the-ultimate-guide-to-london-airport-taxis/ HTTP/1.1" 200 18440 "-" "Mozilla/5.0 (compatible; Barkrowler/0.9; +https://babbar.tech/crawler)"
217.113.194.236 - - [15/Apr/2025:06:12:09 -0400] "GET /the-magic-of-wool-ski-socks/ HTTP/1.1" 200 18151 "-" "Mozilla/5.0 (compatible; Barkrowler/0.9; +https://babbar.tech/crawler)"
217.113.194.235 - - [15/Apr/2025:06:12:28 -0400] "GET /the-basics-of-football-betting-2/feed/ HTTP/1.1" 200 398 "-" "Mozilla/5.0 (compatible; Barkrowler/0.9; +https://babbar.tech/crawler)"
217.113.194.240 - - [15/Apr/2025:06:12:44 -0400] "GET /hair-transplant-north-cyprus/feed/ HTTP/1.1" 200 388 "-" "Mozilla/5.0 (compatible; Barkrowler/0.9; +https://babbar.tech/crawler)"
198.54.114.83 - - [15/Apr/2025:06:13:02 -0400] "POST /wp-cron.php?doing_wp_cron=1744711981.7535219192504882812500 HTTP/1.1" 200 0 "-" "WordPress/6.7.2; https://creative-webstyle.com"
217.113.194.238 - - [15/Apr/2025:06:13:01 -0400] "GET /importance-of-nsk-ball-screw/ HTTP/1.1" 200 17707 "-" "Mozilla/5.0 (compatible; Barkrowler/0.9; +https://babbar.tech/crawler)"
198.54.114.83 - - [15/Apr/2025:06:13:08 -0400] "POST /wp-admin/admin-ajax.php?action=async_litespeed&nonce=QeysivDFc6fEWTbESRFzvvPDxBkWNJq8&litespeed_type=imgoptm HTTP/1.1" 200 5 "-" "WordPress/6.7.2; https://creative-webstyle.com"
3.135.214.100 - - [15/Apr/2025:06:13:10 -0400] "GET /2023/09 HTTP/1.1" 301 0 "-" "Mozilla/5.0 AppleWebKit/537.36 (KHTML, like Gecko; compatible; ClaudeBot/1.0; +claudebot@anthropic.com)"
217.113.194.240 - - [15/Apr/2025:06:13:20 -0400] "GET /a-journey-through-history-and-remembrance/ HTTP/1.1" 200 18175 "-" "Mozilla/5.0 (compatible; Barkrowler/0.9; +https://babbar.tech/crawler)"
217.113.194.237 - - [15/Apr/2025:06:13:38 -0400] "GET /dubais-thriving-osteopathy-scene/ HTTP/1.1" 200 18182 "-" "Mozilla/5.0 (compatible; Barkrowler/0.9; +https://babbar.tech/crawler)"
198.54.114.83 - - [15/Apr/2025:06:13:57 -0400] "POST /wp-cron.php?doing_wp_cron=1744712037.0674259662628173828125 HTTP/1.1" 200 0 "-" "WordPress/6.7.2; https://creative-webstyle.com"
217.113.194.232 - - [15/Apr/2025:06:13:56 -0400] "GET /klimt-cairnhill-apartment/feed/ HTTP/1.1" 200 388 "-" "Mozilla/5.0 (compatible; Barkrowler/0.9; +https://babbar.tech/crawler)"
198.54.114.83 - - [15/Apr/2025:06:14:03 -0400] "POST /wp-admin/admin-ajax.php?action=async_litespeed&nonce=GSkIXKKTF6yZXQjjixOCBQ09eWLChZRV&litespeed_type=imgoptm HTTP/1.1" 200 0 "-" "WordPress/6.7.2; https://creative-webstyle.com"
217.113.194.234 - - [15/Apr/2025:06:14:14 -0400] "GET /entrumpelungsunternehmen-hamburg/feed/ HTTP/1.1" 200 392 "-" "Mozilla/5.0 (compatible; Barkrowler/0.9; +https://babbar.tech/crawler)"
217.113.194.237 - - [15/Apr/2025:06:14:31 -0400] "GET /entrumpelungsunternehmen-hamburg/ HTTP/1.1" 200 17516 "-" "Mozilla/5.0 (compatible; Barkrowler/0.9; +https://babbar.tech/crawler)"
198.54.114.83 - - [15/Apr/2025:06:14:51 -0400] "POST /wp-cron.php?doing_wp_cron=1744712090.4050579071044921875000 HTTP/1.1" 200 0 "-" "WordPress/6.7.2; https://creative-webstyle.com"
217.113.194.232 - - [15/Apr/2025:06:14:49 -0400] "GET /choosing-a-tiled-conservatory-roof/ HTTP/1.1" 200 18102 "-" "Mozilla/5.0 (compatible; Barkrowler/0.9; +https://babbar.tech/crawler)"
217.113.194.234 - - [15/Apr/2025:06:15:11 -0400] "GET /choosing-a-transport-company-near-me/feed/ HTTP/1.1" 200 395 "-" "Mozilla/5.0 (compatible; Barkrowler/0.9; +https://babbar.tech/crawler)"
154.54.249.218 - - [15/Apr/2025:06:15:28 -0400] "GET /choosing-conservatory-styles-for-your-home/ HTTP/1.1" 200 18268 "-" "Mozilla/5.0 (compatible; Barkrowler/0.9; +https://babbar.tech/crawler)"
3.17.132.171 - - [15/Apr/2025:06:15:38 -0400] "GET /xmlrpc.php HTTP/1.1" 405 46 "-" "Mozilla/5.0 AppleWebKit/537.36 (KHTML, like Gecko; compatible; ClaudeBot/1.0; +claudebot@anthropic.com)"
217.113.194.232 - - [15/Apr/2025:06:15:46 -0400] "GET /choosing-a-wealth-management-firm/ HTTP/1.1" 200 18307 "-" "Mozilla/5.0 (compatible; Barkrowler/0.9; +https://babbar.tech/crawler)"
198.54.114.83 - - [15/Apr/2025:06:16:05 -0400] "POST /wp-cron.php?doing_wp_cron=1744712164.7473940849304199218750 HTTP/1.1" 200 0 "-" "WordPress/6.7.2; https://creative-webstyle.com"
217.113.194.236 - - [15/Apr/2025:06:16:04 -0400] "GET /choosing-a-gaming-mousepad/feed/ HTTP/1.1" 200 388 "-" "Mozilla/5.0 (compatible; Barkrowler/0.9; +https://babbar.tech/crawler)"
198.54.114.83 - - [15/Apr/2025:06:16:11 -0400] "POST /wp-admin/admin-ajax.php?action=async_litespeed&nonce=uaGWFdxiBAlrKwmCc3xVyhJ9R1oFofvO&litespeed_type=imgoptm HTTP/1.1" 200 0 "-" "WordPress/6.7.2; https://creative-webstyle.com"
217.113.194.234 - - [15/Apr/2025:06:16:23 -0400] "GET /choosing-an-awesome-powerball-system/feed/ HTTP/1.1" 200 398 "-" "Mozilla/5.0 (compatible; Barkrowler/0.9; +https://babbar.tech/crawler)"
217.113.194.240 - - [15/Apr/2025:06:16:40 -0400] "GET /the-role-of-osteopathy-in-dubai/feed/ HTTP/1.1" 200 401 "-" "Mozilla/5.0 (compatible; Barkrowler/0.9; +https://babbar.tech/crawler)"
198.54.114.83 - - [15/Apr/2025:06:16:58 -0400] "POST /wp-cron.php?doing_wp_cron=1744712218.3042199611663818359375 HTTP/1.1" 200 0 "-" "WordPress/6.7.2; https://creative-webstyle.com"
217.113.194.234 - - [15/Apr/2025:06:16:57 -0400] "GET /16-newest-ai-aggregators-tools/ HTTP/1.1" 200 177361 "-" "Mozilla/5.0 (compatible; Barkrowler/0.9; +https://babbar.tech/crawler)"
198.54.114.83 - - [15/Apr/2025:06:17:04 -0400] "POST /wp-admin/admin-ajax.php?action=async_litespeed&nonce=vjONLk7cxjk7VRPLnRyS8vzYaCqSi30g&litespeed_type=imgoptm HTTP/1.1" 200 0 "-" "WordPress/6.7.2; https://creative-webstyle.com"
217.113.194.235 - - [15/Apr/2025:06:17:17 -0400] "GET /ein-leitfaden-fur-investoren/feed/ HTTP/1.1" 200 399 "-" "Mozilla/5.0 (compatible; Barkrowler/0.9; +https://babbar.tech/crawler)"
154.54.249.218 - - [15/Apr/2025:06:17:34 -0400] "GET /ein-leitfaden-fur-unternehmer/ HTTP/1.1" 200 18046 "-" "Mozilla/5.0 (compatible; Barkrowler/0.9; +https://babbar.tech/crawler)"
198.54.114.83 - - [15/Apr/2025:06:17:51 -0400] "POST /wp-cron.php?doing_wp_cron=1744712271.4553821086883544921875 HTTP/1.1" 200 0 "-" "WordPress/6.7.2; https://creative-webstyle.com"
217.113.194.240 - - [15/Apr/2025:06:17:51 -0400] "GET /ein-resort-erlebnis-der-extraklasse/ HTTP/1.1" 200 18139 "-" "Mozilla/5.0 (compatible; Barkrowler/0.9; +https://babbar.tech/crawler)"
198.54.114.83 - - [15/Apr/2025:06:18:00 -0400] "POST /wp-cron.php?doing_wp_cron=1744712280.0042080879211425781250 HTTP/1.1" 200 0 "-" "WordPress/6.7.2; https://creative-webstyle.com"
18.226.214.156 - - [15/Apr/2025:06:17:59 -0400] "GET /2025/01/16 HTTP/1.1" 301 0 "-" "Mozilla/5.0 AppleWebKit/537.36 (KHTML, like Gecko; compatible; ClaudeBot/1.0; +claudebot@anthropic.com)"
198.54.114.83 - - [15/Apr/2025:06:18:01 -0400] "POST /wp-admin/admin-ajax.php?action=async_litespeed&nonce=UN1uG7U1BXFgqhMyhe1ySOqkPHOrtHSt&litespeed_type=imgoptm HTTP/1.1" 200 0 "-" "WordPress/6.7.2; https://creative-webstyle.com"
217.113.194.233 - - [15/Apr/2025:06:18:10 -0400] "GET /ein-resort-erlebnis-der-extraklasse/feed/ HTTP/1.1" 200 399 "-" "Mozilla/5.0 (compatible; Barkrowler/0.9; +https://babbar.tech/crawler)"
217.113.194.238 - - [15/Apr/2025:06:18:26 -0400] "GET /ein-paradies-am-gardasee/feed/ HTTP/1.1" 200 387 "-" "Mozilla/5.0 (compatible; Barkrowler/0.9; +https://babbar.tech/crawler)"
217.113.194.254 - - [15/Apr/2025:06:18:43 -0400] "GET /tretinoin-cream-uk/feed/ HTTP/1.1" 200 379 "-" "Mozilla/5.0 (compatible; Barkrowler/0.9; +https://babbar.tech/crawler)"
198.54.114.83 - - [15/Apr/2025:06:19:01 -0400] "POST /wp-cron.php?doing_wp_cron=1744712340.7495861053466796875000 HTTP/1.1" 200 0 "-" "WordPress/6.7.2; https://creative-webstyle.com"
217.113.194.233 - - [15/Apr/2025:06:19:00 -0400] "GET /how-the-katana-sword-is-made/ HTTP/1.1" 200 17994 "-" "Mozilla/5.0 (compatible; Barkrowler/0.9; +https://babbar.tech/crawler)"
198.54.114.83 - - [15/Apr/2025:06:19:06 -0400] "POST /wp-admin/admin-ajax.php?action=async_litespeed&nonce=CnbxxO73ZtUX7zMPhGSESPPkOAv00LWs&litespeed_type=imgoptm HTTP/1.1" 200 5 "-" "WordPress/6.7.2; https://creative-webstyle.com"
217.113.194.234 - - [15/Apr/2025:06:19:18 -0400] "GET /employer-job-listing-platform-ireland/ HTTP/1.1" 200 17525 "-" "Mozilla/5.0 (compatible; Barkrowler/0.9; +https://babbar.tech/crawler)"
217.113.194.232 - - [15/Apr/2025:06:19:36 -0400] "GET /a-new-era-of-gambling-entertainment/ HTTP/1.1" 200 17885 "-" "Mozilla/5.0 (compatible; Barkrowler/0.9; +https://babbar.tech/crawler)"
198.54.114.83 - - [15/Apr/2025:06:19:55 -0400] "POST /wp-cron.php?doing_wp_cron=1744712394.5689489841461181640625 HTTP/1.1" 200 0 "-" "WordPress/6.7.2; https://creative-webstyle.com"
217.113.194.241 - - [15/Apr/2025:06:19:53 -0400] "GET /renovation-company-olympic-village/feed/ HTTP/1.1" 200 391 "-" "Mozilla/5.0 (compatible; Barkrowler/0.9; +https://babbar.tech/crawler)"
198.54.114.83 - - [15/Apr/2025:06:20:01 -0400] "POST /wp-admin/admin-ajax.php?action=async_litespeed&nonce=6Bahr6x6DlNkbXngReOCEqB9k01NOLBo&litespeed_type=imgoptm HTTP/1.1" 200 0 "-" "WordPress/6.7.2; https://creative-webstyle.com"
217.113.194.234 - - [15/Apr/2025:06:20:12 -0400] "GET /quickbooks-file-doctor-not-working/feed/ HTTP/1.1" 200 406 "-" "Mozilla/5.0 (compatible; Barkrowler/0.9; +https://babbar.tech/crawler)"
18.224.72.117 - - [15/Apr/2025:06:20:20 -0400] "GET /2025/01/15 HTTP/1.1" 301 0 "-" "Mozilla/5.0 AppleWebKit/537.36 (KHTML, like Gecko; compatible; ClaudeBot/1.0; +claudebot@anthropic.com)"
217.113.194.235 - - [15/Apr/2025:06:20:29 -0400] "GET /a-look-at-diamond-dog-tags/feed/ HTTP/1.1" 200 393 "-" "Mozilla/5.0 (compatible; Barkrowler/0.9; +https://babbar.tech/crawler)"
217.113.194.232 - - [15/Apr/2025:06:20:45 -0400] "GET /why-are-gas-heaters-so-popular/ HTTP/1.1" 200 18528 "-" "Mozilla/5.0 (compatible; Barkrowler/0.9; +https://babbar.tech/crawler)"
198.54.114.83 - - [15/Apr/2025:06:21:06 -0400] "POST /wp-cron.php?doing_wp_cron=1744712466.2148809432983398437500 HTTP/1.1" 200 0 "-" "WordPress/6.7.2; https://creative-webstyle.com"
217.113.194.233 - - [15/Apr/2025:06:21:05 -0400] "GET /why-are-gas-heaters-so-popular/feed/ HTTP/1.1" 200 400 "-" "Mozilla/5.0 (compatible; Barkrowler/0.9; +https://babbar.tech/crawler)"
198.54.114.83 - - [15/Apr/2025:06:21:13 -0400] "POST /wp-admin/admin-ajax.php?action=async_litespeed&nonce=NCl4wXKkE9WdABdbDBzqi6ZLukyU7Ch8&litespeed_type=imgoptm HTTP/1.1" 200 0 "-" "WordPress/6.7.2; https://creative-webstyle.com"
217.113.194.233 - - [15/Apr/2025:06:21:24 -0400] "GET /a-stylish-mk-bucket-bag/feed/ HTTP/1.1" 200 391 "-" "Mozilla/5.0 (compatible; Barkrowler/0.9; +https://babbar.tech/crawler)"
217.113.194.254 - - [15/Apr/2025:06:21:42 -0400] "GET /a-small-yet-mighty-marketing-tool/ HTTP/1.1" 200 18082 "-" "Mozilla/5.0 (compatible; Barkrowler/0.9; +https://babbar.tech/crawler)"
198.54.114.83 - - [15/Apr/2025:06:22:02 -0400] "POST /wp-cron.php?doing_wp_cron=1744712521.4503700733184814453125 HTTP/1.1" 200 0 "-" "WordPress/6.7.2; https://creative-webstyle.com"
217.113.194.240 - - [15/Apr/2025:06:22:00 -0400] "GET /types-of-conservatories-cardiff/feed/ HTTP/1.1" 200 394 "-" "Mozilla/5.0 (compatible; Barkrowler/0.9; +https://babbar.tech/crawler)"
198.54.114.83 - - [15/Apr/2025:06:22:11 -0400] "POST /wp-admin/admin-ajax.php?action=async_litespeed&nonce=6YvJ8X961Yl1Ab8A8zvIATgZk7hAfLR4&litespeed_type=imgoptm HTTP/1.1" 200 0 "-" "WordPress/6.7.2; https://creative-webstyle.com"
217.113.194.237 - - [15/Apr/2025:06:22:20 -0400] "GET /orthodontics-in-woodland-hills/feed/ HTTP/1.1" 200 387 "-" "Mozilla/5.0 (compatible; Barkrowler/0.9; +https://babbar.tech/crawler)"
217.113.194.254 - - [15/Apr/2025:06:22:40 -0400] "GET /the-ethics-and-efficacy-of-buying-views/ HTTP/1.1" 200 18374 "-" "Mozilla/5.0 (compatible; Barkrowler/0.9; +https://babbar.tech/crawler)"
3.133.110.34 - - [15/Apr/2025:06:22:44 -0400] "GET /author/jorge HTTP/1.1" 301 0 "-" "Mozilla/5.0 AppleWebKit/537.36 (KHTML, like Gecko; compatible; ClaudeBot/1.0; +claudebot@anthropic.com)"
198.54.114.83 - - [15/Apr/2025:06:22:59 -0400] "POST /wp-cron.php?doing_wp_cron=1744712578.8966369628906250000000 HTTP/1.1" 200 0 "-" "WordPress/6.7.2; https://creative-webstyle.com"
217.113.194.241 - - [15/Apr/2025:06:22:58 -0400] "GET /the-essence-of-philosophical-cinema/feed/ HTTP/1.1" 200 397 "-" "Mozilla/5.0 (compatible; Barkrowler/0.9; +https://babbar.tech/crawler)"
198.54.114.83 - - [15/Apr/2025:06:23:05 -0400] "POST /wp-admin/admin-ajax.php?action=async_litespeed&nonce=Ugn1tL2sI1Xr04sYX5AASwO2iMUoaxB4&litespeed_type=imgoptm HTTP/1.1" 200 0 "-" "WordPress/6.7.2; https://creative-webstyle.com"
217.113.194.234 - - [15/Apr/2025:06:23:17 -0400] "GET /the-future-of-diversified-channels/ HTTP/1.1" 200 18070 "-" "Mozilla/5.0 (compatible; Barkrowler/0.9; +https://babbar.tech/crawler)"
217.113.194.241 - - [15/Apr/2025:06:23:35 -0400] "GET /the-future-of-diversified-channels/feed/ HTTP/1.1" 200 397 "-" "Mozilla/5.0 (compatible; Barkrowler/0.9; +https://babbar.tech/crawler)"
101.32.59.43 - - [15/Apr/2025:06:23:55 -0400] "GET /buy-youtube-shares-how-to-get-your-video-noticed-on-youtube/ HTTP/1.1" 200 18130 "-" "Python/3.10 aiohttp/3.10.5"
154.54.249.218 - - [15/Apr/2025:06:23:54 -0400] "GET /the-evolution-of-cabinet-manufacturers/feed/ HTTP/1.1" 200 402 "-" "Mozilla/5.0 (compatible; Barkrowler/0.9; +https://babbar.tech/crawler)"
198.54.114.83 - - [15/Apr/2025:06:23:56 -0400] "POST /wp-cron.php?doing_wp_cron=1744712634.8567240238189697265625 HTTP/1.1" 200 0 "-" "WordPress/6.7.2; https://creative-webstyle.com"
154.54.249.218 - - [15/Apr/2025:06:24:12 -0400] "GET /the-evolution-of-online-lottery-games/feed/ HTTP/1.1" 200 401 "-" "Mozilla/5.0 (compatible; Barkrowler/0.9; +https://babbar.tech/crawler)"
2a02:598:128:8a00::b00:a - - [15/Apr/2025:06:24:27 -0400] "GET /custom-slouch-socks/feed/ HTTP/1.1" 200 380 "-" "Mozilla/5.0 (compatible; SeznamBot/4.0; +https://o-seznam.cz/napoveda/vyhledavani/en/seznambot-crawler/)"
217.113.194.240 - - [15/Apr/2025:06:24:28 -0400] "GET /the-evolution-of-soccer-grip-socks/ HTTP/1.1" 200 18265 "-" "Mozilla/5.0 (compatible; Barkrowler/0.9; +https://babbar.tech/crawler)"
217.113.194.254 - - [15/Apr/2025:06:24:47 -0400] "GET /the-evolution-of-soccer-grip-socks/feed/ HTTP/1.1" 200 402 "-" "Mozilla/5.0 (compatible; Barkrowler/0.9; +https://babbar.tech/crawler)"
198.54.114.83 - - [15/Apr/2025:06:25:05 -0400] "POST /wp-cron.php?doing_wp_cron=1744712704.6570301055908203125000 HTTP/1.1" 200 0 "-" "WordPress/6.7.2; https://creative-webstyle.com"
217.113.194.234 - - [15/Apr/2025:06:25:04 -0400] "GET /the-evolution-and-appeal-of-online-casinos/ HTTP/1.1" 200 18015 "-" "Mozilla/5.0 (compatible; Barkrowler/0.9; +https://babbar.tech/crawler)"
18.222.135.39 - - [15/Apr/2025:06:25:09 -0400] "GET /comments/feed HTTP/1.1" 301 0 "-" "Mozilla/5.0 AppleWebKit/537.36 (KHTML, like Gecko; compatible; ClaudeBot/1.0; +claudebot@anthropic.com)"
198.54.114.83 - - [15/Apr/2025:06:25:11 -0400] "POST /wp-admin/admin-ajax.php?action=async_litespeed&nonce=kWPsfBIrdvJWcNGIYXKqvQBBtxrJOZzC&litespeed_type=imgoptm HTTP/1.1" 200 0 "-" "WordPress/6.7.2; https://creative-webstyle.com"
18.222.135.39 - - [15/Apr/2025:06:25:11 -0400] "GET /comments/feed/ HTTP/1.1" 200 366 "https://creative-webstyle.com/comments/feed" "Mozilla/5.0 AppleWebKit/537.36 (KHTML, like Gecko; compatible; ClaudeBot/1.0; +claudebot@anthropic.com)"
217.113.194.241 - - [15/Apr/2025:06:25:23 -0400] "GET /the-evolution-and-impact-of-online-casinos/ HTTP/1.1" 200 18279 "-" "Mozilla/5.0 (compatible; Barkrowler/0.9; +https://babbar.tech/crawler)"
217.113.194.233 - - [15/Apr/2025:06:25:41 -0400] "GET /the-timeless-allure-of-designer-handbags/ HTTP/1.1" 200 18380 "-" "Mozilla/5.0 (compatible; Barkrowler/0.9; +https://babbar.tech/crawler)"
47.238.13.1 - - [15/Apr/2025:06:25:59 -0400] "GET /unveiling-the-enchantment-of-the-myst-condo HTTP/1.1" 301 0 "-" "Mozilla/5.0 (Macintosh; Intel Mac OS X 10_15_7) AppleWebKit/537.36 (KHTML, like Gecko) Chrome/109.0.0.0 Safari/537.36"
198.54.114.83 - - [15/Apr/2025:06:26:01 -0400] "POST /wp-cron.php?doing_wp_cron=1744712760.0436069965362548828125 HTTP/1.1" 200 0 "-" "WordPress/6.7.2; https://creative-webstyle.com"
154.54.249.218 - - [15/Apr/2025:06:26:00 -0400] "GET /the-key-to-efficiency-and-productivity/feed/ HTTP/1.1" 200 403 "-" "Mozilla/5.0 (compatible; Barkrowler/0.9; +https://babbar.tech/crawler)"
47.238.13.1 - - [15/Apr/2025:06:26:02 -0400] "GET /unveiling-the-enchantment-of-the-myst-condo/ HTTP/1.1" 200 18034 "https://creative-webstyle.com/unveiling-the-enchantment-of-the-myst-condo" "Mozilla/5.0 (Macintosh; Intel Mac OS X 10_15_7) AppleWebKit/537.36 (KHTML, like Gecko) Chrome/109.0.0.0 Safari/537.36"
217.113.194.240 - - [15/Apr/2025:06:26:19 -0400] "GET /the-nusa-penida-tour/feed/ HTTP/1.1" 200 384 "-" "Mozilla/5.0 (compatible; Barkrowler/0.9; +https://babbar.tech/crawler)"
154.54.249.218 - - [15/Apr/2025:06:26:37 -0400] "GET /the-thrilling-world-of-poker-casinos/ HTTP/1.1" 200 19051 "-" "Mozilla/5.0 (compatible; Barkrowler/0.9; +https://babbar.tech/crawler)"
154.54.249.218 - - [15/Apr/2025:06:26:55 -0400] "GET /the-thrill-of-online-lottery-games/feed/ HTTP/1.1" 200 399 "-" "Mozilla/5.0 (compatible; Barkrowler/0.9; +https://babbar.tech/crawler)"
198.54.114.83 - - [15/Apr/2025:06:27:13 -0400] "POST /wp-cron.php?doing_wp_cron=1744712832.7683680057525634765625 HTTP/1.1" 200 0 "-" "WordPress/6.7.2; https://creative-webstyle.com"
217.113.194.234 - - [15/Apr/2025:06:27:12 -0400] "GET /why-choose-a-solid-conservatory-roof/ HTTP/1.1" 200 18194 "-" "Mozilla/5.0 (compatible; Barkrowler/0.9; +https://babbar.tech/crawler)"
198.54.114.83 - - [15/Apr/2025:06:27:19 -0400] "POST /wp-admin/admin-ajax.php?action=async_litespeed&nonce=EsCvxPQ0b6eEbIhNUYLrZ8gofPpr72ko&litespeed_type=imgoptm HTTP/1.1" 200 0 "-" "WordPress/6.7.2; https://creative-webstyle.com"
217.113.194.240 - - [15/Apr/2025:06:27:30 -0400] "GET /what-is-a-baked-bar-vape-pen HTTP/1.1" 301 0 "-" "Mozilla/5.0 (compatible; Barkrowler/0.9; +https://babbar.tech/crawler)"
18.191.225.171 - - [15/Apr/2025:06:27:30 -0400] "GET /category/sign-up HTTP/1.1" 301 0 "-" "Mozilla/5.0 AppleWebKit/537.36 (KHTML, like Gecko; compatible; ClaudeBot/1.0; +claudebot@anthropic.com)"
18.191.225.171 - - [15/Apr/2025:06:27:31 -0400] "GET /category/sign-up/ HTTP/1.1" 200 14519 "https://creative-webstyle.com/category/sign-up" "Mozilla/5.0 AppleWebKit/537.36 (KHTML, like Gecko; compatible; ClaudeBot/1.0; +claudebot@anthropic.com)"
217.113.194.232 - - [15/Apr/2025:06:27:46 -0400] "GET /what-is-a-baked-bar-vape-pen/ HTTP/1.1" 200 18245 "-" "Mozilla/5.0 (compatible; Barkrowler/0.9; +https://babbar.tech/crawler)"
198.54.114.83 - - [15/Apr/2025:06:28:04 -0400] "POST /wp-cron.php?doing_wp_cron=1744712884.1027379035949707031250 HTTP/1.1" 200 0 "-" "WordPress/6.7.2; https://creative-webstyle.com"
217.113.194.234 - - [15/Apr/2025:06:28:03 -0400] "GET /strategies-for-skyrocketing-subscriber-count/ HTTP/1.1" 200 17967 "-" "Mozilla/5.0 (compatible; Barkrowler/0.9; +https://babbar.tech/crawler)"
198.54.114.83 - - [15/Apr/2025:06:28:10 -0400] "POST /wp-admin/admin-ajax.php?action=async_litespeed&nonce=vBDUb2sTFaIg7LvQuUYM89A4GakdNuL4&litespeed_type=imgoptm HTTP/1.1" 200 0 "-" "WordPress/6.7.2; https://creative-webstyle.com"
217.113.194.240 - - [15/Apr/2025:06:28:22 -0400] "GET /wo-man-lampen-online-kaufen-kann/ HTTP/1.1" 200 18233 "-" "Mozilla/5.0 (compatible; Barkrowler/0.9; +https://babbar.tech/crawler)"
217.113.194.254 - - [15/Apr/2025:06:28:40 -0400] "GET /buy-youtube-views-with-instant-delivery/feed/ HTTP/1.1" 200 408 "-" "Mozilla/5.0 (compatible; Barkrowler/0.9; +https://babbar.tech/crawler)"
198.54.114.83 - - [15/Apr/2025:06:29:01 -0400] "POST /wp-cron.php?doing_wp_cron=1744712939.2265760898590087890625 HTTP/1.1" 200 0 "-" "WordPress/6.7.2; https://creative-webstyle.com"
217.113.194.240 - - [15/Apr/2025:06:28:58 -0400] "GET /buy-youtube-views-cheap-and-working/feed/ HTTP/1.1" 200 410 "-" "Mozilla/5.0 (compatible; Barkrowler/0.9; +https://babbar.tech/crawler)"
217.113.194.236 - - [15/Apr/2025:06:29:17 -0400] "GET /buy-youtube-views-online-non-drop/ HTTP/1.1" 200 17256 "-" "Mozilla/5.0 (compatible; Barkrowler/0.9; +https://babbar.tech/crawler)"
217.113.194.235 - - [15/Apr/2025:06:29:35 -0400] "GET /buy-youtube-views-online-non-drop/feed/ HTTP/1.1" 200 404 "-" "Mozilla/5.0 (compatible; Barkrowler/0.9; +https://babbar.tech/crawler)"
217.113.194.240 - - [15/Apr/2025:06:29:53 -0400] "GET /a-modern-entertainment-phenomenon/feed/ HTTP/1.1" 200 386 "-" "Mozilla/5.0 (compatible; Barkrowler/0.9; +https://babbar.tech/crawler)"
3.145.84.90 - - [15/Apr/2025:06:29:56 -0400] "GET /category/activity HTTP/1.1" 301 0 "-" "Mozilla/5.0 AppleWebKit/537.36 (KHTML, like Gecko; compatible; ClaudeBot/1.0; +claudebot@anthropic.com)"
3.145.84.90 - - [15/Apr/2025:06:29:58 -0400] "GET /category/activity/ HTTP/1.1" 200 16023 "https://creative-webstyle.com/category/activity" "Mozilla/5.0 AppleWebKit/537.36 (KHTML, like Gecko; compatible; ClaudeBot/1.0; +claudebot@anthropic.com)"
198.54.114.83 - - [15/Apr/2025:06:30:13 -0400] "POST /wp-cron.php?doing_wp_cron=1744713012.1811950206756591796875 HTTP/1.1" 200 0 "-" "WordPress/6.7.2; https://creative-webstyle.com"
217.113.194.254 - - [15/Apr/2025:06:30:11 -0400] "GET /wellnesshotels-am-gardasee-luxus/ HTTP/1.1" 200 17944 "-" "Mozilla/5.0 (compatible; Barkrowler/0.9; +https://babbar.tech/crawler)"
217.113.194.254 - - [15/Apr/2025:06:30:30 -0400] "GET /retaining-youtube-subscribers/feed/ HTTP/1.1" 200 390 "-" "Mozilla/5.0 (compatible; Barkrowler/0.9; +https://babbar.tech/crawler)"
217.113.194.240 - - [15/Apr/2025:06:30:47 -0400] "GET /convertidores-de-unidades-esenciales/ HTTP/1.1" 200 17896 "-" "Mozilla/5.0 (compatible; Barkrowler/0.9; +https://babbar.tech/crawler)"
217.113.194.238 - - [15/Apr/2025:06:31:05 -0400] "GET /reusable-iced-coffee-cup/ HTTP/1.1" 200 17253 "-" "Mozilla/5.0 (compatible; Barkrowler/0.9; +https://babbar.tech/crawler)"
198.54.114.83 - - [15/Apr/2025:06:31:25 -0400] "POST /wp-cron.php?doing_wp_cron=1744713084.6746940612792968750000 HTTP/1.1" 200 0 "-" "WordPress/6.7.2; https://creative-webstyle.com"
154.54.249.218 - - [15/Apr/2025:06:31:24 -0400] "GET /screw-sizes-and-head-types/feed/ HTTP/1.1" 200 396 "-" "Mozilla/5.0 (compatible; Barkrowler/0.9; +https://babbar.tech/crawler)"
198.54.114.83 - - [15/Apr/2025:06:31:31 -0400] "POST /wp-admin/admin-ajax.php?action=async_litespeed&nonce=4lD4tWwPSUBmrITzWGAXfbY9FpONt3xv&litespeed_type=imgoptm HTTP/1.1" 200 0 "-" "WordPress/6.7.2; https://creative-webstyle.com"
217.113.194.237 - - [15/Apr/2025:06:31:42 -0400] "GET /hamburger-mull-entsorgen/feed/ HTTP/1.1" 200 388 "-" "Mozilla/5.0 (compatible; Barkrowler/0.9; +https://babbar.tech/crawler)"
198.54.114.83 - - [15/Apr/2025:06:31:59 -0400] "POST /wp-cron.php?doing_wp_cron=1744713119.2215609550476074218750 HTTP/1.1" 200 0 "-" "WordPress/6.7.2; https://creative-webstyle.com"
217.113.194.234 - - [15/Apr/2025:06:31:58 -0400] "GET /advantages-of-pex-tubing/feed/ HTTP/1.1" 200 388 "-" "Mozilla/5.0 (compatible; Barkrowler/0.9; +https://babbar.tech/crawler)"
198.54.114.83 - - [15/Apr/2025:06:32:06 -0400] "POST /wp-admin/admin-ajax.php?action=async_litespeed&nonce=dCnfW2dnfGTLqEh5kz5yDrPAjuhMA5IQ&litespeed_type=imgoptm HTTP/1.1" 200 5 "-" "WordPress/6.7.2; https://creative-webstyle.com"
154.54.249.218 - - [15/Apr/2025:06:32:16 -0400] "GET /advantages-of-online-gambling/feed/ HTTP/1.1" 200 390 "-" "Mozilla/5.0 (compatible; Barkrowler/0.9; +https://babbar.tech/crawler)"
18.220.74.135 - - [15/Apr/2025:06:32:20 -0400] "GET /category/about-us HTTP/1.1" 301 0 "-" "Mozilla/5.0 AppleWebKit/537.36 (KHTML, like Gecko; compatible; ClaudeBot/1.0; +claudebot@anthropic.com)"
18.220.74.135 - - [15/Apr/2025:06:32:21 -0400] "GET /category/about-us/ HTTP/1.1" 200 14514 "https://creative-webstyle.com/category/about-us" "Mozilla/5.0 AppleWebKit/537.36 (KHTML, like Gecko; compatible; ClaudeBot/1.0; +claudebot@anthropic.com)"
217.113.194.237 - - [15/Apr/2025:06:32:32 -0400] "GET /die-rolle-des-scheidungsanwalts/ HTTP/1.1" 200 17960 "-" "Mozilla/5.0 (compatible; Barkrowler/0.9; +https://babbar.tech/crawler)"
198.54.114.83 - - [15/Apr/2025:06:32:50 -0400] "POST /wp-cron.php?doing_wp_cron=1744713170.4736459255218505859375 HTTP/1.1" 200 0 "-" "WordPress/6.7.2; https://creative-webstyle.com"
217.113.194.235 - - [15/Apr/2025:06:32:49 -0400] "GET /die-rolle-des-scheidungsanwalts/feed/ HTTP/1.1" 200 389 "-" "Mozilla/5.0 (compatible; Barkrowler/0.9; +https://babbar.tech/crawler)"
198.54.114.83 - - [15/Apr/2025:06:33:08 -0400] "POST /wp-cron.php?doing_wp_cron=1744713188.6153008937835693359375 HTTP/1.1" 200 0 "-" "WordPress/6.7.2; https://creative-webstyle.com"
198.54.114.83 - - [15/Apr/2025:06:33:09 -0400] "POST /wp-admin/admin-ajax.php?action=async_litespeed&nonce=f4NgQbqPQxW7xxlk6NldqAkz1hwSuKVg&litespeed_type=imgoptm HTTP/1.1" 200 0 "-" "WordPress/6.7.2; https://creative-webstyle.com"
217.113.194.241 - - [15/Apr/2025:06:33:08 -0400] "GET /die-macht-der-mentalen-starke/ HTTP/1.1" 200 18010 "-" "Mozilla/5.0 (compatible; Barkrowler/0.9; +https://babbar.tech/crawler)"
217.113.194.233 - - [15/Apr/2025:06:33:27 -0400] "GET /management-company-for-rental-properties/ HTTP/1.1" 200 17634 "-" "Mozilla/5.0 (compatible; Barkrowler/0.9; +https://babbar.tech/crawler)"
217.113.194.235 - - [15/Apr/2025:06:33:46 -0400] "GET /navigating-the-realm-of-instagram-followers/ HTTP/1.1" 200 17972 "-" "Mozilla/5.0 (compatible; Barkrowler/0.9; +https://babbar.tech/crawler)"
198.54.114.83 - - [15/Apr/2025:06:34:07 -0400] "POST /wp-cron.php?doing_wp_cron=1744713245.7000410556793212890625 HTTP/1.1" 200 0 "-" "WordPress/6.7.2; https://creative-webstyle.com"
217.113.194.241 - - [15/Apr/2025:06:34:05 -0400] "GET /the-benefits-of-vitamin-d-milk/ HTTP/1.1" 200 20641 "-" "Mozilla/5.0 (compatible; Barkrowler/0.9; +https://babbar.tech/crawler)"
217.113.194.235 - - [15/Apr/2025:06:34:25 -0400] "GET /alternatives-to-free-file-upload/ HTTP/1.1" 200 18397 "-" "Mozilla/5.0 (compatible; Barkrowler/0.9; +https://babbar.tech/crawler)"
18.222.188.103 - - [15/Apr/2025:06:34:43 -0400] "GET /category/contact-us HTTP/1.1" 301 0 "-" "Mozilla/5.0 AppleWebKit/537.36 (KHTML, like Gecko; compatible; ClaudeBot/1.0; +claudebot@anthropic.com)"
18.222.188.103 - - [15/Apr/2025:06:34:44 -0400] "GET /category/contact-us/ HTTP/1.1" 200 14553 "https://creative-webstyle.com/category/contact-us" "Mozilla/5.0 AppleWebKit/537.36 (KHTML, like Gecko; compatible; ClaudeBot/1.0; +claudebot@anthropic.com)"
217.113.194.234 - - [15/Apr/2025:06:34:44 -0400] "GET /innovative-solutions-for-diverse-industries/ HTTP/1.1" 200 18163 "-" "Mozilla/5.0 (compatible; Barkrowler/0.9; +https://babbar.tech/crawler)"
217.113.194.235 - - [15/Apr/2025:06:35:02 -0400] "GET /cache-level-3-and-early-learning-centres/ HTTP/1.1" 200 17063 "-" "Mozilla/5.0 (compatible; Barkrowler/0.9; +https://babbar.tech/crawler)"
198.54.114.83 - - [15/Apr/2025:06:35:20 -0400] "POST /wp-cron.php?doing_wp_cron=1744713318.0947890281677246093750 HTTP/1.1" 200 0 "-" "WordPress/6.7.2; https://creative-webstyle.com"
2a02:598:128:8a00::b00:a - - [15/Apr/2025:06:35:17 -0400] "GET /the-impact-of-views-on-youtube/ HTTP/1.1" 200 18018 "-" "Mozilla/5.0 (compatible; SeznamBot/4.0; +https://o-seznam.cz/napoveda/vyhledavani/en/seznambot-crawler/)"
217.113.194.241 - - [15/Apr/2025:06:35:21 -0400] "GET /pokemon-lego-uk-rebuilds-kanto/ HTTP/1.1" 200 18949 "-" "Mozilla/5.0 (compatible; Barkrowler/0.9; +https://babbar.tech/crawler)"
217.113.194.238 - - [15/Apr/2025:06:35:39 -0400] "GET /what-we-know-about-used-slot-machines/ HTTP/1.1" 200 18154 "-" "Mozilla/5.0 (compatible; Barkrowler/0.9; +https://babbar.tech/crawler)"
217.113.194.233 - - [15/Apr/2025:06:35:57 -0400] "GET /the-art-of-cashing-out-small-payments/ HTTP/1.1" 200 18041 "-" "Mozilla/5.0 (compatible; Barkrowler/0.9; +https://babbar.tech/crawler)"
178.151.216.117 - - [15/Apr/2025:06:36:05 -0400] "GET /xmlrpc.php HTTP/1.1" 405 46 "-" "Mozilla/5.0 (iPhone; CPU iPhone OS 15_5 like Mac OS X) AppleWebKit/605.1.15 Version/15.5 Mobile Safari/604.1"
178.151.216.117 - - [15/Apr/2025:06:36:07 -0400] "POST /xmlrpc.php HTTP/1.1" 200 109 "-" "Mozilla/5.0 (Macintosh; Intel Mac OS X 13_1) AppleWebKit/605.1.15 (KHTML, like Gecko) Version/16.2 Safari/605.1.15"
178.151.216.117 - - [15/Apr/2025:06:36:08 -0400] "POST /xmlrpc.php HTTP/1.1" 200 595 "-" "Python-xmlrpc/3.12"
178.151.216.117 - - [15/Apr/2025:06:36:09 -0400] "POST /xmlrpc.php HTTP/1.1" 200 186 "-" "Python-xmlrpc/3.12"
217.113.194.254 - - [15/Apr/2025:06:36:15 -0400] "GET /junk-car-removal-cape-coral/ HTTP/1.1" 200 17340 "-" "Mozilla/5.0 (compatible; Barkrowler/0.9; +https://babbar.tech/crawler)"
198.54.114.83 - - [15/Apr/2025:06:36:34 -0400] "POST /wp-cron.php?doing_wp_cron=1744713393.6379389762878417968750 HTTP/1.1" 200 0 "-" "WordPress/6.7.2; https://creative-webstyle.com"
217.113.194.240 - - [15/Apr/2025:06:36:33 -0400] "GET /chauffeur-car-melbourne-airport/feed/ HTTP/1.1" 200 392 "-" "Mozilla/5.0 (compatible; Barkrowler/0.9; +https://babbar.tech/crawler)"
198.54.114.83 - - [15/Apr/2025:06:36:40 -0400] "POST /wp-admin/admin-ajax.php?action=async_litespeed&nonce=btRDU4Bfjht8am5xU6ducqQ5qz4m58DA&litespeed_type=imgoptm HTTP/1.1" 200 0 "-" "WordPress/6.7.2; https://creative-webstyle.com"
198.54.114.83 - - [15/Apr/2025:06:36:51 -0400] "POST /wp-cron.php?doing_wp_cron=1744713410.9374239444732666015625 HTTP/1.1" 200 0 "-" "WordPress/6.7.2; https://creative-webstyle.com"
217.113.194.234 - - [15/Apr/2025:06:36:50 -0400] "GET /benefits-of-a-consultation-with-an-accountant/ HTTP/1.1" 200 17951 "-" "Mozilla/5.0 (compatible; Barkrowler/0.9; +https://babbar.tech/crawler)"
198.54.114.83 - - [15/Apr/2025:06:37:09 -0400] "POST /wp-cron.php?doing_wp_cron=1744713429.6500389575958251953125 HTTP/1.1" 200 0 "-" "WordPress/6.7.2; https://creative-webstyle.com"
18.221.113.108 - - [15/Apr/2025:06:37:09 -0400] "GET /wp-json/wp/v2/posts/2083 HTTP/1.1" 200 12984 "-" "Mozilla/5.0 AppleWebKit/537.36 (KHTML, like Gecko; compatible; ClaudeBot/1.0; +claudebot@anthropic.com)"
217.113.194.234 - - [15/Apr/2025:06:37:08 -0400] "GET /san-rafael-real-estate-opportunities/feed/ HTTP/1.1" 200 395 "-" "Mozilla/5.0 (compatible; Barkrowler/0.9; +https://babbar.tech/crawler)"
217.113.194.232 - - [15/Apr/2025:06:37:27 -0400] "GET /top-heroes-in-watcher-of-realms/ HTTP/1.1" 200 18009 "-" "Mozilla/5.0 (compatible; Barkrowler/0.9; +https://babbar.tech/crawler)"
217.113.194.240 - - [15/Apr/2025:06:37:45 -0400] "GET /elegant-living-at-lentoria-condo/ HTTP/1.1" 200 18068 "-" "Mozilla/5.0 (compatible; Barkrowler/0.9; +https://babbar.tech/crawler)"
217.113.194.241 - - [15/Apr/2025:06:38:04 -0400] "GET /understanding-international-freight-forwarding/ HTTP/1.1" 200 17982 "-" "Mozilla/5.0 (compatible; Barkrowler/0.9; +https://babbar.tech/crawler)"
217.113.194.241 - - [15/Apr/2025:06:38:24 -0400] "GET /understanding-performance-surety-bonds/ HTTP/1.1" 200 17749 "-" "Mozilla/5.0 (compatible; Barkrowler/0.9; +https://babbar.tech/crawler)"
217.113.194.234 - - [15/Apr/2025:06:38:42 -0400] "GET /understanding-basic-life-support-bls/ HTTP/1.1" 200 18115 "-" "Mozilla/5.0 (compatible; Barkrowler/0.9; +https://babbar.tech/crawler)"
217.113.194.233 - - [15/Apr/2025:06:39:00 -0400] "GET /understanding-basic-life-support-bls/feed/ HTTP/1.1" 200 409 "-" "Mozilla/5.0 (compatible; Barkrowler/0.9; +https://babbar.tech/crawler)"
198.54.114.83 - - [15/Apr/2025:06:39:20 -0400] "POST /wp-cron.php?doing_wp_cron=1744713558.6482589244842529296875 HTTP/1.1" 200 0 "-" "WordPress/6.7.2; https://creative-webstyle.com"
217.113.194.233 - - [15/Apr/2025:06:39:18 -0400] "GET /understanding-the-role-of-money-lenders/ HTTP/1.1" 200 18096 "-" "Mozilla/5.0 (compatible; Barkrowler/0.9; +https://babbar.tech/crawler)"
