54.36.148.235 - - [14/Apr/2025:11:09:29 -0400] "GET /robots.txt HTTP/1.1" 200 110 "-" "Mozilla/5.0 (compatible; AhrefsBot/7.0; +http://ahrefs.com/robot/)"
198.54.114.83 - - [14/Apr/2025:11:11:57 -0400] "POST /wp-cron.php?doing_wp_cron=1744643516.2373239994049072265625 HTTP/1.1" 200 0 "-" "WordPress/6.7.2; https://creative-webstyle.com"
2a01:4f8:241:42e4::2 - - [14/Apr/2025:11:11:50 -0400] "GET /les-enjeux-du-recrutement-dans-la-restauration/ HTTP/1.1" 200 18495 "-" "Mozilla/5.0 (Windows NT 10.0; Win64; x64) AppleWebKit/537.36 (KHTML, like Gecko) Chrome/120.0.0.0 Safari/537.36"
2a03:2880:f800:6:: - - [14/Apr/2025:11:12:55 -0400] "GET /can-you-buy-views-on-tiktok/ HTTP/1.1" 200 17339 "-" "meta-externalagent/1.1 (+https://developers.facebook.com/docs/sharing/webmasters/crawler)"
198.54.114.83 - - [14/Apr/2025:11:13:15 -0400] "POST /wp-cron.php?doing_wp_cron=1744643595.1116809844970703125000 HTTP/1.1" 200 0 "-" "WordPress/6.7.2; https://creative-webstyle.com"
2a01:4f8:241:42e4::2 - - [14/Apr/2025:11:13:14 -0400] "GET /como-calcular-el-costo-de-peaje-en-mexico/ HTTP/1.1" 200 18086 "-" "Mozilla/5.0 (Windows NT 10.0; Win64; x64) AppleWebKit/537.36 (KHTML, like Gecko) Chrome/120.0.0.0 Safari/537.36"
198.54.114.83 - - [14/Apr/2025:11:13:16 -0400] "POST /wp-admin/admin-ajax.php?action=async_litespeed&nonce=oep5lEk5OPsYK0ZvIxHyWGcFZhzzmdPA&litespeed_type=imgoptm HTTP/1.1" 200 0 "-" "WordPress/6.7.2; https://creative-webstyle.com"
198.54.114.83 - - [14/Apr/2025:11:16:31 -0400] "POST /wp-cron.php?doing_wp_cron=1744643790.5796871185302734375000 HTTP/1.1" 200 0 "-" "WordPress/6.7.2; https://creative-webstyle.com"
2a02:598:128:8a00::b00:a - - [14/Apr/2025:11:16:25 -0400] "GET /umzugsunternehmen-in-hamburg-fur-stressfreie-umzuge/ HTTP/1.1" 200 18490 "-" "Mozilla/5.0 (compatible; SeznamBot/4.0; +https://o-seznam.cz/napoveda/vyhledavani/en/seznambot-crawler/)"
198.54.114.83 - - [14/Apr/2025:11:17:32 -0400] "POST /wp-cron.php?doing_wp_cron=1744643851.2182590961456298828125 HTTP/1.1" 200 0 "-" "WordPress/6.7.2; https://creative-webstyle.com"
2a02:598:128:8a00::b00:15 - - [14/Apr/2025:11:17:30 -0400] "GET /exploring-the-koon-seng-house-showflat/feed/ HTTP/1.1" 200 406 "-" "Mozilla/5.0 (compatible; SeznamBot/4.0; +https://o-seznam.cz/napoveda/vyhledavani/en/seznambot-crawler/)"
198.54.114.83 - - [14/Apr/2025:11:17:38 -0400] "POST /wp-admin/admin-ajax.php?action=async_litespeed&nonce=qvLfXivQU6bUEVZntvlhveY14KDZgP2a&litespeed_type=imgoptm HTTP/1.1" 200 0 "-" "WordPress/6.7.2; https://creative-webstyle.com"
198.54.114.83 - - [14/Apr/2025:11:28:05 -0400] "POST /wp-cron.php?doing_wp_cron=1744644483.9187140464782714843750 HTTP/1.1" 200 0 "-" "WordPress/6.7.2; https://creative-webstyle.com"
47.128.52.209 - - [14/Apr/2025:11:27:58 -0400] "GET /page/162/ HTTP/1.1" 200 15656 "-" "Mozilla/5.0 (compatible; Bytespider; spider-feedback@bytedance.com) AppleWebKit/537.36 (KHTML, like Gecko) Chrome/70.0.0.0 Safari/537.36"
2a03:2880:27ff:8:: - - [14/Apr/2025:11:30:44 -0400] "GET /robots.txt HTTP/1.1" 200 110 "-" "facebookexternalhit/1.1 (+http://www.facebook.com/externalhit_uatext.php)"
2a03:2880:27ff:9:: - - [14/Apr/2025:11:30:47 -0400] "GET /waxed-canvas-bags/ HTTP/1.1" 200 0 "-" "meta-externalagent/1.1 (+https://developers.facebook.com/docs/sharing/webmasters/crawler)"
198.54.114.83 - - [14/Apr/2025:11:30:53 -0400] "POST /wp-cron.php?doing_wp_cron=1744644652.4160079956054687500000 HTTP/1.1" 200 0 "-" "WordPress/6.7.2; https://creative-webstyle.com"
198.54.114.83 - - [14/Apr/2025:11:32:29 -0400] "POST /wp-cron.php?doing_wp_cron=1744644747.9720919132232666015625 HTTP/1.1" 200 0 "-" "WordPress/6.7.2; https://creative-webstyle.com"
2a03:2880:ff:2:: - - [14/Apr/2025:11:32:23 -0400] "GET /waxed-canvas-bags/ HTTP/1.1" 200 0 "-" "meta-externalagent/1.1 (+https://developers.facebook.com/docs/sharing/webmasters/crawler)"
2a02:598:128:8a00::b00:a - - [14/Apr/2025:11:33:09 -0400] "GET /canon-lbp6030b-printer-driver-download-windows-11/ HTTP/1.1" 404 12635 "-" "Mozilla/5.0 (compatible; SeznamBot/4.0; +https://o-seznam.cz/napoveda/vyhledavani/en/seznambot-crawler/)"
58.254.68.38 - - [14/Apr/2025:11:33:55 -0400] "GET /the-intriguing-world-of-satta-king-a-comprehensive-overview/ HTTP/1.1" 200 18566 "https://creative-webstyle.com" "Mozilla/5.0 (Windows NT 10.0; Win64; x64) AppleWebKit/537.36 (KHTML, like Gecko) Chrome/62.0.3202.94 Safari/537.36"
93.183.93.32 - - [14/Apr/2025:11:34:38 -0400] "GET /hvac-systems-and-mold/ HTTP/1.1" 200 19424 "https://creative-webstyle.com/hvac-systems-and-mold/" "Mozilla/5.0 (Windows NT 10.0; Win64; x64) AppleWebKit/537.36 (KHTML, like Gecko) Chrome/130.0.0.0 Safari/537.36"
198.54.114.83 - - [14/Apr/2025:11:34:50 -0400] "POST /wp-cron.php?doing_wp_cron=1744644888.4649410247802734375000 HTTP/1.1" 200 0 "-" "WordPress/6.7.2; https://creative-webstyle.com"
93.183.93.32 - - [14/Apr/2025:11:34:42 -0400] "POST /wp-comments-post.php HTTP/1.1" 302 0 "https://creative-webstyle.com/hvac-systems-and-mold/" "Mozilla/5.0 (Windows NT 10.0; Win64; x64) AppleWebKit/537.36 (KHTML, like Gecko) Chrome/130.0.0.0 Safari/537.36"
93.183.93.32 - - [14/Apr/2025:11:34:53 -0400] "GET /hvac-systems-and-mold/ HTTP/1.1" 200 20190 "https://creative-webstyle.com/hvac-systems-and-mold/#comment-35163" "Mozilla/5.0 (Windows NT 10.0; Win64; x64) AppleWebKit/537.36 (KHTML, like Gecko) Chrome/130.0.0.0 Safari/537.36"
194.156.123.14 - - [14/Apr/2025:11:35:20 -0400] "GET /digital-nomad-visa-spain/ HTTP/1.1" 200 18155 "-" "Mozilla/5.0 (Windows NT 10.0; Win64; x64) AppleWebKit/537.36 (KHTML, like Gecko) Chrome/114.0.0.0 Safari/537.36 OPR/89.0.4447.51"
46.8.156.158 - - [14/Apr/2025:11:35:29 -0400] "GET /category/sign-up/ HTTP/1.1" 200 14528 "https://creative-webstyle.com/digital-nomad-visa-spain/" "Mozilla/5.0 (Windows NT 6.3; Win64; x64) AppleWebKit/537.36 (KHTML, like Gecko) Chrome/103.0.0.0 Safari/537.36"
194.156.123.14 - - [14/Apr/2025:11:35:31 -0400] "GET /category/sign-up/ HTTP/1.1" 200 14528 "https://creative-webstyle.com/category/sign-up/" "Mozilla/5.0 (Windows NT 6.3; Win64; x64) AppleWebKit/537.36 (KHTML, like Gecko) Chrome/103.0.0.0 Safari/537.36"
46.8.156.158 - - [14/Apr/2025:11:35:33 -0400] "GET /digital-nomad-visa-spain/ HTTP/1.1" 200 18155 "https://creative-webstyle.com/digital-nomad-visa-spain/" "Mozilla/5.0 (Windows NT 6.3; Win64; x64) AppleWebKit/537.36 (KHTML, like Gecko) Chrome/103.0.0.0 Safari/537.36"
45.145.118.185 - - [14/Apr/2025:11:35:36 -0400] "POST /wp-comments-post.php HTTP/1.1" 302 0 "https://creative-webstyle.com/digital-nomad-visa-spain/" "Mozilla/5.0 (Windows NT 6.3; Win64; x64) AppleWebKit/537.36 (KHTML, like Gecko) Chrome/103.0.0.0 Safari/537.36"
188.130.137.229 - - [14/Apr/2025:11:35:39 -0400] "GET /digital-nomad-visa-spain/?unapproved=35164&moderation-hash=c2cac87507d13abfb66cfcd103b72065 HTTP/1.1" 200 18730 "https://creative-webstyle.com/wp-comments-post.php" "Mozilla/5.0 (Windows NT 6.3; Win64; x64) AppleWebKit/537.36 (KHTML, like Gecko) Chrome/103.0.0.0 Safari/537.36"
46.8.156.158 - - [14/Apr/2025:11:35:44 -0400] "GET /digital-nomad-visa-spain/ HTTP/1.1" 200 18155 "-" "Mozilla/5.0 (Windows NT 6.3; Win64; x64) AppleWebKit/537.36 (KHTML, like Gecko) Chrome/103.0.0.0 Safari/537.36"
2a03:2880:13ff:2:: - - [14/Apr/2025:11:36:44 -0400] "GET /waxed-canvas-bags/ HTTP/1.1" 200 17044 "-" "meta-externalagent/1.1 (+https://developers.facebook.com/docs/sharing/webmasters/crawler)"
198.54.114.83 - - [14/Apr/2025:11:36:47 -0400] "POST /wp-cron.php?doing_wp_cron=1744645005.2278239727020263671875 HTTP/1.1" 200 0 "-" "WordPress/6.7.2; https://creative-webstyle.com"
2a03:2880:13ff:43:: - - [14/Apr/2025:11:36:49 -0400] "GET /wp-content/themes/revista/assets/lib/magnific-popup/jquery.magnific-popup.min.js?ver=6.7.2 HTTP/1.1" 304 0 "-" "meta-externalagent/1.1 (+https://developers.facebook.com/docs/sharing/webmasters/crawler)"
2a03:2880:13ff:: - - [14/Apr/2025:11:36:49 -0400] "GET /wp-includes/js/jquery/jquery.min.js?ver=3.7.1 HTTP/1.1" 304 0 "-" "meta-externalagent/1.1 (+https://developers.facebook.com/docs/sharing/webmasters/crawler)"
2a03:2880:13ff:2:: - - [14/Apr/2025:11:36:49 -0400] "GET /wp-content/themes/revista/assets/lib/slick/js/slick.min.js?ver=6.7.2 HTTP/1.1" 304 0 "-" "meta-externalagent/1.1 (+https://developers.facebook.com/docs/sharing/webmasters/crawler)"
2a03:2880:13ff:43:: - - [14/Apr/2025:11:36:49 -0400] "GET /wp-includes/js/imagesloaded.min.js?ver=5.0.0 HTTP/1.1" 304 0 "-" "meta-externalagent/1.1 (+https://developers.facebook.com/docs/sharing/webmasters/crawler)"
2a03:2880:13ff:: - - [14/Apr/2025:11:36:49 -0400] "GET /wp-includes/js/jquery/jquery-migrate.min.js?ver=3.4.1 HTTP/1.1" 304 0 "-" "meta-externalagent/1.1 (+https://developers.facebook.com/docs/sharing/webmasters/crawler)"
2a03:2880:13ff:7:: - - [14/Apr/2025:11:36:50 -0400] "GET /wp-content/themes/revista/assets/lib/custom/js/custom.js?ver=6.7.2 HTTP/1.1" 304 0 "-" "meta-externalagent/1.1 (+https://developers.facebook.com/docs/sharing/webmasters/crawler)"
2a03:2880:13ff:6:: - - [14/Apr/2025:11:36:50 -0400] "GET /wp-content/themes/revista/assets/lib/custom/js/ajax.js?ver=6.7.2 HTTP/1.1" 304 0 "-" "meta-externalagent/1.1 (+https://developers.facebook.com/docs/sharing/webmasters/crawler)"
2a03:2880:13ff:1:: - - [14/Apr/2025:11:36:50 -0400] "GET /wp-content/themes/revista/assets/lib/custom/js/pagination.js?ver=6.7.2 HTTP/1.1" 304 0 "-" "meta-externalagent/1.1 (+https://developers.facebook.com/docs/sharing/webmasters/crawler)"
2a03:2880:13ff:1:: - - [14/Apr/2025:11:36:52 -0400] "GET /wp-includes/js/comment-reply.min.js?ver=6.7.2 HTTP/1.1" 304 0 "-" "meta-externalagent/1.1 (+https://developers.facebook.com/docs/sharing/webmasters/crawler)"
2a03:2880:13ff:6:: - - [14/Apr/2025:11:36:52 -0400] "GET /wp-includes/js/wp-emoji-release.min.js?ver=6.7.2 HTTP/1.1" 304 0 "-" "meta-externalagent/1.1 (+https://developers.facebook.com/docs/sharing/webmasters/crawler)"
2a03:2880:13ff:: - - [14/Apr/2025:11:36:52 -0400] "GET /wp-content/uploads/2023/06/synthesize-11.mp3 HTTP/1.1" 200 30432 "-" "meta-externalagent/1.1 (+https://developers.facebook.com/docs/sharing/webmasters/crawler)"
156.253.171.227 - - [14/Apr/2025:11:37:33 -0400] "GET /why-composite-doors-are-perfect-for-homes-across-south-wales/ HTTP/1.1" 200 18294 "-" "Mozilla/5.0 (Windows NT 10.0; Win64; x64) AppleWebKit/537.36 (KHTML, like Gecko) Chrome/114.0.0.0 Safari/537.36"
77.83.84.240 - - [14/Apr/2025:11:40:04 -0400] "GET /digital-nomad-visa-spain/ HTTP/1.1" 200 18155 "-" "Mozilla/5.0 (Windows NT 10.0; Win64; x64) AppleWebKit/537.36 (KHTML, like Gecko) Chrome/114.0.0.0 Safari/537.36"
46.8.22.200 - - [14/Apr/2025:11:40:22 -0400] "GET /hvac-systems-and-mold/ HTTP/1.1" 200 20263 "https://creative-webstyle.com/hvac-systems-and-mold/#comment-35165" "Mozilla/5.0 (Windows NT 10.0; Win64; x64) AppleWebKit/537.36 (KHTML, like Gecko) Chrome/131.0.0.0 Safari/537.36 Avast/131.0.0.0"
198.54.114.83 - - [14/Apr/2025:11:40:25 -0400] "POST /wp-admin/admin-ajax.php?action=async_litespeed&nonce=8O1AADaqM9zIQ1vh8gnveeqAIxmJraXp&litespeed_type=imgoptm HTTP/1.1" 200 0 "-" "WordPress/6.7.2; https://creative-webstyle.com"
151.106.166.60 - - [14/Apr/2025:11:41:03 -0400] "GET /images/volantini/flyer-templates_10.jpg HTTP/1.1" 404 12632 "-" "Mozilla/5.0 (X11; Ubuntu; Linux x86_64; rv:72.0) Gecko/20100101 Firefox/72.0"
198.54.114.83 - - [14/Apr/2025:11:41:06 -0400] "POST /wp-cron.php?doing_wp_cron=1744645263.9718248844146728515625 HTTP/1.1" 200 0 "-" "WordPress/6.7.2; https://creative-webstyle.com"
151.106.166.60 - - [14/Apr/2025:11:41:07 -0400] "GET /images/volantini/flyer-templates_10.jpg HTTP/1.1" 404 12632 "-" "Mozilla/5.0 (X11; Ubuntu; Linux x86_64; rv:72.0) Gecko/20100101 Firefox/72.0"
151.106.166.60 - - [14/Apr/2025:11:41:09 -0400] "GET /images/volantini/flyer-templates_10.jpg HTTP/1.1" 404 12632 "-" "Mozilla/5.0 (X11; Ubuntu; Linux x86_64; rv:72.0) Gecko/20100101 Firefox/72.0"
198.54.114.83 - - [14/Apr/2025:11:42:36 -0400] "POST /wp-cron.php?doing_wp_cron=1744645354.5441830158233642578125 HTTP/1.1" 200 0 "-" "WordPress/6.7.2; https://creative-webstyle.com"
45.86.202.166 - - [14/Apr/2025:11:42:28 -0400] "GET /best-cbd-oil-for-sleep-uk/ HTTP/1.1" 200 17303 "https://creative-webstyle.com/best-cbd-oil-for-sleep-uk/" "Mozilla/5.0 (Windows NT 10.0; Win64; x64) AppleWebKit/537.36 (KHTML, like Gecko) Chrome/131.0.0.0 Safari/537.36"
45.86.202.184 - - [14/Apr/2025:11:42:37 -0400] "GET /category/sign-up/ HTTP/1.1" 200 14528 "https://creative-webstyle.com/category/sign-up/" "Mozilla/5.0 (Windows NT 10.0; Win64; x64) AppleWebKit/537.36 (KHTML, like Gecko) Chrome/131.0.0.0 Safari/537.36"
45.76.101.155 - - [14/Apr/2025:11:42:54 -0400] "HEAD / HTTP/1.1" 200 0 "-" "python-requests/2.32.3"
45.76.101.155 - - [14/Apr/2025:11:42:58 -0400] "GET /wp-admin/ HTTP/1.1" 302 0 "www.google.com" "Mozilla/5.0 (compatible; Yahoo! Slurp; http://help.yahoo.com/help/us/ysearch/slurp)"
45.76.101.155 - - [14/Apr/2025:11:43:00 -0400] "GET /wp-login.php?redirect_to=https%3A%2F%2Fcreative-webstyle.com%2Fwp-admin%2F&reauth=1 HTTP/1.1" 200 1693 "www.google.com" "Mozilla/5.0 (compatible; Yahoo! Slurp; http://help.yahoo.com/help/us/ysearch/slurp)"
45.76.101.155 - - [14/Apr/2025:11:43:11 -0400] "HEAD / HTTP/1.1" 200 0 "-" "python-requests/2.32.3"
45.76.101.155 - - [14/Apr/2025:11:43:15 -0400] "GET /?author=1 HTTP/1.1" 200 78396 "www.google.com" "Mozilla/5.0 (Macintosh; Intel Mac OS X 10_15_7) AppleWebKit/605.1.15 (KHTML, like Gecko) Version/14.0 Safari/605.1.15"
195.200.31.148 - - [14/Apr/2025:11:43:19 -0400] "GET /hvac-systems-and-mold/ HTTP/1.1" 200 19424 "https://creative-webstyle.com/hvac-systems-and-mold/#comment-35032" "Mozilla/5.0 (Windows NT 6.3; WOW64) AppleWebKit/537.36 (KHTML, like Gecko) Chrome/103.0.0.0 Safari/537.36"
45.76.101.155 - - [14/Apr/2025:11:43:21 -0400] "GET /?author=2 HTTP/1.1" 200 78396 "www.google.com" "Mozilla/5.0 (Linux; Android 13; SM-G991B) AppleWebKit/537.36 (KHTML, like Gecko) Chrome/114.0.0.0 Mobile Safari/537.36"
195.200.31.148 - - [14/Apr/2025:11:43:21 -0400] "POST /wp-comments-post.php HTTP/1.1" 302 0 "https://creative-webstyle.com/hvac-systems-and-mold/#comment-35032" "Mozilla/5.0 (Windows NT 6.3; WOW64) AppleWebKit/537.36 (KHTML, like Gecko) Chrome/103.0.0.0 Safari/537.36"
195.200.31.148 - - [14/Apr/2025:11:43:24 -0400] "GET /hvac-systems-and-mold/ HTTP/1.1" 200 19977 "https://creative-webstyle.com/hvac-systems-and-mold/#comment-35166" "Mozilla/5.0 (Windows NT 6.3; WOW64) AppleWebKit/537.36 (KHTML, like Gecko) Chrome/103.0.0.0 Safari/537.36"
45.76.101.155 - - [14/Apr/2025:11:43:40 -0400] "GET /?author=3 HTTP/1.1" 200 78396 "www.google.com" "Mozilla/5.0 (Linux; Android 10; Pixel 4) AppleWebKit/537.36 (KHTML, like Gecko) Chrome/91.0.4472.124 Mobile Safari/537.36"
45.76.101.155 - - [14/Apr/2025:11:43:46 -0400] "GET /?author=4 HTTP/1.1" 200 78396 "www.google.com" "Mozilla/5.0 (Macintosh; Intel Mac OS X 10_14_6) AppleWebKit/537.36 (KHTML, like Gecko) Chrome/78.0.3904.108 Safari/537.36"
45.76.101.155 - - [14/Apr/2025:11:43:55 -0400] "GET /?author=5 HTTP/1.1" 200 78396 "www.google.com" "DuckDuckBot/1.1; (+http://duckduckgo.com/duckduckbot.html)"
45.76.101.155 - - [14/Apr/2025:11:44:03 -0400] "GET /?author=6 HTTP/1.1" 200 78396 "www.google.com" "Mozilla/5.0 (Windows NT 10.0; Win64; x64) AppleWebKit/537.36 (KHTML, like Gecko) Chrome/91.0.4472.124 Safari/537.36 OPR/77.0.4054.172"
45.76.101.155 - - [14/Apr/2025:11:44:09 -0400] "GET /?author=7 HTTP/1.1" 200 78396 "www.google.com" "DuckDuckBot/1.1; (+http://duckduckgo.com/duckduckbot.html)"
45.76.101.155 - - [14/Apr/2025:11:44:15 -0400] "GET /?author=8 HTTP/1.1" 200 78396 "www.google.com" "Googlebot/2.1 (+http://www.google.com/bot.html)"
45.76.101.155 - - [14/Apr/2025:11:44:20 -0400] "GET /?author=9 HTTP/1.1" 200 78396 "www.google.com" "Mozilla/5.0 (iPad; CPU OS 16_0 like Mac OS X) AppleWebKit/605.1.15 (KHTML, like Gecko) Version/16.0 Mobile/15E148 Safari/604.1"
45.76.101.155 - - [14/Apr/2025:11:44:31 -0400] "GET /?author=10 HTTP/1.1" 200 78396 "www.google.com" "Mozilla/5.0 (Windows NT 6.1; Win64; x64) AppleWebKit/537.36 (KHTML, like Gecko) Chrome/89.0.4389.82 Safari/537.36"
45.76.101.155 - - [14/Apr/2025:11:44:37 -0400] "GET /?author=11 HTTP/1.1" 200 78396 "www.google.com" "Mozilla/5.0 (Windows NT 6.3; Trident/7.0; rv:11.0) like Gecko"
45.76.101.155 - - [14/Apr/2025:11:44:42 -0400] "GET /?author=12 HTTP/1.1" 200 78396 "www.google.com" "Mozilla/5.0 (Windows NT 10.0; Win64; x64) AppleWebKit/537.36 (KHTML, like Gecko) Chrome/91.0.4472.124 Safari/537.36 OPR/77.0.4054.172"
45.76.101.155 - - [14/Apr/2025:11:44:48 -0400] "GET /?author=13 HTTP/1.1" 200 78396 "www.google.com" "Mozilla/5.0 (Linux; Android 13; Pixel 6 Pro) AppleWebKit/537.36 (KHTML, like Gecko) Chrome/114.0.0.0 Mobile Safari/537.36"
45.76.101.155 - - [14/Apr/2025:11:44:52 -0400] "GET /?author=14 HTTP/1.1" 200 78396 "www.google.com" "Mozilla/5.0 (Windows NT 10.0; Win64; x64; rv:114.0) Gecko/20100101 Firefox/114.0"
45.76.101.155 - - [14/Apr/2025:11:44:58 -0400] "GET /?author=15 HTTP/1.1" 200 78396 "www.google.com" "Mozilla/5.0 (iPhone; CPU iPhone OS 16_0 like Mac OS X) AppleWebKit/605.1.15 (KHTML, like Gecko) Version/16.0 Mobile/15E148 Safari/604.1"
45.76.101.155 - - [14/Apr/2025:11:45:06 -0400] "GET /?author=16 HTTP/1.1" 200 78396 "www.google.com" "Mozilla/5.0 (Windows NT 10.0; Win64; x64) AppleWebKit/537.36 (KHTML, like Gecko) Chrome/91.0.4472.124 Safari/537.36 Brave/91.0.4472.124"
45.76.101.155 - - [14/Apr/2025:11:45:18 -0400] "GET /?author=18 HTTP/1.1" 200 78396 "www.google.com" "Mozilla/5.0 (Linux; U; Android 8.1.0; en-us; Redmi 4X Build/O11019) AppleWebKit/537.36 (KHTML, like Gecko) Version/4.0 Chrome/66.0.3359.126 Mobile Safari/537.36"
45.76.101.155 - - [14/Apr/2025:11:45:22 -0400] "GET /?author=19 HTTP/1.1" 200 78396 "www.google.com" "Mozilla/5.0 (iPhone; CPU iPhone OS 10_3 like Mac OS X) AppleWebKit/602.1.50 (KHTML, like Gecko) Version/10.0 Mobile/14E5239e Safari/602.1"
198.54.114.83 - - [14/Apr/2025:11:49:08 -0400] "POST /wp-cron.php?doing_wp_cron=1744645747.1280848979949951171875 HTTP/1.1" 200 0 "-" "WordPress/6.7.2; https://creative-webstyle.com"
2a03:2880:f800:15:: - - [14/Apr/2025:11:49:01 -0400] "GET /is-michael-kors-a-luxury-brand/ HTTP/1.1" 200 17700 "-" "meta-externalagent/1.1 (+https://developers.facebook.com/docs/sharing/webmasters/crawler)"
52.167.144.221 - - [14/Apr/2025:11:49:26 -0400] "GET /herbal-medicines-are-best-way-to-overcome-from-over-masturbation-weakness/feed/ HTTP/1.1" 200 446 "-" "Mozilla/5.0 AppleWebKit/537.36 (KHTML, like Gecko; compatible; bingbot/2.0; +http://www.bing.com/bingbot.htm) Chrome/116.0.1938.76 Safari/537.36"
43.153.7.191 - - [14/Apr/2025:11:49:40 -0400] "GET /effektive-haushaltsauflosungen-in-luneburg-2/ HTTP/1.1" 200 18448 "-" "Mozilla/5.0 (iPhone; CPU iPhone OS 13_2_3 like Mac OS X) AppleWebKit/605.1.15 (KHTML, like Gecko) Version/13.0.3 Mobile/15E148 Safari/604.1"
37.46.117.90 - - [14/Apr/2025:11:51:29 -0400] "GET /wp-login.php HTTP/1.1" 200 1692 "https://creative-webstyle.com" "Mozilla/5.0 (Windows NT 10.0; Win64; x64; rv:94.0) Gecko/20100101 Firefox/94.0"
198.54.114.83 - - [14/Apr/2025:11:51:34 -0400] "POST /wp-cron.php?doing_wp_cron=1744645894.3346669673919677734375 HTTP/1.1" 200 0 "-" "WordPress/6.7.2; https://creative-webstyle.com"
37.46.117.90 - - [14/Apr/2025:11:51:30 -0400] "POST /wp-login.php?wpe-login=true&hide_my_wp=1&hmwp_do=login&login=1 HTTP/1.1" 200 1825 "https://creative-webstyle.com" "Mozilla/5.0 (Windows NT 10.0; Win64; x64; rv:94.0) Gecko/20100101 Firefox/94.0"
198.54.114.83 - - [14/Apr/2025:11:51:36 -0400] "POST /wp-admin/admin-ajax.php?action=async_litespeed&nonce=H7bLbp7SOomfmLT6PYai3zVkfdOTnYbz&litespeed_type=imgoptm HTTP/1.1" 200 0 "-" "WordPress/6.7.2; https://creative-webstyle.com"
198.54.114.83 - - [14/Apr/2025:11:52:21 -0400] "POST /wp-admin/admin-ajax.php?action=async_litespeed&nonce=3IhFUfBawHKvEsaY09LEftL5HDjyEH46&litespeed_type=imgoptm HTTP/1.1" 200 0 "-" "WordPress/6.7.2; https://creative-webstyle.com"
212.82.42.61 - - [14/Apr/2025:11:53:40 -0400] "GET /why-composite-doors-are-perfect-for-homes-across-south-wales/ HTTP/1.1" 200 18294 "-" "Mozilla/5.0 (Windows NT 10.0; WOW64) AppleWebKit/537.36 (KHTML, like Gecko) Chrome/114.0.0.0 Safari/537.36"
212.82.42.61 - - [14/Apr/2025:11:53:42 -0400] "GET /category/sign-up/ HTTP/1.1" 200 14528 "https://creative-webstyle.com/why-composite-doors-are-perfect-for-homes-across-south-wales/" "Mozilla/5.0 (Windows NT 6.3; Win64; x64) AppleWebKit/537.36 (KHTML, like Gecko) Chrome/103.0.0.0 Safari/537.36"
212.82.42.61 - - [14/Apr/2025:11:53:45 -0400] "GET /category/sign-up/ HTTP/1.1" 200 14528 "https://creative-webstyle.com/category/sign-up/" "Mozilla/5.0 (Windows NT 6.3; Win64; x64) AppleWebKit/537.36 (KHTML, like Gecko) Chrome/103.0.0.0 Safari/537.36"
151.106.169.76 - - [14/Apr/2025:11:55:02 -0400] "GET /gallery/img/biglietti/P3_biglietto-da-visita_th.jpg HTTP/1.1" 404 12644 "-" "Mozilla/5.0 (X11; Ubuntu; Linux x86_64; rv:72.0) Gecko/20100101 Firefox/72.0"
198.54.114.83 - - [14/Apr/2025:11:55:07 -0400] "POST /wp-cron.php?doing_wp_cron=1744646103.4944689273834228515625 HTTP/1.1" 200 0 "-" "WordPress/6.7.2; https://creative-webstyle.com"
151.106.169.76 - - [14/Apr/2025:11:55:08 -0400] "GET /gallery/img/biglietti/P3_biglietto-da-visita_th.jpg HTTP/1.1" 404 12644 "-" "Mozilla/5.0 (X11; Ubuntu; Linux x86_64; rv:72.0) Gecko/20100101 Firefox/72.0"
151.106.169.76 - - [14/Apr/2025:11:55:10 -0400] "GET /gallery/img/biglietti/P3_biglietto-da-visita_th.jpg HTTP/1.1" 404 12644 "-" "Mozilla/5.0 (X11; Ubuntu; Linux x86_64; rv:72.0) Gecko/20100101 Firefox/72.0"
198.54.114.83 - - [14/Apr/2025:11:57:23 -0400] "POST /wp-cron.php?doing_wp_cron=1744646242.6252861022949218750000 HTTP/1.1" 200 0 "-" "WordPress/6.7.2; https://creative-webstyle.com"
2a02:598:128:8a00::b00:a - - [14/Apr/2025:11:57:16 -0400] "GET /navigating-consensual-divorce-in-tehran/ HTTP/1.1" 200 0 "-" "Mozilla/5.0 (compatible; SeznamBot/4.0; +https://o-seznam.cz/napoveda/vyhledavani/en/seznambot-crawler/)"
178.20.47.39 - - [14/Apr/2025:11:59:22 -0400] "GET /hvac-systems-and-mold/ HTTP/1.1" 200 19424 "https://creative-webstyle.com/hvac-systems-and-mold/" "Mozilla/5.0 (Windows NT 10.0; Win64; x64) AppleWebKit/537.36 (KHTML, like Gecko) Chrome/131.0.0.0 Safari/537.36"
198.54.114.83 - - [14/Apr/2025:11:59:32 -0400] "POST /wp-cron.php?doing_wp_cron=1744646370.9252130985260009765625 HTTP/1.1" 200 0 "-" "WordPress/6.7.2; https://creative-webstyle.com"
178.20.47.39 - - [14/Apr/2025:11:59:25 -0400] "POST /wp-comments-post.php HTTP/1.1" 302 0 "https://creative-webstyle.com/hvac-systems-and-mold/" "Mozilla/5.0 (Windows NT 10.0; Win64; x64) AppleWebKit/537.36 (KHTML, like Gecko) Chrome/131.0.0.0 Safari/537.36"
178.20.47.39 - - [14/Apr/2025:11:59:36 -0400] "GET /hvac-systems-and-mold/ HTTP/1.1" 200 20855 "https://creative-webstyle.com/hvac-systems-and-mold/#comment-35167" "Mozilla/5.0 (Windows NT 10.0; Win64; x64) AppleWebKit/537.36 (KHTML, like Gecko) Chrome/131.0.0.0 Safari/537.36"
47.79.214.117 - - [14/Apr/2025:12:00:25 -0400] "GET / HTTP/1.1" 200 78396 "https://www.google.com/" "Mozilla/5.0 (Linux; Android 10; K) AppleWebKit/537.36 (KHTML, like Gecko) Chrome/132.0.0.0 Mobile Safari/537.36"
112.92.74.179 - - [14/Apr/2025:12:01:43 -0400] "GET /how-to-order-a-birthday-cake-online/ HTTP/1.1" 200 0 "-" "Mozilla/5.0 (Windows NT 6.1; WOW64) AppleWebKit/537.36 (KHTML, like Gecko) Chrome/34.0.1847.131 Safari/537.36"
198.54.114.83 - - [14/Apr/2025:12:01:52 -0400] "POST /wp-cron.php?doing_wp_cron=1744646508.6301229000091552734375 HTTP/1.1" 200 0 "-" "WordPress/6.7.2; https://creative-webstyle.com"
198.54.114.83 - - [14/Apr/2025:12:04:45 -0400] "POST /wp-cron.php?doing_wp_cron=1744646684.2406361103057861328125 HTTP/1.1" 200 0 "-" "WordPress/6.7.2; https://creative-webstyle.com"
170.106.65.93 - - [14/Apr/2025:12:04:38 -0400] "GET /category/activity/ HTTP/1.1" 200 16059 "-" "Mozilla/5.0 (iPhone; CPU iPhone OS 13_2_3 like Mac OS X) AppleWebKit/605.1.15 (KHTML, like Gecko) Version/13.0.3 Mobile/15E148 Safari/604.1"
85.208.98.24 - - [14/Apr/2025:12:06:09 -0400] "GET /buy-tiktok-followers-and-likes/ HTTP/1.1" 200 0 "-" "Mozilla/5.0 (compatible; SemrushBot-BA; +http://www.semrush.com/bot.html)"
198.54.114.83 - - [14/Apr/2025:12:06:15 -0400] "POST /wp-cron.php?doing_wp_cron=1744646773.3918449878692626953125 HTTP/1.1" 200 0 "-" "WordPress/6.7.2; https://creative-webstyle.com"
85.208.98.20 - - [14/Apr/2025:12:06:28 -0400] "GET /how-buying-instagram-likes-can-help-your-business/ HTTP/1.1" 200 17917 "-" "Mozilla/5.0 (compatible; SemrushBot-BA; +http://www.semrush.com/bot.html)"
85.208.98.19 - - [14/Apr/2025:12:06:53 -0400] "GET /understanding-youtube-seo-fundamentals/ HTTP/1.1" 200 18158 "-" "Mozilla/5.0 (compatible; SemrushBot-BA; +http://www.semrush.com/bot.html)"
58.254.68.38 - - [14/Apr/2025:12:07:05 -0400] "GET /the-intriguing-world-of-satta-king-a-comprehensive-overview/ HTTP/1.1" 200 18566 "https://creative-webstyle.com" "Mozilla/5.0 (Windows NT 10.0; Win64; x64) AppleWebKit/537.36 (KHTML, like Gecko) Chrome/62.0.3202.94 Safari/537.36"
198.54.114.83 - - [14/Apr/2025:12:07:16 -0400] "POST /wp-cron.php?doing_wp_cron=1744646835.3680360317230224609375 HTTP/1.1" 200 0 "-" "WordPress/6.7.2; https://creative-webstyle.com"
58.254.68.38 - - [14/Apr/2025:12:07:14 -0400] "POST /wp-comments-post.php HTTP/1.1" 302 0 "https://creative-webstyle.com" "Mozilla/5.0 (Windows NT 10.0; Win64; x64) AppleWebKit/537.36 (KHTML, like Gecko) Chrome/62.0.3202.94 Safari/537.36"
58.254.68.38 - - [14/Apr/2025:12:07:21 -0400] "GET /the-intriguing-world-of-satta-king-a-comprehensive-overview/ HTTP/1.1" 200 19370 "https://creative-webstyle.com" "Mozilla/4.0 (compatible; MSIE 6.0; Windows NT 5.1; en) Opera 8.50"
85.208.98.19 - - [14/Apr/2025:12:07:22 -0400] "GET /buy-likes-for-tiktok/ HTTP/1.1" 200 17912 "-" "Mozilla/5.0 (compatible; SemrushBot-BA; +http://www.semrush.com/bot.html)"
85.208.98.16 - - [14/Apr/2025:12:07:40 -0400] "GET /tiktok-buy-likes-and-views/ HTTP/1.1" 200 17257 "-" "Mozilla/5.0 (compatible; SemrushBot-BA; +http://www.semrush.com/bot.html)"
198.54.114.83 - - [14/Apr/2025:12:08:24 -0400] "POST /wp-cron.php?doing_wp_cron=1744646904.0257499217987060546875 HTTP/1.1" 200 0 "-" "WordPress/6.7.2; https://creative-webstyle.com"
198.54.114.83 - - [14/Apr/2025:12:08:26 -0400] "POST /wp-admin/admin-ajax.php?action=async_litespeed&nonce=03hOuoIYuFswFrvdwmjvqdV84WviuQ8p&litespeed_type=imgoptm HTTP/1.1" 200 0 "-" "WordPress/6.7.2; https://creative-webstyle.com"
85.208.98.24 - - [14/Apr/2025:12:08:23 -0400] "GET /url-shortener-google/ HTTP/1.1" 200 17246 "-" "Mozilla/5.0 (compatible; SemrushBot-BA; +http://www.semrush.com/bot.html)"
178.217.98.213 - - [14/Apr/2025:12:11:30 -0400] "GET /why-composite-doors-are-perfect-for-homes-across-south-wales/ HTTP/1.1" 200 18294 "-" "Mozilla/5.0 (Windows NT 10.0; Win64; x64) AppleWebKit/537.36 (KHTML, like Gecko) Chrome/114.0.0.0 Safari/537.36"
112.92.74.179 - - [14/Apr/2025:12:12:39 -0400] "GET /black-and-gold-bedside-lamps/ HTTP/1.1" 200 18232 "-" "Mozilla/5.0 (Windows NT 6.1; WOW64) AppleWebKit/537.36 (KHTML, like Gecko) Chrome/34.0.1847.131 Safari/537.36"
43.166.255.122 - - [14/Apr/2025:12:13:10 -0400] "GET /category/about-us/ HTTP/1.1" 200 14497 "-" "Mozilla/5.0 (iPhone; CPU iPhone OS 13_2_3 like Mac OS X) AppleWebKit/605.1.15 (KHTML, like Gecko) Version/13.0.3 Mobile/15E148 Safari/604.1"
198.54.114.83 - - [14/Apr/2025:12:16:47 -0400] "POST /wp-cron.php?doing_wp_cron=1744647406.8704800605773925781250 HTTP/1.1" 200 0 "-" "WordPress/6.7.2; https://creative-webstyle.com"
198.54.114.83 - - [14/Apr/2025:12:16:47 -0400] "POST /wp-cron.php?doing_wp_cron=1744647406.8725800514221191406250 HTTP/1.1" 200 0 "-" "WordPress/6.7.2; https://creative-webstyle.com"
47.128.111.138 - - [14/Apr/2025:12:16:41 -0400] "GET /custom-sports-socks/ HTTP/1.1" 200 17926 "-" "Mozilla/5.0 (Linux; Android 5.0) AppleWebKit/537.36 (KHTML, like Gecko) Mobile Safari/537.36 (compatible; TikTokSpider; ttspider-feedback@tiktok.com)"
2a03:2880:f800:6:: - - [14/Apr/2025:12:16:45 -0400] "GET /honda-financial-customer-service/ HTTP/1.1" 200 17125 "-" "meta-externalagent/1.1 (+https://developers.facebook.com/docs/sharing/webmasters/crawler)"
198.54.114.83 - - [14/Apr/2025:12:16:49 -0400] "POST /wp-admin/admin-ajax.php?action=async_litespeed&nonce=jD57kR6MzKIutZUSmEtfJFlRBneaAGc3&litespeed_type=imgoptm HTTP/1.1" 200 0 "-" "WordPress/6.7.2; https://creative-webstyle.com"
198.54.114.83 - - [14/Apr/2025:12:18:58 -0400] "POST /wp-cron.php?doing_wp_cron=1744647537.2238180637359619140625 HTTP/1.1" 200 0 "-" "WordPress/6.7.2; https://creative-webstyle.com"
2a01:4f8:241:42e4::2 - - [14/Apr/2025:12:18:55 -0400] "GET /buchhaltung-hattingen/ HTTP/1.1" 200 17182 "-" "Mozilla/5.0 (Windows NT 10.0; Win64; x64) AppleWebKit/537.36 (KHTML, like Gecko) Chrome/120.0.0.0 Safari/537.36"
198.54.114.83 - - [14/Apr/2025:12:19:00 -0400] "POST /wp-admin/admin-ajax.php?action=async_litespeed&nonce=2DOZ1kDjBX7vT7hYqIROyWyZTqGhP4oH&litespeed_type=imgoptm HTTP/1.1" 200 0 "-" "WordPress/6.7.2; https://creative-webstyle.com"
198.54.114.83 - - [14/Apr/2025:12:20:53 -0400] "POST /wp-cron.php?doing_wp_cron=1744647652.7688379287719726562500 HTTP/1.1" 200 0 "-" "WordPress/6.7.2; https://creative-webstyle.com"
2a01:4f8:241:42e4::2 - - [14/Apr/2025:12:20:48 -0400] "GET /convenient-and-affordable-car-rental-services-in-udon/ HTTP/1.1" 200 17899 "-" "Mozilla/5.0 (Windows NT 10.0; Win64; x64) AppleWebKit/537.36 (KHTML, like Gecko) Chrome/120.0.0.0 Safari/537.36"
193.151.189.96 - - [14/Apr/2025:12:20:55 -0400] "GET /une-entreprise-disolation-a-geneve-reduire-les-pertes-energetiques/ HTTP/1.1" 200 18435 "https://creative-webstyle.com/une-entreprise-disolation-a-geneve-reduire-les-pertes-energetiques/" "Mozilla/5.0 (Windows NT 10.0; Win64; x64) AppleWebKit/537.36 (KHTML, like Gecko) Chrome/130.0.0.0 Safari/537.36"
198.54.114.83 - - [14/Apr/2025:12:21:00 -0400] "POST /wp-admin/admin-ajax.php?action=async_litespeed&nonce=0JWVddSfMk1108GoOruIK45JUSiGNvGG&litespeed_type=imgoptm HTTP/1.1" 200 0 "-" "WordPress/6.7.2; https://creative-webstyle.com"
193.151.189.96 - - [14/Apr/2025:12:21:00 -0400] "POST /wp-comments-post.php HTTP/1.1" 302 0 "https://creative-webstyle.com/une-entreprise-disolation-a-geneve-reduire-les-pertes-energetiques/" "Mozilla/5.0 (Windows NT 10.0; Win64; x64) AppleWebKit/537.36 (KHTML, like Gecko) Chrome/130.0.0.0 Safari/537.36"
193.151.189.96 - - [14/Apr/2025:12:21:04 -0400] "GET /une-entreprise-disolation-a-geneve-reduire-les-pertes-energetiques/ HTTP/1.1" 200 19549 "https://creative-webstyle.com/une-entreprise-disolation-a-geneve-reduire-les-pertes-energetiques/#comment-35170" "Mozilla/5.0 (Windows NT 10.0; Win64; x64) AppleWebKit/537.36 (KHTML, like Gecko) Chrome/130.0.0.0 Safari/537.36"
85.208.98.24 - - [14/Apr/2025:12:21:29 -0400] "GET /buy-tiktok-followers-and-likes/ HTTP/1.1" 200 17212 "-" "Mozilla/5.0 (compatible; SemrushBot-BA; +http://www.semrush.com/bot.html)"
85.208.98.24 - - [14/Apr/2025:12:21:44 -0400] "GET /buy-tiktok-views-and-followers/ HTTP/1.1" 200 17720 "-" "Mozilla/5.0 (compatible; SemrushBot-BA; +http://www.semrush.com/bot.html)"
85.208.98.22 - - [14/Apr/2025:12:21:56 -0400] "GET /exploring-the-best-free-qr-code-generators/ HTTP/1.1" 200 17823 "-" "Mozilla/5.0 (compatible; SemrushBot-BA; +http://www.semrush.com/bot.html)"
198.54.114.83 - - [14/Apr/2025:12:22:00 -0400] "POST /wp-cron.php?doing_wp_cron=1744647717.4774889945983886718750 HTTP/1.1" 200 0 "-" "WordPress/6.7.2; https://creative-webstyle.com"
85.208.98.20 - - [14/Apr/2025:12:22:09 -0400] "GET /buy-tiktok-video-saves/ HTTP/1.1" 200 17317 "-" "Mozilla/5.0 (compatible; SemrushBot-BA; +http://www.semrush.com/bot.html)"
85.208.98.16 - - [14/Apr/2025:12:22:22 -0400] "GET /where-to-buy-1000-tiktok-followers-cheap/ HTTP/1.1" 200 18013 "-" "Mozilla/5.0 (compatible; SemrushBot-BA; +http://www.semrush.com/bot.html)"
85.208.98.31 - - [14/Apr/2025:12:22:34 -0400] "GET /buy-real-tiktok-shares/ HTTP/1.1" 200 0 "-" "Mozilla/5.0 (compatible; SemrushBot-BA; +http://www.semrush.com/bot.html)"
85.208.98.24 - - [14/Apr/2025:12:22:44 -0400] "GET /unlocking-the-power-of-qr-code-generators/ HTTP/1.1" 200 0 "-" "Mozilla/5.0 (compatible; SemrushBot-BA; +http://www.semrush.com/bot.html)"
85.208.98.31 - - [14/Apr/2025:12:22:56 -0400] "GET /navigating-the-chill-a-guide-to-freezing-your-instagram-account/ HTTP/1.1" 200 18044 "-" "Mozilla/5.0 (compatible; SemrushBot-BA; +http://www.semrush.com/bot.html)"
20.121.186.102 - - [14/Apr/2025:12:23:09 -0400] "HEAD /new-approach-prevents-skin-cancer-using-photodynamic-therapy-pdt/ HTTP/1.1" 200 0 "http://creative-webstyle.com/new" "Mozilla/5.0 (Windows NT 10.0; Win64; x64) AppleWebKit/537.36 (KHTML, like Gecko) Chrome/74.0.3729.169 Safari/537.36"
85.208.98.19 - - [14/Apr/2025:12:23:10 -0400] "GET /buy-tiktok-post-shares-from-useviral/ HTTP/1.1" 200 17883 "-" "Mozilla/5.0 (compatible; SemrushBot-BA; +http://www.semrush.com/bot.html)"
20.121.186.102 - - [14/Apr/2025:12:23:16 -0400] "HEAD /home-automation-companies/ HTTP/1.1" 200 0 "http://creative-webstyle.com/home" "Mozilla/5.0 (Windows NT 10.0; Win64; x64) AppleWebKit/537.36 (KHTML, like Gecko) Chrome/74.0.3729.169 Safari/537.36"
85.208.98.16 - - [14/Apr/2025:12:23:19 -0400] "GET /can-you-buy-views-on-tiktok/ HTTP/1.1" 200 17339 "-" "Mozilla/5.0 (compatible; SemrushBot-BA; +http://www.semrush.com/bot.html)"
85.208.98.31 - - [14/Apr/2025:12:23:26 -0400] "GET /integrating-your-link-shortener-with-spotify/ HTTP/1.1" 200 17952 "-" "Mozilla/5.0 (compatible; SemrushBot-BA; +http://www.semrush.com/bot.html)"
198.54.114.83 - - [14/Apr/2025:12:24:16 -0400] "POST /wp-cron.php?doing_wp_cron=1744647854.8976979255676269531250 HTTP/1.1" 200 0 "-" "WordPress/6.7.2; https://creative-webstyle.com"
43.130.71.237 - - [14/Apr/2025:12:24:14 -0400] "GET /category/contact-us/ HTTP/1.1" 200 14532 "-" "Mozilla/5.0 (iPhone; CPU iPhone OS 13_2_3 like Mac OS X) AppleWebKit/605.1.15 (KHTML, like Gecko) Version/13.0.3 Mobile/15E148 Safari/604.1"
240e:350:8003:e8c0:4ecc:6ad4:d5f7:5ca9 - - [14/Apr/2025:12:30:59 -0400] "POST /wp-comments-post.php HTTP/1.1" 302 0 "-" "Mozilla/5.0 (Windows NT 10.0; Win64; x64) AppleWebKit/537.36 (KHTML, like Gecko) Chrome/108.0.0.0 Safari/537.36 Edg/108.0.1462.46"
240e:350:8003:e8c0:4ecc:6ad4:d5f7:5ca9 - - [14/Apr/2025:12:31:05 -0400] "GET /how-to-get-proof-of-insurance/?unapproved=35171&moderation-hash=f30cf71c13a0d6301ef7e59da0ca94bf HTTP/1.1" 200 18579 "-" "Mozilla/5.0 (Windows NT 10.0; Win64; x64) AppleWebKit/537.36 (KHTML, like Gecko) Chrome/108.0.0.0 Safari/537.36 Edg/108.0.1462.46"
2a02:598:128:8a00::b00:15 - - [14/Apr/2025:12:31:24 -0400] "GET /concrete-tank-repairs-near-me/feed/ HTTP/1.1" 200 396 "-" "Mozilla/5.0 (compatible; SeznamBot/4.0; +https://o-seznam.cz/napoveda/vyhledavani/en/seznambot-crawler/)"
198.54.114.83 - - [14/Apr/2025:12:35:50 -0400] "POST /wp-cron.php?doing_wp_cron=1744648547.8824310302734375000000 HTTP/1.1" 200 0 "-" "WordPress/6.7.2; https://creative-webstyle.com"
49.51.39.209 - - [14/Apr/2025:12:35:41 -0400] "GET /2025/01/16/ HTTP/1.1" 301 0 "-" "Mozilla/5.0 (iPhone; CPU iPhone OS 13_2_3 like Mac OS X) AppleWebKit/605.1.15 (KHTML, like Gecko) Version/13.0.3 Mobile/15E148 Safari/604.1"
49.51.39.209 - - [14/Apr/2025:12:36:00 -0400] "GET / HTTP/1.1" 200 78396 "https://creative-webstyle.com/2025/01/16/" "Mozilla/5.0 (iPhone; CPU iPhone OS 13_2_3 like Mac OS X) AppleWebKit/605.1.15 (KHTML, like Gecko) Version/13.0.3 Mobile/15E148 Safari/604.1"
58.254.68.38 - - [14/Apr/2025:12:38:43 -0400] "GET /the-intriguing-world-of-satta-king-a-comprehensive-overview/ HTTP/1.1" 200 18566 "https://creative-webstyle.com" "Mozilla/5.0 (Windows NT 10.0; Win64; x64) AppleWebKit/537.36 (KHTML, like Gecko) Chrome/62.0.3202.94 Safari/537.36"
58.254.68.38 - - [14/Apr/2025:12:38:49 -0400] "POST /wp-comments-post.php HTTP/1.1" 200 0 "https://creative-webstyle.com" "Mozilla/5.0 (Windows NT 10.0; Win64; x64) AppleWebKit/537.36 (KHTML, like Gecko) Chrome/62.0.3202.94 Safari/537.36"
198.54.114.83 - - [14/Apr/2025:12:38:56 -0400] "POST /wp-cron.php?doing_wp_cron=1744648735.1270160675048828125000 HTTP/1.1" 200 0 "-" "WordPress/6.7.2; https://creative-webstyle.com"
45.61.160.87 - - [14/Apr/2025:12:39:46 -0400] "GET /wp-admin/network/index.php HTTP/1.1" 302 0 "-" "Mozlila/5.0 (Linux; Android 7.0; SM-G892A Bulid/NRD90M; wv) AppleWebKit/537.36 (KHTML, like Gecko) Version/4.0 Chrome/60.0.3112.107 Moblie Safari/537.36"
45.61.160.87 - - [14/Apr/2025:12:40:30 -0400] "GET /wp-login.php?redirect_to=https%3A%2F%2Fcreative-webstyle.com%2Fwp-admin%2Fnetwork%2Findex.php&reauth=1 HTTP/1.1" 200 1698 "-" "Mozlila/5.0 (Linux; Android 7.0; SM-G892A Bulid/NRD90M; wv) AppleWebKit/537.36 (KHTML, like Gecko) Version/4.0 Chrome/60.0.3112.107 Moblie Safari/537.36"
198.54.114.83 - - [14/Apr/2025:12:40:33 -0400] "POST /wp-cron.php?doing_wp_cron=1744648830.7638850212097167968750 HTTP/1.1" 200 0 "-" "WordPress/6.7.2; https://creative-webstyle.com"
58.254.68.38 - - [14/Apr/2025:12:41:54 -0400] "GET /the-intriguing-world-of-satta-king-a-comprehensive-overview/ HTTP/1.1" 200 18566 "https://creative-webstyle.com" "Mozilla/5.0 (Windows NT 10.0; Win64; x64) AppleWebKit/537.36 (KHTML, like Gecko) Chrome/62.0.3202.94 Safari/537.36"
198.54.114.83 - - [14/Apr/2025:12:42:05 -0400] "POST /wp-cron.php?doing_wp_cron=1744648923.8349061012268066406250 HTTP/1.1" 200 0 "-" "WordPress/6.7.2; https://creative-webstyle.com"
58.254.68.38 - - [14/Apr/2025:12:41:58 -0400] "POST /wp-comments-post.php HTTP/1.1" 200 0 "https://creative-webstyle.com" "Mozilla/5.0 (Windows NT 10.0; Win64; x64) AppleWebKit/537.36 (KHTML, like Gecko) Chrome/62.0.3202.94 Safari/537.36"
198.54.114.83 - - [14/Apr/2025:12:43:22 -0400] "POST /wp-admin/admin-ajax.php?action=async_litespeed&nonce=654LD83A7URIDUUhL7bkRZv0OTeBCVO6&litespeed_type=imgoptm HTTP/1.1" 200 0 "-" "WordPress/6.7.2; https://creative-webstyle.com"
198.54.114.83 - - [14/Apr/2025:12:44:30 -0400] "POST /wp-cron.php?doing_wp_cron=1744649070.1491429805755615234375 HTTP/1.1" 200 0 "-" "WordPress/6.7.2; https://creative-webstyle.com"
43.166.251.233 - - [14/Apr/2025:12:44:29 -0400] "GET /2023/06/ HTTP/1.1" 301 0 "-" "Mozilla/5.0 (iPhone; CPU iPhone OS 13_2_3 like Mac OS X) AppleWebKit/605.1.15 (KHTML, like Gecko) Version/13.0.3 Mobile/15E148 Safari/604.1"
198.54.114.83 - - [14/Apr/2025:12:44:35 -0400] "POST /wp-admin/admin-ajax.php?action=async_litespeed&nonce=Pf2ReXcI50YWtdFM8IqoOEZbeqK7wQFs&litespeed_type=imgoptm HTTP/1.1" 200 0 "-" "WordPress/6.7.2; https://creative-webstyle.com"
43.166.251.233 - - [14/Apr/2025:12:44:38 -0400] "GET / HTTP/1.1" 200 78396 "https://creative-webstyle.com/2023/06/" "Mozilla/5.0 (iPhone; CPU iPhone OS 13_2_3 like Mac OS X) AppleWebKit/605.1.15 (KHTML, like Gecko) Version/13.0.3 Mobile/15E148 Safari/604.1"
52.204.108.110 - - [14/Apr/2025:12:46:56 -0400] "GET /how-to-do-motorcycle-detailing/ HTTP/1.1" 200 18286 "-" "Grammarly/1.0 (http://www.grammarly.com)"
31.57.159.26 - - [14/Apr/2025:12:50:31 -0400] "GET / HTTP/1.1" 200 78396 "-" "Mozilla/5.0"
31.57.159.26 - - [14/Apr/2025:12:50:53 -0400] "GET /pms?module=logging&file_name=../../../../../../~/.aws/credentials&number_of_lines=10000 HTTP/1.1" 404 12676 "-" "Mozilla/5.0"
31.57.159.26 - - [14/Apr/2025:12:50:58 -0400] "GET /admin/config?cmd=cat+/root/.aws/credentials HTTP/1.1" 404 12648 "-" "Mozilla/5.0"
31.57.159.26 - - [14/Apr/2025:12:51:02 -0400] "GET /.env HTTP/1.1" 403 1242 "-" "Mozilla/5.0"
31.57.159.26 - - [14/Apr/2025:12:51:04 -0400] "GET /.env.local HTTP/1.1" 403 1242 "-" "Mozilla/5.0"
31.57.159.26 - - [14/Apr/2025:12:51:06 -0400] "GET /.env.production HTTP/1.1" 403 1242 "-" "Mozilla/5.0"
31.57.159.26 - - [14/Apr/2025:12:51:07 -0400] "GET /blog.env HTTP/1.1" 404 12611 "-" "Mozilla/5.0"
198.54.114.83 - - [14/Apr/2025:12:51:11 -0400] "POST /wp-cron.php?doing_wp_cron=1744649468.9417030811309814453125 HTTP/1.1" 200 0 "-" "WordPress/6.7.2; https://creative-webstyle.com"
31.57.159.26 - - [14/Apr/2025:12:51:12 -0400] "GET /wp-content/.env HTTP/1.1" 403 1242 "-" "Mozilla/5.0"
31.57.159.26 - - [14/Apr/2025:12:51:15 -0400] "GET /application/.env HTTP/1.1" 403 1242 "-" "Mozilla/5.0"
31.57.159.26 - - [14/Apr/2025:12:51:16 -0400] "GET /app/.env HTTP/1.1" 403 1242 "-" "Mozilla/5.0"
31.57.159.26 - - [14/Apr/2025:12:51:17 -0400] "GET /config/.env HTTP/1.1" 403 1242 "-" "Mozilla/5.0"
31.57.159.26 - - [14/Apr/2025:12:51:18 -0400] "GET /api/.env HTTP/1.1" 403 1242 "-" "Mozilla/5.0"
31.57.159.26 - - [14/Apr/2025:12:51:21 -0400] "GET /config.json HTTP/1.1" 404 12610 "-" "Mozilla/5.0"
31.57.159.26 - - [14/Apr/2025:12:51:25 -0400] "GET /laravel/.env HTTP/1.1" 403 1242 "-" "Mozilla/5.0"
31.57.159.26 - - [14/Apr/2025:12:51:27 -0400] "GET /library/.env HTTP/1.1" 403 1242 "-" "Mozilla/5.0"
31.57.159.26 - - [14/Apr/2025:12:51:28 -0400] "GET /nextjs-app/.env HTTP/1.1" 403 1242 "-" "Mozilla/5.0"
31.57.159.26 - - [14/Apr/2025:12:51:29 -0400] "GET /node-api/.env HTTP/1.1" 403 1242 "-" "Mozilla/5.0"
31.57.159.26 - - [14/Apr/2025:12:51:30 -0400] "GET /vendor/.env HTTP/1.1" 403 1242 "-" "Mozilla/5.0"
31.57.159.26 - - [14/Apr/2025:12:51:32 -0400] "GET /.aws/credentials HTTP/1.1" 404 12613 "-" "Mozilla/5.0"
31.57.159.26 - - [14/Apr/2025:12:51:38 -0400] "GET /backend/.env HTTP/1.1" 403 1242 "-" "Mozilla/5.0"
31.57.159.26 - - [14/Apr/2025:12:51:40 -0400] "GET /home/user/.aws/credentials HTTP/1.1" 404 12623 "-" "Mozilla/5.0"
31.57.159.26 - - [14/Apr/2025:12:51:47 -0400] "GET /myproject/.env HTTP/1.1" 403 1242 "-" "Mozilla/5.0"
31.57.159.26 - - [14/Apr/2025:12:51:50 -0400] "GET /.envs/.production/.django HTTP/1.1" 403 1242 "-" "Mozilla/5.0"
31.57.159.26 - - [14/Apr/2025:12:51:52 -0400] "GET /react-app/.env HTTP/1.1" 403 1242 "-" "Mozilla/5.0"
31.57.159.26 - - [14/Apr/2025:12:51:54 -0400] "GET /react-app/.env.production HTTP/1.1" 403 1242 "-" "Mozilla/5.0"
31.57.159.26 - - [14/Apr/2025:12:51:56 -0400] "GET /config/secrets.json HTTP/1.1" 404 12621 "-" "Mozilla/5.0"
31.57.159.26 - - [14/Apr/2025:12:51:59 -0400] "GET /config/settings.json HTTP/1.1" 404 12619 "-" "Mozilla/5.0"
52.167.144.184 - - [14/Apr/2025:12:52:01 -0400] "GET /what-to-look-for-in-a-divorce-lawyer-how-to-choose-wisely/feed/ HTTP/1.1" 200 445 "-" "Mozilla/5.0 AppleWebKit/537.36 (KHTML, like Gecko; compatible; bingbot/2.0; +http://www.bing.com/bingbot.htm) Chrome/116.0.1938.76 Safari/537.36"
31.57.159.26 - - [14/Apr/2025:12:52:03 -0400] "GET /config.yaml HTTP/1.1" 404 12610 "-" "Mozilla/5.0"
31.57.159.26 - - [14/Apr/2025:12:52:11 -0400] "GET /config.yml HTTP/1.1" 404 12611 "-" "Mozilla/5.0"
198.54.114.83 - - [14/Apr/2025:12:52:14 -0400] "POST /wp-cron.php?doing_wp_cron=1744649531.7003169059753417968750 HTTP/1.1" 200 0 "-" "WordPress/6.7.2; https://creative-webstyle.com"
31.57.159.26 - - [14/Apr/2025:12:52:16 -0400] "GET /config.py HTTP/1.1" 404 12611 "-" "Mozilla/5.0"
31.57.159.26 - - [14/Apr/2025:12:52:21 -0400] "GET /phpinfo HTTP/1.1" 404 12610 "-" "Mozilla/5.0"
31.57.159.26 - - [14/Apr/2025:12:52:26 -0400] "GET /_profiler/phpinfo HTTP/1.1" 404 12620 "-" "Mozilla/5.0"
31.57.159.26 - - [14/Apr/2025:12:52:31 -0400] "GET /phpinfo.php HTTP/1.1" 404 12610 "-" "Mozilla/5.0"
31.57.159.26 - - [14/Apr/2025:12:52:37 -0400] "GET /info.php HTTP/1.1" 404 12610 "-" "Mozilla/5.0"
198.54.114.83 - - [14/Apr/2025:12:54:20 -0400] "POST /wp-cron.php?doing_wp_cron=1744649659.3905649185180664062500 HTTP/1.1" 200 0 "-" "WordPress/6.7.2; https://creative-webstyle.com"
43.133.187.11 - - [14/Apr/2025:12:54:15 -0400] "GET /2021/01/ HTTP/1.1" 301 0 "-" "Mozilla/5.0 (iPhone; CPU iPhone OS 13_2_3 like Mac OS X) AppleWebKit/605.1.15 (KHTML, like Gecko) Version/13.0.3 Mobile/15E148 Safari/604.1"
43.133.187.11 - - [14/Apr/2025:12:54:25 -0400] "GET / HTTP/1.1" 200 78396 "https://creative-webstyle.com/2021/01/" "Mozilla/5.0 (iPhone; CPU iPhone OS 13_2_3 like Mac OS X) AppleWebKit/605.1.15 (KHTML, like Gecko) Version/13.0.3 Mobile/15E148 Safari/604.1"
23.95.157.166 - - [14/Apr/2025:12:55:26 -0400] "GET /why-composite-doors-are-perfect-for-homes-across-south-wales/ HTTP/1.1" 200 18294 "-" "Mozilla/5.0 (Windows NT 10.0) AppleWebKit/537.36 (KHTML, like Gecko) Chrome/114.0.0.0 Safari/537.36"
23.95.157.166 - - [14/Apr/2025:12:55:32 -0400] "POST /wp-comments-post.php HTTP/1.1" 302 0 "https://creative-webstyle.com/why-composite-doors-are-perfect-for-homes-across-south-wales/" "Mozilla/5.0 (Windows NT 10.0) AppleWebKit/537.36 (KHTML, like Gecko) Chrome/114.0.0.0 Safari/537.36"
198.54.114.83 - - [14/Apr/2025:12:55:35 -0400] "POST /wp-cron.php?doing_wp_cron=1744649733.6824569702148437500000 HTTP/1.1" 200 0 "-" "WordPress/6.7.2; https://creative-webstyle.com"
23.95.157.166 - - [14/Apr/2025:12:55:38 -0400] "GET /why-composite-doors-are-perfect-for-homes-across-south-wales/?unapproved=35174&moderation-hash=4459ec9c5022fcd33864c6c42959de40 HTTP/1.1" 200 18993 "https://creative-webstyle.com/wp-comments-post.php" "Mozilla/5.0 (Windows NT 10.0) AppleWebKit/537.36 (KHTML, like Gecko) Chrome/114.0.0.0 Safari/537.36"
23.95.157.166 - - [14/Apr/2025:12:55:43 -0400] "GET /why-composite-doors-are-perfect-for-homes-across-south-wales/ HTTP/1.1" 200 18294 "-" "Mozilla/5.0 (Windows NT 10.0) AppleWebKit/537.36 (KHTML, like Gecko) Chrome/114.0.0.0 Safari/537.36"
23.95.157.166 - - [14/Apr/2025:12:58:56 -0400] "GET /why-composite-doors-are-perfect-for-homes-across-south-wales/ HTTP/1.1" 200 18294 "-" "Mozilla/5.0 (Windows NT 10.0; Win64; x64; rv:114.0) Gecko/20100101 Firefox/114.0"
157.90.114.254 - - [14/Apr/2025:12:59:10 -0400] "POST /xmlrpc.php HTTP/1.1" 200 186 "-" "Symfony HttpClient (Curl)"
93.127.130.75 - - [14/Apr/2025:12:59:21 -0400] "GET /objectif-publicitaire-personnalis/ HTTP/1.1" 200 18471 "-" "Mozilla/5.0"
119.28.64.11 - - [14/Apr/2025:13:03:21 -0400] "GET /how-to-choose-an-affordable-clipping-path-service/ HTTP/1.1" 200 18252 "-" "Python/3.10 aiohttp/3.10.5"
198.54.114.83 - - [14/Apr/2025:13:03:28 -0400] "POST /wp-cron.php?doing_wp_cron=1744650206.2595739364624023437500 HTTP/1.1" 200 0 "-" "WordPress/6.7.2; https://creative-webstyle.com"
2a02:598:128:8a00::b00:a - - [14/Apr/2025:13:04:40 -0400] "GET /choosing-a-transport-company-near-me/ HTTP/1.1" 200 18011 "-" "Mozilla/5.0 (compatible; SeznamBot/4.0; +https://o-seznam.cz/napoveda/vyhledavani/en/seznambot-crawler/)"
198.54.114.83 - - [14/Apr/2025:13:04:45 -0400] "POST /wp-cron.php?doing_wp_cron=1744650282.8492820262908935546875 HTTP/1.1" 200 0 "-" "WordPress/6.7.2; https://creative-webstyle.com"
2a03:2880:f800:7:: - - [14/Apr/2025:13:06:16 -0400] "GET /navigating-the-pitfalls-the-risks-and-rewards-of-buying-youtube-views-online/ HTTP/1.1" 200 18308 "-" "meta-externalagent/1.1 (+https://developers.facebook.com/docs/sharing/webmasters/crawler)"
198.54.114.83 - - [14/Apr/2025:13:06:24 -0400] "POST /wp-cron.php?doing_wp_cron=1744650380.5420489311218261718750 HTTP/1.1" 200 0 "-" "WordPress/6.7.2; https://creative-webstyle.com"
2a02:598:128:8a00::b00:15 - - [14/Apr/2025:13:06:44 -0400] "GET /the-enchanting-tale-of-the-shell-bracelet/feed/ HTTP/1.1" 200 413 "-" "Mozilla/5.0 (compatible; SeznamBot/4.0; +https://o-seznam.cz/napoveda/vyhledavani/en/seznambot-crawler/)"
185.231.154.128 - - [14/Apr/2025:13:11:29 -0400] "GET /best-cbd-oil-for-sleep-uk/ HTTP/1.1" 200 17303 "https://creative-webstyle.com/best-cbd-oil-for-sleep-uk/#comment-10043" "Mozilla/5.0 (Windows NT 10.0; Win64; x64) AppleWebKit/537.36 (KHTML, like Gecko) Chrome/129.0.0.0 Safari/537.36"
185.231.154.128 - - [14/Apr/2025:13:11:33 -0400] "POST /wp-comments-post.php HTTP/1.1" 302 0 "https://creative-webstyle.com/best-cbd-oil-for-sleep-uk/#comment-10043" "Mozilla/5.0 (Windows NT 10.0; Win64; x64) AppleWebKit/537.36 (KHTML, like Gecko) Chrome/129.0.0.0 Safari/537.36"
198.54.114.83 - - [14/Apr/2025:13:11:41 -0400] "POST /wp-cron.php?doing_wp_cron=1744650698.2574939727783203125000 HTTP/1.1" 200 0 "-" "WordPress/6.7.2; https://creative-webstyle.com"
185.231.154.128 - - [14/Apr/2025:13:11:46 -0400] "GET /best-cbd-oil-for-sleep-uk/ HTTP/1.1" 200 19755 "https://creative-webstyle.com/best-cbd-oil-for-sleep-uk/#comment-35175" "Mozilla/5.0 (Windows NT 10.0; Win64; x64) AppleWebKit/537.36 (KHTML, like Gecko) Chrome/129.0.0.0 Safari/537.36"
43.132.230.109 - - [14/Apr/2025:13:11:50 -0400] "GET /the-task-of-watch-repair/ HTTP/1.1" 200 17979 "-" "Python/3.10 aiohttp/3.10.5"
85.208.98.16 - - [14/Apr/2025:13:16:48 -0400] "GET /the-little-prince-quotes/ HTTP/1.1" 200 0 "-" "Mozilla/5.0 (compatible; SemrushBot-BA; +http://www.semrush.com/bot.html)"
198.54.114.83 - - [14/Apr/2025:13:16:53 -0400] "POST /wp-cron.php?doing_wp_cron=1744651012.1208200454711914062500 HTTP/1.1" 200 0 "-" "WordPress/6.7.2; https://creative-webstyle.com"
85.208.98.31 - - [14/Apr/2025:13:17:17 -0400] "GET /good-night-quotes-to-keep-you-connected/ HTTP/1.1" 200 18042 "-" "Mozilla/5.0 (compatible; SemrushBot-BA; +http://www.semrush.com/bot.html)"
85.208.98.16 - - [14/Apr/2025:13:18:48 -0400] "GET /the-little-prince-quotes/ HTTP/1.1" 200 0 "-" "Mozilla/5.0 (compatible; SemrushBot-BA; +http://www.semrush.com/bot.html)"
198.54.114.83 - - [14/Apr/2025:13:18:53 -0400] "POST /wp-cron.php?doing_wp_cron=1744651130.7773549556732177734375 HTTP/1.1" 200 0 "-" "WordPress/6.7.2; https://creative-webstyle.com"
85.208.98.31 - - [14/Apr/2025:13:19:32 -0400] "GET /winnie-the-pooh-quotes/ HTTP/1.1" 404 12622 "-" "Mozilla/5.0 (compatible; SemrushBot-BA; +http://www.semrush.com/bot.html)"
85.208.98.20 - - [14/Apr/2025:13:20:09 -0400] "GET /mon-examen-premium-adapt-2024/ HTTP/1.1" 200 0 "-" "Mozilla/5.0 (compatible; SemrushBot-BA; +http://www.semrush.com/bot.html)"
198.54.114.83 - - [14/Apr/2025:13:20:13 -0400] "POST /wp-cron.php?doing_wp_cron=1744651209.4584889411926269531250 HTTP/1.1" 200 0 "-" "WordPress/6.7.2; https://creative-webstyle.com"
2a03:2880:f800:14:: - - [14/Apr/2025:13:20:37 -0400] "GET /rain-gutter-cleaning-and-maintenance/ HTTP/1.1" 200 18539 "-" "meta-externalagent/1.1 (+https://developers.facebook.com/docs/sharing/webmasters/crawler)"
