198.54.114.83 - - [15/Apr/2025:08:06:42 -0400] "POST /wp-cron.php?doing_wp_cron=1744718799.7036089897155761718750 HTTP/1.1" 200 0 "-" "WordPress/6.7.2; https://creative-webstyle.com"
217.113.194.240 - - [15/Apr/2025:08:07:00 -0400] "GET /how-to-use-crm-software-to-grow-your-business/ HTTP/1.1" 200 18557 "-" "Mozilla/5.0 (compatible; Barkrowler/0.9; +https://babbar.tech/crawler)"
217.113.194.241 - - [15/Apr/2025:08:07:20 -0400] "GET /luxe-living-at-union-square-residences/ HTTP/1.1" 200 18090 "-" "Mozilla/5.0 (compatible; Barkrowler/0.9; +https://babbar.tech/crawler)"
217.113.194.233 - - [15/Apr/2025:08:07:38 -0400] "GET /the-magic-of-wool-ski-socks/feed/ HTTP/1.1" 200 399 "-" "Mozilla/5.0 (compatible; Barkrowler/0.9; +https://babbar.tech/crawler)"
198.54.114.83 - - [15/Apr/2025:08:07:41 -0400] "POST /wp-cron.php?doing_wp_cron=1744718859.8425219058990478515625 HTTP/1.1" 200 0 "-" "WordPress/6.7.2; https://creative-webstyle.com"
217.113.194.235 - - [15/Apr/2025:08:07:59 -0400] "GET /why-buying-shares-could-be-lucrative/ HTTP/1.1" 200 18274 "-" "Mozilla/5.0 (compatible; Barkrowler/0.9; +https://babbar.tech/crawler)"
154.54.249.218 - - [15/Apr/2025:08:08:21 -0400] "GET /chatbot-saas-the-complete-guide-2023/ HTTP/1.1" 200 114988 "-" "Mozilla/5.0 (compatible; Barkrowler/0.9; +https://babbar.tech/crawler)"
198.54.114.83 - - [15/Apr/2025:08:08:43 -0400] "POST /wp-cron.php?doing_wp_cron=1744718922.4050529003143310546875 HTTP/1.1" 200 0 "-" "WordPress/6.7.2; https://creative-webstyle.com"
217.113.194.234 - - [15/Apr/2025:08:08:42 -0400] "GET /explosion-proof-sanitary-ball-valves/ HTTP/1.1" 200 17338 "-" "Mozilla/5.0 (compatible; Barkrowler/0.9; +https://babbar.tech/crawler)"
198.54.114.83 - - [15/Apr/2025:08:08:50 -0400] "POST /wp-admin/admin-ajax.php?action=async_litespeed&nonce=enLIFVH0HuZz1zPmxbN73sgUolTNDtvw&litespeed_type=imgoptm HTTP/1.1" 200 0 "-" "WordPress/6.7.2; https://creative-webstyle.com"
198.54.114.83 - - [15/Apr/2025:08:09:06 -0400] "POST /wp-cron.php?doing_wp_cron=1744718944.4856441020965576171875 HTTP/1.1" 200 0 "-" "WordPress/6.7.2; https://creative-webstyle.com"
217.113.194.235 - - [15/Apr/2025:08:09:03 -0400] "GET /importance-of-nsk-ball-screw/feed/ HTTP/1.1" 200 395 "-" "Mozilla/5.0 (compatible; Barkrowler/0.9; +https://babbar.tech/crawler)"
217.113.194.236 - - [15/Apr/2025:08:09:26 -0400] "GET /discovering-nusa-penida-a-hidden-gem/ HTTP/1.1" 200 17712 "-" "Mozilla/5.0 (compatible; Barkrowler/0.9; +https://babbar.tech/crawler)"
217.113.194.232 - - [15/Apr/2025:08:09:44 -0400] "GET /melbournes-best-curly-hairdresser/feed/ HTTP/1.1" 200 408 "-" "Mozilla/5.0 (compatible; Barkrowler/0.9; +https://babbar.tech/crawler)"
109.236.93.77 - - [15/Apr/2025:08:10:45 -0400] "GET /customized-socks-with-logo HTTP/1.1" 301 0 "-" "Mozilla/5.0 (Windows NT 10.0; Win64; x64) AppleWebKit/537.36 (KHTML, like Gecko) Chrome/118.0.0.0 Safari/537.36"
217.113.194.233 - - [15/Apr/2025:08:10:46 -0400] "GET /a-nusa-penida-day-tour/feed/ HTTP/1.1" 200 386 "-" "Mozilla/5.0 (compatible; Barkrowler/0.9; +https://babbar.tech/crawler)"
109.236.93.77 - - [15/Apr/2025:08:10:48 -0400] "GET /customized-socks-with-logo/ HTTP/1.1" 200 18261 "-" "Mozilla/5.0 (Windows NT 10.0; Win64; x64) AppleWebKit/537.36 (KHTML, like Gecko) Chrome/118.0.0.0 Safari/537.36"
198.54.114.83 - - [15/Apr/2025:08:11:06 -0400] "POST /wp-cron.php?doing_wp_cron=1744719065.0682799816131591796875 HTTP/1.1" 200 0 "-" "WordPress/6.7.2; https://creative-webstyle.com"
217.113.194.239 - - [15/Apr/2025:08:11:04 -0400] "GET /a-journey-to-knowledge-and-empowerment/ HTTP/1.1" 200 18020 "-" "Mozilla/5.0 (compatible; Barkrowler/0.9; +https://babbar.tech/crawler)"
217.113.194.232 - - [15/Apr/2025:08:11:23 -0400] "GET /a-breakthrough-in-hydration-technology/feed/ HTTP/1.1" 200 388 "-" "Mozilla/5.0 (compatible; Barkrowler/0.9; +https://babbar.tech/crawler)"
217.113.194.235 - - [15/Apr/2025:08:11:42 -0400] "GET /lepicentre-de-la-vie-sociale-et-culturelle/ HTTP/1.1" 200 18107 "-" "Mozilla/5.0 (compatible; Barkrowler/0.9; +https://babbar.tech/crawler)"
217.113.194.238 - - [15/Apr/2025:08:12:00 -0400] "GET /natural-remedies-to-prevent-and-treat-cancer/feed/ HTTP/1.1" 200 418 "-" "Mozilla/5.0 (compatible; Barkrowler/0.9; +https://babbar.tech/crawler)"
198.54.114.83 - - [15/Apr/2025:08:12:19 -0400] "POST /wp-cron.php?doing_wp_cron=1744719138.4348609447479248046875 HTTP/1.1" 200 0 "-" "WordPress/6.7.2; https://creative-webstyle.com"
217.113.194.233 - - [15/Apr/2025:08:12:17 -0400] "GET /natural-wonders-of-nusa-penida/feed/ HTTP/1.1" 200 397 "-" "Mozilla/5.0 (compatible; Barkrowler/0.9; +https://babbar.tech/crawler)"
217.113.194.233 - - [15/Apr/2025:08:12:36 -0400] "GET /dubais-thriving-osteopathy-scene/feed/ HTTP/1.1" 200 406 "-" "Mozilla/5.0 (compatible; Barkrowler/0.9; +https://babbar.tech/crawler)"
217.113.194.241 - - [15/Apr/2025:08:12:55 -0400] "GET /choosing-a-tiled-conservatory-roof/feed/ HTTP/1.1" 200 396 "-" "Mozilla/5.0 (compatible; Barkrowler/0.9; +https://babbar.tech/crawler)"
217.113.194.239 - - [15/Apr/2025:08:13:12 -0400] "GET /choosing-conservatory-styles-for-your-home/feed/ HTTP/1.1" 200 410 "-" "Mozilla/5.0 (compatible; Barkrowler/0.9; +https://babbar.tech/crawler)"
198.54.114.83 - - [15/Apr/2025:08:13:33 -0400] "POST /wp-cron.php?doing_wp_cron=1744719211.0122239589691162109375 HTTP/1.1" 200 0 "-" "WordPress/6.7.2; https://creative-webstyle.com"
217.113.194.241 - - [15/Apr/2025:08:13:30 -0400] "GET /choosing-a-wealth-management-firm/feed/ HTTP/1.1" 200 391 "-" "Mozilla/5.0 (compatible; Barkrowler/0.9; +https://babbar.tech/crawler)"
217.113.194.241 - - [15/Apr/2025:08:13:49 -0400] "GET /choosing-a-kitchen-remolding-contractor/feed/ HTTP/1.1" 200 399 "-" "Mozilla/5.0 (compatible; Barkrowler/0.9; +https://babbar.tech/crawler)"
47.238.13.13 - - [15/Apr/2025:08:13:55 -0400] "GET /employment-law-advice HTTP/1.1" 301 0 "-" "Mozilla/5.0 (Macintosh; Intel Mac OS X 10_15_7) AppleWebKit/537.36 (KHTML, like Gecko) Chrome/109.0.0.0 Safari/537.36"
47.238.13.13 - - [15/Apr/2025:08:13:57 -0400] "GET /employment-law-advice/ HTTP/1.1" 200 17256 "https://creative-webstyle.com/employment-law-advice" "Mozilla/5.0 (Macintosh; Intel Mac OS X 10_15_7) AppleWebKit/537.36 (KHTML, like Gecko) Chrome/109.0.0.0 Safari/537.36"
217.113.194.236 - - [15/Apr/2025:08:14:11 -0400] "GET /choosing-the-best-soccer-grip-socks/ HTTP/1.1" 200 18091 "-" "Mozilla/5.0 (compatible; Barkrowler/0.9; +https://babbar.tech/crawler)"
154.54.249.218 - - [15/Apr/2025:08:14:32 -0400] "GET /choosing-the-best-soccer-grip-socks/feed/ HTTP/1.1" 200 404 "-" "Mozilla/5.0 (compatible; Barkrowler/0.9; +https://babbar.tech/crawler)"
198.54.114.83 - - [15/Apr/2025:08:10:07 -0400] "POST /wp-cron.php?doing_wp_cron=1744719005.9601249694824218750000 HTTP/1.1" 200 0 "-" "WordPress/6.7.2; https://creative-webstyle.com"
217.113.194.235 - - [15/Apr/2025:08:10:04 -0400] "GET /discover-the-charm-of-lake-garda-resorts/ HTTP/1.1" 200 18050 "-" "Mozilla/5.0 (compatible; Barkrowler/0.9; +https://babbar.tech/crawler)"
198.54.114.83 - - [15/Apr/2025:08:10:15 -0400] "POST /wp-admin/admin-ajax.php?action=async_litespeed&nonce=9fqf5FRtDskLlUV0DLzYEb5pLvQFAlA8&litespeed_type=imgoptm HTTP/1.1" 200 0 "-" "WordPress/6.7.2; https://creative-webstyle.com"
217.113.194.235 - - [15/Apr/2025:08:10:27 -0400] "GET /a-gateway-to-entertainment-and-excitement/feed/ HTTP/1.1" 200 395 "-" "Mozilla/5.0 (compatible; Barkrowler/0.9; +https://babbar.tech/crawler)"
198.54.114.83 - - [15/Apr/2025:08:14:35 -0400] "POST /wp-cron.php?doing_wp_cron=1744719272.9130389690399169921875 HTTP/1.1" 200 0 "-" "WordPress/6.7.2; https://creative-webstyle.com"
217.113.194.237 - - [15/Apr/2025:08:14:51 -0400] "GET /choosing-modern-cabinetry-for-your-home/ HTTP/1.1" 200 17670 "-" "Mozilla/5.0 (compatible; Barkrowler/0.9; +https://babbar.tech/crawler)"
217.113.194.254 - - [15/Apr/2025:08:15:10 -0400] "GET /the-convenience-of-instant-hot-water-taps/ HTTP/1.1" 200 18029 "-" "Mozilla/5.0 (compatible; Barkrowler/0.9; +https://babbar.tech/crawler)"
217.113.194.254 - - [15/Apr/2025:08:15:29 -0400] "GET /the-role-of-games-hire-in-event-entertainment/ HTTP/1.1" 200 17972 "-" "Mozilla/5.0 (compatible; Barkrowler/0.9; +https://babbar.tech/crawler)"
198.54.114.83 - - [15/Apr/2025:08:15:48 -0400] "POST /wp-cron.php?doing_wp_cron=1744719347.7084269523620605468750 HTTP/1.1" 200 0 "-" "WordPress/6.7.2; https://creative-webstyle.com"
217.113.194.232 - - [15/Apr/2025:08:15:47 -0400] "GET /the-role-of-direct-contractors-in-singapore/ HTTP/1.1" 200 18076 "-" "Mozilla/5.0 (compatible; Barkrowler/0.9; +https://babbar.tech/crawler)"
217.113.194.236 - - [15/Apr/2025:08:16:07 -0400] "GET /16-newest-ai-aggregators-tools/feed/ HTTP/1.1" 200 378 "-" "Mozilla/5.0 (compatible; Barkrowler/0.9; +https://babbar.tech/crawler)"
217.113.194.234 - - [15/Apr/2025:08:16:25 -0400] "GET /car-interior-cleaning-a-comprehensive-guide/feed/ HTTP/1.1" 200 415 "-" "Mozilla/5.0 (compatible; Barkrowler/0.9; +https://babbar.tech/crawler)"
217.113.194.236 - - [15/Apr/2025:08:16:43 -0400] "GET /transforming-spaces-with-modern-kitchen-cabinets/feed/ HTTP/1.1" 200 413 "-" "Mozilla/5.0 (compatible; Barkrowler/0.9; +https://babbar.tech/crawler)"
198.54.114.83 - - [15/Apr/2025:08:17:03 -0400] "POST /wp-cron.php?doing_wp_cron=1744719421.3281369209289550781250 HTTP/1.1" 200 0 "-" "WordPress/6.7.2; https://creative-webstyle.com"
217.113.194.234 - - [15/Apr/2025:08:17:00 -0400] "GET /how-water-fasting-can-help-you-get-healthy/ HTTP/1.1" 200 21028 "-" "Mozilla/5.0 (compatible; Barkrowler/0.9; +https://babbar.tech/crawler)"
217.113.194.240 - - [15/Apr/2025:08:17:20 -0400] "GET /is-it-possible-to-have-too-much-calcium/ HTTP/1.1" 200 18464 "-" "Mozilla/5.0 (compatible; Barkrowler/0.9; +https://babbar.tech/crawler)"
217.113.194.254 - - [15/Apr/2025:08:17:39 -0400] "GET /is-it-possible-to-have-too-much-calcium/feed/ HTTP/1.1" 200 410 "-" "Mozilla/5.0 (compatible; Barkrowler/0.9; +https://babbar.tech/crawler)"
217.113.194.236 - - [15/Apr/2025:08:17:58 -0400] "GET /divvyup-review-custom-crew-socks/ HTTP/1.1" 200 18117 "-" "Mozilla/5.0 (compatible; Barkrowler/0.9; +https://babbar.tech/crawler)"
217.113.194.234 - - [15/Apr/2025:08:18:18 -0400] "GET /divvyup-review-custom-crew-socks/feed/ HTTP/1.1" 200 411 "-" "Mozilla/5.0 (compatible; Barkrowler/0.9; +https://babbar.tech/crawler)"
198.54.114.83 - - [15/Apr/2025:08:18:20 -0400] "POST /wp-cron.php?doing_wp_cron=1744719498.6637339591979980468750 HTTP/1.1" 200 0 "-" "WordPress/6.7.2; https://creative-webstyle.com"
217.113.194.237 - - [15/Apr/2025:08:18:37 -0400] "GET /a-tour-of-the-tembusu-grand-showflat/ HTTP/1.1" 200 17976 "-" "Mozilla/5.0 (compatible; Barkrowler/0.9; +https://babbar.tech/crawler)"
217.113.194.234 - - [15/Apr/2025:08:18:57 -0400] "GET /australian-kids-show-comment-poursuivre/feed/ HTTP/1.1" 200 413 "-" "Mozilla/5.0 (compatible; Barkrowler/0.9; +https://babbar.tech/crawler)"
217.113.194.237 - - [15/Apr/2025:08:19:15 -0400] "GET /types-of-conservatory-roof-replacement/feed/ HTTP/1.1" 200 400 "-" "Mozilla/5.0 (compatible; Barkrowler/0.9; +https://babbar.tech/crawler)"
198.54.114.83 - - [15/Apr/2025:08:19:33 -0400] "POST /wp-cron.php?doing_wp_cron=1744719571.6825139522552490234375 HTTP/1.1" 200 0 "-" "WordPress/6.7.2; https://creative-webstyle.com"
217.113.194.234 - - [15/Apr/2025:08:19:31 -0400] "GET /birthday-cakes-adding-fun-to-food/ HTTP/1.1" 200 17876 "-" "Mozilla/5.0 (compatible; Barkrowler/0.9; +https://babbar.tech/crawler)"
217.113.194.236 - - [15/Apr/2025:08:19:53 -0400] "GET /the-ethics-and-efficacy-of-buying-views/feed/ HTTP/1.1" 200 409 "-" "Mozilla/5.0 (compatible; Barkrowler/0.9; +https://babbar.tech/crawler)"
217.113.194.235 - - [15/Apr/2025:08:20:12 -0400] "GET /the-psychology-behind-the-digital-approval/ HTTP/1.1" 200 18145 "-" "Mozilla/5.0 (compatible; Barkrowler/0.9; +https://babbar.tech/crawler)"
198.54.114.83 - - [15/Apr/2025:08:20:34 -0400] "POST /wp-cron.php?doing_wp_cron=1744719632.4124948978424072265625 HTTP/1.1" 200 0 "-" "WordPress/6.7.2; https://creative-webstyle.com"
217.113.194.240 - - [15/Apr/2025:08:20:31 -0400] "GET /the-enchanting-tale-of-the-shell-bracelet/ HTTP/1.1" 200 18020 "-" "Mozilla/5.0 (compatible; Barkrowler/0.9; +https://babbar.tech/crawler)"
217.113.194.236 - - [15/Apr/2025:08:20:51 -0400] "GET /the-enchanting-tale-of-the-shell-bracelet/feed/ HTTP/1.1" 200 413 "-" "Mozilla/5.0 (compatible; Barkrowler/0.9; +https://babbar.tech/crawler)"
217.113.194.238 - - [15/Apr/2025:08:21:09 -0400] "GET /the-rise-of-stake-ator-in-modern-investment/ HTTP/1.1" 200 17890 "-" "Mozilla/5.0 (compatible; Barkrowler/0.9; +https://babbar.tech/crawler)"
154.54.249.218 - - [15/Apr/2025:08:21:28 -0400] "GET /the-forthcoming-ps4s-added-features/feed/ HTTP/1.1" 200 410 "-" "Mozilla/5.0 (compatible; Barkrowler/0.9; +https://babbar.tech/crawler)"
217.113.194.234 - - [15/Apr/2025:08:21:46 -0400] "GET /the-versatile-power-of-portable-fire-pumps/ HTTP/1.1" 200 18082 "-" "Mozilla/5.0 (compatible; Barkrowler/0.9; +https://babbar.tech/crawler)"
198.54.114.83 - - [15/Apr/2025:08:21:49 -0400] "POST /wp-cron.php?doing_wp_cron=1744719707.2226269245147705078125 HTTP/1.1" 200 0 "-" "WordPress/6.7.2; https://creative-webstyle.com"
217.113.194.241 - - [15/Apr/2025:08:22:07 -0400] "GET /why-choose-a-solid-conservatory-roof/feed/ HTTP/1.1" 200 402 "-" "Mozilla/5.0 (compatible; Barkrowler/0.9; +https://babbar.tech/crawler)"
217.113.194.254 - - [15/Apr/2025:08:22:25 -0400] "GET /building-conservatories-in-bridgend/feed/ HTTP/1.1" 200 391 "-" "Mozilla/5.0 (compatible; Barkrowler/0.9; +https://babbar.tech/crawler)"
217.113.194.232 - - [15/Apr/2025:08:22:44 -0400] "GET /le-signe-du-quai-du-mont-blanc/ HTTP/1.1" 200 18387 "-" "Mozilla/5.0 (compatible; Barkrowler/0.9; +https://babbar.tech/crawler)"
217.113.194.254 - - [15/Apr/2025:08:23:03 -0400] "GET /le-signe-du-quai-du-mont-blanc/feed/ HTTP/1.1" 200 403 "-" "Mozilla/5.0 (compatible; Barkrowler/0.9; +https://babbar.tech/crawler)"
198.54.114.83 - - [15/Apr/2025:08:23:05 -0400] "POST /wp-cron.php?doing_wp_cron=1744719783.3830199241638183593750 HTTP/1.1" 200 0 "-" "WordPress/6.7.2; https://creative-webstyle.com"
217.113.194.241 - - [15/Apr/2025:08:23:21 -0400] "GET /premium-sarms-in-canada-quality-and-benefits/feed/ HTTP/1.1" 200 417 "-" "Mozilla/5.0 (compatible; Barkrowler/0.9; +https://babbar.tech/crawler)"
217.113.194.234 - - [15/Apr/2025:08:23:40 -0400] "GET /convertidores-de-unidades-esenciales/feed/ HTTP/1.1" 200 395 "-" "Mozilla/5.0 (compatible; Barkrowler/0.9; +https://babbar.tech/crawler)"
217.113.194.233 - - [15/Apr/2025:08:24:00 -0400] "GET /robots.txt HTTP/1.1" 304 0 "-" "Mozilla/5.0 (compatible; Barkrowler/0.9; +https://babbar.tech/crawler)"
217.113.194.239 - - [15/Apr/2025:08:24:19 -0400] "GET /le-pouvoir-de-la-maca-sur-la-libido/ HTTP/1.1" 200 18152 "-" "Mozilla/5.0 (compatible; Barkrowler/0.9; +https://babbar.tech/crawler)"
198.54.114.83 - - [15/Apr/2025:08:24:25 -0400] "POST /wp-cron.php?doing_wp_cron=1744719860.5958321094512939453125 HTTP/1.1" 200 0 "-" "WordPress/6.7.2; https://creative-webstyle.com"
217.113.194.233 - - [15/Apr/2025:08:24:44 -0400] "GET /le-pouvoir-de-la-maca-sur-la-libido/feed/ HTTP/1.1" 200 408 "-" "Mozilla/5.0 (compatible; Barkrowler/0.9; +https://babbar.tech/crawler)"
217.113.194.237 - - [15/Apr/2025:08:25:09 -0400] "GET /die-bezaubernde-symphonie-des-parfums/ HTTP/1.1" 200 18276 "-" "Mozilla/5.0 (compatible; Barkrowler/0.9; +https://babbar.tech/crawler)"
147.78.182.163 - - [15/Apr/2025:08:25:17 -0400] "GET /wp-login.php HTTP/1.1" 200 1693 "-" "Mozilla/5.0 (Windows NT 10.0; Win64; x64) AppleWebKit/537.36 (KHTML, like Gecko) Chrome/115.0.0.0 Safari/537.36 Edg/115.0.1901.203"
147.78.182.163 - - [15/Apr/2025:08:25:22 -0400] "POST /wp-login.php HTTP/1.1" 200 1826 "https://creative-webstyle.com/wp-login.php" "Mozilla/5.0 (Windows NT 10.0; Win64; x64) AppleWebKit/537.36 (KHTML, like Gecko) Chrome/115.0.0.0 Safari/537.36 Edg/115.0.1901.203"
198.54.114.83 - - [15/Apr/2025:08:25:27 -0400] "POST /wp-cron.php?doing_wp_cron=1744719923.1126170158386230468750 HTTP/1.1" 200 0 "-" "WordPress/6.7.2; https://creative-webstyle.com"
217.113.194.235 - - [15/Apr/2025:08:25:32 -0400] "GET /management-company-for-rental-properties/feed/ HTTP/1.1" 200 392 "-" "Mozilla/5.0 (compatible; Barkrowler/0.9; +https://babbar.tech/crawler)"
217.113.194.239 - - [15/Apr/2025:08:25:54 -0400] "GET /navigating-the-realm-of-instagram-followers/feed/ HTTP/1.1" 200 408 "-" "Mozilla/5.0 (compatible; Barkrowler/0.9; +https://babbar.tech/crawler)"
217.113.194.234 - - [15/Apr/2025:08:26:15 -0400] "GET /navigating-consensual-divorce-in-tehran/ HTTP/1.1" 200 18175 "-" "Mozilla/5.0 (compatible; Barkrowler/0.9; +https://babbar.tech/crawler)"
198.54.114.83 - - [15/Apr/2025:08:26:36 -0400] "POST /wp-cron.php?doing_wp_cron=1744719995.3822329044342041015625 HTTP/1.1" 200 0 "-" "WordPress/6.7.2; https://creative-webstyle.com"
217.113.194.241 - - [15/Apr/2025:08:26:34 -0400] "GET /montreal-home-care-providers-and-tax-credits/ HTTP/1.1" 200 18381 "-" "Mozilla/5.0 (compatible; Barkrowler/0.9; +https://babbar.tech/crawler)"
217.113.194.235 - - [15/Apr/2025:08:26:55 -0400] "GET /delving-into-fertility-solutions-in-dubai/ HTTP/1.1" 200 18041 "-" "Mozilla/5.0 (compatible; Barkrowler/0.9; +https://babbar.tech/crawler)"
217.113.194.240 - - [15/Apr/2025:08:27:16 -0400] "GET /smart-strategies-to-save-money-on-tires/feed/ HTTP/1.1" 200 410 "-" "Mozilla/5.0 (compatible; Barkrowler/0.9; +https://babbar.tech/crawler)"
2a02:598:128:8a00::b00:15 - - [15/Apr/2025:08:27:25 -0400] "GET /the-ethics-and-efficacy-of-buying-views/feed/ HTTP/1.1" 200 409 "-" "Mozilla/5.0 (compatible; SeznamBot/4.0; +https://o-seznam.cz/napoveda/vyhledavani/en/seznambot-crawler/)"
217.113.194.235 - - [15/Apr/2025:08:27:34 -0400] "GET /der-schlussel-zur-verstandlichkeit/ HTTP/1.1" 200 18201 "-" "Mozilla/5.0 (compatible; Barkrowler/0.9; +https://babbar.tech/crawler)"
217.113.194.234 - - [15/Apr/2025:08:27:54 -0400] "GET /der-ideale-umzugsservice-in-hamburg/ HTTP/1.1" 200 18110 "-" "Mozilla/5.0 (compatible; Barkrowler/0.9; +https://babbar.tech/crawler)"
198.54.114.83 - - [15/Apr/2025:08:27:57 -0400] "POST /wp-cron.php?doing_wp_cron=1744720075.4007110595703125000000 HTTP/1.1" 200 0 "-" "WordPress/6.7.2; https://creative-webstyle.com"
217.113.194.240 - - [15/Apr/2025:08:28:14 -0400] "GET /ambulance-american-medical-response-billing/feed/ HTTP/1.1" 200 402 "-" "Mozilla/5.0 (compatible; Barkrowler/0.9; +https://babbar.tech/crawler)"
217.113.194.233 - - [15/Apr/2025:08:28:34 -0400] "GET /the-top-5-best-bitcoin-mixer-in-2022/ HTTP/1.1" 200 17658 "-" "Mozilla/5.0 (compatible; Barkrowler/0.9; +https://babbar.tech/crawler)"
217.113.194.239 - - [15/Apr/2025:08:28:52 -0400] "GET /timeless-style-meets-modern-functionality/ HTTP/1.1" 200 17986 "-" "Mozilla/5.0 (compatible; Barkrowler/0.9; +https://babbar.tech/crawler)"
198.54.114.83 - - [15/Apr/2025:08:29:12 -0400] "POST /wp-cron.php?doing_wp_cron=1744720151.7854049205780029296875 HTTP/1.1" 200 0 "-" "WordPress/6.7.2; https://creative-webstyle.com"
217.113.194.233 - - [15/Apr/2025:08:29:11 -0400] "GET /the-art-of-cashing-out-small-payments/feed/ HTTP/1.1" 200 405 "-" "Mozilla/5.0 (compatible; Barkrowler/0.9; +https://babbar.tech/crawler)"
198.54.114.83 - - [15/Apr/2025:08:29:19 -0400] "POST /wp-admin/admin-ajax.php?action=async_litespeed&nonce=kkr0FxBIOlGzXU2o0w1rHWzEfI3vGpQe&litespeed_type=imgoptm HTTP/1.1" 200 0 "-" "WordPress/6.7.2; https://creative-webstyle.com"
217.113.194.241 - - [15/Apr/2025:08:29:30 -0400] "GET /erfolgreiche-schulungen-fur-spitzenleistungen/ HTTP/1.1" 200 18088 "-" "Mozilla/5.0 (compatible; Barkrowler/0.9; +https://babbar.tech/crawler)"
217.113.194.233 - - [15/Apr/2025:08:29:49 -0400] "GET /junk-car-removal-cape-coral/feed/ HTTP/1.1" 200 390 "-" "Mozilla/5.0 (compatible; Barkrowler/0.9; +https://babbar.tech/crawler)"
198.54.114.83 - - [15/Apr/2025:08:29:52 -0400] "POST /wp-cron.php?doing_wp_cron=1744720190.6236109733581542968750 HTTP/1.1" 200 0 "-" "WordPress/6.7.2; https://creative-webstyle.com"
217.113.194.240 - - [15/Apr/2025:08:30:11 -0400] "GET /unlocking-fun-the-world-of-games-hire/ HTTP/1.1" 200 18364 "-" "Mozilla/5.0 (compatible; Barkrowler/0.9; +https://babbar.tech/crawler)"
217.113.194.236 - - [15/Apr/2025:08:30:37 -0400] "GET /unlocking-ai-potential-with-gpus/ HTTP/1.1" 200 17779 "-" "Mozilla/5.0 (compatible; Barkrowler/0.9; +https://babbar.tech/crawler)"
198.54.114.83 - - [15/Apr/2025:08:31:02 -0400] "POST /wp-cron.php?doing_wp_cron=1744720261.3636970520019531250000 HTTP/1.1" 200 0 "-" "WordPress/6.7.2; https://creative-webstyle.com"
217.113.194.232 - - [15/Apr/2025:08:31:00 -0400] "GET /unlocking-ai-potential-with-gpus/feed/ HTTP/1.1" 200 398 "-" "Mozilla/5.0 (compatible; Barkrowler/0.9; +https://babbar.tech/crawler)"
198.54.114.83 - - [15/Apr/2025:08:31:11 -0400] "POST /wp-admin/admin-ajax.php?action=async_litespeed&nonce=TrkWJbY0yBNcRiSsxXbWntl4FgYAe7Tm&litespeed_type=imgoptm HTTP/1.1" 200 0 "-" "WordPress/6.7.2; https://creative-webstyle.com"
178.20.45.182 - - [15/Apr/2025:08:31:18 -0400] "GET /best-cbd-oil-for-sleep-uk/ HTTP/1.1" 200 17254 "https://creative-webstyle.com/best-cbd-oil-for-sleep-uk/#comment-12975/" "Mozilla/5.0 (Windows NT 10.0; Win64; x64) AppleWebKit/537.36 (KHTML, like Gecko) Chrome/129.0.0.0 Safari/537.36"
178.20.45.182 - - [15/Apr/2025:08:31:20 -0400] "POST /wp-comments-post.php HTTP/1.1" 302 0 "https://creative-webstyle.com/best-cbd-oil-for-sleep-uk/#comment-12975/" "Mozilla/5.0 (Windows NT 10.0; Win64; x64) AppleWebKit/537.36 (KHTML, like Gecko) Chrome/129.0.0.0 Safari/537.36"
217.113.194.233 - - [15/Apr/2025:08:31:22 -0400] "GET /unlocking-the-power-of-qr-code-generators/ HTTP/1.1" 200 17864 "-" "Mozilla/5.0 (compatible; Barkrowler/0.9; +https://babbar.tech/crawler)"
178.20.45.182 - - [15/Apr/2025:08:31:24 -0400] "GET /best-cbd-oil-for-sleep-uk/ HTTP/1.1" 200 22550 "https://creative-webstyle.com/best-cbd-oil-for-sleep-uk/#comment-35231" "Mozilla/5.0 (Windows NT 10.0; Win64; x64) AppleWebKit/537.36 (KHTML, like Gecko) Chrome/129.0.0.0 Safari/537.36"
107.151.254.244 - - [15/Apr/2025:08:31:36 -0400] "GET /wp-admin/network/index.php HTTP/1.1" 302 0 "-" "Mozlila/5.0 (Linux; Android 7.0; SM-G892A Bulid/NRD90M; wv) AppleWebKit/537.36 (KHTML, like Gecko) Version/4.0 Chrome/60.0.3112.107 Moblie Safari/537.36"
107.151.254.244 - - [15/Apr/2025:08:31:38 -0400] "GET /wp-login.php?redirect_to=https%3A%2F%2Fcreative-webstyle.com%2Fwp-admin%2Fnetwork%2Findex.php&reauth=1 HTTP/1.1" 200 1699 "-" "Mozlila/5.0 (Linux; Android 7.0; SM-G892A Bulid/NRD90M; wv) AppleWebKit/537.36 (KHTML, like Gecko) Version/4.0 Chrome/60.0.3112.107 Moblie Safari/537.36"
217.113.194.239 - - [15/Apr/2025:08:31:39 -0400] "GET /unlocking-the-benefits-of-a-part-time-job/ HTTP/1.1" 200 18114 "-" "Mozilla/5.0 (compatible; Barkrowler/0.9; +https://babbar.tech/crawler)"
107.151.254.244 - - [15/Apr/2025:08:31:54 -0400] "GET /wp-login.php HTTP/1.1" 200 1693 "-" "Mozlila/5.0 (Linux; Android 7.0; SM-G892A Bulid/NRD90M; wv) AppleWebKit/537.36 (KHTML, like Gecko) Version/4.0 Chrome/60.0.3112.107 Moblie Safari/537.36"
154.54.249.218 - - [15/Apr/2025:08:32:00 -0400] "GET /unveiling-omnigenceam-com/ HTTP/1.1" 200 18073 "-" "Mozilla/5.0 (compatible; Barkrowler/0.9; +https://babbar.tech/crawler)"
217.113.194.235 - - [15/Apr/2025:08:32:19 -0400] "GET /unveiling-omnigenceam-com/feed/ HTTP/1.1" 200 384 "-" "Mozilla/5.0 (compatible; Barkrowler/0.9; +https://babbar.tech/crawler)"
217.113.194.241 - - [15/Apr/2025:08:32:37 -0400] "GET /unraveling-the-allure-of-sate-bet/feed/ HTTP/1.1" 200 398 "-" "Mozilla/5.0 (compatible; Barkrowler/0.9; +https://babbar.tech/crawler)"
198.54.114.83 - - [15/Apr/2025:08:32:56 -0400] "POST /wp-cron.php?doing_wp_cron=1744720375.6816859245300292968750 HTTP/1.1" 200 0 "-" "WordPress/6.7.2; https://creative-webstyle.com"
217.113.194.254 - - [15/Apr/2025:08:32:55 -0400] "GET /planning-a-trip-to-the-ozark-trail/ HTTP/1.1" 200 18441 "-" "Mozilla/5.0 (compatible; Barkrowler/0.9; +https://babbar.tech/crawler)"
198.54.114.83 - - [15/Apr/2025:08:33:03 -0400] "POST /wp-admin/admin-ajax.php?action=async_litespeed&nonce=1mpd18cbofJ4B1dfacOiJQXY11RMyLkp&litespeed_type=imgoptm HTTP/1.1" 200 0 "-" "WordPress/6.7.2; https://creative-webstyle.com"
152.53.225.138 - - [15/Apr/2025:08:33:07 -0400] "GET /style.php HTTP/1.1" 404 12616 "www.google.com" "Mozlila/5.0 (Linux; Android 7.0; SM-G892A Bulid/NRD90M; wv) AppleWebKit/537.36 (KHTML, like Gecko) Version/4.0 Chrome/60.0.3112.107 Moblie Safari/537.36"
154.54.249.218 - - [15/Apr/2025:08:33:14 -0400] "GET /planning-a-trip-to-the-ozark-trail/feed/ HTTP/1.1" 200 404 "-" "Mozilla/5.0 (compatible; Barkrowler/0.9; +https://babbar.tech/crawler)"
217.113.194.236 - - [15/Apr/2025:08:33:32 -0400] "GET /benefits-of-using-a-licensed-money-lender/ HTTP/1.1" 200 18223 "-" "Mozilla/5.0 (compatible; Barkrowler/0.9; +https://babbar.tech/crawler)"
217.113.194.233 - - [15/Apr/2025:08:33:51 -0400] "GET /benefits-of-the-thailand-elite-visa-program/ HTTP/1.1" 200 18309 "-" "Mozilla/5.0 (compatible; Barkrowler/0.9; +https://babbar.tech/crawler)"
198.54.114.83 - - [15/Apr/2025:08:33:54 -0400] "POST /wp-cron.php?doing_wp_cron=1744720432.0832860469818115234375 HTTP/1.1" 200 0 "-" "WordPress/6.7.2; https://creative-webstyle.com"
217.113.194.233 - - [15/Apr/2025:08:34:10 -0400] "GET /benefits-of-a-consultation-with-an-accountant/feed/ HTTP/1.1" 200 411 "-" "Mozilla/5.0 (compatible; Barkrowler/0.9; +https://babbar.tech/crawler)"
217.113.194.237 - - [15/Apr/2025:08:34:29 -0400] "GET /top-heroes-in-watcher-of-realms-2/feed/ HTTP/1.1" 200 400 "-" "Mozilla/5.0 (compatible; Barkrowler/0.9; +https://babbar.tech/crawler)"
217.113.194.233 - - [15/Apr/2025:08:34:51 -0400] "GET /top-heroes-in-watcher-of-realms/feed/ HTTP/1.1" 200 399 "-" "Mozilla/5.0 (compatible; Barkrowler/0.9; +https://babbar.tech/crawler)"
217.113.194.234 - - [15/Apr/2025:08:35:09 -0400] "GET /tiktok-buy-likes-and-views/feed/ HTTP/1.1" 200 387 "-" "Mozilla/5.0 (compatible; Barkrowler/0.9; +https://babbar.tech/crawler)"
198.54.114.83 - - [15/Apr/2025:08:35:14 -0400] "POST /wp-cron.php?doing_wp_cron=1744720511.1625599861145019531250 HTTP/1.1" 200 0 "-" "WordPress/6.7.2; https://creative-webstyle.com"
217.113.194.235 - - [15/Apr/2025:08:35:29 -0400] "GET /home-insulation-is-yours-energy-efficient/ HTTP/1.1" 200 18275 "-" "Mozilla/5.0 (compatible; Barkrowler/0.9; +https://babbar.tech/crawler)"
217.113.194.236 - - [15/Apr/2025:08:35:49 -0400] "GET /the-world-of-football-betting-a-comprehensive-guide/ HTTP/1.1" 200 18182 "-" "Mozilla/5.0 (compatible; Barkrowler/0.9; +https://babbar.tech/crawler)"
217.113.194.241 - - [15/Apr/2025:08:36:09 -0400] "GET /dachdecker-hamburg-rahlstedt/feed/ HTTP/1.1" 200 385 "-" "Mozilla/5.0 (compatible; Barkrowler/0.9; +https://babbar.tech/crawler)"
217.113.194.237 - - [15/Apr/2025:08:36:28 -0400] "GET /real-estate-is-the-best-industry-there-is/feed/ HTTP/1.1" 200 412 "-" "Mozilla/5.0 (compatible; Barkrowler/0.9; +https://babbar.tech/crawler)"
198.54.114.83 - - [15/Apr/2025:08:36:30 -0400] "POST /wp-cron.php?doing_wp_cron=1744720588.6864249706268310546875 HTTP/1.1" 200 0 "-" "WordPress/6.7.2; https://creative-webstyle.com"
217.113.194.254 - - [15/Apr/2025:08:36:47 -0400] "GET /understanding-international-freight-forwarding/feed/ HTTP/1.1" 200 399 "-" "Mozilla/5.0 (compatible; Barkrowler/0.9; +https://babbar.tech/crawler)"
178.20.46.206 - - [15/Apr/2025:08:37:08 -0400] "GET /hvac-systems-and-mold/ HTTP/1.1" 200 19434 "https://creative-webstyle.com/hvac-systems-and-mold/" "Mozilla/5.0 (Windows NT 10.0; Win64; x64) AppleWebKit/537.36 (KHTML, like Gecko) Chrome/130.0.0.0 Safari/537.36"
217.113.194.254 - - [15/Apr/2025:08:37:06 -0400] "GET /understanding-aba-therapy-for-kids-in-dubai-2/ HTTP/1.1" 200 18403 "-" "Mozilla/5.0 (compatible; Barkrowler/0.9; +https://babbar.tech/crawler)"
178.20.46.206 - - [15/Apr/2025:08:37:11 -0400] "POST /wp-comments-post.php HTTP/1.1" 302 0 "https://creative-webstyle.com/hvac-systems-and-mold/" "Mozilla/5.0 (Windows NT 10.0; Win64; x64) AppleWebKit/537.36 (KHTML, like Gecko) Chrome/130.0.0.0 Safari/537.36"
178.20.46.206 - - [15/Apr/2025:08:37:17 -0400] "GET /hvac-systems-and-mold/ HTTP/1.1" 200 20027 "https://creative-webstyle.com/hvac-systems-and-mold/#comment-35232" "Mozilla/5.0 (Windows NT 10.0; Win64; x64) AppleWebKit/537.36 (KHTML, like Gecko) Chrome/130.0.0.0 Safari/537.36"
217.113.194.232 - - [15/Apr/2025:08:37:26 -0400] "GET /understanding-aba-therapy-for-kids-in-dubai/feed/ HTTP/1.1" 200 416 "-" "Mozilla/5.0 (compatible; Barkrowler/0.9; +https://babbar.tech/crawler)"
85.208.98.16 - - [15/Apr/2025:08:37:28 -0400] "GET /transformative-tips-for-small-bathroom-renovations/ HTTP/1.1" 200 17886 "-" "Mozilla/5.0 (compatible; SemrushBot-BA; +http://www.semrush.com/bot.html)"
198.54.114.83 - - [15/Apr/2025:08:37:31 -0400] "POST /wp-cron.php?doing_wp_cron=1744720649.0825960636138916015625 HTTP/1.1" 200 0 "-" "WordPress/6.7.2; https://creative-webstyle.com"
217.113.194.234 - - [15/Apr/2025:08:37:43 -0400] "GET /understanding-the-costs-of-montreal-home-care/feed/ HTTP/1.1" 200 415 "-" "Mozilla/5.0 (compatible; Barkrowler/0.9; +https://babbar.tech/crawler)"
185.191.171.6 - - [15/Apr/2025:08:37:59 -0400] "GET /der-beste-scheidungsanwalt-in-hattingen-ihre-anlaufstelle-fur-rechtliche-unterstutzung/ HTTP/1.1" 200 17822 "-" "Mozilla/5.0 (compatible; SemrushBot/7~bl; +http://www.semrush.com/bot.html)"
217.113.194.238 - - [15/Apr/2025:08:38:01 -0400] "GET /understanding-fda-cosmetic-registration-2/feed/ HTTP/1.1" 200 398 "-" "Mozilla/5.0 (compatible; Barkrowler/0.9; +https://babbar.tech/crawler)"
217.113.194.234 - - [15/Apr/2025:08:38:20 -0400] "GET /understanding-classroom-6x-dynamics/feed/ HTTP/1.1" 200 396 "-" "Mozilla/5.0 (compatible; Barkrowler/0.9; +https://babbar.tech/crawler)"
85.208.98.16 - - [15/Apr/2025:08:38:35 -0400] "GET /bathroom-renovations-melton/ HTTP/1.1" 200 17087 "-" "Mozilla/5.0 (compatible; SemrushBot-BA; +http://www.semrush.com/bot.html)"
217.113.194.241 - - [15/Apr/2025:08:38:37 -0400] "GET /les-meilleurs-restaurants-autour-de-moi/feed/ HTTP/1.1" 200 404 "-" "Mozilla/5.0 (compatible; Barkrowler/0.9; +https://babbar.tech/crawler)"
198.54.114.83 - - [15/Apr/2025:08:38:39 -0400] "POST /wp-admin/admin-ajax.php?action=async_litespeed&nonce=6EXyZekO9xPqdm4ACmVeBdOMJboUUfNc&litespeed_type=imgoptm HTTP/1.1" 200 0 "-" "WordPress/6.7.2; https://creative-webstyle.com"
85.208.98.16 - - [15/Apr/2025:08:38:43 -0400] "GET /maximizing-space-smart-bathroom-renovations-for-small-spaces/ HTTP/1.1" 200 17831 "-" "Mozilla/5.0 (compatible; SemrushBot-BA; +http://www.semrush.com/bot.html)"
154.54.249.218 - - [15/Apr/2025:08:38:57 -0400] "GET /baby-seat-for-maxi-cab-melbourne/ HTTP/1.1" 200 18780 "-" "Mozilla/5.0 (compatible; Barkrowler/0.9; +https://babbar.tech/crawler)"
217.113.194.232 - - [15/Apr/2025:08:39:16 -0400] "GET /baby-seat-for-maxi-cab-melbourne/feed/ HTTP/1.1" 200 403 "-" "Mozilla/5.0 (compatible; Barkrowler/0.9; +https://babbar.tech/crawler)"
217.113.194.238 - - [15/Apr/2025:08:39:35 -0400] "GET /eine-reise-durch-die-welt-der-musik/ HTTP/1.1" 200 17908 "-" "Mozilla/5.0 (compatible; Barkrowler/0.9; +https://babbar.tech/crawler)"
217.113.194.233 - - [15/Apr/2025:08:39:57 -0400] "GET /elevate-your-brand-with-custom-brand-socks/ HTTP/1.1" 200 18281 "-" "Mozilla/5.0 (compatible; Barkrowler/0.9; +https://babbar.tech/crawler)"
217.113.194.254 - - [15/Apr/2025:08:40:18 -0400] "GET /elevate-your-brand-with-custom-brand-socks/feed/ HTTP/1.1" 200 414 "-" "Mozilla/5.0 (compatible; Barkrowler/0.9; +https://babbar.tech/crawler)"
217.113.194.241 - - [15/Apr/2025:08:40:36 -0400] "GET /mastering-the-art-of-proper-property-management/feed/ HTTP/1.1" 200 414 "-" "Mozilla/5.0 (compatible; Barkrowler/0.9; +https://babbar.tech/crawler)"
217.113.194.232 - - [15/Apr/2025:08:40:54 -0400] "GET /que-rechercher-dans-une-agence-google-ads/ HTTP/1.1" 200 17919 "-" "Mozilla/5.0 (compatible; Barkrowler/0.9; +https://babbar.tech/crawler)"
217.113.194.254 - - [15/Apr/2025:08:41:13 -0400] "GET /une-tradition-ancienne-et-apaisante/feed/ HTTP/1.1" 200 395 "-" "Mozilla/5.0 (compatible; Barkrowler/0.9; +https://babbar.tech/crawler)"
217.113.194.238 - - [15/Apr/2025:08:41:30 -0400] "GET /best-cbd-oil-for-sleep-uk/feed/ HTTP/1.1" 200 395 "-" "Mozilla/5.0 (compatible; Barkrowler/0.9; +https://babbar.tech/crawler)"
13.74.15.66 - - [15/Apr/2025:08:41:38 -0400] "GET /wp-admin/network/about.php HTTP/1.1" 302 0 "-" "-"
13.74.15.66 - - [15/Apr/2025:08:41:41 -0400] "GET /wp-login.php?redirect_to=https%3A%2F%2Fcreative-webstyle.com%2Fwp-admin%2Fnetwork%2Fabout.php&reauth=1 HTTP/1.1" 200 1704 "-" "-"
217.113.194.240 - - [15/Apr/2025:08:41:48 -0400] "GET /best-vegan-lip-care-for-sensitive-skin/feed/ HTTP/1.1" 200 412 "-" "Mozilla/5.0 (compatible; Barkrowler/0.9; +https://babbar.tech/crawler)"
198.54.114.83 - - [15/Apr/2025:08:42:01 -0400] "POST /wp-admin/admin-ajax.php?action=async_litespeed&nonce=shjUcaGPV4bPcbbuozhBq1pguilGbMUO&litespeed_type=imgoptm HTTP/1.1" 200 0 "-" "WordPress/6.7.2; https://creative-webstyle.com"
154.54.249.218 - - [15/Apr/2025:08:42:07 -0400] "GET /best-practices-for-peek-injection-molding/ HTTP/1.1" 200 18436 "-" "Mozilla/5.0 (compatible; Barkrowler/0.9; +https://babbar.tech/crawler)"
154.54.249.218 - - [15/Apr/2025:08:42:25 -0400] "GET /cbd-in-the-uk-what-you-need-to-know/feed/ HTTP/1.1" 200 417 "-" "Mozilla/5.0 (compatible; Barkrowler/0.9; +https://babbar.tech/crawler)"
217.113.194.233 - - [15/Apr/2025:08:42:43 -0400] "GET /cultivating-genuine-connections-on-instagram/feed/ HTTP/1.1" 200 404 "-" "Mozilla/5.0 (compatible; Barkrowler/0.9; +https://babbar.tech/crawler)"
217.113.194.241 - - [15/Apr/2025:08:43:00 -0400] "GET /careprost-eyelash-serum-uk/ HTTP/1.1" 200 18346 "-" "Mozilla/5.0 (compatible; Barkrowler/0.9; +https://babbar.tech/crawler)"
217.113.194.239 - - [15/Apr/2025:08:43:17 -0400] "GET /luxury-living-at-kassia-condo/feed/ HTTP/1.1" 200 396 "-" "Mozilla/5.0 (compatible; Barkrowler/0.9; +https://babbar.tech/crawler)"
217.113.194.240 - - [15/Apr/2025:08:43:33 -0400] "GET /il-nuovo-capitolo-delluniverso-star-wars/ HTTP/1.1" 200 18000 "-" "Mozilla/5.0 (compatible; Barkrowler/0.9; +https://babbar.tech/crawler)"
13.74.15.66 - - [15/Apr/2025:08:43:47 -0400] "GET /wp-admin/options.php HTTP/1.1" 302 0 "-" "-"
13.74.15.66 - - [15/Apr/2025:08:43:49 -0400] "GET /wp-login.php?redirect_to=https%3A%2F%2Fcreative-webstyle.com%2Fwp-admin%2Foptions.php&reauth=1 HTTP/1.1" 200 1699 "-" "-"
217.113.194.236 - - [15/Apr/2025:08:43:52 -0400] "GET /the-importance-of-regular-water-tank-cleaning/ HTTP/1.1" 200 18101 "-" "Mozilla/5.0 (compatible; Barkrowler/0.9; +https://babbar.tech/crawler)"
217.113.194.233 - - [15/Apr/2025:08:44:13 -0400] "GET /the-importance-of-hiring-a-dwi-lawyer/feed/ HTTP/1.1" 200 410 "-" "Mozilla/5.0 (compatible; Barkrowler/0.9; +https://babbar.tech/crawler)"
217.113.194.238 - - [15/Apr/2025:08:44:32 -0400] "GET /the-impact-of-personal-life-coaching/feed/ HTTP/1.1" 200 403 "-" "Mozilla/5.0 (compatible; Barkrowler/0.9; +https://babbar.tech/crawler)"
217.113.194.233 - - [15/Apr/2025:08:44:53 -0400] "GET /la-necesidad-de-convertidores-de-unidades/ HTTP/1.1" 200 17921 "-" "Mozilla/5.0 (compatible; Barkrowler/0.9; +https://babbar.tech/crawler)"
217.113.194.233 - - [15/Apr/2025:08:45:13 -0400] "GET /orchard-sophia-developer-by-db2land/ HTTP/1.1" 200 18061 "-" "Mozilla/5.0 (compatible; Barkrowler/0.9; +https://babbar.tech/crawler)"
217.113.194.240 - - [15/Apr/2025:08:45:34 -0400] "GET /a-guide-to-effective-corporate-video-production/ HTTP/1.1" 200 18043 "-" "Mozilla/5.0 (compatible; Barkrowler/0.9; +https://babbar.tech/crawler)"
217.113.194.234 - - [15/Apr/2025:08:45:55 -0400] "GET /a-guide-to-its-enchanting-features/feed/ HTTP/1.1" 200 394 "-" "Mozilla/5.0 (compatible; Barkrowler/0.9; +https://babbar.tech/crawler)"
217.113.194.241 - - [15/Apr/2025:08:46:14 -0400] "GET /curly-hair-hairdresser-melbourne/feed/ HTTP/1.1" 200 393 "-" "Mozilla/5.0 (compatible; Barkrowler/0.9; +https://babbar.tech/crawler)"
217.113.194.235 - - [15/Apr/2025:08:46:32 -0400] "GET /curly-hair-hairdresser-melbourne/ HTTP/1.1" 200 17322 "-" "Mozilla/5.0 (compatible; Barkrowler/0.9; +https://babbar.tech/crawler)"
154.54.249.218 - - [15/Apr/2025:08:46:52 -0400] "GET /the-transformative-power-of-massage-therapy/feed/ HTTP/1.1" 200 409 "-" "Mozilla/5.0 (compatible; Barkrowler/0.9; +https://babbar.tech/crawler)"
154.54.249.218 - - [15/Apr/2025:08:47:11 -0400] "GET /omnivoid-filling-the-tech-void/feed/ HTTP/1.1" 200 409 "-" "Mozilla/5.0 (compatible; Barkrowler/0.9; +https://babbar.tech/crawler)"
13.74.15.66 - - [15/Apr/2025:08:47:29 -0400] "GET /wp-admin/network/admin.php HTTP/1.1" 302 0 "-" "-"
217.113.194.234 - - [15/Apr/2025:08:47:29 -0400] "GET /die-starken-der-besten-helden/feed/ HTTP/1.1" 200 404 "-" "Mozilla/5.0 (compatible; Barkrowler/0.9; +https://babbar.tech/crawler)"
13.74.15.66 - - [15/Apr/2025:08:47:31 -0400] "GET /wp-login.php?redirect_to=https%3A%2F%2Fcreative-webstyle.com%2Fwp-admin%2Fnetwork%2Fadmin.php&reauth=1 HTTP/1.1" 200 1700 "-" "-"
217.113.194.238 - - [15/Apr/2025:08:47:48 -0400] "GET /tips-for-buying-an-rv-refrigerator/ HTTP/1.1" 200 17881 "-" "Mozilla/5.0 (compatible; Barkrowler/0.9; +https://babbar.tech/crawler)"
217.113.194.233 - - [15/Apr/2025:08:48:06 -0400] "GET /find-designer-bags-on-sale-at-thredup/feed/ HTTP/1.1" 200 411 "-" "Mozilla/5.0 (compatible; Barkrowler/0.9; +https://babbar.tech/crawler)"
13.74.15.66 - - [15/Apr/2025:08:48:22 -0400] "GET /wp-admin/network/index.php HTTP/1.1" 302 0 "-" "-"
13.74.15.66 - - [15/Apr/2025:08:48:23 -0400] "GET /wp-login.php?redirect_to=https%3A%2F%2Fcreative-webstyle.com%2Fwp-admin%2Fnetwork%2Findex.php&reauth=1 HTTP/1.1" 200 1699 "-" "-"
217.113.194.254 - - [15/Apr/2025:08:48:24 -0400] "GET /cils-de-la-machoire-sifflante/ HTTP/1.1" 200 19002 "-" "Mozilla/5.0 (compatible; Barkrowler/0.9; +https://babbar.tech/crawler)"
217.113.194.238 - - [15/Apr/2025:08:48:43 -0400] "GET /exploring-the-elegance-of-the-sora-showflat/ HTTP/1.1" 200 18218 "-" "Mozilla/5.0 (compatible; Barkrowler/0.9; +https://babbar.tech/crawler)"
217.113.194.240 - - [15/Apr/2025:08:49:01 -0400] "GET /exploring-the-elegance-of-the-sora-showflat/feed/ HTTP/1.1" 200 411 "-" "Mozilla/5.0 (compatible; Barkrowler/0.9; +https://babbar.tech/crawler)"
217.113.194.239 - - [15/Apr/2025:08:49:20 -0400] "GET /exploring-the-realm-of-ai-girlfriends/feed/ HTTP/1.1" 200 404 "-" "Mozilla/5.0 (compatible; Barkrowler/0.9; +https://babbar.tech/crawler)"
217.113.194.238 - - [15/Apr/2025:08:49:39 -0400] "GET /exploring-the-world-of-abdominoplasty/feed/ HTTP/1.1" 200 401 "-" "Mozilla/5.0 (compatible; Barkrowler/0.9; +https://babbar.tech/crawler)"
85.208.96.201 - - [15/Apr/2025:08:49:52 -0400] "GET /the-weight-of-social-media/ HTTP/1.1" 200 17943 "-" "Mozilla/5.0 (compatible; SemrushBot/7~bl; +http://www.semrush.com/bot.html)"
217.113.194.232 - - [15/Apr/2025:08:49:56 -0400] "GET /exploring-the-top-disposable-vape-brands/feed/ HTTP/1.1" 200 408 "-" "Mozilla/5.0 (compatible; Barkrowler/0.9; +https://babbar.tech/crawler)"
198.54.114.83 - - [15/Apr/2025:08:50:15 -0400] "POST /wp-cron.php?doing_wp_cron=1744721414.6089489459991455078125 HTTP/1.1" 200 0 "-" "WordPress/6.7.2; https://creative-webstyle.com"
217.113.194.240 - - [15/Apr/2025:08:50:14 -0400] "GET /an-urban-oasis-in-the-heart-of-singapore/feed/ HTTP/1.1" 200 412 "-" "Mozilla/5.0 (compatible; Barkrowler/0.9; +https://babbar.tech/crawler)"
217.113.194.235 - - [15/Apr/2025:08:50:32 -0400] "GET /the-power-and-perks-of-part-time-employment/ HTTP/1.1" 200 18163 "-" "Mozilla/5.0 (compatible; Barkrowler/0.9; +https://babbar.tech/crawler)"
217.113.194.232 - - [15/Apr/2025:08:50:51 -0400] "GET /the-power-of-bluetooth-headsets-for-phones/ HTTP/1.1" 200 18318 "-" "Mozilla/5.0 (compatible; Barkrowler/0.9; +https://babbar.tech/crawler)"
217.113.194.235 - - [15/Apr/2025:08:51:09 -0400] "GET /buroreinigung-winsen-luhe/ HTTP/1.1" 200 17570 "-" "Mozilla/5.0 (compatible; Barkrowler/0.9; +https://babbar.tech/crawler)"
198.54.114.83 - - [15/Apr/2025:08:51:16 -0400] "POST /wp-admin/admin-ajax.php?action=async_litespeed&nonce=UmXpnJiu74eWuauJy8HHnwyHHGIXwglR&litespeed_type=imgoptm HTTP/1.1" 200 0 "-" "WordPress/6.7.2; https://creative-webstyle.com"
217.113.194.239 - - [15/Apr/2025:08:51:28 -0400] "GET /moderne-asthetik-und-funktionalitat/feed/ HTTP/1.1" 200 407 "-" "Mozilla/5.0 (compatible; Barkrowler/0.9; +https://babbar.tech/crawler)"
217.113.194.240 - - [15/Apr/2025:08:51:45 -0400] "GET /comment-utiliser-un-pendule-de-voyance/feed/ HTTP/1.1" 200 395 "-" "Mozilla/5.0 (compatible; Barkrowler/0.9; +https://babbar.tech/crawler)"
217.113.194.233 - - [15/Apr/2025:08:52:04 -0400] "GET /comment-supprimer-un-compte-1xbet/ HTTP/1.1" 200 17330 "-" "Mozilla/5.0 (compatible; Barkrowler/0.9; +https://babbar.tech/crawler)"
154.54.249.218 - - [15/Apr/2025:08:52:23 -0400] "GET /die-geschichte-von-accounting-hattingen/feed/ HTTP/1.1" 200 405 "-" "Mozilla/5.0 (compatible; Barkrowler/0.9; +https://babbar.tech/crawler)"
217.113.194.237 - - [15/Apr/2025:08:52:40 -0400] "GET /vietnam-travel-top-5-breathtaking-rendezvous/feed/ HTTP/1.1" 200 417 "-" "Mozilla/5.0 (compatible; Barkrowler/0.9; +https://babbar.tech/crawler)"
154.54.249.218 - - [15/Apr/2025:08:52:58 -0400] "GET /capturing-the-essence-of-santorini/feed/ HTTP/1.1" 200 398 "-" "Mozilla/5.0 (compatible; Barkrowler/0.9; +https://babbar.tech/crawler)"
217.113.194.234 - - [15/Apr/2025:08:53:16 -0400] "GET /can-you-buy-views-on-tiktok/ HTTP/1.1" 200 17297 "-" "Mozilla/5.0 (compatible; Barkrowler/0.9; +https://babbar.tech/crawler)"
217.113.194.240 - - [15/Apr/2025:08:53:34 -0400] "GET /can-a-dog-dewormer-cure-cancer/ HTTP/1.1" 200 17860 "-" "Mozilla/5.0 (compatible; Barkrowler/0.9; +https://babbar.tech/crawler)"
217.113.194.233 - - [15/Apr/2025:08:53:54 -0400] "GET /tips-on-how-to-avoid-a-gambling-addiction/ HTTP/1.1" 200 18359 "-" "Mozilla/5.0 (compatible; Barkrowler/0.9; +https://babbar.tech/crawler)"
2a03:2880:f800:4:: - - [15/Apr/2025:08:53:57 -0400] "GET /divvyup-review-custom-crew-socks/ HTTP/1.1" 200 18117 "-" "meta-externalagent/1.1 (+https://developers.facebook.com/docs/sharing/webmasters/crawler)"
217.113.194.234 - - [15/Apr/2025:08:54:12 -0400] "GET /top-5-affordable-pet-insurance-providers/feed/ HTTP/1.1" 200 407 "-" "Mozilla/5.0 (compatible; Barkrowler/0.9; +https://babbar.tech/crawler)"
217.113.194.236 - - [15/Apr/2025:08:54:32 -0400] "GET /top-5-ingredients-of-natural-organic-hair-products/ HTTP/1.1" 200 18669 "-" "Mozilla/5.0 (compatible; Barkrowler/0.9; +https://babbar.tech/crawler)"
217.113.194.232 - - [15/Apr/2025:08:54:52 -0400] "GET /top-5-ingredients-of-natural-organic-hair-products/feed/ HTTP/1.1" 200 418 "-" "Mozilla/5.0 (compatible; Barkrowler/0.9; +https://babbar.tech/crawler)"
154.54.249.218 - - [15/Apr/2025:08:55:10 -0400] "GET /nipple-protectors-for-breastfeeding/ HTTP/1.1" 200 17439 "-" "Mozilla/5.0 (compatible; Barkrowler/0.9; +https://babbar.tech/crawler)"
154.54.249.218 - - [15/Apr/2025:08:55:30 -0400] "GET /what-are-the-benefits-of-sound-healing/feed/ HTTP/1.1" 200 410 "-" "Mozilla/5.0 (compatible; Barkrowler/0.9; +https://babbar.tech/crawler)"
217.113.194.237 - - [15/Apr/2025:08:55:49 -0400] "GET /gebaudereinigung-winsen-luhe/ HTTP/1.1" 200 17839 "-" "Mozilla/5.0 (compatible; Barkrowler/0.9; +https://babbar.tech/crawler)"
217.113.194.237 - - [15/Apr/2025:08:56:07 -0400] "GET /motorbike-insurance-quotes-getting-the-best-cover/ HTTP/1.1" 200 18732 "-" "Mozilla/5.0 (compatible; Barkrowler/0.9; +https://babbar.tech/crawler)"
217.113.194.234 - - [15/Apr/2025:08:56:25 -0400] "GET /the-hill-one-north-in-buona-vista/feed/ HTTP/1.1" 200 405 "-" "Mozilla/5.0 (compatible; Barkrowler/0.9; +https://babbar.tech/crawler)"
13.74.15.66 - - [15/Apr/2025:08:56:32 -0400] "GET /wp-admin/network/ HTTP/1.1" 302 0 "-" "-"
13.74.15.66 - - [15/Apr/2025:08:56:34 -0400] "GET /wp-login.php?redirect_to=https%3A%2F%2Fcreative-webstyle.com%2Fwp-admin%2Fnetwork%2F&reauth=1 HTTP/1.1" 200 1697 "-" "-"
217.113.194.233 - - [15/Apr/2025:08:56:44 -0400] "GET /silberschmuck-reinigen-hausmittel/feed/ HTTP/1.1" 200 389 "-" "Mozilla/5.0 (compatible; Barkrowler/0.9; +https://babbar.tech/crawler)"
217.113.194.254 - - [15/Apr/2025:08:57:02 -0400] "GET /demenagement-sans-stress-pour-les-familles-militaires/ HTTP/1.1" 200 19511 "-" "Mozilla/5.0 (compatible; Barkrowler/0.9; +https://babbar.tech/crawler)"
217.113.194.238 - - [15/Apr/2025:08:57:19 -0400] "GET /liquid-silicone-rubber-suppliers-in-sri-lanka/ HTTP/1.1" 200 18471 "-" "Mozilla/5.0 (compatible; Barkrowler/0.9; +https://babbar.tech/crawler)"
217.113.194.240 - - [15/Apr/2025:08:57:37 -0400] "GET /serene-oasis-amidst-urban-hustle/feed/ HTTP/1.1" 200 395 "-" "Mozilla/5.0 (compatible; Barkrowler/0.9; +https://babbar.tech/crawler)"
198.54.114.83 - - [15/Apr/2025:08:57:37 -0400] "POST /wp-admin/admin-ajax.php?action=async_litespeed&nonce=oXqdLh28bnT3xD3HBt6g4DIXdcKGswU7&litespeed_type=imgoptm HTTP/1.1" 200 0 "-" "WordPress/6.7.2; https://creative-webstyle.com"
217.113.194.254 - - [15/Apr/2025:08:57:54 -0400] "GET /5-super-trips-with-pizzabacken-in-rome/ HTTP/1.1" 200 17853 "-" "Mozilla/5.0 (compatible; Barkrowler/0.9; +https://babbar.tech/crawler)"
198.54.114.83 - - [15/Apr/2025:08:58:01 -0400] "POST /wp-admin/admin-ajax.php?action=async_litespeed&nonce=sMPpUywNeZFSFVH12K69rjEUErLn8tBw&litespeed_type=imgoptm HTTP/1.1" 200 0 "-" "WordPress/6.7.2; https://creative-webstyle.com"
217.113.194.233 - - [15/Apr/2025:08:58:12 -0400] "GET /les-enjeux-du-recrutement-dans-la-restauration/feed/ HTTP/1.1" 200 408 "-" "Mozilla/5.0 (compatible; Barkrowler/0.9; +https://babbar.tech/crawler)"
13.74.15.66 - - [15/Apr/2025:08:58:24 -0400] "GET /wp-admin/user/about.php HTTP/1.1" 302 0 "-" "-"
13.74.15.66 - - [15/Apr/2025:08:58:25 -0400] "GET /wp-login.php?redirect_to=https%3A%2F%2Fcreative-webstyle.com%2Fwp-admin%2Fuser%2Fabout.php&reauth=1 HTTP/1.1" 200 1701 "-" "-"
217.113.194.234 - - [15/Apr/2025:08:58:30 -0400] "GET /finding-a-local-plumbing-service-you-can-trust/ HTTP/1.1" 200 17931 "-" "Mozilla/5.0 (compatible; Barkrowler/0.9; +https://babbar.tech/crawler)"
2a03:2880:f800:f:: - - [15/Apr/2025:08:58:48 -0400] "GET /the-power-of-a-webdesign-agency/ HTTP/1.1" 200 17890 "-" "meta-externalagent/1.1 (+https://developers.facebook.com/docs/sharing/webmasters/crawler)"
198.54.114.83 - - [15/Apr/2025:08:58:50 -0400] "POST /wp-cron.php?doing_wp_cron=1744721929.7562971115112304687500 HTTP/1.1" 200 0 "-" "WordPress/6.7.2; https://creative-webstyle.com"
217.113.194.238 - - [15/Apr/2025:08:58:49 -0400] "GET /finding-the-best-german-lessons-near-you/ HTTP/1.1" 200 18142 "-" "Mozilla/5.0 (compatible; Barkrowler/0.9; +https://babbar.tech/crawler)"
217.113.194.240 - - [15/Apr/2025:08:59:08 -0400] "GET /finding-the-best-german-lessons-near-you/feed/ HTTP/1.1" 200 413 "-" "Mozilla/5.0 (compatible; Barkrowler/0.9; +https://babbar.tech/crawler)"
217.113.194.233 - - [15/Apr/2025:08:59:25 -0400] "GET /finding-the-right-plumber-in-newcastle/ HTTP/1.1" 200 18728 "-" "Mozilla/5.0 (compatible; Barkrowler/0.9; +https://babbar.tech/crawler)"
217.113.194.238 - - [15/Apr/2025:08:59:44 -0400] "GET /finding-the-right-plumber-in-newcastle/feed/ HTTP/1.1" 200 410 "-" "Mozilla/5.0 (compatible; Barkrowler/0.9; +https://babbar.tech/crawler)"
198.54.114.83 - - [15/Apr/2025:08:59:59 -0400] "POST /wp-admin/admin-ajax.php?action=async_litespeed&nonce=LSzhPKlT05xqwyxvP4QvE1K7AlgVtceT&litespeed_type=imgoptm HTTP/1.1" 200 0 "-" "WordPress/6.7.2; https://creative-webstyle.com"
217.113.194.254 - - [15/Apr/2025:09:00:02 -0400] "GET /health-benefits-of-black-cumin-seed-oil/feed/ HTTP/1.1" 200 408 "-" "Mozilla/5.0 (compatible; Barkrowler/0.9; +https://babbar.tech/crawler)"
217.113.194.234 - - [15/Apr/2025:09:00:20 -0400] "GET /when-does-the-tuners-update-come-out/feed/ HTTP/1.1" 200 405 "-" "Mozilla/5.0 (compatible; Barkrowler/0.9; +https://babbar.tech/crawler)"
217.113.194.232 - - [15/Apr/2025:09:00:38 -0400] "GET /ancient-coastal-relics-of-human-civilization/feed/ HTTP/1.1" 200 409 "-" "Mozilla/5.0 (compatible; Barkrowler/0.9; +https://babbar.tech/crawler)"
198.54.114.83 - - [15/Apr/2025:09:00:59 -0400] "POST /wp-cron.php?doing_wp_cron=1744722057.4656770229339599609375 HTTP/1.1" 200 0 "-" "WordPress/6.7.2; https://creative-webstyle.com"
217.113.194.234 - - [15/Apr/2025:09:00:56 -0400] "GET /how-to-prepare-a-canvas-for-diamond-painting/ HTTP/1.1" 200 18325 "-" "Mozilla/5.0 (compatible; Barkrowler/0.9; +https://babbar.tech/crawler)"
217.113.194.254 - - [15/Apr/2025:09:01:17 -0400] "GET /how-to-prepare-a-canvas-for-diamond-painting/feed/ HTTP/1.1" 200 416 "-" "Mozilla/5.0 (compatible; Barkrowler/0.9; +https://babbar.tech/crawler)"
217.113.194.232 - - [15/Apr/2025:09:01:36 -0400] "GET /how-to-choose-the-best-los-angeles-seo-agency/feed/ HTTP/1.1" 200 417 "-" "Mozilla/5.0 (compatible; Barkrowler/0.9; +https://babbar.tech/crawler)"
217.113.194.240 - - [15/Apr/2025:09:01:54 -0400] "GET /how-to-identify-an-mk-shoulder-bag/feed/ HTTP/1.1" 200 404 "-" "Mozilla/5.0 (compatible; Barkrowler/0.9; +https://babbar.tech/crawler)"
198.54.114.83 - - [15/Apr/2025:09:02:13 -0400] "POST /wp-cron.php?doing_wp_cron=1744722132.1053099632263183593750 HTTP/1.1" 200 0 "-" "WordPress/6.7.2; https://creative-webstyle.com"
217.113.194.239 - - [15/Apr/2025:09:02:11 -0400] "GET /how-to-find-the-best-cbd-for-sleep-uk/feed/ HTTP/1.1" 200 413 "-" "Mozilla/5.0 (compatible; Barkrowler/0.9; +https://babbar.tech/crawler)"
2a02:598:128:8a00::b00:15 - - [15/Apr/2025:09:02:30 -0400] "GET /the-enchanting-tale-of-the-shell-bracelet/ HTTP/1.1" 200 18020 "-" "Mozilla/5.0 (compatible; SeznamBot/4.0; +https://o-seznam.cz/napoveda/vyhledavani/en/seznambot-crawler/)"
217.113.194.236 - - [15/Apr/2025:09:02:30 -0400] "GET /how-to-find-the-best-youtube-subscriber-buy-site/ HTTP/1.1" 200 17930 "-" "Mozilla/5.0 (compatible; Barkrowler/0.9; +https://babbar.tech/crawler)"
