217.113.194.234 - - [15/Apr/2025:15:19:52 -0400] "GET /the-convenience-of-instant-hot-and-cold-water-dispensers/feed/ HTTP/1.1" 200 430 "-" "Mozilla/5.0 (compatible; Barkrowler/0.9; +https://babbar.tech/crawler)"
217.113.194.232 - - [15/Apr/2025:15:20:13 -0400] "GET /the-intriguing-world-of-satta-king-a-comprehensive-overview/ HTTP/1.1" 200 18543 "-" "Mozilla/5.0 (compatible; Barkrowler/0.9; +https://babbar.tech/crawler)"
217.113.194.235 - - [15/Apr/2025:15:20:32 -0400] "GET /les-autocollants-publicitaires-un-outil-efficace-pour-votre-marque/ HTTP/1.1" 200 18173 "-" "Mozilla/5.0 (compatible; Barkrowler/0.9; +https://babbar.tech/crawler)"
198.54.114.83 - - [15/Apr/2025:15:20:36 -0400] "POST /wp-cron.php?doing_wp_cron=1744744832.8762240409851074218750 HTTP/1.1" 200 0 "-" "WordPress/6.7.2; https://creative-webstyle.com"
217.113.194.232 - - [15/Apr/2025:15:20:53 -0400] "GET /maximizing-efficiency-the-art-of-air-cooling-in-modern-systems/ HTTP/1.1" 200 18374 "-" "Mozilla/5.0 (compatible; Barkrowler/0.9; +https://babbar.tech/crawler)"
217.113.194.254 - - [15/Apr/2025:15:21:13 -0400] "GET /online-gambling-business-takes-advantage-of-compulsive-gamblers/feed/ HTTP/1.1" 200 422 "-" "Mozilla/5.0 (compatible; Barkrowler/0.9; +https://babbar.tech/crawler)"
2a01:4f8:241:42e4::2 - - [15/Apr/2025:15:21:31 -0400] "GET /les-enjeux-du-recrutement-dans-la-restauration/ HTTP/1.1" 200 18487 "-" "Mozilla/5.0 (Windows NT 10.0; Win64; x64) AppleWebKit/537.36 (KHTML, like Gecko) Chrome/120.0.0.0 Safari/537.36"
217.113.194.233 - - [15/Apr/2025:15:21:30 -0400] "GET /online-gambling-business-takes-advantage-of-compulsive-gamblers/ HTTP/1.1" 200 18420 "-" "Mozilla/5.0 (compatible; Barkrowler/0.9; +https://babbar.tech/crawler)"
47.242.200.220 - - [15/Apr/2025:15:21:34 -0400] "GET /author/jorge/ HTTP/1.1" 301 0 "-" "Mozilla/5.0 (Macintosh; Intel Mac OS X 10_15_7) AppleWebKit/537.36 (KHTML, like Gecko) Chrome/109.0.0.0 Safari/537.36"
198.54.114.83 - - [15/Apr/2025:15:21:37 -0400] "POST /wp-cron.php?doing_wp_cron=1744744895.7679820060729980468750 HTTP/1.1" 200 0 "-" "WordPress/6.7.2; https://creative-webstyle.com"
47.242.200.220 - - [15/Apr/2025:15:21:38 -0400] "GET / HTTP/1.1" 200 78396 "https://creative-webstyle.com/author/jorge/" "Mozilla/5.0 (Macintosh; Intel Mac OS X 10_15_7) AppleWebKit/537.36 (KHTML, like Gecko) Chrome/109.0.0.0 Safari/537.36"
217.113.194.241 - - [15/Apr/2025:15:21:50 -0400] "GET /online-gambling-during-the-global-financial-crisis-a-positive-view/feed/ HTTP/1.1" 200 435 "-" "Mozilla/5.0 (compatible; Barkrowler/0.9; +https://babbar.tech/crawler)"
154.54.249.218 - - [15/Apr/2025:15:22:10 -0400] "GET /lheritage-durable-explorer-limportance-de-la-permanence-dentaire/feed/ HTTP/1.1" 200 454 "-" "Mozilla/5.0 (compatible; Barkrowler/0.9; +https://babbar.tech/crawler)"
217.113.194.233 - - [15/Apr/2025:15:22:29 -0400] "GET /sciatica-chiropractic-can-ease-your-symptoms-without-surgery/ HTTP/1.1" 200 17828 "-" "Mozilla/5.0 (compatible; Barkrowler/0.9; +https://babbar.tech/crawler)"
198.54.114.83 - - [15/Apr/2025:15:22:50 -0400] "POST /wp-cron.php?doing_wp_cron=1744744968.9904549121856689453125 HTTP/1.1" 200 0 "-" "WordPress/6.7.2; https://creative-webstyle.com"
217.113.194.236 - - [15/Apr/2025:15:22:48 -0400] "GET /sciatica-chiropractic-can-ease-your-symptoms-without-surgery/feed/ HTTP/1.1" 200 431 "-" "Mozilla/5.0 (compatible; Barkrowler/0.9; +https://babbar.tech/crawler)"
198.54.114.83 - - [15/Apr/2025:15:22:58 -0400] "POST /wp-admin/admin-ajax.php?action=async_litespeed&nonce=RPwRRDGI9kbBxknIIws44fBmcPMZzmQb&litespeed_type=imgoptm HTTP/1.1" 200 0 "-" "WordPress/6.7.2; https://creative-webstyle.com"
154.54.249.218 - - [15/Apr/2025:15:23:07 -0400] "GET /coffee-cup-with-lid-lets-you-enjoy-coffee-for-a-longer-time/ HTTP/1.1" 200 18206 "-" "Mozilla/5.0 (compatible; Barkrowler/0.9; +https://babbar.tech/crawler)"
217.113.194.236 - - [15/Apr/2025:15:23:28 -0400] "GET /does-a-cancer-treatment-with-fenbendazole-really-work/feed/ HTTP/1.1" 200 423 "-" "Mozilla/5.0 (compatible; Barkrowler/0.9; +https://babbar.tech/crawler)"
154.54.249.218 - - [15/Apr/2025:15:23:46 -0400] "GET /a-comprehensive-journey-through-the-ivf-clinic-experience/ HTTP/1.1" 200 18965 "-" "Mozilla/5.0 (compatible; Barkrowler/0.9; +https://babbar.tech/crawler)"
198.54.114.83 - - [15/Apr/2025:15:24:06 -0400] "POST /wp-cron.php?doing_wp_cron=1744745045.4500000476837158203125 HTTP/1.1" 200 0 "-" "WordPress/6.7.2; https://creative-webstyle.com"
217.113.194.238 - - [15/Apr/2025:15:24:04 -0400] "GET /the-unraveling-mystery-behind-instagrams-account-freeze-link/feed/ HTTP/1.1" 200 441 "-" "Mozilla/5.0 (compatible; Barkrowler/0.9; +https://babbar.tech/crawler)"
217.113.194.237 - - [15/Apr/2025:15:24:24 -0400] "GET /new-approach-prevents-skin-cancer-using-photodynamic-therapy-pdt/feed/ HTTP/1.1" 200 442 "-" "Mozilla/5.0 (compatible; Barkrowler/0.9; +https://babbar.tech/crawler)"
154.54.249.218 - - [15/Apr/2025:15:24:42 -0400] "GET /die-rolle-von-sicherheitskameras-in-der-modernen-gesellschaft/feed/ HTTP/1.1" 200 423 "-" "Mozilla/5.0 (compatible; Barkrowler/0.9; +https://babbar.tech/crawler)"
154.54.249.218 - - [15/Apr/2025:15:25:04 -0400] "GET /die-rolle-von-sicherheitskameras-in-der-modernen-gesellschaft/ HTTP/1.1" 200 18373 "-" "Mozilla/5.0 (compatible; Barkrowler/0.9; +https://babbar.tech/crawler)"
198.54.114.83 - - [15/Apr/2025:15:25:26 -0400] "POST /wp-cron.php?doing_wp_cron=1744745124.0297939777374267578125 HTTP/1.1" 200 0 "-" "WordPress/6.7.2; https://creative-webstyle.com"
217.113.194.240 - - [15/Apr/2025:15:25:23 -0400] "GET /navigating-the-landscape-of-online-betting-risks-rewards-and-responsible-gaming/ HTTP/1.1" 200 18568 "-" "Mozilla/5.0 (compatible; Barkrowler/0.9; +https://babbar.tech/crawler)"
217.113.194.254 - - [15/Apr/2025:15:25:47 -0400] "GET /navigating-the-historical-and-cultural-straits-of-joo-chiat/feed/ HTTP/1.1" 200 426 "-" "Mozilla/5.0 (compatible; Barkrowler/0.9; +https://babbar.tech/crawler)"
154.54.249.218 - - [15/Apr/2025:15:26:06 -0400] "GET /navigating-the-chill-a-guide-to-freezing-your-instagram-account/feed/ HTTP/1.1" 200 435 "-" "Mozilla/5.0 (compatible; Barkrowler/0.9; +https://babbar.tech/crawler)"
217.113.194.234 - - [15/Apr/2025:15:26:25 -0400] "GET /navigating-the-complex-landscape-of-ai-gpu-pricing-and-availability/ HTTP/1.1" 200 18138 "-" "Mozilla/5.0 (compatible; Barkrowler/0.9; +https://babbar.tech/crawler)"
198.54.114.83 - - [15/Apr/2025:15:26:29 -0400] "POST /wp-cron.php?doing_wp_cron=1744745185.9440460205078125000000 HTTP/1.1" 200 0 "-" "WordPress/6.7.2; https://creative-webstyle.com"
217.113.194.236 - - [15/Apr/2025:15:26:46 -0400] "GET /heartfelt-gestures-the-magic-of-personalized-valentines-day-gifts/ HTTP/1.1" 200 18089 "-" "Mozilla/5.0 (compatible; Barkrowler/0.9; +https://babbar.tech/crawler)"
217.113.194.233 - - [15/Apr/2025:15:27:06 -0400] "GET /depersonalization-induced-by-e-cigarettes-and-vaping/feed/ HTTP/1.1" 200 414 "-" "Mozilla/5.0 (compatible; Barkrowler/0.9; +https://babbar.tech/crawler)"
198.54.114.83 - - [15/Apr/2025:15:27:27 -0400] "POST /wp-cron.php?doing_wp_cron=1744745246.1911919116973876953125 HTTP/1.1" 200 0 "-" "WordPress/6.7.2; https://creative-webstyle.com"
217.113.194.240 - - [15/Apr/2025:15:27:25 -0400] "GET /why-you-should-leave-residential-electrician-work-to-the-professionals/feed/ HTTP/1.1" 200 437 "-" "Mozilla/5.0 (compatible; Barkrowler/0.9; +https://babbar.tech/crawler)"
217.113.194.232 - - [15/Apr/2025:15:27:47 -0400] "GET /livraison-de-plateaux-repas-une-option-pratique-et-savoureuse/feed/ HTTP/1.1" 200 431 "-" "Mozilla/5.0 (compatible; Barkrowler/0.9; +https://babbar.tech/crawler)"
217.113.194.234 - - [15/Apr/2025:15:28:05 -0400] "GET /innovative-power-solutions-leading-the-charge-with-graphene-batteries/ HTTP/1.1" 200 18208 "-" "Mozilla/5.0 (compatible; Barkrowler/0.9; +https://babbar.tech/crawler)"
217.113.194.254 - - [15/Apr/2025:15:28:24 -0400] "GET /innovative-solutions-for-modern-plumbing-ppr-pipes-and-fittings/ HTTP/1.1" 200 18197 "-" "Mozilla/5.0 (compatible; Barkrowler/0.9; +https://babbar.tech/crawler)"
198.54.114.83 - - [15/Apr/2025:15:28:47 -0400] "POST /wp-cron.php?doing_wp_cron=1744745325.6754069328308105468750 HTTP/1.1" 200 0 "-" "WordPress/6.7.2; https://creative-webstyle.com"
217.113.194.241 - - [15/Apr/2025:15:28:44 -0400] "GET /revolutionize-your-kitchen-instant-hot-and-cold-water-taps/ HTTP/1.1" 200 18198 "-" "Mozilla/5.0 (compatible; Barkrowler/0.9; +https://babbar.tech/crawler)"
217.113.194.234 - - [15/Apr/2025:15:29:07 -0400] "GET /revolutionizing-workplace-communication-the-employee-communication-app/feed/ HTTP/1.1" 200 420 "-" "Mozilla/5.0 (compatible; Barkrowler/0.9; +https://babbar.tech/crawler)"
217.113.194.236 - - [15/Apr/2025:15:29:25 -0400] "GET /revolutionizing-staking-with-anyone-protocols-dashboard/feed/ HTTP/1.1" 200 422 "-" "Mozilla/5.0 (compatible; Barkrowler/0.9; +https://babbar.tech/crawler)"
217.113.194.233 - - [15/Apr/2025:15:29:44 -0400] "GET /remarkable-accuracy-in-the-making-of-plastic-injection-molds/feed/ HTTP/1.1" 200 426 "-" "Mozilla/5.0 (compatible; Barkrowler/0.9; +https://babbar.tech/crawler)"
217.113.194.234 - - [15/Apr/2025:15:30:04 -0400] "GET /flexibility-and-freedom-the-allure-of-part-time-employment/feed/ HTTP/1.1" 200 435 "-" "Mozilla/5.0 (compatible; Barkrowler/0.9; +https://babbar.tech/crawler)"
198.54.114.83 - - [15/Apr/2025:15:30:10 -0400] "POST /wp-cron.php?doing_wp_cron=1744745405.6575889587402343750000 HTTP/1.1" 200 0 "-" "WordPress/6.7.2; https://creative-webstyle.com"
217.113.194.234 - - [15/Apr/2025:15:30:24 -0400] "GET /title-the-essence-of-home-exploring-the-intricacies-of-property/ HTTP/1.1" 200 18183 "-" "Mozilla/5.0 (compatible; Barkrowler/0.9; +https://babbar.tech/crawler)"
173.255.192.198 - - [15/Apr/2025:15:30:43 -0400] "GET /wp-content/themes/seotheme/db.php?u HTTP/1.1" 404 12635 "www.google.com" "Mozlila/5.0 (Linux; Android 7.0; SM-G892A Bulid/NRD90M; wv) AppleWebKit/537.36 (KHTML, like Gecko) Version/4.0 Chrome/60.0.3112.107 Moblie Safari/537.36"
217.113.194.240 - - [15/Apr/2025:15:30:46 -0400] "GET /unlocking-success-the-journey-to-1000-youtube-subscribers/feed/ HTTP/1.1" 200 442 "-" "Mozilla/5.0 (compatible; Barkrowler/0.9; +https://babbar.tech/crawler)"
173.255.192.198 - - [15/Apr/2025:15:30:46 -0400] "POST /wp-plain.php HTTP/1.1" 404 12570 "www.google.com" "Mozilla/5.0 (Linux; Android 7.0; SM-G892A Bulid/NRD90M; wv) AppleWebKit/537.36 (KHTML, like Gecko) Version/4.0 Chrome/60.0.3112.107 Moblie Safari/537.36"
173.255.192.198 - - [15/Apr/2025:15:30:52 -0400] "GET /jmclweyj.php?Fox=d3wL7 HTTP/1.1" 404 12634 "www.google.com" "Mozilla/5.0 (Linux; Android 7.0; SM-G892A Bulid/NRD90M; wv) AppleWebKit/537.36 (KHTML, like Gecko) Version/4.0 Chrome/60.0.3112.107 Moblie Safari/537.36"
154.54.249.218 - - [15/Apr/2025:15:31:06 -0400] "GET /unlocking-success-the-journey-to-1000-subscribers-on-youtube/feed/ HTTP/1.1" 200 429 "-" "Mozilla/5.0 (compatible; Barkrowler/0.9; +https://babbar.tech/crawler)"
198.54.114.83 - - [15/Apr/2025:15:31:10 -0400] "POST /wp-cron.php?doing_wp_cron=1744745467.5197238922119140625000 HTTP/1.1" 200 0 "-" "WordPress/6.7.2; https://creative-webstyle.com"
217.113.194.234 - - [15/Apr/2025:15:31:26 -0400] "GET /unlocking-success-the-pros-and-cons-of-buying-youtube-views/feed/ HTTP/1.1" 200 453 "-" "Mozilla/5.0 (compatible; Barkrowler/0.9; +https://babbar.tech/crawler)"
217.113.194.235 - - [15/Apr/2025:15:31:46 -0400] "GET /unlocking-the-key-to-efficiency-the-typing-speed-test/ HTTP/1.1" 200 18163 "-" "Mozilla/5.0 (compatible; Barkrowler/0.9; +https://babbar.tech/crawler)"
217.113.194.236 - - [15/Apr/2025:15:32:08 -0400] "GET /unlocking-the-world-of-possibilities-with-roblox-gift-cards/feed/ HTTP/1.1" 200 432 "-" "Mozilla/5.0 (compatible; Barkrowler/0.9; +https://babbar.tech/crawler)"
198.54.114.83 - - [15/Apr/2025:15:32:11 -0400] "POST /wp-cron.php?doing_wp_cron=1744745529.3013029098510742187500 HTTP/1.1" 200 0 "-" "WordPress/6.7.2; https://creative-webstyle.com"
85.208.96.203 - - [15/Apr/2025:15:32:21 -0400] "GET /robots.txt HTTP/1.1" 200 110 "-" "Mozilla/5.0 (compatible; SemrushBot/7~bl; +http://www.semrush.com/bot.html)"
85.208.96.193 - - [15/Apr/2025:15:32:24 -0400] "GET /what-is-a-skill-seller/ HTTP/1.1" 200 17957 "-" "Mozilla/5.0 (compatible; SemrushBot/7~bl; +http://www.semrush.com/bot.html)"
154.54.249.218 - - [15/Apr/2025:15:32:29 -0400] "GET /unlocking-the-world-of-possibilities-with-roblox-gift-cards/ HTTP/1.1" 200 18622 "-" "Mozilla/5.0 (compatible; Barkrowler/0.9; +https://babbar.tech/crawler)"
217.113.194.254 - - [15/Apr/2025:15:32:50 -0400] "GET /unveiling-stake-ator-revolutionizing-stakeholder-management/ HTTP/1.1" 200 17809 "-" "Mozilla/5.0 (compatible; Barkrowler/0.9; +https://babbar.tech/crawler)"
198.54.114.83 - - [15/Apr/2025:15:33:12 -0400] "POST /wp-cron.php?doing_wp_cron=1744745590.7700359821319580078125 HTTP/1.1" 200 0 "-" "WordPress/6.7.2; https://creative-webstyle.com"
217.113.194.238 - - [15/Apr/2025:15:33:10 -0400] "GET /unveiling-the-trailblazing-journey-of-adriana-olivarez/ HTTP/1.1" 200 18664 "-" "Mozilla/5.0 (compatible; Barkrowler/0.9; +https://babbar.tech/crawler)"
217.113.194.234 - - [15/Apr/2025:15:33:30 -0400] "GET /unveiling-the-perils-behind-buying-instagram-followers/feed/ HTTP/1.1" 200 432 "-" "Mozilla/5.0 (compatible; Barkrowler/0.9; +https://babbar.tech/crawler)"
217.113.194.241 - - [15/Apr/2025:15:33:49 -0400] "GET /unveiling-the-crypto-presale-an-emerging-trend/feed/ HTTP/1.1" 200 419 "-" "Mozilla/5.0 (compatible; Barkrowler/0.9; +https://babbar.tech/crawler)"
217.113.194.236 - - [15/Apr/2025:15:34:07 -0400] "GET /unveiling-the-thrill-exploring-the-world-of-dewapoker/feed/ HTTP/1.1" 200 423 "-" "Mozilla/5.0 (compatible; Barkrowler/0.9; +https://babbar.tech/crawler)"
217.113.194.234 - - [15/Apr/2025:15:34:26 -0400] "GET /unveiling-ceti-crypto-a-new-frontier-in-digital-currency/feed/ HTTP/1.1" 200 429 "-" "Mozilla/5.0 (compatible; Barkrowler/0.9; +https://babbar.tech/crawler)"
198.54.114.83 - - [15/Apr/2025:15:34:29 -0400] "POST /wp-cron.php?doing_wp_cron=1744745667.4552109241485595703125 HTTP/1.1" 200 0 "-" "WordPress/6.7.2; https://creative-webstyle.com"
217.113.194.237 - - [15/Apr/2025:15:34:47 -0400] "GET /unraveling-the-symphony-unveiling-the-best-usb-headphones/ HTTP/1.1" 200 18152 "-" "Mozilla/5.0 (compatible; Barkrowler/0.9; +https://babbar.tech/crawler)"
217.113.194.234 - - [15/Apr/2025:15:35:09 -0400] "GET /unleashing-the-power-of-propane-forklifts-for-rent/ HTTP/1.1" 200 17907 "-" "Mozilla/5.0 (compatible; Barkrowler/0.9; +https://babbar.tech/crawler)"
217.113.194.234 - - [15/Apr/2025:15:35:30 -0400] "GET /unleashing-the-power-of-propane-forklifts-for-rent/feed/ HTTP/1.1" 200 423 "-" "Mozilla/5.0 (compatible; Barkrowler/0.9; +https://babbar.tech/crawler)"
198.54.114.83 - - [15/Apr/2025:15:35:33 -0400] "POST /wp-cron.php?doing_wp_cron=1744745730.6878569126129150390625 HTTP/1.1" 200 0 "-" "WordPress/6.7.2; https://creative-webstyle.com"
217.113.194.235 - - [15/Apr/2025:15:35:51 -0400] "GET /unleashing-the-power-within-the-art-of-bodybuilding-coaching/ HTTP/1.1" 200 18086 "-" "Mozilla/5.0 (compatible; Barkrowler/0.9; +https://babbar.tech/crawler)"
217.113.194.240 - - [15/Apr/2025:15:36:16 -0400] "GET /baby-wearing-the-art-and-science-of-carrying-your-baby-part-four/ HTTP/1.1" 200 19439 "-" "Mozilla/5.0 (compatible; Barkrowler/0.9; +https://babbar.tech/crawler)"
198.54.114.83 - - [15/Apr/2025:15:36:38 -0400] "POST /wp-cron.php?doing_wp_cron=1744745797.6081509590148925781250 HTTP/1.1" 200 0 "-" "WordPress/6.7.2; https://creative-webstyle.com"
217.113.194.254 - - [15/Apr/2025:15:36:37 -0400] "GET /buy-tiktok-saves-to-boost-your-social-media-credibility/feed/ HTTP/1.1" 200 435 "-" "Mozilla/5.0 (compatible; Barkrowler/0.9; +https://babbar.tech/crawler)"
198.54.114.83 - - [15/Apr/2025:15:36:47 -0400] "POST /wp-admin/admin-ajax.php?action=async_litespeed&nonce=yuOd3z7QNnadVEZNZMyf0hozV2WbM6ky&litespeed_type=imgoptm HTTP/1.1" 200 0 "-" "WordPress/6.7.2; https://creative-webstyle.com"
154.54.249.218 - - [15/Apr/2025:15:36:58 -0400] "GET /swinging-in-tranquility-exploring-vietnams-golfing-landscape/ HTTP/1.1" 200 18801 "-" "Mozilla/5.0 (compatible; Barkrowler/0.9; +https://babbar.tech/crawler)"
217.113.194.238 - - [15/Apr/2025:15:37:15 -0400] "GET /le-comptoir-daccueil-personnalisable-un-premier-accueil-memorable/feed/ HTTP/1.1" 200 447 "-" "Mozilla/5.0 (compatible; Barkrowler/0.9; +https://babbar.tech/crawler)"
198.54.114.83 - - [15/Apr/2025:15:37:19 -0400] "POST /wp-cron.php?doing_wp_cron=1744745836.4087400436401367187500 HTTP/1.1" 200 0 "-" "WordPress/6.7.2; https://creative-webstyle.com"
217.113.194.254 - - [15/Apr/2025:15:37:34 -0400] "GET /eine-tiefgreifende-form-psychologischer-gewalt/ HTTP/1.1" 200 18225 "-" "Mozilla/5.0 (compatible; Barkrowler/0.9; +https://babbar.tech/crawler)"
217.113.194.232 - - [15/Apr/2025:15:37:55 -0400] "GET /mastering-zhu-yuan-skill-priority-for-optimal-performance/ HTTP/1.1" 200 18296 "-" "Mozilla/5.0 (compatible; Barkrowler/0.9; +https://babbar.tech/crawler)"
217.113.194.239 - - [15/Apr/2025:15:38:15 -0400] "GET /mastering-the-rift-unlocking-strategies-in-league-of-legends/feed/ HTTP/1.1" 200 434 "-" "Mozilla/5.0 (compatible; Barkrowler/0.9; +https://babbar.tech/crawler)"
198.54.114.83 - - [15/Apr/2025:15:38:19 -0400] "POST /wp-cron.php?doing_wp_cron=1744745897.6769878864288330078125 HTTP/1.1" 200 0 "-" "WordPress/6.7.2; https://creative-webstyle.com"
217.113.194.238 - - [15/Apr/2025:15:38:37 -0400] "GET /le-surf-poncho-laccessoire-indispensable-des-surfeurs/ HTTP/1.1" 200 18023 "-" "Mozilla/5.0 (compatible; Barkrowler/0.9; +https://babbar.tech/crawler)"
217.113.194.238 - - [15/Apr/2025:15:38:58 -0400] "GET /what-to-look-for-in-a-divorce-lawyer-how-to-choose-wisely/feed/ HTTP/1.1" 200 445 "-" "Mozilla/5.0 (compatible; Barkrowler/0.9; +https://babbar.tech/crawler)"
154.54.249.218 - - [15/Apr/2025:15:39:16 -0400] "GET /umzug-firma-hamburg-fur-einen-stressfreien-umzug/ HTTP/1.1" 200 18470 "-" "Mozilla/5.0 (compatible; Barkrowler/0.9; +https://babbar.tech/crawler)"
198.54.114.83 - - [15/Apr/2025:15:39:45 -0400] "POST /wp-cron.php?doing_wp_cron=1744745980.8647289276123046875000 HTTP/1.1" 200 0 "-" "WordPress/6.7.2; https://creative-webstyle.com"
217.113.194.235 - - [15/Apr/2025:15:39:36 -0400] "GET /umzug-firma-hamburg-fur-einen-stressfreien-umzug/feed/ HTTP/1.1" 200 421 "-" "Mozilla/5.0 (compatible; Barkrowler/0.9; +https://babbar.tech/crawler)"
217.113.194.240 - - [15/Apr/2025:15:40:03 -0400] "GET /umzugsunternehmen-in-hamburg-fur-stressfreie-umzuge/ HTTP/1.1" 200 18487 "-" "Mozilla/5.0 (compatible; Barkrowler/0.9; +https://babbar.tech/crawler)"
217.113.194.239 - - [15/Apr/2025:15:40:22 -0400] "GET /umzugsunternehmen-in-hamburg-fur-stressfreie-umzuge/feed/ HTTP/1.1" 200 423 "-" "Mozilla/5.0 (compatible; Barkrowler/0.9; +https://babbar.tech/crawler)"
217.113.194.239 - - [15/Apr/2025:15:40:41 -0400] "GET /matter-residences-what-about-my-existing-smart-home-devices/feed/ HTTP/1.1" 200 448 "-" "Mozilla/5.0 (compatible; Barkrowler/0.9; +https://babbar.tech/crawler)"
198.54.114.83 - - [15/Apr/2025:15:40:49 -0400] "POST /wp-cron.php?doing_wp_cron=1744746043.5330209732055664062500 HTTP/1.1" 200 0 "-" "WordPress/6.7.2; https://creative-webstyle.com"
217.113.194.240 - - [15/Apr/2025:15:41:04 -0400] "GET /what-you-should-notice-when-buying-any-michael-kors-handbag/ HTTP/1.1" 200 18275 "-" "Mozilla/5.0 (compatible; Barkrowler/0.9; +https://babbar.tech/crawler)"
217.113.194.234 - - [15/Apr/2025:15:41:24 -0400] "GET /exploring-paradise-nusa-penida-tour-package-unveiled/feed/ HTTP/1.1" 200 419 "-" "Mozilla/5.0 (compatible; Barkrowler/0.9; +https://babbar.tech/crawler)"
217.113.194.232 - - [15/Apr/2025:15:41:43 -0400] "GET /exploring-paradise-nusa-penida-tour-package-unveiled/ HTTP/1.1" 200 18050 "-" "Mozilla/5.0 (compatible; Barkrowler/0.9; +https://babbar.tech/crawler)"
198.54.114.83 - - [15/Apr/2025:15:41:46 -0400] "POST /wp-cron.php?doing_wp_cron=1744746103.9209690093994140625000 HTTP/1.1" 200 0 "-" "WordPress/6.7.2; https://creative-webstyle.com"
217.113.194.232 - - [15/Apr/2025:15:42:03 -0400] "GET /video-marketing-optimizing-a-video-for-marketing-on-youtube-part-3/ HTTP/1.1" 200 19075 "-" "Mozilla/5.0 (compatible; Barkrowler/0.9; +https://babbar.tech/crawler)"
217.113.194.232 - - [15/Apr/2025:15:42:23 -0400] "GET /why-composite-doors-are-perfect-for-homes-across-south-wales/feed/ HTTP/1.1" 200 436 "-" "Mozilla/5.0 (compatible; Barkrowler/0.9; +https://babbar.tech/crawler)"
217.113.194.234 - - [15/Apr/2025:15:42:41 -0400] "GET /sollte-die-steuerberatung-hattingen-reguliert-werden/ HTTP/1.1" 200 18411 "-" "Mozilla/5.0 (compatible; Barkrowler/0.9; +https://babbar.tech/crawler)"
217.113.194.241 - - [15/Apr/2025:15:43:01 -0400] "GET /moderne-hangelampen-beleuchtung-mit-stil-und-innovation/ HTTP/1.1" 200 18444 "-" "Mozilla/5.0 (compatible; Barkrowler/0.9; +https://babbar.tech/crawler)"
198.54.114.83 - - [15/Apr/2025:15:43:04 -0400] "POST /wp-cron.php?doing_wp_cron=1744746181.7941179275512695312500 HTTP/1.1" 200 0 "-" "WordPress/6.7.2; https://creative-webstyle.com"
217.113.194.238 - - [15/Apr/2025:15:43:21 -0400] "GET /les-tendances-les-plus-chaudes-dans-les-bijoux-pour-femmes-pour-2022/ HTTP/1.1" 200 19190 "-" "Mozilla/5.0 (compatible; Barkrowler/0.9; +https://babbar.tech/crawler)"
217.113.194.241 - - [15/Apr/2025:15:43:38 -0400] "GET /the-four-predominant-pillars-of-mantra-sidhi-or-success/ HTTP/1.1" 200 19142 "-" "Mozilla/5.0 (compatible; Barkrowler/0.9; +https://babbar.tech/crawler)"
217.113.194.240 - - [15/Apr/2025:15:43:58 -0400] "GET /escape-to-serenity-the-ultimate-resort-experience-on-lake-garda/feed/ HTTP/1.1" 200 441 "-" "Mozilla/5.0 (compatible; Barkrowler/0.9; +https://babbar.tech/crawler)"
154.54.249.218 - - [15/Apr/2025:15:44:18 -0400] "GET /assurer-votre-avenir-professionnel-limportance-de-lassurance-professionnelle/ HTTP/1.1" 200 18112 "-" "Mozilla/5.0 (compatible; Barkrowler/0.9; +https://babbar.tech/crawler)"
198.54.114.83 - - [15/Apr/2025:15:44:21 -0400] "POST /wp-cron.php?doing_wp_cron=1744746259.4269030094146728515625 HTTP/1.1" 200 0 "-" "WordPress/6.7.2; https://creative-webstyle.com"
217.113.194.234 - - [15/Apr/2025:15:44:41 -0400] "GET /les-ecrans-publicitaires-a-geneve-une-fenetre-vers-le-futur/feed/ HTTP/1.1" 200 442 "-" "Mozilla/5.0 (compatible; Barkrowler/0.9; +https://babbar.tech/crawler)"
2a01:4f8:241:42e4::2 - - [15/Apr/2025:15:44:59 -0400] "GET /splendeur-animale-la-peinture-comme-miroir-de-la-nature/ HTTP/1.1" 200 17941 "-" "Mozilla/5.0 (Windows NT 10.0; Win64; x64) AppleWebKit/537.36 (KHTML, like Gecko) Chrome/120.0.0.0 Safari/537.36"
217.113.194.234 - - [15/Apr/2025:15:45:03 -0400] "GET /eco-friendly-ways-to-clean-silver-jewelry-silberschmuck-reinigen-hausmittel/ HTTP/1.1" 200 18891 "-" "Mozilla/5.0 (compatible; Barkrowler/0.9; +https://babbar.tech/crawler)"
198.54.114.83 - - [15/Apr/2025:15:45:27 -0400] "POST /wp-cron.php?doing_wp_cron=1744746325.0206770896911621093750 HTTP/1.1" 200 0 "-" "WordPress/6.7.2; https://creative-webstyle.com"
217.113.194.239 - - [15/Apr/2025:15:45:24 -0400] "GET /detentez-vous-avec-elegance-lexperience-de-la-douche-a-litalienne/ HTTP/1.1" 200 18485 "-" "Mozilla/5.0 (compatible; Barkrowler/0.9; +https://babbar.tech/crawler)"
217.113.194.241 - - [15/Apr/2025:15:45:45 -0400] "GET /detentez-vous-avec-elegance-lexperience-de-la-douche-a-litalienne/feed/ HTTP/1.1" 200 475 "-" "Mozilla/5.0 (compatible; Barkrowler/0.9; +https://babbar.tech/crawler)"
217.113.194.234 - - [15/Apr/2025:15:46:04 -0400] "GET /finding-an-hvac-supply-near-me-can-cut-repair-costs/feed/ HTTP/1.1" 200 429 "-" "Mozilla/5.0 (compatible; Barkrowler/0.9; +https://babbar.tech/crawler)"
77.238.235.209 - - [15/Apr/2025:15:46:25 -0400] "GET /hvac-systems-and-mold/ HTTP/1.1" 200 19434 "https://creative-webstyle.com/hvac-systems-and-mold/" "Mozilla/5.0 (Windows NT 10.0; Win64; x64) AppleWebKit/537.36 (KHTML, like Gecko) Chrome/130.0.0.0 Safari/537.36"
217.113.194.237 - - [15/Apr/2025:15:46:26 -0400] "GET /empowering-lives-navigating-the-path-to-care-with-find-a-carer/feed/ HTTP/1.1" 200 443 "-" "Mozilla/5.0 (compatible; Barkrowler/0.9; +https://babbar.tech/crawler)"
198.54.114.83 - - [15/Apr/2025:15:46:29 -0400] "POST /wp-cron.php?doing_wp_cron=1744746386.7360339164733886718750 HTTP/1.1" 200 0 "-" "WordPress/6.7.2; https://creative-webstyle.com"
77.238.235.209 - - [15/Apr/2025:15:46:27 -0400] "POST /wp-comments-post.php HTTP/1.1" 302 0 "https://creative-webstyle.com/hvac-systems-and-mold/" "Mozilla/5.0 (Windows NT 10.0; Win64; x64) AppleWebKit/537.36 (KHTML, like Gecko) Chrome/130.0.0.0 Safari/537.36"
77.238.235.209 - - [15/Apr/2025:15:46:32 -0400] "GET /hvac-systems-and-mold/ HTTP/1.1" 200 20093 "https://creative-webstyle.com/hvac-systems-and-mold/#comment-35251" "Mozilla/5.0 (Windows NT 10.0; Win64; x64) AppleWebKit/537.36 (KHTML, like Gecko) Chrome/130.0.0.0 Safari/537.36"
217.113.194.237 - - [15/Apr/2025:15:46:48 -0400] "GET /enhancing-performance-and-safety-the-evolution-of-sports-grip-socks/ HTTP/1.1" 200 18167 "-" "Mozilla/5.0 (compatible; Barkrowler/0.9; +https://babbar.tech/crawler)"
217.113.194.239 - - [15/Apr/2025:15:47:07 -0400] "GET /the-ultimate-convenience-instant-hot-and-cold-water-dispenser/feed/ HTTP/1.1" 200 431 "-" "Mozilla/5.0 (compatible; Barkrowler/0.9; +https://babbar.tech/crawler)"
217.113.194.240 - - [15/Apr/2025:15:47:26 -0400] "GET /the-magic-of-rainbow-riches-casino-a-world-of-fun-and-fortune/feed/ HTTP/1.1" 200 440 "-" "Mozilla/5.0 (compatible; Barkrowler/0.9; +https://babbar.tech/crawler)"
198.54.114.83 - - [15/Apr/2025:15:47:28 -0400] "POST /wp-cron.php?doing_wp_cron=1744746446.8850989341735839843750 HTTP/1.1" 200 0 "-" "WordPress/6.7.2; https://creative-webstyle.com"
217.113.194.235 - - [15/Apr/2025:15:47:44 -0400] "GET /modeschmuck-auf-der-suche-nach-stilvollem-online-schmuck/ HTTP/1.1" 200 19210 "-" "Mozilla/5.0 (compatible; Barkrowler/0.9; +https://babbar.tech/crawler)"
2a02:598:128:8a00::b00:a - - [15/Apr/2025:15:48:00 -0400] "GET /the-nusa-penida-tour/feed/ HTTP/1.1" 200 384 "-" "Mozilla/5.0 (compatible; SeznamBot/4.0; +https://o-seznam.cz/napoveda/vyhledavani/en/seznambot-crawler/)"
217.113.194.232 - - [15/Apr/2025:15:48:05 -0400] "GET /savoring-tradition-riyadh-grape-leaves-fattah/feed/ HTTP/1.1" 200 412 "-" "Mozilla/5.0 (compatible; Barkrowler/0.9; +https://babbar.tech/crawler)"
217.113.194.241 - - [15/Apr/2025:15:48:23 -0400] "GET /a-haven-amidst-nature-exploring-pinetree-hill-condo/ HTTP/1.1" 200 17928 "-" "Mozilla/5.0 (compatible; Barkrowler/0.9; +https://babbar.tech/crawler)"
217.113.194.241 - - [15/Apr/2025:15:48:43 -0400] "GET /revitalizing-homes-the-art-of-house-washing-on-the-gold-coast/ HTTP/1.1" 200 18254 "-" "Mozilla/5.0 (compatible; Barkrowler/0.9; +https://babbar.tech/crawler)"
198.54.114.83 - - [15/Apr/2025:15:48:45 -0400] "POST /wp-cron.php?doing_wp_cron=1744746523.3688459396362304687500 HTTP/1.1" 200 0 "-" "WordPress/6.7.2; https://creative-webstyle.com"
217.113.194.241 - - [15/Apr/2025:15:49:03 -0400] "GET /happy-anniversary-cake-make-your-lover-feel-like-a-million-bucks/feed/ HTTP/1.1" 200 453 "-" "Mozilla/5.0 (compatible; Barkrowler/0.9; +https://babbar.tech/crawler)"
217.113.194.240 - - [15/Apr/2025:15:49:22 -0400] "GET /the-modern-convenience-of-instant-hot-and-cold-water-taps/feed/ HTTP/1.1" 200 432 "-" "Mozilla/5.0 (compatible; Barkrowler/0.9; +https://babbar.tech/crawler)"
44.198.198.52 - - [15/Apr/2025:15:49:29 -0400] "GET /restoring-functionality-appliance-repair-in-gatineau/ HTTP/1.1" 200 18306 "-" "Grammarly/1.0 (http://www.grammarly.com)"
217.113.194.254 - - [15/Apr/2025:15:49:41 -0400] "GET /choosing-the-ultimate-refrigerant-recovery-machine-a-comprehensive-guide/feed/ HTTP/1.1" 200 458 "-" "Mozilla/5.0 (compatible; Barkrowler/0.9; +https://babbar.tech/crawler)"
198.54.114.83 - - [15/Apr/2025:15:50:02 -0400] "POST /wp-cron.php?doing_wp_cron=1744746600.1487278938293457031250 HTTP/1.1" 200 0 "-" "WordPress/6.7.2; https://creative-webstyle.com"
217.113.194.234 - - [15/Apr/2025:15:49:59 -0400] "GET /ellen-simonetti-stars-in-second-episode-of-jacques/ HTTP/1.1" 200 18433 "-" "Mozilla/5.0 (compatible; Barkrowler/0.9; +https://babbar.tech/crawler)"
2a02:598:128:8a00::b00:15 - - [15/Apr/2025:15:50:12 -0400] "GET /the-journey-of-a-pert-pipe-manufacturer/ HTTP/1.1" 200 18239 "-" "Mozilla/5.0 (compatible; SeznamBot/4.0; +https://o-seznam.cz/napoveda/vyhledavani/en/seznambot-crawler/)"
217.113.194.254 - - [15/Apr/2025:15:50:22 -0400] "GET /ellen-simonetti-stars-in-second-episode-of-jacques/feed/ HTTP/1.1" 200 419 "-" "Mozilla/5.0 (compatible; Barkrowler/0.9; +https://babbar.tech/crawler)"
217.113.194.238 - - [15/Apr/2025:15:50:39 -0400] "GET /the-intriguing-world-of-satta-king-a-comprehensive-overview/feed/ HTTP/1.1" 200 434 "-" "Mozilla/5.0 (compatible; Barkrowler/0.9; +https://babbar.tech/crawler)"
17.241.219.67 - - [15/Apr/2025:15:50:53 -0400] "GET /toyota-sprinter-an-honest-review/ HTTP/1.1" 200 18506 "-" "Mozilla/5.0 (Macintosh; Intel Mac OS X 10_15_7) AppleWebKit/605.1.15 (KHTML, like Gecko) Version/17.4 Safari/605.1.15 (Applebot/0.1; +http://www.apple.com/go/applebot)"
217.113.194.232 - - [15/Apr/2025:15:51:00 -0400] "GET /les-autocollants-publicitaires-un-outil-efficace-pour-votre-marque/feed/ HTTP/1.1" 200 438 "-" "Mozilla/5.0 (compatible; Barkrowler/0.9; +https://babbar.tech/crawler)"
198.54.114.83 - - [15/Apr/2025:15:51:04 -0400] "POST /wp-cron.php?doing_wp_cron=1744746661.1429090499877929687500 HTTP/1.1" 200 0 "-" "WordPress/6.7.2; https://creative-webstyle.com"
217.113.194.234 - - [15/Apr/2025:15:51:19 -0400] "GET /ein-wichtiger-schritt-zur-finanziellen-gesundheit/feed/ HTTP/1.1" 200 415 "-" "Mozilla/5.0 (compatible; Barkrowler/0.9; +https://babbar.tech/crawler)"
217.113.194.234 - - [15/Apr/2025:15:51:37 -0400] "GET /transform-your-space-with-epoxy-floors-in-northern-colorado/feed/ HTTP/1.1" 200 429 "-" "Mozilla/5.0 (compatible; Barkrowler/0.9; +https://babbar.tech/crawler)"
217.113.194.240 - - [15/Apr/2025:15:51:56 -0400] "GET /endangered-species-shirts-t-shirt-revolution-to-protect-endangered-species/ HTTP/1.1" 200 18544 "-" "Mozilla/5.0 (compatible; Barkrowler/0.9; +https://babbar.tech/crawler)"
154.54.249.218 - - [15/Apr/2025:15:52:16 -0400] "GET /assurance-rc-garantir-la-serenite-dans-un-monde-en-mouvement/ HTTP/1.1" 200 18161 "-" "Mozilla/5.0 (compatible; Barkrowler/0.9; +https://babbar.tech/crawler)"
198.54.114.83 - - [15/Apr/2025:15:52:19 -0400] "POST /wp-cron.php?doing_wp_cron=1744746737.5203359127044677734375 HTTP/1.1" 200 0 "-" "WordPress/6.7.2; https://creative-webstyle.com"
217.113.194.235 - - [15/Apr/2025:15:52:36 -0400] "GET /quelle-est-votre-place-dans-lecosysteme-de-creation-de-sites-web/feed/ HTTP/1.1" 200 455 "-" "Mozilla/5.0 (compatible; Barkrowler/0.9; +https://babbar.tech/crawler)"
217.113.194.233 - - [15/Apr/2025:15:52:56 -0400] "GET /tea-leaf-reading-predicting-the-future-one-sip-at-a-time/feed/ HTTP/1.1" 200 434 "-" "Mozilla/5.0 (compatible; Barkrowler/0.9; +https://babbar.tech/crawler)"
198.54.114.83 - - [15/Apr/2025:15:53:19 -0400] "POST /wp-cron.php?doing_wp_cron=1744746797.6775789260864257812500 HTTP/1.1" 200 0 "-" "WordPress/6.7.2; https://creative-webstyle.com"
154.54.249.218 - - [15/Apr/2025:15:53:17 -0400] "GET /glanz-wie-silber-hausmittel-zum-reinigen-von-besteck/ HTTP/1.1" 200 18821 "-" "Mozilla/5.0 (compatible; Barkrowler/0.9; +https://babbar.tech/crawler)"
217.113.194.241 - - [15/Apr/2025:15:53:39 -0400] "GET /securely-mounted-choosing-the-right-lag-bolts-for-your-tv/ HTTP/1.1" 200 18524 "-" "Mozilla/5.0 (compatible; Barkrowler/0.9; +https://babbar.tech/crawler)"
217.113.194.239 - - [15/Apr/2025:15:53:58 -0400] "GET /a-comprehensive-journey-through-the-ivf-clinic-experience/feed/ HTTP/1.1" 200 422 "-" "Mozilla/5.0 (compatible; Barkrowler/0.9; +https://babbar.tech/crawler)"
217.113.194.254 - - [15/Apr/2025:15:54:15 -0400] "GET /mobilier-de-bureau-moderne-creez-un-espace-de-travail-efficace/feed/ HTTP/1.1" 200 442 "-" "Mozilla/5.0 (compatible; Barkrowler/0.9; +https://babbar.tech/crawler)"
217.113.194.240 - - [15/Apr/2025:15:54:34 -0400] "GET /mobilier-de-bureau-moderne-creez-un-espace-de-travail-efficace/ HTTP/1.1" 200 18142 "-" "Mozilla/5.0 (compatible; Barkrowler/0.9; +https://babbar.tech/crawler)"
217.113.194.233 - - [15/Apr/2025:15:54:51 -0400] "GET /the-healing-frequency-unlocking-the-power-of-vibrational-medicine/ HTTP/1.1" 200 18871 "-" "Mozilla/5.0 (compatible; Barkrowler/0.9; +https://babbar.tech/crawler)"
198.54.114.83 - - [15/Apr/2025:15:54:54 -0400] "POST /wp-cron.php?doing_wp_cron=1744746892.1533269882202148437500 HTTP/1.1" 200 0 "-" "WordPress/6.7.2; https://creative-webstyle.com"
217.113.194.233 - - [15/Apr/2025:15:55:11 -0400] "GET /the-essential-benefits-of-under-bench-water-chillers-for-modern-workspaces/ HTTP/1.1" 200 18012 "-" "Mozilla/5.0 (compatible; Barkrowler/0.9; +https://babbar.tech/crawler)"
217.113.194.234 - - [15/Apr/2025:15:55:32 -0400] "GET /the-pitfalls-of-buying-youtube-views-and-the-power-of-genuine-engagement/ HTTP/1.1" 200 18004 "-" "Mozilla/5.0 (compatible; Barkrowler/0.9; +https://babbar.tech/crawler)"
217.113.194.254 - - [15/Apr/2025:15:55:50 -0400] "GET /the-advantages-of-ppr-pipes-and-fittings-in-modern-plumbing/ HTTP/1.1" 200 18214 "-" "Mozilla/5.0 (compatible; Barkrowler/0.9; +https://babbar.tech/crawler)"
217.113.194.254 - - [15/Apr/2025:15:56:12 -0400] "GET /the-advantages-of-ppr-pipes-and-fittings-in-modern-plumbing/feed/ HTTP/1.1" 200 433 "-" "Mozilla/5.0 (compatible; Barkrowler/0.9; +https://babbar.tech/crawler)"
198.54.114.83 - - [15/Apr/2025:15:56:14 -0400] "POST /wp-cron.php?doing_wp_cron=1744746972.6797749996185302734375 HTTP/1.1" 200 0 "-" "WordPress/6.7.2; https://creative-webstyle.com"
217.113.194.241 - - [15/Apr/2025:15:56:30 -0400] "GET /navigating-the-landscape-of-online-betting-balancing-thrills-and-caution/ HTTP/1.1" 200 18549 "-" "Mozilla/5.0 (compatible; Barkrowler/0.9; +https://babbar.tech/crawler)"
217.113.194.234 - - [15/Apr/2025:15:56:50 -0400] "GET /navigating-the-landscape-of-online-betting-balancing-thrills-and-caution/feed/ HTTP/1.1" 200 440 "-" "Mozilla/5.0 (compatible; Barkrowler/0.9; +https://babbar.tech/crawler)"
154.54.249.218 - - [15/Apr/2025:15:57:07 -0400] "GET /navigating-the-digital-frontier-strategies-for-successful-online-job-applications/feed/ HTTP/1.1" 200 447 "-" "Mozilla/5.0 (compatible; Barkrowler/0.9; +https://babbar.tech/crawler)"
198.54.114.83 - - [15/Apr/2025:15:57:29 -0400] "POST /wp-cron.php?doing_wp_cron=1744747048.1046090126037597656250 HTTP/1.1" 200 0 "-" "WordPress/6.7.2; https://creative-webstyle.com"
217.113.194.235 - - [15/Apr/2025:15:57:27 -0400] "GET /navigating-the-maze-finding-the-best-place-to-buy-tiktok-followers/ HTTP/1.1" 200 18562 "-" "Mozilla/5.0 (compatible; Barkrowler/0.9; +https://babbar.tech/crawler)"
217.113.194.238 - - [15/Apr/2025:15:57:52 -0400] "GET /the-benefits-of-replacing-concrete-driveways-in-northern-colorado/ HTTP/1.1" 200 17989 "-" "Mozilla/5.0 (compatible; Barkrowler/0.9; +https://babbar.tech/crawler)"
217.113.194.241 - - [15/Apr/2025:15:58:14 -0400] "GET /innovative-power-solutions-leading-the-charge-with-graphene-batteries/feed/ HTTP/1.1" 200 437 "-" "Mozilla/5.0 (compatible; Barkrowler/0.9; +https://babbar.tech/crawler)"
217.113.194.232 - - [15/Apr/2025:15:58:34 -0400] "GET /innovative-solutions-for-modern-plumbing-ppr-pipes-and-fittings/feed/ HTTP/1.1" 200 436 "-" "Mozilla/5.0 (compatible; Barkrowler/0.9; +https://babbar.tech/crawler)"
198.54.114.83 - - [15/Apr/2025:15:58:39 -0400] "POST /wp-cron.php?doing_wp_cron=1744747115.8207230567932128906250 HTTP/1.1" 200 0 "-" "WordPress/6.7.2; https://creative-webstyle.com"
217.113.194.241 - - [15/Apr/2025:15:58:59 -0400] "GET /timeless-elegance-unveiling-the-allure-of-designer-wall-clocks/feed/ HTTP/1.1" 200 460 "-" "Mozilla/5.0 (compatible; Barkrowler/0.9; +https://babbar.tech/crawler)"
217.113.194.240 - - [15/Apr/2025:15:59:17 -0400] "GET /chevrolet-teams-up-with-ge-and-abb-on-projects-for-the-volt/feed/ HTTP/1.1" 200 434 "-" "Mozilla/5.0 (compatible; Barkrowler/0.9; +https://babbar.tech/crawler)"
217.113.194.240 - - [15/Apr/2025:15:59:36 -0400] "GET /chevrolet-teams-up-with-ge-and-abb-on-projects-for-the-volt/ HTTP/1.1" 200 18954 "-" "Mozilla/5.0 (compatible; Barkrowler/0.9; +https://babbar.tech/crawler)"
198.54.114.83 - - [15/Apr/2025:15:59:39 -0400] "POST /wp-cron.php?doing_wp_cron=1744747176.5702650547027587890625 HTTP/1.1" 200 0 "-" "WordPress/6.7.2; https://creative-webstyle.com"
217.113.194.233 - - [15/Apr/2025:15:59:56 -0400] "GET /revolutionizing-content-creation-the-power-of-ai-video-generators/feed/ HTTP/1.1" 200 429 "-" "Mozilla/5.0 (compatible; Barkrowler/0.9; +https://babbar.tech/crawler)"
217.113.194.232 - - [15/Apr/2025:16:00:19 -0400] "GET /revolutionizing-the-casino-industry-innovative-solution-distribution/ HTTP/1.1" 200 17937 "-" "Mozilla/5.0 (compatible; Barkrowler/0.9; +https://babbar.tech/crawler)"
47.79.201.178 - - [15/Apr/2025:16:00:28 -0400] "GET / HTTP/1.1" 200 78396 "https://www.google.com/" "Mozilla/5.0 (Windows NT 10.0; Win64; x64) AppleWebKit/537.36 (KHTML, like Gecko) Chrome/132.0.0.0 Safari/537.36"
217.113.194.232 - - [15/Apr/2025:16:00:41 -0400] "GET /revolutionizing-the-casino-industry-innovative-solution-distribution/feed/ HTTP/1.1" 200 426 "-" "Mozilla/5.0 (compatible; Barkrowler/0.9; +https://babbar.tech/crawler)"
198.54.114.83 - - [15/Apr/2025:16:00:46 -0400] "POST /wp-cron.php?doing_wp_cron=1744747242.8318641185760498046875 HTTP/1.1" 200 0 "-" "WordPress/6.7.2; https://creative-webstyle.com"
217.113.194.236 - - [15/Apr/2025:16:01:05 -0400] "GET /unlocking-visibility-strategies-for-increasing-youtube-views/feed/ HTTP/1.1" 200 429 "-" "Mozilla/5.0 (compatible; Barkrowler/0.9; +https://babbar.tech/crawler)"
217.113.194.237 - - [15/Apr/2025:16:01:27 -0400] "GET /unlocking-the-key-to-efficiency-the-typing-speed-test/feed/ HTTP/1.1" 200 427 "-" "Mozilla/5.0 (compatible; Barkrowler/0.9; +https://babbar.tech/crawler)"
85.208.98.31 - - [15/Apr/2025:16:01:29 -0400] "GET /dental-chair/ HTTP/1.1" 200 17100 "-" "Mozilla/5.0 (compatible; SemrushBot-BA; +http://www.semrush.com/bot.html)"
217.113.194.232 - - [15/Apr/2025:16:01:46 -0400] "GET /unveiling-stake-ator-revolutionizing-stakeholder-management/feed/ HTTP/1.1" 200 414 "-" "Mozilla/5.0 (compatible; Barkrowler/0.9; +https://babbar.tech/crawler)"
198.54.114.83 - - [15/Apr/2025:16:01:48 -0400] "POST /wp-cron.php?doing_wp_cron=1744747306.9731640815734863281250 HTTP/1.1" 200 0 "-" "WordPress/6.7.2; https://creative-webstyle.com"
217.113.194.232 - - [15/Apr/2025:16:02:05 -0400] "GET /unleashing-the-power-within-the-art-of-bodybuilding-coaching/feed/ HTTP/1.1" 200 432 "-" "Mozilla/5.0 (compatible; Barkrowler/0.9; +https://babbar.tech/crawler)"
154.54.249.218 - - [15/Apr/2025:16:02:25 -0400] "GET /efficiency-at-your-fingertips-the-instant-hot-water-tap/ HTTP/1.1" 200 18149 "-" "Mozilla/5.0 (compatible; Barkrowler/0.9; +https://babbar.tech/crawler)"
217.113.194.234 - - [15/Apr/2025:16:02:43 -0400] "GET /baby-wearing-the-art-and-science-of-carrying-your-baby-part-four/feed/ HTTP/1.1" 200 449 "-" "Mozilla/5.0 (compatible; Barkrowler/0.9; +https://babbar.tech/crawler)"
2a02:598:128:8a00::b00:15 - - [15/Apr/2025:16:03:05 -0400] "GET /lere-revolutionnaire-de-la-realite-virtuelle/feed/ HTTP/1.1" 200 433 "-" "Mozilla/5.0 (compatible; SeznamBot/4.0; +https://o-seznam.cz/napoveda/vyhledavani/en/seznambot-crawler/)"
217.113.194.240 - - [15/Apr/2025:16:03:03 -0400] "GET /michael-kors-bags-a-vision-of-sophistication-and-glitz/feed/ HTTP/1.1" 200 432 "-" "Mozilla/5.0 (compatible; Barkrowler/0.9; +https://babbar.tech/crawler)"
198.54.114.83 - - [15/Apr/2025:16:03:07 -0400] "POST /wp-cron.php?doing_wp_cron=1744747383.6662828922271728515625 HTTP/1.1" 200 0 "-" "WordPress/6.7.2; https://creative-webstyle.com"
217.113.194.234 - - [15/Apr/2025:16:03:25 -0400] "GET /eine-tiefgreifende-form-psychologischer-gewalt/feed/ HTTP/1.1" 200 407 "-" "Mozilla/5.0 (compatible; Barkrowler/0.9; +https://babbar.tech/crawler)"
217.113.194.239 - - [15/Apr/2025:16:03:44 -0400] "GET /elevating-artistry-the-essence-of-high-quality-nude-photography/feed/ HTTP/1.1" 200 432 "-" "Mozilla/5.0 (compatible; Barkrowler/0.9; +https://babbar.tech/crawler)"
198.54.114.83 - - [15/Apr/2025:16:04:06 -0400] "POST /wp-cron.php?doing_wp_cron=1744747445.6304481029510498046875 HTTP/1.1" 200 0 "-" "WordPress/6.7.2; https://creative-webstyle.com"
217.113.194.232 - - [15/Apr/2025:16:04:01 -0400] "GET /moving-quotes-near-me-factors-that-affect-the-cost-of-your-move/ HTTP/1.1" 200 0 "-" "Mozilla/5.0 (compatible; Barkrowler/0.9; +https://babbar.tech/crawler)"
2a02:598:128:8a00::b00:a - - [15/Apr/2025:16:05:21 -0400] "GET /repas-dentreprise-plateaux-repas-pour-tous-les-gouts/ HTTP/1.1" 200 18382 "-" "Mozilla/5.0 (compatible; SeznamBot/4.0; +https://o-seznam.cz/napoveda/vyhledavani/en/seznambot-crawler/)"
2a01:4f8:241:42e4::2 - - [15/Apr/2025:16:06:28 -0400] "GET /cherry-picker-rental/ HTTP/1.1" 200 17359 "-" "Mozilla/5.0 (Windows NT 10.0; Win64; x64) AppleWebKit/537.36 (KHTML, like Gecko) Chrome/120.0.0.0 Safari/537.36"
198.54.114.83 - - [15/Apr/2025:16:10:47 -0400] "POST /wp-cron.php?doing_wp_cron=1744747845.6269121170043945312500 HTTP/1.1" 200 0 "-" "WordPress/6.7.2; https://creative-webstyle.com"
96.62.105.125 - - [15/Apr/2025:16:10:39 -0400] "GET /2024/10/13/ HTTP/1.1" 301 0 "-" "Mozilla/5.0 (Windows NT 6.2; WOW64) AppleWebKit/537.36 (KHTML, like Gecko) Chrome/27.0.1453.93 Safari/537.36"
102.129.130.16 - - [15/Apr/2025:16:10:53 -0400] "GET / HTTP/1.1" 200 78396 "-" "Mozilla/5.0 (Windows NT 6.2; WOW64) AppleWebKit/537.36 (KHTML, like Gecko) Chrome/27.0.1453.93 Safari/537.36"
91.84.106.2 - - [15/Apr/2025:16:11:06 -0400] "GET /hvac-systems-and-mold/ HTTP/1.1" 200 19434 "https://creative-webstyle.com/hvac-systems-and-mold/#comment-35032" "Mozilla/5.0 (Windows NT 10.0; Win64; x64) AppleWebKit/537.36 (KHTML, like Gecko) Chrome/130.0.0.0 Safari/537.36 CCleaner/130.0.0.0"
91.84.106.2 - - [15/Apr/2025:16:11:08 -0400] "POST /wp-comments-post.php HTTP/1.1" 302 0 "https://creative-webstyle.com/hvac-systems-and-mold/#comment-35032" "Mozilla/5.0 (Windows NT 10.0; Win64; x64) AppleWebKit/537.36 (KHTML, like Gecko) Chrome/130.0.0.0 Safari/537.36 CCleaner/130.0.0.0"
91.84.106.2 - - [15/Apr/2025:16:11:14 -0400] "GET /hvac-systems-and-mold/ HTTP/1.1" 200 20055 "https://creative-webstyle.com/hvac-systems-and-mold/#comment-35252" "Mozilla/5.0 (Windows NT 10.0; Win64; x64) AppleWebKit/537.36 (KHTML, like Gecko) Chrome/130.0.0.0 Safari/537.36 CCleaner/130.0.0.0"
195.200.31.148 - - [15/Apr/2025:16:12:16 -0400] "GET /hvac-systems-and-mold/ HTTP/1.1" 200 19434 "https://creative-webstyle.com/hvac-systems-and-mold/#comment-35032" "Mozilla/5.0 (Windows NT 6.1; WOW64) AppleWebKit/537.36 (KHTML, like Gecko) Chrome/103.0.0.0 Safari/537.36"
198.54.114.83 - - [15/Apr/2025:16:12:22 -0400] "POST /wp-cron.php?doing_wp_cron=1744747940.9003400802612304687500 HTTP/1.1" 200 0 "-" "WordPress/6.7.2; https://creative-webstyle.com"
195.200.31.148 - - [15/Apr/2025:16:12:20 -0400] "POST /wp-comments-post.php HTTP/1.1" 302 0 "https://creative-webstyle.com/hvac-systems-and-mold/#comment-35032" "Mozilla/5.0 (Windows NT 6.1; WOW64) AppleWebKit/537.36 (KHTML, like Gecko) Chrome/103.0.0.0 Safari/537.36"
195.200.31.148 - - [15/Apr/2025:16:12:26 -0400] "GET /hvac-systems-and-mold/ HTTP/1.1" 200 19976 "https://creative-webstyle.com/hvac-systems-and-mold/#comment-35253" "Mozilla/5.0 (Windows NT 6.1; WOW64) AppleWebKit/537.36 (KHTML, like Gecko) Chrome/103.0.0.0 Safari/537.36"
198.54.114.83 - - [15/Apr/2025:16:14:03 -0400] "POST /wp-cron.php?doing_wp_cron=1744748041.4479250907897949218750 HTTP/1.1" 200 0 "-" "WordPress/6.7.2; https://creative-webstyle.com"
17.241.75.196 - - [15/Apr/2025:16:13:54 -0400] "GET /physical-therapist-near-me/ HTTP/1.1" 200 17174 "-" "Mozilla/5.0 (Macintosh; Intel Mac OS X 10_15_7) AppleWebKit/605.1.15 (KHTML, like Gecko) Version/17.4 Safari/605.1.15 (Applebot/0.1; +http://www.apple.com/go/applebot)"
51.89.68.103 - - [15/Apr/2025:16:15:06 -0400] "GET /wp-content/plugins/suretriggers/app/build/main.css HTTP/1.1" 404 12644 "-" "Mozilla/5.0 (Windows NT 10.0; Win64; x64) AppleWebKit/537.36 (KHTML, like Gecko) Chrome/127.0.0.0 Safari/537.36"
198.54.114.83 - - [15/Apr/2025:16:15:12 -0400] "POST /wp-cron.php?doing_wp_cron=1744748107.9541599750518798828125 HTTP/1.1" 200 0 "-" "WordPress/6.7.2; https://creative-webstyle.com"
5.9.16.92 - - [15/Apr/2025:16:15:30 -0400] "GET /michael-kors-bags-a-vision-of-sophistication-and-glitz/ HTTP/1.1" 200 18546 "https://creative-webstyle.com/michael-kors-bags-a-vision-of-sophistication-and-glitz/#comment-33705" "Mozilla/5.0 (Windows NT 10.0; Win64; x64) AppleWebKit/537.36 (KHTML, like Gecko) Chrome/130.0.0.0 Safari/537.36"
5.9.16.92 - - [15/Apr/2025:16:15:35 -0400] "POST /wp-comments-post.php HTTP/1.1" 302 0 "https://creative-webstyle.com/michael-kors-bags-a-vision-of-sophistication-and-glitz/#comment-33705" "Mozilla/5.0 (Windows NT 10.0; Win64; x64) AppleWebKit/537.36 (KHTML, like Gecko) Chrome/130.0.0.0 Safari/537.36"
5.9.16.92 - - [15/Apr/2025:16:15:40 -0400] "GET /michael-kors-bags-a-vision-of-sophistication-and-glitz/ HTTP/1.1" 200 19868 "https://creative-webstyle.com/michael-kors-bags-a-vision-of-sophistication-and-glitz/#comment-35254" "Mozilla/5.0 (Windows NT 10.0; Win64; x64) AppleWebKit/537.36 (KHTML, like Gecko) Chrome/130.0.0.0 Safari/537.36"
198.54.114.83 - - [15/Apr/2025:16:16:24 -0400] "POST /wp-cron.php?doing_wp_cron=1744748182.5948300361633300781250 HTTP/1.1" 200 0 "-" "WordPress/6.7.2; https://creative-webstyle.com"
85.208.96.208 - - [15/Apr/2025:16:16:17 -0400] "GET /optimizing-your-crypto-holdings-a-guide-to-the-anyone-protocol-staking-dashboard/ HTTP/1.1" 200 18065 "-" "Mozilla/5.0 (compatible; SemrushBot/7~bl; +http://www.semrush.com/bot.html)"
2a02:598:128:8a00::b00:15 - - [15/Apr/2025:16:20:11 -0400] "GET /post-sitemap.xml HTTP/1.1" 200 0 "-" "Mozilla/5.0 (compatible; SeznamBot/4.0; +https://o-seznam.cz/napoveda/vyhledavani/en/seznambot-crawler/)"
52.167.144.211 - - [15/Apr/2025:16:20:20 -0400] "GET /how-to-get-4000-watch-hours-on-youtube/ HTTP/1.1" 200 18265 "-" "Mozilla/5.0 AppleWebKit/537.36 (KHTML, like Gecko; compatible; bingbot/2.0; +http://www.bing.com/bingbot.htm) Chrome/116.0.1938.76 Safari/537.36"
198.54.114.83 - - [15/Apr/2025:16:20:20 -0400] "POST /wp-cron.php?doing_wp_cron=1744748419.2115020751953125000000 HTTP/1.1" 200 0 "-" "WordPress/6.7.2; https://creative-webstyle.com"
198.54.114.83 - - [15/Apr/2025:16:20:26 -0400] "POST /wp-admin/admin-ajax.php?action=async_litespeed&nonce=pwpD3RScnrC4QVo2ovoKJd1dhaad4HUq&litespeed_type=imgoptm HTTP/1.1" 200 0 "-" "WordPress/6.7.2; https://creative-webstyle.com"
205.210.31.180 - - [15/Apr/2025:16:22:07 -0400] "GET / HTTP/1.1" 200 78396 "-" "Expanse, a Palo Alto Networks company, searches across the global IPv4 space multiple times per day to identify customers' presences on the Internet. If you would like to be excluded from our scans, please send IP addresses/domains to: scaninfo@paloaltonetworks.com"
2a02:598:128:8a00::b00:a - - [15/Apr/2025:16:27:06 -0400] "GET /the-allure-of-napa-ca-real-estate/ HTTP/1.1" 200 17906 "-" "Mozilla/5.0 (compatible; SeznamBot/4.0; +https://o-seznam.cz/napoveda/vyhledavani/en/seznambot-crawler/)"
2a01:4f8:241:42e4::2 - - [15/Apr/2025:16:34:14 -0400] "GET /il-nuovo-capitolo-delluniverso-star-wars/ HTTP/1.1" 200 18000 "-" "Mozilla/5.0 (Windows NT 10.0; Win64; x64) AppleWebKit/537.36 (KHTML, like Gecko) Chrome/120.0.0.0 Safari/537.36"
185.191.171.2 - - [15/Apr/2025:16:34:26 -0400] "GET /robots.txt HTTP/1.1" 200 110 "-" "Mozilla/5.0 (compatible; SemrushBot/7~bl; +http://www.semrush.com/bot.html)"
185.191.171.8 - - [15/Apr/2025:16:34:28 -0400] "GET /le-origini-delle-carte-dragon-ball/ HTTP/1.1" 200 17953 "-" "Mozilla/5.0 (compatible; SemrushBot/7~bl; +http://www.semrush.com/bot.html)"
198.54.114.83 - - [15/Apr/2025:16:35:59 -0400] "POST /wp-cron.php?doing_wp_cron=1744749357.5351250171661376953125 HTTP/1.1" 200 0 "-" "WordPress/6.7.2; https://creative-webstyle.com"
217.113.194.235 - - [15/Apr/2025:16:35:50 -0400] "GET /une-solution-innovante-pour-un-sechage-efficace-et-econome-en-energie/ HTTP/1.1" 200 18141 "-" "Mozilla/5.0 (compatible; Barkrowler/0.9; +https://babbar.tech/crawler)"
217.113.194.234 - - [15/Apr/2025:16:36:19 -0400] "GET /une-solution-innovante-pour-un-sechage-efficace-et-econome-en-energie/feed/ HTTP/1.1" 200 448 "-" "Mozilla/5.0 (compatible; Barkrowler/0.9; +https://babbar.tech/crawler)"
217.113.194.234 - - [15/Apr/2025:16:36:38 -0400] "GET /best-roofing-contractors-in-portland-ensuring-quality-and-reliability/ HTTP/1.1" 200 17982 "-" "Mozilla/5.0 (compatible; Barkrowler/0.9; +https://babbar.tech/crawler)"
198.54.114.83 - - [15/Apr/2025:16:36:59 -0400] "POST /wp-cron.php?doing_wp_cron=1744749418.0295650959014892578125 HTTP/1.1" 200 0 "-" "WordPress/6.7.2; https://creative-webstyle.com"
217.113.194.254 - - [15/Apr/2025:16:36:57 -0400] "GET /hotels-in-lake-garda-offer-a-breathtaking-view-of-lake-garda/ HTTP/1.1" 200 17908 "-" "Mozilla/5.0 (compatible; Barkrowler/0.9; +https://babbar.tech/crawler)"
217.113.194.254 - - [15/Apr/2025:16:37:16 -0400] "GET /le-surf-poncho-laccessoire-indispensable-des-surfeurs/feed/ HTTP/1.1" 200 428 "-" "Mozilla/5.0 (compatible; Barkrowler/0.9; +https://babbar.tech/crawler)"
217.113.194.233 - - [15/Apr/2025:16:37:35 -0400] "GET /les-accessoires-feminins-incontournables-sublimer-votre-style/feed/ HTTP/1.1" 200 432 "-" "Mozilla/5.0 (compatible; Barkrowler/0.9; +https://babbar.tech/crawler)"
154.54.249.218 - - [15/Apr/2025:16:37:56 -0400] "GET /risparmia-tempo-e-denaro-con-i-gadget-per-la-casa/ HTTP/1.1" 200 19140 "-" "Mozilla/5.0 (compatible; Barkrowler/0.9; +https://babbar.tech/crawler)"
