3.12.136.98 - - [15/Apr/2025:06:39:30 -0400] "GET /ancient-coastal-relics-of-human-civilization HTTP/1.1" 301 0 "-" "Mozilla/5.0 AppleWebKit/537.36 (KHTML, like Gecko; compatible; ClaudeBot/1.0; +claudebot@anthropic.com)"
3.12.136.98 - - [15/Apr/2025:06:39:32 -0400] "GET /ancient-coastal-relics-of-human-civilization/ HTTP/1.1" 200 18443 "https://creative-webstyle.com/ancient-coastal-relics-of-human-civilization" "Mozilla/5.0 AppleWebKit/537.36 (KHTML, like Gecko; compatible; ClaudeBot/1.0; +claudebot@anthropic.com)"
154.54.249.218 - - [15/Apr/2025:06:39:37 -0400] "GET /understanding-fda-cosmetic-registration/ HTTP/1.1" 200 17943 "-" "Mozilla/5.0 (compatible; Barkrowler/0.9; +https://babbar.tech/crawler)"
217.113.194.236 - - [15/Apr/2025:06:39:54 -0400] "GET /understanding-the-types-of-breast-pumps/feed/ HTTP/1.1" 200 407 "-" "Mozilla/5.0 (compatible; Barkrowler/0.9; +https://babbar.tech/crawler)"
217.113.194.236 - - [15/Apr/2025:06:40:11 -0400] "GET /les-meilleurs-restaurants-a-decouvrir/feed/ HTTP/1.1" 200 406 "-" "Mozilla/5.0 (compatible; Barkrowler/0.9; +https://babbar.tech/crawler)"
198.54.114.83 - - [15/Apr/2025:06:40:28 -0400] "POST /wp-cron.php?doing_wp_cron=1744713628.5359320640563964843750 HTTP/1.1" 200 0 "-" "WordPress/6.7.2; https://creative-webstyle.com"
217.113.194.232 - - [15/Apr/2025:06:40:28 -0400] "GET /les-meilleurs-restaurants-de-la-ville-lumiere/ HTTP/1.1" 200 17969 "-" "Mozilla/5.0 (compatible; Barkrowler/0.9; +https://babbar.tech/crawler)"
198.54.114.83 - - [15/Apr/2025:06:40:35 -0400] "POST /wp-admin/admin-ajax.php?action=async_litespeed&nonce=WI7W5dnzuuvJ296dNR0BavhZRQ47i1U6&litespeed_type=imgoptm HTTP/1.1" 200 0 "-" "WordPress/6.7.2; https://creative-webstyle.com"
217.113.194.233 - - [15/Apr/2025:06:40:46 -0400] "GET /les-meilleurs-restaurants-autour-de-moi/ HTTP/1.1" 200 17796 "-" "Mozilla/5.0 (compatible; Barkrowler/0.9; +https://babbar.tech/crawler)"
198.54.114.83 - - [15/Apr/2025:06:41:06 -0400] "POST /wp-cron.php?doing_wp_cron=1744713665.2552258968353271484375 HTTP/1.1" 200 0 "-" "WordPress/6.7.2; https://creative-webstyle.com"
217.113.194.240 - - [15/Apr/2025:06:41:04 -0400] "GET /buy-tiktok-viewss-and-followers/ HTTP/1.1" 200 17241 "-" "Mozilla/5.0 (compatible; Barkrowler/0.9; +https://babbar.tech/crawler)"
198.54.114.83 - - [15/Apr/2025:06:41:13 -0400] "POST /wp-admin/admin-ajax.php?action=async_litespeed&nonce=eg27oc23qdAkDEJxqg5PAECPzln452Mi&litespeed_type=imgoptm HTTP/1.1" 200 0 "-" "WordPress/6.7.2; https://creative-webstyle.com"
154.54.249.218 - - [15/Apr/2025:06:41:23 -0400] "GET /buy-tiktok-viewss-and-followers/feed/ HTTP/1.1" 200 394 "-" "Mozilla/5.0 (compatible; Barkrowler/0.9; +https://babbar.tech/crawler)"
217.113.194.240 - - [15/Apr/2025:06:41:39 -0400] "GET /michael-kors-crossbody-bag-collection/feed/ HTTP/1.1" 200 394 "-" "Mozilla/5.0 (compatible; Barkrowler/0.9; +https://babbar.tech/crawler)"
198.54.114.83 - - [15/Apr/2025:06:41:51 -0400] "POST /wp-cron.php?doing_wp_cron=1744713711.0786759853363037109375 HTTP/1.1" 200 0 "-" "WordPress/6.7.2; https://creative-webstyle.com"
18.188.23.45 - - [15/Apr/2025:06:41:50 -0400] "GET /effortless-business-communication-through-virtual-receptionist HTTP/1.1" 301 0 "-" "Mozilla/5.0 AppleWebKit/537.36 (KHTML, like Gecko; compatible; ClaudeBot/1.0; +claudebot@anthropic.com)"
18.188.23.45 - - [15/Apr/2025:06:41:53 -0400] "GET /effortless-business-communication-through-virtual-receptionist/ HTTP/1.1" 200 18108 "https://creative-webstyle.com/effortless-business-communication-through-virtual-receptionist" "Mozilla/5.0 AppleWebKit/537.36 (KHTML, like Gecko; compatible; ClaudeBot/1.0; +claudebot@anthropic.com)"
217.113.194.233 - - [15/Apr/2025:06:41:56 -0400] "GET /buying-a-used-rv-fridge/feed/ HTTP/1.1" 200 389 "-" "Mozilla/5.0 (compatible; Barkrowler/0.9; +https://babbar.tech/crawler)"
198.54.114.83 - - [15/Apr/2025:06:42:14 -0400] "POST /wp-cron.php?doing_wp_cron=1744713733.9746758937835693359375 HTTP/1.1" 200 0 "-" "WordPress/6.7.2; https://creative-webstyle.com"
154.54.249.218 - - [15/Apr/2025:06:42:13 -0400] "GET /new-orleans-a-foodies-paradise/feed/ HTTP/1.1" 200 404 "-" "Mozilla/5.0 (compatible; Barkrowler/0.9; +https://babbar.tech/crawler)"
198.54.114.83 - - [15/Apr/2025:06:42:15 -0400] "POST /wp-admin/admin-ajax.php?action=async_litespeed&nonce=WEzWNtkmAOqzIBrAKbOqMwhxHjN8NrKk&litespeed_type=imgoptm HTTP/1.1" 200 0 "-" "WordPress/6.7.2; https://creative-webstyle.com"
217.113.194.240 - - [15/Apr/2025:06:42:31 -0400] "GET /eine-asthetische-revolution/feed/ HTTP/1.1" 200 386 "-" "Mozilla/5.0 (compatible; Barkrowler/0.9; +https://babbar.tech/crawler)"
217.113.194.241 - - [15/Apr/2025:06:42:48 -0400] "GET /the-pros-and-cons-of-slot-gas-stations/ HTTP/1.1" 200 18281 "-" "Mozilla/5.0 (compatible; Barkrowler/0.9; +https://babbar.tech/crawler)"
198.54.114.83 - - [15/Apr/2025:06:43:07 -0400] "POST /wp-cron.php?doing_wp_cron=1744713786.8517909049987792968750 HTTP/1.1" 200 0 "-" "WordPress/6.7.2; https://creative-webstyle.com"
217.113.194.238 - - [15/Apr/2025:06:43:06 -0400] "GET /the-new-frontier-of-meme-coins/feed/ HTTP/1.1" 200 397 "-" "Mozilla/5.0 (compatible; Barkrowler/0.9; +https://babbar.tech/crawler)"
198.54.114.83 - - [15/Apr/2025:06:43:13 -0400] "POST /wp-admin/admin-ajax.php?action=async_litespeed&nonce=Dv0uTHBCSYKBOiohGB2R7gqCCj32m4te&litespeed_type=imgoptm HTTP/1.1" 200 0 "-" "WordPress/6.7.2; https://creative-webstyle.com"
217.113.194.238 - - [15/Apr/2025:06:43:24 -0400] "GET /dog-dewormer-for-cancer/feed/ HTTP/1.1" 200 384 "-" "Mozilla/5.0 (compatible; Barkrowler/0.9; +https://babbar.tech/crawler)"
217.113.194.234 - - [15/Apr/2025:06:43:41 -0400] "GET /home-warranty-and-appliance-repair/feed/ HTTP/1.1" 200 405 "-" "Mozilla/5.0 (compatible; Barkrowler/0.9; +https://babbar.tech/crawler)"
198.54.114.83 - - [15/Apr/2025:06:43:59 -0400] "POST /wp-cron.php?doing_wp_cron=1744713839.0331211090087890625000 HTTP/1.1" 200 0 "-" "WordPress/6.7.2; https://creative-webstyle.com"
217.113.194.235 - - [15/Apr/2025:06:43:58 -0400] "GET /the-importance-of-the-right-pistol-grip/ HTTP/1.1" 200 18053 "-" "Mozilla/5.0 (compatible; Barkrowler/0.9; +https://babbar.tech/crawler)"
198.54.114.83 - - [15/Apr/2025:06:44:05 -0400] "POST /wp-admin/admin-ajax.php?action=async_litespeed&nonce=QjNcvnqLDE6idwZr5fkdmvNcTeJYXHdi&litespeed_type=imgoptm HTTP/1.1" 200 0 "-" "WordPress/6.7.2; https://creative-webstyle.com"
18.118.0.16 - - [15/Apr/2025:06:44:10 -0400] "GET /robots.txt HTTP/1.1" 304 0 "-" "Mozilla/5.0 AppleWebKit/537.36 (KHTML, like Gecko; compatible; ClaudeBot/1.0; +claudebot@anthropic.com)"
18.118.0.16 - - [15/Apr/2025:06:44:10 -0400] "GET /crafting-elegance-exploring-the-world-of-wholesale-leather-goods/feed HTTP/1.1" 301 0 "-" "Mozilla/5.0 AppleWebKit/537.36 (KHTML, like Gecko; compatible; ClaudeBot/1.0; +claudebot@anthropic.com)"
18.118.0.16 - - [15/Apr/2025:06:44:11 -0400] "GET /crafting-elegance-exploring-the-world-of-wholesale-leather-goods/feed/ HTTP/1.1" 200 446 "https://creative-webstyle.com/crafting-elegance-exploring-the-world-of-wholesale-leather-goods/feed" "Mozilla/5.0 AppleWebKit/537.36 (KHTML, like Gecko; compatible; ClaudeBot/1.0; +claudebot@anthropic.com)"
217.113.194.238 - - [15/Apr/2025:06:44:17 -0400] "GET /the-importance-of-ruqyah/feed/ HTTP/1.1" 200 390 "-" "Mozilla/5.0 (compatible; Barkrowler/0.9; +https://babbar.tech/crawler)"
85.208.96.198 - - [15/Apr/2025:06:44:32 -0400] "GET /the-power-of-free-url-shorteners/ HTTP/1.1" 200 18085 "-" "Mozilla/5.0 (compatible; SemrushBot/7~bl; +http://www.semrush.com/bot.html)"
217.113.194.233 - - [15/Apr/2025:06:44:35 -0400] "GET /the-importance-of-food-labels/feed/ HTTP/1.1" 200 397 "-" "Mozilla/5.0 (compatible; Barkrowler/0.9; +https://babbar.tech/crawler)"
198.54.114.83 - - [15/Apr/2025:06:44:53 -0400] "POST /wp-cron.php?doing_wp_cron=1744713892.4321711063385009765625 HTTP/1.1" 200 0 "-" "WordPress/6.7.2; https://creative-webstyle.com"
217.113.194.233 - - [15/Apr/2025:06:44:51 -0400] "GET /the-impact-of-personal-life-coaching/ HTTP/1.1" 200 18008 "-" "Mozilla/5.0 (compatible; Barkrowler/0.9; +https://babbar.tech/crawler)"
217.113.194.241 - - [15/Apr/2025:06:45:11 -0400] "GET /a-guide-to-fun-and-strategy/feed/ HTTP/1.1" 200 389 "-" "Mozilla/5.0 (compatible; Barkrowler/0.9; +https://babbar.tech/crawler)"
154.54.249.218 - - [15/Apr/2025:06:45:29 -0400] "GET /a-guide-to-its-enchanting-features/ HTTP/1.1" 200 17966 "-" "Mozilla/5.0 (compatible; Barkrowler/0.9; +https://babbar.tech/crawler)"
217.113.194.232 - - [15/Apr/2025:06:45:47 -0400] "GET /the-transformative-power-of-massage-therapy/ HTTP/1.1" 200 17974 "-" "Mozilla/5.0 (compatible; Barkrowler/0.9; +https://babbar.tech/crawler)"
198.54.114.83 - - [15/Apr/2025:06:46:07 -0400] "POST /wp-cron.php?doing_wp_cron=1744713966.8731570243835449218750 HTTP/1.1" 200 0 "-" "WordPress/6.7.2; https://creative-webstyle.com"
217.113.194.240 - - [15/Apr/2025:06:46:06 -0400] "GET /pg-slot-gaming-center/feed/ HTTP/1.1" 200 387 "-" "Mozilla/5.0 (compatible; Barkrowler/0.9; +https://babbar.tech/crawler)"
198.54.114.83 - - [15/Apr/2025:06:46:13 -0400] "POST /wp-admin/admin-ajax.php?action=async_litespeed&nonce=XXNQHhKTCRaMC93HYxBsShvvD0R1bIT6&litespeed_type=imgoptm HTTP/1.1" 200 0 "-" "WordPress/6.7.2; https://creative-webstyle.com"
217.113.194.241 - - [15/Apr/2025:06:46:25 -0400] "GET /omnivoid-filling-the-tech-void/ HTTP/1.1" 200 18001 "-" "Mozilla/5.0 (compatible; Barkrowler/0.9; +https://babbar.tech/crawler)"
217.113.194.234 - - [15/Apr/2025:06:46:43 -0400] "GET /where-to-buy-youtube-comment-upvotes/ HTTP/1.1" 200 17905 "-" "Mozilla/5.0 (compatible; Barkrowler/0.9; +https://babbar.tech/crawler)"
198.54.114.83 - - [15/Apr/2025:06:47:01 -0400] "POST /wp-cron.php?doing_wp_cron=1744714021.0249159336090087890625 HTTP/1.1" 200 0 "-" "WordPress/6.7.2; https://creative-webstyle.com"
217.113.194.254 - - [15/Apr/2025:06:47:00 -0400] "GET /where-to-buy-youtube-comment-upvotes/feed/ HTTP/1.1" 200 405 "-" "Mozilla/5.0 (compatible; Barkrowler/0.9; +https://babbar.tech/crawler)"
198.54.114.83 - - [15/Apr/2025:06:47:06 -0400] "POST /wp-admin/admin-ajax.php?action=async_litespeed&nonce=j7s2dQNbH6bnxFOwbiOhZQVYQhRb9tu0&litespeed_type=imgoptm HTTP/1.1" 200 5 "-" "WordPress/6.7.2; https://creative-webstyle.com"
154.54.249.218 - - [15/Apr/2025:06:47:17 -0400] "GET /list-of-celebrities-who-smoke-weed/ HTTP/1.1" 200 18679 "-" "Mozilla/5.0 (compatible; Barkrowler/0.9; +https://babbar.tech/crawler)"
217.113.194.238 - - [15/Apr/2025:06:47:35 -0400] "GET /relaxation-for-the-busy-professional/feed/ HTTP/1.1" 200 391 "-" "Mozilla/5.0 (compatible; Barkrowler/0.9; +https://babbar.tech/crawler)"
198.54.114.83 - - [15/Apr/2025:06:47:54 -0400] "POST /wp-cron.php?doing_wp_cron=1744714073.8465878963470458984375 HTTP/1.1" 200 0 "-" "WordPress/6.7.2; https://creative-webstyle.com"
217.113.194.240 - - [15/Apr/2025:06:47:53 -0400] "GET /exploring-the-jansen-house-showflat/ HTTP/1.1" 200 18317 "-" "Mozilla/5.0 (compatible; Barkrowler/0.9; +https://babbar.tech/crawler)"
198.54.114.83 - - [15/Apr/2025:06:48:00 -0400] "POST /wp-admin/admin-ajax.php?action=async_litespeed&nonce=nxIgj0YKGDgGoBH1U3lbVwrChUnyUiId&litespeed_type=imgoptm HTTP/1.1" 200 0 "-" "WordPress/6.7.2; https://creative-webstyle.com"
217.113.194.241 - - [15/Apr/2025:06:48:11 -0400] "GET /exploring-the-world-of-online-casinos-2/feed/ HTTP/1.1" 200 402 "-" "Mozilla/5.0 (compatible; Barkrowler/0.9; +https://babbar.tech/crawler)"
217.113.194.236 - - [15/Apr/2025:06:48:29 -0400] "GET /exploring-the-world-of-online-casinos-3/feed/ HTTP/1.1" 200 402 "-" "Mozilla/5.0 (compatible; Barkrowler/0.9; +https://babbar.tech/crawler)"
217.113.194.232 - - [15/Apr/2025:06:48:46 -0400] "GET /exploring-chiropractic-care-in-dubai/ HTTP/1.1" 200 17947 "-" "Mozilla/5.0 (compatible; Barkrowler/0.9; +https://babbar.tech/crawler)"
198.54.114.83 - - [15/Apr/2025:06:49:20 -0400] "POST /wp-cron.php?doing_wp_cron=1744714159.9280569553375244140625 HTTP/1.1" 200 0 "-" "WordPress/6.7.2; https://creative-webstyle.com"
217.113.194.234 - - [15/Apr/2025:06:49:19 -0400] "GET /an-under-bench-water-chimer/feed/ HTTP/1.1" 200 397 "-" "Mozilla/5.0 (compatible; Barkrowler/0.9; +https://babbar.tech/crawler)"
198.54.114.83 - - [15/Apr/2025:06:49:26 -0400] "POST /wp-admin/admin-ajax.php?action=async_litespeed&nonce=QVzuY8inKsW0SKStUNGhwTUm22ogJJBB&litespeed_type=imgoptm HTTP/1.1" 200 0 "-" "WordPress/6.7.2; https://creative-webstyle.com"
217.113.194.254 - - [15/Apr/2025:06:49:37 -0400] "GET /nettoyer-des-couverts-en-argent/feed/ HTTP/1.1" 200 387 "-" "Mozilla/5.0 (compatible; Barkrowler/0.9; +https://babbar.tech/crawler)"
198.54.114.83 - - [15/Apr/2025:06:49:56 -0400] "POST /wp-cron.php?doing_wp_cron=1744714195.3604950904846191406250 HTTP/1.1" 200 0 "-" "WordPress/6.7.2; https://creative-webstyle.com"
217.113.194.234 - - [15/Apr/2025:06:49:54 -0400] "GET /video-categories-found-on-youtube/feed/ HTTP/1.1" 200 398 "-" "Mozilla/5.0 (compatible; Barkrowler/0.9; +https://babbar.tech/crawler)"
198.54.114.83 - - [15/Apr/2025:06:50:03 -0400] "POST /wp-admin/admin-ajax.php?action=async_litespeed&nonce=doVTMa1F3rEgHYgDSuW0ZCU77DGMcwcR&litespeed_type=imgoptm HTTP/1.1" 200 0 "-" "WordPress/6.7.2; https://creative-webstyle.com"
217.113.194.233 - - [15/Apr/2025:06:50:13 -0400] "GET /dream-a-little-dream-of-me-lyrics/ HTTP/1.1" 200 18087 "-" "Mozilla/5.0 (compatible; Barkrowler/0.9; +https://babbar.tech/crawler)"
217.113.194.232 - - [15/Apr/2025:06:50:31 -0400] "GET /why-composite-doors-are-so-good/feed/ HTTP/1.1" 200 398 "-" "Mozilla/5.0 (compatible; Barkrowler/0.9; +https://babbar.tech/crawler)"
198.54.114.83 - - [15/Apr/2025:06:50:50 -0400] "POST /wp-cron.php?doing_wp_cron=1744714250.0616250038146972656250 HTTP/1.1" 200 0 "-" "WordPress/6.7.2; https://creative-webstyle.com"
217.113.194.234 - - [15/Apr/2025:06:50:49 -0400] "GET /the-power-of-employee-communication-apps/feed/ HTTP/1.1" 200 402 "-" "Mozilla/5.0 (compatible; Barkrowler/0.9; +https://babbar.tech/crawler)"
217.113.194.233 - - [15/Apr/2025:06:51:07 -0400] "GET /the-power-of-free-url-shorteners/ HTTP/1.1" 200 18085 "-" "Mozilla/5.0 (compatible; Barkrowler/0.9; +https://babbar.tech/crawler)"
217.113.194.234 - - [15/Apr/2025:06:51:22 -0400] "GET /the-power-of-immediate-availability/ HTTP/1.1" 200 18111 "-" "Mozilla/5.0 (compatible; Barkrowler/0.9; +https://babbar.tech/crawler)"
198.54.114.83 - - [15/Apr/2025:06:51:34 -0400] "POST /wp-cron.php?doing_wp_cron=1744714294.4530279636383056640625 HTTP/1.1" 200 0 "-" "WordPress/6.7.2; https://creative-webstyle.com"
85.208.98.20 - - [15/Apr/2025:06:51:33 -0400] "GET /advertising-agency-mumbai/ HTTP/1.1" 200 0 "-" "Mozilla/5.0 (compatible; SemrushBot-BA; +http://www.semrush.com/bot.html)"
198.54.114.83 - - [15/Apr/2025:06:51:38 -0400] "POST /wp-admin/admin-ajax.php?action=async_litespeed&nonce=MtPXdsWpJwPABY0S0udNb3any6MDXnCP&litespeed_type=imgoptm HTTP/1.1" 200 0 "-" "WordPress/6.7.2; https://creative-webstyle.com"
217.113.194.241 - - [15/Apr/2025:06:51:39 -0400] "GET /the-power-of-buying-views-and-followers/ HTTP/1.1" 200 18151 "-" "Mozilla/5.0 (compatible; Barkrowler/0.9; +https://babbar.tech/crawler)"
198.54.114.83 - - [15/Apr/2025:06:51:59 -0400] "POST /wp-cron.php?doing_wp_cron=1744714318.9452440738677978515625 HTTP/1.1" 200 0 "-" "WordPress/6.7.2; https://creative-webstyle.com"
217.113.194.254 - - [15/Apr/2025:06:51:58 -0400] "GET /the-power-of-buying-views-and-followers/feed/ HTTP/1.1" 200 410 "-" "Mozilla/5.0 (compatible; Barkrowler/0.9; +https://babbar.tech/crawler)"
198.54.114.83 - - [15/Apr/2025:06:52:05 -0400] "POST /wp-admin/admin-ajax.php?action=async_litespeed&nonce=XyfKvSBmRkJbVLMI3hGkWOUZOkJ7lcTa&litespeed_type=imgoptm HTTP/1.1" 200 5 "-" "WordPress/6.7.2; https://creative-webstyle.com"
217.113.194.234 - - [15/Apr/2025:06:52:16 -0400] "GET /essential-guide-to-car-interior-cleaning/ HTTP/1.1" 200 18145 "-" "Mozilla/5.0 (compatible; Barkrowler/0.9; +https://babbar.tech/crawler)"
2a02:598:128:8a00::b00:a - - [15/Apr/2025:06:52:19 -0400] "GET /cyprus-rhinoplasty-prices/ HTTP/1.1" 200 17755 "-" "Mozilla/5.0 (compatible; SeznamBot/4.0; +https://o-seznam.cz/napoveda/vyhledavani/en/seznambot-crawler/)"
85.208.98.29 - - [15/Apr/2025:06:52:33 -0400] "GET /top-5-digital-marketing-agencies-in-mumbai/ HTTP/1.1" 200 17734 "-" "Mozilla/5.0 (compatible; SemrushBot-BA; +http://www.semrush.com/bot.html)"
2a03:2880:f800:4:: - - [15/Apr/2025:06:52:33 -0400] "GET /swinging-in-tranquility-exploring-vietnams-golfing-landscape/ HTTP/1.1" 200 18801 "-" "meta-externalagent/1.1 (+https://developers.facebook.com/docs/sharing/webmasters/crawler)"
217.113.194.235 - - [15/Apr/2025:06:52:34 -0400] "GET /comment-utiliser-un-pendule-de-voyance/ HTTP/1.1" 200 18001 "-" "Mozilla/5.0 (compatible; Barkrowler/0.9; +https://babbar.tech/crawler)"
198.54.114.83 - - [15/Apr/2025:06:52:53 -0400] "POST /wp-cron.php?doing_wp_cron=1744714372.2343480587005615234375 HTTP/1.1" 200 0 "-" "WordPress/6.7.2; https://creative-webstyle.com"
217.113.194.233 - - [15/Apr/2025:06:52:51 -0400] "GET /comment-remplir-un-petit-vase-blanc/ HTTP/1.1" 200 18850 "-" "Mozilla/5.0 (compatible; Barkrowler/0.9; +https://babbar.tech/crawler)"
198.54.114.83 - - [15/Apr/2025:06:52:59 -0400] "POST /wp-admin/admin-ajax.php?action=async_litespeed&nonce=DkYRWBGZ0qOsVwbHkf62aWmUMX5b964n&litespeed_type=imgoptm HTTP/1.1" 200 0 "-" "WordPress/6.7.2; https://creative-webstyle.com"
217.113.194.254 - - [15/Apr/2025:06:53:10 -0400] "GET /plumbing-financing-for-bad-credit/feed/ HTTP/1.1" 200 398 "-" "Mozilla/5.0 (compatible; Barkrowler/0.9; +https://babbar.tech/crawler)"
217.113.194.240 - - [15/Apr/2025:06:53:27 -0400] "GET /tissot-watch-repair-near-me/feed/ HTTP/1.1" 200 389 "-" "Mozilla/5.0 (compatible; Barkrowler/0.9; +https://babbar.tech/crawler)"
217.113.194.235 - - [15/Apr/2025:06:53:45 -0400] "GET /limportance-de-lassurance-professionnelle/ HTTP/1.1" 200 18113 "-" "Mozilla/5.0 (compatible; Barkrowler/0.9; +https://babbar.tech/crawler)"
198.54.114.83 - - [15/Apr/2025:06:54:06 -0400] "POST /wp-cron.php?doing_wp_cron=1744714445.2525320053100585937500 HTTP/1.1" 200 0 "-" "WordPress/6.7.2; https://creative-webstyle.com"
154.54.249.218 - - [15/Apr/2025:06:54:04 -0400] "GET /scheidungsanwalt-hattingen/ HTTP/1.1" 200 18432 "-" "Mozilla/5.0 (compatible; Barkrowler/0.9; +https://babbar.tech/crawler)"
217.113.194.233 - - [15/Apr/2025:06:54:23 -0400] "GET /tailored-solutions-for-every-home/feed/ HTTP/1.1" 200 401 "-" "Mozilla/5.0 (compatible; Barkrowler/0.9; +https://babbar.tech/crawler)"
217.113.194.232 - - [15/Apr/2025:06:54:41 -0400] "GET /ivf-clinics-in-sharjah/feed/ HTTP/1.1" 200 387 "-" "Mozilla/5.0 (compatible; Barkrowler/0.9; +https://babbar.tech/crawler)"
217.113.194.232 - - [15/Apr/2025:06:54:58 -0400] "GET /toyota-sprinter-an-honest-review/ HTTP/1.1" 200 18506 "-" "Mozilla/5.0 (compatible; Barkrowler/0.9; +https://babbar.tech/crawler)"
198.54.114.83 - - [15/Apr/2025:06:55:17 -0400] "POST /wp-cron.php?doing_wp_cron=1744714516.7386620044708251953125 HTTP/1.1" 200 0 "-" "WordPress/6.7.2; https://creative-webstyle.com"
217.113.194.235 - - [15/Apr/2025:06:55:16 -0400] "GET /mens-pilou-pilou-pajamas/ HTTP/1.1" 200 18896 "-" "Mozilla/5.0 (compatible; Barkrowler/0.9; +https://babbar.tech/crawler)"
198.54.114.83 - - [15/Apr/2025:06:55:23 -0400] "POST /wp-admin/admin-ajax.php?action=async_litespeed&nonce=v6hhWE3mIhu81HUgtxMfIMVMnuFkPApr&litespeed_type=imgoptm HTTP/1.1" 200 5 "-" "WordPress/6.7.2; https://creative-webstyle.com"
217.113.194.240 - - [15/Apr/2025:06:55:34 -0400] "GET /top-5-digital-marketing-agencies-in-mumbai/ HTTP/1.1" 200 17734 "-" "Mozilla/5.0 (compatible; Barkrowler/0.9; +https://babbar.tech/crawler)"
217.113.194.234 - - [15/Apr/2025:06:55:51 -0400] "GET /top-5-affordable-pet-insurance-providers/ HTTP/1.1" 200 18340 "-" "Mozilla/5.0 (compatible; Barkrowler/0.9; +https://babbar.tech/crawler)"
198.54.114.83 - - [15/Apr/2025:06:55:54 -0400] "POST /wp-cron.php?doing_wp_cron=1744714552.1800560951232910156250 HTTP/1.1" 200 0 "-" "WordPress/6.7.2; https://creative-webstyle.com"
151.106.184.192 - - [15/Apr/2025:06:56:10 -0400] "GET /images/volantini/flyer-templates_03.jpg HTTP/1.1" 301 0 "-" "Mozilla/5.0 (X11; Ubuntu; Linux x86_64; rv:72.0) Gecko/20100101 Firefox/72.0"
217.113.194.254 - - [15/Apr/2025:06:56:10 -0400] "GET /what-are-the-benefits-of-sound-healing/ HTTP/1.1" 200 18453 "-" "Mozilla/5.0 (compatible; Barkrowler/0.9; +https://babbar.tech/crawler)"
151.106.184.192 - - [15/Apr/2025:06:56:14 -0400] "GET /images/volantini/flyer-templates_03.jpg HTTP/1.1" 404 12641 "-" "Mozilla/5.0 (X11; Ubuntu; Linux x86_64; rv:72.0) Gecko/20100101 Firefox/72.0"
151.106.184.192 - - [15/Apr/2025:06:56:17 -0400] "GET /images/volantini/flyer-templates_03.jpg HTTP/1.1" 301 0 "-" "Mozilla/5.0 (X11; Ubuntu; Linux x86_64; rv:72.0) Gecko/20100101 Firefox/72.0"
151.106.184.192 - - [15/Apr/2025:06:56:17 -0400] "GET /images/volantini/flyer-templates_03.jpg HTTP/1.1" 404 12641 "-" "Mozilla/5.0 (X11; Ubuntu; Linux x86_64; rv:72.0) Gecko/20100101 Firefox/72.0"
151.106.184.192 - - [15/Apr/2025:06:56:18 -0400] "GET /images/volantini/flyer-templates_03.jpg HTTP/1.1" 301 0 "-" "Mozilla/5.0 (X11; Ubuntu; Linux x86_64; rv:72.0) Gecko/20100101 Firefox/72.0"
151.106.184.192 - - [15/Apr/2025:06:56:20 -0400] "GET /images/volantini/flyer-templates_03.jpg HTTP/1.1" 404 12641 "-" "Mozilla/5.0 (X11; Ubuntu; Linux x86_64; rv:72.0) Gecko/20100101 Firefox/72.0"
217.113.194.232 - - [15/Apr/2025:06:56:29 -0400] "GET /fenben-lab-fenbendazol/ HTTP/1.1" 200 17127 "-" "Mozilla/5.0 (compatible; Barkrowler/0.9; +https://babbar.tech/crawler)"
217.113.194.236 - - [15/Apr/2025:06:56:47 -0400] "GET /fenbendazol-for-cancer/feed/ HTTP/1.1" 200 381 "-" "Mozilla/5.0 (compatible; Barkrowler/0.9; +https://babbar.tech/crawler)"
198.54.114.83 - - [15/Apr/2025:06:57:05 -0400] "POST /wp-cron.php?doing_wp_cron=1744714625.0900900363922119140625 HTTP/1.1" 200 0 "-" "WordPress/6.7.2; https://creative-webstyle.com"
217.113.194.232 - - [15/Apr/2025:06:57:04 -0400] "GET /fenbendazole-cancer-treatment/ HTTP/1.1" 200 17764 "-" "Mozilla/5.0 (compatible; Barkrowler/0.9; +https://babbar.tech/crawler)"
198.54.114.83 - - [15/Apr/2025:06:57:11 -0400] "POST /wp-admin/admin-ajax.php?action=async_litespeed&nonce=DUU9m13tlXxEDGfnkCbe0IqDsScbqIbs&litespeed_type=imgoptm HTTP/1.1" 200 0 "-" "WordPress/6.7.2; https://creative-webstyle.com"
217.113.194.234 - - [15/Apr/2025:06:57:24 -0400] "GET /fenbendazole-for-humans-2/ HTTP/1.1" 200 18052 "-" "Mozilla/5.0 (compatible; Barkrowler/0.9; +https://babbar.tech/crawler)"
217.113.194.234 - - [15/Apr/2025:06:57:41 -0400] "GET /fenbendazole-for-humans/feed/ HTTP/1.1" 200 380 "-" "Mozilla/5.0 (compatible; Barkrowler/0.9; +https://babbar.tech/crawler)"
198.54.114.83 - - [15/Apr/2025:06:57:59 -0400] "POST /wp-cron.php?doing_wp_cron=1744714678.7635710239410400390625 HTTP/1.1" 200 0 "-" "WordPress/6.7.2; https://creative-webstyle.com"
217.113.194.235 - - [15/Apr/2025:06:57:58 -0400] "GET /feld-fire-pumps-for-sale/feed/ HTTP/1.1" 200 390 "-" "Mozilla/5.0 (compatible; Barkrowler/0.9; +https://babbar.tech/crawler)"
198.54.114.83 - - [15/Apr/2025:06:58:05 -0400] "POST /wp-admin/admin-ajax.php?action=async_litespeed&nonce=A5fJE4FVT23JjCeQj8CIItXoqUunbwcO&litespeed_type=imgoptm HTTP/1.1" 200 0 "-" "WordPress/6.7.2; https://creative-webstyle.com"
217.113.194.240 - - [15/Apr/2025:06:58:16 -0400] "GET /diesel-exhaust-related-deaths/feed/ HTTP/1.1" 200 390 "-" "Mozilla/5.0 (compatible; Barkrowler/0.9; +https://babbar.tech/crawler)"
217.113.194.234 - - [15/Apr/2025:06:58:32 -0400] "GET /the-hill-one-north-in-buona-vista/ HTTP/1.1" 200 18313 "-" "Mozilla/5.0 (compatible; Barkrowler/0.9; +https://babbar.tech/crawler)"
198.54.114.83 - - [15/Apr/2025:06:58:53 -0400] "POST /wp-cron.php?doing_wp_cron=1744714731.8219130039215087890625 HTTP/1.1" 200 0 "-" "WordPress/6.7.2; https://creative-webstyle.com"
217.113.194.235 - - [15/Apr/2025:06:58:51 -0400] "GET /silberschmuck-reinigen-hausmittel/ HTTP/1.1" 200 17508 "-" "Mozilla/5.0 (compatible; Barkrowler/0.9; +https://babbar.tech/crawler)"
217.113.194.235 - - [15/Apr/2025:06:59:10 -0400] "GET /good-night-quotes-to-keep-you-connected/ HTTP/1.1" 200 18038 "-" "Mozilla/5.0 (compatible; Barkrowler/0.9; +https://babbar.tech/crawler)"
217.113.194.237 - - [15/Apr/2025:06:59:27 -0400] "GET /decouvrez-le-massage-thai-a-geneve/feed/ HTTP/1.1" 200 415 "-" "Mozilla/5.0 (compatible; Barkrowler/0.9; +https://babbar.tech/crawler)"
217.113.194.254 - - [15/Apr/2025:06:59:44 -0400] "GET /decouvrez-le-thai-massage-a-geneve/feed/ HTTP/1.1" 200 413 "-" "Mozilla/5.0 (compatible; Barkrowler/0.9; +https://babbar.tech/crawler)"
198.54.114.83 - - [15/Apr/2025:07:00:02 -0400] "POST /wp-cron.php?doing_wp_cron=1744714802.3362119197845458984375 HTTP/1.1" 200 0 "-" "WordPress/6.7.2; https://creative-webstyle.com"
217.113.194.232 - - [15/Apr/2025:07:00:01 -0400] "GET /les-enjeux-du-recrutement-dans-la-restauration/ HTTP/1.1" 200 18487 "-" "Mozilla/5.0 (compatible; Barkrowler/0.9; +https://babbar.tech/crawler)"
198.54.114.83 - - [15/Apr/2025:07:00:09 -0400] "POST /wp-admin/admin-ajax.php?action=async_litespeed&nonce=7rtMkrgDpAGc1bFig9Dd0RTWe6untB7Z&litespeed_type=imgoptm HTTP/1.1" 200 0 "-" "WordPress/6.7.2; https://creative-webstyle.com"
217.113.194.234 - - [15/Apr/2025:07:00:21 -0400] "GET /a-thriving-virtual-gaming-experience/feed/ HTTP/1.1" 200 405 "-" "Mozilla/5.0 (compatible; Barkrowler/0.9; +https://babbar.tech/crawler)"
217.113.194.240 - - [15/Apr/2025:07:00:38 -0400] "GET /when-does-flick-come-to-your-island/ HTTP/1.1" 200 20542 "-" "Mozilla/5.0 (compatible; Barkrowler/0.9; +https://babbar.tech/crawler)"
198.54.114.83 - - [15/Apr/2025:07:00:56 -0400] "POST /wp-cron.php?doing_wp_cron=1744714856.8129050731658935546875 HTTP/1.1" 200 0 "-" "WordPress/6.7.2; https://creative-webstyle.com"
217.113.194.240 - - [15/Apr/2025:07:00:56 -0400] "GET /when-does-flick-come-to-your-island/feed/ HTTP/1.1" 200 410 "-" "Mozilla/5.0 (compatible; Barkrowler/0.9; +https://babbar.tech/crawler)"
198.54.114.83 - - [15/Apr/2025:07:01:02 -0400] "POST /wp-admin/admin-ajax.php?action=async_litespeed&nonce=GfR0LxqvAHcRTmvX2f2pvPi3CqdLl0oB&litespeed_type=imgoptm HTTP/1.1" 200 5 "-" "WordPress/6.7.2; https://creative-webstyle.com"
217.113.194.237 - - [15/Apr/2025:07:01:13 -0400] "GET /ancient-coastal-relics-of-human-civilization/ HTTP/1.1" 200 18443 "-" "Mozilla/5.0 (compatible; Barkrowler/0.9; +https://babbar.tech/crawler)"
217.113.194.232 - - [15/Apr/2025:07:01:29 -0400] "GET /how-to-prepare-virtual-makeup-for-business/feed/ HTTP/1.1" 200 411 "-" "Mozilla/5.0 (compatible; Barkrowler/0.9; +https://babbar.tech/crawler)"
217.113.194.241 - - [15/Apr/2025:07:01:46 -0400] "GET /how-to-choose-the-best-soccer-grip-socks/feed/ HTTP/1.1" 200 412 "-" "Mozilla/5.0 (compatible; Barkrowler/0.9; +https://babbar.tech/crawler)"
198.54.114.83 - - [15/Apr/2025:07:02:04 -0400] "POST /wp-cron.php?doing_wp_cron=1744714924.3048989772796630859375 HTTP/1.1" 200 0 "-" "WordPress/6.7.2; https://creative-webstyle.com"
217.113.194.232 - - [15/Apr/2025:07:02:03 -0400] "GET /how-to-choose-the-best-los-angeles-seo-agency/ HTTP/1.1" 200 18277 "-" "Mozilla/5.0 (compatible; Barkrowler/0.9; +https://babbar.tech/crawler)"
198.54.114.83 - - [15/Apr/2025:07:02:10 -0400] "POST /wp-admin/admin-ajax.php?action=async_litespeed&nonce=WIbVOS9jda8UXFzoxia0QMzoInWpCJeZ&litespeed_type=imgoptm HTTP/1.1" 200 0 "-" "WordPress/6.7.2; https://creative-webstyle.com"
217.113.194.232 - - [15/Apr/2025:07:02:22 -0400] "GET /how-to-choose-the-best-portable-fire-pump/feed/ HTTP/1.1" 200 417 "-" "Mozilla/5.0 (compatible; Barkrowler/0.9; +https://babbar.tech/crawler)"
46.147.98.53 - - [15/Apr/2025:07:02:27 -0400] "GET /michael-kors-bags-a-vision-of-sophistication-and-glitz/ HTTP/1.1" 200 19509 "https://creative-webstyle.com/michael-kors-bags-a-vision-of-sophistication-and-glitz/#comment-35228" "Mozilla/5.0 (Windows NT 10.0; Win64; x64) AppleWebKit/537.36 (KHTML, like Gecko) Chrome/131.0.0.0 Safari/537.36"
217.113.194.240 - - [15/Apr/2025:07:02:38 -0400] "GET /how-to-create-and-manage-a-youtube-playlist/ HTTP/1.1" 200 18273 "-" "Mozilla/5.0 (compatible; Barkrowler/0.9; +https://babbar.tech/crawler)"
198.54.114.83 - - [15/Apr/2025:07:02:56 -0400] "POST /wp-cron.php?doing_wp_cron=1744714976.0531530380249023437500 HTTP/1.1" 200 0 "-" "WordPress/6.7.2; https://creative-webstyle.com"
217.113.194.234 - - [15/Apr/2025:07:02:56 -0400] "GET /how-to-identify-an-mk-shoulder-bag/ HTTP/1.1" 200 18383 "-" "Mozilla/5.0 (compatible; Barkrowler/0.9; +https://babbar.tech/crawler)"
130.195.242.16 - - [15/Apr/2025:07:02:55 -0400] "GET /digital-nomad-visa-spain/ HTTP/1.1" 200 18141 "-" "Mozilla/5.0 (Windows NT 10.0; Win64; x64; rv:114.0) Gecko/20100101 Firefox/114.0"
198.54.114.83 - - [15/Apr/2025:07:03:03 -0400] "POST /wp-admin/admin-ajax.php?action=async_litespeed&nonce=c4nT5L9wG5FUxxjDSjVG6ZcaJtEwZQQl&litespeed_type=imgoptm HTTP/1.1" 200 0 "-" "WordPress/6.7.2; https://creative-webstyle.com"
217.113.194.232 - - [15/Apr/2025:07:03:14 -0400] "GET /how-to-make-your-gold-jewellery-cleaner/feed/ HTTP/1.1" 200 412 "-" "Mozilla/5.0 (compatible; Barkrowler/0.9; +https://babbar.tech/crawler)"
217.113.194.234 - - [15/Apr/2025:07:03:30 -0400] "GET /how-to-make-your-own-best-whipped-soap/ HTTP/1.1" 200 18034 "-" "Mozilla/5.0 (compatible; Barkrowler/0.9; +https://babbar.tech/crawler)"
198.54.114.83 - - [15/Apr/2025:07:03:50 -0400] "POST /wp-cron.php?doing_wp_cron=1744715029.2536311149597167968750 HTTP/1.1" 200 0 "-" "WordPress/6.7.2; https://creative-webstyle.com"
217.113.194.233 - - [15/Apr/2025:07:03:48 -0400] "GET /how-to-save-money-on-ac-parts-near-me/ HTTP/1.1" 200 18499 "-" "Mozilla/5.0 (compatible; Barkrowler/0.9; +https://babbar.tech/crawler)"
217.113.194.254 - - [15/Apr/2025:07:04:07 -0400] "GET /how-to-install-norcold-cooling-units/feed/ HTTP/1.1" 200 402 "-" "Mozilla/5.0 (compatible; Barkrowler/0.9; +https://babbar.tech/crawler)"
217.113.194.254 - - [15/Apr/2025:07:04:23 -0400] "GET /how-to-start-a-painting-by-numbers/feed/ HTTP/1.1" 200 404 "-" "Mozilla/5.0 (compatible; Barkrowler/0.9; +https://babbar.tech/crawler)"
217.113.194.234 - - [15/Apr/2025:07:04:40 -0400] "GET /how-to-use-tretinoin-gel-in-the-uk/ HTTP/1.1" 200 17980 "-" "Mozilla/5.0 (compatible; Barkrowler/0.9; +https://babbar.tech/crawler)"
198.54.114.83 - - [15/Apr/2025:07:04:56 -0400] "POST /wp-cron.php?doing_wp_cron=1744715096.4180810451507568359375 HTTP/1.1" 200 0 "-" "WordPress/6.7.2; https://creative-webstyle.com"
217.113.194.235 - - [15/Apr/2025:07:04:56 -0400] "GET /how-to-grow-your-youtube-subscribers/feed/ HTTP/1.1" 200 405 "-" "Mozilla/5.0 (compatible; Barkrowler/0.9; +https://babbar.tech/crawler)"
198.54.114.83 - - [15/Apr/2025:07:05:02 -0400] "POST /wp-admin/admin-ajax.php?action=async_litespeed&nonce=bdhHAizWSIZMN89w8iulC4yxpd6V8q5N&litespeed_type=imgoptm HTTP/1.1" 200 0 "-" "WordPress/6.7.2; https://creative-webstyle.com"
217.113.194.234 - - [15/Apr/2025:07:05:13 -0400] "GET /how-to-find-the-best-tinder-photographer/feed/ HTTP/1.1" 200 417 "-" "Mozilla/5.0 (compatible; Barkrowler/0.9; +https://babbar.tech/crawler)"
217.113.194.241 - - [15/Apr/2025:07:05:30 -0400] "GET /how-to-use-thermal-paste-on-your-computer/feed/ HTTP/1.1" 200 415 "-" "Mozilla/5.0 (compatible; Barkrowler/0.9; +https://babbar.tech/crawler)"
217.113.194.234 - - [15/Apr/2025:07:05:47 -0400] "GET /how-to-get-started-with-diamond-painting/ HTTP/1.1" 200 18292 "-" "Mozilla/5.0 (compatible; Barkrowler/0.9; +https://babbar.tech/crawler)"
198.54.114.83 - - [15/Apr/2025:07:06:00 -0400] "POST /wp-cron.php?doing_wp_cron=1744715159.7260460853576660156250 HTTP/1.1" 200 0 "-" "WordPress/6.7.2; https://creative-webstyle.com"
2a03:2880:f800:e:: - - [15/Apr/2025:07:05:59 -0400] "GET /are-the-sports-betting-champ-of-john-morrison-the-best-sports-betting-system/ HTTP/1.1" 200 18389 "-" "meta-externalagent/1.1 (+https://developers.facebook.com/docs/sharing/webmasters/crawler)"
154.54.249.218 - - [15/Apr/2025:07:06:05 -0400] "GET /how-to-get-started-with-diamond-painting/feed/ HTTP/1.1" 200 413 "-" "Mozilla/5.0 (compatible; Barkrowler/0.9; +https://babbar.tech/crawler)"
198.54.114.83 - - [15/Apr/2025:07:06:06 -0400] "POST /wp-admin/admin-ajax.php?action=async_litespeed&nonce=nnRxBUwWBurGpkJMpyGMxHs7u83dFBKr&litespeed_type=imgoptm HTTP/1.1" 200 0 "-" "WordPress/6.7.2; https://creative-webstyle.com"
2a03:2880:11ff:4b:: - - [15/Apr/2025:07:06:11 -0400] "GET /page/103/ HTTP/1.1" 200 15852 "-" "meta-externalagent/1.1 (+https://developers.facebook.com/docs/sharing/webmasters/crawler)"
2a03:2880:11ff:74:: - - [15/Apr/2025:07:06:14 -0400] "GET /wp-content/themes/revista/assets/lib/custom/js/ajax.js?ver=6.7.2 HTTP/1.1" 304 0 "-" "meta-externalagent/1.1 (+https://developers.facebook.com/docs/sharing/webmasters/crawler)"
2a03:2880:11ff:4c:: - - [15/Apr/2025:07:06:14 -0400] "GET /wp-content/themes/revista/assets/lib/slick/js/slick.min.js?ver=6.7.2 HTTP/1.1" 304 0 "-" "meta-externalagent/1.1 (+https://developers.facebook.com/docs/sharing/webmasters/crawler)"
2a03:2880:11ff:7:: - - [15/Apr/2025:07:06:14 -0400] "GET /wp-includes/js/imagesloaded.min.js?ver=5.0.0 HTTP/1.1" 304 0 "-" "meta-externalagent/1.1 (+https://developers.facebook.com/docs/sharing/webmasters/crawler)"
2a03:2880:11ff:41:: - - [15/Apr/2025:07:06:14 -0400] "GET /wp-content/themes/revista/assets/lib/magnific-popup/jquery.magnific-popup.min.js?ver=6.7.2 HTTP/1.1" 304 0 "-" "meta-externalagent/1.1 (+https://developers.facebook.com/docs/sharing/webmasters/crawler)"
2a03:2880:11ff:7:: - - [15/Apr/2025:07:06:15 -0400] "GET /wp-content/themes/revista/assets/lib/custom/js/pagination.js?ver=6.7.2 HTTP/1.1" 304 0 "-" "meta-externalagent/1.1 (+https://developers.facebook.com/docs/sharing/webmasters/crawler)"
2a03:2880:11ff:3:: - - [15/Apr/2025:07:06:15 -0400] "GET /wp-includes/js/jquery/jquery-migrate.min.js?ver=3.4.1 HTTP/1.1" 304 0 "-" "meta-externalagent/1.1 (+https://developers.facebook.com/docs/sharing/webmasters/crawler)"
2a03:2880:11ff:: - - [15/Apr/2025:07:06:15 -0400] "GET /wp-content/themes/revista/assets/lib/custom/js/custom.js?ver=6.7.2 HTTP/1.1" 304 0 "-" "meta-externalagent/1.1 (+https://developers.facebook.com/docs/sharing/webmasters/crawler)"
2a03:2880:11ff:6:: - - [15/Apr/2025:07:06:15 -0400] "GET /wp-includes/js/jquery/jquery.min.js?ver=3.7.1 HTTP/1.1" 304 0 "-" "meta-externalagent/1.1 (+https://developers.facebook.com/docs/sharing/webmasters/crawler)"
2a03:2880:11ff:1:: - - [15/Apr/2025:07:06:16 -0400] "GET /wp-includes/js/wp-emoji-release.min.js?ver=6.7.2 HTTP/1.1" 304 0 "-" "meta-externalagent/1.1 (+https://developers.facebook.com/docs/sharing/webmasters/crawler)"
217.113.194.240 - - [15/Apr/2025:07:06:22 -0400] "GET /how-to-do-internet-sports-betting-successfully/ HTTP/1.1" 200 18473 "-" "Mozilla/5.0 (compatible; Barkrowler/0.9; +https://babbar.tech/crawler)"
217.113.194.254 - - [15/Apr/2025:07:06:40 -0400] "GET /how-to-get-more-subscribers-on-youtube/ HTTP/1.1" 200 17138 "-" "Mozilla/5.0 (compatible; Barkrowler/0.9; +https://babbar.tech/crawler)"
198.54.114.83 - - [15/Apr/2025:07:07:00 -0400] "POST /wp-cron.php?doing_wp_cron=1744715219.6347100734710693359375 HTTP/1.1" 200 0 "-" "WordPress/6.7.2; https://creative-webstyle.com"
217.113.194.233 - - [15/Apr/2025:07:06:59 -0400] "GET /how-to-get-more-subscribers-on-youtube/feed/ HTTP/1.1" 200 398 "-" "Mozilla/5.0 (compatible; Barkrowler/0.9; +https://babbar.tech/crawler)"
92.251.103.63 - - [15/Apr/2025:07:07:14 -0400] "GET /the-custom-gaming-pc-builder/ HTTP/1.1" 200 18190 "-" "Mozilla/5.0 (Windows NT 10.0; Win64; x64) AppleWebKit/537.36 (KHTML, like Gecko) Chrome/121.0.0.0 Safari/537.36"
154.54.249.218 - - [15/Apr/2025:07:07:17 -0400] "GET /how-to-buy-tiktok-views-and-followers/feed/ HTTP/1.1" 200 409 "-" "Mozilla/5.0 (compatible; Barkrowler/0.9; +https://babbar.tech/crawler)"
217.113.194.237 - - [15/Apr/2025:07:07:34 -0400] "GET /how-to-buy-tiktok-views-and-followers/ HTTP/1.1" 200 17973 "-" "Mozilla/5.0 (compatible; Barkrowler/0.9; +https://babbar.tech/crawler)"
217.113.194.254 - - [15/Apr/2025:07:07:53 -0400] "GET /the-ultimate-gaming-headset-experience/feed/ HTTP/1.1" 200 401 "-" "Mozilla/5.0 (compatible; Barkrowler/0.9; +https://babbar.tech/crawler)"
198.54.114.83 - - [15/Apr/2025:07:08:06 -0400] "POST /wp-cron.php?doing_wp_cron=1744715285.2881720066070556640625 HTTP/1.1" 200 0 "-" "WordPress/6.7.2; https://creative-webstyle.com"
85.208.98.22 - - [15/Apr/2025:07:08:04 -0400] "GET /advertising-agency-mumbai/ HTTP/1.1" 200 17285 "-" "Mozilla/5.0 (compatible; SemrushBot-BA; +http://www.semrush.com/bot.html)"
217.113.194.241 - - [15/Apr/2025:07:08:10 -0400] "GET /the-ultimate-guide-to-london-airport-taxis/feed/ HTTP/1.1" 200 410 "-" "Mozilla/5.0 (compatible; Barkrowler/0.9; +https://babbar.tech/crawler)"
217.113.194.232 - - [15/Apr/2025:07:08:27 -0400] "GET /the-ultimate-guide-to-bathroom-renovations/ HTTP/1.1" 200 17931 "-" "Mozilla/5.0 (compatible; Barkrowler/0.9; +https://babbar.tech/crawler)"
217.113.194.241 - - [15/Apr/2025:07:08:45 -0400] "GET /the-ultimate-guide-to-bathroom-renovations/feed/ HTTP/1.1" 200 405 "-" "Mozilla/5.0 (compatible; Barkrowler/0.9; +https://babbar.tech/crawler)"
217.113.194.234 - - [15/Apr/2025:07:09:03 -0400] "GET /melbournes-best-curly-hairdresser/ HTTP/1.1" 200 18048 "-" "Mozilla/5.0 (compatible; Barkrowler/0.9; +https://babbar.tech/crawler)"
198.54.114.83 - - [15/Apr/2025:07:09:23 -0400] "POST /wp-cron.php?doing_wp_cron=1744715362.4667799472808837890625 HTTP/1.1" 200 0 "-" "WordPress/6.7.2; https://creative-webstyle.com"
154.54.249.218 - - [15/Apr/2025:07:09:22 -0400] "GET /discover-your-dream-home-in-sonoma-ca/ HTTP/1.1" 200 17890 "-" "Mozilla/5.0 (compatible; Barkrowler/0.9; +https://babbar.tech/crawler)"
198.54.114.83 - - [15/Apr/2025:07:09:30 -0400] "POST /wp-admin/admin-ajax.php?action=async_litespeed&nonce=QZmNu9RSX9btfIJzNI0Shk9DW55O2oUg&litespeed_type=imgoptm HTTP/1.1" 200 0 "-" "WordPress/6.7.2; https://creative-webstyle.com"
185.191.171.15 - - [15/Apr/2025:07:09:31 -0400] "GET /buy-tiktok-views-and-followers/ HTTP/1.1" 200 17716 "-" "Mozilla/5.0 (compatible; SemrushBot/7~bl; +http://www.semrush.com/bot.html)"
217.113.194.238 - - [15/Apr/2025:07:09:41 -0400] "GET /discover-your-dream-home-in-sonoma-ca/feed/ HTTP/1.1" 200 410 "-" "Mozilla/5.0 (compatible; Barkrowler/0.9; +https://babbar.tech/crawler)"
198.54.114.83 - - [15/Apr/2025:07:09:59 -0400] "POST /wp-cron.php?doing_wp_cron=1744715399.1608409881591796875000 HTTP/1.1" 200 0 "-" "WordPress/6.7.2; https://creative-webstyle.com"
217.113.194.240 - - [15/Apr/2025:07:09:58 -0400] "GET /a-gateway-to-entertainment-and-excitement/ HTTP/1.1" 200 18299 "-" "Mozilla/5.0 (compatible; Barkrowler/0.9; +https://babbar.tech/crawler)"
198.54.114.83 - - [15/Apr/2025:07:10:09 -0400] "POST /wp-admin/admin-ajax.php?action=async_litespeed&nonce=8uHGx1khoNihdUq7QYuIO9L1EqwyNOYF&litespeed_type=imgoptm HTTP/1.1" 200 0 "-" "WordPress/6.7.2; https://creative-webstyle.com"
217.113.194.234 - - [15/Apr/2025:07:10:18 -0400] "GET /a-journey-through-history-and-remembrance/feed/ HTTP/1.1" 200 410 "-" "Mozilla/5.0 (compatible; Barkrowler/0.9; +https://babbar.tech/crawler)"
217.113.194.254 - - [15/Apr/2025:07:10:36 -0400] "GET /a-hub-for-fitness-enthusiasts/feed/ HTTP/1.1" 200 395 "-" "Mozilla/5.0 (compatible; Barkrowler/0.9; +https://babbar.tech/crawler)"
198.54.114.83 - - [15/Apr/2025:07:10:55 -0400] "POST /wp-cron.php?doing_wp_cron=1744715454.0386950969696044921875 HTTP/1.1" 200 0 "-" "WordPress/6.7.2; https://creative-webstyle.com"
217.113.194.237 - - [15/Apr/2025:07:10:53 -0400] "GET /a-breakthrough-in-hydration-technology/ HTTP/1.1" 200 18027 "-" "Mozilla/5.0 (compatible; Barkrowler/0.9; +https://babbar.tech/crawler)"
217.113.194.232 - - [15/Apr/2025:07:11:12 -0400] "GET /sitemap-benefits-of-a-generator-sitemap/feed/ HTTP/1.1" 200 396 "-" "Mozilla/5.0 (compatible; Barkrowler/0.9; +https://babbar.tech/crawler)"
217.113.194.235 - - [15/Apr/2025:07:11:30 -0400] "GET /a-beacon-of-premium-entertainment/feed/ HTTP/1.1" 200 389 "-" "Mozilla/5.0 (compatible; Barkrowler/0.9; +https://babbar.tech/crawler)"
217.113.194.232 - - [15/Apr/2025:07:11:48 -0400] "GET /la-fascinacion-de-descubrir-la-edad/ HTTP/1.1" 200 17932 "-" "Mozilla/5.0 (compatible; Barkrowler/0.9; +https://babbar.tech/crawler)"
198.54.114.83 - - [15/Apr/2025:07:12:09 -0400] "POST /wp-cron.php?doing_wp_cron=1744715528.0511550903320312500000 HTTP/1.1" 200 0 "-" "WordPress/6.7.2; https://creative-webstyle.com"
217.113.194.232 - - [15/Apr/2025:07:12:07 -0400] "GET /natural-remedies-to-prevent-and-treat-cancer/ HTTP/1.1" 200 18427 "-" "Mozilla/5.0 (compatible; Barkrowler/0.9; +https://babbar.tech/crawler)"
198.54.114.83 - - [15/Apr/2025:07:12:17 -0400] "POST /wp-admin/admin-ajax.php?action=async_litespeed&nonce=evYfX5zCoedXhxGafh5EPzL8d6VDtiTZ&litespeed_type=imgoptm HTTP/1.1" 200 0 "-" "WordPress/6.7.2; https://creative-webstyle.com"
217.113.194.240 - - [15/Apr/2025:07:12:27 -0400] "GET /choosing-a-conservatory-roof-replacement/ HTTP/1.1" 200 18285 "-" "Mozilla/5.0 (compatible; Barkrowler/0.9; +https://babbar.tech/crawler)"
217.113.194.254 - - [15/Apr/2025:07:12:45 -0400] "GET /choosing-a-kitchen-remolding-contractor/ HTTP/1.1" 200 18804 "-" "Mozilla/5.0 (compatible; Barkrowler/0.9; +https://babbar.tech/crawler)"
2a03:2880:f800:10:: - - [15/Apr/2025:07:12:59 -0400] "GET /dubais-thriving-osteopathy-scene/ HTTP/1.1" 200 18182 "-" "meta-externalagent/1.1 (+https://developers.facebook.com/docs/sharing/webmasters/crawler)"
198.54.114.83 - - [15/Apr/2025:07:13:05 -0400] "POST /wp-cron.php?doing_wp_cron=1744715585.3321371078491210937500 HTTP/1.1" 200 0 "-" "WordPress/6.7.2; https://creative-webstyle.com"
217.113.194.235 - - [15/Apr/2025:07:13:04 -0400] "GET /choosing-the-best-for-your-plumbing-needs/ HTTP/1.1" 200 17860 "-" "Mozilla/5.0 (compatible; Barkrowler/0.9; +https://babbar.tech/crawler)"
198.54.114.83 - - [15/Apr/2025:07:13:12 -0400] "POST /wp-admin/admin-ajax.php?action=async_litespeed&nonce=rox0MKXK97zDJl2MEnbHXPHrWExGLuFj&litespeed_type=imgoptm HTTP/1.1" 200 0 "-" "WordPress/6.7.2; https://creative-webstyle.com"
217.113.194.232 - - [15/Apr/2025:07:13:23 -0400] "GET /choosing-the-best-for-your-plumbing-needs/feed/ HTTP/1.1" 200 415 "-" "Mozilla/5.0 (compatible; Barkrowler/0.9; +https://babbar.tech/crawler)"
217.113.194.234 - - [15/Apr/2025:07:13:40 -0400] "GET /choosing-the-right-kitchen-cabinet-manufacturers/ HTTP/1.1" 200 18023 "-" "Mozilla/5.0 (compatible; Barkrowler/0.9; +https://babbar.tech/crawler)"
198.54.114.83 - - [15/Apr/2025:07:13:58 -0400] "POST /wp-cron.php?doing_wp_cron=1744715638.3797891139984130859375 HTTP/1.1" 200 0 "-" "WordPress/6.7.2; https://creative-webstyle.com"
217.113.194.254 - - [15/Apr/2025:07:13:57 -0400] "GET /hiring-a-divorce-lawyer-in-nahariya/ HTTP/1.1" 200 17995 "-" "Mozilla/5.0 (compatible; Barkrowler/0.9; +https://babbar.tech/crawler)"
198.54.114.83 - - [15/Apr/2025:07:14:04 -0400] "POST /wp-admin/admin-ajax.php?action=async_litespeed&nonce=X3QQygnYYalFBVvOmBEcwh3sUCqlEu2f&litespeed_type=imgoptm HTTP/1.1" 200 0 "-" "WordPress/6.7.2; https://creative-webstyle.com"
217.113.194.239 - - [15/Apr/2025:07:14:15 -0400] "GET /your-ultimate-guide-to-language-lessons/feed/ HTTP/1.1" 200 399 "-" "Mozilla/5.0 (compatible; Barkrowler/0.9; +https://babbar.tech/crawler)"
217.113.194.254 - - [15/Apr/2025:07:14:33 -0400] "GET /rain-gutter-cleaning-and-maintenance/feed/ HTTP/1.1" 200 403 "-" "Mozilla/5.0 (compatible; Barkrowler/0.9; +https://babbar.tech/crawler)"
198.54.114.83 - - [15/Apr/2025:07:14:51 -0400] "POST /wp-cron.php?doing_wp_cron=1744715691.6102740764617919921875 HTTP/1.1" 200 0 "-" "WordPress/6.7.2; https://creative-webstyle.com"
217.113.194.254 - - [15/Apr/2025:07:14:50 -0400] "GET /car-interior-cleaning-a-comprehensive-guide/ HTTP/1.1" 200 18244 "-" "Mozilla/5.0 (compatible; Barkrowler/0.9; +https://babbar.tech/crawler)"
198.54.114.83 - - [15/Apr/2025:07:15:09 -0400] "POST /wp-cron.php?doing_wp_cron=1744715709.2585170269012451171875 HTTP/1.1" 200 0 "-" "WordPress/6.7.2; https://creative-webstyle.com"
217.113.194.233 - - [15/Apr/2025:07:15:08 -0400] "GET /ein-leitfaden-fur-unternehmer/feed/ HTTP/1.1" 200 397 "-" "Mozilla/5.0 (compatible; Barkrowler/0.9; +https://babbar.tech/crawler)"
198.54.114.83 - - [15/Apr/2025:07:15:10 -0400] "POST /wp-admin/admin-ajax.php?action=async_litespeed&nonce=XjipcFkmXif0f5wtgcjSjTfLcdyKYulz&litespeed_type=imgoptm HTTP/1.1" 200 5 "-" "WordPress/6.7.2; https://creative-webstyle.com"
217.113.194.254 - - [15/Apr/2025:07:15:27 -0400] "GET /transforming-spaces-with-modern-kitchen-cabinets/ HTTP/1.1" 200 18177 "-" "Mozilla/5.0 (compatible; Barkrowler/0.9; +https://babbar.tech/crawler)"
217.113.194.232 - - [15/Apr/2025:07:15:47 -0400] "GET /how-the-katana-sword-is-made/feed/ HTTP/1.1" 200 395 "-" "Mozilla/5.0 (compatible; Barkrowler/0.9; +https://babbar.tech/crawler)"
198.54.114.83 - - [15/Apr/2025:07:15:49 -0400] "POST /wp-cron.php?doing_wp_cron=1744715747.8377530574798583984375 HTTP/1.1" 200 0 "-" "WordPress/6.7.2; https://creative-webstyle.com"
217.113.194.240 - - [15/Apr/2025:07:16:05 -0400] "GET /employer-job-listing-platform-ireland/feed/ HTTP/1.1" 200 404 "-" "Mozilla/5.0 (compatible; Barkrowler/0.9; +https://babbar.tech/crawler)"
217.113.194.237 - - [15/Apr/2025:07:16:23 -0400] "GET /a-new-era-of-gambling-entertainment/feed/ HTTP/1.1" 200 395 "-" "Mozilla/5.0 (compatible; Barkrowler/0.9; +https://babbar.tech/crawler)"
217.113.194.237 - - [15/Apr/2025:07:16:40 -0400] "GET /a-new-age-of-small-unit-leadership/feed/ HTTP/1.1" 200 405 "-" "Mozilla/5.0 (compatible; Barkrowler/0.9; +https://babbar.tech/crawler)"
198.54.114.83 - - [15/Apr/2025:07:17:00 -0400] "POST /wp-cron.php?doing_wp_cron=1744715819.4240698814392089843750 HTTP/1.1" 200 0 "-" "WordPress/6.7.2; https://creative-webstyle.com"
217.113.194.238 - - [15/Apr/2025:07:16:58 -0400] "GET /the-facts-about-weee-recycling-management/ HTTP/1.1" 200 18296 "-" "Mozilla/5.0 (compatible; Barkrowler/0.9; +https://babbar.tech/crawler)"
198.54.114.83 - - [15/Apr/2025:07:17:06 -0400] "POST /wp-admin/admin-ajax.php?action=async_litespeed&nonce=iPErXe0fdCKLmkQSxLbIJ9YbXPAM9oVx&litespeed_type=imgoptm HTTP/1.1" 200 0 "-" "WordPress/6.7.2; https://creative-webstyle.com"
217.113.194.235 - - [15/Apr/2025:07:17:18 -0400] "GET /a-tour-of-the-lumina-grand-showflat/ HTTP/1.1" 200 18070 "-" "Mozilla/5.0 (compatible; Barkrowler/0.9; +https://babbar.tech/crawler)"
217.113.194.233 - - [15/Apr/2025:07:17:36 -0400] "GET /a-tour-of-the-lumina-grand-showflat/feed/ HTTP/1.1" 200 406 "-" "Mozilla/5.0 (compatible; Barkrowler/0.9; +https://babbar.tech/crawler)"
198.54.114.83 - - [15/Apr/2025:07:17:55 -0400] "POST /wp-cron.php?doing_wp_cron=1744715874.2340509891510009765625 HTTP/1.1" 200 0 "-" "WordPress/6.7.2; https://creative-webstyle.com"
217.113.194.233 - - [15/Apr/2025:07:17:53 -0400] "GET /australian-kids-show-comment-poursuivre/ HTTP/1.1" 200 18202 "-" "Mozilla/5.0 (compatible; Barkrowler/0.9; +https://babbar.tech/crawler)"
198.54.114.83 - - [15/Apr/2025:07:18:02 -0400] "POST /wp-admin/admin-ajax.php?action=async_litespeed&nonce=wHNNmygICPorRaFGXoNz3qwOD4PheqXb&litespeed_type=imgoptm HTTP/1.1" 200 0 "-" "WordPress/6.7.2; https://creative-webstyle.com"
217.113.194.232 - - [15/Apr/2025:07:18:12 -0400] "GET /on-sale-michael-kors-bags/feed/ HTTP/1.1" 200 384 "-" "Mozilla/5.0 (compatible; Barkrowler/0.9; +https://babbar.tech/crawler)"
217.113.194.240 - - [15/Apr/2025:07:18:28 -0400] "GET /a-seamless-multichannel-experience/ HTTP/1.1" 200 18026 "-" "Mozilla/5.0 (compatible; Barkrowler/0.9; +https://babbar.tech/crawler)"
217.113.194.254 - - [15/Apr/2025:07:18:46 -0400] "GET /a-small-yet-mighty-marketing-tool/feed/ HTTP/1.1" 200 402 "-" "Mozilla/5.0 (compatible; Barkrowler/0.9; +https://babbar.tech/crawler)"
198.54.114.83 - - [15/Apr/2025:07:19:06 -0400] "POST /wp-cron.php?doing_wp_cron=1744715946.2368381023406982421875 HTTP/1.1" 200 0 "-" "WordPress/6.7.2; https://creative-webstyle.com"
217.113.194.238 - - [15/Apr/2025:07:19:05 -0400] "GET /types-of-conservatory-roof-replacement/ HTTP/1.1" 200 18525 "-" "Mozilla/5.0 (compatible; Barkrowler/0.9; +https://babbar.tech/crawler)"
198.54.114.83 - - [15/Apr/2025:07:19:12 -0400] "POST /wp-admin/admin-ajax.php?action=async_litespeed&nonce=mFDiwZKvxKdISaeKsZ9rGYtpRMbJ85Ir&litespeed_type=imgoptm HTTP/1.1" 200 0 "-" "WordPress/6.7.2; https://creative-webstyle.com"
217.113.194.234 - - [15/Apr/2025:07:19:24 -0400] "GET /the-appeal-of-steroids-in-thailand/ HTTP/1.1" 200 18037 "-" "Mozilla/5.0 (compatible; Barkrowler/0.9; +https://babbar.tech/crawler)"
217.113.194.233 - - [15/Apr/2025:07:19:41 -0400] "GET /the-appeal-of-steroids-in-thailand/feed/ HTTP/1.1" 200 398 "-" "Mozilla/5.0 (compatible; Barkrowler/0.9; +https://babbar.tech/crawler)"
198.54.114.83 - - [15/Apr/2025:07:19:59 -0400] "POST /wp-cron.php?doing_wp_cron=1744715998.8649721145629882812500 HTTP/1.1" 200 0 "-" "WordPress/6.7.2; https://creative-webstyle.com"
217.113.194.236 - - [15/Apr/2025:07:19:58 -0400] "GET /the-journey-of-a-pert-pipe-manufacturer/ HTTP/1.1" 200 18239 "-" "Mozilla/5.0 (compatible; Barkrowler/0.9; +https://babbar.tech/crawler)"
198.54.114.83 - - [15/Apr/2025:07:20:06 -0400] "POST /wp-admin/admin-ajax.php?action=async_litespeed&nonce=wvjeHiHRZKGiKoSk8sxjzdVsSpZb2xXw&litespeed_type=imgoptm HTTP/1.1" 200 0 "-" "WordPress/6.7.2; https://creative-webstyle.com"
154.54.249.218 - - [15/Apr/2025:07:20:18 -0400] "GET /the-allure-of-napa-ca-real-estate/feed/ HTTP/1.1" 200 403 "-" "Mozilla/5.0 (compatible; Barkrowler/0.9; +https://babbar.tech/crawler)"
217.113.194.233 - - [15/Apr/2025:07:20:36 -0400] "GET /the-essentials-of-hotel-room-furnishings/ HTTP/1.1" 200 17993 "-" "Mozilla/5.0 (compatible; Barkrowler/0.9; +https://babbar.tech/crawler)"
198.54.114.83 - - [15/Apr/2025:07:20:55 -0400] "POST /wp-cron.php?doing_wp_cron=1744716054.9328370094299316406250 HTTP/1.1" 200 0 "-" "WordPress/6.7.2; https://creative-webstyle.com"
