13.36.233.100 - - [16/Apr/2025:04:51:47 -0400] "GET /wordpress HTTP/1.1" 404 7067 "www.google.com" "Mozilla/5.0 (Linux; Android 7.0; SM-G892A Build/NRD90M; wv) AppleWebKit/537.36 (KHTML, like Gecko) Version/4.0 Chrome/60.0.3112.107 Mobile Safari/537.36"
13.36.233.100 - - [16/Apr/2025:04:51:58 -0400] "GET /garantishell HTTP/1.1" 404 7067 "www.google.com" "Mozilla/5.0 (Linux; Android 7.0; SM-G892A Build/NRD90M; wv) AppleWebKit/537.36 (KHTML, like Gecko) Version/4.0 Chrome/60.0.3112.107 Mobile Safari/537.36"
13.36.233.100 - - [16/Apr/2025:04:52:07 -0400] "GET /wordpress HTTP/1.1" 404 7023 "www.google.com" "Mozilla/5.0 (Linux; Android 7.0; SM-G892A Build/NRD90M; wv) AppleWebKit/537.36 (KHTML, like Gecko) Version/4.0 Chrome/60.0.3112.107 Mobile Safari/537.36"
13.36.233.100 - - [16/Apr/2025:04:52:16 -0400] "GET /old HTTP/1.1" 404 7023 "www.google.com" "Mozilla/5.0 (Linux; Android 7.0; SM-G892A Build/NRD90M; wv) AppleWebKit/537.36 (KHTML, like Gecko) Version/4.0 Chrome/60.0.3112.107 Mobile Safari/537.36"
13.36.233.100 - - [16/Apr/2025:04:52:23 -0400] "GET /backup HTTP/1.1" 404 7067 "www.google.com" "Mozilla/5.0 (Linux; Android 7.0; SM-G892A Build/NRD90M; wv) AppleWebKit/537.36 (KHTML, like Gecko) Version/4.0 Chrome/60.0.3112.107 Mobile Safari/537.36"
13.36.233.100 - - [16/Apr/2025:04:52:31 -0400] "GET /new HTTP/1.1" 404 7023 "www.google.com" "Mozilla/5.0 (Linux; Android 7.0; SM-G892A Build/NRD90M; wv) AppleWebKit/537.36 (KHTML, like Gecko) Version/4.0 Chrome/60.0.3112.107 Mobile Safari/537.36"
13.36.233.100 - - [16/Apr/2025:04:52:39 -0400] "GET /test HTTP/1.1" 404 7023 "www.google.com" "Mozilla/5.0 (Linux; Android 7.0; SM-G892A Build/NRD90M; wv) AppleWebKit/537.36 (KHTML, like Gecko) Version/4.0 Chrome/60.0.3112.107 Mobile Safari/537.36"
13.36.233.100 - - [16/Apr/2025:04:52:47 -0400] "GET /wp HTTP/1.1" 404 7023 "www.google.com" "Mozilla/5.0 (Linux; Android 7.0; SM-G892A Build/NRD90M; wv) AppleWebKit/537.36 (KHTML, like Gecko) Version/4.0 Chrome/60.0.3112.107 Mobile Safari/537.36"
13.36.233.100 - - [16/Apr/2025:04:52:54 -0400] "GET /temp HTTP/1.1" 404 7023 "www.google.com" "Mozilla/5.0 (Linux; Android 7.0; SM-G892A Build/NRD90M; wv) AppleWebKit/537.36 (KHTML, like Gecko) Version/4.0 Chrome/60.0.3112.107 Mobile Safari/537.36"
13.36.233.100 - - [16/Apr/2025:04:52:57 -0400] "GET /blog HTTP/1.1" 404 7023 "www.google.com" "Mozilla/5.0 (Linux; Android 7.0; SM-G892A Build/NRD90M; wv) AppleWebKit/537.36 (KHTML, like Gecko) Version/4.0 Chrome/60.0.3112.107 Mobile Safari/537.36"
51.8.102.132 - - [16/Apr/2025:04:54:00 -0400] "GET /the-ultimate-guide-to-retro-bowl-and-its-exciting-gameplay/ HTTP/1.1" 200 11117 "-" "Mozilla/5.0 (Macintosh; Intel Mac OS X 10_15_7) AppleWebKit/537.36 (KHTML, like Gecko) Chrome/131.0.0.0 Safari/537.36; compatible; OAI-SearchBot/1.0; +https://openai.com/searchbot"
4.227.36.22 - - [16/Apr/2025:04:55:37 -0400] "GET /robots.txt HTTP/1.1" 200 97 "-" "Mozilla/5.0 AppleWebKit/537.36 (KHTML, like Gecko; compatible; GPTBot/1.2; +https://openai.com/gptbot)"
198.54.114.83 - - [16/Apr/2025:04:55:44 -0400] "POST /wp-cron.php?doing_wp_cron=1744793741.3780701160430908203125 HTTP/1.1" 200 0 "-" "WordPress/6.8; https://garantishell.com"
185.110.190.93 - - [16/Apr/2025:04:56:12 -0400] "GET /why-professional-home-inspection-services-are-essential/ HTTP/1.1" 200 10729 "-" "Mozilla/5.0 (Windows NT 10.0; Win64; x64) AppleWebKit/537.36 (KHTML, like Gecko) Chrome/114.0.0.0 YaBrowser/22.7.0 Yowser/2.5 Safari/537.36"
185.110.190.93 - - [16/Apr/2025:04:56:16 -0400] "POST /wp-comments-post.php HTTP/1.1" 302 0 "https://garantishell.com/why-professional-home-inspection-services-are-essential/" "Mozilla/5.0 (Windows NT 10.0; Win64; x64) AppleWebKit/537.36 (KHTML, like Gecko) Chrome/114.0.0.0 YaBrowser/22.7.0 Yowser/2.5 Safari/537.36"
185.110.190.93 - - [16/Apr/2025:04:56:22 -0400] "GET /why-professional-home-inspection-services-are-essential/?unapproved=4305&moderation-hash=f94c918432b0d462b723eefb91f3ff9e HTTP/1.1" 200 11333 "https://garantishell.com/wp-comments-post.php" "Mozilla/5.0 (Windows NT 10.0; Win64; x64) AppleWebKit/537.36 (KHTML, like Gecko) Chrome/114.0.0.0 YaBrowser/22.7.0 Yowser/2.5 Safari/537.36"
185.110.190.93 - - [16/Apr/2025:04:56:27 -0400] "GET /why-professional-home-inspection-services-are-essential/ HTTP/1.1" 200 10669 "-" "Mozilla/5.0 (Windows NT 10.0; Win64; x64) AppleWebKit/537.36 (KHTML, like Gecko) Chrome/114.0.0.0 YaBrowser/22.7.0 Yowser/2.5 Safari/537.36"
51.222.253.1 - - [16/Apr/2025:04:56:56 -0400] "GET /page/76/ HTTP/1.1" 200 10022 "-" "Mozilla/5.0 (compatible; AhrefsBot/7.0; +http://ahrefs.com/robot/)"
198.54.114.83 - - [16/Apr/2025:04:56:59 -0400] "POST /wp-cron.php?doing_wp_cron=1744793817.1173439025878906250000 HTTP/1.1" 200 0 "-" "WordPress/6.8; https://garantishell.com"
185.110.190.93 - - [16/Apr/2025:04:57:28 -0400] "GET /why-professional-home-inspection-services-are-essential/ HTTP/1.1" 200 10850 "-" "Mozilla/5.0 (Macintosh; Intel Mac OS X 12_5) AppleWebKit/605.1.15 (KHTML, like Gecko) Version/15.4 Safari/605.1.15"
17.241.75.6 - - [16/Apr/2025:04:58:11 -0400] "GET /wp-content/uploads/2025/01/synthesize-1-3.mp3 HTTP/1.1" 200 73536 "-" "Mozilla/5.0 (Macintosh; Intel Mac OS X 10_15_7) AppleWebKit/605.1.15 (KHTML, like Gecko) Version/17.4 Safari/605.1.15 (Applebot/0.1; +http://www.apple.com/go/applebot)"
198.54.114.83 - - [16/Apr/2025:04:58:38 -0400] "POST /wp-cron.php?doing_wp_cron=1744793917.3135559558868408203125 HTTP/1.1" 200 0 "-" "WordPress/6.8; https://garantishell.com"
188.239.13.65 - - [16/Apr/2025:04:58:36 -0400] "GET /the-ultimate-stress-reliever-for-business-travelers/ HTTP/1.1" 200 10836 "https://garantishell.com/the-ultimate-stress-reliever-for-business-travelers/#primary" "Mozilla/5.0 (Macintosh; Intel Mac OS X 10_15_7) AppleWebKit/537.36 (KHTML, like Gecko) Chrome/119.0.0.0 Safari/537.36"
216.244.66.241 - - [16/Apr/2025:04:58:43 -0400] "GET /category/arts-entertainments/ HTTP/1.1" 200 9631 "-" "Mozilla/5.0 (compatible; DotBot/1.2; +https://opensiteexplorer.org/dotbot; help@moz.com)"
18.188.87.95 - - [16/Apr/2025:04:59:17 -0400] "GET /wp-json/oembed/1.0/embed?url=https%3A%2F%2Fgarantishell.com%2Fworld-of-video-slots%2F HTTP/1.1" 200 2121 "-" "Mozilla/5.0 AppleWebKit/537.36 (KHTML, like Gecko; compatible; ClaudeBot/1.0; +claudebot@anthropic.com)"
51.222.253.6 - - [16/Apr/2025:05:00:38 -0400] "GET /maximizing-weight-loss-the-power-of-weight-training-and-expert-guidance/ HTTP/1.1" 200 10849 "-" "Mozilla/5.0 (compatible; AhrefsBot/7.0; +http://ahrefs.com/robot/)"
198.54.114.83 - - [16/Apr/2025:05:00:43 -0400] "POST /wp-cron.php?doing_wp_cron=1744794039.3716530799865722656250 HTTP/1.1" 200 0 "-" "WordPress/6.8; https://garantishell.com"
114.119.141.73 - - [16/Apr/2025:05:00:57 -0400] "GET /unlocking-classroom-6x-a-guide-to-unblocking/ HTTP/1.1" 200 10352 "https://garantishell.com/world-of-video-slots/" "Mozilla/5.0 (Linux; Android 7.0;) AppleWebKit/537.36 (KHTML, like Gecko) Mobile Safari/537.36 (compatible; PetalBot;+https://webmaster.petalsearch.com/site/petalbot)"
198.54.114.83 - - [16/Apr/2025:05:01:42 -0400] "POST /wp-cron.php?doing_wp_cron=1744794101.5005640983581542968750 HTTP/1.1" 200 0 "-" "WordPress/6.8; https://garantishell.com"
183.82.35.191 - - [16/Apr/2025:05:01:40 -0400] "POST /xmlrpc.php HTTP/1.1" 200 186 "https://garantishell.com" "Mozilla/5.0 (Windows NT 10.0; Win64; x64) AppleWebKit/537.36 (KHTML, like Gecko) Chrome/114.0.5735.199 Safari/537.36 Edg/114.0.1823.67"
198.54.114.83 - - [16/Apr/2025:05:01:46 -0400] "POST /wp-admin/admin-ajax.php?action=async_litespeed&nonce=CaXlgUE1BYEXwkF2LXOmg4KCmdWCKCFt&litespeed_type=imgoptm HTTP/1.1" 200 0 "-" "WordPress/6.8; https://garantishell.com"
198.54.114.83 - - [16/Apr/2025:05:03:27 -0400] "POST /wp-cron.php?doing_wp_cron=1744794206.1703240871429443359375 HTTP/1.1" 200 0 "-" "WordPress/6.8; https://garantishell.com"
124.226.222.66 - - [16/Apr/2025:05:03:22 -0400] "GET / HTTP/1.1" 200 9478 "http://garantishell.com" "Mozilla/5.0 (iPhone; CPU iPhone OS 13_2_3 like Mac OS X) AppleWebKit/605.1.15 (KHTML, like Gecko) Version/13.0.3 Mobile/15E148 Safari/604.1"
197.243.16.120 - - [16/Apr/2025:05:03:54 -0400] "GET /wp-login.php HTTP/1.1" 200 1734 "-" "GRequests/0.10"
197.243.16.120 - - [16/Apr/2025:05:03:57 -0400] "POST /wp-login.php HTTP/1.1" 200 1871 "-" "GRequests/0.10"
2001:df4:40c0:68d8::1 - - [16/Apr/2025:05:04:05 -0400] "GET /wp-login.php HTTP/1.1" 200 1734 "-" "GRequests/0.10"
2001:df4:40c0:68d8::1 - - [16/Apr/2025:05:04:07 -0400] "POST /wp-login.php HTTP/1.1" 200 1869 "-" "GRequests/0.10"
51.222.253.8 - - [16/Apr/2025:05:04:47 -0400] "GET /le-charme-intemporel-du-mobilier-vintage/feed/ HTTP/1.1" 304 0 "-" "Mozilla/5.0 (compatible; AhrefsBot/7.0; +http://ahrefs.com/robot/)"
198.54.114.83 - - [16/Apr/2025:05:04:50 -0400] "POST /wp-cron.php?doing_wp_cron=1744794288.4098880290985107421875 HTTP/1.1" 200 0 "-" "WordPress/6.8; https://garantishell.com"
51.222.253.8 - - [16/Apr/2025:05:09:10 -0400] "GET /effiziente-unternehmensraumung-in-luneburg/ HTTP/1.1" 200 10591 "-" "Mozilla/5.0 (compatible; AhrefsBot/7.0; +http://ahrefs.com/robot/)"
198.54.114.83 - - [16/Apr/2025:05:09:21 -0400] "POST /wp-cron.php?doing_wp_cron=1744794557.3059759140014648437500 HTTP/1.1" 200 0 "-" "WordPress/6.8; https://garantishell.com"
121.91.175.73 - - [16/Apr/2025:05:10:18 -0400] "GET /rechtliche-unterstutzung-in-jeder-lebenslage/ HTTP/1.1" 200 10582 "https://garantishell.com/rechtliche-unterstutzung-in-jeder-lebenslage/" "Mozilla/5.0 (Windows NT 10.0; Win64; x64) AppleWebKit/537.36 (KHTML, like Gecko) Chrome/116.0.0.0 Safari/537.36"
198.54.114.83 - - [16/Apr/2025:05:10:22 -0400] "POST /wp-cron.php?doing_wp_cron=1744794618.8567140102386474609375 HTTP/1.1" 200 0 "-" "WordPress/6.8; https://garantishell.com"
198.54.114.83 - - [16/Apr/2025:05:11:49 -0400] "POST /wp-cron.php?doing_wp_cron=1744794707.1664900779724121093750 HTTP/1.1" 200 0 "-" "WordPress/6.8; https://garantishell.com"
103.110.84.40 - - [16/Apr/2025:05:11:40 -0400] "POST /xmlrpc.php HTTP/1.1" 200 186 "https://garantishell.com" "Mozilla/5.0 (Windows NT 10.0; Win64; x64) AppleWebKit/537.36 (KHTML, like Gecko) Chrome/113.0.5672.93 Safari/537.36"
51.222.253.7 - - [16/Apr/2025:05:12:59 -0400] "GET /virtuals-receptionist/ HTTP/1.1" 200 10037 "-" "Mozilla/5.0 (compatible; AhrefsBot/7.0; +http://ahrefs.com/robot/)"
198.54.114.83 - - [16/Apr/2025:05:13:04 -0400] "POST /wp-cron.php?doing_wp_cron=1744794780.7909018993377685546875 HTTP/1.1" 200 0 "-" "WordPress/6.8; https://garantishell.com"
197.243.16.120 - - [16/Apr/2025:05:13:38 -0400] "GET /wp-login.php HTTP/1.1" 200 1734 "-" "GRequests/0.10"
197.243.16.120 - - [16/Apr/2025:05:13:42 -0400] "POST /wp-login.php HTTP/1.1" 200 1871 "-" "GRequests/0.10"
51.222.253.16 - - [16/Apr/2025:05:17:11 -0400] "GET /the-marvel-of-careprost/ HTTP/1.1" 200 10866 "-" "Mozilla/5.0 (compatible; AhrefsBot/7.0; +http://ahrefs.com/robot/)"
198.54.114.83 - - [16/Apr/2025:05:17:19 -0400] "POST /wp-cron.php?doing_wp_cron=1744795036.5257680416107177734375 HTTP/1.1" 200 0 "-" "WordPress/6.8; https://garantishell.com"
114.119.156.227 - - [16/Apr/2025:05:20:46 -0400] "GET /paradiso-al-lago-scopri-il-resort-sul-lago-di-garda/ HTTP/1.1" 200 10850 "https://garantishell.com/experience-serenity-at-a-lake-garda-resort/" "Mozilla/5.0 (Linux; Android 7.0;) AppleWebKit/537.36 (KHTML, like Gecko) Mobile Safari/537.36 (compatible; PetalBot;+https://webmaster.petalsearch.com/site/petalbot)"
198.54.114.83 - - [16/Apr/2025:05:20:54 -0400] "POST /wp-cron.php?doing_wp_cron=1744795252.0812780857086181640625 HTTP/1.1" 200 0 "-" "WordPress/6.8; https://garantishell.com"
51.222.253.14 - - [16/Apr/2025:05:21:35 -0400] "GET /author/admin/page/81/ HTTP/1.1" 200 9883 "-" "Mozilla/5.0 (compatible; AhrefsBot/7.0; +http://ahrefs.com/robot/)"
122.8.182.33 - - [16/Apr/2025:05:22:00 -0400] "GET /the-benefits-of-online-cultural-gift-certificates/ HTTP/1.1" 200 10988 "https://garantishell.com/the-benefits-of-online-cultural-gift-certificates/" "Mozilla/5.0 (Macintosh; Intel Mac OS X 10_15_7) AppleWebKit/537.36 (KHTML, like Gecko) Chrome/131.0.0.0 Safari/537.36"
198.54.114.83 - - [16/Apr/2025:05:22:03 -0400] "POST /wp-cron.php?doing_wp_cron=1744795321.2419838905334472656250 HTTP/1.1" 200 0 "-" "WordPress/6.8; https://garantishell.com"
162.240.168.197 - - [16/Apr/2025:05:23:00 -0400] "POST /xmlrpc.php HTTP/1.1" 200 186 "https://garantishell.com" "Mozilla/5.0 (Macintosh; Intel Mac OS X 10_15_7; rv:126.0) Gecko/20100101 Firefox/126.0"
51.222.253.1 - - [16/Apr/2025:05:25:54 -0400] "GET /mastering-sms-marketing-for-success/ HTTP/1.1" 200 11022 "-" "Mozilla/5.0 (compatible; AhrefsBot/7.0; +http://ahrefs.com/robot/)"
198.54.114.83 - - [16/Apr/2025:05:26:04 -0400] "POST /wp-cron.php?doing_wp_cron=1744795559.8466279506683349609375 HTTP/1.1" 200 0 "-" "WordPress/6.8; https://garantishell.com"
109.123.236.97 - - [16/Apr/2025:05:26:22 -0400] "GET /wp-login.php HTTP/1.1" 200 1734 "-" "GRequests/0.10"
109.123.236.97 - - [16/Apr/2025:05:26:27 -0400] "POST /wp-login.php HTTP/1.1" 200 1866 "-" "GRequests/0.10"
198.54.114.83 - - [16/Apr/2025:05:28:14 -0400] "POST /wp-cron.php?doing_wp_cron=1744795692.4235761165618896484375 HTTP/1.1" 200 0 "-" "WordPress/6.8; https://garantishell.com"
51.222.253.16 - - [16/Apr/2025:05:28:07 -0400] "GET /conception-ergonomique-pour-le-confort-optimal/ HTTP/1.1" 200 10467 "-" "Mozilla/5.0 (compatible; AhrefsBot/7.0; +http://ahrefs.com/robot/)"
3.145.196.175 - - [16/Apr/2025:05:30:14 -0400] "GET /wp-json/oembed/1.0/embed?url=https%3A%2F%2Fgarantishell.com%2Flart-de-lanimation-devenements-creer-des-souvenirs-inoubliables%2F HTTP/1.1" 200 2450 "-" "Mozilla/5.0 AppleWebKit/537.36 (KHTML, like Gecko; compatible; ClaudeBot/1.0; +claudebot@anthropic.com)"
51.222.253.17 - - [16/Apr/2025:05:30:23 -0400] "GET /the-instant-boiling-water-tap/ HTTP/1.1" 200 10611 "-" "Mozilla/5.0 (compatible; AhrefsBot/7.0; +http://ahrefs.com/robot/)"
198.54.114.83 - - [16/Apr/2025:05:30:27 -0400] "POST /wp-cron.php?doing_wp_cron=1744795821.9565999507904052734375 HTTP/1.1" 200 0 "-" "WordPress/6.8; https://garantishell.com"
2001:df4:40c0:68d8::1 - - [16/Apr/2025:05:31:44 -0400] "GET /wp-login.php HTTP/1.1" 200 1734 "-" "GRequests/0.10"
198.54.114.83 - - [16/Apr/2025:05:31:48 -0400] "POST /wp-cron.php?doing_wp_cron=1744795904.9257059097290039062500 HTTP/1.1" 200 0 "-" "WordPress/6.8; https://garantishell.com"
2001:df4:40c0:68d8::1 - - [16/Apr/2025:05:31:49 -0400] "POST /wp-login.php HTTP/1.1" 200 1862 "-" "GRequests/0.10"
51.222.253.13 - - [16/Apr/2025:05:32:42 -0400] "GET /the-importance-of-hiring-the-right-talent/ HTTP/1.1" 200 10886 "-" "Mozilla/5.0 (compatible; AhrefsBot/7.0; +http://ahrefs.com/robot/)"
198.27.67.210 - - [16/Apr/2025:05:32:48 -0400] "POST /xmlrpc.php HTTP/1.1" 200 186 "https://garantishell.com" "Mozilla/5.0 (Windows NT 10.0; Win64; x64) AppleWebKit/537.36 (KHTML, like Gecko) Chrome/116.0.5845.96 Safari/537.36 Edg/116.0.1938.62"
198.54.114.83 - - [16/Apr/2025:05:32:51 -0400] "POST /wp-cron.php?doing_wp_cron=1744795969.2785880565643310546875 HTTP/1.1" 200 0 "-" "WordPress/6.8; https://garantishell.com"
166.108.239.109 - - [16/Apr/2025:05:33:45 -0400] "GET /exploring-lucrative-cryptocurrency-job-opportunities/ HTTP/1.1" 200 10946 "https://garantishell.com/exploring-lucrative-cryptocurrency-job-opportunities/#respond" "Mozilla/5.0 (Windows NT 10.0; Win64; x64) AppleWebKit/537.36 (KHTML, like Gecko) Chrome/104.0.0.0 Safari/537.36"
51.222.253.1 - - [16/Apr/2025:05:34:53 -0400] "GET /holistic-healing-through-osteopathy-in-dubai/ HTTP/1.1" 200 10846 "-" "Mozilla/5.0 (compatible; AhrefsBot/7.0; +http://ahrefs.com/robot/)"
198.54.114.83 - - [16/Apr/2025:05:34:57 -0400] "POST /wp-cron.php?doing_wp_cron=1744796094.2119920253753662109375 HTTP/1.1" 200 0 "-" "WordPress/6.8; https://garantishell.com"
198.54.114.83 - - [16/Apr/2025:05:36:58 -0400] "POST /wp-cron.php?doing_wp_cron=1744796216.1782710552215576171875 HTTP/1.1" 200 0 "-" "WordPress/6.8; https://garantishell.com"
51.222.253.17 - - [16/Apr/2025:05:36:50 -0400] "GET /unlocking-wellness-finding-the-right-chiropractor-for-you/ HTTP/1.1" 200 10662 "-" "Mozilla/5.0 (compatible; AhrefsBot/7.0; +http://ahrefs.com/robot/)"
206.84.168.65 - - [16/Apr/2025:05:37:56 -0400] "GET /why-professional-home-inspection-services-are-essential/ HTTP/1.1" 200 10730 "-" "Mozilla/5.0 (Macintosh; Intel Mac OS X 12_5) AppleWebKit/605.1.15 (KHTML, like Gecko) Version/15.4 Safari/605.1.15"
198.54.114.83 - - [16/Apr/2025:05:37:59 -0400] "POST /wp-cron.php?doing_wp_cron=1744796276.9940149784088134765625 HTTP/1.1" 200 0 "-" "WordPress/6.8; https://garantishell.com"
198.54.114.83 - - [16/Apr/2025:05:38:59 -0400] "POST /wp-cron.php?doing_wp_cron=1744796339.2213099002838134765625 HTTP/1.1" 200 0 "-" "WordPress/6.8; https://garantishell.com"
51.222.253.13 - - [16/Apr/2025:05:38:57 -0400] "GET /choosing-the-best-vacuum-pump-a-comprehensive-guide/ HTTP/1.1" 200 10543 "-" "Mozilla/5.0 (compatible; AhrefsBot/7.0; +http://ahrefs.com/robot/)"
198.54.114.83 - - [16/Apr/2025:05:39:01 -0400] "POST /wp-admin/admin-ajax.php?action=async_litespeed&nonce=TiFgA5o0jWz3J3Q3Sw1yU2hg05QQZowY&litespeed_type=imgoptm HTTP/1.1" 200 0 "-" "WordPress/6.8; https://garantishell.com"
198.54.114.83 - - [16/Apr/2025:05:41:01 -0400] "POST /wp-cron.php?doing_wp_cron=1744796459.4774188995361328125000 HTTP/1.1" 200 0 "-" "WordPress/6.8; https://garantishell.com"
51.222.253.18 - - [16/Apr/2025:05:40:56 -0400] "GET /rolle-eines-scheidungsanwalts-experten-fur-familienrecht/ HTTP/1.1" 200 10794 "-" "Mozilla/5.0 (compatible; AhrefsBot/7.0; +http://ahrefs.com/robot/)"
217.113.194.177 - - [16/Apr/2025:05:42:30 -0400] "GET /robots.txt HTTP/1.1" 200 97 "-" "Mozilla/5.0 (compatible; Barkrowler/0.9; +https://babbar.tech/crawler)"
198.54.114.83 - - [16/Apr/2025:05:42:40 -0400] "POST /wp-cron.php?doing_wp_cron=1744796559.8426799774169921875000 HTTP/1.1" 200 0 "-" "WordPress/6.8; https://garantishell.com"
2607:5300:203:2dd8::1 - - [16/Apr/2025:05:42:36 -0400] "POST /xmlrpc.php HTTP/1.1" 200 186 "https://garantishell.com" "Mozilla/5.0 (Windows NT 11.0; Win64; x64; rv:126.0) Gecko/20100101 Firefox/126.0"
198.54.114.83 - - [16/Apr/2025:05:42:42 -0400] "POST /wp-admin/admin-ajax.php?action=async_litespeed&nonce=N4BaOkJI2a5raQP2MjxRc98qUnb7nFVE&litespeed_type=imgoptm HTTP/1.1" 200 0 "-" "WordPress/6.8; https://garantishell.com"
217.113.194.179 - - [16/Apr/2025:05:42:46 -0400] "GET /feed/ HTTP/1.1" 200 10750 "-" "Mozilla/5.0 (compatible; Barkrowler/0.9; +https://babbar.tech/crawler)"
51.222.253.12 - - [16/Apr/2025:05:42:46 -0400] "GET /efficient-london-property-management-navigating-real-estate-excellence/ HTTP/1.1" 200 11064 "-" "Mozilla/5.0 (compatible; AhrefsBot/7.0; +http://ahrefs.com/robot/)"
217.113.194.177 - - [16/Apr/2025:05:43:05 -0400] "GET /page/2/ HTTP/1.1" 200 10408 "-" "Mozilla/5.0 (compatible; Barkrowler/0.9; +https://babbar.tech/crawler)"
217.113.194.175 - - [16/Apr/2025:05:43:24 -0400] "GET /page/4/ HTTP/1.1" 200 9985 "-" "Mozilla/5.0 (compatible; Barkrowler/0.9; +https://babbar.tech/crawler)"
198.54.114.83 - - [16/Apr/2025:05:43:44 -0400] "POST /wp-cron.php?doing_wp_cron=1744796624.2189419269561767578125 HTTP/1.1" 200 0 "-" "WordPress/6.8; https://garantishell.com"
217.113.194.173 - - [16/Apr/2025:05:43:43 -0400] "GET /page/6/ HTTP/1.1" 200 10074 "-" "Mozilla/5.0 (compatible; Barkrowler/0.9; +https://babbar.tech/crawler)"
198.54.114.83 - - [16/Apr/2025:05:43:47 -0400] "POST /wp-admin/admin-ajax.php?action=async_litespeed&nonce=fYsZQyAumAPnHHYoluQClDh2M95Frm0q&litespeed_type=imgoptm HTTP/1.1" 200 0 "-" "WordPress/6.8; https://garantishell.com"
154.54.249.212 - - [16/Apr/2025:05:44:02 -0400] "GET /business-trip/feed/ HTTP/1.1" 200 367 "-" "Mozilla/5.0 (compatible; Barkrowler/0.9; +https://babbar.tech/crawler)"
217.113.194.174 - - [16/Apr/2025:05:44:21 -0400] "GET /category/media-music/ HTTP/1.1" 200 8014 "-" "Mozilla/5.0 (compatible; Barkrowler/0.9; +https://babbar.tech/crawler)"
3.22.248.193 - - [16/Apr/2025:05:44:26 -0400] "GET /robots.txt HTTP/1.1" 200 97 "http://garantishell.com/robots.txt" "Mozilla/5.0 AppleWebKit/537.36 (KHTML, like Gecko; compatible; ClaudeBot/1.0; +claudebot@anthropic.com)"
3.22.248.193 - - [16/Apr/2025:05:44:29 -0400] "GET /%E3%83%90%E3%83%B3%E3%82%BA-vans-c-169.html HTTP/1.1" 404 7068 "http://garantishell.com/%E3%83%90%E3%83%B3%E3%82%BA-vans-c-169.html" "Mozilla/5.0 AppleWebKit/537.36 (KHTML, like Gecko; compatible; ClaudeBot/1.0; +claudebot@anthropic.com)"
217.113.194.179 - - [16/Apr/2025:05:44:41 -0400] "GET /category/technology/ HTTP/1.1" 200 8430 "-" "Mozilla/5.0 (compatible; Barkrowler/0.9; +https://babbar.tech/crawler)"
198.54.114.83 - - [16/Apr/2025:05:44:43 -0400] "POST /wp-cron.php?doing_wp_cron=1744796681.4002389907836914062500 HTTP/1.1" 200 0 "-" "WordPress/6.8; https://garantishell.com"
51.222.253.8 - - [16/Apr/2025:05:44:47 -0400] "GET /exploring-nusa-penida-one-a-hidden-gem/ HTTP/1.1" 200 10928 "-" "Mozilla/5.0 (compatible; AhrefsBot/7.0; +http://ahrefs.com/robot/)"
217.113.194.181 - - [16/Apr/2025:05:45:00 -0400] "GET /category/education/ HTTP/1.1" 200 8379 "-" "Mozilla/5.0 (compatible; Barkrowler/0.9; +https://babbar.tech/crawler)"
217.113.194.174 - - [16/Apr/2025:05:45:20 -0400] "GET /category/automotive/ HTTP/1.1" 200 8018 "-" "Mozilla/5.0 (compatible; Barkrowler/0.9; +https://babbar.tech/crawler)"
188.239.44.91 - - [16/Apr/2025:05:45:26 -0400] "GET /the-charm-of-custom-pet-portraits/ HTTP/1.1" 200 10403 "https://garantishell.com/the-charm-of-custom-pet-portraits/" "Mozilla/5.0 (Windows NT 10.0; Win64; x64) AppleWebKit/537.36 (KHTML, like Gecko) Chrome/107.0.0.0 Safari/537.36"
217.113.194.173 - - [16/Apr/2025:05:45:39 -0400] "GET /category/how-to/ HTTP/1.1" 200 8751 "-" "Mozilla/5.0 (compatible; Barkrowler/0.9; +https://babbar.tech/crawler)"
198.54.114.83 - - [16/Apr/2025:05:45:58 -0400] "POST /wp-cron.php?doing_wp_cron=1744796757.8858950138092041015625 HTTP/1.1" 200 0 "-" "WordPress/6.8; https://garantishell.com"
217.113.194.173 - - [16/Apr/2025:05:45:57 -0400] "GET /category/business/ HTTP/1.1" 200 8801 "-" "Mozilla/5.0 (compatible; Barkrowler/0.9; +https://babbar.tech/crawler)"
198.54.114.83 - - [16/Apr/2025:05:46:00 -0400] "POST /wp-admin/admin-ajax.php?action=async_litespeed&nonce=HwmbO4ET0KCSfyVQQsm8IXDFzbc7g04N&litespeed_type=imgoptm HTTP/1.1" 200 0 "-" "WordPress/6.8; https://garantishell.com"
216.244.66.241 - - [16/Apr/2025:05:46:10 -0400] "GET /category/home-kitchen/ HTTP/1.1" 200 8023 "-" "Mozilla/5.0 (compatible; DotBot/1.2; +https://opensiteexplorer.org/dotbot; help@moz.com)"
217.113.194.174 - - [16/Apr/2025:05:46:17 -0400] "GET /category/beauty/feed/ HTTP/1.1" 200 428 "-" "Mozilla/5.0 (compatible; Barkrowler/0.9; +https://babbar.tech/crawler)"
51.222.253.11 - - [16/Apr/2025:05:46:34 -0400] "GET /exploring-the-universe-of-game-comets/ HTTP/1.1" 200 10460 "-" "Mozilla/5.0 (compatible; AhrefsBot/7.0; +http://ahrefs.com/robot/)"
217.113.194.173 - - [16/Apr/2025:05:46:35 -0400] "GET /category/gaming/ HTTP/1.1" 200 8403 "-" "Mozilla/5.0 (compatible; Barkrowler/0.9; +https://babbar.tech/crawler)"
217.113.194.178 - - [16/Apr/2025:05:46:54 -0400] "GET /category/pets/feed/ HTTP/1.1" 200 425 "-" "Mozilla/5.0 (compatible; Barkrowler/0.9; +https://babbar.tech/crawler)"
198.54.114.83 - - [16/Apr/2025:05:46:56 -0400] "POST /wp-cron.php?doing_wp_cron=1744796814.7848930358886718750000 HTTP/1.1" 200 0 "-" "WordPress/6.8; https://garantishell.com"
217.113.194.177 - - [16/Apr/2025:05:47:12 -0400] "GET /category/general/ HTTP/1.1" 200 8012 "-" "Mozilla/5.0 (compatible; Barkrowler/0.9; +https://babbar.tech/crawler)"
217.113.194.179 - - [16/Apr/2025:05:47:30 -0400] "GET /moving-van/feed/ HTTP/1.1" 200 370 "-" "Mozilla/5.0 (compatible; Barkrowler/0.9; +https://babbar.tech/crawler)"
217.113.194.180 - - [16/Apr/2025:05:47:49 -0400] "GET /anwalt/feed/ HTTP/1.1" 200 361 "-" "Mozilla/5.0 (compatible; Barkrowler/0.9; +https://babbar.tech/crawler)"
217.113.194.177 - - [16/Apr/2025:05:48:06 -0400] "GET /author/admin/page/2/ HTTP/1.1" 200 10308 "-" "Mozilla/5.0 (compatible; Barkrowler/0.9; +https://babbar.tech/crawler)"
198.54.114.83 - - [16/Apr/2025:05:48:08 -0400] "POST /wp-cron.php?doing_wp_cron=1744796887.0327079296112060546875 HTTP/1.1" 200 0 "-" "WordPress/6.8; https://garantishell.com"
51.222.253.1 - - [16/Apr/2025:05:48:24 -0400] "GET /efficient-communication-with-virtual-receptionists/ HTTP/1.1" 200 10695 "-" "Mozilla/5.0 (compatible; AhrefsBot/7.0; +http://ahrefs.com/robot/)"
217.113.194.172 - - [16/Apr/2025:05:48:25 -0400] "GET /2025/01/ HTTP/1.1" 200 9833 "-" "Mozilla/5.0 (compatible; Barkrowler/0.9; +https://babbar.tech/crawler)"
217.113.194.179 - - [16/Apr/2025:05:48:43 -0400] "GET /2025/02/ HTTP/1.1" 200 9543 "-" "Mozilla/5.0 (compatible; Barkrowler/0.9; +https://babbar.tech/crawler)"
217.113.194.180 - - [16/Apr/2025:05:49:01 -0400] "GET /2021/06/ HTTP/1.1" 200 8338 "-" "Mozilla/5.0 (compatible; Barkrowler/0.9; +https://babbar.tech/crawler)"
198.54.114.83 - - [16/Apr/2025:05:49:21 -0400] "POST /wp-cron.php?doing_wp_cron=1744796959.9415709972381591796875 HTTP/1.1" 200 0 "-" "WordPress/6.8; https://garantishell.com"
217.113.194.176 - - [16/Apr/2025:05:49:18 -0400] "GET /2021/07/ HTTP/1.1" 200 8305 "-" "Mozilla/5.0 (compatible; Barkrowler/0.9; +https://babbar.tech/crawler)"
27.42.99.212 - - [16/Apr/2025:05:49:23 -0400] "GET /why-professional-home-inspection-services-are-essential/ HTTP/1.1" 200 10730 "https://garantishell.com" "Mozilla/5.0 (Windows NT 10.0; Win64; x64) AppleWebKit/537.36 (KHTML, like Gecko) Chrome/62.0.3202.94 Safari/537.36"
240e:350:8003:d43:4ecc:6ade:2df7:5ca9 - - [16/Apr/2025:05:49:23 -0400] "POST /wp-comments-post.php HTTP/1.1" 302 0 "-" "Mozilla/5.0 (Windows NT 10.0; Win64; x64) AppleWebKit/537.36 (KHTML, like Gecko) Chrome/108.0.0.0 Safari/537.36 Edg/108.0.1462.46"
27.42.99.212 - - [16/Apr/2025:05:49:25 -0400] "POST /wp-comments-post.php HTTP/1.1" 302 0 "https://garantishell.com" "Mozilla/5.0 (Windows NT 10.0; Win64; x64) AppleWebKit/537.36 (KHTML, like Gecko) Chrome/62.0.3202.94 Safari/537.36"
240e:350:8003:d43:4ecc:6ade:2df7:5ca9 - - [16/Apr/2025:05:49:29 -0400] "GET /the-allure-of-frozen-pies-a-culinary-delight-at-your-fingertips/?unapproved=4306&moderation-hash=e9861900e711c41c23fb5402ef2f4cf1 HTTP/1.1" 200 11627 "-" "Mozilla/5.0 (Windows NT 10.0; Win64; x64) AppleWebKit/537.36 (KHTML, like Gecko) Chrome/108.0.0.0 Safari/537.36 Edg/108.0.1462.46"
27.42.99.212 - - [16/Apr/2025:05:49:33 -0400] "GET /why-professional-home-inspection-services-are-essential/ HTTP/1.1" 200 11427 "https://garantishell.com" "Mozilla/4.0 (compatible; MSIE 6.0; Windows NT 5.1; en) Opera 8.50"
217.113.194.181 - - [16/Apr/2025:05:49:42 -0400] "GET /2023/09/ HTTP/1.1" 200 8711 "-" "Mozilla/5.0 (compatible; Barkrowler/0.9; +https://babbar.tech/crawler)"
43.156.168.214 - - [16/Apr/2025:05:49:46 -0400] "GET / HTTP/1.1" 200 9478 "http://garantishell.com" "Mozilla/5.0 (iPhone; CPU iPhone OS 13_2_3 like Mac OS X) AppleWebKit/605.1.15 (KHTML, like Gecko) Version/13.0.3 Mobile/15E148 Safari/604.1"
51.8.102.135 - - [16/Apr/2025:05:50:00 -0400] "GET /wp-includes/js/comment-reply.min.js?ver=6.8 HTTP/1.1" 304 0 "-" "Mozilla/5.0 (Macintosh; Intel Mac OS X 10_15_7) AppleWebKit/537.36 (KHTML, like Gecko) Chrome/131.0.0.0 Safari/537.36; compatible; OAI-SearchBot/1.0; +https://openai.com/searchbot"
217.113.194.179 - - [16/Apr/2025:05:50:01 -0400] "GET /2024/04/ HTTP/1.1" 200 9893 "-" "Mozilla/5.0 (compatible; Barkrowler/0.9; +https://babbar.tech/crawler)"
51.222.253.8 - - [16/Apr/2025:05:50:16 -0400] "GET /the-nostalgic-appeal-of-retro-bowl/ HTTP/1.1" 200 11171 "-" "Mozilla/5.0 (compatible; AhrefsBot/7.0; +http://ahrefs.com/robot/)"
217.113.194.172 - - [16/Apr/2025:05:50:21 -0400] "GET /2024/09/ HTTP/1.1" 200 9718 "-" "Mozilla/5.0 (compatible; Barkrowler/0.9; +https://babbar.tech/crawler)"
198.54.114.83 - - [16/Apr/2025:05:50:24 -0400] "POST /wp-cron.php?doing_wp_cron=1744797021.7108049392700195312500 HTTP/1.1" 200 0 "-" "WordPress/6.8; https://garantishell.com"
217.113.194.174 - - [16/Apr/2025:05:50:40 -0400] "GET /2024/05/ HTTP/1.1" 200 9790 "-" "Mozilla/5.0 (compatible; Barkrowler/0.9; +https://babbar.tech/crawler)"
217.113.194.173 - - [16/Apr/2025:05:50:58 -0400] "GET /2024/06/ HTTP/1.1" 200 9875 "-" "Mozilla/5.0 (compatible; Barkrowler/0.9; +https://babbar.tech/crawler)"
217.113.194.172 - - [16/Apr/2025:05:51:17 -0400] "GET /2024/08/ HTTP/1.1" 200 9678 "-" "Mozilla/5.0 (compatible; Barkrowler/0.9; +https://babbar.tech/crawler)"
198.54.114.83 - - [16/Apr/2025:05:51:38 -0400] "POST /wp-cron.php?doing_wp_cron=1744797097.2765469551086425781250 HTTP/1.1" 200 0 "-" "WordPress/6.8; https://garantishell.com"
217.113.194.172 - - [16/Apr/2025:05:51:36 -0400] "GET /2024/07/ HTTP/1.1" 200 9744 "-" "Mozilla/5.0 (compatible; Barkrowler/0.9; +https://babbar.tech/crawler)"
154.54.249.212 - - [16/Apr/2025:05:51:58 -0400] "GET /2024/03/ HTTP/1.1" 200 9522 "-" "Mozilla/5.0 (compatible; Barkrowler/0.9; +https://babbar.tech/crawler)"
217.113.194.175 - - [16/Apr/2025:05:52:18 -0400] "GET /2024/01/ HTTP/1.1" 200 9867 "-" "Mozilla/5.0 (compatible; Barkrowler/0.9; +https://babbar.tech/crawler)"
51.222.253.2 - - [16/Apr/2025:05:52:18 -0400] "GET /navigating-the-complexities-of-consensual-divorce-in-tehran/ HTTP/1.1" 200 10621 "-" "Mozilla/5.0 (compatible; AhrefsBot/7.0; +http://ahrefs.com/robot/)"
160.25.166.79 - - [16/Apr/2025:05:52:20 -0400] "POST /xmlrpc.php HTTP/1.1" 200 186 "https://garantishell.com" "Mozilla/5.0 (Macintosh; Intel Mac OS X 10_15_7) AppleWebKit/537.36 (KHTML, like Gecko) Chrome/126.0.0.0 Safari/537.36"
198.54.114.83 - - [16/Apr/2025:05:52:39 -0400] "POST /wp-cron.php?doing_wp_cron=1744797157.9339499473571777343750 HTTP/1.1" 200 0 "-" "WordPress/6.8; https://garantishell.com"
217.113.194.177 - - [16/Apr/2025:05:52:37 -0400] "GET /2024/02/ HTTP/1.1" 200 9813 "-" "Mozilla/5.0 (compatible; Barkrowler/0.9; +https://babbar.tech/crawler)"
217.113.194.178 - - [16/Apr/2025:05:52:55 -0400] "GET /2024/12/ HTTP/1.1" 200 9524 "-" "Mozilla/5.0 (compatible; Barkrowler/0.9; +https://babbar.tech/crawler)"
217.113.194.181 - - [16/Apr/2025:05:53:13 -0400] "GET /2024/11/ HTTP/1.1" 200 9522 "-" "Mozilla/5.0 (compatible; Barkrowler/0.9; +https://babbar.tech/crawler)"
217.113.194.176 - - [16/Apr/2025:05:53:32 -0400] "GET /2024/10/ HTTP/1.1" 200 9557 "-" "Mozilla/5.0 (compatible; Barkrowler/0.9; +https://babbar.tech/crawler)"
198.54.114.83 - - [16/Apr/2025:05:53:52 -0400] "POST /wp-cron.php?doing_wp_cron=1744797230.9214830398559570312500 HTTP/1.1" 200 0 "-" "WordPress/6.8; https://garantishell.com"
217.113.194.172 - - [16/Apr/2025:05:53:50 -0400] "GET /2023/12/ HTTP/1.1" 200 9258 "-" "Mozilla/5.0 (compatible; Barkrowler/0.9; +https://babbar.tech/crawler)"
217.113.194.180 - - [16/Apr/2025:05:54:08 -0400] "GET /2023/11/ HTTP/1.1" 200 8864 "-" "Mozilla/5.0 (compatible; Barkrowler/0.9; +https://babbar.tech/crawler)"
51.222.253.17 - - [16/Apr/2025:05:54:18 -0400] "GET /the-benefits-of-business-trip-massage-for-executives/feed/ HTTP/1.1" 304 0 "-" "Mozilla/5.0 (compatible; AhrefsBot/7.0; +http://ahrefs.com/robot/)"
217.113.194.174 - - [16/Apr/2025:05:54:26 -0400] "GET /videoslots/feed/ HTTP/1.1" 200 364 "-" "Mozilla/5.0 (compatible; Barkrowler/0.9; +https://babbar.tech/crawler)"
217.113.194.179 - - [16/Apr/2025:05:54:45 -0400] "GET /category/bitcoin/ HTTP/1.1" 200 8013 "-" "Mozilla/5.0 (compatible; Barkrowler/0.9; +https://babbar.tech/crawler)"
217.113.194.181 - - [16/Apr/2025:05:55:03 -0400] "GET /category/education/feed/ HTTP/1.1" 200 1524 "-" "Mozilla/5.0 (compatible; Barkrowler/0.9; +https://babbar.tech/crawler)"
198.54.114.83 - - [16/Apr/2025:05:55:08 -0400] "POST /wp-cron.php?doing_wp_cron=1744797304.2659199237823486328125 HTTP/1.1" 200 0 "-" "WordPress/6.8; https://garantishell.com"
217.113.194.174 - - [16/Apr/2025:05:55:24 -0400] "GET /category/health-fitness/feed/ HTTP/1.1" 200 8290 "-" "Mozilla/5.0 (compatible; Barkrowler/0.9; +https://babbar.tech/crawler)"
217.113.194.178 - - [16/Apr/2025:05:55:43 -0400] "GET /category/health-fitness/ HTTP/1.1" 200 9407 "-" "Mozilla/5.0 (compatible; Barkrowler/0.9; +https://babbar.tech/crawler)"
217.113.194.181 - - [16/Apr/2025:05:56:01 -0400] "GET /category/real-estate/ HTTP/1.1" 200 8034 "-" "Mozilla/5.0 (compatible; Barkrowler/0.9; +https://babbar.tech/crawler)"
198.54.114.83 - - [16/Apr/2025:05:56:07 -0400] "POST /wp-cron.php?doing_wp_cron=1744797365.4081799983978271484375 HTTP/1.1" 200 0 "-" "WordPress/6.8; https://garantishell.com"
51.222.253.16 - - [16/Apr/2025:05:56:04 -0400] "GET /author/admin/page/76/ HTTP/1.1" 200 9964 "-" "Mozilla/5.0 (compatible; AhrefsBot/7.0; +http://ahrefs.com/robot/)"
154.54.249.212 - - [16/Apr/2025:05:56:19 -0400] "GET /category/real-estate/feed/ HTTP/1.1" 200 435 "-" "Mozilla/5.0 (compatible; Barkrowler/0.9; +https://babbar.tech/crawler)"
114.235.63.221 - - [16/Apr/2025:05:56:25 -0400] "GET /strandclubs-am-gardasee-ein-paradies-am-wasser/ HTTP/1.1" 200 10527 "-" "Mozilla/5.0 (Windows NT 10.0; WOW64) AppleWebKit/537.36 (KHTML, like Gecko) Chrome/114.0.0.0 YaBrowser/22.7.0 Yowser/2.5 Safari/537.36"
114.235.63.221 - - [16/Apr/2025:05:56:28 -0400] "POST /wp-comments-post.php HTTP/1.1" 302 0 "https://garantishell.com/strandclubs-am-gardasee-ein-paradies-am-wasser/" "Mozilla/5.0 (Windows NT 10.0; WOW64) AppleWebKit/537.36 (KHTML, like Gecko) Chrome/114.0.0.0 YaBrowser/22.7.0 Yowser/2.5 Safari/537.36"
114.235.63.221 - - [16/Apr/2025:05:56:32 -0400] "GET /strandclubs-am-gardasee-ein-paradies-am-wasser/?unapproved=4308&moderation-hash=dc1521e47ff1e5ad1f4432a7f34f2c12 HTTP/1.1" 200 11161 "https://garantishell.com/wp-comments-post.php" "Mozilla/5.0 (Windows NT 10.0; WOW64) AppleWebKit/537.36 (KHTML, like Gecko) Chrome/114.0.0.0 YaBrowser/22.7.0 Yowser/2.5 Safari/537.36"
114.235.63.221 - - [16/Apr/2025:05:56:37 -0400] "GET /strandclubs-am-gardasee-ein-paradies-am-wasser/ HTTP/1.1" 200 10527 "-" "Mozilla/5.0 (Windows NT 10.0; WOW64) AppleWebKit/537.36 (KHTML, like Gecko) Chrome/114.0.0.0 YaBrowser/22.7.0 Yowser/2.5 Safari/537.36"
217.113.194.177 - - [16/Apr/2025:05:56:37 -0400] "GET /category/general/feed/ HTTP/1.1" 200 430 "-" "Mozilla/5.0 (compatible; Barkrowler/0.9; +https://babbar.tech/crawler)"
217.113.194.174 - - [16/Apr/2025:05:56:53 -0400] "GET /category/legal-law/ HTTP/1.1" 200 7998 "-" "Mozilla/5.0 (compatible; Barkrowler/0.9; +https://babbar.tech/crawler)"
198.54.114.83 - - [16/Apr/2025:05:57:08 -0400] "POST /wp-cron.php?doing_wp_cron=1744797427.9397959709167480468750 HTTP/1.1" 200 0 "-" "WordPress/6.8; https://garantishell.com"
122.8.187.19 - - [16/Apr/2025:05:57:07 -0400] "GET /leclairage-vintage-une-touche-intemporelle-pour-vos-espaces/ HTTP/1.1" 200 10838 "https://garantishell.com/leclairage-vintage-une-touche-intemporelle-pour-vos-espaces/" "Mozilla/5.0 (Macintosh; Intel Mac OS X 10_15_7) AppleWebKit/537.36 (KHTML, like Gecko) Chrome/119.0.0.0 Safari/537.36"
198.54.114.83 - - [16/Apr/2025:05:57:11 -0400] "POST /wp-admin/admin-ajax.php?action=async_litespeed&nonce=hbgbcK5QCKEnuoZ4cKzvcfWZDRcBzQNE&litespeed_type=imgoptm HTTP/1.1" 200 0 "-" "WordPress/6.8; https://garantishell.com"
217.113.194.179 - - [16/Apr/2025:05:57:12 -0400] "GET /category/home-kitchen/ HTTP/1.1" 200 8023 "-" "Mozilla/5.0 (compatible; Barkrowler/0.9; +https://babbar.tech/crawler)"
217.113.194.179 - - [16/Apr/2025:05:57:28 -0400] "GET /author/admin/page/5/ HTTP/1.1" 200 10016 "-" "Mozilla/5.0 (compatible; Barkrowler/0.9; +https://babbar.tech/crawler)"
134.199.85.87 - - [16/Apr/2025:05:57:45 -0400] "GET /unveiling-the-secrets-buy-youtube-views-cheap-and-watch-your-channel-soar/ HTTP/1.1" 200 0 "-" "Mozilla/5.0 (Macintosh; Intel Mac OS X 10_15_7) AppleWebKit/537.36 (KHTML, like Gecko) Chrome/104.0.0.0 Safari/537.36"
136.227.161.146 - - [16/Apr/2025:05:57:46 -0400] "GET /des-panneaux-en-pvc-au-look-marbre-elegance-et-durabilite/ HTTP/1.1" 200 0 "-" "Mozilla/5.0 (Macintosh; Intel Mac OS X 10_15_7) AppleWebKit/537.36 (KHTML, like Gecko) Chrome/104.0.0.0 Safari/537.36"
217.113.194.181 - - [16/Apr/2025:05:57:46 -0400] "GET /remote-jobs/feed/ HTTP/1.1" 200 369 "-" "Mozilla/5.0 (compatible; Barkrowler/0.9; +https://babbar.tech/crawler)"
198.54.114.83 - - [16/Apr/2025:05:57:47 -0400] "POST /wp-cron.php?doing_wp_cron=1744797466.8043251037597656250000 HTTP/1.1" 200 0 "-" "WordPress/6.8; https://garantishell.com"
168.151.118.205 - - [16/Apr/2025:05:57:48 -0400] "GET /harmony-woven-the-tranquility-bracelet-unveiled/ HTTP/1.1" 200 0 "-" "Mozilla/5.0 (Macintosh; Intel Mac OS X 10_15_7) AppleWebKit/537.36 (KHTML, like Gecko) Chrome/104.0.0.0 Safari/537.36"
45.134.106.146 - - [16/Apr/2025:05:57:50 -0400] "GET /navigating-the-digital-landscape-the-dynamics-of-buying-youtube-views-online/ HTTP/1.1" 200 0 "-" "Mozilla/5.0 (Macintosh; Intel Mac OS X 10_15_7) AppleWebKit/537.36 (KHTML, like Gecko) Chrome/104.0.0.0 Safari/537.36"
178.171.117.120 - - [16/Apr/2025:05:57:51 -0400] "GET /the-appeal-of-retro-bowl-unblocked/ HTTP/1.1" 200 0 "-" "Mozilla/5.0 (Macintosh; Intel Mac OS X 10_15_7) AppleWebKit/537.36 (KHTML, like Gecko) Chrome/104.0.0.0 Safari/537.36"
168.151.118.194 - - [16/Apr/2025:05:57:53 -0400] "GET /quellenhof-lazise-a-luxurious-oasis-on-lake-garda/ HTTP/1.1" 200 0 "-" "Mozilla/5.0 (Macintosh; Intel Mac OS X 10_15_7) AppleWebKit/537.36 (KHTML, like Gecko) Chrome/104.0.0.0 Safari/537.36"
136.227.184.135 - - [16/Apr/2025:05:57:54 -0400] "GET /2024/05/ HTTP/1.1" 200 9790 "-" "Mozilla/5.0 (Macintosh; Intel Mac OS X 10_15_7) AppleWebKit/537.36 (KHTML, like Gecko) Chrome/104.0.0.0 Safari/537.36"
168.151.197.24 - - [16/Apr/2025:05:57:55 -0400] "GET /2024/03/ HTTP/1.1" 200 9522 "-" "Mozilla/5.0 (Macintosh; Intel Mac OS X 10_15_7) AppleWebKit/537.36 (KHTML, like Gecko) Chrome/104.0.0.0 Safari/537.36"
134.199.89.208 - - [16/Apr/2025:05:57:56 -0400] "GET /unraveling-the-world-of-online-betting/ HTTP/1.1" 200 0 "-" "Mozilla/5.0 (Macintosh; Intel Mac OS X 10_15_7) AppleWebKit/537.36 (KHTML, like Gecko) Chrome/104.0.0.0 Safari/537.36"
136.227.162.220 - - [16/Apr/2025:05:57:58 -0400] "GET /2024/11/ HTTP/1.1" 200 9522 "-" "Mozilla/5.0 (Macintosh; Intel Mac OS X 10_15_7) AppleWebKit/537.36 (KHTML, like Gecko) Chrome/104.0.0.0 Safari/537.36"
217.113.194.178 - - [16/Apr/2025:05:58:04 -0400] "GET /culture-land-purchase/feed/ HTTP/1.1" 200 377 "-" "Mozilla/5.0 (compatible; Barkrowler/0.9; +https://babbar.tech/crawler)"
217.113.194.174 - - [16/Apr/2025:05:58:21 -0400] "GET /enhancing-your-vision/ HTTP/1.1" 200 10798 "-" "Mozilla/5.0 (compatible; Barkrowler/0.9; +https://babbar.tech/crawler)"
51.222.253.11 - - [16/Apr/2025:05:58:31 -0400] "GET /the-benefits-of-custom-grip-socks-wholesale/ HTTP/1.1" 200 10736 "-" "Mozilla/5.0 (compatible; AhrefsBot/7.0; +http://ahrefs.com/robot/)"
217.113.194.178 - - [16/Apr/2025:05:58:39 -0400] "GET /digital-business-cards/ HTTP/1.1" 200 10580 "-" "Mozilla/5.0 (compatible; Barkrowler/0.9; +https://babbar.tech/crawler)"
114.235.63.221 - - [16/Apr/2025:05:58:47 -0400] "GET /strandclubs-am-gardasee-ein-paradies-am-wasser/ HTTP/1.1" 200 10527 "-" "Mozilla/5.0 (Macintosh; Intel Mac OS X 12_5) AppleWebKit/605.1.15 (KHTML, like Gecko) Version/15.4 Safari/605.1.15"
198.54.114.83 - - [16/Apr/2025:05:58:56 -0400] "POST /wp-cron.php?doing_wp_cron=1744797535.5373620986938476562500 HTTP/1.1" 200 0 "-" "WordPress/6.8; https://garantishell.com"
66.249.66.40 - - [16/Apr/2025:05:58:54 -0400] "GET /the-rise-of-psilocybin-grow-bags/ HTTP/1.1" 200 10552 "-" "Mozilla/5.0 (Linux; Android 6.0.1; Nexus 5X Build/MMB29P) AppleWebKit/537.36 (KHTML, like Gecko) Chrome/135.0.7049.84 Mobile Safari/537.36 (compatible; GoogleOther)"
217.113.194.181 - - [16/Apr/2025:05:58:57 -0400] "GET /rechtsanwalt/feed/ HTTP/1.1" 200 366 "-" "Mozilla/5.0 (compatible; Barkrowler/0.9; +https://babbar.tech/crawler)"
217.113.194.179 - - [16/Apr/2025:05:59:14 -0400] "GET /rechtsanwalt/ HTTP/1.1" 200 10388 "-" "Mozilla/5.0 (compatible; Barkrowler/0.9; +https://babbar.tech/crawler)"
217.113.194.179 - - [16/Apr/2025:05:59:32 -0400] "GET /gamecomets-com/ HTTP/1.1" 200 10255 "-" "Mozilla/5.0 (compatible; Barkrowler/0.9; +https://babbar.tech/crawler)"
217.113.194.177 - - [16/Apr/2025:05:59:51 -0400] "GET /gamecomets-com/feed/ HTTP/1.1" 200 370 "-" "Mozilla/5.0 (compatible; Barkrowler/0.9; +https://babbar.tech/crawler)"
217.113.194.180 - - [16/Apr/2025:06:00:10 -0400] "GET /category/bitcoin/feed/ HTTP/1.1" 200 431 "-" "Mozilla/5.0 (compatible; Barkrowler/0.9; +https://babbar.tech/crawler)"
198.54.114.83 - - [16/Apr/2025:06:00:13 -0400] "POST /wp-cron.php?doing_wp_cron=1744797610.8736109733581542968750 HTTP/1.1" 200 0 "-" "WordPress/6.8; https://garantishell.com"
217.113.194.174 - - [16/Apr/2025:06:00:29 -0400] "GET /category/food-dring/ HTTP/1.1" 200 8014 "-" "Mozilla/5.0 (compatible; Barkrowler/0.9; +https://babbar.tech/crawler)"
51.222.253.17 - - [16/Apr/2025:06:00:41 -0400] "GET /strategies-to-boost-your-likes/ HTTP/1.1" 200 10937 "-" "Mozilla/5.0 (compatible; AhrefsBot/7.0; +http://ahrefs.com/robot/)"
217.113.194.179 - - [16/Apr/2025:06:00:48 -0400] "GET /category/food-dring/feed/ HTTP/1.1" 200 438 "-" "Mozilla/5.0 (compatible; Barkrowler/0.9; +https://babbar.tech/crawler)"
217.113.194.176 - - [16/Apr/2025:06:01:05 -0400] "GET /category/technology/feed/ HTTP/1.1" 200 1755 "-" "Mozilla/5.0 (compatible; Barkrowler/0.9; +https://babbar.tech/crawler)"
217.113.194.180 - - [16/Apr/2025:06:01:24 -0400] "GET /category/automotive/feed/ HTTP/1.1" 200 435 "-" "Mozilla/5.0 (compatible; Barkrowler/0.9; +https://babbar.tech/crawler)"
198.54.114.83 - - [16/Apr/2025:06:01:25 -0400] "POST /wp-cron.php?doing_wp_cron=1744797684.4967939853668212890625 HTTP/1.1" 200 0 "-" "WordPress/6.8; https://garantishell.com"
217.113.194.175 - - [16/Apr/2025:06:01:42 -0400] "GET /category/arts-entertainments/ HTTP/1.1" 200 9631 "-" "Mozilla/5.0 (compatible; Barkrowler/0.9; +https://babbar.tech/crawler)"
162.213.249.63 - - [16/Apr/2025:06:01:55 -0400] "POST /xmlrpc.php HTTP/1.1" 200 186 "https://garantishell.com" "Mozilla/5.0 (Macintosh; Intel Mac OS X 13_3) AppleWebKit/537.36 (KHTML, like Gecko) Chrome/126.0.0.0 Safari/537.36 Edg/126.0.0.0"
217.113.194.172 - - [16/Apr/2025:06:01:58 -0400] "GET /category/gaming/feed/ HTTP/1.1" 200 1907 "-" "Mozilla/5.0 (compatible; Barkrowler/0.9; +https://babbar.tech/crawler)"
217.113.194.179 - - [16/Apr/2025:06:02:17 -0400] "GET /category/lifestyle-fashion/ HTTP/1.1" 200 8008 "-" "Mozilla/5.0 (compatible; Barkrowler/0.9; +https://babbar.tech/crawler)"
217.113.194.176 - - [16/Apr/2025:06:02:36 -0400] "GET /category/legal-law/feed/ HTTP/1.1" 200 436 "-" "Mozilla/5.0 (compatible; Barkrowler/0.9; +https://babbar.tech/crawler)"
198.54.114.83 - - [16/Apr/2025:06:02:42 -0400] "POST /wp-cron.php?doing_wp_cron=1744797756.9903640747070312500000 HTTP/1.1" 200 0 "-" "WordPress/6.8; https://garantishell.com"
217.113.194.176 - - [16/Apr/2025:06:02:56 -0400] "GET /category/digital-marketing/ HTTP/1.1" 200 7996 "-" "Mozilla/5.0 (compatible; Barkrowler/0.9; +https://babbar.tech/crawler)"
51.222.253.7 - - [16/Apr/2025:06:03:04 -0400] "GET /bet-365-the-best-online-betting-site/ HTTP/1.1" 200 11191 "-" "Mozilla/5.0 (compatible; AhrefsBot/7.0; +http://ahrefs.com/robot/)"
217.113.194.174 - - [16/Apr/2025:06:03:16 -0400] "GET /category/home-improvement/ HTTP/1.1" 200 8031 "-" "Mozilla/5.0 (compatible; Barkrowler/0.9; +https://babbar.tech/crawler)"
154.54.249.212 - - [16/Apr/2025:06:03:38 -0400] "GET /steroids-canada/ HTTP/1.1" 200 10107 "-" "Mozilla/5.0 (compatible; Barkrowler/0.9; +https://babbar.tech/crawler)"
198.54.114.83 - - [16/Apr/2025:06:03:43 -0400] "POST /wp-cron.php?doing_wp_cron=1744797818.9731850624084472656250 HTTP/1.1" 200 0 "-" "WordPress/6.8; https://garantishell.com"
217.113.194.176 - - [16/Apr/2025:06:04:00 -0400] "GET /2025/01/page/2/ HTTP/1.1" 200 9786 "-" "Mozilla/5.0 (compatible; Barkrowler/0.9; +https://babbar.tech/crawler)"
217.113.194.172 - - [16/Apr/2025:06:04:19 -0400] "GET /2024/01/page/2/ HTTP/1.1" 200 10121 "-" "Mozilla/5.0 (compatible; Barkrowler/0.9; +https://babbar.tech/crawler)"
217.113.194.177 - - [16/Apr/2025:06:04:40 -0400] "GET /2024/10/page/3/ HTTP/1.1" 200 9704 "-" "Mozilla/5.0 (compatible; Barkrowler/0.9; +https://babbar.tech/crawler)"
198.54.114.83 - - [16/Apr/2025:06:04:44 -0400] "POST /wp-cron.php?doing_wp_cron=1744797880.5796859264373779296875 HTTP/1.1" 200 0 "-" "WordPress/6.8; https://garantishell.com"
51.222.253.20 - - [16/Apr/2025:06:04:53 -0400] "GET /the-evolution-of-online-casinos-2/ HTTP/1.1" 200 10547 "-" "Mozilla/5.0 (compatible; AhrefsBot/7.0; +http://ahrefs.com/robot/)"
217.113.194.177 - - [16/Apr/2025:06:05:01 -0400] "GET /2024/12/page/3/ HTTP/1.1" 200 9777 "-" "Mozilla/5.0 (compatible; Barkrowler/0.9; +https://babbar.tech/crawler)"
217.113.194.172 - - [16/Apr/2025:06:05:23 -0400] "GET /2024/12/page/2/ HTTP/1.1" 200 9565 "-" "Mozilla/5.0 (compatible; Barkrowler/0.9; +https://babbar.tech/crawler)"
114.235.63.221 - - [16/Apr/2025:06:05:34 -0400] "GET /why-professional-home-inspection-services-are-essential/ HTTP/1.1" 200 10730 "-" "Mozilla/5.0 (Macintosh; Intel Mac OS X 12.5; rv:114.0) Gecko/20100101 Firefox/114.0"
217.113.194.178 - - [16/Apr/2025:06:05:45 -0400] "GET /german-kitchen-cabinets/feed/ HTTP/1.1" 200 381 "-" "Mozilla/5.0 (compatible; Barkrowler/0.9; +https://babbar.tech/crawler)"
114.235.63.221 - - [16/Apr/2025:06:05:43 -0400] "POST /wp-comments-post.php HTTP/1.1" 302 0 "https://garantishell.com/why-professional-home-inspection-services-are-essential/" "Mozilla/5.0 (Macintosh; Intel Mac OS X 12.5; rv:114.0) Gecko/20100101 Firefox/114.0"
198.54.114.83 - - [16/Apr/2025:06:05:48 -0400] "POST /wp-cron.php?doing_wp_cron=1744797943.7755548954010009765625 HTTP/1.1" 200 0 "-" "WordPress/6.8; https://garantishell.com"
114.235.63.221 - - [16/Apr/2025:06:05:53 -0400] "GET /why-professional-home-inspection-services-are-essential/?unapproved=4309&moderation-hash=39f4c87338c67d95e45d5c3ac5e0f589 HTTP/1.1" 200 11271 "https://garantishell.com/wp-comments-post.php" "Mozilla/5.0 (Macintosh; Intel Mac OS X 12.5; rv:114.0) Gecko/20100101 Firefox/114.0"
114.235.63.221 - - [16/Apr/2025:06:06:02 -0400] "GET /why-professional-home-inspection-services-are-essential/ HTTP/1.1" 200 10730 "-" "Mozilla/5.0 (Macintosh; Intel Mac OS X 12.5; rv:114.0) Gecko/20100101 Firefox/114.0"
217.113.194.174 - - [16/Apr/2025:06:06:07 -0400] "GET /german-kitchen-cabinets/ HTTP/1.1" 200 9915 "-" "Mozilla/5.0 (compatible; Barkrowler/0.9; +https://babbar.tech/crawler)"
217.113.194.174 - - [16/Apr/2025:06:06:30 -0400] "GET /balancing-work-and-life/ HTTP/1.1" 200 10707 "-" "Mozilla/5.0 (compatible; Barkrowler/0.9; +https://babbar.tech/crawler)"
51.222.253.2 - - [16/Apr/2025:06:06:34 -0400] "GET /navigating-ppr-pipe-prices-a-comprehensive-guide/ HTTP/1.1" 200 10663 "-" "Mozilla/5.0 (compatible; AhrefsBot/7.0; +http://ahrefs.com/robot/)"
217.113.194.178 - - [16/Apr/2025:06:06:55 -0400] "GET /business-trip-massagees/ HTTP/1.1" 200 10282 "-" "Mozilla/5.0 (compatible; Barkrowler/0.9; +https://babbar.tech/crawler)"
198.54.114.83 - - [16/Apr/2025:06:07:00 -0400] "POST /wp-cron.php?doing_wp_cron=1744798015.6600480079650878906250 HTTP/1.1" 200 0 "-" "WordPress/6.8; https://garantishell.com"
217.113.194.175 - - [16/Apr/2025:06:07:17 -0400] "GET /business-trip-massage/feed/ HTTP/1.1" 200 376 "-" "Mozilla/5.0 (compatible; Barkrowler/0.9; +https://babbar.tech/crawler)"
217.113.194.172 - - [16/Apr/2025:06:07:38 -0400] "GET /business-trip-massages/feed/ HTTP/1.1" 200 377 "-" "Mozilla/5.0 (compatible; Barkrowler/0.9; +https://babbar.tech/crawler)"
27.42.99.212 - - [16/Apr/2025:06:07:56 -0400] "GET /why-professional-home-inspection-services-are-essential/ HTTP/1.1" 200 10730 "https://garantishell.com" "Mozilla/5.0 (Windows NT 10.0; Win64; x64) AppleWebKit/537.36 (KHTML, like Gecko) Chrome/62.0.3202.94 Safari/537.36"
217.113.194.172 - - [16/Apr/2025:06:07:58 -0400] "GET /virtual-receptionist/ HTTP/1.1" 200 9896 "-" "Mozilla/5.0 (compatible; Barkrowler/0.9; +https://babbar.tech/crawler)"
198.54.114.83 - - [16/Apr/2025:06:08:03 -0400] "POST /wp-cron.php?doing_wp_cron=1744798078.5295441150665283203125 HTTP/1.1" 200 0 "-" "WordPress/6.8; https://garantishell.com"
27.42.99.212 - - [16/Apr/2025:06:08:01 -0400] "POST /wp-comments-post.php HTTP/1.1" 302 0 "https://garantishell.com" "Mozilla/5.0 (Windows NT 10.0; Win64; x64) AppleWebKit/537.36 (KHTML, like Gecko) Chrome/62.0.3202.94 Safari/537.36"
27.42.99.212 - - [16/Apr/2025:06:08:08 -0400] "GET /why-professional-home-inspection-services-are-essential/ HTTP/1.1" 200 11390 "https://garantishell.com" "Mozilla/4.0 (compatible; MSIE 6.0; Windows NT 5.1; en) Opera 8.50"
217.113.194.174 - - [16/Apr/2025:06:08:20 -0400] "GET /virtual-receptionist/feed/ HTTP/1.1" 200 370 "-" "Mozilla/5.0 (compatible; Barkrowler/0.9; +https://babbar.tech/crawler)"
51.222.253.16 - - [16/Apr/2025:06:08:37 -0400] "GET /a-comprehensive-guide-for-content-creators/ HTTP/1.1" 200 11258 "-" "Mozilla/5.0 (compatible; AhrefsBot/7.0; +http://ahrefs.com/robot/)"
217.113.194.177 - - [16/Apr/2025:06:08:41 -0400] "GET /virtual-receptionists/ HTTP/1.1" 200 9922 "-" "Mozilla/5.0 (compatible; Barkrowler/0.9; +https://babbar.tech/crawler)"
188.239.13.215 - - [16/Apr/2025:06:08:54 -0400] "GET /umzugskosten-in-luneburg-was-kostet-ein-umzugsunternehmen/ HTTP/1.1" 200 10915 "https://garantishell.com/umzugskosten-in-luneburg-was-kostet-ein-umzugsunternehmen/" "Mozilla/5.0 (Windows NT 10.0; Win64; x64) AppleWebKit/537.36 (KHTML, like Gecko) Chrome/107.0.0.0 Safari/537.36"
217.113.194.180 - - [16/Apr/2025:06:09:03 -0400] "GET /virtual-receptionists/feed/ HTTP/1.1" 200 370 "-" "Mozilla/5.0 (compatible; Barkrowler/0.9; +https://babbar.tech/crawler)"
198.54.114.83 - - [16/Apr/2025:06:09:09 -0400] "POST /wp-cron.php?doing_wp_cron=1744798143.6955449581146240234375 HTTP/1.1" 200 0 "-" "WordPress/6.8; https://garantishell.com"
