52.167.144.161 - - [14/Apr/2025:18:25:47 -0400] "GET /maximizing-your-reach-buying-youtube-views/ HTTP/1.1" 200 10532 "-" "Mozilla/5.0 AppleWebKit/537.36 (KHTML, like Gecko; compatible; bingbot/2.0; +http://www.bing.com/bingbot.htm) Chrome/116.0.1938.76 Safari/537.36"
198.44.188.102 - - [14/Apr/2025:18:25:58 -0400] "GET /wp-includes/js/tinymce/plugins/wplink/about.php HTTP/1.1" 404 6868 "-" "Mozlila/5.0 (Linux; Android 7.0; SM-G892A Bulid/NRD90M; wv) AppleWebKit/537.36 (KHTML, like Gecko) Version/4.0 Chrome/60.0.3112.107 Moblie Safari/537.36"
198.44.188.102 - - [14/Apr/2025:18:26:05 -0400] "GET /wp-includes/js/tinymce/plugins/wpautoresize/about.php HTTP/1.1" 404 6868 "-" "Mozlila/5.0 (Linux; Android 7.0; SM-G892A Bulid/NRD90M; wv) AppleWebKit/537.36 (KHTML, like Gecko) Version/4.0 Chrome/60.0.3112.107 Moblie Safari/537.36"
51.222.253.2 - - [14/Apr/2025:18:28:39 -0400] "GET /intelligent-virtual-assistants-revolutionizing-digital-interactions/ HTTP/1.1" 200 11070 "-" "Mozilla/5.0 (compatible; AhrefsBot/7.0; +http://ahrefs.com/robot/)"
188.239.11.235 - - [14/Apr/2025:18:30:23 -0400] "GET /effektive-haushaltsauflosung-in-luneburg-ihr-zuverlassiger-partner/ HTTP/1.1" 200 10583 "https://garantishell.com/effektive-haushaltsauflosung-in-luneburg-ihr-zuverlassiger-partner/" "Mozilla/5.0 (Macintosh; Intel Mac OS X 10_15_7) AppleWebKit/537.36 (KHTML, like Gecko) Chrome/123.0.0.0 Safari/537.36"
107.178.110.130 - - [14/Apr/2025:18:30:26 -0400] "GET /why-professional-home-inspection-services-are-essential/ HTTP/1.1" 200 10434 "http://garantishell.com/why-professional-home-inspection-services-are-essential/" "Mozilla/5.0 (Macintosh; Intel Mac OS X 12_5) AppleWebKit/537.36 (KHTML, like Gecko) Chrome/114.0.0.0 YaBrowser/22.7.0 Yowser/2.5 Safari/537.36"
51.222.253.9 - - [14/Apr/2025:18:32:46 -0400] "GET /the-rise-of-football-betting-sites/ HTTP/1.1" 200 10561 "-" "Mozilla/5.0 (compatible; AhrefsBot/7.0; +http://ahrefs.com/robot/)"
159.89.172.84 - - [14/Apr/2025:18:32:59 -0400] "GET /wp-login.php HTTP/1.1" 200 1736 "-" "GRequests/0.10"
159.89.172.84 - - [14/Apr/2025:18:33:00 -0400] "POST /wp-login.php HTTP/1.1" 200 1870 "-" "GRequests/0.10"
2a02:598:96:8a00::1200:134 - - [14/Apr/2025:18:33:05 -0400] "GET /category/home-improvement/ HTTP/1.1" 200 7820 "-" "Mozilla/5.0 (compatible; SeznamBot/4.0; +https://o-seznam.cz/napoveda/vyhledavani/en/seznambot-crawler/)"
220.93.109.99 - - [14/Apr/2025:18:35:30 -0400] "GET /why-professional-home-inspection-services-are-essential/ HTTP/1.1" 200 10434 "-" "Mozilla/5.0 (Macintosh; Intel Mac OS X 12_5) AppleWebKit/537.36 (KHTML, like Gecko) Chrome/114.0.0.0 YaBrowser/22.7.0 Yowser/2.5 Safari/537.36"
51.222.253.19 - - [14/Apr/2025:18:37:00 -0400] "GET /exploring-fruit-of-the-loom-t-shirts/ HTTP/1.1" 200 10663 "-" "Mozilla/5.0 (compatible; AhrefsBot/7.0; +http://ahrefs.com/robot/)"
216.244.66.241 - - [14/Apr/2025:18:37:54 -0400] "GET /2024/11/page/17/ HTTP/1.1" 200 8939 "-" "Mozilla/5.0 (compatible; DotBot/1.2; +https://opensiteexplorer.org/dotbot; help@moz.com)"
216.244.66.241 - - [14/Apr/2025:18:38:02 -0400] "GET /page/21/?SA HTTP/1.1" 200 9551 "-" "Mozilla/5.0 (compatible; DotBot/1.2; +https://opensiteexplorer.org/dotbot; help@moz.com)"
134.17.14.122 - - [14/Apr/2025:18:40:36 -0400] "GET /goat.php HTTP/1.1" 404 6867 "-" "Mozilla/4.0 (compatible; MSIE 6.0; Windows NT 5.1; SV1)"
51.222.253.7 - - [14/Apr/2025:18:41:29 -0400] "GET /author/admin/page/20/ HTTP/1.1" 200 9241 "-" "Mozilla/5.0 (compatible; AhrefsBot/7.0; +http://ahrefs.com/robot/)"
213.136.93.171 - - [14/Apr/2025:18:43:54 -0400] "GET /wp-login.php HTTP/1.1" 200 1736 "-" "GRequests/0.10"
213.136.93.171 - - [14/Apr/2025:18:43:56 -0400] "POST /wp-login.php HTTP/1.1" 200 1871 "-" "GRequests/0.10"
166.108.231.18 - - [14/Apr/2025:18:44:23 -0400] "GET /effektive-haushaltsauflosung-in-luneburg/ HTTP/1.1" 200 10463 "https://garantishell.com/effektive-haushaltsauflosung-in-luneburg/#primary" "Mozilla/5.0 (Windows NT 10.0; Win64; x64) AppleWebKit/537.36 (KHTML, like Gecko) Chrome/107.0.0.0 Safari/537.36"
220.93.109.99 - - [14/Apr/2025:18:45:07 -0400] "GET /why-professional-home-inspection-services-are-essential/ HTTP/1.1" 200 10434 "-" "Mozilla/5.0 (Windows NT 10.0; Win64; x64) AppleWebKit/537.36 (KHTML, like Gecko) Chrome/114.0.0.0 Safari/537.36 Edg/114.0.1264.71"
220.93.109.99 - - [14/Apr/2025:18:45:20 -0400] "GET /why-professional-home-inspection-services-are-essential/ HTTP/1.1" 200 10434 "https://garantishell.com/why-professional-home-inspection-services-are-essential/" "Mozilla/5.0 (Windows NT 6.3; Win64; x64) AppleWebKit/537.36 (KHTML, like Gecko) Chrome/103.0.0.0 Safari/537.36"
220.93.109.99 - - [14/Apr/2025:18:45:21 -0400] "POST /wp-comments-post.php HTTP/1.1" 302 0 "https://garantishell.com/why-professional-home-inspection-services-are-essential/" "Mozilla/5.0 (Windows NT 6.3; Win64; x64) AppleWebKit/537.36 (KHTML, like Gecko) Chrome/103.0.0.0 Safari/537.36"
220.93.109.99 - - [14/Apr/2025:18:45:25 -0400] "GET /why-professional-home-inspection-services-are-essential/?unapproved=4254&moderation-hash=789fccb3935e7c847e1e451e7d568d1f HTTP/1.1" 200 11045 "https://garantishell.com/wp-comments-post.php" "Mozilla/5.0 (Windows NT 6.3; Win64; x64) AppleWebKit/537.36 (KHTML, like Gecko) Chrome/103.0.0.0 Safari/537.36"
220.93.109.99 - - [14/Apr/2025:18:45:27 -0400] "GET /why-professional-home-inspection-services-are-essential/ HTTP/1.1" 200 10434 "-" "Mozilla/5.0 (Windows NT 6.3; Win64; x64) AppleWebKit/537.36 (KHTML, like Gecko) Chrome/103.0.0.0 Safari/537.36"
51.222.253.8 - - [14/Apr/2025:18:45:49 -0400] "GET /professionelle-gebaudereinigung-in-winsen/ HTTP/1.1" 200 10628 "-" "Mozilla/5.0 (compatible; AhrefsBot/7.0; +http://ahrefs.com/robot/)"
2a03:2880:f800:d:: - - [14/Apr/2025:18:45:51 -0400] "GET /a-comprehensive-guide-to-dropping-off-passengers-at-heathrow-terminal-4/ HTTP/1.1" 200 10247 "-" "meta-externalagent/1.1 (+https://developers.facebook.com/docs/sharing/webmasters/crawler)"
51.222.253.17 - - [14/Apr/2025:18:50:19 -0400] "GET /author/admin/page/19/ HTTP/1.1" 200 9394 "-" "Mozilla/5.0 (compatible; AhrefsBot/7.0; +http://ahrefs.com/robot/)"
220.93.109.99 - - [14/Apr/2025:18:50:42 -0400] "GET /why-professional-home-inspection-services-are-essential/ HTTP/1.1" 200 10434 "-" "Mozilla/5.0 (Macintosh; Intel Mac OS X 12_5) AppleWebKit/537.36 (KHTML, like Gecko) Chrome/114.0.0.0 YaBrowser/22.7.0 Yowser/2.5 Safari/537.36"
103.152.248.8 - - [14/Apr/2025:18:53:32 -0400] "GET /wp-login.php HTTP/1.1" 200 1736 "-" "GRequests/0.10"
103.152.248.8 - - [14/Apr/2025:18:53:33 -0400] "POST /wp-login.php HTTP/1.1" 200 1878 "-" "GRequests/0.10"
71.40.108.36 - - [14/Apr/2025:18:53:56 -0400] "GET /wp-login.php HTTP/1.1" 200 1736 "-" "GRequests/0.10"
71.40.108.36 - - [14/Apr/2025:18:53:57 -0400] "POST /wp-login.php HTTP/1.1" 200 1868 "-" "GRequests/0.10"
51.222.253.17 - - [14/Apr/2025:18:54:51 -0400] "GET /author/admin/page/22/ HTTP/1.1" 200 9446 "-" "Mozilla/5.0 (compatible; AhrefsBot/7.0; +http://ahrefs.com/robot/)"
216.244.66.241 - - [14/Apr/2025:18:55:08 -0400] "GET /robots.txt HTTP/1.1" 304 0 "-" "Mozilla/5.0 (compatible; DotBot/1.2; +https://opensiteexplorer.org/dotbot; help@moz.com)"
104.152.52.62 - - [14/Apr/2025:18:55:17 -0400] "GET / HTTP/1.1" 200 9272 "-" "curl/7.61.1"
188.239.32.4 - - [14/Apr/2025:18:58:22 -0400] "GET /erholung-am-gardasee-ein-paradies-fur-jeden/ HTTP/1.1" 200 10779 "https://garantishell.com/erholung-am-gardasee-ein-paradies-fur-jeden/" "Mozilla/5.0 (Macintosh; Intel Mac OS X 10_15_7) AppleWebKit/537.36 (KHTML, like Gecko) Chrome/119.0.0.0 Safari/537.36"
51.222.253.6 - - [14/Apr/2025:18:59:10 -0400] "GET /2024/05/page/4/ HTTP/1.1" 200 9278 "-" "Mozilla/5.0 (compatible; AhrefsBot/7.0; +http://ahrefs.com/robot/)"
103.152.248.8 - - [14/Apr/2025:19:02:08 -0400] "GET /wp-login.php HTTP/1.1" 200 1736 "-" "GRequests/0.10"
103.152.248.8 - - [14/Apr/2025:19:02:09 -0400] "POST /wp-login.php HTTP/1.1" 200 1870 "-" "GRequests/0.10"
65.108.124.33 - - [14/Apr/2025:19:03:49 -0400] "GET /finding-the-best-german-lessons-near-you/ HTTP/1.1" 200 10645 "https://garantishell.com/finding-the-best-german-lessons-near-you/#comment-3825" "Mozilla/5.0 (Windows NT 10.0; Win64; x64) AppleWebKit/537.36 (KHTML, like Gecko) Chrome/129.0.0.0 Safari/537.36"
65.108.124.33 - - [14/Apr/2025:19:03:53 -0400] "POST /wp-comments-post.php HTTP/1.1" 302 0 "https://garantishell.com/finding-the-best-german-lessons-near-you/#comment-3825" "Mozilla/5.0 (Windows NT 10.0; Win64; x64) AppleWebKit/537.36 (KHTML, like Gecko) Chrome/129.0.0.0 Safari/537.36"
65.108.124.33 - - [14/Apr/2025:19:03:56 -0400] "GET /finding-the-best-german-lessons-near-you/ HTTP/1.1" 200 12353 "https://garantishell.com/finding-the-best-german-lessons-near-you/#comment-4255" "Mozilla/5.0 (Windows NT 10.0; Win64; x64) AppleWebKit/537.36 (KHTML, like Gecko) Chrome/129.0.0.0 Safari/537.36"
51.222.253.20 - - [14/Apr/2025:19:03:57 -0400] "GET /2-player-games-classroom-6x/ HTTP/1.1" 200 9832 "-" "Mozilla/5.0 (compatible; AhrefsBot/7.0; +http://ahrefs.com/robot/)"
216.244.66.241 - - [14/Apr/2025:19:05:52 -0400] "GET /la-tentation-du-jeu-1xbet/ HTTP/1.1" 200 10522 "-" "Mozilla/5.0 (compatible; DotBot/1.2; +https://opensiteexplorer.org/dotbot; help@moz.com)"
143.198.88.107 - - [14/Apr/2025:19:05:57 -0400] "GET //wp-includes/ID3/license.txt HTTP/1.1" 200 414 "-" "Mozilla/5.0 (Windows NT 10.0; Win64; x64) AppleWebKit/537.36 (KHTML, like Gecko) Chrome/95.0.4638.69 Safari/537.36"
143.198.88.107 - - [14/Apr/2025:19:05:58 -0400] "GET //feed/ HTTP/1.1" 301 0 "-" "Mozilla/5.0 (Windows NT 10.0; Win64; x64) AppleWebKit/537.36 (KHTML, like Gecko) Chrome/95.0.4638.69 Safari/537.36"
143.198.88.107 - - [14/Apr/2025:19:05:59 -0400] "GET //xmlrpc.php?rsd HTTP/1.1" 200 294 "-" "Mozilla/5.0 (Windows NT 10.0; Win64; x64) AppleWebKit/537.36 (KHTML, like Gecko) Chrome/95.0.4638.69 Safari/537.36"
143.198.88.107 - - [14/Apr/2025:19:06:00 -0400] "GET //?author=1 HTTP/1.1" 301 0 "-" "Mozilla/5.0 (Windows NT 10.0; Win64; x64) AppleWebKit/537.36 (KHTML, like Gecko) Chrome/95.0.4638.69 Safari/537.36"
143.198.88.107 - - [14/Apr/2025:19:06:00 -0400] "GET //?author=2 HTTP/1.1" 301 0 "-" "Mozilla/5.0 (Windows NT 10.0; Win64; x64) AppleWebKit/537.36 (KHTML, like Gecko) Chrome/95.0.4638.69 Safari/537.36"
143.198.88.107 - - [14/Apr/2025:19:06:00 -0400] "GET //?author=3 HTTP/1.1" 301 0 "-" "Mozilla/5.0 (Windows NT 10.0; Win64; x64) AppleWebKit/537.36 (KHTML, like Gecko) Chrome/95.0.4638.69 Safari/537.36"
143.198.88.107 - - [14/Apr/2025:19:06:01 -0400] "GET //wp-json/wp/v2/users/ HTTP/1.1" 200 1264 "-" "Mozilla/5.0 (Windows NT 10.0; Win64; x64) AppleWebKit/537.36 (KHTML, like Gecko) Chrome/95.0.4638.69 Safari/537.36"
143.198.88.107 - - [14/Apr/2025:19:06:01 -0400] "POST //xmlrpc.php HTTP/1.1" 200 0 "-" "Mozilla/5.0 (Windows NT 10.0; Win64; x64) AppleWebKit/537.36 (KHTML, like Gecko) Chrome/95.0.4638.69 Safari/537.36"
51.222.253.19 - - [14/Apr/2025:19:08:06 -0400] "GET /page/22/ HTTP/1.1" 200 9398 "-" "Mozilla/5.0 (compatible; AhrefsBot/7.0; +http://ahrefs.com/robot/)"
143.198.88.107 - - [14/Apr/2025:19:07:32 -0400] "POST //xmlrpc.php HTTP/1.1" 200 0 "-" "Mozilla/5.0 (Windows NT 10.0; Win64; x64) AppleWebKit/537.36 (KHTML, like Gecko) Chrome/95.0.4638.69 Safari/537.36"
217.77.10.191 - - [14/Apr/2025:19:09:18 -0400] "GET /wp-login.php HTTP/1.1" 200 1736 "-" "GRequests/0.10"
217.77.10.191 - - [14/Apr/2025:19:09:29 -0400] "POST /wp-login.php HTTP/1.1" 200 1871 "-" "GRequests/0.10"
51.222.253.18 - - [14/Apr/2025:19:11:53 -0400] "GET /the-charm-of-custom-pet-portraits/ HTTP/1.1" 200 10269 "-" "Mozilla/5.0 (compatible; AhrefsBot/7.0; +http://ahrefs.com/robot/)"
166.108.193.218 - - [14/Apr/2025:19:12:20 -0400] "GET /mastering-the-legal-landscape-your-guide-to-finding-the-right-law-tutor/ HTTP/1.1" 200 10309 "https://garantishell.com/mastering-the-legal-landscape-your-guide-to-finding-the-right-law-tutor/#primary" "Mozilla/5.0 (Windows NT 10.0; Win64; x64) AppleWebKit/537.36 (KHTML, like Gecko) Chrome/101.0.4951.67 Safari/537.36"
212.8.248.108 - - [14/Apr/2025:19:13:24 -0400] "GET /why-professional-home-inspection-services-are-essential HTTP/1.1" 301 0 "-" "Mozilla/5.0 (Windows NT 10.0; Win64; x64) AppleWebKit/537.36 (KHTML, like Gecko) Chrome/118.0.0.0 Safari/537.36"
212.8.248.108 - - [14/Apr/2025:19:13:25 -0400] "GET /why-professional-home-inspection-services-are-essential/ HTTP/1.1" 200 10434 "-" "Mozilla/5.0 (Windows NT 10.0; Win64; x64) AppleWebKit/537.36 (KHTML, like Gecko) Chrome/118.0.0.0 Safari/537.36"
138.186.139.31 - - [14/Apr/2025:19:14:11 -0400] "GET /why-professional-home-inspection-services-are-essential/ HTTP/1.1" 200 10434 "-" "Mozilla/5.0 (Windows NT 10.0; Win64; x64) AppleWebKit/537.36 (KHTML, like Gecko) Chrome/114.0.0.0 YaBrowser/22.7.0 Yowser/2.5 Safari/537.36"
138.186.139.35 - - [14/Apr/2025:19:14:20 -0400] "GET /why-professional-home-inspection-services-are-essential/ HTTP/1.1" 200 10434 "https://garantishell.com/why-professional-home-inspection-services-are-essential/" "Mozilla/5.0 (Windows NT 6.3; Win64; x64) AppleWebKit/537.36 (KHTML, like Gecko) Chrome/103.0.0.0 Safari/537.36"
138.186.139.35 - - [14/Apr/2025:19:14:21 -0400] "POST /wp-comments-post.php HTTP/1.1" 302 0 "https://garantishell.com/why-professional-home-inspection-services-are-essential/" "Mozilla/5.0 (Windows NT 6.3; Win64; x64) AppleWebKit/537.36 (KHTML, like Gecko) Chrome/103.0.0.0 Safari/537.36"
138.186.139.35 - - [14/Apr/2025:19:14:25 -0400] "GET /why-professional-home-inspection-services-are-essential/?unapproved=4256&moderation-hash=69e2db4c095e5d7be5dd0093aaff3b71 HTTP/1.1" 200 11085 "https://garantishell.com/wp-comments-post.php" "Mozilla/5.0 (Windows NT 6.3; Win64; x64) AppleWebKit/537.36 (KHTML, like Gecko) Chrome/103.0.0.0 Safari/537.36"
138.186.139.31 - - [14/Apr/2025:19:14:27 -0400] "GET /why-professional-home-inspection-services-are-essential/ HTTP/1.1" 200 10434 "-" "Mozilla/5.0 (Windows NT 6.3; Win64; x64) AppleWebKit/537.36 (KHTML, like Gecko) Chrome/103.0.0.0 Safari/537.36"
71.40.108.36 - - [14/Apr/2025:19:14:47 -0400] "GET /wp-login.php HTTP/1.1" 200 1736 "-" "GRequests/0.10"
71.40.108.36 - - [14/Apr/2025:19:14:47 -0400] "POST /wp-login.php HTTP/1.1" 200 1870 "-" "GRequests/0.10"
138.186.139.31 - - [14/Apr/2025:19:15:32 -0400] "GET /why-professional-home-inspection-services-are-essential/ HTTP/1.1" 200 10434 "-" "Mozilla/5.0 (Macintosh; Intel Mac OS X 12_5) AppleWebKit/537.36 (KHTML, like Gecko) Chrome/114.0.0.0 YaBrowser/22.7.0 Yowser/2.5 Safari/537.36"
51.222.253.13 - - [14/Apr/2025:19:15:56 -0400] "GET /2024/11/page/16/ HTTP/1.1" 200 9318 "-" "Mozilla/5.0 (compatible; AhrefsBot/7.0; +http://ahrefs.com/robot/)"
2001:df4:40c0:68d8::1 - - [14/Apr/2025:19:17:32 -0400] "GET /wp-login.php HTTP/1.1" 200 1736 "-" "GRequests/0.10"
2001:df4:40c0:68d8::1 - - [14/Apr/2025:19:17:33 -0400] "POST /wp-login.php HTTP/1.1" 200 1868 "-" "GRequests/0.10"
51.222.253.13 - - [14/Apr/2025:19:19:57 -0400] "GET /author/admin/page/23/ HTTP/1.1" 200 9598 "-" "Mozilla/5.0 (compatible; AhrefsBot/7.0; +http://ahrefs.com/robot/)"
51.222.253.9 - - [14/Apr/2025:19:24:59 -0400] "GET /leading-the-way-in-high-quality-kitchen-appliances/ HTTP/1.1" 200 10715 "-" "Mozilla/5.0 (compatible; AhrefsBot/7.0; +http://ahrefs.com/robot/)"
111.119.241.12 - - [14/Apr/2025:19:26:19 -0400] "GET /ihr-vertrauensvoller-partner/ HTTP/1.1" 200 10547 "https://garantishell.com/ihr-vertrauensvoller-partner/" "Mozilla/5.0 (Macintosh; Intel Mac OS X 10_15_7) AppleWebKit/537.36 (KHTML, like Gecko) Chrome/123.0.0.0 Safari/537.36"
17.241.75.30 - - [14/Apr/2025:19:27:50 -0400] "GET /madame-ferment-la-revolution-silencieuse-des-probiotiques/ HTTP/1.1" 200 10930 "-" "Mozilla/5.0 (Macintosh; Intel Mac OS X 10_15_7) AppleWebKit/605.1.15 (KHTML, like Gecko) Version/17.4 Safari/605.1.15 (Applebot/0.1; +http://www.apple.com/go/applebot)"
17.22.237.192 - - [14/Apr/2025:19:28:51 -0400] "GET /wp-includes/js/jquery/jquery.min.js?ver=3.7.1 HTTP/1.1" 304 0 "https://garantishell.com/madame-ferment-la-revolution-silencieuse-des-probiotiques/" "Mozilla/5.0 (Macintosh; Intel Mac OS X 10_15_7) AppleWebKit/605.1.15 (KHTML, like Gecko) Version/17.4 Safari/605.1.15 (Applebot/0.1; +http://www.apple.com/go/applebot)"
17.22.245.112 - - [14/Apr/2025:19:28:53 -0400] "GET /wp-includes/js/jquery/jquery-migrate.min.js?ver=3.4.1 HTTP/1.1" 304 0 "https://garantishell.com/madame-ferment-la-revolution-silencieuse-des-probiotiques/" "Mozilla/5.0 (Macintosh; Intel Mac OS X 10_15_7) AppleWebKit/605.1.15 (KHTML, like Gecko) Version/17.4 Safari/605.1.15 (Applebot/0.1; +http://www.apple.com/go/applebot)"
17.22.253.40 - - [14/Apr/2025:19:28:53 -0400] "GET /wp-content/themes/world-news/assets/js/navigation.min.js?ver=1.1.1 HTTP/1.1" 304 0 "https://garantishell.com/madame-ferment-la-revolution-silencieuse-des-probiotiques/" "Mozilla/5.0 (Macintosh; Intel Mac OS X 10_15_7) AppleWebKit/605.1.15 (KHTML, like Gecko) Version/17.4 Safari/605.1.15 (Applebot/0.1; +http://www.apple.com/go/applebot)"
17.22.253.149 - - [14/Apr/2025:19:28:53 -0400] "GET /wp-content/themes/world-news/assets/js/slick.min.js?ver=1.8.1 HTTP/1.1" 304 0 "https://garantishell.com/madame-ferment-la-revolution-silencieuse-des-probiotiques/" "Mozilla/5.0 (Macintosh; Intel Mac OS X 10_15_7) AppleWebKit/605.1.15 (KHTML, like Gecko) Version/17.4 Safari/605.1.15 (Applebot/0.1; +http://www.apple.com/go/applebot)"
17.22.253.149 - - [14/Apr/2025:19:28:54 -0400] "GET /wp-content/themes/world-news/assets/js/jquery.marquee.min.js?ver=1.6.0 HTTP/1.1" 304 0 "https://garantishell.com/madame-ferment-la-revolution-silencieuse-des-probiotiques/" "Mozilla/5.0 (Macintosh; Intel Mac OS X 10_15_7) AppleWebKit/605.1.15 (KHTML, like Gecko) Version/17.4 Safari/605.1.15 (Applebot/0.1; +http://www.apple.com/go/applebot)"
17.22.245.183 - - [14/Apr/2025:19:28:54 -0400] "GET /wp-content/themes/world-news/assets/js/custom.min.js?ver=1.1.1 HTTP/1.1" 304 0 "https://garantishell.com/madame-ferment-la-revolution-silencieuse-des-probiotiques/" "Mozilla/5.0 (Macintosh; Intel Mac OS X 10_15_7) AppleWebKit/605.1.15 (KHTML, like Gecko) Version/17.4 Safari/605.1.15 (Applebot/0.1; +http://www.apple.com/go/applebot)"
17.22.245.179 - - [14/Apr/2025:19:28:56 -0400] "GET /wp-includes/js/wp-emoji-release.min.js?ver=6.7.1 HTTP/1.1" 304 0 "https://garantishell.com/madame-ferment-la-revolution-silencieuse-des-probiotiques/" "Mozilla/5.0 (Macintosh; Intel Mac OS X 10_15_7) AppleWebKit/605.1.15 (KHTML, like Gecko) Version/17.4 Safari/605.1.15 (Applebot/0.1; +http://www.apple.com/go/applebot)"
17.22.237.23 - - [14/Apr/2025:19:28:58 -0400] "GET /wp-includes/js/comment-reply.min.js?ver=6.7.1 HTTP/1.1" 304 0 "https://garantishell.com/madame-ferment-la-revolution-silencieuse-des-probiotiques/" "Mozilla/5.0 (Macintosh; Intel Mac OS X 10_15_7) AppleWebKit/605.1.15 (KHTML, like Gecko) Version/17.4 Safari/605.1.15 (Applebot/0.1; +http://www.apple.com/go/applebot)"
172.234.248.66 - - [14/Apr/2025:19:29:02 -0400] "GET / HTTP/1.1" 200 9272 "-" "-"
172.234.248.66 - - [14/Apr/2025:19:29:02 -0400] "GET /wp-admin/install.php HTTP/1.1" 200 439 "-" "-"
172.234.248.66 - - [14/Apr/2025:19:29:05 -0400] "GET /wp-admin/setup-config.php HTTP/1.1" 409 1041 "-" "-"
51.222.253.20 - - [14/Apr/2025:19:29:26 -0400] "GET /author/admin/page/21/ HTTP/1.1" 200 9290 "-" "Mozilla/5.0 (compatible; AhrefsBot/7.0; +http://ahrefs.com/robot/)"
114.119.129.110 - - [14/Apr/2025:19:30:15 -0400] "GET /the-evolution-and-appeal-of-video-slots/ HTTP/1.1" 200 10790 "https://garantishell.com/world-of-video-slots/" "Mozilla/5.0 (Linux; Android 7.0;) AppleWebKit/537.36 (KHTML, like Gecko) Mobile Safari/537.36 (compatible; PetalBot;+https://webmaster.petalsearch.com/site/petalbot)"
114.119.144.84 - - [14/Apr/2025:19:31:37 -0400] "GET /die-kosten-fur-gitarrenunterricht/ HTTP/1.1" 200 10424 "https://garantishell.com/understanding-fda-cosmetic-registration/" "Mozilla/5.0 (Linux; Android 7.0;) AppleWebKit/537.36 (KHTML, like Gecko) Mobile Safari/537.36 (compatible; PetalBot;+https://webmaster.petalsearch.com/site/petalbot)"
216.244.66.241 - - [14/Apr/2025:19:31:48 -0400] "GET /a-digital-haven-for-entertainment/feed/ HTTP/1.1" 200 394 "-" "Mozilla/5.0 (compatible; DotBot/1.2; +https://opensiteexplorer.org/dotbot; help@moz.com)"
37.46.117.90 - - [14/Apr/2025:19:33:49 -0400] "GET /wp-login.php HTTP/1.1" 200 1736 "https://garantishell.com" "Mozilla/5.0 (Windows NT 6.1; Win64; x64; rv:94.0) Gecko/20100101 Firefox/94.0"
51.222.253.11 - - [14/Apr/2025:19:33:45 -0400] "GET /2024/04/page/4/ HTTP/1.1" 200 8666 "-" "Mozilla/5.0 (compatible; AhrefsBot/7.0; +http://ahrefs.com/robot/)"
37.46.117.90 - - [14/Apr/2025:19:33:51 -0400] "POST /wp-login.php?wpe-login=true&hide_my_wp=1&hmwp_do=login&login=1 HTTP/1.1" 200 1868 "https://garantishell.com" "Mozilla/5.0 (Windows NT 6.1; Win64; x64; rv:94.0) Gecko/20100101 Firefox/94.0"
164.92.107.174 - - [14/Apr/2025:19:34:11 -0400] "GET / HTTP/1.1" 200 9272 "-" "-"
164.92.107.174 - - [14/Apr/2025:19:34:11 -0400] "GET / HTTP/1.1" 200 9272 "-" "Mozilla/5.0 (Linux; Android 6.0; HTC One M9 Build/MRA210694) AppleWebKit/537.36 (KHTML, like Gecko) Chrome/52.0.1746.98 Mobile Safari/537.3"
164.92.107.174 - - [14/Apr/2025:19:34:11 -0400] "GET /@vite/env HTTP/1.1" 404 6867 "-" "Go-http-client/1.1"
164.92.107.174 - - [14/Apr/2025:19:34:13 -0400] "GET /actuator/env HTTP/1.1" 404 6867 "-" "Go-http-client/1.1"
164.92.107.174 - - [14/Apr/2025:19:34:14 -0400] "GET /server HTTP/1.1" 404 6867 "-" "Go-http-client/1.1"
164.92.107.174 - - [14/Apr/2025:19:34:15 -0400] "GET /.vscode/sftp.json HTTP/1.1" 404 6867 "-" "Go-http-client/1.1"
164.92.107.174 - - [14/Apr/2025:19:34:17 -0400] "GET /about HTTP/1.1" 404 6867 "-" "Go-http-client/1.1"
164.92.107.174 - - [14/Apr/2025:19:34:18 -0400] "GET /debug/default/view?panel=config HTTP/1.1" 404 6867 "-" "Go-http-client/1.1"
164.92.107.174 - - [14/Apr/2025:19:34:19 -0400] "GET /v2/_catalog HTTP/1.1" 404 6867 "-" "Go-http-client/1.1"
164.92.107.174 - - [14/Apr/2025:19:34:20 -0400] "GET /ecp/Current/exporttool/microsoft.exchange.ediscovery.exporttool.application HTTP/1.1" 404 6867 "-" "Go-http-client/1.1"
164.92.107.174 - - [14/Apr/2025:19:34:21 -0400] "GET /login.action HTTP/1.1" 404 6867 "-" "Go-http-client/1.1"
164.92.107.174 - - [14/Apr/2025:19:34:22 -0400] "GET /_all_dbs HTTP/1.1" 404 6867 "-" "Mozilla/5.0 (l9scan/2.0.8323e223e21323e2430313; +https://leakix.net)"
164.92.107.174 - - [14/Apr/2025:19:34:23 -0400] "GET /.DS_Store HTTP/1.1" 404 6867 "-" "Go-http-client/1.1"
164.92.107.174 - - [14/Apr/2025:19:34:25 -0400] "GET /.env HTTP/1.1" 403 1242 "-" "Go-http-client/1.1"
164.92.107.174 - - [14/Apr/2025:19:34:25 -0400] "GET /.git/config HTTP/1.1" 403 1242 "-" "Go-http-client/1.1"
164.92.107.174 - - [14/Apr/2025:19:34:25 -0400] "GET /s/8323e223e21323e2430313/_/;/META-INF/maven/com.atlassian.jira/jira-webapp-dist/pom.properties HTTP/1.1" 404 6867 "-" "Go-http-client/1.1"
164.92.107.174 - - [14/Apr/2025:19:34:27 -0400] "GET /config.json HTTP/1.1" 404 6867 "-" "Go-http-client/1.1"
164.92.107.174 - - [14/Apr/2025:19:34:29 -0400] "GET /telescope/requests HTTP/1.1" 404 6867 "-" "Go-http-client/1.1"
164.92.107.174 - - [14/Apr/2025:19:34:30 -0400] "GET /info.php HTTP/1.1" 404 6867 "-" "Go-http-client/1.1"
164.92.107.174 - - [14/Apr/2025:19:34:31 -0400] "GET /?rest_route=/wp/v2/users/ HTTP/1.1" 200 1264 "-" "Go-http-client/1.1"
31.220.93.206 - - [14/Apr/2025:19:35:12 -0400] "GET /wp-login.php HTTP/1.1" 200 1736 "-" "GRequests/0.10"
31.220.93.206 - - [14/Apr/2025:19:35:13 -0400] "POST /wp-login.php HTTP/1.1" 200 1871 "-" "GRequests/0.10"
197.243.16.120 - - [14/Apr/2025:19:36:08 -0400] "GET /wp-login.php HTTP/1.1" 200 1736 "-" "GRequests/0.10"
197.243.16.120 - - [14/Apr/2025:19:36:09 -0400] "POST /wp-login.php HTTP/1.1" 200 1868 "-" "GRequests/0.10"
51.222.253.16 - - [14/Apr/2025:19:37:46 -0400] "GET /the-rise-of-california-prefab-homes-a-sustainable-choice/ HTTP/1.1" 200 10122 "-" "Mozilla/5.0 (compatible; AhrefsBot/7.0; +http://ahrefs.com/robot/)"
2001:df4:40c0:68d8::1 - - [14/Apr/2025:19:40:02 -0400] "GET /wp-login.php HTTP/1.1" 200 1736 "-" "GRequests/0.10"
2001:df4:40c0:68d8::1 - - [14/Apr/2025:19:40:03 -0400] "POST /wp-login.php HTTP/1.1" 200 1870 "-" "GRequests/0.10"
119.8.24.79 - - [14/Apr/2025:19:40:18 -0400] "GET /navigating-londons-airports-a-guide-to-airport-taxis/ HTTP/1.1" 200 10834 "https://garantishell.com/navigating-londons-airports-a-guide-to-airport-taxis/" "Mozilla/5.0 (Windows NT 10.0; Win64; x64) AppleWebKit/537.36 (KHTML, like Gecko) Chrome/104.0.0.0 Safari/537.36"
51.222.253.6 - - [14/Apr/2025:19:41:44 -0400] "GET /finding-a-limousine-service-near-you-for-any-occasion/ HTTP/1.1" 200 11050 "-" "Mozilla/5.0 (compatible; AhrefsBot/7.0; +http://ahrefs.com/robot/)"
216.244.66.241 - - [14/Apr/2025:19:43:54 -0400] "GET /robots.txt HTTP/1.1" 304 0 "-" "Mozilla/5.0 (compatible; DotBot/1.2; +https://opensiteexplorer.org/dotbot; help@moz.com)"
51.222.253.12 - - [14/Apr/2025:19:45:16 -0400] "GET /comprehensive-car-interior-cleaning/ HTTP/1.1" 200 10811 "-" "Mozilla/5.0 (compatible; AhrefsBot/7.0; +http://ahrefs.com/robot/)"
51.222.253.9 - - [14/Apr/2025:19:49:06 -0400] "GET /category/arts-entertainments/page/21/ HTTP/1.1" 200 9318 "-" "Mozilla/5.0 (compatible; AhrefsBot/7.0; +http://ahrefs.com/robot/)"
81.70.16.45 - - [14/Apr/2025:19:50:41 -0400] "GET /wp-login.php HTTP/1.1" 200 1736 "-" "GRequests/0.10"
81.70.16.45 - - [14/Apr/2025:19:50:43 -0400] "POST /wp-login.php HTTP/1.1" 200 1878 "-" "GRequests/0.10"
51.222.253.1 - - [14/Apr/2025:19:52:50 -0400] "GET /navigating-londons-airports-a-guide-to-airport-taxis/ HTTP/1.1" 200 10834 "-" "Mozilla/5.0 (compatible; AhrefsBot/7.0; +http://ahrefs.com/robot/)"
101.46.5.49 - - [14/Apr/2025:19:54:16 -0400] "GET /the-art-and-ethics-of-high-quality-nude-photography/ HTTP/1.1" 200 10258 "https://garantishell.com/the-art-and-ethics-of-high-quality-nude-photography/#primary" "Mozilla/5.0 (Windows NT 10.0; Win64; x64) AppleWebKit/537.36 (KHTML, like Gecko) Chrome/107.0.0.0 Safari/537.36"
216.244.66.241 - - [14/Apr/2025:19:55:01 -0400] "GET /the-modern-cold-water-dispenser/ HTTP/1.1" 200 10209 "-" "Mozilla/5.0 (compatible; DotBot/1.2; +https://opensiteexplorer.org/dotbot; help@moz.com)"
212.34.155.126 - - [14/Apr/2025:19:55:53 -0400] "GET / HTTP/1.1" 200 9272 "-" "Mozilla/5.0 (Macintosh; Intel Mac OS X 10_15_7) AppleWebKit/537.36 (KHTML, like Gecko) Chrome/133.0.0.0 Safari/537.36"
212.34.155.126 - - [14/Apr/2025:19:55:54 -0400] "GET /comments/feed/ HTTP/1.1" 200 368 "-" "Mozilla/5.0 (Macintosh; Intel Mac OS X 10_15_7) AppleWebKit/537.36 (KHTML, like Gecko) Chrome/133.0.0.0 Safari/537.36"
212.34.155.126 - - [14/Apr/2025:19:55:54 -0400] "GET /category/shopping-product-reviews/ HTTP/1.1" 200 7841 "-" "Mozilla/5.0 (Macintosh; Intel Mac OS X 10_15_7) AppleWebKit/537.36 (KHTML, like Gecko) Chrome/133.0.0.0 Safari/537.36"
212.34.155.126 - - [14/Apr/2025:19:55:55 -0400] "GET /category/shopping-product-reviews/feed/ HTTP/1.1" 200 460 "-" "Mozilla/5.0 (Macintosh; Intel Mac OS X 10_15_7) AppleWebKit/537.36 (KHTML, like Gecko) Chrome/133.0.0.0 Safari/537.36"
212.34.155.126 - - [14/Apr/2025:19:55:56 -0400] "GET /category/technology/ HTTP/1.1" 200 8251 "-" "Mozilla/5.0 (Macintosh; Intel Mac OS X 10_15_7) AppleWebKit/537.36 (KHTML, like Gecko) Chrome/133.0.0.0 Safari/537.36"
212.34.155.126 - - [14/Apr/2025:19:55:56 -0400] "GET /category/technology/feed/ HTTP/1.1" 200 1764 "-" "Mozilla/5.0 (Macintosh; Intel Mac OS X 10_15_7) AppleWebKit/537.36 (KHTML, like Gecko) Chrome/133.0.0.0 Safari/537.36"
216.244.66.241 - - [14/Apr/2025:19:55:58 -0400] "GET /how-to-make-a-folder-on-mac/ HTTP/1.1" 200 11291 "-" "Mozilla/5.0 (compatible; DotBot/1.2; +https://opensiteexplorer.org/dotbot; help@moz.com)"
216.244.66.241 - - [14/Apr/2025:19:56:27 -0400] "GET /nusa-penidas-natural-wonders/ HTTP/1.1" 200 10391 "-" "Mozilla/5.0 (compatible; DotBot/1.2; +https://opensiteexplorer.org/dotbot; help@moz.com)"
51.222.253.18 - - [14/Apr/2025:19:56:34 -0400] "GET /exploring-micropayments/ HTTP/1.1" 200 10311 "-" "Mozilla/5.0 (compatible; AhrefsBot/7.0; +http://ahrefs.com/robot/)"
198.54.114.83 - - [14/Apr/2025:20:00:34 -0400] "POST /wp-cron.php?doing_wp_cron=1744675233.6071410179138183593750 HTTP/1.1" 200 0 "-" "WordPress/6.7.1; https://garantishell.com"
51.222.253.20 - - [14/Apr/2025:20:00:29 -0400] "GET /a-digital-revolution-in-gambling/ HTTP/1.1" 200 10174 "-" "Mozilla/5.0 (compatible; AhrefsBot/7.0; +http://ahrefs.com/robot/)"
198.54.114.83 - - [14/Apr/2025:20:00:35 -0400] "POST /wp-admin/admin-ajax.php?action=async_litespeed&nonce=5CGz01d877KhujwRbo2JoREXeIezXQpS&litespeed_type=imgoptm HTTP/1.1" 200 0 "-" "WordPress/6.7.1; https://garantishell.com"
51.222.253.16 - - [14/Apr/2025:20:04:13 -0400] "GET /maitriser-la-guitare-en-quelques-etapes/ HTTP/1.1" 200 10723 "-" "Mozilla/5.0 (compatible; AhrefsBot/7.0; +http://ahrefs.com/robot/)"
216.244.66.241 - - [14/Apr/2025:20:07:14 -0400] "GET /the-growing-trend-of-games-hire-in-the-modern-world/feed/ HTTP/1.1" 200 431 "-" "Mozilla/5.0 (compatible; DotBot/1.2; +https://opensiteexplorer.org/dotbot; help@moz.com)"
51.222.253.9 - - [14/Apr/2025:20:08:05 -0400] "GET /un-design-unique-pour-chaque-occasion/ HTTP/1.1" 200 10668 "-" "Mozilla/5.0 (compatible; AhrefsBot/7.0; +http://ahrefs.com/robot/)"
124.243.148.112 - - [14/Apr/2025:20:08:16 -0400] "GET /the-enchanting-world-of-rainbow-riches-games/ HTTP/1.1" 200 10275 "https://garantishell.com/the-enchanting-world-of-rainbow-riches-games/" "Mozilla/5.0 (Windows NT 10.0; Win64; x64) AppleWebKit/537.36 (KHTML, like Gecko) Chrome/101.0.4951.64 Safari/537.36 Edg/101.0.1210.47"
65.21.99.152 - - [14/Apr/2025:20:09:19 -0400] "GET /why-professional-home-inspection-services-are-essential/ HTTP/1.1" 200 10434 "-" "Mozilla/5.0 (X11; Linux i686) AppleWebKit/537.36 (KHTML, like Gecko) Chrome/114.0.0.0 Safari/537.36 Vivaldi/5.3.2679.68"
198.54.114.83 - - [14/Apr/2025:20:09:21 -0400] "POST /wp-cron.php?doing_wp_cron=1744675760.6559200286865234375000 HTTP/1.1" 200 0 "-" "WordPress/6.7.1; https://garantishell.com"
65.21.99.152 - - [14/Apr/2025:20:09:20 -0400] "POST /wp-comments-post.php HTTP/1.1" 302 0 "https://garantishell.com/why-professional-home-inspection-services-are-essential/" "Mozilla/5.0 (X11; Linux i686) AppleWebKit/537.36 (KHTML, like Gecko) Chrome/114.0.0.0 Safari/537.36 Vivaldi/5.3.2679.68"
198.54.114.83 - - [14/Apr/2025:20:09:22 -0400] "POST /wp-admin/admin-ajax.php?action=async_litespeed&nonce=lR1k1U9h2tEOOuzeobFil1OSKWPJ5fNO&litespeed_type=imgoptm HTTP/1.1" 200 5 "-" "WordPress/6.7.1; https://garantishell.com"
65.21.99.152 - - [14/Apr/2025:20:09:22 -0400] "GET /why-professional-home-inspection-services-are-essential/?unapproved=4257&moderation-hash=43da6a4bbc6b716432d7f84aefddb699 HTTP/1.1" 200 11241 "https://garantishell.com/wp-comments-post.php" "Mozilla/5.0 (X11; Linux i686) AppleWebKit/537.36 (KHTML, like Gecko) Chrome/114.0.0.0 Safari/537.36 Vivaldi/5.3.2679.68"
65.21.99.152 - - [14/Apr/2025:20:09:24 -0400] "GET /why-professional-home-inspection-services-are-essential/ HTTP/1.1" 200 10434 "-" "Mozilla/5.0 (X11; Linux i686) AppleWebKit/537.36 (KHTML, like Gecko) Chrome/114.0.0.0 Safari/537.36 Vivaldi/5.3.2679.68"
198.54.114.83 - - [14/Apr/2025:20:11:43 -0400] "POST /wp-cron.php?doing_wp_cron=1744675903.2367630004882812500000 HTTP/1.1" 200 0 "-" "WordPress/6.7.1; https://garantishell.com"
198.54.114.83 - - [14/Apr/2025:20:11:44 -0400] "POST /wp-admin/admin-ajax.php?action=async_litespeed&nonce=FN1FpzzCOIhWtGvzt7UmQDsygNq9Zaf7&litespeed_type=imgoptm HTTP/1.1" 200 5 "-" "WordPress/6.7.1; https://garantishell.com"
51.222.253.19 - - [14/Apr/2025:20:11:39 -0400] "GET /the-appeal-of-online-lottery-games/ HTTP/1.1" 200 10360 "-" "Mozilla/5.0 (compatible; AhrefsBot/7.0; +http://ahrefs.com/robot/)"
51.222.253.1 - - [14/Apr/2025:20:15:26 -0400] "GET /the-enchanting-world-of-rainbow-riches-games/ HTTP/1.1" 200 10275 "-" "Mozilla/5.0 (compatible; AhrefsBot/7.0; +http://ahrefs.com/robot/)"
185.191.171.1 - - [14/Apr/2025:20:17:13 -0400] "GET /robots.txt HTTP/1.1" 304 0 "-" "Mozilla/5.0 (compatible; SemrushBot/7~bl; +http://www.semrush.com/bot.html)"
185.191.171.4 - - [14/Apr/2025:20:17:15 -0400] "GET /author/admin/page/10/ HTTP/1.1" 200 9568 "-" "Mozilla/5.0 (compatible; SemrushBot/7~bl; +http://www.semrush.com/bot.html)"
198.54.114.83 - - [14/Apr/2025:20:19:05 -0400] "POST /wp-cron.php?doing_wp_cron=1744676343.8218688964843750000000 HTTP/1.1" 200 0 "-" "WordPress/6.7.1; https://garantishell.com"
216.244.66.241 - - [14/Apr/2025:20:18:58 -0400] "GET /author/admin/page/40/ HTTP/1.1" 200 9660 "-" "Mozilla/5.0 (compatible; DotBot/1.2; +https://opensiteexplorer.org/dotbot; help@moz.com)"
51.222.253.3 - - [14/Apr/2025:20:19:06 -0400] "GET /le-defi-du-recrutement-dans-la-restauration/ HTTP/1.1" 200 10556 "-" "Mozilla/5.0 (compatible; AhrefsBot/7.0; +http://ahrefs.com/robot/)"
2a01:4f8:171:395::2 - - [14/Apr/2025:20:19:51 -0400] "GET /wp-login.php HTTP/1.1" 200 1736 "-" "GRequests/0.10"
2a01:4f8:171:395::2 - - [14/Apr/2025:20:19:53 -0400] "POST /wp-login.php HTTP/1.1" 200 1867 "-" "GRequests/0.10"
122.8.185.45 - - [14/Apr/2025:20:22:14 -0400] "GET /a-smart-choice/ HTTP/1.1" 200 10168 "https://garantishell.com/a-smart-choice/" "Mozilla/5.0 (Windows NT 10.0; Win64; x64) AppleWebKit/537.36 (KHTML, like Gecko) Chrome/116.0.0.0 Safari/537.36"
198.54.114.83 - - [14/Apr/2025:20:22:48 -0400] "POST /wp-cron.php?doing_wp_cron=1744676567.4334850311279296875000 HTTP/1.1" 200 0 "-" "WordPress/6.7.1; https://garantishell.com"
51.222.253.4 - - [14/Apr/2025:20:22:43 -0400] "GET /revolutionizing-convenience-the-instant-hot-and-cold-water-tap/ HTTP/1.1" 200 10501 "-" "Mozilla/5.0 (compatible; AhrefsBot/7.0; +http://ahrefs.com/robot/)"
198.54.114.83 - - [14/Apr/2025:20:22:49 -0400] "POST /wp-admin/admin-ajax.php?action=async_litespeed&nonce=u9804Zr1khdYPuWdggoXsmm3zNHthlCm&litespeed_type=imgoptm HTTP/1.1" 200 0 "-" "WordPress/6.7.1; https://garantishell.com"
90.156.142.33 - - [14/Apr/2025:20:26:26 -0400] "GET /wp-login.php HTTP/1.1" 200 1736 "-" "GRequests/0.10"
198.54.114.83 - - [14/Apr/2025:20:26:31 -0400] "POST /wp-cron.php?doing_wp_cron=1744676790.5516378879547119140625 HTTP/1.1" 200 0 "-" "WordPress/6.7.1; https://garantishell.com"
90.156.142.33 - - [14/Apr/2025:20:26:27 -0400] "POST /wp-login.php HTTP/1.1" 200 1877 "-" "GRequests/0.10"
198.54.114.83 - - [14/Apr/2025:20:26:33 -0400] "POST /wp-admin/admin-ajax.php?action=async_litespeed&nonce=VIe8ZWgqDBlIzH0pyws4cZfsSCsp9KqI&litespeed_type=imgoptm HTTP/1.1" 200 0 "-" "WordPress/6.7.1; https://garantishell.com"
51.222.253.1 - - [14/Apr/2025:20:26:33 -0400] "GET /reliable-car-rental-services-in-udon/ HTTP/1.1" 200 10556 "-" "Mozilla/5.0 (compatible; AhrefsBot/7.0; +http://ahrefs.com/robot/)"
45.94.211.68 - - [14/Apr/2025:20:30:03 -0400] "GET /leading-the-way-in-high-quality-kitchen-appliances/ HTTP/1.1" 200 10715 "-" "Mozilla/5.0 (Windows NT 10.0; Win64; x64) AppleWebKit/537.36 (KHTML, like Gecko) Chrome/97.0.4692.71 Safari/537.36"
45.94.211.68 - - [14/Apr/2025:20:30:06 -0400] "GET /category/education/ HTTP/1.1" 200 8200 "-" "Mozilla/5.0 (Windows NT 10.0; Win64; x64) AppleWebKit/537.36 (KHTML, like Gecko) Chrome/97.0.4692.71 Safari/537.36"
198.54.114.83 - - [14/Apr/2025:20:30:17 -0400] "POST /wp-cron.php?doing_wp_cron=1744677016.2714200019836425781250 HTTP/1.1" 200 0 "-" "WordPress/6.7.1; https://garantishell.com"
51.222.253.12 - - [14/Apr/2025:20:30:09 -0400] "GET /gitarrenunterricht-dusseldorf/ HTTP/1.1" 200 9842 "-" "Mozilla/5.0 (compatible; AhrefsBot/7.0; +http://ahrefs.com/robot/)"
213.109.200.156 - - [14/Apr/2025:20:32:02 -0400] "GET /2025/01/ HTTP/1.1" 200 9631 "-" "Mozilla/5.0 (Windows NT 10.0; Win64; x64) AppleWebKit/537.36 (KHTML, like Gecko) Chrome/97.0.4692.71 Safari/537.36"
213.109.200.156 - - [14/Apr/2025:20:32:02 -0400] "GET /category/how-to/ HTTP/1.1" 200 8571 "-" "Mozilla/5.0 (Windows NT 10.0; Win64; x64) AppleWebKit/537.36 (KHTML, like Gecko) Chrome/97.0.4692.71 Safari/537.36"
213.109.200.156 - - [14/Apr/2025:20:32:03 -0400] "GET /category/media-music/ HTTP/1.1" 200 7820 "-" "Mozilla/5.0 (Windows NT 10.0; Win64; x64) AppleWebKit/537.36 (KHTML, like Gecko) Chrome/97.0.4692.71 Safari/537.36"
213.109.200.156 - - [14/Apr/2025:20:32:03 -0400] "GET /category/home-kitchen/ HTTP/1.1" 200 7828 "-" "Mozilla/5.0 (Windows NT 10.0; Win64; x64) AppleWebKit/537.36 (KHTML, like Gecko) Chrome/97.0.4692.71 Safari/537.36"
213.109.200.156 - - [14/Apr/2025:20:32:04 -0400] "GET /2023/09/ HTTP/1.1" 200 8515 "-" "Mozilla/5.0 (Windows NT 10.0; Win64; x64) AppleWebKit/537.36 (KHTML, like Gecko) Chrome/97.0.4692.71 Safari/537.36"
213.109.200.156 - - [14/Apr/2025:20:32:04 -0400] "GET /category/health-fitness/ HTTP/1.1" 200 9204 "-" "Mozilla/5.0 (Windows NT 10.0; Win64; x64) AppleWebKit/537.36 (KHTML, like Gecko) Chrome/97.0.4692.71 Safari/537.36"
213.109.200.156 - - [14/Apr/2025:20:32:04 -0400] "GET /category/beauty/ HTTP/1.1" 200 7820 "-" "Mozilla/5.0 (Windows NT 10.0; Win64; x64) AppleWebKit/537.36 (KHTML, like Gecko) Chrome/97.0.4692.71 Safari/537.36"
213.109.200.156 - - [14/Apr/2025:20:32:05 -0400] "GET /category/legal-law/ HTTP/1.1" 200 7816 "-" "Mozilla/5.0 (Windows NT 10.0; Win64; x64) AppleWebKit/537.36 (KHTML, like Gecko) Chrome/97.0.4692.71 Safari/537.36"
213.109.200.156 - - [14/Apr/2025:20:32:06 -0400] "GET /category/business/ HTTP/1.1" 200 8597 "-" "Mozilla/5.0 (Windows NT 10.0; Win64; x64) AppleWebKit/537.36 (KHTML, like Gecko) Chrome/97.0.4692.71 Safari/537.36"
213.109.200.156 - - [14/Apr/2025:20:32:07 -0400] "GET /category/sports/ HTTP/1.1" 200 7828 "-" "Mozilla/5.0 (Windows NT 10.0; Win64; x64) AppleWebKit/537.36 (KHTML, like Gecko) Chrome/97.0.4692.71 Safari/537.36"
213.109.200.156 - - [14/Apr/2025:20:32:08 -0400] "GET /category/general/ HTTP/1.1" 200 7807 "-" "Mozilla/5.0 (Windows NT 10.0; Win64; x64) AppleWebKit/537.36 (KHTML, like Gecko) Chrome/97.0.4692.71 Safari/537.36"
213.109.200.156 - - [14/Apr/2025:20:32:09 -0400] "GET /2024/10/ HTTP/1.1" 200 9334 "-" "Mozilla/5.0 (Windows NT 10.0; Win64; x64) AppleWebKit/537.36 (KHTML, like Gecko) Chrome/97.0.4692.71 Safari/537.36"
213.109.200.156 - - [14/Apr/2025:20:32:09 -0400] "GET /2023/12/ HTTP/1.1" 200 9045 "-" "Mozilla/5.0 (Windows NT 10.0; Win64; x64) AppleWebKit/537.36 (KHTML, like Gecko) Chrome/97.0.4692.71 Safari/537.36"
213.109.200.156 - - [14/Apr/2025:20:32:10 -0400] "GET /2024/08/ HTTP/1.1" 200 9459 "-" "Mozilla/5.0 (Windows NT 10.0; Win64; x64) AppleWebKit/537.36 (KHTML, like Gecko) Chrome/97.0.4692.71 Safari/537.36"
213.109.200.156 - - [14/Apr/2025:20:32:10 -0400] "GET /category/travel-tours/ HTTP/1.1" 200 7824 "-" "Mozilla/5.0 (Windows NT 10.0; Win64; x64) AppleWebKit/537.36 (KHTML, like Gecko) Chrome/97.0.4692.71 Safari/537.36"
213.109.200.156 - - [14/Apr/2025:20:32:11 -0400] "GET /category/family-relationship/ HTTP/1.1" 200 7834 "-" "Mozilla/5.0 (Windows NT 10.0; Win64; x64) AppleWebKit/537.36 (KHTML, like Gecko) Chrome/97.0.4692.71 Safari/537.36"
213.109.200.156 - - [14/Apr/2025:20:32:12 -0400] "GET /author/admin/ HTTP/1.1" 200 9385 "-" "Mozilla/5.0 (Windows NT 10.0; Win64; x64) AppleWebKit/537.36 (KHTML, like Gecko) Chrome/97.0.4692.71 Safari/537.36"
198.54.114.83 - - [14/Apr/2025:20:33:56 -0400] "POST /wp-cron.php?doing_wp_cron=1744677236.1190769672393798828125 HTTP/1.1" 200 0 "-" "WordPress/6.7.1; https://garantishell.com"
51.222.253.3 - - [14/Apr/2025:20:33:51 -0400] "GET /page/21/ HTTP/1.1" 200 9549 "-" "Mozilla/5.0 (compatible; AhrefsBot/7.0; +http://ahrefs.com/robot/)"
198.54.114.83 - - [14/Apr/2025:20:33:57 -0400] "POST /wp-admin/admin-ajax.php?action=async_litespeed&nonce=uYKmUgmgziSKyXUh8ZuiR8bB3AAsE3L6&litespeed_type=imgoptm HTTP/1.1" 200 0 "-" "WordPress/6.7.1; https://garantishell.com"
198.54.114.83 - - [14/Apr/2025:20:36:18 -0400] "POST /wp-cron.php?doing_wp_cron=1744677378.3494369983673095703125 HTTP/1.1" 200 0 "-" "WordPress/6.7.1; https://garantishell.com"
198.54.114.83 - - [14/Apr/2025:20:36:19 -0400] "POST /wp-admin/admin-ajax.php?action=async_litespeed&nonce=PGHrGytfgBxuVTAR4LsrBiduATgGzOgp&litespeed_type=imgoptm HTTP/1.1" 200 0 "-" "WordPress/6.7.1; https://garantishell.com"
159.138.102.79 - - [14/Apr/2025:20:36:14 -0400] "GET /the-power-of-sound-healing-to-restore-balance/ HTTP/1.1" 200 10419 "https://garantishell.com/the-power-of-sound-healing-to-restore-balance/" "Mozilla/5.0 (Macintosh; Intel Mac OS X 10_15_7) AppleWebKit/537.36 (KHTML, like Gecko) Chrome/120.0.0.0 Safari/537.36"
198.54.114.83 - - [14/Apr/2025:20:37:27 -0400] "POST /wp-cron.php?doing_wp_cron=1744677446.8554279804229736328125 HTTP/1.1" 200 0 "-" "WordPress/6.7.1; https://garantishell.com"
51.222.253.8 - - [14/Apr/2025:20:37:26 -0400] "GET /category/arts-entertainments/page/88/ HTTP/1.1" 200 9735 "-" "Mozilla/5.0 (compatible; AhrefsBot/7.0; +http://ahrefs.com/robot/)"
198.54.114.83 - - [14/Apr/2025:20:37:28 -0400] "POST /wp-admin/admin-ajax.php?action=async_litespeed&nonce=vzimriCR6gUctmTqEaAt7PcKlNS9e4Bd&litespeed_type=imgoptm HTTP/1.1" 200 0 "-" "WordPress/6.7.1; https://garantishell.com"
185.191.171.9 - - [14/Apr/2025:20:39:01 -0400] "GET /author/admin/page/40/ HTTP/1.1" 200 9660 "-" "Mozilla/5.0 (compatible; SemrushBot/7~bl; +http://www.semrush.com/bot.html)"
185.199.103.111 - - [14/Apr/2025:20:39:39 -0400] "GET /category/home-improvement/ HTTP/1.1" 200 7820 "-" "Mozilla/5.0 (Windows NT 10.0; Win64; x64) AppleWebKit/537.36 (KHTML, like Gecko) Chrome/97.0.4692.71 Safari/537.36"
185.199.103.111 - - [14/Apr/2025:20:39:39 -0400] "GET /category/digital-marketing/ HTTP/1.1" 200 7819 "-" "Mozilla/5.0 (Windows NT 10.0; Win64; x64) AppleWebKit/537.36 (KHTML, like Gecko) Chrome/97.0.4692.71 Safari/537.36"
185.199.103.111 - - [14/Apr/2025:20:39:40 -0400] "GET /moving-van/ HTTP/1.1" 200 9826 "-" "Mozilla/5.0 (Windows NT 10.0; Win64; x64) AppleWebKit/537.36 (KHTML, like Gecko) Chrome/97.0.4692.71 Safari/537.36"
198.54.114.83 - - [14/Apr/2025:20:41:08 -0400] "POST /wp-cron.php?doing_wp_cron=1744677667.6946079730987548828125 HTTP/1.1" 200 0 "-" "WordPress/6.7.1; https://garantishell.com"
51.222.253.7 - - [14/Apr/2025:20:41:03 -0400] "GET /a-diverse-cast-of-heroes/ HTTP/1.1" 200 10413 "-" "Mozilla/5.0 (compatible; AhrefsBot/7.0; +http://ahrefs.com/robot/)"
198.54.114.83 - - [14/Apr/2025:20:41:09 -0400] "POST /wp-admin/admin-ajax.php?action=async_litespeed&nonce=HnXKJJyxIvQCpMeCYVteABpK2w0lkVGt&litespeed_type=imgoptm HTTP/1.1" 200 0 "-" "WordPress/6.7.1; https://garantishell.com"
149.34.252.49 - - [14/Apr/2025:20:41:55 -0400] "GET /category/stock-trading/ HTTP/1.1" 200 7824 "-" "Mozilla/5.0 (Windows NT 10.0; Win64; x64) AppleWebKit/537.36 (KHTML, like Gecko) Chrome/97.0.4692.71 Safari/537.36"
149.34.252.49 - - [14/Apr/2025:20:41:56 -0400] "GET /gitarre-spielen-lernen-2/ HTTP/1.1" 200 10945 "-" "Mozilla/5.0 (Windows NT 10.0; Win64; x64) AppleWebKit/537.36 (KHTML, like Gecko) Chrome/97.0.4692.71 Safari/537.36"
149.34.252.49 - - [14/Apr/2025:20:41:56 -0400] "GET /category/technology/ HTTP/1.1" 200 8251 "-" "Mozilla/5.0 (Windows NT 10.0; Win64; x64) AppleWebKit/537.36 (KHTML, like Gecko) Chrome/97.0.4692.71 Safari/537.36"
149.34.252.49 - - [14/Apr/2025:20:41:57 -0400] "GET /category/bitcoin/ HTTP/1.1" 200 7808 "-" "Mozilla/5.0 (Windows NT 10.0; Win64; x64) AppleWebKit/537.36 (KHTML, like Gecko) Chrome/97.0.4692.71 Safari/537.36"
198.54.114.83 - - [14/Apr/2025:20:43:21 -0400] "POST /wp-cron.php?doing_wp_cron=1744677800.5083050727844238281250 HTTP/1.1" 200 0 "-" "WordPress/6.7.1; https://garantishell.com"
196.251.80.216 - - [14/Apr/2025:20:43:17 -0400] "GET /wp-content/plugins/WordPressCore/include.php HTTP/1.1" 404 6868 "-" "Mozlila/5.0 (Linux; Android 7.0; SM-G892A Bulid/NRD90M; wv) AppleWebKit/537.36 (KHTML, like Gecko) Version/4.0 Chrome/60.0.3112.107 Moblie Safari/537.36"
198.54.114.83 - - [14/Apr/2025:20:43:22 -0400] "POST /wp-admin/admin-ajax.php?action=async_litespeed&nonce=nZsG5drNSYiickJNevBweiziFrBdN6Bs&litespeed_type=imgoptm HTTP/1.1" 200 0 "-" "WordPress/6.7.1; https://garantishell.com"
196.251.80.216 - - [14/Apr/2025:20:43:22 -0400] "GET /wp-content/plugins/WordPressCore/include.php HTTP/1.1" 404 6868 "-" "Mozlila/5.0 (Linux; Android 7.0; SM-G892A Bulid/NRD90M; wv) AppleWebKit/537.36 (KHTML, like Gecko) Version/4.0 Chrome/60.0.3112.107 Moblie Safari/537.36"
181.214.226.194 - - [14/Apr/2025:20:43:46 -0400] "GET /2021/07/ HTTP/1.1" 200 8124 "-" "Mozilla/5.0 (Windows NT 10.0; Win64; x64) AppleWebKit/537.36 (KHTML, like Gecko) Chrome/97.0.4692.71 Safari/537.36"
181.214.226.194 - - [14/Apr/2025:20:43:47 -0400] "GET /category/arts-entertainments/ HTTP/1.1" 200 9405 "-" "Mozilla/5.0 (Windows NT 10.0; Win64; x64) AppleWebKit/537.36 (KHTML, like Gecko) Chrome/97.0.4692.71 Safari/537.36"
149.88.25.196 - - [14/Apr/2025:20:43:52 -0400] "GET /2024/01/ HTTP/1.1" 200 9646 "-" "Mozilla/5.0 (Windows NT 10.0; Win64; x64) AppleWebKit/537.36 (KHTML, like Gecko) Chrome/97.0.4692.71 Safari/537.36"
185.199.103.111 - - [14/Apr/2025:20:44:41 -0400] "GET /2024/06/ HTTP/1.1" 200 9663 "-" "Mozilla/5.0 (Windows NT 10.0; Win64; x64) AppleWebKit/537.36 (KHTML, like Gecko) Chrome/97.0.4692.71 Safari/537.36"
185.199.103.111 - - [14/Apr/2025:20:44:41 -0400] "GET /category/automotive/ HTTP/1.1" 200 7826 "-" "Mozilla/5.0 (Windows NT 10.0; Win64; x64) AppleWebKit/537.36 (KHTML, like Gecko) Chrome/97.0.4692.71 Safari/537.36"
185.199.103.111 - - [14/Apr/2025:20:44:42 -0400] "GET / HTTP/1.1" 200 9272 "-" "Mozilla/5.0 (Windows NT 10.0; Win64; x64) AppleWebKit/537.36 (KHTML, like Gecko) Chrome/97.0.4692.71 Safari/537.36"
185.199.103.111 - - [14/Apr/2025:20:44:42 -0400] "GET /2024/12/ HTTP/1.1" 200 9319 "-" "Mozilla/5.0 (Windows NT 10.0; Win64; x64) AppleWebKit/537.36 (KHTML, like Gecko) Chrome/97.0.4692.71 Safari/537.36"
185.199.103.111 - - [14/Apr/2025:20:44:42 -0400] "GET /gitarre-spielen-lernen-ein-spannender-weg-zur-musikalischen-freiheit/ HTTP/1.1" 200 10807 "-" "Mozilla/5.0 (Windows NT 10.0; Win64; x64) AppleWebKit/537.36 (KHTML, like Gecko) Chrome/97.0.4692.71 Safari/537.36"
185.199.103.111 - - [14/Apr/2025:20:44:43 -0400] "GET /lunivers-captivant-de-skyblock-minecraft/ HTTP/1.1" 200 10530 "-" "Mozilla/5.0 (Windows NT 10.0; Win64; x64) AppleWebKit/537.36 (KHTML, like Gecko) Chrome/97.0.4692.71 Safari/537.36"
185.199.103.111 - - [14/Apr/2025:20:44:43 -0400] "GET /2024/11/ HTTP/1.1" 200 9322 "-" "Mozilla/5.0 (Windows NT 10.0; Win64; x64) AppleWebKit/537.36 (KHTML, like Gecko) Chrome/97.0.4692.71 Safari/537.36"
185.199.103.111 - - [14/Apr/2025:20:44:43 -0400] "GET /2024/09/ HTTP/1.1" 200 9500 "-" "Mozilla/5.0 (Windows NT 10.0; Win64; x64) AppleWebKit/537.36 (KHTML, like Gecko) Chrome/97.0.4692.71 Safari/537.36"
185.199.103.111 - - [14/Apr/2025:20:44:44 -0400] "GET /category/food-dring/ HTTP/1.1" 200 7823 "-" "Mozilla/5.0 (Windows NT 10.0; Win64; x64) AppleWebKit/537.36 (KHTML, like Gecko) Chrome/97.0.4692.71 Safari/537.36"
185.199.103.111 - - [14/Apr/2025:20:44:44 -0400] "GET /category/pets/ HTTP/1.1" 200 7806 "-" "Mozilla/5.0 (Windows NT 10.0; Win64; x64) AppleWebKit/537.36 (KHTML, like Gecko) Chrome/97.0.4692.71 Safari/537.36"
185.199.103.111 - - [14/Apr/2025:20:44:45 -0400] "GET /2021/06/ HTTP/1.1" 200 8151 "-" "Mozilla/5.0 (Windows NT 10.0; Win64; x64) AppleWebKit/537.36 (KHTML, like Gecko) Chrome/97.0.4692.71 Safari/537.36"
51.222.253.9 - - [14/Apr/2025:20:44:58 -0400] "GET /craftsmanship-meets-innovation/ HTTP/1.1" 200 10250 "-" "Mozilla/5.0 (compatible; AhrefsBot/7.0; +http://ahrefs.com/robot/)"
181.214.226.194 - - [14/Apr/2025:20:45:57 -0400] "GET /mastering-sms-marketing-for-success/ HTTP/1.1" 200 10846 "-" "Mozilla/5.0 (Windows NT 10.0; Win64; x64) AppleWebKit/537.36 (KHTML, like Gecko) Chrome/97.0.4692.71 Safari/537.36"
181.214.226.194 - - [14/Apr/2025:20:45:57 -0400] "GET /category/real-estate/ HTTP/1.1" 200 7839 "-" "Mozilla/5.0 (Windows NT 10.0; Win64; x64) AppleWebKit/537.36 (KHTML, like Gecko) Chrome/97.0.4692.71 Safari/537.36"
181.214.226.194 - - [14/Apr/2025:20:45:57 -0400] "GET /2024/03/ HTTP/1.1" 200 9303 "-" "Mozilla/5.0 (Windows NT 10.0; Win64; x64) AppleWebKit/537.36 (KHTML, like Gecko) Chrome/97.0.4692.71 Safari/537.36"
181.214.226.194 - - [14/Apr/2025:20:45:58 -0400] "GET /page/2/ HTTP/1.1" 200 10198 "-" "Mozilla/5.0 (Windows NT 10.0; Win64; x64) AppleWebKit/537.36 (KHTML, like Gecko) Chrome/97.0.4692.71 Safari/537.36"
149.88.25.196 - - [14/Apr/2025:20:45:58 -0400] "GET /2024/07/ HTTP/1.1" 200 9530 "-" "Mozilla/5.0 (Windows NT 10.0; Win64; x64) AppleWebKit/537.36 (KHTML, like Gecko) Chrome/97.0.4692.71 Safari/537.36"
149.88.25.196 - - [14/Apr/2025:20:46:08 -0400] "GET /category/gaming/ HTTP/1.1" 200 8218 "-" "Mozilla/5.0 (Windows NT 10.0; Win64; x64) AppleWebKit/537.36 (KHTML, like Gecko) Chrome/97.0.4692.71 Safari/537.36"
149.88.25.196 - - [14/Apr/2025:20:46:09 -0400] "GET /category/lifestyle-fashion/ HTTP/1.1" 200 7814 "-" "Mozilla/5.0 (Windows NT 10.0; Win64; x64) AppleWebKit/537.36 (KHTML, like Gecko) Chrome/97.0.4692.71 Safari/537.36"
149.88.25.196 - - [14/Apr/2025:20:46:09 -0400] "GET /2023/11/ HTTP/1.1" 200 8654 "-" "Mozilla/5.0 (Windows NT 10.0; Win64; x64) AppleWebKit/537.36 (KHTML, like Gecko) Chrome/97.0.4692.71 Safari/537.36"
149.88.25.196 - - [14/Apr/2025:20:46:10 -0400] "GET /2024/05/ HTTP/1.1" 200 9604 "-" "Mozilla/5.0 (Windows NT 10.0; Win64; x64) AppleWebKit/537.36 (KHTML, like Gecko) Chrome/97.0.4692.71 Safari/537.36"
149.88.25.196 - - [14/Apr/2025:20:46:10 -0400] "GET /category/shopping-product-reviews/ HTTP/1.1" 200 7841 "-" "Mozilla/5.0 (Windows NT 10.0; Win64; x64) AppleWebKit/537.36 (KHTML, like Gecko) Chrome/97.0.4692.71 Safari/537.36"
149.88.25.196 - - [14/Apr/2025:20:46:10 -0400] "GET /aventure-musicale-a-la-guitare/ HTTP/1.1" 200 10563 "-" "Mozilla/5.0 (Windows NT 10.0; Win64; x64) AppleWebKit/537.36 (KHTML, like Gecko) Chrome/97.0.4692.71 Safari/537.36"
165.227.84.75 - - [14/Apr/2025:20:46:36 -0400] "GET /wp-login.php HTTP/1.1" 200 1736 "-" "GRequests/0.10"
