66.249.66.42 - - [16/Apr/2025:00:42:13 -0400] "GET /instant-hot-water-system/ HTTP/1.1" 200 9932 "-" "Mozilla/5.0 (Linux; Android 6.0.1; Nexus 5X Build/MMB29P) AppleWebKit/537.36 (KHTML, like Gecko) Chrome/135.0.7049.84 Mobile Safari/537.36 (compatible; Googlebot/2.1; +http://www.google.com/bot.html)"
66.249.66.41 - - [16/Apr/2025:00:42:17 -0400] "GET /aventure-musicale-a-la-guitare/feed/ HTTP/1.1" 200 389 "-" "Mozilla/5.0 (Linux; Android 6.0.1; Nexus 5X Build/MMB29P) AppleWebKit/537.36 (KHTML, like Gecko) Chrome/135.0.7049.84 Mobile Safari/537.36 (compatible; Googlebot/2.1; +http://www.google.com/bot.html)"
93.123.109.7 - - [16/Apr/2025:00:42:53 -0400] "GET /.git/config HTTP/1.1" 403 1242 "-" "NokiaN70-1/5.0609.2.0.1 Series60/2.8 Profile/MIDP-2.0 Configuration/CLDC-1.1 UP.Link/6.3.1.13.0"
93.123.109.7 - - [16/Apr/2025:00:42:53 -0400] "GET /.git/config HTTP/1.1" 403 1242 "-" "Mozilla/5.0 (compatible; MSIE 10.0; Windows NT 6.1; WOW64; Trident/6.0)"
198.54.114.83 - - [16/Apr/2025:00:43:20 -0400] "POST /wp-cron.php?doing_wp_cron=1744778599.5942540168762207031250 HTTP/1.1" 200 0 "-" "WordPress/6.8; https://garantishell.com"
208.107.66.243 - - [16/Apr/2025:00:43:19 -0400] "POST /wp-login.php HTTP/1.1" 200 1858 "https://garantishell.com" "Mozilla/5.0 (Macintosh; Intel Mac OS X 10_15_7; rv:127.0) Gecko/20100101 Firefox/127.0"
198.54.114.83 - - [16/Apr/2025:00:43:22 -0400] "POST /wp-admin/admin-ajax.php?action=async_litespeed&nonce=L4EkNmkkdXGxJjX7XkWU70n0fHsBxjPr&litespeed_type=imgoptm HTTP/1.1" 200 0 "-" "WordPress/6.8; https://garantishell.com"
51.222.253.11 - - [16/Apr/2025:00:44:39 -0400] "GET /the-rise-of-weed-pens-in-modern-consumption/ HTTP/1.1" 200 10821 "-" "Mozilla/5.0 (compatible; AhrefsBot/7.0; +http://ahrefs.com/robot/)"
40.84.221.225 - - [16/Apr/2025:00:46:50 -0400] "GET / HTTP/1.1" 200 9272 "-" "Mozilla/5.0 AppleWebKit/537.36 (KHTML, like Gecko); compatible; ChatGPT-User/1.0; +https://openai.com/bot"
40.84.221.228 - - [16/Apr/2025:00:46:51 -0400] "GET /the-ultimate-guide-to-retro-bowl-and-its-exciting-gameplay/ HTTP/1.1" 200 0 "-" "Mozilla/5.0 AppleWebKit/537.36 (KHTML, like Gecko); compatible; ChatGPT-User/1.0; +https://openai.com/bot"
198.54.114.83 - - [16/Apr/2025:00:46:57 -0400] "POST /wp-cron.php?doing_wp_cron=1744778816.7101919651031494140625 HTTP/1.1" 200 0 "-" "WordPress/6.8; https://garantishell.com"
51.222.253.8 - - [16/Apr/2025:00:47:51 -0400] "GET /understanding-mortgages-a-key-to-homeownership/ HTTP/1.1" 200 10586 "-" "Mozilla/5.0 (compatible; AhrefsBot/7.0; +http://ahrefs.com/robot/)"
27.42.99.212 - - [16/Apr/2025:00:50:09 -0400] "GET /why-professional-home-inspection-services-are-essential/ HTTP/1.1" 200 10425 "-" "Mozilla/5.0 (Windows NT 6.1; WOW64) AppleWebKit/537.36 (KHTML, like Gecko) Chrome/34.0.1847.131 Safari/537.36"
51.222.253.6 - - [16/Apr/2025:00:50:19 -0400] "GET /unveiling-the-secrets-buy-youtube-views-cheap-and-watch-your-channel-soar/ HTTP/1.1" 200 10895 "-" "Mozilla/5.0 (compatible; AhrefsBot/7.0; +http://ahrefs.com/robot/)"
198.54.114.83 - - [16/Apr/2025:00:52:50 -0400] "POST /wp-cron.php?doing_wp_cron=1744779170.0291049480438232421875 HTTP/1.1" 200 0 "-" "WordPress/6.8; https://garantishell.com"
101.44.187.3 - - [16/Apr/2025:00:52:44 -0400] "GET /prioritizing-your-eye-health/ HTTP/1.1" 200 11146 "https://garantishell.com/prioritizing-your-eye-health/" "Mozilla/5.0 (Macintosh; Intel Mac OS X 10_15_7) AppleWebKit/537.36 (KHTML, like Gecko) Chrome/131.0.0.0 Safari/537.36"
198.54.114.83 - - [16/Apr/2025:00:52:52 -0400] "POST /wp-admin/admin-ajax.php?action=async_litespeed&nonce=gq5A0xwYrmMCsC63ONjlQ7oTJpPeF3gJ&litespeed_type=imgoptm HTTP/1.1" 200 0 "-" "WordPress/6.8; https://garantishell.com"
51.222.253.7 - - [16/Apr/2025:00:53:01 -0400] "GET /unraveling-the-digital-obsession-decoding-youtube-views-instagram-followers-and-instagram-likes/ HTTP/1.1" 200 10766 "-" "Mozilla/5.0 (compatible; AhrefsBot/7.0; +http://ahrefs.com/robot/)"
66.249.66.42 - - [16/Apr/2025:00:54:07 -0400] "GET /loslassen-als-schlussel-zu-innerer-freiheit/ HTTP/1.1" 200 10471 "-" "Mozilla/5.0 (Linux; Android 6.0.1; Nexus 5X Build/MMB29P) AppleWebKit/537.36 (KHTML, like Gecko) Chrome/135.0.7049.84 Mobile Safari/537.36 (compatible; Googlebot/2.1; +http://www.google.com/bot.html)"
165.227.84.75 - - [16/Apr/2025:00:54:46 -0400] "GET /wp-login.php HTTP/1.1" 200 1735 "-" "GRequests/0.10"
198.54.114.83 - - [16/Apr/2025:00:54:52 -0400] "POST /wp-cron.php?doing_wp_cron=1744779291.4244499206542968750000 HTTP/1.1" 200 0 "-" "WordPress/6.8; https://garantishell.com"
165.227.84.75 - - [16/Apr/2025:00:54:46 -0400] "POST /wp-login.php HTTP/1.1" 200 1869 "-" "GRequests/0.10"
198.54.114.83 - - [16/Apr/2025:00:54:53 -0400] "POST /wp-admin/admin-ajax.php?action=async_litespeed&nonce=WqyWidUK5dSeXtaiyllU8AdxW8F8Ma4N&litespeed_type=imgoptm HTTP/1.1" 200 0 "-" "WordPress/6.8; https://garantishell.com"
51.222.253.18 - - [16/Apr/2025:00:55:52 -0400] "GET /the-world-of-funny-socks/ HTTP/1.1" 200 10980 "-" "Mozilla/5.0 (compatible; AhrefsBot/7.0; +http://ahrefs.com/robot/)"
198.54.114.83 - - [16/Apr/2025:00:56:32 -0400] "POST /wp-cron.php?doing_wp_cron=1744779392.0327250957489013671875 HTTP/1.1" 200 0 "-" "WordPress/6.8; https://garantishell.com"
142.44.191.239 - - [16/Apr/2025:00:56:27 -0400] "POST /wp-login.php HTTP/1.1" 200 1858 "https://garantishell.com" "Mozilla/5.0 (Macintosh; Intel Mac OS X 10_15_7) AppleWebKit/537.36 (KHTML, like Gecko) Chrome/113.0.5672.93 Safari/537.36"
198.54.114.83 - - [16/Apr/2025:00:56:34 -0400] "POST /wp-admin/admin-ajax.php?action=async_litespeed&nonce=HWHVCb7gxjsJ7H2i7YACf2E7KwGKEqS5&litespeed_type=imgoptm HTTP/1.1" 200 0 "-" "WordPress/6.8; https://garantishell.com"
40.84.221.239 - - [16/Apr/2025:00:56:35 -0400] "GET /the-ultimate-guide-to-retro-bowl-and-its-exciting-gameplay/ HTTP/1.1" 200 11076 "-" "Mozilla/5.0 AppleWebKit/537.36 (KHTML, like Gecko); compatible; ChatGPT-User/1.0; +https://openai.com/bot"
66.249.66.43 - - [16/Apr/2025:00:58:55 -0400] "GET /the-art-of-bento-a-culinary-delight-in-a-box/ HTTP/1.1" 200 10494 "-" "Mozilla/5.0 (Linux; Android 6.0.1; Nexus 5X Build/MMB29P) AppleWebKit/537.36 (KHTML, like Gecko) Chrome/135.0.7049.84 Mobile Safari/537.36 (compatible; GoogleOther)"
220.93.109.111 - - [16/Apr/2025:00:59:04 -0400] "GET /why-professional-home-inspection-services-are-essential/ HTTP/1.1" 200 10425 "-" "Mozilla/5.0 (Macintosh; Intel Mac OS X 12_5) AppleWebKit/605.1.15 (KHTML, like Gecko) Version/15.4 Safari/605.1.15"
162.243.72.223 - - [16/Apr/2025:00:59:21 -0400] "GET /wp-login.php HTTP/1.1" 200 1735 "-" "GRequests/0.10"
198.54.114.83 - - [16/Apr/2025:00:59:27 -0400] "POST /wp-cron.php?doing_wp_cron=1744779566.5371580123901367187500 HTTP/1.1" 200 0 "-" "WordPress/6.8; https://garantishell.com"
162.243.72.223 - - [16/Apr/2025:00:59:22 -0400] "POST /wp-login.php HTTP/1.1" 200 1862 "-" "GRequests/0.10"
198.54.114.83 - - [16/Apr/2025:00:59:28 -0400] "POST /wp-admin/admin-ajax.php?action=async_litespeed&nonce=P8EQqujIMaja5t89wY8qEuoRJZTTzk5y&litespeed_type=imgoptm HTTP/1.1" 200 0 "-" "WordPress/6.8; https://garantishell.com"
165.154.226.16 - - [16/Apr/2025:00:59:53 -0400] "GET / HTTP/1.1" 200 9272 "-" "Embarcadero URI Client/1.0"
51.75.126.150 - - [16/Apr/2025:01:00:16 -0400] "GET /why-professional-home-inspection-services-are-essential/ HTTP/1.1" 200 10425 "-" "Mozilla/5.0 (X11; Linux i686) AppleWebKit/537.36 (KHTML, like Gecko) Chrome/114.0.0.0 Safari/537.36 Vivaldi/5.3.2679.68"
107.178.110.130 - - [16/Apr/2025:01:00:30 -0400] "GET /why-professional-home-inspection-services-are-essential/ HTTP/1.1" 200 10425 "http://garantishell.com/why-professional-home-inspection-services-are-essential/" "Mozilla/5.0 (Macintosh; Intel Mac OS X 12_5) AppleWebKit/605.1.15 (KHTML, like Gecko) Version/15.4 Safari/605.1.15"
216.244.66.241 - - [16/Apr/2025:01:02:23 -0400] "GET /robots.txt HTTP/1.1" 304 0 "-" "Mozilla/5.0 (compatible; DotBot/1.2; +https://opensiteexplorer.org/dotbot; help@moz.com)"
103.11.103.186 - - [16/Apr/2025:01:03:00 -0400] "GET /wp-login.php HTTP/1.1" 200 1735 "-" "GRequests/0.10"
198.54.114.83 - - [16/Apr/2025:01:03:07 -0400] "POST /wp-cron.php?doing_wp_cron=1744779786.6171250343322753906250 HTTP/1.1" 200 0 "-" "WordPress/6.8; https://garantishell.com"
103.11.103.186 - - [16/Apr/2025:01:03:02 -0400] "POST /wp-login.php HTTP/1.1" 200 1869 "-" "GRequests/0.10"
198.54.114.83 - - [16/Apr/2025:01:03:08 -0400] "POST /wp-admin/admin-ajax.php?action=async_litespeed&nonce=U5PdKwbQ2ovuICEQMuBZHqFmoSL0ITaf&litespeed_type=imgoptm HTTP/1.1" 200 0 "-" "WordPress/6.8; https://garantishell.com"
124.243.179.70 - - [16/Apr/2025:01:04:25 -0400] "GET /instant-water-at-your-fingertips/ HTTP/1.1" 200 10371 "https://garantishell.com/instant-water-at-your-fingertips/" "Mozilla/5.0 (Macintosh; Intel Mac OS X 10_15_7) AppleWebKit/537.36 (KHTML, like Gecko) Chrome/119.0.0.0 Safari/537.36"
216.244.66.241 - - [16/Apr/2025:01:07:38 -0400] "GET /umzugsunternehmen-hamburg/ HTTP/1.1" 200 9808 "-" "Mozilla/5.0 (compatible; DotBot/1.2; +https://opensiteexplorer.org/dotbot; help@moz.com)"
198.54.114.83 - - [16/Apr/2025:01:09:18 -0400] "POST /wp-cron.php?doing_wp_cron=1744780157.2094869613647460937500 HTTP/1.1" 200 0 "-" "WordPress/6.8; https://garantishell.com"
89.144.145.213 - - [16/Apr/2025:01:09:12 -0400] "POST /wp-login.php HTTP/1.1" 200 1858 "https://garantishell.com" "Mozilla/5.0 (Macintosh; Intel Mac OS X 10_15_7) AppleWebKit/537.36 (KHTML, like Gecko) Chrome/113.0.5672.93 Safari/537.36"
128.199.215.55 - - [16/Apr/2025:01:09:37 -0400] "GET //wp-includes/ID3/license.txt HTTP/1.1" 200 414 "-" "Mozilla/5.0 (Windows NT 10.0; Win64; x64) AppleWebKit/537.36 (KHTML, like Gecko) Chrome/95.0.4638.69 Safari/537.36"
128.199.215.55 - - [16/Apr/2025:01:09:38 -0400] "GET //feed/ HTTP/1.1" 301 0 "-" "Mozilla/5.0 (Windows NT 10.0; Win64; x64) AppleWebKit/537.36 (KHTML, like Gecko) Chrome/95.0.4638.69 Safari/537.36"
128.199.215.55 - - [16/Apr/2025:01:09:42 -0400] "GET //blog/wp-includes/wlwmanifest.xml HTTP/1.1" 301 0 "-" "Mozilla/5.0 (Windows NT 10.0; Win64; x64) AppleWebKit/537.36 (KHTML, like Gecko) Chrome/95.0.4638.69 Safari/537.36"
128.199.215.55 - - [16/Apr/2025:01:09:43 -0400] "GET //web/wp-includes/wlwmanifest.xml HTTP/1.1" 301 0 "-" "Mozilla/5.0 (Windows NT 10.0; Win64; x64) AppleWebKit/537.36 (KHTML, like Gecko) Chrome/95.0.4638.69 Safari/537.36"
128.199.215.55 - - [16/Apr/2025:01:09:45 -0400] "GET //wordpress/wp-includes/wlwmanifest.xml HTTP/1.1" 301 0 "-" "Mozilla/5.0 (Windows NT 10.0; Win64; x64) AppleWebKit/537.36 (KHTML, like Gecko) Chrome/95.0.4638.69 Safari/537.36"
128.199.215.55 - - [16/Apr/2025:01:09:47 -0400] "GET //wp/wp-includes/wlwmanifest.xml HTTP/1.1" 301 0 "-" "Mozilla/5.0 (Windows NT 10.0; Win64; x64) AppleWebKit/537.36 (KHTML, like Gecko) Chrome/95.0.4638.69 Safari/537.36"
128.199.215.55 - - [16/Apr/2025:01:09:48 -0400] "GET //2020/wp-includes/wlwmanifest.xml HTTP/1.1" 301 0 "-" "Mozilla/5.0 (Windows NT 10.0; Win64; x64) AppleWebKit/537.36 (KHTML, like Gecko) Chrome/95.0.4638.69 Safari/537.36"
128.199.215.55 - - [16/Apr/2025:01:09:50 -0400] "GET //2019/wp-includes/wlwmanifest.xml HTTP/1.1" 301 0 "-" "Mozilla/5.0 (Windows NT 10.0; Win64; x64) AppleWebKit/537.36 (KHTML, like Gecko) Chrome/95.0.4638.69 Safari/537.36"
128.199.215.55 - - [16/Apr/2025:01:09:52 -0400] "GET //2021/wp-includes/wlwmanifest.xml HTTP/1.1" 301 0 "-" "Mozilla/5.0 (Windows NT 10.0; Win64; x64) AppleWebKit/537.36 (KHTML, like Gecko) Chrome/95.0.4638.69 Safari/537.36"
128.199.215.55 - - [16/Apr/2025:01:09:53 -0400] "GET //shop/wp-includes/wlwmanifest.xml HTTP/1.1" 301 0 "-" "Mozilla/5.0 (Windows NT 10.0; Win64; x64) AppleWebKit/537.36 (KHTML, like Gecko) Chrome/95.0.4638.69 Safari/537.36"
128.199.215.55 - - [16/Apr/2025:01:09:55 -0400] "GET //wp1/wp-includes/wlwmanifest.xml HTTP/1.1" 301 0 "-" "Mozilla/5.0 (Windows NT 10.0; Win64; x64) AppleWebKit/537.36 (KHTML, like Gecko) Chrome/95.0.4638.69 Safari/537.36"
128.199.215.55 - - [16/Apr/2025:01:09:57 -0400] "GET //test/wp-includes/wlwmanifest.xml HTTP/1.1" 301 0 "-" "Mozilla/5.0 (Windows NT 10.0; Win64; x64) AppleWebKit/537.36 (KHTML, like Gecko) Chrome/95.0.4638.69 Safari/537.36"
128.199.215.55 - - [16/Apr/2025:01:09:58 -0400] "GET //site/wp-includes/wlwmanifest.xml HTTP/1.1" 301 0 "-" "Mozilla/5.0 (Windows NT 10.0; Win64; x64) AppleWebKit/537.36 (KHTML, like Gecko) Chrome/95.0.4638.69 Safari/537.36"
128.199.215.55 - - [16/Apr/2025:01:09:59 -0400] "GET //cms/wp-includes/wlwmanifest.xml HTTP/1.1" 301 0 "-" "Mozilla/5.0 (Windows NT 10.0; Win64; x64) AppleWebKit/537.36 (KHTML, like Gecko) Chrome/95.0.4638.69 Safari/537.36"
114.119.156.227 - - [16/Apr/2025:01:10:54 -0400] "GET /unlocking-privacy-the-cryptomixer-solution/ HTTP/1.1" 200 10830 "https://garantishell.com/strahlend-sauber-das-fuhrende-reinigungsunternehmen-in-hamburg/" "Mozilla/5.0 (Linux; Android 7.0;) AppleWebKit/537.36 (KHTML, like Gecko) Mobile Safari/537.36 (compatible; PetalBot;+https://webmaster.petalsearch.com/site/petalbot)"
198.54.114.83 - - [16/Apr/2025:01:12:24 -0400] "POST /wp-cron.php?doing_wp_cron=1744780343.0739209651947021484375 HTTP/1.1" 200 0 "-" "WordPress/6.8; https://garantishell.com"
114.119.144.84 - - [16/Apr/2025:01:12:16 -0400] "GET /the-benefits-of-adding-a-massage-to-your-business-trip-routine/ HTTP/1.1" 200 10930 "https://garantishell.com/gitarre-spielen-lernen-ein-spannender-weg-zur-musikalischen-freiheit/" "Mozilla/5.0 (Linux; Android 7.0;) AppleWebKit/537.36 (KHTML, like Gecko) Mobile Safari/537.36 (compatible; PetalBot;+https://webmaster.petalsearch.com/site/petalbot)"
51.222.253.6 - - [16/Apr/2025:01:12:24 -0400] "GET /author/admin/page/66/ HTTP/1.1" 200 9967 "-" "Mozilla/5.0 (compatible; AhrefsBot/7.0; +http://ahrefs.com/robot/)"
114.119.156.227 - - [16/Apr/2025:01:13:40 -0400] "GET /nusa-penidas-natural-wonders/ HTTP/1.1" 200 10583 "https://garantishell.com/nusa-penidas-natural-wonders/" "Mozilla/5.0 (Linux; Android 7.0;) AppleWebKit/537.36 (KHTML, like Gecko) Mobile Safari/537.36 (compatible; PetalBot;+https://webmaster.petalsearch.com/site/petalbot)"
198.54.114.83 - - [16/Apr/2025:01:13:42 -0400] "POST /wp-cron.php?doing_wp_cron=1744780421.0678300857543945312500 HTTP/1.1" 200 0 "-" "WordPress/6.8; https://garantishell.com"
162.243.72.223 - - [16/Apr/2025:01:13:52 -0400] "GET /wp-login.php HTTP/1.1" 200 1735 "-" "GRequests/0.10"
162.243.72.223 - - [16/Apr/2025:01:13:53 -0400] "POST /wp-login.php HTTP/1.1" 200 1871 "-" "GRequests/0.10"
51.222.253.3 - - [16/Apr/2025:01:14:34 -0400] "GET /page/70/ HTTP/1.1" 200 10076 "-" "Mozilla/5.0 (compatible; AhrefsBot/7.0; +http://ahrefs.com/robot/)"
114.119.131.185 - - [16/Apr/2025:01:15:04 -0400] "GET /gitarrenunterricht-dusseldorf/ HTTP/1.1" 200 9883 "https://garantishell.com/2024/12/" "Mozilla/5.0 (Linux; Android 7.0;) AppleWebKit/537.36 (KHTML, like Gecko) Mobile Safari/537.36 (compatible; PetalBot;+https://webmaster.petalsearch.com/site/petalbot)"
124.243.178.128 - - [16/Apr/2025:01:16:08 -0400] "GET /category/arts-entertainments/page/11/ HTTP/1.1" 200 9489 "https://garantishell.com/category/arts-entertainments/page/11/" "Mozilla/5.0 (Macintosh; Intel Mac OS X 10_15_7) AppleWebKit/537.36 (KHTML, like Gecko) Chrome/120.0.0.0 Safari/537.36"
198.54.114.83 - - [16/Apr/2025:01:17:01 -0400] "POST /wp-cron.php?doing_wp_cron=1744780620.9507191181182861328125 HTTP/1.1" 200 0 "-" "WordPress/6.8; https://garantishell.com"
51.222.253.16 - - [16/Apr/2025:01:16:54 -0400] "GET /author/admin/page/69/ HTTP/1.1" 200 9880 "-" "Mozilla/5.0 (compatible; AhrefsBot/7.0; +http://ahrefs.com/robot/)"
198.54.114.83 - - [16/Apr/2025:01:17:03 -0400] "POST /wp-admin/admin-ajax.php?action=async_litespeed&nonce=yGub2LuO2hNHBBfv0YOZR9RMzqInSXkr&litespeed_type=imgoptm HTTP/1.1" 200 0 "-" "WordPress/6.8; https://garantishell.com"
198.54.114.83 - - [16/Apr/2025:01:19:24 -0400] "POST /wp-cron.php?doing_wp_cron=1744780762.9896540641784667968750 HTTP/1.1" 200 0 "-" "WordPress/6.8; https://garantishell.com"
51.222.253.12 - - [16/Apr/2025:01:19:19 -0400] "GET /le-metier-de-couvreur-a-geneve/ HTTP/1.1" 200 10423 "-" "Mozilla/5.0 (compatible; AhrefsBot/7.0; +http://ahrefs.com/robot/)"
198.54.114.83 - - [16/Apr/2025:01:21:33 -0400] "POST /wp-cron.php?doing_wp_cron=1744780892.1270630359649658203125 HTTP/1.1" 200 0 "-" "WordPress/6.8; https://garantishell.com"
51.222.253.10 - - [16/Apr/2025:01:21:26 -0400] "GET /the-floating-pump/ HTTP/1.1" 200 10889 "-" "Mozilla/5.0 (compatible; AhrefsBot/7.0; +http://ahrefs.com/robot/)"
63.250.32.87 - - [16/Apr/2025:01:22:08 -0400] "POST /wp-login.php HTTP/1.1" 200 1858 "https://garantishell.com" "Mozilla/5.0 (Windows NT 10.0; Win64; x64) AppleWebKit/537.36 (KHTML, like Gecko) Chrome/114.0.5735.199 Safari/537.36 Edg/114.0.1823.67"
51.222.253.5 - - [16/Apr/2025:01:23:39 -0400] "GET /the-ultimate-guide-to-retro-bowl-and-its-exciting-gameplay/ HTTP/1.1" 200 11076 "-" "Mozilla/5.0 (compatible; AhrefsBot/7.0; +http://ahrefs.com/robot/)"
3.210.29.96 - - [16/Apr/2025:01:23:54 -0400] "GET /2024/10/page/10/ HTTP/1.1" 200 9487 "-" "Mozilla/5.0 AppleWebKit/537.36 (KHTML, like Gecko; compatible; Amazonbot/0.1; +https://developer.amazon.com/support/amazonbot) Chrome/119.0.6045.214 Safari/537.36"
198.54.114.83 - - [16/Apr/2025:01:25:48 -0400] "POST /wp-cron.php?doing_wp_cron=1744781146.6056480407714843750000 HTTP/1.1" 200 0 "-" "WordPress/6.8; https://garantishell.com"
51.222.253.17 - - [16/Apr/2025:01:25:40 -0400] "GET /professionelle-dachlosungen-fur-jedes-projekt/ HTTP/1.1" 200 10422 "-" "Mozilla/5.0 (compatible; AhrefsBot/7.0; +http://ahrefs.com/robot/)"
2a03:2880:f800:e:: - - [16/Apr/2025:01:26:07 -0400] "GET /elite-sport-socks/ HTTP/1.1" 200 10534 "-" "meta-externalagent/1.1 (+https://developers.facebook.com/docs/sharing/webmasters/crawler)"
188.239.33.245 - - [16/Apr/2025:01:27:50 -0400] "GET /the-potential-of-fenbendazole-in-cancer-treatment-2/ HTTP/1.1" 200 10877 "https://garantishell.com/the-potential-of-fenbendazole-in-cancer-treatment-2/#primary" "Mozilla/5.0 (Windows NT 10.0; Win64; x64) AppleWebKit/537.36 (KHTML, like Gecko) Chrome/101.0.4951.64 Safari/537.36 Edg/101.0.1210.47"
198.54.114.83 - - [16/Apr/2025:01:28:04 -0400] "POST /wp-cron.php?doing_wp_cron=1744781283.5418760776519775390625 HTTP/1.1" 200 0 "-" "WordPress/6.8; https://garantishell.com"
51.222.253.10 - - [16/Apr/2025:01:27:59 -0400] "GET /decouvrez-les-bienfaits-du-massage-thai-a-geneve/ HTTP/1.1" 200 10859 "-" "Mozilla/5.0 (compatible; AhrefsBot/7.0; +http://ahrefs.com/robot/)"
198.54.114.83 - - [16/Apr/2025:01:28:06 -0400] "POST /wp-admin/admin-ajax.php?action=async_litespeed&nonce=VolKqepP9oTzrprRwZXk5F5vbzF58KmN&litespeed_type=imgoptm HTTP/1.1" 200 0 "-" "WordPress/6.8; https://garantishell.com"
5.255.231.37 - - [16/Apr/2025:01:28:08 -0400] "GET /robots.txt HTTP/1.1" 304 0 "-" "Mozilla/5.0 (compatible; YandexBot/3.0; +http://yandex.com/bots)"
87.250.224.50 - - [16/Apr/2025:01:28:10 -0400] "GET /hizmet/web-tasarim.html HTTP/1.1" 404 7068 "-" "Mozilla/5.0 (compatible; YandexBot/3.0; +http://yandex.com/bots)"
51.222.253.8 - - [16/Apr/2025:01:30:15 -0400] "GET /empowering-children-with-aba-therapy-in-dubai/ HTTP/1.1" 200 10257 "-" "Mozilla/5.0 (compatible; AhrefsBot/7.0; +http://ahrefs.com/robot/)"
51.222.253.4 - - [16/Apr/2025:01:32:00 -0400] "GET /wp-includes/js/comment-reply.min.js?ver=6.8 HTTP/1.1" 200 1247 "-" "Mozilla/5.0 (compatible; AhrefsBot/7.0; +http://ahrefs.com/robot/)"
51.222.253.8 - - [16/Apr/2025:01:32:01 -0400] "GET /wp-includes/css/dist/block-library/style.min.css?ver=6.8 HTTP/1.1" 200 14358 "-" "Mozilla/5.0 (compatible; AhrefsBot/7.0; +http://ahrefs.com/robot/)"
198.54.114.83 - - [16/Apr/2025:01:32:25 -0400] "POST /wp-cron.php?doing_wp_cron=1744781544.7291820049285888671875 HTTP/1.1" 200 0 "-" "WordPress/6.8; https://garantishell.com"
114.119.131.185 - - [16/Apr/2025:01:32:18 -0400] "GET /der-weg-zum-erfolg-law-tutor/ HTTP/1.1" 200 10619 "https://garantishell.com/discovering-the-best-extracts-online-in-canada/" "Mozilla/5.0 (Linux; Android 7.0;) AppleWebKit/537.36 (KHTML, like Gecko) Mobile Safari/537.36 (compatible; PetalBot;+https://webmaster.petalsearch.com/site/petalbot)"
198.54.114.83 - - [16/Apr/2025:01:32:27 -0400] "POST /wp-admin/admin-ajax.php?action=async_litespeed&nonce=gfoUE1QBYjBfIhELlK9oxILJGgx9UO2M&litespeed_type=imgoptm HTTP/1.1" 200 0 "-" "WordPress/6.8; https://garantishell.com"
51.222.253.1 - - [16/Apr/2025:01:32:50 -0400] "GET /leading-the-way-the-best-china-fire-pump-manufacturer/ HTTP/1.1" 200 10293 "-" "Mozilla/5.0 (compatible; AhrefsBot/7.0; +http://ahrefs.com/robot/)"
114.119.143.166 - - [16/Apr/2025:01:33:36 -0400] "GET /arac-aksesuarlari-ile-surus-deneyimini-gelistirin/ HTTP/1.1" 200 10440 "https://garantishell.com/virtual-receptionists/" "Mozilla/5.0 (Linux; Android 7.0;) AppleWebKit/537.36 (KHTML, like Gecko) Mobile Safari/537.36 (compatible; PetalBot;+https://webmaster.petalsearch.com/site/petalbot)"
51.222.253.17 - - [16/Apr/2025:01:34:52 -0400] "GET /unlock-savings-with-culture-gift-certificate-discounts/ HTTP/1.1" 200 10360 "-" "Mozilla/5.0 (compatible; AhrefsBot/7.0; +http://ahrefs.com/robot/)"
103.74.116.72 - - [16/Apr/2025:01:35:06 -0400] "POST /wp-login.php HTTP/1.1" 200 0 "https://garantishell.com" "Mozilla/5.0 (Macintosh; Intel Mac OS X 13_3) AppleWebKit/537.36 (KHTML, like Gecko) Chrome/126.0.0.0 Safari/537.36 Edg/126.0.0.0"
198.54.114.83 - - [16/Apr/2025:01:35:18 -0400] "POST /wp-cron.php?doing_wp_cron=1744781717.0242099761962890625000 HTTP/1.1" 200 0 "-" "WordPress/6.8; https://garantishell.com"
198.54.114.83 - - [16/Apr/2025:01:36:42 -0400] "POST /wp-cron.php?doing_wp_cron=1744781801.0320420265197753906250 HTTP/1.1" 200 0 "-" "WordPress/6.8; https://garantishell.com"
51.222.253.16 - - [16/Apr/2025:01:36:37 -0400] "GET /page/78/ HTTP/1.1" 200 10126 "-" "Mozilla/5.0 (compatible; AhrefsBot/7.0; +http://ahrefs.com/robot/)"
198.54.114.83 - - [16/Apr/2025:01:38:26 -0400] "POST /wp-cron.php?doing_wp_cron=1744781905.9366741180419921875000 HTTP/1.1" 200 0 "-" "WordPress/6.8; https://garantishell.com"
51.222.253.16 - - [16/Apr/2025:01:38:23 -0400] "GET /the-growing-demand-for-chiropractors-in-dubai/ HTTP/1.1" 200 10735 "-" "Mozilla/5.0 (compatible; AhrefsBot/7.0; +http://ahrefs.com/robot/)"
198.54.114.83 - - [16/Apr/2025:01:38:27 -0400] "POST /wp-admin/admin-ajax.php?action=async_litespeed&nonce=2F3Bds8mEcokhWFMn03q2PlhivI9KfjB&litespeed_type=imgoptm HTTP/1.1" 200 0 "-" "WordPress/6.8; https://garantishell.com"
124.243.176.35 - - [16/Apr/2025:01:39:33 -0400] "GET /ragdoll-archers-unblocked-and-how-to-access-them/ HTTP/1.1" 200 10921 "https://garantishell.com/ragdoll-archers-unblocked-and-how-to-access-them/" "Mozilla/5.0 (Macintosh; Intel Mac OS X 10_15_7) AppleWebKit/537.36 (KHTML, like Gecko) Chrome/119.0.0.0 Safari/537.36"
198.54.114.83 - - [16/Apr/2025:01:40:18 -0400] "POST /wp-cron.php?doing_wp_cron=1744782016.0463609695434570312500 HTTP/1.1" 200 0 "-" "WordPress/6.8; https://garantishell.com"
51.222.253.16 - - [16/Apr/2025:01:40:12 -0400] "GET /unmatched-performance-and-versatility/ HTTP/1.1" 200 10895 "-" "Mozilla/5.0 (compatible; AhrefsBot/7.0; +http://ahrefs.com/robot/)"
198.54.114.83 - - [16/Apr/2025:01:41:57 -0400] "POST /wp-cron.php?doing_wp_cron=1744782117.4534490108489990234375 HTTP/1.1" 200 0 "-" "WordPress/6.8; https://garantishell.com"
51.222.253.12 - - [16/Apr/2025:01:41:53 -0400] "GET /discovering-the-charm-of-a-lake-garda-resort/feed/ HTTP/1.1" 304 0 "-" "Mozilla/5.0 (compatible; AhrefsBot/7.0; +http://ahrefs.com/robot/)"
198.54.114.83 - - [16/Apr/2025:01:41:58 -0400] "POST /wp-admin/admin-ajax.php?action=async_litespeed&nonce=WWQercQ0icXfrMfIDKceu5DKIDzXCLyW&litespeed_type=imgoptm HTTP/1.1" 200 0 "-" "WordPress/6.8; https://garantishell.com"
198.54.114.83 - - [16/Apr/2025:01:43:40 -0400] "POST /wp-cron.php?doing_wp_cron=1744782219.9658598899841308593750 HTTP/1.1" 200 0 "-" "WordPress/6.8; https://garantishell.com"
51.222.253.20 - - [16/Apr/2025:01:43:35 -0400] "GET /rejuvenate-your-mind-and-body-with-business-trip-massage/ HTTP/1.1" 200 10812 "-" "Mozilla/5.0 (compatible; AhrefsBot/7.0; +http://ahrefs.com/robot/)"
198.54.114.83 - - [16/Apr/2025:01:43:41 -0400] "POST /wp-admin/admin-ajax.php?action=async_litespeed&nonce=bDfwdFIxhNcwiKLShMUe4dbUWpHTRWcf&litespeed_type=imgoptm HTTP/1.1" 200 0 "-" "WordPress/6.8; https://garantishell.com"
198.54.114.83 - - [16/Apr/2025:01:45:31 -0400] "POST /wp-cron.php?doing_wp_cron=1744782330.7802000045776367187500 HTTP/1.1" 200 0 "-" "WordPress/6.8; https://garantishell.com"
51.222.253.3 - - [16/Apr/2025:01:45:27 -0400] "GET /author/admin/page/79/ HTTP/1.1" 200 9714 "-" "Mozilla/5.0 (compatible; AhrefsBot/7.0; +http://ahrefs.com/robot/)"
198.54.114.83 - - [16/Apr/2025:01:47:12 -0400] "POST /wp-cron.php?doing_wp_cron=1744782432.0272231101989746093750 HTTP/1.1" 200 0 "-" "WordPress/6.8; https://garantishell.com"
51.222.253.14 - - [16/Apr/2025:01:47:09 -0400] "GET /page/71/ HTTP/1.1" 200 10067 "-" "Mozilla/5.0 (compatible; AhrefsBot/7.0; +http://ahrefs.com/robot/)"
198.54.114.83 - - [16/Apr/2025:01:47:12 -0400] "POST /wp-admin/admin-ajax.php?action=async_litespeed&nonce=LmYva7sREaS3twaFEgOhOgJmkYDjKGoC&litespeed_type=imgoptm HTTP/1.1" 200 5 "-" "WordPress/6.8; https://garantishell.com"
107.174.151.51 - - [16/Apr/2025:01:47:41 -0400] "GET /why-professional-home-inspection-services-are-essential/ HTTP/1.1" 200 10425 "-" "Mozilla/5.0 (X11; Linux i686; rv:114.0) Gecko/20100101 Firefox/114.0"
2001:1bb0:e000:1e::96 - - [16/Apr/2025:01:48:16 -0400] "POST /wp-login.php HTTP/1.1" 200 1858 "https://garantishell.com" "Mozilla/5.0 (Windows NT 10.0; Win64; x64) AppleWebKit/537.36 (KHTML, like Gecko) Chrome/114.0.5735.199 Safari/537.36 Edg/114.0.1823.67"
198.54.114.83 - - [16/Apr/2025:01:48:18 -0400] "POST /wp-cron.php?doing_wp_cron=1744782497.0669569969177246093750 HTTP/1.1" 200 0 "-" "WordPress/6.8; https://garantishell.com"
195.26.245.159 - - [16/Apr/2025:01:48:50 -0400] "GET /wp-login.php HTTP/1.1" 200 1735 "-" "GRequests/0.10"
195.26.245.159 - - [16/Apr/2025:01:48:51 -0400] "POST /wp-login.php HTTP/1.1" 200 1871 "-" "GRequests/0.10"
51.222.253.4 - - [16/Apr/2025:01:49:03 -0400] "GET /the-brazilian-butt-lift-procedure-involves/ HTTP/1.1" 200 10932 "-" "Mozilla/5.0 (compatible; AhrefsBot/7.0; +http://ahrefs.com/robot/)"
51.222.253.4 - - [16/Apr/2025:01:50:42 -0400] "GET /the-power-and-pitfalls-of-instagram-likes/ HTTP/1.1" 200 10637 "-" "Mozilla/5.0 (compatible; AhrefsBot/7.0; +http://ahrefs.com/robot/)"
159.138.100.35 - - [16/Apr/2025:01:51:16 -0400] "GET /louer-des-jeux-pour-tous-les-evenements-a-prevost/ HTTP/1.1" 200 10624 "https://garantishell.com/louer-des-jeux-pour-tous-les-evenements-a-prevost/" "Mozilla/5.0 (Macintosh; Intel Mac OS X 10_15_7) AppleWebKit/537.36 (KHTML, like Gecko) Chrome/131.0.0.0 Safari/537.36"
198.54.114.83 - - [16/Apr/2025:01:52:27 -0400] "POST /wp-cron.php?doing_wp_cron=1744782745.8406651020050048828125 HTTP/1.1" 200 0 "-" "WordPress/6.8; https://garantishell.com"
51.222.253.14 - - [16/Apr/2025:01:52:21 -0400] "GET /author/admin/page/70/ HTTP/1.1" 200 9774 "-" "Mozilla/5.0 (compatible; AhrefsBot/7.0; +http://ahrefs.com/robot/)"
51.222.253.12 - - [16/Apr/2025:01:54:18 -0400] "GET /game-changing-comfort-unveiling-the-power-of-sports-grip-socks/ HTTP/1.1" 200 10804 "-" "Mozilla/5.0 (compatible; AhrefsBot/7.0; +http://ahrefs.com/robot/)"
51.222.253.20 - - [16/Apr/2025:01:56:07 -0400] "GET /master-the-art-of-learning-with-an-sms-course/ HTTP/1.1" 200 9924 "-" "Mozilla/5.0 (compatible; AhrefsBot/7.0; +http://ahrefs.com/robot/)"
198.54.114.83 - - [16/Apr/2025:01:57:46 -0400] "POST /wp-cron.php?doing_wp_cron=1744783065.4698650836944580078125 HTTP/1.1" 200 0 "-" "WordPress/6.8; https://garantishell.com"
51.222.253.6 - - [16/Apr/2025:01:57:41 -0400] "GET /page/72/ HTTP/1.1" 200 9987 "-" "Mozilla/5.0 (compatible; AhrefsBot/7.0; +http://ahrefs.com/robot/)"
198.54.114.83 - - [16/Apr/2025:01:57:47 -0400] "POST /wp-admin/admin-ajax.php?action=async_litespeed&nonce=Yiq9Fr5Y3lneCBzFeiYYjpa1ssPNFUPq&litespeed_type=imgoptm HTTP/1.1" 200 0 "-" "WordPress/6.8; https://garantishell.com"
198.54.114.83 - - [16/Apr/2025:01:58:58 -0400] "POST /wp-cron.php?doing_wp_cron=1744783136.9973950386047363281250 HTTP/1.1" 200 0 "-" "WordPress/6.8; https://garantishell.com"
66.249.66.41 - - [16/Apr/2025:01:58:56 -0400] "GET /category/arts-entertainments/page/75/ HTTP/1.1" 200 10002 "-" "Mozilla/5.0 (Linux; Android 6.0.1; Nexus 5X Build/MMB29P) AppleWebKit/537.36 (KHTML, like Gecko) Chrome/135.0.7049.84 Mobile Safari/537.36 (compatible; GoogleOther)"
66.249.66.42 - - [16/Apr/2025:01:59:06 -0400] "GET /wp-includes/js/wp-emoji-release.min.js?ver=6.8 HTTP/1.1" 304 0 "https://garantishell.com/category/arts-entertainments/page/75/" "Mozilla/5.0 (Linux; Android 6.0.1; Nexus 5X Build/MMB29P) AppleWebKit/537.36 (KHTML, like Gecko) Chrome/134.0.6998.165 Mobile Safari/537.36 (compatible; Googlebot/2.1; +http://www.google.com/bot.html)"
51.222.253.13 - - [16/Apr/2025:01:59:23 -0400] "GET /author/admin/page/71/ HTTP/1.1" 200 9839 "-" "Mozilla/5.0 (compatible; AhrefsBot/7.0; +http://ahrefs.com/robot/)"
31.214.174.196 - - [16/Apr/2025:02:01:08 -0400] "GET /wp-login.php HTTP/1.1" 200 1735 "-" "GRequests/0.10"
31.214.174.196 - - [16/Apr/2025:02:01:09 -0400] "POST /wp-login.php HTTP/1.1" 200 1869 "-" "GRequests/0.10"
198.54.114.83 - - [16/Apr/2025:02:01:14 -0400] "POST /wp-cron.php?doing_wp_cron=1744783272.9178540706634521484375 HTTP/1.1" 200 0 "-" "WordPress/6.8; https://garantishell.com"
198.54.114.83 - - [16/Apr/2025:02:01:14 -0400] "POST /wp-cron.php?doing_wp_cron=1744783272.9175219535827636718750 HTTP/1.1" 200 0 "-" "WordPress/6.8; https://garantishell.com"
51.222.253.13 - - [16/Apr/2025:02:01:08 -0400] "GET /transforming-your-space-small-bathroom-renovations/ HTTP/1.1" 200 10623 "-" "Mozilla/5.0 (compatible; AhrefsBot/7.0; +http://ahrefs.com/robot/)"
2a01:4f8:2190:15dc::2 - - [16/Apr/2025:02:01:20 -0400] "POST /wp-login.php HTTP/1.1" 200 1858 "https://garantishell.com" "Mozilla/5.0 (Macintosh; Intel Mac OS X 13_3) AppleWebKit/537.36 (KHTML, like Gecko) Chrome/126.0.0.0 Safari/537.36"
198.54.114.83 - - [16/Apr/2025:02:02:53 -0400] "POST /wp-cron.php?doing_wp_cron=1744783371.9440660476684570312500 HTTP/1.1" 200 0 "-" "WordPress/6.8; https://garantishell.com"
51.222.253.18 - - [16/Apr/2025:02:02:49 -0400] "GET /air-cargo-shipping/ HTTP/1.1" 200 10003 "-" "Mozilla/5.0 (compatible; AhrefsBot/7.0; +http://ahrefs.com/robot/)"
122.8.181.159 - - [16/Apr/2025:02:02:59 -0400] "GET /a-welcome-respite-from-travel-fatigue/ HTTP/1.1" 200 10323 "https://garantishell.com/a-welcome-respite-from-travel-fatigue/#primary" "Mozilla/5.0 (Macintosh; Intel Mac OS X 10_15_7) AppleWebKit/537.36 (KHTML, like Gecko) Chrome/123.0.0.0 Safari/537.36"
220.93.109.111 - - [16/Apr/2025:02:03:04 -0400] "GET /why-professional-home-inspection-services-are-essential/ HTTP/1.1" 200 10425 "-" "Mozilla/5.0 (Windows NT 10.0; WOW64; x64) AppleWebKit/537.36 (KHTML, like Gecko) Chrome/114.0.0.0 Safari/537.36 OPR/89.0.4447.51"
220.93.109.111 - - [16/Apr/2025:02:03:18 -0400] "GET /why-professional-home-inspection-services-are-essential/ HTTP/1.1" 200 10425 "https://garantishell.com/why-professional-home-inspection-services-are-essential/" "Mozilla/5.0 (Windows NT 6.3; Win64; x64) AppleWebKit/537.36 (KHTML, like Gecko) Chrome/103.0.0.0 Safari/537.36"
220.93.109.111 - - [16/Apr/2025:02:03:20 -0400] "POST /wp-comments-post.php HTTP/1.1" 302 0 "https://garantishell.com/why-professional-home-inspection-services-are-essential/" "Mozilla/5.0 (Windows NT 6.3; Win64; x64) AppleWebKit/537.36 (KHTML, like Gecko) Chrome/103.0.0.0 Safari/537.36"
220.93.109.111 - - [16/Apr/2025:02:03:26 -0400] "GET /why-professional-home-inspection-services-are-essential/?unapproved=4299&moderation-hash=2cb9336e4bfb83d34553dda8020bbbd7 HTTP/1.1" 200 11272 "https://garantishell.com/wp-comments-post.php" "Mozilla/5.0 (Windows NT 6.3; Win64; x64) AppleWebKit/537.36 (KHTML, like Gecko) Chrome/103.0.0.0 Safari/537.36"
220.93.109.111 - - [16/Apr/2025:02:03:32 -0400] "GET /why-professional-home-inspection-services-are-essential/ HTTP/1.1" 200 10425 "-" "Mozilla/5.0 (Windows NT 6.3; Win64; x64) AppleWebKit/537.36 (KHTML, like Gecko) Chrome/103.0.0.0 Safari/537.36"
198.54.114.83 - - [16/Apr/2025:02:04:45 -0400] "POST /wp-cron.php?doing_wp_cron=1744783484.5867419242858886718750 HTTP/1.1" 200 0 "-" "WordPress/6.8; https://garantishell.com"
51.222.253.8 - - [16/Apr/2025:02:04:43 -0400] "GET /page/73/ HTTP/1.1" 200 9775 "-" "Mozilla/5.0 (compatible; AhrefsBot/7.0; +http://ahrefs.com/robot/)"
198.54.114.83 - - [16/Apr/2025:02:04:47 -0400] "POST /wp-admin/admin-ajax.php?action=async_litespeed&nonce=xPaJ7cZ0XhcTzj6X6RJq0SnYsORJhuYp&litespeed_type=imgoptm HTTP/1.1" 200 0 "-" "WordPress/6.8; https://garantishell.com"
165.227.84.75 - - [16/Apr/2025:02:06:33 -0400] "GET /wp-login.php HTTP/1.1" 200 1735 "-" "GRequests/0.10"
165.227.84.75 - - [16/Apr/2025:02:06:35 -0400] "POST /wp-login.php HTTP/1.1" 200 1862 "-" "GRequests/0.10"
198.54.114.83 - - [16/Apr/2025:02:06:36 -0400] "POST /wp-cron.php?doing_wp_cron=1744783595.5159080028533935546875 HTTP/1.1" 200 0 "-" "WordPress/6.8; https://garantishell.com"
198.54.114.83 - - [16/Apr/2025:02:06:38 -0400] "POST /wp-admin/admin-ajax.php?action=async_litespeed&nonce=FlKFQ1SWsUldHfKInXVvCQ0WGk4ZflCQ&litespeed_type=imgoptm HTTP/1.1" 200 0 "-" "WordPress/6.8; https://garantishell.com"
51.222.253.8 - - [16/Apr/2025:02:06:32 -0400] "GET /the-perfect-escape-from-business-stress/ HTTP/1.1" 200 10493 "-" "Mozilla/5.0 (compatible; AhrefsBot/7.0; +http://ahrefs.com/robot/)"
198.54.114.83 - - [16/Apr/2025:02:08:34 -0400] "POST /wp-cron.php?doing_wp_cron=1744783713.0954089164733886718750 HTTP/1.1" 200 0 "-" "WordPress/6.8; https://garantishell.com"
51.222.253.16 - - [16/Apr/2025:02:08:30 -0400] "GET /author/admin/page/72/ HTTP/1.1" 200 9874 "-" "Mozilla/5.0 (compatible; AhrefsBot/7.0; +http://ahrefs.com/robot/)"
220.93.109.111 - - [16/Apr/2025:02:09:13 -0400] "GET /why-professional-home-inspection-services-are-essential/ HTTP/1.1" 200 10425 "-" "Mozilla/5.0 (Macintosh; Intel Mac OS X 12_5) AppleWebKit/605.1.15 (KHTML, like Gecko) Version/15.4 Safari/605.1.15"
92.251.103.63 - - [16/Apr/2025:02:10:07 -0400] "GET /the-rise-of-craft-cannabis-in-canada/ HTTP/1.1" 200 10632 "-" "Mozilla/5.0 (Windows NT 10.0; Win64; x64) AppleWebKit/537.36 (KHTML, like Gecko) Chrome/121.0.0.0 Safari/537.36"
51.222.253.9 - - [16/Apr/2025:02:10:27 -0400] "GET /unlocking-privacy-the-cryptomixer-solution/ HTTP/1.1" 200 10830 "-" "Mozilla/5.0 (compatible; AhrefsBot/7.0; +http://ahrefs.com/robot/)"
51.222.253.7 - - [16/Apr/2025:02:12:01 -0400] "GET /eine-stadt-im-wandel/ HTTP/1.1" 200 10529 "-" "Mozilla/5.0 (compatible; AhrefsBot/7.0; +http://ahrefs.com/robot/)"
198.54.114.83 - - [16/Apr/2025:02:13:51 -0400] "POST /wp-cron.php?doing_wp_cron=1744784030.6484489440917968750000 HTTP/1.1" 200 0 "-" "WordPress/6.8; https://garantishell.com"
51.222.253.18 - - [16/Apr/2025:02:13:46 -0400] "GET /page/74/ HTTP/1.1" 200 9987 "-" "Mozilla/5.0 (compatible; AhrefsBot/7.0; +http://ahrefs.com/robot/)"
198.54.114.83 - - [16/Apr/2025:02:13:53 -0400] "POST /wp-admin/admin-ajax.php?action=async_litespeed&nonce=VJHUh2yNFq1JFiHun8ooXGotoJjcnpwM&litespeed_type=imgoptm HTTP/1.1" 200 0 "-" "WordPress/6.8; https://garantishell.com"
51.178.81.248 - - [16/Apr/2025:02:14:24 -0400] "POST /wp-login.php HTTP/1.1" 200 1858 "https://garantishell.com" "Mozilla/5.0 (Macintosh; Intel Mac OS X 10_15_7) AppleWebKit/537.36 (KHTML, like Gecko) Chrome/126.0.0.0 Safari/537.36"
198.54.114.83 - - [16/Apr/2025:02:14:25 -0400] "POST /wp-cron.php?doing_wp_cron=1744784064.4488980770111083984375 HTTP/1.1" 200 0 "-" "WordPress/6.8; https://garantishell.com"
162.243.72.223 - - [16/Apr/2025:02:14:28 -0400] "GET /wp-login.php HTTP/1.1" 200 1735 "-" "GRequests/0.10"
162.243.72.223 - - [16/Apr/2025:02:14:29 -0400] "POST /wp-login.php HTTP/1.1" 200 1869 "-" "GRequests/0.10"
119.8.116.194 - - [16/Apr/2025:02:14:41 -0400] "GET /montalin-herb-capsule-a-natural-remedy/ HTTP/1.1" 200 10620 "https://garantishell.com/montalin-herb-capsule-a-natural-remedy/" "Mozilla/5.0 (Macintosh; Intel Mac OS X 10_15_7) AppleWebKit/537.36 (KHTML, like Gecko) Chrome/123.0.0.0 Safari/537.36"
65.21.99.152 - - [16/Apr/2025:02:14:56 -0400] "GET /why-professional-home-inspection-services-are-essential/ HTTP/1.1" 200 10425 "-" "Mozilla/5.0 (Macintosh; Intel Mac OS X 12_5) AppleWebKit/537.36 (KHTML, like Gecko) Chrome/114.0.0.0 YaBrowser/22.7.0 Yowser/2.5 Safari/537.36"
51.222.253.11 - - [16/Apr/2025:02:15:31 -0400] "GET /author/admin/page/73/ HTTP/1.1" 200 9891 "-" "Mozilla/5.0 (compatible; AhrefsBot/7.0; +http://ahrefs.com/robot/)"
198.54.114.83 - - [16/Apr/2025:02:15:35 -0400] "POST /wp-cron.php?doing_wp_cron=1744784132.0916678905487060546875 HTTP/1.1" 200 0 "-" "WordPress/6.8; https://garantishell.com"
51.222.253.16 - - [16/Apr/2025:02:17:17 -0400] "GET /the-evolution-of-online-casinos/ HTTP/1.1" 200 10508 "-" "Mozilla/5.0 (compatible; AhrefsBot/7.0; +http://ahrefs.com/robot/)"
198.54.114.83 - - [16/Apr/2025:02:19:04 -0400] "POST /wp-cron.php?doing_wp_cron=1744784343.2560479640960693359375 HTTP/1.1" 200 0 "-" "WordPress/6.8; https://garantishell.com"
51.222.253.8 - - [16/Apr/2025:02:18:59 -0400] "GET /enhancing-performance-and-style-the-power-of-custom-grip-socks/ HTTP/1.1" 200 10577 "-" "Mozilla/5.0 (compatible; AhrefsBot/7.0; +http://ahrefs.com/robot/)"
141.98.135.4 - - [16/Apr/2025:02:19:36 -0400] "GET /why-professional-home-inspection-services-are-essential HTTP/1.1" 301 0 "-" "Mozilla/5.0 (Macintosh; Intel Mac OS X 12_5) AppleWebKit/537.36 (KHTML, like Gecko) Chrome/114.0.0.0 Safari/537.36 Vivaldi/5.3.2679.68"
141.98.135.4 - - [16/Apr/2025:02:19:39 -0400] "GET /why-professional-home-inspection-services-are-essential/ HTTP/1.1" 200 10425 "https://garantishell.com/why-professional-home-inspection-services-are-essential" "Mozilla/5.0 (Macintosh; Intel Mac OS X 12_5) AppleWebKit/537.36 (KHTML, like Gecko) Chrome/114.0.0.0 Safari/537.36 Vivaldi/5.3.2679.68"
141.98.135.4 - - [16/Apr/2025:02:19:41 -0400] "GET /finding-affordable-concrete-contractors-in-northern-colorado/ HTTP/1.1" 200 10368 "https://garantishell.com/why-professional-home-inspection-services-are-essential/" "Mozilla/5.0 (Macintosh; Intel Mac OS X 12_5) AppleWebKit/537.36 (KHTML, like Gecko) Chrome/114.0.0.0 Safari/537.36 Vivaldi/5.3.2679.68"
198.54.114.83 - - [16/Apr/2025:02:20:40 -0400] "POST /wp-cron.php?doing_wp_cron=1744784439.3328878879547119140625 HTTP/1.1" 200 0 "-" "WordPress/6.8; https://garantishell.com"
51.222.253.7 - - [16/Apr/2025:02:20:38 -0400] "GET /the-pitfalls-of-buying-instagram-followers/ HTTP/1.1" 200 10709 "-" "Mozilla/5.0 (compatible; AhrefsBot/7.0; +http://ahrefs.com/robot/)"
198.54.114.83 - - [16/Apr/2025:02:20:42 -0400] "POST /wp-admin/admin-ajax.php?action=async_litespeed&nonce=8SuWfQQ0F0kWxcbZ5gexX7cfUNLI4MHj&litespeed_type=imgoptm HTTP/1.1" 200 0 "-" "WordPress/6.8; https://garantishell.com"
45.88.151.235 - - [16/Apr/2025:02:21:35 -0400] "GET /wp-json/oembed/1.0/embed?url=https%3A%2F%2Fwww.riachaonet.com.br%2Fportal%2Fcapa-de-jornais%2F HTTP/1.1" 404 73 "-" "Mozilla/5.0 (Macintosh; Intel Mac OS X 12_5) AppleWebKit/537.36 (KHTML, like Gecko) Chrome/114.0.0.0 Safari/537.36 OPR/89.0.4447.51"
198.54.114.83 - - [16/Apr/2025:02:21:37 -0400] "POST /wp-cron.php?doing_wp_cron=1744784496.3844740390777587890625 HTTP/1.1" 200 0 "-" "WordPress/6.8; https://garantishell.com"
45.88.151.235 - - [16/Apr/2025:02:21:39 -0400] "GET /wp-json/oembed/1.0/embed?url=https%3A%2F%2Fwww.civico33napoli.it%2F2019%2F12%2F15%2Fhello-world%2F HTTP/1.1" 404 73 "https://garantishell.com/wp-json/oembed/1.0/embed?url=https%3A%2F%2Fwww.riachaonet.com.br%2Fportal%2Fcapa-de-jornais%2F" "Mozilla/5.0 (Macintosh; Intel Mac OS X 12_5) AppleWebKit/537.36 (KHTML, like Gecko) Chrome/114.0.0.0 Safari/537.36 OPR/89.0.4447.51"
45.88.151.235 - - [16/Apr/2025:02:21:41 -0400] "GET / HTTP/1.1" 200 9272 "https://garantishell.com/wp-json/oembed/1.0/embed?url=https%3A%2F%2Fwww.riachaonet.com.br%2Fportal%2Fcapa-de-jornais%2F" "Mozilla/5.0 (Macintosh; Intel Mac OS X 12_5) AppleWebKit/537.36 (KHTML, like Gecko) Chrome/114.0.0.0 Safari/537.36 OPR/89.0.4447.51"
45.88.151.235 - - [16/Apr/2025:02:21:43 -0400] "GET /leading-the-way-in-high-quality-kitchen-appliances/ HTTP/1.1" 200 10552 "https://garantishell.com" "Mozilla/5.0 (Macintosh; Intel Mac OS X 12_5) AppleWebKit/537.36 (KHTML, like Gecko) Chrome/114.0.0.0 Safari/537.36 OPR/89.0.4447.51"
51.222.253.19 - - [16/Apr/2025:02:22:27 -0400] "GET /the-thrilling-world-of-online-casinos/ HTTP/1.1" 200 11022 "-" "Mozilla/5.0 (compatible; AhrefsBot/7.0; +http://ahrefs.com/robot/)"
51.222.253.16 - - [16/Apr/2025:02:24:09 -0400] "GET /rejuvenating-business-trip-massage-experience/ HTTP/1.1" 200 10395 "-" "Mozilla/5.0 (compatible; AhrefsBot/7.0; +http://ahrefs.com/robot/)"
51.222.253.19 - - [16/Apr/2025:02:25:53 -0400] "GET /ihr-umzug-leicht-gemacht/ HTTP/1.1" 200 10569 "-" "Mozilla/5.0 (compatible; AhrefsBot/7.0; +http://ahrefs.com/robot/)"
189.1.226.112 - - [16/Apr/2025:02:26:24 -0400] "GET /the-secrets-of-tretinoin-cream-a-guide-to-purchase-and-use/ HTTP/1.1" 200 10634 "https://garantishell.com/the-secrets-of-tretinoin-cream-a-guide-to-purchase-and-use/" "Mozilla/5.0 (Windows NT 10.0; Win64; x64) AppleWebKit/537.36 (KHTML, like Gecko) Chrome/116.0.0.0 Safari/537.36"
45.113.224.7 - - [16/Apr/2025:02:27:29 -0400] "POST /xmlrpc.php HTTP/1.1" 200 0 "https://garantishell.com" "Mozilla/5.0 (Macintosh; Intel Mac OS X 14_6) AppleWebKit/605.1.15 (KHTML, like Gecko) Version/17.5 Safari/605.1.15"
198.54.114.83 - - [16/Apr/2025:02:27:38 -0400] "POST /wp-cron.php?doing_wp_cron=1744784855.0969190597534179687500 HTTP/1.1" 200 0 "-" "WordPress/6.8; https://garantishell.com"
51.222.253.18 - - [16/Apr/2025:02:27:39 -0400] "GET /speech-therapy-dubai/ HTTP/1.1" 200 10300 "-" "Mozilla/5.0 (compatible; AhrefsBot/7.0; +http://ahrefs.com/robot/)"
51.222.253.13 - - [16/Apr/2025:02:29:18 -0400] "GET /die-magische-welt-der-kindergeschichten/ HTTP/1.1" 200 11454 "-" "Mozilla/5.0 (compatible; AhrefsBot/7.0; +http://ahrefs.com/robot/)"
198.54.114.83 - - [16/Apr/2025:02:29:25 -0400] "POST /wp-cron.php?doing_wp_cron=1744784962.5297319889068603515625 HTTP/1.1" 200 0 "-" "WordPress/6.8; https://garantishell.com"
51.222.253.6 - - [16/Apr/2025:02:31:06 -0400] "GET /a-game-changer-for-modern-computing/ HTTP/1.1" 200 10555 "-" "Mozilla/5.0 (compatible; AhrefsBot/7.0; +http://ahrefs.com/robot/)"
198.54.114.83 - - [16/Apr/2025:02:31:16 -0400] "POST /wp-cron.php?doing_wp_cron=1744785071.6347000598907470703125 HTTP/1.1" 200 0 "-" "WordPress/6.8; https://garantishell.com"
216.244.66.241 - - [16/Apr/2025:02:31:25 -0400] "GET /robots.txt HTTP/1.1" 200 97 "-" "Mozilla/5.0 (compatible; DotBot/1.2; +https://opensiteexplorer.org/dotbot; help@moz.com)"
51.222.253.14 - - [16/Apr/2025:02:32:44 -0400] "GET /unlocking-the-power-of-buying-youtube-views/ HTTP/1.1" 200 10537 "-" "Mozilla/5.0 (compatible; AhrefsBot/7.0; +http://ahrefs.com/robot/)"
107.151.219.183 - - [16/Apr/2025:02:32:57 -0400] "GET /wp-admin/css/ HTTP/1.1" 403 1242 "binance.com" "Mozilla/5.0 (Windows NT 10.0; Win64; x64) AppleWebKit/537.36 (KHTML, like Gecko) Chrome/90.0.4430.85 Safari/537.36"
85.208.96.196 - - [16/Apr/2025:02:33:14 -0400] "GET /robots.txt HTTP/1.1" 304 0 "-" "Mozilla/5.0 (compatible; SemrushBot/7~bl; +http://www.semrush.com/bot.html)"
198.54.114.83 - - [16/Apr/2025:02:33:20 -0400] "POST /wp-cron.php?doing_wp_cron=1744785199.1894929409027099609375 HTTP/1.1" 200 0 "-" "WordPress/6.8; https://garantishell.com"
185.191.171.6 - - [16/Apr/2025:02:33:15 -0400] "GET /gitarre-spielen-lernen-ein-spannender-weg-zur-musikalischen-freiheit/ HTTP/1.1" 200 10911 "-" "Mozilla/5.0 (compatible; SemrushBot/7~bl; +http://www.semrush.com/bot.html)"
51.222.253.16 - - [16/Apr/2025:02:34:22 -0400] "GET /luxe-living-at-newport-residences-a-haven-of-modern-comfort/ HTTP/1.1" 200 10701 "-" "Mozilla/5.0 (compatible; AhrefsBot/7.0; +http://ahrefs.com/robot/)"
103.11.103.186 - - [16/Apr/2025:02:35:18 -0400] "GET /wp-login.php HTTP/1.1" 200 1735 "-" "GRequests/0.10"
103.11.103.186 - - [16/Apr/2025:02:35:21 -0400] "POST /wp-login.php HTTP/1.1" 200 1866 "-" "GRequests/0.10"
198.54.114.83 - - [16/Apr/2025:02:35:29 -0400] "POST /wp-cron.php?doing_wp_cron=1744785326.5049810409545898437500 HTTP/1.1" 200 0 "-" "WordPress/6.8; https://garantishell.com"
51.222.253.11 - - [16/Apr/2025:02:36:16 -0400] "GET /elite-sport-socks/ HTTP/1.1" 200 10534 "-" "Mozilla/5.0 (compatible; AhrefsBot/7.0; +http://ahrefs.com/robot/)"
216.244.66.241 - - [16/Apr/2025:02:36:28 -0400] "GET /luneburger-umzugsunternehmen-fur-ihren-perfekten-umzug/ HTTP/1.1" 200 10815 "-" "Mozilla/5.0 (compatible; DotBot/1.2; +https://opensiteexplorer.org/dotbot; help@moz.com)"
198.54.114.83 - - [16/Apr/2025:02:38:11 -0400] "POST /wp-cron.php?doing_wp_cron=1744785490.0463469028472900390625 HTTP/1.1" 200 0 "-" "WordPress/6.8; https://garantishell.com"
198.54.114.83 - - [16/Apr/2025:02:38:11 -0400] "POST /wp-cron.php?doing_wp_cron=1744785490.0457289218902587890625 HTTP/1.1" 200 0 "-" "WordPress/6.8; https://garantishell.com"
27.106.97.228 - - [16/Apr/2025:02:38:07 -0400] "GET /understanding-gallons-per-minute-conversion HTTP/1.1" 301 0 "https://garantishell.com/understanding-gallons-per-minute-conversion" "Mozilla/5.0 (Windows NT 10.0; Win64; x64) AppleWebKit/537.36 (KHTML, like Gecko) Chrome/116.0.0.0 Safari/537.36"
51.222.253.5 - - [16/Apr/2025:02:38:05 -0400] "GET /finding-the-right-money-lender-for-your-loan-needs/ HTTP/1.1" 200 10608 "-" "Mozilla/5.0 (compatible; AhrefsBot/7.0; +http://ahrefs.com/robot/)"
27.106.97.228 - - [16/Apr/2025:02:38:14 -0400] "GET /understanding-gallons-per-minute-conversion/ HTTP/1.1" 200 10889 "https://garantishell.com/understanding-gallons-per-minute-conversion/" "Mozilla/5.0 (Windows NT 10.0; Win64; x64) AppleWebKit/537.36 (KHTML, like Gecko) Chrome/116.0.0.0 Safari/537.36"
162.243.72.223 - - [16/Apr/2025:02:38:23 -0400] "GET /wp-login.php HTTP/1.1" 200 1735 "-" "GRequests/0.10"
162.243.72.223 - - [16/Apr/2025:02:38:26 -0400] "POST /wp-login.php HTTP/1.1" 200 1869 "-" "GRequests/0.10"
51.222.253.18 - - [16/Apr/2025:02:39:52 -0400] "GET /capturing-the-essence-the-art-and-impact-of-real-estate-photography/ HTTP/1.1" 503 856 "-" "Mozilla/5.0 (compatible; AhrefsBot/7.0; +http://ahrefs.com/robot/)"
46.245.76.50 - - [16/Apr/2025:02:40:30 -0400] "POST /xmlrpc.php HTTP/1.1" 200 0 "https://garantishell.com" "Mozilla/5.0 (Windows NT 10.0; Win64; x64) AppleWebKit/537.36 (KHTML, like Gecko) Chrome/126.0.0.0 Safari/537.36"
198.54.114.83 - - [16/Apr/2025:02:40:45 -0400] "POST /wp-cron.php?doing_wp_cron=1744785637.6520750522613525390625 HTTP/1.1" 200 0 "-" "WordPress/6.8; https://garantishell.com"
198.54.114.83 - - [16/Apr/2025:02:41:43 -0400] "POST /wp-cron.php?doing_wp_cron=1744785701.6658298969268798828125 HTTP/1.1" 200 0 "-" "WordPress/6.8; https://garantishell.com"
51.222.253.12 - - [16/Apr/2025:02:41:37 -0400] "GET /expert-tips-for-bathroom-renovations/ HTTP/1.1" 200 0 "-" "Mozilla/5.0 (compatible; AhrefsBot/7.0; +http://ahrefs.com/robot/)"
103.11.103.186 - - [16/Apr/2025:02:43:55 -0400] "GET /wp-login.php HTTP/1.1" 200 1735 "-" "GRequests/0.10"
103.11.103.186 - - [16/Apr/2025:02:44:00 -0400] "POST /wp-login.php HTTP/1.1" 200 1871 "-" "GRequests/0.10"
198.54.114.83 - - [16/Apr/2025:02:44:07 -0400] "POST /wp-cron.php?doing_wp_cron=1744785843.1820600032806396484375 HTTP/1.1" 200 0 "-" "WordPress/6.8; https://garantishell.com"
198.54.114.83 - - [16/Apr/2025:02:45:15 -0400] "POST /wp-cron.php?doing_wp_cron=1744785912.3277220726013183593750 HTTP/1.1" 200 0 "-" "WordPress/6.8; https://garantishell.com"
85.208.96.195 - - [16/Apr/2025:02:45:11 -0400] "GET /effiziente-haushaltsauflosung-in-luneburg-sorgenfrei-und-stressfrei/ HTTP/1.1" 200 10587 "-" "Mozilla/5.0 (compatible; SemrushBot/7~bl; +http://www.semrush.com/bot.html)"
51.222.253.16 - - [16/Apr/2025:02:45:42 -0400] "GET /navigating-the-real-estate-realm-the-role-of-estate-and-letting-agents/ HTTP/1.1" 200 10705 "-" "Mozilla/5.0 (compatible; AhrefsBot/7.0; +http://ahrefs.com/robot/)"
34.91.78.130 - - [16/Apr/2025:02:48:31 -0400] "GET /wp-login.php HTTP/1.1" 200 1735 "-" "GRequests/0.10"
34.91.78.130 - - [16/Apr/2025:02:48:36 -0400] "POST /wp-login.php HTTP/1.1" 200 1862 "-" "GRequests/0.10"
198.54.114.83 - - [16/Apr/2025:02:48:45 -0400] "POST /wp-cron.php?doing_wp_cron=1744786120.6547639369964599609375 HTTP/1.1" 200 0 "-" "WordPress/6.8; https://garantishell.com"
185.110.190.93 - - [16/Apr/2025:02:49:45 -0400] "GET /why-professional-home-inspection-services-are-essential/ HTTP/1.1" 200 10425 "-" "Mozilla/5.0 (Macintosh; Intel Mac OS X 12_5) AppleWebKit/605.1.15 (KHTML, like Gecko) Version/15.4 Safari/605.1.15"
198.54.114.83 - - [16/Apr/2025:02:49:51 -0400] "POST /wp-cron.php?doing_wp_cron=1744786190.0208768844604492187500 HTTP/1.1" 200 0 "-" "WordPress/6.8; https://garantishell.com"
94.74.110.27 - - [16/Apr/2025:02:49:48 -0400] "GET /top-supplements-to-effectively-lower-blood-sugar-levels/ HTTP/1.1" 200 10501 "https://garantishell.com/top-supplements-to-effectively-lower-blood-sugar-levels/" "Mozilla/5.0 (Windows NT 10.0; Win64; x64) AppleWebKit/537.36 (KHTML, like Gecko) Chrome/101.0.4951.64 Safari/537.36 Edg/101.0.1210.47"
51.222.253.6 - - [16/Apr/2025:02:51:36 -0400] "GET / HTTP/1.1" 200 9272 "-" "Mozilla/5.0 (compatible; AhrefsBot/7.0; +http://ahrefs.com/robot/)"
164.92.175.159 - - [16/Apr/2025:02:53:46 -0400] "POST /xmlrpc.php HTTP/1.1" 200 186 "https://garantishell.com" "Mozilla/5.0 (Macintosh; Intel Mac OS X 14.3) AppleWebKit/614.31.14 (KHTML, like Gecko) Version/17.0.96 Safari/614.31.14"
198.54.114.83 - - [16/Apr/2025:02:53:53 -0400] "POST /wp-cron.php?doing_wp_cron=1744786430.9074850082397460937500 HTTP/1.1" 200 0 "-" "WordPress/6.8; https://garantishell.com"
