217.113.194.181 - - [16/Apr/2025:10:00:06 -0400] "GET /umzugsunternehmen-in-luneburg-ihr-partner-fur-einen-stressfreien-umzug-4/ HTTP/1.1" 200 11073 "-" "Mozilla/5.0 (compatible; Barkrowler/0.9; +https://babbar.tech/crawler)"
185.191.171.15 - - [16/Apr/2025:10:00:07 -0400] "GET /category/arts-entertainments/page/55/ HTTP/1.1" 200 10146 "-" "Mozilla/5.0 (compatible; SemrushBot/7~bl; +http://www.semrush.com/bot.html)"
51.222.253.5 - - [16/Apr/2025:10:02:04 -0400] "GET /author/admin/page/35/ HTTP/1.1" 200 9621 "-" "Mozilla/5.0 (compatible; AhrefsBot/7.0; +http://ahrefs.com/robot/)"
198.54.114.83 - - [16/Apr/2025:10:02:14 -0400] "POST /wp-cron.php?doing_wp_cron=1744812129.4312930107116699218750 HTTP/1.1" 200 0 "-" "WordPress/6.8; https://garantishell.com"
166.108.193.120 - - [16/Apr/2025:10:03:02 -0400] "GET /discovering-the-charm-of-a-lake-garda-resort/ HTTP/1.1" 200 10826 "https://garantishell.com/discovering-the-charm-of-a-lake-garda-resort/" "Mozilla/5.0 (Macintosh; Intel Mac OS X 10_15_7) AppleWebKit/537.36 (KHTML, like Gecko) Chrome/123.0.0.0 Safari/537.36"
104.160.17.122 - - [16/Apr/2025:10:04:08 -0400] "GET /why-professional-home-inspection-services-are-essential/ HTTP/1.1" 200 10730 "-" "Mozilla/5.0 (Macintosh; Intel Mac OS X 12_5) AppleWebKit/605.1.15 (KHTML, like Gecko) Version/15.4 Safari/605.1.15"
195.154.52.32 - - [16/Apr/2025:10:05:28 -0400] "GET /why-professional-home-inspection-services-are-essential/ HTTP/1.1" 200 10730 "-" "Mozilla/5.0 (X11; Ubuntu; Linux i686; rv:114.0) Gecko/20100101 Firefox/114.0"
195.154.52.32 - - [16/Apr/2025:10:05:34 -0400] "POST /wp-comments-post.php HTTP/1.1" 200 992 "https://garantishell.com/why-professional-home-inspection-services-are-essential/" "Mozilla/5.0 (X11; Ubuntu; Linux i686; rv:114.0) Gecko/20100101 Firefox/114.0"
198.54.114.83 - - [16/Apr/2025:10:05:45 -0400] "POST /wp-cron.php?doing_wp_cron=1744812339.6696279048919677734375 HTTP/1.1" 200 0 "-" "WordPress/6.8; https://garantishell.com"
195.154.52.32 - - [16/Apr/2025:10:05:46 -0400] "GET /why-professional-home-inspection-services-are-essential/ HTTP/1.1" 200 10730 "-" "Mozilla/5.0 (X11; Ubuntu; Linux i686; rv:114.0) Gecko/20100101 Firefox/114.0"
51.222.253.3 - - [16/Apr/2025:10:06:45 -0400] "GET /maximizing-reach-affordable-strategies-to-buy-youtube-views/ HTTP/1.1" 200 10865 "-" "Mozilla/5.0 (compatible; AhrefsBot/7.0; +http://ahrefs.com/robot/)"
198.54.114.83 - - [16/Apr/2025:10:06:48 -0400] "POST /wp-cron.php?doing_wp_cron=1744812405.6498351097106933593750 HTTP/1.1" 200 0 "-" "WordPress/6.8; https://garantishell.com"
216.244.66.241 - - [16/Apr/2025:10:06:54 -0400] "GET /category/digital-marketing/ HTTP/1.1" 200 7996 "-" "Mozilla/5.0 (compatible; DotBot/1.2; +https://opensiteexplorer.org/dotbot; help@moz.com)"
216.244.66.241 - - [16/Apr/2025:10:07:17 -0400] "GET /umzugsunternehmen-in-luneburg-ihr-partner-fur-einen-reibungslosen-umzug/ HTTP/1.1" 200 10914 "-" "Mozilla/5.0 (compatible; DotBot/1.2; +https://opensiteexplorer.org/dotbot; help@moz.com)"
192.186.191.166 - - [16/Apr/2025:10:07:26 -0400] "GET /why-professional-home-inspection-services-are-essential/ HTTP/1.1" 200 10730 "-" "Mozilla/5.0 (Macintosh; Intel Mac OS X 12_5) AppleWebKit/605.1.15 (KHTML, like Gecko) Version/15.4 Safari/605.1.15"
216.244.66.241 - - [16/Apr/2025:10:07:40 -0400] "GET /decouvrez-les-bienfaits-du-massage-thai-a-geneve/ HTTP/1.1" 200 10822 "-" "Mozilla/5.0 (compatible; DotBot/1.2; +https://opensiteexplorer.org/dotbot; help@moz.com)"
107.172.243.11 - - [16/Apr/2025:10:08:52 -0400] "POST /xmlrpc.php HTTP/1.1" 200 186 "https://garantishell.com" "Mozilla/5.0 (Macintosh; Intel Mac OS X 14.5) AppleWebKit/618.3.5 (KHTML, like Gecko) Version/17.4 Safari/618.3.5"
198.54.114.83 - - [16/Apr/2025:10:08:57 -0400] "POST /wp-cron.php?doing_wp_cron=1744812533.3972840309143066406250 HTTP/1.1" 200 0 "-" "WordPress/6.8; https://garantishell.com"
162.243.72.223 - - [16/Apr/2025:10:10:27 -0400] "GET /wp-login.php HTTP/1.1" 200 1734 "-" "GRequests/0.10"
162.243.72.223 - - [16/Apr/2025:10:10:31 -0400] "POST /wp-login.php HTTP/1.1" 200 1868 "-" "GRequests/0.10"
198.54.114.83 - - [16/Apr/2025:10:10:39 -0400] "POST /wp-cron.php?doing_wp_cron=1744812635.0375919342041015625000 HTTP/1.1" 200 0 "-" "WordPress/6.8; https://garantishell.com"
195.154.52.32 - - [16/Apr/2025:10:11:07 -0400] "GET /why-professional-home-inspection-services-are-essential/ HTTP/1.1" 200 10730 "-" "Mozilla/5.0 (Macintosh; Intel Mac OS X 12_5) AppleWebKit/605.1.15 (KHTML, like Gecko) Version/15.4 Safari/605.1.15"
51.222.253.20 - - [16/Apr/2025:10:11:10 -0400] "GET /serenity-by-the-stream-a-fishing-retreat-to-remember/ HTTP/1.1" 200 10647 "-" "Mozilla/5.0 (compatible; AhrefsBot/7.0; +http://ahrefs.com/robot/)"
101.44.24.234 - - [16/Apr/2025:10:14:44 -0400] "GET /lart-du-dessin-une-expression-creative-infinie/ HTTP/1.1" 200 10948 "https://garantishell.com/lart-du-dessin-une-expression-creative-infinie/" "Mozilla/5.0 (Macintosh; Intel Mac OS X 10_15_7) AppleWebKit/537.36 (KHTML, like Gecko) Chrome/131.0.0.0 Safari/537.36"
51.8.102.129 - - [16/Apr/2025:10:14:56 -0400] "GET /understanding-telegram-members/ HTTP/1.1" 200 10651 "-" "Mozilla/5.0 (Macintosh; Intel Mac OS X 10_15_7) AppleWebKit/537.36 (KHTML, like Gecko) Chrome/131.0.0.0 Safari/537.36; compatible; OAI-SearchBot/1.0; +https://openai.com/searchbot"
51.222.253.19 - - [16/Apr/2025:10:15:30 -0400] "GET /optimizing-the-movement-of-excavators-and-loaders/ HTTP/1.1" 200 10747 "-" "Mozilla/5.0 (compatible; AhrefsBot/7.0; +http://ahrefs.com/robot/)"
195.26.245.159 - - [16/Apr/2025:10:15:51 -0400] "GET /wp-login.php HTTP/1.1" 200 1734 "-" "GRequests/0.10"
195.26.245.159 - - [16/Apr/2025:10:15:54 -0400] "POST /wp-login.php HTTP/1.1" 200 1865 "-" "GRequests/0.10"
52.170.18.30 - - [16/Apr/2025:10:15:53 -0400] "GET /autoload_classmap.php HTTP/1.1" 404 7067 "-" "-"
198.54.114.83 - - [16/Apr/2025:10:16:02 -0400] "POST /wp-cron.php?doing_wp_cron=1744812958.0112841129302978515625 HTTP/1.1" 200 0 "-" "WordPress/6.8; https://garantishell.com"
185.191.171.6 - - [16/Apr/2025:10:16:02 -0400] "GET /robots.txt HTTP/1.1" 200 97 "-" "Mozilla/5.0 (compatible; SemrushBot/7~bl; +http://www.semrush.com/bot.html)"
198.54.114.83 - - [16/Apr/2025:10:16:02 -0400] "POST /wp-cron.php?doing_wp_cron=1744812958.0122249126434326171875 HTTP/1.1" 200 0 "-" "WordPress/6.8; https://garantishell.com"
85.208.96.204 - - [16/Apr/2025:10:16:07 -0400] "GET /the-ultimate-guide-to-taking-a-taxi-from-heathrow/ HTTP/1.1" 200 11113 "-" "Mozilla/5.0 (compatible; SemrushBot/7~bl; +http://www.semrush.com/bot.html)"
52.170.18.30 - - [16/Apr/2025:10:16:09 -0400] "GET /post.php HTTP/1.1" 404 7068 "-" "-"
52.170.18.30 - - [16/Apr/2025:10:16:24 -0400] "GET /1.php HTTP/1.1" 404 7068 "-" "-"
52.170.18.30 - - [16/Apr/2025:10:16:37 -0400] "GET /flower.php HTTP/1.1" 404 7068 "-" "-"
52.170.18.30 - - [16/Apr/2025:10:16:48 -0400] "GET /admin.php HTTP/1.1" 404 7068 "-" "-"
52.170.18.30 - - [16/Apr/2025:10:16:59 -0400] "GET /file.php HTTP/1.1" 404 7068 "-" "-"
198.54.114.83 - - [16/Apr/2025:10:17:04 -0400] "POST /wp-cron.php?doing_wp_cron=1744813020.0988340377807617187500 HTTP/1.1" 200 0 "-" "WordPress/6.8; https://garantishell.com"
52.170.18.30 - - [16/Apr/2025:10:17:10 -0400] "GET /meta.php HTTP/1.1" 404 7068 "-" "-"
52.170.18.30 - - [16/Apr/2025:10:17:19 -0400] "GET /index.php HTTP/1.1" 301 0 "-" "-"
66.249.77.134 - - [16/Apr/2025:10:17:22 -0400] "GET /medecin-esthetique-a-rouen-pour-une-beaute-naturelle-et-harmonieuse/feed/ HTTP/1.1" 200 459 "-" "Mozilla/5.0 (Linux; Android 6.0.1; Nexus 5X Build/MMB29P) AppleWebKit/537.36 (KHTML, like Gecko) Chrome/135.0.7049.84 Mobile Safari/537.36 (compatible; Googlebot/2.1; +http://www.google.com/bot.html)"
52.170.18.30 - - [16/Apr/2025:10:17:23 -0400] "GET / HTTP/1.1" 200 9478 "-" "-"
52.170.18.30 - - [16/Apr/2025:10:17:32 -0400] "GET /about.php HTTP/1.1" 404 7068 "-" "-"
52.170.18.30 - - [16/Apr/2025:10:17:42 -0400] "GET /randkeyword.php HTTP/1.1" 404 7068 "-" "-"
52.170.18.30 - - [16/Apr/2025:10:17:50 -0400] "GET /goods.php HTTP/1.1" 404 7068 "-" "-"
52.170.18.30 - - [16/Apr/2025:10:17:58 -0400] "GET /hehe.php HTTP/1.1" 404 7068 "-" "-"
52.170.18.30 - - [16/Apr/2025:10:18:05 -0400] "GET /yindu.php HTTP/1.1" 404 7068 "-" "-"
198.54.114.83 - - [16/Apr/2025:10:18:09 -0400] "POST /wp-cron.php?doing_wp_cron=1744813085.3523490428924560546875 HTTP/1.1" 200 0 "-" "WordPress/6.8; https://garantishell.com"
52.170.18.30 - - [16/Apr/2025:10:18:13 -0400] "GET /wp-admin/class-db.php HTTP/1.1" 404 7068 "-" "-"
52.170.18.30 - - [16/Apr/2025:10:18:20 -0400] "GET /baxa1.phP8 HTTP/1.1" 404 7068 "-" "-"
52.170.18.30 - - [16/Apr/2025:10:18:25 -0400] "GET /baxa1.php HTTP/1.1" 404 7068 "-" "-"
52.170.18.30 - - [16/Apr/2025:10:18:29 -0400] "GET /.well-known/index.php HTTP/1.1" 301 0 "-" "-"
52.170.18.30 - - [16/Apr/2025:10:18:31 -0400] "GET /.well-known/ HTTP/1.1" 403 1242 "-" "-"
52.170.18.30 - - [16/Apr/2025:10:18:34 -0400] "GET /libraries/phpmailer/index.php HTTP/1.1" 301 0 "-" "-"
52.170.18.30 - - [16/Apr/2025:10:18:37 -0400] "GET /libraries/phpmailer/ HTTP/1.1" 404 7068 "-" "-"
52.170.18.30 - - [16/Apr/2025:10:18:42 -0400] "GET /wp-admin/autoload_classmap.php HTTP/1.1" 404 7068 "-" "-"
52.170.18.30 - - [16/Apr/2025:10:18:48 -0400] "GET /wp-admin/css/colors/blue/1.php HTTP/1.1" 404 7068 "-" "-"
52.170.18.30 - - [16/Apr/2025:10:18:55 -0400] "GET /wp-content/plugins/about.php HTTP/1.1" 404 7068 "-" "-"
52.170.18.30 - - [16/Apr/2025:10:19:02 -0400] "GET /wp-content/plugins/index.php HTTP/1.1" 200 0 "-" "-"
52.170.18.30 - - [16/Apr/2025:10:19:08 -0400] "GET /wp-content/plugins/about.php HTTP/1.1" 404 7068 "-" "-"
52.170.18.30 - - [16/Apr/2025:10:19:13 -0400] "GET /wp-content/uploads/BbUMY/flower.php HTTP/1.1" 404 7067 "-" "-"
198.54.114.83 - - [16/Apr/2025:10:19:16 -0400] "POST /wp-cron.php?doing_wp_cron=1744813154.3645150661468505859375 HTTP/1.1" 200 0 "-" "WordPress/6.8; https://garantishell.com"
52.170.18.30 - - [16/Apr/2025:10:19:21 -0400] "GET /wp-includes/ID3/file.php HTTP/1.1" 404 7067 "-" "-"
185.191.171.17 - - [16/Apr/2025:10:19:26 -0400] "GET /umzugsfirma-hamburg/ HTTP/1.1" 200 9839 "-" "Mozilla/5.0 (compatible; SemrushBot/7~bl; +http://www.semrush.com/bot.html)"
52.170.18.30 - - [16/Apr/2025:10:19:28 -0400] "GET /wp-includes/Text/Diff/Engine/about.php HTTP/1.1" 404 7067 "-" "-"
52.170.18.30 - - [16/Apr/2025:10:19:34 -0400] "GET /wp-includes/Text/Diff/Engine/index.php HTTP/1.1" 301 0 "-" "-"
52.170.18.30 - - [16/Apr/2025:10:19:38 -0400] "GET /wp-includes/Text/Diff/Engine/ HTTP/1.1" 403 1242 "-" "-"
52.170.18.30 - - [16/Apr/2025:10:19:44 -0400] "GET /wp-includes/css/index.php HTTP/1.1" 301 0 "-" "-"
52.170.18.30 - - [16/Apr/2025:10:19:47 -0400] "GET /wp-includes/css/ HTTP/1.1" 403 1242 "-" "-"
52.170.18.30 - - [16/Apr/2025:10:19:52 -0400] "GET /wp-includes/css/xc.php HTTP/1.1" 404 7067 "-" "-"
52.170.18.30 - - [16/Apr/2025:10:19:58 -0400] "GET /wp-includes/images/about.php HTTP/1.1" 404 7067 "-" "-"
51.222.253.6 - - [16/Apr/2025:10:20:01 -0400] "GET /finding-the-best-situs-slot-gacor-for-big-wins/ HTTP/1.1" 200 11045 "-" "Mozilla/5.0 (compatible; AhrefsBot/7.0; +http://ahrefs.com/robot/)"
52.170.18.30 - - [16/Apr/2025:10:20:07 -0400] "GET /wp-includes/images/crystal/index.php HTTP/1.1" 301 0 "-" "-"
52.170.18.30 - - [16/Apr/2025:10:20:13 -0400] "GET /wp-includes/images/crystal/ HTTP/1.1" 403 1242 "-" "-"
52.170.18.30 - - [16/Apr/2025:10:20:21 -0400] "GET /wp/index.php HTTP/1.1" 301 0 "-" "-"
198.54.114.83 - - [16/Apr/2025:10:20:25 -0400] "POST /wp-cron.php?doing_wp_cron=1744813221.4570589065551757812500 HTTP/1.1" 200 0 "-" "WordPress/6.8; https://garantishell.com"
52.170.18.30 - - [16/Apr/2025:10:20:26 -0400] "GET /wp/ HTTP/1.1" 404 7067 "-" "-"
52.170.18.30 - - [16/Apr/2025:10:20:32 -0400] "GET /user.php HTTP/1.1" 404 7068 "-" "-"
52.170.18.30 - - [16/Apr/2025:10:20:39 -0400] "GET /wp-2019.php HTTP/1.1" 404 7068 "-" "-"
52.170.18.30 - - [16/Apr/2025:10:20:45 -0400] "GET /chosen.php HTTP/1.1" 404 7068 "-" "-"
52.170.18.30 - - [16/Apr/2025:10:20:52 -0400] "GET /functions.php HTTP/1.1" 404 7067 "-" "-"
52.170.18.30 - - [16/Apr/2025:10:20:59 -0400] "GET /cron.php HTTP/1.1" 404 7068 "-" "-"
52.170.18.30 - - [16/Apr/2025:10:21:08 -0400] "GET /edit.php HTTP/1.1" 404 7068 "-" "-"
52.170.18.30 - - [16/Apr/2025:10:21:17 -0400] "GET /gecko-new.php HTTP/1.1" 404 7068 "-" "-"
52.170.18.30 - - [16/Apr/2025:10:21:25 -0400] "GET /cookie.php HTTP/1.1" 404 7068 "-" "-"
198.54.114.83 - - [16/Apr/2025:10:21:30 -0400] "POST /wp-cron.php?doing_wp_cron=1744813285.5997800827026367187500 HTTP/1.1" 200 0 "-" "WordPress/6.8; https://garantishell.com"
52.170.18.30 - - [16/Apr/2025:10:21:37 -0400] "GET /xleet.php HTTP/1.1" 404 7068 "-" "-"
52.170.18.30 - - [16/Apr/2025:10:21:46 -0400] "GET /spip.php HTTP/1.1" 404 7068 "-" "-"
52.170.18.30 - - [16/Apr/2025:10:21:53 -0400] "GET /22.php HTTP/1.1" 404 7068 "-" "-"
52.170.18.30 - - [16/Apr/2025:10:22:00 -0400] "GET /room.php HTTP/1.1" 404 7068 "-" "-"
52.170.18.30 - - [16/Apr/2025:10:22:06 -0400] "GET /disagreed.php HTTP/1.1" 404 7067 "-" "-"
52.170.18.30 - - [16/Apr/2025:10:22:13 -0400] "GET /text.php HTTP/1.1" 404 7068 "-" "-"
52.170.18.30 - - [16/Apr/2025:10:22:19 -0400] "GET /alfa-rex.php HTTP/1.1" 404 7067 "-" "-"
52.170.18.30 - - [16/Apr/2025:10:22:25 -0400] "GET /alfa-rex.php7 HTTP/1.1" 404 7067 "-" "-"
198.54.114.83 - - [16/Apr/2025:10:22:28 -0400] "POST /wp-cron.php?doing_wp_cron=1744813345.8109090328216552734375 HTTP/1.1" 200 0 "-" "WordPress/6.8; https://garantishell.com"
52.170.18.30 - - [16/Apr/2025:10:22:31 -0400] "GET /feeds.php HTTP/1.1" 404 7068 "-" "-"
52.170.18.30 - - [16/Apr/2025:10:22:37 -0400] "GET /radio.php HTTP/1.1" 404 7068 "-" "-"
52.170.18.30 - - [16/Apr/2025:10:22:44 -0400] "GET /dropdown.php HTTP/1.1" 404 7068 "-" "-"
52.170.18.30 - - [16/Apr/2025:10:22:54 -0400] "GET /defaults.php HTTP/1.1" 404 7068 "-" "-"
52.170.18.30 - - [16/Apr/2025:10:23:03 -0400] "GET /system.php HTTP/1.1" 404 7068 "-" "-"
52.170.18.30 - - [16/Apr/2025:10:23:13 -0400] "GET /xmlrpc.php HTTP/1.1" 405 46 "-" "-"
85.208.96.195 - - [16/Apr/2025:10:23:16 -0400] "GET /exploring-the-world-of-online-casinos-a-comprehensive-guide/ HTTP/1.1" 200 11121 "-" "Mozilla/5.0 (compatible; SemrushBot/7~bl; +http://www.semrush.com/bot.html)"
52.170.18.30 - - [16/Apr/2025:10:23:21 -0400] "GET /xmlrpc.php0 HTTP/1.1" 404 7068 "-" "-"
52.170.18.30 - - [16/Apr/2025:10:23:29 -0400] "GET /colors.php HTTP/1.1" 404 7069 "-" "-"
198.54.114.83 - - [16/Apr/2025:10:23:34 -0400] "POST /wp-cron.php?doing_wp_cron=1744813410.6683530807495117187500 HTTP/1.1" 200 0 "-" "WordPress/6.8; https://garantishell.com"
85.208.96.197 - - [16/Apr/2025:10:23:38 -0400] "GET /2024/03/page/5/ HTTP/1.1" 200 8754 "-" "Mozilla/5.0 (compatible; SemrushBot/7~bl; +http://www.semrush.com/bot.html)"
52.170.18.30 - - [16/Apr/2025:10:23:41 -0400] "GET /updates.php HTTP/1.1" 404 7068 "-" "-"
52.170.18.30 - - [16/Apr/2025:10:23:49 -0400] "GET /alfa-rex1.php HTTP/1.1" 404 7067 "-" "-"
52.170.18.30 - - [16/Apr/2025:10:23:56 -0400] "GET /wp-index.php HTTP/1.1" 404 7069 "-" "-"
52.170.18.30 - - [16/Apr/2025:10:24:00 -0400] "GET /wp-admin.php HTTP/1.1" 404 7068 "-" "-"
52.170.18.30 - - [16/Apr/2025:10:24:07 -0400] "GET /alfa.php HTTP/1.1" 404 7068 "-" "-"
52.170.18.30 - - [16/Apr/2025:10:24:15 -0400] "GET /alfanew.php7 HTTP/1.1" 404 7068 "-" "-"
52.170.18.30 - - [16/Apr/2025:10:24:22 -0400] "GET /locale.php HTTP/1.1" 404 7069 "-" "-"
52.170.18.30 - - [16/Apr/2025:10:24:29 -0400] "GET /wxo.php HTTP/1.1" 404 7069 "-" "-"
198.54.114.83 - - [16/Apr/2025:10:24:34 -0400] "POST /wp-cron.php?doing_wp_cron=1744813471.0066258907318115234375 HTTP/1.1" 200 0 "-" "WordPress/6.8; https://garantishell.com"
51.222.253.7 - - [16/Apr/2025:10:24:27 -0400] "GET /rechtsanwalt-in-hattingen-fur-ihre-rechtlichen-anliegen/ HTTP/1.1" 200 10837 "-" "Mozilla/5.0 (compatible; AhrefsBot/7.0; +http://ahrefs.com/robot/)"
52.170.18.30 - - [16/Apr/2025:10:24:37 -0400] "GET /colour.php HTTP/1.1" 404 7068 "-" "-"
52.170.18.30 - - [16/Apr/2025:10:24:51 -0400] "GET /files.php HTTP/1.1" 404 7068 "-" "-"
52.170.18.30 - - [16/Apr/2025:10:25:00 -0400] "GET /install.php HTTP/1.1" 404 7068 "-" "-"
52.170.18.30 - - [16/Apr/2025:10:25:14 -0400] "GET /wp-contentt.php HTTP/1.1" 404 7068 "-" "-"
52.170.18.30 - - [16/Apr/2025:10:25:25 -0400] "GET /config.php7 HTTP/1.1" 404 7068 "-" "-"
52.170.18.30 - - [16/Apr/2025:10:25:37 -0400] "GET /config.php HTTP/1.1" 404 7069 "-" "-"
52.170.18.30 - - [16/Apr/2025:10:25:50 -0400] "GET /theme.php HTTP/1.1" 404 7068 "-" "-"
85.208.96.196 - - [16/Apr/2025:10:26:02 -0400] "GET /celebrating-pesach-2025-exciting-programs-ahead/ HTTP/1.1" 200 10807 "-" "Mozilla/5.0 (compatible; SemrushBot/7~bl; +http://www.semrush.com/bot.html)"
52.170.18.30 - - [16/Apr/2025:10:26:05 -0400] "GET /block-bindings.php HTTP/1.1" 404 7068 "-" "-"
52.170.18.30 - - [16/Apr/2025:10:26:19 -0400] "GET /class_api.php HTTP/1.1" 404 7067 "-" "-"
190.92.215.20 - - [16/Apr/2025:10:26:27 -0400] "GET /crafting-your-ultimate-resume-a-step-by-step-guide/ HTTP/1.1" 200 10730 "https://garantishell.com/crafting-your-ultimate-resume-a-step-by-step-guide/#primary" "Mozilla/5.0 (Windows NT 10.0; Win64; x64) AppleWebKit/537.36 (KHTML, like Gecko) Chrome/101.0.4951.67 Safari/537.36"
52.170.18.30 - - [16/Apr/2025:10:26:31 -0400] "GET /inputs.php HTTP/1.1" 404 7068 "-" "-"
52.170.18.30 - - [16/Apr/2025:10:26:42 -0400] "GET /root.php HTTP/1.1" 404 7069 "-" "-"
198.54.114.83 - - [16/Apr/2025:10:26:48 -0400] "POST /wp-cron.php?doing_wp_cron=1744813602.5689918994903564453125 HTTP/1.1" 200 0 "-" "WordPress/6.8; https://garantishell.com"
52.170.18.30 - - [16/Apr/2025:10:26:56 -0400] "GET /menu.php HTTP/1.1" 404 7068 "-" "-"
128.199.215.55 - - [16/Apr/2025:10:26:59 -0400] "GET //wp-includes/ID3/license.txt HTTP/1.1" 200 414 "-" "Mozilla/5.0 (Windows NT 10.0; Win64; x64) AppleWebKit/537.36 (KHTML, like Gecko) Chrome/95.0.4638.69 Safari/537.36"
128.199.215.55 - - [16/Apr/2025:10:27:05 -0400] "GET //feed/ HTTP/1.1" 301 0 "-" "Mozilla/5.0 (Windows NT 10.0; Win64; x64) AppleWebKit/537.36 (KHTML, like Gecko) Chrome/95.0.4638.69 Safari/537.36"
52.170.18.30 - - [16/Apr/2025:10:27:08 -0400] "GET /plugin.php HTTP/1.1" 404 7068 "-" "-"
128.199.215.55 - - [16/Apr/2025:10:27:11 -0400] "GET //blog/wp-includes/wlwmanifest.xml HTTP/1.1" 301 0 "-" "Mozilla/5.0 (Windows NT 10.0; Win64; x64) AppleWebKit/537.36 (KHTML, like Gecko) Chrome/95.0.4638.69 Safari/537.36"
128.199.215.55 - - [16/Apr/2025:10:27:16 -0400] "GET //web/wp-includes/wlwmanifest.xml HTTP/1.1" 301 0 "-" "Mozilla/5.0 (Windows NT 10.0; Win64; x64) AppleWebKit/537.36 (KHTML, like Gecko) Chrome/95.0.4638.69 Safari/537.36"
52.170.18.30 - - [16/Apr/2025:10:27:17 -0400] "GET /cloud.php HTTP/1.1" 404 7068 "-" "-"
128.199.215.55 - - [16/Apr/2025:10:27:22 -0400] "GET //wordpress/wp-includes/wlwmanifest.xml HTTP/1.1" 301 0 "-" "Mozilla/5.0 (Windows NT 10.0; Win64; x64) AppleWebKit/537.36 (KHTML, like Gecko) Chrome/95.0.4638.69 Safari/537.36"
128.199.215.55 - - [16/Apr/2025:10:27:26 -0400] "GET //wp/wp-includes/wlwmanifest.xml HTTP/1.1" 301 0 "-" "Mozilla/5.0 (Windows NT 10.0; Win64; x64) AppleWebKit/537.36 (KHTML, like Gecko) Chrome/95.0.4638.69 Safari/537.36"
52.170.18.30 - - [16/Apr/2025:10:27:27 -0400] "GET /configs.php HTTP/1.1" 404 7067 "-" "-"
128.199.215.55 - - [16/Apr/2025:10:27:32 -0400] "GET //2020/wp-includes/wlwmanifest.xml HTTP/1.1" 301 0 "-" "Mozilla/5.0 (Windows NT 10.0; Win64; x64) AppleWebKit/537.36 (KHTML, like Gecko) Chrome/95.0.4638.69 Safari/537.36"
52.170.18.30 - - [16/Apr/2025:10:27:36 -0400] "GET /wp-configs.php HTTP/1.1" 404 7068 "-" "-"
128.199.215.55 - - [16/Apr/2025:10:27:37 -0400] "GET //2019/wp-includes/wlwmanifest.xml HTTP/1.1" 301 0 "-" "Mozilla/5.0 (Windows NT 10.0; Win64; x64) AppleWebKit/537.36 (KHTML, like Gecko) Chrome/95.0.4638.69 Safari/537.36"
128.199.215.55 - - [16/Apr/2025:10:27:41 -0400] "GET //2021/wp-includes/wlwmanifest.xml HTTP/1.1" 301 0 "-" "Mozilla/5.0 (Windows NT 10.0; Win64; x64) AppleWebKit/537.36 (KHTML, like Gecko) Chrome/95.0.4638.69 Safari/537.36"
128.199.215.55 - - [16/Apr/2025:10:27:46 -0400] "GET //shop/wp-includes/wlwmanifest.xml HTTP/1.1" 301 0 "-" "Mozilla/5.0 (Windows NT 10.0; Win64; x64) AppleWebKit/537.36 (KHTML, like Gecko) Chrome/95.0.4638.69 Safari/537.36"
52.170.18.30 - - [16/Apr/2025:10:27:45 -0400] "GET /update.php HTTP/1.1" 404 7068 "-" "-"
198.54.114.83 - - [16/Apr/2025:10:27:50 -0400] "POST /wp-cron.php?doing_wp_cron=1744813665.9793829917907714843750 HTTP/1.1" 200 0 "-" "WordPress/6.8; https://garantishell.com"
128.199.215.55 - - [16/Apr/2025:10:27:51 -0400] "GET //wp1/wp-includes/wlwmanifest.xml HTTP/1.1" 301 0 "-" "Mozilla/5.0 (Windows NT 10.0; Win64; x64) AppleWebKit/537.36 (KHTML, like Gecko) Chrome/95.0.4638.69 Safari/537.36"
128.199.215.55 - - [16/Apr/2025:10:27:56 -0400] "GET //test/wp-includes/wlwmanifest.xml HTTP/1.1" 301 0 "-" "Mozilla/5.0 (Windows NT 10.0; Win64; x64) AppleWebKit/537.36 (KHTML, like Gecko) Chrome/95.0.4638.69 Safari/537.36"
52.170.18.30 - - [16/Apr/2025:10:27:56 -0400] "GET /2.php HTTP/1.1" 404 7068 "-" "-"
128.199.215.55 - - [16/Apr/2025:10:28:00 -0400] "GET //site/wp-includes/wlwmanifest.xml HTTP/1.1" 301 0 "-" "Mozilla/5.0 (Windows NT 10.0; Win64; x64) AppleWebKit/537.36 (KHTML, like Gecko) Chrome/95.0.4638.69 Safari/537.36"
52.170.18.30 - - [16/Apr/2025:10:28:04 -0400] "GET /input.php HTTP/1.1" 404 7068 "-" "-"
128.199.215.55 - - [16/Apr/2025:10:28:04 -0400] "GET //cms/wp-includes/wlwmanifest.xml HTTP/1.1" 301 0 "-" "Mozilla/5.0 (Windows NT 10.0; Win64; x64) AppleWebKit/537.36 (KHTML, like Gecko) Chrome/95.0.4638.69 Safari/537.36"
52.170.18.30 - - [16/Apr/2025:10:28:13 -0400] "GET /aaa.php HTTP/1.1" 404 7068 "-" "-"
216.244.66.241 - - [16/Apr/2025:10:28:31 -0400] "GET /page/20/?SA HTTP/1.1" 200 9684 "-" "Mozilla/5.0 (compatible; DotBot/1.2; +https://opensiteexplorer.org/dotbot; help@moz.com)"
51.222.253.9 - - [16/Apr/2025:10:29:13 -0400] "GET /page/36/ HTTP/1.1" 200 9647 "-" "Mozilla/5.0 (compatible; AhrefsBot/7.0; +http://ahrefs.com/robot/)"
198.54.114.83 - - [16/Apr/2025:10:29:19 -0400] "POST /wp-cron.php?doing_wp_cron=1744813754.3648409843444824218750 HTTP/1.1" 200 0 "-" "WordPress/6.8; https://garantishell.com"
2001:41d0:2:3ea5:: - - [16/Apr/2025:10:30:17 -0400] "POST /xmlrpc.php HTTP/1.1" 200 186 "https://garantishell.com" "Mozilla/5.0 (Macintosh; Intel Mac OS X 14.5) AppleWebKit/618.3.5 (KHTML, like Gecko) Version/17.4 Safari/618.3.5"
35.226.196.179 - - [16/Apr/2025:10:31:15 -0400] "POST /xmlrpc.php HTTP/1.1" 200 205 "-" "Mozilla/5.0 (X11; Fedora; Linux x86_64; rv:94.0) Gecko/20100101 Firefox/95.0"
51.222.253.16 - - [16/Apr/2025:10:33:25 -0400] "GET /the-charm-of-sonoma-properties/ HTTP/1.1" 200 10617 "-" "Mozilla/5.0 (compatible; AhrefsBot/7.0; +http://ahrefs.com/robot/)"
51.222.253.2 - - [16/Apr/2025:10:37:58 -0400] "GET /the-marvel-of-careprost/feed/ HTTP/1.1" 304 0 "-" "Mozilla/5.0 (compatible; AhrefsBot/7.0; +http://ahrefs.com/robot/)"
198.54.114.83 - - [16/Apr/2025:10:38:08 -0400] "POST /wp-cron.php?doing_wp_cron=1744814283.6266460418701171875000 HTTP/1.1" 200 0 "-" "WordPress/6.8; https://garantishell.com"
166.108.226.22 - - [16/Apr/2025:10:38:08 -0400] "GET /unlock-the-benefits-of-small-payment-gift-certificates/ HTTP/1.1" 200 10650 "https://garantishell.com/unlock-the-benefits-of-small-payment-gift-certificates/" "Mozilla/5.0 (Windows NT 10.0; Win64; x64) AppleWebKit/537.36 (KHTML, like Gecko) Chrome/116.0.0.0 Safari/537.36"
185.179.24.14 - - [16/Apr/2025:10:40:37 -0400] "POST /xmlrpc.php HTTP/1.1" 200 186 "https://garantishell.com" "Mozilla/5.0 (Macintosh; Intel Mac OS X 10_15_7) AppleWebKit/537.36 (KHTML, like Gecko) Chrome/113.0.5672.93 Safari/537.36"
198.54.114.83 - - [16/Apr/2025:10:40:44 -0400] "POST /wp-cron.php?doing_wp_cron=1744814441.9630649089813232421875 HTTP/1.1" 200 0 "-" "WordPress/6.8; https://garantishell.com"
185.21.13.119 - - [16/Apr/2025:10:42:06 -0400] "GET / HTTP/1.1" 200 9478 "-" "Mozilla/5.0 (Macintosh; Intel Mac OS X 10_15_7) AppleWebKit/537.36 (KHTML, like Gecko) Chrome/133.0.0.0 Safari/537.36"
185.21.13.119 - - [16/Apr/2025:10:42:10 -0400] "GET /comments/feed/ HTTP/1.1" 200 368 "-" "Mozilla/5.0 (Macintosh; Intel Mac OS X 10_15_7) AppleWebKit/537.36 (KHTML, like Gecko) Chrome/133.0.0.0 Safari/537.36"
51.222.253.3 - - [16/Apr/2025:10:42:06 -0400] "GET /strandclubs-am-gardasee-ein-paradies-am-wasser/feed/ HTTP/1.1" 304 0 "-" "Mozilla/5.0 (compatible; AhrefsBot/7.0; +http://ahrefs.com/robot/)"
198.54.114.83 - - [16/Apr/2025:10:42:13 -0400] "POST /wp-cron.php?doing_wp_cron=1744814530.0929529666900634765625 HTTP/1.1" 200 0 "-" "WordPress/6.8; https://garantishell.com"
185.21.13.119 - - [16/Apr/2025:10:42:15 -0400] "GET /category/shopping-product-reviews/ HTTP/1.1" 200 8025 "-" "Mozilla/5.0 (Macintosh; Intel Mac OS X 10_15_7) AppleWebKit/537.36 (KHTML, like Gecko) Chrome/133.0.0.0 Safari/537.36"
185.21.13.119 - - [16/Apr/2025:10:42:20 -0400] "GET /category/shopping-product-reviews/feed/ HTTP/1.1" 200 457 "-" "Mozilla/5.0 (Macintosh; Intel Mac OS X 10_15_7) AppleWebKit/537.36 (KHTML, like Gecko) Chrome/133.0.0.0 Safari/537.36"
185.21.13.119 - - [16/Apr/2025:10:42:34 -0400] "GET /category/technology/ HTTP/1.1" 200 8430 "-" "Mozilla/5.0 (Macintosh; Intel Mac OS X 10_15_7) AppleWebKit/537.36 (KHTML, like Gecko) Chrome/133.0.0.0 Safari/537.36"
185.21.13.119 - - [16/Apr/2025:10:42:39 -0400] "GET /category/technology/feed/ HTTP/1.1" 200 1755 "-" "Mozilla/5.0 (Macintosh; Intel Mac OS X 10_15_7) AppleWebKit/537.36 (KHTML, like Gecko) Chrome/133.0.0.0 Safari/537.36"
216.244.66.241 - - [16/Apr/2025:10:44:45 -0400] "GET /robots.txt HTTP/1.1" 304 0 "-" "Mozilla/5.0 (compatible; DotBot/1.2; +https://opensiteexplorer.org/dotbot; help@moz.com)"
2a03:2880:f800:12:: - - [16/Apr/2025:10:45:36 -0400] "GET /choosing-the-best-vacuum-pump-a-comprehensive-guide/ HTTP/1.1" 200 10543 "-" "meta-externalagent/1.1 (+https://developers.facebook.com/docs/sharing/webmasters/crawler)"
162.243.72.223 - - [16/Apr/2025:10:45:53 -0400] "GET /wp-login.php HTTP/1.1" 200 1734 "-" "GRequests/0.10"
51.222.253.9 - - [16/Apr/2025:10:45:59 -0400] "GET /rechtsanwalt/ HTTP/1.1" 200 10388 "-" "Mozilla/5.0 (compatible; AhrefsBot/7.0; +http://ahrefs.com/robot/)"
162.243.72.223 - - [16/Apr/2025:10:45:57 -0400] "POST /wp-login.php HTTP/1.1" 200 1870 "-" "GRequests/0.10"
198.54.114.83 - - [16/Apr/2025:10:46:06 -0400] "POST /wp-cron.php?doing_wp_cron=1744814761.5515708923339843750000 HTTP/1.1" 200 0 "-" "WordPress/6.8; https://garantishell.com"
124.243.184.233 - - [16/Apr/2025:10:49:56 -0400] "GET /traitement-de-lhyperhidrose-par-botox-a-rouen-une-solution-efficace/ HTTP/1.1" 200 11227 "https://garantishell.com/traitement-de-lhyperhidrose-par-botox-a-rouen-une-solution-efficace/" "Mozilla/5.0 (Windows NT 10.0; Win64; x64) AppleWebKit/537.36 (KHTML, like Gecko) Chrome/107.0.0.0 Safari/537.36"
51.222.253.8 - - [16/Apr/2025:10:50:18 -0400] "GET /the-art-and-ethics-of-high-quality-nude-photography/feed/ HTTP/1.1" 200 424 "-" "Mozilla/5.0 (compatible; AhrefsBot/7.0; +http://ahrefs.com/robot/)"
162.241.126.57 - - [16/Apr/2025:10:51:02 -0400] "POST /xmlrpc.php HTTP/1.1" 200 0 "https://garantishell.com" "Mozilla/5.0 (Windows NT 10.0; Win64; x64) AppleWebKit/537.36 (KHTML, like Gecko) Chrome/115.0.5790.171 Safari/537.36 Edg/115.0.1901.203"
216.244.66.241 - - [16/Apr/2025:10:52:57 -0400] "GET /category/beauty/ HTTP/1.1" 200 7997 "-" "Mozilla/5.0 (compatible; DotBot/1.2; +https://opensiteexplorer.org/dotbot; help@moz.com)"
51.222.253.2 - - [16/Apr/2025:10:54:02 -0400] "GET /professionelle-unterstutzung-bei-der-wohnungsauflosung/feed/ HTTP/1.1" 304 0 "-" "Mozilla/5.0 (compatible; AhrefsBot/7.0; +http://ahrefs.com/robot/)"
185.191.171.12 - - [16/Apr/2025:10:55:36 -0400] "GET /choosing-the-right-breast-pump-for-your-needs/ HTTP/1.1" 200 10685 "-" "Mozilla/5.0 (compatible; SemrushBot/7~bl; +http://www.semrush.com/bot.html)"
216.244.66.241 - - [16/Apr/2025:10:57:25 -0400] "GET /charming-homes-and-villas-for-sale-in-southern-spain/feed/ HTTP/1.1" 200 425 "-" "Mozilla/5.0 (compatible; DotBot/1.2; +https://opensiteexplorer.org/dotbot; help@moz.com)"
51.222.253.8 - - [16/Apr/2025:10:57:54 -0400] "GET /der-weg-zum-erfolg-law-tutor/feed/ HTTP/1.1" 200 401 "-" "Mozilla/5.0 (compatible; AhrefsBot/7.0; +http://ahrefs.com/robot/)"
66.249.77.131 - - [16/Apr/2025:10:58:30 -0400] "GET /2023/09/ HTTP/1.1" 200 8711 "-" "Mozilla/5.0 (Linux; Android 6.0.1; Nexus 5X Build/MMB29P) AppleWebKit/537.36 (KHTML, like Gecko) Chrome/135.0.7049.84 Mobile Safari/537.36 (compatible; Googlebot/2.1; +http://www.google.com/bot.html)"
2a02:598:96:8a00::1200:134 - - [16/Apr/2025:10:58:48 -0400] "GET /category/gaming/ HTTP/1.1" 200 8403 "-" "Mozilla/5.0 (compatible; SeznamBot/4.0; +https://o-seznam.cz/napoveda/vyhledavani/en/seznambot-crawler/)"
2a02:598:96:8a00::1200:134 - - [16/Apr/2025:10:58:48 -0400] "GET /robots.txt HTTP/1.1" 200 97 "-" "Mozilla/5.0 (compatible; SeznamBot/4.0; +https://o-seznam.cz/napoveda/vyhledavani/en/seznambot-crawler/)"
114.235.63.221 - - [16/Apr/2025:10:58:50 -0400] "GET /strandclubs-am-gardasee-ein-paradies-am-wasser/ HTTP/1.1" 200 10527 "-" "Mozilla/5.0 (Macintosh; Intel Mac OS X 12_5) AppleWebKit/537.36 (KHTML, like Gecko) Chrome/114.0.0.0 Safari/537.36 OPR/89.0.4447.51"
114.235.63.221 - - [16/Apr/2025:10:58:56 -0400] "POST /wp-comments-post.php HTTP/1.1" 302 0 "https://garantishell.com/strandclubs-am-gardasee-ein-paradies-am-wasser/" "Mozilla/5.0 (Macintosh; Intel Mac OS X 12_5) AppleWebKit/537.36 (KHTML, like Gecko) Chrome/114.0.0.0 Safari/537.36 OPR/89.0.4447.51"
114.235.63.221 - - [16/Apr/2025:10:59:28 -0400] "GET /strandclubs-am-gardasee-ein-paradies-am-wasser/?unapproved=4316&moderation-hash=275ba6bfee674067e6b04ae172c4e805 HTTP/1.1" 200 11189 "https://garantishell.com/wp-comments-post.php" "Mozilla/5.0 (Macintosh; Intel Mac OS X 12_5) AppleWebKit/537.36 (KHTML, like Gecko) Chrome/114.0.0.0 Safari/537.36 OPR/89.0.4447.51"
114.235.63.221 - - [16/Apr/2025:10:59:41 -0400] "GET /strandclubs-am-gardasee-ein-paradies-am-wasser/ HTTP/1.1" 200 10527 "-" "Mozilla/5.0 (Macintosh; Intel Mac OS X 12_5) AppleWebKit/537.36 (KHTML, like Gecko) Chrome/114.0.0.0 Safari/537.36 OPR/89.0.4447.51"
114.235.63.221 - - [16/Apr/2025:11:00:46 -0400] "GET /strandclubs-am-gardasee-ein-paradies-am-wasser/ HTTP/1.1" 200 10527 "-" "Mozilla/5.0 (Macintosh; Intel Mac OS X 12_5) AppleWebKit/605.1.15 (KHTML, like Gecko) Version/15.4 Safari/605.1.15"
162.0.215.103 - - [16/Apr/2025:11:01:04 -0400] "POST /xmlrpc.php HTTP/1.1" 200 0 "https://garantishell.com" "Mozilla/5.0 (Macintosh; Intel Mac OS X 10_15_7) AppleWebKit/537.36 (KHTML, like Gecko) Chrome/116.0.5845.96 Safari/537.36"
158.255.80.210 - - [16/Apr/2025:11:01:30 -0400] "POST /xmlrpc.php HTTP/1.1" 200 205 "-" "Mozilla/5.0 (X11; Fedora; Linux x86_64; rv:94.0) Gecko/20100101 Firefox/95.0"
119.8.54.119 - - [16/Apr/2025:11:01:38 -0400] "GET /timeless-elegance-of-a-pearl-necklace/ HTTP/1.1" 200 10983 "https://garantishell.com/timeless-elegance-of-a-pearl-necklace/#primary" "Mozilla/5.0 (Windows NT 10.0; Win64; x64) AppleWebKit/537.36 (KHTML, like Gecko) Chrome/110.0.0.0 Safari/537.36"
51.222.253.18 - - [16/Apr/2025:11:01:47 -0400] "GET /gitarre-lernen-schritt-fur-schritt/ HTTP/1.1" 200 11016 "-" "Mozilla/5.0 (compatible; AhrefsBot/7.0; +http://ahrefs.com/robot/)"
51.222.253.8 - - [16/Apr/2025:11:05:30 -0400] "GET /maximizing-efficiency-with-fractional-hr-services/feed/ HTTP/1.1" 304 0 "-" "Mozilla/5.0 (compatible; AhrefsBot/7.0; +http://ahrefs.com/robot/)"
216.244.66.241 - - [16/Apr/2025:11:06:46 -0400] "GET /category/arts-entertainments/page/20/ HTTP/1.1" 200 9693 "-" "Mozilla/5.0 (compatible; DotBot/1.2; +https://opensiteexplorer.org/dotbot; help@moz.com)"
52.200.58.199 - - [16/Apr/2025:11:06:55 -0400] "GET /2024/11/page/10/ HTTP/1.1" 200 0 "-" "Mozilla/5.0 AppleWebKit/537.36 (KHTML, like Gecko; compatible; Amazonbot/0.1; +https://developer.amazon.com/support/amazonbot) Chrome/119.0.6045.214 Safari/537.36"
216.244.66.241 - - [16/Apr/2025:11:09:00 -0400] "GET /page/9/?ND HTTP/1.1" 200 10123 "-" "Mozilla/5.0 (compatible; DotBot/1.2; +https://opensiteexplorer.org/dotbot; help@moz.com)"
51.222.253.20 - - [16/Apr/2025:11:09:11 -0400] "GET /ensuring-efficient-water-management-the-significance-of-industrial-water-tanks/feed/ HTTP/1.1" 304 0 "-" "Mozilla/5.0 (compatible; AhrefsBot/7.0; +http://ahrefs.com/robot/)"
103.169.35.190 - - [16/Apr/2025:11:10:49 -0400] "POST /xmlrpc.php HTTP/1.1" 200 0 "https://garantishell.com" "Mozilla/5.0 (Macintosh; Intel Mac OS X 10_15_7) AppleWebKit/537.36 (KHTML, like Gecko) Chrome/116.0.5845.96 Safari/537.36"
198.54.114.83 - - [16/Apr/2025:11:10:58 -0400] "POST /wp-cron.php?doing_wp_cron=1744816253.8288679122924804687500 HTTP/1.1" 200 0 "-" "WordPress/6.8; https://garantishell.com"
2a02:598:128:8a00::b00:15 - - [16/Apr/2025:11:11:46 -0400] "GET /author/admin/ HTTP/1.1" 200 9578 "-" "Mozilla/5.0 (compatible; SeznamBot/4.0; +https://o-seznam.cz/napoveda/vyhledavani/en/seznambot-crawler/)"
198.54.114.83 - - [16/Apr/2025:11:13:02 -0400] "POST /wp-cron.php?doing_wp_cron=1744816380.7976279258728027343750 HTTP/1.1" 200 0 "-" "WordPress/6.8; https://garantishell.com"
51.222.253.9 - - [16/Apr/2025:11:13:00 -0400] "GET /unlocking-opportunities-the-value-of-part-time-jobs/feed/ HTTP/1.1" 200 426 "-" "Mozilla/5.0 (compatible; AhrefsBot/7.0; +http://ahrefs.com/robot/)"
46.250.171.2 - - [16/Apr/2025:11:13:13 -0400] "GET /the-allure-of-rainbow-riches-2/ HTTP/1.1" 200 10442 "https://garantishell.com/the-allure-of-rainbow-riches-2/#respond" "Mozilla/5.0 (Macintosh; Intel Mac OS X 10_15_7) AppleWebKit/537.36 (KHTML, like Gecko) Chrome/120.0.0.0 Safari/537.36"
51.222.253.5 - - [16/Apr/2025:11:16:48 -0400] "GET /navigating-the-multichannel-landscape/feed/ HTTP/1.1" 304 0 "-" "Mozilla/5.0 (compatible; AhrefsBot/7.0; +http://ahrefs.com/robot/)"
160.16.215.164 - - [16/Apr/2025:11:20:25 -0400] "POST /xmlrpc.php HTTP/1.1" 200 186 "https://garantishell.com" "Mozilla/5.0 (Macintosh; Intel Mac OS X 10_15_7; rv:125.0.1) Gecko/20100101 Firefox/125.0.1"
198.54.114.83 - - [16/Apr/2025:11:20:32 -0400] "POST /wp-cron.php?doing_wp_cron=1744816829.9537980556488037109375 HTTP/1.1" 200 0 "-" "WordPress/6.8; https://garantishell.com"
51.222.253.12 - - [16/Apr/2025:11:20:50 -0400] "GET /the-ingenious-number-plate-jig/ HTTP/1.1" 200 10379 "-" "Mozilla/5.0 (compatible; AhrefsBot/7.0; +http://ahrefs.com/robot/)"
198.54.114.83 - - [16/Apr/2025:11:24:47 -0400] "POST /wp-cron.php?doing_wp_cron=1744817086.4525001049041748046875 HTTP/1.1" 200 0 "-" "WordPress/6.8; https://garantishell.com"
51.222.253.11 - - [16/Apr/2025:11:24:42 -0400] "GET /unlocking-efficiency-and-innovation-exploring-microsoft-solutions/ HTTP/1.1" 200 11029 "-" "Mozilla/5.0 (compatible; AhrefsBot/7.0; +http://ahrefs.com/robot/)"
124.243.191.222 - - [16/Apr/2025:11:24:55 -0400] "GET /unlocking-wellness-through-hypnotherapy-in-singapore/ HTTP/1.1" 200 10747 "https://garantishell.com/unlocking-wellness-through-hypnotherapy-in-singapore/#primary" "Mozilla/5.0 (Windows NT 10.0; Win64; x64) AppleWebKit/537.36 (KHTML, like Gecko) Chrome/101.0.4951.67 Safari/537.36"
198.54.114.83 - - [16/Apr/2025:11:28:42 -0400] "POST /wp-cron.php?doing_wp_cron=1744817321.8039839267730712890625 HTTP/1.1" 200 0 "-" "WordPress/6.8; https://garantishell.com"
51.222.253.19 - - [16/Apr/2025:11:28:36 -0400] "GET /page/84/ HTTP/1.1" 200 10007 "-" "Mozilla/5.0 (compatible; AhrefsBot/7.0; +http://ahrefs.com/robot/)"
208.109.27.194 - - [16/Apr/2025:11:29:55 -0400] "POST /xmlrpc.php HTTP/1.1" 200 186 "https://garantishell.com" "Mozilla/5.0 (Windows NT 10.0; Win64; x64) AppleWebKit/537.36 (KHTML, like Gecko) Chrome/115.0.5790.171 Safari/537.36 Edg/115.0.1901.203"
198.54.114.83 - - [16/Apr/2025:11:29:58 -0400] "POST /wp-cron.php?doing_wp_cron=1744817396.1181979179382324218750 HTTP/1.1" 200 0 "-" "WordPress/6.8; https://garantishell.com"
198.54.114.83 - - [16/Apr/2025:11:32:28 -0400] "POST /wp-cron.php?doing_wp_cron=1744817546.3091580867767333984375 HTTP/1.1" 200 0 "-" "WordPress/6.8; https://garantishell.com"
185.191.171.9 - - [16/Apr/2025:11:32:22 -0400] "GET /protegez-votre-parc-automobile/ HTTP/1.1" 200 10572 "-" "Mozilla/5.0 (compatible; SemrushBot/7~bl; +http://www.semrush.com/bot.html)"
51.222.253.13 - - [16/Apr/2025:11:32:55 -0400] "GET /strategies-for-gaining-more-subscribers/feed/ HTTP/1.1" 304 0 "-" "Mozilla/5.0 (compatible; AhrefsBot/7.0; +http://ahrefs.com/robot/)"
185.191.171.19 - - [16/Apr/2025:11:33:23 -0400] "GET /the-art-of-transforming-your-living-space/ HTTP/1.1" 200 11119 "-" "Mozilla/5.0 (compatible; SemrushBot/7~bl; +http://www.semrush.com/bot.html)"
90.156.142.33 - - [16/Apr/2025:11:33:24 -0400] "GET /wp-login.php HTTP/1.1" 200 1734 "-" "GRequests/0.10"
90.156.142.33 - - [16/Apr/2025:11:33:26 -0400] "POST /wp-login.php HTTP/1.1" 200 1859 "-" "GRequests/0.10"
198.54.114.83 - - [16/Apr/2025:11:33:28 -0400] "POST /wp-cron.php?doing_wp_cron=1744817606.5790750980377197265625 HTTP/1.1" 200 0 "-" "WordPress/6.8; https://garantishell.com"
75.119.221.53 - - [16/Apr/2025:11:34:13 -0400] "POST /xmlrpc.php HTTP/1.1" 200 205 "-" "Mozilla/5.0 (X11; Fedora; Linux x86_64; rv:94.0) Gecko/20100101 Firefox/95.0"
51.222.253.11 - - [16/Apr/2025:11:36:19 -0400] "GET /optimizing-business-communication-with-voip-technology/feed/ HTTP/1.1" 304 0 "-" "Mozilla/5.0 (compatible; AhrefsBot/7.0; +http://ahrefs.com/robot/)"
94.74.104.83 - - [16/Apr/2025:11:36:46 -0400] "GET /rechtsanwalt-in-hattingen-experten-fur-ihre-rechtlichen-anliegen/ HTTP/1.1" 200 11158 "https://garantishell.com/rechtsanwalt-in-hattingen-experten-fur-ihre-rechtlichen-anliegen/#respond" "Mozilla/5.0 (Macintosh; Intel Mac OS X 10_15_7) AppleWebKit/537.36 (KHTML, like Gecko) Chrome/119.0.0.0 Safari/537.36"
198.54.114.36 - - [16/Apr/2025:11:39:22 -0400] "POST /xmlrpc.php HTTP/1.1" 200 0 "https://garantishell.com" "Mozilla/5.0 (Macintosh; Intel Mac OS X 10_15_7; rv:126.0) Gecko/20100101 Firefox/126.0"
198.54.114.83 - - [16/Apr/2025:11:39:32 -0400] "POST /wp-cron.php?doing_wp_cron=1744817967.2169420719146728515625 HTTP/1.1" 200 0 "-" "WordPress/6.8; https://garantishell.com"
51.222.253.4 - - [16/Apr/2025:11:40:14 -0400] "GET /maximizing-value-with-small-gift-certificate-payments/ HTTP/1.1" 200 10762 "-" "Mozilla/5.0 (compatible; AhrefsBot/7.0; +http://ahrefs.com/robot/)"
85.208.96.207 - - [16/Apr/2025:11:40:46 -0400] "GET /creative-and-humorous-designs-for-grown-ups/ HTTP/1.1" 200 11084 "-" "Mozilla/5.0 (compatible; SemrushBot/7~bl; +http://www.semrush.com/bot.html)"
198.54.114.83 - - [16/Apr/2025:11:40:50 -0400] "POST /wp-cron.php?doing_wp_cron=1744818046.8901638984680175781250 HTTP/1.1" 200 0 "-" "WordPress/6.8; https://garantishell.com"
216.244.66.241 - - [16/Apr/2025:11:40:58 -0400] "GET /effiziente-und-zuverlassige-wohnungsraumung-in-luneburg/ HTTP/1.1" 200 10810 "-" "Mozilla/5.0 (compatible; DotBot/1.2; +https://opensiteexplorer.org/dotbot; help@moz.com)"
51.222.253.1 - - [16/Apr/2025:11:43:51 -0400] "GET /breaking-barriers-in-education/feed/ HTTP/1.1" 304 0 "-" "Mozilla/5.0 (compatible; AhrefsBot/7.0; +http://ahrefs.com/robot/)"
52.167.144.160 - - [16/Apr/2025:11:44:49 -0400] "GET /sitemap.xml HTTP/1.1" 301 0 "-" "Mozilla/5.0 AppleWebKit/537.36 (KHTML, like Gecko; compatible; bingbot/2.0; +http://www.bing.com/bingbot.htm) Chrome/116.0.1938.76 Safari/537.36"
198.54.114.83 - - [16/Apr/2025:11:45:01 -0400] "POST /wp-cron.php?doing_wp_cron=1744818294.6640119552612304687500 HTTP/1.1" 200 0 "-" "WordPress/6.8; https://garantishell.com"
52.167.144.160 - - [16/Apr/2025:11:45:09 -0400] "GET /wp-sitemap.xml HTTP/1.1" 200 193 "-" "Mozilla/5.0 AppleWebKit/537.36 (KHTML, like Gecko; compatible; bingbot/2.0; +http://www.bing.com/bingbot.htm) Chrome/116.0.1938.76 Safari/537.36"
198.54.114.83 - - [16/Apr/2025:11:47:50 -0400] "POST /wp-cron.php?doing_wp_cron=1744818469.6188058853149414062500 HTTP/1.1" 200 0 "-" "WordPress/6.8; https://garantishell.com"
51.222.253.20 - - [16/Apr/2025:11:47:45 -0400] "GET /author/admin/page/55/ HTTP/1.1" 200 9749 "-" "Mozilla/5.0 (compatible; AhrefsBot/7.0; +http://ahrefs.com/robot/)"
122.8.187.24 - - [16/Apr/2025:11:48:21 -0400] "GET /author/admin/page/9/ HTTP/1.1" 200 10042 "https://garantishell.com/author/admin/page/9/#primary" "Mozilla/5.0 (Macintosh; Intel Mac OS X 10_15_7) AppleWebKit/537.36 (KHTML, like Gecko) Chrome/123.0.0.0 Safari/537.36"
35.238.203.213 - - [16/Apr/2025:11:48:28 -0400] "POST /xmlrpc.php HTTP/1.1" 200 186 "https://garantishell.com" "Mozilla/5.0 (Macintosh; Intel Mac OS X 10_15_7; rv:127.0) Gecko/20100101 Firefox/127.0"
185.191.171.15 - - [16/Apr/2025:11:48:38 -0400] "GET /exploring-hypnotherapy-in-singapore/ HTTP/1.1" 200 10865 "-" "Mozilla/5.0 (compatible; SemrushBot/7~bl; +http://www.semrush.com/bot.html)"
34.91.78.130 - - [16/Apr/2025:11:51:02 -0400] "GET /wp-login.php HTTP/1.1" 200 1734 "-" "GRequests/0.10"
34.91.78.130 - - [16/Apr/2025:11:51:04 -0400] "POST /wp-login.php HTTP/1.1" 200 1870 "-" "GRequests/0.10"
198.54.114.83 - - [16/Apr/2025:11:51:09 -0400] "POST /wp-cron.php?doing_wp_cron=1744818667.4885718822479248046875 HTTP/1.1" 200 0 "-" "WordPress/6.8; https://garantishell.com"
51.222.253.2 - - [16/Apr/2025:11:51:55 -0400] "GET /author/admin/page/36/ HTTP/1.1" 200 9689 "-" "Mozilla/5.0 (compatible; AhrefsBot/7.0; +http://ahrefs.com/robot/)"
216.244.66.241 - - [16/Apr/2025:11:54:26 -0400] "GET /erfahrene-rechtsberatung-fur-eine-reibungslose-scheidung/feed/ HTTP/1.1" 200 422 "-" "Mozilla/5.0 (compatible; DotBot/1.2; +https://opensiteexplorer.org/dotbot; help@moz.com)"
198.54.114.83 - - [16/Apr/2025:11:54:35 -0400] "POST /wp-cron.php?doing_wp_cron=1744818872.4094660282135009765625 HTTP/1.1" 200 0 "-" "WordPress/6.8; https://garantishell.com"
198.54.114.83 - - [16/Apr/2025:11:56:14 -0400] "POST /wp-cron.php?doing_wp_cron=1744818972.3570570945739746093750 HTTP/1.1" 200 0 "-" "WordPress/6.8; https://garantishell.com"
51.222.253.7 - - [16/Apr/2025:11:56:08 -0400] "GET /page/37/ HTTP/1.1" 200 9564 "-" "Mozilla/5.0 (compatible; AhrefsBot/7.0; +http://ahrefs.com/robot/)"
198.54.114.83 - - [16/Apr/2025:11:57:30 -0400] "POST /wp-cron.php?doing_wp_cron=1744819049.5118920803070068359375 HTTP/1.1" 200 0 "-" "WordPress/6.8; https://garantishell.com"
51.77.247.142 - - [16/Apr/2025:11:57:28 -0400] "POST /xmlrpc.php HTTP/1.1" 200 186 "https://garantishell.com" "Mozilla/5.0 (Windows NT 10.0; Win64; x64) AppleWebKit/537.36 (KHTML, like Gecko) Chrome/113.0.5672.126 Safari/537.36 Edg/113.0.1774.50"
198.54.114.83 - - [16/Apr/2025:11:57:33 -0400] "POST /wp-admin/admin-ajax.php?action=async_litespeed&nonce=TFO0YgkRs2r0wQf8UCVtT520UdiLl08z&litespeed_type=imgoptm HTTP/1.1" 200 0 "-" "WordPress/6.8; https://garantishell.com"
85.208.96.193 - - [16/Apr/2025:11:59:14 -0400] "GET /the-power-of-reiki-healing-in-singapore/ HTTP/1.1" 200 10675 "-" "Mozilla/5.0 (compatible; SemrushBot/7~bl; +http://www.semrush.com/bot.html)"
51.222.253.1 - - [16/Apr/2025:12:00:45 -0400] "GET /the-impact-and-dangers-of-steroids/feed/ HTTP/1.1" 304 0 "-" "Mozilla/5.0 (compatible; AhrefsBot/7.0; +http://ahrefs.com/robot/)"
124.243.145.7 - - [16/Apr/2025:12:01:46 -0400] "GET /the-ultimate-guide-to-business-trip-massage/ HTTP/1.1" 200 10888 "https://garantishell.com/the-ultimate-guide-to-business-trip-massage/#respond" "Mozilla/5.0 (Windows NT 10.0; Win64; x64) AppleWebKit/537.36 (KHTML, like Gecko) Chrome/107.0.0.0 Safari/537.36"
198.54.114.83 - - [16/Apr/2025:12:03:28 -0400] "POST /wp-cron.php?doing_wp_cron=1744819406.4496099948883056640625 HTTP/1.1" 200 0 "-" "WordPress/6.8; https://garantishell.com"
222.186.56.20 - - [16/Apr/2025:12:03:22 -0400] "GET /statics/img/login_bg.jpg HTTP/1.1" 404 7068 "http://garantishell.com" "Mozilla/5.0 (compatible; iaskspider/1.0; MSIE 6.0)"
51.222.253.9 - - [16/Apr/2025:12:05:07 -0400] "GET /discovering-sonoma-ca-homes-for-sale/ HTTP/1.1" 200 10598 "-" "Mozilla/5.0 (compatible; AhrefsBot/7.0; +http://ahrefs.com/robot/)"
50.57.19.18 - - [16/Apr/2025:12:05:35 -0400] "GET /wp-login.php HTTP/1.1" 200 1734 "-" "GRequests/0.10"
50.57.19.18 - - [16/Apr/2025:12:05:40 -0400] "POST /wp-login.php HTTP/1.1" 200 1865 "-" "GRequests/0.10"
198.54.114.83 - - [16/Apr/2025:12:05:47 -0400] "POST /wp-cron.php?doing_wp_cron=1744819543.6013350486755371093750 HTTP/1.1" 200 0 "-" "WordPress/6.8; https://garantishell.com"
85.208.96.208 - - [16/Apr/2025:12:06:08 -0400] "GET /title-unveiling-the-evolution-of-online-casinos-a-modern-gaming-frontier/ HTTP/1.1" 200 10559 "-" "Mozilla/5.0 (compatible; SemrushBot/7~bl; +http://www.semrush.com/bot.html)"
51.38.119.44 - - [16/Apr/2025:12:06:43 -0400] "POST /xmlrpc.php HTTP/1.1" 200 186 "https://garantishell.com" "Mozilla/5.0 (Windows NT 10.0; Win64; x64; rv:126.0) Gecko/20100101 Firefox/126.0"
198.54.114.83 - - [16/Apr/2025:12:06:47 -0400] "POST /wp-cron.php?doing_wp_cron=1744819603.8957750797271728515625 HTTP/1.1" 200 0 "-" "WordPress/6.8; https://garantishell.com"
51.222.253.4 - - [16/Apr/2025:12:09:10 -0400] "GET /essential-elements-of-hotel-bedroom-furniture/feed/ HTTP/1.1" 304 0 "-" "Mozilla/5.0 (compatible; AhrefsBot/7.0; +http://ahrefs.com/robot/)"
220.93.109.111 - - [16/Apr/2025:12:10:22 -0400] "GET /why-professional-home-inspection-services-are-essential/ HTTP/1.1" 200 10730 "-" "Mozilla/5.0 (Windows NT 10.0) AppleWebKit/537.36 (KHTML, like Gecko) Chrome/114.0.0.0 Safari/537.36"
198.54.114.83 - - [16/Apr/2025:12:10:55 -0400] "POST /wp-cron.php?doing_wp_cron=1744819854.8063650131225585937500 HTTP/1.1" 200 0 "-" "WordPress/6.8; https://garantishell.com"
62.169.25.232 - - [16/Apr/2025:12:10:49 -0400] "POST /xmlrpc.php HTTP/1.1" 200 205 "-" "Mozilla/5.0 (X11; Fedora; Linux x86_64; rv:94.0) Gecko/20100101 Firefox/95.0"
198.54.114.83 - - [16/Apr/2025:12:10:59 -0400] "POST /wp-admin/admin-ajax.php?action=async_litespeed&nonce=370HERO5cw0ILx82By9QDdNAi0CeBWju&litespeed_type=imgoptm HTTP/1.1" 200 0 "-" "WordPress/6.8; https://garantishell.com"
51.222.253.17 - - [16/Apr/2025:12:13:32 -0400] "GET /cocktail-dejeunatoire/feed/ HTTP/1.1" 304 0 "-" "Mozilla/5.0 (compatible; AhrefsBot/7.0; +http://ahrefs.com/robot/)"
2a02:598:96:8a00::1200:134 - - [16/Apr/2025:12:15:30 -0400] "GET /why-professional-home-inspection-services-are-essential/ HTTP/1.1" 200 10730 "-" "Mozilla/5.0 (compatible; SeznamBot/4.0; +https://o-seznam.cz/napoveda/vyhledavani/en/seznambot-crawler/)"
124.243.150.239 - - [16/Apr/2025:12:16:03 -0400] "GET /des-bannieres-publicitaires-abordables/ HTTP/1.1" 200 10804 "https://garantishell.com/des-bannieres-publicitaires-abordables/#primary" "Mozilla/5.0 (Windows NT 10.0; Win64; x64) AppleWebKit/537.36 (KHTML, like Gecko) Chrome/101.0.4951.64 Safari/537.36 Edg/101.0.1210.47"
51.222.253.1 - - [16/Apr/2025:12:17:36 -0400] "GET /rejuvenate-and-recharge-the-essential-business-trip-massage-experience/feed/ HTTP/1.1" 200 438 "-" "Mozilla/5.0 (compatible; AhrefsBot/7.0; +http://ahrefs.com/robot/)"
198.54.114.83 - - [16/Apr/2025:12:17:42 -0400] "POST /wp-cron.php?doing_wp_cron=1744820260.3340089321136474609375 HTTP/1.1" 200 0 "-" "WordPress/6.8; https://garantishell.com"
109.123.236.97 - - [16/Apr/2025:12:20:27 -0400] "GET /wp-login.php HTTP/1.1" 200 1734 "-" "GRequests/0.10"
109.123.236.97 - - [16/Apr/2025:12:20:32 -0400] "POST /wp-login.php HTTP/1.1" 200 1865 "-" "GRequests/0.10"
198.54.114.83 - - [16/Apr/2025:12:20:39 -0400] "POST /wp-cron.php?doing_wp_cron=1744820434.8957140445709228515625 HTTP/1.1" 200 0 "-" "WordPress/6.8; https://garantishell.com"
51.222.253.10 - - [16/Apr/2025:12:21:46 -0400] "GET /robots.txt HTTP/1.1" 200 97 "-" "Mozilla/5.0 (compatible; AhrefsBot/7.0; +http://ahrefs.com/robot/)"
54.36.148.194 - - [16/Apr/2025:12:21:51 -0400] "GET /fenbendazole-for-cancer/feed/ HTTP/1.1" 304 0 "-" "Mozilla/5.0 (compatible; AhrefsBot/7.0; +http://ahrefs.com/robot/)"
185.191.171.16 - - [16/Apr/2025:12:22:22 -0400] "GET /the-evolution-and-controversies-of-online-betting/ HTTP/1.1" 200 10854 "-" "Mozilla/5.0 (compatible; SemrushBot/7~bl; +http://www.semrush.com/bot.html)"
212.8.248.108 - - [16/Apr/2025:12:22:36 -0400] "GET /why-professional-home-inspection-services-are-essential HTTP/1.1" 301 0 "-" "Mozilla/5.0 (Windows NT 10.0; Win64; x64) AppleWebKit/537.36 (KHTML, like Gecko) Chrome/118.0.0.0 Safari/537.36"
212.8.248.108 - - [16/Apr/2025:12:22:41 -0400] "GET /why-professional-home-inspection-services-are-essential/ HTTP/1.1" 200 10730 "-" "Mozilla/5.0 (Windows NT 10.0; Win64; x64) AppleWebKit/537.36 (KHTML, like Gecko) Chrome/118.0.0.0 Safari/537.36"
54.36.148.155 - - [16/Apr/2025:12:25:53 -0400] "GET /choosing-the-right-womens-casual-wear-for-every-occasion/ HTTP/1.1" 200 10996 "-" "Mozilla/5.0 (compatible; AhrefsBot/7.0; +http://ahrefs.com/robot/)"
119.76.152.26 - - [16/Apr/2025:12:27:34 -0400] "GET /why-professional-home-inspection-services-are-essential/ HTTP/1.1" 200 10730 "-" "Mozilla/5.0 (X11; Linux x86_64) AppleWebKit/537.36 (KHTML, like Gecko) Chrome/114.0.0.0 Safari/537.36 Vivaldi/5.3.2679.68"
119.76.152.26 - - [16/Apr/2025:12:27:50 -0400] "POST /wp-comments-post.php HTTP/1.1" 302 0 "https://garantishell.com/why-professional-home-inspection-services-are-essential/" "Mozilla/5.0 (X11; Linux x86_64) AppleWebKit/537.36 (KHTML, like Gecko) Chrome/114.0.0.0 Safari/537.36 Vivaldi/5.3.2679.68"
119.76.152.26 - - [16/Apr/2025:12:28:08 -0400] "GET /why-professional-home-inspection-services-are-essential/?unapproved=4317&moderation-hash=281570ed2f74cd55f277fd6a7223642c HTTP/1.1" 200 14081 "https://garantishell.com/wp-comments-post.php" "Mozilla/5.0 (X11; Linux x86_64) AppleWebKit/537.36 (KHTML, like Gecko) Chrome/114.0.0.0 Safari/537.36 Vivaldi/5.3.2679.68"
119.76.152.26 - - [16/Apr/2025:12:28:14 -0400] "GET /why-professional-home-inspection-services-are-essential/ HTTP/1.1" 200 10730 "-" "Mozilla/5.0 (X11; Linux x86_64) AppleWebKit/537.36 (KHTML, like Gecko) Chrome/114.0.0.0 Safari/537.36 Vivaldi/5.3.2679.68"
