Server IP : 104.21.46.188 / Your IP : 3.148.106.39 Web Server : LiteSpeed System : Linux business31.web-hosting.com 4.18.0-553.16.1.lve.1.el8.x86_64 #1 SMP Mon Sep 23 20:16:18 UTC 2024 x86_64 User : varizmol ( 2121) PHP Version : 8.0.30 Disable Function : NONE MySQL : OFF | cURL : ON | WGET : ON | Perl : ON | Python : ON | Sudo : OFF | Pkexec : OFF Directory : /home/varizmol/access-logs/ |
Upload File : |
51.222.253.12 - - [14/Apr/2025:06:20:23 -0400] "GET /2024/09/ HTTP/1.1" 200 9500 "-" "Mozilla/5.0 (compatible; AhrefsBot/7.0; +http://ahrefs.com/robot/)"
107.152.47.63 - - [14/Apr/2025:06:21:25 -0400] "GET /why-professional-home-inspection-services-are-essential/ HTTP/1.1" 200 10434 "-" "Mozilla/5.0 (Macintosh; Intel Mac OS X 12_5) AppleWebKit/537.36 (KHTML, like Gecko) Chrome/114.0.0.0 Safari/537.36 Vivaldi/5.3.2679.68"
198.54.114.83 - - [14/Apr/2025:06:22:10 -0400] "POST /wp-cron.php?doing_wp_cron=1744626130.3350679874420166015625 HTTP/1.1" 200 0 "-" "WordPress/6.7.1; https://garantishell.com"
68.178.145.83 - - [14/Apr/2025:06:22:07 -0400] "POST /wp-login.php HTTP/1.1" 200 1862 "https://garantishell.com" "Mozilla/5.0 (Windows NT 10.0; Win64; x64) AppleWebKit/537.36 (KHTML, like Gecko) Chrome/112.0.5615.138 Safari/537.36"
198.54.114.83 - - [14/Apr/2025:06:22:11 -0400] "POST /wp-admin/admin-ajax.php?action=async_litespeed&nonce=syZ0wba2yrhYpVdkR80gb7f6O3NSVn46&litespeed_type=imgoptm HTTP/1.1" 200 0 "-" "WordPress/6.7.1; https://garantishell.com"
198.54.114.83 - - [14/Apr/2025:06:22:37 -0400] "POST /wp-cron.php?doing_wp_cron=1744626156.8392870426177978515625 HTTP/1.1" 200 0 "-" "WordPress/6.7.1; https://garantishell.com"
51.222.253.14 - - [14/Apr/2025:06:22:36 -0400] "GET /elevating-work-trips-with-massage-therapy/ HTTP/1.1" 200 10754 "-" "Mozilla/5.0 (compatible; AhrefsBot/7.0; +http://ahrefs.com/robot/)"
198.54.114.83 - - [14/Apr/2025:06:22:38 -0400] "POST /wp-admin/admin-ajax.php?action=async_litespeed&nonce=tU4uctXp6lDyX0JlU4Y8wggILNiTNHv9&litespeed_type=imgoptm HTTP/1.1" 200 0 "-" "WordPress/6.7.1; https://garantishell.com"
198.54.114.83 - - [14/Apr/2025:06:24:22 -0400] "POST /wp-cron.php?doing_wp_cron=1744626261.2341909408569335937500 HTTP/1.1" 200 0 "-" "WordPress/6.7.1; https://garantishell.com"
198.54.114.83 - - [14/Apr/2025:06:24:23 -0400] "POST /wp-admin/admin-ajax.php?action=async_litespeed&nonce=Ve7G21DySqdA5ylvr811K4y02in3yRMz&litespeed_type=imgoptm HTTP/1.1" 200 0 "-" "WordPress/6.7.1; https://garantishell.com"
101.46.12.133 - - [14/Apr/2025:06:24:17 -0400] "GET /the-potential-of-fenbendazole-in-cancer-treatment-2/ HTTP/1.1" 200 10744 "https://garantishell.com/the-potential-of-fenbendazole-in-cancer-treatment-2/#respond" "Mozilla/5.0 (Windows NT 10.0; Win64; x64) AppleWebKit/537.36 (KHTML, like Gecko) Chrome/116.0.0.0 Safari/537.36"
51.222.253.15 - - [14/Apr/2025:06:24:53 -0400] "GET /the-ultimate-convenience-instant-hot-and-cold-water-dispensers/ HTTP/1.1" 200 10245 "-" "Mozilla/5.0 (compatible; AhrefsBot/7.0; +http://ahrefs.com/robot/)"
2a02:598:96:8a00::1200:134 - - [14/Apr/2025:06:27:02 -0400] "GET /robots.txt HTTP/1.1" 200 97 "-" "Mozilla/5.0 (compatible; SeznamBot/4.0; +https://o-seznam.cz/napoveda/vyhledavani/en/seznambot-crawler/)"
198.54.114.83 - - [14/Apr/2025:06:27:08 -0400] "POST /wp-cron.php?doing_wp_cron=1744626427.6247329711914062500000 HTTP/1.1" 200 0 "-" "WordPress/6.7.1; https://garantishell.com"
198.54.114.83 - - [14/Apr/2025:06:27:08 -0400] "POST /wp-cron.php?doing_wp_cron=1744626427.6270070075988769531250 HTTP/1.1" 200 0 "-" "WordPress/6.7.1; https://garantishell.com"
51.222.253.11 - - [14/Apr/2025:06:27:06 -0400] "GET /author/admin/page/8/ HTTP/1.1" 200 9790 "-" "Mozilla/5.0 (compatible; AhrefsBot/7.0; +http://ahrefs.com/robot/)"
2a02:598:96:8a00::1200:134 - - [14/Apr/2025:06:27:02 -0400] "GET /the-evolution-of-electronic-warrants-2/ HTTP/1.1" 200 10295 "-" "Mozilla/5.0 (compatible; SeznamBot/4.0; +https://o-seznam.cz/napoveda/vyhledavani/en/seznambot-crawler/)"
198.54.114.83 - - [14/Apr/2025:06:27:09 -0400] "POST /wp-admin/admin-ajax.php?action=async_litespeed&nonce=pzRrcsazKVuc9bDE2PsvMw93eGIEHsD5&litespeed_type=imgoptm HTTP/1.1" 200 0 "-" "WordPress/6.7.1; https://garantishell.com"
51.222.253.13 - - [14/Apr/2025:06:29:06 -0400] "GET /2024/09/page/6/ HTTP/1.1" 200 9403 "-" "Mozilla/5.0 (compatible; AhrefsBot/7.0; +http://ahrefs.com/robot/)"
198.54.114.83 - - [14/Apr/2025:06:29:14 -0400] "POST /wp-cron.php?doing_wp_cron=1744626551.9654469490051269531250 HTTP/1.1" 200 0 "-" "WordPress/6.7.1; https://garantishell.com"
51.222.253.11 - - [14/Apr/2025:06:31:22 -0400] "GET /2024/08/page/5/ HTTP/1.1" 200 9469 "-" "Mozilla/5.0 (compatible; AhrefsBot/7.0; +http://ahrefs.com/robot/)"
198.54.114.83 - - [14/Apr/2025:06:31:28 -0400] "POST /wp-cron.php?doing_wp_cron=1744626686.4925129413604736328125 HTTP/1.1" 200 0 "-" "WordPress/6.7.1; https://garantishell.com"
198.54.114.83 - - [14/Apr/2025:06:33:22 -0400] "POST /wp-cron.php?doing_wp_cron=1744626801.0469589233398437500000 HTTP/1.1" 200 0 "-" "WordPress/6.7.1; https://garantishell.com"
198.54.114.83 - - [14/Apr/2025:06:33:24 -0400] "POST /wp-admin/admin-ajax.php?action=async_litespeed&nonce=vD2LaIquj28IpbLNQUqnSz35jjwg6h9p&litespeed_type=imgoptm HTTP/1.1" 200 0 "-" "WordPress/6.7.1; https://garantishell.com"
51.222.253.19 - - [14/Apr/2025:06:33:15 -0400] "GET /the-essential-guide-to-shipping-services/ HTTP/1.1" 200 10295 "-" "Mozilla/5.0 (compatible; AhrefsBot/7.0; +http://ahrefs.com/robot/)"
185.191.171.4 - - [14/Apr/2025:06:34:23 -0400] "GET /robots.txt HTTP/1.1" 304 0 "-" "Mozilla/5.0 (compatible; SemrushBot/7~bl; +http://www.semrush.com/bot.html)"
185.191.171.11 - - [14/Apr/2025:06:34:27 -0400] "GET /author/admin/page/16/ HTTP/1.1" 200 9220 "-" "Mozilla/5.0 (compatible; SemrushBot/7~bl; +http://www.semrush.com/bot.html)"
198.54.114.83 - - [14/Apr/2025:06:34:29 -0400] "POST /wp-cron.php?doing_wp_cron=1744626868.0378038883209228515625 HTTP/1.1" 200 0 "-" "WordPress/6.7.1; https://garantishell.com"
91.121.44.198 - - [14/Apr/2025:06:35:22 -0400] "POST /wp-login.php HTTP/1.1" 200 1862 "https://garantishell.com" "Mozilla/5.0 (Macintosh; Intel Mac OS X 14.5) AppleWebKit/618.3.5 (KHTML, like Gecko) Version/17.4 Safari/618.3.5"
51.222.253.9 - - [14/Apr/2025:06:35:24 -0400] "GET /renovation-de-toiture-a-nemours-un-guide-complet/ HTTP/1.1" 200 10854 "-" "Mozilla/5.0 (compatible; AhrefsBot/7.0; +http://ahrefs.com/robot/)"
198.54.114.83 - - [14/Apr/2025:06:35:41 -0400] "POST /wp-cron.php?doing_wp_cron=1744626940.2312369346618652343750 HTTP/1.1" 200 0 "-" "WordPress/6.7.1; https://garantishell.com"
51.8.102.157 - - [14/Apr/2025:06:35:39 -0400] "GET /montalin-herb-capsule-a-natural-remedy/ HTTP/1.1" 200 10377 "-" "Mozilla/5.0 (Macintosh; Intel Mac OS X 10_15_7) AppleWebKit/537.36 (KHTML, like Gecko) Chrome/131.0.0.0 Safari/537.36; compatible; OAI-SearchBot/1.0; +https://openai.com/searchbot"
198.54.114.83 - - [14/Apr/2025:06:38:01 -0400] "POST /wp-cron.php?doing_wp_cron=1744627080.4952359199523925781250 HTTP/1.1" 200 0 "-" "WordPress/6.7.1; https://garantishell.com"
51.222.253.17 - - [14/Apr/2025:06:37:56 -0400] "GET /understanding-fda-cosmetic-registration/ HTTP/1.1" 200 10353 "-" "Mozilla/5.0 (compatible; AhrefsBot/7.0; +http://ahrefs.com/robot/)"
198.54.114.83 - - [14/Apr/2025:06:38:03 -0400] "POST /wp-admin/admin-ajax.php?action=async_litespeed&nonce=loPKlnXKUswPALgVN01x0KjtsvuZlGOi&litespeed_type=imgoptm HTTP/1.1" 200 0 "-" "WordPress/6.7.1; https://garantishell.com"
4.227.36.95 - - [14/Apr/2025:06:38:45 -0400] "GET /robots.txt HTTP/1.1" 200 97 "-" "Mozilla/5.0 AppleWebKit/537.36 (KHTML, like Gecko; compatible; GPTBot/1.2; +https://openai.com/gptbot)"
198.54.114.83 - - [14/Apr/2025:06:39:19 -0400] "POST /wp-cron.php?doing_wp_cron=1744627158.6252639293670654296875 HTTP/1.1" 200 0 "-" "WordPress/6.7.1; https://garantishell.com"
198.54.114.83 - - [14/Apr/2025:06:39:20 -0400] "POST /wp-admin/admin-ajax.php?action=async_litespeed&nonce=dJCZcxRlpdu6A83RmgOhlYDjJMaPriS4&litespeed_type=imgoptm HTTP/1.1" 200 0 "-" "WordPress/6.7.1; https://garantishell.com"
122.8.185.183 - - [14/Apr/2025:06:39:18 -0400] "GET /ragdoll-archers-unblocked-and-how-to-access-them/ HTTP/1.1" 200 11142 "https://garantishell.com/ragdoll-archers-unblocked-and-how-to-access-them/#primary" "Mozilla/5.0 (Windows NT 10.0; Win64; x64) AppleWebKit/537.36 (KHTML, like Gecko) Chrome/101.0.4951.67 Safari/537.36"
198.54.114.83 - - [14/Apr/2025:06:40:24 -0400] "POST /wp-cron.php?doing_wp_cron=1744627222.9346320629119873046875 HTTP/1.1" 200 0 "-" "WordPress/6.7.1; https://garantishell.com"
51.222.253.12 - - [14/Apr/2025:06:40:22 -0400] "GET /page/9/ HTTP/1.1" 200 9898 "-" "Mozilla/5.0 (compatible; AhrefsBot/7.0; +http://ahrefs.com/robot/)"
198.54.114.83 - - [14/Apr/2025:06:43:02 -0400] "POST /wp-cron.php?doing_wp_cron=1744627381.7325069904327392578125 HTTP/1.1" 200 0 "-" "WordPress/6.7.1; https://garantishell.com"
51.222.253.8 - - [14/Apr/2025:06:42:56 -0400] "GET /the-thrill-of-online-casino-entertainment/ HTTP/1.1" 200 11079 "-" "Mozilla/5.0 (compatible; AhrefsBot/7.0; +http://ahrefs.com/robot/)"
198.54.114.83 - - [14/Apr/2025:06:43:04 -0400] "POST /wp-admin/admin-ajax.php?action=async_litespeed&nonce=ff5yH5EL2PQAZhn1RJqAcVBXN8Vjd6Lr&litespeed_type=imgoptm HTTP/1.1" 200 0 "-" "WordPress/6.7.1; https://garantishell.com"
51.222.253.6 - - [14/Apr/2025:06:45:24 -0400] "GET /verhandlungstraining-schlussel-zum-erfolg/ HTTP/1.1" 200 10563 "-" "Mozilla/5.0 (compatible; AhrefsBot/7.0; +http://ahrefs.com/robot/)"
198.54.114.83 - - [14/Apr/2025:06:47:41 -0400] "POST /wp-cron.php?doing_wp_cron=1744627660.6282761096954345703125 HTTP/1.1" 200 0 "-" "WordPress/6.7.1; https://garantishell.com"
185.191.171.11 - - [14/Apr/2025:06:47:41 -0400] "GET /author/admin/page/34/ HTTP/1.1" 200 9289 "-" "Mozilla/5.0 (compatible; SemrushBot/7~bl; +http://www.semrush.com/bot.html)"
51.222.253.18 - - [14/Apr/2025:06:47:35 -0400] "GET /innovative-hangelampe-fur-modernes-wohnen/ HTTP/1.1" 200 10765 "-" "Mozilla/5.0 (compatible; AhrefsBot/7.0; +http://ahrefs.com/robot/)"
103.221.222.85 - - [14/Apr/2025:06:48:39 -0400] "POST /wp-login.php HTTP/1.1" 200 1862 "https://garantishell.com" "Mozilla/5.0 (Windows NT 10.0; Win64; x64; rv:126.0) Gecko/20100101 Firefox/126.0"
51.222.253.19 - - [14/Apr/2025:06:49:38 -0400] "GET /2024/10/page/7/ HTTP/1.1" 200 9507 "-" "Mozilla/5.0 (compatible; AhrefsBot/7.0; +http://ahrefs.com/robot/)"
198.54.114.83 - - [14/Apr/2025:06:49:41 -0400] "POST /wp-cron.php?doing_wp_cron=1744627779.0834798812866210937500 HTTP/1.1" 200 0 "-" "WordPress/6.7.1; https://garantishell.com"
51.222.253.16 - - [14/Apr/2025:06:52:21 -0400] "GET /turkische-psychologen-in-der-nahe/ HTTP/1.1" 200 10132 "-" "Mozilla/5.0 (compatible; AhrefsBot/7.0; +http://ahrefs.com/robot/)"
198.54.114.83 - - [14/Apr/2025:06:52:29 -0400] "POST /wp-cron.php?doing_wp_cron=1744627946.5001599788665771484375 HTTP/1.1" 200 0 "-" "WordPress/6.7.1; https://garantishell.com"
198.54.114.83 - - [14/Apr/2025:06:54:21 -0400] "POST /wp-cron.php?doing_wp_cron=1744628061.0538339614868164062500 HTTP/1.1" 200 0 "-" "WordPress/6.7.1; https://garantishell.com"
198.54.114.83 - - [14/Apr/2025:06:54:23 -0400] "POST /wp-admin/admin-ajax.php?action=async_litespeed&nonce=WceW50H1heYC5Naaf2tAMd7CYG9t2urc&litespeed_type=imgoptm HTTP/1.1" 200 0 "-" "WordPress/6.7.1; https://garantishell.com"
124.243.183.234 - - [14/Apr/2025:06:54:17 -0400] "GET /the-superiority-of-pex-water-pipes/ HTTP/1.1" 200 10558 "https://garantishell.com/the-superiority-of-pex-water-pipes/#respond" "Mozilla/5.0 (Macintosh; Intel Mac OS X 10_15_7) AppleWebKit/537.36 (KHTML, like Gecko) Chrome/123.0.0.0 Safari/537.36"
51.222.253.19 - - [14/Apr/2025:06:54:27 -0400] "GET /unlocking-classroom-6x-a-guide-to-unblocking/ HTTP/1.1" 200 10101 "-" "Mozilla/5.0 (compatible; AhrefsBot/7.0; +http://ahrefs.com/robot/)"
216.244.66.241 - - [14/Apr/2025:06:54:37 -0400] "GET /discover-the-best-extracts-online-in-canada/ HTTP/1.1" 200 10284 "-" "Mozilla/5.0 (compatible; DotBot/1.2; +https://opensiteexplorer.org/dotbot; help@moz.com)"
198.54.114.83 - - [14/Apr/2025:06:56:35 -0400] "POST /wp-cron.php?doing_wp_cron=1744628193.7091469764709472656250 HTTP/1.1" 200 0 "-" "WordPress/6.7.1; https://garantishell.com"
51.222.253.9 - - [14/Apr/2025:06:56:31 -0400] "GET /category/arts-entertainments/page/9/ HTTP/1.1" 200 9582 "-" "Mozilla/5.0 (compatible; AhrefsBot/7.0; +http://ahrefs.com/robot/)"
51.222.253.9 - - [14/Apr/2025:06:58:29 -0400] "GET /rejuvenation-awaits-the-osan-business-trip-massage-experience/ HTTP/1.1" 200 10594 "-" "Mozilla/5.0 (compatible; AhrefsBot/7.0; +http://ahrefs.com/robot/)"
198.54.114.83 - - [14/Apr/2025:06:58:35 -0400] "POST /wp-cron.php?doing_wp_cron=1744628312.8111009597778320312500 HTTP/1.1" 200 0 "-" "WordPress/6.7.1; https://garantishell.com"
198.54.114.83 - - [14/Apr/2025:07:00:56 -0400] "POST /wp-cron.php?doing_wp_cron=1744628454.6970760822296142578125 HTTP/1.1" 200 0 "-" "WordPress/6.7.1; https://garantishell.com"
51.222.253.8 - - [14/Apr/2025:07:00:52 -0400] "GET /exploring-the-world-of-online-lottery-games/ HTTP/1.1" 200 10692 "-" "Mozilla/5.0 (compatible; AhrefsBot/7.0; +http://ahrefs.com/robot/)"
216.244.66.241 - - [14/Apr/2025:07:01:36 -0400] "GET /mocra-regulations/feed/ HTTP/1.1" 200 371 "-" "Mozilla/5.0 (compatible; DotBot/1.2; +https://opensiteexplorer.org/dotbot; help@moz.com)"
8.218.212.177 - - [14/Apr/2025:07:01:49 -0400] "POST /wp-login.php HTTP/1.1" 200 1862 "https://garantishell.com" "Mozilla/5.0 (Windows NT 10.0; Win64; x64; rv:128.0) Gecko/20100101 Firefox/128.0"
51.222.253.15 - - [14/Apr/2025:07:03:11 -0400] "GET /category/general/ HTTP/1.1" 200 7807 "-" "Mozilla/5.0 (compatible; AhrefsBot/7.0; +http://ahrefs.com/robot/)"
198.54.114.83 - - [14/Apr/2025:07:05:10 -0400] "POST /wp-cron.php?doing_wp_cron=1744628709.4157888889312744140625 HTTP/1.1" 200 0 "-" "WordPress/6.7.1; https://garantishell.com"
51.222.253.7 - - [14/Apr/2025:07:05:04 -0400] "GET /2024/07/page/4/ HTTP/1.1" 200 9702 "-" "Mozilla/5.0 (compatible; AhrefsBot/7.0; +http://ahrefs.com/robot/)"
198.54.114.83 - - [14/Apr/2025:07:07:10 -0400] "POST /wp-cron.php?doing_wp_cron=1744628829.9583339691162109375000 HTTP/1.1" 200 0 "-" "WordPress/6.7.1; https://garantishell.com"
198.54.114.83 - - [14/Apr/2025:07:07:12 -0400] "POST /wp-admin/admin-ajax.php?action=async_litespeed&nonce=BGuO2rADPEl3t8bx0Vz839lWa5VUmItW&litespeed_type=imgoptm HTTP/1.1" 200 0 "-" "WordPress/6.7.1; https://garantishell.com"
51.222.253.20 - - [14/Apr/2025:07:07:06 -0400] "GET /author/admin/page/10/ HTTP/1.1" 200 9568 "-" "Mozilla/5.0 (compatible; AhrefsBot/7.0; +http://ahrefs.com/robot/)"
198.54.114.83 - - [14/Apr/2025:07:08:21 -0400] "POST /wp-cron.php?doing_wp_cron=1744628900.9209749698638916015625 HTTP/1.1" 200 0 "-" "WordPress/6.7.1; https://garantishell.com"
85.208.96.202 - - [14/Apr/2025:07:08:20 -0400] "GET /entdecke-die-schonheit-von-dusseldorf-oberkassel/ HTTP/1.1" 200 10481 "-" "Mozilla/5.0 (compatible; SemrushBot/7~bl; +http://www.semrush.com/bot.html)"
198.54.114.83 - - [14/Apr/2025:07:08:23 -0400] "POST /wp-admin/admin-ajax.php?action=async_litespeed&nonce=h9GBHVMUfBAv6kldLd0KhbRWZ4IYnKdb&litespeed_type=imgoptm HTTP/1.1" 200 0 "-" "WordPress/6.7.1; https://garantishell.com"
51.222.253.9 - - [14/Apr/2025:07:09:11 -0400] "GET /category/arts-entertainments/page/85/ HTTP/1.1" 200 9926 "-" "Mozilla/5.0 (compatible; AhrefsBot/7.0; +http://ahrefs.com/robot/)"
198.54.114.83 - - [14/Apr/2025:07:09:22 -0400] "POST /wp-cron.php?doing_wp_cron=1744628960.4515130519866943359375 HTTP/1.1" 200 0 "-" "WordPress/6.7.1; https://garantishell.com"
124.243.178.128 - - [14/Apr/2025:07:09:19 -0400] "GET /optimizacion-de-la-medicion-de-torque/ HTTP/1.1" 200 10472 "https://garantishell.com/optimizacion-de-la-medicion-de-torque/" "Mozilla/5.0 (Windows NT 10.0; Win64; x64) AppleWebKit/537.36 (KHTML, like Gecko) Chrome/110.0.0.0 Safari/537.36"
85.208.96.200 - - [14/Apr/2025:07:09:22 -0400] "GET /2024/08/page/8/ HTTP/1.1" 200 9568 "-" "Mozilla/5.0 (compatible; SemrushBot/7~bl; +http://www.semrush.com/bot.html)"
185.191.171.15 - - [14/Apr/2025:07:10:13 -0400] "GET /category/arts-entertainments/page/25/ HTTP/1.1" 200 9623 "-" "Mozilla/5.0 (compatible; SemrushBot/7~bl; +http://www.semrush.com/bot.html)"
198.54.114.83 - - [14/Apr/2025:07:11:23 -0400] "POST /wp-cron.php?doing_wp_cron=1744629082.0934910774230957031250 HTTP/1.1" 200 0 "-" "WordPress/6.7.1; https://garantishell.com"
51.222.253.13 - - [14/Apr/2025:07:11:21 -0400] "GET /2025/01/page/5/ HTTP/1.1" 200 9888 "-" "Mozilla/5.0 (compatible; AhrefsBot/7.0; +http://ahrefs.com/robot/)"
198.54.114.83 - - [14/Apr/2025:07:11:25 -0400] "POST /wp-admin/admin-ajax.php?action=async_litespeed&nonce=5MCkxMPDwrh2jah4anu0p7aL3npgJe9R&litespeed_type=imgoptm HTTP/1.1" 200 0 "-" "WordPress/6.7.1; https://garantishell.com"
198.54.114.83 - - [14/Apr/2025:07:13:26 -0400] "POST /wp-cron.php?doing_wp_cron=1744629205.3696599006652832031250 HTTP/1.1" 200 0 "-" "WordPress/6.7.1; https://garantishell.com"
51.222.253.6 - - [14/Apr/2025:07:13:21 -0400] "GET /professionelle-umzugsfirma-in-luneburg-ihr-partner-fur-einen-stressfreien-umzug/ HTTP/1.1" 200 10756 "-" "Mozilla/5.0 (compatible; AhrefsBot/7.0; +http://ahrefs.com/robot/)"
198.54.114.83 - - [14/Apr/2025:07:13:27 -0400] "POST /wp-admin/admin-ajax.php?action=async_litespeed&nonce=kO0amQEFlMJOS3CEgPc7d292yTioD9Nl&litespeed_type=imgoptm HTTP/1.1" 200 0 "-" "WordPress/6.7.1; https://garantishell.com"
216.244.66.241 - - [14/Apr/2025:07:14:00 -0400] "GET /page/51/?ND HTTP/1.1" 200 9722 "-" "Mozilla/5.0 (compatible; DotBot/1.2; +https://opensiteexplorer.org/dotbot; help@moz.com)"
68.65.122.96 - - [14/Apr/2025:07:15:02 -0400] "POST /wp-login.php HTTP/1.1" 200 1862 "https://garantishell.com" "Mozilla/5.0 (Macintosh; Intel Mac OS X 14.3) AppleWebKit/614.31.14 (KHTML, like Gecko) Version/17.0.96 Safari/614.31.14"
198.54.114.83 - - [14/Apr/2025:07:15:07 -0400] "POST /wp-cron.php?doing_wp_cron=1744629304.2386739253997802734375 HTTP/1.1" 200 0 "-" "WordPress/6.7.1; https://garantishell.com"
18.117.114.128 - - [14/Apr/2025:07:15:18 -0400] "GET /robots.txt HTTP/1.1" 200 97 "-" "Mozilla/5.0 AppleWebKit/537.36 (KHTML, like Gecko; compatible; ClaudeBot/1.0; +claudebot@anthropic.com)"
18.117.114.128 - - [14/Apr/2025:07:15:19 -0400] "GET /finding-the-right-massage-options/feed HTTP/1.1" 301 0 "-" "Mozilla/5.0 AppleWebKit/537.36 (KHTML, like Gecko; compatible; ClaudeBot/1.0; +claudebot@anthropic.com)"
18.117.114.128 - - [14/Apr/2025:07:15:20 -0400] "GET /finding-the-right-massage-options/feed/ HTTP/1.1" 200 398 "-" "Mozilla/5.0 AppleWebKit/537.36 (KHTML, like Gecko; compatible; ClaudeBot/1.0; +claudebot@anthropic.com)"
51.222.253.2 - - [14/Apr/2025:07:15:25 -0400] "GET /kam-patel-leading-the-way-in-real-estate-excellence/ HTTP/1.1" 200 10976 "-" "Mozilla/5.0 (compatible; AhrefsBot/7.0; +http://ahrefs.com/robot/)"
114.119.156.227 - - [14/Apr/2025:07:16:52 -0400] "GET /category/travel-tours/ HTTP/1.1" 200 7824 "https://garantishell.com/raumungsdienste-fur-ihre-wohnung/" "Mozilla/5.0 (Linux; Android 7.0;) AppleWebKit/537.36 (KHTML, like Gecko) Mobile Safari/537.36 (compatible; PetalBot;+https://webmaster.petalsearch.com/site/petalbot)"
198.54.114.83 - - [14/Apr/2025:07:17:31 -0400] "POST /wp-cron.php?doing_wp_cron=1744629450.9326460361480712890625 HTTP/1.1" 200 0 "-" "WordPress/6.7.1; https://garantishell.com"
51.222.253.18 - - [14/Apr/2025:07:17:24 -0400] "GET /author/admin/page/9/ HTTP/1.1" 200 9818 "-" "Mozilla/5.0 (compatible; AhrefsBot/7.0; +http://ahrefs.com/robot/)"
198.54.114.83 - - [14/Apr/2025:07:17:32 -0400] "POST /wp-admin/admin-ajax.php?action=async_litespeed&nonce=YsrTdkAna3GmXVJywVsSFon7sO9zmK79&litespeed_type=imgoptm HTTP/1.1" 200 0 "-" "WordPress/6.7.1; https://garantishell.com"
198.54.114.83 - - [14/Apr/2025:07:18:41 -0400] "POST /wp-cron.php?doing_wp_cron=1744629519.3428430557250976562500 HTTP/1.1" 200 0 "-" "WordPress/6.7.1; https://garantishell.com"
185.191.171.6 - - [14/Apr/2025:07:18:39 -0400] "GET /page/42/ HTTP/1.1" 200 9742 "-" "Mozilla/5.0 (compatible; SemrushBot/7~bl; +http://www.semrush.com/bot.html)"
216.244.66.241 - - [14/Apr/2025:07:19:19 -0400] "GET /unlocking-privacy-the-cryptomixer-solution/feed/ HTTP/1.1" 200 410 "-" "Mozilla/5.0 (compatible; DotBot/1.2; +https://opensiteexplorer.org/dotbot; help@moz.com)"
51.222.253.19 - - [14/Apr/2025:07:19:29 -0400] "GET /2024/12/page/8/ HTTP/1.1" 200 9466 "-" "Mozilla/5.0 (compatible; AhrefsBot/7.0; +http://ahrefs.com/robot/)"
198.54.114.83 - - [14/Apr/2025:07:21:48 -0400] "POST /wp-cron.php?doing_wp_cron=1744629705.9412209987640380859375 HTTP/1.1" 200 0 "-" "WordPress/6.7.1; https://garantishell.com"
51.222.253.7 - - [14/Apr/2025:07:21:40 -0400] "GET /private-security-solutions-in-miami/ HTTP/1.1" 200 11025 "-" "Mozilla/5.0 (compatible; AhrefsBot/7.0; +http://ahrefs.com/robot/)"
107.178.193.36 - - [14/Apr/2025:07:22:43 -0400] "GET /designing-a-lasting-impression/ HTTP/1.1" 200 10440 "-" "Mozilla/5.0 (compatible; Google-Apps-Script; beanserver; +https://script.google.com; id: UAEmdDd-PoRGEvgsVmUEWah8uuaASwmqBPQ)"
198.54.114.83 - - [14/Apr/2025:07:23:45 -0400] "POST /wp-cron.php?doing_wp_cron=1744629823.8384280204772949218750 HTTP/1.1" 200 0 "-" "WordPress/6.7.1; https://garantishell.com"
51.222.253.16 - - [14/Apr/2025:07:23:41 -0400] "GET /category/arts-entertainments/page/8/ HTTP/1.1" 200 9970 "-" "Mozilla/5.0 (compatible; AhrefsBot/7.0; +http://ahrefs.com/robot/)"
124.243.190.242 - - [14/Apr/2025:07:24:19 -0400] "GET /the-convenience-of-purchasing-gift-cards-online/ HTTP/1.1" 200 10597 "https://garantishell.com/the-convenience-of-purchasing-gift-cards-online/#respond" "Mozilla/5.0 (Windows NT 10.0; Win64; x64) AppleWebKit/537.36 (KHTML, like Gecko) Chrome/110.0.0.0 Safari/537.36"
185.253.97.238 - - [14/Apr/2025:07:24:27 -0400] "GET /why-professional-home-inspection-services-are-essential/ HTTP/1.1" 200 10434 "-" "Mozilla/5.0 (Macintosh; Intel Mac OS X 12_5) AppleWebKit/537.36 (KHTML, like Gecko) Chrome/114.0.0.0 Safari/537.36 Vivaldi/5.3.2679.68"
198.54.114.83 - - [14/Apr/2025:07:25:46 -0400] "POST /wp-cron.php?doing_wp_cron=1744629945.8354279994964599609375 HTTP/1.1" 200 0 "-" "WordPress/6.7.1; https://garantishell.com"
51.222.253.16 - - [14/Apr/2025:07:25:43 -0400] "GET /category/arts-entertainments/page/84/ HTTP/1.1" 200 9716 "-" "Mozilla/5.0 (compatible; AhrefsBot/7.0; +http://ahrefs.com/robot/)"
198.54.114.83 - - [14/Apr/2025:07:25:47 -0400] "POST /wp-admin/admin-ajax.php?action=async_litespeed&nonce=ZxAAtum420w05aW7AoLuQhBQLbS1ZlcA&litespeed_type=imgoptm HTTP/1.1" 200 0 "-" "WordPress/6.7.1; https://garantishell.com"
198.54.114.83 - - [14/Apr/2025:07:28:19 -0400] "POST /wp-cron.php?doing_wp_cron=1744630098.7364909648895263671875 HTTP/1.1" 200 0 "-" "WordPress/6.7.1; https://garantishell.com"
198.54.114.83 - - [14/Apr/2025:07:28:21 -0400] "POST /wp-admin/admin-ajax.php?action=async_litespeed&nonce=EaERHNOIgMnSAFDyIsHAi8pLIffEBAwD&litespeed_type=imgoptm HTTP/1.1" 200 0 "-" "WordPress/6.7.1; https://garantishell.com"
51.222.253.10 - - [14/Apr/2025:07:28:16 -0400] "GET /category/arts-entertainments/page/86/ HTTP/1.1" 200 9926 "-" "Mozilla/5.0 (compatible; AhrefsBot/7.0; +http://ahrefs.com/robot/)"
192.250.229.82 - - [14/Apr/2025:07:28:26 -0400] "POST /wp-login.php HTTP/1.1" 200 1862 "https://garantishell.com" "Mozilla/5.0 (Windows NT 10.0; Win64; x64) AppleWebKit/537.36 (KHTML, like Gecko) Chrome/112.0.5615.138 Safari/537.36 Edg/112.0.1722.68"
50.98.226.60 - - [14/Apr/2025:07:30:13 -0400] "GET /why-professional-home-inspection-services-are-essential/ HTTP/1.1" 200 10434 "-" "Mozilla/5.0 (Macintosh; Intel Mac OS X 12_5) AppleWebKit/537.36 (KHTML, like Gecko) Chrome/114.0.0.0 Safari/537.36 Vivaldi/5.3.2679.68"
107.178.203.225 - - [14/Apr/2025:07:31:14 -0400] "GET /designing-a-lasting-impression/ HTTP/1.1" 200 10440 "-" "Mozilla/5.0 (compatible; Google-Apps-Script; beanserver; +https://script.google.com; id: UAEmdDd-PoRGEvgsVmUEWah8uuaASwmqBPQ)"
51.222.253.1 - - [14/Apr/2025:07:33:26 -0400] "GET /2024/12/page/9/ HTTP/1.1" 200 9556 "-" "Mozilla/5.0 (compatible; AhrefsBot/7.0; +http://ahrefs.com/robot/)"
216.244.66.241 - - [14/Apr/2025:07:33:32 -0400] "GET /robots.txt HTTP/1.1" 304 0 "-" "Mozilla/5.0 (compatible; DotBot/1.2; +https://opensiteexplorer.org/dotbot; help@moz.com)"
107.152.47.63 - - [14/Apr/2025:07:34:33 -0400] "GET /why-professional-home-inspection-services-are-essential/ HTTP/1.1" 200 10434 "-" "Mozilla/5.0 (Macintosh; Intel Mac OS X 12_5) AppleWebKit/537.36 (KHTML, like Gecko) Chrome/114.0.0.0 YaBrowser/22.7.0 Yowser/2.5 Safari/537.36"
198.54.114.83 - - [14/Apr/2025:07:34:40 -0400] "POST /wp-cron.php?doing_wp_cron=1744630479.9327700138092041015625 HTTP/1.1" 200 0 "-" "WordPress/6.7.1; https://garantishell.com"
198.54.114.83 - - [14/Apr/2025:07:34:41 -0400] "POST /wp-admin/admin-ajax.php?action=async_litespeed&nonce=pF4QbEBiA4LFOqLS4AQ2xlPA3EO8rggs&litespeed_type=imgoptm HTTP/1.1" 200 0 "-" "WordPress/6.7.1; https://garantishell.com"
107.152.47.63 - - [14/Apr/2025:07:34:36 -0400] "POST /wp-comments-post.php HTTP/1.1" 302 0 "https://garantishell.com/why-professional-home-inspection-services-are-essential/" "Mozilla/5.0 (Macintosh; Intel Mac OS X 12_5) AppleWebKit/537.36 (KHTML, like Gecko) Chrome/114.0.0.0 YaBrowser/22.7.0 Yowser/2.5 Safari/537.36"
107.152.47.63 - - [14/Apr/2025:07:34:44 -0400] "GET /why-professional-home-inspection-services-are-essential/?unapproved=4235&moderation-hash=ee083393ddb52d550d0e81fea05b9acf HTTP/1.1" 200 10946 "https://garantishell.com/wp-comments-post.php" "Mozilla/5.0 (Macintosh; Intel Mac OS X 12_5) AppleWebKit/537.36 (KHTML, like Gecko) Chrome/114.0.0.0 YaBrowser/22.7.0 Yowser/2.5 Safari/537.36"
107.152.47.63 - - [14/Apr/2025:07:34:47 -0400] "GET /why-professional-home-inspection-services-are-essential/ HTTP/1.1" 200 10434 "-" "Mozilla/5.0 (Macintosh; Intel Mac OS X 12_5) AppleWebKit/537.36 (KHTML, like Gecko) Chrome/114.0.0.0 YaBrowser/22.7.0 Yowser/2.5 Safari/537.36"
198.54.114.83 - - [14/Apr/2025:07:37:28 -0400] "POST /wp-cron.php?doing_wp_cron=1744630647.3040060997009277343750 HTTP/1.1" 200 0 "-" "WordPress/6.7.1; https://garantishell.com"
51.222.253.14 - - [14/Apr/2025:07:37:25 -0400] "GET /2024/11/page/7/ HTTP/1.1" 200 9543 "-" "Mozilla/5.0 (compatible; AhrefsBot/7.0; +http://ahrefs.com/robot/)"
198.54.114.83 - - [14/Apr/2025:07:39:23 -0400] "POST /wp-cron.php?doing_wp_cron=1744630762.2178928852081298828125 HTTP/1.1" 200 0 "-" "WordPress/6.7.1; https://garantishell.com"
122.8.187.99 - - [14/Apr/2025:07:39:19 -0400] "GET /embracing-cultural-experiences-through-gift-certificates/ HTTP/1.1" 200 10589 "https://garantishell.com/embracing-cultural-experiences-through-gift-certificates/" "Mozilla/5.0 (Macintosh; Intel Mac OS X 10_15_7) AppleWebKit/537.36 (KHTML, like Gecko) Chrome/131.0.0.0 Safari/537.36"
198.54.114.83 - - [14/Apr/2025:07:41:24 -0400] "POST /wp-cron.php?doing_wp_cron=1744630884.1523389816284179687500 HTTP/1.1" 200 0 "-" "WordPress/6.7.1; https://garantishell.com"
198.54.114.83 - - [14/Apr/2025:07:41:26 -0400] "POST /wp-admin/admin-ajax.php?action=async_litespeed&nonce=VMEybp8vUkjxCr1x6ZPZQTkTVrZWlvEo&litespeed_type=imgoptm HTTP/1.1" 200 0 "-" "WordPress/6.7.1; https://garantishell.com"
51.222.253.19 - - [14/Apr/2025:07:41:21 -0400] "GET /2024/09/page/7/ HTTP/1.1" 200 9522 "-" "Mozilla/5.0 (compatible; AhrefsBot/7.0; +http://ahrefs.com/robot/)"
27.64.30.157 - - [14/Apr/2025:07:41:41 -0400] "GET /why-professional-home-inspection-services-are-essential/ HTTP/1.1" 200 10434 "-" "Mozilla/5.0 (Macintosh; Intel Mac OS X 12_5) AppleWebKit/537.36 (KHTML, like Gecko) Chrome/114.0.0.0 Safari/537.36 Vivaldi/5.3.2679.68"
2605:6f00:1234:700:1::46 - - [14/Apr/2025:07:41:44 -0400] "POST /wp-login.php HTTP/1.1" 200 1862 "https://garantishell.com" "Mozilla/5.0 (Macintosh; Intel Mac OS X 13_3) AppleWebKit/537.36 (KHTML, like Gecko) Chrome/126.0.0.0 Safari/537.36 Edg/126.0.0.0"
27.64.30.157 - - [14/Apr/2025:07:41:58 -0400] "GET /why-professional-home-inspection-services-are-essential/ HTTP/1.1" 200 10434 "-" "Mozilla/5.0 (Macintosh; Intel Mac OS X 12_5) AppleWebKit/537.36 (KHTML, like Gecko) Chrome/114.0.0.0 Safari/537.36 Vivaldi/5.3.2679.68"
27.64.30.157 - - [14/Apr/2025:07:42:00 -0400] "GET /why-professional-home-inspection-services-are-essential/ HTTP/1.1" 200 10434 "-" "Mozilla/5.0 (Macintosh; Intel Mac OS X 12_5) AppleWebKit/537.36 (KHTML, like Gecko) Chrome/114.0.0.0 Safari/537.36 Vivaldi/5.3.2679.68"
198.54.114.83 - - [14/Apr/2025:07:43:19 -0400] "POST /wp-cron.php?doing_wp_cron=1744630998.2311871051788330078125 HTTP/1.1" 200 0 "-" "WordPress/6.7.1; https://garantishell.com"
52.0.105.244 - - [14/Apr/2025:07:43:15 -0400] "GET /page/16/ HTTP/1.1" 200 9745 "-" "Mozilla/5.0 AppleWebKit/537.36 (KHTML, like Gecko; compatible; Amazonbot/0.1; +https://developer.amazon.com/support/amazonbot) Chrome/119.0.6045.214 Safari/537.36"
216.244.66.241 - - [14/Apr/2025:07:43:33 -0400] "GET /a-digital-revolution/ HTTP/1.1" 200 10404 "-" "Mozilla/5.0 (compatible; DotBot/1.2; +https://opensiteexplorer.org/dotbot; help@moz.com)"
114.119.143.166 - - [14/Apr/2025:07:43:59 -0400] "GET /unternehmenseclearing-in-luneburg-ein-uberblick/ HTTP/1.1" 200 10649 "https://garantishell.com/the-ultimate-stress-reliever-for-business-travelers/" "Mozilla/5.0 (Linux; Android 7.0;) AppleWebKit/537.36 (KHTML, like Gecko) Mobile Safari/537.36 (compatible; PetalBot;+https://webmaster.petalsearch.com/site/petalbot)"
107.152.47.63 - - [14/Apr/2025:07:44:45 -0400] "GET /why-professional-home-inspection-services-are-essential/ HTTP/1.1" 200 10434 "-" "Mozilla/5.0 (Macintosh; Intel Mac OS X 12_5) AppleWebKit/537.36 (KHTML, like Gecko) Chrome/114.0.0.0 Safari/537.36 Vivaldi/5.3.2679.68"
51.222.253.13 - - [14/Apr/2025:07:45:04 -0400] "GET /cherishing-your-furry-friend-the-appeal-of-custom-pet-portraits/ HTTP/1.1" 200 10397 "-" "Mozilla/5.0 (compatible; AhrefsBot/7.0; +http://ahrefs.com/robot/)"
198.54.114.83 - - [14/Apr/2025:07:45:06 -0400] "POST /wp-cron.php?doing_wp_cron=1744631104.8951160907745361328125 HTTP/1.1" 200 0 "-" "WordPress/6.7.1; https://garantishell.com"
114.119.140.66 - - [14/Apr/2025:07:45:27 -0400] "GET /renouvellement-vital-sejour-de-jeune-detox-et-randonnee-pour-la-jeunesse/ HTTP/1.1" 200 10567 "https://garantishell.com/mastering-social-media-growth-strategies-for-increasing-followers-organically-and-ethically/" "Mozilla/5.0 (Linux; Android 7.0;) AppleWebKit/537.36 (KHTML, like Gecko) Mobile Safari/537.36 (compatible; PetalBot;+https://webmaster.petalsearch.com/site/petalbot)"
198.54.114.83 - - [14/Apr/2025:07:46:39 -0400] "POST /wp-cron.php?doing_wp_cron=1744631199.1156239509582519531250 HTTP/1.1" 200 0 "-" "WordPress/6.7.1; https://garantishell.com"
43.156.116.252 - - [14/Apr/2025:07:46:38 -0400] "GET /wp-aa.php HTTP/1.1" 404 6867 "-" "Mozilla/5.0 (Windows NT 10.0; Win64; x64) AppleWebKit/537.36 (KHTML, like Gecko) Chrome/58.0.3029.110 Safari/537.3"
198.54.114.83 - - [14/Apr/2025:07:46:40 -0400] "POST /wp-admin/admin-ajax.php?action=async_litespeed&nonce=6gvkH1ShTczRN3BrB6MvU7PPXlRXxQEv&litespeed_type=imgoptm HTTP/1.1" 200 0 "-" "WordPress/6.7.1; https://garantishell.com"
43.156.116.252 - - [14/Apr/2025:07:46:41 -0400] "GET /wp-content/plugins/wp-automatic/inc/csv.php HTTP/1.1" 404 6867 "-" "Mozilla/5.0 (Windows NT 10.0; Win64; x64) AppleWebKit/537.36 (KHTML, like Gecko) Chrome/58.0.3029.110 Safari/537.3"
198.54.114.83 - - [14/Apr/2025:07:48:54 -0400] "POST /wp-cron.php?doing_wp_cron=1744631333.1867680549621582031250 HTTP/1.1" 200 0 "-" "WordPress/6.7.1; https://garantishell.com"
51.222.253.16 - - [14/Apr/2025:07:48:49 -0400] "GET /navigating-the-world-of-online-betting-sites/ HTTP/1.1" 200 10487 "-" "Mozilla/5.0 (compatible; AhrefsBot/7.0; +http://ahrefs.com/robot/)"
198.54.114.83 - - [14/Apr/2025:07:48:55 -0400] "POST /wp-admin/admin-ajax.php?action=async_litespeed&nonce=8dNbQltVcmsGn9T2hvgH9F0HebygYSyw&litespeed_type=imgoptm HTTP/1.1" 200 0 "-" "WordPress/6.7.1; https://garantishell.com"
198.54.114.83 - - [14/Apr/2025:07:52:29 -0400] "POST /wp-cron.php?doing_wp_cron=1744631549.0493249893188476562500 HTTP/1.1" 200 0 "-" "WordPress/6.7.1; https://garantishell.com"
51.222.253.8 - - [14/Apr/2025:07:52:25 -0400] "GET /limpact-des-nappes-personnalisees/ HTTP/1.1" 200 10468 "-" "Mozilla/5.0 (compatible; AhrefsBot/7.0; +http://ahrefs.com/robot/)"
198.54.114.83 - - [14/Apr/2025:07:52:30 -0400] "POST /wp-admin/admin-ajax.php?action=async_litespeed&nonce=DLxTrLa9XvewpM6lzEeYA2T9kYrms2zG&litespeed_type=imgoptm HTTP/1.1" 200 0 "-" "WordPress/6.7.1; https://garantishell.com"
198.54.114.83 - - [14/Apr/2025:07:54:19 -0400] "POST /wp-cron.php?doing_wp_cron=1744631658.8985769748687744140625 HTTP/1.1" 200 0 "-" "WordPress/6.7.1; https://garantishell.com"
94.74.87.89 - - [14/Apr/2025:07:54:17 -0400] "GET /the-rise-of-craft-cannabis-in-canada/ HTTP/1.1" 200 10664 "https://garantishell.com/the-rise-of-craft-cannabis-in-canada/#primary" "Mozilla/5.0 (Windows NT 10.0; Win64; x64) AppleWebKit/537.36 (KHTML, like Gecko) Chrome/101.0.4951.64 Safari/537.36 Edg/101.0.1210.47"
198.54.114.83 - - [14/Apr/2025:07:54:19 -0400] "POST /wp-admin/admin-ajax.php?action=async_litespeed&nonce=R4xo3Aci7cLf47NRGEH4ekehIiz3uha6&litespeed_type=imgoptm HTTP/1.1" 200 5 "-" "WordPress/6.7.1; https://garantishell.com"
114.119.140.66 - - [14/Apr/2025:07:55:04 -0400] "GET /un-monde-de-plaques-dimmatriculation-personnalisees/ HTTP/1.1" 200 10413 "https://garantishell.com/expert-solutions-for-commercial-concrete-repair-in-fort-collins/" "Mozilla/5.0 (Linux; Android 7.0;) AppleWebKit/537.36 (KHTML, like Gecko) Mobile Safari/537.36 (compatible; PetalBot;+https://webmaster.petalsearch.com/site/petalbot)"
45.67.14.64 - - [14/Apr/2025:07:55:13 -0400] "POST /wp-login.php HTTP/1.1" 200 1862 "https://garantishell.com" "Mozilla/5.0 (Macintosh; Intel Mac OS X 14.3) AppleWebKit/614.31.14 (KHTML, like Gecko) Version/17.0.96 Safari/614.31.14"
198.54.114.83 - - [14/Apr/2025:07:56:27 -0400] "POST /wp-cron.php?doing_wp_cron=1744631786.9184069633483886718750 HTTP/1.1" 200 0 "-" "WordPress/6.7.1; https://garantishell.com"
114.119.143.166 - - [14/Apr/2025:07:56:26 -0400] "GET /gitarre-spielen-lernen-der-weg-zum-musikalischen-erfolg/ HTTP/1.1" 200 10628 "https://garantishell.com/2024/12/page/5/" "Mozilla/5.0 (Linux; Android 7.0;) AppleWebKit/537.36 (KHTML, like Gecko) Mobile Safari/537.36 (compatible; PetalBot;+https://webmaster.petalsearch.com/site/petalbot)"
198.54.114.83 - - [14/Apr/2025:07:56:27 -0400] "POST /wp-admin/admin-ajax.php?action=async_litespeed&nonce=NPgrAnCjXrirvVgHlCPV3pPmerT2WZn8&litespeed_type=imgoptm HTTP/1.1" 200 5 "-" "WordPress/6.7.1; https://garantishell.com"
51.222.253.11 - - [14/Apr/2025:07:56:41 -0400] "GET /rechtsanwalt-in-hattingen-experten-fur-ihre-rechtlichen-anliegen/ HTTP/1.1" 200 11056 "-" "Mozilla/5.0 (compatible; AhrefsBot/7.0; +http://ahrefs.com/robot/)"
212.30.36.104 - - [14/Apr/2025:07:59:00 -0400] "GET /why-professional-home-inspection-services-are-essential/ HTTP/1.1" 200 10434 "-" "Mozilla/5.0 (Macintosh; Intel Mac OS X 12_5) AppleWebKit/537.36 (KHTML, like Gecko) Chrome/114.0.0.0 Safari/537.36 Vivaldi/5.3.2679.68"
198.54.114.83 - - [14/Apr/2025:08:00:00 -0400] "POST /wp-cron.php?doing_wp_cron=1744631999.3638510704040527343750 HTTP/1.1" 200 0 "-" "WordPress/6.7.1; https://garantishell.com"
34.23.79.115 - - [14/Apr/2025:07:59:56 -0400] "GET /media/system/js/core.js HTTP/1.1" 404 6867 "http://garantishell.com/media/system/js/core.js" "Mozilla/5.0 (Macintosh; Intel Mac OS X 10_10_1) AppleWebKit/537.36 (KHTML, like Gecko) Chrome/39.0.2171.95 Safari/537.36"
198.54.114.83 - - [14/Apr/2025:08:00:01 -0400] "POST /wp-admin/admin-ajax.php?action=async_litespeed&nonce=hbH8mh6Z5srelfyt80AiAKSSILGFJ13P&litespeed_type=imgoptm HTTP/1.1" 200 0 "-" "WordPress/6.7.1; https://garantishell.com"
34.23.79.115 - - [14/Apr/2025:08:00:03 -0400] "GET /wp-includes/js/jquery/jquery.js HTTP/1.1" 200 81316 "http://garantishell.com/wp-includes/js/jquery/jquery.js" "Mozilla/5.0 (Macintosh; Intel Mac OS X 10_10_1) AppleWebKit/537.36 (KHTML, like Gecko) Chrome/39.0.2171.95 Safari/537.36"
198.54.114.83 - - [14/Apr/2025:08:00:36 -0400] "POST /wp-cron.php?doing_wp_cron=1744632036.3139929771423339843750 HTTP/1.1" 200 0 "-" "WordPress/6.7.1; https://garantishell.com"
51.222.253.19 - - [14/Apr/2025:08:00:35 -0400] "GET /madame-ferment-la-revolution-silencieuse-des-probiotiques/ HTTP/1.1" 200 10930 "-" "Mozilla/5.0 (compatible; AhrefsBot/7.0; +http://ahrefs.com/robot/)"
198.54.114.83 - - [14/Apr/2025:08:00:37 -0400] "POST /wp-admin/admin-ajax.php?action=async_litespeed&nonce=3SlymTOjjTwYuLKi9rdORseouxMwvqRc&litespeed_type=imgoptm HTTP/1.1" 200 5 "-" "WordPress/6.7.1; https://garantishell.com"
5.199.130.40 - - [14/Apr/2025:08:02:28 -0400] "HEAD / HTTP/1.1" 200 0 "-" "-"
198.54.114.83 - - [14/Apr/2025:08:04:23 -0400] "POST /wp-cron.php?doing_wp_cron=1744632262.1825079917907714843750 HTTP/1.1" 200 0 "-" "WordPress/6.7.1; https://garantishell.com"
51.222.253.3 - - [14/Apr/2025:08:04:18 -0400] "GET /finding-reliable-shipping-services-near-you/ HTTP/1.1" 200 10482 "-" "Mozilla/5.0 (compatible; AhrefsBot/7.0; +http://ahrefs.com/robot/)"
198.54.114.83 - - [14/Apr/2025:08:08:11 -0400] "POST /wp-cron.php?doing_wp_cron=1744632490.3744680881500244140625 HTTP/1.1" 200 0 "-" "WordPress/6.7.1; https://garantishell.com"
51.222.253.5 - - [14/Apr/2025:08:08:06 -0400] "GET /die-kraft-der-anziehung-freisetzen-die-wissenschaft-hinter-pheromonparfum/ HTTP/1.1" 200 11011 "-" "Mozilla/5.0 (compatible; AhrefsBot/7.0; +http://ahrefs.com/robot/)"
198.54.114.83 - - [14/Apr/2025:08:08:12 -0400] "POST /wp-admin/admin-ajax.php?action=async_litespeed&nonce=q38wya1NHNqCyA280VTv5rZ3PyHWnIjP&litespeed_type=imgoptm HTTP/1.1" 200 0 "-" "WordPress/6.7.1; https://garantishell.com"
198.54.114.83 - - [14/Apr/2025:08:09:20 -0400] "POST /wp-cron.php?doing_wp_cron=1744632559.0430130958557128906250 HTTP/1.1" 200 0 "-" "WordPress/6.7.1; https://garantishell.com"
150.40.237.112 - - [14/Apr/2025:08:09:18 -0400] "GET /bet-365-the-best-online-betting-site/ HTTP/1.1" 200 10803 "https://garantishell.com/bet-365-the-best-online-betting-site/" "Mozilla/5.0 (Windows NT 10.0; Win64; x64) AppleWebKit/537.36 (KHTML, like Gecko) Chrome/101.0.4951.67 Safari/537.36"
198.54.114.83 - - [14/Apr/2025:08:11:56 -0400] "POST /wp-cron.php?doing_wp_cron=1744632716.5213789939880371093750 HTTP/1.1" 200 0 "-" "WordPress/6.7.1; https://garantishell.com"
51.222.253.17 - - [14/Apr/2025:08:11:51 -0400] "GET /e-composteur-electrique-une-revolution-verte/ HTTP/1.1" 200 10556 "-" "Mozilla/5.0 (compatible; AhrefsBot/7.0; +http://ahrefs.com/robot/)"
198.54.114.83 - - [14/Apr/2025:08:11:57 -0400] "POST /wp-admin/admin-ajax.php?action=async_litespeed&nonce=x1cgxMVCt5JVEPSKQOVg5I20bA0m54M5&litespeed_type=imgoptm HTTP/1.1" 200 5 "-" "WordPress/6.7.1; https://garantishell.com"
138.201.34.57 - - [14/Apr/2025:08:14:32 -0400] "GET /why-professional-home-inspection-services-are-essential/ HTTP/1.1" 200 10434 "-" "Mozilla/5.0 (Windows NT 10.0; Win64; x64) AppleWebKit/537.36 (KHTML, like Gecko) Chrome/114.0.0.0 YaBrowser/22.7.0 Yowser/2.5 Safari/537.36"
198.54.114.83 - - [14/Apr/2025:08:14:35 -0400] "POST /wp-cron.php?doing_wp_cron=1744632875.7184801101684570312500 HTTP/1.1" 200 0 "-" "WordPress/6.7.1; https://garantishell.com"
138.201.34.57 - - [14/Apr/2025:08:14:33 -0400] "POST /wp-comments-post.php HTTP/1.1" 302 0 "https://garantishell.com/why-professional-home-inspection-services-are-essential/" "Mozilla/5.0 (Windows NT 10.0; Win64; x64) AppleWebKit/537.36 (KHTML, like Gecko) Chrome/114.0.0.0 YaBrowser/22.7.0 Yowser/2.5 Safari/537.36"
198.54.114.83 - - [14/Apr/2025:08:14:36 -0400] "POST /wp-admin/admin-ajax.php?action=async_litespeed&nonce=PBo4gmkeRc5gYWo986iqph7VcZNzkBpJ&litespeed_type=imgoptm HTTP/1.1" 200 0 "-" "WordPress/6.7.1; https://garantishell.com"
138.201.34.57 - - [14/Apr/2025:08:14:38 -0400] "GET /why-professional-home-inspection-services-are-essential/?unapproved=4236&moderation-hash=0c3315f5d301e3cc2b34da09213cfb0b HTTP/1.1" 200 11057 "https://garantishell.com/wp-comments-post.php" "Mozilla/5.0 (Windows NT 10.0; Win64; x64) AppleWebKit/537.36 (KHTML, like Gecko) Chrome/114.0.0.0 YaBrowser/22.7.0 Yowser/2.5 Safari/537.36"
138.201.34.57 - - [14/Apr/2025:08:14:39 -0400] "GET /why-professional-home-inspection-services-are-essential/ HTTP/1.1" 200 10434 "-" "Mozilla/5.0 (Windows NT 10.0; Win64; x64) AppleWebKit/537.36 (KHTML, like Gecko) Chrome/114.0.0.0 YaBrowser/22.7.0 Yowser/2.5 Safari/537.36"
51.222.253.9 - - [14/Apr/2025:08:16:06 -0400] "GET /the-versatility-of-gift-certificate-credit-cards/ HTTP/1.1" 200 10275 "-" "Mozilla/5.0 (compatible; AhrefsBot/7.0; +http://ahrefs.com/robot/)"
198.54.114.83 - - [14/Apr/2025:08:16:11 -0400] "POST /wp-cron.php?doing_wp_cron=1744632969.6287560462951660156250 HTTP/1.1" 200 0 "-" "WordPress/6.7.1; https://garantishell.com"
198.54.114.83 - - [14/Apr/2025:08:19:56 -0400] "POST /wp-cron.php?doing_wp_cron=1744633196.7259280681610107421875 HTTP/1.1" 200 0 "-" "WordPress/6.7.1; https://garantishell.com"
51.222.253.10 - - [14/Apr/2025:08:19:53 -0400] "GET /professionelle-dachdecker-in-hamburg/ HTTP/1.1" 200 10223 "-" "Mozilla/5.0 (compatible; AhrefsBot/7.0; +http://ahrefs.com/robot/)"
198.54.114.83 - - [14/Apr/2025:08:19:57 -0400] "POST /wp-admin/admin-ajax.php?action=async_litespeed&nonce=vwTj8jUn1g5Tsh16Bnbh9k9Hl39nfsZ5&litespeed_type=imgoptm HTTP/1.1" 200 5 "-" "WordPress/6.7.1; https://garantishell.com"
138.201.34.57 - - [14/Apr/2025:08:20:56 -0400] "GET /why-professional-home-inspection-services-are-essential/ HTTP/1.1" 200 10434 "-" "Mozilla/5.0 (Macintosh; Intel Mac OS X 12_5) AppleWebKit/537.36 (KHTML, like Gecko) Chrome/114.0.0.0 Safari/537.36 Vivaldi/5.3.2679.68"
198.54.114.83 - - [14/Apr/2025:08:22:12 -0400] "POST /wp-cron.php?doing_wp_cron=1744633332.4580841064453125000000 HTTP/1.1" 200 0 "-" "WordPress/6.7.1; https://garantishell.com"
157.245.6.207 - - [14/Apr/2025:08:22:09 -0400] "POST /wp-login.php HTTP/1.1" 200 1861 "https://garantishell.com" "Mozilla/5.0 (Macintosh; Intel Mac OS X 10_15_7; rv:125.0.1) Gecko/20100101 Firefox/125.0.1"
198.54.114.83 - - [14/Apr/2025:08:22:13 -0400] "POST /wp-admin/admin-ajax.php?action=async_litespeed&nonce=EIlnLiYyBc7CwvWsIuR8YuytDqb2IVxq&litespeed_type=imgoptm HTTP/1.1" 200 5 "-" "WordPress/6.7.1; https://garantishell.com"
198.54.114.83 - - [14/Apr/2025:08:23:57 -0400] "POST /wp-cron.php?doing_wp_cron=1744633437.5203700065612792968750 HTTP/1.1" 200 0 "-" "WordPress/6.7.1; https://garantishell.com"
198.54.114.83 - - [14/Apr/2025:08:23:58 -0400] "POST /wp-admin/admin-ajax.php?action=async_litespeed&nonce=Nc252GzkexZrPBQaUnLaLvvVT069yXvi&litespeed_type=imgoptm HTTP/1.1" 200 5 "-" "WordPress/6.7.1; https://garantishell.com"
51.222.253.3 - - [14/Apr/2025:08:23:55 -0400] "GET /a-premier-online-gaming-experience/ HTTP/1.1" 200 10357 "-" "Mozilla/5.0 (compatible; AhrefsBot/7.0; +http://ahrefs.com/robot/)"
198.54.114.83 - - [14/Apr/2025:08:24:20 -0400] "POST /wp-cron.php?doing_wp_cron=1744633459.9388370513916015625000 HTTP/1.1" 200 0 "-" "WordPress/6.7.1; https://garantishell.com"
46.250.160.53 - - [14/Apr/2025:08:24:19 -0400] "GET /effective-strategies-to-correct-forward-head-posture/ HTTP/1.1" 200 10545 "https://garantishell.com/effective-strategies-to-correct-forward-head-posture/" "Mozilla/5.0 (Windows NT 10.0; Win64; x64) AppleWebKit/537.36 (KHTML, like Gecko) Chrome/110.0.0.0 Safari/537.36"
198.54.114.83 - - [14/Apr/2025:08:24:21 -0400] "POST /wp-admin/admin-ajax.php?action=async_litespeed&nonce=xY9x5WeXvqKHah84ICRk7EQEs6CAnCua&litespeed_type=imgoptm HTTP/1.1" 200 5 "-" "WordPress/6.7.1; https://garantishell.com"
58.254.68.38 - - [14/Apr/2025:08:24:39 -0400] "GET /why-professional-home-inspection-services-are-essential/ HTTP/1.1" 200 10434 "-" "Mozilla/5.0 (Windows NT 6.1; WOW64) AppleWebKit/537.36 (KHTML, like Gecko) Chrome/34.0.1847.131 Safari/537.36"
107.178.110.130 - - [14/Apr/2025:08:24:47 -0400] "GET /why-professional-home-inspection-services-are-essential/ HTTP/1.1" 200 10434 "http://garantishell.com/why-professional-home-inspection-services-are-essential/" "Mozilla/5.0 (Macintosh; Intel Mac OS X 12_5) AppleWebKit/537.36 (KHTML, like Gecko) Chrome/114.0.0.0 Safari/537.36 Vivaldi/5.3.2679.68"
198.54.114.83 - - [14/Apr/2025:08:26:24 -0400] "POST /wp-cron.php?doing_wp_cron=1744633583.9089200496673583984375 HTTP/1.1" 200 0 "-" "WordPress/6.7.1; https://garantishell.com"
198.54.114.83 - - [14/Apr/2025:08:26:25 -0400] "POST /wp-admin/admin-ajax.php?action=async_litespeed&nonce=ylE01Vs9K8Kvd6W0N4MIMOXHYITqmms3&litespeed_type=imgoptm HTTP/1.1" 200 0 "-" "WordPress/6.7.1; https://garantishell.com"
2a02:598:128:8a00::b00:15 - - [14/Apr/2025:08:26:21 -0400] "GET /effiziente-altsammlung-in-duisburg/ HTTP/1.1" 200 10661 "-" "Mozilla/5.0 (compatible; SeznamBot/4.0; +https://o-seznam.cz/napoveda/vyhledavani/en/seznambot-crawler/)"
51.222.253.14 - - [14/Apr/2025:08:27:38 -0400] "GET /feed/ HTTP/1.1" 304 0 "-" "Mozilla/5.0 (compatible; AhrefsBot/7.0; +http://ahrefs.com/robot/)"
198.54.114.83 - - [14/Apr/2025:08:30:06 -0400] "POST /wp-cron.php?doing_wp_cron=1744633805.3796980381011962890625 HTTP/1.1" 200 0 "-" "WordPress/6.7.1; https://garantishell.com"
198.54.114.83 - - [14/Apr/2025:08:30:08 -0400] "POST /wp-admin/admin-ajax.php?action=async_litespeed&nonce=Vk6EiECSwf2slcUYsCBSTWlAz1KCAozr&litespeed_type=imgoptm HTTP/1.1" 200 0 "-" "WordPress/6.7.1; https://garantishell.com"
85.208.96.201 - - [14/Apr/2025:08:29:59 -0400] "GET /2024/12/page/2/ HTTP/1.1" 200 9388 "-" "Mozilla/5.0 (compatible; SemrushBot/7~bl; +http://www.semrush.com/bot.html)"
198.54.114.83 - - [14/Apr/2025:08:31:45 -0400] "POST /wp-cron.php?doing_wp_cron=1744633905.0977299213409423828125 HTTP/1.1" 200 0 "-" "WordPress/6.7.1; https://garantishell.com"
198.54.114.83 - - [14/Apr/2025:08:31:46 -0400] "POST /wp-admin/admin-ajax.php?action=async_litespeed&nonce=m2w6g4VG6072sBKFIz7r681GcXGfV6uQ&litespeed_type=imgoptm HTTP/1.1" 200 0 "-" "WordPress/6.7.1; https://garantishell.com"
51.222.253.17 - - [14/Apr/2025:08:31:41 -0400] "GET /2025/01/page/6/ HTTP/1.1" 200 9904 "-" "Mozilla/5.0 (compatible; AhrefsBot/7.0; +http://ahrefs.com/robot/)"
17.241.75.26 - - [14/Apr/2025:08:32:48 -0400] "GET /elegance-intemporelle-des-panneaux-muraux-en-marbre/ HTTP/1.1" 200 10754 "-" "Mozilla/5.0 (Macintosh; Intel Mac OS X 10_15_7) AppleWebKit/605.1.15 (KHTML, like Gecko) Version/17.4 Safari/605.1.15 (Applebot/0.1; +http://www.apple.com/go/applebot)"
220.93.109.99 - - [14/Apr/2025:08:33:09 -0400] "GET /why-professional-home-inspection-services-are-essential/ HTTP/1.1" 200 10434 "-" "Mozilla/5.0 (Windows NT 10.0; Win64; x64; Xbox; Xbox One) AppleWebKit/537.36 (KHTML, like Gecko) Chrome/114.0.0.0 Safari/537.36 Edge/44.18363.8131"
220.93.109.99 - - [14/Apr/2025:08:33:22 -0400] "GET /why-professional-home-inspection-services-are-essential/ HTTP/1.1" 200 10434 "https://garantishell.com/why-professional-home-inspection-services-are-essential/" "Mozilla/5.0 (Windows NT 6.3; Win64; x64) AppleWebKit/537.36 (KHTML, like Gecko) Chrome/103.0.0.0 Safari/537.36"
198.54.114.83 - - [14/Apr/2025:08:33:30 -0400] "POST /wp-cron.php?doing_wp_cron=1744634007.7801949977874755859375 HTTP/1.1" 200 0 "-" "WordPress/6.7.1; https://garantishell.com"
220.93.109.99 - - [14/Apr/2025:08:33:25 -0400] "POST /wp-comments-post.php HTTP/1.1" 302 0 "https://garantishell.com/why-professional-home-inspection-services-are-essential/" "Mozilla/5.0 (Windows NT 6.3; Win64; x64) AppleWebKit/537.36 (KHTML, like Gecko) Chrome/103.0.0.0 Safari/537.36"
220.93.109.99 - - [14/Apr/2025:08:33:32 -0400] "GET /why-professional-home-inspection-services-are-essential/?unapproved=4237&moderation-hash=efca2127b2701b26730bd421472b4c81 HTTP/1.1" 200 11141 "https://garantishell.com/wp-comments-post.php" "Mozilla/5.0 (Windows NT 6.3; Win64; x64) AppleWebKit/537.36 (KHTML, like Gecko) Chrome/103.0.0.0 Safari/537.36"
220.93.109.99 - - [14/Apr/2025:08:33:38 -0400] "GET /why-professional-home-inspection-services-are-essential/ HTTP/1.1" 200 10434 "-" "Mozilla/5.0 (Windows NT 6.3; Win64; x64) AppleWebKit/537.36 (KHTML, like Gecko) Chrome/103.0.0.0 Safari/537.36"
13.71.40.65 - - [14/Apr/2025:08:33:43 -0400] "GET /wp-admin/css/ HTTP/1.1" 403 1242 "binance.com" "Mozilla/5.0 (Windows NT 10.0; Win64; x64) AppleWebKit/537.36 (KHTML, like Gecko) Chrome/90.0.4430.85 Safari/537.36"
220.93.109.99 - - [14/Apr/2025:08:33:48 -0400] "GET /why-professional-home-inspection-services-are-essential/ HTTP/1.1" 200 10434 "-" "Mozilla/5.0 (Macintosh; Intel Mac OS X 12_5) AppleWebKit/537.36 (KHTML, like Gecko) Chrome/114.0.0.0 Safari/537.36 Vivaldi/5.3.2679.68"
18.221.52.104 - - [14/Apr/2025:08:34:14 -0400] "GET /the-nostalgic-appeal-of-retro-bowl/feed HTTP/1.1" 301 0 "-" "Mozilla/5.0 AppleWebKit/537.36 (KHTML, like Gecko; compatible; ClaudeBot/1.0; +claudebot@anthropic.com)"
18.221.52.104 - - [14/Apr/2025:08:34:16 -0400] "GET /the-nostalgic-appeal-of-retro-bowl/feed/ HTTP/1.1" 200 405 "-" "Mozilla/5.0 AppleWebKit/537.36 (KHTML, like Gecko; compatible; ClaudeBot/1.0; +claudebot@anthropic.com)"
178.151.245.162 - - [14/Apr/2025:08:34:31 -0400] "GET /robots.txt HTTP/1.1" 200 97 "-" "Mozilla/5.0 (compatible; MJ12bot/v1.4.8; http://mj12bot.com/)"
198.54.114.83 - - [14/Apr/2025:08:34:35 -0400] "POST /wp-cron.php?doing_wp_cron=1744634073.7432858943939208984375 HTTP/1.1" 200 0 "-" "WordPress/6.7.1; https://garantishell.com"
178.151.245.162 - - [14/Apr/2025:08:34:33 -0400] "GET /revitalize-your-workday/feed/ HTTP/1.1" 200 385 "-" "Mozilla/5.0 (compatible; MJ12bot/v1.4.8; http://mj12bot.com/)"
68.65.122.90 - - [14/Apr/2025:08:35:42 -0400] "POST /wp-login.php HTTP/1.1" 200 1861 "https://garantishell.com" "Mozilla/5.0 (Macintosh; Intel Mac OS X 14.3) AppleWebKit/614.31.14 (KHTML, like Gecko) Version/17.0.96 Safari/614.31.14"
