217.113.194.177 - - [16/Apr/2025:09:11:57 -0400] "GET /renover-pour-renouveler-lart-des-travaux-de-renovation/ HTTP/1.1" 200 10744 "-" "Mozilla/5.0 (compatible; Barkrowler/0.9; +https://babbar.tech/crawler)"
135.119.137.158 - - [16/Apr/2025:09:11:57 -0400] "HEAD /backup HTTP/1.1" 404 0 "http://garantishell.com/backup" "Mozilla/5.0 (Windows NT 10.0; Win64; x64) AppleWebKit/537.36 (KHTML, like Gecko) Chrome/74.0.3729.169 Safari/537.36"
135.119.137.158 - - [16/Apr/2025:09:12:03 -0400] "HEAD /old HTTP/1.1" 404 0 "http://garantishell.com/old" "Mozilla/5.0 (Windows NT 10.0; Win64; x64) AppleWebKit/537.36 (KHTML, like Gecko) Chrome/74.0.3729.169 Safari/537.36"
135.119.137.158 - - [16/Apr/2025:09:12:07 -0400] "HEAD /new HTTP/1.1" 404 0 "http://garantishell.com/new" "Mozilla/5.0 (Windows NT 10.0; Win64; x64) AppleWebKit/537.36 (KHTML, like Gecko) Chrome/74.0.3729.169 Safari/537.36"
135.119.137.158 - - [16/Apr/2025:09:12:13 -0400] "HEAD /main HTTP/1.1" 404 0 "http://garantishell.com/main" "Mozilla/5.0 (Windows NT 10.0; Win64; x64) AppleWebKit/537.36 (KHTML, like Gecko) Chrome/74.0.3729.169 Safari/537.36"
217.113.194.176 - - [16/Apr/2025:09:12:14 -0400] "GET /erfahrungen-bei-sexuellen-treffen-mit-frauen/ HTTP/1.1" 200 10738 "-" "Mozilla/5.0 (compatible; Barkrowler/0.9; +https://babbar.tech/crawler)"
135.119.137.158 - - [16/Apr/2025:09:12:17 -0400] "HEAD /home HTTP/1.1" 404 0 "http://garantishell.com/home" "Mozilla/5.0 (Windows NT 10.0; Win64; x64) AppleWebKit/537.36 (KHTML, like Gecko) Chrome/74.0.3729.169 Safari/537.36"
217.113.194.181 - - [16/Apr/2025:09:12:32 -0400] "GET /understanding-the-anyone-protocol-staking-dashboard/feed/ HTTP/1.1" 200 415 "-" "Mozilla/5.0 (compatible; Barkrowler/0.9; +https://babbar.tech/crawler)"
198.54.114.83 - - [16/Apr/2025:09:12:51 -0400] "POST /wp-cron.php?doing_wp_cron=1744809170.4828300476074218750000 HTTP/1.1" 200 0 "-" "WordPress/6.8; https://garantishell.com"
217.113.194.181 - - [16/Apr/2025:09:12:50 -0400] "GET /lart-du-dessin-une-expression-creative-infinie/feed/ HTTP/1.1" 200 432 "-" "Mozilla/5.0 (compatible; Barkrowler/0.9; +https://babbar.tech/crawler)"
217.113.194.173 - - [16/Apr/2025:09:13:08 -0400] "GET /embracing-tradition-with-vibrant-pesach-programs/feed/ HTTP/1.1" 200 408 "-" "Mozilla/5.0 (compatible; Barkrowler/0.9; +https://babbar.tech/crawler)"
217.113.194.173 - - [16/Apr/2025:09:13:27 -0400] "GET /elevate-your-productivity-with-business-trip-massage-services/ HTTP/1.1" 200 10745 "-" "Mozilla/5.0 (compatible; Barkrowler/0.9; +https://babbar.tech/crawler)"
217.113.194.178 - - [16/Apr/2025:09:13:48 -0400] "GET /elevate-your-productivity-with-business-trip-massage-services/feed/ HTTP/1.1" 200 426 "-" "Mozilla/5.0 (compatible; Barkrowler/0.9; +https://babbar.tech/crawler)"
154.54.249.212 - - [16/Apr/2025:09:14:08 -0400] "GET /affordable-concrete-contractors-in-northern-colorado/feed/ HTTP/1.1" 200 413 "-" "Mozilla/5.0 (compatible; Barkrowler/0.9; +https://babbar.tech/crawler)"
198.54.114.83 - - [16/Apr/2025:09:14:13 -0400] "POST /wp-cron.php?doing_wp_cron=1744809249.3411159515380859375000 HTTP/1.1" 200 0 "-" "WordPress/6.8; https://garantishell.com"
51.222.253.7 - - [16/Apr/2025:09:14:32 -0400] "GET /kostentransparenz-und-faire-preise/feed/ HTTP/1.1" 304 0 "-" "Mozilla/5.0 (compatible; AhrefsBot/7.0; +http://ahrefs.com/robot/)"
217.113.194.174 - - [16/Apr/2025:09:14:31 -0400] "GET /best-practices-for-bathroom-renovations-in-small-spaces/feed/ HTTP/1.1" 200 424 "-" "Mozilla/5.0 (compatible; Barkrowler/0.9; +https://babbar.tech/crawler)"
217.113.194.172 - - [16/Apr/2025:09:14:50 -0400] "GET /the-importance-of-hiring-bodyguards-in-london/feed/ HTTP/1.1" 200 415 "-" "Mozilla/5.0 (compatible; Barkrowler/0.9; +https://babbar.tech/crawler)"
217.113.194.175 - - [16/Apr/2025:09:15:10 -0400] "GET /a-la-decouverte-de-la-thailande-un-voyage-inoubliable/ HTTP/1.1" 200 10829 "-" "Mozilla/5.0 (compatible; Barkrowler/0.9; +https://babbar.tech/crawler)"
198.54.114.83 - - [16/Apr/2025:09:15:15 -0400] "POST /wp-cron.php?doing_wp_cron=1744809311.1098530292510986328125 HTTP/1.1" 200 0 "-" "WordPress/6.8; https://garantishell.com"
167.86.120.248 - - [16/Apr/2025:09:15:21 -0400] "POST /xmlrpc.php HTTP/1.1" 200 186 "https://garantishell.com" "Mozilla/5.0 (Windows NT 10.0; Win64; x64) AppleWebKit/537.36 (KHTML, like Gecko) Chrome/116.0.5845.96 Safari/537.36"
217.113.194.172 - - [16/Apr/2025:09:15:31 -0400] "GET /harmony-woven-the-tranquility-bracelet-unveiled/feed/ HTTP/1.1" 200 429 "-" "Mozilla/5.0 (compatible; Barkrowler/0.9; +https://babbar.tech/crawler)"
217.113.194.179 - - [16/Apr/2025:09:15:49 -0400] "GET /the-complete-guide-to-freezing-your-instagram-account/feed/ HTTP/1.1" 200 424 "-" "Mozilla/5.0 (compatible; Barkrowler/0.9; +https://babbar.tech/crawler)"
217.113.194.173 - - [16/Apr/2025:09:16:08 -0400] "GET /exploring-lucrative-cryptocurrency-job-opportunities/ HTTP/1.1" 200 10946 "-" "Mozilla/5.0 (compatible; Barkrowler/0.9; +https://babbar.tech/crawler)"
94.74.122.155 - - [16/Apr/2025:09:16:09 -0400] "GET /harmony-woven-the-tranquility-bracelet-unveiled HTTP/1.1" 301 0 "https://garantishell.com/harmony-woven-the-tranquility-bracelet-unveiled" "Mozilla/5.0 (Windows NT 10.0; Win64; x64) AppleWebKit/537.36 (KHTML, like Gecko) Chrome/104.0.0.0 Safari/537.36"
94.74.122.155 - - [16/Apr/2025:09:16:12 -0400] "GET /harmony-woven-the-tranquility-bracelet-unveiled/ HTTP/1.1" 200 11052 "https://garantishell.com/harmony-woven-the-tranquility-bracelet-unveiled/" "Mozilla/5.0 (Windows NT 10.0; Win64; x64) AppleWebKit/537.36 (KHTML, like Gecko) Chrome/104.0.0.0 Safari/537.36"
198.54.114.83 - - [16/Apr/2025:09:16:16 -0400] "POST /wp-cron.php?doing_wp_cron=1744809373.9562571048736572265625 HTTP/1.1" 200 0 "-" "WordPress/6.8; https://garantishell.com"
217.113.194.175 - - [16/Apr/2025:09:16:25 -0400] "GET /exploring-nusa-penida-one-a-hidden-gem/ HTTP/1.1" 200 10928 "-" "Mozilla/5.0 (compatible; Barkrowler/0.9; +https://babbar.tech/crawler)"
217.113.194.173 - - [16/Apr/2025:09:16:42 -0400] "GET /exploring-nusa-penida-one-a-hidden-gem/feed/ HTTP/1.1" 200 408 "-" "Mozilla/5.0 (compatible; Barkrowler/0.9; +https://babbar.tech/crawler)"
217.113.194.179 - - [16/Apr/2025:09:16:59 -0400] "GET /exploring-the-innovative-benefits-of-humastogel/ HTTP/1.1" 200 10588 "-" "Mozilla/5.0 (compatible; Barkrowler/0.9; +https://babbar.tech/crawler)"
198.54.114.83 - - [16/Apr/2025:09:17:20 -0400] "POST /wp-cron.php?doing_wp_cron=1744809439.5216879844665527343750 HTTP/1.1" 200 0 "-" "WordPress/6.8; https://garantishell.com"
154.54.249.212 - - [16/Apr/2025:09:17:19 -0400] "GET /professioneller-umzugsservice-in-luneburg/feed/ HTTP/1.1" 200 402 "-" "Mozilla/5.0 (compatible; Barkrowler/0.9; +https://babbar.tech/crawler)"
198.54.114.83 - - [16/Apr/2025:09:17:21 -0400] "POST /wp-admin/admin-ajax.php?action=async_litespeed&nonce=1T6jlDoJGPW1WYopLjLLIFY2skEEr8I2&litespeed_type=imgoptm HTTP/1.1" 200 0 "-" "WordPress/6.8; https://garantishell.com"
217.113.194.172 - - [16/Apr/2025:09:17:37 -0400] "GET /professionelle-dienstleistungen-fur-ihren-umzug/ HTTP/1.1" 200 10561 "-" "Mozilla/5.0 (compatible; Barkrowler/0.9; +https://babbar.tech/crawler)"
217.113.194.177 - - [16/Apr/2025:09:17:54 -0400] "GET /montalin-herb-capsule-a-natural-remedy/feed/ HTTP/1.1" 200 405 "-" "Mozilla/5.0 (compatible; Barkrowler/0.9; +https://babbar.tech/crawler)"
198.54.114.83 - - [16/Apr/2025:09:17:56 -0400] "POST /wp-cron.php?doing_wp_cron=1744809474.8184299468994140625000 HTTP/1.1" 200 0 "-" "WordPress/6.8; https://garantishell.com"
217.113.194.180 - - [16/Apr/2025:09:18:12 -0400] "GET /effizienter-umzugsservice-in-luneburge/ HTTP/1.1" 200 10714 "-" "Mozilla/5.0 (compatible; Barkrowler/0.9; +https://babbar.tech/crawler)"
51.222.253.15 - - [16/Apr/2025:09:18:21 -0400] "GET /guide-complet-sur-les-tests-dovulation/ HTTP/1.1" 200 10703 "-" "Mozilla/5.0 (compatible; AhrefsBot/7.0; +http://ahrefs.com/robot/)"
217.113.194.173 - - [16/Apr/2025:09:18:30 -0400] "GET /steroids-in-canada-and-their-impact-on-health/ HTTP/1.1" 200 10791 "-" "Mozilla/5.0 (compatible; Barkrowler/0.9; +https://babbar.tech/crawler)"
217.113.194.174 - - [16/Apr/2025:09:18:48 -0400] "GET /steroids-in-canada-and-their-legal-framework/ HTTP/1.1" 200 11253 "-" "Mozilla/5.0 (compatible; Barkrowler/0.9; +https://babbar.tech/crawler)"
217.113.194.177 - - [16/Apr/2025:09:19:06 -0400] "GET /la-soluzione-ideale-per-ogni-esigenza/ HTTP/1.1" 200 10625 "-" "Mozilla/5.0 (compatible; Barkrowler/0.9; +https://babbar.tech/crawler)"
216.244.66.241 - - [16/Apr/2025:09:19:20 -0400] "GET /category/stock-trading/ HTTP/1.1" 200 8000 "-" "Mozilla/5.0 (compatible; DotBot/1.2; +https://opensiteexplorer.org/dotbot; help@moz.com)"
217.113.194.180 - - [16/Apr/2025:09:19:24 -0400] "GET /flexible-work-opportunities-the-rise-of-part-time-jobs/feed/ HTTP/1.1" 200 430 "-" "Mozilla/5.0 (compatible; Barkrowler/0.9; +https://babbar.tech/crawler)"
198.54.114.83 - - [16/Apr/2025:09:19:26 -0400] "POST /wp-cron.php?doing_wp_cron=1744809564.4361200332641601562500 HTTP/1.1" 200 0 "-" "WordPress/6.8; https://garantishell.com"
216.244.66.241 - - [16/Apr/2025:09:19:44 -0400] "GET /elevating-networking-efficiency-with-digital-business-cards/ HTTP/1.1" 200 10809 "-" "Mozilla/5.0 (compatible; DotBot/1.2; +https://opensiteexplorer.org/dotbot; help@moz.com)"
217.113.194.175 - - [16/Apr/2025:09:19:45 -0400] "GET /custom-desk-light-a-blend-of-style-and-functionality/ HTTP/1.1" 200 11023 "-" "Mozilla/5.0 (compatible; Barkrowler/0.9; +https://babbar.tech/crawler)"
217.113.194.173 - - [16/Apr/2025:09:20:05 -0400] "GET /gitarre-lernen-schritt-fur-schritt/feed/ HTTP/1.1" 200 400 "-" "Mozilla/5.0 (compatible; Barkrowler/0.9; +https://babbar.tech/crawler)"
217.113.194.180 - - [16/Apr/2025:09:20:25 -0400] "GET /finding-a-limousine-service-near-you-for-any-occasion/ HTTP/1.1" 200 11134 "-" "Mozilla/5.0 (compatible; Barkrowler/0.9; +https://babbar.tech/crawler)"
198.54.114.83 - - [16/Apr/2025:09:20:27 -0400] "POST /wp-cron.php?doing_wp_cron=1744809625.2229359149932861328125 HTTP/1.1" 200 0 "-" "WordPress/6.8; https://garantishell.com"
217.113.194.174 - - [16/Apr/2025:09:20:44 -0400] "GET /finding-the-best-situs-slot-gacor-for-big-wins/ HTTP/1.1" 200 11045 "-" "Mozilla/5.0 (compatible; Barkrowler/0.9; +https://babbar.tech/crawler)"
154.54.249.212 - - [16/Apr/2025:09:21:04 -0400] "GET /leading-fertility-clinic-in-dubai-for-your-family-journey/ HTTP/1.1" 200 10922 "-" "Mozilla/5.0 (compatible; Barkrowler/0.9; +https://babbar.tech/crawler)"
217.113.194.178 - - [16/Apr/2025:09:21:24 -0400] "GET /boost-your-productivity-with-a-typing-speed-test/feed/ HTTP/1.1" 200 417 "-" "Mozilla/5.0 (compatible; Barkrowler/0.9; +https://babbar.tech/crawler)"
217.113.194.176 - - [16/Apr/2025:09:21:45 -0400] "GET /apprendre-a-jouer-de-la-guitare-un-voyage-musical/feed/ HTTP/1.1" 200 420 "-" "Mozilla/5.0 (compatible; Barkrowler/0.9; +https://babbar.tech/crawler)"
198.54.114.83 - - [16/Apr/2025:09:21:48 -0400] "POST /wp-cron.php?doing_wp_cron=1744809705.8784320354461669921875 HTTP/1.1" 200 0 "-" "WordPress/6.8; https://garantishell.com"
217.113.194.177 - - [16/Apr/2025:09:22:04 -0400] "GET /the-ultimate-stress-reliever-for-business-travelers/feed/ HTTP/1.1" 200 412 "-" "Mozilla/5.0 (compatible; Barkrowler/0.9; +https://babbar.tech/crawler)"
217.113.194.173 - - [16/Apr/2025:09:22:22 -0400] "GET /engaging-audiences-with-custom-branded-games/feed/ HTTP/1.1" 200 412 "-" "Mozilla/5.0 (compatible; Barkrowler/0.9; +https://babbar.tech/crawler)"
217.113.194.181 - - [16/Apr/2025:09:22:39 -0400] "GET /discover-the-healing-power-of-reiki-in-singapore/feed/ HTTP/1.1" 200 419 "-" "Mozilla/5.0 (compatible; Barkrowler/0.9; +https://babbar.tech/crawler)"
198.54.114.83 - - [16/Apr/2025:09:22:47 -0400] "POST /wp-cron.php?doing_wp_cron=1744809765.9795451164245605468750 HTTP/1.1" 200 0 "-" "WordPress/6.8; https://garantishell.com"
51.222.253.5 - - [16/Apr/2025:09:22:45 -0400] "GET /umzugsunternehmen-in-hamburg-fur-stressfreie-umzuge/feed/ HTTP/1.1" 200 423 "-" "Mozilla/5.0 (compatible; AhrefsBot/7.0; +http://ahrefs.com/robot/)"
198.54.114.83 - - [16/Apr/2025:09:22:48 -0400] "POST /wp-admin/admin-ajax.php?action=async_litespeed&nonce=o3dq7eFveNLeq0a7ykNKFRIALUyryfw3&litespeed_type=imgoptm HTTP/1.1" 200 0 "-" "WordPress/6.8; https://garantishell.com"
185.191.171.16 - - [16/Apr/2025:09:22:51 -0400] "GET /the-ultimate-guide-to-top-craft-weed-in-canada/ HTTP/1.1" 200 11141 "-" "Mozilla/5.0 (compatible; SemrushBot/7~bl; +http://www.semrush.com/bot.html)"
217.113.194.172 - - [16/Apr/2025:09:22:57 -0400] "GET /un-monde-de-plaques-dimmatriculation-personnalisees/feed/ HTTP/1.1" 200 430 "-" "Mozilla/5.0 (compatible; Barkrowler/0.9; +https://babbar.tech/crawler)"
198.54.114.83 - - [16/Apr/2025:09:22:59 -0400] "POST /wp-cron.php?doing_wp_cron=1744809778.1270411014556884765625 HTTP/1.1" 200 0 "-" "WordPress/6.8; https://garantishell.com"
217.113.194.179 - - [16/Apr/2025:09:23:16 -0400] "GET /choosing-the-best-vacuum-pump-a-comprehensive-guide/ HTTP/1.1" 200 10543 "-" "Mozilla/5.0 (compatible; Barkrowler/0.9; +https://babbar.tech/crawler)"
217.113.194.172 - - [16/Apr/2025:09:23:35 -0400] "GET /choosing-the-right-web-hosting-for-your-needs/feed/ HTTP/1.1" 200 424 "-" "Mozilla/5.0 (compatible; Barkrowler/0.9; +https://babbar.tech/crawler)"
217.113.194.177 - - [16/Apr/2025:09:23:53 -0400] "GET /choosing-the-right-aba-therapy-for-your-child-in-dubai/ HTTP/1.1" 200 11264 "-" "Mozilla/5.0 (compatible; Barkrowler/0.9; +https://babbar.tech/crawler)"
217.113.194.175 - - [16/Apr/2025:09:24:12 -0400] "GET /the-convenience-of-purchasing-gift-cards-online/feed/ HTTP/1.1" 200 417 "-" "Mozilla/5.0 (compatible; Barkrowler/0.9; +https://babbar.tech/crawler)"
198.54.114.83 - - [16/Apr/2025:09:24:14 -0400] "POST /wp-cron.php?doing_wp_cron=1744809852.8856101036071777343750 HTTP/1.1" 200 0 "-" "WordPress/6.8; https://garantishell.com"
217.113.194.176 - - [16/Apr/2025:09:24:31 -0400] "GET /maximizing-sales-opportunities-with-live-transfer-leads/ HTTP/1.1" 200 10784 "-" "Mozilla/5.0 (compatible; Barkrowler/0.9; +https://babbar.tech/crawler)"
217.113.194.174 - - [16/Apr/2025:09:24:49 -0400] "GET /transformacion-de-datos-en-consumo-de-combustible/feed/ HTTP/1.1" 200 421 "-" "Mozilla/5.0 (compatible; Barkrowler/0.9; +https://babbar.tech/crawler)"
103.11.103.186 - - [16/Apr/2025:09:24:51 -0400] "GET /wp-login.php HTTP/1.1" 200 1734 "-" "GRequests/0.10"
103.11.103.186 - - [16/Apr/2025:09:24:53 -0400] "POST /wp-login.php HTTP/1.1" 200 1865 "-" "GRequests/0.10"
20.97.189.110 - - [16/Apr/2025:09:25:05 -0400] "GET / HTTP/1.1" 200 9478 "-" "Mozilla/5.0 AppleWebKit/537.36 (KHTML, like Gecko); compatible; ChatGPT-User/1.0; +https://openai.com/bot"
20.97.189.106 - - [16/Apr/2025:09:25:05 -0400] "GET /understanding-telegram-members/ HTTP/1.1" 200 10651 "-" "Mozilla/5.0 AppleWebKit/537.36 (KHTML, like Gecko); compatible; ChatGPT-User/1.0; +https://openai.com/bot"
217.113.194.172 - - [16/Apr/2025:09:25:06 -0400] "GET /fachkompetenz-in-hamburg-bauexperten-im-fokus/feed/ HTTP/1.1" 200 410 "-" "Mozilla/5.0 (compatible; Barkrowler/0.9; +https://babbar.tech/crawler)"
154.54.249.212 - - [16/Apr/2025:09:25:24 -0400] "GET /the-brazilian-butt-lift-procedure-involves/feed/ HTTP/1.1" 200 407 "-" "Mozilla/5.0 (compatible; Barkrowler/0.9; +https://babbar.tech/crawler)"
198.54.114.83 - - [16/Apr/2025:09:25:27 -0400] "POST /wp-cron.php?doing_wp_cron=1744809924.8097589015960693359375 HTTP/1.1" 200 0 "-" "WordPress/6.8; https://garantishell.com"
154.54.249.212 - - [16/Apr/2025:09:25:44 -0400] "GET /designing-the-ideal-classroom-a-vision-for-room-6x/feed/ HTTP/1.1" 200 422 "-" "Mozilla/5.0 (compatible; Barkrowler/0.9; +https://babbar.tech/crawler)"
78.155.192.110 - - [16/Apr/2025:09:26:00 -0400] "POST /xmlrpc.php HTTP/1.1" 200 186 "https://garantishell.com" "Mozilla/5.0 (Windows NT 10.0; Win64; x64; rv:128.0) Gecko/20100101 Firefox/128.0"
217.113.194.179 - - [16/Apr/2025:09:26:02 -0400] "GET /une-enseigne-incontournable-au-coeur-de-la-petite-rade/ HTTP/1.1" 200 10558 "-" "Mozilla/5.0 (compatible; Barkrowler/0.9; +https://babbar.tech/crawler)"
31.129.79.28 - - [16/Apr/2025:09:26:04 -0400] "GET /robots.txt HTTP/1.1" 200 97 "-" "Screaming Frog SEO Spider/21.4"
31.129.79.28 - - [16/Apr/2025:09:26:08 -0400] "GET /erfahrene-rechtsberatung-fur-eine-reibungslose-scheidung/ HTTP/1.1" 200 10602 "-" "Screaming Frog SEO Spider/21.4"
31.129.79.28 - - [16/Apr/2025:09:26:08 -0400] "GET /strategies-to-boost-your-likes/ HTTP/1.1" 200 10937 "-" "Screaming Frog SEO Spider/21.4"
31.129.79.28 - - [16/Apr/2025:09:26:08 -0400] "GET /navigating-the-world-of-steroids-in-thailand/ HTTP/1.1" 200 10795 "-" "Screaming Frog SEO Spider/21.4"
217.113.194.179 - - [16/Apr/2025:09:26:22 -0400] "GET /creating-the-perfect-hotel-room-essential-furniture-elements/ HTTP/1.1" 200 10926 "-" "Mozilla/5.0 (compatible; Barkrowler/0.9; +https://babbar.tech/crawler)"
51.222.253.11 - - [16/Apr/2025:09:26:29 -0400] "GET /the-rise-of-airbnb-as-a-global-hospitality-game-changer/feed/ HTTP/1.1" 200 429 "-" "Mozilla/5.0 (compatible; AhrefsBot/7.0; +http://ahrefs.com/robot/)"
198.54.114.83 - - [16/Apr/2025:09:26:32 -0400] "POST /wp-cron.php?doing_wp_cron=1744809990.0330300331115722656250 HTTP/1.1" 200 0 "-" "WordPress/6.8; https://garantishell.com"
217.113.194.179 - - [16/Apr/2025:09:26:41 -0400] "GET /expert-guidance-for-child-custody-cases-in-queens/feed/ HTTP/1.1" 200 422 "-" "Mozilla/5.0 (compatible; Barkrowler/0.9; +https://babbar.tech/crawler)"
217.113.194.176 - - [16/Apr/2025:09:26:59 -0400] "GET /the-rising-popularity-of-hypnotherapy-in-singapore/feed/ HTTP/1.1" 200 414 "-" "Mozilla/5.0 (compatible; Barkrowler/0.9; +https://babbar.tech/crawler)"
217.113.194.178 - - [16/Apr/2025:09:27:20 -0400] "GET /rejuvenate-and-boost-productivity-with-a-business-trip-massage/ HTTP/1.1" 200 10824 "-" "Mozilla/5.0 (compatible; Barkrowler/0.9; +https://babbar.tech/crawler)"
114.119.143.166 - - [16/Apr/2025:09:27:36 -0400] "GET /ritiro-tranquillo-esplorando-il-fascino-della-fattoria-del-lago-di-garda/ HTTP/1.1" 200 10848 "https://garantishell.com/2024/01/page/2/" "Mozilla/5.0 (Linux; Android 7.0;) AppleWebKit/537.36 (KHTML, like Gecko) Mobile Safari/537.36 (compatible; PetalBot;+https://webmaster.petalsearch.com/site/petalbot)"
198.54.114.83 - - [16/Apr/2025:09:27:39 -0400] "POST /wp-cron.php?doing_wp_cron=1744810056.8386659622192382812500 HTTP/1.1" 200 0 "-" "WordPress/6.8; https://garantishell.com"
217.113.194.181 - - [16/Apr/2025:09:27:39 -0400] "GET /die-rolle-eines-scheidungsanwalts-in-hattingen/ HTTP/1.1" 200 10982 "-" "Mozilla/5.0 (compatible; Barkrowler/0.9; +https://babbar.tech/crawler)"
166.108.233.104 - - [16/Apr/2025:09:27:50 -0400] "GET /category/arts-entertainments/page/15/ HTTP/1.1" 200 9878 "https://garantishell.com/category/arts-entertainments/page/15/" "Mozilla/5.0 (Windows NT 10.0; Win64; x64) AppleWebKit/537.36 (KHTML, like Gecko) Chrome/107.0.0.0 Safari/537.36"
216.244.66.241 - - [16/Apr/2025:09:27:56 -0400] "GET /effektive-haushaltsraumung-in-luneburg/feed/ HTTP/1.1" 200 411 "-" "Mozilla/5.0 (compatible; DotBot/1.2; +https://opensiteexplorer.org/dotbot; help@moz.com)"
217.113.194.174 - - [16/Apr/2025:09:27:57 -0400] "GET /die-bedeutung-des-garten-und-landschaftsbaus/feed/ HTTP/1.1" 200 412 "-" "Mozilla/5.0 (compatible; Barkrowler/0.9; +https://babbar.tech/crawler)"
217.113.194.172 - - [16/Apr/2025:09:28:14 -0400] "GET /virtual-receptionists-transform-customer-experience/feed/ HTTP/1.1" 200 413 "-" "Mozilla/5.0 (compatible; Barkrowler/0.9; +https://babbar.tech/crawler)"
216.244.66.241 - - [16/Apr/2025:09:28:28 -0400] "GET /umzugsfirma-hamburg/feed/ HTTP/1.1" 200 376 "-" "Mozilla/5.0 (compatible; DotBot/1.2; +https://opensiteexplorer.org/dotbot; help@moz.com)"
154.54.249.212 - - [16/Apr/2025:09:28:32 -0400] "GET /cultural-gift-certificates-a-gateway-to-enrichment/ HTTP/1.1" 200 10864 "-" "Mozilla/5.0 (compatible; Barkrowler/0.9; +https://babbar.tech/crawler)"
217.113.194.173 - - [16/Apr/2025:09:28:49 -0400] "GET /navigating-the-digital-dice-exploring-the-world-of-online-gambling/ HTTP/1.1" 200 11077 "-" "Mozilla/5.0 (compatible; Barkrowler/0.9; +https://babbar.tech/crawler)"
198.54.114.83 - - [16/Apr/2025:09:28:51 -0400] "POST /wp-cron.php?doing_wp_cron=1744810129.9559168815612792968750 HTTP/1.1" 200 0 "-" "WordPress/6.8; https://garantishell.com"
114.119.137.70 - - [16/Apr/2025:09:28:59 -0400] "GET /effiziente-haushaltsauflosung-in-luneburg-sorgenfrei-und-stressfrei/ HTTP/1.1" 200 10667 "https://garantishell.com/effiziente-haushaltsauflosung-in-luneburg-sorgenfrei-und-stressfrei/" "Mozilla/5.0 (Linux; Android 7.0;) AppleWebKit/537.36 (KHTML, like Gecko) Mobile Safari/537.36 (compatible; PetalBot;+https://webmaster.petalsearch.com/site/petalbot)"
217.113.194.172 - - [16/Apr/2025:09:29:10 -0400] "GET /the-benefits-of-business-trip-massage-for-professionals/feed/ HTTP/1.1" 200 415 "-" "Mozilla/5.0 (compatible; Barkrowler/0.9; +https://babbar.tech/crawler)"
217.113.194.172 - - [16/Apr/2025:09:29:31 -0400] "GET /the-benefits-of-business-trip-massage-for-executives/feed/ HTTP/1.1" 200 414 "-" "Mozilla/5.0 (compatible; Barkrowler/0.9; +https://babbar.tech/crawler)"
217.113.194.178 - - [16/Apr/2025:09:29:48 -0400] "GET /the-benefits-of-aba-therapy-for-kids-in-dubai/feed/ HTTP/1.1" 200 420 "-" "Mozilla/5.0 (compatible; Barkrowler/0.9; +https://babbar.tech/crawler)"
217.113.194.172 - - [16/Apr/2025:09:30:12 -0400] "GET /der-anwalt-verteidiger-der-gerechtigkeit/ HTTP/1.1" 200 10686 "-" "Mozilla/5.0 (compatible; Barkrowler/0.9; +https://babbar.tech/crawler)"
114.119.129.110 - - [16/Apr/2025:09:30:28 -0400] "GET /conception-ergonomique-pour-le-confort-optimal/ HTTP/1.1" 200 10467 "https://garantishell.com/the-instant-boiling-water-tap/" "Mozilla/5.0 (Linux; Android 7.0;) AppleWebKit/537.36 (KHTML, like Gecko) Mobile Safari/537.36 (compatible; PetalBot;+https://webmaster.petalsearch.com/site/petalbot)"
51.222.253.8 - - [16/Apr/2025:09:30:36 -0400] "GET /exploring-lucrative-cryptocurrency-job-opportunities/ HTTP/1.1" 200 10946 "-" "Mozilla/5.0 (compatible; AhrefsBot/7.0; +http://ahrefs.com/robot/)"
217.113.194.175 - - [16/Apr/2025:09:30:37 -0400] "GET /revolutionizing-networking-the-rise-of-digital-business-cards/feed/ HTTP/1.1" 200 424 "-" "Mozilla/5.0 (compatible; Barkrowler/0.9; +https://babbar.tech/crawler)"
217.113.194.177 - - [16/Apr/2025:09:31:01 -0400] "GET /unlocking-opportunities-the-value-of-part-time-jobs/ HTTP/1.1" 200 10803 "-" "Mozilla/5.0 (compatible; Barkrowler/0.9; +https://babbar.tech/crawler)"
217.113.194.175 - - [16/Apr/2025:09:31:26 -0400] "GET /unveiling-the-magic-of-rainbow-riches-casinos/feed/ HTTP/1.1" 200 413 "-" "Mozilla/5.0 (compatible; Barkrowler/0.9; +https://babbar.tech/crawler)"
198.54.114.83 - - [16/Apr/2025:09:31:31 -0400] "POST /wp-cron.php?doing_wp_cron=1744810286.3501770496368408203125 HTTP/1.1" 200 0 "-" "WordPress/6.8; https://garantishell.com"
217.113.194.180 - - [16/Apr/2025:09:31:47 -0400] "GET /unblocked-games-6x-a-gateway-to-fun/feed/ HTTP/1.1" 200 404 "-" "Mozilla/5.0 (compatible; Barkrowler/0.9; +https://babbar.tech/crawler)"
217.113.194.175 - - [16/Apr/2025:09:32:06 -0400] "GET /celebrating-pesach-2025-an-overview-of-upcoming-programs/ HTTP/1.1" 200 10917 "-" "Mozilla/5.0 (compatible; Barkrowler/0.9; +https://babbar.tech/crawler)"
217.113.194.180 - - [16/Apr/2025:09:32:26 -0400] "GET /embracing-cultural-experiences-through-gift-certificates/feed/ HTTP/1.1" 200 422 "-" "Mozilla/5.0 (compatible; Barkrowler/0.9; +https://babbar.tech/crawler)"
198.54.114.83 - - [16/Apr/2025:09:32:29 -0400] "POST /wp-cron.php?doing_wp_cron=1744810347.0837600231170654296875 HTTP/1.1" 200 0 "-" "WordPress/6.8; https://garantishell.com"
217.113.194.172 - - [16/Apr/2025:09:32:47 -0400] "GET /il-magico-mondo-delle-carrozzine-per-bambini/ HTTP/1.1" 200 10663 "-" "Mozilla/5.0 (compatible; Barkrowler/0.9; +https://babbar.tech/crawler)"
217.113.194.174 - - [16/Apr/2025:09:33:07 -0400] "GET /creation-de-sites-web-sur-mesure-pour-vos-besoins-uniques/ HTTP/1.1" 200 11219 "-" "Mozilla/5.0 (compatible; Barkrowler/0.9; +https://babbar.tech/crawler)"
217.113.194.179 - - [16/Apr/2025:09:33:28 -0400] "GET /advanced-fertility-treatments-tailored-to-your-needs/ HTTP/1.1" 200 10773 "-" "Mozilla/5.0 (compatible; Barkrowler/0.9; +https://babbar.tech/crawler)"
198.54.114.83 - - [16/Apr/2025:09:33:33 -0400] "POST /wp-cron.php?doing_wp_cron=1744810408.5288240909576416015625 HTTP/1.1" 200 0 "-" "WordPress/6.8; https://garantishell.com"
217.113.194.176 - - [16/Apr/2025:09:33:49 -0400] "GET /exploring-the-enchantment-of-costa-del-sol-real-estate/feed/ HTTP/1.1" 200 424 "-" "Mozilla/5.0 (compatible; Barkrowler/0.9; +https://babbar.tech/crawler)"
217.113.194.177 - - [16/Apr/2025:09:34:10 -0400] "GET /exploring-the-mystical-world-of-the-chinese-zodiac/feed/ HTTP/1.1" 200 419 "-" "Mozilla/5.0 (compatible; Barkrowler/0.9; +https://babbar.tech/crawler)"
51.222.253.15 - - [16/Apr/2025:09:34:24 -0400] "GET /virtual-receptionist/feed/ HTTP/1.1" 304 0 "-" "Mozilla/5.0 (compatible; AhrefsBot/7.0; +http://ahrefs.com/robot/)"
217.113.194.173 - - [16/Apr/2025:09:34:30 -0400] "GET /magische-kinder-geschichten-fur-die-fantasie/feed/ HTTP/1.1" 200 415 "-" "Mozilla/5.0 (compatible; Barkrowler/0.9; +https://babbar.tech/crawler)"
198.54.114.83 - - [16/Apr/2025:09:34:34 -0400] "POST /wp-cron.php?doing_wp_cron=1744810470.5253570079803466796875 HTTP/1.1" 200 0 "-" "WordPress/6.8; https://garantishell.com"
217.113.194.173 - - [16/Apr/2025:09:34:49 -0400] "GET /web-design-sydney-excellence-in-user-centric-design/ HTTP/1.1" 200 11017 "-" "Mozilla/5.0 (compatible; Barkrowler/0.9; +https://babbar.tech/crawler)"
154.54.249.212 - - [16/Apr/2025:09:35:11 -0400] "GET /professionelle-gebaudereinigung-in-winsen/feed/ HTTP/1.1" 200 404 "-" "Mozilla/5.0 (compatible; Barkrowler/0.9; +https://babbar.tech/crawler)"
217.113.194.172 - - [16/Apr/2025:09:35:32 -0400] "GET /professionelle-wohnungsraumung-in-luneburg/feed/ HTTP/1.1" 200 408 "-" "Mozilla/5.0 (compatible; Barkrowler/0.9; +https://babbar.tech/crawler)"
198.54.114.83 - - [16/Apr/2025:09:35:36 -0400] "POST /wp-cron.php?doing_wp_cron=1744810532.9010460376739501953125 HTTP/1.1" 200 0 "-" "WordPress/6.8; https://garantishell.com"
217.113.194.181 - - [16/Apr/2025:09:35:53 -0400] "GET /crafting-your-ultimate-resume-a-step-by-step-guide/ HTTP/1.1" 200 10730 "-" "Mozilla/5.0 (compatible; Barkrowler/0.9; +https://babbar.tech/crawler)"
217.113.194.176 - - [16/Apr/2025:09:36:13 -0400] "GET /effizienters-umzugsservice-in-luneburg/feed/ HTTP/1.1" 200 402 "-" "Mozilla/5.0 (compatible; Barkrowler/0.9; +https://babbar.tech/crawler)"
217.113.194.178 - - [16/Apr/2025:09:36:33 -0400] "GET /effizienter-umzugsservices-in-luneburg/feed/ HTTP/1.1" 200 402 "-" "Mozilla/5.0 (compatible; Barkrowler/0.9; +https://babbar.tech/crawler)"
198.54.114.83 - - [16/Apr/2025:09:36:37 -0400] "POST /wp-cron.php?doing_wp_cron=1744810593.7649800777435302734375 HTTP/1.1" 200 0 "-" "WordPress/6.8; https://garantishell.com"
133.242.131.226 - - [16/Apr/2025:09:36:41 -0400] "POST /xmlrpc.php HTTP/1.1" 200 186 "https://garantishell.com" "Mozilla/5.0 (Windows NT 10.0; Win64; x64) AppleWebKit/537.36 (KHTML, like Gecko) Chrome/113.0.5672.126 Safari/537.36 Edg/113.0.1774.50"
217.113.194.180 - - [16/Apr/2025:09:36:54 -0400] "GET /effiziente-unternehmensraumung-in-luneburg/ HTTP/1.1" 200 10591 "-" "Mozilla/5.0 (compatible; Barkrowler/0.9; +https://babbar.tech/crawler)"
217.113.194.176 - - [16/Apr/2025:09:37:14 -0400] "GET /optimizing-business-communication-with-voip-technology/feed/ HTTP/1.1" 200 407 "-" "Mozilla/5.0 (compatible; Barkrowler/0.9; +https://babbar.tech/crawler)"
217.113.194.176 - - [16/Apr/2025:09:37:36 -0400] "GET /serenity-by-the-stream-a-fishing-retreat-to-remember/feed/ HTTP/1.1" 200 422 "-" "Mozilla/5.0 (compatible; Barkrowler/0.9; +https://babbar.tech/crawler)"
85.208.96.209 - - [16/Apr/2025:09:37:36 -0400] "GET /key-insights-and-benefits/ HTTP/1.1" 200 10398 "-" "Mozilla/5.0 (compatible; SemrushBot/7~bl; +http://www.semrush.com/bot.html)"
198.54.114.83 - - [16/Apr/2025:09:37:41 -0400] "POST /wp-cron.php?doing_wp_cron=1744810656.3394229412078857421875 HTTP/1.1" 200 0 "-" "WordPress/6.8; https://garantishell.com"
198.54.114.83 - - [16/Apr/2025:09:37:41 -0400] "POST /wp-cron.php?doing_wp_cron=1744810656.4634149074554443359375 HTTP/1.1" 200 0 "-" "WordPress/6.8; https://garantishell.com"
217.113.194.180 - - [16/Apr/2025:09:37:57 -0400] "GET /elegance-intemporelle-des-panneaux-muraux-en-marbre/feed/ HTTP/1.1" 200 423 "-" "Mozilla/5.0 (compatible; Barkrowler/0.9; +https://babbar.tech/crawler)"
51.222.253.5 - - [16/Apr/2025:09:38:05 -0400] "GET /unveiling-the-mystique-of-a-real-shark-tooth-necklace/ HTTP/1.1" 200 10800 "-" "Mozilla/5.0 (compatible; AhrefsBot/7.0; +http://ahrefs.com/robot/)"
50.57.19.18 - - [16/Apr/2025:09:38:10 -0400] "GET /wp-login.php HTTP/1.1" 200 1734 "-" "GRequests/0.10"
50.57.19.18 - - [16/Apr/2025:09:38:15 -0400] "POST /wp-login.php HTTP/1.1" 200 1868 "-" "GRequests/0.10"
217.113.194.178 - - [16/Apr/2025:09:38:19 -0400] "GET /elegance-intemporelle-des-panneaux-muraux-en-marbre/ HTTP/1.1" 200 10945 "-" "Mozilla/5.0 (compatible; Barkrowler/0.9; +https://babbar.tech/crawler)"
217.113.194.172 - - [16/Apr/2025:09:38:41 -0400] "GET /finding-affordable-concrete-contractors-in-northern-colorado/feed/ HTTP/1.1" 200 422 "-" "Mozilla/5.0 (compatible; Barkrowler/0.9; +https://babbar.tech/crawler)"
217.113.194.181 - - [16/Apr/2025:09:39:02 -0400] "GET /the-ultimate-guide-to-retro-bowl-and-its-exciting-gameplay/feed/ HTTP/1.1" 200 431 "-" "Mozilla/5.0 (compatible; Barkrowler/0.9; +https://babbar.tech/crawler)"
154.54.249.212 - - [16/Apr/2025:09:39:24 -0400] "GET /the-ultimate-guide-to-taking-a-taxi-from-heathrow/ HTTP/1.1" 200 11113 "-" "Mozilla/5.0 (compatible; Barkrowler/0.9; +https://babbar.tech/crawler)"
111.119.239.40 - - [16/Apr/2025:09:39:37 -0400] "GET /category/arts-entertainments/ HTTP/1.1" 200 9631 "https://garantishell.com/category/arts-entertainments/" "Mozilla/5.0 (Windows NT 10.0; Win64; x64) AppleWebKit/537.36 (KHTML, like Gecko) Chrome/101.0.4951.67 Safari/537.36"
217.113.194.178 - - [16/Apr/2025:09:39:45 -0400] "GET /effective-strategies-to-correct-forward-head-posture/feed/ HTTP/1.1" 200 417 "-" "Mozilla/5.0 (compatible; Barkrowler/0.9; +https://babbar.tech/crawler)"
198.54.114.83 - - [16/Apr/2025:09:39:51 -0400] "POST /wp-cron.php?doing_wp_cron=1744810786.1594069004058837890625 HTTP/1.1" 200 0 "-" "WordPress/6.8; https://garantishell.com"
217.113.194.179 - - [16/Apr/2025:09:40:10 -0400] "GET /revitalize-your-energy-the-benefits-of-business-trip-massage/ HTTP/1.1" 200 10484 "-" "Mozilla/5.0 (compatible; Barkrowler/0.9; +https://babbar.tech/crawler)"
217.113.194.172 - - [16/Apr/2025:09:40:30 -0400] "GET /revitalize-your-business-trip-the-benefits-of-massage/ HTTP/1.1" 200 10494 "-" "Mozilla/5.0 (compatible; Barkrowler/0.9; +https://babbar.tech/crawler)"
217.113.194.174 - - [16/Apr/2025:09:40:50 -0400] "GET /maximizing-performance-the-rise-of-cutting-edge-fitness-apparel/ HTTP/1.1" 200 10698 "-" "Mozilla/5.0 (compatible; Barkrowler/0.9; +https://babbar.tech/crawler)"
198.54.114.83 - - [16/Apr/2025:09:40:55 -0400] "POST /wp-cron.php?doing_wp_cron=1744810850.9033908843994140625000 HTTP/1.1" 200 0 "-" "WordPress/6.8; https://garantishell.com"
154.54.249.212 - - [16/Apr/2025:09:41:13 -0400] "GET /harnessing-fire-the-versatility-of-portable-fire-pumps/ HTTP/1.1" 200 11064 "-" "Mozilla/5.0 (compatible; Barkrowler/0.9; +https://babbar.tech/crawler)"
217.113.194.177 - - [16/Apr/2025:09:41:33 -0400] "GET /mobilier-de-bureau-allier-fonctionnalite-et-esthetique/feed/ HTTP/1.1" 200 430 "-" "Mozilla/5.0 (compatible; Barkrowler/0.9; +https://babbar.tech/crawler)"
217.113.194.179 - - [16/Apr/2025:09:41:52 -0400] "GET /expert-bathroom-renovations-in-melbournes-western-suburbs/feed/ HTTP/1.1" 200 431 "-" "Mozilla/5.0 (compatible; Barkrowler/0.9; +https://babbar.tech/crawler)"
198.54.114.83 - - [16/Apr/2025:09:41:55 -0400] "POST /wp-cron.php?doing_wp_cron=1744810912.6375849246978759765625 HTTP/1.1" 200 0 "-" "WordPress/6.8; https://garantishell.com"
51.222.253.17 - - [16/Apr/2025:09:42:00 -0400] "GET /choosing-the-right-web-hosting-for-your-needs/ HTTP/1.1" 200 10830 "-" "Mozilla/5.0 (compatible; AhrefsBot/7.0; +http://ahrefs.com/robot/)"
217.113.194.181 - - [16/Apr/2025:09:42:12 -0400] "GET /the-rise-of-airbnb-as-a-global-hospitality-game-changer/feed/ HTTP/1.1" 200 429 "-" "Mozilla/5.0 (compatible; Barkrowler/0.9; +https://babbar.tech/crawler)"
217.113.194.174 - - [16/Apr/2025:09:42:30 -0400] "GET /improving-forward-head-posture-a-comprehensive-approach/ HTTP/1.1" 200 10934 "-" "Mozilla/5.0 (compatible; Barkrowler/0.9; +https://babbar.tech/crawler)"
217.113.194.172 - - [16/Apr/2025:09:42:49 -0400] "GET /rejuvenate-your-mind-and-body-with-business-trip-massage/feed/ HTTP/1.1" 200 432 "-" "Mozilla/5.0 (compatible; Barkrowler/0.9; +https://babbar.tech/crawler)"
217.113.194.175 - - [16/Apr/2025:09:43:08 -0400] "GET /relaxing-and-rejuvenating-business-trip-massage-experience/ HTTP/1.1" 200 10853 "-" "Mozilla/5.0 (compatible; Barkrowler/0.9; +https://babbar.tech/crawler)"
198.54.114.83 - - [16/Apr/2025:09:43:13 -0400] "POST /wp-cron.php?doing_wp_cron=1744810988.5468039512634277343750 HTTP/1.1" 200 0 "-" "WordPress/6.8; https://garantishell.com"
217.113.194.178 - - [16/Apr/2025:09:43:31 -0400] "GET /die-beste-wahl-fur-scheidungsanwalte-in-hattingen/ HTTP/1.1" 200 10855 "-" "Mozilla/5.0 (compatible; Barkrowler/0.9; +https://babbar.tech/crawler)"
217.113.194.172 - - [16/Apr/2025:09:43:52 -0400] "GET /die-vorzuge-von-gerosteten-mandeln/feed/ HTTP/1.1" 200 412 "-" "Mozilla/5.0 (compatible; Barkrowler/0.9; +https://babbar.tech/crawler)"
217.113.194.180 - - [16/Apr/2025:09:44:12 -0400] "GET /navigating-the-virtual-casino-the-rise-and-risks-of-online-gambling/ HTTP/1.1" 200 11041 "-" "Mozilla/5.0 (compatible; Barkrowler/0.9; +https://babbar.tech/crawler)"
198.54.114.83 - - [16/Apr/2025:09:44:15 -0400] "POST /wp-cron.php?doing_wp_cron=1744811052.6244559288024902343750 HTTP/1.1" 200 0 "-" "WordPress/6.8; https://garantishell.com"
154.54.249.212 - - [16/Apr/2025:09:44:32 -0400] "GET /the-growing-trend-of-games-hire-in-the-modern-world/feed/ HTTP/1.1" 200 429 "-" "Mozilla/5.0 (compatible; Barkrowler/0.9; +https://babbar.tech/crawler)"
217.113.194.173 - - [16/Apr/2025:09:44:52 -0400] "GET /revolution-numerique-le-marketing-digital-en-plein-essor/feed/ HTTP/1.1" 200 435 "-" "Mozilla/5.0 (compatible; Barkrowler/0.9; +https://babbar.tech/crawler)"
217.113.194.179 - - [16/Apr/2025:09:45:14 -0400] "GET /stride-in-style-the-allure-of-custom-athletic-socks/ HTTP/1.1" 200 10834 "-" "Mozilla/5.0 (compatible; Barkrowler/0.9; +https://babbar.tech/crawler)"
198.54.114.83 - - [16/Apr/2025:09:45:20 -0400] "POST /wp-cron.php?doing_wp_cron=1744811114.9768290519714355468750 HTTP/1.1" 200 0 "-" "WordPress/6.8; https://garantishell.com"
217.113.194.180 - - [16/Apr/2025:09:45:37 -0400] "GET /unforgettable-2025-pesach-programs-your-ultimate-guide/ HTTP/1.1" 200 10596 "-" "Mozilla/5.0 (compatible; Barkrowler/0.9; +https://babbar.tech/crawler)"
51.222.253.2 - - [16/Apr/2025:09:45:56 -0400] "GET /le-guide-ultime-pour-choisir-une-housse-de-canape/ HTTP/1.1" 200 10591 "-" "Mozilla/5.0 (compatible; AhrefsBot/7.0; +http://ahrefs.com/robot/)"
217.113.194.174 - - [16/Apr/2025:09:45:58 -0400] "GET /unlocking-the-value-of-culture-gift-certificate-discount/feed/ HTTP/1.1" 200 430 "-" "Mozilla/5.0 (compatible; Barkrowler/0.9; +https://babbar.tech/crawler)"
217.113.194.179 - - [16/Apr/2025:09:46:19 -0400] "GET /unlocking-the-benefits-of-culture-gift-certificate-discounts/feed/ HTTP/1.1" 200 432 "-" "Mozilla/5.0 (compatible; Barkrowler/0.9; +https://babbar.tech/crawler)"
198.54.114.83 - - [16/Apr/2025:09:46:23 -0400] "POST /wp-cron.php?doing_wp_cron=1744811179.8498489856719970703125 HTTP/1.1" 200 0 "-" "WordPress/6.8; https://garantishell.com"
109.236.93.77 - - [16/Apr/2025:09:46:39 -0400] "GET /why-professional-home-inspection-services-are-essential HTTP/1.1" 301 0 "-" "Mozilla/5.0 (Windows NT 10.0; Win64; x64) AppleWebKit/537.36 (KHTML, like Gecko) Chrome/118.0.0.0 Safari/537.36"
217.113.194.181 - - [16/Apr/2025:09:46:39 -0400] "GET /unlocking-tranquility-hypnotherapy-in-singapore/ HTTP/1.1" 200 10379 "-" "Mozilla/5.0 (compatible; Barkrowler/0.9; +https://babbar.tech/crawler)"
109.236.93.77 - - [16/Apr/2025:09:46:44 -0400] "GET /why-professional-home-inspection-services-are-essential/ HTTP/1.1" 200 10730 "-" "Mozilla/5.0 (Windows NT 10.0; Win64; x64) AppleWebKit/537.36 (KHTML, like Gecko) Chrome/118.0.0.0 Safari/537.36"
85.208.96.202 - - [16/Apr/2025:09:46:47 -0400] "GET /optimierung-durch-verhandlungstraining-fur-den-einkauf/ HTTP/1.1" 200 10455 "-" "Mozilla/5.0 (compatible; SemrushBot/7~bl; +http://www.semrush.com/bot.html)"
217.113.194.180 - - [16/Apr/2025:09:46:59 -0400] "GET /unveiling-the-power-of-the-spotify-link-shortener/ HTTP/1.1" 200 10602 "-" "Mozilla/5.0 (compatible; Barkrowler/0.9; +https://babbar.tech/crawler)"
18.222.111.222 - - [16/Apr/2025:09:47:01 -0400] "GET /robots.txt HTTP/1.1" 304 0 "-" "Mozilla/5.0 AppleWebKit/537.36 (KHTML, like Gecko; compatible; ClaudeBot/1.0; +claudebot@anthropic.com)"
18.222.111.222 - - [16/Apr/2025:09:47:05 -0400] "GET /wp-json/oembed/1.0/embed?url=https%3A%2F%2Fgarantishell.com%2Fthe-magic-of-whole-house-audio-systems%2F HTTP/1.1" 200 2211 "-" "Mozilla/5.0 AppleWebKit/537.36 (KHTML, like Gecko; compatible; ClaudeBot/1.0; +claudebot@anthropic.com)"
91.202.4.136 - - [16/Apr/2025:09:47:11 -0400] "GET /why-professional-home-inspection-services-are-essential/ HTTP/1.1" 200 10730 "-" "Mozilla/5.0 (Macintosh; Intel Mac OS X 12_5) AppleWebKit/605.1.15 (KHTML, like Gecko) Version/15.4 Safari/605.1.15"
217.113.194.178 - - [16/Apr/2025:09:47:19 -0400] "GET /loslassen-als-schlussel-zu-innerer-freiheit/ HTTP/1.1" 200 10648 "-" "Mozilla/5.0 (compatible; Barkrowler/0.9; +https://babbar.tech/crawler)"
91.238.162.8 - - [16/Apr/2025:09:47:21 -0400] "POST /xmlrpc.php HTTP/1.1" 200 186 "https://garantishell.com" "Mozilla/5.0 (Windows NT 11.0; Win64; x64) AppleWebKit/537.36 (KHTML, like Gecko) Chrome/126.0.0.0 Safari/537.36 Edg/126.0.0.0"
198.54.114.83 - - [16/Apr/2025:09:47:26 -0400] "POST /wp-cron.php?doing_wp_cron=1744811242.1255550384521484375000 HTTP/1.1" 200 0 "-" "WordPress/6.8; https://garantishell.com"
217.113.194.172 - - [16/Apr/2025:09:47:38 -0400] "GET /top-supplements-to-effectively-lower-blood-sugar-levels/ HTTP/1.1" 200 10391 "-" "Mozilla/5.0 (compatible; Barkrowler/0.9; +https://babbar.tech/crawler)"
217.113.194.173 - - [16/Apr/2025:09:47:57 -0400] "GET /elevating-networking-efficiency-with-digital-business-cards/feed/ HTTP/1.1" 200 418 "-" "Mozilla/5.0 (compatible; Barkrowler/0.9; +https://babbar.tech/crawler)"
217.113.194.178 - - [16/Apr/2025:09:48:18 -0400] "GET /unternehmenseclearing-in-luneburg-ein-uberblick/ HTTP/1.1" 200 10840 "-" "Mozilla/5.0 (compatible; Barkrowler/0.9; +https://babbar.tech/crawler)"
217.113.194.179 - - [16/Apr/2025:09:48:37 -0400] "GET /il-rifugio-di-benessere-sul-lago-di-garda/feed/ HTTP/1.1" 200 406 "-" "Mozilla/5.0 (compatible; Barkrowler/0.9; +https://babbar.tech/crawler)"
198.54.114.83 - - [16/Apr/2025:09:48:41 -0400] "POST /wp-cron.php?doing_wp_cron=1744811318.0376870632171630859375 HTTP/1.1" 200 0 "-" "WordPress/6.8; https://garantishell.com"
217.113.194.181 - - [16/Apr/2025:09:48:57 -0400] "GET /securing-miami-a-trusted-security-guard-company/ HTTP/1.1" 200 10830 "-" "Mozilla/5.0 (compatible; Barkrowler/0.9; +https://babbar.tech/crawler)"
217.113.194.174 - - [16/Apr/2025:09:49:16 -0400] "GET /escape-to-unforgettable-2025-pesach-vacations/feed/ HTTP/1.1" 200 408 "-" "Mozilla/5.0 (compatible; Barkrowler/0.9; +https://babbar.tech/crawler)"
185.191.171.2 - - [16/Apr/2025:09:49:21 -0400] "GET /2025/01/page/8/ HTTP/1.1" 200 9241 "-" "Mozilla/5.0 (compatible; SemrushBot/7~bl; +http://www.semrush.com/bot.html)"
217.113.194.174 - - [16/Apr/2025:09:49:37 -0400] "GET /capturing-timeless-moments-that-last-a-lifetime/feed/ HTTP/1.1" 200 415 "-" "Mozilla/5.0 (compatible; Barkrowler/0.9; +https://babbar.tech/crawler)"
213.166.86.94 - - [16/Apr/2025:09:49:41 -0400] "GET / HTTP/1.1" 200 9478 "-" "Mozilla/5.0 (Windows NT 10.0; Win64; x64) AppleWebKit/537.36 (KHTML, like Gecko) Chrome/78.0.3904.108 Safari/537.36"
213.166.86.94 - - [16/Apr/2025:09:49:45 -0400] "GET //wp-includes/wlwmanifest.xml HTTP/1.1" 301 0 "-" "Mozilla/5.0 (Windows NT 10.0; Win64; x64) AppleWebKit/537.36 (KHTML, like Gecko) Chrome/78.0.3904.108 Safari/537.36"
51.222.253.13 - - [16/Apr/2025:09:49:44 -0400] "GET /instant-hot-water-system/feed/ HTTP/1.1" 304 0 "-" "Mozilla/5.0 (compatible; AhrefsBot/7.0; +http://ahrefs.com/robot/)"
198.54.114.83 - - [16/Apr/2025:09:49:48 -0400] "POST /wp-cron.php?doing_wp_cron=1744811384.7232279777526855468750 HTTP/1.1" 200 0 "-" "WordPress/6.8; https://garantishell.com"
213.166.86.94 - - [16/Apr/2025:09:49:49 -0400] "GET / HTTP/1.1" 200 9478 "-" "Mozilla/5.0 (Windows NT 10.0; Win64; x64) AppleWebKit/537.36 (KHTML, like Gecko) Chrome/78.0.3904.108 Safari/537.36"
213.166.86.94 - - [16/Apr/2025:09:49:53 -0400] "GET //?author=1 HTTP/1.1" 301 0 "-" "Mozilla/5.0 (Windows NT 10.0; Win64; x64) AppleWebKit/537.36 (KHTML, like Gecko) Chrome/78.0.3904.108 Safari/537.36"
213.166.86.94 - - [16/Apr/2025:09:49:56 -0400] "GET //?author=2 HTTP/1.1" 301 0 "-" "Mozilla/5.0 (Windows NT 10.0; Win64; x64) AppleWebKit/537.36 (KHTML, like Gecko) Chrome/78.0.3904.108 Safari/537.36"
217.113.194.173 - - [16/Apr/2025:09:49:56 -0400] "GET /reinventez-votre-salon-avec-des-housses-de-canape/feed/ HTTP/1.1" 200 424 "-" "Mozilla/5.0 (compatible; Barkrowler/0.9; +https://babbar.tech/crawler)"
213.166.86.94 - - [16/Apr/2025:09:50:02 -0400] "GET //wp-json/wp/v2/users/ HTTP/1.1" 200 1456 "-" "Mozilla/5.0 (Windows NT 10.0; Win64; x64) AppleWebKit/537.36 (KHTML, like Gecko) Chrome/78.0.3904.108 Safari/537.36"
217.113.194.180 - - [16/Apr/2025:09:50:17 -0400] "GET /the-ultimate-guide-to-securing-the-best-money-lender-loan/ HTTP/1.1" 200 10862 "-" "Mozilla/5.0 (compatible; Barkrowler/0.9; +https://babbar.tech/crawler)"
217.113.194.178 - - [16/Apr/2025:09:50:37 -0400] "GET /effektive-haushaltsauflosung-in-luneburg/feed/ HTTP/1.1" 200 409 "-" "Mozilla/5.0 (compatible; Barkrowler/0.9; +https://babbar.tech/crawler)"
217.113.194.174 - - [16/Apr/2025:09:50:57 -0400] "GET /discover-your-dream-home-houses-for-sale-in-san-rafael-ca/ HTTP/1.1" 200 10591 "-" "Mozilla/5.0 (compatible; Barkrowler/0.9; +https://babbar.tech/crawler)"
198.54.114.83 - - [16/Apr/2025:09:51:02 -0400] "POST /wp-cron.php?doing_wp_cron=1744811458.2844119071960449218750 HTTP/1.1" 200 0 "-" "WordPress/6.8; https://garantishell.com"
122.8.183.182 - - [16/Apr/2025:09:51:19 -0400] "GET /araba-aksesuarlari-ile-arabanizi-kisisellestirin-ve-konforlu-hale-getirin/ HTTP/1.1" 200 10923 "https://garantishell.com/araba-aksesuarlari-ile-arabanizi-kisisellestirin-ve-konforlu-hale-getirin/" "Mozilla/5.0 (Windows NT 10.0; Win64; x64) AppleWebKit/537.36 (KHTML, like Gecko) Chrome/101.0.4951.67 Safari/537.36"
217.113.194.181 - - [16/Apr/2025:09:51:20 -0400] "GET /discover-luxury-living-the-reserve-residences-showflat/feed/ HTTP/1.1" 200 422 "-" "Mozilla/5.0 (compatible; Barkrowler/0.9; +https://babbar.tech/crawler)"
217.113.194.179 - - [16/Apr/2025:09:51:41 -0400] "GET /revitalize-your-property-with-pressure-washing-in-glasgow/ HTTP/1.1" 200 10664 "-" "Mozilla/5.0 (compatible; Barkrowler/0.9; +https://babbar.tech/crawler)"
217.113.194.177 - - [16/Apr/2025:09:52:03 -0400] "GET /choosing-the-right-womens-casual-wear-for-every-occasion/ HTTP/1.1" 200 10996 "-" "Mozilla/5.0 (compatible; Barkrowler/0.9; +https://babbar.tech/crawler)"
198.54.114.83 - - [16/Apr/2025:09:52:08 -0400] "POST /wp-cron.php?doing_wp_cron=1744811523.6934919357299804687500 HTTP/1.1" 200 0 "-" "WordPress/6.8; https://garantishell.com"
217.113.194.180 - - [16/Apr/2025:09:52:25 -0400] "GET /the-role-of-packing-machine-manufacturers-in-modern-industries/feed/ HTTP/1.1" 200 432 "-" "Mozilla/5.0 (compatible; Barkrowler/0.9; +https://babbar.tech/crawler)"
217.113.194.181 - - [16/Apr/2025:09:52:45 -0400] "GET /relax-and-rejuvenate-the-benefits-of-business-trip-massages/feed/ HTTP/1.1" 200 429 "-" "Mozilla/5.0 (compatible; Barkrowler/0.9; +https://babbar.tech/crawler)"
217.113.194.174 - - [16/Apr/2025:09:53:05 -0400] "GET /the-benefits-of-adding-a-massage-to-your-business-trip-routine/feed/ HTTP/1.1" 200 459 "-" "Mozilla/5.0 (compatible; Barkrowler/0.9; +https://babbar.tech/crawler)"
198.54.114.83 - - [16/Apr/2025:09:53:09 -0400] "POST /wp-cron.php?doing_wp_cron=1744811586.2796359062194824218750 HTTP/1.1" 200 0 "-" "WordPress/6.8; https://garantishell.com"
217.113.194.178 - - [16/Apr/2025:09:53:26 -0400] "GET /celebrating-pesach-2025-exciting-programs-ahead/feed/ HTTP/1.1" 200 407 "-" "Mozilla/5.0 (compatible; Barkrowler/0.9; +https://babbar.tech/crawler)"
51.222.253.12 - - [16/Apr/2025:09:53:44 -0400] "GET /the-healing-touch-of-massage/feed/ HTTP/1.1" 304 0 "-" "Mozilla/5.0 (compatible; AhrefsBot/7.0; +http://ahrefs.com/robot/)"
217.113.194.178 - - [16/Apr/2025:09:53:49 -0400] "GET /her-surucu-icin-araba-aksesuarlari/feed/ HTTP/1.1" 200 417 "-" "Mozilla/5.0 (compatible; Barkrowler/0.9; +https://babbar.tech/crawler)"
217.113.194.181 - - [16/Apr/2025:09:54:10 -0400] "GET /high-quality-bathroom-renovations-in-melbournes-western-suburbs/ HTTP/1.1" 200 11002 "-" "Mozilla/5.0 (compatible; Barkrowler/0.9; +https://babbar.tech/crawler)"
217.113.194.172 - - [16/Apr/2025:09:54:33 -0400] "GET /verhandlungstraining-schlussel-zum-erfolg/feed/ HTTP/1.1" 200 406 "-" "Mozilla/5.0 (compatible; Barkrowler/0.9; +https://babbar.tech/crawler)"
217.113.194.174 - - [16/Apr/2025:09:54:55 -0400] "GET /enhancing-workplace-efficiency-with-employee-communication-apps/feed/ HTTP/1.1" 200 423 "-" "Mozilla/5.0 (compatible; Barkrowler/0.9; +https://babbar.tech/crawler)"
217.113.194.175 - - [16/Apr/2025:09:55:16 -0400] "GET /navigating-the-complexities-of-consensual-divorce-in-tehran/ HTTP/1.1" 200 10621 "-" "Mozilla/5.0 (compatible; Barkrowler/0.9; +https://babbar.tech/crawler)"
217.113.194.172 - - [16/Apr/2025:09:55:37 -0400] "GET /innovative-craftsmanship-in-lab-grown-diamond-jewellery/feed/ HTTP/1.1" 200 420 "-" "Mozilla/5.0 (compatible; Barkrowler/0.9; +https://babbar.tech/crawler)"
198.54.114.83 - - [16/Apr/2025:09:55:42 -0400] "POST /wp-cron.php?doing_wp_cron=1744811737.8285799026489257812500 HTTP/1.1" 200 0 "-" "WordPress/6.8; https://garantishell.com"
217.113.194.178 - - [16/Apr/2025:09:56:01 -0400] "GET /divine-signs-in-the-universe-a-reflection-of-allahs-power/feed/ HTTP/1.1" 200 439 "-" "Mozilla/5.0 (compatible; Barkrowler/0.9; +https://babbar.tech/crawler)"
217.113.194.180 - - [16/Apr/2025:09:56:25 -0400] "GET /unlocking-the-joy-of-culture-with-gift-certificate-discounts/ HTTP/1.1" 200 10880 "-" "Mozilla/5.0 (compatible; Barkrowler/0.9; +https://babbar.tech/crawler)"
217.113.194.181 - - [16/Apr/2025:09:56:50 -0400] "GET /unlocking-growth-digital-marketing-services-for-small-businesses/feed/ HTTP/1.1" 200 433 "-" "Mozilla/5.0 (compatible; Barkrowler/0.9; +https://babbar.tech/crawler)"
217.113.194.172 - - [16/Apr/2025:09:57:14 -0400] "GET /the-potential-of-fenbendazole-in-cancer-treatment-2/ HTTP/1.1" 200 11017 "-" "Mozilla/5.0 (compatible; Barkrowler/0.9; +https://babbar.tech/crawler)"
51.222.253.17 - - [16/Apr/2025:09:57:30 -0400] "GET /the-evolution-of-online-cultural-gift-certificates/feed/ HTTP/1.1" 304 0 "-" "Mozilla/5.0 (compatible; AhrefsBot/7.0; +http://ahrefs.com/robot/)"
217.113.194.179 - - [16/Apr/2025:09:57:35 -0400] "GET /a-basic-assessment-of-livegoods-undertaking-and-remuneration-plan/ HTTP/1.1" 200 11571 "-" "Mozilla/5.0 (compatible; Barkrowler/0.9; +https://babbar.tech/crawler)"
217.113.194.172 - - [16/Apr/2025:09:57:58 -0400] "GET /the-secrets-of-tretinoin-cream-a-guide-to-purchase-and-use/ HTTP/1.1" 200 10798 "-" "Mozilla/5.0 (compatible; Barkrowler/0.9; +https://babbar.tech/crawler)"
216.244.66.241 - - [16/Apr/2025:09:58:11 -0400] "GET /robots.txt HTTP/1.1" 200 97 "-" "Mozilla/5.0 (compatible; DotBot/1.2; +https://opensiteexplorer.org/dotbot; help@moz.com)"
38.57.3.35 - - [16/Apr/2025:09:58:10 -0400] "POST /xmlrpc.php HTTP/1.1" 200 186 "https://garantishell.com" "Mozilla/5.0 (Windows NT 11.0; Win64; x64) AppleWebKit/537.36 (KHTML, like Gecko) Chrome/126.0.0.0 Safari/537.36"
198.54.114.83 - - [16/Apr/2025:09:58:15 -0400] "POST /wp-cron.php?doing_wp_cron=1744811890.8384490013122558593750 HTTP/1.1" 200 0 "-" "WordPress/6.8; https://garantishell.com"
217.113.194.172 - - [16/Apr/2025:09:58:18 -0400] "GET /unlocking-creativity-the-benefits-of-culture-gift-certificate-discounts/ HTTP/1.1" 200 10499 "-" "Mozilla/5.0 (compatible; Barkrowler/0.9; +https://babbar.tech/crawler)"
217.113.194.174 - - [16/Apr/2025:09:58:39 -0400] "GET /revolutionizing-customer-interactions-with-conversational-virtual-receptionists/ HTTP/1.1" 200 10755 "-" "Mozilla/5.0 (compatible; Barkrowler/0.9; +https://babbar.tech/crawler)"
217.113.194.180 - - [16/Apr/2025:09:58:59 -0400] "GET /unlocking-free-employment-law-advice-your-guide-to-workplace-rights/ HTTP/1.1" 200 10552 "-" "Mozilla/5.0 (compatible; Barkrowler/0.9; +https://babbar.tech/crawler)"
217.113.194.178 - - [16/Apr/2025:09:59:20 -0400] "GET /traitement-de-lhyperhidrose-par-botox-a-rouen-une-solution-efficace/feed/ HTTP/1.1" 200 455 "-" "Mozilla/5.0 (compatible; Barkrowler/0.9; +https://babbar.tech/crawler)"
198.54.114.83 - - [16/Apr/2025:09:59:25 -0400] "POST /wp-cron.php?doing_wp_cron=1744811961.1041100025177001953125 HTTP/1.1" 200 0 "-" "WordPress/6.8; https://garantishell.com"
217.113.194.177 - - [16/Apr/2025:09:59:43 -0400] "GET /umzugsunternehmen-in-luneburg-ihr-partner-fur-einen-stressfreien-umzug/feed/ HTTP/1.1" 200 447 "-" "Mozilla/5.0 (compatible; Barkrowler/0.9; +https://babbar.tech/crawler)"
