217.113.194.173 - - [16/Apr/2025:06:56:14 -0400] "GET /the-rise-of-craft-cannabis-in-canada/ HTTP/1.1" 200 10871 "-" "Mozilla/5.0 (compatible; Barkrowler/0.9; +https://babbar.tech/crawler)"
198.54.114.83 - - [16/Apr/2025:06:56:17 -0400] "POST /wp-cron.php?doing_wp_cron=1744800974.8168699741363525390625 HTTP/1.1" 200 0 "-" "WordPress/6.8; https://garantishell.com"
195.191.219.133 - - [16/Apr/2025:06:56:20 -0400] "GET /robots.txt HTTP/1.1" 200 97 "-" "Mozilla/5.0 (compatible; MJ12bot/v2.0.0; http://mj12bot.com/)"
195.191.219.133 - - [16/Apr/2025:06:56:23 -0400] "GET / HTTP/1.1" 200 9478 "-" "Mozilla/5.0 (compatible; MJ12bot/v2.0.0; http://mj12bot.com/)"
217.113.194.172 - - [16/Apr/2025:06:56:33 -0400] "GET /the-thrill-of-video-slots/feed/ HTTP/1.1" 200 391 "-" "Mozilla/5.0 (compatible; Barkrowler/0.9; +https://babbar.tech/crawler)"
217.113.194.181 - - [16/Apr/2025:06:56:50 -0400] "GET /the-thrill-of-online-casino-entertainment/ HTTP/1.1" 200 11219 "-" "Mozilla/5.0 (compatible; Barkrowler/0.9; +https://babbar.tech/crawler)"
114.235.63.221 - - [16/Apr/2025:06:57:01 -0400] "GET /why-professional-home-inspection-services-are-essential/ HTTP/1.1" 200 10730 "-" "Mozilla/5.0 (Windows NT 10.0; Win64; x64) AppleWebKit/537.36 (KHTML, like Gecko) Chrome/114.0.0.0 Safari/537.36 OPR/89.0.4447.51"
114.235.63.221 - - [16/Apr/2025:06:57:04 -0400] "POST /wp-comments-post.php HTTP/1.1" 302 0 "https://garantishell.com/why-professional-home-inspection-services-are-essential/" "Mozilla/5.0 (Windows NT 10.0; Win64; x64) AppleWebKit/537.36 (KHTML, like Gecko) Chrome/114.0.0.0 Safari/537.36 OPR/89.0.4447.51"
217.113.194.178 - - [16/Apr/2025:06:57:08 -0400] "GET /building-influence-in-the-digital-age/ HTTP/1.1" 200 10838 "-" "Mozilla/5.0 (compatible; Barkrowler/0.9; +https://babbar.tech/crawler)"
114.235.63.221 - - [16/Apr/2025:06:57:10 -0400] "GET /why-professional-home-inspection-services-are-essential/?unapproved=4314&moderation-hash=86defe75f67a41ae0ecf127a1ebc2a18 HTTP/1.1" 200 11334 "https://garantishell.com/wp-comments-post.php" "Mozilla/5.0 (Windows NT 10.0; Win64; x64) AppleWebKit/537.36 (KHTML, like Gecko) Chrome/114.0.0.0 Safari/537.36 OPR/89.0.4447.51"
114.235.63.221 - - [16/Apr/2025:06:57:14 -0400] "GET /why-professional-home-inspection-services-are-essential/ HTTP/1.1" 200 10730 "-" "Mozilla/5.0 (Windows NT 10.0; Win64; x64) AppleWebKit/537.36 (KHTML, like Gecko) Chrome/114.0.0.0 Safari/537.36 OPR/89.0.4447.51"
198.54.114.83 - - [16/Apr/2025:06:57:26 -0400] "POST /wp-cron.php?doing_wp_cron=1744801045.0262949466705322265625 HTTP/1.1" 200 0 "-" "WordPress/6.8; https://garantishell.com"
51.222.253.2 - - [16/Apr/2025:06:57:24 -0400] "GET /the-role-of-midwives-in-maternal-health/ HTTP/1.1" 200 10877 "-" "Mozilla/5.0 (compatible; AhrefsBot/7.0; +http://ahrefs.com/robot/)"
217.113.194.178 - - [16/Apr/2025:06:57:27 -0400] "GET /thrilling-world-of-online-casino-gaming/ HTTP/1.1" 200 10566 "-" "Mozilla/5.0 (compatible; Barkrowler/0.9; +https://babbar.tech/crawler)"
217.113.194.176 - - [16/Apr/2025:06:57:44 -0400] "GET /smart-strategies-for-cutting-tire-costs/ HTTP/1.1" 200 10905 "-" "Mozilla/5.0 (compatible; Barkrowler/0.9; +https://babbar.tech/crawler)"
217.113.194.178 - - [16/Apr/2025:06:58:02 -0400] "GET /revolutionizing-workplace-interactions/ HTTP/1.1" 200 10908 "-" "Mozilla/5.0 (compatible; Barkrowler/0.9; +https://babbar.tech/crawler)"
114.235.63.221 - - [16/Apr/2025:06:58:10 -0400] "GET /why-professional-home-inspection-services-are-essential/ HTTP/1.1" 200 10730 "-" "Mozilla/5.0 (Macintosh; Intel Mac OS X 12_5) AppleWebKit/605.1.15 (KHTML, like Gecko) Version/15.4 Safari/605.1.15"
217.113.194.177 - - [16/Apr/2025:06:58:20 -0400] "GET /benefits-of-osteopathy-in-dubai/feed/ HTTP/1.1" 200 397 "-" "Mozilla/5.0 (compatible; Barkrowler/0.9; +https://babbar.tech/crawler)"
217.113.194.181 - - [16/Apr/2025:06:58:38 -0400] "GET /boiling-hot-water-tap/feed/ HTTP/1.1" 200 386 "-" "Mozilla/5.0 (compatible; Barkrowler/0.9; +https://babbar.tech/crawler)"
198.54.114.83 - - [16/Apr/2025:06:58:40 -0400] "POST /wp-cron.php?doing_wp_cron=1744801118.9972429275512695312500 HTTP/1.1" 200 0 "-" "WordPress/6.8; https://garantishell.com"
217.113.194.176 - - [16/Apr/2025:06:58:57 -0400] "GET /understanding-the-account-freeze-link/ HTTP/1.1" 200 10447 "-" "Mozilla/5.0 (compatible; Barkrowler/0.9; +https://babbar.tech/crawler)"
217.113.194.172 - - [16/Apr/2025:06:59:18 -0400] "GET /mastering-sms-marketing-for-success/ HTTP/1.1" 200 11022 "-" "Mozilla/5.0 (compatible; Barkrowler/0.9; +https://babbar.tech/crawler)"
217.113.194.172 - - [16/Apr/2025:06:59:37 -0400] "GET /une-solution-efficace-et-innovante/ HTTP/1.1" 200 10748 "-" "Mozilla/5.0 (compatible; Barkrowler/0.9; +https://babbar.tech/crawler)"
198.54.114.83 - - [16/Apr/2025:06:59:59 -0400] "POST /wp-cron.php?doing_wp_cron=1744801198.2162609100341796875000 HTTP/1.1" 200 0 "-" "WordPress/6.8; https://garantishell.com"
198.54.114.83 - - [16/Apr/2025:07:00:01 -0400] "POST /wp-admin/admin-ajax.php?action=async_litespeed&nonce=Pd1p2ILl7jtrjAFT76trR7IUoU8G7Rcf&litespeed_type=imgoptm HTTP/1.1" 200 0 "-" "WordPress/6.8; https://garantishell.com"
217.113.194.173 - - [16/Apr/2025:06:59:56 -0400] "GET /the-perfect-escape-from-business-stress/ HTTP/1.1" 200 10561 "-" "Mozilla/5.0 (compatible; Barkrowler/0.9; +https://babbar.tech/crawler)"
51.81.207.12 - - [16/Apr/2025:07:00:04 -0400] "POST /xmlrpc.php HTTP/1.1" 200 186 "https://garantishell.com" "Mozilla/5.0 (Macintosh; Intel Mac OS X 10_15_7) AppleWebKit/537.36 (KHTML, like Gecko) Chrome/114.0.5735.134 Safari/537.36"
154.54.249.212 - - [16/Apr/2025:07:00:22 -0400] "GET /umzugsunternehmen-luneburg/ HTTP/1.1" 200 9943 "-" "Mozilla/5.0 (compatible; Barkrowler/0.9; +https://babbar.tech/crawler)"
206.84.168.65 - - [16/Apr/2025:07:00:24 -0400] "GET /why-professional-home-inspection-services-are-essential/ HTTP/1.1" 200 10730 "-" "Mozilla/5.0 (Macintosh; Intel Mac OS X 12_5) AppleWebKit/605.1.15 (KHTML, like Gecko) Version/15.4 Safari/605.1.15"
2406:da1a:8f2:7700:c5ae:34e3:47a4:a900 - - [16/Apr/2025:07:00:38 -0400] "GET /wp-login.php HTTP/1.1" 200 1734 "-" "GRequests/0.10"
198.54.114.83 - - [16/Apr/2025:07:00:40 -0400] "POST /wp-cron.php?doing_wp_cron=1744801240.1419711112976074218750 HTTP/1.1" 200 0 "-" "WordPress/6.8; https://garantishell.com"
198.54.114.83 - - [16/Apr/2025:07:00:41 -0400] "POST /wp-admin/admin-ajax.php?action=async_litespeed&nonce=odci7PDUApksP8ATlrycb5JHcnh7AbWq&litespeed_type=imgoptm HTTP/1.1" 200 0 "-" "WordPress/6.8; https://garantishell.com"
217.113.194.179 - - [16/Apr/2025:07:00:39 -0400] "GET /the-impact-and-dangers-of-steroids/ HTTP/1.1" 200 10910 "-" "Mozilla/5.0 (compatible; Barkrowler/0.9; +https://babbar.tech/crawler)"
2406:da1a:8f2:7700:c5ae:34e3:47a4:a900 - - [16/Apr/2025:07:00:45 -0400] "POST /wp-login.php HTTP/1.1" 200 1862 "-" "GRequests/0.10"
217.113.194.179 - - [16/Apr/2025:07:01:00 -0400] "GET /lenseigne-de-la-rade-de-geneve/ HTTP/1.1" 200 10527 "-" "Mozilla/5.0 (compatible; Barkrowler/0.9; +https://babbar.tech/crawler)"
217.113.194.176 - - [16/Apr/2025:07:01:20 -0400] "GET /exploring-fruit-of-the-loom-t-shirts/ HTTP/1.1" 200 10785 "-" "Mozilla/5.0 (compatible; Barkrowler/0.9; +https://babbar.tech/crawler)"
217.113.194.176 - - [16/Apr/2025:07:01:42 -0400] "GET /exploring-the-world-of-game-comets/feed/ HTTP/1.1" 200 404 "-" "Mozilla/5.0 (compatible; Barkrowler/0.9; +https://babbar.tech/crawler)"
198.44.188.86 - - [16/Apr/2025:07:01:45 -0400] "GET /wp-content/plugins/shell/about.php HTTP/1.1" 404 7068 "www.google.com" "Mozlila/5.0 (Linux; Android 7.0; SM-G892A Bulid/NRD90M; wv) AppleWebKit/537.36 (KHTML, like Gecko) Version/4.0 Chrome/60.0.3112.107 Moblie Safari/537.36"
198.54.114.83 - - [16/Apr/2025:07:01:46 -0400] "POST /wp-cron.php?doing_wp_cron=1744801302.9305009841918945312500 HTTP/1.1" 200 0 "-" "WordPress/6.8; https://garantishell.com"
198.44.188.86 - - [16/Apr/2025:07:01:55 -0400] "GET /wp-content/plugins/pwnd/pwnd.php HTTP/1.1" 404 7068 "www.google.com" "Mozlila/5.0 (Linux; Android 7.0; SM-G892A Bulid/NRD90M; wv) AppleWebKit/537.36 (KHTML, like Gecko) Version/4.0 Chrome/60.0.3112.107 Moblie Safari/537.36"
217.113.194.175 - - [16/Apr/2025:07:02:03 -0400] "GET /exploring-the-world-of-online-lottery-games/ HTTP/1.1" 200 10857 "-" "Mozilla/5.0 (compatible; Barkrowler/0.9; +https://babbar.tech/crawler)"
198.44.188.86 - - [16/Apr/2025:07:02:11 -0400] "GET /wp-content/plugins/fix/up.php HTTP/1.1" 404 7068 "www.google.com" "Mozlila/5.0 (Linux; Android 7.0; SM-G892A Bulid/NRD90M; wv) AppleWebKit/537.36 (KHTML, like Gecko) Version/4.0 Chrome/60.0.3112.107 Moblie Safari/537.36"
198.44.188.86 - - [16/Apr/2025:07:02:14 -0400] "GET /wp-content/plugins/ph-file-manager/wp-file.php HTTP/1.1" 404 7068 "www.google.com" "Mozlila/5.0 (Linux; Android 7.0; SM-G892A Bulid/NRD90M; wv) AppleWebKit/537.36 (KHTML, like Gecko) Version/4.0 Chrome/60.0.3112.107 Moblie Safari/537.36"
198.44.188.86 - - [16/Apr/2025:07:02:18 -0400] "GET /wp-content/plugins/root-file-manager/wp-file.php HTTP/1.1" 404 7067 "www.google.com" "Mozlila/5.0 (Linux; Android 7.0; SM-G892A Bulid/NRD90M; wv) AppleWebKit/537.36 (KHTML, like Gecko) Version/4.0 Chrome/60.0.3112.107 Moblie Safari/537.36"
217.113.194.177 - - [16/Apr/2025:07:02:21 -0400] "GET /the-power-of-free-teaching-resources/feed/ HTTP/1.1" 200 402 "-" "Mozilla/5.0 (compatible; Barkrowler/0.9; +https://babbar.tech/crawler)"
198.44.188.86 - - [16/Apr/2025:07:02:30 -0400] "GET /wp-content/plugins/wp-help/mini.php HTTP/1.1" 404 7068 "www.google.com" "Mozlila/5.0 (Linux; Android 7.0; SM-G892A Bulid/NRD90M; wv) AppleWebKit/537.36 (KHTML, like Gecko) Version/4.0 Chrome/60.0.3112.107 Moblie Safari/537.36"
198.44.188.86 - - [16/Apr/2025:07:02:38 -0400] "GET /wp-content/themes/travel/issue.php HTTP/1.1" 404 7068 "www.google.com" "Mozlila/5.0 (Linux; Android 7.0; SM-G892A Bulid/NRD90M; wv) AppleWebKit/537.36 (KHTML, like Gecko) Version/4.0 Chrome/60.0.3112.107 Moblie Safari/537.36"
154.54.249.212 - - [16/Apr/2025:07:02:40 -0400] "GET /un-design-unique-pour-chaque-occasion/ HTTP/1.1" 200 10697 "-" "Mozilla/5.0 (compatible; Barkrowler/0.9; +https://babbar.tech/crawler)"
198.44.188.86 - - [16/Apr/2025:07:02:42 -0400] "GET /wp-content/themes/jaida/lang.php HTTP/1.1" 404 7068 "www.google.com" "Mozlila/5.0 (Linux; Android 7.0; SM-G892A Bulid/NRD90M; wv) AppleWebKit/537.36 (KHTML, like Gecko) Version/4.0 Chrome/60.0.3112.107 Moblie Safari/537.36"
198.54.114.83 - - [16/Apr/2025:07:03:01 -0400] "POST /wp-cron.php?doing_wp_cron=1744801380.3930180072784423828125 HTTP/1.1" 200 0 "-" "WordPress/6.8; https://garantishell.com"
217.113.194.175 - - [16/Apr/2025:07:02:59 -0400] "GET /comprehensive-car-interior-cleaning/feed/ HTTP/1.1" 200 394 "-" "Mozilla/5.0 (compatible; Barkrowler/0.9; +https://babbar.tech/crawler)"
198.54.114.83 - - [16/Apr/2025:07:03:04 -0400] "POST /wp-admin/admin-ajax.php?action=async_litespeed&nonce=Ri2KEv6ChqKOYT4Wo5b0C4nfBEjHiYvC&litespeed_type=imgoptm HTTP/1.1" 200 0 "-" "WordPress/6.8; https://garantishell.com"
154.54.249.212 - - [16/Apr/2025:07:03:19 -0400] "GET /the-charm-of-custom-pet-portraits/ HTTP/1.1" 200 10403 "-" "Mozilla/5.0 (compatible; Barkrowler/0.9; +https://babbar.tech/crawler)"
217.113.194.176 - - [16/Apr/2025:07:03:37 -0400] "GET /the-charm-of-custom-pet-portraits/feed/ HTTP/1.1" 200 401 "-" "Mozilla/5.0 (compatible; Barkrowler/0.9; +https://babbar.tech/crawler)"
198.54.114.83 - - [16/Apr/2025:07:03:40 -0400] "POST /wp-cron.php?doing_wp_cron=1744801417.8798139095306396484375 HTTP/1.1" 200 0 "-" "WordPress/6.8; https://garantishell.com"
217.113.194.172 - - [16/Apr/2025:07:03:57 -0400] "GET /streamlining-internal-communication/feed/ HTTP/1.1" 200 385 "-" "Mozilla/5.0 (compatible; Barkrowler/0.9; +https://babbar.tech/crawler)"
217.113.194.178 - - [16/Apr/2025:07:04:15 -0400] "GET /gitarrenunterricht-dusseldorf/ HTTP/1.1" 200 9985 "-" "Mozilla/5.0 (compatible; Barkrowler/0.9; +https://babbar.tech/crawler)"
217.113.194.172 - - [16/Apr/2025:07:04:35 -0400] "GET /boost-your-music-with-spotify-plays/feed/ HTTP/1.1" 200 407 "-" "Mozilla/5.0 (compatible; Barkrowler/0.9; +https://babbar.tech/crawler)"
217.113.194.180 - - [16/Apr/2025:07:04:53 -0400] "GET /the-ultimate-business-trip-massage-experience/ HTTP/1.1" 200 10904 "-" "Mozilla/5.0 (compatible; Barkrowler/0.9; +https://babbar.tech/crawler)"
198.54.114.83 - - [16/Apr/2025:07:04:56 -0400] "POST /wp-cron.php?doing_wp_cron=1744801493.6737999916076660156250 HTTP/1.1" 200 0 "-" "WordPress/6.8; https://garantishell.com"
217.113.194.179 - - [16/Apr/2025:07:05:14 -0400] "GET /the-ultimate-guide-to-business-trip-massage/ HTTP/1.1" 200 10888 "-" "Mozilla/5.0 (compatible; Barkrowler/0.9; +https://babbar.tech/crawler)"
217.113.194.179 - - [16/Apr/2025:07:05:34 -0400] "GET /a-diverse-cast-of-heroes/feed/ HTTP/1.1" 200 388 "-" "Mozilla/5.0 (compatible; Barkrowler/0.9; +https://babbar.tech/crawler)"
217.113.194.176 - - [16/Apr/2025:07:05:56 -0400] "GET /a-journey-through-enchantment-and-rewards/ HTTP/1.1" 200 10684 "-" "Mozilla/5.0 (compatible; Barkrowler/0.9; +https://babbar.tech/crawler)"
198.54.114.83 - - [16/Apr/2025:07:06:02 -0400] "POST /wp-cron.php?doing_wp_cron=1744801557.0719439983367919921875 HTTP/1.1" 200 0 "-" "WordPress/6.8; https://garantishell.com"
217.113.194.172 - - [16/Apr/2025:07:06:20 -0400] "GET /a-game-changer-for-modern-computing/feed/ HTTP/1.1" 200 401 "-" "Mozilla/5.0 (compatible; Barkrowler/0.9; +https://babbar.tech/crawler)"
154.54.249.212 - - [16/Apr/2025:07:06:39 -0400] "GET /the-ingenious-number-plate-jig/ HTTP/1.1" 200 10379 "-" "Mozilla/5.0 (compatible; Barkrowler/0.9; +https://babbar.tech/crawler)"
217.113.194.177 - - [16/Apr/2025:07:06:58 -0400] "GET /the-ingenious-number-plate-jig/feed/ HTTP/1.1" 200 400 "-" "Mozilla/5.0 (compatible; Barkrowler/0.9; +https://babbar.tech/crawler)"
198.54.114.83 - - [16/Apr/2025:07:07:01 -0400] "POST /wp-cron.php?doing_wp_cron=1744801618.7924098968505859375000 HTTP/1.1" 200 0 "-" "WordPress/6.8; https://garantishell.com"
217.113.194.172 - - [16/Apr/2025:07:07:18 -0400] "GET /the-instant-boiling-water-taps/ HTTP/1.1" 200 10472 "-" "Mozilla/5.0 (compatible; Barkrowler/0.9; +https://babbar.tech/crawler)"
190.92.210.196 - - [16/Apr/2025:07:07:22 -0400] "GET /discover-the-magic-of-rainbow-riches-casino/ HTTP/1.1" 200 10289 "https://garantishell.com/discover-the-magic-of-rainbow-riches-casino/" "Mozilla/5.0 (Windows NT 10.0; Win64; x64) AppleWebKit/537.36 (KHTML, like Gecko) Chrome/107.0.0.0 Safari/537.36"
217.113.194.181 - - [16/Apr/2025:07:07:38 -0400] "GET /the-instant-boiling-water-tap/feed/ HTTP/1.1" 200 395 "-" "Mozilla/5.0 (compatible; Barkrowler/0.9; +https://babbar.tech/crawler)"
51.222.253.18 - - [16/Apr/2025:07:07:50 -0400] "GET /virtual-receptionists/feed/ HTTP/1.1" 304 0 "-" "Mozilla/5.0 (compatible; AhrefsBot/7.0; +http://ahrefs.com/robot/)"
217.113.194.181 - - [16/Apr/2025:07:07:57 -0400] "GET /lere-des-panneaux-solaires-de-500w/ HTTP/1.1" 200 10619 "-" "Mozilla/5.0 (compatible; Barkrowler/0.9; +https://babbar.tech/crawler)"
217.113.194.173 - - [16/Apr/2025:07:08:16 -0400] "GET /breaking-barriers-in-education/feed/ HTTP/1.1" 200 387 "-" "Mozilla/5.0 (compatible; Barkrowler/0.9; +https://babbar.tech/crawler)"
198.54.114.83 - - [16/Apr/2025:07:08:21 -0400] "POST /wp-cron.php?doing_wp_cron=1744801697.4301109313964843750000 HTTP/1.1" 200 0 "-" "WordPress/6.8; https://garantishell.com"
217.113.194.172 - - [16/Apr/2025:07:08:40 -0400] "GET /the-modern-cold-water-dispenser/feed/ HTTP/1.1" 200 396 "-" "Mozilla/5.0 (compatible; Barkrowler/0.9; +https://babbar.tech/crawler)"
217.113.194.180 - - [16/Apr/2025:07:09:01 -0400] "GET /the-role-of-osteopaths-in-dubai/feed/ HTTP/1.1" 200 399 "-" "Mozilla/5.0 (compatible; Barkrowler/0.9; +https://babbar.tech/crawler)"
51.222.253.11 - - [16/Apr/2025:07:09:15 -0400] "GET /exploring-the-innovative-benefits-of-humastogel/feed/ HTTP/1.1" 304 0 "-" "Mozilla/5.0 (compatible; AhrefsBot/7.0; +http://ahrefs.com/robot/)"
217.113.194.180 - - [16/Apr/2025:07:09:22 -0400] "GET /ein-paradies-am-gardasee/feed/ HTTP/1.1" 200 386 "-" "Mozilla/5.0 (compatible; Barkrowler/0.9; +https://babbar.tech/crawler)"
198.54.114.83 - - [16/Apr/2025:07:09:26 -0400] "POST /wp-cron.php?doing_wp_cron=1744801762.8773729801177978515625 HTTP/1.1" 200 0 "-" "WordPress/6.8; https://garantishell.com"
217.113.194.174 - - [16/Apr/2025:07:09:44 -0400] "GET /le-sac-bandouliere-pour-iphone/feed/ HTTP/1.1" 200 402 "-" "Mozilla/5.0 (compatible; Barkrowler/0.9; +https://babbar.tech/crawler)"
217.113.194.181 - - [16/Apr/2025:07:10:05 -0400] "GET /a-coastal-gem-in-southern-spain/ HTTP/1.1" 200 10822 "-" "Mozilla/5.0 (compatible; Barkrowler/0.9; +https://babbar.tech/crawler)"
198.186.130.214 - - [16/Apr/2025:07:10:14 -0400] "POST /xmlrpc.php HTTP/1.1" 200 186 "https://garantishell.com" "Mozilla/5.0 (Windows NT 10.0; Win64; x64) AppleWebKit/537.36 (KHTML, like Gecko) Chrome/116.0.5845.96 Safari/537.36"
51.222.253.18 - - [16/Apr/2025:07:10:26 -0400] "GET /the-benefits-of-adding-a-massage-to-your-business-trip-routine/ HTTP/1.1" 200 11093 "-" "Mozilla/5.0 (compatible; AhrefsBot/7.0; +http://ahrefs.com/robot/)"
217.113.194.181 - - [16/Apr/2025:07:10:26 -0400] "GET /the-appeal-of-used-designer-furniture/ HTTP/1.1" 200 10672 "-" "Mozilla/5.0 (compatible; Barkrowler/0.9; +https://babbar.tech/crawler)"
198.54.114.83 - - [16/Apr/2025:07:10:30 -0400] "POST /wp-cron.php?doing_wp_cron=1744801826.8594079017639160156250 HTTP/1.1" 200 0 "-" "WordPress/6.8; https://garantishell.com"
217.113.194.173 - - [16/Apr/2025:07:10:46 -0400] "GET /the-allure-of-rainbow-riches-2/feed/ HTTP/1.1" 200 396 "-" "Mozilla/5.0 (compatible; Barkrowler/0.9; +https://babbar.tech/crawler)"
217.113.194.180 - - [16/Apr/2025:07:11:04 -0400] "GET /the-essential-guide-to-shipping-services/feed/ HTTP/1.1" 200 396 "-" "Mozilla/5.0 (compatible; Barkrowler/0.9; +https://babbar.tech/crawler)"
217.113.194.173 - - [16/Apr/2025:07:11:23 -0400] "GET /the-evolution-of-electronic-warrants/ HTTP/1.1" 200 10897 "-" "Mozilla/5.0 (compatible; Barkrowler/0.9; +https://babbar.tech/crawler)"
51.222.253.3 - - [16/Apr/2025:07:11:38 -0400] "GET /category/how-to/feed/ HTTP/1.1" 200 5973 "-" "Mozilla/5.0 (compatible; AhrefsBot/7.0; +http://ahrefs.com/robot/)"
198.54.114.83 - - [16/Apr/2025:07:11:42 -0400] "POST /wp-cron.php?doing_wp_cron=1744801898.8883628845214843750000 HTTP/1.1" 200 0 "-" "WordPress/6.8; https://garantishell.com"
217.113.194.178 - - [16/Apr/2025:07:11:43 -0400] "GET /the-rise-of-digital-wedding-invitations/feed/ HTTP/1.1" 200 404 "-" "Mozilla/5.0 (compatible; Barkrowler/0.9; +https://babbar.tech/crawler)"
217.113.194.173 - - [16/Apr/2025:07:12:03 -0400] "GET /strategies-for-gaining-more-subscribers/ HTTP/1.1" 200 10795 "-" "Mozilla/5.0 (compatible; Barkrowler/0.9; +https://babbar.tech/crawler)"
217.113.194.181 - - [16/Apr/2025:07:12:22 -0400] "GET /building-your-own-gaming-pc/feed/ HTTP/1.1" 200 395 "-" "Mozilla/5.0 (compatible; Barkrowler/0.9; +https://babbar.tech/crawler)"
217.113.194.179 - - [16/Apr/2025:07:12:41 -0400] "GET /a-modern-twist-on-a-classic-game/ HTTP/1.1" 200 10413 "-" "Mozilla/5.0 (compatible; Barkrowler/0.9; +https://babbar.tech/crawler)"
198.54.114.83 - - [16/Apr/2025:07:12:44 -0400] "POST /wp-cron.php?doing_wp_cron=1744801962.1015288829803466796875 HTTP/1.1" 200 0 "-" "WordPress/6.8; https://garantishell.com"
51.222.253.9 - - [16/Apr/2025:07:13:01 -0400] "GET /une-vision-pour-lavenir/feed/ HTTP/1.1" 304 0 "-" "Mozilla/5.0 (compatible; AhrefsBot/7.0; +http://ahrefs.com/robot/)"
217.113.194.179 - - [16/Apr/2025:07:13:02 -0400] "GET /reliable-car-rental-services-in-udon/ HTTP/1.1" 200 10768 "-" "Mozilla/5.0 (compatible; Barkrowler/0.9; +https://babbar.tech/crawler)"
217.113.194.175 - - [16/Apr/2025:07:13:22 -0400] "GET /funny-bamboo-socks-are-the-new-trend/ HTTP/1.1" 200 10830 "-" "Mozilla/5.0 (compatible; Barkrowler/0.9; +https://babbar.tech/crawler)"
217.113.194.172 - - [16/Apr/2025:07:13:40 -0400] "GET /le-pouvoir-des-autocollants-publicitaires/ HTTP/1.1" 200 10615 "-" "Mozilla/5.0 (compatible; Barkrowler/0.9; +https://babbar.tech/crawler)"
154.54.249.212 - - [16/Apr/2025:07:13:59 -0400] "GET /relax-and-recharge-with-business-trip-massage/ HTTP/1.1" 200 10468 "-" "Mozilla/5.0 (compatible; Barkrowler/0.9; +https://babbar.tech/crawler)"
198.54.114.83 - - [16/Apr/2025:07:14:02 -0400] "POST /wp-cron.php?doing_wp_cron=1744802039.9992671012878417968750 HTTP/1.1" 200 0 "-" "WordPress/6.8; https://garantishell.com"
85.208.96.211 - - [16/Apr/2025:07:14:04 -0400] "GET /effiziente-wohnungsraumung-in-luneburg/ HTTP/1.1" 200 10632 "-" "Mozilla/5.0 (compatible; SemrushBot/7~bl; +http://www.semrush.com/bot.html)"
217.113.194.178 - - [16/Apr/2025:07:14:18 -0400] "GET /relax-and-recharge-on-your-business-trip/ HTTP/1.1" 200 11041 "-" "Mozilla/5.0 (compatible; Barkrowler/0.9; +https://babbar.tech/crawler)"
51.222.253.13 - - [16/Apr/2025:07:14:20 -0400] "GET /navigating-trademark-disputes-legal-expertise-for-protecting-your-brand/ HTTP/1.1" 200 10675 "-" "Mozilla/5.0 (compatible; AhrefsBot/7.0; +http://ahrefs.com/robot/)"
154.54.249.212 - - [16/Apr/2025:07:14:37 -0400] "GET /navigating-the-landscape-of-betting-money-sites/ HTTP/1.1" 200 10827 "-" "Mozilla/5.0 (compatible; Barkrowler/0.9; +https://babbar.tech/crawler)"
217.113.194.179 - - [16/Apr/2025:07:14:55 -0400] "GET /navigating-probate-in-ontario/feed/ HTTP/1.1" 200 389 "-" "Mozilla/5.0 (compatible; Barkrowler/0.9; +https://babbar.tech/crawler)"
2001:41d0:303:582e::1 - - [16/Apr/2025:07:15:13 -0400] "GET /virtual-receptionist-benefits-for-modern-businesses/feed/ HTTP/1.1" 200 417 "-" "Mozilla/5.0 (compatible; MJ12bot/v1.4.8; http://mj12bot.com/)"
217.113.194.175 - - [16/Apr/2025:07:15:14 -0400] "GET /the-benefits-of-osteopathy-in-dubai/ HTTP/1.1" 200 11086 "-" "Mozilla/5.0 (compatible; Barkrowler/0.9; +https://babbar.tech/crawler)"
198.54.114.83 - - [16/Apr/2025:07:15:16 -0400] "POST /wp-cron.php?doing_wp_cron=1744802113.4160950183868408203125 HTTP/1.1" 200 0 "-" "WordPress/6.8; https://garantishell.com"
217.113.194.175 - - [16/Apr/2025:07:15:31 -0400] "GET /der-weg-zum-gitarrenspiel/ HTTP/1.1" 200 10577 "-" "Mozilla/5.0 (compatible; Barkrowler/0.9; +https://babbar.tech/crawler)"
217.113.194.173 - - [16/Apr/2025:07:15:50 -0400] "GET /a-celebration-of-freedom-and-tradition/ HTTP/1.1" 200 10604 "-" "Mozilla/5.0 (compatible; Barkrowler/0.9; +https://babbar.tech/crawler)"
51.222.253.20 - - [16/Apr/2025:07:16:05 -0400] "GET /optimizing-the-movement-of-excavators-and-loaders/feed/ HTTP/1.1" 304 0 "-" "Mozilla/5.0 (compatible; AhrefsBot/7.0; +http://ahrefs.com/robot/)"
217.113.194.176 - - [16/Apr/2025:07:16:11 -0400] "GET /innovative-living-california-prefab-homes/ HTTP/1.1" 200 10755 "-" "Mozilla/5.0 (compatible; Barkrowler/0.9; +https://babbar.tech/crawler)"
217.113.194.179 - - [16/Apr/2025:07:16:30 -0400] "GET /timeless-elegance-of-a-pearl-necklace/ HTTP/1.1" 200 10983 "-" "Mozilla/5.0 (compatible; Barkrowler/0.9; +https://babbar.tech/crawler)"
198.54.114.83 - - [16/Apr/2025:07:16:34 -0400] "POST /wp-cron.php?doing_wp_cron=1744802190.7182149887084960937500 HTTP/1.1" 200 0 "-" "WordPress/6.8; https://garantishell.com"
217.113.194.179 - - [16/Apr/2025:07:16:50 -0400] "GET /the-art-of-transforming-your-living-space/ HTTP/1.1" 200 11119 "-" "Mozilla/5.0 (compatible; Barkrowler/0.9; +https://babbar.tech/crawler)"
217.113.194.177 - - [16/Apr/2025:07:17:08 -0400] "GET /the-art-of-massage-a-comprehensive-guide/ HTTP/1.1" 200 10901 "-" "Mozilla/5.0 (compatible; Barkrowler/0.9; +https://babbar.tech/crawler)"
217.113.194.180 - - [16/Apr/2025:07:17:28 -0400] "GET /revolutionizing-workplace-interactions/feed/ HTTP/1.1" 200 389 "-" "Mozilla/5.0 (compatible; Barkrowler/0.9; +https://babbar.tech/crawler)"
217.113.194.178 - - [16/Apr/2025:07:17:47 -0400] "GET /le-metier-de-couvreur-a-geneve/feed/ HTTP/1.1" 200 409 "-" "Mozilla/5.0 (compatible; Barkrowler/0.9; +https://babbar.tech/crawler)"
198.54.114.83 - - [16/Apr/2025:07:17:49 -0400] "POST /wp-cron.php?doing_wp_cron=1744802267.4756119251251220703125 HTTP/1.1" 200 0 "-" "WordPress/6.8; https://garantishell.com"
217.113.194.173 - - [16/Apr/2025:07:18:06 -0400] "GET /osan-business-trip-massage/feed/ HTTP/1.1" 200 382 "-" "Mozilla/5.0 (compatible; Barkrowler/0.9; +https://babbar.tech/crawler)"
217.113.194.179 - - [16/Apr/2025:07:18:25 -0400] "GET /unraveling-the-world-of-online-betting/ HTTP/1.1" 200 10929 "-" "Mozilla/5.0 (compatible; Barkrowler/0.9; +https://babbar.tech/crawler)"
195.154.52.32 - - [16/Apr/2025:07:18:34 -0400] "GET /why-professional-home-inspection-services-are-essential/ HTTP/1.1" 200 10730 "-" "Mozilla/5.0 (X11; Fedora; Linux x86_64; rv:114.0) Gecko/20100101 Firefox/114.0"
195.154.52.32 - - [16/Apr/2025:07:18:37 -0400] "POST /wp-comments-post.php HTTP/1.1" 200 992 "https://garantishell.com/why-professional-home-inspection-services-are-essential/" "Mozilla/5.0 (X11; Fedora; Linux x86_64; rv:114.0) Gecko/20100101 Firefox/114.0"
217.113.194.174 - - [16/Apr/2025:07:18:44 -0400] "GET /understanding-the-foundations-of-law/feed/ HTTP/1.1" 200 395 "-" "Mozilla/5.0 (compatible; Barkrowler/0.9; +https://babbar.tech/crawler)"
195.154.52.32 - - [16/Apr/2025:07:18:51 -0400] "GET /why-professional-home-inspection-services-are-essential/ HTTP/1.1" 200 10730 "-" "Mozilla/5.0 (X11; Fedora; Linux x86_64; rv:114.0) Gecko/20100101 Firefox/114.0"
217.113.194.179 - - [16/Apr/2025:07:19:06 -0400] "GET /understanding-the-basics-of-muscle-building/ HTTP/1.1" 200 10551 "-" "Mozilla/5.0 (compatible; Barkrowler/0.9; +https://babbar.tech/crawler)"
190.92.200.197 - - [16/Apr/2025:07:19:09 -0400] "GET /umzugsunternehmen-in-hamburg-ihr-zuverlassiger-partner-fur-den-umzug/ HTTP/1.1" 200 10938 "https://garantishell.com/umzugsunternehmen-in-hamburg-ihr-zuverlassiger-partner-fur-den-umzug/#primary" "Mozilla/5.0 (Windows NT 10.0; Win64; x64) AppleWebKit/537.36 (KHTML, like Gecko) Chrome/104.0.0.0 Safari/537.36"
198.54.114.83 - - [16/Apr/2025:07:19:12 -0400] "POST /wp-cron.php?doing_wp_cron=1744802346.6366269588470458984375 HTTP/1.1" 200 0 "-" "WordPress/6.8; https://garantishell.com"
51.222.253.12 - - [16/Apr/2025:07:19:17 -0400] "GET /nusa-penidas-natural-wonders/ HTTP/1.1" 200 10642 "-" "Mozilla/5.0 (compatible; AhrefsBot/7.0; +http://ahrefs.com/robot/)"
217.113.194.176 - - [16/Apr/2025:07:19:29 -0400] "GET /understanding-the-account-freeze-link/feed/ HTTP/1.1" 200 401 "-" "Mozilla/5.0 (compatible; Barkrowler/0.9; +https://babbar.tech/crawler)"
217.113.194.172 - - [16/Apr/2025:07:19:48 -0400] "GET /the-golden-elixir-of-royal-honey/ HTTP/1.1" 200 10988 "-" "Mozilla/5.0 (compatible; Barkrowler/0.9; +https://babbar.tech/crawler)"
217.113.194.176 - - [16/Apr/2025:07:20:13 -0400] "GET /embracing-the-joy-of-culture/feed/ HTTP/1.1" 200 391 "-" "Mozilla/5.0 (compatible; Barkrowler/0.9; +https://babbar.tech/crawler)"
142.93.15.2 - - [16/Apr/2025:07:20:35 -0400] "POST /xmlrpc.php HTTP/1.1" 200 186 "https://garantishell.com" "Mozilla/5.0 (Macintosh; Intel Mac OS X 10_15_7; rv:127.0) Gecko/20100101 Firefox/127.0"
217.113.194.176 - - [16/Apr/2025:07:20:37 -0400] "GET /elevating-work-trips-with-massage-therapy/ HTTP/1.1" 200 10911 "-" "Mozilla/5.0 (compatible; Barkrowler/0.9; +https://babbar.tech/crawler)"
217.113.194.173 - - [16/Apr/2025:07:20:59 -0400] "GET /the-perfect-gift-for-any-occasion/ HTTP/1.1" 200 10750 "-" "Mozilla/5.0 (compatible; Barkrowler/0.9; +https://babbar.tech/crawler)"
217.113.194.181 - - [16/Apr/2025:07:21:20 -0400] "GET /umzugsunternehmens-luneburge/ HTTP/1.1" 200 10037 "-" "Mozilla/5.0 (compatible; Barkrowler/0.9; +https://babbar.tech/crawler)"
198.54.114.83 - - [16/Apr/2025:07:21:27 -0400] "POST /wp-cron.php?doing_wp_cron=1744802481.0775160789489746093750 HTTP/1.1" 200 0 "-" "WordPress/6.8; https://garantishell.com"
217.113.194.173 - - [16/Apr/2025:07:21:44 -0400] "GET /umzugsunternehmens-luneburge/feed/ HTTP/1.1" 200 384 "-" "Mozilla/5.0 (compatible; Barkrowler/0.9; +https://babbar.tech/crawler)"
217.113.194.173 - - [16/Apr/2025:07:22:06 -0400] "GET /umzugsunternehmen-luneburg/feed/ HTTP/1.1" 200 385 "-" "Mozilla/5.0 (compatible; Barkrowler/0.9; +https://babbar.tech/crawler)"
217.113.194.175 - - [16/Apr/2025:07:22:26 -0400] "GET /umzugsunternehmen-luneburge/ HTTP/1.1" 200 9882 "-" "Mozilla/5.0 (compatible; Barkrowler/0.9; +https://babbar.tech/crawler)"
198.54.114.83 - - [16/Apr/2025:07:22:30 -0400] "POST /wp-cron.php?doing_wp_cron=1744802547.1385140419006347656250 HTTP/1.1" 200 0 "-" "WordPress/6.8; https://garantishell.com"
217.113.194.175 - - [16/Apr/2025:07:22:48 -0400] "GET /umzugsunternehmen-luneburge/feed/ HTTP/1.1" 200 387 "-" "Mozilla/5.0 (compatible; Barkrowler/0.9; +https://babbar.tech/crawler)"
217.113.194.175 - - [16/Apr/2025:07:23:09 -0400] "GET /umzugsunternehmen-luneburges/feed/ HTTP/1.1" 200 387 "-" "Mozilla/5.0 (compatible; Barkrowler/0.9; +https://babbar.tech/crawler)"
216.244.66.241 - - [16/Apr/2025:07:23:14 -0400] "GET /robots.txt HTTP/1.1" 200 97 "-" "Mozilla/5.0 (compatible; DotBot/1.2; +https://opensiteexplorer.org/dotbot; help@moz.com)"
217.113.194.174 - - [16/Apr/2025:07:23:31 -0400] "GET /umzugsunternehmen-luneburgs/feed/ HTTP/1.1" 200 385 "-" "Mozilla/5.0 (compatible; Barkrowler/0.9; +https://babbar.tech/crawler)"
198.54.114.83 - - [16/Apr/2025:07:23:37 -0400] "POST /wp-cron.php?doing_wp_cron=1744802612.4281160831451416015625 HTTP/1.1" 200 0 "-" "WordPress/6.8; https://garantishell.com"
217.113.194.179 - - [16/Apr/2025:07:23:54 -0400] "GET /the-importance-of-hiring-the-right-talent/ HTTP/1.1" 200 10886 "-" "Mozilla/5.0 (compatible; Barkrowler/0.9; +https://babbar.tech/crawler)"
154.54.249.212 - - [16/Apr/2025:07:24:13 -0400] "GET /relaxation-and-wellness-on-a-business-trip/ HTTP/1.1" 200 10712 "-" "Mozilla/5.0 (compatible; Barkrowler/0.9; +https://babbar.tech/crawler)"
217.113.194.179 - - [16/Apr/2025:07:24:35 -0400] "GET /exploring-the-thrills-of-online-casinos-2/ HTTP/1.1" 200 10897 "-" "Mozilla/5.0 (compatible; Barkrowler/0.9; +https://babbar.tech/crawler)"
198.54.114.83 - - [16/Apr/2025:07:24:39 -0400] "POST /wp-cron.php?doing_wp_cron=1744802675.8391749858856201171875 HTTP/1.1" 200 0 "-" "WordPress/6.8; https://garantishell.com"
217.113.194.174 - - [16/Apr/2025:07:25:15 -0400] "GET /exploring-the-universe-of-game-comets/ HTTP/1.1" 200 10460 "-" "Mozilla/5.0 (compatible; Barkrowler/0.9; +https://babbar.tech/crawler)"
195.154.52.32 - - [16/Apr/2025:07:25:22 -0400] "GET /why-professional-home-inspection-services-are-essential/ HTTP/1.1" 200 10730 "-" "Mozilla/5.0 (Macintosh; Intel Mac OS X 12_5) AppleWebKit/605.1.15 (KHTML, like Gecko) Version/15.4 Safari/605.1.15"
217.113.194.175 - - [16/Apr/2025:07:25:37 -0400] "GET /exploring-the-excitement-of-video-slots/ HTTP/1.1" 200 11022 "-" "Mozilla/5.0 (compatible; Barkrowler/0.9; +https://babbar.tech/crawler)"
51.222.253.5 - - [16/Apr/2025:07:25:41 -0400] "GET /the-evolution-and-appeal-of-video-slots/ HTTP/1.1" 200 10986 "-" "Mozilla/5.0 (compatible; AhrefsBot/7.0; +http://ahrefs.com/robot/)"
198.54.114.83 - - [16/Apr/2025:07:25:43 -0400] "POST /wp-cron.php?doing_wp_cron=1744802738.0054988861083984375000 HTTP/1.1" 200 0 "-" "WordPress/6.8; https://garantishell.com"
217.113.194.173 - - [16/Apr/2025:07:25:58 -0400] "GET /the-power-of-portable-fire-fighting-pumps/ HTTP/1.1" 200 10607 "-" "Mozilla/5.0 (compatible; Barkrowler/0.9; +https://babbar.tech/crawler)"
217.113.194.179 - - [16/Apr/2025:07:26:19 -0400] "GET /the-power-of-the-kambo-stick/ HTTP/1.1" 200 10763 "-" "Mozilla/5.0 (compatible; Barkrowler/0.9; +https://babbar.tech/crawler)"
217.113.194.181 - - [16/Apr/2025:07:26:39 -0400] "GET /gift-certificate-small-payment-2/feed/ HTTP/1.1" 200 398 "-" "Mozilla/5.0 (compatible; Barkrowler/0.9; +https://babbar.tech/crawler)"
198.54.114.83 - - [16/Apr/2025:07:26:42 -0400] "POST /wp-cron.php?doing_wp_cron=1744802799.4497361183166503906250 HTTP/1.1" 200 0 "-" "WordPress/6.8; https://garantishell.com"
217.113.194.179 - - [16/Apr/2025:07:26:59 -0400] "GET /gift-certificate-small-payments/feed/ HTTP/1.1" 200 397 "-" "Mozilla/5.0 (compatible; Barkrowler/0.9; +https://babbar.tech/crawler)"
217.113.194.177 - - [16/Apr/2025:07:27:17 -0400] "GET /un-design-unique-pour-chaque-occasion/feed/ HTTP/1.1" 200 403 "-" "Mozilla/5.0 (compatible; Barkrowler/0.9; +https://babbar.tech/crawler)"
217.113.194.173 - - [16/Apr/2025:07:27:36 -0400] "GET /ansan-business-trip-massages/feed/ HTTP/1.1" 200 384 "-" "Mozilla/5.0 (compatible; Barkrowler/0.9; +https://babbar.tech/crawler)"
217.113.194.175 - - [16/Apr/2025:07:27:56 -0400] "GET /ansan-business-trip-massage/feed/ HTTP/1.1" 200 384 "-" "Mozilla/5.0 (compatible; Barkrowler/0.9; +https://babbar.tech/crawler)"
198.54.114.83 - - [16/Apr/2025:07:27:59 -0400] "POST /wp-cron.php?doing_wp_cron=1744802876.8122379779815673828125 HTTP/1.1" 200 0 "-" "WordPress/6.8; https://garantishell.com"
217.113.194.179 - - [16/Apr/2025:07:28:17 -0400] "GET /the-charm-of-sonoma-properties/ HTTP/1.1" 200 10617 "-" "Mozilla/5.0 (compatible; Barkrowler/0.9; +https://babbar.tech/crawler)"
217.113.194.176 - - [16/Apr/2025:07:28:36 -0400] "GET /kostentransparenz-und-faire-preise/ HTTP/1.1" 200 11163 "-" "Mozilla/5.0 (compatible; Barkrowler/0.9; +https://babbar.tech/crawler)"
217.113.194.175 - - [16/Apr/2025:07:28:55 -0400] "GET /finding-reliable-money-lenders-in-singapore/ HTTP/1.1" 200 10819 "-" "Mozilla/5.0 (compatible; Barkrowler/0.9; +https://babbar.tech/crawler)"
66.249.77.133 - - [16/Apr/2025:07:28:57 -0400] "GET /capturing-the-essence-the-art-and-impact-of-real-estate-photography/feed/ HTTP/1.1" 200 445 "-" "Mozilla/5.0 (Linux; Android 6.0.1; Nexus 5X Build/MMB29P) AppleWebKit/537.36 (KHTML, like Gecko) Chrome/135.0.7049.84 Mobile Safari/537.36 (compatible; GoogleOther)"
198.54.114.83 - - [16/Apr/2025:07:28:59 -0400] "POST /wp-cron.php?doing_wp_cron=1744802937.5227789878845214843750 HTTP/1.1" 200 0 "-" "WordPress/6.8; https://garantishell.com"
217.113.194.174 - - [16/Apr/2025:07:29:15 -0400] "GET /how-to-make-a-bar-graph-in-google-sheets/ HTTP/1.1" 200 11453 "-" "Mozilla/5.0 (compatible; Barkrowler/0.9; +https://babbar.tech/crawler)"
217.113.194.174 - - [16/Apr/2025:07:29:35 -0400] "GET /the-ultimate-business-trip-massage-experience/feed/ HTTP/1.1" 200 409 "-" "Mozilla/5.0 (compatible; Barkrowler/0.9; +https://babbar.tech/crawler)"
34.116.22.5 - - [16/Apr/2025:07:29:52 -0400] "GET /navigating-the-world-of-steroids-in-thailand/ HTTP/1.1" 200 10795 "-" "Mozilla/5.0 (compatible; Google-Apps-Script; beanserver; +https://script.google.com; id: UAEmdDd-cSUD8XmqKO9c_AJnLdlNZrxb9Vg)"
217.113.194.172 - - [16/Apr/2025:07:29:55 -0400] "GET /the-ultimate-guide-to-business-trip-massage/feed/ HTTP/1.1" 200 403 "-" "Mozilla/5.0 (compatible; Barkrowler/0.9; +https://babbar.tech/crawler)"
114.119.131.185 - - [16/Apr/2025:07:30:08 -0400] "GET /finding-the-best-german-lessons-near-you/ HTTP/1.1" 200 10827 "https://garantishell.com/finding-the-best-german-lessons-near-you/" "Mozilla/5.0 (Linux; Android 7.0;) AppleWebKit/537.36 (KHTML, like Gecko) Mobile Safari/537.36 (compatible; PetalBot;+https://webmaster.petalsearch.com/site/petalbot)"
217.113.194.173 - - [16/Apr/2025:07:30:18 -0400] "GET /discovering-sonoma-ca-homes-for-sale/ HTTP/1.1" 200 10598 "-" "Mozilla/5.0 (compatible; Barkrowler/0.9; +https://babbar.tech/crawler)"
50.57.19.18 - - [16/Apr/2025:07:30:27 -0400] "GET /wp-login.php HTTP/1.1" 200 1734 "-" "GRequests/0.10"
50.57.19.18 - - [16/Apr/2025:07:30:33 -0400] "POST /wp-login.php HTTP/1.1" 200 1869 "-" "GRequests/0.10"
217.113.194.176 - - [16/Apr/2025:07:30:39 -0400] "GET /discover-the-finest-craft-weed-in-canada/ HTTP/1.1" 200 10778 "-" "Mozilla/5.0 (compatible; Barkrowler/0.9; +https://babbar.tech/crawler)"
199.188.205.87 - - [16/Apr/2025:07:30:44 -0400] "POST /xmlrpc.php HTTP/1.1" 200 186 "https://garantishell.com" "Mozilla/5.0 (Macintosh; Intel Mac OS X 10_15_7; rv:128.0) Gecko/20100101 Firefox/128.0"
190.92.215.58 - - [16/Apr/2025:07:30:51 -0400] "GET /the-power-of-free-teaching-resources/ HTTP/1.1" 200 10903 "https://garantishell.com/the-power-of-free-teaching-resources/" "Mozilla/5.0 (Windows NT 10.0; Win64; x64) AppleWebKit/537.36 (KHTML, like Gecko) Chrome/104.0.0.0 Safari/537.36"
217.113.194.175 - - [16/Apr/2025:07:31:02 -0400] "GET /discovering-the-best-extracts-online-in-canada/ HTTP/1.1" 200 10501 "-" "Mozilla/5.0 (compatible; Barkrowler/0.9; +https://babbar.tech/crawler)"
217.113.194.176 - - [16/Apr/2025:07:31:24 -0400] "GET /a-welcome-respite-from-travel-fatigue/ HTTP/1.1" 200 10547 "-" "Mozilla/5.0 (compatible; Barkrowler/0.9; +https://babbar.tech/crawler)"
198.54.114.83 - - [16/Apr/2025:07:31:28 -0400] "POST /wp-cron.php?doing_wp_cron=1744803084.7546279430389404296875 HTTP/1.1" 200 0 "-" "WordPress/6.8; https://garantishell.com"
114.119.143.166 - - [16/Apr/2025:07:31:31 -0400] "GET /category/legal-law/ HTTP/1.1" 200 7998 "https://garantishell.com/skilled-plumbing-services-for-every-household/" "Mozilla/5.0 (Linux; Android 7.0;) AppleWebKit/537.36 (KHTML, like Gecko) Mobile Safari/537.36 (compatible; PetalBot;+https://webmaster.petalsearch.com/site/petalbot)"
217.113.194.179 - - [16/Apr/2025:07:31:47 -0400] "GET /a-welcome-respite-from-travel-fatigue/feed/ HTTP/1.1" 200 400 "-" "Mozilla/5.0 (compatible; Barkrowler/0.9; +https://babbar.tech/crawler)"
51.222.253.11 - - [16/Apr/2025:07:31:51 -0400] "GET /reinventez-votre-salon-avec-des-housses-de-canape/ HTTP/1.1" 200 10519 "-" "Mozilla/5.0 (compatible; AhrefsBot/7.0; +http://ahrefs.com/robot/)"
217.113.194.179 - - [16/Apr/2025:07:32:07 -0400] "GET /lere-des-panneaux-solaires-de-500w/feed/ HTTP/1.1" 200 415 "-" "Mozilla/5.0 (compatible; Barkrowler/0.9; +https://babbar.tech/crawler)"
217.113.194.178 - - [16/Apr/2025:07:32:26 -0400] "GET /haushaltsauflosung-luneburg/ HTTP/1.1" 200 10274 "-" "Mozilla/5.0 (compatible; Barkrowler/0.9; +https://babbar.tech/crawler)"
198.54.114.83 - - [16/Apr/2025:07:32:30 -0400] "POST /wp-cron.php?doing_wp_cron=1744803147.2376179695129394531250 HTTP/1.1" 200 0 "-" "WordPress/6.8; https://garantishell.com"
217.113.194.181 - - [16/Apr/2025:07:32:47 -0400] "GET /enhance-your-spotify-presence-with-followers/ HTTP/1.1" 200 10861 "-" "Mozilla/5.0 (compatible; Barkrowler/0.9; +https://babbar.tech/crawler)"
217.113.194.172 - - [16/Apr/2025:07:33:04 -0400] "GET /enhance-your-spotify-presence-with-followers/feed/ HTTP/1.1" 200 409 "-" "Mozilla/5.0 (compatible; Barkrowler/0.9; +https://babbar.tech/crawler)"
104.197.152.27 - - [16/Apr/2025:07:33:25 -0400] "GET / HTTP/1.1" 200 9478 "http://garantishell.com" "Mozilla/5.0 (Windows NT 10.0; Win64; x64) AppleWebKit/537.36 (KHTML, like Gecko) Chrome/91.0.4472.124 Safari/537.36"
217.113.194.180 - - [16/Apr/2025:07:33:26 -0400] "GET /raumungsdienste-fur-ihre-wohnung/ HTTP/1.1" 200 10863 "-" "Mozilla/5.0 (compatible; Barkrowler/0.9; +https://babbar.tech/crawler)"
217.113.194.175 - - [16/Apr/2025:07:33:45 -0400] "GET /the-path-to-efficiency-and-productivity/ HTTP/1.1" 200 10740 "-" "Mozilla/5.0 (compatible; Barkrowler/0.9; +https://babbar.tech/crawler)"
198.54.114.83 - - [16/Apr/2025:07:33:48 -0400] "POST /wp-cron.php?doing_wp_cron=1744803226.0807418823242187500000 HTTP/1.1" 200 0 "-" "WordPress/6.8; https://garantishell.com"
217.113.194.179 - - [16/Apr/2025:07:34:08 -0400] "GET /a-comprehensive-guide-to-retaining-walls/ HTTP/1.1" 200 11314 "-" "Mozilla/5.0 (compatible; Barkrowler/0.9; +https://babbar.tech/crawler)"
217.113.194.176 - - [16/Apr/2025:07:34:27 -0400] "GET /bathroom-renovations-in-caroline-spring/feed/ HTTP/1.1" 200 404 "-" "Mozilla/5.0 (compatible; Barkrowler/0.9; +https://babbar.tech/crawler)"
154.54.249.212 - - [16/Apr/2025:07:34:46 -0400] "GET /the-superiority-of-pex-water-pipes/feed/ HTTP/1.1" 200 405 "-" "Mozilla/5.0 (compatible; Barkrowler/0.9; +https://babbar.tech/crawler)"
198.54.114.83 - - [16/Apr/2025:07:34:49 -0400] "POST /wp-cron.php?doing_wp_cron=1744803287.2735209465026855468750 HTTP/1.1" 200 0 "-" "WordPress/6.8; https://garantishell.com"
217.113.194.181 - - [16/Apr/2025:07:35:07 -0400] "GET /the-advantages-of-pex-water-pipes/feed/ HTTP/1.1" 200 402 "-" "Mozilla/5.0 (compatible; Barkrowler/0.9; +https://babbar.tech/crawler)"
217.113.194.180 - - [16/Apr/2025:07:35:28 -0400] "GET /the-evolution-of-electronic-warrants-2/ HTTP/1.1" 200 10553 "-" "Mozilla/5.0 (compatible; Barkrowler/0.9; +https://babbar.tech/crawler)"
34.116.22.5 - - [16/Apr/2025:07:35:43 -0400] "GET /navigating-the-world-of-steroids-in-thailand/ HTTP/1.1" 200 10795 "-" "Mozilla/5.0 (compatible; Google-Apps-Script; beanserver; +https://script.google.com; id: UAEmdDd-cSUD8XmqKO9c_AJnLdlNZrxb9Vg)"
92.255.57.103 - - [16/Apr/2025:07:35:48 -0400] "GET /wp-login.php?wp_lang=en_US HTTP/1.1" 200 1734 "https://garantishell.com/wp-login.php" "Mozilla/5.0 (Windows NT 10.0; Win64; x64; rv:136.0) Gecko/20100101 Firefox/136.0"
217.113.194.173 - - [16/Apr/2025:07:35:48 -0400] "GET /the-rise-of-garden-offices-in-the-uk/feed/ HTTP/1.1" 200 405 "-" "Mozilla/5.0 (compatible; Barkrowler/0.9; +https://babbar.tech/crawler)"
198.54.114.83 - - [16/Apr/2025:07:35:52 -0400] "POST /wp-cron.php?doing_wp_cron=1744803348.5949809551239013671875 HTTP/1.1" 200 0 "-" "WordPress/6.8; https://garantishell.com"
92.255.57.103 - - [16/Apr/2025:07:35:57 -0400] "POST /wp-login.php?wp_lang=en_US HTTP/1.1" 200 1861 "https://garantishell.com/wp-login.php" "Mozilla/5.0 (Windows NT 10.0; Win64; x64; rv:136.0) Gecko/20100101 Firefox/136.0"
92.255.57.103 - - [16/Apr/2025:07:36:06 -0400] "GET /xmlrpc.php HTTP/1.1" 405 46 "https://garantishell.com/xmlrpc.php" "Mozilla/5.0 (Windows NT 10.0; Win64; x64; rv:136.0) Gecko/20100101 Firefox/136.0"
217.113.194.181 - - [16/Apr/2025:07:36:11 -0400] "GET /the-enchantment-of-rainbow-riches-casino/feed/ HTTP/1.1" 200 408 "-" "Mozilla/5.0 (compatible; Barkrowler/0.9; +https://babbar.tech/crawler)"
92.255.57.103 - - [16/Apr/2025:07:36:17 -0400] "POST /xmlrpc.php HTTP/1.1" 200 186 "https://garantishell.com/xmlrpc.php" "Mozilla/5.0 (Windows NT 10.0; Win64; x64; rv:136.0) Gecko/20100101 Firefox/136.0"
217.113.194.173 - - [16/Apr/2025:07:36:31 -0400] "GET /the-exciting-world-of-video-slots/feed/ HTTP/1.1" 200 400 "-" "Mozilla/5.0 (compatible; Barkrowler/0.9; +https://babbar.tech/crawler)"
217.113.194.179 - - [16/Apr/2025:07:36:50 -0400] "GET /the-thrilling-world-of-online-casinos/feed/ HTTP/1.1" 200 402 "-" "Mozilla/5.0 (compatible; Barkrowler/0.9; +https://babbar.tech/crawler)"
198.54.114.83 - - [16/Apr/2025:07:36:54 -0400] "POST /wp-cron.php?doing_wp_cron=1744803411.2914659976959228515625 HTTP/1.1" 200 0 "-" "WordPress/6.8; https://garantishell.com"
51.222.253.3 - - [16/Apr/2025:07:37:10 -0400] "GET /une-plateforme-innovante/ HTTP/1.1" 200 10678 "-" "Mozilla/5.0 (compatible; AhrefsBot/7.0; +http://ahrefs.com/robot/)"
217.113.194.174 - - [16/Apr/2025:07:37:11 -0400] "GET /building-influence-in-the-digital-age/feed/ HTTP/1.1" 200 397 "-" "Mozilla/5.0 (compatible; Barkrowler/0.9; +https://babbar.tech/crawler)"
217.113.194.174 - - [16/Apr/2025:07:37:28 -0400] "GET /building-opportunities-with-cabinet-franchises/ HTTP/1.1" 200 10851 "-" "Mozilla/5.0 (compatible; Barkrowler/0.9; +https://babbar.tech/crawler)"
217.113.194.179 - - [16/Apr/2025:07:37:46 -0400] "GET /cherishing-memories-custom-pet-portraits/ HTTP/1.1" 200 10573 "-" "Mozilla/5.0 (compatible; Barkrowler/0.9; +https://babbar.tech/crawler)"
94.102.49.123 - - [16/Apr/2025:07:37:58 -0400] "GET / HTTP/1.1" 200 9478 "-" "Mozilla/5.0 (Windows NT 6.1; WOW64) AppleWebKit/537.36 (KHTML, like Gecko) Chrome/45.0.2454.85 Safari/537.36"
217.113.194.173 - - [16/Apr/2025:07:38:06 -0400] "GET /cherishing-memories-custom-pet-portraits/feed/ HTTP/1.1" 200 404 "-" "Mozilla/5.0 (compatible; Barkrowler/0.9; +https://babbar.tech/crawler)"
198.54.114.83 - - [16/Apr/2025:07:38:11 -0400] "POST /wp-cron.php?doing_wp_cron=1744803486.8936719894409179687500 HTTP/1.1" 200 0 "-" "WordPress/6.8; https://garantishell.com"
34.116.22.5 - - [16/Apr/2025:07:38:11 -0400] "GET /strategies-to-boost-your-likes/ HTTP/1.1" 200 10937 "-" "Mozilla/5.0 (compatible; Google-Apps-Script; beanserver; +https://script.google.com; id: UAEmdDd-cSUD8XmqKO9c_AJnLdlNZrxb9Vg)"
94.102.49.123 - - [16/Apr/2025:07:38:24 -0400] "GET / HTTP/1.1" 200 9478 "-" "Mozilla/5.0 (Windows NT 6.1; WOW64) AppleWebKit/537.36 (KHTML, like Gecko) Chrome/45.0.2454.85 Safari/537.36"
217.113.194.175 - - [16/Apr/2025:07:38:27 -0400] "GET /turkische-psychologen-in-der-nahe-2/ HTTP/1.1" 200 11264 "-" "Mozilla/5.0 (compatible; Barkrowler/0.9; +https://babbar.tech/crawler)"
93.174.93.114 - - [16/Apr/2025:07:38:30 -0400] "GET /wp-includes/js/jquery/jquery.min.js?ver=3.7.1 HTTP/1.1" 200 29744 "https://garantishell.com/" "Mozilla/5.0 (Windows NT 6.1; WOW64) AppleWebKit/537.36 (KHTML, like Gecko) Chrome/45.0.2454.85 Safari/537.36"
93.174.93.114 - - [16/Apr/2025:07:38:30 -0400] "GET /wp-content/themes/world-news/assets/js/jquery.marquee.min.js?ver=1.6.0 HTTP/1.1" 200 2160 "https://garantishell.com/" "Mozilla/5.0 (Windows NT 6.1; WOW64) AppleWebKit/537.36 (KHTML, like Gecko) Chrome/45.0.2454.85 Safari/537.36"
93.174.93.114 - - [16/Apr/2025:07:38:30 -0400] "GET /wp-content/themes/world-news/assets/css/fontawesome.min.css?ver=6.4.2 HTTP/1.1" 200 17670 "https://garantishell.com/" "Mozilla/5.0 (Windows NT 6.1; WOW64) AppleWebKit/537.36 (KHTML, like Gecko) Chrome/45.0.2454.85 Safari/537.36"
93.174.93.114 - - [16/Apr/2025:07:38:30 -0400] "GET /wp-content/themes/world-news/assets/js/custom.min.js?ver=1.1.1 HTTP/1.1" 200 1027 "https://garantishell.com/" "Mozilla/5.0 (Windows NT 6.1; WOW64) AppleWebKit/537.36 (KHTML, like Gecko) Chrome/45.0.2454.85 Safari/537.36"
93.174.93.114 - - [16/Apr/2025:07:38:30 -0400] "GET /wp-content/themes/world-news/assets/css/slick.min.css?ver=1.8.1 HTTP/1.1" 200 395 "https://garantishell.com/" "Mozilla/5.0 (Windows NT 6.1; WOW64) AppleWebKit/537.36 (KHTML, like Gecko) Chrome/45.0.2454.85 Safari/537.36"
93.174.93.114 - - [16/Apr/2025:07:38:30 -0400] "GET /wp-includes/js/jquery/jquery-migrate.min.js?ver=3.4.1 HTTP/1.1" 200 4678 "https://garantishell.com/" "Mozilla/5.0 (Windows NT 6.1; WOW64) AppleWebKit/537.36 (KHTML, like Gecko) Chrome/45.0.2454.85 Safari/537.36"
93.174.93.114 - - [16/Apr/2025:07:38:30 -0400] "GET /wp-content/fonts/72ad791040fad86bee822d72b5a5a7bb.css HTTP/1.1" 200 518 "https://garantishell.com/" "Mozilla/5.0 (Windows NT 6.1; WOW64) AppleWebKit/537.36 (KHTML, like Gecko) Chrome/45.0.2454.85 Safari/537.36"
93.174.93.114 - - [16/Apr/2025:07:38:30 -0400] "GET /wp-content/themes/world-news/assets/js/navigation.min.js?ver=1.1.1 HTTP/1.1" 200 506 "https://garantishell.com/" "Mozilla/5.0 (Windows NT 6.1; WOW64) AppleWebKit/537.36 (KHTML, like Gecko) Chrome/45.0.2454.85 Safari/537.36"
93.174.93.114 - - [16/Apr/2025:07:38:30 -0400] "GET /wp-includes/css/dist/block-library/style.min.css?ver=6.8 HTTP/1.1" 200 14358 "https://garantishell.com/" "Mozilla/5.0 (Windows NT 6.1; WOW64) AppleWebKit/537.36 (KHTML, like Gecko) Chrome/45.0.2454.85 Safari/537.36"
93.174.93.114 - - [16/Apr/2025:07:38:30 -0400] "GET /wp-content/themes/world-news/assets/js/slick.min.js?ver=1.8.1 HTTP/1.1" 200 10126 "https://garantishell.com/" "Mozilla/5.0 (Windows NT 6.1; WOW64) AppleWebKit/537.36 (KHTML, like Gecko) Chrome/45.0.2454.85 Safari/537.36"
93.174.93.114 - - [16/Apr/2025:07:38:30 -0400] "GET /wp-content/themes/world-news/style.css?ver=1.1.1 HTTP/1.1" 200 19294 "https://garantishell.com/" "Mozilla/5.0 (Windows NT 6.1; WOW64) AppleWebKit/537.36 (KHTML, like Gecko) Chrome/45.0.2454.85 Safari/537.36"
217.113.194.172 - - [16/Apr/2025:07:38:45 -0400] "GET /turkische-psychologen-in-der-nahe/feed/ HTTP/1.1" 200 398 "-" "Mozilla/5.0 (compatible; Barkrowler/0.9; +https://babbar.tech/crawler)"
94.102.63.27 - - [16/Apr/2025:07:38:48 -0400] "GET / HTTP/1.1" 200 9478 "https://garantishell.com/" "Mozilla/5.0 (Windows NT 6.1; WOW64) AppleWebKit/537.36 (KHTML, like Gecko) Chrome/45.0.2454.85 Safari/537.36"
94.102.63.27 - - [16/Apr/2025:07:38:48 -0400] "GET /wp-content/themes/world-news/assets/webfonts/fa-regular-400.woff2 HTTP/1.1" 200 24488 "https://garantishell.com/wp-content/themes/world-news/assets/css/fontawesome.min.css?ver=6.4.2" "Mozilla/5.0 (Windows NT 6.1; WOW64) AppleWebKit/537.36 (KHTML, like Gecko) Chrome/45.0.2454.85 Safari/537.36"
94.102.63.27 - - [16/Apr/2025:07:38:48 -0400] "GET /wp-content/fonts/titillium-web/NaPecZTIAOhVxoMyOr9n_E7fdMPmDQ.woff2 HTTP/1.1" 200 12372 "https://garantishell.com/wp-content/fonts/72ad791040fad86bee822d72b5a5a7bb.css" "Mozilla/5.0 (Windows NT 6.1; WOW64) AppleWebKit/537.36 (KHTML, like Gecko) Chrome/45.0.2454.85 Safari/537.36"
94.102.63.27 - - [16/Apr/2025:07:38:48 -0400] "GET /wp-includes/js/wp-emoji-release.min.js?ver=6.8 HTTP/1.1" 200 4771 "https://garantishell.com/" "Mozilla/5.0 (Windows NT 6.1; WOW64) AppleWebKit/537.36 (KHTML, like Gecko) Chrome/45.0.2454.85 Safari/537.36"
94.102.63.27 - - [16/Apr/2025:07:38:48 -0400] "GET /wp-content/fonts/titillium-web/NaPDcZTIAOhVxoMyOr9n_E7ffHjDGItzYw.woff2 HTTP/1.1" 200 11796 "https://garantishell.com/wp-content/fonts/72ad791040fad86bee822d72b5a5a7bb.css" "Mozilla/5.0 (Windows NT 6.1; WOW64) AppleWebKit/537.36 (KHTML, like Gecko) Chrome/45.0.2454.85 Safari/537.36"
94.102.63.27 - - [16/Apr/2025:07:38:48 -0400] "GET /wp-content/themes/world-news/assets/webfonts/fa-solid-900.woff2 HTTP/1.1" 200 150020 "https://garantishell.com/wp-content/themes/world-news/assets/css/fontawesome.min.css?ver=6.4.2" "Mozilla/5.0 (Windows NT 6.1; WOW64) AppleWebKit/537.36 (KHTML, like Gecko) Chrome/45.0.2454.85 Safari/537.36"
94.102.63.27 - - [16/Apr/2025:07:38:48 -0400] "GET /wp-content/fonts/titillium-web/NaPDcZTIAOhVxoMyOr9n_E7ffBzCGItzYw.woff2 HTTP/1.1" 200 12136 "https://garantishell.com/wp-content/fonts/72ad791040fad86bee822d72b5a5a7bb.css" "Mozilla/5.0 (Windows NT 6.1; WOW64) AppleWebKit/537.36 (KHTML, like Gecko) Chrome/45.0.2454.85 Safari/537.36"
