154.83.103.109 - - [14/Apr/2025:11:04:24 -0400] "GET /backend/.env.example HTTP/1.1" 403 1242 "-" "Mozilla/5.0 (Windows NT 10.0; Win64; x64) AppleWebKit/537.36 (KHTML, like Gecko) Chrome/91.0.4472.124 Safari/537.36"
198.54.114.83 - - [14/Apr/2025:11:04:29 -0400] "POST /wp-cron.php?doing_wp_cron=1744643068.6674110889434814453125 HTTP/1.1" 200 0 "-" "WordPress/6.7.1; https://garantishell.com"
154.83.103.109 - - [14/Apr/2025:11:04:28 -0400] "GET /wp-content/themes/zero2one/includes/identityverification/functions.php HTTP/1.1" 404 6867 "-" "Mozilla/5.0 (Windows NT 10.0; Win64; x64) AppleWebKit/537.36 (KHTML, like Gecko) Chrome/91.0.4472.124 Safari/537.36"
198.54.114.83 - - [14/Apr/2025:11:04:31 -0400] "POST /wp-admin/admin-ajax.php?action=async_litespeed&nonce=gfrAOibTsdmx7N8eImCdo4FcthNJrY4d&litespeed_type=imgoptm HTTP/1.1" 200 0 "-" "WordPress/6.7.1; https://garantishell.com"
154.83.103.109 - - [14/Apr/2025:11:04:33 -0400] "GET /wp-content/themes/zero2one/includes/identityverification HTTP/1.1" 404 6867 "-" "Mozilla/5.0 (Windows NT 10.0; Win64; x64) AppleWebKit/537.36 (KHTML, like Gecko) Chrome/91.0.4472.124 Safari/537.36"
154.83.103.109 - - [14/Apr/2025:11:04:39 -0400] "GET /package HTTP/1.1" 404 6867 "-" "Mozilla/5.0 (Windows NT 10.0; Win64; x64) AppleWebKit/537.36 (KHTML, like Gecko) Chrome/91.0.4472.124 Safari/537.36"
154.83.103.109 - - [14/Apr/2025:11:04:43 -0400] "GET /package/dynamic_js HTTP/1.1" 404 6867 "-" "Mozilla/5.0 (Windows NT 10.0; Win64; x64) AppleWebKit/537.36 (KHTML, like Gecko) Chrome/91.0.4472.124 Safari/537.36"
154.83.103.109 - - [14/Apr/2025:11:04:47 -0400] "GET /package/static_js HTTP/1.1" 404 6867 "-" "Mozilla/5.0 (Windows NT 10.0; Win64; x64) AppleWebKit/537.36 (KHTML, like Gecko) Chrome/91.0.4472.124 Safari/537.36"
154.83.103.109 - - [14/Apr/2025:11:04:54 -0400] "GET /sendgrid.env HTTP/1.1" 404 6867 "-" "Mozilla/5.0 (Windows NT 10.0; Win64; x64) AppleWebKit/537.36 (KHTML, like Gecko) Chrome/91.0.4472.124 Safari/537.36"
154.83.103.109 - - [14/Apr/2025:11:04:57 -0400] "GET /_nuxt HTTP/1.1" 404 6868 "-" "Mozilla/5.0 (Windows NT 10.0; Win64; x64) AppleWebKit/537.36 (KHTML, like Gecko) Chrome/91.0.4472.124 Safari/537.36"
154.83.103.109 - - [14/Apr/2025:11:05:02 -0400] "GET /scripts/twilio-chat HTTP/1.1" 404 6867 "-" "Mozilla/5.0 (Windows NT 10.0; Win64; x64) AppleWebKit/537.36 (KHTML, like Gecko) Chrome/91.0.4472.124 Safari/537.36"
154.83.103.109 - - [14/Apr/2025:11:05:09 -0400] "GET /scripts HTTP/1.1" 404 6868 "-" "Mozilla/5.0 (Windows NT 10.0; Win64; x64) AppleWebKit/537.36 (KHTML, like Gecko) Chrome/91.0.4472.124 Safari/537.36"
154.83.103.109 - - [14/Apr/2025:11:05:14 -0400] "GET /dynamic_js HTTP/1.1" 404 6867 "-" "Mozilla/5.0 (Windows NT 10.0; Win64; x64) AppleWebKit/537.36 (KHTML, like Gecko) Chrome/91.0.4472.124 Safari/537.36"
2a02:598:96:8a00::1200:134 - - [14/Apr/2025:11:05:15 -0400] "GET /category/real-estate/ HTTP/1.1" 200 7839 "-" "Mozilla/5.0 (compatible; SeznamBot/4.0; +https://o-seznam.cz/napoveda/vyhledavani/en/seznambot-crawler/)"
154.83.103.109 - - [14/Apr/2025:11:05:19 -0400] "GET /laravel HTTP/1.1" 404 6868 "-" "Mozilla/5.0 (Windows NT 10.0; Win64; x64) AppleWebKit/537.36 (KHTML, like Gecko) Chrome/91.0.4472.124 Safari/537.36"
198.54.114.83 - - [14/Apr/2025:11:05:23 -0400] "POST /wp-cron.php?doing_wp_cron=1744643119.9087369441986083984375 HTTP/1.1" 200 0 "-" "WordPress/6.7.1; https://garantishell.com"
154.83.103.109 - - [14/Apr/2025:11:05:25 -0400] "GET /cronlab/.env HTTP/1.1" 403 1242 "-" "Mozilla/5.0 (Windows NT 10.0; Win64; x64) AppleWebKit/537.36 (KHTML, like Gecko) Chrome/91.0.4472.124 Safari/537.36"
154.83.103.109 - - [14/Apr/2025:11:05:30 -0400] "GET /cronlab HTTP/1.1" 404 6868 "-" "Mozilla/5.0 (Windows NT 10.0; Win64; x64) AppleWebKit/537.36 (KHTML, like Gecko) Chrome/91.0.4472.124 Safari/537.36"
154.83.103.109 - - [14/Apr/2025:11:05:35 -0400] "GET /core/.env HTTP/1.1" 403 1242 "-" "Mozilla/5.0 (Windows NT 10.0; Win64; x64) AppleWebKit/537.36 (KHTML, like Gecko) Chrome/91.0.4472.124 Safari/537.36"
154.83.103.109 - - [14/Apr/2025:11:05:38 -0400] "GET /.env.bak HTTP/1.1" 403 1242 "-" "Mozilla/5.0 (Windows NT 10.0; Win64; x64) AppleWebKit/537.36 (KHTML, like Gecko) Chrome/91.0.4472.124 Safari/537.36"
154.83.103.109 - - [14/Apr/2025:11:05:41 -0400] "GET /server.js HTTP/1.1" 404 6867 "-" "Mozilla/5.0 (Windows NT 10.0; Win64; x64) AppleWebKit/537.36 (KHTML, like Gecko) Chrome/91.0.4472.124 Safari/537.36"
154.83.103.109 - - [14/Apr/2025:11:05:44 -0400] "GET /config/settings.json HTTP/1.1" 404 6868 "-" "Mozilla/5.0 (Windows NT 10.0; Win64; x64) AppleWebKit/537.36 (KHTML, like Gecko) Chrome/91.0.4472.124 Safari/537.36"
154.83.103.109 - - [14/Apr/2025:11:05:47 -0400] "GET /admin/.env HTTP/1.1" 403 1242 "-" "Mozilla/5.0 (Windows NT 10.0; Win64; x64) AppleWebKit/537.36 (KHTML, like Gecko) Chrome/91.0.4472.124 Safari/537.36"
154.83.103.109 - - [14/Apr/2025:11:05:49 -0400] "GET /.env.save HTTP/1.1" 403 1242 "-" "Mozilla/5.0 (Windows NT 10.0; Win64; x64) AppleWebKit/537.36 (KHTML, like Gecko) Chrome/91.0.4472.124 Safari/537.36"
154.83.103.109 - - [14/Apr/2025:11:05:51 -0400] "GET /info HTTP/1.1" 404 6868 "-" "Mozilla/5.0 (Windows NT 10.0; Win64; x64) AppleWebKit/537.36 (KHTML, like Gecko) Chrome/91.0.4472.124 Safari/537.36"
154.83.103.109 - - [14/Apr/2025:11:05:53 -0400] "GET /config/.env HTTP/1.1" 403 1242 "-" "Mozilla/5.0 (Windows NT 10.0; Win64; x64) AppleWebKit/537.36 (KHTML, like Gecko) Chrome/91.0.4472.124 Safari/537.36"
154.83.103.109 - - [14/Apr/2025:11:05:54 -0400] "GET /config/ HTTP/1.1" 404 6868 "-" "Mozilla/5.0 (Windows NT 10.0; Win64; x64) AppleWebKit/537.36 (KHTML, like Gecko) Chrome/91.0.4472.124 Safari/537.36"
154.83.103.109 - - [14/Apr/2025:11:05:56 -0400] "GET /core/ HTTP/1.1" 404 6868 "-" "Mozilla/5.0 (Windows NT 10.0; Win64; x64) AppleWebKit/537.36 (KHTML, like Gecko) Chrome/91.0.4472.124 Safari/537.36"
154.83.103.109 - - [14/Apr/2025:11:06:00 -0400] "GET /api/ HTTP/1.1" 404 6868 "-" "Mozilla/5.0 (Windows NT 10.0; Win64; x64) AppleWebKit/537.36 (KHTML, like Gecko) Chrome/91.0.4472.124 Safari/537.36"
154.83.103.109 - - [14/Apr/2025:11:06:02 -0400] "GET /config.js HTTP/1.1" 404 6868 "-" "Mozilla/5.0 (Windows NT 10.0; Win64; x64) AppleWebKit/537.36 (KHTML, like Gecko) Chrome/91.0.4472.124 Safari/537.36"
154.83.103.109 - - [14/Apr/2025:11:06:05 -0400] "GET /index.php?=phpinfo() HTTP/1.1" 301 0 "-" "Mozilla/5.0 (Windows NT 10.0; Win64; x64) AppleWebKit/537.36 (KHTML, like Gecko) Chrome/91.0.4472.124 Safari/537.36"
154.83.103.109 - - [14/Apr/2025:11:06:08 -0400] "GET /?=phpinfo() HTTP/1.1" 200 9272 "-" "Mozilla/5.0 (Windows NT 10.0; Win64; x64) AppleWebKit/537.36 (KHTML, like Gecko) Chrome/91.0.4472.124 Safari/537.36"
198.54.114.83 - - [14/Apr/2025:11:06:30 -0400] "POST /wp-cron.php?doing_wp_cron=1744643189.6083099842071533203125 HTTP/1.1" 200 0 "-" "WordPress/6.7.1; https://garantishell.com"
154.83.103.109 - - [14/Apr/2025:11:06:29 -0400] "GET /scripts/twilio-chat/chat.js HTTP/1.1" 404 6868 "-" "Mozilla/5.0 (Windows NT 10.0; Win64; x64) AppleWebKit/537.36 (KHTML, like Gecko) Chrome/91.0.4472.124 Safari/537.36"
198.54.114.83 - - [14/Apr/2025:11:06:31 -0400] "POST /wp-admin/admin-ajax.php?action=async_litespeed&nonce=58RZUl2SmmsWkTYvYZshQfihRwvWMdev&litespeed_type=imgoptm HTTP/1.1" 200 0 "-" "WordPress/6.7.1; https://garantishell.com"
154.83.103.109 - - [14/Apr/2025:11:06:32 -0400] "GET /cronlab/.env HTTP/1.1" 403 1242 "-" "Mozilla/5.0 (Windows NT 10.0; Win64; x64) AppleWebKit/537.36 (KHTML, like Gecko) Chrome/91.0.4472.124 Safari/537.36"
154.83.103.109 - - [14/Apr/2025:11:06:33 -0400] "GET /xampp/.env HTTP/1.1" 403 1242 "-" "Mozilla/5.0 (Windows NT 10.0; Win64; x64) AppleWebKit/537.36 (KHTML, like Gecko) Chrome/91.0.4472.124 Safari/537.36"
154.83.103.109 - - [14/Apr/2025:11:06:35 -0400] "GET /.remote HTTP/1.1" 301 0 "-" "Mozilla/5.0 (Windows NT 10.0; Win64; x64) AppleWebKit/537.36 (KHTML, like Gecko) Chrome/91.0.4472.124 Safari/537.36"
154.83.103.109 - - [14/Apr/2025:11:06:36 -0400] "GET /remote-jobs/ HTTP/1.1" 200 9919 "-" "Mozilla/5.0 (Windows NT 10.0; Win64; x64) AppleWebKit/537.36 (KHTML, like Gecko) Chrome/91.0.4472.124 Safari/537.36"
154.83.103.109 - - [14/Apr/2025:11:06:38 -0400] "GET /storage/.env HTTP/1.1" 403 1242 "-" "Mozilla/5.0 (Windows NT 10.0; Win64; x64) AppleWebKit/537.36 (KHTML, like Gecko) Chrome/91.0.4472.124 Safari/537.36"
154.83.103.109 - - [14/Apr/2025:11:06:40 -0400] "GET /server.js HTTP/1.1" 404 6867 "-" "Mozilla/5.0 (Windows NT 10.0; Win64; x64) AppleWebKit/537.36 (KHTML, like Gecko) Chrome/91.0.4472.124 Safari/537.36"
154.83.103.109 - - [14/Apr/2025:11:06:54 -0400] "GET /?url=/etc/environment HTTP/1.1" 403 1242 "-" "Mozilla/5.0 (Windows NT 10.0; Win64; x64) AppleWebKit/537.36 (KHTML, like Gecko) Chrome/91.0.4472.124 Safari/537.36"
154.83.103.109 - - [14/Apr/2025:11:06:56 -0400] "GET /?url=/var/www/html/.env HTTP/1.1" 403 1242 "-" "Mozilla/5.0 (Windows NT 10.0; Win64; x64) AppleWebKit/537.36 (KHTML, like Gecko) Chrome/91.0.4472.124 Safari/537.36"
154.83.103.109 - - [14/Apr/2025:11:06:58 -0400] "GET /?url=/var/www/.env HTTP/1.1" 403 1242 "-" "Mozilla/5.0 (Windows NT 10.0; Win64; x64) AppleWebKit/537.36 (KHTML, like Gecko) Chrome/91.0.4472.124 Safari/537.36"
154.83.103.109 - - [14/Apr/2025:11:07:00 -0400] "GET /?url=/www/.env HTTP/1.1" 403 1242 "-" "Mozilla/5.0 (Windows NT 10.0; Win64; x64) AppleWebKit/537.36 (KHTML, like Gecko) Chrome/91.0.4472.124 Safari/537.36"
154.83.103.109 - - [14/Apr/2025:11:07:01 -0400] "GET /?url=/app/.env HTTP/1.1" 403 1242 "-" "Mozilla/5.0 (Windows NT 10.0; Win64; x64) AppleWebKit/537.36 (KHTML, like Gecko) Chrome/91.0.4472.124 Safari/537.36"
154.83.103.109 - - [14/Apr/2025:11:07:01 -0400] "GET /?url=/config/.env HTTP/1.1" 403 1242 "-" "Mozilla/5.0 (Windows NT 10.0; Win64; x64) AppleWebKit/537.36 (KHTML, like Gecko) Chrome/91.0.4472.124 Safari/537.36"
154.83.103.109 - - [14/Apr/2025:11:07:03 -0400] "GET /?url=/home/user/.env HTTP/1.1" 403 1242 "-" "Mozilla/5.0 (Windows NT 10.0; Win64; x64) AppleWebKit/537.36 (KHTML, like Gecko) Chrome/91.0.4472.124 Safari/537.36"
154.83.103.109 - - [14/Apr/2025:11:07:05 -0400] "GET /?url=/var/www/html/config.json HTTP/1.1" 200 9308 "-" "Mozilla/5.0 (Windows NT 10.0; Win64; x64) AppleWebKit/537.36 (KHTML, like Gecko) Chrome/91.0.4472.124 Safari/537.36"
154.83.103.109 - - [14/Apr/2025:11:07:08 -0400] "GET /?url=/var/www/config.json HTTP/1.1" 200 9293 "-" "Mozilla/5.0 (Windows NT 10.0; Win64; x64) AppleWebKit/537.36 (KHTML, like Gecko) Chrome/91.0.4472.124 Safari/537.36"
154.83.103.109 - - [14/Apr/2025:11:07:10 -0400] "GET /?url=/var/www/html/config.yaml HTTP/1.1" 200 9308 "-" "Mozilla/5.0 (Windows NT 10.0; Win64; x64) AppleWebKit/537.36 (KHTML, like Gecko) Chrome/91.0.4472.124 Safari/537.36"
154.83.103.109 - - [14/Apr/2025:11:07:12 -0400] "GET /?url=/var/www/html/config.yml HTTP/1.1" 200 9304 "-" "Mozilla/5.0 (Windows NT 10.0; Win64; x64) AppleWebKit/537.36 (KHTML, like Gecko) Chrome/91.0.4472.124 Safari/537.36"
198.54.114.83 - - [14/Apr/2025:11:07:26 -0400] "POST /wp-cron.php?doing_wp_cron=1744643245.6041369438171386718750 HTTP/1.1" 200 0 "-" "WordPress/6.7.1; https://garantishell.com"
154.83.103.109 - - [14/Apr/2025:11:07:25 -0400] "GET /?url=/var/www/html/config.php HTTP/1.1" 200 9304 "-" "Mozilla/5.0 (Windows NT 10.0; Win64; x64) AppleWebKit/537.36 (KHTML, like Gecko) Chrome/91.0.4472.124 Safari/537.36"
198.54.114.83 - - [14/Apr/2025:11:07:27 -0400] "POST /wp-admin/admin-ajax.php?action=async_litespeed&nonce=nkeVmGxiPTVE46xmqXKnGuqWcrlCT1Pl&litespeed_type=imgoptm HTTP/1.1" 200 0 "-" "WordPress/6.7.1; https://garantishell.com"
154.83.103.109 - - [14/Apr/2025:11:07:28 -0400] "GET /?url=/var/www/html/settings.json HTTP/1.1" 200 9305 "-" "Mozilla/5.0 (Windows NT 10.0; Win64; x64) AppleWebKit/537.36 (KHTML, like Gecko) Chrome/91.0.4472.124 Safari/537.36"
154.83.103.109 - - [14/Apr/2025:11:07:30 -0400] "GET /?url=/var/www/html/settings.php HTTP/1.1" 200 9308 "-" "Mozilla/5.0 (Windows NT 10.0; Win64; x64) AppleWebKit/537.36 (KHTML, like Gecko) Chrome/91.0.4472.124 Safari/537.36"
154.83.103.109 - - [14/Apr/2025:11:07:32 -0400] "GET /?url=/var/www/html/config.js HTTP/1.1" 200 9304 "-" "Mozilla/5.0 (Windows NT 10.0; Win64; x64) AppleWebKit/537.36 (KHTML, like Gecko) Chrome/91.0.4472.124 Safari/537.36"
154.83.103.109 - - [14/Apr/2025:11:07:33 -0400] "GET /?url=/var/www/html/settings.py HTTP/1.1" 200 9305 "-" "Mozilla/5.0 (Windows NT 10.0; Win64; x64) AppleWebKit/537.36 (KHTML, like Gecko) Chrome/91.0.4472.124 Safari/537.36"
154.83.103.109 - - [14/Apr/2025:11:07:36 -0400] "GET /?url=/config/database.yml HTTP/1.1" 200 9296 "-" "Mozilla/5.0 (Windows NT 10.0; Win64; x64) AppleWebKit/537.36 (KHTML, like Gecko) Chrome/91.0.4472.124 Safari/537.36"
154.83.103.109 - - [14/Apr/2025:11:07:39 -0400] "GET /?url=/var/www/html/config.php HTTP/1.1" 200 9304 "-" "Mozilla/5.0 (Windows NT 10.0; Win64; x64) AppleWebKit/537.36 (KHTML, like Gecko) Chrome/91.0.4472.124 Safari/537.36"
154.83.103.109 - - [14/Apr/2025:11:07:41 -0400] "GET /?url=/var/www/html/.htaccess HTTP/1.1" 403 1242 "-" "Mozilla/5.0 (Windows NT 10.0; Win64; x64) AppleWebKit/537.36 (KHTML, like Gecko) Chrome/91.0.4472.124 Safari/537.36"
185.191.171.4 - - [14/Apr/2025:11:07:41 -0400] "GET /author/admin/page/18/ HTTP/1.1" 200 9622 "-" "Mozilla/5.0 (compatible; SemrushBot/7~bl; +http://www.semrush.com/bot.html)"
51.222.253.18 - - [14/Apr/2025:11:07:42 -0400] "GET /effektive-methode-zur-gewichtsreduktion-ohne-chirurgischen-eingriff/ HTTP/1.1" 200 10757 "-" "Mozilla/5.0 (compatible; AhrefsBot/7.0; +http://ahrefs.com/robot/)"
154.83.103.109 - - [14/Apr/2025:11:07:42 -0400] "GET /?url=http://169.254.169.254/latest/meta-data/ HTTP/1.1" 200 9306 "-" "Mozilla/5.0 (Windows NT 10.0; Win64; x64) AppleWebKit/537.36 (KHTML, like Gecko) Chrome/91.0.4472.124 Safari/537.36"
154.83.103.109 - - [14/Apr/2025:11:07:49 -0400] "GET /?url=http://169.254.169.254/latest/meta-data/iam/security-credentials/ HTTP/1.1" 200 9323 "-" "Mozilla/5.0 (Windows NT 10.0; Win64; x64) AppleWebKit/537.36 (KHTML, like Gecko) Chrome/91.0.4472.124 Safari/537.36"
154.83.103.109 - - [14/Apr/2025:11:07:59 -0400] "GET /?url=http://169.254.169.254/latest/meta-data/iam/security-credentials/admin-role HTTP/1.1" 200 9330 "-" "Mozilla/5.0 (Windows NT 10.0; Win64; x64) AppleWebKit/537.36 (KHTML, like Gecko) Chrome/91.0.4472.124 Safari/537.36"
154.83.103.109 - - [14/Apr/2025:11:08:02 -0400] "GET /?url=http://169.254.169.254/latest/user-data HTTP/1.1" 200 9303 "-" "Mozilla/5.0 (Windows NT 10.0; Win64; x64) AppleWebKit/537.36 (KHTML, like Gecko) Chrome/91.0.4472.124 Safari/537.36"
154.83.103.109 - - [14/Apr/2025:11:08:04 -0400] "GET /?url=file:///var/www/html/.env HTTP/1.1" 403 1242 "-" "Mozilla/5.0 (Windows NT 10.0; Win64; x64) AppleWebKit/537.36 (KHTML, like Gecko) Chrome/91.0.4472.124 Safari/537.36"
154.83.103.109 - - [14/Apr/2025:11:08:05 -0400] "GET /?url=file:///var/www/html/config.json HTTP/1.1" 200 9318 "-" "Mozilla/5.0 (Windows NT 10.0; Win64; x64) AppleWebKit/537.36 (KHTML, like Gecko) Chrome/91.0.4472.124 Safari/537.36"
154.83.103.109 - - [14/Apr/2025:11:08:07 -0400] "GET /?url=file:///var/www/html/settings.json HTTP/1.1" 200 9316 "-" "Mozilla/5.0 (Windows NT 10.0; Win64; x64) AppleWebKit/537.36 (KHTML, like Gecko) Chrome/91.0.4472.124 Safari/537.36"
154.83.103.109 - - [14/Apr/2025:11:08:10 -0400] "GET /?url=file:///var/www/html/.htaccess HTTP/1.1" 403 1242 "-" "Mozilla/5.0 (Windows NT 10.0; Win64; x64) AppleWebKit/537.36 (KHTML, like Gecko) Chrome/91.0.4472.124 Safari/537.36"
154.83.103.109 - - [14/Apr/2025:11:08:11 -0400] "GET /?uri=/etc/environment HTTP/1.1" 403 1242 "-" "Mozilla/5.0 (Windows NT 10.0; Win64; x64) AppleWebKit/537.36 (KHTML, like Gecko) Chrome/91.0.4472.124 Safari/537.36"
154.83.103.109 - - [14/Apr/2025:11:08:12 -0400] "GET /?uri=/var/www/html/.env HTTP/1.1" 403 1242 "-" "Mozilla/5.0 (Windows NT 10.0; Win64; x64) AppleWebKit/537.36 (KHTML, like Gecko) Chrome/91.0.4472.124 Safari/537.36"
154.83.103.109 - - [14/Apr/2025:11:08:14 -0400] "GET /?uri=/var/www/.env HTTP/1.1" 403 1242 "-" "Mozilla/5.0 (Windows NT 10.0; Win64; x64) AppleWebKit/537.36 (KHTML, like Gecko) Chrome/91.0.4472.124 Safari/537.36"
154.83.103.109 - - [14/Apr/2025:11:08:15 -0400] "GET /?uri=/www/.env HTTP/1.1" 403 1242 "-" "Mozilla/5.0 (Windows NT 10.0; Win64; x64) AppleWebKit/537.36 (KHTML, like Gecko) Chrome/91.0.4472.124 Safari/537.36"
154.83.103.109 - - [14/Apr/2025:11:08:17 -0400] "GET /?uri=/app/.env HTTP/1.1" 403 1242 "-" "Mozilla/5.0 (Windows NT 10.0; Win64; x64) AppleWebKit/537.36 (KHTML, like Gecko) Chrome/91.0.4472.124 Safari/537.36"
154.83.103.109 - - [14/Apr/2025:11:08:18 -0400] "GET /?uri=/config/.env HTTP/1.1" 403 1242 "-" "Mozilla/5.0 (Windows NT 10.0; Win64; x64) AppleWebKit/537.36 (KHTML, like Gecko) Chrome/91.0.4472.124 Safari/537.36"
154.83.103.109 - - [14/Apr/2025:11:08:19 -0400] "GET /?uri=/home/user/.env HTTP/1.1" 403 1242 "-" "Mozilla/5.0 (Windows NT 10.0; Win64; x64) AppleWebKit/537.36 (KHTML, like Gecko) Chrome/91.0.4472.124 Safari/537.36"
198.54.114.83 - - [14/Apr/2025:11:08:21 -0400] "POST /wp-cron.php?doing_wp_cron=1744643301.3862640857696533203125 HTTP/1.1" 200 0 "-" "WordPress/6.7.1; https://garantishell.com"
198.54.114.83 - - [14/Apr/2025:11:08:22 -0400] "POST /wp-admin/admin-ajax.php?action=async_litespeed&nonce=MOI7DxxegakjnFtJlPwXpuT1Hh3EtP97&litespeed_type=imgoptm HTTP/1.1" 200 5 "-" "WordPress/6.7.1; https://garantishell.com"
154.83.103.109 - - [14/Apr/2025:11:08:21 -0400] "GET /?uri=/var/www/html/config.json HTTP/1.1" 200 9308 "-" "Mozilla/5.0 (Windows NT 10.0; Win64; x64) AppleWebKit/537.36 (KHTML, like Gecko) Chrome/91.0.4472.124 Safari/537.36"
154.83.103.109 - - [14/Apr/2025:11:08:24 -0400] "GET /?uri=/var/www/config.json HTTP/1.1" 200 9293 "-" "Mozilla/5.0 (Windows NT 10.0; Win64; x64) AppleWebKit/537.36 (KHTML, like Gecko) Chrome/91.0.4472.124 Safari/537.36"
154.83.103.109 - - [14/Apr/2025:11:08:34 -0400] "GET /?uri=/var/www/html/config.yaml HTTP/1.1" 200 9308 "-" "Mozilla/5.0 (Windows NT 10.0; Win64; x64) AppleWebKit/537.36 (KHTML, like Gecko) Chrome/91.0.4472.124 Safari/537.36"
154.83.103.109 - - [14/Apr/2025:11:08:36 -0400] "GET /?uri=/var/www/html/config.yml HTTP/1.1" 200 9304 "-" "Mozilla/5.0 (Windows NT 10.0; Win64; x64) AppleWebKit/537.36 (KHTML, like Gecko) Chrome/91.0.4472.124 Safari/537.36"
154.83.103.109 - - [14/Apr/2025:11:08:51 -0400] "GET /?uri=/var/www/html/config.php HTTP/1.1" 200 9304 "-" "Mozilla/5.0 (Windows NT 10.0; Win64; x64) AppleWebKit/537.36 (KHTML, like Gecko) Chrome/91.0.4472.124 Safari/537.36"
154.83.103.109 - - [14/Apr/2025:11:08:53 -0400] "GET /?uri=/var/www/html/settings.json HTTP/1.1" 200 9305 "-" "Mozilla/5.0 (Windows NT 10.0; Win64; x64) AppleWebKit/537.36 (KHTML, like Gecko) Chrome/91.0.4472.124 Safari/537.36"
154.83.103.109 - - [14/Apr/2025:11:08:57 -0400] "GET /?uri=/var/www/html/settings.php HTTP/1.1" 200 9309 "-" "Mozilla/5.0 (Windows NT 10.0; Win64; x64) AppleWebKit/537.36 (KHTML, like Gecko) Chrome/91.0.4472.124 Safari/537.36"
154.83.103.109 - - [14/Apr/2025:11:09:00 -0400] "GET /?uri=/var/www/html/config.js HTTP/1.1" 200 9304 "-" "Mozilla/5.0 (Windows NT 10.0; Win64; x64) AppleWebKit/537.36 (KHTML, like Gecko) Chrome/91.0.4472.124 Safari/537.36"
154.83.103.109 - - [14/Apr/2025:11:09:04 -0400] "GET /?uri=/var/www/html/settings.py HTTP/1.1" 200 9305 "-" "Mozilla/5.0 (Windows NT 10.0; Win64; x64) AppleWebKit/537.36 (KHTML, like Gecko) Chrome/91.0.4472.124 Safari/537.36"
154.83.103.109 - - [14/Apr/2025:11:09:07 -0400] "GET /?uri=/config/database.yml HTTP/1.1" 200 9296 "-" "Mozilla/5.0 (Windows NT 10.0; Win64; x64) AppleWebKit/537.36 (KHTML, like Gecko) Chrome/91.0.4472.124 Safari/537.36"
154.83.103.109 - - [14/Apr/2025:11:09:11 -0400] "GET /?uri=/var/www/html/config.php HTTP/1.1" 200 9304 "-" "Mozilla/5.0 (Windows NT 10.0; Win64; x64) AppleWebKit/537.36 (KHTML, like Gecko) Chrome/91.0.4472.124 Safari/537.36"
154.83.103.109 - - [14/Apr/2025:11:09:13 -0400] "GET /?uri=/var/www/html/.htaccess HTTP/1.1" 403 1242 "-" "Mozilla/5.0 (Windows NT 10.0; Win64; x64) AppleWebKit/537.36 (KHTML, like Gecko) Chrome/91.0.4472.124 Safari/537.36"
154.83.103.109 - - [14/Apr/2025:11:09:15 -0400] "GET /?uri=http://169.254.169.254/latest/meta-data/ HTTP/1.1" 200 9306 "-" "Mozilla/5.0 (Windows NT 10.0; Win64; x64) AppleWebKit/537.36 (KHTML, like Gecko) Chrome/91.0.4472.124 Safari/537.36"
198.54.114.83 - - [14/Apr/2025:11:09:17 -0400] "POST /wp-cron.php?doing_wp_cron=1744643357.5605139732360839843750 HTTP/1.1" 200 0 "-" "WordPress/6.7.1; https://garantishell.com"
154.83.103.109 - - [14/Apr/2025:11:09:17 -0400] "GET /?uri=http://169.254.169.254/latest/meta-data/iam/security-credentials/ HTTP/1.1" 200 9323 "-" "Mozilla/5.0 (Windows NT 10.0; Win64; x64) AppleWebKit/537.36 (KHTML, like Gecko) Chrome/91.0.4472.124 Safari/537.36"
198.54.114.83 - - [14/Apr/2025:11:09:18 -0400] "POST /wp-admin/admin-ajax.php?action=async_litespeed&nonce=h2pOuA4fK4EE5wJ2HCPuKSFfCtSRBaSa&litespeed_type=imgoptm HTTP/1.1" 200 5 "-" "WordPress/6.7.1; https://garantishell.com"
94.74.122.203 - - [14/Apr/2025:11:09:19 -0400] "GET /category/arts-entertainments/page/25/ HTTP/1.1" 200 9623 "https://garantishell.com/category/arts-entertainments/page/25/" "Mozilla/5.0 (Windows NT 10.0; Win64; x64) AppleWebKit/537.36 (KHTML, like Gecko) Chrome/110.0.0.0 Safari/537.36"
154.83.103.109 - - [14/Apr/2025:11:09:19 -0400] "GET /?uri=http://169.254.169.254/latest/meta-data/iam/security-credentials/admin-role HTTP/1.1" 200 9330 "-" "Mozilla/5.0 (Windows NT 10.0; Win64; x64) AppleWebKit/537.36 (KHTML, like Gecko) Chrome/91.0.4472.124 Safari/537.36"
154.83.103.109 - - [14/Apr/2025:11:09:21 -0400] "GET /?uri=http://169.254.169.254/latest/user-data HTTP/1.1" 200 9303 "-" "Mozilla/5.0 (Windows NT 10.0; Win64; x64) AppleWebKit/537.36 (KHTML, like Gecko) Chrome/91.0.4472.124 Safari/537.36"
154.83.103.109 - - [14/Apr/2025:11:09:24 -0400] "GET /?uri=file:///var/www/html/.env HTTP/1.1" 403 1242 "-" "Mozilla/5.0 (Windows NT 10.0; Win64; x64) AppleWebKit/537.36 (KHTML, like Gecko) Chrome/91.0.4472.124 Safari/537.36"
154.83.103.109 - - [14/Apr/2025:11:09:26 -0400] "GET /?uri=file:///var/www/html/config.json HTTP/1.1" 200 9316 "-" "Mozilla/5.0 (Windows NT 10.0; Win64; x64) AppleWebKit/537.36 (KHTML, like Gecko) Chrome/91.0.4472.124 Safari/537.36"
154.83.103.109 - - [14/Apr/2025:11:09:29 -0400] "GET /?uri=file:///var/www/html/settings.json HTTP/1.1" 200 9316 "-" "Mozilla/5.0 (Windows NT 10.0; Win64; x64) AppleWebKit/537.36 (KHTML, like Gecko) Chrome/91.0.4472.124 Safari/537.36"
154.83.103.109 - - [14/Apr/2025:11:09:43 -0400] "GET /?uri=file:///var/www/html/.htaccess HTTP/1.1" 403 1242 "-" "Mozilla/5.0 (Windows NT 10.0; Win64; x64) AppleWebKit/537.36 (KHTML, like Gecko) Chrome/91.0.4472.124 Safari/537.36"
154.83.103.109 - - [14/Apr/2025:11:09:44 -0400] "GET /?file=/etc/environment HTTP/1.1" 403 1242 "-" "Mozilla/5.0 (Windows NT 10.0; Win64; x64) AppleWebKit/537.36 (KHTML, like Gecko) Chrome/91.0.4472.124 Safari/537.36"
154.83.103.109 - - [14/Apr/2025:11:09:45 -0400] "GET /?file=/var/www/html/.env HTTP/1.1" 403 1242 "-" "Mozilla/5.0 (Windows NT 10.0; Win64; x64) AppleWebKit/537.36 (KHTML, like Gecko) Chrome/91.0.4472.124 Safari/537.36"
154.83.103.109 - - [14/Apr/2025:11:09:46 -0400] "GET /?file=/var/www/.env HTTP/1.1" 403 1242 "-" "Mozilla/5.0 (Windows NT 10.0; Win64; x64) AppleWebKit/537.36 (KHTML, like Gecko) Chrome/91.0.4472.124 Safari/537.36"
154.83.103.109 - - [14/Apr/2025:11:09:48 -0400] "GET /?file=/www/.env HTTP/1.1" 403 1242 "-" "Mozilla/5.0 (Windows NT 10.0; Win64; x64) AppleWebKit/537.36 (KHTML, like Gecko) Chrome/91.0.4472.124 Safari/537.36"
154.83.103.109 - - [14/Apr/2025:11:09:50 -0400] "GET /?file=/app/.env HTTP/1.1" 403 1242 "-" "Mozilla/5.0 (Windows NT 10.0; Win64; x64) AppleWebKit/537.36 (KHTML, like Gecko) Chrome/91.0.4472.124 Safari/537.36"
154.83.103.109 - - [14/Apr/2025:11:10:06 -0400] "GET /?file=/config/.env HTTP/1.1" 403 1242 "-" "Mozilla/5.0 (Windows NT 10.0; Win64; x64) AppleWebKit/537.36 (KHTML, like Gecko) Chrome/91.0.4472.124 Safari/537.36"
154.83.103.109 - - [14/Apr/2025:11:10:15 -0400] "GET /?file=/home/user/.env HTTP/1.1" 403 1242 "-" "Mozilla/5.0 (Windows NT 10.0; Win64; x64) AppleWebKit/537.36 (KHTML, like Gecko) Chrome/91.0.4472.124 Safari/537.36"
198.54.114.83 - - [14/Apr/2025:11:10:21 -0400] "POST /wp-cron.php?doing_wp_cron=1744643420.4659929275512695312500 HTTP/1.1" 200 0 "-" "WordPress/6.7.1; https://garantishell.com"
154.83.103.109 - - [14/Apr/2025:11:10:19 -0400] "GET /?file=/var/www/html/config.json HTTP/1.1" 200 9310 "-" "Mozilla/5.0 (Windows NT 10.0; Win64; x64) AppleWebKit/537.36 (KHTML, like Gecko) Chrome/91.0.4472.124 Safari/537.36"
154.83.103.109 - - [14/Apr/2025:11:10:24 -0400] "GET /?file=/var/www/config.json HTTP/1.1" 200 9298 "-" "Mozilla/5.0 (Windows NT 10.0; Win64; x64) AppleWebKit/537.36 (KHTML, like Gecko) Chrome/91.0.4472.124 Safari/537.36"
154.83.103.109 - - [14/Apr/2025:11:10:29 -0400] "GET /?file=/var/www/html/config.yaml HTTP/1.1" 200 9310 "-" "Mozilla/5.0 (Windows NT 10.0; Win64; x64) AppleWebKit/537.36 (KHTML, like Gecko) Chrome/91.0.4472.124 Safari/537.36"
154.83.103.109 - - [14/Apr/2025:11:10:42 -0400] "GET /?file=/var/www/html/config.yml HTTP/1.1" 200 9307 "-" "Mozilla/5.0 (Windows NT 10.0; Win64; x64) AppleWebKit/537.36 (KHTML, like Gecko) Chrome/91.0.4472.124 Safari/537.36"
154.83.103.109 - - [14/Apr/2025:11:10:45 -0400] "GET /?file=/var/www/html/config.php HTTP/1.1" 200 9310 "-" "Mozilla/5.0 (Windows NT 10.0; Win64; x64) AppleWebKit/537.36 (KHTML, like Gecko) Chrome/91.0.4472.124 Safari/537.36"
154.83.103.109 - - [14/Apr/2025:11:10:48 -0400] "GET /?file=/var/www/html/settings.json HTTP/1.1" 200 9305 "-" "Mozilla/5.0 (Windows NT 10.0; Win64; x64) AppleWebKit/537.36 (KHTML, like Gecko) Chrome/91.0.4472.124 Safari/537.36"
154.83.103.109 - - [14/Apr/2025:11:10:51 -0400] "GET /?file=/var/www/html/settings.php HTTP/1.1" 200 9305 "-" "Mozilla/5.0 (Windows NT 10.0; Win64; x64) AppleWebKit/537.36 (KHTML, like Gecko) Chrome/91.0.4472.124 Safari/537.36"
154.83.103.109 - - [14/Apr/2025:11:11:06 -0400] "GET /?file=/var/www/html/config.js HTTP/1.1" 200 9304 "-" "Mozilla/5.0 (Windows NT 10.0; Win64; x64) AppleWebKit/537.36 (KHTML, like Gecko) Chrome/91.0.4472.124 Safari/537.36"
154.83.103.109 - - [14/Apr/2025:11:11:10 -0400] "GET /?file=/var/www/html/settings.py HTTP/1.1" 200 9307 "-" "Mozilla/5.0 (Windows NT 10.0; Win64; x64) AppleWebKit/537.36 (KHTML, like Gecko) Chrome/91.0.4472.124 Safari/537.36"
154.83.103.109 - - [14/Apr/2025:11:11:14 -0400] "GET /?file=/config/database.yml HTTP/1.1" 200 9294 "-" "Mozilla/5.0 (Windows NT 10.0; Win64; x64) AppleWebKit/537.36 (KHTML, like Gecko) Chrome/91.0.4472.124 Safari/537.36"
154.83.103.109 - - [14/Apr/2025:11:11:28 -0400] "GET /?file=/var/www/html/config.php HTTP/1.1" 200 9310 "-" "Mozilla/5.0 (Windows NT 10.0; Win64; x64) AppleWebKit/537.36 (KHTML, like Gecko) Chrome/91.0.4472.124 Safari/537.36"
154.83.103.109 - - [14/Apr/2025:11:11:30 -0400] "GET /?file=/var/www/html/.htaccess HTTP/1.1" 403 1242 "-" "Mozilla/5.0 (Windows NT 10.0; Win64; x64) AppleWebKit/537.36 (KHTML, like Gecko) Chrome/91.0.4472.124 Safari/537.36"
198.54.114.83 - - [14/Apr/2025:11:11:42 -0400] "POST /wp-cron.php?doing_wp_cron=1744643501.2723619937896728515625 HTTP/1.1" 200 0 "-" "WordPress/6.7.1; https://garantishell.com"
154.83.103.109 - - [14/Apr/2025:11:11:41 -0400] "GET /?file=http://169.254.169.254/latest/meta-data/ HTTP/1.1" 200 9313 "-" "Mozilla/5.0 (Windows NT 10.0; Win64; x64) AppleWebKit/537.36 (KHTML, like Gecko) Chrome/91.0.4472.124 Safari/537.36"
154.83.103.109 - - [14/Apr/2025:11:11:44 -0400] "GET /?file=http://169.254.169.254/latest/meta-data/iam/security-credentials/ HTTP/1.1" 200 9325 "-" "Mozilla/5.0 (Windows NT 10.0; Win64; x64) AppleWebKit/537.36 (KHTML, like Gecko) Chrome/91.0.4472.124 Safari/537.36"
154.83.103.109 - - [14/Apr/2025:11:11:55 -0400] "GET /?file=http://169.254.169.254/latest/meta-data/iam/security-credentials/admin-role HTTP/1.1" 200 9330 "-" "Mozilla/5.0 (Windows NT 10.0; Win64; x64) AppleWebKit/537.36 (KHTML, like Gecko) Chrome/91.0.4472.124 Safari/537.36"
154.83.103.109 - - [14/Apr/2025:11:12:00 -0400] "GET /?file=http://169.254.169.254/latest/user-data HTTP/1.1" 200 9304 "-" "Mozilla/5.0 (Windows NT 10.0; Win64; x64) AppleWebKit/537.36 (KHTML, like Gecko) Chrome/91.0.4472.124 Safari/537.36"
154.83.103.109 - - [14/Apr/2025:11:12:03 -0400] "GET /?file=file:///var/www/html/.env HTTP/1.1" 403 1242 "-" "Mozilla/5.0 (Windows NT 10.0; Win64; x64) AppleWebKit/537.36 (KHTML, like Gecko) Chrome/91.0.4472.124 Safari/537.36"
154.83.103.109 - - [14/Apr/2025:11:12:05 -0400] "GET /?file=file:///var/www/html/config.json HTTP/1.1" 200 9313 "-" "Mozilla/5.0 (Windows NT 10.0; Win64; x64) AppleWebKit/537.36 (KHTML, like Gecko) Chrome/91.0.4472.124 Safari/537.36"
154.83.103.109 - - [14/Apr/2025:11:12:08 -0400] "GET /?file=file:///var/www/html/settings.json HTTP/1.1" 200 9314 "-" "Mozilla/5.0 (Windows NT 10.0; Win64; x64) AppleWebKit/537.36 (KHTML, like Gecko) Chrome/91.0.4472.124 Safari/537.36"
154.83.103.109 - - [14/Apr/2025:11:12:12 -0400] "GET /?file=file:///var/www/html/.htaccess HTTP/1.1" 403 1242 "-" "Mozilla/5.0 (Windows NT 10.0; Win64; x64) AppleWebKit/537.36 (KHTML, like Gecko) Chrome/91.0.4472.124 Safari/537.36"
154.83.103.109 - - [14/Apr/2025:11:12:15 -0400] "GET /?target=/etc/environment HTTP/1.1" 403 1242 "-" "Mozilla/5.0 (Windows NT 10.0; Win64; x64) AppleWebKit/537.36 (KHTML, like Gecko) Chrome/91.0.4472.124 Safari/537.36"
154.83.103.109 - - [14/Apr/2025:11:12:17 -0400] "GET /?target=/var/www/html/.env HTTP/1.1" 403 1242 "-" "Mozilla/5.0 (Windows NT 10.0; Win64; x64) AppleWebKit/537.36 (KHTML, like Gecko) Chrome/91.0.4472.124 Safari/537.36"
154.83.103.109 - - [14/Apr/2025:11:12:31 -0400] "GET /?target=/var/www/.env HTTP/1.1" 403 1242 "-" "Mozilla/5.0 (Windows NT 10.0; Win64; x64) AppleWebKit/537.36 (KHTML, like Gecko) Chrome/91.0.4472.124 Safari/537.36"
154.83.103.109 - - [14/Apr/2025:11:12:32 -0400] "GET /?target=/www/.env HTTP/1.1" 403 1242 "-" "Mozilla/5.0 (Windows NT 10.0; Win64; x64) AppleWebKit/537.36 (KHTML, like Gecko) Chrome/91.0.4472.124 Safari/537.36"
154.83.103.109 - - [14/Apr/2025:11:12:34 -0400] "GET /?target=/app/.env HTTP/1.1" 403 1242 "-" "Mozilla/5.0 (Windows NT 10.0; Win64; x64) AppleWebKit/537.36 (KHTML, like Gecko) Chrome/91.0.4472.124 Safari/537.36"
154.83.103.109 - - [14/Apr/2025:11:12:36 -0400] "GET /?target=/config/.env HTTP/1.1" 403 1242 "-" "Mozilla/5.0 (Windows NT 10.0; Win64; x64) AppleWebKit/537.36 (KHTML, like Gecko) Chrome/91.0.4472.124 Safari/537.36"
51.222.253.18 - - [14/Apr/2025:11:12:37 -0400] "GET /why-professional-home-inspection-services-are-essential/ HTTP/1.1" 200 10434 "-" "Mozilla/5.0 (compatible; AhrefsBot/7.0; +http://ahrefs.com/robot/)"
154.83.103.109 - - [14/Apr/2025:11:12:38 -0400] "GET /?target=/home/user/.env HTTP/1.1" 403 1242 "-" "Mozilla/5.0 (Windows NT 10.0; Win64; x64) AppleWebKit/537.36 (KHTML, like Gecko) Chrome/91.0.4472.124 Safari/537.36"
154.83.103.109 - - [14/Apr/2025:11:12:39 -0400] "GET /?target=/var/www/html/config.json HTTP/1.1" 200 9306 "-" "Mozilla/5.0 (Windows NT 10.0; Win64; x64) AppleWebKit/537.36 (KHTML, like Gecko) Chrome/91.0.4472.124 Safari/537.36"
198.54.114.83 - - [14/Apr/2025:11:12:42 -0400] "POST /wp-cron.php?doing_wp_cron=1744643561.5522348880767822265625 HTTP/1.1" 200 0 "-" "WordPress/6.7.1; https://garantishell.com"
154.83.103.109 - - [14/Apr/2025:11:12:41 -0400] "GET /?target=/var/www/config.json HTTP/1.1" 200 9302 "-" "Mozilla/5.0 (Windows NT 10.0; Win64; x64) AppleWebKit/537.36 (KHTML, like Gecko) Chrome/91.0.4472.124 Safari/537.36"
198.54.114.83 - - [14/Apr/2025:11:12:43 -0400] "POST /wp-admin/admin-ajax.php?action=async_litespeed&nonce=umZmXTp5FOJYiEGARc4LAp0tiBKAwscH&litespeed_type=imgoptm HTTP/1.1" 200 0 "-" "WordPress/6.7.1; https://garantishell.com"
154.83.103.109 - - [14/Apr/2025:11:12:45 -0400] "GET /?target=/var/www/html/config.yaml HTTP/1.1" 200 9305 "-" "Mozilla/5.0 (Windows NT 10.0; Win64; x64) AppleWebKit/537.36 (KHTML, like Gecko) Chrome/91.0.4472.124 Safari/537.36"
154.83.103.109 - - [14/Apr/2025:11:12:49 -0400] "GET /?target=/var/www/html/config.yml HTTP/1.1" 200 9305 "-" "Mozilla/5.0 (Windows NT 10.0; Win64; x64) AppleWebKit/537.36 (KHTML, like Gecko) Chrome/91.0.4472.124 Safari/537.36"
154.83.103.109 - - [14/Apr/2025:11:13:04 -0400] "GET /?target=/var/www/html/config.php HTTP/1.1" 200 9306 "-" "Mozilla/5.0 (Windows NT 10.0; Win64; x64) AppleWebKit/537.36 (KHTML, like Gecko) Chrome/91.0.4472.124 Safari/537.36"
198.54.114.83 - - [14/Apr/2025:11:13:18 -0400] "POST /wp-cron.php?doing_wp_cron=1744643597.5907080173492431640625 HTTP/1.1" 200 0 "-" "WordPress/6.7.1; https://garantishell.com"
154.83.103.109 - - [14/Apr/2025:11:13:17 -0400] "GET /?target=/var/www/html/settings.json HTTP/1.1" 200 9307 "-" "Mozilla/5.0 (Windows NT 10.0; Win64; x64) AppleWebKit/537.36 (KHTML, like Gecko) Chrome/91.0.4472.124 Safari/537.36"
198.54.114.83 - - [14/Apr/2025:11:13:19 -0400] "POST /wp-admin/admin-ajax.php?action=async_litespeed&nonce=mgF1YClOJbIW8Q7rmKih3okmtUC3arLI&litespeed_type=imgoptm HTTP/1.1" 200 0 "-" "WordPress/6.7.1; https://garantishell.com"
154.83.103.109 - - [14/Apr/2025:11:13:20 -0400] "GET /?target=/var/www/html/settings.php HTTP/1.1" 200 9310 "-" "Mozilla/5.0 (Windows NT 10.0; Win64; x64) AppleWebKit/537.36 (KHTML, like Gecko) Chrome/91.0.4472.124 Safari/537.36"
154.83.103.109 - - [14/Apr/2025:11:13:22 -0400] "GET /?target=/var/www/html/config.js HTTP/1.1" 200 9308 "-" "Mozilla/5.0 (Windows NT 10.0; Win64; x64) AppleWebKit/537.36 (KHTML, like Gecko) Chrome/91.0.4472.124 Safari/537.36"
154.83.103.109 - - [14/Apr/2025:11:13:24 -0400] "GET /?target=/var/www/html/settings.py HTTP/1.1" 200 9304 "-" "Mozilla/5.0 (Windows NT 10.0; Win64; x64) AppleWebKit/537.36 (KHTML, like Gecko) Chrome/91.0.4472.124 Safari/537.36"
154.83.103.109 - - [14/Apr/2025:11:13:25 -0400] "GET /?target=/config/database.yml HTTP/1.1" 200 9293 "-" "Mozilla/5.0 (Windows NT 10.0; Win64; x64) AppleWebKit/537.36 (KHTML, like Gecko) Chrome/91.0.4472.124 Safari/537.36"
154.83.103.109 - - [14/Apr/2025:11:13:29 -0400] "GET /?target=/var/www/html/config.php HTTP/1.1" 200 9306 "-" "Mozilla/5.0 (Windows NT 10.0; Win64; x64) AppleWebKit/537.36 (KHTML, like Gecko) Chrome/91.0.4472.124 Safari/537.36"
154.83.103.109 - - [14/Apr/2025:11:13:40 -0400] "GET /?target=/var/www/html/.htaccess HTTP/1.1" 403 1242 "-" "Mozilla/5.0 (Windows NT 10.0; Win64; x64) AppleWebKit/537.36 (KHTML, like Gecko) Chrome/91.0.4472.124 Safari/537.36"
154.83.103.109 - - [14/Apr/2025:11:13:52 -0400] "GET /?target=http://169.254.169.254/latest/meta-data/ HTTP/1.1" 200 9318 "-" "Mozilla/5.0 (Windows NT 10.0; Win64; x64) AppleWebKit/537.36 (KHTML, like Gecko) Chrome/91.0.4472.124 Safari/537.36"
154.83.103.109 - - [14/Apr/2025:11:14:11 -0400] "GET /?target=http://169.254.169.254/latest/meta-data/iam/security-credentials/ HTTP/1.1" 200 9332 "-" "Mozilla/5.0 (Windows NT 10.0; Win64; x64) AppleWebKit/537.36 (KHTML, like Gecko) Chrome/91.0.4472.124 Safari/537.36"
198.54.114.83 - - [14/Apr/2025:11:14:33 -0400] "POST /wp-cron.php?doing_wp_cron=1744643672.3955678939819335937500 HTTP/1.1" 200 0 "-" "WordPress/6.7.1; https://garantishell.com"
154.83.103.109 - - [14/Apr/2025:11:14:31 -0400] "GET /?target=http://169.254.169.254/latest/meta-data/iam/security-credentials/admin-role HTTP/1.1" 200 9339 "-" "Mozilla/5.0 (Windows NT 10.0; Win64; x64) AppleWebKit/537.36 (KHTML, like Gecko) Chrome/91.0.4472.124 Safari/537.36"
198.54.114.83 - - [14/Apr/2025:11:14:35 -0400] "POST /wp-admin/admin-ajax.php?action=async_litespeed&nonce=9etSaBmH0JVSRhwJ3M0b81s0mu0avkCq&litespeed_type=imgoptm HTTP/1.1" 200 0 "-" "WordPress/6.7.1; https://garantishell.com"
154.83.103.109 - - [14/Apr/2025:11:14:37 -0400] "GET /?target=http://169.254.169.254/latest/user-data HTTP/1.1" 200 9315 "-" "Mozilla/5.0 (Windows NT 10.0; Win64; x64) AppleWebKit/537.36 (KHTML, like Gecko) Chrome/91.0.4472.124 Safari/537.36"
154.83.103.109 - - [14/Apr/2025:11:14:41 -0400] "GET /?target=file:///var/www/html/.env HTTP/1.1" 403 1242 "-" "Mozilla/5.0 (Windows NT 10.0; Win64; x64) AppleWebKit/537.36 (KHTML, like Gecko) Chrome/91.0.4472.124 Safari/537.36"
154.83.103.109 - - [14/Apr/2025:11:14:43 -0400] "GET /?target=file:///var/www/html/config.json HTTP/1.1" 200 9314 "-" "Mozilla/5.0 (Windows NT 10.0; Win64; x64) AppleWebKit/537.36 (KHTML, like Gecko) Chrome/91.0.4472.124 Safari/537.36"
154.83.103.109 - - [14/Apr/2025:11:14:45 -0400] "GET /?target=file:///var/www/html/settings.json HTTP/1.1" 200 9312 "-" "Mozilla/5.0 (Windows NT 10.0; Win64; x64) AppleWebKit/537.36 (KHTML, like Gecko) Chrome/91.0.4472.124 Safari/537.36"
154.83.103.109 - - [14/Apr/2025:11:14:49 -0400] "GET /?target=file:///var/www/html/.htaccess HTTP/1.1" 403 1242 "-" "Mozilla/5.0 (Windows NT 10.0; Win64; x64) AppleWebKit/537.36 (KHTML, like Gecko) Chrome/91.0.4472.124 Safari/537.36"
154.83.103.109 - - [14/Apr/2025:11:14:51 -0400] "GET /?dest=/etc/environment HTTP/1.1" 403 1242 "-" "Mozilla/5.0 (Windows NT 10.0; Win64; x64) AppleWebKit/537.36 (KHTML, like Gecko) Chrome/91.0.4472.124 Safari/537.36"
154.83.103.109 - - [14/Apr/2025:11:14:54 -0400] "GET /?dest=/var/www/html/.env HTTP/1.1" 403 1242 "-" "Mozilla/5.0 (Windows NT 10.0; Win64; x64) AppleWebKit/537.36 (KHTML, like Gecko) Chrome/91.0.4472.124 Safari/537.36"
154.83.103.109 - - [14/Apr/2025:11:14:57 -0400] "GET /?dest=/var/www/.env HTTP/1.1" 403 1242 "-" "Mozilla/5.0 (Windows NT 10.0; Win64; x64) AppleWebKit/537.36 (KHTML, like Gecko) Chrome/91.0.4472.124 Safari/537.36"
154.83.103.109 - - [14/Apr/2025:11:15:00 -0400] "GET /?dest=/www/.env HTTP/1.1" 403 1242 "-" "Mozilla/5.0 (Windows NT 10.0; Win64; x64) AppleWebKit/537.36 (KHTML, like Gecko) Chrome/91.0.4472.124 Safari/537.36"
154.83.103.109 - - [14/Apr/2025:11:15:04 -0400] "GET /?dest=/app/.env HTTP/1.1" 403 1242 "-" "Mozilla/5.0 (Windows NT 10.0; Win64; x64) AppleWebKit/537.36 (KHTML, like Gecko) Chrome/91.0.4472.124 Safari/537.36"
5.255.231.63 - - [14/Apr/2025:11:15:05 -0400] "GET /robots.txt HTTP/1.1" 200 97 "-" "Mozilla/5.0 (compatible; YandexBot/3.0; +http://yandex.com/bots)"
154.83.103.109 - - [14/Apr/2025:11:15:07 -0400] "GET /?dest=/config/.env HTTP/1.1" 403 1242 "-" "Mozilla/5.0 (Windows NT 10.0; Win64; x64) AppleWebKit/537.36 (KHTML, like Gecko) Chrome/91.0.4472.124 Safari/537.36"
213.180.203.211 - - [14/Apr/2025:11:15:08 -0400] "GET /les-meilleurs-spectacles-a-paris-en-2025/ HTTP/1.1" 200 11069 "-" "Mozilla/5.0 (compatible; YandexBot/3.0; +http://yandex.com/bots)"
154.83.103.109 - - [14/Apr/2025:11:15:17 -0400] "GET /?dest=/home/user/.env HTTP/1.1" 403 1242 "-" "Mozilla/5.0 (Windows NT 10.0; Win64; x64) AppleWebKit/537.36 (KHTML, like Gecko) Chrome/91.0.4472.124 Safari/537.36"
198.54.114.83 - - [14/Apr/2025:11:15:21 -0400] "POST /wp-cron.php?doing_wp_cron=1744643720.1931049823760986328125 HTTP/1.1" 200 0 "-" "WordPress/6.7.1; https://garantishell.com"
154.83.103.109 - - [14/Apr/2025:11:15:19 -0400] "GET /?dest=/var/www/html/config.json HTTP/1.1" 200 9310 "-" "Mozilla/5.0 (Windows NT 10.0; Win64; x64) AppleWebKit/537.36 (KHTML, like Gecko) Chrome/91.0.4472.124 Safari/537.36"
154.83.103.109 - - [14/Apr/2025:11:15:23 -0400] "GET /?dest=/var/www/config.json HTTP/1.1" 200 9298 "-" "Mozilla/5.0 (Windows NT 10.0; Win64; x64) AppleWebKit/537.36 (KHTML, like Gecko) Chrome/91.0.4472.124 Safari/537.36"
154.83.103.109 - - [14/Apr/2025:11:15:26 -0400] "GET /?dest=/var/www/html/config.yaml HTTP/1.1" 200 9310 "-" "Mozilla/5.0 (Windows NT 10.0; Win64; x64) AppleWebKit/537.36 (KHTML, like Gecko) Chrome/91.0.4472.124 Safari/537.36"
154.83.103.109 - - [14/Apr/2025:11:15:29 -0400] "GET /?dest=/var/www/html/config.yml HTTP/1.1" 200 9308 "-" "Mozilla/5.0 (Windows NT 10.0; Win64; x64) AppleWebKit/537.36 (KHTML, like Gecko) Chrome/91.0.4472.124 Safari/537.36"
154.83.103.109 - - [14/Apr/2025:11:15:32 -0400] "GET /?dest=/var/www/html/config.php HTTP/1.1" 200 9310 "-" "Mozilla/5.0 (Windows NT 10.0; Win64; x64) AppleWebKit/537.36 (KHTML, like Gecko) Chrome/91.0.4472.124 Safari/537.36"
154.83.103.109 - - [14/Apr/2025:11:15:35 -0400] "GET /?dest=/var/www/html/settings.json HTTP/1.1" 200 9305 "-" "Mozilla/5.0 (Windows NT 10.0; Win64; x64) AppleWebKit/537.36 (KHTML, like Gecko) Chrome/91.0.4472.124 Safari/537.36"
154.83.103.109 - - [14/Apr/2025:11:15:38 -0400] "GET /?dest=/var/www/html/settings.php HTTP/1.1" 200 9306 "-" "Mozilla/5.0 (Windows NT 10.0; Win64; x64) AppleWebKit/537.36 (KHTML, like Gecko) Chrome/91.0.4472.124 Safari/537.36"
154.83.103.109 - - [14/Apr/2025:11:15:41 -0400] "GET /?dest=/var/www/html/config.js HTTP/1.1" 200 9304 "-" "Mozilla/5.0 (Windows NT 10.0; Win64; x64) AppleWebKit/537.36 (KHTML, like Gecko) Chrome/91.0.4472.124 Safari/537.36"
154.83.103.109 - - [14/Apr/2025:11:15:43 -0400] "GET /?dest=/var/www/html/settings.py HTTP/1.1" 200 9307 "-" "Mozilla/5.0 (Windows NT 10.0; Win64; x64) AppleWebKit/537.36 (KHTML, like Gecko) Chrome/91.0.4472.124 Safari/537.36"
154.83.103.109 - - [14/Apr/2025:11:15:45 -0400] "GET /?dest=/config/database.yml HTTP/1.1" 200 9294 "-" "Mozilla/5.0 (Windows NT 10.0; Win64; x64) AppleWebKit/537.36 (KHTML, like Gecko) Chrome/91.0.4472.124 Safari/537.36"
154.83.103.109 - - [14/Apr/2025:11:15:54 -0400] "GET /?dest=/var/www/html/config.php HTTP/1.1" 200 9310 "-" "Mozilla/5.0 (Windows NT 10.0; Win64; x64) AppleWebKit/537.36 (KHTML, like Gecko) Chrome/91.0.4472.124 Safari/537.36"
154.83.103.109 - - [14/Apr/2025:11:15:56 -0400] "GET /?dest=/var/www/html/.htaccess HTTP/1.1" 403 1242 "-" "Mozilla/5.0 (Windows NT 10.0; Win64; x64) AppleWebKit/537.36 (KHTML, like Gecko) Chrome/91.0.4472.124 Safari/537.36"
154.83.103.109 - - [14/Apr/2025:11:16:12 -0400] "GET /?dest=http://169.254.169.254/latest/meta-data/ HTTP/1.1" 200 9314 "-" "Mozilla/5.0 (Windows NT 10.0; Win64; x64) AppleWebKit/537.36 (KHTML, like Gecko) Chrome/91.0.4472.124 Safari/537.36"
154.83.103.109 - - [14/Apr/2025:11:16:14 -0400] "GET /?dest=http://169.254.169.254/latest/meta-data/iam/security-credentials/ HTTP/1.1" 200 9326 "-" "Mozilla/5.0 (Windows NT 10.0; Win64; x64) AppleWebKit/537.36 (KHTML, like Gecko) Chrome/91.0.4472.124 Safari/537.36"
154.83.103.109 - - [14/Apr/2025:11:16:19 -0400] "GET /?dest=http://169.254.169.254/latest/meta-data/iam/security-credentials/admin-role HTTP/1.1" 200 9329 "-" "Mozilla/5.0 (Windows NT 10.0; Win64; x64) AppleWebKit/537.36 (KHTML, like Gecko) Chrome/91.0.4472.124 Safari/537.36"
198.54.114.83 - - [14/Apr/2025:11:16:23 -0400] "POST /wp-cron.php?doing_wp_cron=1744643782.9621269702911376953125 HTTP/1.1" 200 0 "-" "WordPress/6.7.1; https://garantishell.com"
154.83.103.109 - - [14/Apr/2025:11:16:22 -0400] "GET /?dest=http://169.254.169.254/latest/user-data HTTP/1.1" 200 9305 "-" "Mozilla/5.0 (Windows NT 10.0; Win64; x64) AppleWebKit/537.36 (KHTML, like Gecko) Chrome/91.0.4472.124 Safari/537.36"
198.54.114.83 - - [14/Apr/2025:11:16:24 -0400] "POST /wp-admin/admin-ajax.php?action=async_litespeed&nonce=T8Rzgjqa6BeFVIBf1dyVJR173mC53EZn&litespeed_type=imgoptm HTTP/1.1" 200 0 "-" "WordPress/6.7.1; https://garantishell.com"
154.83.103.109 - - [14/Apr/2025:11:16:27 -0400] "GET /?dest=file:///var/www/html/.env HTTP/1.1" 403 1242 "-" "Mozilla/5.0 (Windows NT 10.0; Win64; x64) AppleWebKit/537.36 (KHTML, like Gecko) Chrome/91.0.4472.124 Safari/537.36"
154.83.103.109 - - [14/Apr/2025:11:16:29 -0400] "GET /?dest=file:///var/www/html/config.json HTTP/1.1" 200 9313 "-" "Mozilla/5.0 (Windows NT 10.0; Win64; x64) AppleWebKit/537.36 (KHTML, like Gecko) Chrome/91.0.4472.124 Safari/537.36"
112.92.74.179 - - [14/Apr/2025:11:16:36 -0400] "GET /why-professional-home-inspection-services-are-essential/ HTTP/1.1" 200 10434 "https://garantishell.com" "Mozilla/5.0 (Windows NT 10.0; Win64; x64) AppleWebKit/537.36 (KHTML, like Gecko) Chrome/62.0.3202.94 Safari/537.36"
154.83.103.109 - - [14/Apr/2025:11:16:42 -0400] "GET /?dest=file:///var/www/html/settings.json HTTP/1.1" 200 9314 "-" "Mozilla/5.0 (Windows NT 10.0; Win64; x64) AppleWebKit/537.36 (KHTML, like Gecko) Chrome/91.0.4472.124 Safari/537.36"
154.83.103.109 - - [14/Apr/2025:11:16:46 -0400] "GET /?dest=file:///var/www/html/.htaccess HTTP/1.1" 403 1242 "-" "Mozilla/5.0 (Windows NT 10.0; Win64; x64) AppleWebKit/537.36 (KHTML, like Gecko) Chrome/91.0.4472.124 Safari/537.36"
154.83.103.109 - - [14/Apr/2025:11:16:47 -0400] "GET /?redirect=/etc/environment HTTP/1.1" 403 1242 "-" "Mozilla/5.0 (Windows NT 10.0; Win64; x64) AppleWebKit/537.36 (KHTML, like Gecko) Chrome/91.0.4472.124 Safari/537.36"
154.83.103.109 - - [14/Apr/2025:11:16:50 -0400] "GET /?redirect=/var/www/html/.env HTTP/1.1" 403 1242 "-" "Mozilla/5.0 (Windows NT 10.0; Win64; x64) AppleWebKit/537.36 (KHTML, like Gecko) Chrome/91.0.4472.124 Safari/537.36"
154.83.103.109 - - [14/Apr/2025:11:16:52 -0400] "GET /?redirect=/var/www/.env HTTP/1.1" 403 1242 "-" "Mozilla/5.0 (Windows NT 10.0; Win64; x64) AppleWebKit/537.36 (KHTML, like Gecko) Chrome/91.0.4472.124 Safari/537.36"
154.83.103.109 - - [14/Apr/2025:11:16:54 -0400] "GET /?redirect=/www/.env HTTP/1.1" 403 1242 "-" "Mozilla/5.0 (Windows NT 10.0; Win64; x64) AppleWebKit/537.36 (KHTML, like Gecko) Chrome/91.0.4472.124 Safari/537.36"
154.83.103.109 - - [14/Apr/2025:11:16:55 -0400] "GET /?redirect=/app/.env HTTP/1.1" 403 1242 "-" "Mozilla/5.0 (Windows NT 10.0; Win64; x64) AppleWebKit/537.36 (KHTML, like Gecko) Chrome/91.0.4472.124 Safari/537.36"
154.83.103.109 - - [14/Apr/2025:11:16:57 -0400] "GET /?redirect=/config/.env HTTP/1.1" 403 1242 "-" "Mozilla/5.0 (Windows NT 10.0; Win64; x64) AppleWebKit/537.36 (KHTML, like Gecko) Chrome/91.0.4472.124 Safari/537.36"
154.83.103.109 - - [14/Apr/2025:11:16:58 -0400] "GET /?redirect=/home/user/.env HTTP/1.1" 403 1242 "-" "Mozilla/5.0 (Windows NT 10.0; Win64; x64) AppleWebKit/537.36 (KHTML, like Gecko) Chrome/91.0.4472.124 Safari/537.36"
154.83.103.109 - - [14/Apr/2025:11:17:12 -0400] "GET /?redirect=/var/www/html/config.json HTTP/1.1" 200 9310 "-" "Mozilla/5.0 (Windows NT 10.0; Win64; x64) AppleWebKit/537.36 (KHTML, like Gecko) Chrome/91.0.4472.124 Safari/537.36"
154.83.103.109 - - [14/Apr/2025:11:17:14 -0400] "GET /?redirect=/var/www/config.json HTTP/1.1" 200 9303 "-" "Mozilla/5.0 (Windows NT 10.0; Win64; x64) AppleWebKit/537.36 (KHTML, like Gecko) Chrome/91.0.4472.124 Safari/537.36"
154.83.103.109 - - [14/Apr/2025:11:17:16 -0400] "GET /?redirect=/var/www/html/config.yaml HTTP/1.1" 200 9310 "-" "Mozilla/5.0 (Windows NT 10.0; Win64; x64) AppleWebKit/537.36 (KHTML, like Gecko) Chrome/91.0.4472.124 Safari/537.36"
198.54.114.83 - - [14/Apr/2025:11:17:31 -0400] "POST /wp-cron.php?doing_wp_cron=1744643850.1571929454803466796875 HTTP/1.1" 200 0 "-" "WordPress/6.7.1; https://garantishell.com"
154.83.103.109 - - [14/Apr/2025:11:17:29 -0400] "GET /?redirect=/var/www/html/config.yml HTTP/1.1" 200 9312 "-" "Mozilla/5.0 (Windows NT 10.0; Win64; x64) AppleWebKit/537.36 (KHTML, like Gecko) Chrome/91.0.4472.124 Safari/537.36"
154.83.103.109 - - [14/Apr/2025:11:17:35 -0400] "GET /?redirect=/var/www/html/config.php HTTP/1.1" 200 9313 "-" "Mozilla/5.0 (Windows NT 10.0; Win64; x64) AppleWebKit/537.36 (KHTML, like Gecko) Chrome/91.0.4472.124 Safari/537.36"
154.83.103.109 - - [14/Apr/2025:11:17:38 -0400] "GET /?redirect=/var/www/html/settings.json HTTP/1.1" 200 9311 "-" "Mozilla/5.0 (Windows NT 10.0; Win64; x64) AppleWebKit/537.36 (KHTML, like Gecko) Chrome/91.0.4472.124 Safari/537.36"
154.83.103.109 - - [14/Apr/2025:11:17:39 -0400] "GET /?redirect=/var/www/html/settings.php HTTP/1.1" 200 9312 "-" "Mozilla/5.0 (Windows NT 10.0; Win64; x64) AppleWebKit/537.36 (KHTML, like Gecko) Chrome/91.0.4472.124 Safari/537.36"
154.83.103.109 - - [14/Apr/2025:11:17:42 -0400] "GET /?redirect=/var/www/html/config.js HTTP/1.1" 200 9307 "-" "Mozilla/5.0 (Windows NT 10.0; Win64; x64) AppleWebKit/537.36 (KHTML, like Gecko) Chrome/91.0.4472.124 Safari/537.36"
154.83.103.109 - - [14/Apr/2025:11:17:44 -0400] "GET /?redirect=/var/www/html/settings.py HTTP/1.1" 200 9308 "-" "Mozilla/5.0 (Windows NT 10.0; Win64; x64) AppleWebKit/537.36 (KHTML, like Gecko) Chrome/91.0.4472.124 Safari/537.36"
154.83.103.109 - - [14/Apr/2025:11:17:56 -0400] "GET /?redirect=/config/database.yml HTTP/1.1" 200 9300 "-" "Mozilla/5.0 (Windows NT 10.0; Win64; x64) AppleWebKit/537.36 (KHTML, like Gecko) Chrome/91.0.4472.124 Safari/537.36"
51.222.253.20 - - [14/Apr/2025:11:18:01 -0400] "GET /author/admin/page/83/ HTTP/1.1" 200 9690 "-" "Mozilla/5.0 (compatible; AhrefsBot/7.0; +http://ahrefs.com/robot/)"
154.83.103.109 - - [14/Apr/2025:11:18:17 -0400] "GET /?redirect=/var/www/html/config.php HTTP/1.1" 200 9313 "-" "Mozilla/5.0 (Windows NT 10.0; Win64; x64) AppleWebKit/537.36 (KHTML, like Gecko) Chrome/91.0.4472.124 Safari/537.36"
154.83.103.109 - - [14/Apr/2025:11:18:18 -0400] "GET /?redirect=/var/www/html/.htaccess HTTP/1.1" 403 1242 "-" "Mozilla/5.0 (Windows NT 10.0; Win64; x64) AppleWebKit/537.36 (KHTML, like Gecko) Chrome/91.0.4472.124 Safari/537.36"
154.83.103.109 - - [14/Apr/2025:11:18:20 -0400] "GET /?redirect=http://169.254.169.254/latest/meta-data/ HTTP/1.1" 200 9307 "-" "Mozilla/5.0 (Windows NT 10.0; Win64; x64) AppleWebKit/537.36 (KHTML, like Gecko) Chrome/91.0.4472.124 Safari/537.36"
154.83.103.109 - - [14/Apr/2025:11:18:23 -0400] "GET /?redirect=http://169.254.169.254/latest/meta-data/iam/security-credentials/ HTTP/1.1" 200 9327 "-" "Mozilla/5.0 (Windows NT 10.0; Win64; x64) AppleWebKit/537.36 (KHTML, like Gecko) Chrome/91.0.4472.124 Safari/537.36"
154.83.103.109 - - [14/Apr/2025:11:18:25 -0400] "GET /?redirect=http://169.254.169.254/latest/meta-data/iam/security-credentials/admin-role HTTP/1.1" 200 9334 "-" "Mozilla/5.0 (Windows NT 10.0; Win64; x64) AppleWebKit/537.36 (KHTML, like Gecko) Chrome/91.0.4472.124 Safari/537.36"
154.83.103.109 - - [14/Apr/2025:11:18:28 -0400] "GET /?redirect=http://169.254.169.254/latest/user-data HTTP/1.1" 200 9308 "-" "Mozilla/5.0 (Windows NT 10.0; Win64; x64) AppleWebKit/537.36 (KHTML, like Gecko) Chrome/91.0.4472.124 Safari/537.36"
