198.44.191.178 - - [15/Apr/2025:00:58:38 -0400] "GET /wp-admin/css/ HTTP/1.1" 403 1242 "binance.com" "Mozilla/5.0 (Windows NT 10.0; Win64; x64) AppleWebKit/537.36 (KHTML, like Gecko) Chrome/90.0.4430.85 Safari/537.36"
198.54.114.83 - - [15/Apr/2025:00:59:25 -0400] "POST /wp-cron.php?doing_wp_cron=1744693164.3062739372253417968750 HTTP/1.1" 200 0 "-" "WordPress/6.7.1; https://garantishell.com"
162.0.209.35 - - [15/Apr/2025:00:59:23 -0400] "POST /xmlrpc.php HTTP/1.1" 200 186 "https://garantishell.com" "Mozilla/5.0 (Windows NT 11.0; Win64; x64) AppleWebKit/537.36 (KHTML, like Gecko) Chrome/126.0.0.0 Safari/537.36"
46.250.161.214 - - [15/Apr/2025:01:01:53 -0400] "GET /the-role-of-ai-agents-in-modern-technology/ HTTP/1.1" 200 10929 "https://garantishell.com/the-role-of-ai-agents-in-modern-technology/#respond" "Mozilla/5.0 (Windows NT 10.0; Win64; x64) AppleWebKit/537.36 (KHTML, like Gecko) Chrome/101.0.4951.64 Safari/537.36 Edg/101.0.1210.47"
198.54.114.83 - - [15/Apr/2025:01:02:12 -0400] "POST /wp-cron.php?doing_wp_cron=1744693330.7115681171417236328125 HTTP/1.1" 200 0 "-" "WordPress/6.7.1; https://garantishell.com"
51.222.253.4 - - [15/Apr/2025:01:02:05 -0400] "GET /2024/03/page/5/ HTTP/1.1" 200 8544 "-" "Mozilla/5.0 (compatible; AhrefsBot/7.0; +http://ahrefs.com/robot/)"
51.222.253.11 - - [15/Apr/2025:01:05:43 -0400] "GET /category/arts-entertainments/page/25/ HTTP/1.1" 200 9623 "-" "Mozilla/5.0 (compatible; AhrefsBot/7.0; +http://ahrefs.com/robot/)"
2a03:b0c0:3:f0::6afb:f000 - - [15/Apr/2025:01:07:19 -0400] "POST /xmlrpc.php HTTP/1.1" 200 0 "https://garantishell.com" "Mozilla/5.0 (Windows NT 11.0; Win64; x64; rv:126.0) Gecko/20100101 Firefox/126.0"
198.54.114.83 - - [15/Apr/2025:01:07:28 -0400] "POST /wp-cron.php?doing_wp_cron=1744693647.4233849048614501953125 HTTP/1.1" 200 0 "-" "WordPress/6.7.1; https://garantishell.com"
198.54.114.83 - - [15/Apr/2025:01:07:32 -0400] "POST /wp-admin/admin-ajax.php?action=async_litespeed&nonce=wAkLrS0DSSehaT4AU4vPiddcCe5C7MuT&litespeed_type=imgoptm HTTP/1.1" 200 0 "-" "WordPress/6.7.1; https://garantishell.com"
103.11.103.186 - - [15/Apr/2025:01:09:12 -0400] "GET /wp-login.php HTTP/1.1" 200 1736 "-" "GRequests/0.10"
198.54.114.83 - - [15/Apr/2025:01:09:17 -0400] "POST /wp-cron.php?doing_wp_cron=1744693756.2671630382537841796875 HTTP/1.1" 200 0 "-" "WordPress/6.7.1; https://garantishell.com"
103.11.103.186 - - [15/Apr/2025:01:09:14 -0400] "POST /wp-login.php HTTP/1.1" 200 1869 "-" "GRequests/0.10"
51.222.253.14 - - [15/Apr/2025:01:09:47 -0400] "GET /the-art-and-ethics-of-high-quality-nude-photography/ HTTP/1.1" 200 10258 "-" "Mozilla/5.0 (compatible; AhrefsBot/7.0; +http://ahrefs.com/robot/)"
165.227.84.75 - - [15/Apr/2025:01:10:49 -0400] "GET /wp-login.php HTTP/1.1" 200 1736 "-" "GRequests/0.10"
198.54.114.83 - - [15/Apr/2025:01:10:53 -0400] "POST /wp-cron.php?doing_wp_cron=1744693852.6471729278564453125000 HTTP/1.1" 200 0 "-" "WordPress/6.7.1; https://garantishell.com"
165.227.84.75 - - [15/Apr/2025:01:10:50 -0400] "POST /wp-login.php HTTP/1.1" 200 1870 "-" "GRequests/0.10"
198.54.114.83 - - [15/Apr/2025:01:10:55 -0400] "POST /wp-admin/admin-ajax.php?action=async_litespeed&nonce=h8HQLrssh7qVwZnJ1tl72Fi5EVaosDQ2&litespeed_type=imgoptm HTTP/1.1" 200 0 "-" "WordPress/6.7.1; https://garantishell.com"
216.244.66.241 - - [15/Apr/2025:01:11:24 -0400] "GET /robots.txt HTTP/1.1" 304 0 "-" "Mozilla/5.0 (compatible; DotBot/1.2; +https://opensiteexplorer.org/dotbot; help@moz.com)"
51.222.253.16 - - [15/Apr/2025:01:13:56 -0400] "GET /die-beste-wahl-fur-scheidungsanwalte-in-hattingen/ HTTP/1.1" 200 10564 "-" "Mozilla/5.0 (compatible; AhrefsBot/7.0; +http://ahrefs.com/robot/)"
109.123.236.97 - - [15/Apr/2025:01:14:12 -0400] "GET /wp-login.php HTTP/1.1" 200 1736 "-" "GRequests/0.10"
198.54.114.83 - - [15/Apr/2025:01:14:17 -0400] "POST /wp-cron.php?doing_wp_cron=1744694057.5956819057464599609375 HTTP/1.1" 200 0 "-" "WordPress/6.7.1; https://garantishell.com"
109.123.236.97 - - [15/Apr/2025:01:14:12 -0400] "POST /wp-login.php HTTP/1.1" 200 1867 "-" "GRequests/0.10"
198.54.114.83 - - [15/Apr/2025:01:14:18 -0400] "POST /wp-admin/admin-ajax.php?action=async_litespeed&nonce=mWT3eeWXrg3M3wD8ZLRjxyUb9JJ8cff9&litespeed_type=imgoptm HTTP/1.1" 200 0 "-" "WordPress/6.7.1; https://garantishell.com"
199.188.206.2 - - [15/Apr/2025:01:15:16 -0400] "POST /xmlrpc.php HTTP/1.1" 200 186 "https://garantishell.com" "Mozilla/5.0 (Macintosh; Intel Mac OS X 10.15; rv:126.0) Gecko/20100101 Firefox/126.0"
198.54.114.83 - - [15/Apr/2025:01:15:20 -0400] "POST /wp-cron.php?doing_wp_cron=1744694117.6597809791564941406250 HTTP/1.1" 200 0 "-" "WordPress/6.7.1; https://garantishell.com"
101.44.24.136 - - [15/Apr/2025:01:15:50 -0400] "GET /lart-du-dessin-une-expression-creative-infinie/ HTTP/1.1" 200 10716 "https://garantishell.com/lart-du-dessin-une-expression-creative-infinie/#primary" "Mozilla/5.0 (Macintosh; Intel Mac OS X 10_15_7) AppleWebKit/537.36 (KHTML, like Gecko) Chrome/123.0.0.0 Safari/537.36"
51.222.253.9 - - [15/Apr/2025:01:17:46 -0400] "GET /premium-limousine-service-for-every-occasion/ HTTP/1.1" 200 10534 "-" "Mozilla/5.0 (compatible; AhrefsBot/7.0; +http://ahrefs.com/robot/)"
198.54.114.83 - - [15/Apr/2025:01:21:51 -0400] "POST /wp-cron.php?doing_wp_cron=1744694511.2455890178680419921875 HTTP/1.1" 200 0 "-" "WordPress/6.7.1; https://garantishell.com"
198.54.114.83 - - [15/Apr/2025:01:21:53 -0400] "POST /wp-admin/admin-ajax.php?action=async_litespeed&nonce=7NRLVQZCi8Q9IqxmwepOIR3oKeZ99tPE&litespeed_type=imgoptm HTTP/1.1" 200 0 "-" "WordPress/6.7.1; https://garantishell.com"
51.222.253.20 - - [15/Apr/2025:01:21:47 -0400] "GET /un-viaggio-fantastico/ HTTP/1.1" 200 10207 "-" "Mozilla/5.0 (compatible; AhrefsBot/7.0; +http://ahrefs.com/robot/)"
198.54.114.83 - - [15/Apr/2025:01:23:19 -0400] "POST /wp-cron.php?doing_wp_cron=1744694598.2260980606079101562500 HTTP/1.1" 200 0 "-" "WordPress/6.7.1; https://garantishell.com"
82.156.199.117 - - [15/Apr/2025:01:23:15 -0400] "POST /xmlrpc.php HTTP/1.1" 200 186 "https://garantishell.com" "Mozilla/5.0 (Windows NT 10.0; Win64; x64) AppleWebKit/537.36 (KHTML, like Gecko) Chrome/113.0.5672.126 Safari/537.36 Edg/113.0.1774.50"
198.54.114.83 - - [15/Apr/2025:01:23:20 -0400] "POST /wp-admin/admin-ajax.php?action=async_litespeed&nonce=mRxVqmGUUwvBll1l1YGoqJnhk1x2M2ji&litespeed_type=imgoptm HTTP/1.1" 200 0 "-" "WordPress/6.7.1; https://garantishell.com"
198.54.114.83 - - [15/Apr/2025:01:26:25 -0400] "POST /wp-cron.php?doing_wp_cron=1744694784.0010650157928466796875 HTTP/1.1" 200 0 "-" "WordPress/6.7.1; https://garantishell.com"
51.222.253.5 - - [15/Apr/2025:01:26:19 -0400] "GET /finding-affordable-concrete-contractors-in-northern-colorado/ HTTP/1.1" 200 10361 "-" "Mozilla/5.0 (compatible; AhrefsBot/7.0; +http://ahrefs.com/robot/)"
198.54.114.83 - - [15/Apr/2025:01:29:54 -0400] "POST /wp-cron.php?doing_wp_cron=1744694993.4343869686126708984375 HTTP/1.1" 200 0 "-" "WordPress/6.7.1; https://garantishell.com"
46.250.161.58 - - [15/Apr/2025:01:29:50 -0400] "GET /professionelle-unterstutzung-bei-der-wohnungsauflosung/ HTTP/1.1" 200 10390 "https://garantishell.com/professionelle-unterstutzung-bei-der-wohnungsauflosung/" "Mozilla/5.0 (Macintosh; Intel Mac OS X 10_15_7) AppleWebKit/537.36 (KHTML, like Gecko) Chrome/120.0.0.0 Safari/537.36"
198.54.114.83 - - [15/Apr/2025:01:29:56 -0400] "POST /wp-admin/admin-ajax.php?action=async_litespeed&nonce=AeviZYDzBaxREnwdVCNJWpx2kaXSEOFR&litespeed_type=imgoptm HTTP/1.1" 200 0 "-" "WordPress/6.7.1; https://garantishell.com"
198.54.114.83 - - [15/Apr/2025:01:30:20 -0400] "POST /wp-cron.php?doing_wp_cron=1744695019.5919089317321777343750 HTTP/1.1" 200 0 "-" "WordPress/6.7.1; https://garantishell.com"
51.222.253.1 - - [15/Apr/2025:01:30:19 -0400] "GET /turkische-psychologen-in-der-nahe-2/ HTTP/1.1" 200 10998 "-" "Mozilla/5.0 (compatible; AhrefsBot/7.0; +http://ahrefs.com/robot/)"
198.54.114.83 - - [15/Apr/2025:01:30:22 -0400] "POST /wp-admin/admin-ajax.php?action=async_litespeed&nonce=kQUDYh2UR5NKZBX3N3e5R0AvSjvoirPE&litespeed_type=imgoptm HTTP/1.1" 200 0 "-" "WordPress/6.7.1; https://garantishell.com"
51.222.110.187 - - [15/Apr/2025:01:31:09 -0400] "POST /xmlrpc.php HTTP/1.1" 200 186 "https://garantishell.com" "Mozilla/5.0 (Windows NT 10.0; Win64; x64) AppleWebKit/537.36 (KHTML, like Gecko) Chrome/116.0.5845.96 Safari/537.36"
103.176.179.125 - - [15/Apr/2025:01:31:54 -0400] "GET /wp-login.php HTTP/1.1" 200 1736 "-" "GRequests/0.10"
103.176.179.125 - - [15/Apr/2025:01:31:56 -0400] "POST /wp-login.php HTTP/1.1" 200 1877 "-" "GRequests/0.10"
198.54.114.83 - - [15/Apr/2025:01:31:59 -0400] "POST /wp-cron.php?doing_wp_cron=1744695117.4031150341033935546875 HTTP/1.1" 200 0 "-" "WordPress/6.7.1; https://garantishell.com"
196.251.89.173 - - [15/Apr/2025:01:32:20 -0400] "GET / HTTP/1.1" 200 9272 "-" "Mozilla/5.0 (Windows NT 10.0; Win64; x64) AppleWebKit/537.36 (KHTML, like Gecko) Chrome/89.0.4389.114 Safari/537.36"
196.251.89.173 - - [15/Apr/2025:01:32:24 -0400] "GET //wp-includes/wlwmanifest.xml HTTP/1.1" 301 0 "-" "Mozilla/5.0 (Windows NT 10.0; Win64; x64) AppleWebKit/537.36 (KHTML, like Gecko) Chrome/89.0.4389.114 Safari/537.36"
196.251.89.173 - - [15/Apr/2025:01:32:28 -0400] "GET //xmlrpc.php?rsd HTTP/1.1" 200 294 "-" "Mozilla/5.0 (Windows NT 10.0; Win64; x64) AppleWebKit/537.36 (KHTML, like Gecko) Chrome/89.0.4389.114 Safari/537.36"
196.251.89.173 - - [15/Apr/2025:01:32:29 -0400] "GET //?author=1 HTTP/1.1" 301 0 "-" "Mozilla/5.0 (Windows NT 10.0; Win64; x64) AppleWebKit/537.36 (KHTML, like Gecko) Chrome/89.0.4389.114 Safari/537.36"
196.251.89.173 - - [15/Apr/2025:01:32:31 -0400] "GET //?author=2 HTTP/1.1" 301 0 "-" "Mozilla/5.0 (Windows NT 10.0; Win64; x64) AppleWebKit/537.36 (KHTML, like Gecko) Chrome/89.0.4389.114 Safari/537.36"
196.251.89.173 - - [15/Apr/2025:01:32:32 -0400] "GET //?author=3 HTTP/1.1" 301 0 "-" "Mozilla/5.0 (Windows NT 10.0; Win64; x64) AppleWebKit/537.36 (KHTML, like Gecko) Chrome/89.0.4389.114 Safari/537.36"
196.251.89.173 - - [15/Apr/2025:01:32:35 -0400] "GET //wp-json/wp/v2/users/ HTTP/1.1" 200 1264 "-" "Mozilla/5.0 (Windows NT 10.0; Win64; x64) AppleWebKit/537.36 (KHTML, like Gecko) Chrome/89.0.4389.114 Safari/537.36"
196.251.89.173 - - [15/Apr/2025:01:32:37 -0400] "POST //xmlrpc.php HTTP/1.1" 200 189 "-" "Mozilla/5.0 (Windows NT 10.0; Win64; x64) AppleWebKit/537.36 (KHTML, like Gecko) Chrome/89.0.4389.114 Safari/537.36"
196.251.89.173 - - [15/Apr/2025:01:32:39 -0400] "POST //xmlrpc.php HTTP/1.1" 200 189 "-" "Mozilla/5.0 (Windows NT 10.0; Win64; x64) AppleWebKit/537.36 (KHTML, like Gecko) Chrome/89.0.4389.114 Safari/537.36"
196.251.89.173 - - [15/Apr/2025:01:32:41 -0400] "POST //xmlrpc.php HTTP/1.1" 200 205 "-" "Mozilla/5.0 (Windows NT 10.0; Win64; x64) AppleWebKit/537.36 (KHTML, like Gecko) Chrome/89.0.4389.114 Safari/537.36"
196.251.89.173 - - [15/Apr/2025:01:32:46 -0400] "POST //xmlrpc.php HTTP/1.1" 200 205 "-" "Mozilla/5.0 (Windows NT 10.0; Win64; x64) AppleWebKit/537.36 (KHTML, like Gecko) Chrome/89.0.4389.114 Safari/537.36"
196.251.89.173 - - [15/Apr/2025:01:32:50 -0400] "POST //xmlrpc.php HTTP/1.1" 200 189 "-" "Mozilla/5.0 (Windows NT 10.0; Win64; x64) AppleWebKit/537.36 (KHTML, like Gecko) Chrome/89.0.4389.114 Safari/537.36"
196.251.89.173 - - [15/Apr/2025:01:32:55 -0400] "POST //xmlrpc.php HTTP/1.1" 200 205 "-" "Mozilla/5.0 (Windows NT 10.0; Win64; x64) AppleWebKit/537.36 (KHTML, like Gecko) Chrome/89.0.4389.114 Safari/537.36"
198.54.114.83 - - [15/Apr/2025:01:33:01 -0400] "POST /wp-cron.php?doing_wp_cron=1744695179.8733448982238769531250 HTTP/1.1" 200 0 "-" "WordPress/6.7.1; https://garantishell.com"
216.244.66.241 - - [15/Apr/2025:01:33:08 -0400] "GET /2024/09/page/9/ HTTP/1.1" 200 9559 "-" "Mozilla/5.0 (compatible; DotBot/1.2; +https://opensiteexplorer.org/dotbot; help@moz.com)"
216.244.66.241 - - [15/Apr/2025:01:33:14 -0400] "GET /page/29/?ND HTTP/1.1" 200 9653 "-" "Mozilla/5.0 (compatible; DotBot/1.2; +https://opensiteexplorer.org/dotbot; help@moz.com)"
51.222.253.6 - - [15/Apr/2025:01:34:34 -0400] "GET /discover-your-dream-home-houses-for-sale-in-san-rafael-ca/ HTTP/1.1" 200 10381 "-" "Mozilla/5.0 (compatible; AhrefsBot/7.0; +http://ahrefs.com/robot/)"
198.54.114.83 - - [15/Apr/2025:01:34:38 -0400] "POST /wp-cron.php?doing_wp_cron=1744695274.8912849426269531250000 HTTP/1.1" 200 0 "-" "WordPress/6.7.1; https://garantishell.com"
198.54.114.83 - - [15/Apr/2025:01:38:45 -0400] "POST /wp-cron.php?doing_wp_cron=1744695523.1630079746246337890625 HTTP/1.1" 200 0 "-" "WordPress/6.7.1; https://garantishell.com"
51.222.253.15 - - [15/Apr/2025:01:38:39 -0400] "GET /expert-solutions-for-commercial-concrete-repair-in-fort-collins/ HTTP/1.1" 200 10305 "-" "Mozilla/5.0 (compatible; AhrefsBot/7.0; +http://ahrefs.com/robot/)"
109.123.236.97 - - [15/Apr/2025:01:39:04 -0400] "GET /wp-login.php HTTP/1.1" 200 1736 "-" "GRequests/0.10"
109.123.236.97 - - [15/Apr/2025:01:39:08 -0400] "POST /wp-login.php HTTP/1.1" 200 1867 "-" "GRequests/0.10"
134.122.118.246 - - [15/Apr/2025:01:39:08 -0400] "POST /xmlrpc.php HTTP/1.1" 200 186 "https://garantishell.com" "Mozilla/5.0 (Windows NT 10.0; Win64; x64) AppleWebKit/537.36 (KHTML, like Gecko) Chrome/114.0.5735.134 Safari/537.36"
216.244.66.241 - - [15/Apr/2025:01:39:41 -0400] "GET /2024/09/page/10/ HTTP/1.1" 200 9730 "-" "Mozilla/5.0 (compatible; DotBot/1.2; +https://opensiteexplorer.org/dotbot; help@moz.com)"
114.119.156.227 - - [15/Apr/2025:01:39:43 -0400] "GET /apprendre-a-jouer-de-la-guitare-un-voyage-musical/ HTTP/1.1" 200 10702 "https://garantishell.com/author/admin/" "Mozilla/5.0 (Linux; Android 7.0;) AppleWebKit/537.36 (KHTML, like Gecko) Mobile Safari/537.36 (compatible; PetalBot;+https://webmaster.petalsearch.com/site/petalbot)"
51.222.253.14 - - [15/Apr/2025:01:43:01 -0400] "GET /category/arts-entertainments/page/24/ HTTP/1.1" 200 9526 "-" "Mozilla/5.0 (compatible; AhrefsBot/7.0; +http://ahrefs.com/robot/)"
124.243.184.122 - - [15/Apr/2025:01:43:50 -0400] "GET /versatile-2-in-1-stroller-with-carrycot-for-modern-parents/ HTTP/1.1" 200 10325 "https://garantishell.com/versatile-2-in-1-stroller-with-carrycot-for-modern-parents/" "Mozilla/5.0 (Windows NT 10.0; Win64; x64) AppleWebKit/537.36 (KHTML, like Gecko) Chrome/116.0.0.0 Safari/537.36"
198.54.114.83 - - [15/Apr/2025:01:43:58 -0400] "POST /wp-cron.php?doing_wp_cron=1744695835.2570519447326660156250 HTTP/1.1" 200 0 "-" "WordPress/6.7.1; https://garantishell.com"
198.54.114.83 - - [15/Apr/2025:01:47:10 -0400] "POST /wp-cron.php?doing_wp_cron=1744696029.0332090854644775390625 HTTP/1.1" 200 0 "-" "WordPress/6.7.1; https://garantishell.com"
2a03:b0c0:3:f0::6afb:f000 - - [15/Apr/2025:01:47:04 -0400] "POST /xmlrpc.php HTTP/1.1" 200 186 "https://garantishell.com" "Mozilla/5.0 (Windows NT 10.0; Win64; x64) AppleWebKit/537.36 (KHTML, like Gecko) Chrome/116.0.5845.96 Safari/537.36"
114.119.129.110 - - [15/Apr/2025:01:47:36 -0400] "GET /professionelle-dienstleistungen-fur-ihren-umzug/ HTTP/1.1" 200 10324 "https://garantishell.com/rejuvenate-your-mind-and-body-the-benefits-of-business-trip-massage/" "Mozilla/5.0 (Linux; Android 7.0;) AppleWebKit/537.36 (KHTML, like Gecko) Mobile Safari/537.36 (compatible; PetalBot;+https://webmaster.petalsearch.com/site/petalbot)"
162.243.72.223 - - [15/Apr/2025:01:50:05 -0400] "GET /wp-login.php HTTP/1.1" 200 1736 "-" "GRequests/0.10"
162.243.72.223 - - [15/Apr/2025:01:50:07 -0400] "POST /wp-login.php HTTP/1.1" 200 1869 "-" "GRequests/0.10"
198.54.114.83 - - [15/Apr/2025:01:50:14 -0400] "POST /wp-cron.php?doing_wp_cron=1744696212.3177809715270996093750 HTTP/1.1" 200 0 "-" "WordPress/6.7.1; https://garantishell.com"
51.222.253.5 - - [15/Apr/2025:01:50:16 -0400] "GET /choosing-the-perfect-nipple-shield-a-comprehensive-guide-to-the-best-options/ HTTP/1.1" 200 10851 "-" "Mozilla/5.0 (compatible; AhrefsBot/7.0; +http://ahrefs.com/robot/)"
198.54.114.83 - - [15/Apr/2025:01:53:14 -0400] "POST /wp-cron.php?doing_wp_cron=1744696392.2876429557800292968750 HTTP/1.1" 200 0 "-" "WordPress/6.7.1; https://garantishell.com"
5.252.22.90 - - [15/Apr/2025:01:53:07 -0400] "GET /the-therapeutic-benefits-of-spa-massage-therapy/ HTTP/1.1" 200 10934 "-" "Mozilla/5.0 (Windows NT 10.0; Win64; x64) AppleWebKit/537.36 (KHTML, like Gecko) Chrome/118.0.0.0 Safari/537.36"
34.123.204.51 - - [15/Apr/2025:01:53:36 -0400] "GET / HTTP/1.1" 200 9272 "http://garantishell.com" "Mozilla/5.0 (Windows NT 10.0; Win64; x64) AppleWebKit/537.36 (KHTML, like Gecko) Chrome/91.0.4472.124 Safari/537.36"
114.119.174.226 - - [15/Apr/2025:01:55:02 -0400] "POST /xmlrpc.php HTTP/1.1" 200 186 "https://garantishell.com" "Mozilla/5.0 (Windows NT 10.0; Win64; x64) AppleWebKit/537.36 (KHTML, like Gecko) Chrome/113.0.5672.126 Safari/537.36 Edg/113.0.1774.50"
198.54.114.83 - - [15/Apr/2025:01:55:09 -0400] "POST /wp-cron.php?doing_wp_cron=1744696507.4450490474700927734375 HTTP/1.1" 200 0 "-" "WordPress/6.7.1; https://garantishell.com"
114.119.144.84 - - [15/Apr/2025:01:55:20 -0400] "GET /un-viaggio-fantastico/ HTTP/1.1" 200 10207 "https://garantishell.com/lascesa-dei-funko-pop-pokemon/" "Mozilla/5.0 (Linux; Android 7.0;) AppleWebKit/537.36 (KHTML, like Gecko) Mobile Safari/537.36 (compatible; PetalBot;+https://webmaster.petalsearch.com/site/petalbot)"
46.250.162.194 - - [15/Apr/2025:01:57:48 -0400] "GET /des-bannieres-publicitaires-abordables/ HTTP/1.1" 200 10648 "https://garantishell.com/des-bannieres-publicitaires-abordables/" "Mozilla/5.0 (Windows NT 10.0; Win64; x64) AppleWebKit/537.36 (KHTML, like Gecko) Chrome/107.0.0.0 Safari/537.36"
198.54.114.83 - - [15/Apr/2025:02:00:02 -0400] "POST /wp-cron.php?doing_wp_cron=1744696800.9602899551391601562500 HTTP/1.1" 200 0 "-" "WordPress/6.7.1; https://garantishell.com"
52.169.149.126 - - [15/Apr/2025:01:59:56 -0400] "GET /.alf.php HTTP/1.1" 404 6869 "-" "-"
198.54.114.83 - - [15/Apr/2025:02:00:08 -0400] "POST /wp-admin/admin-ajax.php?action=async_litespeed&nonce=Yyac1346b0w1AYIOvCm2kKIz1TyrYooY&litespeed_type=imgoptm HTTP/1.1" 200 0 "-" "WordPress/6.7.1; https://garantishell.com"
52.169.149.126 - - [15/Apr/2025:02:00:12 -0400] "GET /.tmb/ HTTP/1.1" 403 1242 "-" "-"
52.169.149.126 - - [15/Apr/2025:02:00:16 -0400] "GET /.tmb/mariju.php HTTP/1.1" 404 6868 "-" "-"
52.169.149.126 - - [15/Apr/2025:02:00:21 -0400] "GET /.tmb/wp-login.php HTTP/1.1" 404 6868 "-" "-"
198.54.114.83 - - [15/Apr/2025:02:00:23 -0400] "POST /wp-cron.php?doing_wp_cron=1744696821.3919730186462402343750 HTTP/1.1" 200 0 "-" "WordPress/6.7.1; https://garantishell.com"
52.169.149.126 - - [15/Apr/2025:02:00:27 -0400] "GET /.well-known/ HTTP/1.1" 403 1242 "-" "-"
52.169.149.126 - - [15/Apr/2025:02:00:32 -0400] "GET /.well-known/about.php HTTP/1.1" 404 6868 "-" "-"
52.169.149.126 - - [15/Apr/2025:02:00:37 -0400] "GET /.well-known/ALFA_DATA/alfacgiapi/perl.alfa.php HTTP/1.1" 404 6868 "-" "-"
52.169.149.126 - - [15/Apr/2025:02:00:42 -0400] "GET /.well-known/about.php HTTP/1.1" 404 6868 "-" "-"
52.169.149.126 - - [15/Apr/2025:02:00:45 -0400] "GET /.well-known/acme-challenge/ HTTP/1.1" 404 6868 "-" "-"
52.169.149.126 - - [15/Apr/2025:02:00:49 -0400] "GET /.well-known/acme-challenge/.info.php HTTP/1.1" 404 6869 "-" "-"
52.169.149.126 - - [15/Apr/2025:02:00:52 -0400] "GET /.well-known/acme-challenge/muse.php HTTP/1.1" 404 6868 "-" "-"
52.169.149.126 - - [15/Apr/2025:02:00:57 -0400] "GET /.well-known/acme-challenge/wp-protector.php HTTP/1.1" 404 6868 "-" "-"
52.169.149.126 - - [15/Apr/2025:02:01:02 -0400] "GET /.well-known/acme-challenge/Llj.php HTTP/1.1" 404 6868 "-" "-"
52.169.149.126 - - [15/Apr/2025:02:01:06 -0400] "GET /.well-known/acme-challenge/about.php HTTP/1.1" 404 6868 "-" "-"
52.169.149.126 - - [15/Apr/2025:02:01:08 -0400] "GET /.well-known/acme-challenge/about.php?p= HTTP/1.1" 301 0 "-" "-"
52.169.149.126 - - [15/Apr/2025:02:01:10 -0400] "GET /.well-known/acme-challenge/about.php HTTP/1.1" 404 6868 "-" "-"
52.169.149.126 - - [15/Apr/2025:02:01:13 -0400] "GET /.well-known/acme-challenge/admiin.php HTTP/1.1" 404 6868 "-" "-"
52.169.149.126 - - [15/Apr/2025:02:01:18 -0400] "GET /.well-known/acme-challenge/admin.php HTTP/1.1" 404 6868 "-" "-"
198.54.114.83 - - [15/Apr/2025:02:01:24 -0400] "POST /wp-cron.php?doing_wp_cron=1744696882.9442310333251953125000 HTTP/1.1" 200 0 "-" "WordPress/6.7.1; https://garantishell.com"
52.169.149.126 - - [15/Apr/2025:02:01:22 -0400] "GET /.well-known/acme-challenge/atomlib.php HTTP/1.1" 404 6868 "-" "-"
52.169.149.126 - - [15/Apr/2025:02:01:28 -0400] "GET /.well-known/acme-challenge/cloud.php HTTP/1.1" 404 6868 "-" "-"
52.169.149.126 - - [15/Apr/2025:02:01:32 -0400] "GET /.well-known/acme-challenge/index.php HTTP/1.1" 301 0 "-" "-"
52.169.149.126 - - [15/Apr/2025:02:01:33 -0400] "GET /.well-known/acme-challenge/ HTTP/1.1" 404 6868 "-" "-"
52.169.149.126 - - [15/Apr/2025:02:01:37 -0400] "GET /.well-known/acme-challenge/index.php?p= HTTP/1.1" 301 0 "-" "-"
52.169.149.126 - - [15/Apr/2025:02:01:39 -0400] "GET /.well-known/acme-challenge/ HTTP/1.1" 404 6868 "-" "-"
52.169.149.126 - - [15/Apr/2025:02:01:42 -0400] "GET /.well-known/acme-challenge/install.php HTTP/1.1" 404 6868 "-" "-"
52.169.149.126 - - [15/Apr/2025:02:01:45 -0400] "GET /.well-known/acme-challenge/makeasmtp.php HTTP/1.1" 404 6868 "-" "-"
52.169.149.126 - - [15/Apr/2025:02:01:48 -0400] "GET /.well-known/acme-challenge/makeasmtp.php?p= HTTP/1.1" 301 0 "-" "-"
52.169.149.126 - - [15/Apr/2025:02:01:49 -0400] "GET /.well-known/acme-challenge/makeasmtp.php HTTP/1.1" 404 6868 "-" "-"
52.169.149.126 - - [15/Apr/2025:02:01:51 -0400] "GET /.well-known/acme-challenge/radio.php HTTP/1.1" 404 6868 "-" "-"
52.169.149.126 - - [15/Apr/2025:02:01:53 -0400] "GET /.well-known/acme-challenge/themes.php HTTP/1.1" 404 6868 "-" "-"
52.169.149.126 - - [15/Apr/2025:02:01:57 -0400] "GET /.well-known/acme-challenge/x2.php HTTP/1.1" 404 6868 "-" "-"
52.169.149.126 - - [15/Apr/2025:02:02:01 -0400] "GET /.well-known/acme-challenge/xmrlpc.php?p= HTTP/1.1" 301 0 "-" "-"
52.169.149.126 - - [15/Apr/2025:02:02:04 -0400] "GET /.well-known/acme-challenge/xmrlpc.php HTTP/1.1" 404 6868 "-" "-"
52.169.149.126 - - [15/Apr/2025:02:02:11 -0400] "GET /.well-known/acme-challenge/xp.php HTTP/1.1" 404 6868 "-" "-"
52.169.149.126 - - [15/Apr/2025:02:02:15 -0400] "GET /.well-known/admin.php HTTP/1.1" 404 6868 "-" "-"
52.169.149.126 - - [15/Apr/2025:02:02:19 -0400] "GET /.well-known/apap.php HTTP/1.1" 404 6868 "-" "-"
52.169.149.126 - - [15/Apr/2025:02:02:22 -0400] "GET /.well-known/as.php HTTP/1.1" 404 6868 "-" "-"
52.169.149.126 - - [15/Apr/2025:02:02:25 -0400] "GET /.well-known/autoload_classmap.php HTTP/1.1" 404 6868 "-" "-"
198.54.114.83 - - [15/Apr/2025:02:02:27 -0400] "POST /wp-cron.php?doing_wp_cron=1744696946.0009210109710693359375 HTTP/1.1" 200 0 "-" "WordPress/6.7.1; https://garantishell.com"
52.169.149.126 - - [15/Apr/2025:02:02:30 -0400] "GET /.well-known/content.php HTTP/1.1" 404 6868 "-" "-"
52.169.149.126 - - [15/Apr/2025:02:02:34 -0400] "GET /.well-known/fierzashell.php HTTP/1.1" 404 6868 "-" "-"
52.169.149.126 - - [15/Apr/2025:02:02:39 -0400] "GET /.well-known/file.php HTTP/1.1" 404 6868 "-" "-"
52.169.149.126 - - [15/Apr/2025:02:02:43 -0400] "GET /.well-known/fm.php HTTP/1.1" 404 6867 "-" "-"
52.169.149.126 - - [15/Apr/2025:02:02:46 -0400] "GET /.well-known/index.php HTTP/1.1" 301 0 "-" "-"
52.169.149.126 - - [15/Apr/2025:02:02:49 -0400] "GET /.well-known/ HTTP/1.1" 403 1242 "-" "-"
52.169.149.126 - - [15/Apr/2025:02:02:51 -0400] "GET /.well-known/index.php?p= HTTP/1.1" 301 0 "-" "-"
52.169.149.126 - - [15/Apr/2025:02:02:54 -0400] "GET /.well-known/ HTTP/1.1" 403 1242 "-" "-"
52.169.149.126 - - [15/Apr/2025:02:02:56 -0400] "GET /.well-known/link.php HTTP/1.1" 404 6868 "-" "-"
51.222.253.7 - - [15/Apr/2025:02:02:57 -0400] "GET /finding-reliable-sources-for-steroids-in-canada/ HTTP/1.1" 200 10897 "-" "Mozilla/5.0 (compatible; AhrefsBot/7.0; +http://ahrefs.com/robot/)"
52.169.149.126 - - [15/Apr/2025:02:03:00 -0400] "GET /.well-known/lofmebwd.php HTTP/1.1" 404 6868 "-" "-"
103.179.190.244 - - [15/Apr/2025:02:03:04 -0400] "POST /xmlrpc.php HTTP/1.1" 200 186 "https://garantishell.com" "Mozilla/5.0 (Windows NT 10.0; Win64; x64) AppleWebKit/537.36 (KHTML, like Gecko) Chrome/112.0.5615.138 Safari/537.36"
65.21.99.152 - - [15/Apr/2025:02:04:27 -0400] "GET /why-professional-home-inspection-services-are-essential/ HTTP/1.1" 200 10434 "-" "Mozilla/5.0 (Macintosh; Intel Mac OS X 12_5) AppleWebKit/537.36 (KHTML, like Gecko) Chrome/114.0.0.0 Safari/537.36 Vivaldi/5.3.2679.68"
54.225.181.161 - - [15/Apr/2025:02:09:16 -0400] "GET /2024/11/page/9/ HTTP/1.1" 200 9457 "-" "Mozilla/5.0 AppleWebKit/537.36 (KHTML, like Gecko; compatible; Amazonbot/0.1; +https://developer.amazon.com/support/amazonbot) Chrome/119.0.6045.214 Safari/537.36"
103.110.84.40 - - [15/Apr/2025:02:11:02 -0400] "POST /xmlrpc.php HTTP/1.1" 200 186 "https://garantishell.com" "Mozilla/5.0 (Macintosh; Intel Mac OS X 10_15_7; rv:127.0) Gecko/20100101 Firefox/127.0"
198.54.114.83 - - [15/Apr/2025:02:11:08 -0400] "POST /wp-cron.php?doing_wp_cron=1744697466.6951119899749755859375 HTTP/1.1" 200 0 "-" "WordPress/6.7.1; https://garantishell.com"
111.119.221.238 - - [15/Apr/2025:02:11:47 -0400] "GET /unlocking-the-value-of-culture-gift-certificate-discount/ HTTP/1.1" 200 10823 "https://garantishell.com/unlocking-the-value-of-culture-gift-certificate-discount/#primary" "Mozilla/5.0 (Windows NT 10.0; Win64; x64) AppleWebKit/537.36 (KHTML, like Gecko) Chrome/101.0.4951.64 Safari/537.36 Edg/101.0.1210.47"
198.54.114.83 - - [15/Apr/2025:02:18:54 -0400] "POST /wp-cron.php?doing_wp_cron=1744697933.4726119041442871093750 HTTP/1.1" 200 0 "-" "WordPress/6.7.1; https://garantishell.com"
157.245.6.207 - - [15/Apr/2025:02:18:48 -0400] "POST /xmlrpc.php HTTP/1.1" 200 186 "https://garantishell.com" "Mozilla/5.0 (Macintosh; Intel Mac OS X 10_15_7; rv:125.0.1) Gecko/20100101 Firefox/125.0.1"
198.54.114.83 - - [15/Apr/2025:02:20:39 -0400] "POST /wp-cron.php?doing_wp_cron=1744698037.9593050479888916015625 HTTP/1.1" 200 0 "-" "WordPress/6.7.1; https://garantishell.com"
51.222.253.14 - - [15/Apr/2025:02:20:36 -0400] "GET /understanding-the-importance-of-breast-pumps/ HTTP/1.1" 200 10515 "-" "Mozilla/5.0 (compatible; AhrefsBot/7.0; +http://ahrefs.com/robot/)"
190.92.215.248 - - [15/Apr/2025:02:25:44 -0400] "GET /the-allure-of-rainbow-riches-2/ HTTP/1.1" 200 10404 "https://garantishell.com/the-allure-of-rainbow-riches-2/#respond" "Mozilla/5.0 (Windows NT 10.0; Win64; x64) AppleWebKit/537.36 (KHTML, like Gecko) Chrome/101.0.4951.64 Safari/537.36 Edg/101.0.1210.47"
198.54.114.83 - - [15/Apr/2025:02:26:05 -0400] "POST /wp-cron.php?doing_wp_cron=1744698364.4787480831146240234375 HTTP/1.1" 200 0 "-" "WordPress/6.7.1; https://garantishell.com"
134.17.14.122 - - [15/Apr/2025:02:25:59 -0400] "GET /goat.php HTTP/1.1" 404 6869 "-" "Mozilla/4.0 (compatible; MSIE 6.0; Windows NT 5.1; SV1)"
142.44.191.239 - - [15/Apr/2025:02:26:50 -0400] "POST /xmlrpc.php HTTP/1.1" 200 186 "https://garantishell.com" "Mozilla/5.0 (Macintosh; Intel Mac OS X 10.15; rv:126.0) Gecko/20100101 Firefox/126.0"
114.119.140.66 - - [15/Apr/2025:02:31:13 -0400] "GET /2023/11/ HTTP/1.1" 200 8654 "https://garantishell.com/raumungsdienste-fur-ihre-wohnung/" "Mozilla/5.0 (Linux; Android 7.0;) AppleWebKit/537.36 (KHTML, like Gecko) Mobile Safari/537.36 (compatible; PetalBot;+https://webmaster.petalsearch.com/site/petalbot)"
62.60.160.33 - - [15/Apr/2025:02:34:52 -0400] "POST /xmlrpc.php HTTP/1.1" 200 0 "https://garantishell.com" "Mozilla/5.0 (Macintosh; Intel Mac OS X 10_15_7) AppleWebKit/537.36 (KHTML, like Gecko) Chrome/116.0.5845.96 Safari/537.36"
198.54.114.83 - - [15/Apr/2025:02:35:03 -0400] "POST /wp-cron.php?doing_wp_cron=1744698898.8521211147308349609375 HTTP/1.1" 200 0 "-" "WordPress/6.7.1; https://garantishell.com"
198.54.114.83 - - [15/Apr/2025:02:38:45 -0400] "POST /wp-cron.php?doing_wp_cron=1744699124.4295990467071533203125 HTTP/1.1" 200 0 "-" "WordPress/6.7.1; https://garantishell.com"
51.222.253.8 - - [15/Apr/2025:02:38:40 -0400] "GET /top-heroes-in-watcher-of-realms/ HTTP/1.1" 200 10365 "-" "Mozilla/5.0 (compatible; AhrefsBot/7.0; +http://ahrefs.com/robot/)"
198.54.114.83 - - [15/Apr/2025:02:38:47 -0400] "POST /wp-admin/admin-ajax.php?action=async_litespeed&nonce=KCLsXSPa04Ac32ZID1EZiK5qzA8SrsXM&litespeed_type=imgoptm HTTP/1.1" 200 0 "-" "WordPress/6.7.1; https://garantishell.com"
46.250.161.213 - - [15/Apr/2025:02:39:44 -0400] "GET /rechtsanwalt-in-hattingen-experten-fur-ihre-rechtlichen-anliegen/ HTTP/1.1" 200 11056 "https://garantishell.com/rechtsanwalt-in-hattingen-experten-fur-ihre-rechtlichen-anliegen/" "Mozilla/5.0 (Windows NT 10.0; Win64; x64) AppleWebKit/537.36 (KHTML, like Gecko) Chrome/101.0.4951.67 Safari/537.36"
162.243.72.223 - - [15/Apr/2025:02:40:32 -0400] "GET /wp-login.php HTTP/1.1" 200 1736 "-" "GRequests/0.10"
198.54.114.83 - - [15/Apr/2025:02:40:36 -0400] "POST /wp-cron.php?doing_wp_cron=1744699235.2985439300537109375000 HTTP/1.1" 200 0 "-" "WordPress/6.7.1; https://garantishell.com"
162.243.72.223 - - [15/Apr/2025:02:40:33 -0400] "POST /wp-login.php HTTP/1.1" 200 1877 "-" "GRequests/0.10"
198.54.114.83 - - [15/Apr/2025:02:42:02 -0400] "POST /wp-cron.php?doing_wp_cron=1744699321.3305699825286865234375 HTTP/1.1" 200 0 "-" "WordPress/6.7.1; https://garantishell.com"
134.122.133.31 - - [15/Apr/2025:02:41:58 -0400] "GET /statics/img/login_bg.jpg HTTP/1.1" 404 6868 "http://garantishell.com" "msnbot/1.0 (+http://search.msn.com/msnbot.htm\xa1\xb1)"
198.54.114.83 - - [15/Apr/2025:02:42:03 -0400] "POST /wp-admin/admin-ajax.php?action=async_litespeed&nonce=zZGIYi3vIjGg72OWU03YrI8liSQebUee&litespeed_type=imgoptm HTTP/1.1" 200 0 "-" "WordPress/6.7.1; https://garantishell.com"
198.54.114.83 - - [15/Apr/2025:02:42:54 -0400] "POST /wp-cron.php?doing_wp_cron=1744699373.6757419109344482421875 HTTP/1.1" 200 0 "-" "WordPress/6.7.1; https://garantishell.com"
113.36.242.229 - - [15/Apr/2025:02:42:53 -0400] "POST /xmlrpc.php HTTP/1.1" 200 186 "https://garantishell.com" "Mozilla/5.0 (Windows NT 10.0; Win64; x64; rv:126.0) Gecko/20100101 Firefox/126.0"
2001:df4:40c0:68d8::1 - - [15/Apr/2025:02:44:10 -0400] "GET /wp-login.php HTTP/1.1" 200 1736 "-" "GRequests/0.10"
198.54.114.83 - - [15/Apr/2025:02:44:12 -0400] "POST /wp-cron.php?doing_wp_cron=1744699452.4137310981750488281250 HTTP/1.1" 200 0 "-" "WordPress/6.7.1; https://garantishell.com"
2001:df4:40c0:68d8::1 - - [15/Apr/2025:02:44:11 -0400] "POST /wp-login.php HTTP/1.1" 200 1869 "-" "GRequests/0.10"
198.54.114.83 - - [15/Apr/2025:02:44:14 -0400] "POST /wp-admin/admin-ajax.php?action=async_litespeed&nonce=5RTty9FWLIXkXOyRaCC2RrHTv7Su3wQ8&litespeed_type=imgoptm HTTP/1.1" 200 0 "-" "WordPress/6.7.1; https://garantishell.com"
46.8.156.158 - - [15/Apr/2025:02:44:28 -0400] "GET /why-professional-home-inspection-services-are-essential/ HTTP/1.1" 200 10434 "-" "Mozilla/5.0 (Macintosh; Intel Mac OS X 12_5) AppleWebKit/537.36 (KHTML, like Gecko) Chrome/114.0.0.0 YaBrowser/22.7.0 Yowser/2.5 Safari/537.36"
2001:df4:40c0:68d8::1 - - [15/Apr/2025:02:47:40 -0400] "GET /wp-login.php HTTP/1.1" 200 1736 "-" "GRequests/0.10"
2001:df4:40c0:68d8::1 - - [15/Apr/2025:02:47:42 -0400] "POST /wp-login.php HTTP/1.1" 200 1870 "-" "GRequests/0.10"
198.54.114.83 - - [15/Apr/2025:02:47:48 -0400] "POST /wp-cron.php?doing_wp_cron=1744699666.4580569267272949218750 HTTP/1.1" 200 0 "-" "WordPress/6.7.1; https://garantishell.com"
198.54.114.83 - - [15/Apr/2025:02:51:07 -0400] "POST /wp-cron.php?doing_wp_cron=1744699866.9840090274810791015625 HTTP/1.1" 200 0 "-" "WordPress/6.7.1; https://garantishell.com"
68.178.168.103 - - [15/Apr/2025:02:51:02 -0400] "POST /xmlrpc.php HTTP/1.1" 200 186 "https://garantishell.com" "Mozilla/5.0 (Windows NT 10.0; Win64; x64) AppleWebKit/537.36 (KHTML, like Gecko) Chrome/112.0.5615.138 Safari/537.36"
198.54.114.83 - - [15/Apr/2025:02:51:09 -0400] "POST /wp-admin/admin-ajax.php?action=async_litespeed&nonce=GO2LuFIoLMoR9NTErnT2sQRuDZ2yDUMn&litespeed_type=imgoptm HTTP/1.1" 200 0 "-" "WordPress/6.7.1; https://garantishell.com"
198.54.114.83 - - [15/Apr/2025:02:53:13 -0400] "POST /wp-cron.php?doing_wp_cron=1744699993.1091229915618896484375 HTTP/1.1" 200 0 "-" "WordPress/6.7.1; https://garantishell.com"
198.54.114.83 - - [15/Apr/2025:02:53:14 -0400] "POST /wp-admin/admin-ajax.php?action=async_litespeed&nonce=jLfIfNAWczdD61TtxbRnkCMd88JlCqxw&litespeed_type=imgoptm HTTP/1.1" 200 0 "-" "WordPress/6.7.1; https://garantishell.com"
114.119.144.84 - - [15/Apr/2025:02:53:10 -0400] "GET /relax-and-recharge-with-business-trip-massage/ HTTP/1.1" 200 10445 "https://garantishell.com/relaxation-and-wellness-on-a-business-trip/" "Mozilla/5.0 (Linux; Android 7.0;) AppleWebKit/537.36 (KHTML, like Gecko) Mobile Safari/537.36 (compatible; PetalBot;+https://webmaster.petalsearch.com/site/petalbot)"
198.54.114.83 - - [15/Apr/2025:02:53:43 -0400] "POST /wp-cron.php?doing_wp_cron=1744700023.1038599014282226562500 HTTP/1.1" 200 0 "-" "WordPress/6.7.1; https://garantishell.com"
188.239.8.243 - - [15/Apr/2025:02:53:42 -0400] "GET /the-path-to-fixing-forward-head-posture/ HTTP/1.1" 200 10883 "https://garantishell.com/the-path-to-fixing-forward-head-posture/#primary" "Mozilla/5.0 (Macintosh; Intel Mac OS X 10_15_7) AppleWebKit/537.36 (KHTML, like Gecko) Chrome/123.0.0.0 Safari/537.36"
198.54.114.83 - - [15/Apr/2025:02:53:43 -0400] "POST /wp-admin/admin-ajax.php?action=async_litespeed&nonce=4oCfSovgekKV2oQRBqUcW25WMZiLiiWW&litespeed_type=imgoptm HTTP/1.1" 200 5 "-" "WordPress/6.7.1; https://garantishell.com"
198.54.114.83 - - [15/Apr/2025:02:58:42 -0400] "POST /wp-cron.php?doing_wp_cron=1744700321.7656500339508056640625 HTTP/1.1" 200 0 "-" "WordPress/6.7.1; https://garantishell.com"
51.222.253.14 - - [15/Apr/2025:02:58:36 -0400] "GET /paradiso-al-lago-scopri-il-resort-sul-lago-di-garda/ HTTP/1.1" 200 10673 "-" "Mozilla/5.0 (compatible; AhrefsBot/7.0; +http://ahrefs.com/robot/)"
198.54.114.83 - - [15/Apr/2025:02:58:43 -0400] "POST /wp-admin/admin-ajax.php?action=async_litespeed&nonce=nsBd9NyoRsuAluqe7sSl7Li1FC0z8QVg&litespeed_type=imgoptm HTTP/1.1" 200 0 "-" "WordPress/6.7.1; https://garantishell.com"
198.54.114.83 - - [15/Apr/2025:02:59:13 -0400] "POST /wp-cron.php?doing_wp_cron=1744700353.2843220233917236328125 HTTP/1.1" 200 0 "-" "WordPress/6.7.1; https://garantishell.com"
134.209.100.42 - - [15/Apr/2025:02:59:12 -0400] "POST /xmlrpc.php HTTP/1.1" 200 186 "https://garantishell.com" "Mozilla/5.0 (Macintosh; Intel Mac OS X 10_15_7; rv:129.0) Gecko/20100101 Firefox/129.0"
31.214.174.196 - - [15/Apr/2025:03:00:54 -0400] "GET /wp-login.php HTTP/1.1" 200 1736 "-" "GRequests/0.10"
198.54.114.83 - - [15/Apr/2025:03:01:05 -0400] "POST /wp-cron.php?doing_wp_cron=1744700464.3588340282440185546875 HTTP/1.1" 200 0 "-" "WordPress/6.7.1; https://garantishell.com"
31.214.174.196 - - [15/Apr/2025:03:00:56 -0400] "POST /wp-login.php HTTP/1.1" 200 1867 "-" "GRequests/0.10"
198.54.114.83 - - [15/Apr/2025:03:01:07 -0400] "POST /wp-admin/admin-ajax.php?action=async_litespeed&nonce=Rr973m6iiEfcCWVj7kvlp5ZiCiIKcgEN&litespeed_type=imgoptm HTTP/1.1" 200 0 "-" "WordPress/6.7.1; https://garantishell.com"
216.244.66.241 - - [15/Apr/2025:03:03:23 -0400] "GET /robots.txt HTTP/1.1" 200 97 "-" "Mozilla/5.0 (compatible; DotBot/1.2; +https://opensiteexplorer.org/dotbot; help@moz.com)"
46.167.152.33 - - [15/Apr/2025:03:05:51 -0400] "GET /why-professional-home-inspection-services-are-essential/ HTTP/1.1" 200 10434 "-" "Mozilla/5.0 (Macintosh; Intel Mac OS X 12_5) AppleWebKit/537.36 (KHTML, like Gecko) Chrome/114.0.0.0 YaBrowser/22.7.0 Yowser/2.5 Safari/537.36"
198.54.114.83 - - [15/Apr/2025:03:07:31 -0400] "POST /wp-cron.php?doing_wp_cron=1744700850.6986958980560302734375 HTTP/1.1" 200 0 "-" "WordPress/6.7.1; https://garantishell.com"
82.156.199.117 - - [15/Apr/2025:03:07:26 -0400] "POST /xmlrpc.php HTTP/1.1" 200 186 "https://garantishell.com" "Mozilla/5.0 (Windows NT 10.0; Win64; x64) AppleWebKit/537.36 (KHTML, like Gecko) Chrome/115.0.5790.102 Safari/537.36"
198.54.114.83 - - [15/Apr/2025:03:07:32 -0400] "POST /wp-admin/admin-ajax.php?action=async_litespeed&nonce=hDrDcrosIc6YpRtPseY1pmd5yo1TxQ9x&litespeed_type=imgoptm HTTP/1.1" 200 0 "-" "WordPress/6.7.1; https://garantishell.com"
190.92.209.229 - - [15/Apr/2025:03:07:41 -0400] "GET /unternehmenseclearing-in-luneburg-ein-uberblick/ HTTP/1.1" 200 10649 "https://garantishell.com/unternehmenseclearing-in-luneburg-ein-uberblick/" "Mozilla/5.0 (Windows NT 10.0; Win64; x64) AppleWebKit/537.36 (KHTML, like Gecko) Chrome/101.0.4951.64 Safari/537.36 Edg/101.0.1210.47"
85.208.96.196 - - [15/Apr/2025:03:08:41 -0400] "GET /robots.txt HTTP/1.1" 304 0 "-" "Mozilla/5.0 (compatible; SemrushBot/7~bl; +http://www.semrush.com/bot.html)"
185.191.171.13 - - [15/Apr/2025:03:08:44 -0400] "GET /exploring-cryptocurrency-job-opportunities/ HTTP/1.1" 200 10716 "-" "Mozilla/5.0 (compatible; SemrushBot/7~bl; +http://www.semrush.com/bot.html)"
23.94.181.5 - - [15/Apr/2025:03:15:39 -0400] "POST /xmlrpc.php HTTP/1.1" 200 186 "https://garantishell.com" "Mozilla/5.0 (Macintosh; Intel Mac OS X 10_15_7; rv:128.0) Gecko/20100101 Firefox/128.0"
198.54.114.83 - - [15/Apr/2025:03:15:45 -0400] "POST /wp-cron.php?doing_wp_cron=1744701342.5783629417419433593750 HTTP/1.1" 200 0 "-" "WordPress/6.7.1; https://garantishell.com"
51.222.253.5 - - [15/Apr/2025:03:16:20 -0400] "GET /the-perfect-gift-for-any-occasion/ HTTP/1.1" 200 10527 "-" "Mozilla/5.0 (compatible; AhrefsBot/7.0; +http://ahrefs.com/robot/)"
212.8.248.108 - - [15/Apr/2025:03:17:58 -0400] "GET /why-professional-home-inspection-services-are-essential HTTP/1.1" 301 0 "-" "Mozilla/5.0 (Windows NT 10.0; Win64; x64) AppleWebKit/537.36 (KHTML, like Gecko) Chrome/118.0.0.0 Safari/537.36"
212.8.248.108 - - [15/Apr/2025:03:18:01 -0400] "GET /why-professional-home-inspection-services-are-essential/ HTTP/1.1" 200 10434 "-" "Mozilla/5.0 (Windows NT 10.0; Win64; x64) AppleWebKit/537.36 (KHTML, like Gecko) Chrome/118.0.0.0 Safari/537.36"
198.54.114.83 - - [15/Apr/2025:03:18:19 -0400] "POST /wp-cron.php?doing_wp_cron=1744701498.0426790714263916015625 HTTP/1.1" 200 0 "-" "WordPress/6.7.1; https://garantishell.com"
216.244.66.241 - - [15/Apr/2025:03:18:16 -0400] "GET /umzugsunternehmen-in-hamburg-ihr-zuverlassiger-partner-fur-den-umzug/feed/ HTTP/1.1" 200 456 "-" "Mozilla/5.0 (compatible; DotBot/1.2; +https://opensiteexplorer.org/dotbot; help@moz.com)"
198.54.114.83 - - [15/Apr/2025:03:21:45 -0400] "POST /wp-cron.php?doing_wp_cron=1744701704.2433938980102539062500 HTTP/1.1" 200 0 "-" "WordPress/6.7.1; https://garantishell.com"
159.138.7.83 - - [15/Apr/2025:03:21:39 -0400] "GET /the-power-of-the-kambo-stick/ HTTP/1.1" 200 10628 "https://garantishell.com/the-power-of-the-kambo-stick/" "Mozilla/5.0 (Macintosh; Intel Mac OS X 10_15_7) AppleWebKit/537.36 (KHTML, like Gecko) Chrome/131.0.0.0 Safari/537.36"
198.54.114.83 - - [15/Apr/2025:03:23:50 -0400] "POST /wp-cron.php?doing_wp_cron=1744701829.7416529655456542968750 HTTP/1.1" 200 0 "-" "WordPress/6.7.1; https://garantishell.com"
220.158.233.237 - - [15/Apr/2025:03:23:47 -0400] "POST /xmlrpc.php HTTP/1.1" 200 186 "https://garantishell.com" "Mozilla/5.0 (Macintosh; Intel Mac OS X 10_15_7; rv:127.0) Gecko/20100101 Firefox/127.0"
198.54.114.83 - - [15/Apr/2025:03:23:52 -0400] "POST /wp-admin/admin-ajax.php?action=async_litespeed&nonce=ZnFm1ztSMbjaBy7ELVUW1peCR1sO8IKq&litespeed_type=imgoptm HTTP/1.1" 200 0 "-" "WordPress/6.7.1; https://garantishell.com"
2001:df4:40c0:68d8::1 - - [15/Apr/2025:03:24:46 -0400] "GET /wp-login.php HTTP/1.1" 200 1736 "-" "GRequests/0.10"
2001:df4:40c0:68d8::1 - - [15/Apr/2025:03:24:47 -0400] "POST /wp-login.php HTTP/1.1" 200 1870 "-" "GRequests/0.10"
198.54.114.83 - - [15/Apr/2025:03:24:49 -0400] "POST /wp-cron.php?doing_wp_cron=1744701888.1259419918060302734375 HTTP/1.1" 200 0 "-" "WordPress/6.7.1; https://garantishell.com"
58.254.68.125 - - [15/Apr/2025:03:26:30 -0400] "GET /why-professional-home-inspection-services-are-essential/ HTTP/1.1" 200 10434 "https://garantishell.com" "Mozilla/5.0 (Windows NT 10.0; Win64; x64) AppleWebKit/537.36 (KHTML, like Gecko) Chrome/62.0.3202.94 Safari/537.36"
198.54.114.83 - - [15/Apr/2025:03:26:44 -0400] "POST /wp-cron.php?doing_wp_cron=1744702002.6626989841461181640625 HTTP/1.1" 200 0 "-" "WordPress/6.7.1; https://garantishell.com"
114.119.156.227 - - [15/Apr/2025:03:26:39 -0400] "GET /poussette-2-en-1-avec-cosy/ HTTP/1.1" 200 9842 "https://garantishell.com/versatile-2-in-1-stroller-with-carrycot-for-modern-parents/" "Mozilla/5.0 (Linux; Android 7.0;) AppleWebKit/537.36 (KHTML, like Gecko) Mobile Safari/537.36 (compatible; PetalBot;+https://webmaster.petalsearch.com/site/petalbot)"
198.54.114.83 - - [15/Apr/2025:03:29:48 -0400] "GET / HTTP/1.1" 200 9272 "-" "Mozilla/5.0 (Windows NT 10.0; Win64; x64; rv:122.0) Gecko/20100101 Firefox/122.0"
18.118.171.28 - - [15/Apr/2025:03:31:26 -0400] "GET /robots.txt HTTP/1.1" 304 0 "-" "Mozilla/5.0 AppleWebKit/537.36 (KHTML, like Gecko; compatible; ClaudeBot/1.0; +claudebot@anthropic.com)"
198.54.114.83 - - [15/Apr/2025:03:31:32 -0400] "POST /wp-cron.php?doing_wp_cron=1744702291.5464980602264404296875 HTTP/1.1" 200 0 "-" "WordPress/6.7.1; https://garantishell.com"
198.54.114.83 - - [15/Apr/2025:03:31:32 -0400] "POST /wp-cron.php?doing_wp_cron=1744702291.5460510253906250000000 HTTP/1.1" 200 0 "-" "WordPress/6.7.1; https://garantishell.com"
18.118.171.28 - - [15/Apr/2025:03:31:28 -0400] "GET /?p=1020 HTTP/1.1" 301 0 "-" "Mozilla/5.0 AppleWebKit/537.36 (KHTML, like Gecko; compatible; ClaudeBot/1.0; +claudebot@anthropic.com)"
18.118.171.28 - - [15/Apr/2025:03:31:28 -0400] "GET /wp-json/wp/v2/posts/793 HTTP/1.1" 200 4325 "-" "Mozilla/5.0 AppleWebKit/537.36 (KHTML, like Gecko; compatible; ClaudeBot/1.0; +claudebot@anthropic.com)"
18.118.171.28 - - [15/Apr/2025:03:31:34 -0400] "GET /professionelle-gartenpflege-in-luneburg/ HTTP/1.1" 200 10635 "-" "Mozilla/5.0 AppleWebKit/537.36 (KHTML, like Gecko; compatible; ClaudeBot/1.0; +claudebot@anthropic.com)"
18.118.171.28 - - [15/Apr/2025:03:31:38 -0400] "GET /wp-content/themes/world-news/assets/js/custom.min.js?ver=1.1.1 HTTP/1.1" 304 0 "https://garantishell.com/professionelle-gartenpflege-in-luneburg/" "Mozilla/5.0 AppleWebKit/537.36 (KHTML, like Gecko; compatible; ClaudeBot/1.0; +claudebot@anthropic.com)"
18.118.171.28 - - [15/Apr/2025:03:31:38 -0400] "GET /wp-content/themes/world-news/assets/js/navigation.min.js?ver=1.1.1 HTTP/1.1" 304 0 "https://garantishell.com/professionelle-gartenpflege-in-luneburg/" "Mozilla/5.0 AppleWebKit/537.36 (KHTML, like Gecko; compatible; ClaudeBot/1.0; +claudebot@anthropic.com)"
18.118.171.28 - - [15/Apr/2025:03:31:38 -0400] "GET /wp-content/themes/world-news/assets/js/slick.min.js?ver=1.8.1 HTTP/1.1" 304 0 "https://garantishell.com/professionelle-gartenpflege-in-luneburg/" "Mozilla/5.0 AppleWebKit/537.36 (KHTML, like Gecko; compatible; ClaudeBot/1.0; +claudebot@anthropic.com)"
18.118.171.28 - - [15/Apr/2025:03:31:38 -0400] "GET /wp-content/themes/world-news/assets/js/jquery.marquee.min.js?ver=1.6.0 HTTP/1.1" 304 0 "https://garantishell.com/professionelle-gartenpflege-in-luneburg/" "Mozilla/5.0 AppleWebKit/537.36 (KHTML, like Gecko; compatible; ClaudeBot/1.0; +claudebot@anthropic.com)"
18.118.171.28 - - [15/Apr/2025:03:31:38 -0400] "GET /wp-includes/js/jquery/jquery.min.js?ver=3.7.1 HTTP/1.1" 304 0 "https://garantishell.com/professionelle-gartenpflege-in-luneburg/" "Mozilla/5.0 AppleWebKit/537.36 (KHTML, like Gecko; compatible; ClaudeBot/1.0; +claudebot@anthropic.com)"
18.118.171.28 - - [15/Apr/2025:03:31:38 -0400] "GET /wp-includes/js/jquery/jquery-migrate.min.js?ver=3.4.1 HTTP/1.1" 304 0 "https://garantishell.com/professionelle-gartenpflege-in-luneburg/" "Mozilla/5.0 AppleWebKit/537.36 (KHTML, like Gecko; compatible; ClaudeBot/1.0; +claudebot@anthropic.com)"
18.118.171.28 - - [15/Apr/2025:03:31:40 -0400] "GET /wp-includes/js/comment-reply.min.js?ver=6.7.1 HTTP/1.1" 304 0 "https://garantishell.com/professionelle-gartenpflege-in-luneburg/" "Mozilla/5.0 AppleWebKit/537.36 (KHTML, like Gecko; compatible; ClaudeBot/1.0; +claudebot@anthropic.com)"
18.118.171.28 - - [15/Apr/2025:03:31:40 -0400] "GET /wp-includes/js/wp-emoji-release.min.js?ver=6.7.1 HTTP/1.1" 304 0 "https://garantishell.com/professionelle-gartenpflege-in-luneburg/" "Mozilla/5.0 AppleWebKit/537.36 (KHTML, like Gecko; compatible; ClaudeBot/1.0; +claudebot@anthropic.com)"
85.208.96.197 - - [15/Apr/2025:03:31:48 -0400] "GET /un-defi-unique-dans-le-monde-du-jeu/ HTTP/1.1" 200 10341 "-" "Mozilla/5.0 (compatible; SemrushBot/7~bl; +http://www.semrush.com/bot.html)"
38.242.195.184 - - [15/Apr/2025:03:31:55 -0400] "POST /xmlrpc.php HTTP/1.1" 200 186 "https://garantishell.com" "Mozilla/5.0 (Windows NT 11.0; Win64; x64) AppleWebKit/537.36 (KHTML, like Gecko) Chrome/126.0.0.0 Safari/537.36 Edg/126.0.0.0"
50.98.226.60 - - [15/Apr/2025:03:32:54 -0400] "GET /why-professional-home-inspection-services-are-essential/ HTTP/1.1" 200 10434 "-" "Mozilla/5.0 (Macintosh; Intel Mac OS X 12_5) AppleWebKit/537.36 (KHTML, like Gecko) Chrome/114.0.0.0 YaBrowser/22.7.0 Yowser/2.5 Safari/537.36"
66.249.79.133 - - [15/Apr/2025:03:33:53 -0400] "GET /robots.txt HTTP/1.1" 304 0 "-" "Mozilla/5.0 (compatible; Googlebot/2.1; +http://www.google.com/bot.html)"
198.54.114.83 - - [15/Apr/2025:03:33:58 -0400] "POST /wp-cron.php?doing_wp_cron=1744702437.7842199802398681640625 HTTP/1.1" 200 0 "-" "WordPress/6.7.1; https://garantishell.com"
66.249.79.135 - - [15/Apr/2025:03:33:54 -0400] "GET /expert-tips-for-bathroom-renovations/feed/ HTTP/1.1" 200 402 "-" "Mozilla/5.0 (Linux; Android 6.0.1; Nexus 5X Build/MMB29P) AppleWebKit/537.36 (KHTML, like Gecko) Chrome/135.0.7049.84 Mobile Safari/537.36 (compatible; Googlebot/2.1; +http://www.google.com/bot.html)"
198.54.114.83 - - [15/Apr/2025:03:34:00 -0400] "POST /wp-admin/admin-ajax.php?action=async_litespeed&nonce=gWnTdqHWOjisIKVH6CALsUenTSmNO5YC&litespeed_type=imgoptm HTTP/1.1" 200 0 "-" "WordPress/6.7.1; https://garantishell.com"
198.54.114.83 - - [15/Apr/2025:03:35:29 -0400] "POST /wp-cron.php?doing_wp_cron=1744702528.0792400836944580078125 HTTP/1.1" 200 0 "-" "WordPress/6.7.1; https://garantishell.com"
51.222.253.20 - - [15/Apr/2025:03:35:25 -0400] "GET /experience-serenity-at-a-lake-garda-resort/ HTTP/1.1" 200 10660 "-" "Mozilla/5.0 (compatible; AhrefsBot/7.0; +http://ahrefs.com/robot/)"
198.54.114.83 - - [15/Apr/2025:03:35:30 -0400] "POST /wp-admin/admin-ajax.php?action=async_litespeed&nonce=WNakgSLR6F74xAnMtdvX8Swij3wcDMc7&litespeed_type=imgoptm HTTP/1.1" 200 0 "-" "WordPress/6.7.1; https://garantishell.com"
159.138.99.119 - - [15/Apr/2025:03:35:40 -0400] "GET /une-solution-efficace-et-innovante/ HTTP/1.1" 200 10483 "https://garantishell.com/une-solution-efficace-et-innovante/" "Mozilla/5.0 (Macintosh; Intel Mac OS X 10_15_7) AppleWebKit/537.36 (KHTML, like Gecko) Chrome/119.0.0.0 Safari/537.36"
213.180.203.90 - - [15/Apr/2025:03:37:13 -0400] "GET /robots.txt HTTP/1.1" 304 0 "-" "Mozilla/5.0 (compatible; YandexBot/3.0; +http://yandex.com/bots)"
213.180.203.104 - - [15/Apr/2025:03:37:14 -0400] "GET /limpact-des-nappes-personnalisees/ HTTP/1.1" 200 10468 "-" "Mozilla/5.0 (compatible; YandexBot/3.0; +http://yandex.com/bots)"
109.123.236.97 - - [15/Apr/2025:03:39:08 -0400] "GET /wp-login.php HTTP/1.1" 200 1736 "-" "GRequests/0.10"
92.255.85.164 - - [15/Apr/2025:03:39:11 -0400] "GET / HTTP/1.1" 200 9272 "https://garantishell.com/" "Mozilla/5.0 (Windows NT 10.0; Win64; x64) AppleWebKit/537.36 (KHTML, like Gecko) Chrome/130.0.0.0 Safari/537.36 CCleaner/130.0.0.0"
109.123.236.97 - - [15/Apr/2025:03:39:10 -0400] "POST /wp-login.php HTTP/1.1" 200 1869 "-" "GRequests/0.10"
198.54.114.83 - - [15/Apr/2025:03:39:19 -0400] "POST /wp-cron.php?doing_wp_cron=1744702756.3970758914947509765625 HTTP/1.1" 200 0 "-" "WordPress/6.7.1; https://garantishell.com"
67.205.59.102 - - [15/Apr/2025:03:40:12 -0400] "POST /xmlrpc.php HTTP/1.1" 200 186 "https://garantishell.com" "Mozilla/5.0 (Macintosh; Intel Mac OS X 14_6) AppleWebKit/605.1.15 (KHTML, like Gecko) Version/17.5 Safari/605.1.15"
198.54.114.83 - - [15/Apr/2025:03:40:41 -0400] "POST /wp-cron.php?doing_wp_cron=1744702840.1734158992767333984375 HTTP/1.1" 200 0 "-" "WordPress/6.7.1; https://garantishell.com"
17.241.227.227 - - [15/Apr/2025:03:40:39 -0400] "GET /revolutionizing-customer-interactions-with-conversational-virtual-receptionists/ HTTP/1.1" 200 10541 "-" "Mozilla/5.0 (Macintosh; Intel Mac OS X 10_15_7) AppleWebKit/605.1.15 (KHTML, like Gecko) Version/17.4 Safari/605.1.15 (Applebot/0.1; +http://www.apple.com/go/applebot)"
85.204.70.90 - - [15/Apr/2025:03:45:33 -0400] "GET / HTTP/1.1" 200 9272 "-" "Mozilla/5.0 (Windows NT 10.0; Win64; x64) AppleWebKit/537.36 (KHTML, like Gecko) Chrome/78.0.3904.108 Safari/537.36"
198.54.114.83 - - [15/Apr/2025:03:45:37 -0400] "POST /wp-cron.php?doing_wp_cron=1744703136.7355210781097412109375 HTTP/1.1" 200 0 "-" "WordPress/6.7.1; https://garantishell.com"
85.204.70.90 - - [15/Apr/2025:03:45:34 -0400] "GET //wp-includes/wlwmanifest.xml HTTP/1.1" 301 0 "-" "Mozilla/5.0 (Windows NT 10.0; Win64; x64) AppleWebKit/537.36 (KHTML, like Gecko) Chrome/78.0.3904.108 Safari/537.36"
85.204.70.90 - - [15/Apr/2025:03:45:38 -0400] "GET / HTTP/1.1" 200 9272 "-" "Mozilla/5.0 (Windows NT 10.0; Win64; x64) AppleWebKit/537.36 (KHTML, like Gecko) Chrome/78.0.3904.108 Safari/537.36"
198.54.114.83 - - [15/Apr/2025:03:45:38 -0400] "POST /wp-admin/admin-ajax.php?action=async_litespeed&nonce=PFYz0YS0hcV8C1697INIGGoaLeOMIzPn&litespeed_type=imgoptm HTTP/1.1" 200 0 "-" "WordPress/6.7.1; https://garantishell.com"
85.204.70.90 - - [15/Apr/2025:03:45:39 -0400] "GET //?author=1 HTTP/1.1" 301 0 "-" "Mozilla/5.0 (Windows NT 10.0; Win64; x64) AppleWebKit/537.36 (KHTML, like Gecko) Chrome/78.0.3904.108 Safari/537.36"
85.204.70.90 - - [15/Apr/2025:03:45:40 -0400] "GET //?author=2 HTTP/1.1" 301 0 "-" "Mozilla/5.0 (Windows NT 10.0; Win64; x64) AppleWebKit/537.36 (KHTML, like Gecko) Chrome/78.0.3904.108 Safari/537.36"
