18.220.95.176 - - [14/Apr/2025:13:35:35 -0400] "GET /wp-includes/js/jquery/jquery-migrate.min.js?ver=3.4.1 HTTP/1.1" 304 0 "https://garantishell.com/der-weg-zum-gitarrenspiel/" "Mozilla/5.0 AppleWebKit/537.36 (KHTML, like Gecko; compatible; ClaudeBot/1.0; +claudebot@anthropic.com)"
18.220.95.176 - - [14/Apr/2025:13:35:35 -0400] "GET /wp-content/themes/world-news/assets/js/custom.min.js?ver=1.1.1 HTTP/1.1" 304 0 "https://garantishell.com/der-weg-zum-gitarrenspiel/" "Mozilla/5.0 AppleWebKit/537.36 (KHTML, like Gecko; compatible; ClaudeBot/1.0; +claudebot@anthropic.com)"
18.220.95.176 - - [14/Apr/2025:13:35:35 -0400] "GET /wp-content/themes/world-news/assets/js/navigation.min.js?ver=1.1.1 HTTP/1.1" 304 0 "https://garantishell.com/der-weg-zum-gitarrenspiel/" "Mozilla/5.0 AppleWebKit/537.36 (KHTML, like Gecko; compatible; ClaudeBot/1.0; +claudebot@anthropic.com)"
18.220.95.176 - - [14/Apr/2025:13:35:35 -0400] "GET /wp-includes/js/jquery/jquery.min.js?ver=3.7.1 HTTP/1.1" 304 0 "https://garantishell.com/der-weg-zum-gitarrenspiel/" "Mozilla/5.0 AppleWebKit/537.36 (KHTML, like Gecko; compatible; ClaudeBot/1.0; +claudebot@anthropic.com)"
18.220.95.176 - - [14/Apr/2025:13:35:37 -0400] "GET /wp-includes/js/comment-reply.min.js?ver=6.7.1 HTTP/1.1" 304 0 "https://garantishell.com/der-weg-zum-gitarrenspiel/" "Mozilla/5.0 AppleWebKit/537.36 (KHTML, like Gecko; compatible; ClaudeBot/1.0; +claudebot@anthropic.com)"
18.220.95.176 - - [14/Apr/2025:13:35:38 -0400] "GET /wp-includes/js/wp-emoji-release.min.js?ver=6.7.1 HTTP/1.1" 304 0 "https://garantishell.com/der-weg-zum-gitarrenspiel/" "Mozilla/5.0 AppleWebKit/537.36 (KHTML, like Gecko; compatible; ClaudeBot/1.0; +claudebot@anthropic.com)"
51.222.253.8 - - [14/Apr/2025:13:36:01 -0400] "GET /author/admin/page/85/ HTTP/1.1" 200 9931 "-" "Mozilla/5.0 (compatible; AhrefsBot/7.0; +http://ahrefs.com/robot/)"
124.243.181.201 - - [14/Apr/2025:13:36:52 -0400] "GET /the-potential-of-fenbendazole-in-cancer-treatment-2/ HTTP/1.1" 200 10744 "https://garantishell.com/the-potential-of-fenbendazole-in-cancer-treatment-2/" "Mozilla/5.0 (Windows NT 10.0; Win64; x64) AppleWebKit/537.36 (KHTML, like Gecko) Chrome/110.0.0.0 Safari/537.36"
195.140.213.216 - - [14/Apr/2025:13:37:56 -0400] "GET / HTTP/1.1" 200 9272 "-" "Mozilla/5.0 (Windows NT 10.0; Win64; x64) AppleWebKit/537.36 (KHTML, like Gecko) Chrome/78.0.3904.108 Safari/537.36"
195.140.213.216 - - [14/Apr/2025:13:37:58 -0400] "GET //wp-includes/wlwmanifest.xml HTTP/1.1" 301 0 "-" "Mozilla/5.0 (Windows NT 10.0; Win64; x64) AppleWebKit/537.36 (KHTML, like Gecko) Chrome/78.0.3904.108 Safari/537.36"
198.54.114.83 - - [14/Apr/2025:13:38:03 -0400] "POST /wp-cron.php?doing_wp_cron=1744652281.6294710636138916015625 HTTP/1.1" 200 0 "-" "WordPress/6.7.1; https://garantishell.com"
195.140.213.216 - - [14/Apr/2025:13:38:04 -0400] "GET //xmlrpc.php?rsd HTTP/1.1" 200 294 "-" "Mozilla/5.0 (Windows NT 10.0; Win64; x64) AppleWebKit/537.36 (KHTML, like Gecko) Chrome/78.0.3904.108 Safari/537.36"
195.140.213.216 - - [14/Apr/2025:13:38:06 -0400] "GET //?author=1 HTTP/1.1" 301 0 "-" "Mozilla/5.0 (Windows NT 10.0; Win64; x64) AppleWebKit/537.36 (KHTML, like Gecko) Chrome/78.0.3904.108 Safari/537.36"
195.140.213.216 - - [14/Apr/2025:13:38:08 -0400] "GET //?author=2 HTTP/1.1" 301 0 "-" "Mozilla/5.0 (Windows NT 10.0; Win64; x64) AppleWebKit/537.36 (KHTML, like Gecko) Chrome/78.0.3904.108 Safari/537.36"
195.140.213.216 - - [14/Apr/2025:13:38:09 -0400] "GET //wp-json/wp/v2/users/ HTTP/1.1" 200 1264 "-" "Mozilla/5.0 (Windows NT 10.0; Win64; x64) AppleWebKit/537.36 (KHTML, like Gecko) Chrome/78.0.3904.108 Safari/537.36"
195.140.213.216 - - [14/Apr/2025:13:38:11 -0400] "POST //xmlrpc.php HTTP/1.1" 200 205 "-" "Mozilla/5.0 (Windows NT 10.0; Win64; x64) AppleWebKit/537.36 (KHTML, like Gecko) Chrome/78.0.3904.108 Safari/537.36"
195.140.213.216 - - [14/Apr/2025:13:38:14 -0400] "POST //xmlrpc.php HTTP/1.1" 200 205 "-" "Mozilla/5.0 (Windows NT 10.0; Win64; x64) AppleWebKit/537.36 (KHTML, like Gecko) Chrome/78.0.3904.108 Safari/537.36"
195.140.213.216 - - [14/Apr/2025:13:38:16 -0400] "POST //xmlrpc.php HTTP/1.1" 200 205 "-" "Mozilla/5.0 (Windows NT 10.0; Win64; x64) AppleWebKit/537.36 (KHTML, like Gecko) Chrome/78.0.3904.108 Safari/537.36"
195.140.213.216 - - [14/Apr/2025:13:38:18 -0400] "POST //xmlrpc.php HTTP/1.1" 200 205 "-" "Mozilla/5.0 (Windows NT 10.0; Win64; x64) AppleWebKit/537.36 (KHTML, like Gecko) Chrome/78.0.3904.108 Safari/537.36"
195.140.213.216 - - [14/Apr/2025:13:38:21 -0400] "POST //xmlrpc.php HTTP/1.1" 200 205 "-" "Mozilla/5.0 (Windows NT 10.0; Win64; x64) AppleWebKit/537.36 (KHTML, like Gecko) Chrome/78.0.3904.108 Safari/537.36"
195.140.213.216 - - [14/Apr/2025:13:38:23 -0400] "POST //xmlrpc.php HTTP/1.1" 200 205 "-" "Mozilla/5.0 (Windows NT 10.0; Win64; x64) AppleWebKit/537.36 (KHTML, like Gecko) Chrome/78.0.3904.108 Safari/537.36"
51.222.253.9 - - [14/Apr/2025:13:40:06 -0400] "GET /author/ashdev/ HTTP/1.1" 200 9847 "-" "Mozilla/5.0 (compatible; AhrefsBot/7.0; +http://ahrefs.com/robot/)"
198.54.114.83 - - [14/Apr/2025:13:40:13 -0400] "POST /wp-cron.php?doing_wp_cron=1744652410.1058070659637451171875 HTTP/1.1" 200 0 "-" "WordPress/6.7.1; https://garantishell.com"
198.54.114.83 - - [14/Apr/2025:13:44:05 -0400] "POST /wp-cron.php?doing_wp_cron=1744652644.6680059432983398437500 HTTP/1.1" 200 0 "-" "WordPress/6.7.1; https://garantishell.com"
198.54.114.83 - - [14/Apr/2025:13:44:08 -0400] "POST /wp-admin/admin-ajax.php?action=async_litespeed&nonce=KqOllrbor9NoS0jc3IOdFUcdpINk42Zt&litespeed_type=imgoptm HTTP/1.1" 200 0 "-" "WordPress/6.7.1; https://garantishell.com"
51.222.253.9 - - [14/Apr/2025:13:44:00 -0400] "GET /page/15/ HTTP/1.1" 200 9653 "-" "Mozilla/5.0 (compatible; AhrefsBot/7.0; +http://ahrefs.com/robot/)"
51.222.253.4 - - [14/Apr/2025:13:48:23 -0400] "GET /page/16/ HTTP/1.1" 200 9745 "-" "Mozilla/5.0 (compatible; AhrefsBot/7.0; +http://ahrefs.com/robot/)"
5.255.231.109 - - [14/Apr/2025:13:49:41 -0400] "GET /robots.txt HTTP/1.1" 304 0 "-" "Mozilla/5.0 (compatible; YandexBot/3.0; +http://yandex.com/bots)"
198.54.114.83 - - [14/Apr/2025:13:49:49 -0400] "POST /wp-cron.php?doing_wp_cron=1744652988.1793589591979980468750 HTTP/1.1" 200 0 "-" "WordPress/6.7.1; https://garantishell.com"
95.108.213.204 - - [14/Apr/2025:13:49:44 -0400] "GET /der-bauexperte-in-luneburg-ihr-partner-fur-bauprojekte/ HTTP/1.1" 200 10488 "-" "Mozilla/5.0 (compatible; YandexBot/3.0; +http://yandex.com/bots)"
119.13.89.171 - - [14/Apr/2025:13:50:47 -0400] "GET /a-stellar-journey-into-crypto/ HTTP/1.1" 200 10216 "https://garantishell.com/a-stellar-journey-into-crypto/" "Mozilla/5.0 (Macintosh; Intel Mac OS X 10_15_7) AppleWebKit/537.36 (KHTML, like Gecko) Chrome/119.0.0.0 Safari/537.36"
198.54.114.83 - - [14/Apr/2025:13:53:21 -0400] "POST /wp-cron.php?doing_wp_cron=1744653200.6569659709930419921875 HTTP/1.1" 200 0 "-" "WordPress/6.7.1; https://garantishell.com"
51.222.253.10 - - [14/Apr/2025:13:53:16 -0400] "GET /personalize-your-ride-with-custom-license-plates/ HTTP/1.1" 200 10671 "-" "Mozilla/5.0 (compatible; AhrefsBot/7.0; +http://ahrefs.com/robot/)"
198.54.114.83 - - [14/Apr/2025:13:54:46 -0400] "POST /wp-cron.php?doing_wp_cron=1744653285.4589679241180419921875 HTTP/1.1" 200 0 "-" "WordPress/6.7.1; https://garantishell.com"
92.251.103.63 - - [14/Apr/2025:13:54:42 -0400] "GET /umzugsunternehmen-in-luneburg-ihr-partner-fur-einen-stressfreien-umzug/ HTTP/1.1" 200 10391 "-" "Mozilla/5.0 (Windows NT 10.0; Win64; x64) AppleWebKit/537.36 (KHTML, like Gecko) Chrome/121.0.0.0 Safari/537.36"
198.54.114.83 - - [14/Apr/2025:13:54:48 -0400] "POST /wp-admin/admin-ajax.php?action=async_litespeed&nonce=KrlBSZHnYanfvePq1PqCaxSseRlL1kdp&litespeed_type=imgoptm HTTP/1.1" 200 0 "-" "WordPress/6.7.1; https://garantishell.com"
198.54.114.83 - - [14/Apr/2025:13:58:13 -0400] "POST /wp-cron.php?doing_wp_cron=1744653491.8923308849334716796875 HTTP/1.1" 200 0 "-" "WordPress/6.7.1; https://garantishell.com"
51.222.253.15 - - [14/Apr/2025:13:58:08 -0400] "GET /renovation-de-salle-de-bain-guide-complet-pour-transformer-votre-espace/ HTTP/1.1" 200 10796 "-" "Mozilla/5.0 (compatible; AhrefsBot/7.0; +http://ahrefs.com/robot/)"
198.54.114.83 - - [14/Apr/2025:14:03:08 -0400] "POST /wp-cron.php?doing_wp_cron=1744653786.9536139965057373046875 HTTP/1.1" 200 0 "-" "WordPress/6.7.1; https://garantishell.com"
51.222.253.17 - - [14/Apr/2025:14:03:03 -0400] "GET /category/arts-entertainments/page/17/ HTTP/1.1" 200 9542 "-" "Mozilla/5.0 (compatible; AhrefsBot/7.0; +http://ahrefs.com/robot/)"
198.54.114.83 - - [14/Apr/2025:14:04:51 -0400] "POST /wp-cron.php?doing_wp_cron=1744653889.7386620044708251953125 HTTP/1.1" 200 0 "-" "WordPress/6.7.1; https://garantishell.com"
190.92.232.150 - - [14/Apr/2025:14:04:47 -0400] "GET /the-benefits-of-business-trip-massage-for-executives/ HTTP/1.1" 200 10747 "https://garantishell.com/the-benefits-of-business-trip-massage-for-executives/" "Mozilla/5.0 (Macintosh; Intel Mac OS X 10_15_7) AppleWebKit/537.36 (KHTML, like Gecko) Chrome/131.0.0.0 Safari/537.36"
51.222.253.15 - - [14/Apr/2025:14:08:07 -0400] "GET /shield-your-privacy-with-anonymous-vps-solutions/ HTTP/1.1" 200 10602 "-" "Mozilla/5.0 (compatible; AhrefsBot/7.0; +http://ahrefs.com/robot/)"
240e:350:8003:ec3b:4ecc:6a7d:55f7:5ca9 - - [14/Apr/2025:14:09:03 -0400] "POST /wp-comments-post.php HTTP/1.1" 302 0 "-" "Mozilla/5.0 (Windows NT 10.0; Win64; x64) AppleWebKit/537.36 (KHTML, like Gecko) Chrome/108.0.0.0 Safari/537.36 Edg/108.0.1462.46"
52.164.203.120 - - [14/Apr/2025:14:09:08 -0400] "GET /index.php HTTP/1.1" 301 0 "-" "-"
240e:350:8003:ec3b:4ecc:6a7d:55f7:5ca9 - - [14/Apr/2025:14:09:07 -0400] "GET /il-rifugio-di-benessere-sul-lago-di-garda/?unapproved=4245&moderation-hash=c37ead8d8969bacb106e27137f2a15f6 HTTP/1.1" 200 11010 "-" "Mozilla/5.0 (Windows NT 10.0; Win64; x64) AppleWebKit/537.36 (KHTML, like Gecko) Chrome/108.0.0.0 Safari/537.36 Edg/108.0.1462.46"
52.164.203.120 - - [14/Apr/2025:14:09:10 -0400] "GET / HTTP/1.1" 200 9272 "-" "-"
198.54.114.83 - - [14/Apr/2025:14:09:15 -0400] "POST /wp-cron.php?doing_wp_cron=1744654154.4185969829559326171875 HTTP/1.1" 200 0 "-" "WordPress/6.7.1; https://garantishell.com"
52.164.203.120 - - [14/Apr/2025:14:09:14 -0400] "GET /cgi-bin/xmrlpc.php HTTP/1.1" 404 6868 "-" "-"
52.164.203.120 - - [14/Apr/2025:14:09:19 -0400] "GET /404.php HTTP/1.1" 404 6868 "-" "-"
52.164.203.120 - - [14/Apr/2025:14:09:25 -0400] "GET /wp-configs.php HTTP/1.1" 404 6868 "-" "-"
52.164.203.120 - - [14/Apr/2025:14:09:30 -0400] "GET /simple.php HTTP/1.1" 404 6868 "-" "-"
52.164.203.120 - - [14/Apr/2025:14:09:35 -0400] "GET /themes.php HTTP/1.1" 404 6868 "-" "-"
52.164.203.120 - - [14/Apr/2025:14:09:37 -0400] "GET /ini.php HTTP/1.1" 404 6868 "-" "-"
52.164.203.120 - - [14/Apr/2025:14:09:41 -0400] "GET /autoload_classmap.php HTTP/1.1" 404 6867 "-" "-"
52.164.203.120 - - [14/Apr/2025:14:09:47 -0400] "GET /as.php HTTP/1.1" 404 6868 "-" "-"
52.164.203.120 - - [14/Apr/2025:14:09:53 -0400] "GET /admin/upload/css.php HTTP/1.1" 404 6868 "-" "-"
52.164.203.120 - - [14/Apr/2025:14:09:58 -0400] "GET /.well-known/pki-validation/afnew.php HTTP/1.1" 404 1251 "-" "-"
52.164.203.120 - - [14/Apr/2025:14:10:04 -0400] "GET /lufix.php HTTP/1.1" 404 6868 "-" "-"
52.164.203.120 - - [14/Apr/2025:14:10:11 -0400] "GET /media.php HTTP/1.1" 404 6868 "-" "-"
52.164.203.120 - - [14/Apr/2025:14:10:18 -0400] "GET /simple.php HTTP/1.1" 404 6868 "-" "-"
52.164.203.120 - - [14/Apr/2025:14:10:24 -0400] "GET /contact.php HTTP/1.1" 404 6868 "-" "-"
198.54.114.83 - - [14/Apr/2025:14:10:27 -0400] "POST /wp-cron.php?doing_wp_cron=1744654224.5894839763641357421875 HTTP/1.1" 200 0 "-" "WordPress/6.7.1; https://garantishell.com"
52.164.203.120 - - [14/Apr/2025:14:10:32 -0400] "GET /byp.php HTTP/1.1" 404 6868 "-" "-"
52.164.203.120 - - [14/Apr/2025:14:10:39 -0400] "GET /upload.php HTTP/1.1" 404 6867 "-" "-"
52.164.203.120 - - [14/Apr/2025:14:10:44 -0400] "GET /wp-content/themes/sketch/404.php HTTP/1.1" 404 6867 "-" "-"
52.164.203.120 - - [14/Apr/2025:14:10:49 -0400] "GET /test.php HTTP/1.1" 404 6868 "-" "-"
52.164.203.120 - - [14/Apr/2025:14:10:54 -0400] "GET /cong.php HTTP/1.1" 404 6868 "-" "-"
52.164.203.120 - - [14/Apr/2025:14:11:00 -0400] "GET /about/function.php HTTP/1.1" 404 6868 "-" "-"
52.164.203.120 - - [14/Apr/2025:14:11:06 -0400] "GET /filemanager/dialog.php HTTP/1.1" 404 6868 "-" "-"
52.164.203.120 - - [14/Apr/2025:14:11:11 -0400] "GET /bak.php HTTP/1.1" 404 6868 "-" "-"
52.164.203.120 - - [14/Apr/2025:14:11:20 -0400] "GET /wp-info.php HTTP/1.1" 404 6868 "-" "-"
52.164.203.120 - - [14/Apr/2025:14:11:29 -0400] "GET /files/index.php HTTP/1.1" 301 0 "-" "-"
198.54.114.83 - - [14/Apr/2025:14:11:32 -0400] "POST /wp-cron.php?doing_wp_cron=1744654289.5800740718841552734375 HTTP/1.1" 200 0 "-" "WordPress/6.7.1; https://garantishell.com"
52.164.203.120 - - [14/Apr/2025:14:11:36 -0400] "GET /files/ HTTP/1.1" 404 6868 "-" "-"
52.164.203.120 - - [14/Apr/2025:14:11:41 -0400] "GET /css.php HTTP/1.1" 404 6867 "-" "-"
52.164.203.120 - - [14/Apr/2025:14:11:46 -0400] "GET /css/index.php HTTP/1.1" 301 0 "-" "-"
52.164.203.120 - - [14/Apr/2025:14:11:48 -0400] "GET /css/ HTTP/1.1" 404 6867 "-" "-"
52.164.203.120 - - [14/Apr/2025:14:11:56 -0400] "GET /wp-includes/bak.php HTTP/1.1" 404 6868 "-" "-"
52.164.203.120 - - [14/Apr/2025:14:12:03 -0400] "GET /alfa-rex.php7 HTTP/1.1" 404 6867 "-" "-"
52.164.203.120 - - [14/Apr/2025:14:12:08 -0400] "GET /wp-admin/wp-login.php HTTP/1.1" 404 6868 "-" "-"
52.164.203.120 - - [14/Apr/2025:14:12:13 -0400] "GET /wp-includes/cloud.php HTTP/1.1" 404 6867 "-" "-"
52.164.203.120 - - [14/Apr/2025:14:12:19 -0400] "GET /wp-content/index.php HTTP/1.1" 200 0 "-" "-"
52.164.203.120 - - [14/Apr/2025:14:12:21 -0400] "GET /readme.php HTTP/1.1" 404 6868 "-" "-"
52.164.203.120 - - [14/Apr/2025:14:12:27 -0400] "GET /wp-admin/about.php HTTP/1.1" 302 0 "-" "-"
52.164.203.120 - - [14/Apr/2025:14:12:30 -0400] "GET /wp-login.php?redirect_to=https%3A%2F%2Fgarantishell.com%2Fwp-admin%2Fabout.php&reauth=1 HTTP/1.1" 200 1746 "-" "-"
51.222.253.5 - - [14/Apr/2025:14:12:29 -0400] "GET /oceanic-elegance-in-every-strand/ HTTP/1.1" 200 10685 "-" "Mozilla/5.0 (compatible; AhrefsBot/7.0; +http://ahrefs.com/robot/)"
198.54.114.83 - - [14/Apr/2025:14:12:32 -0400] "POST /wp-cron.php?doing_wp_cron=1744654350.0409710407257080078125 HTTP/1.1" 200 0 "-" "WordPress/6.7.1; https://garantishell.com"
52.164.203.120 - - [14/Apr/2025:14:12:36 -0400] "GET /wp-content/themes/404.php HTTP/1.1" 404 6868 "-" "-"
52.164.203.120 - - [14/Apr/2025:14:12:40 -0400] "GET /wp-admin/index.php HTTP/1.1" 302 0 "-" "-"
52.164.203.120 - - [14/Apr/2025:14:12:42 -0400] "GET /wp-login.php?redirect_to=https%3A%2F%2Fgarantishell.com%2Fwp-admin%2Findex.php&reauth=1 HTTP/1.1" 200 1745 "-" "-"
52.164.203.120 - - [14/Apr/2025:14:12:46 -0400] "GET /wp-content/themes.php HTTP/1.1" 404 6867 "-" "-"
52.164.203.120 - - [14/Apr/2025:14:12:49 -0400] "GET /wp-content/dropdown.php HTTP/1.1" 404 6868 "-" "-"
52.164.203.120 - - [14/Apr/2025:14:12:52 -0400] "GET /wp-includes/404.php HTTP/1.1" 404 6868 "-" "-"
52.164.203.120 - - [14/Apr/2025:14:12:54 -0400] "GET /wp-content/upgrade/index.php HTTP/1.1" 301 0 "-" "-"
52.164.203.120 - - [14/Apr/2025:14:12:56 -0400] "GET /wp-content/upgrade/ HTTP/1.1" 403 1242 "-" "-"
52.164.203.120 - - [14/Apr/2025:14:12:58 -0400] "GET /cgi-bin/file.php HTTP/1.1" 404 6868 "-" "-"
52.164.203.120 - - [14/Apr/2025:14:13:00 -0400] "GET /.well-known/index.php HTTP/1.1" 301 0 "-" "-"
52.164.203.120 - - [14/Apr/2025:14:13:01 -0400] "GET /.well-known/ HTTP/1.1" 403 1242 "-" "-"
134.17.14.122 - - [14/Apr/2025:14:13:03 -0400] "GET /membership-pricing/ HTTP/1.1" 404 6867 "-" "Mozilla/4.0 (compatible; MSIE 6.0; Windows NT 5.1; SV1)"
52.164.203.120 - - [14/Apr/2025:14:13:04 -0400] "GET /wp-content/cloud.php HTTP/1.1" 404 6867 "-" "-"
52.164.203.120 - - [14/Apr/2025:14:13:06 -0400] "GET /.well-known/acme-challenge/index.php HTTP/1.1" 301 0 "-" "-"
52.164.203.120 - - [14/Apr/2025:14:13:08 -0400] "GET /.well-known/acme-challenge/ HTTP/1.1" 404 6868 "-" "-"
52.164.203.120 - - [14/Apr/2025:14:13:11 -0400] "GET /cgi-bin/404.php HTTP/1.1" 404 6868 "-" "-"
52.164.203.120 - - [14/Apr/2025:14:13:15 -0400] "GET /wp-includes/function.php HTTP/1.1" 404 6868 "-" "-"
52.164.203.120 - - [14/Apr/2025:14:13:18 -0400] "GET /file.php HTTP/1.1" 404 6868 "-" "-"
52.164.203.120 - - [14/Apr/2025:14:13:20 -0400] "GET /.well-known/acme-challenge/autoload_classmap.php HTTP/1.1" 404 6868 "-" "-"
52.164.203.120 - - [14/Apr/2025:14:13:24 -0400] "GET /wp-includes/themes.php HTTP/1.1" 404 6868 "-" "-"
52.164.203.120 - - [14/Apr/2025:14:13:27 -0400] "GET /wp-includes/wp-login.php HTTP/1.1" 404 6868 "-" "-"
198.54.114.83 - - [14/Apr/2025:14:13:31 -0400] "POST /wp-cron.php?doing_wp_cron=1744654410.6647799015045166015625 HTTP/1.1" 200 0 "-" "WordPress/6.7.1; https://garantishell.com"
52.164.203.120 - - [14/Apr/2025:14:13:30 -0400] "GET /wp-content/file.php HTTP/1.1" 404 6868 "-" "-"
198.54.114.83 - - [14/Apr/2025:14:13:32 -0400] "POST /wp-admin/admin-ajax.php?action=async_litespeed&nonce=7dzzZ7I9UDeyFaW8qvgj2prcUoLAv3Qw&litespeed_type=imgoptm HTTP/1.1" 200 0 "-" "WordPress/6.7.1; https://garantishell.com"
52.164.203.120 - - [14/Apr/2025:14:13:37 -0400] "GET /wp-trackback.php HTTP/1.1" 404 91 "-" "-"
52.164.203.120 - - [14/Apr/2025:14:13:41 -0400] "GET /wp-includes/SimplePie/wp-login.php HTTP/1.1" 404 6867 "-" "-"
52.164.203.120 - - [14/Apr/2025:14:13:44 -0400] "GET /cgi-bin/index.php HTTP/1.1" 404 1251 "-" "-"
52.164.203.120 - - [14/Apr/2025:14:13:46 -0400] "GET /wp-admin/themes.php HTTP/1.1" 302 0 "-" "-"
198.54.114.83 - - [14/Apr/2025:14:13:49 -0400] "POST /wp-cron.php?doing_wp_cron=1744654427.3343429565429687500000 HTTP/1.1" 200 0 "-" "WordPress/6.7.1; https://garantishell.com"
52.164.203.120 - - [14/Apr/2025:14:13:50 -0400] "GET /wp-login.php?redirect_to=https%3A%2F%2Fgarantishell.com%2Fwp-admin%2Fthemes.php&reauth=1 HTTP/1.1" 200 1744 "-" "-"
52.164.203.120 - - [14/Apr/2025:14:13:57 -0400] "GET /.well-known/cloud.php HTTP/1.1" 404 6868 "-" "-"
52.164.203.120 - - [14/Apr/2025:14:14:03 -0400] "GET /.well-known/wp-load.php HTTP/1.1" 404 6867 "-" "-"
52.164.203.120 - - [14/Apr/2025:14:14:09 -0400] "GET /.well-known/file.php HTTP/1.1" 404 6867 "-" "-"
52.164.203.120 - - [14/Apr/2025:14:14:14 -0400] "GET /.well-known/makeasmtp.php HTTP/1.1" 404 6867 "-" "-"
52.164.203.120 - - [14/Apr/2025:14:14:19 -0400] "GET /wp-includes/index.php HTTP/1.1" 301 0 "-" "-"
52.164.203.120 - - [14/Apr/2025:14:14:21 -0400] "GET /wp-includes/ HTTP/1.1" 403 1242 "-" "-"
52.164.203.120 - - [14/Apr/2025:14:14:22 -0400] "GET /.well-known/acme-challenge/admin.php HTTP/1.1" 404 6867 "-" "-"
52.164.203.120 - - [14/Apr/2025:14:14:33 -0400] "GET /wp-admin/404.php HTTP/1.1" 404 6867 "-" "-"
52.164.203.120 - - [14/Apr/2025:14:14:40 -0400] "GET /.well-known/acme-challenge/makeasmtp.php HTTP/1.1" 404 6867 "-" "-"
52.164.203.120 - - [14/Apr/2025:14:14:43 -0400] "GET /radio.php HTTP/1.1" 404 6867 "-" "-"
52.164.203.120 - - [14/Apr/2025:14:14:54 -0400] "GET /wp-content/themes/index.php HTTP/1.1" 200 0 "-" "-"
52.164.203.120 - - [14/Apr/2025:14:15:01 -0400] "GET /wp-includes/admin.php HTTP/1.1" 404 6868 "-" "-"
198.54.114.83 - - [14/Apr/2025:14:15:07 -0400] "POST /wp-cron.php?doing_wp_cron=1744654501.8592340946197509765625 HTTP/1.1" 200 0 "-" "WordPress/6.7.1; https://garantishell.com"
52.164.203.120 - - [14/Apr/2025:14:15:13 -0400] "GET /wp-includes/system_log.php?p= HTTP/1.1" 301 0 "-" "-"
52.164.203.120 - - [14/Apr/2025:14:15:19 -0400] "GET /wp-includes/system_log.php HTTP/1.1" 404 6868 "-" "-"
52.164.203.120 - - [14/Apr/2025:14:15:24 -0400] "GET /wp-includes/wp-activate.php HTTP/1.1" 404 6868 "-" "-"
52.164.203.120 - - [14/Apr/2025:14:15:31 -0400] "GET /wp-includes/makeasmtp.php HTTP/1.1" 404 6868 "-" "-"
52.164.203.120 - - [14/Apr/2025:14:15:37 -0400] "GET /wp-admin/user/index.php HTTP/1.1" 302 0 "-" "-"
52.164.203.120 - - [14/Apr/2025:14:15:41 -0400] "GET /wp-login.php?redirect_to=https%3A%2F%2Fgarantishell.com%2Fwp-admin%2Fuser%2Findex.php&reauth=1 HTTP/1.1" 200 1743 "-" "-"
52.164.203.120 - - [14/Apr/2025:14:15:45 -0400] "GET /link.php HTTP/1.1" 404 6868 "-" "-"
52.164.203.120 - - [14/Apr/2025:14:15:49 -0400] "GET /wp-content/autoload_classmap.php HTTP/1.1" 404 6868 "-" "-"
52.164.203.120 - - [14/Apr/2025:14:15:53 -0400] "GET /cgi-bin/themes.php HTTP/1.1" 404 6868 "-" "-"
52.164.203.120 - - [14/Apr/2025:14:15:56 -0400] "GET /wp-content/themes/admin.php HTTP/1.1" 404 6869 "-" "-"
52.164.203.120 - - [14/Apr/2025:14:16:00 -0400] "GET /wp-admin/css/wp-login.php HTTP/1.1" 404 6868 "-" "-"
52.164.203.120 - - [14/Apr/2025:14:16:03 -0400] "GET /function.php HTTP/1.1" 404 6868 "-" "-"
198.54.114.83 - - [14/Apr/2025:14:16:05 -0400] "POST /wp-cron.php?doing_wp_cron=1744654563.6391279697418212890625 HTTP/1.1" 200 0 "-" "WordPress/6.7.1; https://garantishell.com"
52.164.203.120 - - [14/Apr/2025:14:16:09 -0400] "GET /wp-admin/images/wp-login.php HTTP/1.1" 404 6868 "-" "-"
52.164.203.120 - - [14/Apr/2025:14:16:11 -0400] "GET /log.php HTTP/1.1" 404 6868 "-" "-"
52.164.203.120 - - [14/Apr/2025:14:16:15 -0400] "GET /wp-admin/wp-signup.php HTTP/1.1" 404 6868 "-" "-"
52.164.203.120 - - [14/Apr/2025:14:16:17 -0400] "GET /wp-content/themes/themes.php HTTP/1.1" 404 6868 "-" "-"
52.164.203.120 - - [14/Apr/2025:14:16:19 -0400] "GET /.well-known/radio.php HTTP/1.1" 404 6868 "-" "-"
52.164.203.120 - - [14/Apr/2025:14:16:21 -0400] "GET /wp-mail.php HTTP/1.1" 403 958 "-" "-"
52.164.203.120 - - [14/Apr/2025:14:16:23 -0400] "GET /.well-known/pki-validation/index.php HTTP/1.1" 404 1251 "-" "-"
52.164.203.120 - - [14/Apr/2025:14:16:25 -0400] "GET /.well-known/admin.php HTTP/1.1" 404 6868 "-" "-"
52.164.203.120 - - [14/Apr/2025:14:16:28 -0400] "GET /cgi-bin/wp-login.php HTTP/1.1" 404 6868 "-" "-"
52.164.203.120 - - [14/Apr/2025:14:16:31 -0400] "GET /wp-links-opml.php HTTP/1.1" 200 157 "-" "-"
52.164.203.120 - - [14/Apr/2025:14:16:35 -0400] "GET /.well-known/acme-challenge/radio.php HTTP/1.1" 404 6868 "-" "-"
52.164.203.120 - - [14/Apr/2025:14:16:39 -0400] "GET /wp-admin/images/file.php HTTP/1.1" 404 6867 "-" "-"
52.164.203.120 - - [14/Apr/2025:14:16:41 -0400] "GET /wp-content/upgrade/function.php HTTP/1.1" 404 6867 "-" "-"
52.164.203.120 - - [14/Apr/2025:14:16:43 -0400] "GET /wp-admin/user/themes.php HTTP/1.1" 404 6867 "-" "-"
52.164.203.120 - - [14/Apr/2025:14:16:47 -0400] "GET /cgi-bin/radio.php HTTP/1.1" 404 6868 "-" "-"
52.164.203.120 - - [14/Apr/2025:14:16:50 -0400] "GET /wp-admin/css/license.php HTTP/1.1" 404 6868 "-" "-"
52.164.203.120 - - [14/Apr/2025:14:16:53 -0400] "GET /wp-content/radio.php HTTP/1.1" 404 6868 "-" "-"
52.164.203.120 - - [14/Apr/2025:14:16:57 -0400] "GET /wp-content/plugins/about.php HTTP/1.1" 404 6868 "-" "-"
51.222.253.20 - - [14/Apr/2025:14:16:58 -0400] "GET /2024/01/page/3/ HTTP/1.1" 200 8513 "-" "Mozilla/5.0 (compatible; AhrefsBot/7.0; +http://ahrefs.com/robot/)"
52.164.203.120 - - [14/Apr/2025:14:17:03 -0400] "GET /wp-admin/autoload_classmap.php HTTP/1.1" 404 6868 "-" "-"
198.54.114.83 - - [14/Apr/2025:14:17:08 -0400] "POST /wp-cron.php?doing_wp_cron=1744654627.1522519588470458984375 HTTP/1.1" 200 0 "-" "WordPress/6.7.1; https://garantishell.com"
52.164.203.120 - - [14/Apr/2025:14:17:06 -0400] "GET /.well-known/wp-login.php HTTP/1.1" 404 6868 "-" "-"
52.164.203.120 - - [14/Apr/2025:14:17:11 -0400] "GET /wp-includes/wp-load.php HTTP/1.1" 404 6868 "-" "-"
52.164.203.120 - - [14/Apr/2025:14:17:16 -0400] "GET /wp-admin/file.php HTTP/1.1" 404 6868 "-" "-"
52.164.203.120 - - [14/Apr/2025:14:17:19 -0400] "GET /.well-known/dropdown.php HTTP/1.1" 404 6868 "-" "-"
52.164.203.120 - - [14/Apr/2025:14:17:25 -0400] "GET /wp-content/plugins/dropdown.php HTTP/1.1" 404 6868 "-" "-"
52.164.203.120 - - [14/Apr/2025:14:17:28 -0400] "GET /wp-admin/includes/index.php HTTP/1.1" 301 0 "-" "-"
52.164.203.120 - - [14/Apr/2025:14:17:31 -0400] "GET /wp-admin/includes/ HTTP/1.1" 403 1242 "-" "-"
52.164.203.120 - - [14/Apr/2025:14:17:35 -0400] "GET /wp-signup.php HTTP/1.1" 302 0 "-" "-"
52.164.203.120 - - [14/Apr/2025:14:17:37 -0400] "GET /wp-login.php?action=register HTTP/1.1" 302 0 "-" "-"
52.164.203.120 - - [14/Apr/2025:14:17:39 -0400] "GET /wp-login.php?registration=disabled HTTP/1.1" 200 1801 "-" "-"
52.164.203.120 - - [14/Apr/2025:14:17:41 -0400] "GET /wp-includes/images/css.php HTTP/1.1" 404 6867 "-" "-"
52.164.203.120 - - [14/Apr/2025:14:17:43 -0400] "GET /chosen.php HTTP/1.1" 404 6867 "-" "-"
52.164.203.120 - - [14/Apr/2025:14:17:46 -0400] "GET /wp-content/cong.php HTTP/1.1" 404 6868 "-" "-"
52.164.203.120 - - [14/Apr/2025:14:17:48 -0400] "GET /mah.php HTTP/1.1" 404 6868 "-" "-"
52.164.203.120 - - [14/Apr/2025:14:17:51 -0400] "GET /.well-known/acme-challenge/plugins.php HTTP/1.1" 404 6868 "-" "-"
52.164.203.120 - - [14/Apr/2025:14:17:53 -0400] "GET /ova-tools.php HTTP/1.1" 404 6868 "-" "-"
52.164.203.120 - - [14/Apr/2025:14:17:56 -0400] "GET /wp-includes/Requests/about.php HTTP/1.1" 404 6868 "-" "-"
52.164.203.120 - - [14/Apr/2025:14:17:58 -0400] "GET /wp-includes/style-engine/about.php HTTP/1.1" 404 6868 "-" "-"
52.164.203.120 - - [14/Apr/2025:14:18:04 -0400] "GET /wp-includes/rest-api/about.php HTTP/1.1" 404 6868 "-" "-"
52.164.203.120 - - [14/Apr/2025:14:18:09 -0400] "GET /wp-includes/SimplePie/about.php HTTP/1.1" 404 6868 "-" "-"
198.54.114.83 - - [14/Apr/2025:14:18:12 -0400] "POST /wp-cron.php?doing_wp_cron=1744654689.6369729042053222656250 HTTP/1.1" 200 0 "-" "WordPress/6.7.1; https://garantishell.com"
52.164.203.120 - - [14/Apr/2025:14:18:14 -0400] "GET /wp-content/banners/about.php HTTP/1.1" 404 6867 "-" "-"
52.164.203.120 - - [14/Apr/2025:14:18:17 -0400] "GET /wp-admin/license.php HTTP/1.1" 404 6868 "-" "-"
52.164.203.120 - - [14/Apr/2025:14:18:20 -0400] "GET /wp-content/about.php HTTP/1.1" 404 6868 "-" "-"
52.164.203.120 - - [14/Apr/2025:14:18:22 -0400] "GET /.well-known/about.php HTTP/1.1" 404 6868 "-" "-"
52.164.203.120 - - [14/Apr/2025:14:18:25 -0400] "GET /wp-includes/Text/about.php HTTP/1.1" 404 6868 "-" "-"
52.164.203.120 - - [14/Apr/2025:14:18:27 -0400] "GET /wp-includes/ID3/about.php HTTP/1.1" 404 6868 "-" "-"
52.164.203.120 - - [14/Apr/2025:14:18:29 -0400] "GET /img/about.php HTTP/1.1" 404 6868 "-" "-"
52.164.203.120 - - [14/Apr/2025:14:18:31 -0400] "GET /wp-content/languages/about.php HTTP/1.1" 404 6868 "-" "-"
52.164.203.120 - - [14/Apr/2025:14:18:36 -0400] "GET /wp-includes/customize/about.php HTTP/1.1" 404 6868 "-" "-"
52.164.203.120 - - [14/Apr/2025:14:18:39 -0400] "GET /wp-includes.bak/html-api/about.php HTTP/1.1" 404 6867 "-" "-"
52.164.203.120 - - [14/Apr/2025:14:18:42 -0400] "GET /wp-includes/widgets/about.php HTTP/1.1" 404 6867 "-" "-"
52.164.203.120 - - [14/Apr/2025:14:18:45 -0400] "GET /wp-includes/IXR/about.php HTTP/1.1" 404 6868 "-" "-"
150.40.255.3 - - [14/Apr/2025:14:18:45 -0400] "GET /top-supplements-to-effectively-lower-blood-sugar-levels/ HTTP/1.1" 200 10316 "https://garantishell.com/top-supplements-to-effectively-lower-blood-sugar-levels/#primary" "Mozilla/5.0 (Macintosh; Intel Mac OS X 10_15_7) AppleWebKit/537.36 (KHTML, like Gecko) Chrome/131.0.0.0 Safari/537.36"
52.164.203.120 - - [14/Apr/2025:14:18:48 -0400] "GET /wp-admin/js/about.php HTTP/1.1" 404 6868 "-" "-"
52.164.203.120 - - [14/Apr/2025:14:18:52 -0400] "GET /.well-known/pki-validation/about.php HTTP/1.1" 404 1251 "-" "-"
52.164.203.120 - - [14/Apr/2025:14:18:54 -0400] "GET /wp-includes/pomo/about.php HTTP/1.1" 404 6869 "-" "-"
52.164.203.120 - - [14/Apr/2025:14:18:58 -0400] "GET /wp-includes/block-patterns/about.php HTTP/1.1" 404 6868 "-" "-"
52.164.203.120 - - [14/Apr/2025:14:19:02 -0400] "GET /wp-content/updraft/about.php HTTP/1.1" 404 6868 "-" "-"
52.164.203.120 - - [14/Apr/2025:14:19:07 -0400] "GET /wp-content/upgrade-temp-backup/about.php HTTP/1.1" 404 6868 "-" "-"
198.54.114.83 - - [14/Apr/2025:14:19:14 -0400] "POST /wp-cron.php?doing_wp_cron=1744654753.0698609352111816406250 HTTP/1.1" 200 0 "-" "WordPress/6.7.1; https://garantishell.com"
52.164.203.120 - - [14/Apr/2025:14:19:12 -0400] "GET /wp-content/themes/about.php HTTP/1.1" 404 6867 "-" "-"
52.164.203.120 - - [14/Apr/2025:14:19:17 -0400] "GET /wp-admin/includes/about.php HTTP/1.1" 404 6868 "-" "-"
52.164.203.120 - - [14/Apr/2025:14:19:20 -0400] "GET /images/about.php HTTP/1.1" 404 6868 "-" "-"
52.164.203.120 - - [14/Apr/2025:14:19:23 -0400] "GET /wp-content/blogs.dir/about.php HTTP/1.1" 404 6867 "-" "-"
52.164.203.120 - - [14/Apr/2025:14:19:25 -0400] "GET /wp-includes/images/about.php HTTP/1.1" 404 6868 "-" "-"
52.164.203.120 - - [14/Apr/2025:14:19:28 -0400] "GET /wp-includes/about.php HTTP/1.1" 404 6868 "-" "-"
52.164.203.120 - - [14/Apr/2025:14:19:32 -0400] "GET /cgi-bin/about.php HTTP/1.1" 404 6868 "-" "-"
52.164.203.120 - - [14/Apr/2025:14:19:37 -0400] "GET /wp-content/gallery/about.php HTTP/1.1" 404 6868 "-" "-"
52.164.203.120 - - [14/Apr/2025:14:19:42 -0400] "GET /wp-includes/blocks/about.php HTTP/1.1" 404 6867 "-" "-"
52.164.203.120 - - [14/Apr/2025:14:19:47 -0400] "GET /wp-admin/css/about.php HTTP/1.1" 404 6868 "-" "-"
52.164.203.120 - - [14/Apr/2025:14:19:51 -0400] "GET /wp-admin/images/about.php HTTP/1.1" 404 6868 "-" "-"
52.164.203.120 - - [14/Apr/2025:14:19:55 -0400] "GET /.well-known/pki-validation/cloud.php HTTP/1.1" 404 1251 "-" "-"
52.164.203.120 - - [14/Apr/2025:14:19:56 -0400] "GET /.well-known/acme-challenge/cloud.php HTTP/1.1" 404 6868 "-" "-"
52.164.203.120 - - [14/Apr/2025:14:20:01 -0400] "GET /wp-admin/network/cloud.php HTTP/1.1" 404 6868 "-" "-"
52.164.203.120 - - [14/Apr/2025:14:20:09 -0400] "GET /cloud.php HTTP/1.1" 404 6868 "-" "-"
52.164.203.120 - - [14/Apr/2025:14:20:15 -0400] "GET /cgi-bin/cloud.php HTTP/1.1" 404 6868 "-" "-"
198.54.114.83 - - [14/Apr/2025:14:20:18 -0400] "POST /wp-cron.php?doing_wp_cron=1744654816.2190439701080322265625 HTTP/1.1" 200 0 "-" "WordPress/6.7.1; https://garantishell.com"
52.164.203.120 - - [14/Apr/2025:14:20:21 -0400] "GET /wp-content/updates.php HTTP/1.1" 404 6868 "-" "-"
52.164.203.120 - - [14/Apr/2025:14:20:26 -0400] "GET /css/cloud.php HTTP/1.1" 404 6868 "-" "-"
52.164.203.120 - - [14/Apr/2025:14:20:29 -0400] "GET /wp-admin/user/cloud.php HTTP/1.1" 404 6868 "-" "-"
52.164.203.120 - - [14/Apr/2025:14:20:35 -0400] "GET /img/cloud.php HTTP/1.1" 404 6868 "-" "-"
52.164.203.120 - - [14/Apr/2025:14:20:41 -0400] "GET /wp-admin/css/colors/coffee/cloud.php HTTP/1.1" 404 6867 "-" "-"
52.164.203.120 - - [14/Apr/2025:14:20:45 -0400] "GET /wp-admin/images/cloud.php HTTP/1.1" 404 6867 "-" "-"
52.164.203.120 - - [14/Apr/2025:14:20:49 -0400] "GET /avaa.php HTTP/1.1" 404 6868 "-" "-"
52.164.203.120 - - [14/Apr/2025:14:20:53 -0400] "GET /images/cloud.php HTTP/1.1" 404 6867 "-" "-"
52.164.203.120 - - [14/Apr/2025:14:20:57 -0400] "GET /wp-admin/js/widgets/cloud.php HTTP/1.1" 404 6868 "-" "-"
52.164.203.120 - - [14/Apr/2025:14:21:03 -0400] "GET /wp-includes/Requests/Text/admin.php HTTP/1.1" 404 6867 "-" "-"
52.164.203.120 - - [14/Apr/2025:14:21:08 -0400] "GET /wp-admin/css/colors/cloud.php HTTP/1.1" 404 6868 "-" "-"
52.164.203.120 - - [14/Apr/2025:14:21:13 -0400] "GET /wp-admin/includes/cloud.php HTTP/1.1" 404 6867 "-" "-"
198.54.114.83 - - [14/Apr/2025:14:21:18 -0400] "POST /wp-cron.php?doing_wp_cron=1744654876.7462649345397949218750 HTTP/1.1" 200 0 "-" "WordPress/6.7.1; https://garantishell.com"
52.164.203.120 - - [14/Apr/2025:14:21:16 -0400] "GET /wp-admin/css/colors/blue/cloud.php HTTP/1.1" 404 6868 "-" "-"
52.164.203.120 - - [14/Apr/2025:14:21:21 -0400] "GET /wp-admin/cloud.php HTTP/1.1" 404 6868 "-" "-"
52.164.203.120 - - [14/Apr/2025:14:21:27 -0400] "GET /updates.php HTTP/1.1" 404 6868 "-" "-"
52.164.203.120 - - [14/Apr/2025:14:21:31 -0400] "GET /libraries/legacy/updates.php HTTP/1.1" 404 6868 "-" "-"
52.164.203.120 - - [14/Apr/2025:14:21:36 -0400] "GET /libraries/phpmailer/updates.php HTTP/1.1" 404 6868 "-" "-"
52.164.203.120 - - [14/Apr/2025:14:21:41 -0400] "GET /libraries/vendor/updates.php HTTP/1.1" 404 6867 "-" "-"
52.164.203.120 - - [14/Apr/2025:14:21:44 -0400] "GET /alfa-rex.php7 HTTP/1.1" 404 6867 "-" "-"
52.164.203.120 - - [14/Apr/2025:14:21:46 -0400] "GET /alfanew.php HTTP/1.1" 404 6867 "-" "-"
52.164.203.120 - - [14/Apr/2025:14:21:51 -0400] "GET /wp-content/plugins/Cache/Cache.php HTTP/1.1" 404 6868 "-" "-"
52.164.203.120 - - [14/Apr/2025:14:21:56 -0400] "GET /wp-admin/js/widgets/about.php7 HTTP/1.1" 404 6868 "-" "-"
52.164.203.120 - - [14/Apr/2025:14:22:02 -0400] "GET /wp-p.php7 HTTP/1.1" 404 6868 "-" "-"
51.222.253.14 - - [14/Apr/2025:14:22:05 -0400] "GET /embracing-the-tapestry-of-family-legacy/ HTTP/1.1" 200 10318 "-" "Mozilla/5.0 (compatible; AhrefsBot/7.0; +http://ahrefs.com/robot/)"
52.164.203.120 - - [14/Apr/2025:14:22:06 -0400] "GET /wp-admin/repeater.php HTTP/1.1" 404 6868 "-" "-"
52.164.203.120 - - [14/Apr/2025:14:22:12 -0400] "GET /wp-includes/repeater.php HTTP/1.1" 404 6868 "-" "-"
198.54.114.83 - - [14/Apr/2025:14:22:20 -0400] "POST /wp-cron.php?doing_wp_cron=1744654938.8398389816284179687500 HTTP/1.1" 200 0 "-" "WordPress/6.7.1; https://garantishell.com"
52.164.203.120 - - [14/Apr/2025:14:22:18 -0400] "GET /wp-content/repeater.php HTTP/1.1" 404 6868 "-" "-"
52.164.203.120 - - [14/Apr/2025:14:22:22 -0400] "GET /wsoyanz.php HTTP/1.1" 404 6868 "-" "-"
52.164.203.120 - - [14/Apr/2025:14:22:26 -0400] "GET /yanz.php HTTP/1.1" 404 6868 "-" "-"
52.164.203.120 - - [14/Apr/2025:14:22:32 -0400] "GET /wp-content/plugins/seoo/wsoyanz.php HTTP/1.1" 404 6868 "-" "-"
52.164.203.120 - - [14/Apr/2025:14:22:39 -0400] "GET /wp-content/plugins/seoo/wsoyanz1.php HTTP/1.1" 404 6867 "-" "-"
52.164.203.120 - - [14/Apr/2025:14:22:46 -0400] "GET /cache-compat.php HTTP/1.1" 404 6867 "-" "-"
52.164.203.120 - - [14/Apr/2025:14:22:53 -0400] "GET /ajax-actions.php HTTP/1.1" 404 6867 "-" "-"
52.164.203.120 - - [14/Apr/2025:14:23:01 -0400] "GET /wp-admin/ajax-actions.php HTTP/1.1" 404 6868 "-" "-"
52.164.203.120 - - [14/Apr/2025:14:23:07 -0400] "GET /wp-consar.php HTTP/1.1" 404 6868 "-" "-"
52.164.203.120 - - [14/Apr/2025:14:23:13 -0400] "GET /repeater.php HTTP/1.1" 404 6868 "-" "-"
52.164.203.120 - - [14/Apr/2025:14:23:23 -0400] "GET /admin-post.php HTTP/1.1" 404 6868 "-" "-"
198.54.114.83 - - [14/Apr/2025:14:23:27 -0400] "POST /wp-cron.php?doing_wp_cron=1744655003.4410479068756103515625 HTTP/1.1" 200 0 "-" "WordPress/6.7.1; https://garantishell.com"
52.164.203.120 - - [14/Apr/2025:14:23:30 -0400] "GET /wp-admin/maint/maint/ajax-actions.php HTTP/1.1" 404 6868 "-" "-"
52.164.203.120 - - [14/Apr/2025:14:23:36 -0400] "GET /wp-admin/dropdown.php HTTP/1.1" 404 6868 "-" "-"
52.164.203.120 - - [14/Apr/2025:14:23:40 -0400] "GET /wp-admin/css/index.php HTTP/1.1" 301 0 "-" "-"
52.164.203.120 - - [14/Apr/2025:14:23:42 -0400] "GET /wp-admin/css/ HTTP/1.1" 403 1242 "-" "-"
52.164.203.120 - - [14/Apr/2025:14:23:45 -0400] "GET /dropdown.php HTTP/1.1" 404 6867 "-" "-"
52.164.203.120 - - [14/Apr/2025:14:23:50 -0400] "GET /about.php HTTP/1.1" 404 6868 "-" "-"
185.191.171.12 - - [14/Apr/2025:14:23:55 -0400] "GET /robots.txt HTTP/1.1" 304 0 "-" "Mozilla/5.0 (compatible; SemrushBot/7~bl; +http://www.semrush.com/bot.html)"
52.164.203.120 - - [14/Apr/2025:14:23:53 -0400] "GET /about.php7 HTTP/1.1" 404 6867 "-" "-"
85.208.96.195 - - [14/Apr/2025:14:23:56 -0400] "GET /author/admin/page/57/ HTTP/1.1" 200 9658 "-" "Mozilla/5.0 (compatible; SemrushBot/7~bl; +http://www.semrush.com/bot.html)"
52.164.203.120 - - [14/Apr/2025:14:23:57 -0400] "GET /alfanew.php7 HTTP/1.1" 404 6868 "-" "-"
52.164.203.120 - - [14/Apr/2025:14:24:01 -0400] "GET /adminfuns.php7 HTTP/1.1" 404 6867 "-" "-"
52.164.203.120 - - [14/Apr/2025:14:24:03 -0400] "GET /ebs.php7 HTTP/1.1" 404 6867 "-" "-"
52.164.203.120 - - [14/Apr/2025:14:24:08 -0400] "GET /ws.php7 HTTP/1.1" 404 6867 "-" "-"
52.164.203.120 - - [14/Apr/2025:14:24:12 -0400] "GET /alfanew2.php7 HTTP/1.1" 404 6867 "-" "-"
52.164.203.120 - - [14/Apr/2025:14:24:15 -0400] "GET /alfa-rex2.php7 HTTP/1.1" 404 6867 "-" "-"
52.164.203.120 - - [14/Apr/2025:14:24:20 -0400] "GET /wp-admin/images/index.php HTTP/1.1" 301 0 "-" "-"
52.164.203.120 - - [14/Apr/2025:14:24:21 -0400] "GET /wp-admin/images/ HTTP/1.1" 403 1242 "-" "-"
52.164.203.120 - - [14/Apr/2025:14:24:25 -0400] "GET /wp-admin/css/colors/index.php HTTP/1.1" 301 0 "-" "-"
198.54.114.83 - - [14/Apr/2025:14:24:28 -0400] "POST /wp-cron.php?doing_wp_cron=1744655065.6472721099853515625000 HTTP/1.1" 200 0 "-" "WordPress/6.7.1; https://garantishell.com"
52.164.203.120 - - [14/Apr/2025:14:24:29 -0400] "GET /wp-admin/css/colors/ HTTP/1.1" 403 1242 "-" "-"
52.164.203.120 - - [14/Apr/2025:14:24:33 -0400] "GET /wp-content/themes/seotheme/mar.php HTTP/1.1" 404 6867 "-" "-"
52.164.203.120 - - [14/Apr/2025:14:24:39 -0400] "GET /wp-content/plugins/seoplugins/mar.php HTTP/1.1" 404 6867 "-" "-"
52.164.203.120 - - [14/Apr/2025:14:24:44 -0400] "GET /.well-known/pki-validation/xmrlpc.php?p= HTTP/1.1" 404 1251 "-" "-"
52.164.203.120 - - [14/Apr/2025:14:24:47 -0400] "GET /.well-known/acme-challenge/xmrlpc.php?p= HTTP/1.1" 301 0 "-" "-"
52.164.203.120 - - [14/Apr/2025:14:24:49 -0400] "GET /.well-known/acme-challenge/xmrlpc.php HTTP/1.1" 404 6867 "-" "-"
52.164.203.120 - - [14/Apr/2025:14:24:52 -0400] "GET /wp-admin/network/xmrlpc.php?p= HTTP/1.1" 301 0 "-" "-"
52.164.203.120 - - [14/Apr/2025:14:24:54 -0400] "GET /wp-admin/network/xmrlpc.php HTTP/1.1" 404 6868 "-" "-"
52.164.203.120 - - [14/Apr/2025:14:24:58 -0400] "GET /xmrlpc.php?p= HTTP/1.1" 301 0 "-" "-"
52.164.203.120 - - [14/Apr/2025:14:25:04 -0400] "GET /xmrlpc.php HTTP/1.1" 404 6867 "-" "-"
52.164.203.120 - - [14/Apr/2025:14:25:10 -0400] "GET /cgi-bin/xmrlpc.php?p= HTTP/1.1" 301 0 "-" "-"
52.164.203.120 - - [14/Apr/2025:14:25:14 -0400] "GET /cgi-bin/xmrlpc.php HTTP/1.1" 404 6868 "-" "-"
52.164.203.120 - - [14/Apr/2025:14:25:19 -0400] "GET /css/xmrlpc.php?p= HTTP/1.1" 301 0 "-" "-"
52.164.203.120 - - [14/Apr/2025:14:25:21 -0400] "GET /css/xmrlpc.php HTTP/1.1" 404 6868 "-" "-"
52.164.203.120 - - [14/Apr/2025:14:25:29 -0400] "GET /wp-admin/user/xmrlpc.php?p= HTTP/1.1" 301 0 "-" "-"
198.54.114.83 - - [14/Apr/2025:14:25:33 -0400] "POST /wp-cron.php?doing_wp_cron=1744655130.3404788970947265625000 HTTP/1.1" 200 0 "-" "WordPress/6.7.1; https://garantishell.com"
52.164.203.120 - - [14/Apr/2025:14:25:36 -0400] "GET /wp-admin/user/xmrlpc.php HTTP/1.1" 404 6868 "-" "-"
52.164.203.120 - - [14/Apr/2025:14:25:39 -0400] "GET /img/xmrlpc.php?p= HTTP/1.1" 301 0 "-" "-"
52.164.203.120 - - [14/Apr/2025:14:25:42 -0400] "GET /img/xmrlpc.php HTTP/1.1" 404 6867 "-" "-"
52.164.203.120 - - [14/Apr/2025:14:25:48 -0400] "GET /wp-admin/css/colors/coffee/xmrlpc.php?p= HTTP/1.1" 301 0 "-" "-"
52.164.203.120 - - [14/Apr/2025:14:25:52 -0400] "GET /wp-admin/css/colors/coffee/xmrlpc.php HTTP/1.1" 404 6868 "-" "-"
52.164.203.120 - - [14/Apr/2025:14:25:57 -0400] "GET /wp-admin/images/xmrlpc.php?p= HTTP/1.1" 301 0 "-" "-"
52.164.203.120 - - [14/Apr/2025:14:25:59 -0400] "GET /wp-admin/images/xmrlpc.php HTTP/1.1" 404 6868 "-" "-"
52.164.203.120 - - [14/Apr/2025:14:26:04 -0400] "GET /images/xmrlpc.php?p= HTTP/1.1" 301 0 "-" "-"
52.164.203.120 - - [14/Apr/2025:14:26:07 -0400] "GET /images/xmrlpc.php HTTP/1.1" 404 6868 "-" "-"
52.164.203.120 - - [14/Apr/2025:14:26:10 -0400] "GET /wp-admin/js/widgets/xmrlpc.php?p= HTTP/1.1" 301 0 "-" "-"
52.164.203.120 - - [14/Apr/2025:14:26:13 -0400] "GET /wp-admin/js/widgets/xmrlpc.php HTTP/1.1" 404 6868 "-" "-"
52.164.203.120 - - [14/Apr/2025:14:26:16 -0400] "GET /wp-admin/css/colors/xmrlpc.php?p= HTTP/1.1" 301 0 "-" "-"
52.164.203.120 - - [14/Apr/2025:14:26:19 -0400] "GET /wp-admin/css/colors/xmrlpc.php HTTP/1.1" 404 6868 "-" "-"
34.93.16.66 - - [14/Apr/2025:14:26:21 -0400] "GET / HTTP/1.1" 200 9272 "http://garantishell.com" "Mozilla/5.0 (Macintosh; Intel Mac OS X 13_3) AppleWebKit/537.36 (KHTML, like Gecko) Chrome/126.0.0.0 Safari/537.36 Edg/126.0.0.0"
34.93.16.66 - - [14/Apr/2025:14:26:23 -0400] "GET /index.php?rest_route=/wp/v2/users HTTP/1.1" 200 1264 "https://garantishell.com" "Mozilla/5.0 (Macintosh; Intel Mac OS X 13_3) AppleWebKit/537.36 (KHTML, like Gecko) Chrome/126.0.0.0 Safari/537.36 Edg/126.0.0.0"
52.164.203.120 - - [14/Apr/2025:14:26:25 -0400] "GET /wp-admin/includes/xmrlpc.php?p= HTTP/1.1" 301 0 "-" "-"
52.164.203.120 - - [14/Apr/2025:14:26:28 -0400] "GET /wp-admin/includes/xmrlpc.php HTTP/1.1" 404 6868 "-" "-"
107.178.110.130 - - [14/Apr/2025:14:26:31 -0400] "GET /why-professional-home-inspection-services-are-essential/ HTTP/1.1" 200 10434 "http://garantishell.com/why-professional-home-inspection-services-are-essential/" "Mozilla/5.0 (Macintosh; Intel Mac OS X 12.5; rv:114.0) Gecko/20100101 Firefox/114.0"
52.164.203.120 - - [14/Apr/2025:14:26:33 -0400] "GET /wp-admin/css/colors/blue/xmrlpc.php?p= HTTP/1.1" 301 0 "-" "-"
107.178.110.130 - - [14/Apr/2025:14:26:35 -0400] "POST /wp-comments-post.php HTTP/1.1" 302 0 "https://garantishell.com/why-professional-home-inspection-services-are-essential/" "Mozilla/5.0 (Macintosh; Intel Mac OS X 12.5; rv:114.0) Gecko/20100101 Firefox/114.0"
198.54.114.83 - - [14/Apr/2025:14:26:36 -0400] "POST /wp-cron.php?doing_wp_cron=1744655195.1051070690155029296875 HTTP/1.1" 200 0 "-" "WordPress/6.7.1; https://garantishell.com"
52.164.203.120 - - [14/Apr/2025:14:26:38 -0400] "GET /wp-admin/css/colors/blue/xmrlpc.php HTTP/1.1" 404 6868 "-" "-"
107.178.110.130 - - [14/Apr/2025:14:26:39 -0400] "GET /why-professional-home-inspection-services-are-essential/?unapproved=4246&moderation-hash=50ff7e5ee548130b49c0b0060d727c80 HTTP/1.1" 200 10974 "https://garantishell.com/wp-comments-post.php" "Mozilla/5.0 (Macintosh; Intel Mac OS X 12.5; rv:114.0) Gecko/20100101 Firefox/114.0"
107.178.110.130 - - [14/Apr/2025:14:26:43 -0400] "GET /why-professional-home-inspection-services-are-essential/ HTTP/1.1" 200 10434 "http://garantishell.com/why-professional-home-inspection-services-are-essential/" "Mozilla/5.0 (Macintosh; Intel Mac OS X 12.5; rv:114.0) Gecko/20100101 Firefox/114.0"
52.164.203.120 - - [14/Apr/2025:14:26:42 -0400] "GET /wp-admin/xmrlpc.php?p= HTTP/1.1" 301 0 "-" "-"
52.164.203.120 - - [14/Apr/2025:14:26:45 -0400] "GET /wp-admin/xmrlpc.php HTTP/1.1" 404 6868 "-" "-"
52.164.203.120 - - [14/Apr/2025:14:26:49 -0400] "GET /text.php HTTP/1.1" 404 6868 "-" "-"
52.164.203.120 - - [14/Apr/2025:14:26:56 -0400] "GET /wp-admin/network/index.php HTTP/1.1" 302 0 "-" "-"
52.164.203.120 - - [14/Apr/2025:14:26:59 -0400] "GET /wp-login.php?redirect_to=https%3A%2F%2Fgarantishell.com%2Fwp-admin%2Fnetwork%2Findex.php&reauth=1 HTTP/1.1" 200 1744 "-" "-"
52.164.203.120 - - [14/Apr/2025:14:27:05 -0400] "GET /makeasmtp.php HTTP/1.1" 404 6868 "-" "-"
162.243.72.223 - - [14/Apr/2025:14:27:42 -0400] "GET /wp-login.php HTTP/1.1" 200 1736 "-" "GRequests/0.10"
162.243.72.223 - - [14/Apr/2025:14:27:45 -0400] "POST /wp-login.php HTTP/1.1" 200 1868 "-" "GRequests/0.10"
198.54.114.83 - - [14/Apr/2025:14:27:48 -0400] "POST /wp-cron.php?doing_wp_cron=1744655265.6279211044311523437500 HTTP/1.1" 200 0 "-" "WordPress/6.7.1; https://garantishell.com"
51.222.253.4 - - [14/Apr/2025:14:28:32 -0400] "GET /category/shopping-product-reviews/ HTTP/1.1" 200 7841 "-" "Mozilla/5.0 (compatible; AhrefsBot/7.0; +http://ahrefs.com/robot/)"
107.178.110.130 - - [14/Apr/2025:14:30:11 -0400] "GET /why-professional-home-inspection-services-are-essential/ HTTP/1.1" 200 10434 "http://garantishell.com/why-professional-home-inspection-services-are-essential/" "Mozilla/5.0 (Macintosh; Intel Mac OS X 12_5) AppleWebKit/537.36 (KHTML, like Gecko) Chrome/114.0.0.0 YaBrowser/22.7.0 Yowser/2.5 Safari/537.36"
182.44.8.254 - - [14/Apr/2025:14:34:55 -0400] "GET / HTTP/1.1" 200 9272 "http://garantishell.com" "Mozilla/5.0 (iPhone; CPU iPhone OS 13_2_3 like Mac OS X) AppleWebKit/605.1.15 (KHTML, like Gecko) Version/13.0.3 Mobile/15E148 Safari/604.1"
103.152.248.8 - - [14/Apr/2025:14:35:23 -0400] "GET /wp-login.php HTTP/1.1" 200 1736 "-" "GRequests/0.10"
198.54.114.83 - - [14/Apr/2025:14:35:31 -0400] "POST /wp-cron.php?doing_wp_cron=1744655729.6252110004425048828125 HTTP/1.1" 200 0 "-" "WordPress/6.7.1; https://garantishell.com"
103.152.248.8 - - [14/Apr/2025:14:35:25 -0400] "POST /wp-login.php HTTP/1.1" 200 1871 "-" "GRequests/0.10"
18.224.16.219 - - [14/Apr/2025:14:36:56 -0400] "GET /the-art-of-massage-healing/feed HTTP/1.1" 301 0 "-" "Mozilla/5.0 AppleWebKit/537.36 (KHTML, like Gecko; compatible; ClaudeBot/1.0; +claudebot@anthropic.com)"
198.54.114.83 - - [14/Apr/2025:14:37:03 -0400] "POST /wp-cron.php?doing_wp_cron=1744655820.8135139942169189453125 HTTP/1.1" 200 0 "-" "WordPress/6.7.1; https://garantishell.com"
18.224.16.219 - - [14/Apr/2025:14:37:05 -0400] "GET /the-art-of-massage-healing/feed/ HTTP/1.1" 200 392 "-" "Mozilla/5.0 AppleWebKit/537.36 (KHTML, like Gecko; compatible; ClaudeBot/1.0; +claudebot@anthropic.com)"
216.244.66.241 - - [14/Apr/2025:14:37:23 -0400] "GET /robots.txt HTTP/1.1" 200 97 "-" "Mozilla/5.0 (compatible; DotBot/1.2; +https://opensiteexplorer.org/dotbot; help@moz.com)"
198.54.114.83 - - [14/Apr/2025:14:38:42 -0400] "POST /wp-cron.php?doing_wp_cron=1744655920.4167010784149169921875 HTTP/1.1" 200 0 "-" "WordPress/6.7.1; https://garantishell.com"
51.222.253.7 - - [14/Apr/2025:14:38:37 -0400] "GET /funny-bamboo-socks-are-the-new-trend/ HTTP/1.1" 200 10639 "-" "Mozilla/5.0 (compatible; AhrefsBot/7.0; +http://ahrefs.com/robot/)"
103.11.103.186 - - [14/Apr/2025:14:38:57 -0400] "GET /wp-login.php HTTP/1.1" 200 1736 "-" "GRequests/0.10"
103.11.103.186 - - [14/Apr/2025:14:39:00 -0400] "POST /wp-login.php HTTP/1.1" 200 1870 "-" "GRequests/0.10"
198.54.114.83 - - [14/Apr/2025:14:41:05 -0400] "POST /wp-cron.php?doing_wp_cron=1744656062.9861409664154052734375 HTTP/1.1" 200 0 "-" "WordPress/6.7.1; https://garantishell.com"
40.77.167.75 - - [14/Apr/2025:14:40:57 -0400] "GET /the-charm-of-sonoma-properties/feed/ HTTP/1.1" 200 398 "-" "Mozilla/5.0 AppleWebKit/537.36 (KHTML, like Gecko; compatible; bingbot/2.0; +http://www.bing.com/bingbot.htm) Chrome/116.0.1938.76 Safari/537.36"
124.243.188.211 - - [14/Apr/2025:14:45:37 -0400] "GET /pot-of-gold-awaits-dive-into-the-world-of-rainbow-riches-casino/ HTTP/1.1" 200 10611 "https://garantishell.com/pot-of-gold-awaits-dive-into-the-world-of-rainbow-riches-casino/" "Mozilla/5.0 (Windows NT 10.0; Win64; x64) AppleWebKit/537.36 (KHTML, like Gecko) Chrome/110.0.0.0 Safari/537.36"
198.54.114.83 - - [14/Apr/2025:14:46:14 -0400] "POST /wp-cron.php?doing_wp_cron=1744656373.4202930927276611328125 HTTP/1.1" 200 0 "-" "WordPress/6.7.1; https://garantishell.com"
216.244.66.241 - - [14/Apr/2025:14:46:08 -0400] "GET /the-rise-of-digital-wedding-invitations/ HTTP/1.1" 200 10708 "-" "Mozilla/5.0 (compatible; DotBot/1.2; +https://opensiteexplorer.org/dotbot; help@moz.com)"
198.54.114.83 - - [14/Apr/2025:14:46:17 -0400] "POST /wp-admin/admin-ajax.php?action=async_litespeed&nonce=Xfain7RUUU5APRGZlsOCIkzMffJD2rNO&litespeed_type=imgoptm HTTP/1.1" 200 0 "-" "WordPress/6.7.1; https://garantishell.com"
198.54.114.83 - - [14/Apr/2025:14:46:47 -0400] "POST /wp-cron.php?doing_wp_cron=1744656405.1367280483245849609375 HTTP/1.1" 200 0 "-" "WordPress/6.7.1; https://garantishell.com"
159.138.130.75 - - [14/Apr/2025:14:46:44 -0400] "GET /a-modern-gaming-revolutionss/ HTTP/1.1" 200 11472 "https://garantishell.com/a-modern-gaming-revolutionss/" "Mozilla/5.0 (Windows NT 10.0; Win64; x64) AppleWebKit/537.36 (KHTML, like Gecko) Chrome/110.0.0.0 Safari/537.36"
217.77.10.191 - - [14/Apr/2025:14:47:36 -0400] "GET /wp-login.php HTTP/1.1" 200 1736 "-" "GRequests/0.10"
217.77.10.191 - - [14/Apr/2025:14:47:39 -0400] "POST /wp-login.php HTTP/1.1" 200 1870 "-" "GRequests/0.10"
198.54.114.83 - - [14/Apr/2025:14:49:02 -0400] "POST /wp-cron.php?doing_wp_cron=1744656540.7079019546508789062500 HTTP/1.1" 200 0 "-" "WordPress/6.7.1; https://garantishell.com"
51.222.253.10 - - [14/Apr/2025:14:48:55 -0400] "GET /author/admin/page/14/ HTTP/1.1" 200 9524 "-" "Mozilla/5.0 (compatible; AhrefsBot/7.0; +http://ahrefs.com/robot/)"
198.54.114.83 - - [14/Apr/2025:14:51:24 -0400] "POST /wp-cron.php?doing_wp_cron=1744656683.9483358860015869140625 HTTP/1.1" 200 0 "-" "WordPress/6.7.1; https://garantishell.com"
43.159.136.147 - - [14/Apr/2025:14:51:19 -0400] "GET /wp-json/wp/v2/users HTTP/1.1" 200 1264 "-" "Mozilla/5.0 (iPhone; CPU iPhone OS 14_6 like Mac OS X) AppleWebKit/605.1.15 (KHTML, like Gecko) CriOS/91.0.4472.80 Mobile/15E148 Safari/604.1"
198.54.114.83 - - [14/Apr/2025:14:51:26 -0400] "POST /wp-admin/admin-ajax.php?action=async_litespeed&nonce=dSRoHC02YTxoV7Uo90W5cfXjIBJTJWkU&litespeed_type=imgoptm HTTP/1.1" 200 0 "-" "WordPress/6.7.1; https://garantishell.com"
198.54.114.83 - - [14/Apr/2025:14:56:43 -0400] "POST /wp-cron.php?doing_wp_cron=1744657002.5312490463256835937500 HTTP/1.1" 200 0 "-" "WordPress/6.7.1; https://garantishell.com"
85.208.96.198 - - [14/Apr/2025:14:56:37 -0400] "GET /category/arts-entertainments/page/23/ HTTP/1.1" 200 9377 "-" "Mozilla/5.0 (compatible; SemrushBot/7~bl; +http://www.semrush.com/bot.html)"
114.119.156.227 - - [14/Apr/2025:14:57:08 -0400] "GET /efficient-communication-with-virtual-receptionists/ HTTP/1.1" 200 10479 "https://garantishell.com/virtual-receptionists/" "Mozilla/5.0 (Linux; Android 7.0;) AppleWebKit/537.36 (KHTML, like Gecko) Mobile Safari/537.36 (compatible; PetalBot;+https://webmaster.petalsearch.com/site/petalbot)"
198.54.114.83 - - [14/Apr/2025:14:59:41 -0400] "POST /wp-cron.php?doing_wp_cron=1744657179.3243360519409179687500 HTTP/1.1" 200 0 "-" "WordPress/6.7.1; https://garantishell.com"
51.222.253.18 - - [14/Apr/2025:14:59:33 -0400] "GET /revitalize-your-property-with-pressure-washing-in-glasgow/ HTTP/1.1" 200 10433 "-" "Mozilla/5.0 (compatible; AhrefsBot/7.0; +http://ahrefs.com/robot/)"
122.8.187.245 - - [14/Apr/2025:15:00:43 -0400] "GET /montalin-herb-capsule-a-natural-remedy/ HTTP/1.1" 200 10377 "https://garantishell.com/montalin-herb-capsule-a-natural-remedy/#primary" "Mozilla/5.0 (Windows NT 10.0; Win64; x64) AppleWebKit/537.36 (KHTML, like Gecko) Chrome/107.0.0.0 Safari/537.36"
