217.113.194.179 - - [16/Apr/2025:07:39:06 -0400] "GET /premium-limousine-service-for-every-occasion/feed/ HTTP/1.1" 200 414 "-" "Mozilla/5.0 (compatible; Barkrowler/0.9; +https://babbar.tech/crawler)"
93.174.93.114 - - [16/Apr/2025:07:39:07 -0400] "GET / HTTP/1.1" 200 0 "-" "Mozilla/5.0 (Windows NT 6.1; WOW64) AppleWebKit/537.36 (KHTML, like Gecko) Chrome/45.0.2454.85 Safari/537.36"
217.113.194.180 - - [16/Apr/2025:07:39:24 -0400] "GET /introduction-to-ppr-pipes-and-fittings/ HTTP/1.1" 200 10767 "-" "Mozilla/5.0 (compatible; Barkrowler/0.9; +https://babbar.tech/crawler)"
198.54.114.83 - - [16/Apr/2025:07:39:29 -0400] "POST /wp-cron.php?doing_wp_cron=1744803565.8241059780120849609375 HTTP/1.1" 200 0 "-" "WordPress/6.8; https://garantishell.com"
217.113.194.177 - - [16/Apr/2025:07:39:46 -0400] "GET /thrilling-world-of-online-casino-gaming/feed/ HTTP/1.1" 200 398 "-" "Mozilla/5.0 (compatible; Barkrowler/0.9; +https://babbar.tech/crawler)"
217.113.194.174 - - [16/Apr/2025:07:40:06 -0400] "GET /relax-and-recharge-on-your-business-trip/feed/ HTTP/1.1" 200 408 "-" "Mozilla/5.0 (compatible; Barkrowler/0.9; +https://babbar.tech/crawler)"
34.98.143.142 - - [16/Apr/2025:07:40:16 -0400] "GET /erfahrene-rechtsberatung-fur-eine-reibungslose-scheidung/ HTTP/1.1" 200 10602 "-" "Mozilla/5.0 (compatible; Google-Apps-Script; beanserver; +https://script.google.com; id: UAEmdDd-cSUD8XmqKO9c_AJnLdlNZrxb9Vg)"
154.54.249.212 - - [16/Apr/2025:07:40:25 -0400] "GET /relax-and-recharges-with-business-trip-massage/ HTTP/1.1" 200 10746 "-" "Mozilla/5.0 (compatible; Barkrowler/0.9; +https://babbar.tech/crawler)"
198.54.114.83 - - [16/Apr/2025:07:40:28 -0400] "POST /wp-cron.php?doing_wp_cron=1744803626.4169340133666992187500 HTTP/1.1" 200 0 "-" "WordPress/6.8; https://garantishell.com"
154.54.249.212 - - [16/Apr/2025:07:40:45 -0400] "GET /bet-365-the-best-online-betting-site/feed/ HTTP/1.1" 200 408 "-" "Mozilla/5.0 (compatible; Barkrowler/0.9; +https://babbar.tech/crawler)"
38.242.195.184 - - [16/Apr/2025:07:40:57 -0400] "POST /xmlrpc.php HTTP/1.1" 200 186 "https://garantishell.com" "Mozilla/5.0 (Macintosh; Intel Mac OS X 14_6) AppleWebKit/605.1.15 (KHTML, like Gecko) Version/17.5 Safari/605.1.15"
217.113.194.177 - - [16/Apr/2025:07:41:04 -0400] "GET /die-vielfalt-moderner-hangelampen/ HTTP/1.1" 200 10828 "-" "Mozilla/5.0 (compatible; Barkrowler/0.9; +https://babbar.tech/crawler)"
217.113.194.176 - - [16/Apr/2025:07:41:23 -0400] "GET /navigating-the-complexities-of-international-shipping/ HTTP/1.1" 200 10472 "-" "Mozilla/5.0 (compatible; Barkrowler/0.9; +https://babbar.tech/crawler)"
217.113.194.179 - - [16/Apr/2025:07:41:41 -0400] "GET /the-benefits-of-business-trip-massage/feed/ HTTP/1.1" 200 400 "-" "Mozilla/5.0 (compatible; Barkrowler/0.9; +https://babbar.tech/crawler)"
198.54.114.83 - - [16/Apr/2025:07:41:45 -0400] "POST /wp-cron.php?doing_wp_cron=1744803701.8987140655517578125000 HTTP/1.1" 200 0 "-" "WordPress/6.8; https://garantishell.com"
216.244.66.241 - - [16/Apr/2025:07:41:46 -0400] "GET /moderne-hangelampe-ein-blick-auf-zeitgemases-design/feed/ HTTP/1.1" 200 437 "-" "Mozilla/5.0 (compatible; DotBot/1.2; +https://opensiteexplorer.org/dotbot; help@moz.com)"
51.222.253.19 - - [16/Apr/2025:07:41:46 -0400] "GET /moving-van/ HTTP/1.1" 200 10155 "-" "Mozilla/5.0 (compatible; AhrefsBot/7.0; +http://ahrefs.com/robot/)"
217.113.194.174 - - [16/Apr/2025:07:42:02 -0400] "GET /the-benefits-of-a-business-trip-massage-2/ HTTP/1.1" 200 10824 "-" "Mozilla/5.0 (compatible; Barkrowler/0.9; +https://babbar.tech/crawler)"
217.113.194.172 - - [16/Apr/2025:07:42:23 -0400] "GET /innovative-solutions-by-teragon-labs/ HTTP/1.1" 200 11001 "-" "Mozilla/5.0 (compatible; Barkrowler/0.9; +https://babbar.tech/crawler)"
188.239.13.215 - - [16/Apr/2025:07:42:31 -0400] "GET /the-role-of-ai-agents-in-modern-technology/ HTTP/1.1" 200 11067 "https://garantishell.com/the-role-of-ai-agents-in-modern-technology/#respond" "Mozilla/5.0 (Macintosh; Intel Mac OS X 10_15_7) AppleWebKit/537.36 (KHTML, like Gecko) Chrome/119.0.0.0 Safari/537.36"
198.54.114.83 - - [16/Apr/2025:07:42:44 -0400] "POST /wp-cron.php?doing_wp_cron=1744803762.5427780151367187500000 HTTP/1.1" 200 0 "-" "WordPress/6.8; https://garantishell.com"
217.113.194.181 - - [16/Apr/2025:07:42:42 -0400] "GET /timeless-elegance-of-a-pearl-necklace/feed/ HTTP/1.1" 200 400 "-" "Mozilla/5.0 (compatible; Barkrowler/0.9; +https://babbar.tech/crawler)"
217.113.194.179 - - [16/Apr/2025:07:43:01 -0400] "GET /an-introduction-to-an-ancient-tradition/ HTTP/1.1" 200 10598 "-" "Mozilla/5.0 (compatible; Barkrowler/0.9; +https://babbar.tech/crawler)"
217.113.194.172 - - [16/Apr/2025:07:43:19 -0400] "GET /the-growing-popularity-of-online-casinos/feed/ HTTP/1.1" 200 400 "-" "Mozilla/5.0 (compatible; Barkrowler/0.9; +https://babbar.tech/crawler)"
217.113.194.174 - - [16/Apr/2025:07:43:37 -0400] "GET /the-growing-demand-for-marketing-professionals/ HTTP/1.1" 200 10683 "-" "Mozilla/5.0 (compatible; Barkrowler/0.9; +https://babbar.tech/crawler)"
198.54.114.83 - - [16/Apr/2025:07:43:56 -0400] "POST /wp-cron.php?doing_wp_cron=1744803835.4993999004364013671875 HTTP/1.1" 200 0 "-" "WordPress/6.8; https://garantishell.com"
217.113.194.172 - - [16/Apr/2025:07:43:55 -0400] "GET /revolutionizing-convenience-in-your-home/ HTTP/1.1" 200 10498 "-" "Mozilla/5.0 (compatible; Barkrowler/0.9; +https://babbar.tech/crawler)"
198.54.114.83 - - [16/Apr/2025:07:43:58 -0400] "POST /wp-admin/admin-ajax.php?action=async_litespeed&nonce=rf2ZrYO3whTr7A9dIRu00wiKuY2AQWsQ&litespeed_type=imgoptm HTTP/1.1" 200 0 "-" "WordPress/6.8; https://garantishell.com"
65.21.25.53 - - [16/Apr/2025:07:44:10 -0400] "GET /wp-login.php HTTP/1.1" 200 1734 "-" "GRequests/0.10"
65.21.25.53 - - [16/Apr/2025:07:44:14 -0400] "POST /wp-login.php HTTP/1.1" 200 1862 "-" "GRequests/0.10"
34.91.78.130 - - [16/Apr/2025:07:44:16 -0400] "GET /wp-login.php HTTP/1.1" 200 1734 "-" "GRequests/0.10"
217.113.194.179 - - [16/Apr/2025:07:44:16 -0400] "GET /unlocking-the-power-of-buying-youtube-views/ HTTP/1.1" 200 10752 "-" "Mozilla/5.0 (compatible; Barkrowler/0.9; +https://babbar.tech/crawler)"
34.91.78.130 - - [16/Apr/2025:07:44:21 -0400] "POST /wp-login.php HTTP/1.1" 200 1871 "-" "GRequests/0.10"
217.113.194.179 - - [16/Apr/2025:07:44:34 -0400] "GET /unlocking-the-potential-of-premium-domains/ HTTP/1.1" 200 10544 "-" "Mozilla/5.0 (compatible; Barkrowler/0.9; +https://babbar.tech/crawler)"
217.113.194.181 - - [16/Apr/2025:07:44:53 -0400] "GET /unmatched-performance-and-versatility/ HTTP/1.1" 200 10940 "-" "Mozilla/5.0 (compatible; Barkrowler/0.9; +https://babbar.tech/crawler)"
198.54.114.83 - - [16/Apr/2025:07:44:57 -0400] "POST /wp-cron.php?doing_wp_cron=1744803894.1842069625854492187500 HTTP/1.1" 200 0 "-" "WordPress/6.8; https://garantishell.com"
217.113.194.181 - - [16/Apr/2025:07:45:15 -0400] "GET /unraveling-the-world-of-online-betting/feed/ HTTP/1.1" 200 403 "-" "Mozilla/5.0 (compatible; Barkrowler/0.9; +https://babbar.tech/crawler)"
217.113.194.179 - - [16/Apr/2025:07:45:34 -0400] "GET /benefits-of-small-payment-gift-certificates/feed/ HTTP/1.1" 200 411 "-" "Mozilla/5.0 (compatible; Barkrowler/0.9; +https://babbar.tech/crawler)"
217.113.194.181 - - [16/Apr/2025:07:45:53 -0400] "GET /benefits-of-small-payment-gift-certificates/ HTTP/1.1" 200 10708 "-" "Mozilla/5.0 (compatible; Barkrowler/0.9; +https://babbar.tech/crawler)"
217.113.194.179 - - [16/Apr/2025:07:46:13 -0400] "GET /understanding-fda-cosmetic-registration/feed/ HTTP/1.1" 200 397 "-" "Mozilla/5.0 (compatible; Barkrowler/0.9; +https://babbar.tech/crawler)"
198.54.114.83 - - [16/Apr/2025:07:46:15 -0400] "POST /wp-cron.php?doing_wp_cron=1744803973.4509739875793457031250 HTTP/1.1" 200 0 "-" "WordPress/6.8; https://garantishell.com"
51.222.253.10 - - [16/Apr/2025:07:46:22 -0400] "GET /building-your-own-gaming-pc/ HTTP/1.1" 200 10904 "-" "Mozilla/5.0 (compatible; AhrefsBot/7.0; +http://ahrefs.com/robot/)"
217.113.194.177 - - [16/Apr/2025:07:46:32 -0400] "GET /understanding-the-basics-of-muscle-building/feed/ HTTP/1.1" 200 407 "-" "Mozilla/5.0 (compatible; Barkrowler/0.9; +https://babbar.tech/crawler)"
217.113.194.177 - - [16/Apr/2025:07:46:50 -0400] "GET /understanding-gallons-per-minute-conversion/ HTTP/1.1" 200 10787 "-" "Mozilla/5.0 (compatible; Barkrowler/0.9; +https://babbar.tech/crawler)"
217.113.194.181 - - [16/Apr/2025:07:47:09 -0400] "GET /les-meilleurs-spectacles-a-paris-en-2025/ HTTP/1.1" 200 11042 "-" "Mozilla/5.0 (compatible; Barkrowler/0.9; +https://babbar.tech/crawler)"
107.178.192.105 - - [16/Apr/2025:07:47:26 -0400] "GET /navigating-the-world-of-steroids-in-thailand/ HTTP/1.1" 200 10795 "-" "Mozilla/5.0 (compatible; Google-Apps-Script; beanserver; +https://script.google.com; id: UAEmdDd-cSUD8XmqKO9c_AJnLdlNZrxb9Vg)"
198.54.114.83 - - [16/Apr/2025:07:47:30 -0400] "POST /wp-cron.php?doing_wp_cron=1744804048.0286269187927246093750 HTTP/1.1" 200 0 "-" "WordPress/6.8; https://garantishell.com"
217.113.194.179 - - [16/Apr/2025:07:47:27 -0400] "GET /embracing-the-tapestry-of-family-legacy/ HTTP/1.1" 200 10461 "-" "Mozilla/5.0 (compatible; Barkrowler/0.9; +https://babbar.tech/crawler)"
217.113.194.177 - - [16/Apr/2025:07:47:46 -0400] "GET /elevating-work-trips-with-massage-therapy/feed/ HTTP/1.1" 200 406 "-" "Mozilla/5.0 (compatible; Barkrowler/0.9; +https://babbar.tech/crawler)"
217.113.194.174 - - [16/Apr/2025:07:48:04 -0400] "GET /mastering-the-craft-the-art-of-the-skill-seller/ HTTP/1.1" 200 10719 "-" "Mozilla/5.0 (compatible; Barkrowler/0.9; +https://babbar.tech/crawler)"
217.113.194.172 - - [16/Apr/2025:07:48:22 -0400] "GET /le-defi-du-recrutement-dans-la-restauration/ HTTP/1.1" 200 10744 "-" "Mozilla/5.0 (compatible; Barkrowler/0.9; +https://babbar.tech/crawler)"
217.113.194.178 - - [16/Apr/2025:07:48:40 -0400] "GET /the-impact-and-dangers-of-steroids/feed/ HTTP/1.1" 200 399 "-" "Mozilla/5.0 (compatible; Barkrowler/0.9; +https://babbar.tech/crawler)"
198.54.114.83 - - [16/Apr/2025:07:48:42 -0400] "POST /wp-cron.php?doing_wp_cron=1744804121.1109509468078613281250 HTTP/1.1" 200 0 "-" "WordPress/6.8; https://garantishell.com"
217.113.194.178 - - [16/Apr/2025:07:48:59 -0400] "GET /relaxation-and-wellness-on-a-business-trip/feed/ HTTP/1.1" 200 402 "-" "Mozilla/5.0 (compatible; Barkrowler/0.9; +https://babbar.tech/crawler)"
107.178.224.97 - - [16/Apr/2025:07:49:19 -0400] "GET /strategies-to-boost-your-likes/ HTTP/1.1" 200 10937 "-" "Mozilla/5.0 (compatible; Google-Apps-Script; beanserver; +https://script.google.com; id: UAEmdDd-cSUD8XmqKO9c_AJnLdlNZrxb9Vg)"
217.113.194.177 - - [16/Apr/2025:07:49:18 -0400] "GET /exploring-homes-for-sale-in-portland-oregon/ HTTP/1.1" 200 10717 "-" "Mozilla/5.0 (compatible; Barkrowler/0.9; +https://babbar.tech/crawler)"
217.113.194.179 - - [16/Apr/2025:07:49:38 -0400] "GET /exploring-career-opportunities-in-marketing/ HTTP/1.1" 200 10710 "-" "Mozilla/5.0 (compatible; Barkrowler/0.9; +https://babbar.tech/crawler)"
217.113.194.177 - - [16/Apr/2025:07:49:58 -0400] "GET /exploring-career-opportunities-in-marketing/feed/ HTTP/1.1" 200 400 "-" "Mozilla/5.0 (compatible; Barkrowler/0.9; +https://babbar.tech/crawler)"
198.54.114.83 - - [16/Apr/2025:07:50:01 -0400] "POST /wp-cron.php?doing_wp_cron=1744804199.4820930957794189453125 HTTP/1.1" 200 0 "-" "WordPress/6.8; https://garantishell.com"
217.113.194.174 - - [16/Apr/2025:07:50:19 -0400] "GET /exploring-the-thrills-of-online-casinos-3/ HTTP/1.1" 200 10570 "-" "Mozilla/5.0 (compatible; Barkrowler/0.9; +https://babbar.tech/crawler)"
217.113.194.174 - - [16/Apr/2025:07:50:38 -0400] "GET /exploring-the-universe-of-game-comets/feed/ HTTP/1.1" 200 402 "-" "Mozilla/5.0 (compatible; Barkrowler/0.9; +https://babbar.tech/crawler)"
217.113.194.177 - - [16/Apr/2025:07:50:56 -0400] "GET /poussette-2-en-1-avec-cosy/ HTTP/1.1" 200 9968 "-" "Mozilla/5.0 (compatible; Barkrowler/0.9; +https://babbar.tech/crawler)"
34.116.21.2 - - [16/Apr/2025:07:51:08 -0400] "GET /erfahrene-rechtsberatung-fur-eine-reibungslose-scheidung/ HTTP/1.1" 200 10602 "-" "Mozilla/5.0 (compatible; Google-Apps-Script; beanserver; +https://script.google.com; id: UAEmdDd-cSUD8XmqKO9c_AJnLdlNZrxb9Vg)"
217.113.194.179 - - [16/Apr/2025:07:51:16 -0400] "GET /the-power-of-culture-gift-certificate-discount/ HTTP/1.1" 200 10856 "-" "Mozilla/5.0 (compatible; Barkrowler/0.9; +https://babbar.tech/crawler)"
198.54.114.83 - - [16/Apr/2025:07:51:18 -0400] "POST /wp-cron.php?doing_wp_cron=1744804276.6761999130249023437500 HTTP/1.1" 200 0 "-" "WordPress/6.8; https://garantishell.com"
198.54.114.83 - - [16/Apr/2025:07:51:18 -0400] "POST /wp-cron.php?doing_wp_cron=1744804276.7365090847015380859375 HTTP/1.1" 200 0 "-" "WordPress/6.8; https://garantishell.com"
51.222.253.11 - - [16/Apr/2025:07:51:16 -0400] "GET /rechtsanwalt-in-hattingen-kompetente-rechtliche-unterstutzung-vor-ort/ HTTP/1.1" 200 11320 "-" "Mozilla/5.0 (compatible; AhrefsBot/7.0; +http://ahrefs.com/robot/)"
81.12.53.206 - - [16/Apr/2025:07:51:18 -0400] "POST /xmlrpc.php HTTP/1.1" 200 186 "https://garantishell.com" "Mozilla/5.0 (Windows NT 10.0; Win64; x64) AppleWebKit/537.36 (KHTML, like Gecko) Chrome/126.0.0.0 Safari/537.36"
217.113.194.173 - - [16/Apr/2025:07:51:37 -0400] "GET /the-power-of-reiki-healing-in-singapore/ HTTP/1.1" 200 10675 "-" "Mozilla/5.0 (compatible; Barkrowler/0.9; +https://babbar.tech/crawler)"
217.113.194.180 - - [16/Apr/2025:07:51:55 -0400] "GET /the-power-of-qr-codes-in-modern-marketing/ HTTP/1.1" 200 10928 "-" "Mozilla/5.0 (compatible; Barkrowler/0.9; +https://babbar.tech/crawler)"
217.113.194.175 - - [16/Apr/2025:07:52:13 -0400] "GET /professionelle-dachdecker-in-hamburg/feed/ HTTP/1.1" 200 395 "-" "Mozilla/5.0 (compatible; Barkrowler/0.9; +https://babbar.tech/crawler)"
217.113.194.181 - - [16/Apr/2025:07:52:32 -0400] "GET /des-bannieres-publicitaires-abordables/ HTTP/1.1" 200 10804 "-" "Mozilla/5.0 (compatible; Barkrowler/0.9; +https://babbar.tech/crawler)"
198.54.114.83 - - [16/Apr/2025:07:52:35 -0400] "POST /wp-cron.php?doing_wp_cron=1744804352.4005169868469238281250 HTTP/1.1" 200 0 "-" "WordPress/6.8; https://garantishell.com"
154.54.249.212 - - [16/Apr/2025:07:52:51 -0400] "GET /limportance-dune-isolation-de-qualite/ HTTP/1.1" 200 10967 "-" "Mozilla/5.0 (compatible; Barkrowler/0.9; +https://babbar.tech/crawler)"
217.113.194.179 - - [16/Apr/2025:07:53:09 -0400] "GET /limportance-dune-isolation-de-qualite/feed/ HTTP/1.1" 200 415 "-" "Mozilla/5.0 (compatible; Barkrowler/0.9; +https://babbar.tech/crawler)"
217.113.194.180 - - [16/Apr/2025:07:53:27 -0400] "GET /un-defi-unique-dans-le-monde-du-jeu/ HTTP/1.1" 200 10509 "-" "Mozilla/5.0 (compatible; Barkrowler/0.9; +https://babbar.tech/crawler)"
217.113.194.176 - - [16/Apr/2025:07:53:47 -0400] "GET /ihr-vertrauensvoller-partner/feed/ HTTP/1.1" 200 385 "-" "Mozilla/5.0 (compatible; Barkrowler/0.9; +https://babbar.tech/crawler)"
198.54.114.83 - - [16/Apr/2025:07:53:50 -0400] "POST /wp-cron.php?doing_wp_cron=1744804427.8885419368743896484375 HTTP/1.1" 200 0 "-" "WordPress/6.8; https://garantishell.com"
217.113.194.172 - - [16/Apr/2025:07:54:09 -0400] "GET /fenbendazole-for-cancer/feed/ HTTP/1.1" 200 383 "-" "Mozilla/5.0 (compatible; Barkrowler/0.9; +https://babbar.tech/crawler)"
101.44.24.254 - - [16/Apr/2025:07:54:16 -0400] "GET /the-evolution-of-electronic-warrants/ HTTP/1.1" 200 10897 "https://garantishell.com/the-evolution-of-electronic-warrants/" "Mozilla/5.0 (Windows NT 10.0; Win64; x64) AppleWebKit/537.36 (KHTML, like Gecko) Chrome/101.0.4951.64 Safari/537.36 Edg/101.0.1210.47"
217.113.194.174 - - [16/Apr/2025:07:54:31 -0400] "GET /finding-the-perfect-prescription-glasses-online/ HTTP/1.1" 200 10917 "-" "Mozilla/5.0 (compatible; Barkrowler/0.9; +https://babbar.tech/crawler)"
217.113.194.176 - - [16/Apr/2025:07:54:49 -0400] "GET /finding-reliable-sources-for-steroids-in-canada/ HTTP/1.1" 200 10959 "-" "Mozilla/5.0 (compatible; Barkrowler/0.9; +https://babbar.tech/crawler)"
198.54.114.83 - - [16/Apr/2025:07:54:54 -0400] "POST /wp-cron.php?doing_wp_cron=1744804490.9016749858856201171875 HTTP/1.1" 200 0 "-" "WordPress/6.8; https://garantishell.com"
216.244.66.241 - - [16/Apr/2025:07:54:57 -0400] "GET /effiziente-wohnungsraumung-in-luneburg/feed/ HTTP/1.1" 200 412 "-" "Mozilla/5.0 (compatible; DotBot/1.2; +https://opensiteexplorer.org/dotbot; help@moz.com)"
103.11.103.186 - - [16/Apr/2025:07:55:06 -0400] "GET /wp-login.php HTTP/1.1" 200 1734 "-" "GRequests/0.10"
103.11.103.186 - - [16/Apr/2025:07:55:09 -0400] "POST /wp-login.php HTTP/1.1" 200 1862 "-" "GRequests/0.10"
217.113.194.172 - - [16/Apr/2025:07:55:11 -0400] "GET /explore-the-freedom-of-rv-rental-in-delaware/ HTTP/1.1" 200 11429 "-" "Mozilla/5.0 (compatible; Barkrowler/0.9; +https://babbar.tech/crawler)"
178.238.224.249 - - [16/Apr/2025:07:55:25 -0400] "HEAD /why-professional-home-inspection-services-are-essential/ HTTP/1.1" 200 0 "https://garantishell.com" "Mozilla/5.0 (Windows NT 10.0; Win64; x64) AppleWebKit/537.36 (KHTML, like Gecko) Chrome/100.0.4896.127 Safari/537.36"
178.238.224.249 - - [16/Apr/2025:07:55:29 -0400] "GET /why-professional-home-inspection-services-are-essential/ HTTP/1.1" 200 10730 "https://garantishell.com" "Mozilla/5.0 (Windows NT 10.0; Win64; x64) AppleWebKit/537.36 (KHTML, like Gecko) Chrome/100.0.4896.127 Safari/537.36"
217.113.194.179 - - [16/Apr/2025:07:55:31 -0400] "GET /leading-the-way-in-high-quality-kitchen-appliances/ HTTP/1.1" 200 10854 "-" "Mozilla/5.0 (compatible; Barkrowler/0.9; +https://babbar.tech/crawler)"
217.113.194.177 - - [16/Apr/2025:07:55:52 -0400] "GET /a-thrilling-online-casino-experience/ HTTP/1.1" 200 10278 "-" "Mozilla/5.0 (compatible; Barkrowler/0.9; +https://babbar.tech/crawler)"
198.54.114.83 - - [16/Apr/2025:07:55:56 -0400] "POST /wp-cron.php?doing_wp_cron=1744804552.4514949321746826171875 HTTP/1.1" 200 0 "-" "WordPress/6.8; https://garantishell.com"
51.222.253.13 - - [16/Apr/2025:07:55:58 -0400] "GET /how-can-you-win-prizes-online-and-also-have-fun-with-others-while-doing-it/ HTTP/1.1" 200 10904 "-" "Mozilla/5.0 (compatible; AhrefsBot/7.0; +http://ahrefs.com/robot/)"
103.11.103.186 - - [16/Apr/2025:07:56:08 -0400] "GET /wp-login.php HTTP/1.1" 200 1734 "-" "GRequests/0.10"
103.11.103.186 - - [16/Apr/2025:07:56:12 -0400] "POST /wp-login.php HTTP/1.1" 200 1869 "-" "GRequests/0.10"
217.113.194.173 - - [16/Apr/2025:07:56:13 -0400] "GET /empowering-children-with-aba-therapy-in-dubai/ HTTP/1.1" 200 10560 "-" "Mozilla/5.0 (compatible; Barkrowler/0.9; +https://babbar.tech/crawler)"
217.113.194.173 - - [16/Apr/2025:07:56:33 -0400] "GET /empowering-small-businesses-with-digital-marketing/ HTTP/1.1" 200 10654 "-" "Mozilla/5.0 (compatible; Barkrowler/0.9; +https://babbar.tech/crawler)"
217.113.194.173 - - [16/Apr/2025:07:56:51 -0400] "GET /the-ultimate-guide-to-london-airport-taxi-services/ HTTP/1.1" 200 11160 "-" "Mozilla/5.0 (compatible; Barkrowler/0.9; +https://babbar.tech/crawler)"
217.113.194.178 - - [16/Apr/2025:07:57:09 -0400] "GET /the-ultimate-guide-to-passover-programs-2025/ HTTP/1.1" 200 10907 "-" "Mozilla/5.0 (compatible; Barkrowler/0.9; +https://babbar.tech/crawler)"
198.54.114.83 - - [16/Apr/2025:07:57:13 -0400] "POST /wp-cron.php?doing_wp_cron=1744804630.5546219348907470703125 HTTP/1.1" 200 0 "-" "WordPress/6.8; https://garantishell.com"
217.113.194.178 - - [16/Apr/2025:07:57:29 -0400] "GET /why-elope-to-spain-for-your-dream-wedding/ HTTP/1.1" 200 11307 "-" "Mozilla/5.0 (compatible; Barkrowler/0.9; +https://babbar.tech/crawler)"
217.113.194.173 - - [16/Apr/2025:07:57:48 -0400] "GET /discover-the-finest-craft-weed-in-canada/feed/ HTTP/1.1" 200 407 "-" "Mozilla/5.0 (compatible; Barkrowler/0.9; +https://babbar.tech/crawler)"
217.113.194.172 - - [16/Apr/2025:07:58:06 -0400] "GET /discover-the-world-of-76-unblocked-games/ HTTP/1.1" 200 10795 "-" "Mozilla/5.0 (compatible; Barkrowler/0.9; +https://babbar.tech/crawler)"
198.54.114.83 - - [16/Apr/2025:07:58:26 -0400] "POST /wp-cron.php?doing_wp_cron=1744804705.0455060005187988281250 HTTP/1.1" 200 0 "-" "WordPress/6.8; https://garantishell.com"
217.113.194.174 - - [16/Apr/2025:07:58:24 -0400] "GET /ein-leitfaden-fur-effektives-training/ HTTP/1.1" 200 10666 "-" "Mozilla/5.0 (compatible; Barkrowler/0.9; +https://babbar.tech/crawler)"
195.2.67.223 - - [16/Apr/2025:07:58:36 -0400] "GET /a-profitable-business-opportunity/ HTTP/1.1" 200 10712 "https://garantishell.com/a-profitable-business-opportunity/" "Mozilla/5.0 (Windows NT 10.0; Win64; x64) AppleWebKit/537.36 (KHTML, like Gecko) Chrome/131.0.0.0 Safari/537.36 Avast/131.0.0.0"
195.2.67.223 - - [16/Apr/2025:07:58:40 -0400] "POST /wp-comments-post.php HTTP/1.1" 302 0 "https://garantishell.com/a-profitable-business-opportunity/" "Mozilla/5.0 (Windows NT 10.0; Win64; x64) AppleWebKit/537.36 (KHTML, like Gecko) Chrome/131.0.0.0 Safari/537.36 Avast/131.0.0.0"
217.113.194.180 - - [16/Apr/2025:07:58:45 -0400] "GET /a-new-era-of-gaming-and-entertainment/ HTTP/1.1" 200 10489 "-" "Mozilla/5.0 (compatible; Barkrowler/0.9; +https://babbar.tech/crawler)"
195.2.67.223 - - [16/Apr/2025:07:58:46 -0400] "GET /a-profitable-business-opportunity/ HTTP/1.1" 200 11701 "https://garantishell.com/a-profitable-business-opportunity/#comment-4315" "Mozilla/5.0 (Windows NT 10.0; Win64; x64) AppleWebKit/537.36 (KHTML, like Gecko) Chrome/131.0.0.0 Safari/537.36 Avast/131.0.0.0"
217.113.194.176 - - [16/Apr/2025:07:59:05 -0400] "GET /the-path-to-efficiency-and-productivitys/ HTTP/1.1" 200 10778 "-" "Mozilla/5.0 (compatible; Barkrowler/0.9; +https://babbar.tech/crawler)"
217.113.194.179 - - [16/Apr/2025:07:59:25 -0400] "GET /the-path-to-efficiency-and-productivitys/feed/ HTTP/1.1" 200 400 "-" "Mozilla/5.0 (compatible; Barkrowler/0.9; +https://babbar.tech/crawler)"
198.54.114.83 - - [16/Apr/2025:07:59:29 -0400] "POST /wp-cron.php?doing_wp_cron=1744804766.4876589775085449218750 HTTP/1.1" 200 0 "-" "WordPress/6.8; https://garantishell.com"
217.113.194.177 - - [16/Apr/2025:07:59:45 -0400] "GET /excellence-in-private-security-services-in-miami/ HTTP/1.1" 200 10907 "-" "Mozilla/5.0 (compatible; Barkrowler/0.9; +https://babbar.tech/crawler)"
103.11.103.186 - - [16/Apr/2025:07:59:52 -0400] "GET /wp-login.php HTTP/1.1" 200 1734 "-" "GRequests/0.10"
103.11.103.186 - - [16/Apr/2025:07:59:57 -0400] "POST /wp-login.php HTTP/1.1" 200 1866 "-" "GRequests/0.10"
217.113.194.175 - - [16/Apr/2025:08:00:06 -0400] "GET /a-coastal-gem-in-southern-spain/feed/ HTTP/1.1" 200 393 "-" "Mozilla/5.0 (compatible; Barkrowler/0.9; +https://babbar.tech/crawler)"
217.113.194.180 - - [16/Apr/2025:08:00:30 -0400] "GET /a-comprehensive-guide-for-content-creators/ HTTP/1.1" 200 11258 "-" "Mozilla/5.0 (compatible; Barkrowler/0.9; +https://babbar.tech/crawler)"
217.113.194.178 - - [16/Apr/2025:08:00:48 -0400] "GET /a-comprehensive-guide-for-content-creators/feed/ HTTP/1.1" 200 401 "-" "Mozilla/5.0 (compatible; Barkrowler/0.9; +https://babbar.tech/crawler)"
198.54.114.83 - - [16/Apr/2025:08:00:53 -0400] "POST /wp-cron.php?doing_wp_cron=1744804850.1336560249328613281250 HTTP/1.1" 200 0 "-" "WordPress/6.8; https://garantishell.com"
51.222.253.6 - - [16/Apr/2025:08:01:04 -0400] "GET /lassurance-auto-pour-la-location-courte-duree-proteger-votre-mobilite-en-toute-serenite/ HTTP/1.1" 200 10572 "-" "Mozilla/5.0 (compatible; AhrefsBot/7.0; +http://ahrefs.com/robot/)"
217.113.194.181 - - [16/Apr/2025:08:01:10 -0400] "GET /the-appeal-of-retro-bowl-unblocked/ HTTP/1.1" 200 10658 "-" "Mozilla/5.0 (compatible; Barkrowler/0.9; +https://babbar.tech/crawler)"
217.113.194.174 - - [16/Apr/2025:08:01:29 -0400] "GET /the-appeal-of-used-designer-furniture-2/feed/ HTTP/1.1" 200 401 "-" "Mozilla/5.0 (compatible; Barkrowler/0.9; +https://babbar.tech/crawler)"
192.64.117.43 - - [16/Apr/2025:08:01:47 -0400] "POST /xmlrpc.php HTTP/1.1" 200 186 "https://garantishell.com" "Mozilla/5.0 (Macintosh; Intel Mac OS X 10_15_7) AppleWebKit/537.36 (KHTML, like Gecko) Chrome/116.0.5845.96 Safari/537.36"
154.54.249.212 - - [16/Apr/2025:08:01:48 -0400] "GET /the-appeal-of-used-designer-furniture-2/ HTTP/1.1" 200 10827 "-" "Mozilla/5.0 (compatible; Barkrowler/0.9; +https://babbar.tech/crawler)"
217.113.194.173 - - [16/Apr/2025:08:02:08 -0400] "GET /the-pitfalls-of-buying-instagram-followers/ HTTP/1.1" 200 10799 "-" "Mozilla/5.0 (compatible; Barkrowler/0.9; +https://babbar.tech/crawler)"
198.54.114.83 - - [16/Apr/2025:08:02:13 -0400] "POST /wp-cron.php?doing_wp_cron=1744804929.0405991077423095703125 HTTP/1.1" 200 0 "-" "WordPress/6.8; https://garantishell.com"
217.113.194.176 - - [16/Apr/2025:08:02:30 -0400] "GET /the-evolution-and-controversies-of-online-betting/ HTTP/1.1" 200 10854 "-" "Mozilla/5.0 (compatible; Barkrowler/0.9; +https://babbar.tech/crawler)"
5.199.130.40 - - [16/Apr/2025:08:02:46 -0400] "HEAD / HTTP/1.1" 200 0 "-" "-"
217.113.194.179 - - [16/Apr/2025:08:02:51 -0400] "GET /the-rise-of-healthy-meal-delivery-services/ HTTP/1.1" 200 10847 "-" "Mozilla/5.0 (compatible; Barkrowler/0.9; +https://babbar.tech/crawler)"
217.113.194.176 - - [16/Apr/2025:08:03:11 -0400] "GET /the-rise-of-craft-cannabis-in-canada/feed/ HTTP/1.1" 200 408 "-" "Mozilla/5.0 (compatible; Barkrowler/0.9; +https://babbar.tech/crawler)"
198.54.114.83 - - [16/Apr/2025:08:03:13 -0400] "POST /wp-cron.php?doing_wp_cron=1744804991.6406879425048828125000 HTTP/1.1" 200 0 "-" "WordPress/6.8; https://garantishell.com"
217.113.194.176 - - [16/Apr/2025:08:03:31 -0400] "GET /the-evolving-landscape-of-online-betting/ HTTP/1.1" 200 10836 "-" "Mozilla/5.0 (compatible; Barkrowler/0.9; +https://babbar.tech/crawler)"
217.113.194.181 - - [16/Apr/2025:08:03:51 -0400] "GET /strategies-to-get-shares-on-tiktok/ HTTP/1.1" 200 10690 "-" "Mozilla/5.0 (compatible; Barkrowler/0.9; +https://babbar.tech/crawler)"
217.113.194.180 - - [16/Apr/2025:08:04:10 -0400] "GET /turkische-psychologen-in-der-nahe-2/feed/ HTTP/1.1" 200 406 "-" "Mozilla/5.0 (compatible; Barkrowler/0.9; +https://babbar.tech/crawler)"
217.113.194.173 - - [16/Apr/2025:08:04:29 -0400] "GET /reliable-fire-watch-services-in-fort-worth/feed/ HTTP/1.1" 200 409 "-" "Mozilla/5.0 (compatible; Barkrowler/0.9; +https://babbar.tech/crawler)"
198.54.114.83 - - [16/Apr/2025:08:04:32 -0400] "POST /wp-cron.php?doing_wp_cron=1744805070.1736040115356445312500 HTTP/1.1" 200 0 "-" "WordPress/6.8; https://garantishell.com"
217.113.194.176 - - [16/Apr/2025:08:04:48 -0400] "GET /reliable-fire-watch-services-in-fort-worth/ HTTP/1.1" 200 10683 "-" "Mozilla/5.0 (compatible; Barkrowler/0.9; +https://babbar.tech/crawler)"
66.249.77.135 - - [16/Apr/2025:08:04:50 -0400] "GET /the-modern-cold-water-dispenser/ HTTP/1.1" 200 10480 "-" "Mozilla/5.0 (Linux; Android 6.0.1; Nexus 5X Build/MMB29P) AppleWebKit/537.36 (KHTML, like Gecko) Chrome/135.0.7049.84 Mobile Safari/537.36 (compatible; Googlebot/2.1; +http://www.google.com/bot.html)"
66.249.77.133 - - [16/Apr/2025:08:05:00 -0400] "GET /category/stock-trading/ HTTP/1.1" 200 8000 "-" "Mozilla/5.0 (Linux; Android 6.0.1; Nexus 5X Build/MMB29P) AppleWebKit/537.36 (KHTML, like Gecko) Chrome/135.0.7049.84 Mobile Safari/537.36 (compatible; Googlebot/2.1; +http://www.google.com/bot.html)"
66.249.77.133 - - [16/Apr/2025:08:05:08 -0400] "GET /2024/07/ HTTP/1.1" 200 9744 "-" "Mozilla/5.0 (Linux; Android 6.0.1; Nexus 5X Build/MMB29P) AppleWebKit/537.36 (KHTML, like Gecko) Chrome/135.0.7049.84 Mobile Safari/537.36 (compatible; Googlebot/2.1; +http://www.google.com/bot.html)"
217.113.194.180 - - [16/Apr/2025:08:05:07 -0400] "GET /rejuvenate-and-recharge-with-business-trip-massage/ HTTP/1.1" 200 10820 "-" "Mozilla/5.0 (compatible; Barkrowler/0.9; +https://babbar.tech/crawler)"
51.222.253.7 - - [16/Apr/2025:08:05:13 -0400] "GET /die-kosten-fur-gitarrenunterricht/ HTTP/1.1" 200 10529 "-" "Mozilla/5.0 (compatible; AhrefsBot/7.0; +http://ahrefs.com/robot/)"
154.54.249.212 - - [16/Apr/2025:08:05:24 -0400] "GET /le-pouvoir-des-autocollants-publicitaires/feed/ HTTP/1.1" 200 403 "-" "Mozilla/5.0 (compatible; Barkrowler/0.9; +https://babbar.tech/crawler)"
217.113.194.174 - - [16/Apr/2025:08:05:43 -0400] "GET /relax-and-recharges-with-business-trip-massage/feed/ HTTP/1.1" 200 413 "-" "Mozilla/5.0 (compatible; Barkrowler/0.9; +https://babbar.tech/crawler)"
198.54.114.83 - - [16/Apr/2025:08:05:46 -0400] "POST /wp-cron.php?doing_wp_cron=1744805143.8920249938964843750000 HTTP/1.1" 200 0 "-" "WordPress/6.8; https://garantishell.com"
107.151.222.62 - - [16/Apr/2025:08:05:48 -0400] "GET //?rest_route=/wp/v2/users HTTP/1.1" 200 1456 "www.google.com" "Mozlila/5.0 (Linux; Android 7.0; SM-G892A Bulid/NRD90M; wv) AppleWebKit/537.36 (KHTML, like Gecko) Version/4.0 Chrome/60.0.3112.107 Moblie Safari/537.36"
111.119.254.160 - - [16/Apr/2025:08:05:53 -0400] "GET /scelta-del-passeggino-trio/ HTTP/1.1" 200 10767 "https://garantishell.com/scelta-del-passeggino-trio/" "Mozilla/5.0 (Macintosh; Intel Mac OS X 10_15_7) AppleWebKit/537.36 (KHTML, like Gecko) Chrome/131.0.0.0 Safari/537.36"
107.151.222.62 - - [16/Apr/2025:08:05:53 -0400] "POST //xmlrpc.php HTTP/1.1" 200 186 "www.google.com" "Mozlila/5.0 (Linux; Android 7.0; SM-G892A Bulid/NRD90M; wv) AppleWebKit/537.36 (KHTML, like Gecko) Version/4.0 Chrome/60.0.3112.107 Moblie Safari/537.36"
107.151.222.62 - - [16/Apr/2025:08:05:58 -0400] "POST //xmlrpc.php HTTP/1.1" 200 186 "www.google.com" "Mozlila/5.0 (Linux; Android 7.0; SM-G892A Bulid/NRD90M; wv) AppleWebKit/537.36 (KHTML, like Gecko) Version/4.0 Chrome/60.0.3112.107 Moblie Safari/537.36"
66.249.77.133 - - [16/Apr/2025:08:06:00 -0400] "GET /2024/02/ HTTP/1.1" 200 9813 "-" "Mozilla/5.0 (Linux; Android 6.0.1; Nexus 5X Build/MMB29P) AppleWebKit/537.36 (KHTML, like Gecko) Chrome/135.0.7049.84 Mobile Safari/537.36 (compatible; Googlebot/2.1; +http://www.google.com/bot.html)"
107.151.222.62 - - [16/Apr/2025:08:06:02 -0400] "POST //xmlrpc.php HTTP/1.1" 200 186 "www.google.com" "Mozlila/5.0 (Linux; Android 7.0; SM-G892A Bulid/NRD90M; wv) AppleWebKit/537.36 (KHTML, like Gecko) Version/4.0 Chrome/60.0.3112.107 Moblie Safari/537.36"
217.113.194.181 - - [16/Apr/2025:08:06:02 -0400] "GET /virtual-receptionist-benefits-for-modern-businesses/ HTTP/1.1" 200 11207 "-" "Mozilla/5.0 (compatible; Barkrowler/0.9; +https://babbar.tech/crawler)"
107.151.222.62 - - [16/Apr/2025:08:06:08 -0400] "POST //xmlrpc.php HTTP/1.1" 200 186 "www.google.com" "Mozlila/5.0 (Linux; Android 7.0; SM-G892A Bulid/NRD90M; wv) AppleWebKit/537.36 (KHTML, like Gecko) Version/4.0 Chrome/60.0.3112.107 Moblie Safari/537.36"
107.151.222.62 - - [16/Apr/2025:08:06:12 -0400] "POST //xmlrpc.php HTTP/1.1" 200 186 "www.google.com" "Mozlila/5.0 (Linux; Android 7.0; SM-G892A Bulid/NRD90M; wv) AppleWebKit/537.36 (KHTML, like Gecko) Version/4.0 Chrome/60.0.3112.107 Moblie Safari/537.36"
107.151.222.62 - - [16/Apr/2025:08:06:17 -0400] "POST //xmlrpc.php HTTP/1.1" 200 186 "www.google.com" "Mozlila/5.0 (Linux; Android 7.0; SM-G892A Bulid/NRD90M; wv) AppleWebKit/537.36 (KHTML, like Gecko) Version/4.0 Chrome/60.0.3112.107 Moblie Safari/537.36"
217.113.194.179 - - [16/Apr/2025:08:06:21 -0400] "GET /navigating-the-complexities-of-international-shipping/feed/ HTTP/1.1" 200 402 "-" "Mozilla/5.0 (compatible; Barkrowler/0.9; +https://babbar.tech/crawler)"
66.249.77.133 - - [16/Apr/2025:08:06:24 -0400] "GET /exploring-hypnotherapy-in-singapore/ HTTP/1.1" 200 10865 "-" "Mozilla/5.0 (Linux; Android 6.0.1; Nexus 5X Build/MMB29P) AppleWebKit/537.36 (KHTML, like Gecko) Chrome/135.0.7049.84 Mobile Safari/537.36 (compatible; Googlebot/2.1; +http://www.google.com/bot.html)"
217.113.194.179 - - [16/Apr/2025:08:06:41 -0400] "GET /navigating-the-multichannel-landscape/feed/ HTTP/1.1" 200 392 "-" "Mozilla/5.0 (compatible; Barkrowler/0.9; +https://babbar.tech/crawler)"
154.54.249.212 - - [16/Apr/2025:08:07:00 -0400] "GET /the-benefits-of-a-business-trip-massage-2/feed/ HTTP/1.1" 200 402 "-" "Mozilla/5.0 (compatible; Barkrowler/0.9; +https://babbar.tech/crawler)"
198.54.114.83 - - [16/Apr/2025:08:07:02 -0400] "POST /wp-cron.php?doing_wp_cron=1744805220.7025070190429687500000 HTTP/1.1" 200 0 "-" "WordPress/6.8; https://garantishell.com"
154.54.249.212 - - [16/Apr/2025:08:07:19 -0400] "GET /conception-ergonomique-pour-le-confort-optimal/ HTTP/1.1" 200 10467 "-" "Mozilla/5.0 (compatible; Barkrowler/0.9; +https://babbar.tech/crawler)"
217.113.194.172 - - [16/Apr/2025:08:07:36 -0400] "GET /innovative-living-california-prefab-homes/feed/ HTTP/1.1" 200 398 "-" "Mozilla/5.0 (compatible; Barkrowler/0.9; +https://babbar.tech/crawler)"
217.113.194.175 - - [16/Apr/2025:08:07:53 -0400] "GET /innovative-solutions-by-teragon-labs/feed/ HTTP/1.1" 200 396 "-" "Mozilla/5.0 (compatible; Barkrowler/0.9; +https://babbar.tech/crawler)"
66.249.77.133 - - [16/Apr/2025:08:08:02 -0400] "GET /2024/05/ HTTP/1.1" 200 9790 "-" "Mozilla/5.0 (Linux; Android 6.0.1; Nexus 5X Build/MMB29P) AppleWebKit/537.36 (KHTML, like Gecko) Chrome/135.0.7049.84 Mobile Safari/537.36 (compatible; Googlebot/2.1; +http://www.google.com/bot.html)"
198.54.114.83 - - [16/Apr/2025:08:08:12 -0400] "POST /wp-cron.php?doing_wp_cron=1744805291.2721569538116455078125 HTTP/1.1" 200 0 "-" "WordPress/6.8; https://garantishell.com"
198.54.114.83 - - [16/Apr/2025:08:08:12 -0400] "POST /wp-cron.php?doing_wp_cron=1744805291.3648889064788818359375 HTTP/1.1" 200 0 "-" "WordPress/6.8; https://garantishell.com"
66.249.77.134 - - [16/Apr/2025:08:08:11 -0400] "GET /renovation-de-toiture-a-nemours-un-guide-complet/feed/ HTTP/1.1" 200 423 "-" "Mozilla/5.0 (Linux; Android 6.0.1; Nexus 5X Build/MMB29P) AppleWebKit/537.36 (KHTML, like Gecko) Chrome/135.0.7049.84 Mobile Safari/537.36 (compatible; Googlebot/2.1; +http://www.google.com/bot.html)"
198.54.114.83 - - [16/Apr/2025:08:08:12 -0400] "POST /wp-admin/admin-ajax.php?action=async_litespeed&nonce=pfK9bkp9kZs0EglkyRfNW7rQiV3WB3KL&litespeed_type=imgoptm HTTP/1.1" 200 0 "-" "WordPress/6.8; https://garantishell.com"
217.113.194.177 - - [16/Apr/2025:08:08:11 -0400] "GET /an-introduction-to-an-ancient-tradition/feed/ HTTP/1.1" 200 386 "-" "Mozilla/5.0 (compatible; Barkrowler/0.9; +https://babbar.tech/crawler)"
66.249.77.133 - - [16/Apr/2025:08:08:16 -0400] "GET /category/education/feed/ HTTP/1.1" 200 1524 "-" "Mozilla/5.0 (Linux; Android 6.0.1; Nexus 5X Build/MMB29P) AppleWebKit/537.36 (KHTML, like Gecko) Chrome/135.0.7049.84 Mobile Safari/537.36 (compatible; Googlebot/2.1; +http://www.google.com/bot.html)"
217.113.194.176 - - [16/Apr/2025:08:08:30 -0400] "GET /the-art-of-massage-a-comprehensive-guide/feed/ HTTP/1.1" 200 408 "-" "Mozilla/5.0 (compatible; Barkrowler/0.9; +https://babbar.tech/crawler)"
217.113.194.181 - - [16/Apr/2025:08:08:47 -0400] "GET /efficient-communication-with-virtual-receptionists/ HTTP/1.1" 200 10695 "-" "Mozilla/5.0 (compatible; Barkrowler/0.9; +https://babbar.tech/crawler)"
198.54.114.83 - - [16/Apr/2025:08:09:05 -0400] "POST /wp-cron.php?doing_wp_cron=1744805344.7769870758056640625000 HTTP/1.1" 200 0 "-" "WordPress/6.8; https://garantishell.com"
217.113.194.181 - - [16/Apr/2025:08:09:04 -0400] "GET /top-heroes-in-watcher-of-realms/feed/ HTTP/1.1" 200 397 "-" "Mozilla/5.0 (compatible; Barkrowler/0.9; +https://babbar.tech/crawler)"
198.54.114.83 - - [16/Apr/2025:08:09:07 -0400] "POST /wp-admin/admin-ajax.php?action=async_litespeed&nonce=HFpSgpVQHdfr7uYoVjqIcALtvJlDlBHq&litespeed_type=imgoptm HTTP/1.1" 200 0 "-" "WordPress/6.8; https://garantishell.com"
217.113.194.179 - - [16/Apr/2025:08:09:23 -0400] "GET /the-world-of-marketing-jobs-and-opportunities/feed/ HTTP/1.1" 200 413 "-" "Mozilla/5.0 (compatible; Barkrowler/0.9; +https://babbar.tech/crawler)"
51.222.253.1 - - [16/Apr/2025:08:09:37 -0400] "GET /page/35/ HTTP/1.1" 200 9946 "-" "Mozilla/5.0 (compatible; AhrefsBot/7.0; +http://ahrefs.com/robot/)"
85.208.96.204 - - [16/Apr/2025:08:09:41 -0400] "GET /strategies-to-boost-your-likes/ HTTP/1.1" 200 10937 "-" "Mozilla/5.0 (compatible; SemrushBot/7~bl; +http://www.semrush.com/bot.html)"
198.54.114.83 - - [16/Apr/2025:08:09:41 -0400] "POST /wp-cron.php?doing_wp_cron=1744805380.9548029899597167968750 HTTP/1.1" 200 0 "-" "WordPress/6.8; https://garantishell.com"
217.113.194.180 - - [16/Apr/2025:08:09:40 -0400] "GET /vielfaltige-rechtliche-dienstleistungen/ HTTP/1.1" 200 10814 "-" "Mozilla/5.0 (compatible; Barkrowler/0.9; +https://babbar.tech/crawler)"
198.54.114.83 - - [16/Apr/2025:08:09:42 -0400] "POST /wp-admin/admin-ajax.php?action=async_litespeed&nonce=c4osAspwuyVeKu22PxvY6ZAcD7pKVJDB&litespeed_type=imgoptm HTTP/1.1" 200 0 "-" "WordPress/6.8; https://garantishell.com"
217.113.194.172 - - [16/Apr/2025:08:09:59 -0400] "GET /oceanic-elegance-in-every-strand/ HTTP/1.1" 200 10830 "-" "Mozilla/5.0 (compatible; Barkrowler/0.9; +https://babbar.tech/crawler)"
217.113.194.174 - - [16/Apr/2025:08:10:19 -0400] "GET /oceanic-elegance-in-every-strand/feed/ HTTP/1.1" 200 399 "-" "Mozilla/5.0 (compatible; Barkrowler/0.9; +https://babbar.tech/crawler)"
107.178.203.232 - - [16/Apr/2025:08:10:27 -0400] "GET /navigating-the-world-of-steroids-in-thailand/ HTTP/1.1" 200 10795 "-" "Mozilla/5.0 (compatible; Google-Apps-Script; beanserver; +https://script.google.com; id: UAEmdDd-cSUD8XmqKO9c_AJnLdlNZrxb9Vg)"
217.113.194.176 - - [16/Apr/2025:08:10:36 -0400] "GET /understanding-aba-therapy-for-kids-in-dubai/feed/ HTTP/1.1" 200 413 "-" "Mozilla/5.0 (compatible; Barkrowler/0.9; +https://babbar.tech/crawler)"
216.244.66.241 - - [16/Apr/2025:08:10:43 -0400] "GET /robots.txt HTTP/1.1" 200 97 "-" "Mozilla/5.0 (compatible; DotBot/1.2; +https://opensiteexplorer.org/dotbot; help@moz.com)"
198.54.114.83 - - [16/Apr/2025:08:10:55 -0400] "POST /wp-cron.php?doing_wp_cron=1744805454.6666851043701171875000 HTTP/1.1" 200 0 "-" "WordPress/6.8; https://garantishell.com"
198.54.114.83 - - [16/Apr/2025:08:10:57 -0400] "POST /wp-admin/admin-ajax.php?action=async_litespeed&nonce=nwJWpXmOxFCE9OdI8pTYWl54Q7yq3J4o&litespeed_type=imgoptm HTTP/1.1" 200 0 "-" "WordPress/6.8; https://garantishell.com"
217.113.194.179 - - [16/Apr/2025:08:10:54 -0400] "GET /understanding-the-concept-of-type-tests/ HTTP/1.1" 200 10522 "-" "Mozilla/5.0 (compatible; Barkrowler/0.9; +https://babbar.tech/crawler)"
66.249.77.133 - - [16/Apr/2025:08:11:00 -0400] "GET /category/home-kitchen/ HTTP/1.1" 200 8023 "-" "Mozilla/5.0 (Linux; Android 6.0.1; Nexus 5X Build/MMB29P) AppleWebKit/537.36 (KHTML, like Gecko) Chrome/135.0.7049.84 Mobile Safari/537.36 (compatible; Googlebot/2.1; +http://www.google.com/bot.html)"
217.113.194.177 - - [16/Apr/2025:08:11:15 -0400] "GET /lascesa-dei-funko-pop-pokemon/ HTTP/1.1" 200 10668 "-" "Mozilla/5.0 (compatible; Barkrowler/0.9; +https://babbar.tech/crawler)"
66.249.77.132 - - [16/Apr/2025:08:11:23 -0400] "GET /category/lifestyle-fashion/ HTTP/1.1" 200 8008 "-" "Mozilla/5.0 (Linux; Android 6.0.1; Nexus 5X Build/MMB29P) AppleWebKit/537.36 (KHTML, like Gecko) Chrome/135.0.7049.84 Mobile Safari/537.36 (compatible; Googlebot/2.1; +http://www.google.com/bot.html)"
217.113.194.176 - - [16/Apr/2025:08:11:34 -0400] "GET /exploring-cryptocurrency-job-opportunities/feed/ HTTP/1.1" 200 399 "-" "Mozilla/5.0 (compatible; Barkrowler/0.9; +https://babbar.tech/crawler)"
198.54.114.83 - - [16/Apr/2025:08:11:54 -0400] "POST /wp-cron.php?doing_wp_cron=1744805513.0163938999176025390625 HTTP/1.1" 200 0 "-" "WordPress/6.8; https://garantishell.com"
217.113.194.177 - - [16/Apr/2025:08:11:52 -0400] "GET /exploring-the-magnificence-of-grand-dunman/ HTTP/1.1" 200 10807 "-" "Mozilla/5.0 (compatible; Barkrowler/0.9; +https://babbar.tech/crawler)"
103.127.31.17 - - [16/Apr/2025:08:12:02 -0400] "GET /wp-login.php HTTP/1.1" 200 1734 "-" "GRequests/0.10"
103.127.31.17 - - [16/Apr/2025:08:12:04 -0400] "POST /wp-login.php HTTP/1.1" 200 1865 "-" "GRequests/0.10"
217.113.194.174 - - [16/Apr/2025:08:12:11 -0400] "GET /exploring-the-thrills-of-online-casinos-2/feed/ HTTP/1.1" 200 402 "-" "Mozilla/5.0 (compatible; Barkrowler/0.9; +https://babbar.tech/crawler)"
45.67.14.64 - - [16/Apr/2025:08:12:14 -0400] "POST /xmlrpc.php HTTP/1.1" 200 186 "https://garantishell.com" "Mozilla/5.0 (Macintosh; Intel Mac OS X 13_3) AppleWebKit/537.36 (KHTML, like Gecko) Chrome/126.0.0.0 Safari/537.36 Edg/126.0.0.0"
107.178.224.99 - - [16/Apr/2025:08:12:25 -0400] "GET /strategies-to-boost-your-likes/ HTTP/1.1" 200 10937 "-" "Mozilla/5.0 (compatible; Google-Apps-Script; beanserver; +https://script.google.com; id: UAEmdDd-cSUD8XmqKO9c_AJnLdlNZrxb9Vg)"
217.113.194.175 - - [16/Apr/2025:08:12:29 -0400] "GET /exploring-the-realm-of-ai-girlfriends/feed/ HTTP/1.1" 200 402 "-" "Mozilla/5.0 (compatible; Barkrowler/0.9; +https://babbar.tech/crawler)"
217.113.194.176 - - [16/Apr/2025:08:12:47 -0400] "GET /the-power-of-culture-gift-certificate-discounts/feed/ HTTP/1.1" 200 418 "-" "Mozilla/5.0 (compatible; Barkrowler/0.9; +https://babbar.tech/crawler)"
198.54.114.83 - - [16/Apr/2025:08:13:07 -0400] "POST /wp-cron.php?doing_wp_cron=1744805586.2810139656066894531250 HTTP/1.1" 200 0 "-" "WordPress/6.8; https://garantishell.com"
217.113.194.178 - - [16/Apr/2025:08:13:06 -0400] "GET /the-power-of-culture-gift-certificate-discount/feed/ HTTP/1.1" 200 417 "-" "Mozilla/5.0 (compatible; Barkrowler/0.9; +https://babbar.tech/crawler)"
217.113.194.173 - - [16/Apr/2025:08:13:24 -0400] "GET /the-power-of-qr-codes-in-modern-marketing/feed/ HTTP/1.1" 200 414 "-" "Mozilla/5.0 (compatible; Barkrowler/0.9; +https://babbar.tech/crawler)"
217.113.194.178 - - [16/Apr/2025:08:13:43 -0400] "GET /ihr-umzugsunternehmen-in-luneburg/ HTTP/1.1" 200 10641 "-" "Mozilla/5.0 (compatible; Barkrowler/0.9; +https://babbar.tech/crawler)"
51.222.253.3 - - [16/Apr/2025:08:13:43 -0400] "GET /the-dos-and-donts-of-buying-views-and-followers/ HTTP/1.1" 200 10968 "-" "Mozilla/5.0 (compatible; AhrefsBot/7.0; +http://ahrefs.com/robot/)"
217.113.194.181 - - [16/Apr/2025:08:14:02 -0400] "GET /qualitat-und-zuverlassigkeit/ HTTP/1.1" 200 10585 "-" "Mozilla/5.0 (compatible; Barkrowler/0.9; +https://babbar.tech/crawler)"
107.178.203.224 - - [16/Apr/2025:08:14:18 -0400] "GET /erfahrene-rechtsberatung-fur-eine-reibungslose-scheidung/ HTTP/1.1" 200 10602 "-" "Mozilla/5.0 (compatible; Google-Apps-Script; beanserver; +https://script.google.com; id: UAEmdDd-cSUD8XmqKO9c_AJnLdlNZrxb9Vg)"
217.113.194.176 - - [16/Apr/2025:08:14:20 -0400] "GET /fenbendazole-in-cancer-treatment/ HTTP/1.1" 200 10890 "-" "Mozilla/5.0 (compatible; Barkrowler/0.9; +https://babbar.tech/crawler)"
198.54.114.83 - - [16/Apr/2025:08:14:23 -0400] "POST /wp-cron.php?doing_wp_cron=1744805661.4226379394531250000000 HTTP/1.1" 200 0 "-" "WordPress/6.8; https://garantishell.com"
217.113.194.180 - - [16/Apr/2025:08:14:40 -0400] "GET /experience-serenity-at-a-lake-garda-resort/ HTTP/1.1" 200 10745 "-" "Mozilla/5.0 (compatible; Barkrowler/0.9; +https://babbar.tech/crawler)"
217.113.194.179 - - [16/Apr/2025:08:14:59 -0400] "GET /decouvrez-lunivers-captivant-de-1xbet/ HTTP/1.1" 200 10509 "-" "Mozilla/5.0 (compatible; Barkrowler/0.9; +https://babbar.tech/crawler)"
66.249.77.131 - - [16/Apr/2025:08:15:14 -0400] "GET /category/gaming/ HTTP/1.1" 200 8403 "-" "Mozilla/5.0 (Linux; Android 6.0.1; Nexus 5X Build/MMB29P) AppleWebKit/537.36 (KHTML, like Gecko) Chrome/135.0.7049.84 Mobile Safari/537.36 (compatible; Googlebot/2.1; +http://www.google.com/bot.html)"
31.214.174.196 - - [16/Apr/2025:08:15:21 -0400] "GET /wp-login.php HTTP/1.1" 200 1734 "-" "GRequests/0.10"
198.54.114.83 - - [16/Apr/2025:08:15:22 -0400] "POST /wp-cron.php?doing_wp_cron=1744805721.6663789749145507812500 HTTP/1.1" 200 0 "-" "WordPress/6.8; https://garantishell.com"
217.113.194.179 - - [16/Apr/2025:08:15:21 -0400] "GET /les-enjeux-de-lengouement-pour-les-paris-en-ligne/ HTTP/1.1" 200 10667 "-" "Mozilla/5.0 (compatible; Barkrowler/0.9; +https://babbar.tech/crawler)"
31.214.174.196 - - [16/Apr/2025:08:15:24 -0400] "POST /wp-login.php HTTP/1.1" 200 1870 "-" "GRequests/0.10"
217.113.194.177 - - [16/Apr/2025:08:15:41 -0400] "GET /finding-the-perfect-prescription-glasses-online/feed/ HTTP/1.1" 200 406 "-" "Mozilla/5.0 (compatible; Barkrowler/0.9; +https://babbar.tech/crawler)"
217.113.194.179 - - [16/Apr/2025:08:16:00 -0400] "GET /finding-reliable-money-lenders-in-singapore/feed/ HTTP/1.1" 200 409 "-" "Mozilla/5.0 (compatible; Barkrowler/0.9; +https://babbar.tech/crawler)"
217.113.194.178 - - [16/Apr/2025:08:16:17 -0400] "GET /finding-the-best-german-lessons-near-you/feed/ HTTP/1.1" 200 406 "-" "Mozilla/5.0 (compatible; Barkrowler/0.9; +https://babbar.tech/crawler)"
217.113.194.176 - - [16/Apr/2025:08:16:35 -0400] "GET /leading-the-way-in-high-quality-kitchen-appliances/feed/ HTTP/1.1" 200 424 "-" "Mozilla/5.0 (compatible; Barkrowler/0.9; +https://babbar.tech/crawler)"
198.54.114.83 - - [16/Apr/2025:08:16:37 -0400] "POST /wp-cron.php?doing_wp_cron=1744805796.0446009635925292968750 HTTP/1.1" 200 0 "-" "WordPress/6.8; https://garantishell.com"
217.113.194.180 - - [16/Apr/2025:08:16:54 -0400] "GET /leading-ppr-fitting-manufacturers-in-china/ HTTP/1.1" 200 10722 "-" "Mozilla/5.0 (compatible; Barkrowler/0.9; +https://babbar.tech/crawler)"
217.113.194.173 - - [16/Apr/2025:08:17:13 -0400] "GET /leading-providers-of-fire-safety-solutions-in-china/ HTTP/1.1" 200 11070 "-" "Mozilla/5.0 (compatible; Barkrowler/0.9; +https://babbar.tech/crawler)"
154.54.249.212 - - [16/Apr/2025:08:17:31 -0400] "GET /a-thrilling-online-casino-experience/feed/ HTTP/1.1" 200 392 "-" "Mozilla/5.0 (compatible; Barkrowler/0.9; +https://babbar.tech/crawler)"
111.119.234.99 - - [16/Apr/2025:08:17:36 -0400] "GET /the-art-of-massage-a-comprehensive-guide/ HTTP/1.1" 200 10901 "https://garantishell.com/the-art-of-massage-a-comprehensive-guide/" "Mozilla/5.0 (Windows NT 10.0; Win64; x64) AppleWebKit/537.36 (KHTML, like Gecko) Chrome/101.0.4951.64 Safari/537.36 Edg/101.0.1210.47"
198.54.114.83 - - [16/Apr/2025:08:17:49 -0400] "POST /wp-cron.php?doing_wp_cron=1744805868.8151969909667968750000 HTTP/1.1" 200 0 "-" "WordPress/6.8; https://garantishell.com"
217.113.194.176 - - [16/Apr/2025:08:17:48 -0400] "GET /lunivers-captivant-de-skyblock-minecraft/ HTTP/1.1" 200 10829 "-" "Mozilla/5.0 (compatible; Barkrowler/0.9; +https://babbar.tech/crawler)"
198.54.114.83 - - [16/Apr/2025:08:17:51 -0400] "POST /wp-admin/admin-ajax.php?action=async_litespeed&nonce=4U0g35tQgOB5qL74Z7kreJLW81ysbbSB&litespeed_type=imgoptm HTTP/1.1" 200 0 "-" "WordPress/6.8; https://garantishell.com"
51.222.253.12 - - [16/Apr/2025:08:18:05 -0400] "GET /the-role-of-midwives-in-maternal-health/feed/ HTTP/1.1" 200 407 "-" "Mozilla/5.0 (compatible; AhrefsBot/7.0; +http://ahrefs.com/robot/)"
217.113.194.175 - - [16/Apr/2025:08:18:06 -0400] "GET /enhancing-ai-performance-with-quality-training-data/ HTTP/1.1" 200 10898 "-" "Mozilla/5.0 (compatible; Barkrowler/0.9; +https://babbar.tech/crawler)"
217.113.194.174 - - [16/Apr/2025:08:18:25 -0400] "GET /the-ultimate-guide-to-top-craft-weed-in-canada/ HTTP/1.1" 200 11141 "-" "Mozilla/5.0 (compatible; Barkrowler/0.9; +https://babbar.tech/crawler)"
217.113.194.178 - - [16/Apr/2025:08:18:44 -0400] "GET /the-ultimate-guide-to-passover-programs-2025/feed/ HTTP/1.1" 200 406 "-" "Mozilla/5.0 (compatible; Barkrowler/0.9; +https://babbar.tech/crawler)"
198.54.114.83 - - [16/Apr/2025:08:18:46 -0400] "POST /wp-cron.php?doing_wp_cron=1744805924.7232549190521240234375 HTTP/1.1" 200 0 "-" "WordPress/6.8; https://garantishell.com"
217.113.194.176 - - [16/Apr/2025:08:19:03 -0400] "GET /the-ultimate-guide-to-gift-certificate-purchase/ HTTP/1.1" 200 11112 "-" "Mozilla/5.0 (compatible; Barkrowler/0.9; +https://babbar.tech/crawler)"
217.113.194.172 - - [16/Apr/2025:08:19:22 -0400] "GET /discover-the-magic-of-rainbow-riches-casino/feed/ HTTP/1.1" 200 411 "-" "Mozilla/5.0 (compatible; Barkrowler/0.9; +https://babbar.tech/crawler)"
217.113.194.175 - - [16/Apr/2025:08:19:41 -0400] "GET /discover-the-joy-of-cultural-gift-certificates/feed/ HTTP/1.1" 200 416 "-" "Mozilla/5.0 (compatible; Barkrowler/0.9; +https://babbar.tech/crawler)"
198.54.114.83 - - [16/Apr/2025:08:20:00 -0400] "POST /wp-cron.php?doing_wp_cron=1744805999.7198638916015625000000 HTTP/1.1" 200 0 "-" "WordPress/6.8; https://garantishell.com"
217.113.194.178 - - [16/Apr/2025:08:19:59 -0400] "GET /discovering-the-hidden-gem-nusa-penida/feed/ HTTP/1.1" 200 408 "-" "Mozilla/5.0 (compatible; Barkrowler/0.9; +https://babbar.tech/crawler)"
198.54.114.83 - - [16/Apr/2025:08:20:01 -0400] "POST /wp-admin/admin-ajax.php?action=async_litespeed&nonce=PTPV3UPLBndvkF9GGEPMvVvEWOvFjX7T&litespeed_type=imgoptm HTTP/1.1" 200 0 "-" "WordPress/6.8; https://garantishell.com"
217.113.194.180 - - [16/Apr/2025:08:20:18 -0400] "GET /choosing-the-right-breast-pump-for-your-needs/ HTTP/1.1" 200 10685 "-" "Mozilla/5.0 (compatible; Barkrowler/0.9; +https://babbar.tech/crawler)"
217.113.194.176 - - [16/Apr/2025:08:20:36 -0400] "GET /plan-your-perfect-2025-pesach-vacation/feed/ HTTP/1.1" 200 405 "-" "Mozilla/5.0 (compatible; Barkrowler/0.9; +https://babbar.tech/crawler)"
217.113.194.175 - - [16/Apr/2025:08:20:55 -0400] "GET /the-role-of-ict-in-modern-business-growth/ HTTP/1.1" 200 10813 "-" "Mozilla/5.0 (compatible; Barkrowler/0.9; +https://babbar.tech/crawler)"
198.54.114.83 - - [16/Apr/2025:08:20:59 -0400] "POST /wp-cron.php?doing_wp_cron=1744806056.2247259616851806640625 HTTP/1.1" 200 0 "-" "WordPress/6.8; https://garantishell.com"
154.54.249.212 - - [16/Apr/2025:08:21:15 -0400] "GET /haushaltsauflosung-luneburg/feed/ HTTP/1.1" 200 393 "-" "Mozilla/5.0 (compatible; Barkrowler/0.9; +https://babbar.tech/crawler)"
217.113.194.177 - - [16/Apr/2025:08:21:32 -0400] "GET /renting-a-raymond-reach-truck-for-your-business/feed/ HTTP/1.1" 200 418 "-" "Mozilla/5.0 (compatible; Barkrowler/0.9; +https://babbar.tech/crawler)"
217.113.194.175 - - [16/Apr/2025:08:21:50 -0400] "GET /trends-shaping-the-business-landscape-in-2024/ HTTP/1.1" 200 10812 "-" "Mozilla/5.0 (compatible; Barkrowler/0.9; +https://babbar.tech/crawler)"
144.76.220.243 - - [16/Apr/2025:08:22:06 -0400] "GET /why-professional-home-inspection-services-are-essential/ HTTP/1.1" 200 10730 "-" "Mozilla/5.0 (Macintosh; Intel Mac OS X 12_5) AppleWebKit/605.1.15 (KHTML, like Gecko) Version/15.4 Safari/605.1.15"
