114.235.63.221 - - [15/Apr/2025:22:59:48 -0400] "GET /why-professional-home-inspection-services-are-essential/ HTTP/1.1" 200 10425 "-" "Mozilla/5.0 (Macintosh; Intel Mac OS X 12_5) AppleWebKit/605.1.15 (KHTML, like Gecko) Version/15.4 Safari/605.1.15"
198.54.114.83 - - [15/Apr/2025:22:59:48 -0400] "POST /wp-cron.php?doing_wp_cron=1744772388.5743010044097900390625 HTTP/1.1" 200 0 "-" "WordPress/6.7.1; https://garantishell.com"
198.54.114.83 - - [15/Apr/2025:22:59:49 -0400] "POST /wp-admin/admin-ajax.php?action=async_litespeed&nonce=ouIP50SYOjHuF7rw3fjHC37X3JplNSmR&litespeed_type=imgoptm HTTP/1.1" 200 5 "-" "WordPress/6.7.1; https://garantishell.com"
51.222.253.3 - - [15/Apr/2025:22:59:48 -0400] "GET /understanding-fenbendazole-a-potential-treatment-for-humans/ HTTP/1.1" 200 10694 "-" "Mozilla/5.0 (compatible; AhrefsBot/7.0; +http://ahrefs.com/robot/)"
198.54.114.83 - - [15/Apr/2025:23:01:32 -0400] "POST /wp-cron.php?doing_wp_cron=1744772491.2602140903472900390625 HTTP/1.1" 200 0 "-" "WordPress/6.7.1; https://garantishell.com"
51.222.253.7 - - [15/Apr/2025:23:01:27 -0400] "GET /advanced-fertility-treatments-tailored-to-your-needs/ HTTP/1.1" 200 10563 "-" "Mozilla/5.0 (compatible; AhrefsBot/7.0; +http://ahrefs.com/robot/)"
198.54.114.83 - - [15/Apr/2025:23:01:33 -0400] "POST /wp-admin/admin-ajax.php?action=async_litespeed&nonce=8vIeAvLi0pEC9jEU2BevIp35QkkbI1D5&litespeed_type=imgoptm HTTP/1.1" 200 0 "-" "WordPress/6.7.1; https://garantishell.com"
51.222.253.19 - - [15/Apr/2025:23:03:19 -0400] "GET /injection-botox-rouen/ HTTP/1.1" 200 10066 "-" "Mozilla/5.0 (compatible; AhrefsBot/7.0; +http://ahrefs.com/robot/)"
51.222.253.6 - - [15/Apr/2025:23:05:05 -0400] "GET /stride-in-style-the-allure-of-custom-athletic-socks/ HTTP/1.1" 200 10568 "-" "Mozilla/5.0 (compatible; AhrefsBot/7.0; +http://ahrefs.com/robot/)"
47.76.220.119 - - [15/Apr/2025:23:05:14 -0400] "GET /robots.txt HTTP/1.1" 200 97 "-" "Mozilla/5.0 (Windows NT 10.0; Win64; x64) AppleWebKit/537.36 (KHTML, like Gecko) Chrome/63.0.3081.176 Safari/537.36"
198.54.114.83 - - [15/Apr/2025:23:06:59 -0400] "POST /wp-cron.php?doing_wp_cron=1744772818.3356881141662597656250 HTTP/1.1" 200 0 "-" "WordPress/6.7.1; https://garantishell.com"
51.222.253.16 - - [15/Apr/2025:23:06:54 -0400] "GET /mastering-social-media-growth-strategies-for-increasing-followers-organically-and-ethically/ HTTP/1.1" 200 10783 "-" "Mozilla/5.0 (compatible; AhrefsBot/7.0; +http://ahrefs.com/robot/)"
198.54.114.83 - - [15/Apr/2025:23:07:01 -0400] "POST /wp-admin/admin-ajax.php?action=async_litespeed&nonce=iM3ni5X7eLkLtv3KvM9AMzxUBKEJ10YX&litespeed_type=imgoptm HTTP/1.1" 200 0 "-" "WordPress/6.7.1; https://garantishell.com"
43.159.145.153 - - [15/Apr/2025:23:07:04 -0400] "GET /category/business/ HTTP/1.1" 200 8597 "-" "Mozilla/5.0 (iPhone; CPU iPhone OS 13_2_3 like Mac OS X) AppleWebKit/605.1.15 (KHTML, like Gecko) Version/13.0.3 Mobile/15E148 Safari/604.1"
5.121.118.15 - - [15/Apr/2025:23:07:18 -0400] "GET /why-professional-home-inspection-services-are-essential/ HTTP/1.1" 200 10425 "-" "Mozilla/5.0 (Macintosh; Intel Mac OS X 12_5) AppleWebKit/605.1.15 (KHTML, like Gecko) Version/15.4 Safari/605.1.15"
198.54.114.83 - - [15/Apr/2025:23:07:23 -0400] "POST /wp-cron.php?doing_wp_cron=1744772842.5704500675201416015625 HTTP/1.1" 200 0 "-" "WordPress/6.7.1; https://garantishell.com"
166.108.193.120 - - [15/Apr/2025:23:07:22 -0400] "GET /right-money-lender-for-your-loan-needs/ HTTP/1.1" 200 10486 "https://garantishell.com/right-money-lender-for-your-loan-needs/" "Mozilla/5.0 (Windows NT 10.0; Win64; x64) AppleWebKit/537.36 (KHTML, like Gecko) Chrome/101.0.4951.64 Safari/537.36 Edg/101.0.1210.47"
198.54.114.83 - - [15/Apr/2025:23:07:24 -0400] "POST /wp-admin/admin-ajax.php?action=async_litespeed&nonce=73NtL05WihF09RJfujT1g2aHqjfOrDMx&litespeed_type=imgoptm HTTP/1.1" 200 0 "-" "WordPress/6.7.1; https://garantishell.com"
198.54.114.83 - - [15/Apr/2025:23:08:45 -0400] "POST /wp-cron.php?doing_wp_cron=1744772924.9930469989776611328125 HTTP/1.1" 200 0 "-" "WordPress/6.7.1; https://garantishell.com"
51.222.253.11 - - [15/Apr/2025:23:08:44 -0400] "GET /exploring-the-mystical-world-of-the-chinese-zodiac/ HTTP/1.1" 200 11101 "-" "Mozilla/5.0 (compatible; AhrefsBot/7.0; +http://ahrefs.com/robot/)"
198.54.114.83 - - [15/Apr/2025:23:09:04 -0400] "POST /wp-admin/upgrade.php?step=upgrade_db HTTP/1.1" 200 5 "-" "WordPress/6.7.1; https://garantishell.com"
198.54.114.83 - - [15/Apr/2025:23:09:09 -0400] "POST /wp-cron.php?doing_wp_cron=1744772947.1109390258789062500000 HTTP/1.1" 200 0 "-" "WordPress/6.8; https://garantishell.com"
198.54.114.83 - - [15/Apr/2025:23:09:12 -0400] "POST /wp-admin/admin-ajax.php?action=async_litespeed&nonce=9BXZNzgMkFryKHEQ9Ro7KKr8gcpGAb9x&litespeed_type=imgoptm HTTP/1.1" 200 0 "-" "WordPress/6.7.1; https://garantishell.com"
51.222.253.1 - - [15/Apr/2025:23:10:28 -0400] "GET /wp-sitemap.xml HTTP/1.1" 200 193 "-" "Mozilla/5.0 (compatible; AhrefsBot/7.0; +http://ahrefs.com/robot/)"
51.222.253.16 - - [15/Apr/2025:23:10:30 -0400] "GET /wp-sitemap-posts-post-1.xml HTTP/1.1" 200 20816 "-" "Mozilla/5.0 (compatible; AhrefsBot/7.0; +http://ahrefs.com/robot/)"
51.222.253.8 - - [15/Apr/2025:23:10:31 -0400] "GET /wp-sitemap-posts-page-1.xml HTTP/1.1" 200 185 "-" "Mozilla/5.0 (compatible; AhrefsBot/7.0; +http://ahrefs.com/robot/)"
51.222.253.3 - - [15/Apr/2025:23:10:34 -0400] "GET /wp-sitemap-taxonomies-category-1.xml HTTP/1.1" 200 208 "-" "Mozilla/5.0 (compatible; AhrefsBot/7.0; +http://ahrefs.com/robot/)"
51.222.253.11 - - [15/Apr/2025:23:10:36 -0400] "GET /wp-sitemap-users-1.xml HTTP/1.1" 200 169 "-" "Mozilla/5.0 (compatible; AhrefsBot/7.0; +http://ahrefs.com/robot/)"
198.54.114.83 - - [15/Apr/2025:23:11:02 -0400] "POST /wp-cron.php?doing_wp_cron=1744773060.3891239166259765625000 HTTP/1.1" 200 0 "-" "WordPress/6.8; https://garantishell.com"
66.249.66.42 - - [15/Apr/2025:23:10:55 -0400] "GET /category/arts-entertainments/page/73/ HTTP/1.1" 200 9896 "-" "Mozilla/5.0 (Linux; Android 6.0.1; Nexus 5X Build/MMB29P) AppleWebKit/537.36 (KHTML, like Gecko) Chrome/135.0.7049.84 Mobile Safari/537.36 (compatible; GoogleOther)"
66.249.66.40 - - [15/Apr/2025:23:11:19 -0400] "GET /wp-includes/css/dist/block-library/style.min.css?ver=6.8 HTTP/1.1" 200 14358 "https://garantishell.com/category/arts-entertainments/page/73/" "Mozilla/5.0 (Linux; Android 6.0.1; Nexus 5X Build/MMB29P) AppleWebKit/537.36 (KHTML, like Gecko) Chrome/134.0.6998.165 Mobile Safari/537.36 (compatible; Googlebot/2.1; +http://www.google.com/bot.html)"
66.249.66.40 - - [15/Apr/2025:23:11:26 -0400] "GET /wp-includes/js/wp-emoji-release.min.js?ver=6.8 HTTP/1.1" 200 4771 "https://garantishell.com/category/arts-entertainments/page/73/" "Mozilla/5.0 (Linux; Android 6.0.1; Nexus 5X Build/MMB29P) AppleWebKit/537.36 (KHTML, like Gecko) Chrome/134.0.6998.165 Mobile Safari/537.36 (compatible; Googlebot/2.1; +http://www.google.com/bot.html)"
192.64.117.43 - - [15/Apr/2025:23:11:37 -0400] "POST /wp-login.php HTTP/1.1" 200 1858 "https://garantishell.com" "Mozilla/5.0 (Windows NT 10.0; Win64; x64; rv:126.0) Gecko/20100101 Firefox/126.0"
2a03:2880:f800:1b:: - - [15/Apr/2025:23:11:49 -0400] "GET /introduction-to-ppr-pipes-and-fittings/ HTTP/1.1" 200 10706 "-" "meta-externalagent/1.1 (+https://developers.facebook.com/docs/sharing/webmasters/crawler)"
34.91.78.130 - - [15/Apr/2025:23:12:31 -0400] "GET /wp-login.php HTTP/1.1" 200 1735 "-" "GRequests/0.10"
198.54.114.83 - - [15/Apr/2025:23:12:35 -0400] "POST /wp-cron.php?doing_wp_cron=1744773155.1493000984191894531250 HTTP/1.1" 200 0 "-" "WordPress/6.8; https://garantishell.com"
34.91.78.130 - - [15/Apr/2025:23:12:34 -0400] "POST /wp-login.php HTTP/1.1" 200 1862 "-" "GRequests/0.10"
198.54.114.83 - - [15/Apr/2025:23:12:37 -0400] "POST /wp-admin/admin-ajax.php?action=async_litespeed&nonce=xMmvvYJQPOWrNhxcnZpUR8Tw8u9qgjjG&litespeed_type=imgoptm HTTP/1.1" 200 0 "-" "WordPress/6.8; https://garantishell.com"
51.222.253.17 - - [15/Apr/2025:23:12:54 -0400] "GET /page/66/ HTTP/1.1" 200 9851 "-" "Mozilla/5.0 (compatible; AhrefsBot/7.0; +http://ahrefs.com/robot/)"
198.54.114.83 - - [15/Apr/2025:23:15:15 -0400] "POST /wp-cron.php?doing_wp_cron=1744773313.6228790283203125000000 HTTP/1.1" 200 0 "-" "WordPress/6.8; https://garantishell.com"
51.222.253.20 - - [15/Apr/2025:23:15:08 -0400] "GET /author/admin/page/65/ HTTP/1.1" 200 9827 "-" "Mozilla/5.0 (compatible; AhrefsBot/7.0; +http://ahrefs.com/robot/)"
2001:df4:40c0:68d8::1 - - [15/Apr/2025:23:16:53 -0400] "GET /wp-login.php HTTP/1.1" 200 1735 "-" "GRequests/0.10"
2001:df4:40c0:68d8::1 - - [15/Apr/2025:23:16:55 -0400] "POST /wp-login.php HTTP/1.1" 200 1862 "-" "GRequests/0.10"
198.54.114.83 - - [15/Apr/2025:23:17:01 -0400] "POST /wp-cron.php?doing_wp_cron=1744773420.3223819732666015625000 HTTP/1.1" 200 0 "-" "WordPress/6.8; https://garantishell.com"
51.222.253.2 - - [15/Apr/2025:23:17:08 -0400] "GET /divine-signs-in-the-universe-a-reflection-of-allahs-power/ HTTP/1.1" 200 11035 "-" "Mozilla/5.0 (compatible; AhrefsBot/7.0; +http://ahrefs.com/robot/)"
101.44.25.71 - - [15/Apr/2025:23:19:06 -0400] "GET /holistic-healing-hub-dubai-osteopathy-and-chiropractic-care/ HTTP/1.1" 200 10626 "https://garantishell.com/holistic-healing-hub-dubai-osteopathy-and-chiropractic-care/" "Mozilla/5.0 (Macintosh; Intel Mac OS X 10_15_7) AppleWebKit/537.36 (KHTML, like Gecko) Chrome/119.0.0.0 Safari/537.36"
198.54.114.83 - - [15/Apr/2025:23:19:14 -0400] "POST /wp-cron.php?doing_wp_cron=1744773551.8326740264892578125000 HTTP/1.1" 200 0 "-" "WordPress/6.8; https://garantishell.com"
51.222.253.13 - - [15/Apr/2025:23:19:05 -0400] "GET /effective-strategies-to-correct-forward-head-posture/ HTTP/1.1" 200 10657 "-" "Mozilla/5.0 (compatible; AhrefsBot/7.0; +http://ahrefs.com/robot/)"
51.222.253.19 - - [15/Apr/2025:23:21:05 -0400] "GET /elevating-networking-efficiency-with-digital-business-cards/ HTTP/1.1" 200 10574 "-" "Mozilla/5.0 (compatible; AhrefsBot/7.0; +http://ahrefs.com/robot/)"
20.42.10.176 - - [15/Apr/2025:23:21:47 -0400] "GET /robots.txt HTTP/1.1" 304 0 "-" "Mozilla/5.0 (Macintosh; Intel Mac OS X 10_15_7) AppleWebKit/537.36 (KHTML, like Gecko) Chrome/131.0.0.0 Safari/537.36; compatible; OAI-SearchBot/1.0; +https://openai.com/searchbot"
51.222.253.19 - - [15/Apr/2025:23:23:19 -0400] "GET /ihr-zuverlassiger-partner-fur-den-umzug-in-luneburg/ HTTP/1.1" 200 10723 "-" "Mozilla/5.0 (compatible; AhrefsBot/7.0; +http://ahrefs.com/robot/)"
198.54.114.83 - - [15/Apr/2025:23:24:05 -0400] "POST /wp-cron.php?doing_wp_cron=1744773845.4790339469909667968750 HTTP/1.1" 200 0 "-" "WordPress/6.8; https://garantishell.com"
89.248.172.183 - - [15/Apr/2025:23:24:00 -0400] "GET /wp-content/plugins/instant-appointment/assets/css/bootstrap-icons.min.css HTTP/1.1" 404 7068 "-" "Mozilla/5.0 (Linux; Android 10; K) AppleWebKit/537.36 (KHTML, like Gecko) Chrome/122.0.0.0 Mobile Safari/537.36"
198.54.114.83 - - [15/Apr/2025:23:24:06 -0400] "POST /wp-admin/admin-ajax.php?action=async_litespeed&nonce=1bedq6qgllPNYTeo0Tqte74yIQV9N1hA&litespeed_type=imgoptm HTTP/1.1" 200 0 "-" "WordPress/6.8; https://garantishell.com"
198.54.114.83 - - [15/Apr/2025:23:24:42 -0400] "POST /wp-cron.php?doing_wp_cron=1744773882.0010890960693359375000 HTTP/1.1" 200 0 "-" "WordPress/6.8; https://garantishell.com"
103.161.173.219 - - [15/Apr/2025:23:24:41 -0400] "POST /wp-login.php HTTP/1.1" 200 1858 "https://garantishell.com" "Mozilla/5.0 (Macintosh; Intel Mac OS X 13_3) AppleWebKit/537.36 (KHTML, like Gecko) Chrome/126.0.0.0 Safari/537.36"
198.54.114.83 - - [15/Apr/2025:23:24:43 -0400] "POST /wp-admin/admin-ajax.php?action=async_litespeed&nonce=wDna32mADg8S9rjpnA8EA2sVFMM9gwGG&litespeed_type=imgoptm HTTP/1.1" 200 0 "-" "WordPress/6.8; https://garantishell.com"
51.222.253.14 - - [15/Apr/2025:23:25:22 -0400] "GET /navigating-probate-in-ontario/ HTTP/1.1" 200 10289 "-" "Mozilla/5.0 (compatible; AhrefsBot/7.0; +http://ahrefs.com/robot/)"
180.244.85.99 - - [15/Apr/2025:23:25:58 -0400] "GET /why-professional-home-inspection-services-are-essential/ HTTP/1.1" 200 10425 "-" "Mozilla/5.0 (Macintosh; Intel Mac OS X 12_5) AppleWebKit/605.1.15 (KHTML, like Gecko) Version/15.4 Safari/605.1.15"
51.222.253.12 - - [15/Apr/2025:23:27:24 -0400] "GET /strahlend-sauber-das-fuhrende-reinigungsunternehmen-in-hamburg/ HTTP/1.1" 200 11036 "-" "Mozilla/5.0 (compatible; AhrefsBot/7.0; +http://ahrefs.com/robot/)"
198.54.114.83 - - [15/Apr/2025:23:29:22 -0400] "POST /wp-cron.php?doing_wp_cron=1744774162.3394720554351806640625 HTTP/1.1" 200 0 "-" "WordPress/6.8; https://garantishell.com"
51.222.253.9 - - [15/Apr/2025:23:29:18 -0400] "GET /rejuvenate-and-boost-productivity-with-a-business-trip-massage/ HTTP/1.1" 200 10788 "-" "Mozilla/5.0 (compatible; AhrefsBot/7.0; +http://ahrefs.com/robot/)"
198.54.114.83 - - [15/Apr/2025:23:29:24 -0400] "POST /wp-admin/admin-ajax.php?action=async_litespeed&nonce=EVlSsxHLeX1V4UZRZNRX4C7ljmrySXBr&litespeed_type=imgoptm HTTP/1.1" 200 0 "-" "WordPress/6.8; https://garantishell.com"
121.91.173.216 - - [15/Apr/2025:23:30:46 -0400] "GET /a-basic-assessment-of-livegoods-undertaking-and-remuneration-plan/ HTTP/1.1" 200 11372 "https://garantishell.com/a-basic-assessment-of-livegoods-undertaking-and-remuneration-plan/" "Mozilla/5.0 (Windows NT 10.0; Win64; x64) AppleWebKit/537.36 (KHTML, like Gecko) Chrome/107.0.0.0 Safari/537.36"
198.54.114.83 - - [15/Apr/2025:23:31:22 -0400] "POST /wp-cron.php?doing_wp_cron=1744774280.7404649257659912109375 HTTP/1.1" 200 0 "-" "WordPress/6.8; https://garantishell.com"
51.222.253.4 - - [15/Apr/2025:23:31:17 -0400] "GET /fenbendazole-for-humans-europe/ HTTP/1.1" 200 10169 "-" "Mozilla/5.0 (compatible; AhrefsBot/7.0; +http://ahrefs.com/robot/)"
51.222.253.7 - - [15/Apr/2025:23:33:19 -0400] "GET /step-into-comfort-the-personalized-revolution-of-custom-socks/ HTTP/1.1" 200 10643 "-" "Mozilla/5.0 (compatible; AhrefsBot/7.0; +http://ahrefs.com/robot/)"
51.222.253.5 - - [15/Apr/2025:23:35:21 -0400] "GET /traitement-par-botox-pour-lhypersudation-a-rouen/ HTTP/1.1" 200 10550 "-" "Mozilla/5.0 (compatible; AhrefsBot/7.0; +http://ahrefs.com/robot/)"
198.54.114.83 - - [15/Apr/2025:23:35:30 -0400] "POST /wp-cron.php?doing_wp_cron=1744774527.5399670600891113281250 HTTP/1.1" 200 0 "-" "WordPress/6.8; https://garantishell.com"
198.54.114.83 - - [15/Apr/2025:23:37:28 -0400] "POST /wp-cron.php?doing_wp_cron=1744774647.7602610588073730468750 HTTP/1.1" 200 0 "-" "WordPress/6.8; https://garantishell.com"
51.222.253.17 - - [15/Apr/2025:23:37:23 -0400] "GET /escape-to-unforgettable-2025-pesach-vacations/ HTTP/1.1" 200 10711 "-" "Mozilla/5.0 (compatible; AhrefsBot/7.0; +http://ahrefs.com/robot/)"
198.54.114.83 - - [15/Apr/2025:23:37:30 -0400] "POST /wp-admin/admin-ajax.php?action=async_litespeed&nonce=pJVY6PmCNEQvgXVoOd1o2HrjlxJYutT6&litespeed_type=imgoptm HTTP/1.1" 200 0 "-" "WordPress/6.8; https://garantishell.com"
2001:8d8:1800:2ef::1 - - [15/Apr/2025:23:37:33 -0400] "POST /wp-login.php HTTP/1.1" 200 1858 "https://garantishell.com" "Mozilla/5.0 (Windows NT 11.0; Win64; x64) AppleWebKit/537.36 (KHTML, like Gecko) Chrome/126.0.0.0 Safari/537.36"
91.202.4.136 - - [15/Apr/2025:23:39:14 -0400] "GET /why-professional-home-inspection-services-are-essential/ HTTP/1.1" 200 10425 "-" "Mozilla/5.0 (Windows NT 10.0; WOW64) AppleWebKit/537.36 (KHTML, like Gecko) Chrome/114.0.0.0 Safari/537.36 Vivaldi/5.3.2679.68"
198.54.114.83 - - [15/Apr/2025:23:39:20 -0400] "POST /wp-cron.php?doing_wp_cron=1744774759.4150969982147216796875 HTTP/1.1" 200 0 "-" "WordPress/6.8; https://garantishell.com"
91.202.4.136 - - [15/Apr/2025:23:39:16 -0400] "POST /wp-comments-post.php HTTP/1.1" 302 0 "https://garantishell.com/why-professional-home-inspection-services-are-essential/" "Mozilla/5.0 (Windows NT 10.0; WOW64) AppleWebKit/537.36 (KHTML, like Gecko) Chrome/114.0.0.0 Safari/537.36 Vivaldi/5.3.2679.68"
198.54.114.83 - - [15/Apr/2025:23:39:22 -0400] "POST /wp-admin/admin-ajax.php?action=async_litespeed&nonce=LcZ1N5jxjpJKxxWav2K6EYbRhWtW2V75&litespeed_type=imgoptm HTTP/1.1" 200 0 "-" "WordPress/6.8; https://garantishell.com"
91.202.4.136 - - [15/Apr/2025:23:39:24 -0400] "GET /why-professional-home-inspection-services-are-essential/?unapproved=4296&moderation-hash=f9eb01092ddbad4c64e46839556fe2ec HTTP/1.1" 200 11473 "https://garantishell.com/wp-comments-post.php" "Mozilla/5.0 (Windows NT 10.0; WOW64) AppleWebKit/537.36 (KHTML, like Gecko) Chrome/114.0.0.0 Safari/537.36 Vivaldi/5.3.2679.68"
91.202.4.136 - - [15/Apr/2025:23:39:29 -0400] "GET /why-professional-home-inspection-services-are-essential/ HTTP/1.1" 200 10425 "-" "Mozilla/5.0 (Windows NT 10.0; WOW64) AppleWebKit/537.36 (KHTML, like Gecko) Chrome/114.0.0.0 Safari/537.36 Vivaldi/5.3.2679.68"
51.222.253.11 - - [15/Apr/2025:23:39:28 -0400] "GET /virtual-receptionists/ HTTP/1.1" 200 9912 "-" "Mozilla/5.0 (compatible; AhrefsBot/7.0; +http://ahrefs.com/robot/)"
51.222.253.18 - - [15/Apr/2025:23:41:34 -0400] "GET /unveiling-the-treasure-trove-exploring-the-scrap-yards-of-fort-myers/ HTTP/1.1" 200 10884 "-" "Mozilla/5.0 (compatible; AhrefsBot/7.0; +http://ahrefs.com/robot/)"
198.54.114.83 - - [15/Apr/2025:23:41:43 -0400] "POST /wp-cron.php?doing_wp_cron=1744774898.8545598983764648437500 HTTP/1.1" 200 0 "-" "WordPress/6.8; https://garantishell.com"
46.250.170.100 - - [15/Apr/2025:23:42:29 -0400] "GET /a-smart-choice/ HTTP/1.1" 200 10226 "https://garantishell.com/a-smart-choice/" "Mozilla/5.0 (Windows NT 10.0; Win64; x64) AppleWebKit/537.36 (KHTML, like Gecko) Chrome/107.0.0.0 Safari/537.36"
51.222.253.8 - - [15/Apr/2025:23:43:18 -0400] "GET /right-money-lender-for-your-loan-needs/ HTTP/1.1" 200 10486 "-" "Mozilla/5.0 (compatible; AhrefsBot/7.0; +http://ahrefs.com/robot/)"
91.202.4.136 - - [15/Apr/2025:23:44:34 -0400] "GET /why-professional-home-inspection-services-are-essential/ HTTP/1.1" 200 10425 "-" "Mozilla/5.0 (Macintosh; Intel Mac OS X 12_5) AppleWebKit/537.36 (KHTML, like Gecko) Chrome/114.0.0.0 YaBrowser/22.7.0 Yowser/2.5 Safari/537.36"
217.77.10.191 - - [15/Apr/2025:23:44:40 -0400] "GET /wp-login.php HTTP/1.1" 200 1735 "-" "GRequests/0.10"
198.54.114.83 - - [15/Apr/2025:23:44:47 -0400] "POST /wp-cron.php?doing_wp_cron=1744775085.5203158855438232421875 HTTP/1.1" 200 0 "-" "WordPress/6.8; https://garantishell.com"
217.77.10.191 - - [15/Apr/2025:23:44:41 -0400] "POST /wp-login.php HTTP/1.1" 200 1869 "-" "GRequests/0.10"
51.222.253.3 - - [15/Apr/2025:23:45:20 -0400] "GET /effiziente-wohnungsraumung-in-luneburg-2/ HTTP/1.1" 200 10330 "-" "Mozilla/5.0 (compatible; AhrefsBot/7.0; +http://ahrefs.com/robot/)"
198.54.114.83 - - [15/Apr/2025:23:47:01 -0400] "POST /wp-cron.php?doing_wp_cron=1744775219.9283869266510009765625 HTTP/1.1" 200 0 "-" "WordPress/6.8; https://garantishell.com"
66.249.66.43 - - [15/Apr/2025:23:46:55 -0400] "GET /the-rise-of-online-casinos/ HTTP/1.1" 200 10684 "-" "Mozilla/5.0 (Linux; Android 6.0.1; Nexus 5X Build/MMB29P) AppleWebKit/537.36 (KHTML, like Gecko) Chrome/135.0.7049.84 Mobile Safari/537.36 (compatible; GoogleOther)"
51.222.253.16 - - [15/Apr/2025:23:47:05 -0400] "GET /enhancing-performance-the-realm-of-steroids-in-thailand/ HTTP/1.1" 200 10778 "-" "Mozilla/5.0 (compatible; AhrefsBot/7.0; +http://ahrefs.com/robot/)"
66.249.66.41 - - [15/Apr/2025:23:47:14 -0400] "GET /wp-includes/js/comment-reply.min.js?ver=6.8 HTTP/1.1" 200 1247 "https://garantishell.com/the-rise-of-online-casinos/" "Mozilla/5.0 (Linux; Android 6.0.1; Nexus 5X Build/MMB29P) AppleWebKit/537.36 (KHTML, like Gecko) Chrome/134.0.6998.165 Mobile Safari/537.36 (compatible; Googlebot/2.1; +http://www.google.com/bot.html)"
34.224.9.144 - - [15/Apr/2025:23:47:27 -0400] "GET /category/arts-entertainments/page/9/ HTTP/1.1" 200 9790 "-" "Mozilla/5.0 AppleWebKit/537.36 (KHTML, like Gecko; compatible; Amazonbot/0.1; +https://developer.amazon.com/support/amazonbot) Chrome/119.0.6045.214 Safari/537.36"
51.222.253.7 - - [15/Apr/2025:23:49:06 -0400] "GET /the-role-of-osteopaths-in-dubai/ HTTP/1.1" 200 10216 "-" "Mozilla/5.0 (compatible; AhrefsBot/7.0; +http://ahrefs.com/robot/)"
198.54.114.83 - - [15/Apr/2025:23:51:05 -0400] "POST /wp-cron.php?doing_wp_cron=1744775464.4693799018859863281250 HTTP/1.1" 200 0 "-" "WordPress/6.8; https://garantishell.com"
51.222.253.6 - - [15/Apr/2025:23:50:58 -0400] "GET /holistic-healthcare-in-dubai-the-role-of-osteopathy/ HTTP/1.1" 200 10783 "-" "Mozilla/5.0 (compatible; AhrefsBot/7.0; +http://ahrefs.com/robot/)"
51.222.253.13 - - [15/Apr/2025:23:53:16 -0400] "GET /strandclubs-am-gardasee-ein-paradies-am-wasser/ HTTP/1.1" 200 10329 "-" "Mozilla/5.0 (compatible; AhrefsBot/7.0; +http://ahrefs.com/robot/)"
103.127.31.17 - - [15/Apr/2025:23:54:17 -0400] "GET /wp-login.php HTTP/1.1" 200 1735 "-" "GRequests/0.10"
198.54.114.83 - - [15/Apr/2025:23:54:18 -0400] "POST /wp-cron.php?doing_wp_cron=1744775656.2374720573425292968750 HTTP/1.1" 200 0 "-" "WordPress/6.8; https://garantishell.com"
101.44.187.17 - - [15/Apr/2025:23:54:12 -0400] "GET /a-modern-gaming-revolutionss/ HTTP/1.1" 200 11637 "https://garantishell.com/a-modern-gaming-revolutionss/#respond" "Mozilla/5.0 (Macintosh; Intel Mac OS X 10_15_7) AppleWebKit/537.36 (KHTML, like Gecko) Chrome/120.0.0.0 Safari/537.36"
103.127.31.17 - - [15/Apr/2025:23:54:19 -0400] "POST /wp-login.php HTTP/1.1" 200 1871 "-" "GRequests/0.10"
51.222.253.17 - - [15/Apr/2025:23:55:10 -0400] "GET /page/67/ HTTP/1.1" 200 9929 "-" "Mozilla/5.0 (compatible; AhrefsBot/7.0; +http://ahrefs.com/robot/)"
51.222.253.7 - - [15/Apr/2025:23:57:16 -0400] "GET /category/business/feed/ HTTP/1.1" 200 3781 "-" "Mozilla/5.0 (compatible; AhrefsBot/7.0; +http://ahrefs.com/robot/)"
198.54.114.83 - - [15/Apr/2025:23:57:24 -0400] "POST /wp-cron.php?doing_wp_cron=1744775842.6349461078643798828125 HTTP/1.1" 200 0 "-" "WordPress/6.8; https://garantishell.com"
51.222.253.4 - - [15/Apr/2025:23:59:25 -0400] "GET /le-sac-bandouliere-pour-iphone/ HTTP/1.1" 200 10492 "-" "Mozilla/5.0 (compatible; AhrefsBot/7.0; +http://ahrefs.com/robot/)"
198.54.114.83 - - [15/Apr/2025:23:59:33 -0400] "POST /wp-cron.php?doing_wp_cron=1744775970.8680930137634277343750 HTTP/1.1" 200 0 "-" "WordPress/6.8; https://garantishell.com"
172.245.252.197 - - [16/Apr/2025:00:00:06 -0400] "GET /why-professional-home-inspection-services-are-essential/ HTTP/1.1" 200 10425 "-" "Mozilla/5.0 (Macintosh; Intel Mac OS X 12_5) AppleWebKit/537.36 (KHTML, like Gecko) Chrome/114.0.0.0 YaBrowser/22.7.0 Yowser/2.5 Safari/537.36"
144.76.220.243 - - [16/Apr/2025:00:00:17 -0400] "GET /why-professional-home-inspection-services-are-essential/ HTTP/1.1" 200 10425 "-" "Mozilla/5.0 (Windows NT 10.0; Win64; x64) AppleWebKit/537.36 (KHTML, like Gecko) Chrome/114.0.0.0 Safari/537.36 OPR/89.0.4447.51"
144.76.220.243 - - [16/Apr/2025:00:00:21 -0400] "POST /wp-comments-post.php HTTP/1.1" 302 0 "https://garantishell.com/why-professional-home-inspection-services-are-essential/" "Mozilla/5.0 (Windows NT 10.0; Win64; x64) AppleWebKit/537.36 (KHTML, like Gecko) Chrome/114.0.0.0 Safari/537.36 OPR/89.0.4447.51"
144.76.220.243 - - [16/Apr/2025:00:00:27 -0400] "GET /why-professional-home-inspection-services-are-essential/?unapproved=4297&moderation-hash=4d915f1c4bb077b3521ccd089c3289a1 HTTP/1.1" 200 11223 "https://garantishell.com/wp-comments-post.php" "Mozilla/5.0 (Windows NT 10.0; Win64; x64) AppleWebKit/537.36 (KHTML, like Gecko) Chrome/114.0.0.0 Safari/537.36 OPR/89.0.4447.51"
144.76.220.243 - - [16/Apr/2025:00:00:31 -0400] "GET /why-professional-home-inspection-services-are-essential/ HTTP/1.1" 200 10425 "-" "Mozilla/5.0 (Windows NT 10.0; Win64; x64) AppleWebKit/537.36 (KHTML, like Gecko) Chrome/114.0.0.0 Safari/537.36 OPR/89.0.4447.51"
192.210.176.215 - - [16/Apr/2025:00:02:06 -0400] "GET /why-professional-home-inspection-services-are-essential/ HTTP/1.1" 200 10425 "-" "Mozilla/5.0 (Macintosh; Intel Mac OS X 12_5) AppleWebKit/537.36 (KHTML, like Gecko) Chrome/114.0.0.0 YaBrowser/22.7.0 Yowser/2.5 Safari/537.36"
198.54.114.83 - - [16/Apr/2025:00:02:16 -0400] "POST /wp-cron.php?doing_wp_cron=1744776133.5972890853881835937500 HTTP/1.1" 200 0 "-" "WordPress/6.8; https://garantishell.com"
192.210.176.215 - - [16/Apr/2025:00:02:09 -0400] "POST /wp-comments-post.php HTTP/1.1" 302 0 "https://garantishell.com/why-professional-home-inspection-services-are-essential/" "Mozilla/5.0 (Macintosh; Intel Mac OS X 12_5) AppleWebKit/537.36 (KHTML, like Gecko) Chrome/114.0.0.0 YaBrowser/22.7.0 Yowser/2.5 Safari/537.36"
192.210.176.215 - - [16/Apr/2025:00:02:19 -0400] "GET /why-professional-home-inspection-services-are-essential/?unapproved=4298&moderation-hash=f3f6e870ec44f5b336662334ddf48517 HTTP/1.1" 200 11440 "https://garantishell.com/wp-comments-post.php" "Mozilla/5.0 (Macintosh; Intel Mac OS X 12_5) AppleWebKit/537.36 (KHTML, like Gecko) Chrome/114.0.0.0 YaBrowser/22.7.0 Yowser/2.5 Safari/537.36"
192.210.176.215 - - [16/Apr/2025:00:02:23 -0400] "GET /why-professional-home-inspection-services-are-essential/ HTTP/1.1" 200 10425 "-" "Mozilla/5.0 (Macintosh; Intel Mac OS X 12_5) AppleWebKit/537.36 (KHTML, like Gecko) Chrome/114.0.0.0 YaBrowser/22.7.0 Yowser/2.5 Safari/537.36"
192.210.176.215 - - [16/Apr/2025:00:03:10 -0400] "GET /why-professional-home-inspection-services-are-essential/ HTTP/1.1" 200 10425 "-" "Mozilla/5.0 (Macintosh; Intel Mac OS X 12_5) AppleWebKit/537.36 (KHTML, like Gecko) Chrome/114.0.0.0 YaBrowser/22.7.0 Yowser/2.5 Safari/537.36"
66.249.66.42 - - [16/Apr/2025:00:03:19 -0400] "GET /renovation-de-toiture-a-nemours-un-guide-complet/ HTTP/1.1" 200 10985 "-" "Mozilla/5.0 (Linux; Android 6.0.1; Nexus 5X Build/MMB29P) AppleWebKit/537.36 (KHTML, like Gecko) Chrome/135.0.7049.84 Mobile Safari/537.36 (compatible; Googlebot/2.1; +http://www.google.com/bot.html)"
198.54.114.83 - - [16/Apr/2025:00:03:22 -0400] "POST /wp-cron.php?doing_wp_cron=1744776199.5868029594421386718750 HTTP/1.1" 200 0 "-" "WordPress/6.8; https://garantishell.com"
2a02:c207:2022:7197::1 - - [16/Apr/2025:00:03:52 -0400] "POST /wp-login.php HTTP/1.1" 200 1858 "https://garantishell.com" "Mozilla/5.0 (Macintosh; Intel Mac OS X 13_3) AppleWebKit/537.36 (KHTML, like Gecko) Chrome/126.0.0.0 Safari/537.36 Edg/126.0.0.0"
144.76.220.243 - - [16/Apr/2025:00:01:10 -0400] "GET /why-professional-home-inspection-services-are-essential/ HTTP/1.1" 200 10425 "-" "Mozilla/5.0 (Macintosh; Intel Mac OS X 12_5) AppleWebKit/537.36 (KHTML, like Gecko) Chrome/114.0.0.0 YaBrowser/22.7.0 Yowser/2.5 Safari/537.36"
51.222.253.20 - - [16/Apr/2025:00:01:52 -0400] "GET /reliable-fire-watch-services-in-fort-worth/ HTTP/1.1" 200 10596 "-" "Mozilla/5.0 (compatible; AhrefsBot/7.0; +http://ahrefs.com/robot/)"
51.222.253.9 - - [16/Apr/2025:00:04:06 -0400] "GET /the-evolution-and-controversies-of-online-betting/ HTTP/1.1" 200 10628 "-" "Mozilla/5.0 (compatible; AhrefsBot/7.0; +http://ahrefs.com/robot/)"
103.11.103.186 - - [16/Apr/2025:00:05:09 -0400] "GET /wp-login.php HTTP/1.1" 200 1735 "-" "GRequests/0.10"
103.11.103.186 - - [16/Apr/2025:00:05:13 -0400] "POST /wp-login.php HTTP/1.1" 200 1862 "-" "GRequests/0.10"
198.54.114.83 - - [16/Apr/2025:00:05:17 -0400] "POST /wp-cron.php?doing_wp_cron=1744776314.0590600967407226562500 HTTP/1.1" 200 0 "-" "WordPress/6.8; https://garantishell.com"
124.243.172.207 - - [16/Apr/2025:00:05:54 -0400] "GET /the-therapeutic-art-of-massage/ HTTP/1.1" 200 10651 "https://garantishell.com/the-therapeutic-art-of-massage/" "Mozilla/5.0 (Macintosh; Intel Mac OS X 10_15_7) AppleWebKit/537.36 (KHTML, like Gecko) Chrome/131.0.0.0 Safari/537.36"
198.54.114.83 - - [16/Apr/2025:00:06:18 -0400] "POST /wp-cron.php?doing_wp_cron=1744776376.5617320537567138671875 HTTP/1.1" 200 0 "-" "WordPress/6.8; https://garantishell.com"
51.222.253.20 - - [16/Apr/2025:00:06:15 -0400] "GET /page/68/ HTTP/1.1" 200 9997 "-" "Mozilla/5.0 (compatible; AhrefsBot/7.0; +http://ahrefs.com/robot/)"
66.249.66.42 - - [16/Apr/2025:00:06:26 -0400] "GET /capturing-timeless-moments-that-last-a-lifetime/feed/ HTTP/1.1" 200 415 "-" "Mozilla/5.0 (Linux; Android 6.0.1; Nexus 5X Build/MMB29P) AppleWebKit/537.36 (KHTML, like Gecko) Chrome/135.0.7049.84 Mobile Safari/537.36 (compatible; Googlebot/2.1; +http://www.google.com/bot.html)"
51.222.253.8 - - [16/Apr/2025:00:08:09 -0400] "GET /securing-miami-a-trusted-security-guard-company/ HTTP/1.1" 200 10563 "-" "Mozilla/5.0 (compatible; AhrefsBot/7.0; +http://ahrefs.com/robot/)"
196.251.86.135 - - [16/Apr/2025:00:08:14 -0400] "GET / HTTP/1.1" 200 9272 "-" "Mozlila/5.0 (Linux; Android 7.0; SM-G892A Bulid/NRD90M; wv) AppleWebKit/537.36 (KHTML, like Gecko) Version/4.0 Chrome/60.0.3112.107 Moblie Safari/537.36"
196.251.86.135 - - [16/Apr/2025:00:08:14 -0400] "POST /wp-plain.php HTTP/1.1" 404 7023 "www.google.com" "Mozilla/5.0 (Linux; Android 7.0; SM-G892A Bulid/NRD90M; wv) AppleWebKit/537.36 (KHTML, like Gecko) Version/4.0 Chrome/60.0.3112.107 Moblie Safari/537.36"
196.251.86.135 - - [16/Apr/2025:00:08:14 -0400] "GET /wp-content/plugins/fix/up.php HTTP/1.1" 404 7068 "-" "Mozilla/5.0 (Windows NT 10.0; Win64; x64) AppleWebKit/537.36 (KHTML, like Gecko) Chrome/85.0.4183.102 Safari/537.36"
196.251.86.135 - - [16/Apr/2025:00:08:14 -0400] "POST /ALFA_DATA/alfacgiapi/perl.alfa HTTP/1.1" 404 7023 "www.google.com" "Mozlila/5.0 (Linux; Android 7.0; SM-G892A Bulid/NRD90M; wv) AppleWebKit/537.36 (KHTML, like Gecko) Version/4.0 Chrome/60.0.3112.107 Moblie Safari/537.36"
196.251.86.135 - - [16/Apr/2025:00:08:17 -0400] "GET /wp-content/plugins/apikey/apikey.php?test=hello HTTP/1.1" 404 7068 "-" "Mozlila/5.0 (Linux; Android 7.0; SM-G892A Bulid/NRD90M; wv) AppleWebKit/537.36 (KHTML, like Gecko) Version/4.0 Chrome/60.0.3112.107 Moblie Safari/537.36"
196.251.86.135 - - [16/Apr/2025:00:08:14 -0400] "GET /wp-content/themes/seotheme/db.php?u HTTP/1.1" 404 7068 "www.google.com" "Mozlila/5.0 (Linux; Android 7.0; SM-G892A Bulid/NRD90M; wv) AppleWebKit/537.36 (KHTML, like Gecko) Version/4.0 Chrome/60.0.3112.107 Moblie Safari/537.36"
198.54.114.83 - - [16/Apr/2025:00:08:19 -0400] "POST /wp-cron.php?doing_wp_cron=1744776496.9628489017486572265625 HTTP/1.1" 200 0 "-" "WordPress/6.8; https://garantishell.com"
198.54.114.83 - - [16/Apr/2025:00:08:19 -0400] "POST /wp-cron.php?doing_wp_cron=1744776496.9693150520324707031250 HTTP/1.1" 200 0 "-" "WordPress/6.8; https://garantishell.com"
198.54.114.83 - - [16/Apr/2025:00:08:19 -0400] "POST /wp-cron.php?doing_wp_cron=1744776496.9694559574127197265625 HTTP/1.1" 200 0 "-" "WordPress/6.8; https://garantishell.com"
198.54.114.83 - - [16/Apr/2025:00:08:19 -0400] "POST /wp-cron.php?doing_wp_cron=1744776497.0627999305725097656250 HTTP/1.1" 200 0 "-" "WordPress/6.8; https://garantishell.com"
196.251.86.135 - - [16/Apr/2025:00:08:20 -0400] "GET /wp-content/themes/seotheme/db.php?u HTTP/1.1" 404 7068 "www.google.com" "Mozlila/5.0 (Linux; Android 7.0; SM-G892A Bulid/NRD90M; wv) AppleWebKit/537.36 (KHTML, like Gecko) Version/4.0 Chrome/60.0.3112.107 Moblie Safari/537.36"
196.251.86.135 - - [16/Apr/2025:00:08:20 -0400] "GET /plugins/content/apismtp/apismtp.php?test=hello HTTP/1.1" 404 7067 "-" "Mozlila/5.0 (Linux; Android 7.0; SM-G892A Bulid/NRD90M; wv) AppleWebKit/537.36 (KHTML, like Gecko) Version/4.0 Chrome/60.0.3112.107 Moblie Safari/537.36"
196.251.86.135 - - [16/Apr/2025:00:08:20 -0400] "GET /glfahyqw.php?Fox=d3wL7 HTTP/1.1" 404 7067 "www.google.com" "Mozilla/5.0 (Linux; Android 7.0; SM-G892A Bulid/NRD90M; wv) AppleWebKit/537.36 (KHTML, like Gecko) Version/4.0 Chrome/60.0.3112.107 Moblie Safari/537.36"
196.251.86.135 - - [16/Apr/2025:00:08:22 -0400] "POST /alfacgiapi/perl.alfa HTTP/1.1" 404 7023 "www.google.com" "Mozlila/5.0 (Linux; Android 7.0; SM-G892A Bulid/NRD90M; wv) AppleWebKit/537.36 (KHTML, like Gecko) Version/4.0 Chrome/60.0.3112.107 Moblie Safari/537.36"
196.251.86.135 - - [16/Apr/2025:00:08:22 -0400] "GET /wp-content/plugins/apikey/apikey.php.suspected?test=hello HTTP/1.1" 404 7068 "-" "Mozlila/5.0 (Linux; Android 7.0; SM-G892A Bulid/NRD90M; wv) AppleWebKit/537.36 (KHTML, like Gecko) Version/4.0 Chrome/60.0.3112.107 Moblie Safari/537.36"
196.251.86.135 - - [16/Apr/2025:00:08:24 -0400] "GET /plugins/content/apismtp/apismtp.php.suspected?test=hello HTTP/1.1" 404 7068 "-" "Mozlila/5.0 (Linux; Android 7.0; SM-G892A Bulid/NRD90M; wv) AppleWebKit/537.36 (KHTML, like Gecko) Version/4.0 Chrome/60.0.3112.107 Moblie Safari/537.36"
54.85.109.140 - - [16/Apr/2025:00:08:28 -0400] "GET /author/admin/page/11/ HTTP/1.1" 200 9609 "-" "Mozilla/5.0 AppleWebKit/537.36 (KHTML, like Gecko; compatible; Amazonbot/0.1; +https://developer.amazon.com/support/amazonbot) Chrome/119.0.6045.214 Safari/537.36"
198.54.114.83 - - [16/Apr/2025:00:09:29 -0400] "POST /wp-cron.php?doing_wp_cron=1744776568.1884689331054687500000 HTTP/1.1" 200 0 "-" "WordPress/6.8; https://garantishell.com"
66.249.66.42 - - [16/Apr/2025:00:09:27 -0400] "GET /umzugsunternehmen-in-luneburg-ihr-partner-fur-einen-reibungslosen-umzug-3/feed/ HTTP/1.1" 200 455 "-" "Mozilla/5.0 (Linux; Android 6.0.1; Nexus 5X Build/MMB29P) AppleWebKit/537.36 (KHTML, like Gecko) Chrome/135.0.7049.84 Mobile Safari/537.36 (compatible; Googlebot/2.1; +http://www.google.com/bot.html)"
198.54.114.83 - - [16/Apr/2025:00:09:31 -0400] "POST /wp-admin/admin-ajax.php?action=async_litespeed&nonce=ittA4qBVxlFKxs8L154YtpLfmWUuTs3Z&litespeed_type=imgoptm HTTP/1.1" 200 0 "-" "WordPress/6.8; https://garantishell.com"
51.222.253.8 - - [16/Apr/2025:00:10:08 -0400] "GET /author/admin/page/67/ HTTP/1.1" 200 9918 "-" "Mozilla/5.0 (compatible; AhrefsBot/7.0; +http://ahrefs.com/robot/)"
51.222.253.11 - - [16/Apr/2025:00:12:16 -0400] "GET /why-purchase-gift-certificates-for-loved-ones/ HTTP/1.1" 200 10603 "-" "Mozilla/5.0 (compatible; AhrefsBot/7.0; +http://ahrefs.com/robot/)"
198.54.114.83 - - [16/Apr/2025:00:12:23 -0400] "POST /wp-cron.php?doing_wp_cron=1744776741.3741459846496582031250 HTTP/1.1" 200 0 "-" "WordPress/6.8; https://garantishell.com"
66.249.66.41 - - [16/Apr/2025:00:12:48 -0400] "GET /2023/11/ HTTP/1.1" 200 8863 "-" "Mozilla/5.0 (Linux; Android 6.0.1; Nexus 5X Build/MMB29P) AppleWebKit/537.36 (KHTML, like Gecko) Chrome/135.0.7049.84 Mobile Safari/537.36 (compatible; Googlebot/2.1; +http://www.google.com/bot.html)"
198.54.114.83 - - [16/Apr/2025:00:14:40 -0400] "POST /wp-cron.php?doing_wp_cron=1744776879.8675849437713623046875 HTTP/1.1" 200 0 "-" "WordPress/6.8; https://garantishell.com"
51.222.253.14 - - [16/Apr/2025:00:14:37 -0400] "GET /the-rise-of-digital-gambling-platforms/ HTTP/1.1" 200 10551 "-" "Mozilla/5.0 (compatible; AhrefsBot/7.0; +http://ahrefs.com/robot/)"
198.54.114.83 - - [16/Apr/2025:00:14:42 -0400] "POST /wp-admin/admin-ajax.php?action=async_litespeed&nonce=8ONKbIJkqTFxcIecdD0RaZMmUTCf3RD4&litespeed_type=imgoptm HTTP/1.1" 200 0 "-" "WordPress/6.8; https://garantishell.com"
66.249.66.40 - - [16/Apr/2025:00:15:59 -0400] "GET /category/education/ HTTP/1.1" 200 8200 "-" "Mozilla/5.0 (Linux; Android 6.0.1; Nexus 5X Build/MMB29P) AppleWebKit/537.36 (KHTML, like Gecko) Chrome/135.0.7049.84 Mobile Safari/537.36 (compatible; Googlebot/2.1; +http://www.google.com/bot.html)"
66.249.66.41 - - [16/Apr/2025:00:16:25 -0400] "GET /category/shopping-product-reviews/ HTTP/1.1" 200 7841 "-" "Mozilla/5.0 (Linux; Android 6.0.1; Nexus 5X Build/MMB29P) AppleWebKit/537.36 (KHTML, like Gecko) Chrome/135.0.7049.84 Mobile Safari/537.36 (compatible; Googlebot/2.1; +http://www.google.com/bot.html)"
198.54.114.83 - - [16/Apr/2025:00:16:52 -0400] "POST /wp-cron.php?doing_wp_cron=1744777011.8464848995208740234375 HTTP/1.1" 200 0 "-" "WordPress/6.8; https://garantishell.com"
51.222.253.20 - - [16/Apr/2025:00:16:47 -0400] "GET /page/83/ HTTP/1.1" 200 9890 "-" "Mozilla/5.0 (compatible; AhrefsBot/7.0; +http://ahrefs.com/robot/)"
198.54.114.83 - - [16/Apr/2025:00:16:54 -0400] "POST /wp-admin/admin-ajax.php?action=async_litespeed&nonce=IBD0cXAk2Fmis2Bs1meuqIXc1KJGMFEd&litespeed_type=imgoptm HTTP/1.1" 200 0 "-" "WordPress/6.8; https://garantishell.com"
2001:8d8:1800:2ef::1 - - [16/Apr/2025:00:17:04 -0400] "POST /wp-login.php HTTP/1.1" 200 1858 "https://garantishell.com" "Mozilla/5.0 (Windows NT 10.0; Win64; x64) AppleWebKit/537.36 (KHTML, like Gecko) Chrome/115.0.5790.102 Safari/537.36"
124.243.177.177 - - [16/Apr/2025:00:17:36 -0400] "GET /2024/07/ HTTP/1.1" 200 9530 "https://garantishell.com/2024/07/" "Mozilla/5.0 (Windows NT 10.0; Win64; x64) AppleWebKit/537.36 (KHTML, like Gecko) Chrome/104.0.0.0 Safari/537.36"
198.54.114.83 - - [16/Apr/2025:00:18:03 -0400] "POST /wp-cron.php?doing_wp_cron=1744777082.6179869174957275390625 HTTP/1.1" 200 0 "-" "WordPress/6.8; https://garantishell.com"
66.249.66.40 - - [16/Apr/2025:00:18:01 -0400] "GET /2024/01/ HTTP/1.1" 200 9867 "-" "Mozilla/5.0 (Linux; Android 6.0.1; Nexus 5X Build/MMB29P) AppleWebKit/537.36 (KHTML, like Gecko) Chrome/135.0.7049.84 Mobile Safari/537.36 (compatible; Googlebot/2.1; +http://www.google.com/bot.html)"
198.54.114.83 - - [16/Apr/2025:00:18:05 -0400] "POST /wp-admin/admin-ajax.php?action=async_litespeed&nonce=yEWtJPDH8kJiYvK6UFXbTPNEOcUEGHg8&litespeed_type=imgoptm HTTP/1.1" 200 0 "-" "WordPress/6.8; https://garantishell.com"
54.36.148.252 - - [16/Apr/2025:00:19:17 -0400] "GET /robots.txt HTTP/1.1" 304 0 "-" "Mozilla/5.0 (compatible; AhrefsBot/7.0; +http://ahrefs.com/robot/)"
51.222.253.18 - - [16/Apr/2025:00:19:20 -0400] "GET /der-anwalt-verteidiger-der-gerechtigkeit/ HTTP/1.1" 200 10438 "-" "Mozilla/5.0 (compatible; AhrefsBot/7.0; +http://ahrefs.com/robot/)"
188.166.215.239 - - [16/Apr/2025:00:19:32 -0400] "GET / HTTP/1.1" 200 9272 "-" "Mozilla/5.0 (Windows NT 10.0; Win64; x64) AppleWebKit/537.36 (KHTML, like Gecko) Chrome/78.0.3904.108 Safari/537.36"
188.166.215.239 - - [16/Apr/2025:00:19:34 -0400] "GET //wp-includes/wlwmanifest.xml HTTP/1.1" 301 0 "-" "Mozilla/5.0 (Windows NT 10.0; Win64; x64) AppleWebKit/537.36 (KHTML, like Gecko) Chrome/78.0.3904.108 Safari/537.36"
198.54.114.83 - - [16/Apr/2025:00:19:40 -0400] "POST /wp-cron.php?doing_wp_cron=1744777178.3751349449157714843750 HTTP/1.1" 200 0 "-" "WordPress/6.8; https://garantishell.com"
188.166.215.239 - - [16/Apr/2025:00:19:40 -0400] "GET / HTTP/1.1" 200 9272 "-" "Mozilla/5.0 (Windows NT 10.0; Win64; x64) AppleWebKit/537.36 (KHTML, like Gecko) Chrome/78.0.3904.108 Safari/537.36"
188.166.215.239 - - [16/Apr/2025:00:19:42 -0400] "GET //?author=1 HTTP/1.1" 301 0 "-" "Mozilla/5.0 (Windows NT 10.0; Win64; x64) AppleWebKit/537.36 (KHTML, like Gecko) Chrome/78.0.3904.108 Safari/537.36"
188.166.215.239 - - [16/Apr/2025:00:19:44 -0400] "GET //?author=2 HTTP/1.1" 301 0 "-" "Mozilla/5.0 (Windows NT 10.0; Win64; x64) AppleWebKit/537.36 (KHTML, like Gecko) Chrome/78.0.3904.108 Safari/537.36"
188.166.215.239 - - [16/Apr/2025:00:19:46 -0400] "GET //wp-json/wp/v2/users/ HTTP/1.1" 200 1264 "-" "Mozilla/5.0 (Windows NT 10.0; Win64; x64) AppleWebKit/537.36 (KHTML, like Gecko) Chrome/78.0.3904.108 Safari/537.36"
66.249.66.42 - - [16/Apr/2025:00:20:13 -0400] "GET /the-role-of-a-law-tutor-in-legal-education/feed/ HTTP/1.1" 200 411 "-" "Mozilla/5.0 (Linux; Android 6.0.1; Nexus 5X Build/MMB29P) AppleWebKit/537.36 (KHTML, like Gecko) Chrome/135.0.7049.84 Mobile Safari/537.36 (compatible; Googlebot/2.1; +http://www.google.com/bot.html)"
198.54.114.83 - - [16/Apr/2025:00:21:34 -0400] "POST /wp-cron.php?doing_wp_cron=1744777293.1851460933685302734375 HTTP/1.1" 200 0 "-" "WordPress/6.8; https://garantishell.com"
51.222.253.12 - - [16/Apr/2025:00:21:32 -0400] "GET /page/69/ HTTP/1.1" 200 9936 "-" "Mozilla/5.0 (compatible; AhrefsBot/7.0; +http://ahrefs.com/robot/)"
198.54.114.83 - - [16/Apr/2025:00:22:57 -0400] "POST /wp-cron.php?doing_wp_cron=1744777376.3865540027618408203125 HTTP/1.1" 200 0 "-" "WordPress/6.8; https://garantishell.com"
66.249.66.40 - - [16/Apr/2025:00:22:55 -0400] "GET /category/arts-entertainments/page/74/ HTTP/1.1" 200 9951 "-" "Mozilla/5.0 (Linux; Android 6.0.1; Nexus 5X Build/MMB29P) AppleWebKit/537.36 (KHTML, like Gecko) Chrome/135.0.7049.84 Mobile Safari/537.36 (compatible; GoogleOther)"
198.54.114.83 - - [16/Apr/2025:00:23:00 -0400] "POST /wp-admin/admin-ajax.php?action=async_litespeed&nonce=lADZxo2efcrEmSvGzgslKSXJJDwIPSv4&litespeed_type=imgoptm HTTP/1.1" 200 0 "-" "WordPress/6.8; https://garantishell.com"
198.54.114.83 - - [16/Apr/2025:00:23:56 -0400] "POST /wp-cron.php?doing_wp_cron=1744777436.2642419338226318359375 HTTP/1.1" 200 0 "-" "WordPress/6.8; https://garantishell.com"
198.54.114.83 - - [16/Apr/2025:00:23:58 -0400] "POST /wp-admin/admin-ajax.php?action=async_litespeed&nonce=GK19Am5kjijXAvrl5ltPs6vk9KLymnlB&litespeed_type=imgoptm HTTP/1.1" 200 0 "-" "WordPress/6.8; https://garantishell.com"
194.38.23.16 - - [16/Apr/2025:00:23:54 -0400] "GET /sites/all/libraries/elfinder/src/connectors/php/connector.php HTTP/1.1" 404 7067 "-" "ALittle Client"
35.172.125.172 - - [16/Apr/2025:00:24:13 -0400] "GET /2024/12/page/11/ HTTP/1.1" 200 8771 "-" "Mozilla/5.0 AppleWebKit/537.36 (KHTML, like Gecko; compatible; Amazonbot/0.1; +https://developer.amazon.com/support/amazonbot) Chrome/119.0.6045.214 Safari/537.36"
198.54.114.83 - - [16/Apr/2025:00:24:22 -0400] "POST /wp-cron.php?doing_wp_cron=1744777461.0941960811614990234375 HTTP/1.1" 200 0 "-" "WordPress/6.8; https://garantishell.com"
51.222.253.6 - - [16/Apr/2025:00:24:20 -0400] "GET /author/admin/page/68/ HTTP/1.1" 200 9883 "-" "Mozilla/5.0 (compatible; AhrefsBot/7.0; +http://ahrefs.com/robot/)"
2a01:239:3bb:8a00::1 - - [16/Apr/2025:00:24:41 -0400] "GET /wp-content/plugins/WordPressCore/include.php HTTP/1.1" 404 7068 "www.google.com" "Mozilla/5.0 (Linux; Android 7.0; SM-G892A Build/NRD90M; wv) AppleWebKit/537.36 (KHTML, like Gecko) Version/4.0 Chrome/60.0.3112.107 Mobile Safari/537.36"
2a01:239:3bb:8a00::1 - - [16/Apr/2025:00:24:51 -0400] "GET /wp-content/themes/include.php HTTP/1.1" 404 7067 "www.google.com" "Mozilla/5.0 (Linux; Android 7.0; SM-G892A Build/NRD90M; wv) AppleWebKit/537.36 (KHTML, like Gecko) Version/4.0 Chrome/60.0.3112.107 Mobile Safari/537.36"
2a01:239:3bb:8a00::1 - - [16/Apr/2025:00:25:11 -0400] "GET /simple.php HTTP/1.1" 404 7068 "www.google.com" "Mozilla/5.0 (Linux; Android 7.0; SM-G892A Build/NRD90M; wv) AppleWebKit/537.36 (KHTML, like Gecko) Version/4.0 Chrome/60.0.3112.107 Mobile Safari/537.36"
2a01:239:3bb:8a00::1 - - [16/Apr/2025:00:25:30 -0400] "GET /style.php HTTP/1.1" 404 7068 "www.google.com" "Mozilla/5.0 (Linux; Android 7.0; SM-G892A Build/NRD90M; wv) AppleWebKit/537.36 (KHTML, like Gecko) Version/4.0 Chrome/60.0.3112.107 Mobile Safari/537.36"
198.54.114.83 - - [16/Apr/2025:00:25:34 -0400] "POST /wp-cron.php?doing_wp_cron=1744777530.9436480998992919921875 HTTP/1.1" 200 0 "-" "WordPress/6.8; https://garantishell.com"
2a01:239:3bb:8a00::1 - - [16/Apr/2025:00:25:42 -0400] "GET /file.php HTTP/1.1" 404 7067 "www.google.com" "Mozilla/5.0 (Linux; Android 7.0; SM-G892A Build/NRD90M; wv) AppleWebKit/537.36 (KHTML, like Gecko) Version/4.0 Chrome/60.0.3112.107 Mobile Safari/537.36"
198.54.114.83 - - [16/Apr/2025:00:26:58 -0400] "POST /wp-cron.php?doing_wp_cron=1744777616.6376149654388427734375 HTTP/1.1" 200 0 "-" "WordPress/6.8; https://garantishell.com"
51.222.253.7 - - [16/Apr/2025:00:26:55 -0400] "GET /page/81/ HTTP/1.1" 200 9588 "-" "Mozilla/5.0 (compatible; AhrefsBot/7.0; +http://ahrefs.com/robot/)"
2a03:2880:f800:1c:: - - [16/Apr/2025:00:27:54 -0400] "GET /mastering-social-media-growth-strategies-for-increasing-followers-organically-and-ethically/ HTTP/1.1" 200 10783 "-" "meta-externalagent/1.1 (+https://developers.facebook.com/docs/sharing/webmasters/crawler)"
213.136.93.171 - - [16/Apr/2025:00:28:34 -0400] "GET /wp-login.php HTTP/1.1" 200 1735 "-" "GRequests/0.10"
213.136.93.171 - - [16/Apr/2025:00:28:36 -0400] "POST /wp-login.php HTTP/1.1" 200 1866 "-" "GRequests/0.10"
198.54.114.83 - - [16/Apr/2025:00:28:43 -0400] "POST /wp-cron.php?doing_wp_cron=1744777720.1857419013977050781250 HTTP/1.1" 200 0 "-" "WordPress/6.8; https://garantishell.com"
34.91.78.130 - - [16/Apr/2025:00:29:21 -0400] "GET /wp-login.php HTTP/1.1" 200 1735 "-" "GRequests/0.10"
101.46.2.213 - - [16/Apr/2025:00:29:23 -0400] "GET /effective-strategies-to-correct-forward-head-posture/ HTTP/1.1" 200 10657 "https://garantishell.com/effective-strategies-to-correct-forward-head-posture/#primary" "Mozilla/5.0 (Macintosh; Intel Mac OS X 10_15_7) AppleWebKit/537.36 (KHTML, like Gecko) Chrome/119.0.0.0 Safari/537.36"
34.91.78.130 - - [16/Apr/2025:00:29:29 -0400] "POST /wp-login.php HTTP/1.1" 200 1862 "-" "GRequests/0.10"
162.243.72.223 - - [16/Apr/2025:00:30:07 -0400] "GET /wp-login.php HTTP/1.1" 200 1735 "-" "GRequests/0.10"
162.243.72.223 - - [16/Apr/2025:00:30:15 -0400] "POST /wp-login.php HTTP/1.1" 200 1871 "-" "GRequests/0.10"
198.54.114.83 - - [16/Apr/2025:00:30:23 -0400] "POST /wp-cron.php?doing_wp_cron=1744777816.3582909107208251953125 HTTP/1.1" 200 0 "-" "WordPress/6.8; https://garantishell.com"
51.161.7.9 - - [16/Apr/2025:00:30:23 -0400] "POST /wp-login.php HTTP/1.1" 200 1858 "https://garantishell.com" "Mozilla/5.0 (Macintosh; Intel Mac OS X 10_15_7) AppleWebKit/537.36 (KHTML, like Gecko) Chrome/115.0.5790.102 Safari/537.36"
51.222.253.16 - - [16/Apr/2025:00:30:30 -0400] "GET /umzugsunternehmen-luneburgs/ HTTP/1.1" 200 9970 "-" "Mozilla/5.0 (compatible; AhrefsBot/7.0; +http://ahrefs.com/robot/)"
51.222.253.13 - - [16/Apr/2025:00:32:42 -0400] "GET /navigating-the-digital-landscape-the-dynamics-of-buying-youtube-views-online/ HTTP/1.1" 200 10686 "-" "Mozilla/5.0 (compatible; AhrefsBot/7.0; +http://ahrefs.com/robot/)"
198.54.114.83 - - [16/Apr/2025:00:35:35 -0400] "POST /wp-cron.php?doing_wp_cron=1744778131.8308830261230468750000 HTTP/1.1" 200 0 "-" "WordPress/6.8; https://garantishell.com"
135.119.137.158 - - [16/Apr/2025:00:35:40 -0400] "HEAD /wordpress HTTP/1.1" 404 0 "http://garantishell.com/wordpress" "Mozilla/5.0 (Windows NT 10.0; Win64; x64) AppleWebKit/537.36 (KHTML, like Gecko) Chrome/74.0.3729.169 Safari/537.36"
51.222.253.13 - - [16/Apr/2025:00:35:26 -0400] "GET /ansan-business-trip-massages/ HTTP/1.1" 200 10086 "-" "Mozilla/5.0 (compatible; AhrefsBot/7.0; +http://ahrefs.com/robot/)"
135.119.137.158 - - [16/Apr/2025:00:35:49 -0400] "HEAD / HTTP/1.1" 200 0 "http://garantishell.com/" "Mozilla/5.0 (Windows NT 10.0; Win64; x64) AppleWebKit/537.36 (KHTML, like Gecko) Chrome/74.0.3729.169 Safari/537.36"
135.119.137.158 - - [16/Apr/2025:00:35:59 -0400] "HEAD /wp HTTP/1.1" 404 0 "http://garantishell.com/wp" "Mozilla/5.0 (Windows NT 10.0; Win64; x64) AppleWebKit/537.36 (KHTML, like Gecko) Chrome/74.0.3729.169 Safari/537.36"
135.119.137.158 - - [16/Apr/2025:00:36:06 -0400] "HEAD /bc HTTP/1.1" 404 0 "http://garantishell.com/bc" "Mozilla/5.0 (Windows NT 10.0; Win64; x64) AppleWebKit/537.36 (KHTML, like Gecko) Chrome/74.0.3729.169 Safari/537.36"
135.119.137.158 - - [16/Apr/2025:00:36:13 -0400] "HEAD /bk HTTP/1.1" 404 0 "http://garantishell.com/bk" "Mozilla/5.0 (Windows NT 10.0; Win64; x64) AppleWebKit/537.36 (KHTML, like Gecko) Chrome/74.0.3729.169 Safari/537.36"
135.119.137.158 - - [16/Apr/2025:00:36:20 -0400] "HEAD /backup HTTP/1.1" 404 0 "http://garantishell.com/backup" "Mozilla/5.0 (Windows NT 10.0; Win64; x64) AppleWebKit/537.36 (KHTML, like Gecko) Chrome/74.0.3729.169 Safari/537.36"
135.119.137.158 - - [16/Apr/2025:00:36:28 -0400] "HEAD /old HTTP/1.1" 404 0 "http://garantishell.com/old" "Mozilla/5.0 (Windows NT 10.0; Win64; x64) AppleWebKit/537.36 (KHTML, like Gecko) Chrome/74.0.3729.169 Safari/537.36"
135.119.137.158 - - [16/Apr/2025:00:36:35 -0400] "HEAD /new HTTP/1.1" 404 0 "http://garantishell.com/new" "Mozilla/5.0 (Windows NT 10.0; Win64; x64) AppleWebKit/537.36 (KHTML, like Gecko) Chrome/74.0.3729.169 Safari/537.36"
198.54.114.83 - - [16/Apr/2025:00:36:38 -0400] "POST /wp-cron.php?doing_wp_cron=1744778195.6344718933105468750000 HTTP/1.1" 200 0 "-" "WordPress/6.8; https://garantishell.com"
135.119.137.158 - - [16/Apr/2025:00:36:41 -0400] "HEAD /main HTTP/1.1" 404 0 "http://garantishell.com/main" "Mozilla/5.0 (Windows NT 10.0; Win64; x64) AppleWebKit/537.36 (KHTML, like Gecko) Chrome/74.0.3729.169 Safari/537.36"
135.119.137.158 - - [16/Apr/2025:00:36:47 -0400] "HEAD /home HTTP/1.1" 404 0 "http://garantishell.com/home" "Mozilla/5.0 (Windows NT 10.0; Win64; x64) AppleWebKit/537.36 (KHTML, like Gecko) Chrome/74.0.3729.169 Safari/537.36"
51.222.253.6 - - [16/Apr/2025:00:38:50 -0400] "GET /rechtsanwalt-hattingen-ihr-partner-fur-rechtliche-angelegenheiten/ HTTP/1.1" 200 11022 "-" "Mozilla/5.0 (compatible; AhrefsBot/7.0; +http://ahrefs.com/robot/)"
198.54.114.83 - - [16/Apr/2025:00:38:58 -0400] "POST /wp-cron.php?doing_wp_cron=1744778335.4707169532775878906250 HTTP/1.1" 200 0 "-" "WordPress/6.8; https://garantishell.com"
188.239.11.99 - - [16/Apr/2025:00:41:03 -0400] "GET /professionelle-unterstutzung-bei-der-wohnungsauflosung/ HTTP/1.1" 200 10424 "https://garantishell.com/professionelle-unterstutzung-bei-der-wohnungsauflosung/" "Mozilla/5.0 (Windows NT 10.0; Win64; x64) AppleWebKit/537.36 (KHTML, like Gecko) Chrome/101.0.4951.67 Safari/537.36"
66.249.66.43 - - [16/Apr/2025:00:41:13 -0400] "GET /how-to-make-a-blend-on-spotify/ HTTP/1.1" 200 11541 "-" "Mozilla/5.0 (Linux; Android 6.0.1; Nexus 5X Build/MMB29P) AppleWebKit/537.36 (KHTML, like Gecko) Chrome/135.0.7049.84 Mobile Safari/537.36 (compatible; Googlebot/2.1; +http://www.google.com/bot.html)"
198.54.114.83 - - [16/Apr/2025:00:42:04 -0400] "POST /wp-cron.php?doing_wp_cron=1744778522.9219388961791992187500 HTTP/1.1" 200 0 "-" "WordPress/6.8; https://garantishell.com"
66.249.66.41 - - [16/Apr/2025:00:42:03 -0400] "GET /le-graphisme-freelance-a-paris-un-univers-creatif-en-plein-essor/ HTTP/1.1" 200 11054 "-" "Mozilla/5.0 (Linux; Android 6.0.1; Nexus 5X Build/MMB29P) AppleWebKit/537.36 (KHTML, like Gecko) Chrome/135.0.7049.84 Mobile Safari/537.36 (compatible; Googlebot/2.1; +http://www.google.com/bot.html)"
51.222.253.14 - - [16/Apr/2025:00:41:57 -0400] "GET /discovering-the-hidden-gem-nusa-penida/ HTTP/1.1" 200 11424 "-" "Mozilla/5.0 (compatible; AhrefsBot/7.0; +http://ahrefs.com/robot/)"
