51.222.253.1 - - [15/Apr/2025:20:44:12 -0400] "GET /virtual-receptionists-transform-customer-experience/ HTTP/1.1" 200 10467 "-" "Mozilla/5.0 (compatible; AhrefsBot/7.0; +http://ahrefs.com/robot/)"
198.54.114.83 - - [15/Apr/2025:20:44:21 -0400] "POST /wp-admin/admin-ajax.php?action=async_litespeed&nonce=k1MjVE2tYXehtmsK8BOzy7L3MNbQgjVz&litespeed_type=imgoptm HTTP/1.1" 200 0 "-" "WordPress/6.7.1; https://garantishell.com"
51.222.253.3 - - [15/Apr/2025:20:46:06 -0400] "GET /flexible-work-opportunities-the-rise-of-part-time-jobs/ HTTP/1.1" 200 10421 "-" "Mozilla/5.0 (compatible; AhrefsBot/7.0; +http://ahrefs.com/robot/)"
3.144.229.96 - - [15/Apr/2025:20:46:09 -0400] "GET /robots.txt HTTP/1.1" 304 0 "-" "Mozilla/5.0 AppleWebKit/537.36 (KHTML, like Gecko; compatible; ClaudeBot/1.0; +claudebot@anthropic.com)"
3.144.229.96 - - [15/Apr/2025:20:46:09 -0400] "GET /?p=979 HTTP/1.1" 301 0 "-" "Mozilla/5.0 AppleWebKit/537.36 (KHTML, like Gecko; compatible; ClaudeBot/1.0; +claudebot@anthropic.com)"
198.54.114.83 - - [15/Apr/2025:20:46:16 -0400] "POST /wp-cron.php?doing_wp_cron=1744764374.4149050712585449218750 HTTP/1.1" 200 0 "-" "WordPress/6.7.1; https://garantishell.com"
3.144.229.96 - - [15/Apr/2025:20:46:17 -0400] "GET /eine-schritt-fur-schritt-anleitung/ HTTP/1.1" 200 10422 "https://garantishell.com/?p=979" "Mozilla/5.0 AppleWebKit/537.36 (KHTML, like Gecko; compatible; ClaudeBot/1.0; +claudebot@anthropic.com)"
206.84.168.65 - - [15/Apr/2025:20:46:39 -0400] "GET /why-professional-home-inspection-services-are-essential/ HTTP/1.1" 200 10425 "-" "Mozilla/5.0 (Windows NT 10.0; Win64; x64; rv:114.0) Gecko/20100101 Firefox/114.0"
111.119.208.224 - - [15/Apr/2025:20:46:51 -0400] "GET /the-rise-of-craft-cannabis-in-canada/ HTTP/1.1" 200 10632 "https://garantishell.com/the-rise-of-craft-cannabis-in-canada/" "Mozilla/5.0 (Windows NT 10.0; Win64; x64) AppleWebKit/537.36 (KHTML, like Gecko) Chrome/107.0.0.0 Safari/537.36"
198.54.114.83 - - [15/Apr/2025:20:47:44 -0400] "POST /wp-cron.php?doing_wp_cron=1744764463.3212800025939941406250 HTTP/1.1" 200 0 "-" "WordPress/6.7.1; https://garantishell.com"
198.54.114.83 - - [15/Apr/2025:20:47:45 -0400] "POST /wp-admin/admin-ajax.php?action=async_litespeed&nonce=pMSmmr6SgqhCbhNgMGwqdfQNzT3bfzMG&litespeed_type=imgoptm HTTP/1.1" 200 0 "-" "WordPress/6.7.1; https://garantishell.com"
43.130.105.21 - - [15/Apr/2025:20:47:39 -0400] "GET /2024/12/ HTTP/1.1" 200 9319 "-" "Mozilla/5.0 (iPhone; CPU iPhone OS 13_2_3 like Mac OS X) AppleWebKit/605.1.15 (KHTML, like Gecko) Version/13.0.3 Mobile/15E148 Safari/604.1"
51.222.253.12 - - [15/Apr/2025:20:47:59 -0400] "GET /steroids-canada/ HTTP/1.1" 200 9900 "-" "Mozilla/5.0 (compatible; AhrefsBot/7.0; +http://ahrefs.com/robot/)"
206.84.168.65 - - [15/Apr/2025:20:48:13 -0400] "GET /why-professional-home-inspection-services-are-essential/ HTTP/1.1" 200 10425 "https://garantishell.com/why-professional-home-inspection-services-are-essential/" "Mozilla/5.0 (Windows NT 6.3; Win64; x64) AppleWebKit/537.36 (KHTML, like Gecko) Chrome/103.0.0.0 Safari/537.36"
198.54.114.83 - - [15/Apr/2025:20:48:27 -0400] "POST /wp-cron.php?doing_wp_cron=1744764507.0830929279327392578125 HTTP/1.1" 200 0 "-" "WordPress/6.7.1; https://garantishell.com"
198.54.114.83 - - [15/Apr/2025:20:48:28 -0400] "POST /wp-admin/admin-ajax.php?action=async_litespeed&nonce=GTrDlQ22VQBbbww9CP5K7GfVEAh6QE2r&litespeed_type=imgoptm HTTP/1.1" 200 0 "-" "WordPress/6.7.1; https://garantishell.com"
206.84.168.65 - - [15/Apr/2025:20:48:26 -0400] "POST /wp-comments-post.php HTTP/1.1" 302 0 "https://garantishell.com/why-professional-home-inspection-services-are-essential/" "Mozilla/5.0 (Windows NT 6.3; Win64; x64) AppleWebKit/537.36 (KHTML, like Gecko) Chrome/103.0.0.0 Safari/537.36"
206.84.168.65 - - [15/Apr/2025:20:48:47 -0400] "GET /why-professional-home-inspection-services-are-essential/?unapproved=4288&moderation-hash=e68a589e018b7efc99521724828db939 HTTP/1.1" 200 11088 "https://garantishell.com/wp-comments-post.php" "Mozilla/5.0 (Windows NT 6.3; Win64; x64) AppleWebKit/537.36 (KHTML, like Gecko) Chrome/103.0.0.0 Safari/537.36"
206.84.168.65 - - [15/Apr/2025:20:49:03 -0400] "GET /why-professional-home-inspection-services-are-essential/ HTTP/1.1" 200 10425 "-" "Mozilla/5.0 (Windows NT 6.3; Win64; x64) AppleWebKit/537.36 (KHTML, like Gecko) Chrome/103.0.0.0 Safari/537.36"
198.54.114.83 - - [15/Apr/2025:20:49:54 -0400] "POST /wp-cron.php?doing_wp_cron=1744764593.6855320930480957031250 HTTP/1.1" 200 0 "-" "WordPress/6.7.1; https://garantishell.com"
51.222.253.12 - - [15/Apr/2025:20:49:53 -0400] "GET /author/admin/page/78/ HTTP/1.1" 200 9430 "-" "Mozilla/5.0 (compatible; AhrefsBot/7.0; +http://ahrefs.com/robot/)"
198.54.114.83 - - [15/Apr/2025:20:52:07 -0400] "POST /wp-cron.php?doing_wp_cron=1744764725.3330240249633789062500 HTTP/1.1" 200 0 "-" "WordPress/6.7.1; https://garantishell.com"
51.222.253.11 - - [15/Apr/2025:20:52:00 -0400] "GET /exploring-the-magnificence-of-grand-dunman/ HTTP/1.1" 200 10571 "-" "Mozilla/5.0 (compatible; AhrefsBot/7.0; +http://ahrefs.com/robot/)"
103.90.232.143 - - [15/Apr/2025:20:54:08 -0400] "POST /wp-login.php HTTP/1.1" 200 1862 "https://garantishell.com" "Mozilla/5.0 (Windows NT 10.0; Win64; x64) AppleWebKit/537.36 (KHTML, like Gecko) Chrome/116.0.5845.96 Safari/537.36 Edg/116.0.1938.62"
198.54.114.83 - - [15/Apr/2025:20:54:10 -0400] "POST /wp-cron.php?doing_wp_cron=1744764848.0522999763488769531250 HTTP/1.1" 200 0 "-" "WordPress/6.7.1; https://garantishell.com"
51.222.253.1 - - [15/Apr/2025:20:54:03 -0400] "GET /effizienter-umzugsservice-in-hamburg/ HTTP/1.1" 200 10475 "-" "Mozilla/5.0 (compatible; AhrefsBot/7.0; +http://ahrefs.com/robot/)"
206.84.168.65 - - [15/Apr/2025:20:54:32 -0400] "GET /why-professional-home-inspection-services-are-essential/ HTTP/1.1" 200 10425 "-" "Mozilla/5.0 (Macintosh; Intel Mac OS X 12_5) AppleWebKit/537.36 (KHTML, like Gecko) Chrome/114.0.0.0 YaBrowser/22.7.0 Yowser/2.5 Safari/537.36"
212.8.248.108 - - [15/Apr/2025:20:54:57 -0400] "GET /why-professional-home-inspection-services-are-essential HTTP/1.1" 301 0 "-" "Mozilla/5.0 (Windows NT 10.0; Win64; x64) AppleWebKit/537.36 (KHTML, like Gecko) Chrome/118.0.0.0 Safari/537.36"
212.8.248.108 - - [15/Apr/2025:20:55:00 -0400] "GET /why-professional-home-inspection-services-are-essential/ HTTP/1.1" 200 10425 "-" "Mozilla/5.0 (Windows NT 10.0; Win64; x64) AppleWebKit/537.36 (KHTML, like Gecko) Chrome/118.0.0.0 Safari/537.36"
162.243.72.223 - - [15/Apr/2025:20:55:33 -0400] "GET /wp-login.php HTTP/1.1" 200 1735 "-" "GRequests/0.10"
198.54.114.83 - - [15/Apr/2025:20:55:38 -0400] "POST /wp-cron.php?doing_wp_cron=1744764938.6312959194183349609375 HTTP/1.1" 200 0 "-" "WordPress/6.7.1; https://garantishell.com"
162.243.72.223 - - [15/Apr/2025:20:55:34 -0400] "POST /wp-login.php HTTP/1.1" 200 1877 "-" "GRequests/0.10"
198.54.114.83 - - [15/Apr/2025:20:55:41 -0400] "POST /wp-admin/admin-ajax.php?action=async_litespeed&nonce=WdrypufcQQ1ny2UJowisTqmmBuzha5Aq&litespeed_type=imgoptm HTTP/1.1" 200 0 "-" "WordPress/6.7.1; https://garantishell.com"
51.222.253.1 - - [15/Apr/2025:20:55:55 -0400] "GET /relax-and-rejuvenate-suwon-business-trip-massage/ HTTP/1.1" 200 10305 "-" "Mozilla/5.0 (compatible; AhrefsBot/7.0; +http://ahrefs.com/robot/)"
43.130.150.80 - - [15/Apr/2025:20:56:46 -0400] "GET /2024/11/ HTTP/1.1" 200 9322 "-" "Mozilla/5.0 (iPhone; CPU iPhone OS 13_2_3 like Mac OS X) AppleWebKit/605.1.15 (KHTML, like Gecko) Version/13.0.3 Mobile/15E148 Safari/604.1"
198.54.114.83 - - [15/Apr/2025:20:58:14 -0400] "POST /wp-cron.php?doing_wp_cron=1744765092.7872641086578369140625 HTTP/1.1" 200 0 "-" "WordPress/6.7.1; https://garantishell.com"
51.222.253.13 - - [15/Apr/2025:20:58:08 -0400] "GET /enhance-productivity-with-relaxation/ HTTP/1.1" 200 10422 "-" "Mozilla/5.0 (compatible; AhrefsBot/7.0; +http://ahrefs.com/robot/)"
111.119.220.181 - - [15/Apr/2025:20:58:33 -0400] "GET /the-benefits-of-business-trip-massage-for-executives/ HTTP/1.1" 200 10758 "https://garantishell.com/the-benefits-of-business-trip-massage-for-executives/" "Mozilla/5.0 (Windows NT 10.0; Win64; x64) AppleWebKit/537.36 (KHTML, like Gecko) Chrome/104.0.0.0 Safari/537.36"
198.54.114.83 - - [15/Apr/2025:21:00:22 -0400] "POST /wp-cron.php?doing_wp_cron=1744765221.0505061149597167968750 HTTP/1.1" 200 0 "-" "WordPress/6.7.1; https://garantishell.com"
198.54.114.83 - - [15/Apr/2025:21:00:22 -0400] "POST /wp-cron.php?doing_wp_cron=1744765221.0517170429229736328125 HTTP/1.1" 200 0 "-" "WordPress/6.7.1; https://garantishell.com"
18.218.164.141 - - [15/Apr/2025:21:00:16 -0400] "GET /wp-json/oembed/1.0/embed?format=xml&url=https%3A%2F%2Fgarantishell.com%2Feine-schritt-fur-schritt-anleitung%2F HTTP/1.1" 200 1049 "-" "Mozilla/5.0 AppleWebKit/537.36 (KHTML, like Gecko; compatible; ClaudeBot/1.0; +claudebot@anthropic.com)"
51.222.253.3 - - [15/Apr/2025:21:00:17 -0400] "GET /magische-kinder-geschichten-fur-die-fantasie/ HTTP/1.1" 200 10772 "-" "Mozilla/5.0 (compatible; AhrefsBot/7.0; +http://ahrefs.com/robot/)"
159.203.41.15 - - [15/Apr/2025:21:02:30 -0400] "GET / HTTP/1.1" 200 9272 "-" "Mozilla/5.0 (compatible)"
159.203.41.15 - - [15/Apr/2025:21:02:31 -0400] "GET /favicon.ico HTTP/1.1" 404 1251 "https://garantishell.com/" "Mozilla/5.0 (compatible)"
198.54.114.83 - - [15/Apr/2025:21:02:37 -0400] "POST /wp-cron.php?doing_wp_cron=1744765356.1312220096588134765625 HTTP/1.1" 200 0 "-" "WordPress/6.7.1; https://garantishell.com"
51.222.253.16 - - [15/Apr/2025:21:02:32 -0400] "GET /business-tripe-massage/ HTTP/1.1" 200 10093 "-" "Mozilla/5.0 (compatible; AhrefsBot/7.0; +http://ahrefs.com/robot/)"
198.54.114.83 - - [15/Apr/2025:21:02:41 -0400] "POST /wp-admin/admin-ajax.php?action=async_litespeed&nonce=IgfZ0CgvXc7t3OfPM642tGAbaBEsbYsZ&litespeed_type=imgoptm HTTP/1.1" 200 0 "-" "WordPress/6.7.1; https://garantishell.com"
198.54.114.83 - - [15/Apr/2025:21:04:27 -0400] "POST /wp-cron.php?doing_wp_cron=1744765466.6572599411010742187500 HTTP/1.1" 200 0 "-" "WordPress/6.7.1; https://garantishell.com"
52.164.203.137 - - [15/Apr/2025:21:04:22 -0400] "GET /autoload_classmap.php HTTP/1.1" 404 6868 "-" "-"
52.164.203.137 - - [15/Apr/2025:21:04:29 -0400] "GET /index.php HTTP/1.1" 301 0 "-" "-"
52.164.203.137 - - [15/Apr/2025:21:04:29 -0400] "GET / HTTP/1.1" 200 9272 "-" "-"
52.164.203.137 - - [15/Apr/2025:21:04:30 -0400] "GET /cgi-bin/xmrlpc.php HTTP/1.1" 404 6868 "-" "-"
52.164.203.137 - - [15/Apr/2025:21:04:32 -0400] "GET /404.php HTTP/1.1" 404 6868 "-" "-"
52.164.203.137 - - [15/Apr/2025:21:04:35 -0400] "GET /wp-configs.php HTTP/1.1" 404 6868 "-" "-"
51.222.253.11 - - [15/Apr/2025:21:04:35 -0400] "GET /lunivers-captivant-de-skyblock-minecraft/feed/ HTTP/1.1" 200 410 "-" "Mozilla/5.0 (compatible; AhrefsBot/7.0; +http://ahrefs.com/robot/)"
52.164.203.137 - - [15/Apr/2025:21:04:38 -0400] "GET /simple.php HTTP/1.1" 404 6868 "-" "-"
52.164.203.137 - - [15/Apr/2025:21:04:41 -0400] "GET /themes.php HTTP/1.1" 404 6867 "-" "-"
52.164.203.137 - - [15/Apr/2025:21:04:46 -0400] "GET /ini.php HTTP/1.1" 404 6867 "-" "-"
52.164.203.137 - - [15/Apr/2025:21:04:50 -0400] "GET /autoload_classmap.php HTTP/1.1" 404 6868 "-" "-"
52.164.203.137 - - [15/Apr/2025:21:04:53 -0400] "GET /as.php HTTP/1.1" 404 6867 "-" "-"
52.164.203.137 - - [15/Apr/2025:21:04:56 -0400] "GET /admin/upload/css.php HTTP/1.1" 404 6868 "-" "-"
52.164.203.137 - - [15/Apr/2025:21:04:59 -0400] "GET /.well-known/pki-validation/afnew.php HTTP/1.1" 404 1251 "-" "-"
52.164.203.137 - - [15/Apr/2025:21:05:00 -0400] "GET /lufix.php HTTP/1.1" 404 6868 "-" "-"
52.164.203.137 - - [15/Apr/2025:21:05:04 -0400] "GET /media.php HTTP/1.1" 404 6868 "-" "-"
52.164.203.137 - - [15/Apr/2025:21:05:09 -0400] "GET /simple.php HTTP/1.1" 404 6868 "-" "-"
52.164.203.137 - - [15/Apr/2025:21:05:12 -0400] "GET /contact.php HTTP/1.1" 404 6868 "-" "-"
52.164.203.137 - - [15/Apr/2025:21:05:17 -0400] "GET /byp.php HTTP/1.1" 404 6868 "-" "-"
52.164.203.137 - - [15/Apr/2025:21:05:24 -0400] "GET /upload.php HTTP/1.1" 404 6868 "-" "-"
198.54.114.83 - - [15/Apr/2025:21:05:31 -0400] "POST /wp-cron.php?doing_wp_cron=1744765529.6614789962768554687500 HTTP/1.1" 200 0 "-" "WordPress/6.7.1; https://garantishell.com"
52.164.203.137 - - [15/Apr/2025:21:05:29 -0400] "GET /wp-content/themes/sketch/404.php HTTP/1.1" 404 6868 "-" "-"
52.164.203.137 - - [15/Apr/2025:21:05:35 -0400] "GET /test.php HTTP/1.1" 404 6868 "-" "-"
52.164.203.137 - - [15/Apr/2025:21:05:41 -0400] "GET /cong.php HTTP/1.1" 404 6868 "-" "-"
52.164.203.137 - - [15/Apr/2025:21:05:46 -0400] "GET /about/function.php HTTP/1.1" 404 6868 "-" "-"
52.164.203.137 - - [15/Apr/2025:21:05:49 -0400] "GET /filemanager/dialog.php HTTP/1.1" 404 6868 "-" "-"
52.164.203.137 - - [15/Apr/2025:21:05:54 -0400] "GET /bak.php HTTP/1.1" 404 6868 "-" "-"
66.249.66.41 - - [15/Apr/2025:21:05:57 -0400] "GET /balancing-work-and-life/feed/ HTTP/1.1" 200 392 "-" "Mozilla/5.0 (Linux; Android 6.0.1; Nexus 5X Build/MMB29P) AppleWebKit/537.36 (KHTML, like Gecko) Chrome/135.0.7049.84 Mobile Safari/537.36 (compatible; GoogleOther)"
52.164.203.137 - - [15/Apr/2025:21:05:59 -0400] "GET /wp-info.php HTTP/1.1" 404 6868 "-" "-"
52.164.203.137 - - [15/Apr/2025:21:06:02 -0400] "GET /files/index.php HTTP/1.1" 301 0 "-" "-"
52.164.203.137 - - [15/Apr/2025:21:06:05 -0400] "GET /files/ HTTP/1.1" 404 6868 "-" "-"
52.164.203.137 - - [15/Apr/2025:21:06:10 -0400] "GET /css.php HTTP/1.1" 404 6868 "-" "-"
89.144.145.213 - - [15/Apr/2025:21:06:12 -0400] "POST /wp-login.php HTTP/1.1" 200 1862 "https://garantishell.com" "Mozilla/5.0 (Windows NT 11.0; Win64; x64; rv:126.0) Gecko/20100101 Firefox/126.0"
52.164.203.137 - - [15/Apr/2025:21:06:13 -0400] "GET /css/index.php HTTP/1.1" 301 0 "-" "-"
52.164.203.137 - - [15/Apr/2025:21:06:16 -0400] "GET /css/ HTTP/1.1" 404 6868 "-" "-"
52.164.203.137 - - [15/Apr/2025:21:06:20 -0400] "GET /wp-includes/bak.php HTTP/1.1" 404 6868 "-" "-"
52.164.203.137 - - [15/Apr/2025:21:06:25 -0400] "GET /alfa-rex.php7 HTTP/1.1" 404 6868 "-" "-"
51.222.253.3 - - [15/Apr/2025:21:06:31 -0400] "GET /navigating-the-realm-of-online-betting-an-insightful-overview/ HTTP/1.1" 200 11474 "-" "Mozilla/5.0 (compatible; AhrefsBot/7.0; +http://ahrefs.com/robot/)"
52.164.203.137 - - [15/Apr/2025:21:06:31 -0400] "GET /wp-admin/wp-login.php HTTP/1.1" 404 6868 "-" "-"
198.54.114.83 - - [15/Apr/2025:21:06:34 -0400] "POST /wp-cron.php?doing_wp_cron=1744765592.0616691112518310546875 HTTP/1.1" 200 0 "-" "WordPress/6.7.1; https://garantishell.com"
52.164.203.137 - - [15/Apr/2025:21:06:37 -0400] "GET /wp-includes/cloud.php HTTP/1.1" 404 6868 "-" "-"
52.164.203.137 - - [15/Apr/2025:21:06:40 -0400] "GET /wp-content/index.php HTTP/1.1" 200 0 "-" "-"
52.164.203.137 - - [15/Apr/2025:21:06:43 -0400] "GET /readme.php HTTP/1.1" 404 6867 "-" "-"
52.164.203.137 - - [15/Apr/2025:21:06:46 -0400] "GET /wp-admin/about.php HTTP/1.1" 302 0 "-" "-"
52.164.203.137 - - [15/Apr/2025:21:06:49 -0400] "GET /wp-login.php?redirect_to=https%3A%2F%2Fgarantishell.com%2Fwp-admin%2Fabout.php&reauth=1 HTTP/1.1" 200 1747 "-" "-"
52.164.203.137 - - [15/Apr/2025:21:06:51 -0400] "GET /wp-content/themes/404.php HTTP/1.1" 404 6868 "-" "-"
52.164.203.137 - - [15/Apr/2025:21:06:55 -0400] "GET /wp-admin/index.php HTTP/1.1" 302 0 "-" "-"
52.164.203.137 - - [15/Apr/2025:21:06:57 -0400] "GET /wp-login.php?redirect_to=https%3A%2F%2Fgarantishell.com%2Fwp-admin%2Findex.php&reauth=1 HTTP/1.1" 200 1748 "-" "-"
52.164.203.137 - - [15/Apr/2025:21:06:59 -0400] "GET /wp-content/themes.php HTTP/1.1" 404 6868 "-" "-"
52.164.203.137 - - [15/Apr/2025:21:07:02 -0400] "GET /wp-content/dropdown.php HTTP/1.1" 404 6868 "-" "-"
52.164.203.137 - - [15/Apr/2025:21:07:04 -0400] "GET /wp-includes/404.php HTTP/1.1" 404 6868 "-" "-"
43.153.123.4 - - [15/Apr/2025:21:07:07 -0400] "GET /category/beauty/ HTTP/1.1" 200 7820 "-" "Mozilla/5.0 (iPhone; CPU iPhone OS 13_2_3 like Mac OS X) AppleWebKit/605.1.15 (KHTML, like Gecko) Version/13.0.3 Mobile/15E148 Safari/604.1"
52.164.203.137 - - [15/Apr/2025:21:07:07 -0400] "GET /wp-content/upgrade/index.php HTTP/1.1" 301 0 "-" "-"
52.164.203.137 - - [15/Apr/2025:21:07:09 -0400] "GET /wp-content/upgrade/ HTTP/1.1" 403 1242 "-" "-"
52.164.203.137 - - [15/Apr/2025:21:07:12 -0400] "GET /cgi-bin/file.php HTTP/1.1" 404 6868 "-" "-"
52.164.203.137 - - [15/Apr/2025:21:07:14 -0400] "GET /.well-known/index.php HTTP/1.1" 301 0 "-" "-"
52.164.203.137 - - [15/Apr/2025:21:07:17 -0400] "GET /.well-known/ HTTP/1.1" 403 1242 "-" "-"
52.164.203.137 - - [15/Apr/2025:21:07:20 -0400] "GET /wp-content/cloud.php HTTP/1.1" 404 6868 "-" "-"
52.164.203.137 - - [15/Apr/2025:21:07:23 -0400] "GET /.well-known/acme-challenge/index.php HTTP/1.1" 301 0 "-" "-"
52.164.203.137 - - [15/Apr/2025:21:07:24 -0400] "GET /.well-known/acme-challenge/ HTTP/1.1" 404 6868 "-" "-"
52.164.203.137 - - [15/Apr/2025:21:07:28 -0400] "GET /cgi-bin/404.php HTTP/1.1" 404 6868 "-" "-"
52.164.203.137 - - [15/Apr/2025:21:07:31 -0400] "GET /wp-includes/function.php HTTP/1.1" 404 6868 "-" "-"
198.54.114.83 - - [15/Apr/2025:21:07:35 -0400] "POST /wp-cron.php?doing_wp_cron=1744765654.8874471187591552734375 HTTP/1.1" 200 0 "-" "WordPress/6.7.1; https://garantishell.com"
52.164.203.137 - - [15/Apr/2025:21:07:34 -0400] "GET /file.php HTTP/1.1" 404 6868 "-" "-"
198.54.114.83 - - [15/Apr/2025:21:07:38 -0400] "POST /wp-admin/admin-ajax.php?action=async_litespeed&nonce=yIYGHWwSUwP0RgLQcYpc5wYJi6HEErrt&litespeed_type=imgoptm HTTP/1.1" 200 0 "-" "WordPress/6.7.1; https://garantishell.com"
52.164.203.137 - - [15/Apr/2025:21:07:42 -0400] "GET /.well-known/acme-challenge/autoload_classmap.php HTTP/1.1" 404 6868 "-" "-"
52.164.203.137 - - [15/Apr/2025:21:07:46 -0400] "GET /wp-includes/themes.php HTTP/1.1" 404 6868 "-" "-"
52.164.203.137 - - [15/Apr/2025:21:07:50 -0400] "GET /wp-includes/wp-login.php HTTP/1.1" 404 6868 "-" "-"
52.164.203.137 - - [15/Apr/2025:21:07:53 -0400] "GET /wp-content/file.php HTTP/1.1" 404 6868 "-" "-"
52.164.203.137 - - [15/Apr/2025:21:07:57 -0400] "GET /wp-trackback.php HTTP/1.1" 404 91 "-" "-"
52.164.203.137 - - [15/Apr/2025:21:07:59 -0400] "GET /wp-includes/SimplePie/wp-login.php HTTP/1.1" 404 6868 "-" "-"
52.164.203.137 - - [15/Apr/2025:21:08:05 -0400] "GET /cgi-bin/index.php HTTP/1.1" 404 1251 "-" "-"
52.164.203.137 - - [15/Apr/2025:21:08:09 -0400] "GET /wp-admin/themes.php HTTP/1.1" 302 0 "-" "-"
52.164.203.137 - - [15/Apr/2025:21:08:11 -0400] "GET /wp-login.php?redirect_to=https%3A%2F%2Fgarantishell.com%2Fwp-admin%2Fthemes.php&reauth=1 HTTP/1.1" 200 1743 "-" "-"
52.164.203.137 - - [15/Apr/2025:21:08:14 -0400] "GET /.well-known/cloud.php HTTP/1.1" 404 6868 "-" "-"
198.54.114.83 - - [15/Apr/2025:21:08:19 -0400] "POST /wp-cron.php?doing_wp_cron=1744765698.3883240222930908203125 HTTP/1.1" 200 0 "-" "WordPress/6.7.1; https://garantishell.com"
52.164.203.137 - - [15/Apr/2025:21:08:17 -0400] "GET /.well-known/wp-load.php HTTP/1.1" 404 6868 "-" "-"
198.54.114.83 - - [15/Apr/2025:21:08:20 -0400] "POST /wp-admin/admin-ajax.php?action=async_litespeed&nonce=Tb4aTKHmMoFMVLtjrWo1eJ2hv3paHGrj&litespeed_type=imgoptm HTTP/1.1" 200 0 "-" "WordPress/6.7.1; https://garantishell.com"
52.164.203.137 - - [15/Apr/2025:21:08:22 -0400] "GET /.well-known/file.php HTTP/1.1" 404 6868 "-" "-"
52.164.203.137 - - [15/Apr/2025:21:08:26 -0400] "GET /.well-known/makeasmtp.php HTTP/1.1" 404 6868 "-" "-"
52.164.203.137 - - [15/Apr/2025:21:08:28 -0400] "GET /wp-includes/index.php HTTP/1.1" 301 0 "-" "-"
52.164.203.137 - - [15/Apr/2025:21:08:29 -0400] "GET /wp-includes/ HTTP/1.1" 403 1242 "-" "-"
52.164.203.137 - - [15/Apr/2025:21:08:30 -0400] "GET /.well-known/acme-challenge/admin.php HTTP/1.1" 404 6868 "-" "-"
51.222.253.4 - - [15/Apr/2025:21:08:39 -0400] "GET /proteger-votre-entreprise-guide-complet-sur-les-assurances-professionnelles/ HTTP/1.1" 200 10600 "-" "Mozilla/5.0 (compatible; AhrefsBot/7.0; +http://ahrefs.com/robot/)"
52.164.203.137 - - [15/Apr/2025:21:08:38 -0400] "GET /wp-admin/404.php HTTP/1.1" 404 6868 "-" "-"
52.164.203.137 - - [15/Apr/2025:21:08:41 -0400] "GET /.well-known/acme-challenge/makeasmtp.php HTTP/1.1" 404 6868 "-" "-"
52.164.203.137 - - [15/Apr/2025:21:08:46 -0400] "GET /radio.php HTTP/1.1" 404 6868 "-" "-"
52.164.203.137 - - [15/Apr/2025:21:08:51 -0400] "GET /wp-content/themes/index.php HTTP/1.1" 200 0 "-" "-"
52.164.203.137 - - [15/Apr/2025:21:08:52 -0400] "GET /wp-includes/admin.php HTTP/1.1" 404 6868 "-" "-"
52.164.203.137 - - [15/Apr/2025:21:08:57 -0400] "GET /wp-includes/system_log.php?p= HTTP/1.1" 301 0 "-" "-"
52.164.203.137 - - [15/Apr/2025:21:08:59 -0400] "GET /wp-includes/system_log.php HTTP/1.1" 404 6868 "-" "-"
52.164.203.137 - - [15/Apr/2025:21:09:02 -0400] "GET /wp-includes/wp-activate.php HTTP/1.1" 404 6868 "-" "-"
52.164.203.137 - - [15/Apr/2025:21:09:06 -0400] "GET /wp-includes/makeasmtp.php HTTP/1.1" 404 6868 "-" "-"
52.164.203.137 - - [15/Apr/2025:21:09:09 -0400] "GET /wp-admin/user/index.php HTTP/1.1" 302 0 "-" "-"
52.164.203.137 - - [15/Apr/2025:21:09:11 -0400] "GET /wp-login.php?redirect_to=https%3A%2F%2Fgarantishell.com%2Fwp-admin%2Fuser%2Findex.php&reauth=1 HTTP/1.1" 200 1743 "-" "-"
52.164.203.137 - - [15/Apr/2025:21:09:15 -0400] "GET /link.php HTTP/1.1" 404 6868 "-" "-"
52.164.203.137 - - [15/Apr/2025:21:09:19 -0400] "GET /wp-content/autoload_classmap.php HTTP/1.1" 404 6868 "-" "-"
198.54.114.83 - - [15/Apr/2025:21:09:21 -0400] "POST /wp-cron.php?doing_wp_cron=1744765759.8639180660247802734375 HTTP/1.1" 200 0 "-" "WordPress/6.7.1; https://garantishell.com"
52.164.203.137 - - [15/Apr/2025:21:09:23 -0400] "GET /cgi-bin/themes.php HTTP/1.1" 404 6868 "-" "-"
52.164.203.137 - - [15/Apr/2025:21:09:26 -0400] "GET /wp-content/themes/admin.php HTTP/1.1" 404 6868 "-" "-"
52.164.203.137 - - [15/Apr/2025:21:09:30 -0400] "GET /wp-admin/css/wp-login.php HTTP/1.1" 404 6868 "-" "-"
52.164.203.137 - - [15/Apr/2025:21:09:34 -0400] "GET /function.php HTTP/1.1" 404 6868 "-" "-"
52.164.203.137 - - [15/Apr/2025:21:09:37 -0400] "GET /wp-admin/images/wp-login.php HTTP/1.1" 404 6868 "-" "-"
52.164.203.137 - - [15/Apr/2025:21:09:41 -0400] "GET /log.php HTTP/1.1" 404 6868 "-" "-"
52.164.203.137 - - [15/Apr/2025:21:09:43 -0400] "GET /wp-admin/wp-signup.php HTTP/1.1" 404 6868 "-" "-"
52.164.203.137 - - [15/Apr/2025:21:09:46 -0400] "GET /wp-content/themes/themes.php HTTP/1.1" 404 6868 "-" "-"
52.164.203.137 - - [15/Apr/2025:21:09:50 -0400] "GET /.well-known/radio.php HTTP/1.1" 404 6868 "-" "-"
52.164.203.137 - - [15/Apr/2025:21:09:53 -0400] "GET /wp-mail.php HTTP/1.1" 403 958 "-" "-"
52.164.203.137 - - [15/Apr/2025:21:09:55 -0400] "GET /.well-known/pki-validation/index.php HTTP/1.1" 404 1251 "-" "-"
52.164.203.137 - - [15/Apr/2025:21:09:59 -0400] "GET /.well-known/admin.php HTTP/1.1" 404 6868 "-" "-"
52.164.203.137 - - [15/Apr/2025:21:10:08 -0400] "GET /cgi-bin/wp-login.php HTTP/1.1" 404 6868 "-" "-"
52.164.203.137 - - [15/Apr/2025:21:10:12 -0400] "GET /wp-links-opml.php HTTP/1.1" 200 157 "-" "-"
124.243.176.35 - - [15/Apr/2025:21:10:18 -0400] "GET /des-bannieres-publicitaires-abordables/ HTTP/1.1" 200 10636 "https://garantishell.com/des-bannieres-publicitaires-abordables/#primary" "Mozilla/5.0 (Windows NT 10.0; Win64; x64) AppleWebKit/537.36 (KHTML, like Gecko) Chrome/101.0.4951.64 Safari/537.36 Edg/101.0.1210.47"
52.164.203.137 - - [15/Apr/2025:21:10:18 -0400] "GET /.well-known/acme-challenge/radio.php HTTP/1.1" 404 6868 "-" "-"
52.164.203.137 - - [15/Apr/2025:21:10:23 -0400] "GET /wp-admin/images/file.php HTTP/1.1" 404 6868 "-" "-"
198.54.114.83 - - [15/Apr/2025:21:10:26 -0400] "POST /wp-cron.php?doing_wp_cron=1744765824.1782069206237792968750 HTTP/1.1" 200 0 "-" "WordPress/6.7.1; https://garantishell.com"
52.164.203.137 - - [15/Apr/2025:21:10:29 -0400] "GET /wp-content/upgrade/function.php HTTP/1.1" 404 6868 "-" "-"
52.164.203.137 - - [15/Apr/2025:21:10:33 -0400] "GET /wp-admin/user/themes.php HTTP/1.1" 404 6868 "-" "-"
52.164.203.137 - - [15/Apr/2025:21:10:37 -0400] "GET /cgi-bin/radio.php HTTP/1.1" 404 6868 "-" "-"
52.164.203.137 - - [15/Apr/2025:21:10:39 -0400] "GET /wp-admin/css/license.php HTTP/1.1" 404 6868 "-" "-"
52.164.203.137 - - [15/Apr/2025:21:10:42 -0400] "GET /wp-content/radio.php HTTP/1.1" 404 6868 "-" "-"
51.222.253.6 - - [15/Apr/2025:21:10:46 -0400] "GET /the-art-of-massage-healing/feed/ HTTP/1.1" 200 392 "-" "Mozilla/5.0 (compatible; AhrefsBot/7.0; +http://ahrefs.com/robot/)"
52.164.203.137 - - [15/Apr/2025:21:10:46 -0400] "GET /wp-content/plugins/about.php HTTP/1.1" 404 6868 "-" "-"
52.164.203.137 - - [15/Apr/2025:21:10:49 -0400] "GET /wp-admin/autoload_classmap.php HTTP/1.1" 404 6868 "-" "-"
52.164.203.137 - - [15/Apr/2025:21:10:52 -0400] "GET /.well-known/wp-login.php HTTP/1.1" 404 6868 "-" "-"
52.164.203.137 - - [15/Apr/2025:21:10:56 -0400] "GET /wp-includes/wp-load.php HTTP/1.1" 404 6868 "-" "-"
52.164.203.137 - - [15/Apr/2025:21:11:00 -0400] "GET /wp-admin/file.php HTTP/1.1" 404 6868 "-" "-"
52.164.203.137 - - [15/Apr/2025:21:11:05 -0400] "GET /.well-known/dropdown.php HTTP/1.1" 404 6868 "-" "-"
52.164.203.137 - - [15/Apr/2025:21:11:10 -0400] "GET /wp-content/plugins/dropdown.php HTTP/1.1" 404 6868 "-" "-"
52.164.203.137 - - [15/Apr/2025:21:11:18 -0400] "GET /wp-admin/includes/index.php HTTP/1.1" 301 0 "-" "-"
52.164.203.137 - - [15/Apr/2025:21:11:19 -0400] "GET /wp-admin/includes/ HTTP/1.1" 403 1242 "-" "-"
52.164.203.137 - - [15/Apr/2025:21:11:22 -0400] "GET /wp-signup.php HTTP/1.1" 302 0 "-" "-"
52.164.203.137 - - [15/Apr/2025:21:11:25 -0400] "GET /wp-login.php?action=register HTTP/1.1" 302 0 "-" "-"
198.54.114.83 - - [15/Apr/2025:21:11:26 -0400] "POST /wp-cron.php?doing_wp_cron=1744765885.4599099159240722656250 HTTP/1.1" 200 0 "-" "WordPress/6.7.1; https://garantishell.com"
52.164.203.137 - - [15/Apr/2025:21:11:28 -0400] "GET /wp-login.php?registration=disabled HTTP/1.1" 200 1801 "-" "-"
52.164.203.137 - - [15/Apr/2025:21:11:31 -0400] "GET /wp-includes/images/css.php HTTP/1.1" 404 6868 "-" "-"
52.164.203.137 - - [15/Apr/2025:21:11:35 -0400] "GET /chosen.php HTTP/1.1" 404 6868 "-" "-"
52.164.203.137 - - [15/Apr/2025:21:11:41 -0400] "GET /wp-content/cong.php HTTP/1.1" 404 6868 "-" "-"
52.164.203.137 - - [15/Apr/2025:21:11:45 -0400] "GET /mah.php HTTP/1.1" 404 6868 "-" "-"
52.164.203.137 - - [15/Apr/2025:21:11:48 -0400] "GET /.well-known/acme-challenge/plugins.php HTTP/1.1" 404 6868 "-" "-"
52.164.203.137 - - [15/Apr/2025:21:11:52 -0400] "GET /ova-tools.php HTTP/1.1" 404 6868 "-" "-"
52.164.203.137 - - [15/Apr/2025:21:11:57 -0400] "GET /wp-includes/Requests/about.php HTTP/1.1" 404 6868 "-" "-"
52.164.203.137 - - [15/Apr/2025:21:11:59 -0400] "GET /wp-includes/style-engine/about.php HTTP/1.1" 404 6868 "-" "-"
52.164.203.137 - - [15/Apr/2025:21:12:02 -0400] "GET /wp-includes/rest-api/about.php HTTP/1.1" 404 6868 "-" "-"
52.164.203.137 - - [15/Apr/2025:21:12:08 -0400] "GET /wp-includes/SimplePie/about.php HTTP/1.1" 404 6868 "-" "-"
52.164.203.137 - - [15/Apr/2025:21:12:11 -0400] "GET /wp-content/banners/about.php HTTP/1.1" 404 6868 "-" "-"
52.164.203.137 - - [15/Apr/2025:21:12:14 -0400] "GET /wp-admin/license.php HTTP/1.1" 404 6868 "-" "-"
52.164.203.137 - - [15/Apr/2025:21:12:20 -0400] "GET /wp-content/about.php HTTP/1.1" 404 6868 "-" "-"
198.54.114.83 - - [15/Apr/2025:21:12:26 -0400] "POST /wp-cron.php?doing_wp_cron=1744765945.8456261157989501953125 HTTP/1.1" 200 0 "-" "WordPress/6.7.1; https://garantishell.com"
52.164.203.137 - - [15/Apr/2025:21:12:25 -0400] "GET /.well-known/about.php HTTP/1.1" 404 6868 "-" "-"
198.54.114.83 - - [15/Apr/2025:21:12:28 -0400] "POST /wp-admin/admin-ajax.php?action=async_litespeed&nonce=mtLFWpM9LWi98mX6E6KFkXxUO8wUYtSF&litespeed_type=imgoptm HTTP/1.1" 200 0 "-" "WordPress/6.7.1; https://garantishell.com"
52.164.203.137 - - [15/Apr/2025:21:12:31 -0400] "GET /wp-includes/Text/about.php HTTP/1.1" 404 6868 "-" "-"
52.164.203.137 - - [15/Apr/2025:21:12:38 -0400] "GET /wp-includes/ID3/about.php HTTP/1.1" 404 6868 "-" "-"
52.164.203.137 - - [15/Apr/2025:21:12:44 -0400] "GET /img/about.php HTTP/1.1" 404 6868 "-" "-"
52.164.203.137 - - [15/Apr/2025:21:12:49 -0400] "GET /wp-content/languages/about.php HTTP/1.1" 404 6868 "-" "-"
52.164.203.137 - - [15/Apr/2025:21:12:54 -0400] "GET /wp-includes/customize/about.php HTTP/1.1" 404 6868 "-" "-"
51.222.253.20 - - [15/Apr/2025:21:12:58 -0400] "GET /the-benefits-of-culture-gift-certificate-discounts/ HTTP/1.1" 200 10264 "-" "Mozilla/5.0 (compatible; AhrefsBot/7.0; +http://ahrefs.com/robot/)"
52.164.203.137 - - [15/Apr/2025:21:13:00 -0400] "GET /wp-includes.bak/html-api/about.php HTTP/1.1" 404 6868 "-" "-"
52.164.203.137 - - [15/Apr/2025:21:13:06 -0400] "GET /wp-includes/widgets/about.php HTTP/1.1" 404 6868 "-" "-"
52.164.203.137 - - [15/Apr/2025:21:13:11 -0400] "GET /wp-includes/IXR/about.php HTTP/1.1" 404 6868 "-" "-"
52.164.203.137 - - [15/Apr/2025:21:13:16 -0400] "GET /wp-admin/js/about.php HTTP/1.1" 404 6868 "-" "-"
52.164.203.137 - - [15/Apr/2025:21:13:21 -0400] "GET /.well-known/pki-validation/about.php HTTP/1.1" 404 1251 "-" "-"
85.208.96.195 - - [15/Apr/2025:21:13:21 -0400] "GET /robots.txt HTTP/1.1" 304 0 "-" "Mozilla/5.0 (compatible; SemrushBot/7~bl; +http://www.semrush.com/bot.html)"
101.32.208.70 - - [15/Apr/2025:21:13:20 -0400] "GET /category/gaming/ HTTP/1.1" 200 8218 "-" "Mozilla/5.0 (iPhone; CPU iPhone OS 13_2_3 like Mac OS X) AppleWebKit/605.1.15 (KHTML, like Gecko) Version/13.0.3 Mobile/15E148 Safari/604.1"
198.54.114.83 - - [15/Apr/2025:21:13:24 -0400] "POST /wp-cron.php?doing_wp_cron=1744766000.9615240097045898437500 HTTP/1.1" 200 0 "-" "WordPress/6.7.1; https://garantishell.com"
185.191.171.1 - - [15/Apr/2025:21:13:24 -0400] "GET /revitalize-your-business-trip-the-benefits-of-massage/ HTTP/1.1" 200 10209 "-" "Mozilla/5.0 (compatible; SemrushBot/7~bl; +http://www.semrush.com/bot.html)"
52.164.203.137 - - [15/Apr/2025:21:13:25 -0400] "GET /wp-includes/pomo/about.php HTTP/1.1" 404 6868 "-" "-"
52.164.203.137 - - [15/Apr/2025:21:13:31 -0400] "GET /wp-includes/block-patterns/about.php HTTP/1.1" 404 6868 "-" "-"
52.164.203.137 - - [15/Apr/2025:21:13:34 -0400] "GET /wp-content/updraft/about.php HTTP/1.1" 404 6868 "-" "-"
52.164.203.137 - - [15/Apr/2025:21:13:38 -0400] "GET /wp-content/upgrade-temp-backup/about.php HTTP/1.1" 404 6868 "-" "-"
52.164.203.137 - - [15/Apr/2025:21:13:41 -0400] "GET /wp-content/themes/about.php HTTP/1.1" 404 6868 "-" "-"
52.164.203.137 - - [15/Apr/2025:21:13:44 -0400] "GET /wp-admin/includes/about.php HTTP/1.1" 404 6868 "-" "-"
52.164.203.137 - - [15/Apr/2025:21:13:47 -0400] "GET /images/about.php HTTP/1.1" 404 6868 "-" "-"
52.164.203.137 - - [15/Apr/2025:21:13:51 -0400] "GET /wp-content/blogs.dir/about.php HTTP/1.1" 404 6868 "-" "-"
52.164.203.137 - - [15/Apr/2025:21:13:56 -0400] "GET /wp-includes/images/about.php HTTP/1.1" 404 6868 "-" "-"
52.164.203.137 - - [15/Apr/2025:21:14:00 -0400] "GET /wp-includes/about.php HTTP/1.1" 404 6868 "-" "-"
52.164.203.137 - - [15/Apr/2025:21:14:04 -0400] "GET /cgi-bin/about.php HTTP/1.1" 404 6868 "-" "-"
52.164.203.137 - - [15/Apr/2025:21:14:08 -0400] "GET /wp-content/gallery/about.php HTTP/1.1" 404 6868 "-" "-"
52.164.203.137 - - [15/Apr/2025:21:14:12 -0400] "GET /wp-includes/blocks/about.php HTTP/1.1" 404 6868 "-" "-"
52.164.203.137 - - [15/Apr/2025:21:14:14 -0400] "GET /wp-admin/css/about.php HTTP/1.1" 404 6868 "-" "-"
52.164.203.137 - - [15/Apr/2025:21:14:18 -0400] "GET /wp-admin/images/about.php HTTP/1.1" 404 6868 "-" "-"
52.164.203.137 - - [15/Apr/2025:21:14:21 -0400] "GET /.well-known/pki-validation/cloud.php HTTP/1.1" 404 1251 "-" "-"
198.54.114.83 - - [15/Apr/2025:21:14:25 -0400] "POST /wp-cron.php?doing_wp_cron=1744766064.3854489326477050781250 HTTP/1.1" 200 0 "-" "WordPress/6.7.1; https://garantishell.com"
52.164.203.137 - - [15/Apr/2025:21:14:24 -0400] "GET /.well-known/acme-challenge/cloud.php HTTP/1.1" 404 6868 "-" "-"
86.109.170.96 - - [15/Apr/2025:21:14:28 -0400] "GET /wp-login.php HTTP/1.1" 200 1735 "-" "GRequests/0.10"
52.164.203.137 - - [15/Apr/2025:21:14:30 -0400] "GET /wp-admin/network/cloud.php HTTP/1.1" 404 6868 "-" "-"
86.109.170.96 - - [15/Apr/2025:21:14:31 -0400] "POST /wp-login.php HTTP/1.1" 200 1868 "-" "GRequests/0.10"
52.164.203.137 - - [15/Apr/2025:21:14:34 -0400] "GET /cloud.php HTTP/1.1" 404 6868 "-" "-"
52.164.203.137 - - [15/Apr/2025:21:14:38 -0400] "GET /cgi-bin/cloud.php HTTP/1.1" 404 6868 "-" "-"
52.164.203.137 - - [15/Apr/2025:21:14:44 -0400] "GET /wp-content/updates.php HTTP/1.1" 404 6867 "-" "-"
52.164.203.137 - - [15/Apr/2025:21:14:48 -0400] "GET /css/cloud.php HTTP/1.1" 404 6867 "-" "-"
52.164.203.137 - - [15/Apr/2025:21:14:52 -0400] "GET /wp-admin/user/cloud.php HTTP/1.1" 404 6868 "-" "-"
52.164.203.137 - - [15/Apr/2025:21:14:56 -0400] "GET /img/cloud.php HTTP/1.1" 404 6868 "-" "-"
52.164.203.137 - - [15/Apr/2025:21:14:59 -0400] "GET /wp-admin/css/colors/coffee/cloud.php HTTP/1.1" 404 6868 "-" "-"
52.164.203.137 - - [15/Apr/2025:21:15:05 -0400] "GET /wp-admin/images/cloud.php HTTP/1.1" 404 6868 "-" "-"
52.164.203.137 - - [15/Apr/2025:21:15:13 -0400] "GET /avaa.php HTTP/1.1" 404 6868 "-" "-"
51.222.253.1 - - [15/Apr/2025:21:15:18 -0400] "GET /hypnotherapy-in-singapore-unlocking-potential-for-healing-and-growth/ HTTP/1.1" 200 10393 "-" "Mozilla/5.0 (compatible; AhrefsBot/7.0; +http://ahrefs.com/robot/)"
52.164.203.137 - - [15/Apr/2025:21:15:16 -0400] "GET /images/cloud.php HTTP/1.1" 404 6868 "-" "-"
52.164.203.137 - - [15/Apr/2025:21:15:21 -0400] "GET /wp-admin/js/widgets/cloud.php HTTP/1.1" 404 6868 "-" "-"
198.54.114.83 - - [15/Apr/2025:21:15:28 -0400] "POST /wp-cron.php?doing_wp_cron=1744766127.7395548820495605468750 HTTP/1.1" 200 0 "-" "WordPress/6.7.1; https://garantishell.com"
52.164.203.137 - - [15/Apr/2025:21:15:26 -0400] "GET /wp-includes/Requests/Text/admin.php HTTP/1.1" 404 6868 "-" "-"
52.164.203.137 - - [15/Apr/2025:21:15:29 -0400] "GET /wp-admin/css/colors/cloud.php HTTP/1.1" 404 6868 "-" "-"
198.54.114.83 - - [15/Apr/2025:21:15:32 -0400] "POST /wp-admin/admin-ajax.php?action=async_litespeed&nonce=oRkluPf23lKI6uTUu9fXt15HHjTd79f1&litespeed_type=imgoptm HTTP/1.1" 200 0 "-" "WordPress/6.7.1; https://garantishell.com"
52.164.203.137 - - [15/Apr/2025:21:15:32 -0400] "GET /wp-admin/includes/cloud.php HTTP/1.1" 404 6868 "-" "-"
52.164.203.137 - - [15/Apr/2025:21:15:34 -0400] "GET /wp-admin/css/colors/blue/cloud.php HTTP/1.1" 404 6868 "-" "-"
52.164.203.137 - - [15/Apr/2025:21:15:40 -0400] "GET /wp-admin/cloud.php HTTP/1.1" 404 6868 "-" "-"
52.164.203.137 - - [15/Apr/2025:21:15:46 -0400] "GET /updates.php HTTP/1.1" 404 6868 "-" "-"
52.164.203.137 - - [15/Apr/2025:21:15:55 -0400] "GET /libraries/legacy/updates.php HTTP/1.1" 404 6868 "-" "-"
52.164.203.137 - - [15/Apr/2025:21:15:58 -0400] "GET /libraries/phpmailer/updates.php HTTP/1.1" 404 6868 "-" "-"
52.164.203.137 - - [15/Apr/2025:21:16:07 -0400] "GET /libraries/vendor/updates.php HTTP/1.1" 404 6868 "-" "-"
52.164.203.137 - - [15/Apr/2025:21:16:15 -0400] "GET /alfa-rex.php7 HTTP/1.1" 404 6868 "-" "-"
198.54.114.83 - - [15/Apr/2025:21:16:25 -0400] "POST /wp-cron.php?doing_wp_cron=1744766182.6915509700775146484375 HTTP/1.1" 200 0 "-" "WordPress/6.7.1; https://garantishell.com"
52.164.203.137 - - [15/Apr/2025:21:16:22 -0400] "GET /alfanew.php HTTP/1.1" 404 6868 "-" "-"
52.164.203.137 - - [15/Apr/2025:21:16:31 -0400] "GET /wp-content/plugins/Cache/Cache.php HTTP/1.1" 404 6868 "-" "-"
52.164.203.137 - - [15/Apr/2025:21:16:37 -0400] "GET /wp-admin/js/widgets/about.php7 HTTP/1.1" 404 6868 "-" "-"
52.164.203.137 - - [15/Apr/2025:21:16:52 -0400] "GET /wp-p.php7 HTTP/1.1" 404 6868 "-" "-"
52.164.203.137 - - [15/Apr/2025:21:17:00 -0400] "GET /wp-admin/repeater.php HTTP/1.1" 404 6868 "-" "-"
52.164.203.137 - - [15/Apr/2025:21:17:05 -0400] "GET /wp-includes/repeater.php HTTP/1.1" 404 6868 "-" "-"
52.164.203.137 - - [15/Apr/2025:21:17:11 -0400] "GET /wp-content/repeater.php HTTP/1.1" 404 6868 "-" "-"
52.164.203.137 - - [15/Apr/2025:21:17:15 -0400] "GET /wsoyanz.php HTTP/1.1" 404 6868 "-" "-"
52.164.203.137 - - [15/Apr/2025:21:17:20 -0400] "GET /yanz.php HTTP/1.1" 404 6868 "-" "-"
198.54.114.83 - - [15/Apr/2025:21:17:24 -0400] "POST /wp-cron.php?doing_wp_cron=1744766243.3889100551605224609375 HTTP/1.1" 200 0 "-" "WordPress/6.7.1; https://garantishell.com"
52.164.203.137 - - [15/Apr/2025:21:17:22 -0400] "GET /wp-content/plugins/seoo/wsoyanz.php HTTP/1.1" 404 6868 "-" "-"
51.222.253.10 - - [15/Apr/2025:21:17:25 -0400] "GET /the-power-of-a-youtube-channel/ HTTP/1.1" 200 10522 "-" "Mozilla/5.0 (compatible; AhrefsBot/7.0; +http://ahrefs.com/robot/)"
52.164.203.137 - - [15/Apr/2025:21:17:26 -0400] "GET /wp-content/plugins/seoo/wsoyanz1.php HTTP/1.1" 404 6868 "-" "-"
52.164.203.137 - - [15/Apr/2025:21:17:31 -0400] "GET /cache-compat.php HTTP/1.1" 404 6868 "-" "-"
52.164.203.137 - - [15/Apr/2025:21:17:34 -0400] "GET /ajax-actions.php HTTP/1.1" 404 6868 "-" "-"
52.164.203.137 - - [15/Apr/2025:21:17:39 -0400] "GET /wp-admin/ajax-actions.php HTTP/1.1" 404 6868 "-" "-"
52.164.203.137 - - [15/Apr/2025:21:17:43 -0400] "GET /wp-consar.php HTTP/1.1" 404 6867 "-" "-"
217.77.13.56 - - [15/Apr/2025:21:17:48 -0400] "GET /2024/11/page/15/ HTTP/1.1" 200 9456 "-" "Mozilla/5.0 (compatible; MJ12bot/v1.4.8; http://mj12bot.com/)"
52.164.203.137 - - [15/Apr/2025:21:17:48 -0400] "GET /repeater.php HTTP/1.1" 404 6868 "-" "-"
52.164.203.137 - - [15/Apr/2025:21:17:52 -0400] "GET /admin-post.php HTTP/1.1" 404 6868 "-" "-"
217.77.13.56 - - [15/Apr/2025:21:17:52 -0400] "GET /2024/11/page/16/ HTTP/1.1" 200 9317 "-" "Mozilla/5.0 (compatible; MJ12bot/v1.4.8; http://mj12bot.com/)"
52.164.203.137 - - [15/Apr/2025:21:17:57 -0400] "GET /wp-admin/maint/maint/ajax-actions.php HTTP/1.1" 404 6868 "-" "-"
217.77.13.56 - - [15/Apr/2025:21:18:00 -0400] "GET /2024/11/page/17/ HTTP/1.1" 200 8939 "-" "Mozilla/5.0 (compatible; MJ12bot/v1.4.8; http://mj12bot.com/)"
52.164.203.137 - - [15/Apr/2025:21:18:01 -0400] "GET /wp-admin/dropdown.php HTTP/1.1" 404 6868 "-" "-"
217.77.13.56 - - [15/Apr/2025:21:18:04 -0400] "GET /category/arts-entertainments/page/15/ HTTP/1.1" 200 9656 "-" "Mozilla/5.0 (compatible; MJ12bot/v1.4.8; http://mj12bot.com/)"
52.164.203.137 - - [15/Apr/2025:21:18:06 -0400] "GET /wp-admin/css/index.php HTTP/1.1" 301 0 "-" "-"
217.77.13.56 - - [15/Apr/2025:21:18:07 -0400] "GET /category/arts-entertainments/page/16/ HTTP/1.1" 200 9287 "-" "Mozilla/5.0 (compatible; MJ12bot/v1.4.8; http://mj12bot.com/)"
52.164.203.137 - - [15/Apr/2025:21:18:09 -0400] "GET /wp-admin/css/ HTTP/1.1" 403 1242 "-" "-"
217.77.13.56 - - [15/Apr/2025:21:18:12 -0400] "GET /effektive-haushaltsauflosung-in-luneburg-ihr-zuverlassiger-partner/feed/ HTTP/1.1" 200 447 "-" "Mozilla/5.0 (compatible; MJ12bot/v1.4.8; http://mj12bot.com/)"
52.164.203.137 - - [15/Apr/2025:21:18:13 -0400] "GET /dropdown.php HTTP/1.1" 404 6868 "-" "-"
217.77.13.56 - - [15/Apr/2025:21:18:16 -0400] "GET /ihr-umzug-leicht-gemacht/feed/ HTTP/1.1" 200 388 "-" "Mozilla/5.0 (compatible; MJ12bot/v1.4.8; http://mj12bot.com/)"
52.164.203.137 - - [15/Apr/2025:21:18:16 -0400] "GET /about.php HTTP/1.1" 404 6868 "-" "-"
2a07:4283:100:442:250:56ff:fead:c737 - - [15/Apr/2025:21:18:17 -0400] "POST /wp-login.php HTTP/1.1" 200 1862 "https://garantishell.com" "Mozilla/5.0 (Macintosh; Intel Mac OS X 10_15_7) AppleWebKit/537.36 (KHTML, like Gecko) Chrome/126.0.0.0 Safari/537.36"
217.77.13.56 - - [15/Apr/2025:21:18:20 -0400] "GET /leading-the-way-the-best-china-fire-pump-manufacturer/feed/ HTTP/1.1" 200 433 "-" "Mozilla/5.0 (compatible; MJ12bot/v1.4.8; http://mj12bot.com/)"
52.164.203.137 - - [15/Apr/2025:21:18:21 -0400] "GET /about.php7 HTTP/1.1" 404 6868 "-" "-"
217.77.13.56 - - [15/Apr/2025:21:18:25 -0400] "GET /maximizing-performance-the-rise-of-cutting-edge-fitness-apparel/ HTTP/1.1" 200 10510 "-" "Mozilla/5.0 (compatible; MJ12bot/v1.4.8; http://mj12bot.com/)"
198.54.114.83 - - [15/Apr/2025:21:18:26 -0400] "POST /wp-cron.php?doing_wp_cron=1744766304.8540649414062500000000 HTTP/1.1" 200 0 "-" "WordPress/6.7.1; https://garantishell.com"
52.164.203.137 - - [15/Apr/2025:21:18:24 -0400] "GET /alfanew.php7 HTTP/1.1" 404 6868 "-" "-"
217.77.13.56 - - [15/Apr/2025:21:18:28 -0400] "GET /maximizing-performance-the-rise-of-cutting-edge-fitness-apparel/feed/ HTTP/1.1" 200 431 "-" "Mozilla/5.0 (compatible; MJ12bot/v1.4.8; http://mj12bot.com/)"
52.164.203.137 - - [15/Apr/2025:21:18:28 -0400] "GET /adminfuns.php7 HTTP/1.1" 404 6868 "-" "-"
217.77.13.56 - - [15/Apr/2025:21:18:32 -0400] "GET /maximizing-your-business-trip-the-importance-of-taking-time-for-a-massage/feed/ HTTP/1.1" 200 453 "-" "Mozilla/5.0 (compatible; MJ12bot/v1.4.8; http://mj12bot.com/)"
52.164.203.137 - - [15/Apr/2025:21:18:32 -0400] "GET /ebs.php7 HTTP/1.1" 404 6868 "-" "-"
52.164.203.137 - - [15/Apr/2025:21:18:37 -0400] "GET /ws.php7 HTTP/1.1" 404 6868 "-" "-"
217.77.13.56 - - [15/Apr/2025:21:18:38 -0400] "GET /page/4/ HTTP/1.1" 200 9778 "-" "Mozilla/5.0 (compatible; MJ12bot/v1.4.8; http://mj12bot.com/)"
52.164.203.137 - - [15/Apr/2025:21:18:39 -0400] "GET /alfanew2.php7 HTTP/1.1" 404 6868 "-" "-"
52.164.203.137 - - [15/Apr/2025:21:18:41 -0400] "GET /alfa-rex2.php7 HTTP/1.1" 404 6868 "-" "-"
217.77.13.56 - - [15/Apr/2025:21:18:42 -0400] "GET /page/5/ HTTP/1.1" 200 9902 "-" "Mozilla/5.0 (compatible; MJ12bot/v1.4.8; http://mj12bot.com/)"
52.164.203.137 - - [15/Apr/2025:21:18:44 -0400] "GET /wp-admin/images/index.php HTTP/1.1" 301 0 "-" "-"
52.164.203.137 - - [15/Apr/2025:21:18:45 -0400] "GET /wp-admin/images/ HTTP/1.1" 403 1242 "-" "-"
52.164.203.137 - - [15/Apr/2025:21:18:46 -0400] "GET /wp-admin/css/colors/index.php HTTP/1.1" 301 0 "-" "-"
217.77.13.56 - - [15/Apr/2025:21:18:46 -0400] "GET /professionelle-umzugsfirma-in-luneburg-ihr-partner-fur-einen-stressfreien-umzug/feed/ HTTP/1.1" 200 448 "-" "Mozilla/5.0 (compatible; MJ12bot/v1.4.8; http://mj12bot.com/)"
52.164.203.137 - - [15/Apr/2025:21:18:47 -0400] "GET /wp-admin/css/colors/ HTTP/1.1" 403 1242 "-" "-"
217.77.13.56 - - [15/Apr/2025:21:18:50 -0400] "GET /the-power-of-portable-fire-fighting-pumps/feed/ HTTP/1.1" 200 412 "-" "Mozilla/5.0 (compatible; MJ12bot/v1.4.8; http://mj12bot.com/)"
52.164.203.137 - - [15/Apr/2025:21:18:50 -0400] "GET /wp-content/themes/seotheme/mar.php HTTP/1.1" 404 6868 "-" "-"
52.164.203.137 - - [15/Apr/2025:21:18:52 -0400] "GET /wp-content/plugins/seoplugins/mar.php HTTP/1.1" 404 6868 "-" "-"
217.77.13.56 - - [15/Apr/2025:21:18:53 -0400] "GET /unlocking-opportunities-the-value-of-part-time-jobs/feed/ HTTP/1.1" 200 428 "-" "Mozilla/5.0 (compatible; MJ12bot/v1.4.8; http://mj12bot.com/)"
52.164.203.137 - - [15/Apr/2025:21:18:56 -0400] "GET /.well-known/pki-validation/xmrlpc.php?p= HTTP/1.1" 404 1251 "-" "-"
217.77.13.56 - - [15/Apr/2025:21:18:57 -0400] "GET /virtuals-receptionists/feed/ HTTP/1.1" 200 371 "-" "Mozilla/5.0 (compatible; MJ12bot/v1.4.8; http://mj12bot.com/)"
52.164.203.137 - - [15/Apr/2025:21:18:58 -0400] "GET /.well-known/acme-challenge/xmrlpc.php?p= HTTP/1.1" 301 0 "-" "-"
52.164.203.137 - - [15/Apr/2025:21:19:00 -0400] "GET /.well-known/acme-challenge/xmrlpc.php HTTP/1.1" 404 6868 "-" "-"
52.164.203.137 - - [15/Apr/2025:21:19:04 -0400] "GET /wp-admin/network/xmrlpc.php?p= HTTP/1.1" 301 0 "-" "-"
52.164.203.137 - - [15/Apr/2025:21:19:06 -0400] "GET /wp-admin/network/xmrlpc.php HTTP/1.1" 404 6868 "-" "-"
52.164.203.137 - - [15/Apr/2025:21:19:10 -0400] "GET /xmrlpc.php?p= HTTP/1.1" 301 0 "-" "-"
52.164.203.137 - - [15/Apr/2025:21:19:11 -0400] "GET /xmrlpc.php HTTP/1.1" 404 6868 "-" "-"
52.164.203.137 - - [15/Apr/2025:21:19:13 -0400] "GET /cgi-bin/xmrlpc.php?p= HTTP/1.1" 301 0 "-" "-"
52.164.203.137 - - [15/Apr/2025:21:19:15 -0400] "GET /cgi-bin/xmrlpc.php HTTP/1.1" 404 6868 "-" "-"
52.164.203.137 - - [15/Apr/2025:21:19:17 -0400] "GET /css/xmrlpc.php?p= HTTP/1.1" 301 0 "-" "-"
52.164.203.137 - - [15/Apr/2025:21:19:19 -0400] "GET /css/xmrlpc.php HTTP/1.1" 404 6868 "-" "-"
52.164.203.137 - - [15/Apr/2025:21:19:21 -0400] "GET /wp-admin/user/xmrlpc.php?p= HTTP/1.1" 301 0 "-" "-"
52.164.203.137 - - [15/Apr/2025:21:19:23 -0400] "GET /wp-admin/user/xmrlpc.php HTTP/1.1" 404 6868 "-" "-"
52.164.203.137 - - [15/Apr/2025:21:19:28 -0400] "GET /img/xmrlpc.php?p= HTTP/1.1" 301 0 "-" "-"
198.54.114.83 - - [15/Apr/2025:21:19:30 -0400] "POST /wp-cron.php?doing_wp_cron=1744766368.9950859546661376953125 HTTP/1.1" 200 0 "-" "WordPress/6.7.1; https://garantishell.com"
52.164.203.137 - - [15/Apr/2025:21:19:32 -0400] "GET /img/xmrlpc.php HTTP/1.1" 404 6868 "-" "-"
52.164.203.137 - - [15/Apr/2025:21:19:35 -0400] "GET /wp-admin/css/colors/coffee/xmrlpc.php?p= HTTP/1.1" 301 0 "-" "-"
52.164.203.137 - - [15/Apr/2025:21:19:37 -0400] "GET /wp-admin/css/colors/coffee/xmrlpc.php HTTP/1.1" 404 6868 "-" "-"
52.164.203.137 - - [15/Apr/2025:21:19:41 -0400] "GET /wp-admin/images/xmrlpc.php?p= HTTP/1.1" 301 0 "-" "-"
52.164.203.137 - - [15/Apr/2025:21:19:44 -0400] "GET /wp-admin/images/xmrlpc.php HTTP/1.1" 404 6868 "-" "-"
52.164.203.137 - - [15/Apr/2025:21:19:50 -0400] "GET /images/xmrlpc.php?p= HTTP/1.1" 301 0 "-" "-"
51.222.253.13 - - [15/Apr/2025:21:19:49 -0400] "GET /wp-sitemap.xml HTTP/1.1" 200 193 "-" "Mozilla/5.0 (compatible; AhrefsBot/7.0; +http://ahrefs.com/robot/)"
51.222.253.16 - - [15/Apr/2025:21:19:53 -0400] "GET /wp-sitemap-posts-post-1.xml HTTP/1.1" 200 20816 "-" "Mozilla/5.0 (compatible; AhrefsBot/7.0; +http://ahrefs.com/robot/)"
52.164.203.137 - - [15/Apr/2025:21:19:52 -0400] "GET /images/xmrlpc.php HTTP/1.1" 404 6868 "-" "-"
51.222.253.18 - - [15/Apr/2025:21:19:57 -0400] "GET /wp-sitemap-posts-page-1.xml HTTP/1.1" 200 185 "-" "Mozilla/5.0 (compatible; AhrefsBot/7.0; +http://ahrefs.com/robot/)"
52.164.203.137 - - [15/Apr/2025:21:19:57 -0400] "GET /wp-admin/js/widgets/xmrlpc.php?p= HTTP/1.1" 301 0 "-" "-"
51.222.253.10 - - [15/Apr/2025:21:19:59 -0400] "GET /wp-sitemap-taxonomies-category-1.xml HTTP/1.1" 200 208 "-" "Mozilla/5.0 (compatible; AhrefsBot/7.0; +http://ahrefs.com/robot/)"
52.164.203.137 - - [15/Apr/2025:21:19:58 -0400] "GET /wp-admin/js/widgets/xmrlpc.php HTTP/1.1" 404 6868 "-" "-"
51.222.253.12 - - [15/Apr/2025:21:20:02 -0400] "GET /wp-sitemap-users-1.xml HTTP/1.1" 200 169 "-" "Mozilla/5.0 (compatible; AhrefsBot/7.0; +http://ahrefs.com/robot/)"
52.164.203.137 - - [15/Apr/2025:21:20:02 -0400] "GET /wp-admin/css/colors/xmrlpc.php?p= HTTP/1.1" 301 0 "-" "-"
52.164.203.137 - - [15/Apr/2025:21:20:04 -0400] "GET /wp-admin/css/colors/xmrlpc.php HTTP/1.1" 404 6868 "-" "-"
52.164.203.137 - - [15/Apr/2025:21:20:10 -0400] "GET /wp-admin/includes/xmrlpc.php?p= HTTP/1.1" 301 0 "-" "-"
52.164.203.137 - - [15/Apr/2025:21:20:11 -0400] "GET /wp-admin/includes/xmrlpc.php HTTP/1.1" 404 6868 "-" "-"
52.164.203.137 - - [15/Apr/2025:21:20:14 -0400] "GET /wp-admin/css/colors/blue/xmrlpc.php?p= HTTP/1.1" 301 0 "-" "-"
52.164.203.137 - - [15/Apr/2025:21:20:15 -0400] "GET /wp-admin/css/colors/blue/xmrlpc.php HTTP/1.1" 404 6868 "-" "-"
52.164.203.137 - - [15/Apr/2025:21:20:19 -0400] "GET /wp-admin/xmrlpc.php?p= HTTP/1.1" 301 0 "-" "-"
52.164.203.137 - - [15/Apr/2025:21:20:21 -0400] "GET /wp-admin/xmrlpc.php HTTP/1.1" 404 6868 "-" "-"
52.164.203.137 - - [15/Apr/2025:21:20:24 -0400] "GET /text.php HTTP/1.1" 404 6868 "-" "-"
52.164.203.137 - - [15/Apr/2025:21:20:25 -0400] "GET /wp-admin/network/index.php HTTP/1.1" 302 0 "-" "-"
52.164.203.137 - - [15/Apr/2025:21:20:28 -0400] "GET /wp-login.php?redirect_to=https%3A%2F%2Fgarantishell.com%2Fwp-admin%2Fnetwork%2Findex.php&reauth=1 HTTP/1.1" 200 1748 "-" "-"
198.54.114.83 - - [15/Apr/2025:21:20:34 -0400] "POST /wp-cron.php?doing_wp_cron=1744766432.8957350254058837890625 HTTP/1.1" 200 0 "-" "WordPress/6.7.1; https://garantishell.com"
52.164.203.137 - - [15/Apr/2025:21:20:32 -0400] "GET /makeasmtp.php HTTP/1.1" 404 6868 "-" "-"
124.243.188.191 - - [15/Apr/2025:21:22:03 -0400] "GET /page/8/ HTTP/1.1" 200 9868 "https://garantishell.com/page/8/#primary" "Mozilla/5.0 (Windows NT 10.0; Win64; x64) AppleWebKit/537.36 (KHTML, like Gecko) Chrome/101.0.4951.67 Safari/537.36"
198.54.114.83 - - [15/Apr/2025:21:22:11 -0400] "POST /wp-cron.php?doing_wp_cron=1744766529.0125420093536376953125 HTTP/1.1" 200 0 "-" "WordPress/6.7.1; https://garantishell.com"
51.222.253.1 - - [15/Apr/2025:21:22:14 -0400] "GET /the-efficiency-of-underfloor-heating-pipes/ HTTP/1.1" 200 10280 "-" "Mozilla/5.0 (compatible; AhrefsBot/7.0; +http://ahrefs.com/robot/)"
103.11.103.186 - - [15/Apr/2025:21:22:43 -0400] "GET /wp-login.php HTTP/1.1" 200 1735 "-" "GRequests/0.10"
103.11.103.186 - - [15/Apr/2025:21:22:46 -0400] "POST /wp-login.php HTTP/1.1" 200 1871 "-" "GRequests/0.10"
86.109.170.96 - - [15/Apr/2025:21:23:23 -0400] "GET /wp-login.php HTTP/1.1" 200 1735 "-" "GRequests/0.10"
198.54.114.83 - - [15/Apr/2025:21:23:24 -0400] "POST /wp-cron.php?doing_wp_cron=1744766604.1719510555267333984375 HTTP/1.1" 200 0 "-" "WordPress/6.7.1; https://garantishell.com"
86.109.170.96 - - [15/Apr/2025:21:23:23 -0400] "POST /wp-login.php HTTP/1.1" 200 1877 "-" "GRequests/0.10"
198.54.114.83 - - [15/Apr/2025:21:23:25 -0400] "POST /wp-admin/admin-ajax.php?action=async_litespeed&nonce=LFLh7Zo16TiNpL2IQPoZRaHehAZd1h1E&litespeed_type=imgoptm HTTP/1.1" 200 0 "-" "WordPress/6.7.1; https://garantishell.com"
43.135.145.73 - - [15/Apr/2025:21:23:29 -0400] "GET /wp-json/wp/v2/categories/14 HTTP/1.1" 200 690 "-" "Mozilla/5.0 (iPhone; CPU iPhone OS 13_2_3 like Mac OS X) AppleWebKit/605.1.15 (KHTML, like Gecko) Version/13.0.3 Mobile/15E148 Safari/604.1"
3.16.48.120 - - [15/Apr/2025:21:23:38 -0400] "GET /wp-json/wp/v2/posts/979 HTTP/1.1" 200 3857 "-" "Mozilla/5.0 AppleWebKit/537.36 (KHTML, like Gecko; compatible; ClaudeBot/1.0; +claudebot@anthropic.com)"
51.222.253.3 - - [15/Apr/2025:21:24:10 -0400] "GET /exploring-the-thrills-of-online-casinos/ HTTP/1.1" 200 10616 "-" "Mozilla/5.0 (compatible; AhrefsBot/7.0; +http://ahrefs.com/robot/)"
2a03:2880:3ff:2:: - - [15/Apr/2025:21:26:00 -0400] "GET /robots.txt HTTP/1.1" 304 0 "-" "facebookexternalhit/1.1 (+http://www.facebook.com/externalhit_uatext.php)"
