198.54.114.83 - - [15/Apr/2025:09:40:16 -0400] "POST /wp-cron.php?doing_wp_cron=1744724414.8927869796752929687500 HTTP/1.1" 200 0 "-" "WordPress/6.7.1; https://garantishell.com"
40.69.220.236 - - [15/Apr/2025:09:40:19 -0400] "GET /wp-includes/js/codemirror/ HTTP/1.1" 403 1242 "-" "-"
40.69.220.236 - - [15/Apr/2025:09:40:24 -0400] "GET /wp-includes/js/codemirror/index.php?p= HTTP/1.1" 301 0 "-" "-"
40.69.220.236 - - [15/Apr/2025:09:40:27 -0400] "GET /wp-includes/js/codemirror/ HTTP/1.1" 403 1242 "-" "-"
40.69.220.236 - - [15/Apr/2025:09:40:32 -0400] "GET /wp-includes/js/crop/ HTTP/1.1" 403 1242 "-" "-"
40.69.220.236 - - [15/Apr/2025:09:40:38 -0400] "GET /wp-includes/js/crop/about.php HTTP/1.1" 404 6868 "-" "-"
40.69.220.236 - - [15/Apr/2025:09:40:45 -0400] "GET /wp-includes/js/crop/admin.php HTTP/1.1" 404 6867 "-" "-"
43.130.47.33 - - [15/Apr/2025:09:40:47 -0400] "GET / HTTP/1.1" 200 9272 "http://garantishell.com" "Mozilla/5.0 (iPhone; CPU iPhone OS 13_2_3 like Mac OS X) AppleWebKit/605.1.15 (KHTML, like Gecko) Version/13.0.3 Mobile/15E148 Safari/604.1"
40.69.220.236 - - [15/Apr/2025:09:40:52 -0400] "GET /wp-includes/js/dist/ HTTP/1.1" 403 1242 "-" "-"
40.69.220.236 - - [15/Apr/2025:09:40:59 -0400] "GET /wp-includes/js/dist/vendor/ HTTP/1.1" 403 1242 "-" "-"
40.69.220.236 - - [15/Apr/2025:09:41:05 -0400] "GET /wp-includes/js/imgareaselect/ HTTP/1.1" 403 1242 "-" "-"
40.69.220.236 - - [15/Apr/2025:09:41:11 -0400] "GET /wp-includes/js/jcrop/ HTTP/1.1" 403 1242 "-" "-"
40.69.220.236 - - [15/Apr/2025:09:41:17 -0400] "GET /wp-includes/js/jcrop/Jcrop.php HTTP/1.1" 404 6868 "-" "-"
198.54.114.83 - - [15/Apr/2025:09:41:21 -0400] "POST /wp-cron.php?doing_wp_cron=1744724478.0726668834686279296875 HTTP/1.1" 200 0 "-" "WordPress/6.7.1; https://garantishell.com"
51.222.253.6 - - [15/Apr/2025:09:41:23 -0400] "GET /page/45/ HTTP/1.1" 200 9706 "-" "Mozilla/5.0 (compatible; AhrefsBot/7.0; +http://ahrefs.com/robot/)"
40.69.220.236 - - [15/Apr/2025:09:41:26 -0400] "GET /wp-includes/js/tinymce/ HTTP/1.1" 403 1242 "-" "-"
40.69.220.236 - - [15/Apr/2025:09:41:30 -0400] "GET /wp-includes/js/tinymce/about.php HTTP/1.1" 404 6868 "-" "-"
40.69.220.236 - - [15/Apr/2025:09:41:34 -0400] "GET /wp-includes/js/tinymce/plugins/charmap/ HTTP/1.1" 403 1242 "-" "-"
40.69.220.236 - - [15/Apr/2025:09:41:37 -0400] "GET /wp-includes/js/tinymce/plugins/compat3x/css/ HTTP/1.1" 403 1242 "-" "-"
40.69.220.236 - - [15/Apr/2025:09:41:41 -0400] "GET /wp-includes/js/tinymce/plugins/compat3x/css/index.php HTTP/1.1" 301 0 "-" "-"
40.69.220.236 - - [15/Apr/2025:09:41:44 -0400] "GET /wp-includes/js/tinymce/plugins/compat3x/css/ HTTP/1.1" 403 1242 "-" "-"
40.69.220.236 - - [15/Apr/2025:09:41:50 -0400] "GET /wp-includes/js/tinymce/plugins/directionality/ HTTP/1.1" 403 1242 "-" "-"
40.69.220.236 - - [15/Apr/2025:09:41:55 -0400] "GET /wp-includes/js/tinymce/plugins/image/ HTTP/1.1" 403 1242 "-" "-"
40.69.220.236 - - [15/Apr/2025:09:41:59 -0400] "GET /wp-includes/js/tinymce/plugins/wpview/ HTTP/1.1" 403 1242 "-" "-"
40.69.220.236 - - [15/Apr/2025:09:42:04 -0400] "GET /wp-includes/js/tinymce/skins/lightgray/img/ HTTP/1.1" 403 1242 "-" "-"
40.69.220.236 - - [15/Apr/2025:09:42:10 -0400] "GET /wp-includes/js/tinymce/skins/lightgray/img/about.php HTTP/1.1" 404 6868 "-" "-"
40.69.220.236 - - [15/Apr/2025:09:42:16 -0400] "GET /wp-includes/js/tinymce/skins/lightgray/img/index.php HTTP/1.1" 301 0 "-" "-"
40.69.220.236 - - [15/Apr/2025:09:42:18 -0400] "GET /wp-includes/js/tinymce/skins/lightgray/img/ HTTP/1.1" 403 1242 "-" "-"
40.69.220.236 - - [15/Apr/2025:09:42:22 -0400] "GET /wp-includes/js/tinymce/skins/wordpress/images/about.php HTTP/1.1" 404 6868 "-" "-"
198.54.114.83 - - [15/Apr/2025:09:42:24 -0400] "POST /wp-cron.php?doing_wp_cron=1744724542.5270869731903076171875 HTTP/1.1" 200 0 "-" "WordPress/6.7.1; https://garantishell.com"
40.69.220.236 - - [15/Apr/2025:09:42:27 -0400] "GET /wp-includes/js/tinymce/skins/wordpress/images/index.php HTTP/1.1" 301 0 "-" "-"
40.69.220.236 - - [15/Apr/2025:09:42:30 -0400] "GET /wp-includes/js/tinymce/skins/wordpress/images/ HTTP/1.1" 403 1242 "-" "-"
40.69.220.236 - - [15/Apr/2025:09:42:34 -0400] "GET /wp-includes/js/tinymce/skins/wordpress/images/index.php?p= HTTP/1.1" 301 0 "-" "-"
40.69.220.236 - - [15/Apr/2025:09:42:36 -0400] "GET /wp-includes/js/tinymce/skins/wordpress/images/ HTTP/1.1" 403 1242 "-" "-"
38.154.227.87 - - [15/Apr/2025:09:42:38 -0400] "GET /lunivers-captivant-de-skyblock-minecraft HTTP/1.1" 301 0 "https://www.google.com" "Mozilla/5.0 (Windows NT 10.0; Win64; x64) AppleWebKit/537.36 (KHTML, like Gecko) Chrome/122.0.0.0 Safari/537.36 Edg/122.0.0.0"
40.69.220.236 - - [15/Apr/2025:09:42:39 -0400] "GET /wp-includes/js/tinymce/skins/wordpress/images/wp-login.php HTTP/1.1" 404 6867 "-" "-"
206.206.64.36 - - [15/Apr/2025:09:42:41 -0400] "GET /leading-the-way-in-high-quality-kitchen-appliances HTTP/1.1" 301 0 "https://www.google.com" "Mozilla/5.0 (Windows NT 10.0; Win64; x64) AppleWebKit/537.36 (KHTML, like Gecko) Chrome/122.0.0.0 Safari/537.36 Edg/122.0.0.0"
40.69.220.236 - - [15/Apr/2025:09:42:42 -0400] "GET /wp-includes/js/tinymce/themes/ HTTP/1.1" 403 1242 "-" "-"
38.154.227.87 - - [15/Apr/2025:09:42:45 -0400] "GET /lunivers-captivant-de-skyblock-minecraft/ HTTP/1.1" 200 10654 "https://www.google.com" "Mozilla/5.0 (Windows NT 10.0; Win64; x64) AppleWebKit/537.36 (KHTML, like Gecko) Chrome/122.0.0.0 Safari/537.36 Edg/122.0.0.0"
40.69.220.236 - - [15/Apr/2025:09:42:45 -0400] "GET /wp-includes/js/tinymce/themes/inlite/ HTTP/1.1" 403 1242 "-" "-"
40.69.220.236 - - [15/Apr/2025:09:42:49 -0400] "GET /wp-includes/js/tinymce/utils/ HTTP/1.1" 403 1242 "-" "-"
40.69.220.236 - - [15/Apr/2025:09:42:54 -0400] "GET /wp-includes/js/tinymce/wp-tinymce.php HTTP/1.1" 200 128119 "-" "-"
40.69.220.236 - - [15/Apr/2025:09:42:57 -0400] "GET /wp-includes/js/wp-login.php HTTP/1.1" 404 6868 "-" "-"
40.69.220.236 - - [15/Apr/2025:09:43:03 -0400] "GET /wp-includes/js/x2.php HTTP/1.1" 404 6867 "-" "-"
40.69.220.236 - - [15/Apr/2025:09:43:10 -0400] "GET /wp-includes/mah.php HTTP/1.1" 404 6868 "-" "-"
206.206.64.36 - - [15/Apr/2025:09:43:13 -0400] "GET /leading-the-way-in-high-quality-kitchen-appliances/ HTTP/1.1" 200 10552 "https://www.google.com" "Mozilla/5.0 (Windows NT 10.0; Win64; x64) AppleWebKit/537.36 (KHTML, like Gecko) Chrome/122.0.0.0 Safari/537.36 Edg/122.0.0.0"
40.69.220.236 - - [15/Apr/2025:09:43:20 -0400] "GET /wp-includes/mah.php?pass=888xyz999 HTTP/1.1" 404 6868 "-" "-"
113.219.218.197 - - [15/Apr/2025:09:43:22 -0400] "GET / HTTP/1.1" 200 9272 "http://garantishell.com" "Mozilla/5.0 (iPhone; CPU iPhone OS 13_2_3 like Mac OS X) AppleWebKit/605.1.15 (KHTML, like Gecko) Version/13.0.3 Mobile/15E148 Safari/604.1"
40.69.220.236 - - [15/Apr/2025:09:43:30 -0400] "GET /wp-includes/network.php HTTP/1.1" 404 6868 "-" "-"
198.54.114.83 - - [15/Apr/2025:09:43:34 -0400] "POST /wp-cron.php?doing_wp_cron=1744724610.4788830280303955078125 HTTP/1.1" 200 0 "-" "WordPress/6.7.1; https://garantishell.com"
40.69.220.236 - - [15/Apr/2025:09:43:40 -0400] "GET /wp-includes/packed.php HTTP/1.1" 404 6867 "-" "-"
40.69.220.236 - - [15/Apr/2025:09:43:46 -0400] "GET /wp-includes/php-compat/ HTTP/1.1" 403 1242 "-" "-"
40.69.220.236 - - [15/Apr/2025:09:43:51 -0400] "GET /wp-includes/php-compat/chosen.php HTTP/1.1" 404 6868 "-" "-"
40.69.220.236 - - [15/Apr/2025:09:43:57 -0400] "GET /wp-includes/php-compat/admiin.php HTTP/1.1" 404 6868 "-" "-"
40.69.220.236 - - [15/Apr/2025:09:44:04 -0400] "GET /wp-includes/pomo/ HTTP/1.1" 403 1242 "-" "-"
40.69.220.236 - - [15/Apr/2025:09:44:10 -0400] "GET /wp-includes/pomo/about.php HTTP/1.1" 404 6867 "-" "-"
40.69.220.236 - - [15/Apr/2025:09:44:16 -0400] "GET /wp-includes/pomo/about.php?p= HTTP/1.1" 301 0 "-" "-"
40.69.220.236 - - [15/Apr/2025:09:44:19 -0400] "GET /wp-includes/pomo/about.php HTTP/1.1" 404 6867 "-" "-"
40.69.220.236 - - [15/Apr/2025:09:44:24 -0400] "GET /wp-includes/pomo/admiin.php HTTP/1.1" 404 6867 "-" "-"
40.69.220.236 - - [15/Apr/2025:09:44:30 -0400] "GET /wp-includes/pomo/admin.php HTTP/1.1" 404 6867 "-" "-"
198.54.114.83 - - [15/Apr/2025:09:44:33 -0400] "POST /wp-cron.php?doing_wp_cron=1744724670.9695069789886474609375 HTTP/1.1" 200 0 "-" "WordPress/6.7.1; https://garantishell.com"
51.222.253.15 - - [15/Apr/2025:09:44:35 -0400] "GET /revitalize-your-mind-and-body-sillim-business-trip-massage/ HTTP/1.1" 200 10203 "-" "Mozilla/5.0 (compatible; AhrefsBot/7.0; +http://ahrefs.com/robot/)"
40.69.220.236 - - [15/Apr/2025:09:44:37 -0400] "GET /wp-includes/pomo/autoload_classmap.php HTTP/1.1" 404 6867 "-" "-"
40.69.220.236 - - [15/Apr/2025:09:44:42 -0400] "GET /wp-includes/pomo/chosen.php HTTP/1.1" 404 6867 "-" "-"
40.69.220.236 - - [15/Apr/2025:09:44:46 -0400] "GET /wp-includes/pomo/fgertreyersd.php.suspected HTTP/1.1" 404 6867 "-" "-"
40.69.220.236 - - [15/Apr/2025:09:44:51 -0400] "GET /wp-includes/pomo/install.php HTTP/1.1" 404 6867 "-" "-"
40.69.220.236 - - [15/Apr/2025:09:44:56 -0400] "GET /wp-includes/pomo/plugins.php HTTP/1.1" 404 6868 "-" "-"
40.69.220.236 - - [15/Apr/2025:09:45:00 -0400] "GET /wp-includes/pomo/wp-conflg.php HTTP/1.1" 404 6868 "-" "-"
206.232.103.247 - - [15/Apr/2025:09:45:09 -0400] "GET /die-kunst-des-loslassens HTTP/1.1" 301 0 "https://www.google.com" "Mozilla/5.0 (Windows NT 10.0; Win64; x64) AppleWebKit/537.36 (KHTML, like Gecko) Chrome/122.0.0.0 Safari/537.36 Edg/122.0.0.0"
40.69.220.236 - - [15/Apr/2025:09:45:08 -0400] "GET /wp-includes/pomo/wp-login.php HTTP/1.1" 404 6868 "-" "-"
40.69.220.236 - - [15/Apr/2025:09:45:19 -0400] "GET /wp-includes/radio.php HTTP/1.1" 404 6868 "-" "-"
206.232.103.247 - - [15/Apr/2025:09:45:21 -0400] "GET /die-kunst-des-loslassens/ HTTP/1.1" 200 10475 "https://www.google.com" "Mozilla/5.0 (Windows NT 10.0; Win64; x64) AppleWebKit/537.36 (KHTML, like Gecko) Chrome/122.0.0.0 Safari/537.36 Edg/122.0.0.0"
40.69.220.236 - - [15/Apr/2025:09:45:24 -0400] "GET /wp-includes/random_compat/ HTTP/1.1" 404 6868 "-" "-"
40.69.220.236 - - [15/Apr/2025:09:45:29 -0400] "GET /wp-includes/random_compat/about.php HTTP/1.1" 404 6868 "-" "-"
40.69.220.236 - - [15/Apr/2025:09:45:34 -0400] "GET /wp-includes/random_compat/chosen.php HTTP/1.1" 404 6869 "-" "-"
198.54.114.83 - - [15/Apr/2025:09:45:37 -0400] "POST /wp-cron.php?doing_wp_cron=1744724735.0205309391021728515625 HTTP/1.1" 200 0 "-" "WordPress/6.7.1; https://garantishell.com"
40.69.220.236 - - [15/Apr/2025:09:45:42 -0400] "GET /wp-includes/rest-api/ HTTP/1.1" 403 1242 "-" "-"
40.69.220.236 - - [15/Apr/2025:09:45:46 -0400] "GET /wp-includes/rest-api/class-wp-rest-core.php HTTP/1.1" 404 6868 "-" "-"
40.69.220.236 - - [15/Apr/2025:09:45:52 -0400] "GET /wp-includes/rest-api/ot_shipping.php HTTP/1.1" 404 6868 "-" "-"
40.69.220.236 - - [15/Apr/2025:09:45:57 -0400] "GET /wp-includes/rest-api/about.php HTTP/1.1" 404 6868 "-" "-"
40.69.220.236 - - [15/Apr/2025:09:46:03 -0400] "GET /wp-includes/rest-api/admin.php HTTP/1.1" 404 6867 "-" "-"
142.44.191.239 - - [15/Apr/2025:09:46:06 -0400] "POST /xmlrpc.php HTTP/1.1" 200 186 "https://garantishell.com" "Mozilla/5.0 (Windows NT 10.0; Win64; x64) AppleWebKit/537.36 (KHTML, like Gecko) Chrome/113.0.5672.93 Safari/537.36"
142.44.191.239 - - [15/Apr/2025:09:46:09 -0400] "POST /wp-login.php HTTP/1.1" 200 1863 "https://garantishell.com" "Mozilla/5.0 (Macintosh; Intel Mac OS X 10_15_7) AppleWebKit/537.36 (KHTML, like Gecko) Chrome/112.0.5615.138 Safari/537.36"
40.69.220.236 - - [15/Apr/2025:09:46:08 -0400] "GET /wp-includes/rest-api/alfa-rex.php HTTP/1.1" 404 6868 "-" "-"
40.69.220.236 - - [15/Apr/2025:09:46:15 -0400] "GET /wp-includes/rest-api/autoload_classmap.php HTTP/1.1" 404 6868 "-" "-"
40.69.220.236 - - [15/Apr/2025:09:46:19 -0400] "GET /wp-includes/rest-api/endpoints/ HTTP/1.1" 403 1242 "-" "-"
40.69.220.236 - - [15/Apr/2025:09:46:22 -0400] "GET /wp-includes/rest-api/endpoints/admiin.php HTTP/1.1" 404 6868 "-" "-"
40.69.220.236 - - [15/Apr/2025:09:46:26 -0400] "GET /wp-includes/rest-api/endpoints/index.php HTTP/1.1" 301 0 "-" "-"
40.69.220.236 - - [15/Apr/2025:09:46:29 -0400] "GET /wp-includes/rest-api/endpoints/ HTTP/1.1" 403 1242 "-" "-"
40.69.220.236 - - [15/Apr/2025:09:46:32 -0400] "GET /wp-includes/rest-api/endpoints/index.php?p= HTTP/1.1" 301 0 "-" "-"
40.69.220.236 - - [15/Apr/2025:09:46:34 -0400] "GET /wp-includes/rest-api/endpoints/ HTTP/1.1" 403 1242 "-" "-"
40.69.220.236 - - [15/Apr/2025:09:46:37 -0400] "GET /wp-includes/rest-api/fields/ HTTP/1.1" 403 1242 "-" "-"
104.245.244.252 - - [15/Apr/2025:09:46:40 -0400] "GET /thrilling-world-of-online-casino-gaming HTTP/1.1" 301 0 "https://www.google.com" "Mozilla/5.0 (Windows NT 10.0; Win64; x64) AppleWebKit/537.36 (KHTML, like Gecko) Chrome/122.0.0.0 Safari/537.36 Edg/122.0.0.0"
198.54.114.83 - - [15/Apr/2025:09:46:42 -0400] "POST /wp-cron.php?doing_wp_cron=1744724801.4596819877624511718750 HTTP/1.1" 200 0 "-" "WordPress/6.7.1; https://garantishell.com"
104.245.244.252 - - [15/Apr/2025:09:46:43 -0400] "GET /thrilling-world-of-online-casino-gaming/ HTTP/1.1" 200 10484 "https://www.google.com" "Mozilla/5.0 (Windows NT 10.0; Win64; x64) AppleWebKit/537.36 (KHTML, like Gecko) Chrome/122.0.0.0 Safari/537.36 Edg/122.0.0.0"
40.69.220.236 - - [15/Apr/2025:09:46:41 -0400] "GET /wp-includes/rest-api/fields/admin.php HTTP/1.1" 404 6867 "-" "-"
40.69.220.236 - - [15/Apr/2025:09:46:46 -0400] "GET /wp-includes/rest-api/fields/index.php HTTP/1.1" 301 0 "-" "-"
40.69.220.236 - - [15/Apr/2025:09:46:48 -0400] "GET /wp-includes/rest-api/fields/ HTTP/1.1" 403 1242 "-" "-"
40.69.220.236 - - [15/Apr/2025:09:46:52 -0400] "GET /wp-includes/rest-api/search/ HTTP/1.1" 403 1242 "-" "-"
40.69.220.236 - - [15/Apr/2025:09:46:56 -0400] "GET /wp-includes/rest-api/search/alfa-rex.php HTTP/1.1" 404 6868 "-" "-"
40.69.220.236 - - [15/Apr/2025:09:47:00 -0400] "GET /wp-includes/sitemaps/ HTTP/1.1" 403 1242 "-" "-"
40.69.220.236 - - [15/Apr/2025:09:47:03 -0400] "GET /wp-includes/sitemaps/wp-login.php HTTP/1.1" 404 6868 "-" "-"
40.69.220.236 - - [15/Apr/2025:09:47:05 -0400] "GET /wp-includes/sitemaps/about.php HTTP/1.1" 404 6868 "-" "-"
40.69.220.236 - - [15/Apr/2025:09:47:09 -0400] "GET /wp-includes/sitemaps/autoload_classmap.php HTTP/1.1" 404 6868 "-" "-"
40.69.220.236 - - [15/Apr/2025:09:47:12 -0400] "GET /wp-includes/sitemaps/index.php HTTP/1.1" 301 0 "-" "-"
40.69.220.236 - - [15/Apr/2025:09:47:15 -0400] "GET /wp-includes/sitemaps/ HTTP/1.1" 403 1242 "-" "-"
40.69.220.236 - - [15/Apr/2025:09:47:17 -0400] "GET /wp-includes/sitemaps/providers/ HTTP/1.1" 403 1242 "-" "-"
40.69.220.236 - - [15/Apr/2025:09:47:21 -0400] "GET /wp-includes/sitemaps/providers/about.php HTTP/1.1" 404 6868 "-" "-"
51.222.253.17 - - [15/Apr/2025:09:47:24 -0400] "GET /professioneller-umzugsservice-in-luneburg/ HTTP/1.1" 200 10900 "-" "Mozilla/5.0 (compatible; AhrefsBot/7.0; +http://ahrefs.com/robot/)"
40.69.220.236 - - [15/Apr/2025:09:47:26 -0400] "GET /wp-includes/sitemaps/providers/index.php HTTP/1.1" 301 0 "-" "-"
40.69.220.236 - - [15/Apr/2025:09:47:27 -0400] "GET /wp-includes/sitemaps/providers/ HTTP/1.1" 403 1242 "-" "-"
40.69.220.236 - - [15/Apr/2025:09:47:32 -0400] "GET /wp-includes/sitemaps/providers/wp-error_log.php HTTP/1.1" 404 6868 "-" "-"
40.69.220.236 - - [15/Apr/2025:09:47:36 -0400] "GET /wp-includes/sodium_compat/ HTTP/1.1" 403 1242 "-" "-"
198.54.114.83 - - [15/Apr/2025:09:47:43 -0400] "POST /wp-cron.php?doing_wp_cron=1744724861.8463809490203857421875 HTTP/1.1" 200 0 "-" "WordPress/6.7.1; https://garantishell.com"
40.69.220.236 - - [15/Apr/2025:09:47:41 -0400] "GET /wp-includes/sodium_compat/admiin.php HTTP/1.1" 404 6867 "-" "-"
40.69.220.236 - - [15/Apr/2025:09:47:47 -0400] "GET /wp-includes/sodium_compat/autoload_classmap.php HTTP/1.1" 404 6868 "-" "-"
40.69.220.236 - - [15/Apr/2025:09:47:51 -0400] "GET /wp-includes/sodium_compat/index.php HTTP/1.1" 301 0 "-" "-"
40.69.220.236 - - [15/Apr/2025:09:47:53 -0400] "GET /wp-includes/sodium_compat/ HTTP/1.1" 403 1242 "-" "-"
40.69.220.236 - - [15/Apr/2025:09:47:56 -0400] "GET /wp-includes/sodium_compat/namespaced/ HTTP/1.1" 403 1242 "-" "-"
40.69.220.236 - - [15/Apr/2025:09:47:58 -0400] "GET /wp-includes/sodium_compat/namespaced/Core/Curve25519/Ge/ HTTP/1.1" 403 1242 "-" "-"
40.69.220.236 - - [15/Apr/2025:09:48:01 -0400] "GET /wp-includes/sodium_compat/src/ HTTP/1.1" 403 1242 "-" "-"
40.69.220.236 - - [15/Apr/2025:09:48:03 -0400] "GET /wp-includes/sodium_compat/src/Core/Curve25519/Ge/about.php HTTP/1.1" 404 6867 "-" "-"
40.69.220.236 - - [15/Apr/2025:09:48:07 -0400] "GET /wp-includes/sodium_compat/src/Core/Curve25519/Ge/index.php?p= HTTP/1.1" 301 0 "-" "-"
40.69.220.236 - - [15/Apr/2025:09:48:09 -0400] "GET /wp-includes/sodium_compat/src/Core/Curve25519/Ge/ HTTP/1.1" 403 1242 "-" "-"
40.69.220.236 - - [15/Apr/2025:09:48:11 -0400] "GET /wp-includes/sodium_compat/src/Core32/Curve25519/Ge/Core32.php HTTP/1.1" 404 6868 "-" "-"
40.69.220.236 - - [15/Apr/2025:09:48:14 -0400] "GET /wp-includes/sodium_compat/src/Core32/Curve25519/Ge/about.php HTTP/1.1" 404 6868 "-" "-"
40.69.220.236 - - [15/Apr/2025:09:48:18 -0400] "GET /wp-includes/sodium_compat/src/Core32/Poly1305/ HTTP/1.1" 403 1242 "-" "-"
40.69.220.236 - - [15/Apr/2025:09:48:21 -0400] "GET /wp-includes/sodium_compat/src/alfa-rex.php HTTP/1.1" 404 6868 "-" "-"
40.69.220.236 - - [15/Apr/2025:09:48:26 -0400] "GET /wp-includes/sodium_compat/src/content.php HTTP/1.1" 404 6868 "-" "-"
2a02:598:128:8a00::b00:15 - - [15/Apr/2025:09:48:30 -0400] "GET /2024/11/ HTTP/1.1" 200 9322 "-" "Mozilla/5.0 (compatible; SeznamBot/4.0; +https://o-seznam.cz/napoveda/vyhledavani/en/seznambot-crawler/)"
40.69.220.236 - - [15/Apr/2025:09:48:34 -0400] "GET /wp-includes/sodium_compat/src/index.php HTTP/1.1" 301 0 "-" "-"
40.69.220.236 - - [15/Apr/2025:09:48:38 -0400] "GET /wp-includes/sodium_compat/src/ HTTP/1.1" 403 1242 "-" "-"
40.69.220.236 - - [15/Apr/2025:09:48:45 -0400] "GET /wp-includes/sodium_compat/wp-login.php HTTP/1.1" 404 6868 "-" "-"
198.54.114.83 - - [15/Apr/2025:09:48:48 -0400] "POST /wp-cron.php?doing_wp_cron=1744724925.8686060905456542968750 HTTP/1.1" 200 0 "-" "WordPress/6.7.1; https://garantishell.com"
40.69.220.236 - - [15/Apr/2025:09:48:52 -0400] "GET /wp-includes/style-engine/ HTTP/1.1" 403 1242 "-" "-"
40.69.220.236 - - [15/Apr/2025:09:48:58 -0400] "GET /wp-includes/style-engine/about.php HTTP/1.1" 404 6868 "-" "-"
40.69.220.236 - - [15/Apr/2025:09:49:04 -0400] "GET /wp-includes/style-engine/admiin.php HTTP/1.1" 404 6868 "-" "-"
40.69.220.236 - - [15/Apr/2025:09:49:10 -0400] "GET /wp-includes/style-engine/admin.php HTTP/1.1" 404 6868 "-" "-"
40.69.220.236 - - [15/Apr/2025:09:49:15 -0400] "GET /wp-includes/style-engine/autoload_classmap.php HTTP/1.1" 404 6868 "-" "-"
40.69.220.236 - - [15/Apr/2025:09:49:19 -0400] "GET /wp-includes/style-engine/content.php HTTP/1.1" 404 6868 "-" "-"
40.69.220.236 - - [15/Apr/2025:09:49:23 -0400] "GET /wp-includes/style-engine/index.php HTTP/1.1" 301 0 "-" "-"
40.69.220.236 - - [15/Apr/2025:09:49:26 -0400] "GET /wp-includes/style-engine/ HTTP/1.1" 403 1242 "-" "-"
40.69.220.236 - - [15/Apr/2025:09:49:30 -0400] "GET /wp-includes/style-engine/wp-login.php HTTP/1.1" 404 6868 "-" "-"
40.69.220.236 - - [15/Apr/2025:09:49:37 -0400] "GET /wp-includes/theme-compat/ HTTP/1.1" 403 1242 "-" "-"
40.69.220.236 - - [15/Apr/2025:09:49:42 -0400] "GET /wp-includes/theme-compat/about.php HTTP/1.1" 404 6867 "-" "-"
40.69.220.236 - - [15/Apr/2025:09:49:47 -0400] "GET /wp-includes/theme-compat/autoload_classmap.php HTTP/1.1" 404 6868 "-" "-"
198.54.114.83 - - [15/Apr/2025:09:49:50 -0400] "POST /wp-cron.php?doing_wp_cron=1744724988.1499900817871093750000 HTTP/1.1" 200 0 "-" "WordPress/6.7.1; https://garantishell.com"
40.69.220.236 - - [15/Apr/2025:09:49:53 -0400] "GET /wp-includes/theme-compat/chosen.php HTTP/1.1" 404 6868 "-" "-"
40.69.220.236 - - [15/Apr/2025:09:49:57 -0400] "GET /wp-includes/theme-compat/index.php HTTP/1.1" 301 0 "-" "-"
40.69.220.236 - - [15/Apr/2025:09:49:59 -0400] "GET /wp-includes/theme-compat/ HTTP/1.1" 403 1242 "-" "-"
66.249.66.43 - - [15/Apr/2025:09:50:03 -0400] "GET /the-crucial-role-of-fire-water-tanks-in-ensuring-safety/feed/ HTTP/1.1" 200 434 "-" "Mozilla/5.0 (Linux; Android 6.0.1; Nexus 5X Build/MMB29P) AppleWebKit/537.36 (KHTML, like Gecko) Chrome/135.0.7049.84 Mobile Safari/537.36 (compatible; Googlebot/2.1; +http://www.google.com/bot.html)"
51.222.253.3 - - [15/Apr/2025:09:50:05 -0400] "GET /the-convenience-of-instant-hot-and-cold-water-taps-a-modern-home-essential/ HTTP/1.1" 200 10989 "-" "Mozilla/5.0 (compatible; AhrefsBot/7.0; +http://ahrefs.com/robot/)"
40.69.220.236 - - [15/Apr/2025:09:50:06 -0400] "GET /wp-includes/theme-compat/wp-conflg.php/wp-content/plugins/google-seo-rank/index.php HTTP/1.1" 301 0 "-" "-"
40.69.220.236 - - [15/Apr/2025:09:50:10 -0400] "GET /wp-includes/theme-compat/wp-conflg.php/wp-content/plugins/google-seo-rank/ HTTP/1.1" 404 6868 "-" "-"
40.69.220.236 - - [15/Apr/2025:09:50:17 -0400] "GET /wp-includes/theme-compat/wp-login.php HTTP/1.1" 404 6868 "-" "-"
40.69.220.236 - - [15/Apr/2025:09:50:24 -0400] "GET /wp-includes/theme-compat/x2.php HTTP/1.1" 404 6868 "-" "-"
40.69.220.236 - - [15/Apr/2025:09:50:30 -0400] "GET /wp-includes/themes.php HTTP/1.1" 404 6868 "-" "-"
40.69.220.236 - - [15/Apr/2025:09:50:34 -0400] "GET /wp-includes/upload.php HTTP/1.1" 404 6868 "-" "-"
40.69.220.236 - - [15/Apr/2025:09:50:39 -0400] "GET /wp-includes/widgets/ HTTP/1.1" 403 1242 "-" "-"
40.69.220.236 - - [15/Apr/2025:09:50:42 -0400] "GET /wp-includes/widgets/class-wp-widget-tag.php HTTP/1.1" 404 6868 "-" "-"
40.69.220.236 - - [15/Apr/2025:09:50:46 -0400] "GET /wp-includes/widgets/about.php HTTP/1.1" 404 6868 "-" "-"
198.54.114.83 - - [15/Apr/2025:09:50:54 -0400] "POST /wp-cron.php?doing_wp_cron=1744725051.9685239791870117187500 HTTP/1.1" 200 0 "-" "WordPress/6.7.1; https://garantishell.com"
40.69.220.236 - - [15/Apr/2025:09:50:51 -0400] "GET /wp-includes/widgets/about.php?p= HTTP/1.1" 301 0 "-" "-"
40.69.220.236 - - [15/Apr/2025:09:50:55 -0400] "GET /wp-includes/widgets/about.php HTTP/1.1" 404 6868 "-" "-"
40.69.220.236 - - [15/Apr/2025:09:50:57 -0400] "GET /wp-includes/widgets/index.php HTTP/1.1" 301 0 "-" "-"
40.69.220.236 - - [15/Apr/2025:09:50:59 -0400] "GET /wp-includes/widgets/ HTTP/1.1" 403 1242 "-" "-"
40.69.220.236 - - [15/Apr/2025:09:51:02 -0400] "GET /wp-includes/widgets/xBrain.php HTTP/1.1" 404 6868 "-" "-"
40.69.220.236 - - [15/Apr/2025:09:51:05 -0400] "GET /wp-includes/wjacfltdmPx.php HTTP/1.1" 404 6868 "-" "-"
40.69.220.236 - - [15/Apr/2025:09:51:09 -0400] "GET /wp-includes/wp-activate.php HTTP/1.1" 404 6868 "-" "-"
40.69.220.236 - - [15/Apr/2025:09:51:13 -0400] "GET /wp-includes/wp-atom.php HTTP/1.1" 301 0 "-" "-"
40.69.220.236 - - [15/Apr/2025:09:51:15 -0400] "GET /feed/atom/ HTTP/1.1" 200 35125 "-" "-"
40.69.220.236 - - [15/Apr/2025:09:51:18 -0400] "GET /wp-includes/wp-class.php HTTP/1.1" 404 6868 "-" "-"
40.69.220.236 - - [15/Apr/2025:09:51:21 -0400] "GET /wp-includes/wp-class.php/wp-content/uploads/wp_live_chat/ HTTP/1.1" 404 6868 "-" "-"
40.69.220.236 - - [15/Apr/2025:09:51:26 -0400] "GET /wp-includes/wp-class.php/wp-content/uploads/wplivechat/ HTTP/1.1" 404 6868 "-" "-"
40.69.220.236 - - [15/Apr/2025:09:51:31 -0400] "GET /wp-includes/wp-error_log.php HTTP/1.1" 404 6868 "-" "-"
40.69.220.236 - - [15/Apr/2025:09:51:35 -0400] "GET /wp-includes/wp-includes_function.php HTTP/1.1" 404 6869 "-" "-"
40.69.220.236 - - [15/Apr/2025:09:51:40 -0400] "GET /wp-includes/wp-load.php HTTP/1.1" 404 6868 "-" "-"
40.69.220.236 - - [15/Apr/2025:09:51:46 -0400] "GET /wp-includes/wp-login.php HTTP/1.1" 404 6868 "-" "-"
40.69.220.236 - - [15/Apr/2025:09:51:52 -0400] "GET /wp-includes/wp-shell.php HTTP/1.1" 404 6868 "-" "-"
198.54.114.83 - - [15/Apr/2025:09:51:55 -0400] "POST /wp-cron.php?doing_wp_cron=1744725113.1252539157867431640625 HTTP/1.1" 200 0 "-" "WordPress/6.7.1; https://garantishell.com"
40.69.220.236 - - [15/Apr/2025:09:51:59 -0400] "GET /wp-includes/x2.php HTTP/1.1" 404 6868 "-" "-"
40.69.220.236 - - [15/Apr/2025:09:52:02 -0400] "GET /wp-index.php HTTP/1.1" 404 6868 "-" "-"
40.69.220.236 - - [15/Apr/2025:09:52:05 -0400] "GET /wp-info.php HTTP/1.1" 404 6868 "-" "-"
40.69.220.236 - - [15/Apr/2025:09:52:08 -0400] "GET /wp-json/wp/v2/posts?cmd=system HTTP/1.1" 200 45534 "-" "-"
40.69.220.236 - - [15/Apr/2025:09:52:11 -0400] "GET /wp-l0gin.php HTTP/1.1" 404 6868 "-" "-"
40.69.220.236 - - [15/Apr/2025:09:52:15 -0400] "GET /wp-links.php HTTP/1.1" 404 6868 "-" "-"
40.69.220.236 - - [15/Apr/2025:09:52:19 -0400] "GET /wp-load.php HTTP/1.1" 200 0 "-" "-"
40.69.220.236 - - [15/Apr/2025:09:52:23 -0400] "GET /wp-login.php HTTP/1.1" 200 1735 "-" "-"
40.69.220.236 - - [15/Apr/2025:09:52:27 -0400] "GET /wp-mail.php HTTP/1.1" 403 958 "-" "-"
40.69.220.236 - - [15/Apr/2025:09:52:33 -0400] "GET /wp-mail.php/ HTTP/1.1" 403 958 "-" "-"
2001:df4:40c0:68d8::1 - - [15/Apr/2025:09:52:38 -0400] "GET /wp-login.php HTTP/1.1" 200 1735 "-" "GRequests/0.10"
40.69.220.236 - - [15/Apr/2025:09:52:40 -0400] "GET /wp-mail.php/wp-includes/ID3/.info.php HTTP/1.1" 403 958 "-" "-"
2001:df4:40c0:68d8::1 - - [15/Apr/2025:09:52:43 -0400] "POST /wp-login.php HTTP/1.1" 200 1870 "-" "GRequests/0.10"
40.69.220.236 - - [15/Apr/2025:09:52:48 -0400] "GET /wp-mail.php/wp-includes/ID3/class-config.php HTTP/1.1" 403 958 "-" "-"
40.69.220.236 - - [15/Apr/2025:09:52:57 -0400] "GET /wp-mail.php/wp-includes/ID3/rk2.php HTTP/1.1" 403 958 "-" "-"
198.54.114.83 - - [15/Apr/2025:09:53:03 -0400] "POST /wp-cron.php?doing_wp_cron=1744725178.0460278987884521484375 HTTP/1.1" 200 0 "-" "WordPress/6.7.1; https://garantishell.com"
51.222.253.12 - - [15/Apr/2025:09:53:05 -0400] "GET /revitalize-your-body-during-a-business-trip/ HTTP/1.1" 200 10499 "-" "Mozilla/5.0 (compatible; AhrefsBot/7.0; +http://ahrefs.com/robot/)"
40.69.220.236 - - [15/Apr/2025:09:53:06 -0400] "GET /wp-one.php HTTP/1.1" 404 6868 "-" "-"
46.250.169.30 - - [15/Apr/2025:09:53:09 -0400] "GET /die-beste-wahl-fur-scheidungsanwalte-in-hattingen/ HTTP/1.1" 200 10664 "https://garantishell.com/die-beste-wahl-fur-scheidungsanwalte-in-hattingen/" "Mozilla/5.0 (Macintosh; Intel Mac OS X 10_15_7) AppleWebKit/537.36 (KHTML, like Gecko) Chrome/123.0.0.0 Safari/537.36"
40.69.220.236 - - [15/Apr/2025:09:53:13 -0400] "GET /wp-post.php HTTP/1.1" 404 6868 "-" "-"
40.69.220.236 - - [15/Apr/2025:09:53:18 -0400] "GET /wp-scripts.php HTTP/1.1" 404 6868 "-" "-"
198.44.190.84 - - [15/Apr/2025:09:53:20 -0400] "GET /atomlib.php HTTP/1.1" 404 6868 "-" "Mozlila/5.0 (Linux; Android 7.0; SM-G892A Bulid/NRD90M; wv) AppleWebKit/537.36 (KHTML, like Gecko) Version/4.0 Chrome/60.0.3112.107 Moblie Safari/537.36"
40.69.220.236 - - [15/Apr/2025:09:53:25 -0400] "GET /wp-seo.php HTTP/1.1" 404 6869 "-" "-"
198.44.190.84 - - [15/Apr/2025:09:53:28 -0400] "GET /css.php HTTP/1.1" 404 6868 "-" "Mozlila/5.0 (Linux; Android 7.0; SM-G892A Bulid/NRD90M; wv) AppleWebKit/537.36 (KHTML, like Gecko) Version/4.0 Chrome/60.0.3112.107 Moblie Safari/537.36"
40.69.220.236 - - [15/Apr/2025:09:53:31 -0400] "GET /wp-settings.php HTTP/1.1" 500 0 "-" "-"
198.44.190.84 - - [15/Apr/2025:09:53:35 -0400] "GET /simple.php HTTP/1.1" 404 6868 "-" "Mozlila/5.0 (Linux; Android 7.0; SM-G892A Bulid/NRD90M; wv) AppleWebKit/537.36 (KHTML, like Gecko) Version/4.0 Chrome/60.0.3112.107 Moblie Safari/537.36"
40.69.220.236 - - [15/Apr/2025:09:53:36 -0400] "GET /wp-signin.php HTTP/1.1" 404 6868 "-" "-"
198.44.190.84 - - [15/Apr/2025:09:53:43 -0400] "GET /bypass.php HTTP/1.1" 404 6868 "-" "Mozlila/5.0 (Linux; Android 7.0; SM-G892A Bulid/NRD90M; wv) AppleWebKit/537.36 (KHTML, like Gecko) Version/4.0 Chrome/60.0.3112.107 Moblie Safari/537.36"
40.69.220.236 - - [15/Apr/2025:09:53:43 -0400] "GET /wp-signup.php HTTP/1.1" 302 0 "-" "-"
40.69.220.236 - - [15/Apr/2025:09:53:46 -0400] "GET /wp-login.php?action=register HTTP/1.1" 302 0 "-" "-"
40.69.220.236 - - [15/Apr/2025:09:53:50 -0400] "GET /wp-login.php?registration=disabled HTTP/1.1" 200 1800 "-" "-"
198.44.190.84 - - [15/Apr/2025:09:53:50 -0400] "GET /admin.php HTTP/1.1" 404 6869 "-" "Mozlila/5.0 (Linux; Android 7.0; SM-G892A Bulid/NRD90M; wv) AppleWebKit/537.36 (KHTML, like Gecko) Version/4.0 Chrome/60.0.3112.107 Moblie Safari/537.36"
40.69.220.236 - - [15/Apr/2025:09:53:56 -0400] "GET /wp-theme.php HTTP/1.1" 404 6869 "-" "-"
198.44.190.84 - - [15/Apr/2025:09:53:57 -0400] "GET /about.php HTTP/1.1" 404 6868 "-" "Mozlila/5.0 (Linux; Android 7.0; SM-G892A Bulid/NRD90M; wv) AppleWebKit/537.36 (KHTML, like Gecko) Version/4.0 Chrome/60.0.3112.107 Moblie Safari/537.36"
40.69.220.236 - - [15/Apr/2025:09:54:01 -0400] "GET /wp-trackback.php HTTP/1.1" 404 91 "-" "-"
198.54.114.83 - - [15/Apr/2025:09:54:03 -0400] "POST /wp-cron.php?doing_wp_cron=1744725241.8465900421142578125000 HTTP/1.1" 200 0 "-" "WordPress/6.7.1; https://garantishell.com"
198.44.190.84 - - [15/Apr/2025:09:54:03 -0400] "GET /theme.php HTTP/1.1" 404 6867 "-" "Mozlila/5.0 (Linux; Android 7.0; SM-G892A Bulid/NRD90M; wv) AppleWebKit/537.36 (KHTML, like Gecko) Version/4.0 Chrome/60.0.3112.107 Moblie Safari/537.36"
40.69.220.236 - - [15/Apr/2025:09:54:06 -0400] "GET /wp-uploads.php HTTP/1.1" 404 6868 "-" "-"
198.44.190.84 - - [15/Apr/2025:09:54:08 -0400] "GET /shell.php HTTP/1.1" 404 6868 "-" "Mozlila/5.0 (Linux; Android 7.0; SM-G892A Bulid/NRD90M; wv) AppleWebKit/537.36 (KHTML, like Gecko) Version/4.0 Chrome/60.0.3112.107 Moblie Safari/537.36"
40.69.220.236 - - [15/Apr/2025:09:54:12 -0400] "GET /wp-wso.php HTTP/1.1" 404 6868 "-" "-"
198.44.190.84 - - [15/Apr/2025:09:54:15 -0400] "GET /ws.php HTTP/1.1" 404 6868 "-" "Mozlila/5.0 (Linux; Android 7.0; SM-G892A Bulid/NRD90M; wv) AppleWebKit/537.36 (KHTML, like Gecko) Version/4.0 Chrome/60.0.3112.107 Moblie Safari/537.36"
40.69.220.236 - - [15/Apr/2025:09:54:17 -0400] "GET /wp.php HTTP/1.1" 404 6868 "-" "-"
198.44.190.84 - - [15/Apr/2025:09:54:20 -0400] "GET /wso112233.php HTTP/1.1" 404 6868 "-" "Mozlila/5.0 (Linux; Android 7.0; SM-G892A Bulid/NRD90M; wv) AppleWebKit/537.36 (KHTML, like Gecko) Version/4.0 Chrome/60.0.3112.107 Moblie Safari/537.36"
40.69.220.236 - - [15/Apr/2025:09:54:22 -0400] "GET /wp.php?p= HTTP/1.1" 301 0 "-" "-"
40.69.220.236 - - [15/Apr/2025:09:54:25 -0400] "GET /wp.php HTTP/1.1" 404 6868 "-" "-"
198.44.190.84 - - [15/Apr/2025:09:54:25 -0400] "GET /alfanew.php HTTP/1.1" 404 6868 "-" "Mozlila/5.0 (Linux; Android 7.0; SM-G892A Bulid/NRD90M; wv) AppleWebKit/537.36 (KHTML, like Gecko) Version/4.0 Chrome/60.0.3112.107 Moblie Safari/537.36"
40.69.220.236 - - [15/Apr/2025:09:54:29 -0400] "GET /wp2.php HTTP/1.1" 404 6868 "-" "-"
198.44.190.84 - - [15/Apr/2025:09:54:34 -0400] "GET /fw.php HTTP/1.1" 404 6868 "-" "Mozlila/5.0 (Linux; Android 7.0; SM-G892A Bulid/NRD90M; wv) AppleWebKit/537.36 (KHTML, like Gecko) Version/4.0 Chrome/60.0.3112.107 Moblie Safari/537.36"
40.69.220.236 - - [15/Apr/2025:09:54:35 -0400] "GET /wp_class_datalib.php HTTP/1.1" 404 6869 "-" "-"
198.44.190.84 - - [15/Apr/2025:09:54:40 -0400] "GET /style.php HTTP/1.1" 404 6867 "-" "Mozlila/5.0 (Linux; Android 7.0; SM-G892A Bulid/NRD90M; wv) AppleWebKit/537.36 (KHTML, like Gecko) Version/4.0 Chrome/60.0.3112.107 Moblie Safari/537.36"
40.69.220.236 - - [15/Apr/2025:09:54:41 -0400] "GET /wp_wrong_datlib.php HTTP/1.1" 404 6867 "-" "-"
40.69.220.236 - - [15/Apr/2025:09:54:44 -0400] "GET /ws.php HTTP/1.1" 404 6868 "-" "-"
198.44.190.84 - - [15/Apr/2025:09:54:43 -0400] "GET /radio.php HTTP/1.1" 404 6867 "-" "Mozlila/5.0 (Linux; Android 7.0; SM-G892A Bulid/NRD90M; wv) AppleWebKit/537.36 (KHTML, like Gecko) Version/4.0 Chrome/60.0.3112.107 Moblie Safari/537.36"
40.69.220.236 - - [15/Apr/2025:09:54:46 -0400] "GET /ws.php?p= HTTP/1.1" 301 0 "-" "-"
40.69.220.236 - - [15/Apr/2025:09:54:48 -0400] "GET /ws.php HTTP/1.1" 404 6868 "-" "-"
198.44.190.84 - - [15/Apr/2025:09:54:48 -0400] "GET /corn.php HTTP/1.1" 404 6868 "-" "Mozlila/5.0 (Linux; Android 7.0; SM-G892A Bulid/NRD90M; wv) AppleWebKit/537.36 (KHTML, like Gecko) Version/4.0 Chrome/60.0.3112.107 Moblie Safari/537.36"
40.69.220.236 - - [15/Apr/2025:09:54:51 -0400] "GET /wsa.php HTTP/1.1" 404 6868 "-" "-"
198.44.190.84 - - [15/Apr/2025:09:54:54 -0400] "GET /login.php HTTP/1.1" 302 0 "-" "Mozlila/5.0 (Linux; Android 7.0; SM-G892A Bulid/NRD90M; wv) AppleWebKit/537.36 (KHTML, like Gecko) Version/4.0 Chrome/60.0.3112.107 Moblie Safari/537.36"
198.44.190.84 - - [15/Apr/2025:09:54:56 -0400] "GET /wp-login.php HTTP/1.1" 200 1735 "-" "Mozlila/5.0 (Linux; Android 7.0; SM-G892A Bulid/NRD90M; wv) AppleWebKit/537.36 (KHTML, like Gecko) Version/4.0 Chrome/60.0.3112.107 Moblie Safari/537.36"
40.69.220.236 - - [15/Apr/2025:09:54:56 -0400] "GET /wso.php HTTP/1.1" 404 6868 "-" "-"
40.69.220.236 - - [15/Apr/2025:09:55:04 -0400] "GET /wso112233.php HTTP/1.1" 404 6868 "-" "-"
198.44.190.84 - - [15/Apr/2025:09:55:05 -0400] "GET /wp-login.php HTTP/1.1" 200 1735 "-" "Mozlila/5.0 (Linux; Android 7.0; SM-G892A Bulid/NRD90M; wv) AppleWebKit/537.36 (KHTML, like Gecko) Version/4.0 Chrome/60.0.3112.107 Moblie Safari/537.36"
40.69.220.236 - - [15/Apr/2025:09:55:12 -0400] "GET /wso2.php HTTP/1.1" 404 6868 "-" "-"
198.54.114.83 - - [15/Apr/2025:09:55:16 -0400] "POST /wp-cron.php?doing_wp_cron=1744725313.2925319671630859375000 HTTP/1.1" 200 0 "-" "WordPress/6.7.1; https://garantishell.com"
40.69.220.236 - - [15/Apr/2025:09:55:22 -0400] "GET /wsoyanz.php HTTP/1.1" 404 6868 "-" "-"
40.69.220.236 - - [15/Apr/2025:09:55:27 -0400] "GET /x.php HTTP/1.1" 404 6868 "-" "-"
40.69.220.236 - - [15/Apr/2025:09:55:33 -0400] "GET /x/index.php HTTP/1.1" 301 0 "-" "-"
40.69.220.236 - - [15/Apr/2025:09:55:36 -0400] "GET /x/ HTTP/1.1" 404 6868 "-" "-"
40.69.220.236 - - [15/Apr/2025:09:55:43 -0400] "GET /x2.php HTTP/1.1" 404 6868 "-" "-"
40.69.220.236 - - [15/Apr/2025:09:55:51 -0400] "GET /xindex.php HTTP/1.1" 404 6868 "-" "-"
51.222.253.4 - - [15/Apr/2025:09:55:56 -0400] "GET /author/admin/page/28/ HTTP/1.1" 200 9486 "-" "Mozilla/5.0 (compatible; AhrefsBot/7.0; +http://ahrefs.com/robot/)"
40.69.220.236 - - [15/Apr/2025:09:55:57 -0400] "GET /xl.php HTTP/1.1" 404 6868 "-" "-"
40.69.220.236 - - [15/Apr/2025:09:56:03 -0400] "GET /xleet-shell.php HTTP/1.1" 404 6868 "-" "-"
40.69.220.236 - - [15/Apr/2025:09:56:11 -0400] "GET /xleet.php HTTP/1.1" 404 6868 "-" "-"
40.69.220.236 - - [15/Apr/2025:09:56:17 -0400] "GET /xml.php HTTP/1.1" 404 6868 "-" "-"
198.54.114.83 - - [15/Apr/2025:09:56:21 -0400] "POST /wp-cron.php?doing_wp_cron=1744725377.8054230213165283203125 HTTP/1.1" 200 0 "-" "WordPress/6.7.1; https://garantishell.com"
40.69.220.236 - - [15/Apr/2025:09:56:26 -0400] "GET /xmlrpc.php HTTP/1.1" 405 46 "-" "-"
40.69.220.236 - - [15/Apr/2025:09:56:33 -0400] "GET /xmlrpc.php0 HTTP/1.1" 404 6869 "-" "-"
40.69.220.236 - - [15/Apr/2025:09:56:41 -0400] "GET /xmlrpc.php?cmd=eval HTTP/1.1" 405 46 "-" "-"
40.69.220.236 - - [15/Apr/2025:09:56:47 -0400] "GET /xmlrpc.php?p= HTTP/1.1" 405 46 "-" "-"
40.69.220.236 - - [15/Apr/2025:09:56:52 -0400] "GET /xmrlpc.php?p= HTTP/1.1" 301 0 "-" "-"
40.69.220.236 - - [15/Apr/2025:09:56:55 -0400] "GET /xmrlpc.php HTTP/1.1" 404 6869 "-" "-"
40.69.220.236 - - [15/Apr/2025:09:57:02 -0400] "GET /xx.php HTTP/1.1" 404 6868 "-" "-"
40.69.220.236 - - [15/Apr/2025:09:57:06 -0400] "GET /xxx.php HTTP/1.1" 404 6868 "-" "-"
40.69.220.236 - - [15/Apr/2025:09:57:11 -0400] "GET /xz.php HTTP/1.1" 404 6868 "-" "-"
40.69.220.236 - - [15/Apr/2025:09:57:14 -0400] "GET /y7.php HTTP/1.1" 404 6868 "-" "-"
198.54.114.83 - - [15/Apr/2025:09:57:19 -0400] "POST /wp-cron.php?doing_wp_cron=1744725438.9193150997161865234375 HTTP/1.1" 200 0 "-" "WordPress/6.7.1; https://garantishell.com"
40.69.220.236 - - [15/Apr/2025:09:57:18 -0400] "GET /yanz.php HTTP/1.1" 404 6868 "-" "-"
198.54.114.83 - - [15/Apr/2025:09:57:21 -0400] "POST /wp-admin/admin-ajax.php?action=async_litespeed&nonce=OyWOCqfjGZL5i7GPBGgovXGbRbojqsTU&litespeed_type=imgoptm HTTP/1.1" 200 0 "-" "WordPress/6.7.1; https://garantishell.com"
40.69.220.236 - - [15/Apr/2025:09:57:22 -0400] "GET /ynz.PhP7 HTTP/1.1" 404 6868 "-" "-"
40.69.220.236 - - [15/Apr/2025:09:57:24 -0400] "GET /yq7.php HTTP/1.1" 404 6868 "-" "-"
40.69.220.236 - - [15/Apr/2025:09:57:27 -0400] "GET /z.php HTTP/1.1" 404 6868 "-" "-"
40.69.220.236 - - [15/Apr/2025:09:57:30 -0400] "GET /z63.php HTTP/1.1" 404 6868 "-" "-"
40.69.220.236 - - [15/Apr/2025:09:57:32 -0400] "GET /zT.php HTTP/1.1" 404 6868 "-" "-"
185.204.170.116 - - [15/Apr/2025:09:57:35 -0400] "GET /why-professional-home-inspection-services-are-essential/ HTTP/1.1" 200 10425 "-" "Mozilla/5.0 (Windows NT 10.0; WOW64) AppleWebKit/537.36 (KHTML, like Gecko) Chrome/114.0.0.0 Safari/537.36"
40.69.220.236 - - [15/Apr/2025:09:57:35 -0400] "GET /zqBSIrn38Ja.php HTTP/1.1" 404 6868 "-" "-"
185.204.170.116 - - [15/Apr/2025:09:57:37 -0400] "POST /wp-comments-post.php HTTP/1.1" 200 992 "https://garantishell.com/why-professional-home-inspection-services-are-essential/" "Mozilla/5.0 (Windows NT 10.0; WOW64) AppleWebKit/537.36 (KHTML, like Gecko) Chrome/114.0.0.0 Safari/537.36"
40.69.220.236 - - [15/Apr/2025:09:57:38 -0400] "GET /zwso.php HTTP/1.1" 404 6868 "-" "-"
185.204.170.116 - - [15/Apr/2025:09:57:40 -0400] "GET /why-professional-home-inspection-services-are-essential/ HTTP/1.1" 200 10425 "-" "Mozilla/5.0 (Windows NT 10.0; WOW64) AppleWebKit/537.36 (KHTML, like Gecko) Chrome/114.0.0.0 Safari/537.36"
40.69.220.236 - - [15/Apr/2025:09:57:42 -0400] "GET /zz.php HTTP/1.1" 404 6868 "-" "-"
164.52.205.112 - - [15/Apr/2025:09:58:14 -0400] "GET /wp-login.php HTTP/1.1" 200 1735 "-" "GRequests/0.10"
164.52.205.112 - - [15/Apr/2025:09:58:16 -0400] "POST /wp-login.php HTTP/1.1" 200 1870 "-" "GRequests/0.10"
51.222.253.14 - - [15/Apr/2025:09:58:39 -0400] "GET /author/admin/page/44/ HTTP/1.1" 200 9577 "-" "Mozilla/5.0 (compatible; AhrefsBot/7.0; +http://ahrefs.com/robot/)"
198.54.114.83 - - [15/Apr/2025:09:58:41 -0400] "POST /wp-cron.php?doing_wp_cron=1744725519.5204560756683349609375 HTTP/1.1" 200 0 "-" "WordPress/6.7.1; https://garantishell.com"
198.54.125.232 - - [15/Apr/2025:09:58:54 -0400] "POST /xmlrpc.php HTTP/1.1" 200 186 "https://garantishell.com" "Mozilla/5.0 (Macintosh; Intel Mac OS X 10_15_7; rv:127.0) Gecko/20100101 Firefox/127.0"
198.54.125.232 - - [15/Apr/2025:09:58:57 -0400] "POST /wp-login.php HTTP/1.1" 200 1863 "https://garantishell.com" "Mozilla/5.0 (Windows NT 10.0; Win64; x64; rv:128.0) Gecko/20100101 Firefox/128.0"
198.54.114.83 - - [15/Apr/2025:10:01:26 -0400] "POST /wp-cron.php?doing_wp_cron=1744725684.1915140151977539062500 HTTP/1.1" 200 0 "-" "WordPress/6.7.1; https://garantishell.com"
51.222.253.14 - - [15/Apr/2025:10:01:20 -0400] "GET /author/admin/page/57/ HTTP/1.1" 200 9658 "-" "Mozilla/5.0 (compatible; AhrefsBot/7.0; +http://ahrefs.com/robot/)"
2001:41d0:203:83e2:: - - [15/Apr/2025:10:03:56 -0400] "GET /wp-login.php HTTP/1.1" 200 1735 "-" "GRequests/0.10"
2001:41d0:203:83e2:: - - [15/Apr/2025:10:03:59 -0400] "POST /wp-login.php HTTP/1.1" 200 1868 "-" "GRequests/0.10"
198.54.114.83 - - [15/Apr/2025:10:04:05 -0400] "POST /wp-cron.php?doing_wp_cron=1744725843.7146000862121582031250 HTTP/1.1" 200 0 "-" "WordPress/6.7.1; https://garantishell.com"
51.222.253.13 - - [15/Apr/2025:10:04:15 -0400] "GET /the-dynamic-world-of-marketing-jobs/ HTTP/1.1" 200 10706 "-" "Mozilla/5.0 (compatible; AhrefsBot/7.0; +http://ahrefs.com/robot/)"
185.204.170.116 - - [15/Apr/2025:10:05:40 -0400] "GET /why-professional-home-inspection-services-are-essential/ HTTP/1.1" 200 10425 "-" "Mozilla/5.0 (Macintosh; Intel Mac OS X 12_5) AppleWebKit/537.36 (KHTML, like Gecko) Chrome/114.0.0.0 YaBrowser/22.7.0 Yowser/2.5 Safari/537.36"
145.239.10.137 - - [15/Apr/2025:10:06:44 -0400] "GET /lwbeeshell.php HTTP/1.1" 404 6868 "https://garantishell.com/lwbeeshell.php" "Mozilla/5.0 (iPhone; CPU iPhone OS 17_5_1 like Mac OS X) AppleWebKit/605.1.15 (KHTML, like Gecko) Version/17.5 Mobile/15E148 Safari/604.1"
198.54.114.83 - - [15/Apr/2025:10:06:51 -0400] "POST /wp-cron.php?doing_wp_cron=1744726008.0669839382171630859375 HTTP/1.1" 200 0 "-" "WordPress/6.7.1; https://garantishell.com"
101.44.25.64 - - [15/Apr/2025:10:07:08 -0400] "GET /the-appeal-of-retro-bowl-unblocked/ HTTP/1.1" 200 10430 "https://garantishell.com/the-appeal-of-retro-bowl-unblocked/" "Mozilla/5.0 (Macintosh; Intel Mac OS X 10_15_7) AppleWebKit/537.36 (KHTML, like Gecko) Chrome/120.0.0.0 Safari/537.36"
51.222.253.1 - - [15/Apr/2025:10:07:12 -0400] "GET /el-arte-de-guiar-a-los-atletas-hacia-el-exito/ HTTP/1.1" 200 10831 "-" "Mozilla/5.0 (compatible; AhrefsBot/7.0; +http://ahrefs.com/robot/)"
51.222.253.20 - - [15/Apr/2025:10:10:16 -0400] "GET /effizienters-umzugsservices-in-luneburg/ HTTP/1.1" 200 10615 "-" "Mozilla/5.0 (compatible; AhrefsBot/7.0; +http://ahrefs.com/robot/)"
198.54.114.83 - - [15/Apr/2025:10:10:23 -0400] "POST /wp-cron.php?doing_wp_cron=1744726221.2458660602569580078125 HTTP/1.1" 200 0 "-" "WordPress/6.7.1; https://garantishell.com"
192.99.19.65 - - [15/Apr/2025:10:11:40 -0400] "POST /xmlrpc.php HTTP/1.1" 200 186 "https://garantishell.com" "Mozilla/5.0 (Windows NT 10.0; Win64; x64) AppleWebKit/537.36 (KHTML, like Gecko) Chrome/114.0.5735.134 Safari/537.36"
198.54.114.83 - - [15/Apr/2025:10:11:43 -0400] "POST /wp-cron.php?doing_wp_cron=1744726300.5887839794158935546875 HTTP/1.1" 200 0 "-" "WordPress/6.7.1; https://garantishell.com"
192.99.19.65 - - [15/Apr/2025:10:11:45 -0400] "POST /wp-login.php HTTP/1.1" 200 1863 "https://garantishell.com" "Mozilla/5.0 (Macintosh; Intel Mac OS X 13_3) AppleWebKit/537.36 (KHTML, like Gecko) Chrome/126.0.0.0 Safari/537.36 Edg/126.0.0.0"
51.222.253.10 - - [15/Apr/2025:10:13:39 -0400] "GET /suwon-business-tripe-massage/ HTTP/1.1" 200 9878 "-" "Mozilla/5.0 (compatible; AhrefsBot/7.0; +http://ahrefs.com/robot/)"
198.54.114.83 - - [15/Apr/2025:10:13:46 -0400] "POST /wp-cron.php?doing_wp_cron=1744726423.7583839893341064453125 HTTP/1.1" 200 0 "-" "WordPress/6.7.1; https://garantishell.com"
51.222.253.1 - - [15/Apr/2025:10:16:45 -0400] "GET /the-rise-of-airbnb-as-a-global-hospitality-game-changer/ HTTP/1.1" 200 11183 "-" "Mozilla/5.0 (compatible; AhrefsBot/7.0; +http://ahrefs.com/robot/)"
198.54.114.83 - - [15/Apr/2025:10:16:52 -0400] "POST /wp-cron.php?doing_wp_cron=1744726609.9335720539093017578125 HTTP/1.1" 200 0 "-" "WordPress/6.7.1; https://garantishell.com"
51.222.253.12 - - [15/Apr/2025:10:19:43 -0400] "GET /page/46/ HTTP/1.1" 200 9840 "-" "Mozilla/5.0 (compatible; AhrefsBot/7.0; +http://ahrefs.com/robot/)"
198.54.114.83 - - [15/Apr/2025:10:19:51 -0400] "POST /wp-cron.php?doing_wp_cron=1744726788.2865629196166992187500 HTTP/1.1" 200 0 "-" "WordPress/6.7.1; https://garantishell.com"
198.54.114.83 - - [15/Apr/2025:10:21:08 -0400] "POST /wp-cron.php?doing_wp_cron=1744726866.9669599533081054687500 HTTP/1.1" 200 0 "-" "WordPress/6.7.1; https://garantishell.com"
188.239.12.178 - - [15/Apr/2025:10:21:06 -0400] "GET /the-power-of-free-teaching-resources/ HTTP/1.1" 200 10807 "https://garantishell.com/the-power-of-free-teaching-resources/" "Mozilla/5.0 (Windows NT 10.0; Win64; x64) AppleWebKit/537.36 (KHTML, like Gecko) Chrome/101.0.4951.67 Safari/537.36"
13.90.158.103 - - [15/Apr/2025:10:21:10 -0400] "GET /wp-content/plugins/hellopress/wp_filemanager.php HTTP/1.1" 404 6868 "-" "-"
13.90.158.103 - - [15/Apr/2025:10:21:14 -0400] "GET /admin/function.php HTTP/1.1" 404 6867 "-" "-"
13.90.158.103 - - [15/Apr/2025:10:21:17 -0400] "GET /admin.php HTTP/1.1" 404 6868 "-" "-"
13.90.158.103 - - [15/Apr/2025:10:21:21 -0400] "GET /config.php HTTP/1.1" 404 6868 "-" "-"
13.90.158.103 - - [15/Apr/2025:10:21:25 -0400] "GET /about/function.php HTTP/1.1" 404 6868 "-" "-"
13.90.158.103 - - [15/Apr/2025:10:21:28 -0400] "GET /lock.php HTTP/1.1" 404 6868 "-" "-"
13.90.158.103 - - [15/Apr/2025:10:21:32 -0400] "GET /simple.php HTTP/1.1" 404 6868 "-" "-"
13.90.158.103 - - [15/Apr/2025:10:21:37 -0400] "GET /radio.php HTTP/1.1" 404 6867 "-" "-"
13.90.158.103 - - [15/Apr/2025:10:21:41 -0400] "GET /wp-mail.php HTTP/1.1" 403 958 "-" "-"
13.90.158.103 - - [15/Apr/2025:10:21:46 -0400] "GET /wp-content/index.php HTTP/1.1" 200 0 "-" "-"
13.90.158.103 - - [15/Apr/2025:10:21:50 -0400] "GET /alfa.php HTTP/1.1" 404 6868 "-" "-"
13.90.158.103 - - [15/Apr/2025:10:21:55 -0400] "GET /.well-known/acme-challenge/index.php HTTP/1.1" 301 0 "-" "-"
13.90.158.103 - - [15/Apr/2025:10:21:58 -0400] "GET /.well-known/acme-challenge/ HTTP/1.1" 404 6868 "-" "-"
13.90.158.103 - - [15/Apr/2025:10:22:05 -0400] "GET /wp-content/plugins/index.php HTTP/1.1" 200 0 "-" "-"
13.90.158.103 - - [15/Apr/2025:10:22:14 -0400] "GET /text.php HTTP/1.1" 200 0 "-" "-"
198.54.114.83 - - [15/Apr/2025:10:22:18 -0400] "POST /wp-cron.php?doing_wp_cron=1744726935.2049489021301269531250 HTTP/1.1" 200 0 "-" "WordPress/6.7.1; https://garantishell.com"
51.222.253.20 - - [15/Apr/2025:10:22:49 -0400] "GET /author/admin/page/45/ HTTP/1.1" 200 9680 "-" "Mozilla/5.0 (compatible; AhrefsBot/7.0; +http://ahrefs.com/robot/)"
80.94.97.38 - - [15/Apr/2025:10:24:14 -0400] "POST /xmlrpc.php HTTP/1.1" 200 0 "https://garantishell.com" "Mozilla/5.0 (Macintosh; Intel Mac OS X 10_15_7; rv:126.0) Gecko/20100101 Firefox/126.0"
198.54.114.83 - - [15/Apr/2025:10:24:22 -0400] "POST /wp-cron.php?doing_wp_cron=1744727059.2465789318084716796875 HTTP/1.1" 200 0 "-" "WordPress/6.7.1; https://garantishell.com"
109.123.236.97 - - [15/Apr/2025:10:25:08 -0400] "GET /wp-login.php HTTP/1.1" 200 1735 "-" "GRequests/0.10"
109.123.236.97 - - [15/Apr/2025:10:25:14 -0400] "POST /wp-login.php HTTP/1.1" 200 1878 "-" "GRequests/0.10"
51.222.253.5 - - [15/Apr/2025:10:25:43 -0400] "GET /business-trip-massagees/ HTTP/1.1" 200 10092 "-" "Mozilla/5.0 (compatible; AhrefsBot/7.0; +http://ahrefs.com/robot/)"
198.54.114.83 - - [15/Apr/2025:10:25:46 -0400] "POST /wp-cron.php?doing_wp_cron=1744727143.9702150821685791015625 HTTP/1.1" 200 0 "-" "WordPress/6.7.1; https://garantishell.com"
23.22.107.123 - - [15/Apr/2025:10:27:10 -0400] "GET /the-rise-of-ai-agents-in-modern-technology/ HTTP/1.1" 200 0 "-" "Grammarly/1.0 (http://www.grammarly.com)"
198.54.114.83 - - [15/Apr/2025:10:27:20 -0400] "POST /wp-cron.php?doing_wp_cron=1744727236.7080240249633789062500 HTTP/1.1" 200 0 "-" "WordPress/6.7.1; https://garantishell.com"
51.222.253.7 - - [15/Apr/2025:10:28:48 -0400] "GET /umzugsunternehmen-luneburg-fur-stressfreie-umzuge/ HTTP/1.1" 200 10687 "-" "Mozilla/5.0 (compatible; AhrefsBot/7.0; +http://ahrefs.com/robot/)"
198.54.114.83 - - [15/Apr/2025:10:28:55 -0400] "POST /wp-cron.php?doing_wp_cron=1744727331.3253819942474365234375 HTTP/1.1" 200 0 "-" "WordPress/6.7.1; https://garantishell.com"
66.249.66.42 - - [15/Apr/2025:10:31:27 -0400] "GET /category/arts-entertainments/ HTTP/1.1" 200 9405 "-" "Mozilla/5.0 (Linux; Android 6.0.1; Nexus 5X Build/MMB29P) AppleWebKit/537.36 (KHTML, like Gecko) Chrome/135.0.7049.84 Mobile Safari/537.36 (compatible; Googlebot/2.1; +http://www.google.com/bot.html)"
51.222.253.12 - - [15/Apr/2025:10:31:53 -0400] "GET /navigating-the-anyone-protocol-staking-dashboard/ HTTP/1.1" 200 10472 "-" "Mozilla/5.0 (compatible; AhrefsBot/7.0; +http://ahrefs.com/robot/)"
198.54.114.83 - - [15/Apr/2025:10:32:00 -0400] "POST /wp-cron.php?doing_wp_cron=1744727517.7930669784545898437500 HTTP/1.1" 200 0 "-" "WordPress/6.7.1; https://garantishell.com"
162.243.72.223 - - [15/Apr/2025:10:34:22 -0400] "GET /wp-login.php HTTP/1.1" 200 1735 "-" "GRequests/0.10"
162.243.72.223 - - [15/Apr/2025:10:34:24 -0400] "POST /wp-login.php HTTP/1.1" 200 1870 "-" "GRequests/0.10"
198.54.114.83 - - [15/Apr/2025:10:34:32 -0400] "POST /wp-cron.php?doing_wp_cron=1744727669.3198759555816650390625 HTTP/1.1" 200 0 "-" "WordPress/6.7.1; https://garantishell.com"
51.222.253.7 - - [15/Apr/2025:10:34:44 -0400] "GET /the-evolution-of-online-cultural-gift-certificates/ HTTP/1.1" 200 10982 "-" "Mozilla/5.0 (compatible; AhrefsBot/7.0; +http://ahrefs.com/robot/)"
107.178.110.130 - - [15/Apr/2025:10:34:46 -0400] "GET /why-professional-home-inspection-services-are-essential/ HTTP/1.1" 200 10425 "http://garantishell.com/why-professional-home-inspection-services-are-essential/" "Mozilla/5.0 (Macintosh; Intel Mac OS X 12_5) AppleWebKit/537.36 (KHTML, like Gecko) Chrome/114.0.0.0 YaBrowser/22.7.0 Yowser/2.5 Safari/537.36"
110.238.108.241 - - [15/Apr/2025:10:35:08 -0400] "GET /category/arts-entertainments/page/11 HTTP/1.1" 301 0 "https://garantishell.com/category/arts-entertainments/page/11" "Mozilla/5.0 (Windows NT 10.0; Win64; x64) AppleWebKit/537.36 (KHTML, like Gecko) Chrome/107.0.0.0 Safari/537.36"
110.238.108.241 - - [15/Apr/2025:10:35:13 -0400] "GET /category/arts-entertainments/page/11/ HTTP/1.1" 200 9489 "https://garantishell.com/category/arts-entertainments/page/11/" "Mozilla/5.0 (Windows NT 10.0; Win64; x64) AppleWebKit/537.36 (KHTML, like Gecko) Chrome/107.0.0.0 Safari/537.36"
50.57.19.18 - - [15/Apr/2025:10:36:29 -0400] "GET /wp-login.php HTTP/1.1" 200 1735 "-" "GRequests/0.10"
50.57.19.18 - - [15/Apr/2025:10:36:32 -0400] "POST /wp-login.php HTTP/1.1" 200 1870 "-" "GRequests/0.10"
198.54.114.83 - - [15/Apr/2025:10:36:35 -0400] "POST /wp-cron.php?doing_wp_cron=1744727793.0914509296417236328125 HTTP/1.1" 200 0 "-" "WordPress/6.7.1; https://garantishell.com"
66.29.137.63 - - [15/Apr/2025:10:36:59 -0400] "POST /xmlrpc.php HTTP/1.1" 200 186 "https://garantishell.com" "Mozilla/5.0 (Windows NT 10.0; Win64; x64) AppleWebKit/537.36 (KHTML, like Gecko) Chrome/113.0.5672.126 Safari/537.36 Edg/113.0.1774.50"
51.222.253.16 - - [15/Apr/2025:10:37:24 -0400] "GET /der-umzugsservice-in-hamburg-ihre-experten-fur-stressfreies-umziehen/ HTTP/1.1" 200 10471 "-" "Mozilla/5.0 (compatible; AhrefsBot/7.0; +http://ahrefs.com/robot/)"
134.122.196.8 - - [15/Apr/2025:10:38:00 -0400] "GET /statics/img/login_bg.jpg HTTP/1.1" 404 6868 "http://garantishell.com" "AppleWebKit/534.46 (KHTML,like Gecko) Version/5.1 Mobile Safari/10600.6.3"
198.54.114.83 - - [15/Apr/2025:10:38:04 -0400] "POST /wp-cron.php?doing_wp_cron=1744727880.5904200077056884765625 HTTP/1.1" 200 0 "-" "WordPress/6.7.1; https://garantishell.com"
