217.113.194.181 - - [16/Apr/2025:08:22:08 -0400] "GET /the-path-to-fixing-forward-head-posture/feed/ HTTP/1.1" 200 408 "-" "Mozilla/5.0 (compatible; Barkrowler/0.9; +https://babbar.tech/crawler)"
198.54.114.83 - - [16/Apr/2025:08:22:10 -0400] "POST /wp-cron.php?doing_wp_cron=1744806128.7482740879058837890625 HTTP/1.1" 200 0 "-" "WordPress/6.8; https://garantishell.com"
51.222.253.4 - - [16/Apr/2025:08:22:19 -0400] "GET /trennung-und-neuanfang-ihr-anwalt-fur-scheidungsfragen-in-hattingen/feed/ HTTP/1.1" 304 0 "-" "Mozilla/5.0 (compatible; AhrefsBot/7.0; +http://ahrefs.com/robot/)"
154.54.249.212 - - [16/Apr/2025:08:22:26 -0400] "GET /the-path-to-becoming-a-skilled-author/ HTTP/1.1" 200 10982 "-" "Mozilla/5.0 (compatible; Barkrowler/0.9; +https://babbar.tech/crawler)"
2001:67c:2070:c977::1 - - [16/Apr/2025:08:22:44 -0400] "POST /xmlrpc.php HTTP/1.1" 200 186 "https://garantishell.com" "Mozilla/5.0 (Macintosh; Intel Mac OS X 10.15; rv:126.0) Gecko/20100101 Firefox/126.0"
217.113.194.178 - - [16/Apr/2025:08:22:44 -0400] "GET /scelta-del-passeggino-trio/feed/ HTTP/1.1" 200 388 "-" "Mozilla/5.0 (compatible; Barkrowler/0.9; +https://babbar.tech/crawler)"
217.113.194.179 - - [16/Apr/2025:08:23:04 -0400] "GET /secure-and-private-hosting-with-anonymous-vps/ HTTP/1.1" 200 10775 "-" "Mozilla/5.0 (compatible; Barkrowler/0.9; +https://babbar.tech/crawler)"
198.54.114.83 - - [16/Apr/2025:08:23:22 -0400] "POST /wp-cron.php?doing_wp_cron=1744806202.5148439407348632812500 HTTP/1.1" 200 0 "-" "WordPress/6.8; https://garantishell.com"
217.113.194.176 - - [16/Apr/2025:08:23:22 -0400] "GET /master-the-art-of-learning-with-an-sms-course/ HTTP/1.1" 200 10099 "-" "Mozilla/5.0 (compatible; Barkrowler/0.9; +https://babbar.tech/crawler)"
198.54.114.83 - - [16/Apr/2025:08:23:24 -0400] "POST /wp-admin/admin-ajax.php?action=async_litespeed&nonce=0eovTZq6bTfLuAMbbCiLxQOYqgw9NA1Z&litespeed_type=imgoptm HTTP/1.1" 200 0 "-" "WordPress/6.8; https://garantishell.com"
217.113.194.180 - - [16/Apr/2025:08:23:41 -0400] "GET /master-the-art-of-learning-with-an-sms-course/feed/ HTTP/1.1" 200 422 "-" "Mozilla/5.0 (compatible; Barkrowler/0.9; +https://babbar.tech/crawler)"
198.54.114.83 - - [16/Apr/2025:08:23:43 -0400] "POST /wp-cron.php?doing_wp_cron=1744806221.4855909347534179687500 HTTP/1.1" 200 0 "-" "WordPress/6.8; https://garantishell.com"
217.113.194.176 - - [16/Apr/2025:08:24:01 -0400] "GET /the-therapeutic-benefits-of-spa-massage-therapy/ HTTP/1.1" 200 11104 "-" "Mozilla/5.0 (compatible; Barkrowler/0.9; +https://babbar.tech/crawler)"
217.113.194.181 - - [16/Apr/2025:08:24:22 -0400] "GET /the-efficiency-of-underfloor-heating-pipes/ HTTP/1.1" 200 10488 "-" "Mozilla/5.0 (compatible; Barkrowler/0.9; +https://babbar.tech/crawler)"
217.113.194.177 - - [16/Apr/2025:08:24:44 -0400] "GET /the-evolution-and-controversies-of-online-betting/feed/ HTTP/1.1" 200 414 "-" "Mozilla/5.0 (compatible; Barkrowler/0.9; +https://babbar.tech/crawler)"
198.54.114.83 - - [16/Apr/2025:08:24:49 -0400] "POST /wp-cron.php?doing_wp_cron=1744806284.8030130863189697265625 HTTP/1.1" 200 0 "-" "WordPress/6.8; https://garantishell.com"
217.113.194.179 - - [16/Apr/2025:08:25:09 -0400] "GET /the-rise-of-psilocybin-grow-bags/ HTTP/1.1" 200 10552 "-" "Mozilla/5.0 (compatible; Barkrowler/0.9; +https://babbar.tech/crawler)"
217.113.194.178 - - [16/Apr/2025:08:25:30 -0400] "GET /the-versatility-of-gift-certificate-credit-cards/feed/ HTTP/1.1" 200 419 "-" "Mozilla/5.0 (compatible; Barkrowler/0.9; +https://babbar.tech/crawler)"
217.113.194.179 - - [16/Apr/2025:08:25:51 -0400] "GET /strategies-to-get-shares-on-tiktok/feed/ HTTP/1.1" 200 401 "-" "Mozilla/5.0 (compatible; Barkrowler/0.9; +https://babbar.tech/crawler)"
198.54.114.83 - - [16/Apr/2025:08:25:56 -0400] "POST /wp-cron.php?doing_wp_cron=1744806351.3841109275817871093750 HTTP/1.1" 200 0 "-" "WordPress/6.8; https://garantishell.com"
162.243.72.223 - - [16/Apr/2025:08:26:11 -0400] "GET /wp-login.php HTTP/1.1" 200 1734 "-" "GRequests/0.10"
217.113.194.178 - - [16/Apr/2025:08:26:14 -0400] "GET /building-opportunities-with-cabinet-franchises/feed/ HTTP/1.1" 200 407 "-" "Mozilla/5.0 (compatible; Barkrowler/0.9; +https://babbar.tech/crawler)"
162.243.72.223 - - [16/Apr/2025:08:26:18 -0400] "POST /wp-login.php HTTP/1.1" 200 1868 "-" "GRequests/0.10"
217.113.194.173 - - [16/Apr/2025:08:26:36 -0400] "GET /introduction-to-ppr-pipes-and-fittings/feed/ HTTP/1.1" 200 397 "-" "Mozilla/5.0 (compatible; Barkrowler/0.9; +https://babbar.tech/crawler)"
51.222.253.9 - - [16/Apr/2025:08:26:43 -0400] "GET /web-design-sydney-excellence-in-user-centric-design/ HTTP/1.1" 200 11017 "-" "Mozilla/5.0 (compatible; AhrefsBot/7.0; +http://ahrefs.com/robot/)"
217.113.194.179 - - [16/Apr/2025:08:26:55 -0400] "GET /rejuvenating-business-trip-massage-experience/ HTTP/1.1" 200 10527 "-" "Mozilla/5.0 (compatible; Barkrowler/0.9; +https://babbar.tech/crawler)"
198.54.114.83 - - [16/Apr/2025:08:27:00 -0400] "POST /wp-cron.php?doing_wp_cron=1744806416.2588520050048828125000 HTTP/1.1" 200 0 "-" "WordPress/6.8; https://garantishell.com"
217.113.194.180 - - [16/Apr/2025:08:27:16 -0400] "GET /rejuvenating-business-trip-massage-experience/feed/ HTTP/1.1" 200 405 "-" "Mozilla/5.0 (compatible; Barkrowler/0.9; +https://babbar.tech/crawler)"
217.113.194.174 - - [16/Apr/2025:08:27:34 -0400] "GET /die-bedeutung-von-kindergeschichten/feed/ HTTP/1.1" 200 398 "-" "Mozilla/5.0 (compatible; Barkrowler/0.9; +https://babbar.tech/crawler)"
217.113.194.176 - - [16/Apr/2025:08:27:52 -0400] "GET /die-magische-welt-der-kindergeschichten/ HTTP/1.1" 200 11394 "-" "Mozilla/5.0 (compatible; Barkrowler/0.9; +https://babbar.tech/crawler)"
217.113.194.174 - - [16/Apr/2025:08:28:10 -0400] "GET /navigating-the-anyone-protocol-staking-dashboard/feed/ HTTP/1.1" 200 409 "-" "Mozilla/5.0 (compatible; Barkrowler/0.9; +https://babbar.tech/crawler)"
198.54.114.83 - - [16/Apr/2025:08:28:13 -0400] "POST /wp-cron.php?doing_wp_cron=1744806491.1129209995269775390625 HTTP/1.1" 200 0 "-" "WordPress/6.8; https://garantishell.com"
217.113.194.180 - - [16/Apr/2025:08:28:29 -0400] "GET /navigating-the-world-of-steroids-in-thailand/ HTTP/1.1" 200 10795 "-" "Mozilla/5.0 (compatible; Barkrowler/0.9; +https://babbar.tech/crawler)"
217.113.194.173 - - [16/Apr/2025:08:28:49 -0400] "GET /conception-ergonomique-pour-le-confort-optimal/feed/ HTTP/1.1" 200 412 "-" "Mozilla/5.0 (compatible; Barkrowler/0.9; +https://babbar.tech/crawler)"
217.113.194.179 - - [16/Apr/2025:08:29:09 -0400] "GET /innovative-hangelampe-fur-modernes-wohnen/ HTTP/1.1" 200 11099 "-" "Mozilla/5.0 (compatible; Barkrowler/0.9; +https://babbar.tech/crawler)"
190.92.208.129 - - [16/Apr/2025:08:29:22 -0400] "GET /pot-of-gold-awaits-dive-into-the-world-of-rainbow-riches-casino/ HTTP/1.1" 200 10783 "https://garantishell.com/pot-of-gold-awaits-dive-into-the-world-of-rainbow-riches-casino/#primary" "Mozilla/5.0 (Windows NT 10.0; Win64; x64) AppleWebKit/537.36 (KHTML, like Gecko) Chrome/101.0.4951.67 Safari/537.36"
198.54.114.83 - - [16/Apr/2025:08:29:26 -0400] "POST /wp-cron.php?doing_wp_cron=1744806562.4338870048522949218750 HTTP/1.1" 200 0 "-" "WordPress/6.8; https://garantishell.com"
217.113.194.172 - - [16/Apr/2025:08:29:30 -0400] "GET /the-growing-demand-for-chiropractors-in-dubai/ HTTP/1.1" 200 10762 "-" "Mozilla/5.0 (compatible; Barkrowler/0.9; +https://babbar.tech/crawler)"
217.113.194.175 - - [16/Apr/2025:08:29:49 -0400] "GET /the-art-of-bento-a-culinary-delight-in-a-box/ HTTP/1.1" 200 10732 "-" "Mozilla/5.0 (compatible; Barkrowler/0.9; +https://babbar.tech/crawler)"
217.113.194.178 - - [16/Apr/2025:08:30:09 -0400] "GET /revolutionizing-networking-the-digital-business-card/feed/ HTTP/1.1" 200 411 "-" "Mozilla/5.0 (compatible; Barkrowler/0.9; +https://babbar.tech/crawler)"
217.113.194.179 - - [16/Apr/2025:08:30:30 -0400] "GET /unlocking-the-power-of-buying-youtube-views/feed/ HTTP/1.1" 200 417 "-" "Mozilla/5.0 (compatible; Barkrowler/0.9; +https://babbar.tech/crawler)"
198.54.114.83 - - [16/Apr/2025:08:30:35 -0400] "POST /wp-cron.php?doing_wp_cron=1744806631.2185530662536621093750 HTTP/1.1" 200 0 "-" "WordPress/6.8; https://garantishell.com"
51.222.253.10 - - [16/Apr/2025:08:30:51 -0400] "GET /apprendre-a-jouer-de-la-guitare-un-voyage-musical/ HTTP/1.1" 200 11075 "-" "Mozilla/5.0 (compatible; AhrefsBot/7.0; +http://ahrefs.com/robot/)"
217.113.194.178 - - [16/Apr/2025:08:30:52 -0400] "GET /unlocking-the-potential-of-premium-domains/feed/ HTTP/1.1" 200 404 "-" "Mozilla/5.0 (compatible; Barkrowler/0.9; +https://babbar.tech/crawler)"
216.244.66.241 - - [16/Apr/2025:08:31:00 -0400] "GET /maximizing-value-with-small-gift-certificate-payments/feed/ HTTP/1.1" 200 423 "-" "Mozilla/5.0 (compatible; DotBot/1.2; +https://opensiteexplorer.org/dotbot; help@moz.com)"
217.113.194.172 - - [16/Apr/2025:08:31:12 -0400] "GET /unlocking-privacy-the-cryptomixer-solution/ HTTP/1.1" 200 11049 "-" "Mozilla/5.0 (compatible; Barkrowler/0.9; +https://babbar.tech/crawler)"
216.244.66.241 - - [16/Apr/2025:08:31:23 -0400] "GET /title-key-insights-into-fda-otc-registration/feed/ HTTP/1.1" 200 413 "-" "Mozilla/5.0 (compatible; DotBot/1.2; +https://opensiteexplorer.org/dotbot; help@moz.com)"
217.113.194.172 - - [16/Apr/2025:08:31:33 -0400] "GET /benefits-of-a-virtual-receptionist-for-your-business/ HTTP/1.1" 200 10913 "-" "Mozilla/5.0 (compatible; Barkrowler/0.9; +https://babbar.tech/crawler)"
198.54.114.83 - - [16/Apr/2025:08:31:36 -0400] "POST /wp-cron.php?doing_wp_cron=1744806693.3305659294128417968750 HTTP/1.1" 200 0 "-" "WordPress/6.8; https://garantishell.com"
217.113.194.177 - - [16/Apr/2025:08:31:53 -0400] "GET /gute-nacht-geschichte-prinzessin/ HTTP/1.1" 200 10117 "-" "Mozilla/5.0 (compatible; Barkrowler/0.9; +https://babbar.tech/crawler)"
217.113.194.177 - - [16/Apr/2025:08:32:12 -0400] "GET /gute-nacht-geschichte-prinzessin/feed/ HTTP/1.1" 200 390 "-" "Mozilla/5.0 (compatible; Barkrowler/0.9; +https://babbar.tech/crawler)"
217.113.194.172 - - [16/Apr/2025:08:32:31 -0400] "GET /a-variety-of-options-for-every-family/feed/ HTTP/1.1" 200 404 "-" "Mozilla/5.0 (compatible; Barkrowler/0.9; +https://babbar.tech/crawler)"
217.113.194.175 - - [16/Apr/2025:08:32:51 -0400] "GET /understanding-high-quality-nude-photography/feed/ HTTP/1.1" 200 408 "-" "Mozilla/5.0 (compatible; Barkrowler/0.9; +https://babbar.tech/crawler)"
198.54.114.83 - - [16/Apr/2025:08:32:55 -0400] "POST /wp-cron.php?doing_wp_cron=1744806772.0090699195861816406250 HTTP/1.1" 200 0 "-" "WordPress/6.8; https://garantishell.com"
63.250.32.87 - - [16/Apr/2025:08:33:12 -0400] "POST /xmlrpc.php HTTP/1.1" 200 186 "https://garantishell.com" "Mozilla/5.0 (Windows NT 10.0; Win64; x64; rv:128.0) Gecko/20100101 Firefox/128.0"
217.113.194.172 - - [16/Apr/2025:08:33:13 -0400] "GET /le-charme-intemporel-du-mobilier-vintage/ HTTP/1.1" 200 11141 "-" "Mozilla/5.0 (compatible; Barkrowler/0.9; +https://babbar.tech/crawler)"
121.184.19.115 - - [16/Apr/2025:08:33:32 -0400] "GET /why-professional-home-inspection-services-are-essential/ HTTP/1.1" 200 10730 "-" "Mozilla/5.0 (Macintosh; Intel Mac OS X 12_5) AppleWebKit/605.1.15 (KHTML, like Gecko) Version/15.4 Safari/605.1.15"
217.113.194.176 - - [16/Apr/2025:08:33:32 -0400] "GET /mastering-the-craft-the-art-of-the-skill-seller/feed/ HTTP/1.1" 200 417 "-" "Mozilla/5.0 (compatible; Barkrowler/0.9; +https://babbar.tech/crawler)"
217.113.194.173 - - [16/Apr/2025:08:33:52 -0400] "GET /une-revolution-dans-le-monde-des-paris-en-ligne/ HTTP/1.1" 200 10684 "-" "Mozilla/5.0 (compatible; Barkrowler/0.9; +https://babbar.tech/crawler)"
198.54.114.83 - - [16/Apr/2025:08:33:56 -0400] "POST /wp-cron.php?doing_wp_cron=1744806833.1286160945892333984375 HTTP/1.1" 200 0 "-" "WordPress/6.8; https://garantishell.com"
154.54.249.212 - - [16/Apr/2025:08:34:13 -0400] "GET /best-practices-for-bathroom-renovations-in-small-spaces/ HTTP/1.1" 200 10741 "-" "Mozilla/5.0 (compatible; Barkrowler/0.9; +https://babbar.tech/crawler)"
217.113.194.175 - - [16/Apr/2025:08:34:35 -0400] "GET /le-defi-du-recrutement-dans-la-restauration/feed/ HTTP/1.1" 200 412 "-" "Mozilla/5.0 (compatible; Barkrowler/0.9; +https://babbar.tech/crawler)"
217.113.194.179 - - [16/Apr/2025:08:34:56 -0400] "GET /il-fascino-delle-carte-magic-the-gathering/ HTTP/1.1" 200 10941 "-" "Mozilla/5.0 (compatible; Barkrowler/0.9; +https://babbar.tech/crawler)"
198.54.114.83 - - [16/Apr/2025:08:35:00 -0400] "POST /wp-cron.php?doing_wp_cron=1744806896.4694418907165527343750 HTTP/1.1" 200 0 "-" "WordPress/6.8; https://garantishell.com"
51.222.253.13 - - [16/Apr/2025:08:35:14 -0400] "GET /game-changing-comfort-unveiling-the-power-of-sports-grip-socks/feed/ HTTP/1.1" 200 449 "-" "Mozilla/5.0 (compatible; AhrefsBot/7.0; +http://ahrefs.com/robot/)"
217.113.194.173 - - [16/Apr/2025:08:35:18 -0400] "GET /the-importance-of-relaxation-during-business-trips/ HTTP/1.1" 200 10412 "-" "Mozilla/5.0 (compatible; Barkrowler/0.9; +https://babbar.tech/crawler)"
66.249.77.131 - - [16/Apr/2025:08:35:20 -0400] "GET /zuverlassige-umzugsfirma-in-hamburg-fur-einen-stressfreien-umzug/ HTTP/1.1" 200 11006 "-" "Mozilla/5.0 (Linux; Android 6.0.1; Nexus 5X Build/MMB29P) AppleWebKit/537.36 (KHTML, like Gecko) Chrome/135.0.7049.84 Mobile Safari/537.36 (compatible; Googlebot/2.1; +http://www.google.com/bot.html)"
217.113.194.173 - - [16/Apr/2025:08:35:36 -0400] "GET /the-importance-of-relaxation-during-business-trips/feed/ HTTP/1.1" 200 413 "-" "Mozilla/5.0 (compatible; Barkrowler/0.9; +https://babbar.tech/crawler)"
217.113.194.173 - - [16/Apr/2025:08:35:54 -0400] "GET /the-impact-and-use-of-steroids-in-modern-society/ HTTP/1.1" 200 11141 "-" "Mozilla/5.0 (compatible; Barkrowler/0.9; +https://babbar.tech/crawler)"
217.113.194.172 - - [16/Apr/2025:08:36:14 -0400] "GET /descubre-los-mejores-tours-en-nueva-york/ HTTP/1.1" 200 10942 "-" "Mozilla/5.0 (compatible; Barkrowler/0.9; +https://babbar.tech/crawler)"
198.54.114.83 - - [16/Apr/2025:08:36:17 -0400] "POST /wp-cron.php?doing_wp_cron=1744806974.8418669700622558593750 HTTP/1.1" 200 0 "-" "WordPress/6.8; https://garantishell.com"
217.113.194.181 - - [16/Apr/2025:08:36:33 -0400] "GET /la-puissance-des-bannieres-publicitaires-exterieures/ HTTP/1.1" 200 10613 "-" "Mozilla/5.0 (compatible; Barkrowler/0.9; +https://babbar.tech/crawler)"
212.102.37.196 - - [16/Apr/2025:08:36:43 -0400] "GET /why-professional-home-inspection-services-are-essential/ HTTP/1.1" 200 10730 "-" "Mozilla/5.0 (Macintosh; Intel Mac OS X 12_5) AppleWebKit/605.1.15 (KHTML, like Gecko) Version/15.4 Safari/605.1.15"
217.113.194.174 - - [16/Apr/2025:08:36:51 -0400] "GET /exploring-the-enchantment-of-rainbow-riches-casino/ HTTP/1.1" 200 10848 "-" "Mozilla/5.0 (compatible; Barkrowler/0.9; +https://babbar.tech/crawler)"
85.208.96.208 - - [16/Apr/2025:08:36:59 -0400] "GET /2024/10/page/9/ HTTP/1.1" 200 9892 "-" "Mozilla/5.0 (compatible; SemrushBot/7~bl; +http://www.semrush.com/bot.html)"
217.113.194.175 - - [16/Apr/2025:08:37:09 -0400] "GET /exploring-the-enchantment-of-rainbow-riches-casinos/ HTTP/1.1" 200 10675 "-" "Mozilla/5.0 (compatible; Barkrowler/0.9; +https://babbar.tech/crawler)"
217.113.194.178 - - [16/Apr/2025:08:37:28 -0400] "GET /shield-your-privacy-with-anonymous-vps-solutions/ HTTP/1.1" 200 10769 "-" "Mozilla/5.0 (compatible; Barkrowler/0.9; +https://babbar.tech/crawler)"
198.54.114.83 - - [16/Apr/2025:08:37:31 -0400] "POST /wp-cron.php?doing_wp_cron=1744807049.1943500041961669921875 HTTP/1.1" 200 0 "-" "WordPress/6.8; https://garantishell.com"
217.113.194.174 - - [16/Apr/2025:08:37:48 -0400] "GET /the-power-and-pitfalls-of-instagram-likes/ HTTP/1.1" 200 10844 "-" "Mozilla/5.0 (compatible; Barkrowler/0.9; +https://babbar.tech/crawler)"
217.113.194.180 - - [16/Apr/2025:08:38:05 -0400] "GET /the-power-of-sound-healing-to-restore-balance/feed/ HTTP/1.1" 200 418 "-" "Mozilla/5.0 (compatible; Barkrowler/0.9; +https://babbar.tech/crawler)"
217.113.194.179 - - [16/Apr/2025:08:38:24 -0400] "GET /essential-elements-of-hotel-bedroom-furniture/ HTTP/1.1" 200 10483 "-" "Mozilla/5.0 (compatible; Barkrowler/0.9; +https://babbar.tech/crawler)"
217.113.194.177 - - [16/Apr/2025:08:38:43 -0400] "GET /professioneller-umzugsservice-in-luneburg/ HTTP/1.1" 200 11028 "-" "Mozilla/5.0 (compatible; Barkrowler/0.9; +https://babbar.tech/crawler)"
198.54.114.83 - - [16/Apr/2025:08:38:46 -0400] "POST /wp-cron.php?doing_wp_cron=1744807123.5411880016326904296875 HTTP/1.1" 200 0 "-" "WordPress/6.8; https://garantishell.com"
217.113.194.176 - - [16/Apr/2025:08:39:03 -0400] "GET /the-foundation-of-efficient-workplace-management/ HTTP/1.1" 200 10971 "-" "Mozilla/5.0 (compatible; Barkrowler/0.9; +https://babbar.tech/crawler)"
217.113.194.172 - - [16/Apr/2025:08:39:22 -0400] "GET /effizienter-umzugsservice-in-hamburg/ HTTP/1.1" 200 10699 "-" "Mozilla/5.0 (compatible; Barkrowler/0.9; +https://babbar.tech/crawler)"
51.222.253.13 - - [16/Apr/2025:08:39:27 -0400] "GET /ansan-business-trip-massages/feed/ HTTP/1.1" 304 0 "-" "Mozilla/5.0 (compatible; AhrefsBot/7.0; +http://ahrefs.com/robot/)"
217.113.194.173 - - [16/Apr/2025:08:39:41 -0400] "GET /optimizing-the-movement-of-excavators-and-loaders/ HTTP/1.1" 200 10747 "-" "Mozilla/5.0 (compatible; Barkrowler/0.9; +https://babbar.tech/crawler)"
23.27.184.144 - - [16/Apr/2025:08:39:58 -0400] "GET /the-superiority-of-pex-water-pipes/ HTTP/1.1" 200 10798 "-" "Mozilla/5.0 (X11; Linux x86_64) AppleWebKit/537.36 (KHTML, like Gecko) Chrome/106.0.0.0 Safari/537.36"
217.113.194.174 - - [16/Apr/2025:08:40:00 -0400] "GET /unique-custom-pet-gifts-for-your-furry-friend/ HTTP/1.1" 200 10453 "-" "Mozilla/5.0 (compatible; Barkrowler/0.9; +https://babbar.tech/crawler)"
198.54.114.83 - - [16/Apr/2025:08:40:04 -0400] "POST /wp-cron.php?doing_wp_cron=1744807200.6952679157257080078125 HTTP/1.1" 200 0 "-" "WordPress/6.8; https://garantishell.com"
217.113.194.181 - - [16/Apr/2025:08:40:21 -0400] "GET /qualitat-und-zuverlassigkeit/feed/ HTTP/1.1" 200 397 "-" "Mozilla/5.0 (compatible; Barkrowler/0.9; +https://babbar.tech/crawler)"
217.113.194.179 - - [16/Apr/2025:08:40:40 -0400] "GET /fenbendazole-for-humans-europe/feed/ HTTP/1.1" 200 390 "-" "Mozilla/5.0 (compatible; Barkrowler/0.9; +https://babbar.tech/crawler)"
217.113.194.173 - - [16/Apr/2025:08:40:57 -0400] "GET /flexible-work-opportunities-the-rise-of-part-time-jobs/ HTTP/1.1" 200 10587 "-" "Mozilla/5.0 (compatible; Barkrowler/0.9; +https://babbar.tech/crawler)"
189.1.235.147 - - [16/Apr/2025:08:41:02 -0400] "GET /the-appeal-of-retro-bowl-unblocked/ HTTP/1.1" 200 10658 "https://garantishell.com/the-appeal-of-retro-bowl-unblocked/#primary" "Mozilla/5.0 (Macintosh; Intel Mac OS X 10_15_7) AppleWebKit/537.36 (KHTML, like Gecko) Chrome/119.0.0.0 Safari/537.36"
217.113.194.179 - - [16/Apr/2025:08:41:14 -0400] "GET /experience-serenity-at-a-lake-garda-resort/feed/ HTTP/1.1" 200 409 "-" "Mozilla/5.0 (compatible; Barkrowler/0.9; +https://babbar.tech/crawler)"
198.54.114.83 - - [16/Apr/2025:08:41:16 -0400] "POST /wp-cron.php?doing_wp_cron=1744807275.2565989494323730468750 HTTP/1.1" 200 0 "-" "WordPress/6.8; https://garantishell.com"
217.113.194.179 - - [16/Apr/2025:08:41:33 -0400] "GET /gitarre-lernen-schritt-fur-schritt/ HTTP/1.1" 200 11016 "-" "Mozilla/5.0 (compatible; Barkrowler/0.9; +https://babbar.tech/crawler)"
217.113.194.177 - - [16/Apr/2025:08:41:52 -0400] "GET /kostentransparenz-und-faire-preise/feed/ HTTP/1.1" 200 397 "-" "Mozilla/5.0 (compatible; Barkrowler/0.9; +https://babbar.tech/crawler)"
217.113.194.177 - - [16/Apr/2025:08:42:10 -0400] "GET /personalize-your-ride-with-custom-license-plates/feed/ HTTP/1.1" 200 416 "-" "Mozilla/5.0 (compatible; Barkrowler/0.9; +https://babbar.tech/crawler)"
198.54.114.83 - - [16/Apr/2025:08:42:28 -0400] "POST /wp-cron.php?doing_wp_cron=1744807347.7955329418182373046875 HTTP/1.1" 200 0 "-" "WordPress/6.8; https://garantishell.com"
217.113.194.174 - - [16/Apr/2025:08:42:27 -0400] "GET /leading-manufacturers-of-ppr-fittings-in-china/ HTTP/1.1" 200 10625 "-" "Mozilla/5.0 (compatible; Barkrowler/0.9; +https://babbar.tech/crawler)"
198.54.114.83 - - [16/Apr/2025:08:42:30 -0400] "POST /wp-admin/admin-ajax.php?action=async_litespeed&nonce=FuemNDqxZa6Pj3GdBNZmMda5EqFE2yMV&litespeed_type=imgoptm HTTP/1.1" 200 0 "-" "WordPress/6.8; https://garantishell.com"
217.113.194.174 - - [16/Apr/2025:08:42:48 -0400] "GET /lunivers-captivant-de-skyblock-minecraft/feed/ HTTP/1.1" 200 410 "-" "Mozilla/5.0 (compatible; Barkrowler/0.9; +https://babbar.tech/crawler)"
198.54.114.83 - - [16/Apr/2025:08:42:51 -0400] "POST /wp-cron.php?doing_wp_cron=1744807369.3491809368133544921875 HTTP/1.1" 200 0 "-" "WordPress/6.8; https://garantishell.com"
217.113.194.173 - - [16/Apr/2025:08:43:08 -0400] "GET /the-ultimate-guide-to-gift-certificate-purchase/feed/ HTTP/1.1" 200 412 "-" "Mozilla/5.0 (compatible; Barkrowler/0.9; +https://babbar.tech/crawler)"
66.249.77.133 - - [16/Apr/2025:08:43:23 -0400] "GET /category/technology/ HTTP/1.1" 200 8430 "-" "Mozilla/5.0 (Linux; Android 6.0.1; Nexus 5X Build/MMB29P) AppleWebKit/537.36 (KHTML, like Gecko) Chrome/135.0.7049.84 Mobile Safari/537.36 (compatible; Googlebot/2.1; +http://www.google.com/bot.html)"
217.113.194.176 - - [16/Apr/2025:08:43:29 -0400] "GET /why-professional-home-inspection-services-are-essential/ HTTP/1.1" 200 10730 "-" "Mozilla/5.0 (compatible; Barkrowler/0.9; +https://babbar.tech/crawler)"
113.36.242.229 - - [16/Apr/2025:08:43:34 -0400] "POST /xmlrpc.php HTTP/1.1" 200 186 "https://garantishell.com" "Mozilla/5.0 (Windows NT 10.0; Win64; x64) AppleWebKit/537.36 (KHTML, like Gecko) Chrome/116.0.5845.96 Safari/537.36 Edg/116.0.1938.62"
51.222.253.10 - - [16/Apr/2025:08:43:41 -0400] "GET /author/admin/page/34/ HTTP/1.1" 200 9496 "-" "Mozilla/5.0 (compatible; AhrefsBot/7.0; +http://ahrefs.com/robot/)"
217.113.194.174 - - [16/Apr/2025:08:43:46 -0400] "GET /discovering-premier-fertility-solutions-in-dubai/feed/ HTTP/1.1" 200 413 "-" "Mozilla/5.0 (compatible; Barkrowler/0.9; +https://babbar.tech/crawler)"
217.113.194.178 - - [16/Apr/2025:08:44:03 -0400] "GET /discovering-the-best-extracts-online-in-canada/feed/ HTTP/1.1" 200 412 "-" "Mozilla/5.0 (compatible; Barkrowler/0.9; +https://babbar.tech/crawler)"
198.54.114.83 - - [16/Apr/2025:08:44:05 -0400] "POST /wp-cron.php?doing_wp_cron=1744807443.6205561161041259765625 HTTP/1.1" 200 0 "-" "WordPress/6.8; https://garantishell.com"
154.54.249.212 - - [16/Apr/2025:08:44:22 -0400] "GET /a-hub-of-advanced-fertility-treatments/feed/ HTTP/1.1" 200 400 "-" "Mozilla/5.0 (compatible; Barkrowler/0.9; +https://babbar.tech/crawler)"
217.113.194.180 - - [16/Apr/2025:08:44:39 -0400] "GET /un-monde-de-plaques-dimmatriculation-personnalisees/ HTTP/1.1" 200 10609 "-" "Mozilla/5.0 (compatible; Barkrowler/0.9; +https://babbar.tech/crawler)"
217.113.194.177 - - [16/Apr/2025:08:44:57 -0400] "GET /choosing-the-right-web-hosting-for-your-needs/ HTTP/1.1" 200 10830 "-" "Mozilla/5.0 (compatible; Barkrowler/0.9; +https://babbar.tech/crawler)"
66.249.77.131 - - [16/Apr/2025:08:45:01 -0400] "GET /choosing-the-right-aba-therapy-for-your-child-in-dubai/feed/ HTTP/1.1" 200 437 "-" "Mozilla/5.0 (Linux; Android 6.0.1; Nexus 5X Build/MMB29P) AppleWebKit/537.36 (KHTML, like Gecko) Chrome/135.0.7049.84 Mobile Safari/537.36 (compatible; Googlebot/2.1; +http://www.google.com/bot.html)"
198.54.114.83 - - [16/Apr/2025:08:45:17 -0400] "POST /wp-cron.php?doing_wp_cron=1744807515.9456410408020019531250 HTTP/1.1" 200 0 "-" "WordPress/6.8; https://garantishell.com"
217.113.194.176 - - [16/Apr/2025:08:45:15 -0400] "GET /choosing-the-right-baby-stroller-for-your-family/ HTTP/1.1" 200 11046 "-" "Mozilla/5.0 (compatible; Barkrowler/0.9; +https://babbar.tech/crawler)"
217.113.194.177 - - [16/Apr/2025:08:45:36 -0400] "GET /choosing-the-right-baby-stroller-for-your-family/feed/ HTTP/1.1" 200 426 "-" "Mozilla/5.0 (compatible; Barkrowler/0.9; +https://babbar.tech/crawler)"
217.113.194.174 - - [16/Apr/2025:08:45:54 -0400] "GET /the-role-of-a-law-tutor-in-legal-education/ HTTP/1.1" 200 10905 "-" "Mozilla/5.0 (compatible; Barkrowler/0.9; +https://babbar.tech/crawler)"
217.113.194.172 - - [16/Apr/2025:08:46:13 -0400] "GET /the-role-of-midwives-in-maternal-health/feed/ HTTP/1.1" 200 407 "-" "Mozilla/5.0 (compatible; Barkrowler/0.9; +https://babbar.tech/crawler)"
217.113.194.172 - - [16/Apr/2025:08:46:32 -0400] "GET /straighten-your-neck-and-strengthen-your-posture/ HTTP/1.1" 200 10719 "-" "Mozilla/5.0 (compatible; Barkrowler/0.9; +https://babbar.tech/crawler)"
217.113.194.181 - - [16/Apr/2025:08:46:50 -0400] "GET /le-carnet-imprime-un-compagnon-de-creativite/ HTTP/1.1" 200 10844 "-" "Mozilla/5.0 (compatible; Barkrowler/0.9; +https://babbar.tech/crawler)"
198.54.114.83 - - [16/Apr/2025:08:46:54 -0400] "POST /wp-cron.php?doing_wp_cron=1744807611.2024168968200683593750 HTTP/1.1" 200 0 "-" "WordPress/6.8; https://garantishell.com"
217.113.194.178 - - [16/Apr/2025:08:47:13 -0400] "GET /bathroom-renovations-melbourne-western-suburbs/feed/ HTTP/1.1" 200 401 "-" "Mozilla/5.0 (compatible; Barkrowler/0.9; +https://babbar.tech/crawler)"
217.113.194.180 - - [16/Apr/2025:08:47:34 -0400] "GET /zuverlassigkeit-und-professionalitat/feed/ HTTP/1.1" 200 397 "-" "Mozilla/5.0 (compatible; Barkrowler/0.9; +https://babbar.tech/crawler)"
217.113.194.176 - - [16/Apr/2025:08:47:52 -0400] "GET /the-appeal-of-retro-bowl-unblocked/feed/ HTTP/1.1" 200 404 "-" "Mozilla/5.0 (compatible; Barkrowler/0.9; +https://babbar.tech/crawler)"
198.54.114.83 - - [16/Apr/2025:08:47:55 -0400] "POST /wp-cron.php?doing_wp_cron=1744807673.1260809898376464843750 HTTP/1.1" 200 0 "-" "WordPress/6.8; https://garantishell.com"
51.222.253.14 - - [16/Apr/2025:08:48:11 -0400] "GET /les-enjeux-de-lengouement-pour-les-paris-en-ligne/ HTTP/1.1" 200 10667 "-" "Mozilla/5.0 (compatible; AhrefsBot/7.0; +http://ahrefs.com/robot/)"
217.113.194.181 - - [16/Apr/2025:08:48:13 -0400] "GET /the-healing-power-of-kambo-a-unique-medicine/ HTTP/1.1" 200 10662 "-" "Mozilla/5.0 (compatible; Barkrowler/0.9; +https://babbar.tech/crawler)"
114.235.63.221 - - [16/Apr/2025:08:48:17 -0400] "GET /cocktail-dejeunatoire/ HTTP/1.1" 200 10634 "-" "Mozilla/5.0 (Macintosh; Intel Mac OS X 12_5) AppleWebKit/605.1.15 (KHTML, like Gecko) Version/15.4 Safari/605.1.15"
85.208.98.23 - - [16/Apr/2025:08:48:18 -0400] "GET /robots.txt HTTP/1.1" 304 0 "http://garantishell.com/robots.txt" "Mozilla/5.0 (compatible; SemrushBot-BA; +http://www.semrush.com/bot.html)"
217.113.194.179 - - [16/Apr/2025:08:48:35 -0400] "GET /the-therapeutic-benefits-of-spa-massage-therapy/feed/ HTTP/1.1" 200 409 "-" "Mozilla/5.0 (compatible; Barkrowler/0.9; +https://babbar.tech/crawler)"
217.113.194.174 - - [16/Apr/2025:08:48:56 -0400] "GET /the-pitfalls-of-buying-instagram-followers/feed/ HTTP/1.1" 200 404 "-" "Mozilla/5.0 (compatible; Barkrowler/0.9; +https://babbar.tech/crawler)"
85.208.98.24 - - [16/Apr/2025:08:49:15 -0400] "GET /the-art-of-massage-a-path-to-relaxation-and-healing/ HTTP/1.1" 200 0 "-" "Mozilla/5.0 (compatible; SemrushBot-BA; +http://www.semrush.com/bot.html)"
217.113.194.181 - - [16/Apr/2025:08:49:18 -0400] "GET /the-enchanting-world-of-rainbow-riches-games/feed/ HTTP/1.1" 200 415 "-" "Mozilla/5.0 (compatible; Barkrowler/0.9; +https://babbar.tech/crawler)"
217.113.194.181 - - [16/Apr/2025:08:49:36 -0400] "GET /the-dos-and-donts-of-buying-views-and-followers/ HTTP/1.1" 200 10968 "-" "Mozilla/5.0 (compatible; Barkrowler/0.9; +https://babbar.tech/crawler)"
217.113.194.173 - - [16/Apr/2025:08:49:54 -0400] "GET /the-rise-of-healthy-meal-delivery-services/feed/ HTTP/1.1" 200 408 "-" "Mozilla/5.0 (compatible; Barkrowler/0.9; +https://babbar.tech/crawler)"
66.249.77.133 - - [16/Apr/2025:08:50:10 -0400] "GET /un-defi-unique-dans-le-monde-du-jeu/ HTTP/1.1" 200 10509 "-" "Mozilla/5.0 (Linux; Android 6.0.1; Nexus 5X Build/MMB29P) AppleWebKit/537.36 (KHTML, like Gecko) Chrome/135.0.7049.84 Mobile Safari/537.36 (compatible; Googlebot/2.1; +http://www.google.com/bot.html)"
217.113.194.173 - - [16/Apr/2025:08:50:16 -0400] "GET /rejuvenate-and-recharge-with-business-trip-massage/feed/ HTTP/1.1" 200 411 "-" "Mozilla/5.0 (compatible; Barkrowler/0.9; +https://babbar.tech/crawler)"
66.249.77.131 - - [16/Apr/2025:08:50:34 -0400] "GET /excellence-in-private-security-services-in-miami/ HTTP/1.1" 200 10907 "-" "Mozilla/5.0 (Linux; Android 6.0.1; Nexus 5X Build/MMB29P) AppleWebKit/537.36 (KHTML, like Gecko) Chrome/135.0.7049.84 Mobile Safari/537.36 (compatible; Googlebot/2.1; +http://www.google.com/bot.html)"
198.54.114.83 - - [16/Apr/2025:08:50:35 -0400] "POST /wp-cron.php?doing_wp_cron=1744807833.3883230686187744140625 HTTP/1.1" 200 0 "-" "WordPress/6.8; https://garantishell.com"
217.113.194.175 - - [16/Apr/2025:08:50:33 -0400] "GET /relax-and-rejuvenate-suwon-business-trip-massage/ HTTP/1.1" 200 10514 "-" "Mozilla/5.0 (compatible; Barkrowler/0.9; +https://babbar.tech/crawler)"
66.249.77.131 - - [16/Apr/2025:08:50:38 -0400] "GET /loslassen-als-schlussel-zu-innerer-freiheit/feed/ HTTP/1.1" 200 412 "-" "Mozilla/5.0 (Linux; Android 6.0.1; Nexus 5X Build/MMB29P) AppleWebKit/537.36 (KHTML, like Gecko) Chrome/135.0.7049.84 Mobile Safari/537.36 (compatible; Googlebot/2.1; +http://www.google.com/bot.html)"
217.113.194.173 - - [16/Apr/2025:08:50:53 -0400] "GET /the-benefits-of-custom-grip-socks-wholesale/feed/ HTTP/1.1" 200 413 "-" "Mozilla/5.0 (compatible; Barkrowler/0.9; +https://babbar.tech/crawler)"
217.113.194.181 - - [16/Apr/2025:08:51:14 -0400] "GET /innovatives-design-fur-zeitgemase-raume/ HTTP/1.1" 200 10602 "-" "Mozilla/5.0 (compatible; Barkrowler/0.9; +https://babbar.tech/crawler)"
217.113.194.179 - - [16/Apr/2025:08:51:35 -0400] "GET /holistic-healing-through-osteopathy-in-dubai/ HTTP/1.1" 200 10846 "-" "Mozilla/5.0 (compatible; Barkrowler/0.9; +https://babbar.tech/crawler)"
154.54.249.212 - - [16/Apr/2025:08:51:54 -0400] "GET /unveiling-the-power-of-hypnosis-in-singapore/ HTTP/1.1" 200 10652 "-" "Mozilla/5.0 (compatible; Barkrowler/0.9; +https://babbar.tech/crawler)"
198.54.114.83 - - [16/Apr/2025:08:51:57 -0400] "POST /wp-cron.php?doing_wp_cron=1744807914.6922979354858398437500 HTTP/1.1" 200 0 "-" "WordPress/6.8; https://garantishell.com"
217.113.194.177 - - [16/Apr/2025:08:52:15 -0400] "GET /unleashing-the-thrill-of-online-casinos/ HTTP/1.1" 200 10889 "-" "Mozilla/5.0 (compatible; Barkrowler/0.9; +https://babbar.tech/crawler)"
217.113.194.175 - - [16/Apr/2025:08:52:38 -0400] "GET /efficient-communication-with-virtual-receptionists/feed/ HTTP/1.1" 200 408 "-" "Mozilla/5.0 (compatible; Barkrowler/0.9; +https://babbar.tech/crawler)"
111.119.240.148 - - [16/Apr/2025:08:52:47 -0400] "GET /embracing-cultural-experiences-through-gift-certificates/ HTTP/1.1" 200 10804 "https://garantishell.com/embracing-cultural-experiences-through-gift-certificates/#respond" "Mozilla/5.0 (Windows NT 10.0; Win64; x64) AppleWebKit/537.36 (KHTML, like Gecko) Chrome/107.0.0.0 Safari/537.36"
51.222.253.20 - - [16/Apr/2025:08:52:53 -0400] "GET /your-gateway-to-online-entertainment/ HTTP/1.1" 200 10656 "-" "Mozilla/5.0 (compatible; AhrefsBot/7.0; +http://ahrefs.com/robot/)"
217.113.194.174 - - [16/Apr/2025:08:53:00 -0400] "GET /understanding-the-concept-of-type-tests/feed/ HTTP/1.1" 200 408 "-" "Mozilla/5.0 (compatible; Barkrowler/0.9; +https://babbar.tech/crawler)"
198.54.114.83 - - [16/Apr/2025:08:53:06 -0400] "POST /wp-cron.php?doing_wp_cron=1744807980.6964490413665771484375 HTTP/1.1" 200 0 "-" "WordPress/6.8; https://garantishell.com"
217.113.194.178 - - [16/Apr/2025:08:53:21 -0400] "GET /understanding-the-importance-of-breast-pumps/feed/ HTTP/1.1" 200 412 "-" "Mozilla/5.0 (compatible; Barkrowler/0.9; +https://babbar.tech/crawler)"
154.54.249.212 - - [16/Apr/2025:08:53:41 -0400] "GET /lascesa-dei-funko-pop-pokemon/feed/ HTTP/1.1" 200 412 "-" "Mozilla/5.0 (compatible; Barkrowler/0.9; +https://babbar.tech/crawler)"
217.113.194.178 - - [16/Apr/2025:08:54:00 -0400] "GET /lart-du-dessin-une-expression-creative-infinie/ HTTP/1.1" 200 10948 "-" "Mozilla/5.0 (compatible; Barkrowler/0.9; +https://babbar.tech/crawler)"
198.54.114.83 - - [16/Apr/2025:08:54:02 -0400] "POST /wp-cron.php?doing_wp_cron=1744808040.8056499958038330078125 HTTP/1.1" 200 0 "-" "WordPress/6.8; https://garantishell.com"
192.145.239.202 - - [16/Apr/2025:08:54:08 -0400] "POST /xmlrpc.php HTTP/1.1" 200 186 "https://garantishell.com" "Mozilla/5.0 (Macintosh; Intel Mac OS X 10_15_7) AppleWebKit/537.36 (KHTML, like Gecko) Chrome/115.0.5790.102 Safari/537.36"
217.113.194.179 - - [16/Apr/2025:08:54:19 -0400] "GET /le-charme-intemporel-du-mobilier-vintage/feed/ HTTP/1.1" 200 402 "-" "Mozilla/5.0 (compatible; Barkrowler/0.9; +https://babbar.tech/crawler)"
217.113.194.179 - - [16/Apr/2025:08:54:36 -0400] "GET /affordable-concrete-contractors-in-northern-colorado/ HTTP/1.1" 200 10869 "-" "Mozilla/5.0 (compatible; Barkrowler/0.9; +https://babbar.tech/crawler)"
115.231.78.8 - - [16/Apr/2025:08:54:44 -0400] "GET / HTTP/1.1" 200 9478 "-" "Mozilla/5.0 (Windows NT 6.1) AppleWebKit/537.36 (KHTML, like Gecko) Chrome/71.0.2623.112 Safari/537.36"
115.231.78.8 - - [16/Apr/2025:08:54:49 -0400] "GET / HTTP/1.1" 200 9478 "-" "Mozilla/5.0 (Windows NT 6.1; WOW64) AppleWebKit/537.36 (KHTML, like Gecko) Chrome/63.0.3239.132 Safari/537.36 QIHU 360SE"
115.231.78.8 - - [16/Apr/2025:08:54:52 -0400] "GET /favicon.ico HTTP/1.1" 404 1251 "-" "Mozilla/5.0 (Windows NT 6.1; WOW64) AppleWebKit/537.36 (KHTML, like Gecko) Chrome/63.0.3239.132 Safari/537.36 QIHU 360SE"
115.231.78.8 - - [16/Apr/2025:08:54:56 -0400] "GET /robots.txt HTTP/1.1" 200 97 "-" "Mozilla/5.0 (Windows NT 6.1; WOW64) AppleWebKit/537.36 (KHTML, like Gecko) Chrome/63.0.3239.132 Safari/537.36 QIHU 360SE"
217.113.194.178 - - [16/Apr/2025:08:54:56 -0400] "GET /the-importance-of-speed-typing-tests/feed/ HTTP/1.1" 200 404 "-" "Mozilla/5.0 (compatible; Barkrowler/0.9; +https://babbar.tech/crawler)"
217.113.194.177 - - [16/Apr/2025:08:55:14 -0400] "GET /the-importance-of-hiring-bodyguards-in-london/ HTTP/1.1" 200 11220 "-" "Mozilla/5.0 (compatible; Barkrowler/0.9; +https://babbar.tech/crawler)"
198.54.114.83 - - [16/Apr/2025:08:55:18 -0400] "POST /wp-cron.php?doing_wp_cron=1744808114.9077069759368896484375 HTTP/1.1" 200 0 "-" "WordPress/6.8; https://garantishell.com"
66.249.77.133 - - [16/Apr/2025:08:55:20 -0400] "GET /2025/01/page/2/ HTTP/1.1" 200 9786 "-" "Mozilla/5.0 (Linux; Android 6.0.1; Nexus 5X Build/MMB29P) AppleWebKit/537.36 (KHTML, like Gecko) Chrome/135.0.7049.84 Mobile Safari/537.36 (compatible; Googlebot/2.1; +http://www.google.com/bot.html)"
217.113.194.179 - - [16/Apr/2025:08:55:34 -0400] "GET /the-power-and-pitfalls-of-instagram-likes/feed/ HTTP/1.1" 200 411 "-" "Mozilla/5.0 (compatible; Barkrowler/0.9; +https://babbar.tech/crawler)"
217.113.194.178 - - [16/Apr/2025:08:55:53 -0400] "GET /essential-elements-of-hotel-bedroom-furniture/feed/ HTTP/1.1" 200 409 "-" "Mozilla/5.0 (compatible; Barkrowler/0.9; +https://babbar.tech/crawler)"
217.113.194.172 - - [16/Apr/2025:08:56:15 -0400] "GET /professionelle-gebaudereinigung-in-winsen/ HTTP/1.1" 200 10818 "-" "Mozilla/5.0 (compatible; Barkrowler/0.9; +https://babbar.tech/crawler)"
198.54.114.83 - - [16/Apr/2025:08:56:19 -0400] "POST /wp-cron.php?doing_wp_cron=1744808175.8032519817352294921875 HTTP/1.1" 200 0 "-" "WordPress/6.8; https://garantishell.com"
217.113.194.172 - - [16/Apr/2025:08:56:37 -0400] "GET /effizienters-umzugsservices-in-luneburg/ HTTP/1.1" 200 10712 "-" "Mozilla/5.0 (compatible; Barkrowler/0.9; +https://babbar.tech/crawler)"
217.113.194.174 - - [16/Apr/2025:08:56:57 -0400] "GET /effizienter-umzugsservice-in-luneburg/ HTTP/1.1" 200 10721 "-" "Mozilla/5.0 (compatible; Barkrowler/0.9; +https://babbar.tech/crawler)"
51.222.253.12 - - [16/Apr/2025:08:57:01 -0400] "GET /author/admin/page/33/ HTTP/1.1" 200 9647 "-" "Mozilla/5.0 (compatible; AhrefsBot/7.0; +http://ahrefs.com/robot/)"
154.54.249.212 - - [16/Apr/2025:08:57:16 -0400] "GET /effiziente-wohnungsraumung-in-luneburg/ HTTP/1.1" 200 10632 "-" "Mozilla/5.0 (compatible; Barkrowler/0.9; +https://babbar.tech/crawler)"
217.113.194.180 - - [16/Apr/2025:08:57:34 -0400] "GET /optimizing-your-workout-understanding-gym-supplements/ HTTP/1.1" 200 10786 "-" "Mozilla/5.0 (compatible; Barkrowler/0.9; +https://babbar.tech/crawler)"
198.54.114.83 - - [16/Apr/2025:08:57:38 -0400] "POST /wp-cron.php?doing_wp_cron=1744808255.5369069576263427734375 HTTP/1.1" 200 0 "-" "WordPress/6.8; https://garantishell.com"
217.113.194.176 - - [16/Apr/2025:08:57:57 -0400] "GET /kompetente-scheidungsanwalte-in-hattingen/ HTTP/1.1" 200 10460 "-" "Mozilla/5.0 (compatible; Barkrowler/0.9; +https://babbar.tech/crawler)"
217.113.194.179 - - [16/Apr/2025:08:58:19 -0400] "GET /fenbendazole-in-cancer-treatment/feed/ HTTP/1.1" 200 393 "-" "Mozilla/5.0 (compatible; Barkrowler/0.9; +https://babbar.tech/crawler)"
217.113.194.176 - - [16/Apr/2025:08:58:39 -0400] "GET /wie-man-sie-erkennt-und-sich-schutzt/feed/ HTTP/1.1" 200 410 "-" "Mozilla/5.0 (compatible; Barkrowler/0.9; +https://babbar.tech/crawler)"
198.54.114.83 - - [16/Apr/2025:08:58:44 -0400] "POST /wp-cron.php?doing_wp_cron=1744808320.4535300731658935546875 HTTP/1.1" 200 0 "-" "WordPress/6.8; https://garantishell.com"
154.54.249.212 - - [16/Apr/2025:08:58:59 -0400] "GET /finding-reliable-sources-for-steroids-in-canada/feed/ HTTP/1.1" 200 414 "-" "Mozilla/5.0 (compatible; Barkrowler/0.9; +https://babbar.tech/crawler)"
217.113.194.176 - - [16/Apr/2025:08:59:21 -0400] "GET /finding-the-right-money-lender-for-your-loan-needs/ HTTP/1.1" 200 10661 "-" "Mozilla/5.0 (compatible; Barkrowler/0.9; +https://babbar.tech/crawler)"
217.113.194.180 - - [16/Apr/2025:08:59:44 -0400] "GET /leading-the-way-the-best-china-fire-pump-manufacturer/ HTTP/1.1" 200 10620 "-" "Mozilla/5.0 (compatible; Barkrowler/0.9; +https://babbar.tech/crawler)"
198.54.114.83 - - [16/Apr/2025:08:59:49 -0400] "POST /wp-cron.php?doing_wp_cron=1744808384.8885719776153564453125 HTTP/1.1" 200 0 "-" "WordPress/6.8; https://garantishell.com"
217.113.194.176 - - [16/Apr/2025:09:00:06 -0400] "GET /enhancing-ai-performance-with-quality-training-data/feed/ HTTP/1.1" 200 413 "-" "Mozilla/5.0 (compatible; Barkrowler/0.9; +https://babbar.tech/crawler)"
217.113.194.174 - - [16/Apr/2025:09:00:32 -0400] "GET /apprendre-a-jouer-de-la-guitare-un-voyage-musical/ HTTP/1.1" 200 11075 "-" "Mozilla/5.0 (compatible; Barkrowler/0.9; +https://babbar.tech/crawler)"
198.54.114.83 - - [16/Apr/2025:09:00:50 -0400] "POST /wp-cron.php?doing_wp_cron=1744808450.3761589527130126953125 HTTP/1.1" 200 0 "-" "WordPress/6.8; https://garantishell.com"
217.113.194.174 - - [16/Apr/2025:09:00:49 -0400] "GET /why-professional-home-inspection-services-are-essential/feed/ HTTP/1.1" 200 418 "-" "Mozilla/5.0 (compatible; Barkrowler/0.9; +https://babbar.tech/crawler)"
198.54.114.83 - - [16/Apr/2025:09:01:00 -0400] "POST /wp-admin/admin-ajax.php?action=async_litespeed&nonce=6Brdwvnhrh55H1RHR7iIUjDDmqeVEo1G&litespeed_type=imgoptm HTTP/1.1" 200 0 "-" "WordPress/6.8; https://garantishell.com"
217.113.194.174 - - [16/Apr/2025:09:01:14 -0400] "GET /effektive-haushaltsraumung-in-luneburg/ HTTP/1.1" 200 10577 "-" "Mozilla/5.0 (compatible; Barkrowler/0.9; +https://babbar.tech/crawler)"
217.113.194.172 - - [16/Apr/2025:09:01:48 -0400] "GET /effective-strategies-for-hiring-the-right-talent/feed/ HTTP/1.1" 200 418 "-" "Mozilla/5.0 (compatible; Barkrowler/0.9; +https://babbar.tech/crawler)"
51.222.253.4 - - [16/Apr/2025:09:01:55 -0400] "GET /ragdoll-archers-unblocked-and-how-to-access-them/ HTTP/1.1" 200 11073 "-" "Mozilla/5.0 (compatible; AhrefsBot/7.0; +http://ahrefs.com/robot/)"
217.113.194.179 - - [16/Apr/2025:09:02:14 -0400] "GET /the-role-of-ai-agents-in-modern-technology/feed/ HTTP/1.1" 200 408 "-" "Mozilla/5.0 (compatible; Barkrowler/0.9; +https://babbar.tech/crawler)"
217.113.194.180 - - [16/Apr/2025:09:02:39 -0400] "GET /the-role-of-a-midwife-in-modern-healthcare/ HTTP/1.1" 200 10811 "-" "Mozilla/5.0 (compatible; Barkrowler/0.9; +https://babbar.tech/crawler)"
217.113.194.172 - - [16/Apr/2025:09:03:00 -0400] "GET /maximizing-value-with-small-gift-certificate-payments/feed/ HTTP/1.1" 200 423 "-" "Mozilla/5.0 (compatible; Barkrowler/0.9; +https://babbar.tech/crawler)"
114.235.63.221 - - [16/Apr/2025:09:03:17 -0400] "GET /why-professional-home-inspection-services-are-essential/ HTTP/1.1" 200 10730 "-" "Mozilla/5.0 (Macintosh; Intel Mac OS X 12_5) AppleWebKit/605.1.15 (KHTML, like Gecko) Version/15.4 Safari/605.1.15"
217.113.194.176 - - [16/Apr/2025:09:03:19 -0400] "GET /transformacion-de-datos-en-consumo-de-combustible/ HTTP/1.1" 200 10411 "-" "Mozilla/5.0 (compatible; Barkrowler/0.9; +https://babbar.tech/crawler)"
198.54.114.83 - - [16/Apr/2025:09:03:23 -0400] "POST /wp-cron.php?doing_wp_cron=1744808600.5017430782318115234375 HTTP/1.1" 200 0 "-" "WordPress/6.8; https://garantishell.com"
217.113.194.178 - - [16/Apr/2025:09:03:41 -0400] "GET /the-brazilian-butt-lift-procedure-involves/ HTTP/1.1" 200 11029 "-" "Mozilla/5.0 (compatible; Barkrowler/0.9; +https://babbar.tech/crawler)"
217.113.194.178 - - [16/Apr/2025:09:04:00 -0400] "GET /the-path-to-becoming-a-skilled-author/feed/ HTTP/1.1" 200 405 "-" "Mozilla/5.0 (compatible; Barkrowler/0.9; +https://babbar.tech/crawler)"
154.54.249.212 - - [16/Apr/2025:09:04:18 -0400] "GET /designing-the-ideal-classroom-a-vision-for-room-6x/ HTTP/1.1" 200 10996 "-" "Mozilla/5.0 (compatible; Barkrowler/0.9; +https://babbar.tech/crawler)"
111.119.255.39 - - [16/Apr/2025:09:04:27 -0400] "GET /enhancing-your-vision/ HTTP/1.1" 200 10798 "https://garantishell.com/enhancing-your-vision/" "Mozilla/5.0 (Macintosh; Intel Mac OS X 10_15_7) AppleWebKit/537.36 (KHTML, like Gecko) Chrome/120.0.0.0 Safari/537.36"
217.113.194.181 - - [16/Apr/2025:09:04:37 -0400] "GET /the-essential-role-of-breast-pumps-for-new-mothers/feed/ HTTP/1.1" 200 425 "-" "Mozilla/5.0 (compatible; Barkrowler/0.9; +https://babbar.tech/crawler)"
198.54.114.83 - - [16/Apr/2025:09:04:40 -0400] "POST /wp-cron.php?doing_wp_cron=1744808678.1829450130462646484375 HTTP/1.1" 200 0 "-" "WordPress/6.8; https://garantishell.com"
2a03:b0c0:3:f0::6afb:f000 - - [16/Apr/2025:09:04:45 -0400] "POST /xmlrpc.php HTTP/1.1" 200 186 "https://garantishell.com" "Mozilla/5.0 (Windows NT 11.0; Win64; x64) AppleWebKit/537.36 (KHTML, like Gecko) Chrome/126.0.0.0 Safari/537.36 Edg/126.0.0.0"
217.113.194.173 - - [16/Apr/2025:09:04:59 -0400] "GET /the-essential-role-of-breast-pumps-for-new-mothers/ HTTP/1.1" 200 10498 "-" "Mozilla/5.0 (compatible; Barkrowler/0.9; +https://babbar.tech/crawler)"
217.113.194.173 - - [16/Apr/2025:09:05:19 -0400] "GET /the-efficiency-of-underfloor-heating-pipes/feed/ HTTP/1.1" 200 408 "-" "Mozilla/5.0 (compatible; Barkrowler/0.9; +https://babbar.tech/crawler)"
217.113.194.178 - - [16/Apr/2025:09:05:38 -0400] "GET /the-efficiency-of-conversational-virtual-receptionists/ HTTP/1.1" 200 11121 "-" "Mozilla/5.0 (compatible; Barkrowler/0.9; +https://babbar.tech/crawler)"
198.54.114.83 - - [16/Apr/2025:09:05:41 -0400] "POST /wp-cron.php?doing_wp_cron=1744808738.7344679832458496093750 HTTP/1.1" 200 0 "-" "WordPress/6.8; https://garantishell.com"
217.113.194.180 - - [16/Apr/2025:09:06:00 -0400] "GET /the-rise-of-weed-pens-in-modern-consumption/ HTTP/1.1" 200 10945 "-" "Mozilla/5.0 (compatible; Barkrowler/0.9; +https://babbar.tech/crawler)"
51.222.253.15 - - [16/Apr/2025:09:06:11 -0400] "GET /ensuring-efficient-water-management-the-significance-of-industrial-water-tanks/ HTTP/1.1" 200 10807 "-" "Mozilla/5.0 (compatible; AhrefsBot/7.0; +http://ahrefs.com/robot/)"
217.113.194.179 - - [16/Apr/2025:09:06:21 -0400] "GET /the-rise-of-psilocybin-grow-bags/feed/ HTTP/1.1" 200 402 "-" "Mozilla/5.0 (compatible; Barkrowler/0.9; +https://babbar.tech/crawler)"
217.113.194.177 - - [16/Apr/2025:09:06:40 -0400] "GET /louer-des-jeux-pour-tous-les-evenements-a-prevost/ HTTP/1.1" 200 10910 "-" "Mozilla/5.0 (compatible; Barkrowler/0.9; +https://babbar.tech/crawler)"
198.54.114.83 - - [16/Apr/2025:09:06:43 -0400] "POST /wp-cron.php?doing_wp_cron=1744808800.9267580509185791015625 HTTP/1.1" 200 0 "-" "WordPress/6.8; https://garantishell.com"
217.113.194.179 - - [16/Apr/2025:09:07:00 -0400] "GET /navigating-the-realm-of-online-gambling-risks-and-rewards/ HTTP/1.1" 200 11033 "-" "Mozilla/5.0 (compatible; Barkrowler/0.9; +https://babbar.tech/crawler)"
217.113.194.173 - - [16/Apr/2025:09:07:21 -0400] "GET /the-benefits-of-business-trip-massage-for-executives/ HTTP/1.1" 200 10975 "-" "Mozilla/5.0 (compatible; Barkrowler/0.9; +https://babbar.tech/crawler)"
217.113.194.179 - - [16/Apr/2025:09:07:40 -0400] "GET /robots.txt HTTP/1.1" 304 0 "-" "Mozilla/5.0 (compatible; Barkrowler/0.9; +https://babbar.tech/crawler)"
217.113.194.174 - - [16/Apr/2025:09:07:58 -0400] "GET /the-benefits-of-culture-gift-certificate-discounts/feed/ HTTP/1.1" 200 417 "-" "Mozilla/5.0 (compatible; Barkrowler/0.9; +https://babbar.tech/crawler)"
198.54.114.83 - - [16/Apr/2025:09:08:01 -0400] "POST /wp-cron.php?doing_wp_cron=1744808878.2206809520721435546875 HTTP/1.1" 200 0 "-" "WordPress/6.8; https://garantishell.com"
217.113.194.180 - - [16/Apr/2025:09:08:17 -0400] "GET /the-benefits-of-a-massage-during-your-business-trip/ HTTP/1.1" 200 10730 "-" "Mozilla/5.0 (compatible; Barkrowler/0.9; +https://babbar.tech/crawler)"
217.113.194.177 - - [16/Apr/2025:09:08:34 -0400] "GET /innovatives-design-fur-zeitgemase-raume/feed/ HTTP/1.1" 200 415 "-" "Mozilla/5.0 (compatible; Barkrowler/0.9; +https://babbar.tech/crawler)"
217.113.194.172 - - [16/Apr/2025:09:08:50 -0400] "GET /holistic-healthcare-in-dubai-the-role-of-osteopathy/ HTTP/1.1" 200 10716 "-" "Mozilla/5.0 (compatible; Barkrowler/0.9; +https://babbar.tech/crawler)"
198.54.114.83 - - [16/Apr/2025:09:09:10 -0400] "POST /wp-cron.php?doing_wp_cron=1744808949.1392860412597656250000 HTTP/1.1" 200 0 "-" "WordPress/6.8; https://garantishell.com"
217.113.194.180 - - [16/Apr/2025:09:09:08 -0400] "GET /holistic-healing-through-osteopathy-in-dubai/feed/ HTTP/1.1" 200 414 "-" "Mozilla/5.0 (compatible; Barkrowler/0.9; +https://babbar.tech/crawler)"
217.113.194.172 - - [16/Apr/2025:09:09:27 -0400] "GET /the-art-and-ethics-of-high-quality-nude-photography/ HTTP/1.1" 200 10367 "-" "Mozilla/5.0 (compatible; Barkrowler/0.9; +https://babbar.tech/crawler)"
114.119.140.66 - - [16/Apr/2025:09:09:39 -0400] "GET /choosing-the-right-baby-stroller-for-your-family/ HTTP/1.1" 200 11046 "https://garantishell.com/unveiling-the-future-of-digital-assets-ceti-crypto/" "Mozilla/5.0 (Linux; Android 7.0;) AppleWebKit/537.36 (KHTML, like Gecko) Mobile Safari/537.36 (compatible; PetalBot;+https://webmaster.petalsearch.com/site/petalbot)"
217.113.194.173 - - [16/Apr/2025:09:09:44 -0400] "GET /the-art-of-bento-a-culinary-delight-in-a-box/feed/ HTTP/1.1" 200 433 "-" "Mozilla/5.0 (compatible; Barkrowler/0.9; +https://babbar.tech/crawler)"
217.113.194.181 - - [16/Apr/2025:09:10:01 -0400] "GET /the-art-of-massage-a-path-to-relaxation-and-healing/ HTTP/1.1" 200 10589 "-" "Mozilla/5.0 (compatible; Barkrowler/0.9; +https://babbar.tech/crawler)"
217.113.194.173 - - [16/Apr/2025:09:10:20 -0400] "GET /title-key-insights-into-fda-otc-registration/ HTTP/1.1" 200 10992 "-" "Mozilla/5.0 (compatible; Barkrowler/0.9; +https://babbar.tech/crawler)"
198.54.114.83 - - [16/Apr/2025:09:10:22 -0400] "POST /wp-cron.php?doing_wp_cron=1744809020.6140539646148681640625 HTTP/1.1" 200 0 "-" "WordPress/6.8; https://garantishell.com"
51.222.253.10 - - [16/Apr/2025:09:10:31 -0400] "GET /exploring-the-realm-of-ai-girlfriends/ HTTP/1.1" 200 10761 "-" "Mozilla/5.0 (compatible; AhrefsBot/7.0; +http://ahrefs.com/robot/)"
217.113.194.174 - - [16/Apr/2025:09:10:40 -0400] "GET /title-key-insights-into-fda-otc-registration/feed/ HTTP/1.1" 200 413 "-" "Mozilla/5.0 (compatible; Barkrowler/0.9; +https://babbar.tech/crawler)"
217.113.194.180 - - [16/Apr/2025:09:11:00 -0400] "GET /unveiling-the-power-of-hypnosis-in-singapore/feed/ HTTP/1.1" 200 413 "-" "Mozilla/5.0 (compatible; Barkrowler/0.9; +https://babbar.tech/crawler)"
84.239.48.131 - - [16/Apr/2025:09:11:12 -0400] "GET /.env HTTP/1.1" 403 1242 "-" "Mozilla/5.0 (Macintosh; Intel Mac OS X 10.15; rv:77.0) Gecko/20100101 Firefox/77.0"
217.113.194.176 - - [16/Apr/2025:09:11:18 -0400] "GET /unlock-savings-with-culture-gift-certificate-discount/feed/ HTTP/1.1" 200 418 "-" "Mozilla/5.0 (compatible; Barkrowler/0.9; +https://babbar.tech/crawler)"
135.119.137.158 - - [16/Apr/2025:09:11:38 -0400] "HEAD /wordpress HTTP/1.1" 404 0 "http://garantishell.com/wordpress" "Mozilla/5.0 (Windows NT 10.0; Win64; x64) AppleWebKit/537.36 (KHTML, like Gecko) Chrome/74.0.3729.169 Safari/537.36"
217.113.194.175 - - [16/Apr/2025:09:11:37 -0400] "GET /unlock-savings-with-culture-gift-certificate-discounts/feed/ HTTP/1.1" 200 422 "-" "Mozilla/5.0 (compatible; Barkrowler/0.9; +https://babbar.tech/crawler)"
198.54.114.83 - - [16/Apr/2025:09:11:40 -0400] "POST /wp-cron.php?doing_wp_cron=1744809098.2518370151519775390625 HTTP/1.1" 200 0 "-" "WordPress/6.8; https://garantishell.com"
85.208.96.201 - - [16/Apr/2025:09:11:40 -0400] "GET /the-impact-of-steroids-on-health-and-performance/ HTTP/1.1" 200 10724 "-" "Mozilla/5.0 (compatible; SemrushBot/7~bl; +http://www.semrush.com/bot.html)"
135.119.137.158 - - [16/Apr/2025:09:11:42 -0400] "HEAD / HTTP/1.1" 200 0 "http://garantishell.com/" "Mozilla/5.0 (Windows NT 10.0; Win64; x64) AppleWebKit/537.36 (KHTML, like Gecko) Chrome/74.0.3729.169 Safari/537.36"
135.119.137.158 - - [16/Apr/2025:09:11:45 -0400] "HEAD /wp HTTP/1.1" 404 0 "http://garantishell.com/wp" "Mozilla/5.0 (Windows NT 10.0; Win64; x64) AppleWebKit/537.36 (KHTML, like Gecko) Chrome/74.0.3729.169 Safari/537.36"
135.119.137.158 - - [16/Apr/2025:09:11:49 -0400] "HEAD /bc HTTP/1.1" 404 0 "http://garantishell.com/bc" "Mozilla/5.0 (Windows NT 10.0; Win64; x64) AppleWebKit/537.36 (KHTML, like Gecko) Chrome/74.0.3729.169 Safari/537.36"
135.119.137.158 - - [16/Apr/2025:09:11:52 -0400] "HEAD /bk HTTP/1.1" 404 0 "http://garantishell.com/bk" "Mozilla/5.0 (Windows NT 10.0; Win64; x64) AppleWebKit/537.36 (KHTML, like Gecko) Chrome/74.0.3729.169 Safari/537.36"
