114.235.63.221 - - [16/Apr/2025:06:09:11 -0400] "GET /why-professional-home-inspection-services-are-essential/ HTTP/1.1" 200 10730 "-" "Mozilla/5.0 (Windows NT 10.0; WOW64) AppleWebKit/537.36 (KHTML, like Gecko) Chrome/114.0.0.0 Safari/537.36 Vivaldi/5.3.2679.68"
114.235.63.221 - - [16/Apr/2025:06:09:19 -0400] "POST /wp-comments-post.php HTTP/1.1" 302 0 "https://garantishell.com/why-professional-home-inspection-services-are-essential/" "Mozilla/5.0 (Windows NT 10.0; WOW64) AppleWebKit/537.36 (KHTML, like Gecko) Chrome/114.0.0.0 Safari/537.36 Vivaldi/5.3.2679.68"
217.113.194.174 - - [16/Apr/2025:06:09:26 -0400] "GET /virtuals-receptionists/ HTTP/1.1" 200 10173 "-" "Mozilla/5.0 (compatible; Barkrowler/0.9; +https://babbar.tech/crawler)"
114.235.63.221 - - [16/Apr/2025:06:09:28 -0400] "GET /why-professional-home-inspection-services-are-essential/?unapproved=4311&moderation-hash=181f62fa641a3e93c52320c3339e0858 HTTP/1.1" 200 11206 "https://garantishell.com/wp-comments-post.php" "Mozilla/5.0 (Windows NT 10.0; WOW64) AppleWebKit/537.36 (KHTML, like Gecko) Chrome/114.0.0.0 Safari/537.36 Vivaldi/5.3.2679.68"
114.235.63.221 - - [16/Apr/2025:06:09:36 -0400] "GET /why-professional-home-inspection-services-are-essential/ HTTP/1.1" 200 10730 "-" "Mozilla/5.0 (Windows NT 10.0; WOW64) AppleWebKit/537.36 (KHTML, like Gecko) Chrome/114.0.0.0 Safari/537.36 Vivaldi/5.3.2679.68"
2a02:598:128:8a00::b00:15 - - [16/Apr/2025:06:09:36 -0400] "GET /creation-de-sites-web-sur-mesure-pour-vos-besoins-uniques/ HTTP/1.1" 200 11219 "-" "Mozilla/5.0 (compatible; SeznamBot/4.0; +https://o-seznam.cz/napoveda/vyhledavani/en/seznambot-crawler/)"
114.235.63.221 - - [16/Apr/2025:06:09:43 -0400] "GET /why-professional-home-inspection-services-are-essential/ HTTP/1.1" 200 10730 "-" "Mozilla/5.0 (Macintosh; Intel Mac OS X 12_5) AppleWebKit/605.1.15 (KHTML, like Gecko) Version/15.4 Safari/605.1.15"
217.113.194.176 - - [16/Apr/2025:06:09:48 -0400] "GET /category/stock-trading/ HTTP/1.1" 200 8000 "-" "Mozilla/5.0 (compatible; Barkrowler/0.9; +https://babbar.tech/crawler)"
217.113.194.175 - - [16/Apr/2025:06:10:13 -0400] "GET /category/family-relationship/ HTTP/1.1" 200 8018 "-" "Mozilla/5.0 (compatible; Barkrowler/0.9; +https://babbar.tech/crawler)"
114.235.63.221 - - [16/Apr/2025:06:10:19 -0400] "GET /why-professional-home-inspection-services-are-essential/ HTTP/1.1" 200 10730 "-" "Mozilla/5.0 (Macintosh; Intel Mac OS X 12_5) AppleWebKit/605.1.15 (KHTML, like Gecko) Version/15.4 Safari/605.1.15"
51.222.253.2 - - [16/Apr/2025:06:10:33 -0400] "GET /understanding-gallons-per-minute-conversion/ HTTP/1.1" 200 10787 "-" "Mozilla/5.0 (compatible; AhrefsBot/7.0; +http://ahrefs.com/robot/)"
217.113.194.181 - - [16/Apr/2025:06:10:37 -0400] "GET /best-craft-weed-canada/ HTTP/1.1" 200 10013 "-" "Mozilla/5.0 (compatible; Barkrowler/0.9; +https://babbar.tech/crawler)"
217.113.194.172 - - [16/Apr/2025:06:10:59 -0400] "GET /key-considerations/feed/ HTTP/1.1" 200 373 "-" "Mozilla/5.0 (compatible; Barkrowler/0.9; +https://babbar.tech/crawler)"
2001:1bb0:e000:1e::4a7 - - [16/Apr/2025:06:11:20 -0400] "POST /xmlrpc.php HTTP/1.1" 200 186 "https://garantishell.com" "Mozilla/5.0 (Windows NT 10.0; Win64; x64) AppleWebKit/537.36 (KHTML, like Gecko) Chrome/113.0.5672.93 Safari/537.36"
217.113.194.172 - - [16/Apr/2025:06:11:20 -0400] "GET /mocra-regulations/ HTTP/1.1" 200 9997 "-" "Mozilla/5.0 (compatible; Barkrowler/0.9; +https://babbar.tech/crawler)"
198.54.114.83 - - [16/Apr/2025:06:11:23 -0400] "POST /wp-cron.php?doing_wp_cron=1744798280.7960689067840576171875 HTTP/1.1" 200 0 "-" "WordPress/6.8; https://garantishell.com"
217.113.194.175 - - [16/Apr/2025:06:11:41 -0400] "GET /elite-sport-socks/feed/ HTTP/1.1" 200 381 "-" "Mozilla/5.0 (compatible; Barkrowler/0.9; +https://babbar.tech/crawler)"
217.113.194.179 - - [16/Apr/2025:06:12:00 -0400] "GET /les-panneaux-phoniques/ HTTP/1.1" 200 10740 "-" "Mozilla/5.0 (compatible; Barkrowler/0.9; +https://babbar.tech/crawler)"
217.113.194.179 - - [16/Apr/2025:06:12:19 -0400] "GET /air-cargo-shipping/feed/ HTTP/1.1" 200 374 "-" "Mozilla/5.0 (compatible; Barkrowler/0.9; +https://babbar.tech/crawler)"
51.222.253.12 - - [16/Apr/2025:06:12:20 -0400] "GET /nurturing-nature-a-guide-to-psilocybin-mushroom-cultivation/ HTTP/1.1" 200 10694 "-" "Mozilla/5.0 (compatible; AhrefsBot/7.0; +http://ahrefs.com/robot/)"
217.113.194.179 - - [16/Apr/2025:06:12:38 -0400] "GET /gitarre-spielen-lernen/ HTTP/1.1" 200 11043 "-" "Mozilla/5.0 (compatible; Barkrowler/0.9; +https://babbar.tech/crawler)"
198.54.114.83 - - [16/Apr/2025:06:12:41 -0400] "POST /wp-cron.php?doing_wp_cron=1744798358.8162169456481933593750 HTTP/1.1" 200 0 "-" "WordPress/6.8; https://garantishell.com"
217.113.194.177 - - [16/Apr/2025:06:12:59 -0400] "GET /2025/01/page/5/ HTTP/1.1" 200 10077 "-" "Mozilla/5.0 (compatible; Barkrowler/0.9; +https://babbar.tech/crawler)"
154.54.249.212 - - [16/Apr/2025:06:13:18 -0400] "GET /2025/02/page/3/ HTTP/1.1" 200 8769 "-" "Mozilla/5.0 (compatible; Barkrowler/0.9; +https://babbar.tech/crawler)"
217.113.194.177 - - [16/Apr/2025:06:13:37 -0400] "GET /2025/02/page/2/ HTTP/1.1" 200 10259 "-" "Mozilla/5.0 (compatible; Barkrowler/0.9; +https://babbar.tech/crawler)"
217.113.194.177 - - [16/Apr/2025:06:13:57 -0400] "GET /2024/05/page/4/ HTTP/1.1" 200 9485 "-" "Mozilla/5.0 (compatible; Barkrowler/0.9; +https://babbar.tech/crawler)"
198.54.114.83 - - [16/Apr/2025:06:14:02 -0400] "POST /wp-cron.php?doing_wp_cron=1744798438.1489899158477783203125 HTTP/1.1" 200 0 "-" "WordPress/6.8; https://garantishell.com"
51.222.253.7 - - [16/Apr/2025:06:14:09 -0400] "GET /strategies-for-gaining-more-subscribers/ HTTP/1.1" 200 10795 "-" "Mozilla/5.0 (compatible; AhrefsBot/7.0; +http://ahrefs.com/robot/)"
154.54.249.212 - - [16/Apr/2025:06:14:21 -0400] "GET /2024/05/page/2/ HTTP/1.1" 200 9870 "-" "Mozilla/5.0 (compatible; Barkrowler/0.9; +https://babbar.tech/crawler)"
217.113.194.176 - - [16/Apr/2025:06:14:40 -0400] "GET /2024/07/page/2/ HTTP/1.1" 200 9775 "-" "Mozilla/5.0 (compatible; Barkrowler/0.9; +https://babbar.tech/crawler)"
217.113.194.181 - - [16/Apr/2025:06:15:01 -0400] "GET /2024/04/page/2/ HTTP/1.1" 200 9921 "-" "Mozilla/5.0 (compatible; Barkrowler/0.9; +https://babbar.tech/crawler)"
198.54.114.83 - - [16/Apr/2025:06:15:08 -0400] "POST /wp-cron.php?doing_wp_cron=1744798502.1256229877471923828125 HTTP/1.1" 200 0 "-" "WordPress/6.8; https://garantishell.com"
217.113.194.179 - - [16/Apr/2025:06:15:23 -0400] "GET /2024/06/page/3/ HTTP/1.1" 200 9607 "-" "Mozilla/5.0 (compatible; Barkrowler/0.9; +https://babbar.tech/crawler)"
217.113.194.174 - - [16/Apr/2025:06:15:42 -0400] "GET /2024/06/page/2/ HTTP/1.1" 200 9803 "-" "Mozilla/5.0 (compatible; Barkrowler/0.9; +https://babbar.tech/crawler)"
217.113.194.173 - - [16/Apr/2025:06:16:01 -0400] "GET /2024/03/page/2/ HTTP/1.1" 200 9715 "-" "Mozilla/5.0 (compatible; Barkrowler/0.9; +https://babbar.tech/crawler)"
198.54.114.83 - - [16/Apr/2025:06:16:05 -0400] "POST /wp-cron.php?doing_wp_cron=1744798562.3650979995727539062500 HTTP/1.1" 200 0 "-" "WordPress/6.8; https://garantishell.com"
51.222.253.19 - - [16/Apr/2025:06:16:04 -0400] "GET /effizientes-haushaltsauflosungen-in-luneburg/feed/ HTTP/1.1" 304 0 "-" "Mozilla/5.0 (compatible; AhrefsBot/7.0; +http://ahrefs.com/robot/)"
185.204.170.116 - - [16/Apr/2025:06:16:22 -0400] "GET /why-professional-home-inspection-services-are-essential/ HTTP/1.1" 200 10730 "-" "Mozilla/5.0 (Macintosh; Intel Mac OS X 12_5) AppleWebKit/605.1.15 (KHTML, like Gecko) Version/15.4 Safari/605.1.15"
217.113.194.176 - - [16/Apr/2025:06:16:22 -0400] "GET /2024/03/page/4/ HTTP/1.1" 200 9830 "-" "Mozilla/5.0 (compatible; Barkrowler/0.9; +https://babbar.tech/crawler)"
217.113.194.174 - - [16/Apr/2025:06:16:40 -0400] "GET /2024/08/page/3/ HTTP/1.1" 200 9611 "-" "Mozilla/5.0 (compatible; Barkrowler/0.9; +https://babbar.tech/crawler)"
217.113.194.177 - - [16/Apr/2025:06:16:59 -0400] "GET /2024/08/page/2/ HTTP/1.1" 200 9842 "-" "Mozilla/5.0 (compatible; Barkrowler/0.9; +https://babbar.tech/crawler)"
154.54.249.212 - - [16/Apr/2025:06:17:18 -0400] "GET /2024/08/page/5/ HTTP/1.1" 200 9678 "-" "Mozilla/5.0 (compatible; Barkrowler/0.9; +https://babbar.tech/crawler)"
198.54.114.83 - - [16/Apr/2025:06:17:21 -0400] "POST /wp-cron.php?doing_wp_cron=1744798639.1146109104156494140625 HTTP/1.1" 200 0 "-" "WordPress/6.8; https://garantishell.com"
217.113.194.179 - - [16/Apr/2025:06:17:38 -0400] "GET /2024/09/page/3/ HTTP/1.1" 200 9714 "-" "Mozilla/5.0 (compatible; Barkrowler/0.9; +https://babbar.tech/crawler)"
217.113.194.174 - - [16/Apr/2025:06:17:58 -0400] "GET /2024/09/page/2/ HTTP/1.1" 200 9759 "-" "Mozilla/5.0 (compatible; Barkrowler/0.9; +https://babbar.tech/crawler)"
217.113.194.180 - - [16/Apr/2025:06:18:16 -0400] "GET /2024/02/page/2/ HTTP/1.1" 200 9622 "-" "Mozilla/5.0 (compatible; Barkrowler/0.9; +https://babbar.tech/crawler)"
51.222.253.1 - - [16/Apr/2025:06:18:20 -0400] "GET /refresh-your-space-with-professional-carpet-cleaning-in-woking/ HTTP/1.1" 200 10468 "-" "Mozilla/5.0 (compatible; AhrefsBot/7.0; +http://ahrefs.com/robot/)"
198.54.114.83 - - [16/Apr/2025:06:18:22 -0400] "POST /wp-cron.php?doing_wp_cron=1744798700.5379741191864013671875 HTTP/1.1" 200 0 "-" "WordPress/6.8; https://garantishell.com"
154.54.249.212 - - [16/Apr/2025:06:18:35 -0400] "GET /a-digital-revolution/feed/ HTTP/1.1" 200 374 "-" "Mozilla/5.0 (compatible; Barkrowler/0.9; +https://babbar.tech/crawler)"
217.113.194.178 - - [16/Apr/2025:06:18:53 -0400] "GET /a-smart-choice/feed/ HTTP/1.1" 200 377 "-" "Mozilla/5.0 (compatible; Barkrowler/0.9; +https://babbar.tech/crawler)"
217.113.194.176 - - [16/Apr/2025:06:19:10 -0400] "GET /a-comprehensive-guides/ HTTP/1.1" 200 10741 "-" "Mozilla/5.0 (compatible; Barkrowler/0.9; +https://babbar.tech/crawler)"
198.54.114.83 - - [16/Apr/2025:06:19:30 -0400] "POST /wp-cron.php?doing_wp_cron=1744798768.8337368965148925781250 HTTP/1.1" 200 0 "-" "WordPress/6.8; https://garantishell.com"
217.113.194.175 - - [16/Apr/2025:06:19:28 -0400] "GET /a-comprehensive-overview/ HTTP/1.1" 200 10449 "-" "Mozilla/5.0 (compatible; Barkrowler/0.9; +https://babbar.tech/crawler)"
217.113.194.181 - - [16/Apr/2025:06:19:48 -0400] "GET /business-trip-massagees/feed/ HTTP/1.1" 200 375 "-" "Mozilla/5.0 (compatible; Barkrowler/0.9; +https://babbar.tech/crawler)"
217.113.194.176 - - [16/Apr/2025:06:20:06 -0400] "GET /business-trips-massage/feed/ HTTP/1.1" 200 375 "-" "Mozilla/5.0 (compatible; Barkrowler/0.9; +https://babbar.tech/crawler)"
34.105.104.2 - - [16/Apr/2025:06:20:06 -0400] "GET /media/system/js/core.js HTTP/1.1" 404 7068 "http://garantishell.com/media/system/js/core.js" "Mozilla/5.0 (Macintosh; Intel Mac OS X 10_10_1) AppleWebKit/537.36 (KHTML, like Gecko) Chrome/39.0.2171.95 Safari/537.36"
34.105.104.2 - - [16/Apr/2025:06:20:12 -0400] "GET /wp-includes/js/jquery/jquery.js HTTP/1.1" 200 81316 "http://garantishell.com/wp-includes/js/jquery/jquery.js" "Mozilla/5.0 (Macintosh; Intel Mac OS X 10_10_1) AppleWebKit/537.36 (KHTML, like Gecko) Chrome/39.0.2171.95 Safari/537.36"
51.222.253.11 - - [16/Apr/2025:06:20:19 -0400] "GET /the-appeal-of-large-paintings-online/feed/ HTTP/1.1" 200 399 "-" "Mozilla/5.0 (compatible; AhrefsBot/7.0; +http://ahrefs.com/robot/)"
154.54.249.212 - - [16/Apr/2025:06:20:25 -0400] "GET /sarms-canada/feed/ HTTP/1.1" 200 371 "-" "Mozilla/5.0 (compatible; Barkrowler/0.9; +https://babbar.tech/crawler)"
198.54.114.83 - - [16/Apr/2025:06:20:34 -0400] "POST /wp-cron.php?doing_wp_cron=1744798832.7856390476226806640625 HTTP/1.1" 200 0 "-" "WordPress/6.8; https://garantishell.com"
166.108.226.87 - - [16/Apr/2025:06:20:32 -0400] "GET /guia-completa-sobre-convertidores-de-unidades-de-torque/ HTTP/1.1" 200 10556 "https://garantishell.com/guia-completa-sobre-convertidores-de-unidades-de-torque/" "Mozilla/5.0 (Windows NT 10.0; Win64; x64) AppleWebKit/537.36 (KHTML, like Gecko) Chrome/110.0.0.0 Safari/537.36"
165.227.84.75 - - [16/Apr/2025:06:20:42 -0400] "GET /wp-login.php HTTP/1.1" 200 1734 "-" "GRequests/0.10"
165.227.84.75 - - [16/Apr/2025:06:20:43 -0400] "POST /wp-login.php HTTP/1.1" 200 1871 "-" "GRequests/0.10"
217.113.194.177 - - [16/Apr/2025:06:20:43 -0400] "GET /the-art-of-massage-healing/ HTTP/1.1" 200 11301 "-" "Mozilla/5.0 (compatible; Barkrowler/0.9; +https://babbar.tech/crawler)"
176.126.165.66 - - [16/Apr/2025:06:20:48 -0400] "POST /xmlrpc.php HTTP/1.1" 200 186 "https://garantishell.com" "Mozilla/5.0 (Macintosh; Intel Mac OS X 10.15; rv:126.0) Gecko/20100101 Firefox/126.0"
217.113.194.172 - - [16/Apr/2025:06:21:01 -0400] "GET /category/arts-entertainments/page/3/ HTTP/1.1" 200 9947 "-" "Mozilla/5.0 (compatible; Barkrowler/0.9; +https://babbar.tech/crawler)"
217.113.194.181 - - [16/Apr/2025:06:21:18 -0400] "GET /category/arts-entertainments/feed/ HTTP/1.1" 200 10779 "-" "Mozilla/5.0 (compatible; Barkrowler/0.9; +https://babbar.tech/crawler)"
198.54.114.83 - - [16/Apr/2025:06:21:36 -0400] "POST /wp-cron.php?doing_wp_cron=1744798895.9971001148223876953125 HTTP/1.1" 200 0 "-" "WordPress/6.8; https://garantishell.com"
217.113.194.176 - - [16/Apr/2025:06:21:35 -0400] "GET /category/arts-entertainments/page/2/ HTTP/1.1" 200 10230 "-" "Mozilla/5.0 (compatible; Barkrowler/0.9; +https://babbar.tech/crawler)"
198.54.114.83 - - [16/Apr/2025:06:21:38 -0400] "POST /wp-admin/admin-ajax.php?action=async_litespeed&nonce=DHs9SjxWLYvsgdq3IiaSJKDXdRALRvrz&litespeed_type=imgoptm HTTP/1.1" 200 0 "-" "WordPress/6.8; https://garantishell.com"
198.54.114.83 - - [16/Apr/2025:06:21:55 -0400] "POST /wp-cron.php?doing_wp_cron=1744798914.5972819328308105468750 HTTP/1.1" 200 0 "-" "WordPress/6.8; https://garantishell.com"
217.113.194.173 - - [16/Apr/2025:06:21:54 -0400] "GET /instant-hot-water-system/ HTTP/1.1" 200 9995 "-" "Mozilla/5.0 (compatible; Barkrowler/0.9; +https://babbar.tech/crawler)"
51.222.253.14 - - [16/Apr/2025:06:22:00 -0400] "GET /the-role-of-a-midwife-in-modern-healthcare/feed/ HTTP/1.1" 304 0 "-" "Mozilla/5.0 (compatible; AhrefsBot/7.0; +http://ahrefs.com/robot/)"
217.113.194.178 - - [16/Apr/2025:06:22:14 -0400] "GET /creation-graphique-a-paris/ HTTP/1.1" 200 11260 "-" "Mozilla/5.0 (compatible; Barkrowler/0.9; +https://babbar.tech/crawler)"
154.54.249.212 - - [16/Apr/2025:06:22:31 -0400] "GET /travaux-peinture-interieur/ HTTP/1.1" 200 10206 "-" "Mozilla/5.0 (compatible; Barkrowler/0.9; +https://babbar.tech/crawler)"
154.54.249.212 - - [16/Apr/2025:06:22:49 -0400] "GET /exploring-micropayments/ HTTP/1.1" 200 10458 "-" "Mozilla/5.0 (compatible; Barkrowler/0.9; +https://babbar.tech/crawler)"
217.113.194.178 - - [16/Apr/2025:06:23:07 -0400] "GET /exploring-micropayments/feed/ HTTP/1.1" 200 378 "-" "Mozilla/5.0 (compatible; Barkrowler/0.9; +https://babbar.tech/crawler)"
198.54.114.83 - - [16/Apr/2025:06:23:09 -0400] "POST /wp-cron.php?doing_wp_cron=1744798988.0935149192810058593750 HTTP/1.1" 200 0 "-" "WordPress/6.8; https://garantishell.com"
217.113.194.179 - - [16/Apr/2025:06:23:26 -0400] "GET /steroids-canada/feed/ HTTP/1.1" 200 372 "-" "Mozilla/5.0 (compatible; Barkrowler/0.9; +https://babbar.tech/crawler)"
51.222.253.16 - - [16/Apr/2025:06:23:43 -0400] "GET /unlock-the-benefits-of-small-payment-gift-certificates/feed/ HTTP/1.1" 200 427 "-" "Mozilla/5.0 (compatible; AhrefsBot/7.0; +http://ahrefs.com/robot/)"
217.113.194.180 - - [16/Apr/2025:06:23:45 -0400] "GET /world-of-video-slots/ HTTP/1.1" 200 10672 "-" "Mozilla/5.0 (compatible; Barkrowler/0.9; +https://babbar.tech/crawler)"
217.113.194.177 - - [16/Apr/2025:06:24:03 -0400] "GET /anonymous-vps/feed/ HTTP/1.1" 200 367 "-" "Mozilla/5.0 (compatible; Barkrowler/0.9; +https://babbar.tech/crawler)"
217.113.194.181 - - [16/Apr/2025:06:24:21 -0400] "GET /anonymous-hosting/feed/ HTTP/1.1" 200 370 "-" "Mozilla/5.0 (compatible; Barkrowler/0.9; +https://babbar.tech/crawler)"
198.54.114.83 - - [16/Apr/2025:06:24:23 -0400] "POST /wp-cron.php?doing_wp_cron=1744799061.2839519977569580078125 HTTP/1.1" 200 0 "-" "WordPress/6.8; https://garantishell.com"
217.113.194.172 - - [16/Apr/2025:06:24:39 -0400] "GET /culture-gift-certificate-card/ HTTP/1.1" 200 10229 "-" "Mozilla/5.0 (compatible; Barkrowler/0.9; +https://babbar.tech/crawler)"
217.113.194.179 - - [16/Apr/2025:06:24:57 -0400] "GET /how-to-make-a-folder-on-mac/ HTTP/1.1" 200 11467 "-" "Mozilla/5.0 (compatible; Barkrowler/0.9; +https://babbar.tech/crawler)"
217.113.194.180 - - [16/Apr/2025:06:25:16 -0400] "GET /employee-communication-app/feed/ HTTP/1.1" 200 379 "-" "Mozilla/5.0 (compatible; Barkrowler/0.9; +https://babbar.tech/crawler)"
217.113.194.177 - - [16/Apr/2025:06:25:34 -0400] "GET /a-comprehensive-guide/feed/ HTTP/1.1" 200 379 "-" "Mozilla/5.0 (compatible; Barkrowler/0.9; +https://babbar.tech/crawler)"
198.54.114.83 - - [16/Apr/2025:06:25:36 -0400] "POST /wp-cron.php?doing_wp_cron=1744799134.0471980571746826171875 HTTP/1.1" 200 0 "-" "WordPress/6.8; https://garantishell.com"
51.222.253.19 - - [16/Apr/2025:06:25:33 -0400] "GET /umzugsunternehmen-luneburg-fur-stressfreie-umzuge/feed/ HTTP/1.1" 304 0 "-" "Mozilla/5.0 (compatible; AhrefsBot/7.0; +http://ahrefs.com/robot/)"
154.54.249.212 - - [16/Apr/2025:06:25:54 -0400] "GET /a-comprehensive-overview/feed/ HTTP/1.1" 200 382 "-" "Mozilla/5.0 (compatible; Barkrowler/0.9; +https://babbar.tech/crawler)"
217.113.194.175 - - [16/Apr/2025:06:26:13 -0400] "GET /the-evolution-of-online-casinos/ HTTP/1.1" 200 10615 "-" "Mozilla/5.0 (compatible; Barkrowler/0.9; +https://babbar.tech/crawler)"
109.123.236.97 - - [16/Apr/2025:06:26:28 -0400] "GET /wp-login.php HTTP/1.1" 200 1734 "-" "GRequests/0.10"
109.123.236.97 - - [16/Apr/2025:06:26:30 -0400] "POST /wp-login.php HTTP/1.1" 200 1862 "-" "GRequests/0.10"
217.113.194.175 - - [16/Apr/2025:06:26:31 -0400] "GET /the-rise-of-online-casinos/feed/ HTTP/1.1" 200 389 "-" "Mozilla/5.0 (compatible; Barkrowler/0.9; +https://babbar.tech/crawler)"
217.113.194.176 - - [16/Apr/2025:06:26:51 -0400] "GET /a-modern-gaming-revolutions/ HTTP/1.1" 200 10619 "-" "Mozilla/5.0 (compatible; Barkrowler/0.9; +https://babbar.tech/crawler)"
198.54.114.83 - - [16/Apr/2025:06:26:53 -0400] "POST /wp-cron.php?doing_wp_cron=1744799211.4797120094299316406250 HTTP/1.1" 200 0 "-" "WordPress/6.8; https://garantishell.com"
27.42.99.212 - - [16/Apr/2025:06:27:06 -0400] "GET /why-professional-home-inspection-services-are-essential/ HTTP/1.1" 200 10730 "https://garantishell.com" "Mozilla/5.0 (Windows NT 10.0; Win64; x64) AppleWebKit/537.36 (KHTML, like Gecko) Chrome/62.0.3202.94 Safari/537.36"
51.222.253.4 - - [16/Apr/2025:06:27:08 -0400] "GET /unlocking-success-the-power-of-buying-youtube-views-online/ HTTP/1.1" 200 11081 "-" "Mozilla/5.0 (compatible; AhrefsBot/7.0; +http://ahrefs.com/robot/)"
27.42.99.212 - - [16/Apr/2025:06:27:08 -0400] "POST /wp-comments-post.php HTTP/1.1" 302 0 "https://garantishell.com" "Mozilla/5.0 (Windows NT 10.0; Win64; x64) AppleWebKit/537.36 (KHTML, like Gecko) Chrome/62.0.3202.94 Safari/537.36"
217.113.194.173 - - [16/Apr/2025:06:27:10 -0400] "GET /aventure-musicale-a-la-guitare/ HTTP/1.1" 200 10707 "-" "Mozilla/5.0 (compatible; Barkrowler/0.9; +https://babbar.tech/crawler)"
27.42.99.212 - - [16/Apr/2025:06:27:12 -0400] "GET /why-professional-home-inspection-services-are-essential/ HTTP/1.1" 200 11391 "https://garantishell.com" "Mozilla/4.0 (compatible; MSIE 6.0; Windows NT 5.1; en) Opera 8.50"
50.57.19.18 - - [16/Apr/2025:06:27:16 -0400] "GET /wp-login.php HTTP/1.1" 200 1734 "-" "GRequests/0.10"
50.57.19.18 - - [16/Apr/2025:06:27:17 -0400] "POST /wp-login.php HTTP/1.1" 200 1869 "-" "GRequests/0.10"
217.113.194.179 - - [16/Apr/2025:06:27:29 -0400] "GET /category/arts-entertainments/page/5/ HTTP/1.1" 200 9896 "-" "Mozilla/5.0 (compatible; Barkrowler/0.9; +https://babbar.tech/crawler)"
217.113.194.175 - - [16/Apr/2025:06:27:47 -0400] "GET /category/shopping-product-reviews/ HTTP/1.1" 200 8025 "-" "Mozilla/5.0 (compatible; Barkrowler/0.9; +https://babbar.tech/crawler)"
217.113.194.180 - - [16/Apr/2025:06:28:05 -0400] "GET /concrete-replacement-solutions/feed/ HTTP/1.1" 200 384 "-" "Mozilla/5.0 (compatible; Barkrowler/0.9; +https://babbar.tech/crawler)"
198.54.114.83 - - [16/Apr/2025:06:28:07 -0400] "POST /wp-cron.php?doing_wp_cron=1744799285.9567000865936279296875 HTTP/1.1" 200 0 "-" "WordPress/6.8; https://garantishell.com"
217.113.194.177 - - [16/Apr/2025:06:28:24 -0400] "GET /une-plateforme-innovante/ HTTP/1.1" 200 10678 "-" "Mozilla/5.0 (compatible; Barkrowler/0.9; +https://babbar.tech/crawler)"
217.113.194.175 - - [16/Apr/2025:06:28:43 -0400] "GET /cocktail-dejeunatoire/ HTTP/1.1" 200 10634 "-" "Mozilla/5.0 (compatible; Barkrowler/0.9; +https://babbar.tech/crawler)"
51.222.253.4 - - [16/Apr/2025:06:28:46 -0400] "GET /author/admin/page/80/ HTTP/1.1" 200 9783 "-" "Mozilla/5.0 (compatible; AhrefsBot/7.0; +http://ahrefs.com/robot/)"
217.113.194.177 - - [16/Apr/2025:06:29:03 -0400] "GET /author/ashdev/page/2/ HTTP/1.1" 200 9725 "-" "Mozilla/5.0 (compatible; Barkrowler/0.9; +https://babbar.tech/crawler)"
198.54.114.83 - - [16/Apr/2025:06:29:23 -0400] "POST /wp-cron.php?doing_wp_cron=1744799362.3937950134277343750000 HTTP/1.1" 200 0 "-" "WordPress/6.8; https://garantishell.com"
217.113.194.180 - - [16/Apr/2025:06:29:22 -0400] "GET /private-security-solutions-in-miami/ HTTP/1.1" 200 11249 "-" "Mozilla/5.0 (compatible; Barkrowler/0.9; +https://babbar.tech/crawler)"
217.113.194.176 - - [16/Apr/2025:06:29:43 -0400] "GET /passover-2025-vacations/feed/ HTTP/1.1" 200 378 "-" "Mozilla/5.0 (compatible; Barkrowler/0.9; +https://babbar.tech/crawler)"
217.113.194.178 - - [16/Apr/2025:06:30:14 -0400] "GET /gitarre-spielen-lernen-2/ HTTP/1.1" 200 11033 "-" "Mozilla/5.0 (compatible; Barkrowler/0.9; +https://babbar.tech/crawler)"
51.222.253.11 - - [16/Apr/2025:06:30:21 -0400] "GET /designing-a-lasting-impression/ HTTP/1.1" 200 10665 "-" "Mozilla/5.0 (compatible; AhrefsBot/7.0; +http://ahrefs.com/robot/)"
149.18.51.67 - - [16/Apr/2025:06:30:34 -0400] "POST /xmlrpc.php HTTP/1.1" 200 0 "https://garantishell.com" "Mozilla/5.0 (Windows NT 10.0; Win64; x64) AppleWebKit/537.36 (KHTML, like Gecko) Chrome/113.0.5672.126 Safari/537.36 Edg/113.0.1774.50"
217.113.194.175 - - [16/Apr/2025:06:30:41 -0400] "GET /how-to-make-a-folder-on-mac/feed/ HTTP/1.1" 200 398 "-" "Mozilla/5.0 (compatible; Barkrowler/0.9; +https://babbar.tech/crawler)"
154.54.249.212 - - [16/Apr/2025:06:31:08 -0400] "GET /how-to-make-a-blend-on-spotify/ HTTP/1.1" 200 11740 "-" "Mozilla/5.0 (compatible; Barkrowler/0.9; +https://babbar.tech/crawler)"
217.113.194.181 - - [16/Apr/2025:06:31:31 -0400] "GET /suwon-business-trips-massage/ HTTP/1.1" 200 10632 "-" "Mozilla/5.0 (compatible; Barkrowler/0.9; +https://babbar.tech/crawler)"
51.222.253.14 - - [16/Apr/2025:06:31:35 -0400] "GET /navigating-the-world-of-steroids-in-thailand/ HTTP/1.1" 200 10795 "-" "Mozilla/5.0 (compatible; AhrefsBot/7.0; +http://ahrefs.com/robot/)"
217.113.194.175 - - [16/Apr/2025:06:31:58 -0400] "GET /a-diverse-cast-of-heroes/ HTTP/1.1" 200 10651 "-" "Mozilla/5.0 (compatible; Barkrowler/0.9; +https://babbar.tech/crawler)"
124.243.145.122 - - [16/Apr/2025:06:32:21 -0400] "GET /category/arts-entertainments/page/25/ HTTP/1.1" 200 9821 "https://garantishell.com/category/arts-entertainments/page/25/" "Mozilla/5.0 (Windows NT 10.0; Win64; x64) AppleWebKit/537.36 (KHTML, like Gecko) Chrome/104.0.0.0 Safari/537.36"
217.113.194.176 - - [16/Apr/2025:06:32:23 -0400] "GET /ai-agent-platforms/feed/ HTTP/1.1" 200 373 "-" "Mozilla/5.0 (compatible; Barkrowler/0.9; +https://babbar.tech/crawler)"
185.191.171.8 - - [16/Apr/2025:06:32:45 -0400] "GET /robots.txt HTTP/1.1" 200 97 "-" "Mozilla/5.0 (compatible; SemrushBot/7~bl; +http://www.semrush.com/bot.html)"
217.113.194.172 - - [16/Apr/2025:06:32:44 -0400] "GET /your-gateway-to-online-entertainment/ HTTP/1.1" 200 10656 "-" "Mozilla/5.0 (compatible; Barkrowler/0.9; +https://babbar.tech/crawler)"
185.191.171.15 - - [16/Apr/2025:06:32:50 -0400] "GET /how-can-you-win-prizes-online-and-also-have-fun-with-others-while-doing-it/ HTTP/1.1" 200 10904 "-" "Mozilla/5.0 (compatible; SemrushBot/7~bl; +http://www.semrush.com/bot.html)"
51.222.253.5 - - [16/Apr/2025:06:32:58 -0400] "GET /entdecke-die-schonheit-von-dusseldorf-oberkassel/ HTTP/1.1" 200 10680 "-" "Mozilla/5.0 (compatible; AhrefsBot/7.0; +http://ahrefs.com/robot/)"
217.113.194.172 - - [16/Apr/2025:06:33:05 -0400] "GET /a-new-era-of-gaming/feed/ HTTP/1.1" 200 385 "-" "Mozilla/5.0 (compatible; Barkrowler/0.9; +https://babbar.tech/crawler)"
198.54.114.83 - - [16/Apr/2025:06:33:10 -0400] "POST /wp-cron.php?doing_wp_cron=1744799586.1326110363006591796875 HTTP/1.1" 200 0 "-" "WordPress/6.8; https://garantishell.com"
217.113.194.181 - - [16/Apr/2025:06:33:27 -0400] "GET /a-new-era-in-gambling/feed/ HTTP/1.1" 200 387 "-" "Mozilla/5.0 (compatible; Barkrowler/0.9; +https://babbar.tech/crawler)"
217.113.194.178 - - [16/Apr/2025:06:33:45 -0400] "GET /libras-pie-a-nm/feed/ HTTP/1.1" 200 372 "-" "Mozilla/5.0 (compatible; Barkrowler/0.9; +https://babbar.tech/crawler)"
104.248.118.148 - - [16/Apr/2025:06:33:49 -0400] "GET /wp-login.php HTTP/1.1" 200 1734 "-" "GRequests/0.10"
104.248.118.148 - - [16/Apr/2025:06:33:51 -0400] "POST /wp-login.php HTTP/1.1" 200 1866 "-" "GRequests/0.10"
114.119.144.84 - - [16/Apr/2025:06:33:54 -0400] "GET /a-digital-revolution/ HTTP/1.1" 200 10569 "https://garantishell.com/discovering-sonoma-ca-homes-for-sale/" "Mozilla/5.0 (Linux; Android 7.0;) AppleWebKit/537.36 (KHTML, like Gecko) Mobile Safari/537.36 (compatible; PetalBot;+https://webmaster.petalsearch.com/site/petalbot)"
217.113.194.180 - - [16/Apr/2025:06:34:03 -0400] "GET /the-under-bench-water-chiller/ HTTP/1.1" 200 10652 "-" "Mozilla/5.0 (compatible; Barkrowler/0.9; +https://babbar.tech/crawler)"
198.54.114.83 - - [16/Apr/2025:06:34:18 -0400] "POST /wp-cron.php?doing_wp_cron=1744799656.8709979057312011718750 HTTP/1.1" 200 0 "-" "WordPress/6.8; https://garantishell.com"
51.222.253.2 - - [16/Apr/2025:06:34:16 -0400] "GET /rejuvenate-and-recharge-with-business-trip-massage/feed/ HTTP/1.1" 200 411 "-" "Mozilla/5.0 (compatible; AhrefsBot/7.0; +http://ahrefs.com/robot/)"
217.113.194.179 - - [16/Apr/2025:06:34:21 -0400] "GET /the-evolution-of-online-casinos-2/ HTTP/1.1" 200 10547 "-" "Mozilla/5.0 (compatible; Barkrowler/0.9; +https://babbar.tech/crawler)"
217.113.194.178 - - [16/Apr/2025:06:34:38 -0400] "GET /the-rise-of-online-casinos-4/ HTTP/1.1" 200 10961 "-" "Mozilla/5.0 (compatible; Barkrowler/0.9; +https://babbar.tech/crawler)"
217.113.194.179 - - [16/Apr/2025:06:34:55 -0400] "GET /the-rise-of-online-casinos-2/feed/ HTTP/1.1" 200 390 "-" "Mozilla/5.0 (compatible; Barkrowler/0.9; +https://babbar.tech/crawler)"
217.113.194.181 - - [16/Apr/2025:06:35:14 -0400] "GET /the-rise-of-online-casino-games/feed/ HTTP/1.1" 200 396 "-" "Mozilla/5.0 (compatible; Barkrowler/0.9; +https://babbar.tech/crawler)"
114.119.140.66 - - [16/Apr/2025:06:35:17 -0400] "GET /2024/11/page/11/ HTTP/1.1" 200 9780 "https://garantishell.com/2024/11/page/10/" "Mozilla/5.0 (Linux; Android 7.0;) AppleWebKit/537.36 (KHTML, like Gecko) Mobile Safari/537.36 (compatible; PetalBot;+https://webmaster.petalsearch.com/site/petalbot)"
198.54.114.83 - - [16/Apr/2025:06:35:20 -0400] "POST /wp-cron.php?doing_wp_cron=1744799718.4149949550628662109375 HTTP/1.1" 200 0 "-" "WordPress/6.8; https://garantishell.com"
217.113.194.177 - - [16/Apr/2025:06:35:31 -0400] "GET /the-rise-of-online-betting-platforms/ HTTP/1.1" 200 10814 "-" "Mozilla/5.0 (compatible; Barkrowler/0.9; +https://babbar.tech/crawler)"
51.222.253.10 - - [16/Apr/2025:06:35:36 -0400] "GET /elegant-adornments-the-artistry-of-paper-quilling-jewelry/ HTTP/1.1" 200 10642 "-" "Mozilla/5.0 (compatible; AhrefsBot/7.0; +http://ahrefs.com/robot/)"
217.113.194.173 - - [16/Apr/2025:06:35:51 -0400] "GET /strategies-to-boost-your-likes/ HTTP/1.1" 200 10937 "-" "Mozilla/5.0 (compatible; Barkrowler/0.9; +https://babbar.tech/crawler)"
217.113.194.177 - - [16/Apr/2025:06:36:08 -0400] "GET /benefits-of-osteopathy-in-dubai/ HTTP/1.1" 200 10862 "-" "Mozilla/5.0 (compatible; Barkrowler/0.9; +https://babbar.tech/crawler)"
217.113.194.180 - - [16/Apr/2025:06:36:28 -0400] "GET /the-world-of-funny-socks/feed/ HTTP/1.1" 200 388 "-" "Mozilla/5.0 (compatible; Barkrowler/0.9; +https://babbar.tech/crawler)"
198.54.114.83 - - [16/Apr/2025:06:36:31 -0400] "POST /wp-cron.php?doing_wp_cron=1744799788.8633630275726318359375 HTTP/1.1" 200 0 "-" "WordPress/6.8; https://garantishell.com"
154.54.249.212 - - [16/Apr/2025:06:36:48 -0400] "GET /creation-graphique-a-paris/feed/ HTTP/1.1" 200 391 "-" "Mozilla/5.0 (compatible; Barkrowler/0.9; +https://babbar.tech/crawler)"
51.222.253.12 - - [16/Apr/2025:06:36:57 -0400] "GET /indulging-in-excellence-exploring-the-best-fast-food-restaurants/ HTTP/1.1" 200 11311 "-" "Mozilla/5.0 (compatible; AhrefsBot/7.0; +http://ahrefs.com/robot/)"
217.113.194.176 - - [16/Apr/2025:06:37:07 -0400] "GET /a-guide-to-top-choices/feed/ HTTP/1.1" 200 381 "-" "Mozilla/5.0 (compatible; Barkrowler/0.9; +https://babbar.tech/crawler)"
95.217.121.232 - - [16/Apr/2025:06:37:18 -0400] "GET / HTTP/1.1" 200 9478 "https://garantishell.com/" "Mozilla/5.0 (Windows NT 10.0; Win64; x64) AppleWebKit/537.36 (KHTML, like Gecko) Chrome/130.0.0.0 Safari/537.36"
217.113.194.179 - - [16/Apr/2025:06:37:25 -0400] "GET /prioritizing-your-eye-health/ HTTP/1.1" 200 11184 "-" "Mozilla/5.0 (compatible; Barkrowler/0.9; +https://babbar.tech/crawler)"
216.244.66.241 - - [16/Apr/2025:06:37:27 -0400] "GET /robots.txt HTTP/1.1" 200 97 "-" "Mozilla/5.0 (compatible; DotBot/1.2; +https://opensiteexplorer.org/dotbot; help@moz.com)"
217.113.194.180 - - [16/Apr/2025:06:37:43 -0400] "GET /streamlining-internal-communication/ HTTP/1.1" 200 10461 "-" "Mozilla/5.0 (compatible; Barkrowler/0.9; +https://babbar.tech/crawler)"
198.54.114.83 - - [16/Apr/2025:06:37:46 -0400] "POST /wp-cron.php?doing_wp_cron=1744799864.0360848903656005859375 HTTP/1.1" 200 0 "-" "WordPress/6.8; https://garantishell.com"
217.113.194.174 - - [16/Apr/2025:06:38:04 -0400] "GET /world-of-video-slots/feed/ HTTP/1.1" 200 381 "-" "Mozilla/5.0 (compatible; Barkrowler/0.9; +https://babbar.tech/crawler)"
217.113.194.173 - - [16/Apr/2025:06:38:21 -0400] "GET /gitarre-spielen-lernen-2/feed/ HTTP/1.1" 200 381 "-" "Mozilla/5.0 (compatible; Barkrowler/0.9; +https://babbar.tech/crawler)"
51.222.253.12 - - [16/Apr/2025:06:38:31 -0400] "GET /a-modern-gaming-revolutionss/feed/ HTTP/1.1" 304 0 "-" "Mozilla/5.0 (compatible; AhrefsBot/7.0; +http://ahrefs.com/robot/)"
217.113.194.175 - - [16/Apr/2025:06:38:38 -0400] "GET /craftsmanship-meets-innovation/feed/ HTTP/1.1" 200 386 "-" "Mozilla/5.0 (compatible; Barkrowler/0.9; +https://babbar.tech/crawler)"
198.54.114.83 - - [16/Apr/2025:06:38:58 -0400] "POST /wp-cron.php?doing_wp_cron=1744799937.0477559566497802734375 HTTP/1.1" 200 0 "-" "WordPress/6.8; https://garantishell.com"
217.113.194.173 - - [16/Apr/2025:06:38:56 -0400] "GET /personalized-pet-memorial-gift/ HTTP/1.1" 200 9929 "-" "Mozilla/5.0 (compatible; Barkrowler/0.9; +https://babbar.tech/crawler)"
217.113.194.180 - - [16/Apr/2025:06:39:15 -0400] "GET /the-marvel-of-careprost/ HTTP/1.1" 200 10866 "-" "Mozilla/5.0 (compatible; Barkrowler/0.9; +https://babbar.tech/crawler)"
217.113.194.179 - - [16/Apr/2025:06:39:31 -0400] "GET /suwon-business-trip-massages/feed/ HTTP/1.1" 200 386 "-" "Mozilla/5.0 (compatible; Barkrowler/0.9; +https://babbar.tech/crawler)"
217.113.194.180 - - [16/Apr/2025:06:39:48 -0400] "GET /suwon-business-trip-massages/ HTTP/1.1" 200 10675 "-" "Mozilla/5.0 (compatible; Barkrowler/0.9; +https://babbar.tech/crawler)"
154.54.249.212 - - [16/Apr/2025:06:40:07 -0400] "GET /suwon-business-tripe-massage/ HTTP/1.1" 200 10167 "-" "Mozilla/5.0 (compatible; Barkrowler/0.9; +https://babbar.tech/crawler)"
192.145.239.202 - - [16/Apr/2025:06:40:07 -0400] "POST /xmlrpc.php HTTP/1.1" 200 186 "https://garantishell.com" "Mozilla/5.0 (Windows NT 10.0; Win64; x64; rv:128.0) Gecko/20100101 Firefox/128.0"
51.222.253.13 - - [16/Apr/2025:06:40:06 -0400] "GET /efficient-customer-communication-with-a-virtual-answering-service/ HTTP/1.1" 200 10629 "-" "Mozilla/5.0 (compatible; AhrefsBot/7.0; +http://ahrefs.com/robot/)"
198.54.114.83 - - [16/Apr/2025:06:40:10 -0400] "POST /wp-cron.php?doing_wp_cron=1744800007.0945899486541748046875 HTTP/1.1" 200 0 "-" "WordPress/6.8; https://garantishell.com"
217.113.194.174 - - [16/Apr/2025:06:40:24 -0400] "GET /suwon-business-trips-massages/ HTTP/1.1" 200 10556 "-" "Mozilla/5.0 (compatible; Barkrowler/0.9; +https://babbar.tech/crawler)"
217.113.194.177 - - [16/Apr/2025:06:40:44 -0400] "GET /revitalize-your-workday/ HTTP/1.1" 200 10534 "-" "Mozilla/5.0 (compatible; Barkrowler/0.9; +https://babbar.tech/crawler)"
217.113.194.181 - - [16/Apr/2025:06:41:03 -0400] "GET /entrumpelung-luneburg/ HTTP/1.1" 200 10018 "-" "Mozilla/5.0 (compatible; Barkrowler/0.9; +https://babbar.tech/crawler)"
198.54.114.83 - - [16/Apr/2025:06:41:22 -0400] "POST /wp-cron.php?doing_wp_cron=1744800081.0591959953308105468750 HTTP/1.1" 200 0 "-" "WordPress/6.8; https://garantishell.com"
198.54.114.83 - - [16/Apr/2025:06:41:23 -0400] "POST /wp-admin/admin-ajax.php?action=async_litespeed&nonce=l1ifRWWeevp2G6dxvnpuYuCAG6qKq5vV&litespeed_type=imgoptm HTTP/1.1" 200 0 "-" "WordPress/6.8; https://garantishell.com"
217.113.194.173 - - [16/Apr/2025:06:41:20 -0400] "GET /the-role-of-osteopaths-in-dubai/ HTTP/1.1" 200 10473 "-" "Mozilla/5.0 (compatible; Barkrowler/0.9; +https://babbar.tech/crawler)"
51.222.253.1 - - [16/Apr/2025:06:41:37 -0400] "GET /the-secrets-of-tretinoin-cream-a-guide-to-purchase-and-use/ HTTP/1.1" 200 10798 "-" "Mozilla/5.0 (compatible; AhrefsBot/7.0; +http://ahrefs.com/robot/)"
198.54.114.83 - - [16/Apr/2025:06:41:42 -0400] "POST /wp-cron.php?doing_wp_cron=1744800101.0524709224700927734375 HTTP/1.1" 200 0 "-" "WordPress/6.8; https://garantishell.com"
217.113.194.174 - - [16/Apr/2025:06:41:40 -0400] "GET /designing-a-lasting-impression/feed/ HTTP/1.1" 200 392 "-" "Mozilla/5.0 (compatible; Barkrowler/0.9; +https://babbar.tech/crawler)"
217.113.194.177 - - [16/Apr/2025:06:42:02 -0400] "GET /the-appeal-of-online-lottery-games/ HTTP/1.1" 200 10560 "-" "Mozilla/5.0 (compatible; Barkrowler/0.9; +https://babbar.tech/crawler)"
217.113.194.180 - - [16/Apr/2025:06:42:21 -0400] "GET /the-under-bench-water-chiller/feed/ HTTP/1.1" 200 392 "-" "Mozilla/5.0 (compatible; Barkrowler/0.9; +https://babbar.tech/crawler)"
198.54.114.83 - - [16/Apr/2025:06:42:42 -0400] "POST /wp-cron.php?doing_wp_cron=1744800161.1090679168701171875000 HTTP/1.1" 200 0 "-" "WordPress/6.8; https://garantishell.com"
217.113.194.176 - - [16/Apr/2025:06:42:40 -0400] "GET /the-therapeutic-art-of-massage/ HTTP/1.1" 200 10699 "-" "Mozilla/5.0 (compatible; Barkrowler/0.9; +https://babbar.tech/crawler)"
217.113.194.180 - - [16/Apr/2025:06:43:02 -0400] "GET /the-rise-of-digital-wedding-invitations/ HTTP/1.1" 200 10870 "-" "Mozilla/5.0 (compatible; Barkrowler/0.9; +https://babbar.tech/crawler)"
51.222.253.2 - - [16/Apr/2025:06:43:03 -0400] "GET /the-sports-betting-champ-review-a-comprehensive-approach/ HTTP/1.1" 200 10986 "-" "Mozilla/5.0 (compatible; AhrefsBot/7.0; +http://ahrefs.com/robot/)"
217.113.194.179 - - [16/Apr/2025:06:43:20 -0400] "GET /the-rise-of-football-betting-sites/feed/ HTTP/1.1" 200 401 "-" "Mozilla/5.0 (compatible; Barkrowler/0.9; +https://babbar.tech/crawler)"
217.113.194.172 - - [16/Apr/2025:06:43:38 -0400] "GET /the-rise-of-online-casinos-3/feed/ HTTP/1.1" 200 389 "-" "Mozilla/5.0 (compatible; Barkrowler/0.9; +https://babbar.tech/crawler)"
52.76.18.30 - - [16/Apr/2025:06:43:46 -0400] "GET /wp-login.php HTTP/1.1" 200 1734 "-" "GRequests/0.10"
198.54.114.83 - - [16/Apr/2025:06:43:50 -0400] "POST /wp-cron.php?doing_wp_cron=1744800228.8905210494995117187500 HTTP/1.1" 200 0 "-" "WordPress/6.8; https://garantishell.com"
52.76.18.30 - - [16/Apr/2025:06:43:48 -0400] "POST /wp-login.php HTTP/1.1" 200 1866 "-" "GRequests/0.10"
217.113.194.179 - - [16/Apr/2025:06:43:55 -0400] "GET /the-rise-of-online-betting-platforms/feed/ HTTP/1.1" 200 399 "-" "Mozilla/5.0 (compatible; Barkrowler/0.9; +https://babbar.tech/crawler)"
101.46.6.117 - - [16/Apr/2025:06:43:57 -0400] "GET /the-power-and-pitfalls-of-instagram-likes/ HTTP/1.1" 200 10844 "https://garantishell.com/the-power-and-pitfalls-of-instagram-likes/#respond" "Mozilla/5.0 (Macintosh; Intel Mac OS X 10_15_7) AppleWebKit/537.36 (KHTML, like Gecko) Chrome/120.0.0.0 Safari/537.36"
163.142.219.93 - - [16/Apr/2025:06:44:08 -0400] "GET /why-professional-home-inspection-services-are-essential/ HTTP/1.1" 200 10730 "-" "Mozilla/5.0 (Linux x86_64; rv:114.0) Gecko/20100101 Firefox/114.0"
217.113.194.175 - - [16/Apr/2025:06:44:13 -0400] "GET /strategies-to-boost-your-likes/feed/ HTTP/1.1" 200 396 "-" "Mozilla/5.0 (compatible; Barkrowler/0.9; +https://babbar.tech/crawler)"
163.142.219.93 - - [16/Apr/2025:06:44:21 -0400] "GET /why-professional-home-inspection-services-are-essential/ HTTP/1.1" 200 10730 "https://garantishell.com/why-professional-home-inspection-services-are-essential/" "Mozilla/5.0 (Windows NT 6.3; Win64; x64) AppleWebKit/537.36 (KHTML, like Gecko) Chrome/103.0.0.0 Safari/537.36"
51.222.253.19 - - [16/Apr/2025:06:44:21 -0400] "GET /umzugsunternehmen-hamburg/feed/ HTTP/1.1" 200 380 "-" "Mozilla/5.0 (compatible; AhrefsBot/7.0; +http://ahrefs.com/robot/)"
163.142.219.93 - - [16/Apr/2025:06:44:24 -0400] "POST /wp-comments-post.php HTTP/1.1" 302 0 "https://garantishell.com/why-professional-home-inspection-services-are-essential/" "Mozilla/5.0 (Windows NT 6.3; Win64; x64) AppleWebKit/537.36 (KHTML, like Gecko) Chrome/103.0.0.0 Safari/537.36"
163.142.219.93 - - [16/Apr/2025:06:44:30 -0400] "GET /why-professional-home-inspection-services-are-essential/?unapproved=4313&moderation-hash=da5c17c6b38bccf38031d2392133de7b HTTP/1.1" 200 11359 "https://garantishell.com/wp-comments-post.php" "Mozilla/5.0 (Windows NT 6.3; Win64; x64) AppleWebKit/537.36 (KHTML, like Gecko) Chrome/103.0.0.0 Safari/537.36"
154.54.249.212 - - [16/Apr/2025:06:44:32 -0400] "GET /die-kunst-des-loslassens/ HTTP/1.1" 200 10721 "-" "Mozilla/5.0 (compatible; Barkrowler/0.9; +https://babbar.tech/crawler)"
163.142.219.93 - - [16/Apr/2025:06:44:33 -0400] "GET /why-professional-home-inspection-services-are-essential/ HTTP/1.1" 200 10730 "-" "Mozilla/5.0 (Windows NT 6.3; Win64; x64) AppleWebKit/537.36 (KHTML, like Gecko) Chrome/103.0.0.0 Safari/537.36"
217.113.194.178 - - [16/Apr/2025:06:44:49 -0400] "GET /navigating-the-world-of-online-betting-sites/ HTTP/1.1" 200 10664 "-" "Mozilla/5.0 (compatible; Barkrowler/0.9; +https://babbar.tech/crawler)"
198.54.114.83 - - [16/Apr/2025:06:44:52 -0400] "POST /wp-cron.php?doing_wp_cron=1744800290.2775359153747558593750 HTTP/1.1" 200 0 "-" "WordPress/6.8; https://garantishell.com"
216.244.66.241 - - [16/Apr/2025:06:44:58 -0400] "GET /umzugsunternehmen-in-luneburg-ihr-partner-fur-einen-stressfreien-umzug-2/ HTTP/1.1" 200 10703 "-" "Mozilla/5.0 (compatible; DotBot/1.2; +https://opensiteexplorer.org/dotbot; help@moz.com)"
217.113.194.180 - - [16/Apr/2025:06:45:12 -0400] "GET /a-premier-online-gaming-experience/ HTTP/1.1" 200 10538 "-" "Mozilla/5.0 (compatible; Barkrowler/0.9; +https://babbar.tech/crawler)"
217.113.194.177 - - [16/Apr/2025:06:45:34 -0400] "GET /der-schlussel-zum-erfolg/ HTTP/1.1" 200 10575 "-" "Mozilla/5.0 (compatible; Barkrowler/0.9; +https://babbar.tech/crawler)"
163.142.219.93 - - [16/Apr/2025:06:45:35 -0400] "GET /why-professional-home-inspection-services-are-essential/ HTTP/1.1" 200 10730 "-" "Mozilla/5.0 (Macintosh; Intel Mac OS X 12_5) AppleWebKit/605.1.15 (KHTML, like Gecko) Version/15.4 Safari/605.1.15"
51.222.253.1 - - [16/Apr/2025:06:45:49 -0400] "GET /la-soluzione-ideale-per-ogni-esigenza/ HTTP/1.1" 200 10625 "-" "Mozilla/5.0 (compatible; AhrefsBot/7.0; +http://ahrefs.com/robot/)"
217.113.194.174 - - [16/Apr/2025:06:45:55 -0400] "GET /realtor-virtual-receptionist/feed/ HTTP/1.1" 200 387 "-" "Mozilla/5.0 (compatible; Barkrowler/0.9; +https://babbar.tech/crawler)"
198.54.114.83 - - [16/Apr/2025:06:46:00 -0400] "POST /wp-cron.php?doing_wp_cron=1744800355.6705670356750488281250 HTTP/1.1" 200 0 "-" "WordPress/6.8; https://garantishell.com"
217.113.194.180 - - [16/Apr/2025:06:46:17 -0400] "GET /money-lender-with-good-review/feed/ HTTP/1.1" 200 388 "-" "Mozilla/5.0 (compatible; Barkrowler/0.9; +https://babbar.tech/crawler)"
217.113.194.173 - - [16/Apr/2025:06:46:35 -0400] "GET /luxury-living-at-ardor-residence/ HTTP/1.1" 200 10544 "-" "Mozilla/5.0 (compatible; Barkrowler/0.9; +https://babbar.tech/crawler)"
217.113.194.176 - - [16/Apr/2025:06:46:55 -0400] "GET /exploring-the-thrills-of-online-casinos/ HTTP/1.1" 200 10873 "-" "Mozilla/5.0 (compatible; Barkrowler/0.9; +https://babbar.tech/crawler)"
198.54.114.83 - - [16/Apr/2025:06:47:00 -0400] "POST /wp-cron.php?doing_wp_cron=1744800417.2478139400482177734375 HTTP/1.1" 200 0 "-" "WordPress/6.8; https://garantishell.com"
217.113.194.174 - - [16/Apr/2025:06:47:18 -0400] "GET /exploring-the-world-of-online-casino-gaming/ HTTP/1.1" 200 10696 "-" "Mozilla/5.0 (compatible; Barkrowler/0.9; +https://babbar.tech/crawler)"
51.222.253.10 - - [16/Apr/2025:06:47:20 -0400] "GET /the-world-of-marketing-jobs-and-opportunities/feed/ HTTP/1.1" 304 0 "-" "Mozilla/5.0 (compatible; AhrefsBot/7.0; +http://ahrefs.com/robot/)"
217.113.194.179 - - [16/Apr/2025:06:47:40 -0400] "GET /prioritizing-your-eye-health/feed/ HTTP/1.1" 200 396 "-" "Mozilla/5.0 (compatible; Barkrowler/0.9; +https://babbar.tech/crawler)"
217.113.194.179 - - [16/Apr/2025:06:48:00 -0400] "GET /the-power-of-free-teaching-resources/ HTTP/1.1" 200 10903 "-" "Mozilla/5.0 (compatible; Barkrowler/0.9; +https://babbar.tech/crawler)"
198.54.114.83 - - [16/Apr/2025:06:48:04 -0400] "POST /wp-cron.php?doing_wp_cron=1744800481.3833549022674560546875 HTTP/1.1" 200 0 "-" "WordPress/6.8; https://garantishell.com"
217.113.194.181 - - [16/Apr/2025:06:48:22 -0400] "GET /gift-certificate-small-payments/ HTTP/1.1" 200 9962 "-" "Mozilla/5.0 (compatible; Barkrowler/0.9; +https://babbar.tech/crawler)"
216.244.66.241 - - [16/Apr/2025:06:48:36 -0400] "GET /professionelle-dienstleistungen-fur-ihren-umzug/feed/ HTTP/1.1" 200 413 "-" "Mozilla/5.0 (compatible; DotBot/1.2; +https://opensiteexplorer.org/dotbot; help@moz.com)"
217.113.194.175 - - [16/Apr/2025:06:48:41 -0400] "GET /private-security-solutions-in-miami/feed/ HTTP/1.1" 200 400 "-" "Mozilla/5.0 (compatible; Barkrowler/0.9; +https://babbar.tech/crawler)"
216.244.66.241 - - [16/Apr/2025:06:48:50 -0400] "GET /zuverlassigkeit-und-professionalitat/feed/ HTTP/1.1" 200 397 "-" "Mozilla/5.0 (compatible; DotBot/1.2; +https://opensiteexplorer.org/dotbot; help@moz.com)"
51.222.253.5 - - [16/Apr/2025:06:48:50 -0400] "GET /author/admin/page/74/ HTTP/1.1" 200 9964 "-" "Mozilla/5.0 (compatible; AhrefsBot/7.0; +http://ahrefs.com/robot/)"
217.113.194.180 - - [16/Apr/2025:06:48:58 -0400] "GET /stehlampen-buynblue/ HTTP/1.1" 200 10612 "-" "Mozilla/5.0 (compatible; Barkrowler/0.9; +https://babbar.tech/crawler)"
198.54.114.83 - - [16/Apr/2025:06:49:18 -0400] "POST /wp-cron.php?doing_wp_cron=1744800557.0508770942687988281250 HTTP/1.1" 200 0 "-" "WordPress/6.8; https://garantishell.com"
217.113.194.178 - - [16/Apr/2025:06:49:16 -0400] "GET /stehlampen-buynblue/feed/ HTTP/1.1" 200 388 "-" "Mozilla/5.0 (compatible; Barkrowler/0.9; +https://babbar.tech/crawler)"
217.113.194.181 - - [16/Apr/2025:06:49:35 -0400] "GET /finding-the-right-massage-options/ HTTP/1.1" 200 10571 "-" "Mozilla/5.0 (compatible; Barkrowler/0.9; +https://babbar.tech/crawler)"
217.113.194.175 - - [16/Apr/2025:06:49:55 -0400] "GET /boost-your-music-with-spotify-plays/ HTTP/1.1" 200 10735 "-" "Mozilla/5.0 (compatible; Barkrowler/0.9; +https://babbar.tech/crawler)"
162.240.168.197 - - [16/Apr/2025:06:50:06 -0400] "POST /xmlrpc.php HTTP/1.1" 200 186 "https://garantishell.com" "Mozilla/5.0 (Macintosh; Intel Mac OS X 13_3) AppleWebKit/537.36 (KHTML, like Gecko) Chrome/126.0.0.0 Safari/537.36 Edg/126.0.0.0"
51.222.253.20 - - [16/Apr/2025:06:50:13 -0400] "GET /limportance-dune-isolation-de-qualite/ HTTP/1.1" 200 10967 "-" "Mozilla/5.0 (compatible; AhrefsBot/7.0; +http://ahrefs.com/robot/)"
217.113.194.179 - - [16/Apr/2025:06:50:14 -0400] "GET /how-to-make-a-blend-on-spotify/feed/ HTTP/1.1" 200 399 "-" "Mozilla/5.0 (compatible; Barkrowler/0.9; +https://babbar.tech/crawler)"
2001:df4:40c0:68d8::1 - - [16/Apr/2025:06:50:29 -0400] "GET /wp-login.php HTTP/1.1" 200 1734 "-" "GRequests/0.10"
217.113.194.176 - - [16/Apr/2025:06:50:34 -0400] "GET /suwon-business-tripe-massage/feed/ HTTP/1.1" 200 383 "-" "Mozilla/5.0 (compatible; Barkrowler/0.9; +https://babbar.tech/crawler)"
2001:df4:40c0:68d8::1 - - [16/Apr/2025:06:50:33 -0400] "POST /wp-login.php HTTP/1.1" 200 1869 "-" "GRequests/0.10"
198.54.114.83 - - [16/Apr/2025:06:50:37 -0400] "POST /wp-cron.php?doing_wp_cron=1744800634.2612369060516357421875 HTTP/1.1" 200 0 "-" "WordPress/6.8; https://garantishell.com"
217.113.194.177 - - [16/Apr/2025:06:50:52 -0400] "GET /suwon-business-trips-massage/feed/ HTTP/1.1" 200 387 "-" "Mozilla/5.0 (compatible; Barkrowler/0.9; +https://babbar.tech/crawler)"
154.54.249.212 - - [16/Apr/2025:06:51:10 -0400] "GET /discover-the-world-of-gamecomets/feed/ HTTP/1.1" 200 398 "-" "Mozilla/5.0 (compatible; Barkrowler/0.9; +https://babbar.tech/crawler)"
217.113.194.173 - - [16/Apr/2025:06:51:28 -0400] "GET /a-digital-haven-for-entertainment/ HTTP/1.1" 200 11200 "-" "Mozilla/5.0 (compatible; Barkrowler/0.9; +https://babbar.tech/crawler)"
198.54.114.83 - - [16/Apr/2025:06:51:37 -0400] "POST /wp-cron.php?doing_wp_cron=1744800696.1394948959350585937500 HTTP/1.1" 200 0 "-" "WordPress/6.8; https://garantishell.com"
51.222.253.1 - - [16/Apr/2025:06:51:35 -0400] "GET /crafting-your-ultimate-resume-a-step-by-step-guide/ HTTP/1.1" 200 10730 "-" "Mozilla/5.0 (compatible; AhrefsBot/7.0; +http://ahrefs.com/robot/)"
217.113.194.181 - - [16/Apr/2025:06:51:46 -0400] "GET /the-modern-cold-water-dispenser/ HTTP/1.1" 200 10480 "-" "Mozilla/5.0 (compatible; Barkrowler/0.9; +https://babbar.tech/crawler)"
217.113.194.174 - - [16/Apr/2025:06:52:05 -0400] "GET /entrumpelung-luneburg/feed/ HTTP/1.1" 200 387 "-" "Mozilla/5.0 (compatible; Barkrowler/0.9; +https://babbar.tech/crawler)"
217.113.194.177 - - [16/Apr/2025:06:52:23 -0400] "GET /entrumpelung-luneburge/feed/ HTTP/1.1" 200 389 "-" "Mozilla/5.0 (compatible; Barkrowler/0.9; +https://babbar.tech/crawler)"
217.113.194.175 - - [16/Apr/2025:06:52:41 -0400] "GET /your-gateway-to-online-entertainment/feed/ HTTP/1.1" 200 390 "-" "Mozilla/5.0 (compatible; Barkrowler/0.9; +https://babbar.tech/crawler)"
198.54.114.83 - - [16/Apr/2025:06:52:43 -0400] "POST /wp-cron.php?doing_wp_cron=1744800761.6674098968505859375000 HTTP/1.1" 200 0 "-" "WordPress/6.8; https://garantishell.com"
154.54.249.212 - - [16/Apr/2025:06:53:00 -0400] "GET /a-stellar-journey-into-crypto/feed/ HTTP/1.1" 200 388 "-" "Mozilla/5.0 (compatible; Barkrowler/0.9; +https://babbar.tech/crawler)"
51.222.253.4 - - [16/Apr/2025:06:53:03 -0400] "GET /rejuvenate-and-recharge-the-essential-business-trip-massage-experience/ HTTP/1.1" 200 10946 "-" "Mozilla/5.0 (compatible; AhrefsBot/7.0; +http://ahrefs.com/robot/)"
217.113.194.180 - - [16/Apr/2025:06:53:19 -0400] "GET /expert-tips-for-bathroom-renovations/feed/ HTTP/1.1" 200 400 "-" "Mozilla/5.0 (compatible; Barkrowler/0.9; +https://babbar.tech/crawler)"
217.113.194.180 - - [16/Apr/2025:06:53:36 -0400] "GET /expert-tips-for-bathroom-renovations/ HTTP/1.1" 200 10781 "-" "Mozilla/5.0 (compatible; Barkrowler/0.9; +https://babbar.tech/crawler)"
89.40.242.237 - - [16/Apr/2025:06:53:50 -0400] "GET / HTTP/1.1" 200 9478 "-" "-"
217.113.194.181 - - [16/Apr/2025:06:53:56 -0400] "GET /the-healing-touch-of-massage/feed/ HTTP/1.1" 200 397 "-" "Mozilla/5.0 (compatible; Barkrowler/0.9; +https://babbar.tech/crawler)"
198.54.114.83 - - [16/Apr/2025:06:53:59 -0400] "POST /wp-cron.php?doing_wp_cron=1744800837.1257820129394531250000 HTTP/1.1" 200 0 "-" "WordPress/6.8; https://garantishell.com"
217.113.194.172 - - [16/Apr/2025:06:54:17 -0400] "GET /the-allure-of-rainbow-riches-2/ HTTP/1.1" 200 10442 "-" "Mozilla/5.0 (compatible; Barkrowler/0.9; +https://babbar.tech/crawler)"
51.222.253.11 - - [16/Apr/2025:06:54:26 -0400] "GET /page/43/ HTTP/1.1" 200 9915 "-" "Mozilla/5.0 (compatible; AhrefsBot/7.0; +http://ahrefs.com/robot/)"
217.113.194.172 - - [16/Apr/2025:06:54:36 -0400] "GET /the-allure-of-rainbow-riches/feed/ HTTP/1.1" 200 393 "-" "Mozilla/5.0 (compatible; Barkrowler/0.9; +https://babbar.tech/crawler)"
217.113.194.179 - - [16/Apr/2025:06:54:54 -0400] "GET /the-superiority-of-pex-water-pipes/ HTTP/1.1" 200 10798 "-" "Mozilla/5.0 (compatible; Barkrowler/0.9; +https://babbar.tech/crawler)"
217.113.194.181 - - [16/Apr/2025:06:55:13 -0400] "GET /the-essential-guide-to-shipping-services/ HTTP/1.1" 200 10457 "-" "Mozilla/5.0 (compatible; Barkrowler/0.9; +https://babbar.tech/crawler)"
198.54.114.83 - - [16/Apr/2025:06:55:17 -0400] "POST /wp-cron.php?doing_wp_cron=1744800914.6390070915222167968750 HTTP/1.1" 200 0 "-" "WordPress/6.8; https://garantishell.com"
217.113.194.179 - - [16/Apr/2025:06:55:37 -0400] "GET /the-advantages-of-pex-water-pipes/ HTTP/1.1" 200 11028 "-" "Mozilla/5.0 (compatible; Barkrowler/0.9; +https://babbar.tech/crawler)"
119.13.86.250 - - [16/Apr/2025:06:55:42 -0400] "GET /efficient-communication-with-virtual-receptionists/ HTTP/1.1" 200 10695 "https://garantishell.com/efficient-communication-with-virtual-receptionists/#respond" "Mozilla/5.0 (Macintosh; Intel Mac OS X 10_15_7) AppleWebKit/537.36 (KHTML, like Gecko) Chrome/119.0.0.0 Safari/537.36"
51.222.253.15 - - [16/Apr/2025:06:55:55 -0400] "GET /straighten-your-neck-and-strengthen-your-posture/ HTTP/1.1" 200 10719 "-" "Mozilla/5.0 (compatible; AhrefsBot/7.0; +http://ahrefs.com/robot/)"
217.113.194.175 - - [16/Apr/2025:06:55:55 -0400] "GET /the-evolution-of-online-casinos-2/feed/ HTTP/1.1" 200 392 "-" "Mozilla/5.0 (compatible; Barkrowler/0.9; +https://babbar.tech/crawler)"
