164.92.175.159 - - [16/Apr/2025:02:53:55 -0400] "POST /wp-login.php HTTP/1.1" 200 1858 "https://garantishell.com" "Mozilla/5.0 (Windows NT 10.0; Win64; x64) AppleWebKit/537.36 (KHTML, like Gecko) Chrome/116.0.5845.96 Safari/537.36"
66.249.66.42 - - [16/Apr/2025:02:58:57 -0400] "GET /the-art-of-bento-a-culinary-delight-in-a-box/feed/ HTTP/1.1" 200 433 "-" "Mozilla/5.0 (Linux; Android 6.0.1; Nexus 5X Build/MMB29P) AppleWebKit/537.36 (KHTML, like Gecko) Chrome/135.0.7049.84 Mobile Safari/537.36 (compatible; GoogleOther)"
198.54.114.83 - - [16/Apr/2025:02:59:04 -0400] "POST /wp-cron.php?doing_wp_cron=1744786740.8528931140899658203125 HTTP/1.1" 200 0 "-" "WordPress/6.8; https://garantishell.com"
51.222.253.20 - - [16/Apr/2025:02:59:21 -0400] "GET /page/75/ HTTP/1.1" 200 9992 "-" "Mozilla/5.0 (compatible; AhrefsBot/7.0; +http://ahrefs.com/robot/)"
195.2.70.49 - - [16/Apr/2025:02:59:56 -0400] "GET /finding-the-best-german-lessons-near-you/ HTTP/1.1" 200 10728 "https://garantishell.com/finding-the-best-german-lessons-near-you/" "Mozilla/5.0 (Windows NT 10.0; Win64; x64) AppleWebKit/537.36 (KHTML, like Gecko) Chrome/131.0.0.0 Safari/537.36 Avast/131.0.0.0"
195.2.70.49 - - [16/Apr/2025:02:59:58 -0400] "POST /wp-comments-post.php HTTP/1.1" 302 0 "https://garantishell.com/finding-the-best-german-lessons-near-you/" "Mozilla/5.0 (Windows NT 10.0; Win64; x64) AppleWebKit/537.36 (KHTML, like Gecko) Chrome/131.0.0.0 Safari/537.36 Avast/131.0.0.0"
195.2.70.49 - - [16/Apr/2025:03:00:01 -0400] "GET /finding-the-best-german-lessons-near-you/ HTTP/1.1" 200 11716 "https://garantishell.com/finding-the-best-german-lessons-near-you/#comment-4300" "Mozilla/5.0 (Windows NT 10.0; Win64; x64) AppleWebKit/537.36 (KHTML, like Gecko) Chrome/131.0.0.0 Safari/537.36 Avast/131.0.0.0"
198.54.114.83 - - [16/Apr/2025:03:00:05 -0400] "POST /wp-cron.php?doing_wp_cron=1744786802.4758479595184326171875 HTTP/1.1" 200 0 "-" "WordPress/6.8; https://garantishell.com"
119.12.167.142 - - [16/Apr/2025:03:01:32 -0400] "GET /designing-the-ideal-classroom-a-vision-for-room-6x/ HTTP/1.1" 200 11052 "https://garantishell.com/designing-the-ideal-classroom-a-vision-for-room-6x/#respond" "Mozilla/5.0 (Windows NT 10.0; Win64; x64) AppleWebKit/537.36 (KHTML, like Gecko) Chrome/110.0.0.0 Safari/537.36"
198.54.114.83 - - [16/Apr/2025:03:01:39 -0400] "POST /wp-cron.php?doing_wp_cron=1744786896.4247651100158691406250 HTTP/1.1" 200 0 "-" "WordPress/6.8; https://garantishell.com"
3.145.200.81 - - [16/Apr/2025:03:09:05 -0400] "GET /robots.txt HTTP/1.1" 304 0 "-" "Mozilla/5.0 AppleWebKit/537.36 (KHTML, like Gecko; compatible; ClaudeBot/1.0; +claudebot@anthropic.com)"
3.145.200.81 - - [16/Apr/2025:03:09:08 -0400] "GET /wp-json/oembed/1.0/embed?format=xml&url=https%3A%2F%2Fgarantishell.com%2Fa-new-era-of-gaming-and-entertainment%2F HTTP/1.1" 200 1048 "-" "Mozilla/5.0 AppleWebKit/537.36 (KHTML, like Gecko; compatible; ClaudeBot/1.0; +claudebot@anthropic.com)"
198.54.114.83 - - [16/Apr/2025:03:09:14 -0400] "POST /wp-cron.php?doing_wp_cron=1744787351.8767430782318115234375 HTTP/1.1" 200 0 "-" "WordPress/6.8; https://garantishell.com"
63.250.38.213 - - [16/Apr/2025:03:11:13 -0400] "POST /xmlrpc.php HTTP/1.1" 200 186 "https://garantishell.com" "Mozilla/5.0 (Macintosh; Intel Mac OS X 10_15_7) AppleWebKit/537.36 (KHTML, like Gecko) Chrome/126.0.0.0 Safari/537.36"
198.54.114.83 - - [16/Apr/2025:03:11:22 -0400] "POST /wp-cron.php?doing_wp_cron=1744787475.8444581031799316406250 HTTP/1.1" 200 0 "-" "WordPress/6.8; https://garantishell.com"
124.243.150.180 - - [16/Apr/2025:03:13:14 -0400] "GET /the-path-to-efficiency-and-productivitys HTTP/1.1" 301 0 "https://garantishell.com/the-path-to-efficiency-and-productivitys" "Mozilla/5.0 (Windows NT 10.0; Win64; x64) AppleWebKit/537.36 (KHTML, like Gecko) Chrome/107.0.0.0 Safari/537.36"
124.243.150.180 - - [16/Apr/2025:03:13:19 -0400] "GET /the-path-to-efficiency-and-productivitys/ HTTP/1.1" 200 10561 "https://garantishell.com/the-path-to-efficiency-and-productivitys/" "Mozilla/5.0 (Windows NT 10.0; Win64; x64) AppleWebKit/537.36 (KHTML, like Gecko) Chrome/107.0.0.0 Safari/537.36"
165.227.84.75 - - [16/Apr/2025:03:13:59 -0400] "GET /wp-login.php HTTP/1.1" 200 1735 "-" "GRequests/0.10"
165.227.84.75 - - [16/Apr/2025:03:14:01 -0400] "POST /wp-login.php HTTP/1.1" 200 1866 "-" "GRequests/0.10"
198.54.114.83 - - [16/Apr/2025:03:14:11 -0400] "POST /wp-cron.php?doing_wp_cron=1744787648.1205859184265136718750 HTTP/1.1" 200 0 "-" "WordPress/6.8; https://garantishell.com"
114.119.156.227 - - [16/Apr/2025:03:14:19 -0400] "GET /title-unveiling-the-evolution-of-online-casinos-a-modern-gaming-frontier/ HTTP/1.1" 200 10520 "https://garantishell.com/personalized-pet-memorial-gift/" "Mozilla/5.0 (Linux; Android 7.0;) AppleWebKit/537.36 (KHTML, like Gecko) Mobile Safari/537.36 (compatible; PetalBot;+https://webmaster.petalsearch.com/site/petalbot)"
51.222.253.8 - - [16/Apr/2025:03:15:07 -0400] "GET /page/77/ HTTP/1.1" 200 10165 "-" "Mozilla/5.0 (compatible; AhrefsBot/7.0; +http://ahrefs.com/robot/)"
216.244.66.241 - - [16/Apr/2025:03:17:21 -0400] "GET /robots.txt HTTP/1.1" 200 97 "-" "Mozilla/5.0 (compatible; DotBot/1.2; +https://opensiteexplorer.org/dotbot; help@moz.com)"
124.243.179.133 - - [16/Apr/2025:03:24:59 -0400] "GET /the-art-of-bento-a-culinary-delight-in-a-box/ HTTP/1.1" 200 10494 "https://garantishell.com/the-art-of-bento-a-culinary-delight-in-a-box/" "Mozilla/5.0 (Macintosh; Intel Mac OS X 10_15_7) AppleWebKit/537.36 (KHTML, like Gecko) Chrome/131.0.0.0 Safari/537.36"
216.244.66.241 - - [16/Apr/2025:03:25:44 -0400] "GET /american-heart-association-bls-essential-training-for-saving-lives/feed/ HTTP/1.1" 200 429 "-" "Mozilla/5.0 (compatible; DotBot/1.2; +https://opensiteexplorer.org/dotbot; help@moz.com)"
198.54.114.83 - - [16/Apr/2025:03:25:52 -0400] "POST /wp-cron.php?doing_wp_cron=1744788349.2726960182189941406250 HTTP/1.1" 200 0 "-" "WordPress/6.8; https://garantishell.com"
103.11.103.186 - - [16/Apr/2025:03:26:15 -0400] "GET /wp-login.php HTTP/1.1" 200 1735 "-" "GRequests/0.10"
103.11.103.186 - - [16/Apr/2025:03:26:17 -0400] "POST /wp-login.php HTTP/1.1" 200 1862 "-" "GRequests/0.10"
27.42.99.212 - - [16/Apr/2025:03:27:21 -0400] "GET /why-professional-home-inspection-services-are-essential/ HTTP/1.1" 200 10425 "https://garantishell.com" "Mozilla/5.0 (Windows NT 10.0; Win64; x64) AppleWebKit/537.36 (KHTML, like Gecko) Chrome/62.0.3202.94 Safari/537.36"
198.54.114.83 - - [16/Apr/2025:03:27:28 -0400] "POST /wp-cron.php?doing_wp_cron=1744788446.0415079593658447265625 HTTP/1.1" 200 0 "-" "WordPress/6.8; https://garantishell.com"
27.42.99.212 - - [16/Apr/2025:03:27:25 -0400] "POST /wp-comments-post.php HTTP/1.1" 302 0 "https://garantishell.com" "Mozilla/5.0 (Windows NT 10.0; Win64; x64) AppleWebKit/537.36 (KHTML, like Gecko) Chrome/62.0.3202.94 Safari/537.36"
2a0a:4cc0:c0:439b:2430:dfff:fe27:7696 - - [16/Apr/2025:03:30:31 -0400] "POST /xmlrpc.php HTTP/1.1" 200 0 "https://garantishell.com" "Mozilla/5.0 (Windows NT 10.0; Win64; x64) AppleWebKit/537.36 (KHTML, like Gecko) Chrome/112.0.5615.138 Safari/537.36 Edg/112.0.1722.68"
198.54.114.83 - - [16/Apr/2025:03:30:39 -0400] "POST /wp-cron.php?doing_wp_cron=1744788635.8871009349822998046875 HTTP/1.1" 200 0 "-" "WordPress/6.8; https://garantishell.com"
51.222.253.8 - - [16/Apr/2025:03:30:48 -0400] "GET /engaging-audiences-with-custom-branded-games/ HTTP/1.1" 200 10671 "-" "Mozilla/5.0 (compatible; AhrefsBot/7.0; +http://ahrefs.com/robot/)"
217.77.10.191 - - [16/Apr/2025:03:34:36 -0400] "GET /wp-login.php HTTP/1.1" 200 1735 "-" "GRequests/0.10"
165.227.84.14 - - [16/Apr/2025:03:46:14 -0400] "GET / HTTP/1.1" 200 9272 "-" "Mozilla/5.0 (Linux; Android 6.0; HTC One M9 Build/MRA210694) AppleWebKit/537.36 (KHTML, like Gecko) Chrome/52.0.1746.98 Mobile Safari/537.3"
165.227.84.14 - - [16/Apr/2025:03:46:15 -0400] "GET /@vite/env HTTP/1.1" 200 0 "-" "Go-http-client/1.1"
165.227.84.14 - - [16/Apr/2025:03:46:18 -0400] "GET /actuator/env HTTP/1.1" 200 0 "-" "Go-http-client/1.1"
198.54.114.83 - - [16/Apr/2025:03:46:20 -0400] "POST /wp-cron.php?doing_wp_cron=1744789579.4123458862304687500000 HTTP/1.1" 200 0 "-" "WordPress/6.8; https://garantishell.com"
198.54.114.83 - - [16/Apr/2025:03:46:20 -0400] "POST /wp-cron.php?doing_wp_cron=1744789579.4109559059143066406250 HTTP/1.1" 200 0 "-" "WordPress/6.8; https://garantishell.com"
165.227.84.14 - - [16/Apr/2025:03:46:21 -0400] "GET /server HTTP/1.1" 404 7067 "-" "Go-http-client/1.1"
165.227.84.14 - - [16/Apr/2025:03:46:23 -0400] "GET /.vscode/sftp.json HTTP/1.1" 404 7068 "-" "Go-http-client/1.1"
165.227.84.14 - - [16/Apr/2025:03:46:25 -0400] "GET /about HTTP/1.1" 404 7068 "-" "Go-http-client/1.1"
165.227.84.14 - - [16/Apr/2025:03:46:27 -0400] "GET /debug/default/view?panel=config HTTP/1.1" 404 7068 "-" "Go-http-client/1.1"
165.227.84.14 - - [16/Apr/2025:03:46:30 -0400] "GET /v2/_catalog HTTP/1.1" 404 0 "-" "Go-http-client/1.1"
165.227.84.14 - - [16/Apr/2025:03:46:35 -0400] "GET /ecp/Current/exporttool/microsoft.exchange.ediscovery.exporttool.application HTTP/1.1" 200 0 "-" "Go-http-client/1.1"
165.227.84.14 - - [16/Apr/2025:03:46:37 -0400] "GET /login.action HTTP/1.1" 200 0 "-" "Go-http-client/1.1"
165.227.84.14 - - [16/Apr/2025:03:46:40 -0400] "GET /_all_dbs HTTP/1.1" 200 0 "-" "Mozilla/5.0 (l9scan/2.0.8323e223e21323e2430313; +https://leakix.net)"
165.227.84.14 - - [16/Apr/2025:03:46:43 -0400] "GET /.DS_Store HTTP/1.1" 404 0 "-" "Go-http-client/1.1"
165.227.84.14 - - [16/Apr/2025:03:46:45 -0400] "GET /.env HTTP/1.1" 403 1242 "-" "Go-http-client/1.1"
165.227.84.14 - - [16/Apr/2025:03:46:48 -0400] "GET /.git/config HTTP/1.1" 403 1242 "-" "Go-http-client/1.1"
165.227.84.14 - - [16/Apr/2025:03:46:49 -0400] "GET /s/8323e223e21323e2430313/_/;/META-INF/maven/com.atlassian.jira/jira-webapp-dist/pom.properties HTTP/1.1" 404 7068 "-" "Go-http-client/1.1"
165.227.84.14 - - [16/Apr/2025:03:46:52 -0400] "GET /config.json HTTP/1.1" 404 0 "-" "Go-http-client/1.1"
165.227.84.14 - - [16/Apr/2025:03:46:58 -0400] "GET /telescope/requests HTTP/1.1" 200 0 "-" "Go-http-client/1.1"
165.227.84.14 - - [16/Apr/2025:03:47:00 -0400] "GET /info.php HTTP/1.1" 200 0 "-" "Go-http-client/1.1"
51.222.253.11 - - [16/Apr/2025:03:46:59 -0400] "GET /effektive-haushaltsraumung-in-luneburg/ HTTP/1.1" 200 10620 "-" "Mozilla/5.0 (compatible; AhrefsBot/7.0; +http://ahrefs.com/robot/)"
165.227.84.14 - - [16/Apr/2025:03:47:02 -0400] "GET /?rest_route=/wp/v2/users/ HTTP/1.1" 200 1456 "-" "Go-http-client/1.1"
198.54.114.83 - - [16/Apr/2025:03:47:32 -0400] "POST /wp-cron.php?doing_wp_cron=1744789651.5233099460601806640625 HTTP/1.1" 200 0 "-" "WordPress/6.8; https://garantishell.com"
52.169.108.186 - - [16/Apr/2025:03:47:31 -0400] "GET /wp-content/plugins/hellopress/wp_filemanager.php HTTP/1.1" 404 7068 "-" "-"
52.169.108.186 - - [16/Apr/2025:03:47:36 -0400] "GET /wp-content/uploads/json.php HTTP/1.1" 404 7068 "-" "-"
52.169.108.186 - - [16/Apr/2025:03:47:41 -0400] "GET /wp-includes/sodium_compat/index.php HTTP/1.1" 301 0 "-" "-"
52.169.108.186 - - [16/Apr/2025:03:47:44 -0400] "GET /wp-includes/sodium_compat/ HTTP/1.1" 403 1242 "-" "-"
154.47.21.146 - - [16/Apr/2025:03:47:47 -0400] "GET /why-professional-home-inspection-services-are-essential/ HTTP/1.1" 200 10425 "-" "Mozilla/5.0 (Macintosh; Intel Mac OS X 12_5) AppleWebKit/605.1.15 (KHTML, like Gecko) Version/15.4 Safari/605.1.15"
52.169.108.186 - - [16/Apr/2025:03:47:48 -0400] "GET /.well-known/pki-validation/xmrlpc.php HTTP/1.1" 404 1251 "-" "-"
52.169.108.186 - - [16/Apr/2025:03:47:52 -0400] "GET /install.php HTTP/1.1" 404 7068 "-" "-"
198.54.114.83 - - [16/Apr/2025:03:36:45 -0400] "POST /wp-cron.php?doing_wp_cron=1744789002.8948030471801757812500 HTTP/1.1" 200 0 "-" "WordPress/6.8; https://garantishell.com"
110.238.110.238 - - [16/Apr/2025:03:36:39 -0400] "GET /leaders-in-quality-and-innovation/ HTTP/1.1" 200 10758 "https://garantishell.com/leaders-in-quality-and-innovation/#primary" "Mozilla/5.0 (Windows NT 10.0; Win64; x64) AppleWebKit/537.36 (KHTML, like Gecko) Chrome/116.0.0.0 Safari/537.36"
54.37.137.204 - - [16/Apr/2025:03:40:31 -0400] "POST /xmlrpc.php HTTP/1.1" 200 0 "https://garantishell.com" "Mozilla/5.0 (Windows NT 10.0; Win64; x64) AppleWebKit/537.36 (KHTML, like Gecko) Chrome/113.0.5672.93 Safari/537.36"
198.54.114.83 - - [16/Apr/2025:03:40:55 -0400] "POST /wp-cron.php?doing_wp_cron=1744789251.4842240810394287109375 HTTP/1.1" 200 0 "-" "WordPress/6.8; https://garantishell.com"
185.253.97.248 - - [16/Apr/2025:03:41:31 -0400] "GET /why-professional-home-inspection-services-are-essential/ HTTP/1.1" 200 10425 "-" "Mozilla/5.0 (Macintosh; Intel Mac OS X 12_5) AppleWebKit/605.1.15 (KHTML, like Gecko) Version/15.4 Safari/605.1.15"
154.47.21.146 - - [16/Apr/2025:03:43:55 -0400] "GET /why-professional-home-inspection-services-are-essential/ HTTP/1.1" 200 10425 "-" "Mozilla/5.0 (Windows NT 10.0; Win64; x64) AppleWebKit/537.36 (KHTML, like Gecko) Chrome/114.0.0.0 Safari/537.36 Edg/114.0.1264.71"
154.47.21.146 - - [16/Apr/2025:03:44:01 -0400] "GET /why-professional-home-inspection-services-are-essential/ HTTP/1.1" 200 10425 "https://garantishell.com/why-professional-home-inspection-services-are-essential/" "Mozilla/5.0 (Windows NT 6.3; Win64; x64) AppleWebKit/537.36 (KHTML, like Gecko) Chrome/103.0.0.0 Safari/537.36"
198.54.114.83 - - [16/Apr/2025:03:44:04 -0400] "POST /wp-cron.php?doing_wp_cron=1744789441.7812869548797607421875 HTTP/1.1" 200 0 "-" "WordPress/6.8; https://garantishell.com"
66.249.66.40 - - [16/Apr/2025:03:43:58 -0400] "GET /discovering-the-charm-of-puerto-de-la-duquesa/ HTTP/1.1" 200 10617 "-" "Mozilla/5.0 (Linux; Android 6.0.1; Nexus 5X Build/MMB29P) AppleWebKit/537.36 (KHTML, like Gecko) Chrome/135.0.7049.84 Mobile Safari/537.36 (compatible; GoogleOther)"
154.47.21.146 - - [16/Apr/2025:03:44:05 -0400] "POST /wp-comments-post.php HTTP/1.1" 302 0 "https://garantishell.com/why-professional-home-inspection-services-are-essential/" "Mozilla/5.0 (Windows NT 6.3; Win64; x64) AppleWebKit/537.36 (KHTML, like Gecko) Chrome/103.0.0.0 Safari/537.36"
154.47.21.146 - - [16/Apr/2025:03:44:11 -0400] "GET /why-professional-home-inspection-services-are-essential/?unapproved=4302&moderation-hash=3e57ecaf0c5d4c2dc6ac156dfba173eb HTTP/1.1" 200 11153 "https://garantishell.com/wp-comments-post.php" "Mozilla/5.0 (Windows NT 6.3; Win64; x64) AppleWebKit/537.36 (KHTML, like Gecko) Chrome/103.0.0.0 Safari/537.36"
154.47.21.146 - - [16/Apr/2025:03:44:17 -0400] "GET /why-professional-home-inspection-services-are-essential/ HTTP/1.1" 200 10425 "-" "Mozilla/5.0 (Windows NT 6.3; Win64; x64) AppleWebKit/537.36 (KHTML, like Gecko) Chrome/103.0.0.0 Safari/537.36"
52.169.108.186 - - [16/Apr/2025:03:47:59 -0400] "GET /wp-admin/user/admin.php HTTP/1.1" 302 0 "-" "-"
52.169.108.186 - - [16/Apr/2025:03:48:01 -0400] "GET /wp-login.php?redirect_to=https%3A%2F%2Fgarantishell.com%2Fwp-admin%2Fuser%2Fadmin.php&reauth=1 HTTP/1.1" 200 1740 "-" "-"
52.169.108.186 - - [16/Apr/2025:03:48:07 -0400] "GET /wp-admin/includes/wp-conflg.php HTTP/1.1" 404 7068 "-" "-"
52.169.108.186 - - [16/Apr/2025:03:48:13 -0400] "GET /wp-admin/css/wp-conflg.php HTTP/1.1" 404 7068 "-" "-"
2001:df4:40c0:68d8::1 - - [16/Apr/2025:03:48:20 -0400] "GET /wp-login.php HTTP/1.1" 200 1735 "-" "GRequests/0.10"
52.169.108.186 - - [16/Apr/2025:03:48:20 -0400] "GET /bypass.php HTTP/1.1" 404 7068 "-" "-"
182.160.14.179 - - [16/Apr/2025:03:48:21 -0400] "GET /exploring-the-excitement-of-video-slots/ HTTP/1.1" 200 11115 "https://garantishell.com/exploring-the-excitement-of-video-slots/#respond" "Mozilla/5.0 (Macintosh; Intel Mac OS X 10_15_7) AppleWebKit/537.36 (KHTML, like Gecko) Chrome/123.0.0.0 Safari/537.36"
2001:df4:40c0:68d8::1 - - [16/Apr/2025:03:48:22 -0400] "POST /wp-login.php HTTP/1.1" 200 1862 "-" "GRequests/0.10"
52.169.108.186 - - [16/Apr/2025:03:48:26 -0400] "GET /avaa.php HTTP/1.1" 404 7068 "-" "-"
52.169.108.186 - - [16/Apr/2025:03:48:31 -0400] "GET /wp-mail.php/wp-includes/ID3/rnEPv9.php HTTP/1.1" 403 958 "-" "-"
198.54.114.83 - - [16/Apr/2025:03:48:33 -0400] "POST /wp-cron.php?doing_wp_cron=1744789711.6600210666656494140625 HTTP/1.1" 200 0 "-" "WordPress/6.8; https://garantishell.com"
52.169.108.186 - - [16/Apr/2025:03:48:36 -0400] "GET /wp-admin/js/wp-conflg.php HTTP/1.1" 404 7068 "-" "-"
52.169.108.186 - - [16/Apr/2025:03:48:39 -0400] "GET /wp-mail.php/wp-includes/ID3/class-config.php HTTP/1.1" 403 958 "-" "-"
52.169.108.186 - - [16/Apr/2025:03:48:43 -0400] "GET /wp-content/mu-plugins/index.php HTTP/1.1" 301 0 "-" "-"
52.169.108.186 - - [16/Apr/2025:03:48:45 -0400] "GET /wp-content/mu-plugins/ HTTP/1.1" 404 7068 "-" "-"
52.169.108.186 - - [16/Apr/2025:03:48:49 -0400] "GET /wp-includes/fonts/admin.php HTTP/1.1" 404 7068 "-" "-"
52.169.108.186 - - [16/Apr/2025:03:48:54 -0400] "GET /alfa-rex2.php7 HTTP/1.1" 404 7068 "-" "-"
52.169.108.186 - - [16/Apr/2025:03:49:00 -0400] "GET /updates.php HTTP/1.1" 404 7067 "-" "-"
52.169.108.186 - - [16/Apr/2025:03:49:06 -0400] "GET /makeasmtp.php HTTP/1.1" 404 7068 "-" "-"
52.169.108.186 - - [16/Apr/2025:03:49:13 -0400] "GET /.well-known/pki-validation/wp-login.php HTTP/1.1" 404 1251 "-" "-"
52.169.108.186 - - [16/Apr/2025:03:49:15 -0400] "GET /about.php7 HTTP/1.1" 404 7068 "-" "-"
52.169.108.186 - - [16/Apr/2025:03:49:20 -0400] "GET /wp-includes/index.php HTTP/1.1" 301 0 "-" "-"
52.169.108.186 - - [16/Apr/2025:03:49:23 -0400] "GET /wp-includes/ HTTP/1.1" 403 1242 "-" "-"
52.169.108.186 - - [16/Apr/2025:03:49:26 -0400] "GET /wp-content/uploads/wp-conflg.php HTTP/1.1" 404 7068 "-" "-"
52.169.108.186 - - [16/Apr/2025:03:49:29 -0400] "GET /berlin.php HTTP/1.1" 404 7068 "-" "-"
198.54.114.83 - - [16/Apr/2025:03:49:35 -0400] "POST /wp-cron.php?doing_wp_cron=1744789773.4065530300140380859375 HTTP/1.1" 200 0 "-" "WordPress/6.8; https://garantishell.com"
52.169.108.186 - - [16/Apr/2025:03:49:33 -0400] "GET /wp-admin/images/wp-login.php HTTP/1.1" 404 7068 "-" "-"
52.169.108.186 - - [16/Apr/2025:03:49:38 -0400] "GET /include/wp-configs.php HTTP/1.1" 404 7068 "-" "-"
52.169.108.186 - - [16/Apr/2025:03:49:43 -0400] "GET /wp-includes/Text/Diff/Engine/wp-login.php HTTP/1.1" 404 7068 "-" "-"
52.169.108.186 - - [16/Apr/2025:03:49:47 -0400] "GET /admin/editor/engine.php HTTP/1.1" 404 7068 "-" "-"
185.191.171.5 - - [16/Apr/2025:03:49:49 -0400] "GET /anonymous-hosting/ HTTP/1.1" 200 9762 "-" "Mozilla/5.0 (compatible; SemrushBot/7~bl; +http://www.semrush.com/bot.html)"
52.169.108.186 - - [16/Apr/2025:03:49:51 -0400] "GET /cong.php HTTP/1.1" 404 7068 "-" "-"
52.169.108.186 - - [16/Apr/2025:03:49:55 -0400] "GET /wp-content/themes/twenty/twenty.php HTTP/1.1" 404 7068 "-" "-"
52.169.108.186 - - [16/Apr/2025:03:50:00 -0400] "GET /wp-content/themes/wp-pridmag/lock.php HTTP/1.1" 404 7067 "-" "-"
52.169.108.186 - - [16/Apr/2025:03:50:04 -0400] "GET /wp-mail.php/wp-includes/ID3/esyfvxgmdq.php HTTP/1.1" 403 958 "-" "-"
52.169.108.186 - - [16/Apr/2025:03:50:07 -0400] "GET /wp-includes/Text/Diff/about.php HTTP/1.1" 404 7067 "-" "-"
52.169.108.186 - - [16/Apr/2025:03:50:13 -0400] "GET /index/index.php HTTP/1.1" 301 0 "-" "-"
52.169.108.186 - - [16/Apr/2025:03:50:15 -0400] "GET /index/ HTTP/1.1" 404 7067 "-" "-"
52.169.108.186 - - [16/Apr/2025:03:50:19 -0400] "GET /wp-admin/network/wp-conflg.php HTTP/1.1" 404 7067 "-" "-"
52.169.108.186 - - [16/Apr/2025:03:50:21 -0400] "GET /wp-signup.php HTTP/1.1" 302 0 "-" "-"
52.169.108.186 - - [16/Apr/2025:03:50:23 -0400] "GET /wp-login.php?action=register HTTP/1.1" 302 0 "-" "-"
52.169.108.186 - - [16/Apr/2025:03:50:24 -0400] "GET /wp-login.php?registration=disabled HTTP/1.1" 200 1803 "-" "-"
52.169.108.186 - - [16/Apr/2025:03:50:26 -0400] "GET /wp-includes/images/smilies/index.php HTTP/1.1" 301 0 "-" "-"
52.169.108.186 - - [16/Apr/2025:03:50:28 -0400] "GET /wp-includes/images/smilies/ HTTP/1.1" 403 1242 "-" "-"
52.169.108.186 - - [16/Apr/2025:03:50:29 -0400] "GET /wp-content/themes/seotheme/classwithtostring.php HTTP/1.1" 404 7068 "-" "-"
52.169.108.186 - - [16/Apr/2025:03:50:30 -0400] "GET /wp-includes/wp-includes/about.php HTTP/1.1" 404 7067 "-" "-"
198.54.114.83 - - [16/Apr/2025:03:50:34 -0400] "POST /wp-cron.php?doing_wp_cron=1744789833.7024350166320800781250 HTTP/1.1" 200 0 "-" "WordPress/6.8; https://garantishell.com"
52.169.108.186 - - [16/Apr/2025:03:50:33 -0400] "GET /wp-admin/css/colors/blue/lock.php HTTP/1.1" 404 7068 "-" "-"
198.54.114.83 - - [16/Apr/2025:03:50:34 -0400] "POST /wp-admin/admin-ajax.php?action=async_litespeed&nonce=uu6qa4lLuRd8jgwg683uw96G9S18ABWz&litespeed_type=imgoptm HTTP/1.1" 200 0 "-" "WordPress/6.8; https://garantishell.com"
52.169.108.186 - - [16/Apr/2025:03:50:36 -0400] "GET /403.php HTTP/1.1" 404 7067 "-" "-"
52.169.108.186 - - [16/Apr/2025:03:50:39 -0400] "GET /wp-includes/css/wp-conflg.php HTTP/1.1" 404 7067 "-" "-"
52.169.108.186 - - [16/Apr/2025:03:50:41 -0400] "GET /wp-includes/theme-compat/wp-conflg.php/wp-content/plugins/google-seo-rank/index.php HTTP/1.1" 301 0 "-" "-"
107.172.243.11 - - [16/Apr/2025:03:50:42 -0400] "POST /xmlrpc.php HTTP/1.1" 200 186 "https://garantishell.com" "Mozilla/5.0 (Macintosh; Intel Mac OS X 10_15_7) AppleWebKit/537.36 (KHTML, like Gecko) Chrome/112.0.5615.138 Safari/537.36"
52.169.108.186 - - [16/Apr/2025:03:50:42 -0400] "GET /wp-includes/theme-compat/wp-conflg.php/wp-content/plugins/google-seo-rank/ HTTP/1.1" 404 7068 "-" "-"
52.169.108.186 - - [16/Apr/2025:03:50:44 -0400] "GET /classsmtps.php HTTP/1.1" 404 7068 "-" "-"
52.169.108.186 - - [16/Apr/2025:03:50:45 -0400] "GET /wp-admin/update.php HTTP/1.1" 302 0 "-" "-"
52.169.108.186 - - [16/Apr/2025:03:50:46 -0400] "GET /wp-login.php?redirect_to=https%3A%2F%2Fgarantishell.com%2Fwp-admin%2Fupdate.php&reauth=1 HTTP/1.1" 200 1742 "-" "-"
52.169.108.186 - - [16/Apr/2025:03:50:48 -0400] "GET /browse.php HTTP/1.1" 404 7068 "-" "-"
52.169.108.186 - - [16/Apr/2025:03:50:49 -0400] "GET /bak.php HTTP/1.1" 404 7068 "-" "-"
52.169.108.186 - - [16/Apr/2025:03:50:50 -0400] "GET /wp-admin/includes/m.php HTTP/1.1" 404 7067 "-" "-"
52.169.108.186 - - [16/Apr/2025:03:50:52 -0400] "GET /alfanew.php HTTP/1.1" 404 7068 "-" "-"
52.169.108.186 - - [16/Apr/2025:03:50:53 -0400] "GET /wp-admin/byp.php HTTP/1.1" 404 7068 "-" "-"
52.169.108.186 - - [16/Apr/2025:03:50:55 -0400] "GET /post.php HTTP/1.1" 404 7068 "-" "-"
52.169.108.186 - - [16/Apr/2025:03:50:57 -0400] "GET /images/stories/admin-post.php HTTP/1.1" 403 1242 "-" "-"
52.169.108.186 - - [16/Apr/2025:03:50:59 -0400] "GET /wp-includes/images/media/text.php HTTP/1.1" 404 7067 "-" "-"
52.169.108.186 - - [16/Apr/2025:03:51:02 -0400] "GET /xmrlpc.php HTTP/1.1" 404 7067 "-" "-"
52.169.108.186 - - [16/Apr/2025:03:51:05 -0400] "GET /wp-admin/js/about.php HTTP/1.1" 404 7067 "-" "-"
52.169.108.186 - - [16/Apr/2025:03:51:07 -0400] "GET /mah.php HTTP/1.1" 404 7067 "-" "-"
52.169.108.186 - - [16/Apr/2025:03:51:12 -0400] "GET /wp-includes/Text/Diff/alfa-rex.php HTTP/1.1" 404 7068 "-" "-"
198.54.114.83 - - [16/Apr/2025:03:51:19 -0400] "POST /wp-cron.php?doing_wp_cron=1744789878.5204000473022460937500 HTTP/1.1" 200 0 "-" "WordPress/6.8; https://garantishell.com"
52.169.108.186 - - [16/Apr/2025:03:51:17 -0400] "GET /admin.php HTTP/1.1" 404 7068 "-" "-"
52.169.108.186 - - [16/Apr/2025:03:51:23 -0400] "GET /moon.php HTTP/1.1" 404 7068 "-" "-"
52.169.108.186 - - [16/Apr/2025:03:51:26 -0400] "GET /wp-content/themes/aahana/json.php HTTP/1.1" 404 7068 "-" "-"
52.169.108.186 - - [16/Apr/2025:03:51:29 -0400] "GET /wp-content/themes/plugin.php HTTP/1.1" 404 7067 "-" "-"
52.169.108.186 - - [16/Apr/2025:03:51:32 -0400] "GET /wp-includes/certificates/wp-login.php HTTP/1.1" 404 7068 "-" "-"
52.169.108.186 - - [16/Apr/2025:03:51:35 -0400] "GET /wp-content/uploads/index.php HTTP/1.1" 301 0 "-" "-"
52.169.108.186 - - [16/Apr/2025:03:51:38 -0400] "GET /wp-content/uploads/ HTTP/1.1" 403 1242 "-" "-"
52.169.108.186 - - [16/Apr/2025:03:51:39 -0400] "GET /edit.php HTTP/1.1" 404 7067 "-" "-"
52.169.108.186 - - [16/Apr/2025:03:51:43 -0400] "GET /mail.php HTTP/1.1" 404 7068 "-" "-"
52.169.108.186 - - [16/Apr/2025:03:51:45 -0400] "GET /wp-includes/css/alfa-rex.php HTTP/1.1" 404 7068 "-" "-"
52.169.108.186 - - [16/Apr/2025:03:51:49 -0400] "GET /wp-includes/php-compat/chosen.php HTTP/1.1" 404 7068 "-" "-"
52.169.108.186 - - [16/Apr/2025:03:51:52 -0400] "GET /css/install.php HTTP/1.1" 404 7068 "-" "-"
52.169.108.186 - - [16/Apr/2025:03:51:55 -0400] "GET /alfanew.php7 HTTP/1.1" 404 7068 "-" "-"
52.169.108.186 - - [16/Apr/2025:03:51:58 -0400] "GET /css/chosen.php HTTP/1.1" 404 7068 "-" "-"
52.169.108.186 - - [16/Apr/2025:03:52:01 -0400] "GET /ws.php HTTP/1.1" 404 7067 "-" "-"
52.169.108.186 - - [16/Apr/2025:03:52:05 -0400] "GET /wp-includes/block-patterns/about.php HTTP/1.1" 404 7068 "-" "-"
52.169.108.186 - - [16/Apr/2025:03:52:08 -0400] "GET /cloud.php HTTP/1.1" 404 7068 "-" "-"
52.169.108.186 - - [16/Apr/2025:03:52:13 -0400] "GET /ws.php7 HTTP/1.1" 404 7068 "-" "-"
52.169.108.186 - - [16/Apr/2025:03:52:17 -0400] "GET /wp-includes/html-api/cloud.php HTTP/1.1" 404 7068 "-" "-"
198.54.114.83 - - [16/Apr/2025:03:52:21 -0400] "POST /wp-cron.php?doing_wp_cron=1744789941.0394580364227294921875 HTTP/1.1" 200 0 "-" "WordPress/6.8; https://garantishell.com"
52.169.108.186 - - [16/Apr/2025:03:52:20 -0400] "GET /wp-includes/customize/muse.php HTTP/1.1" 404 7067 "-" "-"
198.54.114.83 - - [16/Apr/2025:03:52:23 -0400] "POST /wp-admin/admin-ajax.php?action=async_litespeed&nonce=aEoJCLWQcWocNanrhfCG5a8aVvmyXvLm&litespeed_type=imgoptm HTTP/1.1" 200 0 "-" "WordPress/6.8; https://garantishell.com"
52.169.108.186 - - [16/Apr/2025:03:52:25 -0400] "GET /about.php HTTP/1.1" 404 7067 "-" "-"
52.169.108.186 - - [16/Apr/2025:03:52:27 -0400] "GET /wp-content/upgrade-temp-backup/about.php HTTP/1.1" 404 7067 "-" "-"
52.169.108.186 - - [16/Apr/2025:03:52:31 -0400] "GET /wp-admin/maint/about.php HTTP/1.1" 404 7068 "-" "-"
52.169.108.186 - - [16/Apr/2025:03:52:36 -0400] "GET /repeater.php HTTP/1.1" 404 7068 "-" "-"
52.169.108.186 - - [16/Apr/2025:03:52:40 -0400] "GET /wp-consar.php HTTP/1.1" 404 7068 "-" "-"
52.169.108.186 - - [16/Apr/2025:03:52:42 -0400] "GET /wp-includes/js/codemirror/index.php HTTP/1.1" 301 0 "-" "-"
52.169.108.186 - - [16/Apr/2025:03:52:44 -0400] "GET /wp-includes/js/codemirror/ HTTP/1.1" 403 1242 "-" "-"
52.169.108.186 - - [16/Apr/2025:03:52:46 -0400] "GET /wp-admin/css/colors/coffee/about.php HTTP/1.1" 404 7068 "-" "-"
52.169.108.186 - - [16/Apr/2025:03:52:50 -0400] "GET /wp-includes/html-api/chosen.php HTTP/1.1" 404 7068 "-" "-"
52.169.108.186 - - [16/Apr/2025:03:52:54 -0400] "GET /wso112233.php HTTP/1.1" 404 7068 "-" "-"
52.169.108.186 - - [16/Apr/2025:03:52:58 -0400] "GET /simple.php HTTP/1.1" 404 7068 "-" "-"
52.169.108.186 - - [16/Apr/2025:03:53:03 -0400] "GET /wp-content/wp-login.php HTTP/1.1" 404 7068 "-" "-"
52.169.108.186 - - [16/Apr/2025:03:53:07 -0400] "GET /blog.php HTTP/1.1" 404 7067 "-" "-"
52.169.108.186 - - [16/Apr/2025:03:53:11 -0400] "GET /wp-includes/html-api/about.php HTTP/1.1" 404 7068 "-" "-"
52.169.108.186 - - [16/Apr/2025:03:53:15 -0400] "GET /admin/uploads/lv.php HTTP/1.1" 404 7068 "-" "-"
198.54.114.83 - - [16/Apr/2025:03:53:19 -0400] "POST /wp-cron.php?doing_wp_cron=1744789998.4855210781097412109375 HTTP/1.1" 200 0 "-" "WordPress/6.8; https://garantishell.com"
52.169.108.186 - - [16/Apr/2025:03:53:18 -0400] "GET /ajax-actions.php HTTP/1.1" 404 7068 "-" "-"
198.54.114.83 - - [16/Apr/2025:03:53:20 -0400] "POST /wp-admin/admin-ajax.php?action=async_litespeed&nonce=376e55fKCeBTOUJ9EoiSeKgzAxbpKVU1&litespeed_type=imgoptm HTTP/1.1" 200 0 "-" "WordPress/6.8; https://garantishell.com"
52.169.108.186 - - [16/Apr/2025:03:53:23 -0400] "GET /inputs.php HTTP/1.1" 404 7068 "-" "-"
52.169.108.186 - - [16/Apr/2025:03:53:27 -0400] "GET /upfile.php HTTP/1.1" 404 7068 "-" "-"
52.169.108.186 - - [16/Apr/2025:03:53:30 -0400] "GET /ALFA_DATA/index.php HTTP/1.1" 301 0 "-" "-"
52.169.108.186 - - [16/Apr/2025:03:53:32 -0400] "GET /ALFA_DATA/ HTTP/1.1" 404 7068 "-" "-"
52.169.108.186 - - [16/Apr/2025:03:53:36 -0400] "GET /ok.php HTTP/1.1" 404 7068 "-" "-"
52.169.108.186 - - [16/Apr/2025:03:53:39 -0400] "GET /wp-includes/customize/wp-conflg.php HTTP/1.1" 404 7068 "-" "-"
52.169.108.186 - - [16/Apr/2025:03:53:43 -0400] "GET /admin/fckeditor/editor/filemanager/alfanew.php HTTP/1.1" 404 7068 "-" "-"
52.169.108.186 - - [16/Apr/2025:03:53:46 -0400] "GET /wp-includes/sodium_compat/src/index.php HTTP/1.1" 301 0 "-" "-"
52.169.108.186 - - [16/Apr/2025:03:53:47 -0400] "GET /wp-includes/sodium_compat/src/ HTTP/1.1" 403 1242 "-" "-"
52.169.108.186 - - [16/Apr/2025:03:53:48 -0400] "GET /admin/uploads/media.php HTTP/1.1" 404 7068 "-" "-"
52.169.108.186 - - [16/Apr/2025:03:53:51 -0400] "GET /wp-content/uploads/2022/update.php HTTP/1.1" 404 7068 "-" "-"
52.169.108.186 - - [16/Apr/2025:03:53:54 -0400] "GET /wp-includes/wp-includes/alfa-rex.php HTTP/1.1" 404 7068 "-" "-"
52.169.108.186 - - [16/Apr/2025:03:53:56 -0400] "GET /wp-content/uploads/423_index.php HTTP/1.1" 404 7068 "-" "-"
52.169.108.186 - - [16/Apr/2025:03:53:59 -0400] "GET /xmrlpc.php?p= HTTP/1.1" 301 0 "-" "-"
52.169.108.186 - - [16/Apr/2025:03:54:00 -0400] "GET /xmrlpc.php HTTP/1.1" 404 7067 "-" "-"
52.169.108.186 - - [16/Apr/2025:03:54:01 -0400] "GET /wp-includes/fonts/index.php HTTP/1.1" 301 0 "-" "-"
52.169.108.186 - - [16/Apr/2025:03:54:02 -0400] "GET /wp-includes/fonts/ HTTP/1.1" 403 1242 "-" "-"
52.169.108.186 - - [16/Apr/2025:03:54:03 -0400] "GET /wp-includes/customize/index.php HTTP/1.1" 301 0 "-" "-"
52.169.108.186 - - [16/Apr/2025:03:54:06 -0400] "GET /wp-includes/customize/ HTTP/1.1" 403 1242 "-" "-"
52.169.108.186 - - [16/Apr/2025:03:54:07 -0400] "GET /wp-admin/autoload_classmap.php HTTP/1.1" 404 7067 "-" "-"
52.169.108.186 - - [16/Apr/2025:03:54:10 -0400] "GET /wp-includes/fonts/install.php HTTP/1.1" 404 7067 "-" "-"
52.169.108.186 - - [16/Apr/2025:03:54:12 -0400] "GET /wp-trackback.php HTTP/1.1" 404 91 "-" "-"
52.169.108.186 - - [16/Apr/2025:03:54:14 -0400] "GET /index.php HTTP/1.1" 301 0 "-" "-"
52.169.108.186 - - [16/Apr/2025:03:54:14 -0400] "GET / HTTP/1.1" 200 9272 "-" "-"
52.169.108.186 - - [16/Apr/2025:03:54:15 -0400] "GET /geju.php HTTP/1.1" 404 7068 "-" "-"
198.54.114.83 - - [16/Apr/2025:03:54:17 -0400] "POST /wp-cron.php?doing_wp_cron=1744790057.5397210121154785156250 HTTP/1.1" 200 0 "-" "WordPress/6.8; https://garantishell.com"
52.169.108.186 - - [16/Apr/2025:03:54:17 -0400] "GET /ebs.php7 HTTP/1.1" 404 7068 "-" "-"
52.169.108.186 - - [16/Apr/2025:03:54:18 -0400] "GET /.well-known/acme-challenge/index.php HTTP/1.1" 301 0 "-" "-"
198.54.114.83 - - [16/Apr/2025:03:54:18 -0400] "POST /wp-admin/admin-ajax.php?action=async_litespeed&nonce=60VjDGm6ECySUCZTum6Dw1devTiWRySI&litespeed_type=imgoptm HTTP/1.1" 200 5 "-" "WordPress/6.8; https://garantishell.com"
52.169.108.186 - - [16/Apr/2025:03:54:19 -0400] "GET /.well-known/acme-challenge/ HTTP/1.1" 404 7068 "-" "-"
52.169.108.186 - - [16/Apr/2025:03:54:20 -0400] "GET /wp-admin/classwithtostring.php HTTP/1.1" 404 7068 "-" "-"
52.169.108.186 - - [16/Apr/2025:03:54:21 -0400] "GET /css.php HTTP/1.1" 404 7067 "-" "-"
52.169.108.186 - - [16/Apr/2025:03:54:23 -0400] "GET /cache-compat.php HTTP/1.1" 404 7068 "-" "-"
52.169.108.186 - - [16/Apr/2025:03:54:24 -0400] "GET /wp-includes/style-engine/about.php HTTP/1.1" 404 7068 "-" "-"
52.169.108.186 - - [16/Apr/2025:03:54:25 -0400] "GET /wp-includes/widgets/parx.php HTTP/1.1" 404 7068 "-" "-"
52.169.108.186 - - [16/Apr/2025:03:54:30 -0400] "GET /radio.php HTTP/1.1" 404 7068 "-" "-"
52.169.108.186 - - [16/Apr/2025:03:54:33 -0400] "GET /index/lock.php HTTP/1.1" 404 7068 "-" "-"
52.169.108.186 - - [16/Apr/2025:03:54:39 -0400] "GET /yanz.php HTTP/1.1" 404 7068 "-" "-"
52.169.108.186 - - [16/Apr/2025:03:54:42 -0400] "GET /wp-admin/css/colors/blue/atomlib.php HTTP/1.1" 404 7068 "-" "-"
52.169.108.186 - - [16/Apr/2025:03:54:47 -0400] "GET /images/chosen.php HTTP/1.1" 404 7068 "-" "-"
52.169.108.186 - - [16/Apr/2025:03:54:51 -0400] "GET /wp-includes/images/about.php HTTP/1.1" 404 7068 "-" "-"
52.169.108.186 - - [16/Apr/2025:03:54:56 -0400] "GET /wp-admin/images/index.php HTTP/1.1" 301 0 "-" "-"
52.169.108.186 - - [16/Apr/2025:03:54:58 -0400] "GET /wp-admin/images/ HTTP/1.1" 403 1242 "-" "-"
52.169.108.186 - - [16/Apr/2025:03:55:00 -0400] "GET /as.php HTTP/1.1" 404 7067 "-" "-"
52.169.108.186 - - [16/Apr/2025:03:55:07 -0400] "GET /wp-includes/php-compat/content.php HTTP/1.1" 404 7068 "-" "-"
52.169.108.186 - - [16/Apr/2025:03:55:15 -0400] "GET /404.php HTTP/1.1" 404 7068 "-" "-"
52.169.108.186 - - [16/Apr/2025:03:55:21 -0400] "GET /link.php HTTP/1.1" 404 7068 "-" "-"
198.54.114.83 - - [16/Apr/2025:03:55:24 -0400] "POST /wp-cron.php?doing_wp_cron=1744790122.1213738918304443359375 HTTP/1.1" 200 0 "-" "WordPress/6.8; https://garantishell.com"
52.169.108.186 - - [16/Apr/2025:03:55:28 -0400] "GET /wp-includes/block-patterns/autoload_classmap.php HTTP/1.1" 404 7068 "-" "-"
52.169.108.186 - - [16/Apr/2025:03:55:34 -0400] "GET /wp-includes/Text/index.php HTTP/1.1" 301 0 "-" "-"
52.169.108.186 - - [16/Apr/2025:03:55:37 -0400] "GET /wp-includes/Text/ HTTP/1.1" 403 1242 "-" "-"
52.169.108.186 - - [16/Apr/2025:03:55:40 -0400] "GET /wp-admin/includes/cong.php HTTP/1.1" 404 7068 "-" "-"
52.169.108.186 - - [16/Apr/2025:03:55:45 -0400] "GET /wp-includes/Text/Diff/Renderer/about.php HTTP/1.1" 404 7068 "-" "-"
52.169.108.186 - - [16/Apr/2025:03:55:49 -0400] "GET /images/lmfi2.php HTTP/1.1" 404 7068 "-" "-"
52.169.108.186 - - [16/Apr/2025:03:55:51 -0400] "GET /wp-admin/admin-post.php HTTP/1.1" 200 0 "-" "-"
52.169.108.186 - - [16/Apr/2025:03:55:53 -0400] "GET /wp-cron.php HTTP/1.1" 200 0 "-" "-"
52.169.108.186 - - [16/Apr/2025:03:55:54 -0400] "GET /wp-includes/Requests/Utility/alfa-rex.php HTTP/1.1" 404 7068 "-" "-"
52.169.108.186 - - [16/Apr/2025:03:55:56 -0400] "GET /wp-includes/theme-compat/chosen.php HTTP/1.1" 404 7068 "-" "-"
52.169.108.186 - - [16/Apr/2025:03:55:58 -0400] "GET /config.php HTTP/1.1" 404 7068 "-" "-"
52.169.108.186 - - [16/Apr/2025:03:56:01 -0400] "GET /plugins.php HTTP/1.1" 404 7068 "-" "-"
52.169.108.186 - - [16/Apr/2025:03:56:05 -0400] "GET /wp-content/mu-plugins/gecko.php HTTP/1.1" 404 7068 "-" "-"
52.169.108.186 - - [16/Apr/2025:03:56:11 -0400] "GET /wp-includes/IXR/alfa-rex.php HTTP/1.1" 404 7068 "-" "-"
52.169.108.186 - - [16/Apr/2025:03:56:14 -0400] "GET /wp-includes/certificates/index.php HTTP/1.1" 301 0 "-" "-"
52.169.108.186 - - [16/Apr/2025:03:56:17 -0400] "GET /wp-includes/certificates/ HTTP/1.1" 403 1242 "-" "-"
52.169.108.186 - - [16/Apr/2025:03:56:19 -0400] "GET /.well-known/cache-compat.php HTTP/1.1" 404 7068 "-" "-"
198.54.114.83 - - [16/Apr/2025:03:56:24 -0400] "POST /wp-cron.php?doing_wp_cron=1744790183.8897221088409423828125 HTTP/1.1" 200 0 "-" "WordPress/6.8; https://garantishell.com"
52.169.108.186 - - [16/Apr/2025:03:56:23 -0400] "GET /ini.php HTTP/1.1" 404 7068 "-" "-"
198.54.114.83 - - [16/Apr/2025:03:56:26 -0400] "POST /wp-admin/admin-ajax.php?action=async_litespeed&nonce=teUvxvyP0qsNZ30UTxFmW1Fwx1UT52P7&litespeed_type=imgoptm HTTP/1.1" 200 0 "-" "WordPress/6.8; https://garantishell.com"
52.169.108.186 - - [16/Apr/2025:03:56:28 -0400] "GET /chosen.php HTTP/1.1" 404 7068 "-" "-"
52.169.108.186 - - [16/Apr/2025:03:56:34 -0400] "GET /wp-admin/wp-conflg.php HTTP/1.1" 404 7068 "-" "-"
52.169.108.186 - - [16/Apr/2025:03:56:37 -0400] "GET /wp-admin/function.php HTTP/1.1" 404 7068 "-" "-"
52.169.108.186 - - [16/Apr/2025:03:56:40 -0400] "GET /wp-admin/cloud.php HTTP/1.1" 404 7068 "-" "-"
52.169.108.186 - - [16/Apr/2025:03:56:43 -0400] "GET /packed.php HTTP/1.1" 404 7068 "-" "-"
52.169.108.186 - - [16/Apr/2025:03:56:47 -0400] "GET /wp-admin/js/admin.php HTTP/1.1" 404 7068 "-" "-"
52.169.108.186 - - [16/Apr/2025:03:56:52 -0400] "GET /wp-includes/images/autoload_classmap.php HTTP/1.1" 404 7068 "-" "-"
52.169.108.186 - - [16/Apr/2025:03:56:59 -0400] "GET /shell20211028.php HTTP/1.1" 404 7067 "-" "-"
52.169.108.186 - - [16/Apr/2025:03:57:07 -0400] "GET /wp-includes/ID3/index.php HTTP/1.1" 301 0 "-" "-"
52.169.108.186 - - [16/Apr/2025:03:57:11 -0400] "GET /wp-includes/ID3/ HTTP/1.1" 403 0 "-" "-"
159.138.23.70 - - [16/Apr/2025:04:00:18 -0400] "GET /der-umzugsservice-in-hamburg-ihre-experten-fur-stressfreies-umziehen/ HTTP/1.1" 200 10471 "https://garantishell.com/der-umzugsservice-in-hamburg-ihre-experten-fur-stressfreies-umziehen/#respond" "Mozilla/5.0 (Macintosh; Intel Mac OS X 10_15_7) AppleWebKit/537.36 (KHTML, like Gecko) Chrome/123.0.0.0 Safari/537.36"
27.42.99.212 - - [16/Apr/2025:04:00:33 -0400] "GET /why-professional-home-inspection-services-are-essential/ HTTP/1.1" 200 10425 "https://garantishell.com" "Mozilla/5.0 (Windows NT 10.0; Win64; x64) AppleWebKit/537.36 (KHTML, like Gecko) Chrome/62.0.3202.94 Safari/537.36"
198.54.114.83 - - [16/Apr/2025:04:01:02 -0400] "POST /wp-cron.php?doing_wp_cron=1744790461.3534479141235351562500 HTTP/1.1" 200 0 "-" "WordPress/6.8; https://garantishell.com"
157.245.6.207 - - [16/Apr/2025:04:00:56 -0400] "POST /xmlrpc.php HTTP/1.1" 200 186 "https://garantishell.com" "Mozilla/5.0 (Macintosh; Intel Mac OS X 10_15_7) AppleWebKit/537.36 (KHTML, like Gecko) Chrome/115.0.5790.102 Safari/537.36"
198.54.114.83 - - [16/Apr/2025:04:01:30 -0400] "GET / HTTP/1.1" 200 9272 "-" "Mozilla/5.0 (Windows NT 10.0; Win64; x64; rv:122.0) Gecko/20100101 Firefox/122.0"
198.54.114.83 - - [16/Apr/2025:04:01:55 -0400] "GET / HTTP/1.1" 200 9272 "-" "Softaculous"
198.54.114.83 - - [16/Apr/2025:04:01:56 -0400] "GET / HTTP/1.1" 200 9272 "-" "Mozilla/5.0 (Windows NT 10.0; Win64; x64; rv:122.0) Gecko/20100101 Firefox/122.0"
198.54.114.83 - - [16/Apr/2025:04:03:11 -0400] "POST /wp-cron.php?doing_wp_cron=1744790590.3711180686950683593750 HTTP/1.1" 200 0 "-" "WordPress/6.8; https://garantishell.com"
51.222.253.15 - - [16/Apr/2025:04:03:06 -0400] "GET /exploring-the-world-of-online-casino-gaming/ HTTP/1.1" 200 10634 "-" "Mozilla/5.0 (compatible; AhrefsBot/7.0; +http://ahrefs.com/robot/)"
198.54.114.83 - - [16/Apr/2025:04:03:12 -0400] "POST /wp-admin/admin-ajax.php?action=async_litespeed&nonce=vCcWhtGrDsKxXaisurksVjeB37lSf6Qy&litespeed_type=imgoptm HTTP/1.1" 200 0 "-" "WordPress/6.8; https://garantishell.com"
109.123.236.97 - - [16/Apr/2025:04:04:31 -0400] "GET /wp-login.php HTTP/1.1" 200 1735 "-" "GRequests/0.10"
198.54.114.83 - - [16/Apr/2025:04:04:35 -0400] "POST /wp-cron.php?doing_wp_cron=1744790674.7256839275360107421875 HTTP/1.1" 200 0 "-" "WordPress/6.8; https://garantishell.com"
109.123.236.97 - - [16/Apr/2025:04:04:34 -0400] "POST /wp-login.php HTTP/1.1" 200 1869 "-" "GRequests/0.10"
198.54.114.83 - - [16/Apr/2025:04:04:36 -0400] "POST /wp-admin/admin-ajax.php?action=async_litespeed&nonce=SXyFpCpElZnbKegFqXWC4GAotUzZdxwF&litespeed_type=imgoptm HTTP/1.1" 200 0 "-" "WordPress/6.8; https://garantishell.com"
216.244.66.241 - - [16/Apr/2025:04:04:47 -0400] "GET /robots.txt HTTP/1.1" 304 0 "-" "Mozilla/5.0 (compatible; DotBot/1.2; +https://opensiteexplorer.org/dotbot; help@moz.com)"
2001:df4:40c0:68d8::1 - - [16/Apr/2025:04:05:29 -0400] "GET /wp-login.php HTTP/1.1" 200 1735 "-" "GRequests/0.10"
198.54.114.83 - - [16/Apr/2025:04:05:33 -0400] "POST /wp-cron.php?doing_wp_cron=1744790732.1625719070434570312500 HTTP/1.1" 200 0 "-" "WordPress/6.8; https://garantishell.com"
2001:df4:40c0:68d8::1 - - [16/Apr/2025:04:05:31 -0400] "POST /wp-login.php HTTP/1.1" 200 1871 "-" "GRequests/0.10"
198.54.114.83 - - [16/Apr/2025:04:05:33 -0400] "POST /wp-admin/admin-ajax.php?action=async_litespeed&nonce=r3xgZ1utnNpIJeJZUR8PRZ2I5aoKqqZT&litespeed_type=imgoptm HTTP/1.1" 200 5 "-" "WordPress/6.8; https://garantishell.com"
190.92.213.160 - - [16/Apr/2025:04:11:44 -0400] "GET /unlocking-the-value-of-culture-gift-certificate-discount/ HTTP/1.1" 200 10865 "https://garantishell.com/unlocking-the-value-of-culture-gift-certificate-discount/" "Mozilla/5.0 (Windows NT 10.0; Win64; x64) AppleWebKit/537.36 (KHTML, like Gecko) Chrome/110.0.0.0 Safari/537.36"
27.42.99.212 - - [16/Apr/2025:04:12:13 -0400] "GET /why-professional-home-inspection-services-are-essential/ HTTP/1.1" 200 10425 "https://garantishell.com" "Mozilla/5.0 (Windows NT 10.0; Win64; x64) AppleWebKit/537.36 (KHTML, like Gecko) Chrome/62.0.3202.94 Safari/537.36"
198.54.114.83 - - [16/Apr/2025:04:12:21 -0400] "POST /wp-cron.php?doing_wp_cron=1744791139.9003961086273193359375 HTTP/1.1" 200 0 "-" "WordPress/6.8; https://garantishell.com"
27.42.99.212 - - [16/Apr/2025:04:12:15 -0400] "POST /wp-comments-post.php HTTP/1.1" 200 0 "https://garantishell.com" "Mozilla/5.0 (Windows NT 10.0; Win64; x64) AppleWebKit/537.36 (KHTML, like Gecko) Chrome/62.0.3202.94 Safari/537.36"
2001:df4:40c0:68d8::1 - - [16/Apr/2025:04:12:51 -0400] "GET /wp-login.php HTTP/1.1" 200 1735 "-" "GRequests/0.10"
2001:df4:40c0:68d8::1 - - [16/Apr/2025:04:12:52 -0400] "POST /wp-login.php HTTP/1.1" 200 1866 "-" "GRequests/0.10"
216.244.66.241 - - [16/Apr/2025:04:13:24 -0400] "GET /eine-schritt-fur-schritt-anleitung/feed/ HTTP/1.1" 200 398 "-" "Mozilla/5.0 (compatible; DotBot/1.2; +https://opensiteexplorer.org/dotbot; help@moz.com)"
198.54.114.83 - - [16/Apr/2025:04:18:53 -0400] "POST /wp-cron.php?doing_wp_cron=1744791533.4774360656738281250000 HTTP/1.1" 200 0 "-" "WordPress/6.8; https://garantishell.com"
51.222.253.11 - - [16/Apr/2025:04:18:47 -0400] "GET /revolutionizing-home-spaces-the-modern-kitchen-cabinet/feed/ HTTP/1.1" 200 420 "-" "Mozilla/5.0 (compatible; AhrefsBot/7.0; +http://ahrefs.com/robot/)"
198.54.114.83 - - [16/Apr/2025:04:18:56 -0400] "POST /wp-admin/admin-ajax.php?action=async_litespeed&nonce=6PCv0sDRTNW254LITs1Xp2IBMaBwoe0o&litespeed_type=imgoptm HTTP/1.1" 200 0 "-" "WordPress/6.8; https://garantishell.com"
198.54.114.83 - - [16/Apr/2025:04:21:36 -0400] "POST /wp-cron.php?doing_wp_cron=1744791695.1174430847167968750000 HTTP/1.1" 200 0 "-" "WordPress/6.8; https://garantishell.com"
162.0.235.8 - - [16/Apr/2025:04:21:30 -0400] "POST /xmlrpc.php HTTP/1.1" 200 186 "https://garantishell.com" "Mozilla/5.0 (Macintosh; Intel Mac OS X 14.3) AppleWebKit/614.31.14 (KHTML, like Gecko) Version/17.0.96 Safari/614.31.14"
124.243.149.13 - - [16/Apr/2025:04:23:27 -0400] "GET /luxe-living-at-newport-residences-a-haven-of-modern-comfort/ HTTP/1.1" 200 10701 "https://garantishell.com/luxe-living-at-newport-residences-a-haven-of-modern-comfort/" "Mozilla/5.0 (Macintosh; Intel Mac OS X 10_15_7) AppleWebKit/537.36 (KHTML, like Gecko) Chrome/120.0.0.0 Safari/537.36"
185.110.190.93 - - [16/Apr/2025:04:23:56 -0400] "GET /why-professional-home-inspection-services-are-essential/ HTTP/1.1" 200 10425 "-" "Mozilla/5.0 (Macintosh; Intel Mac OS X 12_5) AppleWebKit/537.36 (KHTML, like Gecko) Chrome/114.0.0.0 Safari/537.36 OPR/89.0.4447.51"
198.54.114.83 - - [16/Apr/2025:04:24:03 -0400] "POST /wp-cron.php?doing_wp_cron=1744791842.3855829238891601562500 HTTP/1.1" 200 0 "-" "WordPress/6.8; https://garantishell.com"
185.110.190.93 - - [16/Apr/2025:04:23:57 -0400] "POST /wp-comments-post.php HTTP/1.1" 302 0 "https://garantishell.com/why-professional-home-inspection-services-are-essential/" "Mozilla/5.0 (Macintosh; Intel Mac OS X 12_5) AppleWebKit/537.36 (KHTML, like Gecko) Chrome/114.0.0.0 Safari/537.36 OPR/89.0.4447.51"
198.54.114.83 - - [16/Apr/2025:04:24:04 -0400] "POST /wp-admin/admin-ajax.php?action=async_litespeed&nonce=3KbOXVGQfqjrjDhLPXrxX4dHFboH3nMS&litespeed_type=imgoptm HTTP/1.1" 200 0 "-" "WordPress/6.8; https://garantishell.com"
185.110.190.93 - - [16/Apr/2025:04:24:06 -0400] "GET /why-professional-home-inspection-services-are-essential/?unapproved=4304&moderation-hash=dbca3cdd04b3f1db910842db4a37d7f6 HTTP/1.1" 200 11334 "https://garantishell.com/wp-comments-post.php" "Mozilla/5.0 (Macintosh; Intel Mac OS X 12_5) AppleWebKit/537.36 (KHTML, like Gecko) Chrome/114.0.0.0 Safari/537.36 OPR/89.0.4447.51"
185.110.190.93 - - [16/Apr/2025:04:24:08 -0400] "GET /why-professional-home-inspection-services-are-essential/ HTTP/1.1" 200 10425 "-" "Mozilla/5.0 (Macintosh; Intel Mac OS X 12_5) AppleWebKit/537.36 (KHTML, like Gecko) Chrome/114.0.0.0 Safari/537.36 OPR/89.0.4447.51"
107.151.215.112 - - [16/Apr/2025:04:24:37 -0400] "GET /wp-admin/css/ HTTP/1.1" 403 1242 "binance.com" "Mozilla/5.0 (Windows NT 10.0; Win64; x64) AppleWebKit/537.36 (KHTML, like Gecko) Chrome/90.0.4430.85 Safari/537.36"
47.238.13.15 - - [16/Apr/2025:04:26:25 -0400] "GET /wp-sitemap-posts-page-1.xml HTTP/1.1" 200 185 "-" "Mozilla/5.0 (Macintosh; Intel Mac OS X 10_15_7) AppleWebKit/537.36 (KHTML, like Gecko) Chrome/109.0.0.0 Safari/537.36"
114.119.137.70 - - [16/Apr/2025:04:28:46 -0400] "GET /unlocking-the-value-of-culture-gift-certificate-discount/ HTTP/1.1" 200 10865 "https://garantishell.com/the-benefits-of-business-trip-massage-for-executives/" "Mozilla/5.0 (Linux; Android 7.0;) AppleWebKit/537.36 (KHTML, like Gecko) Mobile Safari/537.36 (compatible; PetalBot;+https://webmaster.petalsearch.com/site/petalbot)"
66.249.66.42 - - [16/Apr/2025:04:28:57 -0400] "GET /capturing-the-essence-the-art-and-impact-of-real-estate-photography/ HTTP/1.1" 200 10621 "-" "Mozilla/5.0 (Linux; Android 6.0.1; Nexus 5X Build/MMB29P) AppleWebKit/537.36 (KHTML, like Gecko) Chrome/135.0.7049.84 Mobile Safari/537.36 (compatible; GoogleOther)"
198.54.114.83 - - [16/Apr/2025:04:29:05 -0400] "POST /wp-cron.php?doing_wp_cron=1744792142.7420370578765869140625 HTTP/1.1" 200 0 "-" "WordPress/6.8; https://garantishell.com"
114.119.140.66 - - [16/Apr/2025:04:30:11 -0400] "GET /recover-your-body-and-mind-with-a-business-trip-massage/ HTTP/1.1" 200 10927 "https://garantishell.com/the-ultimate-stress-reliever-for-business-travelers/" "Mozilla/5.0 (Linux; Android 7.0;) AppleWebKit/537.36 (KHTML, like Gecko) Mobile Safari/537.36 (compatible; PetalBot;+https://webmaster.petalsearch.com/site/petalbot)"
198.54.114.83 - - [16/Apr/2025:04:30:16 -0400] "POST /wp-cron.php?doing_wp_cron=1744792212.2005140781402587890625 HTTP/1.1" 200 0 "-" "WordPress/6.8; https://garantishell.com"
185.110.190.93 - - [16/Apr/2025:04:30:28 -0400] "GET /why-professional-home-inspection-services-are-essential/ HTTP/1.1" 200 10425 "-" "Mozilla/5.0 (Macintosh; Intel Mac OS X 12_5) AppleWebKit/605.1.15 (KHTML, like Gecko) Version/15.4 Safari/605.1.15"
103.74.116.72 - - [16/Apr/2025:04:31:34 -0400] "POST /xmlrpc.php HTTP/1.1" 200 0 "https://garantishell.com" "Mozilla/5.0 (Windows NT 10.0; Win64; x64) AppleWebKit/537.36 (KHTML, like Gecko) Chrome/114.0.5735.134 Safari/537.36"
198.54.114.83 - - [16/Apr/2025:04:31:42 -0400] "POST /wp-cron.php?doing_wp_cron=1744792298.0792050361633300781250 HTTP/1.1" 200 0 "-" "WordPress/6.8; https://garantishell.com"
47.238.13.3 - - [16/Apr/2025:04:31:46 -0400] "GET /wp-sitemap-posts-post-1.xml HTTP/1.1" 200 20816 "-" "Mozilla/5.0 (Macintosh; Intel Mac OS X 10_15_7) AppleWebKit/537.36 (KHTML, like Gecko) Chrome/109.0.0.0 Safari/537.36"
51.222.253.3 - - [16/Apr/2025:04:34:41 -0400] "GET /a-welcome-respite-from-travel-fatigue/ HTTP/1.1" 200 10535 "-" "Mozilla/5.0 (compatible; AhrefsBot/7.0; +http://ahrefs.com/robot/)"
190.92.204.138 - - [16/Apr/2025:04:35:12 -0400] "GET /skilled-plumbing-services-for-every-household/ HTTP/1.1" 200 11147 "https://garantishell.com/skilled-plumbing-services-for-every-household/" "Mozilla/5.0 (Windows NT 10.0; Win64; x64) AppleWebKit/537.36 (KHTML, like Gecko) Chrome/101.0.4951.64 Safari/537.36 Edg/101.0.1210.47"
195.20.18.145 - - [16/Apr/2025:04:39:38 -0400] "GET /sites/all/libraries/elfinder/elfinder.html HTTP/1.1" 404 7043 "-" "ALittle Client"
63.250.38.213 - - [16/Apr/2025:04:41:31 -0400] "POST /xmlrpc.php HTTP/1.1" 200 186 "https://garantishell.com" "Mozilla/5.0 (Macintosh; Intel Mac OS X 14_6) AppleWebKit/605.1.15 (KHTML, like Gecko) Version/17.5 Safari/605.1.15"
17.241.219.44 - - [16/Apr/2025:04:43:51 -0400] "GET /robots.txt HTTP/1.1" 200 97 "-" "Mozilla/5.0 (Macintosh; Intel Mac OS X 10_15_7) AppleWebKit/605.1.15 (KHTML, like Gecko) Version/17.4 Safari/605.1.15 (Applebot/0.1; +http://www.apple.com/go/applebot)"
17.241.219.44 - - [16/Apr/2025:04:43:57 -0400] "GET /wp-content/uploads/2025/01/synthesize-1-2.mp3 HTTP/1.1" 200 80256 "-" "Mozilla/5.0 (Macintosh; Intel Mac OS X 10_15_7) AppleWebKit/605.1.15 (KHTML, like Gecko) Version/17.4 Safari/605.1.15 (Applebot/0.1; +http://www.apple.com/go/applebot)"
46.250.162.177 - - [16/Apr/2025:04:46:53 -0400] "GET /celebrating-pesach-2025-an-overview-of-upcoming-programs/ HTTP/1.1" 200 10838 "https://garantishell.com/celebrating-pesach-2025-an-overview-of-upcoming-programs/" "Mozilla/5.0 (Macintosh; Intel Mac OS X 10_15_7) AppleWebKit/537.36 (KHTML, like Gecko) Chrome/119.0.0.0 Safari/537.36"
128.140.98.220 - - [16/Apr/2025:04:48:26 -0400] "GET /why-professional-home-inspection-services-are-essential/ HTTP/1.1" 200 10647 "http://garantishell.com/why-professional-home-inspection-services-are-essential/" "Mozilla/5.0 (Macintosh; Intel Mac OS X 12_5) AppleWebKit/605.1.15 (KHTML, like Gecko) Version/15.4 Safari/605.1.15"
51.222.253.7 - - [16/Apr/2025:04:49:33 -0400] "GET /page/34/ HTTP/1.1" 200 9984 "-" "Mozilla/5.0 (compatible; AhrefsBot/7.0; +http://ahrefs.com/robot/)"
146.70.174.236 - - [16/Apr/2025:04:49:56 -0400] "GET /why-professional-home-inspection-services-are-essential/ HTTP/1.1" 200 10632 "-" "Mozilla/5.0 (Windows NT 10.0; Win64; x64; rv:114.0) Gecko/20100101 Firefox/114.0"
13.36.233.100 - - [16/Apr/2025:04:51:07 -0400] "GET / HTTP/1.1" 200 9437 "www.google.com" "Mozilla/5.0 (Linux; Android 7.0; SM-G892A Build/NRD90M; wv) AppleWebKit/537.36 (KHTML, like Gecko) Version/4.0 Chrome/60.0.3112.107 Mobile Safari/537.36"
13.36.233.100 - - [16/Apr/2025:04:51:38 -0400] "GET /wp HTTP/1.1" 404 7043 "www.google.com" "Mozilla/5.0 (Linux; Android 7.0; SM-G892A Build/NRD90M; wv) AppleWebKit/537.36 (KHTML, like Gecko) Version/4.0 Chrome/60.0.3112.107 Mobile Safari/537.36"
163.61.72.36 - - [16/Apr/2025:04:51:39 -0400] "POST /xmlrpc.php HTTP/1.1" 200 186 "https://garantishell.com" "Mozilla/5.0 (Windows NT 10.0; Win64; x64; rv:126.0) Gecko/20100101 Firefox/126.0"
