62.172.235.130 - - [15/Apr/2025:05:09:58 -0400] "GET /wp-content/themes/world-news/assets/js/slick.min.js?ver=1.8.1 HTTP/1.1" 200 10126 "https://garantishell.com/luxe-living-at-newport-residences-a-haven-of-modern-comfort/" "Mozilla/5.0 (Windows NT 10.0; Win64; x64) AppleWebKit/537.36 (KHTML, like Gecko) Chrome/135.0.0.0 Safari/537.36 Edg/135.0.0.0"
62.172.235.130 - - [15/Apr/2025:05:09:58 -0400] "GET /wp-includes/css/dist/block-library/style.min.css?ver=6.7.1 HTTP/1.1" 200 14225 "https://garantishell.com/luxe-living-at-newport-residences-a-haven-of-modern-comfort/" "Mozilla/5.0 (Windows NT 10.0; Win64; x64) AppleWebKit/537.36 (KHTML, like Gecko) Chrome/135.0.0.0 Safari/537.36 Edg/135.0.0.0"
62.172.235.130 - - [15/Apr/2025:05:09:58 -0400] "GET /wp-content/themes/world-news/assets/css/fontawesome.min.css?ver=6.4.2 HTTP/1.1" 200 17670 "https://garantishell.com/luxe-living-at-newport-residences-a-haven-of-modern-comfort/" "Mozilla/5.0 (Windows NT 10.0; Win64; x64) AppleWebKit/537.36 (KHTML, like Gecko) Chrome/135.0.0.0 Safari/537.36 Edg/135.0.0.0"
62.172.235.130 - - [15/Apr/2025:05:09:58 -0400] "GET /wp-content/themes/world-news/style.css?ver=1.1.1 HTTP/1.1" 200 19294 "https://garantishell.com/luxe-living-at-newport-residences-a-haven-of-modern-comfort/" "Mozilla/5.0 (Windows NT 10.0; Win64; x64) AppleWebKit/537.36 (KHTML, like Gecko) Chrome/135.0.0.0 Safari/537.36 Edg/135.0.0.0"
62.172.235.130 - - [15/Apr/2025:05:09:59 -0400] "GET /wp-includes/js/comment-reply.min.js?ver=6.7.1 HTTP/1.1" 200 1247 "https://garantishell.com/luxe-living-at-newport-residences-a-haven-of-modern-comfort/" "Mozilla/5.0 (Windows NT 10.0; Win64; x64) AppleWebKit/537.36 (KHTML, like Gecko) Chrome/135.0.0.0 Safari/537.36 Edg/135.0.0.0"
62.172.235.130 - - [15/Apr/2025:05:09:59 -0400] "GET /wp-content/themes/world-news/assets/webfonts/fa-regular-400.woff2 HTTP/1.1" 200 24488 "https://garantishell.com/wp-content/themes/world-news/assets/css/fontawesome.min.css?ver=6.4.2" "Mozilla/5.0 (Windows NT 10.0; Win64; x64) AppleWebKit/537.36 (KHTML, like Gecko) Chrome/135.0.0.0 Safari/537.36 Edg/135.0.0.0"
62.172.235.130 - - [15/Apr/2025:05:09:59 -0400] "GET /wp-content/fonts/titillium-web/NaPDcZTIAOhVxoMyOr9n_E7ffBzCGItzYw.woff2 HTTP/1.1" 200 12136 "https://garantishell.com/wp-content/fonts/72ad791040fad86bee822d72b5a5a7bb.css" "Mozilla/5.0 (Windows NT 10.0; Win64; x64) AppleWebKit/537.36 (KHTML, like Gecko) Chrome/135.0.0.0 Safari/537.36 Edg/135.0.0.0"
62.172.235.130 - - [15/Apr/2025:05:09:59 -0400] "GET /wp-content/themes/world-news/assets/webfonts/fa-solid-900.woff2 HTTP/1.1" 200 150020 "https://garantishell.com/wp-content/themes/world-news/assets/css/fontawesome.min.css?ver=6.4.2" "Mozilla/5.0 (Windows NT 10.0; Win64; x64) AppleWebKit/537.36 (KHTML, like Gecko) Chrome/135.0.0.0 Safari/537.36 Edg/135.0.0.0"
62.172.235.130 - - [15/Apr/2025:05:09:59 -0400] "GET /wp-content/fonts/titillium-web/NaPDcZTIAOhVxoMyOr9n_E7ffHjDGItzYw.woff2 HTTP/1.1" 200 11796 "https://garantishell.com/wp-content/fonts/72ad791040fad86bee822d72b5a5a7bb.css" "Mozilla/5.0 (Windows NT 10.0; Win64; x64) AppleWebKit/537.36 (KHTML, like Gecko) Chrome/135.0.0.0 Safari/537.36 Edg/135.0.0.0"
62.172.235.130 - - [15/Apr/2025:05:09:59 -0400] "GET /wp-includes/js/wp-emoji-release.min.js?ver=6.7.1 HTTP/1.1" 200 4676 "https://garantishell.com/luxe-living-at-newport-residences-a-haven-of-modern-comfort/" "Mozilla/5.0 (Windows NT 10.0; Win64; x64) AppleWebKit/537.36 (KHTML, like Gecko) Chrome/135.0.0.0 Safari/537.36 Edg/135.0.0.0"
62.172.235.130 - - [15/Apr/2025:05:09:59 -0400] "GET /wp-content/fonts/titillium-web/NaPecZTIAOhVxoMyOr9n_E7fdMPmDQ.woff2 HTTP/1.1" 200 12372 "https://garantishell.com/wp-content/fonts/72ad791040fad86bee822d72b5a5a7bb.css" "Mozilla/5.0 (Windows NT 10.0; Win64; x64) AppleWebKit/537.36 (KHTML, like Gecko) Chrome/135.0.0.0 Safari/537.36 Edg/135.0.0.0"
62.172.235.130 - - [15/Apr/2025:05:10:38 -0400] "GET /favicon.ico HTTP/1.1" 404 1251 "https://garantishell.com/luxe-living-at-newport-residences-a-haven-of-modern-comfort/" "Mozilla/5.0 (Windows NT 10.0; Win64; x64) AppleWebKit/537.36 (KHTML, like Gecko) Chrome/135.0.0.0 Safari/537.36 Edg/135.0.0.0"
198.54.114.83 - - [15/Apr/2025:05:12:09 -0400] "POST /wp-cron.php?doing_wp_cron=1744708328.6889600753784179687500 HTTP/1.1" 200 0 "-" "WordPress/6.7.1; https://garantishell.com"
198.54.114.83 - - [15/Apr/2025:05:12:11 -0400] "POST /wp-admin/admin-ajax.php?action=async_litespeed&nonce=STrg6bI6EiDmdHVAzvz51LHMxZNppHRf&litespeed_type=imgoptm HTTP/1.1" 200 0 "-" "WordPress/6.7.1; https://garantishell.com"
51.222.253.19 - - [15/Apr/2025:05:12:03 -0400] "GET /innovative-solutions-by-teragon-labs/ HTTP/1.1" 200 10894 "-" "Mozilla/5.0 (compatible; AhrefsBot/7.0; +http://ahrefs.com/robot/)"
198.54.114.83 - - [15/Apr/2025:05:13:34 -0400] "POST /wp-cron.php?doing_wp_cron=1744708412.9604110717773437500000 HTTP/1.1" 200 0 "-" "WordPress/6.7.1; https://garantishell.com"
124.243.148.48 - - [15/Apr/2025:05:13:31 -0400] "GET /guia-completa-sobre-convertidores-de-unidades-de-torque/ HTTP/1.1" 200 10240 "https://garantishell.com/guia-completa-sobre-convertidores-de-unidades-de-torque/" "Mozilla/5.0 (Macintosh; Intel Mac OS X 10_15_7) AppleWebKit/537.36 (KHTML, like Gecko) Chrome/119.0.0.0 Safari/537.36"
2a06:6440:0:2c3d::1 - - [15/Apr/2025:05:16:17 -0400] "POST /xmlrpc.php HTTP/1.1" 200 186 "https://garantishell.com" "Mozilla/5.0 (Macintosh; Intel Mac OS X 10_15_7) AppleWebKit/537.36 (KHTML, like Gecko) Chrome/114.0.5735.134 Safari/537.36"
198.54.114.83 - - [15/Apr/2025:05:16:23 -0400] "POST /wp-cron.php?doing_wp_cron=1744708581.3850650787353515625000 HTTP/1.1" 200 0 "-" "WordPress/6.7.1; https://garantishell.com"
198.54.114.83 - - [15/Apr/2025:05:22:53 -0400] "POST /wp-cron.php?doing_wp_cron=1744708972.4403018951416015625000 HTTP/1.1" 200 0 "-" "WordPress/6.7.1; https://garantishell.com"
51.222.253.16 - - [15/Apr/2025:05:22:48 -0400] "GET /relaxing-and-rejuvenating-business-trip-massage-experience/ HTTP/1.1" 200 10606 "-" "Mozilla/5.0 (compatible; AhrefsBot/7.0; +http://ahrefs.com/robot/)"
2001:df4:40c0:68d8::1 - - [15/Apr/2025:05:23:23 -0400] "GET /wp-login.php HTTP/1.1" 200 1735 "-" "GRequests/0.10"
2001:df4:40c0:68d8::1 - - [15/Apr/2025:05:23:25 -0400] "POST /wp-login.php HTTP/1.1" 200 1877 "-" "GRequests/0.10"
198.54.114.83 - - [15/Apr/2025:05:24:45 -0400] "POST /wp-cron.php?doing_wp_cron=1744709084.5688560009002685546875 HTTP/1.1" 200 0 "-" "WordPress/6.7.1; https://garantishell.com"
45.229.107.90 - - [15/Apr/2025:05:24:44 -0400] "POST /xmlrpc.php HTTP/1.1" 200 186 "https://garantishell.com" "Mozilla/5.0 (Windows NT 10.0; Win64; x64; rv:128.0) Gecko/20100101 Firefox/128.0"
198.54.114.83 - - [15/Apr/2025:05:24:48 -0400] "POST /wp-admin/admin-ajax.php?action=async_litespeed&nonce=wcZGJsGNtlPTYBOtGWpzM35z1zSzqz2p&litespeed_type=imgoptm HTTP/1.1" 200 0 "-" "WordPress/6.7.1; https://garantishell.com"
62.172.235.130 - - [15/Apr/2025:05:24:53 -0400] "GET /luxe-living-at-newport-residences-a-haven-of-modern-comfort/ HTTP/1.1" 200 10701 "https://www.bing.com/" "Mozilla/5.0 (Windows NT 10.0; Win64; x64) AppleWebKit/537.36 (KHTML, like Gecko) Chrome/135.0.0.0 Safari/537.36 Edg/135.0.0.0"
198.54.114.83 - - [15/Apr/2025:05:27:32 -0400] "POST /wp-cron.php?doing_wp_cron=1744709252.5076520442962646484375 HTTP/1.1" 200 0 "-" "WordPress/6.7.1; https://garantishell.com"
119.13.91.83 - - [15/Apr/2025:05:27:29 -0400] "GET /exploring-lucrative-cryptocurrency-job-opportunities HTTP/1.1" 301 0 "https://garantishell.com/exploring-lucrative-cryptocurrency-job-opportunities" "Mozilla/5.0 (Windows NT 10.0; Win64; x64) AppleWebKit/537.36 (KHTML, like Gecko) Chrome/101.0.4951.64 Safari/537.36 Edg/101.0.1210.47"
198.54.114.83 - - [15/Apr/2025:05:27:33 -0400] "POST /wp-admin/admin-ajax.php?action=async_litespeed&nonce=b3sAfZtbOAXu3zYKHodhZuBlzMKehaQl&litespeed_type=imgoptm HTTP/1.1" 200 5 "-" "WordPress/6.7.1; https://garantishell.com"
119.13.91.83 - - [15/Apr/2025:05:27:34 -0400] "GET /exploring-lucrative-cryptocurrency-job-opportunities/ HTTP/1.1" 200 10694 "https://garantishell.com/exploring-lucrative-cryptocurrency-job-opportunities/" "Mozilla/5.0 (Windows NT 10.0; Win64; x64) AppleWebKit/537.36 (KHTML, like Gecko) Chrome/101.0.4951.64 Safari/537.36 Edg/101.0.1210.47"
162.243.72.223 - - [15/Apr/2025:05:29:03 -0400] "GET /wp-login.php HTTP/1.1" 200 1735 "-" "GRequests/0.10"
198.54.114.83 - - [15/Apr/2025:05:29:07 -0400] "POST /wp-cron.php?doing_wp_cron=1744709346.7023999691009521484375 HTTP/1.1" 200 0 "-" "WordPress/6.7.1; https://garantishell.com"
162.243.72.223 - - [15/Apr/2025:05:29:04 -0400] "POST /wp-login.php HTTP/1.1" 200 1869 "-" "GRequests/0.10"
51.222.253.8 - - [15/Apr/2025:05:30:24 -0400] "GET /the-rising-popularity-of-hypnotherapy-in-singapore/ HTTP/1.1" 200 11085 "-" "Mozilla/5.0 (compatible; AhrefsBot/7.0; +http://ahrefs.com/robot/)"
198.54.114.83 - - [15/Apr/2025:05:30:27 -0400] "POST /wp-cron.php?doing_wp_cron=1744709425.1401920318603515625000 HTTP/1.1" 200 0 "-" "WordPress/6.7.1; https://garantishell.com"
103.176.179.125 - - [15/Apr/2025:05:31:59 -0400] "GET /wp-login.php HTTP/1.1" 200 1735 "-" "GRequests/0.10"
103.176.179.125 - - [15/Apr/2025:05:32:01 -0400] "POST /wp-login.php HTTP/1.1" 200 1867 "-" "GRequests/0.10"
198.54.114.83 - - [15/Apr/2025:05:32:07 -0400] "POST /wp-cron.php?doing_wp_cron=1744709524.8351159095764160156250 HTTP/1.1" 200 0 "-" "WordPress/6.7.1; https://garantishell.com"
198.54.114.83 - - [15/Apr/2025:05:33:12 -0400] "POST /wp-cron.php?doing_wp_cron=1744709591.4152979850769042968750 HTTP/1.1" 200 0 "-" "WordPress/6.7.1; https://garantishell.com"
2001:41d0:2:3ea5:: - - [15/Apr/2025:05:33:10 -0400] "POST /xmlrpc.php HTTP/1.1" 200 186 "https://garantishell.com" "Mozilla/5.0 (Macintosh; Intel Mac OS X 10.15; rv:126.0) Gecko/20100101 Firefox/126.0"
198.54.114.83 - - [15/Apr/2025:05:33:13 -0400] "POST /wp-admin/admin-ajax.php?action=async_litespeed&nonce=X2mxGOZuMdrkVxAtUGQcnMktfZIzzOc8&litespeed_type=imgoptm HTTP/1.1" 200 0 "-" "WordPress/6.7.1; https://garantishell.com"
198.54.114.83 - - [15/Apr/2025:05:38:22 -0400] "POST /wp-cron.php?doing_wp_cron=1744709901.3320789337158203125000 HTTP/1.1" 200 0 "-" "WordPress/6.7.1; https://garantishell.com"
51.222.253.2 - - [15/Apr/2025:05:38:16 -0400] "GET /author/admin/page/38/ HTTP/1.1" 200 9561 "-" "Mozilla/5.0 (compatible; AhrefsBot/7.0; +http://ahrefs.com/robot/)"
198.54.114.83 - - [15/Apr/2025:05:38:26 -0400] "POST /wp-admin/admin-ajax.php?action=async_litespeed&nonce=6dshVPxL1G29jOTraxEwdmBUKhG1ArnT&litespeed_type=imgoptm HTTP/1.1" 200 0 "-" "WordPress/6.7.1; https://garantishell.com"
198.54.114.83 - - [15/Apr/2025:05:41:33 -0400] "POST /wp-cron.php?doing_wp_cron=1744710093.1509439945220947265625 HTTP/1.1" 200 0 "-" "WordPress/6.7.1; https://garantishell.com"
189.1.241.231 - - [15/Apr/2025:05:41:28 -0400] "GET /the-secrets-of-tretinoin-cream-a-guide-to-purchase-and-use HTTP/1.1" 301 0 "https://garantishell.com/the-secrets-of-tretinoin-cream-a-guide-to-purchase-and-use" "Mozilla/5.0 (Windows NT 10.0; Win64; x64) AppleWebKit/537.36 (KHTML, like Gecko) Chrome/110.0.0.0 Safari/537.36"
198.54.114.83 - - [15/Apr/2025:05:41:35 -0400] "POST /wp-admin/admin-ajax.php?action=async_litespeed&nonce=CjkvvPnBB8PZ7dCLNHCZdezEGTjTdn2w&litespeed_type=imgoptm HTTP/1.1" 200 0 "-" "WordPress/6.7.1; https://garantishell.com"
189.1.241.231 - - [15/Apr/2025:05:41:38 -0400] "GET /the-secrets-of-tretinoin-cream-a-guide-to-purchase-and-use/ HTTP/1.1" 200 10634 "https://garantishell.com/the-secrets-of-tretinoin-cream-a-guide-to-purchase-and-use/" "Mozilla/5.0 (Windows NT 10.0; Win64; x64) AppleWebKit/537.36 (KHTML, like Gecko) Chrome/110.0.0.0 Safari/537.36"
185.103.39.36 - - [15/Apr/2025:05:41:39 -0400] "POST /xmlrpc.php HTTP/1.1" 200 186 "https://garantishell.com" "Mozilla/5.0 (Windows NT 10.0; Win64; x64) AppleWebKit/537.36 (KHTML, like Gecko) Chrome/116.0.5845.96 Safari/537.36 Edg/116.0.1938.62"
198.54.114.83 - - [15/Apr/2025:05:45:51 -0400] "POST /wp-cron.php?doing_wp_cron=1744710351.3810379505157470703125 HTTP/1.1" 200 0 "-" "WordPress/6.7.1; https://garantishell.com"
51.222.253.14 - - [15/Apr/2025:05:45:46 -0400] "GET /discover-the-healing-power-of-reiki-in-singapore/ HTTP/1.1" 200 10400 "-" "Mozilla/5.0 (compatible; AhrefsBot/7.0; +http://ahrefs.com/robot/)"
198.54.114.83 - - [15/Apr/2025:05:45:52 -0400] "POST /wp-admin/admin-ajax.php?action=async_litespeed&nonce=u0E4jCX4J91H3cqzGfdFKs62KYRmSQ4Q&litespeed_type=imgoptm HTTP/1.1" 200 0 "-" "WordPress/6.7.1; https://garantishell.com"
165.227.84.75 - - [15/Apr/2025:05:49:36 -0400] "GET /wp-login.php HTTP/1.1" 200 1735 "-" "GRequests/0.10"
198.54.114.83 - - [15/Apr/2025:05:49:42 -0400] "POST /wp-cron.php?doing_wp_cron=1744710582.4366319179534912109375 HTTP/1.1" 200 0 "-" "WordPress/6.7.1; https://garantishell.com"
165.227.84.75 - - [15/Apr/2025:05:49:37 -0400] "POST /wp-login.php HTTP/1.1" 200 1867 "-" "GRequests/0.10"
198.54.114.83 - - [15/Apr/2025:05:49:43 -0400] "POST /wp-admin/admin-ajax.php?action=async_litespeed&nonce=QdBybQqrD9pHVgWhFFGOJ2dM1vWF8U1Z&litespeed_type=imgoptm HTTP/1.1" 200 0 "-" "WordPress/6.7.1; https://garantishell.com"
198.54.114.83 - - [15/Apr/2025:05:50:18 -0400] "POST /wp-cron.php?doing_wp_cron=1744710617.7415449619293212890625 HTTP/1.1" 200 0 "-" "WordPress/6.7.1; https://garantishell.com"
209.17.114.78 - - [15/Apr/2025:05:50:17 -0400] "POST /xmlrpc.php HTTP/1.1" 200 186 "https://garantishell.com" "Mozilla/5.0 (Windows NT 10.0; Win64; x64; rv:125.0.1) Gecko/20100101 Firefox/125.0.1"
198.54.114.83 - - [15/Apr/2025:05:50:19 -0400] "POST /wp-admin/admin-ajax.php?action=async_litespeed&nonce=R60XW8mPAEWsrGjTI5khDngJZXuLJtMj&litespeed_type=imgoptm HTTP/1.1" 200 5 "-" "WordPress/6.7.1; https://garantishell.com"
198.54.114.83 - - [15/Apr/2025:05:54:00 -0400] "POST /wp-cron.php?doing_wp_cron=1744710840.0052380561828613281250 HTTP/1.1" 200 0 "-" "WordPress/6.7.1; https://garantishell.com"
51.222.253.13 - - [15/Apr/2025:05:53:55 -0400] "GET /excellence-in-private-security-services-in-miami/ HTTP/1.1" 200 10807 "-" "Mozilla/5.0 (compatible; AhrefsBot/7.0; +http://ahrefs.com/robot/)"
198.54.114.83 - - [15/Apr/2025:05:54:02 -0400] "POST /wp-admin/admin-ajax.php?action=async_litespeed&nonce=NMUmk6mpaKaFlmLelCVQPPlNAkfFZdjI&litespeed_type=imgoptm HTTP/1.1" 200 0 "-" "WordPress/6.7.1; https://garantishell.com"
198.54.114.83 - - [15/Apr/2025:05:55:32 -0400] "POST /wp-cron.php?doing_wp_cron=1744710931.1388149261474609375000 HTTP/1.1" 200 0 "-" "WordPress/6.7.1; https://garantishell.com"
124.243.150.206 - - [15/Apr/2025:05:55:28 -0400] "GET /ihr-umzug-leicht-gemacht/ HTTP/1.1" 200 10569 "https://garantishell.com/ihr-umzug-leicht-gemacht/#primary" "Mozilla/5.0 (Macintosh; Intel Mac OS X 10_15_7) AppleWebKit/537.36 (KHTML, like Gecko) Chrome/120.0.0.0 Safari/537.36"
198.54.114.83 - - [15/Apr/2025:05:59:06 -0400] "POST /wp-cron.php?doing_wp_cron=1744711144.8758029937744140625000 HTTP/1.1" 200 0 "-" "WordPress/6.7.1; https://garantishell.com"
31.7.70.254 - - [15/Apr/2025:05:58:58 -0400] "POST /xmlrpc.php HTTP/1.1" 200 186 "https://garantishell.com" "Mozilla/5.0 (Macintosh; Intel Mac OS X 10_15_7) AppleWebKit/537.36 (KHTML, like Gecko) Chrome/113.0.5672.93 Safari/537.36"
74.208.251.141 - - [15/Apr/2025:05:59:36 -0400] "GET /wp-login.php HTTP/1.1" 200 1735 "-" "GRequests/0.10"
74.208.251.141 - - [15/Apr/2025:05:59:37 -0400] "POST /wp-login.php HTTP/1.1" 200 1870 "-" "GRequests/0.10"
198.54.114.83 - - [15/Apr/2025:06:02:03 -0400] "POST /wp-cron.php?doing_wp_cron=1744711322.5188059806823730468750 HTTP/1.1" 200 0 "-" "WordPress/6.7.1; https://garantishell.com"
51.222.253.14 - - [15/Apr/2025:06:01:57 -0400] "GET /page/30/ HTTP/1.1" 200 9398 "-" "Mozilla/5.0 (compatible; AhrefsBot/7.0; +http://ahrefs.com/robot/)"
109.123.236.97 - - [15/Apr/2025:06:03:30 -0400] "GET /wp-login.php HTTP/1.1" 200 1735 "-" "GRequests/0.10"
198.54.114.83 - - [15/Apr/2025:06:03:34 -0400] "POST /wp-cron.php?doing_wp_cron=1744711413.9685549736022949218750 HTTP/1.1" 200 0 "-" "WordPress/6.7.1; https://garantishell.com"
109.123.236.97 - - [15/Apr/2025:06:03:31 -0400] "POST /wp-login.php HTTP/1.1" 200 1877 "-" "GRequests/0.10"
198.54.114.83 - - [15/Apr/2025:06:03:35 -0400] "POST /wp-admin/admin-ajax.php?action=async_litespeed&nonce=JTK5S3x13sLrLwH5R2XowEqOB8waU3ym&litespeed_type=imgoptm HTTP/1.1" 200 0 "-" "WordPress/6.7.1; https://garantishell.com"
198.54.114.83 - - [15/Apr/2025:06:03:54 -0400] "POST /wp-cron.php?doing_wp_cron=1744711433.7726519107818603515625 HTTP/1.1" 200 0 "-" "WordPress/6.7.1; https://garantishell.com"
66.249.79.129 - - [15/Apr/2025:06:03:53 -0400] "GET /category/arts-entertainments/page/66/ HTTP/1.1" 200 9636 "-" "Mozilla/5.0 (Linux; Android 6.0.1; Nexus 5X Build/MMB29P) AppleWebKit/537.36 (KHTML, like Gecko) Chrome/135.0.7049.84 Mobile Safari/537.36 (compatible; GoogleOther)"
198.54.114.83 - - [15/Apr/2025:06:09:29 -0400] "POST /wp-cron.php?doing_wp_cron=1744711769.0579380989074707031250 HTTP/1.1" 200 0 "-" "WordPress/6.7.1; https://garantishell.com"
188.239.11.235 - - [15/Apr/2025:06:09:26 -0400] "GET /harmony-woven-the-tranquility-bracelet-unveiled/ HTTP/1.1" 200 10723 "https://garantishell.com/harmony-woven-the-tranquility-bracelet-unveiled/" "Mozilla/5.0 (Macintosh; Intel Mac OS X 10_15_7) AppleWebKit/537.36 (KHTML, like Gecko) Chrome/123.0.0.0 Safari/537.36"
198.54.114.83 - - [15/Apr/2025:06:09:30 -0400] "POST /wp-admin/admin-ajax.php?action=async_litespeed&nonce=OaN19uQlk5B9wSkzmznOzrIVQOtR0cJW&litespeed_type=imgoptm HTTP/1.1" 200 0 "-" "WordPress/6.7.1; https://garantishell.com"
51.222.253.17 - - [15/Apr/2025:06:09:24 -0400] "GET /the-benefits-of-aba-therapy-for-kids-in-dubai/ HTTP/1.1" 200 11118 "-" "Mozilla/5.0 (compatible; AhrefsBot/7.0; +http://ahrefs.com/robot/)"
50.57.19.18 - - [15/Apr/2025:06:09:55 -0400] "GET /wp-login.php HTTP/1.1" 200 1735 "-" "GRequests/0.10"
50.57.19.18 - - [15/Apr/2025:06:09:56 -0400] "POST /wp-login.php HTTP/1.1" 200 1869 "-" "GRequests/0.10"
65.21.99.152 - - [15/Apr/2025:06:13:31 -0400] "GET /why-professional-home-inspection-services-are-essential/ HTTP/1.1" 200 10425 "-" "Mozilla/5.0 (Macintosh; Intel Mac OS X 12_5) AppleWebKit/537.36 (KHTML, like Gecko) Chrome/114.0.0.0 YaBrowser/22.7.0 Yowser/2.5 Safari/537.36"
198.54.114.83 - - [15/Apr/2025:06:16:25 -0400] "POST /wp-cron.php?doing_wp_cron=1744712185.0994300842285156250000 HTTP/1.1" 200 0 "-" "WordPress/6.7.1; https://garantishell.com"
134.122.118.246 - - [15/Apr/2025:06:16:20 -0400] "POST /xmlrpc.php HTTP/1.1" 200 186 "https://garantishell.com" "Mozilla/5.0 (Windows NT 11.0; Win64; x64) AppleWebKit/537.36 (KHTML, like Gecko) Chrome/126.0.0.0 Safari/537.36 Edg/126.0.0.0"
198.54.114.83 - - [15/Apr/2025:06:16:26 -0400] "POST /wp-admin/admin-ajax.php?action=async_litespeed&nonce=5Ds5cs14Xwz1HwErnpb7NbKjpoM6HkC6&litespeed_type=imgoptm HTTP/1.1" 200 5 "-" "WordPress/6.7.1; https://garantishell.com"
198.54.114.83 - - [15/Apr/2025:06:17:18 -0400] "POST /wp-cron.php?doing_wp_cron=1744712237.5151140689849853515625 HTTP/1.1" 200 0 "-" "WordPress/6.7.1; https://garantishell.com"
198.54.114.83 - - [15/Apr/2025:06:17:18 -0400] "POST /wp-admin/admin-ajax.php?action=async_litespeed&nonce=3EQq0Bi3ZWK1PLackiiB4Uvh77PDdT0q&litespeed_type=imgoptm HTTP/1.1" 200 0 "-" "WordPress/6.7.1; https://garantishell.com"
51.222.253.12 - - [15/Apr/2025:06:17:17 -0400] "GET /virtual-receptionist/ HTTP/1.1" 200 9762 "-" "Mozilla/5.0 (compatible; AhrefsBot/7.0; +http://ahrefs.com/robot/)"
159.138.106.98 - - [15/Apr/2025:06:23:26 -0400] "GET /a-comprehensive-guide-to-retaining-walls/ HTTP/1.1" 200 10965 "https://garantishell.com/a-comprehensive-guide-to-retaining-walls/" "Mozilla/5.0 (Windows NT 10.0; Win64; x64) AppleWebKit/537.36 (KHTML, like Gecko) Chrome/104.0.0.0 Safari/537.36"
198.54.114.83 - - [15/Apr/2025:06:23:34 -0400] "POST /wp-cron.php?doing_wp_cron=1744712611.6682519912719726562500 HTTP/1.1" 200 0 "-" "WordPress/6.7.1; https://garantishell.com"
198.54.114.83 - - [15/Apr/2025:06:24:54 -0400] "POST /wp-cron.php?doing_wp_cron=1744712693.4869530200958251953125 HTTP/1.1" 200 0 "-" "WordPress/6.7.1; https://garantishell.com"
205.178.146.43 - - [15/Apr/2025:06:24:53 -0400] "POST /xmlrpc.php HTTP/1.1" 200 186 "https://garantishell.com" "Mozilla/5.0 (Windows NT 10.0; Win64; x64) AppleWebKit/537.36 (KHTML, like Gecko) Chrome/112.0.5615.138 Safari/537.36"
198.54.114.83 - - [15/Apr/2025:06:24:55 -0400] "POST /wp-admin/admin-ajax.php?action=async_litespeed&nonce=GYEQDL2lc3sNOKS10fP5zQk3qJuF1Qjz&litespeed_type=imgoptm HTTP/1.1" 200 0 "-" "WordPress/6.7.1; https://garantishell.com"
51.222.253.13 - - [15/Apr/2025:06:25:12 -0400] "GET /mastering-cluster-and-financing-management-for-optimal-growth/ HTTP/1.1" 200 10423 "-" "Mozilla/5.0 (compatible; AhrefsBot/7.0; +http://ahrefs.com/robot/)"
212.8.248.108 - - [15/Apr/2025:06:25:29 -0400] "GET /why-professional-home-inspection-services-are-essential HTTP/1.1" 301 0 "-" "Mozilla/5.0 (Windows NT 10.0; Win64; x64) AppleWebKit/537.36 (KHTML, like Gecko) Chrome/118.0.0.0 Safari/537.36"
212.8.248.108 - - [15/Apr/2025:06:25:31 -0400] "GET /why-professional-home-inspection-services-are-essential/ HTTP/1.1" 200 10425 "-" "Mozilla/5.0 (Windows NT 10.0; Win64; x64) AppleWebKit/537.36 (KHTML, like Gecko) Chrome/118.0.0.0 Safari/537.36"
168.90.197.139 - - [15/Apr/2025:06:26:23 -0400] "GET /why-professional-home-inspection-services-are-essential/ HTTP/1.1" 200 10425 "-" "Mozilla/5.0 (Windows NT 10.0; Win64; x64) AppleWebKit/537.36 (KHTML, like Gecko) Chrome/114.0.0.0 YaBrowser/22.7.0 Yowser/2.5 Safari/537.36"
168.90.197.139 - - [15/Apr/2025:06:26:30 -0400] "GET /why-professional-home-inspection-services-are-essential/ HTTP/1.1" 200 10425 "https://garantishell.com/why-professional-home-inspection-services-are-essential/" "Mozilla/5.0 (Windows NT 6.3; Win64; x64) AppleWebKit/537.36 (KHTML, like Gecko) Chrome/103.0.0.0 Safari/537.36"
198.54.114.83 - - [15/Apr/2025:06:26:32 -0400] "POST /wp-cron.php?doing_wp_cron=1744712791.4999020099639892578125 HTTP/1.1" 200 0 "-" "WordPress/6.7.1; https://garantishell.com"
168.90.197.139 - - [15/Apr/2025:06:26:31 -0400] "POST /wp-comments-post.php HTTP/1.1" 302 0 "https://garantishell.com/why-professional-home-inspection-services-are-essential/" "Mozilla/5.0 (Windows NT 6.3; Win64; x64) AppleWebKit/537.36 (KHTML, like Gecko) Chrome/103.0.0.0 Safari/537.36"
168.90.197.139 - - [15/Apr/2025:06:26:34 -0400] "GET /why-professional-home-inspection-services-are-essential/?unapproved=4272&moderation-hash=fd95e0d68ed76708d9c9c5d34d5c981b HTTP/1.1" 200 11052 "https://garantishell.com/wp-comments-post.php" "Mozilla/5.0 (Windows NT 6.3; Win64; x64) AppleWebKit/537.36 (KHTML, like Gecko) Chrome/103.0.0.0 Safari/537.36"
168.90.197.139 - - [15/Apr/2025:06:26:37 -0400] "GET /why-professional-home-inspection-services-are-essential/ HTTP/1.1" 200 10425 "-" "Mozilla/5.0 (Windows NT 6.3; Win64; x64) AppleWebKit/537.36 (KHTML, like Gecko) Chrome/103.0.0.0 Safari/537.36"
216.244.66.241 - - [15/Apr/2025:06:26:43 -0400] "GET /robots.txt HTTP/1.1" 200 97 "-" "Mozilla/5.0 (compatible; DotBot/1.2; +https://opensiteexplorer.org/dotbot; help@moz.com)"
168.90.197.139 - - [15/Apr/2025:06:31:07 -0400] "GET /why-professional-home-inspection-services-are-essential/ HTTP/1.1" 200 10425 "-" "Mozilla/5.0 (Macintosh; Intel Mac OS X 12_5) AppleWebKit/537.36 (KHTML, like Gecko) Chrome/114.0.0.0 YaBrowser/22.7.0 Yowser/2.5 Safari/537.36"
198.54.114.83 - - [15/Apr/2025:06:32:18 -0400] "POST /wp-cron.php?doing_wp_cron=1744713137.5945599079132080078125 HTTP/1.1" 200 0 "-" "WordPress/6.7.1; https://garantishell.com"
216.244.66.241 - - [15/Apr/2025:06:32:12 -0400] "GET /gitarrenunterricht-dusseldorf/ HTTP/1.1" 200 9883 "-" "Mozilla/5.0 (compatible; DotBot/1.2; +https://opensiteexplorer.org/dotbot; help@moz.com)"
198.54.114.83 - - [15/Apr/2025:06:32:20 -0400] "POST /wp-admin/admin-ajax.php?action=async_litespeed&nonce=0NhRBRGrJFbBZJaHR8Uflxy6XMrWeteB&litespeed_type=imgoptm HTTP/1.1" 200 0 "-" "WordPress/6.7.1; https://garantishell.com"
198.54.114.83 - - [15/Apr/2025:06:33:23 -0400] "POST /wp-cron.php?doing_wp_cron=1744713202.0400099754333496093750 HTTP/1.1" 200 0 "-" "WordPress/6.7.1; https://garantishell.com"
51.222.253.10 - - [15/Apr/2025:06:33:21 -0400] "GET /the-role-of-ict-in-modern-business-growth/ HTTP/1.1" 200 10721 "-" "Mozilla/5.0 (compatible; AhrefsBot/7.0; +http://ahrefs.com/robot/)"
103.72.97.210 - - [15/Apr/2025:06:33:34 -0400] "POST /xmlrpc.php HTTP/1.1" 200 186 "https://garantishell.com" "Mozilla/5.0 (Macintosh; Intel Mac OS X 13_3) AppleWebKit/537.36 (KHTML, like Gecko) Chrome/126.0.0.0 Safari/537.36 Edg/126.0.0.0"
66.249.79.129 - - [15/Apr/2025:06:33:54 -0400] "GET /the-crucial-role-of-fire-water-tanks-in-ensuring-safety/ HTTP/1.1" 200 10479 "-" "Mozilla/5.0 (Linux; Android 6.0.1; Nexus 5X Build/MMB29P) AppleWebKit/537.36 (KHTML, like Gecko) Chrome/135.0.7049.84 Mobile Safari/537.36 (compatible; Googlebot/2.1; +http://www.google.com/bot.html)"
66.249.79.130 - - [15/Apr/2025:06:35:54 -0400] "GET /wp-includes/js/jquery/jquery-migrate.min.js?ver=3.4.1 HTTP/1.1" 304 0 "https://garantishell.com/the-crucial-role-of-fire-water-tanks-in-ensuring-safety/" "Mozilla/5.0 (Linux; Android 6.0.1; Nexus 5X Build/MMB29P) AppleWebKit/537.36 (KHTML, like Gecko) Chrome/134.0.6998.165 Mobile Safari/537.36 (compatible; Googlebot/2.1; +http://www.google.com/bot.html)"
66.249.79.128 - - [15/Apr/2025:06:35:56 -0400] "GET /wp-includes/js/jquery/jquery.min.js?ver=3.7.1 HTTP/1.1" 304 0 "https://garantishell.com/the-crucial-role-of-fire-water-tanks-in-ensuring-safety/" "Mozilla/5.0 (Linux; Android 6.0.1; Nexus 5X Build/MMB29P) AppleWebKit/537.36 (KHTML, like Gecko) Chrome/134.0.6998.165 Mobile Safari/537.36 (compatible; Googlebot/2.1; +http://www.google.com/bot.html)"
66.249.79.130 - - [15/Apr/2025:06:35:56 -0400] "GET /wp-includes/js/comment-reply.min.js?ver=6.7.1 HTTP/1.1" 304 0 "https://garantishell.com/the-crucial-role-of-fire-water-tanks-in-ensuring-safety/" "Mozilla/5.0 (Linux; Android 6.0.1; Nexus 5X Build/MMB29P) AppleWebKit/537.36 (KHTML, like Gecko) Chrome/134.0.6998.165 Mobile Safari/537.36 (compatible; Googlebot/2.1; +http://www.google.com/bot.html)"
198.54.114.83 - - [15/Apr/2025:06:37:29 -0400] "POST /wp-cron.php?doing_wp_cron=1744713448.4775509834289550781250 HTTP/1.1" 200 0 "-" "WordPress/6.7.1; https://garantishell.com"
159.138.10.85 - - [15/Apr/2025:06:37:24 -0400] "GET /unblocked-games-6x-a-gateway-to-fun/ HTTP/1.1" 200 10697 "https://garantishell.com/unblocked-games-6x-a-gateway-to-fun/#primary" "Mozilla/5.0 (Windows NT 10.0; Win64; x64) AppleWebKit/537.36 (KHTML, like Gecko) Chrome/101.0.4951.67 Safari/537.36"
51.8.102.134 - - [15/Apr/2025:06:38:53 -0400] "GET /robots.txt HTTP/1.1" 200 97 "-" "Mozilla/5.0 (Macintosh; Intel Mac OS X 10_15_7) AppleWebKit/537.36 (KHTML, like Gecko) Chrome/131.0.0.0 Safari/537.36; compatible; OAI-SearchBot/1.0; +https://openai.com/searchbot"
198.54.114.83 - - [15/Apr/2025:06:41:53 -0400] "POST /wp-cron.php?doing_wp_cron=1744713712.0688490867614746093750 HTTP/1.1" 200 0 "-" "WordPress/6.7.1; https://garantishell.com"
51.222.253.11 - - [15/Apr/2025:06:41:48 -0400] "GET /zuverlassige-umzugsfirma-in-hamburg-fur-einen-stressfreien-umzug/ HTTP/1.1" 200 10769 "-" "Mozilla/5.0 (compatible; AhrefsBot/7.0; +http://ahrefs.com/robot/)"
198.54.114.83 - - [15/Apr/2025:06:41:54 -0400] "POST /wp-admin/admin-ajax.php?action=async_litespeed&nonce=YAK9fOUtStBF4WS1wGOzi1VoQ3j7QEmp&litespeed_type=imgoptm HTTP/1.1" 200 0 "-" "WordPress/6.7.1; https://garantishell.com"
2604:a880:400:d0::8f4:f001 - - [15/Apr/2025:06:42:10 -0400] "POST /xmlrpc.php HTTP/1.1" 200 186 "https://garantishell.com" "Mozilla/5.0 (Windows NT 10.0; Win64; x64) AppleWebKit/537.36 (KHTML, like Gecko) Chrome/116.0.5845.96 Safari/537.36"
198.54.114.83 - - [15/Apr/2025:06:48:53 -0400] "POST /wp-cron.php?doing_wp_cron=1744714131.2938649654388427734375 HTTP/1.1" 200 0 "-" "WordPress/6.7.1; https://garantishell.com"
51.222.253.4 - - [15/Apr/2025:06:48:46 -0400] "GET /the-rise-of-craft-cannabis-in-canada/ HTTP/1.1" 200 10632 "-" "Mozilla/5.0 (compatible; AhrefsBot/7.0; +http://ahrefs.com/robot/)"
2a00:f940:2:4:4::2ab - - [15/Apr/2025:06:48:51 -0400] "GET /zwso.php HTTP/1.1" 404 6868 "www.google.com" "Mozlila/5.0 (Linux; Android 7.0; SM-G892A Bulid/NRD90M; wv) AppleWebKit/537.36 (KHTML, like Gecko) Version/4.0 Chrome/60.0.3112.107 Moblie Safari/537.36"
2a00:f940:2:4:4::2ab - - [15/Apr/2025:06:48:55 -0400] "GET /wp-includes/style-engine/wp-conflg.php HTTP/1.1" 404 6868 "www.google.com" "Mozlila/5.0 (Linux; Android 7.0; SM-G892A Bulid/NRD90M; wv) AppleWebKit/537.36 (KHTML, like Gecko) Version/4.0 Chrome/60.0.3112.107 Moblie Safari/537.36"
185.191.171.1 - - [15/Apr/2025:06:49:46 -0400] "GET /2024/11/page/11/ HTTP/1.1" 200 9570 "-" "Mozilla/5.0 (compatible; SemrushBot/7~bl; +http://www.semrush.com/bot.html)"
208.107.66.243 - - [15/Apr/2025:06:50:51 -0400] "POST /xmlrpc.php HTTP/1.1" 200 186 "https://garantishell.com" "Mozilla/5.0 (Windows NT 10.0; Win64; x64) AppleWebKit/537.36 (KHTML, like Gecko) Chrome/115.0.5790.171 Safari/537.36 Edg/115.0.1901.203"
198.54.114.83 - - [15/Apr/2025:06:50:54 -0400] "POST /wp-cron.php?doing_wp_cron=1744714252.0202300548553466796875 HTTP/1.1" 200 0 "-" "WordPress/6.7.1; https://garantishell.com"
101.46.13.37 - - [15/Apr/2025:06:51:22 -0400] "GET /timeless-elegance-of-a-pearl-necklace/ HTTP/1.1" 200 10733 "https://garantishell.com/timeless-elegance-of-a-pearl-necklace/#primary" "Mozilla/5.0 (Windows NT 10.0; Win64; x64) AppleWebKit/537.36 (KHTML, like Gecko) Chrome/110.0.0.0 Safari/537.36"
198.54.114.83 - - [15/Apr/2025:06:52:25 -0400] "POST /wp-cron.php?doing_wp_cron=1744714345.2194440364837646484375 HTTP/1.1" 200 0 "-" "WordPress/6.7.1; https://garantishell.com"
51.222.253.13 - - [15/Apr/2025:06:52:24 -0400] "GET /2025/01/page/8/ HTTP/1.1" 200 9034 "-" "Mozilla/5.0 (compatible; AhrefsBot/7.0; +http://ahrefs.com/robot/)"
198.54.114.83 - - [15/Apr/2025:06:52:26 -0400] "POST /wp-admin/admin-ajax.php?action=async_litespeed&nonce=X9kXZ1VAdoiRP1KWx0nZ5fvHwrmSVWVg&litespeed_type=imgoptm HTTP/1.1" 200 0 "-" "WordPress/6.7.1; https://garantishell.com"
50.57.19.18 - - [15/Apr/2025:06:55:45 -0400] "GET /wp-login.php HTTP/1.1" 200 1735 "-" "GRequests/0.10"
50.57.19.18 - - [15/Apr/2025:06:55:46 -0400] "POST /wp-login.php HTTP/1.1" 200 1869 "-" "GRequests/0.10"
198.54.114.83 - - [15/Apr/2025:06:55:54 -0400] "POST /wp-cron.php?doing_wp_cron=1744714552.3788359165191650390625 HTTP/1.1" 200 0 "-" "WordPress/6.7.1; https://garantishell.com"
51.222.253.20 - - [15/Apr/2025:06:56:03 -0400] "GET /gitarre-spielen-lernen-der-weg-zum-musikalischen-erfolg/ HTTP/1.1" 200 10709 "-" "Mozilla/5.0 (compatible; AhrefsBot/7.0; +http://ahrefs.com/robot/)"
198.54.114.83 - - [15/Apr/2025:06:59:07 -0400] "POST /wp-cron.php?doing_wp_cron=1744714746.8843019008636474609375 HTTP/1.1" 200 0 "-" "WordPress/6.7.1; https://garantishell.com"
198.54.114.83 - - [15/Apr/2025:06:59:09 -0400] "POST /wp-admin/admin-ajax.php?action=async_litespeed&nonce=T0crQ5Ro8qqZJXs8qzl81vwlqLgQnlOJ&litespeed_type=imgoptm HTTP/1.1" 200 0 "-" "WordPress/6.7.1; https://garantishell.com"
51.222.253.8 - - [15/Apr/2025:06:59:02 -0400] "GET /why-elope-to-spain-for-your-dream-wedding/ HTTP/1.1" 200 11062 "-" "Mozilla/5.0 (compatible; AhrefsBot/7.0; +http://ahrefs.com/robot/)"
198.54.114.83 - - [15/Apr/2025:06:59:33 -0400] "POST /wp-cron.php?doing_wp_cron=1744714772.4806699752807617187500 HTTP/1.1" 200 0 "-" "WordPress/6.7.1; https://garantishell.com"
217.182.158.226 - - [15/Apr/2025:06:59:32 -0400] "POST /xmlrpc.php HTTP/1.1" 200 186 "https://garantishell.com" "Mozilla/5.0 (Macintosh; Intel Mac OS X 10_15_7) AppleWebKit/537.36 (KHTML, like Gecko) Chrome/113.0.5672.93 Safari/537.36"
198.54.114.83 - - [15/Apr/2025:06:59:34 -0400] "POST /wp-admin/admin-ajax.php?action=async_litespeed&nonce=95ZwitlLu2jxsCjEC0anQ781H1kNFYmS&litespeed_type=imgoptm HTTP/1.1" 200 0 "-" "WordPress/6.7.1; https://garantishell.com"
198.54.114.83 - - [15/Apr/2025:07:02:24 -0400] "POST /wp-cron.php?doing_wp_cron=1744714944.4848020076751708984375 HTTP/1.1" 200 0 "-" "WordPress/6.7.1; https://garantishell.com"
51.222.253.11 - - [15/Apr/2025:07:02:21 -0400] "GET /un-monde-de-plaques-dimmatriculation-personnalisees/ HTTP/1.1" 200 10343 "-" "Mozilla/5.0 (compatible; AhrefsBot/7.0; +http://ahrefs.com/robot/)"
198.54.114.83 - - [15/Apr/2025:07:02:25 -0400] "POST /wp-admin/admin-ajax.php?action=async_litespeed&nonce=WONCuPSNMiZu9BoXfrNjyiVbFCdumtXD&litespeed_type=imgoptm HTTP/1.1" 200 0 "-" "WordPress/6.7.1; https://garantishell.com"
198.54.114.83 - - [15/Apr/2025:07:05:06 -0400] "POST /wp-cron.php?doing_wp_cron=1744715105.8985869884490966796875 HTTP/1.1" 200 0 "-" "WordPress/6.7.1; https://garantishell.com"
198.54.114.83 - - [15/Apr/2025:07:05:08 -0400] "POST /wp-admin/admin-ajax.php?action=async_litespeed&nonce=EI9pOP6hrprIRF1OaVLKfNYbHXAOiVWb&litespeed_type=imgoptm HTTP/1.1" 200 0 "-" "WordPress/6.7.1; https://garantishell.com"
51.222.253.9 - - [15/Apr/2025:07:05:00 -0400] "GET /the-growing-popularity-of-online-casinos/ HTTP/1.1" 200 10524 "-" "Mozilla/5.0 (compatible; AhrefsBot/7.0; +http://ahrefs.com/robot/)"
198.54.114.83 - - [15/Apr/2025:07:05:21 -0400] "POST /wp-cron.php?doing_wp_cron=1744715121.2022979259490966796875 HTTP/1.1" 200 0 "-" "WordPress/6.7.1; https://garantishell.com"
124.243.184.122 - - [15/Apr/2025:07:05:20 -0400] "GET /empowering-children-with-aba-therapy-in-dubai/ HTTP/1.1" 200 10257 "https://garantishell.com/empowering-children-with-aba-therapy-in-dubai/#primary" "Mozilla/5.0 (Windows NT 10.0; Win64; x64) AppleWebKit/537.36 (KHTML, like Gecko) Chrome/116.0.0.0 Safari/537.36"
198.54.114.83 - - [15/Apr/2025:07:05:23 -0400] "POST /wp-admin/admin-ajax.php?action=async_litespeed&nonce=ljcZR00jNLcNXHW5zvVfiByvDSuwyepV&litespeed_type=imgoptm HTTP/1.1" 200 0 "-" "WordPress/6.7.1; https://garantishell.com"
17.241.219.200 - - [15/Apr/2025:07:06:57 -0400] "GET /favicon.ico HTTP/1.1" 404 1251 "-" "Mozilla/5.0 (Macintosh; Intel Mac OS X 10_15_7) AppleWebKit/605.1.15 (KHTML, like Gecko) Version/17.4 Safari/605.1.15 (Applebot/0.1; +http://www.apple.com/go/applebot)"
51.222.253.6 - - [15/Apr/2025:07:08:01 -0400] "GET / HTTP/1.1" 200 9272 "-" "Mozilla/5.0 (compatible; AhrefsBot/7.0; +http://ahrefs.com/robot/)"
198.54.114.83 - - [15/Apr/2025:07:08:18 -0400] "POST /wp-cron.php?doing_wp_cron=1744715297.5966279506683349609375 HTTP/1.1" 200 0 "-" "WordPress/6.7.1; https://garantishell.com"
195.26.245.159 - - [15/Apr/2025:07:08:12 -0400] "POST /xmlrpc.php HTTP/1.1" 200 186 "https://garantishell.com" "Mozilla/5.0 (Windows NT 10.0; Win64; x64) AppleWebKit/537.36 (KHTML, like Gecko) Chrome/126.0.0.0 Safari/537.36"
198.54.114.83 - - [15/Apr/2025:07:08:19 -0400] "POST /wp-admin/admin-ajax.php?action=async_litespeed&nonce=GCmoosYjXiRHHWaKWDgQEQ67jU54bThy&litespeed_type=imgoptm HTTP/1.1" 200 0 "-" "WordPress/6.7.1; https://garantishell.com"
198.54.114.83 - - [15/Apr/2025:07:11:15 -0400] "POST /wp-cron.php?doing_wp_cron=1744715474.5044600963592529296875 HTTP/1.1" 200 0 "-" "WordPress/6.7.1; https://garantishell.com"
198.54.114.83 - - [15/Apr/2025:07:11:16 -0400] "POST /wp-admin/admin-ajax.php?action=async_litespeed&nonce=gOLConpHEmJ0kpcg6MLqrVvzr5LUemNv&litespeed_type=imgoptm HTTP/1.1" 200 0 "-" "WordPress/6.7.1; https://garantishell.com"
51.222.253.1 - - [15/Apr/2025:07:11:11 -0400] "GET /le-carte-di-magic-the-gathering-un-mondo-di-strategie-e-collezionismo/ HTTP/1.1" 200 10538 "-" "Mozilla/5.0 (compatible; AhrefsBot/7.0; +http://ahrefs.com/robot/)"
135.119.137.158 - - [15/Apr/2025:07:13:22 -0400] "HEAD /wordpress HTTP/1.1" 404 0 "http://garantishell.com/wordpress" "Mozilla/5.0 (Windows NT 10.0; Win64; x64) AppleWebKit/537.36 (KHTML, like Gecko) Chrome/74.0.3729.169 Safari/537.36"
198.54.114.83 - - [15/Apr/2025:07:13:26 -0400] "POST /wp-cron.php?doing_wp_cron=1744715606.1587998867034912109375 HTTP/1.1" 200 0 "-" "WordPress/6.7.1; https://garantishell.com"
135.119.137.158 - - [15/Apr/2025:07:13:27 -0400] "HEAD / HTTP/1.1" 200 0 "http://garantishell.com/" "Mozilla/5.0 (Windows NT 10.0; Win64; x64) AppleWebKit/537.36 (KHTML, like Gecko) Chrome/74.0.3729.169 Safari/537.36"
114.119.140.66 - - [15/Apr/2025:07:13:24 -0400] "GET /finding-reliable-money-lenders-in-singapore/ HTTP/1.1" 200 10619 "https://garantishell.com/author/ashdev/page/2/" "Mozilla/5.0 (Linux; Android 7.0;) AppleWebKit/537.36 (KHTML, like Gecko) Mobile Safari/537.36 (compatible; PetalBot;+https://webmaster.petalsearch.com/site/petalbot)"
198.54.114.83 - - [15/Apr/2025:07:13:27 -0400] "POST /wp-admin/admin-ajax.php?action=async_litespeed&nonce=HhgjRjIPK8JZUYLkqdSQ77T9gUuhPiEO&litespeed_type=imgoptm HTTP/1.1" 200 0 "-" "WordPress/6.7.1; https://garantishell.com"
135.119.137.158 - - [15/Apr/2025:07:13:28 -0400] "HEAD /wp HTTP/1.1" 404 0 "http://garantishell.com/wp" "Mozilla/5.0 (Windows NT 10.0; Win64; x64) AppleWebKit/537.36 (KHTML, like Gecko) Chrome/74.0.3729.169 Safari/537.36"
135.119.137.158 - - [15/Apr/2025:07:13:30 -0400] "HEAD /bc HTTP/1.1" 404 0 "http://garantishell.com/bc" "Mozilla/5.0 (Windows NT 10.0; Win64; x64) AppleWebKit/537.36 (KHTML, like Gecko) Chrome/74.0.3729.169 Safari/537.36"
135.119.137.158 - - [15/Apr/2025:07:13:31 -0400] "HEAD /bk HTTP/1.1" 404 0 "http://garantishell.com/bk" "Mozilla/5.0 (Windows NT 10.0; Win64; x64) AppleWebKit/537.36 (KHTML, like Gecko) Chrome/74.0.3729.169 Safari/537.36"
135.119.137.158 - - [15/Apr/2025:07:13:31 -0400] "HEAD /backup HTTP/1.1" 404 0 "http://garantishell.com/backup" "Mozilla/5.0 (Windows NT 10.0; Win64; x64) AppleWebKit/537.36 (KHTML, like Gecko) Chrome/74.0.3729.169 Safari/537.36"
135.119.137.158 - - [15/Apr/2025:07:13:33 -0400] "HEAD /old HTTP/1.1" 404 0 "http://garantishell.com/old" "Mozilla/5.0 (Windows NT 10.0; Win64; x64) AppleWebKit/537.36 (KHTML, like Gecko) Chrome/74.0.3729.169 Safari/537.36"
135.119.137.158 - - [15/Apr/2025:07:13:34 -0400] "HEAD /new HTTP/1.1" 404 0 "http://garantishell.com/new" "Mozilla/5.0 (Windows NT 10.0; Win64; x64) AppleWebKit/537.36 (KHTML, like Gecko) Chrome/74.0.3729.169 Safari/537.36"
135.119.137.158 - - [15/Apr/2025:07:13:36 -0400] "HEAD /main HTTP/1.1" 404 0 "http://garantishell.com/main" "Mozilla/5.0 (Windows NT 10.0; Win64; x64) AppleWebKit/537.36 (KHTML, like Gecko) Chrome/74.0.3729.169 Safari/537.36"
135.119.137.158 - - [15/Apr/2025:07:13:37 -0400] "HEAD /home HTTP/1.1" 404 0 "http://garantishell.com/home" "Mozilla/5.0 (Windows NT 10.0; Win64; x64) AppleWebKit/537.36 (KHTML, like Gecko) Chrome/74.0.3729.169 Safari/537.36"
51.222.253.15 - - [15/Apr/2025:07:14:09 -0400] "GET /revolutionizing-computing-with-gpu-cloud-services/ HTTP/1.1" 200 10578 "-" "Mozilla/5.0 (compatible; AhrefsBot/7.0; +http://ahrefs.com/robot/)"
18.220.124.7 - - [15/Apr/2025:07:16:56 -0400] "GET /robots.txt HTTP/1.1" 200 97 "-" "Mozilla/5.0 AppleWebKit/537.36 (KHTML, like Gecko; compatible; ClaudeBot/1.0; +claudebot@anthropic.com)"
198.54.114.83 - - [15/Apr/2025:07:17:01 -0400] "POST /wp-cron.php?doing_wp_cron=1744715820.8201119899749755859375 HTTP/1.1" 200 0 "-" "WordPress/6.7.1; https://garantishell.com"
198.54.114.83 - - [15/Apr/2025:07:17:01 -0400] "POST /wp-cron.php?doing_wp_cron=1744715820.8200969696044921875000 HTTP/1.1" 200 0 "-" "WordPress/6.7.1; https://garantishell.com"
18.220.124.7 - - [15/Apr/2025:07:16:57 -0400] "GET /die-kunst-des-loslassens HTTP/1.1" 301 0 "-" "Mozilla/5.0 AppleWebKit/537.36 (KHTML, like Gecko; compatible; ClaudeBot/1.0; +claudebot@anthropic.com)"
103.169.35.190 - - [15/Apr/2025:07:16:57 -0400] "POST /xmlrpc.php HTTP/1.1" 200 186 "https://garantishell.com" "Mozilla/5.0 (Windows NT 10.0; Win64; x64; rv:128.0) Gecko/20100101 Firefox/128.0"
198.54.114.83 - - [15/Apr/2025:07:17:03 -0400] "POST /wp-admin/admin-ajax.php?action=async_litespeed&nonce=w4D1AxgtkFpA6XJtDKLPQTDUU0W1We77&litespeed_type=imgoptm HTTP/1.1" 200 0 "-" "WordPress/6.7.1; https://garantishell.com"
18.220.124.7 - - [15/Apr/2025:07:17:02 -0400] "GET /die-kunst-des-loslassens/ HTTP/1.1" 200 10475 "https://garantishell.com/die-kunst-des-loslassens" "Mozilla/5.0 AppleWebKit/537.36 (KHTML, like Gecko; compatible; ClaudeBot/1.0; +claudebot@anthropic.com)"
198.54.114.83 - - [15/Apr/2025:07:17:30 -0400] "POST /wp-cron.php?doing_wp_cron=1744715849.2998070716857910156250 HTTP/1.1" 200 0 "-" "WordPress/6.7.1; https://garantishell.com"
51.222.253.8 - - [15/Apr/2025:07:17:28 -0400] "GET /page/38/ HTTP/1.1" 200 9519 "-" "Mozilla/5.0 (compatible; AhrefsBot/7.0; +http://ahrefs.com/robot/)"
198.54.114.83 - - [15/Apr/2025:07:19:25 -0400] "POST /wp-cron.php?doing_wp_cron=1744715964.5489449501037597656250 HTTP/1.1" 200 0 "-" "WordPress/6.7.1; https://garantishell.com"
182.160.0.118 - - [15/Apr/2025:07:19:20 -0400] "GET /category/arts-entertainments/page/15/ HTTP/1.1" 200 9656 "https://garantishell.com/category/arts-entertainments/page/15/" "Mozilla/5.0 (Windows NT 10.0; Win64; x64) AppleWebKit/537.36 (KHTML, like Gecko) Chrome/107.0.0.0 Safari/537.36"
212.8.248.108 - - [15/Apr/2025:07:19:52 -0400] "GET /why-professional-home-inspection-services-are-essential HTTP/1.1" 301 0 "-" "Mozilla/5.0 (Windows NT 10.0; Win64; x64) AppleWebKit/537.36 (KHTML, like Gecko) Chrome/118.0.0.0 Safari/537.36"
212.8.248.108 - - [15/Apr/2025:07:19:53 -0400] "GET /why-professional-home-inspection-services-are-essential/ HTTP/1.1" 200 10425 "-" "Mozilla/5.0 (Windows NT 10.0; Win64; x64) AppleWebKit/537.36 (KHTML, like Gecko) Chrome/118.0.0.0 Safari/537.36"
198.54.114.83 - - [15/Apr/2025:07:20:31 -0400] "POST /wp-cron.php?doing_wp_cron=1744716030.8854761123657226562500 HTTP/1.1" 200 0 "-" "WordPress/6.7.1; https://garantishell.com"
51.222.253.6 - - [15/Apr/2025:07:20:30 -0400] "GET /page/29/ HTTP/1.1" 200 9644 "-" "Mozilla/5.0 (compatible; AhrefsBot/7.0; +http://ahrefs.com/robot/)"
198.54.114.83 - - [15/Apr/2025:07:20:31 -0400] "POST /wp-admin/admin-ajax.php?action=async_litespeed&nonce=THUS6iLfxd4T8hdESTpaxRzHJSS9Wj6D&litespeed_type=imgoptm HTTP/1.1" 200 5 "-" "WordPress/6.7.1; https://garantishell.com"
107.175.39.117 - - [15/Apr/2025:07:22:41 -0400] "GET /why-professional-home-inspection-services-are-essential/ HTTP/1.1" 200 10425 "-" "Mozilla/5.0 (X11; Linux i686; rv:114.0) Gecko/20100101 Firefox/114.0"
198.54.114.83 - - [15/Apr/2025:07:22:46 -0400] "POST /wp-cron.php?doing_wp_cron=1744716165.6985430717468261718750 HTTP/1.1" 200 0 "-" "WordPress/6.7.1; https://garantishell.com"
51.222.253.8 - - [15/Apr/2025:07:22:42 -0400] "GET /erholung-am-gardasee-ein-paradies-fur-jeden/ HTTP/1.1" 200 10753 "-" "Mozilla/5.0 (compatible; AhrefsBot/7.0; +http://ahrefs.com/robot/)"
198.54.114.83 - - [15/Apr/2025:07:22:48 -0400] "POST /wp-admin/admin-ajax.php?action=async_litespeed&nonce=ZjevWKiwvUD1wbbcvGblXcT8tuVpDMSo&litespeed_type=imgoptm HTTP/1.1" 200 0 "-" "WordPress/6.7.1; https://garantishell.com"
107.175.39.117 - - [15/Apr/2025:07:22:49 -0400] "GET /why-professional-home-inspection-services-are-essential/ HTTP/1.1" 200 10425 "https://garantishell.com/why-professional-home-inspection-services-are-essential/" "Mozilla/5.0 (Windows NT 6.3; Win64; x64) AppleWebKit/537.36 (KHTML, like Gecko) Chrome/103.0.0.0 Safari/537.36"
107.175.39.117 - - [15/Apr/2025:07:22:51 -0400] "POST /wp-comments-post.php HTTP/1.1" 302 0 "https://garantishell.com/why-professional-home-inspection-services-are-essential/" "Mozilla/5.0 (Windows NT 6.3; Win64; x64) AppleWebKit/537.36 (KHTML, like Gecko) Chrome/103.0.0.0 Safari/537.36"
107.175.39.117 - - [15/Apr/2025:07:22:53 -0400] "GET /why-professional-home-inspection-services-are-essential/?unapproved=4273&moderation-hash=0aaf166bb5268556ab5c280b74b2787a HTTP/1.1" 200 11028 "https://garantishell.com/wp-comments-post.php" "Mozilla/5.0 (Windows NT 6.3; Win64; x64) AppleWebKit/537.36 (KHTML, like Gecko) Chrome/103.0.0.0 Safari/537.36"
107.175.39.117 - - [15/Apr/2025:07:22:55 -0400] "GET /why-professional-home-inspection-services-are-essential/ HTTP/1.1" 200 10425 "-" "Mozilla/5.0 (Windows NT 6.3; Win64; x64) AppleWebKit/537.36 (KHTML, like Gecko) Chrome/103.0.0.0 Safari/537.36"
107.175.39.117 - - [15/Apr/2025:07:25:10 -0400] "GET /why-professional-home-inspection-services-are-essential/ HTTP/1.1" 200 10425 "-" "Mozilla/5.0 (Macintosh; Intel Mac OS X 12_5) AppleWebKit/537.36 (KHTML, like Gecko) Chrome/114.0.0.0 YaBrowser/22.7.0 Yowser/2.5 Safari/537.36"
198.54.114.83 - - [15/Apr/2025:07:25:15 -0400] "POST /wp-cron.php?doing_wp_cron=1744716314.4663600921630859375000 HTTP/1.1" 200 0 "-" "WordPress/6.7.1; https://garantishell.com"
51.222.253.19 - - [15/Apr/2025:07:25:10 -0400] "GET /the-appeal-of-used-designer-furnitures/ HTTP/1.1" 200 10726 "-" "Mozilla/5.0 (compatible; AhrefsBot/7.0; +http://ahrefs.com/robot/)"
66.29.132.86 - - [15/Apr/2025:07:25:33 -0400] "POST /xmlrpc.php HTTP/1.1" 200 186 "https://garantishell.com" "Mozilla/5.0 (Macintosh; Intel Mac OS X 13.3; rv:126.0) Gecko/20100101 Firefox/126.0"
3.144.39.0 - - [15/Apr/2025:07:25:59 -0400] "GET /thrilling-world-of-online-casino-gaming HTTP/1.1" 301 0 "-" "Mozilla/5.0 AppleWebKit/537.36 (KHTML, like Gecko; compatible; ClaudeBot/1.0; +claudebot@anthropic.com)"
3.144.39.0 - - [15/Apr/2025:07:26:00 -0400] "GET /thrilling-world-of-online-casino-gaming/ HTTP/1.1" 200 10484 "https://garantishell.com/thrilling-world-of-online-casino-gaming" "Mozilla/5.0 AppleWebKit/537.36 (KHTML, like Gecko; compatible; ClaudeBot/1.0; +claudebot@anthropic.com)"
2a02:598:128:8a00::b00:15 - - [15/Apr/2025:07:27:17 -0400] "GET /robots.txt HTTP/1.1" 200 97 "-" "Mozilla/5.0 (compatible; SeznamBot/4.0; +https://o-seznam.cz/napoveda/vyhledavani/en/seznambot-crawler/)"
198.54.114.83 - - [15/Apr/2025:07:27:18 -0400] "POST /wp-cron.php?doing_wp_cron=1744716437.3193650245666503906250 HTTP/1.1" 200 0 "-" "WordPress/6.7.1; https://garantishell.com"
2a02:598:128:8a00::b00:15 - - [15/Apr/2025:07:27:17 -0400] "GET /gitarre-lernen-schritt-fur-schritt/ HTTP/1.1" 200 10790 "-" "Mozilla/5.0 (compatible; SeznamBot/4.0; +https://o-seznam.cz/napoveda/vyhledavani/en/seznambot-crawler/)"
198.54.114.83 - - [15/Apr/2025:07:27:18 -0400] "POST /wp-admin/admin-ajax.php?action=async_litespeed&nonce=WGZ1pLmOvK9eOeqDnpRglsk1EHchMmSC&litespeed_type=imgoptm HTTP/1.1" 200 5 "-" "WordPress/6.7.1; https://garantishell.com"
51.222.253.9 - - [15/Apr/2025:07:27:35 -0400] "GET /the-growings-popularity-of-online-casino/ HTTP/1.1" 200 10562 "-" "Mozilla/5.0 (compatible; AhrefsBot/7.0; +http://ahrefs.com/robot/)"
103.185.25.104 - - [15/Apr/2025:07:28:36 -0400] "GET /why-professional-home-inspection-services-are-essential/ HTTP/1.1" 200 10425 "-" "Mozilla/5.0 (X11; Linux i686) AppleWebKit/537.36 (KHTML, like Gecko) Chrome/114.0.0.0 Safari/537.36 Vivaldi/5.3.2679.68"
198.54.114.83 - - [15/Apr/2025:07:28:47 -0400] "POST /wp-cron.php?doing_wp_cron=1744716526.9974799156188964843750 HTTP/1.1" 200 0 "-" "WordPress/6.7.1; https://garantishell.com"
198.54.114.83 - - [15/Apr/2025:07:28:48 -0400] "POST /wp-admin/admin-ajax.php?action=async_litespeed&nonce=XvqIdHUKhd0n24GcNo1knFzqdnCqb2df&litespeed_type=imgoptm HTTP/1.1" 200 0 "-" "WordPress/6.7.1; https://garantishell.com"
103.185.25.104 - - [15/Apr/2025:07:28:46 -0400] "POST /wp-comments-post.php HTTP/1.1" 302 0 "https://garantishell.com/why-professional-home-inspection-services-are-essential/" "Mozilla/5.0 (X11; Linux i686) AppleWebKit/537.36 (KHTML, like Gecko) Chrome/114.0.0.0 Safari/537.36 Vivaldi/5.3.2679.68"
103.185.25.104 - - [15/Apr/2025:07:28:51 -0400] "GET /why-professional-home-inspection-services-are-essential/?unapproved=4274&moderation-hash=3f19d1c7743fd05925015fe253401f6e HTTP/1.1" 200 10928 "https://garantishell.com/wp-comments-post.php" "Mozilla/5.0 (X11; Linux i686) AppleWebKit/537.36 (KHTML, like Gecko) Chrome/114.0.0.0 Safari/537.36 Vivaldi/5.3.2679.68"
103.185.25.104 - - [15/Apr/2025:07:28:55 -0400] "GET /why-professional-home-inspection-services-are-essential/ HTTP/1.1" 200 10425 "-" "Mozilla/5.0 (X11; Linux i686) AppleWebKit/537.36 (KHTML, like Gecko) Chrome/114.0.0.0 Safari/537.36 Vivaldi/5.3.2679.68"
198.54.114.83 - - [15/Apr/2025:07:29:34 -0400] "POST /wp-cron.php?doing_wp_cron=1744716572.4233028888702392578125 HTTP/1.1" 200 0 "-" "WordPress/6.7.1; https://garantishell.com"
51.222.253.7 - - [15/Apr/2025:07:29:31 -0400] "GET /author/admin/page/39/ HTTP/1.1" 200 9393 "-" "Mozilla/5.0 (compatible; AhrefsBot/7.0; +http://ahrefs.com/robot/)"
114.119.131.185 - - [15/Apr/2025:07:29:56 -0400] "GET /2024/08/page/7/ HTTP/1.1" 200 9506 "https://garantishell.com/2024/08/page/7/" "Mozilla/5.0 (Linux; Android 7.0;) AppleWebKit/537.36 (KHTML, like Gecko) Mobile Safari/537.36 (compatible; PetalBot;+https://webmaster.petalsearch.com/site/petalbot)"
2a03:2880:f800:19:: - - [15/Apr/2025:07:29:56 -0400] "GET /2024/04/page/4/ HTTP/1.1" 200 8665 "-" "meta-externalagent/1.1 (+https://developers.facebook.com/docs/sharing/webmasters/crawler)"
198.54.114.83 - - [15/Apr/2025:07:30:41 -0400] "POST /wp-cron.php?doing_wp_cron=1744716640.5852270126342773437500 HTTP/1.1" 200 0 "-" "WordPress/6.7.1; https://garantishell.com"
198.54.114.83 - - [15/Apr/2025:07:30:42 -0400] "POST /wp-admin/admin-ajax.php?action=async_litespeed&nonce=j1rPOIDxsUb61pyXOrxaI0qf8OwXQcOA&litespeed_type=imgoptm HTTP/1.1" 200 0 "-" "WordPress/6.7.1; https://garantishell.com"
66.249.79.133 - - [15/Apr/2025:07:30:39 -0400] "GET /category/arts-entertainments/page/67/ HTTP/1.1" 200 9789 "-" "Mozilla/5.0 (Linux; Android 6.0.1; Nexus 5X Build/MMB29P) AppleWebKit/537.36 (KHTML, like Gecko) Chrome/135.0.7049.84 Mobile Safari/537.36 (compatible; GoogleOther)"
198.54.114.83 - - [15/Apr/2025:07:31:57 -0400] "POST /wp-cron.php?doing_wp_cron=1744716717.4309868812561035156250 HTTP/1.1" 200 0 "-" "WordPress/6.7.1; https://garantishell.com"
198.54.114.83 - - [15/Apr/2025:07:31:58 -0400] "POST /wp-admin/admin-ajax.php?action=async_litespeed&nonce=K6nCOaajXMOPT8hGvlR2bxmbmpoVje79&litespeed_type=imgoptm HTTP/1.1" 200 5 "-" "WordPress/6.7.1; https://garantishell.com"
