198.54.114.83 - - [14/Apr/2025:20:46:41 -0400] "POST /wp-cron.php?doing_wp_cron=1744678000.7525858879089355468750 HTTP/1.1" 200 0 "-" "WordPress/6.7.1; https://garantishell.com"
165.227.84.75 - - [14/Apr/2025:20:46:36 -0400] "POST /wp-login.php HTTP/1.1" 200 1869 "-" "GRequests/0.10"
198.54.114.83 - - [14/Apr/2025:20:46:42 -0400] "POST /wp-admin/admin-ajax.php?action=async_litespeed&nonce=0C26qlumGWI4CK6FuLMYiUY9WxbF08K6&litespeed_type=imgoptm HTTP/1.1" 200 0 "-" "WordPress/6.7.1; https://garantishell.com"
51.222.253.3 - - [14/Apr/2025:20:48:35 -0400] "GET /category/arts-entertainments/page/28/ HTTP/1.1" 200 9466 "-" "Mozilla/5.0 (compatible; AhrefsBot/7.0; +http://ahrefs.com/robot/)"
149.88.25.196 - - [14/Apr/2025:20:48:56 -0400] "GET /2025/02/ HTTP/1.1" 200 9340 "-" "Mozilla/5.0 (Windows NT 10.0; Win64; x64) AppleWebKit/537.36 (KHTML, like Gecko) Chrome/97.0.4692.71 Safari/537.36"
2001:4ba0:cafe:c13::1 - - [14/Apr/2025:20:49:47 -0400] "GET / HTTP/1.1" 200 9272 "-" "Mozilla/5.0 (Windows NT 10.0; Win64; x64) AppleWebKit/537.36 (KHTML, like Gecko) Chrome/91.0.4472.114 Safari/537.36 Edg/91.0.864.54"
46.250.175.214 - - [14/Apr/2025:20:50:13 -0400] "GET /the-ultimate-stress-reliever-for-business-travelers/ HTTP/1.1" 200 10631 "https://garantishell.com/the-ultimate-stress-reliever-for-business-travelers/#primary" "Mozilla/5.0 (Windows NT 10.0; Win64; x64) AppleWebKit/537.36 (KHTML, like Gecko) Chrome/101.0.4951.64 Safari/537.36 Edg/101.0.1210.47"
149.88.25.196 - - [14/Apr/2025:20:51:32 -0400] "GET /die-kunst-des-loslassens/ HTTP/1.1" 200 10598 "-" "Mozilla/5.0 (Windows NT 10.0; Win64; x64) AppleWebKit/537.36 (KHTML, like Gecko) Chrome/97.0.4692.71 Safari/537.36"
149.88.25.196 - - [14/Apr/2025:20:51:33 -0400] "GET /thrilling-world-of-online-casino-gaming/ HTTP/1.1" 200 10360 "-" "Mozilla/5.0 (Windows NT 10.0; Win64; x64) AppleWebKit/537.36 (KHTML, like Gecko) Chrome/97.0.4692.71 Safari/537.36"
149.88.25.196 - - [14/Apr/2025:20:51:34 -0400] "GET /category/others/ HTTP/1.1" 200 7823 "-" "Mozilla/5.0 (Windows NT 10.0; Win64; x64) AppleWebKit/537.36 (KHTML, like Gecko) Chrome/97.0.4692.71 Safari/537.36"
149.88.25.196 - - [14/Apr/2025:20:51:34 -0400] "GET /2024/02/ HTTP/1.1" 200 9592 "-" "Mozilla/5.0 (Windows NT 10.0; Win64; x64) AppleWebKit/537.36 (KHTML, like Gecko) Chrome/97.0.4692.71 Safari/537.36"
149.88.25.196 - - [14/Apr/2025:20:51:35 -0400] "GET /apprendre-a-jouer-de-la-guitare-un-voyage-musical/ HTTP/1.1" 200 10702 "-" "Mozilla/5.0 (Windows NT 10.0; Win64; x64) AppleWebKit/537.36 (KHTML, like Gecko) Chrome/97.0.4692.71 Safari/537.36"
149.88.25.196 - - [14/Apr/2025:20:51:35 -0400] "GET /2024/04/ HTTP/1.1" 200 9645 "-" "Mozilla/5.0 (Windows NT 10.0; Win64; x64) AppleWebKit/537.36 (KHTML, like Gecko) Chrome/97.0.4692.71 Safari/537.36"
198.54.114.83 - - [14/Apr/2025:20:51:47 -0400] "POST /wp-cron.php?doing_wp_cron=1744678307.0534451007843017578125 HTTP/1.1" 200 0 "-" "WordPress/6.7.1; https://garantishell.com"
66.249.79.135 - - [14/Apr/2025:20:51:42 -0400] "GET /category/arts-entertainments/page/65/ HTTP/1.1" 200 9614 "-" "Mozilla/5.0 (Linux; Android 6.0.1; Nexus 5X Build/MMB29P) AppleWebKit/537.36 (KHTML, like Gecko) Chrome/135.0.7049.84 Mobile Safari/537.36 (compatible; GoogleOther)"
198.54.114.83 - - [14/Apr/2025:20:51:48 -0400] "POST /wp-admin/admin-ajax.php?action=async_litespeed&nonce=GJmrm5CnETNp57vtOcIC7zPtfhrkzEvU&litespeed_type=imgoptm HTTP/1.1" 200 5 "-" "WordPress/6.7.1; https://garantishell.com"
51.222.253.20 - - [14/Apr/2025:20:52:13 -0400] "GET /category/arts-entertainments/page/26/ HTTP/1.1" 200 9505 "-" "Mozilla/5.0 (compatible; AhrefsBot/7.0; +http://ahrefs.com/robot/)"
8.218.91.49 - - [14/Apr/2025:20:52:40 -0400] "GET /robots.txt HTTP/1.1" 200 97 "-" "Mozilla/5.0 (Windows NT 6.0; Win64; x64) AppleWebKit/537.36 (KHTML, like Gecko) Chrome/62.0.2879.21 Safari/537.36"
198.54.114.83 - - [14/Apr/2025:20:56:19 -0400] "POST /wp-cron.php?doing_wp_cron=1744678578.2866029739379882812500 HTTP/1.1" 200 0 "-" "WordPress/6.7.1; https://garantishell.com"
51.222.253.8 - - [14/Apr/2025:20:56:14 -0400] "GET /recrutement-dans-le-secteur-de-la-restauration-une-necessite-croissante/ HTTP/1.1" 200 10896 "-" "Mozilla/5.0 (compatible; AhrefsBot/7.0; +http://ahrefs.com/robot/)"
216.244.66.241 - - [14/Apr/2025:20:56:35 -0400] "GET /page/17/?MA HTTP/1.1" 200 9375 "-" "Mozilla/5.0 (compatible; DotBot/1.2; +https://opensiteexplorer.org/dotbot; help@moz.com)"
198.54.114.83 - - [14/Apr/2025:21:00:22 -0400] "POST /wp-cron.php?doing_wp_cron=1744678822.0462160110473632812500 HTTP/1.1" 200 0 "-" "WordPress/6.7.1; https://garantishell.com"
51.222.253.9 - - [14/Apr/2025:21:00:17 -0400] "GET /humastogel/ HTTP/1.1" 200 9645 "-" "Mozilla/5.0 (compatible; AhrefsBot/7.0; +http://ahrefs.com/robot/)"
198.54.114.83 - - [14/Apr/2025:21:00:23 -0400] "POST /wp-admin/admin-ajax.php?action=async_litespeed&nonce=yGj2zoY6MkYqLSYIlQcXDVEh22rq2xHb&litespeed_type=imgoptm HTTP/1.1" 200 0 "-" "WordPress/6.7.1; https://garantishell.com"
220.151.9.22 - - [14/Apr/2025:21:03:00 -0400] "GET / HTTP/1.1" 200 9272 "-" "Mozilla/5.0 (Windows NT 10.0; Win64; x64) AppleWebKit/537.36 (KHTML, like Gecko) Chrome/89.0.4389.82 Safari/537.36 Quark/3.6.2.993 Mobile"
198.54.114.83 - - [14/Apr/2025:21:04:05 -0400] "POST /wp-cron.php?doing_wp_cron=1744679045.0195169448852539062500 HTTP/1.1" 200 0 "-" "WordPress/6.7.1; https://garantishell.com"
51.222.253.18 - - [14/Apr/2025:21:04:01 -0400] "GET /page/28/ HTTP/1.1" 200 9567 "-" "Mozilla/5.0 (compatible; AhrefsBot/7.0; +http://ahrefs.com/robot/)"
198.54.114.83 - - [14/Apr/2025:21:04:06 -0400] "POST /wp-admin/admin-ajax.php?action=async_litespeed&nonce=rLammaeTZPQd2zJEN2r6duw3jzbZgoP5&litespeed_type=imgoptm HTTP/1.1" 200 5 "-" "WordPress/6.7.1; https://garantishell.com"
159.138.33.61 - - [14/Apr/2025:21:04:10 -0400] "GET /unlocking-the-power-of-buying-youtube-views HTTP/1.1" 301 0 "https://garantishell.com/unlocking-the-power-of-buying-youtube-views" "Mozilla/5.0 (Windows NT 10.0; Win64; x64) AppleWebKit/537.36 (KHTML, like Gecko) Chrome/101.0.4951.64 Safari/537.36 Edg/101.0.1210.47"
159.138.33.61 - - [14/Apr/2025:21:04:11 -0400] "GET /unlocking-the-power-of-buying-youtube-views/ HTTP/1.1" 200 10598 "https://garantishell.com/unlocking-the-power-of-buying-youtube-views/" "Mozilla/5.0 (Windows NT 10.0; Win64; x64) AppleWebKit/537.36 (KHTML, like Gecko) Chrome/101.0.4951.64 Safari/537.36 Edg/101.0.1210.47"
209.97.161.216 - - [14/Apr/2025:21:04:42 -0400] "GET /why-professional-home-inspection-services-are-essential/ HTTP/1.1" 200 10434 "-" "Mozilla/5.0 (Windows NT 10.0; WOW64) AppleWebKit/537.36 (KHTML, like Gecko) Chrome/114.0.0.0 Safari/537.36"
209.97.161.216 - - [14/Apr/2025:21:04:46 -0400] "GET /why-professional-home-inspection-services-are-essential/ HTTP/1.1" 200 10434 "https://garantishell.com/why-professional-home-inspection-services-are-essential/" "Mozilla/5.0 (Windows NT 6.3; Win64; x64) AppleWebKit/537.36 (KHTML, like Gecko) Chrome/103.0.0.0 Safari/537.36"
198.54.114.83 - - [14/Apr/2025:21:04:47 -0400] "POST /wp-cron.php?doing_wp_cron=1744679087.6378669738769531250000 HTTP/1.1" 200 0 "-" "WordPress/6.7.1; https://garantishell.com"
198.54.114.83 - - [14/Apr/2025:21:04:48 -0400] "POST /wp-admin/admin-ajax.php?action=async_litespeed&nonce=JSkP9WEAxRkxamNbe4d7yv1fbLiTD38n&litespeed_type=imgoptm HTTP/1.1" 200 5 "-" "WordPress/6.7.1; https://garantishell.com"
209.97.161.216 - - [14/Apr/2025:21:04:47 -0400] "POST /wp-comments-post.php HTTP/1.1" 302 0 "https://garantishell.com/why-professional-home-inspection-services-are-essential/" "Mozilla/5.0 (Windows NT 6.3; Win64; x64) AppleWebKit/537.36 (KHTML, like Gecko) Chrome/103.0.0.0 Safari/537.36"
209.97.161.216 - - [14/Apr/2025:21:04:50 -0400] "GET /why-professional-home-inspection-services-are-essential/?unapproved=4258&moderation-hash=49b90e09382a8d00c78d5abc16cf96e2 HTTP/1.1" 200 10951 "https://garantishell.com/wp-comments-post.php" "Mozilla/5.0 (Windows NT 6.3; Win64; x64) AppleWebKit/537.36 (KHTML, like Gecko) Chrome/103.0.0.0 Safari/537.36"
209.97.161.216 - - [14/Apr/2025:21:04:52 -0400] "GET /why-professional-home-inspection-services-are-essential/ HTTP/1.1" 200 10434 "-" "Mozilla/5.0 (Windows NT 6.3; Win64; x64) AppleWebKit/537.36 (KHTML, like Gecko) Chrome/103.0.0.0 Safari/537.36"
198.54.114.83 - - [14/Apr/2025:21:05:26 -0400] "POST /wp-cron.php?doing_wp_cron=1744679126.2178480625152587890625 HTTP/1.1" 200 0 "-" "WordPress/6.7.1; https://garantishell.com"
209.97.161.216 - - [14/Apr/2025:21:05:27 -0400] "GET /why-professional-home-inspection-services-are-essential/ HTTP/1.1" 200 10434 "-" "Mozilla/5.0 (Macintosh; Intel Mac OS X 12_5) AppleWebKit/537.36 (KHTML, like Gecko) Chrome/114.0.0.0 YaBrowser/22.7.0 Yowser/2.5 Safari/537.36"
66.249.79.128 - - [14/Apr/2025:21:05:25 -0400] "GET /la-grande-recre/feed/ HTTP/1.1" 200 385 "-" "Mozilla/5.0 (Linux; Android 6.0.1; Nexus 5X Build/MMB29P) AppleWebKit/537.36 (KHTML, like Gecko) Chrome/135.0.7049.84 Mobile Safari/537.36 (compatible; Googlebot/2.1; +http://www.google.com/bot.html)"
198.54.114.83 - - [14/Apr/2025:21:05:27 -0400] "POST /wp-admin/admin-ajax.php?action=async_litespeed&nonce=ifuJq5IK63L44CKzPKU005tpL17gAbCy&litespeed_type=imgoptm HTTP/1.1" 200 5 "-" "WordPress/6.7.1; https://garantishell.com"
198.54.114.83 - - [14/Apr/2025:21:08:01 -0400] "POST /wp-cron.php?doing_wp_cron=1744679281.4583549499511718750000 HTTP/1.1" 200 0 "-" "WordPress/6.7.1; https://garantishell.com"
51.222.253.8 - - [14/Apr/2025:21:07:58 -0400] "GET /the-rise-of-online-casinos-2/ HTTP/1.1" 200 10270 "-" "Mozilla/5.0 (compatible; AhrefsBot/7.0; +http://ahrefs.com/robot/)"
198.54.114.83 - - [14/Apr/2025:21:08:02 -0400] "POST /wp-admin/admin-ajax.php?action=async_litespeed&nonce=GmBDpf6KMCFEYw3fMbvL8lGmtcPxgjrZ&litespeed_type=imgoptm HTTP/1.1" 200 0 "-" "WordPress/6.7.1; https://garantishell.com"
162.243.72.223 - - [14/Apr/2025:21:08:13 -0400] "GET /wp-login.php HTTP/1.1" 200 1736 "-" "GRequests/0.10"
162.243.72.223 - - [14/Apr/2025:21:08:15 -0400] "POST /wp-login.php HTTP/1.1" 200 1877 "-" "GRequests/0.10"
198.54.114.83 - - [14/Apr/2025:21:11:47 -0400] "POST /wp-cron.php?doing_wp_cron=1744679507.0502650737762451171875 HTTP/1.1" 200 0 "-" "WordPress/6.7.1; https://garantishell.com"
198.54.114.83 - - [14/Apr/2025:21:11:48 -0400] "POST /wp-admin/admin-ajax.php?action=async_litespeed&nonce=5CKca6Tqk13aV2pxXluwuXdjloMfZ4LT&litespeed_type=imgoptm HTTP/1.1" 200 5 "-" "WordPress/6.7.1; https://garantishell.com"
51.222.253.7 - - [14/Apr/2025:21:11:41 -0400] "GET /streamlining-internal-communication/ HTTP/1.1" 200 10247 "-" "Mozilla/5.0 (compatible; AhrefsBot/7.0; +http://ahrefs.com/robot/)"
192.111.137.35 - - [14/Apr/2025:21:12:15 -0400] "GET /why-professional-home-inspection-services-are-essential/ HTTP/1.1" 200 10434 "-" "Mozilla/5.0 (Windows NT 10.0; Win64; x64) AppleWebKit/537.36 (KHTML, like Gecko) Chrome/114.0.0.0 Safari/537.36 OPR/89.0.4447.51"
3.133.91.171 - - [14/Apr/2025:21:14:40 -0400] "GET /robots.txt HTTP/1.1" 304 0 "-" "Mozilla/5.0 AppleWebKit/537.36 (KHTML, like Gecko; compatible; ClaudeBot/1.0; +claudebot@anthropic.com)"
198.54.114.83 - - [14/Apr/2025:21:14:45 -0400] "POST /wp-cron.php?doing_wp_cron=1744679684.9548668861389160156250 HTTP/1.1" 200 0 "-" "WordPress/6.7.1; https://garantishell.com"
3.133.91.171 - - [14/Apr/2025:21:14:41 -0400] "GET /leading-the-way-the-best-china-fire-pump-manufacturer/feed HTTP/1.1" 301 0 "-" "Mozilla/5.0 AppleWebKit/537.36 (KHTML, like Gecko; compatible; ClaudeBot/1.0; +claudebot@anthropic.com)"
198.54.114.83 - - [14/Apr/2025:21:14:47 -0400] "POST /wp-admin/admin-ajax.php?action=async_litespeed&nonce=pXwydobeg6jJbuESTwopwq1OTga2TQre&litespeed_type=imgoptm HTTP/1.1" 200 0 "-" "WordPress/6.7.1; https://garantishell.com"
3.133.91.171 - - [14/Apr/2025:21:14:47 -0400] "GET /leading-the-way-the-best-china-fire-pump-manufacturer/feed/ HTTP/1.1" 200 433 "-" "Mozilla/5.0 AppleWebKit/537.36 (KHTML, like Gecko; compatible; ClaudeBot/1.0; +claudebot@anthropic.com)"
185.191.171.13 - - [14/Apr/2025:21:14:58 -0400] "GET /category/beauty/ HTTP/1.1" 200 7820 "-" "Mozilla/5.0 (compatible; SemrushBot/7~bl; +http://www.semrush.com/bot.html)"
198.54.114.83 - - [14/Apr/2025:21:15:24 -0400] "POST /wp-cron.php?doing_wp_cron=1744679724.0228080749511718750000 HTTP/1.1" 200 0 "-" "WordPress/6.7.1; https://garantishell.com"
198.54.114.83 - - [14/Apr/2025:21:15:24 -0400] "POST /wp-admin/admin-ajax.php?action=async_litespeed&nonce=BPAHyqIs6SLwR2ajZi71214B65C0jxxj&litespeed_type=imgoptm HTTP/1.1" 200 5 "-" "WordPress/6.7.1; https://garantishell.com"
51.222.253.1 - - [14/Apr/2025:21:15:23 -0400] "GET /unlocking-the-potential-of-premium-domains/ HTTP/1.1" 200 10359 "-" "Mozilla/5.0 (compatible; AhrefsBot/7.0; +http://ahrefs.com/robot/)"
198.54.114.83 - - [14/Apr/2025:21:17:21 -0400] "POST /wp-cron.php?doing_wp_cron=1744679840.8646080493927001953125 HTTP/1.1" 200 0 "-" "WordPress/6.7.1; https://garantishell.com"
198.54.114.83 - - [14/Apr/2025:21:17:22 -0400] "POST /wp-admin/admin-ajax.php?action=async_litespeed&nonce=QkMxQYvtEpRnz8If9mpSoXbMIDUKZkL1&litespeed_type=imgoptm HTTP/1.1" 200 0 "-" "WordPress/6.7.1; https://garantishell.com"
114.119.143.166 - - [14/Apr/2025:21:17:17 -0400] "GET /exploring-the-universe-of-game-comets/ HTTP/1.1" 200 10202 "https://garantishell.com/optimizing-business-communication-with-voip-technology/" "Mozilla/5.0 (Linux; Android 7.0;) AppleWebKit/537.36 (KHTML, like Gecko) Mobile Safari/537.36 (compatible; PetalBot;+https://webmaster.petalsearch.com/site/petalbot)"
94.74.110.112 - - [14/Apr/2025:21:18:10 -0400] "GET /skilled-plumbing-services-for-every-household/ HTTP/1.1" 200 11022 "https://garantishell.com/skilled-plumbing-services-for-every-household/#respond" "Mozilla/5.0 (Macintosh; Intel Mac OS X 10_15_7) AppleWebKit/537.36 (KHTML, like Gecko) Chrome/123.0.0.0 Safari/537.36"
198.54.114.83 - - [14/Apr/2025:21:19:18 -0400] "POST /wp-cron.php?doing_wp_cron=1744679957.7794790267944335937500 HTTP/1.1" 200 0 "-" "WordPress/6.7.1; https://garantishell.com"
198.54.114.83 - - [14/Apr/2025:21:19:19 -0400] "POST /wp-admin/admin-ajax.php?action=async_litespeed&nonce=0ETrxNO3PJMAUlYeJnvlhksuaP2cp0dH&litespeed_type=imgoptm HTTP/1.1" 200 0 "-" "WordPress/6.7.1; https://garantishell.com"
51.222.253.8 - - [14/Apr/2025:21:19:12 -0400] "GET /umzugsunternehmens-luneburge/ HTTP/1.1" 200 9857 "-" "Mozilla/5.0 (compatible; AhrefsBot/7.0; +http://ahrefs.com/robot/)"
51.222.253.18 - - [14/Apr/2025:21:23:08 -0400] "GET /affordable-concrete-contractors-in-northern-colorado/ HTTP/1.1" 200 10696 "-" "Mozilla/5.0 (compatible; AhrefsBot/7.0; +http://ahrefs.com/robot/)"
85.208.96.194 - - [14/Apr/2025:21:24:43 -0400] "GET /robots.txt HTTP/1.1" 304 0 "-" "Mozilla/5.0 (compatible; SemrushBot/7~bl; +http://www.semrush.com/bot.html)"
198.54.114.83 - - [14/Apr/2025:21:24:47 -0400] "POST /wp-cron.php?doing_wp_cron=1744680287.4660379886627197265625 HTTP/1.1" 200 0 "-" "WordPress/6.7.1; https://garantishell.com"
198.54.114.83 - - [14/Apr/2025:21:24:48 -0400] "POST /wp-admin/admin-ajax.php?action=async_litespeed&nonce=knt8oJW9Fax051yk35pGYhyulc9Sxwrr&litespeed_type=imgoptm HTTP/1.1" 200 0 "-" "WordPress/6.7.1; https://garantishell.com"
85.208.96.212 - - [14/Apr/2025:21:24:43 -0400] "GET /expert-guidance-for-child-custody-cases-in-queens/ HTTP/1.1" 200 10690 "-" "Mozilla/5.0 (compatible; SemrushBot/7~bl; +http://www.semrush.com/bot.html)"
2001:df4:40c0:68d8::1 - - [14/Apr/2025:21:24:50 -0400] "GET /wp-login.php HTTP/1.1" 200 1736 "-" "GRequests/0.10"
2001:df4:40c0:68d8::1 - - [14/Apr/2025:21:24:52 -0400] "POST /wp-login.php HTTP/1.1" 200 1869 "-" "GRequests/0.10"
198.54.114.83 - - [14/Apr/2025:21:27:17 -0400] "POST /wp-cron.php?doing_wp_cron=1744680436.7879140377044677734375 HTTP/1.1" 200 0 "-" "WordPress/6.7.1; https://garantishell.com"
51.222.253.11 - - [14/Apr/2025:21:27:13 -0400] "GET /page/26/ HTTP/1.1" 200 9589 "-" "Mozilla/5.0 (compatible; AhrefsBot/7.0; +http://ahrefs.com/robot/)"
198.54.114.83 - - [14/Apr/2025:21:27:17 -0400] "POST /wp-admin/admin-ajax.php?action=async_litespeed&nonce=IDFrSCNdViXTD0stJxJtI15okcV0hNWv&litespeed_type=imgoptm HTTP/1.1" 200 5 "-" "WordPress/6.7.1; https://garantishell.com"
198.54.114.83 - - [14/Apr/2025:21:31:12 -0400] "POST /wp-cron.php?doing_wp_cron=1744680671.2378571033477783203125 HTTP/1.1" 200 0 "-" "WordPress/6.7.1; https://garantishell.com"
51.222.253.1 - - [14/Apr/2025:21:31:05 -0400] "GET /page/23/ HTTP/1.1" 200 9410 "-" "Mozilla/5.0 (compatible; AhrefsBot/7.0; +http://ahrefs.com/robot/)"
198.54.114.83 - - [14/Apr/2025:21:31:14 -0400] "POST /wp-admin/admin-ajax.php?action=async_litespeed&nonce=ZXy7KK35qIXlZZ9QqKF6qrXVbICGQqy7&litespeed_type=imgoptm HTTP/1.1" 200 0 "-" "WordPress/6.7.1; https://garantishell.com"
46.250.160.205 - - [14/Apr/2025:21:32:09 -0400] "GET /author/admin/page/9/ HTTP/1.1" 200 9818 "https://garantishell.com/author/admin/page/9/#primary" "Mozilla/5.0 (Windows NT 10.0; Win64; x64) AppleWebKit/537.36 (KHTML, like Gecko) Chrome/107.0.0.0 Safari/537.36"
2a02:598:96:8a00::1200:134 - - [14/Apr/2025:21:32:21 -0400] "GET /category/health-fitness/ HTTP/1.1" 200 9204 "-" "Mozilla/5.0 (compatible; SeznamBot/4.0; +https://o-seznam.cz/napoveda/vyhledavani/en/seznambot-crawler/)"
198.54.114.83 - - [14/Apr/2025:21:34:59 -0400] "POST /wp-cron.php?doing_wp_cron=1744680897.7352809906005859375000 HTTP/1.1" 200 0 "-" "WordPress/6.7.1; https://garantishell.com"
51.222.253.8 - - [14/Apr/2025:21:34:53 -0400] "GET /discovering-the-charm-of-a-lake-garda-resort/ HTTP/1.1" 200 10605 "-" "Mozilla/5.0 (compatible; AhrefsBot/7.0; +http://ahrefs.com/robot/)"
216.244.66.241 - - [14/Apr/2025:21:37:29 -0400] "GET /robots.txt HTTP/1.1" 304 0 "-" "Mozilla/5.0 (compatible; DotBot/1.2; +https://opensiteexplorer.org/dotbot; help@moz.com)"
51.222.253.10 - - [14/Apr/2025:21:38:53 -0400] "GET /wp-sitemap.xml HTTP/1.1" 200 193 "-" "Mozilla/5.0 (compatible; AhrefsBot/7.0; +http://ahrefs.com/robot/)"
51.222.253.9 - - [14/Apr/2025:21:38:55 -0400] "GET /wp-sitemap-posts-post-1.xml HTTP/1.1" 200 20816 "-" "Mozilla/5.0 (compatible; AhrefsBot/7.0; +http://ahrefs.com/robot/)"
198.54.114.83 - - [14/Apr/2025:21:39:01 -0400] "POST /wp-cron.php?doing_wp_cron=1744681140.9062750339508056640625 HTTP/1.1" 200 0 "-" "WordPress/6.7.1; https://garantishell.com"
51.222.253.16 - - [14/Apr/2025:21:38:56 -0400] "GET /wp-sitemap-posts-page-1.xml HTTP/1.1" 200 185 "-" "Mozilla/5.0 (compatible; AhrefsBot/7.0; +http://ahrefs.com/robot/)"
198.54.114.83 - - [14/Apr/2025:21:39:02 -0400] "POST /wp-admin/admin-ajax.php?action=async_litespeed&nonce=vngvSS9r9Xeq0tENKuIeiusZMU8a6voF&litespeed_type=imgoptm HTTP/1.1" 200 0 "-" "WordPress/6.7.1; https://garantishell.com"
51.222.253.1 - - [14/Apr/2025:21:39:03 -0400] "GET /wp-sitemap-taxonomies-category-1.xml HTTP/1.1" 200 208 "-" "Mozilla/5.0 (compatible; AhrefsBot/7.0; +http://ahrefs.com/robot/)"
51.222.253.3 - - [14/Apr/2025:21:39:04 -0400] "GET /wp-sitemap-users-1.xml HTTP/1.1" 200 169 "-" "Mozilla/5.0 (compatible; AhrefsBot/7.0; +http://ahrefs.com/robot/)"
198.54.114.83 - - [14/Apr/2025:21:40:18 -0400] "POST /wp-cron.php?doing_wp_cron=1744681216.9964590072631835937500 HTTP/1.1" 200 0 "-" "WordPress/6.7.1; https://garantishell.com"
185.191.171.10 - - [14/Apr/2025:21:40:16 -0400] "GET /category/arts-entertainments/page/41/ HTTP/1.1" 200 9667 "-" "Mozilla/5.0 (compatible; SemrushBot/7~bl; +http://www.semrush.com/bot.html)"
198.54.114.83 - - [14/Apr/2025:21:45:19 -0400] "POST /wp-cron.php?doing_wp_cron=1744681519.1706800460815429687500 HTTP/1.1" 200 0 "-" "WordPress/6.7.1; https://garantishell.com"
51.222.253.10 - - [14/Apr/2025:21:45:14 -0400] "GET /les-nappes-promotionnelles-un-atout-incontournable-pour-vos-evenements/ HTTP/1.1" 200 10784 "-" "Mozilla/5.0 (compatible; AhrefsBot/7.0; +http://ahrefs.com/robot/)"
198.54.114.83 - - [14/Apr/2025:21:45:20 -0400] "POST /wp-admin/admin-ajax.php?action=async_litespeed&nonce=CGrt5Af8ZE31EWnzFiHJsD6f9A2LoiGU&litespeed_type=imgoptm HTTP/1.1" 200 0 "-" "WordPress/6.7.1; https://garantishell.com"
114.119.144.84 - - [14/Apr/2025:21:45:21 -0400] "GET /leclairage-vintage-une-touche-intemporelle-pour-vos-espaces/ HTTP/1.1" 200 10679 "https://garantishell.com/understanding-high-quality-nude-photography/" "Mozilla/5.0 (Linux; Android 7.0;) AppleWebKit/537.36 (KHTML, like Gecko) Mobile Safari/537.36 (compatible; PetalBot;+https://webmaster.petalsearch.com/site/petalbot)"
119.8.42.207 - - [14/Apr/2025:21:46:07 -0400] "GET /les-panneaux-phoniques/ HTTP/1.1" 200 10534 "https://garantishell.com/les-panneaux-phoniques/" "Mozilla/5.0 (Windows NT 10.0; Win64; x64) AppleWebKit/537.36 (KHTML, like Gecko) Chrome/116.0.0.0 Safari/537.36"
198.54.114.83 - - [14/Apr/2025:21:46:46 -0400] "POST /wp-cron.php?doing_wp_cron=1744681605.8407979011535644531250 HTTP/1.1" 200 0 "-" "WordPress/6.7.1; https://garantishell.com"
114.119.129.110 - - [14/Apr/2025:21:46:45 -0400] "GET /improving-forward-head-posture-a-comprehensive-approach/ HTTP/1.1" 200 10790 "https://garantishell.com/improving-forward-head-posture-a-comprehensive-approach/" "Mozilla/5.0 (Linux; Android 7.0;) AppleWebKit/537.36 (KHTML, like Gecko) Mobile Safari/537.36 (compatible; PetalBot;+https://webmaster.petalsearch.com/site/petalbot)"
198.54.114.83 - - [14/Apr/2025:21:46:47 -0400] "POST /wp-admin/admin-ajax.php?action=async_litespeed&nonce=etKFdZgC2VlvibRbHQmYsRRb7JJQJ8m9&litespeed_type=imgoptm HTTP/1.1" 200 0 "-" "WordPress/6.7.1; https://garantishell.com"
101.32.31.38 - - [14/Apr/2025:21:48:18 -0400] "HEAD / HTTP/1.1" 200 0 "http://garantishell.com/" "Mozilla/5.0 (X11; Linux x86_64) AppleWebKit/537.36 (KHTML, like Gecko) Chrome/96.0.4664.45 Safari/537.36"
198.54.114.83 - - [14/Apr/2025:21:50:47 -0400] "POST /wp-cron.php?doing_wp_cron=1744681846.4538240432739257812500 HTTP/1.1" 200 0 "-" "WordPress/6.7.1; https://garantishell.com"
198.54.114.83 - - [14/Apr/2025:21:50:48 -0400] "POST /wp-admin/admin-ajax.php?action=async_litespeed&nonce=y6TUUe3otAjvty2oRSKgSQfcNI1TfiAb&litespeed_type=imgoptm HTTP/1.1" 200 0 "-" "WordPress/6.7.1; https://garantishell.com"
51.222.253.15 - - [14/Apr/2025:21:50:41 -0400] "GET /concrete-replacement-solutions/ HTTP/1.1" 200 10556 "-" "Mozilla/5.0 (compatible; AhrefsBot/7.0; +http://ahrefs.com/robot/)"
101.32.31.38 - - [14/Apr/2025:21:51:14 -0400] "HEAD /wordpress HTTP/1.1" 404 0 "http://garantishell.com/wordpress" "Mozilla/5.0 (X11; Linux x86_64) AppleWebKit/537.36 (KHTML, like Gecko) Chrome/96.0.4664.45 Safari/537.36"
198.54.114.83 - - [14/Apr/2025:21:52:31 -0400] "POST /wp-cron.php?doing_wp_cron=1744681950.7121539115905761718750 HTTP/1.1" 200 0 "-" "WordPress/6.7.1; https://garantishell.com"
101.32.31.38 - - [14/Apr/2025:21:52:30 -0400] "HEAD /Wordpress HTTP/1.1" 404 0 "http://garantishell.com/Wordpress" "Mozilla/5.0 (X11; Linux x86_64) AppleWebKit/537.36 (KHTML, like Gecko) Chrome/96.0.4664.45 Safari/537.36"
198.54.114.83 - - [14/Apr/2025:21:52:33 -0400] "POST /wp-admin/admin-ajax.php?action=async_litespeed&nonce=DMdViQYTZA0Y0wmcdMzfui5UrDK5MkkO&litespeed_type=imgoptm HTTP/1.1" 200 0 "-" "WordPress/6.7.1; https://garantishell.com"
109.123.236.97 - - [14/Apr/2025:21:53:43 -0400] "GET /wp-login.php HTTP/1.1" 200 1736 "-" "GRequests/0.10"
198.54.114.83 - - [14/Apr/2025:21:53:47 -0400] "POST /wp-cron.php?doing_wp_cron=1744682025.7523128986358642578125 HTTP/1.1" 200 0 "-" "WordPress/6.7.1; https://garantishell.com"
109.123.236.97 - - [14/Apr/2025:21:53:44 -0400] "POST /wp-login.php HTTP/1.1" 200 1867 "-" "GRequests/0.10"
114.119.156.227 - - [14/Apr/2025:21:54:12 -0400] "GET /the-rise-of-digital-gambling-platforms/ HTTP/1.1" 200 10356 "https://garantishell.com/the-evolution-of-online-casinos/" "Mozilla/5.0 (Linux; Android 7.0;) AppleWebKit/537.36 (KHTML, like Gecko) Mobile Safari/537.36 (compatible; PetalBot;+https://webmaster.petalsearch.com/site/petalbot)"
198.54.114.83 - - [14/Apr/2025:21:54:54 -0400] "POST /wp-cron.php?doing_wp_cron=1744682093.7606530189514160156250 HTTP/1.1" 200 0 "-" "WordPress/6.7.1; https://garantishell.com"
216.244.66.241 - - [14/Apr/2025:21:54:53 -0400] "GET /introduction-to-ppr-pipes-and-fittings/feed/ HTTP/1.1" 200 399 "-" "Mozilla/5.0 (compatible; DotBot/1.2; +https://opensiteexplorer.org/dotbot; help@moz.com)"
198.54.114.83 - - [14/Apr/2025:21:54:55 -0400] "POST /wp-admin/admin-ajax.php?action=async_litespeed&nonce=ksIJdcYXgfLKH7AIlBwOff54J9XGiLQC&litespeed_type=imgoptm HTTP/1.1" 200 0 "-" "WordPress/6.7.1; https://garantishell.com"
114.119.131.185 - - [14/Apr/2025:21:55:35 -0400] "GET /mastering-sms-marketing-for-success/ HTTP/1.1" 200 10846 "https://garantishell.com/author/admin/" "Mozilla/5.0 (Linux; Android 7.0;) AppleWebKit/537.36 (KHTML, like Gecko) Mobile Safari/537.36 (compatible; PetalBot;+https://webmaster.petalsearch.com/site/petalbot)"
101.32.31.38 - - [14/Apr/2025:21:56:04 -0400] "HEAD /WORDPRESS HTTP/1.1" 404 0 "http://garantishell.com/WORDPRESS" "Mozilla/5.0 (X11; Linux x86_64) AppleWebKit/537.36 (KHTML, like Gecko) Chrome/96.0.4664.45 Safari/537.36"
198.54.114.83 - - [14/Apr/2025:21:56:06 -0400] "POST /wp-cron.php?doing_wp_cron=1744682164.7300000190734863281250 HTTP/1.1" 200 0 "-" "WordPress/6.7.1; https://garantishell.com"
51.222.253.18 - - [14/Apr/2025:21:56:15 -0400] "GET /page/27/ HTTP/1.1" 200 9679 "-" "Mozilla/5.0 (compatible; AhrefsBot/7.0; +http://ahrefs.com/robot/)"
198.54.114.83 - - [14/Apr/2025:21:57:38 -0400] "POST /wp-cron.php?doing_wp_cron=1744682258.5025599002838134765625 HTTP/1.1" 200 0 "-" "WordPress/6.7.1; https://garantishell.com"
198.54.114.83 - - [14/Apr/2025:21:57:39 -0400] "POST /wp-admin/admin-ajax.php?action=async_litespeed&nonce=Pcv7cQdkFULc9gp3eDBJv5c2kHeCeVHq&litespeed_type=imgoptm HTTP/1.1" 200 5 "-" "WordPress/6.7.1; https://garantishell.com"
240e:350:8003:5206:4ecc:6a79:f4f7:5ca9 - - [14/Apr/2025:21:57:37 -0400] "POST /wp-comments-post.php HTTP/1.1" 302 0 "-" "Mozilla/5.0 (Windows NT 10.0; Win64; x64) AppleWebKit/537.36 (KHTML, like Gecko) Chrome/108.0.0.0 Safari/537.36 Edg/108.0.1462.46"
240e:350:8003:5206:4ecc:6a79:f4f7:5ca9 - - [14/Apr/2025:21:57:41 -0400] "GET /historischer-charme-und-moderne-verwebt/?unapproved=4259&moderation-hash=86c5d8935d5c3803db588faed30d4ded HTTP/1.1" 200 11107 "-" "Mozilla/5.0 (Windows NT 10.0; Win64; x64) AppleWebKit/537.36 (KHTML, like Gecko) Chrome/108.0.0.0 Safari/537.36 Edg/108.0.1462.46"
2001:41d0:303:374::1 - - [14/Apr/2025:21:57:48 -0400] "GET /robots.txt HTTP/1.1" 200 97 "-" "Mozilla/5.0 (compatible; MJ12bot/v1.4.8; http://mj12bot.com/)"
2001:41d0:303:374::1 - - [14/Apr/2025:21:57:52 -0400] "GET /2024/11/page/11/ HTTP/1.1" 200 9571 "-" "Mozilla/5.0 (compatible; MJ12bot/v1.4.8; http://mj12bot.com/)"
2001:41d0:303:374::1 - - [14/Apr/2025:21:57:54 -0400] "GET /2024/11/page/12/ HTTP/1.1" 200 9377 "-" "Mozilla/5.0 (compatible; MJ12bot/v1.4.8; http://mj12bot.com/)"
2001:41d0:303:374::1 - - [14/Apr/2025:21:57:56 -0400] "GET /2024/11/page/13/ HTTP/1.1" 200 9589 "-" "Mozilla/5.0 (compatible; MJ12bot/v1.4.8; http://mj12bot.com/)"
2001:41d0:303:374::1 - - [14/Apr/2025:21:57:59 -0400] "GET /a-modern-gaming-revolution/ HTTP/1.1" 200 10531 "-" "Mozilla/5.0 (compatible; MJ12bot/v1.4.8; http://mj12bot.com/)"
2001:41d0:303:374::1 - - [14/Apr/2025:21:58:06 -0400] "GET /a-modern-gaming-revolution/feed/ HTTP/1.1" 200 385 "-" "Mozilla/5.0 (compatible; MJ12bot/v1.4.8; http://mj12bot.com/)"
2001:41d0:303:374::1 - - [14/Apr/2025:21:58:10 -0400] "GET /a-premier-online-gaming-experience/ HTTP/1.1" 200 10357 "-" "Mozilla/5.0 (compatible; MJ12bot/v1.4.8; http://mj12bot.com/)"
2001:41d0:303:374::1 - - [14/Apr/2025:21:58:12 -0400] "GET /a-stellar-journey-into-crypto/ HTTP/1.1" 200 10216 "-" "Mozilla/5.0 (compatible; MJ12bot/v1.4.8; http://mj12bot.com/)"
2001:41d0:303:374::1 - - [14/Apr/2025:21:58:15 -0400] "GET /ansan-business-trip-massages/ HTTP/1.1" 200 9957 "-" "Mozilla/5.0 (compatible; MJ12bot/v1.4.8; http://mj12bot.com/)"
198.54.114.83 - - [14/Apr/2025:21:58:19 -0400] "POST /wp-cron.php?doing_wp_cron=1744682299.1694159507751464843750 HTTP/1.1" 200 0 "-" "WordPress/6.7.1; https://garantishell.com"
2001:41d0:303:374::1 - - [14/Apr/2025:21:58:18 -0400] "GET /balancing-work-and-life/ HTTP/1.1" 200 10566 "-" "Mozilla/5.0 (compatible; MJ12bot/v1.4.8; http://mj12bot.com/)"
198.54.114.83 - - [14/Apr/2025:21:58:20 -0400] "POST /wp-admin/admin-ajax.php?action=async_litespeed&nonce=cCbfTEernUOjWvrhaMWX5enpXqy4DVhM&litespeed_type=imgoptm HTTP/1.1" 200 5 "-" "WordPress/6.7.1; https://garantishell.com"
2001:41d0:303:374::1 - - [14/Apr/2025:21:58:22 -0400] "GET /category/arts-entertainments/page/11/ HTTP/1.1" 200 9489 "-" "Mozilla/5.0 (compatible; MJ12bot/v1.4.8; http://mj12bot.com/)"
2001:41d0:303:374::1 - - [14/Apr/2025:21:58:25 -0400] "GET /category/arts-entertainments/page/12/ HTTP/1.1" 200 9573 "-" "Mozilla/5.0 (compatible; MJ12bot/v1.4.8; http://mj12bot.com/)"
2001:41d0:303:374::1 - - [14/Apr/2025:21:58:27 -0400] "GET /category/arts-entertainments/page/13/ HTTP/1.1" 200 9640 "-" "Mozilla/5.0 (compatible; MJ12bot/v1.4.8; http://mj12bot.com/)"
2001:41d0:303:374::1 - - [14/Apr/2025:21:58:30 -0400] "GET /der-umzugsservice-in-hamburg-ihre-experten-fur-stressfreies-umziehen/ HTTP/1.1" 200 10711 "-" "Mozilla/5.0 (compatible; MJ12bot/v1.4.8; http://mj12bot.com/)"
2001:41d0:303:374::1 - - [14/Apr/2025:21:58:36 -0400] "GET /effective-aba-therapy-for-children-in-dubai/ HTTP/1.1" 200 10547 "-" "Mozilla/5.0 (compatible; MJ12bot/v1.4.8; http://mj12bot.com/)"
2001:41d0:303:374::1 - - [14/Apr/2025:21:58:38 -0400] "GET /enhance-productivity-with-relaxation/ HTTP/1.1" 200 10345 "-" "Mozilla/5.0 (compatible; MJ12bot/v1.4.8; http://mj12bot.com/)"
2001:41d0:303:374::1 - - [14/Apr/2025:21:58:42 -0400] "GET /excellence-in-private-security-services-in-miami/feed/ HTTP/1.1" 200 412 "-" "Mozilla/5.0 (compatible; MJ12bot/v1.4.8; http://mj12bot.com/)"
2001:41d0:303:374::1 - - [14/Apr/2025:21:58:46 -0400] "GET /expert-guidance-for-child-custody-cases-in-queens/feed/ HTTP/1.1" 200 424 "-" "Mozilla/5.0 (compatible; MJ12bot/v1.4.8; http://mj12bot.com/)"
2001:41d0:303:374::1 - - [14/Apr/2025:21:58:48 -0400] "GET /fenbendazole-in-cancer-treatment/feed/ HTTP/1.1" 200 394 "-" "Mozilla/5.0 (compatible; MJ12bot/v1.4.8; http://mj12bot.com/)"
2001:41d0:303:374::1 - - [14/Apr/2025:21:58:50 -0400] "GET /finanzielle-einblicke-freischalten-navigieren-in-der-bilanz/feed/ HTTP/1.1" 200 424 "-" "Mozilla/5.0 (compatible; MJ12bot/v1.4.8; http://mj12bot.com/)"
2001:41d0:303:374::1 - - [14/Apr/2025:21:58:52 -0400] "GET /finden-sie-turkischsprachige-psychologen-in-ihrer-nahe/feed/ HTTP/1.1" 200 429 "-" "Mozilla/5.0 (compatible; MJ12bot/v1.4.8; http://mj12bot.com/)"
2001:41d0:303:374::1 - - [14/Apr/2025:21:58:55 -0400] "GET /finding-the-best-german-lessons-near-you/ HTTP/1.1" 200 10645 "-" "Mozilla/5.0 (compatible; MJ12bot/v1.4.8; http://mj12bot.com/)"
2001:41d0:303:374::1 - - [14/Apr/2025:21:58:57 -0400] "GET /flexible-work-opportunities-the-rise-of-part-time-jobs/ HTTP/1.1" 200 10434 "-" "Mozilla/5.0 (compatible; MJ12bot/v1.4.8; http://mj12bot.com/)"
2001:41d0:303:374::1 - - [14/Apr/2025:21:59:00 -0400] "GET /maximizing-efficiency-the-typing-speed-test/ HTTP/1.1" 200 10387 "-" "Mozilla/5.0 (compatible; MJ12bot/v1.4.8; http://mj12bot.com/)"
101.32.31.38 - - [14/Apr/2025:21:59:02 -0400] "HEAD /WordPress HTTP/1.1" 404 0 "http://garantishell.com/WordPress" "Mozilla/5.0 (X11; Linux x86_64) AppleWebKit/537.36 (KHTML, like Gecko) Chrome/96.0.4664.45 Safari/537.36"
2001:41d0:303:374::1 - - [14/Apr/2025:21:59:04 -0400] "GET /maximizing-efficiency-the-typing-speed-test/feed/ HTTP/1.1" 200 413 "-" "Mozilla/5.0 (compatible; MJ12bot/v1.4.8; http://mj12bot.com/)"
2001:41d0:303:374::1 - - [14/Apr/2025:21:59:07 -0400] "GET /navigating-the-online-gaming-landscape/ HTTP/1.1" 200 10499 "-" "Mozilla/5.0 (compatible; MJ12bot/v1.4.8; http://mj12bot.com/)"
2001:41d0:303:374::1 - - [14/Apr/2025:21:59:10 -0400] "GET /page/2/ HTTP/1.1" 200 10198 "-" "Mozilla/5.0 (compatible; MJ12bot/v1.4.8; http://mj12bot.com/)"
2001:41d0:303:374::1 - - [14/Apr/2025:21:59:13 -0400] "GET /page/3/ HTTP/1.1" 200 9850 "-" "Mozilla/5.0 (compatible; MJ12bot/v1.4.8; http://mj12bot.com/)"
2001:41d0:303:374::1 - - [14/Apr/2025:21:59:15 -0400] "GET /rejuvenate-your-mind-and-body-the-benefits-of-business-trip-massage/ HTTP/1.1" 200 10532 "-" "Mozilla/5.0 (compatible; MJ12bot/v1.4.8; http://mj12bot.com/)"
198.54.114.83 - - [14/Apr/2025:21:59:20 -0400] "POST /wp-cron.php?doing_wp_cron=1744682359.5893731117248535156250 HTTP/1.1" 200 0 "-" "WordPress/6.7.1; https://garantishell.com"
2001:41d0:303:374::1 - - [14/Apr/2025:21:59:19 -0400] "GET /smart-strategies-for-cutting-tire-costs/feed/ HTTP/1.1" 200 402 "-" "Mozilla/5.0 (compatible; MJ12bot/v1.4.8; http://mj12bot.com/)"
198.54.114.83 - - [14/Apr/2025:21:59:21 -0400] "POST /wp-admin/admin-ajax.php?action=async_litespeed&nonce=MZJuyhKoHoFGm5YZ9pB6OLEr5xsP6NwS&litespeed_type=imgoptm HTTP/1.1" 200 0 "-" "WordPress/6.7.1; https://garantishell.com"
2001:41d0:303:374::1 - - [14/Apr/2025:21:59:22 -0400] "GET /straighten-your-neck-and-strengthen-your-posture/feed/ HTTP/1.1" 200 417 "-" "Mozilla/5.0 (compatible; MJ12bot/v1.4.8; http://mj12bot.com/)"
2001:41d0:303:374::1 - - [14/Apr/2025:21:59:26 -0400] "GET /stressfrei-und-professionell/ HTTP/1.1" 200 10525 "-" "Mozilla/5.0 (compatible; MJ12bot/v1.4.8; http://mj12bot.com/)"
2001:41d0:303:374::1 - - [14/Apr/2025:21:59:29 -0400] "GET /the-rise-of-football-betting-sites/ HTTP/1.1" 200 10561 "-" "Mozilla/5.0 (compatible; MJ12bot/v1.4.8; http://mj12bot.com/)"
2001:41d0:303:374::1 - - [14/Apr/2025:21:59:31 -0400] "GET /the-rise-of-football-betting-sites/feed/ HTTP/1.1" 200 402 "-" "Mozilla/5.0 (compatible; MJ12bot/v1.4.8; http://mj12bot.com/)"
195.191.219.133 - - [14/Apr/2025:21:59:37 -0400] "GET /robots.txt HTTP/1.1" 200 97 "-" "Mozilla/5.0 (compatible; MJ12bot/v2.0.0; http://mj12bot.com/)"
2001:41d0:303:374::1 - - [14/Apr/2025:21:59:36 -0400] "GET /the-secrets-of-tretinoin-cream-a-guide-to-purchase-and-use/ HTTP/1.1" 200 10600 "-" "Mozilla/5.0 (compatible; MJ12bot/v1.4.8; http://mj12bot.com/)"
195.191.219.133 - - [14/Apr/2025:21:59:38 -0400] "GET / HTTP/1.1" 200 9272 "-" "Mozilla/5.0 (compatible; MJ12bot/v2.0.0; http://mj12bot.com/)"
2001:41d0:303:374::1 - - [14/Apr/2025:21:59:40 -0400] "GET /the-thrill-of-online-casino-entertainment/ HTTP/1.1" 200 11079 "-" "Mozilla/5.0 (compatible; MJ12bot/v1.4.8; http://mj12bot.com/)"
2001:41d0:303:374::1 - - [14/Apr/2025:21:59:42 -0400] "GET /umzugskosten-in-luneburg-was-kostet-ein-umzugsunternehmen/ HTTP/1.1" 200 10819 "-" "Mozilla/5.0 (compatible; MJ12bot/v1.4.8; http://mj12bot.com/)"
2001:41d0:303:374::1 - - [14/Apr/2025:21:59:46 -0400] "GET /understanding-the-concept-of-type-tests/feed/ HTTP/1.1" 200 411 "-" "Mozilla/5.0 (compatible; MJ12bot/v1.4.8; http://mj12bot.com/)"
124.243.184.233 - - [14/Apr/2025:22:00:07 -0400] "GET /discovering-the-charm-of-a-lake-garda-resort/ HTTP/1.1" 200 10605 "https://garantishell.com/discovering-the-charm-of-a-lake-garda-resort/" "Mozilla/5.0 (Macintosh; Intel Mac OS X 10_15_7) AppleWebKit/537.36 (KHTML, like Gecko) Chrome/131.0.0.0 Safari/537.36"
198.54.114.83 - - [14/Apr/2025:22:00:54 -0400] "POST /wp-cron.php?doing_wp_cron=1744682453.5987279415130615234375 HTTP/1.1" 200 0 "-" "WordPress/6.7.1; https://garantishell.com"
101.32.31.38 - - [14/Apr/2025:22:00:52 -0400] "HEAD /wp HTTP/1.1" 404 0 "http://garantishell.com/wp" "Mozilla/5.0 (X11; Linux x86_64) AppleWebKit/537.36 (KHTML, like Gecko) Chrome/96.0.4664.45 Safari/537.36"
198.54.114.83 - - [14/Apr/2025:22:00:55 -0400] "POST /wp-admin/admin-ajax.php?action=async_litespeed&nonce=7NJaxGzsEHTa443ir9XB61GesxcMbNtl&litespeed_type=imgoptm HTTP/1.1" 200 0 "-" "WordPress/6.7.1; https://garantishell.com"
198.54.114.83 - - [14/Apr/2025:22:01:28 -0400] "POST /wp-cron.php?doing_wp_cron=1744682488.0220780372619628906250 HTTP/1.1" 200 0 "-" "WordPress/6.7.1; https://garantishell.com"
198.54.114.83 - - [14/Apr/2025:22:01:29 -0400] "POST /wp-admin/admin-ajax.php?action=async_litespeed&nonce=7Fbw8Yabmm1kcsWkam7qplSxpR199qLR&litespeed_type=imgoptm HTTP/1.1" 200 5 "-" "WordPress/6.7.1; https://garantishell.com"
51.222.253.16 - - [14/Apr/2025:22:01:27 -0400] "GET /understanding-the-basics-of-muscle-building/ HTTP/1.1" 200 10435 "-" "Mozilla/5.0 (compatible; AhrefsBot/7.0; +http://ahrefs.com/robot/)"
198.54.114.83 - - [14/Apr/2025:22:02:18 -0400] "POST /wp-cron.php?doing_wp_cron=1744682538.1699500083923339843750 HTTP/1.1" 200 0 "-" "WordPress/6.7.1; https://garantishell.com"
101.32.31.38 - - [14/Apr/2025:22:02:17 -0400] "HEAD /Wp HTTP/1.1" 404 0 "http://garantishell.com/Wp" "Mozilla/5.0 (X11; Linux x86_64) AppleWebKit/537.36 (KHTML, like Gecko) Chrome/96.0.4664.45 Safari/537.36"
198.54.114.83 - - [14/Apr/2025:22:02:20 -0400] "POST /wp-admin/admin-ajax.php?action=async_litespeed&nonce=9Bm0IVe096sE3JWkhIwUTrkbCnIMUxgv&litespeed_type=imgoptm HTTP/1.1" 200 0 "-" "WordPress/6.7.1; https://garantishell.com"
198.54.114.83 - - [14/Apr/2025:22:05:18 -0400] "POST /wp-cron.php?doing_wp_cron=1744682716.8503820896148681640625 HTTP/1.1" 200 0 "-" "WordPress/6.7.1; https://garantishell.com"
185.191.171.13 - - [14/Apr/2025:22:05:10 -0400] "GET /category/arts-entertainments/page/32/ HTTP/1.1" 200 9643 "-" "Mozilla/5.0 (compatible; SemrushBot/7~bl; +http://www.semrush.com/bot.html)"
198.54.114.83 - - [14/Apr/2025:22:05:19 -0400] "POST /wp-admin/admin-ajax.php?action=async_litespeed&nonce=TWiBwhh1vUeVBzCv25rl1P0yojo8sftM&litespeed_type=imgoptm HTTP/1.1" 200 0 "-" "WordPress/6.7.1; https://garantishell.com"
101.32.31.38 - - [14/Apr/2025:22:05:38 -0400] "HEAD /WP HTTP/1.1" 404 0 "http://garantishell.com/WP" "Mozilla/5.0 (X11; Linux x86_64) AppleWebKit/537.36 (KHTML, like Gecko) Chrome/96.0.4664.45 Safari/537.36"
52.5.242.243 - - [14/Apr/2025:22:05:51 -0400] "GET /2024/10/page/9/ HTTP/1.1" 200 9712 "-" "Mozilla/5.0 AppleWebKit/537.36 (KHTML, like Gecko; compatible; Amazonbot/0.1; +https://developer.amazon.com/support/amazonbot) Chrome/119.0.6045.214 Safari/537.36"
101.32.31.38 - - [14/Apr/2025:22:06:40 -0400] "HEAD /old HTTP/1.1" 404 0 "http://garantishell.com/old" "Mozilla/5.0 (X11; Linux x86_64) AppleWebKit/537.36 (KHTML, like Gecko) Chrome/96.0.4664.45 Safari/537.36"
198.54.114.83 - - [14/Apr/2025:22:06:42 -0400] "POST /wp-cron.php?doing_wp_cron=1744682800.8385999202728271484375 HTTP/1.1" 200 0 "-" "WordPress/6.7.1; https://garantishell.com"
51.222.253.8 - - [14/Apr/2025:22:06:44 -0400] "GET /discovering-premier-fertility-solutions-in-dubai/ HTTP/1.1" 200 10355 "-" "Mozilla/5.0 (compatible; AhrefsBot/7.0; +http://ahrefs.com/robot/)"
138.201.34.57 - - [14/Apr/2025:22:10:23 -0400] "GET /why-professional-home-inspection-services-are-essential/ HTTP/1.1" 200 10434 "-" "Mozilla/5.0 (Windows NT 10.0; Win64; x64) AppleWebKit/537.36 (KHTML, like Gecko) Chrome/114.0.0.0 Safari/537.36 Edg/114.0.1264.71"
198.54.114.83 - - [14/Apr/2025:22:10:26 -0400] "POST /wp-cron.php?doing_wp_cron=1744683025.9524509906768798828125 HTTP/1.1" 200 0 "-" "WordPress/6.7.1; https://garantishell.com"
198.54.114.83 - - [14/Apr/2025:22:10:26 -0400] "POST /wp-cron.php?doing_wp_cron=1744683025.9435899257659912109375 HTTP/1.1" 200 0 "-" "WordPress/6.7.1; https://garantishell.com"
101.32.31.38 - - [14/Apr/2025:22:10:21 -0400] "HEAD /Old HTTP/1.1" 404 0 "http://garantishell.com/Old" "Mozilla/5.0 (X11; Linux x86_64) AppleWebKit/537.36 (KHTML, like Gecko) Chrome/96.0.4664.45 Safari/537.36"
198.54.114.83 - - [14/Apr/2025:22:10:28 -0400] "POST /wp-admin/admin-ajax.php?action=async_litespeed&nonce=wBnjn1IYWgNGMGeB9hnIHy3WsZOTl2l8&litespeed_type=imgoptm HTTP/1.1" 200 0 "-" "WordPress/6.7.1; https://garantishell.com"
138.201.34.57 - - [14/Apr/2025:22:10:24 -0400] "POST /wp-comments-post.php HTTP/1.1" 302 0 "https://garantishell.com/why-professional-home-inspection-services-are-essential/" "Mozilla/5.0 (Windows NT 10.0; Win64; x64) AppleWebKit/537.36 (KHTML, like Gecko) Chrome/114.0.0.0 Safari/537.36 Edg/114.0.1264.71"
138.201.34.57 - - [14/Apr/2025:22:10:29 -0400] "GET /why-professional-home-inspection-services-are-essential/?unapproved=4260&moderation-hash=000211eb3703ee8128673ad759ba84ad HTTP/1.1" 200 11169 "https://garantishell.com/wp-comments-post.php" "Mozilla/5.0 (Windows NT 10.0; Win64; x64) AppleWebKit/537.36 (KHTML, like Gecko) Chrome/114.0.0.0 Safari/537.36 Edg/114.0.1264.71"
138.201.34.57 - - [14/Apr/2025:22:10:33 -0400] "GET /why-professional-home-inspection-services-are-essential/ HTTP/1.1" 200 10434 "-" "Mozilla/5.0 (Windows NT 10.0; Win64; x64) AppleWebKit/537.36 (KHTML, like Gecko) Chrome/114.0.0.0 Safari/537.36 Edg/114.0.1264.71"
101.32.31.38 - - [14/Apr/2025:22:11:03 -0400] "HEAD /OLD HTTP/1.1" 404 0 "http://garantishell.com/OLD" "Mozilla/5.0 (X11; Linux x86_64) AppleWebKit/537.36 (KHTML, like Gecko) Chrome/96.0.4664.45 Safari/537.36"
198.54.114.83 - - [14/Apr/2025:22:11:42 -0400] "POST /wp-cron.php?doing_wp_cron=1744683102.2815461158752441406250 HTTP/1.1" 200 0 "-" "WordPress/6.7.1; https://garantishell.com"
216.244.66.241 - - [14/Apr/2025:22:11:41 -0400] "GET /unveiling-the-power-of-the-spotify-link-shortener/feed/ HTTP/1.1" 200 421 "-" "Mozilla/5.0 (compatible; DotBot/1.2; +https://opensiteexplorer.org/dotbot; help@moz.com)"
198.54.114.83 - - [14/Apr/2025:22:11:45 -0400] "POST /wp-admin/admin-ajax.php?action=async_litespeed&nonce=f60jBoQPFFOi6gmQk4CjrJLWWBWjjvqR&litespeed_type=imgoptm HTTP/1.1" 200 0 "-" "WordPress/6.7.1; https://garantishell.com"
51.222.253.3 - - [14/Apr/2025:22:11:53 -0400] "GET /the-essentials-of-a-functional-bathroom/ HTTP/1.1" 200 10175 "-" "Mozilla/5.0 (compatible; AhrefsBot/7.0; +http://ahrefs.com/robot/)"
79.127.181.23 - - [14/Apr/2025:22:12:27 -0400] "GET / HTTP/1.1" 200 9272 "-" "Mozilla/5.0 (Windows NT 10.0; Win64; x64) AppleWebKit/537.36 (KHTML, like Gecko) Chrome/84.0.4147.89 Safari/537.36"
166.108.200.58 - - [14/Apr/2025:22:14:10 -0400] "GET /exploring-cryptocurrency-job-opportunities/ HTTP/1.1" 200 10716 "https://garantishell.com/exploring-cryptocurrency-job-opportunities/" "Mozilla/5.0 (Macintosh; Intel Mac OS X 10_15_7) AppleWebKit/537.36 (KHTML, like Gecko) Chrome/131.0.0.0 Safari/537.36"
101.32.31.38 - - [14/Apr/2025:22:14:09 -0400] "HEAD /oldsite HTTP/1.1" 200 0 "http://garantishell.com/oldsite" "Mozilla/5.0 (X11; Linux x86_64) AppleWebKit/537.36 (KHTML, like Gecko) Chrome/96.0.4664.45 Safari/537.36"
198.54.114.83 - - [14/Apr/2025:22:14:17 -0400] "POST /wp-cron.php?doing_wp_cron=1744683254.4523410797119140625000 HTTP/1.1" 200 0 "-" "WordPress/6.7.1; https://garantishell.com"
138.201.34.57 - - [14/Apr/2025:22:15:34 -0400] "GET /why-professional-home-inspection-services-are-essential/ HTTP/1.1" 200 10434 "-" "Mozilla/5.0 (Macintosh; Intel Mac OS X 12_5) AppleWebKit/537.36 (KHTML, like Gecko) Chrome/114.0.0.0 Safari/537.36 Vivaldi/5.3.2679.68"
198.54.114.83 - - [14/Apr/2025:22:17:20 -0400] "POST /wp-cron.php?doing_wp_cron=1744683438.9507400989532470703125 HTTP/1.1" 200 0 "-" "WordPress/6.7.1; https://garantishell.com"
2001:41d0:2:3ea5:: - - [14/Apr/2025:22:17:13 -0400] "POST /xmlrpc.php HTTP/1.1" 200 186 "https://garantishell.com" "Mozilla/5.0 (Macintosh; Intel Mac OS X 14_4_1) AppleWebKit/605.1.15 (KHTML, like Gecko) Version/17.3.1 Safari/605.1.15"
84.239.47.27 - - [14/Apr/2025:22:17:25 -0400] "GET /strategies-to-boost-your-likes/ HTTP/1.1" 200 10639 "https://garantishell.com/strategies-to-boost-your-likes/" "Mozilla/5.0 (Windows NT 10.0; Win64; x64) AppleWebKit/537.36 (KHTML, like Gecko) Chrome/129.0.0.0 Safari/537.36"
84.239.47.27 - - [14/Apr/2025:22:17:30 -0400] "POST /wp-comments-post.php HTTP/1.1" 302 0 "https://garantishell.com/strategies-to-boost-your-likes/" "Mozilla/5.0 (Windows NT 10.0; Win64; x64) AppleWebKit/537.36 (KHTML, like Gecko) Chrome/129.0.0.0 Safari/537.36"
84.239.47.27 - - [14/Apr/2025:22:17:36 -0400] "GET /strategies-to-boost-your-likes/ HTTP/1.1" 200 11506 "https://garantishell.com/strategies-to-boost-your-likes/#comment-4261" "Mozilla/5.0 (Windows NT 10.0; Win64; x64) AppleWebKit/537.36 (KHTML, like Gecko) Chrome/129.0.0.0 Safari/537.36"
51.222.253.1 - - [14/Apr/2025:22:17:41 -0400] "GET /discover-the-world-of-omnigenceam-com/ HTTP/1.1" 200 10594 "-" "Mozilla/5.0 (compatible; AhrefsBot/7.0; +http://ahrefs.com/robot/)"
114.119.141.73 - - [14/Apr/2025:22:18:34 -0400] "GET /2024/11/page/12/ HTTP/1.1" 200 9377 "https://garantishell.com/2024/11/page/13/" "Mozilla/5.0 (Linux; Android 7.0;) AppleWebKit/537.36 (KHTML, like Gecko) Mobile Safari/537.36 (compatible; PetalBot;+https://webmaster.petalsearch.com/site/petalbot)"
18.119.165.5 - - [14/Apr/2025:22:21:20 -0400] "GET /wp-json/wp/v2/posts/1723 HTTP/1.1" 200 4292 "-" "Mozilla/5.0 AppleWebKit/537.36 (KHTML, like Gecko; compatible; ClaudeBot/1.0; +claudebot@anthropic.com)"
198.54.114.83 - - [14/Apr/2025:22:21:24 -0400] "POST /wp-cron.php?doing_wp_cron=1744683683.0020720958709716796875 HTTP/1.1" 200 0 "-" "WordPress/6.7.1; https://garantishell.com"
18.119.165.5 - - [14/Apr/2025:22:21:20 -0400] "GET /the-healing-power-of-kambo-a-unique-medicine/feed HTTP/1.1" 301 0 "-" "Mozilla/5.0 AppleWebKit/537.36 (KHTML, like Gecko; compatible; ClaudeBot/1.0; +claudebot@anthropic.com)"
198.54.114.83 - - [14/Apr/2025:22:21:24 -0400] "POST /wp-cron.php?doing_wp_cron=1744683683.0019409656524658203125 HTTP/1.1" 200 0 "-" "WordPress/6.7.1; https://garantishell.com"
18.119.165.5 - - [14/Apr/2025:22:21:25 -0400] "GET /the-healing-power-of-kambo-a-unique-medicine/feed/ HTTP/1.1" 200 419 "-" "Mozilla/5.0 AppleWebKit/537.36 (KHTML, like Gecko; compatible; ClaudeBot/1.0; +claudebot@anthropic.com)"
135.119.137.158 - - [14/Apr/2025:22:21:42 -0400] "HEAD /wordpress HTTP/1.1" 404 0 "http://garantishell.com/wordpress" "Mozilla/5.0 (Windows NT 10.0; Win64; x64) AppleWebKit/537.36 (KHTML, like Gecko) Chrome/74.0.3729.169 Safari/537.36"
135.119.137.158 - - [14/Apr/2025:22:21:46 -0400] "HEAD / HTTP/1.1" 200 0 "http://garantishell.com/" "Mozilla/5.0 (Windows NT 10.0; Win64; x64) AppleWebKit/537.36 (KHTML, like Gecko) Chrome/74.0.3729.169 Safari/537.36"
135.119.137.158 - - [14/Apr/2025:22:21:48 -0400] "HEAD /wp HTTP/1.1" 404 0 "http://garantishell.com/wp" "Mozilla/5.0 (Windows NT 10.0; Win64; x64) AppleWebKit/537.36 (KHTML, like Gecko) Chrome/74.0.3729.169 Safari/537.36"
135.119.137.158 - - [14/Apr/2025:22:21:49 -0400] "HEAD /bc HTTP/1.1" 404 0 "http://garantishell.com/bc" "Mozilla/5.0 (Windows NT 10.0; Win64; x64) AppleWebKit/537.36 (KHTML, like Gecko) Chrome/74.0.3729.169 Safari/537.36"
135.119.137.158 - - [14/Apr/2025:22:21:52 -0400] "HEAD /bk HTTP/1.1" 404 0 "http://garantishell.com/bk" "Mozilla/5.0 (Windows NT 10.0; Win64; x64) AppleWebKit/537.36 (KHTML, like Gecko) Chrome/74.0.3729.169 Safari/537.36"
135.119.137.158 - - [14/Apr/2025:22:21:56 -0400] "HEAD /backup HTTP/1.1" 404 0 "http://garantishell.com/backup" "Mozilla/5.0 (Windows NT 10.0; Win64; x64) AppleWebKit/537.36 (KHTML, like Gecko) Chrome/74.0.3729.169 Safari/537.36"
135.119.137.158 - - [14/Apr/2025:22:21:58 -0400] "HEAD /old HTTP/1.1" 404 0 "http://garantishell.com/old" "Mozilla/5.0 (Windows NT 10.0; Win64; x64) AppleWebKit/537.36 (KHTML, like Gecko) Chrome/74.0.3729.169 Safari/537.36"
135.119.137.158 - - [14/Apr/2025:22:22:02 -0400] "HEAD /new HTTP/1.1" 404 0 "http://garantishell.com/new" "Mozilla/5.0 (Windows NT 10.0; Win64; x64) AppleWebKit/537.36 (KHTML, like Gecko) Chrome/74.0.3729.169 Safari/537.36"
135.119.137.158 - - [14/Apr/2025:22:22:05 -0400] "HEAD /main HTTP/1.1" 404 0 "http://garantishell.com/main" "Mozilla/5.0 (Windows NT 10.0; Win64; x64) AppleWebKit/537.36 (KHTML, like Gecko) Chrome/74.0.3729.169 Safari/537.36"
135.119.137.158 - - [14/Apr/2025:22:22:11 -0400] "HEAD /home HTTP/1.1" 404 0 "http://garantishell.com/home" "Mozilla/5.0 (Windows NT 10.0; Win64; x64) AppleWebKit/537.36 (KHTML, like Gecko) Chrome/74.0.3729.169 Safari/537.36"
198.54.114.83 - - [14/Apr/2025:22:24:06 -0400] "POST /wp-cron.php?doing_wp_cron=1744683844.1000521183013916015625 HTTP/1.1" 200 0 "-" "WordPress/6.7.1; https://garantishell.com"
51.222.253.3 - - [14/Apr/2025:22:23:59 -0400] "GET /trends-and-opportunities/ HTTP/1.1" 200 10448 "-" "Mozilla/5.0 (compatible; AhrefsBot/7.0; +http://ahrefs.com/robot/)"
2001:41d0:303:265e::1 - - [14/Apr/2025:22:24:53 -0400] "GET /2024/11/page/10/ HTTP/1.1" 200 9458 "-" "Mozilla/5.0 (compatible; MJ12bot/v1.4.8; http://mj12bot.com/)"
2001:41d0:303:265e::1 - - [14/Apr/2025:22:25:08 -0400] "GET /a-modern-gaming-revolutions/ HTTP/1.1" 200 10381 "-" "Mozilla/5.0 (compatible; MJ12bot/v1.4.8; http://mj12bot.com/)"
198.54.114.83 - - [14/Apr/2025:22:25:11 -0400] "POST /wp-cron.php?doing_wp_cron=1744683908.3378009796142578125000 HTTP/1.1" 200 0 "-" "WordPress/6.7.1; https://garantishell.com"
2001:41d0:303:265e::1 - - [14/Apr/2025:22:25:21 -0400] "GET /category/arts-entertainments/page/10/ HTTP/1.1" 200 9511 "-" "Mozilla/5.0 (compatible; MJ12bot/v1.4.8; http://mj12bot.com/)"
31.193.2.236 - - [14/Apr/2025:22:25:19 -0400] "POST /xmlrpc.php HTTP/1.1" 200 186 "https://garantishell.com" "Mozilla/5.0 (Windows NT 10.0; Win64; x64) AppleWebKit/537.36 (KHTML, like Gecko) Chrome/126.0.0.0 Safari/537.36 Edg/126.0.0.0"
2001:41d0:303:265e::1 - - [14/Apr/2025:22:25:26 -0400] "GET /effiziente-haushaltsauflosungen-in-luneburg/ HTTP/1.1" 200 10744 "-" "Mozilla/5.0 (compatible; MJ12bot/v1.4.8; http://mj12bot.com/)"
2001:41d0:303:265e::1 - - [14/Apr/2025:22:25:40 -0400] "GET /excellence-in-private-security-services-in-miami/ HTTP/1.1" 200 10760 "-" "Mozilla/5.0 (compatible; MJ12bot/v1.4.8; http://mj12bot.com/)"
2001:41d0:303:265e::1 - - [14/Apr/2025:22:25:49 -0400] "GET /expert-guidance-for-child-custody-cases-in-queens/ HTTP/1.1" 200 10690 "-" "Mozilla/5.0 (compatible; MJ12bot/v1.4.8; http://mj12bot.com/)"
2001:41d0:303:265e::1 - - [14/Apr/2025:22:26:00 -0400] "GET /fenbendazole-in-cancer-treatment/ HTTP/1.1" 200 10741 "-" "Mozilla/5.0 (compatible; MJ12bot/v1.4.8; http://mj12bot.com/)"
216.244.66.241 - - [14/Apr/2025:22:26:08 -0400] "GET /robots.txt HTTP/1.1" 304 0 "-" "Mozilla/5.0 (compatible; DotBot/1.2; +https://opensiteexplorer.org/dotbot; help@moz.com)"
