198.54.114.83 - - [14/Apr/2025:08:35:43 -0400] "POST /wp-cron.php?doing_wp_cron=1744634142.2202339172363281250000 HTTP/1.1" 200 0 "-" "WordPress/6.7.1; https://garantishell.com"
51.222.253.9 - - [14/Apr/2025:08:35:41 -0400] "GET /2024/09/page/8/ HTTP/1.1" 200 9338 "-" "Mozilla/5.0 (compatible; AhrefsBot/7.0; +http://ahrefs.com/robot/)"
198.54.114.83 - - [14/Apr/2025:08:35:43 -0400] "POST /wp-admin/admin-ajax.php?action=async_litespeed&nonce=jGU6xzLOW9qtDNvC2g9xKpulGSfS1Ac5&litespeed_type=imgoptm HTTP/1.1" 200 0 "-" "WordPress/6.7.1; https://garantishell.com"
198.54.114.83 - - [14/Apr/2025:08:36:54 -0400] "POST /wp-cron.php?doing_wp_cron=1744634214.5267488956451416015625 HTTP/1.1" 200 0 "-" "WordPress/6.7.1; https://garantishell.com"
198.54.114.83 - - [14/Apr/2025:08:36:54 -0400] "POST /wp-admin/admin-ajax.php?action=async_litespeed&nonce=wwpXhTO3vnit4N9Nbmctch80TCr7EPNy&litespeed_type=imgoptm HTTP/1.1" 200 5 "-" "WordPress/6.7.1; https://garantishell.com"
216.244.66.241 - - [14/Apr/2025:08:36:54 -0400] "GET /die-vorzuge-von-gerosteten-mandeln/ HTTP/1.1" 200 10644 "-" "Mozilla/5.0 (compatible; DotBot/1.2; +https://opensiteexplorer.org/dotbot; help@moz.com)"
198.54.114.83 - - [14/Apr/2025:08:39:24 -0400] "POST /wp-cron.php?doing_wp_cron=1744634362.0980200767517089843750 HTTP/1.1" 200 0 "-" "WordPress/6.7.1; https://garantishell.com"
159.138.150.132 - - [14/Apr/2025:08:39:18 -0400] "GET /a-smart-choice/ HTTP/1.1" 200 10168 "https://garantishell.com/a-smart-choice/" "Mozilla/5.0 (Windows NT 10.0; Win64; x64) AppleWebKit/537.36 (KHTML, like Gecko) Chrome/110.0.0.0 Safari/537.36"
51.222.253.9 - - [14/Apr/2025:08:39:48 -0400] "GET /2024/11/page/8/ HTTP/1.1" 200 9444 "-" "Mozilla/5.0 (compatible; AhrefsBot/7.0; +http://ahrefs.com/robot/)"
114.119.131.185 - - [14/Apr/2025:08:40:37 -0400] "GET /the-healing-power-of-kambo-a-unique-medicine/ HTTP/1.1" 200 10336 "https://garantishell.com/the-rise-of-online-poker-games/" "Mozilla/5.0 (Linux; Android 7.0;) AppleWebKit/537.36 (KHTML, like Gecko) Mobile Safari/537.36 (compatible; PetalBot;+https://webmaster.petalsearch.com/site/petalbot)"
198.54.114.83 - - [14/Apr/2025:08:40:41 -0400] "POST /wp-cron.php?doing_wp_cron=1744634438.6995511054992675781250 HTTP/1.1" 200 0 "-" "WordPress/6.7.1; https://garantishell.com"
198.54.114.83 - - [14/Apr/2025:08:44:26 -0400] "POST /wp-cron.php?doing_wp_cron=1744634665.9722239971160888671875 HTTP/1.1" 200 0 "-" "WordPress/6.7.1; https://garantishell.com"
51.222.253.13 - - [14/Apr/2025:08:44:22 -0400] "GET /des-panneaux-en-pvc-au-look-marbre-elegance-et-durabilite/ HTTP/1.1" 200 10403 "-" "Mozilla/5.0 (compatible; AhrefsBot/7.0; +http://ahrefs.com/robot/)"
198.54.114.83 - - [14/Apr/2025:08:44:28 -0400] "POST /wp-admin/admin-ajax.php?action=async_litespeed&nonce=qBK9gTHoF0fGLar2s5XOKDnboEXwn9Gy&litespeed_type=imgoptm HTTP/1.1" 200 0 "-" "WordPress/6.7.1; https://garantishell.com"
31.129.79.28 - - [14/Apr/2025:08:48:28 -0400] "GET /designing-a-lasting-impression/ HTTP/1.1" 200 10440 "-" "Screaming Frog SEO Spider/21.4"
198.54.114.83 - - [14/Apr/2025:08:48:40 -0400] "POST /wp-cron.php?doing_wp_cron=1744634919.0513770580291748046875 HTTP/1.1" 200 0 "-" "WordPress/6.7.1; https://garantishell.com"
51.222.253.19 - - [14/Apr/2025:08:48:35 -0400] "GET /2024/11/page/13/ HTTP/1.1" 200 9589 "-" "Mozilla/5.0 (compatible; AhrefsBot/7.0; +http://ahrefs.com/robot/)"
185.218.124.157 - - [14/Apr/2025:08:49:19 -0400] "POST /wp-login.php HTTP/1.1" 200 1861 "https://garantishell.com" "Mozilla/5.0 (Windows NT 10.0; Win64; x64; rv:127.0) Gecko/20100101 Firefox/127.0"
17.246.23.206 - - [14/Apr/2025:08:50:32 -0400] "GET /wp-includes/js/jquery/jquery-migrate.min.js?ver=3.4.1 HTTP/1.1" 304 0 "https://garantishell.com/elegance-intemporelle-des-panneaux-muraux-en-marbre/" "Mozilla/5.0 (Macintosh; Intel Mac OS X 10_15_7) AppleWebKit/605.1.15 (KHTML, like Gecko) Version/17.4 Safari/605.1.15 (Applebot/0.1; +http://www.apple.com/go/applebot)"
17.246.15.185 - - [14/Apr/2025:08:50:32 -0400] "GET /wp-includes/js/jquery/jquery.min.js?ver=3.7.1 HTTP/1.1" 304 0 "https://garantishell.com/elegance-intemporelle-des-panneaux-muraux-en-marbre/" "Mozilla/5.0 (Macintosh; Intel Mac OS X 10_15_7) AppleWebKit/605.1.15 (KHTML, like Gecko) Version/17.4 Safari/605.1.15 (Applebot/0.1; +http://www.apple.com/go/applebot)"
17.246.19.145 - - [14/Apr/2025:08:50:33 -0400] "GET /wp-content/themes/world-news/assets/js/navigation.min.js?ver=1.1.1 HTTP/1.1" 304 0 "https://garantishell.com/elegance-intemporelle-des-panneaux-muraux-en-marbre/" "Mozilla/5.0 (Macintosh; Intel Mac OS X 10_15_7) AppleWebKit/605.1.15 (KHTML, like Gecko) Version/17.4 Safari/605.1.15 (Applebot/0.1; +http://www.apple.com/go/applebot)"
17.246.15.154 - - [14/Apr/2025:08:50:33 -0400] "GET /wp-content/themes/world-news/assets/js/slick.min.js?ver=1.8.1 HTTP/1.1" 304 0 "https://garantishell.com/elegance-intemporelle-des-panneaux-muraux-en-marbre/" "Mozilla/5.0 (Macintosh; Intel Mac OS X 10_15_7) AppleWebKit/605.1.15 (KHTML, like Gecko) Version/17.4 Safari/605.1.15 (Applebot/0.1; +http://www.apple.com/go/applebot)"
17.246.19.125 - - [14/Apr/2025:08:50:34 -0400] "GET /wp-content/themes/world-news/assets/js/jquery.marquee.min.js?ver=1.6.0 HTTP/1.1" 304 0 "https://garantishell.com/elegance-intemporelle-des-panneaux-muraux-en-marbre/" "Mozilla/5.0 (Macintosh; Intel Mac OS X 10_15_7) AppleWebKit/605.1.15 (KHTML, like Gecko) Version/17.4 Safari/605.1.15 (Applebot/0.1; +http://www.apple.com/go/applebot)"
17.246.19.194 - - [14/Apr/2025:08:50:34 -0400] "GET /wp-content/themes/world-news/assets/js/custom.min.js?ver=1.1.1 HTTP/1.1" 304 0 "https://garantishell.com/elegance-intemporelle-des-panneaux-muraux-en-marbre/" "Mozilla/5.0 (Macintosh; Intel Mac OS X 10_15_7) AppleWebKit/605.1.15 (KHTML, like Gecko) Version/17.4 Safari/605.1.15 (Applebot/0.1; +http://www.apple.com/go/applebot)"
17.246.19.78 - - [14/Apr/2025:08:50:35 -0400] "GET /wp-includes/js/comment-reply.min.js?ver=6.7.1 HTTP/1.1" 304 0 "https://garantishell.com/elegance-intemporelle-des-panneaux-muraux-en-marbre/" "Mozilla/5.0 (Macintosh; Intel Mac OS X 10_15_7) AppleWebKit/605.1.15 (KHTML, like Gecko) Version/17.4 Safari/605.1.15 (Applebot/0.1; +http://www.apple.com/go/applebot)"
17.246.19.217 - - [14/Apr/2025:08:50:35 -0400] "GET /wp-includes/js/wp-emoji-release.min.js?ver=6.7.1 HTTP/1.1" 304 0 "https://garantishell.com/elegance-intemporelle-des-panneaux-muraux-en-marbre/" "Mozilla/5.0 (Macintosh; Intel Mac OS X 10_15_7) AppleWebKit/605.1.15 (KHTML, like Gecko) Version/17.4 Safari/605.1.15 (Applebot/0.1; +http://www.apple.com/go/applebot)"
66.249.79.130 - - [14/Apr/2025:08:51:11 -0400] "GET /robots.txt HTTP/1.1" 304 0 "-" "Mozilla/5.0 (compatible; Googlebot/2.1; +http://www.google.com/bot.html)"
198.54.114.83 - - [14/Apr/2025:08:51:14 -0400] "POST /wp-cron.php?doing_wp_cron=1744635074.7819778919219970703125 HTTP/1.1" 200 0 "-" "WordPress/6.7.1; https://garantishell.com"
66.249.79.128 - - [14/Apr/2025:08:51:12 -0400] "GET /category/technology/feed/ HTTP/1.1" 200 1764 "-" "Mozilla/5.0 (Linux; Android 6.0.1; Nexus 5X Build/MMB29P) AppleWebKit/537.36 (KHTML, like Gecko) Chrome/135.0.7049.84 Mobile Safari/537.36 (compatible; Googlebot/2.1; +http://www.google.com/bot.html)"
198.54.114.83 - - [14/Apr/2025:08:51:16 -0400] "POST /wp-admin/admin-ajax.php?action=async_litespeed&nonce=PyjWKfYKQRhVjxBezM6oj03kgLiEAKah&litespeed_type=imgoptm HTTP/1.1" 200 5 "-" "WordPress/6.7.1; https://garantishell.com"
185.191.171.2 - - [14/Apr/2025:08:53:03 -0400] "GET /category/arts-entertainments/page/6/ HTTP/1.1" 200 9834 "-" "Mozilla/5.0 (compatible; SemrushBot/7~bl; +http://www.semrush.com/bot.html)"
198.54.114.83 - - [14/Apr/2025:08:54:05 -0400] "POST /wp-cron.php?doing_wp_cron=1744635244.8465468883514404296875 HTTP/1.1" 200 0 "-" "WordPress/6.7.1; https://garantishell.com"
51.222.253.19 - - [14/Apr/2025:08:54:01 -0400] "GET /2024/09/page/9/ HTTP/1.1" 200 9559 "-" "Mozilla/5.0 (compatible; AhrefsBot/7.0; +http://ahrefs.com/robot/)"
198.54.114.83 - - [14/Apr/2025:08:54:06 -0400] "POST /wp-admin/admin-ajax.php?action=async_litespeed&nonce=cpqUcrtyL9w9HacjoqH3uDmagdNzoGjd&litespeed_type=imgoptm HTTP/1.1" 200 0 "-" "WordPress/6.7.1; https://garantishell.com"
124.243.185.13 - - [14/Apr/2025:08:54:17 -0400] "GET /a-stellar-journey-into-crypto/ HTTP/1.1" 200 10216 "https://garantishell.com/a-stellar-journey-into-crypto/#primary" "Mozilla/5.0 (Windows NT 10.0; Win64; x64) AppleWebKit/537.36 (KHTML, like Gecko) Chrome/104.0.0.0 Safari/537.36"
185.191.171.14 - - [14/Apr/2025:08:56:16 -0400] "GET /2024/10/ HTTP/1.1" 200 9334 "-" "Mozilla/5.0 (compatible; SemrushBot/7~bl; +http://www.semrush.com/bot.html)"
154.30.252.22 - - [14/Apr/2025:08:58:01 -0400] "GET /the-superiority-of-pex-water-pipes/ HTTP/1.1" 200 10558 "-" "Mozilla/5.0 (X11; Linux x86_64) AppleWebKit/537.36 (KHTML, like Gecko) Chrome/106.0.0.0 Safari/537.36"
198.54.114.83 - - [14/Apr/2025:08:59:24 -0400] "POST /wp-cron.php?doing_wp_cron=1744635563.7101960182189941406250 HTTP/1.1" 200 0 "-" "WordPress/6.7.1; https://garantishell.com"
198.54.114.83 - - [14/Apr/2025:08:59:25 -0400] "POST /wp-admin/admin-ajax.php?action=async_litespeed&nonce=OGSaMO5ZDMtEvJ6h3zhtGbcxFbh9fZPg&litespeed_type=imgoptm HTTP/1.1" 200 0 "-" "WordPress/6.7.1; https://garantishell.com"
51.222.253.12 - - [14/Apr/2025:08:59:17 -0400] "GET /unveiling-the-future-of-digital-assets-ceti-crypto/ HTTP/1.1" 200 10586 "-" "Mozilla/5.0 (compatible; AhrefsBot/7.0; +http://ahrefs.com/robot/)"
198.54.114.83 - - [14/Apr/2025:09:03:10 -0400] "POST /wp-cron.php?doing_wp_cron=1744635789.6470749378204345703125 HTTP/1.1" 200 0 "-" "WordPress/6.7.1; https://garantishell.com"
35.238.203.213 - - [14/Apr/2025:09:03:05 -0400] "POST /wp-login.php HTTP/1.1" 200 1861 "https://garantishell.com" "Mozilla/5.0 (Windows NT 10.0; Win64; x64) AppleWebKit/537.36 (KHTML, like Gecko) Chrome/114.0.5735.134 Safari/537.36"
51.222.253.2 - - [14/Apr/2025:09:04:04 -0400] "GET /page/10/ HTTP/1.1" 200 9667 "-" "Mozilla/5.0 (compatible; AhrefsBot/7.0; +http://ahrefs.com/robot/)"
66.249.79.129 - - [14/Apr/2025:09:06:47 -0400] "GET /mastering-sms-marketing-for-success/ HTTP/1.1" 200 10846 "-" "Mozilla/5.0 (Linux; Android 6.0.1; Nexus 5X Build/MMB29P) AppleWebKit/537.36 (KHTML, like Gecko) Chrome/135.0.7049.52 Mobile Safari/537.36 (compatible; Googlebot/2.1; +http://www.google.com/bot.html)"
66.249.79.128 - - [14/Apr/2025:09:06:57 -0400] "GET /wp-includes/js/jquery/jquery-migrate.min.js?ver=3.4.1 HTTP/1.1" 200 4678 "https://garantishell.com/mastering-sms-marketing-for-success/" "Mozilla/5.0 (Linux; Android 6.0.1; Nexus 5X Build/MMB29P) AppleWebKit/537.36 (KHTML, like Gecko) Chrome/134.0.6998.165 Mobile Safari/537.36 (compatible; Googlebot/2.1; +http://www.google.com/bot.html)"
66.249.79.129 - - [14/Apr/2025:09:06:58 -0400] "GET /wp-content/themes/world-news/assets/css/fontawesome.min.css?ver=6.4.2 HTTP/1.1" 200 17670 "https://garantishell.com/mastering-sms-marketing-for-success/" "Mozilla/5.0 (Linux; Android 6.0.1; Nexus 5X Build/MMB29P) AppleWebKit/537.36 (KHTML, like Gecko) Chrome/134.0.6998.165 Mobile Safari/537.36 (compatible; Googlebot/2.1; +http://www.google.com/bot.html)"
66.249.79.128 - - [14/Apr/2025:09:06:59 -0400] "GET /wp-content/themes/world-news/assets/js/navigation.min.js?ver=1.1.1 HTTP/1.1" 200 506 "https://garantishell.com/mastering-sms-marketing-for-success/" "Mozilla/5.0 (Linux; Android 6.0.1; Nexus 5X Build/MMB29P) AppleWebKit/537.36 (KHTML, like Gecko) Chrome/134.0.6998.165 Mobile Safari/537.36 (compatible; Googlebot/2.1; +http://www.google.com/bot.html)"
66.249.79.128 - - [14/Apr/2025:09:07:01 -0400] "GET /wp-content/fonts/72ad791040fad86bee822d72b5a5a7bb.css HTTP/1.1" 200 518 "https://garantishell.com/mastering-sms-marketing-for-success/" "Mozilla/5.0 (Linux; Android 6.0.1; Nexus 5X Build/MMB29P) AppleWebKit/537.36 (KHTML, like Gecko) Chrome/134.0.6998.165 Mobile Safari/537.36 (compatible; Googlebot/2.1; +http://www.google.com/bot.html)"
66.249.79.130 - - [14/Apr/2025:09:07:02 -0400] "GET /wp-includes/js/jquery/jquery.min.js?ver=3.7.1 HTTP/1.1" 200 29744 "https://garantishell.com/mastering-sms-marketing-for-success/" "Mozilla/5.0 (Linux; Android 6.0.1; Nexus 5X Build/MMB29P) AppleWebKit/537.36 (KHTML, like Gecko) Chrome/134.0.6998.165 Mobile Safari/537.36 (compatible; Googlebot/2.1; +http://www.google.com/bot.html)"
66.249.79.129 - - [14/Apr/2025:09:07:03 -0400] "GET /wp-content/themes/world-news/assets/js/custom.min.js?ver=1.1.1 HTTP/1.1" 200 1027 "https://garantishell.com/mastering-sms-marketing-for-success/" "Mozilla/5.0 (Linux; Android 6.0.1; Nexus 5X Build/MMB29P) AppleWebKit/537.36 (KHTML, like Gecko) Chrome/134.0.6998.165 Mobile Safari/537.36 (compatible; Googlebot/2.1; +http://www.google.com/bot.html)"
66.249.79.128 - - [14/Apr/2025:09:07:05 -0400] "GET /wp-includes/css/dist/block-library/style.min.css?ver=6.7.1 HTTP/1.1" 200 14225 "https://garantishell.com/mastering-sms-marketing-for-success/" "Mozilla/5.0 (Linux; Android 6.0.1; Nexus 5X Build/MMB29P) AppleWebKit/537.36 (KHTML, like Gecko) Chrome/134.0.6998.165 Mobile Safari/537.36 (compatible; Googlebot/2.1; +http://www.google.com/bot.html)"
66.249.79.130 - - [14/Apr/2025:09:07:05 -0400] "GET /wp-content/themes/world-news/assets/css/slick.min.css?ver=1.8.1 HTTP/1.1" 200 395 "https://garantishell.com/mastering-sms-marketing-for-success/" "Mozilla/5.0 (Linux; Android 6.0.1; Nexus 5X Build/MMB29P) AppleWebKit/537.36 (KHTML, like Gecko) Chrome/134.0.6998.165 Mobile Safari/537.36 (compatible; Googlebot/2.1; +http://www.google.com/bot.html)"
66.249.79.129 - - [14/Apr/2025:09:07:09 -0400] "GET /wp-includes/js/comment-reply.min.js?ver=6.7.1 HTTP/1.1" 200 1247 "https://garantishell.com/mastering-sms-marketing-for-success/" "Mozilla/5.0 (Linux; Android 6.0.1; Nexus 5X Build/MMB29P) AppleWebKit/537.36 (KHTML, like Gecko) Chrome/134.0.6998.165 Mobile Safari/537.36 (compatible; Googlebot/2.1; +http://www.google.com/bot.html)"
198.54.114.83 - - [14/Apr/2025:09:07:42 -0400] "POST /wp-cron.php?doing_wp_cron=1744636060.7253890037536621093750 HTTP/1.1" 200 0 "-" "WordPress/6.7.1; https://garantishell.com"
51.222.253.15 - - [14/Apr/2025:09:07:36 -0400] "GET /navigating-the-complexities-of-gambling-payment-processing/ HTTP/1.1" 200 10580 "-" "Mozilla/5.0 (compatible; AhrefsBot/7.0; +http://ahrefs.com/robot/)"
198.54.114.83 - - [14/Apr/2025:09:10:02 -0400] "POST /wp-cron.php?doing_wp_cron=1744636201.3393740653991699218750 HTTP/1.1" 200 0 "-" "WordPress/6.7.1; https://garantishell.com"
111.119.214.203 - - [14/Apr/2025:09:09:56 -0400] "GET /key-insights-and-benefits/ HTTP/1.1" 200 10307 "https://garantishell.com/key-insights-and-benefits/#primary" "Mozilla/5.0 (Windows NT 10.0; Win64; x64) AppleWebKit/537.36 (KHTML, like Gecko) Chrome/110.0.0.0 Safari/537.36"
198.54.114.83 - - [14/Apr/2025:09:11:16 -0400] "POST /wp-cron.php?doing_wp_cron=1744636275.8727259635925292968750 HTTP/1.1" 200 0 "-" "WordPress/6.7.1; https://garantishell.com"
51.222.253.3 - - [14/Apr/2025:09:11:15 -0400] "GET /2024/10/page/8/ HTTP/1.1" 200 9546 "-" "Mozilla/5.0 (compatible; AhrefsBot/7.0; +http://ahrefs.com/robot/)"
198.54.114.83 - - [14/Apr/2025:09:11:18 -0400] "POST /wp-admin/admin-ajax.php?action=async_litespeed&nonce=leQT4LewHu9gomDHraeoyW9h7zDVtOr7&litespeed_type=imgoptm HTTP/1.1" 200 0 "-" "WordPress/6.7.1; https://garantishell.com"
198.54.114.83 - - [14/Apr/2025:09:14:46 -0400] "POST /wp-cron.php?doing_wp_cron=1744636484.1170220375061035156250 HTTP/1.1" 200 0 "-" "WordPress/6.7.1; https://garantishell.com"
51.222.253.4 - - [14/Apr/2025:09:14:39 -0400] "GET /author/admin/page/11/ HTTP/1.1" 200 9401 "-" "Mozilla/5.0 (compatible; AhrefsBot/7.0; +http://ahrefs.com/robot/)"
198.54.114.83 - - [14/Apr/2025:09:16:50 -0400] "POST /wp-cron.php?doing_wp_cron=1744636609.9568130970001220703125 HTTP/1.1" 200 0 "-" "WordPress/6.7.1; https://garantishell.com"
31.172.67.59 - - [14/Apr/2025:09:16:47 -0400] "POST /wp-login.php HTTP/1.1" 200 1861 "https://garantishell.com" "Mozilla/5.0 (Macintosh; Intel Mac OS X 14.3) AppleWebKit/614.31.14 (KHTML, like Gecko) Version/17.0.96 Safari/614.31.14"
198.54.114.83 - - [14/Apr/2025:09:16:51 -0400] "POST /wp-admin/admin-ajax.php?action=async_litespeed&nonce=YxRFEsA2LZwlI03hIC6zPcLQTfdDXB7J&litespeed_type=imgoptm HTTP/1.1" 200 5 "-" "WordPress/6.7.1; https://garantishell.com"
118.67.205.225 - - [14/Apr/2025:09:17:24 -0400] "GET /why-professional-home-inspection-services-are-essential/ HTTP/1.1" 200 10434 "-" "Mozilla/5.0 (Macintosh; Intel Mac OS X 12.5; rv:114.0) Gecko/20100101 Firefox/114.0"
198.54.114.83 - - [14/Apr/2025:09:17:28 -0400] "POST /wp-cron.php?doing_wp_cron=1744636647.3246269226074218750000 HTTP/1.1" 200 0 "-" "WordPress/6.7.1; https://garantishell.com"
118.67.205.225 - - [14/Apr/2025:09:17:26 -0400] "POST /wp-comments-post.php HTTP/1.1" 302 0 "https://garantishell.com/why-professional-home-inspection-services-are-essential/" "Mozilla/5.0 (Macintosh; Intel Mac OS X 12.5; rv:114.0) Gecko/20100101 Firefox/114.0"
118.67.205.225 - - [14/Apr/2025:09:17:31 -0400] "GET /why-professional-home-inspection-services-are-essential/?unapproved=4238&moderation-hash=b75da89349c01d3fb56c1543f378cb72 HTTP/1.1" 200 11067 "https://garantishell.com/wp-comments-post.php" "Mozilla/5.0 (Macintosh; Intel Mac OS X 12.5; rv:114.0) Gecko/20100101 Firefox/114.0"
118.67.205.225 - - [14/Apr/2025:09:17:35 -0400] "GET /why-professional-home-inspection-services-are-essential/ HTTP/1.1" 200 10434 "-" "Mozilla/5.0 (Macintosh; Intel Mac OS X 12.5; rv:114.0) Gecko/20100101 Firefox/114.0"
85.208.96.211 - - [14/Apr/2025:09:18:14 -0400] "GET /elite-sport-socks/ HTTP/1.1" 200 10654 "-" "Mozilla/5.0 (compatible; SemrushBot/7~bl; +http://www.semrush.com/bot.html)"
198.54.114.83 - - [14/Apr/2025:09:18:49 -0400] "POST /wp-cron.php?doing_wp_cron=1744636728.7101910114288330078125 HTTP/1.1" 200 0 "-" "WordPress/6.7.1; https://garantishell.com"
198.54.114.83 - - [14/Apr/2025:09:18:51 -0400] "POST /wp-admin/admin-ajax.php?action=async_litespeed&nonce=SvKlSBWaWTvSD5Vr6Tx0MGQF57Zig0Oy&litespeed_type=imgoptm HTTP/1.1" 200 0 "-" "WordPress/6.7.1; https://garantishell.com"
51.222.253.16 - - [14/Apr/2025:09:18:47 -0400] "GET /a-guide-to-top-choices/ HTTP/1.1" 200 10347 "-" "Mozilla/5.0 (compatible; AhrefsBot/7.0; +http://ahrefs.com/robot/)"
198.54.114.83 - - [14/Apr/2025:09:22:39 -0400] "POST /wp-cron.php?doing_wp_cron=1744636958.7258820533752441406250 HTTP/1.1" 200 0 "-" "WordPress/6.7.1; https://garantishell.com"
51.222.253.9 - - [14/Apr/2025:09:22:34 -0400] "GET /lascesa-dei-funko-pop-pokemon/ HTTP/1.1" 200 10357 "-" "Mozilla/5.0 (compatible; AhrefsBot/7.0; +http://ahrefs.com/robot/)"
198.54.114.83 - - [14/Apr/2025:09:22:40 -0400] "POST /wp-admin/admin-ajax.php?action=async_litespeed&nonce=05wz17SopBxRIbVM7sJZXbB55QhPdLen&litespeed_type=imgoptm HTTP/1.1" 200 5 "-" "WordPress/6.7.1; https://garantishell.com"
198.54.114.83 - - [14/Apr/2025:09:24:19 -0400] "POST /wp-cron.php?doing_wp_cron=1744637058.5811328887939453125000 HTTP/1.1" 200 0 "-" "WordPress/6.7.1; https://garantishell.com"
111.119.232.55 - - [14/Apr/2025:09:24:16 -0400] "GET /the-art-and-ethics-of-high-quality-nude-photography/ HTTP/1.1" 200 10258 "https://garantishell.com/the-art-and-ethics-of-high-quality-nude-photography/" "Mozilla/5.0 (Windows NT 10.0; Win64; x64) AppleWebKit/537.36 (KHTML, like Gecko) Chrome/107.0.0.0 Safari/537.36"
198.54.114.83 - - [14/Apr/2025:09:24:21 -0400] "POST /wp-admin/admin-ajax.php?action=async_litespeed&nonce=fnzuDzzIR2haEiPVsXBzQqMm0dotFYMH&litespeed_type=imgoptm HTTP/1.1" 200 0 "-" "WordPress/6.7.1; https://garantishell.com"
198.54.114.83 - - [14/Apr/2025:09:26:19 -0400] "POST /wp-cron.php?doing_wp_cron=1744637178.3826479911804199218750 HTTP/1.1" 200 0 "-" "WordPress/6.7.1; https://garantishell.com"
51.222.253.18 - - [14/Apr/2025:09:26:15 -0400] "GET /elegance-in-every-stitch-the-timeless-allure-of-leather-handbags/ HTTP/1.1" 200 10914 "-" "Mozilla/5.0 (compatible; AhrefsBot/7.0; +http://ahrefs.com/robot/)"
185.57.11.246 - - [14/Apr/2025:09:26:32 -0400] "POST /wp-login.php HTTP/1.1" 200 1888 "https://garantishell.com" "Mozilla/5.0 (Windows NT 10.0; Win64; x64) AppleWebKit/537.36 (KHTML, like Gecko) Chrome/114.0.5735.199 Safari/537.36 Edg/114.0.1823.67"
198.54.114.83 - - [14/Apr/2025:09:29:27 -0400] "POST /wp-cron.php?doing_wp_cron=1744637367.2542328834533691406250 HTTP/1.1" 200 0 "-" "WordPress/6.7.1; https://garantishell.com"
51.222.253.7 - - [14/Apr/2025:09:29:23 -0400] "GET /author/admin/page/86/ HTTP/1.1" 200 9723 "-" "Mozilla/5.0 (compatible; AhrefsBot/7.0; +http://ahrefs.com/robot/)"
198.54.114.83 - - [14/Apr/2025:09:29:28 -0400] "POST /wp-admin/admin-ajax.php?action=async_litespeed&nonce=j9UYFZSLENUGPizwB9dJd0uvyVub1u7V&litespeed_type=imgoptm HTTP/1.1" 200 0 "-" "WordPress/6.7.1; https://garantishell.com"
198.54.114.83 - - [14/Apr/2025:09:32:51 -0400] "POST /wp-cron.php?doing_wp_cron=1744637570.9127509593963623046875 HTTP/1.1" 200 0 "-" "WordPress/6.7.1; https://garantishell.com"
51.222.253.16 - - [14/Apr/2025:09:32:47 -0400] "GET /celebrating-pesach-2025-exciting-programs-ahead/ HTTP/1.1" 200 10669 "-" "Mozilla/5.0 (compatible; AhrefsBot/7.0; +http://ahrefs.com/robot/)"
198.54.114.83 - - [14/Apr/2025:09:32:52 -0400] "POST /wp-admin/admin-ajax.php?action=async_litespeed&nonce=hNr0juJ3zFCmjzihN7IG9jPmriGeXsz1&litespeed_type=imgoptm HTTP/1.1" 200 0 "-" "WordPress/6.7.1; https://garantishell.com"
198.54.114.83 - - [14/Apr/2025:09:34:01 -0400] "POST /wp-cron.php?doing_wp_cron=1744637640.6612730026245117187500 HTTP/1.1" 200 0 "-" "WordPress/6.7.1; https://garantishell.com"
216.244.66.241 - - [14/Apr/2025:09:34:00 -0400] "GET /the-rise-of-digital-wedding-invitations/feed/ HTTP/1.1" 200 407 "-" "Mozilla/5.0 (compatible; DotBot/1.2; +https://opensiteexplorer.org/dotbot; help@moz.com)"
198.54.114.83 - - [14/Apr/2025:09:34:02 -0400] "POST /wp-admin/admin-ajax.php?action=async_litespeed&nonce=E7tZb1Jp2pk0FEBxrIYvj1a7AXqZriz0&litespeed_type=imgoptm HTTP/1.1" 200 0 "-" "WordPress/6.7.1; https://garantishell.com"
198.54.114.83 - - [14/Apr/2025:09:37:09 -0400] "POST /wp-cron.php?doing_wp_cron=1744637828.1888339519500732421875 HTTP/1.1" 200 0 "-" "WordPress/6.7.1; https://garantishell.com"
51.222.253.6 - - [14/Apr/2025:09:37:04 -0400] "GET /page/11/ HTTP/1.1" 200 9487 "-" "Mozilla/5.0 (compatible; AhrefsBot/7.0; +http://ahrefs.com/robot/)"
198.54.114.83 - - [14/Apr/2025:09:37:09 -0400] "POST /wp-admin/admin-ajax.php?action=async_litespeed&nonce=KqJLm3c1w7lzjVVEFR6cEp4r8UcgxaKV&litespeed_type=imgoptm HTTP/1.1" 200 5 "-" "WordPress/6.7.1; https://garantishell.com"
93.113.124.226 - - [14/Apr/2025:09:37:23 -0400] "GET /die-kunst-des-loslassens/ HTTP/1.1" 200 0 "-" "Mozilla/5.0 (Macintosh; Intel Mac OS X 10_15_7) AppleWebKit/537.36 (KHTML, like Gecko) Chrome/104.0.0.0 Safari/537.36"
134.199.76.189 - - [14/Apr/2025:09:37:24 -0400] "GET /discover-your-dream-home-houses-for-sale-in-san-rafael-ca/ HTTP/1.1" 200 0 "-" "Mozilla/5.0 (Macintosh; Intel Mac OS X 10_15_7) AppleWebKit/537.36 (KHTML, like Gecko) Chrome/104.0.0.0 Safari/537.36"
198.54.114.83 - - [14/Apr/2025:09:37:25 -0400] "POST /wp-cron.php?doing_wp_cron=1744637844.7862870693206787109375 HTTP/1.1" 200 0 "-" "WordPress/6.7.1; https://garantishell.com"
198.54.114.83 - - [14/Apr/2025:09:37:25 -0400] "POST /wp-admin/admin-ajax.php?action=async_litespeed&nonce=fhO4oVb581jHTyTP23nf5d6FghCDHoKH&litespeed_type=imgoptm HTTP/1.1" 200 0 "-" "WordPress/6.7.1; https://garantishell.com"
194.135.132.2 - - [14/Apr/2025:09:37:25 -0400] "GET /the-allure-of-retro-bowl-in-modern-gaming/ HTTP/1.1" 200 10716 "-" "Mozilla/5.0 (Macintosh; Intel Mac OS X 10_15_7) AppleWebKit/537.36 (KHTML, like Gecko) Chrome/104.0.0.0 Safari/537.36"
45.142.92.242 - - [14/Apr/2025:09:37:29 -0400] "GET /montalin-herb-capsule-a-natural-remedy/ HTTP/1.1" 200 10377 "-" "Mozilla/5.0 (Macintosh; Intel Mac OS X 10_15_7) AppleWebKit/537.36 (KHTML, like Gecko) Chrome/104.0.0.0 Safari/537.36"
152.39.148.39 - - [14/Apr/2025:09:37:30 -0400] "GET /megapari-betting-revolutionizing-online-wagering-experience/ HTTP/1.1" 200 0 "-" "Mozilla/5.0 (Macintosh; Intel Mac OS X 10_15_7) AppleWebKit/537.36 (KHTML, like Gecko) Chrome/104.0.0.0 Safari/537.36"
45.156.225.156 - - [14/Apr/2025:09:37:32 -0400] "GET /renouvellement-vital-sejour-de-jeune-detox-et-randonnee-pour-la-jeunesse/ HTTP/1.1" 200 10567 "-" "Mozilla/5.0 (Macintosh; Intel Mac OS X 10_15_7) AppleWebKit/537.36 (KHTML, like Gecko) Chrome/104.0.0.0 Safari/537.36"
136.227.174.67 - - [14/Apr/2025:09:37:33 -0400] "GET /the-world-of-funny-socks/ HTTP/1.1" 200 0 "-" "Mozilla/5.0 (Macintosh; Intel Mac OS X 10_15_7) AppleWebKit/537.36 (KHTML, like Gecko) Chrome/104.0.0.0 Safari/537.36"
134.199.84.206 - - [14/Apr/2025:09:37:35 -0400] "GET /steroids-in-canada-and-their-legal-framework/ HTTP/1.1" 200 0 "-" "Mozilla/5.0 (Macintosh; Intel Mac OS X 10_15_7) AppleWebKit/537.36 (KHTML, like Gecko) Chrome/104.0.0.0 Safari/537.36"
134.199.86.82 - - [14/Apr/2025:09:37:37 -0400] "GET /2024/01/ HTTP/1.1" 200 9646 "-" "Mozilla/5.0 (Macintosh; Intel Mac OS X 10_15_7) AppleWebKit/537.36 (KHTML, like Gecko) Chrome/104.0.0.0 Safari/537.36"
134.199.68.207 - - [14/Apr/2025:09:37:39 -0400] "GET /2024/12/ HTTP/1.1" 200 9319 "-" "Mozilla/5.0 (Macintosh; Intel Mac OS X 10_15_7) AppleWebKit/537.36 (KHTML, like Gecko) Chrome/104.0.0.0 Safari/537.36"
45.90.72.157 - - [14/Apr/2025:09:38:11 -0400] "POST /wp-login.php HTTP/1.1" 200 1888 "https://garantishell.com" "Mozilla/5.0 (Macintosh; Intel Mac OS X 10_15_7) AppleWebKit/537.36 (KHTML, like Gecko) Chrome/115.0.5790.102 Safari/537.36"
52.45.29.57 - - [14/Apr/2025:09:38:28 -0400] "GET /robots.txt HTTP/1.1" 200 97 "-" "Mozilla/5.0 AppleWebKit/537.36 (KHTML, like Gecko; compatible; Amazonbot/0.1; +https://developer.amazon.com/support/amazonbot) Chrome/119.0.6045.214 Safari/537.36"
98.83.177.42 - - [14/Apr/2025:09:38:31 -0400] "GET /2024/10/page/8/ HTTP/1.1" 200 9546 "-" "Mozilla/5.0 AppleWebKit/537.36 (KHTML, like Gecko; compatible; Amazonbot/0.1; +https://developer.amazon.com/support/amazonbot) Chrome/119.0.6045.214 Safari/537.36"
198.54.114.83 - - [14/Apr/2025:09:39:19 -0400] "POST /wp-cron.php?doing_wp_cron=1744637959.1020100116729736328125 HTTP/1.1" 200 0 "-" "WordPress/6.7.1; https://garantishell.com"
198.54.114.83 - - [14/Apr/2025:09:39:20 -0400] "POST /wp-admin/admin-ajax.php?action=async_litespeed&nonce=yDHR27qNeseHblpD5pGqGQWo0IvLeN8W&litespeed_type=imgoptm HTTP/1.1" 200 0 "-" "WordPress/6.7.1; https://garantishell.com"
166.108.239.102 - - [14/Apr/2025:09:39:18 -0400] "GET /des-bannieres-publicitaires-abordables/ HTTP/1.1" 200 10648 "https://garantishell.com/des-bannieres-publicitaires-abordables/" "Mozilla/5.0 (Macintosh; Intel Mac OS X 10_15_7) AppleWebKit/537.36 (KHTML, like Gecko) Chrome/131.0.0.0 Safari/537.36"
185.191.171.12 - - [14/Apr/2025:09:40:28 -0400] "GET /robots.txt HTTP/1.1" 304 0 "-" "Mozilla/5.0 (compatible; SemrushBot/7~bl; +http://www.semrush.com/bot.html)"
85.208.96.207 - - [14/Apr/2025:09:40:30 -0400] "GET /category/arts-entertainments/page/9/ HTTP/1.1" 200 9582 "-" "Mozilla/5.0 (compatible; SemrushBot/7~bl; +http://www.semrush.com/bot.html)"
198.54.114.83 - - [14/Apr/2025:09:41:03 -0400] "POST /wp-cron.php?doing_wp_cron=1744638063.3318059444427490234375 HTTP/1.1" 200 0 "-" "WordPress/6.7.1; https://garantishell.com"
51.222.253.10 - - [14/Apr/2025:09:40:59 -0400] "GET /2024/08/page/7/ HTTP/1.1" 200 9507 "-" "Mozilla/5.0 (compatible; AhrefsBot/7.0; +http://ahrefs.com/robot/)"
198.54.114.83 - - [14/Apr/2025:09:41:05 -0400] "POST /wp-admin/admin-ajax.php?action=async_litespeed&nonce=iDIwbc7jZSUV7VYCRyyLKOYxaB2rnHn9&litespeed_type=imgoptm HTTP/1.1" 200 0 "-" "WordPress/6.7.1; https://garantishell.com"
51.222.253.5 - - [14/Apr/2025:09:45:24 -0400] "GET / HTTP/1.1" 200 9272 "-" "Mozilla/5.0 (compatible; AhrefsBot/7.0; +http://ahrefs.com/robot/)"
198.54.114.83 - - [14/Apr/2025:09:49:49 -0400] "POST /wp-cron.php?doing_wp_cron=1744638588.4898281097412109375000 HTTP/1.1" 200 0 "-" "WordPress/6.7.1; https://garantishell.com"
2001:41d0:2:3ea5:: - - [14/Apr/2025:09:49:44 -0400] "POST /wp-login.php HTTP/1.1" 200 1900 "https://garantishell.com" "Mozilla/5.0 (Windows NT 10.0; Win64; x64) AppleWebKit/537.36 (KHTML, like Gecko) Chrome/112.0.5615.138 Safari/537.36"
198.54.114.83 - - [14/Apr/2025:09:49:51 -0400] "POST /wp-admin/admin-ajax.php?action=async_litespeed&nonce=pWLK9Kl5XU4Wrx2Fr5exUe42qAbM8YOw&litespeed_type=imgoptm HTTP/1.1" 200 0 "-" "WordPress/6.7.1; https://garantishell.com"
51.222.253.20 - - [14/Apr/2025:09:50:00 -0400] "GET /virtual-receptionist-benefits-for-modern-businesses/ HTTP/1.1" 200 11037 "-" "Mozilla/5.0 (compatible; AhrefsBot/7.0; +http://ahrefs.com/robot/)"
198.54.114.83 - - [14/Apr/2025:09:52:03 -0400] "POST /wp-cron.php?doing_wp_cron=1744638722.0442090034484863281250 HTTP/1.1" 200 0 "-" "WordPress/6.7.1; https://garantishell.com"
66.249.79.130 - - [14/Apr/2025:09:51:59 -0400] "GET /a-meme-coin-sensation/feed/ HTTP/1.1" 200 382 "-" "Mozilla/5.0 (Linux; Android 6.0.1; Nexus 5X Build/MMB29P) AppleWebKit/537.36 (KHTML, like Gecko) Chrome/135.0.7049.84 Mobile Safari/537.36 (compatible; Googlebot/2.1; +http://www.google.com/bot.html)"
198.54.114.83 - - [14/Apr/2025:09:54:02 -0400] "POST /wp-cron.php?doing_wp_cron=1744638841.4536828994750976562500 HTTP/1.1" 200 0 "-" "WordPress/6.7.1; https://garantishell.com"
198.54.114.83 - - [14/Apr/2025:09:54:03 -0400] "POST /wp-admin/admin-ajax.php?action=async_litespeed&nonce=xprlFVHmHAQuPqczND8ySKOFjnqwraCF&litespeed_type=imgoptm HTTP/1.1" 200 0 "-" "WordPress/6.7.1; https://garantishell.com"
51.222.253.1 - - [14/Apr/2025:09:53:58 -0400] "GET /benefits-of-osteopathy-in-dubai/ HTTP/1.1" 200 10669 "-" "Mozilla/5.0 (compatible; AhrefsBot/7.0; +http://ahrefs.com/robot/)"
198.54.114.83 - - [14/Apr/2025:09:54:18 -0400] "POST /wp-cron.php?doing_wp_cron=1744638858.4935600757598876953125 HTTP/1.1" 200 0 "-" "WordPress/6.7.1; https://garantishell.com"
189.1.242.136 - - [14/Apr/2025:09:54:18 -0400] "GET /unblocked-games-6x-a-gateway-to-fun/ HTTP/1.1" 200 10650 "https://garantishell.com/unblocked-games-6x-a-gateway-to-fun/#respond" "Mozilla/5.0 (Macintosh; Intel Mac OS X 10_15_7) AppleWebKit/537.36 (KHTML, like Gecko) Chrome/120.0.0.0 Safari/537.36"
198.54.114.83 - - [14/Apr/2025:09:54:19 -0400] "POST /wp-admin/admin-ajax.php?action=async_litespeed&nonce=qdsXuTijQiAsWLJa3vRIBOzwPQYxU9tn&litespeed_type=imgoptm HTTP/1.1" 200 5 "-" "WordPress/6.7.1; https://garantishell.com"
17.241.219.54 - - [14/Apr/2025:09:56:02 -0400] "GET /wp-content/uploads/2025/02/synthesize-1.mp3 HTTP/1.1" 200 92544 "-" "Mozilla/5.0 (Macintosh; Intel Mac OS X 10_15_7) AppleWebKit/605.1.15 (KHTML, like Gecko) Version/17.4 Safari/605.1.15 (Applebot/0.1; +http://www.apple.com/go/applebot)"
198.54.114.83 - - [14/Apr/2025:09:58:17 -0400] "POST /wp-cron.php?doing_wp_cron=1744639097.4483671188354492187500 HTTP/1.1" 200 0 "-" "WordPress/6.7.1; https://garantishell.com"
51.222.253.15 - - [14/Apr/2025:09:58:13 -0400] "GET /category/arts-entertainments/page/10/ HTTP/1.1" 200 9511 "-" "Mozilla/5.0 (compatible; AhrefsBot/7.0; +http://ahrefs.com/robot/)"
198.54.114.83 - - [14/Apr/2025:09:58:19 -0400] "POST /wp-admin/admin-ajax.php?action=async_litespeed&nonce=NxDumGoxHU5wt15vBrVBLbExhXMHgnRk&litespeed_type=imgoptm HTTP/1.1" 200 0 "-" "WordPress/6.7.1; https://garantishell.com"
198.186.130.214 - - [14/Apr/2025:10:01:30 -0400] "POST /wp-login.php HTTP/1.1" 200 1835 "https://garantishell.com" "Mozilla/5.0 (Macintosh; Intel Mac OS X 10_15_7; rv:129.0) Gecko/20100101 Firefox/129.0"
198.54.114.83 - - [14/Apr/2025:10:01:36 -0400] "POST /wp-cron.php?doing_wp_cron=1744639295.0496630668640136718750 HTTP/1.1" 200 0 "-" "WordPress/6.7.1; https://garantishell.com"
198.54.114.83 - - [14/Apr/2025:10:02:42 -0400] "POST /wp-cron.php?doing_wp_cron=1744639362.4219069480895996093750 HTTP/1.1" 200 0 "-" "WordPress/6.7.1; https://garantishell.com"
198.54.114.83 - - [14/Apr/2025:10:02:43 -0400] "POST /wp-admin/admin-ajax.php?action=async_litespeed&nonce=5xEY7Wqmj4UckttttnNXG0t2BUuBJh0n&litespeed_type=imgoptm HTTP/1.1" 200 0 "-" "WordPress/6.7.1; https://garantishell.com"
51.222.253.15 - - [14/Apr/2025:10:02:41 -0400] "GET /child-custody-lawyer-in-queens-helping-families-reach-fair-solutions/ HTTP/1.1" 200 10581 "-" "Mozilla/5.0 (compatible; AhrefsBot/7.0; +http://ahrefs.com/robot/)"
198.54.114.83 - - [14/Apr/2025:10:07:01 -0400] "POST /wp-cron.php?doing_wp_cron=1744639621.3019590377807617187500 HTTP/1.1" 200 0 "-" "WordPress/6.7.1; https://garantishell.com"
51.222.253.6 - - [14/Apr/2025:10:06:57 -0400] "GET /a-new-era-of-gaming/ HTTP/1.1" 200 10307 "-" "Mozilla/5.0 (compatible; AhrefsBot/7.0; +http://ahrefs.com/robot/)"
198.54.114.83 - - [14/Apr/2025:10:07:02 -0400] "POST /wp-admin/admin-ajax.php?action=async_litespeed&nonce=vZcw8VvKNYstQj3QdsmzcNWK0raZBHMm&litespeed_type=imgoptm HTTP/1.1" 200 0 "-" "WordPress/6.7.1; https://garantishell.com"
198.54.114.83 - - [14/Apr/2025:10:09:22 -0400] "POST /wp-cron.php?doing_wp_cron=1744639762.5360419750213623046875 HTTP/1.1" 200 0 "-" "WordPress/6.7.1; https://garantishell.com"
124.243.185.10 - - [14/Apr/2025:10:09:18 -0400] "GET /unlock-savings-with-culture-gift-certificate-discounts/ HTTP/1.1" 200 10462 "https://garantishell.com/unlock-savings-with-culture-gift-certificate-discounts/#respond" "Mozilla/5.0 (Macintosh; Intel Mac OS X 10_15_7) AppleWebKit/537.36 (KHTML, like Gecko) Chrome/123.0.0.0 Safari/537.36"
198.54.114.83 - - [14/Apr/2025:10:09:24 -0400] "POST /wp-admin/admin-ajax.php?action=async_litespeed&nonce=g9rqUEyAXPEv6KKTpXOTGJlpOrLEwLRb&litespeed_type=imgoptm HTTP/1.1" 200 0 "-" "WordPress/6.7.1; https://garantishell.com"
198.54.114.83 - - [14/Apr/2025:10:11:17 -0400] "POST /wp-cron.php?doing_wp_cron=1744639877.3634450435638427734375 HTTP/1.1" 200 0 "-" "WordPress/6.7.1; https://garantishell.com"
51.222.253.5 - - [14/Apr/2025:10:11:15 -0400] "GET /2024/11/page/11/ HTTP/1.1" 200 9571 "-" "Mozilla/5.0 (compatible; AhrefsBot/7.0; +http://ahrefs.com/robot/)"
198.54.114.83 - - [14/Apr/2025:10:11:17 -0400] "POST /wp-admin/admin-ajax.php?action=async_litespeed&nonce=QiS8iq7lZbLLqXLERBNNrYw9iAzJPBHX&litespeed_type=imgoptm HTTP/1.1" 200 5 "-" "WordPress/6.7.1; https://garantishell.com"
157.90.209.76 - - [14/Apr/2025:10:14:32 -0400] "GET /robots.txt HTTP/1.1" 304 0 "-" "Mozilla/5.0 (compatible; BLEXBot/1.0; +https://help.seranking.com/en/blex-crawler)"
198.54.114.83 - - [14/Apr/2025:10:14:39 -0400] "POST /wp-cron.php?doing_wp_cron=1744640079.3372321128845214843750 HTTP/1.1" 200 0 "-" "WordPress/6.7.1; https://garantishell.com"
157.90.209.76 - - [14/Apr/2025:10:14:34 -0400] "GET /wp-sitemap.xml HTTP/1.1" 200 193 "-" "Mozilla/5.0 (compatible; BLEXBot/1.0; +https://help.seranking.com/en/blex-crawler)"
198.54.114.83 - - [14/Apr/2025:10:14:40 -0400] "POST /wp-admin/admin-ajax.php?action=async_litespeed&nonce=B3xuc4lIb6B3dcNwZLIxLlhD8s6lktWJ&litespeed_type=imgoptm HTTP/1.1" 200 0 "-" "WordPress/6.7.1; https://garantishell.com"
157.90.209.76 - - [14/Apr/2025:10:14:59 -0400] "GET / HTTP/1.1" 200 9272 "-" "Mozilla/5.0 (compatible; BLEXBot/1.0; +https://help.seranking.com/en/blex-crawler)"
157.90.209.76 - - [14/Apr/2025:10:15:14 -0400] "GET /2021/06/ HTTP/1.1" 200 8151 "-" "Mozilla/5.0 (compatible; BLEXBot/1.0; +https://help.seranking.com/en/blex-crawler)"
198.54.114.83 - - [14/Apr/2025:10:15:30 -0400] "POST /wp-cron.php?doing_wp_cron=1744640129.7527430057525634765625 HTTP/1.1" 200 0 "-" "WordPress/6.7.1; https://garantishell.com"
157.90.209.76 - - [14/Apr/2025:10:15:31 -0400] "GET /2021/07/ HTTP/1.1" 200 8124 "-" "Mozilla/5.0 (compatible; BLEXBot/1.0; +https://help.seranking.com/en/blex-crawler)"
51.222.253.2 - - [14/Apr/2025:10:15:29 -0400] "GET /2024/11/page/9/ HTTP/1.1" 200 9457 "-" "Mozilla/5.0 (compatible; AhrefsBot/7.0; +http://ahrefs.com/robot/)"
198.54.114.83 - - [14/Apr/2025:10:15:31 -0400] "POST /wp-admin/admin-ajax.php?action=async_litespeed&nonce=YYGDBm0wYuQytZ0SLrm9s7oDIhLcJkc5&litespeed_type=imgoptm HTTP/1.1" 200 0 "-" "WordPress/6.7.1; https://garantishell.com"
157.90.209.76 - - [14/Apr/2025:10:15:36 -0400] "GET /2023/09/ HTTP/1.1" 200 8515 "-" "Mozilla/5.0 (compatible; BLEXBot/1.0; +https://help.seranking.com/en/blex-crawler)"
157.90.209.76 - - [14/Apr/2025:10:15:50 -0400] "GET /2023/11/ HTTP/1.1" 200 8654 "-" "Mozilla/5.0 (compatible; BLEXBot/1.0; +https://help.seranking.com/en/blex-crawler)"
157.90.209.76 - - [14/Apr/2025:10:16:06 -0400] "GET /2023/12/ HTTP/1.1" 200 9045 "-" "Mozilla/5.0 (compatible; BLEXBot/1.0; +https://help.seranking.com/en/blex-crawler)"
157.90.209.76 - - [14/Apr/2025:10:16:19 -0400] "GET /2024/01/ HTTP/1.1" 200 9646 "-" "Mozilla/5.0 (compatible; BLEXBot/1.0; +https://help.seranking.com/en/blex-crawler)"
157.90.209.76 - - [14/Apr/2025:10:16:27 -0400] "GET /2024/02/ HTTP/1.1" 200 9592 "-" "Mozilla/5.0 (compatible; BLEXBot/1.0; +https://help.seranking.com/en/blex-crawler)"
157.90.209.76 - - [14/Apr/2025:10:16:40 -0400] "GET /2024/03/ HTTP/1.1" 200 9303 "-" "Mozilla/5.0 (compatible; BLEXBot/1.0; +https://help.seranking.com/en/blex-crawler)"
157.90.209.76 - - [14/Apr/2025:10:16:59 -0400] "GET /2024/04/ HTTP/1.1" 200 9645 "-" "Mozilla/5.0 (compatible; BLEXBot/1.0; +https://help.seranking.com/en/blex-crawler)"
157.90.209.76 - - [14/Apr/2025:10:17:11 -0400] "GET /2024/05/ HTTP/1.1" 200 9604 "-" "Mozilla/5.0 (compatible; BLEXBot/1.0; +https://help.seranking.com/en/blex-crawler)"
157.90.209.76 - - [14/Apr/2025:10:17:27 -0400] "GET /2024/06/ HTTP/1.1" 200 9663 "-" "Mozilla/5.0 (compatible; BLEXBot/1.0; +https://help.seranking.com/en/blex-crawler)"
157.90.209.76 - - [14/Apr/2025:10:17:56 -0400] "GET /2024/07/ HTTP/1.1" 200 9530 "-" "Mozilla/5.0 (compatible; BLEXBot/1.0; +https://help.seranking.com/en/blex-crawler)"
157.90.209.76 - - [14/Apr/2025:10:18:03 -0400] "GET /2024/08/ HTTP/1.1" 200 9459 "-" "Mozilla/5.0 (compatible; BLEXBot/1.0; +https://help.seranking.com/en/blex-crawler)"
157.90.209.76 - - [14/Apr/2025:10:18:20 -0400] "GET /2024/09/ HTTP/1.1" 200 9500 "-" "Mozilla/5.0 (compatible; BLEXBot/1.0; +https://help.seranking.com/en/blex-crawler)"
157.90.209.76 - - [14/Apr/2025:10:18:29 -0400] "GET /2024/10/ HTTP/1.1" 200 9334 "-" "Mozilla/5.0 (compatible; BLEXBot/1.0; +https://help.seranking.com/en/blex-crawler)"
157.90.209.76 - - [14/Apr/2025:10:18:46 -0400] "GET /2024/11/ HTTP/1.1" 200 9322 "-" "Mozilla/5.0 (compatible; BLEXBot/1.0; +https://help.seranking.com/en/blex-crawler)"
157.90.209.76 - - [14/Apr/2025:10:18:58 -0400] "GET /2024/12/ HTTP/1.1" 200 9319 "-" "Mozilla/5.0 (compatible; BLEXBot/1.0; +https://help.seranking.com/en/blex-crawler)"
157.90.209.76 - - [14/Apr/2025:10:19:13 -0400] "GET /2025/01/ HTTP/1.1" 200 9631 "-" "Mozilla/5.0 (compatible; BLEXBot/1.0; +https://help.seranking.com/en/blex-crawler)"
157.90.209.76 - - [14/Apr/2025:10:19:28 -0400] "GET /2025/02/ HTTP/1.1" 200 9340 "-" "Mozilla/5.0 (compatible; BLEXBot/1.0; +https://help.seranking.com/en/blex-crawler)"
157.90.209.76 - - [14/Apr/2025:10:19:33 -0400] "GET /apprendre-a-jouer-de-la-guitare-un-voyage-musical/ HTTP/1.1" 200 10702 "-" "Mozilla/5.0 (compatible; BLEXBot/1.0; +https://help.seranking.com/en/blex-crawler)"
157.90.209.76 - - [14/Apr/2025:10:19:38 -0400] "GET /author/admin/ HTTP/1.1" 200 9385 "-" "Mozilla/5.0 (compatible; BLEXBot/1.0; +https://help.seranking.com/en/blex-crawler)"
198.54.114.83 - - [14/Apr/2025:10:19:42 -0400] "POST /wp-cron.php?doing_wp_cron=1744640382.8492889404296875000000 HTTP/1.1" 200 0 "-" "WordPress/6.7.1; https://garantishell.com"
157.90.209.76 - - [14/Apr/2025:10:19:43 -0400] "GET /aventure-musicale-a-la-guitare/ HTTP/1.1" 200 10563 "-" "Mozilla/5.0 (compatible; BLEXBot/1.0; +https://help.seranking.com/en/blex-crawler)"
51.222.253.16 - - [14/Apr/2025:10:19:39 -0400] "GET /2024/10/page/9/ HTTP/1.1" 200 9712 "-" "Mozilla/5.0 (compatible; AhrefsBot/7.0; +http://ahrefs.com/robot/)"
198.54.114.83 - - [14/Apr/2025:10:19:43 -0400] "POST /wp-admin/admin-ajax.php?action=async_litespeed&nonce=87aE6JRxSMBmDcSSQYWPIZeVKrDHf9sx&litespeed_type=imgoptm HTTP/1.1" 200 5 "-" "WordPress/6.7.1; https://garantishell.com"
157.90.209.76 - - [14/Apr/2025:10:19:47 -0400] "GET /category/arts-entertainments/ HTTP/1.1" 200 9405 "-" "Mozilla/5.0 (compatible; BLEXBot/1.0; +https://help.seranking.com/en/blex-crawler)"
157.90.209.76 - - [14/Apr/2025:10:19:55 -0400] "GET /category/automotive/ HTTP/1.1" 200 7826 "-" "Mozilla/5.0 (compatible; BLEXBot/1.0; +https://help.seranking.com/en/blex-crawler)"
157.90.209.76 - - [14/Apr/2025:10:20:10 -0400] "GET /category/beauty/ HTTP/1.1" 200 7820 "-" "Mozilla/5.0 (compatible; BLEXBot/1.0; +https://help.seranking.com/en/blex-crawler)"
157.90.209.76 - - [14/Apr/2025:10:20:24 -0400] "GET /category/bitcoin/ HTTP/1.1" 200 7808 "-" "Mozilla/5.0 (compatible; BLEXBot/1.0; +https://help.seranking.com/en/blex-crawler)"
157.90.209.76 - - [14/Apr/2025:10:20:30 -0400] "GET /category/business/ HTTP/1.1" 200 8597 "-" "Mozilla/5.0 (compatible; BLEXBot/1.0; +https://help.seranking.com/en/blex-crawler)"
157.90.209.76 - - [14/Apr/2025:10:20:56 -0400] "GET /category/digital-marketing/ HTTP/1.1" 200 7819 "-" "Mozilla/5.0 (compatible; BLEXBot/1.0; +https://help.seranking.com/en/blex-crawler)"
157.90.209.76 - - [14/Apr/2025:10:21:06 -0400] "GET /category/education/ HTTP/1.1" 200 8200 "-" "Mozilla/5.0 (compatible; BLEXBot/1.0; +https://help.seranking.com/en/blex-crawler)"
17.241.75.186 - - [14/Apr/2025:10:21:11 -0400] "GET /virtual-receptionist-benefits-for-modern-businesses/ HTTP/1.1" 200 11037 "-" "Mozilla/5.0 (Macintosh; Intel Mac OS X 10_15_7) AppleWebKit/605.1.15 (KHTML, like Gecko) Version/17.4 Safari/605.1.15 (Applebot/0.1; +http://www.apple.com/go/applebot)"
157.90.209.76 - - [14/Apr/2025:10:21:25 -0400] "GET /category/family-relationship/ HTTP/1.1" 200 7834 "-" "Mozilla/5.0 (compatible; BLEXBot/1.0; +https://help.seranking.com/en/blex-crawler)"
157.90.209.76 - - [14/Apr/2025:10:21:28 -0400] "GET /category/food-dring/ HTTP/1.1" 200 7823 "-" "Mozilla/5.0 (compatible; BLEXBot/1.0; +https://help.seranking.com/en/blex-crawler)"
157.90.209.76 - - [14/Apr/2025:10:22:15 -0400] "GET /category/gaming/ HTTP/1.1" 200 8218 "-" "Mozilla/5.0 (compatible; BLEXBot/1.0; +https://help.seranking.com/en/blex-crawler)"
157.90.209.76 - - [14/Apr/2025:10:22:30 -0400] "GET /category/general/ HTTP/1.1" 200 7807 "-" "Mozilla/5.0 (compatible; BLEXBot/1.0; +https://help.seranking.com/en/blex-crawler)"
157.90.209.76 - - [14/Apr/2025:10:22:46 -0400] "GET /category/health-fitness/ HTTP/1.1" 200 9204 "-" "Mozilla/5.0 (compatible; BLEXBot/1.0; +https://help.seranking.com/en/blex-crawler)"
157.90.209.76 - - [14/Apr/2025:10:22:49 -0400] "GET /category/home-improvement/ HTTP/1.1" 200 7820 "-" "Mozilla/5.0 (compatible; BLEXBot/1.0; +https://help.seranking.com/en/blex-crawler)"
157.90.209.76 - - [14/Apr/2025:10:23:05 -0400] "GET /category/home-kitchen/ HTTP/1.1" 200 7828 "-" "Mozilla/5.0 (compatible; BLEXBot/1.0; +https://help.seranking.com/en/blex-crawler)"
157.90.209.76 - - [14/Apr/2025:10:23:09 -0400] "GET /category/how-to/ HTTP/1.1" 200 8571 "-" "Mozilla/5.0 (compatible; BLEXBot/1.0; +https://help.seranking.com/en/blex-crawler)"
157.90.209.76 - - [14/Apr/2025:10:23:25 -0400] "GET /category/legal-law/ HTTP/1.1" 200 7816 "-" "Mozilla/5.0 (compatible; BLEXBot/1.0; +https://help.seranking.com/en/blex-crawler)"
157.90.209.76 - - [14/Apr/2025:10:23:49 -0400] "GET /category/lifestyle-fashion/ HTTP/1.1" 200 7814 "-" "Mozilla/5.0 (compatible; BLEXBot/1.0; +https://help.seranking.com/en/blex-crawler)"
198.54.114.83 - - [14/Apr/2025:10:24:03 -0400] "POST /wp-cron.php?doing_wp_cron=1744640643.1912789344787597656250 HTTP/1.1" 200 0 "-" "WordPress/6.7.1; https://garantishell.com"
51.222.253.10 - - [14/Apr/2025:10:23:58 -0400] "GET /2024/08/page/6/ HTTP/1.1" 200 9395 "-" "Mozilla/5.0 (compatible; AhrefsBot/7.0; +http://ahrefs.com/robot/)"
198.54.114.83 - - [14/Apr/2025:10:24:05 -0400] "POST /wp-admin/admin-ajax.php?action=async_litespeed&nonce=EUUseIPYke9iWhGnHuGAWmoQtjy7rFNU&litespeed_type=imgoptm HTTP/1.1" 200 0 "-" "WordPress/6.7.1; https://garantishell.com"
157.90.209.76 - - [14/Apr/2025:10:24:05 -0400] "GET /category/media-music/ HTTP/1.1" 200 7820 "-" "Mozilla/5.0 (compatible; BLEXBot/1.0; +https://help.seranking.com/en/blex-crawler)"
198.54.114.83 - - [14/Apr/2025:10:24:17 -0400] "POST /wp-cron.php?doing_wp_cron=1744640657.6170659065246582031250 HTTP/1.1" 200 0 "-" "WordPress/6.7.1; https://garantishell.com"
159.138.105.161 - - [14/Apr/2025:10:24:17 -0400] "GET /digital-business-cards/ HTTP/1.1" 200 10439 "https://garantishell.com/digital-business-cards/" "Mozilla/5.0 (Macintosh; Intel Mac OS X 10_15_7) AppleWebKit/537.36 (KHTML, like Gecko) Chrome/123.0.0.0 Safari/537.36"
198.54.114.83 - - [14/Apr/2025:10:24:18 -0400] "POST /wp-admin/admin-ajax.php?action=async_litespeed&nonce=SdkCDW1wHP5tf6rOkOJLKI2Mw9nqYQGc&litespeed_type=imgoptm HTTP/1.1" 200 5 "-" "WordPress/6.7.1; https://garantishell.com"
40.121.237.69 - - [14/Apr/2025:10:24:21 -0400] "GET /wp-content/themes/about.php HTTP/1.1" 404 6867 "-" "-"
157.90.209.76 - - [14/Apr/2025:10:24:22 -0400] "GET /category/others/ HTTP/1.1" 200 7823 "-" "Mozilla/5.0 (compatible; BLEXBot/1.0; +https://help.seranking.com/en/blex-crawler)"
40.121.237.69 - - [14/Apr/2025:10:24:23 -0400] "GET /wp-includes/assets/index.php HTTP/1.1" 301 0 "-" "-"
40.121.237.69 - - [14/Apr/2025:10:24:23 -0400] "GET /wp-includes/assets/ HTTP/1.1" 403 1242 "-" "-"
40.121.237.69 - - [14/Apr/2025:10:24:24 -0400] "GET /wp-content/mu-plugins/ HTTP/1.1" 404 6867 "-" "-"
40.121.237.69 - - [14/Apr/2025:10:24:25 -0400] "GET /wp-includes/widgets/about.php HTTP/1.1" 404 6867 "-" "-"
40.121.237.69 - - [14/Apr/2025:10:24:26 -0400] "GET /wp-content/plugins/wp-help/index.php HTTP/1.1" 301 0 "-" "-"
40.121.237.69 - - [14/Apr/2025:10:24:27 -0400] "GET /wp-content/plugins/wp-help/ HTTP/1.1" 404 6867 "-" "-"
40.121.237.69 - - [14/Apr/2025:10:24:28 -0400] "GET /woh.php HTTP/1.1" 404 6867 "-" "-"
40.121.237.69 - - [14/Apr/2025:10:24:29 -0400] "GET /wp-admin/images/about.php HTTP/1.1" 404 6867 "-" "-"
40.121.237.69 - - [14/Apr/2025:10:24:30 -0400] "GET /wp-admin/network/about.php HTTP/1.1" 302 0 "-" "-"
40.121.237.69 - - [14/Apr/2025:10:24:31 -0400] "GET /wp-login.php?redirect_to=https%3A%2F%2Fgarantishell.com%2Fwp-admin%2Fnetwork%2Fabout.php&reauth=1 HTTP/1.1" 200 1749 "-" "-"
40.121.237.69 - - [14/Apr/2025:10:24:32 -0400] "GET /wp-admin/network/xmrlpc.php HTTP/1.1" 404 6867 "-" "-"
40.121.237.69 - - [14/Apr/2025:10:24:33 -0400] "GET /vendor/ HTTP/1.1" 404 6867 "-" "-"
40.121.237.69 - - [14/Apr/2025:10:24:35 -0400] "GET /wp-includes/block-supports/ HTTP/1.1" 403 1242 "-" "-"
40.121.237.69 - - [14/Apr/2025:10:24:36 -0400] "GET /wp-admin/images/ HTTP/1.1" 403 1242 "-" "-"
40.121.237.69 - - [14/Apr/2025:10:24:36 -0400] "GET /log.php HTTP/1.1" 404 6867 "-" "-"
40.121.237.69 - - [14/Apr/2025:10:24:38 -0400] "GET /template/ HTTP/1.1" 404 6867 "-" "-"
157.90.209.76 - - [14/Apr/2025:10:24:40 -0400] "GET /category/pets/ HTTP/1.1" 200 7806 "-" "Mozilla/5.0 (compatible; BLEXBot/1.0; +https://help.seranking.com/en/blex-crawler)"
40.121.237.69 - - [14/Apr/2025:10:24:39 -0400] "GET /include/ HTTP/1.1" 404 6867 "-" "-"
40.121.237.69 - - [14/Apr/2025:10:24:41 -0400] "GET /link.php HTTP/1.1" 404 6867 "-" "-"
40.121.237.69 - - [14/Apr/2025:10:24:42 -0400] "GET /wp-content/languages/index.php HTTP/1.1" 301 0 "-" "-"
40.121.237.69 - - [14/Apr/2025:10:24:43 -0400] "GET /wp-content/languages/ HTTP/1.1" 404 6867 "-" "-"
40.121.237.69 - - [14/Apr/2025:10:24:44 -0400] "GET /cong.php HTTP/1.1" 404 6867 "-" "-"
40.121.237.69 - - [14/Apr/2025:10:24:45 -0400] "GET /wp-config-sample.php HTTP/1.1" 500 905 "-" "-"
40.121.237.69 - - [14/Apr/2025:10:24:45 -0400] "GET /wp-includes/js/codemirror/ HTTP/1.1" 403 1242 "-" "-"
40.121.237.69 - - [14/Apr/2025:10:24:46 -0400] "GET /class_api.php HTTP/1.1" 404 6867 "-" "-"
40.121.237.69 - - [14/Apr/2025:10:24:47 -0400] "GET /simple.php HTTP/1.1" 404 6867 "-" "-"
40.121.237.69 - - [14/Apr/2025:10:24:49 -0400] "GET /wp-admin/network/ HTTP/1.1" 302 0 "-" "-"
40.121.237.69 - - [14/Apr/2025:10:24:50 -0400] "GET /wp-login.php?redirect_to=https%3A%2F%2Fgarantishell.com%2Fwp-admin%2Fnetwork%2F&reauth=1 HTTP/1.1" 200 1740 "-" "-"
40.121.237.69 - - [14/Apr/2025:10:24:50 -0400] "GET /colour.php HTTP/1.1" 404 6867 "-" "-"
40.121.237.69 - - [14/Apr/2025:10:24:51 -0400] "GET /wordpress/wp-includes/wp-config-sample.php HTTP/1.1" 404 6867 "-" "-"
40.121.237.69 - - [14/Apr/2025:10:24:54 -0400] "GET /content.php HTTP/1.1" 404 6867 "-" "-"
40.121.237.69 - - [14/Apr/2025:10:24:55 -0400] "GET /admin/indexupload.php HTTP/1.1" 404 6867 "-" "-"
157.90.209.76 - - [14/Apr/2025:10:24:56 -0400] "GET /category/real-estate/ HTTP/1.1" 200 7839 "-" "Mozilla/5.0 (compatible; BLEXBot/1.0; +https://help.seranking.com/en/blex-crawler)"
40.121.237.69 - - [14/Apr/2025:10:24:58 -0400] "GET /about/function.php HTTP/1.1" 404 6867 "-" "-"
40.121.237.69 - - [14/Apr/2025:10:24:59 -0400] "GET /wp-includes/Requests/Response/ HTTP/1.1" 404 6867 "-" "-"
40.121.237.69 - - [14/Apr/2025:10:25:05 -0400] "GET /sites/default/files/ HTTP/1.1" 404 6867 "-" "-"
40.121.237.69 - - [14/Apr/2025:10:25:10 -0400] "GET /chosen.php HTTP/1.1" 404 6867 "-" "-"
40.121.237.69 - - [14/Apr/2025:10:25:12 -0400] "GET /wp-admin/css/index.php HTTP/1.1" 301 0 "-" "-"
40.121.237.69 - - [14/Apr/2025:10:25:14 -0400] "GET /wp-admin/css/ HTTP/1.1" 403 1242 "-" "-"
40.121.237.69 - - [14/Apr/2025:10:25:15 -0400] "GET /403.php HTTP/1.1" 404 6867 "-" "-"
157.90.209.76 - - [14/Apr/2025:10:25:18 -0400] "GET /category/shopping-product-reviews/ HTTP/1.1" 200 7841 "-" "Mozilla/5.0 (compatible; BLEXBot/1.0; +https://help.seranking.com/en/blex-crawler)"
198.54.114.83 - - [14/Apr/2025:10:25:18 -0400] "POST /wp-cron.php?doing_wp_cron=1744640717.6319580078125000000000 HTTP/1.1" 200 0 "-" "WordPress/6.7.1; https://garantishell.com"
40.121.237.69 - - [14/Apr/2025:10:25:17 -0400] "GET /assets/images/doc.php HTTP/1.1" 404 6867 "-" "-"
