198.54.114.83 - - [16/Apr/2025:17:11:14 -0400] "POST /wp-admin/admin-ajax.php?action=async_litespeed&nonce=JycXjbFQXi17u7ZvAaeyvdo51hHQV8hL&litespeed_type=imgoptm HTTP/1.1" 200 0 "-" "WordPress/6.8; https://greatamericanball.com"
198.54.114.83 - - [16/Apr/2025:17:11:14 -0400] "GET /wp-content/themes/safari-blog/inc/blocks/font-family/inc/google-webfonts.json HTTP/1.1" 200 1084380 "-" "WordPress/6.8; https://greatamericanball.com"
198.54.114.83 - - [16/Apr/2025:17:11:19 -0400] "GET /wp-content/themes/safari-blog/inc/blocks/font-family/inc/google-webfonts.json HTTP/1.1" 200 1084380 "-" "WordPress/6.8; https://greatamericanball.com"
198.54.114.83 - - [16/Apr/2025:17:11:23 -0400] "GET /wp-content/themes/safari-blog/inc/blocks/font-family/inc/google-webfonts.json HTTP/1.1" 200 1084380 "-" "WordPress/6.8; https://greatamericanball.com"
198.54.114.83 - - [16/Apr/2025:17:11:27 -0400] "GET /wp-content/themes/safari-blog/inc/blocks/font-family/inc/google-webfonts.json HTTP/1.1" 200 1084380 "-" "WordPress/6.8; https://greatamericanball.com"
198.54.114.83 - - [16/Apr/2025:17:11:29 -0400] "GET /wp-content/themes/safari-blog/inc/blocks/font-family/inc/google-webfonts.json HTTP/1.1" 200 1084380 "-" "WordPress/6.8; https://greatamericanball.com"
195.2.76.117 - - [16/Apr/2025:17:12:48 -0400] "GET /where-to-buy-cbd-oil-in-the-uk/ HTTP/1.1" 200 12264 "https://greatamericanball.com/where-to-buy-cbd-oil-in-the-uk/" "Mozilla/5.0 (Windows NT 10.0; Win64; x64) AppleWebKit/537.36 (KHTML, like Gecko) Chrome/130.0.0.0 Safari/537.36"
198.54.114.83 - - [16/Apr/2025:17:12:51 -0400] "POST /wp-cron.php?doing_wp_cron=1744837970.9004340171813964843750 HTTP/1.1" 200 0 "-" "WordPress/6.8; https://greatamericanball.com"
195.2.76.117 - - [16/Apr/2025:17:12:50 -0400] "POST /wp-comments-post.php HTTP/1.1" 302 0 "https://greatamericanball.com/where-to-buy-cbd-oil-in-the-uk/" "Mozilla/5.0 (Windows NT 10.0; Win64; x64) AppleWebKit/537.36 (KHTML, like Gecko) Chrome/130.0.0.0 Safari/537.36"
198.54.114.83 - - [16/Apr/2025:17:12:54 -0400] "POST /wp-admin/admin-ajax.php?action=async_litespeed&nonce=HLKNi1IetJGOCLhU1zZ7UDEqGxAFb7bF&litespeed_type=imgoptm HTTP/1.1" 200 0 "-" "WordPress/6.8; https://greatamericanball.com"
198.54.114.83 - - [16/Apr/2025:17:12:59 -0400] "GET /wp-content/themes/safari-blog/inc/blocks/font-family/inc/google-webfonts.json HTTP/1.1" 200 1084380 "-" "WordPress/6.8; https://greatamericanball.com"
198.54.114.83 - - [16/Apr/2025:17:13:01 -0400] "GET /wp-content/themes/safari-blog/inc/blocks/font-family/inc/google-webfonts.json HTTP/1.1" 200 1084380 "-" "WordPress/6.8; https://greatamericanball.com"
198.54.114.83 - - [16/Apr/2025:17:13:03 -0400] "GET /wp-content/themes/safari-blog/inc/blocks/font-family/inc/google-webfonts.json HTTP/1.1" 200 1084380 "-" "WordPress/6.8; https://greatamericanball.com"
198.54.114.83 - - [16/Apr/2025:17:13:07 -0400] "GET /wp-content/themes/safari-blog/inc/blocks/font-family/inc/google-webfonts.json HTTP/1.1" 200 1084380 "-" "WordPress/6.8; https://greatamericanball.com"
198.54.114.83 - - [16/Apr/2025:17:13:11 -0400] "GET /wp-content/themes/safari-blog/inc/blocks/font-family/inc/google-webfonts.json HTTP/1.1" 200 1084380 "-" "WordPress/6.8; https://greatamericanball.com"
195.2.76.117 - - [16/Apr/2025:17:12:55 -0400] "GET /where-to-buy-cbd-oil-in-the-uk/ HTTP/1.1" 200 12891 "https://greatamericanball.com/where-to-buy-cbd-oil-in-the-uk/#comment-24095" "Mozilla/5.0 (Windows NT 10.0; Win64; x64) AppleWebKit/537.36 (KHTML, like Gecko) Chrome/130.0.0.0 Safari/537.36"
176.124.205.21 - - [16/Apr/2025:17:13:54 -0400] "GET /wp-login.php HTTP/1.1" 200 1689 "-" "Mozilla/5.0 (Windows NT 10.0; Win64; x64) AppleWebKit/537.36 (KHTML, like Gecko) Chrome/115.0.0.0 Safari/537.36 Edg/115.0.1901.203"
198.54.114.83 - - [16/Apr/2025:17:13:59 -0400] "POST /wp-cron.php?doing_wp_cron=1744838037.7064969539642333984375 HTTP/1.1" 200 0 "-" "WordPress/6.8; https://greatamericanball.com"
176.124.205.21 - - [16/Apr/2025:17:13:56 -0400] "POST /wp-login.php HTTP/1.1" 200 1821 "https://greatamericanball.com/wp-login.php" "Mozilla/5.0 (Windows NT 10.0; Win64; x64) AppleWebKit/537.36 (KHTML, like Gecko) Chrome/115.0.0.0 Safari/537.36 Edg/115.0.1901.203"
8.210.187.5 - - [16/Apr/2025:17:22:24 -0400] "HEAD /category/activity HTTP/1.1" 301 0 "-" "Mozilla/5.0 (Windows NT 6.1; Win64; x64) AppleWebKit/537.36 (KHTML, like Gecko) Chrome/65.0.3050.46 Safari/537.36"
47.242.76.207 - - [16/Apr/2025:17:22:27 -0400] "HEAD /category/activity HTTP/1.1" 301 0 "-" "Mozilla/5.0 (Windows NT 6.0; Win64; x64) AppleWebKit/537.36 (KHTML, like Gecko) Chrome/67.0.2186.17 Safari/537.36"
8.210.187.5 - - [16/Apr/2025:17:22:24 -0400] "HEAD /category/activity/ HTTP/1.1" 200 0 "-" "Mozilla/5.0 (Windows NT 6.1; Win64; x64) AppleWebKit/537.36 (KHTML, like Gecko) Chrome/65.0.3050.46 Safari/537.36"
198.54.114.83 - - [16/Apr/2025:17:22:31 -0400] "POST /wp-cron.php?doing_wp_cron=1744838550.8187620639801025390625 HTTP/1.1" 200 0 "-" "WordPress/6.8; https://greatamericanball.com"
198.54.114.83 - - [16/Apr/2025:17:22:31 -0400] "POST /wp-cron.php?doing_wp_cron=1744838550.8190829753875732421875 HTTP/1.1" 200 0 "-" "WordPress/6.8; https://greatamericanball.com"
47.243.71.191 - - [16/Apr/2025:17:22:32 -0400] "HEAD /category/activity HTTP/1.1" 301 0 "-" "Mozilla/5.0 (Windows NT 10.0; Win64; x64) AppleWebKit/537.36 (KHTML, like Gecko) Chrome/71.0.2361.42 Safari/537.36"
47.242.76.207 - - [16/Apr/2025:17:22:28 -0400] "HEAD /category/activity/ HTTP/1.1" 200 0 "-" "Mozilla/5.0 (Windows NT 6.0; Win64; x64) AppleWebKit/537.36 (KHTML, like Gecko) Chrome/67.0.2186.17 Safari/537.36"
47.242.76.207 - - [16/Apr/2025:17:22:32 -0400] "GET /category/activity HTTP/1.1" 301 0 "-" "Mozilla/5.0 (Windows NT 6.0; Win64; x64) AppleWebKit/537.36 (KHTML, like Gecko) Chrome/67.0.2186.17 Safari/537.36"
47.243.71.191 - - [16/Apr/2025:17:22:32 -0400] "HEAD /category/activity/ HTTP/1.1" 200 0 "-" "Mozilla/5.0 (Windows NT 10.0; Win64; x64) AppleWebKit/537.36 (KHTML, like Gecko) Chrome/71.0.2361.42 Safari/537.36"
47.243.71.191 - - [16/Apr/2025:17:22:34 -0400] "GET /category/activity HTTP/1.1" 301 0 "-" "Mozilla/5.0 (Windows NT 10.0; Win64; x64) AppleWebKit/537.36 (KHTML, like Gecko) Chrome/71.0.2361.42 Safari/537.36"
47.242.217.111 - - [16/Apr/2025:17:22:36 -0400] "HEAD /category/activity HTTP/1.1" 301 0 "-" "Mozilla/5.0 (Windows NT 10.0; Win64; x64) AppleWebKit/537.36 (KHTML, like Gecko) Chrome/61.0.2543.55 Safari/537.36"
198.54.114.83 - - [16/Apr/2025:17:22:36 -0400] "GET /wp-content/themes/safari-blog/inc/blocks/font-family/inc/google-webfonts.json HTTP/1.1" 200 1084380 "-" "WordPress/6.8; https://greatamericanball.com"
198.54.114.83 - - [16/Apr/2025:17:22:37 -0400] "GET /wp-content/themes/safari-blog/inc/blocks/font-family/inc/google-webfonts.json HTTP/1.1" 200 1084380 "-" "WordPress/6.8; https://greatamericanball.com"
198.54.114.83 - - [16/Apr/2025:17:22:38 -0400] "GET /wp-content/themes/safari-blog/inc/blocks/font-family/inc/google-webfonts.json HTTP/1.1" 200 1084380 "-" "WordPress/6.8; https://greatamericanball.com"
47.242.217.111 - - [16/Apr/2025:17:22:37 -0400] "HEAD /category/activity/ HTTP/1.1" 200 0 "-" "Mozilla/5.0 (Windows NT 10.0; Win64; x64) AppleWebKit/537.36 (KHTML, like Gecko) Chrome/61.0.2543.55 Safari/537.36"
198.54.114.83 - - [16/Apr/2025:17:22:39 -0400] "GET /wp-content/themes/safari-blog/inc/blocks/font-family/inc/google-webfonts.json HTTP/1.1" 200 1084380 "-" "WordPress/6.8; https://greatamericanball.com"
47.242.217.111 - - [16/Apr/2025:17:22:39 -0400] "GET /category/activity HTTP/1.1" 301 0 "-" "Mozilla/5.0 (Windows NT 10.0; Win64; x64) AppleWebKit/537.36 (KHTML, like Gecko) Chrome/61.0.2543.55 Safari/537.36"
198.54.114.83 - - [16/Apr/2025:17:22:40 -0400] "GET /wp-content/themes/safari-blog/inc/blocks/font-family/inc/google-webfonts.json HTTP/1.1" 200 1084380 "-" "WordPress/6.8; https://greatamericanball.com"
47.242.76.207 - - [16/Apr/2025:17:22:33 -0400] "GET /category/activity/ HTTP/1.1" 200 0 "-" "Mozilla/5.0 (Windows NT 6.0; Win64; x64) AppleWebKit/537.36 (KHTML, like Gecko) Chrome/67.0.2186.17 Safari/537.36"
198.54.114.83 - - [16/Apr/2025:17:22:40 -0400] "GET /wp-content/themes/safari-blog/inc/blocks/font-family/inc/google-webfonts.json HTTP/1.1" 200 1084380 "-" "WordPress/6.8; https://greatamericanball.com"
47.242.209.147 - - [16/Apr/2025:17:22:40 -0400] "HEAD /category/activity HTTP/1.1" 301 0 "-" "Mozilla/5.0 (Windows NT 6.3; Win64; x64) AppleWebKit/537.36 (KHTML, like Gecko) Chrome/60.0.2420.56 Safari/537.36"
47.243.71.191 - - [16/Apr/2025:17:22:36 -0400] "GET /category/activity/ HTTP/1.1" 200 0 "-" "Mozilla/5.0 (Windows NT 10.0; Win64; x64) AppleWebKit/537.36 (KHTML, like Gecko) Chrome/71.0.2361.42 Safari/537.36"
198.54.114.83 - - [16/Apr/2025:17:22:42 -0400] "GET /wp-content/themes/safari-blog/inc/blocks/font-family/inc/google-webfonts.json HTTP/1.1" 200 1084380 "-" "WordPress/6.8; https://greatamericanball.com"
198.54.114.83 - - [16/Apr/2025:17:22:42 -0400] "GET /wp-content/themes/safari-blog/inc/blocks/font-family/inc/google-webfonts.json HTTP/1.1" 200 1084380 "-" "WordPress/6.8; https://greatamericanball.com"
198.54.114.83 - - [16/Apr/2025:17:22:42 -0400] "GET /wp-content/themes/safari-blog/inc/blocks/font-family/inc/google-webfonts.json HTTP/1.1" 200 1084380 "-" "WordPress/6.8; https://greatamericanball.com"
47.242.209.147 - - [16/Apr/2025:17:22:42 -0400] "HEAD /category/activity/ HTTP/1.1" 200 0 "-" "Mozilla/5.0 (Windows NT 6.3; Win64; x64) AppleWebKit/537.36 (KHTML, like Gecko) Chrome/60.0.2420.56 Safari/537.36"
47.243.71.191 - - [16/Apr/2025:17:22:45 -0400] "HEAD /category/activity HTTP/1.1" 301 0 "-" "Mozilla/5.0 (Windows NT 6.2; Win64; x64) AppleWebKit/537.36 (KHTML, like Gecko) Chrome/75.0.2879.138 Safari/537.36"
47.242.209.147 - - [16/Apr/2025:17:22:45 -0400] "GET /category/activity HTTP/1.1" 301 0 "-" "Mozilla/5.0 (Windows NT 6.3; Win64; x64) AppleWebKit/537.36 (KHTML, like Gecko) Chrome/60.0.2420.56 Safari/537.36"
198.54.114.83 - - [16/Apr/2025:17:22:44 -0400] "GET /wp-content/themes/safari-blog/inc/blocks/font-family/inc/google-webfonts.json HTTP/1.1" 200 1084380 "-" "WordPress/6.8; https://greatamericanball.com"
198.54.114.83 - - [16/Apr/2025:17:22:44 -0400] "GET /wp-content/themes/safari-blog/inc/blocks/font-family/inc/google-webfonts.json HTTP/1.1" 200 1084380 "-" "WordPress/6.8; https://greatamericanball.com"
198.54.114.83 - - [16/Apr/2025:17:22:45 -0400] "GET /wp-content/themes/safari-blog/inc/blocks/font-family/inc/google-webfonts.json HTTP/1.1" 200 1084380 "-" "WordPress/6.8; https://greatamericanball.com"
198.54.114.83 - - [16/Apr/2025:17:22:46 -0400] "POST /wp-cron.php?doing_wp_cron=1744838565.6749179363250732421875 HTTP/1.1" 200 0 "-" "WordPress/6.8; https://greatamericanball.com"
198.54.114.83 - - [16/Apr/2025:17:22:47 -0400] "GET /wp-content/themes/safari-blog/inc/blocks/font-family/inc/google-webfonts.json HTTP/1.1" 200 1084380 "-" "WordPress/6.8; https://greatamericanball.com"
47.242.217.111 - - [16/Apr/2025:17:22:40 -0400] "GET /category/activity/ HTTP/1.1" 200 0 "-" "Mozilla/5.0 (Windows NT 10.0; Win64; x64) AppleWebKit/537.36 (KHTML, like Gecko) Chrome/61.0.2543.55 Safari/537.36"
47.243.71.191 - - [16/Apr/2025:17:22:46 -0400] "HEAD /category/activity/ HTTP/1.1" 200 0 "-" "Mozilla/5.0 (Windows NT 6.2; Win64; x64) AppleWebKit/537.36 (KHTML, like Gecko) Chrome/75.0.2879.138 Safari/537.36"
198.54.114.83 - - [16/Apr/2025:17:22:48 -0400] "GET /wp-content/themes/safari-blog/inc/blocks/font-family/inc/google-webfonts.json HTTP/1.1" 200 1084380 "-" "WordPress/6.8; https://greatamericanball.com"
198.54.114.83 - - [16/Apr/2025:17:22:49 -0400] "GET /wp-content/themes/safari-blog/inc/blocks/font-family/inc/google-webfonts.json HTTP/1.1" 200 1084380 "-" "WordPress/6.8; https://greatamericanball.com"
47.243.71.191 - - [16/Apr/2025:17:22:49 -0400] "GET /category/activity HTTP/1.1" 301 0 "-" "Mozilla/5.0 (Windows NT 6.2; Win64; x64) AppleWebKit/537.36 (KHTML, like Gecko) Chrome/75.0.2879.138 Safari/537.36"
198.54.114.83 - - [16/Apr/2025:17:22:50 -0400] "GET /wp-content/themes/safari-blog/inc/blocks/font-family/inc/google-webfonts.json HTTP/1.1" 200 1084380 "-" "WordPress/6.8; https://greatamericanball.com"
198.54.114.83 - - [16/Apr/2025:17:22:50 -0400] "GET /wp-content/themes/safari-blog/inc/blocks/font-family/inc/google-webfonts.json HTTP/1.1" 200 1084380 "-" "WordPress/6.8; https://greatamericanball.com"
198.54.114.83 - - [16/Apr/2025:17:22:50 -0400] "GET /wp-content/themes/safari-blog/inc/blocks/font-family/inc/google-webfonts.json HTTP/1.1" 200 1084380 "-" "WordPress/6.8; https://greatamericanball.com"
198.54.114.83 - - [16/Apr/2025:17:22:51 -0400] "GET /wp-content/themes/safari-blog/inc/blocks/font-family/inc/google-webfonts.json HTTP/1.1" 200 1084380 "-" "WordPress/6.8; https://greatamericanball.com"
198.54.114.83 - - [16/Apr/2025:17:22:51 -0400] "GET /wp-content/themes/safari-blog/inc/blocks/font-family/inc/google-webfonts.json HTTP/1.1" 200 1084380 "-" "WordPress/6.8; https://greatamericanball.com"
198.54.114.83 - - [16/Apr/2025:17:22:52 -0400] "GET /wp-content/themes/safari-blog/inc/blocks/font-family/inc/google-webfonts.json HTTP/1.1" 200 1084380 "-" "WordPress/6.8; https://greatamericanball.com"
198.54.114.83 - - [16/Apr/2025:17:22:52 -0400] "GET /wp-content/themes/safari-blog/inc/blocks/font-family/inc/google-webfonts.json HTTP/1.1" 200 1084380 "-" "WordPress/6.8; https://greatamericanball.com"
47.242.209.147 - - [16/Apr/2025:17:22:46 -0400] "GET /category/activity/ HTTP/1.1" 200 0 "-" "Mozilla/5.0 (Windows NT 6.3; Win64; x64) AppleWebKit/537.36 (KHTML, like Gecko) Chrome/60.0.2420.56 Safari/537.36"
198.54.114.83 - - [16/Apr/2025:17:22:53 -0400] "GET /wp-content/themes/safari-blog/inc/blocks/font-family/inc/google-webfonts.json HTTP/1.1" 200 1084380 "-" "WordPress/6.8; https://greatamericanball.com"
198.54.114.83 - - [16/Apr/2025:17:22:53 -0400] "GET /wp-content/themes/safari-blog/inc/blocks/font-family/inc/google-webfonts.json HTTP/1.1" 200 1084380 "-" "WordPress/6.8; https://greatamericanball.com"
198.54.114.83 - - [16/Apr/2025:17:22:53 -0400] "GET /wp-content/themes/safari-blog/inc/blocks/font-family/inc/google-webfonts.json HTTP/1.1" 200 1084380 "-" "WordPress/6.8; https://greatamericanball.com"
198.54.114.83 - - [16/Apr/2025:17:22:54 -0400] "GET /wp-content/themes/safari-blog/inc/blocks/font-family/inc/google-webfonts.json HTTP/1.1" 200 1084380 "-" "WordPress/6.8; https://greatamericanball.com"
198.54.114.83 - - [16/Apr/2025:17:22:54 -0400] "GET /wp-content/themes/safari-blog/inc/blocks/font-family/inc/google-webfonts.json HTTP/1.1" 200 1084380 "-" "WordPress/6.8; https://greatamericanball.com"
43.154.122.150 - - [16/Apr/2025:17:22:45 -0400] "GET /michael-kors-bags-for-womens-styles/ HTTP/1.1" 200 12129 "-" "Python/3.10 aiohttp/3.10.5"
198.54.114.83 - - [16/Apr/2025:17:22:55 -0400] "GET /wp-content/themes/safari-blog/inc/blocks/font-family/inc/google-webfonts.json HTTP/1.1" 200 1084380 "-" "WordPress/6.8; https://greatamericanball.com"
47.243.78.44 - - [16/Apr/2025:17:22:56 -0400] "HEAD /category/activity HTTP/1.1" 301 0 "-" "Mozilla/5.0 (Windows NT 6.2; Win64; x64) AppleWebKit/537.36 (KHTML, like Gecko) Chrome/69.0.2311.96 Safari/537.36"
198.54.114.83 - - [16/Apr/2025:17:22:56 -0400] "GET /wp-content/themes/safari-blog/inc/blocks/font-family/inc/google-webfonts.json HTTP/1.1" 200 1084380 "-" "WordPress/6.8; https://greatamericanball.com"
47.243.71.191 - - [16/Apr/2025:17:22:51 -0400] "GET /category/activity/ HTTP/1.1" 200 0 "-" "Mozilla/5.0 (Windows NT 6.2; Win64; x64) AppleWebKit/537.36 (KHTML, like Gecko) Chrome/75.0.2879.138 Safari/537.36"
198.54.114.83 - - [16/Apr/2025:17:22:57 -0400] "GET /wp-content/themes/safari-blog/inc/blocks/font-family/inc/google-webfonts.json HTTP/1.1" 200 1084380 "-" "WordPress/6.8; https://greatamericanball.com"
47.243.78.44 - - [16/Apr/2025:17:22:56 -0400] "HEAD /category/activity/ HTTP/1.1" 200 0 "-" "Mozilla/5.0 (Windows NT 6.2; Win64; x64) AppleWebKit/537.36 (KHTML, like Gecko) Chrome/69.0.2311.96 Safari/537.36"
47.243.78.44 - - [16/Apr/2025:17:22:59 -0400] "GET /category/activity HTTP/1.1" 301 0 "-" "Mozilla/5.0 (Windows NT 6.2; Win64; x64) AppleWebKit/537.36 (KHTML, like Gecko) Chrome/69.0.2311.96 Safari/537.36"
47.242.76.207 - - [16/Apr/2025:17:22:59 -0400] "HEAD /category/activity HTTP/1.1" 301 0 "-" "Mozilla/5.0 (Windows NT 6.2; Win64; x64) AppleWebKit/537.36 (KHTML, like Gecko) Chrome/77.0.3677.162 Safari/537.36"
47.242.76.207 - - [16/Apr/2025:17:22:59 -0400] "HEAD /category/activity/ HTTP/1.1" 200 0 "-" "Mozilla/5.0 (Windows NT 6.2; Win64; x64) AppleWebKit/537.36 (KHTML, like Gecko) Chrome/77.0.3677.162 Safari/537.36"
47.242.76.207 - - [16/Apr/2025:17:23:05 -0400] "GET /category/activity HTTP/1.1" 301 0 "-" "Mozilla/5.0 (Windows NT 6.2; Win64; x64) AppleWebKit/537.36 (KHTML, like Gecko) Chrome/77.0.3677.162 Safari/537.36"
198.54.114.83 - - [16/Apr/2025:17:23:03 -0400] "GET /wp-content/themes/safari-blog/inc/blocks/font-family/inc/google-webfonts.json HTTP/1.1" 200 1084380 "-" "WordPress/6.8; https://greatamericanball.com"
8.210.12.248 - - [16/Apr/2025:17:23:05 -0400] "HEAD /category/activity HTTP/1.1" 301 0 "-" "Mozilla/5.0 (Windows NT 10.0; Win64; x64) AppleWebKit/537.36 (KHTML, like Gecko) Chrome/70.0.2792.122 Safari/537.36"
198.54.114.83 - - [16/Apr/2025:17:23:06 -0400] "GET /wp-content/themes/safari-blog/inc/blocks/font-family/inc/google-webfonts.json HTTP/1.1" 200 1084380 "-" "WordPress/6.8; https://greatamericanball.com"
47.243.78.44 - - [16/Apr/2025:17:22:59 -0400] "GET /category/activity/ HTTP/1.1" 200 0 "-" "Mozilla/5.0 (Windows NT 6.2; Win64; x64) AppleWebKit/537.36 (KHTML, like Gecko) Chrome/69.0.2311.96 Safari/537.36"
8.210.12.248 - - [16/Apr/2025:17:23:06 -0400] "HEAD /category/activity/ HTTP/1.1" 200 0 "-" "Mozilla/5.0 (Windows NT 10.0; Win64; x64) AppleWebKit/537.36 (KHTML, like Gecko) Chrome/70.0.2792.122 Safari/537.36"
47.242.167.47 - - [16/Apr/2025:17:23:10 -0400] "HEAD /category/activity HTTP/1.1" 301 0 "-" "Mozilla/5.0 (Windows NT 6.3; Win64; x64) AppleWebKit/537.36 (KHTML, like Gecko) Chrome/63.0.2373.128 Safari/537.36"
198.54.114.83 - - [16/Apr/2025:17:23:09 -0400] "GET /wp-content/themes/safari-blog/inc/blocks/font-family/inc/google-webfonts.json HTTP/1.1" 200 1084380 "-" "WordPress/6.8; https://greatamericanball.com"
198.54.114.83 - - [16/Apr/2025:17:23:10 -0400] "GET /wp-content/themes/safari-blog/inc/blocks/font-family/inc/google-webfonts.json HTTP/1.1" 200 1084380 "-" "WordPress/6.8; https://greatamericanball.com"
8.210.12.248 - - [16/Apr/2025:17:23:10 -0400] "GET /category/activity HTTP/1.1" 301 0 "-" "Mozilla/5.0 (Windows NT 10.0; Win64; x64) AppleWebKit/537.36 (KHTML, like Gecko) Chrome/70.0.2792.122 Safari/537.36"
47.242.76.207 - - [16/Apr/2025:17:23:06 -0400] "GET /category/activity/ HTTP/1.1" 200 0 "-" "Mozilla/5.0 (Windows NT 6.2; Win64; x64) AppleWebKit/537.36 (KHTML, like Gecko) Chrome/77.0.3677.162 Safari/537.36"
47.242.76.207 - - [16/Apr/2025:17:23:12 -0400] "HEAD /category/activity HTTP/1.1" 301 0 "-" "Mozilla/5.0 (Windows NT 6.2; Win64; x64) AppleWebKit/537.36 (KHTML, like Gecko) Chrome/67.0.2816.196 Safari/537.36"
47.242.167.47 - - [16/Apr/2025:17:23:12 -0400] "HEAD /category/activity/ HTTP/1.1" 200 0 "-" "Mozilla/5.0 (Windows NT 6.3; Win64; x64) AppleWebKit/537.36 (KHTML, like Gecko) Chrome/63.0.2373.128 Safari/537.36"
198.54.114.83 - - [16/Apr/2025:17:23:12 -0400] "GET /wp-content/themes/safari-blog/inc/blocks/font-family/inc/google-webfonts.json HTTP/1.1" 200 1084380 "-" "WordPress/6.8; https://greatamericanball.com"
198.54.114.83 - - [16/Apr/2025:17:23:13 -0400] "GET /wp-content/themes/safari-blog/inc/blocks/font-family/inc/google-webfonts.json HTTP/1.1" 200 1084380 "-" "WordPress/6.8; https://greatamericanball.com"
47.242.167.47 - - [16/Apr/2025:17:23:14 -0400] "GET /category/activity HTTP/1.1" 301 0 "-" "Mozilla/5.0 (Windows NT 6.3; Win64; x64) AppleWebKit/537.36 (KHTML, like Gecko) Chrome/63.0.2373.128 Safari/537.36"
198.54.114.83 - - [16/Apr/2025:17:23:14 -0400] "GET /wp-content/themes/safari-blog/inc/blocks/font-family/inc/google-webfonts.json HTTP/1.1" 200 1084380 "-" "WordPress/6.8; https://greatamericanball.com"
198.54.114.83 - - [16/Apr/2025:17:23:14 -0400] "GET /wp-content/themes/safari-blog/inc/blocks/font-family/inc/google-webfonts.json HTTP/1.1" 200 1084380 "-" "WordPress/6.8; https://greatamericanball.com"
198.54.114.83 - - [16/Apr/2025:17:23:14 -0400] "GET /wp-content/themes/safari-blog/inc/blocks/font-family/inc/google-webfonts.json HTTP/1.1" 200 1084380 "-" "WordPress/6.8; https://greatamericanball.com"
47.242.76.207 - - [16/Apr/2025:17:23:14 -0400] "HEAD /category/activity/ HTTP/1.1" 200 0 "-" "Mozilla/5.0 (Windows NT 6.2; Win64; x64) AppleWebKit/537.36 (KHTML, like Gecko) Chrome/67.0.2816.196 Safari/537.36"
8.218.91.49 - - [16/Apr/2025:17:23:17 -0400] "HEAD /category/activity HTTP/1.1" 301 0 "-" "Mozilla/5.0 (Windows NT 6.3; Win64; x64) AppleWebKit/537.36 (KHTML, like Gecko) Chrome/62.0.2535.111 Safari/537.36"
47.242.76.207 - - [16/Apr/2025:17:23:17 -0400] "GET /category/activity HTTP/1.1" 301 0 "-" "Mozilla/5.0 (Windows NT 6.2; Win64; x64) AppleWebKit/537.36 (KHTML, like Gecko) Chrome/67.0.2816.196 Safari/537.36"
8.210.12.248 - - [16/Apr/2025:17:23:12 -0400] "GET /category/activity/ HTTP/1.1" 200 0 "-" "Mozilla/5.0 (Windows NT 10.0; Win64; x64) AppleWebKit/537.36 (KHTML, like Gecko) Chrome/70.0.2792.122 Safari/537.36"
198.54.114.83 - - [16/Apr/2025:17:23:17 -0400] "GET /wp-content/themes/safari-blog/inc/blocks/font-family/inc/google-webfonts.json HTTP/1.1" 200 1084380 "-" "WordPress/6.8; https://greatamericanball.com"
198.54.114.83 - - [16/Apr/2025:17:23:17 -0400] "GET /wp-content/themes/safari-blog/inc/blocks/font-family/inc/google-webfonts.json HTTP/1.1" 200 1084380 "-" "WordPress/6.8; https://greatamericanball.com"
198.54.114.83 - - [16/Apr/2025:17:23:18 -0400] "GET /wp-content/themes/safari-blog/inc/blocks/font-family/inc/google-webfonts.json HTTP/1.1" 200 1084380 "-" "WordPress/6.8; https://greatamericanball.com"
198.54.114.83 - - [16/Apr/2025:17:23:19 -0400] "GET /wp-content/themes/safari-blog/inc/blocks/font-family/inc/google-webfonts.json HTTP/1.1" 200 1084380 "-" "WordPress/6.8; https://greatamericanball.com"
198.54.114.83 - - [16/Apr/2025:17:23:19 -0400] "GET /wp-content/themes/safari-blog/inc/blocks/font-family/inc/google-webfonts.json HTTP/1.1" 200 1084380 "-" "WordPress/6.8; https://greatamericanball.com"
8.218.91.49 - - [16/Apr/2025:17:23:18 -0400] "HEAD /category/activity/ HTTP/1.1" 200 0 "-" "Mozilla/5.0 (Windows NT 6.3; Win64; x64) AppleWebKit/537.36 (KHTML, like Gecko) Chrome/62.0.2535.111 Safari/537.36"
198.54.114.83 - - [16/Apr/2025:17:23:19 -0400] "GET /wp-content/themes/safari-blog/inc/blocks/font-family/inc/google-webfonts.json HTTP/1.1" 200 1084380 "-" "WordPress/6.8; https://greatamericanball.com"
8.218.91.49 - - [16/Apr/2025:17:23:21 -0400] "GET /category/activity HTTP/1.1" 301 0 "-" "Mozilla/5.0 (Windows NT 6.3; Win64; x64) AppleWebKit/537.36 (KHTML, like Gecko) Chrome/62.0.2535.111 Safari/537.36"
47.242.167.47 - - [16/Apr/2025:17:23:15 -0400] "GET /category/activity/ HTTP/1.1" 200 0 "-" "Mozilla/5.0 (Windows NT 6.3; Win64; x64) AppleWebKit/537.36 (KHTML, like Gecko) Chrome/63.0.2373.128 Safari/537.36"
198.54.114.83 - - [16/Apr/2025:17:23:21 -0400] "GET /wp-content/themes/safari-blog/inc/blocks/font-family/inc/google-webfonts.json HTTP/1.1" 200 1084380 "-" "WordPress/6.8; https://greatamericanball.com"
198.54.114.83 - - [16/Apr/2025:17:23:21 -0400] "GET /wp-content/themes/safari-blog/inc/blocks/font-family/inc/google-webfonts.json HTTP/1.1" 200 1084380 "-" "WordPress/6.8; https://greatamericanball.com"
198.54.114.83 - - [16/Apr/2025:17:23:22 -0400] "GET /wp-content/themes/safari-blog/inc/blocks/font-family/inc/google-webfonts.json HTTP/1.1" 200 1084380 "-" "WordPress/6.8; https://greatamericanball.com"
8.210.147.121 - - [16/Apr/2025:17:23:23 -0400] "HEAD /category/activity HTTP/1.1" 301 0 "-" "Mozilla/5.0 (Windows NT 6.3; Win64; x64) AppleWebKit/537.36 (KHTML, like Gecko) Chrome/61.0.2134.167 Safari/537.36"
198.54.114.83 - - [16/Apr/2025:17:23:24 -0400] "GET /wp-content/themes/safari-blog/inc/blocks/font-family/inc/google-webfonts.json HTTP/1.1" 200 1084380 "-" "WordPress/6.8; https://greatamericanball.com"
198.54.114.83 - - [16/Apr/2025:17:23:24 -0400] "GET /wp-content/themes/safari-blog/inc/blocks/font-family/inc/google-webfonts.json HTTP/1.1" 200 1084380 "-" "WordPress/6.8; https://greatamericanball.com"
198.54.114.83 - - [16/Apr/2025:17:23:24 -0400] "GET /wp-content/themes/safari-blog/inc/blocks/font-family/inc/google-webfonts.json HTTP/1.1" 200 1084380 "-" "WordPress/6.8; https://greatamericanball.com"
47.242.76.207 - - [16/Apr/2025:17:23:18 -0400] "GET /category/activity/ HTTP/1.1" 200 0 "-" "Mozilla/5.0 (Windows NT 6.2; Win64; x64) AppleWebKit/537.36 (KHTML, like Gecko) Chrome/67.0.2816.196 Safari/537.36"
198.54.114.83 - - [16/Apr/2025:17:23:25 -0400] "GET /wp-content/themes/safari-blog/inc/blocks/font-family/inc/google-webfonts.json HTTP/1.1" 200 1084380 "-" "WordPress/6.8; https://greatamericanball.com"
8.210.147.121 - - [16/Apr/2025:17:23:24 -0400] "HEAD /category/activity/ HTTP/1.1" 200 0 "-" "Mozilla/5.0 (Windows NT 6.3; Win64; x64) AppleWebKit/537.36 (KHTML, like Gecko) Chrome/61.0.2134.167 Safari/537.36"
198.54.114.83 - - [16/Apr/2025:17:23:26 -0400] "GET /wp-content/themes/safari-blog/inc/blocks/font-family/inc/google-webfonts.json HTTP/1.1" 200 1084380 "-" "WordPress/6.8; https://greatamericanball.com"
198.54.114.83 - - [16/Apr/2025:17:23:26 -0400] "GET /wp-content/themes/safari-blog/inc/blocks/font-family/inc/google-webfonts.json HTTP/1.1" 200 1084380 "-" "WordPress/6.8; https://greatamericanball.com"
8.210.147.121 - - [16/Apr/2025:17:23:26 -0400] "GET /category/activity HTTP/1.1" 301 0 "-" "Mozilla/5.0 (Windows NT 6.3; Win64; x64) AppleWebKit/537.36 (KHTML, like Gecko) Chrome/61.0.2134.167 Safari/537.36"
198.54.114.83 - - [16/Apr/2025:17:23:27 -0400] "GET /wp-content/themes/safari-blog/inc/blocks/font-family/inc/google-webfonts.json HTTP/1.1" 200 1084380 "-" "WordPress/6.8; https://greatamericanball.com"
47.243.234.164 - - [16/Apr/2025:17:23:27 -0400] "HEAD /category/activity HTTP/1.1" 301 0 "-" "Mozilla/5.0 (Windows NT 6.2; Win64; x64) AppleWebKit/537.36 (KHTML, like Gecko) Chrome/77.0.3305.24 Safari/537.36"
198.54.114.83 - - [16/Apr/2025:17:23:28 -0400] "GET /wp-content/themes/safari-blog/inc/blocks/font-family/inc/google-webfonts.json HTTP/1.1" 200 1084380 "-" "WordPress/6.8; https://greatamericanball.com"
8.218.91.49 - - [16/Apr/2025:17:23:23 -0400] "GET /category/activity/ HTTP/1.1" 200 0 "-" "Mozilla/5.0 (Windows NT 6.3; Win64; x64) AppleWebKit/537.36 (KHTML, like Gecko) Chrome/62.0.2535.111 Safari/537.36"
198.54.114.83 - - [16/Apr/2025:17:23:29 -0400] "GET /wp-content/themes/safari-blog/inc/blocks/font-family/inc/google-webfonts.json HTTP/1.1" 200 1084380 "-" "WordPress/6.8; https://greatamericanball.com"
47.243.234.164 - - [16/Apr/2025:17:23:28 -0400] "HEAD /category/activity/ HTTP/1.1" 200 0 "-" "Mozilla/5.0 (Windows NT 6.2; Win64; x64) AppleWebKit/537.36 (KHTML, like Gecko) Chrome/77.0.3305.24 Safari/537.36"
47.243.234.164 - - [16/Apr/2025:17:23:30 -0400] "GET /category/activity HTTP/1.1" 301 0 "-" "Mozilla/5.0 (Windows NT 6.2; Win64; x64) AppleWebKit/537.36 (KHTML, like Gecko) Chrome/77.0.3305.24 Safari/537.36"
47.242.234.100 - - [16/Apr/2025:17:23:30 -0400] "HEAD /category/activity HTTP/1.1" 301 0 "-" "Mozilla/5.0 (Windows NT 6.0; Win64; x64) AppleWebKit/537.36 (KHTML, like Gecko) Chrome/76.0.2831.109 Safari/537.36"
198.54.114.83 - - [16/Apr/2025:17:23:31 -0400] "GET /wp-content/themes/safari-blog/inc/blocks/font-family/inc/google-webfonts.json HTTP/1.1" 200 1084380 "-" "WordPress/6.8; https://greatamericanball.com"
198.54.114.83 - - [16/Apr/2025:17:23:31 -0400] "GET /wp-content/themes/safari-blog/inc/blocks/font-family/inc/google-webfonts.json HTTP/1.1" 200 1084380 "-" "WordPress/6.8; https://greatamericanball.com"
198.54.114.83 - - [16/Apr/2025:17:23:32 -0400] "GET /wp-content/themes/safari-blog/inc/blocks/font-family/inc/google-webfonts.json HTTP/1.1" 200 1084380 "-" "WordPress/6.8; https://greatamericanball.com"
47.242.234.100 - - [16/Apr/2025:17:23:31 -0400] "HEAD /category/activity/ HTTP/1.1" 200 0 "-" "Mozilla/5.0 (Windows NT 6.0; Win64; x64) AppleWebKit/537.36 (KHTML, like Gecko) Chrome/76.0.2831.109 Safari/537.36"
198.54.114.83 - - [16/Apr/2025:17:23:33 -0400] "GET /wp-content/themes/safari-blog/inc/blocks/font-family/inc/google-webfonts.json HTTP/1.1" 200 1084380 "-" "WordPress/6.8; https://greatamericanball.com"
198.54.114.83 - - [16/Apr/2025:17:23:34 -0400] "GET /wp-content/themes/safari-blog/inc/blocks/font-family/inc/google-webfonts.json HTTP/1.1" 200 1084380 "-" "WordPress/6.8; https://greatamericanball.com"
198.54.114.83 - - [16/Apr/2025:17:23:34 -0400] "GET /wp-content/themes/safari-blog/inc/blocks/font-family/inc/google-webfonts.json HTTP/1.1" 200 1084380 "-" "WordPress/6.8; https://greatamericanball.com"
8.210.147.121 - - [16/Apr/2025:17:23:27 -0400] "GET /category/activity/ HTTP/1.1" 200 0 "-" "Mozilla/5.0 (Windows NT 6.3; Win64; x64) AppleWebKit/537.36 (KHTML, like Gecko) Chrome/61.0.2134.167 Safari/537.36"
47.242.234.100 - - [16/Apr/2025:17:23:34 -0400] "GET /category/activity HTTP/1.1" 301 0 "-" "Mozilla/5.0 (Windows NT 6.0; Win64; x64) AppleWebKit/537.36 (KHTML, like Gecko) Chrome/76.0.2831.109 Safari/537.36"
198.54.114.83 - - [16/Apr/2025:17:23:35 -0400] "GET /wp-content/themes/safari-blog/inc/blocks/font-family/inc/google-webfonts.json HTTP/1.1" 200 1084380 "-" "WordPress/6.8; https://greatamericanball.com"
198.54.114.83 - - [16/Apr/2025:17:23:35 -0400] "GET /wp-content/themes/safari-blog/inc/blocks/font-family/inc/google-webfonts.json HTTP/1.1" 200 1084380 "-" "WordPress/6.8; https://greatamericanball.com"
198.54.114.83 - - [16/Apr/2025:17:23:36 -0400] "GET /wp-content/themes/safari-blog/inc/blocks/font-family/inc/google-webfonts.json HTTP/1.1" 200 1084380 "-" "WordPress/6.8; https://greatamericanball.com"
198.54.114.83 - - [16/Apr/2025:17:23:37 -0400] "GET /wp-content/themes/safari-blog/inc/blocks/font-family/inc/google-webfonts.json HTTP/1.1" 200 1084380 "-" "WordPress/6.8; https://greatamericanball.com"
47.243.234.164 - - [16/Apr/2025:17:23:31 -0400] "GET /category/activity/ HTTP/1.1" 200 0 "-" "Mozilla/5.0 (Windows NT 6.2; Win64; x64) AppleWebKit/537.36 (KHTML, like Gecko) Chrome/77.0.3305.24 Safari/537.36"
198.54.114.83 - - [16/Apr/2025:17:23:38 -0400] "GET /wp-content/themes/safari-blog/inc/blocks/font-family/inc/google-webfonts.json HTTP/1.1" 200 1084380 "-" "WordPress/6.8; https://greatamericanball.com"
198.54.114.83 - - [16/Apr/2025:17:23:38 -0400] "GET /wp-content/themes/safari-blog/inc/blocks/font-family/inc/google-webfonts.json HTTP/1.1" 200 1084380 "-" "WordPress/6.8; https://greatamericanball.com"
47.76.222.244 - - [16/Apr/2025:17:23:39 -0400] "HEAD /category/activity HTTP/1.1" 301 0 "-" "Mozilla/5.0 (Windows NT 10.0; Win64; x64) AppleWebKit/537.36 (KHTML, like Gecko) Chrome/73.0.3509.110 Safari/537.36"
198.54.114.83 - - [16/Apr/2025:17:23:40 -0400] "GET /wp-content/themes/safari-blog/inc/blocks/font-family/inc/google-webfonts.json HTTP/1.1" 200 1084380 "-" "WordPress/6.8; https://greatamericanball.com"
198.54.114.83 - - [16/Apr/2025:17:23:41 -0400] "GET /wp-content/themes/safari-blog/inc/blocks/font-family/inc/google-webfonts.json HTTP/1.1" 200 1084380 "-" "WordPress/6.8; https://greatamericanball.com"
47.242.234.100 - - [16/Apr/2025:17:23:36 -0400] "GET /category/activity/ HTTP/1.1" 200 0 "-" "Mozilla/5.0 (Windows NT 6.0; Win64; x64) AppleWebKit/537.36 (KHTML, like Gecko) Chrome/76.0.2831.109 Safari/537.36"
47.76.222.244 - - [16/Apr/2025:17:23:41 -0400] "HEAD /category/activity/ HTTP/1.1" 200 0 "-" "Mozilla/5.0 (Windows NT 10.0; Win64; x64) AppleWebKit/537.36 (KHTML, like Gecko) Chrome/73.0.3509.110 Safari/537.36"
198.54.114.83 - - [16/Apr/2025:17:23:42 -0400] "GET /wp-content/themes/safari-blog/inc/blocks/font-family/inc/google-webfonts.json HTTP/1.1" 200 1084380 "-" "WordPress/6.8; https://greatamericanball.com"
198.54.114.83 - - [16/Apr/2025:17:23:42 -0400] "GET /wp-content/themes/safari-blog/inc/blocks/font-family/inc/google-webfonts.json HTTP/1.1" 200 1084380 "-" "WordPress/6.8; https://greatamericanball.com"
47.76.222.244 - - [16/Apr/2025:17:23:44 -0400] "GET /category/activity HTTP/1.1" 301 0 "-" "Mozilla/5.0 (Windows NT 10.0; Win64; x64) AppleWebKit/537.36 (KHTML, like Gecko) Chrome/73.0.3509.110 Safari/537.36"
198.54.114.83 - - [16/Apr/2025:17:23:45 -0400] "GET /wp-content/themes/safari-blog/inc/blocks/font-family/inc/google-webfonts.json HTTP/1.1" 200 1084380 "-" "WordPress/6.8; https://greatamericanball.com"
8.210.86.148 - - [16/Apr/2025:17:23:46 -0400] "HEAD /category/activity HTTP/1.1" 301 0 "-" "Mozilla/5.0 (Windows NT 6.2; Win64; x64) AppleWebKit/537.36 (KHTML, like Gecko) Chrome/66.0.2636.125 Safari/537.36"
198.54.114.83 - - [16/Apr/2025:17:23:46 -0400] "POST /wp-cron.php?doing_wp_cron=1744838626.1442348957061767578125 HTTP/1.1" 200 0 "-" "WordPress/6.8; https://greatamericanball.com"
198.54.114.83 - - [16/Apr/2025:17:23:47 -0400] "GET /wp-content/themes/safari-blog/inc/blocks/font-family/inc/google-webfonts.json HTTP/1.1" 200 1084380 "-" "WordPress/6.8; https://greatamericanball.com"
198.54.114.83 - - [16/Apr/2025:17:23:48 -0400] "GET /wp-content/themes/safari-blog/inc/blocks/font-family/inc/google-webfonts.json HTTP/1.1" 200 1084380 "-" "WordPress/6.8; https://greatamericanball.com"
8.210.86.148 - - [16/Apr/2025:17:23:47 -0400] "HEAD /category/activity/ HTTP/1.1" 200 0 "-" "Mozilla/5.0 (Windows NT 6.2; Win64; x64) AppleWebKit/537.36 (KHTML, like Gecko) Chrome/66.0.2636.125 Safari/537.36"
198.54.114.83 - - [16/Apr/2025:17:23:48 -0400] "POST /wp-admin/admin-ajax.php?action=async_litespeed&nonce=mwUIcgUxbFSfj1oHiP0G9kb6EpbFaU0v&litespeed_type=imgoptm HTTP/1.1" 200 0 "-" "WordPress/6.8; https://greatamericanball.com"
8.210.86.148 - - [16/Apr/2025:17:23:49 -0400] "GET /category/activity HTTP/1.1" 301 0 "-" "Mozilla/5.0 (Windows NT 6.2; Win64; x64) AppleWebKit/537.36 (KHTML, like Gecko) Chrome/66.0.2636.125 Safari/537.36"
198.54.114.83 - - [16/Apr/2025:17:23:50 -0400] "GET /wp-content/themes/safari-blog/inc/blocks/font-family/inc/google-webfonts.json HTTP/1.1" 200 1084380 "-" "WordPress/6.8; https://greatamericanball.com"
47.76.222.244 - - [16/Apr/2025:17:23:45 -0400] "GET /category/activity/ HTTP/1.1" 200 0 "-" "Mozilla/5.0 (Windows NT 10.0; Win64; x64) AppleWebKit/537.36 (KHTML, like Gecko) Chrome/73.0.3509.110 Safari/537.36"
198.54.114.83 - - [16/Apr/2025:17:23:51 -0400] "GET /wp-content/themes/safari-blog/inc/blocks/font-family/inc/google-webfonts.json HTTP/1.1" 200 1084380 "-" "WordPress/6.8; https://greatamericanball.com"
198.54.114.83 - - [16/Apr/2025:17:23:53 -0400] "GET /wp-content/themes/safari-blog/inc/blocks/font-family/inc/google-webfonts.json HTTP/1.1" 200 1084380 "-" "WordPress/6.8; https://greatamericanball.com"
198.54.114.83 - - [16/Apr/2025:17:23:53 -0400] "GET /wp-content/themes/safari-blog/inc/blocks/font-family/inc/google-webfonts.json HTTP/1.1" 200 1084380 "-" "WordPress/6.8; https://greatamericanball.com"
198.54.114.83 - - [16/Apr/2025:17:23:54 -0400] "GET /wp-content/themes/safari-blog/inc/blocks/font-family/inc/google-webfonts.json HTTP/1.1" 200 1084380 "-" "WordPress/6.8; https://greatamericanball.com"
198.54.114.83 - - [16/Apr/2025:17:23:54 -0400] "GET /wp-content/themes/safari-blog/inc/blocks/font-family/inc/google-webfonts.json HTTP/1.1" 200 1084380 "-" "WordPress/6.8; https://greatamericanball.com"
198.54.114.83 - - [16/Apr/2025:17:23:55 -0400] "GET /wp-content/themes/safari-blog/inc/blocks/font-family/inc/google-webfonts.json HTTP/1.1" 200 1084380 "-" "WordPress/6.8; https://greatamericanball.com"
8.210.86.148 - - [16/Apr/2025:17:23:51 -0400] "GET /category/activity/ HTTP/1.1" 200 0 "-" "Mozilla/5.0 (Windows NT 6.2; Win64; x64) AppleWebKit/537.36 (KHTML, like Gecko) Chrome/66.0.2636.125 Safari/537.36"
198.54.114.83 - - [16/Apr/2025:17:23:57 -0400] "GET /wp-content/themes/safari-blog/inc/blocks/font-family/inc/google-webfonts.json HTTP/1.1" 200 1084380 "-" "WordPress/6.8; https://greatamericanball.com"
198.54.114.83 - - [16/Apr/2025:17:23:58 -0400] "GET /wp-content/themes/safari-blog/inc/blocks/font-family/inc/google-webfonts.json HTTP/1.1" 200 1084380 "-" "WordPress/6.8; https://greatamericanball.com"
198.54.114.83 - - [16/Apr/2025:17:30:49 -0400] "POST /wp-cron.php?doing_wp_cron=1744839047.5766460895538330078125 HTTP/1.1" 200 0 "-" "WordPress/6.8; https://greatamericanball.com"
198.54.114.83 - - [16/Apr/2025:17:30:51 -0400] "GET /wp-content/themes/safari-blog/inc/blocks/font-family/inc/google-webfonts.json HTTP/1.1" 200 1084380 "-" "WordPress/6.8; https://greatamericanball.com"
198.54.114.83 - - [16/Apr/2025:17:30:55 -0400] "GET /wp-content/themes/safari-blog/inc/blocks/font-family/inc/google-webfonts.json HTTP/1.1" 200 1084380 "-" "WordPress/6.8; https://greatamericanball.com"
198.54.114.83 - - [16/Apr/2025:17:30:59 -0400] "GET /wp-content/themes/safari-blog/inc/blocks/font-family/inc/google-webfonts.json HTTP/1.1" 200 1084380 "-" "WordPress/6.8; https://greatamericanball.com"
198.54.114.83 - - [16/Apr/2025:17:31:03 -0400] "GET /wp-content/themes/safari-blog/inc/blocks/font-family/inc/google-webfonts.json HTTP/1.1" 200 1084380 "-" "WordPress/6.8; https://greatamericanball.com"
198.54.114.83 - - [16/Apr/2025:17:31:05 -0400] "GET /wp-content/themes/safari-blog/inc/blocks/font-family/inc/google-webfonts.json HTTP/1.1" 200 1084380 "-" "WordPress/6.8; https://greatamericanball.com"
43.128.36.137 - - [16/Apr/2025:17:30:39 -0400] "GET /tembusu-grand-condominium/ HTTP/1.1" 200 12296 "-" "Python/3.10 aiohttp/3.10.5"
198.54.114.83 - - [16/Apr/2025:17:32:20 -0400] "POST /wp-cron.php?doing_wp_cron=1744839139.8581199645996093750000 HTTP/1.1" 200 0 "-" "WordPress/6.8; https://greatamericanball.com"
198.54.114.83 - - [16/Apr/2025:17:32:22 -0400] "GET /wp-content/themes/safari-blog/inc/blocks/font-family/inc/google-webfonts.json HTTP/1.1" 200 1084380 "-" "WordPress/6.8; https://greatamericanball.com"
198.54.114.83 - - [16/Apr/2025:17:32:24 -0400] "GET /wp-content/themes/safari-blog/inc/blocks/font-family/inc/google-webfonts.json HTTP/1.1" 200 1084380 "-" "WordPress/6.8; https://greatamericanball.com"
198.54.114.83 - - [16/Apr/2025:17:32:24 -0400] "GET /wp-content/themes/safari-blog/inc/blocks/font-family/inc/google-webfonts.json HTTP/1.1" 200 1084380 "-" "WordPress/6.8; https://greatamericanball.com"
198.54.114.83 - - [16/Apr/2025:17:32:24 -0400] "POST /wp-admin/admin-ajax.php?action=async_litespeed&nonce=oMDmanlvzRPKrl622kYxGKOmC4fE6U2a&litespeed_type=imgoptm HTTP/1.1" 200 0 "-" "WordPress/6.8; https://greatamericanball.com"
198.54.114.83 - - [16/Apr/2025:17:32:27 -0400] "GET /wp-content/themes/safari-blog/inc/blocks/font-family/inc/google-webfonts.json HTTP/1.1" 200 1084380 "-" "WordPress/6.8; https://greatamericanball.com"
198.54.114.83 - - [16/Apr/2025:17:32:32 -0400] "GET /wp-content/themes/safari-blog/inc/blocks/font-family/inc/google-webfonts.json HTTP/1.1" 200 1084380 "-" "WordPress/6.8; https://greatamericanball.com"
157.55.39.52 - - [16/Apr/2025:17:32:18 -0400] "GET /un-nouvel-eclat-a-votre-interieur/ HTTP/1.1" 200 11470 "-" "Mozilla/5.0 AppleWebKit/537.36 (KHTML, like Gecko; compatible; bingbot/2.0; +http://www.bing.com/bingbot.htm) Chrome/116.0.1938.76 Safari/537.36"
195.2.76.183 - - [16/Apr/2025:17:32:55 -0400] "GET /where-to-buy-cbd-oil-in-the-uk/ HTTP/1.1" 200 12264 "https://greatamericanball.com/where-to-buy-cbd-oil-in-the-uk/" "Mozilla/5.0 (Windows NT 10.0; Win64; x64) AppleWebKit/537.36 (KHTML, like Gecko) Chrome/129.0.0.0 Safari/537.36"
195.2.76.183 - - [16/Apr/2025:17:32:57 -0400] "POST /wp-comments-post.php HTTP/1.1" 200 980 "https://greatamericanball.com/where-to-buy-cbd-oil-in-the-uk/" "Mozilla/5.0 (Windows NT 10.0; Win64; x64) AppleWebKit/537.36 (KHTML, like Gecko) Chrome/129.0.0.0 Safari/537.36"
198.54.114.83 - - [16/Apr/2025:17:32:59 -0400] "POST /wp-cron.php?doing_wp_cron=1744839177.7813429832458496093750 HTTP/1.1" 200 0 "-" "WordPress/6.8; https://greatamericanball.com"
198.54.114.83 - - [16/Apr/2025:17:33:24 -0400] "GET /wp-content/themes/safari-blog/inc/blocks/font-family/inc/google-webfonts.json HTTP/1.1" 200 1084380 "-" "WordPress/6.8; https://greatamericanball.com"
198.54.114.83 - - [16/Apr/2025:17:33:27 -0400] "GET /wp-content/themes/safari-blog/inc/blocks/font-family/inc/google-webfonts.json HTTP/1.1" 200 1084380 "-" "WordPress/6.8; https://greatamericanball.com"
198.54.114.83 - - [16/Apr/2025:17:33:30 -0400] "GET /wp-content/themes/safari-blog/inc/blocks/font-family/inc/google-webfonts.json HTTP/1.1" 200 1084380 "-" "WordPress/6.8; https://greatamericanball.com"
198.54.114.83 - - [16/Apr/2025:17:33:33 -0400] "GET /wp-content/themes/safari-blog/inc/blocks/font-family/inc/google-webfonts.json HTTP/1.1" 200 1084380 "-" "WordPress/6.8; https://greatamericanball.com"
198.54.114.83 - - [16/Apr/2025:17:33:35 -0400] "GET /wp-content/themes/safari-blog/inc/blocks/font-family/inc/google-webfonts.json HTTP/1.1" 200 1084380 "-" "WordPress/6.8; https://greatamericanball.com"
52.167.144.228 - - [16/Apr/2025:17:33:20 -0400] "GET /nestled-amidst-the-verdant-embrace/ HTTP/1.1" 200 11792 "-" "Mozilla/5.0 AppleWebKit/537.36 (KHTML, like Gecko; compatible; bingbot/2.0; +http://www.bing.com/bingbot.htm) Chrome/116.0.1938.76 Safari/537.36"
3.255.14.197 - - [16/Apr/2025:17:36:11 -0400] "GET /robots.txt HTTP/1.1" 304 0 "-" "Mozilla/5.0 (Macintosh; Intel Mac OS X 10_15_7) AppleWebKit/537.36 (KHTML, like Gecko) Chrome/111.0.0.0 Safari/537.36"
66.249.79.74 - - [16/Apr/2025:17:36:17 -0400] "GET /robots.txt HTTP/1.1" 200 23 "-" "Mozilla/5.0 (compatible; Googlebot/2.1; +http://www.google.com/bot.html)"
3.255.14.197 - - [16/Apr/2025:17:36:21 -0400] "GET / HTTP/1.1" 200 156192 "https://timebusinesswork.com/" "Mozilla/5.0 (Macintosh; Intel Mac OS X 10_15_7) AppleWebKit/537.36 (KHTML, like Gecko) Chrome/111.0.0.0 Safari/537.36"
198.54.114.83 - - [16/Apr/2025:17:36:33 -0400] "POST /wp-cron.php?doing_wp_cron=1744839391.6746950149536132812500 HTTP/1.1" 200 0 "-" "WordPress/6.8; https://greatamericanball.com"
198.54.114.83 - - [16/Apr/2025:17:36:35 -0400] "GET /wp-content/themes/safari-blog/inc/blocks/font-family/inc/google-webfonts.json HTTP/1.1" 200 1084380 "-" "WordPress/6.8; https://greatamericanball.com"
198.54.114.83 - - [16/Apr/2025:17:36:39 -0400] "GET /wp-content/themes/safari-blog/inc/blocks/font-family/inc/google-webfonts.json HTTP/1.1" 200 1084380 "-" "WordPress/6.8; https://greatamericanball.com"
198.54.114.83 - - [16/Apr/2025:17:36:41 -0400] "GET /wp-content/themes/safari-blog/inc/blocks/font-family/inc/google-webfonts.json HTTP/1.1" 200 1084380 "-" "WordPress/6.8; https://greatamericanball.com"
198.54.114.83 - - [16/Apr/2025:17:36:43 -0400] "GET /wp-content/themes/safari-blog/inc/blocks/font-family/inc/google-webfonts.json HTTP/1.1" 200 1084380 "-" "WordPress/6.8; https://greatamericanball.com"
198.54.114.83 - - [16/Apr/2025:17:36:44 -0400] "GET /wp-content/themes/safari-blog/inc/blocks/font-family/inc/google-webfonts.json HTTP/1.1" 200 1084380 "-" "WordPress/6.8; https://greatamericanball.com"
198.54.114.83 - - [16/Apr/2025:17:36:46 -0400] "GET /wp-content/themes/safari-blog/inc/blocks/font-family/inc/google-webfonts.json HTTP/1.1" 200 1084380 "-" "WordPress/6.8; https://greatamericanball.com"
198.54.114.83 - - [16/Apr/2025:17:36:47 -0400] "GET /wp-content/themes/safari-blog/inc/blocks/font-family/inc/google-webfonts.json HTTP/1.1" 200 1084380 "-" "WordPress/6.8; https://greatamericanball.com"
198.54.114.83 - - [16/Apr/2025:17:36:49 -0400] "GET /wp-content/themes/safari-blog/inc/blocks/font-family/inc/google-webfonts.json HTTP/1.1" 200 1084380 "-" "WordPress/6.8; https://greatamericanball.com"
198.54.114.83 - - [16/Apr/2025:17:36:49 -0400] "GET /wp-content/themes/safari-blog/inc/blocks/font-family/inc/google-webfonts.json HTTP/1.1" 200 1084380 "-" "WordPress/6.8; https://greatamericanball.com"
66.249.79.74 - - [16/Apr/2025:17:36:18 -0400] "GET /yourpets?ref_=nav_AccountFlyout_petprofiles HTTP/1.1" 404 6546 "-" "Mozilla/5.0 (compatible; Googlebot/2.1; +http://www.google.com/bot.html)"
198.54.114.83 - - [16/Apr/2025:17:36:51 -0400] "GET /wp-content/themes/safari-blog/inc/blocks/font-family/inc/google-webfonts.json HTTP/1.1" 200 1084380 "-" "WordPress/6.8; https://greatamericanball.com"
3.255.14.197 - - [16/Apr/2025:17:36:38 -0400] "GET /s/ref=nb_sb_noss?url=search-alias=amazon-devices&field-keywords= HTTP/1.1" 200 0 "https://greatamericanball.com/" "Mozilla/5.0 (Macintosh; Intel Mac OS X 10_15_7) AppleWebKit/537.36 (KHTML, like Gecko) Chrome/111.0.0.0 Safari/537.36"
198.54.114.83 - - [16/Apr/2025:17:36:59 -0400] "GET /wp-content/themes/safari-blog/inc/blocks/font-family/inc/google-webfonts.json HTTP/1.1" 200 1084380 "-" "WordPress/6.8; https://greatamericanball.com"
198.54.114.83 - - [16/Apr/2025:17:37:02 -0400] "GET /wp-content/themes/safari-blog/inc/blocks/font-family/inc/google-webfonts.json HTTP/1.1" 200 1084380 "-" "WordPress/6.8; https://greatamericanball.com"
198.54.114.83 - - [16/Apr/2025:17:37:04 -0400] "GET /wp-content/themes/safari-blog/inc/blocks/font-family/inc/google-webfonts.json HTTP/1.1" 200 1084380 "-" "WordPress/6.8; https://greatamericanball.com"
198.54.114.83 - - [16/Apr/2025:17:37:05 -0400] "GET /wp-content/themes/safari-blog/inc/blocks/font-family/inc/google-webfonts.json HTTP/1.1" 200 1084380 "-" "WordPress/6.8; https://greatamericanball.com"
198.54.114.83 - - [16/Apr/2025:17:37:06 -0400] "GET /wp-content/themes/safari-blog/inc/blocks/font-family/inc/google-webfonts.json HTTP/1.1" 200 1084380 "-" "WordPress/6.8; https://greatamericanball.com"
3.255.14.197 - - [16/Apr/2025:17:36:58 -0400] "GET /s/ref=nb_sb_noss?url=search-alias=amazon-devices&field-keywords= HTTP/1.1" 404 6546 "https://greatamericanball.com/" "Mozilla/5.0 (Macintosh; Intel Mac OS X 10_15_7) AppleWebKit/537.36 (KHTML, like Gecko) Chrome/111.0.0.0 Safari/537.36"
198.54.114.83 - - [16/Apr/2025:17:37:42 -0400] "POST /wp-cron.php?doing_wp_cron=1744839461.5264620780944824218750 HTTP/1.1" 200 0 "-" "WordPress/6.8; https://greatamericanball.com"
198.54.114.83 - - [16/Apr/2025:17:37:45 -0400] "GET /wp-content/themes/safari-blog/inc/blocks/font-family/inc/google-webfonts.json HTTP/1.1" 200 1084380 "-" "WordPress/6.8; https://greatamericanball.com"
198.54.114.83 - - [16/Apr/2025:17:37:48 -0400] "GET /wp-content/themes/safari-blog/inc/blocks/font-family/inc/google-webfonts.json HTTP/1.1" 200 1084380 "-" "WordPress/6.8; https://greatamericanball.com"
198.54.114.83 - - [16/Apr/2025:17:37:50 -0400] "GET /wp-content/themes/safari-blog/inc/blocks/font-family/inc/google-webfonts.json HTTP/1.1" 200 1084380 "-" "WordPress/6.8; https://greatamericanball.com"
3.255.14.197 - - [16/Apr/2025:17:37:40 -0400] "GET /dp/B09WXH9BH7?ref=MarsFS_AUCC_ch HTTP/1.1" 200 0 "https://greatamericanball.com/" "Mozilla/5.0 (Macintosh; Intel Mac OS X 10_15_7) AppleWebKit/537.36 (KHTML, like Gecko) Chrome/111.0.0.0 Safari/537.36"
198.54.114.83 - - [16/Apr/2025:17:37:56 -0400] "GET /wp-content/themes/safari-blog/inc/blocks/font-family/inc/google-webfonts.json HTTP/1.1" 200 0 "-" "WordPress/6.8; https://greatamericanball.com"
198.54.114.83 - - [16/Apr/2025:17:38:01 -0400] "GET /wp-content/themes/safari-blog/inc/blocks/font-family/inc/google-webfonts.json HTTP/1.1" 200 1084380 "-" "WordPress/6.8; https://greatamericanball.com"
198.54.114.83 - - [16/Apr/2025:17:38:05 -0400] "POST /wp-cron.php?doing_wp_cron=1744839482.4599928855895996093750 HTTP/1.1" 200 0 "-" "WordPress/6.8; https://greatamericanball.com"
198.54.114.83 - - [16/Apr/2025:17:38:07 -0400] "GET /wp-content/themes/safari-blog/inc/blocks/font-family/inc/google-webfonts.json HTTP/1.1" 200 1084380 "-" "WordPress/6.8; https://greatamericanball.com"
198.54.114.83 - - [16/Apr/2025:17:38:09 -0400] "GET /wp-content/themes/safari-blog/inc/blocks/font-family/inc/google-webfonts.json HTTP/1.1" 200 1084380 "-" "WordPress/6.8; https://greatamericanball.com"
198.54.114.83 - - [16/Apr/2025:17:38:11 -0400] "GET /wp-content/themes/safari-blog/inc/blocks/font-family/inc/google-webfonts.json HTTP/1.1" 200 1084380 "-" "WordPress/6.8; https://greatamericanball.com"
3.255.14.197 - - [16/Apr/2025:17:38:01 -0400] "GET /dp/B09WXH9BH7?ref=MarsFS_AUCC_ch HTTP/1.1" 200 0 "https://greatamericanball.com/" "Mozilla/5.0 (Macintosh; Intel Mac OS X 10_15_7) AppleWebKit/537.36 (KHTML, like Gecko) Chrome/111.0.0.0 Safari/537.36"
198.54.114.83 - - [16/Apr/2025:17:38:14 -0400] "GET /wp-content/themes/safari-blog/inc/blocks/font-family/inc/google-webfonts.json HTTP/1.1" 200 1084380 "-" "WordPress/6.8; https://greatamericanball.com"
198.54.114.83 - - [16/Apr/2025:17:38:18 -0400] "GET /wp-content/themes/safari-blog/inc/blocks/font-family/inc/google-webfonts.json HTTP/1.1" 200 1084380 "-" "WordPress/6.8; https://greatamericanball.com"
198.54.114.83 - - [16/Apr/2025:17:38:30 -0400] "GET /wp-content/themes/safari-blog/inc/blocks/font-family/inc/google-webfonts.json HTTP/1.1" 200 1084380 "-" "WordPress/6.8; https://greatamericanball.com"
198.54.114.83 - - [16/Apr/2025:17:38:33 -0400] "GET /wp-content/themes/safari-blog/inc/blocks/font-family/inc/google-webfonts.json HTTP/1.1" 200 1084380 "-" "WordPress/6.8; https://greatamericanball.com"
198.54.114.83 - - [16/Apr/2025:17:38:35 -0400] "GET /wp-content/themes/safari-blog/inc/blocks/font-family/inc/google-webfonts.json HTTP/1.1" 200 1084380 "-" "WordPress/6.8; https://greatamericanball.com"
198.54.114.83 - - [16/Apr/2025:17:38:39 -0400] "GET /wp-content/themes/safari-blog/inc/blocks/font-family/inc/google-webfonts.json HTTP/1.1" 200 1084380 "-" "WordPress/6.8; https://greatamericanball.com"
198.54.114.83 - - [16/Apr/2025:17:38:42 -0400] "GET /wp-content/themes/safari-blog/inc/blocks/font-family/inc/google-webfonts.json HTTP/1.1" 200 1084380 "-" "WordPress/6.8; https://greatamericanball.com"
