8.210.154.94 - - [16/Apr/2025:14:22:01 -0400] "HEAD / HTTP/1.1" 200 0 "-" "Mozilla/5.0 (Windows NT 6.0; Win64; x64) AppleWebKit/537.36 (KHTML, like Gecko) Chrome/69.0.3201.7 Safari/537.36"
47.243.74.123 - - [16/Apr/2025:14:22:00 -0400] "GET /the-full-training-run-of-gpt-5-has-gone-live-by HTTP/1.1" 301 0 "-" "Mozilla/5.0 (Windows NT 6.1; Win64; x64) AppleWebKit/537.36 (KHTML, like Gecko) Chrome/75.0.2926.155 Safari/537.36"
47.242.160.82 - - [16/Apr/2025:14:22:00 -0400] "GET /what-is-natural-language-processing-definition-and HTTP/1.1" 301 0 "-" "Mozilla/5.0 (Windows NT 6.2; Win64; x64) AppleWebKit/537.36 (KHTML, like Gecko) Chrome/76.0.3403.26 Safari/537.36"
8.210.66.89 - - [16/Apr/2025:14:22:01 -0400] "HEAD /nostalgia-gambling-establishment-remark-honest/ HTTP/1.1" 200 0 "-" "Mozilla/5.0 (Windows NT 6.2; Win64; x64) AppleWebKit/537.36 (KHTML, like Gecko) Chrome/72.0.3270.20 Safari/537.36"
47.242.209.147 - - [16/Apr/2025:14:22:01 -0400] "GET /georgia-school-shooting-live-updates-four-killed HTTP/1.1" 301 0 "-" "Mozilla/5.0 (Windows NT 6.1; Win64; x64) AppleWebKit/537.36 (KHTML, like Gecko) Chrome/76.0.3169.138 Safari/537.36"
47.243.74.123 - - [16/Apr/2025:14:22:00 -0400] "GET /2025/03/24 HTTP/1.1" 301 0 "-" "Mozilla/5.0 (Windows NT 6.2; Win64; x64) AppleWebKit/537.36 (KHTML, like Gecko) Chrome/78.0.3582.87 Safari/537.36"
47.76.99.127 - - [16/Apr/2025:14:22:01 -0400] "GET /education-chatbot-for-educational-institutions HTTP/1.1" 301 0 "-" "Mozilla/5.0 (Windows NT 6.2; Win64; x64) AppleWebKit/537.36 (KHTML, like Gecko) Chrome/61.0.2344.188 Safari/537.36"
47.242.148.169 - - [16/Apr/2025:14:22:01 -0400] "GET /2025/03/26 HTTP/1.1" 301 0 "-" "Mozilla/5.0 (Windows NT 6.1; Win64; x64) AppleWebKit/537.36 (KHTML, like Gecko) Chrome/63.0.2048.31 Safari/537.36"
47.242.149.96 - - [16/Apr/2025:14:22:01 -0400] "GET /category/activity/page/156 HTTP/1.1" 301 0 "-" "Mozilla/5.0 (Windows NT 10.0; Win64; x64) AppleWebKit/537.36 (KHTML, like Gecko) Chrome/69.0.2520.139 Safari/537.36"
47.243.74.123 - - [16/Apr/2025:14:22:03 -0400] "GET /the-full-training-run-of-gpt-5-has-gone-live-by/ HTTP/1.1" 200 85812 "-" "Mozilla/5.0 (Windows NT 6.1; Win64; x64) AppleWebKit/537.36 (KHTML, like Gecko) Chrome/75.0.2926.155 Safari/537.36"
47.242.160.82 - - [16/Apr/2025:14:22:03 -0400] "GET /what-is-natural-language-processing-definition-and/ HTTP/1.1" 200 105405 "-" "Mozilla/5.0 (Windows NT 6.2; Win64; x64) AppleWebKit/537.36 (KHTML, like Gecko) Chrome/76.0.3403.26 Safari/537.36"
47.242.209.147 - - [16/Apr/2025:14:22:03 -0400] "GET /georgia-school-shooting-live-updates-four-killed/ HTTP/1.1" 200 98585 "-" "Mozilla/5.0 (Windows NT 6.1; Win64; x64) AppleWebKit/537.36 (KHTML, like Gecko) Chrome/76.0.3169.138 Safari/537.36"
47.243.74.123 - - [16/Apr/2025:14:22:03 -0400] "GET / HTTP/1.1" 200 156192 "-" "Mozilla/5.0 (Windows NT 6.2; Win64; x64) AppleWebKit/537.36 (KHTML, like Gecko) Chrome/78.0.3582.87 Safari/537.36"
8.210.66.89 - - [16/Apr/2025:14:22:03 -0400] "GET /nostalgia-gambling-establishment-remark-honest HTTP/1.1" 301 0 "-" "Mozilla/5.0 (Windows NT 6.2; Win64; x64) AppleWebKit/537.36 (KHTML, like Gecko) Chrome/72.0.3270.20 Safari/537.36"
47.76.99.127 - - [16/Apr/2025:14:22:04 -0400] "HEAD /georgia-school-shooting-live-updates-four-killed HTTP/1.1" 301 0 "-" "Mozilla/5.0 (Windows NT 6.3; Win64; x64) AppleWebKit/537.36 (KHTML, like Gecko) Chrome/62.0.3935.147 Safari/537.36"
47.242.148.169 - - [16/Apr/2025:14:22:04 -0400] "GET / HTTP/1.1" 200 156192 "-" "Mozilla/5.0 (Windows NT 6.1; Win64; x64) AppleWebKit/537.36 (KHTML, like Gecko) Chrome/63.0.2048.31 Safari/537.36"
47.76.220.119 - - [16/Apr/2025:14:22:05 -0400] "HEAD /category/activity/page/156 HTTP/1.1" 301 0 "-" "Mozilla/5.0 (Windows NT 6.2; Win64; x64) AppleWebKit/537.36 (KHTML, like Gecko) Chrome/68.0.2438.60 Safari/537.36"
8.210.75.120 - - [16/Apr/2025:14:22:05 -0400] "HEAD /what-is-natural-language-processing-definition-and HTTP/1.1" 301 0 "-" "Mozilla/5.0 (Windows NT 6.3; Win64; x64) AppleWebKit/537.36 (KHTML, like Gecko) Chrome/60.0.2151.29 Safari/537.36"
47.242.209.147 - - [16/Apr/2025:14:22:05 -0400] "HEAD /ai-in-finance-applications-examples HTTP/1.1" 301 0 "-" "Mozilla/5.0 (Windows NT 6.3; Win64; x64) AppleWebKit/537.36 (KHTML, like Gecko) Chrome/71.0.2811.173 Safari/537.36"
47.243.79.195 - - [16/Apr/2025:14:22:05 -0400] "HEAD /2025/03/26 HTTP/1.1" 301 0 "-" "Mozilla/5.0 (Windows NT 6.2; Win64; x64) AppleWebKit/537.36 (KHTML, like Gecko) Chrome/67.0.2998.126 Safari/537.36"
47.243.48.79 - - [16/Apr/2025:14:22:05 -0400] "HEAD /2025/03/24 HTTP/1.1" 301 0 "-" "Mozilla/5.0 (Windows NT 6.2; Win64; x64) AppleWebKit/537.36 (KHTML, like Gecko) Chrome/69.0.2634.39 Safari/537.36"
47.243.74.123 - - [16/Apr/2025:14:22:05 -0400] "HEAD /the-full-training-run-of-gpt-5-has-gone-live-by HTTP/1.1" 301 0 "-" "Mozilla/5.0 (Windows NT 6.0; Win64; x64) AppleWebKit/537.36 (KHTML, like Gecko) Chrome/74.0.3409.63 Safari/537.36"
8.210.154.94 - - [16/Apr/2025:14:22:03 -0400] "GET /2025/03 HTTP/1.1" 301 0 "-" "Mozilla/5.0 (Windows NT 6.0; Win64; x64) AppleWebKit/537.36 (KHTML, like Gecko) Chrome/69.0.3201.7 Safari/537.36"
8.210.188.13 - - [16/Apr/2025:14:22:05 -0400] "HEAD /education-chatbot-for-educational-institutions HTTP/1.1" 301 0 "-" "Mozilla/5.0 (Windows NT 6.0; Win64; x64) AppleWebKit/537.36 (KHTML, like Gecko) Chrome/74.0.2059.11 Safari/537.36"
47.242.149.96 - - [16/Apr/2025:14:22:05 -0400] "HEAD /14-powerful-ai-chatbot-platforms-for-businesses HTTP/1.1" 301 0 "-" "Mozilla/5.0 (Windows NT 6.0; Win64; x64) AppleWebKit/537.36 (KHTML, like Gecko) Chrome/69.0.3393.127 Safari/537.36"
198.54.114.83 - - [16/Apr/2025:14:22:04 -0400] "GET /wp-content/themes/safari-blog/inc/blocks/font-family/inc/google-webfonts.json HTTP/1.1" 200 1084380 "-" "WordPress/6.8; https://greatamericanball.com"
198.54.114.83 - - [16/Apr/2025:14:22:04 -0400] "GET /wp-content/themes/safari-blog/inc/blocks/font-family/inc/google-webfonts.json HTTP/1.1" 200 1084380 "-" "WordPress/6.8; https://greatamericanball.com"
47.76.220.119 - - [16/Apr/2025:14:22:01 -0400] "GET /ai-in-finance-applications-examples/ HTTP/1.1" 200 0 "-" "Mozilla/5.0 (Windows NT 10.0; Win64; x64) AppleWebKit/537.36 (KHTML, like Gecko) Chrome/72.0.3473.110 Safari/537.36"
47.76.222.244 - - [16/Apr/2025:14:22:01 -0400] "GET /14-powerful-ai-chatbot-platforms-for-businesses/ HTTP/1.1" 200 0 "-" "Mozilla/5.0 (Windows NT 6.1; Win64; x64) AppleWebKit/537.36 (KHTML, like Gecko) Chrome/72.0.2830.70 Safari/537.36"
47.76.99.127 - - [16/Apr/2025:14:22:07 -0400] "HEAD /georgia-school-shooting-live-updates-four-killed/ HTTP/1.1" 200 0 "-" "Mozilla/5.0 (Windows NT 6.3; Win64; x64) AppleWebKit/537.36 (KHTML, like Gecko) Chrome/62.0.3935.147 Safari/537.36"
47.243.173.250 - - [16/Apr/2025:14:22:07 -0400] "HEAD /nostalgia-gambling-establishment-remark-honest HTTP/1.1" 301 0 "-" "Mozilla/5.0 (Windows NT 6.3; Win64; x64) AppleWebKit/537.36 (KHTML, like Gecko) Chrome/75.0.2629.179 Safari/537.36"
8.210.154.94 - - [16/Apr/2025:14:22:07 -0400] "GET / HTTP/1.1" 200 156192 "-" "Mozilla/5.0 (Windows NT 6.0; Win64; x64) AppleWebKit/537.36 (KHTML, like Gecko) Chrome/69.0.3201.7 Safari/537.36"
8.210.75.120 - - [16/Apr/2025:14:22:07 -0400] "HEAD /what-is-natural-language-processing-definition-and/ HTTP/1.1" 200 0 "-" "Mozilla/5.0 (Windows NT 6.3; Win64; x64) AppleWebKit/537.36 (KHTML, like Gecko) Chrome/60.0.2151.29 Safari/537.36"
47.243.74.123 - - [16/Apr/2025:14:22:07 -0400] "HEAD /the-full-training-run-of-gpt-5-has-gone-live-by/ HTTP/1.1" 200 0 "-" "Mozilla/5.0 (Windows NT 6.0; Win64; x64) AppleWebKit/537.36 (KHTML, like Gecko) Chrome/74.0.3409.63 Safari/537.36"
198.54.114.83 - - [16/Apr/2025:14:22:07 -0400] "GET /wp-content/themes/safari-blog/inc/blocks/font-family/inc/google-webfonts.json HTTP/1.1" 200 1084380 "-" "WordPress/6.8; https://greatamericanball.com"
47.243.79.195 - - [16/Apr/2025:14:22:07 -0400] "HEAD / HTTP/1.1" 200 0 "-" "Mozilla/5.0 (Windows NT 6.2; Win64; x64) AppleWebKit/537.36 (KHTML, like Gecko) Chrome/67.0.2998.126 Safari/537.36"
47.243.48.79 - - [16/Apr/2025:14:22:07 -0400] "HEAD / HTTP/1.1" 200 0 "-" "Mozilla/5.0 (Windows NT 6.2; Win64; x64) AppleWebKit/537.36 (KHTML, like Gecko) Chrome/69.0.2634.39 Safari/537.36"
198.54.114.83 - - [16/Apr/2025:14:22:08 -0400] "GET /wp-content/themes/safari-blog/inc/blocks/font-family/inc/google-webfonts.json HTTP/1.1" 200 1084380 "-" "WordPress/6.8; https://greatamericanball.com"
198.54.114.83 - - [16/Apr/2025:14:22:08 -0400] "GET /wp-content/themes/safari-blog/inc/blocks/font-family/inc/google-webfonts.json HTTP/1.1" 200 1084380 "-" "WordPress/6.8; https://greatamericanball.com"
47.242.209.147 - - [16/Apr/2025:14:22:07 -0400] "HEAD /ai-in-finance-applications-examples/ HTTP/1.1" 200 0 "-" "Mozilla/5.0 (Windows NT 6.3; Win64; x64) AppleWebKit/537.36 (KHTML, like Gecko) Chrome/71.0.2811.173 Safari/537.36"
47.76.220.119 - - [16/Apr/2025:14:22:07 -0400] "HEAD /category/activity/page/156/ HTTP/1.1" 200 0 "-" "Mozilla/5.0 (Windows NT 6.2; Win64; x64) AppleWebKit/537.36 (KHTML, like Gecko) Chrome/68.0.2438.60 Safari/537.36"
8.210.188.13 - - [16/Apr/2025:14:22:07 -0400] "HEAD /education-chatbot-for-educational-institutions/ HTTP/1.1" 200 0 "-" "Mozilla/5.0 (Windows NT 6.0; Win64; x64) AppleWebKit/537.36 (KHTML, like Gecko) Chrome/74.0.2059.11 Safari/537.36"
198.54.114.83 - - [16/Apr/2025:14:22:08 -0400] "GET /wp-content/themes/safari-blog/inc/blocks/font-family/inc/google-webfonts.json HTTP/1.1" 200 1084380 "-" "WordPress/6.8; https://greatamericanball.com"
47.76.99.127 - - [16/Apr/2025:14:22:03 -0400] "GET /education-chatbot-for-educational-institutions/ HTTP/1.1" 200 0 "-" "Mozilla/5.0 (Windows NT 6.2; Win64; x64) AppleWebKit/537.36 (KHTML, like Gecko) Chrome/61.0.2344.188 Safari/537.36"
47.242.149.96 - - [16/Apr/2025:14:22:08 -0400] "HEAD /14-powerful-ai-chatbot-platforms-for-businesses/ HTTP/1.1" 200 0 "-" "Mozilla/5.0 (Windows NT 6.0; Win64; x64) AppleWebKit/537.36 (KHTML, like Gecko) Chrome/69.0.3393.127 Safari/537.36"
47.243.74.123 - - [16/Apr/2025:14:22:09 -0400] "HEAD /the-full-training-run-of-gpt-5-has-gone-live-by HTTP/1.1" 301 0 "-" "Mozilla/5.0 (Windows NT 6.0; Win64; x64) AppleWebKit/537.36 (KHTML, like Gecko) Chrome/79.0.3351.192 Safari/537.36"
47.76.222.244 - - [16/Apr/2025:14:22:09 -0400] "HEAD /georgia-school-shooting-live-updates-four-killed HTTP/1.1" 301 0 "-" "Mozilla/5.0 (Windows NT 6.2; Win64; x64) AppleWebKit/537.36 (KHTML, like Gecko) Chrome/73.0.2150.23 Safari/537.36"
47.242.149.96 - - [16/Apr/2025:14:22:05 -0400] "GET /category/activity/page/156/ HTTP/1.1" 200 0 "-" "Mozilla/5.0 (Windows NT 10.0; Win64; x64) AppleWebKit/537.36 (KHTML, like Gecko) Chrome/69.0.2520.139 Safari/537.36"
47.242.235.57 - - [16/Apr/2025:14:22:10 -0400] "HEAD /what-is-natural-language-processing-definition-and HTTP/1.1" 301 0 "-" "Mozilla/5.0 (Windows NT 6.3; Win64; x64) AppleWebKit/537.36 (KHTML, like Gecko) Chrome/71.0.3138.102 Safari/537.36"
8.210.176.195 - - [16/Apr/2025:14:22:10 -0400] "HEAD /2025/03/24 HTTP/1.1" 301 0 "-" "Mozilla/5.0 (Windows NT 6.0; Win64; x64) AppleWebKit/537.36 (KHTML, like Gecko) Chrome/65.0.2823.87 Safari/537.36"
47.76.99.127 - - [16/Apr/2025:14:22:10 -0400] "GET /georgia-school-shooting-live-updates-four-killed HTTP/1.1" 301 0 "-" "Mozilla/5.0 (Windows NT 6.3; Win64; x64) AppleWebKit/537.36 (KHTML, like Gecko) Chrome/62.0.3935.147 Safari/537.36"
8.210.75.120 - - [16/Apr/2025:14:22:10 -0400] "GET /what-is-natural-language-processing-definition-and HTTP/1.1" 301 0 "-" "Mozilla/5.0 (Windows NT 6.3; Win64; x64) AppleWebKit/537.36 (KHTML, like Gecko) Chrome/60.0.2151.29 Safari/537.36"
47.243.74.123 - - [16/Apr/2025:14:22:10 -0400] "GET /the-full-training-run-of-gpt-5-has-gone-live-by HTTP/1.1" 301 0 "-" "Mozilla/5.0 (Windows NT 6.0; Win64; x64) AppleWebKit/537.36 (KHTML, like Gecko) Chrome/74.0.3409.63 Safari/537.36"
47.243.48.79 - - [16/Apr/2025:14:22:10 -0400] "GET /2025/03/24 HTTP/1.1" 301 0 "-" "Mozilla/5.0 (Windows NT 6.2; Win64; x64) AppleWebKit/537.36 (KHTML, like Gecko) Chrome/69.0.2634.39 Safari/537.36"
47.243.79.195 - - [16/Apr/2025:14:22:10 -0400] "GET /2025/03/26 HTTP/1.1" 301 0 "-" "Mozilla/5.0 (Windows NT 6.2; Win64; x64) AppleWebKit/537.36 (KHTML, like Gecko) Chrome/67.0.2998.126 Safari/537.36"
198.54.114.83 - - [16/Apr/2025:14:22:10 -0400] "GET /wp-content/themes/safari-blog/inc/blocks/font-family/inc/google-webfonts.json HTTP/1.1" 200 1084380 "-" "WordPress/6.8; https://greatamericanball.com"
198.54.114.83 - - [16/Apr/2025:14:22:10 -0400] "GET /wp-content/themes/safari-blog/inc/blocks/font-family/inc/google-webfonts.json HTTP/1.1" 200 1084380 "-" "WordPress/6.8; https://greatamericanball.com"
198.54.114.83 - - [16/Apr/2025:14:22:10 -0400] "GET /wp-content/themes/safari-blog/inc/blocks/font-family/inc/google-webfonts.json HTTP/1.1" 200 1084380 "-" "WordPress/6.8; https://greatamericanball.com"
47.76.220.119 - - [16/Apr/2025:14:22:10 -0400] "GET /category/activity/page/156 HTTP/1.1" 301 0 "-" "Mozilla/5.0 (Windows NT 6.2; Win64; x64) AppleWebKit/537.36 (KHTML, like Gecko) Chrome/68.0.2438.60 Safari/537.36"
198.54.114.83 - - [16/Apr/2025:14:22:10 -0400] "GET /wp-content/themes/safari-blog/inc/blocks/font-family/inc/google-webfonts.json HTTP/1.1" 200 1084380 "-" "WordPress/6.8; https://greatamericanball.com"
47.242.209.147 - - [16/Apr/2025:14:22:10 -0400] "GET /ai-in-finance-applications-examples HTTP/1.1" 301 0 "-" "Mozilla/5.0 (Windows NT 6.3; Win64; x64) AppleWebKit/537.36 (KHTML, like Gecko) Chrome/71.0.2811.173 Safari/537.36"
8.210.188.13 - - [16/Apr/2025:14:22:10 -0400] "GET /education-chatbot-for-educational-institutions HTTP/1.1" 301 0 "-" "Mozilla/5.0 (Windows NT 6.0; Win64; x64) AppleWebKit/537.36 (KHTML, like Gecko) Chrome/74.0.2059.11 Safari/537.36"
47.243.173.250 - - [16/Apr/2025:14:22:10 -0400] "HEAD /nostalgia-gambling-establishment-remark-honest/ HTTP/1.1" 200 0 "-" "Mozilla/5.0 (Windows NT 6.3; Win64; x64) AppleWebKit/537.36 (KHTML, like Gecko) Chrome/75.0.2629.179 Safari/537.36"
198.54.114.83 - - [16/Apr/2025:14:22:11 -0400] "GET /wp-content/themes/safari-blog/inc/blocks/font-family/inc/google-webfonts.json HTTP/1.1" 200 1084380 "-" "WordPress/6.8; https://greatamericanball.com"
47.242.149.96 - - [16/Apr/2025:14:22:11 -0400] "GET /14-powerful-ai-chatbot-platforms-for-businesses HTTP/1.1" 301 0 "-" "Mozilla/5.0 (Windows NT 6.0; Win64; x64) AppleWebKit/537.36 (KHTML, like Gecko) Chrome/69.0.3393.127 Safari/537.36"
47.243.74.123 - - [16/Apr/2025:14:22:11 -0400] "HEAD /the-full-training-run-of-gpt-5-has-gone-live-by/ HTTP/1.1" 200 0 "-" "Mozilla/5.0 (Windows NT 6.0; Win64; x64) AppleWebKit/537.36 (KHTML, like Gecko) Chrome/79.0.3351.192 Safari/537.36"
8.210.66.89 - - [16/Apr/2025:14:22:07 -0400] "GET /nostalgia-gambling-establishment-remark-honest/ HTTP/1.1" 200 0 "-" "Mozilla/5.0 (Windows NT 6.2; Win64; x64) AppleWebKit/537.36 (KHTML, like Gecko) Chrome/72.0.3270.20 Safari/537.36"
47.76.222.244 - - [16/Apr/2025:14:22:11 -0400] "HEAD /georgia-school-shooting-live-updates-four-killed/ HTTP/1.1" 200 0 "-" "Mozilla/5.0 (Windows NT 6.2; Win64; x64) AppleWebKit/537.36 (KHTML, like Gecko) Chrome/73.0.2150.23 Safari/537.36"
47.242.235.57 - - [16/Apr/2025:14:22:11 -0400] "HEAD /what-is-natural-language-processing-definition-and/ HTTP/1.1" 200 0 "-" "Mozilla/5.0 (Windows NT 6.3; Win64; x64) AppleWebKit/537.36 (KHTML, like Gecko) Chrome/71.0.3138.102 Safari/537.36"
47.76.99.127 - - [16/Apr/2025:14:22:11 -0400] "GET /georgia-school-shooting-live-updates-four-killed/ HTTP/1.1" 200 98585 "-" "Mozilla/5.0 (Windows NT 6.3; Win64; x64) AppleWebKit/537.36 (KHTML, like Gecko) Chrome/62.0.3935.147 Safari/537.36"
8.210.75.120 - - [16/Apr/2025:14:22:11 -0400] "GET /what-is-natural-language-processing-definition-and/ HTTP/1.1" 200 105405 "-" "Mozilla/5.0 (Windows NT 6.3; Win64; x64) AppleWebKit/537.36 (KHTML, like Gecko) Chrome/60.0.2151.29 Safari/537.36"
47.243.74.123 - - [16/Apr/2025:14:22:11 -0400] "GET /the-full-training-run-of-gpt-5-has-gone-live-by/ HTTP/1.1" 200 85812 "-" "Mozilla/5.0 (Windows NT 6.0; Win64; x64) AppleWebKit/537.36 (KHTML, like Gecko) Chrome/74.0.3409.63 Safari/537.36"
47.243.48.79 - - [16/Apr/2025:14:22:11 -0400] "GET / HTTP/1.1" 200 156192 "-" "Mozilla/5.0 (Windows NT 6.2; Win64; x64) AppleWebKit/537.36 (KHTML, like Gecko) Chrome/69.0.2634.39 Safari/537.36"
47.243.79.195 - - [16/Apr/2025:14:22:11 -0400] "GET / HTTP/1.1" 200 156192 "-" "Mozilla/5.0 (Windows NT 6.2; Win64; x64) AppleWebKit/537.36 (KHTML, like Gecko) Chrome/67.0.2998.126 Safari/537.36"
8.210.176.195 - - [16/Apr/2025:14:22:11 -0400] "HEAD / HTTP/1.1" 200 0 "-" "Mozilla/5.0 (Windows NT 6.0; Win64; x64) AppleWebKit/537.36 (KHTML, like Gecko) Chrome/65.0.2823.87 Safari/537.36"
198.54.114.83 - - [16/Apr/2025:14:22:12 -0400] "GET /wp-content/themes/safari-blog/inc/blocks/font-family/inc/google-webfonts.json HTTP/1.1" 200 1084380 "-" "WordPress/6.8; https://greatamericanball.com"
198.54.114.83 - - [16/Apr/2025:14:22:12 -0400] "GET /wp-content/themes/safari-blog/inc/blocks/font-family/inc/google-webfonts.json HTTP/1.1" 200 1084380 "-" "WordPress/6.8; https://greatamericanball.com"
47.243.234.164 - - [16/Apr/2025:14:22:12 -0400] "HEAD /education-chatbot-for-educational-institutions HTTP/1.1" 301 0 "-" "Mozilla/5.0 (Windows NT 6.2; Win64; x64) AppleWebKit/537.36 (KHTML, like Gecko) Chrome/62.0.2880.49 Safari/537.36"
47.243.91.206 - - [16/Apr/2025:14:22:12 -0400] "HEAD /14-powerful-ai-chatbot-platforms-for-businesses HTTP/1.1" 301 0 "-" "Mozilla/5.0 (Windows NT 6.1; Win64; x64) AppleWebKit/537.36 (KHTML, like Gecko) Chrome/64.0.3736.180 Safari/537.36"
47.243.173.250 - - [16/Apr/2025:14:22:12 -0400] "GET /nostalgia-gambling-establishment-remark-honest HTTP/1.1" 301 0 "-" "Mozilla/5.0 (Windows NT 6.3; Win64; x64) AppleWebKit/537.36 (KHTML, like Gecko) Chrome/75.0.2629.179 Safari/537.36"
198.54.114.83 - - [16/Apr/2025:14:22:13 -0400] "GET /wp-content/themes/safari-blog/inc/blocks/font-family/inc/google-webfonts.json HTTP/1.1" 200 1084380 "-" "WordPress/6.8; https://greatamericanball.com"
198.54.114.83 - - [16/Apr/2025:14:22:13 -0400] "GET /wp-content/themes/safari-blog/inc/blocks/font-family/inc/google-webfonts.json HTTP/1.1" 200 1084380 "-" "WordPress/6.8; https://greatamericanball.com"
47.243.74.123 - - [16/Apr/2025:14:22:13 -0400] "GET /the-full-training-run-of-gpt-5-has-gone-live-by HTTP/1.1" 301 0 "-" "Mozilla/5.0 (Windows NT 6.0; Win64; x64) AppleWebKit/537.36 (KHTML, like Gecko) Chrome/79.0.3351.192 Safari/537.36"
47.242.235.57 - - [16/Apr/2025:14:22:13 -0400] "GET /what-is-natural-language-processing-definition-and HTTP/1.1" 301 0 "-" "Mozilla/5.0 (Windows NT 6.3; Win64; x64) AppleWebKit/537.36 (KHTML, like Gecko) Chrome/71.0.3138.102 Safari/537.36"
47.76.222.244 - - [16/Apr/2025:14:22:14 -0400] "GET /georgia-school-shooting-live-updates-four-killed HTTP/1.1" 301 0 "-" "Mozilla/5.0 (Windows NT 6.2; Win64; x64) AppleWebKit/537.36 (KHTML, like Gecko) Chrome/73.0.2150.23 Safari/537.36"
198.54.114.83 - - [16/Apr/2025:14:22:14 -0400] "GET /wp-content/themes/safari-blog/inc/blocks/font-family/inc/google-webfonts.json HTTP/1.1" 200 1084380 "-" "WordPress/6.8; https://greatamericanball.com"
8.210.176.195 - - [16/Apr/2025:14:22:14 -0400] "GET /2025/03/24 HTTP/1.1" 301 0 "-" "Mozilla/5.0 (Windows NT 6.0; Win64; x64) AppleWebKit/537.36 (KHTML, like Gecko) Chrome/65.0.2823.87 Safari/537.36"
198.54.114.83 - - [16/Apr/2025:14:22:15 -0400] "GET /wp-content/themes/safari-blog/inc/blocks/font-family/inc/google-webfonts.json HTTP/1.1" 200 1084380 "-" "WordPress/6.8; https://greatamericanball.com"
198.54.114.83 - - [16/Apr/2025:14:22:15 -0400] "GET /wp-content/themes/safari-blog/inc/blocks/font-family/inc/google-webfonts.json HTTP/1.1" 200 1084380 "-" "WordPress/6.8; https://greatamericanball.com"
198.54.114.83 - - [16/Apr/2025:14:22:15 -0400] "GET /wp-content/themes/safari-blog/inc/blocks/font-family/inc/google-webfonts.json HTTP/1.1" 200 1084380 "-" "WordPress/6.8; https://greatamericanball.com"
198.54.114.83 - - [16/Apr/2025:14:22:15 -0400] "GET /wp-content/themes/safari-blog/inc/blocks/font-family/inc/google-webfonts.json HTTP/1.1" 200 1084380 "-" "WordPress/6.8; https://greatamericanball.com"
47.243.234.164 - - [16/Apr/2025:14:22:15 -0400] "HEAD /education-chatbot-for-educational-institutions/ HTTP/1.1" 200 0 "-" "Mozilla/5.0 (Windows NT 6.2; Win64; x64) AppleWebKit/537.36 (KHTML, like Gecko) Chrome/62.0.2880.49 Safari/537.36"
47.243.91.206 - - [16/Apr/2025:14:22:15 -0400] "HEAD /14-powerful-ai-chatbot-platforms-for-businesses/ HTTP/1.1" 200 0 "-" "Mozilla/5.0 (Windows NT 6.1; Win64; x64) AppleWebKit/537.36 (KHTML, like Gecko) Chrome/64.0.3736.180 Safari/537.36"
47.243.74.123 - - [16/Apr/2025:14:22:16 -0400] "GET /the-full-training-run-of-gpt-5-has-gone-live-by/ HTTP/1.1" 200 85812 "-" "Mozilla/5.0 (Windows NT 6.0; Win64; x64) AppleWebKit/537.36 (KHTML, like Gecko) Chrome/79.0.3351.192 Safari/537.36"
198.54.114.83 - - [16/Apr/2025:14:22:16 -0400] "GET /wp-content/themes/safari-blog/inc/blocks/font-family/inc/google-webfonts.json HTTP/1.1" 200 1084380 "-" "WordPress/6.8; https://greatamericanball.com"
198.54.114.83 - - [16/Apr/2025:14:22:16 -0400] "GET /wp-content/themes/safari-blog/inc/blocks/font-family/inc/google-webfonts.json HTTP/1.1" 200 1084380 "-" "WordPress/6.8; https://greatamericanball.com"
47.242.235.57 - - [16/Apr/2025:14:22:16 -0400] "GET /what-is-natural-language-processing-definition-and/ HTTP/1.1" 200 105405 "-" "Mozilla/5.0 (Windows NT 6.3; Win64; x64) AppleWebKit/537.36 (KHTML, like Gecko) Chrome/71.0.3138.102 Safari/537.36"
198.54.114.83 - - [16/Apr/2025:14:22:16 -0400] "GET /wp-content/themes/safari-blog/inc/blocks/font-family/inc/google-webfonts.json HTTP/1.1" 200 1084380 "-" "WordPress/6.8; https://greatamericanball.com"
198.54.114.83 - - [16/Apr/2025:14:22:16 -0400] "GET /wp-content/themes/safari-blog/inc/blocks/font-family/inc/google-webfonts.json HTTP/1.1" 200 1084380 "-" "WordPress/6.8; https://greatamericanball.com"
47.76.222.244 - - [16/Apr/2025:14:22:16 -0400] "GET /georgia-school-shooting-live-updates-four-killed/ HTTP/1.1" 200 98585 "-" "Mozilla/5.0 (Windows NT 6.2; Win64; x64) AppleWebKit/537.36 (KHTML, like Gecko) Chrome/73.0.2150.23 Safari/537.36"
198.54.114.83 - - [16/Apr/2025:14:22:16 -0400] "GET /wp-content/themes/safari-blog/inc/blocks/font-family/inc/google-webfonts.json HTTP/1.1" 200 1084380 "-" "WordPress/6.8; https://greatamericanball.com"
8.210.176.195 - - [16/Apr/2025:14:22:16 -0400] "GET / HTTP/1.1" 200 156192 "-" "Mozilla/5.0 (Windows NT 6.0; Win64; x64) AppleWebKit/537.36 (KHTML, like Gecko) Chrome/65.0.2823.87 Safari/537.36"
8.210.187.5 - - [16/Apr/2025:14:22:17 -0400] "HEAD /nostalgia-gambling-establishment-remark-honest HTTP/1.1" 301 0 "-" "Mozilla/5.0 (Windows NT 6.1; Win64; x64) AppleWebKit/537.36 (KHTML, like Gecko) Chrome/72.0.2001.146 Safari/537.36"
8.210.153.23 - - [16/Apr/2025:14:22:17 -0400] "HEAD /category/activity/page/156 HTTP/1.1" 301 0 "-" "Mozilla/5.0 (Windows NT 6.1; Win64; x64) AppleWebKit/537.36 (KHTML, like Gecko) Chrome/68.0.3618.14 Safari/537.36"
198.54.114.83 - - [16/Apr/2025:14:22:17 -0400] "GET /wp-content/themes/safari-blog/inc/blocks/font-family/inc/google-webfonts.json HTTP/1.1" 200 1084380 "-" "WordPress/6.8; https://greatamericanball.com"
198.54.114.83 - - [16/Apr/2025:14:22:17 -0400] "GET /wp-content/themes/safari-blog/inc/blocks/font-family/inc/google-webfonts.json HTTP/1.1" 200 1084380 "-" "WordPress/6.8; https://greatamericanball.com"
47.243.234.164 - - [16/Apr/2025:14:22:17 -0400] "GET /education-chatbot-for-educational-institutions HTTP/1.1" 301 0 "-" "Mozilla/5.0 (Windows NT 6.2; Win64; x64) AppleWebKit/537.36 (KHTML, like Gecko) Chrome/62.0.2880.49 Safari/537.36"
198.54.114.83 - - [16/Apr/2025:14:22:17 -0400] "GET /wp-content/themes/safari-blog/inc/blocks/font-family/inc/google-webfonts.json HTTP/1.1" 200 1084380 "-" "WordPress/6.8; https://greatamericanball.com"
198.54.114.83 - - [16/Apr/2025:14:22:17 -0400] "GET /wp-content/themes/safari-blog/inc/blocks/font-family/inc/google-webfonts.json HTTP/1.1" 200 1084380 "-" "WordPress/6.8; https://greatamericanball.com"
198.54.114.83 - - [16/Apr/2025:14:22:17 -0400] "GET /wp-content/themes/safari-blog/inc/blocks/font-family/inc/google-webfonts.json HTTP/1.1" 200 1084380 "-" "WordPress/6.8; https://greatamericanball.com"
47.243.91.206 - - [16/Apr/2025:14:22:17 -0400] "GET /14-powerful-ai-chatbot-platforms-for-businesses HTTP/1.1" 301 0 "-" "Mozilla/5.0 (Windows NT 6.1; Win64; x64) AppleWebKit/537.36 (KHTML, like Gecko) Chrome/64.0.3736.180 Safari/537.36"
198.54.114.83 - - [16/Apr/2025:14:22:17 -0400] "GET /wp-content/themes/safari-blog/inc/blocks/font-family/inc/google-webfonts.json HTTP/1.1" 200 1084380 "-" "WordPress/6.8; https://greatamericanball.com"
198.54.114.83 - - [16/Apr/2025:14:22:18 -0400] "GET /wp-content/themes/safari-blog/inc/blocks/font-family/inc/google-webfonts.json HTTP/1.1" 200 1084380 "-" "WordPress/6.8; https://greatamericanball.com"
47.76.220.119 - - [16/Apr/2025:14:22:12 -0400] "GET /category/activity/page/156/ HTTP/1.1" 200 0 "-" "Mozilla/5.0 (Windows NT 6.2; Win64; x64) AppleWebKit/537.36 (KHTML, like Gecko) Chrome/68.0.2438.60 Safari/537.36"
8.210.188.13 - - [16/Apr/2025:14:22:11 -0400] "GET /education-chatbot-for-educational-institutions/ HTTP/1.1" 200 0 "-" "Mozilla/5.0 (Windows NT 6.0; Win64; x64) AppleWebKit/537.36 (KHTML, like Gecko) Chrome/74.0.2059.11 Safari/537.36"
47.242.209.147 - - [16/Apr/2025:14:22:12 -0400] "GET /ai-in-finance-applications-examples/ HTTP/1.1" 200 0 "-" "Mozilla/5.0 (Windows NT 6.3; Win64; x64) AppleWebKit/537.36 (KHTML, like Gecko) Chrome/71.0.2811.173 Safari/537.36"
198.54.114.83 - - [16/Apr/2025:14:22:18 -0400] "GET /wp-content/themes/safari-blog/inc/blocks/font-family/inc/google-webfonts.json HTTP/1.1" 200 1084380 "-" "WordPress/6.8; https://greatamericanball.com"
47.242.149.96 - - [16/Apr/2025:14:22:12 -0400] "GET /14-powerful-ai-chatbot-platforms-for-businesses/ HTTP/1.1" 200 0 "-" "Mozilla/5.0 (Windows NT 6.0; Win64; x64) AppleWebKit/537.36 (KHTML, like Gecko) Chrome/69.0.3393.127 Safari/537.36"
198.54.114.83 - - [16/Apr/2025:14:22:19 -0400] "GET /wp-content/themes/safari-blog/inc/blocks/font-family/inc/google-webfonts.json HTTP/1.1" 200 1084380 "-" "WordPress/6.8; https://greatamericanball.com"
198.54.114.83 - - [16/Apr/2025:14:22:19 -0400] "GET /wp-content/themes/safari-blog/inc/blocks/font-family/inc/google-webfonts.json HTTP/1.1" 200 1084380 "-" "WordPress/6.8; https://greatamericanball.com"
8.210.187.5 - - [16/Apr/2025:14:22:18 -0400] "HEAD /nostalgia-gambling-establishment-remark-honest/ HTTP/1.1" 200 0 "-" "Mozilla/5.0 (Windows NT 6.1; Win64; x64) AppleWebKit/537.36 (KHTML, like Gecko) Chrome/72.0.2001.146 Safari/537.36"
198.54.114.83 - - [16/Apr/2025:14:22:19 -0400] "GET /wp-content/themes/safari-blog/inc/blocks/font-family/inc/google-webfonts.json HTTP/1.1" 200 1084380 "-" "WordPress/6.8; https://greatamericanball.com"
198.54.114.83 - - [16/Apr/2025:14:22:19 -0400] "GET /wp-content/themes/safari-blog/inc/blocks/font-family/inc/google-webfonts.json HTTP/1.1" 200 1084380 "-" "WordPress/6.8; https://greatamericanball.com"
198.54.114.83 - - [16/Apr/2025:14:22:19 -0400] "GET /wp-content/themes/safari-blog/inc/blocks/font-family/inc/google-webfonts.json HTTP/1.1" 200 1084380 "-" "WordPress/6.8; https://greatamericanball.com"
47.243.173.250 - - [16/Apr/2025:14:22:15 -0400] "GET /nostalgia-gambling-establishment-remark-honest/ HTTP/1.1" 200 0 "-" "Mozilla/5.0 (Windows NT 6.3; Win64; x64) AppleWebKit/537.36 (KHTML, like Gecko) Chrome/75.0.2629.179 Safari/537.36"
8.210.153.23 - - [16/Apr/2025:14:22:18 -0400] "HEAD /category/activity/page/156/ HTTP/1.1" 200 0 "-" "Mozilla/5.0 (Windows NT 6.1; Win64; x64) AppleWebKit/537.36 (KHTML, like Gecko) Chrome/68.0.3618.14 Safari/537.36"
198.54.114.83 - - [16/Apr/2025:14:22:20 -0400] "GET /wp-content/themes/safari-blog/inc/blocks/font-family/inc/google-webfonts.json HTTP/1.1" 200 1084380 "-" "WordPress/6.8; https://greatamericanball.com"
8.210.190.0 - - [16/Apr/2025:14:22:20 -0400] "HEAD /2025/03 HTTP/1.1" 301 0 "-" "Mozilla/5.0 (Windows NT 10.0; Win64; x64) AppleWebKit/537.36 (KHTML, like Gecko) Chrome/72.0.2388.121 Safari/537.36"
8.210.187.5 - - [16/Apr/2025:14:22:20 -0400] "HEAD /the-full-training-run-of-gpt-5-has-gone-live-by HTTP/1.1" 301 0 "-" "Mozilla/5.0 (Windows NT 6.3; Win64; x64) AppleWebKit/537.36 (KHTML, like Gecko) Chrome/66.0.2239.119 Safari/537.36"
8.210.187.5 - - [16/Apr/2025:14:22:20 -0400] "GET /nostalgia-gambling-establishment-remark-honest HTTP/1.1" 301 0 "-" "Mozilla/5.0 (Windows NT 6.1; Win64; x64) AppleWebKit/537.36 (KHTML, like Gecko) Chrome/72.0.2001.146 Safari/537.36"
47.76.209.138 - - [16/Apr/2025:14:22:20 -0400] "HEAD /2025/03/24 HTTP/1.1" 301 0 "-" "Mozilla/5.0 (Windows NT 6.1; Win64; x64) AppleWebKit/537.36 (KHTML, like Gecko) Chrome/67.0.2331.72 Safari/537.36"
8.210.75.120 - - [16/Apr/2025:14:22:20 -0400] "HEAD /what-is-natural-language-processing-definition-and HTTP/1.1" 301 0 "-" "Mozilla/5.0 (Windows NT 6.3; Win64; x64) AppleWebKit/537.36 (KHTML, like Gecko) Chrome/71.0.2969.97 Safari/537.36"
8.210.164.94 - - [16/Apr/2025:14:22:20 -0400] "HEAD /2025/03/26 HTTP/1.1" 301 0 "-" "Mozilla/5.0 (Windows NT 6.3; Win64; x64) AppleWebKit/537.36 (KHTML, like Gecko) Chrome/67.0.2924.26 Safari/537.36"
198.54.114.83 - - [16/Apr/2025:14:22:20 -0400] "GET /wp-content/themes/safari-blog/inc/blocks/font-family/inc/google-webfonts.json HTTP/1.1" 200 1084380 "-" "WordPress/6.8; https://greatamericanball.com"
198.54.114.83 - - [16/Apr/2025:14:22:21 -0400] "GET /wp-content/themes/safari-blog/inc/blocks/font-family/inc/google-webfonts.json HTTP/1.1" 200 1084380 "-" "WordPress/6.8; https://greatamericanball.com"
198.54.114.83 - - [16/Apr/2025:14:22:22 -0400] "GET /wp-content/themes/safari-blog/inc/blocks/font-family/inc/google-webfonts.json HTTP/1.1" 200 1084380 "-" "WordPress/6.8; https://greatamericanball.com"
47.243.48.79 - - [16/Apr/2025:14:22:22 -0400] "HEAD /georgia-school-shooting-live-updates-four-killed HTTP/1.1" 301 0 "-" "Mozilla/5.0 (Windows NT 6.1; Win64; x64) AppleWebKit/537.36 (KHTML, like Gecko) Chrome/75.0.2001.195 Safari/537.36"
8.210.153.23 - - [16/Apr/2025:14:22:23 -0400] "GET /category/activity/page/156 HTTP/1.1" 301 0 "-" "Mozilla/5.0 (Windows NT 6.1; Win64; x64) AppleWebKit/537.36 (KHTML, like Gecko) Chrome/68.0.3618.14 Safari/537.36"
198.54.114.83 - - [16/Apr/2025:14:22:23 -0400] "GET /wp-content/themes/safari-blog/inc/blocks/font-family/inc/google-webfonts.json HTTP/1.1" 200 1084380 "-" "WordPress/6.8; https://greatamericanball.com"
8.210.187.5 - - [16/Apr/2025:14:22:23 -0400] "HEAD /the-full-training-run-of-gpt-5-has-gone-live-by/ HTTP/1.1" 200 0 "-" "Mozilla/5.0 (Windows NT 6.3; Win64; x64) AppleWebKit/537.36 (KHTML, like Gecko) Chrome/66.0.2239.119 Safari/537.36"
8.210.75.120 - - [16/Apr/2025:14:22:23 -0400] "HEAD /what-is-natural-language-processing-definition-and/ HTTP/1.1" 200 0 "-" "Mozilla/5.0 (Windows NT 6.3; Win64; x64) AppleWebKit/537.36 (KHTML, like Gecko) Chrome/71.0.2969.97 Safari/537.36"
8.210.190.0 - - [16/Apr/2025:14:22:23 -0400] "HEAD / HTTP/1.1" 200 0 "-" "Mozilla/5.0 (Windows NT 10.0; Win64; x64) AppleWebKit/537.36 (KHTML, like Gecko) Chrome/72.0.2388.121 Safari/537.36"
47.76.209.138 - - [16/Apr/2025:14:22:23 -0400] "HEAD / HTTP/1.1" 200 0 "-" "Mozilla/5.0 (Windows NT 6.1; Win64; x64) AppleWebKit/537.36 (KHTML, like Gecko) Chrome/67.0.2331.72 Safari/537.36"
8.210.164.94 - - [16/Apr/2025:14:22:23 -0400] "HEAD / HTTP/1.1" 200 0 "-" "Mozilla/5.0 (Windows NT 6.3; Win64; x64) AppleWebKit/537.36 (KHTML, like Gecko) Chrome/67.0.2924.26 Safari/537.36"
198.54.114.83 - - [16/Apr/2025:14:22:24 -0400] "GET /wp-content/themes/safari-blog/inc/blocks/font-family/inc/google-webfonts.json HTTP/1.1" 200 1084380 "-" "WordPress/6.8; https://greatamericanball.com"
198.54.114.83 - - [16/Apr/2025:14:22:24 -0400] "GET /wp-content/themes/safari-blog/inc/blocks/font-family/inc/google-webfonts.json HTTP/1.1" 200 1084380 "-" "WordPress/6.8; https://greatamericanball.com"
198.54.114.83 - - [16/Apr/2025:14:22:24 -0400] "GET /wp-content/themes/safari-blog/inc/blocks/font-family/inc/google-webfonts.json HTTP/1.1" 200 1084380 "-" "WordPress/6.8; https://greatamericanball.com"
198.54.114.83 - - [16/Apr/2025:14:22:24 -0400] "GET /wp-content/themes/safari-blog/inc/blocks/font-family/inc/google-webfonts.json HTTP/1.1" 200 1084380 "-" "WordPress/6.8; https://greatamericanball.com"
8.210.75.120 - - [16/Apr/2025:14:22:24 -0400] "HEAD /14-powerful-ai-chatbot-platforms-for-businesses HTTP/1.1" 301 0 "-" "Mozilla/5.0 (Windows NT 6.0; Win64; x64) AppleWebKit/537.36 (KHTML, like Gecko) Chrome/78.0.3279.47 Safari/537.36"
198.54.114.83 - - [16/Apr/2025:14:22:24 -0400] "GET /wp-content/themes/safari-blog/inc/blocks/font-family/inc/google-webfonts.json HTTP/1.1" 200 1084380 "-" "WordPress/6.8; https://greatamericanball.com"
8.210.187.5 - - [16/Apr/2025:14:22:24 -0400] "HEAD /category/activity/page/156 HTTP/1.1" 301 0 "-" "Mozilla/5.0 (Windows NT 6.3; Win64; x64) AppleWebKit/537.36 (KHTML, like Gecko) Chrome/61.0.3266.150 Safari/537.36"
47.243.234.164 - - [16/Apr/2025:14:22:19 -0400] "GET /education-chatbot-for-educational-institutions/ HTTP/1.1" 200 0 "-" "Mozilla/5.0 (Windows NT 6.2; Win64; x64) AppleWebKit/537.36 (KHTML, like Gecko) Chrome/62.0.2880.49 Safari/537.36"
47.243.91.206 - - [16/Apr/2025:14:22:24 -0400] "HEAD /education-chatbot-for-educational-institutions HTTP/1.1" 301 0 "-" "Mozilla/5.0 (Windows NT 10.0; Win64; x64) AppleWebKit/537.36 (KHTML, like Gecko) Chrome/64.0.2084.59 Safari/537.36"
47.243.48.79 - - [16/Apr/2025:14:22:24 -0400] "HEAD /nostalgia-gambling-establishment-remark-honest HTTP/1.1" 301 0 "-" "Mozilla/5.0 (Windows NT 6.1; Win64; x64) AppleWebKit/537.36 (KHTML, like Gecko) Chrome/70.0.2891.138 Safari/537.36"
47.243.91.206 - - [16/Apr/2025:14:22:19 -0400] "GET /14-powerful-ai-chatbot-platforms-for-businesses/ HTTP/1.1" 200 0 "-" "Mozilla/5.0 (Windows NT 6.1; Win64; x64) AppleWebKit/537.36 (KHTML, like Gecko) Chrome/64.0.3736.180 Safari/537.36"
198.54.114.83 - - [16/Apr/2025:14:22:25 -0400] "GET /wp-content/themes/safari-blog/inc/blocks/font-family/inc/google-webfonts.json HTTP/1.1" 200 1084380 "-" "WordPress/6.8; https://greatamericanball.com"
47.243.48.79 - - [16/Apr/2025:14:22:25 -0400] "HEAD /georgia-school-shooting-live-updates-four-killed/ HTTP/1.1" 200 0 "-" "Mozilla/5.0 (Windows NT 6.1; Win64; x64) AppleWebKit/537.36 (KHTML, like Gecko) Chrome/75.0.2001.195 Safari/537.36"
8.210.187.5 - - [16/Apr/2025:14:22:25 -0400] "GET /the-full-training-run-of-gpt-5-has-gone-live-by HTTP/1.1" 301 0 "-" "Mozilla/5.0 (Windows NT 6.3; Win64; x64) AppleWebKit/537.36 (KHTML, like Gecko) Chrome/66.0.2239.119 Safari/537.36"
198.54.114.83 - - [16/Apr/2025:14:22:25 -0400] "GET /wp-content/themes/safari-blog/inc/blocks/font-family/inc/google-webfonts.json HTTP/1.1" 200 1084380 "-" "WordPress/6.8; https://greatamericanball.com"
8.210.190.0 - - [16/Apr/2025:14:22:25 -0400] "GET /2025/03 HTTP/1.1" 301 0 "-" "Mozilla/5.0 (Windows NT 10.0; Win64; x64) AppleWebKit/537.36 (KHTML, like Gecko) Chrome/72.0.2388.121 Safari/537.36"
8.210.75.120 - - [16/Apr/2025:14:22:25 -0400] "GET /what-is-natural-language-processing-definition-and HTTP/1.1" 301 0 "-" "Mozilla/5.0 (Windows NT 6.3; Win64; x64) AppleWebKit/537.36 (KHTML, like Gecko) Chrome/71.0.2969.97 Safari/537.36"
47.76.209.138 - - [16/Apr/2025:14:22:25 -0400] "GET /2025/03/24 HTTP/1.1" 301 0 "-" "Mozilla/5.0 (Windows NT 6.1; Win64; x64) AppleWebKit/537.36 (KHTML, like Gecko) Chrome/67.0.2331.72 Safari/537.36"
8.210.164.94 - - [16/Apr/2025:14:22:25 -0400] "GET /2025/03/26 HTTP/1.1" 301 0 "-" "Mozilla/5.0 (Windows NT 6.3; Win64; x64) AppleWebKit/537.36 (KHTML, like Gecko) Chrome/67.0.2924.26 Safari/537.36"
198.54.114.83 - - [16/Apr/2025:14:22:25 -0400] "GET /wp-content/themes/safari-blog/inc/blocks/font-family/inc/google-webfonts.json HTTP/1.1" 200 1084380 "-" "WordPress/6.8; https://greatamericanball.com"
198.54.114.83 - - [16/Apr/2025:14:22:25 -0400] "GET /wp-content/themes/safari-blog/inc/blocks/font-family/inc/google-webfonts.json HTTP/1.1" 200 1084380 "-" "WordPress/6.8; https://greatamericanball.com"
198.54.114.83 - - [16/Apr/2025:14:22:25 -0400] "GET /wp-content/themes/safari-blog/inc/blocks/font-family/inc/google-webfonts.json HTTP/1.1" 200 1084380 "-" "WordPress/6.8; https://greatamericanball.com"
198.54.114.83 - - [16/Apr/2025:14:22:26 -0400] "GET /wp-content/themes/safari-blog/inc/blocks/font-family/inc/google-webfonts.json HTTP/1.1" 200 1084380 "-" "WordPress/6.8; https://greatamericanball.com"
198.54.114.83 - - [16/Apr/2025:14:22:26 -0400] "GET /wp-content/themes/safari-blog/inc/blocks/font-family/inc/google-webfonts.json HTTP/1.1" 200 1084380 "-" "WordPress/6.8; https://greatamericanball.com"
198.54.114.83 - - [16/Apr/2025:14:22:26 -0400] "GET /wp-content/themes/safari-blog/inc/blocks/font-family/inc/google-webfonts.json HTTP/1.1" 200 1084380 "-" "WordPress/6.8; https://greatamericanball.com"
8.210.187.5 - - [16/Apr/2025:14:22:26 -0400] "HEAD /category/activity/page/156/ HTTP/1.1" 200 0 "-" "Mozilla/5.0 (Windows NT 6.3; Win64; x64) AppleWebKit/537.36 (KHTML, like Gecko) Chrome/61.0.3266.150 Safari/537.36"
47.243.48.79 - - [16/Apr/2025:14:22:27 -0400] "GET /georgia-school-shooting-live-updates-four-killed HTTP/1.1" 301 0 "-" "Mozilla/5.0 (Windows NT 6.1; Win64; x64) AppleWebKit/537.36 (KHTML, like Gecko) Chrome/75.0.2001.195 Safari/537.36"
8.210.75.120 - - [16/Apr/2025:14:22:26 -0400] "HEAD /14-powerful-ai-chatbot-platforms-for-businesses/ HTTP/1.1" 200 0 "-" "Mozilla/5.0 (Windows NT 6.0; Win64; x64) AppleWebKit/537.36 (KHTML, like Gecko) Chrome/78.0.3279.47 Safari/537.36"
47.243.48.79 - - [16/Apr/2025:14:22:26 -0400] "HEAD /nostalgia-gambling-establishment-remark-honest/ HTTP/1.1" 200 0 "-" "Mozilla/5.0 (Windows NT 6.1; Win64; x64) AppleWebKit/537.36 (KHTML, like Gecko) Chrome/70.0.2891.138 Safari/537.36"
47.243.91.206 - - [16/Apr/2025:14:22:26 -0400] "HEAD /education-chatbot-for-educational-institutions/ HTTP/1.1" 200 0 "-" "Mozilla/5.0 (Windows NT 10.0; Win64; x64) AppleWebKit/537.36 (KHTML, like Gecko) Chrome/64.0.2084.59 Safari/537.36"
8.210.187.5 - - [16/Apr/2025:14:22:27 -0400] "GET /the-full-training-run-of-gpt-5-has-gone-live-by/ HTTP/1.1" 200 85812 "-" "Mozilla/5.0 (Windows NT 6.3; Win64; x64) AppleWebKit/537.36 (KHTML, like Gecko) Chrome/66.0.2239.119 Safari/537.36"
8.210.75.120 - - [16/Apr/2025:14:22:27 -0400] "GET /what-is-natural-language-processing-definition-and/ HTTP/1.1" 200 105405 "-" "Mozilla/5.0 (Windows NT 6.3; Win64; x64) AppleWebKit/537.36 (KHTML, like Gecko) Chrome/71.0.2969.97 Safari/537.36"
198.54.114.83 - - [16/Apr/2025:14:22:27 -0400] "GET /wp-content/themes/safari-blog/inc/blocks/font-family/inc/google-webfonts.json HTTP/1.1" 200 1084380 "-" "WordPress/6.8; https://greatamericanball.com"
8.210.187.5 - - [16/Apr/2025:14:22:23 -0400] "GET /nostalgia-gambling-establishment-remark-honest/ HTTP/1.1" 200 0 "-" "Mozilla/5.0 (Windows NT 6.1; Win64; x64) AppleWebKit/537.36 (KHTML, like Gecko) Chrome/72.0.2001.146 Safari/537.36"
8.210.190.0 - - [16/Apr/2025:14:22:27 -0400] "GET / HTTP/1.1" 200 156192 "-" "Mozilla/5.0 (Windows NT 10.0; Win64; x64) AppleWebKit/537.36 (KHTML, like Gecko) Chrome/72.0.2388.121 Safari/537.36"
47.76.209.138 - - [16/Apr/2025:14:22:27 -0400] "GET / HTTP/1.1" 200 156192 "-" "Mozilla/5.0 (Windows NT 6.1; Win64; x64) AppleWebKit/537.36 (KHTML, like Gecko) Chrome/67.0.2331.72 Safari/537.36"
198.54.114.83 - - [16/Apr/2025:14:22:28 -0400] "GET /wp-content/themes/safari-blog/inc/blocks/font-family/inc/google-webfonts.json HTTP/1.1" 200 1084380 "-" "WordPress/6.8; https://greatamericanball.com"
47.243.74.123 - - [16/Apr/2025:14:22:28 -0400] "HEAD /education-chatbot-for-educational-institutions HTTP/1.1" 301 0 "-" "Mozilla/5.0 (Windows NT 6.3; Win64; x64) AppleWebKit/537.36 (KHTML, like Gecko) Chrome/60.0.2305.128 Safari/537.36"
8.210.164.94 - - [16/Apr/2025:14:22:27 -0400] "GET / HTTP/1.1" 200 156192 "-" "Mozilla/5.0 (Windows NT 6.3; Win64; x64) AppleWebKit/537.36 (KHTML, like Gecko) Chrome/67.0.2924.26 Safari/537.36"
198.54.114.83 - - [16/Apr/2025:14:22:28 -0400] "GET /wp-content/themes/safari-blog/inc/blocks/font-family/inc/google-webfonts.json HTTP/1.1" 200 1084380 "-" "WordPress/6.8; https://greatamericanball.com"
8.210.187.5 - - [16/Apr/2025:14:22:29 -0400] "GET /category/activity/page/156 HTTP/1.1" 301 0 "-" "Mozilla/5.0 (Windows NT 6.3; Win64; x64) AppleWebKit/537.36 (KHTML, like Gecko) Chrome/61.0.3266.150 Safari/537.36"
198.54.114.83 - - [16/Apr/2025:14:22:29 -0400] "GET /wp-content/themes/safari-blog/inc/blocks/font-family/inc/google-webfonts.json HTTP/1.1" 200 1084380 "-" "WordPress/6.8; https://greatamericanball.com"
8.210.75.120 - - [16/Apr/2025:14:22:29 -0400] "GET /14-powerful-ai-chatbot-platforms-for-businesses HTTP/1.1" 301 0 "-" "Mozilla/5.0 (Windows NT 6.0; Win64; x64) AppleWebKit/537.36 (KHTML, like Gecko) Chrome/78.0.3279.47 Safari/537.36"
47.243.91.206 - - [16/Apr/2025:14:22:30 -0400] "GET /education-chatbot-for-educational-institutions HTTP/1.1" 301 0 "-" "Mozilla/5.0 (Windows NT 10.0; Win64; x64) AppleWebKit/537.36 (KHTML, like Gecko) Chrome/64.0.2084.59 Safari/537.36"
47.243.48.79 - - [16/Apr/2025:14:22:30 -0400] "GET /nostalgia-gambling-establishment-remark-honest HTTP/1.1" 301 0 "-" "Mozilla/5.0 (Windows NT 6.1; Win64; x64) AppleWebKit/537.36 (KHTML, like Gecko) Chrome/70.0.2891.138 Safari/537.36"
47.243.48.79 - - [16/Apr/2025:14:22:30 -0400] "GET /georgia-school-shooting-live-updates-four-killed/ HTTP/1.1" 200 98585 "-" "Mozilla/5.0 (Windows NT 6.1; Win64; x64) AppleWebKit/537.36 (KHTML, like Gecko) Chrome/75.0.2001.195 Safari/537.36"
8.210.153.23 - - [16/Apr/2025:14:22:25 -0400] "GET /category/activity/page/156/ HTTP/1.1" 200 0 "-" "Mozilla/5.0 (Windows NT 6.1; Win64; x64) AppleWebKit/537.36 (KHTML, like Gecko) Chrome/68.0.3618.14 Safari/537.36"
198.54.114.83 - - [16/Apr/2025:14:22:30 -0400] "GET /wp-content/themes/safari-blog/inc/blocks/font-family/inc/google-webfonts.json HTTP/1.1" 200 1084380 "-" "WordPress/6.8; https://greatamericanball.com"
198.54.114.83 - - [16/Apr/2025:14:22:30 -0400] "GET /wp-content/themes/safari-blog/inc/blocks/font-family/inc/google-webfonts.json HTTP/1.1" 200 1084380 "-" "WordPress/6.8; https://greatamericanball.com"
198.54.114.83 - - [16/Apr/2025:14:22:30 -0400] "GET /wp-content/themes/safari-blog/inc/blocks/font-family/inc/google-webfonts.json HTTP/1.1" 200 1084380 "-" "WordPress/6.8; https://greatamericanball.com"
47.243.74.123 - - [16/Apr/2025:14:22:30 -0400] "HEAD /education-chatbot-for-educational-institutions/ HTTP/1.1" 200 0 "-" "Mozilla/5.0 (Windows NT 6.3; Win64; x64) AppleWebKit/537.36 (KHTML, like Gecko) Chrome/60.0.2305.128 Safari/537.36"
198.54.114.83 - - [16/Apr/2025:14:22:31 -0400] "GET /wp-content/themes/safari-blog/inc/blocks/font-family/inc/google-webfonts.json HTTP/1.1" 200 1084380 "-" "WordPress/6.8; https://greatamericanball.com"
47.242.209.147 - - [16/Apr/2025:14:22:31 -0400] "HEAD /nostalgia-gambling-establishment-remark-honest HTTP/1.1" 301 0 "-" "Mozilla/5.0 (Windows NT 10.0; Win64; x64) AppleWebKit/537.36 (KHTML, like Gecko) Chrome/64.0.3525.103 Safari/537.36"
8.210.75.120 - - [16/Apr/2025:14:22:32 -0400] "HEAD /14-powerful-ai-chatbot-platforms-for-businesses HTTP/1.1" 301 0 "-" "Mozilla/5.0 (Windows NT 6.0; Win64; x64) AppleWebKit/537.36 (KHTML, like Gecko) Chrome/78.0.2374.64 Safari/537.36"
47.243.74.123 - - [16/Apr/2025:14:22:32 -0400] "GET /education-chatbot-for-educational-institutions HTTP/1.1" 301 0 "-" "Mozilla/5.0 (Windows NT 6.3; Win64; x64) AppleWebKit/537.36 (KHTML, like Gecko) Chrome/60.0.2305.128 Safari/537.36"
198.54.114.83 - - [16/Apr/2025:14:22:33 -0400] "GET /wp-content/themes/safari-blog/inc/blocks/font-family/inc/google-webfonts.json HTTP/1.1" 200 1084380 "-" "WordPress/6.8; https://greatamericanball.com"
198.54.114.83 - - [16/Apr/2025:14:22:33 -0400] "GET /wp-content/themes/safari-blog/inc/blocks/font-family/inc/google-webfonts.json HTTP/1.1" 200 1084380 "-" "WordPress/6.8; https://greatamericanball.com"
198.54.114.83 - - [16/Apr/2025:14:22:34 -0400] "GET /wp-content/themes/safari-blog/inc/blocks/font-family/inc/google-webfonts.json HTTP/1.1" 200 1084380 "-" "WordPress/6.8; https://greatamericanball.com"
198.54.114.83 - - [16/Apr/2025:14:22:33 -0400] "GET /wp-content/themes/safari-blog/inc/blocks/font-family/inc/google-webfonts.json HTTP/1.1" 200 1084380 "-" "WordPress/6.8; https://greatamericanball.com"
198.54.114.83 - - [16/Apr/2025:14:22:34 -0400] "GET /wp-content/themes/safari-blog/inc/blocks/font-family/inc/google-webfonts.json HTTP/1.1" 200 1084380 "-" "WordPress/6.8; https://greatamericanball.com"
198.54.114.83 - - [16/Apr/2025:14:22:34 -0400] "GET /wp-content/themes/safari-blog/inc/blocks/font-family/inc/google-webfonts.json HTTP/1.1" 200 1084380 "-" "WordPress/6.8; https://greatamericanball.com"
198.54.114.83 - - [16/Apr/2025:14:22:34 -0400] "GET /wp-content/themes/safari-blog/inc/blocks/font-family/inc/google-webfonts.json HTTP/1.1" 200 1084380 "-" "WordPress/6.8; https://greatamericanball.com"
47.242.209.147 - - [16/Apr/2025:14:22:33 -0400] "HEAD /nostalgia-gambling-establishment-remark-honest/ HTTP/1.1" 200 0 "-" "Mozilla/5.0 (Windows NT 10.0; Win64; x64) AppleWebKit/537.36 (KHTML, like Gecko) Chrome/64.0.3525.103 Safari/537.36"
8.210.75.120 - - [16/Apr/2025:14:22:33 -0400] "HEAD /14-powerful-ai-chatbot-platforms-for-businesses/ HTTP/1.1" 200 0 "-" "Mozilla/5.0 (Windows NT 6.0; Win64; x64) AppleWebKit/537.36 (KHTML, like Gecko) Chrome/78.0.2374.64 Safari/537.36"
47.243.78.44 - - [16/Apr/2025:14:22:36 -0400] "HEAD /category/activity/page/156 HTTP/1.1" 301 0 "-" "Mozilla/5.0 (Windows NT 6.0; Win64; x64) AppleWebKit/537.36 (KHTML, like Gecko) Chrome/74.0.2766.13 Safari/537.36"
47.242.209.147 - - [16/Apr/2025:14:22:36 -0400] "GET /nostalgia-gambling-establishment-remark-honest HTTP/1.1" 301 0 "-" "Mozilla/5.0 (Windows NT 10.0; Win64; x64) AppleWebKit/537.36 (KHTML, like Gecko) Chrome/64.0.3525.103 Safari/537.36"
8.210.187.5 - - [16/Apr/2025:14:22:31 -0400] "GET /category/activity/page/156/ HTTP/1.1" 200 0 "-" "Mozilla/5.0 (Windows NT 6.3; Win64; x64) AppleWebKit/537.36 (KHTML, like Gecko) Chrome/61.0.3266.150 Safari/537.36"
8.210.75.120 - - [16/Apr/2025:14:22:36 -0400] "GET /14-powerful-ai-chatbot-platforms-for-businesses HTTP/1.1" 301 0 "-" "Mozilla/5.0 (Windows NT 6.0; Win64; x64) AppleWebKit/537.36 (KHTML, like Gecko) Chrome/78.0.2374.64 Safari/537.36"
198.54.114.83 - - [16/Apr/2025:14:22:36 -0400] "GET /wp-content/themes/safari-blog/inc/blocks/font-family/inc/google-webfonts.json HTTP/1.1" 200 1084380 "-" "WordPress/6.8; https://greatamericanball.com"
198.54.114.83 - - [16/Apr/2025:14:22:36 -0400] "GET /wp-content/themes/safari-blog/inc/blocks/font-family/inc/google-webfonts.json HTTP/1.1" 200 1084380 "-" "WordPress/6.8; https://greatamericanball.com"
198.54.114.83 - - [16/Apr/2025:14:22:36 -0400] "GET /wp-content/themes/safari-blog/inc/blocks/font-family/inc/google-webfonts.json HTTP/1.1" 200 1084380 "-" "WordPress/6.8; https://greatamericanball.com"
198.54.114.83 - - [16/Apr/2025:14:22:36 -0400] "GET /wp-content/themes/safari-blog/inc/blocks/font-family/inc/google-webfonts.json HTTP/1.1" 200 1084380 "-" "WordPress/6.8; https://greatamericanball.com"
198.54.114.83 - - [16/Apr/2025:14:22:36 -0400] "GET /wp-content/themes/safari-blog/inc/blocks/font-family/inc/google-webfonts.json HTTP/1.1" 200 1084380 "-" "WordPress/6.8; https://greatamericanball.com"
198.54.114.83 - - [16/Apr/2025:14:22:36 -0400] "GET /wp-content/themes/safari-blog/inc/blocks/font-family/inc/google-webfonts.json HTTP/1.1" 200 1084380 "-" "WordPress/6.8; https://greatamericanball.com"
198.54.114.83 - - [16/Apr/2025:14:22:36 -0400] "GET /wp-content/themes/safari-blog/inc/blocks/font-family/inc/google-webfonts.json HTTP/1.1" 200 1084380 "-" "WordPress/6.8; https://greatamericanball.com"
8.210.75.120 - - [16/Apr/2025:14:22:31 -0400] "GET /14-powerful-ai-chatbot-platforms-for-businesses/ HTTP/1.1" 200 0 "-" "Mozilla/5.0 (Windows NT 6.0; Win64; x64) AppleWebKit/537.36 (KHTML, like Gecko) Chrome/78.0.3279.47 Safari/537.36"
47.243.91.206 - - [16/Apr/2025:14:22:31 -0400] "GET /education-chatbot-for-educational-institutions/ HTTP/1.1" 200 0 "-" "Mozilla/5.0 (Windows NT 10.0; Win64; x64) AppleWebKit/537.36 (KHTML, like Gecko) Chrome/64.0.2084.59 Safari/537.36"
47.243.48.79 - - [16/Apr/2025:14:22:31 -0400] "GET /nostalgia-gambling-establishment-remark-honest/ HTTP/1.1" 200 0 "-" "Mozilla/5.0 (Windows NT 6.1; Win64; x64) AppleWebKit/537.36 (KHTML, like Gecko) Chrome/70.0.2891.138 Safari/537.36"
198.54.114.83 - - [16/Apr/2025:14:22:38 -0400] "GET /wp-content/themes/safari-blog/inc/blocks/font-family/inc/google-webfonts.json HTTP/1.1" 200 1084380 "-" "WordPress/6.8; https://greatamericanball.com"
198.54.114.83 - - [16/Apr/2025:14:22:38 -0400] "GET /wp-content/themes/safari-blog/inc/blocks/font-family/inc/google-webfonts.json HTTP/1.1" 200 1084380 "-" "WordPress/6.8; https://greatamericanball.com"
198.54.114.83 - - [16/Apr/2025:14:22:38 -0400] "GET /wp-content/themes/safari-blog/inc/blocks/font-family/inc/google-webfonts.json HTTP/1.1" 200 1084380 "-" "WordPress/6.8; https://greatamericanball.com"
198.54.114.83 - - [16/Apr/2025:14:22:38 -0400] "GET /wp-content/themes/safari-blog/inc/blocks/font-family/inc/google-webfonts.json HTTP/1.1" 200 1084380 "-" "WordPress/6.8; https://greatamericanball.com"
198.54.114.83 - - [16/Apr/2025:14:22:38 -0400] "GET /wp-content/themes/safari-blog/inc/blocks/font-family/inc/google-webfonts.json HTTP/1.1" 200 1084380 "-" "WordPress/6.8; https://greatamericanball.com"
198.54.114.83 - - [16/Apr/2025:14:22:38 -0400] "GET /wp-content/themes/safari-blog/inc/blocks/font-family/inc/google-webfonts.json HTTP/1.1" 200 1084380 "-" "WordPress/6.8; https://greatamericanball.com"
