198.54.114.83 - - [15/Apr/2025:23:56:31 -0400] "GET /wp-content/themes/safari-blog/inc/blocks/font-family/inc/google-webfonts.json HTTP/1.1" 200 1084380 "-" "WordPress/6.8; https://greatamericanball.com"
198.54.114.83 - - [15/Apr/2025:23:56:34 -0400] "GET /wp-content/themes/safari-blog/inc/blocks/font-family/inc/google-webfonts.json HTTP/1.1" 200 1084380 "-" "WordPress/6.8; https://greatamericanball.com"
51.222.253.11 - - [15/Apr/2025:23:56:10 -0400] "GET /page/8/?gclid=CNnZgay5uNECFZVWDQodRysEWA HTTP/1.1" 200 10470 "-" "Mozilla/5.0 (compatible; AhrefsBot/7.0; +http://ahrefs.com/robot/)"
198.54.114.83 - - [16/Apr/2025:00:12:54 -0400] "POST /wp-cron.php?doing_wp_cron=1744776773.3203039169311523437500 HTTP/1.1" 200 0 "-" "WordPress/6.8; https://greatamericanball.com"
198.54.114.83 - - [16/Apr/2025:00:12:56 -0400] "POST /wp-admin/admin-ajax.php?action=async_litespeed&nonce=RFjiFdsyxzP925mZk0TcTAYuv2gob142&litespeed_type=imgoptm HTTP/1.1" 200 0 "-" "WordPress/6.8; https://greatamericanball.com"
51.222.253.1 - - [16/Apr/2025:00:12:45 -0400] "GET /2023/06/01/ HTTP/1.1" 301 0 "-" "Mozilla/5.0 (compatible; AhrefsBot/7.0; +http://ahrefs.com/robot/)"
216.73.160.107 - - [16/Apr/2025:00:13:58 -0400] "GET / HTTP/1.1" 200 156192 "https://greatamericanball.com/" "Mozilla/5.0 (Windows NT 10.0; Win64; x64) AppleWebKit/537.36 (KHTML, like Gecko) Chrome/129.0.0.0 Safari/537.36"
198.54.114.83 - - [16/Apr/2025:00:37:57 -0400] "POST /wp-cron.php?doing_wp_cron=1744778276.2265429496765136718750 HTTP/1.1" 200 0 "-" "WordPress/6.8; https://greatamericanball.com"
51.222.253.10 - - [16/Apr/2025:00:37:50 -0400] "GET /2024/09/08/ HTTP/1.1" 301 0 "-" "Mozilla/5.0 (compatible; AhrefsBot/7.0; +http://ahrefs.com/robot/)"
198.54.114.83 - - [16/Apr/2025:00:43:29 -0400] "POST /wp-admin/admin-ajax.php?action=async_litespeed&nonce=P7eIhqh3CnVke8qyV2UW4o6LKNGpvMpI&litespeed_type=imgoptm HTTP/1.1" 200 0 "-" "WordPress/6.8; https://greatamericanball.com"
198.54.114.83 - - [16/Apr/2025:00:50:26 -0400] "POST /wp-cron.php?doing_wp_cron=1744779024.3188230991363525390625 HTTP/1.1" 200 0 "-" "WordPress/6.8; https://greatamericanball.com"
198.54.114.83 - - [16/Apr/2025:00:50:27 -0400] "GET /wp-content/themes/safari-blog/inc/blocks/font-family/inc/google-webfonts.json HTTP/1.1" 200 1084380 "-" "WordPress/6.8; https://greatamericanball.com"
198.54.114.83 - - [16/Apr/2025:00:50:28 -0400] "GET /wp-content/themes/safari-blog/inc/blocks/font-family/inc/google-webfonts.json HTTP/1.1" 200 1084380 "-" "WordPress/6.8; https://greatamericanball.com"
198.54.114.83 - - [16/Apr/2025:00:50:29 -0400] "GET /wp-content/themes/safari-blog/inc/blocks/font-family/inc/google-webfonts.json HTTP/1.1" 200 1084380 "-" "WordPress/6.8; https://greatamericanball.com"
198.54.114.83 - - [16/Apr/2025:00:50:31 -0400] "GET /wp-content/themes/safari-blog/inc/blocks/font-family/inc/google-webfonts.json HTTP/1.1" 200 1084380 "-" "WordPress/6.8; https://greatamericanball.com"
198.54.114.83 - - [16/Apr/2025:00:50:32 -0400] "GET /wp-content/themes/safari-blog/inc/blocks/font-family/inc/google-webfonts.json HTTP/1.1" 200 1084380 "-" "WordPress/6.8; https://greatamericanball.com"
191.96.150.74 - - [16/Apr/2025:00:50:17 -0400] "GET /unlocking-instagram-success-strategies-for-growing-your-followers/ HTTP/1.1" 200 11406 "https://greatamericanball.com/unlocking-instagram-success-strategies-for-growing-your-followers/" "Mozilla/5.0 (Windows NT 10.0; Win64; x64) AppleWebKit/537.36 (KHTML, like Gecko) Chrome/129.0.0.0 Safari/537.36"
191.96.150.74 - - [16/Apr/2025:00:50:33 -0400] "POST /wp-comments-post.php HTTP/1.1" 302 0 "https://greatamericanball.com/unlocking-instagram-success-strategies-for-growing-your-followers/" "Mozilla/5.0 (Windows NT 10.0; Win64; x64) AppleWebKit/537.36 (KHTML, like Gecko) Chrome/129.0.0.0 Safari/537.36"
198.54.114.83 - - [16/Apr/2025:00:50:39 -0400] "GET /wp-content/themes/safari-blog/inc/blocks/font-family/inc/google-webfonts.json HTTP/1.1" 200 1084380 "-" "WordPress/6.8; https://greatamericanball.com"
198.54.114.83 - - [16/Apr/2025:00:50:40 -0400] "GET /wp-content/themes/safari-blog/inc/blocks/font-family/inc/google-webfonts.json HTTP/1.1" 200 1084380 "-" "WordPress/6.8; https://greatamericanball.com"
198.54.114.83 - - [16/Apr/2025:00:50:41 -0400] "GET /wp-content/themes/safari-blog/inc/blocks/font-family/inc/google-webfonts.json HTTP/1.1" 200 1084380 "-" "WordPress/6.8; https://greatamericanball.com"
198.54.114.83 - - [16/Apr/2025:00:50:42 -0400] "GET /wp-content/themes/safari-blog/inc/blocks/font-family/inc/google-webfonts.json HTTP/1.1" 200 1084380 "-" "WordPress/6.8; https://greatamericanball.com"
198.54.114.83 - - [16/Apr/2025:00:50:43 -0400] "GET /wp-content/themes/safari-blog/inc/blocks/font-family/inc/google-webfonts.json HTTP/1.1" 200 1084380 "-" "WordPress/6.8; https://greatamericanball.com"
191.96.150.74 - - [16/Apr/2025:00:50:37 -0400] "GET /unlocking-instagram-success-strategies-for-growing-your-followers/ HTTP/1.1" 200 12320 "https://greatamericanball.com/unlocking-instagram-success-strategies-for-growing-your-followers/#comment-24035" "Mozilla/5.0 (Windows NT 10.0; Win64; x64) AppleWebKit/537.36 (KHTML, like Gecko) Chrome/129.0.0.0 Safari/537.36"
198.54.114.83 - - [16/Apr/2025:00:53:08 -0400] "POST /wp-admin/admin-ajax.php?action=async_litespeed&nonce=hCdkd4utfI8lACCyGERjmHf9Y3Y5gMNh&litespeed_type=imgoptm HTTP/1.1" 200 0 "-" "WordPress/6.8; https://greatamericanball.com"
52.167.144.195 - - [16/Apr/2025:00:53:52 -0400] "GET /navigating-london-with-airport-shuttle-services/feed/ HTTP/1.1" 200 409 "-" "Mozilla/5.0 AppleWebKit/537.36 (KHTML, like Gecko; compatible; bingbot/2.0; +http://www.bing.com/bingbot.htm) Chrome/116.0.1938.76 Safari/537.36"
198.54.114.83 - - [16/Apr/2025:00:54:05 -0400] "POST /wp-admin/admin-ajax.php?action=async_litespeed&nonce=JW6zHzB3hZz2hWUsUrmF0CUlvruS7S00&litespeed_type=imgoptm HTTP/1.1" 200 0 "-" "WordPress/6.8; https://greatamericanball.com"
198.54.114.83 - - [16/Apr/2025:00:55:00 -0400] "POST /wp-admin/admin-ajax.php?action=async_litespeed&nonce=3pMoKAqZ1WaQSQQNLrVUbuBgneM6Hf8Z&litespeed_type=imgoptm HTTP/1.1" 200 0 "-" "WordPress/6.8; https://greatamericanball.com"
198.54.114.83 - - [16/Apr/2025:00:56:06 -0400] "POST /wp-admin/admin-ajax.php?action=async_litespeed&nonce=FBBZ1vlFcL5azUKeldoYSxCuOQGUkQpy&litespeed_type=imgoptm HTTP/1.1" 200 0 "-" "WordPress/6.8; https://greatamericanball.com"
198.54.114.83 - - [16/Apr/2025:00:58:41 -0400] "POST /wp-admin/admin-ajax.php?action=async_litespeed&nonce=dkWy2akYA3tJqRqchh9nWKR8uDsdqEId&litespeed_type=imgoptm HTTP/1.1" 200 5 "-" "WordPress/6.8; https://greatamericanball.com"
198.54.114.83 - - [16/Apr/2025:01:01:20 -0400] "POST /wp-admin/admin-ajax.php?action=async_litespeed&nonce=NzvnfosuqsPK8GmJ8JxmLISAGjCeReYU&litespeed_type=imgoptm HTTP/1.1" 200 0 "-" "WordPress/6.8; https://greatamericanball.com"
198.54.114.83 - - [16/Apr/2025:01:04:14 -0400] "POST /wp-admin/admin-ajax.php?action=async_litespeed&nonce=HyHL0deLGfqQAVSyYDffL02f7DvhPa6C&litespeed_type=imgoptm HTTP/1.1" 200 0 "-" "WordPress/6.8; https://greatamericanball.com"
198.54.114.83 - - [16/Apr/2025:01:06:09 -0400] "POST /wp-admin/admin-ajax.php?action=async_litespeed&nonce=Kfuhz8wHQ5rxU4iYchcA2hwPCtS6limZ&litespeed_type=imgoptm HTTP/1.1" 200 0 "-" "WordPress/6.8; https://greatamericanball.com"
51.222.253.4 - - [16/Apr/2025:01:07:39 -0400] "GET /2024/07/15/ HTTP/1.1" 301 0 "-" "Mozilla/5.0 (compatible; AhrefsBot/7.0; +http://ahrefs.com/robot/)"
198.54.114.83 - - [16/Apr/2025:01:08:04 -0400] "POST /wp-admin/admin-ajax.php?action=async_litespeed&nonce=0JBGftgLuhxv6V2cTAREfqn1DNsWxTW6&litespeed_type=imgoptm HTTP/1.1" 200 0 "-" "WordPress/6.8; https://greatamericanball.com"
198.54.114.83 - - [16/Apr/2025:01:09:28 -0400] "POST /wp-admin/admin-ajax.php?action=async_litespeed&nonce=LOHngFBUwq3sJIxJytIIQvKOmqV3dALN&litespeed_type=imgoptm HTTP/1.1" 200 0 "-" "WordPress/6.8; https://greatamericanball.com"
198.54.114.83 - - [16/Apr/2025:01:09:59 -0400] "POST /wp-admin/admin-ajax.php?action=async_litespeed&nonce=uciGoDR3DgfLlKrsOREeCgcVbDKdp8Jo&litespeed_type=imgoptm HTTP/1.1" 200 5 "-" "WordPress/6.8; https://greatamericanball.com"
198.54.114.83 - - [16/Apr/2025:01:10:59 -0400] "POST /wp-admin/admin-ajax.php?action=async_litespeed&nonce=AVi7HYMpxi2V2rHlzT0J63Iaw1RO1Xs2&litespeed_type=imgoptm HTTP/1.1" 200 0 "-" "WordPress/6.8; https://greatamericanball.com"
198.54.114.83 - - [16/Apr/2025:01:12:06 -0400] "POST /wp-admin/admin-ajax.php?action=async_litespeed&nonce=qE8xwmJMJhuCqvt1A6IQKiywsjEczqNg&litespeed_type=imgoptm HTTP/1.1" 200 0 "-" "WordPress/6.8; https://greatamericanball.com"
52.170.42.87 - - [16/Apr/2025:01:14:20 -0400] "GET /wp-admin/users.php HTTP/1.1" 302 0 "-" "-"
52.170.42.87 - - [16/Apr/2025:01:14:22 -0400] "GET /wp-login.php?redirect_to=https%3A%2F%2Fgreatamericanball.com%2Fwp-admin%2Fusers.php&reauth=1 HTTP/1.1" 200 1695 "-" "-"
198.54.114.83 - - [16/Apr/2025:01:14:39 -0400] "POST /wp-admin/admin-ajax.php?action=async_litespeed&nonce=bmWbX3fYKsl8BYotUrhBhNbbZuN80K41&litespeed_type=imgoptm HTTP/1.1" 200 5 "-" "WordPress/6.8; https://greatamericanball.com"
52.170.42.87 - - [16/Apr/2025:01:15:29 -0400] "GET /wp-admin/network/index.php HTTP/1.1" 302 0 "-" "-"
52.170.42.87 - - [16/Apr/2025:01:15:30 -0400] "GET /wp-login.php?redirect_to=https%3A%2F%2Fgreatamericanball.com%2Fwp-admin%2Fnetwork%2Findex.php&reauth=1 HTTP/1.1" 200 1694 "-" "-"
198.54.114.83 - - [16/Apr/2025:01:17:12 -0400] "POST /wp-admin/admin-ajax.php?action=async_litespeed&nonce=xGp6AU2o8F1H4LuEtiEdyrHTo3ihAf3n&litespeed_type=imgoptm HTTP/1.1" 200 0 "-" "WordPress/6.8; https://greatamericanball.com"
198.54.114.83 - - [16/Apr/2025:01:18:01 -0400] "POST /wp-admin/admin-ajax.php?action=async_litespeed&nonce=sCyqWZOXZVdPSc9y9Jtl3osUgueZlmBo&litespeed_type=imgoptm HTTP/1.1" 200 0 "-" "WordPress/6.8; https://greatamericanball.com"
198.54.114.83 - - [16/Apr/2025:01:19:28 -0400] "POST /wp-admin/admin-ajax.php?action=async_litespeed&nonce=IQXzDE9dVNkmAFlfZYHVUirYdXeLsKcD&litespeed_type=imgoptm HTTP/1.1" 200 0 "-" "WordPress/6.8; https://greatamericanball.com"
47.79.194.16 - - [16/Apr/2025:01:21:58 -0400] "GET / HTTP/1.1" 200 156192 "https://www.google.com/" "Mozilla/5.0 (Linux; Android 10; K) AppleWebKit/537.36 (KHTML, like Gecko) Chrome/133.0.0.0 Mobile Safari/537.36"
198.54.114.83 - - [16/Apr/2025:01:36:08 -0400] "POST /wp-cron.php?doing_wp_cron=1744781768.0851919651031494140625 HTTP/1.1" 200 0 "-" "WordPress/6.8; https://greatamericanball.com"
198.54.114.83 - - [16/Apr/2025:01:36:09 -0400] "POST /wp-admin/admin-ajax.php?action=async_litespeed&nonce=lDfeTkIRhuECu9ksXO2dt7V1yRu5oAcb&litespeed_type=imgoptm HTTP/1.1" 200 0 "-" "WordPress/6.8; https://greatamericanball.com"
198.54.114.83 - - [16/Apr/2025:01:36:10 -0400] "GET /wp-content/themes/safari-blog/inc/blocks/font-family/inc/google-webfonts.json HTTP/1.1" 200 1084380 "-" "WordPress/6.8; https://greatamericanball.com"
198.54.114.83 - - [16/Apr/2025:01:36:10 -0400] "GET /wp-content/themes/safari-blog/inc/blocks/font-family/inc/google-webfonts.json HTTP/1.1" 200 1084380 "-" "WordPress/6.8; https://greatamericanball.com"
198.54.114.83 - - [16/Apr/2025:01:36:11 -0400] "GET /wp-content/themes/safari-blog/inc/blocks/font-family/inc/google-webfonts.json HTTP/1.1" 200 1084380 "-" "WordPress/6.8; https://greatamericanball.com"
198.54.114.83 - - [16/Apr/2025:01:36:16 -0400] "GET /wp-content/themes/safari-blog/inc/blocks/font-family/inc/google-webfonts.json HTTP/1.1" 200 1084380 "-" "WordPress/6.8; https://greatamericanball.com"
198.54.114.83 - - [16/Apr/2025:01:36:18 -0400] "GET /wp-content/themes/safari-blog/inc/blocks/font-family/inc/google-webfonts.json HTTP/1.1" 200 1084380 "-" "WordPress/6.8; https://greatamericanball.com"
51.222.253.18 - - [16/Apr/2025:01:36:00 -0400] "GET /advantages-of-an-outdoor-led-screen/ HTTP/1.1" 200 12011 "-" "Mozilla/5.0 (compatible; AhrefsBot/7.0; +http://ahrefs.com/robot/)"
168.100.149.202 - - [16/Apr/2025:01:36:21 -0400] "GET /robots.txt HTTP/1.1" 304 0 "-" "Mozilla/5.0 (compatible; AhrefsBot/7.0; +http://ahrefs.com/robot/)"
202.8.40.60 - - [16/Apr/2025:01:36:22 -0400] "GET /wp-content/themes/safari-blog/js/scripts.js?ver=SAFARI_BLOG_VERSION HTTP/1.1" 200 216 "https://greatamericanball.com/advantages-of-an-outdoor-led-screen/" "Mozilla/5.0 (compatible; AhrefsBot/7.0; +http://ahrefs.com/robot/)"
202.8.40.60 - - [16/Apr/2025:01:36:22 -0400] "GET /wp-content/themes/safari-blog/js/navigation.js?ver=1.0.2 HTTP/1.1" 200 1421 "https://greatamericanball.com/advantages-of-an-outdoor-led-screen/" "Mozilla/5.0 (compatible; AhrefsBot/7.0; +http://ahrefs.com/robot/)"
202.8.40.60 - - [16/Apr/2025:01:36:22 -0400] "GET /wp-content/themes/safari-blog/style.css?ver=1.0.2 HTTP/1.1" 200 8690 "https://greatamericanball.com/advantages-of-an-outdoor-led-screen/" "Mozilla/5.0 (compatible; AhrefsBot/7.0; +http://ahrefs.com/robot/)"
202.8.40.60 - - [16/Apr/2025:01:36:22 -0400] "GET /wp-includes/css/dist/block-library/style.min.css?ver=6.8 HTTP/1.1" 200 14358 "https://greatamericanball.com/advantages-of-an-outdoor-led-screen/" "Mozilla/5.0 (compatible; AhrefsBot/7.0; +http://ahrefs.com/robot/)"
202.8.40.60 - - [16/Apr/2025:01:36:22 -0400] "GET /wp-includes/js/jquery/jquery-migrate.min.js?ver=3.4.1 HTTP/1.1" 200 4678 "https://greatamericanball.com/advantages-of-an-outdoor-led-screen/" "Mozilla/5.0 (compatible; AhrefsBot/7.0; +http://ahrefs.com/robot/)"
202.8.40.60 - - [16/Apr/2025:01:36:22 -0400] "GET /wp-includes/js/jquery/jquery.min.js?ver=3.7.1 HTTP/1.1" 200 29744 "https://greatamericanball.com/advantages-of-an-outdoor-led-screen/" "Mozilla/5.0 (compatible; AhrefsBot/7.0; +http://ahrefs.com/robot/)"
202.8.40.60 - - [16/Apr/2025:01:36:24 -0400] "GET /wp-includes/js/comment-reply.min.js?ver=6.8 HTTP/1.1" 200 1247 "https://greatamericanball.com/advantages-of-an-outdoor-led-screen/" "Mozilla/5.0 (compatible; AhrefsBot/7.0; +http://ahrefs.com/robot/)"
202.8.40.60 - - [16/Apr/2025:01:36:24 -0400] "GET /wp-includes/js/wp-emoji-release.min.js?ver=6.8 HTTP/1.1" 200 4771 "https://greatamericanball.com/advantages-of-an-outdoor-led-screen/" "Mozilla/5.0 (compatible; AhrefsBot/7.0; +http://ahrefs.com/robot/)"
198.54.114.83 - - [16/Apr/2025:01:36:59 -0400] "POST /wp-cron.php?doing_wp_cron=1744781818.0296070575714111328125 HTTP/1.1" 200 0 "-" "WordPress/6.8; https://greatamericanball.com"
198.54.114.83 - - [16/Apr/2025:01:36:59 -0400] "GET /wp-content/themes/safari-blog/inc/blocks/font-family/inc/google-webfonts.json HTTP/1.1" 200 1084380 "-" "WordPress/6.8; https://greatamericanball.com"
198.54.114.83 - - [16/Apr/2025:01:37:00 -0400] "POST /wp-admin/admin-ajax.php?action=async_litespeed&nonce=X7PupfF6JEY4tS73q8jvgHyEMBkRNova&litespeed_type=imgoptm HTTP/1.1" 200 0 "-" "WordPress/6.8; https://greatamericanball.com"
198.54.114.83 - - [16/Apr/2025:01:37:01 -0400] "GET /wp-content/themes/safari-blog/inc/blocks/font-family/inc/google-webfonts.json HTTP/1.1" 200 1084380 "-" "WordPress/6.8; https://greatamericanball.com"
198.54.114.83 - - [16/Apr/2025:01:37:02 -0400] "GET /wp-content/themes/safari-blog/inc/blocks/font-family/inc/google-webfonts.json HTTP/1.1" 200 1084380 "-" "WordPress/6.8; https://greatamericanball.com"
198.54.114.83 - - [16/Apr/2025:01:37:04 -0400] "GET /wp-content/themes/safari-blog/inc/blocks/font-family/inc/google-webfonts.json HTTP/1.1" 200 1084380 "-" "WordPress/6.8; https://greatamericanball.com"
198.54.114.83 - - [16/Apr/2025:01:37:05 -0400] "GET /wp-content/themes/safari-blog/inc/blocks/font-family/inc/google-webfonts.json HTTP/1.1" 200 1084380 "-" "WordPress/6.8; https://greatamericanball.com"
18.97.9.99 - - [16/Apr/2025:01:36:57 -0400] "GET /how-to-streamline-caregiver-agency-hiring/ HTTP/1.1" 200 11944 "-" "Mozilla/5.0 AppleWebKit/537.36 (KHTML, like Gecko; compatible; PerplexityBot/1.0; +https://perplexity.ai/perplexitybot)"
18.97.9.96 - - [16/Apr/2025:01:37:11 -0400] "GET /the-full-training-run-of-gpt-5-has-gone-live-by/ HTTP/1.1" 200 85812 "-" "Mozilla/5.0 AppleWebKit/537.36 (KHTML, like Gecko; compatible; PerplexityBot/1.0; +https://perplexity.ai/perplexitybot)"
18.97.9.99 - - [16/Apr/2025:01:37:11 -0400] "GET /14-powerful-ai-chatbot-platforms-for-businesses/ HTTP/1.1" 200 108202 "-" "Mozilla/5.0 AppleWebKit/537.36 (KHTML, like Gecko; compatible; PerplexityBot/1.0; +https://perplexity.ai/perplexitybot)"
18.97.9.100 - - [16/Apr/2025:01:37:12 -0400] "GET /education-chatbot-for-educational-institutions/ HTTP/1.1" 200 120413 "-" "Mozilla/5.0 AppleWebKit/537.36 (KHTML, like Gecko; compatible; PerplexityBot/1.0; +https://perplexity.ai/perplexitybot)"
18.97.9.100 - - [16/Apr/2025:01:37:12 -0400] "GET /georgia-school-shooting-live-updates-four-killed/ HTTP/1.1" 200 98585 "-" "Mozilla/5.0 AppleWebKit/537.36 (KHTML, like Gecko; compatible; PerplexityBot/1.0; +https://perplexity.ai/perplexitybot)"
18.97.9.97 - - [16/Apr/2025:01:37:12 -0400] "GET /what-is-natural-language-processing-definition-and/ HTTP/1.1" 200 105405 "-" "Mozilla/5.0 AppleWebKit/537.36 (KHTML, like Gecko; compatible; PerplexityBot/1.0; +https://perplexity.ai/perplexitybot)"
198.54.114.83 - - [16/Apr/2025:01:37:13 -0400] "GET /wp-content/themes/safari-blog/inc/blocks/font-family/inc/google-webfonts.json HTTP/1.1" 200 1084380 "-" "WordPress/6.8; https://greatamericanball.com"
198.54.114.83 - - [16/Apr/2025:01:37:13 -0400] "GET /wp-content/themes/safari-blog/inc/blocks/font-family/inc/google-webfonts.json HTTP/1.1" 200 1084380 "-" "WordPress/6.8; https://greatamericanball.com"
198.54.114.83 - - [16/Apr/2025:01:37:15 -0400] "GET /wp-content/themes/safari-blog/inc/blocks/font-family/inc/google-webfonts.json HTTP/1.1" 200 1084380 "-" "WordPress/6.8; https://greatamericanball.com"
198.54.114.83 - - [16/Apr/2025:01:37:15 -0400] "GET /wp-content/themes/safari-blog/inc/blocks/font-family/inc/google-webfonts.json HTTP/1.1" 200 1084380 "-" "WordPress/6.8; https://greatamericanball.com"
18.97.9.99 - - [16/Apr/2025:01:37:12 -0400] "GET /2024/03/ HTTP/1.1" 301 0 "-" "Mozilla/5.0 AppleWebKit/537.36 (KHTML, like Gecko; compatible; PerplexityBot/1.0; +https://perplexity.ai/perplexitybot)"
18.97.9.96 - - [16/Apr/2025:01:37:14 -0400] "GET /2024/10/ HTTP/1.1" 301 0 "-" "Mozilla/5.0 AppleWebKit/537.36 (KHTML, like Gecko; compatible; PerplexityBot/1.0; +https://perplexity.ai/perplexitybot)"
18.97.9.98 - - [16/Apr/2025:01:37:12 -0400] "GET /2024/08/ HTTP/1.1" 301 0 "-" "Mozilla/5.0 AppleWebKit/537.36 (KHTML, like Gecko; compatible; PerplexityBot/1.0; +https://perplexity.ai/perplexitybot)"
18.97.9.96 - - [16/Apr/2025:01:37:13 -0400] "GET /2024/02/ HTTP/1.1" 301 0 "-" "Mozilla/5.0 AppleWebKit/537.36 (KHTML, like Gecko; compatible; PerplexityBot/1.0; +https://perplexity.ai/perplexitybot)"
18.97.9.100 - - [16/Apr/2025:01:37:14 -0400] "GET /2023/07/ HTTP/1.1" 301 0 "-" "Mozilla/5.0 AppleWebKit/537.36 (KHTML, like Gecko; compatible; PerplexityBot/1.0; +https://perplexity.ai/perplexitybot)"
18.97.9.97 - - [16/Apr/2025:01:37:13 -0400] "GET /2024/09/ HTTP/1.1" 301 0 "-" "Mozilla/5.0 AppleWebKit/537.36 (KHTML, like Gecko; compatible; PerplexityBot/1.0; +https://perplexity.ai/perplexitybot)"
18.97.9.99 - - [16/Apr/2025:01:37:13 -0400] "GET /2024/01/ HTTP/1.1" 301 0 "-" "Mozilla/5.0 AppleWebKit/537.36 (KHTML, like Gecko; compatible; PerplexityBot/1.0; +https://perplexity.ai/perplexitybot)"
18.97.9.99 - - [16/Apr/2025:01:37:11 -0400] "GET /2024/04/ HTTP/1.1" 301 0 "-" "Mozilla/5.0 AppleWebKit/537.36 (KHTML, like Gecko; compatible; PerplexityBot/1.0; +https://perplexity.ai/perplexitybot)"
18.97.9.100 - - [16/Apr/2025:01:37:12 -0400] "GET /2024/06/ HTTP/1.1" 301 0 "-" "Mozilla/5.0 AppleWebKit/537.36 (KHTML, like Gecko; compatible; PerplexityBot/1.0; +https://perplexity.ai/perplexitybot)"
18.97.9.98 - - [16/Apr/2025:01:37:12 -0400] "GET /2024/07/ HTTP/1.1" 301 0 "-" "Mozilla/5.0 AppleWebKit/537.36 (KHTML, like Gecko; compatible; PerplexityBot/1.0; +https://perplexity.ai/perplexitybot)"
18.97.9.100 - - [16/Apr/2025:01:37:14 -0400] "GET /2023/10/ HTTP/1.1" 301 0 "-" "Mozilla/5.0 AppleWebKit/537.36 (KHTML, like Gecko; compatible; PerplexityBot/1.0; +https://perplexity.ai/perplexitybot)"
198.54.114.83 - - [16/Apr/2025:01:37:15 -0400] "GET /wp-content/themes/safari-blog/inc/blocks/font-family/inc/google-webfonts.json HTTP/1.1" 200 1084380 "-" "WordPress/6.8; https://greatamericanball.com"
18.97.9.97 - - [16/Apr/2025:01:37:14 -0400] "GET /2023/03/ HTTP/1.1" 301 0 "-" "Mozilla/5.0 AppleWebKit/537.36 (KHTML, like Gecko; compatible; PerplexityBot/1.0; +https://perplexity.ai/perplexitybot)"
18.97.9.99 - - [16/Apr/2025:01:37:15 -0400] "GET /2023/05/27/ HTTP/1.1" 301 0 "-" "Mozilla/5.0 AppleWebKit/537.36 (KHTML, like Gecko; compatible; PerplexityBot/1.0; +https://perplexity.ai/perplexitybot)"
18.97.9.99 - - [16/Apr/2025:01:37:15 -0400] "GET /2023/09/ HTTP/1.1" 301 0 "-" "Mozilla/5.0 AppleWebKit/537.36 (KHTML, like Gecko; compatible; PerplexityBot/1.0; +https://perplexity.ai/perplexitybot)"
18.97.9.100 - - [16/Apr/2025:01:37:16 -0400] "GET /2023/06/ HTTP/1.1" 301 0 "-" "Mozilla/5.0 AppleWebKit/537.36 (KHTML, like Gecko; compatible; PerplexityBot/1.0; +https://perplexity.ai/perplexitybot)"
18.97.9.99 - - [16/Apr/2025:01:37:16 -0400] "GET /2024/05/ HTTP/1.1" 301 0 "-" "Mozilla/5.0 AppleWebKit/537.36 (KHTML, like Gecko; compatible; PerplexityBot/1.0; +https://perplexity.ai/perplexitybot)"
18.97.9.97 - - [16/Apr/2025:01:37:15 -0400] "GET /2023/08/ HTTP/1.1" 301 0 "-" "Mozilla/5.0 AppleWebKit/537.36 (KHTML, like Gecko; compatible; PerplexityBot/1.0; +https://perplexity.ai/perplexitybot)"
18.97.9.97 - - [16/Apr/2025:01:37:15 -0400] "GET /2021/01/ HTTP/1.1" 301 0 "-" "Mozilla/5.0 AppleWebKit/537.36 (KHTML, like Gecko; compatible; PerplexityBot/1.0; +https://perplexity.ai/perplexitybot)"
18.97.9.100 - - [16/Apr/2025:01:37:16 -0400] "GET /2023/02/ HTTP/1.1" 301 0 "-" "Mozilla/5.0 AppleWebKit/537.36 (KHTML, like Gecko; compatible; PerplexityBot/1.0; +https://perplexity.ai/perplexitybot)"
18.97.9.96 - - [16/Apr/2025:01:37:16 -0400] "GET /2021/03/ HTTP/1.1" 301 0 "-" "Mozilla/5.0 AppleWebKit/537.36 (KHTML, like Gecko; compatible; PerplexityBot/1.0; +https://perplexity.ai/perplexitybot)"
198.54.114.83 - - [16/Apr/2025:01:37:17 -0400] "GET /wp-content/themes/safari-blog/inc/blocks/font-family/inc/google-webfonts.json HTTP/1.1" 200 1084380 "-" "WordPress/6.8; https://greatamericanball.com"
198.54.114.83 - - [16/Apr/2025:01:37:18 -0400] "GET /wp-content/themes/safari-blog/inc/blocks/font-family/inc/google-webfonts.json HTTP/1.1" 200 1084380 "-" "WordPress/6.8; https://greatamericanball.com"
18.97.9.97 - - [16/Apr/2025:01:37:18 -0400] "GET / HTTP/1.1" 200 156192 "-" "Mozilla/5.0 AppleWebKit/537.36 (KHTML, like Gecko; compatible; PerplexityBot/1.0; +https://perplexity.ai/perplexitybot)"
18.97.9.100 - - [16/Apr/2025:01:37:18 -0400] "GET / HTTP/1.1" 200 156192 "-" "Mozilla/5.0 AppleWebKit/537.36 (KHTML, like Gecko; compatible; PerplexityBot/1.0; +https://perplexity.ai/perplexitybot)"
18.97.9.98 - - [16/Apr/2025:01:37:18 -0400] "GET / HTTP/1.1" 200 156192 "-" "Mozilla/5.0 AppleWebKit/537.36 (KHTML, like Gecko; compatible; PerplexityBot/1.0; +https://perplexity.ai/perplexitybot)"
18.97.9.97 - - [16/Apr/2025:01:37:18 -0400] "GET / HTTP/1.1" 200 156192 "-" "Mozilla/5.0 AppleWebKit/537.36 (KHTML, like Gecko; compatible; PerplexityBot/1.0; +https://perplexity.ai/perplexitybot)"
198.54.114.83 - - [16/Apr/2025:01:37:19 -0400] "GET /wp-content/themes/safari-blog/inc/blocks/font-family/inc/google-webfonts.json HTTP/1.1" 200 1084380 "-" "WordPress/6.8; https://greatamericanball.com"
18.97.9.98 - - [16/Apr/2025:01:37:18 -0400] "GET /2023/04/ HTTP/1.1" 301 0 "-" "Mozilla/5.0 AppleWebKit/537.36 (KHTML, like Gecko; compatible; PerplexityBot/1.0; +https://perplexity.ai/perplexitybot)"
18.97.9.100 - - [16/Apr/2025:01:37:17 -0400] "GET /2021/04/ HTTP/1.1" 301 0 "-" "Mozilla/5.0 AppleWebKit/537.36 (KHTML, like Gecko; compatible; PerplexityBot/1.0; +https://perplexity.ai/perplexitybot)"
18.97.9.100 - - [16/Apr/2025:01:37:17 -0400] "GET /2023/12/ HTTP/1.1" 301 0 "-" "Mozilla/5.0 AppleWebKit/537.36 (KHTML, like Gecko; compatible; PerplexityBot/1.0; +https://perplexity.ai/perplexitybot)"
18.97.9.97 - - [16/Apr/2025:01:37:19 -0400] "GET / HTTP/1.1" 200 156192 "-" "Mozilla/5.0 AppleWebKit/537.36 (KHTML, like Gecko; compatible; PerplexityBot/1.0; +https://perplexity.ai/perplexitybot)"
198.54.114.83 - - [16/Apr/2025:01:37:19 -0400] "GET /wp-content/themes/safari-blog/inc/blocks/font-family/inc/google-webfonts.json HTTP/1.1" 200 1084380 "-" "WordPress/6.8; https://greatamericanball.com"
18.97.9.100 - - [16/Apr/2025:01:37:19 -0400] "GET / HTTP/1.1" 200 156192 "-" "Mozilla/5.0 AppleWebKit/537.36 (KHTML, like Gecko; compatible; PerplexityBot/1.0; +https://perplexity.ai/perplexitybot)"
18.97.9.99 - - [16/Apr/2025:01:37:11 -0400] "GET /top-5-foundations-with-spf/ HTTP/1.1" 200 12253 "-" "Mozilla/5.0 AppleWebKit/537.36 (KHTML, like Gecko; compatible; PerplexityBot/1.0; +https://perplexity.ai/perplexitybot)"
18.97.9.96 - - [16/Apr/2025:01:37:19 -0400] "GET / HTTP/1.1" 200 156192 "-" "Mozilla/5.0 AppleWebKit/537.36 (KHTML, like Gecko; compatible; PerplexityBot/1.0; +https://perplexity.ai/perplexitybot)"
18.97.9.97 - - [16/Apr/2025:01:37:19 -0400] "GET / HTTP/1.1" 200 156192 "-" "Mozilla/5.0 AppleWebKit/537.36 (KHTML, like Gecko; compatible; PerplexityBot/1.0; +https://perplexity.ai/perplexitybot)"
198.54.114.83 - - [16/Apr/2025:01:37:20 -0400] "GET /wp-content/themes/safari-blog/inc/blocks/font-family/inc/google-webfonts.json HTTP/1.1" 200 1084380 "-" "WordPress/6.8; https://greatamericanball.com"
18.97.9.100 - - [16/Apr/2025:01:37:20 -0400] "GET / HTTP/1.1" 200 156192 "-" "Mozilla/5.0 AppleWebKit/537.36 (KHTML, like Gecko; compatible; PerplexityBot/1.0; +https://perplexity.ai/perplexitybot)"
198.54.114.83 - - [16/Apr/2025:01:37:20 -0400] "GET /wp-content/themes/safari-blog/inc/blocks/font-family/inc/google-webfonts.json HTTP/1.1" 200 1084380 "-" "WordPress/6.8; https://greatamericanball.com"
18.97.9.99 - - [16/Apr/2025:01:37:21 -0400] "GET / HTTP/1.1" 200 156192 "-" "Mozilla/5.0 AppleWebKit/537.36 (KHTML, like Gecko; compatible; PerplexityBot/1.0; +https://perplexity.ai/perplexitybot)"
18.97.9.99 - - [16/Apr/2025:01:37:21 -0400] "GET / HTTP/1.1" 200 156192 "-" "Mozilla/5.0 AppleWebKit/537.36 (KHTML, like Gecko; compatible; PerplexityBot/1.0; +https://perplexity.ai/perplexitybot)"
198.54.114.83 - - [16/Apr/2025:01:37:21 -0400] "GET /wp-content/themes/safari-blog/inc/blocks/font-family/inc/google-webfonts.json HTTP/1.1" 200 1084380 "-" "WordPress/6.8; https://greatamericanball.com"
18.97.9.96 - - [16/Apr/2025:01:37:21 -0400] "GET / HTTP/1.1" 200 156192 "-" "Mozilla/5.0 AppleWebKit/537.36 (KHTML, like Gecko; compatible; PerplexityBot/1.0; +https://perplexity.ai/perplexitybot)"
18.97.9.96 - - [16/Apr/2025:01:37:12 -0400] "GET /professional-coffee-machines-8-ways-they-differ-from-home-coffee-machines/ HTTP/1.1" 200 13871 "-" "Mozilla/5.0 AppleWebKit/537.36 (KHTML, like Gecko; compatible; PerplexityBot/1.0; +https://perplexity.ai/perplexitybot)"
18.97.9.96 - - [16/Apr/2025:01:37:22 -0400] "GET / HTTP/1.1" 200 156192 "-" "Mozilla/5.0 AppleWebKit/537.36 (KHTML, like Gecko; compatible; PerplexityBot/1.0; +https://perplexity.ai/perplexitybot)"
198.54.114.83 - - [16/Apr/2025:01:37:22 -0400] "GET /wp-content/themes/safari-blog/inc/blocks/font-family/inc/google-webfonts.json HTTP/1.1" 200 1084380 "-" "WordPress/6.8; https://greatamericanball.com"
18.97.9.97 - - [16/Apr/2025:01:37:22 -0400] "GET / HTTP/1.1" 200 156192 "-" "Mozilla/5.0 AppleWebKit/537.36 (KHTML, like Gecko; compatible; PerplexityBot/1.0; +https://perplexity.ai/perplexitybot)"
18.97.9.96 - - [16/Apr/2025:01:37:23 -0400] "GET / HTTP/1.1" 200 156192 "-" "Mozilla/5.0 AppleWebKit/537.36 (KHTML, like Gecko; compatible; PerplexityBot/1.0; +https://perplexity.ai/perplexitybot)"
18.97.9.96 - - [16/Apr/2025:01:37:23 -0400] "GET / HTTP/1.1" 200 156192 "-" "Mozilla/5.0 AppleWebKit/537.36 (KHTML, like Gecko; compatible; PerplexityBot/1.0; +https://perplexity.ai/perplexitybot)"
18.97.9.98 - - [16/Apr/2025:01:37:23 -0400] "GET / HTTP/1.1" 200 156192 "-" "Mozilla/5.0 AppleWebKit/537.36 (KHTML, like Gecko; compatible; PerplexityBot/1.0; +https://perplexity.ai/perplexitybot)"
52.167.144.170 - - [16/Apr/2025:01:37:23 -0400] "GET / HTTP/1.1" 200 156192 "-" "Mozilla/5.0 AppleWebKit/537.36 (KHTML, like Gecko; compatible; bingbot/2.0; +http://www.bing.com/bingbot.htm) Chrome/116.0.1938.76 Safari/537.36"
18.97.9.97 - - [16/Apr/2025:01:37:24 -0400] "GET / HTTP/1.1" 200 156192 "-" "Mozilla/5.0 AppleWebKit/537.36 (KHTML, like Gecko; compatible; PerplexityBot/1.0; +https://perplexity.ai/perplexitybot)"
18.97.9.98 - - [16/Apr/2025:01:37:24 -0400] "GET / HTTP/1.1" 200 156192 "-" "Mozilla/5.0 AppleWebKit/537.36 (KHTML, like Gecko; compatible; PerplexityBot/1.0; +https://perplexity.ai/perplexitybot)"
198.54.114.83 - - [16/Apr/2025:01:37:23 -0400] "GET /wp-content/themes/safari-blog/inc/blocks/font-family/inc/google-webfonts.json HTTP/1.1" 200 1084380 "-" "WordPress/6.8; https://greatamericanball.com"
18.97.9.100 - - [16/Apr/2025:01:37:25 -0400] "GET / HTTP/1.1" 200 156192 "-" "Mozilla/5.0 AppleWebKit/537.36 (KHTML, like Gecko; compatible; PerplexityBot/1.0; +https://perplexity.ai/perplexitybot)"
18.97.9.99 - - [16/Apr/2025:01:37:26 -0400] "GET / HTTP/1.1" 200 156192 "-" "Mozilla/5.0 AppleWebKit/537.36 (KHTML, like Gecko; compatible; PerplexityBot/1.0; +https://perplexity.ai/perplexitybot)"
18.97.9.97 - - [16/Apr/2025:01:37:26 -0400] "GET / HTTP/1.1" 200 156192 "-" "Mozilla/5.0 AppleWebKit/537.36 (KHTML, like Gecko; compatible; PerplexityBot/1.0; +https://perplexity.ai/perplexitybot)"
198.54.114.83 - - [16/Apr/2025:01:37:26 -0400] "GET /wp-content/themes/safari-blog/inc/blocks/font-family/inc/google-webfonts.json HTTP/1.1" 200 1084380 "-" "WordPress/6.8; https://greatamericanball.com"
18.97.9.96 - - [16/Apr/2025:01:37:26 -0400] "GET / HTTP/1.1" 200 156192 "-" "Mozilla/5.0 AppleWebKit/537.36 (KHTML, like Gecko; compatible; PerplexityBot/1.0; +https://perplexity.ai/perplexitybot)"
18.97.9.98 - - [16/Apr/2025:01:37:18 -0400] "GET /2023/01/ HTTP/1.1" 404 6546 "-" "Mozilla/5.0 AppleWebKit/537.36 (KHTML, like Gecko; compatible; PerplexityBot/1.0; +https://perplexity.ai/perplexitybot)"
18.97.9.97 - - [16/Apr/2025:01:37:27 -0400] "GET /2023/05/ HTTP/1.1" 301 0 "-" "Mozilla/5.0 AppleWebKit/537.36 (KHTML, like Gecko; compatible; PerplexityBot/1.0; +https://perplexity.ai/perplexitybot)"
198.54.114.83 - - [16/Apr/2025:01:37:28 -0400] "POST /wp-cron.php?doing_wp_cron=1744781847.5716989040374755859375 HTTP/1.1" 200 0 "-" "WordPress/6.8; https://greatamericanball.com"
18.97.9.100 - - [16/Apr/2025:01:37:27 -0400] "GET /2023/11/ HTTP/1.1" 301 0 "-" "Mozilla/5.0 AppleWebKit/537.36 (KHTML, like Gecko; compatible; PerplexityBot/1.0; +https://perplexity.ai/perplexitybot)"
18.97.9.97 - - [16/Apr/2025:01:37:28 -0400] "GET /2021/02/ HTTP/1.1" 301 0 "-" "Mozilla/5.0 AppleWebKit/537.36 (KHTML, like Gecko; compatible; PerplexityBot/1.0; +https://perplexity.ai/perplexitybot)"
18.97.9.98 - - [16/Apr/2025:01:37:28 -0400] "GET /2024/12/ HTTP/1.1" 301 0 "-" "Mozilla/5.0 AppleWebKit/537.36 (KHTML, like Gecko; compatible; PerplexityBot/1.0; +https://perplexity.ai/perplexitybot)"
18.97.9.100 - - [16/Apr/2025:01:37:28 -0400] "GET /2020/12/ HTTP/1.1" 301 0 "-" "Mozilla/5.0 AppleWebKit/537.36 (KHTML, like Gecko; compatible; PerplexityBot/1.0; +https://perplexity.ai/perplexitybot)"
18.97.9.100 - - [16/Apr/2025:01:37:29 -0400] "GET /author/jorge/ HTTP/1.1" 301 0 "-" "Mozilla/5.0 AppleWebKit/537.36 (KHTML, like Gecko; compatible; PerplexityBot/1.0; +https://perplexity.ai/perplexitybot)"
18.97.9.99 - - [16/Apr/2025:01:37:30 -0400] "GET / HTTP/1.1" 200 156192 "-" "Mozilla/5.0 AppleWebKit/537.36 (KHTML, like Gecko; compatible; PerplexityBot/1.0; +https://perplexity.ai/perplexitybot)"
18.97.9.99 - - [16/Apr/2025:01:37:30 -0400] "GET /category/activity/ HTTP/1.1" 200 10445 "-" "Mozilla/5.0 AppleWebKit/537.36 (KHTML, like Gecko; compatible; PerplexityBot/1.0; +https://perplexity.ai/perplexitybot)"
18.97.9.99 - - [16/Apr/2025:01:37:31 -0400] "GET / HTTP/1.1" 200 156192 "-" "Mozilla/5.0 AppleWebKit/537.36 (KHTML, like Gecko; compatible; PerplexityBot/1.0; +https://perplexity.ai/perplexitybot)"
18.97.9.97 - - [16/Apr/2025:01:37:32 -0400] "GET / HTTP/1.1" 200 156192 "-" "Mozilla/5.0 AppleWebKit/537.36 (KHTML, like Gecko; compatible; PerplexityBot/1.0; +https://perplexity.ai/perplexitybot)"
18.97.9.100 - - [16/Apr/2025:01:37:33 -0400] "GET / HTTP/1.1" 200 156192 "-" "Mozilla/5.0 AppleWebKit/537.36 (KHTML, like Gecko; compatible; PerplexityBot/1.0; +https://perplexity.ai/perplexitybot)"
18.97.9.97 - - [16/Apr/2025:01:37:34 -0400] "GET / HTTP/1.1" 200 156192 "-" "Mozilla/5.0 AppleWebKit/537.36 (KHTML, like Gecko; compatible; PerplexityBot/1.0; +https://perplexity.ai/perplexitybot)"
18.97.9.98 - - [16/Apr/2025:01:37:34 -0400] "GET / HTTP/1.1" 200 156192 "-" "Mozilla/5.0 AppleWebKit/537.36 (KHTML, like Gecko; compatible; PerplexityBot/1.0; +https://perplexity.ai/perplexitybot)"
198.54.114.83 - - [16/Apr/2025:01:37:34 -0400] "GET /wp-content/themes/safari-blog/inc/blocks/font-family/inc/google-webfonts.json HTTP/1.1" 200 1084380 "-" "WordPress/6.8; https://greatamericanball.com"
198.54.114.83 - - [16/Apr/2025:01:37:36 -0400] "GET /wp-content/themes/safari-blog/inc/blocks/font-family/inc/google-webfonts.json HTTP/1.1" 200 1084380 "-" "WordPress/6.8; https://greatamericanball.com"
198.54.114.83 - - [16/Apr/2025:01:37:36 -0400] "GET /wp-content/themes/safari-blog/inc/blocks/font-family/inc/google-webfonts.json HTTP/1.1" 200 1084380 "-" "WordPress/6.8; https://greatamericanball.com"
18.97.9.100 - - [16/Apr/2025:01:37:36 -0400] "GET /2025/03/26/ HTTP/1.1" 301 0 "-" "Mozilla/5.0 AppleWebKit/537.36 (KHTML, like Gecko; compatible; PerplexityBot/1.0; +https://perplexity.ai/perplexitybot)"
198.54.114.83 - - [16/Apr/2025:01:37:36 -0400] "GET /wp-content/themes/safari-blog/inc/blocks/font-family/inc/google-webfonts.json HTTP/1.1" 200 1084380 "-" "WordPress/6.8; https://greatamericanball.com"
198.54.114.83 - - [16/Apr/2025:01:37:36 -0400] "GET /wp-content/themes/safari-blog/inc/blocks/font-family/inc/google-webfonts.json HTTP/1.1" 200 1084380 "-" "WordPress/6.8; https://greatamericanball.com"
198.54.114.83 - - [16/Apr/2025:01:37:37 -0400] "GET /wp-content/themes/safari-blog/inc/blocks/font-family/inc/google-webfonts.json HTTP/1.1" 200 1084380 "-" "WordPress/6.8; https://greatamericanball.com"
18.97.9.97 - - [16/Apr/2025:01:37:37 -0400] "GET /2025/01/ HTTP/1.1" 301 0 "-" "Mozilla/5.0 AppleWebKit/537.36 (KHTML, like Gecko; compatible; PerplexityBot/1.0; +https://perplexity.ai/perplexitybot)"
198.54.114.83 - - [16/Apr/2025:01:37:37 -0400] "GET /wp-content/themes/safari-blog/inc/blocks/font-family/inc/google-webfonts.json HTTP/1.1" 200 1084380 "-" "WordPress/6.8; https://greatamericanball.com"
198.54.114.83 - - [16/Apr/2025:01:37:38 -0400] "GET /wp-content/themes/safari-blog/inc/blocks/font-family/inc/google-webfonts.json HTTP/1.1" 200 1084380 "-" "WordPress/6.8; https://greatamericanball.com"
18.97.9.97 - - [16/Apr/2025:01:37:37 -0400] "GET /2025/03/ HTTP/1.1" 301 0 "-" "Mozilla/5.0 AppleWebKit/537.36 (KHTML, like Gecko; compatible; PerplexityBot/1.0; +https://perplexity.ai/perplexitybot)"
198.54.114.83 - - [16/Apr/2025:01:37:38 -0400] "GET /wp-content/themes/safari-blog/inc/blocks/font-family/inc/google-webfonts.json HTTP/1.1" 200 1084380 "-" "WordPress/6.8; https://greatamericanball.com"
198.54.114.83 - - [16/Apr/2025:01:37:39 -0400] "GET /wp-content/themes/safari-blog/inc/blocks/font-family/inc/google-webfonts.json HTTP/1.1" 200 1084380 "-" "WordPress/6.8; https://greatamericanball.com"
198.54.114.83 - - [16/Apr/2025:01:37:39 -0400] "GET /wp-content/themes/safari-blog/inc/blocks/font-family/inc/google-webfonts.json HTTP/1.1" 200 1084380 "-" "WordPress/6.8; https://greatamericanball.com"
18.97.9.97 - - [16/Apr/2025:01:37:39 -0400] "GET / HTTP/1.1" 200 156192 "-" "Mozilla/5.0 AppleWebKit/537.36 (KHTML, like Gecko; compatible; PerplexityBot/1.0; +https://perplexity.ai/perplexitybot)"
198.54.114.83 - - [16/Apr/2025:01:37:39 -0400] "GET /wp-content/themes/safari-blog/inc/blocks/font-family/inc/google-webfonts.json HTTP/1.1" 200 1084380 "-" "WordPress/6.8; https://greatamericanball.com"
198.54.114.83 - - [16/Apr/2025:01:37:39 -0400] "GET /wp-content/themes/safari-blog/inc/blocks/font-family/inc/google-webfonts.json HTTP/1.1" 200 1084380 "-" "WordPress/6.8; https://greatamericanball.com"
198.54.114.83 - - [16/Apr/2025:01:37:40 -0400] "GET /wp-content/themes/safari-blog/inc/blocks/font-family/inc/google-webfonts.json HTTP/1.1" 200 1084380 "-" "WordPress/6.8; https://greatamericanball.com"
198.54.114.83 - - [16/Apr/2025:01:37:40 -0400] "GET /wp-content/themes/safari-blog/inc/blocks/font-family/inc/google-webfonts.json HTTP/1.1" 200 1084380 "-" "WordPress/6.8; https://greatamericanball.com"
198.54.114.83 - - [16/Apr/2025:01:37:40 -0400] "GET /wp-content/themes/safari-blog/inc/blocks/font-family/inc/google-webfonts.json HTTP/1.1" 200 1084380 "-" "WordPress/6.8; https://greatamericanball.com"
18.97.9.100 - - [16/Apr/2025:01:37:34 -0400] "GET /category/sign-in/ HTTP/1.1" 200 8357 "-" "Mozilla/5.0 AppleWebKit/537.36 (KHTML, like Gecko; compatible; PerplexityBot/1.0; +https://perplexity.ai/perplexitybot)"
18.97.9.98 - - [16/Apr/2025:01:37:32 -0400] "GET /category/sign-up/ HTTP/1.1" 200 8361 "-" "Mozilla/5.0 AppleWebKit/537.36 (KHTML, like Gecko; compatible; PerplexityBot/1.0; +https://perplexity.ai/perplexitybot)"
18.97.9.97 - - [16/Apr/2025:01:37:40 -0400] "GET / HTTP/1.1" 200 156192 "-" "Mozilla/5.0 AppleWebKit/537.36 (KHTML, like Gecko; compatible; PerplexityBot/1.0; +https://perplexity.ai/perplexitybot)"
198.54.114.83 - - [16/Apr/2025:01:37:41 -0400] "GET /wp-content/themes/safari-blog/inc/blocks/font-family/inc/google-webfonts.json HTTP/1.1" 200 1084380 "-" "WordPress/6.8; https://greatamericanball.com"
18.97.9.97 - - [16/Apr/2025:01:37:41 -0400] "GET / HTTP/1.1" 200 156192 "-" "Mozilla/5.0 AppleWebKit/537.36 (KHTML, like Gecko; compatible; PerplexityBot/1.0; +https://perplexity.ai/perplexitybot)"
198.54.114.83 - - [16/Apr/2025:01:37:41 -0400] "GET /wp-content/themes/safari-blog/inc/blocks/font-family/inc/google-webfonts.json HTTP/1.1" 200 1084380 "-" "WordPress/6.8; https://greatamericanball.com"
198.54.114.83 - - [16/Apr/2025:01:37:42 -0400] "GET /wp-content/themes/safari-blog/inc/blocks/font-family/inc/google-webfonts.json HTTP/1.1" 200 1084380 "-" "WordPress/6.8; https://greatamericanball.com"
18.97.9.98 - - [16/Apr/2025:01:37:35 -0400] "GET /category/about-us/ HTTP/1.1" 200 8365 "-" "Mozilla/5.0 AppleWebKit/537.36 (KHTML, like Gecko; compatible; PerplexityBot/1.0; +https://perplexity.ai/perplexitybot)"
198.54.114.83 - - [16/Apr/2025:01:37:43 -0400] "GET /wp-content/themes/safari-blog/inc/blocks/font-family/inc/google-webfonts.json HTTP/1.1" 200 1084380 "-" "WordPress/6.8; https://greatamericanball.com"
18.97.9.98 - - [16/Apr/2025:01:37:36 -0400] "GET /category/contact-us/ HTTP/1.1" 200 8374 "-" "Mozilla/5.0 AppleWebKit/537.36 (KHTML, like Gecko; compatible; PerplexityBot/1.0; +https://perplexity.ai/perplexitybot)"
198.54.114.83 - - [16/Apr/2025:01:40:58 -0400] "POST /wp-cron.php?doing_wp_cron=1744782058.1443130970001220703125 HTTP/1.1" 200 0 "-" "WordPress/6.8; https://greatamericanball.com"
198.54.114.83 - - [16/Apr/2025:01:40:59 -0400] "POST /wp-admin/admin-ajax.php?action=async_litespeed&nonce=cec3IGPT7LF0SS4Oydj1nklr09Kq5Gly&litespeed_type=imgoptm HTTP/1.1" 200 0 "-" "WordPress/6.8; https://greatamericanball.com"
198.54.114.83 - - [16/Apr/2025:01:40:59 -0400] "GET /wp-content/themes/safari-blog/inc/blocks/font-family/inc/google-webfonts.json HTTP/1.1" 200 1084380 "-" "WordPress/6.8; https://greatamericanball.com"
198.54.114.83 - - [16/Apr/2025:01:41:02 -0400] "GET /wp-content/themes/safari-blog/inc/blocks/font-family/inc/google-webfonts.json HTTP/1.1" 200 1084380 "-" "WordPress/6.8; https://greatamericanball.com"
198.54.114.83 - - [16/Apr/2025:01:41:03 -0400] "GET /wp-content/themes/safari-blog/inc/blocks/font-family/inc/google-webfonts.json HTTP/1.1" 200 1084380 "-" "WordPress/6.8; https://greatamericanball.com"
198.54.114.83 - - [16/Apr/2025:01:41:05 -0400] "GET /wp-content/themes/safari-blog/inc/blocks/font-family/inc/google-webfonts.json HTTP/1.1" 200 1084380 "-" "WordPress/6.8; https://greatamericanball.com"
198.54.114.83 - - [16/Apr/2025:01:41:07 -0400] "GET /wp-content/themes/safari-blog/inc/blocks/font-family/inc/google-webfonts.json HTTP/1.1" 200 1084380 "-" "WordPress/6.8; https://greatamericanball.com"
47.128.121.54 - - [16/Apr/2025:01:40:52 -0400] "GET /cartagena-private-islands-and-the-rosario-islands/ HTTP/1.1" 200 11988 "-" "Mozilla/5.0 (Linux; Android 5.0) AppleWebKit/537.36 (KHTML, like Gecko) Mobile Safari/537.36 (compatible; TikTokSpider; ttspider-feedback@tiktok.com)"
198.54.114.83 - - [16/Apr/2025:01:45:01 -0400] "POST /wp-cron.php?doing_wp_cron=1744782301.5085709095001220703125 HTTP/1.1" 200 0 "-" "WordPress/6.8; https://greatamericanball.com"
198.54.114.83 - - [16/Apr/2025:01:45:07 -0400] "GET /wp-content/themes/safari-blog/inc/blocks/font-family/inc/google-webfonts.json HTTP/1.1" 200 1084380 "-" "WordPress/6.8; https://greatamericanball.com"
198.54.114.83 - - [16/Apr/2025:01:45:08 -0400] "POST /wp-admin/admin-ajax.php?action=async_litespeed&nonce=89Jdrq6esci55qiGA8GLlA2Td1DgOYPQ&litespeed_type=imgoptm HTTP/1.1" 200 0 "-" "WordPress/6.8; https://greatamericanball.com"
198.54.114.83 - - [16/Apr/2025:01:45:08 -0400] "GET /wp-content/themes/safari-blog/inc/blocks/font-family/inc/google-webfonts.json HTTP/1.1" 200 1084380 "-" "WordPress/6.8; https://greatamericanball.com"
198.54.114.83 - - [16/Apr/2025:01:45:09 -0400] "GET /wp-content/themes/safari-blog/inc/blocks/font-family/inc/google-webfonts.json HTTP/1.1" 200 1084380 "-" "WordPress/6.8; https://greatamericanball.com"
198.54.114.83 - - [16/Apr/2025:01:45:10 -0400] "GET /wp-content/themes/safari-blog/inc/blocks/font-family/inc/google-webfonts.json HTTP/1.1" 200 1084380 "-" "WordPress/6.8; https://greatamericanball.com"
198.54.114.83 - - [16/Apr/2025:01:45:11 -0400] "GET /wp-content/themes/safari-blog/inc/blocks/font-family/inc/google-webfonts.json HTTP/1.1" 200 1084380 "-" "WordPress/6.8; https://greatamericanball.com"
146.103.10.2 - - [16/Apr/2025:01:44:56 -0400] "GET /page/25/?gclid=CNnZgay5uNECFZVWDQodRysEWA HTTP/1.1" 200 10486 "-" "Mozilla/5.0 (X11; U; Linux x86_64; en-US) AppleWebKit/534.10 (KHTML, like Gecko) Chrome/7.0.544.0 Safari/534.10"
198.54.114.83 - - [16/Apr/2025:01:52:21 -0400] "POST /wp-cron.php?doing_wp_cron=1744782740.3610200881958007812500 HTTP/1.1" 200 0 "-" "WordPress/6.8; https://greatamericanball.com"
198.54.114.83 - - [16/Apr/2025:01:52:23 -0400] "GET /wp-content/themes/safari-blog/inc/blocks/font-family/inc/google-webfonts.json HTTP/1.1" 200 1084380 "-" "WordPress/6.8; https://greatamericanball.com"
198.54.114.83 - - [16/Apr/2025:01:52:26 -0400] "GET /wp-content/themes/safari-blog/inc/blocks/font-family/inc/google-webfonts.json HTTP/1.1" 200 1084380 "-" "WordPress/6.8; https://greatamericanball.com"
198.54.114.83 - - [16/Apr/2025:01:52:27 -0400] "GET /wp-content/themes/safari-blog/inc/blocks/font-family/inc/google-webfonts.json HTTP/1.1" 200 1084380 "-" "WordPress/6.8; https://greatamericanball.com"
198.54.114.83 - - [16/Apr/2025:01:52:30 -0400] "GET /wp-content/themes/safari-blog/inc/blocks/font-family/inc/google-webfonts.json HTTP/1.1" 200 1084380 "-" "WordPress/6.8; https://greatamericanball.com"
198.54.114.83 - - [16/Apr/2025:01:52:32 -0400] "GET /wp-content/themes/safari-blog/inc/blocks/font-family/inc/google-webfonts.json HTTP/1.1" 200 1084380 "-" "WordPress/6.8; https://greatamericanball.com"
157.55.39.193 - - [16/Apr/2025:01:52:14 -0400] "GET /mehr-lesen/ HTTP/1.1" 200 11136 "-" "Mozilla/5.0 AppleWebKit/537.36 (KHTML, like Gecko; compatible; bingbot/2.0; +http://www.bing.com/bingbot.htm) Chrome/116.0.1938.76 Safari/537.36"
103.131.71.165 - - [16/Apr/2025:01:55:08 -0400] "GET / HTTP/1.1" 304 0 "-" "Mozilla/5.0 (compatible; coccocbot-web/1.0; +http://help.coccoc.com/searchengine)"
198.54.114.83 - - [16/Apr/2025:01:57:19 -0400] "POST /wp-cron.php?doing_wp_cron=1744783039.2100799083709716796875 HTTP/1.1" 200 0 "-" "WordPress/6.8; https://greatamericanball.com"
198.54.114.83 - - [16/Apr/2025:01:57:21 -0400] "POST /wp-admin/admin-ajax.php?action=async_litespeed&nonce=Y8krPsez4cpYxQ49BsCtKQfFBvLZVlr8&litespeed_type=imgoptm HTTP/1.1" 200 0 "-" "WordPress/6.8; https://greatamericanball.com"
51.222.253.12 - - [16/Apr/2025:01:57:15 -0400] "GET /2023/06/08/ HTTP/1.1" 301 0 "-" "Mozilla/5.0 (compatible; AhrefsBot/7.0; +http://ahrefs.com/robot/)"
112.86.225.172 - - [16/Apr/2025:02:11:45 -0400] "GET / HTTP/1.1" 200 156192 "-" "Sogou web spider/4.0(+http://www.sogou.com/docs/help/webmasters.htm#07)"
198.54.114.83 - - [16/Apr/2025:02:18:11 -0400] "POST /wp-cron.php?doing_wp_cron=1744784289.1076700687408447265625 HTTP/1.1" 200 0 "-" "WordPress/6.8; https://greatamericanball.com"
51.222.253.3 - - [16/Apr/2025:02:18:03 -0400] "GET /2021/03/23/ HTTP/1.1" 301 0 "-" "Mozilla/5.0 (compatible; AhrefsBot/7.0; +http://ahrefs.com/robot/)"
18.97.9.98 - - [16/Apr/2025:02:20:03 -0400] "GET /advantages-of-an-outdoor-led-screen/ HTTP/1.1" 200 12011 "-" "Mozilla/5.0 AppleWebKit/537.36 (KHTML, like Gecko; compatible; PerplexityBot/1.0; +https://perplexity.ai/perplexitybot)"
18.97.9.96 - - [16/Apr/2025:02:30:14 -0400] "GET /ai-in-finance-applications-examples/ HTTP/1.1" 200 83290 "-" "Mozilla/5.0 AppleWebKit/537.36 (KHTML, like Gecko; compatible; PerplexityBot/1.0; +https://perplexity.ai/perplexitybot)"
18.97.9.99 - - [16/Apr/2025:02:30:26 -0400] "GET /nostalgia-gambling-establishment-remark-honest/ HTTP/1.1" 200 14190 "-" "Mozilla/5.0 AppleWebKit/537.36 (KHTML, like Gecko; compatible; PerplexityBot/1.0; +https://perplexity.ai/perplexitybot)"
198.54.114.83 - - [16/Apr/2025:02:30:50 -0400] "POST /wp-cron.php?doing_wp_cron=1744785044.7204198837280273437500 HTTP/1.1" 200 0 "-" "WordPress/6.8; https://greatamericanball.com"
198.54.114.83 - - [16/Apr/2025:02:30:50 -0400] "POST /wp-cron.php?doing_wp_cron=1744785044.7100410461425781250000 HTTP/1.1" 200 0 "-" "WordPress/6.8; https://greatamericanball.com"
198.54.114.83 - - [16/Apr/2025:02:30:51 -0400] "GET /wp-content/themes/safari-blog/inc/blocks/font-family/inc/google-webfonts.json HTTP/1.1" 200 90112 "-" "WordPress/6.8; https://greatamericanball.com"
18.97.9.96 - - [16/Apr/2025:02:30:37 -0400] "GET /2025/03/24/ HTTP/1.1" 301 0 "-" "Mozilla/5.0 AppleWebKit/537.36 (KHTML, like Gecko; compatible; PerplexityBot/1.0; +https://perplexity.ai/perplexitybot)"
198.54.114.83 - - [16/Apr/2025:02:30:58 -0400] "GET /wp-content/themes/safari-blog/inc/blocks/font-family/inc/google-webfonts.json HTTP/1.1" 200 0 "-" "WordPress/6.8; https://greatamericanball.com"
18.97.9.100 - - [16/Apr/2025:02:31:02 -0400] "GET / HTTP/1.1" 200 156192 "-" "Mozilla/5.0 AppleWebKit/537.36 (KHTML, like Gecko; compatible; PerplexityBot/1.0; +https://perplexity.ai/perplexitybot)"
198.54.114.83 - - [16/Apr/2025:02:31:03 -0400] "GET /wp-content/themes/safari-blog/inc/blocks/font-family/inc/google-webfonts.json HTTP/1.1" 200 0 "-" "WordPress/6.8; https://greatamericanball.com"
198.54.114.83 - - [16/Apr/2025:02:31:07 -0400] "GET /wp-content/themes/safari-blog/inc/blocks/font-family/inc/google-webfonts.json HTTP/1.1" 200 0 "-" "WordPress/6.8; https://greatamericanball.com"
198.54.114.83 - - [16/Apr/2025:02:31:11 -0400] "GET /wp-content/themes/safari-blog/inc/blocks/font-family/inc/google-webfonts.json HTTP/1.1" 200 393216 "-" "WordPress/6.8; https://greatamericanball.com"
18.97.9.98 - - [16/Apr/2025:02:30:37 -0400] "GET /puka-shell-earrings-a-timeless-fashion-statement/ HTTP/1.1" 200 12248 "-" "Mozilla/5.0 AppleWebKit/537.36 (KHTML, like Gecko; compatible; PerplexityBot/1.0; +https://perplexity.ai/perplexitybot)"
198.54.114.83 - - [16/Apr/2025:02:31:49 -0400] "POST /wp-cron.php?doing_wp_cron=1744785107.1910181045532226562500 HTTP/1.1" 200 0 "-" "WordPress/6.8; https://greatamericanball.com"
198.54.114.83 - - [16/Apr/2025:02:31:51 -0400] "GET /wp-content/themes/safari-blog/inc/blocks/font-family/inc/google-webfonts.json HTTP/1.1" 200 1084380 "-" "WordPress/6.8; https://greatamericanball.com"
198.54.114.83 - - [16/Apr/2025:02:31:54 -0400] "GET /wp-content/themes/safari-blog/inc/blocks/font-family/inc/google-webfonts.json HTTP/1.1" 200 1084380 "-" "WordPress/6.8; https://greatamericanball.com"
198.54.114.83 - - [16/Apr/2025:02:31:58 -0400] "GET /wp-content/themes/safari-blog/inc/blocks/font-family/inc/google-webfonts.json HTTP/1.1" 200 1084380 "-" "WordPress/6.8; https://greatamericanball.com"
198.54.114.83 - - [16/Apr/2025:02:32:02 -0400] "GET /wp-content/themes/safari-blog/inc/blocks/font-family/inc/google-webfonts.json HTTP/1.1" 200 1084380 "-" "WordPress/6.8; https://greatamericanball.com"
198.54.114.83 - - [16/Apr/2025:02:32:04 -0400] "GET /wp-content/themes/safari-blog/inc/blocks/font-family/inc/google-webfonts.json HTTP/1.1" 200 1084380 "-" "WordPress/6.8; https://greatamericanball.com"
2a03:2880:f800:3:: - - [16/Apr/2025:02:31:46 -0400] "GET /tourist-areas-in-bali/ HTTP/1.1" 200 11102 "-" "meta-externalagent/1.1 (+https://developers.facebook.com/docs/sharing/webmasters/crawler)"
95.108.213.142 - - [16/Apr/2025:02:36:35 -0400] "GET /robots.txt HTTP/1.1" 304 0 "-" "Mozilla/5.0 (compatible; YandexBot/3.0; +http://yandex.com/bots)"
5.255.231.94 - - [16/Apr/2025:02:36:38 -0400] "GET / HTTP/1.1" 200 156192 "-" "Mozilla/5.0 (compatible; YandexBot/3.0; +http://yandex.com/bots)"
198.54.114.83 - - [16/Apr/2025:02:37:43 -0400] "POST /wp-cron.php?doing_wp_cron=1744785461.4155309200286865234375 HTTP/1.1" 200 0 "-" "WordPress/6.8; https://greatamericanball.com"
51.222.253.4 - - [16/Apr/2025:02:37:36 -0400] "GET /2024/08/21/ HTTP/1.1" 301 0 "-" "Mozilla/5.0 (compatible; AhrefsBot/7.0; +http://ahrefs.com/robot/)"
