198.54.114.83 - - [16/Apr/2025:14:22:39 -0400] "GET /wp-content/themes/safari-blog/inc/blocks/font-family/inc/google-webfonts.json HTTP/1.1" 200 1084380 "-" "WordPress/6.8; https://greatamericanball.com"
47.242.234.100 - - [16/Apr/2025:14:22:39 -0400] "HEAD /2025/03 HTTP/1.1" 301 0 "-" "Mozilla/5.0 (Windows NT 6.0; Win64; x64) AppleWebKit/537.36 (KHTML, like Gecko) Chrome/69.0.3757.197 Safari/537.36"
8.210.164.94 - - [16/Apr/2025:14:22:39 -0400] "HEAD /the-full-training-run-of-gpt-5-has-gone-live-by HTTP/1.1" 301 0 "-" "Mozilla/5.0 (Windows NT 6.2; Win64; x64) AppleWebKit/537.36 (KHTML, like Gecko) Chrome/61.0.3390.184 Safari/537.36"
47.243.105.139 - - [16/Apr/2025:14:22:39 -0400] "HEAD /2025/03/24 HTTP/1.1" 301 0 "-" "Mozilla/5.0 (Windows NT 6.0; Win64; x64) AppleWebKit/537.36 (KHTML, like Gecko) Chrome/76.0.2271.139 Safari/537.36"
8.218.91.49 - - [16/Apr/2025:14:22:39 -0400] "HEAD /what-is-natural-language-processing-definition-and HTTP/1.1" 301 0 "-" "Mozilla/5.0 (Windows NT 6.3; Win64; x64) AppleWebKit/537.36 (KHTML, like Gecko) Chrome/77.0.3195.67 Safari/537.36"
198.54.114.83 - - [16/Apr/2025:14:22:39 -0400] "GET /wp-content/themes/safari-blog/inc/blocks/font-family/inc/google-webfonts.json HTTP/1.1" 200 1084380 "-" "WordPress/6.8; https://greatamericanball.com"
8.218.91.49 - - [16/Apr/2025:14:22:39 -0400] "HEAD /2025/03/26 HTTP/1.1" 301 0 "-" "Mozilla/5.0 (Windows NT 6.3; Win64; x64) AppleWebKit/537.36 (KHTML, like Gecko) Chrome/76.0.2701.42 Safari/537.36"
198.54.114.83 - - [16/Apr/2025:14:22:40 -0400] "GET /wp-content/themes/safari-blog/inc/blocks/font-family/inc/google-webfonts.json HTTP/1.1" 200 1084380 "-" "WordPress/6.8; https://greatamericanball.com"
47.243.74.123 - - [16/Apr/2025:14:22:35 -0400] "GET /education-chatbot-for-educational-institutions/ HTTP/1.1" 200 0 "-" "Mozilla/5.0 (Windows NT 6.3; Win64; x64) AppleWebKit/537.36 (KHTML, like Gecko) Chrome/60.0.2305.128 Safari/537.36"
198.54.114.83 - - [16/Apr/2025:14:22:40 -0400] "GET /wp-content/themes/safari-blog/inc/blocks/font-family/inc/google-webfonts.json HTTP/1.1" 200 1084380 "-" "WordPress/6.8; https://greatamericanball.com"
8.210.164.94 - - [16/Apr/2025:14:22:40 -0400] "HEAD /the-full-training-run-of-gpt-5-has-gone-live-by/ HTTP/1.1" 200 0 "-" "Mozilla/5.0 (Windows NT 6.2; Win64; x64) AppleWebKit/537.36 (KHTML, like Gecko) Chrome/61.0.3390.184 Safari/537.36"
8.218.91.49 - - [16/Apr/2025:14:22:40 -0400] "HEAD /what-is-natural-language-processing-definition-and/ HTTP/1.1" 200 0 "-" "Mozilla/5.0 (Windows NT 6.3; Win64; x64) AppleWebKit/537.36 (KHTML, like Gecko) Chrome/77.0.3195.67 Safari/537.36"
47.243.78.44 - - [16/Apr/2025:14:22:38 -0400] "HEAD /category/activity/page/156/ HTTP/1.1" 200 0 "-" "Mozilla/5.0 (Windows NT 6.0; Win64; x64) AppleWebKit/537.36 (KHTML, like Gecko) Chrome/74.0.2766.13 Safari/537.36"
47.242.234.100 - - [16/Apr/2025:14:22:40 -0400] "HEAD / HTTP/1.1" 200 0 "-" "Mozilla/5.0 (Windows NT 6.0; Win64; x64) AppleWebKit/537.36 (KHTML, like Gecko) Chrome/69.0.3757.197 Safari/537.36"
47.243.105.139 - - [16/Apr/2025:14:22:40 -0400] "HEAD / HTTP/1.1" 200 0 "-" "Mozilla/5.0 (Windows NT 6.0; Win64; x64) AppleWebKit/537.36 (KHTML, like Gecko) Chrome/76.0.2271.139 Safari/537.36"
8.218.91.49 - - [16/Apr/2025:14:22:40 -0400] "HEAD / HTTP/1.1" 200 0 "-" "Mozilla/5.0 (Windows NT 6.3; Win64; x64) AppleWebKit/537.36 (KHTML, like Gecko) Chrome/76.0.2701.42 Safari/537.36"
198.54.114.83 - - [16/Apr/2025:14:22:40 -0400] "GET /wp-content/themes/safari-blog/inc/blocks/font-family/inc/google-webfonts.json HTTP/1.1" 200 1084380 "-" "WordPress/6.8; https://greatamericanball.com"
198.54.114.83 - - [16/Apr/2025:14:22:41 -0400] "GET /wp-content/themes/safari-blog/inc/blocks/font-family/inc/google-webfonts.json HTTP/1.1" 200 1084380 "-" "WordPress/6.8; https://greatamericanball.com"
47.243.78.44 - - [16/Apr/2025:14:22:41 -0400] "GET /category/activity/page/156 HTTP/1.1" 301 0 "-" "Mozilla/5.0 (Windows NT 6.0; Win64; x64) AppleWebKit/537.36 (KHTML, like Gecko) Chrome/74.0.2766.13 Safari/537.36"
47.242.234.100 - - [16/Apr/2025:14:22:41 -0400] "GET /2025/03 HTTP/1.1" 301 0 "-" "Mozilla/5.0 (Windows NT 6.0; Win64; x64) AppleWebKit/537.36 (KHTML, like Gecko) Chrome/69.0.3757.197 Safari/537.36"
8.210.164.94 - - [16/Apr/2025:14:22:42 -0400] "GET /the-full-training-run-of-gpt-5-has-gone-live-by HTTP/1.1" 301 0 "-" "Mozilla/5.0 (Windows NT 6.2; Win64; x64) AppleWebKit/537.36 (KHTML, like Gecko) Chrome/61.0.3390.184 Safari/537.36"
8.218.91.49 - - [16/Apr/2025:14:22:42 -0400] "GET /what-is-natural-language-processing-definition-and HTTP/1.1" 301 0 "-" "Mozilla/5.0 (Windows NT 6.3; Win64; x64) AppleWebKit/537.36 (KHTML, like Gecko) Chrome/77.0.3195.67 Safari/537.36"
47.243.105.139 - - [16/Apr/2025:14:22:42 -0400] "GET /2025/03/24 HTTP/1.1" 301 0 "-" "Mozilla/5.0 (Windows NT 6.0; Win64; x64) AppleWebKit/537.36 (KHTML, like Gecko) Chrome/76.0.2271.139 Safari/537.36"
8.218.91.49 - - [16/Apr/2025:14:22:42 -0400] "GET /2025/03/26 HTTP/1.1" 301 0 "-" "Mozilla/5.0 (Windows NT 6.3; Win64; x64) AppleWebKit/537.36 (KHTML, like Gecko) Chrome/76.0.2701.42 Safari/537.36"
198.54.114.83 - - [16/Apr/2025:14:22:42 -0400] "GET /wp-content/themes/safari-blog/inc/blocks/font-family/inc/google-webfonts.json HTTP/1.1" 200 1084380 "-" "WordPress/6.8; https://greatamericanball.com"
198.54.114.83 - - [16/Apr/2025:14:22:42 -0400] "GET /wp-content/themes/safari-blog/inc/blocks/font-family/inc/google-webfonts.json HTTP/1.1" 200 1084380 "-" "WordPress/6.8; https://greatamericanball.com"
198.54.114.83 - - [16/Apr/2025:14:22:43 -0400] "GET /wp-content/themes/safari-blog/inc/blocks/font-family/inc/google-webfonts.json HTTP/1.1" 200 1084380 "-" "WordPress/6.8; https://greatamericanball.com"
198.54.114.83 - - [16/Apr/2025:14:22:44 -0400] "GET /wp-content/themes/safari-blog/inc/blocks/font-family/inc/google-webfonts.json HTTP/1.1" 200 1084380 "-" "WordPress/6.8; https://greatamericanball.com"
47.242.209.147 - - [16/Apr/2025:14:22:37 -0400] "GET /nostalgia-gambling-establishment-remark-honest/ HTTP/1.1" 200 0 "-" "Mozilla/5.0 (Windows NT 10.0; Win64; x64) AppleWebKit/537.36 (KHTML, like Gecko) Chrome/64.0.3525.103 Safari/537.36"
8.210.75.120 - - [16/Apr/2025:14:22:38 -0400] "GET /14-powerful-ai-chatbot-platforms-for-businesses/ HTTP/1.1" 200 0 "-" "Mozilla/5.0 (Windows NT 6.0; Win64; x64) AppleWebKit/537.36 (KHTML, like Gecko) Chrome/78.0.2374.64 Safari/537.36"
198.54.114.83 - - [16/Apr/2025:14:22:44 -0400] "GET /wp-content/themes/safari-blog/inc/blocks/font-family/inc/google-webfonts.json HTTP/1.1" 200 1084380 "-" "WordPress/6.8; https://greatamericanball.com"
47.242.234.100 - - [16/Apr/2025:14:22:44 -0400] "GET / HTTP/1.1" 200 156192 "-" "Mozilla/5.0 (Windows NT 6.0; Win64; x64) AppleWebKit/537.36 (KHTML, like Gecko) Chrome/69.0.3757.197 Safari/537.36"
8.210.164.94 - - [16/Apr/2025:14:22:45 -0400] "GET /the-full-training-run-of-gpt-5-has-gone-live-by/ HTTP/1.1" 200 85812 "-" "Mozilla/5.0 (Windows NT 6.2; Win64; x64) AppleWebKit/537.36 (KHTML, like Gecko) Chrome/61.0.3390.184 Safari/537.36"
198.54.114.83 - - [16/Apr/2025:14:22:45 -0400] "GET /wp-content/themes/safari-blog/inc/blocks/font-family/inc/google-webfonts.json HTTP/1.1" 200 1084380 "-" "WordPress/6.8; https://greatamericanball.com"
8.218.91.49 - - [16/Apr/2025:14:22:45 -0400] "GET /what-is-natural-language-processing-definition-and/ HTTP/1.1" 200 105405 "-" "Mozilla/5.0 (Windows NT 6.3; Win64; x64) AppleWebKit/537.36 (KHTML, like Gecko) Chrome/77.0.3195.67 Safari/537.36"
47.76.209.138 - - [16/Apr/2025:14:22:45 -0400] "HEAD /14-powerful-ai-chatbot-platforms-for-businesses HTTP/1.1" 301 0 "-" "Mozilla/5.0 (Windows NT 6.1; Win64; x64) AppleWebKit/537.36 (KHTML, like Gecko) Chrome/76.0.3721.103 Safari/537.36"
198.54.114.83 - - [16/Apr/2025:14:22:45 -0400] "GET /wp-content/themes/safari-blog/inc/blocks/font-family/inc/google-webfonts.json HTTP/1.1" 200 1084380 "-" "WordPress/6.8; https://greatamericanball.com"
8.210.188.13 - - [16/Apr/2025:14:22:45 -0400] "HEAD /education-chatbot-for-educational-institutions HTTP/1.1" 301 0 "-" "Mozilla/5.0 (Windows NT 10.0; Win64; x64) AppleWebKit/537.36 (KHTML, like Gecko) Chrome/69.0.2683.57 Safari/537.36"
47.243.71.191 - - [16/Apr/2025:14:22:45 -0400] "HEAD /nostalgia-gambling-establishment-remark-honest HTTP/1.1" 301 0 "-" "Mozilla/5.0 (Windows NT 6.0; Win64; x64) AppleWebKit/537.36 (KHTML, like Gecko) Chrome/64.0.3541.37 Safari/537.36"
8.210.12.248 - - [16/Apr/2025:14:22:45 -0400] "HEAD /category/activity/page/156 HTTP/1.1" 301 0 "-" "Mozilla/5.0 (Windows NT 10.0; Win64; x64) AppleWebKit/537.36 (KHTML, like Gecko) Chrome/72.0.2444.82 Safari/537.36"
8.218.91.49 - - [16/Apr/2025:14:22:45 -0400] "GET / HTTP/1.1" 200 156192 "-" "Mozilla/5.0 (Windows NT 6.3; Win64; x64) AppleWebKit/537.36 (KHTML, like Gecko) Chrome/76.0.2701.42 Safari/537.36"
47.243.105.139 - - [16/Apr/2025:14:22:45 -0400] "GET / HTTP/1.1" 200 156192 "-" "Mozilla/5.0 (Windows NT 6.0; Win64; x64) AppleWebKit/537.36 (KHTML, like Gecko) Chrome/76.0.2271.139 Safari/537.36"
198.54.114.83 - - [16/Apr/2025:14:22:45 -0400] "GET /wp-content/themes/safari-blog/inc/blocks/font-family/inc/google-webfonts.json HTTP/1.1" 200 1084380 "-" "WordPress/6.8; https://greatamericanball.com"
198.54.114.83 - - [16/Apr/2025:14:22:46 -0400] "GET /wp-content/themes/safari-blog/inc/blocks/font-family/inc/google-webfonts.json HTTP/1.1" 200 1084380 "-" "WordPress/6.8; https://greatamericanball.com"
198.54.114.83 - - [16/Apr/2025:14:22:46 -0400] "GET /wp-content/themes/safari-blog/inc/blocks/font-family/inc/google-webfonts.json HTTP/1.1" 200 1084380 "-" "WordPress/6.8; https://greatamericanball.com"
198.54.114.83 - - [16/Apr/2025:14:22:48 -0400] "GET /wp-content/themes/safari-blog/inc/blocks/font-family/inc/google-webfonts.json HTTP/1.1" 200 1084380 "-" "WordPress/6.8; https://greatamericanball.com"
47.243.78.44 - - [16/Apr/2025:14:22:44 -0400] "GET /category/activity/page/156/ HTTP/1.1" 200 0 "-" "Mozilla/5.0 (Windows NT 6.0; Win64; x64) AppleWebKit/537.36 (KHTML, like Gecko) Chrome/74.0.2766.13 Safari/537.36"
198.54.114.83 - - [16/Apr/2025:14:22:48 -0400] "GET /wp-content/themes/safari-blog/inc/blocks/font-family/inc/google-webfonts.json HTTP/1.1" 200 1084380 "-" "WordPress/6.8; https://greatamericanball.com"
198.54.114.83 - - [16/Apr/2025:14:22:48 -0400] "GET /wp-content/themes/safari-blog/inc/blocks/font-family/inc/google-webfonts.json HTTP/1.1" 200 1084380 "-" "WordPress/6.8; https://greatamericanball.com"
198.54.114.83 - - [16/Apr/2025:14:22:48 -0400] "GET /wp-content/themes/safari-blog/inc/blocks/font-family/inc/google-webfonts.json HTTP/1.1" 200 1084380 "-" "WordPress/6.8; https://greatamericanball.com"
8.210.147.121 - - [16/Apr/2025:14:22:49 -0400] "HEAD /14-powerful-ai-chatbot-platforms-for-businesses HTTP/1.1" 301 0 "-" "Mozilla/5.0 (Windows NT 6.3; Win64; x64) AppleWebKit/537.36 (KHTML, like Gecko) Chrome/78.0.3047.97 Safari/537.36"
47.242.149.96 - - [16/Apr/2025:14:22:49 -0400] "HEAD /nostalgia-gambling-establishment-remark-honest HTTP/1.1" 301 0 "-" "Mozilla/5.0 (Windows NT 10.0; Win64; x64) AppleWebKit/537.36 (KHTML, like Gecko) Chrome/61.0.2197.34 Safari/537.36"
198.54.114.83 - - [16/Apr/2025:14:22:49 -0400] "GET /wp-content/themes/safari-blog/inc/blocks/font-family/inc/google-webfonts.json HTTP/1.1" 200 1084380 "-" "WordPress/6.8; https://greatamericanball.com"
47.76.209.138 - - [16/Apr/2025:14:22:48 -0400] "HEAD /14-powerful-ai-chatbot-platforms-for-businesses/ HTTP/1.1" 200 0 "-" "Mozilla/5.0 (Windows NT 6.1; Win64; x64) AppleWebKit/537.36 (KHTML, like Gecko) Chrome/76.0.3721.103 Safari/537.36"
8.210.188.13 - - [16/Apr/2025:14:22:48 -0400] "HEAD /education-chatbot-for-educational-institutions/ HTTP/1.1" 200 0 "-" "Mozilla/5.0 (Windows NT 10.0; Win64; x64) AppleWebKit/537.36 (KHTML, like Gecko) Chrome/69.0.2683.57 Safari/537.36"
8.210.12.248 - - [16/Apr/2025:14:22:48 -0400] "HEAD /category/activity/page/156/ HTTP/1.1" 200 0 "-" "Mozilla/5.0 (Windows NT 10.0; Win64; x64) AppleWebKit/537.36 (KHTML, like Gecko) Chrome/72.0.2444.82 Safari/537.36"
47.243.71.191 - - [16/Apr/2025:14:22:48 -0400] "HEAD /nostalgia-gambling-establishment-remark-honest/ HTTP/1.1" 200 0 "-" "Mozilla/5.0 (Windows NT 6.0; Win64; x64) AppleWebKit/537.36 (KHTML, like Gecko) Chrome/64.0.3541.37 Safari/537.36"
198.54.114.83 - - [16/Apr/2025:14:22:51 -0400] "POST /wp-cron.php?doing_wp_cron=1744827768.9359989166259765625000 HTTP/1.1" 200 0 "-" "WordPress/6.8; https://greatamericanball.com"
198.54.114.83 - - [16/Apr/2025:14:22:51 -0400] "POST /wp-cron.php?doing_wp_cron=1744827768.9787940979003906250000 HTTP/1.1" 200 0 "-" "WordPress/6.8; https://greatamericanball.com"
198.54.114.83 - - [16/Apr/2025:14:22:51 -0400] "POST /wp-cron.php?doing_wp_cron=1744827769.0856111049652099609375 HTTP/1.1" 200 0 "-" "WordPress/6.8; https://greatamericanball.com"
198.54.114.83 - - [16/Apr/2025:14:22:51 -0400] "POST /wp-cron.php?doing_wp_cron=1744827769.1091020107269287109375 HTTP/1.1" 200 0 "-" "WordPress/6.8; https://greatamericanball.com"
8.210.154.94 - - [16/Apr/2025:14:22:51 -0400] "HEAD /2025/03 HTTP/1.1" 301 0 "-" "Mozilla/5.0 (Windows NT 10.0; Win64; x64) AppleWebKit/537.36 (KHTML, like Gecko) Chrome/63.0.3739.72 Safari/537.36"
47.76.209.138 - - [16/Apr/2025:14:22:52 -0400] "GET /14-powerful-ai-chatbot-platforms-for-businesses HTTP/1.1" 301 0 "-" "Mozilla/5.0 (Windows NT 6.1; Win64; x64) AppleWebKit/537.36 (KHTML, like Gecko) Chrome/76.0.3721.103 Safari/537.36"
8.210.86.249 - - [16/Apr/2025:14:22:52 -0400] "HEAD /what-is-natural-language-processing-definition-and HTTP/1.1" 301 0 "-" "Mozilla/5.0 (Windows NT 6.3; Win64; x64) AppleWebKit/537.36 (KHTML, like Gecko) Chrome/78.0.3991.86 Safari/537.36"
8.210.189.26 - - [16/Apr/2025:14:22:52 -0400] "HEAD /2025/03/26 HTTP/1.1" 301 0 "-" "Mozilla/5.0 (Windows NT 6.3; Win64; x64) AppleWebKit/537.36 (KHTML, like Gecko) Chrome/75.0.3491.149 Safari/537.36"
8.210.188.13 - - [16/Apr/2025:14:22:52 -0400] "GET /education-chatbot-for-educational-institutions HTTP/1.1" 301 0 "-" "Mozilla/5.0 (Windows NT 10.0; Win64; x64) AppleWebKit/537.36 (KHTML, like Gecko) Chrome/69.0.2683.57 Safari/537.36"
8.210.12.248 - - [16/Apr/2025:14:22:52 -0400] "GET /category/activity/page/156 HTTP/1.1" 301 0 "-" "Mozilla/5.0 (Windows NT 10.0; Win64; x64) AppleWebKit/537.36 (KHTML, like Gecko) Chrome/72.0.2444.82 Safari/537.36"
47.243.71.191 - - [16/Apr/2025:14:22:52 -0400] "GET /nostalgia-gambling-establishment-remark-honest HTTP/1.1" 301 0 "-" "Mozilla/5.0 (Windows NT 6.0; Win64; x64) AppleWebKit/537.36 (KHTML, like Gecko) Chrome/64.0.3541.37 Safari/537.36"
198.54.114.83 - - [16/Apr/2025:14:22:51 -0400] "GET /wp-content/themes/safari-blog/inc/blocks/font-family/inc/google-webfonts.json HTTP/1.1" 200 1084380 "-" "WordPress/6.8; https://greatamericanball.com"
198.54.114.83 - - [16/Apr/2025:14:22:51 -0400] "GET /wp-content/themes/safari-blog/inc/blocks/font-family/inc/google-webfonts.json HTTP/1.1" 200 1084380 "-" "WordPress/6.8; https://greatamericanball.com"
8.210.147.121 - - [16/Apr/2025:14:22:51 -0400] "HEAD /14-powerful-ai-chatbot-platforms-for-businesses/ HTTP/1.1" 200 0 "-" "Mozilla/5.0 (Windows NT 6.3; Win64; x64) AppleWebKit/537.36 (KHTML, like Gecko) Chrome/78.0.3047.97 Safari/537.36"
47.243.62.121 - - [16/Apr/2025:14:22:52 -0400] "HEAD /the-full-training-run-of-gpt-5-has-gone-live-by HTTP/1.1" 301 0 "-" "Mozilla/5.0 (Windows NT 6.2; Win64; x64) AppleWebKit/537.36 (KHTML, like Gecko) Chrome/62.0.2193.121 Safari/537.36"
47.242.149.96 - - [16/Apr/2025:14:22:51 -0400] "HEAD /nostalgia-gambling-establishment-remark-honest/ HTTP/1.1" 200 0 "-" "Mozilla/5.0 (Windows NT 10.0; Win64; x64) AppleWebKit/537.36 (KHTML, like Gecko) Chrome/61.0.2197.34 Safari/537.36"
8.210.154.94 - - [16/Apr/2025:14:22:53 -0400] "HEAD / HTTP/1.1" 200 0 "-" "Mozilla/5.0 (Windows NT 10.0; Win64; x64) AppleWebKit/537.36 (KHTML, like Gecko) Chrome/63.0.3739.72 Safari/537.36"
8.210.86.249 - - [16/Apr/2025:14:22:54 -0400] "HEAD /what-is-natural-language-processing-definition-and/ HTTP/1.1" 200 0 "-" "Mozilla/5.0 (Windows NT 6.3; Win64; x64) AppleWebKit/537.36 (KHTML, like Gecko) Chrome/78.0.3991.86 Safari/537.36"
8.210.189.26 - - [16/Apr/2025:14:22:54 -0400] "HEAD / HTTP/1.1" 200 0 "-" "Mozilla/5.0 (Windows NT 6.3; Win64; x64) AppleWebKit/537.36 (KHTML, like Gecko) Chrome/75.0.3491.149 Safari/537.36"
47.243.62.121 - - [16/Apr/2025:14:22:54 -0400] "HEAD /the-full-training-run-of-gpt-5-has-gone-live-by/ HTTP/1.1" 200 0 "-" "Mozilla/5.0 (Windows NT 6.2; Win64; x64) AppleWebKit/537.36 (KHTML, like Gecko) Chrome/62.0.2193.121 Safari/537.36"
8.210.147.121 - - [16/Apr/2025:14:22:54 -0400] "GET /14-powerful-ai-chatbot-platforms-for-businesses HTTP/1.1" 301 0 "-" "Mozilla/5.0 (Windows NT 6.3; Win64; x64) AppleWebKit/537.36 (KHTML, like Gecko) Chrome/78.0.3047.97 Safari/537.36"
47.242.149.96 - - [16/Apr/2025:14:22:54 -0400] "GET /nostalgia-gambling-establishment-remark-honest HTTP/1.1" 301 0 "-" "Mozilla/5.0 (Windows NT 10.0; Win64; x64) AppleWebKit/537.36 (KHTML, like Gecko) Chrome/61.0.2197.34 Safari/537.36"
198.54.114.83 - - [16/Apr/2025:14:22:54 -0400] "GET /wp-content/themes/safari-blog/inc/blocks/font-family/inc/google-webfonts.json HTTP/1.1" 200 1084380 "-" "WordPress/6.8; https://greatamericanball.com"
47.243.234.164 - - [16/Apr/2025:14:22:55 -0400] "HEAD /georgia-school-shooting-live-updates-four-killed HTTP/1.1" 301 0 "-" "Mozilla/5.0 (Windows NT 10.0; Win64; x64) AppleWebKit/537.36 (KHTML, like Gecko) Chrome/63.0.2979.190 Safari/537.36"
8.210.154.94 - - [16/Apr/2025:14:22:55 -0400] "GET /2025/03 HTTP/1.1" 301 0 "-" "Mozilla/5.0 (Windows NT 10.0; Win64; x64) AppleWebKit/537.36 (KHTML, like Gecko) Chrome/63.0.3739.72 Safari/537.36"
8.210.86.249 - - [16/Apr/2025:14:22:55 -0400] "GET /what-is-natural-language-processing-definition-and HTTP/1.1" 301 0 "-" "Mozilla/5.0 (Windows NT 6.3; Win64; x64) AppleWebKit/537.36 (KHTML, like Gecko) Chrome/78.0.3991.86 Safari/537.36"
8.210.189.26 - - [16/Apr/2025:14:22:56 -0400] "GET /2025/03/26 HTTP/1.1" 301 0 "-" "Mozilla/5.0 (Windows NT 6.3; Win64; x64) AppleWebKit/537.36 (KHTML, like Gecko) Chrome/75.0.3491.149 Safari/537.36"
8.210.154.94 - - [16/Apr/2025:14:22:56 -0400] "HEAD /category/activity/page/156 HTTP/1.1" 301 0 "-" "Mozilla/5.0 (Windows NT 6.2; Win64; x64) AppleWebKit/537.36 (KHTML, like Gecko) Chrome/78.0.3595.85 Safari/537.36"
47.243.62.121 - - [16/Apr/2025:14:22:56 -0400] "GET /the-full-training-run-of-gpt-5-has-gone-live-by HTTP/1.1" 301 0 "-" "Mozilla/5.0 (Windows NT 6.2; Win64; x64) AppleWebKit/537.36 (KHTML, like Gecko) Chrome/62.0.2193.121 Safari/537.36"
198.54.114.83 - - [16/Apr/2025:14:22:56 -0400] "GET /wp-content/themes/safari-blog/inc/blocks/font-family/inc/google-webfonts.json HTTP/1.1" 200 1084380 "-" "WordPress/6.8; https://greatamericanball.com"
198.54.114.83 - - [16/Apr/2025:14:22:56 -0400] "GET /wp-content/themes/safari-blog/inc/blocks/font-family/inc/google-webfonts.json HTTP/1.1" 200 1084380 "-" "WordPress/6.8; https://greatamericanball.com"
47.243.234.164 - - [16/Apr/2025:14:22:58 -0400] "HEAD /georgia-school-shooting-live-updates-four-killed/ HTTP/1.1" 200 0 "-" "Mozilla/5.0 (Windows NT 10.0; Win64; x64) AppleWebKit/537.36 (KHTML, like Gecko) Chrome/63.0.2979.190 Safari/537.36"
8.210.86.249 - - [16/Apr/2025:14:22:58 -0400] "GET /what-is-natural-language-processing-definition-and/ HTTP/1.1" 200 105405 "-" "Mozilla/5.0 (Windows NT 6.3; Win64; x64) AppleWebKit/537.36 (KHTML, like Gecko) Chrome/78.0.3991.86 Safari/537.36"
8.210.154.94 - - [16/Apr/2025:14:22:58 -0400] "GET / HTTP/1.1" 200 156192 "-" "Mozilla/5.0 (Windows NT 10.0; Win64; x64) AppleWebKit/537.36 (KHTML, like Gecko) Chrome/63.0.3739.72 Safari/537.36"
8.210.189.26 - - [16/Apr/2025:14:22:58 -0400] "GET / HTTP/1.1" 200 156192 "-" "Mozilla/5.0 (Windows NT 6.3; Win64; x64) AppleWebKit/537.36 (KHTML, like Gecko) Chrome/75.0.3491.149 Safari/537.36"
47.243.62.121 - - [16/Apr/2025:14:22:58 -0400] "GET /the-full-training-run-of-gpt-5-has-gone-live-by/ HTTP/1.1" 200 85812 "-" "Mozilla/5.0 (Windows NT 6.2; Win64; x64) AppleWebKit/537.36 (KHTML, like Gecko) Chrome/62.0.2193.121 Safari/537.36"
198.54.114.83 - - [16/Apr/2025:14:22:58 -0400] "GET /wp-content/themes/safari-blog/inc/blocks/font-family/inc/google-webfonts.json HTTP/1.1" 200 1084380 "-" "WordPress/6.8; https://greatamericanball.com"
198.54.114.83 - - [16/Apr/2025:14:22:58 -0400] "GET /wp-content/themes/safari-blog/inc/blocks/font-family/inc/google-webfonts.json HTTP/1.1" 200 1084380 "-" "WordPress/6.8; https://greatamericanball.com"
198.54.114.83 - - [16/Apr/2025:14:22:58 -0400] "GET /wp-content/themes/safari-blog/inc/blocks/font-family/inc/google-webfonts.json HTTP/1.1" 200 1084380 "-" "WordPress/6.8; https://greatamericanball.com"
198.54.114.83 - - [16/Apr/2025:14:22:59 -0400] "GET /wp-content/themes/safari-blog/inc/blocks/font-family/inc/google-webfonts.json HTTP/1.1" 200 1084380 "-" "WordPress/6.8; https://greatamericanball.com"
198.54.114.83 - - [16/Apr/2025:14:22:59 -0400] "GET /wp-content/themes/safari-blog/inc/blocks/font-family/inc/google-webfonts.json HTTP/1.1" 200 1084380 "-" "WordPress/6.8; https://greatamericanball.com"
198.54.114.83 - - [16/Apr/2025:14:22:59 -0400] "GET /wp-content/themes/safari-blog/inc/blocks/font-family/inc/google-webfonts.json HTTP/1.1" 200 1084380 "-" "WordPress/6.8; https://greatamericanball.com"
8.210.154.94 - - [16/Apr/2025:14:22:58 -0400] "HEAD /category/activity/page/156/ HTTP/1.1" 200 0 "-" "Mozilla/5.0 (Windows NT 6.2; Win64; x64) AppleWebKit/537.36 (KHTML, like Gecko) Chrome/78.0.3595.85 Safari/537.36"
198.54.114.83 - - [16/Apr/2025:14:22:59 -0400] "GET /wp-content/themes/safari-blog/inc/blocks/font-family/inc/google-webfonts.json HTTP/1.1" 200 1084380 "-" "WordPress/6.8; https://greatamericanball.com"
47.76.209.138 - - [16/Apr/2025:14:22:54 -0400] "GET /14-powerful-ai-chatbot-platforms-for-businesses/ HTTP/1.1" 200 0 "-" "Mozilla/5.0 (Windows NT 6.1; Win64; x64) AppleWebKit/537.36 (KHTML, like Gecko) Chrome/76.0.3721.103 Safari/537.36"
8.210.188.13 - - [16/Apr/2025:14:22:54 -0400] "GET /education-chatbot-for-educational-institutions/ HTTP/1.1" 200 0 "-" "Mozilla/5.0 (Windows NT 10.0; Win64; x64) AppleWebKit/537.36 (KHTML, like Gecko) Chrome/69.0.2683.57 Safari/537.36"
8.210.12.248 - - [16/Apr/2025:14:22:54 -0400] "GET /category/activity/page/156/ HTTP/1.1" 200 0 "-" "Mozilla/5.0 (Windows NT 10.0; Win64; x64) AppleWebKit/537.36 (KHTML, like Gecko) Chrome/72.0.2444.82 Safari/537.36"
47.243.71.191 - - [16/Apr/2025:14:22:54 -0400] "GET /nostalgia-gambling-establishment-remark-honest/ HTTP/1.1" 200 0 "-" "Mozilla/5.0 (Windows NT 6.0; Win64; x64) AppleWebKit/537.36 (KHTML, like Gecko) Chrome/64.0.3541.37 Safari/537.36"
8.210.190.63 - - [16/Apr/2025:14:23:00 -0400] "HEAD / HTTP/1.1" 200 0 "-" "Mozilla/5.0 (Windows NT 6.1; Win64; x64) AppleWebKit/537.36 (KHTML, like Gecko) Chrome/65.0.3845.151 Safari/537.36"
8.210.75.120 - - [16/Apr/2025:14:23:00 -0400] "HEAD /2025/03/24 HTTP/1.1" 301 0 "-" "Mozilla/5.0 (Windows NT 6.0; Win64; x64) AppleWebKit/537.36 (KHTML, like Gecko) Chrome/61.0.3417.3 Safari/537.36"
47.243.234.164 - - [16/Apr/2025:14:23:00 -0400] "GET /georgia-school-shooting-live-updates-four-killed HTTP/1.1" 301 0 "-" "Mozilla/5.0 (Windows NT 10.0; Win64; x64) AppleWebKit/537.36 (KHTML, like Gecko) Chrome/63.0.2979.190 Safari/537.36"
8.210.154.94 - - [16/Apr/2025:14:23:01 -0400] "GET /category/activity/page/156 HTTP/1.1" 301 0 "-" "Mozilla/5.0 (Windows NT 6.2; Win64; x64) AppleWebKit/537.36 (KHTML, like Gecko) Chrome/78.0.3595.85 Safari/537.36"
47.242.149.96 - - [16/Apr/2025:14:22:56 -0400] "GET /nostalgia-gambling-establishment-remark-honest/ HTTP/1.1" 200 0 "-" "Mozilla/5.0 (Windows NT 10.0; Win64; x64) AppleWebKit/537.36 (KHTML, like Gecko) Chrome/61.0.2197.34 Safari/537.36"
8.210.147.121 - - [16/Apr/2025:14:22:56 -0400] "GET /14-powerful-ai-chatbot-platforms-for-businesses/ HTTP/1.1" 200 0 "-" "Mozilla/5.0 (Windows NT 6.3; Win64; x64) AppleWebKit/537.36 (KHTML, like Gecko) Chrome/78.0.3047.97 Safari/537.36"
198.54.114.83 - - [16/Apr/2025:14:23:02 -0400] "GET /wp-content/themes/safari-blog/inc/blocks/font-family/inc/google-webfonts.json HTTP/1.1" 200 1084380 "-" "WordPress/6.8; https://greatamericanball.com"
198.54.114.83 - - [16/Apr/2025:14:23:01 -0400] "GET /wp-content/themes/safari-blog/inc/blocks/font-family/inc/google-webfonts.json HTTP/1.1" 200 1084380 "-" "WordPress/6.8; https://greatamericanball.com"
198.54.114.83 - - [16/Apr/2025:14:23:01 -0400] "GET /wp-content/themes/safari-blog/inc/blocks/font-family/inc/google-webfonts.json HTTP/1.1" 200 1084380 "-" "WordPress/6.8; https://greatamericanball.com"
198.54.114.83 - - [16/Apr/2025:14:23:01 -0400] "GET /wp-content/themes/safari-blog/inc/blocks/font-family/inc/google-webfonts.json HTTP/1.1" 200 1084380 "-" "WordPress/6.8; https://greatamericanball.com"
198.54.114.83 - - [16/Apr/2025:14:23:01 -0400] "GET /wp-content/themes/safari-blog/inc/blocks/font-family/inc/google-webfonts.json HTTP/1.1" 200 1084380 "-" "WordPress/6.8; https://greatamericanball.com"
198.54.114.83 - - [16/Apr/2025:14:23:01 -0400] "GET /wp-content/themes/safari-blog/inc/blocks/font-family/inc/google-webfonts.json HTTP/1.1" 200 1084380 "-" "WordPress/6.8; https://greatamericanball.com"
198.54.114.83 - - [16/Apr/2025:14:23:01 -0400] "GET /wp-content/themes/safari-blog/inc/blocks/font-family/inc/google-webfonts.json HTTP/1.1" 200 1084380 "-" "WordPress/6.8; https://greatamericanball.com"
8.210.190.63 - - [16/Apr/2025:14:23:02 -0400] "GET / HTTP/1.1" 200 156192 "-" "Mozilla/5.0 (Windows NT 6.1; Win64; x64) AppleWebKit/537.36 (KHTML, like Gecko) Chrome/65.0.3845.151 Safari/537.36"
8.210.75.120 - - [16/Apr/2025:14:23:02 -0400] "HEAD / HTTP/1.1" 200 0 "-" "Mozilla/5.0 (Windows NT 6.0; Win64; x64) AppleWebKit/537.36 (KHTML, like Gecko) Chrome/61.0.3417.3 Safari/537.36"
47.243.234.164 - - [16/Apr/2025:14:23:03 -0400] "GET /georgia-school-shooting-live-updates-four-killed/ HTTP/1.1" 200 98585 "-" "Mozilla/5.0 (Windows NT 10.0; Win64; x64) AppleWebKit/537.36 (KHTML, like Gecko) Chrome/63.0.2979.190 Safari/537.36"
47.242.76.207 - - [16/Apr/2025:14:23:04 -0400] "HEAD /education-chatbot-for-educational-institutions HTTP/1.1" 301 0 "-" "Mozilla/5.0 (Windows NT 6.2; Win64; x64) AppleWebKit/537.36 (KHTML, like Gecko) Chrome/70.0.2428.38 Safari/537.36"
47.242.3.114 - - [16/Apr/2025:14:23:05 -0400] "HEAD /nostalgia-gambling-establishment-remark-honest HTTP/1.1" 301 0 "-" "Mozilla/5.0 (Windows NT 6.0; Win64; x64) AppleWebKit/537.36 (KHTML, like Gecko) Chrome/72.0.2636.190 Safari/537.36"
47.242.148.169 - - [16/Apr/2025:14:23:05 -0400] "HEAD /14-powerful-ai-chatbot-platforms-for-businesses HTTP/1.1" 301 0 "-" "Mozilla/5.0 (Windows NT 10.0; Win64; x64) AppleWebKit/537.36 (KHTML, like Gecko) Chrome/72.0.3704.185 Safari/537.36"
198.54.114.83 - - [16/Apr/2025:14:23:04 -0400] "GET /wp-content/themes/safari-blog/inc/blocks/font-family/inc/google-webfonts.json HTTP/1.1" 200 1084380 "-" "WordPress/6.8; https://greatamericanball.com"
198.54.114.83 - - [16/Apr/2025:14:23:05 -0400] "GET /wp-content/themes/safari-blog/inc/blocks/font-family/inc/google-webfonts.json HTTP/1.1" 200 1084380 "-" "WordPress/6.8; https://greatamericanball.com"
198.54.114.83 - - [16/Apr/2025:14:23:05 -0400] "GET /wp-content/themes/safari-blog/inc/blocks/font-family/inc/google-webfonts.json HTTP/1.1" 200 1084380 "-" "WordPress/6.8; https://greatamericanball.com"
198.54.114.83 - - [16/Apr/2025:14:23:05 -0400] "GET /wp-content/themes/safari-blog/inc/blocks/font-family/inc/google-webfonts.json HTTP/1.1" 200 1084380 "-" "WordPress/6.8; https://greatamericanball.com"
47.243.193.222 - - [16/Apr/2025:14:23:05 -0400] "HEAD /category/activity/page/156 HTTP/1.1" 301 0 "-" "Mozilla/5.0 (Windows NT 6.0; Win64; x64) AppleWebKit/537.36 (KHTML, like Gecko) Chrome/68.0.2029.112 Safari/537.36"
198.54.114.83 - - [16/Apr/2025:14:23:05 -0400] "GET /wp-content/themes/safari-blog/inc/blocks/font-family/inc/google-webfonts.json HTTP/1.1" 200 1084380 "-" "WordPress/6.8; https://greatamericanball.com"
198.54.114.83 - - [16/Apr/2025:14:23:05 -0400] "GET /wp-content/themes/safari-blog/inc/blocks/font-family/inc/google-webfonts.json HTTP/1.1" 200 1084380 "-" "WordPress/6.8; https://greatamericanball.com"
8.210.75.120 - - [16/Apr/2025:14:23:05 -0400] "GET /2025/03/24 HTTP/1.1" 301 0 "-" "Mozilla/5.0 (Windows NT 6.0; Win64; x64) AppleWebKit/537.36 (KHTML, like Gecko) Chrome/61.0.3417.3 Safari/537.36"
198.54.114.83 - - [16/Apr/2025:14:23:06 -0400] "GET /wp-content/themes/safari-blog/inc/blocks/font-family/inc/google-webfonts.json HTTP/1.1" 200 1084380 "-" "WordPress/6.8; https://greatamericanball.com"
47.242.76.207 - - [16/Apr/2025:14:23:07 -0400] "HEAD /education-chatbot-for-educational-institutions/ HTTP/1.1" 200 0 "-" "Mozilla/5.0 (Windows NT 6.2; Win64; x64) AppleWebKit/537.36 (KHTML, like Gecko) Chrome/70.0.2428.38 Safari/537.36"
8.210.75.120 - - [16/Apr/2025:14:23:08 -0400] "GET / HTTP/1.1" 200 156192 "-" "Mozilla/5.0 (Windows NT 6.0; Win64; x64) AppleWebKit/537.36 (KHTML, like Gecko) Chrome/61.0.3417.3 Safari/537.36"
47.242.148.169 - - [16/Apr/2025:14:23:07 -0400] "HEAD /14-powerful-ai-chatbot-platforms-for-businesses/ HTTP/1.1" 200 0 "-" "Mozilla/5.0 (Windows NT 10.0; Win64; x64) AppleWebKit/537.36 (KHTML, like Gecko) Chrome/72.0.3704.185 Safari/537.36"
8.210.190.63 - - [16/Apr/2025:14:23:08 -0400] "HEAD /georgia-school-shooting-live-updates-four-killed HTTP/1.1" 301 0 "-" "Mozilla/5.0 (Windows NT 6.1; Win64; x64) AppleWebKit/537.36 (KHTML, like Gecko) Chrome/72.0.2898.14 Safari/537.36"
198.54.114.83 - - [16/Apr/2025:14:23:08 -0400] "GET /wp-content/themes/safari-blog/inc/blocks/font-family/inc/google-webfonts.json HTTP/1.1" 200 1084380 "-" "WordPress/6.8; https://greatamericanball.com"
198.54.114.83 - - [16/Apr/2025:14:23:08 -0400] "GET /wp-content/themes/safari-blog/inc/blocks/font-family/inc/google-webfonts.json HTTP/1.1" 200 1084380 "-" "WordPress/6.8; https://greatamericanball.com"
198.54.114.83 - - [16/Apr/2025:14:23:08 -0400] "GET /wp-content/themes/safari-blog/inc/blocks/font-family/inc/google-webfonts.json HTTP/1.1" 200 1084380 "-" "WordPress/6.8; https://greatamericanball.com"
198.54.114.83 - - [16/Apr/2025:14:23:08 -0400] "GET /wp-content/themes/safari-blog/inc/blocks/font-family/inc/google-webfonts.json HTTP/1.1" 200 1084380 "-" "WordPress/6.8; https://greatamericanball.com"
198.54.114.83 - - [16/Apr/2025:14:23:08 -0400] "GET /wp-content/themes/safari-blog/inc/blocks/font-family/inc/google-webfonts.json HTTP/1.1" 200 1084380 "-" "WordPress/6.8; https://greatamericanball.com"
198.54.114.83 - - [16/Apr/2025:14:23:08 -0400] "GET /wp-content/themes/safari-blog/inc/blocks/font-family/inc/google-webfonts.json HTTP/1.1" 200 1084380 "-" "WordPress/6.8; https://greatamericanball.com"
8.210.176.195 - - [16/Apr/2025:14:23:08 -0400] "HEAD /the-full-training-run-of-gpt-5-has-gone-live-by HTTP/1.1" 301 0 "-" "Mozilla/5.0 (Windows NT 6.2; Win64; x64) AppleWebKit/537.36 (KHTML, like Gecko) Chrome/75.0.3130.157 Safari/537.36"
8.210.190.0 - - [16/Apr/2025:14:23:08 -0400] "HEAD /2025/03/26 HTTP/1.1" 301 0 "-" "Mozilla/5.0 (Windows NT 6.3; Win64; x64) AppleWebKit/537.36 (KHTML, like Gecko) Chrome/66.0.2693.5 Safari/537.36"
8.210.188.13 - - [16/Apr/2025:14:23:08 -0400] "HEAD /2025/03 HTTP/1.1" 301 0 "-" "Mozilla/5.0 (Windows NT 6.0; Win64; x64) AppleWebKit/537.36 (KHTML, like Gecko) Chrome/60.0.3318.168 Safari/537.36"
47.243.193.222 - - [16/Apr/2025:14:23:07 -0400] "HEAD /category/activity/page/156/ HTTP/1.1" 200 0 "-" "Mozilla/5.0 (Windows NT 6.0; Win64; x64) AppleWebKit/537.36 (KHTML, like Gecko) Chrome/68.0.2029.112 Safari/537.36"
8.210.154.94 - - [16/Apr/2025:14:23:03 -0400] "GET /category/activity/page/156/ HTTP/1.1" 200 0 "-" "Mozilla/5.0 (Windows NT 6.2; Win64; x64) AppleWebKit/537.36 (KHTML, like Gecko) Chrome/78.0.3595.85 Safari/537.36"
47.76.220.119 - - [16/Apr/2025:14:23:08 -0400] "HEAD /what-is-natural-language-processing-definition-and HTTP/1.1" 301 0 "-" "Mozilla/5.0 (Windows NT 10.0; Win64; x64) AppleWebKit/537.36 (KHTML, like Gecko) Chrome/78.0.2698.15 Safari/537.36"
47.242.3.114 - - [16/Apr/2025:14:23:08 -0400] "HEAD /nostalgia-gambling-establishment-remark-honest/ HTTP/1.1" 200 0 "-" "Mozilla/5.0 (Windows NT 6.0; Win64; x64) AppleWebKit/537.36 (KHTML, like Gecko) Chrome/72.0.2636.190 Safari/537.36"
198.54.114.83 - - [16/Apr/2025:14:23:09 -0400] "GET /wp-content/themes/safari-blog/inc/blocks/font-family/inc/google-webfonts.json HTTP/1.1" 200 1084380 "-" "WordPress/6.8; https://greatamericanball.com"
47.242.76.207 - - [16/Apr/2025:14:23:10 -0400] "GET /education-chatbot-for-educational-institutions HTTP/1.1" 301 0 "-" "Mozilla/5.0 (Windows NT 6.2; Win64; x64) AppleWebKit/537.36 (KHTML, like Gecko) Chrome/70.0.2428.38 Safari/537.36"
47.242.148.169 - - [16/Apr/2025:14:23:10 -0400] "GET /14-powerful-ai-chatbot-platforms-for-businesses HTTP/1.1" 301 0 "-" "Mozilla/5.0 (Windows NT 10.0; Win64; x64) AppleWebKit/537.36 (KHTML, like Gecko) Chrome/72.0.3704.185 Safari/537.36"
198.54.114.83 - - [16/Apr/2025:14:23:10 -0400] "GET /wp-content/themes/safari-blog/inc/blocks/font-family/inc/google-webfonts.json HTTP/1.1" 200 1084380 "-" "WordPress/6.8; https://greatamericanball.com"
8.210.190.63 - - [16/Apr/2025:14:23:10 -0400] "HEAD /georgia-school-shooting-live-updates-four-killed/ HTTP/1.1" 200 0 "-" "Mozilla/5.0 (Windows NT 6.1; Win64; x64) AppleWebKit/537.36 (KHTML, like Gecko) Chrome/72.0.2898.14 Safari/537.36"
198.54.114.83 - - [16/Apr/2025:14:23:10 -0400] "GET /wp-content/themes/safari-blog/inc/blocks/font-family/inc/google-webfonts.json HTTP/1.1" 200 1084380 "-" "WordPress/6.8; https://greatamericanball.com"
198.54.114.83 - - [16/Apr/2025:14:23:10 -0400] "GET /wp-content/themes/safari-blog/inc/blocks/font-family/inc/google-webfonts.json HTTP/1.1" 200 1084380 "-" "WordPress/6.8; https://greatamericanball.com"
8.210.176.195 - - [16/Apr/2025:14:23:11 -0400] "HEAD /the-full-training-run-of-gpt-5-has-gone-live-by/ HTTP/1.1" 200 0 "-" "Mozilla/5.0 (Windows NT 6.2; Win64; x64) AppleWebKit/537.36 (KHTML, like Gecko) Chrome/75.0.3130.157 Safari/537.36"
198.54.114.83 - - [16/Apr/2025:14:23:11 -0400] "GET /wp-content/themes/safari-blog/inc/blocks/font-family/inc/google-webfonts.json HTTP/1.1" 200 1084380 "-" "WordPress/6.8; https://greatamericanball.com"
47.243.193.222 - - [16/Apr/2025:14:23:11 -0400] "GET /category/activity/page/156 HTTP/1.1" 301 0 "-" "Mozilla/5.0 (Windows NT 6.0; Win64; x64) AppleWebKit/537.36 (KHTML, like Gecko) Chrome/68.0.2029.112 Safari/537.36"
8.210.190.0 - - [16/Apr/2025:14:23:11 -0400] "HEAD / HTTP/1.1" 200 0 "-" "Mozilla/5.0 (Windows NT 6.3; Win64; x64) AppleWebKit/537.36 (KHTML, like Gecko) Chrome/66.0.2693.5 Safari/537.36"
47.76.220.119 - - [16/Apr/2025:14:23:11 -0400] "HEAD /what-is-natural-language-processing-definition-and/ HTTP/1.1" 200 0 "-" "Mozilla/5.0 (Windows NT 10.0; Win64; x64) AppleWebKit/537.36 (KHTML, like Gecko) Chrome/78.0.2698.15 Safari/537.36"
8.210.188.13 - - [16/Apr/2025:14:23:11 -0400] "HEAD / HTTP/1.1" 200 0 "-" "Mozilla/5.0 (Windows NT 6.0; Win64; x64) AppleWebKit/537.36 (KHTML, like Gecko) Chrome/60.0.3318.168 Safari/537.36"
47.242.3.114 - - [16/Apr/2025:14:23:11 -0400] "GET /nostalgia-gambling-establishment-remark-honest HTTP/1.1" 301 0 "-" "Mozilla/5.0 (Windows NT 6.0; Win64; x64) AppleWebKit/537.36 (KHTML, like Gecko) Chrome/72.0.2636.190 Safari/537.36"
198.54.114.83 - - [16/Apr/2025:14:23:11 -0400] "GET /wp-content/themes/safari-blog/inc/blocks/font-family/inc/google-webfonts.json HTTP/1.1" 200 1084380 "-" "WordPress/6.8; https://greatamericanball.com"
47.76.220.119 - - [16/Apr/2025:14:23:11 -0400] "HEAD /2025/03/24 HTTP/1.1" 301 0 "-" "Mozilla/5.0 (Windows NT 6.3; Win64; x64) AppleWebKit/537.36 (KHTML, like Gecko) Chrome/66.0.2881.130 Safari/537.36"
47.242.160.82 - - [16/Apr/2025:14:23:11 -0400] "HEAD /education-chatbot-for-educational-institutions HTTP/1.1" 301 0 "-" "Mozilla/5.0 (Windows NT 10.0; Win64; x64) AppleWebKit/537.36 (KHTML, like Gecko) Chrome/67.0.3914.67 Safari/537.36"
47.243.78.44 - - [16/Apr/2025:14:23:11 -0400] "HEAD /georgia-school-shooting-live-updates-four-killed HTTP/1.1" 301 0 "-" "Mozilla/5.0 (Windows NT 6.1; Win64; x64) AppleWebKit/537.36 (KHTML, like Gecko) Chrome/63.0.2343.72 Safari/537.36"
8.210.154.94 - - [16/Apr/2025:14:23:11 -0400] "HEAD /what-is-natural-language-processing-definition-and HTTP/1.1" 301 0 "-" "Mozilla/5.0 (Windows NT 6.1; Win64; x64) AppleWebKit/537.36 (KHTML, like Gecko) Chrome/63.0.3871.65 Safari/537.36"
47.243.78.44 - - [16/Apr/2025:14:23:11 -0400] "HEAD /the-full-training-run-of-gpt-5-has-gone-live-by HTTP/1.1" 301 0 "-" "Mozilla/5.0 (Windows NT 6.2; Win64; x64) AppleWebKit/537.36 (KHTML, like Gecko) Chrome/65.0.2030.24 Safari/537.36"
47.243.74.123 - - [16/Apr/2025:14:23:11 -0400] "HEAD /category/activity/page/156 HTTP/1.1" 301 0 "-" "Mozilla/5.0 (Windows NT 6.2; Win64; x64) AppleWebKit/537.36 (KHTML, like Gecko) Chrome/73.0.2591.170 Safari/537.36"
47.243.62.121 - - [16/Apr/2025:14:23:11 -0400] "HEAD /nostalgia-gambling-establishment-remark-honest HTTP/1.1" 301 0 "-" "Mozilla/5.0 (Windows NT 6.3; Win64; x64) AppleWebKit/537.36 (KHTML, like Gecko) Chrome/60.0.3487.41 Safari/537.36"
8.210.190.63 - - [16/Apr/2025:14:23:11 -0400] "GET /georgia-school-shooting-live-updates-four-killed HTTP/1.1" 301 0 "-" "Mozilla/5.0 (Windows NT 6.1; Win64; x64) AppleWebKit/537.36 (KHTML, like Gecko) Chrome/72.0.2898.14 Safari/537.36"
47.243.56.171 - - [16/Apr/2025:14:23:11 -0400] "HEAD /2025/03/26 HTTP/1.1" 301 0 "-" "Mozilla/5.0 (Windows NT 6.3; Win64; x64) AppleWebKit/537.36 (KHTML, like Gecko) Chrome/61.0.3951.26 Safari/537.36"
47.76.99.127 - - [16/Apr/2025:14:23:11 -0400] "HEAD /14-powerful-ai-chatbot-platforms-for-businesses HTTP/1.1" 301 0 "-" "Mozilla/5.0 (Windows NT 6.0; Win64; x64) AppleWebKit/537.36 (KHTML, like Gecko) Chrome/66.0.2722.156 Safari/537.36"
8.210.176.195 - - [16/Apr/2025:14:23:12 -0400] "GET /the-full-training-run-of-gpt-5-has-gone-live-by HTTP/1.1" 301 0 "-" "Mozilla/5.0 (Windows NT 6.2; Win64; x64) AppleWebKit/537.36 (KHTML, like Gecko) Chrome/75.0.3130.157 Safari/537.36"
8.210.190.0 - - [16/Apr/2025:14:23:12 -0400] "GET /2025/03/26 HTTP/1.1" 301 0 "-" "Mozilla/5.0 (Windows NT 6.3; Win64; x64) AppleWebKit/537.36 (KHTML, like Gecko) Chrome/66.0.2693.5 Safari/537.36"
8.210.188.13 - - [16/Apr/2025:14:23:12 -0400] "GET /2025/03 HTTP/1.1" 301 0 "-" "Mozilla/5.0 (Windows NT 6.0; Win64; x64) AppleWebKit/537.36 (KHTML, like Gecko) Chrome/60.0.3318.168 Safari/537.36"
47.76.220.119 - - [16/Apr/2025:14:23:12 -0400] "GET /what-is-natural-language-processing-definition-and HTTP/1.1" 301 0 "-" "Mozilla/5.0 (Windows NT 10.0; Win64; x64) AppleWebKit/537.36 (KHTML, like Gecko) Chrome/78.0.2698.15 Safari/537.36"
47.243.78.44 - - [16/Apr/2025:14:23:12 -0400] "HEAD /georgia-school-shooting-live-updates-four-killed/ HTTP/1.1" 200 0 "-" "Mozilla/5.0 (Windows NT 6.1; Win64; x64) AppleWebKit/537.36 (KHTML, like Gecko) Chrome/63.0.2343.72 Safari/537.36"
8.210.154.94 - - [16/Apr/2025:14:23:12 -0400] "HEAD /what-is-natural-language-processing-definition-and/ HTTP/1.1" 200 0 "-" "Mozilla/5.0 (Windows NT 6.1; Win64; x64) AppleWebKit/537.36 (KHTML, like Gecko) Chrome/63.0.3871.65 Safari/537.36"
47.76.220.119 - - [16/Apr/2025:14:23:12 -0400] "HEAD / HTTP/1.1" 200 0 "-" "Mozilla/5.0 (Windows NT 6.3; Win64; x64) AppleWebKit/537.36 (KHTML, like Gecko) Chrome/66.0.2881.130 Safari/537.36"
8.210.190.63 - - [16/Apr/2025:14:23:13 -0400] "GET /georgia-school-shooting-live-updates-four-killed/ HTTP/1.1" 200 98585 "-" "Mozilla/5.0 (Windows NT 6.1; Win64; x64) AppleWebKit/537.36 (KHTML, like Gecko) Chrome/72.0.2898.14 Safari/537.36"
8.210.176.195 - - [16/Apr/2025:14:23:13 -0400] "GET /the-full-training-run-of-gpt-5-has-gone-live-by/ HTTP/1.1" 200 85812 "-" "Mozilla/5.0 (Windows NT 6.2; Win64; x64) AppleWebKit/537.36 (KHTML, like Gecko) Chrome/75.0.3130.157 Safari/537.36"
47.243.78.44 - - [16/Apr/2025:14:23:13 -0400] "HEAD /the-full-training-run-of-gpt-5-has-gone-live-by/ HTTP/1.1" 200 0 "-" "Mozilla/5.0 (Windows NT 6.2; Win64; x64) AppleWebKit/537.36 (KHTML, like Gecko) Chrome/65.0.2030.24 Safari/537.36"
47.243.56.171 - - [16/Apr/2025:14:23:13 -0400] "HEAD / HTTP/1.1" 200 0 "-" "Mozilla/5.0 (Windows NT 6.3; Win64; x64) AppleWebKit/537.36 (KHTML, like Gecko) Chrome/61.0.3951.26 Safari/537.36"
47.76.220.119 - - [16/Apr/2025:14:23:13 -0400] "GET /what-is-natural-language-processing-definition-and/ HTTP/1.1" 200 105405 "-" "Mozilla/5.0 (Windows NT 10.0; Win64; x64) AppleWebKit/537.36 (KHTML, like Gecko) Chrome/78.0.2698.15 Safari/537.36"
8.210.190.0 - - [16/Apr/2025:14:23:13 -0400] "GET / HTTP/1.1" 200 156192 "-" "Mozilla/5.0 (Windows NT 6.3; Win64; x64) AppleWebKit/537.36 (KHTML, like Gecko) Chrome/66.0.2693.5 Safari/537.36"
8.210.188.13 - - [16/Apr/2025:14:23:13 -0400] "GET / HTTP/1.1" 200 156192 "-" "Mozilla/5.0 (Windows NT 6.0; Win64; x64) AppleWebKit/537.36 (KHTML, like Gecko) Chrome/60.0.3318.168 Safari/537.36"
47.243.62.121 - - [16/Apr/2025:14:23:12 -0400] "HEAD /nostalgia-gambling-establishment-remark-honest/ HTTP/1.1" 200 0 "-" "Mozilla/5.0 (Windows NT 6.3; Win64; x64) AppleWebKit/537.36 (KHTML, like Gecko) Chrome/60.0.3487.41 Safari/537.36"
47.243.74.123 - - [16/Apr/2025:14:23:13 -0400] "HEAD /category/activity/page/156/ HTTP/1.1" 200 0 "-" "Mozilla/5.0 (Windows NT 6.2; Win64; x64) AppleWebKit/537.36 (KHTML, like Gecko) Chrome/73.0.2591.170 Safari/537.36"
8.210.187.5 - - [16/Apr/2025:14:23:14 -0400] "HEAD /2025/03 HTTP/1.1" 301 0 "-" "Mozilla/5.0 (Windows NT 6.2; Win64; x64) AppleWebKit/537.36 (KHTML, like Gecko) Chrome/66.0.2276.124 Safari/537.36"
47.243.78.44 - - [16/Apr/2025:14:23:14 -0400] "GET /georgia-school-shooting-live-updates-four-killed HTTP/1.1" 301 0 "-" "Mozilla/5.0 (Windows NT 6.1; Win64; x64) AppleWebKit/537.36 (KHTML, like Gecko) Chrome/63.0.2343.72 Safari/537.36"
47.76.99.127 - - [16/Apr/2025:14:23:13 -0400] "HEAD /14-powerful-ai-chatbot-platforms-for-businesses/ HTTP/1.1" 200 0 "-" "Mozilla/5.0 (Windows NT 6.0; Win64; x64) AppleWebKit/537.36 (KHTML, like Gecko) Chrome/66.0.2722.156 Safari/537.36"
47.242.160.82 - - [16/Apr/2025:14:23:12 -0400] "HEAD /education-chatbot-for-educational-institutions/ HTTP/1.1" 200 0 "-" "Mozilla/5.0 (Windows NT 10.0; Win64; x64) AppleWebKit/537.36 (KHTML, like Gecko) Chrome/67.0.3914.67 Safari/537.36"
47.76.220.119 - - [16/Apr/2025:14:23:14 -0400] "GET /2025/03/24 HTTP/1.1" 301 0 "-" "Mozilla/5.0 (Windows NT 6.3; Win64; x64) AppleWebKit/537.36 (KHTML, like Gecko) Chrome/66.0.2881.130 Safari/537.36"
8.210.154.94 - - [16/Apr/2025:14:23:14 -0400] "GET /what-is-natural-language-processing-definition-and HTTP/1.1" 301 0 "-" "Mozilla/5.0 (Windows NT 6.1; Win64; x64) AppleWebKit/537.36 (KHTML, like Gecko) Chrome/63.0.3871.65 Safari/537.36"
47.243.78.44 - - [16/Apr/2025:14:23:14 -0400] "GET /the-full-training-run-of-gpt-5-has-gone-live-by HTTP/1.1" 301 0 "-" "Mozilla/5.0 (Windows NT 6.2; Win64; x64) AppleWebKit/537.36 (KHTML, like Gecko) Chrome/65.0.2030.24 Safari/537.36"
47.243.56.171 - - [16/Apr/2025:14:23:14 -0400] "GET /2025/03/26 HTTP/1.1" 301 0 "-" "Mozilla/5.0 (Windows NT 6.3; Win64; x64) AppleWebKit/537.36 (KHTML, like Gecko) Chrome/61.0.3951.26 Safari/537.36"
198.54.114.83 - - [16/Apr/2025:14:23:14 -0400] "GET /wp-content/themes/safari-blog/inc/blocks/font-family/inc/google-webfonts.json HTTP/1.1" 200 1084380 "-" "WordPress/6.8; https://greatamericanball.com"
198.54.114.83 - - [16/Apr/2025:14:23:13 -0400] "GET /wp-content/themes/safari-blog/inc/blocks/font-family/inc/google-webfonts.json HTTP/1.1" 200 1084380 "-" "WordPress/6.8; https://greatamericanball.com"
198.54.114.83 - - [16/Apr/2025:14:23:14 -0400] "GET /wp-content/themes/safari-blog/inc/blocks/font-family/inc/google-webfonts.json HTTP/1.1" 200 1084380 "-" "WordPress/6.8; https://greatamericanball.com"
198.54.114.83 - - [16/Apr/2025:14:23:14 -0400] "GET /wp-content/themes/safari-blog/inc/blocks/font-family/inc/google-webfonts.json HTTP/1.1" 200 1084380 "-" "WordPress/6.8; https://greatamericanball.com"
198.54.114.83 - - [16/Apr/2025:14:23:14 -0400] "GET /wp-content/themes/safari-blog/inc/blocks/font-family/inc/google-webfonts.json HTTP/1.1" 200 1084380 "-" "WordPress/6.8; https://greatamericanball.com"
47.243.74.123 - - [16/Apr/2025:14:23:15 -0400] "GET /category/activity/page/156 HTTP/1.1" 301 0 "-" "Mozilla/5.0 (Windows NT 6.2; Win64; x64) AppleWebKit/537.36 (KHTML, like Gecko) Chrome/73.0.2591.170 Safari/537.36"
47.243.62.121 - - [16/Apr/2025:14:23:15 -0400] "GET /nostalgia-gambling-establishment-remark-honest HTTP/1.1" 301 0 "-" "Mozilla/5.0 (Windows NT 6.3; Win64; x64) AppleWebKit/537.36 (KHTML, like Gecko) Chrome/60.0.3487.41 Safari/537.36"
47.242.160.82 - - [16/Apr/2025:14:23:15 -0400] "GET /education-chatbot-for-educational-institutions HTTP/1.1" 301 0 "-" "Mozilla/5.0 (Windows NT 10.0; Win64; x64) AppleWebKit/537.36 (KHTML, like Gecko) Chrome/67.0.3914.67 Safari/537.36"
47.243.78.44 - - [16/Apr/2025:14:23:15 -0400] "GET /georgia-school-shooting-live-updates-four-killed/ HTTP/1.1" 200 98585 "-" "Mozilla/5.0 (Windows NT 6.1; Win64; x64) AppleWebKit/537.36 (KHTML, like Gecko) Chrome/63.0.2343.72 Safari/537.36"
47.76.99.127 - - [16/Apr/2025:14:23:15 -0400] "GET /14-powerful-ai-chatbot-platforms-for-businesses HTTP/1.1" 301 0 "-" "Mozilla/5.0 (Windows NT 6.0; Win64; x64) AppleWebKit/537.36 (KHTML, like Gecko) Chrome/66.0.2722.156 Safari/537.36"
8.210.187.5 - - [16/Apr/2025:14:23:15 -0400] "HEAD / HTTP/1.1" 200 0 "-" "Mozilla/5.0 (Windows NT 6.2; Win64; x64) AppleWebKit/537.36 (KHTML, like Gecko) Chrome/66.0.2276.124 Safari/537.36"
8.210.154.94 - - [16/Apr/2025:14:23:15 -0400] "GET /what-is-natural-language-processing-definition-and/ HTTP/1.1" 200 105405 "-" "Mozilla/5.0 (Windows NT 6.1; Win64; x64) AppleWebKit/537.36 (KHTML, like Gecko) Chrome/63.0.3871.65 Safari/537.36"
47.76.220.119 - - [16/Apr/2025:14:23:15 -0400] "GET / HTTP/1.1" 200 156192 "-" "Mozilla/5.0 (Windows NT 6.3; Win64; x64) AppleWebKit/537.36 (KHTML, like Gecko) Chrome/66.0.2881.130 Safari/537.36"
47.243.78.44 - - [16/Apr/2025:14:23:15 -0400] "GET /the-full-training-run-of-gpt-5-has-gone-live-by/ HTTP/1.1" 200 85812 "-" "Mozilla/5.0 (Windows NT 6.2; Win64; x64) AppleWebKit/537.36 (KHTML, like Gecko) Chrome/65.0.2030.24 Safari/537.36"
198.54.114.83 - - [16/Apr/2025:14:23:15 -0400] "GET /wp-content/themes/safari-blog/inc/blocks/font-family/inc/google-webfonts.json HTTP/1.1" 200 1084380 "-" "WordPress/6.8; https://greatamericanball.com"
198.54.114.83 - - [16/Apr/2025:14:23:15 -0400] "GET /wp-content/themes/safari-blog/inc/blocks/font-family/inc/google-webfonts.json HTTP/1.1" 200 1084380 "-" "WordPress/6.8; https://greatamericanball.com"
198.54.114.83 - - [16/Apr/2025:14:23:15 -0400] "GET /wp-content/themes/safari-blog/inc/blocks/font-family/inc/google-webfonts.json HTTP/1.1" 200 1084380 "-" "WordPress/6.8; https://greatamericanball.com"
47.243.56.171 - - [16/Apr/2025:14:23:15 -0400] "GET / HTTP/1.1" 200 156192 "-" "Mozilla/5.0 (Windows NT 6.3; Win64; x64) AppleWebKit/537.36 (KHTML, like Gecko) Chrome/61.0.3951.26 Safari/537.36"
198.54.114.83 - - [16/Apr/2025:14:23:16 -0400] "GET /wp-content/themes/safari-blog/inc/blocks/font-family/inc/google-webfonts.json HTTP/1.1" 200 1084380 "-" "WordPress/6.8; https://greatamericanball.com"
198.54.114.83 - - [16/Apr/2025:14:23:16 -0400] "GET /wp-content/themes/safari-blog/inc/blocks/font-family/inc/google-webfonts.json HTTP/1.1" 200 1084380 "-" "WordPress/6.8; https://greatamericanball.com"
8.210.187.5 - - [16/Apr/2025:14:23:16 -0400] "GET /2025/03 HTTP/1.1" 301 0 "-" "Mozilla/5.0 (Windows NT 6.2; Win64; x64) AppleWebKit/537.36 (KHTML, like Gecko) Chrome/66.0.2276.124 Safari/537.36"
198.54.114.83 - - [16/Apr/2025:14:23:17 -0400] "GET /wp-content/themes/safari-blog/inc/blocks/font-family/inc/google-webfonts.json HTTP/1.1" 200 1084380 "-" "WordPress/6.8; https://greatamericanball.com"
47.242.76.207 - - [16/Apr/2025:14:23:11 -0400] "GET /education-chatbot-for-educational-institutions/ HTTP/1.1" 200 0 "-" "Mozilla/5.0 (Windows NT 6.2; Win64; x64) AppleWebKit/537.36 (KHTML, like Gecko) Chrome/70.0.2428.38 Safari/537.36"
198.54.114.83 - - [16/Apr/2025:14:23:17 -0400] "GET /wp-content/themes/safari-blog/inc/blocks/font-family/inc/google-webfonts.json HTTP/1.1" 200 1084380 "-" "WordPress/6.8; https://greatamericanball.com"
8.210.12.248 - - [16/Apr/2025:14:23:17 -0400] "HEAD /14-powerful-ai-chatbot-platforms-for-businesses HTTP/1.1" 301 0 "-" "Mozilla/5.0 (Windows NT 6.0; Win64; x64) AppleWebKit/537.36 (KHTML, like Gecko) Chrome/61.0.3237.60 Safari/537.36"
47.243.71.191 - - [16/Apr/2025:14:23:17 -0400] "HEAD /2025/03/26 HTTP/1.1" 301 0 "-" "Mozilla/5.0 (Windows NT 6.0; Win64; x64) AppleWebKit/537.36 (KHTML, like Gecko) Chrome/73.0.2986.195 Safari/537.36"
47.242.148.169 - - [16/Apr/2025:14:23:11 -0400] "GET /14-powerful-ai-chatbot-platforms-for-businesses/ HTTP/1.1" 200 0 "-" "Mozilla/5.0 (Windows NT 10.0; Win64; x64) AppleWebKit/537.36 (KHTML, like Gecko) Chrome/72.0.3704.185 Safari/537.36"
8.218.91.49 - - [16/Apr/2025:14:23:17 -0400] "HEAD /2025/03 HTTP/1.1" 301 0 "-" "Mozilla/5.0 (Windows NT 6.1; Win64; x64) AppleWebKit/537.36 (KHTML, like Gecko) Chrome/65.0.3769.93 Safari/537.36"
47.243.173.250 - - [16/Apr/2025:14:23:17 -0400] "HEAD /2025/03/24 HTTP/1.1" 301 0 "-" "Mozilla/5.0 (Windows NT 6.3; Win64; x64) AppleWebKit/537.36 (KHTML, like Gecko) Chrome/65.0.2928.12 Safari/537.36"
47.243.91.206 - - [16/Apr/2025:14:23:17 -0400] "HEAD /what-is-natural-language-processing-definition-and HTTP/1.1" 301 0 "-" "Mozilla/5.0 (Windows NT 6.2; Win64; x64) AppleWebKit/537.36 (KHTML, like Gecko) Chrome/61.0.3993.128 Safari/537.36"
198.54.114.83 - - [16/Apr/2025:14:23:17 -0400] "GET /wp-content/themes/safari-blog/inc/blocks/font-family/inc/google-webfonts.json HTTP/1.1" 200 1084380 "-" "WordPress/6.8; https://greatamericanball.com"
