198.54.114.83 - - [16/Apr/2025:12:18:52 -0400] "GET /wp-content/themes/safari-blog/inc/blocks/font-family/inc/google-webfonts.json HTTP/1.1" 200 1084380 "-" "WordPress/6.8; https://greatamericanball.com"
198.54.114.83 - - [16/Apr/2025:12:18:52 -0400] "GET /wp-content/themes/safari-blog/inc/blocks/font-family/inc/google-webfonts.json HTTP/1.1" 200 1084380 "-" "WordPress/6.8; https://greatamericanball.com"
198.54.114.83 - - [16/Apr/2025:12:18:53 -0400] "GET /wp-content/themes/safari-blog/inc/blocks/font-family/inc/google-webfonts.json HTTP/1.1" 200 1084380 "-" "WordPress/6.8; https://greatamericanball.com"
198.54.114.83 - - [16/Apr/2025:12:18:53 -0400] "GET /wp-content/themes/safari-blog/inc/blocks/font-family/inc/google-webfonts.json HTTP/1.1" 200 1084380 "-" "WordPress/6.8; https://greatamericanball.com"
198.54.114.83 - - [16/Apr/2025:12:18:54 -0400] "GET /wp-content/themes/safari-blog/inc/blocks/font-family/inc/google-webfonts.json HTTP/1.1" 200 1084380 "-" "WordPress/6.8; https://greatamericanball.com"
198.54.114.83 - - [16/Apr/2025:12:18:55 -0400] "GET /wp-content/themes/safari-blog/inc/blocks/font-family/inc/google-webfonts.json HTTP/1.1" 200 1084380 "-" "WordPress/6.8; https://greatamericanball.com"
198.54.114.83 - - [16/Apr/2025:12:18:55 -0400] "GET /wp-content/themes/safari-blog/inc/blocks/font-family/inc/google-webfonts.json HTTP/1.1" 200 1084380 "-" "WordPress/6.8; https://greatamericanball.com"
198.54.114.83 - - [16/Apr/2025:12:18:55 -0400] "GET /wp-content/themes/safari-blog/inc/blocks/font-family/inc/google-webfonts.json HTTP/1.1" 200 1084380 "-" "WordPress/6.8; https://greatamericanball.com"
198.54.114.83 - - [16/Apr/2025:12:18:55 -0400] "GET /wp-content/themes/safari-blog/inc/blocks/font-family/inc/google-webfonts.json HTTP/1.1" 200 1084380 "-" "WordPress/6.8; https://greatamericanball.com"
198.54.114.83 - - [16/Apr/2025:12:18:55 -0400] "GET /wp-content/themes/safari-blog/inc/blocks/font-family/inc/google-webfonts.json HTTP/1.1" 200 1084380 "-" "WordPress/6.8; https://greatamericanball.com"
198.54.114.83 - - [16/Apr/2025:12:18:56 -0400] "GET /wp-content/themes/safari-blog/inc/blocks/font-family/inc/google-webfonts.json HTTP/1.1" 200 1084380 "-" "WordPress/6.8; https://greatamericanball.com"
198.54.114.83 - - [16/Apr/2025:12:18:56 -0400] "GET /wp-content/themes/safari-blog/inc/blocks/font-family/inc/google-webfonts.json HTTP/1.1" 200 1084380 "-" "WordPress/6.8; https://greatamericanball.com"
198.54.114.83 - - [16/Apr/2025:12:18:56 -0400] "GET /wp-content/themes/safari-blog/inc/blocks/font-family/inc/google-webfonts.json HTTP/1.1" 200 1084380 "-" "WordPress/6.8; https://greatamericanball.com"
198.54.114.83 - - [16/Apr/2025:12:18:56 -0400] "GET /wp-content/themes/safari-blog/inc/blocks/font-family/inc/google-webfonts.json HTTP/1.1" 200 1084380 "-" "WordPress/6.8; https://greatamericanball.com"
198.54.114.83 - - [16/Apr/2025:12:18:56 -0400] "GET /wp-content/themes/safari-blog/inc/blocks/font-family/inc/google-webfonts.json HTTP/1.1" 200 1084380 "-" "WordPress/6.8; https://greatamericanball.com"
198.54.114.83 - - [16/Apr/2025:12:18:56 -0400] "GET /wp-content/themes/safari-blog/inc/blocks/font-family/inc/google-webfonts.json HTTP/1.1" 200 1084380 "-" "WordPress/6.8; https://greatamericanball.com"
198.54.114.83 - - [16/Apr/2025:12:18:56 -0400] "GET /wp-content/themes/safari-blog/inc/blocks/font-family/inc/google-webfonts.json HTTP/1.1" 200 1084380 "-" "WordPress/6.8; https://greatamericanball.com"
198.54.114.83 - - [16/Apr/2025:12:18:56 -0400] "GET /wp-content/themes/safari-blog/inc/blocks/font-family/inc/google-webfonts.json HTTP/1.1" 200 1084380 "-" "WordPress/6.8; https://greatamericanball.com"
198.54.114.83 - - [16/Apr/2025:12:18:57 -0400] "GET /wp-content/themes/safari-blog/inc/blocks/font-family/inc/google-webfonts.json HTTP/1.1" 200 1084380 "-" "WordPress/6.8; https://greatamericanball.com"
198.54.114.83 - - [16/Apr/2025:12:18:58 -0400] "GET /wp-content/themes/safari-blog/inc/blocks/font-family/inc/google-webfonts.json HTTP/1.1" 200 1084380 "-" "WordPress/6.8; https://greatamericanball.com"
198.54.114.83 - - [16/Apr/2025:12:18:59 -0400] "GET /wp-content/themes/safari-blog/inc/blocks/font-family/inc/google-webfonts.json HTTP/1.1" 200 1084380 "-" "WordPress/6.8; https://greatamericanball.com"
198.54.114.83 - - [16/Apr/2025:12:18:59 -0400] "GET /wp-content/themes/safari-blog/inc/blocks/font-family/inc/google-webfonts.json HTTP/1.1" 200 1084380 "-" "WordPress/6.8; https://greatamericanball.com"
198.54.114.83 - - [16/Apr/2025:12:18:59 -0400] "GET /wp-content/themes/safari-blog/inc/blocks/font-family/inc/google-webfonts.json HTTP/1.1" 200 1084380 "-" "WordPress/6.8; https://greatamericanball.com"
198.54.114.83 - - [16/Apr/2025:12:18:59 -0400] "GET /wp-content/themes/safari-blog/inc/blocks/font-family/inc/google-webfonts.json HTTP/1.1" 200 1084380 "-" "WordPress/6.8; https://greatamericanball.com"
198.54.114.83 - - [16/Apr/2025:12:18:59 -0400] "GET /wp-content/themes/safari-blog/inc/blocks/font-family/inc/google-webfonts.json HTTP/1.1" 200 1084380 "-" "WordPress/6.8; https://greatamericanball.com"
198.54.114.83 - - [16/Apr/2025:12:18:59 -0400] "GET /wp-content/themes/safari-blog/inc/blocks/font-family/inc/google-webfonts.json HTTP/1.1" 200 1084380 "-" "WordPress/6.8; https://greatamericanball.com"
198.54.114.83 - - [16/Apr/2025:12:18:59 -0400] "GET /wp-content/themes/safari-blog/inc/blocks/font-family/inc/google-webfonts.json HTTP/1.1" 200 1084380 "-" "WordPress/6.8; https://greatamericanball.com"
198.54.114.83 - - [16/Apr/2025:12:18:59 -0400] "GET /wp-content/themes/safari-blog/inc/blocks/font-family/inc/google-webfonts.json HTTP/1.1" 200 1084380 "-" "WordPress/6.8; https://greatamericanball.com"
198.54.114.83 - - [16/Apr/2025:12:19:00 -0400] "GET /wp-content/themes/safari-blog/inc/blocks/font-family/inc/google-webfonts.json HTTP/1.1" 200 1084380 "-" "WordPress/6.8; https://greatamericanball.com"
198.54.114.83 - - [16/Apr/2025:12:19:00 -0400] "GET /wp-content/themes/safari-blog/inc/blocks/font-family/inc/google-webfonts.json HTTP/1.1" 200 1084380 "-" "WordPress/6.8; https://greatamericanball.com"
198.54.114.83 - - [16/Apr/2025:12:19:00 -0400] "GET /wp-content/themes/safari-blog/inc/blocks/font-family/inc/google-webfonts.json HTTP/1.1" 200 1084380 "-" "WordPress/6.8; https://greatamericanball.com"
198.54.114.83 - - [16/Apr/2025:12:19:00 -0400] "GET /wp-content/themes/safari-blog/inc/blocks/font-family/inc/google-webfonts.json HTTP/1.1" 200 1084380 "-" "WordPress/6.8; https://greatamericanball.com"
198.54.114.83 - - [16/Apr/2025:12:19:00 -0400] "GET /wp-content/themes/safari-blog/inc/blocks/font-family/inc/google-webfonts.json HTTP/1.1" 200 1084380 "-" "WordPress/6.8; https://greatamericanball.com"
198.54.114.83 - - [16/Apr/2025:12:19:00 -0400] "GET /wp-content/themes/safari-blog/inc/blocks/font-family/inc/google-webfonts.json HTTP/1.1" 200 1084380 "-" "WordPress/6.8; https://greatamericanball.com"
198.54.114.83 - - [16/Apr/2025:12:19:00 -0400] "GET /wp-content/themes/safari-blog/inc/blocks/font-family/inc/google-webfonts.json HTTP/1.1" 200 1084380 "-" "WordPress/6.8; https://greatamericanball.com"
193.233.88.130 - - [16/Apr/2025:12:18:58 -0400] "POST /wp-comments-post.php HTTP/1.1" 302 0 "https://greatamericanball.com/career-paths/" "Mozilla/5.0 (Windows NT 6.1; WOW64) AppleWebKit/537.36 (KHTML, like Gecko) Chrome/103.0.0.0 Safari/537.36"
198.54.114.83 - - [16/Apr/2025:12:19:02 -0400] "GET /wp-content/themes/safari-blog/inc/blocks/font-family/inc/google-webfonts.json HTTP/1.1" 200 1084380 "-" "WordPress/6.8; https://greatamericanball.com"
185.152.92.114 - - [16/Apr/2025:12:18:46 -0400] "GET /mehr-lesen/ HTTP/1.1" 200 0 "https://greatamericanball.com/mehr-lesen/" "Mozilla/5.0 (Windows NT 6.1; WOW64) AppleWebKit/537.36 (KHTML, like Gecko) Chrome/103.0.0.0 Safari/537.36"
193.233.88.130 - - [16/Apr/2025:12:18:46 -0400] "GET /baby-phat-handbags/ HTTP/1.1" 200 0 "https://greatamericanball.com/baby-phat-handbags/" "Mozilla/5.0 (Windows NT 6.3; Win64; x64) AppleWebKit/537.36 (KHTML, like Gecko) Chrome/103.0.5060.53 Safari/537.36"
193.233.88.130 - - [16/Apr/2025:12:18:46 -0400] "GET /mixed-martial-arts-vs-boxing-is-mma-ufc-fighting-boxings-successor/ HTTP/1.1" 200 0 "https://greatamericanball.com/mixed-martial-arts-vs-boxing-is-mma-ufc-fighting-boxings-successor/" "Mozilla/5.0 (Windows NT 6.1) AppleWebKit/537.36 (KHTML, like Gecko) Chrome/103.0.5060.114 Safari/537.36"
212.119.44.16 - - [16/Apr/2025:12:18:46 -0400] "GET /indian-holidays-plan-it-wisely/ HTTP/1.1" 200 0 "https://greatamericanball.com/indian-holidays-plan-it-wisely/" "Mozilla/5.0 (Windows NT 10.0; Win64; x64) AppleWebKit/537.36 (KHTML, like Gecko) Chrome/103.0.5060.134 Safari/537.36"
198.54.114.83 - - [16/Apr/2025:12:19:02 -0400] "GET /wp-content/themes/safari-blog/inc/blocks/font-family/inc/google-webfonts.json HTTP/1.1" 200 1084380 "-" "WordPress/6.8; https://greatamericanball.com"
185.61.223.193 - - [16/Apr/2025:12:18:46 -0400] "GET /umzuge-buchholz/ HTTP/1.1" 200 0 "https://greatamericanball.com/umzuge-buchholz/" "Mozilla/5.0 (Windows NT 6.1) AppleWebKit/537.36 (KHTML, like Gecko) Chrome/103.0.5060.114 Safari/537.36"
147.78.183.235 - - [16/Apr/2025:12:18:46 -0400] "GET /how-clothes-affect-running/ HTTP/1.1" 200 0 "https://greatamericanball.com/how-clothes-affect-running/" "Mozilla/5.0 (Windows NT 10.0; Win64; x64) AppleWebKit/537.36 (KHTML, like Gecko) Chrome/103.0.5060.134 Safari/537.36"
198.54.114.83 - - [16/Apr/2025:12:19:03 -0400] "GET /wp-content/themes/safari-blog/inc/blocks/font-family/inc/google-webfonts.json HTTP/1.1" 200 1084380 "-" "WordPress/6.8; https://greatamericanball.com"
193.233.88.130 - - [16/Apr/2025:12:18:48 -0400] "GET /video-editor-sdk/ HTTP/1.1" 200 0 "https://greatamericanball.com/video-editor-sdk/" "Mozilla/5.0 (Windows NT 10.0; WOW64) AppleWebKit/537.36 (KHTML, like Gecko) Chrome/103.0.0.0 Safari/537.36"
198.54.114.83 - - [16/Apr/2025:12:19:04 -0400] "GET /wp-content/themes/safari-blog/inc/blocks/font-family/inc/google-webfonts.json HTTP/1.1" 200 1084380 "-" "WordPress/6.8; https://greatamericanball.com"
198.54.114.83 - - [16/Apr/2025:12:19:04 -0400] "GET /wp-content/themes/safari-blog/inc/blocks/font-family/inc/google-webfonts.json HTTP/1.1" 200 1084380 "-" "WordPress/6.8; https://greatamericanball.com"
217.145.224.116 - - [16/Apr/2025:12:18:48 -0400] "GET /online-gambling-in-the-us-whats-next/ HTTP/1.1" 200 0 "https://greatamericanball.com/online-gambling-in-the-us-whats-next/" "Mozilla/5.0 (Windows NT 6.3; Win64; x64) AppleWebKit/537.36 (KHTML, like Gecko) Chrome/103.0.5060.114 Safari/537.36"
45.148.234.122 - - [16/Apr/2025:12:18:48 -0400] "GET /quantum-healing-near-me/ HTTP/1.1" 200 0 "https://greatamericanball.com/quantum-healing-near-me/" "Mozilla/5.0 (Windows NT 10.0; WOW64) AppleWebKit/537.36 (KHTML, like Gecko) Chrome/103.0.5060.114 Safari/537.36"
198.54.114.83 - - [16/Apr/2025:12:19:05 -0400] "GET /wp-content/themes/safari-blog/inc/blocks/font-family/inc/google-webfonts.json HTTP/1.1" 200 1084380 "-" "WordPress/6.8; https://greatamericanball.com"
198.54.114.83 - - [16/Apr/2025:12:19:05 -0400] "GET /wp-content/themes/safari-blog/inc/blocks/font-family/inc/google-webfonts.json HTTP/1.1" 200 1084380 "-" "WordPress/6.8; https://greatamericanball.com"
198.54.114.83 - - [16/Apr/2025:12:19:05 -0400] "GET /wp-content/themes/safari-blog/inc/blocks/font-family/inc/google-webfonts.json HTTP/1.1" 200 1084380 "-" "WordPress/6.8; https://greatamericanball.com"
198.54.114.83 - - [16/Apr/2025:12:19:05 -0400] "GET /wp-content/themes/safari-blog/inc/blocks/font-family/inc/google-webfonts.json HTTP/1.1" 200 1084380 "-" "WordPress/6.8; https://greatamericanball.com"
198.54.114.83 - - [16/Apr/2025:12:19:05 -0400] "GET /wp-content/themes/safari-blog/inc/blocks/font-family/inc/google-webfonts.json HTTP/1.1" 200 1084380 "-" "WordPress/6.8; https://greatamericanball.com"
193.203.8.37 - - [16/Apr/2025:12:18:48 -0400] "GET /deciding-on-the-right-motorbike-insurance/ HTTP/1.1" 200 0 "https://greatamericanball.com/deciding-on-the-right-motorbike-insurance/" "Mozilla/5.0 (Windows NT 6.3; Win64; x64) AppleWebKit/537.36 (KHTML, like Gecko) Chrome/103.0.5060.66 Safari/537.36"
193.233.88.130 - - [16/Apr/2025:12:18:49 -0400] "GET /which-are-the-best-bagless-vacuum-cleaners/ HTTP/1.1" 200 0 "https://greatamericanball.com/which-are-the-best-bagless-vacuum-cleaners/" "Mozilla/5.0 (Windows NT 10.0; Win64; x64) AppleWebKit/537.36 (KHTML, like Gecko) Chrome/103.0.5060.66 Safari/537.36"
198.54.114.83 - - [16/Apr/2025:12:19:06 -0400] "GET /wp-content/themes/safari-blog/inc/blocks/font-family/inc/google-webfonts.json HTTP/1.1" 200 1084380 "-" "WordPress/6.8; https://greatamericanball.com"
193.233.88.130 - - [16/Apr/2025:12:18:49 -0400] "GET /the-history-of-alternative-medicine/ HTTP/1.1" 200 0 "https://greatamericanball.com/the-history-of-alternative-medicine/" "Mozilla/5.0 (Windows NT 6.3; Win64; x64) AppleWebKit/537.36 (KHTML, like Gecko) Chrome/103.0.5060.114 Safari/537.36"
198.54.114.83 - - [16/Apr/2025:12:19:06 -0400] "GET /wp-content/themes/safari-blog/inc/blocks/font-family/inc/google-webfonts.json HTTP/1.1" 200 1084380 "-" "WordPress/6.8; https://greatamericanball.com"
193.233.88.130 - - [16/Apr/2025:12:18:49 -0400] "GET /can-you-reach-the-right-market-with-youtube/ HTTP/1.1" 200 0 "https://greatamericanball.com/can-you-reach-the-right-market-with-youtube/" "Mozilla/5.0 (Windows NT 6.1) AppleWebKit/537.36 (KHTML, like Gecko) Chrome/103.0.5060.114 Safari/537.36"
193.151.189.121 - - [16/Apr/2025:12:18:49 -0400] "GET /portable-gas-heaters-a-glimpse-of-what-these-devices-can-do-for-you/ HTTP/1.1" 200 0 "https://greatamericanball.com/portable-gas-heaters-a-glimpse-of-what-these-devices-can-do-for-you/" "Mozilla/5.0 (Windows NT 10.0; Win64; x64) AppleWebKit/537.36 (KHTML, like Gecko) Chrome/103.0.5060.134 Safari/537.36"
68.71.245.206 - - [16/Apr/2025:12:18:49 -0400] "GET /invisalign/ HTTP/1.1" 200 0 "https://greatamericanball.com/invisalign/" "Mozilla/5.0 (Windows NT 10.0; Win64; x64) AppleWebKit/537.36 (KHTML, like Gecko) Chrome/103.0.0.0 Safari/537.36 Herring/95.1.8810.11"
198.54.114.83 - - [16/Apr/2025:12:19:06 -0400] "GET /wp-content/themes/safari-blog/inc/blocks/font-family/inc/google-webfonts.json HTTP/1.1" 200 1084380 "-" "WordPress/6.8; https://greatamericanball.com"
198.54.114.83 - - [16/Apr/2025:12:19:06 -0400] "GET /wp-content/themes/safari-blog/inc/blocks/font-family/inc/google-webfonts.json HTTP/1.1" 200 1084380 "-" "WordPress/6.8; https://greatamericanball.com"
198.54.114.83 - - [16/Apr/2025:12:19:06 -0400] "GET /wp-content/themes/safari-blog/inc/blocks/font-family/inc/google-webfonts.json HTTP/1.1" 200 1084380 "-" "WordPress/6.8; https://greatamericanball.com"
198.54.114.83 - - [16/Apr/2025:12:19:06 -0400] "GET /wp-content/themes/safari-blog/inc/blocks/font-family/inc/google-webfonts.json HTTP/1.1" 200 1084380 "-" "WordPress/6.8; https://greatamericanball.com"
193.233.88.130 - - [16/Apr/2025:12:19:07 -0400] "GET / HTTP/1.1" 200 156192 "https://greatamericanball.com/" "Mozilla/5.0 (Windows NT 6.3; Win64; x64) AppleWebKit/537.36 (KHTML, like Gecko) Chrome/103.0.5060.53 Safari/537.36"
193.233.88.130 - - [16/Apr/2025:12:19:07 -0400] "GET / HTTP/1.1" 200 156192 "https://greatamericanball.com/" "Mozilla/5.0 (Windows NT 6.1) AppleWebKit/537.36 (KHTML, like Gecko) Chrome/103.0.5060.114 Safari/537.36"
185.152.92.114 - - [16/Apr/2025:12:19:07 -0400] "GET / HTTP/1.1" 200 156192 "https://greatamericanball.com/" "Mozilla/5.0 (Windows NT 6.1; WOW64) AppleWebKit/537.36 (KHTML, like Gecko) Chrome/103.0.0.0 Safari/537.36"
212.119.44.16 - - [16/Apr/2025:12:19:07 -0400] "GET / HTTP/1.1" 200 156192 "https://greatamericanball.com/" "Mozilla/5.0 (Windows NT 10.0; Win64; x64) AppleWebKit/537.36 (KHTML, like Gecko) Chrome/103.0.5060.134 Safari/537.36"
198.54.114.83 - - [16/Apr/2025:12:19:07 -0400] "GET /wp-content/themes/safari-blog/inc/blocks/font-family/inc/google-webfonts.json HTTP/1.1" 200 1084380 "-" "WordPress/6.8; https://greatamericanball.com"
147.78.183.235 - - [16/Apr/2025:12:19:07 -0400] "GET / HTTP/1.1" 200 156192 "https://greatamericanball.com/" "Mozilla/5.0 (Windows NT 10.0; Win64; x64) AppleWebKit/537.36 (KHTML, like Gecko) Chrome/103.0.5060.134 Safari/537.36"
193.233.88.130 - - [16/Apr/2025:12:19:07 -0400] "GET / HTTP/1.1" 200 156192 "https://greatamericanball.com/" "Mozilla/5.0 (Windows NT 10.0; WOW64) AppleWebKit/537.36 (KHTML, like Gecko) Chrome/103.0.0.0 Safari/537.36"
198.54.114.83 - - [16/Apr/2025:12:19:07 -0400] "GET /wp-content/themes/safari-blog/inc/blocks/font-family/inc/google-webfonts.json HTTP/1.1" 200 1084380 "-" "WordPress/6.8; https://greatamericanball.com"
185.61.223.193 - - [16/Apr/2025:12:19:07 -0400] "GET / HTTP/1.1" 200 156192 "https://greatamericanball.com/" "Mozilla/5.0 (Windows NT 6.1) AppleWebKit/537.36 (KHTML, like Gecko) Chrome/103.0.5060.114 Safari/537.36"
212.119.44.16 - - [16/Apr/2025:12:18:50 -0400] "GET /ajoutez-une-touche-de-luxe-a-votre-decor-avec-un-vase-design/ HTTP/1.1" 200 0 "https://greatamericanball.com/ajoutez-une-touche-de-luxe-a-votre-decor-avec-un-vase-design/" "Mozilla/5.0 (Windows NT 10.0; WOW64) AppleWebKit/537.36 (KHTML, like Gecko) Chrome/103.0.5060.114 Safari/537.36"
217.145.224.116 - - [16/Apr/2025:12:19:08 -0400] "GET / HTTP/1.1" 200 156192 "https://greatamericanball.com/" "Mozilla/5.0 (Windows NT 6.3; Win64; x64) AppleWebKit/537.36 (KHTML, like Gecko) Chrome/103.0.5060.114 Safari/537.36"
45.148.234.122 - - [16/Apr/2025:12:19:08 -0400] "GET / HTTP/1.1" 200 156192 "https://greatamericanball.com/" "Mozilla/5.0 (Windows NT 10.0; WOW64) AppleWebKit/537.36 (KHTML, like Gecko) Chrome/103.0.5060.114 Safari/537.36"
193.203.8.37 - - [16/Apr/2025:12:19:09 -0400] "GET / HTTP/1.1" 200 156192 "https://greatamericanball.com/" "Mozilla/5.0 (Windows NT 6.3; Win64; x64) AppleWebKit/537.36 (KHTML, like Gecko) Chrome/103.0.5060.66 Safari/537.36"
193.233.88.130 - - [16/Apr/2025:12:19:09 -0400] "GET / HTTP/1.1" 200 156192 "https://greatamericanball.com/" "Mozilla/5.0 (Windows NT 10.0; Win64; x64) AppleWebKit/537.36 (KHTML, like Gecko) Chrome/103.0.5060.66 Safari/537.36"
198.54.114.83 - - [16/Apr/2025:12:19:09 -0400] "GET /wp-content/themes/safari-blog/inc/blocks/font-family/inc/google-webfonts.json HTTP/1.1" 200 1084380 "-" "WordPress/6.8; https://greatamericanball.com"
198.54.114.83 - - [16/Apr/2025:12:19:09 -0400] "GET /wp-content/themes/safari-blog/inc/blocks/font-family/inc/google-webfonts.json HTTP/1.1" 200 1084380 "-" "WordPress/6.8; https://greatamericanball.com"
198.54.114.83 - - [16/Apr/2025:12:19:09 -0400] "GET /wp-content/themes/safari-blog/inc/blocks/font-family/inc/google-webfonts.json HTTP/1.1" 200 1084380 "-" "WordPress/6.8; https://greatamericanball.com"
198.54.114.83 - - [16/Apr/2025:12:19:09 -0400] "GET /wp-content/themes/safari-blog/inc/blocks/font-family/inc/google-webfonts.json HTTP/1.1" 200 1084380 "-" "WordPress/6.8; https://greatamericanball.com"
198.54.114.83 - - [16/Apr/2025:12:19:09 -0400] "GET /wp-content/themes/safari-blog/inc/blocks/font-family/inc/google-webfonts.json HTTP/1.1" 200 1084380 "-" "WordPress/6.8; https://greatamericanball.com"
193.151.189.121 - - [16/Apr/2025:12:19:09 -0400] "GET / HTTP/1.1" 200 156192 "https://greatamericanball.com/" "Mozilla/5.0 (Windows NT 10.0; Win64; x64) AppleWebKit/537.36 (KHTML, like Gecko) Chrome/103.0.5060.134 Safari/537.36"
198.54.114.83 - - [16/Apr/2025:12:19:09 -0400] "GET /wp-content/themes/safari-blog/inc/blocks/font-family/inc/google-webfonts.json HTTP/1.1" 200 1084380 "-" "WordPress/6.8; https://greatamericanball.com"
198.54.114.83 - - [16/Apr/2025:12:19:09 -0400] "GET /wp-content/themes/safari-blog/inc/blocks/font-family/inc/google-webfonts.json HTTP/1.1" 200 1084380 "-" "WordPress/6.8; https://greatamericanball.com"
198.54.114.83 - - [16/Apr/2025:12:19:10 -0400] "GET /wp-content/themes/safari-blog/inc/blocks/font-family/inc/google-webfonts.json HTTP/1.1" 200 1084380 "-" "WordPress/6.8; https://greatamericanball.com"
193.233.88.130 - - [16/Apr/2025:12:19:09 -0400] "GET / HTTP/1.1" 200 156192 "https://greatamericanball.com/" "Mozilla/5.0 (Windows NT 6.1) AppleWebKit/537.36 (KHTML, like Gecko) Chrome/103.0.5060.114 Safari/537.36"
198.54.114.83 - - [16/Apr/2025:12:19:10 -0400] "GET /wp-content/themes/safari-blog/inc/blocks/font-family/inc/google-webfonts.json HTTP/1.1" 200 1084380 "-" "WordPress/6.8; https://greatamericanball.com"
193.233.88.130 - - [16/Apr/2025:12:19:10 -0400] "GET / HTTP/1.1" 200 156192 "https://greatamericanball.com/" "Mozilla/5.0 (Windows NT 6.3; Win64; x64) AppleWebKit/537.36 (KHTML, like Gecko) Chrome/103.0.5060.114 Safari/537.36"
198.54.114.83 - - [16/Apr/2025:12:19:10 -0400] "GET /wp-content/themes/safari-blog/inc/blocks/font-family/inc/google-webfonts.json HTTP/1.1" 200 1084380 "-" "WordPress/6.8; https://greatamericanball.com"
198.54.114.83 - - [16/Apr/2025:12:19:10 -0400] "GET /wp-content/themes/safari-blog/inc/blocks/font-family/inc/google-webfonts.json HTTP/1.1" 200 1084380 "-" "WordPress/6.8; https://greatamericanball.com"
198.54.114.83 - - [16/Apr/2025:12:19:10 -0400] "GET /wp-content/themes/safari-blog/inc/blocks/font-family/inc/google-webfonts.json HTTP/1.1" 200 1084380 "-" "WordPress/6.8; https://greatamericanball.com"
198.54.114.83 - - [16/Apr/2025:12:19:10 -0400] "GET /wp-content/themes/safari-blog/inc/blocks/font-family/inc/google-webfonts.json HTTP/1.1" 200 1084380 "-" "WordPress/6.8; https://greatamericanball.com"
198.54.114.83 - - [16/Apr/2025:12:19:10 -0400] "GET /wp-content/themes/safari-blog/inc/blocks/font-family/inc/google-webfonts.json HTTP/1.1" 200 1084380 "-" "WordPress/6.8; https://greatamericanball.com"
198.54.114.83 - - [16/Apr/2025:12:19:10 -0400] "GET /wp-content/themes/safari-blog/inc/blocks/font-family/inc/google-webfonts.json HTTP/1.1" 200 1084380 "-" "WordPress/6.8; https://greatamericanball.com"
68.71.245.206 - - [16/Apr/2025:12:19:10 -0400] "GET / HTTP/1.1" 200 156192 "https://greatamericanball.com/" "Mozilla/5.0 (Windows NT 10.0; Win64; x64) AppleWebKit/537.36 (KHTML, like Gecko) Chrome/103.0.0.0 Safari/537.36 Herring/95.1.8810.11"
212.119.44.16 - - [16/Apr/2025:12:19:10 -0400] "GET / HTTP/1.1" 200 156192 "https://greatamericanball.com/" "Mozilla/5.0 (Windows NT 10.0; WOW64) AppleWebKit/537.36 (KHTML, like Gecko) Chrome/103.0.5060.114 Safari/537.36"
198.54.114.83 - - [16/Apr/2025:12:19:13 -0400] "GET /wp-content/themes/safari-blog/inc/blocks/font-family/inc/google-webfonts.json HTTP/1.1" 200 1084380 "-" "WordPress/6.8; https://greatamericanball.com"
198.54.114.83 - - [16/Apr/2025:12:19:19 -0400] "GET /wp-content/themes/safari-blog/inc/blocks/font-family/inc/google-webfonts.json HTTP/1.1" 200 1084380 "-" "WordPress/6.8; https://greatamericanball.com"
193.233.88.130 - - [16/Apr/2025:12:19:05 -0400] "GET /career-paths/ HTTP/1.1" 200 0 "https://greatamericanball.com/career-paths/#comment-24071" "Mozilla/5.0 (Windows NT 6.1; WOW64) AppleWebKit/537.36 (KHTML, like Gecko) Chrome/103.0.0.0 Safari/537.36"
198.54.114.83 - - [16/Apr/2025:12:19:24 -0400] "GET /wp-content/themes/safari-blog/inc/blocks/font-family/inc/google-webfonts.json HTTP/1.1" 200 1084380 "-" "WordPress/6.8; https://greatamericanball.com"
198.54.114.83 - - [16/Apr/2025:12:19:30 -0400] "GET /wp-content/themes/safari-blog/inc/blocks/font-family/inc/google-webfonts.json HTTP/1.1" 200 1084380 "-" "WordPress/6.8; https://greatamericanball.com"
198.54.114.83 - - [16/Apr/2025:12:19:31 -0400] "GET /wp-content/themes/safari-blog/inc/blocks/font-family/inc/google-webfonts.json HTTP/1.1" 200 1084380 "-" "WordPress/6.8; https://greatamericanball.com"
198.54.114.83 - - [16/Apr/2025:12:19:36 -0400] "GET /wp-content/themes/safari-blog/inc/blocks/font-family/inc/google-webfonts.json HTTP/1.1" 200 524288 "-" "WordPress/6.8; https://greatamericanball.com"
198.54.114.83 - - [16/Apr/2025:12:19:41 -0400] "GET /wp-content/themes/safari-blog/inc/blocks/font-family/inc/google-webfonts.json HTTP/1.1" 200 1084380 "-" "WordPress/6.8; https://greatamericanball.com"
193.233.88.130 - - [16/Apr/2025:12:19:27 -0400] "GET /career-paths/ HTTP/1.1" 200 0 "https://greatamericanball.com/career-paths/" "Mozilla/5.0 (Windows NT 6.1; WOW64) AppleWebKit/537.36 (KHTML, like Gecko) Chrome/103.0.0.0 Safari/537.36"
198.54.114.83 - - [16/Apr/2025:12:19:48 -0400] "GET /wp-content/themes/safari-blog/inc/blocks/font-family/inc/google-webfonts.json HTTP/1.1" 200 0 "-" "WordPress/6.8; https://greatamericanball.com"
47.76.99.127 - - [16/Apr/2025:12:19:49 -0400] "HEAD /category/activity HTTP/1.1" 301 0 "-" "Mozilla/5.0 (Windows NT 6.0; Win64; x64) AppleWebKit/537.36 (KHTML, like Gecko) Chrome/68.0.2501.124 Safari/537.36"
8.210.190.63 - - [16/Apr/2025:12:19:52 -0400] "HEAD /category/activity HTTP/1.1" 301 0 "-" "Mozilla/5.0 (Windows NT 6.2; Win64; x64) AppleWebKit/537.36 (KHTML, like Gecko) Chrome/73.0.2546.123 Safari/537.36"
198.54.114.83 - - [16/Apr/2025:12:19:52 -0400] "POST /wp-cron.php?doing_wp_cron=1744820388.9832909107208251953125 HTTP/1.1" 200 0 "-" "WordPress/6.8; https://greatamericanball.com"
198.54.114.83 - - [16/Apr/2025:12:19:51 -0400] "GET /wp-content/themes/safari-blog/inc/blocks/font-family/inc/google-webfonts.json HTTP/1.1" 200 1084380 "-" "WordPress/6.8; https://greatamericanball.com"
193.233.88.130 - - [16/Apr/2025:12:19:48 -0400] "GET /author/jorge/ HTTP/1.1" 301 0 "https://greatamericanball.com/author/jorge/" "Mozilla/5.0 (Windows NT 6.1; WOW64) AppleWebKit/537.36 (KHTML, like Gecko) Chrome/103.0.0.0 Safari/537.36"
47.76.99.127 - - [16/Apr/2025:12:19:52 -0400] "HEAD /category/activity/ HTTP/1.1" 200 0 "-" "Mozilla/5.0 (Windows NT 6.0; Win64; x64) AppleWebKit/537.36 (KHTML, like Gecko) Chrome/68.0.2501.124 Safari/537.36"
8.210.190.63 - - [16/Apr/2025:12:19:55 -0400] "HEAD /category/activity/ HTTP/1.1" 200 0 "-" "Mozilla/5.0 (Windows NT 6.2; Win64; x64) AppleWebKit/537.36 (KHTML, like Gecko) Chrome/73.0.2546.123 Safari/537.36"
47.76.99.127 - - [16/Apr/2025:12:19:57 -0400] "GET /category/activity HTTP/1.1" 301 0 "-" "Mozilla/5.0 (Windows NT 6.0; Win64; x64) AppleWebKit/537.36 (KHTML, like Gecko) Chrome/68.0.2501.124 Safari/537.36"
8.210.190.63 - - [16/Apr/2025:12:20:00 -0400] "GET /category/activity HTTP/1.1" 301 0 "-" "Mozilla/5.0 (Windows NT 6.2; Win64; x64) AppleWebKit/537.36 (KHTML, like Gecko) Chrome/73.0.2546.123 Safari/537.36"
47.243.71.191 - - [16/Apr/2025:12:20:01 -0400] "HEAD /category/activity HTTP/1.1" 301 0 "-" "Mozilla/5.0 (Windows NT 6.2; Win64; x64) AppleWebKit/537.36 (KHTML, like Gecko) Chrome/63.0.3420.175 Safari/537.36"
47.76.99.127 - - [16/Apr/2025:12:20:01 -0400] "GET /category/activity/ HTTP/1.1" 200 0 "-" "Mozilla/5.0 (Windows NT 6.0; Win64; x64) AppleWebKit/537.36 (KHTML, like Gecko) Chrome/68.0.2501.124 Safari/537.36"
8.210.190.63 - - [16/Apr/2025:12:20:07 -0400] "GET /category/activity/ HTTP/1.1" 200 0 "-" "Mozilla/5.0 (Windows NT 6.2; Win64; x64) AppleWebKit/537.36 (KHTML, like Gecko) Chrome/73.0.2546.123 Safari/537.36"
47.243.78.23 - - [16/Apr/2025:12:20:08 -0400] "HEAD /category/activity HTTP/1.1" 301 0 "-" "Mozilla/5.0 (Windows NT 10.0; Win64; x64) AppleWebKit/537.36 (KHTML, like Gecko) Chrome/66.0.2618.39 Safari/537.36"
47.243.71.191 - - [16/Apr/2025:12:20:08 -0400] "HEAD /category/activity/ HTTP/1.1" 200 0 "-" "Mozilla/5.0 (Windows NT 6.2; Win64; x64) AppleWebKit/537.36 (KHTML, like Gecko) Chrome/63.0.3420.175 Safari/537.36"
198.54.114.83 - - [16/Apr/2025:12:20:09 -0400] "GET /wp-content/themes/safari-blog/inc/blocks/font-family/inc/google-webfonts.json HTTP/1.1" 200 0 "-" "WordPress/6.8; https://greatamericanball.com"
47.76.220.119 - - [16/Apr/2025:12:20:11 -0400] "HEAD /category/activity HTTP/1.1" 301 0 "-" "Mozilla/5.0 (Windows NT 6.3; Win64; x64) AppleWebKit/537.36 (KHTML, like Gecko) Chrome/66.0.3364.151 Safari/537.36"
198.54.114.83 - - [16/Apr/2025:12:20:13 -0400] "GET /wp-content/themes/safari-blog/inc/blocks/font-family/inc/google-webfonts.json HTTP/1.1" 200 0 "-" "WordPress/6.8; https://greatamericanball.com"
47.243.75.156 - - [16/Apr/2025:12:20:14 -0400] "HEAD /category/activity HTTP/1.1" 301 0 "-" "Mozilla/5.0 (Windows NT 6.2; Win64; x64) AppleWebKit/537.36 (KHTML, like Gecko) Chrome/69.0.2345.48 Safari/537.36"
198.54.114.83 - - [16/Apr/2025:12:20:14 -0400] "GET /wp-content/themes/safari-blog/inc/blocks/font-family/inc/google-webfonts.json HTTP/1.1" 200 0 "-" "WordPress/6.8; https://greatamericanball.com"
198.54.114.83 - - [16/Apr/2025:12:20:17 -0400] "GET /wp-content/themes/safari-blog/inc/blocks/font-family/inc/google-webfonts.json HTTP/1.1" 200 0 "-" "WordPress/6.8; https://greatamericanball.com"
47.76.220.119 - - [16/Apr/2025:12:20:16 -0400] "HEAD /category/activity/ HTTP/1.1" 200 0 "-" "Mozilla/5.0 (Windows NT 6.3; Win64; x64) AppleWebKit/537.36 (KHTML, like Gecko) Chrome/66.0.3364.151 Safari/537.36"
8.210.176.195 - - [16/Apr/2025:12:20:18 -0400] "HEAD /category/activity HTTP/1.1" 301 0 "-" "Mozilla/5.0 (Windows NT 6.3; Win64; x64) AppleWebKit/537.36 (KHTML, like Gecko) Chrome/76.0.2721.157 Safari/537.36"
198.54.114.83 - - [16/Apr/2025:12:20:18 -0400] "GET /wp-content/themes/safari-blog/inc/blocks/font-family/inc/google-webfonts.json HTTP/1.1" 200 0 "-" "WordPress/6.8; https://greatamericanball.com"
47.243.75.156 - - [16/Apr/2025:12:20:18 -0400] "HEAD /category/activity/ HTTP/1.1" 200 0 "-" "Mozilla/5.0 (Windows NT 6.2; Win64; x64) AppleWebKit/537.36 (KHTML, like Gecko) Chrome/69.0.2345.48 Safari/537.36"
47.76.220.119 - - [16/Apr/2025:12:20:21 -0400] "GET /category/activity HTTP/1.1" 301 0 "-" "Mozilla/5.0 (Windows NT 6.3; Win64; x64) AppleWebKit/537.36 (KHTML, like Gecko) Chrome/66.0.3364.151 Safari/537.36"
47.242.235.57 - - [16/Apr/2025:12:20:21 -0400] "HEAD /category/activity HTTP/1.1" 301 0 "-" "Mozilla/5.0 (Windows NT 6.2; Win64; x64) AppleWebKit/537.36 (KHTML, like Gecko) Chrome/60.0.3120.90 Safari/537.36"
198.54.114.83 - - [16/Apr/2025:12:20:22 -0400] "GET /wp-content/themes/safari-blog/inc/blocks/font-family/inc/google-webfonts.json HTTP/1.1" 200 0 "-" "WordPress/6.8; https://greatamericanball.com"
8.210.176.195 - - [16/Apr/2025:12:20:23 -0400] "HEAD /category/activity/ HTTP/1.1" 200 0 "-" "Mozilla/5.0 (Windows NT 6.3; Win64; x64) AppleWebKit/537.36 (KHTML, like Gecko) Chrome/76.0.2721.157 Safari/537.36"
198.54.114.83 - - [16/Apr/2025:12:20:23 -0400] "GET /wp-content/themes/safari-blog/inc/blocks/font-family/inc/google-webfonts.json HTTP/1.1" 200 0 "-" "WordPress/6.8; https://greatamericanball.com"
47.243.75.156 - - [16/Apr/2025:12:20:25 -0400] "GET /category/activity HTTP/1.1" 301 0 "-" "Mozilla/5.0 (Windows NT 6.2; Win64; x64) AppleWebKit/537.36 (KHTML, like Gecko) Chrome/69.0.2345.48 Safari/537.36"
47.242.235.57 - - [16/Apr/2025:12:20:25 -0400] "HEAD /category/activity HTTP/1.1" 301 0 "-" "Mozilla/5.0 (Windows NT 10.0; Win64; x64) AppleWebKit/537.36 (KHTML, like Gecko) Chrome/79.0.3005.138 Safari/537.36"
47.242.235.57 - - [16/Apr/2025:12:20:26 -0400] "HEAD /category/activity/ HTTP/1.1" 200 0 "-" "Mozilla/5.0 (Windows NT 6.2; Win64; x64) AppleWebKit/537.36 (KHTML, like Gecko) Chrome/60.0.3120.90 Safari/537.36"
8.210.176.195 - - [16/Apr/2025:12:20:27 -0400] "GET /category/activity HTTP/1.1" 301 0 "-" "Mozilla/5.0 (Windows NT 6.3; Win64; x64) AppleWebKit/537.36 (KHTML, like Gecko) Chrome/76.0.2721.157 Safari/537.36"
198.54.114.83 - - [16/Apr/2025:12:20:26 -0400] "GET /wp-content/themes/safari-blog/inc/blocks/font-family/inc/google-webfonts.json HTTP/1.1" 200 786432 "-" "WordPress/6.8; https://greatamericanball.com"
198.54.114.83 - - [16/Apr/2025:12:20:28 -0400] "GET /wp-content/themes/safari-blog/inc/blocks/font-family/inc/google-webfonts.json HTTP/1.1" 200 655360 "-" "WordPress/6.8; https://greatamericanball.com"
47.76.220.119 - - [16/Apr/2025:12:20:26 -0400] "GET /category/activity/ HTTP/1.1" 200 0 "-" "Mozilla/5.0 (Windows NT 6.3; Win64; x64) AppleWebKit/537.36 (KHTML, like Gecko) Chrome/66.0.3364.151 Safari/537.36"
47.242.235.57 - - [16/Apr/2025:12:20:29 -0400] "HEAD /category/activity/ HTTP/1.1" 200 0 "-" "Mozilla/5.0 (Windows NT 10.0; Win64; x64) AppleWebKit/537.36 (KHTML, like Gecko) Chrome/79.0.3005.138 Safari/537.36"
47.242.235.57 - - [16/Apr/2025:12:20:30 -0400] "GET /category/activity HTTP/1.1" 301 0 "-" "Mozilla/5.0 (Windows NT 6.2; Win64; x64) AppleWebKit/537.36 (KHTML, like Gecko) Chrome/60.0.3120.90 Safari/537.36"
8.210.188.13 - - [16/Apr/2025:12:20:31 -0400] "HEAD /category/activity HTTP/1.1" 301 0 "-" "Mozilla/5.0 (Windows NT 6.2; Win64; x64) AppleWebKit/537.36 (KHTML, like Gecko) Chrome/75.0.3484.29 Safari/537.36"
198.54.114.83 - - [16/Apr/2025:12:20:31 -0400] "GET /wp-content/themes/safari-blog/inc/blocks/font-family/inc/google-webfonts.json HTTP/1.1" 200 524288 "-" "WordPress/6.8; https://greatamericanball.com"
47.243.75.156 - - [16/Apr/2025:12:20:29 -0400] "GET /category/activity/ HTTP/1.1" 200 0 "-" "Mozilla/5.0 (Windows NT 6.2; Win64; x64) AppleWebKit/537.36 (KHTML, like Gecko) Chrome/69.0.2345.48 Safari/537.36"
198.54.114.83 - - [16/Apr/2025:12:20:32 -0400] "GET /wp-content/themes/safari-blog/inc/blocks/font-family/inc/google-webfonts.json HTTP/1.1" 200 1084380 "-" "WordPress/6.8; https://greatamericanball.com"
47.242.235.57 - - [16/Apr/2025:12:20:34 -0400] "GET /category/activity HTTP/1.1" 301 0 "-" "Mozilla/5.0 (Windows NT 10.0; Win64; x64) AppleWebKit/537.36 (KHTML, like Gecko) Chrome/79.0.3005.138 Safari/537.36"
8.210.176.195 - - [16/Apr/2025:12:20:31 -0400] "GET /category/activity/ HTTP/1.1" 200 0 "-" "Mozilla/5.0 (Windows NT 6.3; Win64; x64) AppleWebKit/537.36 (KHTML, like Gecko) Chrome/76.0.2721.157 Safari/537.36"
198.54.114.83 - - [16/Apr/2025:12:20:34 -0400] "GET /wp-content/themes/safari-blog/inc/blocks/font-family/inc/google-webfonts.json HTTP/1.1" 200 786432 "-" "WordPress/6.8; https://greatamericanball.com"
8.210.188.13 - - [16/Apr/2025:12:20:34 -0400] "HEAD /category/activity/ HTTP/1.1" 200 0 "-" "Mozilla/5.0 (Windows NT 6.2; Win64; x64) AppleWebKit/537.36 (KHTML, like Gecko) Chrome/75.0.3484.29 Safari/537.36"
198.54.114.83 - - [16/Apr/2025:12:20:35 -0400] "GET /wp-content/themes/safari-blog/inc/blocks/font-family/inc/google-webfonts.json HTTP/1.1" 200 1084380 "-" "WordPress/6.8; https://greatamericanball.com"
198.54.114.83 - - [16/Apr/2025:12:20:35 -0400] "GET /wp-content/themes/safari-blog/inc/blocks/font-family/inc/google-webfonts.json HTTP/1.1" 200 1084380 "-" "WordPress/6.8; https://greatamericanball.com"
47.242.235.57 - - [16/Apr/2025:12:20:34 -0400] "GET /category/activity/ HTTP/1.1" 200 0 "-" "Mozilla/5.0 (Windows NT 6.2; Win64; x64) AppleWebKit/537.36 (KHTML, like Gecko) Chrome/60.0.3120.90 Safari/537.36"
8.210.188.13 - - [16/Apr/2025:12:20:38 -0400] "GET /category/activity HTTP/1.1" 301 0 "-" "Mozilla/5.0 (Windows NT 6.2; Win64; x64) AppleWebKit/537.36 (KHTML, like Gecko) Chrome/75.0.3484.29 Safari/537.36"
198.54.114.83 - - [16/Apr/2025:12:20:38 -0400] "GET /wp-content/themes/safari-blog/inc/blocks/font-family/inc/google-webfonts.json HTTP/1.1" 200 1084380 "-" "WordPress/6.8; https://greatamericanball.com"
198.54.114.83 - - [16/Apr/2025:12:20:38 -0400] "GET /wp-content/themes/safari-blog/inc/blocks/font-family/inc/google-webfonts.json HTTP/1.1" 200 1084380 "-" "WordPress/6.8; https://greatamericanball.com"
198.54.114.83 - - [16/Apr/2025:12:20:39 -0400] "GET /wp-content/themes/safari-blog/inc/blocks/font-family/inc/google-webfonts.json HTTP/1.1" 200 1084380 "-" "WordPress/6.8; https://greatamericanball.com"
198.54.114.83 - - [16/Apr/2025:12:20:40 -0400] "GET /wp-content/themes/safari-blog/inc/blocks/font-family/inc/google-webfonts.json HTTP/1.1" 200 1084380 "-" "WordPress/6.8; https://greatamericanball.com"
198.54.114.83 - - [16/Apr/2025:12:20:41 -0400] "GET /wp-content/themes/safari-blog/inc/blocks/font-family/inc/google-webfonts.json HTTP/1.1" 200 1084380 "-" "WordPress/6.8; https://greatamericanball.com"
47.242.235.57 - - [16/Apr/2025:12:20:36 -0400] "GET /category/activity/ HTTP/1.1" 200 0 "-" "Mozilla/5.0 (Windows NT 10.0; Win64; x64) AppleWebKit/537.36 (KHTML, like Gecko) Chrome/79.0.3005.138 Safari/537.36"
47.243.173.250 - - [16/Apr/2025:12:20:41 -0400] "HEAD /category/activity HTTP/1.1" 301 0 "-" "Mozilla/5.0 (Windows NT 6.0; Win64; x64) AppleWebKit/537.36 (KHTML, like Gecko) Chrome/67.0.3956.82 Safari/537.36"
198.54.114.83 - - [16/Apr/2025:12:20:42 -0400] "GET /wp-content/themes/safari-blog/inc/blocks/font-family/inc/google-webfonts.json HTTP/1.1" 200 1084380 "-" "WordPress/6.8; https://greatamericanball.com"
198.54.114.83 - - [16/Apr/2025:12:20:42 -0400] "GET /wp-content/themes/safari-blog/inc/blocks/font-family/inc/google-webfonts.json HTTP/1.1" 200 1084380 "-" "WordPress/6.8; https://greatamericanball.com"
198.54.114.83 - - [16/Apr/2025:12:20:43 -0400] "GET /wp-content/themes/safari-blog/inc/blocks/font-family/inc/google-webfonts.json HTTP/1.1" 200 1084380 "-" "WordPress/6.8; https://greatamericanball.com"
198.54.114.83 - - [16/Apr/2025:12:20:43 -0400] "GET /wp-content/themes/safari-blog/inc/blocks/font-family/inc/google-webfonts.json HTTP/1.1" 200 1084380 "-" "WordPress/6.8; https://greatamericanball.com"
198.54.114.83 - - [16/Apr/2025:12:20:44 -0400] "GET /wp-content/themes/safari-blog/inc/blocks/font-family/inc/google-webfonts.json HTTP/1.1" 200 1084380 "-" "WordPress/6.8; https://greatamericanball.com"
47.243.173.250 - - [16/Apr/2025:12:20:43 -0400] "HEAD /category/activity/ HTTP/1.1" 200 0 "-" "Mozilla/5.0 (Windows NT 6.0; Win64; x64) AppleWebKit/537.36 (KHTML, like Gecko) Chrome/67.0.3956.82 Safari/537.36"
198.54.114.83 - - [16/Apr/2025:12:20:44 -0400] "GET /wp-content/themes/safari-blog/inc/blocks/font-family/inc/google-webfonts.json HTTP/1.1" 200 1084380 "-" "WordPress/6.8; https://greatamericanball.com"
198.54.114.83 - - [16/Apr/2025:12:20:45 -0400] "GET /wp-content/themes/safari-blog/inc/blocks/font-family/inc/google-webfonts.json HTTP/1.1" 200 1084380 "-" "WordPress/6.8; https://greatamericanball.com"
8.210.86.249 - - [16/Apr/2025:12:20:45 -0400] "HEAD /category/activity HTTP/1.1" 301 0 "-" "Mozilla/5.0 (Windows NT 10.0; Win64; x64) AppleWebKit/537.36 (KHTML, like Gecko) Chrome/72.0.3691.150 Safari/537.36"
8.210.188.13 - - [16/Apr/2025:12:20:41 -0400] "GET /category/activity/ HTTP/1.1" 200 0 "-" "Mozilla/5.0 (Windows NT 6.2; Win64; x64) AppleWebKit/537.36 (KHTML, like Gecko) Chrome/75.0.3484.29 Safari/537.36"
198.54.114.83 - - [16/Apr/2025:12:20:46 -0400] "GET /wp-content/themes/safari-blog/inc/blocks/font-family/inc/google-webfonts.json HTTP/1.1" 200 1084380 "-" "WordPress/6.8; https://greatamericanball.com"
47.243.173.250 - - [16/Apr/2025:12:20:46 -0400] "GET /category/activity HTTP/1.1" 301 0 "-" "Mozilla/5.0 (Windows NT 6.0; Win64; x64) AppleWebKit/537.36 (KHTML, like Gecko) Chrome/67.0.3956.82 Safari/537.36"
198.54.114.83 - - [16/Apr/2025:12:20:48 -0400] "GET /wp-content/themes/safari-blog/inc/blocks/font-family/inc/google-webfonts.json HTTP/1.1" 200 393216 "-" "WordPress/6.8; https://greatamericanball.com"
198.54.114.83 - - [16/Apr/2025:12:20:49 -0400] "GET /wp-content/themes/safari-blog/inc/blocks/font-family/inc/google-webfonts.json HTTP/1.1" 200 1048576 "-" "WordPress/6.8; https://greatamericanball.com"
198.54.114.83 - - [16/Apr/2025:12:20:49 -0400] "GET /wp-content/themes/safari-blog/inc/blocks/font-family/inc/google-webfonts.json HTTP/1.1" 200 1084380 "-" "WordPress/6.8; https://greatamericanball.com"
198.54.114.83 - - [16/Apr/2025:12:20:49 -0400] "GET /wp-content/themes/safari-blog/inc/blocks/font-family/inc/google-webfonts.json HTTP/1.1" 200 1084380 "-" "WordPress/6.8; https://greatamericanball.com"
8.210.86.249 - - [16/Apr/2025:12:20:48 -0400] "HEAD /category/activity/ HTTP/1.1" 200 0 "-" "Mozilla/5.0 (Windows NT 10.0; Win64; x64) AppleWebKit/537.36 (KHTML, like Gecko) Chrome/72.0.3691.150 Safari/537.36"
198.54.114.83 - - [16/Apr/2025:12:20:50 -0400] "GET /wp-content/themes/safari-blog/inc/blocks/font-family/inc/google-webfonts.json HTTP/1.1" 200 1084380 "-" "WordPress/6.8; https://greatamericanball.com"
198.54.114.83 - - [16/Apr/2025:12:20:50 -0400] "GET /wp-content/themes/safari-blog/inc/blocks/font-family/inc/google-webfonts.json HTTP/1.1" 200 1084380 "-" "WordPress/6.8; https://greatamericanball.com"
8.210.147.121 - - [16/Apr/2025:12:20:50 -0400] "HEAD /category/activity HTTP/1.1" 301 0 "-" "Mozilla/5.0 (Windows NT 10.0; Win64; x64) AppleWebKit/537.36 (KHTML, like Gecko) Chrome/69.0.2653.43 Safari/537.36"
198.54.114.83 - - [16/Apr/2025:12:20:52 -0400] "POST /wp-cron.php?doing_wp_cron=1744820449.0705749988555908203125 HTTP/1.1" 200 0 "-" "WordPress/6.8; https://greatamericanball.com"
8.210.86.249 - - [16/Apr/2025:12:20:53 -0400] "GET /category/activity HTTP/1.1" 301 0 "-" "Mozilla/5.0 (Windows NT 10.0; Win64; x64) AppleWebKit/537.36 (KHTML, like Gecko) Chrome/72.0.3691.150 Safari/537.36"
198.54.114.83 - - [16/Apr/2025:12:20:52 -0400] "GET /wp-content/themes/safari-blog/inc/blocks/font-family/inc/google-webfonts.json HTTP/1.1" 200 1084380 "-" "WordPress/6.8; https://greatamericanball.com"
47.243.173.250 - - [16/Apr/2025:12:20:50 -0400] "GET /category/activity/ HTTP/1.1" 200 0 "-" "Mozilla/5.0 (Windows NT 6.0; Win64; x64) AppleWebKit/537.36 (KHTML, like Gecko) Chrome/67.0.3956.82 Safari/537.36"
198.54.114.83 - - [16/Apr/2025:12:20:54 -0400] "GET /wp-content/themes/safari-blog/inc/blocks/font-family/inc/google-webfonts.json HTTP/1.1" 200 1084380 "-" "WordPress/6.8; https://greatamericanball.com"
198.54.114.83 - - [16/Apr/2025:12:20:54 -0400] "GET /wp-content/themes/safari-blog/inc/blocks/font-family/inc/google-webfonts.json HTTP/1.1" 200 1084380 "-" "WordPress/6.8; https://greatamericanball.com"
198.54.114.83 - - [16/Apr/2025:12:20:54 -0400] "GET /wp-content/themes/safari-blog/inc/blocks/font-family/inc/google-webfonts.json HTTP/1.1" 200 1084380 "-" "WordPress/6.8; https://greatamericanball.com"
47.76.220.119 - - [16/Apr/2025:12:20:54 -0400] "HEAD /category/activity HTTP/1.1" 301 0 "-" "Mozilla/5.0 (Windows NT 6.1; Win64; x64) AppleWebKit/537.36 (KHTML, like Gecko) Chrome/74.0.3238.170 Safari/537.36"
8.210.147.121 - - [16/Apr/2025:12:20:54 -0400] "HEAD /category/activity/ HTTP/1.1" 200 0 "-" "Mozilla/5.0 (Windows NT 10.0; Win64; x64) AppleWebKit/537.36 (KHTML, like Gecko) Chrome/69.0.2653.43 Safari/537.36"
8.210.147.121 - - [16/Apr/2025:12:20:57 -0400] "GET /category/activity HTTP/1.1" 301 0 "-" "Mozilla/5.0 (Windows NT 10.0; Win64; x64) AppleWebKit/537.36 (KHTML, like Gecko) Chrome/69.0.2653.43 Safari/537.36"
47.76.220.119 - - [16/Apr/2025:12:20:57 -0400] "HEAD /category/activity/ HTTP/1.1" 200 0 "-" "Mozilla/5.0 (Windows NT 6.1; Win64; x64) AppleWebKit/537.36 (KHTML, like Gecko) Chrome/74.0.3238.170 Safari/537.36"
198.54.114.83 - - [16/Apr/2025:12:20:58 -0400] "GET /wp-content/themes/safari-blog/inc/blocks/font-family/inc/google-webfonts.json HTTP/1.1" 200 1084380 "-" "WordPress/6.8; https://greatamericanball.com"
198.54.114.83 - - [16/Apr/2025:12:20:58 -0400] "GET /wp-content/themes/safari-blog/inc/blocks/font-family/inc/google-webfonts.json HTTP/1.1" 200 1084380 "-" "WordPress/6.8; https://greatamericanball.com"
198.54.114.83 - - [16/Apr/2025:12:20:59 -0400] "GET /wp-content/themes/safari-blog/inc/blocks/font-family/inc/google-webfonts.json HTTP/1.1" 200 1084380 "-" "WordPress/6.8; https://greatamericanball.com"
198.54.114.83 - - [16/Apr/2025:12:20:59 -0400] "GET /wp-content/themes/safari-blog/inc/blocks/font-family/inc/google-webfonts.json HTTP/1.1" 200 1084380 "-" "WordPress/6.8; https://greatamericanball.com"
8.210.86.249 - - [16/Apr/2025:12:20:57 -0400] "GET /category/activity/ HTTP/1.1" 200 0 "-" "Mozilla/5.0 (Windows NT 10.0; Win64; x64) AppleWebKit/537.36 (KHTML, like Gecko) Chrome/72.0.3691.150 Safari/537.36"
47.76.220.119 - - [16/Apr/2025:12:21:01 -0400] "GET /category/activity HTTP/1.1" 301 0 "-" "Mozilla/5.0 (Windows NT 6.1; Win64; x64) AppleWebKit/537.36 (KHTML, like Gecko) Chrome/74.0.3238.170 Safari/537.36"
47.76.99.127 - - [16/Apr/2025:12:21:01 -0400] "HEAD /category/activity HTTP/1.1" 301 0 "-" "Mozilla/5.0 (Windows NT 6.0; Win64; x64) AppleWebKit/537.36 (KHTML, like Gecko) Chrome/62.0.2251.91 Safari/537.36"
198.54.114.83 - - [16/Apr/2025:12:21:01 -0400] "GET /wp-content/themes/safari-blog/inc/blocks/font-family/inc/google-webfonts.json HTTP/1.1" 200 1084380 "-" "WordPress/6.8; https://greatamericanball.com"
198.54.114.83 - - [16/Apr/2025:12:21:03 -0400] "GET /wp-content/themes/safari-blog/inc/blocks/font-family/inc/google-webfonts.json HTTP/1.1" 200 1084380 "-" "WordPress/6.8; https://greatamericanball.com"
198.54.114.83 - - [16/Apr/2025:12:21:04 -0400] "GET /wp-content/themes/safari-blog/inc/blocks/font-family/inc/google-webfonts.json HTTP/1.1" 200 1084380 "-" "WordPress/6.8; https://greatamericanball.com"
8.210.147.121 - - [16/Apr/2025:12:21:01 -0400] "GET /category/activity/ HTTP/1.1" 200 0 "-" "Mozilla/5.0 (Windows NT 10.0; Win64; x64) AppleWebKit/537.36 (KHTML, like Gecko) Chrome/69.0.2653.43 Safari/537.36"
47.76.99.127 - - [16/Apr/2025:12:21:05 -0400] "HEAD /category/activity/ HTTP/1.1" 200 0 "-" "Mozilla/5.0 (Windows NT 6.0; Win64; x64) AppleWebKit/537.36 (KHTML, like Gecko) Chrome/62.0.2251.91 Safari/537.36"
8.210.190.63 - - [16/Apr/2025:12:21:05 -0400] "HEAD /category/activity HTTP/1.1" 301 0 "-" "Mozilla/5.0 (Windows NT 10.0; Win64; x64) AppleWebKit/537.36 (KHTML, like Gecko) Chrome/63.0.3300.164 Safari/537.36"
198.54.114.83 - - [16/Apr/2025:12:21:05 -0400] "GET /wp-content/themes/safari-blog/inc/blocks/font-family/inc/google-webfonts.json HTTP/1.1" 200 1084380 "-" "WordPress/6.8; https://greatamericanball.com"
198.54.114.83 - - [16/Apr/2025:12:21:07 -0400] "GET /wp-content/themes/safari-blog/inc/blocks/font-family/inc/google-webfonts.json HTTP/1.1" 200 917504 "-" "WordPress/6.8; https://greatamericanball.com"
47.76.220.119 - - [16/Apr/2025:12:21:05 -0400] "GET /category/activity/ HTTP/1.1" 200 0 "-" "Mozilla/5.0 (Windows NT 6.1; Win64; x64) AppleWebKit/537.36 (KHTML, like Gecko) Chrome/74.0.3238.170 Safari/537.36"
47.243.193.222 - - [16/Apr/2025:12:21:09 -0400] "HEAD /category/activity HTTP/1.1" 301 0 "-" "Mozilla/5.0 (Windows NT 10.0; Win64; x64) AppleWebKit/537.36 (KHTML, like Gecko) Chrome/64.0.3051.107 Safari/537.36"
47.76.99.127 - - [16/Apr/2025:12:21:09 -0400] "GET /category/activity HTTP/1.1" 301 0 "-" "Mozilla/5.0 (Windows NT 6.0; Win64; x64) AppleWebKit/537.36 (KHTML, like Gecko) Chrome/62.0.2251.91 Safari/537.36"
198.54.114.83 - - [16/Apr/2025:12:21:09 -0400] "GET /wp-content/themes/safari-blog/inc/blocks/font-family/inc/google-webfonts.json HTTP/1.1" 200 655360 "-" "WordPress/6.8; https://greatamericanball.com"
8.210.190.63 - - [16/Apr/2025:12:21:09 -0400] "HEAD /category/activity/ HTTP/1.1" 200 0 "-" "Mozilla/5.0 (Windows NT 10.0; Win64; x64) AppleWebKit/537.36 (KHTML, like Gecko) Chrome/63.0.3300.164 Safari/537.36"
198.54.114.83 - - [16/Apr/2025:12:21:09 -0400] "GET /wp-content/themes/safari-blog/inc/blocks/font-family/inc/google-webfonts.json HTTP/1.1" 200 786432 "-" "WordPress/6.8; https://greatamericanball.com"
198.54.114.83 - - [16/Apr/2025:12:21:11 -0400] "GET /wp-content/themes/safari-blog/inc/blocks/font-family/inc/google-webfonts.json HTTP/1.1" 200 1084380 "-" "WordPress/6.8; https://greatamericanball.com"
198.54.114.83 - - [16/Apr/2025:12:21:11 -0400] "GET /wp-content/themes/safari-blog/inc/blocks/font-family/inc/google-webfonts.json HTTP/1.1" 200 1084380 "-" "WordPress/6.8; https://greatamericanball.com"
47.243.193.222 - - [16/Apr/2025:12:21:11 -0400] "HEAD /category/activity/ HTTP/1.1" 200 0 "-" "Mozilla/5.0 (Windows NT 10.0; Win64; x64) AppleWebKit/537.36 (KHTML, like Gecko) Chrome/64.0.3051.107 Safari/537.36"
8.210.190.63 - - [16/Apr/2025:12:21:13 -0400] "GET /category/activity HTTP/1.1" 301 0 "-" "Mozilla/5.0 (Windows NT 10.0; Win64; x64) AppleWebKit/537.36 (KHTML, like Gecko) Chrome/63.0.3300.164 Safari/537.36"
198.54.114.83 - - [16/Apr/2025:12:21:13 -0400] "GET /wp-content/themes/safari-blog/inc/blocks/font-family/inc/google-webfonts.json HTTP/1.1" 200 1084380 "-" "WordPress/6.8; https://greatamericanball.com"
198.54.114.83 - - [16/Apr/2025:12:21:15 -0400] "GET /wp-content/themes/safari-blog/inc/blocks/font-family/inc/google-webfonts.json HTTP/1.1" 200 1084380 "-" "WordPress/6.8; https://greatamericanball.com"
198.54.114.83 - - [16/Apr/2025:12:21:15 -0400] "GET /wp-content/themes/safari-blog/inc/blocks/font-family/inc/google-webfonts.json HTTP/1.1" 200 1084380 "-" "WordPress/6.8; https://greatamericanball.com"
47.243.193.222 - - [16/Apr/2025:12:21:15 -0400] "GET /category/activity HTTP/1.1" 301 0 "-" "Mozilla/5.0 (Windows NT 10.0; Win64; x64) AppleWebKit/537.36 (KHTML, like Gecko) Chrome/64.0.3051.107 Safari/537.36"
47.76.99.127 - - [16/Apr/2025:12:21:12 -0400] "GET /category/activity/ HTTP/1.1" 200 0 "-" "Mozilla/5.0 (Windows NT 6.0; Win64; x64) AppleWebKit/537.36 (KHTML, like Gecko) Chrome/62.0.2251.91 Safari/537.36"
47.242.234.100 - - [16/Apr/2025:12:21:18 -0400] "HEAD /category/activity HTTP/1.1" 301 0 "-" "Mozilla/5.0 (Windows NT 6.1; Win64; x64) AppleWebKit/537.36 (KHTML, like Gecko) Chrome/60.0.2190.178 Safari/537.36"
198.54.114.83 - - [16/Apr/2025:12:21:17 -0400] "GET /wp-content/themes/safari-blog/inc/blocks/font-family/inc/google-webfonts.json HTTP/1.1" 200 1084380 "-" "WordPress/6.8; https://greatamericanball.com"
198.54.114.83 - - [16/Apr/2025:12:21:17 -0400] "GET /wp-content/themes/safari-blog/inc/blocks/font-family/inc/google-webfonts.json HTTP/1.1" 200 1084380 "-" "WordPress/6.8; https://greatamericanball.com"
198.54.114.83 - - [16/Apr/2025:12:21:19 -0400] "GET /wp-content/themes/safari-blog/inc/blocks/font-family/inc/google-webfonts.json HTTP/1.1" 200 1084380 "-" "WordPress/6.8; https://greatamericanball.com"
8.210.190.63 - - [16/Apr/2025:12:21:17 -0400] "GET /category/activity/ HTTP/1.1" 200 0 "-" "Mozilla/5.0 (Windows NT 10.0; Win64; x64) AppleWebKit/537.36 (KHTML, like Gecko) Chrome/63.0.3300.164 Safari/537.36"
47.243.234.164 - - [16/Apr/2025:12:21:22 -0400] "HEAD /category/activity HTTP/1.1" 301 0 "-" "Mozilla/5.0 (Windows NT 10.0; Win64; x64) AppleWebKit/537.36 (KHTML, like Gecko) Chrome/61.0.3779.21 Safari/537.36"
