198.54.114.83 - - [16/Apr/2025:13:19:34 -0400] "GET /wp-content/themes/safari-blog/inc/blocks/font-family/inc/google-webfonts.json HTTP/1.1" 200 524288 "-" "WordPress/6.8; https://greatamericanball.com"
2a03:2880:f800:c:: - - [16/Apr/2025:13:19:03 -0400] "GET /page/122/ HTTP/1.1" 200 10644 "-" "meta-externalagent/1.1 (+https://developers.facebook.com/docs/sharing/webmasters/crawler)"
27.42.99.97 - - [16/Apr/2025:13:20:04 -0400] "GET /the-mk-bucket-bag-is-a-must-have-for-every-woman/ HTTP/1.1" 200 0 "https://greatamericanball.com" "Mozilla/5.0 (Windows NT 10.0; Win64; x64) AppleWebKit/537.36 (KHTML, like Gecko) Chrome/62.0.3202.94 Safari/537.36"
198.54.114.83 - - [16/Apr/2025:13:20:10 -0400] "GET /wp-content/themes/safari-blog/inc/blocks/font-family/inc/google-webfonts.json HTTP/1.1" 200 524288 "-" "WordPress/6.8; https://greatamericanball.com"
198.54.114.83 - - [16/Apr/2025:13:20:14 -0400] "GET /wp-content/themes/safari-blog/inc/blocks/font-family/inc/google-webfonts.json HTTP/1.1" 200 655360 "-" "WordPress/6.8; https://greatamericanball.com"
198.54.114.83 - - [16/Apr/2025:13:20:20 -0400] "GET /wp-content/themes/safari-blog/inc/blocks/font-family/inc/google-webfonts.json HTTP/1.1" 200 0 "-" "WordPress/6.8; https://greatamericanball.com"
198.54.114.83 - - [16/Apr/2025:13:20:25 -0400] "GET /wp-content/themes/safari-blog/inc/blocks/font-family/inc/google-webfonts.json HTTP/1.1" 200 524288 "-" "WordPress/6.8; https://greatamericanball.com"
198.54.114.83 - - [16/Apr/2025:13:20:28 -0400] "GET /wp-content/themes/safari-blog/inc/blocks/font-family/inc/google-webfonts.json HTTP/1.1" 200 1084380 "-" "WordPress/6.8; https://greatamericanball.com"
198.54.114.83 - - [16/Apr/2025:13:22:13 -0400] "GET /wp-content/themes/safari-blog/inc/blocks/font-family/inc/google-webfonts.json HTTP/1.1" 200 1084380 "-" "WordPress/6.8; https://greatamericanball.com"
198.54.114.83 - - [16/Apr/2025:13:22:16 -0400] "GET /wp-content/themes/safari-blog/inc/blocks/font-family/inc/google-webfonts.json HTTP/1.1" 200 1084380 "-" "WordPress/6.8; https://greatamericanball.com"
198.54.114.83 - - [16/Apr/2025:13:22:19 -0400] "GET /wp-content/themes/safari-blog/inc/blocks/font-family/inc/google-webfonts.json HTTP/1.1" 200 1084380 "-" "WordPress/6.8; https://greatamericanball.com"
198.54.114.83 - - [16/Apr/2025:13:22:22 -0400] "GET /wp-content/themes/safari-blog/inc/blocks/font-family/inc/google-webfonts.json HTTP/1.1" 200 1084380 "-" "WordPress/6.8; https://greatamericanball.com"
198.54.114.83 - - [16/Apr/2025:13:22:26 -0400] "GET /wp-content/themes/safari-blog/inc/blocks/font-family/inc/google-webfonts.json HTTP/1.1" 200 1084380 "-" "WordPress/6.8; https://greatamericanball.com"
47.128.121.133 - - [16/Apr/2025:13:22:10 -0400] "GET /quest-ce-que-lhuile-de-cbd-utilisations-avantages-et-effets-secondaires/ HTTP/1.1" 200 13692 "-" "Mozilla/5.0 (Linux; Android 5.0) AppleWebKit/537.36 (KHTML, like Gecko) Mobile Safari/537.36 (compatible; TikTokSpider; ttspider-feedback@tiktok.com)"
195.2.71.225 - - [16/Apr/2025:13:23:31 -0400] "GET /where-to-buy-cbd-oil-in-the-uk/ HTTP/1.1" 200 12264 "https://greatamericanball.com/where-to-buy-cbd-oil-in-the-uk/" "Mozilla/5.0 (Windows NT 10.0; Win64; x64) AppleWebKit/537.36 (KHTML, like Gecko) Chrome/129.0.0.0 Safari/537.36"
195.2.71.225 - - [16/Apr/2025:13:23:35 -0400] "POST /wp-comments-post.php HTTP/1.1" 302 0 "https://greatamericanball.com/where-to-buy-cbd-oil-in-the-uk/" "Mozilla/5.0 (Windows NT 10.0; Win64; x64) AppleWebKit/537.36 (KHTML, like Gecko) Chrome/129.0.0.0 Safari/537.36"
198.54.114.83 - - [16/Apr/2025:13:23:46 -0400] "GET /wp-content/themes/safari-blog/inc/blocks/font-family/inc/google-webfonts.json HTTP/1.1" 200 1084380 "-" "WordPress/6.8; https://greatamericanball.com"
198.54.114.83 - - [16/Apr/2025:13:23:51 -0400] "GET /wp-content/themes/safari-blog/inc/blocks/font-family/inc/google-webfonts.json HTTP/1.1" 200 1084380 "-" "WordPress/6.8; https://greatamericanball.com"
198.54.114.83 - - [16/Apr/2025:13:23:55 -0400] "GET /wp-content/themes/safari-blog/inc/blocks/font-family/inc/google-webfonts.json HTTP/1.1" 200 1084380 "-" "WordPress/6.8; https://greatamericanball.com"
198.54.114.83 - - [16/Apr/2025:13:24:01 -0400] "GET /wp-content/themes/safari-blog/inc/blocks/font-family/inc/google-webfonts.json HTTP/1.1" 200 1084380 "-" "WordPress/6.8; https://greatamericanball.com"
198.54.114.83 - - [16/Apr/2025:13:24:05 -0400] "GET /wp-content/themes/safari-blog/inc/blocks/font-family/inc/google-webfonts.json HTTP/1.1" 200 1084380 "-" "WordPress/6.8; https://greatamericanball.com"
195.2.71.225 - - [16/Apr/2025:13:23:42 -0400] "GET /where-to-buy-cbd-oil-in-the-uk/ HTTP/1.1" 200 17876 "https://greatamericanball.com/where-to-buy-cbd-oil-in-the-uk/#comment-24076" "Mozilla/5.0 (Windows NT 10.0; Win64; x64) AppleWebKit/537.36 (KHTML, like Gecko) Chrome/129.0.0.0 Safari/537.36"
114.10.47.97 - - [16/Apr/2025:13:28:13 -0400] "POST /wp-login.php/wp-login.php HTTP/1.1" 200 0 "-" "python-requests/2.32.3"
198.54.114.83 - - [16/Apr/2025:13:29:12 -0400] "GET /wp-content/themes/safari-blog/inc/blocks/font-family/inc/google-webfonts.json HTTP/1.1" 200 131072 "-" "WordPress/6.8; https://greatamericanball.com"
198.54.114.83 - - [16/Apr/2025:13:29:15 -0400] "GET /wp-content/themes/safari-blog/inc/blocks/font-family/inc/google-webfonts.json HTTP/1.1" 200 1084380 "-" "WordPress/6.8; https://greatamericanball.com"
198.54.114.83 - - [16/Apr/2025:13:29:19 -0400] "GET /wp-content/themes/safari-blog/inc/blocks/font-family/inc/google-webfonts.json HTTP/1.1" 200 1084380 "-" "WordPress/6.8; https://greatamericanball.com"
198.54.114.83 - - [16/Apr/2025:13:29:24 -0400] "GET /wp-content/themes/safari-blog/inc/blocks/font-family/inc/google-webfonts.json HTTP/1.1" 200 1084380 "-" "WordPress/6.8; https://greatamericanball.com"
198.54.114.83 - - [16/Apr/2025:13:29:26 -0400] "GET /wp-content/themes/safari-blog/inc/blocks/font-family/inc/google-webfonts.json HTTP/1.1" 200 1084380 "-" "WordPress/6.8; https://greatamericanball.com"
157.55.39.200 - - [16/Apr/2025:13:29:06 -0400] "GET /elegance-personified-the-timeless-appeal-of-the-navy-suit/ HTTP/1.1" 200 11621 "-" "Mozilla/5.0 AppleWebKit/537.36 (KHTML, like Gecko; compatible; bingbot/2.0; +http://www.bing.com/bingbot.htm) Chrome/116.0.1938.76 Safari/537.36"
84.54.44.19 - - [16/Apr/2025:13:32:23 -0400] "GET /where-to-buy-cbd-oil-in-the-uk/ HTTP/1.1" 200 12264 "https://greatamericanball.com/where-to-buy-cbd-oil-in-the-uk/#comment-6703/" "Mozilla/5.0 (Windows NT 10.0; Win64; x64) AppleWebKit/537.36 (KHTML, like Gecko) Chrome/130.0.0.0 Safari/537.36 CCleaner/130.0.0.0"
84.54.44.19 - - [16/Apr/2025:13:32:26 -0400] "POST /wp-comments-post.php HTTP/1.1" 302 0 "https://greatamericanball.com/where-to-buy-cbd-oil-in-the-uk/#comment-6703/" "Mozilla/5.0 (Windows NT 10.0; Win64; x64) AppleWebKit/537.36 (KHTML, like Gecko) Chrome/130.0.0.0 Safari/537.36 CCleaner/130.0.0.0"
198.54.114.83 - - [16/Apr/2025:13:32:34 -0400] "GET /wp-content/themes/safari-blog/inc/blocks/font-family/inc/google-webfonts.json HTTP/1.1" 200 1084380 "-" "WordPress/6.8; https://greatamericanball.com"
198.54.114.83 - - [16/Apr/2025:13:32:38 -0400] "GET /wp-content/themes/safari-blog/inc/blocks/font-family/inc/google-webfonts.json HTTP/1.1" 200 1084380 "-" "WordPress/6.8; https://greatamericanball.com"
198.54.114.83 - - [16/Apr/2025:13:32:42 -0400] "GET /wp-content/themes/safari-blog/inc/blocks/font-family/inc/google-webfonts.json HTTP/1.1" 200 1084380 "-" "WordPress/6.8; https://greatamericanball.com"
198.54.114.83 - - [16/Apr/2025:13:32:46 -0400] "GET /wp-content/themes/safari-blog/inc/blocks/font-family/inc/google-webfonts.json HTTP/1.1" 200 1084380 "-" "WordPress/6.8; https://greatamericanball.com"
198.54.114.83 - - [16/Apr/2025:13:32:49 -0400] "GET /wp-content/themes/safari-blog/inc/blocks/font-family/inc/google-webfonts.json HTTP/1.1" 200 1084380 "-" "WordPress/6.8; https://greatamericanball.com"
84.54.44.19 - - [16/Apr/2025:13:32:31 -0400] "GET /where-to-buy-cbd-oil-in-the-uk/ HTTP/1.1" 200 20122 "https://greatamericanball.com/where-to-buy-cbd-oil-in-the-uk/#comment-24077" "Mozilla/5.0 (Windows NT 10.0; Win64; x64) AppleWebKit/537.36 (KHTML, like Gecko) Chrome/130.0.0.0 Safari/537.36 CCleaner/130.0.0.0"
198.54.114.83 - - [16/Apr/2025:13:35:38 -0400] "GET /wp-content/themes/safari-blog/inc/blocks/font-family/inc/google-webfonts.json HTTP/1.1" 200 1084380 "-" "WordPress/6.8; https://greatamericanball.com"
198.54.114.83 - - [16/Apr/2025:13:35:43 -0400] "GET /wp-content/themes/safari-blog/inc/blocks/font-family/inc/google-webfonts.json HTTP/1.1" 200 1084380 "-" "WordPress/6.8; https://greatamericanball.com"
198.54.114.83 - - [16/Apr/2025:13:35:45 -0400] "GET /wp-content/themes/safari-blog/inc/blocks/font-family/inc/google-webfonts.json HTTP/1.1" 200 1084380 "-" "WordPress/6.8; https://greatamericanball.com"
198.54.114.83 - - [16/Apr/2025:13:35:46 -0400] "GET /wp-content/themes/safari-blog/inc/blocks/font-family/inc/google-webfonts.json HTTP/1.1" 200 1084380 "-" "WordPress/6.8; https://greatamericanball.com"
198.54.114.83 - - [16/Apr/2025:13:35:48 -0400] "GET /wp-content/themes/safari-blog/inc/blocks/font-family/inc/google-webfonts.json HTTP/1.1" 200 1084380 "-" "WordPress/6.8; https://greatamericanball.com"
198.54.114.83 - - [16/Apr/2025:13:35:49 -0400] "GET /wp-content/themes/safari-blog/inc/blocks/font-family/inc/google-webfonts.json HTTP/1.1" 200 1084380 "-" "WordPress/6.8; https://greatamericanball.com"
198.54.114.83 - - [16/Apr/2025:13:35:51 -0400] "GET /wp-content/themes/safari-blog/inc/blocks/font-family/inc/google-webfonts.json HTTP/1.1" 200 1084380 "-" "WordPress/6.8; https://greatamericanball.com"
198.54.114.83 - - [16/Apr/2025:13:35:51 -0400] "GET /wp-content/themes/safari-blog/inc/blocks/font-family/inc/google-webfonts.json HTTP/1.1" 200 1084380 "-" "WordPress/6.8; https://greatamericanball.com"
207.46.13.51 - - [16/Apr/2025:13:35:35 -0400] "GET /enhancing-workplace-efficiency-with-employee-communication-apps/ HTTP/1.1" 200 11409 "-" "Mozilla/5.0 AppleWebKit/537.36 (KHTML, like Gecko; compatible; bingbot/2.0; +http://www.bing.com/bingbot.htm) Chrome/116.0.1938.76 Safari/537.36"
198.54.114.83 - - [16/Apr/2025:13:35:52 -0400] "GET /wp-content/themes/safari-blog/inc/blocks/font-family/inc/google-webfonts.json HTTP/1.1" 200 1084380 "-" "WordPress/6.8; https://greatamericanball.com"
198.54.114.83 - - [16/Apr/2025:13:35:54 -0400] "GET /wp-content/themes/safari-blog/inc/blocks/font-family/inc/google-webfonts.json HTTP/1.1" 200 1084380 "-" "WordPress/6.8; https://greatamericanball.com"
52.167.144.161 - - [16/Apr/2025:13:35:44 -0400] "GET /balance-sheet-hattingen/ HTTP/1.1" 200 11169 "-" "Mozilla/5.0 AppleWebKit/537.36 (KHTML, like Gecko; compatible; bingbot/2.0; +http://www.bing.com/bingbot.htm) Chrome/116.0.1938.76 Safari/537.36"
47.128.16.136 - - [16/Apr/2025:13:36:48 -0400] "GET /robots.txt HTTP/1.1" 304 0 "-" "Go-http-client/2.0"
114.235.63.221 - - [16/Apr/2025:13:36:56 -0400] "GET /the-allure-and-risks-of-satta-king-a-deep-dive/ HTTP/1.1" 200 11916 "-" "Mozilla/5.0 (Windows NT 10.0; Win64; x64) AppleWebKit/537.36 (KHTML, like Gecko) Chrome/114.0.0.0 Safari/537.36 OPR/89.0.4447.51"
198.54.114.83 - - [16/Apr/2025:13:40:45 -0400] "GET /wp-content/themes/safari-blog/inc/blocks/font-family/inc/google-webfonts.json HTTP/1.1" 200 786432 "-" "WordPress/6.8; https://greatamericanball.com"
198.54.114.83 - - [16/Apr/2025:13:40:49 -0400] "GET /wp-content/themes/safari-blog/inc/blocks/font-family/inc/google-webfonts.json HTTP/1.1" 200 1084380 "-" "WordPress/6.8; https://greatamericanball.com"
198.54.114.83 - - [16/Apr/2025:13:40:53 -0400] "GET /wp-content/themes/safari-blog/inc/blocks/font-family/inc/google-webfonts.json HTTP/1.1" 200 1084380 "-" "WordPress/6.8; https://greatamericanball.com"
198.54.114.83 - - [16/Apr/2025:13:40:58 -0400] "GET /wp-content/themes/safari-blog/inc/blocks/font-family/inc/google-webfonts.json HTTP/1.1" 200 1084380 "-" "WordPress/6.8; https://greatamericanball.com"
198.54.114.83 - - [16/Apr/2025:13:41:03 -0400] "GET /wp-content/themes/safari-blog/inc/blocks/font-family/inc/google-webfonts.json HTTP/1.1" 200 1084380 "-" "WordPress/6.8; https://greatamericanball.com"
207.46.13.51 - - [16/Apr/2025:13:40:39 -0400] "GET /the-role-of-an-osteopath-in-dubai/ HTTP/1.1" 200 11539 "-" "Mozilla/5.0 AppleWebKit/537.36 (KHTML, like Gecko; compatible; bingbot/2.0; +http://www.bing.com/bingbot.htm) Chrome/116.0.1938.76 Safari/537.36"
114.235.63.221 - - [16/Apr/2025:13:42:04 -0400] "GET /the-allure-and-risks-of-satta-king-a-deep-dive/ HTTP/1.1" 200 11916 "-" "Mozilla/5.0 (Windows NT 10.0; Win64; x64; Xbox; Xbox One) AppleWebKit/537.36 (KHTML, like Gecko) Chrome/114.0.0.0 Safari/537.36 Edge/44.18363.8131"
198.54.114.83 - - [16/Apr/2025:13:43:19 -0400] "GET /wp-content/themes/safari-blog/inc/blocks/font-family/inc/google-webfonts.json HTTP/1.1" 200 1084380 "-" "WordPress/6.8; https://greatamericanball.com"
198.54.114.83 - - [16/Apr/2025:13:43:23 -0400] "GET /wp-content/themes/safari-blog/inc/blocks/font-family/inc/google-webfonts.json HTTP/1.1" 200 1084380 "-" "WordPress/6.8; https://greatamericanball.com"
198.54.114.83 - - [16/Apr/2025:13:43:25 -0400] "GET /wp-content/themes/safari-blog/inc/blocks/font-family/inc/google-webfonts.json HTTP/1.1" 200 1084380 "-" "WordPress/6.8; https://greatamericanball.com"
178.20.43.173 - - [16/Apr/2025:13:43:30 -0400] "GET /where-to-buy-cbd-oil-in-the-uk/ HTTP/1.1" 200 12264 "https://greatamericanball.com/where-to-buy-cbd-oil-in-the-uk/#comment-5339/" "Mozilla/5.0 (Windows NT 10.0; Win64; x64) AppleWebKit/537.36 (KHTML, like Gecko) Chrome/129.0.0.0 Safari/537.36"
198.54.114.83 - - [16/Apr/2025:13:43:30 -0400] "GET /wp-content/themes/safari-blog/inc/blocks/font-family/inc/google-webfonts.json HTTP/1.1" 200 1084380 "-" "WordPress/6.8; https://greatamericanball.com"
198.54.114.83 - - [16/Apr/2025:13:43:34 -0400] "GET /wp-content/themes/safari-blog/inc/blocks/font-family/inc/google-webfonts.json HTTP/1.1" 200 1084380 "-" "WordPress/6.8; https://greatamericanball.com"
157.55.39.15 - - [16/Apr/2025:13:43:14 -0400] "GET /meilleur-coup-de-guitare/ HTTP/1.1" 200 12050 "-" "Mozilla/5.0 AppleWebKit/537.36 (KHTML, like Gecko; compatible; bingbot/2.0; +http://www.bing.com/bingbot.htm) Chrome/116.0.1938.76 Safari/537.36"
178.20.43.173 - - [16/Apr/2025:13:43:33 -0400] "POST /wp-comments-post.php HTTP/1.1" 302 0 "https://greatamericanball.com/where-to-buy-cbd-oil-in-the-uk/#comment-5339/" "Mozilla/5.0 (Windows NT 10.0; Win64; x64) AppleWebKit/537.36 (KHTML, like Gecko) Chrome/129.0.0.0 Safari/537.36"
198.54.114.83 - - [16/Apr/2025:13:43:37 -0400] "POST /wp-cron.php?doing_wp_cron=1744825414.6895020008087158203125 HTTP/1.1" 200 0 "-" "WordPress/6.8; https://greatamericanball.com"
198.54.114.83 - - [16/Apr/2025:13:43:42 -0400] "GET /wp-content/themes/safari-blog/inc/blocks/font-family/inc/google-webfonts.json HTTP/1.1" 200 1084380 "-" "WordPress/6.8; https://greatamericanball.com"
198.54.114.83 - - [16/Apr/2025:13:43:44 -0400] "GET /wp-content/themes/safari-blog/inc/blocks/font-family/inc/google-webfonts.json HTTP/1.1" 200 1084380 "-" "WordPress/6.8; https://greatamericanball.com"
114.235.63.221 - - [16/Apr/2025:13:37:01 -0400] "POST /wp-comments-post.php HTTP/1.1" 302 0 "https://greatamericanball.com/the-allure-and-risks-of-satta-king-a-deep-dive/" "Mozilla/5.0 (Windows NT 10.0; Win64; x64) AppleWebKit/537.36 (KHTML, like Gecko) Chrome/114.0.0.0 Safari/537.36 OPR/89.0.4447.51"
198.54.114.83 - - [16/Apr/2025:13:37:15 -0400] "GET /wp-content/themes/safari-blog/inc/blocks/font-family/inc/google-webfonts.json HTTP/1.1" 200 131072 "-" "WordPress/6.8; https://greatamericanball.com"
198.54.114.83 - - [16/Apr/2025:13:37:19 -0400] "GET /wp-content/themes/safari-blog/inc/blocks/font-family/inc/google-webfonts.json HTTP/1.1" 200 1084380 "-" "WordPress/6.8; https://greatamericanball.com"
198.54.114.83 - - [16/Apr/2025:13:37:23 -0400] "GET /wp-content/themes/safari-blog/inc/blocks/font-family/inc/google-webfonts.json HTTP/1.1" 200 1048576 "-" "WordPress/6.8; https://greatamericanball.com"
198.54.114.83 - - [16/Apr/2025:13:37:29 -0400] "GET /wp-content/themes/safari-blog/inc/blocks/font-family/inc/google-webfonts.json HTTP/1.1" 200 0 "-" "WordPress/6.8; https://greatamericanball.com"
198.54.114.83 - - [16/Apr/2025:13:37:34 -0400] "GET /wp-content/themes/safari-blog/inc/blocks/font-family/inc/google-webfonts.json HTTP/1.1" 200 0 "-" "WordPress/6.8; https://greatamericanball.com"
114.235.63.221 - - [16/Apr/2025:13:37:10 -0400] "GET /the-allure-and-risks-of-satta-king-a-deep-dive/?unapproved=24078&moderation-hash=ee3e98c101fedfb4cf43613f01d3eaad HTTP/1.1" 200 12490 "https://greatamericanball.com/wp-comments-post.php" "Mozilla/5.0 (Windows NT 10.0; Win64; x64) AppleWebKit/537.36 (KHTML, like Gecko) Chrome/114.0.0.0 Safari/537.36 OPR/89.0.4447.51"
114.235.63.221 - - [16/Apr/2025:13:37:40 -0400] "GET /the-allure-and-risks-of-satta-king-a-deep-dive/ HTTP/1.1" 200 11916 "-" "Mozilla/5.0 (Windows NT 10.0; Win64; x64) AppleWebKit/537.36 (KHTML, like Gecko) Chrome/114.0.0.0 Safari/537.36 OPR/89.0.4447.51"
198.54.114.83 - - [16/Apr/2025:13:43:46 -0400] "GET /wp-content/themes/safari-blog/inc/blocks/font-family/inc/google-webfonts.json HTTP/1.1" 200 1084380 "-" "WordPress/6.8; https://greatamericanball.com"
198.54.114.83 - - [16/Apr/2025:13:43:49 -0400] "GET /wp-content/themes/safari-blog/inc/blocks/font-family/inc/google-webfonts.json HTTP/1.1" 200 1084380 "-" "WordPress/6.8; https://greatamericanball.com"
198.54.114.83 - - [16/Apr/2025:13:43:51 -0400] "GET /wp-content/themes/safari-blog/inc/blocks/font-family/inc/google-webfonts.json HTTP/1.1" 200 1084380 "-" "WordPress/6.8; https://greatamericanball.com"
178.20.43.173 - - [16/Apr/2025:13:43:39 -0400] "GET /where-to-buy-cbd-oil-in-the-uk/ HTTP/1.1" 200 20328 "https://greatamericanball.com/where-to-buy-cbd-oil-in-the-uk/#comment-24079" "Mozilla/5.0 (Windows NT 10.0; Win64; x64) AppleWebKit/537.36 (KHTML, like Gecko) Chrome/129.0.0.0 Safari/537.36"
54.36.148.133 - - [16/Apr/2025:13:43:55 -0400] "GET /14-powerful-ai-chatbot-platforms-for-businesses/feed/ HTTP/1.1" 200 420 "-" "Mozilla/5.0 (compatible; AhrefsBot/7.0; +http://ahrefs.com/robot/)"
198.54.114.83 - - [16/Apr/2025:13:45:17 -0400] "GET /wp-content/themes/safari-blog/inc/blocks/font-family/inc/google-webfonts.json HTTP/1.1" 200 1084380 "-" "WordPress/6.8; https://greatamericanball.com"
198.54.114.83 - - [16/Apr/2025:13:45:21 -0400] "GET /wp-content/themes/safari-blog/inc/blocks/font-family/inc/google-webfonts.json HTTP/1.1" 200 1084380 "-" "WordPress/6.8; https://greatamericanball.com"
198.54.114.83 - - [16/Apr/2025:13:45:26 -0400] "GET /wp-content/themes/safari-blog/inc/blocks/font-family/inc/google-webfonts.json HTTP/1.1" 200 1084380 "-" "WordPress/6.8; https://greatamericanball.com"
198.54.114.83 - - [16/Apr/2025:13:45:29 -0400] "GET /wp-content/themes/safari-blog/inc/blocks/font-family/inc/google-webfonts.json HTTP/1.1" 200 1084380 "-" "WordPress/6.8; https://greatamericanball.com"
198.54.114.83 - - [16/Apr/2025:13:45:32 -0400] "GET /wp-content/themes/safari-blog/inc/blocks/font-family/inc/google-webfonts.json HTTP/1.1" 200 1084380 "-" "WordPress/6.8; https://greatamericanball.com"
45.10.166.182 - - [16/Apr/2025:13:45:08 -0400] "GET /cuotas-de-apuestas-deportivas-para-la-nba/ HTTP/1.1" 200 12226 "https://greatamericanball.com/cuotas-de-apuestas-deportivas-para-la-nba/" "Mozilla/5.0 (Windows NT 10.0; Win64; x64) AppleWebKit/537.36 (KHTML, like Gecko) Chrome/131.0.0.0 Safari/537.36"
45.10.166.182 - - [16/Apr/2025:13:45:38 -0400] "POST /wp-comments-post.php HTTP/1.1" 302 0 "https://greatamericanball.com/cuotas-de-apuestas-deportivas-para-la-nba/" "Mozilla/5.0 (Windows NT 10.0; Win64; x64) AppleWebKit/537.36 (KHTML, like Gecko) Chrome/131.0.0.0 Safari/537.36"
198.54.114.83 - - [16/Apr/2025:13:45:49 -0400] "GET /wp-content/themes/safari-blog/inc/blocks/font-family/inc/google-webfonts.json HTTP/1.1" 200 1084380 "-" "WordPress/6.8; https://greatamericanball.com"
198.54.114.83 - - [16/Apr/2025:13:45:53 -0400] "GET /wp-content/themes/safari-blog/inc/blocks/font-family/inc/google-webfonts.json HTTP/1.1" 200 1084380 "-" "WordPress/6.8; https://greatamericanball.com"
198.54.114.83 - - [16/Apr/2025:13:45:57 -0400] "GET /wp-content/themes/safari-blog/inc/blocks/font-family/inc/google-webfonts.json HTTP/1.1" 200 786432 "-" "WordPress/6.8; https://greatamericanball.com"
198.54.114.83 - - [16/Apr/2025:13:45:58 -0400] "GET /wp-content/themes/safari-blog/inc/blocks/font-family/inc/google-webfonts.json HTTP/1.1" 200 1084380 "-" "WordPress/6.8; https://greatamericanball.com"
198.54.114.83 - - [16/Apr/2025:13:46:00 -0400] "GET /wp-content/themes/safari-blog/inc/blocks/font-family/inc/google-webfonts.json HTTP/1.1" 200 1084380 "-" "WordPress/6.8; https://greatamericanball.com"
198.54.114.83 - - [16/Apr/2025:13:46:02 -0400] "GET /wp-content/themes/safari-blog/inc/blocks/font-family/inc/google-webfonts.json HTTP/1.1" 200 1084380 "-" "WordPress/6.8; https://greatamericanball.com"
198.54.114.83 - - [16/Apr/2025:13:46:03 -0400] "GET /wp-content/themes/safari-blog/inc/blocks/font-family/inc/google-webfonts.json HTTP/1.1" 200 1084380 "-" "WordPress/6.8; https://greatamericanball.com"
185.39.17.147 - - [16/Apr/2025:13:46:06 -0400] "GET /wp-login.php HTTP/1.1" 200 1689 "-" "Mozilla/5.0 (Windows NT 10.0; Win64; x64) AppleWebKit/537.36 (KHTML, like Gecko) Chrome/115.0.0.0 Safari/537.36 Edg/115.0.1901.203"
198.54.114.83 - - [16/Apr/2025:13:46:06 -0400] "GET /wp-content/themes/safari-blog/inc/blocks/font-family/inc/google-webfonts.json HTTP/1.1" 200 1084380 "-" "WordPress/6.8; https://greatamericanball.com"
198.54.114.83 - - [16/Apr/2025:13:46:06 -0400] "GET /wp-content/themes/safari-blog/inc/blocks/font-family/inc/google-webfonts.json HTTP/1.1" 200 1084380 "-" "WordPress/6.8; https://greatamericanball.com"
45.10.166.182 - - [16/Apr/2025:13:45:45 -0400] "GET /cuotas-de-apuestas-deportivas-para-la-nba/ HTTP/1.1" 200 13129 "https://greatamericanball.com/cuotas-de-apuestas-deportivas-para-la-nba/#comment-24080" "Mozilla/5.0 (Windows NT 10.0; Win64; x64) AppleWebKit/537.36 (KHTML, like Gecko) Chrome/131.0.0.0 Safari/537.36"
185.39.17.147 - - [16/Apr/2025:13:46:09 -0400] "POST /wp-login.php HTTP/1.1" 200 1821 "https://greatamericanball.com/wp-login.php" "Mozilla/5.0 (Windows NT 10.0; Win64; x64) AppleWebKit/537.36 (KHTML, like Gecko) Chrome/115.0.0.0 Safari/537.36 Edg/115.0.1901.203"
198.54.114.83 - - [16/Apr/2025:13:46:09 -0400] "GET /wp-content/themes/safari-blog/inc/blocks/font-family/inc/google-webfonts.json HTTP/1.1" 200 1084380 "-" "WordPress/6.8; https://greatamericanball.com"
51.89.68.103 - - [16/Apr/2025:13:45:51 -0400] "GET /wp-content/plugins/drag-and-drop-multiple-file-upload-for-woocommerce/assets/js/codedropz-uploader-min.js HTTP/1.1" 404 6546 "-" "Mozilla/5.0 (Windows NT 10.0; Win64; x64) AppleWebKit/537.36 (KHTML, like Gecko) Chrome/127.0.0.0 Safari/537.36"
198.54.114.83 - - [16/Apr/2025:13:46:27 -0400] "GET /wp-content/themes/safari-blog/inc/blocks/font-family/inc/google-webfonts.json HTTP/1.1" 200 1084380 "-" "WordPress/6.8; https://greatamericanball.com"
198.54.114.83 - - [16/Apr/2025:13:46:30 -0400] "GET /wp-content/themes/safari-blog/inc/blocks/font-family/inc/google-webfonts.json HTTP/1.1" 200 1084380 "-" "WordPress/6.8; https://greatamericanball.com"
198.54.114.83 - - [16/Apr/2025:13:46:33 -0400] "GET /wp-content/themes/safari-blog/inc/blocks/font-family/inc/google-webfonts.json HTTP/1.1" 200 1084380 "-" "WordPress/6.8; https://greatamericanball.com"
198.54.114.83 - - [16/Apr/2025:13:46:36 -0400] "GET /wp-content/themes/safari-blog/inc/blocks/font-family/inc/google-webfonts.json HTTP/1.1" 200 1084380 "-" "WordPress/6.8; https://greatamericanball.com"
198.54.114.83 - - [16/Apr/2025:13:46:38 -0400] "GET /wp-content/themes/safari-blog/inc/blocks/font-family/inc/google-webfonts.json HTTP/1.1" 200 1084380 "-" "WordPress/6.8; https://greatamericanball.com"
114.235.63.221 - - [16/Apr/2025:13:46:26 -0400] "GET /maximizing-real-estate-marketing-strategies-for-success/ HTTP/1.1" 200 11950 "-" "Mozilla/5.0 (Windows NT 10.0; Win64; x64; rv:114.0) Gecko/20100101 Firefox/114.0"
114.235.63.221 - - [16/Apr/2025:13:46:43 -0400] "POST /wp-comments-post.php HTTP/1.1" 302 0 "https://greatamericanball.com/maximizing-real-estate-marketing-strategies-for-success/" "Mozilla/5.0 (Windows NT 10.0; Win64; x64; rv:114.0) Gecko/20100101 Firefox/114.0"
198.54.114.83 - - [16/Apr/2025:13:46:51 -0400] "POST /wp-cron.php?doing_wp_cron=1744825609.4815220832824707031250 HTTP/1.1" 200 0 "-" "WordPress/6.8; https://greatamericanball.com"
198.54.114.83 - - [16/Apr/2025:13:46:52 -0400] "GET /wp-content/themes/safari-blog/inc/blocks/font-family/inc/google-webfonts.json HTTP/1.1" 200 1084380 "-" "WordPress/6.8; https://greatamericanball.com"
198.54.114.83 - - [16/Apr/2025:13:46:54 -0400] "GET /wp-content/themes/safari-blog/inc/blocks/font-family/inc/google-webfonts.json HTTP/1.1" 200 1084380 "-" "WordPress/6.8; https://greatamericanball.com"
198.54.114.83 - - [16/Apr/2025:13:46:57 -0400] "GET /wp-content/themes/safari-blog/inc/blocks/font-family/inc/google-webfonts.json HTTP/1.1" 200 1084380 "-" "WordPress/6.8; https://greatamericanball.com"
198.54.114.83 - - [16/Apr/2025:13:47:00 -0400] "GET /wp-content/themes/safari-blog/inc/blocks/font-family/inc/google-webfonts.json HTTP/1.1" 200 1084380 "-" "WordPress/6.8; https://greatamericanball.com"
198.54.114.83 - - [16/Apr/2025:13:47:02 -0400] "GET /wp-content/themes/safari-blog/inc/blocks/font-family/inc/google-webfonts.json HTTP/1.1" 200 1084380 "-" "WordPress/6.8; https://greatamericanball.com"
114.235.63.221 - - [16/Apr/2025:13:46:49 -0400] "GET /maximizing-real-estate-marketing-strategies-for-success/?unapproved=24081&moderation-hash=6c33185becd122bbebd78a25283fe8dc HTTP/1.1" 200 12459 "https://greatamericanball.com/wp-comments-post.php" "Mozilla/5.0 (Windows NT 10.0; Win64; x64; rv:114.0) Gecko/20100101 Firefox/114.0"
114.235.63.221 - - [16/Apr/2025:13:47:06 -0400] "GET /maximizing-real-estate-marketing-strategies-for-success/ HTTP/1.1" 200 11950 "-" "Mozilla/5.0 (Windows NT 10.0; Win64; x64; rv:114.0) Gecko/20100101 Firefox/114.0"
114.235.63.221 - - [16/Apr/2025:13:47:41 -0400] "GET /maximizing-real-estate-marketing-strategies-for-success/ HTTP/1.1" 200 11950 "-" "Mozilla/5.0 (Windows NT 10.0; Win64; x64; Xbox; Xbox One) AppleWebKit/537.36 (KHTML, like Gecko) Chrome/114.0.0.0 Safari/537.36 Edge/44.18363.8131"
84.54.44.19 - - [16/Apr/2025:13:49:28 -0400] "GET /where-to-buy-cbd-oil-in-the-uk/ HTTP/1.1" 200 12264 "https://greatamericanball.com/where-to-buy-cbd-oil-in-the-uk/#comment-6703/" "Mozilla/5.0 (Windows NT 10.0; Win64; x64) AppleWebKit/537.36 (KHTML, like Gecko) Chrome/130.0.0.0 Safari/537.36"
84.54.44.19 - - [16/Apr/2025:13:49:31 -0400] "POST /wp-comments-post.php HTTP/1.1" 302 0 "https://greatamericanball.com/where-to-buy-cbd-oil-in-the-uk/#comment-6703/" "Mozilla/5.0 (Windows NT 10.0; Win64; x64) AppleWebKit/537.36 (KHTML, like Gecko) Chrome/130.0.0.0 Safari/537.36"
198.54.114.83 - - [16/Apr/2025:13:49:39 -0400] "GET /wp-content/themes/safari-blog/inc/blocks/font-family/inc/google-webfonts.json HTTP/1.1" 200 1084380 "-" "WordPress/6.8; https://greatamericanball.com"
198.54.114.83 - - [16/Apr/2025:13:49:42 -0400] "GET /wp-content/themes/safari-blog/inc/blocks/font-family/inc/google-webfonts.json HTTP/1.1" 200 1084380 "-" "WordPress/6.8; https://greatamericanball.com"
198.54.114.83 - - [16/Apr/2025:13:49:44 -0400] "GET /wp-content/themes/safari-blog/inc/blocks/font-family/inc/google-webfonts.json HTTP/1.1" 200 1084380 "-" "WordPress/6.8; https://greatamericanball.com"
198.54.114.83 - - [16/Apr/2025:13:49:46 -0400] "GET /wp-content/themes/safari-blog/inc/blocks/font-family/inc/google-webfonts.json HTTP/1.1" 200 1084380 "-" "WordPress/6.8; https://greatamericanball.com"
198.54.114.83 - - [16/Apr/2025:13:49:49 -0400] "GET /wp-content/themes/safari-blog/inc/blocks/font-family/inc/google-webfonts.json HTTP/1.1" 200 1084380 "-" "WordPress/6.8; https://greatamericanball.com"
84.54.44.19 - - [16/Apr/2025:13:49:36 -0400] "GET /where-to-buy-cbd-oil-in-the-uk/ HTTP/1.1" 200 13781 "https://greatamericanball.com/where-to-buy-cbd-oil-in-the-uk/#comment-24082" "Mozilla/5.0 (Windows NT 10.0; Win64; x64) AppleWebKit/537.36 (KHTML, like Gecko) Chrome/130.0.0.0 Safari/537.36"
107.151.215.141 - - [16/Apr/2025:13:51:08 -0400] "GET /wp-admin/network/ HTTP/1.1" 302 0 "binance.com" "Mozilla/5.0 (Windows NT 10.0; Win64; x64) AppleWebKit/537.36 (KHTML, like Gecko) Chrome/90.0.4430.85 Safari/537.36"
107.151.215.141 - - [16/Apr/2025:13:51:10 -0400] "GET /wp-login.php?redirect_to=https%3A%2F%2Fgreatamericanball.com%2Fwp-admin%2Fnetwork%2F&reauth=1 HTTP/1.1" 200 1693 "binance.com" "Mozilla/5.0 (Windows NT 10.0; Win64; x64) AppleWebKit/537.36 (KHTML, like Gecko) Chrome/90.0.4430.85 Safari/537.36"
107.151.215.141 - - [16/Apr/2025:13:51:14 -0400] "GET /wp-admin/user/ HTTP/1.1" 302 0 "binance.com" "Mozilla/5.0 (Windows NT 10.0; Win64; x64) AppleWebKit/537.36 (KHTML, like Gecko) Chrome/90.0.4430.85 Safari/537.36"
198.54.114.83 - - [16/Apr/2025:13:51:17 -0400] "POST /wp-cron.php?doing_wp_cron=1744825876.6302280426025390625000 HTTP/1.1" 200 0 "-" "WordPress/6.8; https://greatamericanball.com"
107.151.215.141 - - [16/Apr/2025:13:51:16 -0400] "GET /wp-login.php?redirect_to=https%3A%2F%2Fgreatamericanball.com%2Fwp-admin%2Fuser%2F&reauth=1 HTTP/1.1" 200 1693 "binance.com" "Mozilla/5.0 (Windows NT 10.0; Win64; x64) AppleWebKit/537.36 (KHTML, like Gecko) Chrome/90.0.4430.85 Safari/537.36"
198.54.114.83 - - [16/Apr/2025:13:51:19 -0400] "POST /wp-admin/admin-ajax.php?action=async_litespeed&nonce=RxeBQUBVhU7FW2SJ9lw8DNYnLC2VjDCY&litespeed_type=imgoptm HTTP/1.1" 200 0 "-" "WordPress/6.8; https://greatamericanball.com"
178.20.44.82 - - [16/Apr/2025:13:51:19 -0400] "GET /where-to-buy-cbd-oil-in-the-uk/ HTTP/1.1" 200 12264 "https://greatamericanball.com/where-to-buy-cbd-oil-in-the-uk/#comment-4527/" "Mozilla/5.0 (Windows NT 10.0; Win64; x64) AppleWebKit/537.36 (KHTML, like Gecko) Chrome/130.0.0.0 Safari/537.36"
178.20.44.82 - - [16/Apr/2025:13:51:21 -0400] "POST /wp-comments-post.php HTTP/1.1" 302 0 "https://greatamericanball.com/where-to-buy-cbd-oil-in-the-uk/#comment-4527/" "Mozilla/5.0 (Windows NT 10.0; Win64; x64) AppleWebKit/537.36 (KHTML, like Gecko) Chrome/130.0.0.0 Safari/537.36"
198.54.114.83 - - [16/Apr/2025:13:51:25 -0400] "GET /wp-content/themes/safari-blog/inc/blocks/font-family/inc/google-webfonts.json HTTP/1.1" 200 1084380 "-" "WordPress/6.8; https://greatamericanball.com"
198.54.114.83 - - [16/Apr/2025:13:51:28 -0400] "GET /wp-content/themes/safari-blog/inc/blocks/font-family/inc/google-webfonts.json HTTP/1.1" 200 1084380 "-" "WordPress/6.8; https://greatamericanball.com"
198.54.114.83 - - [16/Apr/2025:13:51:30 -0400] "GET /wp-content/themes/safari-blog/inc/blocks/font-family/inc/google-webfonts.json HTTP/1.1" 200 1084380 "-" "WordPress/6.8; https://greatamericanball.com"
198.54.114.83 - - [16/Apr/2025:13:51:32 -0400] "GET /wp-content/themes/safari-blog/inc/blocks/font-family/inc/google-webfonts.json HTTP/1.1" 200 1084380 "-" "WordPress/6.8; https://greatamericanball.com"
198.54.114.83 - - [16/Apr/2025:13:51:35 -0400] "GET /wp-content/themes/safari-blog/inc/blocks/font-family/inc/google-webfonts.json HTTP/1.1" 200 1084380 "-" "WordPress/6.8; https://greatamericanball.com"
178.20.44.82 - - [16/Apr/2025:13:51:24 -0400] "GET /where-to-buy-cbd-oil-in-the-uk/ HTTP/1.1" 200 15302 "https://greatamericanball.com/where-to-buy-cbd-oil-in-the-uk/#comment-24083" "Mozilla/5.0 (Windows NT 10.0; Win64; x64) AppleWebKit/537.36 (KHTML, like Gecko) Chrome/130.0.0.0 Safari/537.36"
198.54.114.83 - - [16/Apr/2025:13:51:49 -0400] "POST /wp-admin/admin-ajax.php?action=async_litespeed&nonce=yImG64EIMFxbsf782T9VI3Qabi6fUnxe&litespeed_type=imgoptm HTTP/1.1" 200 0 "-" "WordPress/6.8; https://greatamericanball.com"
195.2.85.110 - - [16/Apr/2025:13:56:05 -0400] "GET /where-to-buy-cbd-oil-in-the-uk/ HTTP/1.1" 200 12264 "https://greatamericanball.com/where-to-buy-cbd-oil-in-the-uk/" "Mozilla/5.0 (Windows NT 10.0; Win64; x64) AppleWebKit/537.36 (KHTML, like Gecko) Chrome/129.0.0.0 Safari/537.36"
195.2.85.110 - - [16/Apr/2025:13:56:08 -0400] "POST /wp-comments-post.php HTTP/1.1" 302 0 "https://greatamericanball.com/where-to-buy-cbd-oil-in-the-uk/" "Mozilla/5.0 (Windows NT 10.0; Win64; x64) AppleWebKit/537.36 (KHTML, like Gecko) Chrome/129.0.0.0 Safari/537.36"
198.54.114.83 - - [16/Apr/2025:13:56:16 -0400] "GET /wp-content/themes/safari-blog/inc/blocks/font-family/inc/google-webfonts.json HTTP/1.1" 200 1084380 "-" "WordPress/6.8; https://greatamericanball.com"
198.54.114.83 - - [16/Apr/2025:13:56:19 -0400] "GET /wp-content/themes/safari-blog/inc/blocks/font-family/inc/google-webfonts.json HTTP/1.1" 200 1084380 "-" "WordPress/6.8; https://greatamericanball.com"
198.54.114.83 - - [16/Apr/2025:13:56:21 -0400] "GET /wp-content/themes/safari-blog/inc/blocks/font-family/inc/google-webfonts.json HTTP/1.1" 200 1084380 "-" "WordPress/6.8; https://greatamericanball.com"
198.54.114.83 - - [16/Apr/2025:13:56:24 -0400] "GET /wp-content/themes/safari-blog/inc/blocks/font-family/inc/google-webfonts.json HTTP/1.1" 200 1084380 "-" "WordPress/6.8; https://greatamericanball.com"
198.54.114.83 - - [16/Apr/2025:13:56:25 -0400] "GET /wp-content/themes/safari-blog/inc/blocks/font-family/inc/google-webfonts.json HTTP/1.1" 200 1084380 "-" "WordPress/6.8; https://greatamericanball.com"
195.2.85.110 - - [16/Apr/2025:13:56:13 -0400] "GET /where-to-buy-cbd-oil-in-the-uk/ HTTP/1.1" 200 13108 "https://greatamericanball.com/where-to-buy-cbd-oil-in-the-uk/#comment-24084" "Mozilla/5.0 (Windows NT 10.0; Win64; x64) AppleWebKit/537.36 (KHTML, like Gecko) Chrome/129.0.0.0 Safari/537.36"
103.131.71.82 - - [16/Apr/2025:13:57:03 -0400] "GET / HTTP/1.1" 304 0 "-" "Mozilla/5.0 (compatible; coccocbot-web/1.0; +http://help.coccoc.com/searchengine)"
198.54.114.83 - - [16/Apr/2025:13:58:40 -0400] "GET /wp-content/themes/safari-blog/inc/blocks/font-family/inc/google-webfonts.json HTTP/1.1" 200 1084380 "-" "WordPress/6.8; https://greatamericanball.com"
198.54.114.83 - - [16/Apr/2025:13:58:43 -0400] "GET /wp-content/themes/safari-blog/inc/blocks/font-family/inc/google-webfonts.json HTTP/1.1" 200 1084380 "-" "WordPress/6.8; https://greatamericanball.com"
198.54.114.83 - - [16/Apr/2025:13:58:46 -0400] "GET /wp-content/themes/safari-blog/inc/blocks/font-family/inc/google-webfonts.json HTTP/1.1" 200 1084380 "-" "WordPress/6.8; https://greatamericanball.com"
198.54.114.83 - - [16/Apr/2025:13:58:49 -0400] "GET /wp-content/themes/safari-blog/inc/blocks/font-family/inc/google-webfonts.json HTTP/1.1" 200 1084380 "-" "WordPress/6.8; https://greatamericanball.com"
198.54.114.83 - - [16/Apr/2025:13:58:52 -0400] "GET /wp-content/themes/safari-blog/inc/blocks/font-family/inc/google-webfonts.json HTTP/1.1" 200 1084380 "-" "WordPress/6.8; https://greatamericanball.com"
150.109.60.212 - - [16/Apr/2025:13:58:38 -0400] "GET /betting-money-site/ HTTP/1.1" 200 11464 "-" "Python/3.10 aiohttp/3.10.5"
52.167.144.211 - - [16/Apr/2025:14:03:36 -0400] "GET /2024/07/03/ HTTP/1.1" 301 0 "-" "Mozilla/5.0 AppleWebKit/537.36 (KHTML, like Gecko; compatible; bingbot/2.0; +http://www.bing.com/bingbot.htm) Chrome/116.0.1938.76 Safari/537.36"
78.138.127.62 - - [16/Apr/2025:14:06:32 -0400] "GET /choosing-the-best-cbd-oil-uk/ HTTP/1.1" 200 12147 "https://greatamericanball.com/" "Mozilla/5.0 (Windows NT 10.0; Win64; x64) AppleWebKit/537.36 (KHTML, like Gecko) Chrome/114.0.0.0 Safari/537.36 Edg/114.0.1264.71"
78.138.127.62 - - [16/Apr/2025:14:06:41 -0400] "GET /category/sign-up/ HTTP/1.1" 200 8361 "https://greatamericanball.com/" "Mozilla/5.0 (Windows NT 6.3; Win64; x64) AppleWebKit/537.36 (KHTML, like Gecko) Chrome/103.0.0.0 Safari/537.36"
78.138.127.62 - - [16/Apr/2025:14:06:46 -0400] "GET /category/sign-up/ HTTP/1.1" 200 8361 "https://greatamericanball.com/category/sign-up/" "Mozilla/5.0 (Windows NT 6.3; Win64; x64) AppleWebKit/537.36 (KHTML, like Gecko) Chrome/103.0.0.0 Safari/537.36"
78.138.127.62 - - [16/Apr/2025:14:06:52 -0400] "GET /choosing-the-best-cbd-oil-uk/ HTTP/1.1" 200 12147 "https://greatamericanball.com/" "Mozilla/5.0 (Windows NT 6.3; Win64; x64) AppleWebKit/537.36 (KHTML, like Gecko) Chrome/103.0.0.0 Safari/537.36"
78.138.127.62 - - [16/Apr/2025:14:06:58 -0400] "POST /wp-comments-post.php HTTP/1.1" 302 0 "https://greatamericanball.com/choosing-the-best-cbd-oil-uk/" "Mozilla/5.0 (Windows NT 6.3; Win64; x64) AppleWebKit/537.36 (KHTML, like Gecko) Chrome/103.0.0.0 Safari/537.36"
198.54.114.83 - - [16/Apr/2025:14:07:05 -0400] "POST /wp-cron.php?doing_wp_cron=1744826820.2647800445556640625000 HTTP/1.1" 200 0 "-" "WordPress/6.8; https://greatamericanball.com"
198.54.114.83 - - [16/Apr/2025:14:07:15 -0400] "GET /wp-content/themes/safari-blog/inc/blocks/font-family/inc/google-webfonts.json HTTP/1.1" 200 0 "-" "WordPress/6.8; https://greatamericanball.com"
198.54.114.83 - - [16/Apr/2025:14:07:20 -0400] "GET /wp-content/themes/safari-blog/inc/blocks/font-family/inc/google-webfonts.json HTTP/1.1" 200 0 "-" "WordPress/6.8; https://greatamericanball.com"
198.54.114.83 - - [16/Apr/2025:14:07:25 -0400] "GET /wp-content/themes/safari-blog/inc/blocks/font-family/inc/google-webfonts.json HTTP/1.1" 200 0 "-" "WordPress/6.8; https://greatamericanball.com"
198.54.114.83 - - [16/Apr/2025:14:07:31 -0400] "GET /wp-content/themes/safari-blog/inc/blocks/font-family/inc/google-webfonts.json HTTP/1.1" 200 0 "-" "WordPress/6.8; https://greatamericanball.com"
78.138.127.62 - - [16/Apr/2025:14:07:09 -0400] "GET /choosing-the-best-cbd-oil-uk/?unapproved=24085&moderation-hash=4b2de5fffc6c30d1524a5508fcfc3069 HTTP/1.1" 200 0 "https://greatamericanball.com/wp-comments-post.php" "Mozilla/5.0 (Windows NT 6.3; Win64; x64) AppleWebKit/537.36 (KHTML, like Gecko) Chrome/103.0.0.0 Safari/537.36"
198.54.114.83 - - [16/Apr/2025:14:07:36 -0400] "GET /wp-content/themes/safari-blog/inc/blocks/font-family/inc/google-webfonts.json HTTP/1.1" 200 262144 "-" "WordPress/6.8; https://greatamericanball.com"
78.138.127.62 - - [16/Apr/2025:14:07:38 -0400] "GET /choosing-the-best-cbd-oil-uk/ HTTP/1.1" 200 12147 "-" "Mozilla/5.0 (Windows NT 6.3; Win64; x64) AppleWebKit/537.36 (KHTML, like Gecko) Chrome/103.0.0.0 Safari/537.36"
178.20.43.173 - - [16/Apr/2025:14:08:13 -0400] "GET /where-to-buy-cbd-oil-in-the-uk/ HTTP/1.1" 200 12264 "https://greatamericanball.com/where-to-buy-cbd-oil-in-the-uk/#comment-5339/" "Mozilla/5.0 (Windows NT 10.0; Win64; x64) AppleWebKit/537.36 (KHTML, like Gecko) Chrome/129.0.0.0 Safari/537.36"
178.20.43.173 - - [16/Apr/2025:14:08:21 -0400] "POST /wp-comments-post.php HTTP/1.1" 302 0 "https://greatamericanball.com/where-to-buy-cbd-oil-in-the-uk/#comment-5339/" "Mozilla/5.0 (Windows NT 10.0; Win64; x64) AppleWebKit/537.36 (KHTML, like Gecko) Chrome/129.0.0.0 Safari/537.36"
198.54.114.83 - - [16/Apr/2025:14:08:34 -0400] "GET /wp-content/themes/safari-blog/inc/blocks/font-family/inc/google-webfonts.json HTTP/1.1" 200 1084380 "-" "WordPress/6.8; https://greatamericanball.com"
78.138.127.62 - - [16/Apr/2025:14:08:36 -0400] "GET /choosing-the-best-cbd-oil-uk/ HTTP/1.1" 200 12147 "-" "Mozilla/5.0 (Windows NT 10.0; Win64; x64; rv:114.0) Gecko/20100101 Firefox/114.0"
198.54.114.83 - - [16/Apr/2025:14:08:41 -0400] "GET /wp-content/themes/safari-blog/inc/blocks/font-family/inc/google-webfonts.json HTTP/1.1" 200 0 "-" "WordPress/6.8; https://greatamericanball.com"
198.54.114.83 - - [16/Apr/2025:14:08:46 -0400] "GET /wp-content/themes/safari-blog/inc/blocks/font-family/inc/google-webfonts.json HTTP/1.1" 200 0 "-" "WordPress/6.8; https://greatamericanball.com"
198.54.114.83 - - [16/Apr/2025:14:08:52 -0400] "GET /wp-content/themes/safari-blog/inc/blocks/font-family/inc/google-webfonts.json HTTP/1.1" 200 0 "-" "WordPress/6.8; https://greatamericanball.com"
178.20.43.173 - - [16/Apr/2025:14:08:29 -0400] "GET /where-to-buy-cbd-oil-in-the-uk/ HTTP/1.1" 200 23049 "https://greatamericanball.com/where-to-buy-cbd-oil-in-the-uk/#comment-24086" "Mozilla/5.0 (Windows NT 10.0; Win64; x64) AppleWebKit/537.36 (KHTML, like Gecko) Chrome/129.0.0.0 Safari/537.36"
198.54.114.83 - - [16/Apr/2025:14:08:58 -0400] "GET /wp-content/themes/safari-blog/inc/blocks/font-family/inc/google-webfonts.json HTTP/1.1" 200 0 "-" "WordPress/6.8; https://greatamericanball.com"
2a0a:4cc0:1:1032:d8d8:31ff:fe49:5796 - - [16/Apr/2025:14:12:42 -0400] "GET /the-benefits-and-risks-of-online-mediation HTTP/1.1" 200 0 "-" "Mozilla/5.0 (Windows NT 10.0; Win64; x64) AppleWebKit/537.36 (KHTML, like Gecko) Chrome/100.0.4667.311 Safari/537.36"
198.54.114.83 - - [16/Apr/2025:14:12:51 -0400] "POST /wp-cron.php?doing_wp_cron=1744827167.3212130069732666015625 HTTP/1.1" 200 0 "-" "WordPress/6.8; https://greatamericanball.com"
47.243.89.37 - - [16/Apr/2025:14:21:44 -0400] "HEAD / HTTP/1.1" 200 0 "-" "Mozilla/5.0 (Windows NT 10.0; Win64; x64) AppleWebKit/537.36 (KHTML, like Gecko) Chrome/72.0.3109.136 Safari/537.36"
47.243.75.156 - - [16/Apr/2025:14:21:46 -0400] "HEAD /what-is-natural-language-processing-definition-and HTTP/1.1" 200 0 "-" "Mozilla/5.0 (Windows NT 6.2; Win64; x64) AppleWebKit/537.36 (KHTML, like Gecko) Chrome/70.0.2423.10 Safari/537.36"
8.210.153.23 - - [16/Apr/2025:14:21:44 -0400] "HEAD /the-full-training-run-of-gpt-5-has-gone-live-by HTTP/1.1" 200 0 "-" "Mozilla/5.0 (Windows NT 6.1; Win64; x64) AppleWebKit/537.36 (KHTML, like Gecko) Chrome/70.0.2012.36 Safari/537.36"
8.210.153.23 - - [16/Apr/2025:14:21:44 -0400] "HEAD /education-chatbot-for-educational-institutions HTTP/1.1" 200 0 "-" "Mozilla/5.0 (Windows NT 6.0; Win64; x64) AppleWebKit/537.36 (KHTML, like Gecko) Chrome/68.0.2801.133 Safari/537.36"
47.243.62.121 - - [16/Apr/2025:14:21:44 -0400] "HEAD /category/activity/page/156 HTTP/1.1" 200 0 "-" "Mozilla/5.0 (Windows NT 6.1; Win64; x64) AppleWebKit/537.36 (KHTML, like Gecko) Chrome/66.0.3691.135 Safari/537.36"
47.243.48.79 - - [16/Apr/2025:14:21:44 -0400] "HEAD /2025/03/24 HTTP/1.1" 200 0 "-" "Mozilla/5.0 (Windows NT 6.3; Win64; x64) AppleWebKit/537.36 (KHTML, like Gecko) Chrome/73.0.2940.82 Safari/537.36"
47.243.56.171 - - [16/Apr/2025:14:21:44 -0400] "HEAD /2025/03/26 HTTP/1.1" 200 0 "-" "Mozilla/5.0 (Windows NT 6.3; Win64; x64) AppleWebKit/537.36 (KHTML, like Gecko) Chrome/67.0.3535.43 Safari/537.36"
47.243.228.99 - - [16/Apr/2025:14:21:44 -0400] "HEAD /georgia-school-shooting-live-updates-four-killed HTTP/1.1" 200 0 "-" "Mozilla/5.0 (Windows NT 6.3; Win64; x64) AppleWebKit/537.36 (KHTML, like Gecko) Chrome/62.0.2329.81 Safari/537.36"
47.243.89.37 - - [16/Apr/2025:14:21:48 -0400] "GET / HTTP/1.1" 200 156192 "-" "Mozilla/5.0 (Windows NT 10.0; Win64; x64) AppleWebKit/537.36 (KHTML, like Gecko) Chrome/72.0.3109.136 Safari/537.36"
8.210.179.35 - - [16/Apr/2025:14:21:45 -0400] "HEAD /2025/03 HTTP/1.1" 200 0 "-" "Mozilla/5.0 (Windows NT 6.1; Win64; x64) AppleWebKit/537.36 (KHTML, like Gecko) Chrome/68.0.3001.83 Safari/537.36"
47.242.217.111 - - [16/Apr/2025:14:21:46 -0400] "HEAD /nostalgia-gambling-establishment-remark-honest HTTP/1.1" 200 0 "-" "Mozilla/5.0 (Windows NT 6.3; Win64; x64) AppleWebKit/537.36 (KHTML, like Gecko) Chrome/70.0.2157.93 Safari/537.36"
47.76.220.119 - - [16/Apr/2025:14:21:49 -0400] "HEAD /ai-in-finance-applications-examples HTTP/1.1" 301 0 "-" "Mozilla/5.0 (Windows NT 10.0; Win64; x64) AppleWebKit/537.36 (KHTML, like Gecko) Chrome/72.0.3473.110 Safari/537.36"
47.76.222.244 - - [16/Apr/2025:14:21:49 -0400] "HEAD /14-powerful-ai-chatbot-platforms-for-businesses HTTP/1.1" 301 0 "-" "Mozilla/5.0 (Windows NT 6.1; Win64; x64) AppleWebKit/537.36 (KHTML, like Gecko) Chrome/72.0.2830.70 Safari/537.36"
198.54.114.83 - - [16/Apr/2025:14:21:51 -0400] "POST /wp-cron.php?doing_wp_cron=1744827708.6297578811645507812500 HTTP/1.1" 200 0 "-" "WordPress/6.8; https://greatamericanball.com"
198.54.114.83 - - [16/Apr/2025:14:21:51 -0400] "POST /wp-cron.php?doing_wp_cron=1744827708.6299378871917724609375 HTTP/1.1" 200 0 "-" "WordPress/6.8; https://greatamericanball.com"
198.54.114.83 - - [16/Apr/2025:14:21:51 -0400] "POST /wp-cron.php?doing_wp_cron=1744827708.6296019554138183593750 HTTP/1.1" 200 0 "-" "WordPress/6.8; https://greatamericanball.com"
198.54.114.83 - - [16/Apr/2025:14:21:51 -0400] "POST /wp-cron.php?doing_wp_cron=1744827708.6295471191406250000000 HTTP/1.1" 200 0 "-" "WordPress/6.8; https://greatamericanball.com"
198.54.114.83 - - [16/Apr/2025:14:21:51 -0400] "POST /wp-cron.php?doing_wp_cron=1744827708.6301600933074951171875 HTTP/1.1" 200 0 "-" "WordPress/6.8; https://greatamericanball.com"
198.54.114.83 - - [16/Apr/2025:14:21:51 -0400] "POST /wp-cron.php?doing_wp_cron=1744827708.6293709278106689453125 HTTP/1.1" 200 0 "-" "WordPress/6.8; https://greatamericanball.com"
198.54.114.83 - - [16/Apr/2025:14:21:51 -0400] "POST /wp-cron.php?doing_wp_cron=1744827708.6295080184936523437500 HTTP/1.1" 200 0 "-" "WordPress/6.8; https://greatamericanball.com"
198.54.114.83 - - [16/Apr/2025:14:21:51 -0400] "POST /wp-cron.php?doing_wp_cron=1744827708.6450519561767578125000 HTTP/1.1" 200 0 "-" "WordPress/6.8; https://greatamericanball.com"
198.54.114.83 - - [16/Apr/2025:14:21:51 -0400] "POST /wp-cron.php?doing_wp_cron=1744827708.6300361156463623046875 HTTP/1.1" 200 0 "-" "WordPress/6.8; https://greatamericanball.com"
47.76.99.127 - - [16/Apr/2025:14:21:53 -0400] "HEAD /education-chatbot-for-educational-institutions HTTP/1.1" 301 0 "-" "Mozilla/5.0 (Windows NT 6.2; Win64; x64) AppleWebKit/537.36 (KHTML, like Gecko) Chrome/61.0.2344.188 Safari/537.36"
47.243.74.123 - - [16/Apr/2025:14:21:53 -0400] "HEAD /the-full-training-run-of-gpt-5-has-gone-live-by HTTP/1.1" 301 0 "-" "Mozilla/5.0 (Windows NT 6.1; Win64; x64) AppleWebKit/537.36 (KHTML, like Gecko) Chrome/75.0.2926.155 Safari/537.36"
47.243.74.123 - - [16/Apr/2025:14:21:53 -0400] "HEAD /2025/03/24 HTTP/1.1" 301 0 "-" "Mozilla/5.0 (Windows NT 6.2; Win64; x64) AppleWebKit/537.36 (KHTML, like Gecko) Chrome/78.0.3582.87 Safari/537.36"
47.242.160.82 - - [16/Apr/2025:14:21:53 -0400] "HEAD /what-is-natural-language-processing-definition-and HTTP/1.1" 301 0 "-" "Mozilla/5.0 (Windows NT 6.2; Win64; x64) AppleWebKit/537.36 (KHTML, like Gecko) Chrome/76.0.3403.26 Safari/537.36"
47.242.148.169 - - [16/Apr/2025:14:21:54 -0400] "HEAD /2025/03/26 HTTP/1.1" 301 0 "-" "Mozilla/5.0 (Windows NT 6.1; Win64; x64) AppleWebKit/537.36 (KHTML, like Gecko) Chrome/63.0.2048.31 Safari/537.36"
47.242.209.147 - - [16/Apr/2025:14:21:53 -0400] "HEAD /georgia-school-shooting-live-updates-four-killed HTTP/1.1" 301 0 "-" "Mozilla/5.0 (Windows NT 6.1; Win64; x64) AppleWebKit/537.36 (KHTML, like Gecko) Chrome/76.0.3169.138 Safari/537.36"
47.76.220.119 - - [16/Apr/2025:14:21:54 -0400] "HEAD /ai-in-finance-applications-examples/ HTTP/1.1" 200 0 "-" "Mozilla/5.0 (Windows NT 10.0; Win64; x64) AppleWebKit/537.36 (KHTML, like Gecko) Chrome/72.0.3473.110 Safari/537.36"
47.242.149.96 - - [16/Apr/2025:14:21:54 -0400] "HEAD /category/activity/page/156 HTTP/1.1" 301 0 "-" "Mozilla/5.0 (Windows NT 10.0; Win64; x64) AppleWebKit/537.36 (KHTML, like Gecko) Chrome/69.0.2520.139 Safari/537.36"
47.76.222.244 - - [16/Apr/2025:14:21:54 -0400] "HEAD /14-powerful-ai-chatbot-platforms-for-businesses/ HTTP/1.1" 200 0 "-" "Mozilla/5.0 (Windows NT 6.1; Win64; x64) AppleWebKit/537.36 (KHTML, like Gecko) Chrome/72.0.2830.70 Safari/537.36"
47.243.74.123 - - [16/Apr/2025:14:21:57 -0400] "HEAD /the-full-training-run-of-gpt-5-has-gone-live-by/ HTTP/1.1" 200 0 "-" "Mozilla/5.0 (Windows NT 6.1; Win64; x64) AppleWebKit/537.36 (KHTML, like Gecko) Chrome/75.0.2926.155 Safari/537.36"
47.242.160.82 - - [16/Apr/2025:14:21:57 -0400] "HEAD /what-is-natural-language-processing-definition-and/ HTTP/1.1" 200 0 "-" "Mozilla/5.0 (Windows NT 6.2; Win64; x64) AppleWebKit/537.36 (KHTML, like Gecko) Chrome/76.0.3403.26 Safari/537.36"
47.243.74.123 - - [16/Apr/2025:14:21:57 -0400] "HEAD / HTTP/1.1" 200 0 "-" "Mozilla/5.0 (Windows NT 6.2; Win64; x64) AppleWebKit/537.36 (KHTML, like Gecko) Chrome/78.0.3582.87 Safari/537.36"
8.210.154.94 - - [16/Apr/2025:14:21:57 -0400] "HEAD /2025/03 HTTP/1.1" 301 0 "-" "Mozilla/5.0 (Windows NT 6.0; Win64; x64) AppleWebKit/537.36 (KHTML, like Gecko) Chrome/69.0.3201.7 Safari/537.36"
8.210.66.89 - - [16/Apr/2025:14:21:57 -0400] "HEAD /nostalgia-gambling-establishment-remark-honest HTTP/1.1" 301 0 "-" "Mozilla/5.0 (Windows NT 6.2; Win64; x64) AppleWebKit/537.36 (KHTML, like Gecko) Chrome/72.0.3270.20 Safari/537.36"
47.242.209.147 - - [16/Apr/2025:14:21:58 -0400] "HEAD /georgia-school-shooting-live-updates-four-killed/ HTTP/1.1" 200 0 "-" "Mozilla/5.0 (Windows NT 6.1; Win64; x64) AppleWebKit/537.36 (KHTML, like Gecko) Chrome/76.0.3169.138 Safari/537.36"
47.242.148.169 - - [16/Apr/2025:14:21:58 -0400] "HEAD / HTTP/1.1" 200 0 "-" "Mozilla/5.0 (Windows NT 6.1; Win64; x64) AppleWebKit/537.36 (KHTML, like Gecko) Chrome/63.0.2048.31 Safari/537.36"
47.76.99.127 - - [16/Apr/2025:14:21:57 -0400] "HEAD /education-chatbot-for-educational-institutions/ HTTP/1.1" 200 0 "-" "Mozilla/5.0 (Windows NT 6.2; Win64; x64) AppleWebKit/537.36 (KHTML, like Gecko) Chrome/61.0.2344.188 Safari/537.36"
47.76.220.119 - - [16/Apr/2025:14:21:58 -0400] "GET /ai-in-finance-applications-examples HTTP/1.1" 301 0 "-" "Mozilla/5.0 (Windows NT 10.0; Win64; x64) AppleWebKit/537.36 (KHTML, like Gecko) Chrome/72.0.3473.110 Safari/537.36"
47.242.149.96 - - [16/Apr/2025:14:21:58 -0400] "HEAD /category/activity/page/156/ HTTP/1.1" 200 0 "-" "Mozilla/5.0 (Windows NT 10.0; Win64; x64) AppleWebKit/537.36 (KHTML, like Gecko) Chrome/69.0.2520.139 Safari/537.36"
47.76.222.244 - - [16/Apr/2025:14:21:59 -0400] "GET /14-powerful-ai-chatbot-platforms-for-businesses HTTP/1.1" 301 0 "-" "Mozilla/5.0 (Windows NT 6.1; Win64; x64) AppleWebKit/537.36 (KHTML, like Gecko) Chrome/72.0.2830.70 Safari/537.36"
