198.54.114.83 - - [15/Apr/2025:20:54:34 -0400] "GET /wp-content/themes/safari-blog/inc/blocks/font-family/inc/google-webfonts.json HTTP/1.1" 200 1084380 "-" "WordPress/6.8; https://greatamericanball.com"
198.54.114.83 - - [15/Apr/2025:20:54:41 -0400] "GET /wp-content/themes/safari-blog/inc/blocks/font-family/inc/google-webfonts.json HTTP/1.1" 200 1084380 "-" "WordPress/6.8; https://greatamericanball.com"
2.57.215.181 - - [15/Apr/2025:21:00:45 -0400] "GET /wp-login.php/wp-login.php HTTP/1.1" 200 1698 "-" "python-requests/2.32.3"
198.54.114.83 - - [15/Apr/2025:21:00:54 -0400] "POST /wp-cron.php?doing_wp_cron=1744765253.0721518993377685546875 HTTP/1.1" 200 0 "-" "WordPress/6.8; https://greatamericanball.com"
2.57.215.181 - - [15/Apr/2025:21:00:46 -0400] "POST /wp-login.php/wp-login.php HTTP/1.1" 200 1854 "-" "python-requests/2.32.3"
198.54.114.83 - - [15/Apr/2025:21:00:56 -0400] "POST /wp-admin/admin-ajax.php?action=async_litespeed&nonce=ugt9CjJoEImcuWStFQR7kfBpyv4zNrt6&litespeed_type=imgoptm HTTP/1.1" 200 0 "-" "WordPress/6.8; https://greatamericanball.com"
198.54.114.83 - - [15/Apr/2025:21:10:37 -0400] "POST /wp-cron.php?doing_wp_cron=1744765836.9680900573730468750000 HTTP/1.1" 200 0 "-" "WordPress/6.8; https://greatamericanball.com"
198.54.114.83 - - [15/Apr/2025:21:10:40 -0400] "POST /wp-admin/admin-ajax.php?action=async_litespeed&nonce=DYX8Cm7z2kqFF27qvAhqTsAXRZMlLnyC&litespeed_type=imgoptm HTTP/1.1" 200 0 "-" "WordPress/6.8; https://greatamericanball.com"
51.222.253.20 - - [15/Apr/2025:21:10:30 -0400] "GET /2021/04/23/ HTTP/1.1" 301 0 "-" "Mozilla/5.0 (compatible; AhrefsBot/7.0; +http://ahrefs.com/robot/)"
89.34.237.212 - - [15/Apr/2025:21:16:07 -0400] "GET /wp-login.php HTTP/1.1" 200 1696 "-" "Mozilla/5.0 (Windows NT 10.0; Win64; x64) AppleWebKit/537.36 (KHTML, like Gecko) Chrome/115.0.0.0 Safari/537.36 Edg/115.0.1901.203"
89.34.237.212 - - [15/Apr/2025:21:16:10 -0400] "POST /wp-login.php HTTP/1.1" 200 1822 "https://greatamericanball.com/wp-login.php" "Mozilla/5.0 (Windows NT 10.0; Win64; x64) AppleWebKit/537.36 (KHTML, like Gecko) Chrome/115.0.0.0 Safari/537.36 Edg/115.0.1901.203"
198.54.114.83 - - [15/Apr/2025:21:16:21 -0400] "POST /wp-cron.php?doing_wp_cron=1744766178.2037270069122314453125 HTTP/1.1" 200 0 "-" "WordPress/6.8; https://greatamericanball.com"
198.54.114.83 - - [15/Apr/2025:21:19:53 -0400] "POST /wp-cron.php?doing_wp_cron=1744766391.8648180961608886718750 HTTP/1.1" 200 0 "-" "WordPress/6.8; https://greatamericanball.com"
198.54.114.83 - - [15/Apr/2025:21:19:54 -0400] "GET /wp-content/themes/safari-blog/inc/blocks/font-family/inc/google-webfonts.json HTTP/1.1" 200 1084380 "-" "WordPress/6.8; https://greatamericanball.com"
198.54.114.83 - - [15/Apr/2025:21:19:58 -0400] "GET /wp-content/themes/safari-blog/inc/blocks/font-family/inc/google-webfonts.json HTTP/1.1" 200 1084380 "-" "WordPress/6.8; https://greatamericanball.com"
198.54.114.83 - - [15/Apr/2025:21:19:59 -0400] "GET /wp-content/themes/safari-blog/inc/blocks/font-family/inc/google-webfonts.json HTTP/1.1" 200 1084380 "-" "WordPress/6.8; https://greatamericanball.com"
198.54.114.83 - - [15/Apr/2025:21:20:01 -0400] "GET /wp-content/themes/safari-blog/inc/blocks/font-family/inc/google-webfonts.json HTTP/1.1" 200 1084380 "-" "WordPress/6.8; https://greatamericanball.com"
198.54.114.83 - - [15/Apr/2025:21:20:04 -0400] "GET /wp-content/themes/safari-blog/inc/blocks/font-family/inc/google-webfonts.json HTTP/1.1" 200 1084380 "-" "WordPress/6.8; https://greatamericanball.com"
47.128.111.101 - - [15/Apr/2025:21:19:43 -0400] "GET /proteger-votre-entreprise-avec-sagesse/ HTTP/1.1" 200 11745 "-" "Mozilla/5.0 (Linux; Android 5.0) AppleWebKit/537.36 (KHTML, like Gecko) Mobile Safari/537.36 (compatible; TikTokSpider; ttspider-feedback@tiktok.com)"
47.128.111.101 - - [15/Apr/2025:21:20:08 -0400] "GET /wp-includes/css/dist/block-library/style.min.css?ver=6.8 HTTP/1.1" 200 14358 "https://greatamericanball.com/proteger-votre-entreprise-avec-sagesse/" "Mozilla/5.0 (Linux; Android 5.0) AppleWebKit/537.36 (KHTML, like Gecko) Mobile Safari/537.36 (compatible; TikTokSpider; ttspider-feedback@tiktok.com)"
47.128.111.101 - - [15/Apr/2025:21:20:11 -0400] "GET /wp-content/themes/safari-blog/images/search.svg HTTP/1.1" 200 264 "https://greatamericanball.com/wp-content/themes/safari-blog/style.css?ver=1.0.2" "Mozilla/5.0 (Linux; Android 5.0) AppleWebKit/537.36 (KHTML, like Gecko) Mobile Safari/537.36 (compatible; TikTokSpider; ttspider-feedback@tiktok.com)"
52.167.144.59 - - [15/Apr/2025:21:23:41 -0400] "GET /robots.txt HTTP/1.1" 304 0 "-" "Mozilla/5.0 AppleWebKit/537.36 (KHTML, like Gecko; compatible; bingbot/2.0; +http://www.bing.com/bingbot.htm) Chrome/116.0.1938.76 Safari/537.36"
198.54.114.83 - - [15/Apr/2025:21:24:04 -0400] "POST /wp-cron.php?doing_wp_cron=1744766640.9749701023101806640625 HTTP/1.1" 200 0 "-" "WordPress/6.8; https://greatamericanball.com"
198.54.114.83 - - [15/Apr/2025:21:24:07 -0400] "GET /wp-content/themes/safari-blog/inc/blocks/font-family/inc/google-webfonts.json HTTP/1.1" 200 262144 "-" "WordPress/6.8; https://greatamericanball.com"
198.54.114.83 - - [15/Apr/2025:21:24:10 -0400] "GET /wp-content/themes/safari-blog/inc/blocks/font-family/inc/google-webfonts.json HTTP/1.1" 200 1084380 "-" "WordPress/6.8; https://greatamericanball.com"
198.54.114.83 - - [15/Apr/2025:21:24:14 -0400] "GET /wp-content/themes/safari-blog/inc/blocks/font-family/inc/google-webfonts.json HTTP/1.1" 200 1084380 "-" "WordPress/6.8; https://greatamericanball.com"
198.54.114.83 - - [15/Apr/2025:21:24:19 -0400] "GET /wp-content/themes/safari-blog/inc/blocks/font-family/inc/google-webfonts.json HTTP/1.1" 200 1084380 "-" "WordPress/6.8; https://greatamericanball.com"
198.54.114.83 - - [15/Apr/2025:21:24:20 -0400] "GET /wp-content/themes/safari-blog/inc/blocks/font-family/inc/google-webfonts.json HTTP/1.1" 200 1084380 "-" "WordPress/6.8; https://greatamericanball.com"
207.46.13.130 - - [15/Apr/2025:21:23:48 -0400] "GET /a-classroom-guide-for-6th-graders/ HTTP/1.1" 200 11526 "-" "Mozilla/5.0 AppleWebKit/537.36 (KHTML, like Gecko; compatible; bingbot/2.0; +http://www.bing.com/bingbot.htm) Chrome/116.0.1938.76 Safari/537.36"
51.222.253.7 - - [15/Apr/2025:21:34:12 -0400] "GET /2023/07/10/ HTTP/1.1" 301 0 "-" "Mozilla/5.0 (compatible; AhrefsBot/7.0; +http://ahrefs.com/robot/)"
198.54.114.83 - - [15/Apr/2025:21:38:23 -0400] "GET /wp-content/themes/safari-blog/inc/blocks/font-family/inc/google-webfonts.json HTTP/1.1" 200 1084380 "-" "WordPress/6.8; https://greatamericanball.com"
198.54.114.83 - - [15/Apr/2025:21:38:26 -0400] "GET /wp-content/themes/safari-blog/inc/blocks/font-family/inc/google-webfonts.json HTTP/1.1" 200 1084380 "-" "WordPress/6.8; https://greatamericanball.com"
198.54.114.83 - - [15/Apr/2025:21:38:28 -0400] "GET /wp-content/themes/safari-blog/inc/blocks/font-family/inc/google-webfonts.json HTTP/1.1" 200 1084380 "-" "WordPress/6.8; https://greatamericanball.com"
198.54.114.83 - - [15/Apr/2025:21:38:30 -0400] "GET /wp-content/themes/safari-blog/inc/blocks/font-family/inc/google-webfonts.json HTTP/1.1" 200 1084380 "-" "WordPress/6.8; https://greatamericanball.com"
198.54.114.83 - - [15/Apr/2025:21:38:31 -0400] "GET /wp-content/themes/safari-blog/inc/blocks/font-family/inc/google-webfonts.json HTTP/1.1" 200 1084380 "-" "WordPress/6.8; https://greatamericanball.com"
164.90.188.101 - - [15/Apr/2025:21:38:18 -0400] "GET /where-to-buy-cbd-oil-in-the-uk/ HTTP/1.1" 200 13136 "https://greatamericanball.com/where-to-buy-cbd-oil-in-the-uk/#comment-24013" "Mozilla/5.0 (Windows NT 10.0; Win64; x64) AppleWebKit/537.36 (KHTML, like Gecko) Chrome/130.0.0.0 Safari/537.36 CCleaner/130.0.0.0"
198.54.114.83 - - [15/Apr/2025:21:38:52 -0400] "GET /wp-content/themes/safari-blog/inc/blocks/font-family/inc/google-webfonts.json HTTP/1.1" 200 1084380 "-" "WordPress/6.8; https://greatamericanball.com"
198.54.114.83 - - [15/Apr/2025:21:38:56 -0400] "GET /wp-content/themes/safari-blog/inc/blocks/font-family/inc/google-webfonts.json HTTP/1.1" 200 1084380 "-" "WordPress/6.8; https://greatamericanball.com"
198.54.114.83 - - [15/Apr/2025:21:39:01 -0400] "GET /wp-content/themes/safari-blog/inc/blocks/font-family/inc/google-webfonts.json HTTP/1.1" 200 1084380 "-" "WordPress/6.8; https://greatamericanball.com"
198.54.114.83 - - [15/Apr/2025:21:39:04 -0400] "GET /wp-content/themes/safari-blog/inc/blocks/font-family/inc/google-webfonts.json HTTP/1.1" 200 1084380 "-" "WordPress/6.8; https://greatamericanball.com"
198.54.114.83 - - [15/Apr/2025:21:39:07 -0400] "GET /wp-content/themes/safari-blog/inc/blocks/font-family/inc/google-webfonts.json HTTP/1.1" 200 1084380 "-" "WordPress/6.8; https://greatamericanball.com"
43.154.251.2 - - [15/Apr/2025:21:38:48 -0400] "GET /sydney-prague-the-best-locations-for-amazing-getaway/ HTTP/1.1" 200 12310 "-" "Python/3.10 aiohttp/3.10.5"
198.54.114.83 - - [15/Apr/2025:21:39:21 -0400] "POST /wp-cron.php?doing_wp_cron=1744767560.5982329845428466796875 HTTP/1.1" 200 0 "-" "WordPress/6.8; https://greatamericanball.com"
2602:fb54:968:: - - [15/Apr/2025:21:39:20 -0400] "POST /wp-login.php HTTP/1.1" 200 1854 "https://greatamericanball.com/wp-admin/" "Mozilla/5.0 (Windows NT 10.0; Win64; x64) AppleWebKit/537.36 (KHTML, like Gecko) Chrome/90.0.4430.85 Safari/537.36"
198.54.114.83 - - [15/Apr/2025:21:39:23 -0400] "POST /wp-admin/admin-ajax.php?action=async_litespeed&nonce=lRuFAyYkv5emUQFqetAaD2I12zZfbcLX&litespeed_type=imgoptm HTTP/1.1" 200 0 "-" "WordPress/6.8; https://greatamericanball.com"
2602:fb54:968:: - - [15/Apr/2025:21:39:23 -0400] "GET /wp-admin/ HTTP/1.1" 302 0 "https://www.google.com" "Mozilla/5.0 (Windows NT 10.0; Win64; x64) AppleWebKit/537.36 (KHTML, like Gecko) Chrome/90.0.4430.85 Safari/537.36"
2602:fb54:968:: - - [15/Apr/2025:21:39:28 -0400] "GET /wp-login.php?redirect_to=https%3A%2F%2Fgreatamericanball.com%2Fwp-admin%2F&reauth=1 HTTP/1.1" 200 1689 "https://www.google.com" "Mozilla/5.0 (Windows NT 10.0; Win64; x64) AppleWebKit/537.36 (KHTML, like Gecko) Chrome/90.0.4430.85 Safari/537.36"
198.54.114.83 - - [15/Apr/2025:21:41:33 -0400] "POST /wp-cron.php?doing_wp_cron=1744767692.3265600204467773437500 HTTP/1.1" 200 0 "-" "WordPress/6.8; https://greatamericanball.com"
2602:fb54:964:: - - [15/Apr/2025:21:41:26 -0400] "POST /wp-login.php HTTP/1.1" 200 1838 "https://greatamericanball.com/wp-admin/" "Mozilla/5.0 (Windows NT 10.0; Win64; x64) AppleWebKit/537.36 (KHTML, like Gecko) Chrome/90.0.4430.85 Safari/537.36"
198.54.114.83 - - [15/Apr/2025:21:41:34 -0400] "POST /wp-admin/admin-ajax.php?action=async_litespeed&nonce=DRJHV0LaM5OSSFoxCKIUjVinFOOSpWAe&litespeed_type=imgoptm HTTP/1.1" 200 0 "-" "WordPress/6.8; https://greatamericanball.com"
2602:fb54:964:: - - [15/Apr/2025:21:41:34 -0400] "GET /wp-admin/ HTTP/1.1" 302 0 "https://www.google.com" "Mozilla/5.0 (Windows NT 10.0; Win64; x64) AppleWebKit/537.36 (KHTML, like Gecko) Chrome/90.0.4430.85 Safari/537.36"
2602:fb54:964:: - - [15/Apr/2025:21:41:37 -0400] "GET /wp-login.php?redirect_to=https%3A%2F%2Fgreatamericanball.com%2Fwp-admin%2F&reauth=1 HTTP/1.1" 200 1689 "https://www.google.com" "Mozilla/5.0 (Windows NT 10.0; Win64; x64) AppleWebKit/537.36 (KHTML, like Gecko) Chrome/90.0.4430.85 Safari/537.36"
198.54.114.83 - - [15/Apr/2025:21:51:05 -0400] "POST /wp-cron.php?doing_wp_cron=1744768263.6332540512084960937500 HTTP/1.1" 200 0 "-" "WordPress/6.8; https://greatamericanball.com"
2602:fb54:965:: - - [15/Apr/2025:21:50:55 -0400] "POST /wp-login.php HTTP/1.1" 200 1838 "https://greatamericanball.com/wp-admin/" "Mozilla/5.0 (Windows NT 10.0; Win64; x64) AppleWebKit/537.36 (KHTML, like Gecko) Chrome/90.0.4430.85 Safari/537.36"
2602:fb54:965:: - - [15/Apr/2025:21:51:07 -0400] "GET /wp-admin/ HTTP/1.1" 302 0 "https://www.google.com" "Mozilla/5.0 (Windows NT 10.0; Win64; x64) AppleWebKit/537.36 (KHTML, like Gecko) Chrome/90.0.4430.85 Safari/537.36"
2602:fb54:965:: - - [15/Apr/2025:21:51:09 -0400] "GET /wp-login.php?redirect_to=https%3A%2F%2Fgreatamericanball.com%2Fwp-admin%2F&reauth=1 HTTP/1.1" 200 1689 "https://www.google.com" "Mozilla/5.0 (Windows NT 10.0; Win64; x64) AppleWebKit/537.36 (KHTML, like Gecko) Chrome/90.0.4430.85 Safari/537.36"
85.208.98.29 - - [15/Apr/2025:21:51:09 -0400] "GET /the-convenience-of-buying-prescription-glasses-online-2/ HTTP/1.1" 200 0 "-" "Mozilla/5.0 (compatible; SemrushBot-BA; +http://www.semrush.com/bot.html)"
198.54.114.83 - - [15/Apr/2025:21:51:12 -0400] "GET /wp-content/themes/safari-blog/inc/blocks/font-family/inc/google-webfonts.json HTTP/1.1" 200 1084380 "-" "WordPress/6.8; https://greatamericanball.com"
198.54.114.83 - - [15/Apr/2025:21:51:15 -0400] "GET /wp-content/themes/safari-blog/inc/blocks/font-family/inc/google-webfonts.json HTTP/1.1" 200 1084380 "-" "WordPress/6.8; https://greatamericanball.com"
198.54.114.83 - - [15/Apr/2025:21:51:17 -0400] "GET /wp-content/themes/safari-blog/inc/blocks/font-family/inc/google-webfonts.json HTTP/1.1" 200 1084380 "-" "WordPress/6.8; https://greatamericanball.com"
85.208.98.16 - - [15/Apr/2025:21:51:18 -0400] "GET /ray-ban-frames/ HTTP/1.1" 200 0 "-" "Mozilla/5.0 (compatible; SemrushBot-BA; +http://www.semrush.com/bot.html)"
198.54.114.83 - - [15/Apr/2025:21:51:22 -0400] "GET /wp-content/themes/safari-blog/inc/blocks/font-family/inc/google-webfonts.json HTTP/1.1" 200 1084380 "-" "WordPress/6.8; https://greatamericanball.com"
198.54.114.83 - - [15/Apr/2025:21:51:23 -0400] "GET /wp-content/themes/safari-blog/inc/blocks/font-family/inc/google-webfonts.json HTTP/1.1" 200 1084380 "-" "WordPress/6.8; https://greatamericanball.com"
198.54.114.83 - - [15/Apr/2025:21:51:24 -0400] "GET /wp-content/themes/safari-blog/inc/blocks/font-family/inc/google-webfonts.json HTTP/1.1" 200 1084380 "-" "WordPress/6.8; https://greatamericanball.com"
198.54.114.83 - - [15/Apr/2025:21:51:25 -0400] "GET /wp-content/themes/safari-blog/inc/blocks/font-family/inc/google-webfonts.json HTTP/1.1" 200 1084380 "-" "WordPress/6.8; https://greatamericanball.com"
198.54.114.83 - - [15/Apr/2025:21:51:27 -0400] "GET /wp-content/themes/safari-blog/inc/blocks/font-family/inc/google-webfonts.json HTTP/1.1" 200 1084380 "-" "WordPress/6.8; https://greatamericanball.com"
198.54.114.83 - - [15/Apr/2025:21:51:29 -0400] "GET /wp-content/themes/safari-blog/inc/blocks/font-family/inc/google-webfonts.json HTTP/1.1" 200 1084380 "-" "WordPress/6.8; https://greatamericanball.com"
198.54.114.83 - - [15/Apr/2025:21:51:32 -0400] "GET /wp-content/themes/safari-blog/inc/blocks/font-family/inc/google-webfonts.json HTTP/1.1" 200 1084380 "-" "WordPress/6.8; https://greatamericanball.com"
3.14.145.94 - - [15/Apr/2025:21:54:45 -0400] "GET /robots.txt HTTP/1.1" 304 0 "-" "Mozilla/5.0 AppleWebKit/537.36 (KHTML, like Gecko; compatible; ClaudeBot/1.0; +claudebot@anthropic.com)"
198.54.114.83 - - [15/Apr/2025:21:54:50 -0400] "POST /wp-cron.php?doing_wp_cron=1744768488.9133160114288330078125 HTTP/1.1" 200 0 "-" "WordPress/6.8; https://greatamericanball.com"
3.14.145.94 - - [15/Apr/2025:21:54:45 -0400] "GET /how-to-send-big-files-through-email HTTP/1.1" 301 0 "-" "Mozilla/5.0 AppleWebKit/537.36 (KHTML, like Gecko; compatible; ClaudeBot/1.0; +claudebot@anthropic.com)"
198.54.114.83 - - [15/Apr/2025:21:54:54 -0400] "GET /wp-content/themes/safari-blog/inc/blocks/font-family/inc/google-webfonts.json HTTP/1.1" 200 1084380 "-" "WordPress/6.8; https://greatamericanball.com"
198.54.114.83 - - [15/Apr/2025:21:54:57 -0400] "GET /wp-content/themes/safari-blog/inc/blocks/font-family/inc/google-webfonts.json HTTP/1.1" 200 1084380 "-" "WordPress/6.8; https://greatamericanball.com"
198.54.114.83 - - [15/Apr/2025:21:55:00 -0400] "GET /wp-content/themes/safari-blog/inc/blocks/font-family/inc/google-webfonts.json HTTP/1.1" 200 1084380 "-" "WordPress/6.8; https://greatamericanball.com"
198.54.114.83 - - [15/Apr/2025:21:55:04 -0400] "GET /wp-content/themes/safari-blog/inc/blocks/font-family/inc/google-webfonts.json HTTP/1.1" 200 1084380 "-" "WordPress/6.8; https://greatamericanball.com"
198.54.114.83 - - [15/Apr/2025:21:55:10 -0400] "GET /wp-content/themes/safari-blog/inc/blocks/font-family/inc/google-webfonts.json HTTP/1.1" 200 655360 "-" "WordPress/6.8; https://greatamericanball.com"
3.14.145.94 - - [15/Apr/2025:21:54:52 -0400] "GET /how-to-send-big-files-through-email/ HTTP/1.1" 200 11823 "-" "Mozilla/5.0 AppleWebKit/537.36 (KHTML, like Gecko; compatible; ClaudeBot/1.0; +claudebot@anthropic.com)"
3.14.145.94 - - [15/Apr/2025:21:55:13 -0400] "GET /wp-content/themes/safari-blog/js/navigation.js?ver=1.0.2 HTTP/1.1" 200 1421 "https://greatamericanball.com/how-to-send-big-files-through-email/" "Mozilla/5.0 AppleWebKit/537.36 (KHTML, like Gecko; compatible; ClaudeBot/1.0; +claudebot@anthropic.com)"
3.14.145.94 - - [15/Apr/2025:21:55:13 -0400] "GET /wp-includes/js/jquery/jquery-migrate.min.js?ver=3.4.1 HTTP/1.1" 200 4678 "https://greatamericanball.com/how-to-send-big-files-through-email/" "Mozilla/5.0 AppleWebKit/537.36 (KHTML, like Gecko; compatible; ClaudeBot/1.0; +claudebot@anthropic.com)"
3.14.145.94 - - [15/Apr/2025:21:55:13 -0400] "GET /wp-content/themes/safari-blog/js/scripts.js?ver=SAFARI_BLOG_VERSION HTTP/1.1" 200 216 "https://greatamericanball.com/how-to-send-big-files-through-email/" "Mozilla/5.0 AppleWebKit/537.36 (KHTML, like Gecko; compatible; ClaudeBot/1.0; +claudebot@anthropic.com)"
3.14.145.94 - - [15/Apr/2025:21:55:13 -0400] "GET /wp-includes/js/jquery/jquery.min.js?ver=3.7.1 HTTP/1.1" 200 29744 "https://greatamericanball.com/how-to-send-big-files-through-email/" "Mozilla/5.0 AppleWebKit/537.36 (KHTML, like Gecko; compatible; ClaudeBot/1.0; +claudebot@anthropic.com)"
3.14.145.94 - - [15/Apr/2025:21:55:16 -0400] "GET /wp-includes/js/comment-reply.min.js?ver=6.8 HTTP/1.1" 200 1247 "https://greatamericanball.com/how-to-send-big-files-through-email/" "Mozilla/5.0 AppleWebKit/537.36 (KHTML, like Gecko; compatible; ClaudeBot/1.0; +claudebot@anthropic.com)"
3.14.145.94 - - [15/Apr/2025:21:55:16 -0400] "GET /wp-includes/js/wp-emoji-release.min.js?ver=6.8 HTTP/1.1" 200 4771 "https://greatamericanball.com/how-to-send-big-files-through-email/" "Mozilla/5.0 AppleWebKit/537.36 (KHTML, like Gecko; compatible; ClaudeBot/1.0; +claudebot@anthropic.com)"
35.240.128.90 - - [15/Apr/2025:21:55:48 -0400] "POST /wp-login.php HTTP/1.1" 200 1815 "-" "Mozlila/5.0 (Linux; Android 7.0; SM-G892A Bulid/NRD90M; wv) AppleWebKit/537.36 (KHTML, like Gecko) Version/4.0 Chrome/60.0.3112.107 Moblie Safari/537.36"
198.54.114.83 - - [15/Apr/2025:21:55:51 -0400] "POST /wp-cron.php?doing_wp_cron=1744768549.3230121135711669921875 HTTP/1.1" 200 0 "-" "WordPress/6.8; https://greatamericanball.com"
35.240.128.90 - - [15/Apr/2025:21:55:51 -0400] "GET /wp-admin/plugin-install.php?tab=upload HTTP/1.1" 302 0 "-" "Mozlila/5.0 (Linux; Android 7.0; SM-G892A Bulid/NRD90M; wv) AppleWebKit/537.36 (KHTML, like Gecko) Version/4.0 Chrome/60.0.3112.107 Moblie Safari/537.36"
35.240.128.90 - - [15/Apr/2025:21:55:54 -0400] "GET /wp-login.php?redirect_to=https%3A%2F%2Fgreatamericanball.com%2Fwp-admin%2Fplugin-install.php%3Ftab%3Dupload&reauth=1 HTTP/1.1" 200 1707 "-" "Mozlila/5.0 (Linux; Android 7.0; SM-G892A Bulid/NRD90M; wv) AppleWebKit/537.36 (KHTML, like Gecko) Version/4.0 Chrome/60.0.3112.107 Moblie Safari/537.36"
104.131.191.55 - - [15/Apr/2025:21:57:58 -0400] "GET /wp-admin/network/index.php HTTP/1.1" 302 0 "-" "Mozilla/5.0 (Linux; Android 7.0; SM-G892A Build/NRD90M; wv) AppleWebKit/537.36 (KHTML, like Gecko) Version/4.0 Chrome/60.0.3112.107 Mobile Safari/537.36"
198.54.114.83 - - [15/Apr/2025:21:58:01 -0400] "POST /wp-cron.php?doing_wp_cron=1744768678.8248410224914550781250 HTTP/1.1" 200 0 "-" "WordPress/6.8; https://greatamericanball.com"
104.131.191.55 - - [15/Apr/2025:21:58:02 -0400] "GET /wp-login.php?redirect_to=https%3A%2F%2Fgreatamericanball.com%2Fwp-admin%2Fnetwork%2Findex.php&reauth=1 HTTP/1.1" 200 1694 "-" "Mozilla/5.0 (Linux; Android 7.0; SM-G892A Build/NRD90M; wv) AppleWebKit/537.36 (KHTML, like Gecko) Version/4.0 Chrome/60.0.3112.107 Mobile Safari/537.36"
198.54.114.83 - - [15/Apr/2025:21:59:15 -0400] "POST /wp-admin/admin-ajax.php?action=async_litespeed&nonce=XuyWfKqh3WaVYaTMWrA066n5AZ4XXTHs&litespeed_type=imgoptm HTTP/1.1" 200 0 "-" "WordPress/6.8; https://greatamericanball.com"
51.222.253.11 - - [15/Apr/2025:21:59:57 -0400] "GET /2023/07/12/ HTTP/1.1" 301 0 "-" "Mozilla/5.0 (compatible; AhrefsBot/7.0; +http://ahrefs.com/robot/)"
198.54.114.83 - - [15/Apr/2025:22:01:51 -0400] "POST /wp-admin/admin-ajax.php?action=async_litespeed&nonce=YvLpPytkllzNg2gksjPMfgA7sGBZK4HS&litespeed_type=imgoptm HTTP/1.1" 200 0 "-" "WordPress/6.8; https://greatamericanball.com"
198.54.114.83 - - [15/Apr/2025:22:03:06 -0400] "GET /wp-content/themes/safari-blog/inc/blocks/font-family/inc/google-webfonts.json HTTP/1.1" 200 1084380 "-" "WordPress/6.8; https://greatamericanball.com"
198.54.114.83 - - [15/Apr/2025:22:03:08 -0400] "GET /wp-content/themes/safari-blog/inc/blocks/font-family/inc/google-webfonts.json HTTP/1.1" 200 1084380 "-" "WordPress/6.8; https://greatamericanball.com"
198.54.114.83 - - [15/Apr/2025:22:03:09 -0400] "GET /wp-content/themes/safari-blog/inc/blocks/font-family/inc/google-webfonts.json HTTP/1.1" 200 1084380 "-" "WordPress/6.8; https://greatamericanball.com"
198.54.114.83 - - [15/Apr/2025:22:03:15 -0400] "GET /wp-content/themes/safari-blog/inc/blocks/font-family/inc/google-webfonts.json HTTP/1.1" 200 1084380 "-" "WordPress/6.8; https://greatamericanball.com"
198.54.114.83 - - [15/Apr/2025:22:03:17 -0400] "GET /wp-content/themes/safari-blog/inc/blocks/font-family/inc/google-webfonts.json HTTP/1.1" 200 1084380 "-" "WordPress/6.8; https://greatamericanball.com"
157.55.39.201 - - [15/Apr/2025:22:03:02 -0400] "GET /future-trends-in-cosmetic-registration/ HTTP/1.1" 200 11685 "-" "Mozilla/5.0 AppleWebKit/537.36 (KHTML, like Gecko; compatible; bingbot/2.0; +http://www.bing.com/bingbot.htm) Chrome/116.0.1938.76 Safari/537.36"
198.54.114.83 - - [15/Apr/2025:22:03:22 -0400] "POST /wp-admin/admin-ajax.php?action=async_litespeed&nonce=4LvWx3WiVDVvJakrTZp5BhihjLGXNNiV&litespeed_type=imgoptm HTTP/1.1" 200 0 "-" "WordPress/6.8; https://greatamericanball.com"
198.54.114.83 - - [15/Apr/2025:22:03:24 -0400] "GET /wp-content/themes/safari-blog/inc/blocks/font-family/inc/google-webfonts.json HTTP/1.1" 200 1084380 "-" "WordPress/6.8; https://greatamericanball.com"
198.54.114.83 - - [15/Apr/2025:22:03:26 -0400] "GET /wp-content/themes/safari-blog/inc/blocks/font-family/inc/google-webfonts.json HTTP/1.1" 200 1084380 "-" "WordPress/6.8; https://greatamericanball.com"
198.54.114.83 - - [15/Apr/2025:22:03:27 -0400] "GET /wp-content/themes/safari-blog/inc/blocks/font-family/inc/google-webfonts.json HTTP/1.1" 200 1084380 "-" "WordPress/6.8; https://greatamericanball.com"
198.54.114.83 - - [15/Apr/2025:22:03:37 -0400] "GET /wp-content/themes/safari-blog/inc/blocks/font-family/inc/google-webfonts.json HTTP/1.1" 200 1084380 "-" "WordPress/6.8; https://greatamericanball.com"
198.54.114.83 - - [15/Apr/2025:22:03:38 -0400] "GET /wp-content/themes/safari-blog/inc/blocks/font-family/inc/google-webfonts.json HTTP/1.1" 200 1084380 "-" "WordPress/6.8; https://greatamericanball.com"
37.139.53.179 - - [15/Apr/2025:22:03:20 -0400] "GET /choosing-the-best-cbd-oil-uk/ HTTP/1.1" 200 12148 "-" "Mozilla/5.0 (X11; Linux x86_64) AppleWebKit/537.36 (KHTML, like Gecko) Chrome/114.0.0.0 Safari/537.36 OPR/89.0.4447.51"
37.139.53.179 - - [15/Apr/2025:22:03:43 -0400] "POST /wp-comments-post.php HTTP/1.1" 302 0 "https://greatamericanball.com/choosing-the-best-cbd-oil-uk/" "Mozilla/5.0 (X11; Linux x86_64) AppleWebKit/537.36 (KHTML, like Gecko) Chrome/114.0.0.0 Safari/537.36 OPR/89.0.4447.51"
198.54.114.83 - - [15/Apr/2025:22:03:54 -0400] "GET /wp-content/themes/safari-blog/inc/blocks/font-family/inc/google-webfonts.json HTTP/1.1" 200 1084380 "-" "WordPress/6.8; https://greatamericanball.com"
198.54.114.83 - - [15/Apr/2025:22:04:00 -0400] "GET /wp-content/themes/safari-blog/inc/blocks/font-family/inc/google-webfonts.json HTTP/1.1" 200 196608 "-" "WordPress/6.8; https://greatamericanball.com"
198.54.114.83 - - [15/Apr/2025:22:04:03 -0400] "GET /wp-content/themes/safari-blog/inc/blocks/font-family/inc/google-webfonts.json HTTP/1.1" 200 1084380 "-" "WordPress/6.8; https://greatamericanball.com"
198.54.114.83 - - [15/Apr/2025:22:04:09 -0400] "GET /wp-content/themes/safari-blog/inc/blocks/font-family/inc/google-webfonts.json HTTP/1.1" 200 1084380 "-" "WordPress/6.8; https://greatamericanball.com"
198.54.114.83 - - [15/Apr/2025:22:04:14 -0400] "GET /wp-content/themes/safari-blog/inc/blocks/font-family/inc/google-webfonts.json HTTP/1.1" 200 524288 "-" "WordPress/6.8; https://greatamericanball.com"
37.139.53.179 - - [15/Apr/2025:22:03:50 -0400] "GET /choosing-the-best-cbd-oil-uk/?unapproved=24017&moderation-hash=2fd57e96aa9e92f7f7e8e8af11e5391e HTTP/1.1" 200 12778 "https://greatamericanball.com/wp-comments-post.php" "Mozilla/5.0 (X11; Linux x86_64) AppleWebKit/537.36 (KHTML, like Gecko) Chrome/114.0.0.0 Safari/537.36 OPR/89.0.4447.51"
37.139.53.179 - - [15/Apr/2025:22:04:20 -0400] "GET /choosing-the-best-cbd-oil-uk/ HTTP/1.1" 200 12148 "-" "Mozilla/5.0 (X11; Linux x86_64) AppleWebKit/537.36 (KHTML, like Gecko) Chrome/114.0.0.0 Safari/537.36 OPR/89.0.4447.51"
37.139.53.179 - - [15/Apr/2025:22:07:26 -0400] "GET /choosing-the-best-cbd-oil-uk/ HTTP/1.1" 200 12148 "-" "Mozilla/5.0 (Windows NT 10.0; Win64; x64; rv:114.0) Gecko/20100101 Firefox/114.0"
198.54.114.83 - - [15/Apr/2025:22:07:48 -0400] "POST /wp-admin/admin-ajax.php?action=async_litespeed&nonce=JnW2T9OXH7CZysiCiS08T8hvRwBatXyO&litespeed_type=imgoptm HTTP/1.1" 200 0 "-" "WordPress/6.8; https://greatamericanball.com"
198.54.114.83 - - [15/Apr/2025:22:27:42 -0400] "POST /wp-admin/admin-ajax.php?action=async_litespeed&nonce=i5qbeO1TUA0RMwZyzj6zQ3ALsMyI8Rmj&litespeed_type=imgoptm HTTP/1.1" 200 0 "-" "WordPress/6.8; https://greatamericanball.com"
198.54.114.83 - - [15/Apr/2025:22:29:06 -0400] "POST /wp-cron.php?doing_wp_cron=1744770545.4253549575805664062500 HTTP/1.1" 200 0 "-" "WordPress/6.8; https://greatamericanball.com"
51.222.253.1 - - [15/Apr/2025:22:29:04 -0400] "GET /2023/10/10/ HTTP/1.1" 301 0 "-" "Mozilla/5.0 (compatible; AhrefsBot/7.0; +http://ahrefs.com/robot/)"
198.54.114.83 - - [15/Apr/2025:22:32:04 -0400] "POST /wp-admin/admin-ajax.php?action=async_litespeed&nonce=OpRfCU8gmJkzMZdgQgJAMG7c8McHaqWR&litespeed_type=imgoptm HTTP/1.1" 200 0 "-" "WordPress/6.8; https://greatamericanball.com"
198.54.114.83 - - [15/Apr/2025:22:45:34 -0400] "POST /wp-cron.php?doing_wp_cron=1744771533.8349699974060058593750 HTTP/1.1" 200 0 "-" "WordPress/6.8; https://greatamericanball.com"
198.54.114.83 - - [15/Apr/2025:22:45:35 -0400] "GET /wp-content/themes/safari-blog/inc/blocks/font-family/inc/google-webfonts.json HTTP/1.1" 200 1084380 "-" "WordPress/6.8; https://greatamericanball.com"
198.54.114.83 - - [15/Apr/2025:22:45:36 -0400] "GET /wp-content/themes/safari-blog/inc/blocks/font-family/inc/google-webfonts.json HTTP/1.1" 200 1084380 "-" "WordPress/6.8; https://greatamericanball.com"
198.54.114.83 - - [15/Apr/2025:22:45:37 -0400] "GET /wp-content/themes/safari-blog/inc/blocks/font-family/inc/google-webfonts.json HTTP/1.1" 200 1084380 "-" "WordPress/6.8; https://greatamericanball.com"
198.54.114.83 - - [15/Apr/2025:22:45:38 -0400] "GET /wp-content/themes/safari-blog/inc/blocks/font-family/inc/google-webfonts.json HTTP/1.1" 200 1084380 "-" "WordPress/6.8; https://greatamericanball.com"
198.54.114.83 - - [15/Apr/2025:22:45:39 -0400] "GET /wp-content/themes/safari-blog/inc/blocks/font-family/inc/google-webfonts.json HTTP/1.1" 200 1084380 "-" "WordPress/6.8; https://greatamericanball.com"
212.102.37.196 - - [15/Apr/2025:22:45:28 -0400] "GET /what-goes-into-local-moving-quotes/ HTTP/1.1" 200 11953 "-" "Mozilla/5.0 (Linux x86_64; rv:114.0) Gecko/20100101 Firefox/114.0"
198.54.114.83 - - [15/Apr/2025:22:45:40 -0400] "POST /wp-admin/admin-ajax.php?action=async_litespeed&nonce=em46dI5dccO3SJv36NfaSqPupb5Qzl1w&litespeed_type=imgoptm HTTP/1.1" 200 0 "-" "WordPress/6.8; https://greatamericanball.com"
212.102.37.196 - - [15/Apr/2025:22:45:41 -0400] "POST /wp-comments-post.php HTTP/1.1" 302 0 "https://greatamericanball.com/what-goes-into-local-moving-quotes/" "Mozilla/5.0 (Linux x86_64; rv:114.0) Gecko/20100101 Firefox/114.0"
198.54.114.83 - - [15/Apr/2025:22:45:45 -0400] "GET /wp-content/themes/safari-blog/inc/blocks/font-family/inc/google-webfonts.json HTTP/1.1" 200 1084380 "-" "WordPress/6.8; https://greatamericanball.com"
198.54.114.83 - - [15/Apr/2025:22:45:46 -0400] "GET /wp-content/themes/safari-blog/inc/blocks/font-family/inc/google-webfonts.json HTTP/1.1" 200 1084380 "-" "WordPress/6.8; https://greatamericanball.com"
198.54.114.83 - - [15/Apr/2025:22:45:47 -0400] "GET /wp-content/themes/safari-blog/inc/blocks/font-family/inc/google-webfonts.json HTTP/1.1" 200 1084380 "-" "WordPress/6.8; https://greatamericanball.com"
198.54.114.83 - - [15/Apr/2025:22:45:48 -0400] "GET /wp-content/themes/safari-blog/inc/blocks/font-family/inc/google-webfonts.json HTTP/1.1" 200 1084380 "-" "WordPress/6.8; https://greatamericanball.com"
198.54.114.83 - - [15/Apr/2025:22:45:49 -0400] "GET /wp-content/themes/safari-blog/inc/blocks/font-family/inc/google-webfonts.json HTTP/1.1" 200 1084380 "-" "WordPress/6.8; https://greatamericanball.com"
212.102.37.196 - - [15/Apr/2025:22:45:44 -0400] "GET /what-goes-into-local-moving-quotes/?unapproved=24024&moderation-hash=2ef974d088bf6d021265df5c4230dc2c HTTP/1.1" 200 12460 "https://greatamericanball.com/wp-comments-post.php" "Mozilla/5.0 (Linux x86_64; rv:114.0) Gecko/20100101 Firefox/114.0"
212.102.37.196 - - [15/Apr/2025:22:45:50 -0400] "GET /what-goes-into-local-moving-quotes/ HTTP/1.1" 200 11953 "-" "Mozilla/5.0 (Linux x86_64; rv:114.0) Gecko/20100101 Firefox/114.0"
198.54.114.83 - - [15/Apr/2025:22:47:53 -0400] "POST /wp-cron.php?doing_wp_cron=1744771673.1575689315795898437500 HTTP/1.1" 200 0 "-" "WordPress/6.8; https://greatamericanball.com"
198.54.114.83 - - [15/Apr/2025:22:47:54 -0400] "GET /wp-content/themes/safari-blog/inc/blocks/font-family/inc/google-webfonts.json HTTP/1.1" 200 1084380 "-" "WordPress/6.8; https://greatamericanball.com"
198.54.114.83 - - [15/Apr/2025:22:47:54 -0400] "POST /wp-admin/admin-ajax.php?action=async_litespeed&nonce=Cn8QZgcseApt7a3MlrePM9CwQecZ6J4M&litespeed_type=imgoptm HTTP/1.1" 200 0 "-" "WordPress/6.8; https://greatamericanball.com"
198.54.114.83 - - [15/Apr/2025:22:47:55 -0400] "GET /wp-content/themes/safari-blog/inc/blocks/font-family/inc/google-webfonts.json HTTP/1.1" 200 1084380 "-" "WordPress/6.8; https://greatamericanball.com"
198.54.114.83 - - [15/Apr/2025:22:47:57 -0400] "GET /wp-content/themes/safari-blog/inc/blocks/font-family/inc/google-webfonts.json HTTP/1.1" 200 1084380 "-" "WordPress/6.8; https://greatamericanball.com"
27.42.99.97 - - [15/Apr/2025:22:47:51 -0400] "GET /the-mk-bucket-bag-is-a-must-have-for-every-woman/ HTTP/1.1" 200 0 "https://greatamericanball.com" "Mozilla/5.0 (Windows NT 10.0; Win64; x64) AppleWebKit/537.36 (KHTML, like Gecko) Chrome/62.0.3202.94 Safari/537.36"
198.54.114.83 - - [15/Apr/2025:22:47:59 -0400] "GET /wp-content/themes/safari-blog/inc/blocks/font-family/inc/google-webfonts.json HTTP/1.1" 200 1084380 "-" "WordPress/6.8; https://greatamericanball.com"
198.54.114.83 - - [15/Apr/2025:22:48:00 -0400] "GET /wp-content/themes/safari-blog/inc/blocks/font-family/inc/google-webfonts.json HTTP/1.1" 200 1084380 "-" "WordPress/6.8; https://greatamericanball.com"
212.102.37.196 - - [15/Apr/2025:22:48:37 -0400] "GET /what-goes-into-local-moving-quotes/ HTTP/1.1" 200 11953 "-" "Mozilla/5.0 (Windows NT 10.0; Win64; x64; rv:114.0) Gecko/20100101 Firefox/114.0"
198.54.114.83 - - [15/Apr/2025:22:51:14 -0400] "POST /wp-cron.php?doing_wp_cron=1744771873.5867660045623779296875 HTTP/1.1" 200 0 "-" "WordPress/6.8; https://greatamericanball.com"
198.54.114.83 - - [15/Apr/2025:22:51:17 -0400] "POST /wp-admin/admin-ajax.php?action=async_litespeed&nonce=aNQonFymtd7tnbLPLBNtWxKE0lRy3ufn&litespeed_type=imgoptm HTTP/1.1" 200 0 "-" "WordPress/6.8; https://greatamericanball.com"
51.222.253.1 - - [15/Apr/2025:22:51:08 -0400] "GET /2023/10/31/ HTTP/1.1" 301 0 "-" "Mozilla/5.0 (compatible; AhrefsBot/7.0; +http://ahrefs.com/robot/)"
135.119.137.158 - - [15/Apr/2025:22:51:52 -0400] "HEAD /new-hvac-information-for-homeowners/ HTTP/1.1" 200 0 "http://greatamericanball.com/new" "Mozilla/5.0 (Windows NT 10.0; Win64; x64) AppleWebKit/537.36 (KHTML, like Gecko) Chrome/74.0.3729.169 Safari/537.36"
135.119.137.158 - - [15/Apr/2025:22:51:55 -0400] "HEAD /home-audio-systems/ HTTP/1.1" 200 0 "http://greatamericanball.com/home" "Mozilla/5.0 (Windows NT 10.0; Win64; x64) AppleWebKit/537.36 (KHTML, like Gecko) Chrome/74.0.3729.169 Safari/537.36"
198.54.114.83 - - [15/Apr/2025:22:52:42 -0400] "POST /wp-admin/admin-ajax.php?action=async_litespeed&nonce=gkAkqzMeTB5xtWsnlepRzXbioFOOpkF8&litespeed_type=imgoptm HTTP/1.1" 200 0 "-" "WordPress/6.8; https://greatamericanball.com"
198.54.114.83 - - [15/Apr/2025:23:11:50 -0400] "POST /wp-cron.php?doing_wp_cron=1744773110.2393789291381835937500 HTTP/1.1" 200 0 "-" "WordPress/6.8; https://greatamericanball.com"
198.54.114.83 - - [15/Apr/2025:23:11:51 -0400] "POST /wp-admin/admin-ajax.php?action=async_litespeed&nonce=eZHrRWCMvSa0vcKiKMMJ01SBjAAGGikj&litespeed_type=imgoptm HTTP/1.1" 200 0 "-" "WordPress/6.8; https://greatamericanball.com"
51.222.253.9 - - [15/Apr/2025:23:11:43 -0400] "GET /2023/04/19/ HTTP/1.1" 301 0 "-" "Mozilla/5.0 (compatible; AhrefsBot/7.0; +http://ahrefs.com/robot/)"
3.88.5.251 - - [15/Apr/2025:23:11:59 -0400] "GET /.git/config HTTP/1.1" 403 1242 "-" "Mozilla/5.0 (Macintosh; U; Intel Mac OS X 10_6_5; en-US) AppleWebKit/534.13 (KHTML, like Gecko) Chrome/9.0.597.15 Safari/534.13"
198.54.114.83 - - [15/Apr/2025:23:12:43 -0400] "POST /wp-admin/admin-ajax.php?action=async_litespeed&nonce=S5KqivDDhs4hviOcDJv7uvjIhZcggiOl&litespeed_type=imgoptm HTTP/1.1" 200 0 "-" "WordPress/6.8; https://greatamericanball.com"
198.54.114.83 - - [15/Apr/2025:23:14:24 -0400] "POST /wp-admin/admin-ajax.php?action=async_litespeed&nonce=3Sq0JZbefaHkOg9PzMRlaP4smWlbY3TV&litespeed_type=imgoptm HTTP/1.1" 200 0 "-" "WordPress/6.8; https://greatamericanball.com"
198.54.114.83 - - [15/Apr/2025:23:16:48 -0400] "POST /wp-cron.php?doing_wp_cron=1744773405.9954879283905029296875 HTTP/1.1" 200 0 "-" "WordPress/6.8; https://greatamericanball.com"
198.54.114.83 - - [15/Apr/2025:23:16:50 -0400] "GET /wp-content/themes/safari-blog/inc/blocks/font-family/inc/google-webfonts.json HTTP/1.1" 200 1084380 "-" "WordPress/6.8; https://greatamericanball.com"
198.54.114.83 - - [15/Apr/2025:23:16:53 -0400] "GET /wp-content/themes/safari-blog/inc/blocks/font-family/inc/google-webfonts.json HTTP/1.1" 200 1084380 "-" "WordPress/6.8; https://greatamericanball.com"
198.54.114.83 - - [15/Apr/2025:23:16:56 -0400] "GET /wp-content/themes/safari-blog/inc/blocks/font-family/inc/google-webfonts.json HTTP/1.1" 200 1084380 "-" "WordPress/6.8; https://greatamericanball.com"
198.54.114.83 - - [15/Apr/2025:23:17:00 -0400] "GET /wp-content/themes/safari-blog/inc/blocks/font-family/inc/google-webfonts.json HTTP/1.1" 200 1084380 "-" "WordPress/6.8; https://greatamericanball.com"
198.54.114.83 - - [15/Apr/2025:23:17:03 -0400] "GET /wp-content/themes/safari-blog/inc/blocks/font-family/inc/google-webfonts.json HTTP/1.1" 200 1084380 "-" "WordPress/6.8; https://greatamericanball.com"
43.154.242.199 - - [15/Apr/2025:23:16:40 -0400] "GET /health-benefits-of-black-seed-oil/ HTTP/1.1" 200 11634 "-" "Python/3.10 aiohttp/3.10.5"
198.54.114.83 - - [15/Apr/2025:23:23:47 -0400] "POST /wp-cron.php?doing_wp_cron=1744773826.3525240421295166015625 HTTP/1.1" 200 0 "-" "WordPress/6.8; https://greatamericanball.com"
198.54.114.83 - - [15/Apr/2025:23:23:51 -0400] "GET /wp-content/themes/safari-blog/inc/blocks/font-family/inc/google-webfonts.json HTTP/1.1" 200 1084380 "-" "WordPress/6.8; https://greatamericanball.com"
198.54.114.83 - - [15/Apr/2025:23:23:53 -0400] "GET /wp-content/themes/safari-blog/inc/blocks/font-family/inc/google-webfonts.json HTTP/1.1" 200 1084380 "-" "WordPress/6.8; https://greatamericanball.com"
198.54.114.83 - - [15/Apr/2025:23:23:56 -0400] "GET /wp-content/themes/safari-blog/inc/blocks/font-family/inc/google-webfonts.json HTTP/1.1" 200 1084380 "-" "WordPress/6.8; https://greatamericanball.com"
198.54.114.83 - - [15/Apr/2025:23:23:58 -0400] "GET /wp-content/themes/safari-blog/inc/blocks/font-family/inc/google-webfonts.json HTTP/1.1" 200 1084380 "-" "WordPress/6.8; https://greatamericanball.com"
198.54.114.83 - - [15/Apr/2025:23:24:00 -0400] "GET /wp-content/themes/safari-blog/inc/blocks/font-family/inc/google-webfonts.json HTTP/1.1" 200 1084380 "-" "WordPress/6.8; https://greatamericanball.com"
52.167.144.173 - - [15/Apr/2025:23:23:40 -0400] "GET /page/104/ HTTP/1.1" 200 10646 "-" "Mozilla/5.0 AppleWebKit/537.36 (KHTML, like Gecko; compatible; bingbot/2.0; +http://www.bing.com/bingbot.htm) Chrome/116.0.1938.76 Safari/537.36"
52.167.144.173 - - [15/Apr/2025:23:24:20 -0400] "GET /education-chatbot-for-educational-institutions/ HTTP/1.1" 200 120413 "-" "Mozilla/5.0 AppleWebKit/537.36 (KHTML, like Gecko; compatible; bingbot/2.0; +http://www.bing.com/bingbot.htm) Chrome/116.0.1938.76 Safari/537.36"
52.167.144.173 - - [15/Apr/2025:23:24:39 -0400] "GET /2025/03/26/ HTTP/1.1" 301 0 "-" "Mozilla/5.0 AppleWebKit/537.36 (KHTML, like Gecko; compatible; bingbot/2.0; +http://www.bing.com/bingbot.htm) Chrome/116.0.1938.76 Safari/537.36"
198.54.114.83 - - [15/Apr/2025:23:24:40 -0400] "GET /wp-content/themes/safari-blog/inc/blocks/font-family/inc/google-webfonts.json HTTP/1.1" 200 1084380 "-" "WordPress/6.8; https://greatamericanball.com"
198.54.114.83 - - [15/Apr/2025:23:24:42 -0400] "GET /wp-content/themes/safari-blog/inc/blocks/font-family/inc/google-webfonts.json HTTP/1.1" 200 1084380 "-" "WordPress/6.8; https://greatamericanball.com"
198.54.114.83 - - [15/Apr/2025:23:24:43 -0400] "GET /wp-content/themes/safari-blog/inc/blocks/font-family/inc/google-webfonts.json HTTP/1.1" 200 1084380 "-" "WordPress/6.8; https://greatamericanball.com"
198.54.114.83 - - [15/Apr/2025:23:24:45 -0400] "GET /wp-content/themes/safari-blog/inc/blocks/font-family/inc/google-webfonts.json HTTP/1.1" 200 1084380 "-" "WordPress/6.8; https://greatamericanball.com"
198.54.114.83 - - [15/Apr/2025:23:24:46 -0400] "GET /wp-content/themes/safari-blog/inc/blocks/font-family/inc/google-webfonts.json HTTP/1.1" 200 1084380 "-" "WordPress/6.8; https://greatamericanball.com"
89.248.172.183 - - [15/Apr/2025:23:24:38 -0400] "GET /wp-content/plugins/instant-appointment/assets/css/bootstrap-icons.min.css HTTP/1.1" 404 6546 "-" "Mozilla/5.0 (Android 11; Mobile; rv:123.0) Gecko/123.0 Firefox/123.0"
207.46.13.87 - - [15/Apr/2025:23:24:48 -0400] "GET /ai-in-finance-applications-examples/ HTTP/1.1" 200 83290 "-" "Mozilla/5.0 AppleWebKit/537.36 (KHTML, like Gecko; compatible; bingbot/2.0; +http://www.bing.com/bingbot.htm) Chrome/116.0.1938.76 Safari/537.36"
207.46.13.87 - - [15/Apr/2025:23:24:48 -0400] "GET /14-powerful-ai-chatbot-platforms-for-businesses/ HTTP/1.1" 200 108202 "-" "Mozilla/5.0 AppleWebKit/537.36 (KHTML, like Gecko; compatible; bingbot/2.0; +http://www.bing.com/bingbot.htm) Chrome/116.0.1938.76 Safari/537.36"
207.46.13.87 - - [15/Apr/2025:23:25:10 -0400] "GET /what-is-natural-language-processing-definition-and/ HTTP/1.1" 200 105405 "-" "Mozilla/5.0 AppleWebKit/537.36 (KHTML, like Gecko; compatible; bingbot/2.0; +http://www.bing.com/bingbot.htm) Chrome/116.0.1938.76 Safari/537.36"
198.54.114.83 - - [15/Apr/2025:23:28:40 -0400] "GET /wp-content/themes/safari-blog/inc/blocks/font-family/inc/google-webfonts.json HTTP/1.1" 200 1084380 "-" "WordPress/6.8; https://greatamericanball.com"
198.54.114.83 - - [15/Apr/2025:23:28:42 -0400] "GET /wp-content/themes/safari-blog/inc/blocks/font-family/inc/google-webfonts.json HTTP/1.1" 200 1084380 "-" "WordPress/6.8; https://greatamericanball.com"
198.54.114.83 - - [15/Apr/2025:23:28:43 -0400] "GET /wp-content/themes/safari-blog/inc/blocks/font-family/inc/google-webfonts.json HTTP/1.1" 200 1084380 "-" "WordPress/6.8; https://greatamericanball.com"
198.54.114.83 - - [15/Apr/2025:23:28:46 -0400] "GET /wp-content/themes/safari-blog/inc/blocks/font-family/inc/google-webfonts.json HTTP/1.1" 200 1084380 "-" "WordPress/6.8; https://greatamericanball.com"
198.54.114.83 - - [15/Apr/2025:23:28:49 -0400] "GET /wp-content/themes/safari-blog/inc/blocks/font-family/inc/google-webfonts.json HTTP/1.1" 200 1084380 "-" "WordPress/6.8; https://greatamericanball.com"
101.32.26.19 - - [15/Apr/2025:23:28:38 -0400] "GET /how-to-add-your-logo-to-custom-logo-socks/ HTTP/1.1" 200 11424 "-" "Python/3.10 aiohttp/3.10.5"
2804:2904:43f:200:71d6:b0e3:3d9c:7004 - - [15/Apr/2025:23:29:06 -0400] "POST /wp-login.php HTTP/1.1" 200 1815 "https://greatamericanball.com/wp-admin/" "Mozilla/5.0 (Windows NT 10.0; Win64; x64) AppleWebKit/537.36 (KHTML, like Gecko) Chrome/90.0.4430.85 Safari/537.36"
198.54.114.83 - - [15/Apr/2025:23:29:08 -0400] "POST /wp-cron.php?doing_wp_cron=1744774146.8865919113159179687500 HTTP/1.1" 200 0 "-" "WordPress/6.8; https://greatamericanball.com"
2804:2904:43f:200:71d6:b0e3:3d9c:7004 - - [15/Apr/2025:23:29:08 -0400] "GET /wp-admin/ HTTP/1.1" 302 0 "https://www.google.com" "Mozilla/5.0 (Windows NT 10.0; Win64; x64) AppleWebKit/537.36 (KHTML, like Gecko) Chrome/90.0.4430.85 Safari/537.36"
2804:2904:43f:200:71d6:b0e3:3d9c:7004 - - [15/Apr/2025:23:29:10 -0400] "GET /wp-login.php?redirect_to=https%3A%2F%2Fgreatamericanball.com%2Fwp-admin%2F&reauth=1 HTTP/1.1" 200 1689 "https://www.google.com" "Mozilla/5.0 (Windows NT 10.0; Win64; x64) AppleWebKit/537.36 (KHTML, like Gecko) Chrome/90.0.4430.85 Safari/537.36"
51.222.253.6 - - [15/Apr/2025:23:32:48 -0400] "GET /2021/04/25/ HTTP/1.1" 301 0 "-" "Mozilla/5.0 (compatible; AhrefsBot/7.0; +http://ahrefs.com/robot/)"
198.54.114.83 - - [15/Apr/2025:23:33:30 -0400] "POST /wp-cron.php?doing_wp_cron=1744774408.9291579723358154296875 HTTP/1.1" 200 0 "-" "WordPress/6.8; https://greatamericanball.com"
198.54.114.83 - - [15/Apr/2025:23:33:30 -0400] "GET /wp-content/themes/safari-blog/inc/blocks/font-family/inc/google-webfonts.json HTTP/1.1" 200 1084380 "-" "WordPress/6.8; https://greatamericanball.com"
198.54.114.83 - - [15/Apr/2025:23:33:33 -0400] "GET /wp-content/themes/safari-blog/inc/blocks/font-family/inc/google-webfonts.json HTTP/1.1" 200 1084380 "-" "WordPress/6.8; https://greatamericanball.com"
198.54.114.83 - - [15/Apr/2025:23:33:36 -0400] "GET /wp-content/themes/safari-blog/inc/blocks/font-family/inc/google-webfonts.json HTTP/1.1" 200 1084380 "-" "WordPress/6.8; https://greatamericanball.com"
198.54.114.83 - - [15/Apr/2025:23:33:39 -0400] "GET /wp-content/themes/safari-blog/inc/blocks/font-family/inc/google-webfonts.json HTTP/1.1" 200 1084380 "-" "WordPress/6.8; https://greatamericanball.com"
198.54.114.83 - - [15/Apr/2025:23:33:41 -0400] "GET /wp-content/themes/safari-blog/inc/blocks/font-family/inc/google-webfonts.json HTTP/1.1" 200 1084380 "-" "WordPress/6.8; https://greatamericanball.com"
8.210.8.206 - - [15/Apr/2025:23:33:28 -0400] "GET /category/sign-up/ HTTP/1.1" 200 8361 "-" "Mozilla/5.0 (Macintosh; Intel Mac OS X 10_15_7) AppleWebKit/537.36 (KHTML, like Gecko) Chrome/109.0.0.0 Safari/537.36"
198.54.114.83 - - [15/Apr/2025:23:34:23 -0400] "GET /wp-content/themes/safari-blog/inc/blocks/font-family/inc/google-webfonts.json HTTP/1.1" 200 1084380 "-" "WordPress/6.8; https://greatamericanball.com"
198.54.114.83 - - [15/Apr/2025:23:34:24 -0400] "GET /wp-content/themes/safari-blog/inc/blocks/font-family/inc/google-webfonts.json HTTP/1.1" 200 1084380 "-" "WordPress/6.8; https://greatamericanball.com"
198.54.114.83 - - [15/Apr/2025:23:34:27 -0400] "GET /wp-content/themes/safari-blog/inc/blocks/font-family/inc/google-webfonts.json HTTP/1.1" 200 1084380 "-" "WordPress/6.8; https://greatamericanball.com"
198.54.114.83 - - [15/Apr/2025:23:34:30 -0400] "GET /wp-content/themes/safari-blog/inc/blocks/font-family/inc/google-webfonts.json HTTP/1.1" 200 1084380 "-" "WordPress/6.8; https://greatamericanball.com"
198.54.114.83 - - [15/Apr/2025:23:34:36 -0400] "GET /wp-content/themes/safari-blog/inc/blocks/font-family/inc/google-webfonts.json HTTP/1.1" 200 1084380 "-" "WordPress/6.8; https://greatamericanball.com"
207.46.13.87 - - [15/Apr/2025:23:34:20 -0400] "GET /a-modern-oasis/ HTTP/1.1" 200 11660 "-" "Mozilla/5.0 AppleWebKit/537.36 (KHTML, like Gecko; compatible; bingbot/2.0; +http://www.bing.com/bingbot.htm) Chrome/116.0.1938.76 Safari/537.36"
5.102.173.71 - - [15/Apr/2025:23:40:00 -0400] "GET /robots.txt HTTP/1.1" 304 0 "-" "Mozilla/5.0 (compatible; MojeekBot/0.11; +https://www.mojeek.com/bot.html)"
198.54.114.83 - - [15/Apr/2025:23:40:13 -0400] "POST /wp-cron.php?doing_wp_cron=1744774809.4514739513397216796875 HTTP/1.1" 200 0 "-" "WordPress/6.8; https://greatamericanball.com"
5.102.173.71 - - [15/Apr/2025:23:40:02 -0400] "GET /2024/04/30/ HTTP/1.1" 301 0 "-" "Mozilla/5.0 (compatible; MojeekBot/0.11; +https://www.mojeek.com/bot.html)"
198.54.114.83 - - [15/Apr/2025:23:43:59 -0400] "POST /wp-cron.php?doing_wp_cron=1744775038.3259449005126953125000 HTTP/1.1" 200 0 "-" "WordPress/6.8; https://greatamericanball.com"
198.54.114.83 - - [15/Apr/2025:23:44:01 -0400] "POST /wp-admin/admin-ajax.php?action=async_litespeed&nonce=vQtLods03eULHHle72BU8iH1aEmtMHnr&litespeed_type=imgoptm HTTP/1.1" 200 0 "-" "WordPress/6.8; https://greatamericanball.com"
198.54.114.83 - - [15/Apr/2025:23:44:01 -0400] "GET /wp-content/themes/safari-blog/inc/blocks/font-family/inc/google-webfonts.json HTTP/1.1" 200 1084380 "-" "WordPress/6.8; https://greatamericanball.com"
198.54.114.83 - - [15/Apr/2025:23:44:03 -0400] "GET /wp-content/themes/safari-blog/inc/blocks/font-family/inc/google-webfonts.json HTTP/1.1" 200 1084380 "-" "WordPress/6.8; https://greatamericanball.com"
114.10.47.95 - - [15/Apr/2025:23:43:51 -0400] "POST /wp-login.php/wp-login.php HTTP/1.1" 200 0 "-" "python-requests/2.32.3"
198.54.114.83 - - [15/Apr/2025:23:44:06 -0400] "GET /wp-content/themes/safari-blog/inc/blocks/font-family/inc/google-webfonts.json HTTP/1.1" 200 1084380 "-" "WordPress/6.8; https://greatamericanball.com"
198.54.114.83 - - [15/Apr/2025:23:44:09 -0400] "GET /wp-content/themes/safari-blog/inc/blocks/font-family/inc/google-webfonts.json HTTP/1.1" 200 1084380 "-" "WordPress/6.8; https://greatamericanball.com"
198.54.114.83 - - [15/Apr/2025:23:44:11 -0400] "GET /wp-content/themes/safari-blog/inc/blocks/font-family/inc/google-webfonts.json HTTP/1.1" 200 1084380 "-" "WordPress/6.8; https://greatamericanball.com"
124.156.186.100 - - [15/Apr/2025:23:43:51 -0400] "GET /the-history-of-alternative-medicine/ HTTP/1.1" 200 13356 "-" "Python/3.10 aiohttp/3.10.5"
54.36.148.146 - - [15/Apr/2025:23:45:57 -0400] "GET /robots.txt HTTP/1.1" 304 0 "-" "Mozilla/5.0 (compatible; AhrefsBot/7.0; +http://ahrefs.com/robot/)"
51.222.253.16 - - [15/Apr/2025:23:52:35 -0400] "GET /2023/10/19/ HTTP/1.1" 301 0 "-" "Mozilla/5.0 (compatible; AhrefsBot/7.0; +http://ahrefs.com/robot/)"
84.54.44.30 - - [15/Apr/2025:23:53:56 -0400] "GET /where-to-buy-cbd-oil-in-the-uk/ HTTP/1.1" 200 12264 "https://greatamericanball.com/where-to-buy-cbd-oil-in-the-uk/" "Mozilla/5.0 (Windows NT 10.0; Win64; x64) AppleWebKit/537.36 (KHTML, like Gecko) Chrome/129.0.0.0 Safari/537.36"
198.54.114.83 - - [15/Apr/2025:23:54:01 -0400] "POST /wp-cron.php?doing_wp_cron=1744775639.8842248916625976562500 HTTP/1.1" 200 0 "-" "WordPress/6.8; https://greatamericanball.com"
84.54.44.30 - - [15/Apr/2025:23:53:58 -0400] "POST /wp-comments-post.php HTTP/1.1" 302 0 "https://greatamericanball.com/where-to-buy-cbd-oil-in-the-uk/" "Mozilla/5.0 (Windows NT 10.0; Win64; x64) AppleWebKit/537.36 (KHTML, like Gecko) Chrome/129.0.0.0 Safari/537.36"
198.54.114.83 - - [15/Apr/2025:23:54:07 -0400] "GET /wp-content/themes/safari-blog/inc/blocks/font-family/inc/google-webfonts.json HTTP/1.1" 200 1084380 "-" "WordPress/6.8; https://greatamericanball.com"
198.54.114.83 - - [15/Apr/2025:23:54:10 -0400] "GET /wp-content/themes/safari-blog/inc/blocks/font-family/inc/google-webfonts.json HTTP/1.1" 200 1084380 "-" "WordPress/6.8; https://greatamericanball.com"
198.54.114.83 - - [15/Apr/2025:23:54:12 -0400] "GET /wp-content/themes/safari-blog/inc/blocks/font-family/inc/google-webfonts.json HTTP/1.1" 200 1084380 "-" "WordPress/6.8; https://greatamericanball.com"
198.54.114.83 - - [15/Apr/2025:23:54:17 -0400] "GET /wp-content/themes/safari-blog/inc/blocks/font-family/inc/google-webfonts.json HTTP/1.1" 200 1084380 "-" "WordPress/6.8; https://greatamericanball.com"
198.54.114.83 - - [15/Apr/2025:23:54:20 -0400] "GET /wp-content/themes/safari-blog/inc/blocks/font-family/inc/google-webfonts.json HTTP/1.1" 200 1084380 "-" "WordPress/6.8; https://greatamericanball.com"
84.54.44.30 - - [15/Apr/2025:23:54:05 -0400] "GET /where-to-buy-cbd-oil-in-the-uk/ HTTP/1.1" 200 13068 "https://greatamericanball.com/where-to-buy-cbd-oil-in-the-uk/#comment-24034" "Mozilla/5.0 (Windows NT 10.0; Win64; x64) AppleWebKit/537.36 (KHTML, like Gecko) Chrome/129.0.0.0 Safari/537.36"
198.54.114.83 - - [15/Apr/2025:23:56:17 -0400] "POST /wp-cron.php?doing_wp_cron=1744775775.8392078876495361328125 HTTP/1.1" 200 0 "-" "WordPress/6.8; https://greatamericanball.com"
198.54.114.83 - - [15/Apr/2025:23:56:22 -0400] "GET /wp-content/themes/safari-blog/inc/blocks/font-family/inc/google-webfonts.json HTTP/1.1" 200 1084380 "-" "WordPress/6.8; https://greatamericanball.com"
198.54.114.83 - - [15/Apr/2025:23:56:25 -0400] "GET /wp-content/themes/safari-blog/inc/blocks/font-family/inc/google-webfonts.json HTTP/1.1" 200 1084380 "-" "WordPress/6.8; https://greatamericanball.com"
198.54.114.83 - - [15/Apr/2025:23:56:27 -0400] "GET /wp-content/themes/safari-blog/inc/blocks/font-family/inc/google-webfonts.json HTTP/1.1" 200 1084380 "-" "WordPress/6.8; https://greatamericanball.com"
