198.54.114.83 - - [16/Apr/2025:06:23:26 -0400] "GET /wp-content/themes/safari-blog/inc/blocks/font-family/inc/google-webfonts.json HTTP/1.1" 200 1084380 "-" "WordPress/6.8; https://greatamericanball.com"
198.54.114.83 - - [16/Apr/2025:06:23:30 -0400] "GET /wp-content/themes/safari-blog/inc/blocks/font-family/inc/google-webfonts.json HTTP/1.1" 200 1084380 "-" "WordPress/6.8; https://greatamericanball.com"
198.54.114.83 - - [16/Apr/2025:06:23:31 -0400] "GET /wp-content/themes/safari-blog/inc/blocks/font-family/inc/google-webfonts.json HTTP/1.1" 200 1084380 "-" "WordPress/6.8; https://greatamericanball.com"
52.167.144.169 - - [16/Apr/2025:06:23:18 -0400] "GET /the-importance-of-search-engine-optimization/ HTTP/1.1" 200 12071 "-" "Mozilla/5.0 AppleWebKit/537.36 (KHTML, like Gecko; compatible; bingbot/2.0; +http://www.bing.com/bingbot.htm) Chrome/116.0.1938.76 Safari/537.36"
18.116.80.183 - - [16/Apr/2025:06:23:54 -0400] "GET /buy-custom-youtube-comments-to-boost-your-youtube-profile HTTP/1.1" 301 0 "-" "Mozilla/5.0 AppleWebKit/537.36 (KHTML, like Gecko; compatible; ClaudeBot/1.0; +claudebot@anthropic.com)"
198.54.114.83 - - [16/Apr/2025:06:23:58 -0400] "GET /wp-content/themes/safari-blog/inc/blocks/font-family/inc/google-webfonts.json HTTP/1.1" 200 1084380 "-" "WordPress/6.8; https://greatamericanball.com"
198.54.114.83 - - [16/Apr/2025:06:23:59 -0400] "GET /wp-content/themes/safari-blog/inc/blocks/font-family/inc/google-webfonts.json HTTP/1.1" 200 1084380 "-" "WordPress/6.8; https://greatamericanball.com"
198.54.114.83 - - [16/Apr/2025:06:24:00 -0400] "GET /wp-content/themes/safari-blog/inc/blocks/font-family/inc/google-webfonts.json HTTP/1.1" 200 1084380 "-" "WordPress/6.8; https://greatamericanball.com"
18.116.80.183 - - [16/Apr/2025:06:23:56 -0400] "GET /buy-custom-youtube-comments-to-boost-your-youtube-profile/ HTTP/1.1" 200 0 "https://greatamericanball.com/buy-custom-youtube-comments-to-boost-your-youtube-profile" "Mozilla/5.0 AppleWebKit/537.36 (KHTML, like Gecko; compatible; ClaudeBot/1.0; +claudebot@anthropic.com)"
198.54.114.83 - - [16/Apr/2025:06:24:02 -0400] "GET /wp-content/themes/safari-blog/inc/blocks/font-family/inc/google-webfonts.json HTTP/1.1" 200 1084380 "-" "WordPress/6.8; https://greatamericanball.com"
198.54.114.83 - - [16/Apr/2025:06:24:04 -0400] "GET /wp-content/themes/safari-blog/inc/blocks/font-family/inc/google-webfonts.json HTTP/1.1" 200 1084380 "-" "WordPress/6.8; https://greatamericanball.com"
62.113.113.162 - - [16/Apr/2025:06:24:35 -0400] "GET /where-to-buy-cbd-oil-in-the-uk/ HTTP/1.1" 200 12264 "https://greatamericanball.com/where-to-buy-cbd-oil-in-the-uk/" "Mozilla/5.0 (Windows NT 10.0; Win64; x64) AppleWebKit/537.36 (KHTML, like Gecko) Chrome/131.0.0.0 Safari/537.36"
62.113.113.162 - - [16/Apr/2025:06:24:37 -0400] "GET /where-to-buy-cbd-oil-in-the-uk/ HTTP/1.1" 200 12264 "https://greatamericanball.com/where-to-buy-cbd-oil-in-the-uk/" "Mozilla/5.0 (Windows NT 10.0; Win64; x64) AppleWebKit/537.36 (KHTML, like Gecko) Chrome/130.0.0.0 Safari/537.36 CCleaner/130.0.0.0"
198.54.114.83 - - [16/Apr/2025:06:24:40 -0400] "POST /wp-cron.php?doing_wp_cron=1744799079.5583720207214355468750 HTTP/1.1" 200 0 "-" "WordPress/6.8; https://greatamericanball.com"
62.113.113.162 - - [16/Apr/2025:06:24:38 -0400] "POST /wp-comments-post.php HTTP/1.1" 429 982 "https://greatamericanball.com/where-to-buy-cbd-oil-in-the-uk/" "Mozilla/5.0 (Windows NT 10.0; Win64; x64) AppleWebKit/537.36 (KHTML, like Gecko) Chrome/131.0.0.0 Safari/537.36"
62.113.113.162 - - [16/Apr/2025:06:24:40 -0400] "POST /wp-comments-post.php HTTP/1.1" 302 0 "https://greatamericanball.com/where-to-buy-cbd-oil-in-the-uk/" "Mozilla/5.0 (Windows NT 10.0; Win64; x64) AppleWebKit/537.36 (KHTML, like Gecko) Chrome/130.0.0.0 Safari/537.36 CCleaner/130.0.0.0"
198.54.114.83 - - [16/Apr/2025:06:24:46 -0400] "GET /wp-content/themes/safari-blog/inc/blocks/font-family/inc/google-webfonts.json HTTP/1.1" 200 1084380 "-" "WordPress/6.8; https://greatamericanball.com"
198.54.114.83 - - [16/Apr/2025:06:24:48 -0400] "GET /wp-content/themes/safari-blog/inc/blocks/font-family/inc/google-webfonts.json HTTP/1.1" 200 1084380 "-" "WordPress/6.8; https://greatamericanball.com"
198.54.114.83 - - [16/Apr/2025:06:24:49 -0400] "GET /wp-content/themes/safari-blog/inc/blocks/font-family/inc/google-webfonts.json HTTP/1.1" 200 1084380 "-" "WordPress/6.8; https://greatamericanball.com"
198.54.114.83 - - [16/Apr/2025:06:24:51 -0400] "GET /wp-content/themes/safari-blog/inc/blocks/font-family/inc/google-webfonts.json HTTP/1.1" 200 1084380 "-" "WordPress/6.8; https://greatamericanball.com"
198.54.114.83 - - [16/Apr/2025:06:24:53 -0400] "GET /wp-content/themes/safari-blog/inc/blocks/font-family/inc/google-webfonts.json HTTP/1.1" 200 1084380 "-" "WordPress/6.8; https://greatamericanball.com"
62.113.113.162 - - [16/Apr/2025:06:24:44 -0400] "GET /where-to-buy-cbd-oil-in-the-uk/ HTTP/1.1" 200 19619 "https://greatamericanball.com/where-to-buy-cbd-oil-in-the-uk/#comment-24046" "Mozilla/5.0 (Windows NT 10.0; Win64; x64) AppleWebKit/537.36 (KHTML, like Gecko) Chrome/130.0.0.0 Safari/537.36 CCleaner/130.0.0.0"
103.136.23.98 - - [16/Apr/2025:06:26:53 -0400] "GET /wp-login.php HTTP/1.1" 200 1689 "-" "python-requests/2.32.3"
103.136.23.98 - - [16/Apr/2025:06:26:55 -0400] "POST /wp-login.php HTTP/1.1" 200 1838 "-" "Mozilla/5.0 (X11; Linux x86_64) AppleWebKit/537.36 (KHTML, like Gecko) Chrome/83.0.4103.101 Safari/537.36"
198.54.114.83 - - [16/Apr/2025:06:27:02 -0400] "POST /wp-cron.php?doing_wp_cron=1744799220.2103960514068603515625 HTTP/1.1" 200 0 "-" "WordPress/6.8; https://greatamericanball.com"
198.54.114.83 - - [16/Apr/2025:06:28:49 -0400] "POST /wp-cron.php?doing_wp_cron=1744799327.0099360942840576171875 HTTP/1.1" 200 0 "-" "WordPress/6.8; https://greatamericanball.com"
198.54.114.83 - - [16/Apr/2025:06:28:49 -0400] "GET /wp-content/themes/safari-blog/inc/blocks/font-family/inc/google-webfonts.json HTTP/1.1" 200 1084380 "-" "WordPress/6.8; https://greatamericanball.com"
198.54.114.83 - - [16/Apr/2025:06:28:54 -0400] "GET /wp-content/themes/safari-blog/inc/blocks/font-family/inc/google-webfonts.json HTTP/1.1" 200 1084380 "-" "WordPress/6.8; https://greatamericanball.com"
198.54.114.83 - - [16/Apr/2025:06:28:56 -0400] "GET /wp-content/themes/safari-blog/inc/blocks/font-family/inc/google-webfonts.json HTTP/1.1" 200 1084380 "-" "WordPress/6.8; https://greatamericanball.com"
47.242.200.220 - - [16/Apr/2025:06:28:41 -0400] "GET /category/sign-in/ HTTP/1.1" 200 0 "-" "Mozilla/5.0 (Macintosh; Intel Mac OS X 10_15_7) AppleWebKit/537.36 (KHTML, like Gecko) Chrome/109.0.0.0 Safari/537.36"
198.54.114.83 - - [16/Apr/2025:06:28:59 -0400] "GET /wp-content/themes/safari-blog/inc/blocks/font-family/inc/google-webfonts.json HTTP/1.1" 200 1084380 "-" "WordPress/6.8; https://greatamericanball.com"
198.54.114.83 - - [16/Apr/2025:06:29:02 -0400] "GET /wp-content/themes/safari-blog/inc/blocks/font-family/inc/google-webfonts.json HTTP/1.1" 200 1084380 "-" "WordPress/6.8; https://greatamericanball.com"
198.54.114.83 - - [16/Apr/2025:06:32:04 -0400] "GET /wp-content/themes/safari-blog/inc/blocks/font-family/inc/google-webfonts.json HTTP/1.1" 200 0 "-" "WordPress/6.8; https://greatamericanball.com"
198.54.114.83 - - [16/Apr/2025:06:32:11 -0400] "GET /wp-content/themes/safari-blog/inc/blocks/font-family/inc/google-webfonts.json HTTP/1.1" 200 0 "-" "WordPress/6.8; https://greatamericanball.com"
40.77.167.73 - - [16/Apr/2025:06:31:37 -0400] "GET /what-is-pc-memory/ HTTP/1.1" 200 11590 "-" "Mozilla/5.0 AppleWebKit/537.36 (KHTML, like Gecko; compatible; bingbot/2.0; +http://www.bing.com/bingbot.htm) Chrome/116.0.1938.76 Safari/537.36"
198.54.114.83 - - [16/Apr/2025:06:32:16 -0400] "GET /wp-content/themes/safari-blog/inc/blocks/font-family/inc/google-webfonts.json HTTP/1.1" 200 0 "-" "WordPress/6.8; https://greatamericanball.com"
198.54.114.83 - - [16/Apr/2025:06:32:37 -0400] "GET /wp-content/themes/safari-blog/inc/blocks/font-family/inc/google-webfonts.json HTTP/1.1" 200 0 "-" "WordPress/6.8; https://greatamericanball.com"
198.54.114.83 - - [16/Apr/2025:06:32:40 -0400] "GET /wp-content/themes/safari-blog/inc/blocks/font-family/inc/google-webfonts.json HTTP/1.1" 200 0 "-" "WordPress/6.8; https://greatamericanball.com"
198.54.114.83 - - [16/Apr/2025:06:32:44 -0400] "GET /wp-content/themes/safari-blog/inc/blocks/font-family/inc/google-webfonts.json HTTP/1.1" 200 0 "-" "WordPress/6.8; https://greatamericanball.com"
198.54.114.83 - - [16/Apr/2025:06:32:50 -0400] "GET /wp-content/themes/safari-blog/inc/blocks/font-family/inc/google-webfonts.json HTTP/1.1" 200 0 "-" "WordPress/6.8; https://greatamericanball.com"
198.54.114.83 - - [16/Apr/2025:06:32:54 -0400] "GET /wp-content/themes/safari-blog/inc/blocks/font-family/inc/google-webfonts.json HTTP/1.1" 200 917504 "-" "WordPress/6.8; https://greatamericanball.com"
40.77.167.73 - - [16/Apr/2025:06:32:29 -0400] "GET /advertising-agency-in-mumbai/ HTTP/1.1" 200 11433 "-" "Mozilla/5.0 AppleWebKit/537.36 (KHTML, like Gecko; compatible; bingbot/2.0; +http://www.bing.com/bingbot.htm) Chrome/116.0.1938.76 Safari/537.36"
198.54.114.83 - - [16/Apr/2025:06:35:30 -0400] "POST /wp-admin/admin-ajax.php?action=async_litespeed&nonce=icephhPh2PFrFH1FrMuB2VVZcTvnZYR8&litespeed_type=imgoptm HTTP/1.1" 200 0 "-" "WordPress/6.8; https://greatamericanball.com"
107.151.219.183 - - [16/Apr/2025:06:36:53 -0400] "GET /wp-admin/network/ HTTP/1.1" 302 0 "binance.com" "Mozilla/5.0 (Windows NT 10.0; Win64; x64) AppleWebKit/537.36 (KHTML, like Gecko) Chrome/90.0.4430.85 Safari/537.36"
107.151.219.183 - - [16/Apr/2025:06:36:55 -0400] "GET /wp-login.php?redirect_to=https%3A%2F%2Fgreatamericanball.com%2Fwp-admin%2Fnetwork%2F&reauth=1 HTTP/1.1" 200 1693 "binance.com" "Mozilla/5.0 (Windows NT 10.0; Win64; x64) AppleWebKit/537.36 (KHTML, like Gecko) Chrome/90.0.4430.85 Safari/537.36"
107.151.219.183 - - [16/Apr/2025:06:37:06 -0400] "GET /wp-admin/user/ HTTP/1.1" 302 0 "binance.com" "Mozilla/5.0 (Windows NT 10.0; Win64; x64) AppleWebKit/537.36 (KHTML, like Gecko) Chrome/90.0.4430.85 Safari/537.36"
107.151.219.183 - - [16/Apr/2025:06:37:08 -0400] "GET /wp-login.php?redirect_to=https%3A%2F%2Fgreatamericanball.com%2Fwp-admin%2Fuser%2F&reauth=1 HTTP/1.1" 200 1693 "binance.com" "Mozilla/5.0 (Windows NT 10.0; Win64; x64) AppleWebKit/537.36 (KHTML, like Gecko) Chrome/90.0.4430.85 Safari/537.36"
195.2.71.225 - - [16/Apr/2025:06:41:29 -0400] "GET /where-to-buy-cbd-oil-in-the-uk/ HTTP/1.1" 200 12264 "https://greatamericanball.com/where-to-buy-cbd-oil-in-the-uk/" "Mozilla/5.0 (Windows NT 10.0; Win64; x64) AppleWebKit/537.36 (KHTML, like Gecko) Chrome/130.0.0.0 Safari/537.36"
198.54.114.83 - - [16/Apr/2025:06:41:34 -0400] "POST /wp-cron.php?doing_wp_cron=1744800093.2979910373687744140625 HTTP/1.1" 200 0 "-" "WordPress/6.8; https://greatamericanball.com"
195.2.71.225 - - [16/Apr/2025:06:41:32 -0400] "POST /wp-comments-post.php HTTP/1.1" 302 0 "https://greatamericanball.com/where-to-buy-cbd-oil-in-the-uk/" "Mozilla/5.0 (Windows NT 10.0; Win64; x64) AppleWebKit/537.36 (KHTML, like Gecko) Chrome/130.0.0.0 Safari/537.36"
198.54.114.83 - - [16/Apr/2025:06:41:40 -0400] "GET /wp-content/themes/safari-blog/inc/blocks/font-family/inc/google-webfonts.json HTTP/1.1" 200 1084380 "-" "WordPress/6.8; https://greatamericanball.com"
198.54.114.83 - - [16/Apr/2025:06:41:43 -0400] "GET /wp-content/themes/safari-blog/inc/blocks/font-family/inc/google-webfonts.json HTTP/1.1" 200 1084380 "-" "WordPress/6.8; https://greatamericanball.com"
198.54.114.83 - - [16/Apr/2025:06:41:47 -0400] "GET /wp-content/themes/safari-blog/inc/blocks/font-family/inc/google-webfonts.json HTTP/1.1" 200 1084380 "-" "WordPress/6.8; https://greatamericanball.com"
198.54.114.83 - - [16/Apr/2025:06:41:50 -0400] "GET /wp-content/themes/safari-blog/inc/blocks/font-family/inc/google-webfonts.json HTTP/1.1" 200 1084380 "-" "WordPress/6.8; https://greatamericanball.com"
198.54.114.83 - - [16/Apr/2025:06:41:55 -0400] "GET /wp-content/themes/safari-blog/inc/blocks/font-family/inc/google-webfonts.json HTTP/1.1" 200 1084380 "-" "WordPress/6.8; https://greatamericanball.com"
195.2.71.225 - - [16/Apr/2025:06:41:38 -0400] "GET /where-to-buy-cbd-oil-in-the-uk/ HTTP/1.1" 200 38743 "https://greatamericanball.com/where-to-buy-cbd-oil-in-the-uk/#comment-24047" "Mozilla/5.0 (Windows NT 10.0; Win64; x64) AppleWebKit/537.36 (KHTML, like Gecko) Chrome/130.0.0.0 Safari/537.36"
85.208.98.29 - - [16/Apr/2025:06:42:58 -0400] "GET /floor-standing-fan-a-quick-simple-and-inexpensive-cooling-alternative/ HTTP/1.1" 200 0 "-" "Mozilla/5.0 (compatible; SemrushBot-BA; +http://www.semrush.com/bot.html)"
198.54.114.83 - - [16/Apr/2025:06:43:03 -0400] "GET /wp-content/themes/safari-blog/inc/blocks/font-family/inc/google-webfonts.json HTTP/1.1" 200 1084380 "-" "WordPress/6.8; https://greatamericanball.com"
198.54.114.83 - - [16/Apr/2025:06:43:05 -0400] "GET /wp-content/themes/safari-blog/inc/blocks/font-family/inc/google-webfonts.json HTTP/1.1" 200 1084380 "-" "WordPress/6.8; https://greatamericanball.com"
198.54.114.83 - - [16/Apr/2025:06:43:08 -0400] "GET /wp-content/themes/safari-blog/inc/blocks/font-family/inc/google-webfonts.json HTTP/1.1" 200 1084380 "-" "WordPress/6.8; https://greatamericanball.com"
198.54.114.83 - - [16/Apr/2025:06:43:12 -0400] "GET /wp-content/themes/safari-blog/inc/blocks/font-family/inc/google-webfonts.json HTTP/1.1" 200 1084380 "-" "WordPress/6.8; https://greatamericanball.com"
198.54.114.83 - - [16/Apr/2025:06:43:14 -0400] "GET /wp-content/themes/safari-blog/inc/blocks/font-family/inc/google-webfonts.json HTTP/1.1" 200 1084380 "-" "WordPress/6.8; https://greatamericanball.com"
85.208.98.24 - - [16/Apr/2025:06:59:04 -0400] "GET /floor-standing-fan-a-quick-simple-and-inexpensive-cooling-alternative/ HTTP/1.1" 200 0 "-" "Mozilla/5.0 (compatible; SemrushBot-BA; +http://www.semrush.com/bot.html)"
198.54.114.83 - - [16/Apr/2025:06:59:15 -0400] "POST /wp-cron.php?doing_wp_cron=1744801151.8847079277038574218750 HTTP/1.1" 200 0 "-" "WordPress/6.8; https://greatamericanball.com"
198.54.114.83 - - [16/Apr/2025:06:59:17 -0400] "GET /wp-content/themes/safari-blog/inc/blocks/font-family/inc/google-webfonts.json HTTP/1.1" 200 262144 "-" "WordPress/6.8; https://greatamericanball.com"
198.54.114.83 - - [16/Apr/2025:06:59:22 -0400] "GET /wp-content/themes/safari-blog/inc/blocks/font-family/inc/google-webfonts.json HTTP/1.1" 200 917504 "-" "WordPress/6.8; https://greatamericanball.com"
198.54.114.83 - - [16/Apr/2025:06:59:26 -0400] "GET /wp-content/themes/safari-blog/inc/blocks/font-family/inc/google-webfonts.json HTTP/1.1" 200 1084380 "-" "WordPress/6.8; https://greatamericanball.com"
198.54.114.83 - - [16/Apr/2025:06:59:32 -0400] "GET /wp-content/themes/safari-blog/inc/blocks/font-family/inc/google-webfonts.json HTTP/1.1" 200 1084380 "-" "WordPress/6.8; https://greatamericanball.com"
198.54.114.83 - - [16/Apr/2025:06:59:37 -0400] "GET /wp-content/themes/safari-blog/inc/blocks/font-family/inc/google-webfonts.json HTTP/1.1" 200 393216 "-" "WordPress/6.8; https://greatamericanball.com"
85.208.98.20 - - [16/Apr/2025:07:00:12 -0400] "GET /smart-dehumidifier-uk/ HTTP/1.1" 200 0 "-" "Mozilla/5.0 (compatible; SemrushBot-BA; +http://www.semrush.com/bot.html)"
198.54.114.83 - - [16/Apr/2025:07:00:16 -0400] "POST /wp-cron.php?doing_wp_cron=1744801213.2551240921020507812500 HTTP/1.1" 200 0 "-" "WordPress/6.8; https://greatamericanball.com"
198.54.114.83 - - [16/Apr/2025:07:00:18 -0400] "GET /wp-content/themes/safari-blog/inc/blocks/font-family/inc/google-webfonts.json HTTP/1.1" 200 1084380 "-" "WordPress/6.8; https://greatamericanball.com"
198.54.114.83 - - [16/Apr/2025:07:00:21 -0400] "GET /wp-content/themes/safari-blog/inc/blocks/font-family/inc/google-webfonts.json HTTP/1.1" 200 1084380 "-" "WordPress/6.8; https://greatamericanball.com"
198.54.114.83 - - [16/Apr/2025:07:00:25 -0400] "GET /wp-content/themes/safari-blog/inc/blocks/font-family/inc/google-webfonts.json HTTP/1.1" 200 1084380 "-" "WordPress/6.8; https://greatamericanball.com"
198.54.114.83 - - [16/Apr/2025:07:00:28 -0400] "GET /wp-content/themes/safari-blog/inc/blocks/font-family/inc/google-webfonts.json HTTP/1.1" 200 1084380 "-" "WordPress/6.8; https://greatamericanball.com"
198.54.114.83 - - [16/Apr/2025:07:00:30 -0400] "GET /wp-content/themes/safari-blog/inc/blocks/font-family/inc/google-webfonts.json HTTP/1.1" 200 1084380 "-" "WordPress/6.8; https://greatamericanball.com"
195.2.71.225 - - [16/Apr/2025:07:04:40 -0400] "GET /where-to-buy-cbd-oil-in-the-uk/ HTTP/1.1" 200 12264 "https://greatamericanball.com/where-to-buy-cbd-oil-in-the-uk/" "Mozilla/5.0 (Windows NT 10.0; Win64; x64) AppleWebKit/537.36 (KHTML, like Gecko) Chrome/131.0.0.0 Safari/537.36 Avast/131.0.0.0"
198.54.114.83 - - [16/Apr/2025:07:04:48 -0400] "POST /wp-cron.php?doing_wp_cron=1744801487.0323510169982910156250 HTTP/1.1" 200 0 "-" "WordPress/6.8; https://greatamericanball.com"
195.2.71.225 - - [16/Apr/2025:07:04:42 -0400] "POST /wp-comments-post.php HTTP/1.1" 302 0 "https://greatamericanball.com/where-to-buy-cbd-oil-in-the-uk/" "Mozilla/5.0 (Windows NT 10.0; Win64; x64) AppleWebKit/537.36 (KHTML, like Gecko) Chrome/131.0.0.0 Safari/537.36 Avast/131.0.0.0"
198.54.114.83 - - [16/Apr/2025:07:04:55 -0400] "GET /wp-content/themes/safari-blog/inc/blocks/font-family/inc/google-webfonts.json HTTP/1.1" 200 1084380 "-" "WordPress/6.8; https://greatamericanball.com"
198.54.114.83 - - [16/Apr/2025:07:04:59 -0400] "GET /wp-content/themes/safari-blog/inc/blocks/font-family/inc/google-webfonts.json HTTP/1.1" 200 1084380 "-" "WordPress/6.8; https://greatamericanball.com"
198.54.114.83 - - [16/Apr/2025:07:05:02 -0400] "GET /wp-content/themes/safari-blog/inc/blocks/font-family/inc/google-webfonts.json HTTP/1.1" 200 1084380 "-" "WordPress/6.8; https://greatamericanball.com"
198.54.114.83 - - [16/Apr/2025:07:05:08 -0400] "GET /wp-content/themes/safari-blog/inc/blocks/font-family/inc/google-webfonts.json HTTP/1.1" 200 1084380 "-" "WordPress/6.8; https://greatamericanball.com"
198.54.114.83 - - [16/Apr/2025:07:05:14 -0400] "GET /wp-content/themes/safari-blog/inc/blocks/font-family/inc/google-webfonts.json HTTP/1.1" 200 1084380 "-" "WordPress/6.8; https://greatamericanball.com"
195.2.71.225 - - [16/Apr/2025:07:04:52 -0400] "GET /where-to-buy-cbd-oil-in-the-uk/ HTTP/1.1" 200 13445 "https://greatamericanball.com/where-to-buy-cbd-oil-in-the-uk/#comment-24048" "Mozilla/5.0 (Windows NT 10.0; Win64; x64) AppleWebKit/537.36 (KHTML, like Gecko) Chrome/131.0.0.0 Safari/537.36 Avast/131.0.0.0"
198.54.114.83 - - [16/Apr/2025:07:07:05 -0400] "POST /wp-cron.php?doing_wp_cron=1744801625.3424210548400878906250 HTTP/1.1" 200 0 "-" "WordPress/6.8; https://greatamericanball.com"
198.54.114.83 - - [16/Apr/2025:07:07:08 -0400] "POST /wp-admin/admin-ajax.php?action=async_litespeed&nonce=AX5P9JTEqoLpNdRyPmETpRPXKn59uadd&litespeed_type=imgoptm HTTP/1.1" 200 0 "-" "WordPress/6.8; https://greatamericanball.com"
240e:350:8003:dae3:4ecc:6a45:80f7:5ca9 - - [16/Apr/2025:07:07:01 -0400] "POST /wp-comments-post.php HTTP/1.1" 302 0 "-" "Mozilla/5.0 (Windows NT 10.0; Win64; x64) AppleWebKit/537.36 (KHTML, like Gecko) Chrome/108.0.0.0 Safari/537.36 Edg/108.0.1462.46"
198.54.114.83 - - [16/Apr/2025:07:07:14 -0400] "GET /wp-content/themes/safari-blog/inc/blocks/font-family/inc/google-webfonts.json HTTP/1.1" 200 1084380 "-" "WordPress/6.8; https://greatamericanball.com"
198.54.114.83 - - [16/Apr/2025:07:07:18 -0400] "GET /wp-content/themes/safari-blog/inc/blocks/font-family/inc/google-webfonts.json HTTP/1.1" 200 1084380 "-" "WordPress/6.8; https://greatamericanball.com"
198.54.114.83 - - [16/Apr/2025:07:07:21 -0400] "GET /wp-content/themes/safari-blog/inc/blocks/font-family/inc/google-webfonts.json HTTP/1.1" 200 1084380 "-" "WordPress/6.8; https://greatamericanball.com"
198.54.114.83 - - [16/Apr/2025:07:07:25 -0400] "GET /wp-content/themes/safari-blog/inc/blocks/font-family/inc/google-webfonts.json HTTP/1.1" 200 1084380 "-" "WordPress/6.8; https://greatamericanball.com"
198.54.114.83 - - [16/Apr/2025:07:07:30 -0400] "GET /wp-content/themes/safari-blog/inc/blocks/font-family/inc/google-webfonts.json HTTP/1.1" 200 1084380 "-" "WordPress/6.8; https://greatamericanball.com"
240e:350:8003:dae3:4ecc:6a45:80f7:5ca9 - - [16/Apr/2025:07:07:12 -0400] "GET /vistabay-rehab-holistic-program-for-cocaine-addiction-treatment/?unapproved=24049&moderation-hash=00b44a4c35d31402373d1042c776e57e HTTP/1.1" 200 12613 "-" "Mozilla/5.0 (Windows NT 10.0; Win64; x64) AppleWebKit/537.36 (KHTML, like Gecko) Chrome/108.0.0.0 Safari/537.36 Edg/108.0.1462.46"
34.220.218.149 - - [16/Apr/2025:07:09:24 -0400] "GET / HTTP/1.1" 200 0 "-" "Mozilla/5.0 (Macintosh; Intel Mac OS X 10_15_7) AppleWebKit/537.36 (KHTML, like Gecko) Chrome/134.0.0.0 Safari/537.36"
34.220.218.149 - - [16/Apr/2025:07:09:27 -0400] "GET / HTTP/1.1" 200 0 "-" "Mozilla/5.0 (Macintosh; Intel Mac OS X 10_15_7) AppleWebKit/537.36 (KHTML, like Gecko) Chrome/134.0.0.0 Safari/537.36"
107.178.203.10 - - [16/Apr/2025:07:09:52 -0400] "GET /unlocking-instagram-success-strategies-for-growing-your-followers/ HTTP/1.1" 200 11406 "-" "Mozilla/5.0 (compatible; Google-Apps-Script; beanserver; +https://script.google.com; id: UAEmdDd-PoRGEvgsVmUEWah8uuaASwmqBPQ)"
98.85.3.114 - - [16/Apr/2025:07:10:25 -0400] "GET /exploring-the-world-of-online-casinos/ HTTP/1.1" 200 0 "-" "Grammarly/1.0 (http://www.grammarly.com)"
198.54.114.83 - - [16/Apr/2025:07:10:35 -0400] "POST /wp-cron.php?doing_wp_cron=1744801832.8144400119781494140625 HTTP/1.1" 200 0 "-" "WordPress/6.8; https://greatamericanball.com"
198.54.114.83 - - [16/Apr/2025:07:10:39 -0400] "GET /wp-content/themes/safari-blog/inc/blocks/font-family/inc/google-webfonts.json HTTP/1.1" 200 655360 "-" "WordPress/6.8; https://greatamericanball.com"
198.54.114.83 - - [16/Apr/2025:07:10:43 -0400] "GET /wp-content/themes/safari-blog/inc/blocks/font-family/inc/google-webfonts.json HTTP/1.1" 200 1084380 "-" "WordPress/6.8; https://greatamericanball.com"
198.54.114.83 - - [16/Apr/2025:07:10:46 -0400] "GET /wp-content/themes/safari-blog/inc/blocks/font-family/inc/google-webfonts.json HTTP/1.1" 200 1084380 "-" "WordPress/6.8; https://greatamericanball.com"
198.54.114.83 - - [16/Apr/2025:07:10:50 -0400] "GET /wp-content/themes/safari-blog/inc/blocks/font-family/inc/google-webfonts.json HTTP/1.1" 200 1084380 "-" "WordPress/6.8; https://greatamericanball.com"
198.54.114.83 - - [16/Apr/2025:07:10:54 -0400] "GET /wp-content/themes/safari-blog/inc/blocks/font-family/inc/google-webfonts.json HTTP/1.1" 200 1084380 "-" "WordPress/6.8; https://greatamericanball.com"
107.178.224.169 - - [16/Apr/2025:07:23:37 -0400] "GET /unlocking-instagram-success-strategies-for-growing-your-followers/ HTTP/1.1" 200 11406 "-" "Mozilla/5.0 (compatible; Google-Apps-Script; beanserver; +https://script.google.com; id: UAEmdDd-PoRGEvgsVmUEWah8uuaASwmqBPQ)"
198.54.114.83 - - [16/Apr/2025:07:26:58 -0400] "GET /wp-content/themes/safari-blog/inc/blocks/font-family/inc/google-webfonts.json HTTP/1.1" 200 1084380 "-" "WordPress/6.8; https://greatamericanball.com"
198.54.114.83 - - [16/Apr/2025:07:27:03 -0400] "GET /wp-content/themes/safari-blog/inc/blocks/font-family/inc/google-webfonts.json HTTP/1.1" 200 1084380 "-" "WordPress/6.8; https://greatamericanball.com"
198.54.114.83 - - [16/Apr/2025:07:27:08 -0400] "GET /wp-content/themes/safari-blog/inc/blocks/font-family/inc/google-webfonts.json HTTP/1.1" 200 1084380 "-" "WordPress/6.8; https://greatamericanball.com"
198.54.114.83 - - [16/Apr/2025:07:27:13 -0400] "GET /wp-content/themes/safari-blog/inc/blocks/font-family/inc/google-webfonts.json HTTP/1.1" 200 1084380 "-" "WordPress/6.8; https://greatamericanball.com"
198.54.114.83 - - [16/Apr/2025:07:27:16 -0400] "GET /wp-content/themes/safari-blog/inc/blocks/font-family/inc/google-webfonts.json HTTP/1.1" 200 1084380 "-" "WordPress/6.8; https://greatamericanball.com"
93.177.118.168 - - [16/Apr/2025:07:26:55 -0400] "GET /career-paths/ HTTP/1.1" 200 11008 "https://greatamericanball.com/career-paths/" "Mozilla/5.0 (Windows NT 10.0; Win64; x64) AppleWebKit/537.36 (KHTML, like Gecko) Chrome/103.0.5060.66 Safari/537.36"
135.119.137.158 - - [16/Apr/2025:07:27:17 -0400] "HEAD /new-hvac-information-for-homeowners/ HTTP/1.1" 200 0 "http://greatamericanball.com/new" "Mozilla/5.0 (Windows NT 10.0; Win64; x64) AppleWebKit/537.36 (KHTML, like Gecko) Chrome/74.0.3729.169 Safari/537.36"
135.119.137.158 - - [16/Apr/2025:07:27:28 -0400] "HEAD /home-audio-systems/ HTTP/1.1" 200 0 "http://greatamericanball.com/home" "Mozilla/5.0 (Windows NT 10.0; Win64; x64) AppleWebKit/537.36 (KHTML, like Gecko) Chrome/74.0.3729.169 Safari/537.36"
93.177.118.168 - - [16/Apr/2025:07:27:45 -0400] "POST /wp-comments-post.php HTTP/1.1" 302 0 "https://greatamericanball.com/career-paths/" "Mozilla/5.0 (Windows NT 10.0; Win64; x64) AppleWebKit/537.36 (KHTML, like Gecko) Chrome/103.0.5060.66 Safari/537.36"
198.54.114.83 - - [16/Apr/2025:07:27:56 -0400] "POST /wp-cron.php?doing_wp_cron=1744802872.1000270843505859375000 HTTP/1.1" 200 0 "-" "WordPress/6.8; https://greatamericanball.com"
198.54.114.83 - - [16/Apr/2025:07:27:58 -0400] "GET /wp-content/themes/safari-blog/inc/blocks/font-family/inc/google-webfonts.json HTTP/1.1" 200 1084380 "-" "WordPress/6.8; https://greatamericanball.com"
198.54.114.83 - - [16/Apr/2025:07:28:02 -0400] "GET /wp-content/themes/safari-blog/inc/blocks/font-family/inc/google-webfonts.json HTTP/1.1" 200 1084380 "-" "WordPress/6.8; https://greatamericanball.com"
198.54.114.83 - - [16/Apr/2025:07:28:07 -0400] "GET /wp-content/themes/safari-blog/inc/blocks/font-family/inc/google-webfonts.json HTTP/1.1" 200 131072 "-" "WordPress/6.8; https://greatamericanball.com"
198.54.114.83 - - [16/Apr/2025:07:28:14 -0400] "GET /wp-content/themes/safari-blog/inc/blocks/font-family/inc/google-webfonts.json HTTP/1.1" 200 0 "-" "WordPress/6.8; https://greatamericanball.com"
198.54.114.83 - - [16/Apr/2025:07:28:17 -0400] "GET /wp-content/themes/safari-blog/inc/blocks/font-family/inc/google-webfonts.json HTTP/1.1" 200 1084380 "-" "WordPress/6.8; https://greatamericanball.com"
93.177.118.168 - - [16/Apr/2025:07:27:51 -0400] "GET /career-paths/ HTTP/1.1" 200 11930 "https://greatamericanball.com/career-paths/#comment-24050" "Mozilla/5.0 (Windows NT 10.0; Win64; x64) AppleWebKit/537.36 (KHTML, like Gecko) Chrome/103.0.5060.66 Safari/537.36"
195.2.71.225 - - [16/Apr/2025:07:36:16 -0400] "GET /where-to-buy-cbd-oil-in-the-uk/ HTTP/1.1" 200 12264 "https://greatamericanball.com/where-to-buy-cbd-oil-in-the-uk/" "Mozilla/5.0 (Windows NT 10.0; Win64; x64) AppleWebKit/537.36 (KHTML, like Gecko) Chrome/130.0.0.0 Safari/537.36 CCleaner/130.0.0.0"
51.222.253.9 - - [16/Apr/2025:07:36:20 -0400] "GET /the-full-training-run-of-gpt-5-has-gone-live-by/ HTTP/1.1" 200 85812 "-" "Mozilla/5.0 (compatible; AhrefsBot/7.0; +http://ahrefs.com/robot/)"
195.2.71.225 - - [16/Apr/2025:07:36:21 -0400] "POST /wp-comments-post.php HTTP/1.1" 302 0 "https://greatamericanball.com/where-to-buy-cbd-oil-in-the-uk/" "Mozilla/5.0 (Windows NT 10.0; Win64; x64) AppleWebKit/537.36 (KHTML, like Gecko) Chrome/130.0.0.0 Safari/537.36 CCleaner/130.0.0.0"
198.54.114.83 - - [16/Apr/2025:07:36:31 -0400] "POST /wp-cron.php?doing_wp_cron=1744803387.8902819156646728515625 HTTP/1.1" 200 0 "-" "WordPress/6.8; https://greatamericanball.com"
198.54.114.83 - - [16/Apr/2025:07:36:38 -0400] "GET /wp-content/themes/safari-blog/inc/blocks/font-family/inc/google-webfonts.json HTTP/1.1" 200 1084380 "-" "WordPress/6.8; https://greatamericanball.com"
198.54.114.83 - - [16/Apr/2025:07:36:43 -0400] "GET /wp-content/themes/safari-blog/inc/blocks/font-family/inc/google-webfonts.json HTTP/1.1" 200 1084380 "-" "WordPress/6.8; https://greatamericanball.com"
198.54.114.83 - - [16/Apr/2025:07:36:46 -0400] "GET /wp-content/themes/safari-blog/inc/blocks/font-family/inc/google-webfonts.json HTTP/1.1" 200 1084380 "-" "WordPress/6.8; https://greatamericanball.com"
198.54.114.83 - - [16/Apr/2025:07:36:52 -0400] "GET /wp-content/themes/safari-blog/inc/blocks/font-family/inc/google-webfonts.json HTTP/1.1" 200 1084380 "-" "WordPress/6.8; https://greatamericanball.com"
198.54.114.83 - - [16/Apr/2025:07:36:56 -0400] "GET /wp-content/themes/safari-blog/inc/blocks/font-family/inc/google-webfonts.json HTTP/1.1" 200 1084380 "-" "WordPress/6.8; https://greatamericanball.com"
195.2.71.225 - - [16/Apr/2025:07:36:34 -0400] "GET /where-to-buy-cbd-oil-in-the-uk/ HTTP/1.1" 200 27406 "https://greatamericanball.com/where-to-buy-cbd-oil-in-the-uk/#comment-24051" "Mozilla/5.0 (Windows NT 10.0; Win64; x64) AppleWebKit/537.36 (KHTML, like Gecko) Chrome/130.0.0.0 Safari/537.36 CCleaner/130.0.0.0"
27.42.99.97 - - [16/Apr/2025:07:39:24 -0400] "GET /the-mk-bucket-bag-is-a-must-have-for-every-woman/ HTTP/1.1" 200 0 "https://greatamericanball.com" "Mozilla/5.0 (Windows NT 10.0; Win64; x64) AppleWebKit/537.36 (KHTML, like Gecko) Chrome/62.0.3202.94 Safari/537.36"
198.54.114.83 - - [16/Apr/2025:07:39:35 -0400] "POST /wp-cron.php?doing_wp_cron=1744803571.0952820777893066406250 HTTP/1.1" 200 0 "-" "WordPress/6.8; https://greatamericanball.com"
198.54.114.83 - - [16/Apr/2025:07:39:35 -0400] "GET /wp-content/themes/safari-blog/inc/blocks/font-family/inc/google-webfonts.json HTTP/1.1" 200 1084380 "-" "WordPress/6.8; https://greatamericanball.com"
198.54.114.83 - - [16/Apr/2025:07:39:38 -0400] "GET /wp-content/themes/safari-blog/inc/blocks/font-family/inc/google-webfonts.json HTTP/1.1" 200 1084380 "-" "WordPress/6.8; https://greatamericanball.com"
198.54.114.83 - - [16/Apr/2025:07:39:43 -0400] "GET /wp-content/themes/safari-blog/inc/blocks/font-family/inc/google-webfonts.json HTTP/1.1" 200 917504 "-" "WordPress/6.8; https://greatamericanball.com"
198.54.114.83 - - [16/Apr/2025:07:39:48 -0400] "GET /wp-content/themes/safari-blog/inc/blocks/font-family/inc/google-webfonts.json HTTP/1.1" 200 1084380 "-" "WordPress/6.8; https://greatamericanball.com"
198.54.114.83 - - [16/Apr/2025:07:39:52 -0400] "GET /wp-content/themes/safari-blog/inc/blocks/font-family/inc/google-webfonts.json HTTP/1.1" 200 1084380 "-" "WordPress/6.8; https://greatamericanball.com"
47.79.202.70 - - [16/Apr/2025:07:45:24 -0400] "GET / HTTP/1.1" 200 156192 "https://www.google.com/" "Mozilla/5.0 (Windows NT 10.0; Win64; x64) AppleWebKit/537.36 (KHTML, like Gecko) Chrome/133.0.0.0 Safari/537.36 Edg/133.0.0.0"
195.2.71.225 - - [16/Apr/2025:07:51:17 -0400] "GET /where-to-buy-cbd-oil-in-the-uk/ HTTP/1.1" 200 12264 "https://greatamericanball.com/where-to-buy-cbd-oil-in-the-uk/" "Mozilla/5.0 (Windows NT 10.0; Win64; x64) AppleWebKit/537.36 (KHTML, like Gecko) Chrome/131.0.0.0 Safari/537.36"
198.54.114.83 - - [16/Apr/2025:07:51:27 -0400] "POST /wp-cron.php?doing_wp_cron=1744804285.6537849903106689453125 HTTP/1.1" 200 0 "-" "WordPress/6.8; https://greatamericanball.com"
195.2.71.225 - - [16/Apr/2025:07:51:19 -0400] "POST /wp-comments-post.php HTTP/1.1" 302 0 "https://greatamericanball.com/where-to-buy-cbd-oil-in-the-uk/" "Mozilla/5.0 (Windows NT 10.0; Win64; x64) AppleWebKit/537.36 (KHTML, like Gecko) Chrome/131.0.0.0 Safari/537.36"
198.54.114.83 - - [16/Apr/2025:07:51:33 -0400] "GET /wp-content/themes/safari-blog/inc/blocks/font-family/inc/google-webfonts.json HTTP/1.1" 200 1084380 "-" "WordPress/6.8; https://greatamericanball.com"
198.54.114.83 - - [16/Apr/2025:07:51:38 -0400] "GET /wp-content/themes/safari-blog/inc/blocks/font-family/inc/google-webfonts.json HTTP/1.1" 200 1084380 "-" "WordPress/6.8; https://greatamericanball.com"
198.54.114.83 - - [16/Apr/2025:07:51:40 -0400] "GET /wp-content/themes/safari-blog/inc/blocks/font-family/inc/google-webfonts.json HTTP/1.1" 200 1084380 "-" "WordPress/6.8; https://greatamericanball.com"
198.54.114.83 - - [16/Apr/2025:07:51:46 -0400] "GET /wp-content/themes/safari-blog/inc/blocks/font-family/inc/google-webfonts.json HTTP/1.1" 200 1084380 "-" "WordPress/6.8; https://greatamericanball.com"
198.54.114.83 - - [16/Apr/2025:07:51:48 -0400] "GET /wp-content/themes/safari-blog/inc/blocks/font-family/inc/google-webfonts.json HTTP/1.1" 200 1084380 "-" "WordPress/6.8; https://greatamericanball.com"
195.2.71.225 - - [16/Apr/2025:07:51:31 -0400] "GET /where-to-buy-cbd-oil-in-the-uk/ HTTP/1.1" 200 17579 "https://greatamericanball.com/where-to-buy-cbd-oil-in-the-uk/#comment-24052" "Mozilla/5.0 (Windows NT 10.0; Win64; x64) AppleWebKit/537.36 (KHTML, like Gecko) Chrome/131.0.0.0 Safari/537.36"
196.251.116.114 - - [16/Apr/2025:08:01:40 -0400] "POST /wp-login.php?wc-ajax=1 HTTP/1.1" 200 1842 "https://greatamericanball.com/wp-admin/" "Mozilla/5.0 (Windows NT 10.0; Win64; x64) AppleWebKit/537.36 (KHTML, like Gecko) Chrome/90.0.4430.85 Safari/537.36"
198.54.114.83 - - [16/Apr/2025:08:01:48 -0400] "POST /wp-cron.php?doing_wp_cron=1744804906.3396809101104736328125 HTTP/1.1" 200 0 "-" "WordPress/6.8; https://greatamericanball.com"
196.251.116.114 - - [16/Apr/2025:08:01:49 -0400] "GET /wp-admin/?wc-ajax=1 HTTP/1.1" 302 0 "www.google.com" "Mozilla/5.0 (Windows NT 10.0; Win64; x64) AppleWebKit/537.36 (KHTML, like Gecko) Chrome/90.0.4430.85 Safari/537.36"
196.251.116.114 - - [16/Apr/2025:08:01:54 -0400] "GET /wp-login.php?redirect_to=https%3A%2F%2Fgreatamericanball.com%2Fwp-admin%2F%3Fwc-ajax%3D1&reauth=1 HTTP/1.1" 200 1693 "www.google.com" "Mozilla/5.0 (Windows NT 10.0; Win64; x64) AppleWebKit/537.36 (KHTML, like Gecko) Chrome/90.0.4430.85 Safari/537.36"
62.113.113.162 - - [16/Apr/2025:08:08:33 -0400] "GET /where-to-buy-cbd-oil-in-the-uk/ HTTP/1.1" 200 12264 "https://greatamericanball.com/where-to-buy-cbd-oil-in-the-uk/" "Mozilla/5.0 (Windows NT 10.0; Win64; x64) AppleWebKit/537.36 (KHTML, like Gecko) Chrome/131.0.0.0 Safari/537.36 Avast/131.0.0.0"
198.54.114.83 - - [16/Apr/2025:08:08:41 -0400] "POST /wp-cron.php?doing_wp_cron=1744805320.5081551074981689453125 HTTP/1.1" 200 0 "-" "WordPress/6.8; https://greatamericanball.com"
62.113.113.162 - - [16/Apr/2025:08:08:34 -0400] "POST /wp-comments-post.php HTTP/1.1" 302 0 "https://greatamericanball.com/where-to-buy-cbd-oil-in-the-uk/" "Mozilla/5.0 (Windows NT 10.0; Win64; x64) AppleWebKit/537.36 (KHTML, like Gecko) Chrome/131.0.0.0 Safari/537.36 Avast/131.0.0.0"
198.54.114.83 - - [16/Apr/2025:08:08:43 -0400] "POST /wp-admin/admin-ajax.php?action=async_litespeed&nonce=DOEnEDcMCirbr2BPZA3j7F9KNpfB4hmG&litespeed_type=imgoptm HTTP/1.1" 200 0 "-" "WordPress/6.8; https://greatamericanball.com"
198.54.114.83 - - [16/Apr/2025:08:08:46 -0400] "POST /wp-cron.php?doing_wp_cron=1744805324.7629721164703369140625 HTTP/1.1" 200 0 "-" "WordPress/6.8; https://greatamericanball.com"
198.54.114.83 - - [16/Apr/2025:08:08:47 -0400] "GET /wp-content/themes/safari-blog/inc/blocks/font-family/inc/google-webfonts.json HTTP/1.1" 200 1084380 "-" "WordPress/6.8; https://greatamericanball.com"
198.54.114.83 - - [16/Apr/2025:08:08:49 -0400] "GET /wp-content/themes/safari-blog/inc/blocks/font-family/inc/google-webfonts.json HTTP/1.1" 200 1084380 "-" "WordPress/6.8; https://greatamericanball.com"
198.54.114.83 - - [16/Apr/2025:08:08:50 -0400] "GET /wp-content/themes/safari-blog/inc/blocks/font-family/inc/google-webfonts.json HTTP/1.1" 200 1084380 "-" "WordPress/6.8; https://greatamericanball.com"
198.54.114.83 - - [16/Apr/2025:08:08:52 -0400] "GET /wp-content/themes/safari-blog/inc/blocks/font-family/inc/google-webfonts.json HTTP/1.1" 200 1084380 "-" "WordPress/6.8; https://greatamericanball.com"
198.54.114.83 - - [16/Apr/2025:08:08:54 -0400] "GET /wp-content/themes/safari-blog/inc/blocks/font-family/inc/google-webfonts.json HTTP/1.1" 200 1084380 "-" "WordPress/6.8; https://greatamericanball.com"
62.113.113.162 - - [16/Apr/2025:08:08:44 -0400] "GET /where-to-buy-cbd-oil-in-the-uk/ HTTP/1.1" 200 14219 "https://greatamericanball.com/where-to-buy-cbd-oil-in-the-uk/#comment-24053" "Mozilla/5.0 (Windows NT 10.0; Win64; x64) AppleWebKit/537.36 (KHTML, like Gecko) Chrome/131.0.0.0 Safari/537.36 Avast/131.0.0.0"
198.54.114.83 - - [16/Apr/2025:08:09:03 -0400] "GET /wp-content/themes/safari-blog/inc/blocks/font-family/inc/google-webfonts.json HTTP/1.1" 200 1084380 "-" "WordPress/6.8; https://greatamericanball.com"
198.54.114.83 - - [16/Apr/2025:08:09:05 -0400] "GET /wp-content/themes/safari-blog/inc/blocks/font-family/inc/google-webfonts.json HTTP/1.1" 200 1084380 "-" "WordPress/6.8; https://greatamericanball.com"
198.54.114.83 - - [16/Apr/2025:08:09:06 -0400] "GET /wp-content/themes/safari-blog/inc/blocks/font-family/inc/google-webfonts.json HTTP/1.1" 200 1084380 "-" "WordPress/6.8; https://greatamericanball.com"
198.54.114.83 - - [16/Apr/2025:08:09:09 -0400] "GET /wp-content/themes/safari-blog/inc/blocks/font-family/inc/google-webfonts.json HTTP/1.1" 200 1084380 "-" "WordPress/6.8; https://greatamericanball.com"
198.54.114.83 - - [16/Apr/2025:08:09:12 -0400] "GET /wp-content/themes/safari-blog/inc/blocks/font-family/inc/google-webfonts.json HTTP/1.1" 200 1084380 "-" "WordPress/6.8; https://greatamericanball.com"
207.46.13.31 - - [16/Apr/2025:08:09:02 -0400] "GET /vertical-balers-recycling-power/ HTTP/1.1" 200 12405 "-" "Mozilla/5.0 AppleWebKit/537.36 (KHTML, like Gecko; compatible; bingbot/2.0; +http://www.bing.com/bingbot.htm) Chrome/116.0.1938.76 Safari/537.36"
198.54.114.83 - - [16/Apr/2025:08:09:36 -0400] "GET /wp-content/themes/safari-blog/inc/blocks/font-family/inc/google-webfonts.json HTTP/1.1" 200 1084380 "-" "WordPress/6.8; https://greatamericanball.com"
198.54.114.83 - - [16/Apr/2025:08:09:37 -0400] "GET /wp-content/themes/safari-blog/inc/blocks/font-family/inc/google-webfonts.json HTTP/1.1" 200 1084380 "-" "WordPress/6.8; https://greatamericanball.com"
198.54.114.83 - - [16/Apr/2025:08:09:38 -0400] "GET /wp-content/themes/safari-blog/inc/blocks/font-family/inc/google-webfonts.json HTTP/1.1" 200 1084380 "-" "WordPress/6.8; https://greatamericanball.com"
198.54.114.83 - - [16/Apr/2025:08:09:40 -0400] "GET /wp-content/themes/safari-blog/inc/blocks/font-family/inc/google-webfonts.json HTTP/1.1" 200 1084380 "-" "WordPress/6.8; https://greatamericanball.com"
198.54.114.83 - - [16/Apr/2025:08:09:42 -0400] "GET /wp-content/themes/safari-blog/inc/blocks/font-family/inc/google-webfonts.json HTTP/1.1" 200 1084380 "-" "WordPress/6.8; https://greatamericanball.com"
37.139.53.179 - - [16/Apr/2025:08:09:34 -0400] "GET /choosing-the-best-cbd-oil-uk/ HTTP/1.1" 200 12147 "-" "Mozilla/5.0 (Windows NT 10.0; Win64; x64; rv:114.0) Gecko/20100101 Firefox/114.0"
109.248.15.132 - - [16/Apr/2025:08:12:59 -0400] "GET /where-to-buy-cbd-oil-in-the-uk/ HTTP/1.1" 200 12264 "https://greatamericanball.com/where-to-buy-cbd-oil-in-the-uk/#comment-22203" "Mozilla/5.0 (Windows NT 10.0; Win64; x64) AppleWebKit/537.36 (KHTML, like Gecko) Chrome/129.0.0.0 Safari/537.36"
198.54.114.83 - - [16/Apr/2025:08:13:08 -0400] "POST /wp-cron.php?doing_wp_cron=1744805587.7296071052551269531250 HTTP/1.1" 200 0 "-" "WordPress/6.8; https://greatamericanball.com"
109.248.15.132 - - [16/Apr/2025:08:13:02 -0400] "POST /wp-comments-post.php HTTP/1.1" 302 0 "https://greatamericanball.com/where-to-buy-cbd-oil-in-the-uk/#comment-22203" "Mozilla/5.0 (Windows NT 10.0; Win64; x64) AppleWebKit/537.36 (KHTML, like Gecko) Chrome/129.0.0.0 Safari/537.36"
198.54.114.83 - - [16/Apr/2025:08:13:16 -0400] "GET /wp-content/themes/safari-blog/inc/blocks/font-family/inc/google-webfonts.json HTTP/1.1" 200 1084380 "-" "WordPress/6.8; https://greatamericanball.com"
198.54.114.83 - - [16/Apr/2025:08:13:18 -0400] "GET /wp-content/themes/safari-blog/inc/blocks/font-family/inc/google-webfonts.json HTTP/1.1" 200 1084380 "-" "WordPress/6.8; https://greatamericanball.com"
198.54.114.83 - - [16/Apr/2025:08:13:19 -0400] "GET /wp-content/themes/safari-blog/inc/blocks/font-family/inc/google-webfonts.json HTTP/1.1" 200 1084380 "-" "WordPress/6.8; https://greatamericanball.com"
198.54.114.83 - - [16/Apr/2025:08:13:22 -0400] "GET /wp-content/themes/safari-blog/inc/blocks/font-family/inc/google-webfonts.json HTTP/1.1" 200 1084380 "-" "WordPress/6.8; https://greatamericanball.com"
198.54.114.83 - - [16/Apr/2025:08:13:24 -0400] "GET /wp-content/themes/safari-blog/inc/blocks/font-family/inc/google-webfonts.json HTTP/1.1" 200 1084380 "-" "WordPress/6.8; https://greatamericanball.com"
109.248.15.132 - - [16/Apr/2025:08:13:14 -0400] "GET /where-to-buy-cbd-oil-in-the-uk/ HTTP/1.1" 200 13263 "https://greatamericanball.com/where-to-buy-cbd-oil-in-the-uk/#comment-24054" "Mozilla/5.0 (Windows NT 10.0; Win64; x64) AppleWebKit/537.36 (KHTML, like Gecko) Chrome/129.0.0.0 Safari/537.36"
198.54.114.83 - - [16/Apr/2025:08:13:47 -0400] "GET /wp-content/themes/safari-blog/inc/blocks/font-family/inc/google-webfonts.json HTTP/1.1" 200 1084380 "-" "WordPress/6.8; https://greatamericanball.com"
198.54.114.83 - - [16/Apr/2025:08:13:50 -0400] "GET /wp-content/themes/safari-blog/inc/blocks/font-family/inc/google-webfonts.json HTTP/1.1" 200 1084380 "-" "WordPress/6.8; https://greatamericanball.com"
198.54.114.83 - - [16/Apr/2025:08:13:53 -0400] "GET /wp-content/themes/safari-blog/inc/blocks/font-family/inc/google-webfonts.json HTTP/1.1" 200 1084380 "-" "WordPress/6.8; https://greatamericanball.com"
198.54.114.83 - - [16/Apr/2025:08:13:56 -0400] "GET /wp-content/themes/safari-blog/inc/blocks/font-family/inc/google-webfonts.json HTTP/1.1" 200 1084380 "-" "WordPress/6.8; https://greatamericanball.com"
198.54.114.83 - - [16/Apr/2025:08:14:01 -0400] "GET /wp-content/themes/safari-blog/inc/blocks/font-family/inc/google-webfonts.json HTTP/1.1" 200 1084380 "-" "WordPress/6.8; https://greatamericanball.com"
207.46.13.83 - - [16/Apr/2025:08:13:44 -0400] "GET /the-essential-guide-to-eye-care/ HTTP/1.1" 200 11808 "-" "Mozilla/5.0 AppleWebKit/537.36 (KHTML, like Gecko; compatible; bingbot/2.0; +http://www.bing.com/bingbot.htm) Chrome/116.0.1938.76 Safari/537.36"
62.113.113.162 - - [16/Apr/2025:08:17:43 -0400] "GET /where-to-buy-cbd-oil-in-the-uk/ HTTP/1.1" 200 12264 "https://greatamericanball.com/where-to-buy-cbd-oil-in-the-uk/" "Mozilla/5.0 (Windows NT 10.0; Win64; x64) AppleWebKit/537.36 (KHTML, like Gecko) Chrome/131.0.0.0 Safari/537.36"
178.20.45.128 - - [16/Apr/2025:08:17:50 -0400] "GET /where-to-buy-cbd-oil-in-the-uk/ HTTP/1.1" 200 12264 "https://greatamericanball.com/where-to-buy-cbd-oil-in-the-uk/" "Mozilla/5.0 (Windows NT 10.0; Win64; x64) AppleWebKit/537.36 (KHTML, like Gecko) Chrome/130.0.0.0 Safari/537.36"
198.54.114.83 - - [16/Apr/2025:08:17:51 -0400] "POST /wp-cron.php?doing_wp_cron=1744805870.4038169384002685546875 HTTP/1.1" 200 0 "-" "WordPress/6.8; https://greatamericanball.com"
62.113.113.162 - - [16/Apr/2025:08:17:45 -0400] "POST /wp-comments-post.php HTTP/1.1" 302 0 "https://greatamericanball.com/where-to-buy-cbd-oil-in-the-uk/" "Mozilla/5.0 (Windows NT 10.0; Win64; x64) AppleWebKit/537.36 (KHTML, like Gecko) Chrome/131.0.0.0 Safari/537.36"
178.20.45.128 - - [16/Apr/2025:08:17:52 -0400] "POST /wp-comments-post.php HTTP/1.1" 302 0 "https://greatamericanball.com/where-to-buy-cbd-oil-in-the-uk/" "Mozilla/5.0 (Windows NT 10.0; Win64; x64) AppleWebKit/537.36 (KHTML, like Gecko) Chrome/130.0.0.0 Safari/537.36"
198.54.114.83 - - [16/Apr/2025:08:17:57 -0400] "GET /wp-content/themes/safari-blog/inc/blocks/font-family/inc/google-webfonts.json HTTP/1.1" 200 1084380 "-" "WordPress/6.8; https://greatamericanball.com"
198.54.114.83 - - [16/Apr/2025:08:17:58 -0400] "GET /wp-content/themes/safari-blog/inc/blocks/font-family/inc/google-webfonts.json HTTP/1.1" 200 1084380 "-" "WordPress/6.8; https://greatamericanball.com"
198.54.114.83 - - [16/Apr/2025:08:17:59 -0400] "GET /wp-content/themes/safari-blog/inc/blocks/font-family/inc/google-webfonts.json HTTP/1.1" 200 1084380 "-" "WordPress/6.8; https://greatamericanball.com"
198.54.114.83 - - [16/Apr/2025:08:17:59 -0400] "GET /wp-content/themes/safari-blog/inc/blocks/font-family/inc/google-webfonts.json HTTP/1.1" 200 1084380 "-" "WordPress/6.8; https://greatamericanball.com"
198.54.114.83 - - [16/Apr/2025:08:18:01 -0400] "GET /wp-content/themes/safari-blog/inc/blocks/font-family/inc/google-webfonts.json HTTP/1.1" 200 1084380 "-" "WordPress/6.8; https://greatamericanball.com"
198.54.114.83 - - [16/Apr/2025:08:18:01 -0400] "GET /wp-content/themes/safari-blog/inc/blocks/font-family/inc/google-webfonts.json HTTP/1.1" 200 1084380 "-" "WordPress/6.8; https://greatamericanball.com"
198.54.114.83 - - [16/Apr/2025:08:18:04 -0400] "GET /wp-content/themes/safari-blog/inc/blocks/font-family/inc/google-webfonts.json HTTP/1.1" 200 1084380 "-" "WordPress/6.8; https://greatamericanball.com"
198.54.114.83 - - [16/Apr/2025:08:18:05 -0400] "GET /wp-content/themes/safari-blog/inc/blocks/font-family/inc/google-webfonts.json HTTP/1.1" 200 1084380 "-" "WordPress/6.8; https://greatamericanball.com"
198.54.114.83 - - [16/Apr/2025:08:18:06 -0400] "GET /wp-content/themes/safari-blog/inc/blocks/font-family/inc/google-webfonts.json HTTP/1.1" 200 1084380 "-" "WordPress/6.8; https://greatamericanball.com"
198.54.114.83 - - [16/Apr/2025:08:18:06 -0400] "GET /wp-content/themes/safari-blog/inc/blocks/font-family/inc/google-webfonts.json HTTP/1.1" 200 1084380 "-" "WordPress/6.8; https://greatamericanball.com"
62.113.113.162 - - [16/Apr/2025:08:17:55 -0400] "GET /where-to-buy-cbd-oil-in-the-uk/ HTTP/1.1" 200 24155 "https://greatamericanball.com/where-to-buy-cbd-oil-in-the-uk/#comment-24055" "Mozilla/5.0 (Windows NT 10.0; Win64; x64) AppleWebKit/537.36 (KHTML, like Gecko) Chrome/131.0.0.0 Safari/537.36"
178.20.45.128 - - [16/Apr/2025:08:17:56 -0400] "GET /where-to-buy-cbd-oil-in-the-uk/ HTTP/1.1" 200 64979 "https://greatamericanball.com/where-to-buy-cbd-oil-in-the-uk/#comment-24056" "Mozilla/5.0 (Windows NT 10.0; Win64; x64) AppleWebKit/537.36 (KHTML, like Gecko) Chrome/130.0.0.0 Safari/537.36"
196.251.116.114 - - [16/Apr/2025:08:23:57 -0400] "POST /wp-login.php?wc-ajax=1 HTTP/1.1" 200 1842 "https://greatamericanball.com/wp-admin/" "Mozilla/5.0 (Windows NT 10.0; Win64; x64) AppleWebKit/537.36 (KHTML, like Gecko) Chrome/90.0.4430.85 Safari/537.36"
198.54.114.83 - - [16/Apr/2025:08:24:07 -0400] "POST /wp-cron.php?doing_wp_cron=1744806244.0021569728851318359375 HTTP/1.1" 200 0 "-" "WordPress/6.8; https://greatamericanball.com"
196.251.116.114 - - [16/Apr/2025:08:24:08 -0400] "GET /wp-admin/?wc-ajax=1 HTTP/1.1" 302 0 "www.google.com" "Mozilla/5.0 (Windows NT 10.0; Win64; x64) AppleWebKit/537.36 (KHTML, like Gecko) Chrome/90.0.4430.85 Safari/537.36"
196.251.116.114 - - [16/Apr/2025:08:24:14 -0400] "GET /wp-login.php?redirect_to=https%3A%2F%2Fgreatamericanball.com%2Fwp-admin%2F%3Fwc-ajax%3D1&reauth=1 HTTP/1.1" 200 1693 "www.google.com" "Mozilla/5.0 (Windows NT 10.0; Win64; x64) AppleWebKit/537.36 (KHTML, like Gecko) Chrome/90.0.4430.85 Safari/537.36"
198.54.114.83 - - [16/Apr/2025:08:24:23 -0400] "GET /wp-content/themes/safari-blog/inc/blocks/font-family/inc/google-webfonts.json HTTP/1.1" 200 1084380 "-" "WordPress/6.8; https://greatamericanball.com"
198.54.114.83 - - [16/Apr/2025:08:24:28 -0400] "GET /wp-content/themes/safari-blog/inc/blocks/font-family/inc/google-webfonts.json HTTP/1.1" 200 1084380 "-" "WordPress/6.8; https://greatamericanball.com"
198.54.114.83 - - [16/Apr/2025:08:24:35 -0400] "GET /wp-content/themes/safari-blog/inc/blocks/font-family/inc/google-webfonts.json HTTP/1.1" 200 0 "-" "WordPress/6.8; https://greatamericanball.com"
198.54.114.83 - - [16/Apr/2025:08:24:39 -0400] "GET /wp-content/themes/safari-blog/inc/blocks/font-family/inc/google-webfonts.json HTTP/1.1" 200 655360 "-" "WordPress/6.8; https://greatamericanball.com"
198.54.114.83 - - [16/Apr/2025:08:24:45 -0400] "GET /wp-content/themes/safari-blog/inc/blocks/font-family/inc/google-webfonts.json HTTP/1.1" 200 0 "-" "WordPress/6.8; https://greatamericanball.com"
45.93.184.244 - - [16/Apr/2025:08:24:15 -0400] "GET /page/50/?gclid=CNyEx6KLi9ECFYOUfgodkZEAiw HTTP/1.1" 200 10526 "-" "Mozilla/4.0 (compatible; MSIE 6.0b; Windows 98; YComp 5.0.0.0)"
27.42.99.212 - - [16/Apr/2025:08:25:33 -0400] "GET /slot-gas-a-new-way-for-roadside-businesses-to-generate-revenue/ HTTP/1.1" 200 0 "https://greatamericanball.com" "Mozilla/5.0 (Windows NT 10.0; Win64; x64) AppleWebKit/537.36 (KHTML, like Gecko) Chrome/62.0.3202.94 Safari/537.36"
198.54.114.83 - - [16/Apr/2025:08:25:38 -0400] "POST /wp-cron.php?doing_wp_cron=1744806334.7384130954742431640625 HTTP/1.1" 200 0 "-" "WordPress/6.8; https://greatamericanball.com"
198.54.114.83 - - [16/Apr/2025:08:25:40 -0400] "GET /wp-content/themes/safari-blog/inc/blocks/font-family/inc/google-webfonts.json HTTP/1.1" 200 131072 "-" "WordPress/6.8; https://greatamericanball.com"
198.54.114.83 - - [16/Apr/2025:08:25:46 -0400] "GET /wp-content/themes/safari-blog/inc/blocks/font-family/inc/google-webfonts.json HTTP/1.1" 200 0 "-" "WordPress/6.8; https://greatamericanball.com"
198.54.114.83 - - [16/Apr/2025:08:25:49 -0400] "GET /wp-content/themes/safari-blog/inc/blocks/font-family/inc/google-webfonts.json HTTP/1.1" 200 917504 "-" "WordPress/6.8; https://greatamericanball.com"
198.54.114.83 - - [16/Apr/2025:08:25:56 -0400] "GET /wp-content/themes/safari-blog/inc/blocks/font-family/inc/google-webfonts.json HTTP/1.1" 200 786432 "-" "WordPress/6.8; https://greatamericanball.com"
198.54.114.83 - - [16/Apr/2025:08:26:01 -0400] "GET /wp-content/themes/safari-blog/inc/blocks/font-family/inc/google-webfonts.json HTTP/1.1" 200 0 "-" "WordPress/6.8; https://greatamericanball.com"
35.223.31.12 - - [16/Apr/2025:08:26:55 -0400] "GET / HTTP/1.1" 200 0 "-" "Mozilla/5.0 (Windows NT 10.0; Win64; x64) AppleWebKit/537.36 (KHTML, like Gecko) Chrome/137.0.0.0 Safari/537.36"
198.54.114.83 - - [16/Apr/2025:08:27:51 -0400] "POST /wp-cron.php?doing_wp_cron=1744806470.3151059150695800781250 HTTP/1.1" 200 0 "-" "WordPress/6.8; https://greatamericanball.com"
198.54.114.83 - - [16/Apr/2025:08:27:54 -0400] "GET /wp-content/themes/safari-blog/inc/blocks/font-family/inc/google-webfonts.json HTTP/1.1" 200 1084380 "-" "WordPress/6.8; https://greatamericanball.com"
