110.40.78.19 - - [30/Mar/2025:01:56:24 -0400] "GET /apps/admin/view/default/layui/images/face/11.gif HTTP/1.1" 404 10270 "http://grimslut.com/apps/admin/view/default/layui/images/face/11.gif" "Mozilla/5.0 (Windows NT 10.0; Win64; x64) AppleWebKit/537.36 (KHTML, like Gecko) Chrome/83.0.4103.61 Safari/537.36"
198.54.114.83 - - [30/Mar/2025:01:56:31 -0400] "POST /wp-cron.php?doing_wp_cron=1743314191.6914110183715820312500 HTTP/1.1" 200 0 "-" "WordPress/6.7.2; https://grimslut.com"
172.203.79.174 - - [30/Mar/2025:01:56:31 -0400] "HEAD /wordpress HTTP/1.1" 404 0 "http://grimslut.com/wordpress" "Mozilla/5.0 (Windows NT 10.0; Win64; x64) AppleWebKit/537.36 (KHTML, like Gecko) Chrome/74.0.3729.169 Safari/537.36"
172.203.79.174 - - [30/Mar/2025:01:56:32 -0400] "HEAD / HTTP/1.1" 200 0 "http://grimslut.com/" "Mozilla/5.0 (Windows NT 10.0; Win64; x64) AppleWebKit/537.36 (KHTML, like Gecko) Chrome/74.0.3729.169 Safari/537.36"
198.54.114.83 - - [30/Mar/2025:01:56:32 -0400] "POST /wp-admin/admin-ajax.php?action=async_litespeed&nonce=ohUHBLtXYUJ8dF9Uk9OBru7uTvPEpIef&litespeed_type=imgoptm HTTP/1.1" 200 5 "-" "WordPress/6.7.2; https://grimslut.com"
172.203.79.174 - - [30/Mar/2025:01:56:32 -0400] "HEAD /wp HTTP/1.1" 404 0 "http://grimslut.com/wp" "Mozilla/5.0 (Windows NT 10.0; Win64; x64) AppleWebKit/537.36 (KHTML, like Gecko) Chrome/74.0.3729.169 Safari/537.36"
172.203.79.174 - - [30/Mar/2025:01:56:32 -0400] "HEAD /bc HTTP/1.1" 404 0 "http://grimslut.com/bc" "Mozilla/5.0 (Windows NT 10.0; Win64; x64) AppleWebKit/537.36 (KHTML, like Gecko) Chrome/74.0.3729.169 Safari/537.36"
172.203.79.174 - - [30/Mar/2025:01:56:33 -0400] "HEAD /bk HTTP/1.1" 404 0 "http://grimslut.com/bk" "Mozilla/5.0 (Windows NT 10.0; Win64; x64) AppleWebKit/537.36 (KHTML, like Gecko) Chrome/74.0.3729.169 Safari/537.36"
172.203.79.174 - - [30/Mar/2025:01:56:33 -0400] "HEAD /backup HTTP/1.1" 404 0 "http://grimslut.com/backup" "Mozilla/5.0 (Windows NT 10.0; Win64; x64) AppleWebKit/537.36 (KHTML, like Gecko) Chrome/74.0.3729.169 Safari/537.36"
172.203.79.174 - - [30/Mar/2025:01:56:33 -0400] "HEAD /old HTTP/1.1" 404 0 "http://grimslut.com/old" "Mozilla/5.0 (Windows NT 10.0; Win64; x64) AppleWebKit/537.36 (KHTML, like Gecko) Chrome/74.0.3729.169 Safari/537.36"
172.203.79.174 - - [30/Mar/2025:01:56:34 -0400] "HEAD /new HTTP/1.1" 404 0 "http://grimslut.com/new" "Mozilla/5.0 (Windows NT 10.0; Win64; x64) AppleWebKit/537.36 (KHTML, like Gecko) Chrome/74.0.3729.169 Safari/537.36"
172.203.79.174 - - [30/Mar/2025:01:56:34 -0400] "HEAD /main HTTP/1.1" 404 0 "http://grimslut.com/main" "Mozilla/5.0 (Windows NT 10.0; Win64; x64) AppleWebKit/537.36 (KHTML, like Gecko) Chrome/74.0.3729.169 Safari/537.36"
172.203.79.174 - - [30/Mar/2025:01:56:34 -0400] "HEAD /home HTTP/1.1" 404 0 "http://grimslut.com/home" "Mozilla/5.0 (Windows NT 10.0; Win64; x64) AppleWebKit/537.36 (KHTML, like Gecko) Chrome/74.0.3729.169 Safari/537.36"
114.119.158.97 - - [30/Mar/2025:02:10:03 -0400] "GET /category/home-kitchen/ HTTP/1.1" 200 12173 "https://grimslut.com/communication-in-real-estate-with-answering-services/" "Mozilla/5.0 (Linux; Android 7.0;) AppleWebKit/537.36 (KHTML, like Gecko) Mobile Safari/537.36 (compatible; PetalBot;+https://webmaster.petalsearch.com/site/petalbot)"
2001:41d0:203:83e2:: - - [30/Mar/2025:02:31:37 -0400] "GET /wp-login.php HTTP/1.1" 200 1951 "http://grimslut.com/wp-login.php" "GRequests/0.10"
2001:41d0:203:83e2:: - - [30/Mar/2025:02:31:37 -0400] "GET /wp-login.php HTTP/1.1" 200 1951 "http://grimslut.com/wp-login.php" "GRequests/0.10"
198.54.114.83 - - [30/Mar/2025:02:31:40 -0400] "POST /wp-cron.php?doing_wp_cron=1743316300.5258889198303222656250 HTTP/1.1" 200 0 "-" "WordPress/6.7.2; https://grimslut.com"
2001:41d0:203:83e2:: - - [30/Mar/2025:02:31:38 -0400] "GET /wp-admin/ HTTP/1.1" 302 0 "http://grimslut.com/wp-admin/" "GRequests/0.10"
198.54.114.83 - - [30/Mar/2025:02:31:41 -0400] "POST /wp-admin/admin-ajax.php?action=async_litespeed&nonce=FDxb42qHmsHO5nzs5qoSKYW1snBUcHtK&litespeed_type=imgoptm HTTP/1.1" 200 5 "-" "WordPress/6.7.2; https://grimslut.com"
2001:41d0:203:83e2:: - - [30/Mar/2025:02:31:41 -0400] "GET /wp-login.php?redirect_to=https%3A%2F%2Fgrimslut.com%2Fwp-admin%2F&reauth=1 HTTP/1.1" 200 1954 "https://grimslut.com/wp-admin/" "GRequests/0.10"
165.227.84.75 - - [30/Mar/2025:02:56:14 -0400] "GET /wp-login.php HTTP/1.1" 200 1951 "-" "GRequests/0.10"
198.54.114.83 - - [30/Mar/2025:02:56:18 -0400] "POST /wp-cron.php?doing_wp_cron=1743317778.1965780258178710937500 HTTP/1.1" 200 0 "-" "WordPress/6.7.2; https://grimslut.com"
165.227.84.75 - - [30/Mar/2025:02:56:14 -0400] "POST /wp-login.php HTTP/1.1" 200 2085 "-" "GRequests/0.10"
198.54.114.83 - - [30/Mar/2025:02:56:19 -0400] "POST /wp-admin/admin-ajax.php?action=async_litespeed&nonce=uWNw4bxx88ixBWww3pUg1FyKOwo1mAyi&litespeed_type=imgoptm HTTP/1.1" 200 0 "-" "WordPress/6.7.2; https://grimslut.com"
91.84.98.84 - - [30/Mar/2025:03:00:10 -0400] "GET /exploring-the-multicanais-phenomenon/ HTTP/1.1" 200 15499 "https://grimslut.com/exploring-the-multicanais-phenomenon/" "Mozilla/5.0 (Windows NT 6.1; Win64; x64) AppleWebKit/537.36 (KHTML, like Gecko) Chrome/103.0.5060.66 Safari/537.36"
198.54.114.83 - - [30/Mar/2025:03:00:17 -0400] "POST /wp-cron.php?doing_wp_cron=1743318016.3202838897705078125000 HTTP/1.1" 200 0 "-" "WordPress/6.7.2; https://grimslut.com"
198.54.114.83 - - [30/Mar/2025:03:00:18 -0400] "POST /wp-admin/admin-ajax.php?action=async_litespeed&nonce=sRHL4T0FYLEN52KmVnTSC7RmYy34BX4C&litespeed_type=imgoptm HTTP/1.1" 200 0 "-" "WordPress/6.7.2; https://grimslut.com"
91.84.98.84 - - [30/Mar/2025:03:00:12 -0400] "POST /wp-comments-post.php HTTP/1.1" 302 0 "https://grimslut.com/exploring-the-multicanais-phenomenon/" "Mozilla/5.0 (Windows NT 6.1; Win64; x64) AppleWebKit/537.36 (KHTML, like Gecko) Chrome/103.0.5060.66 Safari/537.36"
91.84.98.84 - - [30/Mar/2025:03:00:19 -0400] "GET /exploring-the-multicanais-phenomenon/ HTTP/1.1" 200 16101 "https://grimslut.com/exploring-the-multicanais-phenomenon/#comment-6487" "Mozilla/5.0 (Windows NT 6.1; Win64; x64) AppleWebKit/537.36 (KHTML, like Gecko) Chrome/103.0.5060.66 Safari/537.36"
198.54.114.83 - - [30/Mar/2025:03:06:21 -0400] "GET / HTTP/1.1" 200 20852 "-" "Mozilla/5.0 (Windows NT 10.0; Win64; x64; rv:122.0) Gecko/20100101 Firefox/122.0"
198.54.114.83 - - [30/Mar/2025:03:06:37 -0400] "GET / HTTP/1.1" 200 20852 "-" "Softaculous"
198.54.114.83 - - [30/Mar/2025:03:06:37 -0400] "GET / HTTP/1.1" 200 20852 "-" "Mozilla/5.0 (Windows NT 10.0; Win64; x64; rv:122.0) Gecko/20100101 Firefox/122.0"
198.54.114.83 - - [30/Mar/2025:03:13:12 -0400] "POST /wp-cron.php?doing_wp_cron=1743318791.6762070655822753906250 HTTP/1.1" 200 0 "-" "WordPress/6.7.2; https://grimslut.com"
209.172.2.50 - - [30/Mar/2025:03:13:07 -0400] "POST /xmlrpc.php HTTP/1.1" 200 186 "https://grimslut.com" "Mozilla/5.0 (Macintosh; Intel Mac OS X 14.5) AppleWebKit/618.3.5 (KHTML, like Gecko) Version/17.4 Safari/618.3.5"
198.54.114.83 - - [30/Mar/2025:03:17:09 -0400] "POST /wp-cron.php?doing_wp_cron=1743319029.4700670242309570312500 HTTP/1.1" 200 0 "-" "WordPress/6.7.2; https://grimslut.com"
115.78.7.179 - - [30/Mar/2025:03:17:06 -0400] "POST /xmlrpc.php HTTP/1.1" 200 205 "-" "Mozilla/5.0 (X11; Fedora; Linux x86_64; rv:94.0) Gecko/20100101 Firefox/95.0"
198.54.114.83 - - [30/Mar/2025:03:17:10 -0400] "POST /wp-admin/admin-ajax.php?action=async_litespeed&nonce=JdlgxMA2BK2mjirs3jFYSZIVsWKOWTAX&litespeed_type=imgoptm HTTP/1.1" 200 0 "-" "WordPress/6.7.2; https://grimslut.com"
198.54.114.83 - - [30/Mar/2025:03:19:26 -0400] "POST /wp-cron.php?doing_wp_cron=1743319166.0294120311737060546875 HTTP/1.1" 200 0 "-" "WordPress/6.7.2; https://grimslut.com"
198.54.114.83 - - [30/Mar/2025:03:19:26 -0400] "POST /wp-admin/admin-ajax.php?action=async_litespeed&nonce=uXzFbE2vVlZIj9cZmsHJj9tUezzCJf0t&litespeed_type=imgoptm HTTP/1.1" 200 5 "-" "WordPress/6.7.2; https://grimslut.com"
178.20.46.206 - - [30/Mar/2025:03:19:22 -0400] "GET /exploring-the-multicanais-phenomenon/ HTTP/1.1" 200 15499 "https://grimslut.com/exploring-the-multicanais-phenomenon/" "Mozilla/5.0 (Windows NT 10.0; Win64; x64) AppleWebKit/537.36 (KHTML, like Gecko) Chrome/131.0.0.0 Safari/537.36 Avast/131.0.0.0"
178.20.46.206 - - [30/Mar/2025:03:19:28 -0400] "POST /wp-comments-post.php HTTP/1.1" 302 0 "https://grimslut.com/exploring-the-multicanais-phenomenon/" "Mozilla/5.0 (Windows NT 10.0; Win64; x64) AppleWebKit/537.36 (KHTML, like Gecko) Chrome/131.0.0.0 Safari/537.36 Avast/131.0.0.0"
198.54.114.83 - - [30/Mar/2025:03:19:31 -0400] "POST /wp-cron.php?doing_wp_cron=1743319171.2865290641784667968750 HTTP/1.1" 200 0 "-" "WordPress/6.7.2; https://grimslut.com"
198.54.114.83 - - [30/Mar/2025:03:19:32 -0400] "POST /wp-admin/admin-ajax.php?action=async_litespeed&nonce=uVnkw9hA7yP2mkdz30yJ0boGGxGu3A2K&litespeed_type=imgoptm HTTP/1.1" 200 5 "-" "WordPress/6.7.2; https://grimslut.com"
178.20.46.206 - - [30/Mar/2025:03:19:30 -0400] "GET /exploring-the-multicanais-phenomenon/ HTTP/1.1" 200 16097 "https://grimslut.com/exploring-the-multicanais-phenomenon/#comment-6488" "Mozilla/5.0 (Windows NT 10.0; Win64; x64) AppleWebKit/537.36 (KHTML, like Gecko) Chrome/131.0.0.0 Safari/537.36 Avast/131.0.0.0"
198.54.114.83 - - [30/Mar/2025:03:22:49 -0400] "POST /wp-cron.php?doing_wp_cron=1743319369.8109669685363769531250 HTTP/1.1" 200 0 "-" "WordPress/6.7.2; https://grimslut.com"
2400:6180:100:d0::4fe:6001 - - [30/Mar/2025:03:22:46 -0400] "POST /xmlrpc.php HTTP/1.1" 200 186 "https://grimslut.com" "Mozilla/5.0 (Macintosh; Intel Mac OS X 10_15_7) AppleWebKit/537.36 (KHTML, like Gecko) Chrome/115.0.5790.102 Safari/537.36"
198.54.114.83 - - [30/Mar/2025:03:22:50 -0400] "POST /wp-admin/admin-ajax.php?action=async_litespeed&nonce=5FP1C3RjELBr5KUdZSrZXh3kjxpogOXJ&litespeed_type=imgoptm HTTP/1.1" 200 5 "-" "WordPress/6.7.2; https://grimslut.com"
139.99.62.111 - - [30/Mar/2025:03:28:32 -0400] "GET /plugins/filemanager/dialog.php HTTP/1.1" 200 0 "-" "Mozilla/5.0 (Macintosh; Intel Mac OS X 10.15; rv:77.0) Gecko/20100101 Firefox/77.0"
198.54.114.83 - - [30/Mar/2025:03:28:35 -0400] "POST /wp-cron.php?doing_wp_cron=1743319715.5289430618286132812500 HTTP/1.1" 200 0 "-" "WordPress/6.7.2; https://grimslut.com"
198.54.114.83 - - [30/Mar/2025:03:28:36 -0400] "POST /wp-admin/admin-ajax.php?action=async_litespeed&nonce=eLQPECmS0J4ebLoDEVcVcG63iWoALRns&litespeed_type=imgoptm HTTP/1.1" 200 5 "-" "WordPress/6.7.2; https://grimslut.com"
198.54.114.83 - - [30/Mar/2025:03:32:28 -0400] "POST /wp-cron.php?doing_wp_cron=1743319948.1649301052093505859375 HTTP/1.1" 200 0 "-" "WordPress/6.7.2; https://grimslut.com"
162.0.229.109 - - [30/Mar/2025:03:32:24 -0400] "POST /xmlrpc.php HTTP/1.1" 200 186 "https://grimslut.com" "Mozilla/5.0 (Windows NT 10.0; Win64; x64) AppleWebKit/537.36 (KHTML, like Gecko) Chrome/112.0.5615.138 Safari/537.36"
198.54.114.83 - - [30/Mar/2025:03:32:28 -0400] "POST /wp-admin/admin-ajax.php?action=async_litespeed&nonce=3i9scDQj2DGlwXrVQd4DmAAGiyxVuQba&litespeed_type=imgoptm HTTP/1.1" 200 5 "-" "WordPress/6.7.2; https://grimslut.com"
198.54.114.83 - - [30/Mar/2025:03:33:15 -0400] "POST /wp-cron.php?doing_wp_cron=1743319995.7538259029388427734375 HTTP/1.1" 200 0 "-" "WordPress/6.7.2; https://grimslut.com"
107.189.3.177 - - [30/Mar/2025:03:33:15 -0400] "GET /wp-login.php HTTP/1.1" 200 1954 "-" "Mozilla/5.0 (iPad; CPU OS 7_1_2 like Mac OS X) AppleWebKit/537.51.2 (KHTML, like Gecko) Version/7.0 Mobile/11D257 Safari/9537.53"
198.54.114.83 - - [30/Mar/2025:03:33:17 -0400] "POST /wp-admin/admin-ajax.php?action=async_litespeed&nonce=BH2LPuJvlK3UvDxCNapbr7GzhZPiFODQ&litespeed_type=imgoptm HTTP/1.1" 200 0 "-" "WordPress/6.7.2; https://grimslut.com"
198.54.114.83 - - [30/Mar/2025:03:34:27 -0400] "POST /wp-cron.php?doing_wp_cron=1743320067.3192820549011230468750 HTTP/1.1" 200 0 "-" "WordPress/6.7.2; https://grimslut.com"
107.189.3.177 - - [30/Mar/2025:03:34:26 -0400] "POST /wp-login.php HTTP/1.1" 200 2086 "-" "Mozilla/5.0 (iPad; CPU OS 7_1_2 like Mac OS X) AppleWebKit/537.51.2 (KHTML, like Gecko) Version/7.0 Mobile/11D257 Safari/9537.53"
198.54.114.83 - - [30/Mar/2025:03:34:28 -0400] "POST /wp-admin/admin-ajax.php?action=async_litespeed&nonce=wwDnauwlDu2YjVoPKpQDDxFsFQow6jWB&litespeed_type=imgoptm HTTP/1.1" 200 5 "-" "WordPress/6.7.2; https://grimslut.com"
198.98.55.56 - - [30/Mar/2025:03:35:23 -0400] "GET /wp-login.php HTTP/1.1" 200 1954 "-" "Mozilla/5.0 (Windows NT 5.1; rv:30.0) Gecko/20100101 Firefox/30.0"
198.54.114.83 - - [30/Mar/2025:03:35:25 -0400] "POST /wp-cron.php?doing_wp_cron=1743320124.7510299682617187500000 HTTP/1.1" 200 0 "-" "WordPress/6.7.2; https://grimslut.com"
198.98.55.56 - - [30/Mar/2025:03:35:23 -0400] "POST /wp-login.php HTTP/1.1" 200 2086 "-" "Mozilla/5.0 (Windows NT 5.1; rv:30.0) Gecko/20100101 Firefox/30.0"
198.54.114.83 - - [30/Mar/2025:03:35:27 -0400] "POST /wp-admin/admin-ajax.php?action=async_litespeed&nonce=pooRPpP3Oj5sOjC2lbJ7QaN4ef4QiDAD&litespeed_type=imgoptm HTTP/1.1" 200 0 "-" "WordPress/6.7.2; https://grimslut.com"
165.227.84.75 - - [30/Mar/2025:03:36:02 -0400] "GET /wp-login.php HTTP/1.1" 200 1954 "-" "GRequests/0.10"
198.54.114.83 - - [30/Mar/2025:03:36:03 -0400] "POST /wp-cron.php?doing_wp_cron=1743320162.8590080738067626953125 HTTP/1.1" 200 0 "-" "WordPress/6.7.2; https://grimslut.com"
165.227.84.75 - - [30/Mar/2025:03:36:02 -0400] "POST /wp-login.php HTTP/1.1" 200 2085 "-" "GRequests/0.10"
198.54.114.83 - - [30/Mar/2025:03:36:04 -0400] "POST /wp-admin/admin-ajax.php?action=async_litespeed&nonce=iyQn7QiNklmvweS2ZGz5jSULdwslj3hS&litespeed_type=imgoptm HTTP/1.1" 200 0 "-" "WordPress/6.7.2; https://grimslut.com"
198.54.114.83 - - [30/Mar/2025:03:36:56 -0400] "POST /wp-cron.php?doing_wp_cron=1743320215.9181680679321289062500 HTTP/1.1" 200 0 "-" "WordPress/6.7.2; https://grimslut.com"
198.54.114.83 - - [30/Mar/2025:03:36:56 -0400] "POST /wp-admin/admin-ajax.php?action=async_litespeed&nonce=zdoynr44xMNKJyduKSU87EdxScMaV0Pb&litespeed_type=imgoptm HTTP/1.1" 200 5 "-" "WordPress/6.7.2; https://grimslut.com"
46.8.107.133 - - [30/Mar/2025:03:36:55 -0400] "GET / HTTP/1.1" 200 20855 "https://grimslut.com/" "Mozilla/5.0 (Windows NT 10.0; Win64; x64) AppleWebKit/537.36 (KHTML, like Gecko) Chrome/130.0.0.0 Safari/537.36"
46.8.107.133 - - [30/Mar/2025:03:36:58 -0400] "GET /communication-in-real-estate-with-answering-services/ HTTP/1.1" 200 16025 "https://grimslut.com/communication-in-real-estate-with-answering-services/" "Mozilla/5.0 (Windows NT 10.0; Win64; x64) AppleWebKit/537.36 (KHTML, like Gecko) Chrome/130.0.0.0 Safari/537.36"
46.8.107.133 - - [30/Mar/2025:03:37:00 -0400] "POST /wp-comments-post.php HTTP/1.1" 302 0 "https://grimslut.com/communication-in-real-estate-with-answering-services/" "Mozilla/5.0 (Windows NT 10.0; Win64; x64) AppleWebKit/537.36 (KHTML, like Gecko) Chrome/130.0.0.0 Safari/537.36"
46.8.107.133 - - [30/Mar/2025:03:37:03 -0400] "GET /communication-in-real-estate-with-answering-services/ HTTP/1.1" 200 16763 "https://grimslut.com/communication-in-real-estate-with-answering-services/#comment-6489" "Mozilla/5.0 (Windows NT 10.0; Win64; x64) AppleWebKit/537.36 (KHTML, like Gecko) Chrome/130.0.0.0 Safari/537.36"
198.54.114.83 - - [30/Mar/2025:03:39:58 -0400] "POST /wp-cron.php?doing_wp_cron=1743320397.1105000972747802734375 HTTP/1.1" 200 0 "-" "WordPress/6.7.2; https://grimslut.com"
54.36.149.79 - - [30/Mar/2025:03:39:52 -0400] "GET /robots.txt HTTP/1.1" 200 61 "-" "Mozilla/5.0 (compatible; AhrefsBot/7.0; +http://ahrefs.com/robot/)"
198.54.114.83 - - [30/Mar/2025:03:40:08 -0400] "POST /wp-admin/admin-ajax.php?action=async_litespeed&nonce=elw5XpZDy48761rp8l9Yd3uqGyYVIg1Q&litespeed_type=imgoptm HTTP/1.1" 200 0 "-" "WordPress/6.7.2; https://grimslut.com"
198.54.114.83 - - [30/Mar/2025:03:42:19 -0400] "POST /wp-cron.php?doing_wp_cron=1743320538.7266349792480468750000 HTTP/1.1" 200 0 "-" "WordPress/6.7.2; https://grimslut.com"
199.188.201.3 - - [30/Mar/2025:03:42:13 -0400] "POST /xmlrpc.php HTTP/1.1" 200 186 "https://grimslut.com" "Mozilla/5.0 (Windows NT 10.0; Win64; x64; rv:127.0) Gecko/20100101 Firefox/127.0"
198.54.114.83 - - [30/Mar/2025:03:42:21 -0400] "POST /wp-admin/admin-ajax.php?action=async_litespeed&nonce=aPPzwGUVJRSYcMbxvqca3RUjs8B7CVyU&litespeed_type=imgoptm HTTP/1.1" 200 0 "-" "WordPress/6.7.2; https://grimslut.com"
198.54.114.83 - - [30/Mar/2025:03:43:31 -0400] "POST /wp-cron.php?doing_wp_cron=1743320611.2531049251556396484375 HTTP/1.1" 200 0 "-" "WordPress/6.7.2; https://grimslut.com"
34.231.45.47 - - [30/Mar/2025:03:43:30 -0400] "GET /category/arts-entertainments/page/18/ HTTP/1.1" 200 14997 "-" "Mozilla/5.0 AppleWebKit/537.36 (KHTML, like Gecko; compatible; Amazonbot/0.1; +https://developer.amazon.com/support/amazonbot) Chrome/119.0.6045.214 Safari/537.36"
198.54.114.83 - - [30/Mar/2025:03:43:31 -0400] "POST /wp-admin/admin-ajax.php?action=async_litespeed&nonce=raQ2JbMVheuvCUHsnBRdGRccOzdLQXza&litespeed_type=imgoptm HTTP/1.1" 200 5 "-" "WordPress/6.7.2; https://grimslut.com"
109.207.79.205 - - [30/Mar/2025:03:43:37 -0400] "POST /xmlrpc.php HTTP/1.1" 200 205 "-" "Mozilla/5.0 (X11; Fedora; Linux x86_64; rv:94.0) Gecko/20100101 Firefox/95.0"
193.169.22.33 - - [30/Mar/2025:03:44:04 -0400] "GET /discover-your-dream-home-homes-for-sale-in-portland-oregon/ HTTP/1.1" 200 15675 "https://grimslut.com/discover-your-dream-home-homes-for-sale-in-portland-oregon/" "Mozilla/5.0 (Windows NT 10.0; Win64; x64) AppleWebKit/537.36 (KHTML, like Gecko) Chrome/129.0.0.0 Safari/537.36"
193.169.22.33 - - [30/Mar/2025:03:44:10 -0400] "POST /wp-comments-post.php HTTP/1.1" 302 0 "https://grimslut.com/discover-your-dream-home-homes-for-sale-in-portland-oregon/" "Mozilla/5.0 (Windows NT 10.0; Win64; x64) AppleWebKit/537.36 (KHTML, like Gecko) Chrome/129.0.0.0 Safari/537.36"
193.169.22.33 - - [30/Mar/2025:03:44:14 -0400] "GET /discover-your-dream-home-homes-for-sale-in-portland-oregon/ HTTP/1.1" 200 16702 "https://grimslut.com/discover-your-dream-home-homes-for-sale-in-portland-oregon/#comment-6490" "Mozilla/5.0 (Windows NT 10.0; Win64; x64) AppleWebKit/537.36 (KHTML, like Gecko) Chrome/129.0.0.0 Safari/537.36"
43.166.245.250 - - [30/Mar/2025:03:50:43 -0400] "GET / HTTP/1.1" 200 20855 "http://grimslut.com" "Mozilla/5.0 (iPhone; CPU iPhone OS 13_2_3 like Mac OS X) AppleWebKit/605.1.15 (KHTML, like Gecko) Version/13.0.3 Mobile/15E148 Safari/604.1"
198.54.114.83 - - [30/Mar/2025:03:52:50 -0400] "POST /wp-cron.php?doing_wp_cron=1743321170.3025460243225097656250 HTTP/1.1" 200 0 "-" "WordPress/6.7.2; https://grimslut.com"
13.235.180.144 - - [30/Mar/2025:03:52:47 -0400] "POST /xmlrpc.php HTTP/1.1" 200 186 "https://grimslut.com" "Mozilla/5.0 (Macintosh; Intel Mac OS X 10_15_7) AppleWebKit/537.36 (KHTML, like Gecko) Chrome/112.0.5615.138 Safari/537.36"
198.54.114.83 - - [30/Mar/2025:03:52:51 -0400] "POST /wp-admin/admin-ajax.php?action=async_litespeed&nonce=JdqFnnvgR4EOJAzgRynnJdpgijI0SVSR&litespeed_type=imgoptm HTTP/1.1" 200 5 "-" "WordPress/6.7.2; https://grimslut.com"
94.103.91.198 - - [30/Mar/2025:03:57:17 -0400] "GET /exploring-the-multicanais-phenomenon/ HTTP/1.1" 200 15499 "https://grimslut.com/exploring-the-multicanais-phenomenon/" "Mozilla/5.0 (Windows NT 10.0; Win64; x64) AppleWebKit/537.36 (KHTML, like Gecko) Chrome/131.0.0.0 Safari/537.36"
198.54.114.83 - - [30/Mar/2025:03:57:22 -0400] "POST /wp-cron.php?doing_wp_cron=1743321442.4365229606628417968750 HTTP/1.1" 200 0 "-" "WordPress/6.7.2; https://grimslut.com"
198.54.114.83 - - [30/Mar/2025:03:57:23 -0400] "POST /wp-admin/admin-ajax.php?action=async_litespeed&nonce=EHrp6jAIt3FEsFTb4sg2d4cFPRx3OGPN&litespeed_type=imgoptm HTTP/1.1" 200 0 "-" "WordPress/6.7.2; https://grimslut.com"
94.103.91.198 - - [30/Mar/2025:03:57:18 -0400] "POST /wp-comments-post.php HTTP/1.1" 302 0 "https://grimslut.com/exploring-the-multicanais-phenomenon/" "Mozilla/5.0 (Windows NT 10.0; Win64; x64) AppleWebKit/537.36 (KHTML, like Gecko) Chrome/131.0.0.0 Safari/537.36"
94.103.91.198 - - [30/Mar/2025:03:57:25 -0400] "GET /exploring-the-multicanais-phenomenon/ HTTP/1.1" 200 16295 "https://grimslut.com/exploring-the-multicanais-phenomenon/#comment-6491" "Mozilla/5.0 (Windows NT 10.0; Win64; x64) AppleWebKit/537.36 (KHTML, like Gecko) Chrome/131.0.0.0 Safari/537.36"
198.54.114.83 - - [30/Mar/2025:04:03:24 -0400] "POST /wp-cron.php?doing_wp_cron=1743321804.1077809333801269531250 HTTP/1.1" 200 0 "-" "WordPress/6.7.2; https://grimslut.com"
68.178.145.83 - - [30/Mar/2025:04:03:19 -0400] "POST /xmlrpc.php HTTP/1.1" 200 186 "https://grimslut.com" "Mozilla/5.0 (Macintosh; Intel Mac OS X 10_15_7; rv:128.0) Gecko/20100101 Firefox/128.0"
198.54.114.83 - - [30/Mar/2025:04:03:25 -0400] "POST /wp-admin/admin-ajax.php?action=async_litespeed&nonce=TjnNhHnvVp702NtSLDDoQcKm8IZcMETq&litespeed_type=imgoptm HTTP/1.1" 200 5 "-" "WordPress/6.7.2; https://grimslut.com"
198.54.114.83 - - [30/Mar/2025:04:11:48 -0400] "POST /wp-cron.php?doing_wp_cron=1743322308.7291879653930664062500 HTTP/1.1" 200 0 "-" "WordPress/6.7.2; https://grimslut.com"
95.216.90.214 - - [30/Mar/2025:04:11:45 -0400] "POST /xmlrpc.php HTTP/1.1" 200 205 "-" "Mozilla/5.0 (X11; Fedora; Linux x86_64; rv:94.0) Gecko/20100101 Firefox/95.0"
198.54.114.83 - - [30/Mar/2025:04:11:49 -0400] "POST /wp-admin/admin-ajax.php?action=async_litespeed&nonce=631e8tfjjzzAtZ5KiDmYbvHrApFKaPpo&litespeed_type=imgoptm HTTP/1.1" 200 0 "-" "WordPress/6.7.2; https://grimslut.com"
198.54.114.83 - - [30/Mar/2025:04:13:59 -0400] "POST /wp-cron.php?doing_wp_cron=1743322438.4598090648651123046875 HTTP/1.1" 200 0 "-" "WordPress/6.7.2; https://grimslut.com"
198.54.114.56 - - [30/Mar/2025:04:13:55 -0400] "POST /xmlrpc.php HTTP/1.1" 200 186 "https://grimslut.com" "Mozilla/5.0 (Macintosh; Intel Mac OS X 14.5) AppleWebKit/618.3.5 (KHTML, like Gecko) Version/17.4 Safari/618.3.5"
198.54.114.83 - - [30/Mar/2025:04:14:00 -0400] "POST /wp-admin/admin-ajax.php?action=async_litespeed&nonce=oAA9up8NP44D5O6pYcvMhhBd9e0WFRbD&litespeed_type=imgoptm HTTP/1.1" 200 5 "-" "WordPress/6.7.2; https://grimslut.com"
198.54.114.83 - - [30/Mar/2025:04:24:40 -0400] "POST /wp-cron.php?doing_wp_cron=1743323079.7923591136932373046875 HTTP/1.1" 200 0 "-" "WordPress/6.7.2; https://grimslut.com"
162.0.232.166 - - [30/Mar/2025:04:24:36 -0400] "POST /xmlrpc.php HTTP/1.1" 200 186 "https://grimslut.com" "Mozilla/5.0 (Macintosh; Intel Mac OS X 13.3; rv:126.0) Gecko/20100101 Firefox/126.0"
198.54.114.83 - - [30/Mar/2025:04:24:40 -0400] "POST /wp-admin/admin-ajax.php?action=async_litespeed&nonce=BiarJrlJaHpeMsaUXCUkp2jZEBVjOE1M&litespeed_type=imgoptm HTTP/1.1" 200 5 "-" "WordPress/6.7.2; https://grimslut.com"
199.195.249.51 - - [30/Mar/2025:04:34:05 -0400] "GET /wp-login.php HTTP/1.1" 200 1954 "-" "Mozilla/5.0 (Windows NT 6.0) AppleWebKit/537.36 (KHTML, like Gecko) Chrome/36.0.1985.125 Safari/537.36"
198.54.114.83 - - [30/Mar/2025:04:34:09 -0400] "POST /wp-cron.php?doing_wp_cron=1743323648.9601449966430664062500 HTTP/1.1" 200 0 "-" "WordPress/6.7.2; https://grimslut.com"
199.195.249.51 - - [30/Mar/2025:04:34:05 -0400] "POST /wp-login.php HTTP/1.1" 200 2085 "-" "Mozilla/5.0 (Windows NT 6.0) AppleWebKit/537.36 (KHTML, like Gecko) Chrome/36.0.1985.125 Safari/537.36"
198.54.114.83 - - [30/Mar/2025:04:34:10 -0400] "POST /wp-admin/admin-ajax.php?action=async_litespeed&nonce=8EOjCwVni49DAsRSyXXcjrI7LgS03ajo&litespeed_type=imgoptm HTTP/1.1" 200 0 "-" "WordPress/6.7.2; https://grimslut.com"
162.0.235.8 - - [30/Mar/2025:04:35:15 -0400] "POST /xmlrpc.php HTTP/1.1" 200 186 "https://grimslut.com" "Mozilla/5.0 (Windows NT 10.0; Win64; x64) AppleWebKit/537.36 (KHTML, like Gecko) Chrome/113.0.5672.93 Safari/537.36"
198.54.114.83 - - [30/Mar/2025:04:35:18 -0400] "POST /wp-cron.php?doing_wp_cron=1743323716.3176689147949218750000 HTTP/1.1" 200 0 "-" "WordPress/6.7.2; https://grimslut.com"
188.166.149.208 - - [30/Mar/2025:04:40:00 -0400] "GET / HTTP/1.1" 200 20855 "-" "Mozilla/5.0 (CentOS; Linux x86_64) AppleWebKit/537.36 (KHTML, like Gecko) Chrome/128.0.0.0 Safari/537.36"
173.236.235.210 - - [30/Mar/2025:04:41:17 -0400] "GET /wp-login.php HTTP/1.1" 200 1954 "-" "GRequests/0.10"
198.54.114.83 - - [30/Mar/2025:04:41:19 -0400] "POST /wp-cron.php?doing_wp_cron=1743324079.8470110893249511718750 HTTP/1.1" 200 0 "-" "WordPress/6.7.2; https://grimslut.com"
173.236.235.210 - - [30/Mar/2025:04:41:17 -0400] "POST /wp-login.php HTTP/1.1" 200 2085 "-" "GRequests/0.10"
198.54.114.83 - - [30/Mar/2025:04:41:20 -0400] "POST /wp-admin/admin-ajax.php?action=async_litespeed&nonce=dwXxXSXTgt3yF5IxEHhEMv6KGpGsDUj2&litespeed_type=imgoptm HTTP/1.1" 200 5 "-" "WordPress/6.7.2; https://grimslut.com"
198.54.114.83 - - [30/Mar/2025:04:42:05 -0400] "POST /wp-cron.php?doing_wp_cron=1743324125.8054049015045166015625 HTTP/1.1" 200 0 "-" "WordPress/6.7.2; https://grimslut.com"
148.72.214.194 - - [30/Mar/2025:04:42:05 -0400] "POST /xmlrpc.php HTTP/1.1" 200 205 "-" "Mozilla/5.0 (X11; Fedora; Linux x86_64; rv:94.0) Gecko/20100101 Firefox/95.0"
198.54.114.83 - - [30/Mar/2025:04:42:06 -0400] "POST /wp-admin/admin-ajax.php?action=async_litespeed&nonce=4VDLt7uKoCaSChEp9PP1NlSxTNLom53H&litespeed_type=imgoptm HTTP/1.1" 200 0 "-" "WordPress/6.7.2; https://grimslut.com"
198.54.114.83 - - [30/Mar/2025:04:45:46 -0400] "POST /wp-cron.php?doing_wp_cron=1743324346.7089049816131591796875 HTTP/1.1" 200 0 "-" "WordPress/6.7.2; https://grimslut.com"
198.54.114.83 - - [30/Mar/2025:04:45:47 -0400] "POST /wp-admin/admin-ajax.php?action=async_litespeed&nonce=TerwyeSLFZDNqcOpu6VL0r6ySwe7Mpcs&litespeed_type=imgoptm HTTP/1.1" 200 0 "-" "WordPress/6.7.2; https://grimslut.com"
135.181.166.47 - - [30/Mar/2025:04:45:43 -0400] "GET /unlocking-wellness-the-manchester-chiropractic-experience/ HTTP/1.1" 200 15650 "https://grimslut.com/unlocking-wellness-the-manchester-chiropractic-experience/#comment-697" "Mozilla/5.0 (Windows NT 6.3; Win64; x64) AppleWebKit/537.36 (KHTML, like Gecko) Chrome/103.0.5060.53 Safari/537.36"
182.92.110.55 - - [30/Mar/2025:04:46:02 -0400] "POST /xmlrpc.php HTTP/1.1" 200 186 "https://grimslut.com" "Mozilla/5.0 (Macintosh; Intel Mac OS X 13_3) AppleWebKit/537.36 (KHTML, like Gecko) Chrome/126.0.0.0 Safari/537.36 Edg/126.0.0.0"
198.54.114.83 - - [30/Mar/2025:04:56:05 -0400] "POST /wp-cron.php?doing_wp_cron=1743324965.4012410640716552734375 HTTP/1.1" 200 0 "-" "WordPress/6.7.2; https://grimslut.com"
198.54.114.83 - - [30/Mar/2025:04:56:06 -0400] "POST /wp-admin/admin-ajax.php?action=async_litespeed&nonce=G5cPZBt1SmL8PaiAbWCKNTYhkqLmlmni&litespeed_type=imgoptm HTTP/1.1" 200 5 "-" "WordPress/6.7.2; https://grimslut.com"
34.234.206.30 - - [30/Mar/2025:04:56:02 -0400] "GET /author/admin/page/23/ HTTP/1.1" 200 15081 "-" "Mozilla/5.0 AppleWebKit/537.36 (KHTML, like Gecko; compatible; Amazonbot/0.1; +https://developer.amazon.com/support/amazonbot) Chrome/119.0.6045.214 Safari/537.36"
198.54.114.83 - - [30/Mar/2025:04:56:38 -0400] "POST /wp-cron.php?doing_wp_cron=1743324998.7859280109405517578125 HTTP/1.1" 200 0 "-" "WordPress/6.7.2; https://grimslut.com"
134.122.118.246 - - [30/Mar/2025:04:56:38 -0400] "POST /xmlrpc.php HTTP/1.1" 200 186 "https://grimslut.com" "Mozilla/5.0 (Windows NT 10.0; Win64; x64; rv:126.0) Gecko/20100101 Firefox/126.0"
198.54.114.83 - - [30/Mar/2025:04:56:39 -0400] "POST /wp-admin/admin-ajax.php?action=async_litespeed&nonce=gFnxvFwkTsMPm3gWdmt10x5tIv4yJeQB&litespeed_type=imgoptm HTTP/1.1" 200 5 "-" "WordPress/6.7.2; https://grimslut.com"
198.54.114.83 - - [30/Mar/2025:05:07:27 -0400] "POST /wp-cron.php?doing_wp_cron=1743325647.3278870582580566406250 HTTP/1.1" 200 0 "-" "WordPress/6.7.2; https://grimslut.com"
148.72.126.119 - - [30/Mar/2025:05:07:22 -0400] "POST /xmlrpc.php HTTP/1.1" 200 186 "https://grimslut.com" "Mozilla/5.0 (Windows NT 10.0; Win64; x64; rv:126.0) Gecko/20100101 Firefox/126.0"
198.54.114.83 - - [30/Mar/2025:05:07:28 -0400] "POST /wp-admin/admin-ajax.php?action=async_litespeed&nonce=mZyekenQH6mUar1NGITC6Nc0DKvWZMZA&litespeed_type=imgoptm HTTP/1.1" 200 0 "-" "WordPress/6.7.2; https://grimslut.com"
195.2.76.183 - - [30/Mar/2025:05:12:35 -0400] "GET /exploring-the-multicanais-phenomenon/ HTTP/1.1" 200 15499 "https://grimslut.com/exploring-the-multicanais-phenomenon/" "Mozilla/5.0 (Windows NT 10.0; Win64; x64) AppleWebKit/537.36 (KHTML, like Gecko) Chrome/130.0.0.0 Safari/537.36"
198.54.114.83 - - [30/Mar/2025:05:12:40 -0400] "POST /wp-cron.php?doing_wp_cron=1743325960.1324970722198486328125 HTTP/1.1" 200 0 "-" "WordPress/6.7.2; https://grimslut.com"
198.54.114.83 - - [30/Mar/2025:05:12:40 -0400] "POST /wp-admin/admin-ajax.php?action=async_litespeed&nonce=sAc3pkqijozrIxYeB5d5iuJwFFgCvw8W&litespeed_type=imgoptm HTTP/1.1" 200 5 "-" "WordPress/6.7.2; https://grimslut.com"
195.2.76.183 - - [30/Mar/2025:05:12:36 -0400] "POST /wp-comments-post.php HTTP/1.1" 302 0 "https://grimslut.com/exploring-the-multicanais-phenomenon/" "Mozilla/5.0 (Windows NT 10.0; Win64; x64) AppleWebKit/537.36 (KHTML, like Gecko) Chrome/130.0.0.0 Safari/537.36"
195.2.76.183 - - [30/Mar/2025:05:12:42 -0400] "GET /exploring-the-multicanais-phenomenon/ HTTP/1.1" 200 17396 "https://grimslut.com/exploring-the-multicanais-phenomenon/#comment-6492" "Mozilla/5.0 (Windows NT 10.0; Win64; x64) AppleWebKit/537.36 (KHTML, like Gecko) Chrome/130.0.0.0 Safari/537.36"
209.141.56.126 - - [30/Mar/2025:05:13:48 -0400] "GET /wp-login.php HTTP/1.1" 200 1954 "-" "Mozilla/5.0 (Macintosh; Intel Mac OS X 10_9_2) AppleWebKit/537.74.9 (KHTML, like Gecko) Version/7.0.2 Safari/537.74.9"
198.54.114.83 - - [30/Mar/2025:05:13:49 -0400] "POST /wp-cron.php?doing_wp_cron=1743326029.0300419330596923828125 HTTP/1.1" 200 0 "-" "WordPress/6.7.2; https://grimslut.com"
209.141.56.126 - - [30/Mar/2025:05:13:48 -0400] "POST /wp-login.php HTTP/1.1" 200 2086 "-" "Mozilla/5.0 (Macintosh; Intel Mac OS X 10_9_2) AppleWebKit/537.74.9 (KHTML, like Gecko) Version/7.0.2 Safari/537.74.9"
198.54.114.83 - - [30/Mar/2025:05:13:49 -0400] "POST /wp-admin/admin-ajax.php?action=async_litespeed&nonce=ImaqDNwfhoLdT220SLiycSCO1nw4UXmD&litespeed_type=imgoptm HTTP/1.1" 200 5 "-" "WordPress/6.7.2; https://grimslut.com"
198.54.114.83 - - [30/Mar/2025:05:23:06 -0400] "POST /wp-cron.php?doing_wp_cron=1743326586.7574799060821533203125 HTTP/1.1" 200 0 "-" "WordPress/6.7.2; https://grimslut.com"
51.79.230.129 - - [30/Mar/2025:05:23:04 -0400] "GET //emergency.php HTTP/1.1" 301 0 "-" "Mozlila/5.0 (Linux; Android 7.0; SM-G892A Bulid/NRD90M; wv) AppleWebKit/537.36 (KHTML, like Gecko) Version/4.0 Chrome/60.0.3112.107 Moblie Safari/537.36"
51.79.230.129 - - [30/Mar/2025:05:23:07 -0400] "GET /emergency.php HTTP/1.1" 404 10271 "-" "Mozlila/5.0 (Linux; Android 7.0; SM-G892A Bulid/NRD90M; wv) AppleWebKit/537.36 (KHTML, like Gecko) Version/4.0 Chrome/60.0.3112.107 Moblie Safari/537.36"
198.54.114.83 - - [30/Mar/2025:05:23:07 -0400] "POST /wp-admin/admin-ajax.php?action=async_litespeed&nonce=r0hWfym2EeFAO2P2Lf9q2eVdEIjgiT5z&litespeed_type=imgoptm HTTP/1.1" 200 5 "-" "WordPress/6.7.2; https://grimslut.com"
197.243.16.120 - - [30/Mar/2025:05:23:26 -0400] "GET /wp-login.php HTTP/1.1" 200 1954 "http://grimslut.com/wp-login.php" "GRequests/0.10"
197.243.16.120 - - [30/Mar/2025:05:23:27 -0400] "GET /wp-login.php HTTP/1.1" 200 1954 "http://grimslut.com/wp-login.php" "GRequests/0.10"
197.243.16.120 - - [30/Mar/2025:05:23:27 -0400] "GET /wp-admin/ HTTP/1.1" 302 0 "http://grimslut.com/wp-admin/" "GRequests/0.10"
197.243.16.120 - - [30/Mar/2025:05:23:28 -0400] "GET /wp-login.php?redirect_to=https%3A%2F%2Fgrimslut.com%2Fwp-admin%2F&reauth=1 HTTP/1.1" 200 1954 "https://grimslut.com/wp-admin/" "GRequests/0.10"
198.54.114.83 - - [30/Mar/2025:05:42:42 -0400] "POST /wp-cron.php?doing_wp_cron=1743327761.9262840747833251953125 HTTP/1.1" 200 0 "-" "WordPress/6.7.2; https://grimslut.com"
198.54.114.83 - - [30/Mar/2025:05:42:42 -0400] "POST /wp-admin/admin-ajax.php?action=async_litespeed&nonce=wqQUdIHMTSDxNrqUpnuUfm2hBzsB45CN&litespeed_type=imgoptm HTTP/1.1" 200 5 "-" "WordPress/6.7.2; https://grimslut.com"
44.193.102.198 - - [30/Mar/2025:05:42:39 -0400] "GET /author/admin/page/11/ HTTP/1.1" 200 15146 "-" "Mozilla/5.0 AppleWebKit/537.36 (KHTML, like Gecko; compatible; Amazonbot/0.1; +https://developer.amazon.com/support/amazonbot) Chrome/119.0.6045.214 Safari/537.36"
198.54.114.83 - - [30/Mar/2025:05:51:11 -0400] "POST /wp-cron.php?doing_wp_cron=1743328271.4383530616760253906250 HTTP/1.1" 200 0 "-" "WordPress/6.7.2; https://grimslut.com"
67.222.128.140 - - [30/Mar/2025:05:51:10 -0400] "POST /xmlrpc.php HTTP/1.1" 200 205 "-" "Mozilla/5.0 (X11; Fedora; Linux x86_64; rv:94.0) Gecko/20100101 Firefox/95.0"
198.54.114.83 - - [30/Mar/2025:05:51:11 -0400] "POST /wp-admin/admin-ajax.php?action=async_litespeed&nonce=o8F0UObLvsEZObFlanvSOQJYDDHMuf7N&litespeed_type=imgoptm HTTP/1.1" 200 5 "-" "WordPress/6.7.2; https://grimslut.com"
198.54.114.83 - - [30/Mar/2025:06:12:26 -0400] "POST /wp-cron.php?doing_wp_cron=1743329545.9413840770721435546875 HTTP/1.1" 200 0 "-" "WordPress/6.7.2; https://grimslut.com"
157.55.39.197 - - [30/Mar/2025:06:12:22 -0400] "GET /casting-couch-x-morgan-rain/ HTTP/1.1" 404 10272 "-" "Mozilla/5.0 AppleWebKit/537.36 (KHTML, like Gecko; compatible; bingbot/2.0; +http://www.bing.com/bingbot.htm) Chrome/116.0.1938.76 Safari/537.36"
139.59.113.8 - - [30/Mar/2025:06:22:40 -0400] "GET /wp-login.php HTTP/1.1" 200 1954 "http://grimslut.com/wp-login.php" "GRequests/0.10"
139.59.113.8 - - [30/Mar/2025:06:22:42 -0400] "GET /wp-login.php HTTP/1.1" 200 1954 "http://grimslut.com/wp-login.php" "GRequests/0.10"
198.54.114.83 - - [30/Mar/2025:06:22:47 -0400] "POST /wp-cron.php?doing_wp_cron=1743330167.4000129699707031250000 HTTP/1.1" 200 0 "-" "WordPress/6.7.2; https://grimslut.com"
139.59.113.8 - - [30/Mar/2025:06:22:43 -0400] "GET /wp-admin/ HTTP/1.1" 302 0 "http://grimslut.com/wp-admin/" "GRequests/0.10"
198.54.114.83 - - [30/Mar/2025:06:22:48 -0400] "POST /wp-admin/admin-ajax.php?action=async_litespeed&nonce=7taIFZAhJfBPLi9i2zqAExTO04Nk4UxL&litespeed_type=imgoptm HTTP/1.1" 200 0 "-" "WordPress/6.7.2; https://grimslut.com"
139.59.113.8 - - [30/Mar/2025:06:22:49 -0400] "GET /wp-login.php?redirect_to=https%3A%2F%2Fgrimslut.com%2Fwp-admin%2F&reauth=1 HTTP/1.1" 200 1954 "https://grimslut.com/wp-admin/" "GRequests/0.10"
198.54.114.83 - - [30/Mar/2025:06:27:36 -0400] "POST /wp-cron.php?doing_wp_cron=1743330456.2193028926849365234375 HTTP/1.1" 200 0 "-" "WordPress/6.7.2; https://grimslut.com"
114.119.153.247 - - [30/Mar/2025:06:27:31 -0400] "GET /category/gaming/ HTTP/1.1" 200 12189 "https://grimslut.com/communication-in-real-estate-with-answering-services/" "Mozilla/5.0 (Linux; Android 7.0;) AppleWebKit/537.36 (KHTML, like Gecko) Mobile Safari/537.36 (compatible; PetalBot;+https://webmaster.petalsearch.com/site/petalbot)"
198.54.114.83 - - [30/Mar/2025:06:27:37 -0400] "POST /wp-admin/admin-ajax.php?action=async_litespeed&nonce=xV8Sw8U5kkzfnnmbUKR9PBu6MmRXZFg5&litespeed_type=imgoptm HTTP/1.1" 200 0 "-" "WordPress/6.7.2; https://grimslut.com"
198.54.114.83 - - [30/Mar/2025:06:30:31 -0400] "POST /wp-cron.php?doing_wp_cron=1743330630.2687659263610839843750 HTTP/1.1" 200 0 "-" "WordPress/6.7.2; https://grimslut.com"
193.164.17.45 - - [30/Mar/2025:06:30:24 -0400] "POST /xmlrpc.php HTTP/1.1" 200 205 "-" "Mozilla/5.0 (X11; Fedora; Linux x86_64; rv:94.0) Gecko/20100101 Firefox/95.0"
198.54.114.83 - - [30/Mar/2025:06:30:34 -0400] "POST /wp-admin/admin-ajax.php?action=async_litespeed&nonce=jZTx3zcHH9jihDInvtwAQG4ehHpC20I7&litespeed_type=imgoptm HTTP/1.1" 200 0 "-" "WordPress/6.7.2; https://grimslut.com"
35.193.3.122 - - [30/Mar/2025:06:37:07 -0400] "GET /wp-login.php HTTP/1.1" 200 1954 "-" "GRequests/0.10"
198.54.114.83 - - [30/Mar/2025:06:37:14 -0400] "POST /wp-cron.php?doing_wp_cron=1743331034.1984210014343261718750 HTTP/1.1" 200 0 "-" "WordPress/6.7.2; https://grimslut.com"
35.193.3.122 - - [30/Mar/2025:06:37:10 -0400] "POST /wp-login.php HTTP/1.1" 200 2086 "-" "GRequests/0.10"
198.54.114.83 - - [30/Mar/2025:06:37:15 -0400] "POST /wp-admin/admin-ajax.php?action=async_litespeed&nonce=9kn869oEsy20wuQONF4ZR2pdQ1jEIzae&litespeed_type=imgoptm HTTP/1.1" 200 5 "-" "WordPress/6.7.2; https://grimslut.com"
107.189.3.177 - - [30/Mar/2025:06:56:01 -0400] "GET /wp-login.php HTTP/1.1" 200 1954 "-" "Mozilla/5.0 (Macintosh; Intel Mac OS X 10_7_5) AppleWebKit/537.36 (KHTML, like Gecko) Chrome/36.0.1985.125 Safari/537.36"
198.54.114.83 - - [30/Mar/2025:06:56:11 -0400] "POST /wp-cron.php?doing_wp_cron=1743332171.6210439205169677734375 HTTP/1.1" 200 0 "-" "WordPress/6.7.2; https://grimslut.com"
107.189.3.177 - - [30/Mar/2025:06:56:09 -0400] "POST /wp-login.php HTTP/1.1" 200 2085 "-" "Mozilla/5.0 (Macintosh; Intel Mac OS X 10_7_5) AppleWebKit/537.36 (KHTML, like Gecko) Chrome/36.0.1985.125 Safari/537.36"
198.54.114.83 - - [30/Mar/2025:06:56:11 -0400] "POST /wp-admin/admin-ajax.php?action=async_litespeed&nonce=6jjOWszz6HtbJNMJ8IriwwjtUNen1qLv&litespeed_type=imgoptm HTTP/1.1" 200 5 "-" "WordPress/6.7.2; https://grimslut.com"
198.54.114.83 - - [30/Mar/2025:07:05:58 -0400] "POST /wp-cron.php?doing_wp_cron=1743332758.0456240177154541015625 HTTP/1.1" 200 0 "-" "WordPress/6.7.2; https://grimslut.com"
195.20.18.175 - - [30/Mar/2025:07:05:55 -0400] "GET /admin/assets/jquery-file-upload/server/php/index.php?file=tf2rghf.jpg HTTP/1.1" 301 0 "-" "ALittle Client"
198.54.114.83 - - [30/Mar/2025:07:05:58 -0400] "POST /wp-admin/admin-ajax.php?action=async_litespeed&nonce=Cy8bf0wrH5vKb26HtQc71xWsQH8JSXYg&litespeed_type=imgoptm HTTP/1.1" 200 5 "-" "WordPress/6.7.2; https://grimslut.com"
195.20.18.175 - - [30/Mar/2025:07:06:17 -0400] "GET /admin/assets/jquery-file-upload/server/php/?file=tf2rghf.jpg HTTP/1.1" 404 10272 "-" "ALittle Client"
198.54.114.83 - - [30/Mar/2025:07:09:51 -0400] "POST /wp-cron.php?doing_wp_cron=1743332991.5264189243316650390625 HTTP/1.1" 200 0 "-" "WordPress/6.7.2; https://grimslut.com"
107.20.25.33 - - [30/Mar/2025:07:09:46 -0400] "GET /category/arts-entertainments/page/19/ HTTP/1.1" 200 14867 "-" "Mozilla/5.0 AppleWebKit/537.36 (KHTML, like Gecko; compatible; Amazonbot/0.1; +https://developer.amazon.com/support/amazonbot) Chrome/119.0.6045.214 Safari/537.36"
198.54.114.83 - - [30/Mar/2025:07:09:52 -0400] "POST /wp-admin/admin-ajax.php?action=async_litespeed&nonce=nqu6mJ2yVVgUfXtZhauZhoCWjkEgWepX&litespeed_type=imgoptm HTTP/1.1" 200 5 "-" "WordPress/6.7.2; https://grimslut.com"
198.54.114.83 - - [30/Mar/2025:07:12:31 -0400] "POST /wp-cron.php?doing_wp_cron=1743333151.5215830802917480468750 HTTP/1.1" 200 0 "-" "WordPress/6.7.2; https://grimslut.com"
186.64.118.70 - - [30/Mar/2025:07:12:27 -0400] "POST /xmlrpc.php HTTP/1.1" 200 205 "-" "Mozilla/5.0 (X11; Fedora; Linux x86_64; rv:94.0) Gecko/20100101 Firefox/95.0"
198.54.114.83 - - [30/Mar/2025:07:12:32 -0400] "POST /wp-admin/admin-ajax.php?action=async_litespeed&nonce=2gZjRDDQXa6i585bY3HUCP3FjBimYx7w&litespeed_type=imgoptm HTTP/1.1" 200 5 "-" "WordPress/6.7.2; https://grimslut.com"
54.252.214.180 - - [30/Mar/2025:07:15:22 -0400] "GET /wp-login.php HTTP/1.1" 200 1954 "-" "GRequests/0.10"
198.54.114.83 - - [30/Mar/2025:07:15:26 -0400] "POST /wp-cron.php?doing_wp_cron=1743333326.0899510383605957031250 HTTP/1.1" 200 0 "-" "WordPress/6.7.2; https://grimslut.com"
54.252.214.180 - - [30/Mar/2025:07:15:23 -0400] "POST /wp-login.php HTTP/1.1" 200 2085 "-" "GRequests/0.10"
198.54.114.83 - - [30/Mar/2025:07:15:27 -0400] "POST /wp-admin/admin-ajax.php?action=async_litespeed&nonce=aNqHD63m895CsBtKeW5dBqK3UL1Qdc3N&litespeed_type=imgoptm HTTP/1.1" 200 0 "-" "WordPress/6.7.2; https://grimslut.com"
198.98.49.67 - - [30/Mar/2025:07:26:32 -0400] "GET /wp-login.php HTTP/1.1" 200 1954 "-" "Mozilla/5.0 (Windows NT 6.1; WOW64) AppleWebKit/537.36 (KHTML, like Gecko) Chrome/35.0.1916.114 Safari/537.36"
198.54.114.83 - - [30/Mar/2025:07:26:35 -0400] "POST /wp-cron.php?doing_wp_cron=1743333995.3856730461120605468750 HTTP/1.1" 200 0 "-" "WordPress/6.7.2; https://grimslut.com"
198.98.49.67 - - [30/Mar/2025:07:26:32 -0400] "POST /wp-login.php HTTP/1.1" 200 2085 "-" "Mozilla/5.0 (Windows NT 6.1; WOW64) AppleWebKit/537.36 (KHTML, like Gecko) Chrome/35.0.1916.114 Safari/537.36"
198.54.114.83 - - [30/Mar/2025:07:26:35 -0400] "POST /wp-admin/admin-ajax.php?action=async_litespeed&nonce=PggonDnHQkiGMUrujsDzIrHQSCYRNd0E&litespeed_type=imgoptm HTTP/1.1" 200 5 "-" "WordPress/6.7.2; https://grimslut.com"
123.182.49.27 - - [30/Mar/2025:07:39:30 -0400] "GET /wp-includes/css/dist/block-library/style.min.css?ver=6.6.2 HTTP/1.1" 200 14225 "-" "YisouSpider"
182.107.181.233 - - [30/Mar/2025:07:39:49 -0400] "GET /robots.txt HTTP/1.1" 200 61 "-" "Mozilla/5.0 (Macintosh; Intel Mac OS X 10_13_5) AppleWebKit/537.36 (KHTML, like Gecko) Chrome/69.0.3497.100 Safari/537.36"
152.42.183.103 - - [30/Mar/2025:07:46:42 -0400] "GET / HTTP/1.1" 200 20855 "-" "Mozilla/5.0 (Windows NT 10.0; Win64; x64) AppleWebKit/537.36 (KHTML, like Gecko) Chrome/78.0.3904.108 Safari/537.36"
198.54.114.83 - - [30/Mar/2025:07:46:47 -0400] "POST /wp-cron.php?doing_wp_cron=1743335207.0514540672302246093750 HTTP/1.1" 200 0 "-" "WordPress/6.7.2; https://grimslut.com"
152.42.183.103 - - [30/Mar/2025:07:46:42 -0400] "GET //wp-includes/wlwmanifest.xml HTTP/1.1" 301 0 "-" "Mozilla/5.0 (Windows NT 10.0; Win64; x64) AppleWebKit/537.36 (KHTML, like Gecko) Chrome/78.0.3904.108 Safari/537.36"
152.42.183.103 - - [30/Mar/2025:07:46:47 -0400] "GET //xmlrpc.php?rsd HTTP/1.1" 200 292 "-" "Mozilla/5.0 (Windows NT 10.0; Win64; x64) AppleWebKit/537.36 (KHTML, like Gecko) Chrome/78.0.3904.108 Safari/537.36"
152.42.183.103 - - [30/Mar/2025:07:46:48 -0400] "GET //?author=1 HTTP/1.1" 301 0 "-" "Mozilla/5.0 (Windows NT 10.0; Win64; x64) AppleWebKit/537.36 (KHTML, like Gecko) Chrome/78.0.3904.108 Safari/537.36"
198.54.114.83 - - [30/Mar/2025:07:46:47 -0400] "POST /wp-admin/admin-ajax.php?action=async_litespeed&nonce=XngNQK0YuwKh2RESa5YyCQ326gHfF6aD&litespeed_type=imgoptm HTTP/1.1" 200 0 "-" "WordPress/6.7.2; https://grimslut.com"
152.42.183.103 - - [30/Mar/2025:07:46:48 -0400] "GET //?author=2 HTTP/1.1" 301 0 "-" "Mozilla/5.0 (Windows NT 10.0; Win64; x64) AppleWebKit/537.36 (KHTML, like Gecko) Chrome/78.0.3904.108 Safari/537.36"
152.42.183.103 - - [30/Mar/2025:07:46:50 -0400] "GET //wp-json/wp/v2/users/ HTTP/1.1" 200 1236 "-" "Mozilla/5.0 (Windows NT 10.0; Win64; x64) AppleWebKit/537.36 (KHTML, like Gecko) Chrome/78.0.3904.108 Safari/537.36"
152.42.183.103 - - [30/Mar/2025:07:46:50 -0400] "POST //xmlrpc.php HTTP/1.1" 200 205 "-" "Mozilla/5.0 (Windows NT 10.0; Win64; x64) AppleWebKit/537.36 (KHTML, like Gecko) Chrome/78.0.3904.108 Safari/537.36"
152.42.183.103 - - [30/Mar/2025:07:46:51 -0400] "POST //xmlrpc.php HTTP/1.1" 200 189 "-" "Mozilla/5.0 (Windows NT 10.0; Win64; x64) AppleWebKit/537.36 (KHTML, like Gecko) Chrome/78.0.3904.108 Safari/537.36"
152.42.183.103 - - [30/Mar/2025:07:46:52 -0400] "POST //xmlrpc.php HTTP/1.1" 200 205 "-" "Mozilla/5.0 (Windows NT 10.0; Win64; x64) AppleWebKit/537.36 (KHTML, like Gecko) Chrome/78.0.3904.108 Safari/537.36"
152.42.183.103 - - [30/Mar/2025:07:46:53 -0400] "POST //xmlrpc.php HTTP/1.1" 200 205 "-" "Mozilla/5.0 (Windows NT 10.0; Win64; x64) AppleWebKit/537.36 (KHTML, like Gecko) Chrome/78.0.3904.108 Safari/537.36"
152.42.183.103 - - [30/Mar/2025:07:46:53 -0400] "POST //xmlrpc.php HTTP/1.1" 200 205 "-" "Mozilla/5.0 (Windows NT 10.0; Win64; x64) AppleWebKit/537.36 (KHTML, like Gecko) Chrome/78.0.3904.108 Safari/537.36"
152.42.183.103 - - [30/Mar/2025:07:46:54 -0400] "POST //xmlrpc.php HTTP/1.1" 200 205 "-" "Mozilla/5.0 (Windows NT 10.0; Win64; x64) AppleWebKit/537.36 (KHTML, like Gecko) Chrome/78.0.3904.108 Safari/537.36"
198.54.114.83 - - [30/Mar/2025:07:47:54 -0400] "POST /wp-cron.php?doing_wp_cron=1743335274.7897269725799560546875 HTTP/1.1" 200 0 "-" "WordPress/6.7.2; https://grimslut.com"
18.204.152.114 - - [30/Mar/2025:07:47:54 -0400] "GET /category/arts-entertainments/page/13/ HTTP/1.1" 200 15131 "-" "Mozilla/5.0 AppleWebKit/537.36 (KHTML, like Gecko; compatible; Amazonbot/0.1; +https://developer.amazon.com/support/amazonbot) Chrome/119.0.6045.214 Safari/537.36"
198.54.114.83 - - [30/Mar/2025:07:47:55 -0400] "POST /wp-admin/admin-ajax.php?action=async_litespeed&nonce=6bWHAZOAnLp0OrxRLFNtvSS9KCOCNOkx&litespeed_type=imgoptm HTTP/1.1" 200 5 "-" "WordPress/6.7.2; https://grimslut.com"
121.237.36.27 - - [30/Mar/2025:07:48:50 -0400] "GET / HTTP/1.1" 200 20855 "-" "Dalvik/2.1.0 (Linux; U; Android 9.0; ZTE BA520 Build/MRA58K)"
121.237.36.30 - - [30/Mar/2025:07:52:04 -0400] "GET /favicon.ico HTTP/1.1" 404 1251 "-" "Dalvik/2.1.0 (Linux; U; Android 9.0; ZTE BA520 Build/MRA58K)"
198.54.114.83 - - [30/Mar/2025:07:54:09 -0400] "POST /wp-cron.php?doing_wp_cron=1743335649.1002209186553955078125 HTTP/1.1" 200 0 "-" "WordPress/6.7.2; https://grimslut.com"
44.205.74.196 - - [30/Mar/2025:07:54:06 -0400] "GET /2024/page/14/ HTTP/1.1" 200 14902 "-" "Mozilla/5.0 AppleWebKit/537.36 (KHTML, like Gecko; compatible; Amazonbot/0.1; +https://developer.amazon.com/support/amazonbot) Chrome/119.0.6045.214 Safari/537.36"
198.54.114.83 - - [30/Mar/2025:07:54:09 -0400] "POST /wp-admin/admin-ajax.php?action=async_litespeed&nonce=j7inN5z83ZMzA4g3qRBG23hhcix5VEyQ&litespeed_type=imgoptm HTTP/1.1" 200 5 "-" "WordPress/6.7.2; https://grimslut.com"
198.54.114.83 - - [30/Mar/2025:07:58:40 -0400] "POST /wp-cron.php?doing_wp_cron=1743335920.5661859512329101562500 HTTP/1.1" 200 0 "-" "WordPress/6.7.2; https://grimslut.com"
185.66.90.253 - - [30/Mar/2025:07:58:37 -0400] "POST /xmlrpc.php HTTP/1.1" 200 205 "-" "Mozilla/5.0 (X11; Fedora; Linux x86_64; rv:94.0) Gecko/20100101 Firefox/95.0"
198.54.114.83 - - [30/Mar/2025:07:58:41 -0400] "POST /wp-admin/admin-ajax.php?action=async_litespeed&nonce=NhPtfGjQSQ5gWogzboWpvNHkp76A04pB&litespeed_type=imgoptm HTTP/1.1" 200 5 "-" "WordPress/6.7.2; https://grimslut.com"
198.54.114.83 - - [30/Mar/2025:08:04:55 -0400] "POST /wp-cron.php?doing_wp_cron=1743336295.7204470634460449218750 HTTP/1.1" 200 0 "-" "WordPress/6.7.2; https://grimslut.com"
198.54.114.83 - - [30/Mar/2025:08:04:56 -0400] "POST /wp-admin/admin-ajax.php?action=async_litespeed&nonce=OdsgJ4KU5D55IXYCVqpTQQWtNjgIRXnr&litespeed_type=imgoptm HTTP/1.1" 200 5 "-" "WordPress/6.7.2; https://grimslut.com"
114.119.158.97 - - [30/Mar/2025:08:04:53 -0400] "GET /2024/02/page/2/ HTTP/1.1" 200 14767 "https://grimslut.com/2024/02/" "Mozilla/5.0 (Linux; Android 7.0;) AppleWebKit/537.36 (KHTML, like Gecko) Mobile Safari/537.36 (compatible; PetalBot;+https://webmaster.petalsearch.com/site/petalbot)"
62.113.113.106 - - [30/Mar/2025:08:10:36 -0400] "GET /exploring-the-multicanais-phenomenon/ HTTP/1.1" 200 15499 "https://grimslut.com/exploring-the-multicanais-phenomenon/" "Mozilla/5.0 (Windows NT 10.0; Win64; x64) AppleWebKit/537.36 (KHTML, like Gecko) Chrome/130.0.0.0 Safari/537.36"
198.54.114.83 - - [30/Mar/2025:08:10:39 -0400] "POST /wp-cron.php?doing_wp_cron=1743336639.3604741096496582031250 HTTP/1.1" 200 0 "-" "WordPress/6.7.2; https://grimslut.com"
198.54.114.83 - - [30/Mar/2025:08:10:39 -0400] "POST /wp-admin/admin-ajax.php?action=async_litespeed&nonce=MSHPaXfybukQhZOWpGPnv9rWXf1MDTN1&litespeed_type=imgoptm HTTP/1.1" 200 5 "-" "WordPress/6.7.2; https://grimslut.com"
62.113.113.106 - - [30/Mar/2025:08:10:36 -0400] "POST /wp-comments-post.php HTTP/1.1" 302 0 "https://grimslut.com/exploring-the-multicanais-phenomenon/" "Mozilla/5.0 (Windows NT 10.0; Win64; x64) AppleWebKit/537.36 (KHTML, like Gecko) Chrome/130.0.0.0 Safari/537.36"
62.113.113.106 - - [30/Mar/2025:08:10:40 -0400] "GET /exploring-the-multicanais-phenomenon/ HTTP/1.1" 200 16373 "https://grimslut.com/exploring-the-multicanais-phenomenon/#comment-6493" "Mozilla/5.0 (Windows NT 10.0; Win64; x64) AppleWebKit/537.36 (KHTML, like Gecko) Chrome/130.0.0.0 Safari/537.36"
198.54.114.83 - - [30/Mar/2025:08:33:04 -0400] "POST /wp-cron.php?doing_wp_cron=1743337984.4557631015777587890625 HTTP/1.1" 200 0 "-" "WordPress/6.7.2; https://grimslut.com"
162.0.232.11 - - [30/Mar/2025:08:33:00 -0400] "POST /xmlrpc.php HTTP/1.1" 200 186 "https://grimslut.com" "Mozilla/5.0 (Windows NT 10.0; Win64; x64) AppleWebKit/537.36 (KHTML, like Gecko) Chrome/112.0.5615.138 Safari/537.36 Edg/112.0.1722.68"
198.54.114.83 - - [30/Mar/2025:08:33:05 -0400] "POST /wp-admin/admin-ajax.php?action=async_litespeed&nonce=dkp1eRUBbdoFKTolQub3uhuNoCCI496C&litespeed_type=imgoptm HTTP/1.1" 200 5 "-" "WordPress/6.7.2; https://grimslut.com"
198.98.61.49 - - [30/Mar/2025:08:37:29 -0400] "GET /wp-login.php HTTP/1.1" 200 1954 "-" "Mozilla/5.0 (iPad; CPU OS 7_1_2 like Mac OS X) AppleWebKit/537.51.2 (KHTML, like Gecko) Version/7.0 Mobile/11D257 Safari/9537.53"
198.54.114.83 - - [30/Mar/2025:08:37:33 -0400] "POST /wp-cron.php?doing_wp_cron=1743338253.5126090049743652343750 HTTP/1.1" 200 0 "-" "WordPress/6.7.2; https://grimslut.com"
198.98.61.49 - - [30/Mar/2025:08:37:29 -0400] "POST /wp-login.php HTTP/1.1" 200 2087 "-" "Mozilla/5.0 (iPad; CPU OS 7_1_2 like Mac OS X) AppleWebKit/537.51.2 (KHTML, like Gecko) Version/7.0 Mobile/11D257 Safari/9537.53"
198.54.114.83 - - [30/Mar/2025:08:37:34 -0400] "POST /wp-admin/admin-ajax.php?action=async_litespeed&nonce=XclnP3kuqwIQzibyXQMm43CARBL2An7i&litespeed_type=imgoptm HTTP/1.1" 200 0 "-" "WordPress/6.7.2; https://grimslut.com"
198.54.114.83 - - [30/Mar/2025:08:43:45 -0400] "POST /wp-cron.php?doing_wp_cron=1743338625.2848939895629882812500 HTTP/1.1" 200 0 "-" "WordPress/6.7.2; https://grimslut.com"
173.212.223.204 - - [30/Mar/2025:08:43:42 -0400] "POST /xmlrpc.php HTTP/1.1" 200 186 "https://grimslut.com" "Mozilla/5.0 (Windows NT 10.0; Win64; x64) AppleWebKit/537.36 (KHTML, like Gecko) Chrome/114.0.5735.199 Safari/537.36 Edg/114.0.1823.67"
198.54.114.83 - - [30/Mar/2025:08:43:46 -0400] "POST /wp-admin/admin-ajax.php?action=async_litespeed&nonce=WOJMYSjGZkmjNu6ZgTiR0N5Oz1kIOQuA&litespeed_type=imgoptm HTTP/1.1" 200 5 "-" "WordPress/6.7.2; https://grimslut.com"
198.54.114.83 - - [30/Mar/2025:08:47:19 -0400] "POST /wp-cron.php?doing_wp_cron=1743338839.0163419246673583984375 HTTP/1.1" 200 0 "-" "WordPress/6.7.2; https://grimslut.com"
