198.54.114.83 - - [03/Apr/2025:15:58:42 -0400] "POST /wp-admin/admin-ajax.php?action=async_litespeed&nonce=3vmKaXD2MwrRnWNzTjksi0JImYIBZCpY&litespeed_type=imgoptm HTTP/1.1" 200 5 "-" "WordPress/6.7.2; https://grimslut.com"
64.23.233.179 - - [03/Apr/2025:15:59:23 -0400] "GET / HTTP/1.1" 200 20851 "-" "-"
198.54.114.83 - - [03/Apr/2025:15:59:24 -0400] "POST /wp-cron.php?doing_wp_cron=1743710364.0222280025482177734375 HTTP/1.1" 200 0 "-" "WordPress/6.7.2; https://grimslut.com"
64.23.233.179 - - [03/Apr/2025:15:59:23 -0400] "GET /wp-admin/install.php HTTP/1.1" 200 436 "-" "-"
64.23.233.179 - - [03/Apr/2025:15:59:25 -0400] "GET /wp-admin/setup-config.php HTTP/1.1" 409 1041 "-" "-"
198.54.114.83 - - [03/Apr/2025:16:04:52 -0400] "POST /wp-cron.php?doing_wp_cron=1743710692.4694759845733642578125 HTTP/1.1" 200 0 "-" "WordPress/6.7.2; https://grimslut.com"
18.191.148.200 - - [03/Apr/2025:16:04:49 -0400] "GET /?p=190 HTTP/1.1" 301 0 "-" "Mozilla/5.0 AppleWebKit/537.36 (KHTML, like Gecko; compatible; ClaudeBot/1.0; +claudebot@anthropic.com)"
198.54.114.83 - - [03/Apr/2025:16:04:53 -0400] "POST /wp-admin/admin-ajax.php?action=async_litespeed&nonce=wFAoqCCbbmDqk9zZnCB7jTkZkPo7j5K7&litespeed_type=imgoptm HTTP/1.1" 200 5 "-" "WordPress/6.7.2; https://grimslut.com"
18.191.148.200 - - [03/Apr/2025:16:04:53 -0400] "GET /understanding-gallons-per-minute-conversion/ HTTP/1.1" 200 15478 "-" "Mozilla/5.0 AppleWebKit/537.36 (KHTML, like Gecko; compatible; ClaudeBot/1.0; +claudebot@anthropic.com)"
18.191.148.200 - - [03/Apr/2025:16:04:54 -0400] "GET /wp-includes/js/imagesloaded.min.js?ver=5.0.0 HTTP/1.1" 200 1687 "https://grimslut.com/understanding-gallons-per-minute-conversion/" "Mozilla/5.0 AppleWebKit/537.36 (KHTML, like Gecko; compatible; ClaudeBot/1.0; +claudebot@anthropic.com)"
18.191.148.200 - - [03/Apr/2025:16:04:54 -0400] "GET /wp-content/themes/bloghash/assets/js/vendors/swiper-bundle.min.js?ver=6.7.2 HTTP/1.1" 304 0 "https://grimslut.com/understanding-gallons-per-minute-conversion/" "Mozilla/5.0 AppleWebKit/537.36 (KHTML, like Gecko; compatible; ClaudeBot/1.0; +claudebot@anthropic.com)"
18.191.148.200 - - [03/Apr/2025:16:04:54 -0400] "GET /wp-includes/js/jquery/jquery-migrate.min.js?ver=3.4.1 HTTP/1.1" 200 4678 "https://grimslut.com/understanding-gallons-per-minute-conversion/" "Mozilla/5.0 AppleWebKit/537.36 (KHTML, like Gecko; compatible; ClaudeBot/1.0; +claudebot@anthropic.com)"
18.191.148.200 - - [03/Apr/2025:16:04:54 -0400] "GET /wp-includes/js/jquery/jquery.min.js?ver=3.7.1 HTTP/1.1" 304 0 "https://grimslut.com/understanding-gallons-per-minute-conversion/" "Mozilla/5.0 AppleWebKit/537.36 (KHTML, like Gecko; compatible; ClaudeBot/1.0; +claudebot@anthropic.com)"
18.191.148.200 - - [03/Apr/2025:16:04:55 -0400] "GET /wp-content/themes/bloghash/assets/js/bloghash.min.js?ver=1.0.20 HTTP/1.1" 304 0 "https://grimslut.com/understanding-gallons-per-minute-conversion/" "Mozilla/5.0 AppleWebKit/537.36 (KHTML, like Gecko; compatible; ClaudeBot/1.0; +claudebot@anthropic.com)"
18.191.148.200 - - [03/Apr/2025:16:04:55 -0400] "GET /wp-includes/js/comment-reply.min.js?ver=6.7.2 HTTP/1.1" 304 0 "https://grimslut.com/understanding-gallons-per-minute-conversion/" "Mozilla/5.0 AppleWebKit/537.36 (KHTML, like Gecko; compatible; ClaudeBot/1.0; +claudebot@anthropic.com)"
18.191.148.200 - - [03/Apr/2025:16:04:55 -0400] "GET /wp-includes/js/wp-emoji-release.min.js?ver=6.7.2 HTTP/1.1" 200 4676 "https://grimslut.com/understanding-gallons-per-minute-conversion/" "Mozilla/5.0 AppleWebKit/537.36 (KHTML, like Gecko; compatible; ClaudeBot/1.0; +claudebot@anthropic.com)"
66.249.79.230 - - [03/Apr/2025:16:09:54 -0400] "GET /robots.txt HTTP/1.1" 200 61 "-" "Mozilla/5.0 (compatible; Googlebot/2.1; +http://www.google.com/bot.html)"
198.54.114.83 - - [03/Apr/2025:16:09:56 -0400] "POST /wp-cron.php?doing_wp_cron=1743710996.4922020435333251953125 HTTP/1.1" 200 0 "-" "WordPress/6.7.2; https://grimslut.com"
66.249.79.231 - - [03/Apr/2025:16:09:55 -0400] "GET /elegance-des-panneaux-decoratifs-en-bois/ HTTP/1.1" 200 15783 "-" "Mozilla/5.0 (Linux; Android 6.0.1; Nexus 5X Build/MMB29P) AppleWebKit/537.36 (KHTML, like Gecko) Chrome/134.0.6998.165 Mobile Safari/537.36 (compatible; Googlebot/2.1; +http://www.google.com/bot.html)"
198.54.114.83 - - [03/Apr/2025:16:09:57 -0400] "POST /wp-admin/admin-ajax.php?action=async_litespeed&nonce=hZIX7AC4aHUZ3oJtoevNflX5cYUGb0QP&litespeed_type=imgoptm HTTP/1.1" 200 5 "-" "WordPress/6.7.2; https://grimslut.com"
198.98.48.90 - - [03/Apr/2025:16:13:34 -0400] "GET /wp-login.php HTTP/1.1" 200 1951 "-" "Mozilla/5.0 (Macintosh; Intel Mac OS X 10_10) AppleWebKit/600.1.3 (KHTML, like Gecko) Version/8.0 Safari/600.1.3"
198.54.114.83 - - [03/Apr/2025:16:13:43 -0400] "POST /wp-cron.php?doing_wp_cron=1743711222.7420139312744140625000 HTTP/1.1" 200 0 "-" "WordPress/6.7.2; https://grimslut.com"
198.98.48.90 - - [03/Apr/2025:16:13:40 -0400] "POST /wp-login.php HTTP/1.1" 200 2087 "-" "Mozilla/5.0 (Macintosh; Intel Mac OS X 10_10) AppleWebKit/600.1.3 (KHTML, like Gecko) Version/8.0 Safari/600.1.3"
198.54.114.83 - - [03/Apr/2025:16:13:43 -0400] "POST /wp-admin/admin-ajax.php?action=async_litespeed&nonce=GCVTB7mbe1SPCPVccliVkol7BT5ltMYh&litespeed_type=imgoptm HTTP/1.1" 200 5 "-" "WordPress/6.7.2; https://grimslut.com"
205.185.121.90 - - [03/Apr/2025:16:14:46 -0400] "GET / HTTP/1.1" 200 20851 "https://www.google.com" "Mozilla/5.0 (X11; Linux x86_64) AppleWebKit/537.36 (KHTML, like Gecko) Chrome/59.0.3071.115 Safari/537.36"
205.185.121.90 - - [03/Apr/2025:16:14:48 -0400] "GET /wp-login.php HTTP/1.1" 200 1951 "https://www.google.com" "Mozilla/5.0 (X11; Linux x86_64) AppleWebKit/537.36 (KHTML, like Gecko) Chrome/59.0.3071.115 Safari/537.36"
8.210.190.0 - - [03/Apr/2025:16:15:30 -0400] "GET /robots.txt HTTP/1.1" 200 61 "-" "Mozilla/5.0 (Windows NT 6.1; Win64; x64) AppleWebKit/537.36 (KHTML, like Gecko) Chrome/60.0.3365.86 Safari/537.36"
198.54.114.83 - - [03/Apr/2025:16:21:54 -0400] "POST /wp-cron.php?doing_wp_cron=1743711713.3465039730072021484375 HTTP/1.1" 200 0 "-" "WordPress/6.7.2; https://grimslut.com"
43.130.40.120 - - [03/Apr/2025:16:21:50 -0400] "GET /2024/07/ HTTP/1.1" 200 13141 "-" "Mozilla/5.0 (iPhone; CPU iPhone OS 13_2_3 like Mac OS X) AppleWebKit/605.1.15 (KHTML, like Gecko) Version/13.0.3 Mobile/15E148 Safari/604.1"
198.54.114.83 - - [03/Apr/2025:16:21:55 -0400] "POST /wp-admin/admin-ajax.php?action=async_litespeed&nonce=QwnjQ8a0RZ4Q4yzvndAUigJu8B9YIjJm&litespeed_type=imgoptm HTTP/1.1" 200 0 "-" "WordPress/6.7.2; https://grimslut.com"
2a02:598:128:8a00::b00:9 - - [03/Apr/2025:16:25:25 -0400] "GET /key-mocra-requirements-for-businesses/ HTTP/1.1" 200 15685 "-" "Mozilla/5.0 (compatible; SeznamBot/4.0; +https://o-seznam.cz/napoveda/vyhledavani/en/seznambot-crawler/)"
198.54.114.83 - - [03/Apr/2025:16:25:55 -0400] "POST /wp-cron.php?doing_wp_cron=1743711955.2827970981597900390625 HTTP/1.1" 200 0 "-" "WordPress/6.7.2; https://grimslut.com"
62.113.113.106 - - [03/Apr/2025:16:48:55 -0400] "GET /exploring-the-multicanais-phenomenon/ HTTP/1.1" 200 15499 "https://grimslut.com/exploring-the-multicanais-phenomenon/" "Mozilla/5.0 (Windows NT 10.0; Win64; x64) AppleWebKit/537.36 (KHTML, like Gecko) Chrome/130.0.0.0 Safari/537.36"
62.113.113.106 - - [03/Apr/2025:16:48:56 -0400] "GET /exploring-the-multicanais-phenomenon/ HTTP/1.1" 200 15499 "https://grimslut.com/exploring-the-multicanais-phenomenon/" "Mozilla/5.0 (Windows NT 10.0; Win64; x64) AppleWebKit/537.36 (KHTML, like Gecko) Chrome/130.0.0.0 Safari/537.36 CCleaner/130.0.0.0"
198.54.114.83 - - [03/Apr/2025:16:48:59 -0400] "POST /wp-cron.php?doing_wp_cron=1743713339.5810220241546630859375 HTTP/1.1" 200 0 "-" "WordPress/6.7.2; https://grimslut.com"
198.54.114.83 - - [03/Apr/2025:16:49:02 -0400] "POST /wp-admin/admin-ajax.php?action=async_litespeed&nonce=MCJN15YvsshzUU0Trwrh0BXGE2iPUNoc&litespeed_type=imgoptm HTTP/1.1" 200 0 "-" "WordPress/6.7.2; https://grimslut.com"
62.113.113.106 - - [03/Apr/2025:16:48:57 -0400] "POST /wp-comments-post.php HTTP/1.1" 302 0 "https://grimslut.com/exploring-the-multicanais-phenomenon/" "Mozilla/5.0 (Windows NT 10.0; Win64; x64) AppleWebKit/537.36 (KHTML, like Gecko) Chrome/130.0.0.0 Safari/537.36"
62.113.113.106 - - [03/Apr/2025:16:48:57 -0400] "POST /wp-comments-post.php HTTP/1.1" 302 0 "https://grimslut.com/exploring-the-multicanais-phenomenon/" "Mozilla/5.0 (Windows NT 10.0; Win64; x64) AppleWebKit/537.36 (KHTML, like Gecko) Chrome/130.0.0.0 Safari/537.36 CCleaner/130.0.0.0"
62.113.113.106 - - [03/Apr/2025:16:49:05 -0400] "GET /exploring-the-multicanais-phenomenon/ HTTP/1.1" 200 16391 "https://grimslut.com/exploring-the-multicanais-phenomenon/#comment-6554" "Mozilla/5.0 (Windows NT 10.0; Win64; x64) AppleWebKit/537.36 (KHTML, like Gecko) Chrome/130.0.0.0 Safari/537.36 CCleaner/130.0.0.0"
62.113.113.106 - - [03/Apr/2025:16:49:04 -0400] "GET /exploring-the-multicanais-phenomenon/ HTTP/1.1" 200 16442 "https://grimslut.com/exploring-the-multicanais-phenomenon/#comment-6553" "Mozilla/5.0 (Windows NT 10.0; Win64; x64) AppleWebKit/537.36 (KHTML, like Gecko) Chrome/130.0.0.0 Safari/537.36"
198.54.114.83 - - [03/Apr/2025:16:50:01 -0400] "POST /wp-cron.php?doing_wp_cron=1743713399.9238159656524658203125 HTTP/1.1" 200 0 "-" "WordPress/6.7.2; https://grimslut.com"
18.119.156.220 - - [03/Apr/2025:16:49:59 -0400] "GET /maximizing-your-earning-potential-strategies-for-success HTTP/1.1" 301 0 "-" "Mozilla/5.0 AppleWebKit/537.36 (KHTML, like Gecko; compatible; ClaudeBot/1.0; +claudebot@anthropic.com)"
18.119.156.220 - - [03/Apr/2025:16:50:01 -0400] "GET /maximizing-your-earning-potential-strategies-for-success/ HTTP/1.1" 200 15551 "-" "Mozilla/5.0 AppleWebKit/537.36 (KHTML, like Gecko; compatible; ClaudeBot/1.0; +claudebot@anthropic.com)"
18.119.156.220 - - [03/Apr/2025:16:50:05 -0400] "GET /wp-includes/js/jquery/jquery-migrate.min.js?ver=3.4.1 HTTP/1.1" 304 0 "https://grimslut.com/maximizing-your-earning-potential-strategies-for-success/" "Mozilla/5.0 AppleWebKit/537.36 (KHTML, like Gecko; compatible; ClaudeBot/1.0; +claudebot@anthropic.com)"
18.119.156.220 - - [03/Apr/2025:16:50:05 -0400] "GET /wp-includes/js/jquery/jquery.min.js?ver=3.7.1 HTTP/1.1" 304 0 "https://grimslut.com/maximizing-your-earning-potential-strategies-for-success/" "Mozilla/5.0 AppleWebKit/537.36 (KHTML, like Gecko; compatible; ClaudeBot/1.0; +claudebot@anthropic.com)"
18.119.156.220 - - [03/Apr/2025:16:50:05 -0400] "GET /wp-content/themes/bloghash/assets/js/vendors/swiper-bundle.min.js?ver=6.7.2 HTTP/1.1" 304 0 "https://grimslut.com/maximizing-your-earning-potential-strategies-for-success/" "Mozilla/5.0 AppleWebKit/537.36 (KHTML, like Gecko; compatible; ClaudeBot/1.0; +claudebot@anthropic.com)"
18.119.156.220 - - [03/Apr/2025:16:50:05 -0400] "GET /wp-includes/js/imagesloaded.min.js?ver=5.0.0 HTTP/1.1" 304 0 "https://grimslut.com/maximizing-your-earning-potential-strategies-for-success/" "Mozilla/5.0 AppleWebKit/537.36 (KHTML, like Gecko; compatible; ClaudeBot/1.0; +claudebot@anthropic.com)"
198.54.114.83 - - [03/Apr/2025:16:25:57 -0400] "POST /wp-admin/admin-ajax.php?action=async_litespeed&nonce=fYjZZhDlNWvMIgvDEJrqj8WZbFCK7a7y&litespeed_type=imgoptm HTTP/1.1" 200 0 "-" "WordPress/6.7.2; https://grimslut.com"
52.167.144.188 - - [03/Apr/2025:16:25:52 -0400] "GET /girls-do-porn-e482/ HTTP/1.1" 404 10270 "-" "Mozilla/5.0 AppleWebKit/537.36 (KHTML, like Gecko; compatible; bingbot/2.0; +http://www.bing.com/bingbot.htm) Chrome/116.0.1938.76 Safari/537.36"
198.54.114.83 - - [03/Apr/2025:16:32:37 -0400] "POST /wp-cron.php?doing_wp_cron=1743712356.6238958835601806640625 HTTP/1.1" 200 0 "-" "WordPress/6.7.2; https://grimslut.com"
43.166.246.180 - - [03/Apr/2025:16:32:34 -0400] "GET /?p=721 HTTP/1.1" 301 0 "-" "Mozilla/5.0 (iPhone; CPU iPhone OS 13_2_3 like Mac OS X) AppleWebKit/605.1.15 (KHTML, like Gecko) Version/13.0.3 Mobile/15E148 Safari/604.1"
198.54.114.83 - - [03/Apr/2025:16:32:37 -0400] "POST /wp-admin/admin-ajax.php?action=async_litespeed&nonce=sraIvA5jbT0lvAsMMhIDnVtc6e4EYRoE&litespeed_type=imgoptm HTTP/1.1" 200 5 "-" "WordPress/6.7.2; https://grimslut.com"
43.166.246.180 - - [03/Apr/2025:16:32:43 -0400] "GET /business-tripe-massage/ HTTP/1.1" 200 15000 "https://grimslut.com/?p=721" "Mozilla/5.0 (iPhone; CPU iPhone OS 13_2_3 like Mac OS X) AppleWebKit/605.1.15 (KHTML, like Gecko) Version/13.0.3 Mobile/15E148 Safari/604.1"
43.159.141.150 - - [03/Apr/2025:16:39:01 -0400] "GET /2025/01/ HTTP/1.1" 200 14716 "-" "Mozilla/5.0 (iPhone; CPU iPhone OS 13_2_3 like Mac OS X) AppleWebKit/605.1.15 (KHTML, like Gecko) Version/13.0.3 Mobile/15E148 Safari/604.1"
77.238.235.209 - - [03/Apr/2025:16:39:43 -0400] "GET /exploring-the-multicanais-phenomenon/ HTTP/1.1" 200 15499 "https://grimslut.com/exploring-the-multicanais-phenomenon/" "Mozilla/5.0 (Windows NT 10.0; Win64; x64) AppleWebKit/537.36 (KHTML, like Gecko) Chrome/131.0.0.0 Safari/537.36"
198.54.114.83 - - [03/Apr/2025:16:39:48 -0400] "POST /wp-cron.php?doing_wp_cron=1743712788.0868909358978271484375 HTTP/1.1" 200 0 "-" "WordPress/6.7.2; https://grimslut.com"
198.54.114.83 - - [03/Apr/2025:16:39:49 -0400] "POST /wp-admin/admin-ajax.php?action=async_litespeed&nonce=MYP204pFObMMGPSw0h7jlvYcnedZRcmC&litespeed_type=imgoptm HTTP/1.1" 200 0 "-" "WordPress/6.7.2; https://grimslut.com"
77.238.235.209 - - [03/Apr/2025:16:39:45 -0400] "POST /wp-comments-post.php HTTP/1.1" 302 0 "https://grimslut.com/exploring-the-multicanais-phenomenon/" "Mozilla/5.0 (Windows NT 10.0; Win64; x64) AppleWebKit/537.36 (KHTML, like Gecko) Chrome/131.0.0.0 Safari/537.36"
77.238.235.209 - - [03/Apr/2025:16:39:51 -0400] "GET /exploring-the-multicanais-phenomenon/ HTTP/1.1" 200 16116 "https://grimslut.com/exploring-the-multicanais-phenomenon/#comment-6552" "Mozilla/5.0 (Windows NT 10.0; Win64; x64) AppleWebKit/537.36 (KHTML, like Gecko) Chrome/131.0.0.0 Safari/537.36"
71.40.108.36 - - [03/Apr/2025:16:46:45 -0400] "GET /wp-login.php HTTP/1.1" 200 1951 "-" "GRequests/0.10"
198.54.114.83 - - [03/Apr/2025:16:46:49 -0400] "POST /wp-cron.php?doing_wp_cron=1743713209.1996400356292724609375 HTTP/1.1" 200 0 "-" "WordPress/6.7.2; https://grimslut.com"
71.40.108.36 - - [03/Apr/2025:16:46:45 -0400] "POST /wp-login.php HTTP/1.1" 200 2086 "-" "GRequests/0.10"
198.54.114.83 - - [03/Apr/2025:16:46:50 -0400] "POST /wp-admin/admin-ajax.php?action=async_litespeed&nonce=pxs7SGxdpn6w1X4PFnSumwjOH1xjGh6c&litespeed_type=imgoptm HTTP/1.1" 200 5 "-" "WordPress/6.7.2; https://grimslut.com"
18.119.156.220 - - [03/Apr/2025:16:50:05 -0400] "GET /wp-content/themes/bloghash/assets/js/bloghash.min.js?ver=1.0.20 HTTP/1.1" 304 0 "https://grimslut.com/maximizing-your-earning-potential-strategies-for-success/" "Mozilla/5.0 AppleWebKit/537.36 (KHTML, like Gecko; compatible; ClaudeBot/1.0; +claudebot@anthropic.com)"
18.119.156.220 - - [03/Apr/2025:16:50:06 -0400] "GET /wp-includes/js/comment-reply.min.js?ver=6.7.2 HTTP/1.1" 304 0 "https://grimslut.com/maximizing-your-earning-potential-strategies-for-success/" "Mozilla/5.0 AppleWebKit/537.36 (KHTML, like Gecko; compatible; ClaudeBot/1.0; +claudebot@anthropic.com)"
18.119.156.220 - - [03/Apr/2025:16:50:07 -0400] "GET /wp-includes/js/wp-emoji-release.min.js?ver=6.7.2 HTTP/1.1" 200 4676 "https://grimslut.com/maximizing-your-earning-potential-strategies-for-success/" "Mozilla/5.0 AppleWebKit/537.36 (KHTML, like Gecko; compatible; ClaudeBot/1.0; +claudebot@anthropic.com)"
198.54.114.83 - - [03/Apr/2025:16:56:43 -0400] "POST /wp-cron.php?doing_wp_cron=1743713803.1350860595703125000000 HTTP/1.1" 200 0 "-" "WordPress/6.7.2; https://grimslut.com"
139.59.119.11 - - [03/Apr/2025:16:56:38 -0400] "GET /heh.php HTTP/1.1" 404 10270 "www.google.com" "Mozlila/5.0 (Linux; Android 7.0; SM-G892A Bulid/NRD90M; wv) AppleWebKit/537.36 (KHTML, like Gecko) Version/4.0 Chrome/60.0.3112.107 Moblie Safari/537.36"
198.54.114.83 - - [03/Apr/2025:16:56:44 -0400] "POST /wp-admin/admin-ajax.php?action=async_litespeed&nonce=3I63oatDCMHzjxEo9L1mUT0ZkIBcpzB3&litespeed_type=imgoptm HTTP/1.1" 200 0 "-" "WordPress/6.7.2; https://grimslut.com"
139.59.119.11 - - [03/Apr/2025:16:56:47 -0400] "GET /NewFile.php HTTP/1.1" 404 10270 "www.google.com" "Mozlila/5.0 (Linux; Android 7.0; SM-G892A Bulid/NRD90M; wv) AppleWebKit/537.36 (KHTML, like Gecko) Version/4.0 Chrome/60.0.3112.107 Moblie Safari/537.36"
139.59.119.11 - - [03/Apr/2025:16:56:55 -0400] "GET /wp-content/plugins/view-more/ioxi.php HTTP/1.1" 404 10270 "www.google.com" "Mozlila/5.0 (Linux; Android 7.0; SM-G892A Bulid/NRD90M; wv) AppleWebKit/537.36 (KHTML, like Gecko) Version/4.0 Chrome/60.0.3112.107 Moblie Safari/537.36"
139.59.119.11 - - [03/Apr/2025:16:56:59 -0400] "GET /wp-content/plugins/erinyani/baxa1.php7 HTTP/1.1" 404 10270 "www.google.com" "Mozlila/5.0 (Linux; Android 7.0; SM-G892A Bulid/NRD90M; wv) AppleWebKit/537.36 (KHTML, like Gecko) Version/4.0 Chrome/60.0.3112.107 Moblie Safari/537.36"
139.59.119.11 - - [03/Apr/2025:16:57:03 -0400] "GET /baxa1.php7 HTTP/1.1" 404 10270 "www.google.com" "Mozlila/5.0 (Linux; Android 7.0; SM-G892A Bulid/NRD90M; wv) AppleWebKit/537.36 (KHTML, like Gecko) Version/4.0 Chrome/60.0.3112.107 Moblie Safari/537.36"
139.59.119.11 - - [03/Apr/2025:16:57:09 -0400] "GET /wp-content/plugins/erinyani/baxa1.php HTTP/1.1" 404 10270 "www.google.com" "Mozlila/5.0 (Linux; Android 7.0; SM-G892A Bulid/NRD90M; wv) AppleWebKit/537.36 (KHTML, like Gecko) Version/4.0 Chrome/60.0.3112.107 Moblie Safari/537.36"
198.54.114.83 - - [03/Apr/2025:16:57:16 -0400] "POST /wp-cron.php?doing_wp_cron=1743713836.0441009998321533203125 HTTP/1.1" 200 0 "-" "WordPress/6.7.2; https://grimslut.com"
139.59.119.11 - - [03/Apr/2025:16:57:15 -0400] "GET /baxa1.php HTTP/1.1" 404 10270 "www.google.com" "Mozlila/5.0 (Linux; Android 7.0; SM-G892A Bulid/NRD90M; wv) AppleWebKit/537.36 (KHTML, like Gecko) Version/4.0 Chrome/60.0.3112.107 Moblie Safari/537.36"
198.54.114.83 - - [03/Apr/2025:16:57:17 -0400] "POST /wp-admin/admin-ajax.php?action=async_litespeed&nonce=IZCEn1F92iKOP0c6IKsLRRcedMXqaYtA&litespeed_type=imgoptm HTTP/1.1" 200 0 "-" "WordPress/6.7.2; https://grimslut.com"
139.59.119.11 - - [03/Apr/2025:16:57:20 -0400] "GET /wp-content/plugins/seoxx/randkeyword.php HTTP/1.1" 404 10270 "www.google.com" "Mozlila/5.0 (Linux; Android 7.0; SM-G892A Bulid/NRD90M; wv) AppleWebKit/537.36 (KHTML, like Gecko) Version/4.0 Chrome/60.0.3112.107 Moblie Safari/537.36"
209.141.56.126 - - [03/Apr/2025:17:04:58 -0400] "GET /wp-login.php HTTP/1.1" 200 1951 "-" "Mozilla/5.0 (Windows NT 6.3; WOW64) AppleWebKit/537.36 (KHTML, like Gecko) Chrome/36.0.1985.143 Safari/537.36"
198.54.114.83 - - [03/Apr/2025:17:05:02 -0400] "POST /wp-cron.php?doing_wp_cron=1743714302.4627189636230468750000 HTTP/1.1" 200 0 "-" "WordPress/6.7.2; https://grimslut.com"
209.141.56.126 - - [03/Apr/2025:17:04:59 -0400] "POST /wp-login.php HTTP/1.1" 200 2086 "-" "Mozilla/5.0 (Windows NT 6.3; WOW64) AppleWebKit/537.36 (KHTML, like Gecko) Chrome/36.0.1985.143 Safari/537.36"
198.54.114.83 - - [03/Apr/2025:17:05:05 -0400] "POST /wp-admin/admin-ajax.php?action=async_litespeed&nonce=Nr4004G7u9kqzTfZogL8etgwuAWlICza&litespeed_type=imgoptm HTTP/1.1" 200 0 "-" "WordPress/6.7.2; https://grimslut.com"
199.195.249.51 - - [03/Apr/2025:17:05:57 -0400] "GET /wp-login.php HTTP/1.1" 200 1951 "-" "Mozilla/5.0 (Windows NT 5.1; rv:30.0) Gecko/20100101 Firefox/30.0"
198.54.114.83 - - [03/Apr/2025:17:05:58 -0400] "POST /wp-cron.php?doing_wp_cron=1743714358.2667191028594970703125 HTTP/1.1" 200 0 "-" "WordPress/6.7.2; https://grimslut.com"
199.195.249.51 - - [03/Apr/2025:17:05:57 -0400] "POST /wp-login.php HTTP/1.1" 200 2086 "-" "Mozilla/5.0 (Windows NT 5.1; rv:30.0) Gecko/20100101 Firefox/30.0"
198.54.114.83 - - [03/Apr/2025:17:05:59 -0400] "POST /wp-admin/admin-ajax.php?action=async_litespeed&nonce=UgW3D4qfHNBHnFVQuGuSoJfzy5yvRbnm&litespeed_type=imgoptm HTTP/1.1" 200 5 "-" "WordPress/6.7.2; https://grimslut.com"
93.183.92.77 - - [03/Apr/2025:17:24:41 -0400] "GET /exploring-the-multicanais-phenomenon/ HTTP/1.1" 200 15499 "https://grimslut.com/exploring-the-multicanais-phenomenon/" "Mozilla/5.0 (Windows NT 10.0; Win64; x64) AppleWebKit/537.36 (KHTML, like Gecko) Chrome/130.0.0.0 Safari/537.36"
93.183.92.77 - - [03/Apr/2025:17:24:41 -0400] "GET /exploring-the-multicanais-phenomenon/ HTTP/1.1" 200 15499 "https://grimslut.com/exploring-the-multicanais-phenomenon/" "Mozilla/5.0 (Windows NT 10.0; Win64; x64) AppleWebKit/537.36 (KHTML, like Gecko) Chrome/130.0.0.0 Safari/537.36 CCleaner/130.0.0.0"
198.54.114.83 - - [03/Apr/2025:17:24:47 -0400] "POST /wp-cron.php?doing_wp_cron=1743715487.1086709499359130859375 HTTP/1.1" 200 0 "-" "WordPress/6.7.2; https://grimslut.com"
93.183.92.77 - - [03/Apr/2025:17:24:42 -0400] "POST /wp-comments-post.php HTTP/1.1" 429 983 "https://grimslut.com/exploring-the-multicanais-phenomenon/" "Mozilla/5.0 (Windows NT 10.0; Win64; x64) AppleWebKit/537.36 (KHTML, like Gecko) Chrome/130.0.0.0 Safari/537.36 CCleaner/130.0.0.0"
93.183.92.77 - - [03/Apr/2025:17:24:42 -0400] "POST /wp-comments-post.php HTTP/1.1" 302 0 "https://grimslut.com/exploring-the-multicanais-phenomenon/" "Mozilla/5.0 (Windows NT 10.0; Win64; x64) AppleWebKit/537.36 (KHTML, like Gecko) Chrome/130.0.0.0 Safari/537.36"
198.54.114.83 - - [03/Apr/2025:17:24:48 -0400] "POST /wp-admin/admin-ajax.php?action=async_litespeed&nonce=AAhwNqrhxBloBN37cHwW6MUgi8cKuTeV&litespeed_type=imgoptm HTTP/1.1" 200 0 "-" "WordPress/6.7.2; https://grimslut.com"
93.183.92.77 - - [03/Apr/2025:17:24:49 -0400] "GET /exploring-the-multicanais-phenomenon/ HTTP/1.1" 200 16245 "https://grimslut.com/exploring-the-multicanais-phenomenon/#comment-6555" "Mozilla/5.0 (Windows NT 10.0; Win64; x64) AppleWebKit/537.36 (KHTML, like Gecko) Chrome/130.0.0.0 Safari/537.36"
114.119.132.108 - - [03/Apr/2025:17:36:33 -0400] "GET /robots.txt HTTP/1.1" 200 61 "-" "Mozilla/5.0 (compatible;PetalBot;+https://webmaster.petalsearch.com/site/petalbot)"
199.195.249.51 - - [03/Apr/2025:17:45:30 -0400] "GET /wp-login.php HTTP/1.1" 200 1951 "-" "Mozilla/5.0 (Windows NT 6.1; rv:31.0) Gecko/20100101 Firefox/31.0"
198.54.114.83 - - [03/Apr/2025:17:45:34 -0400] "POST /wp-cron.php?doing_wp_cron=1743716733.8201560974121093750000 HTTP/1.1" 200 0 "-" "WordPress/6.7.2; https://grimslut.com"
199.195.249.51 - - [03/Apr/2025:17:45:30 -0400] "POST /wp-login.php HTTP/1.1" 200 2086 "-" "Mozilla/5.0 (Windows NT 6.1; rv:31.0) Gecko/20100101 Firefox/31.0"
198.54.114.83 - - [03/Apr/2025:17:45:34 -0400] "POST /wp-admin/admin-ajax.php?action=async_litespeed&nonce=AsWQbXPT3i5a5bhmPfzOsS13TQnoIO7S&litespeed_type=imgoptm HTTP/1.1" 200 5 "-" "WordPress/6.7.2; https://grimslut.com"
205.196.214.14 - - [03/Apr/2025:17:58:42 -0400] "GET / HTTP/1.1" 200 20851 "-" "Mozilla/5.0 (Windows NT 10.0; Win64; x64; rv:91.0) Gecko/20100101 Firefox/91.0"
198.54.114.83 - - [03/Apr/2025:17:58:47 -0400] "POST /wp-cron.php?doing_wp_cron=1743717527.3660149574279785156250 HTTP/1.1" 200 0 "-" "WordPress/6.7.2; https://grimslut.com"
205.196.214.14 - - [03/Apr/2025:17:58:42 -0400] "POST /xmlrpc.php HTTP/1.1" 200 186 "-" "Mozilla/5.0 (Windows NT 10.0; Win64; x64; rv:91.0) Gecko/20100101 Firefox/91.0"
198.54.114.83 - - [03/Apr/2025:17:58:48 -0400] "POST /wp-admin/admin-ajax.php?action=async_litespeed&nonce=MGn3suD5hX6l9z6uQpeT5ktHWUZXoY7e&litespeed_type=imgoptm HTTP/1.1" 200 5 "-" "WordPress/6.7.2; https://grimslut.com"
45.148.10.80 - - [03/Apr/2025:18:13:00 -0400] "GET /.git/config HTTP/1.1" 403 1242 "-" "Mozilla/5.0 (Fedora; Linux x86_64) AppleWebKit/537.36 (KHTML, like Gecko) Chrome/124.0.0.0 Safari/537.36"
71.40.108.36 - - [03/Apr/2025:18:27:56 -0400] "GET /wp-login.php HTTP/1.1" 200 1951 "-" "GRequests/0.10"
198.54.114.83 - - [03/Apr/2025:18:27:58 -0400] "POST /wp-cron.php?doing_wp_cron=1743719278.3406279087066650390625 HTTP/1.1" 200 0 "-" "WordPress/6.7.2; https://grimslut.com"
71.40.108.36 - - [03/Apr/2025:18:27:56 -0400] "POST /wp-login.php HTTP/1.1" 200 2086 "-" "GRequests/0.10"
198.54.114.83 - - [03/Apr/2025:18:27:59 -0400] "POST /wp-admin/admin-ajax.php?action=async_litespeed&nonce=rI03BpBKs0Vijb0yqrLvKKGOp0rKyTta&litespeed_type=imgoptm HTTP/1.1" 200 5 "-" "WordPress/6.7.2; https://grimslut.com"
66.249.79.231 - - [03/Apr/2025:18:28:22 -0400] "GET /une-protection-innovante-pour-votre-cuisine-moderne/ HTTP/1.1" 200 15924 "-" "Mozilla/5.0 (Linux; Android 6.0.1; Nexus 5X Build/MMB29P) AppleWebKit/537.36 (KHTML, like Gecko) Chrome/134.0.6998.165 Mobile Safari/537.36 (compatible; Googlebot/2.1; +http://www.google.com/bot.html)"
3.138.112.77 - - [03/Apr/2025:18:29:55 -0400] "GET /robots.txt HTTP/1.1" 304 0 "-" "Mozilla/5.0 AppleWebKit/537.36 (KHTML, like Gecko; compatible; ClaudeBot/1.0; +claudebot@anthropic.com)"
198.54.114.83 - - [03/Apr/2025:18:29:57 -0400] "POST /wp-cron.php?doing_wp_cron=1743719397.2742071151733398437500 HTTP/1.1" 200 0 "-" "WordPress/6.7.2; https://grimslut.com"
3.138.112.77 - - [03/Apr/2025:18:29:56 -0400] "GET /?p=92 HTTP/1.1" 301 0 "-" "Mozilla/5.0 AppleWebKit/537.36 (KHTML, like Gecko; compatible; ClaudeBot/1.0; +claudebot@anthropic.com)"
3.138.112.77 - - [03/Apr/2025:18:29:57 -0400] "GET /mastering-the-art-of-youtube-growth-strategies-for-increasing-subscribers-in-2024/ HTTP/1.1" 200 15768 "https://grimslut.com/?p=92" "Mozilla/5.0 AppleWebKit/537.36 (KHTML, like Gecko; compatible; ClaudeBot/1.0; +claudebot@anthropic.com)"
198.54.114.83 - - [03/Apr/2025:18:29:58 -0400] "POST /wp-admin/admin-ajax.php?action=async_litespeed&nonce=qUAECCxafJdKBkuJHU2L9fdo4CpqXBeD&litespeed_type=imgoptm HTTP/1.1" 200 5 "-" "WordPress/6.7.2; https://grimslut.com"
198.54.114.83 - - [03/Apr/2025:18:32:25 -0400] "POST /wp-cron.php?doing_wp_cron=1743719545.1367828845977783203125 HTTP/1.1" 200 0 "-" "WordPress/6.7.2; https://grimslut.com"
18.216.220.244 - - [03/Apr/2025:18:32:24 -0400] "GET /convertidores-de-unidades-de-par-comprendiendo-su-importancia/feed HTTP/1.1" 301 0 "-" "Mozilla/5.0 AppleWebKit/537.36 (KHTML, like Gecko; compatible; ClaudeBot/1.0; +claudebot@anthropic.com)"
18.216.220.244 - - [03/Apr/2025:18:32:25 -0400] "GET /convertidores-de-unidades-de-par-comprendiendo-su-importancia/feed/ HTTP/1.1" 200 423 "-" "Mozilla/5.0 AppleWebKit/537.36 (KHTML, like Gecko; compatible; ClaudeBot/1.0; +claudebot@anthropic.com)"
198.54.114.83 - - [03/Apr/2025:18:32:25 -0400] "POST /wp-admin/admin-ajax.php?action=async_litespeed&nonce=OR5pghEarupC5DRrH0vOdp5RWQF7BkEM&litespeed_type=imgoptm HTTP/1.1" 200 5 "-" "WordPress/6.7.2; https://grimslut.com"
198.98.62.50 - - [03/Apr/2025:18:39:36 -0400] "GET /wp-login.php HTTP/1.1" 200 1951 "-" "Mozilla/5.0 (Windows NT 5.1; rv:31.0) Gecko/20100101 Firefox/31.0"
198.54.114.83 - - [03/Apr/2025:18:39:40 -0400] "POST /wp-cron.php?doing_wp_cron=1743719980.2968189716339111328125 HTTP/1.1" 200 0 "-" "WordPress/6.7.2; https://grimslut.com"
198.98.62.50 - - [03/Apr/2025:18:39:36 -0400] "POST /wp-login.php HTTP/1.1" 200 2087 "-" "Mozilla/5.0 (Windows NT 5.1; rv:31.0) Gecko/20100101 Firefox/31.0"
198.54.114.83 - - [03/Apr/2025:18:39:41 -0400] "POST /wp-admin/admin-ajax.php?action=async_litespeed&nonce=AC8vwMIVcpNenxEudUVhMRGzoDpamnVt&litespeed_type=imgoptm HTTP/1.1" 200 0 "-" "WordPress/6.7.2; https://grimslut.com"
158.220.81.196 - - [03/Apr/2025:18:52:07 -0400] "GET /wp-login.php HTTP/1.1" 200 1951 "-" "GRequests/0.10"
198.54.114.83 - - [03/Apr/2025:18:52:10 -0400] "POST /wp-cron.php?doing_wp_cron=1743720730.3385798931121826171875 HTTP/1.1" 200 0 "-" "WordPress/6.7.2; https://grimslut.com"
158.220.81.196 - - [03/Apr/2025:18:52:08 -0400] "POST /wp-login.php HTTP/1.1" 200 2086 "-" "GRequests/0.10"
198.54.114.83 - - [03/Apr/2025:18:52:11 -0400] "POST /wp-admin/admin-ajax.php?action=async_litespeed&nonce=HClt5FuORuDpeOE2BQ3qTGtKwjSZ5KON&litespeed_type=imgoptm HTTP/1.1" 200 0 "-" "WordPress/6.7.2; https://grimslut.com"
198.54.114.83 - - [03/Apr/2025:18:56:25 -0400] "POST /wp-cron.php?doing_wp_cron=1743720985.3457739353179931640625 HTTP/1.1" 200 0 "-" "WordPress/6.7.2; https://grimslut.com"
18.118.165.153 - - [03/Apr/2025:18:56:22 -0400] "GET /?p=138 HTTP/1.1" 301 0 "-" "Mozilla/5.0 AppleWebKit/537.36 (KHTML, like Gecko; compatible; ClaudeBot/1.0; +claudebot@anthropic.com)"
198.54.114.83 - - [03/Apr/2025:18:56:26 -0400] "POST /wp-admin/admin-ajax.php?action=async_litespeed&nonce=ujhc6TjsMFD2RWeWkvT1BMAvVmrOiTHS&litespeed_type=imgoptm HTTP/1.1" 200 0 "-" "WordPress/6.7.2; https://grimslut.com"
18.118.165.153 - - [03/Apr/2025:18:56:26 -0400] "GET /elegant-artistry-crafting-beauty-with-paper-quilling-jewelry/ HTTP/1.1" 200 15522 "https://grimslut.com/?p=138" "Mozilla/5.0 AppleWebKit/537.36 (KHTML, like Gecko; compatible; ClaudeBot/1.0; +claudebot@anthropic.com)"
147.185.132.90 - - [03/Apr/2025:18:58:22 -0400] "GET / HTTP/1.1" 200 20851 "-" "Expanse, a Palo Alto Networks company, searches across the global IPv4 space multiple times per day to identify customers&#39; presences on the Internet. If you would like to be excluded from our scans, please send IP addresses/domains to: scaninfo@paloaltonetworks.com"
3.16.78.138 - - [03/Apr/2025:19:06:58 -0400] "GET /?p=410 HTTP/1.1" 301 0 "-" "Mozilla/5.0 AppleWebKit/537.36 (KHTML, like Gecko; compatible; ClaudeBot/1.0; +claudebot@anthropic.com)"
198.54.114.83 - - [03/Apr/2025:19:07:02 -0400] "POST /wp-cron.php?doing_wp_cron=1743721621.8033959865570068359375 HTTP/1.1" 200 0 "-" "WordPress/6.7.2; https://grimslut.com"
3.16.78.138 - - [03/Apr/2025:19:06:58 -0400] "GET /wp-json/oembed/1.0/embed?format=xml&url=https%3A%2F%2Fgrimslut.com%2Fagriturismo-con-piscina%2F HTTP/1.1" 200 1032 "-" "Mozilla/5.0 AppleWebKit/537.36 (KHTML, like Gecko; compatible; ClaudeBot/1.0; +claudebot@anthropic.com)"
3.16.78.138 - - [03/Apr/2025:19:07:02 -0400] "GET /effektive-wohnungsauflosungen-in-luneburg/ HTTP/1.1" 200 15361 "-" "Mozilla/5.0 AppleWebKit/537.36 (KHTML, like Gecko; compatible; ClaudeBot/1.0; +claudebot@anthropic.com)"
198.54.114.83 - - [03/Apr/2025:19:07:03 -0400] "POST /wp-admin/admin-ajax.php?action=async_litespeed&nonce=sxKsIPgrangCv2miocyoKqQisCvNAwxj&litespeed_type=imgoptm HTTP/1.1" 200 0 "-" "WordPress/6.7.2; https://grimslut.com"
3.16.78.138 - - [03/Apr/2025:19:07:03 -0400] "GET /wp-includes/js/jquery/jquery-migrate.min.js?ver=3.4.1 HTTP/1.1" 304 0 "https://grimslut.com/effektive-wohnungsauflosungen-in-luneburg/" "Mozilla/5.0 AppleWebKit/537.36 (KHTML, like Gecko; compatible; ClaudeBot/1.0; +claudebot@anthropic.com)"
3.16.78.138 - - [03/Apr/2025:19:07:04 -0400] "GET /wp-includes/js/imagesloaded.min.js?ver=5.0.0 HTTP/1.1" 304 0 "https://grimslut.com/effektive-wohnungsauflosungen-in-luneburg/" "Mozilla/5.0 AppleWebKit/537.36 (KHTML, like Gecko; compatible; ClaudeBot/1.0; +claudebot@anthropic.com)"
3.16.78.138 - - [03/Apr/2025:19:07:04 -0400] "GET /wp-content/themes/bloghash/assets/js/vendors/swiper-bundle.min.js?ver=6.7.2 HTTP/1.1" 304 0 "https://grimslut.com/effektive-wohnungsauflosungen-in-luneburg/" "Mozilla/5.0 AppleWebKit/537.36 (KHTML, like Gecko; compatible; ClaudeBot/1.0; +claudebot@anthropic.com)"
3.16.78.138 - - [03/Apr/2025:19:07:04 -0400] "GET /wp-includes/js/jquery/jquery.min.js?ver=3.7.1 HTTP/1.1" 304 0 "https://grimslut.com/effektive-wohnungsauflosungen-in-luneburg/" "Mozilla/5.0 AppleWebKit/537.36 (KHTML, like Gecko; compatible; ClaudeBot/1.0; +claudebot@anthropic.com)"
3.16.78.138 - - [03/Apr/2025:19:07:04 -0400] "GET /wp-content/themes/bloghash/assets/js/bloghash.min.js?ver=1.0.20 HTTP/1.1" 304 0 "https://grimslut.com/effektive-wohnungsauflosungen-in-luneburg/" "Mozilla/5.0 AppleWebKit/537.36 (KHTML, like Gecko; compatible; ClaudeBot/1.0; +claudebot@anthropic.com)"
3.16.78.138 - - [03/Apr/2025:19:07:04 -0400] "GET /wp-includes/js/comment-reply.min.js?ver=6.7.2 HTTP/1.1" 304 0 "https://grimslut.com/effektive-wohnungsauflosungen-in-luneburg/" "Mozilla/5.0 AppleWebKit/537.36 (KHTML, like Gecko; compatible; ClaudeBot/1.0; +claudebot@anthropic.com)"
3.16.78.138 - - [03/Apr/2025:19:07:04 -0400] "GET /wp-includes/js/wp-emoji-release.min.js?ver=6.7.2 HTTP/1.1" 304 0 "https://grimslut.com/effektive-wohnungsauflosungen-in-luneburg/" "Mozilla/5.0 AppleWebKit/537.36 (KHTML, like Gecko; compatible; ClaudeBot/1.0; +claudebot@anthropic.com)"
185.220.101.39 - - [03/Apr/2025:19:09:50 -0400] "GET / HTTP/1.1" 200 20851 "grimslut.com" "Mozilla/5.0 (Windows NT 10.0; Win64; x64) AppleWebKit/537.36 (KHTML, like Gecko) Chrome/42.0.2311.135 Safari/537.36 Edge/12.10240"
185.193.52.180 - - [03/Apr/2025:19:10:32 -0400] "GET / HTTP/1.1" 200 20851 "https://grimslut.com" "Mozilla/5.0 (Windows NT 10.0; Win64; x64) AppleWebKit/537.36 (KHTML, like Gecko) Chrome/42.0.2311.135 Safari/537.36 Edge/12.10240"
198.54.114.83 - - [03/Apr/2025:19:10:37 -0400] "POST /wp-cron.php?doing_wp_cron=1743721836.8963630199432373046875 HTTP/1.1" 200 0 "-" "WordPress/6.7.2; https://grimslut.com"
185.193.52.180 - - [03/Apr/2025:19:10:34 -0400] "GET /2023/09 HTTP/1.1" 301 0 "https://grimslut.com/2023/09" "Mozilla/5.0 (Windows NT 10.0; Win64; x64) AppleWebKit/537.36 (KHTML, like Gecko) Chrome/42.0.2311.135 Safari/537.36 Edge/12.10240"
198.54.114.83 - - [03/Apr/2025:19:10:38 -0400] "POST /wp-admin/admin-ajax.php?action=async_litespeed&nonce=3VCclOdElbiadMulLZmQeCY4zbDogSpE&litespeed_type=imgoptm HTTP/1.1" 200 0 "-" "WordPress/6.7.2; https://grimslut.com"
185.193.52.180 - - [03/Apr/2025:19:10:38 -0400] "GET /2023/09/ HTTP/1.1" 200 13498 "https://grimslut.com/2023/09" "Mozilla/5.0 (Windows NT 10.0; Win64; x64) AppleWebKit/537.36 (KHTML, like Gecko) Chrome/42.0.2311.135 Safari/537.36 Edge/12.10240"
185.193.52.180 - - [03/Apr/2025:19:10:40 -0400] "GET /2023/11 HTTP/1.1" 301 0 "https://grimslut.com/2023/11" "Mozilla/5.0 (Windows NT 10.0; Win64; x64) AppleWebKit/537.36 (KHTML, like Gecko) Chrome/42.0.2311.135 Safari/537.36 Edge/12.10240"
185.193.52.180 - - [03/Apr/2025:19:10:41 -0400] "GET /2023/11/ HTTP/1.1" 200 13591 "https://grimslut.com/2023/11" "Mozilla/5.0 (Windows NT 10.0; Win64; x64) AppleWebKit/537.36 (KHTML, like Gecko) Chrome/42.0.2311.135 Safari/537.36 Edge/12.10240"
192.42.116.213 - - [03/Apr/2025:19:10:42 -0400] "GET /2023/12 HTTP/1.1" 301 0 "https://grimslut.com/2023/12" "Mozilla/5.0 (Windows NT 10.0; Win64; x64) AppleWebKit/537.36 (KHTML, like Gecko) Chrome/42.0.2311.135 Safari/537.36 Edge/12.10240"
192.42.116.213 - - [03/Apr/2025:19:10:43 -0400] "GET /2023/12/ HTTP/1.1" 200 14355 "https://grimslut.com/2023/12" "Mozilla/5.0 (Windows NT 10.0; Win64; x64) AppleWebKit/537.36 (KHTML, like Gecko) Chrome/42.0.2311.135 Safari/537.36 Edge/12.10240"
192.42.116.213 - - [03/Apr/2025:19:10:45 -0400] "GET /2024/01 HTTP/1.1" 301 0 "https://grimslut.com/2024/01" "Mozilla/5.0 (Windows NT 10.0; Win64; x64) AppleWebKit/537.36 (KHTML, like Gecko) Chrome/42.0.2311.135 Safari/537.36 Edge/12.10240"
192.42.116.213 - - [03/Apr/2025:19:10:46 -0400] "GET /2024/01/ HTTP/1.1" 200 15166 "https://grimslut.com/2024/01" "Mozilla/5.0 (Windows NT 10.0; Win64; x64) AppleWebKit/537.36 (KHTML, like Gecko) Chrome/42.0.2311.135 Safari/537.36 Edge/12.10240"
192.42.116.213 - - [03/Apr/2025:19:10:48 -0400] "GET /2024/02 HTTP/1.1" 301 0 "https://grimslut.com/2024/02" "Mozilla/5.0 (Windows NT 10.0; Win64; x64) AppleWebKit/537.36 (KHTML, like Gecko) Chrome/42.0.2311.135 Safari/537.36 Edge/12.10240"
192.42.116.213 - - [03/Apr/2025:19:10:49 -0400] "GET /2024/02/ HTTP/1.1" 200 15063 "https://grimslut.com/2024/02" "Mozilla/5.0 (Windows NT 10.0; Win64; x64) AppleWebKit/537.36 (KHTML, like Gecko) Chrome/42.0.2311.135 Safari/537.36 Edge/12.10240"
192.42.116.217 - - [03/Apr/2025:19:10:52 -0400] "GET /2024/03 HTTP/1.1" 301 0 "https://grimslut.com/2024/03" "Mozilla/5.0 (Windows NT 10.0; Win64; x64) AppleWebKit/537.36 (KHTML, like Gecko) Chrome/42.0.2311.135 Safari/537.36 Edge/12.10240"
192.42.116.217 - - [03/Apr/2025:19:10:52 -0400] "GET /2024/03/ HTTP/1.1" 200 15035 "https://grimslut.com/2024/03" "Mozilla/5.0 (Windows NT 10.0; Win64; x64) AppleWebKit/537.36 (KHTML, like Gecko) Chrome/42.0.2311.135 Safari/537.36 Edge/12.10240"
192.42.116.217 - - [03/Apr/2025:19:10:55 -0400] "GET /2024/05 HTTP/1.1" 301 0 "https://grimslut.com/2024/05" "Mozilla/5.0 (Windows NT 10.0; Win64; x64) AppleWebKit/537.36 (KHTML, like Gecko) Chrome/42.0.2311.135 Safari/537.36 Edge/12.10240"
192.42.116.217 - - [03/Apr/2025:19:10:55 -0400] "GET /2024/05/ HTTP/1.1" 200 13336 "https://grimslut.com/2024/05" "Mozilla/5.0 (Windows NT 10.0; Win64; x64) AppleWebKit/537.36 (KHTML, like Gecko) Chrome/42.0.2311.135 Safari/537.36 Edge/12.10240"
192.42.116.217 - - [03/Apr/2025:19:10:57 -0400] "GET /2024/07 HTTP/1.1" 301 0 "https://grimslut.com/2024/07" "Mozilla/5.0 (Windows NT 10.0; Win64; x64) AppleWebKit/537.36 (KHTML, like Gecko) Chrome/42.0.2311.135 Safari/537.36 Edge/12.10240"
192.42.116.217 - - [03/Apr/2025:19:10:58 -0400] "GET /2024/07/ HTTP/1.1" 200 13141 "https://grimslut.com/2024/07" "Mozilla/5.0 (Windows NT 10.0; Win64; x64) AppleWebKit/537.36 (KHTML, like Gecko) Chrome/42.0.2311.135 Safari/537.36 Edge/12.10240"
192.42.116.217 - - [03/Apr/2025:19:10:59 -0400] "GET /2024/08 HTTP/1.1" 301 0 "https://grimslut.com/2024/08" "Mozilla/5.0 (Windows NT 10.0; Win64; x64) AppleWebKit/537.36 (KHTML, like Gecko) Chrome/42.0.2311.135 Safari/537.36 Edge/12.10240"
192.42.116.217 - - [03/Apr/2025:19:11:00 -0400] "GET /2024/08/ HTTP/1.1" 200 14866 "https://grimslut.com/2024/08" "Mozilla/5.0 (Windows NT 10.0; Win64; x64) AppleWebKit/537.36 (KHTML, like Gecko) Chrome/42.0.2311.135 Safari/537.36 Edge/12.10240"
204.8.96.120 - - [03/Apr/2025:19:11:02 -0400] "GET /2024/09 HTTP/1.1" 301 0 "https://grimslut.com/2024/09" "Mozilla/5.0 (Windows NT 10.0; Win64; x64) AppleWebKit/537.36 (KHTML, like Gecko) Chrome/42.0.2311.135 Safari/537.36 Edge/12.10240"
204.8.96.120 - - [03/Apr/2025:19:11:03 -0400] "GET /2024/09/ HTTP/1.1" 200 15014 "https://grimslut.com/2024/09" "Mozilla/5.0 (Windows NT 10.0; Win64; x64) AppleWebKit/537.36 (KHTML, like Gecko) Chrome/42.0.2311.135 Safari/537.36 Edge/12.10240"
59.6.108.199 - - [03/Apr/2025:19:11:04 -0400] "GET /the-ultimate-guide-to-german-classes/ HTTP/1.1" 200 15400 "https://grimslut.com/the-ultimate-guide-to-german-classes/" "Mozilla/5.0 (Windows NT 10.0; WOW64) AppleWebKit/537.36 (KHTML, like Gecko) Chrome/103.0.5060.114 Safari/537.36"
204.8.96.120 - - [03/Apr/2025:19:11:05 -0400] "GET /2024/10 HTTP/1.1" 301 0 "https://grimslut.com/2024/10" "Mozilla/5.0 (Windows NT 10.0; Win64; x64) AppleWebKit/537.36 (KHTML, like Gecko) Chrome/42.0.2311.135 Safari/537.36 Edge/12.10240"
204.8.96.120 - - [03/Apr/2025:19:11:06 -0400] "GET /2024/10/ HTTP/1.1" 200 14721 "https://grimslut.com/2024/10" "Mozilla/5.0 (Windows NT 10.0; Win64; x64) AppleWebKit/537.36 (KHTML, like Gecko) Chrome/42.0.2311.135 Safari/537.36 Edge/12.10240"
204.8.96.120 - - [03/Apr/2025:19:11:07 -0400] "GET /2024/11 HTTP/1.1" 301 0 "https://grimslut.com/2024/11" "Mozilla/5.0 (Windows NT 10.0; Win64; x64) AppleWebKit/537.36 (KHTML, like Gecko) Chrome/42.0.2311.135 Safari/537.36 Edge/12.10240"
59.6.108.199 - - [03/Apr/2025:19:11:06 -0400] "POST /wp-comments-post.php HTTP/1.1" 302 0 "https://grimslut.com/the-ultimate-guide-to-german-classes/" "Mozilla/5.0 (Windows NT 10.0; WOW64) AppleWebKit/537.36 (KHTML, like Gecko) Chrome/103.0.5060.114 Safari/537.36"
204.8.96.120 - - [03/Apr/2025:19:11:07 -0400] "GET /2024/11/ HTTP/1.1" 200 14947 "https://grimslut.com/2024/11" "Mozilla/5.0 (Windows NT 10.0; Win64; x64) AppleWebKit/537.36 (KHTML, like Gecko) Chrome/42.0.2311.135 Safari/537.36 Edge/12.10240"
204.8.96.120 - - [03/Apr/2025:19:11:10 -0400] "GET /2024/12 HTTP/1.1" 301 0 "https://grimslut.com/2024/12" "Mozilla/5.0 (Windows NT 10.0; Win64; x64) AppleWebKit/537.36 (KHTML, like Gecko) Chrome/42.0.2311.135 Safari/537.36 Edge/12.10240"
59.6.108.199 - - [03/Apr/2025:19:11:09 -0400] "GET /the-ultimate-guide-to-german-classes/ HTTP/1.1" 200 16030 "https://grimslut.com/the-ultimate-guide-to-german-classes/#comment-6556" "Mozilla/5.0 (Windows NT 10.0; WOW64) AppleWebKit/537.36 (KHTML, like Gecko) Chrome/103.0.5060.114 Safari/537.36"
198.54.114.83 - - [03/Apr/2025:19:11:12 -0400] "POST /wp-cron.php?doing_wp_cron=1743721872.4692249298095703125000 HTTP/1.1" 200 0 "-" "WordPress/6.7.2; https://grimslut.com"
204.8.96.120 - - [03/Apr/2025:19:11:12 -0400] "GET /2024/12/ HTTP/1.1" 200 15084 "https://grimslut.com/2024/12" "Mozilla/5.0 (Windows NT 10.0; Win64; x64) AppleWebKit/537.36 (KHTML, like Gecko) Chrome/42.0.2311.135 Safari/537.36 Edge/12.10240"
198.54.114.83 - - [03/Apr/2025:19:11:13 -0400] "POST /wp-admin/admin-ajax.php?action=async_litespeed&nonce=VGOgpEOzGTsbF0jRa75KJDkgY3Ii0clK&litespeed_type=imgoptm HTTP/1.1" 200 5 "-" "WordPress/6.7.2; https://grimslut.com"
45.84.107.97 - - [03/Apr/2025:19:11:15 -0400] "GET /2025/01 HTTP/1.1" 301 0 "https://grimslut.com/2025/01" "Mozilla/5.0 (Windows NT 10.0; Win64; x64) AppleWebKit/537.36 (KHTML, like Gecko) Chrome/42.0.2311.135 Safari/537.36 Edge/12.10240"
45.84.107.97 - - [03/Apr/2025:19:11:16 -0400] "GET /2025/01/ HTTP/1.1" 200 14716 "https://grimslut.com/2025/01" "Mozilla/5.0 (Windows NT 10.0; Win64; x64) AppleWebKit/537.36 (KHTML, like Gecko) Chrome/42.0.2311.135 Safari/537.36 Edge/12.10240"
45.84.107.97 - - [03/Apr/2025:19:11:17 -0400] "GET /a-celebration-of-freedom HTTP/1.1" 301 0 "https://grimslut.com/a-celebration-of-freedom" "Mozilla/5.0 (Windows NT 10.0; Win64; x64) AppleWebKit/537.36 (KHTML, like Gecko) Chrome/42.0.2311.135 Safari/537.36 Edge/12.10240"
45.84.107.97 - - [03/Apr/2025:19:11:19 -0400] "GET /a-celebration-of-freedom/ HTTP/1.1" 200 15365 "https://grimslut.com/a-celebration-of-freedom" "Mozilla/5.0 (Windows NT 10.0; Win64; x64) AppleWebKit/537.36 (KHTML, like Gecko) Chrome/42.0.2311.135 Safari/537.36 Edge/12.10240"
45.84.107.97 - - [03/Apr/2025:19:11:21 -0400] "POST /wp-comments-post.php HTTP/1.1" 302 0 "https://grimslut.com/wp-comments-post.php" "Mozilla/5.0 (Windows NT 10.0; Win64; x64) AppleWebKit/537.36 (KHTML, like Gecko) Chrome/42.0.2311.135 Safari/537.36 Edge/12.10240"
45.84.107.97 - - [03/Apr/2025:19:11:23 -0400] "GET /a-celebration-of-freedom/ HTTP/1.1" 200 15365 "https://grimslut.com/wp-comments-post.php" "Mozilla/5.0 (Windows NT 10.0; Win64; x64) AppleWebKit/537.36 (KHTML, like Gecko) Chrome/42.0.2311.135 Safari/537.36 Edge/12.10240"
185.220.101.175 - - [03/Apr/2025:19:11:25 -0400] "GET /a-path-to-healing-and-balance HTTP/1.1" 301 0 "https://grimslut.com/a-path-to-healing-and-balance" "Mozilla/5.0 (Windows NT 10.0; Win64; x64) AppleWebKit/537.36 (KHTML, like Gecko) Chrome/42.0.2311.135 Safari/537.36 Edge/12.10240"
185.220.101.175 - - [03/Apr/2025:19:11:25 -0400] "GET /a-path-to-healing-and-balance/ HTTP/1.1" 200 15356 "https://grimslut.com/a-path-to-healing-and-balance" "Mozilla/5.0 (Windows NT 10.0; Win64; x64) AppleWebKit/537.36 (KHTML, like Gecko) Chrome/42.0.2311.135 Safari/537.36 Edge/12.10240"
109.70.100.65 - - [03/Apr/2025:19:11:27 -0400] "POST /wp-comments-post.php HTTP/1.1" 429 983 "https://grimslut.com/wp-comments-post.php" "Mozilla/5.0 (Windows NT 10.0; Win64; x64) AppleWebKit/537.36 (KHTML, like Gecko) Chrome/42.0.2311.135 Safari/537.36 Edge/12.10240"
109.70.100.65 - - [03/Apr/2025:19:11:29 -0400] "GET /a-premier-gaming-destination HTTP/1.1" 301 0 "https://grimslut.com/a-premier-gaming-destination" "Mozilla/5.0 (Windows NT 10.0; Win64; x64) AppleWebKit/537.36 (KHTML, like Gecko) Chrome/42.0.2311.135 Safari/537.36 Edge/12.10240"
109.70.100.65 - - [03/Apr/2025:19:11:30 -0400] "GET /a-premier-gaming-destination/ HTTP/1.1" 200 15452 "https://grimslut.com/a-premier-gaming-destination" "Mozilla/5.0 (Windows NT 10.0; Win64; x64) AppleWebKit/537.36 (KHTML, like Gecko) Chrome/42.0.2311.135 Safari/537.36 Edge/12.10240"
109.70.100.65 - - [03/Apr/2025:19:11:33 -0400] "POST /wp-comments-post.php HTTP/1.1" 429 983 "https://grimslut.com/wp-comments-post.php" "Mozilla/5.0 (Windows NT 10.0; Win64; x64) AppleWebKit/537.36 (KHTML, like Gecko) Chrome/42.0.2311.135 Safari/537.36 Edge/12.10240"
109.70.100.65 - - [03/Apr/2025:19:11:35 -0400] "GET /a-premier-gaming-destination-2 HTTP/1.1" 301 0 "https://grimslut.com/a-premier-gaming-destination-2" "Mozilla/5.0 (Windows NT 10.0; Win64; x64) AppleWebKit/537.36 (KHTML, like Gecko) Chrome/42.0.2311.135 Safari/537.36 Edge/12.10240"
109.70.100.65 - - [03/Apr/2025:19:11:35 -0400] "GET /a-premier-gaming-destination-2/ HTTP/1.1" 200 15382 "https://grimslut.com/a-premier-gaming-destination-2" "Mozilla/5.0 (Windows NT 10.0; Win64; x64) AppleWebKit/537.36 (KHTML, like Gecko) Chrome/42.0.2311.135 Safari/537.36 Edge/12.10240"
45.84.107.47 - - [03/Apr/2025:19:11:39 -0400] "GET /ai-agent-revolutionizing-digital-interactions HTTP/1.1" 301 0 "https://grimslut.com/ai-agent-revolutionizing-digital-interactions" "Mozilla/5.0 (Windows NT 10.0; Win64; x64) AppleWebKit/537.36 (KHTML, like Gecko) Chrome/42.0.2311.135 Safari/537.36 Edge/12.10240"
45.84.107.47 - - [03/Apr/2025:19:11:41 -0400] "GET /business-trip-massage-for-a-productive-journey HTTP/1.1" 301 0 "https://grimslut.com/business-trip-massage-for-a-productive-journey" "Mozilla/5.0 (Windows NT 10.0; Win64; x64) AppleWebKit/537.36 (KHTML, like Gecko) Chrome/42.0.2311.135 Safari/537.36 Edge/12.10240"
45.84.107.47 - - [03/Apr/2025:19:11:42 -0400] "GET /business-tripe-massage HTTP/1.1" 301 0 "https://grimslut.com/business-tripe-massage" "Mozilla/5.0 (Windows NT 10.0; Win64; x64) AppleWebKit/537.36 (KHTML, like Gecko) Chrome/42.0.2311.135 Safari/537.36 Edge/12.10240"
45.84.107.47 - - [03/Apr/2025:19:11:43 -0400] "GET /business-tripe-massage/ HTTP/1.1" 200 15000 "https://grimslut.com/business-tripe-massage" "Mozilla/5.0 (Windows NT 10.0; Win64; x64) AppleWebKit/537.36 (KHTML, like Gecko) Chrome/42.0.2311.135 Safari/537.36 Edge/12.10240"
45.84.107.47 - - [03/Apr/2025:19:11:44 -0400] "POST /wp-comments-post.php HTTP/1.1" 302 0 "https://grimslut.com/wp-comments-post.php" "Mozilla/5.0 (Windows NT 10.0; Win64; x64) AppleWebKit/537.36 (KHTML, like Gecko) Chrome/42.0.2311.135 Safari/537.36 Edge/12.10240"
192.42.116.211 - - [03/Apr/2025:19:11:49 -0400] "GET /category/beauty HTTP/1.1" 301 0 "https://grimslut.com/category/beauty" "Mozilla/5.0 (Windows NT 10.0; Win64; x64) AppleWebKit/537.36 (KHTML, like Gecko) Chrome/42.0.2311.135 Safari/537.36 Edge/12.10240"
192.42.116.211 - - [03/Apr/2025:19:11:49 -0400] "GET /category/beauty/ HTTP/1.1" 200 12180 "https://grimslut.com/category/beauty" "Mozilla/5.0 (Windows NT 10.0; Win64; x64) AppleWebKit/537.36 (KHTML, like Gecko) Chrome/42.0.2311.135 Safari/537.36 Edge/12.10240"
192.42.116.211 - - [03/Apr/2025:19:11:51 -0400] "GET /category/bitcoin HTTP/1.1" 301 0 "https://grimslut.com/category/bitcoin" "Mozilla/5.0 (Windows NT 10.0; Win64; x64) AppleWebKit/537.36 (KHTML, like Gecko) Chrome/42.0.2311.135 Safari/537.36 Edge/12.10240"
192.42.116.211 - - [03/Apr/2025:19:11:52 -0400] "GET /category/bitcoin/ HTTP/1.1" 200 12187 "https://grimslut.com/category/bitcoin" "Mozilla/5.0 (Windows NT 10.0; Win64; x64) AppleWebKit/537.36 (KHTML, like Gecko) Chrome/42.0.2311.135 Safari/537.36 Edge/12.10240"
192.42.116.211 - - [03/Apr/2025:19:11:53 -0400] "GET /category/business HTTP/1.1" 301 0 "https://grimslut.com/category/business" "Mozilla/5.0 (Windows NT 10.0; Win64; x64) AppleWebKit/537.36 (KHTML, like Gecko) Chrome/42.0.2311.135 Safari/537.36 Edge/12.10240"
192.42.116.211 - - [03/Apr/2025:19:11:54 -0400] "GET /category/business/ HTTP/1.1" 200 12207 "https://grimslut.com/category/business" "Mozilla/5.0 (Windows NT 10.0; Win64; x64) AppleWebKit/537.36 (KHTML, like Gecko) Chrome/42.0.2311.135 Safari/537.36 Edge/12.10240"
192.42.116.211 - - [03/Apr/2025:19:11:56 -0400] "GET /category/digital-marketing HTTP/1.1" 301 0 "https://grimslut.com/category/digital-marketing" "Mozilla/5.0 (Windows NT 10.0; Win64; x64) AppleWebKit/537.36 (KHTML, like Gecko) Chrome/42.0.2311.135 Safari/537.36 Edge/12.10240"
192.42.116.211 - - [03/Apr/2025:19:11:57 -0400] "GET /category/digital-marketing/ HTTP/1.1" 200 12147 "https://grimslut.com/category/digital-marketing" "Mozilla/5.0 (Windows NT 10.0; Win64; x64) AppleWebKit/537.36 (KHTML, like Gecko) Chrome/42.0.2311.135 Safari/537.36 Edge/12.10240"
192.42.116.211 - - [03/Apr/2025:19:11:59 -0400] "GET /category/education HTTP/1.1" 301 0 "https://grimslut.com/category/education" "Mozilla/5.0 (Windows NT 10.0; Win64; x64) AppleWebKit/537.36 (KHTML, like Gecko) Chrome/42.0.2311.135 Safari/537.36 Edge/12.10240"
192.42.116.211 - - [03/Apr/2025:19:12:00 -0400] "GET /category/education/ HTTP/1.1" 200 12211 "https://grimslut.com/category/education" "Mozilla/5.0 (Windows NT 10.0; Win64; x64) AppleWebKit/537.36 (KHTML, like Gecko) Chrome/42.0.2311.135 Safari/537.36 Edge/12.10240"
185.246.188.74 - - [03/Apr/2025:19:12:02 -0400] "GET /category/family-relationship HTTP/1.1" 301 0 "https://grimslut.com/category/family-relationship" "Mozilla/5.0 (Windows NT 10.0; Win64; x64) AppleWebKit/537.36 (KHTML, like Gecko) Chrome/42.0.2311.135 Safari/537.36 Edge/12.10240"
185.246.188.74 - - [03/Apr/2025:19:12:03 -0400] "GET /category/family-relationship/ HTTP/1.1" 200 12153 "https://grimslut.com/category/family-relationship" "Mozilla/5.0 (Windows NT 10.0; Win64; x64) AppleWebKit/537.36 (KHTML, like Gecko) Chrome/42.0.2311.135 Safari/537.36 Edge/12.10240"
185.246.188.74 - - [03/Apr/2025:19:12:05 -0400] "GET /category/food-dring HTTP/1.1" 301 0 "https://grimslut.com/category/food-dring" "Mozilla/5.0 (Windows NT 10.0; Win64; x64) AppleWebKit/537.36 (KHTML, like Gecko) Chrome/42.0.2311.135 Safari/537.36 Edge/12.10240"
185.246.188.74 - - [03/Apr/2025:19:12:06 -0400] "GET /category/food-dring/ HTTP/1.1" 200 12271 "https://grimslut.com/category/food-dring" "Mozilla/5.0 (Windows NT 10.0; Win64; x64) AppleWebKit/537.36 (KHTML, like Gecko) Chrome/42.0.2311.135 Safari/537.36 Edge/12.10240"
185.246.188.74 - - [03/Apr/2025:19:12:08 -0400] "GET /category/gaming HTTP/1.1" 301 0 "https://grimslut.com/category/gaming" "Mozilla/5.0 (Windows NT 10.0; Win64; x64) AppleWebKit/537.36 (KHTML, like Gecko) Chrome/42.0.2311.135 Safari/537.36 Edge/12.10240"
