198.54.114.83 - - [01/Apr/2025:21:30:26 -0400] "POST /wp-admin/admin-ajax.php?action=async_litespeed&nonce=Q85tZzIieMEjsnpEG92NlK5SI41D0Lp9&litespeed_type=imgoptm HTTP/1.1" 200 0 "-" "WordPress/6.7.2; https://grimslut.com"
3.16.91.85 - - [01/Apr/2025:21:34:23 -0400] "GET /robots.txt HTTP/1.1" 304 0 "-" "Mozilla/5.0 AppleWebKit/537.36 (KHTML, like Gecko; compatible; ClaudeBot/1.0; +claudebot@anthropic.com)"
198.54.114.83 - - [01/Apr/2025:21:34:27 -0400] "POST /wp-cron.php?doing_wp_cron=1743557666.7268800735473632812500 HTTP/1.1" 200 0 "-" "WordPress/6.7.2; https://grimslut.com"
3.16.91.85 - - [01/Apr/2025:21:34:23 -0400] "GET /realtor-virtual-receptionist-revolutionizing-client-communication HTTP/1.1" 301 0 "-" "Mozilla/5.0 AppleWebKit/537.36 (KHTML, like Gecko; compatible; ClaudeBot/1.0; +claudebot@anthropic.com)"
3.16.91.85 - - [01/Apr/2025:21:34:27 -0400] "GET /realtor-virtual-receptionist-revolutionizing-client-communication/ HTTP/1.1" 200 15575 "https://grimslut.com/realtor-virtual-receptionist-revolutionizing-client-communication" "Mozilla/5.0 AppleWebKit/537.36 (KHTML, like Gecko; compatible; ClaudeBot/1.0; +claudebot@anthropic.com)"
198.54.114.83 - - [01/Apr/2025:21:34:27 -0400] "POST /wp-admin/admin-ajax.php?action=async_litespeed&nonce=0txk0TXkNrocLHKZPmP1bDe9Djpc6s8C&litespeed_type=imgoptm HTTP/1.1" 200 5 "-" "WordPress/6.7.2; https://grimslut.com"
159.223.205.36 - - [01/Apr/2025:21:36:09 -0400] "GET / HTTP/1.1" 200 20855 "-" "Mozilla/5.0 (compatible)"
159.223.205.36 - - [01/Apr/2025:21:36:12 -0400] "GET /favicon.ico HTTP/1.1" 404 1251 "https://grimslut.com/" "Mozilla/5.0 (compatible)"
3.133.137.102 - - [01/Apr/2025:21:50:54 -0400] "GET /how-to-lock-screen-on-mac HTTP/1.1" 301 0 "-" "Mozilla/5.0 AppleWebKit/537.36 (KHTML, like Gecko; compatible; ClaudeBot/1.0; +claudebot@anthropic.com)"
3.133.137.102 - - [01/Apr/2025:21:50:55 -0400] "GET /how-to-lock-screen-on-mac/ HTTP/1.1" 200 16546 "https://grimslut.com/how-to-lock-screen-on-mac" "Mozilla/5.0 AppleWebKit/537.36 (KHTML, like Gecko; compatible; ClaudeBot/1.0; +claudebot@anthropic.com)"
198.54.114.83 - - [01/Apr/2025:21:52:30 -0400] "POST /wp-cron.php?doing_wp_cron=1743558749.2164518833160400390625 HTTP/1.1" 200 0 "-" "WordPress/6.7.2; https://grimslut.com"
185.36.145.205 - - [01/Apr/2025:21:52:24 -0400] "GET /xmlrpc.php HTTP/1.1" 405 46 "http://grimslut.com" "Mozilla/5.0 (Windows NT 10.0; Win64; x64) AppleWebKit/537.36 (KHTML, like Gecko) Chrome/116.0.5845.96 Safari/537.36"
198.54.114.83 - - [01/Apr/2025:21:55:20 -0400] "POST /wp-cron.php?doing_wp_cron=1743558919.5589010715484619140625 HTTP/1.1" 200 0 "-" "WordPress/6.7.2; https://grimslut.com"
198.54.114.83 - - [01/Apr/2025:21:55:21 -0400] "POST /wp-admin/admin-ajax.php?action=async_litespeed&nonce=tIKYxFB45ZuLzAqNXpOgNWjbsZGRwPgM&litespeed_type=imgoptm HTTP/1.1" 200 0 "-" "WordPress/6.7.2; https://grimslut.com"
66.29.153.28 - - [01/Apr/2025:21:55:15 -0400] "POST /xmlrpc.php HTTP/1.1" 200 186 "https://grimslut.com" "Mozilla/5.0 (Windows NT 10.0; Win64; x64) AppleWebKit/537.36 (KHTML, like Gecko) Chrome/116.0.5845.96 Safari/537.36 Edg/116.0.1938.62"
139.59.113.8 - - [01/Apr/2025:22:00:21 -0400] "GET /wp-login.php HTTP/1.1" 200 1954 "-" "GRequests/0.10"
198.54.114.83 - - [01/Apr/2025:22:00:27 -0400] "POST /wp-cron.php?doing_wp_cron=1743559226.7679738998413085937500 HTTP/1.1" 200 0 "-" "WordPress/6.7.2; https://grimslut.com"
139.59.113.8 - - [01/Apr/2025:22:00:22 -0400] "POST /wp-login.php HTTP/1.1" 200 2086 "-" "GRequests/0.10"
198.54.114.83 - - [01/Apr/2025:22:00:28 -0400] "POST /wp-admin/admin-ajax.php?action=async_litespeed&nonce=X7f9UbKPoHmHqDrVzjAhiMG2SNdakZEt&litespeed_type=imgoptm HTTP/1.1" 200 0 "-" "WordPress/6.7.2; https://grimslut.com"
198.54.114.83 - - [01/Apr/2025:22:18:02 -0400] "POST /wp-cron.php?doing_wp_cron=1743560282.4521460533142089843750 HTTP/1.1" 200 0 "-" "WordPress/6.7.2; https://grimslut.com"
199.188.200.139 - - [01/Apr/2025:22:17:58 -0400] "GET /xmlrpc.php HTTP/1.1" 405 46 "http://grimslut.com" "Mozilla/5.0 (Macintosh; Intel Mac OS X 13_3) AppleWebKit/537.36 (KHTML, like Gecko) Chrome/126.0.0.0 Safari/537.36"
198.54.114.83 - - [01/Apr/2025:22:18:03 -0400] "POST /wp-admin/admin-ajax.php?action=async_litespeed&nonce=fkWpYekI5GntF1FXud6qgRNSCxy8Kdcw&litespeed_type=imgoptm HTTP/1.1" 200 5 "-" "WordPress/6.7.2; https://grimslut.com"
198.54.114.83 - - [01/Apr/2025:22:21:01 -0400] "POST /wp-cron.php?doing_wp_cron=1743560461.5729150772094726562500 HTTP/1.1" 200 0 "-" "WordPress/6.7.2; https://grimslut.com"
51.161.7.9 - - [01/Apr/2025:22:20:58 -0400] "POST /xmlrpc.php HTTP/1.1" 200 186 "https://grimslut.com" "Mozilla/5.0 (Windows NT 10.0; Win64; x64) AppleWebKit/537.36 (KHTML, like Gecko) Chrome/115.0.5790.171 Safari/537.36 Edg/115.0.1901.203"
198.54.114.83 - - [01/Apr/2025:22:21:02 -0400] "POST /wp-admin/admin-ajax.php?action=async_litespeed&nonce=W5Gd9ZokYmdDH7b4ygbFw7f6r6cSHpj7&litespeed_type=imgoptm HTTP/1.1" 200 5 "-" "WordPress/6.7.2; https://grimslut.com"
18.222.240.117 - - [01/Apr/2025:22:31:39 -0400] "GET /robots.txt HTTP/1.1" 304 0 "-" "Mozilla/5.0 AppleWebKit/537.36 (KHTML, like Gecko; compatible; ClaudeBot/1.0; +claudebot@anthropic.com)"
18.222.240.117 - - [01/Apr/2025:22:31:39 -0400] "GET /wp-json/wp/v2/categories/9 HTTP/1.1" 200 625 "-" "Mozilla/5.0 AppleWebKit/537.36 (KHTML, like Gecko; compatible; ClaudeBot/1.0; +claudebot@anthropic.com)"
198.54.114.83 - - [01/Apr/2025:22:39:07 -0400] "POST /wp-cron.php?doing_wp_cron=1743561547.1792459487915039062500 HTTP/1.1" 200 0 "-" "WordPress/6.7.2; https://grimslut.com"
3.143.203.155 - - [01/Apr/2025:22:39:04 -0400] "GET /effizienz-in-aktion-die-kunst-des-hamburger-putzens-meistern HTTP/1.1" 301 0 "-" "Mozilla/5.0 AppleWebKit/537.36 (KHTML, like Gecko; compatible; ClaudeBot/1.0; +claudebot@anthropic.com)"
198.54.114.83 - - [01/Apr/2025:22:39:07 -0400] "POST /wp-admin/admin-ajax.php?action=async_litespeed&nonce=Obg3JlrwREcgvc6wtt5oTp6HzXq6jX2u&litespeed_type=imgoptm HTTP/1.1" 200 5 "-" "WordPress/6.7.2; https://grimslut.com"
3.143.203.155 - - [01/Apr/2025:22:39:07 -0400] "GET /effizienz-in-aktion-die-kunst-des-hamburger-putzens-meistern/ HTTP/1.1" 200 16042 "-" "Mozilla/5.0 AppleWebKit/537.36 (KHTML, like Gecko; compatible; ClaudeBot/1.0; +claudebot@anthropic.com)"
3.143.203.155 - - [01/Apr/2025:22:39:09 -0400] "GET /wp-includes/js/jquery/jquery-migrate.min.js?ver=3.4.1 HTTP/1.1" 304 0 "https://grimslut.com/effizienz-in-aktion-die-kunst-des-hamburger-putzens-meistern/" "Mozilla/5.0 AppleWebKit/537.36 (KHTML, like Gecko; compatible; ClaudeBot/1.0; +claudebot@anthropic.com)"
3.143.203.155 - - [01/Apr/2025:22:39:09 -0400] "GET /wp-includes/js/imagesloaded.min.js?ver=5.0.0 HTTP/1.1" 304 0 "https://grimslut.com/effizienz-in-aktion-die-kunst-des-hamburger-putzens-meistern/" "Mozilla/5.0 AppleWebKit/537.36 (KHTML, like Gecko; compatible; ClaudeBot/1.0; +claudebot@anthropic.com)"
3.143.203.155 - - [01/Apr/2025:22:39:09 -0400] "GET /wp-includes/js/jquery/jquery.min.js?ver=3.7.1 HTTP/1.1" 304 0 "https://grimslut.com/effizienz-in-aktion-die-kunst-des-hamburger-putzens-meistern/" "Mozilla/5.0 AppleWebKit/537.36 (KHTML, like Gecko; compatible; ClaudeBot/1.0; +claudebot@anthropic.com)"
3.143.203.155 - - [01/Apr/2025:22:39:09 -0400] "GET /wp-content/themes/bloghash/assets/js/vendors/swiper-bundle.min.js?ver=6.7.2 HTTP/1.1" 304 0 "https://grimslut.com/effizienz-in-aktion-die-kunst-des-hamburger-putzens-meistern/" "Mozilla/5.0 AppleWebKit/537.36 (KHTML, like Gecko; compatible; ClaudeBot/1.0; +claudebot@anthropic.com)"
3.143.203.155 - - [01/Apr/2025:22:39:09 -0400] "GET /wp-includes/js/comment-reply.min.js?ver=6.7.2 HTTP/1.1" 304 0 "https://grimslut.com/effizienz-in-aktion-die-kunst-des-hamburger-putzens-meistern/" "Mozilla/5.0 AppleWebKit/537.36 (KHTML, like Gecko; compatible; ClaudeBot/1.0; +claudebot@anthropic.com)"
3.143.203.155 - - [01/Apr/2025:22:39:09 -0400] "GET /wp-content/themes/bloghash/assets/js/bloghash.min.js?ver=1.0.20 HTTP/1.1" 304 0 "https://grimslut.com/effizienz-in-aktion-die-kunst-des-hamburger-putzens-meistern/" "Mozilla/5.0 AppleWebKit/537.36 (KHTML, like Gecko; compatible; ClaudeBot/1.0; +claudebot@anthropic.com)"
3.143.203.155 - - [01/Apr/2025:22:39:10 -0400] "GET /wp-includes/js/wp-emoji-release.min.js?ver=6.7.2 HTTP/1.1" 304 0 "https://grimslut.com/effizienz-in-aktion-die-kunst-des-hamburger-putzens-meistern/" "Mozilla/5.0 AppleWebKit/537.36 (KHTML, like Gecko; compatible; ClaudeBot/1.0; +claudebot@anthropic.com)"
4.227.36.87 - - [01/Apr/2025:22:40:54 -0400] "GET /robots.txt HTTP/1.1" 304 0 "-" "Mozilla/5.0 AppleWebKit/537.36 (KHTML, like Gecko; compatible; GPTBot/1.2; +https://openai.com/gptbot)"
20.171.207.124 - - [01/Apr/2025:22:41:25 -0400] "GET /favicon.ico HTTP/1.1" 404 1251 "-" "Mozilla/5.0 AppleWebKit/537.36 (KHTML, like Gecko; compatible; GPTBot/1.2; +https://openai.com/gptbot)"
146.190.77.47 - - [01/Apr/2025:22:42:03 -0400] "GET / HTTP/1.1" 200 20855 "-" "Mozilla/5.0 (Windows NT 10.0; Win64; x64) AppleWebKit/537.36 (KHTML, like Gecko) Chrome/80.0.3987.149 Safari/537.36"
198.54.114.83 - - [01/Apr/2025:22:42:07 -0400] "POST /wp-cron.php?doing_wp_cron=1743561727.5642869472503662109375 HTTP/1.1" 200 0 "-" "WordPress/6.7.2; https://grimslut.com"
146.190.77.47 - - [01/Apr/2025:22:42:05 -0400] "GET //wp-includes/wlwmanifest.xml HTTP/1.1" 301 0 "-" "Mozilla/5.0 (Windows NT 10.0; Win64; x64) AppleWebKit/537.36 (KHTML, like Gecko) Chrome/80.0.3987.149 Safari/537.36"
146.190.77.47 - - [01/Apr/2025:22:42:08 -0400] "GET //xmlrpc.php?rsd HTTP/1.1" 200 292 "-" "Mozilla/5.0 (Windows NT 10.0; Win64; x64) AppleWebKit/537.36 (KHTML, like Gecko) Chrome/80.0.3987.149 Safari/537.36"
146.190.77.47 - - [01/Apr/2025:22:42:09 -0400] "GET //?author=1 HTTP/1.1" 301 0 "-" "Mozilla/5.0 (Windows NT 10.0; Win64; x64) AppleWebKit/537.36 (KHTML, like Gecko) Chrome/80.0.3987.149 Safari/537.36"
198.54.114.83 - - [01/Apr/2025:22:42:08 -0400] "POST /wp-admin/admin-ajax.php?action=async_litespeed&nonce=sN5qrfZ8TJXa8htjjcgf4Fy4zmF88145&litespeed_type=imgoptm HTTP/1.1" 200 0 "-" "WordPress/6.7.2; https://grimslut.com"
146.190.77.47 - - [01/Apr/2025:22:42:09 -0400] "GET //?author=2 HTTP/1.1" 301 0 "-" "Mozilla/5.0 (Windows NT 10.0; Win64; x64) AppleWebKit/537.36 (KHTML, like Gecko) Chrome/80.0.3987.149 Safari/537.36"
146.190.77.47 - - [01/Apr/2025:22:42:09 -0400] "GET //wp-json/wp/v2/users/ HTTP/1.1" 200 1236 "-" "Mozilla/5.0 (Windows NT 10.0; Win64; x64) AppleWebKit/537.36 (KHTML, like Gecko) Chrome/80.0.3987.149 Safari/537.36"
146.190.77.47 - - [01/Apr/2025:22:42:10 -0400] "POST //xmlrpc.php HTTP/1.1" 200 189 "-" "Mozilla/5.0 (Windows NT 10.0; Win64; x64) AppleWebKit/537.36 (KHTML, like Gecko) Chrome/80.0.3987.149 Safari/537.36"
146.190.77.47 - - [01/Apr/2025:22:42:10 -0400] "POST //xmlrpc.php HTTP/1.1" 200 205 "-" "Mozilla/5.0 (Windows NT 10.0; Win64; x64) AppleWebKit/537.36 (KHTML, like Gecko) Chrome/80.0.3987.149 Safari/537.36"
146.190.77.47 - - [01/Apr/2025:22:42:11 -0400] "POST //xmlrpc.php HTTP/1.1" 200 189 "-" "Mozilla/5.0 (Windows NT 10.0; Win64; x64) AppleWebKit/537.36 (KHTML, like Gecko) Chrome/80.0.3987.149 Safari/537.36"
146.190.77.47 - - [01/Apr/2025:22:42:12 -0400] "POST //xmlrpc.php HTTP/1.1" 200 205 "-" "Mozilla/5.0 (Windows NT 10.0; Win64; x64) AppleWebKit/537.36 (KHTML, like Gecko) Chrome/80.0.3987.149 Safari/537.36"
146.190.77.47 - - [01/Apr/2025:22:42:12 -0400] "POST //xmlrpc.php HTTP/1.1" 200 205 "-" "Mozilla/5.0 (Windows NT 10.0; Win64; x64) AppleWebKit/537.36 (KHTML, like Gecko) Chrome/80.0.3987.149 Safari/537.36"
146.190.77.47 - - [01/Apr/2025:22:42:13 -0400] "POST //xmlrpc.php HTTP/1.1" 200 205 "-" "Mozilla/5.0 (Windows NT 10.0; Win64; x64) AppleWebKit/537.36 (KHTML, like Gecko) Chrome/80.0.3987.149 Safari/537.36"
198.54.114.83 - - [01/Apr/2025:22:43:59 -0400] "POST /wp-cron.php?doing_wp_cron=1743561839.2986299991607666015625 HTTP/1.1" 200 0 "-" "WordPress/6.7.2; https://grimslut.com"
103.186.185.28 - - [01/Apr/2025:22:43:58 -0400] "GET /xmlrpc.php HTTP/1.1" 405 46 "http://grimslut.com" "Mozilla/5.0 (Windows NT 11.0; Win64; x64) AppleWebKit/537.36 (KHTML, like Gecko) Chrome/126.0.0.0 Safari/537.36 Edg/126.0.0.0"
198.54.114.83 - - [01/Apr/2025:22:43:59 -0400] "POST /wp-admin/admin-ajax.php?action=async_litespeed&nonce=SQ0SqwB9n0STAMdoI747kQ4fd04vU9NB&litespeed_type=imgoptm HTTP/1.1" 200 5 "-" "WordPress/6.7.2; https://grimslut.com"
54.85.163.156 - - [01/Apr/2025:22:46:12 -0400] "GET / HTTP/1.1" 200 20855 "-" "Mozilla/5.0 (Macintosh; Intel Mac OS X 10_15_7) AppleWebKit/537.36 (KHTML, like Gecko) Chrome/108.0.0.0 Safari/537.36"
198.54.114.83 - - [01/Apr/2025:22:46:55 -0400] "POST /wp-cron.php?doing_wp_cron=1743562015.4260358810424804687500 HTTP/1.1" 200 0 "-" "WordPress/6.7.2; https://grimslut.com"
188.164.195.65 - - [01/Apr/2025:22:46:52 -0400] "POST /xmlrpc.php HTTP/1.1" 200 186 "https://grimslut.com" "Mozilla/5.0 (Windows NT 11.0; Win64; x64; rv:126.0) Gecko/20100101 Firefox/126.0"
198.54.114.83 - - [01/Apr/2025:22:46:56 -0400] "POST /wp-admin/admin-ajax.php?action=async_litespeed&nonce=oZTKs778xBL19sVdggfE6Dt1UThZpS8O&litespeed_type=imgoptm HTTP/1.1" 200 5 "-" "WordPress/6.7.2; https://grimslut.com"
195.200.31.148 - - [01/Apr/2025:22:48:19 -0400] "GET /exploring-the-multicanais-phenomenon/ HTTP/1.1" 200 15499 "https://grimslut.com/exploring-the-multicanais-phenomenon/" "Mozilla/5.0 (Windows NT 6.1) AppleWebKit/537.36 (KHTML, like Gecko) Chrome/103.0.5060.114 Safari/537.36"
198.54.114.83 - - [01/Apr/2025:22:48:23 -0400] "POST /wp-cron.php?doing_wp_cron=1743562102.7849950790405273437500 HTTP/1.1" 200 0 "-" "WordPress/6.7.2; https://grimslut.com"
198.54.114.83 - - [01/Apr/2025:22:48:24 -0400] "POST /wp-admin/admin-ajax.php?action=async_litespeed&nonce=ENTv0D3nwzXLqLEeawPyS263Fj0XepOo&litespeed_type=imgoptm HTTP/1.1" 200 0 "-" "WordPress/6.7.2; https://grimslut.com"
195.200.31.148 - - [01/Apr/2025:22:48:20 -0400] "POST /wp-comments-post.php HTTP/1.1" 302 0 "https://grimslut.com/exploring-the-multicanais-phenomenon/" "Mozilla/5.0 (Windows NT 6.1) AppleWebKit/537.36 (KHTML, like Gecko) Chrome/103.0.5060.114 Safari/537.36"
195.200.31.148 - - [01/Apr/2025:22:48:26 -0400] "GET /exploring-the-multicanais-phenomenon/ HTTP/1.1" 200 16037 "https://grimslut.com/exploring-the-multicanais-phenomenon/#comment-6532" "Mozilla/5.0 (Windows NT 6.1) AppleWebKit/537.36 (KHTML, like Gecko) Chrome/103.0.5060.114 Safari/537.36"
165.227.84.75 - - [01/Apr/2025:22:52:29 -0400] "GET /wp-login.php HTTP/1.1" 200 1954 "-" "GRequests/0.10"
198.54.114.83 - - [01/Apr/2025:22:52:36 -0400] "POST /wp-cron.php?doing_wp_cron=1743562356.2166249752044677734375 HTTP/1.1" 200 0 "-" "WordPress/6.7.2; https://grimslut.com"
165.227.84.75 - - [01/Apr/2025:22:52:29 -0400] "POST /wp-login.php HTTP/1.1" 200 2086 "-" "GRequests/0.10"
198.54.114.83 - - [01/Apr/2025:22:54:33 -0400] "POST /wp-cron.php?doing_wp_cron=1743562473.2090139389038085937500 HTTP/1.1" 200 0 "-" "WordPress/6.7.2; https://grimslut.com"
5.56.132.109 - - [01/Apr/2025:22:54:29 -0400] "POST /xmlrpc.php HTTP/1.1" 200 205 "-" "Mozilla/5.0 (X11; Fedora; Linux x86_64; rv:94.0) Gecko/20100101 Firefox/95.0"
198.54.114.83 - - [01/Apr/2025:22:54:35 -0400] "POST /wp-admin/admin-ajax.php?action=async_litespeed&nonce=IQp1noeEQ0PS1j6EXWQrEy4fWhXTZc1g&litespeed_type=imgoptm HTTP/1.1" 200 0 "-" "WordPress/6.7.2; https://grimslut.com"
198.54.114.83 - - [01/Apr/2025:23:10:00 -0400] "POST /wp-cron.php?doing_wp_cron=1743563400.0961370468139648437500 HTTP/1.1" 200 0 "-" "WordPress/6.7.2; https://grimslut.com"
162.0.209.35 - - [01/Apr/2025:23:09:56 -0400] "GET /xmlrpc.php HTTP/1.1" 405 46 "http://grimslut.com" "Mozilla/5.0 (Macintosh; Intel Mac OS X 10_15_7) AppleWebKit/537.36 (KHTML, like Gecko) Chrome/116.0.5845.96 Safari/537.36"
198.54.114.83 - - [01/Apr/2025:23:10:01 -0400] "POST /wp-admin/admin-ajax.php?action=async_litespeed&nonce=oHpoDypzkqN1YHiEcMg0GicOalwQg1tq&litespeed_type=imgoptm HTTP/1.1" 200 0 "-" "WordPress/6.7.2; https://grimslut.com"
198.54.114.83 - - [01/Apr/2025:23:13:00 -0400] "POST /wp-cron.php?doing_wp_cron=1743563580.4331390857696533203125 HTTP/1.1" 200 0 "-" "WordPress/6.7.2; https://grimslut.com"
103.227.176.18 - - [01/Apr/2025:23:12:56 -0400] "POST /xmlrpc.php HTTP/1.1" 200 186 "https://grimslut.com" "Mozilla/5.0 (Windows NT 11.0; Win64; x64) AppleWebKit/537.36 (KHTML, like Gecko) Chrome/126.0.0.0 Safari/537.36"
198.54.114.83 - - [01/Apr/2025:23:13:01 -0400] "POST /wp-admin/admin-ajax.php?action=async_litespeed&nonce=3BKnihiiW5hmEj9oT6vc5jvGeI20oQ4J&litespeed_type=imgoptm HTTP/1.1" 200 5 "-" "WordPress/6.7.2; https://grimslut.com"
103.82.21.165 - - [01/Apr/2025:23:25:02 -0400] "GET /wp-login.php HTTP/1.1" 200 1954 "-" "GRequests/0.10"
103.82.21.165 - - [01/Apr/2025:23:25:05 -0400] "POST /wp-login.php HTTP/1.1" 200 2086 "-" "GRequests/0.10"
198.54.114.83 - - [01/Apr/2025:23:32:10 -0400] "POST /wp-cron.php?doing_wp_cron=1743564729.5104949474334716796875 HTTP/1.1" 200 0 "-" "WordPress/6.7.2; https://grimslut.com"
3.137.202.126 - - [01/Apr/2025:23:32:05 -0400] "GET /guitarunterricht-in-dusseldorf-entdecken-sie-ihre-leidenschaft HTTP/1.1" 301 0 "-" "Mozilla/5.0 AppleWebKit/537.36 (KHTML, like Gecko; compatible; ClaudeBot/1.0; +claudebot@anthropic.com)"
198.54.114.83 - - [01/Apr/2025:23:32:12 -0400] "POST /wp-admin/admin-ajax.php?action=async_litespeed&nonce=istFejZTmXkna4FWFXVUHlqmcf2OEsDK&litespeed_type=imgoptm HTTP/1.1" 200 0 "-" "WordPress/6.7.2; https://grimslut.com"
3.137.202.126 - - [01/Apr/2025:23:32:12 -0400] "GET /guitarunterricht-in-dusseldorf-entdecken-sie-ihre-leidenschaft/ HTTP/1.1" 200 15569 "https://grimslut.com/guitarunterricht-in-dusseldorf-entdecken-sie-ihre-leidenschaft" "Mozilla/5.0 AppleWebKit/537.36 (KHTML, like Gecko; compatible; ClaudeBot/1.0; +claudebot@anthropic.com)"
198.54.114.83 - - [01/Apr/2025:23:36:16 -0400] "POST /wp-cron.php?doing_wp_cron=1743564975.3186030387878417968750 HTTP/1.1" 200 0 "-" "WordPress/6.7.2; https://grimslut.com"
198.54.114.56 - - [01/Apr/2025:23:36:11 -0400] "GET /xmlrpc.php HTTP/1.1" 405 46 "http://grimslut.com" "Mozilla/5.0 (Windows NT 10.0; Win64; x64) AppleWebKit/537.36 (KHTML, like Gecko) Chrome/112.0.5615.138 Safari/537.36"
198.54.114.83 - - [01/Apr/2025:23:36:16 -0400] "POST /wp-admin/admin-ajax.php?action=async_litespeed&nonce=z7oWhGhcZJDKKUkodEYYF9DhxiGWx1Gv&litespeed_type=imgoptm HTTP/1.1" 200 0 "-" "WordPress/6.7.2; https://grimslut.com"
67.223.118.141 - - [01/Apr/2025:23:39:14 -0400] "POST /xmlrpc.php HTTP/1.1" 200 186 "https://grimslut.com" "Mozilla/5.0 (Windows NT 10.0; Win64; x64; rv:128.0) Gecko/20100101 Firefox/128.0"
198.54.114.83 - - [01/Apr/2025:23:39:20 -0400] "POST /wp-cron.php?doing_wp_cron=1743565158.2726140022277832031250 HTTP/1.1" 200 0 "-" "WordPress/6.7.2; https://grimslut.com"
198.54.114.83 - - [01/Apr/2025:23:44:59 -0400] "POST /wp-cron.php?doing_wp_cron=1743565498.3732199668884277343750 HTTP/1.1" 200 0 "-" "WordPress/6.7.2; https://grimslut.com"
3.144.44.164 - - [01/Apr/2025:23:44:53 -0400] "GET /erfahrungen-mit-dem-umzugsunternehmen-in-luneburg/feed HTTP/1.1" 301 0 "-" "Mozilla/5.0 AppleWebKit/537.36 (KHTML, like Gecko; compatible; ClaudeBot/1.0; +claudebot@anthropic.com)"
198.54.114.83 - - [01/Apr/2025:23:45:01 -0400] "POST /wp-admin/admin-ajax.php?action=async_litespeed&nonce=ITF3mTm5ORMiOyaYIk3D26tcSFM8UsBm&litespeed_type=imgoptm HTTP/1.1" 200 0 "-" "WordPress/6.7.2; https://grimslut.com"
3.144.44.164 - - [01/Apr/2025:23:45:02 -0400] "GET /erfahrungen-mit-dem-umzugsunternehmen-in-luneburg/feed/ HTTP/1.1" 200 417 "-" "Mozilla/5.0 AppleWebKit/537.36 (KHTML, like Gecko; compatible; ClaudeBot/1.0; +claudebot@anthropic.com)"
198.54.114.83 - - [01/Apr/2025:23:48:30 -0400] "POST /wp-cron.php?doing_wp_cron=1743565709.7175629138946533203125 HTTP/1.1" 200 0 "-" "WordPress/6.7.2; https://grimslut.com"
178.172.165.16 - - [01/Apr/2025:23:48:26 -0400] "POST /xmlrpc.php HTTP/1.1" 200 205 "-" "Mozilla/5.0 (X11; Fedora; Linux x86_64; rv:94.0) Gecko/20100101 Firefox/95.0"
198.54.114.83 - - [01/Apr/2025:23:48:30 -0400] "POST /wp-admin/admin-ajax.php?action=async_litespeed&nonce=XP39toZ4ZCarcut7ckgm3TXUxJFx1fph&litespeed_type=imgoptm HTTP/1.1" 200 5 "-" "WordPress/6.7.2; https://grimslut.com"
198.54.114.83 - - [01/Apr/2025:23:51:10 -0400] "POST /wp-cron.php?doing_wp_cron=1743565870.3918259143829345703125 HTTP/1.1" 200 0 "-" "WordPress/6.7.2; https://grimslut.com"
3.147.56.55 - - [01/Apr/2025:23:51:07 -0400] "GET /key-mocra-requirements-for-businesses HTTP/1.1" 301 0 "-" "Mozilla/5.0 AppleWebKit/537.36 (KHTML, like Gecko; compatible; ClaudeBot/1.0; +claudebot@anthropic.com)"
3.147.56.55 - - [01/Apr/2025:23:51:11 -0400] "GET /key-mocra-requirements-for-businesses/ HTTP/1.1" 200 15686 "https://grimslut.com/key-mocra-requirements-for-businesses" "Mozilla/5.0 AppleWebKit/537.36 (KHTML, like Gecko; compatible; ClaudeBot/1.0; +claudebot@anthropic.com)"
198.54.114.83 - - [01/Apr/2025:23:51:11 -0400] "POST /wp-admin/admin-ajax.php?action=async_litespeed&nonce=Cg5gauzzW1QjQ42vniyyvLEXLxiuBX7R&litespeed_type=imgoptm HTTP/1.1" 200 0 "-" "WordPress/6.7.2; https://grimslut.com"
40.90.238.35 - - [02/Apr/2025:00:00:46 -0400] "GET /wp-login.php HTTP/1.1" 200 1954 "-" "GRequests/0.10"
40.90.238.35 - - [02/Apr/2025:00:00:48 -0400] "POST /wp-login.php HTTP/1.1" 200 2086 "-" "GRequests/0.10"
198.54.114.83 - - [02/Apr/2025:00:00:53 -0400] "POST /wp-cron.php?doing_wp_cron=1743566451.9637670516967773437500 HTTP/1.1" 200 0 "-" "WordPress/6.7.2; https://grimslut.com"
198.54.114.83 - - [02/Apr/2025:00:01:53 -0400] "POST /wp-cron.php?doing_wp_cron=1743566512.3471679687500000000000 HTTP/1.1" 200 0 "-" "WordPress/6.7.2; https://grimslut.com"
18.117.105.149 - - [02/Apr/2025:00:01:51 -0400] "GET /?p=281 HTTP/1.1" 301 0 "-" "Mozilla/5.0 AppleWebKit/537.36 (KHTML, like Gecko; compatible; ClaudeBot/1.0; +claudebot@anthropic.com)"
18.117.105.149 - - [02/Apr/2025:00:01:55 -0400] "GET /convertidores-de-unidades-de-par-comprendiendo-su-importancia/ HTTP/1.1" 200 15514 "https://grimslut.com/?p=281" "Mozilla/5.0 AppleWebKit/537.36 (KHTML, like Gecko; compatible; ClaudeBot/1.0; +claudebot@anthropic.com)"
49.238.228.30 - - [02/Apr/2025:00:02:03 -0400] "GET /xmlrpc.php HTTP/1.1" 405 46 "http://grimslut.com" "Mozilla/5.0 (Macintosh; Intel Mac OS X 10.15; rv:126.0) Gecko/20100101 Firefox/126.0"
198.54.114.83 - - [02/Apr/2025:00:04:58 -0400] "POST /wp-cron.php?doing_wp_cron=1743566697.4790740013122558593750 HTTP/1.1" 200 0 "-" "WordPress/6.7.2; https://grimslut.com"
190.3.171.54 - - [02/Apr/2025:00:04:54 -0400] "POST /xmlrpc.php HTTP/1.1" 200 186 "https://grimslut.com" "Mozilla/5.0 (Windows NT 10.0; Win64; x64; rv:129.0) Gecko/20100101 Firefox/129.0"
198.54.114.83 - - [02/Apr/2025:00:04:59 -0400] "POST /wp-admin/admin-ajax.php?action=async_litespeed&nonce=4Bje3V0Nfr2KsXFc2MnOGGy8Hxq3QSq8&litespeed_type=imgoptm HTTP/1.1" 200 0 "-" "WordPress/6.7.2; https://grimslut.com"
198.54.114.83 - - [02/Apr/2025:00:06:35 -0400] "POST /wp-cron.php?doing_wp_cron=1743566794.6189529895782470703125 HTTP/1.1" 200 0 "-" "WordPress/6.7.2; https://grimslut.com"
18.223.29.51 - - [02/Apr/2025:00:06:30 -0400] "GET /buchhaltung-meistern-navigieren-in-den-tiefen-der-deutschen-buchhaltung HTTP/1.1" 301 0 "-" "Mozilla/5.0 AppleWebKit/537.36 (KHTML, like Gecko; compatible; ClaudeBot/1.0; +claudebot@anthropic.com)"
198.54.114.83 - - [02/Apr/2025:00:06:35 -0400] "POST /wp-admin/admin-ajax.php?action=async_litespeed&nonce=jZViBu0ADYAzqn7x1q1U9kh5BZ9OQlqr&litespeed_type=imgoptm HTTP/1.1" 200 0 "-" "WordPress/6.7.2; https://grimslut.com"
18.223.29.51 - - [02/Apr/2025:00:06:36 -0400] "GET /buchhaltung-meistern-navigieren-in-den-tiefen-der-deutschen-buchhaltung/ HTTP/1.1" 200 16169 "-" "Mozilla/5.0 AppleWebKit/537.36 (KHTML, like Gecko; compatible; ClaudeBot/1.0; +claudebot@anthropic.com)"
211.46.42.140 - - [02/Apr/2025:00:06:48 -0400] "GET /maximizing-your-business-trip-experience-with-massage-therapy/ HTTP/1.1" 200 15908 "https://grimslut.com/maximizing-your-business-trip-experience-with-massage-therapy/#comment-6036" "Mozilla/5.0 (Windows NT 6.3) AppleWebKit/537.36 (KHTML, like Gecko) Chrome/103.0.0.0 Safari/537.36"
211.46.42.140 - - [02/Apr/2025:00:06:49 -0400] "GET /retro-bowl-a-nostalgic-sports-game-revolution/ HTTP/1.1" 200 15518 "https://grimslut.com/retro-bowl-a-nostalgic-sports-game-revolution/#comment-5773" "Mozilla/5.0 (Windows NT 10.0; Win64; x64) AppleWebKit/537.36 (KHTML, like Gecko) Chrome/103.0.5060.134 Safari/537.36"
211.46.42.140 - - [02/Apr/2025:00:06:51 -0400] "POST /wp-comments-post.php HTTP/1.1" 302 0 "https://grimslut.com/maximizing-your-business-trip-experience-with-massage-therapy/#comment-6036" "Mozilla/5.0 (Windows NT 6.3) AppleWebKit/537.36 (KHTML, like Gecko) Chrome/103.0.0.0 Safari/537.36"
211.46.42.140 - - [02/Apr/2025:00:06:52 -0400] "POST /wp-comments-post.php HTTP/1.1" 429 983 "https://grimslut.com/retro-bowl-a-nostalgic-sports-game-revolution/#comment-5773" "Mozilla/5.0 (Windows NT 10.0; Win64; x64) AppleWebKit/537.36 (KHTML, like Gecko) Chrome/103.0.5060.134 Safari/537.36"
211.46.42.140 - - [02/Apr/2025:00:06:55 -0400] "GET /retro-bowl-a-nostalgic-sports-game-revolution/ HTTP/1.1" 200 15518 "https://grimslut.com/retro-bowl-a-nostalgic-sports-game-revolution/#comment-5773" "Mozilla/5.0 (Windows NT 10.0; Win64; x64) AppleWebKit/537.36 (KHTML, like Gecko) Chrome/103.0.5060.134 Safari/537.36"
211.46.42.140 - - [02/Apr/2025:00:06:55 -0400] "GET /maximizing-your-business-trip-experience-with-massage-therapy/ HTTP/1.1" 200 17106 "https://grimslut.com/maximizing-your-business-trip-experience-with-massage-therapy/#comment-6533" "Mozilla/5.0 (Windows NT 6.3) AppleWebKit/537.36 (KHTML, like Gecko) Chrome/103.0.0.0 Safari/537.36"
211.46.42.140 - - [02/Apr/2025:00:06:58 -0400] "GET /author/admin/ HTTP/1.1" 200 14856 "https://grimslut.com/author/admin/" "Mozilla/5.0 (Windows NT 10.0; Win64; x64) AppleWebKit/537.36 (KHTML, like Gecko) Chrome/103.0.5060.134 Safari/537.36"
211.46.42.140 - - [02/Apr/2025:00:07:01 -0400] "GET /retro-bowl-a-nostalgic-sports-game-revolution/ HTTP/1.1" 200 15518 "https://grimslut.com/retro-bowl-a-nostalgic-sports-game-revolution/" "Mozilla/5.0 (Windows NT 10.0; Win64; x64) AppleWebKit/537.36 (KHTML, like Gecko) Chrome/103.0.5060.134 Safari/537.36"
198.54.114.83 - - [02/Apr/2025:00:23:50 -0400] "POST /wp-cron.php?doing_wp_cron=1743567829.4077570438385009765625 HTTP/1.1" 200 0 "-" "WordPress/6.7.2; https://grimslut.com"
2a03:b0c0:1:e0::550:4001 - - [02/Apr/2025:00:23:45 -0400] "POST /xmlrpc.php HTTP/1.1" 200 205 "-" "Mozilla/5.0 (X11; Fedora; Linux x86_64; rv:94.0) Gecko/20100101 Firefox/95.0"
198.54.114.83 - - [02/Apr/2025:00:27:42 -0400] "POST /wp-cron.php?doing_wp_cron=1743568062.3074479103088378906250 HTTP/1.1" 200 0 "-" "WordPress/6.7.2; https://grimslut.com"
198.54.120.87 - - [02/Apr/2025:00:27:39 -0400] "GET /xmlrpc.php HTTP/1.1" 405 46 "http://grimslut.com" "Mozilla/5.0 (Windows NT 10.0; Win64; x64) AppleWebKit/537.36 (KHTML, like Gecko) Chrome/114.0.5735.199 Safari/537.36 Edg/114.0.1823.67"
198.54.114.83 - - [02/Apr/2025:00:27:43 -0400] "POST /wp-admin/admin-ajax.php?action=async_litespeed&nonce=KXeUslzEI3Biu6Dhu5k8x91TqBXgVAZW&litespeed_type=imgoptm HTTP/1.1" 200 5 "-" "WordPress/6.7.2; https://grimslut.com"
198.54.114.83 - - [02/Apr/2025:00:30:24 -0400] "POST /wp-cron.php?doing_wp_cron=1743568224.0660209655761718750000 HTTP/1.1" 200 0 "-" "WordPress/6.7.2; https://grimslut.com"
68.178.168.103 - - [02/Apr/2025:00:30:18 -0400] "POST /xmlrpc.php HTTP/1.1" 200 186 "https://grimslut.com" "Mozilla/5.0 (Macintosh; Intel Mac OS X 10.15; rv:126.0) Gecko/20100101 Firefox/126.0"
198.54.114.83 - - [02/Apr/2025:00:30:26 -0400] "POST /wp-admin/admin-ajax.php?action=async_litespeed&nonce=gIYj6Etm0nG1Yv80bvUCBvrpv7sViQWo&litespeed_type=imgoptm HTTP/1.1" 200 0 "-" "WordPress/6.7.2; https://grimslut.com"
160.187.22.25 - - [02/Apr/2025:00:37:55 -0400] "GET /wp-login.php HTTP/1.1" 200 1954 "-" "GRequests/0.10"
198.54.114.83 - - [02/Apr/2025:00:38:00 -0400] "POST /wp-cron.php?doing_wp_cron=1743568680.0639660358428955078125 HTTP/1.1" 200 0 "-" "WordPress/6.7.2; https://grimslut.com"
160.187.22.25 - - [02/Apr/2025:00:37:56 -0400] "POST /wp-login.php HTTP/1.1" 200 2086 "-" "GRequests/0.10"
198.54.114.83 - - [02/Apr/2025:00:38:01 -0400] "POST /wp-admin/admin-ajax.php?action=async_litespeed&nonce=y5NiJfmy1ybrBJdt0sYqtjNjoa7UiZ2n&litespeed_type=imgoptm HTTP/1.1" 200 0 "-" "WordPress/6.7.2; https://grimslut.com"
2.57.170.18 - - [02/Apr/2025:00:47:31 -0400] "GET /.env HTTP/1.1" 403 1242 "-" "Mozilla/5.0 (Macintosh; Intel Mac OS X 10.15; rv:77.0) Gecko/20100101 Firefox/77.0"
64.64.108.67 - - [02/Apr/2025:00:47:32 -0400] "GET /wp-content/ HTTP/1.1" 200 0 "-" "Mozilla/5.0 (Macintosh; Intel Mac OS X 10.15; rv:77.0) Gecko/20100101 Firefox/77.0"
45.55.35.120 - - [02/Apr/2025:00:47:37 -0400] "GET / HTTP/1.1" 200 20855 "-" "Mozilla/5.0 (Windows NT 10.0; Win64; x64) AppleWebKit/537.36 (KHTML, like Gecko) Chrome/80.0.3987.149 Safari/537.36"
198.54.114.83 - - [02/Apr/2025:00:47:39 -0400] "POST /wp-cron.php?doing_wp_cron=1743569259.5641520023345947265625 HTTP/1.1" 200 0 "-" "WordPress/6.7.2; https://grimslut.com"
45.55.35.120 - - [02/Apr/2025:00:47:37 -0400] "GET //wp-includes/wlwmanifest.xml HTTP/1.1" 301 0 "-" "Mozilla/5.0 (Windows NT 10.0; Win64; x64) AppleWebKit/537.36 (KHTML, like Gecko) Chrome/80.0.3987.149 Safari/537.36"
45.55.35.120 - - [02/Apr/2025:00:47:40 -0400] "GET //xmlrpc.php?rsd HTTP/1.1" 200 292 "-" "Mozilla/5.0 (Windows NT 10.0; Win64; x64) AppleWebKit/537.36 (KHTML, like Gecko) Chrome/80.0.3987.149 Safari/537.36"
45.55.35.120 - - [02/Apr/2025:00:47:40 -0400] "GET //?author=1 HTTP/1.1" 301 0 "-" "Mozilla/5.0 (Windows NT 10.0; Win64; x64) AppleWebKit/537.36 (KHTML, like Gecko) Chrome/80.0.3987.149 Safari/537.36"
45.55.35.120 - - [02/Apr/2025:00:47:40 -0400] "GET //?author=2 HTTP/1.1" 301 0 "-" "Mozilla/5.0 (Windows NT 10.0; Win64; x64) AppleWebKit/537.36 (KHTML, like Gecko) Chrome/80.0.3987.149 Safari/537.36"
45.55.35.120 - - [02/Apr/2025:00:47:40 -0400] "GET //wp-json/wp/v2/users/ HTTP/1.1" 200 1236 "-" "Mozilla/5.0 (Windows NT 10.0; Win64; x64) AppleWebKit/537.36 (KHTML, like Gecko) Chrome/80.0.3987.149 Safari/537.36"
198.54.114.83 - - [02/Apr/2025:00:47:40 -0400] "POST /wp-admin/admin-ajax.php?action=async_litespeed&nonce=yvT9kttA3rUXc6n9KMy5LZdmI3Zk9nrP&litespeed_type=imgoptm HTTP/1.1" 200 5 "-" "WordPress/6.7.2; https://grimslut.com"
45.55.35.120 - - [02/Apr/2025:00:47:40 -0400] "POST //xmlrpc.php HTTP/1.1" 200 189 "-" "Mozilla/5.0 (Windows NT 10.0; Win64; x64) AppleWebKit/537.36 (KHTML, like Gecko) Chrome/80.0.3987.149 Safari/537.36"
45.55.35.120 - - [02/Apr/2025:00:47:40 -0400] "POST //xmlrpc.php HTTP/1.1" 200 205 "-" "Mozilla/5.0 (Windows NT 10.0; Win64; x64) AppleWebKit/537.36 (KHTML, like Gecko) Chrome/80.0.3987.149 Safari/537.36"
45.55.35.120 - - [02/Apr/2025:00:47:41 -0400] "POST //xmlrpc.php HTTP/1.1" 200 189 "-" "Mozilla/5.0 (Windows NT 10.0; Win64; x64) AppleWebKit/537.36 (KHTML, like Gecko) Chrome/80.0.3987.149 Safari/537.36"
45.55.35.120 - - [02/Apr/2025:00:47:41 -0400] "POST //xmlrpc.php HTTP/1.1" 200 205 "-" "Mozilla/5.0 (Windows NT 10.0; Win64; x64) AppleWebKit/537.36 (KHTML, like Gecko) Chrome/80.0.3987.149 Safari/537.36"
45.55.35.120 - - [02/Apr/2025:00:47:41 -0400] "POST //xmlrpc.php HTTP/1.1" 200 205 "-" "Mozilla/5.0 (Windows NT 10.0; Win64; x64) AppleWebKit/537.36 (KHTML, like Gecko) Chrome/80.0.3987.149 Safari/537.36"
45.55.35.120 - - [02/Apr/2025:00:47:41 -0400] "POST //xmlrpc.php HTTP/1.1" 200 205 "-" "Mozilla/5.0 (Windows NT 10.0; Win64; x64) AppleWebKit/537.36 (KHTML, like Gecko) Chrome/80.0.3987.149 Safari/537.36"
198.54.114.83 - - [02/Apr/2025:00:49:01 -0400] "POST /wp-cron.php?doing_wp_cron=1743569340.9631500244140625000000 HTTP/1.1" 200 0 "-" "WordPress/6.7.2; https://grimslut.com"
68.178.168.103 - - [02/Apr/2025:00:48:59 -0400] "GET /xmlrpc.php HTTP/1.1" 405 46 "http://grimslut.com" "Mozilla/5.0 (Macintosh; Intel Mac OS X 13.3; rv:126.0) Gecko/20100101 Firefox/126.0"
198.54.114.83 - - [02/Apr/2025:00:49:03 -0400] "POST /wp-admin/admin-ajax.php?action=async_litespeed&nonce=OfKHPk8saQ0q8fn2UF60l9XwXwrC4nKB&litespeed_type=imgoptm HTTP/1.1" 200 0 "-" "WordPress/6.7.2; https://grimslut.com"
198.54.114.83 - - [02/Apr/2025:00:51:41 -0400] "POST /wp-cron.php?doing_wp_cron=1743569500.6448659896850585937500 HTTP/1.1" 200 0 "-" "WordPress/6.7.2; https://grimslut.com"
194.163.180.153 - - [02/Apr/2025:00:51:38 -0400] "POST /xmlrpc.php HTTP/1.1" 200 186 "https://grimslut.com" "Mozilla/5.0 (Windows NT 10.0; Win64; x64) AppleWebKit/537.36 (KHTML, like Gecko) Chrome/115.0.5790.102 Safari/537.36"
198.54.114.83 - - [02/Apr/2025:00:51:41 -0400] "POST /wp-admin/admin-ajax.php?action=async_litespeed&nonce=Ph4aiWcKfLZuDV7qDs00nxogKS1yJggG&litespeed_type=imgoptm HTTP/1.1" 200 5 "-" "WordPress/6.7.2; https://grimslut.com"
43.157.168.43 - - [02/Apr/2025:00:52:05 -0400] "GET / HTTP/1.1" 200 20855 "http://grimslut.com" "Mozilla/5.0 (iPhone; CPU iPhone OS 13_2_3 like Mac OS X) AppleWebKit/605.1.15 (KHTML, like Gecko) Version/13.0.3 Mobile/15E148 Safari/604.1"
198.54.114.83 - - [02/Apr/2025:00:53:34 -0400] "POST /wp-cron.php?doing_wp_cron=1743569613.9141740798950195312500 HTTP/1.1" 200 0 "-" "WordPress/6.7.2; https://grimslut.com"
2607:f298:6:a034::d83:387b - - [02/Apr/2025:00:53:32 -0400] "POST /xmlrpc.php HTTP/1.1" 200 205 "-" "Mozilla/5.0 (X11; Fedora; Linux x86_64; rv:94.0) Gecko/20100101 Firefox/95.0"
198.54.114.83 - - [02/Apr/2025:00:53:34 -0400] "POST /wp-admin/admin-ajax.php?action=async_litespeed&nonce=F9pyNawO5OlmwlK6B2flj8Cpzr1xsrj7&litespeed_type=imgoptm HTTP/1.1" 200 5 "-" "WordPress/6.7.2; https://grimslut.com"
198.54.114.83 - - [02/Apr/2025:01:07:25 -0400] "POST /wp-cron.php?doing_wp_cron=1743570444.7244238853454589843750 HTTP/1.1" 200 0 "-" "WordPress/6.7.2; https://grimslut.com"
198.54.114.83 - - [02/Apr/2025:01:07:27 -0400] "POST /wp-admin/admin-ajax.php?action=async_litespeed&nonce=CXnjf7YIC957308GC7zcxbVVyr8ZMq0t&litespeed_type=imgoptm HTTP/1.1" 200 0 "-" "WordPress/6.7.2; https://grimslut.com"
43.133.91.48 - - [02/Apr/2025:01:07:21 -0400] "GET /leading-ivf-clinics-in-dubai-offering-advanced-fertility-treatments/ HTTP/1.1" 200 16081 "-" "Mozilla/5.0 (iPhone; CPU iPhone OS 13_2_3 like Mac OS X) AppleWebKit/605.1.15 (KHTML, like Gecko) Version/13.0.3 Mobile/15E148 Safari/604.1"
198.54.114.83 - - [02/Apr/2025:01:14:03 -0400] "POST /wp-cron.php?doing_wp_cron=1743570843.0068650245666503906250 HTTP/1.1" 200 0 "-" "WordPress/6.7.2; https://grimslut.com"
103.148.164.166 - - [02/Apr/2025:01:13:57 -0400] "GET /xmlrpc.php HTTP/1.1" 405 46 "http://grimslut.com" "Mozilla/5.0 (Macintosh; Intel Mac OS X 10_15_7; rv:125.0.1) Gecko/20100101 Firefox/125.0.1"
198.54.114.83 - - [02/Apr/2025:01:14:04 -0400] "POST /wp-admin/admin-ajax.php?action=async_litespeed&nonce=qjlUZyS4cWinVstInJKRhuaXQwZiZDxh&litespeed_type=imgoptm HTTP/1.1" 200 0 "-" "WordPress/6.7.2; https://grimslut.com"
198.54.114.83 - - [02/Apr/2025:01:15:28 -0400] "POST /wp-cron.php?doing_wp_cron=1743570927.8844060897827148437500 HTTP/1.1" 200 0 "-" "WordPress/6.7.2; https://grimslut.com"
43.157.150.69 - - [02/Apr/2025:01:15:26 -0400] "GET /elegance-des-panneaux-decoratifs-en-bois/ HTTP/1.1" 200 15783 "-" "Mozilla/5.0 (iPhone; CPU iPhone OS 13_2_3 like Mac OS X) AppleWebKit/605.1.15 (KHTML, like Gecko) Version/13.0.3 Mobile/15E148 Safari/604.1"
198.54.114.83 - - [02/Apr/2025:01:15:28 -0400] "POST /wp-admin/admin-ajax.php?action=async_litespeed&nonce=sFMzgEnNAe5Kaq6eiv2T2zr09JbnvaX2&litespeed_type=imgoptm HTTP/1.1" 200 5 "-" "WordPress/6.7.2; https://grimslut.com"
198.54.114.83 - - [02/Apr/2025:01:16:51 -0400] "POST /wp-cron.php?doing_wp_cron=1743571010.9774730205535888671875 HTTP/1.1" 200 0 "-" "WordPress/6.7.2; https://grimslut.com"
162.0.209.167 - - [02/Apr/2025:01:16:48 -0400] "POST /xmlrpc.php HTTP/1.1" 200 186 "https://grimslut.com" "Mozilla/5.0 (Windows NT 11.0; Win64; x64; rv:126.0) Gecko/20100101 Firefox/126.0"
198.54.114.83 - - [02/Apr/2025:01:16:52 -0400] "POST /wp-admin/admin-ajax.php?action=async_litespeed&nonce=gWSL0k5DS3Q1Bqx84nI4ugZ1OuQB3ODa&litespeed_type=imgoptm HTTP/1.1" 200 5 "-" "WordPress/6.7.2; https://grimslut.com"
198.54.114.83 - - [02/Apr/2025:01:22:21 -0400] "POST /wp-cron.php?doing_wp_cron=1743571341.4838769435882568359375 HTTP/1.1" 200 0 "-" "WordPress/6.7.2; https://grimslut.com"
167.71.69.173 - - [02/Apr/2025:01:22:18 -0400] "POST /xmlrpc.php HTTP/1.1" 200 205 "-" "Mozilla/5.0 (X11; Fedora; Linux x86_64; rv:94.0) Gecko/20100101 Firefox/95.0"
198.54.114.83 - - [02/Apr/2025:01:22:22 -0400] "POST /wp-admin/admin-ajax.php?action=async_litespeed&nonce=awP3KgDWHtyPNvIaw8dq4Ti1n8DJKKy5&litespeed_type=imgoptm HTTP/1.1" 200 5 "-" "WordPress/6.7.2; https://grimslut.com"
18.222.133.224 - - [02/Apr/2025:01:24:55 -0400] "GET /robots.txt HTTP/1.1" 304 0 "-" "Mozilla/5.0 AppleWebKit/537.36 (KHTML, like Gecko; compatible; ClaudeBot/1.0; +claudebot@anthropic.com)"
18.222.133.224 - - [02/Apr/2025:01:24:56 -0400] "GET /?p=184 HTTP/1.1" 301 0 "-" "Mozilla/5.0 AppleWebKit/537.36 (KHTML, like Gecko; compatible; ClaudeBot/1.0; +claudebot@anthropic.com)"
18.222.133.224 - - [02/Apr/2025:01:24:56 -0400] "GET /?p=123 HTTP/1.1" 301 0 "-" "Mozilla/5.0 AppleWebKit/537.36 (KHTML, like Gecko; compatible; ClaudeBot/1.0; +claudebot@anthropic.com)"
18.222.133.224 - - [02/Apr/2025:01:24:56 -0400] "GET /?p=147 HTTP/1.1" 301 0 "-" "Mozilla/5.0 AppleWebKit/537.36 (KHTML, like Gecko; compatible; ClaudeBot/1.0; +claudebot@anthropic.com)"
18.222.133.224 - - [02/Apr/2025:01:24:57 -0400] "GET /?p=267 HTTP/1.1" 301 0 "-" "Mozilla/5.0 AppleWebKit/537.36 (KHTML, like Gecko; compatible; ClaudeBot/1.0; +claudebot@anthropic.com)"
18.222.133.224 - - [02/Apr/2025:01:24:58 -0400] "GET /the-rise-of-electric-three-wheeler-forklift-rentals/ HTTP/1.1" 200 15651 "https://grimslut.com/?p=184" "Mozilla/5.0 AppleWebKit/537.36 (KHTML, like Gecko; compatible; ClaudeBot/1.0; +claudebot@anthropic.com)"
18.222.133.224 - - [02/Apr/2025:01:24:58 -0400] "GET /the-versatility-and-value-of-wholesale-ppr-pipes/ HTTP/1.1" 200 15693 "https://grimslut.com/?p=147" "Mozilla/5.0 AppleWebKit/537.36 (KHTML, like Gecko; compatible; ClaudeBot/1.0; +claudebot@anthropic.com)"
18.222.133.224 - - [02/Apr/2025:01:24:58 -0400] "GET /unlocking-success-buy-youtube-views-for-less/ HTTP/1.1" 200 15842 "https://grimslut.com/?p=123" "Mozilla/5.0 AppleWebKit/537.36 (KHTML, like Gecko; compatible; ClaudeBot/1.0; +claudebot@anthropic.com)"
18.222.133.224 - - [02/Apr/2025:01:24:58 -0400] "GET /unveiling-the-potential-of-stake-oasis-protocol/ HTTP/1.1" 200 15416 "https://grimslut.com/?p=267" "Mozilla/5.0 AppleWebKit/537.36 (KHTML, like Gecko; compatible; ClaudeBot/1.0; +claudebot@anthropic.com)"
198.54.114.83 - - [02/Apr/2025:01:24:58 -0400] "POST /wp-cron.php?doing_wp_cron=1743571498.0609860420227050781250 HTTP/1.1" 200 0 "-" "WordPress/6.7.2; https://grimslut.com"
18.222.133.224 - - [02/Apr/2025:01:24:58 -0400] "GET /?p=439 HTTP/1.1" 301 0 "-" "Mozilla/5.0 AppleWebKit/537.36 (KHTML, like Gecko; compatible; ClaudeBot/1.0; +claudebot@anthropic.com)"
18.222.133.224 - - [02/Apr/2025:01:24:56 -0400] "GET /?p=269 HTTP/1.1" 301 0 "-" "Mozilla/5.0 AppleWebKit/537.36 (KHTML, like Gecko; compatible; ClaudeBot/1.0; +claudebot@anthropic.com)"
18.222.133.224 - - [02/Apr/2025:01:24:58 -0400] "GET /professionelle-umzugsdienstleistungen-in-hamburg/ HTTP/1.1" 200 15270 "https://grimslut.com/?p=439" "Mozilla/5.0 AppleWebKit/537.36 (KHTML, like Gecko; compatible; ClaudeBot/1.0; +claudebot@anthropic.com)"
18.222.133.224 - - [02/Apr/2025:01:24:58 -0400] "GET /a-timeless-wardrobe-staple/ HTTP/1.1" 200 15358 "https://grimslut.com/?p=269" "Mozilla/5.0 AppleWebKit/537.36 (KHTML, like Gecko; compatible; ClaudeBot/1.0; +claudebot@anthropic.com)"
18.222.133.224 - - [02/Apr/2025:01:24:58 -0400] "GET /?p=112 HTTP/1.1" 301 0 "-" "Mozilla/5.0 AppleWebKit/537.36 (KHTML, like Gecko; compatible; ClaudeBot/1.0; +claudebot@anthropic.com)"
18.222.133.224 - - [02/Apr/2025:01:24:58 -0400] "GET /finanzen-prazise-steuern-die-entscheidende-rolle-eines-steuerberaters/ HTTP/1.1" 200 15976 "https://grimslut.com/?p=112" "Mozilla/5.0 AppleWebKit/537.36 (KHTML, like Gecko; compatible; ClaudeBot/1.0; +claudebot@anthropic.com)"
18.222.133.224 - - [02/Apr/2025:01:24:58 -0400] "GET /?p=262 HTTP/1.1" 301 0 "-" "Mozilla/5.0 AppleWebKit/537.36 (KHTML, like Gecko; compatible; ClaudeBot/1.0; +claudebot@anthropic.com)"
18.222.133.224 - - [02/Apr/2025:01:24:59 -0400] "GET /discover-the-benefits-of-modular-homes-for-sale/ HTTP/1.1" 200 15347 "https://grimslut.com/?p=262" "Mozilla/5.0 AppleWebKit/537.36 (KHTML, like Gecko; compatible; ClaudeBot/1.0; +claudebot@anthropic.com)"
198.54.114.83 - - [02/Apr/2025:01:24:58 -0400] "POST /wp-admin/admin-ajax.php?action=async_litespeed&nonce=Ia8ugEI1L20bwO0nLS6syvBLgOPq4vQy&litespeed_type=imgoptm HTTP/1.1" 200 5 "-" "WordPress/6.7.2; https://grimslut.com"
18.222.133.224 - - [02/Apr/2025:01:24:58 -0400] "GET /?p=261 HTTP/1.1" 301 0 "-" "Mozilla/5.0 AppleWebKit/537.36 (KHTML, like Gecko; compatible; ClaudeBot/1.0; +claudebot@anthropic.com)"
18.222.133.224 - - [02/Apr/2025:01:24:59 -0400] "GET /the-benefits-and-techniques-of-massage-therapy/ HTTP/1.1" 200 15727 "https://grimslut.com/?p=261" "Mozilla/5.0 AppleWebKit/537.36 (KHTML, like Gecko; compatible; ClaudeBot/1.0; +claudebot@anthropic.com)"
18.222.133.224 - - [02/Apr/2025:01:24:59 -0400] "GET /?p=110 HTTP/1.1" 301 0 "-" "Mozilla/5.0 AppleWebKit/537.36 (KHTML, like Gecko; compatible; ClaudeBot/1.0; +claudebot@anthropic.com)"
18.222.133.224 - - [02/Apr/2025:01:24:59 -0400] "GET /revolutionizing-style-custom-socks-with-no-minimum-order-quantity-moq/ HTTP/1.1" 200 15652 "https://grimslut.com/?p=110" "Mozilla/5.0 AppleWebKit/537.36 (KHTML, like Gecko; compatible; ClaudeBot/1.0; +claudebot@anthropic.com)"
18.222.133.224 - - [02/Apr/2025:01:24:59 -0400] "GET /?p=433 HTTP/1.1" 301 0 "-" "Mozilla/5.0 AppleWebKit/537.36 (KHTML, like Gecko; compatible; ClaudeBot/1.0; +claudebot@anthropic.com)"
18.222.133.224 - - [02/Apr/2025:01:24:59 -0400] "GET /umzugsunternehmen-in-luneburg-ihr-partner-fur-einen-stressfreien-umzug/ HTTP/1.1" 200 15673 "https://grimslut.com/?p=433" "Mozilla/5.0 AppleWebKit/537.36 (KHTML, like Gecko; compatible; ClaudeBot/1.0; +claudebot@anthropic.com)"
18.222.133.224 - - [02/Apr/2025:01:24:59 -0400] "GET /?p=152 HTTP/1.1" 301 0 "-" "Mozilla/5.0 AppleWebKit/537.36 (KHTML, like Gecko; compatible; ClaudeBot/1.0; +claudebot@anthropic.com)"
18.222.133.224 - - [02/Apr/2025:01:24:59 -0400] "GET /entspannung-pur-agriturismo-am-gardasee-mit-pool/ HTTP/1.1" 200 15390 "https://grimslut.com/?p=152" "Mozilla/5.0 AppleWebKit/537.36 (KHTML, like Gecko; compatible; ClaudeBot/1.0; +claudebot@anthropic.com)"
3.145.41.133 - - [02/Apr/2025:01:25:59 -0400] "GET /?p=437 HTTP/1.1" 301 0 "-" "Mozilla/5.0 AppleWebKit/537.36 (KHTML, like Gecko; compatible; ClaudeBot/1.0; +claudebot@anthropic.com)"
3.145.41.133 - - [02/Apr/2025:01:25:59 -0400] "GET /?p=186 HTTP/1.1" 301 0 "-" "Mozilla/5.0 AppleWebKit/537.36 (KHTML, like Gecko; compatible; ClaudeBot/1.0; +claudebot@anthropic.com)"
3.145.41.133 - - [02/Apr/2025:01:25:59 -0400] "GET /ihre-zuverlassigen-partner/ HTTP/1.1" 200 15390 "https://grimslut.com/?p=437" "Mozilla/5.0 AppleWebKit/537.36 (KHTML, like Gecko; compatible; ClaudeBot/1.0; +claudebot@anthropic.com)"
3.145.41.133 - - [02/Apr/2025:01:26:00 -0400] "GET /une-nouvelle-frontiere-du-divertissement/ HTTP/1.1" 200 15545 "https://grimslut.com/?p=186" "Mozilla/5.0 AppleWebKit/537.36 (KHTML, like Gecko; compatible; ClaudeBot/1.0; +claudebot@anthropic.com)"
3.145.41.133 - - [02/Apr/2025:01:25:59 -0400] "GET /?p=116 HTTP/1.1" 301 0 "-" "Mozilla/5.0 AppleWebKit/537.36 (KHTML, like Gecko; compatible; ClaudeBot/1.0; +claudebot@anthropic.com)"
198.54.114.83 - - [02/Apr/2025:01:26:00 -0400] "POST /wp-cron.php?doing_wp_cron=1743571559.8430080413818359375000 HTTP/1.1" 200 0 "-" "WordPress/6.7.2; https://grimslut.com"
3.145.41.133 - - [02/Apr/2025:01:26:00 -0400] "GET /?p=144 HTTP/1.1" 301 0 "-" "Mozilla/5.0 AppleWebKit/537.36 (KHTML, like Gecko; compatible; ClaudeBot/1.0; +claudebot@anthropic.com)"
3.145.41.133 - - [02/Apr/2025:01:25:59 -0400] "GET /?p=274 HTTP/1.1" 301 0 "-" "Mozilla/5.0 AppleWebKit/537.36 (KHTML, like Gecko; compatible; ClaudeBot/1.0; +claudebot@anthropic.com)"
3.145.41.133 - - [02/Apr/2025:01:26:00 -0400] "GET /revolutionizing-workspaces-the-all-encompassing-approach-of-360-office-solutions/ HTTP/1.1" 200 15872 "https://grimslut.com/?p=116" "Mozilla/5.0 AppleWebKit/537.36 (KHTML, like Gecko; compatible; ClaudeBot/1.0; +claudebot@anthropic.com)"
3.145.41.133 - - [02/Apr/2025:01:26:00 -0400] "GET /stride-in-style-elevating-performance-with-custom-sports-socks/ HTTP/1.1" 200 15565 "https://grimslut.com/?p=144" "Mozilla/5.0 AppleWebKit/537.36 (KHTML, like Gecko; compatible; ClaudeBot/1.0; +claudebot@anthropic.com)"
3.145.41.133 - - [02/Apr/2025:01:26:00 -0400] "GET /ceti-crypto-the-next-evolution-in-blockchain/ HTTP/1.1" 200 15489 "https://grimslut.com/?p=274" "Mozilla/5.0 AppleWebKit/537.36 (KHTML, like Gecko; compatible; ClaudeBot/1.0; +claudebot@anthropic.com)"
3.145.41.133 - - [02/Apr/2025:01:26:00 -0400] "GET /?p=510 HTTP/1.1" 301 0 "-" "Mozilla/5.0 AppleWebKit/537.36 (KHTML, like Gecko; compatible; ClaudeBot/1.0; +claudebot@anthropic.com)"
3.145.41.133 - - [02/Apr/2025:01:26:00 -0400] "GET /the-benefits-of-business-trips-massage/ HTTP/1.1" 200 15403 "https://grimslut.com/?p=510" "Mozilla/5.0 AppleWebKit/537.36 (KHTML, like Gecko; compatible; ClaudeBot/1.0; +claudebot@anthropic.com)"
3.145.41.133 - - [02/Apr/2025:01:26:00 -0400] "GET /?p=101 HTTP/1.1" 301 0 "-" "Mozilla/5.0 AppleWebKit/537.36 (KHTML, like Gecko; compatible; ClaudeBot/1.0; +claudebot@anthropic.com)"
3.145.41.133 - - [02/Apr/2025:01:26:00 -0400] "GET /unlocking-the-potency-exploring-the-best-cbd-tinctures-in-the-market/ HTTP/1.1" 200 15948 "https://grimslut.com/?p=101" "Mozilla/5.0 AppleWebKit/537.36 (KHTML, like Gecko; compatible; ClaudeBot/1.0; +claudebot@anthropic.com)"
3.145.41.133 - - [02/Apr/2025:01:26:00 -0400] "GET /?p=259 HTTP/1.1" 301 0 "-" "Mozilla/5.0 AppleWebKit/537.36 (KHTML, like Gecko; compatible; ClaudeBot/1.0; +claudebot@anthropic.com)"
198.54.114.83 - - [02/Apr/2025:01:26:00 -0400] "POST /wp-admin/admin-ajax.php?action=async_litespeed&nonce=P5dwNirheFtATlnrYM17qIiSHkJMyAna&litespeed_type=imgoptm HTTP/1.1" 200 5 "-" "WordPress/6.7.2; https://grimslut.com"
3.145.41.133 - - [02/Apr/2025:01:26:01 -0400] "GET /an-in-depth-overview/ HTTP/1.1" 200 15432 "https://grimslut.com/?p=259" "Mozilla/5.0 AppleWebKit/537.36 (KHTML, like Gecko; compatible; ClaudeBot/1.0; +claudebot@anthropic.com)"
3.145.41.133 - - [02/Apr/2025:01:26:01 -0400] "GET /?p=434 HTTP/1.1" 301 0 "-" "Mozilla/5.0 AppleWebKit/537.36 (KHTML, like Gecko; compatible; ClaudeBot/1.0; +claudebot@anthropic.com)"
3.145.41.133 - - [02/Apr/2025:01:26:00 -0400] "GET /?p=162 HTTP/1.1" 301 0 "-" "Mozilla/5.0 AppleWebKit/537.36 (KHTML, like Gecko; compatible; ClaudeBot/1.0; +claudebot@anthropic.com)"
3.145.41.133 - - [02/Apr/2025:01:26:01 -0400] "GET /optimaler-unternehmensraumungsservice-in-luneburg/ HTTP/1.1" 200 15459 "https://grimslut.com/?p=434" "Mozilla/5.0 AppleWebKit/537.36 (KHTML, like Gecko; compatible; ClaudeBot/1.0; +claudebot@anthropic.com)"
3.145.41.133 - - [02/Apr/2025:01:26:01 -0400] "GET /revolutionizing-online-entertainment/ HTTP/1.1" 200 15507 "https://grimslut.com/?p=162" "Mozilla/5.0 AppleWebKit/537.36 (KHTML, like Gecko; compatible; ClaudeBot/1.0; +claudebot@anthropic.com)"
3.145.41.133 - - [02/Apr/2025:01:26:01 -0400] "GET /?p=265 HTTP/1.1" 301 0 "-" "Mozilla/5.0 AppleWebKit/537.36 (KHTML, like Gecko; compatible; ClaudeBot/1.0; +claudebot@anthropic.com)"
3.145.41.133 - - [02/Apr/2025:01:26:01 -0400] "GET /?p=158 HTTP/1.1" 301 0 "-" "Mozilla/5.0 AppleWebKit/537.36 (KHTML, like Gecko; compatible; ClaudeBot/1.0; +claudebot@anthropic.com)"
3.145.41.133 - - [02/Apr/2025:01:26:01 -0400] "GET /the-transformative-power-of-massage-therapy/ HTTP/1.1" 200 15405 "https://grimslut.com/?p=265" "Mozilla/5.0 AppleWebKit/537.36 (KHTML, like Gecko; compatible; ClaudeBot/1.0; +claudebot@anthropic.com)"
3.145.41.133 - - [02/Apr/2025:01:26:02 -0400] "GET /navigating-the-world-of-online-betting-balancing-entertainment-and-responsibility/ HTTP/1.1" 200 15526 "https://grimslut.com/?p=158" "Mozilla/5.0 AppleWebKit/537.36 (KHTML, like Gecko; compatible; ClaudeBot/1.0; +claudebot@anthropic.com)"
3.144.29.148 - - [02/Apr/2025:01:27:01 -0400] "GET /?p=272 HTTP/1.1" 301 0 "-" "Mozilla/5.0 AppleWebKit/537.36 (KHTML, like Gecko; compatible; ClaudeBot/1.0; +claudebot@anthropic.com)"
3.144.29.148 - - [02/Apr/2025:01:27:01 -0400] "GET /?p=425 HTTP/1.1" 301 0 "-" "Mozilla/5.0 AppleWebKit/537.36 (KHTML, like Gecko; compatible; ClaudeBot/1.0; +claudebot@anthropic.com)"
3.144.29.148 - - [02/Apr/2025:01:27:01 -0400] "GET /?p=195 HTTP/1.1" 301 0 "-" "Mozilla/5.0 AppleWebKit/537.36 (KHTML, like Gecko; compatible; ClaudeBot/1.0; +claudebot@anthropic.com)"
3.144.29.148 - - [02/Apr/2025:01:27:01 -0400] "GET /?p=142 HTTP/1.1" 301 0 "-" "Mozilla/5.0 AppleWebKit/537.36 (KHTML, like Gecko; compatible; ClaudeBot/1.0; +claudebot@anthropic.com)"
3.144.29.148 - - [02/Apr/2025:01:27:02 -0400] "GET /the-evolution-of-online-lotteries/ HTTP/1.1" 200 15423 "https://grimslut.com/?p=272" "Mozilla/5.0 AppleWebKit/537.36 (KHTML, like Gecko; compatible; ClaudeBot/1.0; +claudebot@anthropic.com)"
3.144.29.148 - - [02/Apr/2025:01:27:02 -0400] "GET /explore-exciting-pesach-programs-for-2025/ HTTP/1.1" 200 15385 "https://grimslut.com/?p=425" "Mozilla/5.0 AppleWebKit/537.36 (KHTML, like Gecko; compatible; ClaudeBot/1.0; +claudebot@anthropic.com)"
3.144.29.148 - - [02/Apr/2025:01:27:02 -0400] "GET /ontarios-premier-heavy-haul-company/ HTTP/1.1" 200 15444 "https://grimslut.com/?p=195" "Mozilla/5.0 AppleWebKit/537.36 (KHTML, like Gecko; compatible; ClaudeBot/1.0; +claudebot@anthropic.com)"
