3.17.162.15 - - [03/Apr/2025:01:30:56 -0400] "GET /exploring-udon-thani-your-ultimate-guide-to-car-rental-services/feed/ HTTP/1.1" 200 429 "https://grimslut.com/exploring-udon-thani-your-ultimate-guide-to-car-rental-services/feed" "Mozilla/5.0 AppleWebKit/537.36 (KHTML, like Gecko; compatible; ClaudeBot/1.0; +claudebot@anthropic.com)"
198.54.114.83 - - [03/Apr/2025:01:31:42 -0400] "POST /wp-cron.php?doing_wp_cron=1743658302.8524520397186279296875 HTTP/1.1" 200 0 "-" "WordPress/6.7.2; https://grimslut.com"
18.221.40.152 - - [03/Apr/2025:01:31:42 -0400] "GET /wp-json/oembed/1.0/embed?url=https%3A%2F%2Fgrimslut.com%2Fwohnungsauflosung-luneburg%2F HTTP/1.1" 200 2157 "-" "Mozilla/5.0 AppleWebKit/537.36 (KHTML, like Gecko; compatible; ClaudeBot/1.0; +claudebot@anthropic.com)"
198.54.114.83 - - [03/Apr/2025:01:31:43 -0400] "POST /wp-admin/admin-ajax.php?action=async_litespeed&nonce=OXLwfBEkvL3VbrA8NLtXBDmPsrKdl1uj&litespeed_type=imgoptm HTTP/1.1" 200 5 "-" "WordPress/6.7.2; https://grimslut.com"
18.221.40.152 - - [03/Apr/2025:01:31:43 -0400] "GET /wp-json/oembed/1.0/embed?url=https%3A%2F%2Fgrimslut.com%2Fa-world-of-fun-and-fortune%2F HTTP/1.1" 200 2127 "-" "Mozilla/5.0 AppleWebKit/537.36 (KHTML, like Gecko; compatible; ClaudeBot/1.0; +claudebot@anthropic.com)"
18.221.40.152 - - [03/Apr/2025:01:31:44 -0400] "GET /wp-json/oembed/1.0/embed?url=https%3A%2F%2Fgrimslut.com%2Fstrategies-to-gain-shares%2F HTTP/1.1" 200 2122 "-" "Mozilla/5.0 AppleWebKit/537.36 (KHTML, like Gecko; compatible; ClaudeBot/1.0; +claudebot@anthropic.com)"
18.221.40.152 - - [03/Apr/2025:01:31:45 -0400] "GET /wp-json/oembed/1.0/embed?url=https%3A%2F%2Fgrimslut.com%2Fcollezione-e-divertimento%2F HTTP/1.1" 200 2122 "-" "Mozilla/5.0 AppleWebKit/537.36 (KHTML, like Gecko; compatible; ClaudeBot/1.0; +claudebot@anthropic.com)"
18.221.40.152 - - [03/Apr/2025:01:31:46 -0400] "GET /incantevole-serenita-abbracciare-la-tranquillita-allagriturismo-sul-lago-di-garda/feed HTTP/1.1" 301 0 "-" "Mozilla/5.0 AppleWebKit/537.36 (KHTML, like Gecko; compatible; ClaudeBot/1.0; +claudebot@anthropic.com)"
18.221.40.152 - - [03/Apr/2025:01:31:46 -0400] "GET /incantevole-serenita-abbracciare-la-tranquillita-allagriturismo-sul-lago-di-garda/feed/ HTTP/1.1" 200 467 "https://grimslut.com/incantevole-serenita-abbracciare-la-tranquillita-allagriturismo-sul-lago-di-garda/feed" "Mozilla/5.0 AppleWebKit/537.36 (KHTML, like Gecko; compatible; ClaudeBot/1.0; +claudebot@anthropic.com)"
18.221.40.152 - - [03/Apr/2025:01:31:47 -0400] "GET /mastering-the-art-of-youtube-growth-strategies-for-increasing-subscribers-in-2024/feed HTTP/1.1" 301 0 "-" "Mozilla/5.0 AppleWebKit/537.36 (KHTML, like Gecko; compatible; ClaudeBot/1.0; +claudebot@anthropic.com)"
18.221.40.152 - - [03/Apr/2025:01:31:47 -0400] "GET /mastering-the-art-of-youtube-growth-strategies-for-increasing-subscribers-in-2024/feed/ HTTP/1.1" 200 465 "https://grimslut.com/mastering-the-art-of-youtube-growth-strategies-for-increasing-subscribers-in-2024/feed" "Mozilla/5.0 AppleWebKit/537.36 (KHTML, like Gecko; compatible; ClaudeBot/1.0; +claudebot@anthropic.com)"
18.221.40.152 - - [03/Apr/2025:01:31:48 -0400] "GET /wp-json/oembed/1.0/embed?url=https%3A%2F%2Fgrimslut.com%2Fa-comprehensive-overview%2F HTTP/1.1" 200 2117 "-" "Mozilla/5.0 AppleWebKit/537.36 (KHTML, like Gecko; compatible; ClaudeBot/1.0; +claudebot@anthropic.com)"
18.221.40.152 - - [03/Apr/2025:01:31:49 -0400] "GET /wp-json/oembed/1.0/embed?url=https%3A%2F%2Fgrimslut.com%2Fexpertise-und-erfahrung%2F HTTP/1.1" 200 2112 "-" "Mozilla/5.0 AppleWebKit/537.36 (KHTML, like Gecko; compatible; ClaudeBot/1.0; +claudebot@anthropic.com)"
18.221.40.152 - - [03/Apr/2025:01:31:50 -0400] "GET /wp-json/oembed/1.0/embed?url=https%3A%2F%2Fgrimslut.com%2Feine-toxische-beziehung%2F HTTP/1.1" 200 2112 "-" "Mozilla/5.0 AppleWebKit/537.36 (KHTML, like Gecko; compatible; ClaudeBot/1.0; +claudebot@anthropic.com)"
18.221.40.152 - - [03/Apr/2025:01:31:51 -0400] "GET /die-kunst-des-gitarrenspielens-finden-sie-den-perfekten-gitarrenlehrer-in-essen/feed HTTP/1.1" 301 0 "-" "Mozilla/5.0 AppleWebKit/537.36 (KHTML, like Gecko; compatible; ClaudeBot/1.0; +claudebot@anthropic.com)"
18.221.40.152 - - [03/Apr/2025:01:31:51 -0400] "GET /die-kunst-des-gitarrenspielens-finden-sie-den-perfekten-gitarrenlehrer-in-essen/feed/ HTTP/1.1" 200 440 "https://grimslut.com/die-kunst-des-gitarrenspielens-finden-sie-den-perfekten-gitarrenlehrer-in-essen/feed" "Mozilla/5.0 AppleWebKit/537.36 (KHTML, like Gecko; compatible; ClaudeBot/1.0; +claudebot@anthropic.com)"
18.221.40.152 - - [03/Apr/2025:01:31:52 -0400] "GET /wp-json/oembed/1.0/embed?url=https%3A%2F%2Fgrimslut.com%2Fstrategies-for-success%2F HTTP/1.1" 200 2107 "-" "Mozilla/5.0 AppleWebKit/537.36 (KHTML, like Gecko; compatible; ClaudeBot/1.0; +claudebot@anthropic.com)"
18.221.40.152 - - [03/Apr/2025:01:31:53 -0400] "GET /wp-json/oembed/1.0/embed?format=xml&url=https%3A%2F%2Fgrimslut.com%2Fua-plaque%2F HTTP/1.1" 200 1016 "-" "Mozilla/5.0 AppleWebKit/537.36 (KHTML, like Gecko; compatible; ClaudeBot/1.0; +claudebot@anthropic.com)"
18.221.40.152 - - [03/Apr/2025:01:31:54 -0400] "GET /wp-json/oembed/1.0/embed?url=https%3A%2F%2Fgrimslut.com%2Fkey-considerations%2F HTTP/1.1" 200 2087 "-" "Mozilla/5.0 AppleWebKit/537.36 (KHTML, like Gecko; compatible; ClaudeBot/1.0; +claudebot@anthropic.com)"
198.54.114.83 - - [03/Apr/2025:01:32:43 -0400] "POST /wp-cron.php?doing_wp_cron=1743658362.6184549331665039062500 HTTP/1.1" 200 0 "-" "WordPress/6.7.2; https://grimslut.com"
18.222.54.32 - - [03/Apr/2025:01:32:42 -0400] "GET /wp-json/oembed/1.0/embed?format=xml&url=https%3A%2F%2Fgrimslut.com%2Feine-toxische-beziehung%2F HTTP/1.1" 200 1032 "-" "Mozilla/5.0 AppleWebKit/537.36 (KHTML, like Gecko; compatible; ClaudeBot/1.0; +claudebot@anthropic.com)"
18.222.54.32 - - [03/Apr/2025:01:32:43 -0400] "GET /wp-json/oembed/1.0/embed?url=https%3A%2F%2Fgrimslut.com%2Fthe-case-for-investing-in-robocop%2F HTTP/1.1" 200 2162 "-" "Mozilla/5.0 AppleWebKit/537.36 (KHTML, like Gecko; compatible; ClaudeBot/1.0; +claudebot@anthropic.com)"
198.54.114.83 - - [03/Apr/2025:01:32:43 -0400] "POST /wp-admin/admin-ajax.php?action=async_litespeed&nonce=jwT72whOgV5B1uwDZdja7R4hmCnuvpBx&litespeed_type=imgoptm HTTP/1.1" 200 5 "-" "WordPress/6.7.2; https://grimslut.com"
18.222.54.32 - - [03/Apr/2025:01:32:44 -0400] "GET /wp-json/oembed/1.0/embed?url=https%3A%2F%2Fgrimslut.com%2Fexciting-pesach-programs-for-2025%2F HTTP/1.1" 200 2162 "-" "Mozilla/5.0 AppleWebKit/537.36 (KHTML, like Gecko; compatible; ClaudeBot/1.0; +claudebot@anthropic.com)"
18.222.54.32 - - [03/Apr/2025:01:32:45 -0400] "GET /wp-json/oembed/1.0/embed?format=xml&url=https%3A%2F%2Fgrimslut.com%2Fstrategies-for-success%2F HTTP/1.1" 200 1033 "-" "Mozilla/5.0 AppleWebKit/537.36 (KHTML, like Gecko; compatible; ClaudeBot/1.0; +claudebot@anthropic.com)"
18.222.54.32 - - [03/Apr/2025:01:32:46 -0400] "GET /wp-json/oembed/1.0/embed?url=https%3A%2F%2Fgrimslut.com%2Fthe-rise-of-online-lottery-games%2F HTTP/1.1" 200 2157 "-" "Mozilla/5.0 AppleWebKit/537.36 (KHTML, like Gecko; compatible; ClaudeBot/1.0; +claudebot@anthropic.com)"
18.222.54.32 - - [03/Apr/2025:01:32:47 -0400] "GET /wp-json/oembed/1.0/embed?url=https%3A%2F%2Fgrimslut.com%2Fthe-convenience-of-online-gaming%2F HTTP/1.1" 200 2157 "-" "Mozilla/5.0 AppleWebKit/537.36 (KHTML, like Gecko; compatible; ClaudeBot/1.0; +claudebot@anthropic.com)"
18.222.54.32 - - [03/Apr/2025:01:32:48 -0400] "GET /wp-json/oembed/1.0/embed?url=https%3A%2F%2Fgrimslut.com%2Fcreer-une-experience-inoubliable%2F HTTP/1.1" 200 2187 "-" "Mozilla/5.0 AppleWebKit/537.36 (KHTML, like Gecko; compatible; ClaudeBot/1.0; +claudebot@anthropic.com)"
18.222.54.32 - - [03/Apr/2025:01:32:49 -0400] "GET /wp-json/oembed/1.0/embed?url=https%3A%2F%2Fgrimslut.com%2Funderstanding-speed-typing-tests%2F HTTP/1.1" 200 2157 "-" "Mozilla/5.0 AppleWebKit/537.36 (KHTML, like Gecko; compatible; ClaudeBot/1.0; +claudebot@anthropic.com)"
18.222.54.32 - - [03/Apr/2025:01:32:50 -0400] "GET /wp-json/oembed/1.0/embed?url=https%3A%2F%2Fgrimslut.com%2Fkompetente-beratung-und-planung%2F HTTP/1.1" 200 2152 "-" "Mozilla/5.0 AppleWebKit/537.36 (KHTML, like Gecko; compatible; ClaudeBot/1.0; +claudebot@anthropic.com)"
18.222.54.32 - - [03/Apr/2025:01:32:51 -0400] "GET /wp-json/oembed/1.0/embed?url=https%3A%2F%2Fgrimslut.com%2Fa-healing-tool-from-the-amazon%2F HTTP/1.1" 200 2147 "-" "Mozilla/5.0 AppleWebKit/537.36 (KHTML, like Gecko; compatible; ClaudeBot/1.0; +claudebot@anthropic.com)"
18.222.54.32 - - [03/Apr/2025:01:32:52 -0400] "GET /wp-json/oembed/1.0/embed?format=xml&url=https%3A%2F%2Fgrimslut.com%2Fkey-considerations%2F HTTP/1.1" 200 1023 "-" "Mozilla/5.0 AppleWebKit/537.36 (KHTML, like Gecko; compatible; ClaudeBot/1.0; +claudebot@anthropic.com)"
18.222.54.32 - - [03/Apr/2025:01:32:53 -0400] "GET /wp-json/oembed/1.0/embed?url=https%3A%2F%2Fgrimslut.com%2Fprofessionell-und-zuverlassig%2F HTTP/1.1" 200 2157 "-" "Mozilla/5.0 AppleWebKit/537.36 (KHTML, like Gecko; compatible; ClaudeBot/1.0; +claudebot@anthropic.com)"
18.222.54.32 - - [03/Apr/2025:01:32:54 -0400] "GET /wp-json/oembed/1.0/embed?url=https%3A%2F%2Fgrimslut.com%2Fihr-weg-zu-einem-neuanfang%2F HTTP/1.1" 200 2127 "-" "Mozilla/5.0 AppleWebKit/537.36 (KHTML, like Gecko; compatible; ClaudeBot/1.0; +claudebot@anthropic.com)"
198.54.114.83 - - [03/Apr/2025:01:33:42 -0400] "POST /wp-cron.php?doing_wp_cron=1743658421.9459249973297119140625 HTTP/1.1" 200 0 "-" "WordPress/6.7.2; https://grimslut.com"
3.144.91.198 - - [03/Apr/2025:01:33:41 -0400] "GET /wp-json/oembed/1.0/embed?url=https%3A%2F%2Fgrimslut.com%2Feffiziente-wohnungsraumung-in-luneburg%2F HTTP/1.1" 200 2217 "-" "Mozilla/5.0 AppleWebKit/537.36 (KHTML, like Gecko; compatible; ClaudeBot/1.0; +claudebot@anthropic.com)"
198.54.114.83 - - [03/Apr/2025:01:33:42 -0400] "POST /wp-admin/admin-ajax.php?action=async_litespeed&nonce=ge0Lop4DigU95V3mzQunpYvgY8g4Qfup&litespeed_type=imgoptm HTTP/1.1" 200 5 "-" "WordPress/6.7.2; https://grimslut.com"
3.144.91.198 - - [03/Apr/2025:01:33:42 -0400] "GET /wp-json/oembed/1.0/embed?url=https%3A%2F%2Fgrimslut.com%2Fthe-innovative-benefits-of-humastogel%2F HTTP/1.1" 200 2182 "-" "Mozilla/5.0 AppleWebKit/537.36 (KHTML, like Gecko; compatible; ClaudeBot/1.0; +claudebot@anthropic.com)"
3.144.91.198 - - [03/Apr/2025:01:33:43 -0400] "GET /wp-json/oembed/1.0/embed?url=https%3A%2F%2Fgrimslut.com%2Fdie-bedeutung-des-galabau-in-luneburg%2F HTTP/1.1" 200 2197 "-" "Mozilla/5.0 AppleWebKit/537.36 (KHTML, like Gecko; compatible; ClaudeBot/1.0; +claudebot@anthropic.com)"
3.144.91.198 - - [03/Apr/2025:01:33:44 -0400] "GET /wp-json/oembed/1.0/embed?format=xml&url=https%3A%2F%2Fgrimslut.com%2Fwohnungsauflosung-luneburg%2F HTTP/1.1" 200 1045 "-" "Mozilla/5.0 AppleWebKit/537.36 (KHTML, like Gecko; compatible; ClaudeBot/1.0; +claudebot@anthropic.com)"
3.144.91.198 - - [03/Apr/2025:01:33:45 -0400] "GET /wp-json/oembed/1.0/embed?url=https%3A%2F%2Fgrimslut.com%2Funderstanding-small-payment-cash-outs%2F HTTP/1.1" 200 2182 "-" "Mozilla/5.0 AppleWebKit/537.36 (KHTML, like Gecko; compatible; ClaudeBot/1.0; +claudebot@anthropic.com)"
3.144.91.198 - - [03/Apr/2025:01:33:46 -0400] "GET /wp-json/oembed/1.0/embed?format=xml&url=https%3A%2F%2Fgrimslut.com%2Fa-world-of-fun-and-fortune%2F HTTP/1.1" 200 1038 "-" "Mozilla/5.0 AppleWebKit/537.36 (KHTML, like Gecko; compatible; ClaudeBot/1.0; +claudebot@anthropic.com)"
3.144.91.198 - - [03/Apr/2025:01:33:47 -0400] "GET /wp-json/oembed/1.0/embed?url=https%3A%2F%2Fgrimslut.com%2Fnavigating-free-employment-law-advice%2F HTTP/1.1" 200 2182 "-" "Mozilla/5.0 AppleWebKit/537.36 (KHTML, like Gecko; compatible; ClaudeBot/1.0; +claudebot@anthropic.com)"
3.144.91.198 - - [03/Apr/2025:01:33:48 -0400] "GET /wp-json/oembed/1.0/embed?format=xml&url=https%3A%2F%2Fgrimslut.com%2Fcollezione-e-divertimento%2F HTTP/1.1" 200 1029 "-" "Mozilla/5.0 AppleWebKit/537.36 (KHTML, like Gecko; compatible; ClaudeBot/1.0; +claudebot@anthropic.com)"
3.144.91.198 - - [03/Apr/2025:01:33:49 -0400] "GET /wp-json/oembed/1.0/embed?url=https%3A%2F%2Fgrimslut.com%2Fthe-evolution-of-electronic-warrants%2F HTTP/1.1" 200 2177 "-" "Mozilla/5.0 AppleWebKit/537.36 (KHTML, like Gecko; compatible; ClaudeBot/1.0; +claudebot@anthropic.com)"
3.144.91.198 - - [03/Apr/2025:01:33:50 -0400] "GET /wp-json/oembed/1.0/embed?format=xml&url=https%3A%2F%2Fgrimslut.com%2Foptimizacion-y-precision%2F HTTP/1.1" 200 1041 "-" "Mozilla/5.0 AppleWebKit/537.36 (KHTML, like Gecko; compatible; ClaudeBot/1.0; +claudebot@anthropic.com)"
3.144.91.198 - - [03/Apr/2025:01:33:51 -0400] "GET /wp-json/oembed/1.0/embed?format=xml&url=https%3A%2F%2Fgrimslut.com%2Fa-comprehensive-overview%2F HTTP/1.1" 200 1031 "-" "Mozilla/5.0 AppleWebKit/537.36 (KHTML, like Gecko; compatible; ClaudeBot/1.0; +claudebot@anthropic.com)"
3.144.91.198 - - [03/Apr/2025:01:33:52 -0400] "GET /wp-json/oembed/1.0/embed?url=https%3A%2F%2Fgrimslut.com%2Fhochwertige-dachlosungen-in-hamburg%2F HTTP/1.1" 200 2187 "-" "Mozilla/5.0 AppleWebKit/537.36 (KHTML, like Gecko; compatible; ClaudeBot/1.0; +claudebot@anthropic.com)"
3.144.91.198 - - [03/Apr/2025:01:33:53 -0400] "GET /wp-json/oembed/1.0/embed?format=xml&url=https%3A%2F%2Fgrimslut.com%2Fexpertise-und-erfahrung%2F HTTP/1.1" 200 1031 "-" "Mozilla/5.0 AppleWebKit/537.36 (KHTML, like Gecko; compatible; ClaudeBot/1.0; +claudebot@anthropic.com)"
43.153.135.208 - - [03/Apr/2025:01:34:27 -0400] "GET /modern-bathroom-renovations-in-melbournes-western-suburbs/ HTTP/1.1" 200 15915 "-" "Mozilla/5.0 (iPhone; CPU iPhone OS 13_2_3 like Mac OS X) AppleWebKit/605.1.15 (KHTML, like Gecko) Version/13.0.3 Mobile/15E148 Safari/604.1"
198.54.114.83 - - [03/Apr/2025:01:34:41 -0400] "POST /wp-cron.php?doing_wp_cron=1743658481.0113670825958251953125 HTTP/1.1" 200 0 "-" "WordPress/6.7.2; https://grimslut.com"
3.14.12.254 - - [03/Apr/2025:01:34:40 -0400] "GET /wp-json/oembed/1.0/embed?url=https%3A%2F%2Fgrimslut.com%2Feffektives-verhandlungstraining-im-einkauf%2F HTTP/1.1" 200 2207 "-" "Mozilla/5.0 AppleWebKit/537.36 (KHTML, like Gecko; compatible; ClaudeBot/1.0; +claudebot@anthropic.com)"
3.14.12.254 - - [03/Apr/2025:01:34:41 -0400] "GET /wp-json/oembed/1.0/embed?url=https%3A%2F%2Fgrimslut.com%2Fliberer-le-succes-en-ligne-avec-agence-seo%2F HTTP/1.1" 200 2237 "-" "Mozilla/5.0 AppleWebKit/537.36 (KHTML, like Gecko; compatible; ClaudeBot/1.0; +claudebot@anthropic.com)"
198.54.114.83 - - [03/Apr/2025:01:34:41 -0400] "POST /wp-admin/admin-ajax.php?action=async_litespeed&nonce=UwAQhCWCtujQzRo0LB0OGUcX7UPMveoj&litespeed_type=imgoptm HTTP/1.1" 200 5 "-" "WordPress/6.7.2; https://grimslut.com"
3.14.12.254 - - [03/Apr/2025:01:34:42 -0400] "GET /wp-json/oembed/1.0/embed?format=xml&url=https%3A%2F%2Fgrimslut.com%2Fkompetente-beratung-und-planung%2F HTTP/1.1" 200 1037 "-" "Mozilla/5.0 AppleWebKit/537.36 (KHTML, like Gecko; compatible; ClaudeBot/1.0; +claudebot@anthropic.com)"
3.14.12.254 - - [03/Apr/2025:01:34:43 -0400] "GET /wp-json/oembed/1.0/embed?format=xml&url=https%3A%2F%2Fgrimslut.com%2Fa-healing-tool-from-the-amazon%2F HTTP/1.1" 200 1039 "-" "Mozilla/5.0 AppleWebKit/537.36 (KHTML, like Gecko; compatible; ClaudeBot/1.0; +claudebot@anthropic.com)"
3.14.12.254 - - [03/Apr/2025:01:34:44 -0400] "GET /wp-json/oembed/1.0/embed?url=https%3A%2F%2Fgrimslut.com%2Feffektive-wohnungsauflosungen-in-luneburg%2F HTTP/1.1" 200 2232 "-" "Mozilla/5.0 AppleWebKit/537.36 (KHTML, like Gecko; compatible; ClaudeBot/1.0; +claudebot@anthropic.com)"
3.14.12.254 - - [03/Apr/2025:01:34:45 -0400] "GET /wp-json/oembed/1.0/embed?url=https%3A%2F%2Fgrimslut.com%2Fprofessionelle-umzugsservices-in-hamburg%2F HTTP/1.1" 200 2197 "-" "Mozilla/5.0 AppleWebKit/537.36 (KHTML, like Gecko; compatible; ClaudeBot/1.0; +claudebot@anthropic.com)"
3.14.12.254 - - [03/Apr/2025:01:34:46 -0400] "GET /wp-json/oembed/1.0/embed?url=https%3A%2F%2Fgrimslut.com%2Frecht-nachhilfe-ein-schlussel-zum-erfolg%2F HTTP/1.1" 200 2215 "-" "Mozilla/5.0 AppleWebKit/537.36 (KHTML, like Gecko; compatible; ClaudeBot/1.0; +claudebot@anthropic.com)"
3.14.12.254 - - [03/Apr/2025:01:34:47 -0400] "GET /wp-json/oembed/1.0/embed?url=https%3A%2F%2Fgrimslut.com%2Fdiscover-the-world-of-unblocked-games-6x%2F HTTP/1.1" 200 2197 "-" "Mozilla/5.0 AppleWebKit/537.36 (KHTML, like Gecko; compatible; ClaudeBot/1.0; +claudebot@anthropic.com)"
3.14.12.254 - - [03/Apr/2025:01:34:48 -0400] "GET /wp-json/oembed/1.0/embed?format=xml&url=https%3A%2F%2Fgrimslut.com%2Fprofessionell-und-zuverlassig%2F HTTP/1.1" 200 1039 "-" "Mozilla/5.0 AppleWebKit/537.36 (KHTML, like Gecko; compatible; ClaudeBot/1.0; +claudebot@anthropic.com)"
3.14.12.254 - - [03/Apr/2025:01:34:50 -0400] "GET /wp-json/oembed/1.0/embed?url=https%3A%2F%2Fgrimslut.com%2Fluxury-redefined-the-fendi-bag-elegance%2F HTTP/1.1" 200 2195 "-" "Mozilla/5.0 AppleWebKit/537.36 (KHTML, like Gecko; compatible; ClaudeBot/1.0; +claudebot@anthropic.com)"
3.14.12.254 - - [03/Apr/2025:01:34:50 -0400] "GET /wp-json/oembed/1.0/embed?url=https%3A%2F%2Fgrimslut.com%2Funraveling-the-allure-of-online-betting%2F HTTP/1.1" 200 2192 "-" "Mozilla/5.0 AppleWebKit/537.36 (KHTML, like Gecko; compatible; ClaudeBot/1.0; +claudebot@anthropic.com)"
3.14.12.254 - - [03/Apr/2025:01:34:52 -0400] "GET /wp-json/oembed/1.0/embed?url=https%3A%2F%2Fgrimslut.com%2Feffektive-haushaltsraumung-in-luneburg%2F HTTP/1.1" 200 2217 "-" "Mozilla/5.0 AppleWebKit/537.36 (KHTML, like Gecko; compatible; ClaudeBot/1.0; +claudebot@anthropic.com)"
3.14.12.254 - - [03/Apr/2025:01:34:53 -0400] "GET /wp-json/oembed/1.0/embed?url=https%3A%2F%2Fgrimslut.com%2Fthe-digital-transformation-of-gambling%2F HTTP/1.1" 200 2187 "-" "Mozilla/5.0 AppleWebKit/537.36 (KHTML, like Gecko; compatible; ClaudeBot/1.0; +claudebot@anthropic.com)"
198.54.114.83 - - [03/Apr/2025:01:35:41 -0400] "POST /wp-cron.php?doing_wp_cron=1743658541.1148641109466552734375 HTTP/1.1" 200 0 "-" "WordPress/6.7.2; https://grimslut.com"
3.144.105.255 - - [03/Apr/2025:01:35:40 -0400] "GET /wp-json/oembed/1.0/embed?url=https%3A%2F%2Fgrimslut.com%2Feffektive-verhandlungstraining-fur-den-einkauf%2F HTTP/1.1" 200 2242 "-" "Mozilla/5.0 AppleWebKit/537.36 (KHTML, like Gecko; compatible; ClaudeBot/1.0; +claudebot@anthropic.com)"
198.54.114.83 - - [03/Apr/2025:01:35:41 -0400] "POST /wp-admin/admin-ajax.php?action=async_litespeed&nonce=jxapLuFnXwG3jT7QzPqBo2RNyEiEHmH2&litespeed_type=imgoptm HTTP/1.1" 200 5 "-" "WordPress/6.7.2; https://grimslut.com"
3.144.105.255 - - [03/Apr/2025:01:35:41 -0400] "GET /wp-json/oembed/1.0/embed?url=https%3A%2F%2Fgrimslut.com%2Fthe-art-of-capturing-high-quality-nude-photos%2F HTTP/1.1" 200 2222 "-" "Mozilla/5.0 AppleWebKit/537.36 (KHTML, like Gecko; compatible; ClaudeBot/1.0; +claudebot@anthropic.com)"
3.144.105.255 - - [03/Apr/2025:01:35:42 -0400] "GET /wp-json/oembed/1.0/embed?url=https%3A%2F%2Fgrimslut.com%2Fdiscovering-the-best-extract-online-in-canada%2F HTTP/1.1" 200 2225 "-" "Mozilla/5.0 AppleWebKit/537.36 (KHTML, like Gecko; compatible; ClaudeBot/1.0; +claudebot@anthropic.com)"
3.144.105.255 - - [03/Apr/2025:01:35:43 -0400] "GET /wp-json/oembed/1.0/embed?url=https%3A%2F%2Fgrimslut.com%2Fthe-dynamic-landscape-of-las-vegas-web-design%2F HTTP/1.1" 200 2222 "-" "Mozilla/5.0 AppleWebKit/537.36 (KHTML, like Gecko; compatible; ClaudeBot/1.0; +claudebot@anthropic.com)"
3.144.105.255 - - [03/Apr/2025:01:35:44 -0400] "GET /wp-json/oembed/1.0/embed?format=xml&url=https%3A%2F%2Fgrimslut.com%2Fthe-case-for-investing-in-robocop%2F HTTP/1.1" 200 1051 "-" "Mozilla/5.0 AppleWebKit/537.36 (KHTML, like Gecko; compatible; ClaudeBot/1.0; +claudebot@anthropic.com)"
3.144.105.255 - - [03/Apr/2025:01:35:45 -0400] "GET /wp-json/oembed/1.0/embed?format=xml&url=https%3A%2F%2Fgrimslut.com%2Fexciting-pesach-programs-for-2025%2F HTTP/1.1" 200 1047 "-" "Mozilla/5.0 AppleWebKit/537.36 (KHTML, like Gecko; compatible; ClaudeBot/1.0; +claudebot@anthropic.com)"
3.144.105.255 - - [03/Apr/2025:01:35:46 -0400] "GET /wp-json/oembed/1.0/embed?url=https%3A%2F%2Fgrimslut.com%2Fcomfort-e-versatilita-per-i-genitori-moderni%2F HTTP/1.1" 200 2232 "-" "Mozilla/5.0 AppleWebKit/537.36 (KHTML, like Gecko; compatible; ClaudeBot/1.0; +claudebot@anthropic.com)"
3.144.105.255 - - [03/Apr/2025:01:35:47 -0400] "GET /wp-json/oembed/1.0/embed?format=xml&url=https%3A%2F%2Fgrimslut.com%2Funderstanding-speed-typing-tests%2F HTTP/1.1" 200 1041 "-" "Mozilla/5.0 AppleWebKit/537.36 (KHTML, like Gecko; compatible; ClaudeBot/1.0; +claudebot@anthropic.com)"
3.144.105.255 - - [03/Apr/2025:01:35:48 -0400] "GET /wp-json/oembed/1.0/embed?format=xml&url=https%3A%2F%2Fgrimslut.com%2Fthe-rise-of-online-lottery-games%2F HTTP/1.1" 200 1045 "-" "Mozilla/5.0 AppleWebKit/537.36 (KHTML, like Gecko; compatible; ClaudeBot/1.0; +claudebot@anthropic.com)"
3.144.105.255 - - [03/Apr/2025:01:35:49 -0400] "GET /wp-json/oembed/1.0/embed?format=xml&url=https%3A%2F%2Fgrimslut.com%2Fthe-convenience-of-online-gaming%2F HTTP/1.1" 200 1041 "-" "Mozilla/5.0 AppleWebKit/537.36 (KHTML, like Gecko; compatible; ClaudeBot/1.0; +claudebot@anthropic.com)"
3.144.105.255 - - [03/Apr/2025:01:35:50 -0400] "GET /wp-json/oembed/1.0/embed?format=xml&url=https%3A%2F%2Fgrimslut.com%2Fcreer-une-experience-inoubliable%2F HTTP/1.1" 200 1050 "-" "Mozilla/5.0 AppleWebKit/537.36 (KHTML, like Gecko; compatible; ClaudeBot/1.0; +claudebot@anthropic.com)"
3.144.105.255 - - [03/Apr/2025:01:35:51 -0400] "GET /wp-json/oembed/1.0/embed?url=https%3A%2F%2Fgrimslut.com%2Funlocking-prosperity-the-abundance-bracelet%2F HTTP/1.1" 200 2215 "-" "Mozilla/5.0 AppleWebKit/537.36 (KHTML, like Gecko; compatible; ClaudeBot/1.0; +claudebot@anthropic.com)"
3.144.105.255 - - [03/Apr/2025:01:35:52 -0400] "GET /wp-json/oembed/1.0/embed?url=https%3A%2F%2Fgrimslut.com%2Feffiziente-haushaltsauflosungen-in-luneburg%2F HTTP/1.1" 200 2242 "-" "Mozilla/5.0 AppleWebKit/537.36 (KHTML, like Gecko; compatible; ClaudeBot/1.0; +claudebot@anthropic.com)"
198.54.114.83 - - [03/Apr/2025:01:36:32 -0400] "POST /wp-cron.php?doing_wp_cron=1743658591.7190899848937988281250 HTTP/1.1" 200 0 "-" "WordPress/6.7.2; https://grimslut.com"
18.224.137.108 - - [03/Apr/2025:01:36:31 -0400] "GET /wp-json/oembed/1.0/embed?format=xml&url=https%3A%2F%2Fgrimslut.com%2Feffiziente-wohnungsraumung-in-luneburg%2F HTTP/1.1" 200 1061 "-" "Mozilla/5.0 AppleWebKit/537.36 (KHTML, like Gecko; compatible; ClaudeBot/1.0; +claudebot@anthropic.com)"
198.54.114.83 - - [03/Apr/2025:01:36:33 -0400] "POST /wp-admin/admin-ajax.php?action=async_litespeed&nonce=GuBpO1PNhCqy80dBczN1OeG1Jbu9IMIR&litespeed_type=imgoptm HTTP/1.1" 200 5 "-" "WordPress/6.7.2; https://grimslut.com"
18.224.137.108 - - [03/Apr/2025:01:36:33 -0400] "GET /wp-json/oembed/1.0/embed?format=xml&url=https%3A%2F%2Fgrimslut.com%2Feffektive-haushaltsraumung-in-luneburg%2F HTTP/1.1" 200 1063 "-" "Mozilla/5.0 AppleWebKit/537.36 (KHTML, like Gecko; compatible; ClaudeBot/1.0; +claudebot@anthropic.com)"
18.224.137.108 - - [03/Apr/2025:01:36:35 -0400] "GET /wp-json/oembed/1.0/embed?url=https%3A%2F%2Fgrimslut.com%2Fessential-guide-to-cosmetic-facility-registration%2F HTTP/1.1" 200 2242 "-" "Mozilla/5.0 AppleWebKit/537.36 (KHTML, like Gecko; compatible; ClaudeBot/1.0; +claudebot@anthropic.com)"
18.224.137.108 - - [03/Apr/2025:01:36:36 -0400] "GET /wp-json/oembed/1.0/embed?url=https%3A%2F%2Fgrimslut.com%2Fdie-beste-wahl-fur-scheidungsanwalte-in-hattingen%2F HTTP/1.1" 200 2272 "-" "Mozilla/5.0 AppleWebKit/537.36 (KHTML, like Gecko; compatible; ClaudeBot/1.0; +claudebot@anthropic.com)"
18.224.137.108 - - [03/Apr/2025:01:36:37 -0400] "GET /wp-json/oembed/1.0/embed?url=https%3A%2F%2Fgrimslut.com%2Fcrafting-career-success-the-art-of-resume-writing%2F HTTP/1.1" 200 2245 "-" "Mozilla/5.0 AppleWebKit/537.36 (KHTML, like Gecko; compatible; ClaudeBot/1.0; +claudebot@anthropic.com)"
18.224.137.108 - - [03/Apr/2025:01:36:38 -0400] "GET /wp-json/oembed/1.0/embed?format=xml&url=https%3A%2F%2Fgrimslut.com%2Fnavigating-free-employment-law-advice%2F HTTP/1.1" 200 1047 "-" "Mozilla/5.0 AppleWebKit/537.36 (KHTML, like Gecko; compatible; ClaudeBot/1.0; +claudebot@anthropic.com)"
18.224.137.108 - - [03/Apr/2025:01:36:39 -0400] "GET /wp-json/oembed/1.0/embed?format=xml&url=https%3A%2F%2Fgrimslut.com%2Fdie-bedeutung-des-galabau-in-luneburg%2F HTTP/1.1" 200 1053 "-" "Mozilla/5.0 AppleWebKit/537.36 (KHTML, like Gecko; compatible; ClaudeBot/1.0; +claudebot@anthropic.com)"
18.224.137.108 - - [03/Apr/2025:01:36:40 -0400] "GET /wp-json/oembed/1.0/embed?format=xml&url=https%3A%2F%2Fgrimslut.com%2Funderstanding-small-payment-cash-outs%2F HTTP/1.1" 200 1050 "-" "Mozilla/5.0 AppleWebKit/537.36 (KHTML, like Gecko; compatible; ClaudeBot/1.0; +claudebot@anthropic.com)"
18.224.137.108 - - [03/Apr/2025:01:36:41 -0400] "GET /wp-json/oembed/1.0/embed?format=xml&url=https%3A%2F%2Fgrimslut.com%2Fthe-innovative-benefits-of-humastogel%2F HTTP/1.1" 200 1051 "-" "Mozilla/5.0 AppleWebKit/537.36 (KHTML, like Gecko; compatible; ClaudeBot/1.0; +claudebot@anthropic.com)"
18.224.137.108 - - [03/Apr/2025:01:36:42 -0400] "GET /wp-json/oembed/1.0/embed?format=xml&url=https%3A%2F%2Fgrimslut.com%2Fthe-evolution-of-electronic-warrants%2F HTTP/1.1" 200 1040 "-" "Mozilla/5.0 AppleWebKit/537.36 (KHTML, like Gecko; compatible; ClaudeBot/1.0; +claudebot@anthropic.com)"
18.224.137.108 - - [03/Apr/2025:01:36:43 -0400] "GET /wp-json/oembed/1.0/embed?format=xml&url=https%3A%2F%2Fgrimslut.com%2Fhochwertige-dachlosungen-in-hamburg%2F HTTP/1.1" 200 1051 "-" "Mozilla/5.0 AppleWebKit/537.36 (KHTML, like Gecko; compatible; ClaudeBot/1.0; +claudebot@anthropic.com)"
18.224.137.108 - - [03/Apr/2025:01:36:44 -0400] "GET /wp-json/oembed/1.0/embed?url=https%3A%2F%2Fgrimslut.com%2Fdiscovering-the-best-extracts-online-in-canada%2F HTTP/1.1" 200 2227 "-" "Mozilla/5.0 AppleWebKit/537.36 (KHTML, like Gecko; compatible; ClaudeBot/1.0; +claudebot@anthropic.com)"
18.224.137.108 - - [03/Apr/2025:01:36:45 -0400] "GET /wp-json/oembed/1.0/embed?url=https%3A%2F%2Fgrimslut.com%2Fihr-umzug-in-luneburg-stressfrei-und-effizient%2F HTTP/1.1" 200 2263 "-" "Mozilla/5.0 AppleWebKit/537.36 (KHTML, like Gecko; compatible; ClaudeBot/1.0; +claudebot@anthropic.com)"
198.54.114.83 - - [03/Apr/2025:01:37:33 -0400] "POST /wp-cron.php?doing_wp_cron=1743658653.3355519771575927734375 HTTP/1.1" 200 0 "-" "WordPress/6.7.2; https://grimslut.com"
3.139.86.227 - - [03/Apr/2025:01:37:33 -0400] "GET /wp-json/oembed/1.0/embed?format=xml&url=https%3A%2F%2Fgrimslut.com%2Feffektives-verhandlungstraining-im-einkauf%2F HTTP/1.1" 200 1047 "-" "Mozilla/5.0 AppleWebKit/537.36 (KHTML, like Gecko; compatible; ClaudeBot/1.0; +claudebot@anthropic.com)"
198.54.114.83 - - [03/Apr/2025:01:37:33 -0400] "POST /wp-admin/admin-ajax.php?action=async_litespeed&nonce=HHrrxBLU4iMR00I5aDGKceZWfWa5y47S&litespeed_type=imgoptm HTTP/1.1" 200 5 "-" "WordPress/6.7.2; https://grimslut.com"
3.139.86.227 - - [03/Apr/2025:01:37:33 -0400] "GET /wp-json/oembed/1.0/embed?url=https%3A%2F%2Fgrimslut.com%2Feffiziente-firmenauflosung-in-luneburg-ein-uberblick%2F HTTP/1.1" 200 2305 "-" "Mozilla/5.0 AppleWebKit/537.36 (KHTML, like Gecko; compatible; ClaudeBot/1.0; +claudebot@anthropic.com)"
3.139.86.227 - - [03/Apr/2025:01:37:34 -0400] "GET /wp-json/oembed/1.0/embed?format=xml&url=https%3A%2F%2Fgrimslut.com%2Feffektive-wohnungsauflosungen-in-luneburg%2F HTTP/1.1" 200 1062 "-" "Mozilla/5.0 AppleWebKit/537.36 (KHTML, like Gecko; compatible; ClaudeBot/1.0; +claudebot@anthropic.com)"
3.139.86.227 - - [03/Apr/2025:01:37:35 -0400] "GET /wp-json/oembed/1.0/embed?format=xml&url=https%3A%2F%2Fgrimslut.com%2Fprofessionelle-umzugsservices-in-hamburg%2F HTTP/1.1" 200 1040 "-" "Mozilla/5.0 AppleWebKit/537.36 (KHTML, like Gecko; compatible; ClaudeBot/1.0; +claudebot@anthropic.com)"
3.139.86.227 - - [03/Apr/2025:01:37:36 -0400] "GET /wp-json/oembed/1.0/embed?format=xml&url=https%3A%2F%2Fgrimslut.com%2Frecht-nachhilfe-ein-schlussel-zum-erfolg%2F HTTP/1.1" 200 1064 "-" "Mozilla/5.0 AppleWebKit/537.36 (KHTML, like Gecko; compatible; ClaudeBot/1.0; +claudebot@anthropic.com)"
3.139.86.227 - - [03/Apr/2025:01:37:38 -0400] "GET /wp-json/oembed/1.0/embed?url=https%3A%2F%2Fgrimslut.com%2Fun-monde-de-plaques-dimmatriculation-personnalisees%2F HTTP/1.1" 200 2288 "-" "Mozilla/5.0 AppleWebKit/537.36 (KHTML, like Gecko; compatible; ClaudeBot/1.0; +claudebot@anthropic.com)"
3.139.86.227 - - [03/Apr/2025:01:37:38 -0400] "GET /wp-json/oembed/1.0/embed?format=xml&url=https%3A%2F%2Fgrimslut.com%2Fdiscover-the-world-of-unblocked-games-6x%2F HTTP/1.1" 200 1058 "-" "Mozilla/5.0 AppleWebKit/537.36 (KHTML, like Gecko; compatible; ClaudeBot/1.0; +claudebot@anthropic.com)"
3.139.86.227 - - [03/Apr/2025:01:37:39 -0400] "GET /wp-json/oembed/1.0/embed?format=xml&url=https%3A%2F%2Fgrimslut.com%2Fluxury-redefined-the-fendi-bag-elegance%2F HTTP/1.1" 200 1055 "-" "Mozilla/5.0 AppleWebKit/537.36 (KHTML, like Gecko; compatible; ClaudeBot/1.0; +claudebot@anthropic.com)"
3.139.86.227 - - [03/Apr/2025:01:37:41 -0400] "GET /wp-json/oembed/1.0/embed?format=xml&url=https%3A%2F%2Fgrimslut.com%2Funraveling-the-allure-of-online-betting%2F HTTP/1.1" 200 1046 "-" "Mozilla/5.0 AppleWebKit/537.36 (KHTML, like Gecko; compatible; ClaudeBot/1.0; +claudebot@anthropic.com)"
3.139.86.227 - - [03/Apr/2025:01:37:41 -0400] "GET /wp-json/oembed/1.0/embed?url=https%3A%2F%2Fgrimslut.com%2Fle-cube-personnalise-un-chef-doeuvre-a-votre-image%2F HTTP/1.1" 200 2313 "-" "Mozilla/5.0 AppleWebKit/537.36 (KHTML, like Gecko; compatible; ClaudeBot/1.0; +claudebot@anthropic.com)"
3.139.86.227 - - [03/Apr/2025:01:37:43 -0400] "GET /wp-json/oembed/1.0/embed?url=https%3A%2F%2Fgrimslut.com%2Fnavigating-the-world-of-online-betting-money-sites%2F HTTP/1.1" 200 2289 "-" "Mozilla/5.0 AppleWebKit/537.36 (KHTML, like Gecko; compatible; ClaudeBot/1.0; +claudebot@anthropic.com)"
3.139.86.227 - - [03/Apr/2025:01:37:44 -0400] "GET /wp-json/oembed/1.0/embed?url=https%3A%2F%2Fgrimslut.com%2Fexploring-the-potential-of-fenbendazole-for-humans%2F HTTP/1.1" 200 2247 "-" "Mozilla/5.0 AppleWebKit/537.36 (KHTML, like Gecko; compatible; ClaudeBot/1.0; +claudebot@anthropic.com)"
3.139.86.227 - - [03/Apr/2025:01:37:44 -0400] "GET /wp-json/oembed/1.0/embed?format=xml&url=https%3A%2F%2Fgrimslut.com%2Fthe-digital-transformation-of-gambling%2F HTTP/1.1" 200 1045 "-" "Mozilla/5.0 AppleWebKit/537.36 (KHTML, like Gecko; compatible; ClaudeBot/1.0; +claudebot@anthropic.com)"
198.54.114.83 - - [03/Apr/2025:01:38:35 -0400] "POST /wp-cron.php?doing_wp_cron=1743658715.4976971149444580078125 HTTP/1.1" 200 0 "-" "WordPress/6.7.2; https://grimslut.com"
3.21.35.68 - - [03/Apr/2025:01:38:35 -0400] "GET /wp-json/oembed/1.0/embed?format=xml&url=https%3A%2F%2Fgrimslut.com%2Fihr-umzug-in-luneburg-stressfrei-und-effizient%2F HTTP/1.1" 200 1075 "-" "Mozilla/5.0 AppleWebKit/537.36 (KHTML, like Gecko; compatible; ClaudeBot/1.0; +claudebot@anthropic.com)"
198.54.114.83 - - [03/Apr/2025:01:38:36 -0400] "POST /wp-admin/admin-ajax.php?action=async_litespeed&nonce=VWCe46btMRjMB5wVrkIHnZAw1Ee0dmL6&litespeed_type=imgoptm HTTP/1.1" 200 5 "-" "WordPress/6.7.2; https://grimslut.com"
3.21.35.68 - - [03/Apr/2025:01:38:36 -0400] "GET /wp-json/oembed/1.0/embed?format=xml&url=https%3A%2F%2Fgrimslut.com%2Feffektive-verhandlungstraining-fur-den-einkauf%2F HTTP/1.1" 200 1059 "-" "Mozilla/5.0 AppleWebKit/537.36 (KHTML, like Gecko; compatible; ClaudeBot/1.0; +claudebot@anthropic.com)"
3.21.35.68 - - [03/Apr/2025:01:38:37 -0400] "GET /wp-json/oembed/1.0/embed?url=https%3A%2F%2Fgrimslut.com%2Feffiziente-gebaudereinigung-fur-ein-strahlendes-ambiente%2F HTTP/1.1" 200 2307 "-" "Mozilla/5.0 AppleWebKit/537.36 (KHTML, like Gecko; compatible; ClaudeBot/1.0; +claudebot@anthropic.com)"
3.21.35.68 - - [03/Apr/2025:01:38:38 -0400] "GET /wp-json/oembed/1.0/embed?format=xml&url=https%3A%2F%2Fgrimslut.com%2Fdiscovering-the-best-extract-online-in-canada%2F HTTP/1.1" 200 1060 "-" "Mozilla/5.0 AppleWebKit/537.36 (KHTML, like Gecko; compatible; ClaudeBot/1.0; +claudebot@anthropic.com)"
3.21.35.68 - - [03/Apr/2025:01:38:39 -0400] "GET /wp-json/oembed/1.0/embed?url=https%3A%2F%2Fgrimslut.com%2Ftop-fertility-clinics-in-dubai-your-comprehensive-guide%2F HTTP/1.1" 200 2275 "-" "Mozilla/5.0 AppleWebKit/537.36 (KHTML, like Gecko; compatible; ClaudeBot/1.0; +claudebot@anthropic.com)"
3.21.35.68 - - [03/Apr/2025:01:38:40 -0400] "GET /wp-json/oembed/1.0/embed?url=https%3A%2F%2Fgrimslut.com%2Ftop-supplements-to-effectively-lower-blood-sugar-levels%2F HTTP/1.1" 200 2272 "-" "Mozilla/5.0 AppleWebKit/537.36 (KHTML, like Gecko; compatible; ClaudeBot/1.0; +claudebot@anthropic.com)"
3.21.35.68 - - [03/Apr/2025:01:38:41 -0400] "GET /wp-json/oembed/1.0/embed?url=https%3A%2F%2Fgrimslut.com%2Fle-carte-di-magic-the-gathering-una-panoramica-completa%2F HTTP/1.1" 200 2278 "-" "Mozilla/5.0 AppleWebKit/537.36 (KHTML, like Gecko; compatible; ClaudeBot/1.0; +claudebot@anthropic.com)"
3.21.35.68 - - [03/Apr/2025:01:38:42 -0400] "GET /wp-json/oembed/1.0/embed?url=https%3A%2F%2Fgrimslut.com%2Fdiscovering-the-best-ppr-fitting-manufacturers-in-china%2F HTTP/1.1" 200 2272 "-" "Mozilla/5.0 AppleWebKit/537.36 (KHTML, like Gecko; compatible; ClaudeBot/1.0; +claudebot@anthropic.com)"
3.21.35.68 - - [03/Apr/2025:01:38:43 -0400] "GET /wp-json/oembed/1.0/embed?format=xml&url=https%3A%2F%2Fgrimslut.com%2Fcomfort-e-versatilita-per-i-genitori-moderni%2F HTTP/1.1" 200 1060 "-" "Mozilla/5.0 AppleWebKit/537.36 (KHTML, like Gecko; compatible; ClaudeBot/1.0; +claudebot@anthropic.com)"
3.21.35.68 - - [03/Apr/2025:01:38:44 -0400] "GET /wp-json/oembed/1.0/embed?url=https%3A%2F%2Fgrimslut.com%2Fumzugsunternehmen-in-hamburg-ihr-partner-fur-den-umzug%2F HTTP/1.1" 200 2285 "-" "Mozilla/5.0 AppleWebKit/537.36 (KHTML, like Gecko; compatible; ClaudeBot/1.0; +claudebot@anthropic.com)"
3.21.35.68 - - [03/Apr/2025:01:38:45 -0400] "GET /wp-json/oembed/1.0/embed?url=https%3A%2F%2Fgrimslut.com%2Flart-du-recrutement-dans-le-secteur-de-la-restauration%2F HTTP/1.1" 200 2288 "-" "Mozilla/5.0 AppleWebKit/537.36 (KHTML, like Gecko; compatible; ClaudeBot/1.0; +claudebot@anthropic.com)"
3.21.35.68 - - [03/Apr/2025:01:38:46 -0400] "GET /wp-json/oembed/1.0/embed?format=xml&url=https%3A%2F%2Fgrimslut.com%2Feffiziente-haushaltsauflosungen-in-luneburg%2F HTTP/1.1" 200 1063 "-" "Mozilla/5.0 AppleWebKit/537.36 (KHTML, like Gecko; compatible; ClaudeBot/1.0; +claudebot@anthropic.com)"
3.21.35.68 - - [03/Apr/2025:01:38:47 -0400] "GET /wp-json/oembed/1.0/embed?format=xml&url=https%3A%2F%2Fgrimslut.com%2Funlocking-prosperity-the-abundance-bracelet%2F HTTP/1.1" 200 1056 "-" "Mozilla/5.0 AppleWebKit/537.36 (KHTML, like Gecko; compatible; ClaudeBot/1.0; +claudebot@anthropic.com)"
18.221.54.244 - - [03/Apr/2025:01:40:02 -0400] "GET /robots.txt HTTP/1.1" 304 0 "-" "Mozilla/5.0 AppleWebKit/537.36 (KHTML, like Gecko; compatible; ClaudeBot/1.0; +claudebot@anthropic.com)"
198.54.114.83 - - [03/Apr/2025:01:40:03 -0400] "POST /wp-cron.php?doing_wp_cron=1743658803.1737260818481445312500 HTTP/1.1" 200 0 "-" "WordPress/6.7.2; https://grimslut.com"
18.221.54.244 - - [03/Apr/2025:01:40:02 -0400] "GET /wp-json/oembed/1.0/embed?url=https%3A%2F%2Fgrimslut.com%2Fumzugsunternehmen-in-luneburg-ihr-partner-fur-einen-reibungslosen-umzug%2F HTTP/1.1" 200 2385 "-" "Mozilla/5.0 AppleWebKit/537.36 (KHTML, like Gecko; compatible; ClaudeBot/1.0; +claudebot@anthropic.com)"
198.54.114.83 - - [03/Apr/2025:01:40:04 -0400] "POST /wp-admin/admin-ajax.php?action=async_litespeed&nonce=bttiw5y3OARXax4QtgvpKy2JbbADl3v4&litespeed_type=imgoptm HTTP/1.1" 200 5 "-" "WordPress/6.7.2; https://grimslut.com"
18.221.54.244 - - [03/Apr/2025:01:40:04 -0400] "GET /wp-json/oembed/1.0/embed?url=https%3A%2F%2Fgrimslut.com%2Fnurturing-comfort-the-benefits-of-nipple-protectors-for-breastfeeding%2F HTTP/1.1" 200 2387 "-" "Mozilla/5.0 AppleWebKit/537.36 (KHTML, like Gecko; compatible; ClaudeBot/1.0; +claudebot@anthropic.com)"
18.221.54.244 - - [03/Apr/2025:01:40:05 -0400] "GET /wp-json/oembed/1.0/embed?format=xml&url=https%3A%2F%2Fgrimslut.com%2Feffiziente-gebaudereinigung-fur-ein-strahlendes-ambiente%2F HTTP/1.1" 200 1081 "-" "Mozilla/5.0 AppleWebKit/537.36 (KHTML, like Gecko; compatible; ClaudeBot/1.0; +claudebot@anthropic.com)"
18.221.54.244 - - [03/Apr/2025:01:40:06 -0400] "GET /wp-json/oembed/1.0/embed?url=https%3A%2F%2Fgrimslut.com%2Funveiling-the-hidden-treasures-the-junkyard-fort-myers-experience%2F HTTP/1.1" 200 2325 "-" "Mozilla/5.0 AppleWebKit/537.36 (KHTML, like Gecko; compatible; ClaudeBot/1.0; +claudebot@anthropic.com)"
18.221.54.244 - - [03/Apr/2025:01:40:07 -0400] "GET /wp-json/oembed/1.0/embed?format=xml&url=https%3A%2F%2Fgrimslut.com%2Feffiziente-firmenauflosung-in-luneburg-ein-uberblick%2F HTTP/1.1" 200 1103 "-" "Mozilla/5.0 AppleWebKit/537.36 (KHTML, like Gecko; compatible; ClaudeBot/1.0; +claudebot@anthropic.com)"
18.221.54.244 - - [03/Apr/2025:01:40:08 -0400] "GET /wp-json/oembed/1.0/embed?format=xml&url=https%3A%2F%2Fgrimslut.com%2Fun-monde-de-plaques-dimmatriculation-personnalisees%2F HTTP/1.1" 200 1073 "-" "Mozilla/5.0 AppleWebKit/537.36 (KHTML, like Gecko; compatible; ClaudeBot/1.0; +claudebot@anthropic.com)"
18.221.54.244 - - [03/Apr/2025:01:40:09 -0400] "GET /wp-json/oembed/1.0/embed?format=xml&url=https%3A%2F%2Fgrimslut.com%2Fexploring-the-potential-of-fenbendazole-for-humans%2F HTTP/1.1" 200 1064 "-" "Mozilla/5.0 AppleWebKit/537.36 (KHTML, like Gecko; compatible; ClaudeBot/1.0; +claudebot@anthropic.com)"
18.221.54.244 - - [03/Apr/2025:01:40:10 -0400] "GET /wp-json/oembed/1.0/embed?url=https%3A%2F%2Fgrimslut.com%2Fnavigating-the-virtual-casino-the-dynamics-of-online-gambling%2F HTTP/1.1" 200 2347 "-" "Mozilla/5.0 AppleWebKit/537.36 (KHTML, like Gecko; compatible; ClaudeBot/1.0; +claudebot@anthropic.com)"
18.221.54.244 - - [03/Apr/2025:01:40:11 -0400] "GET /wp-json/oembed/1.0/embed?format=xml&url=https%3A%2F%2Fgrimslut.com%2Fessential-guide-to-cosmetic-facility-registration%2F HTTP/1.1" 200 1056 "-" "Mozilla/5.0 AppleWebKit/537.36 (KHTML, like Gecko; compatible; ClaudeBot/1.0; +claudebot@anthropic.com)"
18.221.54.244 - - [03/Apr/2025:01:40:12 -0400] "GET /wp-json/oembed/1.0/embed?format=xml&url=https%3A%2F%2Fgrimslut.com%2Fdie-beste-wahl-fur-scheidungsanwalte-in-hattingen%2F HTTP/1.1" 200 1076 "-" "Mozilla/5.0 AppleWebKit/537.36 (KHTML, like Gecko; compatible; ClaudeBot/1.0; +claudebot@anthropic.com)"
18.221.54.244 - - [03/Apr/2025:01:40:13 -0400] "GET /wp-json/oembed/1.0/embed?url=https%3A%2F%2Fgrimslut.com%2Felegant-artistry-crafting-beauty-with-paper-quilling-jewelry%2F HTTP/1.1" 200 2342 "-" "Mozilla/5.0 AppleWebKit/537.36 (KHTML, like Gecko; compatible; ClaudeBot/1.0; +claudebot@anthropic.com)"
18.221.54.244 - - [03/Apr/2025:01:40:14 -0400] "GET /wp-json/oembed/1.0/embed?url=https%3A%2F%2Fgrimslut.com%2Fnavigating-free-employment-law-advice-a-comprehensive-guide%2F HTTP/1.1" 200 2295 "-" "Mozilla/5.0 AppleWebKit/537.36 (KHTML, like Gecko; compatible; ClaudeBot/1.0; +claudebot@anthropic.com)"
18.221.54.244 - - [03/Apr/2025:01:40:15 -0400] "GET /wp-json/oembed/1.0/embed?format=xml&url=https%3A%2F%2Fgrimslut.com%2Fdiscovering-the-best-extracts-online-in-canada%2F HTTP/1.1" 200 1063 "-" "Mozilla/5.0 AppleWebKit/537.36 (KHTML, like Gecko; compatible; ClaudeBot/1.0; +claudebot@anthropic.com)"
198.54.114.83 - - [03/Apr/2025:01:44:33 -0400] "POST /wp-cron.php?doing_wp_cron=1743659073.1667869091033935546875 HTTP/1.1" 200 0 "-" "WordPress/6.7.2; https://grimslut.com"
3.22.71.254 - - [03/Apr/2025:01:44:30 -0400] "GET /wp-json/oembed/1.0/embed?url=https%3A%2F%2Fgrimslut.com%2Feinblick-in-das-jurastudium%2F HTTP/1.1" 200 2132 "-" "Mozilla/5.0 AppleWebKit/537.36 (KHTML, like Gecko; compatible; ClaudeBot/1.0; +claudebot@anthropic.com)"
198.54.114.83 - - [03/Apr/2025:01:44:34 -0400] "POST /wp-admin/admin-ajax.php?action=async_litespeed&nonce=Nyjivz3Oz1qsXKTDbF3IrmYUcFt4tW13&litespeed_type=imgoptm HTTP/1.1" 200 0 "-" "WordPress/6.7.2; https://grimslut.com"
43.159.152.4 - - [03/Apr/2025:01:45:15 -0400] "GET /crafting-memorable-experiences-through-corporate-event-entertainment/ HTTP/1.1" 200 15731 "-" "Mozilla/5.0 (iPhone; CPU iPhone OS 13_2_3 like Mac OS X) AppleWebKit/605.1.15 (KHTML, like Gecko) Version/13.0.3 Mobile/15E148 Safari/604.1"
3.137.150.11 - - [03/Apr/2025:01:45:18 -0400] "GET /wp-json/oembed/1.0/embed?format=xml&url=https%3A%2F%2Fgrimslut.com%2Feinblick-in-das-jurastudium%2F HTTP/1.1" 200 1036 "-" "Mozilla/5.0 AppleWebKit/537.36 (KHTML, like Gecko; compatible; ClaudeBot/1.0; +claudebot@anthropic.com)"
198.54.114.83 - - [03/Apr/2025:01:48:37 -0400] "POST /wp-cron.php?doing_wp_cron=1743659316.4745750427246093750000 HTTP/1.1" 200 0 "-" "WordPress/6.7.2; https://grimslut.com"
18.188.46.93 - - [03/Apr/2025:01:48:33 -0400] "GET /?p=445 HTTP/1.1" 301 0 "-" "Mozilla/5.0 AppleWebKit/537.36 (KHTML, like Gecko; compatible; ClaudeBot/1.0; +claudebot@anthropic.com)"
198.54.114.83 - - [03/Apr/2025:01:48:39 -0400] "POST /wp-admin/admin-ajax.php?action=async_litespeed&nonce=l1F0w7uNWViyGCsyrLayPSiTrHRgQgzp&litespeed_type=imgoptm HTTP/1.1" 200 0 "-" "WordPress/6.7.2; https://grimslut.com"
18.188.46.93 - - [03/Apr/2025:01:48:39 -0400] "GET /einblick-in-das-jurastudium/ HTTP/1.1" 200 15544 "https://grimslut.com/?p=445" "Mozilla/5.0 AppleWebKit/537.36 (KHTML, like Gecko; compatible; ClaudeBot/1.0; +claudebot@anthropic.com)"
114.119.158.97 - - [03/Apr/2025:01:48:59 -0400] "GET /suwon-business-trip-massage-services/ HTTP/1.1" 200 15409 "https://grimslut.com/the-perfect-escape-after-meetings/" "Mozilla/5.0 (Linux; Android 7.0;) AppleWebKit/537.36 (KHTML, like Gecko) Mobile Safari/537.36 (compatible; PetalBot;+https://webmaster.petalsearch.com/site/petalbot)"
198.54.114.83 - - [03/Apr/2025:01:52:22 -0400] "POST /wp-cron.php?doing_wp_cron=1743659542.1937270164489746093750 HTTP/1.1" 200 0 "-" "WordPress/6.7.2; https://grimslut.com"
43.157.153.236 - - [03/Apr/2025:01:52:19 -0400] "GET /2023/11/ HTTP/1.1" 200 13573 "-" "Mozilla/5.0 (iPhone; CPU iPhone OS 13_2_3 like Mac OS X) AppleWebKit/605.1.15 (KHTML, like Gecko) Version/13.0.3 Mobile/15E148 Safari/604.1"
198.54.114.83 - - [03/Apr/2025:01:52:23 -0400] "POST /wp-admin/admin-ajax.php?action=async_litespeed&nonce=OAEtjkP1nyRcGEqPoq5ue6XisQBCMn3y&litespeed_type=imgoptm HTTP/1.1" 200 0 "-" "WordPress/6.7.2; https://grimslut.com"
138.246.253.24 - - [03/Apr/2025:01:55:31 -0400] "GET /robots.txt HTTP/1.1" 200 61 "-" "Mozilla/5.0 (Windows NT 10.0; Win64; x64) AppleWebKit/537.36 (KHTML, like Gecko) Chrome/103.0.5060.134 Safari/537.36"
198.54.114.83 - - [03/Apr/2025:02:00:32 -0400] "POST /wp-cron.php?doing_wp_cron=1743660031.8935871124267578125000 HTTP/1.1" 200 0 "-" "WordPress/6.7.2; https://grimslut.com"
66.249.64.39 - - [03/Apr/2025:02:00:28 -0400] "GET /ceti-crypto-the-next-evolution-in-blockchain/ HTTP/1.1" 200 15502 "-" "Mozilla/5.0 (Linux; Android 6.0.1; Nexus 5X Build/MMB29P) AppleWebKit/537.36 (KHTML, like Gecko) Chrome/134.0.6998.165 Mobile Safari/537.36 (compatible; GoogleOther)"
198.54.114.83 - - [03/Apr/2025:02:00:33 -0400] "POST /wp-admin/admin-ajax.php?action=async_litespeed&nonce=KefhjLIqIaTTFA0RNIdDw4iarTrKouAt&litespeed_type=imgoptm HTTP/1.1" 200 0 "-" "WordPress/6.7.2; https://grimslut.com"
198.54.114.83 - - [03/Apr/2025:02:03:06 -0400] "POST /wp-cron.php?doing_wp_cron=1743660186.4470920562744140625000 HTTP/1.1" 200 0 "-" "WordPress/6.7.2; https://grimslut.com"
198.54.114.83 - - [03/Apr/2025:02:03:07 -0400] "POST /wp-admin/admin-ajax.php?action=async_litespeed&nonce=eflXOJ5zPbDlfTIaEsvi0eEA0NK9m0tx&litespeed_type=imgoptm HTTP/1.1" 200 0 "-" "WordPress/6.7.2; https://grimslut.com"
43.153.87.54 - - [03/Apr/2025:02:03:04 -0400] "GET /category/how-to/ HTTP/1.1" 200 13547 "-" "Mozilla/5.0 (iPhone; CPU iPhone OS 13_2_3 like Mac OS X) AppleWebKit/605.1.15 (KHTML, like Gecko) Version/13.0.3 Mobile/15E148 Safari/604.1"
47.82.22.81 - - [03/Apr/2025:02:10:50 -0400] "GET /2023/09/ HTTP/1.1" 200 13484 "-" "Mozilla/5.0 (iPhone; CPU iPhone OS 17_0_3 like Mac OS X) AppleWebKit/605.1.15 (KHTML, like Gecko) Version/17.0.1 Mobile/15E148 Safari/604.1"
198.54.114.83 - - [03/Apr/2025:02:11:06 -0400] "POST /wp-cron.php?doing_wp_cron=1743660665.4410810470581054687500 HTTP/1.1" 200 0 "-" "WordPress/6.7.2; https://grimslut.com"
43.166.129.247 - - [03/Apr/2025:02:11:01 -0400] "GET /wp-json/wp/v2/posts/680 HTTP/1.1" 200 4390 "-" "Mozilla/5.0 (iPhone; CPU iPhone OS 13_2_3 like Mac OS X) AppleWebKit/605.1.15 (KHTML, like Gecko) Version/13.0.3 Mobile/15E148 Safari/604.1"
198.54.114.83 - - [03/Apr/2025:02:12:40 -0400] "POST /wp-cron.php?doing_wp_cron=1743660759.6501629352569580078125 HTTP/1.1" 200 0 "-" "WordPress/6.7.2; https://grimslut.com"
198.54.114.83 - - [03/Apr/2025:02:12:40 -0400] "POST /wp-admin/admin-ajax.php?action=async_litespeed&nonce=Bo3pAFV69ZLCHR2ESdwuzyFRr7tSjIWq&litespeed_type=imgoptm HTTP/1.1" 200 0 "-" "WordPress/6.7.2; https://grimslut.com"
134.17.14.122 - - [03/Apr/2025:02:12:37 -0400] "GET /nope.php HTTP/1.1" 404 10271 "-" "Mozilla/4.0 (compatible; MSIE 6.0; Windows NT 5.1; SV1)"
198.54.114.83 - - [03/Apr/2025:02:15:36 -0400] "POST /wp-cron.php?doing_wp_cron=1743660936.6351950168609619140625 HTTP/1.1" 200 0 "-" "WordPress/6.7.2; https://grimslut.com"
3.21.186.117 - - [03/Apr/2025:02:15:35 -0400] "GET /wp-json/wp/v2/posts/445 HTTP/1.1" 200 3945 "-" "Mozilla/5.0 AppleWebKit/537.36 (KHTML, like Gecko; compatible; ClaudeBot/1.0; +claudebot@anthropic.com)"
198.54.114.83 - - [03/Apr/2025:02:15:37 -0400] "POST /wp-admin/admin-ajax.php?action=async_litespeed&nonce=GFvNNPYepqu8NRVc0WGP34M6cB2af7TH&litespeed_type=imgoptm HTTP/1.1" 200 5 "-" "WordPress/6.7.2; https://grimslut.com"
43.159.139.164 - - [03/Apr/2025:02:22:15 -0400] "GET /experience-the-perfect-relaxation-with-a-business-trip-massage/ HTTP/1.1" 200 15918 "-" "Mozilla/5.0 (iPhone; CPU iPhone OS 13_2_3 like Mac OS X) AppleWebKit/605.1.15 (KHTML, like Gecko) Version/13.0.3 Mobile/15E148 Safari/604.1"
198.54.114.83 - - [03/Apr/2025:02:30:14 -0400] "POST /wp-cron.php?doing_wp_cron=1743661813.0610480308532714843750 HTTP/1.1" 200 0 "-" "WordPress/6.7.2; https://grimslut.com"
43.130.139.177 - - [03/Apr/2025:02:30:09 -0400] "GET /wp-json/wp/v2/posts/694 HTTP/1.1" 200 5445 "-" "Mozilla/5.0 (iPhone; CPU iPhone OS 13_2_3 like Mac OS X) AppleWebKit/605.1.15 (KHTML, like Gecko) Version/13.0.3 Mobile/15E148 Safari/604.1"
47.82.28.128 - - [03/Apr/2025:02:30:55 -0400] "GET /category/technology/ HTTP/1.1" 200 12193 "-" "Mozilla/5.0 (Linux; Android 10; K) AppleWebKit/537.36 (KHTML, like Gecko) Chrome/122.0.0.0 Mobile Safari/537.36"
14.153.244.216 - - [03/Apr/2025:02:34:05 -0400] "GET /robots.txt HTTP/1.1" 200 61 "-" "Mozilla/5.0 (Windows NT 10.0; Win64; x64) AppleWebKit/537.36 (KHTML, like Gecko) Chrome/91.0.3667.54 Safari/537.36"
47.79.119.127 - - [03/Apr/2025:02:39:36 -0400] "GET /the-role-and-impact-of-freight-brokers-in-modern-logistics/ HTTP/1.1" 200 15378 "-" "Mozilla/5.0 (iPhone; CPU iPhone OS 17_3 like Mac OS X) AppleWebKit/605.1.15 (KHTML, like Gecko) EdgiOS/120.0.2210.150 Version/17.0 Mobile/15E148 Safari/604.1"
47.82.27.63 - - [03/Apr/2025:02:42:18 -0400] "GET /category/education/ HTTP/1.1" 200 12213 "-" "Mozilla/5.0 (Windows NT 10.0; Win64; x64) AppleWebKit/537.36 (KHTML, like Gecko) Chrome/122.0.0.0 Safari/537.36"
198.54.114.83 - - [03/Apr/2025:02:42:27 -0400] "POST /wp-cron.php?doing_wp_cron=1743662544.1780610084533691406250 HTTP/1.1" 200 0 "-" "WordPress/6.7.2; https://grimslut.com"
43.130.139.177 - - [03/Apr/2025:02:42:30 -0400] "GET /wp-json/ HTTP/1.1" 200 187840 "-" "Mozilla/5.0 (iPhone; CPU iPhone OS 13_2_3 like Mac OS X) AppleWebKit/605.1.15 (KHTML, like Gecko) Version/13.0.3 Mobile/15E148 Safari/604.1"
195.82.147.160 - - [03/Apr/2025:02:49:37 -0400] "GET / HTTP/1.1" 200 20870 "-" "Mozilla/5.0 (Windows NT 10.0, Win64, x64, rv:128.0) Gecko/20100101 Firefox/128.0"
54.36.149.67 - - [03/Apr/2025:02:51:19 -0400] "GET /robots.txt HTTP/1.1" 200 61 "-" "Mozilla/5.0 (compatible; AhrefsBot/7.0; +http://ahrefs.com/robot/)"
170.106.193.108 - - [03/Apr/2025:02:52:33 -0400] "GET /2023/11/ HTTP/1.1" 200 13573 "-" "Mozilla/5.0 (iPhone; CPU iPhone OS 13_2_3 like Mac OS X) AppleWebKit/605.1.15 (KHTML, like Gecko) Version/13.0.3 Mobile/15E148 Safari/604.1"
47.79.119.167 - - [03/Apr/2025:02:56:50 -0400] "GET /category/legal-law/ HTTP/1.1" 200 12175 "-" "Mozilla/5.0 (Linux; Android 10; K) AppleWebKit/537.36 (KHTML, like Gecko) Chrome/122.0.0.0 Mobile Safari/537.36"
47.79.116.114 - - [03/Apr/2025:03:01:20 -0400] "GET /category/education/ HTTP/1.1" 200 12213 "-" "Mozilla/5.0 (Windows NT 10.0; Win64; x64) AppleWebKit/537.36 (KHTML, like Gecko) Chrome/121.0.0.0 Safari/537.36 Edg/121.0.0.0"
170.106.179.68 - - [03/Apr/2025:03:04:10 -0400] "GET /category/how-to/ HTTP/1.1" 200 13547 "-" "Mozilla/5.0 (iPhone; CPU iPhone OS 13_2_3 like Mac OS X) AppleWebKit/605.1.15 (KHTML, like Gecko) Version/13.0.3 Mobile/15E148 Safari/604.1"
198.54.114.83 - - [03/Apr/2025:03:07:19 -0400] "POST /wp-cron.php?doing_wp_cron=1743664038.2803421020507812500000 HTTP/1.1" 200 0 "-" "WordPress/6.7.2; https://grimslut.com"
47.79.117.189 - - [03/Apr/2025:03:07:12 -0400] "GET /category/food-dring/ HTTP/1.1" 200 0 "-" "Mozilla/5.0 (Linux; Android 10; K) AppleWebKit/537.36 (KHTML, like Gecko) Chrome/122.0.0.0 Mobile Safari/537.36"
198.54.114.83 - - [03/Apr/2025:03:07:22 -0400] "POST /wp-admin/admin-ajax.php?action=async_litespeed&nonce=F6Koh8LyfBE58WZg9ey8I7jtyW96uQwX&litespeed_type=imgoptm HTTP/1.1" 200 0 "-" "WordPress/6.7.2; https://grimslut.com"
47.79.117.189 - - [03/Apr/2025:03:07:23 -0400] "GET /category/food-dring/ HTTP/1.1" 200 12202 "-" "Mozilla/5.0 (Linux; Android 10; K) AppleWebKit/537.36 (KHTML, like Gecko) Chrome/122.0.0.0 Mobile Safari/537.36"
43.130.102.223 - - [03/Apr/2025:03:13:16 -0400] "GET /2024/02/ HTTP/1.1" 200 15030 "-" "Mozilla/5.0 (iPhone; CPU iPhone OS 13_2_3 like Mac OS X) AppleWebKit/605.1.15 (KHTML, like Gecko) Version/13.0.3 Mobile/15E148 Safari/604.1"
198.54.114.83 - - [03/Apr/2025:03:13:22 -0400] "POST /wp-cron.php?doing_wp_cron=1743664400.1707599163055419921875 HTTP/1.1" 200 0 "-" "WordPress/6.7.2; https://grimslut.com"
