198.54.114.83 - - [31/Mar/2025:12:01:07 -0400] "POST /wp-cron.php?doing_wp_cron=1743436867.1124250888824462890625 HTTP/1.1" 200 0 "-" "WordPress/6.7.2; https://grimslut.com"
51.89.68.103 - - [31/Mar/2025:12:01:04 -0400] "GET /wp-content/plugins/definite-unique/license.txt HTTP/1.1" 404 10271 "-" "Mozilla/5.0 (Windows NT 10.0; Win64; x64) AppleWebKit/537.36 (KHTML, like Gecko) Chrome/127.0.0.0 Safari/537.36"
198.54.114.83 - - [31/Mar/2025:12:01:08 -0400] "POST /wp-admin/admin-ajax.php?action=async_litespeed&nonce=FOJ1tVXUi7MdCErqhus6c1AB7lMv4chD&litespeed_type=imgoptm HTTP/1.1" 200 5 "-" "WordPress/6.7.2; https://grimslut.com"
23.94.181.5 - - [31/Mar/2025:12:12:47 -0400] "POST /xmlrpc.php HTTP/1.1" 200 186 "https://grimslut.com" "Mozilla/5.0 (Windows NT 10.0; Win64; x64) AppleWebKit/537.36 (KHTML, like Gecko) Chrome/116.0.5845.96 Safari/537.36"
196.251.88.242 - - [31/Mar/2025:12:21:04 -0400] "GET /wp-content/plugins/WordPressCore/include.php HTTP/1.1" 404 10271 "-" "Mozlila/5.0 (Linux; Android 7.0; SM-G892A Bulid/NRD90M; wv) AppleWebKit/537.36 (KHTML, like Gecko) Version/4.0 Chrome/60.0.3112.107 Moblie Safari/537.36"
196.251.88.242 - - [31/Mar/2025:12:21:10 -0400] "GET /wp-content/plugins/WordPressCore/include.php HTTP/1.1" 404 10271 "-" "Mozlila/5.0 (Linux; Android 7.0; SM-G892A Bulid/NRD90M; wv) AppleWebKit/537.36 (KHTML, like Gecko) Version/4.0 Chrome/60.0.3112.107 Moblie Safari/537.36"
198.54.114.83 - - [31/Mar/2025:12:21:18 -0400] "POST /wp-cron.php?doing_wp_cron=1743438077.9854159355163574218750 HTTP/1.1" 200 0 "-" "WordPress/6.7.2; https://grimslut.com"
196.251.88.242 - - [31/Mar/2025:12:21:15 -0400] "GET /wp-includes/images/include.php HTTP/1.1" 404 10270 "-" "Mozlila/5.0 (Linux; Android 7.0; SM-G892A Bulid/NRD90M; wv) AppleWebKit/537.36 (KHTML, like Gecko) Version/4.0 Chrome/60.0.3112.107 Moblie Safari/537.36"
198.54.114.83 - - [31/Mar/2025:12:21:19 -0400] "POST /wp-admin/admin-ajax.php?action=async_litespeed&nonce=nZrYySH4toCGPhLBb7MIoJU6DKRYVbxh&litespeed_type=imgoptm HTTP/1.1" 200 0 "-" "WordPress/6.7.2; https://grimslut.com"
196.251.88.242 - - [31/Mar/2025:12:21:22 -0400] "GET /wp-includes/images/include.php HTTP/1.1" 404 10270 "-" "Mozlila/5.0 (Linux; Android 7.0; SM-G892A Bulid/NRD90M; wv) AppleWebKit/537.36 (KHTML, like Gecko) Version/4.0 Chrome/60.0.3112.107 Moblie Safari/537.36"
196.251.88.242 - - [31/Mar/2025:12:21:29 -0400] "GET /wp-content/themes/include.php HTTP/1.1" 404 10270 "-" "Mozlila/5.0 (Linux; Android 7.0; SM-G892A Bulid/NRD90M; wv) AppleWebKit/537.36 (KHTML, like Gecko) Version/4.0 Chrome/60.0.3112.107 Moblie Safari/537.36"
196.251.88.242 - - [31/Mar/2025:12:21:35 -0400] "GET /wp-content/themes/include.php HTTP/1.1" 404 10270 "-" "Mozlila/5.0 (Linux; Android 7.0; SM-G892A Bulid/NRD90M; wv) AppleWebKit/537.36 (KHTML, like Gecko) Version/4.0 Chrome/60.0.3112.107 Moblie Safari/537.36"
198.54.114.83 - - [31/Mar/2025:12:21:43 -0400] "POST /wp-cron.php?doing_wp_cron=1743438103.1696660518646240234375 HTTP/1.1" 200 0 "-" "WordPress/6.7.2; https://grimslut.com"
196.251.88.242 - - [31/Mar/2025:12:21:43 -0400] "GET /wp-includes/widgets/include.php HTTP/1.1" 404 10270 "-" "Mozlila/5.0 (Linux; Android 7.0; SM-G892A Bulid/NRD90M; wv) AppleWebKit/537.36 (KHTML, like Gecko) Version/4.0 Chrome/60.0.3112.107 Moblie Safari/537.36"
198.54.114.83 - - [31/Mar/2025:12:21:43 -0400] "POST /wp-admin/admin-ajax.php?action=async_litespeed&nonce=EfBz7dhKOz5kFMKFXU8JnTDRFJpVqFYT&litespeed_type=imgoptm HTTP/1.1" 200 5 "-" "WordPress/6.7.2; https://grimslut.com"
196.251.88.242 - - [31/Mar/2025:12:21:47 -0400] "GET /wp-includes/widgets/include.php HTTP/1.1" 404 10270 "-" "Mozlila/5.0 (Linux; Android 7.0; SM-G892A Bulid/NRD90M; wv) AppleWebKit/537.36 (KHTML, like Gecko) Version/4.0 Chrome/60.0.3112.107 Moblie Safari/537.36"
196.251.88.242 - - [31/Mar/2025:12:21:53 -0400] "GET /wp-content/plugins/include.php HTTP/1.1" 404 10270 "-" "Mozlila/5.0 (Linux; Android 7.0; SM-G892A Bulid/NRD90M; wv) AppleWebKit/537.36 (KHTML, like Gecko) Version/4.0 Chrome/60.0.3112.107 Moblie Safari/537.36"
196.251.88.242 - - [31/Mar/2025:12:22:00 -0400] "GET /wp-content/plugins/include.php HTTP/1.1" 404 10270 "-" "Mozlila/5.0 (Linux; Android 7.0; SM-G892A Bulid/NRD90M; wv) AppleWebKit/537.36 (KHTML, like Gecko) Version/4.0 Chrome/60.0.3112.107 Moblie Safari/537.36"
198.54.114.83 - - [31/Mar/2025:12:26:19 -0400] "POST /wp-cron.php?doing_wp_cron=1743438379.4387259483337402343750 HTTP/1.1" 200 0 "-" "WordPress/6.7.2; https://grimslut.com"
208.109.27.194 - - [31/Mar/2025:12:26:14 -0400] "POST /xmlrpc.php HTTP/1.1" 200 186 "https://grimslut.com" "Mozilla/5.0 (Macintosh; Intel Mac OS X 10_15_7; rv:128.0) Gecko/20100101 Firefox/128.0"
198.54.114.83 - - [31/Mar/2025:12:26:20 -0400] "POST /wp-admin/admin-ajax.php?action=async_litespeed&nonce=yfIcPne090Aa1l1xSoNiG0tmxIJOWeRd&litespeed_type=imgoptm HTTP/1.1" 200 5 "-" "WordPress/6.7.2; https://grimslut.com"
216.244.66.236 - - [31/Mar/2025:12:29:33 -0400] "GET /robots.txt HTTP/1.1" 200 61 "-" "Mozilla/5.0 (compatible; DotBot/1.2; +https://opensiteexplorer.org/dotbot; help@moz.com)"
198.54.114.83 - - [31/Mar/2025:12:39:19 -0400] "POST /wp-cron.php?doing_wp_cron=1743439159.3333098888397216796875 HTTP/1.1" 200 0 "-" "WordPress/6.7.2; https://grimslut.com"
103.169.35.190 - - [31/Mar/2025:12:39:17 -0400] "POST /xmlrpc.php HTTP/1.1" 200 186 "https://grimslut.com" "Mozilla/5.0 (Macintosh; Intel Mac OS X 10_15_7) AppleWebKit/537.36 (KHTML, like Gecko) Chrome/115.0.5790.102 Safari/537.36"
198.54.114.83 - - [31/Mar/2025:12:39:20 -0400] "POST /wp-admin/admin-ajax.php?action=async_litespeed&nonce=HqAjXFdatukiIGAwbwN0MwxUNbNIucqG&litespeed_type=imgoptm HTTP/1.1" 200 5 "-" "WordPress/6.7.2; https://grimslut.com"
47.243.193.222 - - [31/Mar/2025:12:41:05 -0400] "GET /robots.txt HTTP/1.1" 304 0 "-" "Mozilla/5.0 (Windows NT 6.2; Win64; x64) AppleWebKit/537.36 (KHTML, like Gecko) Chrome/79.0.3517.154 Safari/537.36"
43.166.244.192 - - [31/Mar/2025:12:42:30 -0400] "GET / HTTP/1.1" 200 20855 "http://grimslut.com" "Mozilla/5.0 (iPhone; CPU iPhone OS 13_2_3 like Mac OS X) AppleWebKit/605.1.15 (KHTML, like Gecko) Version/13.0.3 Mobile/15E148 Safari/604.1"
198.54.114.83 - - [31/Mar/2025:12:49:59 -0400] "POST /wp-cron.php?doing_wp_cron=1743439799.5634980201721191406250 HTTP/1.1" 200 0 "-" "WordPress/6.7.2; https://grimslut.com"
101.55.81.36 - - [31/Mar/2025:12:49:57 -0400] "GET /.vscode/sftp.json HTTP/1.1" 404 10271 "http://grimslut.com/.vscode/sftp.json" "Mozilla/5.0 (Windows NT 10.0; Win64; x64) AppleWebKit/537.36 (KHTML, like Gecko) Chrome/87.0.4280.141 Safari/537.36"
198.54.114.83 - - [31/Mar/2025:12:50:00 -0400] "POST /wp-admin/admin-ajax.php?action=async_litespeed&nonce=49a0OH7qb66dPREk4ozpCJOCAnB28ZAN&litespeed_type=imgoptm HTTP/1.1" 200 5 "-" "WordPress/6.7.2; https://grimslut.com"
165.227.84.75 - - [31/Mar/2025:12:51:52 -0400] "GET /wp-login.php HTTP/1.1" 200 1954 "-" "GRequests/0.10"
198.54.114.83 - - [31/Mar/2025:12:51:54 -0400] "POST /wp-cron.php?doing_wp_cron=1743439914.3697369098663330078125 HTTP/1.1" 200 0 "-" "WordPress/6.7.2; https://grimslut.com"
165.227.84.75 - - [31/Mar/2025:12:51:53 -0400] "POST /wp-login.php HTTP/1.1" 200 2087 "-" "GRequests/0.10"
198.54.114.83 - - [31/Mar/2025:12:51:55 -0400] "POST /wp-admin/admin-ajax.php?action=async_litespeed&nonce=ofsubtsBtakJHtRiX8dLUjn7zCNlHiCy&litespeed_type=imgoptm HTTP/1.1" 200 5 "-" "WordPress/6.7.2; https://grimslut.com"
182.92.110.55 - - [31/Mar/2025:12:52:02 -0400] "POST /xmlrpc.php HTTP/1.1" 200 186 "https://grimslut.com" "Mozilla/5.0 (Macintosh; Intel Mac OS X 10_15_7) AppleWebKit/537.36 (KHTML, like Gecko) Chrome/114.0.5735.134 Safari/537.36"
198.54.114.83 - - [31/Mar/2025:12:54:14 -0400] "POST /wp-cron.php?doing_wp_cron=1743440054.0879580974578857421875 HTTP/1.1" 200 0 "-" "WordPress/6.7.2; https://grimslut.com"
101.55.81.36 - - [31/Mar/2025:12:54:12 -0400] "GET /Telerik.Web.UI.WebResource.axd%3Ftype=rau HTTP/1.1" 404 10271 "-" "Mozilla/5.0 (Windows NT 10.0; Win64; x64) AppleWebKit/537.36 (KHTML, like Gecko) Chrome/87.0.4280.141 Safari/537.36"
198.54.114.83 - - [31/Mar/2025:12:54:15 -0400] "POST /wp-admin/admin-ajax.php?action=async_litespeed&nonce=3vHwSWh8v4vEiTw4vk45nuNtHT3tusQk&litespeed_type=imgoptm HTTP/1.1" 200 5 "-" "WordPress/6.7.2; https://grimslut.com"
198.54.114.83 - - [31/Mar/2025:12:56:10 -0400] "POST /wp-cron.php?doing_wp_cron=1743440169.1856360435485839843750 HTTP/1.1" 200 0 "-" "WordPress/6.7.2; https://grimslut.com"
101.55.81.36 - - [31/Mar/2025:12:56:07 -0400] "GET /deployment-config.json HTTP/1.1" 404 10271 "-" "Mozilla/5.0 (Windows NT 10.0; Win64; x64) AppleWebKit/537.36 (KHTML, like Gecko) Chrome/87.0.4280.141 Safari/537.36"
198.54.114.83 - - [31/Mar/2025:12:58:15 -0400] "POST /wp-cron.php?doing_wp_cron=1743440295.2965219020843505859375 HTTP/1.1" 200 0 "-" "WordPress/6.7.2; https://grimslut.com"
101.55.81.36 - - [31/Mar/2025:12:58:13 -0400] "GET /wp-content/plugins/wp-automatic/inc/csv.php HTTP/1.1" 404 10271 "-" "Mozilla/5.0 (Windows NT 10.0; Win64; x64) AppleWebKit/537.36 (KHTML, like Gecko) Chrome/87.0.4280.141 Safari/537.36"
198.54.114.83 - - [31/Mar/2025:12:58:17 -0400] "POST /wp-admin/admin-ajax.php?action=async_litespeed&nonce=cj7vKJDK36DwMamnUeC7koL2UOzBq1f4&litespeed_type=imgoptm HTTP/1.1" 200 0 "-" "WordPress/6.7.2; https://grimslut.com"
198.54.114.83 - - [31/Mar/2025:12:58:43 -0400] "POST /wp-cron.php?doing_wp_cron=1743440322.7262260913848876953125 HTTP/1.1" 200 0 "-" "WordPress/6.7.2; https://grimslut.com"
216.244.66.236 - - [31/Mar/2025:12:58:42 -0400] "GET /navigating-the-world-of-online-betting-balancing-entertainment-and-responsibility/feed/ HTTP/1.1" 200 437 "-" "Mozilla/5.0 (compatible; DotBot/1.2; +https://opensiteexplorer.org/dotbot; help@moz.com)"
198.54.114.83 - - [31/Mar/2025:12:58:43 -0400] "POST /wp-admin/admin-ajax.php?action=async_litespeed&nonce=EPgyrEACnI9TEeUg5WgDIpwIqCOy4oyR&litespeed_type=imgoptm HTTP/1.1" 200 5 "-" "WordPress/6.7.2; https://grimslut.com"
101.55.81.36 - - [31/Mar/2025:12:59:49 -0400] "GET /sftp-config.json HTTP/1.1" 403 1242 "-" "Mozilla/5.0 (Windows NT 10.0; Win64; x64) AppleWebKit/537.36 (KHTML, like Gecko) Chrome/87.0.4280.141 Safari/537.36"
198.54.114.83 - - [31/Mar/2025:13:04:27 -0400] "POST /wp-cron.php?doing_wp_cron=1743440667.3270509243011474609375 HTTP/1.1" 200 0 "-" "WordPress/6.7.2; https://grimslut.com"
212.227.72.139 - - [31/Mar/2025:13:04:23 -0400] "POST /xmlrpc.php HTTP/1.1" 200 186 "https://grimslut.com" "Mozilla/5.0 (Windows NT 10.0; Win64; x64) AppleWebKit/537.36 (KHTML, like Gecko) Chrome/115.0.5790.102 Safari/537.36"
198.54.114.83 - - [31/Mar/2025:13:04:28 -0400] "POST /wp-admin/admin-ajax.php?action=async_litespeed&nonce=9RdThGne4BoCMVGmUPn1BHoHt76minSL&litespeed_type=imgoptm HTTP/1.1" 200 5 "-" "WordPress/6.7.2; https://grimslut.com"
51.222.253.19 - - [31/Mar/2025:13:06:02 -0400] "GET / HTTP/1.1" 200 20855 "-" "Mozilla/5.0 (compatible; AhrefsBot/7.0; +http://ahrefs.com/robot/)"
3.145.86.241 - - [31/Mar/2025:13:08:30 -0400] "GET /robots.txt HTTP/1.1" 200 61 "-" "Mozilla/5.0 AppleWebKit/537.36 (KHTML, like Gecko; compatible; ClaudeBot/1.0; +claudebot@anthropic.com)"
3.145.86.241 - - [31/Mar/2025:13:08:31 -0400] "GET /?p=598 HTTP/1.1" 301 0 "-" "Mozilla/5.0 AppleWebKit/537.36 (KHTML, like Gecko; compatible; ClaudeBot/1.0; +claudebot@anthropic.com)"
3.145.86.241 - - [31/Mar/2025:13:08:31 -0400] "GET /?p=627 HTTP/1.1" 301 0 "-" "Mozilla/5.0 AppleWebKit/537.36 (KHTML, like Gecko; compatible; ClaudeBot/1.0; +claudebot@anthropic.com)"
3.145.86.241 - - [31/Mar/2025:13:08:31 -0400] "GET /?p=543 HTTP/1.1" 301 0 "-" "Mozilla/5.0 AppleWebKit/537.36 (KHTML, like Gecko; compatible; ClaudeBot/1.0; +claudebot@anthropic.com)"
3.145.86.241 - - [31/Mar/2025:13:08:31 -0400] "GET /?p=605 HTTP/1.1" 301 0 "-" "Mozilla/5.0 AppleWebKit/537.36 (KHTML, like Gecko; compatible; ClaudeBot/1.0; +claudebot@anthropic.com)"
3.145.86.241 - - [31/Mar/2025:13:08:33 -0400] "GET /retro-bowl-a-nostalgic-sports-game-revolution/ HTTP/1.1" 200 15518 "https://grimslut.com/?p=605" "Mozilla/5.0 AppleWebKit/537.36 (KHTML, like Gecko; compatible; ClaudeBot/1.0; +claudebot@anthropic.com)"
198.54.114.83 - - [31/Mar/2025:13:08:33 -0400] "POST /wp-cron.php?doing_wp_cron=1743440912.9225149154663085937500 HTTP/1.1" 200 0 "-" "WordPress/6.7.2; https://grimslut.com"
3.145.86.241 - - [31/Mar/2025:13:08:31 -0400] "GET /?p=585 HTTP/1.1" 301 0 "-" "Mozilla/5.0 AppleWebKit/537.36 (KHTML, like Gecko; compatible; ClaudeBot/1.0; +claudebot@anthropic.com)"
3.145.86.241 - - [31/Mar/2025:13:08:33 -0400] "GET /?p=545 HTTP/1.1" 301 0 "-" "Mozilla/5.0 AppleWebKit/537.36 (KHTML, like Gecko; compatible; ClaudeBot/1.0; +claudebot@anthropic.com)"
3.145.86.241 - - [31/Mar/2025:13:08:33 -0400] "GET /business-trip-massage-for-a-productive-journey/ HTTP/1.1" 200 15389 "https://grimslut.com/?p=543" "Mozilla/5.0 AppleWebKit/537.36 (KHTML, like Gecko; compatible; ClaudeBot/1.0; +claudebot@anthropic.com)"
3.145.86.241 - - [31/Mar/2025:13:08:33 -0400] "GET /rechtsanwalt-hattingen-ihre-kompetente-juristische-unterstutzung/ HTTP/1.1" 200 15506 "https://grimslut.com/?p=598" "Mozilla/5.0 AppleWebKit/537.36 (KHTML, like Gecko; compatible; ClaudeBot/1.0; +claudebot@anthropic.com)"
3.145.86.241 - - [31/Mar/2025:13:08:33 -0400] "GET /the-truth-behind-steroids-and-their-impact-on-health/ HTTP/1.1" 200 15521 "https://grimslut.com/?p=627" "Mozilla/5.0 AppleWebKit/537.36 (KHTML, like Gecko; compatible; ClaudeBot/1.0; +claudebot@anthropic.com)"
3.145.86.241 - - [31/Mar/2025:13:08:34 -0400] "GET /?p=568 HTTP/1.1" 301 0 "-" "Mozilla/5.0 AppleWebKit/537.36 (KHTML, like Gecko; compatible; ClaudeBot/1.0; +claudebot@anthropic.com)"
3.145.86.241 - - [31/Mar/2025:13:08:33 -0400] "GET /the-importance-of-wellness-on-business-trips/ HTTP/1.1" 200 15402 "https://grimslut.com/?p=545" "Mozilla/5.0 AppleWebKit/537.36 (KHTML, like Gecko; compatible; ClaudeBot/1.0; +claudebot@anthropic.com)"
3.145.86.241 - - [31/Mar/2025:13:08:33 -0400] "GET /introduction-to-virtual-telephone-answering-services/ HTTP/1.1" 200 15426 "https://grimslut.com/?p=585" "Mozilla/5.0 AppleWebKit/537.36 (KHTML, like Gecko; compatible; ClaudeBot/1.0; +claudebot@anthropic.com)"
198.54.114.83 - - [31/Mar/2025:13:08:33 -0400] "POST /wp-admin/admin-ajax.php?action=async_litespeed&nonce=5Kqto2qMrJgb5IiYJUURuM7WGElrlMw5&litespeed_type=imgoptm HTTP/1.1" 200 5 "-" "WordPress/6.7.2; https://grimslut.com"
3.145.86.241 - - [31/Mar/2025:13:08:34 -0400] "GET /?p=521 HTTP/1.1" 301 0 "-" "Mozilla/5.0 AppleWebKit/537.36 (KHTML, like Gecko; compatible; ClaudeBot/1.0; +claudebot@anthropic.com)"
3.145.86.241 - - [31/Mar/2025:13:08:34 -0400] "GET /?p=620 HTTP/1.1" 301 0 "-" "Mozilla/5.0 AppleWebKit/537.36 (KHTML, like Gecko; compatible; ClaudeBot/1.0; +claudebot@anthropic.com)"
3.145.86.241 - - [31/Mar/2025:13:08:34 -0400] "GET /legal-support-with-attorney-answering-services/ HTTP/1.1" 200 15505 "https://grimslut.com/?p=620" "Mozilla/5.0 AppleWebKit/537.36 (KHTML, like Gecko; compatible; ClaudeBot/1.0; +claudebot@anthropic.com)"
3.145.86.241 - - [31/Mar/2025:13:08:34 -0400] "GET /?p=557 HTTP/1.1" 301 0 "-" "Mozilla/5.0 AppleWebKit/537.36 (KHTML, like Gecko; compatible; ClaudeBot/1.0; +claudebot@anthropic.com)"
3.145.86.241 - - [31/Mar/2025:13:08:34 -0400] "GET /2025 HTTP/1.1" 301 0 "-" "Mozilla/5.0 AppleWebKit/537.36 (KHTML, like Gecko; compatible; ClaudeBot/1.0; +claudebot@anthropic.com)"
3.145.86.241 - - [31/Mar/2025:13:08:34 -0400] "GET /vorteile-einer-erfahrenen-umzugsfirma-in-hamburg/ HTTP/1.1" 200 15498 "https://grimslut.com/?p=568" "Mozilla/5.0 AppleWebKit/537.36 (KHTML, like Gecko; compatible; ClaudeBot/1.0; +claudebot@anthropic.com)"
3.145.86.241 - - [31/Mar/2025:13:08:34 -0400] "GET /discovering-suwons-business-trip-massage-services/ HTTP/1.1" 200 15298 "https://grimslut.com/?p=521" "Mozilla/5.0 AppleWebKit/537.36 (KHTML, like Gecko; compatible; ClaudeBot/1.0; +claudebot@anthropic.com)"
3.145.86.241 - - [31/Mar/2025:13:08:35 -0400] "GET /2023 HTTP/1.1" 301 0 "-" "Mozilla/5.0 AppleWebKit/537.36 (KHTML, like Gecko; compatible; ClaudeBot/1.0; +claudebot@anthropic.com)"
3.145.86.241 - - [31/Mar/2025:13:08:35 -0400] "GET /2024 HTTP/1.1" 301 0 "-" "Mozilla/5.0 AppleWebKit/537.36 (KHTML, like Gecko; compatible; ClaudeBot/1.0; +claudebot@anthropic.com)"
3.145.86.241 - - [31/Mar/2025:13:08:35 -0400] "GET /ihr-partner-fur-einen-stressfreien-umzug/ HTTP/1.1" 200 15330 "https://grimslut.com/?p=557" "Mozilla/5.0 AppleWebKit/537.36 (KHTML, like Gecko; compatible; ClaudeBot/1.0; +claudebot@anthropic.com)"
3.145.86.241 - - [31/Mar/2025:13:08:35 -0400] "GET /2025/ HTTP/1.1" 200 14743 "https://grimslut.com/2025" "Mozilla/5.0 AppleWebKit/537.36 (KHTML, like Gecko; compatible; ClaudeBot/1.0; +claudebot@anthropic.com)"
3.145.86.241 - - [31/Mar/2025:13:08:35 -0400] "GET /2024/ HTTP/1.1" 200 15105 "https://grimslut.com/2024" "Mozilla/5.0 AppleWebKit/537.36 (KHTML, like Gecko; compatible; ClaudeBot/1.0; +claudebot@anthropic.com)"
3.145.86.241 - - [31/Mar/2025:13:08:35 -0400] "GET /2023/ HTTP/1.1" 200 15441 "https://grimslut.com/2023" "Mozilla/5.0 AppleWebKit/537.36 (KHTML, like Gecko; compatible; ClaudeBot/1.0; +claudebot@anthropic.com)"
3.134.86.4 - - [31/Mar/2025:13:09:19 -0400] "GET /?p=618 HTTP/1.1" 301 0 "-" "Mozilla/5.0 AppleWebKit/537.36 (KHTML, like Gecko; compatible; ClaudeBot/1.0; +claudebot@anthropic.com)"
3.134.86.4 - - [31/Mar/2025:13:09:19 -0400] "GET /?p=515 HTTP/1.1" 301 0 "-" "Mozilla/5.0 AppleWebKit/537.36 (KHTML, like Gecko; compatible; ClaudeBot/1.0; +claudebot@anthropic.com)"
3.134.86.4 - - [31/Mar/2025:13:09:19 -0400] "GET /?p=575 HTTP/1.1" 301 0 "-" "Mozilla/5.0 AppleWebKit/537.36 (KHTML, like Gecko; compatible; ClaudeBot/1.0; +claudebot@anthropic.com)"
3.134.86.4 - - [31/Mar/2025:13:09:20 -0400] "GET /?p=529 HTTP/1.1" 301 0 "-" "Mozilla/5.0 AppleWebKit/537.36 (KHTML, like Gecko; compatible; ClaudeBot/1.0; +claudebot@anthropic.com)"
3.134.86.4 - - [31/Mar/2025:13:09:20 -0400] "GET /?p=553 HTTP/1.1" 301 0 "-" "Mozilla/5.0 AppleWebKit/537.36 (KHTML, like Gecko; compatible; ClaudeBot/1.0; +claudebot@anthropic.com)"
3.134.86.4 - - [31/Mar/2025:13:09:20 -0400] "GET /the-importance-of-relaxation-during-business-trips/ HTTP/1.1" 200 15429 "https://grimslut.com/?p=515" "Mozilla/5.0 AppleWebKit/537.36 (KHTML, like Gecko; compatible; ClaudeBot/1.0; +claudebot@anthropic.com)"
3.134.86.4 - - [31/Mar/2025:13:09:20 -0400] "GET /ideal-money-lender-for-your-loan-needs/ HTTP/1.1" 200 15460 "https://grimslut.com/?p=618" "Mozilla/5.0 AppleWebKit/537.36 (KHTML, like Gecko; compatible; ClaudeBot/1.0; +claudebot@anthropic.com)"
3.134.86.4 - - [31/Mar/2025:13:09:20 -0400] "GET /eleganz-und-funktionalitat-vereint/ HTTP/1.1" 200 15392 "https://grimslut.com/?p=575" "Mozilla/5.0 AppleWebKit/537.36 (KHTML, like Gecko; compatible; ClaudeBot/1.0; +claudebot@anthropic.com)"
3.134.86.4 - - [31/Mar/2025:13:09:20 -0400] "GET /?p=533 HTTP/1.1" 301 0 "-" "Mozilla/5.0 AppleWebKit/537.36 (KHTML, like Gecko; compatible; ClaudeBot/1.0; +claudebot@anthropic.com)"
3.134.86.4 - - [31/Mar/2025:13:09:20 -0400] "GET /a-premier-gaming-destination/ HTTP/1.1" 200 15453 "https://grimslut.com/?p=529" "Mozilla/5.0 AppleWebKit/537.36 (KHTML, like Gecko; compatible; ClaudeBot/1.0; +claudebot@anthropic.com)"
3.134.86.4 - - [31/Mar/2025:13:09:21 -0400] "GET /?p=629 HTTP/1.1" 301 0 "-" "Mozilla/5.0 AppleWebKit/537.36 (KHTML, like Gecko; compatible; ClaudeBot/1.0; +claudebot@anthropic.com)"
3.134.86.4 - - [31/Mar/2025:13:09:21 -0400] "GET /?p=526 HTTP/1.1" 301 0 "-" "Mozilla/5.0 AppleWebKit/537.36 (KHTML, like Gecko; compatible; ClaudeBot/1.0; +claudebot@anthropic.com)"
3.134.86.4 - - [31/Mar/2025:13:09:20 -0400] "GET /ihr-zuverlassiger-partner/ HTTP/1.1" 200 15489 "https://grimslut.com/?p=553" "Mozilla/5.0 AppleWebKit/537.36 (KHTML, like Gecko; compatible; ClaudeBot/1.0; +claudebot@anthropic.com)"
3.134.86.4 - - [31/Mar/2025:13:09:21 -0400] "GET /?p=555 HTTP/1.1" 301 0 "-" "Mozilla/5.0 AppleWebKit/537.36 (KHTML, like Gecko; compatible; ClaudeBot/1.0; +claudebot@anthropic.com)"
3.134.86.4 - - [31/Mar/2025:13:09:21 -0400] "GET /?p=571 HTTP/1.1" 301 0 "-" "Mozilla/5.0 AppleWebKit/537.36 (KHTML, like Gecko; compatible; ClaudeBot/1.0; +claudebot@anthropic.com)"
3.134.86.4 - - [31/Mar/2025:13:09:21 -0400] "GET /unlocking-creativity-and-experiences-with-the-cultureland-card/ HTTP/1.1" 200 15426 "https://grimslut.com/?p=533" "Mozilla/5.0 AppleWebKit/537.36 (KHTML, like Gecko; compatible; ClaudeBot/1.0; +claudebot@anthropic.com)"
3.134.86.4 - - [31/Mar/2025:13:09:21 -0400] "GET /the-perfect-escape-after-meetings/ HTTP/1.1" 200 15171 "https://grimslut.com/?p=526" "Mozilla/5.0 AppleWebKit/537.36 (KHTML, like Gecko; compatible; ClaudeBot/1.0; +claudebot@anthropic.com)"
3.134.86.4 - - [31/Mar/2025:13:09:21 -0400] "GET /essential-guide-to-austin-emergency-fire-watch-services/ HTTP/1.1" 200 15531 "https://grimslut.com/?p=629" "Mozilla/5.0 AppleWebKit/537.36 (KHTML, like Gecko; compatible; ClaudeBot/1.0; +claudebot@anthropic.com)"
3.134.86.4 - - [31/Mar/2025:13:09:21 -0400] "GET /ihr-umzugsunternehmen-in-luneburg/ HTTP/1.1" 200 15466 "https://grimslut.com/?p=555" "Mozilla/5.0 AppleWebKit/537.36 (KHTML, like Gecko; compatible; ClaudeBot/1.0; +claudebot@anthropic.com)"
3.134.86.4 - - [31/Mar/2025:13:09:22 -0400] "GET /?p=566 HTTP/1.1" 301 0 "-" "Mozilla/5.0 AppleWebKit/537.36 (KHTML, like Gecko; compatible; ClaudeBot/1.0; +claudebot@anthropic.com)"
3.134.86.4 - - [31/Mar/2025:13:09:22 -0400] "GET /?p=589 HTTP/1.1" 301 0 "-" "Mozilla/5.0 AppleWebKit/537.36 (KHTML, like Gecko; compatible; ClaudeBot/1.0; +claudebot@anthropic.com)"
3.134.86.4 - - [31/Mar/2025:13:09:22 -0400] "GET /une-solution-efficace-pour-combattre-la-transpiration-excessive/ HTTP/1.1" 200 15605 "https://grimslut.com/?p=571" "Mozilla/5.0 AppleWebKit/537.36 (KHTML, like Gecko; compatible; ClaudeBot/1.0; +claudebot@anthropic.com)"
3.134.86.4 - - [31/Mar/2025:13:09:23 -0400] "GET /?p=573 HTTP/1.1" 301 0 "-" "Mozilla/5.0 AppleWebKit/537.36 (KHTML, like Gecko; compatible; ClaudeBot/1.0; +claudebot@anthropic.com)"
3.134.86.4 - - [31/Mar/2025:13:09:23 -0400] "GET /the-efficiency-and-versatility-of-china-portable-water-pumps/ HTTP/1.1" 200 15444 "https://grimslut.com/?p=566" "Mozilla/5.0 AppleWebKit/537.36 (KHTML, like Gecko; compatible; ClaudeBot/1.0; +claudebot@anthropic.com)"
3.134.86.4 - - [31/Mar/2025:13:09:23 -0400] "GET /excitement-of-video-slots/ HTTP/1.1" 200 15524 "https://grimslut.com/?p=589" "Mozilla/5.0 AppleWebKit/537.36 (KHTML, like Gecko; compatible; ClaudeBot/1.0; +claudebot@anthropic.com)"
3.134.86.4 - - [31/Mar/2025:13:09:23 -0400] "GET /une-solution-efficace-pour-controler-la-transpiration-excessive/ HTTP/1.1" 200 15603 "https://grimslut.com/?p=573" "Mozilla/5.0 AppleWebKit/537.36 (KHTML, like Gecko; compatible; ClaudeBot/1.0; +claudebot@anthropic.com)"
3.129.70.104 - - [31/Mar/2025:13:10:18 -0400] "GET /law-tutoring HTTP/1.1" 301 0 "-" "Mozilla/5.0 AppleWebKit/537.36 (KHTML, like Gecko; compatible; ClaudeBot/1.0; +claudebot@anthropic.com)"
3.129.70.104 - - [31/Mar/2025:13:10:19 -0400] "GET /law-tutoring/ HTTP/1.1" 200 14931 "https://grimslut.com/law-tutoring" "Mozilla/5.0 AppleWebKit/537.36 (KHTML, like Gecko; compatible; ClaudeBot/1.0; +claudebot@anthropic.com)"
3.129.70.104 - - [31/Mar/2025:13:10:19 -0400] "GET /page/30 HTTP/1.1" 301 0 "-" "Mozilla/5.0 AppleWebKit/537.36 (KHTML, like Gecko; compatible; ClaudeBot/1.0; +claudebot@anthropic.com)"
3.129.70.104 - - [31/Mar/2025:13:10:19 -0400] "GET /?p=517 HTTP/1.1" 301 0 "-" "Mozilla/5.0 AppleWebKit/537.36 (KHTML, like Gecko; compatible; ClaudeBot/1.0; +claudebot@anthropic.com)"
198.54.114.83 - - [31/Mar/2025:13:10:19 -0400] "POST /wp-cron.php?doing_wp_cron=1743441019.0477790832519531250000 HTTP/1.1" 200 0 "-" "WordPress/6.7.2; https://grimslut.com"
3.129.70.104 - - [31/Mar/2025:13:10:18 -0400] "GET /page/29 HTTP/1.1" 301 0 "-" "Mozilla/5.0 AppleWebKit/537.36 (KHTML, like Gecko; compatible; ClaudeBot/1.0; +claudebot@anthropic.com)"
3.129.70.104 - - [31/Mar/2025:13:10:18 -0400] "GET /author/ashdev HTTP/1.1" 301 0 "-" "Mozilla/5.0 AppleWebKit/537.36 (KHTML, like Gecko; compatible; ClaudeBot/1.0; +claudebot@anthropic.com)"
3.129.70.104 - - [31/Mar/2025:13:10:20 -0400] "GET /author/ashdev/ HTTP/1.1" 200 13659 "https://grimslut.com/author/ashdev" "Mozilla/5.0 AppleWebKit/537.36 (KHTML, like Gecko; compatible; ClaudeBot/1.0; +claudebot@anthropic.com)"
3.129.70.104 - - [31/Mar/2025:13:10:20 -0400] "GET /?p=577 HTTP/1.1" 301 0 "-" "Mozilla/5.0 AppleWebKit/537.36 (KHTML, like Gecko; compatible; ClaudeBot/1.0; +claudebot@anthropic.com)"
198.54.114.83 - - [31/Mar/2025:13:10:20 -0400] "POST /wp-admin/admin-ajax.php?action=async_litespeed&nonce=RrOBgM01Lwj1ttYdqejak03VcJNWjtJm&litespeed_type=imgoptm HTTP/1.1" 200 5 "-" "WordPress/6.7.2; https://grimslut.com"
3.129.70.104 - - [31/Mar/2025:13:10:20 -0400] "GET /page/4 HTTP/1.1" 301 0 "-" "Mozilla/5.0 AppleWebKit/537.36 (KHTML, like Gecko; compatible; ClaudeBot/1.0; +claudebot@anthropic.com)"
3.129.70.104 - - [31/Mar/2025:13:10:20 -0400] "GET /a-celebration-of-freedom/ HTTP/1.1" 200 15366 "https://grimslut.com/?p=517" "Mozilla/5.0 AppleWebKit/537.36 (KHTML, like Gecko; compatible; ClaudeBot/1.0; +claudebot@anthropic.com)"
3.129.70.104 - - [31/Mar/2025:13:10:20 -0400] "GET /aba-therapy-for-kids-in-dubai/ HTTP/1.1" 200 15416 "https://grimslut.com/?p=577" "Mozilla/5.0 AppleWebKit/537.36 (KHTML, like Gecko; compatible; ClaudeBot/1.0; +claudebot@anthropic.com)"
3.129.70.104 - - [31/Mar/2025:13:10:21 -0400] "GET /?p=579 HTTP/1.1" 301 0 "-" "Mozilla/5.0 AppleWebKit/537.36 (KHTML, like Gecko; compatible; ClaudeBot/1.0; +claudebot@anthropic.com)"
3.129.70.104 - - [31/Mar/2025:13:10:20 -0400] "GET /page/29/ HTTP/1.1" 200 21819 "https://grimslut.com/page/29" "Mozilla/5.0 AppleWebKit/537.36 (KHTML, like Gecko; compatible; ClaudeBot/1.0; +claudebot@anthropic.com)"
3.129.70.104 - - [31/Mar/2025:13:10:20 -0400] "GET /page/30/ HTTP/1.1" 200 21902 "https://grimslut.com/page/30" "Mozilla/5.0 AppleWebKit/537.36 (KHTML, like Gecko; compatible; ClaudeBot/1.0; +claudebot@anthropic.com)"
3.129.70.104 - - [31/Mar/2025:13:10:21 -0400] "GET /?p=596 HTTP/1.1" 301 0 "-" "Mozilla/5.0 AppleWebKit/537.36 (KHTML, like Gecko; compatible; ClaudeBot/1.0; +claudebot@anthropic.com)"
3.129.70.104 - - [31/Mar/2025:13:10:21 -0400] "GET /a-path-to-healing-and-balance/ HTTP/1.1" 200 15358 "https://grimslut.com/?p=579" "Mozilla/5.0 AppleWebKit/537.36 (KHTML, like Gecko; compatible; ClaudeBot/1.0; +claudebot@anthropic.com)"
3.129.70.104 - - [31/Mar/2025:13:10:20 -0400] "GET /page/4/ HTTP/1.1" 200 22048 "https://grimslut.com/page/4" "Mozilla/5.0 AppleWebKit/537.36 (KHTML, like Gecko; compatible; ClaudeBot/1.0; +claudebot@anthropic.com)"
3.129.70.104 - - [31/Mar/2025:13:10:22 -0400] "GET /?p=583 HTTP/1.1" 301 0 "-" "Mozilla/5.0 AppleWebKit/537.36 (KHTML, like Gecko; compatible; ClaudeBot/1.0; +claudebot@anthropic.com)"
3.129.70.104 - - [31/Mar/2025:13:10:22 -0400] "GET /?p=535 HTTP/1.1" 301 0 "-" "Mozilla/5.0 AppleWebKit/537.36 (KHTML, like Gecko; compatible; ClaudeBot/1.0; +claudebot@anthropic.com)"
3.129.70.104 - - [31/Mar/2025:13:10:22 -0400] "GET /?p=541 HTTP/1.1" 301 0 "-" "Mozilla/5.0 AppleWebKit/537.36 (KHTML, like Gecko; compatible; ClaudeBot/1.0; +claudebot@anthropic.com)"
3.129.70.104 - - [31/Mar/2025:13:10:22 -0400] "GET /finding-reiki-healing-near-you/ HTTP/1.1" 200 15581 "https://grimslut.com/?p=596" "Mozilla/5.0 AppleWebKit/537.36 (KHTML, like Gecko; compatible; ClaudeBot/1.0; +claudebot@anthropic.com)"
3.129.70.104 - - [31/Mar/2025:13:10:22 -0400] "GET /?p=559 HTTP/1.1" 301 0 "-" "Mozilla/5.0 AppleWebKit/537.36 (KHTML, like Gecko; compatible; ClaudeBot/1.0; +claudebot@anthropic.com)"
3.129.70.104 - - [31/Mar/2025:13:10:22 -0400] "GET /lart-du-massage-et-ses-bienfaits/ HTTP/1.1" 200 15535 "https://grimslut.com/?p=583" "Mozilla/5.0 AppleWebKit/537.36 (KHTML, like Gecko; compatible; ClaudeBot/1.0; +claudebot@anthropic.com)"
3.129.70.104 - - [31/Mar/2025:13:10:22 -0400] "GET /the-value-of-culture-gift-certificates/ HTTP/1.1" 200 15388 "https://grimslut.com/?p=535" "Mozilla/5.0 AppleWebKit/537.36 (KHTML, like Gecko; compatible; ClaudeBot/1.0; +claudebot@anthropic.com)"
3.129.70.104 - - [31/Mar/2025:13:10:23 -0400] "GET /a-premier-gaming-destination-2/ HTTP/1.1" 200 15381 "https://grimslut.com/?p=559" "Mozilla/5.0 AppleWebKit/537.36 (KHTML, like Gecko; compatible; ClaudeBot/1.0; +claudebot@anthropic.com)"
3.129.70.104 - - [31/Mar/2025:13:10:23 -0400] "GET /the-benefit-of-business-trip-massage/ HTTP/1.1" 200 15380 "https://grimslut.com/?p=541" "Mozilla/5.0 AppleWebKit/537.36 (KHTML, like Gecko; compatible; ClaudeBot/1.0; +claudebot@anthropic.com)"
3.12.148.208 - - [31/Mar/2025:13:10:58 -0400] "GET /2024/10/page/2 HTTP/1.1" 301 0 "-" "Mozilla/5.0 AppleWebKit/537.36 (KHTML, like Gecko; compatible; ClaudeBot/1.0; +claudebot@anthropic.com)"
3.12.148.208 - - [31/Mar/2025:13:10:58 -0400] "GET /2025/01/page/3 HTTP/1.1" 301 0 "-" "Mozilla/5.0 AppleWebKit/537.36 (KHTML, like Gecko; compatible; ClaudeBot/1.0; +claudebot@anthropic.com)"
198.54.114.83 - - [31/Mar/2025:13:10:59 -0400] "POST /wp-cron.php?doing_wp_cron=1743441058.9079658985137939453125 HTTP/1.1" 200 0 "-" "WordPress/6.7.2; https://grimslut.com"
3.12.148.208 - - [31/Mar/2025:13:10:58 -0400] "GET /2024/10/page/3 HTTP/1.1" 301 0 "-" "Mozilla/5.0 AppleWebKit/537.36 (KHTML, like Gecko; compatible; ClaudeBot/1.0; +claudebot@anthropic.com)"
3.12.148.208 - - [31/Mar/2025:13:10:58 -0400] "GET /2024/10/page/4 HTTP/1.1" 301 0 "-" "Mozilla/5.0 AppleWebKit/537.36 (KHTML, like Gecko; compatible; ClaudeBot/1.0; +claudebot@anthropic.com)"
3.12.148.208 - - [31/Mar/2025:13:10:59 -0400] "GET /2024/01/page/2 HTTP/1.1" 301 0 "-" "Mozilla/5.0 AppleWebKit/537.36 (KHTML, like Gecko; compatible; ClaudeBot/1.0; +claudebot@anthropic.com)"
3.12.148.208 - - [31/Mar/2025:13:10:59 -0400] "GET /2024/10/page/3/ HTTP/1.1" 200 15086 "https://grimslut.com/2024/10/page/3" "Mozilla/5.0 AppleWebKit/537.36 (KHTML, like Gecko; compatible; ClaudeBot/1.0; +claudebot@anthropic.com)"
3.12.148.208 - - [31/Mar/2025:13:10:59 -0400] "GET /2024/10/page/4/ HTTP/1.1" 200 14063 "https://grimslut.com/2024/10/page/4" "Mozilla/5.0 AppleWebKit/537.36 (KHTML, like Gecko; compatible; ClaudeBot/1.0; +claudebot@anthropic.com)"
3.12.148.208 - - [31/Mar/2025:13:10:59 -0400] "GET /2024/10/page/2/ HTTP/1.1" 200 14915 "https://grimslut.com/2024/10/page/2" "Mozilla/5.0 AppleWebKit/537.36 (KHTML, like Gecko; compatible; ClaudeBot/1.0; +claudebot@anthropic.com)"
198.54.114.83 - - [31/Mar/2025:13:11:00 -0400] "POST /wp-admin/admin-ajax.php?action=async_litespeed&nonce=zxMpv2PUpMNUmM8f9PIM79VTznZCuDRe&litespeed_type=imgoptm HTTP/1.1" 200 5 "-" "WordPress/6.7.2; https://grimslut.com"
3.12.148.208 - - [31/Mar/2025:13:10:59 -0400] "GET /2025/01/page/3/ HTTP/1.1" 200 14317 "https://grimslut.com/2025/01/page/3" "Mozilla/5.0 AppleWebKit/537.36 (KHTML, like Gecko; compatible; ClaudeBot/1.0; +claudebot@anthropic.com)"
3.12.148.208 - - [31/Mar/2025:13:10:59 -0400] "GET /2024/01/page/2/ HTTP/1.1" 200 15170 "https://grimslut.com/2024/01/page/2" "Mozilla/5.0 AppleWebKit/537.36 (KHTML, like Gecko; compatible; ClaudeBot/1.0; +claudebot@anthropic.com)"
3.12.148.208 - - [31/Mar/2025:13:11:00 -0400] "GET /2024/01/page/3 HTTP/1.1" 301 0 "-" "Mozilla/5.0 AppleWebKit/537.36 (KHTML, like Gecko; compatible; ClaudeBot/1.0; +claudebot@anthropic.com)"
3.12.148.208 - - [31/Mar/2025:13:11:00 -0400] "GET /2024/09/page/8 HTTP/1.1" 301 0 "-" "Mozilla/5.0 AppleWebKit/537.36 (KHTML, like Gecko; compatible; ClaudeBot/1.0; +claudebot@anthropic.com)"
3.12.148.208 - - [31/Mar/2025:13:11:00 -0400] "GET /2024/08/page/2 HTTP/1.1" 301 0 "-" "Mozilla/5.0 AppleWebKit/537.36 (KHTML, like Gecko; compatible; ClaudeBot/1.0; +claudebot@anthropic.com)"
3.12.148.208 - - [31/Mar/2025:13:11:01 -0400] "GET /2024/08/page/3 HTTP/1.1" 301 0 "-" "Mozilla/5.0 AppleWebKit/537.36 (KHTML, like Gecko; compatible; ClaudeBot/1.0; +claudebot@anthropic.com)"
3.12.148.208 - - [31/Mar/2025:13:11:01 -0400] "GET /2024/09/page/2 HTTP/1.1" 301 0 "-" "Mozilla/5.0 AppleWebKit/537.36 (KHTML, like Gecko; compatible; ClaudeBot/1.0; +claudebot@anthropic.com)"
3.12.148.208 - - [31/Mar/2025:13:11:01 -0400] "GET /2024/09/page/8/ HTTP/1.1" 200 14561 "https://grimslut.com/2024/09/page/8" "Mozilla/5.0 AppleWebKit/537.36 (KHTML, like Gecko; compatible; ClaudeBot/1.0; +claudebot@anthropic.com)"
3.12.148.208 - - [31/Mar/2025:13:11:00 -0400] "GET /2024/01/page/3/ HTTP/1.1" 200 13654 "https://grimslut.com/2024/01/page/3" "Mozilla/5.0 AppleWebKit/537.36 (KHTML, like Gecko; compatible; ClaudeBot/1.0; +claudebot@anthropic.com)"
3.12.148.208 - - [31/Mar/2025:13:11:01 -0400] "GET /2024/08/page/2/ HTTP/1.1" 200 14984 "https://grimslut.com/2024/08/page/2" "Mozilla/5.0 AppleWebKit/537.36 (KHTML, like Gecko; compatible; ClaudeBot/1.0; +claudebot@anthropic.com)"
3.12.148.208 - - [31/Mar/2025:13:11:01 -0400] "GET /2024/09/page/2/ HTTP/1.1" 200 15010 "https://grimslut.com/2024/09/page/2" "Mozilla/5.0 AppleWebKit/537.36 (KHTML, like Gecko; compatible; ClaudeBot/1.0; +claudebot@anthropic.com)"
3.12.148.208 - - [31/Mar/2025:13:11:01 -0400] "GET /2024/08/page/3/ HTTP/1.1" 200 14626 "https://grimslut.com/2024/08/page/3" "Mozilla/5.0 AppleWebKit/537.36 (KHTML, like Gecko; compatible; ClaudeBot/1.0; +claudebot@anthropic.com)"
3.12.148.208 - - [31/Mar/2025:13:11:02 -0400] "GET /2024/09/page/3 HTTP/1.1" 301 0 "-" "Mozilla/5.0 AppleWebKit/537.36 (KHTML, like Gecko; compatible; ClaudeBot/1.0; +claudebot@anthropic.com)"
3.12.148.208 - - [31/Mar/2025:13:11:02 -0400] "GET /2024/03/page/2 HTTP/1.1" 301 0 "-" "Mozilla/5.0 AppleWebKit/537.36 (KHTML, like Gecko; compatible; ClaudeBot/1.0; +claudebot@anthropic.com)"
3.12.148.208 - - [31/Mar/2025:13:11:02 -0400] "GET /2024/02/page/2 HTTP/1.1" 301 0 "-" "Mozilla/5.0 AppleWebKit/537.36 (KHTML, like Gecko; compatible; ClaudeBot/1.0; +claudebot@anthropic.com)"
3.12.148.208 - - [31/Mar/2025:13:11:02 -0400] "GET /2024/02/page/2/ HTTP/1.1" 200 14767 "https://grimslut.com/2024/02/page/2" "Mozilla/5.0 AppleWebKit/537.36 (KHTML, like Gecko; compatible; ClaudeBot/1.0; +claudebot@anthropic.com)"
3.12.148.208 - - [31/Mar/2025:13:11:02 -0400] "GET /2024/09/page/3/ HTTP/1.1" 200 15020 "https://grimslut.com/2024/09/page/3" "Mozilla/5.0 AppleWebKit/537.36 (KHTML, like Gecko; compatible; ClaudeBot/1.0; +claudebot@anthropic.com)"
3.12.148.208 - - [31/Mar/2025:13:11:02 -0400] "GET /2024/03/page/2/ HTTP/1.1" 200 13998 "https://grimslut.com/2024/03/page/2" "Mozilla/5.0 AppleWebKit/537.36 (KHTML, like Gecko; compatible; ClaudeBot/1.0; +claudebot@anthropic.com)"
3.21.166.125 - - [31/Mar/2025:13:11:58 -0400] "GET /category/bitcoin/feed HTTP/1.1" 301 0 "-" "Mozilla/5.0 AppleWebKit/537.36 (KHTML, like Gecko; compatible; ClaudeBot/1.0; +claudebot@anthropic.com)"
3.21.166.125 - - [31/Mar/2025:13:11:58 -0400] "GET /community-experiences HTTP/1.1" 301 0 "-" "Mozilla/5.0 AppleWebKit/537.36 (KHTML, like Gecko; compatible; ClaudeBot/1.0; +claudebot@anthropic.com)"
3.21.166.125 - - [31/Mar/2025:13:11:58 -0400] "GET /a-comprehensive-guide HTTP/1.1" 301 0 "-" "Mozilla/5.0 AppleWebKit/537.36 (KHTML, like Gecko; compatible; ClaudeBot/1.0; +claudebot@anthropic.com)"
3.21.166.125 - - [31/Mar/2025:13:11:58 -0400] "GET /category/how-to/feed HTTP/1.1" 301 0 "-" "Mozilla/5.0 AppleWebKit/537.36 (KHTML, like Gecko; compatible; ClaudeBot/1.0; +claudebot@anthropic.com)"
3.21.166.125 - - [31/Mar/2025:13:11:58 -0400] "GET /category/general/feed HTTP/1.1" 301 0 "-" "Mozilla/5.0 AppleWebKit/537.36 (KHTML, like Gecko; compatible; ClaudeBot/1.0; +claudebot@anthropic.com)"
198.54.114.83 - - [31/Mar/2025:13:12:00 -0400] "POST /wp-cron.php?doing_wp_cron=1743441118.6936841011047363281250 HTTP/1.1" 200 0 "-" "WordPress/6.7.2; https://grimslut.com"
3.21.166.125 - - [31/Mar/2025:13:12:00 -0400] "GET /category/bitcoin/feed/ HTTP/1.1" 200 430 "https://grimslut.com/category/bitcoin/feed" "Mozilla/5.0 AppleWebKit/537.36 (KHTML, like Gecko; compatible; ClaudeBot/1.0; +claudebot@anthropic.com)"
3.21.166.125 - - [31/Mar/2025:13:12:00 -0400] "GET /category/general/feed/ HTTP/1.1" 200 429 "https://grimslut.com/category/general/feed" "Mozilla/5.0 AppleWebKit/537.36 (KHTML, like Gecko; compatible; ClaudeBot/1.0; +claudebot@anthropic.com)"
198.54.114.83 - - [31/Mar/2025:13:12:00 -0400] "POST /wp-admin/admin-ajax.php?action=async_litespeed&nonce=Zl7P40tiWKnHOHsup5wsGfg6Fk7ECfIk&litespeed_type=imgoptm HTTP/1.1" 200 5 "-" "WordPress/6.7.2; https://grimslut.com"
3.21.166.125 - - [31/Mar/2025:13:12:01 -0400] "GET /category/sports/feed HTTP/1.1" 301 0 "-" "Mozilla/5.0 AppleWebKit/537.36 (KHTML, like Gecko; compatible; ClaudeBot/1.0; +claudebot@anthropic.com)"
3.21.166.125 - - [31/Mar/2025:13:12:00 -0400] "GET /category/how-to/feed/ HTTP/1.1" 200 5819 "https://grimslut.com/category/how-to/feed" "Mozilla/5.0 AppleWebKit/537.36 (KHTML, like Gecko; compatible; ClaudeBot/1.0; +claudebot@anthropic.com)"
3.21.166.125 - - [31/Mar/2025:13:12:00 -0400] "GET /a-comprehensive-guide/ HTTP/1.1" 200 15460 "https://grimslut.com/a-comprehensive-guide" "Mozilla/5.0 AppleWebKit/537.36 (KHTML, like Gecko; compatible; ClaudeBot/1.0; +claudebot@anthropic.com)"
3.21.166.125 - - [31/Mar/2025:13:12:00 -0400] "GET /community-experiences/ HTTP/1.1" 200 15496 "https://grimslut.com/community-experiences" "Mozilla/5.0 AppleWebKit/537.36 (KHTML, like Gecko; compatible; ClaudeBot/1.0; +claudebot@anthropic.com)"
3.21.166.125 - - [31/Mar/2025:13:12:01 -0400] "GET /category/beauty/feed HTTP/1.1" 301 0 "-" "Mozilla/5.0 AppleWebKit/537.36 (KHTML, like Gecko; compatible; ClaudeBot/1.0; +claudebot@anthropic.com)"
3.21.166.125 - - [31/Mar/2025:13:12:01 -0400] "GET /category/sports/feed/ HTTP/1.1" 200 429 "https://grimslut.com/category/sports/feed" "Mozilla/5.0 AppleWebKit/537.36 (KHTML, like Gecko; compatible; ClaudeBot/1.0; +claudebot@anthropic.com)"
3.21.166.125 - - [31/Mar/2025:13:12:02 -0400] "GET /an-in-depth-overview HTTP/1.1" 301 0 "-" "Mozilla/5.0 AppleWebKit/537.36 (KHTML, like Gecko; compatible; ClaudeBot/1.0; +claudebot@anthropic.com)"
3.21.166.125 - - [31/Mar/2025:13:12:02 -0400] "GET /2024/11/page/3 HTTP/1.1" 301 0 "-" "Mozilla/5.0 AppleWebKit/537.36 (KHTML, like Gecko; compatible; ClaudeBot/1.0; +claudebot@anthropic.com)"
3.21.166.125 - - [31/Mar/2025:13:12:02 -0400] "GET /category/pets/feed HTTP/1.1" 301 0 "-" "Mozilla/5.0 AppleWebKit/537.36 (KHTML, like Gecko; compatible; ClaudeBot/1.0; +claudebot@anthropic.com)"
3.21.166.125 - - [31/Mar/2025:13:12:02 -0400] "GET /category/beauty/feed/ HTTP/1.1" 200 429 "https://grimslut.com/category/beauty/feed" "Mozilla/5.0 AppleWebKit/537.36 (KHTML, like Gecko; compatible; ClaudeBot/1.0; +claudebot@anthropic.com)"
3.21.166.125 - - [31/Mar/2025:13:12:02 -0400] "GET /2024/11/page/5 HTTP/1.1" 301 0 "-" "Mozilla/5.0 AppleWebKit/537.36 (KHTML, like Gecko; compatible; ClaudeBot/1.0; +claudebot@anthropic.com)"
3.21.166.125 - - [31/Mar/2025:13:12:02 -0400] "GET /category/pets/feed/ HTTP/1.1" 200 425 "https://grimslut.com/category/pets/feed" "Mozilla/5.0 AppleWebKit/537.36 (KHTML, like Gecko; compatible; ClaudeBot/1.0; +claudebot@anthropic.com)"
3.21.166.125 - - [31/Mar/2025:13:12:02 -0400] "GET /2024/11/page/2 HTTP/1.1" 301 0 "-" "Mozilla/5.0 AppleWebKit/537.36 (KHTML, like Gecko; compatible; ClaudeBot/1.0; +claudebot@anthropic.com)"
3.21.166.125 - - [31/Mar/2025:13:12:02 -0400] "GET /an-in-depth-overview/ HTTP/1.1" 200 15432 "https://grimslut.com/an-in-depth-overview" "Mozilla/5.0 AppleWebKit/537.36 (KHTML, like Gecko; compatible; ClaudeBot/1.0; +claudebot@anthropic.com)"
3.21.166.125 - - [31/Mar/2025:13:12:02 -0400] "GET /2024/11/page/3/ HTTP/1.1" 200 15005 "https://grimslut.com/2024/11/page/3" "Mozilla/5.0 AppleWebKit/537.36 (KHTML, like Gecko; compatible; ClaudeBot/1.0; +claudebot@anthropic.com)"
3.21.166.125 - - [31/Mar/2025:13:12:03 -0400] "GET /2025/01/page/2 HTTP/1.1" 301 0 "-" "Mozilla/5.0 AppleWebKit/537.36 (KHTML, like Gecko; compatible; ClaudeBot/1.0; +claudebot@anthropic.com)"
3.21.166.125 - - [31/Mar/2025:13:12:02 -0400] "GET /2024/11/page/5/ HTTP/1.1" 200 14331 "https://grimslut.com/2024/11/page/5" "Mozilla/5.0 AppleWebKit/537.36 (KHTML, like Gecko; compatible; ClaudeBot/1.0; +claudebot@anthropic.com)"
3.21.166.125 - - [31/Mar/2025:13:12:03 -0400] "GET /2024/11/page/2/ HTTP/1.1" 200 14904 "https://grimslut.com/2024/11/page/2" "Mozilla/5.0 AppleWebKit/537.36 (KHTML, like Gecko; compatible; ClaudeBot/1.0; +claudebot@anthropic.com)"
3.21.166.125 - - [31/Mar/2025:13:12:03 -0400] "GET /2025/01/page/2/ HTTP/1.1" 200 15146 "https://grimslut.com/2025/01/page/2" "Mozilla/5.0 AppleWebKit/537.36 (KHTML, like Gecko; compatible; ClaudeBot/1.0; +claudebot@anthropic.com)"
18.219.226.57 - - [31/Mar/2025:13:12:58 -0400] "GET /wp-json/wp/v2/posts/746 HTTP/1.1" 200 4877 "-" "Mozilla/5.0 AppleWebKit/537.36 (KHTML, like Gecko; compatible; ClaudeBot/1.0; +claudebot@anthropic.com)"
18.219.226.57 - - [31/Mar/2025:13:12:58 -0400] "GET /wp-json/wp/v2/posts/735 HTTP/1.1" 200 5234 "-" "Mozilla/5.0 AppleWebKit/537.36 (KHTML, like Gecko; compatible; ClaudeBot/1.0; +claudebot@anthropic.com)"
18.219.226.57 - - [31/Mar/2025:13:12:58 -0400] "GET /wp-json/wp/v2/posts/543 HTTP/1.1" 200 3784 "-" "Mozilla/5.0 AppleWebKit/537.36 (KHTML, like Gecko; compatible; ClaudeBot/1.0; +claudebot@anthropic.com)"
198.54.114.83 - - [31/Mar/2025:13:12:58 -0400] "POST /wp-cron.php?doing_wp_cron=1743441178.5411980152130126953125 HTTP/1.1" 200 0 "-" "WordPress/6.7.2; https://grimslut.com"
18.219.226.57 - - [31/Mar/2025:13:12:58 -0400] "GET /wp-json/wp/v2/posts/676 HTTP/1.1" 200 5228 "-" "Mozilla/5.0 AppleWebKit/537.36 (KHTML, like Gecko; compatible; ClaudeBot/1.0; +claudebot@anthropic.com)"
18.219.226.57 - - [31/Mar/2025:13:12:58 -0400] "GET /wp-json/wp/v2/posts/694 HTTP/1.1" 200 5445 "-" "Mozilla/5.0 AppleWebKit/537.36 (KHTML, like Gecko; compatible; ClaudeBot/1.0; +claudebot@anthropic.com)"
18.219.226.57 - - [31/Mar/2025:13:12:59 -0400] "GET /wp-json/wp/v2/posts/719 HTTP/1.1" 200 5197 "-" "Mozilla/5.0 AppleWebKit/537.36 (KHTML, like Gecko; compatible; ClaudeBot/1.0; +claudebot@anthropic.com)"
18.219.226.57 - - [31/Mar/2025:13:12:59 -0400] "GET /wp-json/wp/v2/posts/564 HTTP/1.1" 200 3694 "-" "Mozilla/5.0 AppleWebKit/537.36 (KHTML, like Gecko; compatible; ClaudeBot/1.0; +claudebot@anthropic.com)"
198.54.114.83 - - [31/Mar/2025:13:12:59 -0400] "POST /wp-admin/admin-ajax.php?action=async_litespeed&nonce=dALh5aWzu6FWIto9hj9VwiZNyD76kgII&litespeed_type=imgoptm HTTP/1.1" 200 5 "-" "WordPress/6.7.2; https://grimslut.com"
18.219.226.57 - - [31/Mar/2025:13:12:59 -0400] "GET /wp-json/wp/v2/posts/521 HTTP/1.1" 200 3574 "-" "Mozilla/5.0 AppleWebKit/537.36 (KHTML, like Gecko; compatible; ClaudeBot/1.0; +claudebot@anthropic.com)"
18.219.226.57 - - [31/Mar/2025:13:13:00 -0400] "GET /wp-json/wp/v2/posts/620 HTTP/1.1" 200 4148 "-" "Mozilla/5.0 AppleWebKit/537.36 (KHTML, like Gecko; compatible; ClaudeBot/1.0; +claudebot@anthropic.com)"
18.219.226.57 - - [31/Mar/2025:13:12:59 -0400] "GET /wp-json/wp/v2/posts/689 HTTP/1.1" 200 5157 "-" "Mozilla/5.0 AppleWebKit/537.36 (KHTML, like Gecko; compatible; ClaudeBot/1.0; +claudebot@anthropic.com)"
18.219.226.57 - - [31/Mar/2025:13:13:00 -0400] "GET /wp-json/wp/v2/posts/686 HTTP/1.1" 200 5398 "-" "Mozilla/5.0 AppleWebKit/537.36 (KHTML, like Gecko; compatible; ClaudeBot/1.0; +claudebot@anthropic.com)"
18.219.226.57 - - [31/Mar/2025:13:13:00 -0400] "GET /wp-json/wp/v2/posts/557 HTTP/1.1" 200 3707 "-" "Mozilla/5.0 AppleWebKit/537.36 (KHTML, like Gecko; compatible; ClaudeBot/1.0; +claudebot@anthropic.com)"
18.219.226.57 - - [31/Mar/2025:13:13:00 -0400] "GET /category/business/feed HTTP/1.1" 301 0 "-" "Mozilla/5.0 AppleWebKit/537.36 (KHTML, like Gecko; compatible; ClaudeBot/1.0; +claudebot@anthropic.com)"
18.219.226.57 - - [31/Mar/2025:13:13:01 -0400] "GET /category/business/feed/ HTTP/1.1" 200 428 "https://grimslut.com/category/business/feed" "Mozilla/5.0 AppleWebKit/537.36 (KHTML, like Gecko; compatible; ClaudeBot/1.0; +claudebot@anthropic.com)"
18.224.62.80 - - [31/Mar/2025:13:13:57 -0400] "GET /wp-json/wp/v2/posts/692 HTTP/1.1" 200 4769 "-" "Mozilla/5.0 AppleWebKit/537.36 (KHTML, like Gecko; compatible; ClaudeBot/1.0; +claudebot@anthropic.com)"
18.224.62.80 - - [31/Mar/2025:13:13:58 -0400] "GET /wp-json/wp/v2/posts/741 HTTP/1.1" 200 4934 "-" "Mozilla/5.0 AppleWebKit/537.36 (KHTML, like Gecko; compatible; ClaudeBot/1.0; +claudebot@anthropic.com)"
198.54.114.83 - - [31/Mar/2025:13:13:58 -0400] "POST /wp-cron.php?doing_wp_cron=1743441238.1779210567474365234375 HTTP/1.1" 200 0 "-" "WordPress/6.7.2; https://grimslut.com"
18.224.62.80 - - [31/Mar/2025:13:13:58 -0400] "GET /wp-json/wp/v2/posts/654 HTTP/1.1" 200 4604 "-" "Mozilla/5.0 AppleWebKit/537.36 (KHTML, like Gecko; compatible; ClaudeBot/1.0; +claudebot@anthropic.com)"
18.224.62.80 - - [31/Mar/2025:13:13:57 -0400] "GET /wp-json/wp/v2/posts/641 HTTP/1.1" 200 5046 "-" "Mozilla/5.0 AppleWebKit/537.36 (KHTML, like Gecko; compatible; ClaudeBot/1.0; +claudebot@anthropic.com)"
18.224.62.80 - - [31/Mar/2025:13:13:58 -0400] "GET /wp-json/wp/v2/posts/687 HTTP/1.1" 200 4382 "-" "Mozilla/5.0 AppleWebKit/537.36 (KHTML, like Gecko; compatible; ClaudeBot/1.0; +claudebot@anthropic.com)"
18.224.62.80 - - [31/Mar/2025:13:13:58 -0400] "GET /wp-json/wp/v2/posts/698 HTTP/1.1" 200 5617 "-" "Mozilla/5.0 AppleWebKit/537.36 (KHTML, like Gecko; compatible; ClaudeBot/1.0; +claudebot@anthropic.com)"
198.54.114.83 - - [31/Mar/2025:13:13:58 -0400] "POST /wp-admin/admin-ajax.php?action=async_litespeed&nonce=wf2p3pTZPqbaZ8sP8wOUN0nt4IKxyFHC&litespeed_type=imgoptm HTTP/1.1" 200 5 "-" "WordPress/6.7.2; https://grimslut.com"
18.224.62.80 - - [31/Mar/2025:13:13:58 -0400] "GET /wp-json/wp/v2/posts/591 HTTP/1.1" 200 4263 "-" "Mozilla/5.0 AppleWebKit/537.36 (KHTML, like Gecko; compatible; ClaudeBot/1.0; +claudebot@anthropic.com)"
18.224.62.80 - - [31/Mar/2025:13:13:59 -0400] "GET /wp-json/wp/v2/posts/573 HTTP/1.1" 200 4445 "-" "Mozilla/5.0 AppleWebKit/537.36 (KHTML, like Gecko; compatible; ClaudeBot/1.0; +claudebot@anthropic.com)"
18.224.62.80 - - [31/Mar/2025:13:13:59 -0400] "GET /wp-json/wp/v2/posts/705 HTTP/1.1" 200 4637 "-" "Mozilla/5.0 AppleWebKit/537.36 (KHTML, like Gecko; compatible; ClaudeBot/1.0; +claudebot@anthropic.com)"
18.224.62.80 - - [31/Mar/2025:13:13:59 -0400] "GET /wp-json/wp/v2/posts/585 HTTP/1.1" 200 4280 "-" "Mozilla/5.0 AppleWebKit/537.36 (KHTML, like Gecko; compatible; ClaudeBot/1.0; +claudebot@anthropic.com)"
18.224.62.80 - - [31/Mar/2025:13:13:59 -0400] "GET /wp-json/wp/v2/posts/729 HTTP/1.1" 200 4795 "-" "Mozilla/5.0 AppleWebKit/537.36 (KHTML, like Gecko; compatible; ClaudeBot/1.0; +claudebot@anthropic.com)"
18.224.62.80 - - [31/Mar/2025:13:13:59 -0400] "GET /wp-json/wp/v2/posts/714 HTTP/1.1" 200 5599 "-" "Mozilla/5.0 AppleWebKit/537.36 (KHTML, like Gecko; compatible; ClaudeBot/1.0; +claudebot@anthropic.com)"
18.224.62.80 - - [31/Mar/2025:13:13:59 -0400] "GET /wp-json/wp/v2/posts/605 HTTP/1.1" 200 4190 "-" "Mozilla/5.0 AppleWebKit/537.36 (KHTML, like Gecko; compatible; ClaudeBot/1.0; +claudebot@anthropic.com)"
18.222.132.113 - - [31/Mar/2025:13:14:56 -0400] "GET /agriturismo-con-piscina HTTP/1.1" 301 0 "-" "Mozilla/5.0 AppleWebKit/537.36 (KHTML, like Gecko; compatible; ClaudeBot/1.0; +claudebot@anthropic.com)"
18.222.132.113 - - [31/Mar/2025:13:14:57 -0400] "GET /wp-json/wp/v2/posts/553 HTTP/1.1" 200 3920 "-" "Mozilla/5.0 AppleWebKit/537.36 (KHTML, like Gecko; compatible; ClaudeBot/1.0; +claudebot@anthropic.com)"
18.222.132.113 - - [31/Mar/2025:13:14:57 -0400] "GET /wp-json/wp/v2/posts/589 HTTP/1.1" 200 4191 "-" "Mozilla/5.0 AppleWebKit/537.36 (KHTML, like Gecko; compatible; ClaudeBot/1.0; +claudebot@anthropic.com)"
198.54.114.83 - - [31/Mar/2025:13:14:57 -0400] "POST /wp-cron.php?doing_wp_cron=1743441297.3229129314422607421875 HTTP/1.1" 200 0 "-" "WordPress/6.7.2; https://grimslut.com"
198.54.114.83 - - [31/Mar/2025:13:14:57 -0400] "POST /wp-cron.php?doing_wp_cron=1743441297.3280019760131835937500 HTTP/1.1" 200 0 "-" "WordPress/6.7.2; https://grimslut.com"
198.54.114.83 - - [31/Mar/2025:13:14:57 -0400] "POST /wp-cron.php?doing_wp_cron=1743441297.3203709125518798828125 HTTP/1.1" 200 0 "-" "WordPress/6.7.2; https://grimslut.com"
18.222.132.113 - - [31/Mar/2025:13:14:57 -0400] "GET /wp-json/wp/v2/posts/675 HTTP/1.1" 200 5049 "-" "Mozilla/5.0 AppleWebKit/537.36 (KHTML, like Gecko; compatible; ClaudeBot/1.0; +claudebot@anthropic.com)"
18.222.132.113 - - [31/Mar/2025:13:14:56 -0400] "GET /wp-json/wp/v2/posts/667 HTTP/1.1" 200 5225 "-" "Mozilla/5.0 AppleWebKit/537.36 (KHTML, like Gecko; compatible; ClaudeBot/1.0; +claudebot@anthropic.com)"
18.222.132.113 - - [31/Mar/2025:13:14:56 -0400] "GET /wp-json/wp/v2/posts/671 HTTP/1.1" 200 5423 "-" "Mozilla/5.0 AppleWebKit/537.36 (KHTML, like Gecko; compatible; ClaudeBot/1.0; +claudebot@anthropic.com)"
18.222.132.113 - - [31/Mar/2025:13:14:57 -0400] "GET /wp-json/wp/v2/posts/703 HTTP/1.1" 200 4742 "-" "Mozilla/5.0 AppleWebKit/537.36 (KHTML, like Gecko; compatible; ClaudeBot/1.0; +claudebot@anthropic.com)"
18.222.132.113 - - [31/Mar/2025:13:14:58 -0400] "GET /wp-json/wp/v2/posts/659 HTTP/1.1" 200 4471 "-" "Mozilla/5.0 AppleWebKit/537.36 (KHTML, like Gecko; compatible; ClaudeBot/1.0; +claudebot@anthropic.com)"
18.222.132.113 - - [31/Mar/2025:13:14:57 -0400] "GET /agriturismo-con-piscina/ HTTP/1.1" 200 15370 "https://grimslut.com/agriturismo-con-piscina" "Mozilla/5.0 AppleWebKit/537.36 (KHTML, like Gecko; compatible; ClaudeBot/1.0; +claudebot@anthropic.com)"
18.222.132.113 - - [31/Mar/2025:13:14:58 -0400] "GET /wp-json/wp/v2/posts/627 HTTP/1.1" 200 4173 "-" "Mozilla/5.0 AppleWebKit/537.36 (KHTML, like Gecko; compatible; ClaudeBot/1.0; +claudebot@anthropic.com)"
198.54.114.83 - - [31/Mar/2025:13:14:58 -0400] "POST /wp-admin/admin-ajax.php?action=async_litespeed&nonce=xANEGwUCviwgmNcNB5cxa8wjcpXtsvgE&litespeed_type=imgoptm HTTP/1.1" 200 5 "-" "WordPress/6.7.2; https://grimslut.com"
