93.183.92.77 - - [31/Mar/2025:18:50:52 -0400] "GET /exploring-the-multicanais-phenomenon/ HTTP/1.1" 200 15499 "https://grimslut.com/exploring-the-multicanais-phenomenon/" "Mozilla/5.0 (Windows NT 10.0; Win64; x64) AppleWebKit/537.36 (KHTML, like Gecko) Chrome/130.0.0.0 Safari/537.36 CCleaner/130.0.0.0"
93.183.92.77 - - [31/Mar/2025:18:50:53 -0400] "POST /wp-comments-post.php HTTP/1.1" 302 0 "https://grimslut.com/exploring-the-multicanais-phenomenon/" "Mozilla/5.0 (Windows NT 10.0; Win64; x64) AppleWebKit/537.36 (KHTML, like Gecko) Chrome/130.0.0.0 Safari/537.36 CCleaner/130.0.0.0"
93.183.92.77 - - [31/Mar/2025:18:50:59 -0400] "GET /exploring-the-multicanais-phenomenon/ HTTP/1.1" 200 16338 "https://grimslut.com/exploring-the-multicanais-phenomenon/#comment-6519" "Mozilla/5.0 (Windows NT 10.0; Win64; x64) AppleWebKit/537.36 (KHTML, like Gecko) Chrome/130.0.0.0 Safari/537.36 CCleaner/130.0.0.0"
198.54.114.83 - - [31/Mar/2025:19:12:21 -0400] "POST /wp-cron.php?doing_wp_cron=1743462741.4519588947296142578125 HTTP/1.1" 200 0 "-" "WordPress/6.7.2; https://grimslut.com"
216.244.66.236 - - [31/Mar/2025:19:12:17 -0400] "GET /the-best-massage-gun-for-your-aching-muscles/feed/ HTTP/1.1" 200 417 "-" "Mozilla/5.0 (compatible; DotBot/1.2; +https://opensiteexplorer.org/dotbot; help@moz.com)"
198.54.114.83 - - [31/Mar/2025:19:12:22 -0400] "POST /wp-admin/admin-ajax.php?action=async_litespeed&nonce=mobc2qK4KKPk8fX4ldJiswudWDwZov02&litespeed_type=imgoptm HTTP/1.1" 200 0 "-" "WordPress/6.7.2; https://grimslut.com"
144.91.103.66 - - [31/Mar/2025:19:18:08 -0400] "GET /wp-login.php HTTP/1.1" 200 1954 "-" "GRequests/0.10"
198.54.114.83 - - [31/Mar/2025:19:18:11 -0400] "POST /wp-cron.php?doing_wp_cron=1743463091.2220370769500732421875 HTTP/1.1" 200 0 "-" "WordPress/6.7.2; https://grimslut.com"
144.91.103.66 - - [31/Mar/2025:19:18:09 -0400] "POST /wp-login.php HTTP/1.1" 200 2087 "-" "GRequests/0.10"
198.54.114.83 - - [31/Mar/2025:19:18:12 -0400] "POST /wp-admin/admin-ajax.php?action=async_litespeed&nonce=oYFKRd3kdF506zuQyGbBCvKz4TRw7kA5&litespeed_type=imgoptm HTTP/1.1" 200 5 "-" "WordPress/6.7.2; https://grimslut.com"
198.54.114.83 - - [31/Mar/2025:19:36:21 -0400] "POST /wp-cron.php?doing_wp_cron=1743464181.5549919605255126953125 HTTP/1.1" 200 0 "-" "WordPress/6.7.2; https://grimslut.com"
2002:c226:1710::c226:1710 - - [31/Mar/2025:19:36:18 -0400] "GET /plugins/html5-file-upload/html5fileupload.remove.php HTTP/1.1" 404 10271 "-" "ALittle Client"
216.244.66.236 - - [31/Mar/2025:19:37:26 -0400] "GET /robots.txt HTTP/1.1" 304 0 "-" "Mozilla/5.0 (compatible; DotBot/1.2; +https://opensiteexplorer.org/dotbot; help@moz.com)"
216.244.66.236 - - [31/Mar/2025:19:59:06 -0400] "GET /navigating-the-world-of-international-shipping/feed/ HTTP/1.1" 200 394 "-" "Mozilla/5.0 (compatible; DotBot/1.2; +https://opensiteexplorer.org/dotbot; help@moz.com)"
193.169.22.33 - - [31/Mar/2025:20:02:39 -0400] "GET /discover-your-dream-home-homes-for-sale-in-portland-oregon/ HTTP/1.1" 200 15675 "https://grimslut.com/discover-your-dream-home-homes-for-sale-in-portland-oregon/" "Mozilla/5.0 (Windows NT 10.0; Win64; x64) AppleWebKit/537.36 (KHTML, like Gecko) Chrome/131.0.0.0 Safari/537.36 Avast/131.0.0.0"
193.169.22.33 - - [31/Mar/2025:20:03:30 -0400] "GET / HTTP/1.1" 200 20855 "https://grimslut.com/" "Mozilla/5.0 (Windows NT 10.0; Win64; x64) AppleWebKit/537.36 (KHTML, like Gecko) Chrome/131.0.0.0 Safari/537.36 Avast/131.0.0.0"
198.54.114.83 - - [31/Mar/2025:20:03:29 -0400] "POST /wp-cron.php?doing_wp_cron=1743465809.3641459941864013671875 HTTP/1.1" 200 0 "-" "WordPress/6.7.2; https://grimslut.com"
20.122.100.70 - - [31/Mar/2025:20:03:25 -0400] "HEAD /wordpress HTTP/1.1" 404 0 "http://grimslut.com/wordpress" "Mozilla/5.0 (Windows NT 10.0; Win64; x64) AppleWebKit/537.36 (KHTML, like Gecko) Chrome/74.0.3729.169 Safari/537.36"
20.122.100.70 - - [31/Mar/2025:20:03:31 -0400] "HEAD / HTTP/1.1" 200 0 "http://grimslut.com/" "Mozilla/5.0 (Windows NT 10.0; Win64; x64) AppleWebKit/537.36 (KHTML, like Gecko) Chrome/74.0.3729.169 Safari/537.36"
198.54.114.83 - - [31/Mar/2025:20:03:30 -0400] "POST /wp-admin/admin-ajax.php?action=async_litespeed&nonce=rQK6cD66qzQeqYQsmYD122XEVoyXf4Hp&litespeed_type=imgoptm HTTP/1.1" 200 5 "-" "WordPress/6.7.2; https://grimslut.com"
20.122.100.70 - - [31/Mar/2025:20:03:31 -0400] "HEAD /wp HTTP/1.1" 404 0 "http://grimslut.com/wp" "Mozilla/5.0 (Windows NT 10.0; Win64; x64) AppleWebKit/537.36 (KHTML, like Gecko) Chrome/74.0.3729.169 Safari/537.36"
20.122.100.70 - - [31/Mar/2025:20:03:33 -0400] "HEAD /bc HTTP/1.1" 404 0 "http://grimslut.com/bc" "Mozilla/5.0 (Windows NT 10.0; Win64; x64) AppleWebKit/537.36 (KHTML, like Gecko) Chrome/74.0.3729.169 Safari/537.36"
20.122.100.70 - - [31/Mar/2025:20:03:33 -0400] "HEAD /bk HTTP/1.1" 404 0 "http://grimslut.com/bk" "Mozilla/5.0 (Windows NT 10.0; Win64; x64) AppleWebKit/537.36 (KHTML, like Gecko) Chrome/74.0.3729.169 Safari/537.36"
20.122.100.70 - - [31/Mar/2025:20:03:34 -0400] "HEAD /backup HTTP/1.1" 404 0 "http://grimslut.com/backup" "Mozilla/5.0 (Windows NT 10.0; Win64; x64) AppleWebKit/537.36 (KHTML, like Gecko) Chrome/74.0.3729.169 Safari/537.36"
20.122.100.70 - - [31/Mar/2025:20:03:35 -0400] "HEAD /old HTTP/1.1" 404 0 "http://grimslut.com/old" "Mozilla/5.0 (Windows NT 10.0; Win64; x64) AppleWebKit/537.36 (KHTML, like Gecko) Chrome/74.0.3729.169 Safari/537.36"
20.122.100.70 - - [31/Mar/2025:20:03:36 -0400] "HEAD /new HTTP/1.1" 404 0 "http://grimslut.com/new" "Mozilla/5.0 (Windows NT 10.0; Win64; x64) AppleWebKit/537.36 (KHTML, like Gecko) Chrome/74.0.3729.169 Safari/537.36"
20.122.100.70 - - [31/Mar/2025:20:03:36 -0400] "HEAD /main HTTP/1.1" 404 0 "http://grimslut.com/main" "Mozilla/5.0 (Windows NT 10.0; Win64; x64) AppleWebKit/537.36 (KHTML, like Gecko) Chrome/74.0.3729.169 Safari/537.36"
20.122.100.70 - - [31/Mar/2025:20:03:37 -0400] "HEAD /home HTTP/1.1" 404 0 "http://grimslut.com/home" "Mozilla/5.0 (Windows NT 10.0; Win64; x64) AppleWebKit/537.36 (KHTML, like Gecko) Chrome/74.0.3729.169 Safari/537.36"
157.245.199.161 - - [31/Mar/2025:20:12:11 -0400] "GET /wp-login.php HTTP/1.1" 200 1954 "-" "GRequests/0.10"
157.245.199.161 - - [31/Mar/2025:20:12:12 -0400] "POST /wp-login.php HTTP/1.1" 200 2087 "-" "GRequests/0.10"
198.54.114.83 - - [31/Mar/2025:20:24:15 -0400] "POST /wp-cron.php?doing_wp_cron=1743467054.8401520252227783203125 HTTP/1.1" 200 0 "-" "WordPress/6.7.2; https://grimslut.com"
134.17.14.122 - - [31/Mar/2025:20:24:10 -0400] "GET /past.php HTTP/1.1" 404 10269 "-" "Mozilla/4.0 (compatible; MSIE 6.0; Windows NT 5.1; SV1)"
216.244.66.236 - - [31/Mar/2025:20:44:04 -0400] "GET /the-hallmark-of-hotel-room-furniture/feed/ HTTP/1.1" 200 404 "-" "Mozilla/5.0 (compatible; DotBot/1.2; +https://opensiteexplorer.org/dotbot; help@moz.com)"
198.54.114.83 - - [31/Mar/2025:20:54:26 -0400] "POST /wp-cron.php?doing_wp_cron=1743468866.0489249229431152343750 HTTP/1.1" 200 0 "-" "WordPress/6.7.2; https://grimslut.com"
198.54.114.83 - - [31/Mar/2025:20:54:26 -0400] "POST /wp-admin/admin-ajax.php?action=async_litespeed&nonce=InKYWJCPxlfifaPQZK3aMKaUYhaLCif9&litespeed_type=imgoptm HTTP/1.1" 200 5 "-" "WordPress/6.7.2; https://grimslut.com"
52.200.142.199 - - [31/Mar/2025:20:54:23 -0400] "GET /author/admin/page/21/ HTTP/1.1" 200 15100 "-" "Mozilla/5.0 AppleWebKit/537.36 (KHTML, like Gecko; compatible; Amazonbot/0.1; +https://developer.amazon.com/support/amazonbot) Chrome/119.0.6045.214 Safari/537.36"
37.139.53.179 - - [31/Mar/2025:20:55:11 -0400] "GET / HTTP/1.1" 200 20855 "https://grimslut.com/" "Mozilla/5.0 (Windows NT 10.0; Win64; x64) AppleWebKit/537.36 (KHTML, like Gecko) Chrome/129.0.0.0 Safari/537.36"
198.54.114.83 - - [31/Mar/2025:20:55:14 -0400] "POST /wp-cron.php?doing_wp_cron=1743468914.1162340641021728515625 HTTP/1.1" 200 0 "-" "WordPress/6.7.2; https://grimslut.com"
37.139.53.179 - - [31/Mar/2025:20:55:13 -0400] "GET /wp-login.php?action=register HTTP/1.1" 302 0 "https://grimslut.com/wp-login.php?action=register" "Mozilla/5.0 (Windows NT 10.0; Win64; x64) AppleWebKit/537.36 (KHTML, like Gecko) Chrome/129.0.0.0 Safari/537.36"
198.54.114.83 - - [31/Mar/2025:20:55:15 -0400] "POST /wp-admin/admin-ajax.php?action=async_litespeed&nonce=h61Ug0HJe0wpNmi3aZAPsLp4IMTHw6rP&litespeed_type=imgoptm HTTP/1.1" 200 0 "-" "WordPress/6.7.2; https://grimslut.com"
37.139.53.179 - - [31/Mar/2025:20:55:16 -0400] "GET /wp-login.php?registration=disabled HTTP/1.1" 200 2020 "https://grimslut.com/wp-login.php?registration=disabled" "Mozilla/5.0 (Windows NT 10.0; Win64; x64) AppleWebKit/537.36 (KHTML, like Gecko) Chrome/129.0.0.0 Safari/537.36"
195.191.219.132 - - [31/Mar/2025:21:08:07 -0400] "GET /robots.txt HTTP/1.1" 304 0 "-" "Mozilla/5.0 (compatible; MJ12bot/v2.0.0; http://mj12bot.com/)"
195.191.219.132 - - [31/Mar/2025:21:08:08 -0400] "GET / HTTP/1.1" 200 20855 "-" "Mozilla/5.0 (compatible; MJ12bot/v2.0.0; http://mj12bot.com/)"
212.34.141.234 - - [31/Mar/2025:21:13:23 -0400] "GET /maximizing-your-earning-potential-strategies-for-success/ HTTP/1.1" 200 15549 "https://grimslut.com/maximizing-your-earning-potential-strategies-for-success/" "Mozilla/5.0 (Windows NT 10.0; Win64; x64) AppleWebKit/537.36 (KHTML, like Gecko) Chrome/131.0.0.0 Safari/537.36 Avast/131.0.0.0"
198.54.114.83 - - [31/Mar/2025:21:13:26 -0400] "POST /wp-cron.php?doing_wp_cron=1743470005.3160340785980224609375 HTTP/1.1" 200 0 "-" "WordPress/6.7.2; https://grimslut.com"
77.238.237.38 - - [31/Mar/2025:21:13:22 -0400] "GET /maximizing-your-earning-potential-strategies-for-success/ HTTP/1.1" 200 15549 "https://grimslut.com/maximizing-your-earning-potential-strategies-for-success/" "Mozilla/5.0 (Windows NT 10.0; Win64; x64) AppleWebKit/537.36 (KHTML, like Gecko) Chrome/130.0.0.0 Safari/537.36"
198.54.114.83 - - [31/Mar/2025:21:13:26 -0400] "POST /wp-admin/admin-ajax.php?action=async_litespeed&nonce=X32GkoPqMWQFjuCSilQs1RfEPLfglHr3&litespeed_type=imgoptm HTTP/1.1" 200 0 "-" "WordPress/6.7.2; https://grimslut.com"
212.34.141.234 - - [31/Mar/2025:21:13:26 -0400] "POST /wp-comments-post.php HTTP/1.1" 302 0 "https://grimslut.com/maximizing-your-earning-potential-strategies-for-success/" "Mozilla/5.0 (Windows NT 10.0; Win64; x64) AppleWebKit/537.36 (KHTML, like Gecko) Chrome/131.0.0.0 Safari/537.36 Avast/131.0.0.0"
212.34.141.234 - - [31/Mar/2025:21:13:28 -0400] "GET /maximizing-your-earning-potential-strategies-for-success/ HTTP/1.1" 200 16342 "https://grimslut.com/maximizing-your-earning-potential-strategies-for-success/#comment-6520" "Mozilla/5.0 (Windows NT 10.0; Win64; x64) AppleWebKit/537.36 (KHTML, like Gecko) Chrome/131.0.0.0 Safari/537.36 Avast/131.0.0.0"
77.238.237.38 - - [31/Mar/2025:21:13:28 -0400] "POST /wp-comments-post.php HTTP/1.1" 302 0 "https://grimslut.com/maximizing-your-earning-potential-strategies-for-success/" "Mozilla/5.0 (Windows NT 10.0; Win64; x64) AppleWebKit/537.36 (KHTML, like Gecko) Chrome/130.0.0.0 Safari/537.36"
198.54.114.83 - - [31/Mar/2025:21:13:32 -0400] "POST /wp-cron.php?doing_wp_cron=1743470011.8761870861053466796875 HTTP/1.1" 200 0 "-" "WordPress/6.7.2; https://grimslut.com"
77.238.237.38 - - [31/Mar/2025:21:13:31 -0400] "GET /maximizing-your-earning-potential-strategies-for-success/ HTTP/1.1" 200 16287 "https://grimslut.com/maximizing-your-earning-potential-strategies-for-success/#comment-6521" "Mozilla/5.0 (Windows NT 10.0; Win64; x64) AppleWebKit/537.36 (KHTML, like Gecko) Chrome/130.0.0.0 Safari/537.36"
198.54.114.83 - - [31/Mar/2025:21:13:33 -0400] "POST /wp-admin/admin-ajax.php?action=async_litespeed&nonce=bGLpeacCn8IIDhvolZBiSt3wyXizc6wY&litespeed_type=imgoptm HTTP/1.1" 200 0 "-" "WordPress/6.7.2; https://grimslut.com"
2001:470:1:b95::8 - - [31/Mar/2025:21:13:40 -0400] "GET / HTTP/1.1" 200 20855 "-" "Mozilla/5.0 (compatible; ev-crawler/1.0; +https://headline.com/legal/crawler)"
2001:470:1:b95::8 - - [31/Mar/2025:21:13:41 -0400] "GET /wp-includes/css/dist/block-library/style.min.css?ver=6.7.2 HTTP/1.1" 200 14225 "https://grimslut.com/" "Mozilla/5.0 (compatible; ev-crawler/1.0; +https://headline.com/legal/crawler)"
2001:470:1:b95::8 - - [31/Mar/2025:21:13:41 -0400] "GET /wp-includes/js/imagesloaded.min.js?ver=5.0.0 HTTP/1.1" 200 1687 "https://grimslut.com/" "Mozilla/5.0 (compatible; ev-crawler/1.0; +https://headline.com/legal/crawler)"
2001:470:1:b95::8 - - [31/Mar/2025:21:13:41 -0400] "GET /wp-content/themes/bloghash/assets/css/swiper-bundle.min.css?ver=6.7.2 HTTP/1.1" 200 4496 "https://grimslut.com/" "Mozilla/5.0 (compatible; ev-crawler/1.0; +https://headline.com/legal/crawler)"
2001:470:1:b95::8 - - [31/Mar/2025:21:13:41 -0400] "GET /wp-includes/js/jquery/jquery.min.js?ver=3.7.1 HTTP/1.1" 200 29744 "https://grimslut.com/" "Mozilla/5.0 (compatible; ev-crawler/1.0; +https://headline.com/legal/crawler)"
2001:470:1:b95::8 - - [31/Mar/2025:21:13:41 -0400] "GET /wp-content/themes/bloghash/assets/js/vendors/swiper-bundle.min.js?ver=6.7.2 HTTP/1.1" 200 39606 "https://grimslut.com/" "Mozilla/5.0 (compatible; ev-crawler/1.0; +https://headline.com/legal/crawler)"
2001:470:1:b95::8 - - [31/Mar/2025:21:13:41 -0400] "GET /wp-content/themes/bloghash/assets/css/style.min.css?ver=1.0.20 HTTP/1.1" 200 43134 "https://grimslut.com/" "Mozilla/5.0 (compatible; ev-crawler/1.0; +https://headline.com/legal/crawler)"
2001:470:1:b95::8 - - [31/Mar/2025:21:13:41 -0400] "GET /wp-content/themes/bloghash/assets/css/all.min.css?ver=5.15.4 HTTP/1.1" 200 12406 "https://grimslut.com/" "Mozilla/5.0 (compatible; ev-crawler/1.0; +https://headline.com/legal/crawler)"
2001:470:1:b95::8 - - [31/Mar/2025:21:13:41 -0400] "GET /wp-content/uploads/bloghash/dynamic-styles.css?ver=1743122686 HTTP/1.1" 200 4798 "https://grimslut.com/" "Mozilla/5.0 (compatible; ev-crawler/1.0; +https://headline.com/legal/crawler)"
2001:470:1:b95::8 - - [31/Mar/2025:21:13:41 -0400] "GET /wp-includes/js/jquery/jquery-migrate.min.js?ver=3.4.1 HTTP/1.1" 200 4678 "https://grimslut.com/" "Mozilla/5.0 (compatible; ev-crawler/1.0; +https://headline.com/legal/crawler)"
2001:470:1:b95::8 - - [31/Mar/2025:21:13:48 -0400] "GET /wp-content/themes/bloghash/assets/js/bloghash.min.js?ver=1.0.20 HTTP/1.1" 200 5141 "https://grimslut.com/" "Mozilla/5.0 (compatible; ev-crawler/1.0; +https://headline.com/legal/crawler)"
2001:470:1:b95::8 - - [31/Mar/2025:21:13:48 -0400] "GET /wp-content/themes/bloghash/assets/js/vendors/vanilla-marquee.min.js?ver=1.0.20 HTTP/1.1" 200 2023 "https://grimslut.com/" "Mozilla/5.0 (compatible; ev-crawler/1.0; +https://headline.com/legal/crawler)"
2001:470:1:b95::8 - - [31/Mar/2025:21:13:48 -0400] "GET /wp-content/themes/bloghash/assets/js/bloghash-slider.min.js?ver=1.0.20 HTTP/1.1" 200 253 "https://grimslut.com/" "Mozilla/5.0 (compatible; ev-crawler/1.0; +https://headline.com/legal/crawler)"
2001:470:1:b95::8 - - [31/Mar/2025:21:13:49 -0400] "GET /wp-includes/js/wp-emoji-release.min.js?ver=6.7.2 HTTP/1.1" 200 4676 "https://grimslut.com/" "Mozilla/5.0 (compatible; ev-crawler/1.0; +https://headline.com/legal/crawler)"
2001:470:1:b95::8 - - [31/Mar/2025:21:13:54 -0400] "GET /favicon.ico HTTP/1.1" 404 1251 "https://grimslut.com/" "Mozilla/5.0 (compatible; ev-crawler/1.0; +https://headline.com/legal/crawler)"
216.225.202.157 - - [31/Mar/2025:21:29:20 -0400] "GET /wp-login.php HTTP/1.1" 200 1954 "-" "GRequests/0.10"
198.54.114.83 - - [31/Mar/2025:21:29:25 -0400] "POST /wp-cron.php?doing_wp_cron=1743470964.9885020256042480468750 HTTP/1.1" 200 0 "-" "WordPress/6.7.2; https://grimslut.com"
216.225.202.157 - - [31/Mar/2025:21:29:21 -0400] "POST /wp-login.php HTTP/1.1" 200 2087 "-" "GRequests/0.10"
198.54.114.83 - - [31/Mar/2025:21:29:26 -0400] "POST /wp-admin/admin-ajax.php?action=async_litespeed&nonce=d105EXz9Cm9aSk7bNZEJTb7vT3Lp3q5A&litespeed_type=imgoptm HTTP/1.1" 200 0 "-" "WordPress/6.7.2; https://grimslut.com"
2602:80d:1006::7e - - [31/Mar/2025:21:31:14 -0400] "GET /favicon.ico HTTP/1.1" 404 1251 "http://grimslut.com/favicon.ico" "Mozilla/5.0 (compatible; CensysInspect/1.1; +https://about.censys.io/)"
2a06:6440:0:2c0a::1 - - [31/Mar/2025:22:07:20 -0400] "GET /wp-login.php HTTP/1.1" 200 1954 "-" "GRequests/0.10"
198.54.114.83 - - [31/Mar/2025:22:07:25 -0400] "POST /wp-cron.php?doing_wp_cron=1743473244.5487799644470214843750 HTTP/1.1" 200 0 "-" "WordPress/6.7.2; https://grimslut.com"
2a06:6440:0:2c0a::1 - - [31/Mar/2025:22:07:21 -0400] "POST /wp-login.php HTTP/1.1" 200 2087 "-" "GRequests/0.10"
198.54.114.83 - - [31/Mar/2025:22:07:26 -0400] "POST /wp-admin/admin-ajax.php?action=async_litespeed&nonce=zXzwLW29MCBriyW0dne2KKKuobo4GYbk&litespeed_type=imgoptm HTTP/1.1" 200 0 "-" "WordPress/6.7.2; https://grimslut.com"
198.54.114.83 - - [31/Mar/2025:22:24:59 -0400] "POST /wp-cron.php?doing_wp_cron=1743474298.6880619525909423828125 HTTP/1.1" 200 0 "-" "WordPress/6.7.2; https://grimslut.com"
161.35.15.162 - - [31/Mar/2025:22:24:56 -0400] "GET /wp-cli.php HTTP/1.1" 404 10269 "www.google.com" "Mozlila/5.0 (Linux; Android 7.0; SM-G892A Bulid/NRD90M; wv) AppleWebKit/537.36 (KHTML, like Gecko) Version/4.0 Chrome/60.0.3112.107 Moblie Safari/537.36"
198.54.114.83 - - [31/Mar/2025:22:25:00 -0400] "POST /wp-admin/admin-ajax.php?action=async_litespeed&nonce=5gB7m8kCEPUW0FfynItjvOxYG12TUta4&litespeed_type=imgoptm HTTP/1.1" 200 0 "-" "WordPress/6.7.2; https://grimslut.com"
161.35.15.162 - - [31/Mar/2025:22:25:09 -0400] "GET /wp-content/plugins/background-image-cropper/classwithtostring.php HTTP/1.1" 404 10269 "www.google.com" "Mozlila/5.0 (Linux; Android 7.0; SM-G892A Bulid/NRD90M; wv) AppleWebKit/537.36 (KHTML, like Gecko) Version/4.0 Chrome/60.0.3112.107 Moblie Safari/537.36"
3.147.71.207 - - [31/Mar/2025:22:34:53 -0400] "GET /robots.txt HTTP/1.1" 304 0 "-" "Mozilla/5.0 AppleWebKit/537.36 (KHTML, like Gecko; compatible; ClaudeBot/1.0; +claudebot@anthropic.com)"
198.54.114.83 - - [31/Mar/2025:22:34:57 -0400] "POST /wp-cron.php?doing_wp_cron=1743474896.9492030143737792968750 HTTP/1.1" 200 0 "-" "WordPress/6.7.2; https://grimslut.com"
3.147.71.207 - - [31/Mar/2025:22:34:54 -0400] "GET /the-importance-of-small-amount-payments-in-todays-economy/feed HTTP/1.1" 301 0 "-" "Mozilla/5.0 AppleWebKit/537.36 (KHTML, like Gecko; compatible; ClaudeBot/1.0; +claudebot@anthropic.com)"
3.147.71.207 - - [31/Mar/2025:22:34:58 -0400] "GET /the-importance-of-small-amount-payments-in-todays-economy/feed/ HTTP/1.1" 200 436 "https://grimslut.com/the-importance-of-small-amount-payments-in-todays-economy/feed" "Mozilla/5.0 AppleWebKit/537.36 (KHTML, like Gecko; compatible; ClaudeBot/1.0; +claudebot@anthropic.com)"
198.54.114.83 - - [31/Mar/2025:22:34:59 -0400] "POST /wp-admin/admin-ajax.php?action=async_litespeed&nonce=mLOYOFkr8T29AlAEhlImZSbhKDlNvWax&litespeed_type=imgoptm HTTP/1.1" 200 0 "-" "WordPress/6.7.2; https://grimslut.com"
18.224.153.49 - - [31/Mar/2025:22:36:53 -0400] "GET /wp-includes/js/wp-emoji-release.min.js HTTP/1.1" 200 4676 "-" "Mozilla/5.0 AppleWebKit/537.36 (KHTML, like Gecko; compatible; ClaudeBot/1.0; +claudebot@anthropic.com)"
51.222.253.12 - - [31/Mar/2025:22:38:18 -0400] "GET /robots.txt HTTP/1.1" 304 0 "-" "Mozilla/5.0 (compatible; AhrefsBot/7.0; +http://ahrefs.com/robot/)"
198.54.114.83 - - [31/Mar/2025:22:38:27 -0400] "POST /wp-cron.php?doing_wp_cron=1743475107.0869150161743164062500 HTTP/1.1" 200 0 "-" "WordPress/6.7.2; https://grimslut.com"
3.16.47.72 - - [31/Mar/2025:22:38:24 -0400] "GET /?p=531 HTTP/1.1" 301 0 "-" "Mozilla/5.0 AppleWebKit/537.36 (KHTML, like Gecko; compatible; ClaudeBot/1.0; +claudebot@anthropic.com)"
3.16.47.72 - - [31/Mar/2025:22:38:27 -0400] "GET /the-importance-of-small-amount-payments-in-todays-economy/ HTTP/1.1" 200 15379 "https://grimslut.com/?p=531" "Mozilla/5.0 AppleWebKit/537.36 (KHTML, like Gecko; compatible; ClaudeBot/1.0; +claudebot@anthropic.com)"
198.54.114.83 - - [31/Mar/2025:22:38:28 -0400] "POST /wp-admin/admin-ajax.php?action=async_litespeed&nonce=RYh3il98Q9Zz49rwFfkxdTSV10rplixQ&litespeed_type=imgoptm HTTP/1.1" 200 5 "-" "WordPress/6.7.2; https://grimslut.com"
2a02:598:128:8a00::b00:9 - - [31/Mar/2025:22:55:20 -0400] "GET /premier-fertility-care-at-new-hope-ivf-dubai/feed/ HTTP/1.1" 200 419 "-" "Mozilla/5.0 (compatible; SeznamBot/4.0; +https://o-seznam.cz/napoveda/vyhledavani/en/seznambot-crawler/)"
198.54.114.83 - - [31/Mar/2025:23:01:39 -0400] "POST /wp-cron.php?doing_wp_cron=1743476498.3006019592285156250000 HTTP/1.1" 200 0 "-" "WordPress/6.7.2; https://grimslut.com"
3.143.221.185 - - [31/Mar/2025:23:01:34 -0400] "GET /wp-json/wp/v2/posts/531 HTTP/1.1" 200 3964 "-" "Mozilla/5.0 AppleWebKit/537.36 (KHTML, like Gecko; compatible; ClaudeBot/1.0; +claudebot@anthropic.com)"
198.54.114.83 - - [31/Mar/2025:23:01:39 -0400] "POST /wp-admin/admin-ajax.php?action=async_litespeed&nonce=XQ50EzOGKcY8WnYwzqKtUWVZMNGFZ1H1&litespeed_type=imgoptm HTTP/1.1" 200 0 "-" "WordPress/6.7.2; https://grimslut.com"
198.54.114.83 - - [31/Mar/2025:23:10:38 -0400] "POST /wp-cron.php?doing_wp_cron=1743477037.6629490852355957031250 HTTP/1.1" 200 0 "-" "WordPress/6.7.2; https://grimslut.com"
3.128.190.205 - - [31/Mar/2025:23:10:33 -0400] "GET /wp-json/oembed/1.0/embed?url=https%3A%2F%2Fgrimslut.com%2Fthe-importance-of-small-amount-payments-in-todays-economy%2F HTTP/1.1" 200 2303 "-" "Mozilla/5.0 AppleWebKit/537.36 (KHTML, like Gecko; compatible; ClaudeBot/1.0; +claudebot@anthropic.com)"
167.71.93.105 - - [31/Mar/2025:23:18:00 -0400] "GET //wp-includes/ID3/license.txt HTTP/1.1" 200 414 "-" "Mozilla/5.0 (Windows NT 10.0; Win64; x64) AppleWebKit/537.36 (KHTML, like Gecko) Chrome/95.0.4638.69 Safari/537.36"
198.54.114.83 - - [31/Mar/2025:23:18:04 -0400] "POST /wp-cron.php?doing_wp_cron=1743477484.0260639190673828125000 HTTP/1.1" 200 0 "-" "WordPress/6.7.2; https://grimslut.com"
167.71.93.105 - - [31/Mar/2025:23:18:00 -0400] "GET //feed/ HTTP/1.1" 301 0 "-" "Mozilla/5.0 (Windows NT 10.0; Win64; x64) AppleWebKit/537.36 (KHTML, like Gecko) Chrome/95.0.4638.69 Safari/537.36"
167.71.93.105 - - [31/Mar/2025:23:18:05 -0400] "GET //xmlrpc.php?rsd HTTP/1.1" 200 292 "-" "Mozilla/5.0 (Windows NT 10.0; Win64; x64) AppleWebKit/537.36 (KHTML, like Gecko) Chrome/95.0.4638.69 Safari/537.36"
198.54.114.83 - - [31/Mar/2025:23:18:05 -0400] "POST /wp-admin/admin-ajax.php?action=async_litespeed&nonce=9CdaFvJLfRlvUsJp5RxMqSrjQs2LqtnY&litespeed_type=imgoptm HTTP/1.1" 200 0 "-" "WordPress/6.7.2; https://grimslut.com"
3.14.254.47 - - [31/Mar/2025:23:27:33 -0400] "GET /author/admin/feed HTTP/1.1" 200 0 "-" "Mozilla/5.0 AppleWebKit/537.36 (KHTML, like Gecko; compatible; ClaudeBot/1.0; +claudebot@anthropic.com)"
198.54.114.83 - - [31/Mar/2025:23:27:43 -0400] "POST /wp-cron.php?doing_wp_cron=1743478060.8811240196228027343750 HTTP/1.1" 200 0 "-" "WordPress/6.7.2; https://grimslut.com"
198.54.114.83 - - [31/Mar/2025:23:42:11 -0400] "POST /wp-cron.php?doing_wp_cron=1743478931.3119459152221679687500 HTTP/1.1" 200 0 "-" "WordPress/6.7.2; https://grimslut.com"
198.54.114.83 - - [31/Mar/2025:23:42:12 -0400] "POST /wp-admin/admin-ajax.php?action=async_litespeed&nonce=yQ5a7QvftTRCEORR5FsLhpMtAwPSTw0M&litespeed_type=imgoptm HTTP/1.1" 200 0 "-" "WordPress/6.7.2; https://grimslut.com"
3.149.251.64 - - [31/Mar/2025:23:42:07 -0400] "GET /author/admin/page/3 HTTP/1.1" 301 0 "-" "Mozilla/5.0 AppleWebKit/537.36 (KHTML, like Gecko; compatible; ClaudeBot/1.0; +claudebot@anthropic.com)"
3.149.251.64 - - [31/Mar/2025:23:42:14 -0400] "GET /author/admin/page/3/ HTTP/1.1" 200 15265 "https://grimslut.com/author/admin/page/3" "Mozilla/5.0 AppleWebKit/537.36 (KHTML, like Gecko; compatible; ClaudeBot/1.0; +claudebot@anthropic.com)"
198.54.114.83 - - [31/Mar/2025:23:52:09 -0400] "POST /wp-cron.php?doing_wp_cron=1743479527.6468260288238525390625 HTTP/1.1" 200 0 "-" "WordPress/6.7.2; https://grimslut.com"
52.14.17.231 - - [31/Mar/2025:23:52:04 -0400] "GET /author/admin/page/2 HTTP/1.1" 301 0 "-" "Mozilla/5.0 AppleWebKit/537.36 (KHTML, like Gecko; compatible; ClaudeBot/1.0; +claudebot@anthropic.com)"
52.14.17.231 - - [31/Mar/2025:23:52:11 -0400] "GET /author/admin/page/2/ HTTP/1.1" 200 0 "https://grimslut.com/author/admin/page/2" "Mozilla/5.0 AppleWebKit/537.36 (KHTML, like Gecko; compatible; ClaudeBot/1.0; +claudebot@anthropic.com)"
198.54.114.83 - - [31/Mar/2025:23:56:25 -0400] "POST /wp-cron.php?doing_wp_cron=1743479784.7187199592590332031250 HTTP/1.1" 200 0 "-" "WordPress/6.7.2; https://grimslut.com"
3.145.210.4 - - [31/Mar/2025:23:56:22 -0400] "GET /author/admin/page/31 HTTP/1.1" 301 0 "-" "Mozilla/5.0 AppleWebKit/537.36 (KHTML, like Gecko; compatible; ClaudeBot/1.0; +claudebot@anthropic.com)"
198.54.114.83 - - [31/Mar/2025:23:56:26 -0400] "POST /wp-admin/admin-ajax.php?action=async_litespeed&nonce=6JkaxtjE60cfew2Dt6HPHxq13QaFYmzt&litespeed_type=imgoptm HTTP/1.1" 200 0 "-" "WordPress/6.7.2; https://grimslut.com"
3.145.210.4 - - [31/Mar/2025:23:56:26 -0400] "GET /author/admin/page/31/ HTTP/1.1" 200 13472 "https://grimslut.com/author/admin/page/31" "Mozilla/5.0 AppleWebKit/537.36 (KHTML, like Gecko; compatible; ClaudeBot/1.0; +claudebot@anthropic.com)"
165.227.84.75 - - [31/Mar/2025:23:56:42 -0400] "GET /wp-login.php HTTP/1.1" 200 1954 "-" "GRequests/0.10"
198.54.114.83 - - [31/Mar/2025:23:56:44 -0400] "POST /wp-cron.php?doing_wp_cron=1743479803.6268270015716552734375 HTTP/1.1" 200 0 "-" "WordPress/6.7.2; https://grimslut.com"
165.227.84.75 - - [31/Mar/2025:23:56:43 -0400] "POST /wp-login.php HTTP/1.1" 200 2087 "-" "GRequests/0.10"
198.54.114.83 - - [31/Mar/2025:23:56:44 -0400] "POST /wp-admin/admin-ajax.php?action=async_litespeed&nonce=IQjk0AjODGzXgSQA033jkWFSikoiMYma&litespeed_type=imgoptm HTTP/1.1" 200 5 "-" "WordPress/6.7.2; https://grimslut.com"
198.54.114.83 - - [31/Mar/2025:23:58:38 -0400] "POST /wp-cron.php?doing_wp_cron=1743479917.6503860950469970703125 HTTP/1.1" 200 0 "-" "WordPress/6.7.2; https://grimslut.com"
13.58.172.157 - - [31/Mar/2025:23:58:35 -0400] "GET /wp-json/wp/v2/users/2 HTTP/1.1" 200 604 "-" "Mozilla/5.0 AppleWebKit/537.36 (KHTML, like Gecko; compatible; ClaudeBot/1.0; +claudebot@anthropic.com)"
198.54.114.83 - - [31/Mar/2025:23:58:41 -0400] "POST /wp-admin/admin-ajax.php?action=async_litespeed&nonce=P8t9MNb2WNkMX5zgS7J2lJGoioqI2ExA&litespeed_type=imgoptm HTTP/1.1" 200 0 "-" "WordPress/6.7.2; https://grimslut.com"
80.85.246.217 - - [01/Apr/2025:00:15:48 -0400] "GET / HTTP/1.1" 200 20855 "-" "Mozilla/5.0 (Macintosh; Intel Mac OS X 10_15_7) AppleWebKit/537.36 (KHTML, like Gecko) Chrome/133.0.0.0 Safari/537.36"
80.85.246.217 - - [01/Apr/2025:00:15:51 -0400] "GET /comments/feed/ HTTP/1.1" 200 364 "-" "Mozilla/5.0 (Macintosh; Intel Mac OS X 10_15_7) AppleWebKit/537.36 (KHTML, like Gecko) Chrome/133.0.0.0 Safari/537.36"
80.85.246.217 - - [01/Apr/2025:00:15:51 -0400] "GET /category/shopping-product-reviews/ HTTP/1.1" 200 12147 "-" "Mozilla/5.0 (Macintosh; Intel Mac OS X 10_15_7) AppleWebKit/537.36 (KHTML, like Gecko) Chrome/133.0.0.0 Safari/537.36"
80.85.246.217 - - [01/Apr/2025:00:15:52 -0400] "GET /category/shopping-product-reviews/feed/ HTTP/1.1" 200 456 "-" "Mozilla/5.0 (Macintosh; Intel Mac OS X 10_15_7) AppleWebKit/537.36 (KHTML, like Gecko) Chrome/133.0.0.0 Safari/537.36"
80.85.246.217 - - [01/Apr/2025:00:15:54 -0400] "GET /category/technology/ HTTP/1.1" 200 12166 "-" "Mozilla/5.0 (Macintosh; Intel Mac OS X 10_15_7) AppleWebKit/537.36 (KHTML, like Gecko) Chrome/133.0.0.0 Safari/537.36"
80.85.246.217 - - [01/Apr/2025:00:15:55 -0400] "GET /category/technology/feed/ HTTP/1.1" 200 429 "-" "Mozilla/5.0 (Macintosh; Intel Mac OS X 10_15_7) AppleWebKit/537.36 (KHTML, like Gecko) Chrome/133.0.0.0 Safari/537.36"
80.85.246.217 - - [01/Apr/2025:00:15:55 -0400] "GET /premier-fertility-care-at-new-hope-ivf-dubai/ HTTP/1.1" 200 15674 "-" "Mozilla/5.0 (Macintosh; Intel Mac OS X 10_15_7) AppleWebKit/537.36 (KHTML, like Gecko) Chrome/133.0.0.0 Safari/537.36"
93.175.249.130 - - [01/Apr/2025:00:15:58 -0400] "POST /wp-comments-post.php HTTP/1.1" 200 983 "-" "Mozilla/5.0 (Macintosh; Intel Mac OS X 10_15_7) AppleWebKit/537.36 (KHTML, like Gecko) Chrome/133.0.0.0 Safari/537.36"
198.54.114.83 - - [01/Apr/2025:00:16:03 -0400] "POST /wp-cron.php?doing_wp_cron=1743480961.8971629142761230468750 HTTP/1.1" 200 0 "-" "WordPress/6.7.2; https://grimslut.com"
93.175.249.130 - - [01/Apr/2025:00:16:04 -0400] "POST /wp-comments-post.php HTTP/1.1" 200 0 "-" "Mozilla/5.0 (Windows NT 10.0; Win64; x64) AppleWebKit/537.36 (KHTML, like Gecko) Chrome/120.0.0.0 Safari/537.36"
80.85.246.217 - - [01/Apr/2025:00:16:06 -0400] "GET /premier-fertility-care-at-new-hope-ivf-dubai/feed/ HTTP/1.1" 200 419 "-" "Mozilla/5.0 (Macintosh; Intel Mac OS X 10_15_7) AppleWebKit/537.36 (KHTML, like Gecko) Chrome/133.0.0.0 Safari/537.36"
80.85.246.217 - - [01/Apr/2025:00:16:08 -0400] "GET /premier-fertility-care-at-new-hope-ivf-dubai/ HTTP/1.1" 200 15674 "-" "Mozilla/5.0 (Macintosh; Intel Mac OS X 10_15_7) AppleWebKit/537.36 (KHTML, like Gecko) Chrome/133.0.0.0 Safari/537.36"
93.175.249.130 - - [01/Apr/2025:00:16:09 -0400] "POST /wp-comments-post.php HTTP/1.1" 200 983 "-" "Mozilla/5.0 (Macintosh; Intel Mac OS X 10_15_7) AppleWebKit/537.36 (KHTML, like Gecko) Chrome/133.0.0.0 Safari/537.36"
93.175.249.130 - - [01/Apr/2025:00:16:10 -0400] "POST /wp-comments-post.php HTTP/1.1" 200 0 "-" "Mozilla/5.0 (Windows NT 10.0; Win64; x64) AppleWebKit/537.36 (KHTML, like Gecko) Chrome/120.0.0.0 Safari/537.36"
80.85.246.217 - - [01/Apr/2025:00:16:13 -0400] "GET /premier-fertility-care-at-new-hope-ivf-dubai/ HTTP/1.1" 200 15674 "-" "Mozilla/5.0 (Macintosh; Intel Mac OS X 10_15_7) AppleWebKit/537.36 (KHTML, like Gecko) Chrome/133.0.0.0 Safari/537.36"
80.85.246.217 - - [01/Apr/2025:00:16:17 -0400] "GET /the-new-era-of-wedding-invitations-with-rsvp/ HTTP/1.1" 200 15833 "-" "Mozilla/5.0 (Macintosh; Intel Mac OS X 10_15_7) AppleWebKit/537.36 (KHTML, like Gecko) Chrome/133.0.0.0 Safari/537.36"
80.85.246.217 - - [01/Apr/2025:00:16:19 -0400] "GET /the-new-era-of-wedding-invitations-with-rsvp/feed/ HTTP/1.1" 200 410 "-" "Mozilla/5.0 (Macintosh; Intel Mac OS X 10_15_7) AppleWebKit/537.36 (KHTML, like Gecko) Chrome/133.0.0.0 Safari/537.36"
80.85.246.217 - - [01/Apr/2025:00:16:20 -0400] "GET /the-new-era-of-wedding-invitations-with-rsvp/ HTTP/1.1" 200 15833 "-" "Mozilla/5.0 (Macintosh; Intel Mac OS X 10_15_7) AppleWebKit/537.36 (KHTML, like Gecko) Chrome/133.0.0.0 Safari/537.36"
80.85.246.217 - - [01/Apr/2025:00:16:21 -0400] "GET /the-new-era-of-wedding-invitations-with-rsvp/ HTTP/1.1" 200 15833 "-" "Mozilla/5.0 (Macintosh; Intel Mac OS X 10_15_7) AppleWebKit/537.36 (KHTML, like Gecko) Chrome/133.0.0.0 Safari/537.36"
198.54.114.83 - - [01/Apr/2025:00:24:23 -0400] "POST /wp-cron.php?doing_wp_cron=1743481462.6009750366210937500000 HTTP/1.1" 200 0 "-" "WordPress/6.7.2; https://grimslut.com"
198.54.114.83 - - [01/Apr/2025:00:24:23 -0400] "POST /wp-admin/admin-ajax.php?action=async_litespeed&nonce=94eEa3WhvlZK7kRw6kMQb5dtaboN9uSF&litespeed_type=imgoptm HTTP/1.1" 200 0 "-" "WordPress/6.7.2; https://grimslut.com"
2a02:598:128:8a00::b00:9 - - [01/Apr/2025:00:24:18 -0400] "GET /getting-fda-approval-for-cosmetics-a-step-by-step-guide/ HTTP/1.1" 200 15823 "-" "Mozilla/5.0 (compatible; SeznamBot/4.0; +https://o-seznam.cz/napoveda/vyhledavani/en/seznambot-crawler/)"
2001:41d0:203:83e2:: - - [01/Apr/2025:00:35:31 -0400] "GET /wp-login.php HTTP/1.1" 200 1954 "-" "GRequests/0.10"
198.54.114.83 - - [01/Apr/2025:00:35:38 -0400] "POST /wp-cron.php?doing_wp_cron=1743482137.8820719718933105468750 HTTP/1.1" 200 0 "-" "WordPress/6.7.2; https://grimslut.com"
2001:41d0:203:83e2:: - - [01/Apr/2025:00:35:34 -0400] "POST /wp-login.php HTTP/1.1" 200 2087 "-" "GRequests/0.10"
198.54.114.83 - - [01/Apr/2025:00:35:39 -0400] "POST /wp-admin/admin-ajax.php?action=async_litespeed&nonce=v425gsTXXqOKTmyYxP2m4ahzozJ04TFs&litespeed_type=imgoptm HTTP/1.1" 200 0 "-" "WordPress/6.7.2; https://grimslut.com"
144.172.96.147 - - [01/Apr/2025:00:40:57 -0400] "GET /.well-known/pki-validation/wp-login.php HTTP/1.1" 404 1251 "www.google.com" "Mozlila/5.0 (Linux; Android 7.0; SM-G892A Bulid/NRD90M; wv) AppleWebKit/537.36 (KHTML, like Gecko) Version/4.0 Chrome/60.0.3112.107 Moblie Safari/537.36"
196.251.92.121 - - [01/Apr/2025:00:45:16 -0400] "GET /.env HTTP/1.1" 403 1242 "-" "Mozilla/5.0 (Macintosh; Intel Mac OS X 10.15; rv:77.0) Gecko/20100101 Firefox/77.0"
198.54.114.83 - - [01/Apr/2025:00:52:39 -0400] "POST /wp-cron.php?doing_wp_cron=1743483159.5564920902252197265625 HTTP/1.1" 200 0 "-" "WordPress/6.7.2; https://grimslut.com"
195.20.18.175 - - [01/Apr/2025:00:52:37 -0400] "GET /plugins/jquery-file-upload/server/php/index.php?file=tf2rghf.jpg HTTP/1.1" 301 0 "-" "ALittle Client"
195.20.18.175 - - [01/Apr/2025:00:53:01 -0400] "GET /plugins/jquery-file-upload/server/php/?file=tf2rghf.jpg HTTP/1.1" 404 10269 "-" "ALittle Client"
175.193.103.204 - - [01/Apr/2025:01:07:40 -0400] "GET /maximizing-your-business-trip-experience-with-massage-therapy/ HTTP/1.1" 200 15908 "https://grimslut.com/maximizing-your-business-trip-experience-with-massage-therapy/#comment-6036" "Mozilla/5.0 (Windows NT 6.3; Win64; x64) AppleWebKit/537.36 (KHTML, like Gecko) Chrome/103.0.5060.53 Safari/537.36"
175.193.103.204 - - [01/Apr/2025:01:07:42 -0400] "GET /retro-bowl-a-nostalgic-sports-game-revolution/ HTTP/1.1" 200 15518 "https://grimslut.com/retro-bowl-a-nostalgic-sports-game-revolution/#comment-5773" "Mozilla/5.0 (Windows NT 10.0; Win64; x64) AppleWebKit/537.36 (KHTML, like Gecko) Chrome/103.0.5042.0 Safari/537.36"
198.54.114.83 - - [01/Apr/2025:01:07:43 -0400] "POST /wp-cron.php?doing_wp_cron=1743484063.3927350044250488281250 HTTP/1.1" 200 0 "-" "WordPress/6.7.2; https://grimslut.com"
175.193.103.204 - - [01/Apr/2025:01:07:41 -0400] "POST /wp-comments-post.php HTTP/1.1" 302 0 "https://grimslut.com/maximizing-your-business-trip-experience-with-massage-therapy/#comment-6036" "Mozilla/5.0 (Windows NT 6.3; Win64; x64) AppleWebKit/537.36 (KHTML, like Gecko) Chrome/103.0.5060.53 Safari/537.36"
175.193.103.204 - - [01/Apr/2025:01:07:46 -0400] "POST /wp-comments-post.php HTTP/1.1" 429 983 "https://grimslut.com/retro-bowl-a-nostalgic-sports-game-revolution/#comment-5773" "Mozilla/5.0 (Windows NT 10.0; Win64; x64) AppleWebKit/537.36 (KHTML, like Gecko) Chrome/103.0.5042.0 Safari/537.36"
175.193.103.204 - - [01/Apr/2025:01:07:47 -0400] "GET /retro-bowl-a-nostalgic-sports-game-revolution/ HTTP/1.1" 200 15518 "https://grimslut.com/retro-bowl-a-nostalgic-sports-game-revolution/#comment-5773" "Mozilla/5.0 (Windows NT 10.0; Win64; x64) AppleWebKit/537.36 (KHTML, like Gecko) Chrome/103.0.5042.0 Safari/537.36"
175.193.103.204 - - [01/Apr/2025:01:07:50 -0400] "GET /author/admin/ HTTP/1.1" 200 14856 "https://grimslut.com/author/admin/" "Mozilla/5.0 (Windows NT 10.0; Win64; x64) AppleWebKit/537.36 (KHTML, like Gecko) Chrome/103.0.5042.0 Safari/537.36"
175.193.103.204 - - [01/Apr/2025:01:07:50 -0400] "GET /maximizing-your-business-trip-experience-with-massage-therapy/ HTTP/1.1" 200 17054 "https://grimslut.com/maximizing-your-business-trip-experience-with-massage-therapy/#comment-6522" "Mozilla/5.0 (Windows NT 6.3; Win64; x64) AppleWebKit/537.36 (KHTML, like Gecko) Chrome/103.0.5060.53 Safari/537.36"
175.193.103.204 - - [01/Apr/2025:01:07:52 -0400] "GET /retro-bowl-a-nostalgic-sports-game-revolution/ HTTP/1.1" 200 15518 "https://grimslut.com/retro-bowl-a-nostalgic-sports-game-revolution/" "Mozilla/5.0 (Windows NT 10.0; Win64; x64) AppleWebKit/537.36 (KHTML, like Gecko) Chrome/103.0.5042.0 Safari/537.36"
181.214.153.11 - - [01/Apr/2025:01:10:03 -0400] "GET / HTTP/1.1" 200 20855 "-" "Mozilla/5.0 (X11; Linux x86_64) AppleWebKit/537.36 (KHTML, like Gecko) HeadlessChrome/89.0.4389.90 Safari/537.36"
181.214.153.11 - - [01/Apr/2025:01:10:05 -0400] "GET /wp-content/themes/bloghash/assets/css/swiper-bundle.min.css?ver=6.7.2 HTTP/1.1" 200 0 "https://grimslut.com/" "Mozilla/5.0 (X11; Linux x86_64) AppleWebKit/537.36 (KHTML, like Gecko) HeadlessChrome/89.0.4389.90 Safari/537.36"
181.214.153.11 - - [01/Apr/2025:01:10:05 -0400] "GET /wp-includes/js/jquery/jquery-migrate.min.js?ver=3.4.1 HTTP/1.1" 200 0 "https://grimslut.com/" "Mozilla/5.0 (X11; Linux x86_64) AppleWebKit/537.36 (KHTML, like Gecko) HeadlessChrome/89.0.4389.90 Safari/537.36"
181.214.153.11 - - [01/Apr/2025:01:10:05 -0400] "GET /wp-content/themes/bloghash/assets/css/style.min.css?ver=1.0.20 HTTP/1.1" 200 43134 "https://grimslut.com/" "Mozilla/5.0 (X11; Linux x86_64) AppleWebKit/537.36 (KHTML, like Gecko) HeadlessChrome/89.0.4389.90 Safari/537.36"
181.214.153.11 - - [01/Apr/2025:01:10:05 -0400] "GET /wp-includes/js/jquery/jquery.min.js?ver=3.7.1 HTTP/1.1" 200 29744 "https://grimslut.com/" "Mozilla/5.0 (X11; Linux x86_64) AppleWebKit/537.36 (KHTML, like Gecko) HeadlessChrome/89.0.4389.90 Safari/537.36"
181.214.153.11 - - [01/Apr/2025:01:10:05 -0400] "GET /wp-content/uploads/bloghash/dynamic-styles.css?ver=1743122686 HTTP/1.1" 200 0 "https://grimslut.com/" "Mozilla/5.0 (X11; Linux x86_64) AppleWebKit/537.36 (KHTML, like Gecko) HeadlessChrome/89.0.4389.90 Safari/537.36"
181.214.153.11 - - [01/Apr/2025:01:10:05 -0400] "GET /wp-content/themes/bloghash/assets/css/all.min.css?ver=5.15.4 HTTP/1.1" 200 12406 "https://grimslut.com/" "Mozilla/5.0 (X11; Linux x86_64) AppleWebKit/537.36 (KHTML, like Gecko) HeadlessChrome/89.0.4389.90 Safari/537.36"
181.214.153.11 - - [01/Apr/2025:01:10:05 -0400] "GET /wp-includes/css/dist/block-library/style.min.css?ver=6.7.2 HTTP/1.1" 200 14225 "https://grimslut.com/" "Mozilla/5.0 (X11; Linux x86_64) AppleWebKit/537.36 (KHTML, like Gecko) HeadlessChrome/89.0.4389.90 Safari/537.36"
13.228.107.34 - - [01/Apr/2025:01:11:40 -0400] "GET /wp-login.php HTTP/1.1" 200 1954 "-" "GRequests/0.10"
198.54.114.83 - - [01/Apr/2025:01:11:44 -0400] "POST /wp-cron.php?doing_wp_cron=1743484304.0106608867645263671875 HTTP/1.1" 200 0 "-" "WordPress/6.7.2; https://grimslut.com"
13.228.107.34 - - [01/Apr/2025:01:11:41 -0400] "POST /wp-login.php HTTP/1.1" 200 2087 "-" "GRequests/0.10"
198.54.114.83 - - [01/Apr/2025:01:11:44 -0400] "POST /wp-admin/admin-ajax.php?action=async_litespeed&nonce=p56jpL2hD1PtnkGCAtJoQkSdyx0VMIwJ&litespeed_type=imgoptm HTTP/1.1" 200 5 "-" "WordPress/6.7.2; https://grimslut.com"
198.54.114.83 - - [01/Apr/2025:01:15:13 -0400] "POST /wp-cron.php?doing_wp_cron=1743484512.7414100170135498046875 HTTP/1.1" 200 0 "-" "WordPress/6.7.2; https://grimslut.com"
128.24.77.109 - - [01/Apr/2025:01:15:10 -0400] "GET /autoload_classmap.php HTTP/1.1" 404 10269 "-" "-"
198.54.114.83 - - [01/Apr/2025:01:15:14 -0400] "POST /wp-admin/admin-ajax.php?action=async_litespeed&nonce=QIn0zrqYtST36kWkI0JsUds1s18r3x4P&litespeed_type=imgoptm HTTP/1.1" 200 0 "-" "WordPress/6.7.2; https://grimslut.com"
128.24.77.109 - - [01/Apr/2025:01:15:14 -0400] "GET /post.php HTTP/1.1" 404 10269 "-" "-"
128.24.77.109 - - [01/Apr/2025:01:15:15 -0400] "GET /1.php HTTP/1.1" 404 10269 "-" "-"
128.24.77.109 - - [01/Apr/2025:01:15:17 -0400] "GET /flower.php HTTP/1.1" 404 10269 "-" "-"
128.24.77.109 - - [01/Apr/2025:01:15:19 -0400] "GET /admin.php HTTP/1.1" 404 10269 "-" "-"
128.24.77.109 - - [01/Apr/2025:01:15:20 -0400] "GET /file.php HTTP/1.1" 404 10269 "-" "-"
128.24.77.109 - - [01/Apr/2025:01:15:21 -0400] "GET /meta.php HTTP/1.1" 404 10269 "-" "-"
128.24.77.109 - - [01/Apr/2025:01:15:22 -0400] "GET /index.php HTTP/1.1" 301 0 "-" "-"
128.24.77.109 - - [01/Apr/2025:01:15:22 -0400] "GET / HTTP/1.1" 200 20855 "-" "-"
128.24.77.109 - - [01/Apr/2025:01:15:23 -0400] "GET /about.php HTTP/1.1" 404 10269 "-" "-"
128.24.77.109 - - [01/Apr/2025:01:15:24 -0400] "GET /randkeyword.php HTTP/1.1" 404 10269 "-" "-"
128.24.77.109 - - [01/Apr/2025:01:15:25 -0400] "GET /goods.php HTTP/1.1" 404 10269 "-" "-"
128.24.77.109 - - [01/Apr/2025:01:15:27 -0400] "GET /hehe.php HTTP/1.1" 404 10269 "-" "-"
128.24.77.109 - - [01/Apr/2025:01:15:28 -0400] "GET /user.php HTTP/1.1" 404 10269 "-" "-"
198.54.114.83 - - [01/Apr/2025:01:15:31 -0400] "POST /wp-cron.php?doing_wp_cron=1743484531.1222350597381591796875 HTTP/1.1" 200 0 "-" "WordPress/6.7.2; https://grimslut.com"
128.24.77.109 - - [01/Apr/2025:01:15:30 -0400] "GET /wp-2019.php HTTP/1.1" 404 10269 "-" "-"
198.54.114.83 - - [01/Apr/2025:01:15:32 -0400] "POST /wp-admin/admin-ajax.php?action=async_litespeed&nonce=t7MsG0jQUhxJiVs5LXMqk0eJnHFc1Gjy&litespeed_type=imgoptm HTTP/1.1" 200 5 "-" "WordPress/6.7.2; https://grimslut.com"
128.24.77.109 - - [01/Apr/2025:01:15:33 -0400] "GET /chosen.php HTTP/1.1" 404 10269 "-" "-"
128.24.77.109 - - [01/Apr/2025:01:15:34 -0400] "GET /functions.php HTTP/1.1" 404 10269 "-" "-"
128.24.77.109 - - [01/Apr/2025:01:15:35 -0400] "GET /cron.php HTTP/1.1" 404 10269 "-" "-"
128.24.77.109 - - [01/Apr/2025:01:15:36 -0400] "GET /edit.php HTTP/1.1" 404 10269 "-" "-"
128.24.77.109 - - [01/Apr/2025:01:15:37 -0400] "GET /gecko-new.php HTTP/1.1" 404 10269 "-" "-"
128.24.77.109 - - [01/Apr/2025:01:15:37 -0400] "GET /cookie.php HTTP/1.1" 404 10269 "-" "-"
128.24.77.109 - - [01/Apr/2025:01:15:38 -0400] "GET /xleet.php HTTP/1.1" 404 10269 "-" "-"
128.24.77.109 - - [01/Apr/2025:01:15:39 -0400] "GET /spip.php HTTP/1.1" 404 10269 "-" "-"
128.24.77.109 - - [01/Apr/2025:01:15:39 -0400] "GET /22.php HTTP/1.1" 404 10269 "-" "-"
128.24.77.109 - - [01/Apr/2025:01:15:40 -0400] "GET /room.php HTTP/1.1" 404 10269 "-" "-"
128.24.77.109 - - [01/Apr/2025:01:15:40 -0400] "GET /disagreed.php HTTP/1.1" 404 10269 "-" "-"
128.24.77.109 - - [01/Apr/2025:01:15:41 -0400] "GET /text.php HTTP/1.1" 404 10269 "-" "-"
128.24.77.109 - - [01/Apr/2025:01:15:41 -0400] "GET /alfa-rex.php HTTP/1.1" 404 10269 "-" "-"
128.24.77.109 - - [01/Apr/2025:01:15:42 -0400] "GET /alfa-rex.php7 HTTP/1.1" 404 10269 "-" "-"
128.24.77.109 - - [01/Apr/2025:01:15:43 -0400] "GET /feeds.php HTTP/1.1" 404 10269 "-" "-"
128.24.77.109 - - [01/Apr/2025:01:15:44 -0400] "GET /radio.php HTTP/1.1" 404 10269 "-" "-"
128.24.77.109 - - [01/Apr/2025:01:15:44 -0400] "GET /dropdown.php HTTP/1.1" 404 10269 "-" "-"
128.24.77.109 - - [01/Apr/2025:01:15:45 -0400] "GET /defaults.php HTTP/1.1" 404 10269 "-" "-"
128.24.77.109 - - [01/Apr/2025:01:15:45 -0400] "GET /system.php HTTP/1.1" 404 10269 "-" "-"
128.24.77.109 - - [01/Apr/2025:01:15:46 -0400] "GET /colors.php HTTP/1.1" 404 10269 "-" "-"
128.24.77.109 - - [01/Apr/2025:01:15:47 -0400] "GET /updates.php HTTP/1.1" 404 10269 "-" "-"
128.24.77.109 - - [01/Apr/2025:01:15:47 -0400] "GET /alfa-rex1.php HTTP/1.1" 404 10269 "-" "-"
128.24.77.109 - - [01/Apr/2025:01:15:47 -0400] "GET /wp-index.php HTTP/1.1" 404 10269 "-" "-"
128.24.77.109 - - [01/Apr/2025:01:15:48 -0400] "GET /wp-admin.php HTTP/1.1" 404 10269 "-" "-"
128.24.77.109 - - [01/Apr/2025:01:15:48 -0400] "GET /alfa.php HTTP/1.1" 404 10269 "-" "-"
128.24.77.109 - - [01/Apr/2025:01:15:49 -0400] "GET /alfanew.php7 HTTP/1.1" 404 10269 "-" "-"
128.24.77.109 - - [01/Apr/2025:01:15:50 -0400] "GET /locale.php HTTP/1.1" 404 10269 "-" "-"
128.24.77.109 - - [01/Apr/2025:01:15:50 -0400] "GET /wxo.php HTTP/1.1" 404 10269 "-" "-"
128.24.77.109 - - [01/Apr/2025:01:15:50 -0400] "GET /colour.php HTTP/1.1" 404 10269 "-" "-"
128.24.77.109 - - [01/Apr/2025:01:15:51 -0400] "GET /files.php HTTP/1.1" 404 10269 "-" "-"
128.24.77.109 - - [01/Apr/2025:01:15:51 -0400] "GET /install.php HTTP/1.1" 404 10269 "-" "-"
128.24.77.109 - - [01/Apr/2025:01:15:52 -0400] "GET /wp-contentt.php HTTP/1.1" 404 10269 "-" "-"
128.24.77.109 - - [01/Apr/2025:01:15:52 -0400] "GET /config.php7 HTTP/1.1" 404 10269 "-" "-"
128.24.77.109 - - [01/Apr/2025:01:15:53 -0400] "GET /config.php HTTP/1.1" 404 10269 "-" "-"
128.24.77.109 - - [01/Apr/2025:01:15:53 -0400] "GET /theme.php HTTP/1.1" 404 10269 "-" "-"
128.24.77.109 - - [01/Apr/2025:01:15:54 -0400] "GET /block-bindings.php HTTP/1.1" 404 10269 "-" "-"
128.24.77.109 - - [01/Apr/2025:01:15:54 -0400] "GET /class_api.php HTTP/1.1" 404 10269 "-" "-"
128.24.77.109 - - [01/Apr/2025:01:15:55 -0400] "GET /inputs.php HTTP/1.1" 404 10269 "-" "-"
128.24.77.109 - - [01/Apr/2025:01:15:55 -0400] "GET /root.php HTTP/1.1" 404 10269 "-" "-"
128.24.77.109 - - [01/Apr/2025:01:15:56 -0400] "GET /menu.php HTTP/1.1" 404 10269 "-" "-"
128.24.77.109 - - [01/Apr/2025:01:15:56 -0400] "GET /plugin.php HTTP/1.1" 404 10269 "-" "-"
128.24.77.109 - - [01/Apr/2025:01:15:56 -0400] "GET /cloud.php HTTP/1.1" 404 10269 "-" "-"
128.24.77.109 - - [01/Apr/2025:01:15:57 -0400] "GET /configs.php HTTP/1.1" 404 10269 "-" "-"
128.24.77.109 - - [01/Apr/2025:01:15:57 -0400] "GET /wp-configs.php HTTP/1.1" 404 10269 "-" "-"
128.24.77.109 - - [01/Apr/2025:01:15:58 -0400] "GET /update.php HTTP/1.1" 404 10269 "-" "-"
128.24.77.109 - - [01/Apr/2025:01:15:58 -0400] "GET /2.php HTTP/1.1" 404 10269 "-" "-"
128.24.77.109 - - [01/Apr/2025:01:15:58 -0400] "GET /input.php HTTP/1.1" 404 10269 "-" "-"
128.24.77.109 - - [01/Apr/2025:01:15:59 -0400] "GET /aaa.php HTTP/1.1" 404 10269 "-" "-"
178.20.46.206 - - [01/Apr/2025:01:24:36 -0400] "GET /exploring-the-multicanais-phenomenon/ HTTP/1.1" 200 15499 "https://grimslut.com/exploring-the-multicanais-phenomenon/" "Mozilla/5.0 (Windows NT 10.0; Win64; x64) AppleWebKit/537.36 (KHTML, like Gecko) Chrome/131.0.0.0 Safari/537.36"
198.54.114.83 - - [01/Apr/2025:01:24:42 -0400] "POST /wp-cron.php?doing_wp_cron=1743485082.4106218814849853515625 HTTP/1.1" 200 0 "-" "WordPress/6.7.2; https://grimslut.com"
198.54.114.83 - - [01/Apr/2025:01:24:43 -0400] "POST /wp-admin/admin-ajax.php?action=async_litespeed&nonce=2637aP7oBxm4Zem7s0iNj1NPP4C6Ea0B&litespeed_type=imgoptm HTTP/1.1" 200 0 "-" "WordPress/6.7.2; https://grimslut.com"
178.20.46.206 - - [01/Apr/2025:01:24:38 -0400] "POST /wp-comments-post.php HTTP/1.1" 302 0 "https://grimslut.com/exploring-the-multicanais-phenomenon/" "Mozilla/5.0 (Windows NT 10.0; Win64; x64) AppleWebKit/537.36 (KHTML, like Gecko) Chrome/131.0.0.0 Safari/537.36"
178.20.46.206 - - [01/Apr/2025:01:24:46 -0400] "GET /exploring-the-multicanais-phenomenon/ HTTP/1.1" 200 16065 "https://grimslut.com/exploring-the-multicanais-phenomenon/#comment-6523" "Mozilla/5.0 (Windows NT 10.0; Win64; x64) AppleWebKit/537.36 (KHTML, like Gecko) Chrome/131.0.0.0 Safari/537.36"
3.21.35.68 - - [01/Apr/2025:01:58:43 -0400] "GET /robots.txt HTTP/1.1" 304 0 "-" "Mozilla/5.0 AppleWebKit/537.36 (KHTML, like Gecko; compatible; ClaudeBot/1.0; +claudebot@anthropic.com)"
198.54.114.83 - - [01/Apr/2025:01:58:49 -0400] "POST /wp-cron.php?doing_wp_cron=1743487129.6069440841674804687500 HTTP/1.1" 200 0 "-" "WordPress/6.7.2; https://grimslut.com"
3.21.35.68 - - [01/Apr/2025:01:58:44 -0400] "GET /wp-json/wp/v2/posts/581 HTTP/1.1" 200 3995 "-" "Mozilla/5.0 AppleWebKit/537.36 (KHTML, like Gecko; compatible; ClaudeBot/1.0; +claudebot@anthropic.com)"
198.54.114.83 - - [01/Apr/2025:02:01:16 -0400] "POST /wp-cron.php?doing_wp_cron=1743487275.8860309123992919921875 HTTP/1.1" 200 0 "-" "WordPress/6.7.2; https://grimslut.com"
3.135.209.180 - - [01/Apr/2025:02:01:13 -0400] "GET /northern-pharmas-commitment-to-innovation/feed HTTP/1.1" 301 0 "-" "Mozilla/5.0 AppleWebKit/537.36 (KHTML, like Gecko; compatible; ClaudeBot/1.0; +claudebot@anthropic.com)"
3.135.209.180 - - [01/Apr/2025:02:01:16 -0400] "GET /northern-pharmas-commitment-to-innovation/feed/ HTTP/1.1" 200 407 "https://grimslut.com/northern-pharmas-commitment-to-innovation/feed" "Mozilla/5.0 AppleWebKit/537.36 (KHTML, like Gecko; compatible; ClaudeBot/1.0; +claudebot@anthropic.com)"
2001:41d0:203:83e2:: - - [01/Apr/2025:02:01:42 -0400] "GET /wp-login.php HTTP/1.1" 200 1954 "-" "GRequests/0.10"
198.54.114.83 - - [01/Apr/2025:02:01:45 -0400] "POST /wp-cron.php?doing_wp_cron=1743487305.6353960037231445312500 HTTP/1.1" 200 0 "-" "WordPress/6.7.2; https://grimslut.com"
2001:41d0:203:83e2:: - - [01/Apr/2025:02:01:44 -0400] "POST /wp-login.php HTTP/1.1" 200 2087 "-" "GRequests/0.10"
198.54.114.83 - - [01/Apr/2025:02:01:46 -0400] "POST /wp-admin/admin-ajax.php?action=async_litespeed&nonce=FHGcaqSrfRcFtwAsukKmJCq4DptsOtU5&litespeed_type=imgoptm HTTP/1.1" 200 0 "-" "WordPress/6.7.2; https://grimslut.com"
198.54.114.83 - - [01/Apr/2025:02:03:35 -0400] "POST /wp-cron.php?doing_wp_cron=1743487414.8776009082794189453125 HTTP/1.1" 200 0 "-" "WordPress/6.7.2; https://grimslut.com"
3.145.85.212 - - [01/Apr/2025:02:03:33 -0400] "GET /the-instant-hot-and-cold-water-tap/feed HTTP/1.1" 301 0 "-" "Mozilla/5.0 AppleWebKit/537.36 (KHTML, like Gecko; compatible; ClaudeBot/1.0; +claudebot@anthropic.com)"
3.145.85.212 - - [01/Apr/2025:02:03:36 -0400] "GET /the-instant-hot-and-cold-water-tap/feed/ HTTP/1.1" 200 404 "https://grimslut.com/the-instant-hot-and-cold-water-tap/feed" "Mozilla/5.0 AppleWebKit/537.36 (KHTML, like Gecko; compatible; ClaudeBot/1.0; +claudebot@anthropic.com)"
198.54.114.83 - - [01/Apr/2025:02:03:37 -0400] "POST /wp-admin/admin-ajax.php?action=async_litespeed&nonce=oMRFv6YsARCz47hkaqAwi5eCSamVwxVR&litespeed_type=imgoptm HTTP/1.1" 200 0 "-" "WordPress/6.7.2; https://grimslut.com"
198.54.114.83 - - [01/Apr/2025:02:16:29 -0400] "POST /wp-cron.php?doing_wp_cron=1743488189.5542159080505371093750 HTTP/1.1" 200 0 "-" "WordPress/6.7.2; https://grimslut.com"
18.220.210.111 - - [01/Apr/2025:02:16:27 -0400] "GET /wp-json/wp/v2/posts/669 HTTP/1.1" 200 5217 "-" "Mozilla/5.0 AppleWebKit/537.36 (KHTML, like Gecko; compatible; ClaudeBot/1.0; +claudebot@anthropic.com)"
198.54.114.83 - - [01/Apr/2025:02:16:30 -0400] "POST /wp-admin/admin-ajax.php?action=async_litespeed&nonce=b0FeI4pzKh8IMAMbRVEIBzlyOqj8Vlgq&litespeed_type=imgoptm HTTP/1.1" 200 5 "-" "WordPress/6.7.2; https://grimslut.com"
3.145.151.244 - - [01/Apr/2025:02:18:45 -0400] "GET /wp-json/oembed/1.0/embed?url=https%3A%2F%2Fgrimslut.com%2Fthe-instant-hot-and-cold-water-tap%2F HTTP/1.1" 200 2167 "-" "Mozilla/5.0 AppleWebKit/537.36 (KHTML, like Gecko; compatible; ClaudeBot/1.0; +claudebot@anthropic.com)"
198.54.114.83 - - [01/Apr/2025:02:18:49 -0400] "POST /wp-cron.php?doing_wp_cron=1743488327.8691279888153076171875 HTTP/1.1" 200 0 "-" "WordPress/6.7.2; https://grimslut.com"
91.84.100.21 - - [01/Apr/2025:02:19:03 -0400] "GET /exploring-the-multicanais-phenomenon/ HTTP/1.1" 200 15499 "https://grimslut.com/exploring-the-multicanais-phenomenon/" "Mozilla/5.0 (Windows NT 10.0; Win64; x64) AppleWebKit/537.36 (KHTML, like Gecko) Chrome/130.0.0.0 Safari/537.36"
