45.84.107.198 - - [29/Mar/2025:20:21:49 -0400] "POST /wp-comments-post.php HTTP/1.1" 429 983 "https://grimslut.com/wp-comments-post.php" "Opera/9.80 (Windows NT 6.1; MRA 6.0 (build 6083)) Presto/2.12.388 Version/12.17"
45.84.107.198 - - [29/Mar/2025:20:21:51 -0400] "GET /the-importance-of-small-amount-payments-in-todays-economy HTTP/1.1" 301 0 "https://grimslut.com/the-importance-of-small-amount-payments-in-todays-economy" "Opera/9.80 (Windows NT 6.1; MRA 6.0 (build 6083)) Presto/2.12.388 Version/12.17"
45.84.107.198 - - [29/Mar/2025:20:21:51 -0400] "GET /the-importance-of-small-amount-payments-in-todays-economy/ HTTP/1.1" 200 15379 "https://grimslut.com/the-importance-of-small-amount-payments-in-todays-economy" "Opera/9.80 (Windows NT 6.1; MRA 6.0 (build 6083)) Presto/2.12.388 Version/12.17"
45.84.107.198 - - [29/Mar/2025:20:21:53 -0400] "POST /wp-comments-post.php HTTP/1.1" 429 983 "https://grimslut.com/wp-comments-post.php" "Opera/9.80 (Windows NT 6.1; MRA 6.0 (build 6083)) Presto/2.12.388 Version/12.17"
2.58.56.35 - - [29/Mar/2025:20:21:54 -0400] "GET /the-importance-of-wellness-on-business-trips HTTP/1.1" 301 0 "https://grimslut.com/the-importance-of-wellness-on-business-trips" "Opera/9.80 (Windows NT 6.1; MRA 6.0 (build 6083)) Presto/2.12.388 Version/12.17"
2.58.56.35 - - [29/Mar/2025:20:21:54 -0400] "GET /the-importance-of-wellness-on-business-trips/ HTTP/1.1" 200 15401 "https://grimslut.com/the-importance-of-wellness-on-business-trips" "Opera/9.80 (Windows NT 6.1; MRA 6.0 (build 6083)) Presto/2.12.388 Version/12.17"
2.58.56.35 - - [29/Mar/2025:20:21:55 -0400] "POST /wp-comments-post.php HTTP/1.1" 302 0 "https://grimslut.com/wp-comments-post.php" "Opera/9.80 (Windows NT 6.1; MRA 6.0 (build 6083)) Presto/2.12.388 Version/12.17"
2.58.56.35 - - [29/Mar/2025:20:21:57 -0400] "GET /the-importance-of-wellness-on-business-trips/ HTTP/1.1" 200 15401 "https://grimslut.com/wp-comments-post.php" "Opera/9.80 (Windows NT 6.1; MRA 6.0 (build 6083)) Presto/2.12.388 Version/12.17"
2.58.56.35 - - [29/Mar/2025:20:21:58 -0400] "GET /the-instant-hot-and-cold-water-tap HTTP/1.1" 301 0 "https://grimslut.com/the-instant-hot-and-cold-water-tap" "Opera/9.80 (Windows NT 6.1; MRA 6.0 (build 6083)) Presto/2.12.388 Version/12.17"
2.58.56.35 - - [29/Mar/2025:20:21:58 -0400] "GET /the-instant-hot-and-cold-water-tap/ HTTP/1.1" 200 15424 "https://grimslut.com/the-instant-hot-and-cold-water-tap" "Opera/9.80 (Windows NT 6.1; MRA 6.0 (build 6083)) Presto/2.12.388 Version/12.17"
2.58.56.35 - - [29/Mar/2025:20:22:00 -0400] "POST /wp-comments-post.php HTTP/1.1" 429 983 "https://grimslut.com/wp-comments-post.php" "Opera/9.80 (Windows NT 6.1; MRA 6.0 (build 6083)) Presto/2.12.388 Version/12.17"
192.42.116.216 - - [29/Mar/2025:20:22:01 -0400] "GET /the-new-era-of-wedding-invitations-with-rsvp HTTP/1.1" 301 0 "https://grimslut.com/the-new-era-of-wedding-invitations-with-rsvp" "Opera/9.80 (Windows NT 6.1; MRA 6.0 (build 6083)) Presto/2.12.388 Version/12.17"
192.42.116.216 - - [29/Mar/2025:20:22:02 -0400] "GET /the-new-era-of-wedding-invitations-with-rsvp/ HTTP/1.1" 200 15831 "https://grimslut.com/the-new-era-of-wedding-invitations-with-rsvp" "Opera/9.80 (Windows NT 6.1; MRA 6.0 (build 6083)) Presto/2.12.388 Version/12.17"
192.42.116.216 - - [29/Mar/2025:20:22:03 -0400] "POST /wp-comments-post.php HTTP/1.1" 429 983 "https://grimslut.com/wp-comments-post.php" "Opera/9.80 (Windows NT 6.1; MRA 6.0 (build 6083)) Presto/2.12.388 Version/12.17"
192.42.116.216 - - [29/Mar/2025:20:22:05 -0400] "GET /the-perfect-escape-after-meetings HTTP/1.1" 301 0 "https://grimslut.com/the-perfect-escape-after-meetings" "Opera/9.80 (Windows NT 6.1; MRA 6.0 (build 6083)) Presto/2.12.388 Version/12.17"
192.42.116.216 - - [29/Mar/2025:20:22:05 -0400] "GET /the-perfect-escape-after-meetings/ HTTP/1.1" 200 15171 "https://grimslut.com/the-perfect-escape-after-meetings" "Opera/9.80 (Windows NT 6.1; MRA 6.0 (build 6083)) Presto/2.12.388 Version/12.17"
192.42.116.216 - - [29/Mar/2025:20:22:07 -0400] "POST /wp-comments-post.php HTTP/1.1" 429 983 "https://grimslut.com/wp-comments-post.php" "Opera/9.80 (Windows NT 6.1; MRA 6.0 (build 6083)) Presto/2.12.388 Version/12.17"
192.42.116.216 - - [29/Mar/2025:20:22:09 -0400] "GET /the-rise-of-digital-business-cards HTTP/1.1" 301 0 "https://grimslut.com/the-rise-of-digital-business-cards" "Opera/9.80 (Windows NT 6.1; MRA 6.0 (build 6083)) Presto/2.12.388 Version/12.17"
192.42.116.216 - - [29/Mar/2025:20:22:09 -0400] "GET /the-rise-of-digital-business-cards/ HTTP/1.1" 200 15337 "https://grimslut.com/the-rise-of-digital-business-cards" "Opera/9.80 (Windows NT 6.1; MRA 6.0 (build 6083)) Presto/2.12.388 Version/12.17"
192.42.116.216 - - [29/Mar/2025:20:22:10 -0400] "POST /wp-comments-post.php HTTP/1.1" 429 983 "https://grimslut.com/wp-comments-post.php" "Opera/9.80 (Windows NT 6.1; MRA 6.0 (build 6083)) Presto/2.12.388 Version/12.17"
45.83.104.137 - - [29/Mar/2025:20:22:11 -0400] "GET /the-truth-behind-steroids-and-their-impact-on-health HTTP/1.1" 301 0 "https://grimslut.com/the-truth-behind-steroids-and-their-impact-on-health" "Opera/9.80 (Windows NT 6.1; MRA 6.0 (build 6083)) Presto/2.12.388 Version/12.17"
45.83.104.137 - - [29/Mar/2025:20:22:12 -0400] "GET /the-truth-behind-steroids-and-their-impact-on-health/ HTTP/1.1" 200 15520 "https://grimslut.com/the-truth-behind-steroids-and-their-impact-on-health" "Opera/9.80 (Windows NT 6.1; MRA 6.0 (build 6083)) Presto/2.12.388 Version/12.17"
45.83.104.137 - - [29/Mar/2025:20:22:13 -0400] "POST /wp-comments-post.php HTTP/1.1" 302 0 "https://grimslut.com/wp-comments-post.php" "Opera/9.80 (Windows NT 6.1; MRA 6.0 (build 6083)) Presto/2.12.388 Version/12.17"
45.83.104.137 - - [29/Mar/2025:20:22:14 -0400] "GET /the-truth-behind-steroids-and-their-impact-on-health/ HTTP/1.1" 200 15520 "https://grimslut.com/wp-comments-post.php" "Opera/9.80 (Windows NT 6.1; MRA 6.0 (build 6083)) Presto/2.12.388 Version/12.17"
45.83.104.137 - - [29/Mar/2025:20:22:15 -0400] "GET /the-value-of-culture-gift-certificates HTTP/1.1" 301 0 "https://grimslut.com/the-value-of-culture-gift-certificates" "Opera/9.80 (Windows NT 6.1; MRA 6.0 (build 6083)) Presto/2.12.388 Version/12.17"
45.83.104.137 - - [29/Mar/2025:20:22:15 -0400] "GET /the-value-of-culture-gift-certificates/ HTTP/1.1" 200 15385 "https://grimslut.com/the-value-of-culture-gift-certificates" "Opera/9.80 (Windows NT 6.1; MRA 6.0 (build 6083)) Presto/2.12.388 Version/12.17"
45.83.104.137 - - [29/Mar/2025:20:22:17 -0400] "POST /wp-comments-post.php HTTP/1.1" 429 983 "https://grimslut.com/wp-comments-post.php" "Opera/9.80 (Windows NT 6.1; MRA 6.0 (build 6083)) Presto/2.12.388 Version/12.17"
45.83.104.137 - - [29/Mar/2025:20:22:18 -0400] "GET /thrills-of-video-slots-in-modern-casinos HTTP/1.1" 301 0 "https://grimslut.com/thrills-of-video-slots-in-modern-casinos" "Opera/9.80 (Windows NT 6.1; MRA 6.0 (build 6083)) Presto/2.12.388 Version/12.17"
45.83.104.137 - - [29/Mar/2025:20:22:18 -0400] "GET /thrills-of-video-slots-in-modern-casinos/ HTTP/1.1" 200 15515 "https://grimslut.com/thrills-of-video-slots-in-modern-casinos" "Opera/9.80 (Windows NT 6.1; MRA 6.0 (build 6083)) Presto/2.12.388 Version/12.17"
45.83.104.137 - - [29/Mar/2025:20:22:19 -0400] "POST /wp-comments-post.php HTTP/1.1" 429 983 "https://grimslut.com/wp-comments-post.php" "Opera/9.80 (Windows NT 6.1; MRA 6.0 (build 6083)) Presto/2.12.388 Version/12.17"
45.83.104.137 - - [29/Mar/2025:20:22:20 -0400] "GET /top-craft-weed-choices-in-canada HTTP/1.1" 301 0 "https://grimslut.com/top-craft-weed-choices-in-canada" "Opera/9.80 (Windows NT 6.1; MRA 6.0 (build 6083)) Presto/2.12.388 Version/12.17"
45.83.104.137 - - [29/Mar/2025:20:22:20 -0400] "GET /top-craft-weed-choices-in-canada/ HTTP/1.1" 200 15615 "https://grimslut.com/top-craft-weed-choices-in-canada" "Opera/9.80 (Windows NT 6.1; MRA 6.0 (build 6083)) Presto/2.12.388 Version/12.17"
45.83.104.137 - - [29/Mar/2025:20:22:21 -0400] "POST /wp-comments-post.php HTTP/1.1" 429 983 "https://grimslut.com/wp-comments-post.php" "Opera/9.80 (Windows NT 6.1; MRA 6.0 (build 6083)) Presto/2.12.388 Version/12.17"
104.244.73.193 - - [29/Mar/2025:20:22:23 -0400] "GET /umzugsunternehmen-in-hamburg-fur-einen-stressfreien-umzug HTTP/1.1" 301 0 "https://grimslut.com/umzugsunternehmen-in-hamburg-fur-einen-stressfreien-umzug" "Opera/9.80 (Windows NT 6.1; MRA 6.0 (build 6083)) Presto/2.12.388 Version/12.17"
104.244.73.193 - - [29/Mar/2025:20:22:23 -0400] "GET /umzugsunternehmen-in-hamburg-fur-einen-stressfreien-umzug/ HTTP/1.1" 200 15683 "https://grimslut.com/umzugsunternehmen-in-hamburg-fur-einen-stressfreien-umzug" "Opera/9.80 (Windows NT 6.1; MRA 6.0 (build 6083)) Presto/2.12.388 Version/12.17"
104.244.73.193 - - [29/Mar/2025:20:22:24 -0400] "POST /wp-comments-post.php HTTP/1.1" 429 983 "https://grimslut.com/wp-comments-post.php" "Opera/9.80 (Windows NT 6.1; MRA 6.0 (build 6083)) Presto/2.12.388 Version/12.17"
104.244.73.193 - - [29/Mar/2025:20:22:25 -0400] "GET /umzugsunternehmen-in-hamburg-fur-stressfreie-umzuge HTTP/1.1" 301 0 "https://grimslut.com/umzugsunternehmen-in-hamburg-fur-stressfreie-umzuge" "Opera/9.80 (Windows NT 6.1; MRA 6.0 (build 6083)) Presto/2.12.388 Version/12.17"
104.244.73.193 - - [29/Mar/2025:20:22:26 -0400] "GET /umzugsunternehmen-in-hamburg-fur-stressfreie-umzuge/ HTTP/1.1" 200 16015 "https://grimslut.com/umzugsunternehmen-in-hamburg-fur-stressfreie-umzuge" "Opera/9.80 (Windows NT 6.1; MRA 6.0 (build 6083)) Presto/2.12.388 Version/12.17"
104.244.73.193 - - [29/Mar/2025:20:22:27 -0400] "POST /wp-comments-post.php HTTP/1.1" 429 983 "https://grimslut.com/wp-comments-post.php" "Opera/9.80 (Windows NT 6.1; MRA 6.0 (build 6083)) Presto/2.12.388 Version/12.17"
104.244.73.193 - - [29/Mar/2025:20:22:28 -0400] "GET /umzugsunternehmen-in-luneburg-ihr-partner-fur-einen-reibungslosen-umzug-2 HTTP/1.1" 301 0 "https://grimslut.com/umzugsunternehmen-in-luneburg-ihr-partner-fur-einen-reibungslosen-umzug-2" "Opera/9.80 (Windows NT 6.1; MRA 6.0 (build 6083)) Presto/2.12.388 Version/12.17"
104.244.73.193 - - [29/Mar/2025:20:22:28 -0400] "GET /umzugsunternehmen-in-luneburg-ihr-partner-fur-einen-reibungslosen-umzug-2/ HTTP/1.1" 200 15467 "https://grimslut.com/umzugsunternehmen-in-luneburg-ihr-partner-fur-einen-reibungslosen-umzug-2" "Opera/9.80 (Windows NT 6.1; MRA 6.0 (build 6083)) Presto/2.12.388 Version/12.17"
104.244.73.193 - - [29/Mar/2025:20:22:29 -0400] "POST /wp-comments-post.php HTTP/1.1" 302 0 "https://grimslut.com/wp-comments-post.php" "Opera/9.80 (Windows NT 6.1; MRA 6.0 (build 6083)) Presto/2.12.388 Version/12.17"
104.244.73.193 - - [29/Mar/2025:20:22:30 -0400] "GET /umzugsunternehmen-in-luneburg-ihr-partner-fur-einen-reibungslosen-umzug-2/ HTTP/1.1" 200 15467 "https://grimslut.com/wp-comments-post.php" "Opera/9.80 (Windows NT 6.1; MRA 6.0 (build 6083)) Presto/2.12.388 Version/12.17"
104.244.73.193 - - [29/Mar/2025:20:22:31 -0400] "GET /umzugsunternehmen-in-luneburg-ihr-partner-fur-einen-stressfreien-umzug-2 HTTP/1.1" 301 0 "https://grimslut.com/umzugsunternehmen-in-luneburg-ihr-partner-fur-einen-stressfreien-umzug-2" "Opera/9.80 (Windows NT 6.1; MRA 6.0 (build 6083)) Presto/2.12.388 Version/12.17"
104.244.73.193 - - [29/Mar/2025:20:22:31 -0400] "GET /umzugsunternehmen-in-luneburg-ihr-partner-fur-einen-stressfreien-umzug-2/ HTTP/1.1" 200 15639 "https://grimslut.com/umzugsunternehmen-in-luneburg-ihr-partner-fur-einen-stressfreien-umzug-2" "Opera/9.80 (Windows NT 6.1; MRA 6.0 (build 6083)) Presto/2.12.388 Version/12.17"
198.54.114.83 - - [29/Mar/2025:20:22:33 -0400] "POST /wp-cron.php?doing_wp_cron=1743294153.2029659748077392578125 HTTP/1.1" 200 0 "-" "WordPress/6.7.2; https://grimslut.com"
104.244.73.193 - - [29/Mar/2025:20:22:33 -0400] "POST /wp-comments-post.php HTTP/1.1" 429 983 "https://grimslut.com/wp-comments-post.php" "Opera/9.80 (Windows NT 6.1; MRA 6.0 (build 6083)) Presto/2.12.388 Version/12.17"
198.54.114.83 - - [29/Mar/2025:20:22:33 -0400] "POST /wp-admin/admin-ajax.php?action=async_litespeed&nonce=AyiMHzhkFVUBsmvhpNzHgHEbhrYAQBJ5&litespeed_type=imgoptm HTTP/1.1" 200 5 "-" "WordPress/6.7.2; https://grimslut.com"
2.58.56.220 - - [29/Mar/2025:20:22:34 -0400] "GET /une-protection-innovante-pour-votre-cuisine-moderne HTTP/1.1" 301 0 "https://grimslut.com/une-protection-innovante-pour-votre-cuisine-moderne" "Opera/9.80 (Windows NT 6.1; MRA 6.0 (build 6083)) Presto/2.12.388 Version/12.17"
2.58.56.220 - - [29/Mar/2025:20:22:34 -0400] "GET /une-protection-innovante-pour-votre-cuisine-moderne/ HTTP/1.1" 200 15947 "https://grimslut.com/une-protection-innovante-pour-votre-cuisine-moderne" "Opera/9.80 (Windows NT 6.1; MRA 6.0 (build 6083)) Presto/2.12.388 Version/12.17"
2.58.56.220 - - [29/Mar/2025:20:22:36 -0400] "POST /wp-comments-post.php HTTP/1.1" 429 983 "https://grimslut.com/wp-comments-post.php" "Opera/9.80 (Windows NT 6.1; MRA 6.0 (build 6083)) Presto/2.12.388 Version/12.17"
2.58.56.220 - - [29/Mar/2025:20:22:37 -0400] "GET /une-solution-efficace-pour-combattre-la-transpiration-excessive HTTP/1.1" 301 0 "https://grimslut.com/une-solution-efficace-pour-combattre-la-transpiration-excessive" "Opera/9.80 (Windows NT 6.1; MRA 6.0 (build 6083)) Presto/2.12.388 Version/12.17"
2.58.56.220 - - [29/Mar/2025:20:22:38 -0400] "GET /une-solution-efficace-pour-combattre-la-transpiration-excessive/ HTTP/1.1" 200 15603 "https://grimslut.com/une-solution-efficace-pour-combattre-la-transpiration-excessive" "Opera/9.80 (Windows NT 6.1; MRA 6.0 (build 6083)) Presto/2.12.388 Version/12.17"
2.58.56.220 - - [29/Mar/2025:20:22:39 -0400] "POST /wp-comments-post.php HTTP/1.1" 429 983 "https://grimslut.com/wp-comments-post.php" "Opera/9.80 (Windows NT 6.1; MRA 6.0 (build 6083)) Presto/2.12.388 Version/12.17"
2.58.56.220 - - [29/Mar/2025:20:22:41 -0400] "GET /une-solution-efficace-pour-controler-la-transpiration-excessive HTTP/1.1" 301 0 "https://grimslut.com/une-solution-efficace-pour-controler-la-transpiration-excessive" "Opera/9.80 (Windows NT 6.1; MRA 6.0 (build 6083)) Presto/2.12.388 Version/12.17"
2.58.56.220 - - [29/Mar/2025:20:22:42 -0400] "GET /une-solution-efficace-pour-controler-la-transpiration-excessive/ HTTP/1.1" 200 15601 "https://grimslut.com/une-solution-efficace-pour-controler-la-transpiration-excessive" "Opera/9.80 (Windows NT 6.1; MRA 6.0 (build 6083)) Presto/2.12.388 Version/12.17"
2.58.56.220 - - [29/Mar/2025:20:22:43 -0400] "POST /wp-comments-post.php HTTP/1.1" 429 983 "https://grimslut.com/wp-comments-post.php" "Opera/9.80 (Windows NT 6.1; MRA 6.0 (build 6083)) Presto/2.12.388 Version/12.17"
192.42.116.181 - - [29/Mar/2025:20:22:55 -0400] "GET /unlocking-creativity-and-experiences-with-the-cultureland-card HTTP/1.1" 301 0 "https://grimslut.com/unlocking-creativity-and-experiences-with-the-cultureland-card" "Opera/9.80 (Windows NT 6.1; MRA 6.0 (build 6083)) Presto/2.12.388 Version/12.17"
192.42.116.181 - - [29/Mar/2025:20:22:55 -0400] "GET /unlocking-creativity-and-experiences-with-the-cultureland-card/ HTTP/1.1" 200 15427 "https://grimslut.com/unlocking-creativity-and-experiences-with-the-cultureland-card" "Opera/9.80 (Windows NT 6.1; MRA 6.0 (build 6083)) Presto/2.12.388 Version/12.17"
192.42.116.181 - - [29/Mar/2025:20:22:56 -0400] "POST /wp-comments-post.php HTTP/1.1" 302 0 "https://grimslut.com/wp-comments-post.php" "Opera/9.80 (Windows NT 6.1; MRA 6.0 (build 6083)) Presto/2.12.388 Version/12.17"
192.42.116.181 - - [29/Mar/2025:20:22:58 -0400] "GET /unlocking-creativity-and-experiences-with-the-cultureland-card/ HTTP/1.1" 200 15427 "https://grimslut.com/wp-comments-post.php" "Opera/9.80 (Windows NT 6.1; MRA 6.0 (build 6083)) Presto/2.12.388 Version/12.17"
192.42.116.181 - - [29/Mar/2025:20:22:59 -0400] "GET /virtual-telephone-answering-service HTTP/1.1" 301 0 "https://grimslut.com/virtual-telephone-answering-service" "Opera/9.80 (Windows NT 6.1; MRA 6.0 (build 6083)) Presto/2.12.388 Version/12.17"
192.42.116.181 - - [29/Mar/2025:20:23:00 -0400] "GET /virtual-telephone-answering-service/ HTTP/1.1" 200 15655 "https://grimslut.com/virtual-telephone-answering-service" "Opera/9.80 (Windows NT 6.1; MRA 6.0 (build 6083)) Presto/2.12.388 Version/12.17"
192.42.116.181 - - [29/Mar/2025:20:23:01 -0400] "POST /wp-comments-post.php HTTP/1.1" 429 983 "https://grimslut.com/wp-comments-post.php" "Opera/9.80 (Windows NT 6.1; MRA 6.0 (build 6083)) Presto/2.12.388 Version/12.17"
192.42.116.181 - - [29/Mar/2025:20:23:02 -0400] "GET /vorteile-einer-erfahrenen-umzugsfirma-in-hamburg HTTP/1.1" 301 0 "https://grimslut.com/vorteile-einer-erfahrenen-umzugsfirma-in-hamburg" "Opera/9.80 (Windows NT 6.1; MRA 6.0 (build 6083)) Presto/2.12.388 Version/12.17"
192.42.116.181 - - [29/Mar/2025:20:23:02 -0400] "GET /vorteile-einer-erfahrenen-umzugsfirma-in-hamburg/ HTTP/1.1" 200 15499 "https://grimslut.com/vorteile-einer-erfahrenen-umzugsfirma-in-hamburg" "Opera/9.80 (Windows NT 6.1; MRA 6.0 (build 6083)) Presto/2.12.388 Version/12.17"
192.42.116.181 - - [29/Mar/2025:20:23:03 -0400] "POST /wp-comments-post.php HTTP/1.1" 429 983 "https://grimslut.com/wp-comments-post.php" "Opera/9.80 (Windows NT 6.1; MRA 6.0 (build 6083)) Presto/2.12.388 Version/12.17"
192.42.116.181 - - [29/Mar/2025:20:23:05 -0400] "GET /why-every-business-traveler-should-consider-a-massage HTTP/1.1" 301 0 "https://grimslut.com/why-every-business-traveler-should-consider-a-massage" "Opera/9.80 (Windows NT 6.1; MRA 6.0 (build 6083)) Presto/2.12.388 Version/12.17"
192.42.116.181 - - [29/Mar/2025:20:23:05 -0400] "GET /why-every-business-traveler-should-consider-a-massage/ HTTP/1.1" 200 15777 "https://grimslut.com/why-every-business-traveler-should-consider-a-massage" "Opera/9.80 (Windows NT 6.1; MRA 6.0 (build 6083)) Presto/2.12.388 Version/12.17"
192.42.116.181 - - [29/Mar/2025:20:23:06 -0400] "POST /wp-comments-post.php HTTP/1.1" 429 983 "https://grimslut.com/wp-comments-post.php" "Opera/9.80 (Windows NT 6.1; MRA 6.0 (build 6083)) Presto/2.12.388 Version/12.17"
192.42.116.197 - - [29/Mar/2025:20:23:07 -0400] "GET /wp-json HTTP/1.1" 200 188068 "https://grimslut.com/wp-json" "Opera/9.80 (Windows NT 6.1; MRA 6.0 (build 6083)) Presto/2.12.388 Version/12.17"
192.42.116.197 - - [29/Mar/2025:20:23:10 -0400] "GET /zuverlassige-umzugsunternehmen-in-luneburg HTTP/1.1" 301 0 "https://grimslut.com/zuverlassige-umzugsunternehmen-in-luneburg" "Opera/9.80 (Windows NT 6.1; MRA 6.0 (build 6083)) Presto/2.12.388 Version/12.17"
192.42.116.197 - - [29/Mar/2025:20:23:11 -0400] "GET /zuverlassige-umzugsunternehmen-in-luneburg/ HTTP/1.1" 200 15935 "https://grimslut.com/zuverlassige-umzugsunternehmen-in-luneburg" "Opera/9.80 (Windows NT 6.1; MRA 6.0 (build 6083)) Presto/2.12.388 Version/12.17"
192.42.116.197 - - [29/Mar/2025:20:23:12 -0400] "POST /wp-comments-post.php HTTP/1.1" 302 0 "https://grimslut.com/wp-comments-post.php" "Opera/9.80 (Windows NT 6.1; MRA 6.0 (build 6083)) Presto/2.12.388 Version/12.17"
192.42.116.197 - - [29/Mar/2025:20:23:13 -0400] "GET /zuverlassige-umzugsunternehmen-in-luneburg/ HTTP/1.1" 200 15935 "https://grimslut.com/wp-comments-post.php" "Opera/9.80 (Windows NT 6.1; MRA 6.0 (build 6083)) Presto/2.12.388 Version/12.17"
2a06:6440:0:2c0a::1 - - [29/Mar/2025:20:30:40 -0400] "GET /wp-login.php HTTP/1.1" 200 1951 "http://grimslut.com/wp-login.php" "GRequests/0.10"
2a06:6440:0:2c0a::1 - - [29/Mar/2025:20:30:41 -0400] "GET /wp-login.php HTTP/1.1" 200 1951 "http://grimslut.com/wp-login.php" "GRequests/0.10"
198.54.114.83 - - [29/Mar/2025:20:30:45 -0400] "POST /wp-cron.php?doing_wp_cron=1743294645.0113139152526855468750 HTTP/1.1" 200 0 "-" "WordPress/6.7.2; https://grimslut.com"
2a06:6440:0:2c0a::1 - - [29/Mar/2025:20:30:42 -0400] "GET /wp-admin/ HTTP/1.1" 302 0 "http://grimslut.com/wp-admin/" "GRequests/0.10"
2a06:6440:0:2c0a::1 - - [29/Mar/2025:20:30:45 -0400] "GET /wp-login.php?redirect_to=https%3A%2F%2Fgrimslut.com%2Fwp-admin%2F&reauth=1 HTTP/1.1" 200 1954 "https://grimslut.com/wp-admin/" "GRequests/0.10"
198.54.114.83 - - [29/Mar/2025:20:30:45 -0400] "POST /wp-admin/admin-ajax.php?action=async_litespeed&nonce=0BSStyM614DmvsE9G3u9xoiY7blFOcBc&litespeed_type=imgoptm HTTP/1.1" 200 5 "-" "WordPress/6.7.2; https://grimslut.com"
80.235.120.196 - - [29/Mar/2025:20:37:10 -0400] "GET /wp-login.php HTTP/1.1" 200 1951 "http://grimslut.com/wp-login.php" "GRequests/0.10"
80.235.120.196 - - [29/Mar/2025:20:37:11 -0400] "GET /wp-login.php HTTP/1.1" 200 1951 "http://grimslut.com/wp-login.php" "GRequests/0.10"
198.54.114.83 - - [29/Mar/2025:20:37:15 -0400] "POST /wp-cron.php?doing_wp_cron=1743295035.2161500453948974609375 HTTP/1.1" 200 0 "-" "WordPress/6.7.2; https://grimslut.com"
80.235.120.196 - - [29/Mar/2025:20:37:11 -0400] "GET /wp-admin/ HTTP/1.1" 302 0 "http://grimslut.com/wp-admin/" "GRequests/0.10"
80.235.120.196 - - [29/Mar/2025:20:37:16 -0400] "GET /wp-login.php?redirect_to=https%3A%2F%2Fgrimslut.com%2Fwp-admin%2F&reauth=1 HTTP/1.1" 200 1954 "https://grimslut.com/wp-admin/" "GRequests/0.10"
198.54.114.83 - - [29/Mar/2025:20:37:16 -0400] "POST /wp-admin/admin-ajax.php?action=async_litespeed&nonce=ik9y6xPycoRSb8vYjBqBIaKL1AWm4bWn&litespeed_type=imgoptm HTTP/1.1" 200 5 "-" "WordPress/6.7.2; https://grimslut.com"
3.147.74.223 - - [29/Mar/2025:21:00:49 -0400] "GET /robots.txt HTTP/1.1" 304 0 "-" "Mozilla/5.0 AppleWebKit/537.36 (KHTML, like Gecko; compatible; ClaudeBot/1.0; +claudebot@anthropic.com)"
3.147.74.223 - - [29/Mar/2025:21:00:49 -0400] "GET /the-instant-hot-and-cold-water-tap HTTP/1.1" 301 0 "-" "Mozilla/5.0 AppleWebKit/537.36 (KHTML, like Gecko; compatible; ClaudeBot/1.0; +claudebot@anthropic.com)"
3.147.74.223 - - [29/Mar/2025:21:00:49 -0400] "GET /the-instant-hot-and-cold-water-tap/ HTTP/1.1" 200 15424 "-" "Mozilla/5.0 AppleWebKit/537.36 (KHTML, like Gecko; compatible; ClaudeBot/1.0; +claudebot@anthropic.com)"
3.147.74.223 - - [29/Mar/2025:21:00:49 -0400] "GET /wp-includes/js/imagesloaded.min.js?ver=5.0.0 HTTP/1.1" 304 0 "https://grimslut.com/the-instant-hot-and-cold-water-tap/" "Mozilla/5.0 AppleWebKit/537.36 (KHTML, like Gecko; compatible; ClaudeBot/1.0; +claudebot@anthropic.com)"
3.147.74.223 - - [29/Mar/2025:21:00:49 -0400] "GET /wp-content/themes/bloghash/assets/js/vendors/swiper-bundle.min.js?ver=6.7.2 HTTP/1.1" 304 0 "https://grimslut.com/the-instant-hot-and-cold-water-tap/" "Mozilla/5.0 AppleWebKit/537.36 (KHTML, like Gecko; compatible; ClaudeBot/1.0; +claudebot@anthropic.com)"
3.147.74.223 - - [29/Mar/2025:21:00:49 -0400] "GET /wp-includes/js/jquery/jquery.min.js?ver=3.7.1 HTTP/1.1" 304 0 "https://grimslut.com/the-instant-hot-and-cold-water-tap/" "Mozilla/5.0 AppleWebKit/537.36 (KHTML, like Gecko; compatible; ClaudeBot/1.0; +claudebot@anthropic.com)"
3.147.74.223 - - [29/Mar/2025:21:00:49 -0400] "GET /wp-includes/js/jquery/jquery-migrate.min.js?ver=3.4.1 HTTP/1.1" 304 0 "https://grimslut.com/the-instant-hot-and-cold-water-tap/" "Mozilla/5.0 AppleWebKit/537.36 (KHTML, like Gecko; compatible; ClaudeBot/1.0; +claudebot@anthropic.com)"
3.147.74.223 - - [29/Mar/2025:21:00:50 -0400] "GET /wp-content/themes/bloghash/assets/js/bloghash.min.js?ver=1.0.20 HTTP/1.1" 304 0 "https://grimslut.com/the-instant-hot-and-cold-water-tap/" "Mozilla/5.0 AppleWebKit/537.36 (KHTML, like Gecko; compatible; ClaudeBot/1.0; +claudebot@anthropic.com)"
3.147.74.223 - - [29/Mar/2025:21:00:50 -0400] "GET /wp-includes/js/comment-reply.min.js?ver=6.7.2 HTTP/1.1" 304 0 "https://grimslut.com/the-instant-hot-and-cold-water-tap/" "Mozilla/5.0 AppleWebKit/537.36 (KHTML, like Gecko; compatible; ClaudeBot/1.0; +claudebot@anthropic.com)"
3.147.74.223 - - [29/Mar/2025:21:00:50 -0400] "GET /wp-includes/js/wp-emoji-release.min.js?ver=6.7.2 HTTP/1.1" 304 0 "https://grimslut.com/the-instant-hot-and-cold-water-tap/" "Mozilla/5.0 AppleWebKit/537.36 (KHTML, like Gecko; compatible; ClaudeBot/1.0; +claudebot@anthropic.com)"
18.220.171.141 - - [29/Mar/2025:21:08:19 -0400] "GET /northern-pharmas-commitment-to-innovation HTTP/1.1" 301 0 "-" "Mozilla/5.0 AppleWebKit/537.36 (KHTML, like Gecko; compatible; ClaudeBot/1.0; +claudebot@anthropic.com)"
18.220.171.141 - - [29/Mar/2025:21:08:19 -0400] "GET /northern-pharmas-commitment-to-innovation/ HTTP/1.1" 200 15855 "-" "Mozilla/5.0 AppleWebKit/537.36 (KHTML, like Gecko; compatible; ClaudeBot/1.0; +claudebot@anthropic.com)"
198.54.114.83 - - [29/Mar/2025:21:09:20 -0400] "POST /wp-cron.php?doing_wp_cron=1743296960.6249549388885498046875 HTTP/1.1" 200 0 "-" "WordPress/6.7.2; https://grimslut.com"
52.5.232.250 - - [29/Mar/2025:21:09:19 -0400] "GET /category/arts-entertainments/page/11/ HTTP/1.1" 200 14902 "-" "Mozilla/5.0 AppleWebKit/537.36 (KHTML, like Gecko; compatible; Amazonbot/0.1; +https://developer.amazon.com/support/amazonbot) Chrome/119.0.6045.214 Safari/537.36"
198.54.114.83 - - [29/Mar/2025:21:09:21 -0400] "POST /wp-admin/admin-ajax.php?action=async_litespeed&nonce=5gZIWfGwLKLDAL358IvwUVNefk5TRC06&litespeed_type=imgoptm HTTP/1.1" 200 5 "-" "WordPress/6.7.2; https://grimslut.com"
2001:41d0:701:1100::6234 - - [29/Mar/2025:21:12:41 -0400] "GET /wp-login.php HTTP/1.1" 200 1951 "-" "GRequests/0.10"
198.54.114.83 - - [29/Mar/2025:21:12:46 -0400] "POST /wp-cron.php?doing_wp_cron=1743297166.4422209262847900390625 HTTP/1.1" 200 0 "-" "WordPress/6.7.2; https://grimslut.com"
2001:41d0:701:1100::6234 - - [29/Mar/2025:21:12:44 -0400] "POST /wp-login.php HTTP/1.1" 200 2085 "-" "GRequests/0.10"
198.54.114.83 - - [29/Mar/2025:21:12:46 -0400] "POST /wp-admin/admin-ajax.php?action=async_litespeed&nonce=83k9Fywo6synQjOOAp20p3z12d7TaX3E&litespeed_type=imgoptm HTTP/1.1" 200 5 "-" "WordPress/6.7.2; https://grimslut.com"
43.173.1.69 - - [29/Mar/2025:21:13:06 -0400] "GET / HTTP/1.1" 200 20852 "http://grimslut.com" "Mozilla/5.0 (iPhone; CPU iPhone OS 13_2_3 like Mac OS X) AppleWebKit/605.1.15 (KHTML, like Gecko) Version/13.0.3 Mobile/15E148 Safari/604.1"
195.2.70.49 - - [29/Mar/2025:21:17:35 -0400] "GET /maximizing-your-earning-potential-strategies-for-success/ HTTP/1.1" 200 15551 "https://grimslut.com/maximizing-your-earning-potential-strategies-for-success/" "Mozilla/5.0 (Windows NT 10.0; Win64; x64) AppleWebKit/537.36 (KHTML, like Gecko) Chrome/131.0.0.0 Safari/537.36 Avast/131.0.0.0"
198.54.114.83 - - [29/Mar/2025:21:17:37 -0400] "POST /wp-cron.php?doing_wp_cron=1743297457.4100489616394042968750 HTTP/1.1" 200 0 "-" "WordPress/6.7.2; https://grimslut.com"
195.2.70.49 - - [29/Mar/2025:21:17:35 -0400] "POST /wp-comments-post.php HTTP/1.1" 302 0 "https://grimslut.com/maximizing-your-earning-potential-strategies-for-success/" "Mozilla/5.0 (Windows NT 10.0; Win64; x64) AppleWebKit/537.36 (KHTML, like Gecko) Chrome/131.0.0.0 Safari/537.36 Avast/131.0.0.0"
198.54.114.83 - - [29/Mar/2025:21:17:37 -0400] "POST /wp-admin/admin-ajax.php?action=async_litespeed&nonce=LHwkvVMnpmdJox700s2qv2pWrbG5kAxr&litespeed_type=imgoptm HTTP/1.1" 200 0 "-" "WordPress/6.7.2; https://grimslut.com"
195.2.70.49 - - [29/Mar/2025:21:17:38 -0400] "GET /maximizing-your-earning-potential-strategies-for-success/ HTTP/1.1" 200 16307 "https://grimslut.com/maximizing-your-earning-potential-strategies-for-success/#comment-6482" "Mozilla/5.0 (Windows NT 10.0; Win64; x64) AppleWebKit/537.36 (KHTML, like Gecko) Chrome/131.0.0.0 Safari/537.36 Avast/131.0.0.0"
111.225.149.205 - - [29/Mar/2025:21:57:43 -0400] "GET /robots.txt HTTP/1.1" 304 0 "-" "Mozilla/5.0 (Linux; Android 5.0) AppleWebKit/537.36 (KHTML, like Gecko) Mobile Safari/537.36 (compatible; Bytespider; https://zhanzhang.toutiao.com/)"
181.214.107.223 - - [29/Mar/2025:22:05:22 -0400] "GET / HTTP/1.1" 200 20852 "-" "Mozilla/5.0 (Windows NT 10.0; Win64; x64) AppleWebKit/537.36 (KHTML, like Gecko) Chrome/58.0.3029.110 Safari/537.3"
216.225.202.157 - - [29/Mar/2025:22:26:34 -0400] "GET /wp-login.php HTTP/1.1" 200 1951 "-" "GRequests/0.10"
198.54.114.83 - - [29/Mar/2025:22:26:36 -0400] "POST /wp-cron.php?doing_wp_cron=1743301595.9619441032409667968750 HTTP/1.1" 200 0 "-" "WordPress/6.7.2; https://grimslut.com"
216.225.202.157 - - [29/Mar/2025:22:26:34 -0400] "POST /wp-login.php HTTP/1.1" 200 2085 "-" "GRequests/0.10"
198.54.114.83 - - [29/Mar/2025:22:26:36 -0400] "POST /wp-admin/admin-ajax.php?action=async_litespeed&nonce=ZRKMOMXV1zTW3vvS8IviTdKLATQxhgkr&litespeed_type=imgoptm HTTP/1.1" 200 5 "-" "WordPress/6.7.2; https://grimslut.com"
195.191.219.131 - - [29/Mar/2025:22:31:33 -0400] "GET /robots.txt HTTP/1.1" 304 0 "-" "Mozilla/5.0 (compatible; MJ12bot/v2.0.0; http://mj12bot.com/)"
195.191.219.131 - - [29/Mar/2025:22:31:34 -0400] "GET / HTTP/1.1" 200 20852 "-" "Mozilla/5.0 (compatible; MJ12bot/v2.0.0; http://mj12bot.com/)"
77.238.251.212 - - [29/Mar/2025:22:56:41 -0400] "GET /exploring-the-multicanais-phenomenon/ HTTP/1.1" 200 15499 "https://grimslut.com/exploring-the-multicanais-phenomenon/" "Mozilla/5.0 (Windows NT 10.0; Win64; x64) AppleWebKit/537.36 (KHTML, like Gecko) Chrome/131.0.0.0 Safari/537.36"
198.54.114.83 - - [29/Mar/2025:22:56:47 -0400] "POST /wp-cron.php?doing_wp_cron=1743303407.0562260150909423828125 HTTP/1.1" 200 0 "-" "WordPress/6.7.2; https://grimslut.com"
198.54.114.83 - - [29/Mar/2025:22:56:48 -0400] "POST /wp-admin/admin-ajax.php?action=async_litespeed&nonce=d09JrB9GAzcU7nt6C7O2ZKXDLHmlAaPR&litespeed_type=imgoptm HTTP/1.1" 200 0 "-" "WordPress/6.7.2; https://grimslut.com"
77.238.251.212 - - [29/Mar/2025:22:56:42 -0400] "POST /wp-comments-post.php HTTP/1.1" 302 0 "https://grimslut.com/exploring-the-multicanais-phenomenon/" "Mozilla/5.0 (Windows NT 10.0; Win64; x64) AppleWebKit/537.36 (KHTML, like Gecko) Chrome/131.0.0.0 Safari/537.36"
77.238.251.212 - - [29/Mar/2025:22:56:49 -0400] "GET /exploring-the-multicanais-phenomenon/ HTTP/1.1" 200 16168 "https://grimslut.com/exploring-the-multicanais-phenomenon/#comment-6483" "Mozilla/5.0 (Windows NT 10.0; Win64; x64) AppleWebKit/537.36 (KHTML, like Gecko) Chrome/131.0.0.0 Safari/537.36"
198.54.114.83 - - [29/Mar/2025:23:22:00 -0400] "POST /wp-cron.php?doing_wp_cron=1743304920.0651719570159912109375 HTTP/1.1" 200 0 "-" "WordPress/6.7.2; https://grimslut.com"
2604:4500:6:26:e5eb:8d00:65c5:6ba6 - - [29/Mar/2025:23:21:56 -0400] "GET /?=&post_type=product HTTP/1.1" 200 20867 "-" "Mozilla/5.0 (Windows NT 10.0; Win64; x64) AppleWebKit/537.36 (KHTML, like Gecko) Chrome/80.0.3987.149 Safari/537.36"
198.54.114.83 - - [29/Mar/2025:23:22:01 -0400] "POST /wp-admin/admin-ajax.php?action=async_litespeed&nonce=fyv65xyG34PxSXLAxYeYZWLJCN4ecTYI&litespeed_type=imgoptm HTTP/1.1" 200 5 "-" "WordPress/6.7.2; https://grimslut.com"
45.61.188.237 - - [29/Mar/2025:23:22:32 -0400] "GET /wp-login.php HTTP/1.1" 200 1951 "-" "Mozilla/5.0 (Windows NT 6.1; WOW64; rv:30.0) Gecko/20100101 Firefox/30.0"
198.54.114.83 - - [29/Mar/2025:23:22:33 -0400] "POST /wp-cron.php?doing_wp_cron=1743304952.7221329212188720703125 HTTP/1.1" 200 0 "-" "WordPress/6.7.2; https://grimslut.com"
45.61.188.237 - - [29/Mar/2025:23:22:32 -0400] "POST /wp-login.php HTTP/1.1" 200 2085 "-" "Mozilla/5.0 (Windows NT 6.1; WOW64; rv:30.0) Gecko/20100101 Firefox/30.0"
198.54.114.83 - - [29/Mar/2025:23:22:33 -0400] "POST /wp-admin/admin-ajax.php?action=async_litespeed&nonce=OPYo9FQJ25aXeW0nsBpukHNRaGJn5ZnZ&litespeed_type=imgoptm HTTP/1.1" 200 5 "-" "WordPress/6.7.2; https://grimslut.com"
2001:41d0:203:83e2:: - - [29/Mar/2025:23:27:00 -0400] "GET /wp-login.php HTTP/1.1" 200 1951 "http://grimslut.com/wp-login.php" "GRequests/0.10"
2001:41d0:203:83e2:: - - [29/Mar/2025:23:27:01 -0400] "GET /wp-login.php HTTP/1.1" 200 1951 "http://grimslut.com/wp-login.php" "GRequests/0.10"
198.54.114.83 - - [29/Mar/2025:23:27:03 -0400] "POST /wp-cron.php?doing_wp_cron=1743305223.5757091045379638671875 HTTP/1.1" 200 0 "-" "WordPress/6.7.2; https://grimslut.com"
2001:41d0:203:83e2:: - - [29/Mar/2025:23:27:01 -0400] "GET /wp-admin/ HTTP/1.1" 302 0 "http://grimslut.com/wp-admin/" "GRequests/0.10"
198.54.114.83 - - [29/Mar/2025:23:27:04 -0400] "POST /wp-admin/admin-ajax.php?action=async_litespeed&nonce=x2Jt51pbV55S07RXl4AXKI922g4lVfZm&litespeed_type=imgoptm HTTP/1.1" 200 5 "-" "WordPress/6.7.2; https://grimslut.com"
2001:41d0:203:83e2:: - - [29/Mar/2025:23:27:04 -0400] "GET /wp-login.php?redirect_to=https%3A%2F%2Fgrimslut.com%2Fwp-admin%2F&reauth=1 HTTP/1.1" 200 1954 "https://grimslut.com/wp-admin/" "GRequests/0.10"
47.251.13.69 - - [29/Mar/2025:23:28:20 -0400] "GET /wp-login.php HTTP/1.1" 200 1951 "http://grimslut.com/wp-login.php" "GRequests/0.10"
47.251.13.69 - - [29/Mar/2025:23:28:20 -0400] "GET /wp-login.php HTTP/1.1" 200 1951 "http://grimslut.com/wp-login.php" "GRequests/0.10"
198.54.114.83 - - [29/Mar/2025:23:28:21 -0400] "POST /wp-cron.php?doing_wp_cron=1743305300.9397759437561035156250 HTTP/1.1" 200 0 "-" "WordPress/6.7.2; https://grimslut.com"
47.251.13.69 - - [29/Mar/2025:23:28:20 -0400] "GET /wp-admin/ HTTP/1.1" 302 0 "http://grimslut.com/wp-admin/" "GRequests/0.10"
47.251.13.69 - - [29/Mar/2025:23:28:21 -0400] "GET /wp-login.php?redirect_to=https%3A%2F%2Fgrimslut.com%2Fwp-admin%2F&reauth=1 HTTP/1.1" 200 1954 "https://grimslut.com/wp-admin/" "GRequests/0.10"
198.54.114.83 - - [29/Mar/2025:23:28:21 -0400] "POST /wp-admin/admin-ajax.php?action=async_litespeed&nonce=jz5uO2qoWytOGfnsUEon6yaPbiZqCtHQ&litespeed_type=imgoptm HTTP/1.1" 200 5 "-" "WordPress/6.7.2; https://grimslut.com"
45.61.185.91 - - [29/Mar/2025:23:31:51 -0400] "GET /wp-login.php HTTP/1.1" 200 1951 "-" "Mozilla/5.0 (Macintosh; Intel Mac OS X 10_9_0) AppleWebKit/537.36 (KHTML, like Gecko) Chrome/36.0.1985.125 Safari/537.36"
198.54.114.83 - - [29/Mar/2025:23:32:24 -0400] "POST /wp-cron.php?doing_wp_cron=1743305544.3010120391845703125000 HTTP/1.1" 200 0 "-" "WordPress/6.7.2; https://grimslut.com"
45.61.185.91 - - [29/Mar/2025:23:32:22 -0400] "POST /wp-login.php HTTP/1.1" 200 2085 "-" "Mozilla/5.0 (Macintosh; Intel Mac OS X 10_9_0) AppleWebKit/537.36 (KHTML, like Gecko) Chrome/36.0.1985.125 Safari/537.36"
198.54.114.83 - - [29/Mar/2025:23:32:24 -0400] "POST /wp-admin/admin-ajax.php?action=async_litespeed&nonce=KXnzkdIZd7U6UoJsOiNjbdIA2DihlsVd&litespeed_type=imgoptm HTTP/1.1" 200 5 "-" "WordPress/6.7.2; https://grimslut.com"
209.141.35.103 - - [29/Mar/2025:23:35:54 -0400] "GET / HTTP/1.1" 200 20852 "https://www.google.com" "Mozilla/5.0 (X11; Linux x86_64) AppleWebKit/537.36 (KHTML, like Gecko) Chrome/59.0.3071.115 Safari/537.36"
209.141.35.103 - - [29/Mar/2025:23:35:56 -0400] "GET /wp-login.php HTTP/1.1" 200 1951 "https://www.google.com" "Mozilla/5.0 (X11; Linux x86_64) AppleWebKit/537.36 (KHTML, like Gecko) Chrome/59.0.3071.115 Safari/537.36"
2001:4ca0:108:42::24 - - [29/Mar/2025:23:40:25 -0400] "GET /robots.txt HTTP/1.1" 304 0 "-" "Mozilla/5.0 (Windows NT 10.0; Win64; x64) AppleWebKit/537.36 (KHTML, like Gecko) Chrome/103.0.5060.134 Safari/537.36"
3.16.76.36 - - [29/Mar/2025:23:40:40 -0400] "GET /robots.txt HTTP/1.1" 304 0 "-" "Mozilla/5.0 AppleWebKit/537.36 (KHTML, like Gecko; compatible; ClaudeBot/1.0; +claudebot@anthropic.com)"
3.16.76.36 - - [29/Mar/2025:23:40:41 -0400] "GET /business-trips-massage HTTP/1.1" 301 0 "-" "Mozilla/5.0 AppleWebKit/537.36 (KHTML, like Gecko; compatible; ClaudeBot/1.0; +claudebot@anthropic.com)"
3.16.76.36 - - [29/Mar/2025:23:40:41 -0400] "GET /business-trips-massage/ HTTP/1.1" 200 14808 "-" "Mozilla/5.0 AppleWebKit/537.36 (KHTML, like Gecko; compatible; ClaudeBot/1.0; +claudebot@anthropic.com)"
3.16.76.36 - - [29/Mar/2025:23:40:41 -0400] "GET /wp-includes/js/imagesloaded.min.js?ver=5.0.0 HTTP/1.1" 304 0 "https://grimslut.com/business-trips-massage/" "Mozilla/5.0 AppleWebKit/537.36 (KHTML, like Gecko; compatible; ClaudeBot/1.0; +claudebot@anthropic.com)"
3.16.76.36 - - [29/Mar/2025:23:40:41 -0400] "GET /wp-includes/js/jquery/jquery-migrate.min.js?ver=3.4.1 HTTP/1.1" 304 0 "https://grimslut.com/business-trips-massage/" "Mozilla/5.0 AppleWebKit/537.36 (KHTML, like Gecko; compatible; ClaudeBot/1.0; +claudebot@anthropic.com)"
3.16.76.36 - - [29/Mar/2025:23:40:41 -0400] "GET /wp-includes/js/jquery/jquery.min.js?ver=3.7.1 HTTP/1.1" 304 0 "https://grimslut.com/business-trips-massage/" "Mozilla/5.0 AppleWebKit/537.36 (KHTML, like Gecko; compatible; ClaudeBot/1.0; +claudebot@anthropic.com)"
3.16.76.36 - - [29/Mar/2025:23:40:41 -0400] "GET /wp-includes/js/comment-reply.min.js?ver=6.7.2 HTTP/1.1" 304 0 "https://grimslut.com/business-trips-massage/" "Mozilla/5.0 AppleWebKit/537.36 (KHTML, like Gecko; compatible; ClaudeBot/1.0; +claudebot@anthropic.com)"
3.16.76.36 - - [29/Mar/2025:23:40:41 -0400] "GET /wp-content/themes/bloghash/assets/js/bloghash.min.js?ver=1.0.20 HTTP/1.1" 304 0 "https://grimslut.com/business-trips-massage/" "Mozilla/5.0 AppleWebKit/537.36 (KHTML, like Gecko; compatible; ClaudeBot/1.0; +claudebot@anthropic.com)"
3.16.76.36 - - [29/Mar/2025:23:41:01 -0400] "GET /wp-includes/js/wp-emoji-release.min.js?ver=6.7.2 HTTP/1.1" 304 0 "https://grimslut.com/business-trips-massage/" "Mozilla/5.0 AppleWebKit/537.36 (KHTML, like Gecko; compatible; ClaudeBot/1.0; +claudebot@anthropic.com)"
185.189.114.122 - - [29/Mar/2025:23:42:55 -0400] "GET / HTTP/1.1" 200 20852 "https://grimslut.com/" "Mozilla/5.0 (Windows NT 10.0; Win64; x64) AppleWebKit/537.36 (KHTML, like Gecko) Chrome/131.0.0.0 Safari/537.36"
197.243.16.120 - - [29/Mar/2025:23:43:49 -0400] "GET /wp-login.php HTTP/1.1" 200 1951 "-" "GRequests/0.10"
198.54.114.83 - - [29/Mar/2025:23:43:51 -0400] "POST /wp-cron.php?doing_wp_cron=1743306231.6257090568542480468750 HTTP/1.1" 200 0 "-" "WordPress/6.7.2; https://grimslut.com"
197.243.16.120 - - [29/Mar/2025:23:43:49 -0400] "POST /wp-login.php HTTP/1.1" 200 2086 "-" "GRequests/0.10"
198.54.114.83 - - [29/Mar/2025:23:43:52 -0400] "POST /wp-admin/admin-ajax.php?action=async_litespeed&nonce=I5rOnQ2fYIXdnlng8fPG5SR12sx1ta98&litespeed_type=imgoptm HTTP/1.1" 200 5 "-" "WordPress/6.7.2; https://grimslut.com"
160.187.22.25 - - [29/Mar/2025:23:55:32 -0400] "GET /wp-login.php HTTP/1.1" 200 1951 "-" "GRequests/0.10"
198.54.114.83 - - [29/Mar/2025:23:55:35 -0400] "POST /wp-cron.php?doing_wp_cron=1743306935.1061179637908935546875 HTTP/1.1" 200 0 "-" "WordPress/6.7.2; https://grimslut.com"
160.187.22.25 - - [29/Mar/2025:23:55:32 -0400] "POST /wp-login.php HTTP/1.1" 200 2085 "-" "GRequests/0.10"
198.54.114.83 - - [29/Mar/2025:23:55:35 -0400] "POST /wp-admin/admin-ajax.php?action=async_litespeed&nonce=3RiPFgyQeJQi1KChgjqMz7R0mNGph5bF&litespeed_type=imgoptm HTTP/1.1" 200 5 "-" "WordPress/6.7.2; https://grimslut.com"
2a02:598:128:8a00::b00:9 - - [30/Mar/2025:00:05:16 -0400] "GET /communication-in-real-estate-with-answering-services/ HTTP/1.1" 200 16022 "-" "Mozilla/5.0 (compatible; SeznamBot/4.0; +https://o-seznam.cz/napoveda/vyhledavani/en/seznambot-crawler/)"
198.54.114.83 - - [30/Mar/2025:00:13:17 -0400] "POST /wp-cron.php?doing_wp_cron=1743307997.3273329734802246093750 HTTP/1.1" 200 0 "-" "WordPress/6.7.2; https://grimslut.com"
101.55.81.36 - - [30/Mar/2025:00:13:14 -0400] "GET /.vscode/sftp.json HTTP/1.1" 404 10270 "http://grimslut.com/.vscode/sftp.json" "Mozilla/5.0 (Windows NT 10.0; Win64; x64) AppleWebKit/537.36 (KHTML, like Gecko) Chrome/87.0.4280.141 Safari/537.36"
198.54.114.83 - - [30/Mar/2025:00:13:17 -0400] "POST /wp-admin/admin-ajax.php?action=async_litespeed&nonce=VqlS3j67smWYuM0dJbQf4K8pHjoimifN&litespeed_type=imgoptm HTTP/1.1" 200 5 "-" "WordPress/6.7.2; https://grimslut.com"
198.54.114.83 - - [30/Mar/2025:00:16:39 -0400] "POST /wp-cron.php?doing_wp_cron=1743308199.6446979045867919921875 HTTP/1.1" 200 0 "-" "WordPress/6.7.2; https://grimslut.com"
101.55.81.36 - - [30/Mar/2025:00:16:37 -0400] "GET /Telerik.Web.UI.WebResource.axd%3Ftype=rau HTTP/1.1" 404 10270 "-" "Mozilla/5.0 (Windows NT 10.0; Win64; x64) AppleWebKit/537.36 (KHTML, like Gecko) Chrome/87.0.4280.141 Safari/537.36"
198.54.114.83 - - [30/Mar/2025:00:16:40 -0400] "POST /wp-admin/admin-ajax.php?action=async_litespeed&nonce=eI3ApfS8YMWJ31MtPD4Y1BH6DjyqP630&litespeed_type=imgoptm HTTP/1.1" 200 5 "-" "WordPress/6.7.2; https://grimslut.com"
198.54.114.83 - - [30/Mar/2025:00:18:50 -0400] "POST /wp-cron.php?doing_wp_cron=1743308330.4645450115203857421875 HTTP/1.1" 200 0 "-" "WordPress/6.7.2; https://grimslut.com"
101.55.81.36 - - [30/Mar/2025:00:18:49 -0400] "GET /deployment-config.json HTTP/1.1" 404 10270 "-" "Mozilla/5.0 (Windows NT 10.0; Win64; x64) AppleWebKit/537.36 (KHTML, like Gecko) Chrome/87.0.4280.141 Safari/537.36"
198.54.114.83 - - [30/Mar/2025:00:18:50 -0400] "POST /wp-admin/admin-ajax.php?action=async_litespeed&nonce=ONe64B3JdxlCQdLxquXRDFWsJpeDtD9j&litespeed_type=imgoptm HTTP/1.1" 200 5 "-" "WordPress/6.7.2; https://grimslut.com"
114.119.132.89 - - [30/Mar/2025:00:19:11 -0400] "GET /category/automotive/ HTTP/1.1" 200 12189 "https://grimslut.com/communication-in-real-estate-with-answering-services/" "Mozilla/5.0 (Linux; Android 7.0;) AppleWebKit/537.36 (KHTML, like Gecko) Mobile Safari/537.36 (compatible; PetalBot;+https://webmaster.petalsearch.com/site/petalbot)"
198.54.114.83 - - [30/Mar/2025:00:22:40 -0400] "POST /wp-cron.php?doing_wp_cron=1743308560.2753810882568359375000 HTTP/1.1" 200 0 "-" "WordPress/6.7.2; https://grimslut.com"
101.55.81.36 - - [30/Mar/2025:00:22:38 -0400] "GET /wp-content/plugins/wp-automatic/inc/csv.php HTTP/1.1" 404 10270 "-" "Mozilla/5.0 (Windows NT 10.0; Win64; x64) AppleWebKit/537.36 (KHTML, like Gecko) Chrome/87.0.4280.141 Safari/537.36"
198.54.114.83 - - [30/Mar/2025:00:22:40 -0400] "POST /wp-admin/admin-ajax.php?action=async_litespeed&nonce=wbQgNxrI6zYHuitWNPqQAbv8QagE7jdI&litespeed_type=imgoptm HTTP/1.1" 200 5 "-" "WordPress/6.7.2; https://grimslut.com"
101.55.81.36 - - [30/Mar/2025:00:23:43 -0400] "GET /sftp-config.json HTTP/1.1" 403 1242 "-" "Mozilla/5.0 (Windows NT 10.0; Win64; x64) AppleWebKit/537.36 (KHTML, like Gecko) Chrome/87.0.4280.141 Safari/537.36"
94.103.88.177 - - [30/Mar/2025:00:29:24 -0400] "GET /exploring-the-multicanais-phenomenon/ HTTP/1.1" 200 15499 "https://grimslut.com/exploring-the-multicanais-phenomenon/" "Mozilla/5.0 (Windows NT 10.0; Win64; x64) AppleWebKit/537.36 (KHTML, like Gecko) Chrome/130.0.0.0 Safari/537.36"
198.54.114.83 - - [30/Mar/2025:00:29:27 -0400] "POST /wp-cron.php?doing_wp_cron=1743308966.9098079204559326171875 HTTP/1.1" 200 0 "-" "WordPress/6.7.2; https://grimslut.com"
198.54.114.83 - - [30/Mar/2025:00:29:27 -0400] "POST /wp-admin/admin-ajax.php?action=async_litespeed&nonce=SXYuP5RH2bre5nrfXWW0ihciW0ejcAUC&litespeed_type=imgoptm HTTP/1.1" 200 5 "-" "WordPress/6.7.2; https://grimslut.com"
94.103.88.177 - - [30/Mar/2025:00:29:24 -0400] "POST /wp-comments-post.php HTTP/1.1" 302 0 "https://grimslut.com/exploring-the-multicanais-phenomenon/" "Mozilla/5.0 (Windows NT 10.0; Win64; x64) AppleWebKit/537.36 (KHTML, like Gecko) Chrome/130.0.0.0 Safari/537.36"
94.103.88.177 - - [30/Mar/2025:00:29:28 -0400] "GET /exploring-the-multicanais-phenomenon/ HTTP/1.1" 200 16252 "https://grimslut.com/exploring-the-multicanais-phenomenon/#comment-6484" "Mozilla/5.0 (Windows NT 10.0; Win64; x64) AppleWebKit/537.36 (KHTML, like Gecko) Chrome/130.0.0.0 Safari/537.36"
18.118.218.112 - - [30/Mar/2025:00:46:30 -0400] "GET /perfekte-gitarrenstunden-in-dusseldorf-fur-alle-niveaus HTTP/1.1" 301 0 "-" "Mozilla/5.0 AppleWebKit/537.36 (KHTML, like Gecko; compatible; ClaudeBot/1.0; +claudebot@anthropic.com)"
18.118.218.112 - - [30/Mar/2025:00:46:31 -0400] "GET /perfekte-gitarrenstunden-in-dusseldorf-fur-alle-niveaus/ HTTP/1.1" 200 15703 "-" "Mozilla/5.0 AppleWebKit/537.36 (KHTML, like Gecko; compatible; ClaudeBot/1.0; +claudebot@anthropic.com)"
18.118.218.112 - - [30/Mar/2025:00:46:31 -0400] "GET /wp-content/themes/bloghash/assets/js/vendors/swiper-bundle.min.js?ver=6.7.2 HTTP/1.1" 200 39606 "https://grimslut.com/perfekte-gitarrenstunden-in-dusseldorf-fur-alle-niveaus/" "Mozilla/5.0 AppleWebKit/537.36 (KHTML, like Gecko; compatible; ClaudeBot/1.0; +claudebot@anthropic.com)"
198.54.114.83 - - [30/Mar/2025:00:47:49 -0400] "POST /wp-cron.php?doing_wp_cron=1743310068.9687550067901611328125 HTTP/1.1" 200 0 "-" "WordPress/6.7.2; https://grimslut.com"
198.54.114.83 - - [30/Mar/2025:00:47:49 -0400] "POST /wp-admin/admin-ajax.php?action=async_litespeed&nonce=Ev5ZUwNeg80RYOj1p2CVVbbmrKdxR0py&litespeed_type=imgoptm HTTP/1.1" 200 5 "-" "WordPress/6.7.2; https://grimslut.com"
52.0.218.219 - - [30/Mar/2025:00:47:46 -0400] "GET /author/admin/page/12/ HTTP/1.1" 200 15284 "-" "Mozilla/5.0 AppleWebKit/537.36 (KHTML, like Gecko; compatible; Amazonbot/0.1; +https://developer.amazon.com/support/amazonbot) Chrome/119.0.6045.214 Safari/537.36"
205.185.126.40 - - [30/Mar/2025:00:52:23 -0400] "GET / HTTP/1.1" 200 20852 "https://grimslut.com/login" "Mozilla/5.0 (X11; Linux x86_64) AppleWebKit/537.36 (KHTML, like Gecko) Chrome/59.0.3071.115 Safari/537.36"
205.185.126.40 - - [30/Mar/2025:00:52:25 -0400] "GET /wp-login.php HTTP/1.1" 200 1951 "https://grimslut.com/login" "Mozilla/5.0 (X11; Linux x86_64) AppleWebKit/537.36 (KHTML, like Gecko) Chrome/59.0.3071.115 Safari/537.36"
141.98.10.188 - - [30/Mar/2025:00:55:20 -0400] "GET /.env HTTP/1.1" 403 1242 "-" "Mozilla/5.0 (Macintosh; Intel Mac OS X 10.15; rv:77.0) Gecko/20100101 Firefox/77.0"
2a02:598:128:8a00::b00:3 - - [30/Mar/2025:00:56:22 -0400] "GET /charming-properties-in-southern-spain-await-your-move/ HTTP/1.1" 200 16036 "-" "Mozilla/5.0 (compatible; SeznamBot/4.0; +https://o-seznam.cz/napoveda/vyhledavani/en/seznambot-crawler/)"
162.55.94.175 - - [30/Mar/2025:00:58:50 -0400] "GET /die-kunst-des-gitarrenspielens-finden-sie-den-perfekten-gitarrenlehrer-in-essen/ HTTP/1.1" 200 15439 "-" "Mozilla/5.0 (Macintosh; Intel Mac OS X 10.15; rv:102.0) Gecko/20100101 Firefox/102.0"
195.2.75.64 - - [30/Mar/2025:01:08:17 -0400] "GET /exploring-the-multicanais-phenomenon/ HTTP/1.1" 200 15499 "https://grimslut.com/exploring-the-multicanais-phenomenon/" "Mozilla/5.0 (Windows NT 10.0; Win64; x64) AppleWebKit/537.36 (KHTML, like Gecko) Chrome/131.0.0.0 Safari/537.36 Avast/131.0.0.0"
198.54.114.83 - - [30/Mar/2025:01:08:21 -0400] "POST /wp-cron.php?doing_wp_cron=1743311300.5595450401306152343750 HTTP/1.1" 200 0 "-" "WordPress/6.7.2; https://grimslut.com"
198.54.114.83 - - [30/Mar/2025:01:08:21 -0400] "POST /wp-admin/admin-ajax.php?action=async_litespeed&nonce=VAU0LOPMljFaT73RYiI1cTxmCsmNN46X&litespeed_type=imgoptm HTTP/1.1" 200 0 "-" "WordPress/6.7.2; https://grimslut.com"
195.2.75.64 - - [30/Mar/2025:01:08:18 -0400] "POST /wp-comments-post.php HTTP/1.1" 302 0 "https://grimslut.com/exploring-the-multicanais-phenomenon/" "Mozilla/5.0 (Windows NT 10.0; Win64; x64) AppleWebKit/537.36 (KHTML, like Gecko) Chrome/131.0.0.0 Safari/537.36 Avast/131.0.0.0"
195.2.75.64 - - [30/Mar/2025:01:08:23 -0400] "GET /exploring-the-multicanais-phenomenon/ HTTP/1.1" 200 16149 "https://grimslut.com/exploring-the-multicanais-phenomenon/#comment-6485" "Mozilla/5.0 (Windows NT 10.0; Win64; x64) AppleWebKit/537.36 (KHTML, like Gecko) Chrome/131.0.0.0 Safari/537.36 Avast/131.0.0.0"
165.227.84.75 - - [30/Mar/2025:01:12:44 -0400] "GET /wp-login.php HTTP/1.1" 200 1951 "-" "GRequests/0.10"
198.54.114.83 - - [30/Mar/2025:01:12:47 -0400] "POST /wp-cron.php?doing_wp_cron=1743311567.3995440006256103515625 HTTP/1.1" 200 0 "-" "WordPress/6.7.2; https://grimslut.com"
165.227.84.75 - - [30/Mar/2025:01:12:44 -0400] "POST /wp-login.php HTTP/1.1" 200 2086 "-" "GRequests/0.10"
198.54.114.83 - - [30/Mar/2025:01:12:48 -0400] "POST /wp-admin/admin-ajax.php?action=async_litespeed&nonce=wHfW7DIXBjTi8HhY7dP2NmQa9trpAXyA&litespeed_type=imgoptm HTTP/1.1" 200 5 "-" "WordPress/6.7.2; https://grimslut.com"
185.121.234.211 - - [30/Mar/2025:01:39:57 -0400] "GET /exploring-the-multicanais-phenomenon/ HTTP/1.1" 200 15499 "https://grimslut.com/exploring-the-multicanais-phenomenon/" "Mozilla/5.0 (Windows NT 6.1; Win64; x64) AppleWebKit/537.36 (KHTML, like Gecko) Chrome/103.0.0.0 Safari/537.36"
198.54.114.83 - - [30/Mar/2025:01:40:00 -0400] "POST /wp-cron.php?doing_wp_cron=1743313200.4933149814605712890625 HTTP/1.1" 200 0 "-" "WordPress/6.7.2; https://grimslut.com"
185.121.234.211 - - [30/Mar/2025:01:39:58 -0400] "POST /wp-comments-post.php HTTP/1.1" 302 0 "https://grimslut.com/exploring-the-multicanais-phenomenon/" "Mozilla/5.0 (Windows NT 6.1; Win64; x64) AppleWebKit/537.36 (KHTML, like Gecko) Chrome/103.0.0.0 Safari/537.36"
198.54.114.83 - - [30/Mar/2025:01:40:01 -0400] "POST /wp-admin/admin-ajax.php?action=async_litespeed&nonce=3uZ4Ie1kR1KBdmMcBssdiD3anUBnmBYc&litespeed_type=imgoptm HTTP/1.1" 200 5 "-" "WordPress/6.7.2; https://grimslut.com"
185.121.234.211 - - [30/Mar/2025:01:40:02 -0400] "GET /exploring-the-multicanais-phenomenon/ HTTP/1.1" 200 16037 "https://grimslut.com/exploring-the-multicanais-phenomenon/#comment-6486" "Mozilla/5.0 (Windows NT 6.1; Win64; x64) AppleWebKit/537.36 (KHTML, like Gecko) Chrome/103.0.0.0 Safari/537.36"
205.210.31.19 - - [30/Mar/2025:01:51:46 -0400] "GET / HTTP/1.1" 200 20852 "-" "-"
2001:41d0:203:83e2:: - - [30/Mar/2025:01:53:40 -0400] "GET /wp-login.php HTTP/1.1" 200 1951 "-" "GRequests/0.10"
198.54.114.83 - - [30/Mar/2025:01:53:43 -0400] "POST /wp-cron.php?doing_wp_cron=1743314023.1910169124603271484375 HTTP/1.1" 200 0 "-" "WordPress/6.7.2; https://grimslut.com"
2001:41d0:203:83e2:: - - [30/Mar/2025:01:53:40 -0400] "POST /wp-login.php HTTP/1.1" 200 2086 "-" "GRequests/0.10"
198.54.114.83 - - [30/Mar/2025:01:53:43 -0400] "POST /wp-admin/admin-ajax.php?action=async_litespeed&nonce=bOm7Wj7AbFU4DueXNx9tLNuCeiqlmJkE&litespeed_type=imgoptm HTTP/1.1" 200 5 "-" "WordPress/6.7.2; https://grimslut.com"
198.54.114.83 - - [30/Mar/2025:01:56:21 -0400] "POST /wp-cron.php?doing_wp_cron=1743314181.3841290473937988281250 HTTP/1.1" 200 0 "-" "WordPress/6.7.2; https://grimslut.com"
110.40.78.19 - - [30/Mar/2025:01:56:18 -0400] "GET /README.md HTTP/1.1" 404 10270 "http://grimslut.com/README.md" "Mozilla/5.0 (Windows NT 10.0; Win64; x64) AppleWebKit/537.36 (KHTML, like Gecko) Chrome/83.0.4103.61 Safari/537.36"
198.54.114.83 - - [30/Mar/2025:01:56:21 -0400] "POST /wp-admin/admin-ajax.php?action=async_litespeed&nonce=gzEnavqfab4si9H6jiF0jHmwkyNiRQVv&litespeed_type=imgoptm HTTP/1.1" 200 5 "-" "WordPress/6.7.2; https://grimslut.com"
