143.198.82.238 - - [03/Apr/2025:03:21:17 -0400] "GET //wp-includes/ID3/license.txt HTTP/1.1" 200 414 "-" "Mozilla/5.0 (Windows NT 10.0; Win64; x64) AppleWebKit/537.36 (KHTML, like Gecko) Chrome/95.0.4638.69 Safari/537.36"
198.54.114.83 - - [03/Apr/2025:03:21:23 -0400] "POST /wp-cron.php?doing_wp_cron=1743664882.3294689655303955078125 HTTP/1.1" 200 0 "-" "WordPress/6.7.2; https://grimslut.com"
143.198.82.238 - - [03/Apr/2025:03:21:18 -0400] "GET //feed/ HTTP/1.1" 301 0 "-" "Mozilla/5.0 (Windows NT 10.0; Win64; x64) AppleWebKit/537.36 (KHTML, like Gecko) Chrome/95.0.4638.69 Safari/537.36"
143.198.82.238 - - [03/Apr/2025:03:21:24 -0400] "GET //xmlrpc.php?rsd HTTP/1.1" 200 292 "-" "Mozilla/5.0 (Windows NT 10.0; Win64; x64) AppleWebKit/537.36 (KHTML, like Gecko) Chrome/95.0.4638.69 Safari/537.36"
143.198.82.238 - - [03/Apr/2025:03:21:28 -0400] "GET //?author=1 HTTP/1.1" 301 0 "-" "Mozilla/5.0 (Windows NT 10.0; Win64; x64) AppleWebKit/537.36 (KHTML, like Gecko) Chrome/95.0.4638.69 Safari/537.36"
143.198.82.238 - - [03/Apr/2025:03:21:30 -0400] "GET //?author=2 HTTP/1.1" 301 0 "-" "Mozilla/5.0 (Windows NT 10.0; Win64; x64) AppleWebKit/537.36 (KHTML, like Gecko) Chrome/95.0.4638.69 Safari/537.36"
143.198.82.238 - - [03/Apr/2025:03:21:35 -0400] "GET //?author=3 HTTP/1.1" 301 0 "-" "Mozilla/5.0 (Windows NT 10.0; Win64; x64) AppleWebKit/537.36 (KHTML, like Gecko) Chrome/95.0.4638.69 Safari/537.36"
143.198.82.238 - - [03/Apr/2025:03:21:36 -0400] "GET //wp-json/wp/v2/users/ HTTP/1.1" 200 1236 "-" "Mozilla/5.0 (Windows NT 10.0; Win64; x64) AppleWebKit/537.36 (KHTML, like Gecko) Chrome/95.0.4638.69 Safari/537.36"
143.198.82.238 - - [03/Apr/2025:03:21:42 -0400] "POST //xmlrpc.php HTTP/1.1" 200 0 "-" "Mozilla/5.0 (Windows NT 10.0; Win64; x64) AppleWebKit/537.36 (KHTML, like Gecko) Chrome/95.0.4638.69 Safari/537.36"
43.167.232.38 - - [03/Apr/2025:03:23:17 -0400] "GET /feed/ HTTP/1.1" 200 11357 "-" "Mozilla/5.0 (iPhone; CPU iPhone OS 13_2_3 like Mac OS X) AppleWebKit/605.1.15 (KHTML, like Gecko) Version/13.0.3 Mobile/15E148 Safari/604.1"
143.198.82.238 - - [03/Apr/2025:03:23:13 -0400] "POST //xmlrpc.php HTTP/1.1" 200 0 "-" "Mozilla/5.0 (Windows NT 10.0; Win64; x64) AppleWebKit/537.36 (KHTML, like Gecko) Chrome/95.0.4638.69 Safari/537.36"
198.54.114.83 - - [03/Apr/2025:03:30:38 -0400] "POST /wp-cron.php?doing_wp_cron=1743665437.0679779052734375000000 HTTP/1.1" 200 0 "-" "WordPress/6.7.2; https://grimslut.com"
66.249.64.37 - - [03/Apr/2025:03:30:32 -0400] "GET /a-timeless-wardrobe-staple/ HTTP/1.1" 200 15341 "-" "Mozilla/5.0 (Linux; Android 6.0.1; Nexus 5X Build/MMB29P) AppleWebKit/537.36 (KHTML, like Gecko) Chrome/134.0.6998.165 Mobile Safari/537.36 (compatible; GoogleOther)"
198.54.114.83 - - [03/Apr/2025:03:41:02 -0400] "GET / HTTP/1.1" 200 20870 "-" "Mozilla/5.0 (Windows NT 10.0; Win64; x64; rv:122.0) Gecko/20100101 Firefox/122.0"
66.249.64.40 - - [03/Apr/2025:03:41:55 -0400] "GET /comments/feed/ HTTP/1.1" 200 364 "-" "Mozilla/5.0 (Linux; Android 6.0.1; Nexus 5X Build/MMB29P) AppleWebKit/537.36 (KHTML, like Gecko) Chrome/134.0.6998.165 Mobile Safari/537.36 (compatible; Googlebot/2.1; +http://www.google.com/bot.html)"
45.61.184.34 - - [03/Apr/2025:03:51:12 -0400] "GET /wp-login.php HTTP/1.1" 200 1953 "-" "Mozilla/5.0 (X11; Linux x86_64) AppleWebKit/537.36 (KHTML, like Gecko) Chrome/36.0.1985.125 Safari/537.36"
198.54.114.83 - - [03/Apr/2025:03:51:17 -0400] "POST /wp-cron.php?doing_wp_cron=1743666677.0439860820770263671875 HTTP/1.1" 200 0 "-" "WordPress/6.7.2; https://grimslut.com"
45.61.184.34 - - [03/Apr/2025:03:51:12 -0400] "POST /wp-login.php HTTP/1.1" 200 2086 "-" "Mozilla/5.0 (X11; Linux x86_64) AppleWebKit/537.36 (KHTML, like Gecko) Chrome/36.0.1985.125 Safari/537.36"
198.54.114.83 - - [03/Apr/2025:03:51:17 -0400] "POST /wp-admin/admin-ajax.php?action=async_litespeed&nonce=hlGKe9SLD9XONUR2Sg848gzPMisMRQPX&litespeed_type=imgoptm HTTP/1.1" 200 5 "-" "WordPress/6.7.2; https://grimslut.com"
185.245.106.236 - - [03/Apr/2025:04:01:11 -0400] "GET /exploring-the-multicanais-phenomenon/ HTTP/1.1" 200 15500 "https://grimslut.com/exploring-the-multicanais-phenomenon/" "Mozilla/5.0 (Windows NT 10.0; Win64; x64) AppleWebKit/537.36 (KHTML, like Gecko) Chrome/103.0.0.0 Safari/537.36 Herring/95.1.8810.11"
198.54.114.83 - - [03/Apr/2025:04:01:16 -0400] "POST /wp-cron.php?doing_wp_cron=1743667276.1006948947906494140625 HTTP/1.1" 200 0 "-" "WordPress/6.7.2; https://grimslut.com"
198.54.114.83 - - [03/Apr/2025:04:01:18 -0400] "POST /wp-admin/admin-ajax.php?action=async_litespeed&nonce=zELFaneCypbzSZoisK83tr7bapiuq1PL&litespeed_type=imgoptm HTTP/1.1" 200 0 "-" "WordPress/6.7.2; https://grimslut.com"
185.245.106.236 - - [03/Apr/2025:04:01:12 -0400] "POST /wp-comments-post.php HTTP/1.1" 302 0 "https://grimslut.com/exploring-the-multicanais-phenomenon/" "Mozilla/5.0 (Windows NT 10.0; Win64; x64) AppleWebKit/537.36 (KHTML, like Gecko) Chrome/103.0.0.0 Safari/537.36 Herring/95.1.8810.11"
185.245.106.236 - - [03/Apr/2025:04:01:20 -0400] "GET /exploring-the-multicanais-phenomenon/ HTTP/1.1" 200 16027 "https://grimslut.com/exploring-the-multicanais-phenomenon/#comment-6550" "Mozilla/5.0 (Windows NT 10.0; Win64; x64) AppleWebKit/537.36 (KHTML, like Gecko) Chrome/103.0.0.0 Safari/537.36 Herring/95.1.8810.11"
66.249.71.165 - - [03/Apr/2025:04:24:38 -0400] "GET /california-prefab-homes-the-future-of-sustainable-living/ HTTP/1.1" 200 15705 "-" "Mozilla/5.0 (Linux; Android 6.0.1; Nexus 5X Build/MMB29P) AppleWebKit/537.36 (KHTML, like Gecko) Chrome/134.0.6998.165 Mobile Safari/537.36 (compatible; GoogleOther)"
198.54.114.83 - - [03/Apr/2025:04:24:44 -0400] "POST /wp-cron.php?doing_wp_cron=1743668680.7920029163360595703125 HTTP/1.1" 200 0 "-" "WordPress/6.7.2; https://grimslut.com"
47.82.28.102 - - [03/Apr/2025:04:34:07 -0400] "GET /category/bitcoin/ HTTP/1.1" 200 0 "-" "Mozilla/5.0 (Macintosh; Intel Mac OS X 10_15) AppleWebKit/605.1.15 (KHTML, like Gecko) Version/17.0 DuckDuckGo/7 Safari/605.1.15"
198.54.114.83 - - [03/Apr/2025:04:42:39 -0400] "POST /wp-cron.php?doing_wp_cron=1743669758.3672099113464355468750 HTTP/1.1" 200 0 "-" "WordPress/6.7.2; https://grimslut.com"
66.249.64.40 - - [03/Apr/2025:04:42:34 -0400] "GET /the-benefits-and-techniques-of-massage-therapy/ HTTP/1.1" 200 15781 "-" "Mozilla/5.0 (Linux; Android 6.0.1; Nexus 5X Build/MMB29P) AppleWebKit/537.36 (KHTML, like Gecko) Chrome/134.0.6998.165 Mobile Safari/537.36 (compatible; GoogleOther)"
66.249.64.39 - - [03/Apr/2025:04:43:24 -0400] "GET /wp-content/themes/bloghash/assets/js/vendors/swiper-bundle.min.js?ver=6.7.2 HTTP/1.1" 304 0 "https://grimslut.com/the-benefits-and-techniques-of-massage-therapy/" "Mozilla/5.0 (Linux; Android 6.0.1; Nexus 5X Build/MMB29P) AppleWebKit/537.36 (KHTML, like Gecko) Chrome/134.0.6998.165 Mobile Safari/537.36 (compatible; Googlebot/2.1; +http://www.google.com/bot.html)"
199.188.207.168 - - [03/Apr/2025:04:46:30 -0400] "POST /xmlrpc.php HTTP/1.1" 200 186 "https://grimslut.com" "Mozilla/5.0 (Windows NT 10.0; Win64; x64) AppleWebKit/537.36 (KHTML, like Gecko) Chrome/115.0.5790.171 Safari/537.36 Edg/115.0.1901.203"
161.35.15.162 - - [03/Apr/2025:04:48:32 -0400] "GET /wp-includes/ID3/index.php HTTP/1.1" 301 0 "-" "Mozlila/5.0 (Linux; Android 7.0; SM-G892A Bulid/NRD90M; wv) AppleWebKit/537.36 (KHTML, like Gecko) Version/4.0 Chrome/60.0.3112.107 Moblie Safari/537.36"
161.35.15.162 - - [03/Apr/2025:04:48:37 -0400] "GET /wp-includes/ID3/ HTTP/1.1" 403 1242 "-" "Mozlila/5.0 (Linux; Android 7.0; SM-G892A Bulid/NRD90M; wv) AppleWebKit/537.36 (KHTML, like Gecko) Version/4.0 Chrome/60.0.3112.107 Moblie Safari/537.36"
161.35.15.162 - - [03/Apr/2025:04:48:42 -0400] "GET /wp-content/plugins/index.php HTTP/1.1" 200 0 "-" "Mozlila/5.0 (Linux; Android 7.0; SM-G892A Bulid/NRD90M; wv) AppleWebKit/537.36 (KHTML, like Gecko) Version/4.0 Chrome/60.0.3112.107 Moblie Safari/537.36"
161.35.15.162 - - [03/Apr/2025:04:48:44 -0400] "GET /wp-admin/network/index.php HTTP/1.1" 302 0 "-" "Mozlila/5.0 (Linux; Android 7.0; SM-G892A Bulid/NRD90M; wv) AppleWebKit/537.36 (KHTML, like Gecko) Version/4.0 Chrome/60.0.3112.107 Moblie Safari/537.36"
161.35.15.162 - - [03/Apr/2025:04:48:49 -0400] "GET /wp-login.php?redirect_to=https%3A%2F%2Fgrimslut.com%2Fwp-admin%2Fnetwork%2Findex.php&reauth=1 HTTP/1.1" 200 1954 "-" "Mozlila/5.0 (Linux; Android 7.0; SM-G892A Bulid/NRD90M; wv) AppleWebKit/537.36 (KHTML, like Gecko) Version/4.0 Chrome/60.0.3112.107 Moblie Safari/537.36"
161.35.15.162 - - [03/Apr/2025:04:48:54 -0400] "GET /wp-includes/IXR/index.php HTTP/1.1" 301 0 "-" "Mozlila/5.0 (Linux; Android 7.0; SM-G892A Bulid/NRD90M; wv) AppleWebKit/537.36 (KHTML, like Gecko) Version/4.0 Chrome/60.0.3112.107 Moblie Safari/537.36"
161.35.15.162 - - [03/Apr/2025:04:48:59 -0400] "GET /wp-includes/IXR/ HTTP/1.1" 403 1242 "-" "Mozlila/5.0 (Linux; Android 7.0; SM-G892A Bulid/NRD90M; wv) AppleWebKit/537.36 (KHTML, like Gecko) Version/4.0 Chrome/60.0.3112.107 Moblie Safari/537.36"
161.35.15.162 - - [03/Apr/2025:04:49:06 -0400] "GET /wp-admin/images/index.php HTTP/1.1" 301 0 "-" "Mozlila/5.0 (Linux; Android 7.0; SM-G892A Bulid/NRD90M; wv) AppleWebKit/537.36 (KHTML, like Gecko) Version/4.0 Chrome/60.0.3112.107 Moblie Safari/537.36"
161.35.15.162 - - [03/Apr/2025:04:49:09 -0400] "GET /wp-admin/images/ HTTP/1.1" 403 1242 "-" "Mozlila/5.0 (Linux; Android 7.0; SM-G892A Bulid/NRD90M; wv) AppleWebKit/537.36 (KHTML, like Gecko) Version/4.0 Chrome/60.0.3112.107 Moblie Safari/537.36"
161.35.15.162 - - [03/Apr/2025:04:49:30 -0400] "GET /wp-login.php HTTP/1.1" 200 1951 "-" "Mozlila/5.0 (Linux; Android 7.0; SM-G892A Bulid/NRD90M; wv) AppleWebKit/537.36 (KHTML, like Gecko) Version/4.0 Chrome/60.0.3112.107 Moblie Safari/537.36"
161.35.15.162 - - [03/Apr/2025:04:49:40 -0400] "GET /wp-content/plugins/admin.php HTTP/1.1" 404 10219 "-" "Mozlila/5.0 (Linux; Android 7.0; SM-G892A Bulid/NRD90M; wv) AppleWebKit/537.36 (KHTML, like Gecko) Version/4.0 Chrome/60.0.3112.107 Moblie Safari/537.36"
161.35.15.162 - - [03/Apr/2025:04:49:49 -0400] "GET /xmlrpc.php HTTP/1.1" 405 46 "-" "Mozlila/5.0 (Linux; Android 7.0; SM-G892A Bulid/NRD90M; wv) AppleWebKit/537.36 (KHTML, like Gecko) Version/4.0 Chrome/60.0.3112.107 Moblie Safari/537.36"
161.35.15.162 - - [03/Apr/2025:04:50:00 -0400] "GET /wp-admin.php HTTP/1.1" 404 10219 "-" "Mozlila/5.0 (Linux; Android 7.0; SM-G892A Bulid/NRD90M; wv) AppleWebKit/537.36 (KHTML, like Gecko) Version/4.0 Chrome/60.0.3112.107 Moblie Safari/537.36"
161.35.15.162 - - [03/Apr/2025:04:50:17 -0400] "GET /wp-content/plugins/Core-Econ/upH.php HTTP/1.1" 404 10222 "-" "Mozlila/5.0 (Linux; Android 7.0; SM-G892A Bulid/NRD90M; wv) AppleWebKit/537.36 (KHTML, like Gecko) Version/4.0 Chrome/60.0.3112.107 Moblie Safari/537.36"
161.35.15.162 - - [03/Apr/2025:04:50:27 -0400] "GET /wp-content/plugins/fix/up.php HTTP/1.1" 404 10222 "-" "Mozlila/5.0 (Linux; Android 7.0; SM-G892A Bulid/NRD90M; wv) AppleWebKit/537.36 (KHTML, like Gecko) Version/4.0 Chrome/60.0.3112.107 Moblie Safari/537.36"
161.35.15.162 - - [03/Apr/2025:04:50:32 -0400] "GET /wp-content/plugins/pwnd/pwnd.php HTTP/1.1" 404 10219 "-" "Mozlila/5.0 (Linux; Android 7.0; SM-G892A Bulid/NRD90M; wv) AppleWebKit/537.36 (KHTML, like Gecko) Version/4.0 Chrome/60.0.3112.107 Moblie Safari/537.36"
161.35.15.162 - - [03/Apr/2025:04:50:48 -0400] "GET /wp-content/plugins/shell/noimg.php HTTP/1.1" 404 10222 "-" "Mozlila/5.0 (Linux; Android 7.0; SM-G892A Bulid/NRD90M; wv) AppleWebKit/537.36 (KHTML, like Gecko) Version/4.0 Chrome/60.0.3112.107 Moblie Safari/537.36"
161.35.15.162 - - [03/Apr/2025:04:50:54 -0400] "GET /WSOEnigma.php HTTP/1.1" 404 10222 "-" "Mozlila/5.0 (Linux; Android 7.0; SM-G892A Bulid/NRD90M; wv) AppleWebKit/537.36 (KHTML, like Gecko) Version/4.0 Chrome/60.0.3112.107 Moblie Safari/537.36"
161.35.15.162 - - [03/Apr/2025:04:51:03 -0400] "GET /wp-content/plugins/pwnd-1/pwnd.php HTTP/1.1" 404 10219 "-" "Mozlila/5.0 (Linux; Android 7.0; SM-G892A Bulid/NRD90M; wv) AppleWebKit/537.36 (KHTML, like Gecko) Version/4.0 Chrome/60.0.3112.107 Moblie Safari/537.36"
161.35.15.162 - - [03/Apr/2025:04:51:13 -0400] "GET /wp-content/plugins/dummyyummy/wp-signup.php HTTP/1.1" 404 10222 "-" "Mozlila/5.0 (Linux; Android 7.0; SM-G892A Bulid/NRD90M; wv) AppleWebKit/537.36 (KHTML, like Gecko) Version/4.0 Chrome/60.0.3112.107 Moblie Safari/537.36"
161.35.15.162 - - [03/Apr/2025:04:51:21 -0400] "GET /wp-content/plugins/clara/clara.php HTTP/1.1" 404 10219 "-" "Mozlila/5.0 (Linux; Android 7.0; SM-G892A Bulid/NRD90M; wv) AppleWebKit/537.36 (KHTML, like Gecko) Version/4.0 Chrome/60.0.3112.107 Moblie Safari/537.36"
209.141.33.127 - - [03/Apr/2025:05:00:10 -0400] "GET /wp-login.php HTTP/1.1" 200 1951 "-" "Mozilla/5.0 (iPhone; CPU iPhone OS 7_1_2 like Mac OS X) AppleWebKit/537.51.1 (KHTML, like Gecko) GSA/4.1.0.31802 Mobile/11D257 Safari/9537.53"
209.141.33.127 - - [03/Apr/2025:05:00:14 -0400] "POST /wp-login.php HTTP/1.1" 200 2087 "-" "Mozilla/5.0 (iPhone; CPU iPhone OS 7_1_2 like Mac OS X) AppleWebKit/537.51.1 (KHTML, like Gecko) GSA/4.1.0.31802 Mobile/11D257 Safari/9537.53"
162.240.168.197 - - [03/Apr/2025:05:00:18 -0400] "POST /xmlrpc.php HTTP/1.1" 200 186 "https://grimslut.com" "Mozilla/5.0 (Macintosh; Intel Mac OS X 14_6) AppleWebKit/605.1.15 (KHTML, like Gecko) Version/17.5 Safari/605.1.15"
198.54.114.83 - - [03/Apr/2025:05:01:35 -0400] "POST /wp-cron.php?doing_wp_cron=1743670895.6238420009613037109375 HTTP/1.1" 200 0 "-" "WordPress/6.7.2; https://grimslut.com"
66.249.71.166 - - [03/Apr/2025:05:01:35 -0400] "GET /unveiling-the-potential-of-stake-oasis-protocol/ HTTP/1.1" 200 15427 "-" "Mozilla/5.0 (Linux; Android 6.0.1; Nexus 5X Build/MMB29P) AppleWebKit/537.36 (KHTML, like Gecko) Chrome/134.0.6998.165 Mobile Safari/537.36 (compatible; GoogleOther)"
198.54.114.83 - - [03/Apr/2025:05:01:36 -0400] "POST /wp-admin/admin-ajax.php?action=async_litespeed&nonce=ehMoFxflt3hTfvl9tLuV4erQjqDKMs60&litespeed_type=imgoptm HTTP/1.1" 200 0 "-" "WordPress/6.7.2; https://grimslut.com"
198.54.114.83 - - [03/Apr/2025:05:07:24 -0400] "POST /wp-cron.php?doing_wp_cron=1743671243.6364319324493408203125 HTTP/1.1" 200 0 "-" "WordPress/6.7.2; https://grimslut.com"
198.98.62.50 - - [03/Apr/2025:05:07:22 -0400] "GET /wp-login.php HTTP/1.1" 200 1951 "-" "Mozilla/5.0 (Windows NT 6.3; WOW64) AppleWebKit/537.36 (KHTML, like Gecko) Chrome/36.0.1985.125 Safari/537.36"
198.98.62.50 - - [03/Apr/2025:05:07:26 -0400] "POST /wp-login.php HTTP/1.1" 200 2087 "-" "Mozilla/5.0 (Windows NT 6.3; WOW64) AppleWebKit/537.36 (KHTML, like Gecko) Chrome/36.0.1985.125 Safari/537.36"
198.54.114.83 - - [03/Apr/2025:05:08:23 -0400] "POST /wp-cron.php?doing_wp_cron=1743671302.9059109687805175781250 HTTP/1.1" 200 0 "-" "WordPress/6.7.2; https://grimslut.com"
47.79.119.92 - - [03/Apr/2025:05:08:22 -0400] "GET /2024/08/ HTTP/1.1" 200 14866 "-" "Mozilla/5.0 (iPhone; CPU iPhone OS 17_0 like Mac OS X) AppleWebKit/605.1.15 (KHTML, like Gecko) EdgiOS/116.0.1938.72 Version/17.0 Mobile/15E148 Safari/604.1"
198.54.114.83 - - [03/Apr/2025:05:08:24 -0400] "POST /wp-admin/admin-ajax.php?action=async_litespeed&nonce=0FSEkBRHLzHO2RWsz8FBfwi8Dz3bWIFW&litespeed_type=imgoptm HTTP/1.1" 200 0 "-" "WordPress/6.7.2; https://grimslut.com"
160.187.22.25 - - [03/Apr/2025:05:13:00 -0400] "GET /wp-login.php HTTP/1.1" 200 1951 "-" "GRequests/0.10"
198.54.114.83 - - [03/Apr/2025:05:13:03 -0400] "POST /wp-cron.php?doing_wp_cron=1743671582.9942259788513183593750 HTTP/1.1" 200 0 "-" "WordPress/6.7.2; https://grimslut.com"
160.187.22.25 - - [03/Apr/2025:05:13:01 -0400] "POST /wp-login.php HTTP/1.1" 200 2086 "-" "GRequests/0.10"
198.54.114.83 - - [03/Apr/2025:05:13:03 -0400] "POST /wp-admin/admin-ajax.php?action=async_litespeed&nonce=oJoEI5rL27XIQV2udavZq2b3Q0mMjizH&litespeed_type=imgoptm HTTP/1.1" 200 5 "-" "WordPress/6.7.2; https://grimslut.com"
198.54.114.83 - - [03/Apr/2025:05:14:17 -0400] "POST /wp-cron.php?doing_wp_cron=1743671656.9280669689178466796875 HTTP/1.1" 200 0 "-" "WordPress/6.7.2; https://grimslut.com"
185.199.236.107 - - [03/Apr/2025:05:14:16 -0400] "POST /xmlrpc.php HTTP/1.1" 200 186 "https://grimslut.com" "Mozilla/5.0 (Macintosh; Intel Mac OS X 10_15_7) AppleWebKit/537.36 (KHTML, like Gecko) Chrome/113.0.5672.93 Safari/537.36"
198.54.114.83 - - [03/Apr/2025:05:14:17 -0400] "POST /wp-admin/admin-ajax.php?action=async_litespeed&nonce=pS4y5lY7DmNKF2TM36d55YskFIaQJEpU&litespeed_type=imgoptm HTTP/1.1" 200 5 "-" "WordPress/6.7.2; https://grimslut.com"
198.54.114.83 - - [03/Apr/2025:05:16:55 -0400] "POST /wp-cron.php?doing_wp_cron=1743671815.1264750957489013671875 HTTP/1.1" 200 0 "-" "WordPress/6.7.2; https://grimslut.com"
52.14.41.63 - - [03/Apr/2025:05:16:52 -0400] "GET /robots.txt HTTP/1.1" 200 61 "-" "Mozilla/5.0 AppleWebKit/537.36 (KHTML, like Gecko; compatible; ClaudeBot/1.0; +claudebot@anthropic.com)"
198.54.114.83 - - [03/Apr/2025:05:16:55 -0400] "POST /wp-admin/admin-ajax.php?action=async_litespeed&nonce=crfW6FOkoJAHA3tk982876fwmtKRbaV4&litespeed_type=imgoptm HTTP/1.1" 200 5 "-" "WordPress/6.7.2; https://grimslut.com"
52.14.41.63 - - [03/Apr/2025:05:16:55 -0400] "GET /author/admin/page/6 HTTP/1.1" 301 0 "-" "Mozilla/5.0 AppleWebKit/537.36 (KHTML, like Gecko; compatible; ClaudeBot/1.0; +claudebot@anthropic.com)"
52.14.41.63 - - [03/Apr/2025:05:16:56 -0400] "GET /author/admin/page/6/ HTTP/1.1" 200 15020 "https://grimslut.com/author/admin/page/6" "Mozilla/5.0 AppleWebKit/537.36 (KHTML, like Gecko; compatible; ClaudeBot/1.0; +claudebot@anthropic.com)"
198.54.114.83 - - [03/Apr/2025:05:17:33 -0400] "POST /wp-cron.php?doing_wp_cron=1743671853.1560809612274169921875 HTTP/1.1" 200 0 "-" "WordPress/6.7.2; https://grimslut.com"
198.54.114.83 - - [03/Apr/2025:05:17:34 -0400] "POST /wp-admin/admin-ajax.php?action=async_litespeed&nonce=qhXI3HEQyRy7rNs2N7vbQYfkpHMLun1v&litespeed_type=imgoptm HTTP/1.1" 200 0 "-" "WordPress/6.7.2; https://grimslut.com"
3.128.190.205 - - [03/Apr/2025:05:17:32 -0400] "GET / HTTP/1.1" 200 20851 "-" "Mozilla/5.0 AppleWebKit/537.36 (KHTML, like Gecko; compatible; ClaudeBot/1.0; +claudebot@anthropic.com)"
198.54.114.83 - - [03/Apr/2025:05:19:39 -0400] "POST /wp-cron.php?doing_wp_cron=1743671979.7695519924163818359375 HTTP/1.1" 200 0 "-" "WordPress/6.7.2; https://grimslut.com"
18.118.210.6 - - [03/Apr/2025:05:19:38 -0400] "GET /maximizing-your-business-trip-experience-with-massage-therapy HTTP/1.1" 301 0 "-" "Mozilla/5.0 AppleWebKit/537.36 (KHTML, like Gecko; compatible; ClaudeBot/1.0; +claudebot@anthropic.com)"
198.54.114.83 - - [03/Apr/2025:05:19:40 -0400] "POST /wp-admin/admin-ajax.php?action=async_litespeed&nonce=XIEuCeiJIs7w84RTWNMx1dvAdeNGMbCp&litespeed_type=imgoptm HTTP/1.1" 200 5 "-" "WordPress/6.7.2; https://grimslut.com"
18.118.210.6 - - [03/Apr/2025:05:19:40 -0400] "GET /maximizing-your-business-trip-experience-with-massage-therapy/ HTTP/1.1" 200 15904 "https://grimslut.com/maximizing-your-business-trip-experience-with-massage-therapy" "Mozilla/5.0 AppleWebKit/537.36 (KHTML, like Gecko; compatible; ClaudeBot/1.0; +claudebot@anthropic.com)"
198.54.114.83 - - [03/Apr/2025:05:21:41 -0400] "POST /wp-cron.php?doing_wp_cron=1743672100.8733460903167724609375 HTTP/1.1" 200 0 "-" "WordPress/6.7.2; https://grimslut.com"
18.222.71.63 - - [03/Apr/2025:05:21:38 -0400] "GET /author/admin/page/7 HTTP/1.1" 301 0 "-" "Mozilla/5.0 AppleWebKit/537.36 (KHTML, like Gecko; compatible; ClaudeBot/1.0; +claudebot@anthropic.com)"
198.54.114.83 - - [03/Apr/2025:05:21:41 -0400] "POST /wp-admin/admin-ajax.php?action=async_litespeed&nonce=hUjRsz2z68XXoSxYP6H3Osf5Mg8i4cbr&litespeed_type=imgoptm HTTP/1.1" 200 5 "-" "WordPress/6.7.2; https://grimslut.com"
18.222.71.63 - - [03/Apr/2025:05:21:41 -0400] "GET /author/admin/page/7/ HTTP/1.1" 200 15131 "https://grimslut.com/author/admin/page/7" "Mozilla/5.0 AppleWebKit/537.36 (KHTML, like Gecko; compatible; ClaudeBot/1.0; +claudebot@anthropic.com)"
198.54.114.83 - - [03/Apr/2025:05:27:47 -0400] "POST /wp-cron.php?doing_wp_cron=1743672466.3566188812255859375000 HTTP/1.1" 200 0 "-" "WordPress/6.7.2; https://grimslut.com"
2400:6180:100:d0::4fe:6001 - - [03/Apr/2025:05:27:43 -0400] "POST /xmlrpc.php HTTP/1.1" 200 186 "https://grimslut.com" "Mozilla/5.0 (Windows NT 10.0; Win64; x64) AppleWebKit/537.36 (KHTML, like Gecko) Chrome/126.0.0.0 Safari/537.36"
198.54.114.83 - - [03/Apr/2025:05:27:47 -0400] "POST /wp-admin/admin-ajax.php?action=async_litespeed&nonce=ZZsGJ3Ow2wVURNORtzU8MbOrBnsi0F9Z&litespeed_type=imgoptm HTTP/1.1" 200 5 "-" "WordPress/6.7.2; https://grimslut.com"
66.249.64.37 - - [03/Apr/2025:05:28:22 -0400] "GET /robots.txt HTTP/1.1" 200 61 "-" "Mozilla/5.0 (compatible; Googlebot/2.1; +http://www.google.com/bot.html)"
198.54.114.83 - - [03/Apr/2025:05:28:22 -0400] "POST /wp-cron.php?doing_wp_cron=1743672502.3105020523071289062500 HTTP/1.1" 200 0 "-" "WordPress/6.7.2; https://grimslut.com"
198.54.114.83 - - [03/Apr/2025:05:28:22 -0400] "POST /wp-admin/admin-ajax.php?action=async_litespeed&nonce=Mw8o5J8beLrCuGBkLbdqnHRoQeoKTRuw&litespeed_type=imgoptm HTTP/1.1" 200 5 "-" "WordPress/6.7.2; https://grimslut.com"
66.249.64.38 - - [03/Apr/2025:05:28:22 -0400] "GET /the-transformative-power-of-massage-therapy/ HTTP/1.1" 200 15385 "-" "Mozilla/5.0 (Linux; Android 6.0.1; Nexus 5X Build/MMB29P) AppleWebKit/537.36 (KHTML, like Gecko) Chrome/134.0.6998.165 Mobile Safari/537.36 (compatible; GoogleOther)"
198.54.114.83 - - [03/Apr/2025:05:43:48 -0400] "POST /wp-cron.php?doing_wp_cron=1743673428.0166211128234863281250 HTTP/1.1" 200 0 "-" "WordPress/6.7.2; https://grimslut.com"
18.116.98.100 - - [03/Apr/2025:05:43:45 -0400] "GET /precision-matters-choosing-the-right-pilot-hole-size-for-a-5-16-lag-bolt HTTP/1.1" 301 0 "-" "Mozilla/5.0 AppleWebKit/537.36 (KHTML, like Gecko; compatible; ClaudeBot/1.0; +claudebot@anthropic.com)"
198.54.114.83 - - [03/Apr/2025:05:43:49 -0400] "POST /wp-admin/admin-ajax.php?action=async_litespeed&nonce=g2MGVZhQxAAPrGbyfSrmJAb8NAgi2VJp&litespeed_type=imgoptm HTTP/1.1" 200 0 "-" "WordPress/6.7.2; https://grimslut.com"
18.116.98.100 - - [03/Apr/2025:05:43:48 -0400] "GET /precision-matters-choosing-the-right-pilot-hole-size-for-a-5-16-lag-bolt/ HTTP/1.1" 200 15708 "https://grimslut.com/precision-matters-choosing-the-right-pilot-hole-size-for-a-5-16-lag-bolt" "Mozilla/5.0 AppleWebKit/537.36 (KHTML, like Gecko; compatible; ClaudeBot/1.0; +claudebot@anthropic.com)"
198.54.114.83 - - [03/Apr/2025:05:48:03 -0400] "POST /wp-cron.php?doing_wp_cron=1743673683.8337140083312988281250 HTTP/1.1" 200 0 "-" "WordPress/6.7.2; https://grimslut.com"
47.82.22.196 - - [03/Apr/2025:05:48:01 -0400] "GET /category/real-estate/ HTTP/1.1" 200 12219 "-" "Mozilla/5.0 (Windows NT 10.0; Win64; x64) AppleWebKit/537.36 (KHTML, like Gecko) Chrome/121.0.0.0 Safari/537.36 Edg/121.0.0.0"
198.54.114.83 - - [03/Apr/2025:05:48:04 -0400] "POST /wp-admin/admin-ajax.php?action=async_litespeed&nonce=6qhd7yfNUYju0y3epacnCqyJXsm0iMtO&litespeed_type=imgoptm HTTP/1.1" 200 5 "-" "WordPress/6.7.2; https://grimslut.com"
198.54.114.83 - - [03/Apr/2025:05:50:37 -0400] "POST /wp-cron.php?doing_wp_cron=1743673836.8881719112396240234375 HTTP/1.1" 200 0 "-" "WordPress/6.7.2; https://grimslut.com"
47.82.15.70 - - [03/Apr/2025:05:50:35 -0400] "GET /category/home-kitchen/ HTTP/1.1" 200 12233 "-" "Mozilla/5.0 (Linux; Android 10; K) AppleWebKit/537.36 (KHTML, like Gecko) Chrome/122.0.0.0 Mobile Safari/537.36"
198.54.114.83 - - [03/Apr/2025:05:50:37 -0400] "POST /wp-admin/admin-ajax.php?action=async_litespeed&nonce=DUF1e0sYQZnGoZqwyvvDWALFdwDpP6Pk&litespeed_type=imgoptm HTTP/1.1" 200 5 "-" "WordPress/6.7.2; https://grimslut.com"
47.82.25.165 - - [03/Apr/2025:05:55:38 -0400] "GET /category/real-estate/ HTTP/1.1" 200 12219 "-" "Mozilla/5.0 (iPhone; CPU iPhone OS 17_2 like Mac OS X) AppleWebKit/605.1.15 (KHTML, like Gecko) EdgiOS/121.0.2277.107 Version/17.0 Mobile/15E148 Safari/604.1"
198.54.114.83 - - [03/Apr/2025:05:55:47 -0400] "POST /wp-cron.php?doing_wp_cron=1743674147.3267629146575927734375 HTTP/1.1" 200 0 "-" "WordPress/6.7.2; https://grimslut.com"
2a02:598:128:8a00::b00:9 - - [03/Apr/2025:05:55:45 -0400] "GET /charming-and-versatile-shell-earrings/feed/ HTTP/1.1" 200 399 "-" "Mozilla/5.0 (compatible; SeznamBot/4.0; +https://o-seznam.cz/napoveda/vyhledavani/en/seznambot-crawler/)"
198.54.114.83 - - [03/Apr/2025:05:55:47 -0400] "POST /wp-admin/admin-ajax.php?action=async_litespeed&nonce=j6vtXkXljeWwyQJMGTlYlvwQWB5gi3Hh&litespeed_type=imgoptm HTTP/1.1" 200 5 "-" "WordPress/6.7.2; https://grimslut.com"
198.54.114.83 - - [03/Apr/2025:05:58:20 -0400] "POST /wp-cron.php?doing_wp_cron=1743674300.3565471172332763671875 HTTP/1.1" 200 0 "-" "WordPress/6.7.2; https://grimslut.com"
47.82.28.2 - - [03/Apr/2025:05:58:18 -0400] "GET /category/stock-trading/ HTTP/1.1" 200 12193 "-" "Mozilla/5.0 (iPhone; CPU iPhone OS 17_0 like Mac OS X) AppleWebKit/605.1.15 (KHTML, like Gecko) EdgiOS/116.0.1938.79 Version/17.0 Mobile/15E148 Safari/604.1"
198.54.114.83 - - [03/Apr/2025:05:58:21 -0400] "POST /wp-admin/admin-ajax.php?action=async_litespeed&nonce=ykbPESzQEOt5ajHgvCRSFpPSbvdjYycA&litespeed_type=imgoptm HTTP/1.1" 200 5 "-" "WordPress/6.7.2; https://grimslut.com"
198.54.114.83 - - [03/Apr/2025:06:00:20 -0400] "POST /wp-cron.php?doing_wp_cron=1743674420.7254879474639892578125 HTTP/1.1" 200 0 "-" "WordPress/6.7.2; https://grimslut.com"
3.144.225.144 - - [03/Apr/2025:06:00:19 -0400] "GET /author/admin/page/27 HTTP/1.1" 301 0 "-" "Mozilla/5.0 AppleWebKit/537.36 (KHTML, like Gecko; compatible; ClaudeBot/1.0; +claudebot@anthropic.com)"
3.144.225.144 - - [03/Apr/2025:06:00:21 -0400] "GET /author/admin/page/27/ HTTP/1.1" 200 15373 "https://grimslut.com/author/admin/page/27" "Mozilla/5.0 AppleWebKit/537.36 (KHTML, like Gecko; compatible; ClaudeBot/1.0; +claudebot@anthropic.com)"
198.54.114.83 - - [03/Apr/2025:06:00:21 -0400] "POST /wp-admin/admin-ajax.php?action=async_litespeed&nonce=h8ekl8aG07MkU9QzRjkd5GKGou1fL00i&litespeed_type=imgoptm HTTP/1.1" 200 5 "-" "WordPress/6.7.2; https://grimslut.com"
198.54.114.83 - - [03/Apr/2025:06:03:52 -0400] "POST /wp-cron.php?doing_wp_cron=1743674631.8979160785675048828125 HTTP/1.1" 200 0 "-" "WordPress/6.7.2; https://grimslut.com"
52.14.76.200 - - [03/Apr/2025:06:03:50 -0400] "GET /author/admin/page/28 HTTP/1.1" 301 0 "-" "Mozilla/5.0 AppleWebKit/537.36 (KHTML, like Gecko; compatible; ClaudeBot/1.0; +claudebot@anthropic.com)"
198.54.114.83 - - [03/Apr/2025:06:03:52 -0400] "POST /wp-admin/admin-ajax.php?action=async_litespeed&nonce=bspeUbBjiip9WjJ9vlpMLk13LaiKssqX&litespeed_type=imgoptm HTTP/1.1" 200 5 "-" "WordPress/6.7.2; https://grimslut.com"
52.14.76.200 - - [03/Apr/2025:06:03:52 -0400] "GET /author/admin/page/28/ HTTP/1.1" 200 15422 "https://grimslut.com/author/admin/page/28" "Mozilla/5.0 AppleWebKit/537.36 (KHTML, like Gecko; compatible; ClaudeBot/1.0; +claudebot@anthropic.com)"
198.54.114.83 - - [03/Apr/2025:06:11:05 -0400] "POST /wp-cron.php?doing_wp_cron=1743675065.5021979808807373046875 HTTP/1.1" 200 0 "-" "WordPress/6.7.2; https://grimslut.com"
18.221.176.186 - - [03/Apr/2025:06:11:02 -0400] "GET /how-to-lock-your-facebook-profile/feed HTTP/1.1" 301 0 "-" "Mozilla/5.0 AppleWebKit/537.36 (KHTML, like Gecko; compatible; ClaudeBot/1.0; +claudebot@anthropic.com)"
198.54.114.83 - - [03/Apr/2025:06:11:06 -0400] "POST /wp-admin/admin-ajax.php?action=async_litespeed&nonce=2y2lm3XUtuRGb8JhlQ0H45vvLISYPacw&litespeed_type=imgoptm HTTP/1.1" 200 5 "-" "WordPress/6.7.2; https://grimslut.com"
18.221.176.186 - - [03/Apr/2025:06:11:06 -0400] "GET /how-to-lock-your-facebook-profile/feed/ HTTP/1.1" 200 397 "https://grimslut.com/how-to-lock-your-facebook-profile/feed" "Mozilla/5.0 AppleWebKit/537.36 (KHTML, like Gecko; compatible; ClaudeBot/1.0; +claudebot@anthropic.com)"
198.98.55.56 - - [03/Apr/2025:06:12:12 -0400] "GET /wp-login.php HTTP/1.1" 200 1951 "-" "Mozilla/5.0 (iPhone; CPU iPhone OS 7_0_4 like Mac OS X) AppleWebKit/537.51.1 (KHTML, like Gecko) Version/7.0 Mobile/11B554a Safari/9537.53"
198.54.114.83 - - [03/Apr/2025:06:12:13 -0400] "POST /wp-cron.php?doing_wp_cron=1743675132.9750330448150634765625 HTTP/1.1" 200 0 "-" "WordPress/6.7.2; https://grimslut.com"
198.98.55.56 - - [03/Apr/2025:06:12:12 -0400] "POST /wp-login.php HTTP/1.1" 200 2086 "-" "Mozilla/5.0 (iPhone; CPU iPhone OS 7_0_4 like Mac OS X) AppleWebKit/537.51.1 (KHTML, like Gecko) Version/7.0 Mobile/11B554a Safari/9537.53"
198.54.114.83 - - [03/Apr/2025:06:12:13 -0400] "POST /wp-admin/admin-ajax.php?action=async_litespeed&nonce=LfP2UzdTWwcTskAnoOYyOdnrD4WJ5Xf6&litespeed_type=imgoptm HTTP/1.1" 200 5 "-" "WordPress/6.7.2; https://grimslut.com"
18.191.234.43 - - [03/Apr/2025:06:12:35 -0400] "GET /wp-json/wp/v2/posts/45 HTTP/1.1" 200 7919 "-" "Mozilla/5.0 AppleWebKit/537.36 (KHTML, like Gecko; compatible; ClaudeBot/1.0; +claudebot@anthropic.com)"
198.54.114.83 - - [03/Apr/2025:06:17:22 -0400] "POST /wp-cron.php?doing_wp_cron=1743675441.6948781013488769531250 HTTP/1.1" 200 0 "-" "WordPress/6.7.2; https://grimslut.com"
196.251.69.226 - - [03/Apr/2025:06:17:18 -0400] "GET /wp-content/plugins/WordPressCore/include.php HTTP/1.1" 404 10269 "-" "Mozlila/5.0 (Linux; Android 7.0; SM-G892A Bulid/NRD90M; wv) AppleWebKit/537.36 (KHTML, like Gecko) Version/4.0 Chrome/60.0.3112.107 Moblie Safari/537.36"
198.54.114.83 - - [03/Apr/2025:06:17:22 -0400] "POST /wp-admin/admin-ajax.php?action=async_litespeed&nonce=mgH64ErwREX0Gg6FD5I27yS3keA7TOmo&litespeed_type=imgoptm HTTP/1.1" 200 5 "-" "WordPress/6.7.2; https://grimslut.com"
196.251.69.226 - - [03/Apr/2025:06:17:42 -0400] "GET /wp-content/plugins/WordPressCore/include.php HTTP/1.1" 404 10269 "-" "Mozlila/5.0 (Linux; Android 7.0; SM-G892A Bulid/NRD90M; wv) AppleWebKit/537.36 (KHTML, like Gecko) Version/4.0 Chrome/60.0.3112.107 Moblie Safari/537.36"
196.251.69.226 - - [03/Apr/2025:06:17:50 -0400] "GET /wp-includes/images/include.php HTTP/1.1" 404 10269 "-" "Mozlila/5.0 (Linux; Android 7.0; SM-G892A Bulid/NRD90M; wv) AppleWebKit/537.36 (KHTML, like Gecko) Version/4.0 Chrome/60.0.3112.107 Moblie Safari/537.36"
196.251.69.226 - - [03/Apr/2025:06:17:58 -0400] "GET /wp-includes/images/include.php HTTP/1.1" 404 10269 "-" "Mozlila/5.0 (Linux; Android 7.0; SM-G892A Bulid/NRD90M; wv) AppleWebKit/537.36 (KHTML, like Gecko) Version/4.0 Chrome/60.0.3112.107 Moblie Safari/537.36"
196.251.69.226 - - [03/Apr/2025:06:18:09 -0400] "GET /wp-content/themes/include.php HTTP/1.1" 404 10269 "-" "Mozlila/5.0 (Linux; Android 7.0; SM-G892A Bulid/NRD90M; wv) AppleWebKit/537.36 (KHTML, like Gecko) Version/4.0 Chrome/60.0.3112.107 Moblie Safari/537.36"
196.251.69.226 - - [03/Apr/2025:06:18:14 -0400] "GET /wp-content/themes/include.php HTTP/1.1" 404 10269 "-" "Mozlila/5.0 (Linux; Android 7.0; SM-G892A Bulid/NRD90M; wv) AppleWebKit/537.36 (KHTML, like Gecko) Version/4.0 Chrome/60.0.3112.107 Moblie Safari/537.36"
198.54.114.83 - - [03/Apr/2025:06:18:29 -0400] "POST /wp-cron.php?doing_wp_cron=1743675509.8840000629425048828125 HTTP/1.1" 200 0 "-" "WordPress/6.7.2; https://grimslut.com"
196.251.69.226 - - [03/Apr/2025:06:18:29 -0400] "GET /wp-includes/widgets/include.php HTTP/1.1" 404 10269 "-" "Mozlila/5.0 (Linux; Android 7.0; SM-G892A Bulid/NRD90M; wv) AppleWebKit/537.36 (KHTML, like Gecko) Version/4.0 Chrome/60.0.3112.107 Moblie Safari/537.36"
198.54.114.83 - - [03/Apr/2025:06:18:30 -0400] "POST /wp-admin/admin-ajax.php?action=async_litespeed&nonce=49kq9mh0yTCSN8MTpJhQ8W25YaP9jzM3&litespeed_type=imgoptm HTTP/1.1" 200 5 "-" "WordPress/6.7.2; https://grimslut.com"
196.251.69.226 - - [03/Apr/2025:06:18:44 -0400] "GET /wp-includes/widgets/include.php HTTP/1.1" 404 10269 "-" "Mozlila/5.0 (Linux; Android 7.0; SM-G892A Bulid/NRD90M; wv) AppleWebKit/537.36 (KHTML, like Gecko) Version/4.0 Chrome/60.0.3112.107 Moblie Safari/537.36"
196.251.69.226 - - [03/Apr/2025:06:22:58 -0400] "GET /wp-content/plugins/WordPressCore/include.php HTTP/1.1" 404 10269 "-" "Mozlila/5.0 (Linux; Android 7.0; SM-G892A Bulid/NRD90M; wv) AppleWebKit/537.36 (KHTML, like Gecko) Version/4.0 Chrome/60.0.3112.107 Moblie Safari/537.36"
196.251.69.226 - - [03/Apr/2025:06:23:04 -0400] "GET /wp-content/plugins/WordPressCore/include.php HTTP/1.1" 404 10269 "-" "Mozlila/5.0 (Linux; Android 7.0; SM-G892A Bulid/NRD90M; wv) AppleWebKit/537.36 (KHTML, like Gecko) Version/4.0 Chrome/60.0.3112.107 Moblie Safari/537.36"
196.251.69.226 - - [03/Apr/2025:06:23:10 -0400] "GET /wp-includes/images/include.php HTTP/1.1" 404 10269 "-" "Mozlila/5.0 (Linux; Android 7.0; SM-G892A Bulid/NRD90M; wv) AppleWebKit/537.36 (KHTML, like Gecko) Version/4.0 Chrome/60.0.3112.107 Moblie Safari/537.36"
196.251.69.226 - - [03/Apr/2025:06:23:32 -0400] "GET /wp-includes/images/include.php HTTP/1.1" 404 10269 "-" "Mozlila/5.0 (Linux; Android 7.0; SM-G892A Bulid/NRD90M; wv) AppleWebKit/537.36 (KHTML, like Gecko) Version/4.0 Chrome/60.0.3112.107 Moblie Safari/537.36"
196.251.69.226 - - [03/Apr/2025:06:23:42 -0400] "GET /wp-content/themes/include.php HTTP/1.1" 404 10269 "-" "Mozlila/5.0 (Linux; Android 7.0; SM-G892A Bulid/NRD90M; wv) AppleWebKit/537.36 (KHTML, like Gecko) Version/4.0 Chrome/60.0.3112.107 Moblie Safari/537.36"
196.251.69.226 - - [03/Apr/2025:06:23:45 -0400] "GET /wp-content/themes/include.php HTTP/1.1" 404 10269 "-" "Mozlila/5.0 (Linux; Android 7.0; SM-G892A Bulid/NRD90M; wv) AppleWebKit/537.36 (KHTML, like Gecko) Version/4.0 Chrome/60.0.3112.107 Moblie Safari/537.36"
198.98.49.67 - - [03/Apr/2025:06:23:45 -0400] "GET /wp-login.php HTTP/1.1" 200 1951 "-" "Mozilla/5.0 (X11; Linux x86_64) AppleWebKit/537.36 (KHTML, like Gecko) Ubuntu Chromium/36.0.1985.125 Chrome/36.0.1985.125 Safari/537.36"
198.54.114.83 - - [03/Apr/2025:06:23:47 -0400] "POST /wp-cron.php?doing_wp_cron=1743675827.7170329093933105468750 HTTP/1.1" 200 0 "-" "WordPress/6.7.2; https://grimslut.com"
198.98.49.67 - - [03/Apr/2025:06:23:45 -0400] "POST /wp-login.php HTTP/1.1" 200 2087 "-" "Mozilla/5.0 (X11; Linux x86_64) AppleWebKit/537.36 (KHTML, like Gecko) Ubuntu Chromium/36.0.1985.125 Chrome/36.0.1985.125 Safari/537.36"
198.54.114.83 - - [03/Apr/2025:06:23:48 -0400] "POST /wp-admin/admin-ajax.php?action=async_litespeed&nonce=53OMqTvtzt0e9I4iXtqo1xEbSSiSd7WE&litespeed_type=imgoptm HTTP/1.1" 200 5 "-" "WordPress/6.7.2; https://grimslut.com"
196.251.69.226 - - [03/Apr/2025:06:23:52 -0400] "GET /wp-includes/widgets/include.php HTTP/1.1" 404 10269 "-" "Mozlila/5.0 (Linux; Android 7.0; SM-G892A Bulid/NRD90M; wv) AppleWebKit/537.36 (KHTML, like Gecko) Version/4.0 Chrome/60.0.3112.107 Moblie Safari/537.36"
196.251.69.226 - - [03/Apr/2025:06:24:00 -0400] "GET /wp-includes/widgets/include.php HTTP/1.1" 404 10269 "-" "Mozlila/5.0 (Linux; Android 7.0; SM-G892A Bulid/NRD90M; wv) AppleWebKit/537.36 (KHTML, like Gecko) Version/4.0 Chrome/60.0.3112.107 Moblie Safari/537.36"
196.251.69.226 - - [03/Apr/2025:06:24:03 -0400] "GET /wp-content/plugins/include.php HTTP/1.1" 404 10269 "-" "Mozlila/5.0 (Linux; Android 7.0; SM-G892A Bulid/NRD90M; wv) AppleWebKit/537.36 (KHTML, like Gecko) Version/4.0 Chrome/60.0.3112.107 Moblie Safari/537.36"
196.251.69.226 - - [03/Apr/2025:06:24:09 -0400] "GET /wp-content/plugins/include.php HTTP/1.1" 404 10269 "-" "Mozlila/5.0 (Linux; Android 7.0; SM-G892A Bulid/NRD90M; wv) AppleWebKit/537.36 (KHTML, like Gecko) Version/4.0 Chrome/60.0.3112.107 Moblie Safari/537.36"
198.54.114.83 - - [03/Apr/2025:06:39:13 -0400] "POST /wp-cron.php?doing_wp_cron=1743676752.8066160678863525390625 HTTP/1.1" 200 0 "-" "WordPress/6.7.2; https://grimslut.com"
194.38.23.16 - - [03/Apr/2025:06:39:09 -0400] "GET /file-upload/server/php/index.php?file=tf2rghf.jpg HTTP/1.1" 301 0 "-" "ALittle Client"
198.54.114.83 - - [03/Apr/2025:06:39:14 -0400] "POST /wp-admin/admin-ajax.php?action=async_litespeed&nonce=8qHnYaTQTn9AUxH3NJKYAdPUeBcMUO7z&litespeed_type=imgoptm HTTP/1.1" 200 0 "-" "WordPress/6.7.2; https://grimslut.com"
47.79.119.35 - - [03/Apr/2025:06:40:05 -0400] "GET /category/stock-trading/ HTTP/1.1" 200 12193 "-" "Mozilla/5.0 (Windows NT 10.0; Win64; x64) AppleWebKit/537.36 (KHTML, like Gecko) Chrome/121.0.0.0 Safari/537.36 Edg/121.0.0.0"
198.54.114.83 - - [03/Apr/2025:06:40:14 -0400] "POST /wp-cron.php?doing_wp_cron=1743676814.1049230098724365234375 HTTP/1.1" 200 0 "-" "WordPress/6.7.2; https://grimslut.com"
194.38.23.16 - - [03/Apr/2025:06:40:13 -0400] "GET /file-upload/server/php/?file=tf2rghf.jpg HTTP/1.1" 404 10270 "-" "ALittle Client"
198.54.114.83 - - [03/Apr/2025:06:40:14 -0400] "POST /wp-admin/admin-ajax.php?action=async_litespeed&nonce=7CVAe7zCa2wwYF4DBx0ljm0V4RsXDXRc&litespeed_type=imgoptm HTTP/1.1" 200 5 "-" "WordPress/6.7.2; https://grimslut.com"
198.54.114.83 - - [03/Apr/2025:06:49:58 -0400] "POST /wp-cron.php?doing_wp_cron=1743677398.1134738922119140625000 HTTP/1.1" 200 0 "-" "WordPress/6.7.2; https://grimslut.com"
47.79.7.68 - - [03/Apr/2025:06:49:55 -0400] "GET /category/automotive/ HTTP/1.1" 200 12182 "-" "Mozilla/5.0 (iPhone; CPU iPhone OS 17_1 like Mac OS X) AppleWebKit/605.1.15 (KHTML, like Gecko) EdgiOS/121.0.2277.107 Version/17.0 Mobile/15E148 Safari/604.1"
198.54.114.83 - - [03/Apr/2025:06:50:00 -0400] "POST /wp-admin/admin-ajax.php?action=async_litespeed&nonce=NwG4Hp4bnMFzFVrE4BoYLGZX4WLhfTN4&litespeed_type=imgoptm HTTP/1.1" 200 0 "-" "WordPress/6.7.2; https://grimslut.com"
45.61.187.191 - - [03/Apr/2025:06:51:09 -0400] "GET /wp-login.php HTTP/1.1" 200 1951 "-" "Mozilla/5.0 (Macintosh; Intel Mac OS X 10_9_4) AppleWebKit/537.77.4 (KHTML, like Gecko) Version/7.0.5 Safari/537.77.4"
198.54.114.83 - - [03/Apr/2025:06:51:11 -0400] "POST /wp-cron.php?doing_wp_cron=1743677471.5541369915008544921875 HTTP/1.1" 200 0 "-" "WordPress/6.7.2; https://grimslut.com"
45.61.187.191 - - [03/Apr/2025:06:51:11 -0400] "POST /wp-login.php HTTP/1.1" 200 2086 "-" "Mozilla/5.0 (Macintosh; Intel Mac OS X 10_9_4) AppleWebKit/537.77.4 (KHTML, like Gecko) Version/7.0.5 Safari/537.77.4"
198.54.114.83 - - [03/Apr/2025:06:51:12 -0400] "POST /wp-admin/admin-ajax.php?action=async_litespeed&nonce=NkK3uOecO0MaDx2JwDIavJp7yMeQDmA5&litespeed_type=imgoptm HTTP/1.1" 200 0 "-" "WordPress/6.7.2; https://grimslut.com"
198.54.114.83 - - [03/Apr/2025:06:56:09 -0400] "POST /wp-cron.php?doing_wp_cron=1743677768.8501799106597900390625 HTTP/1.1" 200 0 "-" "WordPress/6.7.2; https://grimslut.com"
66.249.71.165 - - [03/Apr/2025:06:56:05 -0400] "GET /umzugsunternehmen-in-hamburg-fur-einen-stressfreien-umzug/feed/ HTTP/1.1" 200 421 "-" "Mozilla/5.0 (Linux; Android 6.0.1; Nexus 5X Build/MMB29P) AppleWebKit/537.36 (KHTML, like Gecko) Chrome/134.0.6998.165 Mobile Safari/537.36 (compatible; Googlebot/2.1; +http://www.google.com/bot.html)"
198.54.114.83 - - [03/Apr/2025:06:56:09 -0400] "POST /wp-admin/admin-ajax.php?action=async_litespeed&nonce=rdHrpFyN81CiUsjy586EKw2yhLsX3EAj&litespeed_type=imgoptm HTTP/1.1" 200 0 "-" "WordPress/6.7.2; https://grimslut.com"
170.106.35.187 - - [03/Apr/2025:07:11:50 -0400] "GET / HTTP/1.1" 200 20851 "http://grimslut.com" "Mozilla/5.0 (iPhone; CPU iPhone OS 13_2_3 like Mac OS X) AppleWebKit/605.1.15 (KHTML, like Gecko) Version/13.0.3 Mobile/15E148 Safari/604.1"
198.54.114.83 - - [03/Apr/2025:07:21:23 -0400] "POST /wp-cron.php?doing_wp_cron=1743679282.8336169719696044921875 HTTP/1.1" 200 0 "-" "WordPress/6.7.2; https://grimslut.com"
198.54.114.83 - - [03/Apr/2025:07:21:23 -0400] "POST /wp-admin/admin-ajax.php?action=async_litespeed&nonce=QLfspMWheoZyXYeImqHOnUfRrW4A1Lmt&litespeed_type=imgoptm HTTP/1.1" 200 0 "-" "WordPress/6.7.2; https://grimslut.com"
114.119.132.89 - - [03/Apr/2025:07:21:19 -0400] "GET /2024/10/ HTTP/1.1" 200 14721 "https://grimslut.com/revolutionizing-online-entertainment/" "Mozilla/5.0 (Linux; Android 7.0;) AppleWebKit/537.36 (KHTML, like Gecko) Mobile Safari/537.36 (compatible; PetalBot;+https://webmaster.petalsearch.com/site/petalbot)"
43.133.139.6 - - [03/Apr/2025:07:25:10 -0400] "GET / HTTP/1.1" 200 20851 "-" "Mozilla/5.0 (iPhone; CPU iPhone OS 13_2_3 like Mac OS X) AppleWebKit/605.1.15 (KHTML, like Gecko) Version/13.0.3 Mobile/15E148 Safari/604.1"
198.98.48.90 - - [03/Apr/2025:07:31:37 -0400] "GET /wp-login.php HTTP/1.1" 200 1951 "-" "Mozilla/5.0 (Macintosh; Intel Mac OS X 10_10_0) AppleWebKit/537.36 (KHTML, like Gecko) Chrome/36.0.1985.125 Safari/537.36"
198.54.114.83 - - [03/Apr/2025:07:31:53 -0400] "POST /wp-cron.php?doing_wp_cron=1743679912.8158318996429443359375 HTTP/1.1" 200 0 "-" "WordPress/6.7.2; https://grimslut.com"
198.98.48.90 - - [03/Apr/2025:07:31:48 -0400] "POST /wp-login.php HTTP/1.1" 200 2087 "-" "Mozilla/5.0 (Macintosh; Intel Mac OS X 10_10_0) AppleWebKit/537.36 (KHTML, like Gecko) Chrome/36.0.1985.125 Safari/537.36"
198.54.114.83 - - [03/Apr/2025:07:31:53 -0400] "POST /wp-admin/admin-ajax.php?action=async_litespeed&nonce=sMknSUcJbQX5r5ZSNyawo07BouobaR5U&litespeed_type=imgoptm HTTP/1.1" 200 5 "-" "WordPress/6.7.2; https://grimslut.com"
198.54.114.83 - - [03/Apr/2025:07:39:37 -0400] "POST /wp-cron.php?doing_wp_cron=1743680377.3391621112823486328125 HTTP/1.1" 200 0 "-" "WordPress/6.7.2; https://grimslut.com"
43.130.34.74 - - [03/Apr/2025:07:39:35 -0400] "GET /the-new-era-of-wedding-invitations-with-rsvp/ HTTP/1.1" 200 15823 "-" "Mozilla/5.0 (iPhone; CPU iPhone OS 13_2_3 like Mac OS X) AppleWebKit/605.1.15 (KHTML, like Gecko) Version/13.0.3 Mobile/15E148 Safari/604.1"
198.54.114.83 - - [03/Apr/2025:07:39:37 -0400] "POST /wp-admin/admin-ajax.php?action=async_litespeed&nonce=p1OKrom0oKVyWAJiayrDLQxHiwbR29TM&litespeed_type=imgoptm HTTP/1.1" 200 5 "-" "WordPress/6.7.2; https://grimslut.com"
185.117.225.255 - - [03/Apr/2025:07:44:22 -0400] "GET /robots.txt HTTP/1.1" 200 61 "-" "python-requests/2.31.0"
185.117.225.255 - - [03/Apr/2025:07:44:24 -0400] "GET / HTTP/1.1" 200 20851 "-" "Mozilla/5.0 (compatible; BitSightBot/1.0)"
185.117.225.255 - - [03/Apr/2025:07:44:25 -0400] "GET /wp-content/themes/bloghash/assets/css/swiper-bundle.min.css?ver=6.7.2 HTTP/1.1" 200 4496 "https://grimslut.com/" "Mozilla/5.0 (compatible; BitSightBot/1.0)"
185.117.225.255 - - [03/Apr/2025:07:44:25 -0400] "GET /wp-includes/js/jquery/jquery.min.js?ver=3.7.1 HTTP/1.1" 304 0 "https://grimslut.com/" "Mozilla/5.0 (compatible; BitSightBot/1.0)"
185.117.225.255 - - [03/Apr/2025:07:44:25 -0400] "GET /wp-includes/js/jquery/jquery-migrate.min.js?ver=3.4.1 HTTP/1.1" 200 4678 "https://grimslut.com/" "Mozilla/5.0 (compatible; BitSightBot/1.0)"
185.117.225.255 - - [03/Apr/2025:07:44:25 -0400] "GET /wp-content/uploads/bloghash/dynamic-styles.css?ver=1743122686 HTTP/1.1" 200 4798 "https://grimslut.com/" "Mozilla/5.0 (compatible; BitSightBot/1.0)"
185.117.225.255 - - [03/Apr/2025:07:44:25 -0400] "GET /wp-includes/js/imagesloaded.min.js?ver=5.0.0 HTTP/1.1" 200 1687 "https://grimslut.com/" "Mozilla/5.0 (compatible; BitSightBot/1.0)"
185.117.225.255 - - [03/Apr/2025:07:44:25 -0400] "GET /wp-content/themes/bloghash/assets/js/bloghash.min.js?ver=1.0.20 HTTP/1.1" 304 0 "https://grimslut.com/" "Mozilla/5.0 (compatible; BitSightBot/1.0)"
185.117.225.255 - - [03/Apr/2025:07:44:25 -0400] "GET /wp-content/themes/bloghash/assets/js/vendors/swiper-bundle.min.js?ver=6.7.2 HTTP/1.1" 304 0 "https://grimslut.com/" "Mozilla/5.0 (compatible; BitSightBot/1.0)"
185.117.225.255 - - [03/Apr/2025:07:44:25 -0400] "GET /wp-content/themes/bloghash/assets/js/vendors/vanilla-marquee.min.js?ver=1.0.20 HTTP/1.1" 200 2023 "https://grimslut.com/" "Mozilla/5.0 (compatible; BitSightBot/1.0)"
185.117.225.255 - - [03/Apr/2025:07:44:25 -0400] "GET /wp-content/themes/bloghash/assets/js/bloghash-slider.min.js?ver=1.0.20 HTTP/1.1" 200 253 "https://grimslut.com/" "Mozilla/5.0 (compatible; BitSightBot/1.0)"
185.117.225.255 - - [03/Apr/2025:07:44:27 -0400] "GET /wp-includes/js/wp-emoji-release.min.js?ver=6.7.2 HTTP/1.1" 304 0 "https://grimslut.com/" "Mozilla/5.0 (compatible; BitSightBot/1.0)"
198.54.114.83 - - [03/Apr/2025:07:45:15 -0400] "POST /wp-cron.php?doing_wp_cron=1743680715.3571720123291015625000 HTTP/1.1" 200 0 "-" "WordPress/6.7.2; https://grimslut.com"
43.165.70.220 - - [03/Apr/2025:07:45:13 -0400] "GET /key-mocra-requirements-for-businesses/ HTTP/1.1" 200 15685 "-" "Mozilla/5.0 (iPhone; CPU iPhone OS 13_2_3 like Mac OS X) AppleWebKit/605.1.15 (KHTML, like Gecko) Version/13.0.3 Mobile/15E148 Safari/604.1"
198.54.114.83 - - [03/Apr/2025:07:45:16 -0400] "POST /wp-admin/admin-ajax.php?action=async_litespeed&nonce=GSaqG6PC7GzxIFfVmxYZVNJAlLl7cZN6&litespeed_type=imgoptm HTTP/1.1" 200 5 "-" "WordPress/6.7.2; https://grimslut.com"
45.61.184.34 - - [03/Apr/2025:07:50:31 -0400] "GET /wp-login.php HTTP/1.1" 200 1951 "-" "Mozilla/5.0 (X11; Ubuntu; Linux x86_64; rv:31.0) Gecko/20100101 Firefox/31.0"
198.54.114.83 - - [03/Apr/2025:07:50:34 -0400] "POST /wp-cron.php?doing_wp_cron=1743681034.5573339462280273437500 HTTP/1.1" 200 0 "-" "WordPress/6.7.2; https://grimslut.com"
45.61.184.34 - - [03/Apr/2025:07:50:31 -0400] "POST /wp-login.php HTTP/1.1" 200 2086 "-" "Mozilla/5.0 (X11; Ubuntu; Linux x86_64; rv:31.0) Gecko/20100101 Firefox/31.0"
198.54.114.83 - - [03/Apr/2025:07:50:35 -0400] "POST /wp-admin/admin-ajax.php?action=async_litespeed&nonce=jDaZLifyhyxf1zkEhiqw6kqwfSHWJME2&litespeed_type=imgoptm HTTP/1.1" 200 5 "-" "WordPress/6.7.2; https://grimslut.com"
198.54.114.83 - - [03/Apr/2025:07:56:54 -0400] "POST /wp-cron.php?doing_wp_cron=1743681414.3982241153717041015625 HTTP/1.1" 200 0 "-" "WordPress/6.7.2; https://grimslut.com"
198.54.114.83 - - [03/Apr/2025:07:56:54 -0400] "POST /wp-admin/admin-ajax.php?action=async_litespeed&nonce=uctK0HzZIslFc0sXyfEeplcvDTFRUmka&litespeed_type=imgoptm HTTP/1.1" 200 5 "-" "WordPress/6.7.2; https://grimslut.com"
49.51.50.147 - - [03/Apr/2025:07:56:52 -0400] "GET /erfahrungen-mit-dem-umzugsunternehmen-in-luneburg/ HTTP/1.1" 200 15811 "-" "Mozilla/5.0 (iPhone; CPU iPhone OS 13_2_3 like Mac OS X) AppleWebKit/605.1.15 (KHTML, like Gecko) Version/13.0.3 Mobile/15E148 Safari/604.1"
198.54.114.83 - - [03/Apr/2025:08:06:00 -0400] "POST /wp-cron.php?doing_wp_cron=1743681960.3956840038299560546875 HTTP/1.1" 200 0 "-" "WordPress/6.7.2; https://grimslut.com"
43.130.71.237 - - [03/Apr/2025:08:05:58 -0400] "GET /erstklassiger-umzugsservice-in-luneburg/ HTTP/1.1" 200 15616 "-" "Mozilla/5.0 (iPhone; CPU iPhone OS 13_2_3 like Mac OS X) AppleWebKit/605.1.15 (KHTML, like Gecko) Version/13.0.3 Mobile/15E148 Safari/604.1"
198.54.114.83 - - [03/Apr/2025:08:06:00 -0400] "POST /wp-admin/admin-ajax.php?action=async_litespeed&nonce=B7bWDYrpCHb0fo8wElAMg1bgBLmtwStq&litespeed_type=imgoptm HTTP/1.1" 200 5 "-" "WordPress/6.7.2; https://grimslut.com"
198.54.114.83 - - [03/Apr/2025:08:09:23 -0400] "POST /wp-cron.php?doing_wp_cron=1743682163.7470879554748535156250 HTTP/1.1" 200 0 "-" "WordPress/6.7.2; https://grimslut.com"
47.79.3.184 - - [03/Apr/2025:08:09:21 -0400] "GET /category/arts-entertainments/ HTTP/1.1" 200 14763 "-" "Mozilla/5.0 (Windows NT 10.0; Win64; x64) AppleWebKit/537.36 (KHTML, like Gecko) Chrome/121.0.0.0 Safari/537.36 Edg/121.0.0.0"
198.54.114.83 - - [03/Apr/2025:08:09:24 -0400] "POST /wp-admin/admin-ajax.php?action=async_litespeed&nonce=VmWKS8ytY5F3iKng5AyKMsEdwao8ohiB&litespeed_type=imgoptm HTTP/1.1" 200 5 "-" "WordPress/6.7.2; https://grimslut.com"
205.169.39.5 - - [03/Apr/2025:08:12:14 -0400] "GET / HTTP/1.1" 200 20851 "http://grimslut.com" "Mozilla/5.0 (Windows NT 10.0) AppleWebKit/537.36 (KHTML, like Gecko) Chrome/106.0.0.0 Safari/537.36"
198.54.114.83 - - [03/Apr/2025:08:14:28 -0400] "POST /wp-cron.php?doing_wp_cron=1743682468.7617530822753906250000 HTTP/1.1" 200 0 "-" "WordPress/6.7.2; https://grimslut.com"
43.157.95.131 - - [03/Apr/2025:08:14:26 -0400] "GET /haushaltsauflosung-in-luneburg-effektiv-und-professionell/ HTTP/1.1" 200 15972 "-" "Mozilla/5.0 (iPhone; CPU iPhone OS 13_2_3 like Mac OS X) AppleWebKit/605.1.15 (KHTML, like Gecko) Version/13.0.3 Mobile/15E148 Safari/604.1"
198.54.114.83 - - [03/Apr/2025:08:14:29 -0400] "POST /wp-admin/admin-ajax.php?action=async_litespeed&nonce=a7soBV8osagDd5njIgP2400zfuvOqi2T&litespeed_type=imgoptm HTTP/1.1" 200 5 "-" "WordPress/6.7.2; https://grimslut.com"
198.98.60.74 - - [03/Apr/2025:08:15:02 -0400] "GET / HTTP/1.1" 200 20851 "https://grimslut.com/login" "Mozilla/5.0 (Windows NT 6.1; WOW64; rv:54.0) Gecko/20100101 Firefox/54.0"
198.98.60.74 - - [03/Apr/2025:08:15:03 -0400] "GET /wp-login.php HTTP/1.1" 200 1951 "https://grimslut.com/login" "Mozilla/5.0 (Windows NT 6.1; WOW64; rv:54.0) Gecko/20100101 Firefox/54.0"
165.154.227.239 - - [03/Apr/2025:08:16:50 -0400] "GET / HTTP/1.1" 200 20851 "-" "Embarcadero URI Client/1.0"
143.110.177.0 - - [03/Apr/2025:08:26:49 -0400] "GET /wp-login.php HTTP/1.1" 200 1951 "-" "GRequests/0.10"
198.54.114.83 - - [03/Apr/2025:08:26:52 -0400] "POST /wp-cron.php?doing_wp_cron=1743683212.4252960681915283203125 HTTP/1.1" 200 0 "-" "WordPress/6.7.2; https://grimslut.com"
143.110.177.0 - - [03/Apr/2025:08:26:50 -0400] "POST /wp-login.php HTTP/1.1" 200 2086 "-" "GRequests/0.10"
198.54.114.83 - - [03/Apr/2025:08:26:52 -0400] "POST /wp-admin/admin-ajax.php?action=async_litespeed&nonce=5c0c0mQMJfHDsaIrK73MXUDGZJ8FArab&litespeed_type=imgoptm HTTP/1.1" 200 5 "-" "WordPress/6.7.2; https://grimslut.com"
43.166.136.202 - - [03/Apr/2025:08:27:06 -0400] "GET /retro-bowl-a-nostalgic-sports-game-revolution/ HTTP/1.1" 200 15527 "-" "Mozilla/5.0 (iPhone; CPU iPhone OS 13_2_3 like Mac OS X) AppleWebKit/605.1.15 (KHTML, like Gecko) Version/13.0.3 Mobile/15E148 Safari/604.1"
101.32.208.70 - - [03/Apr/2025:08:37:20 -0400] "GET /the-new-era-of-wedding-invitations-with-rsvp/ HTTP/1.1" 200 15823 "-" "Mozilla/5.0 (iPhone; CPU iPhone OS 13_2_3 like Mac OS X) AppleWebKit/605.1.15 (KHTML, like Gecko) Version/13.0.3 Mobile/15E148 Safari/604.1"
198.54.114.83 - - [03/Apr/2025:08:46:52 -0400] "POST /wp-cron.php?doing_wp_cron=1743684412.6660890579223632812500 HTTP/1.1" 200 0 "-" "WordPress/6.7.2; https://grimslut.com"
101.32.208.70 - - [03/Apr/2025:08:46:49 -0400] "GET /category/sports/ HTTP/1.1" 200 12194 "-" "Mozilla/5.0 (iPhone; CPU iPhone OS 13_2_3 like Mac OS X) AppleWebKit/605.1.15 (KHTML, like Gecko) Version/13.0.3 Mobile/15E148 Safari/604.1"
47.82.28.154 - - [03/Apr/2025:08:46:52 -0400] "GET /2023/12/ HTTP/1.1" 200 14355 "-" "Mozilla/5.0 (Windows NT 10.0; Win64; x64) AppleWebKit/537.36 (KHTML, like Gecko) Chrome/122.0.0.0 Safari/537.36"
