216.41.235.2 - - [03/Apr/2025:22:36:14 -0400] "GET /wp-includes/js/jquery/jquery-migrate.min.js?ver=3.4.1 HTTP/1.1" 200 4678 "https://grimslut.com/ihr-zuverlassiger-partner/" "Mozilla/5.0 (X11; Linux x86_64) AppleWebKit/537.36 (KHTML, like Gecko) Chrome/133.0.0.0 Safari/537.36"
216.41.235.2 - - [03/Apr/2025:22:36:14 -0400] "GET /wp-content/uploads/bloghash/dynamic-styles.css?ver=1743122686 HTTP/1.1" 200 4798 "https://grimslut.com/ihr-zuverlassiger-partner/" "Mozilla/5.0 (X11; Linux x86_64) AppleWebKit/537.36 (KHTML, like Gecko) Chrome/133.0.0.0 Safari/537.36"
216.41.235.2 - - [03/Apr/2025:22:36:14 -0400] "GET /wp-includes/js/imagesloaded.min.js?ver=5.0.0 HTTP/1.1" 200 1687 "https://grimslut.com/ihr-zuverlassiger-partner/" "Mozilla/5.0 (X11; Linux x86_64) AppleWebKit/537.36 (KHTML, like Gecko) Chrome/133.0.0.0 Safari/537.36"
216.41.235.2 - - [03/Apr/2025:22:36:14 -0400] "GET /wp-content/themes/bloghash/assets/css/style.min.css?ver=1.0.20 HTTP/1.1" 200 43134 "https://grimslut.com/ihr-zuverlassiger-partner/" "Mozilla/5.0 (X11; Linux x86_64) AppleWebKit/537.36 (KHTML, like Gecko) Chrome/133.0.0.0 Safari/537.36"
216.41.235.2 - - [03/Apr/2025:22:36:14 -0400] "GET /wp-content/themes/bloghash/assets/css/swiper-bundle.min.css?ver=6.7.2 HTTP/1.1" 200 4496 "https://grimslut.com/ihr-zuverlassiger-partner/" "Mozilla/5.0 (X11; Linux x86_64) AppleWebKit/537.36 (KHTML, like Gecko) Chrome/133.0.0.0 Safari/537.36"
216.41.235.2 - - [03/Apr/2025:22:36:14 -0400] "GET /wp-includes/js/jquery/jquery.min.js?ver=3.7.1 HTTP/1.1" 200 29744 "https://grimslut.com/ihr-zuverlassiger-partner/" "Mozilla/5.0 (X11; Linux x86_64) AppleWebKit/537.36 (KHTML, like Gecko) Chrome/133.0.0.0 Safari/537.36"
216.41.235.2 - - [03/Apr/2025:22:36:14 -0400] "GET /wp-includes/css/dist/block-library/style.min.css?ver=6.7.2 HTTP/1.1" 200 14225 "https://grimslut.com/ihr-zuverlassiger-partner/" "Mozilla/5.0 (X11; Linux x86_64) AppleWebKit/537.36 (KHTML, like Gecko) Chrome/133.0.0.0 Safari/537.36"
216.41.235.2 - - [03/Apr/2025:22:36:14 -0400] "GET /wp-content/themes/bloghash/assets/css/all.min.css?ver=5.15.4 HTTP/1.1" 200 12406 "https://grimslut.com/ihr-zuverlassiger-partner/" "Mozilla/5.0 (X11; Linux x86_64) AppleWebKit/537.36 (KHTML, like Gecko) Chrome/133.0.0.0 Safari/537.36"
216.41.235.2 - - [03/Apr/2025:22:36:15 -0400] "GET /wp-content/themes/bloghash/assets/js/vendors/swiper-bundle.min.js?ver=6.7.2 HTTP/1.1" 200 39606 "https://grimslut.com/ihr-zuverlassiger-partner/" "Mozilla/5.0 (X11; Linux x86_64) AppleWebKit/537.36 (KHTML, like Gecko) Chrome/133.0.0.0 Safari/537.36"
216.41.235.2 - - [03/Apr/2025:22:36:15 -0400] "GET /wp-content/themes/bloghash/assets/js/bloghash.min.js?ver=1.0.20 HTTP/1.1" 200 5141 "https://grimslut.com/ihr-zuverlassiger-partner/" "Mozilla/5.0 (X11; Linux x86_64) AppleWebKit/537.36 (KHTML, like Gecko) Chrome/133.0.0.0 Safari/537.36"
216.41.235.2 - - [03/Apr/2025:22:36:15 -0400] "GET /wp-includes/js/comment-reply.min.js?ver=6.7.2 HTTP/1.1" 200 1247 "https://grimslut.com/ihr-zuverlassiger-partner/" "Mozilla/5.0 (X11; Linux x86_64) AppleWebKit/537.36 (KHTML, like Gecko) Chrome/133.0.0.0 Safari/537.36"
216.41.235.2 - - [03/Apr/2025:22:36:17 -0400] "GET /wp-includes/js/wp-emoji-release.min.js?ver=6.7.2 HTTP/1.1" 200 4676 "https://grimslut.com/ihr-zuverlassiger-partner/" "Mozilla/5.0 (X11; Linux x86_64) AppleWebKit/537.36 (KHTML, like Gecko) Chrome/133.0.0.0 Safari/537.36"
216.41.235.2 - - [03/Apr/2025:22:36:17 -0400] "GET /favicon.ico HTTP/1.1" 404 1251 "https://grimslut.com/ihr-zuverlassiger-partner/" "Mozilla/5.0 (X11; Linux x86_64) AppleWebKit/537.36 (KHTML, like Gecko) Chrome/133.0.0.0 Safari/537.36"
109.123.236.97 - - [03/Apr/2025:22:37:52 -0400] "GET /wp-login.php HTTP/1.1" 200 1951 "-" "GRequests/0.10"
198.54.114.83 - - [03/Apr/2025:22:37:55 -0400] "POST /wp-cron.php?doing_wp_cron=1743734275.4088189601898193359375 HTTP/1.1" 200 0 "-" "WordPress/6.7.2; https://grimslut.com"
109.123.236.97 - - [03/Apr/2025:22:37:53 -0400] "POST /wp-login.php HTTP/1.1" 200 2086 "-" "GRequests/0.10"
198.54.114.83 - - [03/Apr/2025:22:37:55 -0400] "POST /wp-admin/admin-ajax.php?action=async_litespeed&nonce=cqz3k2Vsb4k6qssYgBwuoo8nF6OZyQbs&litespeed_type=imgoptm HTTP/1.1" 200 5 "-" "WordPress/6.7.2; https://grimslut.com"
198.54.114.83 - - [03/Apr/2025:22:40:12 -0400] "POST /wp-cron.php?doing_wp_cron=1743734412.0519700050354003906250 HTTP/1.1" 200 0 "-" "WordPress/6.7.2; https://grimslut.com"
43.153.135.208 - - [03/Apr/2025:22:40:09 -0400] "GET /?p=555 HTTP/1.1" 301 0 "-" "Mozilla/5.0 (iPhone; CPU iPhone OS 13_2_3 like Mac OS X) AppleWebKit/605.1.15 (KHTML, like Gecko) Version/13.0.3 Mobile/15E148 Safari/604.1"
198.54.114.83 - - [03/Apr/2025:22:40:13 -0400] "POST /wp-admin/admin-ajax.php?action=async_litespeed&nonce=3ELNk3TjMUa7J4yxP7KR2QOyMm0VP3jc&litespeed_type=imgoptm HTTP/1.1" 200 0 "-" "WordPress/6.7.2; https://grimslut.com"
43.153.135.208 - - [03/Apr/2025:22:40:15 -0400] "GET /ihr-umzugsunternehmen-in-luneburg/ HTTP/1.1" 200 15464 "https://grimslut.com/?p=555" "Mozilla/5.0 (iPhone; CPU iPhone OS 13_2_3 like Mac OS X) AppleWebKit/605.1.15 (KHTML, like Gecko) Version/13.0.3 Mobile/15E148 Safari/604.1"
195.2.76.183 - - [03/Apr/2025:22:47:10 -0400] "GET /exploring-the-multicanais-phenomenon/ HTTP/1.1" 200 15499 "https://grimslut.com/exploring-the-multicanais-phenomenon/" "Mozilla/5.0 (Windows NT 10.0; Win64; x64) AppleWebKit/537.36 (KHTML, like Gecko) Chrome/130.0.0.0 Safari/537.36"
198.54.114.83 - - [03/Apr/2025:22:47:13 -0400] "POST /wp-cron.php?doing_wp_cron=1743734833.2652029991149902343750 HTTP/1.1" 200 0 "-" "WordPress/6.7.2; https://grimslut.com"
195.2.76.183 - - [03/Apr/2025:22:47:11 -0400] "POST /wp-comments-post.php HTTP/1.1" 302 0 "https://grimslut.com/exploring-the-multicanais-phenomenon/" "Mozilla/5.0 (Windows NT 10.0; Win64; x64) AppleWebKit/537.36 (KHTML, like Gecko) Chrome/130.0.0.0 Safari/537.36"
198.54.114.83 - - [03/Apr/2025:22:47:13 -0400] "POST /wp-admin/admin-ajax.php?action=async_litespeed&nonce=W8Q6EZXAAyzS6O7l5DXLrCML5s7jYuJE&litespeed_type=imgoptm HTTP/1.1" 200 5 "-" "WordPress/6.7.2; https://grimslut.com"
195.2.76.183 - - [03/Apr/2025:22:47:14 -0400] "GET /exploring-the-multicanais-phenomenon/ HTTP/1.1" 200 17391 "https://grimslut.com/exploring-the-multicanais-phenomenon/#comment-6589" "Mozilla/5.0 (Windows NT 10.0; Win64; x64) AppleWebKit/537.36 (KHTML, like Gecko) Chrome/130.0.0.0 Safari/537.36"
198.54.114.83 - - [03/Apr/2025:22:51:59 -0400] "POST /wp-cron.php?doing_wp_cron=1743735119.2070078849792480468750 HTTP/1.1" 200 0 "-" "WordPress/6.7.2; https://grimslut.com"
43.173.1.69 - - [03/Apr/2025:22:51:57 -0400] "GET /wp-json/oembed/1.0/embed?url=https%3A%2F%2Fgrimslut.com%2Fihr-umzugsunternehmen-in-luneburg%2F HTTP/1.1" 200 2177 "-" "Mozilla/5.0 (iPhone; CPU iPhone OS 13_2_3 like Mac OS X) AppleWebKit/605.1.15 (KHTML, like Gecko) Version/13.0.3 Mobile/15E148 Safari/604.1"
198.54.114.83 - - [03/Apr/2025:22:51:59 -0400] "POST /wp-admin/admin-ajax.php?action=async_litespeed&nonce=BmRix9W9BGy7fyKMr0RgKuSjZaX345Jk&litespeed_type=imgoptm HTTP/1.1" 200 5 "-" "WordPress/6.7.2; https://grimslut.com"
66.249.79.230 - - [03/Apr/2025:23:05:17 -0400] "GET /leading-ivf-clinics-in-dubai-offering-advanced-fertility-treatments/ HTTP/1.1" 200 16094 "-" "Mozilla/5.0 (Linux; Android 6.0.1; Nexus 5X Build/MMB29P) AppleWebKit/537.36 (KHTML, like Gecko) Chrome/134.0.6998.165 Mobile Safari/537.36 (compatible; Googlebot/2.1; +http://www.google.com/bot.html)"
217.77.10.191 - - [03/Apr/2025:23:09:31 -0400] "GET /wp-login.php HTTP/1.1" 200 1951 "-" "GRequests/0.10"
198.54.114.83 - - [03/Apr/2025:23:09:33 -0400] "POST /wp-cron.php?doing_wp_cron=1743736173.3687369823455810546875 HTTP/1.1" 200 0 "-" "WordPress/6.7.2; https://grimslut.com"
217.77.10.191 - - [03/Apr/2025:23:09:31 -0400] "POST /wp-login.php HTTP/1.1" 200 2086 "-" "GRequests/0.10"
198.54.114.83 - - [03/Apr/2025:23:09:33 -0400] "POST /wp-admin/admin-ajax.php?action=async_litespeed&nonce=6dYCaJum7wslB0BWWWWSbhl6yxkKYcoC&litespeed_type=imgoptm HTTP/1.1" 200 5 "-" "WordPress/6.7.2; https://grimslut.com"
3.137.187.238 - - [03/Apr/2025:23:10:27 -0400] "GET /robots.txt HTTP/1.1" 304 0 "-" "Mozilla/5.0 AppleWebKit/537.36 (KHTML, like Gecko; compatible; ClaudeBot/1.0; +claudebot@anthropic.com)"
198.54.114.83 - - [03/Apr/2025:23:10:27 -0400] "POST /wp-cron.php?doing_wp_cron=1743736227.6464629173278808593750 HTTP/1.1" 200 0 "-" "WordPress/6.7.2; https://grimslut.com"
3.137.187.238 - - [03/Apr/2025:23:10:27 -0400] "GET /2023/page/2 HTTP/1.1" 301 0 "-" "Mozilla/5.0 AppleWebKit/537.36 (KHTML, like Gecko; compatible; ClaudeBot/1.0; +claudebot@anthropic.com)"
3.137.187.238 - - [03/Apr/2025:23:10:28 -0400] "GET /2023/page/2/ HTTP/1.1" 200 13490 "-" "Mozilla/5.0 AppleWebKit/537.36 (KHTML, like Gecko; compatible; ClaudeBot/1.0; +claudebot@anthropic.com)"
198.54.114.83 - - [03/Apr/2025:23:10:28 -0400] "POST /wp-admin/admin-ajax.php?action=async_litespeed&nonce=JoYzetCf2wKRNN6LsKDUKYPZquLmWCJJ&litespeed_type=imgoptm HTTP/1.1" 200 5 "-" "WordPress/6.7.2; https://grimslut.com"
3.137.187.238 - - [03/Apr/2025:23:10:28 -0400] "GET /wp-includes/js/jquery/jquery.min.js?ver=3.7.1 HTTP/1.1" 304 0 "https://grimslut.com/2023/page/2/" "Mozilla/5.0 AppleWebKit/537.36 (KHTML, like Gecko; compatible; ClaudeBot/1.0; +claudebot@anthropic.com)"
3.137.187.238 - - [03/Apr/2025:23:10:28 -0400] "GET /wp-content/themes/bloghash/assets/js/vendors/swiper-bundle.min.js?ver=6.7.2 HTTP/1.1" 304 0 "https://grimslut.com/2023/page/2/" "Mozilla/5.0 AppleWebKit/537.36 (KHTML, like Gecko; compatible; ClaudeBot/1.0; +claudebot@anthropic.com)"
3.137.187.238 - - [03/Apr/2025:23:10:28 -0400] "GET /wp-includes/js/imagesloaded.min.js?ver=5.0.0 HTTP/1.1" 304 0 "https://grimslut.com/2023/page/2/" "Mozilla/5.0 AppleWebKit/537.36 (KHTML, like Gecko; compatible; ClaudeBot/1.0; +claudebot@anthropic.com)"
3.137.187.238 - - [03/Apr/2025:23:10:28 -0400] "GET /wp-includes/js/jquery/jquery-migrate.min.js?ver=3.4.1 HTTP/1.1" 304 0 "https://grimslut.com/2023/page/2/" "Mozilla/5.0 AppleWebKit/537.36 (KHTML, like Gecko; compatible; ClaudeBot/1.0; +claudebot@anthropic.com)"
3.137.187.238 - - [03/Apr/2025:23:10:29 -0400] "GET /wp-content/themes/bloghash/assets/js/bloghash.min.js?ver=1.0.20 HTTP/1.1" 304 0 "https://grimslut.com/2023/page/2/" "Mozilla/5.0 AppleWebKit/537.36 (KHTML, like Gecko; compatible; ClaudeBot/1.0; +claudebot@anthropic.com)"
3.137.187.238 - - [03/Apr/2025:23:10:29 -0400] "GET /wp-includes/js/wp-emoji-release.min.js?ver=6.7.2 HTTP/1.1" 304 0 "https://grimslut.com/2023/page/2/" "Mozilla/5.0 AppleWebKit/537.36 (KHTML, like Gecko; compatible; ClaudeBot/1.0; +claudebot@anthropic.com)"
114.119.158.97 - - [03/Apr/2025:23:12:32 -0400] "GET /category/bitcoin/ HTTP/1.1" 200 12187 "https://grimslut.com/2024/10/" "Mozilla/5.0 (Linux; Android 7.0;) AppleWebKit/537.36 (KHTML, like Gecko) Mobile Safari/537.36 (compatible; PetalBot;+https://webmaster.petalsearch.com/site/petalbot)"
66.249.79.232 - - [03/Apr/2025:23:19:03 -0400] "GET /wp-includes/js/comment-reply.min.js?ver=6.7.2 HTTP/1.1" 200 1247 "https://grimslut.com/leading-ivf-clinics-in-dubai-offering-advanced-fertility-treatments/" "Mozilla/5.0 (Linux; Android 6.0.1; Nexus 5X Build/MMB29P) AppleWebKit/537.36 (KHTML, like Gecko) Chrome/134.0.6998.165 Mobile Safari/537.36 (compatible; Googlebot/2.1; +http://www.google.com/bot.html)"
198.54.114.83 - - [03/Apr/2025:23:21:44 -0400] "POST /wp-cron.php?doing_wp_cron=1743736904.3984560966491699218750 HTTP/1.1" 200 0 "-" "WordPress/6.7.2; https://grimslut.com"
18.222.140.52 - - [03/Apr/2025:23:21:42 -0400] "GET /einblick-in-das-jurastudium/feed HTTP/1.1" 301 0 "-" "Mozilla/5.0 AppleWebKit/537.36 (KHTML, like Gecko; compatible; ClaudeBot/1.0; +claudebot@anthropic.com)"
18.222.140.52 - - [03/Apr/2025:23:21:45 -0400] "GET /einblick-in-das-jurastudium/feed/ HTTP/1.1" 200 386 "-" "Mozilla/5.0 AppleWebKit/537.36 (KHTML, like Gecko; compatible; ClaudeBot/1.0; +claudebot@anthropic.com)"
198.54.114.83 - - [03/Apr/2025:23:21:45 -0400] "POST /wp-admin/admin-ajax.php?action=async_litespeed&nonce=Gh6P7VGOMS3DpXW3TDwm6qr7nLxUDaaV&litespeed_type=imgoptm HTTP/1.1" 200 5 "-" "WordPress/6.7.2; https://grimslut.com"
198.54.114.83 - - [03/Apr/2025:23:24:02 -0400] "POST /wp-cron.php?doing_wp_cron=1743737041.6618731021881103515625 HTTP/1.1" 200 0 "-" "WordPress/6.7.2; https://grimslut.com"
18.119.157.234 - - [03/Apr/2025:23:23:59 -0400] "GET /author/admin/page/8 HTTP/1.1" 301 0 "-" "Mozilla/5.0 AppleWebKit/537.36 (KHTML, like Gecko; compatible; ClaudeBot/1.0; +claudebot@anthropic.com)"
198.54.114.83 - - [03/Apr/2025:23:24:02 -0400] "POST /wp-admin/admin-ajax.php?action=async_litespeed&nonce=NqRvR4CumS8O4G420zy3XlfxBy10PPuU&litespeed_type=imgoptm HTTP/1.1" 200 5 "-" "WordPress/6.7.2; https://grimslut.com"
18.119.157.234 - - [03/Apr/2025:23:24:02 -0400] "GET /author/admin/page/8/ HTTP/1.1" 200 15204 "https://grimslut.com/author/admin/page/8" "Mozilla/5.0 AppleWebKit/537.36 (KHTML, like Gecko; compatible; ClaudeBot/1.0; +claudebot@anthropic.com)"
178.20.40.59 - - [03/Apr/2025:23:38:21 -0400] "GET /exploring-the-multicanais-phenomenon/ HTTP/1.1" 200 15499 "https://grimslut.com/exploring-the-multicanais-phenomenon/" "Mozilla/5.0 (Windows NT 10.0; Win64; x64) AppleWebKit/537.36 (KHTML, like Gecko) Chrome/131.0.0.0 Safari/537.36"
178.20.40.59 - - [03/Apr/2025:23:38:22 -0400] "POST /wp-comments-post.php HTTP/1.1" 302 0 "https://grimslut.com/exploring-the-multicanais-phenomenon/" "Mozilla/5.0 (Windows NT 10.0; Win64; x64) AppleWebKit/537.36 (KHTML, like Gecko) Chrome/131.0.0.0 Safari/537.36"
178.20.40.59 - - [03/Apr/2025:23:38:32 -0400] "GET /exploring-the-multicanais-phenomenon/ HTTP/1.1" 200 16187 "https://grimslut.com/exploring-the-multicanais-phenomenon/#comment-6590" "Mozilla/5.0 (Windows NT 10.0; Win64; x64) AppleWebKit/537.36 (KHTML, like Gecko) Chrome/131.0.0.0 Safari/537.36"
51.222.253.12 - - [03/Apr/2025:23:47:31 -0400] "GET /robots.txt HTTP/1.1" 200 61 "-" "Mozilla/5.0 (compatible; AhrefsBot/7.0; +http://ahrefs.com/robot/)"
51.222.253.16 - - [03/Apr/2025:23:47:34 -0400] "GET /crafting-memorable-experiences-through-corporate-event-entertainment/ HTTP/1.1" 200 15724 "-" "Mozilla/5.0 (compatible; AhrefsBot/7.0; +http://ahrefs.com/robot/)"
198.54.114.83 - - [03/Apr/2025:23:55:34 -0400] "POST /wp-cron.php?doing_wp_cron=1743738934.2384281158447265625000 HTTP/1.1" 200 0 "-" "WordPress/6.7.2; https://grimslut.com"
18.117.103.79 - - [03/Apr/2025:23:55:29 -0400] "GET /wp-json/oembed/1.0/embed?format=xml&url=https%3A%2F%2Fgrimslut.com%2Fstrategies-to-gain-shares%2F HTTP/1.1" 200 1033 "-" "Mozilla/5.0 AppleWebKit/537.36 (KHTML, like Gecko; compatible; ClaudeBot/1.0; +claudebot@anthropic.com)"
198.54.114.83 - - [03/Apr/2025:23:55:35 -0400] "POST /wp-admin/admin-ajax.php?action=async_litespeed&nonce=46bxHvY4Dc6R6TteEb2UCskIhJjwS2ED&litespeed_type=imgoptm HTTP/1.1" 200 0 "-" "WordPress/6.7.2; https://grimslut.com"
198.54.114.83 - - [04/Apr/2025:00:04:03 -0400] "POST /wp-cron.php?doing_wp_cron=1743739442.7908959388732910156250 HTTP/1.1" 200 0 "-" "WordPress/6.7.2; https://grimslut.com"
18.117.106.206 - - [04/Apr/2025:00:03:59 -0400] "GET /author/admin/page/9 HTTP/1.1" 301 0 "-" "Mozilla/5.0 AppleWebKit/537.36 (KHTML, like Gecko; compatible; ClaudeBot/1.0; +claudebot@anthropic.com)"
198.54.114.83 - - [04/Apr/2025:00:04:05 -0400] "POST /wp-admin/admin-ajax.php?action=async_litespeed&nonce=tc2Y881XJogsVLDSsfM7KcfJmKBfDIEj&litespeed_type=imgoptm HTTP/1.1" 200 0 "-" "WordPress/6.7.2; https://grimslut.com"
18.117.106.206 - - [04/Apr/2025:00:04:05 -0400] "GET /author/admin/page/9/ HTTP/1.1" 200 14874 "https://grimslut.com/author/admin/page/9" "Mozilla/5.0 AppleWebKit/537.36 (KHTML, like Gecko; compatible; ClaudeBot/1.0; +claudebot@anthropic.com)"
90.156.142.33 - - [04/Apr/2025:00:07:09 -0400] "GET /wp-login.php HTTP/1.1" 200 1951 "-" "GRequests/0.10"
198.54.114.83 - - [04/Apr/2025:00:07:17 -0400] "POST /wp-cron.php?doing_wp_cron=1743739636.4794149398803710937500 HTTP/1.1" 200 0 "-" "WordPress/6.7.2; https://grimslut.com"
90.156.142.33 - - [04/Apr/2025:00:07:10 -0400] "POST /wp-login.php HTTP/1.1" 200 2086 "-" "GRequests/0.10"
198.54.114.83 - - [04/Apr/2025:00:07:18 -0400] "POST /wp-admin/admin-ajax.php?action=async_litespeed&nonce=np3sIVDptwkGDURTEDPcmj5Fk5WlUV43&litespeed_type=imgoptm HTTP/1.1" 200 0 "-" "WordPress/6.7.2; https://grimslut.com"
198.54.114.83 - - [04/Apr/2025:00:28:13 -0400] "POST /wp-cron.php?doing_wp_cron=1743740892.8619070053100585937500 HTTP/1.1" 200 0 "-" "WordPress/6.7.2; https://grimslut.com"
3.16.147.165 - - [04/Apr/2025:00:28:10 -0400] "GET /author/admin/page/26 HTTP/1.1" 301 0 "-" "Mozilla/5.0 AppleWebKit/537.36 (KHTML, like Gecko; compatible; ClaudeBot/1.0; +claudebot@anthropic.com)"
198.54.114.83 - - [04/Apr/2025:00:28:14 -0400] "POST /wp-admin/admin-ajax.php?action=async_litespeed&nonce=HOi6APx9IEvCxP7gU7tJ4TDPnNPL0eSE&litespeed_type=imgoptm HTTP/1.1" 200 5 "-" "WordPress/6.7.2; https://grimslut.com"
3.16.147.165 - - [04/Apr/2025:00:28:14 -0400] "GET /author/admin/page/26/ HTTP/1.1" 200 15411 "https://grimslut.com/author/admin/page/26" "Mozilla/5.0 AppleWebKit/537.36 (KHTML, like Gecko; compatible; ClaudeBot/1.0; +claudebot@anthropic.com)"
18.224.16.219 - - [04/Apr/2025:00:28:57 -0400] "GET /the-instant-hot-water-dispenser HTTP/1.1" 301 0 "-" "Mozilla/5.0 AppleWebKit/537.36 (KHTML, like Gecko; compatible; ClaudeBot/1.0; +claudebot@anthropic.com)"
18.224.16.219 - - [04/Apr/2025:00:28:58 -0400] "GET /the-instant-hot-water-dispenser/ HTTP/1.1" 200 15277 "-" "Mozilla/5.0 AppleWebKit/537.36 (KHTML, like Gecko; compatible; ClaudeBot/1.0; +claudebot@anthropic.com)"
18.224.16.219 - - [04/Apr/2025:00:29:01 -0400] "GET /wp-includes/js/comment-reply.min.js?ver=6.7.2 HTTP/1.1" 304 0 "https://grimslut.com/the-instant-hot-water-dispenser/" "Mozilla/5.0 AppleWebKit/537.36 (KHTML, like Gecko; compatible; ClaudeBot/1.0; +claudebot@anthropic.com)"
198.54.114.83 - - [04/Apr/2025:00:38:10 -0400] "POST /wp-cron.php?doing_wp_cron=1743741489.7179489135742187500000 HTTP/1.1" 200 0 "-" "WordPress/6.7.2; https://grimslut.com"
18.191.44.99 - - [04/Apr/2025:00:38:06 -0400] "GET /wp-json/oembed/1.0/embed?url=https%3A%2F%2Fgrimslut.com%2Fthe-future-of-law-enforcement-understanding-electronic-warrants%2F HTTP/1.1" 200 2315 "-" "Mozilla/5.0 AppleWebKit/537.36 (KHTML, like Gecko; compatible; ClaudeBot/1.0; +claudebot@anthropic.com)"
198.54.114.83 - - [04/Apr/2025:00:38:10 -0400] "POST /wp-admin/admin-ajax.php?action=async_litespeed&nonce=PLh5MAZUKAbLVpI3sCDZ1qDpBOOFpRdq&litespeed_type=imgoptm HTTP/1.1" 200 0 "-" "WordPress/6.7.2; https://grimslut.com"
104.244.75.153 - - [04/Apr/2025:00:48:50 -0400] "GET /wp-login.php HTTP/1.1" 200 1951 "-" "Mozilla/5.0 (Macintosh; Intel Mac OS X 10.7; rv:31.0) Gecko/20100101 Firefox/31.0"
198.54.114.83 - - [04/Apr/2025:00:49:52 -0400] "POST /wp-cron.php?doing_wp_cron=1743742191.9173629283905029296875 HTTP/1.1" 200 0 "-" "WordPress/6.7.2; https://grimslut.com"
104.244.75.153 - - [04/Apr/2025:00:49:47 -0400] "POST /wp-login.php HTTP/1.1" 200 2087 "-" "Mozilla/5.0 (Macintosh; Intel Mac OS X 10.7; rv:31.0) Gecko/20100101 Firefox/31.0"
198.54.114.83 - - [04/Apr/2025:00:49:53 -0400] "POST /wp-admin/admin-ajax.php?action=async_litespeed&nonce=pgiKJwvSc0KInZGPiTiecVJr2O4C6jhB&litespeed_type=imgoptm HTTP/1.1" 200 0 "-" "WordPress/6.7.2; https://grimslut.com"
45.14.167.146 - - [04/Apr/2025:01:02:02 -0400] "GET /wp-login.php HTTP/1.1" 200 1951 "-" "GRequests/0.10"
198.54.114.83 - - [04/Apr/2025:01:02:08 -0400] "POST /wp-cron.php?doing_wp_cron=1743742927.6852300167083740234375 HTTP/1.1" 200 0 "-" "WordPress/6.7.2; https://grimslut.com"
45.14.167.146 - - [04/Apr/2025:01:02:03 -0400] "POST /wp-login.php HTTP/1.1" 200 2086 "-" "GRequests/0.10"
198.54.114.83 - - [04/Apr/2025:01:02:09 -0400] "POST /wp-admin/admin-ajax.php?action=async_litespeed&nonce=TVQhahOK0giJ471qOmvIA3HFZEBYpe9j&litespeed_type=imgoptm HTTP/1.1" 200 0 "-" "WordPress/6.7.2; https://grimslut.com"
198.54.114.83 - - [04/Apr/2025:01:17:02 -0400] "POST /wp-cron.php?doing_wp_cron=1743743822.0938689708709716796875 HTTP/1.1" 200 0 "-" "WordPress/6.7.2; https://grimslut.com"
18.222.35.177 - - [04/Apr/2025:01:16:59 -0400] "GET /wp-json/wp/v2/posts/213 HTTP/1.1" 200 3636 "-" "Mozilla/5.0 AppleWebKit/537.36 (KHTML, like Gecko; compatible; ClaudeBot/1.0; +claudebot@anthropic.com)"
198.54.114.83 - - [04/Apr/2025:01:17:02 -0400] "POST /wp-admin/admin-ajax.php?action=async_litespeed&nonce=iSw2hAPYhb7nvHU5l35yFchqEAiXGM56&litespeed_type=imgoptm HTTP/1.1" 200 5 "-" "WordPress/6.7.2; https://grimslut.com"
209.141.35.103 - - [04/Apr/2025:01:20:36 -0400] "GET / HTTP/1.1" 200 20851 "https://grimslut.com" "Mozilla/5.0 (Windows NT 10.0; Win64; x64) AppleWebKit/537.36 (KHTML, like Gecko) Chrome/58.0.3029.110 Safari/537.36"
209.141.35.103 - - [04/Apr/2025:01:20:37 -0400] "GET /wp-login.php HTTP/1.1" 200 1951 "https://grimslut.com" "Mozilla/5.0 (Windows NT 10.0; Win64; x64) AppleWebKit/537.36 (KHTML, like Gecko) Chrome/58.0.3029.110 Safari/537.36"
51.222.253.18 - - [04/Apr/2025:01:34:03 -0400] "GET /enhancing-client-communication-with-a-real-estate-answering-service/ HTTP/1.1" 200 15868 "-" "Mozilla/5.0 (compatible; AhrefsBot/7.0; +http://ahrefs.com/robot/)"
202.8.43.52 - - [04/Apr/2025:01:34:14 -0400] "GET /wp-includes/css/dist/block-library/style.min.css?ver=6.7.2 HTTP/1.1" 200 14225 "https://grimslut.com/enhancing-client-communication-with-a-real-estate-answering-service/" "Mozilla/5.0 (compatible; AhrefsBot/7.0; +http://ahrefs.com/robot/)"
202.8.43.52 - - [04/Apr/2025:01:34:14 -0400] "GET /wp-content/themes/bloghash/assets/css/all.min.css?ver=5.15.4 HTTP/1.1" 200 12406 "https://grimslut.com/enhancing-client-communication-with-a-real-estate-answering-service/" "Mozilla/5.0 (compatible; AhrefsBot/7.0; +http://ahrefs.com/robot/)"
202.8.43.52 - - [04/Apr/2025:01:34:14 -0400] "GET /wp-content/themes/bloghash/assets/css/swiper-bundle.min.css?ver=6.7.2 HTTP/1.1" 200 4496 "https://grimslut.com/enhancing-client-communication-with-a-real-estate-answering-service/" "Mozilla/5.0 (compatible; AhrefsBot/7.0; +http://ahrefs.com/robot/)"
202.8.43.52 - - [04/Apr/2025:01:34:17 -0400] "GET /wp-content/themes/bloghash/assets/js/bloghash.min.js?ver=1.0.20 HTTP/1.1" 304 0 "https://grimslut.com/enhancing-client-communication-with-a-real-estate-answering-service/" "Mozilla/5.0 (compatible; AhrefsBot/7.0; +http://ahrefs.com/robot/)"
168.100.149.6 - - [04/Apr/2025:01:34:44 -0400] "GET /robots.txt HTTP/1.1" 304 0 "-" "Mozilla/5.0 (compatible; AhrefsBot/7.0; +http://ahrefs.com/robot/)"
198.38.84.112 - - [04/Apr/2025:02:04:44 -0400] "GET /wp-login.php HTTP/1.1" 200 1951 "-" "GRequests/0.10"
198.54.114.83 - - [04/Apr/2025:02:04:49 -0400] "POST /wp-cron.php?doing_wp_cron=1743746689.1221680641174316406250 HTTP/1.1" 200 0 "-" "WordPress/6.7.2; https://grimslut.com"
198.38.84.112 - - [04/Apr/2025:02:04:46 -0400] "POST /wp-login.php HTTP/1.1" 200 2086 "-" "GRequests/0.10"
198.54.114.83 - - [04/Apr/2025:02:04:50 -0400] "POST /wp-admin/admin-ajax.php?action=async_litespeed&nonce=224QqkLUii0W0k2E6dKQpBNT5tv8PB1w&litespeed_type=imgoptm HTTP/1.1" 200 5 "-" "WordPress/6.7.2; https://grimslut.com"
66.249.79.231 - - [04/Apr/2025:02:05:18 -0400] "GET /robots.txt HTTP/1.1" 200 61 "-" "Mozilla/5.0 (compatible; Googlebot/2.1; +http://www.google.com/bot.html)"
66.249.79.231 - - [04/Apr/2025:02:05:18 -0400] "GET / HTTP/1.1" 200 20851 "-" "Mozilla/5.0 (Linux; Android 6.0.1; Nexus 5X Build/MMB29P) AppleWebKit/537.36 (KHTML, like Gecko) Chrome/134.0.6998.165 Mobile Safari/537.36 (compatible; Googlebot/2.1; +http://www.google.com/bot.html)"
66.249.79.229 - - [04/Apr/2025:02:05:26 -0400] "GET /wp-content/themes/bloghash/assets/js/vendors/vanilla-marquee.min.js?ver=1.0.20 HTTP/1.1" 200 2023 "https://grimslut.com/" "Mozilla/5.0 (Linux; Android 6.0.1; Nexus 5X Build/MMB29P) AppleWebKit/537.36 (KHTML, like Gecko) Chrome/134.0.6998.165 Mobile Safari/537.36 (compatible; Googlebot/2.1; +http://www.google.com/bot.html)"
66.249.79.229 - - [04/Apr/2025:02:05:27 -0400] "GET /wp-content/themes/bloghash/assets/js/bloghash-slider.min.js?ver=1.0.20 HTTP/1.1" 200 253 "https://grimslut.com/" "Mozilla/5.0 (Linux; Android 6.0.1; Nexus 5X Build/MMB29P) AppleWebKit/537.36 (KHTML, like Gecko) Chrome/134.0.6998.165 Mobile Safari/537.36 (compatible; Googlebot/2.1; +http://www.google.com/bot.html)"
195.2.85.110 - - [04/Apr/2025:02:09:19 -0400] "GET /exploring-the-multicanais-phenomenon/ HTTP/1.1" 200 15499 "https://grimslut.com/exploring-the-multicanais-phenomenon/" "Mozilla/5.0 (Windows NT 10.0; Win64; x64) AppleWebKit/537.36 (KHTML, like Gecko) Chrome/130.0.0.0 Safari/537.36 CCleaner/130.0.0.0"
198.54.114.83 - - [04/Apr/2025:02:09:24 -0400] "POST /wp-cron.php?doing_wp_cron=1743746964.0790679454803466796875 HTTP/1.1" 200 0 "-" "WordPress/6.7.2; https://grimslut.com"
198.54.114.83 - - [04/Apr/2025:02:09:25 -0400] "POST /wp-admin/admin-ajax.php?action=async_litespeed&nonce=H0jwMqwZJV0G0FnABoEDM2fSmgRz6dFV&litespeed_type=imgoptm HTTP/1.1" 200 0 "-" "WordPress/6.7.2; https://grimslut.com"
195.2.85.110 - - [04/Apr/2025:02:09:20 -0400] "POST /wp-comments-post.php HTTP/1.1" 302 0 "https://grimslut.com/exploring-the-multicanais-phenomenon/" "Mozilla/5.0 (Windows NT 10.0; Win64; x64) AppleWebKit/537.36 (KHTML, like Gecko) Chrome/130.0.0.0 Safari/537.36 CCleaner/130.0.0.0"
195.2.85.110 - - [04/Apr/2025:02:09:28 -0400] "GET /exploring-the-multicanais-phenomenon/ HTTP/1.1" 200 16257 "https://grimslut.com/exploring-the-multicanais-phenomenon/#comment-6591" "Mozilla/5.0 (Windows NT 10.0; Win64; x64) AppleWebKit/537.36 (KHTML, like Gecko) Chrome/130.0.0.0 Safari/537.36 CCleaner/130.0.0.0"
198.54.114.83 - - [04/Apr/2025:02:28:19 -0400] "POST /wp-cron.php?doing_wp_cron=1743748098.9300429821014404296875 HTTP/1.1" 200 0 "-" "WordPress/6.7.2; https://grimslut.com"
172.176.103.48 - - [04/Apr/2025:02:28:16 -0400] "GET /wp-content/plugins/hellopress/wp_filemanager.php HTTP/1.1" 404 10270 "-" "-"
172.176.103.48 - - [04/Apr/2025:02:28:19 -0400] "GET /wp-includes/Text/network.php HTTP/1.1" 404 10270 "-" "-"
198.54.114.83 - - [04/Apr/2025:02:28:20 -0400] "POST /wp-admin/admin-ajax.php?action=async_litespeed&nonce=kKHYkMSYEGol35bz2ciNfnjjrTfokM1v&litespeed_type=imgoptm HTTP/1.1" 200 0 "-" "WordPress/6.7.2; https://grimslut.com"
172.176.103.48 - - [04/Apr/2025:02:28:21 -0400] "GET /wp-content/upgrade-temp-backup/wp-login.php HTTP/1.1" 404 10270 "-" "-"
172.176.103.48 - - [04/Apr/2025:02:28:21 -0400] "GET /js/fm.php HTTP/1.1" 404 10270 "-" "-"
172.176.103.48 - - [04/Apr/2025:02:28:22 -0400] "GET /wp-content/themes/astra/inc/ki1k.php HTTP/1.1" 404 10270 "-" "-"
172.176.103.48 - - [04/Apr/2025:02:28:22 -0400] "GET /WordPress/wp-admin/includes/zmFM.php HTTP/1.1" 404 10270 "-" "-"
172.176.103.48 - - [04/Apr/2025:02:28:23 -0400] "GET /default.php HTTP/1.1" 404 10270 "-" "-"
172.176.103.48 - - [04/Apr/2025:02:28:26 -0400] "GET /ty.php HTTP/1.1" 404 10270 "-" "-"
172.176.103.48 - - [04/Apr/2025:02:28:26 -0400] "GET /wp-content/themes/cay-van-phong/filemanager.php HTTP/1.1" 404 10270 "-" "-"
172.176.103.48 - - [04/Apr/2025:02:28:29 -0400] "GET /fm.php HTTP/1.1" 404 10270 "-" "-"
172.176.103.48 - - [04/Apr/2025:02:28:30 -0400] "GET /wp-content/plugins/seoplugins/index.php HTTP/1.1" 301 0 "-" "-"
172.176.103.48 - - [04/Apr/2025:02:28:32 -0400] "GET /wp-content/plugins/seoplugins/ HTTP/1.1" 404 10270 "-" "-"
172.176.103.48 - - [04/Apr/2025:02:28:32 -0400] "GET /ini.php HTTP/1.1" 404 10270 "-" "-"
172.176.103.48 - - [04/Apr/2025:02:28:34 -0400] "GET /libraries/legacy/info.php HTTP/1.1" 404 10270 "-" "-"
172.176.103.48 - - [04/Apr/2025:02:28:35 -0400] "GET /wp-content/themes/include.php HTTP/1.1" 404 10270 "-" "-"
172.176.103.48 - - [04/Apr/2025:02:28:37 -0400] "GET /wp-admin/network/about.php HTTP/1.1" 302 0 "-" "-"
172.176.103.48 - - [04/Apr/2025:02:28:38 -0400] "GET /wp-login.php?redirect_to=https%3A%2F%2Fgrimslut.com%2Fwp-admin%2Fnetwork%2Fabout.php&reauth=1 HTTP/1.1" 200 1959 "-" "-"
172.176.103.48 - - [04/Apr/2025:02:28:38 -0400] "GET /alfa.php HTTP/1.1" 404 10270 "-" "-"
172.176.103.48 - - [04/Apr/2025:02:28:39 -0400] "GET /wp-mail.php/wp-includes/ID3/rk2.php HTTP/1.1" 403 941 "-" "-"
172.176.103.48 - - [04/Apr/2025:02:28:39 -0400] "GET /assets/images/28c5400b0b.php HTTP/1.1" 404 10270 "-" "-"
172.176.103.48 - - [04/Apr/2025:02:28:40 -0400] "GET /wordpress/wp-includes/wp-config-sample.php HTTP/1.1" 404 10270 "-" "-"
172.176.103.48 - - [04/Apr/2025:02:28:41 -0400] "GET /wp-mail.php/wp-includes/ID3/.info.php HTTP/1.1" 403 941 "-" "-"
172.176.103.48 - - [04/Apr/2025:02:28:41 -0400] "GET /wp-includes/Text/Diff/Engine/about.php HTTP/1.1" 404 10270 "-" "-"
172.176.103.48 - - [04/Apr/2025:02:28:42 -0400] "GET /wp-includes/js/tinymce/skins/lightgray/img/about.php HTTP/1.1" 404 10270 "-" "-"
172.176.103.48 - - [04/Apr/2025:02:28:42 -0400] "GET /wp-includes/block-supports/autoload_classmap.php HTTP/1.1" 404 10270 "-" "-"
172.176.103.48 - - [04/Apr/2025:02:28:43 -0400] "GET /wp-content/uploads/classwithtostring.php HTTP/1.1" 404 10270 "-" "-"
172.176.103.48 - - [04/Apr/2025:02:28:44 -0400] "GET /wp-admin/images/install.php HTTP/1.1" 404 10270 "-" "-"
172.176.103.48 - - [04/Apr/2025:02:28:45 -0400] "GET /.well-known/link.php HTTP/1.1" 404 10270 "-" "-"
172.176.103.48 - - [04/Apr/2025:02:28:45 -0400] "GET /wp-admin/chosen.php HTTP/1.1" 404 10270 "-" "-"
172.176.103.48 - - [04/Apr/2025:02:28:47 -0400] "GET /info.php HTTP/1.1" 404 10270 "-" "-"
172.176.103.48 - - [04/Apr/2025:02:28:48 -0400] "GET /wp-includes/assets/about.php HTTP/1.1" 404 10270 "-" "-"
172.176.103.48 - - [04/Apr/2025:02:28:49 -0400] "GET /test.php HTTP/1.1" 404 10270 "-" "-"
172.176.103.48 - - [04/Apr/2025:02:28:49 -0400] "GET /wp-admin/css/colors/ectoplasm/wp-login.php HTTP/1.1" 404 10270 "-" "-"
172.176.103.48 - - [04/Apr/2025:02:28:50 -0400] "GET /Assets/item.php HTTP/1.1" 404 10270 "-" "-"
172.176.103.48 - - [04/Apr/2025:02:28:50 -0400] "GET /shop/lock.php HTTP/1.1" 404 10270 "-" "-"
172.176.103.48 - - [04/Apr/2025:02:28:51 -0400] "GET /th/plugins/phpThumb/404.php HTTP/1.1" 404 10270 "-" "-"
172.176.103.48 - - [04/Apr/2025:02:28:51 -0400] "GET /wp-includes/css/dist/preferences/index.php HTTP/1.1" 301 0 "-" "-"
172.176.103.48 - - [04/Apr/2025:02:28:52 -0400] "GET /wp-includes/css/dist/preferences/ HTTP/1.1" 403 1242 "-" "-"
172.176.103.48 - - [04/Apr/2025:02:28:52 -0400] "GET /files/log.php HTTP/1.1" 404 10270 "-" "-"
172.176.103.48 - - [04/Apr/2025:02:28:53 -0400] "GET /wp-includes/html-api/index.php HTTP/1.1" 301 0 "-" "-"
172.176.103.48 - - [04/Apr/2025:02:28:53 -0400] "GET /wp-includes/html-api/ HTTP/1.1" 403 1242 "-" "-"
172.176.103.48 - - [04/Apr/2025:02:28:53 -0400] "GET /x.php HTTP/1.1" 404 10270 "-" "-"
172.176.103.48 - - [04/Apr/2025:02:28:54 -0400] "GET /wp-includes/assets/index.php HTTP/1.1" 301 0 "-" "-"
172.176.103.48 - - [04/Apr/2025:02:28:54 -0400] "GET /wp-includes/assets/ HTTP/1.1" 403 1242 "-" "-"
172.176.103.48 - - [04/Apr/2025:02:28:54 -0400] "GET /wp-includes/block-patterns/vuln.php HTTP/1.1" 404 10270 "-" "-"
172.176.103.48 - - [04/Apr/2025:02:28:55 -0400] "GET /wp-includes/rest-api/fields/index.php HTTP/1.1" 301 0 "-" "-"
172.176.103.48 - - [04/Apr/2025:02:28:56 -0400] "GET /wp-includes/rest-api/fields/ HTTP/1.1" 403 1242 "-" "-"
172.176.103.48 - - [04/Apr/2025:02:28:56 -0400] "GET /wp-includes/images/media/wp-login.php HTTP/1.1" 404 10270 "-" "-"
172.176.103.48 - - [04/Apr/2025:02:28:57 -0400] "GET /wp-content/uploads/autoload_classmap.php HTTP/1.1" 404 10270 "-" "-"
172.176.103.48 - - [04/Apr/2025:02:28:58 -0400] "GET /images/404.php HTTP/1.1" 404 10270 "-" "-"
172.176.103.48 - - [04/Apr/2025:02:28:59 -0400] "GET /wp-content/languages/asus.php HTTP/1.1" 404 10270 "-" "-"
172.176.103.48 - - [04/Apr/2025:02:29:00 -0400] "GET /admin.php HTTP/1.1" 404 10270 "-" "-"
172.176.103.48 - - [04/Apr/2025:02:29:01 -0400] "GET /.well-known/pki-validation/parx.php HTTP/1.1" 404 1251 "-" "-"
172.176.103.48 - - [04/Apr/2025:02:29:01 -0400] "GET /wp-content/plugins/wp-login.php HTTP/1.1" 404 10270 "-" "-"
172.176.103.48 - - [04/Apr/2025:02:29:02 -0400] "GET /12wudscz.php HTTP/1.1" 404 10270 "-" "-"
172.176.103.48 - - [04/Apr/2025:02:29:03 -0400] "GET /wp-content/themes/wp-pridmag/admin.php HTTP/1.1" 404 10270 "-" "-"
172.176.103.48 - - [04/Apr/2025:02:29:04 -0400] "GET /wp-includes/Text/wp-conflg.php HTTP/1.1" 404 10270 "-" "-"
172.176.103.48 - - [04/Apr/2025:02:29:06 -0400] "GET /wp-content/plugins/background-image-cropper/plugins.php HTTP/1.1" 404 10270 "-" "-"
172.176.103.48 - - [04/Apr/2025:02:29:07 -0400] "GET /classwithtostring.php HTTP/1.1" 404 10270 "-" "-"
172.176.103.48 - - [04/Apr/2025:02:29:08 -0400] "GET /wp-includes/Text/Diff/Renderer/wp-login.php HTTP/1.1" 404 10270 "-" "-"
172.176.103.48 - - [04/Apr/2025:02:29:08 -0400] "GET /wp-admin/images/users.php HTTP/1.1" 404 10270 "-" "-"
172.176.103.48 - - [04/Apr/2025:02:29:09 -0400] "GET /wp-includes/rest-api/endpoints/index.php HTTP/1.1" 301 0 "-" "-"
172.176.103.48 - - [04/Apr/2025:02:29:10 -0400] "GET /wp-includes/rest-api/endpoints/ HTTP/1.1" 403 1242 "-" "-"
172.176.103.48 - - [04/Apr/2025:02:29:10 -0400] "GET /wp-includes/random_compat/about.php HTTP/1.1" 404 10270 "-" "-"
198.54.114.83 - - [04/Apr/2025:02:29:13 -0400] "POST /wp-cron.php?doing_wp_cron=1743748152.8024380207061767578125 HTTP/1.1" 200 0 "-" "WordPress/6.7.2; https://grimslut.com"
172.176.103.48 - - [04/Apr/2025:02:29:12 -0400] "GET /index/about.php HTTP/1.1" 404 10270 "-" "-"
198.54.114.83 - - [04/Apr/2025:02:29:13 -0400] "POST /wp-admin/admin-ajax.php?action=async_litespeed&nonce=uAAzo7So1all9y0qQrB79KS8UPiQIM5F&litespeed_type=imgoptm HTTP/1.1" 200 5 "-" "WordPress/6.7.2; https://grimslut.com"
172.176.103.48 - - [04/Apr/2025:02:29:14 -0400] "GET /manager.php HTTP/1.1" 404 10270 "-" "-"
172.176.103.48 - - [04/Apr/2025:02:29:15 -0400] "GET /.well-known/pki-validation/about.php HTTP/1.1" 404 1251 "-" "-"
172.176.103.48 - - [04/Apr/2025:02:29:15 -0400] "GET /wp-admin/user/content.php HTTP/1.1" 404 10270 "-" "-"
172.176.103.48 - - [04/Apr/2025:02:29:15 -0400] "GET /modules/mod_simplefileuploadv1.3/elements/filemanager.php HTTP/1.1" 404 10270 "-" "-"
172.176.103.48 - - [04/Apr/2025:02:29:16 -0400] "GET /about/function.php HTTP/1.1" 404 10270 "-" "-"
172.176.103.48 - - [04/Apr/2025:02:29:17 -0400] "GET /wp-content/plugins/wp.php HTTP/1.1" 404 10270 "-" "-"
172.176.103.48 - - [04/Apr/2025:02:29:18 -0400] "GET /wp-admin/includes/index.php HTTP/1.1" 301 0 "-" "-"
172.176.103.48 - - [04/Apr/2025:02:29:18 -0400] "GET /wp-admin/includes/ HTTP/1.1" 403 1242 "-" "-"
172.176.103.48 - - [04/Apr/2025:02:29:19 -0400] "GET /wp-includes/SimplePie/Cache/content.php HTTP/1.1" 404 10270 "-" "-"
172.176.103.48 - - [04/Apr/2025:02:29:19 -0400] "GET /wp-content/themes/xmrlpc.php HTTP/1.1" 404 10270 "-" "-"
172.176.103.48 - - [04/Apr/2025:02:29:20 -0400] "GET /wp-includes/js/wp-login.php HTTP/1.1" 404 10270 "-" "-"
172.176.103.48 - - [04/Apr/2025:02:29:20 -0400] "GET /wp-mail.php/wp-includes/ID3/taptap-null.php HTTP/1.1" 403 941 "-" "-"
172.176.103.48 - - [04/Apr/2025:02:29:20 -0400] "GET /.well-known/as.php HTTP/1.1" 404 10270 "-" "-"
172.176.103.48 - - [04/Apr/2025:02:29:21 -0400] "GET /wp-includes/customize/wp-login.php HTTP/1.1" 404 10270 "-" "-"
172.176.103.48 - - [04/Apr/2025:02:29:22 -0400] "GET /.well-known/lv.php HTTP/1.1" 404 10270 "-" "-"
172.176.103.48 - - [04/Apr/2025:02:29:23 -0400] "GET /themes.php HTTP/1.1" 404 10270 "-" "-"
172.176.103.48 - - [04/Apr/2025:02:29:24 -0400] "GET /wp-content/plugins/duplicator/assets/about.php HTTP/1.1" 404 10270 "-" "-"
172.176.103.48 - - [04/Apr/2025:02:29:25 -0400] "GET /wp-admin/network/upfile.php HTTP/1.1" 404 10270 "-" "-"
172.176.103.48 - - [04/Apr/2025:02:29:26 -0400] "GET /wp-content/plugins/index.php HTTP/1.1" 200 0 "-" "-"
172.176.103.48 - - [04/Apr/2025:02:29:27 -0400] "GET /wp-includes/sitemaps/providers/about.php HTTP/1.1" 404 10270 "-" "-"
172.176.103.48 - - [04/Apr/2025:02:29:28 -0400] "GET /wp-content/upgrade/autoload_classmap.php HTTP/1.1" 404 10270 "-" "-"
172.176.103.48 - - [04/Apr/2025:02:29:30 -0400] "GET /images/cjfuns.php HTTP/1.1" 404 10270 "-" "-"
172.176.103.48 - - [04/Apr/2025:02:29:31 -0400] "GET /wp-includes/sodium_compat/src/content.php HTTP/1.1" 404 10270 "-" "-"
172.176.103.48 - - [04/Apr/2025:02:29:32 -0400] "GET /wp-includes/rest-api/admin.php HTTP/1.1" 404 10270 "-" "-"
172.176.103.48 - - [04/Apr/2025:02:29:34 -0400] "GET /wp-includes/js/crop/zmFM.php HTTP/1.1" 404 10270 "-" "-"
172.176.103.48 - - [04/Apr/2025:02:29:35 -0400] "GET /wp-2019.php HTTP/1.1" 404 10270 "-" "-"
172.176.103.48 - - [04/Apr/2025:02:29:36 -0400] "GET /wp-includes/js/about.php HTTP/1.1" 404 10270 "-" "-"
172.176.103.48 - - [04/Apr/2025:02:29:38 -0400] "GET /wp-content/plugin.php HTTP/1.1" 404 10270 "-" "-"
172.176.103.48 - - [04/Apr/2025:02:29:39 -0400] "GET /wp-admin/js/widgets/xmrlpc.php HTTP/1.1" 404 10270 "-" "-"
172.176.103.48 - - [04/Apr/2025:02:29:40 -0400] "GET /wp-configs.php HTTP/1.1" 404 10270 "-" "-"
172.176.103.48 - - [04/Apr/2025:02:29:40 -0400] "GET /wp-includes/Text/wp.php HTTP/1.1" 404 10270 "-" "-"
172.176.103.48 - - [04/Apr/2025:02:29:41 -0400] "GET /inputs.php HTTP/1.1" 404 10270 "-" "-"
172.176.103.48 - - [04/Apr/2025:02:29:42 -0400] "GET /wp-includes/block-supports/about.php HTTP/1.1" 404 10270 "-" "-"
172.176.103.48 - - [04/Apr/2025:02:29:43 -0400] "GET /wp-admin/network/chosen.php HTTP/1.1" 404 10270 "-" "-"
172.176.103.48 - - [04/Apr/2025:02:29:44 -0400] "GET /wp-includes/images/chosen.php HTTP/1.1" 404 10270 "-" "-"
172.176.103.48 - - [04/Apr/2025:02:29:45 -0400] "GET /.well-known/acme-challenge/parx.php HTTP/1.1" 404 10270 "-" "-"
172.176.103.48 - - [04/Apr/2025:02:29:47 -0400] "GET /wp-includes/sodium_compat/src/Core32/Curve25519/Ge/about.php HTTP/1.1" 404 10270 "-" "-"
172.176.103.48 - - [04/Apr/2025:02:29:48 -0400] "GET /index/function.php HTTP/1.1" 404 10270 "-" "-"
172.176.103.48 - - [04/Apr/2025:02:29:49 -0400] "GET /css.php HTTP/1.1" 404 10270 "-" "-"
172.176.103.48 - - [04/Apr/2025:02:29:50 -0400] "GET /wp-content/languages/index.php HTTP/1.1" 301 0 "-" "-"
172.176.103.48 - - [04/Apr/2025:02:29:50 -0400] "GET /wp-content/languages/ HTTP/1.1" 404 10270 "-" "-"
172.176.103.48 - - [04/Apr/2025:02:29:51 -0400] "GET /network.php HTTP/1.1" 404 10270 "-" "-"
172.176.103.48 - - [04/Apr/2025:02:29:51 -0400] "GET /wp-admin/css/colors/blue/wp-login.php HTTP/1.1" 404 10270 "-" "-"
172.176.103.48 - - [04/Apr/2025:02:29:52 -0400] "GET /admin/fckeditor/editor/filemanager/updates.php HTTP/1.1" 404 10270 "-" "-"
172.176.103.48 - - [04/Apr/2025:02:29:53 -0400] "GET /wp-content/uploads/file.php HTTP/1.1" 404 10270 "-" "-"
172.176.103.48 - - [04/Apr/2025:02:29:54 -0400] "GET /wp-includes/Requests/Response/wp-login.php HTTP/1.1" 404 10270 "-" "-"
172.176.103.48 - - [04/Apr/2025:02:29:55 -0400] "GET /wp-admin/css/colors/coffee/alfa-rex.php HTTP/1.1" 404 10270 "-" "-"
172.176.103.48 - - [04/Apr/2025:02:29:56 -0400] "GET /wp-includes/SimplePie/Cache/about.php HTTP/1.1" 404 10270 "-" "-"
172.176.103.48 - - [04/Apr/2025:02:29:57 -0400] "GET /wp-includes/sodium_compat/src/alfa-rex.php HTTP/1.1" 404 10270 "-" "-"
172.176.103.48 - - [04/Apr/2025:02:29:58 -0400] "GET /wp-admin/css/colors/blue/index.php HTTP/1.1" 301 0 "-" "-"
172.176.103.48 - - [04/Apr/2025:02:29:58 -0400] "GET /wp-admin/css/colors/blue/ HTTP/1.1" 403 1242 "-" "-"
172.176.103.48 - - [04/Apr/2025:02:29:58 -0400] "GET /wp-mail.php/wp-includes/ID3/wp-mail.php HTTP/1.1" 403 941 "-" "-"
172.176.103.48 - - [04/Apr/2025:02:29:59 -0400] "GET /wp-content/plugins/revslider/public/assets/assets/sources/wp-login.php HTTP/1.1" 404 10270 "-" "-"
172.176.103.48 - - [04/Apr/2025:02:29:59 -0400] "GET /wp.php HTTP/1.1" 404 10270 "-" "-"
172.176.103.48 - - [04/Apr/2025:02:30:00 -0400] "GET /wp-content/themes/file.php HTTP/1.1" 404 10270 "-" "-"
172.176.103.48 - - [04/Apr/2025:02:30:00 -0400] "GET /css/item.php HTTP/1.1" 404 10270 "-" "-"
172.176.103.48 - - [04/Apr/2025:02:30:01 -0400] "GET /wp-content/uploads/2020/admin.php HTTP/1.1" 404 10270 "-" "-"
172.176.103.48 - - [04/Apr/2025:02:30:02 -0400] "GET /wp-admin/includes/xmrlpc.php HTTP/1.1" 404 10270 "-" "-"
172.176.103.48 - - [04/Apr/2025:02:30:06 -0400] "GET /assets/images/wp-login.php HTTP/1.1" 404 10270 "-" "-"
172.176.103.48 - - [04/Apr/2025:02:30:09 -0400] "GET /css/xp.php HTTP/1.1" 404 10270 "-" "-"
198.54.114.83 - - [04/Apr/2025:02:30:13 -0400] "POST /wp-cron.php?doing_wp_cron=1743748212.6129651069641113281250 HTTP/1.1" 200 0 "-" "WordPress/6.7.2; https://grimslut.com"
172.176.103.48 - - [04/Apr/2025:02:30:12 -0400] "GET /wp-includes/assets/themes.php HTTP/1.1" 404 10270 "-" "-"
198.54.114.83 - - [04/Apr/2025:02:30:13 -0400] "POST /wp-admin/admin-ajax.php?action=async_litespeed&nonce=dFLcRErCWxhwqD9mghXxQ9MwoMyg7F2j&litespeed_type=imgoptm HTTP/1.1" 200 5 "-" "WordPress/6.7.2; https://grimslut.com"
172.176.103.48 - - [04/Apr/2025:02:30:14 -0400] "GET /wp-content/plugins/dummyyummy/wp-signup.php HTTP/1.1" 404 10270 "-" "-"
172.176.103.48 - - [04/Apr/2025:02:30:16 -0400] "GET /wp-content/uploads/chosen.php HTTP/1.1" 404 10270 "-" "-"
172.176.103.48 - - [04/Apr/2025:02:30:18 -0400] "GET /wp-includes/style-engine/autoload_classmap.php HTTP/1.1" 404 10270 "-" "-"
172.176.103.48 - - [04/Apr/2025:02:30:19 -0400] "GET /wp-includes/SimplePie/Content/Type/wp-login.php HTTP/1.1" 404 10270 "-" "-"
172.176.103.48 - - [04/Apr/2025:02:30:20 -0400] "GET /js/style.php HTTP/1.1" 404 10270 "-" "-"
172.176.103.48 - - [04/Apr/2025:02:30:22 -0400] "GET /wp-content/languages/wp-login.php HTTP/1.1" 404 10270 "-" "-"
172.176.103.48 - - [04/Apr/2025:02:30:23 -0400] "GET /lock.php HTTP/1.1" 404 10270 "-" "-"
172.176.103.48 - - [04/Apr/2025:02:30:25 -0400] "GET /wp-includes/js/tinymce/skins/wordpress/images/about.php HTTP/1.1" 404 10270 "-" "-"
172.176.103.48 - - [04/Apr/2025:02:30:27 -0400] "GET /wp-includes/SimplePie/Content/Type/index.php HTTP/1.1" 301 0 "-" "-"
172.176.103.48 - - [04/Apr/2025:02:30:27 -0400] "GET /wp-includes/SimplePie/Content/Type/ HTTP/1.1" 404 10270 "-" "-"
172.176.103.48 - - [04/Apr/2025:02:30:29 -0400] "GET /.well-known/dropdown.php HTTP/1.1" 404 10270 "-" "-"
172.176.103.48 - - [04/Apr/2025:02:30:30 -0400] "GET /wp-includes/rest-api/autoload_classmap.php HTTP/1.1" 404 10270 "-" "-"
172.176.103.48 - - [04/Apr/2025:02:30:31 -0400] "GET /readme.php HTTP/1.1" 404 10270 "-" "-"
172.176.103.48 - - [04/Apr/2025:02:30:34 -0400] "GET /edit.php HTTP/1.1" 404 10270 "-" "-"
172.176.103.48 - - [04/Apr/2025:02:30:36 -0400] "GET /wp-content/themes/travelscape/json.php HTTP/1.1" 404 10270 "-" "-"
172.176.103.48 - - [04/Apr/2025:02:30:37 -0400] "GET /wp-admin/wp-admin.php HTTP/1.1" 404 10270 "-" "-"
172.176.103.48 - - [04/Apr/2025:02:30:39 -0400] "GET /wp-content/upgrade/shell.php HTTP/1.1" 404 10270 "-" "-"
172.176.103.48 - - [04/Apr/2025:02:30:42 -0400] "GET /wp-admin/user/bak.php HTTP/1.1" 404 10270 "-" "-"
172.176.103.48 - - [04/Apr/2025:02:30:44 -0400] "GET /wp-content/plugins/admin.php HTTP/1.1" 404 10270 "-" "-"
172.176.103.48 - - [04/Apr/2025:02:30:48 -0400] "GET /wp-admin/css/about.php HTTP/1.1" 404 10270 "-" "-"
172.176.103.48 - - [04/Apr/2025:02:30:50 -0400] "GET /wp-admin/date.php HTTP/1.1" 404 10270 "-" "-"
172.176.103.48 - - [04/Apr/2025:02:30:52 -0400] "GET /index/x.php HTTP/1.1" 404 10270 "-" "-"
172.176.103.48 - - [04/Apr/2025:02:30:53 -0400] "GET /wp-includes/network.php HTTP/1.1" 404 10270 "-" "-"
172.176.103.48 - - [04/Apr/2025:02:30:54 -0400] "GET /.well-known/.well-known/cc.php HTTP/1.1" 404 10270 "-" "-"
172.176.103.48 - - [04/Apr/2025:02:30:55 -0400] "GET /wp-includes/pomo/chosen.php HTTP/1.1" 404 10270 "-" "-"
172.176.103.48 - - [04/Apr/2025:02:30:55 -0400] "GET /.well-known/pki-validation/pwnd.php HTTP/1.1" 404 1251 "-" "-"
172.176.103.48 - - [04/Apr/2025:02:30:55 -0400] "GET /css/cong.php HTTP/1.1" 404 10270 "-" "-"
172.176.103.48 - - [04/Apr/2025:02:30:56 -0400] "GET /wp-includes/customize/shell.php HTTP/1.1" 404 10270 "-" "-"
172.176.103.48 - - [04/Apr/2025:02:30:57 -0400] "GET /wp-content/mah.php HTTP/1.1" 404 10270 "-" "-"
172.176.103.48 - - [04/Apr/2025:02:30:58 -0400] "GET /wp-content/upgrade/admin.php HTTP/1.1" 404 10270 "-" "-"
172.176.103.48 - - [04/Apr/2025:02:30:58 -0400] "GET /wp-content/index.php HTTP/1.1" 200 0 "-" "-"
172.176.103.48 - - [04/Apr/2025:02:30:58 -0400] "GET /cgi-bin/fm.php HTTP/1.1" 404 10270 "-" "-"
172.176.103.48 - - [04/Apr/2025:02:30:59 -0400] "GET /wp-includes/block-supports/variations.php HTTP/1.1" 404 10270 "-" "-"
172.176.103.48 - - [04/Apr/2025:02:30:59 -0400] "GET /wp-includes/rest-api/wp-login.php HTTP/1.1" 404 10270 "-" "-"
172.176.103.48 - - [04/Apr/2025:02:31:00 -0400] "GET /.well-known/index.php HTTP/1.1" 301 0 "-" "-"
172.176.103.48 - - [04/Apr/2025:02:31:00 -0400] "GET /.well-known/ HTTP/1.1" 403 1242 "-" "-"
172.176.103.48 - - [04/Apr/2025:02:31:01 -0400] "GET /wp-content/languages/link.php HTTP/1.1" 404 10270 "-" "-"
172.176.103.48 - - [04/Apr/2025:02:31:01 -0400] "GET /wp-includes/sitemaps/about.php HTTP/1.1" 404 10270 "-" "-"
172.176.103.48 - - [04/Apr/2025:02:31:02 -0400] "GET /function.php HTTP/1.1" 404 10270 "-" "-"
172.176.103.48 - - [04/Apr/2025:02:31:03 -0400] "GET /wp-includes/customize/autoload_classmap.php HTTP/1.1" 404 10270 "-" "-"
172.176.103.48 - - [04/Apr/2025:02:31:04 -0400] "GET /wp-includes/fonts/item.php HTTP/1.1" 404 10270 "-" "-"
172.176.103.48 - - [04/Apr/2025:02:31:04 -0400] "GET /wp-content/themes/index.php HTTP/1.1" 200 0 "-" "-"
172.176.103.48 - - [04/Apr/2025:02:31:06 -0400] "GET /wp-content/themes/classic/inc/json.php HTTP/1.1" 404 10270 "-" "-"
172.176.103.48 - - [04/Apr/2025:02:31:07 -0400] "GET /wp-content/plugins/seoplugins/wso112233.php HTTP/1.1" 404 10270 "-" "-"
172.176.103.48 - - [04/Apr/2025:02:31:08 -0400] "GET /wp-includes/sodium_compat/link.php HTTP/1.1" 404 10270 "-" "-"
172.176.103.48 - - [04/Apr/2025:02:31:08 -0400] "GET /wp-includes/images/wlw/wp-login.php HTTP/1.1" 404 10270 "-" "-"
172.176.103.48 - - [04/Apr/2025:02:31:09 -0400] "GET /byp.php HTTP/1.1" 404 10270 "-" "-"
198.54.114.83 - - [04/Apr/2025:02:31:12 -0400] "POST /wp-cron.php?doing_wp_cron=1743748272.0581550598144531250000 HTTP/1.1" 200 0 "-" "WordPress/6.7.2; https://grimslut.com"
172.176.103.48 - - [04/Apr/2025:02:31:11 -0400] "GET /wp-content/plugins/WordPressCore/alfa-rex.php HTTP/1.1" 404 10270 "-" "-"
198.54.114.83 - - [04/Apr/2025:02:31:12 -0400] "POST /wp-admin/admin-ajax.php?action=async_litespeed&nonce=WZRvIUQs5PpGqesyclYIwPfxY7PaHR8W&litespeed_type=imgoptm HTTP/1.1" 200 5 "-" "WordPress/6.7.2; https://grimslut.com"
172.176.103.48 - - [04/Apr/2025:02:31:13 -0400] "GET /wp-content/plugins/revslider/includes/external/page/index.php HTTP/1.1" 301 0 "-" "-"
172.176.103.48 - - [04/Apr/2025:02:31:13 -0400] "GET /wp-content/plugins/revslider/includes/external/page/ HTTP/1.1" 404 10270 "-" "-"
172.176.103.48 - - [04/Apr/2025:02:31:14 -0400] "GET /wp-includes/style-engine/content.php HTTP/1.1" 404 10270 "-" "-"
172.176.103.48 - - [04/Apr/2025:02:31:16 -0400] "GET /wordpress/wp-admin/includeswp-conflg.php HTTP/1.1" 404 10270 "-" "-"
172.176.103.48 - - [04/Apr/2025:02:31:17 -0400] "GET /wp-admin/mah.php HTTP/1.1" 404 10270 "-" "-"
172.176.103.48 - - [04/Apr/2025:02:31:17 -0400] "GET /wp-admin/js/wp-login.php HTTP/1.1" 404 10270 "-" "-"
172.176.103.48 - - [04/Apr/2025:02:31:18 -0400] "GET /wp-includes/js/codemirror/about.php HTTP/1.1" 404 10270 "-" "-"
172.176.103.48 - - [04/Apr/2025:02:31:20 -0400] "GET /wp-includes/sitemaps/providers/index.php HTTP/1.1" 301 0 "-" "-"
172.176.103.48 - - [04/Apr/2025:02:31:20 -0400] "GET /wp-includes/sitemaps/providers/ HTTP/1.1" 403 1242 "-" "-"
172.176.103.48 - - [04/Apr/2025:02:31:21 -0400] "GET /wp-mail.php/wp-includes/ID3/Core32.php HTTP/1.1" 403 941 "-" "-"
172.176.103.48 - - [04/Apr/2025:02:31:23 -0400] "GET /wp-includes/css/wp-login.php HTTP/1.1" 404 10270 "-" "-"
172.176.103.48 - - [04/Apr/2025:02:31:24 -0400] "GET /wp-admin/includes/install.php HTTP/1.1" 404 10270 "-" "-"
172.176.103.48 - - [04/Apr/2025:02:31:25 -0400] "GET /wp-content/themes/about.php HTTP/1.1" 404 10270 "-" "-"
172.176.103.48 - - [04/Apr/2025:02:31:27 -0400] "GET /.well-known/pki-validation/muse.php HTTP/1.1" 404 1251 "-" "-"
172.176.103.48 - - [04/Apr/2025:02:31:30 -0400] "GET /wp-content/languages/chosen.php HTTP/1.1" 404 10270 "-" "-"
172.176.103.48 - - [04/Apr/2025:02:31:32 -0400] "GET /buy.php HTTP/1.1" 404 10270 "-" "-"
172.176.103.48 - - [04/Apr/2025:02:31:33 -0400] "GET /wp-includes/Text/alfa-rex.php HTTP/1.1" 404 10270 "-" "-"
172.176.103.48 - - [04/Apr/2025:02:31:35 -0400] "GET /wp-includes/block-patterns/index.php HTTP/1.1" 301 0 "-" "-"
172.176.103.48 - - [04/Apr/2025:02:31:36 -0400] "GET /wp-includes/block-patterns/ HTTP/1.1" 403 1242 "-" "-"
172.176.103.48 - - [04/Apr/2025:02:31:37 -0400] "GET /admin/ty.php HTTP/1.1" 404 10270 "-" "-"
172.176.103.48 - - [04/Apr/2025:02:31:38 -0400] "GET /assets/images/doc.php HTTP/1.1" 404 10270 "-" "-"
172.176.103.48 - - [04/Apr/2025:02:31:39 -0400] "GET /wp-admin/network/admin.php HTTP/1.1" 302 0 "-" "-"
172.176.103.48 - - [04/Apr/2025:02:31:40 -0400] "GET /wp-login.php?redirect_to=https%3A%2F%2Fgrimslut.com%2Fwp-admin%2Fnetwork%2Fadmin.php&reauth=1 HTTP/1.1" 200 1958 "-" "-"
172.176.103.48 - - [04/Apr/2025:02:31:41 -0400] "GET /wp-content/themes/cay-van-phong/3luaO.php HTTP/1.1" 404 10270 "-" "-"
172.176.103.48 - - [04/Apr/2025:02:31:43 -0400] "GET /wp-includes/sodium_compat/wp-login.php HTTP/1.1" 404 10270 "-" "-"
172.176.103.48 - - [04/Apr/2025:02:31:44 -0400] "GET /wp-includes/theme-compat/about.php HTTP/1.1" 404 10270 "-" "-"
172.176.103.48 - - [04/Apr/2025:02:31:45 -0400] "GET /wp-mail.php/wp-includes/ID3/info.php HTTP/1.1" 403 941 "-" "-"
172.176.103.48 - - [04/Apr/2025:02:31:46 -0400] "GET /admin/images/slider/CUfcfoH.php HTTP/1.1" 404 10270 "-" "-"
172.176.103.48 - - [04/Apr/2025:02:31:47 -0400] "GET /wp-admin/setup-config.php HTTP/1.1" 409 1041 "-" "-"
