20.57.61.158 - - [30/Mar/2025:21:20:31 -0400] "GET /wp-includes/Requests/about.php HTTP/1.1" 404 10272 "-" "-"
20.57.61.158 - - [30/Mar/2025:21:20:32 -0400] "GET /wp-includes/style-engine/about.php HTTP/1.1" 404 10272 "-" "-"
20.57.61.158 - - [30/Mar/2025:21:20:32 -0400] "GET /wp-includes/rest-api/about.php HTTP/1.1" 404 10272 "-" "-"
20.57.61.158 - - [30/Mar/2025:21:20:33 -0400] "GET /wp-includes/SimplePie/about.php HTTP/1.1" 404 10272 "-" "-"
20.57.61.158 - - [30/Mar/2025:21:20:33 -0400] "GET /wp-content/banners/about.php HTTP/1.1" 404 10272 "-" "-"
20.57.61.158 - - [30/Mar/2025:21:20:34 -0400] "GET /wp-content/about.php HTTP/1.1" 404 10272 "-" "-"
20.57.61.158 - - [30/Mar/2025:21:20:34 -0400] "GET /.well-known/about.php HTTP/1.1" 404 10272 "-" "-"
20.57.61.158 - - [30/Mar/2025:21:20:35 -0400] "GET /wp-includes/Text/about.php HTTP/1.1" 404 10272 "-" "-"
20.57.61.158 - - [30/Mar/2025:21:20:35 -0400] "GET /wp-includes/ID3/about.php HTTP/1.1" 404 10272 "-" "-"
20.57.61.158 - - [30/Mar/2025:21:20:35 -0400] "GET /img/about.php HTTP/1.1" 404 10272 "-" "-"
20.57.61.158 - - [30/Mar/2025:21:20:36 -0400] "GET /wp-content/languages/about.php HTTP/1.1" 404 10272 "-" "-"
20.57.61.158 - - [30/Mar/2025:21:20:37 -0400] "GET /wp-includes/customize/about.php HTTP/1.1" 404 10272 "-" "-"
20.57.61.158 - - [30/Mar/2025:21:20:37 -0400] "GET /wp-includes.bak/html-api/about.php HTTP/1.1" 404 10272 "-" "-"
20.57.61.158 - - [30/Mar/2025:21:20:38 -0400] "GET /wp-includes/widgets/about.php HTTP/1.1" 404 10272 "-" "-"
20.57.61.158 - - [30/Mar/2025:21:20:38 -0400] "GET /wp-includes/IXR/about.php HTTP/1.1" 404 10272 "-" "-"
20.57.61.158 - - [30/Mar/2025:21:20:39 -0400] "GET /wp-admin/js/about.php HTTP/1.1" 404 10272 "-" "-"
20.57.61.158 - - [30/Mar/2025:21:20:39 -0400] "GET /.well-known/pki-validation/about.php HTTP/1.1" 404 1251 "-" "-"
20.57.61.158 - - [30/Mar/2025:21:20:40 -0400] "GET /wp-includes/pomo/about.php HTTP/1.1" 404 10272 "-" "-"
20.57.61.158 - - [30/Mar/2025:21:20:40 -0400] "GET /wp-includes/block-patterns/about.php HTTP/1.1" 404 10272 "-" "-"
20.57.61.158 - - [30/Mar/2025:21:20:41 -0400] "GET /wp-content/updraft/about.php HTTP/1.1" 404 10272 "-" "-"
20.57.61.158 - - [30/Mar/2025:21:20:41 -0400] "GET /wp-content/upgrade-temp-backup/about.php HTTP/1.1" 404 10272 "-" "-"
20.57.61.158 - - [30/Mar/2025:21:20:41 -0400] "GET /wp-content/themes/about.php HTTP/1.1" 404 10272 "-" "-"
20.57.61.158 - - [30/Mar/2025:21:20:42 -0400] "GET /wp-admin/includes/about.php HTTP/1.1" 404 10272 "-" "-"
20.57.61.158 - - [30/Mar/2025:21:20:42 -0400] "GET /images/about.php HTTP/1.1" 404 10272 "-" "-"
20.57.61.158 - - [30/Mar/2025:21:20:43 -0400] "GET /wp-content/blogs.dir/about.php HTTP/1.1" 404 10272 "-" "-"
20.57.61.158 - - [30/Mar/2025:21:20:43 -0400] "GET /wp-includes/images/about.php HTTP/1.1" 404 10272 "-" "-"
20.57.61.158 - - [30/Mar/2025:21:20:43 -0400] "GET /wp-includes/about.php HTTP/1.1" 404 10272 "-" "-"
20.57.61.158 - - [30/Mar/2025:21:20:44 -0400] "GET /cgi-bin/about.php HTTP/1.1" 404 10272 "-" "-"
20.57.61.158 - - [30/Mar/2025:21:20:44 -0400] "GET /wp-content/gallery/about.php HTTP/1.1" 404 10272 "-" "-"
20.57.61.158 - - [30/Mar/2025:21:20:45 -0400] "GET /wp-includes/blocks/about.php HTTP/1.1" 404 10272 "-" "-"
20.57.61.158 - - [30/Mar/2025:21:20:45 -0400] "GET /wp-admin/css/about.php HTTP/1.1" 404 10272 "-" "-"
20.57.61.158 - - [30/Mar/2025:21:20:46 -0400] "GET /wp-admin/images/about.php HTTP/1.1" 404 10272 "-" "-"
20.57.61.158 - - [30/Mar/2025:21:20:46 -0400] "GET /.well-known/pki-validation/cloud.php HTTP/1.1" 404 1251 "-" "-"
20.57.61.158 - - [30/Mar/2025:21:20:46 -0400] "GET /.well-known/acme-challenge/cloud.php HTTP/1.1" 404 10272 "-" "-"
20.57.61.158 - - [30/Mar/2025:21:20:47 -0400] "GET /wp-admin/network/cloud.php HTTP/1.1" 404 10272 "-" "-"
20.57.61.158 - - [30/Mar/2025:21:20:48 -0400] "GET /cloud.php HTTP/1.1" 404 10272 "-" "-"
20.57.61.158 - - [30/Mar/2025:21:20:48 -0400] "GET /cgi-bin/cloud.php HTTP/1.1" 404 10272 "-" "-"
20.57.61.158 - - [30/Mar/2025:21:20:49 -0400] "GET /wp-content/updates.php HTTP/1.1" 404 10272 "-" "-"
20.57.61.158 - - [30/Mar/2025:21:20:49 -0400] "GET /css/cloud.php HTTP/1.1" 404 10272 "-" "-"
20.57.61.158 - - [30/Mar/2025:21:20:50 -0400] "GET /wp-admin/user/cloud.php HTTP/1.1" 404 10272 "-" "-"
20.57.61.158 - - [30/Mar/2025:21:20:50 -0400] "GET /img/cloud.php HTTP/1.1" 404 10272 "-" "-"
20.57.61.158 - - [30/Mar/2025:21:20:51 -0400] "GET /wp-admin/css/colors/coffee/cloud.php HTTP/1.1" 404 10272 "-" "-"
20.57.61.158 - - [30/Mar/2025:21:20:51 -0400] "GET /wp-admin/images/cloud.php HTTP/1.1" 404 10272 "-" "-"
20.57.61.158 - - [30/Mar/2025:21:20:52 -0400] "GET /avaa.php HTTP/1.1" 404 10272 "-" "-"
20.57.61.158 - - [30/Mar/2025:21:20:52 -0400] "GET /images/cloud.php HTTP/1.1" 404 10272 "-" "-"
20.57.61.158 - - [30/Mar/2025:21:20:53 -0400] "GET /wp-admin/js/widgets/cloud.php HTTP/1.1" 404 10272 "-" "-"
20.57.61.158 - - [30/Mar/2025:21:20:53 -0400] "GET /wp-includes/Requests/Text/admin.php HTTP/1.1" 404 10272 "-" "-"
20.57.61.158 - - [30/Mar/2025:21:20:54 -0400] "GET /wp-admin/css/colors/cloud.php HTTP/1.1" 404 10272 "-" "-"
20.57.61.158 - - [30/Mar/2025:21:20:54 -0400] "GET /wp-admin/includes/cloud.php HTTP/1.1" 404 10272 "-" "-"
20.57.61.158 - - [30/Mar/2025:21:20:55 -0400] "GET /wp-admin/css/colors/blue/cloud.php HTTP/1.1" 404 10272 "-" "-"
20.57.61.158 - - [30/Mar/2025:21:20:55 -0400] "GET /wp-admin/cloud.php HTTP/1.1" 404 10272 "-" "-"
20.57.61.158 - - [30/Mar/2025:21:20:56 -0400] "GET /updates.php HTTP/1.1" 404 10272 "-" "-"
20.57.61.158 - - [30/Mar/2025:21:20:56 -0400] "GET /libraries/legacy/updates.php HTTP/1.1" 404 10272 "-" "-"
20.57.61.158 - - [30/Mar/2025:21:20:56 -0400] "GET /libraries/phpmailer/updates.php HTTP/1.1" 404 10272 "-" "-"
20.57.61.158 - - [30/Mar/2025:21:20:57 -0400] "GET /libraries/vendor/updates.php HTTP/1.1" 404 10272 "-" "-"
20.57.61.158 - - [30/Mar/2025:21:20:57 -0400] "GET /alfa-rex.php7 HTTP/1.1" 404 10272 "-" "-"
20.57.61.158 - - [30/Mar/2025:21:20:58 -0400] "GET /alfanew.php HTTP/1.1" 404 10272 "-" "-"
20.57.61.158 - - [30/Mar/2025:21:20:58 -0400] "GET /wp-content/plugins/Cache/Cache.php HTTP/1.1" 404 10272 "-" "-"
20.57.61.158 - - [30/Mar/2025:21:20:59 -0400] "GET /wp-admin/js/widgets/about.php7 HTTP/1.1" 404 10272 "-" "-"
20.57.61.158 - - [30/Mar/2025:21:20:59 -0400] "GET /wp-p.php7 HTTP/1.1" 404 10272 "-" "-"
20.57.61.158 - - [30/Mar/2025:21:21:00 -0400] "GET /wp-admin/repeater.php HTTP/1.1" 404 10272 "-" "-"
20.57.61.158 - - [30/Mar/2025:21:21:00 -0400] "GET /wp-includes/repeater.php HTTP/1.1" 404 10272 "-" "-"
20.57.61.158 - - [30/Mar/2025:21:21:01 -0400] "GET /wp-content/repeater.php HTTP/1.1" 404 10272 "-" "-"
20.57.61.158 - - [30/Mar/2025:21:21:01 -0400] "GET /wsoyanz.php HTTP/1.1" 404 10272 "-" "-"
20.57.61.158 - - [30/Mar/2025:21:21:02 -0400] "GET /yanz.php HTTP/1.1" 404 10272 "-" "-"
20.57.61.158 - - [30/Mar/2025:21:21:02 -0400] "GET /wp-content/plugins/seoo/wsoyanz.php HTTP/1.1" 404 10272 "-" "-"
20.57.61.158 - - [30/Mar/2025:21:21:03 -0400] "GET /wp-content/plugins/seoo/wsoyanz1.php HTTP/1.1" 404 10272 "-" "-"
20.57.61.158 - - [30/Mar/2025:21:21:03 -0400] "GET /cache-compat.php HTTP/1.1" 404 10272 "-" "-"
20.57.61.158 - - [30/Mar/2025:21:21:04 -0400] "GET /ajax-actions.php HTTP/1.1" 404 10272 "-" "-"
20.57.61.158 - - [30/Mar/2025:21:21:04 -0400] "GET /wp-admin/ajax-actions.php HTTP/1.1" 404 10272 "-" "-"
20.57.61.158 - - [30/Mar/2025:21:21:05 -0400] "GET /wp-consar.php HTTP/1.1" 404 10272 "-" "-"
20.57.61.158 - - [30/Mar/2025:21:21:05 -0400] "GET /repeater.php HTTP/1.1" 404 10272 "-" "-"
20.57.61.158 - - [30/Mar/2025:21:21:05 -0400] "GET /admin-post.php HTTP/1.1" 404 10272 "-" "-"
20.57.61.158 - - [30/Mar/2025:21:21:06 -0400] "GET /wp-admin/maint/maint/ajax-actions.php HTTP/1.1" 404 10272 "-" "-"
20.57.61.158 - - [30/Mar/2025:21:21:06 -0400] "GET /wp-admin/dropdown.php HTTP/1.1" 404 10272 "-" "-"
20.57.61.158 - - [30/Mar/2025:21:21:06 -0400] "GET /wp-admin/css/index.php HTTP/1.1" 301 0 "-" "-"
20.57.61.158 - - [30/Mar/2025:21:21:06 -0400] "GET /wp-admin/css/ HTTP/1.1" 403 1242 "-" "-"
20.57.61.158 - - [30/Mar/2025:21:21:07 -0400] "GET /dropdown.php HTTP/1.1" 404 10272 "-" "-"
20.57.61.158 - - [30/Mar/2025:21:21:07 -0400] "GET /about.php HTTP/1.1" 404 10272 "-" "-"
20.57.61.158 - - [30/Mar/2025:21:21:07 -0400] "GET /admin.php HTTP/1.1" 404 10272 "-" "-"
20.57.61.158 - - [30/Mar/2025:21:21:08 -0400] "GET /about.php7 HTTP/1.1" 404 10272 "-" "-"
20.57.61.158 - - [30/Mar/2025:21:21:08 -0400] "GET /alfanew.php7 HTTP/1.1" 404 10272 "-" "-"
20.57.61.158 - - [30/Mar/2025:21:21:08 -0400] "GET /adminfuns.php7 HTTP/1.1" 404 10272 "-" "-"
20.57.61.158 - - [30/Mar/2025:21:21:09 -0400] "GET /ebs.php7 HTTP/1.1" 404 10272 "-" "-"
20.57.61.158 - - [30/Mar/2025:21:21:09 -0400] "GET /ws.php7 HTTP/1.1" 404 10272 "-" "-"
20.57.61.158 - - [30/Mar/2025:21:21:09 -0400] "GET /alfanew2.php7 HTTP/1.1" 404 10272 "-" "-"
20.57.61.158 - - [30/Mar/2025:21:21:09 -0400] "GET /alfa-rex2.php7 HTTP/1.1" 404 10272 "-" "-"
20.57.61.158 - - [30/Mar/2025:21:21:10 -0400] "GET /wp-admin/images/index.php HTTP/1.1" 301 0 "-" "-"
20.57.61.158 - - [30/Mar/2025:21:21:10 -0400] "GET /wp-admin/images/ HTTP/1.1" 403 1242 "-" "-"
20.57.61.158 - - [30/Mar/2025:21:21:10 -0400] "GET /wp-admin/css/colors/index.php HTTP/1.1" 301 0 "-" "-"
20.57.61.158 - - [30/Mar/2025:21:21:10 -0400] "GET /wp-admin/css/colors/ HTTP/1.1" 403 1242 "-" "-"
20.57.61.158 - - [30/Mar/2025:21:21:10 -0400] "GET /wp-content/themes/pridmag/db.php HTTP/1.1" 404 10272 "-" "-"
20.57.61.158 - - [30/Mar/2025:21:21:11 -0400] "GET /wp-content/themes/seotheme/mar.php HTTP/1.1" 404 10272 "-" "-"
20.57.61.158 - - [30/Mar/2025:21:21:11 -0400] "GET /wp-content/plugins/linkpreview/db.php HTTP/1.1" 404 10272 "-" "-"
20.57.61.158 - - [30/Mar/2025:21:21:11 -0400] "GET /wp-content/themes/seotheme/db.php HTTP/1.1" 404 10272 "-" "-"
20.57.61.158 - - [30/Mar/2025:21:21:12 -0400] "GET /wp-content/plugins/seoplugins/db.php HTTP/1.1" 404 10272 "-" "-"
20.57.61.158 - - [30/Mar/2025:21:21:12 -0400] "GET /wp-content/plugins/seoplugins/mar.php HTTP/1.1" 404 10272 "-" "-"
20.57.61.158 - - [30/Mar/2025:21:21:12 -0400] "GET /.well-known/pki-validation/xmrlpc.php HTTP/1.1" 404 1251 "-" "-"
20.57.61.158 - - [30/Mar/2025:21:21:12 -0400] "GET /.well-known/acme-challenge/xmrlpc.php HTTP/1.1" 404 10272 "-" "-"
20.57.61.158 - - [30/Mar/2025:21:21:13 -0400] "GET /wp-admin/network/xmrlpc.php HTTP/1.1" 404 10272 "-" "-"
20.57.61.158 - - [30/Mar/2025:21:21:13 -0400] "GET /xmrlpc.php HTTP/1.1" 404 10272 "-" "-"
20.57.61.158 - - [30/Mar/2025:21:21:13 -0400] "GET /cgi-bin/xmrlpc.php HTTP/1.1" 404 10272 "-" "-"
20.57.61.158 - - [30/Mar/2025:21:21:14 -0400] "GET /css/xmrlpc.php HTTP/1.1" 404 10272 "-" "-"
20.57.61.158 - - [30/Mar/2025:21:21:14 -0400] "GET /wp-admin/user/xmrlpc.php HTTP/1.1" 404 10272 "-" "-"
20.57.61.158 - - [30/Mar/2025:21:21:14 -0400] "GET /img/xmrlpc.php HTTP/1.1" 404 10272 "-" "-"
20.57.61.158 - - [30/Mar/2025:21:21:15 -0400] "GET /wp-admin/css/colors/coffee/xmrlpc.php HTTP/1.1" 404 10272 "-" "-"
20.57.61.158 - - [30/Mar/2025:21:21:15 -0400] "GET /wp-admin/images/xmrlpc.php HTTP/1.1" 404 10272 "-" "-"
20.57.61.158 - - [30/Mar/2025:21:21:15 -0400] "GET /images/xmrlpc.php HTTP/1.1" 404 10272 "-" "-"
20.57.61.158 - - [30/Mar/2025:21:21:16 -0400] "GET /wp-admin/js/widgets/xmrlpc.php HTTP/1.1" 404 10272 "-" "-"
20.57.61.158 - - [30/Mar/2025:21:21:16 -0400] "GET /wp-admin/css/colors/xmrlpc.php HTTP/1.1" 404 10272 "-" "-"
20.57.61.158 - - [30/Mar/2025:21:21:17 -0400] "GET /wp-admin/includes/xmrlpc.php HTTP/1.1" 404 10272 "-" "-"
20.57.61.158 - - [30/Mar/2025:21:21:17 -0400] "GET /wp-admin/css/colors/blue/xmrlpc.php HTTP/1.1" 404 10272 "-" "-"
20.57.61.158 - - [30/Mar/2025:21:21:17 -0400] "GET /wp-admin/xmrlpc.php HTTP/1.1" 404 10272 "-" "-"
20.57.61.158 - - [30/Mar/2025:21:21:18 -0400] "GET /smaxx.php HTTP/1.1" 404 10272 "-" "-"
20.57.61.158 - - [30/Mar/2025:21:21:18 -0400] "GET /wp-admin/smaxx.php HTTP/1.1" 404 10272 "-" "-"
20.57.61.158 - - [30/Mar/2025:21:21:18 -0400] "GET /wp-content/plugins/WordPressCore/smaxx.php HTTP/1.1" 404 10272 "-" "-"
20.57.61.158 - - [30/Mar/2025:21:21:19 -0400] "GET /wp-includes/images/smaxx.php HTTP/1.1" 404 10272 "-" "-"
20.57.61.158 - - [30/Mar/2025:21:21:19 -0400] "GET /wp-content/plugins/core-plugin/smaxx.php HTTP/1.1" 404 10272 "-" "-"
20.57.61.158 - - [30/Mar/2025:21:21:19 -0400] "GET /wp-includes/smaxx.php HTTP/1.1" 404 10272 "-" "-"
20.57.61.158 - - [30/Mar/2025:21:21:20 -0400] "GET /wp-content/plugins/smaxx.php HTTP/1.1" 404 10272 "-" "-"
20.57.61.158 - - [30/Mar/2025:21:21:20 -0400] "GET /xt/smaxx.php HTTP/1.1" 404 10272 "-" "-"
20.57.61.158 - - [30/Mar/2025:21:21:21 -0400] "GET /wp-content/smaxx.php HTTP/1.1" 404 10272 "-" "-"
20.57.61.158 - - [30/Mar/2025:21:21:21 -0400] "GET /wp-content/themes/twentyfive/smaxx.php HTTP/1.1" 404 10272 "-" "-"
20.57.61.158 - - [30/Mar/2025:21:21:21 -0400] "GET /wp-content/upgrade/sx.php HTTP/1.1" 404 10272 "-" "-"
20.57.61.158 - - [30/Mar/2025:21:21:21 -0400] "GET /.well-known/pki-validation/sx.php HTTP/1.1" 404 1251 "-" "-"
20.57.61.158 - - [30/Mar/2025:21:21:22 -0400] "GET /wp-admin/user/sx.php HTTP/1.1" 404 10272 "-" "-"
20.57.61.158 - - [30/Mar/2025:21:21:22 -0400] "GET /wp-includes/ID3/sx.php HTTP/1.1" 404 10272 "-" "-"
20.57.61.158 - - [30/Mar/2025:21:21:22 -0400] "GET /wp-includes/blocks/sx.php HTTP/1.1" 404 10272 "-" "-"
20.57.61.158 - - [30/Mar/2025:21:21:22 -0400] "GET /sx.php HTTP/1.1" 404 10272 "-" "-"
20.57.61.158 - - [30/Mar/2025:21:21:23 -0400] "GET /wp-includes/sx.php HTTP/1.1" 404 10272 "-" "-"
20.57.61.158 - - [30/Mar/2025:21:21:23 -0400] "GET /wp-admin/sx.php HTTP/1.1" 404 10272 "-" "-"
20.57.61.158 - - [30/Mar/2025:21:21:23 -0400] "GET /wp-content/plugins/fix/sx.php HTTP/1.1" 404 10272 "-" "-"
20.57.61.158 - - [30/Mar/2025:21:21:24 -0400] "GET /wp-admin/includes/sx.php HTTP/1.1" 404 10272 "-" "-"
20.57.61.158 - - [30/Mar/2025:21:21:24 -0400] "GET /cgi-bin/sx.php HTTP/1.1" 404 10272 "-" "-"
20.57.61.158 - - [30/Mar/2025:21:21:24 -0400] "GET /wp-admin/css/sx.php HTTP/1.1" 404 10272 "-" "-"
20.57.61.158 - - [30/Mar/2025:21:21:25 -0400] "GET /wp-admin/network/sx.php HTTP/1.1" 404 10272 "-" "-"
20.57.61.158 - - [30/Mar/2025:21:21:25 -0400] "GET /wp-includes/block-supports/sx.php HTTP/1.1" 404 10272 "-" "-"
20.57.61.158 - - [30/Mar/2025:21:21:26 -0400] "GET /wp-includes/IXR/sx.php HTTP/1.1" 404 10272 "-" "-"
20.57.61.158 - - [30/Mar/2025:21:21:26 -0400] "GET /.well-known/sx.php HTTP/1.1" 404 10272 "-" "-"
20.57.61.158 - - [30/Mar/2025:21:21:26 -0400] "GET /wp-includes/js/tinymce/skins/lightgray/fonts/sx.php HTTP/1.1" 404 10272 "-" "-"
20.57.61.158 - - [30/Mar/2025:21:21:27 -0400] "GET /wp-content/sx.php HTTP/1.1" 404 10272 "-" "-"
20.57.61.158 - - [30/Mar/2025:21:21:27 -0400] "GET /wp-content/plugins/elementor/sx.php HTTP/1.1" 404 10272 "-" "-"
20.57.61.158 - - [30/Mar/2025:21:21:27 -0400] "GET /.well-known/acme-challenge/sx.php HTTP/1.1" 404 10272 "-" "-"
20.57.61.158 - - [30/Mar/2025:21:21:28 -0400] "GET /wp-includes/js/jcrop/sx.php HTTP/1.1" 404 10272 "-" "-"
20.57.61.158 - - [30/Mar/2025:21:21:29 -0400] "GET /wp-includes/rest-api/sx.php HTTP/1.1" 404 10272 "-" "-"
20.57.61.158 - - [30/Mar/2025:21:21:29 -0400] "GET /wp-admin/images/sx.php HTTP/1.1" 404 10272 "-" "-"
20.57.61.158 - - [30/Mar/2025:21:21:29 -0400] "GET /wp-admin/css/colors/blue/blue.php HTTP/1.1" 404 10272 "-" "-"
20.57.61.158 - - [30/Mar/2025:21:21:30 -0400] "GET /chosen HTTP/1.1" 404 10272 "-" "-"
20.57.61.158 - - [30/Mar/2025:21:21:30 -0400] "GET /wp-content/plugins/fix/up.php HTTP/1.1" 404 10272 "-" "-"
20.57.61.158 - - [30/Mar/2025:21:21:31 -0400] "GET /install.php HTTP/1.1" 404 10272 "-" "-"
20.57.61.158 - - [30/Mar/2025:21:21:31 -0400] "GET /wp-includes/images/include.php HTTP/1.1" 404 10272 "-" "-"
20.57.61.158 - - [30/Mar/2025:21:21:32 -0400] "GET /gel4y.php HTTP/1.1" 404 10272 "-" "-"
20.57.61.158 - - [30/Mar/2025:21:21:32 -0400] "GET /comfunctions.php HTTP/1.1" 404 10272 "-" "-"
20.57.61.158 - - [30/Mar/2025:21:21:32 -0400] "GET /wp-content/plugins/core-plugin/include.php HTTP/1.1" 404 10272 "-" "-"
20.57.61.158 - - [30/Mar/2025:21:21:33 -0400] "GET /wp-content/themes/wp-classic/inc/index.php HTTP/1.1" 301 0 "-" "-"
20.57.61.158 - - [30/Mar/2025:21:21:33 -0400] "GET /wp-content/themes/wp-classic/inc/ HTTP/1.1" 404 10272 "-" "-"
20.57.61.158 - - [30/Mar/2025:21:21:33 -0400] "GET /assets/images/1p.php HTTP/1.1" 404 10272 "-" "-"
20.57.61.158 - - [30/Mar/2025:21:21:34 -0400] "GET /class.api.php HTTP/1.1" 404 10272 "-" "-"
20.57.61.158 - - [30/Mar/2025:21:21:34 -0400] "GET /plugin.php HTTP/1.1" 404 10272 "-" "-"
20.57.61.158 - - [30/Mar/2025:21:21:34 -0400] "GET /wp-mail.php HTTP/1.1" 403 941 "-" "-"
20.57.61.158 - - [30/Mar/2025:21:21:34 -0400] "GET /cong.php HTTP/1.1" 404 10272 "-" "-"
20.57.61.158 - - [30/Mar/2025:21:21:35 -0400] "GET /wp-content/index.php HTTP/1.1" 200 0 "-" "-"
20.57.61.158 - - [30/Mar/2025:21:21:35 -0400] "GET /.well-known/acme-challenge/xmrlpc.php HTTP/1.1" 404 10272 "-" "-"
20.57.61.158 - - [30/Mar/2025:21:21:35 -0400] "GET /wp-configs.php HTTP/1.1" 404 10272 "-" "-"
20.57.61.158 - - [30/Mar/2025:21:21:35 -0400] "GET /mah.php HTTP/1.1" 404 10272 "-" "-"
20.57.61.158 - - [30/Mar/2025:21:21:36 -0400] "GET /defaults.php HTTP/1.1" 404 10272 "-" "-"
20.57.61.158 - - [30/Mar/2025:21:21:36 -0400] "GET /wp-content/themes/sketch/404.php HTTP/1.1" 404 10272 "-" "-"
20.57.61.158 - - [30/Mar/2025:21:21:36 -0400] "GET /input.php HTTP/1.1" 404 10272 "-" "-"
20.57.61.158 - - [30/Mar/2025:21:21:37 -0400] "GET /admin-ajax.php HTTP/1.1" 404 10272 "-" "-"
20.57.61.158 - - [30/Mar/2025:21:21:37 -0400] "GET /0z.php HTTP/1.1" 404 10272 "-" "-"
20.57.61.158 - - [30/Mar/2025:21:21:37 -0400] "GET /media.php HTTP/1.1" 404 10272 "-" "-"
20.57.61.158 - - [30/Mar/2025:21:21:38 -0400] "GET /chosen.php HTTP/1.1" 404 10272 "-" "-"
20.57.61.158 - - [30/Mar/2025:21:21:38 -0400] "GET /wp-includes/fonts/wp-login.php HTTP/1.1" 404 10272 "-" "-"
20.57.61.158 - - [30/Mar/2025:21:21:38 -0400] "GET /wp-admin/users.php HTTP/1.1" 302 0 "-" "-"
20.57.61.158 - - [30/Mar/2025:21:21:38 -0400] "GET /wp-login.php?redirect_to=https%3A%2F%2Fgrimslut.com%2Fwp-admin%2Fusers.php&reauth=1 HTTP/1.1" 200 1960 "-" "-"
20.57.61.158 - - [30/Mar/2025:21:21:39 -0400] "GET /wp-content/uploads/cache.php HTTP/1.1" 404 10272 "-" "-"
20.57.61.158 - - [30/Mar/2025:21:21:39 -0400] "GET /.well-known/pki-validation/file.php HTTP/1.1" 404 1251 "-" "-"
20.57.61.158 - - [30/Mar/2025:21:21:39 -0400] "GET /.wp-cli/wp-login.php HTTP/1.1" 404 10272 "-" "-"
20.57.61.158 - - [30/Mar/2025:21:21:39 -0400] "GET /authorize.php HTTP/1.1" 404 10272 "-" "-"
20.57.61.158 - - [30/Mar/2025:21:21:40 -0400] "GET /wp-admin/css/colors/blue/CasperExV1.php HTTP/1.1" 404 10272 "-" "-"
20.57.61.158 - - [30/Mar/2025:21:21:40 -0400] "GET /wp-admin/includes/users.php HTTP/1.1" 404 10272 "-" "-"
20.57.61.158 - - [30/Mar/2025:21:21:40 -0400] "GET /wp-content/plugins/revslider/includes/external/page/index.php HTTP/1.1" 301 0 "-" "-"
20.57.61.158 - - [30/Mar/2025:21:21:41 -0400] "GET /wp-content/plugins/revslider/includes/external/page/ HTTP/1.1" 404 10274 "-" "-"
20.57.61.158 - - [30/Mar/2025:21:21:41 -0400] "GET /wp.php HTTP/1.1" 404 10272 "-" "-"
20.57.61.158 - - [30/Mar/2025:21:21:41 -0400] "GET /wp-content/plugins/WordPressCore/include.php HTTP/1.1" 404 10272 "-" "-"
20.57.61.158 - - [30/Mar/2025:21:21:41 -0400] "GET /wp-2019.php HTTP/1.1" 404 10272 "-" "-"
20.57.61.158 - - [30/Mar/2025:21:21:42 -0400] "GET /upload.php HTTP/1.1" 404 10272 "-" "-"
20.57.61.158 - - [30/Mar/2025:21:21:42 -0400] "GET /themes.php HTTP/1.1" 404 10272 "-" "-"
20.57.61.158 - - [30/Mar/2025:21:21:42 -0400] "GET /wp-admin/network/index.php HTTP/1.1" 302 0 "-" "-"
20.57.61.158 - - [30/Mar/2025:21:21:42 -0400] "GET /wp-login.php?redirect_to=https%3A%2F%2Fgrimslut.com%2Fwp-admin%2Fnetwork%2Findex.php&reauth=1 HTTP/1.1" 200 1954 "-" "-"
20.57.61.158 - - [30/Mar/2025:21:21:43 -0400] "GET /wp-content/plugins/WordPressCore/blkfqnikz.php HTTP/1.1" 404 10272 "-" "-"
20.57.61.158 - - [30/Mar/2025:21:21:43 -0400] "GET /wp/wp-admin/includes/class-wp-page-mvb2yr.php HTTP/1.1" 404 10272 "-" "-"
20.57.61.158 - - [30/Mar/2025:21:21:43 -0400] "GET /content.php HTTP/1.1" 404 10272 "-" "-"
20.57.61.158 - - [30/Mar/2025:21:21:44 -0400] "GET /st.php HTTP/1.1" 404 10272 "-" "-"
20.57.61.158 - - [30/Mar/2025:21:21:44 -0400] "GET /wp-includes/images/smilies/about.php HTTP/1.1" 404 10272 "-" "-"
20.57.61.158 - - [30/Mar/2025:21:21:44 -0400] "GET /simple.php HTTP/1.1" 404 10272 "-" "-"
20.57.61.158 - - [30/Mar/2025:21:21:44 -0400] "GET /function.php HTTP/1.1" 404 10272 "-" "-"
20.57.61.158 - - [30/Mar/2025:21:21:45 -0400] "GET /ynz.PhP7 HTTP/1.1" 404 10272 "-" "-"
20.57.61.158 - - [30/Mar/2025:21:21:45 -0400] "GET /wp-content/style-css.php HTTP/1.1" 404 10272 "-" "-"
20.57.61.158 - - [30/Mar/2025:21:21:45 -0400] "GET /wp-includes/IXR/wp-login.php HTTP/1.1" 404 10272 "-" "-"
20.57.61.158 - - [30/Mar/2025:21:21:46 -0400] "GET /.well-known/acme-challenge/about.php HTTP/1.1" 404 10272 "-" "-"
20.57.61.158 - - [30/Mar/2025:21:21:46 -0400] "GET /wordpress/wp-includes/IXR/allez.php HTTP/1.1" 404 10272 "-" "-"
20.57.61.158 - - [30/Mar/2025:21:21:47 -0400] "GET /rendixd.php HTTP/1.1" 404 10272 "-" "-"
20.57.61.158 - - [30/Mar/2025:21:21:47 -0400] "GET /wp-admin/css/admin.php HTTP/1.1" 404 10272 "-" "-"
20.57.61.158 - - [30/Mar/2025:21:21:48 -0400] "GET /filefuns.php HTTP/1.1" 404 10272 "-" "-"
20.57.61.158 - - [30/Mar/2025:21:21:48 -0400] "GET /options.php HTTP/1.1" 404 10272 "-" "-"
20.57.61.158 - - [30/Mar/2025:21:21:49 -0400] "GET /wp-includes/js/tinymce/skins/lightgray/img/index.php HTTP/1.1" 301 0 "-" "-"
20.57.61.158 - - [30/Mar/2025:21:21:49 -0400] "GET /wp-includes/js/tinymce/skins/lightgray/img/ HTTP/1.1" 403 1242 "-" "-"
20.57.61.158 - - [30/Mar/2025:21:21:49 -0400] "GET /edit.php HTTP/1.1" 404 10272 "-" "-"
20.57.61.158 - - [30/Mar/2025:21:21:50 -0400] "GET /user.php HTTP/1.1" 404 10272 "-" "-"
20.57.61.158 - - [30/Mar/2025:21:21:50 -0400] "GET /worm0.PhP7 HTTP/1.1" 404 10272 "-" "-"
20.57.61.158 - - [30/Mar/2025:21:21:50 -0400] "GET /wp-includes/js/tinymce/skins/wordpress/images/index.php HTTP/1.1" 301 0 "-" "-"
20.57.61.158 - - [30/Mar/2025:21:21:51 -0400] "GET /wp-includes/js/tinymce/skins/wordpress/images/ HTTP/1.1" 403 1242 "-" "-"
20.57.61.158 - - [30/Mar/2025:21:21:51 -0400] "GET /.well-known/.well-known/owlmailer.php HTTP/1.1" 404 10272 "-" "-"
20.57.61.158 - - [30/Mar/2025:21:21:51 -0400] "GET /wp-content/uploads/cong.php HTTP/1.1" 404 10272 "-" "-"
20.57.61.158 - - [30/Mar/2025:21:21:52 -0400] "GET /01.php HTTP/1.1" 404 10272 "-" "-"
20.57.61.158 - - [30/Mar/2025:21:21:52 -0400] "GET /wp-content/uploads/wp-login.php.suspected HTTP/1.1" 404 10272 "-" "-"
20.57.61.158 - - [30/Mar/2025:21:21:53 -0400] "GET /wp-includes/rest-api/endpoints/html.php HTTP/1.1" 404 10272 "-" "-"
20.57.61.158 - - [30/Mar/2025:21:21:53 -0400] "GET /wp-admin/js/widgets/cong.php HTTP/1.1" 404 10272 "-" "-"
20.57.61.158 - - [30/Mar/2025:21:21:53 -0400] "GET /doc.php HTTP/1.1" 404 10272 "-" "-"
20.57.61.158 - - [30/Mar/2025:21:21:54 -0400] "GET /ws.php HTTP/1.1" 404 10272 "-" "-"
20.57.61.158 - - [30/Mar/2025:21:21:54 -0400] "GET /link.php HTTP/1.1" 404 10272 "-" "-"
20.57.61.158 - - [30/Mar/2025:21:21:55 -0400] "GET /autoload_classmap.php HTTP/1.1" 404 10272 "-" "-"
20.57.61.158 - - [30/Mar/2025:21:21:55 -0400] "GET /wp-admin/js/privacy-tools.min.php HTTP/1.1" 404 10272 "-" "-"
20.57.61.158 - - [30/Mar/2025:21:21:56 -0400] "GET /wp-includes/pomo/wp-login.php HTTP/1.1" 404 10272 "-" "-"
20.57.61.158 - - [30/Mar/2025:21:21:56 -0400] "GET /db.php HTTP/1.1" 404 10272 "-" "-"
20.57.61.158 - - [30/Mar/2025:21:21:57 -0400] "GET /wp-content/uploads/error_log.php HTTP/1.1" 404 10272 "-" "-"
20.57.61.158 - - [30/Mar/2025:21:21:57 -0400] "GET /google.php HTTP/1.1" 404 10272 "-" "-"
20.57.61.158 - - [30/Mar/2025:21:21:58 -0400] "GET /wp-includes/sts.php HTTP/1.1" 404 10272 "-" "-"
20.57.61.158 - - [30/Mar/2025:21:21:58 -0400] "GET /wp-includes/pomo/fgertreyersd.php.suspected HTTP/1.1" 404 10272 "-" "-"
20.57.61.158 - - [30/Mar/2025:21:21:59 -0400] "GET /wp-includes/Requests/dropdown.php HTTP/1.1" 404 10272 "-" "-"
20.57.61.158 - - [30/Mar/2025:21:22:00 -0400] "GET /wp-content/install.php HTTP/1.1" 404 10272 "-" "-"
20.57.61.158 - - [30/Mar/2025:21:22:00 -0400] "GET /.well-known/admin.php HTTP/1.1" 404 10272 "-" "-"
20.57.61.158 - - [30/Mar/2025:21:22:00 -0400] "GET /revision.php HTTP/1.1" 404 10272 "-" "-"
20.57.61.158 - - [30/Mar/2025:21:22:01 -0400] "GET /css/sgd.php HTTP/1.1" 404 10272 "-" "-"
20.57.61.158 - - [30/Mar/2025:21:22:01 -0400] "GET /wp-content/plugins/index.php HTTP/1.1" 200 0 "-" "-"
185.21.13.25 - - [30/Mar/2025:21:24:52 -0400] "GET / HTTP/1.1" 200 20855 "-" "Mozilla/5.0 (Macintosh; Intel Mac OS X 10_15_7) AppleWebKit/537.36 (KHTML, like Gecko) Chrome/133.0.0.0 Safari/537.36"
198.54.114.83 - - [30/Mar/2025:21:24:56 -0400] "POST /wp-cron.php?doing_wp_cron=1743384296.0944719314575195312500 HTTP/1.1" 200 0 "-" "WordPress/6.7.2; https://grimslut.com"
185.21.13.25 - - [30/Mar/2025:21:24:54 -0400] "GET /comments/feed/ HTTP/1.1" 200 364 "-" "Mozilla/5.0 (Macintosh; Intel Mac OS X 10_15_7) AppleWebKit/537.36 (KHTML, like Gecko) Chrome/133.0.0.0 Safari/537.36"
198.54.114.83 - - [30/Mar/2025:21:24:56 -0400] "POST /wp-admin/admin-ajax.php?action=async_litespeed&nonce=PaQqkG0qHzHljORxCEyklj8BxbLioojm&litespeed_type=imgoptm HTTP/1.1" 200 5 "-" "WordPress/6.7.2; https://grimslut.com"
185.21.13.25 - - [30/Mar/2025:21:24:57 -0400] "GET /category/shopping-product-reviews/ HTTP/1.1" 200 12147 "-" "Mozilla/5.0 (Macintosh; Intel Mac OS X 10_15_7) AppleWebKit/537.36 (KHTML, like Gecko) Chrome/133.0.0.0 Safari/537.36"
185.21.13.25 - - [30/Mar/2025:21:24:58 -0400] "GET /category/shopping-product-reviews/feed/ HTTP/1.1" 200 456 "-" "Mozilla/5.0 (Macintosh; Intel Mac OS X 10_15_7) AppleWebKit/537.36 (KHTML, like Gecko) Chrome/133.0.0.0 Safari/537.36"
185.21.13.25 - - [30/Mar/2025:21:25:03 -0400] "GET /category/technology/ HTTP/1.1" 200 12166 "-" "Mozilla/5.0 (Macintosh; Intel Mac OS X 10_15_7) AppleWebKit/537.36 (KHTML, like Gecko) Chrome/133.0.0.0 Safari/537.36"
185.21.13.25 - - [30/Mar/2025:21:25:05 -0400] "GET /category/technology/feed/ HTTP/1.1" 200 429 "-" "Mozilla/5.0 (Macintosh; Intel Mac OS X 10_15_7) AppleWebKit/537.36 (KHTML, like Gecko) Chrome/133.0.0.0 Safari/537.36"
185.21.13.25 - - [30/Mar/2025:21:25:06 -0400] "GET /premier-fertility-care-at-new-hope-ivf-dubai/ HTTP/1.1" 200 15674 "-" "Mozilla/5.0 (Macintosh; Intel Mac OS X 10_15_7) AppleWebKit/537.36 (KHTML, like Gecko) Chrome/133.0.0.0 Safari/537.36"
110.93.8.232 - - [30/Mar/2025:21:25:10 -0400] "POST /wp-comments-post.php HTTP/1.1" 200 983 "-" "Mozilla/5.0 (Macintosh; Intel Mac OS X 10_15_7) AppleWebKit/537.36 (KHTML, like Gecko) Chrome/133.0.0.0 Safari/537.36"
110.93.8.232 - - [30/Mar/2025:21:25:11 -0400] "POST /wp-comments-post.php HTTP/1.1" 200 0 "-" "Mozilla/5.0 (Windows NT 10.0; Win64; x64) AppleWebKit/537.36 (KHTML, like Gecko) Chrome/120.0.0.0 Safari/537.36"
185.21.13.25 - - [30/Mar/2025:21:25:12 -0400] "GET /premier-fertility-care-at-new-hope-ivf-dubai/feed/ HTTP/1.1" 200 419 "-" "Mozilla/5.0 (Macintosh; Intel Mac OS X 10_15_7) AppleWebKit/537.36 (KHTML, like Gecko) Chrome/133.0.0.0 Safari/537.36"
185.21.13.25 - - [30/Mar/2025:21:25:14 -0400] "GET /premier-fertility-care-at-new-hope-ivf-dubai/ HTTP/1.1" 200 15674 "-" "Mozilla/5.0 (Macintosh; Intel Mac OS X 10_15_7) AppleWebKit/537.36 (KHTML, like Gecko) Chrome/133.0.0.0 Safari/537.36"
110.93.8.232 - - [30/Mar/2025:21:25:16 -0400] "POST /wp-comments-post.php HTTP/1.1" 200 983 "-" "Mozilla/5.0 (Macintosh; Intel Mac OS X 10_15_7) AppleWebKit/537.36 (KHTML, like Gecko) Chrome/133.0.0.0 Safari/537.36"
110.93.8.232 - - [30/Mar/2025:21:25:18 -0400] "POST /wp-comments-post.php HTTP/1.1" 200 0 "-" "Mozilla/5.0 (Windows NT 10.0; Win64; x64) AppleWebKit/537.36 (KHTML, like Gecko) Chrome/120.0.0.0 Safari/537.36"
185.21.13.25 - - [30/Mar/2025:21:25:22 -0400] "GET /premier-fertility-care-at-new-hope-ivf-dubai/ HTTP/1.1" 200 15674 "-" "Mozilla/5.0 (Macintosh; Intel Mac OS X 10_15_7) AppleWebKit/537.36 (KHTML, like Gecko) Chrome/133.0.0.0 Safari/537.36"
185.21.13.25 - - [30/Mar/2025:21:25:24 -0400] "GET /the-new-era-of-wedding-invitations-with-rsvp/ HTTP/1.1" 200 15833 "-" "Mozilla/5.0 (Macintosh; Intel Mac OS X 10_15_7) AppleWebKit/537.36 (KHTML, like Gecko) Chrome/133.0.0.0 Safari/537.36"
185.21.13.25 - - [30/Mar/2025:21:25:26 -0400] "GET /the-new-era-of-wedding-invitations-with-rsvp/feed/ HTTP/1.1" 200 410 "-" "Mozilla/5.0 (Macintosh; Intel Mac OS X 10_15_7) AppleWebKit/537.36 (KHTML, like Gecko) Chrome/133.0.0.0 Safari/537.36"
185.21.13.25 - - [30/Mar/2025:21:25:28 -0400] "GET /the-new-era-of-wedding-invitations-with-rsvp/ HTTP/1.1" 200 15833 "-" "Mozilla/5.0 (Macintosh; Intel Mac OS X 10_15_7) AppleWebKit/537.36 (KHTML, like Gecko) Chrome/133.0.0.0 Safari/537.36"
212.34.147.142 - - [30/Mar/2025:22:06:16 -0400] "GET /exploring-the-multicanais-phenomenon/ HTTP/1.1" 200 15499 "https://grimslut.com/exploring-the-multicanais-phenomenon/" "Mozilla/5.0 (Windows NT 10.0; Win64; x64) AppleWebKit/537.36 (KHTML, like Gecko) Chrome/130.0.0.0 Safari/537.36"
198.54.114.83 - - [30/Mar/2025:22:06:19 -0400] "POST /wp-cron.php?doing_wp_cron=1743386779.4943399429321289062500 HTTP/1.1" 200 0 "-" "WordPress/6.7.2; https://grimslut.com"
212.34.147.142 - - [30/Mar/2025:22:06:16 -0400] "POST /wp-comments-post.php HTTP/1.1" 302 0 "https://grimslut.com/exploring-the-multicanais-phenomenon/" "Mozilla/5.0 (Windows NT 10.0; Win64; x64) AppleWebKit/537.36 (KHTML, like Gecko) Chrome/130.0.0.0 Safari/537.36"
198.54.114.83 - - [30/Mar/2025:22:06:20 -0400] "POST /wp-admin/admin-ajax.php?action=async_litespeed&nonce=f0eU35faWuSmi855OhrKFers8FvV5cc8&litespeed_type=imgoptm HTTP/1.1" 200 0 "-" "WordPress/6.7.2; https://grimslut.com"
212.34.147.142 - - [30/Mar/2025:22:06:21 -0400] "GET /exploring-the-multicanais-phenomenon/ HTTP/1.1" 200 16162 "https://grimslut.com/exploring-the-multicanais-phenomenon/#comment-6504" "Mozilla/5.0 (Windows NT 10.0; Win64; x64) AppleWebKit/537.36 (KHTML, like Gecko) Chrome/130.0.0.0 Safari/537.36"
198.54.114.83 - - [30/Mar/2025:22:57:00 -0400] "POST /wp-cron.php?doing_wp_cron=1743389819.1673839092254638671875 HTTP/1.1" 200 0 "-" "WordPress/6.7.2; https://grimslut.com"
188.130.136.219 - - [30/Mar/2025:22:56:55 -0400] "GET /wp-content/plugins/wp-automatic/changelog HTTP/1.1" 404 10272 "-" "Mozilla/5.0 (compatible; Googlebot/2.1; +http://www.google.com/bot.html)"
198.54.114.83 - - [30/Mar/2025:22:57:01 -0400] "POST /wp-admin/admin-ajax.php?action=async_litespeed&nonce=nyDjqRoDV8EkPddChmDMZpfD7EyFse6R&litespeed_type=imgoptm HTTP/1.1" 200 5 "-" "WordPress/6.7.2; https://grimslut.com"
195.191.219.131 - - [30/Mar/2025:23:06:44 -0400] "GET /robots.txt HTTP/1.1" 200 61 "-" "Mozilla/5.0 (compatible; MJ12bot/v2.0.0; http://mj12bot.com/)"
195.191.219.131 - - [30/Mar/2025:23:06:45 -0400] "GET / HTTP/1.1" 200 20855 "-" "Mozilla/5.0 (compatible; MJ12bot/v2.0.0; http://mj12bot.com/)"
54.197.194.50 - - [30/Mar/2025:23:16:50 -0400] "GET /robots.txt HTTP/1.1" 304 0 "-" "Mozilla/5.0 (X11; Linux x86_64) AppleWebKit/537.36 (KHTML, like Gecko) Chrome/94.0.4606.81 Safari/537.36"
54.197.194.50 - - [30/Mar/2025:23:16:50 -0400] "GET / HTTP/1.1" 200 20855 "-" "Mozilla/5.0 (X11; Linux x86_64) AppleWebKit/537.36 (KHTML, like Gecko) Chrome/94.0.4606.81 Safari/537.36"
94.181.156.210 - - [30/Mar/2025:23:32:33 -0400] "GET /unlocking-wellness-the-manchester-chiropractic-experience/ HTTP/1.1" 200 15650 "-" "Mozilla/5.0 (Windows NT 6.3; Win64; x64) AppleWebKit/537.36 (KHTML, like Gecko) Chrome/75.0.3770.100 Safari/537.36"
2001:41d0:203:83e2:: - - [30/Mar/2025:23:35:38 -0400] "GET /wp-login.php HTTP/1.1" 200 1954 "-" "GRequests/0.10"
198.54.114.83 - - [30/Mar/2025:23:35:46 -0400] "POST /wp-cron.php?doing_wp_cron=1743392145.5085420608520507812500 HTTP/1.1" 200 0 "-" "WordPress/6.7.2; https://grimslut.com"
2001:41d0:203:83e2:: - - [30/Mar/2025:23:35:39 -0400] "POST /wp-login.php HTTP/1.1" 200 2087 "-" "GRequests/0.10"
198.54.114.83 - - [30/Mar/2025:23:35:47 -0400] "POST /wp-admin/admin-ajax.php?action=async_litespeed&nonce=OJd9epyjhzmYeMboZSxmV9YFRmR3qr7N&litespeed_type=imgoptm HTTP/1.1" 200 0 "-" "WordPress/6.7.2; https://grimslut.com"
198.54.114.83 - - [30/Mar/2025:23:47:52 -0400] "POST /wp-cron.php?doing_wp_cron=1743392872.6529378890991210937500 HTTP/1.1" 200 0 "-" "WordPress/6.7.2; https://grimslut.com"
134.17.14.122 - - [30/Mar/2025:23:47:50 -0400] "GET /wp-content/plugins/WordPressCore/index.php HTTP/1.1" 301 0 "-" "Mozilla/4.0 (compatible; MSIE 6.0; Windows NT 5.1; SV1)"
198.54.114.83 - - [30/Mar/2025:23:47:54 -0400] "POST /wp-admin/admin-ajax.php?action=async_litespeed&nonce=6i6vkBJUMYxrVOi2IVOpJEXAVMIu5Ax0&litespeed_type=imgoptm HTTP/1.1" 200 0 "-" "WordPress/6.7.2; https://grimslut.com"
134.17.14.122 - - [30/Mar/2025:23:47:54 -0400] "GET /wp-content/plugins/WordPressCore/ HTTP/1.1" 404 10272 "-" "Mozilla/4.0 (compatible; MSIE 6.0; Windows NT 5.1; SV1)"
62.113.113.106 - - [30/Mar/2025:23:50:37 -0400] "GET /exploring-the-multicanais-phenomenon/ HTTP/1.1" 200 15499 "https://grimslut.com/exploring-the-multicanais-phenomenon/" "Mozilla/5.0 (Windows NT 10.0; Win64; x64) AppleWebKit/537.36 (KHTML, like Gecko) Chrome/131.0.0.0 Safari/537.36"
198.54.114.83 - - [30/Mar/2025:23:50:40 -0400] "POST /wp-cron.php?doing_wp_cron=1743393040.6718750000000000000000 HTTP/1.1" 200 0 "-" "WordPress/6.7.2; https://grimslut.com"
62.113.113.106 - - [30/Mar/2025:23:50:38 -0400] "POST /wp-comments-post.php HTTP/1.1" 302 0 "https://grimslut.com/exploring-the-multicanais-phenomenon/" "Mozilla/5.0 (Windows NT 10.0; Win64; x64) AppleWebKit/537.36 (KHTML, like Gecko) Chrome/131.0.0.0 Safari/537.36"
198.54.114.83 - - [30/Mar/2025:23:50:41 -0400] "POST /wp-admin/admin-ajax.php?action=async_litespeed&nonce=UyPvXYyg2tanLTIlTxDtKYDsT0lFJePR&litespeed_type=imgoptm HTTP/1.1" 200 5 "-" "WordPress/6.7.2; https://grimslut.com"
62.113.113.106 - - [30/Mar/2025:23:50:42 -0400] "GET /exploring-the-multicanais-phenomenon/ HTTP/1.1" 200 16481 "https://grimslut.com/exploring-the-multicanais-phenomenon/#comment-6505" "Mozilla/5.0 (Windows NT 10.0; Win64; x64) AppleWebKit/537.36 (KHTML, like Gecko) Chrome/131.0.0.0 Safari/537.36"
185.87.122.40 - - [30/Mar/2025:23:56:10 -0400] "GET /wp-login.php HTTP/1.1" 200 1954 "http://grimslut.com/wp-login.php" "Mozilla/5.0 (X11; Fedora; Linux x86_64; rv:94.0) Gecko/20100101 Firefox/95.0"
185.87.122.40 - - [30/Mar/2025:23:56:23 -0400] "GET /?author=1 HTTP/1.1" 301 0 "http://grimslut.com///?author=1" "Mozilla/5.0 (X11; Fedora; Linux x86_64; rv:94.0) Gecko/20100101 Firefox/95.0"
185.87.122.40 - - [30/Mar/2025:23:56:32 -0400] "GET /author/ashdev/ HTTP/1.1" 200 13659 "https://grimslut.com/?author=1" "Mozilla/5.0 (X11; Fedora; Linux x86_64; rv:94.0) Gecko/20100101 Firefox/95.0"
185.87.122.40 - - [30/Mar/2025:23:56:44 -0400] "GET /wp-json/wp/v2/users/ HTTP/1.1" 200 1236 "http://grimslut.com///wp-json/wp/v2/users/" "Mozilla/5.0 (X11; Fedora; Linux x86_64; rv:94.0) Gecko/20100101 Firefox/95.0"
185.87.122.40 - - [30/Mar/2025:23:56:55 -0400] "GET /?author=2 HTTP/1.1" 301 0 "http://grimslut.com///?author=2" "Mozilla/5.0 (X11; Fedora; Linux x86_64; rv:94.0) Gecko/20100101 Firefox/95.0"
185.87.122.40 - - [30/Mar/2025:23:57:01 -0400] "GET /author/admin/ HTTP/1.1" 200 14856 "https://grimslut.com/?author=2" "Mozilla/5.0 (X11; Fedora; Linux x86_64; rv:94.0) Gecko/20100101 Firefox/95.0"
185.87.122.40 - - [30/Mar/2025:23:57:13 -0400] "GET /?author=3 HTTP/1.1" 404 10272 "http://grimslut.com///?author=3" "Mozilla/5.0 (X11; Fedora; Linux x86_64; rv:94.0) Gecko/20100101 Firefox/95.0"
196.251.69.226 - - [31/Mar/2025:00:01:16 -0400] "POST /wp-content/plugins/wp-ver.php HTTP/1.1" 403 1242 "www.google.com" "Mozlila/5.0 (Linux; Android 7.0; SM-G892A Bulid/NRD90M; wv) AppleWebKit/537.36 (KHTML, like Gecko) Version/4.0 Chrome/60.0.3112.107 Moblie Safari/537.36"
2001:41d0:203:83e2:: - - [31/Mar/2025:00:34:05 -0400] "GET /wp-login.php HTTP/1.1" 200 1954 "-" "GRequests/0.10"
198.54.114.83 - - [31/Mar/2025:00:34:09 -0400] "POST /wp-cron.php?doing_wp_cron=1743395649.0620460510253906250000 HTTP/1.1" 200 0 "-" "WordPress/6.7.2; https://grimslut.com"
2001:41d0:203:83e2:: - - [31/Mar/2025:00:34:06 -0400] "POST /wp-login.php HTTP/1.1" 200 2087 "-" "GRequests/0.10"
198.54.114.83 - - [31/Mar/2025:00:34:10 -0400] "POST /wp-admin/admin-ajax.php?action=async_litespeed&nonce=R9LurjGIX5mTTco3tgzBsl2aBfn05xGx&litespeed_type=imgoptm HTTP/1.1" 200 5 "-" "WordPress/6.7.2; https://grimslut.com"
94.181.156.210 - - [31/Mar/2025:00:36:10 -0400] "GET /unlocking-wellness-the-manchester-chiropractic-experience/ HTTP/1.1" 200 15650 "-" "Mozilla/5.0 (Windows NT 6.3; Win64; x64) AppleWebKit/537.36 (KHTML, like Gecko) Chrome/75.0.3770.100 Safari/537.36"
93.183.93.32 - - [31/Mar/2025:00:43:50 -0400] "GET /exploring-the-multicanais-phenomenon/ HTTP/1.1" 200 15499 "https://grimslut.com/exploring-the-multicanais-phenomenon/" "Mozilla/5.0 (Windows NT 10.0; Win64; x64) AppleWebKit/537.36 (KHTML, like Gecko) Chrome/131.0.0.0 Safari/537.36"
178.20.46.206 - - [31/Mar/2025:00:43:50 -0400] "GET /exploring-the-multicanais-phenomenon/ HTTP/1.1" 200 15499 "https://grimslut.com/exploring-the-multicanais-phenomenon/" "Mozilla/5.0 (Windows NT 10.0; Win64; x64) AppleWebKit/537.36 (KHTML, like Gecko) Chrome/131.0.0.0 Safari/537.36 Avast/131.0.0.0"
198.54.114.83 - - [31/Mar/2025:00:43:54 -0400] "POST /wp-cron.php?doing_wp_cron=1743396233.9476439952850341796875 HTTP/1.1" 200 0 "-" "WordPress/6.7.2; https://grimslut.com"
198.54.114.83 - - [31/Mar/2025:00:43:54 -0400] "POST /wp-cron.php?doing_wp_cron=1743396233.9492309093475341796875 HTTP/1.1" 200 0 "-" "WordPress/6.7.2; https://grimslut.com"
198.54.114.83 - - [31/Mar/2025:00:43:54 -0400] "POST /wp-admin/admin-ajax.php?action=async_litespeed&nonce=lJE9YKJhMJEWfsLRIeUtVzRd9HPNxilR&litespeed_type=imgoptm HTTP/1.1" 200 5 "-" "WordPress/6.7.2; https://grimslut.com"
93.183.93.32 - - [31/Mar/2025:00:43:51 -0400] "POST /wp-comments-post.php HTTP/1.1" 302 0 "https://grimslut.com/exploring-the-multicanais-phenomenon/" "Mozilla/5.0 (Windows NT 10.0; Win64; x64) AppleWebKit/537.36 (KHTML, like Gecko) Chrome/131.0.0.0 Safari/537.36"
178.20.46.206 - - [31/Mar/2025:00:43:51 -0400] "POST /wp-comments-post.php HTTP/1.1" 302 0 "https://grimslut.com/exploring-the-multicanais-phenomenon/" "Mozilla/5.0 (Windows NT 10.0; Win64; x64) AppleWebKit/537.36 (KHTML, like Gecko) Chrome/131.0.0.0 Safari/537.36 Avast/131.0.0.0"
93.183.93.32 - - [31/Mar/2025:00:43:56 -0400] "GET /exploring-the-multicanais-phenomenon/ HTTP/1.1" 200 16168 "https://grimslut.com/exploring-the-multicanais-phenomenon/#comment-6507" "Mozilla/5.0 (Windows NT 10.0; Win64; x64) AppleWebKit/537.36 (KHTML, like Gecko) Chrome/131.0.0.0 Safari/537.36"
178.20.46.206 - - [31/Mar/2025:00:43:56 -0400] "GET /exploring-the-multicanais-phenomenon/ HTTP/1.1" 200 16502 "https://grimslut.com/exploring-the-multicanais-phenomenon/#comment-6506" "Mozilla/5.0 (Windows NT 10.0; Win64; x64) AppleWebKit/537.36 (KHTML, like Gecko) Chrome/131.0.0.0 Safari/537.36 Avast/131.0.0.0"
216.244.66.236 - - [31/Mar/2025:00:57:58 -0400] "GET /robots.txt HTTP/1.1" 304 0 "-" "Mozilla/5.0 (compatible; DotBot/1.2; +https://opensiteexplorer.org/dotbot; help@moz.com)"
51.83.243.160 - - [31/Mar/2025:01:02:07 -0400] "GET / HTTP/1.1" 200 20855 "-" "Mozilla/5.0 (X11; Linux x86_64) AppleWebKit/537.36 (KHTML, like Gecko) Chrome/128.0.0.0 Safari/537.36"
51.83.243.160 - - [31/Mar/2025:01:02:08 -0400] "GET /wp-content/themes/bloghash/assets/css/swiper-bundle.min.css?ver=6.7.2 HTTP/1.1" 200 4496 "https://grimslut.com/" "Mozilla/5.0 (X11; Linux x86_64) AppleWebKit/537.36 (KHTML, like Gecko) Chrome/128.0.0.0 Safari/537.36"
51.83.243.160 - - [31/Mar/2025:01:02:08 -0400] "GET /wp-content/themes/bloghash/assets/css/all.min.css?ver=5.15.4 HTTP/1.1" 200 12406 "https://grimslut.com/" "Mozilla/5.0 (X11; Linux x86_64) AppleWebKit/537.36 (KHTML, like Gecko) Chrome/128.0.0.0 Safari/537.36"
51.83.243.160 - - [31/Mar/2025:01:02:08 -0400] "GET /wp-includes/css/dist/block-library/style.min.css?ver=6.7.2 HTTP/1.1" 200 14225 "https://grimslut.com/" "Mozilla/5.0 (X11; Linux x86_64) AppleWebKit/537.36 (KHTML, like Gecko) Chrome/128.0.0.0 Safari/537.36"
51.83.243.160 - - [31/Mar/2025:01:02:09 -0400] "GET /wp-content/themes/bloghash/assets/css/style.min.css?ver=1.0.20 HTTP/1.1" 200 43134 "https://grimslut.com/" "Mozilla/5.0 (X11; Linux x86_64) AppleWebKit/537.36 (KHTML, like Gecko) Chrome/128.0.0.0 Safari/537.36"
51.83.243.160 - - [31/Mar/2025:01:02:09 -0400] "GET /wp-content/uploads/bloghash/dynamic-styles.css?ver=1743122686 HTTP/1.1" 200 4798 "https://grimslut.com/" "Mozilla/5.0 (X11; Linux x86_64) AppleWebKit/537.36 (KHTML, like Gecko) Chrome/128.0.0.0 Safari/537.36"
51.83.243.160 - - [31/Mar/2025:01:02:10 -0400] "GET /wp-includes/js/jquery/jquery.min.js?ver=3.7.1 HTTP/1.1" 200 29744 "https://grimslut.com/" "Mozilla/5.0 (X11; Linux x86_64) AppleWebKit/537.36 (KHTML, like Gecko) Chrome/128.0.0.0 Safari/537.36"
51.83.243.160 - - [31/Mar/2025:01:02:10 -0400] "GET /wp-includes/js/imagesloaded.min.js?ver=5.0.0 HTTP/1.1" 200 1687 "https://grimslut.com/" "Mozilla/5.0 (X11; Linux x86_64) AppleWebKit/537.36 (KHTML, like Gecko) Chrome/128.0.0.0 Safari/537.36"
51.83.243.160 - - [31/Mar/2025:01:02:10 -0400] "GET /wp-content/themes/bloghash/assets/js/vendors/swiper-bundle.min.js?ver=6.7.2 HTTP/1.1" 200 39606 "https://grimslut.com/" "Mozilla/5.0 (X11; Linux x86_64) AppleWebKit/537.36 (KHTML, like Gecko) Chrome/128.0.0.0 Safari/537.36"
51.83.243.160 - - [31/Mar/2025:01:02:10 -0400] "GET /wp-includes/js/jquery/jquery-migrate.min.js?ver=3.4.1 HTTP/1.1" 200 4678 "https://grimslut.com/" "Mozilla/5.0 (X11; Linux x86_64) AppleWebKit/537.36 (KHTML, like Gecko) Chrome/128.0.0.0 Safari/537.36"
51.83.243.160 - - [31/Mar/2025:01:02:11 -0400] "GET /wp-content/themes/bloghash/assets/js/bloghash.min.js?ver=1.0.20 HTTP/1.1" 200 5141 "https://grimslut.com/" "Mozilla/5.0 (X11; Linux x86_64) AppleWebKit/537.36 (KHTML, like Gecko) Chrome/128.0.0.0 Safari/537.36"
51.83.243.160 - - [31/Mar/2025:01:02:11 -0400] "GET /wp-content/themes/bloghash/assets/js/vendors/vanilla-marquee.min.js?ver=1.0.20 HTTP/1.1" 200 2023 "https://grimslut.com/" "Mozilla/5.0 (X11; Linux x86_64) AppleWebKit/537.36 (KHTML, like Gecko) Chrome/128.0.0.0 Safari/537.36"
51.83.243.160 - - [31/Mar/2025:01:02:11 -0400] "GET /wp-content/themes/bloghash/assets/js/bloghash-slider.min.js?ver=1.0.20 HTTP/1.1" 200 253 "https://grimslut.com/" "Mozilla/5.0 (X11; Linux x86_64) AppleWebKit/537.36 (KHTML, like Gecko) Chrome/128.0.0.0 Safari/537.36"
51.83.243.160 - - [31/Mar/2025:01:02:12 -0400] "GET /wp-includes/js/wp-emoji-release.min.js?ver=6.7.2 HTTP/1.1" 200 4676 "https://grimslut.com/" "Mozilla/5.0 (X11; Linux x86_64) AppleWebKit/537.36 (KHTML, like Gecko) Chrome/128.0.0.0 Safari/537.36"
54.252.214.180 - - [31/Mar/2025:01:09:03 -0400] "GET /wp-login.php HTTP/1.1" 200 1954 "-" "GRequests/0.10"
198.54.114.83 - - [31/Mar/2025:01:09:29 -0400] "POST /wp-cron.php?doing_wp_cron=1743397769.7040810585021972656250 HTTP/1.1" 200 0 "-" "WordPress/6.7.2; https://grimslut.com"
54.252.214.180 - - [31/Mar/2025:01:09:27 -0400] "POST /wp-login.php HTTP/1.1" 200 2087 "-" "GRequests/0.10"
198.54.114.83 - - [31/Mar/2025:01:09:30 -0400] "POST /wp-admin/admin-ajax.php?action=async_litespeed&nonce=Yw6LrDFHHuHAN523kjRuqsiphrYhFelH&litespeed_type=imgoptm HTTP/1.1" 200 5 "-" "WordPress/6.7.2; https://grimslut.com"
62.113.115.161 - - [31/Mar/2025:01:10:38 -0400] "GET /exploring-the-multicanais-phenomenon/ HTTP/1.1" 200 15499 "https://grimslut.com/exploring-the-multicanais-phenomenon/" "Mozilla/5.0 (Windows NT 10.0; Win64; x64) AppleWebKit/537.36 (KHTML, like Gecko) Chrome/130.0.0.0 Safari/537.36"
62.113.115.161 - - [31/Mar/2025:01:10:56 -0400] "GET /exploring-the-multicanais-phenomenon/ HTTP/1.1" 200 15499 "https://grimslut.com/exploring-the-multicanais-phenomenon/" "Mozilla/5.0 (Windows NT 10.0; Win64; x64) AppleWebKit/537.36 (KHTML, like Gecko) Chrome/130.0.0.0 Safari/537.36"
198.54.114.83 - - [31/Mar/2025:01:10:59 -0400] "POST /wp-cron.php?doing_wp_cron=1743397858.8625760078430175781250 HTTP/1.1" 200 0 "-" "WordPress/6.7.2; https://grimslut.com"
62.113.115.161 - - [31/Mar/2025:01:10:59 -0400] "POST /wp-comments-post.php HTTP/1.1" 200 982 "https://grimslut.com/exploring-the-multicanais-phenomenon/" "Mozilla/5.0 (Windows NT 10.0; Win64; x64) AppleWebKit/537.36 (KHTML, like Gecko) Chrome/130.0.0.0 Safari/537.36"
198.54.114.83 - - [31/Mar/2025:01:11:00 -0400] "POST /wp-admin/admin-ajax.php?action=async_litespeed&nonce=SRSj1NyEqE2EpYlaMIPp94FHAPUJrJRp&litespeed_type=imgoptm HTTP/1.1" 200 5 "-" "WordPress/6.7.2; https://grimslut.com"
62.113.115.161 - - [31/Mar/2025:01:10:57 -0400] "POST /wp-comments-post.php HTTP/1.1" 302 0 "https://grimslut.com/exploring-the-multicanais-phenomenon/" "Mozilla/5.0 (Windows NT 10.0; Win64; x64) AppleWebKit/537.36 (KHTML, like Gecko) Chrome/130.0.0.0 Safari/537.36"
62.113.115.161 - - [31/Mar/2025:01:11:02 -0400] "GET /exploring-the-multicanais-phenomenon/ HTTP/1.1" 200 16362 "https://grimslut.com/exploring-the-multicanais-phenomenon/#comment-6508" "Mozilla/5.0 (Windows NT 10.0; Win64; x64) AppleWebKit/537.36 (KHTML, like Gecko) Chrome/130.0.0.0 Safari/537.36"
216.244.66.236 - - [31/Mar/2025:01:15:23 -0400] "GET /discover-the-world-of-unblocked-games-6x/feed/ HTTP/1.1" 200 408 "-" "Mozilla/5.0 (compatible; DotBot/1.2; +https://opensiteexplorer.org/dotbot; help@moz.com)"
216.244.66.236 - - [31/Mar/2025:01:15:39 -0400] "GET /the-instant-hot-water-dispenser/feed/ HTTP/1.1" 200 395 "-" "Mozilla/5.0 (compatible; DotBot/1.2; +https://opensiteexplorer.org/dotbot; help@moz.com)"
167.172.137.199 - - [31/Mar/2025:01:16:11 -0400] "GET / HTTP/1.1" 200 20855 "-" "Mozilla/5.0 (Macintosh; Intel Mac OS X 10_15_7) AppleWebKit/537.36 (KHTML, like Gecko) Chrome/128.0.0.0 Safari/537.36"
198.54.114.83 - - [31/Mar/2025:01:17:50 -0400] "POST /wp-cron.php?doing_wp_cron=1743398270.2088420391082763671875 HTTP/1.1" 200 0 "-" "WordPress/6.7.2; https://grimslut.com"
198.54.114.83 - - [31/Mar/2025:01:17:50 -0400] "POST /wp-cron.php?doing_wp_cron=1743398270.2100999355316162109375 HTTP/1.1" 200 0 "-" "WordPress/6.7.2; https://grimslut.com"
59.6.26.211 - - [31/Mar/2025:01:17:47 -0400] "GET /maximizing-your-business-trip-experience-with-massage-therapy/ HTTP/1.1" 200 15908 "https://grimslut.com/maximizing-your-business-trip-experience-with-massage-therapy/#comment-6036" "Mozilla/5.0 (Windows NT 6.1; WOW64) AppleWebKit/537.36 (KHTML, like Gecko) Chrome/103.0.0.0 Safari/537.36"
59.6.26.211 - - [31/Mar/2025:01:17:48 -0400] "GET /retro-bowl-a-nostalgic-sports-game-revolution/ HTTP/1.1" 200 15518 "https://grimslut.com/retro-bowl-a-nostalgic-sports-game-revolution/#comment-5773" "Mozilla/5.0 (Windows NT 10.0; Win64; x64) AppleWebKit/537.36 (KHTML, like Gecko) Chrome/103.0.5060.53 Safari/537.36"
198.54.114.83 - - [31/Mar/2025:01:17:51 -0400] "POST /wp-admin/admin-ajax.php?action=async_litespeed&nonce=YLuJDCROhTQMjFD9ujJFIlHn7lb6a3CV&litespeed_type=imgoptm HTTP/1.1" 200 5 "-" "WordPress/6.7.2; https://grimslut.com"
59.6.26.211 - - [31/Mar/2025:01:17:53 -0400] "POST /wp-comments-post.php HTTP/1.1" 302 0 "https://grimslut.com/maximizing-your-business-trip-experience-with-massage-therapy/#comment-6036" "Mozilla/5.0 (Windows NT 6.1; WOW64) AppleWebKit/537.36 (KHTML, like Gecko) Chrome/103.0.0.0 Safari/537.36"
59.6.26.211 - - [31/Mar/2025:01:17:56 -0400] "GET /maximizing-your-business-trip-experience-with-massage-therapy/ HTTP/1.1" 200 16962 "https://grimslut.com/maximizing-your-business-trip-experience-with-massage-therapy/#comment-6509" "Mozilla/5.0 (Windows NT 6.1; WOW64) AppleWebKit/537.36 (KHTML, like Gecko) Chrome/103.0.0.0 Safari/537.36"
59.6.26.211 - - [31/Mar/2025:01:18:04 -0400] "POST /wp-comments-post.php HTTP/1.1" 429 983 "https://grimslut.com/retro-bowl-a-nostalgic-sports-game-revolution/#comment-5773" "Mozilla/5.0 (Windows NT 10.0; Win64; x64) AppleWebKit/537.36 (KHTML, like Gecko) Chrome/103.0.5060.53 Safari/537.36"
59.6.26.211 - - [31/Mar/2025:01:18:06 -0400] "GET /retro-bowl-a-nostalgic-sports-game-revolution/ HTTP/1.1" 200 15518 "https://grimslut.com/retro-bowl-a-nostalgic-sports-game-revolution/#comment-5773" "Mozilla/5.0 (Windows NT 10.0; Win64; x64) AppleWebKit/537.36 (KHTML, like Gecko) Chrome/103.0.5060.53 Safari/537.36"
59.6.26.211 - - [31/Mar/2025:01:18:07 -0400] "GET /author/admin/ HTTP/1.1" 200 14856 "https://grimslut.com/author/admin/" "Mozilla/5.0 (Windows NT 10.0; Win64; x64) AppleWebKit/537.36 (KHTML, like Gecko) Chrome/103.0.5060.53 Safari/537.36"
59.6.26.211 - - [31/Mar/2025:01:18:10 -0400] "GET /retro-bowl-a-nostalgic-sports-game-revolution/ HTTP/1.1" 200 15518 "https://grimslut.com/retro-bowl-a-nostalgic-sports-game-revolution/" "Mozilla/5.0 (Windows NT 10.0; Win64; x64) AppleWebKit/537.36 (KHTML, like Gecko) Chrome/103.0.5060.53 Safari/537.36"
198.54.114.83 - - [31/Mar/2025:02:12:39 -0400] "POST /wp-cron.php?doing_wp_cron=1743401559.0652639865875244140625 HTTP/1.1" 200 0 "-" "WordPress/6.7.2; https://grimslut.com"
199.188.207.168 - - [31/Mar/2025:02:12:34 -0400] "POST /xmlrpc.php HTTP/1.1" 200 186 "https://grimslut.com" "Mozilla/5.0 (Windows NT 10.0; Win64; x64; rv:125.0.1) Gecko/20100101 Firefox/125.0.1"
198.54.114.83 - - [31/Mar/2025:02:12:40 -0400] "POST /wp-admin/admin-ajax.php?action=async_litespeed&nonce=ODViUN4zR3Sf2xD7Be2YoeXNvPYEmMyh&litespeed_type=imgoptm HTTP/1.1" 200 5 "-" "WordPress/6.7.2; https://grimslut.com"
43.152.72.247 - - [31/Mar/2025:02:19:41 -0400] "GET / HTTP/1.1" 200 20855 "http://grimslut.com" "Mozilla/5.0 (iPhone; CPU iPhone OS 13_2_3 like Mac OS X) AppleWebKit/605.1.15 (KHTML, like Gecko) Version/13.0.3 Mobile/15E148 Safari/604.1"
