198.54.114.83 - - [02/Apr/2025:23:04:29 -0400] "POST /wp-cron.php?doing_wp_cron=1743649468.3896160125732421875000 HTTP/1.1" 200 0 "-" "WordPress/6.7.2; https://grimslut.com"
66.249.71.167 - - [02/Apr/2025:23:04:24 -0400] "GET /category/arts-entertainments/page/5/ HTTP/1.1" 200 14967 "-" "Mozilla/5.0 (Linux; Android 6.0.1; Nexus 5X Build/MMB29P) AppleWebKit/537.36 (KHTML, like Gecko) Chrome/134.0.6998.165 Mobile Safari/537.36 (compatible; GoogleOther)"
66.249.71.167 - - [02/Apr/2025:23:05:01 -0400] "GET /category/legal-law/ HTTP/1.1" 200 12175 "-" "Mozilla/5.0 (Linux; Android 6.0.1; Nexus 5X Build/MMB29P) AppleWebKit/537.36 (KHTML, like Gecko) Chrome/134.0.6998.165 Mobile Safari/537.36 (compatible; Googlebot/2.1; +http://www.google.com/bot.html)"
145.220.91.19 - - [02/Apr/2025:23:11:11 -0400] "GET / HTTP/1.1" 200 20870 "http://grimslut.com/" "Mozilla/5.0 (Macintosh; Intel Mac OS X 10.15; rv:122.0) Gecko/20100101 Firefox/122.0"
182.42.105.85 - - [02/Apr/2025:23:18:31 -0400] "GET / HTTP/1.1" 200 20870 "http://grimslut.com" "Mozilla/5.0 (iPhone; CPU iPhone OS 13_2_3 like Mac OS X) AppleWebKit/605.1.15 (KHTML, like Gecko) Version/13.0.3 Mobile/15E148 Safari/604.1"
198.54.114.83 - - [02/Apr/2025:23:18:44 -0400] "POST /wp-cron.php?doing_wp_cron=1743650324.4684560298919677734375 HTTP/1.1" 200 0 "-" "WordPress/6.7.2; https://grimslut.com"
2a02:598:128:8a00::b00:9 - - [02/Apr/2025:23:18:41 -0400] "GET /a-promising-cancer-treatment/ HTTP/1.1" 200 15631 "-" "Mozilla/5.0 (compatible; SeznamBot/4.0; +https://o-seznam.cz/napoveda/vyhledavani/en/seznambot-crawler/)"
198.54.114.83 - - [02/Apr/2025:23:18:46 -0400] "POST /wp-admin/admin-ajax.php?action=async_litespeed&nonce=adIfuc4V1YaxNXE2aRbOJMYx0UKXSd6m&litespeed_type=imgoptm HTTP/1.1" 200 5 "-" "WordPress/6.7.2; https://grimslut.com"
3.14.133.188 - - [02/Apr/2025:23:27:34 -0400] "GET /robots.txt HTTP/1.1" 304 0 "-" "Mozilla/5.0 AppleWebKit/537.36 (KHTML, like Gecko; compatible; ClaudeBot/1.0; +claudebot@anthropic.com)"
198.54.114.83 - - [02/Apr/2025:23:27:38 -0400] "POST /wp-cron.php?doing_wp_cron=1743650858.6275699138641357421875 HTTP/1.1" 200 0 "-" "WordPress/6.7.2; https://grimslut.com"
198.54.114.83 - - [02/Apr/2025:23:27:39 -0400] "POST /wp-cron.php?doing_wp_cron=1743650858.6305780410766601562500 HTTP/1.1" 200 0 "-" "WordPress/6.7.2; https://grimslut.com"
3.14.133.188 - - [02/Apr/2025:23:27:35 -0400] "GET /wp-json/wp/v2/posts/59 HTTP/1.1" 200 4965 "-" "Mozilla/5.0 AppleWebKit/537.36 (KHTML, like Gecko; compatible; ClaudeBot/1.0; +claudebot@anthropic.com)"
3.14.133.188 - - [02/Apr/2025:23:27:35 -0400] "GET /effective-communication-with-virtual-telephone-answering-services HTTP/1.1" 301 0 "-" "Mozilla/5.0 AppleWebKit/537.36 (KHTML, like Gecko; compatible; ClaudeBot/1.0; +claudebot@anthropic.com)"
198.54.114.83 - - [02/Apr/2025:23:27:39 -0400] "POST /wp-admin/admin-ajax.php?action=async_litespeed&nonce=PCKyicYbTSjZ0V2ClmPauSV88EczyTje&litespeed_type=imgoptm HTTP/1.1" 200 0 "-" "WordPress/6.7.2; https://grimslut.com"
3.14.133.188 - - [02/Apr/2025:23:27:39 -0400] "GET /effective-communication-with-virtual-telephone-answering-services/ HTTP/1.1" 200 15743 "https://grimslut.com/effective-communication-with-virtual-telephone-answering-services" "Mozilla/5.0 AppleWebKit/537.36 (KHTML, like Gecko; compatible; ClaudeBot/1.0; +claudebot@anthropic.com)"
198.54.114.83 - - [02/Apr/2025:23:46:14 -0400] "POST /wp-cron.php?doing_wp_cron=1743651974.6279380321502685546875 HTTP/1.1" 200 0 "-" "WordPress/6.7.2; https://grimslut.com"
3.16.83.64 - - [02/Apr/2025:23:46:10 -0400] "GET /effizienz-in-aktion-die-kunst-des-hamburger-putzens-meistern/feed HTTP/1.1" 301 0 "-" "Mozilla/5.0 AppleWebKit/537.36 (KHTML, like Gecko; compatible; ClaudeBot/1.0; +claudebot@anthropic.com)"
198.54.114.83 - - [02/Apr/2025:23:46:15 -0400] "POST /wp-admin/admin-ajax.php?action=async_litespeed&nonce=GqNKBWn0fNZKoIwAsI8prhNjZHFdTvUq&litespeed_type=imgoptm HTTP/1.1" 200 0 "-" "WordPress/6.7.2; https://grimslut.com"
3.16.83.64 - - [02/Apr/2025:23:46:16 -0400] "GET /effizienz-in-aktion-die-kunst-des-hamburger-putzens-meistern/feed/ HTTP/1.1" 200 443 "https://grimslut.com/effizienz-in-aktion-die-kunst-des-hamburger-putzens-meistern/feed" "Mozilla/5.0 AppleWebKit/537.36 (KHTML, like Gecko; compatible; ClaudeBot/1.0; +claudebot@anthropic.com)"
4.227.36.16 - - [02/Apr/2025:23:57:58 -0400] "GET /robots.txt HTTP/1.1" 200 61 "-" "Mozilla/5.0 AppleWebKit/537.36 (KHTML, like Gecko; compatible; GPTBot/1.2; +https://openai.com/gptbot)"
20.171.207.51 - - [02/Apr/2025:23:58:14 -0400] "GET / HTTP/1.1" 200 20870 "-" "Mozilla/5.0 AppleWebKit/537.36 (KHTML, like Gecko; compatible; GPTBot/1.2; +https://openai.com/gptbot)"
51.83.238.159 - - [03/Apr/2025:00:21:29 -0400] "GET / HTTP/1.1" 200 20870 "-" "cpp-httplib/0.15.3"
43.130.102.7 - - [03/Apr/2025:00:29:07 -0400] "GET / HTTP/1.1" 200 20870 "http://grimslut.com" "Mozilla/5.0 (iPhone; CPU iPhone OS 13_2_3 like Mac OS X) AppleWebKit/605.1.15 (KHTML, like Gecko) Version/13.0.3 Mobile/15E148 Safari/604.1"
18.217.76.59 - - [03/Apr/2025:00:38:49 -0400] "GET /?p=458 HTTP/1.1" 301 0 "-" "Mozilla/5.0 AppleWebKit/537.36 (KHTML, like Gecko; compatible; ClaudeBot/1.0; +claudebot@anthropic.com)"
198.54.114.83 - - [03/Apr/2025:00:38:53 -0400] "POST /wp-cron.php?doing_wp_cron=1743655133.2150490283966064453125 HTTP/1.1" 200 0 "-" "WordPress/6.7.2; https://grimslut.com"
18.217.76.59 - - [03/Apr/2025:00:38:49 -0400] "GET /wp-json/wp/v2/posts/458 HTTP/1.1" 200 3759 "-" "Mozilla/5.0 AppleWebKit/537.36 (KHTML, like Gecko; compatible; ClaudeBot/1.0; +claudebot@anthropic.com)"
18.217.76.59 - - [03/Apr/2025:00:38:53 -0400] "GET /a-new-era-in-gambling/ HTTP/1.1" 200 15465 "https://grimslut.com/?p=458" "Mozilla/5.0 AppleWebKit/537.36 (KHTML, like Gecko; compatible; ClaudeBot/1.0; +claudebot@anthropic.com)"
198.54.114.83 - - [03/Apr/2025:00:38:54 -0400] "POST /wp-admin/admin-ajax.php?action=async_litespeed&nonce=bff5T1ttYHDIAqxp7sxXYZQlYoCLPYOK&litespeed_type=imgoptm HTTP/1.1" 200 0 "-" "WordPress/6.7.2; https://grimslut.com"
198.54.114.83 - - [03/Apr/2025:00:39:39 -0400] "POST /wp-cron.php?doing_wp_cron=1743655178.9140779972076416015625 HTTP/1.1" 200 0 "-" "WordPress/6.7.2; https://grimslut.com"
3.147.75.131 - - [03/Apr/2025:00:39:38 -0400] "GET /wp-json/oembed/1.0/embed?format=xml&url=https%3A%2F%2Fgrimslut.com%2Fa-new-era-in-gambling%2F HTTP/1.1" 200 1031 "-" "Mozilla/5.0 AppleWebKit/537.36 (KHTML, like Gecko; compatible; ClaudeBot/1.0; +claudebot@anthropic.com)"
198.54.114.83 - - [03/Apr/2025:00:39:39 -0400] "POST /wp-admin/admin-ajax.php?action=async_litespeed&nonce=Rfmp4YVHOYeELY5b1n1uG0dU5pY6jPw2&litespeed_type=imgoptm HTTP/1.1" 200 5 "-" "WordPress/6.7.2; https://grimslut.com"
3.17.185.36 - - [03/Apr/2025:00:40:23 -0400] "GET /2025-pesach-programs/feed HTTP/1.1" 301 0 "-" "Mozilla/5.0 AppleWebKit/537.36 (KHTML, like Gecko; compatible; ClaudeBot/1.0; +claudebot@anthropic.com)"
3.17.185.36 - - [03/Apr/2025:00:40:23 -0400] "GET /a-new-era-of-gaming/feed HTTP/1.1" 301 0 "-" "Mozilla/5.0 AppleWebKit/537.36 (KHTML, like Gecko; compatible; ClaudeBot/1.0; +claudebot@anthropic.com)"
3.17.185.36 - - [03/Apr/2025:00:40:23 -0400] "GET /wp-json/wp/v2/posts/65 HTTP/1.1" 200 5603 "-" "Mozilla/5.0 AppleWebKit/537.36 (KHTML, like Gecko; compatible; ClaudeBot/1.0; +claudebot@anthropic.com)"
3.17.185.36 - - [03/Apr/2025:00:40:23 -0400] "GET /a-new-era-in-gambling/feed HTTP/1.1" 301 0 "-" "Mozilla/5.0 AppleWebKit/537.36 (KHTML, like Gecko; compatible; ClaudeBot/1.0; +claudebot@anthropic.com)"
3.17.185.36 - - [03/Apr/2025:00:40:24 -0400] "GET /2025-pesach-programs/feed/ HTTP/1.1" 200 377 "https://grimslut.com/2025-pesach-programs/feed" "Mozilla/5.0 AppleWebKit/537.36 (KHTML, like Gecko; compatible; ClaudeBot/1.0; +claudebot@anthropic.com)"
3.17.185.36 - - [03/Apr/2025:00:40:24 -0400] "GET /a-new-era-of-gaming/feed/ HTTP/1.1" 200 382 "https://grimslut.com/a-new-era-of-gaming/feed" "Mozilla/5.0 AppleWebKit/537.36 (KHTML, like Gecko; compatible; ClaudeBot/1.0; +claudebot@anthropic.com)"
3.17.185.36 - - [03/Apr/2025:00:40:24 -0400] "GET /a-new-era-in-gambling/feed/ HTTP/1.1" 200 385 "https://grimslut.com/a-new-era-in-gambling/feed" "Mozilla/5.0 AppleWebKit/537.36 (KHTML, like Gecko; compatible; ClaudeBot/1.0; +claudebot@anthropic.com)"
198.54.114.83 - - [03/Apr/2025:00:41:02 -0400] "POST /wp-cron.php?doing_wp_cron=1743655261.8426249027252197265625 HTTP/1.1" 200 0 "-" "WordPress/6.7.2; https://grimslut.com"
18.220.41.155 - - [03/Apr/2025:00:41:01 -0400] "GET /wp-json/wp/v2/posts/499 HTTP/1.1" 200 3648 "-" "Mozilla/5.0 AppleWebKit/537.36 (KHTML, like Gecko; compatible; ClaudeBot/1.0; +claudebot@anthropic.com)"
198.54.114.83 - - [03/Apr/2025:00:41:02 -0400] "POST /wp-admin/admin-ajax.php?action=async_litespeed&nonce=q5XkJ2Crlm17yoncGu78G9y5M2ZLe7Am&litespeed_type=imgoptm HTTP/1.1" 200 5 "-" "WordPress/6.7.2; https://grimslut.com"
13.58.187.29 - - [03/Apr/2025:00:41:50 -0400] "GET /wp-json/oembed/1.0/embed?format=xml&url=https%3A%2F%2Fgrimslut.com%2Fa-new-era-of-gambling%2F HTTP/1.1" 200 1030 "-" "Mozilla/5.0 AppleWebKit/537.36 (KHTML, like Gecko; compatible; ClaudeBot/1.0; +claudebot@anthropic.com)"
198.54.114.83 - - [03/Apr/2025:00:41:50 -0400] "POST /wp-cron.php?doing_wp_cron=1743655310.1700899600982666015625 HTTP/1.1" 200 0 "-" "WordPress/6.7.2; https://grimslut.com"
13.58.187.29 - - [03/Apr/2025:00:41:50 -0400] "GET /wp-json/wp/v2/posts/488 HTTP/1.1" 200 3729 "-" "Mozilla/5.0 AppleWebKit/537.36 (KHTML, like Gecko; compatible; ClaudeBot/1.0; +claudebot@anthropic.com)"
198.54.114.83 - - [03/Apr/2025:00:41:50 -0400] "POST /wp-admin/admin-ajax.php?action=async_litespeed&nonce=uG7Esk0JVME9FJFWmMRp3opCy3lzgJhU&litespeed_type=imgoptm HTTP/1.1" 200 5 "-" "WordPress/6.7.2; https://grimslut.com"
3.147.47.202 - - [03/Apr/2025:00:43:18 -0400] "GET /buchhaltung-meistern-navigieren-in-den-tiefen-der-deutschen-buchhaltung/feed HTTP/1.1" 301 0 "-" "Mozilla/5.0 AppleWebKit/537.36 (KHTML, like Gecko; compatible; ClaudeBot/1.0; +claudebot@anthropic.com)"
198.54.114.83 - - [03/Apr/2025:00:43:20 -0400] "POST /wp-cron.php?doing_wp_cron=1743655400.8168559074401855468750 HTTP/1.1" 200 0 "-" "WordPress/6.7.2; https://grimslut.com"
3.147.47.202 - - [03/Apr/2025:00:43:18 -0400] "GET /key-mocra-requirements-for-businesses HTTP/1.1" 301 0 "-" "Mozilla/5.0 AppleWebKit/537.36 (KHTML, like Gecko; compatible; ClaudeBot/1.0; +claudebot@anthropic.com)"
3.147.47.202 - - [03/Apr/2025:00:43:20 -0400] "GET /buchhaltung-meistern-navigieren-in-den-tiefen-der-deutschen-buchhaltung/feed/ HTTP/1.1" 200 438 "https://grimslut.com/buchhaltung-meistern-navigieren-in-den-tiefen-der-deutschen-buchhaltung/feed" "Mozilla/5.0 AppleWebKit/537.36 (KHTML, like Gecko; compatible; ClaudeBot/1.0; +claudebot@anthropic.com)"
198.54.114.83 - - [03/Apr/2025:00:43:21 -0400] "POST /wp-admin/admin-ajax.php?action=async_litespeed&nonce=R0Xm8IRLgAw8AbmpZYSQJ2CY6oDx2dmC&litespeed_type=imgoptm HTTP/1.1" 200 5 "-" "WordPress/6.7.2; https://grimslut.com"
3.147.47.202 - - [03/Apr/2025:00:43:21 -0400] "GET /key-mocra-requirements-for-businesses/ HTTP/1.1" 200 15687 "https://grimslut.com/key-mocra-requirements-for-businesses" "Mozilla/5.0 AppleWebKit/537.36 (KHTML, like Gecko; compatible; ClaudeBot/1.0; +claudebot@anthropic.com)"
198.54.114.83 - - [03/Apr/2025:00:43:56 -0400] "POST /wp-cron.php?doing_wp_cron=1743655436.3923249244689941406250 HTTP/1.1" 200 0 "-" "WordPress/6.7.2; https://grimslut.com"
3.16.56.44 - - [03/Apr/2025:00:43:56 -0400] "GET /?p=386 HTTP/1.1" 301 0 "-" "Mozilla/5.0 AppleWebKit/537.36 (KHTML, like Gecko; compatible; ClaudeBot/1.0; +claudebot@anthropic.com)"
198.54.114.83 - - [03/Apr/2025:00:43:56 -0400] "POST /wp-admin/admin-ajax.php?action=async_litespeed&nonce=Rd9zRkVpk1p1ytgpZV53IKqdkoSPKj5G&litespeed_type=imgoptm HTTP/1.1" 200 5 "-" "WordPress/6.7.2; https://grimslut.com"
3.16.56.44 - - [03/Apr/2025:00:43:56 -0400] "GET /2025-pesach-programs/ HTTP/1.1" 200 14989 "https://grimslut.com/?p=386" "Mozilla/5.0 AppleWebKit/537.36 (KHTML, like Gecko; compatible; ClaudeBot/1.0; +claudebot@anthropic.com)"
198.54.114.83 - - [03/Apr/2025:00:44:34 -0400] "POST /wp-cron.php?doing_wp_cron=1743655474.4663410186767578125000 HTTP/1.1" 200 0 "-" "WordPress/6.7.2; https://grimslut.com"
3.144.226.114 - - [03/Apr/2025:00:44:34 -0400] "GET /page/15 HTTP/1.1" 301 0 "-" "Mozilla/5.0 AppleWebKit/537.36 (KHTML, like Gecko; compatible; ClaudeBot/1.0; +claudebot@anthropic.com)"
3.144.226.114 - - [03/Apr/2025:00:44:34 -0400] "GET /wp-json/oembed/1.0/embed?url=https%3A%2F%2Fgrimslut.com%2F2025-pesach-programs%2F HTTP/1.1" 200 2097 "-" "Mozilla/5.0 AppleWebKit/537.36 (KHTML, like Gecko; compatible; ClaudeBot/1.0; +claudebot@anthropic.com)"
198.54.114.83 - - [03/Apr/2025:00:44:35 -0400] "POST /wp-admin/admin-ajax.php?action=async_litespeed&nonce=9K9IJDsz5QqOIuWZH7Moyy2C7eQlikTK&litespeed_type=imgoptm HTTP/1.1" 200 5 "-" "WordPress/6.7.2; https://grimslut.com"
43.153.7.191 - - [03/Apr/2025:00:44:35 -0400] "GET /crafting-memorable-experiences-through-corporate-event-entertainment/ HTTP/1.1" 200 15731 "-" "Mozilla/5.0 (iPhone; CPU iPhone OS 13_2_3 like Mac OS X) AppleWebKit/605.1.15 (KHTML, like Gecko) Version/13.0.3 Mobile/15E148 Safari/604.1"
3.144.226.114 - - [03/Apr/2025:00:44:35 -0400] "GET /page/15/ HTTP/1.1" 200 21639 "https://grimslut.com/page/15" "Mozilla/5.0 AppleWebKit/537.36 (KHTML, like Gecko; compatible; ClaudeBot/1.0; +claudebot@anthropic.com)"
3.143.203.21 - - [03/Apr/2025:00:46:40 -0400] "GET /wp-json/oembed/1.0/embed?url=https%3A%2F%2Fgrimslut.com%2Fa-new-era-of-gambling%2F HTTP/1.1" 200 2102 "-" "Mozilla/5.0 AppleWebKit/537.36 (KHTML, like Gecko; compatible; ClaudeBot/1.0; +claudebot@anthropic.com)"
198.54.114.83 - - [03/Apr/2025:00:46:42 -0400] "POST /wp-cron.php?doing_wp_cron=1743655601.8670690059661865234375 HTTP/1.1" 200 0 "-" "WordPress/6.7.2; https://grimslut.com"
3.143.203.21 - - [03/Apr/2025:00:46:39 -0400] "GET /wp-json/oembed/1.0/embed?url=https%3A%2F%2Fgrimslut.com%2Fa-new-era-in-gambling%2F HTTP/1.1" 200 2102 "-" "Mozilla/5.0 AppleWebKit/537.36 (KHTML, like Gecko; compatible; ClaudeBot/1.0; +claudebot@anthropic.com)"
198.54.114.83 - - [03/Apr/2025:00:46:42 -0400] "POST /wp-admin/admin-ajax.php?action=async_litespeed&nonce=tBnibxHeI5lJgrq3KV2Qk19yZeYJAMLf&litespeed_type=imgoptm HTTP/1.1" 200 5 "-" "WordPress/6.7.2; https://grimslut.com"
18.218.103.193 - - [03/Apr/2025:00:47:19 -0400] "GET /wp-json/wp/v2/posts/281 HTTP/1.1" 200 4645 "-" "Mozilla/5.0 AppleWebKit/537.36 (KHTML, like Gecko; compatible; ClaudeBot/1.0; +claudebot@anthropic.com)"
198.54.114.83 - - [03/Apr/2025:00:49:13 -0400] "POST /wp-cron.php?doing_wp_cron=1743655753.3879280090332031250000 HTTP/1.1" 200 0 "-" "WordPress/6.7.2; https://grimslut.com"
47.82.17.100 - - [03/Apr/2025:00:49:12 -0400] "GET /a-colorful-gaming-experience/ HTTP/1.1" 200 15419 "-" "Mozilla/5.0 (Windows NT 10.0; Win64; x64) AppleWebKit/537.36 (KHTML, like Gecko) Chrome/122.0.0.0 Safari/537.36"
198.54.114.83 - - [03/Apr/2025:00:49:13 -0400] "POST /wp-admin/admin-ajax.php?action=async_litespeed&nonce=F135Ew1ZnsYKFsqBKHnlJSGMLi4lxqED&litespeed_type=imgoptm HTTP/1.1" 200 5 "-" "WordPress/6.7.2; https://grimslut.com"
18.189.178.124 - - [03/Apr/2025:00:49:14 -0400] "GET /a-celestial-adventure/feed HTTP/1.1" 301 0 "-" "Mozilla/5.0 AppleWebKit/537.36 (KHTML, like Gecko; compatible; ClaudeBot/1.0; +claudebot@anthropic.com)"
18.189.178.124 - - [03/Apr/2025:00:49:14 -0400] "GET /a-celestial-adventure/feed/ HTTP/1.1" 200 371 "https://grimslut.com/a-celestial-adventure/feed" "Mozilla/5.0 AppleWebKit/537.36 (KHTML, like Gecko; compatible; ClaudeBot/1.0; +claudebot@anthropic.com)"
3.143.18.255 - - [03/Apr/2025:00:50:59 -0400] "GET /wp-json/oembed/1.0/embed?format=xml&url=https%3A%2F%2Fgrimslut.com%2Fa-celestial-adventure%2F HTTP/1.1" 200 1020 "-" "Mozilla/5.0 AppleWebKit/537.36 (KHTML, like Gecko; compatible; ClaudeBot/1.0; +claudebot@anthropic.com)"
198.54.114.83 - - [03/Apr/2025:00:51:03 -0400] "POST /wp-cron.php?doing_wp_cron=1743655862.5597679615020751953125 HTTP/1.1" 200 0 "-" "WordPress/6.7.2; https://grimslut.com"
3.143.18.255 - - [03/Apr/2025:00:50:59 -0400] "GET /?p=482 HTTP/1.1" 301 0 "-" "Mozilla/5.0 AppleWebKit/537.36 (KHTML, like Gecko; compatible; ClaudeBot/1.0; +claudebot@anthropic.com)"
198.54.114.83 - - [03/Apr/2025:00:51:03 -0400] "POST /wp-admin/admin-ajax.php?action=async_litespeed&nonce=hhAoMN0KBhdIwCHQbSjczOnqHttHIkWl&litespeed_type=imgoptm HTTP/1.1" 200 0 "-" "WordPress/6.7.2; https://grimslut.com"
3.143.18.255 - - [03/Apr/2025:00:51:03 -0400] "GET /a-new-era-of-gambling/ HTTP/1.1" 200 15160 "https://grimslut.com/?p=482" "Mozilla/5.0 AppleWebKit/537.36 (KHTML, like Gecko; compatible; ClaudeBot/1.0; +claudebot@anthropic.com)"
198.54.114.83 - - [03/Apr/2025:00:51:40 -0400] "POST /wp-cron.php?doing_wp_cron=1743655899.6894888877868652343750 HTTP/1.1" 200 0 "-" "WordPress/6.7.2; https://grimslut.com"
3.149.247.105 - - [03/Apr/2025:00:51:39 -0400] "GET /?p=499 HTTP/1.1" 301 0 "-" "Mozilla/5.0 AppleWebKit/537.36 (KHTML, like Gecko; compatible; ClaudeBot/1.0; +claudebot@anthropic.com)"
3.149.247.105 - - [03/Apr/2025:00:51:40 -0400] "GET /a-celestial-adventure/ HTTP/1.1" 200 15339 "https://grimslut.com/?p=499" "Mozilla/5.0 AppleWebKit/537.36 (KHTML, like Gecko; compatible; ClaudeBot/1.0; +claudebot@anthropic.com)"
198.54.114.83 - - [03/Apr/2025:00:51:40 -0400] "POST /wp-admin/admin-ajax.php?action=async_litespeed&nonce=VVB4wuhUdRVZle77nNrnT07a7aREI0g9&litespeed_type=imgoptm HTTP/1.1" 200 5 "-" "WordPress/6.7.2; https://grimslut.com"
198.54.114.83 - - [03/Apr/2025:00:53:36 -0400] "POST /wp-cron.php?doing_wp_cron=1743656016.2117450237274169921875 HTTP/1.1" 200 0 "-" "WordPress/6.7.2; https://grimslut.com"
49.51.36.179 - - [03/Apr/2025:00:53:34 -0400] "GET /charming-and-versatile-shell-earrings/ HTTP/1.1" 200 15953 "-" "Mozilla/5.0 (iPhone; CPU iPhone OS 13_2_3 like Mac OS X) AppleWebKit/605.1.15 (KHTML, like Gecko) Version/13.0.3 Mobile/15E148 Safari/604.1"
198.54.114.83 - - [03/Apr/2025:00:53:36 -0400] "POST /wp-admin/admin-ajax.php?action=async_litespeed&nonce=aWSu4PR1h7pq1DilLfRRcTnsIYOCkEXe&litespeed_type=imgoptm HTTP/1.1" 200 5 "-" "WordPress/6.7.2; https://grimslut.com"
198.54.114.83 - - [03/Apr/2025:00:56:33 -0400] "POST /wp-cron.php?doing_wp_cron=1743656193.3100979328155517578125 HTTP/1.1" 200 0 "-" "WordPress/6.7.2; https://grimslut.com"
3.149.239.87 - - [03/Apr/2025:00:56:31 -0400] "GET /wp-json/oembed/1.0/embed?url=https%3A%2F%2Fgrimslut.com%2Fa-celestial-adventure%2F HTTP/1.1" 200 2102 "-" "Mozilla/5.0 AppleWebKit/537.36 (KHTML, like Gecko; compatible; ClaudeBot/1.0; +claudebot@anthropic.com)"
198.54.114.83 - - [03/Apr/2025:00:56:34 -0400] "POST /wp-admin/admin-ajax.php?action=async_litespeed&nonce=m6GSTJ4lsWU8aEl7dG0gck9bL4B3ncYP&litespeed_type=imgoptm HTTP/1.1" 200 5 "-" "WordPress/6.7.2; https://grimslut.com"
47.82.21.142 - - [03/Apr/2025:00:57:29 -0400] "GET /a-colorful-gaming-experience/ HTTP/1.1" 200 15419 "-" "Mozilla/5.0 (Windows NT 10.0; Win64; x64) AppleWebKit/537.36 (KHTML, like Gecko) Chrome/121.0.0.0 Safari/537.36 Edg/121.0.0.0"
198.54.114.83 - - [03/Apr/2025:00:58:31 -0400] "POST /wp-cron.php?doing_wp_cron=1743656311.4099850654602050781250 HTTP/1.1" 200 0 "-" "WordPress/6.7.2; https://grimslut.com"
3.15.0.242 - - [03/Apr/2025:00:58:30 -0400] "GET /wp-json/oembed/1.0/embed?format=xml&url=https%3A%2F%2Fgrimslut.com%2F2025-pesach-programs%2F HTTP/1.1" 200 1033 "-" "Mozilla/5.0 AppleWebKit/537.36 (KHTML, like Gecko; compatible; ClaudeBot/1.0; +claudebot@anthropic.com)"
198.54.114.83 - - [03/Apr/2025:00:58:32 -0400] "POST /wp-admin/admin-ajax.php?action=async_litespeed&nonce=64uXKk4uxCwpZb7JuOw8vjOVUzioSMwZ&litespeed_type=imgoptm HTTP/1.1" 200 5 "-" "WordPress/6.7.2; https://grimslut.com"
198.54.114.83 - - [03/Apr/2025:01:00:01 -0400] "POST /wp-cron.php?doing_wp_cron=1743656401.3025779724121093750000 HTTP/1.1" 200 0 "-" "WordPress/6.7.2; https://grimslut.com"
170.106.197.109 - - [03/Apr/2025:01:00:00 -0400] "GET /umzugsunternehmen-in-hamburg-fur-stressfreie-umzuge/ HTTP/1.1" 200 16018 "-" "Mozilla/5.0 (iPhone; CPU iPhone OS 13_2_3 like Mac OS X) AppleWebKit/605.1.15 (KHTML, like Gecko) Version/13.0.3 Mobile/15E148 Safari/604.1"
198.54.114.83 - - [03/Apr/2025:01:00:02 -0400] "POST /wp-admin/admin-ajax.php?action=async_litespeed&nonce=jPDDAM3r7mUSCB7ruufFjEzt7mYuFZRR&litespeed_type=imgoptm HTTP/1.1" 200 5 "-" "WordPress/6.7.2; https://grimslut.com"
198.54.114.83 - - [03/Apr/2025:01:04:49 -0400] "POST /wp-cron.php?doing_wp_cron=1743656689.4960339069366455078125 HTTP/1.1" 200 0 "-" "WordPress/6.7.2; https://grimslut.com"
18.220.98.157 - - [03/Apr/2025:01:04:47 -0400] "GET /?p=281 HTTP/1.1" 301 0 "-" "Mozilla/5.0 AppleWebKit/537.36 (KHTML, like Gecko; compatible; ClaudeBot/1.0; +claudebot@anthropic.com)"
198.54.114.83 - - [03/Apr/2025:01:04:50 -0400] "POST /wp-admin/admin-ajax.php?action=async_litespeed&nonce=Gb0QoWJE2QyOomEQoblnGUd37aPvnnp8&litespeed_type=imgoptm HTTP/1.1" 200 0 "-" "WordPress/6.7.2; https://grimslut.com"
18.220.98.157 - - [03/Apr/2025:01:04:50 -0400] "GET /convertidores-de-unidades-de-par-comprendiendo-su-importancia/ HTTP/1.1" 200 15513 "https://grimslut.com/?p=281" "Mozilla/5.0 AppleWebKit/537.36 (KHTML, like Gecko; compatible; ClaudeBot/1.0; +claudebot@anthropic.com)"
3.22.61.111 - - [03/Apr/2025:01:06:54 -0400] "GET /wp-json/wp/v2/posts/386 HTTP/1.1" 200 2807 "-" "Mozilla/5.0 AppleWebKit/537.36 (KHTML, like Gecko; compatible; ClaudeBot/1.0; +claudebot@anthropic.com)"
198.54.114.83 - - [03/Apr/2025:01:06:57 -0400] "POST /wp-cron.php?doing_wp_cron=1743656816.7713959217071533203125 HTTP/1.1" 200 0 "-" "WordPress/6.7.2; https://grimslut.com"
3.22.61.111 - - [03/Apr/2025:01:06:54 -0400] "GET /wp-json/oembed/1.0/embed?url=https%3A%2F%2Fgrimslut.com%2Fconvertidores-de-unidades-de-par-comprendiendo-su-importancia%2F HTTP/1.1" 200 2305 "-" "Mozilla/5.0 AppleWebKit/537.36 (KHTML, like Gecko; compatible; ClaudeBot/1.0; +claudebot@anthropic.com)"
198.54.114.83 - - [03/Apr/2025:01:06:58 -0400] "POST /wp-admin/admin-ajax.php?action=async_litespeed&nonce=J9jlAOAvDyzD3SDrTZDmBcPaEvjnWZQk&litespeed_type=imgoptm HTTP/1.1" 200 0 "-" "WordPress/6.7.2; https://grimslut.com"
3.141.46.4 - - [03/Apr/2025:01:09:04 -0400] "GET /?p=454 HTTP/1.1" 301 0 "-" "Mozilla/5.0 AppleWebKit/537.36 (KHTML, like Gecko; compatible; ClaudeBot/1.0; +claudebot@anthropic.com)"
3.141.46.4 - - [03/Apr/2025:01:09:04 -0400] "GET /?p=393 HTTP/1.1" 301 0 "-" "Mozilla/5.0 AppleWebKit/537.36 (KHTML, like Gecko; compatible; ClaudeBot/1.0; +claudebot@anthropic.com)"
198.54.114.83 - - [03/Apr/2025:01:09:08 -0400] "POST /wp-cron.php?doing_wp_cron=1743656948.2026278972625732421875 HTTP/1.1" 200 0 "-" "WordPress/6.7.2; https://grimslut.com"
198.54.114.83 - - [03/Apr/2025:01:09:08 -0400] "POST /wp-cron.php?doing_wp_cron=1743656948.2029418945312500000000 HTTP/1.1" 200 0 "-" "WordPress/6.7.2; https://grimslut.com"
198.54.114.83 - - [03/Apr/2025:01:09:08 -0400] "POST /wp-cron.php?doing_wp_cron=1743656948.2125239372253417968750 HTTP/1.1" 200 0 "-" "WordPress/6.7.2; https://grimslut.com"
3.141.46.4 - - [03/Apr/2025:01:09:04 -0400] "GET /?p=90 HTTP/1.1" 301 0 "-" "Mozilla/5.0 AppleWebKit/537.36 (KHTML, like Gecko; compatible; ClaudeBot/1.0; +claudebot@anthropic.com)"
3.141.46.4 - - [03/Apr/2025:01:09:04 -0400] "GET /?p=406 HTTP/1.1" 301 0 "-" "Mozilla/5.0 AppleWebKit/537.36 (KHTML, like Gecko; compatible; ClaudeBot/1.0; +claudebot@anthropic.com)"
3.141.46.4 - - [03/Apr/2025:01:09:05 -0400] "GET /?p=76 HTTP/1.1" 301 0 "-" "Mozilla/5.0 AppleWebKit/537.36 (KHTML, like Gecko; compatible; ClaudeBot/1.0; +claudebot@anthropic.com)"
198.54.114.83 - - [03/Apr/2025:01:09:10 -0400] "POST /wp-admin/admin-ajax.php?action=async_litespeed&nonce=1r8ksPW3MknrXf2OX86VG6OJrnkkPb49&litespeed_type=imgoptm HTTP/1.1" 200 0 "-" "WordPress/6.7.2; https://grimslut.com"
3.141.46.4 - - [03/Apr/2025:01:09:09 -0400] "GET /the-dynamic-landscape-of-las-vegas-web-design/ HTTP/1.1" 200 15567 "https://grimslut.com/?p=393" "Mozilla/5.0 AppleWebKit/537.36 (KHTML, like Gecko; compatible; ClaudeBot/1.0; +claudebot@anthropic.com)"
3.141.46.4 - - [03/Apr/2025:01:09:10 -0400] "GET /luxury-redefined-the-fendi-bag-elegance/ HTTP/1.1" 200 15741 "https://grimslut.com/?p=90" "Mozilla/5.0 AppleWebKit/537.36 (KHTML, like Gecko; compatible; ClaudeBot/1.0; +claudebot@anthropic.com)"
3.141.46.4 - - [03/Apr/2025:01:09:10 -0400] "GET /the-future-of-law-enforcement-understanding-electronic-warrants/ HTTP/1.1" 200 15655 "https://grimslut.com/?p=406" "Mozilla/5.0 AppleWebKit/537.36 (KHTML, like Gecko; compatible; ClaudeBot/1.0; +claudebot@anthropic.com)"
3.141.46.4 - - [03/Apr/2025:01:09:10 -0400] "GET /unraveling-the-allure-of-online-betting/ HTTP/1.1" 200 15564 "https://grimslut.com/?p=76" "Mozilla/5.0 AppleWebKit/537.36 (KHTML, like Gecko; compatible; ClaudeBot/1.0; +claudebot@anthropic.com)"
3.141.46.4 - - [03/Apr/2025:01:09:09 -0400] "GET /discovering-the-best-extract-online-in-canada/ HTTP/1.1" 200 15407 "https://grimslut.com/?p=454" "Mozilla/5.0 AppleWebKit/537.36 (KHTML, like Gecko; compatible; ClaudeBot/1.0; +claudebot@anthropic.com)"
3.141.46.4 - - [03/Apr/2025:01:09:14 -0400] "GET /?p=78 HTTP/1.1" 301 0 "-" "Mozilla/5.0 AppleWebKit/537.36 (KHTML, like Gecko; compatible; ClaudeBot/1.0; +claudebot@anthropic.com)"
3.141.46.4 - - [03/Apr/2025:01:09:14 -0400] "GET /?p=96 HTTP/1.1" 301 0 "-" "Mozilla/5.0 AppleWebKit/537.36 (KHTML, like Gecko; compatible; ClaudeBot/1.0; +claudebot@anthropic.com)"
3.141.46.4 - - [03/Apr/2025:01:09:14 -0400] "GET /?p=99 HTTP/1.1" 301 0 "-" "Mozilla/5.0 AppleWebKit/537.36 (KHTML, like Gecko; compatible; ClaudeBot/1.0; +claudebot@anthropic.com)"
3.141.46.4 - - [03/Apr/2025:01:09:14 -0400] "GET /?p=86 HTTP/1.1" 301 0 "-" "Mozilla/5.0 AppleWebKit/537.36 (KHTML, like Gecko; compatible; ClaudeBot/1.0; +claudebot@anthropic.com)"
3.141.46.4 - - [03/Apr/2025:01:09:14 -0400] "GET /?p=88 HTTP/1.1" 301 0 "-" "Mozilla/5.0 AppleWebKit/537.36 (KHTML, like Gecko; compatible; ClaudeBot/1.0; +claudebot@anthropic.com)"
3.141.46.4 - - [03/Apr/2025:01:09:15 -0400] "GET /exploring-tranquility-unveiling-the-best-hotels-in-lago-di-garda/ HTTP/1.1" 200 15668 "https://grimslut.com/?p=99" "Mozilla/5.0 AppleWebKit/537.36 (KHTML, like Gecko; compatible; ClaudeBot/1.0; +claudebot@anthropic.com)"
3.141.46.4 - - [03/Apr/2025:01:09:15 -0400] "GET /navigating-the-digital-dice-unveiling-the-dynamics-of-online-betting/ HTTP/1.1" 200 15863 "https://grimslut.com/?p=78" "Mozilla/5.0 AppleWebKit/537.36 (KHTML, like Gecko; compatible; ClaudeBot/1.0; +claudebot@anthropic.com)"
3.141.46.4 - - [03/Apr/2025:01:09:16 -0400] "GET /liberer-le-succes-en-ligne-avec-agence-seo/ HTTP/1.1" 200 15966 "https://grimslut.com/?p=88" "Mozilla/5.0 AppleWebKit/537.36 (KHTML, like Gecko; compatible; ClaudeBot/1.0; +claudebot@anthropic.com)"
3.141.46.4 - - [03/Apr/2025:01:09:15 -0400] "GET /navigating-the-virtual-casino-the-dynamics-of-online-gambling-2/ HTTP/1.1" 200 15830 "https://grimslut.com/?p=86" "Mozilla/5.0 AppleWebKit/537.36 (KHTML, like Gecko; compatible; ClaudeBot/1.0; +claudebot@anthropic.com)"
3.141.46.4 - - [03/Apr/2025:01:09:15 -0400] "GET /elevating-user-experiences-unveiling-the-essence-of-a-ux-design-agency/ HTTP/1.1" 200 0 "https://grimslut.com/?p=96" "Mozilla/5.0 AppleWebKit/537.36 (KHTML, like Gecko; compatible; ClaudeBot/1.0; +claudebot@anthropic.com)"
3.141.46.4 - - [03/Apr/2025:01:09:19 -0400] "GET /?p=94 HTTP/1.1" 301 0 "-" "Mozilla/5.0 AppleWebKit/537.36 (KHTML, like Gecko; compatible; ClaudeBot/1.0; +claudebot@anthropic.com)"
3.141.46.4 - - [03/Apr/2025:01:09:27 -0400] "GET /nurturing-comfort-the-benefits-of-nipple-protectors-for-breastfeeding/ HTTP/1.1" 200 0 "https://grimslut.com/?p=94" "Mozilla/5.0 AppleWebKit/537.36 (KHTML, like Gecko; compatible; ClaudeBot/1.0; +claudebot@anthropic.com)"
198.54.114.83 - - [03/Apr/2025:01:09:32 -0400] "POST /wp-cron.php?doing_wp_cron=1743656971.2310779094696044921875 HTTP/1.1" 200 0 "-" "WordPress/6.7.2; https://grimslut.com"
3.141.46.4 - - [03/Apr/2025:01:09:24 -0400] "GET /?p=74 HTTP/1.1" 301 0 "-" "Mozilla/5.0 AppleWebKit/537.36 (KHTML, like Gecko; compatible; ClaudeBot/1.0; +claudebot@anthropic.com)"
3.141.46.4 - - [03/Apr/2025:01:09:33 -0400] "GET /navigating-the-virtual-casino-the-dynamics-of-online-gambling/ HTTP/1.1" 200 0 "https://grimslut.com/?p=74" "Mozilla/5.0 AppleWebKit/537.36 (KHTML, like Gecko; compatible; ClaudeBot/1.0; +claudebot@anthropic.com)"
3.141.46.4 - - [03/Apr/2025:01:09:29 -0400] "GET /?p=80 HTTP/1.1" 301 0 "-" "Mozilla/5.0 AppleWebKit/537.36 (KHTML, like Gecko; compatible; ClaudeBot/1.0; +claudebot@anthropic.com)"
3.141.46.4 - - [03/Apr/2025:01:09:38 -0400] "GET /incantevole-serenita-abbracciare-la-tranquillita-allagriturismo-sul-lago-di-garda/ HTTP/1.1" 200 0 "https://grimslut.com/?p=80" "Mozilla/5.0 AppleWebKit/537.36 (KHTML, like Gecko; compatible; ClaudeBot/1.0; +claudebot@anthropic.com)"
198.54.114.83 - - [03/Apr/2025:01:09:40 -0400] "POST /wp-admin/admin-ajax.php?action=async_litespeed&nonce=jjgeaaNUzfhy5EJaInj8LZglkXkBrkij&litespeed_type=imgoptm HTTP/1.1" 200 0 "-" "WordPress/6.7.2; https://grimslut.com"
195.20.18.175 - - [03/Apr/2025:01:10:01 -0400] "GET /assets/admin/plugins/jquery-file-upload/server/php/index.php?file=tf2rghf.jpg HTTP/1.1" 301 0 "-" "ALittle Client"
13.58.254.98 - - [03/Apr/2025:01:10:04 -0400] "GET /?p=126 HTTP/1.1" 200 0 "-" "Mozilla/5.0 AppleWebKit/537.36 (KHTML, like Gecko; compatible; ClaudeBot/1.0; +claudebot@anthropic.com)"
13.58.254.98 - - [03/Apr/2025:01:10:12 -0400] "GET /?p=452 HTTP/1.1" 301 0 "-" "Mozilla/5.0 AppleWebKit/537.36 (KHTML, like Gecko; compatible; ClaudeBot/1.0; +claudebot@anthropic.com)"
13.58.254.98 - - [03/Apr/2025:01:10:21 -0400] "GET /discovering-the-best-extracts-online-in-canada/ HTTP/1.1" 200 0 "https://grimslut.com/?p=452" "Mozilla/5.0 AppleWebKit/537.36 (KHTML, like Gecko; compatible; ClaudeBot/1.0; +claudebot@anthropic.com)"
13.58.254.98 - - [03/Apr/2025:01:10:22 -0400] "GET /?p=132 HTTP/1.1" 301 0 "-" "Mozilla/5.0 AppleWebKit/537.36 (KHTML, like Gecko; compatible; ClaudeBot/1.0; +claudebot@anthropic.com)"
13.58.254.98 - - [03/Apr/2025:01:10:24 -0400] "GET /restoring-hope-the-art-of-fire-damage-restoration/ HTTP/1.1" 200 15650 "https://grimslut.com/?p=132" "Mozilla/5.0 AppleWebKit/537.36 (KHTML, like Gecko; compatible; ClaudeBot/1.0; +claudebot@anthropic.com)"
13.58.254.98 - - [03/Apr/2025:01:10:30 -0400] "GET /?p=391 HTTP/1.1" 301 0 "-" "Mozilla/5.0 AppleWebKit/537.36 (KHTML, like Gecko; compatible; ClaudeBot/1.0; +claudebot@anthropic.com)"
198.54.114.83 - - [03/Apr/2025:01:10:32 -0400] "POST /wp-cron.php?doing_wp_cron=1743657031.9697690010070800781250 HTTP/1.1" 200 0 "-" "WordPress/6.7.2; https://grimslut.com"
13.58.254.98 - - [03/Apr/2025:01:10:31 -0400] "GET /exploring-the-potential-of-fenbendazole-for-humans/ HTTP/1.1" 200 15729 "https://grimslut.com/?p=391" "Mozilla/5.0 AppleWebKit/537.36 (KHTML, like Gecko; compatible; ClaudeBot/1.0; +claudebot@anthropic.com)"
198.54.114.83 - - [03/Apr/2025:01:10:33 -0400] "POST /wp-admin/admin-ajax.php?action=async_litespeed&nonce=MhLWuKa39TN4lqZKJVPcCG1uECsGFtkH&litespeed_type=imgoptm HTTP/1.1" 200 0 "-" "WordPress/6.7.2; https://grimslut.com"
13.58.254.98 - - [03/Apr/2025:01:10:35 -0400] "GET /?p=250 HTTP/1.1" 301 0 "-" "Mozilla/5.0 AppleWebKit/537.36 (KHTML, like Gecko; compatible; ClaudeBot/1.0; +claudebot@anthropic.com)"
13.58.254.98 - - [03/Apr/2025:01:10:36 -0400] "GET /die-beste-wahl-fur-scheidungsanwalte-in-hattingen/ HTTP/1.1" 200 15307 "https://grimslut.com/?p=250" "Mozilla/5.0 AppleWebKit/537.36 (KHTML, like Gecko; compatible; ClaudeBot/1.0; +claudebot@anthropic.com)"
13.58.254.98 - - [03/Apr/2025:01:10:40 -0400] "GET /?p=501 HTTP/1.1" 301 0 "-" "Mozilla/5.0 AppleWebKit/537.36 (KHTML, like Gecko; compatible; ClaudeBot/1.0; +claudebot@anthropic.com)"
13.58.254.98 - - [03/Apr/2025:01:10:40 -0400] "GET /comfort-e-versatilita-per-i-genitori-moderni/ HTTP/1.1" 200 15286 "https://grimslut.com/?p=501" "Mozilla/5.0 AppleWebKit/537.36 (KHTML, like Gecko; compatible; ClaudeBot/1.0; +claudebot@anthropic.com)"
13.58.254.98 - - [03/Apr/2025:01:10:42 -0400] "GET /?p=287 HTTP/1.1" 301 0 "-" "Mozilla/5.0 AppleWebKit/537.36 (KHTML, like Gecko; compatible; ClaudeBot/1.0; +claudebot@anthropic.com)"
13.58.254.98 - - [03/Apr/2025:01:10:42 -0400] "GET /exploring-udon-thani-your-ultimate-guide-to-car-rental-services/ HTTP/1.1" 200 15837 "https://grimslut.com/?p=287" "Mozilla/5.0 AppleWebKit/537.36 (KHTML, like Gecko; compatible; ClaudeBot/1.0; +claudebot@anthropic.com)"
13.58.254.98 - - [03/Apr/2025:01:10:46 -0400] "GET /?p=461 HTTP/1.1" 301 0 "-" "Mozilla/5.0 AppleWebKit/537.36 (KHTML, like Gecko; compatible; ClaudeBot/1.0; +claudebot@anthropic.com)"
13.58.254.98 - - [03/Apr/2025:01:10:47 -0400] "GET /ihr-umzug-in-luneburg-stressfrei-und-effizient/ HTTP/1.1" 200 15339 "https://grimslut.com/?p=461" "Mozilla/5.0 AppleWebKit/537.36 (KHTML, like Gecko; compatible; ClaudeBot/1.0; +claudebot@anthropic.com)"
195.20.18.175 - - [03/Apr/2025:01:10:50 -0400] "GET /assets/admin/plugins/jquery-file-upload/server/php/?file=tf2rghf.jpg HTTP/1.1" 404 10271 "-" "ALittle Client"
3.144.252.248 - - [03/Apr/2025:01:11:14 -0400] "GET /?p=478 HTTP/1.1" 301 0 "-" "Mozilla/5.0 AppleWebKit/537.36 (KHTML, like Gecko; compatible; ClaudeBot/1.0; +claudebot@anthropic.com)"
3.144.252.248 - - [03/Apr/2025:01:11:15 -0400] "GET /effiziente-gebaudereinigung-fur-ein-strahlendes-ambiente/ HTTP/1.1" 200 15447 "https://grimslut.com/?p=478" "Mozilla/5.0 AppleWebKit/537.36 (KHTML, like Gecko; compatible; ClaudeBot/1.0; +claudebot@anthropic.com)"
3.144.252.248 - - [03/Apr/2025:01:11:17 -0400] "GET /?p=234 HTTP/1.1" 301 0 "-" "Mozilla/5.0 AppleWebKit/537.36 (KHTML, like Gecko; compatible; ClaudeBot/1.0; +claudebot@anthropic.com)"
3.144.252.248 - - [03/Apr/2025:01:11:17 -0400] "GET /top-fertility-clinics-in-dubai-your-comprehensive-guide/ HTTP/1.1" 200 15736 "https://grimslut.com/?p=234" "Mozilla/5.0 AppleWebKit/537.36 (KHTML, like Gecko; compatible; ClaudeBot/1.0; +claudebot@anthropic.com)"
3.144.252.248 - - [03/Apr/2025:01:11:19 -0400] "GET /?p=231 HTTP/1.1" 301 0 "-" "Mozilla/5.0 AppleWebKit/537.36 (KHTML, like Gecko; compatible; ClaudeBot/1.0; +claudebot@anthropic.com)"
3.144.252.248 - - [03/Apr/2025:01:11:20 -0400] "GET /strategies-for-success/ HTTP/1.1" 200 15354 "https://grimslut.com/?p=231" "Mozilla/5.0 AppleWebKit/537.36 (KHTML, like Gecko; compatible; ClaudeBot/1.0; +claudebot@anthropic.com)"
3.144.252.248 - - [03/Apr/2025:01:11:23 -0400] "GET /?p=423 HTTP/1.1" 301 0 "-" "Mozilla/5.0 AppleWebKit/537.36 (KHTML, like Gecko; compatible; ClaudeBot/1.0; +claudebot@anthropic.com)"
3.144.252.248 - - [03/Apr/2025:01:11:23 -0400] "GET /effiziente-firmenauflosung-in-luneburg-ein-uberblick/ HTTP/1.1" 200 15576 "https://grimslut.com/?p=423" "Mozilla/5.0 AppleWebKit/537.36 (KHTML, like Gecko; compatible; ClaudeBot/1.0; +claudebot@anthropic.com)"
3.144.252.248 - - [03/Apr/2025:01:11:26 -0400] "GET /?p=289 HTTP/1.1" 301 0 "-" "Mozilla/5.0 AppleWebKit/537.36 (KHTML, like Gecko; compatible; ClaudeBot/1.0; +claudebot@anthropic.com)"
3.144.252.248 - - [03/Apr/2025:01:11:26 -0400] "GET /top-supplements-to-effectively-lower-blood-sugar-levels/ HTTP/1.1" 200 15458 "https://grimslut.com/?p=289" "Mozilla/5.0 AppleWebKit/537.36 (KHTML, like Gecko; compatible; ClaudeBot/1.0; +claudebot@anthropic.com)"
3.144.252.248 - - [03/Apr/2025:01:11:29 -0400] "GET /?p=217 HTTP/1.1" 301 0 "-" "Mozilla/5.0 AppleWebKit/537.36 (KHTML, like Gecko; compatible; ClaudeBot/1.0; +claudebot@anthropic.com)"
3.144.252.248 - - [03/Apr/2025:01:11:29 -0400] "GET /finding-reliable-and-affordable-concrete-contractors-in-northern-colorado/ HTTP/1.1" 200 15707 "https://grimslut.com/?p=217" "Mozilla/5.0 AppleWebKit/537.36 (KHTML, like Gecko; compatible; ClaudeBot/1.0; +claudebot@anthropic.com)"
198.54.114.83 - - [03/Apr/2025:01:11:34 -0400] "POST /wp-cron.php?doing_wp_cron=1743657093.3565049171447753906250 HTTP/1.1" 200 0 "-" "WordPress/6.7.2; https://grimslut.com"
3.144.252.248 - - [03/Apr/2025:01:11:33 -0400] "GET /?p=130 HTTP/1.1" 301 0 "-" "Mozilla/5.0 AppleWebKit/537.36 (KHTML, like Gecko; compatible; ClaudeBot/1.0; +claudebot@anthropic.com)"
3.144.252.248 - - [03/Apr/2025:01:11:34 -0400] "GET /navigating-the-world-of-online-betting-money-sites/ HTTP/1.1" 200 15734 "https://grimslut.com/?p=130" "Mozilla/5.0 AppleWebKit/537.36 (KHTML, like Gecko; compatible; ClaudeBot/1.0; +claudebot@anthropic.com)"
198.54.114.83 - - [03/Apr/2025:01:11:35 -0400] "POST /wp-admin/admin-ajax.php?action=async_litespeed&nonce=Fw8kuKEZlOGNMYfHQJL1SCq2orOZtbEN&litespeed_type=imgoptm HTTP/1.1" 200 0 "-" "WordPress/6.7.2; https://grimslut.com"
3.144.252.248 - - [03/Apr/2025:01:11:36 -0400] "GET /?p=253 HTTP/1.1" 301 0 "-" "Mozilla/5.0 AppleWebKit/537.36 (KHTML, like Gecko; compatible; ClaudeBot/1.0; +claudebot@anthropic.com)"
3.144.252.248 - - [03/Apr/2025:01:11:37 -0400] "GET /lart-du-recrutement-dans-le-secteur-de-la-restauration/ HTTP/1.1" 200 15987 "https://grimslut.com/?p=253" "Mozilla/5.0 AppleWebKit/537.36 (KHTML, like Gecko; compatible; ClaudeBot/1.0; +claudebot@anthropic.com)"
3.144.252.248 - - [03/Apr/2025:01:11:39 -0400] "GET /?p=421 HTTP/1.1" 301 0 "-" "Mozilla/5.0 AppleWebKit/537.36 (KHTML, like Gecko; compatible; ClaudeBot/1.0; +claudebot@anthropic.com)"
3.144.252.248 - - [03/Apr/2025:01:11:40 -0400] "GET /umzugsunternehmen-in-hamburg-ihr-partner-fur-den-umzug/ HTTP/1.1" 200 15428 "https://grimslut.com/?p=421" "Mozilla/5.0 AppleWebKit/537.36 (KHTML, like Gecko; compatible; ClaudeBot/1.0; +claudebot@anthropic.com)"
3.144.252.248 - - [03/Apr/2025:01:11:42 -0400] "GET /?p=474 HTTP/1.1" 301 0 "-" "Mozilla/5.0 AppleWebKit/537.36 (KHTML, like Gecko; compatible; ClaudeBot/1.0; +claudebot@anthropic.com)"
3.144.252.248 - - [03/Apr/2025:01:11:43 -0400] "GET /kompetente-beratung-und-planung/ HTTP/1.1" 200 15496 "https://grimslut.com/?p=474" "Mozilla/5.0 AppleWebKit/537.36 (KHTML, like Gecko; compatible; ClaudeBot/1.0; +claudebot@anthropic.com)"
3.144.252.248 - - [03/Apr/2025:01:11:46 -0400] "GET /?p=450 HTTP/1.1" 301 0 "-" "Mozilla/5.0 AppleWebKit/537.36 (KHTML, like Gecko; compatible; ClaudeBot/1.0; +claudebot@anthropic.com)"
3.144.252.248 - - [03/Apr/2025:01:11:47 -0400] "GET /recht-nachhilfe-ein-schlussel-zum-erfolg/ HTTP/1.1" 200 15435 "https://grimslut.com/?p=450" "Mozilla/5.0 AppleWebKit/537.36 (KHTML, like Gecko; compatible; ClaudeBot/1.0; +claudebot@anthropic.com)"
3.144.252.248 - - [03/Apr/2025:01:11:53 -0400] "GET /?p=219 HTTP/1.1" 301 0 "-" "Mozilla/5.0 AppleWebKit/537.36 (KHTML, like Gecko; compatible; ClaudeBot/1.0; +claudebot@anthropic.com)"
3.144.252.248 - - [03/Apr/2025:01:11:55 -0400] "GET /the-benefits-of-commercial-concrete-polishing-in-northern-colorado/ HTTP/1.1" 200 15312 "https://grimslut.com/?p=219" "Mozilla/5.0 AppleWebKit/537.36 (KHTML, like Gecko; compatible; ClaudeBot/1.0; +claudebot@anthropic.com)"
3.144.252.248 - - [03/Apr/2025:01:11:59 -0400] "GET /?p=229 HTTP/1.1" 301 0 "-" "Mozilla/5.0 AppleWebKit/537.36 (KHTML, like Gecko; compatible; ClaudeBot/1.0; +claudebot@anthropic.com)"
3.144.252.248 - - [03/Apr/2025:01:11:59 -0400] "GET /?p=140 HTTP/1.1" 301 0 "-" "Mozilla/5.0 AppleWebKit/537.36 (KHTML, like Gecko; compatible; ClaudeBot/1.0; +claudebot@anthropic.com)"
3.144.252.248 - - [03/Apr/2025:01:12:00 -0400] "GET /crafting-career-success-the-art-of-resume-writing/ HTTP/1.1" 200 15488 "https://grimslut.com/?p=140" "Mozilla/5.0 AppleWebKit/537.36 (KHTML, like Gecko; compatible; ClaudeBot/1.0; +claudebot@anthropic.com)"
3.144.252.248 - - [03/Apr/2025:01:12:00 -0400] "GET /essential-guide-to-cosmetic-facility-registration/ HTTP/1.1" 200 15540 "https://grimslut.com/?p=229" "Mozilla/5.0 AppleWebKit/537.36 (KHTML, like Gecko; compatible; ClaudeBot/1.0; +claudebot@anthropic.com)"
18.118.31.157 - - [03/Apr/2025:01:12:34 -0400] "GET /?p=471 HTTP/1.1" 301 0 "-" "Mozilla/5.0 AppleWebKit/537.36 (KHTML, like Gecko; compatible; ClaudeBot/1.0; +claudebot@anthropic.com)"
198.54.114.83 - - [03/Apr/2025:01:12:35 -0400] "POST /wp-cron.php?doing_wp_cron=1743657154.6304719448089599609375 HTTP/1.1" 200 0 "-" "WordPress/6.7.2; https://grimslut.com"
18.118.31.157 - - [03/Apr/2025:01:12:34 -0400] "GET /?p=505 HTTP/1.1" 301 0 "-" "Mozilla/5.0 AppleWebKit/537.36 (KHTML, like Gecko; compatible; ClaudeBot/1.0; +claudebot@anthropic.com)"
18.118.31.157 - - [03/Apr/2025:01:12:35 -0400] "GET /creer-une-experience-inoubliable/ HTTP/1.1" 200 15400 "https://grimslut.com/?p=471" "Mozilla/5.0 AppleWebKit/537.36 (KHTML, like Gecko; compatible; ClaudeBot/1.0; +claudebot@anthropic.com)"
198.54.114.83 - - [03/Apr/2025:01:12:35 -0400] "POST /wp-admin/admin-ajax.php?action=async_litespeed&nonce=W6EYBRiIFa4HUca9lsFrsmY8bsIAAT8F&litespeed_type=imgoptm HTTP/1.1" 200 0 "-" "WordPress/6.7.2; https://grimslut.com"
18.118.31.157 - - [03/Apr/2025:01:12:36 -0400] "GET /?p=134 HTTP/1.1" 301 0 "-" "Mozilla/5.0 AppleWebKit/537.36 (KHTML, like Gecko; compatible; ClaudeBot/1.0; +claudebot@anthropic.com)"
18.118.31.157 - - [03/Apr/2025:01:12:35 -0400] "GET /understanding-speed-typing-tests/ HTTP/1.1" 200 15105 "https://grimslut.com/?p=505" "Mozilla/5.0 AppleWebKit/537.36 (KHTML, like Gecko; compatible; ClaudeBot/1.0; +claudebot@anthropic.com)"
18.118.31.157 - - [03/Apr/2025:01:12:38 -0400] "GET /?p=382 HTTP/1.1" 301 0 "-" "Mozilla/5.0 AppleWebKit/537.36 (KHTML, like Gecko; compatible; ClaudeBot/1.0; +claudebot@anthropic.com)"
18.118.31.157 - - [03/Apr/2025:01:12:37 -0400] "GET /tailored-elegance-the-art-of-custom-suits-in-miami/ HTTP/1.1" 200 15508 "https://grimslut.com/?p=134" "Mozilla/5.0 AppleWebKit/537.36 (KHTML, like Gecko; compatible; ClaudeBot/1.0; +claudebot@anthropic.com)"
18.118.31.157 - - [03/Apr/2025:01:12:39 -0400] "GET /discovering-the-best-ppr-fitting-manufacturers-in-china/ HTTP/1.1" 200 15315 "https://grimslut.com/?p=382" "Mozilla/5.0 AppleWebKit/537.36 (KHTML, like Gecko; compatible; ClaudeBot/1.0; +claudebot@anthropic.com)"
18.118.31.157 - - [03/Apr/2025:01:12:41 -0400] "GET /?p=277 HTTP/1.1" 301 0 "-" "Mozilla/5.0 AppleWebKit/537.36 (KHTML, like Gecko; compatible; ClaudeBot/1.0; +claudebot@anthropic.com)"
18.118.31.157 - - [03/Apr/2025:01:12:41 -0400] "GET /the-rise-of-online-lottery-games/ HTTP/1.1" 200 15239 "https://grimslut.com/?p=277" "Mozilla/5.0 AppleWebKit/537.36 (KHTML, like Gecko; compatible; ClaudeBot/1.0; +claudebot@anthropic.com)"
18.118.31.157 - - [03/Apr/2025:01:12:44 -0400] "GET /?p=395 HTTP/1.1" 301 0 "-" "Mozilla/5.0 AppleWebKit/537.36 (KHTML, like Gecko; compatible; ClaudeBot/1.0; +claudebot@anthropic.com)"
18.118.31.157 - - [03/Apr/2025:01:12:44 -0400] "GET /professionell-und-zuverlassig/ HTTP/1.1" 200 15416 "https://grimslut.com/?p=395" "Mozilla/5.0 AppleWebKit/537.36 (KHTML, like Gecko; compatible; ClaudeBot/1.0; +claudebot@anthropic.com)"
18.118.31.157 - - [03/Apr/2025:01:12:46 -0400] "GET /?p=408 HTTP/1.1" 301 0 "-" "Mozilla/5.0 AppleWebKit/537.36 (KHTML, like Gecko; compatible; ClaudeBot/1.0; +claudebot@anthropic.com)"
18.118.31.157 - - [03/Apr/2025:01:12:47 -0400] "GET /un-monde-de-plaques-dimmatriculation-personnalisees/ HTTP/1.1" 200 15348 "https://grimslut.com/?p=408" "Mozilla/5.0 AppleWebKit/537.36 (KHTML, like Gecko; compatible; ClaudeBot/1.0; +claudebot@anthropic.com)"
18.118.31.157 - - [03/Apr/2025:01:12:48 -0400] "GET /?p=215 HTTP/1.1" 301 0 "-" "Mozilla/5.0 AppleWebKit/537.36 (KHTML, like Gecko; compatible; ClaudeBot/1.0; +claudebot@anthropic.com)"
18.118.31.157 - - [03/Apr/2025:01:12:49 -0400] "GET /le-carte-di-magic-the-gathering-una-panoramica-completa/ HTTP/1.1" 200 15239 "https://grimslut.com/?p=215" "Mozilla/5.0 AppleWebKit/537.36 (KHTML, like Gecko; compatible; ClaudeBot/1.0; +claudebot@anthropic.com)"
18.118.31.157 - - [03/Apr/2025:01:12:50 -0400] "GET /?p=467 HTTP/1.1" 301 0 "-" "Mozilla/5.0 AppleWebKit/537.36 (KHTML, like Gecko; compatible; ClaudeBot/1.0; +claudebot@anthropic.com)"
18.118.31.157 - - [03/Apr/2025:01:12:51 -0400] "GET /umzugsunternehmen-in-luneburg-ihr-partner-fur-einen-reibungslosen-umzug/ HTTP/1.1" 200 15331 "https://grimslut.com/?p=467" "Mozilla/5.0 AppleWebKit/537.36 (KHTML, like Gecko; compatible; ClaudeBot/1.0; +claudebot@anthropic.com)"
18.118.31.157 - - [03/Apr/2025:01:12:51 -0400] "GET /?p=128 HTTP/1.1" 301 0 "-" "Mozilla/5.0 AppleWebKit/537.36 (KHTML, like Gecko; compatible; ClaudeBot/1.0; +claudebot@anthropic.com)"
18.118.31.157 - - [03/Apr/2025:01:12:52 -0400] "GET /le-cube-personnalise-un-chef-doeuvre-a-votre-image/ HTTP/1.1" 200 15133 "https://grimslut.com/?p=128" "Mozilla/5.0 AppleWebKit/537.36 (KHTML, like Gecko; compatible; ClaudeBot/1.0; +claudebot@anthropic.com)"
18.118.31.157 - - [03/Apr/2025:01:12:54 -0400] "GET /?p=503 HTTP/1.1" 301 0 "-" "Mozilla/5.0 AppleWebKit/537.36 (KHTML, like Gecko; compatible; ClaudeBot/1.0; +claudebot@anthropic.com)"
18.118.31.157 - - [03/Apr/2025:01:12:54 -0400] "GET /the-convenience-of-online-gaming/ HTTP/1.1" 200 15326 "https://grimslut.com/?p=503" "Mozilla/5.0 AppleWebKit/537.36 (KHTML, like Gecko; compatible; ClaudeBot/1.0; +claudebot@anthropic.com)"
18.118.31.157 - - [03/Apr/2025:01:12:55 -0400] "GET /?p=494 HTTP/1.1" 301 0 "-" "Mozilla/5.0 AppleWebKit/537.36 (KHTML, like Gecko; compatible; ClaudeBot/1.0; +claudebot@anthropic.com)"
18.118.31.157 - - [03/Apr/2025:01:12:56 -0400] "GET /a-healing-tool-from-the-amazon/ HTTP/1.1" 200 15468 "https://grimslut.com/?p=494" "Mozilla/5.0 AppleWebKit/537.36 (KHTML, like Gecko; compatible; ClaudeBot/1.0; +claudebot@anthropic.com)"
18.118.31.157 - - [03/Apr/2025:01:12:56 -0400] "GET /?p=293 HTTP/1.1" 301 0 "-" "Mozilla/5.0 AppleWebKit/537.36 (KHTML, like Gecko; compatible; ClaudeBot/1.0; +claudebot@anthropic.com)"
18.118.31.157 - - [03/Apr/2025:01:12:57 -0400] "GET /discover-the-world-of-unblocked-games-6x/ HTTP/1.1" 200 15781 "https://grimslut.com/?p=293" "Mozilla/5.0 AppleWebKit/537.36 (KHTML, like Gecko; compatible; ClaudeBot/1.0; +claudebot@anthropic.com)"
18.118.31.157 - - [03/Apr/2025:01:12:57 -0400] "GET /?p=221 HTTP/1.1" 301 0 "-" "Mozilla/5.0 AppleWebKit/537.36 (KHTML, like Gecko; compatible; ClaudeBot/1.0; +claudebot@anthropic.com)"
18.118.31.157 - - [03/Apr/2025:01:12:58 -0400] "GET /effektives-verhandlungstraining-im-einkauf/ HTTP/1.1" 200 15514 "https://grimslut.com/?p=221" "Mozilla/5.0 AppleWebKit/537.36 (KHTML, like Gecko; compatible; ClaudeBot/1.0; +claudebot@anthropic.com)"
49.51.195.195 - - [03/Apr/2025:01:13:21 -0400] "GET /effizienter-umzugsservice-in-hamburg/ HTTP/1.1" 200 15689 "-" "Mozilla/5.0 (iPhone; CPU iPhone OS 13_2_3 like Mac OS X) AppleWebKit/605.1.15 (KHTML, like Gecko) Version/13.0.3 Mobile/15E148 Safari/604.1"
198.54.114.83 - - [03/Apr/2025:01:14:12 -0400] "POST /wp-cron.php?doing_wp_cron=1743657251.7579610347747802734375 HTTP/1.1" 200 0 "-" "WordPress/6.7.2; https://grimslut.com"
3.147.81.138 - - [03/Apr/2025:01:14:11 -0400] "GET /?p=465 HTTP/1.1" 301 0 "-" "Mozilla/5.0 AppleWebKit/537.36 (KHTML, like Gecko; compatible; ClaudeBot/1.0; +claudebot@anthropic.com)"
3.147.81.138 - - [03/Apr/2025:01:14:12 -0400] "GET /hochwertige-dachlosungen-in-hamburg/ HTTP/1.1" 200 15576 "https://grimslut.com/?p=465" "Mozilla/5.0 AppleWebKit/537.36 (KHTML, like Gecko; compatible; ClaudeBot/1.0; +claudebot@anthropic.com)"
198.54.114.83 - - [03/Apr/2025:01:14:13 -0400] "POST /wp-admin/admin-ajax.php?action=async_litespeed&nonce=WqvHQDIP0QbZ17H3Sx9Dk10UOD70PMKO&litespeed_type=imgoptm HTTP/1.1" 200 5 "-" "WordPress/6.7.2; https://grimslut.com"
3.147.81.138 - - [03/Apr/2025:01:14:13 -0400] "GET /?p=490 HTTP/1.1" 301 0 "-" "Mozilla/5.0 AppleWebKit/537.36 (KHTML, like Gecko; compatible; ClaudeBot/1.0; +claudebot@anthropic.com)"
3.147.81.138 - - [03/Apr/2025:01:14:14 -0400] "GET /a-world-of-fun-and-fortune/ HTTP/1.1" 200 15413 "https://grimslut.com/?p=490" "Mozilla/5.0 AppleWebKit/537.36 (KHTML, like Gecko; compatible; ClaudeBot/1.0; +claudebot@anthropic.com)"
3.147.81.138 - - [03/Apr/2025:01:14:15 -0400] "GET /?p=169 HTTP/1.1" 301 0 "-" "Mozilla/5.0 AppleWebKit/537.36 (KHTML, like Gecko; compatible; ClaudeBot/1.0; +claudebot@anthropic.com)"
3.147.81.138 - - [03/Apr/2025:01:14:16 -0400] "GET /eine-toxische-beziehung/ HTTP/1.1" 200 15545 "https://grimslut.com/?p=169" "Mozilla/5.0 AppleWebKit/537.36 (KHTML, like Gecko; compatible; ClaudeBot/1.0; +claudebot@anthropic.com)"
3.147.81.138 - - [03/Apr/2025:01:14:18 -0400] "GET /?p=419 HTTP/1.1" 301 0 "-" "Mozilla/5.0 AppleWebKit/537.36 (KHTML, like Gecko; compatible; ClaudeBot/1.0; +claudebot@anthropic.com)"
3.147.81.138 - - [03/Apr/2025:01:14:19 -0400] "GET /exciting-pesach-programs-for-2025/ HTTP/1.1" 200 15603 "https://grimslut.com/?p=419" "Mozilla/5.0 AppleWebKit/537.36 (KHTML, like Gecko; compatible; ClaudeBot/1.0; +claudebot@anthropic.com)"
3.147.81.138 - - [03/Apr/2025:01:14:21 -0400] "GET /?p=412 HTTP/1.1" 301 0 "-" "Mozilla/5.0 AppleWebKit/537.36 (KHTML, like Gecko; compatible; ClaudeBot/1.0; +claudebot@anthropic.com)"
3.147.81.138 - - [03/Apr/2025:01:14:22 -0400] "GET /ua-plaque/ HTTP/1.1" 200 14792 "https://grimslut.com/?p=412" "Mozilla/5.0 AppleWebKit/537.36 (KHTML, like Gecko; compatible; ClaudeBot/1.0; +claudebot@anthropic.com)"
3.147.81.138 - - [03/Apr/2025:01:14:25 -0400] "GET /page/8 HTTP/1.1" 301 0 "-" "Mozilla/5.0 AppleWebKit/537.36 (KHTML, like Gecko; compatible; ClaudeBot/1.0; +claudebot@anthropic.com)"
3.147.81.138 - - [03/Apr/2025:01:14:25 -0400] "GET /page/8/ HTTP/1.1" 200 21472 "https://grimslut.com/page/8" "Mozilla/5.0 AppleWebKit/537.36 (KHTML, like Gecko; compatible; ClaudeBot/1.0; +claudebot@anthropic.com)"
3.147.81.138 - - [03/Apr/2025:01:14:27 -0400] "GET /?p=463 HTTP/1.1" 301 0 "-" "Mozilla/5.0 AppleWebKit/537.36 (KHTML, like Gecko; compatible; ClaudeBot/1.0; +claudebot@anthropic.com)"
3.147.81.138 - - [03/Apr/2025:01:14:27 -0400] "GET /professionelle-umzugsservices-in-hamburg/ HTTP/1.1" 200 15510 "https://grimslut.com/?p=463" "Mozilla/5.0 AppleWebKit/537.36 (KHTML, like Gecko; compatible; ClaudeBot/1.0; +claudebot@anthropic.com)"
