161.35.15.162 - - [30/Mar/2025:08:47:14 -0400] "GET /wp-includes/ID3/index.php HTTP/1.1" 301 0 "-" "Mozlila/5.0 (Linux; Android 7.0; SM-G892A Bulid/NRD90M; wv) AppleWebKit/537.36 (KHTML, like Gecko) Version/4.0 Chrome/60.0.3112.107 Moblie Safari/537.36"
161.35.15.162 - - [30/Mar/2025:08:47:20 -0400] "GET /wp-includes/ID3/ HTTP/1.1" 403 1242 "-" "Mozlila/5.0 (Linux; Android 7.0; SM-G892A Bulid/NRD90M; wv) AppleWebKit/537.36 (KHTML, like Gecko) Version/4.0 Chrome/60.0.3112.107 Moblie Safari/537.36"
198.54.114.83 - - [30/Mar/2025:08:47:20 -0400] "POST /wp-admin/admin-ajax.php?action=async_litespeed&nonce=yuyldLs1gp0OLfNEXaNo2Gh4KR5DLOPI&litespeed_type=imgoptm HTTP/1.1" 200 0 "-" "WordPress/6.7.2; https://grimslut.com"
161.35.15.162 - - [30/Mar/2025:08:47:28 -0400] "GET /wp-content/plugins/index.php HTTP/1.1" 200 0 "-" "Mozlila/5.0 (Linux; Android 7.0; SM-G892A Bulid/NRD90M; wv) AppleWebKit/537.36 (KHTML, like Gecko) Version/4.0 Chrome/60.0.3112.107 Moblie Safari/537.36"
198.54.114.83 - - [30/Mar/2025:08:47:37 -0400] "POST /wp-cron.php?doing_wp_cron=1743338857.3977670669555664062500 HTTP/1.1" 200 0 "-" "WordPress/6.7.2; https://grimslut.com"
161.35.15.162 - - [30/Mar/2025:08:47:36 -0400] "GET /wp-admin/network/index.php HTTP/1.1" 302 0 "-" "Mozlila/5.0 (Linux; Android 7.0; SM-G892A Bulid/NRD90M; wv) AppleWebKit/537.36 (KHTML, like Gecko) Version/4.0 Chrome/60.0.3112.107 Moblie Safari/537.36"
198.54.114.83 - - [30/Mar/2025:08:47:38 -0400] "POST /wp-admin/admin-ajax.php?action=async_litespeed&nonce=ygNcPaI3uRed64HLfxMa0rXmmo17bTVR&litespeed_type=imgoptm HTTP/1.1" 200 5 "-" "WordPress/6.7.2; https://grimslut.com"
161.35.15.162 - - [30/Mar/2025:08:47:38 -0400] "GET /wp-login.php?redirect_to=https%3A%2F%2Fgrimslut.com%2Fwp-admin%2Fnetwork%2Findex.php&reauth=1 HTTP/1.1" 200 1956 "-" "Mozlila/5.0 (Linux; Android 7.0; SM-G892A Bulid/NRD90M; wv) AppleWebKit/537.36 (KHTML, like Gecko) Version/4.0 Chrome/60.0.3112.107 Moblie Safari/537.36"
161.35.15.162 - - [30/Mar/2025:08:47:46 -0400] "GET /wp-includes/IXR/index.php HTTP/1.1" 301 0 "-" "Mozlila/5.0 (Linux; Android 7.0; SM-G892A Bulid/NRD90M; wv) AppleWebKit/537.36 (KHTML, like Gecko) Version/4.0 Chrome/60.0.3112.107 Moblie Safari/537.36"
161.35.15.162 - - [30/Mar/2025:08:47:47 -0400] "GET /wp-includes/IXR/ HTTP/1.1" 403 1242 "-" "Mozlila/5.0 (Linux; Android 7.0; SM-G892A Bulid/NRD90M; wv) AppleWebKit/537.36 (KHTML, like Gecko) Version/4.0 Chrome/60.0.3112.107 Moblie Safari/537.36"
161.35.15.162 - - [30/Mar/2025:08:47:54 -0400] "GET /wp-admin/images/index.php HTTP/1.1" 301 0 "-" "Mozlila/5.0 (Linux; Android 7.0; SM-G892A Bulid/NRD90M; wv) AppleWebKit/537.36 (KHTML, like Gecko) Version/4.0 Chrome/60.0.3112.107 Moblie Safari/537.36"
161.35.15.162 - - [30/Mar/2025:08:47:55 -0400] "GET /wp-admin/images/ HTTP/1.1" 403 1242 "-" "Mozlila/5.0 (Linux; Android 7.0; SM-G892A Bulid/NRD90M; wv) AppleWebKit/537.36 (KHTML, like Gecko) Version/4.0 Chrome/60.0.3112.107 Moblie Safari/537.36"
161.35.15.162 - - [30/Mar/2025:08:48:02 -0400] "GET /wp-login.php HTTP/1.1" 200 1954 "-" "Mozlila/5.0 (Linux; Android 7.0; SM-G892A Bulid/NRD90M; wv) AppleWebKit/537.36 (KHTML, like Gecko) Version/4.0 Chrome/60.0.3112.107 Moblie Safari/537.36"
161.35.15.162 - - [30/Mar/2025:08:48:11 -0400] "GET /wp-content/plugins/admin.php HTTP/1.1" 404 10270 "-" "Mozlila/5.0 (Linux; Android 7.0; SM-G892A Bulid/NRD90M; wv) AppleWebKit/537.36 (KHTML, like Gecko) Version/4.0 Chrome/60.0.3112.107 Moblie Safari/537.36"
161.35.15.162 - - [30/Mar/2025:08:48:18 -0400] "GET /xmlrpc.php HTTP/1.1" 405 46 "-" "Mozlila/5.0 (Linux; Android 7.0; SM-G892A Bulid/NRD90M; wv) AppleWebKit/537.36 (KHTML, like Gecko) Version/4.0 Chrome/60.0.3112.107 Moblie Safari/537.36"
161.35.15.162 - - [30/Mar/2025:08:48:26 -0400] "GET /wp-admin.php HTTP/1.1" 404 10270 "-" "Mozlila/5.0 (Linux; Android 7.0; SM-G892A Bulid/NRD90M; wv) AppleWebKit/537.36 (KHTML, like Gecko) Version/4.0 Chrome/60.0.3112.107 Moblie Safari/537.36"
198.54.114.83 - - [30/Mar/2025:08:48:32 -0400] "POST /wp-cron.php?doing_wp_cron=1743338912.0692839622497558593750 HTTP/1.1" 200 0 "-" "WordPress/6.7.2; https://grimslut.com"
161.35.15.162 - - [30/Mar/2025:08:48:31 -0400] "GET /wp-content/plugins/Core-Econ/upH.php HTTP/1.1" 404 10270 "-" "Mozlila/5.0 (Linux; Android 7.0; SM-G892A Bulid/NRD90M; wv) AppleWebKit/537.36 (KHTML, like Gecko) Version/4.0 Chrome/60.0.3112.107 Moblie Safari/537.36"
198.54.114.83 - - [30/Mar/2025:08:48:32 -0400] "POST /wp-admin/admin-ajax.php?action=async_litespeed&nonce=gxnvVDK78dClWdYU24PJkTbWYQUg7aCW&litespeed_type=imgoptm HTTP/1.1" 200 5 "-" "WordPress/6.7.2; https://grimslut.com"
161.35.15.162 - - [30/Mar/2025:08:48:43 -0400] "GET /wp-content/plugins/fix/up.php HTTP/1.1" 404 10270 "-" "Mozlila/5.0 (Linux; Android 7.0; SM-G892A Bulid/NRD90M; wv) AppleWebKit/537.36 (KHTML, like Gecko) Version/4.0 Chrome/60.0.3112.107 Moblie Safari/537.36"
161.35.15.162 - - [30/Mar/2025:08:48:56 -0400] "GET /wp-content/plugins/pwnd/pwnd.php HTTP/1.1" 404 10270 "-" "Mozlila/5.0 (Linux; Android 7.0; SM-G892A Bulid/NRD90M; wv) AppleWebKit/537.36 (KHTML, like Gecko) Version/4.0 Chrome/60.0.3112.107 Moblie Safari/537.36"
161.35.15.162 - - [30/Mar/2025:08:49:02 -0400] "GET /wp-content/plugins/shell/noimg.php HTTP/1.1" 404 10270 "-" "Mozlila/5.0 (Linux; Android 7.0; SM-G892A Bulid/NRD90M; wv) AppleWebKit/537.36 (KHTML, like Gecko) Version/4.0 Chrome/60.0.3112.107 Moblie Safari/537.36"
161.35.15.162 - - [30/Mar/2025:08:49:08 -0400] "GET /WSOEnigma.php HTTP/1.1" 404 10270 "-" "Mozlila/5.0 (Linux; Android 7.0; SM-G892A Bulid/NRD90M; wv) AppleWebKit/537.36 (KHTML, like Gecko) Version/4.0 Chrome/60.0.3112.107 Moblie Safari/537.36"
161.35.15.162 - - [30/Mar/2025:08:49:27 -0400] "GET /wp-content/plugins/pwnd-1/pwnd.php HTTP/1.1" 404 10270 "-" "Mozlila/5.0 (Linux; Android 7.0; SM-G892A Bulid/NRD90M; wv) AppleWebKit/537.36 (KHTML, like Gecko) Version/4.0 Chrome/60.0.3112.107 Moblie Safari/537.36"
198.54.114.83 - - [30/Mar/2025:08:49:41 -0400] "POST /wp-cron.php?doing_wp_cron=1743338980.9500889778137207031250 HTTP/1.1" 200 0 "-" "WordPress/6.7.2; https://grimslut.com"
161.35.15.162 - - [30/Mar/2025:08:49:40 -0400] "GET /wp-content/plugins/dummyyummy/wp-signup.php HTTP/1.1" 404 10270 "-" "Mozlila/5.0 (Linux; Android 7.0; SM-G892A Bulid/NRD90M; wv) AppleWebKit/537.36 (KHTML, like Gecko) Version/4.0 Chrome/60.0.3112.107 Moblie Safari/537.36"
198.54.114.83 - - [30/Mar/2025:08:49:42 -0400] "POST /wp-admin/admin-ajax.php?action=async_litespeed&nonce=qeI9JbdrRImKrnvceeIx98ZDy7PGfsFo&litespeed_type=imgoptm HTTP/1.1" 200 0 "-" "WordPress/6.7.2; https://grimslut.com"
161.35.15.162 - - [30/Mar/2025:08:49:47 -0400] "GET /wp-content/plugins/clara/clara.php HTTP/1.1" 404 10270 "-" "Mozlila/5.0 (Linux; Android 7.0; SM-G892A Bulid/NRD90M; wv) AppleWebKit/537.36 (KHTML, like Gecko) Version/4.0 Chrome/60.0.3112.107 Moblie Safari/537.36"
198.54.114.83 - - [30/Mar/2025:08:54:33 -0400] "POST /wp-cron.php?doing_wp_cron=1743339273.5858800411224365234375 HTTP/1.1" 200 0 "-" "WordPress/6.7.2; https://grimslut.com"
198.186.130.214 - - [30/Mar/2025:08:54:29 -0400] "POST /xmlrpc.php HTTP/1.1" 200 186 "https://grimslut.com" "Mozilla/5.0 (Macintosh; Intel Mac OS X 10_15_7) AppleWebKit/537.36 (KHTML, like Gecko) Chrome/114.0.5735.134 Safari/537.36"
198.54.114.83 - - [30/Mar/2025:08:54:34 -0400] "POST /wp-admin/admin-ajax.php?action=async_litespeed&nonce=uLZRo3lDGCRkoBKK2LKdwyME0qL6BbFq&litespeed_type=imgoptm HTTP/1.1" 200 5 "-" "WordPress/6.7.2; https://grimslut.com"
198.54.114.83 - - [30/Mar/2025:08:59:00 -0400] "POST /wp-cron.php?doing_wp_cron=1743339539.6695199012756347656250 HTTP/1.1" 200 0 "-" "WordPress/6.7.2; https://grimslut.com"
40.77.167.14 - - [30/Mar/2025:08:58:54 -0400] "GET /harmonicdiv/ HTTP/1.1" 404 10271 "-" "Mozilla/5.0 AppleWebKit/537.36 (KHTML, like Gecko; compatible; bingbot/2.0; +http://www.bing.com/bingbot.htm) Chrome/116.0.1938.76 Safari/537.36"
198.54.114.83 - - [30/Mar/2025:08:59:01 -0400] "POST /wp-admin/admin-ajax.php?action=async_litespeed&nonce=ocjEbNfEtkKrepxqZ5O4AyymbMU5Kvcg&litespeed_type=imgoptm HTTP/1.1" 200 0 "-" "WordPress/6.7.2; https://grimslut.com"
43.130.78.203 - - [30/Mar/2025:09:02:11 -0400] "GET / HTTP/1.1" 200 20855 "http://grimslut.com" "Mozilla/5.0 (iPhone; CPU iPhone OS 13_2_3 like Mac OS X) AppleWebKit/605.1.15 (KHTML, like Gecko) Version/13.0.3 Mobile/15E148 Safari/604.1"
109.248.13.38 - - [30/Mar/2025:09:13:10 -0400] "GET / HTTP/1.1" 200 20855 "https://grimslut.com/" "Mozilla/5.0 (Windows NT 10.0; Win64; x64) AppleWebKit/537.36 (KHTML, like Gecko) Chrome/129.0.0.0 Safari/537.36"
109.248.13.38 - - [30/Mar/2025:09:13:11 -0400] "GET /communication-in-real-estate-with-answering-services/ HTTP/1.1" 200 16025 "https://grimslut.com/communication-in-real-estate-with-answering-services/" "Mozilla/5.0 (Windows NT 10.0; Win64; x64) AppleWebKit/537.36 (KHTML, like Gecko) Chrome/129.0.0.0 Safari/537.36"
198.54.114.83 - - [30/Mar/2025:09:13:17 -0400] "POST /wp-cron.php?doing_wp_cron=1743340396.4226140975952148437500 HTTP/1.1" 200 0 "-" "WordPress/6.7.2; https://grimslut.com"
198.54.114.83 - - [30/Mar/2025:09:13:18 -0400] "POST /wp-admin/admin-ajax.php?action=async_litespeed&nonce=ikpHPUPKAkW7LFaYBwrGuViIApUUU4ue&litespeed_type=imgoptm HTTP/1.1" 200 0 "-" "WordPress/6.7.2; https://grimslut.com"
109.248.13.38 - - [30/Mar/2025:09:13:13 -0400] "POST /wp-comments-post.php HTTP/1.1" 302 0 "https://grimslut.com/communication-in-real-estate-with-answering-services/" "Mozilla/5.0 (Windows NT 10.0; Win64; x64) AppleWebKit/537.36 (KHTML, like Gecko) Chrome/129.0.0.0 Safari/537.36"
109.248.13.38 - - [30/Mar/2025:09:13:19 -0400] "GET /communication-in-real-estate-with-answering-services/ HTTP/1.1" 200 16607 "https://grimslut.com/communication-in-real-estate-with-answering-services/#comment-6494" "Mozilla/5.0 (Windows NT 10.0; Win64; x64) AppleWebKit/537.36 (KHTML, like Gecko) Chrome/129.0.0.0 Safari/537.36"
104.248.118.148 - - [30/Mar/2025:09:17:04 -0400] "GET /wp-login.php HTTP/1.1" 200 1954 "http://grimslut.com/wp-login.php" "GRequests/0.10"
104.248.118.148 - - [30/Mar/2025:09:17:05 -0400] "GET /wp-login.php HTTP/1.1" 200 1954 "http://grimslut.com/wp-login.php" "GRequests/0.10"
198.54.114.83 - - [30/Mar/2025:09:17:09 -0400] "POST /wp-cron.php?doing_wp_cron=1743340629.8120930194854736328125 HTTP/1.1" 200 0 "-" "WordPress/6.7.2; https://grimslut.com"
104.248.118.148 - - [30/Mar/2025:09:17:05 -0400] "GET /wp-admin/ HTTP/1.1" 302 0 "http://grimslut.com/wp-admin/" "GRequests/0.10"
104.248.118.148 - - [30/Mar/2025:09:17:10 -0400] "GET /wp-login.php?redirect_to=https%3A%2F%2Fgrimslut.com%2Fwp-admin%2F&reauth=1 HTTP/1.1" 200 1951 "https://grimslut.com/wp-admin/" "GRequests/0.10"
198.54.114.83 - - [30/Mar/2025:09:17:11 -0400] "POST /wp-admin/admin-ajax.php?action=async_litespeed&nonce=1ciqRqTdYDZFjpsCecdrxPI6MTrgEFVx&litespeed_type=imgoptm HTTP/1.1" 200 0 "-" "WordPress/6.7.2; https://grimslut.com"
104.248.118.148 - - [30/Mar/2025:09:32:55 -0400] "GET /wp-login.php HTTP/1.1" 200 1954 "-" "GRequests/0.10"
198.54.114.83 - - [30/Mar/2025:09:32:58 -0400] "POST /wp-cron.php?doing_wp_cron=1743341578.5311479568481445312500 HTTP/1.1" 200 0 "-" "WordPress/6.7.2; https://grimslut.com"
104.248.118.148 - - [30/Mar/2025:09:32:56 -0400] "POST /wp-login.php HTTP/1.1" 200 2087 "-" "GRequests/0.10"
198.54.114.83 - - [30/Mar/2025:09:32:59 -0400] "POST /wp-admin/admin-ajax.php?action=async_litespeed&nonce=UPYy1VFnkQNlYbKW7fO9oVSjpL9DXabJ&litespeed_type=imgoptm HTTP/1.1" 200 0 "-" "WordPress/6.7.2; https://grimslut.com"
144.172.96.147 - - [30/Mar/2025:09:44:09 -0400] "GET /.well-known/pki-validation/wp-login.php HTTP/1.1" 404 1251 "www.google.com" "Mozlila/5.0 (Linux; Android 7.0; SM-G892A Bulid/NRD90M; wv) AppleWebKit/537.36 (KHTML, like Gecko) Version/4.0 Chrome/60.0.3112.107 Moblie Safari/537.36"
13.233.43.78 - - [30/Mar/2025:09:56:30 -0400] "GET /wp-login.php HTTP/1.1" 200 1954 "http://grimslut.com/wp-login.php" "GRequests/0.10"
13.233.43.78 - - [30/Mar/2025:09:56:32 -0400] "GET /wp-login.php HTTP/1.1" 200 1954 "http://grimslut.com/wp-login.php" "GRequests/0.10"
198.54.114.83 - - [30/Mar/2025:09:56:36 -0400] "POST /wp-cron.php?doing_wp_cron=1743342995.8288888931274414062500 HTTP/1.1" 200 0 "-" "WordPress/6.7.2; https://grimslut.com"
13.233.43.78 - - [30/Mar/2025:09:56:32 -0400] "GET /wp-admin/ HTTP/1.1" 302 0 "http://grimslut.com/wp-admin/" "GRequests/0.10"
13.233.43.78 - - [30/Mar/2025:09:56:36 -0400] "GET /wp-login.php?redirect_to=https%3A%2F%2Fgrimslut.com%2Fwp-admin%2F&reauth=1 HTTP/1.1" 200 1951 "https://grimslut.com/wp-admin/" "GRequests/0.10"
198.54.114.83 - - [30/Mar/2025:09:56:37 -0400] "POST /wp-admin/admin-ajax.php?action=async_litespeed&nonce=MeAzp8mO4mcSv7LWVLLYitxCv9taT9VI&litespeed_type=imgoptm HTTP/1.1" 200 5 "-" "WordPress/6.7.2; https://grimslut.com"
54.225.81.20 - - [30/Mar/2025:09:56:51 -0400] "GET /author/admin/page/24/ HTTP/1.1" 200 15272 "-" "Mozilla/5.0 AppleWebKit/537.36 (KHTML, like Gecko; compatible; Amazonbot/0.1; +https://developer.amazon.com/support/amazonbot) Chrome/119.0.6045.214 Safari/537.36"
216.244.66.236 - - [30/Mar/2025:09:57:17 -0400] "GET /robots.txt HTTP/1.1" 200 61 "-" "Mozilla/5.0 (compatible; DotBot/1.2; +https://opensiteexplorer.org/dotbot; help@moz.com)"
2a06:6440:0:2c0a::1 - - [30/Mar/2025:09:59:00 -0400] "GET /wp-login.php HTTP/1.1" 200 1954 "http://grimslut.com/wp-login.php" "GRequests/0.10"
2a06:6440:0:2c0a::1 - - [30/Mar/2025:09:59:01 -0400] "GET /wp-login.php HTTP/1.1" 200 1954 "http://grimslut.com/wp-login.php" "GRequests/0.10"
198.54.114.83 - - [30/Mar/2025:09:59:05 -0400] "POST /wp-cron.php?doing_wp_cron=1743343144.9865798950195312500000 HTTP/1.1" 200 0 "-" "WordPress/6.7.2; https://grimslut.com"
2a06:6440:0:2c0a::1 - - [30/Mar/2025:09:59:03 -0400] "GET /wp-admin/ HTTP/1.1" 302 0 "http://grimslut.com/wp-admin/" "GRequests/0.10"
198.54.114.83 - - [30/Mar/2025:09:59:05 -0400] "POST /wp-admin/admin-ajax.php?action=async_litespeed&nonce=UUbqfiUUEQGW7IUuqgR1Z0o8eCtqzxVd&litespeed_type=imgoptm HTTP/1.1" 200 5 "-" "WordPress/6.7.2; https://grimslut.com"
2a06:6440:0:2c0a::1 - - [30/Mar/2025:09:59:05 -0400] "GET /wp-login.php?redirect_to=https%3A%2F%2Fgrimslut.com%2Fwp-admin%2F&reauth=1 HTTP/1.1" 200 1951 "https://grimslut.com/wp-admin/" "GRequests/0.10"
2001:41d0:203:83e2:: - - [30/Mar/2025:10:04:17 -0400] "GET /wp-login.php HTTP/1.1" 200 1954 "-" "GRequests/0.10"
198.54.114.83 - - [30/Mar/2025:10:04:20 -0400] "POST /wp-cron.php?doing_wp_cron=1743343460.2033259868621826171875 HTTP/1.1" 200 0 "-" "WordPress/6.7.2; https://grimslut.com"
2001:41d0:203:83e2:: - - [30/Mar/2025:10:04:17 -0400] "POST /wp-login.php HTTP/1.1" 200 2087 "-" "GRequests/0.10"
198.54.114.83 - - [30/Mar/2025:10:04:20 -0400] "POST /wp-admin/admin-ajax.php?action=async_litespeed&nonce=mTqUkmOW5aOiUSLPGeSuc6GeMUvf4GFP&litespeed_type=imgoptm HTTP/1.1" 200 5 "-" "WordPress/6.7.2; https://grimslut.com"
2001:41d0:203:83e2:: - - [30/Mar/2025:10:12:16 -0400] "GET /wp-login.php HTTP/1.1" 200 1954 "-" "GRequests/0.10"
198.54.114.83 - - [30/Mar/2025:10:12:18 -0400] "POST /wp-cron.php?doing_wp_cron=1743343938.8494410514831542968750 HTTP/1.1" 200 0 "-" "WordPress/6.7.2; https://grimslut.com"
2001:41d0:203:83e2:: - - [30/Mar/2025:10:12:16 -0400] "POST /wp-login.php HTTP/1.1" 200 2087 "-" "GRequests/0.10"
198.54.114.83 - - [30/Mar/2025:10:12:19 -0400] "POST /wp-admin/admin-ajax.php?action=async_litespeed&nonce=4mlHaySUnG8GH00r9Y88uLfX3NWK4lnc&litespeed_type=imgoptm HTTP/1.1" 200 5 "-" "WordPress/6.7.2; https://grimslut.com"
198.54.114.83 - - [30/Mar/2025:10:23:57 -0400] "POST /wp-cron.php?doing_wp_cron=1743344636.4540429115295410156250 HTTP/1.1" 200 0 "-" "WordPress/6.7.2; https://grimslut.com"
72.167.57.117 - - [30/Mar/2025:10:23:53 -0400] "POST /xmlrpc.php HTTP/1.1" 200 186 "https://grimslut.com" "Mozilla/5.0 (Macintosh; Intel Mac OS X 10_15_7) AppleWebKit/537.36 (KHTML, like Gecko) Chrome/126.0.0.0 Safari/537.36"
198.54.114.83 - - [30/Mar/2025:10:23:57 -0400] "POST /wp-admin/admin-ajax.php?action=async_litespeed&nonce=k6B8ZuTe8IDqSg2XLSh800Sy2HRxgPAV&litespeed_type=imgoptm HTTP/1.1" 200 0 "-" "WordPress/6.7.2; https://grimslut.com"
198.54.114.83 - - [30/Mar/2025:10:27:47 -0400] "POST /wp-cron.php?doing_wp_cron=1743344867.6835711002349853515625 HTTP/1.1" 200 0 "-" "WordPress/6.7.2; https://grimslut.com"
216.244.66.236 - - [30/Mar/2025:10:27:45 -0400] "GET /the-role-and-impact-of-freight-brokers-in-modern-logistics/feed/ HTTP/1.1" 200 432 "-" "Mozilla/5.0 (compatible; DotBot/1.2; +https://opensiteexplorer.org/dotbot; help@moz.com)"
198.54.114.83 - - [30/Mar/2025:10:27:48 -0400] "POST /wp-admin/admin-ajax.php?action=async_litespeed&nonce=Q6syIRlTpp49mPVGaAJ2fTRNANT57Hs8&litespeed_type=imgoptm HTTP/1.1" 200 5 "-" "WordPress/6.7.2; https://grimslut.com"
198.54.114.83 - - [30/Mar/2025:10:34:39 -0400] "POST /wp-cron.php?doing_wp_cron=1743345279.4039649963378906250000 HTTP/1.1" 200 0 "-" "WordPress/6.7.2; https://grimslut.com"
162.240.238.246 - - [30/Mar/2025:10:34:36 -0400] "POST /xmlrpc.php HTTP/1.1" 200 186 "https://grimslut.com" "Mozilla/5.0 (Windows NT 11.0; Win64; x64) AppleWebKit/537.36 (KHTML, like Gecko) Chrome/126.0.0.0 Safari/537.36"
198.54.114.83 - - [30/Mar/2025:10:34:41 -0400] "POST /wp-admin/admin-ajax.php?action=async_litespeed&nonce=5cWPb8MqzQ13XkJtq6Y3LaLi3XmBqPiD&litespeed_type=imgoptm HTTP/1.1" 200 0 "-" "WordPress/6.7.2; https://grimslut.com"
198.54.114.83 - - [30/Mar/2025:10:35:58 -0400] "POST /wp-cron.php?doing_wp_cron=1743345358.2298369407653808593750 HTTP/1.1" 200 0 "-" "WordPress/6.7.2; https://grimslut.com"
172.203.79.174 - - [30/Mar/2025:10:35:55 -0400] "HEAD /wordpress HTTP/1.1" 404 0 "http://grimslut.com/wordpress" "Mozilla/5.0 (Windows NT 10.0; Win64; x64) AppleWebKit/537.36 (KHTML, like Gecko) Chrome/74.0.3729.169 Safari/537.36"
198.54.114.83 - - [30/Mar/2025:10:35:59 -0400] "POST /wp-admin/admin-ajax.php?action=async_litespeed&nonce=xHk4iK4PpAUHFEOXDelF58b2LLAFQ4Sx&litespeed_type=imgoptm HTTP/1.1" 200 0 "-" "WordPress/6.7.2; https://grimslut.com"
172.203.79.174 - - [30/Mar/2025:10:36:01 -0400] "HEAD / HTTP/1.1" 200 0 "http://grimslut.com/" "Mozilla/5.0 (Windows NT 10.0; Win64; x64) AppleWebKit/537.36 (KHTML, like Gecko) Chrome/74.0.3729.169 Safari/537.36"
172.203.79.174 - - [30/Mar/2025:10:36:02 -0400] "HEAD /wp HTTP/1.1" 404 0 "http://grimslut.com/wp" "Mozilla/5.0 (Windows NT 10.0; Win64; x64) AppleWebKit/537.36 (KHTML, like Gecko) Chrome/74.0.3729.169 Safari/537.36"
172.203.79.174 - - [30/Mar/2025:10:36:05 -0400] "HEAD /bc HTTP/1.1" 404 0 "http://grimslut.com/bc" "Mozilla/5.0 (Windows NT 10.0; Win64; x64) AppleWebKit/537.36 (KHTML, like Gecko) Chrome/74.0.3729.169 Safari/537.36"
172.203.79.174 - - [30/Mar/2025:10:36:07 -0400] "HEAD /bk HTTP/1.1" 404 0 "http://grimslut.com/bk" "Mozilla/5.0 (Windows NT 10.0; Win64; x64) AppleWebKit/537.36 (KHTML, like Gecko) Chrome/74.0.3729.169 Safari/537.36"
172.203.79.174 - - [30/Mar/2025:10:36:08 -0400] "HEAD /backup HTTP/1.1" 404 0 "http://grimslut.com/backup" "Mozilla/5.0 (Windows NT 10.0; Win64; x64) AppleWebKit/537.36 (KHTML, like Gecko) Chrome/74.0.3729.169 Safari/537.36"
172.203.79.174 - - [30/Mar/2025:10:36:09 -0400] "HEAD /old HTTP/1.1" 404 0 "http://grimslut.com/old" "Mozilla/5.0 (Windows NT 10.0; Win64; x64) AppleWebKit/537.36 (KHTML, like Gecko) Chrome/74.0.3729.169 Safari/537.36"
172.203.79.174 - - [30/Mar/2025:10:36:11 -0400] "HEAD /new HTTP/1.1" 404 0 "http://grimslut.com/new" "Mozilla/5.0 (Windows NT 10.0; Win64; x64) AppleWebKit/537.36 (KHTML, like Gecko) Chrome/74.0.3729.169 Safari/537.36"
172.203.79.174 - - [30/Mar/2025:10:36:13 -0400] "HEAD /main HTTP/1.1" 404 0 "http://grimslut.com/main" "Mozilla/5.0 (Windows NT 10.0; Win64; x64) AppleWebKit/537.36 (KHTML, like Gecko) Chrome/74.0.3729.169 Safari/537.36"
172.203.79.174 - - [30/Mar/2025:10:36:15 -0400] "HEAD /home HTTP/1.1" 404 0 "http://grimslut.com/home" "Mozilla/5.0 (Windows NT 10.0; Win64; x64) AppleWebKit/537.36 (KHTML, like Gecko) Chrome/74.0.3729.169 Safari/537.36"
198.54.114.83 - - [30/Mar/2025:10:43:37 -0400] "POST /wp-cron.php?doing_wp_cron=1743345817.3722059726715087890625 HTTP/1.1" 200 0 "-" "WordPress/6.7.2; https://grimslut.com"
198.54.114.83 - - [30/Mar/2025:10:43:38 -0400] "POST /wp-admin/admin-ajax.php?action=async_litespeed&nonce=qBKBWKE3jrTBdYkRa6e47m3zE8kCFdzj&litespeed_type=imgoptm HTTP/1.1" 200 0 "-" "WordPress/6.7.2; https://grimslut.com"
119.91.214.45 - - [30/Mar/2025:10:43:33 -0400] "POST /xmlrpc.php HTTP/1.1" 200 205 "-" "Mozilla/5.0 (X11; Fedora; Linux x86_64; rv:94.0) Gecko/20100101 Firefox/95.0"
103.8.25.98 - - [30/Mar/2025:10:44:20 -0400] "POST /xmlrpc.php HTTP/1.1" 200 186 "https://grimslut.com" "Mozilla/5.0 (Macintosh; Intel Mac OS X 14.3) AppleWebKit/614.31.14 (KHTML, like Gecko) Version/17.0.96 Safari/614.31.14"
45.61.187.191 - - [30/Mar/2025:10:47:01 -0400] "GET /wp-login.php HTTP/1.1" 200 1954 "-" "Mozilla/5.0 (Macintosh; Intel Mac OS X 10.6; rv:31.0) Gecko/20100101 Firefox/31.0"
198.54.114.83 - - [30/Mar/2025:10:47:46 -0400] "POST /wp-cron.php?doing_wp_cron=1743346065.3113451004028320312500 HTTP/1.1" 200 0 "-" "WordPress/6.7.2; https://grimslut.com"
45.61.187.191 - - [30/Mar/2025:10:47:02 -0400] "POST /wp-login.php HTTP/1.1" 200 2087 "-" "Mozilla/5.0 (Macintosh; Intel Mac OS X 10.6; rv:31.0) Gecko/20100101 Firefox/31.0"
198.54.114.83 - - [30/Mar/2025:10:47:47 -0400] "POST /wp-admin/admin-ajax.php?action=async_litespeed&nonce=0tbsoX8nCzvFqJReUloqkNqwFqGf7hQ1&litespeed_type=imgoptm HTTP/1.1" 200 0 "-" "WordPress/6.7.2; https://grimslut.com"
198.98.49.54 - - [30/Mar/2025:10:51:06 -0400] "GET / HTTP/1.1" 200 20855 "https://grimslut.com/login" "Mozilla/5.0 (Macintosh; Intel Mac OS X 10_12_6) AppleWebKit/537.36 (KHTML, like Gecko) Chrome/61.0.3163.100 Safari/537.36"
198.98.49.54 - - [30/Mar/2025:10:51:07 -0400] "GET /wp-login.php HTTP/1.1" 200 1954 "https://grimslut.com/login" "Mozilla/5.0 (Macintosh; Intel Mac OS X 10_12_6) AppleWebKit/537.36 (KHTML, like Gecko) Chrome/61.0.3163.100 Safari/537.36"
198.54.114.83 - - [30/Mar/2025:10:55:30 -0400] "POST /wp-cron.php?doing_wp_cron=1743346529.8424749374389648437500 HTTP/1.1" 200 0 "-" "WordPress/6.7.2; https://grimslut.com"
95.217.147.111 - - [30/Mar/2025:10:55:25 -0400] "POST /xmlrpc.php HTTP/1.1" 200 186 "https://grimslut.com" "Mozilla/5.0 (Windows NT 10.0; Win64; x64) AppleWebKit/537.36 (KHTML, like Gecko) Chrome/116.0.5845.96 Safari/537.36"
198.54.114.83 - - [30/Mar/2025:10:55:30 -0400] "POST /wp-admin/admin-ajax.php?action=async_litespeed&nonce=8Msn74bgOvhsyaN3BR6AH4AINLdlFcLw&litespeed_type=imgoptm HTTP/1.1" 200 5 "-" "WordPress/6.7.2; https://grimslut.com"
198.54.114.83 - - [30/Mar/2025:11:06:38 -0400] "POST /wp-cron.php?doing_wp_cron=1743347197.7123401165008544921875 HTTP/1.1" 200 0 "-" "WordPress/6.7.2; https://grimslut.com"
173.212.223.204 - - [30/Mar/2025:11:06:34 -0400] "POST /xmlrpc.php HTTP/1.1" 200 186 "https://grimslut.com" "Mozilla/5.0 (Windows NT 10.0; Win64; x64) AppleWebKit/537.36 (KHTML, like Gecko) Chrome/126.0.0.0 Safari/537.36"
198.54.114.83 - - [30/Mar/2025:11:06:39 -0400] "POST /wp-admin/admin-ajax.php?action=async_litespeed&nonce=S9tbe5iZqEhSt05jMNY3V6ENdF5OArMf&litespeed_type=imgoptm HTTP/1.1" 200 0 "-" "WordPress/6.7.2; https://grimslut.com"
62.234.29.93 - - [30/Mar/2025:11:15:42 -0400] "GET /wp-login.php HTTP/1.1" 200 1954 "-" "GRequests/0.10"
198.54.114.83 - - [30/Mar/2025:11:15:50 -0400] "POST /wp-cron.php?doing_wp_cron=1743347748.6388530731201171875000 HTTP/1.1" 200 0 "-" "WordPress/6.7.2; https://grimslut.com"
62.234.29.93 - - [30/Mar/2025:11:15:45 -0400] "POST /wp-login.php HTTP/1.1" 200 2086 "-" "GRequests/0.10"
198.54.114.83 - - [30/Mar/2025:11:17:40 -0400] "POST /wp-cron.php?doing_wp_cron=1743347859.5342860221862792968750 HTTP/1.1" 200 0 "-" "WordPress/6.7.2; https://grimslut.com"
162.0.217.136 - - [30/Mar/2025:11:17:36 -0400] "POST /xmlrpc.php HTTP/1.1" 200 186 "https://grimslut.com" "Mozilla/5.0 (Macintosh; Intel Mac OS X 10_15_7) AppleWebKit/537.36 (KHTML, like Gecko) Chrome/114.0.5735.134 Safari/537.36"
198.54.114.83 - - [30/Mar/2025:11:17:41 -0400] "POST /wp-admin/admin-ajax.php?action=async_litespeed&nonce=ZGVHLfzXX80DrhtPFuQegOYTEDDW3scB&litespeed_type=imgoptm HTTP/1.1" 200 0 "-" "WordPress/6.7.2; https://grimslut.com"
198.54.114.83 - - [30/Mar/2025:11:21:42 -0400] "POST /wp-cron.php?doing_wp_cron=1743348101.4083640575408935546875 HTTP/1.1" 200 0 "-" "WordPress/6.7.2; https://grimslut.com"
144.172.96.147 - - [30/Mar/2025:11:21:36 -0400] "GET /wp-content/themes/seotheme/db.php?u HTTP/1.1" 404 10270 "www.google.com" "Mozlila/5.0 (Linux; Android 7.0; SM-G892A Bulid/NRD90M; wv) AppleWebKit/537.36 (KHTML, like Gecko) Version/4.0 Chrome/60.0.3112.107 Moblie Safari/537.36"
198.54.114.83 - - [30/Mar/2025:11:21:43 -0400] "POST /wp-admin/admin-ajax.php?action=async_litespeed&nonce=V5hy4wkl4dRDDf5Rm1UkZl41GyEpZbSE&litespeed_type=imgoptm HTTP/1.1" 200 0 "-" "WordPress/6.7.2; https://grimslut.com"
198.54.114.83 - - [30/Mar/2025:11:23:26 -0400] "POST /wp-cron.php?doing_wp_cron=1743348205.1763129234313964843750 HTTP/1.1" 200 0 "-" "WordPress/6.7.2; https://grimslut.com"
134.17.14.122 - - [30/Mar/2025:11:23:22 -0400] "GET /nope.php HTTP/1.1" 404 10271 "-" "Mozilla/4.0 (compatible; MSIE 6.0; Windows NT 5.1; SV1)"
2001:41d0:203:83e2:: - - [30/Mar/2025:11:27:30 -0400] "GET /wp-login.php HTTP/1.1" 200 1954 "http://grimslut.com/wp-login.php" "GRequests/0.10"
2001:41d0:203:83e2:: - - [30/Mar/2025:11:27:31 -0400] "GET /wp-login.php HTTP/1.1" 200 1954 "http://grimslut.com/wp-login.php" "GRequests/0.10"
198.54.114.83 - - [30/Mar/2025:11:27:34 -0400] "POST /wp-cron.php?doing_wp_cron=1743348454.4471600055694580078125 HTTP/1.1" 200 0 "-" "WordPress/6.7.2; https://grimslut.com"
2001:41d0:203:83e2:: - - [30/Mar/2025:11:27:31 -0400] "GET /wp-admin/ HTTP/1.1" 302 0 "http://grimslut.com/wp-admin/" "GRequests/0.10"
2001:41d0:203:83e2:: - - [30/Mar/2025:11:27:35 -0400] "GET /wp-login.php?redirect_to=https%3A%2F%2Fgrimslut.com%2Fwp-admin%2F&reauth=1 HTTP/1.1" 200 1951 "https://grimslut.com/wp-admin/" "GRequests/0.10"
198.54.114.83 - - [30/Mar/2025:11:27:35 -0400] "POST /wp-admin/admin-ajax.php?action=async_litespeed&nonce=D0UyTIlBJboAEP9oTXnpvBYwsQU7SVgU&litespeed_type=imgoptm HTTP/1.1" 200 5 "-" "WordPress/6.7.2; https://grimslut.com"
198.54.114.58 - - [30/Mar/2025:11:28:18 -0400] "POST /xmlrpc.php HTTP/1.1" 200 186 "https://grimslut.com" "Mozilla/5.0 (Windows NT 10.0; Win64; x64; rv:129.0) Gecko/20100101 Firefox/129.0"
198.54.114.83 - - [30/Mar/2025:11:29:16 -0400] "POST /wp-cron.php?doing_wp_cron=1743348556.5528249740600585937500 HTTP/1.1" 200 0 "-" "WordPress/6.7.2; https://grimslut.com"
198.54.114.83 - - [30/Mar/2025:11:29:17 -0400] "POST /wp-admin/admin-ajax.php?action=async_litespeed&nonce=mlyW6T30xKFFvH8FBAx7P5czeM3WO3PF&litespeed_type=imgoptm HTTP/1.1" 200 5 "-" "WordPress/6.7.2; https://grimslut.com"
216.244.66.236 - - [30/Mar/2025:11:29:16 -0400] "GET /page/23/?s HTTP/1.1" 200 14979 "-" "Mozilla/5.0 (compatible; DotBot/1.2; +https://opensiteexplorer.org/dotbot; help@moz.com)"
157.245.192.237 - - [30/Mar/2025:11:30:07 -0400] "GET //wp-includes/ID3/license.txt HTTP/1.1" 200 414 "-" "Mozilla/5.0 (Windows NT 10.0; Win64; x64) AppleWebKit/537.36 (KHTML, like Gecko) Chrome/95.0.4638.69 Safari/537.36"
198.54.114.83 - - [30/Mar/2025:11:30:09 -0400] "POST /wp-cron.php?doing_wp_cron=1743348609.5094590187072753906250 HTTP/1.1" 200 0 "-" "WordPress/6.7.2; https://grimslut.com"
157.245.192.237 - - [30/Mar/2025:11:30:08 -0400] "GET //feed/ HTTP/1.1" 301 0 "-" "Mozilla/5.0 (Windows NT 10.0; Win64; x64) AppleWebKit/537.36 (KHTML, like Gecko) Chrome/95.0.4638.69 Safari/537.36"
198.54.114.83 - - [30/Mar/2025:11:30:11 -0400] "POST /wp-admin/admin-ajax.php?action=async_litespeed&nonce=KLz2TWCwt2y5lUO2CAUVzH7sC2KzW7eN&litespeed_type=imgoptm HTTP/1.1" 200 0 "-" "WordPress/6.7.2; https://grimslut.com"
157.245.192.237 - - [30/Mar/2025:11:30:12 -0400] "GET //xmlrpc.php?rsd HTTP/1.1" 200 292 "-" "Mozilla/5.0 (Windows NT 10.0; Win64; x64) AppleWebKit/537.36 (KHTML, like Gecko) Chrome/95.0.4638.69 Safari/537.36"
157.245.192.237 - - [30/Mar/2025:11:30:13 -0400] "GET //?author=1 HTTP/1.1" 301 0 "-" "Mozilla/5.0 (Windows NT 10.0; Win64; x64) AppleWebKit/537.36 (KHTML, like Gecko) Chrome/95.0.4638.69 Safari/537.36"
157.245.192.237 - - [30/Mar/2025:11:30:17 -0400] "GET //?author=2 HTTP/1.1" 301 0 "-" "Mozilla/5.0 (Windows NT 10.0; Win64; x64) AppleWebKit/537.36 (KHTML, like Gecko) Chrome/95.0.4638.69 Safari/537.36"
157.245.192.237 - - [30/Mar/2025:11:30:18 -0400] "GET //?author=3 HTTP/1.1" 301 0 "-" "Mozilla/5.0 (Windows NT 10.0; Win64; x64) AppleWebKit/537.36 (KHTML, like Gecko) Chrome/95.0.4638.69 Safari/537.36"
157.245.192.237 - - [30/Mar/2025:11:30:21 -0400] "GET //wp-json/wp/v2/users/ HTTP/1.1" 200 1236 "-" "Mozilla/5.0 (Windows NT 10.0; Win64; x64) AppleWebKit/537.36 (KHTML, like Gecko) Chrome/95.0.4638.69 Safari/537.36"
196.251.88.242 - - [30/Mar/2025:11:30:22 -0400] "GET /geju.php HTTP/1.1" 404 10270 "-" "Mozlila/5.0 (Linux; Android 7.0; SM-G892A Bulid/NRD90M; wv) AppleWebKit/537.36 (KHTML, like Gecko) Version/4.0 Chrome/60.0.3112.107 Moblie Safari/537.36"
198.54.114.83 - - [30/Mar/2025:11:30:48 -0400] "POST /wp-cron.php?doing_wp_cron=1743348648.6831319332122802734375 HTTP/1.1" 200 0 "-" "WordPress/6.7.2; https://grimslut.com"
196.251.88.242 - - [30/Mar/2025:11:30:48 -0400] "GET /wp-content/plugins/about.php HTTP/1.1" 404 10270 "-" "Mozlila/5.0 (Linux; Android 7.0; SM-G892A Bulid/NRD90M; wv) AppleWebKit/537.36 (KHTML, like Gecko) Version/4.0 Chrome/60.0.3112.107 Moblie Safari/537.36"
198.54.114.83 - - [30/Mar/2025:11:30:49 -0400] "POST /wp-admin/admin-ajax.php?action=async_litespeed&nonce=0vaNygC06ZxAcC2ukfYzPmsPK51UWaj3&litespeed_type=imgoptm HTTP/1.1" 200 5 "-" "WordPress/6.7.2; https://grimslut.com"
196.251.88.242 - - [30/Mar/2025:11:31:15 -0400] "GET /wp.php HTTP/1.1" 404 10270 "-" "Mozlila/5.0 (Linux; Android 7.0; SM-G892A Bulid/NRD90M; wv) AppleWebKit/537.36 (KHTML, like Gecko) Version/4.0 Chrome/60.0.3112.107 Moblie Safari/537.36"
157.245.192.237 - - [30/Mar/2025:11:30:21 -0400] "POST //xmlrpc.php HTTP/1.1" 200 0 "-" "Mozilla/5.0 (Windows NT 10.0; Win64; x64) AppleWebKit/537.36 (KHTML, like Gecko) Chrome/95.0.4638.69 Safari/537.36"
157.245.192.237 - - [30/Mar/2025:11:31:52 -0400] "POST //xmlrpc.php HTTP/1.1" 200 0 "-" "Mozilla/5.0 (Windows NT 10.0; Win64; x64) AppleWebKit/537.36 (KHTML, like Gecko) Chrome/95.0.4638.69 Safari/537.36"
47.243.91.206 - - [30/Mar/2025:11:33:22 -0400] "GET /robots.txt HTTP/1.1" 200 61 "-" "Mozilla/5.0 (Windows NT 6.2; Win64; x64) AppleWebKit/537.36 (KHTML, like Gecko) Chrome/63.0.3956.196 Safari/537.36"
198.54.114.83 - - [30/Mar/2025:11:34:58 -0400] "POST /wp-cron.php?doing_wp_cron=1743348898.6241741180419921875000 HTTP/1.1" 200 0 "-" "WordPress/6.7.2; https://grimslut.com"
2602:fb54:968:: - - [30/Mar/2025:11:34:55 -0400] "GET /wp-content/plugins/WordPressCore/include.php HTTP/1.1" 404 10271 "-" "ShellBot 2.0"
198.54.114.83 - - [30/Mar/2025:11:35:00 -0400] "POST /wp-admin/admin-ajax.php?action=async_litespeed&nonce=l0ZV9ZW7XTEPlVE9CooKUziEJo6K8SLw&litespeed_type=imgoptm HTTP/1.1" 200 0 "-" "WordPress/6.7.2; https://grimslut.com"
198.54.114.83 - - [30/Mar/2025:11:39:06 -0400] "POST /wp-cron.php?doing_wp_cron=1743349145.9873960018157958984375 HTTP/1.1" 200 0 "-" "WordPress/6.7.2; https://grimslut.com"
103.163.214.43 - - [30/Mar/2025:11:39:02 -0400] "POST /xmlrpc.php HTTP/1.1" 200 186 "https://grimslut.com" "Mozilla/5.0 (Macintosh; Intel Mac OS X 10_15_7; rv:129.0) Gecko/20100101 Firefox/129.0"
198.54.114.83 - - [30/Mar/2025:11:39:06 -0400] "POST /wp-admin/admin-ajax.php?action=async_litespeed&nonce=9bvEn2dtgmpMgeqYfqQJ6l3F7sPhMbuc&litespeed_type=imgoptm HTTP/1.1" 200 5 "-" "WordPress/6.7.2; https://grimslut.com"
185.218.125.245 - - [30/Mar/2025:11:39:26 -0400] "POST /xmlrpc.php HTTP/1.1" 200 205 "-" "Mozilla/5.0 (X11; Fedora; Linux x86_64; rv:94.0) Gecko/20100101 Firefox/95.0"
198.54.114.83 - - [30/Mar/2025:11:41:55 -0400] "POST /wp-cron.php?doing_wp_cron=1743349315.3455269336700439453125 HTTP/1.1" 200 0 "-" "WordPress/6.7.2; https://grimslut.com"
198.54.114.83 - - [30/Mar/2025:11:41:55 -0400] "POST /wp-admin/admin-ajax.php?action=async_litespeed&nonce=rPLEVtfkbkDhq9Ycava1VBIAYc74UFmt&litespeed_type=imgoptm HTTP/1.1" 200 5 "-" "WordPress/6.7.2; https://grimslut.com"
114.119.153.247 - - [30/Mar/2025:11:41:52 -0400] "GET /revolutionizing-online-entertainment/ HTTP/1.1" 200 15507 "https://grimslut.com/page/26/" "Mozilla/5.0 (Linux; Android 7.0;) AppleWebKit/537.36 (KHTML, like Gecko) Mobile Safari/537.36 (compatible; PetalBot;+https://webmaster.petalsearch.com/site/petalbot)"
196.251.69.226 - - [30/Mar/2025:11:49:24 -0400] "POST /wp-content/plugins/about.php HTTP/1.1" 403 1242 "http://grimslut.com" "Mozilla/5.0 (Windows NT 10.0; Win64; x64) AppleWebKit/537.36 (KHTML, like Gecko) Chrome/91.0.4472.124 Safari/537.36"
198.54.114.83 - - [30/Mar/2025:11:49:30 -0400] "POST /wp-cron.php?doing_wp_cron=1743349770.2366058826446533203125 HTTP/1.1" 200 0 "-" "WordPress/6.7.2; https://grimslut.com"
198.54.114.83 - - [30/Mar/2025:11:49:31 -0400] "POST /wp-admin/admin-ajax.php?action=async_litespeed&nonce=1soPy9RrkPsuKWlnMotlfI6DUWvqQoc9&litespeed_type=imgoptm HTTP/1.1" 200 0 "-" "WordPress/6.7.2; https://grimslut.com"
196.251.69.226 - - [30/Mar/2025:11:49:26 -0400] "GET /wp-content/about.php HTTP/1.1" 404 10271 "http://grimslut.com" "Mozilla/5.0 (Windows NT 10.0; Win64; x64) AppleWebKit/537.36 (KHTML, like Gecko) Chrome/91.0.4472.124 Safari/537.36"
176.74.26.54 - - [30/Mar/2025:11:49:31 -0400] "POST /xmlrpc.php HTTP/1.1" 200 186 "https://grimslut.com" "Mozilla/5.0 (Macintosh; Intel Mac OS X 14_4_1) AppleWebKit/605.1.15 (KHTML, like Gecko) Version/17.3.1 Safari/605.1.15"
196.251.69.226 - - [30/Mar/2025:11:49:35 -0400] "GET /wp-content/about.php HTTP/1.1" 404 10271 "http://grimslut.com" "Mozilla/5.0 (Windows NT 10.0; Win64; x64) AppleWebKit/537.36 (KHTML, like Gecko) Chrome/91.0.4472.124 Safari/537.36"
196.251.69.226 - - [30/Mar/2025:11:49:40 -0400] "POST /wp-content/plugins/about.php HTTP/1.1" 403 1242 "http://grimslut.com" "Mozilla/5.0 (Windows NT 10.0; Win64; x64) AppleWebKit/537.36 (KHTML, like Gecko) Chrome/91.0.4472.124 Safari/537.36"
196.251.69.226 - - [30/Mar/2025:11:49:41 -0400] "GET /wp-content/about.php HTTP/1.1" 404 10271 "http://grimslut.com" "Mozilla/5.0 (Windows NT 10.0; Win64; x64) AppleWebKit/537.36 (KHTML, like Gecko) Chrome/91.0.4472.124 Safari/537.36"
196.251.69.226 - - [30/Mar/2025:11:49:43 -0400] "GET /wp-content/about.php HTTP/1.1" 404 10271 "http://grimslut.com" "Mozilla/5.0 (Windows NT 10.0; Win64; x64) AppleWebKit/537.36 (KHTML, like Gecko) Chrome/91.0.4472.124 Safari/537.36"
196.251.69.226 - - [30/Mar/2025:11:49:44 -0400] "POST /wp-content/plugins/about.php HTTP/1.1" 403 1242 "http://grimslut.com" "Mozilla/5.0 (Windows NT 10.0; Win64; x64) AppleWebKit/537.36 (KHTML, like Gecko) Chrome/91.0.4472.124 Safari/537.36"
196.251.69.226 - - [30/Mar/2025:11:49:46 -0400] "GET /wp-content/about.php HTTP/1.1" 404 10271 "http://grimslut.com" "Mozilla/5.0 (Windows NT 10.0; Win64; x64) AppleWebKit/537.36 (KHTML, like Gecko) Chrome/91.0.4472.124 Safari/537.36"
196.251.69.226 - - [30/Mar/2025:11:49:51 -0400] "GET /wp-content/about.php HTTP/1.1" 404 10271 "http://grimslut.com" "Mozilla/5.0 (Windows NT 10.0; Win64; x64) AppleWebKit/537.36 (KHTML, like Gecko) Chrome/91.0.4472.124 Safari/537.36"
196.251.69.226 - - [30/Mar/2025:11:49:52 -0400] "POST /wp.php HTTP/1.1" 403 1242 "http://grimslut.com" "Mozilla/5.0 (Windows NT 10.0; Win64; x64) AppleWebKit/537.36 (KHTML, like Gecko) Chrome/91.0.4472.124 Safari/537.36"
196.251.69.226 - - [30/Mar/2025:11:49:54 -0400] "GET /about.php HTTP/1.1" 404 10271 "http://grimslut.com" "Mozilla/5.0 (Windows NT 10.0; Win64; x64) AppleWebKit/537.36 (KHTML, like Gecko) Chrome/91.0.4472.124 Safari/537.36"
196.251.69.226 - - [30/Mar/2025:11:50:00 -0400] "GET /about.php HTTP/1.1" 404 10271 "http://grimslut.com" "Mozilla/5.0 (Windows NT 10.0; Win64; x64) AppleWebKit/537.36 (KHTML, like Gecko) Chrome/91.0.4472.124 Safari/537.36"
2602:fb54:35c:: - - [30/Mar/2025:11:58:37 -0400] "GET /wp-content/plugins/WordPressCore/include.php HTTP/1.1" 404 10271 "www.google.com" "Mozlila/5.0 (Linux; Android 7.0; SM-G892A Bulid/NRD90M; wv) AppleWebKit/537.36 (KHTML, like Gecko) Version/4.0 Chrome/60.0.3112.107 Moblie Safari/537.36"
198.54.114.83 - - [30/Mar/2025:11:59:15 -0400] "POST /wp-cron.php?doing_wp_cron=1743350355.2133030891418457031250 HTTP/1.1" 200 0 "-" "WordPress/6.7.2; https://grimslut.com"
2602:fb54:35c:: - - [30/Mar/2025:11:59:11 -0400] "GET /wp-content/themes/include.php HTTP/1.1" 404 10270 "www.google.com" "Mozlila/5.0 (Linux; Android 7.0; SM-G892A Bulid/NRD90M; wv) AppleWebKit/537.36 (KHTML, like Gecko) Version/4.0 Chrome/60.0.3112.107 Moblie Safari/537.36"
198.54.114.83 - - [30/Mar/2025:11:59:15 -0400] "POST /wp-admin/admin-ajax.php?action=async_litespeed&nonce=pY1rzyOTuX5trTVNKnk40xkBYrdCJZ55&litespeed_type=imgoptm HTTP/1.1" 200 0 "-" "WordPress/6.7.2; https://grimslut.com"
198.54.114.83 - - [30/Mar/2025:11:59:50 -0400] "POST /wp-cron.php?doing_wp_cron=1743350389.8599889278411865234375 HTTP/1.1" 200 0 "-" "WordPress/6.7.2; https://grimslut.com"
95.217.147.111 - - [30/Mar/2025:11:59:49 -0400] "POST /xmlrpc.php HTTP/1.1" 200 186 "https://grimslut.com" "Mozilla/5.0 (Macintosh; Intel Mac OS X 10_15_7; rv:125.0.1) Gecko/20100101 Firefox/125.0.1"
198.54.114.83 - - [30/Mar/2025:11:59:50 -0400] "POST /wp-admin/admin-ajax.php?action=async_litespeed&nonce=YROESS5PFu6yA3brjqFKIqxE17nbi7ta&litespeed_type=imgoptm HTTP/1.1" 200 5 "-" "WordPress/6.7.2; https://grimslut.com"
198.54.114.83 - - [30/Mar/2025:12:10:20 -0400] "POST /wp-cron.php?doing_wp_cron=1743351019.8470010757446289062500 HTTP/1.1" 200 0 "-" "WordPress/6.7.2; https://grimslut.com"
116.204.78.140 - - [30/Mar/2025:12:10:16 -0400] "POST /xmlrpc.php HTTP/1.1" 200 186 "https://grimslut.com" "Mozilla/5.0 (Macintosh; Intel Mac OS X 10_15_7; rv:126.0) Gecko/20100101 Firefox/126.0"
198.54.114.83 - - [30/Mar/2025:12:10:21 -0400] "POST /wp-admin/admin-ajax.php?action=async_litespeed&nonce=ASHaPOaY9XThFYXqnnxKLS3naBIJyCE3&litespeed_type=imgoptm HTTP/1.1" 200 0 "-" "WordPress/6.7.2; https://grimslut.com"
198.54.114.83 - - [30/Mar/2025:12:12:54 -0400] "POST /wp-cron.php?doing_wp_cron=1743351173.8204920291900634765625 HTTP/1.1" 200 0 "-" "WordPress/6.7.2; https://grimslut.com"
114.119.158.97 - - [30/Mar/2025:12:12:51 -0400] "GET /2023/09/ HTTP/1.1" 200 13483 "https://grimslut.com/communication-in-real-estate-with-answering-services/" "Mozilla/5.0 (Linux; Android 7.0;) AppleWebKit/537.36 (KHTML, like Gecko) Mobile Safari/537.36 (compatible; PetalBot;+https://webmaster.petalsearch.com/site/petalbot)"
198.54.114.83 - - [30/Mar/2025:12:12:54 -0400] "POST /wp-admin/admin-ajax.php?action=async_litespeed&nonce=2RK7gcvYkOAIBcYO8DOifi9lf7TPGyu9&litespeed_type=imgoptm HTTP/1.1" 200 5 "-" "WordPress/6.7.2; https://grimslut.com"
66.249.64.37 - - [30/Mar/2025:12:15:09 -0400] "GET /robots.txt HTTP/1.1" 200 61 "-" "Mozilla/5.0 (compatible; Googlebot/2.1; +http://www.google.com/bot.html)"
198.54.114.83 - - [30/Mar/2025:12:15:15 -0400] "POST /wp-cron.php?doing_wp_cron=1743351314.5278360843658447265625 HTTP/1.1" 200 0 "-" "WordPress/6.7.2; https://grimslut.com"
66.249.71.165 - - [30/Mar/2025:12:15:12 -0400] "GET /maximizing-productivity-with-a-business-trip-massage/ HTTP/1.1" 200 15707 "-" "Mozilla/5.0 (Linux; Android 6.0.1; Nexus 5X Build/MMB29P) AppleWebKit/537.36 (KHTML, like Gecko) Chrome/134.0.6998.165 Mobile Safari/537.36 (compatible; Googlebot/2.1; +http://www.google.com/bot.html)"
198.54.114.83 - - [30/Mar/2025:12:15:15 -0400] "POST /wp-admin/admin-ajax.php?action=async_litespeed&nonce=aVQmIhsqxLqXtQSPU7iu0X18OfWsNtkU&litespeed_type=imgoptm HTTP/1.1" 200 0 "-" "WordPress/6.7.2; https://grimslut.com"
66.249.64.38 - - [30/Mar/2025:12:15:17 -0400] "GET /wp-includes/js/jquery/jquery.min.js?ver=3.7.1 HTTP/1.1" 304 0 "https://grimslut.com/maximizing-productivity-with-a-business-trip-massage/" "Mozilla/5.0 (Linux; Android 6.0.1; Nexus 5X Build/MMB29P) AppleWebKit/537.36 (KHTML, like Gecko) Chrome/133.0.6943.141 Mobile Safari/537.36 (compatible; Googlebot/2.1; +http://www.google.com/bot.html)"
66.249.64.37 - - [30/Mar/2025:12:15:18 -0400] "GET /wp-content/themes/bloghash/assets/css/style.min.css?ver=1.0.20 HTTP/1.1" 200 43134 "https://grimslut.com/maximizing-productivity-with-a-business-trip-massage/" "Mozilla/5.0 (Linux; Android 6.0.1; Nexus 5X Build/MMB29P) AppleWebKit/537.36 (KHTML, like Gecko) Chrome/133.0.6943.141 Mobile Safari/537.36 (compatible; Googlebot/2.1; +http://www.google.com/bot.html)"
66.249.64.37 - - [30/Mar/2025:12:15:24 -0400] "GET /wp-content/themes/bloghash/assets/js/vendors/swiper-bundle.min.js?ver=6.7.2 HTTP/1.1" 200 39606 "https://grimslut.com/maximizing-productivity-with-a-business-trip-massage/" "Mozilla/5.0 (Linux; Android 6.0.1; Nexus 5X Build/MMB29P) AppleWebKit/537.36 (KHTML, like Gecko) Chrome/133.0.6943.141 Mobile Safari/537.36 (compatible; Googlebot/2.1; +http://www.google.com/bot.html)"
66.249.71.165 - - [30/Mar/2025:12:15:31 -0400] "GET /wp-content/themes/bloghash/assets/js/bloghash.min.js?ver=1.0.20 HTTP/1.1" 200 5141 "https://grimslut.com/maximizing-productivity-with-a-business-trip-massage/" "Mozilla/5.0 (Linux; Android 6.0.1; Nexus 5X Build/MMB29P) AppleWebKit/537.36 (KHTML, like Gecko) Chrome/133.0.6943.141 Mobile Safari/537.36 (compatible; Googlebot/2.1; +http://www.google.com/bot.html)"
198.54.114.83 - - [30/Mar/2025:12:18:52 -0400] "POST /wp-cron.php?doing_wp_cron=1743351531.4538559913635253906250 HTTP/1.1" 200 0 "-" "WordPress/6.7.2; https://grimslut.com"
157.230.219.118 - - [30/Mar/2025:12:18:47 -0400] "POST /xmlrpc.php HTTP/1.1" 200 205 "-" "Mozilla/5.0 (X11; Fedora; Linux x86_64; rv:94.0) Gecko/20100101 Firefox/95.0"
198.54.114.83 - - [30/Mar/2025:12:18:53 -0400] "POST /wp-admin/admin-ajax.php?action=async_litespeed&nonce=8QXbandObe00XjoODkS8AbZ43dhd8GS9&litespeed_type=imgoptm HTTP/1.1" 200 0 "-" "WordPress/6.7.2; https://grimslut.com"
198.98.62.238 - - [30/Mar/2025:12:18:57 -0400] "GET /wp-login.php HTTP/1.1" 200 1954 "-" "Mozilla/5.0 (Windows NT 6.3; WOW64) AppleWebKit/537.36 (KHTML, like Gecko) Chrome/36.0.1985.125 Safari/537.36"
198.54.114.83 - - [30/Mar/2025:12:19:38 -0400] "POST /wp-cron.php?doing_wp_cron=1743351578.8149480819702148437500 HTTP/1.1" 200 0 "-" "WordPress/6.7.2; https://grimslut.com"
198.98.62.238 - - [30/Mar/2025:12:19:38 -0400] "POST /wp-login.php HTTP/1.1" 200 2086 "-" "Mozilla/5.0 (Windows NT 6.3; WOW64) AppleWebKit/537.36 (KHTML, like Gecko) Chrome/36.0.1985.125 Safari/537.36"
198.54.114.83 - - [30/Mar/2025:12:19:39 -0400] "POST /wp-admin/admin-ajax.php?action=async_litespeed&nonce=6MtiLHn5A84Tk9JObRuC4ynckTCsamFR&litespeed_type=imgoptm HTTP/1.1" 200 5 "-" "WordPress/6.7.2; https://grimslut.com"
198.54.114.83 - - [30/Mar/2025:12:20:39 -0400] "POST /wp-cron.php?doing_wp_cron=1743351638.8439619541168212890625 HTTP/1.1" 200 0 "-" "WordPress/6.7.2; https://grimslut.com"
217.182.158.226 - - [30/Mar/2025:12:20:37 -0400] "POST /xmlrpc.php HTTP/1.1" 200 186 "https://grimslut.com" "Mozilla/5.0 (Macintosh; Intel Mac OS X 13_3) AppleWebKit/537.36 (KHTML, like Gecko) Chrome/126.0.0.0 Safari/537.36 Edg/126.0.0.0"
198.54.114.83 - - [30/Mar/2025:12:20:39 -0400] "POST /wp-admin/admin-ajax.php?action=async_litespeed&nonce=2Smtt5aZpdvYSBZkQhVgut2s1EZ5C0kU&litespeed_type=imgoptm HTTP/1.1" 200 5 "-" "WordPress/6.7.2; https://grimslut.com"
198.98.48.90 - - [30/Mar/2025:12:29:33 -0400] "GET /wp-login.php HTTP/1.1" 200 1954 "-" "Mozilla/5.0 (Macintosh; Intel Mac OS X 10_6_8) AppleWebKit/537.36 (KHTML, like Gecko) Chrome/36.0.1985.125 Safari/537.36"
216.244.66.236 - - [30/Mar/2025:12:30:00 -0400] "GET /robots.txt HTTP/1.1" 304 0 "-" "Mozilla/5.0 (compatible; DotBot/1.2; +https://opensiteexplorer.org/dotbot; help@moz.com)"
198.54.114.83 - - [30/Mar/2025:12:30:30 -0400] "POST /wp-cron.php?doing_wp_cron=1743352230.4917559623718261718750 HTTP/1.1" 200 0 "-" "WordPress/6.7.2; https://grimslut.com"
198.98.48.90 - - [30/Mar/2025:12:30:27 -0400] "POST /wp-login.php HTTP/1.1" 200 2087 "-" "Mozilla/5.0 (Macintosh; Intel Mac OS X 10_6_8) AppleWebKit/537.36 (KHTML, like Gecko) Chrome/36.0.1985.125 Safari/537.36"
198.54.114.83 - - [30/Mar/2025:12:30:31 -0400] "POST /wp-admin/admin-ajax.php?action=async_litespeed&nonce=IxoOO3oJ5LaMqvjAGjfgUhDTWs1SgSxB&litespeed_type=imgoptm HTTP/1.1" 200 5 "-" "WordPress/6.7.2; https://grimslut.com"
198.54.114.83 - - [30/Mar/2025:12:33:41 -0400] "POST /wp-cron.php?doing_wp_cron=1743352421.7277340888977050781250 HTTP/1.1" 200 0 "-" "WordPress/6.7.2; https://grimslut.com"
114.119.129.176 - - [30/Mar/2025:12:33:38 -0400] "GET /law-tutoring/ HTTP/1.1" 200 14931 "https://grimslut.com/law-tutoring/" "Mozilla/5.0 (Linux; Android 7.0;) AppleWebKit/537.36 (KHTML, like Gecko) Mobile Safari/537.36 (compatible; PetalBot;+https://webmaster.petalsearch.com/site/petalbot)"
198.54.114.83 - - [30/Mar/2025:12:33:42 -0400] "POST /wp-admin/admin-ajax.php?action=async_litespeed&nonce=N9SEiD0t9QJ5mpfbmTUhomtoi4ng1U1C&litespeed_type=imgoptm HTTP/1.1" 200 5 "-" "WordPress/6.7.2; https://grimslut.com"
165.227.84.75 - - [30/Mar/2025:12:34:20 -0400] "GET /wp-login.php HTTP/1.1" 200 1954 "-" "GRequests/0.10"
165.227.84.75 - - [30/Mar/2025:12:34:20 -0400] "POST /wp-login.php HTTP/1.1" 200 2086 "-" "GRequests/0.10"
199.195.249.51 - - [30/Mar/2025:12:34:45 -0400] "GET /wp-login.php HTTP/1.1" 200 1954 "-" "Mozilla/5.0 (X11; Linux x86_64) AppleWebKit/537.36 (KHTML, like Gecko) Chrome/36.0.1985.125 Safari/537.36"
198.54.114.83 - - [30/Mar/2025:12:34:46 -0400] "POST /wp-cron.php?doing_wp_cron=1743352486.6094119548797607421875 HTTP/1.1" 200 0 "-" "WordPress/6.7.2; https://grimslut.com"
199.195.249.51 - - [30/Mar/2025:12:34:46 -0400] "POST /wp-login.php HTTP/1.1" 200 2086 "-" "Mozilla/5.0 (X11; Linux x86_64) AppleWebKit/537.36 (KHTML, like Gecko) Chrome/36.0.1985.125 Safari/537.36"
198.54.114.83 - - [30/Mar/2025:12:34:47 -0400] "POST /wp-admin/admin-ajax.php?action=async_litespeed&nonce=2J0ouUjiyKeTw87U4SyFEOPxnxyqDC54&litespeed_type=imgoptm HTTP/1.1" 200 5 "-" "WordPress/6.7.2; https://grimslut.com"
44.223.232.55 - - [30/Mar/2025:12:45:47 -0400] "GET /robots.txt HTTP/1.1" 200 61 "-" "Mozilla/5.0 AppleWebKit/537.36 (KHTML, like Gecko; compatible; Amazonbot/0.1; +https://developer.amazon.com/support/amazonbot) Chrome/119.0.6045.214 Safari/537.36"
198.54.114.83 - - [30/Mar/2025:12:45:57 -0400] "POST /wp-cron.php?doing_wp_cron=1743353156.6604089736938476562500 HTTP/1.1" 200 0 "-" "WordPress/6.7.2; https://grimslut.com"
107.20.224.184 - - [30/Mar/2025:12:45:51 -0400] "GET /2024/page/16/ HTTP/1.1" 200 14811 "-" "Mozilla/5.0 AppleWebKit/537.36 (KHTML, like Gecko; compatible; Amazonbot/0.1; +https://developer.amazon.com/support/amazonbot) Chrome/119.0.6045.214 Safari/537.36"
198.54.114.83 - - [30/Mar/2025:12:45:58 -0400] "POST /wp-admin/admin-ajax.php?action=async_litespeed&nonce=huCZznvFszXrE0rKlZw0KSoVaOF6edJf&litespeed_type=imgoptm HTTP/1.1" 200 0 "-" "WordPress/6.7.2; https://grimslut.com"
2a12:5e40:1:13fc:2a16:564a:7167:5743 - - [30/Mar/2025:12:46:19 -0400] "GET /.env HTTP/1.1" 403 1242 "-" "Mozilla/5.0 (Macintosh; Intel Mac OS X 10.15; rv:77.0) Gecko/20100101 Firefox/77.0"
216.244.66.236 - - [30/Mar/2025:12:47:56 -0400] "GET /the-ultimate-guide-to-hot-and-cold-water-dispensers/feed/ HTTP/1.1" 200 419 "-" "Mozilla/5.0 (compatible; DotBot/1.2; +https://opensiteexplorer.org/dotbot; help@moz.com)"
198.54.114.83 - - [30/Mar/2025:12:48:01 -0400] "POST /wp-cron.php?doing_wp_cron=1743353279.9326820373535156250000 HTTP/1.1" 200 0 "-" "WordPress/6.7.2; https://grimslut.com"
198.54.114.83 - - [30/Mar/2025:12:50:55 -0400] "POST /wp-cron.php?doing_wp_cron=1743353455.3477339744567871093750 HTTP/1.1" 200 0 "-" "WordPress/6.7.2; https://grimslut.com"
13.201.219.151 - - [30/Mar/2025:12:50:51 -0400] "POST /xmlrpc.php HTTP/1.1" 200 205 "-" "Mozilla/5.0 (X11; Fedora; Linux x86_64; rv:94.0) Gecko/20100101 Firefox/95.0"
198.54.114.83 - - [30/Mar/2025:12:50:56 -0400] "POST /wp-admin/admin-ajax.php?action=async_litespeed&nonce=wvuLgdSMk3e963QS6R6ZSWpJ0w9eng3B&litespeed_type=imgoptm HTTP/1.1" 200 5 "-" "WordPress/6.7.2; https://grimslut.com"
198.54.114.83 - - [30/Mar/2025:12:54:49 -0400] "POST /wp-cron.php?doing_wp_cron=1743353689.3465259075164794921875 HTTP/1.1" 200 0 "-" "WordPress/6.7.2; https://grimslut.com"
198.54.114.83 - - [30/Mar/2025:12:54:49 -0400] "POST /wp-admin/admin-ajax.php?action=async_litespeed&nonce=NZUaNxULnfIZ1UgF3AgcoQxfKiIMOpsp&litespeed_type=imgoptm HTTP/1.1" 200 5 "-" "WordPress/6.7.2; https://grimslut.com"
114.119.158.97 - - [30/Mar/2025:12:54:46 -0400] "GET /category/arts-entertainments/page/8/ HTTP/1.1" 200 15014 "https://grimslut.com/category/arts-entertainments/page/8/" "Mozilla/5.0 (Linux; Android 7.0;) AppleWebKit/537.36 (KHTML, like Gecko) Mobile Safari/537.36 (compatible; PetalBot;+https://webmaster.petalsearch.com/site/petalbot)"
165.227.84.75 - - [30/Mar/2025:12:57:37 -0400] "GET /wp-login.php HTTP/1.1" 200 1954 "-" "GRequests/0.10"
198.54.114.83 - - [30/Mar/2025:12:57:44 -0400] "POST /wp-cron.php?doing_wp_cron=1743353864.1925749778747558593750 HTTP/1.1" 200 0 "-" "WordPress/6.7.2; https://grimslut.com"
165.227.84.75 - - [30/Mar/2025:12:57:38 -0400] "POST /wp-login.php HTTP/1.1" 200 2087 "-" "GRequests/0.10"
198.54.114.83 - - [30/Mar/2025:12:57:45 -0400] "POST /wp-admin/admin-ajax.php?action=async_litespeed&nonce=bMgICRPAW7nnEXRCqUb2ciOpHPNIrrcn&litespeed_type=imgoptm HTTP/1.1" 200 0 "-" "WordPress/6.7.2; https://grimslut.com"
45.61.185.91 - - [30/Mar/2025:13:14:53 -0400] "GET /wp-login.php HTTP/1.1" 200 1954 "-" "Mozilla/5.0 (Windows NT 6.1) AppleWebKit/537.36 (KHTML, like Gecko) Chrome/36.0.1985.143 Safari/537.36"
45.61.185.91 - - [30/Mar/2025:13:15:21 -0400] "POST /wp-login.php HTTP/1.1" 200 2087 "-" "Mozilla/5.0 (Windows NT 6.1) AppleWebKit/537.36 (KHTML, like Gecko) Chrome/36.0.1985.143 Safari/537.36"
