185.220.100.242 - - [03/Apr/2025:19:15:49 -0400] "GET /megapari-betting-experience-for-sports-enthusiasts/ HTTP/1.1" 200 15130 "https://grimslut.com/megapari-betting-experience-for-sports-enthusiasts" "Mozilla/5.0 (Windows NT 10.0; Win64; x64) AppleWebKit/537.36 (KHTML, like Gecko) Chrome/42.0.2311.135 Safari/537.36 Edge/12.10240"
185.220.100.242 - - [03/Apr/2025:19:15:51 -0400] "POST /wp-comments-post.php HTTP/1.1" 429 983 "https://grimslut.com/wp-comments-post.php" "Mozilla/5.0 (Windows NT 10.0; Win64; x64) AppleWebKit/537.36 (KHTML, like Gecko) Chrome/42.0.2311.135 Safari/537.36 Edge/12.10240"
185.220.101.186 - - [03/Apr/2025:19:15:52 -0400] "GET /modern-bathroom-renovations-in-melbournes-western-suburbs HTTP/1.1" 301 0 "https://grimslut.com/modern-bathroom-renovations-in-melbournes-western-suburbs" "Mozilla/5.0 (Windows NT 10.0; Win64; x64) AppleWebKit/537.36 (KHTML, like Gecko) Chrome/42.0.2311.135 Safari/537.36 Edge/12.10240"
185.220.101.186 - - [03/Apr/2025:19:15:53 -0400] "GET /modern-bathroom-renovations-in-melbournes-western-suburbs/ HTTP/1.1" 200 15943 "https://grimslut.com/modern-bathroom-renovations-in-melbournes-western-suburbs" "Mozilla/5.0 (Windows NT 10.0; Win64; x64) AppleWebKit/537.36 (KHTML, like Gecko) Chrome/42.0.2311.135 Safari/537.36 Edge/12.10240"
185.220.101.186 - - [03/Apr/2025:19:15:54 -0400] "POST /wp-comments-post.php HTTP/1.1" 429 983 "https://grimslut.com/wp-comments-post.php" "Mozilla/5.0 (Windows NT 10.0; Win64; x64) AppleWebKit/537.36 (KHTML, like Gecko) Chrome/42.0.2311.135 Safari/537.36 Edge/12.10240"
195.47.238.177 - - [03/Apr/2025:19:15:55 -0400] "GET /money-lender-for-your-loan-needs HTTP/1.1" 301 0 "https://grimslut.com/money-lender-for-your-loan-needs" "Mozilla/5.0 (Windows NT 10.0; Win64; x64) AppleWebKit/537.36 (KHTML, like Gecko) Chrome/42.0.2311.135 Safari/537.36 Edge/12.10240"
195.47.238.177 - - [03/Apr/2025:19:15:56 -0400] "GET /money-lender-for-your-loan-needs/ HTTP/1.1" 200 15512 "https://grimslut.com/money-lender-for-your-loan-needs" "Mozilla/5.0 (Windows NT 10.0; Win64; x64) AppleWebKit/537.36 (KHTML, like Gecko) Chrome/42.0.2311.135 Safari/537.36 Edge/12.10240"
195.47.238.177 - - [03/Apr/2025:19:15:58 -0400] "POST /wp-comments-post.php HTTP/1.1" 302 0 "https://grimslut.com/wp-comments-post.php" "Mozilla/5.0 (Windows NT 10.0; Win64; x64) AppleWebKit/537.36 (KHTML, like Gecko) Chrome/42.0.2311.135 Safari/537.36 Edge/12.10240"
195.47.238.177 - - [03/Apr/2025:19:15:59 -0400] "GET /money-lender-for-your-loan-needs/ HTTP/1.1" 200 15512 "https://grimslut.com/wp-comments-post.php" "Mozilla/5.0 (Windows NT 10.0; Win64; x64) AppleWebKit/537.36 (KHTML, like Gecko) Chrome/42.0.2311.135 Safari/537.36 Edge/12.10240"
195.47.238.177 - - [03/Apr/2025:19:16:01 -0400] "GET /northern-pharma-a-leader-in-pharmaceutical-innovation HTTP/1.1" 301 0 "https://grimslut.com/northern-pharma-a-leader-in-pharmaceutical-innovation" "Mozilla/5.0 (Windows NT 10.0; Win64; x64) AppleWebKit/537.36 (KHTML, like Gecko) Chrome/42.0.2311.135 Safari/537.36 Edge/12.10240"
195.47.238.177 - - [03/Apr/2025:19:16:01 -0400] "GET /northern-pharma-a-leader-in-pharmaceutical-innovation/ HTTP/1.1" 200 15826 "https://grimslut.com/northern-pharma-a-leader-in-pharmaceutical-innovation" "Mozilla/5.0 (Windows NT 10.0; Win64; x64) AppleWebKit/537.36 (KHTML, like Gecko) Chrome/42.0.2311.135 Safari/537.36 Edge/12.10240"
195.47.238.177 - - [03/Apr/2025:19:16:03 -0400] "POST /wp-comments-post.php HTTP/1.1" 429 983 "https://grimslut.com/wp-comments-post.php" "Mozilla/5.0 (Windows NT 10.0; Win64; x64) AppleWebKit/537.36 (KHTML, like Gecko) Chrome/42.0.2311.135 Safari/537.36 Edge/12.10240"
195.47.238.177 - - [03/Apr/2025:19:16:04 -0400] "GET /northern-pharmas-commitment-to-innovation HTTP/1.1" 301 0 "https://grimslut.com/northern-pharmas-commitment-to-innovation" "Mozilla/5.0 (Windows NT 10.0; Win64; x64) AppleWebKit/537.36 (KHTML, like Gecko) Chrome/42.0.2311.135 Safari/537.36 Edge/12.10240"
195.47.238.177 - - [03/Apr/2025:19:16:05 -0400] "GET /northern-pharmas-commitment-to-innovation/ HTTP/1.1" 200 15854 "https://grimslut.com/northern-pharmas-commitment-to-innovation" "Mozilla/5.0 (Windows NT 10.0; Win64; x64) AppleWebKit/537.36 (KHTML, like Gecko) Chrome/42.0.2311.135 Safari/537.36 Edge/12.10240"
185.207.107.130 - - [03/Apr/2025:19:16:06 -0400] "POST /wp-comments-post.php HTTP/1.1" 429 983 "https://grimslut.com/wp-comments-post.php" "Mozilla/5.0 (Windows NT 10.0; Win64; x64) AppleWebKit/537.36 (KHTML, like Gecko) Chrome/42.0.2311.135 Safari/537.36 Edge/12.10240"
185.207.107.130 - - [03/Apr/2025:19:16:09 -0400] "GET /outdoor-event-games-that-will-bring-everyone-together HTTP/1.1" 301 0 "https://grimslut.com/outdoor-event-games-that-will-bring-everyone-together" "Mozilla/5.0 (Windows NT 10.0; Win64; x64) AppleWebKit/537.36 (KHTML, like Gecko) Chrome/42.0.2311.135 Safari/537.36 Edge/12.10240"
185.207.107.130 - - [03/Apr/2025:19:16:09 -0400] "GET /outdoor-event-games-that-will-bring-everyone-together/ HTTP/1.1" 200 16121 "https://grimslut.com/outdoor-event-games-that-will-bring-everyone-together" "Mozilla/5.0 (Windows NT 10.0; Win64; x64) AppleWebKit/537.36 (KHTML, like Gecko) Chrome/42.0.2311.135 Safari/537.36 Edge/12.10240"
185.207.107.130 - - [03/Apr/2025:19:16:11 -0400] "POST /wp-comments-post.php HTTP/1.1" 429 983 "https://grimslut.com/wp-comments-post.php" "Mozilla/5.0 (Windows NT 10.0; Win64; x64) AppleWebKit/537.36 (KHTML, like Gecko) Chrome/42.0.2311.135 Safari/537.36 Edge/12.10240"
198.54.114.83 - - [03/Apr/2025:19:16:16 -0400] "POST /wp-cron.php?doing_wp_cron=1743722176.4124190807342529296875 HTTP/1.1" 200 0 "-" "WordPress/6.7.2; https://grimslut.com"
185.207.107.130 - - [03/Apr/2025:19:16:15 -0400] "GET /page/2 HTTP/1.1" 301 0 "https://grimslut.com/page/2" "Mozilla/5.0 (Windows NT 10.0; Win64; x64) AppleWebKit/537.36 (KHTML, like Gecko) Chrome/42.0.2311.135 Safari/537.36 Edge/12.10240"
198.54.114.83 - - [03/Apr/2025:19:16:17 -0400] "POST /wp-admin/admin-ajax.php?action=async_litespeed&nonce=xWKIUO5SDya67pL7FSBKZaQEipAmpBHr&litespeed_type=imgoptm HTTP/1.1" 200 5 "-" "WordPress/6.7.2; https://grimslut.com"
185.207.107.130 - - [03/Apr/2025:19:16:17 -0400] "GET /page/2/ HTTP/1.1" 200 21778 "https://grimslut.com/page/2" "Mozilla/5.0 (Windows NT 10.0; Win64; x64) AppleWebKit/537.36 (KHTML, like Gecko) Chrome/42.0.2311.135 Safari/537.36 Edge/12.10240"
185.107.57.64 - - [03/Apr/2025:19:16:22 -0400] "GET /page/3 HTTP/1.1" 301 0 "https://grimslut.com/page/3" "Mozilla/5.0 (Windows NT 10.0; Win64; x64) AppleWebKit/537.36 (KHTML, like Gecko) Chrome/42.0.2311.135 Safari/537.36 Edge/12.10240"
185.107.57.64 - - [03/Apr/2025:19:16:22 -0400] "GET /page/3/ HTTP/1.1" 200 21727 "https://grimslut.com/page/3" "Mozilla/5.0 (Windows NT 10.0; Win64; x64) AppleWebKit/537.36 (KHTML, like Gecko) Chrome/42.0.2311.135 Safari/537.36 Edge/12.10240"
185.107.57.64 - - [03/Apr/2025:19:16:24 -0400] "GET /page/31 HTTP/1.1" 301 0 "https://grimslut.com/page/31" "Mozilla/5.0 (Windows NT 10.0; Win64; x64) AppleWebKit/537.36 (KHTML, like Gecko) Chrome/42.0.2311.135 Safari/537.36 Edge/12.10240"
185.107.57.64 - - [03/Apr/2025:19:16:25 -0400] "GET /page/31/ HTTP/1.1" 200 20678 "https://grimslut.com/page/31" "Mozilla/5.0 (Windows NT 10.0; Win64; x64) AppleWebKit/537.36 (KHTML, like Gecko) Chrome/42.0.2311.135 Safari/537.36 Edge/12.10240"
185.107.57.64 - - [03/Apr/2025:19:16:28 -0400] "GET /perfekte-gitarrenstunden-in-dusseldorf-fur-alle-niveaus HTTP/1.1" 301 0 "https://grimslut.com/perfekte-gitarrenstunden-in-dusseldorf-fur-alle-niveaus" "Mozilla/5.0 (Windows NT 10.0; Win64; x64) AppleWebKit/537.36 (KHTML, like Gecko) Chrome/42.0.2311.135 Safari/537.36 Edge/12.10240"
185.107.57.64 - - [03/Apr/2025:19:16:29 -0400] "GET /perfekte-gitarrenstunden-in-dusseldorf-fur-alle-niveaus/ HTTP/1.1" 200 15703 "https://grimslut.com/perfekte-gitarrenstunden-in-dusseldorf-fur-alle-niveaus" "Mozilla/5.0 (Windows NT 10.0; Win64; x64) AppleWebKit/537.36 (KHTML, like Gecko) Chrome/42.0.2311.135 Safari/537.36 Edge/12.10240"
185.220.100.254 - - [03/Apr/2025:19:16:31 -0400] "POST /wp-comments-post.php HTTP/1.1" 302 0 "https://grimslut.com/wp-comments-post.php" "Mozilla/5.0 (Windows NT 10.0; Win64; x64) AppleWebKit/537.36 (KHTML, like Gecko) Chrome/42.0.2311.135 Safari/537.36 Edge/12.10240"
185.220.100.254 - - [03/Apr/2025:19:16:33 -0400] "GET /perfekte-gitarrenstunden-in-dusseldorf-fur-alle-niveaus/ HTTP/1.1" 200 15703 "https://grimslut.com/wp-comments-post.php" "Mozilla/5.0 (Windows NT 10.0; Win64; x64) AppleWebKit/537.36 (KHTML, like Gecko) Chrome/42.0.2311.135 Safari/537.36 Edge/12.10240"
192.42.116.214 - - [03/Apr/2025:19:16:35 -0400] "GET /premier-fertility-care-at-new-hope-ivf-dubai HTTP/1.1" 301 0 "https://grimslut.com/premier-fertility-care-at-new-hope-ivf-dubai" "Mozilla/5.0 (Windows NT 10.0; Win64; x64) AppleWebKit/537.36 (KHTML, like Gecko) Chrome/42.0.2311.135 Safari/537.36 Edge/12.10240"
192.42.116.214 - - [03/Apr/2025:19:16:36 -0400] "GET /premier-fertility-care-at-new-hope-ivf-dubai/ HTTP/1.1" 200 15662 "https://grimslut.com/premier-fertility-care-at-new-hope-ivf-dubai" "Mozilla/5.0 (Windows NT 10.0; Win64; x64) AppleWebKit/537.36 (KHTML, like Gecko) Chrome/42.0.2311.135 Safari/537.36 Edge/12.10240"
192.42.116.214 - - [03/Apr/2025:19:16:37 -0400] "POST /wp-comments-post.php HTTP/1.1" 429 983 "https://grimslut.com/wp-comments-post.php" "Mozilla/5.0 (Windows NT 10.0; Win64; x64) AppleWebKit/537.36 (KHTML, like Gecko) Chrome/42.0.2311.135 Safari/537.36 Edge/12.10240"
192.42.116.214 - - [03/Apr/2025:19:16:38 -0400] "GET /realtor-virtual-receptionist-revolutionizing-client-communication HTTP/1.1" 301 0 "https://grimslut.com/realtor-virtual-receptionist-revolutionizing-client-communication" "Mozilla/5.0 (Windows NT 10.0; Win64; x64) AppleWebKit/537.36 (KHTML, like Gecko) Chrome/42.0.2311.135 Safari/537.36 Edge/12.10240"
192.42.116.214 - - [03/Apr/2025:19:16:39 -0400] "GET /realtor-virtual-receptionist-revolutionizing-client-communication/ HTTP/1.1" 200 15574 "https://grimslut.com/realtor-virtual-receptionist-revolutionizing-client-communication" "Mozilla/5.0 (Windows NT 10.0; Win64; x64) AppleWebKit/537.36 (KHTML, like Gecko) Chrome/42.0.2311.135 Safari/537.36 Edge/12.10240"
192.42.116.214 - - [03/Apr/2025:19:16:41 -0400] "POST /wp-comments-post.php HTTP/1.1" 429 983 "https://grimslut.com/wp-comments-post.php" "Mozilla/5.0 (Windows NT 10.0; Win64; x64) AppleWebKit/537.36 (KHTML, like Gecko) Chrome/42.0.2311.135 Safari/537.36 Edge/12.10240"
192.42.116.214 - - [03/Apr/2025:19:16:42 -0400] "GET /rechtsanwalt-hattingen-ihre-kompetente-juristische-unterstutzung HTTP/1.1" 301 0 "https://grimslut.com/rechtsanwalt-hattingen-ihre-kompetente-juristische-unterstutzung" "Mozilla/5.0 (Windows NT 10.0; Win64; x64) AppleWebKit/537.36 (KHTML, like Gecko) Chrome/42.0.2311.135 Safari/537.36 Edge/12.10240"
192.42.116.214 - - [03/Apr/2025:19:16:43 -0400] "GET /rechtsanwalt-hattingen-ihre-kompetente-juristische-unterstutzung/ HTTP/1.1" 200 15527 "https://grimslut.com/rechtsanwalt-hattingen-ihre-kompetente-juristische-unterstutzung" "Mozilla/5.0 (Windows NT 10.0; Win64; x64) AppleWebKit/537.36 (KHTML, like Gecko) Chrome/42.0.2311.135 Safari/537.36 Edge/12.10240"
192.42.116.214 - - [03/Apr/2025:19:16:45 -0400] "POST /wp-comments-post.php HTTP/1.1" 429 983 "https://grimslut.com/wp-comments-post.php" "Mozilla/5.0 (Windows NT 10.0; Win64; x64) AppleWebKit/537.36 (KHTML, like Gecko) Chrome/42.0.2311.135 Safari/537.36 Edge/12.10240"
88.80.26.2 - - [03/Apr/2025:19:16:46 -0400] "GET /rejuvenate-and-revitalize HTTP/1.1" 301 0 "https://grimslut.com/rejuvenate-and-revitalize" "Mozilla/5.0 (Windows NT 10.0; Win64; x64) AppleWebKit/537.36 (KHTML, like Gecko) Chrome/42.0.2311.135 Safari/537.36 Edge/12.10240"
88.80.26.2 - - [03/Apr/2025:19:16:47 -0400] "GET /rejuvenate-and-revitalize/ HTTP/1.1" 200 15387 "https://grimslut.com/rejuvenate-and-revitalize" "Mozilla/5.0 (Windows NT 10.0; Win64; x64) AppleWebKit/537.36 (KHTML, like Gecko) Chrome/42.0.2311.135 Safari/537.36 Edge/12.10240"
88.80.26.2 - - [03/Apr/2025:19:16:49 -0400] "POST /wp-comments-post.php HTTP/1.1" 302 0 "https://grimslut.com/wp-comments-post.php" "Mozilla/5.0 (Windows NT 10.0; Win64; x64) AppleWebKit/537.36 (KHTML, like Gecko) Chrome/42.0.2311.135 Safari/537.36 Edge/12.10240"
88.80.26.2 - - [03/Apr/2025:19:16:50 -0400] "GET /rejuvenate-and-revitalize/ HTTP/1.1" 200 15387 "https://grimslut.com/wp-comments-post.php" "Mozilla/5.0 (Windows NT 10.0; Win64; x64) AppleWebKit/537.36 (KHTML, like Gecko) Chrome/42.0.2311.135 Safari/537.36 Edge/12.10240"
88.80.26.2 - - [03/Apr/2025:19:16:52 -0400] "GET /retro-bowl-a-nostalgic-sports-game-revolution HTTP/1.1" 301 0 "https://grimslut.com/retro-bowl-a-nostalgic-sports-game-revolution" "Mozilla/5.0 (Windows NT 10.0; Win64; x64) AppleWebKit/537.36 (KHTML, like Gecko) Chrome/42.0.2311.135 Safari/537.36 Edge/12.10240"
88.80.26.2 - - [03/Apr/2025:19:16:52 -0400] "GET /retro-bowl-a-nostalgic-sports-game-revolution/ HTTP/1.1" 200 15527 "https://grimslut.com/retro-bowl-a-nostalgic-sports-game-revolution" "Mozilla/5.0 (Windows NT 10.0; Win64; x64) AppleWebKit/537.36 (KHTML, like Gecko) Chrome/42.0.2311.135 Safari/537.36 Edge/12.10240"
88.80.26.2 - - [03/Apr/2025:19:16:54 -0400] "POST /wp-comments-post.php HTTP/1.1" 429 983 "https://grimslut.com/wp-comments-post.php" "Mozilla/5.0 (Windows NT 10.0; Win64; x64) AppleWebKit/537.36 (KHTML, like Gecko) Chrome/42.0.2311.135 Safari/537.36 Edge/12.10240"
45.84.107.76 - - [03/Apr/2025:19:16:55 -0400] "GET /retro-bowl-unblocked HTTP/1.1" 301 0 "https://grimslut.com/retro-bowl-unblocked" "Mozilla/5.0 (Windows NT 10.0; Win64; x64) AppleWebKit/537.36 (KHTML, like Gecko) Chrome/42.0.2311.135 Safari/537.36 Edge/12.10240"
45.84.107.76 - - [03/Apr/2025:19:16:56 -0400] "GET /retro-bowl-unblocked/ HTTP/1.1" 200 14736 "https://grimslut.com/retro-bowl-unblocked" "Mozilla/5.0 (Windows NT 10.0; Win64; x64) AppleWebKit/537.36 (KHTML, like Gecko) Chrome/42.0.2311.135 Safari/537.36 Edge/12.10240"
45.84.107.76 - - [03/Apr/2025:19:16:57 -0400] "POST /wp-comments-post.php HTTP/1.1" 429 983 "https://grimslut.com/wp-comments-post.php" "Mozilla/5.0 (Windows NT 10.0; Win64; x64) AppleWebKit/537.36 (KHTML, like Gecko) Chrome/42.0.2311.135 Safari/537.36 Edge/12.10240"
45.84.107.76 - - [03/Apr/2025:19:16:59 -0400] "GET /revamp-your-space-with-professional-bathroom-renovations-in-western-suburbs-melbourne HTTP/1.1" 301 0 "https://grimslut.com/revamp-your-space-with-professional-bathroom-renovations-in-western-suburbs-melbourne" "Mozilla/5.0 (Windows NT 10.0; Win64; x64) AppleWebKit/537.36 (KHTML, like Gecko) Chrome/42.0.2311.135 Safari/537.36 Edge/12.10240"
45.84.107.76 - - [03/Apr/2025:19:16:59 -0400] "GET /revamp-your-space-with-professional-bathroom-renovations-in-western-suburbs-melbourne/ HTTP/1.1" 200 16117 "https://grimslut.com/revamp-your-space-with-professional-bathroom-renovations-in-western-suburbs-melbourne" "Mozilla/5.0 (Windows NT 10.0; Win64; x64) AppleWebKit/537.36 (KHTML, like Gecko) Chrome/42.0.2311.135 Safari/537.36 Edge/12.10240"
45.84.107.76 - - [03/Apr/2025:19:17:00 -0400] "POST /wp-comments-post.php HTTP/1.1" 429 983 "https://grimslut.com/wp-comments-post.php" "Mozilla/5.0 (Windows NT 10.0; Win64; x64) AppleWebKit/537.36 (KHTML, like Gecko) Chrome/42.0.2311.135 Safari/537.36 Edge/12.10240"
45.84.107.76 - - [03/Apr/2025:19:17:02 -0400] "GET /safety-and-fair-play-in-the-digital-realm HTTP/1.1" 301 0 "https://grimslut.com/safety-and-fair-play-in-the-digital-realm" "Mozilla/5.0 (Windows NT 10.0; Win64; x64) AppleWebKit/537.36 (KHTML, like Gecko) Chrome/42.0.2311.135 Safari/537.36 Edge/12.10240"
45.84.107.76 - - [03/Apr/2025:19:17:03 -0400] "GET /safety-and-fair-play-in-the-digital-realm/ HTTP/1.1" 200 15281 "https://grimslut.com/safety-and-fair-play-in-the-digital-realm" "Mozilla/5.0 (Windows NT 10.0; Win64; x64) AppleWebKit/537.36 (KHTML, like Gecko) Chrome/42.0.2311.135 Safari/537.36 Edge/12.10240"
45.84.107.76 - - [03/Apr/2025:19:17:05 -0400] "POST /wp-comments-post.php HTTP/1.1" 302 0 "https://grimslut.com/wp-comments-post.php" "Mozilla/5.0 (Windows NT 10.0; Win64; x64) AppleWebKit/537.36 (KHTML, like Gecko) Chrome/42.0.2311.135 Safari/537.36 Edge/12.10240"
45.84.107.76 - - [03/Apr/2025:19:17:07 -0400] "GET /safety-and-fair-play-in-the-digital-realm/ HTTP/1.1" 200 15281 "https://grimslut.com/wp-comments-post.php" "Mozilla/5.0 (Windows NT 10.0; Win64; x64) AppleWebKit/537.36 (KHTML, like Gecko) Chrome/42.0.2311.135 Safari/537.36 Edge/12.10240"
45.84.107.198 - - [03/Apr/2025:19:17:09 -0400] "GET /sea-shell-necklace HTTP/1.1" 301 0 "https://grimslut.com/sea-shell-necklace" "Mozilla/5.0 (Windows NT 10.0; Win64; x64) AppleWebKit/537.36 (KHTML, like Gecko) Chrome/42.0.2311.135 Safari/537.36 Edge/12.10240"
45.84.107.198 - - [03/Apr/2025:19:17:10 -0400] "GET /sea-shell-necklace/ HTTP/1.1" 200 15051 "https://grimslut.com/sea-shell-necklace" "Mozilla/5.0 (Windows NT 10.0; Win64; x64) AppleWebKit/537.36 (KHTML, like Gecko) Chrome/42.0.2311.135 Safari/537.36 Edge/12.10240"
198.54.114.83 - - [03/Apr/2025:19:17:13 -0400] "POST /wp-cron.php?doing_wp_cron=1743722232.7706639766693115234375 HTTP/1.1" 200 0 "-" "WordPress/6.7.2; https://grimslut.com"
45.84.107.198 - - [03/Apr/2025:19:17:11 -0400] "POST /wp-comments-post.php HTTP/1.1" 429 983 "https://grimslut.com/wp-comments-post.php" "Mozilla/5.0 (Windows NT 10.0; Win64; x64) AppleWebKit/537.36 (KHTML, like Gecko) Chrome/42.0.2311.135 Safari/537.36 Edge/12.10240"
198.54.114.83 - - [03/Apr/2025:19:17:13 -0400] "POST /wp-admin/admin-ajax.php?action=async_litespeed&nonce=1WM2lj68YMdIoagJ4gMuXHyx5T6XDZTb&litespeed_type=imgoptm HTTP/1.1" 200 5 "-" "WordPress/6.7.2; https://grimslut.com"
45.84.107.198 - - [03/Apr/2025:19:17:15 -0400] "GET /steroids-and-their-impact-on-health HTTP/1.1" 301 0 "https://grimslut.com/steroids-and-their-impact-on-health" "Mozilla/5.0 (Windows NT 10.0; Win64; x64) AppleWebKit/537.36 (KHTML, like Gecko) Chrome/42.0.2311.135 Safari/537.36 Edge/12.10240"
45.84.107.198 - - [03/Apr/2025:19:17:16 -0400] "GET /steroids-and-their-impact-on-health/ HTTP/1.1" 200 15501 "https://grimslut.com/steroids-and-their-impact-on-health" "Mozilla/5.0 (Windows NT 10.0; Win64; x64) AppleWebKit/537.36 (KHTML, like Gecko) Chrome/42.0.2311.135 Safari/537.36 Edge/12.10240"
185.247.184.105 - - [03/Apr/2025:19:17:18 -0400] "POST /wp-comments-post.php HTTP/1.1" 429 983 "https://grimslut.com/wp-comments-post.php" "Mozilla/5.0 (Windows NT 10.0; Win64; x64) AppleWebKit/537.36 (KHTML, like Gecko) Chrome/42.0.2311.135 Safari/537.36 Edge/12.10240"
185.247.184.105 - - [03/Apr/2025:19:17:20 -0400] "GET /stressfrei-und-effizient HTTP/1.1" 301 0 "https://grimslut.com/stressfrei-und-effizient" "Mozilla/5.0 (Windows NT 10.0; Win64; x64) AppleWebKit/537.36 (KHTML, like Gecko) Chrome/42.0.2311.135 Safari/537.36 Edge/12.10240"
185.247.184.105 - - [03/Apr/2025:19:17:21 -0400] "GET /stressfrei-und-effizient/ HTTP/1.1" 200 15521 "https://grimslut.com/stressfrei-und-effizient" "Mozilla/5.0 (Windows NT 10.0; Win64; x64) AppleWebKit/537.36 (KHTML, like Gecko) Chrome/42.0.2311.135 Safari/537.36 Edge/12.10240"
185.247.184.105 - - [03/Apr/2025:19:17:23 -0400] "POST /wp-comments-post.php HTTP/1.1" 302 0 "https://grimslut.com/wp-comments-post.php" "Mozilla/5.0 (Windows NT 10.0; Win64; x64) AppleWebKit/537.36 (KHTML, like Gecko) Chrome/42.0.2311.135 Safari/537.36 Edge/12.10240"
185.247.184.105 - - [03/Apr/2025:19:17:24 -0400] "GET /stressfrei-und-effizient/ HTTP/1.1" 200 15521 "https://grimslut.com/wp-comments-post.php" "Mozilla/5.0 (Windows NT 10.0; Win64; x64) AppleWebKit/537.36 (KHTML, like Gecko) Chrome/42.0.2311.135 Safari/537.36 Edge/12.10240"
185.247.184.105 - - [03/Apr/2025:19:17:25 -0400] "GET /suwon-business-trip-massage-services HTTP/1.1" 301 0 "https://grimslut.com/suwon-business-trip-massage-services" "Mozilla/5.0 (Windows NT 10.0; Win64; x64) AppleWebKit/537.36 (KHTML, like Gecko) Chrome/42.0.2311.135 Safari/537.36 Edge/12.10240"
185.247.184.105 - - [03/Apr/2025:19:17:26 -0400] "GET /suwon-business-trip-massage-services/ HTTP/1.1" 200 15380 "https://grimslut.com/suwon-business-trip-massage-services" "Mozilla/5.0 (Windows NT 10.0; Win64; x64) AppleWebKit/537.36 (KHTML, like Gecko) Chrome/42.0.2311.135 Safari/537.36 Edge/12.10240"
192.42.116.213 - - [03/Apr/2025:19:17:28 -0400] "POST /wp-comments-post.php HTTP/1.1" 429 983 "https://grimslut.com/wp-comments-post.php" "Mozilla/5.0 (Windows NT 10.0; Win64; x64) AppleWebKit/537.36 (KHTML, like Gecko) Chrome/42.0.2311.135 Safari/537.36 Edge/12.10240"
192.42.116.213 - - [03/Apr/2025:19:17:32 -0400] "GET /the-benefit-of-business-trip-massage HTTP/1.1" 301 0 "https://grimslut.com/the-benefit-of-business-trip-massage" "Mozilla/5.0 (Windows NT 10.0; Win64; x64) AppleWebKit/537.36 (KHTML, like Gecko) Chrome/42.0.2311.135 Safari/537.36 Edge/12.10240"
192.42.116.213 - - [03/Apr/2025:19:17:33 -0400] "GET /the-benefit-of-business-trip-massage/ HTTP/1.1" 200 15377 "https://grimslut.com/the-benefit-of-business-trip-massage" "Mozilla/5.0 (Windows NT 10.0; Win64; x64) AppleWebKit/537.36 (KHTML, like Gecko) Chrome/42.0.2311.135 Safari/537.36 Edge/12.10240"
192.42.116.178 - - [03/Apr/2025:19:17:38 -0400] "POST /wp-comments-post.php HTTP/1.1" 302 0 "https://grimslut.com/wp-comments-post.php" "Mozilla/5.0 (Windows NT 10.0; Win64; x64) AppleWebKit/537.36 (KHTML, like Gecko) Chrome/42.0.2311.135 Safari/537.36 Edge/12.10240"
192.42.116.178 - - [03/Apr/2025:19:17:40 -0400] "GET /the-benefit-of-business-trip-massage/ HTTP/1.1" 200 15377 "https://grimslut.com/wp-comments-post.php" "Mozilla/5.0 (Windows NT 10.0; Win64; x64) AppleWebKit/537.36 (KHTML, like Gecko) Chrome/42.0.2311.135 Safari/537.36 Edge/12.10240"
192.42.116.178 - - [03/Apr/2025:19:17:41 -0400] "GET /the-efficiency-and-versatility-of-china-portable-water-pumps HTTP/1.1" 301 0 "https://grimslut.com/the-efficiency-and-versatility-of-china-portable-water-pumps" "Mozilla/5.0 (Windows NT 10.0; Win64; x64) AppleWebKit/537.36 (KHTML, like Gecko) Chrome/42.0.2311.135 Safari/537.36 Edge/12.10240"
192.42.116.178 - - [03/Apr/2025:19:17:42 -0400] "GET /the-efficiency-and-versatility-of-china-portable-water-pumps/ HTTP/1.1" 200 15442 "https://grimslut.com/the-efficiency-and-versatility-of-china-portable-water-pumps" "Mozilla/5.0 (Windows NT 10.0; Win64; x64) AppleWebKit/537.36 (KHTML, like Gecko) Chrome/42.0.2311.135 Safari/537.36 Edge/12.10240"
192.42.116.178 - - [03/Apr/2025:19:17:43 -0400] "POST /wp-comments-post.php HTTP/1.1" 429 983 "https://grimslut.com/wp-comments-post.php" "Mozilla/5.0 (Windows NT 10.0; Win64; x64) AppleWebKit/537.36 (KHTML, like Gecko) Chrome/42.0.2311.135 Safari/537.36 Edge/12.10240"
192.42.116.178 - - [03/Apr/2025:19:17:45 -0400] "GET /the-importance-of-relaxation-during-business-trips HTTP/1.1" 301 0 "https://grimslut.com/the-importance-of-relaxation-during-business-trips" "Mozilla/5.0 (Windows NT 10.0; Win64; x64) AppleWebKit/537.36 (KHTML, like Gecko) Chrome/42.0.2311.135 Safari/537.36 Edge/12.10240"
192.42.116.178 - - [03/Apr/2025:19:17:46 -0400] "GET /the-importance-of-relaxation-during-business-trips/ HTTP/1.1" 200 15426 "https://grimslut.com/the-importance-of-relaxation-during-business-trips" "Mozilla/5.0 (Windows NT 10.0; Win64; x64) AppleWebKit/537.36 (KHTML, like Gecko) Chrome/42.0.2311.135 Safari/537.36 Edge/12.10240"
192.42.116.195 - - [03/Apr/2025:19:17:48 -0400] "POST /wp-comments-post.php HTTP/1.1" 429 983 "https://grimslut.com/wp-comments-post.php" "Mozilla/5.0 (Windows NT 10.0; Win64; x64) AppleWebKit/537.36 (KHTML, like Gecko) Chrome/42.0.2311.135 Safari/537.36 Edge/12.10240"
192.42.116.195 - - [03/Apr/2025:19:17:49 -0400] "GET /the-importance-of-small-amount-payments-in-todays-economy HTTP/1.1" 301 0 "https://grimslut.com/the-importance-of-small-amount-payments-in-todays-economy" "Mozilla/5.0 (Windows NT 10.0; Win64; x64) AppleWebKit/537.36 (KHTML, like Gecko) Chrome/42.0.2311.135 Safari/537.36 Edge/12.10240"
192.42.116.195 - - [03/Apr/2025:19:17:50 -0400] "GET /the-importance-of-small-amount-payments-in-todays-economy/ HTTP/1.1" 200 15379 "https://grimslut.com/the-importance-of-small-amount-payments-in-todays-economy" "Mozilla/5.0 (Windows NT 10.0; Win64; x64) AppleWebKit/537.36 (KHTML, like Gecko) Chrome/42.0.2311.135 Safari/537.36 Edge/12.10240"
192.42.116.195 - - [03/Apr/2025:19:17:51 -0400] "POST /wp-comments-post.php HTTP/1.1" 429 983 "https://grimslut.com/wp-comments-post.php" "Mozilla/5.0 (Windows NT 10.0; Win64; x64) AppleWebKit/537.36 (KHTML, like Gecko) Chrome/42.0.2311.135 Safari/537.36 Edge/12.10240"
192.42.116.195 - - [03/Apr/2025:19:17:53 -0400] "GET /the-importance-of-wellness-on-business-trips HTTP/1.1" 301 0 "https://grimslut.com/the-importance-of-wellness-on-business-trips" "Mozilla/5.0 (Windows NT 10.0; Win64; x64) AppleWebKit/537.36 (KHTML, like Gecko) Chrome/42.0.2311.135 Safari/537.36 Edge/12.10240"
192.42.116.195 - - [03/Apr/2025:19:17:53 -0400] "GET /the-importance-of-wellness-on-business-trips/ HTTP/1.1" 200 15403 "https://grimslut.com/the-importance-of-wellness-on-business-trips" "Mozilla/5.0 (Windows NT 10.0; Win64; x64) AppleWebKit/537.36 (KHTML, like Gecko) Chrome/42.0.2311.135 Safari/537.36 Edge/12.10240"
192.42.116.195 - - [03/Apr/2025:19:17:54 -0400] "POST /wp-comments-post.php HTTP/1.1" 302 0 "https://grimslut.com/wp-comments-post.php" "Mozilla/5.0 (Windows NT 10.0; Win64; x64) AppleWebKit/537.36 (KHTML, like Gecko) Chrome/42.0.2311.135 Safari/537.36 Edge/12.10240"
192.42.116.195 - - [03/Apr/2025:19:17:56 -0400] "GET /the-importance-of-wellness-on-business-trips/ HTTP/1.1" 200 15403 "https://grimslut.com/wp-comments-post.php" "Mozilla/5.0 (Windows NT 10.0; Win64; x64) AppleWebKit/537.36 (KHTML, like Gecko) Chrome/42.0.2311.135 Safari/537.36 Edge/12.10240"
193.218.118.38 - - [03/Apr/2025:19:17:57 -0400] "GET /the-instant-hot-and-cold-water-tap HTTP/1.1" 301 0 "https://grimslut.com/the-instant-hot-and-cold-water-tap" "Mozilla/5.0 (Windows NT 10.0; Win64; x64) AppleWebKit/537.36 (KHTML, like Gecko) Chrome/42.0.2311.135 Safari/537.36 Edge/12.10240"
193.218.118.38 - - [03/Apr/2025:19:17:58 -0400] "GET /the-instant-hot-and-cold-water-tap/ HTTP/1.1" 200 15424 "https://grimslut.com/the-instant-hot-and-cold-water-tap" "Mozilla/5.0 (Windows NT 10.0; Win64; x64) AppleWebKit/537.36 (KHTML, like Gecko) Chrome/42.0.2311.135 Safari/537.36 Edge/12.10240"
193.218.118.38 - - [03/Apr/2025:19:18:03 -0400] "POST /wp-comments-post.php HTTP/1.1" 429 983 "https://grimslut.com/wp-comments-post.php" "Mozilla/5.0 (Windows NT 10.0; Win64; x64) AppleWebKit/537.36 (KHTML, like Gecko) Chrome/42.0.2311.135 Safari/537.36 Edge/12.10240"
193.218.118.38 - - [03/Apr/2025:19:18:04 -0400] "GET /the-new-era-of-wedding-invitations-with-rsvp HTTP/1.1" 301 0 "https://grimslut.com/the-new-era-of-wedding-invitations-with-rsvp" "Mozilla/5.0 (Windows NT 10.0; Win64; x64) AppleWebKit/537.36 (KHTML, like Gecko) Chrome/42.0.2311.135 Safari/537.36 Edge/12.10240"
193.218.118.38 - - [03/Apr/2025:19:18:05 -0400] "GET /the-new-era-of-wedding-invitations-with-rsvp/ HTTP/1.1" 200 15823 "https://grimslut.com/the-new-era-of-wedding-invitations-with-rsvp" "Mozilla/5.0 (Windows NT 10.0; Win64; x64) AppleWebKit/537.36 (KHTML, like Gecko) Chrome/42.0.2311.135 Safari/537.36 Edge/12.10240"
193.218.118.38 - - [03/Apr/2025:19:18:06 -0400] "POST /wp-comments-post.php HTTP/1.1" 429 983 "https://grimslut.com/wp-comments-post.php" "Mozilla/5.0 (Windows NT 10.0; Win64; x64) AppleWebKit/537.36 (KHTML, like Gecko) Chrome/42.0.2311.135 Safari/537.36 Edge/12.10240"
193.218.118.38 - - [03/Apr/2025:19:18:08 -0400] "GET /the-perfect-escape-after-meetings HTTP/1.1" 301 0 "https://grimslut.com/the-perfect-escape-after-meetings" "Mozilla/5.0 (Windows NT 10.0; Win64; x64) AppleWebKit/537.36 (KHTML, like Gecko) Chrome/42.0.2311.135 Safari/537.36 Edge/12.10240"
193.218.118.38 - - [03/Apr/2025:19:18:08 -0400] "GET /the-perfect-escape-after-meetings/ HTTP/1.1" 200 15170 "https://grimslut.com/the-perfect-escape-after-meetings" "Mozilla/5.0 (Windows NT 10.0; Win64; x64) AppleWebKit/537.36 (KHTML, like Gecko) Chrome/42.0.2311.135 Safari/537.36 Edge/12.10240"
192.42.116.208 - - [03/Apr/2025:19:18:10 -0400] "POST /wp-comments-post.php HTTP/1.1" 302 0 "https://grimslut.com/wp-comments-post.php" "Mozilla/5.0 (Windows NT 10.0; Win64; x64) AppleWebKit/537.36 (KHTML, like Gecko) Chrome/42.0.2311.135 Safari/537.36 Edge/12.10240"
192.42.116.208 - - [03/Apr/2025:19:18:12 -0400] "GET /the-perfect-escape-after-meetings/ HTTP/1.1" 200 15170 "https://grimslut.com/wp-comments-post.php" "Mozilla/5.0 (Windows NT 10.0; Win64; x64) AppleWebKit/537.36 (KHTML, like Gecko) Chrome/42.0.2311.135 Safari/537.36 Edge/12.10240"
198.54.114.83 - - [03/Apr/2025:19:18:14 -0400] "POST /wp-cron.php?doing_wp_cron=1743722293.8387100696563720703125 HTTP/1.1" 200 0 "-" "WordPress/6.7.2; https://grimslut.com"
192.42.116.208 - - [03/Apr/2025:19:18:13 -0400] "GET /the-rise-of-digital-business-cards HTTP/1.1" 301 0 "https://grimslut.com/the-rise-of-digital-business-cards" "Mozilla/5.0 (Windows NT 10.0; Win64; x64) AppleWebKit/537.36 (KHTML, like Gecko) Chrome/42.0.2311.135 Safari/537.36 Edge/12.10240"
198.54.114.83 - - [03/Apr/2025:19:18:14 -0400] "POST /wp-admin/admin-ajax.php?action=async_litespeed&nonce=ElCvv3LJmVFqaX3Lbl1TbdGYwZyMlucN&litespeed_type=imgoptm HTTP/1.1" 200 5 "-" "WordPress/6.7.2; https://grimslut.com"
192.42.116.208 - - [03/Apr/2025:19:18:14 -0400] "GET /the-rise-of-digital-business-cards/ HTTP/1.1" 200 15337 "https://grimslut.com/the-rise-of-digital-business-cards" "Mozilla/5.0 (Windows NT 10.0; Win64; x64) AppleWebKit/537.36 (KHTML, like Gecko) Chrome/42.0.2311.135 Safari/537.36 Edge/12.10240"
192.42.116.208 - - [03/Apr/2025:19:18:16 -0400] "POST /wp-comments-post.php HTTP/1.1" 429 983 "https://grimslut.com/wp-comments-post.php" "Mozilla/5.0 (Windows NT 10.0; Win64; x64) AppleWebKit/537.36 (KHTML, like Gecko) Chrome/42.0.2311.135 Safari/537.36 Edge/12.10240"
192.42.116.208 - - [03/Apr/2025:19:18:18 -0400] "GET /the-truth-behind-steroids-and-their-impact-on-health HTTP/1.1" 301 0 "https://grimslut.com/the-truth-behind-steroids-and-their-impact-on-health" "Mozilla/5.0 (Windows NT 10.0; Win64; x64) AppleWebKit/537.36 (KHTML, like Gecko) Chrome/42.0.2311.135 Safari/537.36 Edge/12.10240"
192.42.116.208 - - [03/Apr/2025:19:18:19 -0400] "GET /the-truth-behind-steroids-and-their-impact-on-health/ HTTP/1.1" 200 15520 "https://grimslut.com/the-truth-behind-steroids-and-their-impact-on-health" "Mozilla/5.0 (Windows NT 10.0; Win64; x64) AppleWebKit/537.36 (KHTML, like Gecko) Chrome/42.0.2311.135 Safari/537.36 Edge/12.10240"
45.141.215.62 - - [03/Apr/2025:19:18:21 -0400] "POST /wp-comments-post.php HTTP/1.1" 429 983 "https://grimslut.com/wp-comments-post.php" "Mozilla/5.0 (Windows NT 10.0; Win64; x64) AppleWebKit/537.36 (KHTML, like Gecko) Chrome/42.0.2311.135 Safari/537.36 Edge/12.10240"
45.141.215.62 - - [03/Apr/2025:19:18:22 -0400] "GET /the-value-of-culture-gift-certificates HTTP/1.1" 301 0 "https://grimslut.com/the-value-of-culture-gift-certificates" "Mozilla/5.0 (Windows NT 10.0; Win64; x64) AppleWebKit/537.36 (KHTML, like Gecko) Chrome/42.0.2311.135 Safari/537.36 Edge/12.10240"
45.141.215.62 - - [03/Apr/2025:19:18:23 -0400] "GET /the-value-of-culture-gift-certificates/ HTTP/1.1" 200 15387 "https://grimslut.com/the-value-of-culture-gift-certificates" "Mozilla/5.0 (Windows NT 10.0; Win64; x64) AppleWebKit/537.36 (KHTML, like Gecko) Chrome/42.0.2311.135 Safari/537.36 Edge/12.10240"
45.141.215.62 - - [03/Apr/2025:19:18:25 -0400] "POST /wp-comments-post.php HTTP/1.1" 429 983 "https://grimslut.com/wp-comments-post.php" "Mozilla/5.0 (Windows NT 10.0; Win64; x64) AppleWebKit/537.36 (KHTML, like Gecko) Chrome/42.0.2311.135 Safari/537.36 Edge/12.10240"
45.141.215.62 - - [03/Apr/2025:19:18:26 -0400] "GET /thrills-of-video-slots-in-modern-casinos HTTP/1.1" 301 0 "https://grimslut.com/thrills-of-video-slots-in-modern-casinos" "Mozilla/5.0 (Windows NT 10.0; Win64; x64) AppleWebKit/537.36 (KHTML, like Gecko) Chrome/42.0.2311.135 Safari/537.36 Edge/12.10240"
45.141.215.62 - - [03/Apr/2025:19:18:26 -0400] "GET /thrills-of-video-slots-in-modern-casinos/ HTTP/1.1" 200 15552 "https://grimslut.com/thrills-of-video-slots-in-modern-casinos" "Mozilla/5.0 (Windows NT 10.0; Win64; x64) AppleWebKit/537.36 (KHTML, like Gecko) Chrome/42.0.2311.135 Safari/537.36 Edge/12.10240"
45.141.215.62 - - [03/Apr/2025:19:18:28 -0400] "POST /wp-comments-post.php HTTP/1.1" 302 0 "https://grimslut.com/wp-comments-post.php" "Mozilla/5.0 (Windows NT 10.0; Win64; x64) AppleWebKit/537.36 (KHTML, like Gecko) Chrome/42.0.2311.135 Safari/537.36 Edge/12.10240"
45.141.215.62 - - [03/Apr/2025:19:18:30 -0400] "GET /thrills-of-video-slots-in-modern-casinos/ HTTP/1.1" 200 15552 "https://grimslut.com/wp-comments-post.php" "Mozilla/5.0 (Windows NT 10.0; Win64; x64) AppleWebKit/537.36 (KHTML, like Gecko) Chrome/42.0.2311.135 Safari/537.36 Edge/12.10240"
185.220.100.241 - - [03/Apr/2025:19:18:32 -0400] "GET /top-craft-weed-choices-in-canada HTTP/1.1" 301 0 "https://grimslut.com/top-craft-weed-choices-in-canada" "Mozilla/5.0 (Windows NT 10.0; Win64; x64) AppleWebKit/537.36 (KHTML, like Gecko) Chrome/42.0.2311.135 Safari/537.36 Edge/12.10240"
185.220.100.241 - - [03/Apr/2025:19:18:33 -0400] "GET /top-craft-weed-choices-in-canada/ HTTP/1.1" 200 15613 "https://grimslut.com/top-craft-weed-choices-in-canada" "Mozilla/5.0 (Windows NT 10.0; Win64; x64) AppleWebKit/537.36 (KHTML, like Gecko) Chrome/42.0.2311.135 Safari/537.36 Edge/12.10240"
185.220.100.241 - - [03/Apr/2025:19:18:34 -0400] "POST /wp-comments-post.php HTTP/1.1" 429 983 "https://grimslut.com/wp-comments-post.php" "Mozilla/5.0 (Windows NT 10.0; Win64; x64) AppleWebKit/537.36 (KHTML, like Gecko) Chrome/42.0.2311.135 Safari/537.36 Edge/12.10240"
185.220.100.241 - - [03/Apr/2025:19:18:36 -0400] "GET /umzugsunternehmen-in-hamburg-fur-einen-stressfreien-umzug HTTP/1.1" 301 0 "https://grimslut.com/umzugsunternehmen-in-hamburg-fur-einen-stressfreien-umzug" "Mozilla/5.0 (Windows NT 10.0; Win64; x64) AppleWebKit/537.36 (KHTML, like Gecko) Chrome/42.0.2311.135 Safari/537.36 Edge/12.10240"
185.220.100.241 - - [03/Apr/2025:19:18:37 -0400] "GET /umzugsunternehmen-in-hamburg-fur-einen-stressfreien-umzug/ HTTP/1.1" 200 15683 "https://grimslut.com/umzugsunternehmen-in-hamburg-fur-einen-stressfreien-umzug" "Mozilla/5.0 (Windows NT 10.0; Win64; x64) AppleWebKit/537.36 (KHTML, like Gecko) Chrome/42.0.2311.135 Safari/537.36 Edge/12.10240"
185.220.100.241 - - [03/Apr/2025:19:18:39 -0400] "POST /wp-comments-post.php HTTP/1.1" 429 983 "https://grimslut.com/wp-comments-post.php" "Mozilla/5.0 (Windows NT 10.0; Win64; x64) AppleWebKit/537.36 (KHTML, like Gecko) Chrome/42.0.2311.135 Safari/537.36 Edge/12.10240"
185.220.100.251 - - [03/Apr/2025:19:18:42 -0400] "GET /umzugsunternehmen-in-hamburg-fur-stressfreie-umzuge HTTP/1.1" 301 0 "https://grimslut.com/umzugsunternehmen-in-hamburg-fur-stressfreie-umzuge" "Mozilla/5.0 (Windows NT 10.0; Win64; x64) AppleWebKit/537.36 (KHTML, like Gecko) Chrome/42.0.2311.135 Safari/537.36 Edge/12.10240"
185.220.100.251 - - [03/Apr/2025:19:18:43 -0400] "GET /umzugsunternehmen-in-hamburg-fur-stressfreie-umzuge/ HTTP/1.1" 200 16015 "https://grimslut.com/umzugsunternehmen-in-hamburg-fur-stressfreie-umzuge" "Mozilla/5.0 (Windows NT 10.0; Win64; x64) AppleWebKit/537.36 (KHTML, like Gecko) Chrome/42.0.2311.135 Safari/537.36 Edge/12.10240"
185.220.100.251 - - [03/Apr/2025:19:18:46 -0400] "POST /wp-comments-post.php HTTP/1.1" 302 0 "https://grimslut.com/wp-comments-post.php" "Mozilla/5.0 (Windows NT 10.0; Win64; x64) AppleWebKit/537.36 (KHTML, like Gecko) Chrome/42.0.2311.135 Safari/537.36 Edge/12.10240"
185.220.100.251 - - [03/Apr/2025:19:18:49 -0400] "GET /umzugsunternehmen-in-hamburg-fur-stressfreie-umzuge/ HTTP/1.1" 200 16015 "https://grimslut.com/wp-comments-post.php" "Mozilla/5.0 (Windows NT 10.0; Win64; x64) AppleWebKit/537.36 (KHTML, like Gecko) Chrome/42.0.2311.135 Safari/537.36 Edge/12.10240"
185.220.100.251 - - [03/Apr/2025:19:18:51 -0400] "GET /umzugsunternehmen-in-luneburg-ihr-partner-fur-einen-reibungslosen-umzug-2 HTTP/1.1" 301 0 "https://grimslut.com/umzugsunternehmen-in-luneburg-ihr-partner-fur-einen-reibungslosen-umzug-2" "Mozilla/5.0 (Windows NT 10.0; Win64; x64) AppleWebKit/537.36 (KHTML, like Gecko) Chrome/42.0.2311.135 Safari/537.36 Edge/12.10240"
185.220.100.251 - - [03/Apr/2025:19:18:52 -0400] "GET /umzugsunternehmen-in-luneburg-ihr-partner-fur-einen-reibungslosen-umzug-2/ HTTP/1.1" 200 15495 "https://grimslut.com/umzugsunternehmen-in-luneburg-ihr-partner-fur-einen-reibungslosen-umzug-2" "Mozilla/5.0 (Windows NT 10.0; Win64; x64) AppleWebKit/537.36 (KHTML, like Gecko) Chrome/42.0.2311.135 Safari/537.36 Edge/12.10240"
109.70.100.6 - - [03/Apr/2025:19:18:54 -0400] "POST /wp-comments-post.php HTTP/1.1" 429 983 "https://grimslut.com/wp-comments-post.php" "Mozilla/5.0 (Windows NT 10.0; Win64; x64) AppleWebKit/537.36 (KHTML, like Gecko) Chrome/42.0.2311.135 Safari/537.36 Edge/12.10240"
109.70.100.6 - - [03/Apr/2025:19:18:56 -0400] "GET /umzugsunternehmen-in-luneburg-ihr-partner-fur-einen-stressfreien-umzug-2 HTTP/1.1" 301 0 "https://grimslut.com/umzugsunternehmen-in-luneburg-ihr-partner-fur-einen-stressfreien-umzug-2" "Mozilla/5.0 (Windows NT 10.0; Win64; x64) AppleWebKit/537.36 (KHTML, like Gecko) Chrome/42.0.2311.135 Safari/537.36 Edge/12.10240"
109.70.100.6 - - [03/Apr/2025:19:18:57 -0400] "GET /umzugsunternehmen-in-luneburg-ihr-partner-fur-einen-stressfreien-umzug-2/ HTTP/1.1" 200 15621 "https://grimslut.com/umzugsunternehmen-in-luneburg-ihr-partner-fur-einen-stressfreien-umzug-2" "Mozilla/5.0 (Windows NT 10.0; Win64; x64) AppleWebKit/537.36 (KHTML, like Gecko) Chrome/42.0.2311.135 Safari/537.36 Edge/12.10240"
109.70.100.6 - - [03/Apr/2025:19:18:59 -0400] "POST /wp-comments-post.php HTTP/1.1" 429 983 "https://grimslut.com/wp-comments-post.php" "Mozilla/5.0 (Windows NT 10.0; Win64; x64) AppleWebKit/537.36 (KHTML, like Gecko) Chrome/42.0.2311.135 Safari/537.36 Edge/12.10240"
45.84.107.222 - - [03/Apr/2025:19:19:00 -0400] "GET /une-protection-innovante-pour-votre-cuisine-moderne HTTP/1.1" 301 0 "https://grimslut.com/une-protection-innovante-pour-votre-cuisine-moderne" "Mozilla/5.0 (Windows NT 10.0; Win64; x64) AppleWebKit/537.36 (KHTML, like Gecko) Chrome/42.0.2311.135 Safari/537.36 Edge/12.10240"
45.84.107.222 - - [03/Apr/2025:19:19:01 -0400] "GET /une-protection-innovante-pour-votre-cuisine-moderne/ HTTP/1.1" 200 15924 "https://grimslut.com/une-protection-innovante-pour-votre-cuisine-moderne" "Mozilla/5.0 (Windows NT 10.0; Win64; x64) AppleWebKit/537.36 (KHTML, like Gecko) Chrome/42.0.2311.135 Safari/537.36 Edge/12.10240"
185.220.101.22 - - [03/Apr/2025:19:19:03 -0400] "POST /wp-comments-post.php HTTP/1.1" 302 0 "https://grimslut.com/wp-comments-post.php" "Mozilla/5.0 (Windows NT 10.0; Win64; x64) AppleWebKit/537.36 (KHTML, like Gecko) Chrome/42.0.2311.135 Safari/537.36 Edge/12.10240"
185.220.101.22 - - [03/Apr/2025:19:19:04 -0400] "GET /une-protection-innovante-pour-votre-cuisine-moderne/ HTTP/1.1" 200 15924 "https://grimslut.com/wp-comments-post.php" "Mozilla/5.0 (Windows NT 10.0; Win64; x64) AppleWebKit/537.36 (KHTML, like Gecko) Chrome/42.0.2311.135 Safari/537.36 Edge/12.10240"
185.220.101.22 - - [03/Apr/2025:19:19:05 -0400] "GET /une-solution-efficace-pour-combattre-la-transpiration-excessive HTTP/1.1" 301 0 "https://grimslut.com/une-solution-efficace-pour-combattre-la-transpiration-excessive" "Mozilla/5.0 (Windows NT 10.0; Win64; x64) AppleWebKit/537.36 (KHTML, like Gecko) Chrome/42.0.2311.135 Safari/537.36 Edge/12.10240"
185.220.101.22 - - [03/Apr/2025:19:19:06 -0400] "GET /une-solution-efficace-pour-combattre-la-transpiration-excessive/ HTTP/1.1" 200 15604 "https://grimslut.com/une-solution-efficace-pour-combattre-la-transpiration-excessive" "Mozilla/5.0 (Windows NT 10.0; Win64; x64) AppleWebKit/537.36 (KHTML, like Gecko) Chrome/42.0.2311.135 Safari/537.36 Edge/12.10240"
185.220.100.243 - - [03/Apr/2025:19:19:08 -0400] "POST /wp-comments-post.php HTTP/1.1" 429 983 "https://grimslut.com/wp-comments-post.php" "Mozilla/5.0 (Windows NT 10.0; Win64; x64) AppleWebKit/537.36 (KHTML, like Gecko) Chrome/42.0.2311.135 Safari/537.36 Edge/12.10240"
185.220.100.243 - - [03/Apr/2025:19:19:09 -0400] "GET /une-solution-efficace-pour-controler-la-transpiration-excessive HTTP/1.1" 301 0 "https://grimslut.com/une-solution-efficace-pour-controler-la-transpiration-excessive" "Mozilla/5.0 (Windows NT 10.0; Win64; x64) AppleWebKit/537.36 (KHTML, like Gecko) Chrome/42.0.2311.135 Safari/537.36 Edge/12.10240"
185.220.100.243 - - [03/Apr/2025:19:19:09 -0400] "GET /une-solution-efficace-pour-controler-la-transpiration-excessive/ HTTP/1.1" 200 15603 "https://grimslut.com/une-solution-efficace-pour-controler-la-transpiration-excessive" "Mozilla/5.0 (Windows NT 10.0; Win64; x64) AppleWebKit/537.36 (KHTML, like Gecko) Chrome/42.0.2311.135 Safari/537.36 Edge/12.10240"
185.220.100.243 - - [03/Apr/2025:19:19:10 -0400] "POST /wp-comments-post.php HTTP/1.1" 429 983 "https://grimslut.com/wp-comments-post.php" "Mozilla/5.0 (Windows NT 10.0; Win64; x64) AppleWebKit/537.36 (KHTML, like Gecko) Chrome/42.0.2311.135 Safari/537.36 Edge/12.10240"
198.54.114.83 - - [03/Apr/2025:19:19:12 -0400] "POST /wp-cron.php?doing_wp_cron=1743722352.2793500423431396484375 HTTP/1.1" 200 0 "-" "WordPress/6.7.2; https://grimslut.com"
185.220.100.243 - - [03/Apr/2025:19:19:12 -0400] "GET /unlocking-creativity-and-experiences-with-the-cultureland-card HTTP/1.1" 301 0 "https://grimslut.com/unlocking-creativity-and-experiences-with-the-cultureland-card" "Mozilla/5.0 (Windows NT 10.0; Win64; x64) AppleWebKit/537.36 (KHTML, like Gecko) Chrome/42.0.2311.135 Safari/537.36 Edge/12.10240"
198.54.114.83 - - [03/Apr/2025:19:19:12 -0400] "POST /wp-admin/admin-ajax.php?action=async_litespeed&nonce=8jwFnpFbgWhAzsOgI7jT19aXk3hUA3hH&litespeed_type=imgoptm HTTP/1.1" 200 5 "-" "WordPress/6.7.2; https://grimslut.com"
185.220.100.243 - - [03/Apr/2025:19:19:12 -0400] "GET /unlocking-creativity-and-experiences-with-the-cultureland-card/ HTTP/1.1" 200 15426 "https://grimslut.com/unlocking-creativity-and-experiences-with-the-cultureland-card" "Mozilla/5.0 (Windows NT 10.0; Win64; x64) AppleWebKit/537.36 (KHTML, like Gecko) Chrome/42.0.2311.135 Safari/537.36 Edge/12.10240"
185.220.100.243 - - [03/Apr/2025:19:19:14 -0400] "POST /wp-comments-post.php HTTP/1.1" 429 983 "https://grimslut.com/wp-comments-post.php" "Mozilla/5.0 (Windows NT 10.0; Win64; x64) AppleWebKit/537.36 (KHTML, like Gecko) Chrome/42.0.2311.135 Safari/537.36 Edge/12.10240"
185.220.100.243 - - [03/Apr/2025:19:19:15 -0400] "GET /virtual-telephone-answering-service HTTP/1.1" 301 0 "https://grimslut.com/virtual-telephone-answering-service" "Mozilla/5.0 (Windows NT 10.0; Win64; x64) AppleWebKit/537.36 (KHTML, like Gecko) Chrome/42.0.2311.135 Safari/537.36 Edge/12.10240"
185.220.100.243 - - [03/Apr/2025:19:19:15 -0400] "GET /virtual-telephone-answering-service/ HTTP/1.1" 200 15655 "https://grimslut.com/virtual-telephone-answering-service" "Mozilla/5.0 (Windows NT 10.0; Win64; x64) AppleWebKit/537.36 (KHTML, like Gecko) Chrome/42.0.2311.135 Safari/537.36 Edge/12.10240"
185.220.100.243 - - [03/Apr/2025:19:19:17 -0400] "POST /wp-comments-post.php HTTP/1.1" 429 983 "https://grimslut.com/wp-comments-post.php" "Mozilla/5.0 (Windows NT 10.0; Win64; x64) AppleWebKit/537.36 (KHTML, like Gecko) Chrome/42.0.2311.135 Safari/537.36 Edge/12.10240"
185.220.100.243 - - [03/Apr/2025:19:19:18 -0400] "GET /vorteile-einer-erfahrenen-umzugsfirma-in-hamburg HTTP/1.1" 301 0 "https://grimslut.com/vorteile-einer-erfahrenen-umzugsfirma-in-hamburg" "Mozilla/5.0 (Windows NT 10.0; Win64; x64) AppleWebKit/537.36 (KHTML, like Gecko) Chrome/42.0.2311.135 Safari/537.36 Edge/12.10240"
185.220.100.243 - - [03/Apr/2025:19:19:19 -0400] "GET /vorteile-einer-erfahrenen-umzugsfirma-in-hamburg/ HTTP/1.1" 200 15499 "https://grimslut.com/vorteile-einer-erfahrenen-umzugsfirma-in-hamburg" "Mozilla/5.0 (Windows NT 10.0; Win64; x64) AppleWebKit/537.36 (KHTML, like Gecko) Chrome/42.0.2311.135 Safari/537.36 Edge/12.10240"
185.220.101.70 - - [03/Apr/2025:19:19:21 -0400] "POST /wp-comments-post.php HTTP/1.1" 302 0 "https://grimslut.com/wp-comments-post.php" "Mozilla/5.0 (Windows NT 10.0; Win64; x64) AppleWebKit/537.36 (KHTML, like Gecko) Chrome/42.0.2311.135 Safari/537.36 Edge/12.10240"
185.220.101.70 - - [03/Apr/2025:19:19:23 -0400] "GET /vorteile-einer-erfahrenen-umzugsfirma-in-hamburg/ HTTP/1.1" 200 15499 "https://grimslut.com/wp-comments-post.php" "Mozilla/5.0 (Windows NT 10.0; Win64; x64) AppleWebKit/537.36 (KHTML, like Gecko) Chrome/42.0.2311.135 Safari/537.36 Edge/12.10240"
185.220.101.70 - - [03/Apr/2025:19:19:24 -0400] "GET /why-every-business-traveler-should-consider-a-massage HTTP/1.1" 301 0 "https://grimslut.com/why-every-business-traveler-should-consider-a-massage" "Mozilla/5.0 (Windows NT 10.0; Win64; x64) AppleWebKit/537.36 (KHTML, like Gecko) Chrome/42.0.2311.135 Safari/537.36 Edge/12.10240"
185.220.101.70 - - [03/Apr/2025:19:19:24 -0400] "GET /why-every-business-traveler-should-consider-a-massage/ HTTP/1.1" 200 15752 "https://grimslut.com/why-every-business-traveler-should-consider-a-massage" "Mozilla/5.0 (Windows NT 10.0; Win64; x64) AppleWebKit/537.36 (KHTML, like Gecko) Chrome/42.0.2311.135 Safari/537.36 Edge/12.10240"
185.220.101.70 - - [03/Apr/2025:19:19:27 -0400] "POST /wp-comments-post.php HTTP/1.1" 429 983 "https://grimslut.com/wp-comments-post.php" "Mozilla/5.0 (Windows NT 10.0; Win64; x64) AppleWebKit/537.36 (KHTML, like Gecko) Chrome/42.0.2311.135 Safari/537.36 Edge/12.10240"
88.80.26.4 - - [03/Apr/2025:19:19:28 -0400] "GET /wp-json HTTP/1.1" 200 188068 "https://grimslut.com/wp-json" "Mozilla/5.0 (Windows NT 10.0; Win64; x64) AppleWebKit/537.36 (KHTML, like Gecko) Chrome/42.0.2311.135 Safari/537.36 Edge/12.10240"
88.80.26.4 - - [03/Apr/2025:19:19:30 -0400] "GET /xmlrpc.php?rsd HTTP/1.1" 200 292 "https://grimslut.com/xmlrpc.php?rsd" "Mozilla/5.0 (Windows NT 10.0; Win64; x64) AppleWebKit/537.36 (KHTML, like Gecko) Chrome/42.0.2311.135 Safari/537.36 Edge/12.10240"
88.80.26.4 - - [03/Apr/2025:19:19:31 -0400] "GET /zuverlassige-umzugsunternehmen-in-luneburg HTTP/1.1" 301 0 "https://grimslut.com/zuverlassige-umzugsunternehmen-in-luneburg" "Mozilla/5.0 (Windows NT 10.0; Win64; x64) AppleWebKit/537.36 (KHTML, like Gecko) Chrome/42.0.2311.135 Safari/537.36 Edge/12.10240"
88.80.26.4 - - [03/Apr/2025:19:19:31 -0400] "GET /zuverlassige-umzugsunternehmen-in-luneburg/ HTTP/1.1" 200 15935 "https://grimslut.com/zuverlassige-umzugsunternehmen-in-luneburg" "Mozilla/5.0 (Windows NT 10.0; Win64; x64) AppleWebKit/537.36 (KHTML, like Gecko) Chrome/42.0.2311.135 Safari/537.36 Edge/12.10240"
88.80.26.4 - - [03/Apr/2025:19:19:35 -0400] "POST /wp-comments-post.php HTTP/1.1" 429 983 "https://grimslut.com/wp-comments-post.php" "Mozilla/5.0 (Windows NT 10.0; Win64; x64) AppleWebKit/537.36 (KHTML, like Gecko) Chrome/42.0.2311.135 Safari/537.36 Edge/12.10240"
192.74.247.148 - - [03/Apr/2025:19:22:21 -0400] "GET / HTTP/1.1" 200 20851 "-" "Mozilla/5.0 (X11; Linux x86_64) AppleWebKit/537.36 (KHTML, like Gecko) Chrome/83.0.4103.7 Safari/537.36"
2a03:2880:30ff:74:: - - [03/Apr/2025:19:36:38 -0400] "GET /robots.txt HTTP/1.1" 200 61 "-" "facebookexternalhit/1.1 (+http://www.facebook.com/externalhit_uatext.php)"
198.98.49.67 - - [03/Apr/2025:19:43:26 -0400] "GET /wp-login.php HTTP/1.1" 200 1951 "-" "Mozilla/5.0 (Windows NT 6.1) AppleWebKit/537.36 (KHTML, like Gecko) Chrome/36.0.1985.143 Safari/537.36"
198.54.114.83 - - [03/Apr/2025:19:43:29 -0400] "POST /wp-cron.php?doing_wp_cron=1743723808.8600060939788818359375 HTTP/1.1" 200 0 "-" "WordPress/6.7.2; https://grimslut.com"
198.98.49.67 - - [03/Apr/2025:19:43:26 -0400] "POST /wp-login.php HTTP/1.1" 200 2086 "-" "Mozilla/5.0 (Windows NT 6.1) AppleWebKit/537.36 (KHTML, like Gecko) Chrome/36.0.1985.143 Safari/537.36"
198.54.114.83 - - [03/Apr/2025:19:43:29 -0400] "POST /wp-admin/admin-ajax.php?action=async_litespeed&nonce=dEsCkaH3K0tbLeIhhXN2sXujF0FRZa5F&litespeed_type=imgoptm HTTP/1.1" 200 5 "-" "WordPress/6.7.2; https://grimslut.com"
198.54.114.83 - - [03/Apr/2025:19:46:39 -0400] "POST /wp-cron.php?doing_wp_cron=1743723998.8235700130462646484375 HTTP/1.1" 200 0 "-" "WordPress/6.7.2; https://grimslut.com"
3.15.145.105 - - [03/Apr/2025:19:46:37 -0400] "GET /professionelle-umzugsservices-in-hamburg/feed HTTP/1.1" 301 0 "-" "Mozilla/5.0 AppleWebKit/537.36 (KHTML, like Gecko; compatible; ClaudeBot/1.0; +claudebot@anthropic.com)"
3.15.145.105 - - [03/Apr/2025:19:46:39 -0400] "GET /professionelle-umzugsservices-in-hamburg/feed/ HTTP/1.1" 200 394 "-" "Mozilla/5.0 AppleWebKit/537.36 (KHTML, like Gecko; compatible; ClaudeBot/1.0; +claudebot@anthropic.com)"
198.54.114.83 - - [03/Apr/2025:19:46:39 -0400] "POST /wp-admin/admin-ajax.php?action=async_litespeed&nonce=KF1TOGucC6gBDgvPPSXfd3P7vMxADw6r&litespeed_type=imgoptm HTTP/1.1" 200 5 "-" "WordPress/6.7.2; https://grimslut.com"
3.22.208.157 - - [03/Apr/2025:19:54:42 -0400] "GET /?p=314 HTTP/1.1" 301 0 "-" "Mozilla/5.0 AppleWebKit/537.36 (KHTML, like Gecko; compatible; ClaudeBot/1.0; +claudebot@anthropic.com)"
198.54.114.83 - - [03/Apr/2025:19:54:44 -0400] "POST /wp-cron.php?doing_wp_cron=1743724484.0279328823089599609375 HTTP/1.1" 200 0 "-" "WordPress/6.7.2; https://grimslut.com"
198.54.114.83 - - [03/Apr/2025:19:54:44 -0400] "POST /wp-cron.php?doing_wp_cron=1743724484.0302340984344482421875 HTTP/1.1" 200 0 "-" "WordPress/6.7.2; https://grimslut.com"
198.54.114.83 - - [03/Apr/2025:19:54:44 -0400] "POST /wp-cron.php?doing_wp_cron=1743724484.0287311077117919921875 HTTP/1.1" 200 0 "-" "WordPress/6.7.2; https://grimslut.com"
198.54.114.83 - - [03/Apr/2025:19:54:44 -0400] "POST /wp-cron.php?doing_wp_cron=1743724484.0287039279937744140625 HTTP/1.1" 200 0 "-" "WordPress/6.7.2; https://grimslut.com"
