198.54.114.83 - - [03/Apr/2025:08:46:53 -0400] "POST /wp-admin/admin-ajax.php?action=async_litespeed&nonce=owky0hXVcKaUa7cR7t6sd9Zzam8udCeW&litespeed_type=imgoptm HTTP/1.1" 200 0 "-" "WordPress/6.7.2; https://grimslut.com"
106.119.167.146 - - [03/Apr/2025:08:51:33 -0400] "GET / HTTP/1.1" 200 20851 "http://grimslut.com" "Mozilla/5.0 (iPhone; CPU iPhone OS 13_2_3 like Mac OS X) AppleWebKit/605.1.15 (KHTML, like Gecko) Version/13.0.3 Mobile/15E148 Safari/604.1"
198.54.114.83 - - [03/Apr/2025:08:56:55 -0400] "POST /wp-cron.php?doing_wp_cron=1743685015.4873709678649902343750 HTTP/1.1" 200 0 "-" "WordPress/6.7.2; https://grimslut.com"
47.82.13.233 - - [03/Apr/2025:08:56:53 -0400] "GET /category/home-improvement/ HTTP/1.1" 200 12174 "-" "Mozilla/5.0 (iPad; CPU OS 17_0_2 like Mac OS X) AppleWebKit/605.1.15 (KHTML, like Gecko) Version/17.0 Mobile/15E148 Safari/604.1"
198.54.114.83 - - [03/Apr/2025:08:56:57 -0400] "POST /wp-admin/admin-ajax.php?action=async_litespeed&nonce=JJTnEdpkw3Dfelp5PEXM8V4NxLDXNkq8&litespeed_type=imgoptm HTTP/1.1" 200 5 "-" "WordPress/6.7.2; https://grimslut.com"
43.135.133.194 - - [03/Apr/2025:09:06:16 -0400] "GET /erstklassiger-umzugsservice-in-luneburg/ HTTP/1.1" 200 15616 "-" "Mozilla/5.0 (iPhone; CPU iPhone OS 13_2_3 like Mac OS X) AppleWebKit/605.1.15 (KHTML, like Gecko) Version/13.0.3 Mobile/15E148 Safari/604.1"
198.54.114.83 - - [03/Apr/2025:09:14:26 -0400] "POST /wp-cron.php?doing_wp_cron=1743686065.3179199695587158203125 HTTP/1.1" 200 0 "-" "WordPress/6.7.2; https://grimslut.com"
170.9.235.232 - - [03/Apr/2025:09:14:21 -0400] "GET /media/system/js/core.js HTTP/1.1" 404 10270 "http://grimslut.com/media/system/js/core.js" "Mozilla/5.0 (Macintosh; Intel Mac OS X 10_10_1) AppleWebKit/537.36 (KHTML, like Gecko) Chrome/39.0.2171.95 Safari/537.36"
198.54.114.83 - - [03/Apr/2025:09:14:27 -0400] "POST /wp-admin/admin-ajax.php?action=async_litespeed&nonce=OjIiwE4pTMtfawvCNJmJl48zfSNWVVh1&litespeed_type=imgoptm HTTP/1.1" 200 0 "-" "WordPress/6.7.2; https://grimslut.com"
170.9.235.232 - - [03/Apr/2025:09:14:27 -0400] "GET /wp-includes/js/jquery/jquery.js HTTP/1.1" 200 81316 "http://grimslut.com/wp-includes/js/jquery/jquery.js" "Mozilla/5.0 (Macintosh; Intel Mac OS X 10_10_1) AppleWebKit/537.36 (KHTML, like Gecko) Chrome/39.0.2171.95 Safari/537.36"
66.249.79.232 - - [03/Apr/2025:09:14:32 -0400] "GET /category/sports/ HTTP/1.1" 200 12194 "-" "Mozilla/5.0 (Linux; Android 6.0.1; Nexus 5X Build/MMB29P) AppleWebKit/537.36 (KHTML, like Gecko) Chrome/134.0.6998.165 Mobile Safari/537.36 (compatible; Googlebot/2.1; +http://www.google.com/bot.html)"
170.106.35.187 - - [03/Apr/2025:09:15:26 -0400] "GET /wp-json/oembed/1.0/embed?url=https%3A%2F%2Fgrimslut.com%2Fhaushaltsauflosung-in-luneburg-effektiv-und-professionell%2F HTTP/1.1" 200 2336 "-" "Mozilla/5.0 (iPhone; CPU iPhone OS 13_2_3 like Mac OS X) AppleWebKit/605.1.15 (KHTML, like Gecko) Version/13.0.3 Mobile/15E148 Safari/604.1"
198.54.114.83 - - [03/Apr/2025:09:15:31 -0400] "POST /wp-cron.php?doing_wp_cron=1743686130.1697039604187011718750 HTTP/1.1" 200 0 "-" "WordPress/6.7.2; https://grimslut.com"
43.156.228.27 - - [03/Apr/2025:09:25:29 -0400] "GET /retro-bowl-a-nostalgic-sports-game-revolution/ HTTP/1.1" 200 15527 "-" "Mozilla/5.0 (iPhone; CPU iPhone OS 13_2_3 like Mac OS X) AppleWebKit/605.1.15 (KHTML, like Gecko) Version/13.0.3 Mobile/15E148 Safari/604.1"
45.157.54.87 - - [03/Apr/2025:09:26:55 -0400] "GET /wp-content/plugins/HelloDollyV2/hello_dolly_v2.php HTTP/1.1" 200 0 "-" "Mozilla/5.0 (Windows NT 10.0; Win64; x64) AppleWebKit/537.36 (KHTML, like Gecko) Chrome/127.0.0.0 Safari/537.36"
198.54.114.83 - - [03/Apr/2025:09:27:00 -0400] "POST /wp-cron.php?doing_wp_cron=1743686819.4270970821380615234375 HTTP/1.1" 200 0 "-" "WordPress/6.7.2; https://grimslut.com"
198.54.114.83 - - [03/Apr/2025:09:27:01 -0400] "POST /wp-admin/admin-ajax.php?action=async_litespeed&nonce=Dfvm14WsLKz6ua0cRo0ZEbJnaOZHDt3H&litespeed_type=imgoptm HTTP/1.1" 200 0 "-" "WordPress/6.7.2; https://grimslut.com"
198.54.114.83 - - [03/Apr/2025:09:35:48 -0400] "POST /wp-cron.php?doing_wp_cron=1743687347.6950829029083251953125 HTTP/1.1" 200 0 "-" "WordPress/6.7.2; https://grimslut.com"
43.135.135.57 - - [03/Apr/2025:09:35:45 -0400] "GET /the-new-era-of-wedding-invitations-with-rsvp/feed/ HTTP/1.1" 200 410 "-" "Mozilla/5.0 (iPhone; CPU iPhone OS 13_2_3 like Mac OS X) AppleWebKit/605.1.15 (KHTML, like Gecko) Version/13.0.3 Mobile/15E148 Safari/604.1"
199.195.249.51 - - [03/Apr/2025:09:36:48 -0400] "GET /wp-login.php HTTP/1.1" 200 1951 "-" "Mozilla/5.0 (Macintosh; Intel Mac OS X 10_9_4) AppleWebKit/537.36 (KHTML, like Gecko) Chrome/35.0.1916.153 Safari/537.36"
198.54.114.83 - - [03/Apr/2025:09:36:49 -0400] "POST /wp-cron.php?doing_wp_cron=1743687408.9184188842773437500000 HTTP/1.1" 200 0 "-" "WordPress/6.7.2; https://grimslut.com"
199.195.249.51 - - [03/Apr/2025:09:36:48 -0400] "POST /wp-login.php HTTP/1.1" 200 2086 "-" "Mozilla/5.0 (Macintosh; Intel Mac OS X 10_9_4) AppleWebKit/537.36 (KHTML, like Gecko) Chrome/35.0.1916.153 Safari/537.36"
198.54.114.83 - - [03/Apr/2025:09:36:49 -0400] "POST /wp-admin/admin-ajax.php?action=async_litespeed&nonce=p0YVdDLKYBqkpf43Dgu9utBghrmtDx2V&litespeed_type=imgoptm HTTP/1.1" 200 5 "-" "WordPress/6.7.2; https://grimslut.com"
18.221.239.67 - - [03/Apr/2025:09:43:00 -0400] "GET / HTTP/1.1" 200 20851 "-" "Mozilla/5.0 (Windows NT 10.0; Win64; x64) AppleWebKit/537.36 (KHTML, like Gecko) Chrome/90.0.4430.85 Safari/537.36"
198.54.114.83 - - [03/Apr/2025:09:43:03 -0400] "POST /wp-cron.php?doing_wp_cron=1743687783.6600680351257324218750 HTTP/1.1" 200 0 "-" "WordPress/6.7.2; https://grimslut.com"
18.221.239.67 - - [03/Apr/2025:09:43:00 -0400] "GET //wp-includes/wlwmanifest.xml HTTP/1.1" 301 0 "-" "Mozilla/5.0 (Windows NT 10.0; Win64; x64) AppleWebKit/537.36 (KHTML, like Gecko) Chrome/90.0.4430.85 Safari/537.36"
198.54.114.83 - - [03/Apr/2025:09:43:05 -0400] "POST /wp-admin/admin-ajax.php?action=async_litespeed&nonce=8w637FI2bAYywawEYkn3Wr9wDK4Tx0uW&litespeed_type=imgoptm HTTP/1.1" 200 0 "-" "WordPress/6.7.2; https://grimslut.com"
18.221.239.67 - - [03/Apr/2025:09:43:05 -0400] "GET / HTTP/1.1" 200 20851 "-" "Mozilla/5.0 (Windows NT 10.0; Win64; x64) AppleWebKit/537.36 (KHTML, like Gecko) Chrome/90.0.4430.85 Safari/537.36"
18.221.239.67 - - [03/Apr/2025:09:43:05 -0400] "GET //?author=1 HTTP/1.1" 301 0 "-" "Mozilla/5.0 (Windows NT 10.0; Win64; x64) AppleWebKit/537.36 (KHTML, like Gecko) Chrome/90.0.4430.85 Safari/537.36"
18.221.239.67 - - [03/Apr/2025:09:43:07 -0400] "GET //?author=2 HTTP/1.1" 301 0 "-" "Mozilla/5.0 (Windows NT 10.0; Win64; x64) AppleWebKit/537.36 (KHTML, like Gecko) Chrome/90.0.4430.85 Safari/537.36"
18.221.239.67 - - [03/Apr/2025:09:43:08 -0400] "GET //wp-json/wp/v2/users/ HTTP/1.1" 200 1236 "-" "Mozilla/5.0 (Windows NT 10.0; Win64; x64) AppleWebKit/537.36 (KHTML, like Gecko) Chrome/90.0.4430.85 Safari/537.36"
198.54.114.83 - - [03/Apr/2025:09:47:41 -0400] "POST /wp-cron.php?doing_wp_cron=1743688061.3684060573577880859375 HTTP/1.1" 200 0 "-" "WordPress/6.7.2; https://grimslut.com"
43.153.122.30 - - [03/Apr/2025:09:47:39 -0400] "GET /wp-json/wp/v2/categories/15 HTTP/1.1" 200 610 "-" "Mozilla/5.0 (iPhone; CPU iPhone OS 13_2_3 like Mac OS X) AppleWebKit/605.1.15 (KHTML, like Gecko) Version/13.0.3 Mobile/15E148 Safari/604.1"
198.54.114.83 - - [03/Apr/2025:09:47:42 -0400] "POST /wp-admin/admin-ajax.php?action=async_litespeed&nonce=yfnzF7Uo6KbAtuVjlJYb2rWIseyWhzid&litespeed_type=imgoptm HTTP/1.1" 200 5 "-" "WordPress/6.7.2; https://grimslut.com"
47.82.23.5 - - [03/Apr/2025:09:51:00 -0400] "GET /category/sports/ HTTP/1.1" 200 12194 "-" "Mozilla/5.0 (iPhone; CPU iPhone OS 17_2 like Mac OS X) AppleWebKit/605.1.15 (KHTML, like Gecko) EdgiOS/121.0.2277.99 Version/17.0 Mobile/15E148 Safari/604.1"
49.51.36.179 - - [03/Apr/2025:09:55:30 -0400] "GET /wp-comments-post.php HTTP/1.1" 405 0 "-" "Mozilla/5.0 (iPhone; CPU iPhone OS 13_2_3 like Mac OS X) AppleWebKit/605.1.15 (KHTML, like Gecko) Version/13.0.3 Mobile/15E148 Safari/604.1"
198.54.114.83 - - [03/Apr/2025:09:58:09 -0400] "POST /wp-cron.php?doing_wp_cron=1743688688.9629619121551513671875 HTTP/1.1" 200 0 "-" "WordPress/6.7.2; https://grimslut.com"
47.82.18.93 - - [03/Apr/2025:09:58:07 -0400] "GET /the-magic-of-rainbow-riches-casino-a-journey-through-gaming-bliss/ HTTP/1.1" 200 15235 "-" "Mozilla/5.0 (Linux; Android 10; K) AppleWebKit/537.36 (KHTML, like Gecko) Chrome/122.0.0.0 Mobile Safari/537.36"
198.54.114.83 - - [03/Apr/2025:09:58:09 -0400] "POST /wp-admin/admin-ajax.php?action=async_litespeed&nonce=lJR7UNWCMQVKoW7sm5Q7WwuTLYqtrgn1&litespeed_type=imgoptm HTTP/1.1" 200 5 "-" "WordPress/6.7.2; https://grimslut.com"
47.79.118.146 - - [03/Apr/2025:10:01:28 -0400] "GET /category/sports/ HTTP/1.1" 200 12194 "-" "Mozilla/5.0 (iPhone; CPU iPhone OS 17_0 like Mac OS X) AppleWebKit/605.1.15 (KHTML, like Gecko) EdgiOS/116.0.1938.79 Version/17.0 Mobile/15E148 Safari/604.1"
2a01:238:4296:d400:a341:7420:a29a:dc1b - - [03/Apr/2025:10:06:08 -0400] "GET /wp-login.php HTTP/1.1" 200 1951 "-" "GRequests/0.10"
198.54.114.83 - - [03/Apr/2025:10:06:12 -0400] "POST /wp-cron.php?doing_wp_cron=1743689172.0599958896636962890625 HTTP/1.1" 200 0 "-" "WordPress/6.7.2; https://grimslut.com"
2a01:238:4296:d400:a341:7420:a29a:dc1b - - [03/Apr/2025:10:06:08 -0400] "POST /wp-login.php HTTP/1.1" 200 2086 "-" "GRequests/0.10"
198.54.114.83 - - [03/Apr/2025:10:06:12 -0400] "POST /wp-admin/admin-ajax.php?action=async_litespeed&nonce=kS2VCYLEWQGkipCwYPov8RgT3JRpfuH3&litespeed_type=imgoptm HTTP/1.1" 200 5 "-" "WordPress/6.7.2; https://grimslut.com"
198.54.114.83 - - [03/Apr/2025:10:07:54 -0400] "POST /wp-cron.php?doing_wp_cron=1743689274.2401950359344482421875 HTTP/1.1" 200 0 "-" "WordPress/6.7.2; https://grimslut.com"
43.166.7.113 - - [03/Apr/2025:10:07:52 -0400] "GET /category/travel-tours/ HTTP/1.1" 200 12190 "-" "Mozilla/5.0 (iPhone; CPU iPhone OS 13_2_3 like Mac OS X) AppleWebKit/605.1.15 (KHTML, like Gecko) Version/13.0.3 Mobile/15E148 Safari/604.1"
198.54.114.83 - - [03/Apr/2025:10:07:55 -0400] "POST /wp-admin/admin-ajax.php?action=async_litespeed&nonce=NsQprCmPLEhpAOUsauOLx6MqXPXRWZ1z&litespeed_type=imgoptm HTTP/1.1" 200 5 "-" "WordPress/6.7.2; https://grimslut.com"
18.191.166.195 - - [03/Apr/2025:10:36:19 -0400] "GET /robots.txt HTTP/1.1" 304 0 "-" "Mozilla/5.0 AppleWebKit/537.36 (KHTML, like Gecko; compatible; ClaudeBot/1.0; +claudebot@anthropic.com)"
198.54.114.83 - - [03/Apr/2025:10:36:23 -0400] "POST /wp-cron.php?doing_wp_cron=1743690983.3331310749053955078125 HTTP/1.1" 200 0 "-" "WordPress/6.7.2; https://grimslut.com"
18.191.166.195 - - [03/Apr/2025:10:36:19 -0400] "GET /business-trips-massage/feed HTTP/1.1" 301 0 "-" "Mozilla/5.0 AppleWebKit/537.36 (KHTML, like Gecko; compatible; ClaudeBot/1.0; +claudebot@anthropic.com)"
198.54.114.83 - - [03/Apr/2025:10:36:24 -0400] "POST /wp-admin/admin-ajax.php?action=async_litespeed&nonce=JZjgWp0O4S8qviTEe1L9nyhhXtUYLF4f&litespeed_type=imgoptm HTTP/1.1" 200 0 "-" "WordPress/6.7.2; https://grimslut.com"
18.191.166.195 - - [03/Apr/2025:10:36:24 -0400] "GET /business-trips-massage/feed/ HTTP/1.1" 200 373 "-" "Mozilla/5.0 AppleWebKit/537.36 (KHTML, like Gecko; compatible; ClaudeBot/1.0; +claudebot@anthropic.com)"
195.2.84.178 - - [03/Apr/2025:11:15:28 -0400] "GET /exploring-the-multicanais-phenomenon/ HTTP/1.1" 200 15499 "https://grimslut.com/exploring-the-multicanais-phenomenon/" "Mozilla/5.0 (Windows NT 10.0; Win64; x64) AppleWebKit/537.36 (KHTML, like Gecko) Chrome/131.0.0.0 Safari/537.36"
198.54.114.83 - - [03/Apr/2025:11:15:33 -0400] "POST /wp-cron.php?doing_wp_cron=1743693332.4503459930419921875000 HTTP/1.1" 200 0 "-" "WordPress/6.7.2; https://grimslut.com"
195.2.84.178 - - [03/Apr/2025:11:15:30 -0400] "GET /exploring-the-multicanais-phenomenon/ HTTP/1.1" 200 15499 "https://grimslut.com/exploring-the-multicanais-phenomenon/" "Mozilla/5.0 (Windows NT 10.0; Win64; x64) AppleWebKit/537.36 (KHTML, like Gecko) Chrome/129.0.0.0 Safari/537.36"
195.2.84.178 - - [03/Apr/2025:11:15:35 -0400] "POST /wp-comments-post.php HTTP/1.1" 429 983 "https://grimslut.com/exploring-the-multicanais-phenomenon/" "Mozilla/5.0 (Windows NT 10.0; Win64; x64) AppleWebKit/537.36 (KHTML, like Gecko) Chrome/129.0.0.0 Safari/537.36"
198.54.114.83 - - [03/Apr/2025:11:15:36 -0400] "POST /wp-admin/admin-ajax.php?action=async_litespeed&nonce=TZOQKAcmnV8qEyWaG6csIrdmJHEaylu9&litespeed_type=imgoptm HTTP/1.1" 200 0 "-" "WordPress/6.7.2; https://grimslut.com"
195.2.84.178 - - [03/Apr/2025:11:15:34 -0400] "POST /wp-comments-post.php HTTP/1.1" 302 0 "https://grimslut.com/exploring-the-multicanais-phenomenon/" "Mozilla/5.0 (Windows NT 10.0; Win64; x64) AppleWebKit/537.36 (KHTML, like Gecko) Chrome/131.0.0.0 Safari/537.36"
195.2.84.178 - - [03/Apr/2025:11:15:38 -0400] "GET /exploring-the-multicanais-phenomenon/ HTTP/1.1" 200 16240 "https://grimslut.com/exploring-the-multicanais-phenomenon/#comment-6551" "Mozilla/5.0 (Windows NT 10.0; Win64; x64) AppleWebKit/537.36 (KHTML, like Gecko) Chrome/131.0.0.0 Safari/537.36"
66.249.79.231 - - [03/Apr/2025:11:32:59 -0400] "GET /robots.txt HTTP/1.1" 200 61 "-" "Mozilla/5.0 (compatible; Googlebot/2.1; +http://www.google.com/bot.html)"
198.54.114.83 - - [03/Apr/2025:11:33:05 -0400] "POST /wp-cron.php?doing_wp_cron=1743694385.1221969127655029296875 HTTP/1.1" 200 0 "-" "WordPress/6.7.2; https://grimslut.com"
66.249.79.230 - - [03/Apr/2025:11:33:01 -0400] "GET /california-prefab-homes-the-future-of-sustainable-living/ HTTP/1.1" 200 15753 "-" "Mozilla/5.0 (Linux; Android 6.0.1; Nexus 5X Build/MMB29P) AppleWebKit/537.36 (KHTML, like Gecko) Chrome/134.0.6998.165 Mobile Safari/537.36 (compatible; Googlebot/2.1; +http://www.google.com/bot.html)"
198.54.114.83 - - [03/Apr/2025:11:33:06 -0400] "POST /wp-admin/admin-ajax.php?action=async_litespeed&nonce=dCFWjBx5K3QdxoTRCjQtzw9qmE0M3iHa&litespeed_type=imgoptm HTTP/1.1" 200 0 "-" "WordPress/6.7.2; https://grimslut.com"
209.141.35.103 - - [03/Apr/2025:11:47:00 -0400] "GET / HTTP/1.1" 200 20851 "https://www.google.com" "Mozilla/5.0 (Windows NT 10.0; Win64; x64) AppleWebKit/537.36 (KHTML, like Gecko) Chrome/58.0.3029.110 Safari/537.36"
209.141.35.103 - - [03/Apr/2025:11:47:02 -0400] "GET /wp-login.php HTTP/1.1" 200 1951 "https://www.google.com" "Mozilla/5.0 (Windows NT 10.0; Win64; x64) AppleWebKit/537.36 (KHTML, like Gecko) Chrome/58.0.3029.110 Safari/537.36"
45.61.187.191 - - [03/Apr/2025:11:49:16 -0400] "GET /wp-login.php HTTP/1.1" 200 1951 "-" "Mozilla/5.0 (Windows NT 6.3; WOW64; rv:30.0) Gecko/20100101 Firefox/30.0"
198.54.114.83 - - [03/Apr/2025:11:49:19 -0400] "POST /wp-cron.php?doing_wp_cron=1743695359.2465610504150390625000 HTTP/1.1" 200 0 "-" "WordPress/6.7.2; https://grimslut.com"
45.61.187.191 - - [03/Apr/2025:11:49:17 -0400] "POST /wp-login.php HTTP/1.1" 200 2087 "-" "Mozilla/5.0 (Windows NT 6.3; WOW64; rv:30.0) Gecko/20100101 Firefox/30.0"
198.54.114.83 - - [03/Apr/2025:11:49:20 -0400] "POST /wp-admin/admin-ajax.php?action=async_litespeed&nonce=SQOpNBjXMxJNosBeAOQAsw4H67Q7DFYl&litespeed_type=imgoptm HTTP/1.1" 200 5 "-" "WordPress/6.7.2; https://grimslut.com"
66.160.181.53 - - [03/Apr/2025:11:50:44 -0400] "GET / HTTP/1.1" 200 20851 "-" "Mozilla/5.0 (Windows NT 10.0; Win64; x64; rv:41.0) Gecko/20100101 Firefox/41.0"
47.251.13.69 - - [03/Apr/2025:11:53:54 -0400] "GET /wp-login.php HTTP/1.1" 200 1951 "-" "GRequests/0.10"
198.54.114.83 - - [03/Apr/2025:11:53:58 -0400] "POST /wp-cron.php?doing_wp_cron=1743695637.7211589813232421875000 HTTP/1.1" 200 0 "-" "WordPress/6.7.2; https://grimslut.com"
47.251.13.69 - - [03/Apr/2025:11:53:55 -0400] "POST /wp-login.php HTTP/1.1" 200 2086 "-" "GRequests/0.10"
198.54.114.83 - - [03/Apr/2025:11:53:58 -0400] "POST /wp-admin/admin-ajax.php?action=async_litespeed&nonce=avEwfJ9nzCWWekbsidSVMshfCvSH9VJ9&litespeed_type=imgoptm HTTP/1.1" 200 5 "-" "WordPress/6.7.2; https://grimslut.com"
34.123.170.104 - - [03/Apr/2025:11:57:48 -0400] "GET / HTTP/1.1" 200 20851 "-" "Mozilla/5.0 (Windows NT 10.0; Win64; x64) AppleWebKit/537.36 (KHTML, like Gecko) Chrome/125.0.6422.60 Safari/537.36 Edge/12.246"
34.123.170.104 - - [03/Apr/2025:11:57:48 -0400] "GET /wp-includes/js/jquery/jquery.min.js?ver=3.7.1 HTTP/1.1" 304 0 "https://grimslut.com/" "Mozilla/5.0 (Windows NT 10.0; Win64; x64) AppleWebKit/537.36 (KHTML, like Gecko) Chrome/125.0.6422.60 Safari/537.36 Edge/12.246"
34.123.170.104 - - [03/Apr/2025:11:57:49 -0400] "GET /wp-content/themes/bloghash/assets/css/all.min.css?ver=5.15.4 HTTP/1.1" 200 12406 "https://grimslut.com/" "Mozilla/5.0 (Windows NT 10.0; Win64; x64) AppleWebKit/537.36 (KHTML, like Gecko) Chrome/125.0.6422.60 Safari/537.36 Edge/12.246"
34.123.170.104 - - [03/Apr/2025:11:57:49 -0400] "GET /wp-includes/css/dist/block-library/style.min.css?ver=6.7.2 HTTP/1.1" 200 14225 "https://grimslut.com/" "Mozilla/5.0 (Windows NT 10.0; Win64; x64) AppleWebKit/537.36 (KHTML, like Gecko) Chrome/125.0.6422.60 Safari/537.36 Edge/12.246"
34.123.170.104 - - [03/Apr/2025:11:57:49 -0400] "GET /wp-content/themes/bloghash/assets/css/style.min.css?ver=1.0.20 HTTP/1.1" 200 43134 "https://grimslut.com/" "Mozilla/5.0 (Windows NT 10.0; Win64; x64) AppleWebKit/537.36 (KHTML, like Gecko) Chrome/125.0.6422.60 Safari/537.36 Edge/12.246"
34.123.170.104 - - [03/Apr/2025:11:57:49 -0400] "GET /wp-includes/js/imagesloaded.min.js?ver=5.0.0 HTTP/1.1" 200 1687 "https://grimslut.com/" "Mozilla/5.0 (Windows NT 10.0; Win64; x64) AppleWebKit/537.36 (KHTML, like Gecko) Chrome/125.0.6422.60 Safari/537.36 Edge/12.246"
34.123.170.104 - - [03/Apr/2025:11:57:49 -0400] "GET /wp-content/themes/bloghash/assets/css/swiper-bundle.min.css?ver=6.7.2 HTTP/1.1" 200 4496 "https://grimslut.com/" "Mozilla/5.0 (Windows NT 10.0; Win64; x64) AppleWebKit/537.36 (KHTML, like Gecko) Chrome/125.0.6422.60 Safari/537.36 Edge/12.246"
34.123.170.104 - - [03/Apr/2025:11:57:49 -0400] "GET /wp-includes/js/jquery/jquery-migrate.min.js?ver=3.4.1 HTTP/1.1" 200 4678 "https://grimslut.com/" "Mozilla/5.0 (Windows NT 10.0; Win64; x64) AppleWebKit/537.36 (KHTML, like Gecko) Chrome/125.0.6422.60 Safari/537.36 Edge/12.246"
34.123.170.104 - - [03/Apr/2025:11:57:49 -0400] "GET /wp-content/uploads/bloghash/dynamic-styles.css?ver=1743122686 HTTP/1.1" 200 4798 "https://grimslut.com/" "Mozilla/5.0 (Windows NT 10.0; Win64; x64) AppleWebKit/537.36 (KHTML, like Gecko) Chrome/125.0.6422.60 Safari/537.36 Edge/12.246"
34.123.170.104 - - [03/Apr/2025:11:57:49 -0400] "GET /wp-content/themes/bloghash/assets/js/bloghash.min.js?ver=1.0.20 HTTP/1.1" 304 0 "https://grimslut.com/" "Mozilla/5.0 (Windows NT 10.0; Win64; x64) AppleWebKit/537.36 (KHTML, like Gecko) Chrome/125.0.6422.60 Safari/537.36 Edge/12.246"
34.123.170.104 - - [03/Apr/2025:11:57:49 -0400] "GET /wp-content/themes/bloghash/assets/js/bloghash-slider.min.js?ver=1.0.20 HTTP/1.1" 200 253 "https://grimslut.com/" "Mozilla/5.0 (Windows NT 10.0; Win64; x64) AppleWebKit/537.36 (KHTML, like Gecko) Chrome/125.0.6422.60 Safari/537.36 Edge/12.246"
34.123.170.104 - - [03/Apr/2025:11:57:49 -0400] "GET /wp-content/themes/bloghash/assets/js/vendors/vanilla-marquee.min.js?ver=1.0.20 HTTP/1.1" 200 2023 "https://grimslut.com/" "Mozilla/5.0 (Windows NT 10.0; Win64; x64) AppleWebKit/537.36 (KHTML, like Gecko) Chrome/125.0.6422.60 Safari/537.36 Edge/12.246"
34.123.170.104 - - [03/Apr/2025:11:57:51 -0400] "GET /wp-content/themes/bloghash/assets/js/vendors/swiper-bundle.min.js?ver=6.7.2 HTTP/1.1" 304 0 "https://grimslut.com/" "Mozilla/5.0 (Windows NT 10.0; Win64; x64) AppleWebKit/537.36 (KHTML, like Gecko) Chrome/125.0.6422.60 Safari/537.36 Edge/12.246"
34.123.170.104 - - [03/Apr/2025:11:57:51 -0400] "GET /wp-includes/js/wp-emoji-release.min.js?ver=6.7.2 HTTP/1.1" 304 0 "https://grimslut.com/" "Mozilla/5.0 (Windows NT 10.0; Win64; x64) AppleWebKit/537.36 (KHTML, like Gecko) Chrome/125.0.6422.60 Safari/537.36 Edge/12.246"
205.169.39.6 - - [03/Apr/2025:12:00:32 -0400] "GET / HTTP/1.1" 200 20851 "-" "Mozilla/5.0 (Windows NT 10.0; Win64; x64) AppleWebKit/537.36 (KHTML, like Gecko) Chrome/117.0.5938.132 Safari/537.36"
205.169.39.6 - - [03/Apr/2025:12:00:32 -0400] "GET /wp-includes/js/imagesloaded.min.js?ver=5.0.0 HTTP/1.1" 200 1687 "https://grimslut.com/" "Mozilla/5.0 (Windows NT 10.0; Win64; x64) AppleWebKit/537.36 (KHTML, like Gecko) Chrome/117.0.5938.132 Safari/537.36"
205.169.39.6 - - [03/Apr/2025:12:00:32 -0400] "GET /wp-content/themes/bloghash/assets/css/swiper-bundle.min.css?ver=6.7.2 HTTP/1.1" 200 4496 "https://grimslut.com/" "Mozilla/5.0 (Windows NT 10.0; Win64; x64) AppleWebKit/537.36 (KHTML, like Gecko) Chrome/117.0.5938.132 Safari/537.36"
205.169.39.6 - - [03/Apr/2025:12:00:32 -0400] "GET /wp-content/themes/bloghash/assets/js/vendors/swiper-bundle.min.js?ver=6.7.2 HTTP/1.1" 304 0 "https://grimslut.com/" "Mozilla/5.0 (Windows NT 10.0; Win64; x64) AppleWebKit/537.36 (KHTML, like Gecko) Chrome/117.0.5938.132 Safari/537.36"
205.169.39.6 - - [03/Apr/2025:12:00:32 -0400] "GET /wp-includes/js/jquery/jquery.min.js?ver=3.7.1 HTTP/1.1" 304 0 "https://grimslut.com/" "Mozilla/5.0 (Windows NT 10.0; Win64; x64) AppleWebKit/537.36 (KHTML, like Gecko) Chrome/117.0.5938.132 Safari/537.36"
205.169.39.6 - - [03/Apr/2025:12:00:32 -0400] "GET /wp-content/uploads/bloghash/dynamic-styles.css?ver=1743122686 HTTP/1.1" 200 4798 "https://grimslut.com/" "Mozilla/5.0 (Windows NT 10.0; Win64; x64) AppleWebKit/537.36 (KHTML, like Gecko) Chrome/117.0.5938.132 Safari/537.36"
205.169.39.6 - - [03/Apr/2025:12:00:32 -0400] "GET /wp-includes/js/jquery/jquery-migrate.min.js?ver=3.4.1 HTTP/1.1" 200 4678 "https://grimslut.com/" "Mozilla/5.0 (Windows NT 10.0; Win64; x64) AppleWebKit/537.36 (KHTML, like Gecko) Chrome/117.0.5938.132 Safari/537.36"
205.169.39.6 - - [03/Apr/2025:12:00:32 -0400] "GET /wp-content/themes/bloghash/assets/js/bloghash.min.js?ver=1.0.20 HTTP/1.1" 304 0 "https://grimslut.com/" "Mozilla/5.0 (Windows NT 10.0; Win64; x64) AppleWebKit/537.36 (KHTML, like Gecko) Chrome/117.0.5938.132 Safari/537.36"
205.169.39.6 - - [03/Apr/2025:12:00:32 -0400] "GET /wp-content/themes/bloghash/assets/js/vendors/vanilla-marquee.min.js?ver=1.0.20 HTTP/1.1" 304 0 "https://grimslut.com/" "Mozilla/5.0 (Windows NT 10.0; Win64; x64) AppleWebKit/537.36 (KHTML, like Gecko) Chrome/117.0.5938.132 Safari/537.36"
205.169.39.6 - - [03/Apr/2025:12:00:32 -0400] "GET /wp-content/themes/bloghash/assets/js/bloghash-slider.min.js?ver=1.0.20 HTTP/1.1" 200 253 "https://grimslut.com/" "Mozilla/5.0 (Windows NT 10.0; Win64; x64) AppleWebKit/537.36 (KHTML, like Gecko) Chrome/117.0.5938.132 Safari/537.36"
205.169.39.6 - - [03/Apr/2025:12:00:33 -0400] "GET /wp-includes/js/wp-emoji-release.min.js?ver=6.7.2 HTTP/1.1" 200 4676 "https://grimslut.com/" "Mozilla/5.0 (Windows NT 10.0; Win64; x64) AppleWebKit/537.36 (KHTML, like Gecko) Chrome/117.0.5938.132 Safari/537.36"
45.61.184.136 - - [03/Apr/2025:12:03:08 -0400] "GET /wp-login.php HTTP/1.1" 200 1951 "-" "Mozilla/5.0 (Macintosh; Intel Mac OS X 10.8; rv:31.0) Gecko/20100101 Firefox/31.0"
198.54.114.83 - - [03/Apr/2025:12:03:17 -0400] "POST /wp-cron.php?doing_wp_cron=1743696196.9291789531707763671875 HTTP/1.1" 200 0 "-" "WordPress/6.7.2; https://grimslut.com"
45.61.184.136 - - [03/Apr/2025:12:03:13 -0400] "POST /wp-login.php HTTP/1.1" 200 2087 "-" "Mozilla/5.0 (Macintosh; Intel Mac OS X 10.8; rv:31.0) Gecko/20100101 Firefox/31.0"
198.54.114.83 - - [03/Apr/2025:12:03:17 -0400] "POST /wp-admin/admin-ajax.php?action=async_litespeed&nonce=1nesujDbCyMt67qH1GmhlBLW5GG8BKLA&litespeed_type=imgoptm HTTP/1.1" 200 5 "-" "WordPress/6.7.2; https://grimslut.com"
2001:19f0:5:5252:5400:3ff:fea7:7a67 - - [03/Apr/2025:12:07:30 -0400] "GET / HTTP/1.1" 200 20851 "http://www.google.com/" "Mozilla/5.0 (Windows NT 6.3; WOW64; rv:49.0) Gecko/20100101 Firefox/49.0"
5.133.192.94 - - [03/Apr/2025:12:27:25 -0400] "GET / HTTP/1.1" 200 20851 "-" "Mozilla/5.0 (Windows NT 10.0; Win64; x64) AppleWebKit/537.36 (KHTML, like Gecko) Chrome/105.0.0.0 Safari/537.36"
5.133.192.94 - - [03/Apr/2025:12:27:26 -0400] "GET /favicon.ico HTTP/1.1" 404 1251 "-" "Mozilla/5.0 (Windows NT 10.0; Win64; x64) AppleWebKit/537.36 (KHTML, like Gecko) Chrome/105.0.0.0 Safari/537.36"
198.98.62.238 - - [03/Apr/2025:12:28:08 -0400] "GET /wp-login.php HTTP/1.1" 200 1951 "-" "Mozilla/5.0 (Windows NT 6.3; WOW64) AppleWebKit/537.36 (KHTML, like Gecko) Chrome/36.0.1985.143 Safari/537.36"
196.251.84.40 - - [03/Apr/2025:12:28:35 -0400] "GET /.env HTTP/1.1" 403 1242 "-" "Mozilla/5.0 (Macintosh; Intel Mac OS X 10_13_2) AppleWebKit/537.36 (KHTML, like Gecko) Chrome/76.0.3809.100 Safari/537.36"
198.54.114.83 - - [03/Apr/2025:12:29:05 -0400] "POST /wp-cron.php?doing_wp_cron=1743697744.5651071071624755859375 HTTP/1.1" 200 0 "-" "WordPress/6.7.2; https://grimslut.com"
198.98.62.238 - - [03/Apr/2025:12:29:01 -0400] "POST /wp-login.php HTTP/1.1" 200 2086 "-" "Mozilla/5.0 (Windows NT 6.3; WOW64) AppleWebKit/537.36 (KHTML, like Gecko) Chrome/36.0.1985.143 Safari/537.36"
198.54.114.83 - - [03/Apr/2025:12:29:06 -0400] "POST /wp-admin/admin-ajax.php?action=async_litespeed&nonce=yIaZZsXMDXMZIkV0tXEXWoVEkSPkkcaS&litespeed_type=imgoptm HTTP/1.1" 200 0 "-" "WordPress/6.7.2; https://grimslut.com"
198.54.114.83 - - [03/Apr/2025:12:43:17 -0400] "POST /wp-cron.php?doing_wp_cron=1743698597.0665140151977539062500 HTTP/1.1" 200 0 "-" "WordPress/6.7.2; https://grimslut.com"
114.119.158.97 - - [03/Apr/2025:12:43:14 -0400] "GET /the-thrills-and-risks-of-online-betting/ HTTP/1.1" 200 16100 "https://grimslut.com/maximizing-returns-the-art-of-effective-property-management-for-rentals/" "Mozilla/5.0 (Linux; Android 7.0;) AppleWebKit/537.36 (KHTML, like Gecko) Mobile Safari/537.36 (compatible; PetalBot;+https://webmaster.petalsearch.com/site/petalbot)"
198.54.114.83 - - [03/Apr/2025:12:43:18 -0400] "POST /wp-admin/admin-ajax.php?action=async_litespeed&nonce=tKGVK6pBzlo3IwG9oLQCtjlFGbmRJxEK&litespeed_type=imgoptm HTTP/1.1" 200 5 "-" "WordPress/6.7.2; https://grimslut.com"
158.220.81.196 - - [03/Apr/2025:13:32:15 -0400] "GET /wp-login.php HTTP/1.1" 200 1951 "-" "GRequests/0.10"
198.54.114.83 - - [03/Apr/2025:13:32:18 -0400] "POST /wp-cron.php?doing_wp_cron=1743701538.2229580879211425781250 HTTP/1.1" 200 0 "-" "WordPress/6.7.2; https://grimslut.com"
158.220.81.196 - - [03/Apr/2025:13:32:15 -0400] "POST /wp-login.php HTTP/1.1" 200 2086 "-" "GRequests/0.10"
198.54.114.83 - - [03/Apr/2025:13:32:19 -0400] "POST /wp-admin/admin-ajax.php?action=async_litespeed&nonce=J6ffWIpwiiEhJ9tuGyBMto8GvZKJBBNp&litespeed_type=imgoptm HTTP/1.1" 200 5 "-" "WordPress/6.7.2; https://grimslut.com"
43.130.47.33 - - [03/Apr/2025:13:37:39 -0400] "GET / HTTP/1.1" 200 20851 "http://grimslut.com" "Mozilla/5.0 (iPhone; CPU iPhone OS 13_2_3 like Mac OS X) AppleWebKit/605.1.15 (KHTML, like Gecko) Version/13.0.3 Mobile/15E148 Safari/604.1"
154.16.192.172 - - [03/Apr/2025:13:45:45 -0400] "GET //wp-includes/ID3/license.txt HTTP/1.1" 200 414 "-" "Mozilla/5.0 (Windows NT 10.0; Win64; x64) AppleWebKit/537.36 (KHTML, like Gecko) Chrome/95.0.4638.69 Safari/537.36"
198.54.114.83 - - [03/Apr/2025:13:45:49 -0400] "POST /wp-cron.php?doing_wp_cron=1743702348.6652069091796875000000 HTTP/1.1" 200 0 "-" "WordPress/6.7.2; https://grimslut.com"
154.16.192.172 - - [03/Apr/2025:13:45:45 -0400] "GET //feed/ HTTP/1.1" 301 0 "-" "Mozilla/5.0 (Windows NT 10.0; Win64; x64) AppleWebKit/537.36 (KHTML, like Gecko) Chrome/95.0.4638.69 Safari/537.36"
154.16.192.172 - - [03/Apr/2025:13:45:50 -0400] "GET //blog/wp-includes/wlwmanifest.xml HTTP/1.1" 301 0 "-" "Mozilla/5.0 (Windows NT 10.0; Win64; x64) AppleWebKit/537.36 (KHTML, like Gecko) Chrome/95.0.4638.69 Safari/537.36"
198.54.114.83 - - [03/Apr/2025:13:45:50 -0400] "POST /wp-admin/admin-ajax.php?action=async_litespeed&nonce=uLz2QNvymoiaLTZMMwYZ3dqnGqf2AesY&litespeed_type=imgoptm HTTP/1.1" 200 0 "-" "WordPress/6.7.2; https://grimslut.com"
154.16.192.172 - - [03/Apr/2025:13:45:50 -0400] "GET //web/wp-includes/wlwmanifest.xml HTTP/1.1" 301 0 "-" "Mozilla/5.0 (Windows NT 10.0; Win64; x64) AppleWebKit/537.36 (KHTML, like Gecko) Chrome/95.0.4638.69 Safari/537.36"
154.16.192.172 - - [03/Apr/2025:13:45:51 -0400] "GET //wordpress/wp-includes/wlwmanifest.xml HTTP/1.1" 301 0 "-" "Mozilla/5.0 (Windows NT 10.0; Win64; x64) AppleWebKit/537.36 (KHTML, like Gecko) Chrome/95.0.4638.69 Safari/537.36"
154.16.192.172 - - [03/Apr/2025:13:45:51 -0400] "GET //wp/wp-includes/wlwmanifest.xml HTTP/1.1" 301 0 "-" "Mozilla/5.0 (Windows NT 10.0; Win64; x64) AppleWebKit/537.36 (KHTML, like Gecko) Chrome/95.0.4638.69 Safari/537.36"
154.16.192.172 - - [03/Apr/2025:13:45:51 -0400] "GET //2020/wp-includes/wlwmanifest.xml HTTP/1.1" 301 0 "-" "Mozilla/5.0 (Windows NT 10.0; Win64; x64) AppleWebKit/537.36 (KHTML, like Gecko) Chrome/95.0.4638.69 Safari/537.36"
154.16.192.172 - - [03/Apr/2025:13:45:52 -0400] "GET //2019/wp-includes/wlwmanifest.xml HTTP/1.1" 301 0 "-" "Mozilla/5.0 (Windows NT 10.0; Win64; x64) AppleWebKit/537.36 (KHTML, like Gecko) Chrome/95.0.4638.69 Safari/537.36"
154.16.192.172 - - [03/Apr/2025:13:45:52 -0400] "GET //2021/wp-includes/wlwmanifest.xml HTTP/1.1" 301 0 "-" "Mozilla/5.0 (Windows NT 10.0; Win64; x64) AppleWebKit/537.36 (KHTML, like Gecko) Chrome/95.0.4638.69 Safari/537.36"
154.16.192.172 - - [03/Apr/2025:13:45:52 -0400] "GET //shop/wp-includes/wlwmanifest.xml HTTP/1.1" 301 0 "-" "Mozilla/5.0 (Windows NT 10.0; Win64; x64) AppleWebKit/537.36 (KHTML, like Gecko) Chrome/95.0.4638.69 Safari/537.36"
154.16.192.172 - - [03/Apr/2025:13:45:53 -0400] "GET //wp1/wp-includes/wlwmanifest.xml HTTP/1.1" 301 0 "-" "Mozilla/5.0 (Windows NT 10.0; Win64; x64) AppleWebKit/537.36 (KHTML, like Gecko) Chrome/95.0.4638.69 Safari/537.36"
154.16.192.172 - - [03/Apr/2025:13:45:53 -0400] "GET //test/wp-includes/wlwmanifest.xml HTTP/1.1" 301 0 "-" "Mozilla/5.0 (Windows NT 10.0; Win64; x64) AppleWebKit/537.36 (KHTML, like Gecko) Chrome/95.0.4638.69 Safari/537.36"
154.16.192.172 - - [03/Apr/2025:13:45:53 -0400] "GET //site/wp-includes/wlwmanifest.xml HTTP/1.1" 301 0 "-" "Mozilla/5.0 (Windows NT 10.0; Win64; x64) AppleWebKit/537.36 (KHTML, like Gecko) Chrome/95.0.4638.69 Safari/537.36"
154.16.192.172 - - [03/Apr/2025:13:45:54 -0400] "GET //cms/wp-includes/wlwmanifest.xml HTTP/1.1" 301 0 "-" "Mozilla/5.0 (Windows NT 10.0; Win64; x64) AppleWebKit/537.36 (KHTML, like Gecko) Chrome/95.0.4638.69 Safari/537.36"
3.134.112.111 - - [03/Apr/2025:13:47:46 -0400] "GET /robots.txt HTTP/1.1" 304 0 "-" "Mozilla/5.0 AppleWebKit/537.36 (KHTML, like Gecko; compatible; ClaudeBot/1.0; +claudebot@anthropic.com)"
198.54.114.83 - - [03/Apr/2025:13:47:49 -0400] "POST /wp-cron.php?doing_wp_cron=1743702468.7604210376739501953125 HTTP/1.1" 200 0 "-" "WordPress/6.7.2; https://grimslut.com"
3.134.112.111 - - [03/Apr/2025:13:47:47 -0400] "GET /wp-json/wp/v2/posts/134 HTTP/1.1" 200 4070 "-" "Mozilla/5.0 AppleWebKit/537.36 (KHTML, like Gecko; compatible; ClaudeBot/1.0; +claudebot@anthropic.com)"
198.54.114.83 - - [03/Apr/2025:13:47:49 -0400] "POST /wp-admin/admin-ajax.php?action=async_litespeed&nonce=9DyNCqu3bRVx2uW3aIv0mEmfZURFb1qy&litespeed_type=imgoptm HTTP/1.1" 200 5 "-" "WordPress/6.7.2; https://grimslut.com"
198.98.60.74 - - [03/Apr/2025:13:49:07 -0400] "GET / HTTP/1.1" 200 20851 "https://grimslut.com/login" "Mozilla/5.0 (X11; Linux x86_64) AppleWebKit/537.36 (KHTML, like Gecko) Chrome/59.0.3071.115 Safari/537.36"
198.98.60.74 - - [03/Apr/2025:13:49:12 -0400] "GET /wp-login.php HTTP/1.1" 200 1951 "https://grimslut.com/login" "Mozilla/5.0 (X11; Linux x86_64) AppleWebKit/537.36 (KHTML, like Gecko) Chrome/59.0.3071.115 Safari/537.36"
198.54.114.83 - - [03/Apr/2025:13:51:29 -0400] "POST /wp-cron.php?doing_wp_cron=1743702688.8496689796447753906250 HTTP/1.1" 200 0 "-" "WordPress/6.7.2; https://grimslut.com"
66.249.79.229 - - [03/Apr/2025:13:51:27 -0400] "GET /realtor-virtual-receptionist-revolutionizing-client-communication/ HTTP/1.1" 200 15574 "-" "Mozilla/5.0 (Linux; Android 6.0.1; Nexus 5X Build/MMB29P) AppleWebKit/537.36 (KHTML, like Gecko) Chrome/134.0.6998.165 Mobile Safari/537.36 (compatible; Googlebot/2.1; +http://www.google.com/bot.html)"
198.54.114.83 - - [03/Apr/2025:13:51:30 -0400] "POST /wp-admin/admin-ajax.php?action=async_litespeed&nonce=fpTn7t2XhCqKv7WSdlkIUS9DNVEXWuPO&litespeed_type=imgoptm HTTP/1.1" 200 0 "-" "WordPress/6.7.2; https://grimslut.com"
198.54.114.83 - - [03/Apr/2025:13:52:51 -0400] "POST /wp-cron.php?doing_wp_cron=1743702770.6908760070800781250000 HTTP/1.1" 200 0 "-" "WordPress/6.7.2; https://grimslut.com"
43.130.31.17 - - [03/Apr/2025:13:52:50 -0400] "GET /une-protection-innovante-pour-votre-cuisine-moderne/ HTTP/1.1" 200 15924 "-" "Mozilla/5.0 (iPhone; CPU iPhone OS 13_2_3 like Mac OS X) AppleWebKit/605.1.15 (KHTML, like Gecko) Version/13.0.3 Mobile/15E148 Safari/604.1"
198.54.114.83 - - [03/Apr/2025:13:52:51 -0400] "POST /wp-admin/admin-ajax.php?action=async_litespeed&nonce=KqxRulDjy1OR48W0kFKmtHuvuv6X75Tb&litespeed_type=imgoptm HTTP/1.1" 200 5 "-" "WordPress/6.7.2; https://grimslut.com"
195.191.219.131 - - [03/Apr/2025:13:56:01 -0400] "GET /robots.txt HTTP/1.1" 200 61 "-" "Mozilla/5.0 (compatible; MJ12bot/v2.0.0; http://mj12bot.com/)"
195.191.219.131 - - [03/Apr/2025:13:56:02 -0400] "GET / HTTP/1.1" 200 20851 "-" "Mozilla/5.0 (compatible; MJ12bot/v2.0.0; http://mj12bot.com/)"
198.54.114.83 - - [03/Apr/2025:14:01:10 -0400] "POST /wp-cron.php?doing_wp_cron=1743703269.4219241142272949218750 HTTP/1.1" 200 0 "-" "WordPress/6.7.2; https://grimslut.com"
43.153.12.58 - - [03/Apr/2025:14:01:06 -0400] "GET /umzugsunternehmen-in-luneburg-ihr-partner-fur-einen-stressfreien-umzug-2/ HTTP/1.1" 200 15621 "-" "Mozilla/5.0 (iPhone; CPU iPhone OS 13_2_3 like Mac OS X) AppleWebKit/605.1.15 (KHTML, like Gecko) Version/13.0.3 Mobile/15E148 Safari/604.1"
198.54.114.83 - - [03/Apr/2025:14:01:13 -0400] "POST /wp-admin/admin-ajax.php?action=async_litespeed&nonce=dVqOCwBbGQxE8Jwe3tAYaCQ6yqyFN5Qj&litespeed_type=imgoptm HTTP/1.1" 200 0 "-" "WordPress/6.7.2; https://grimslut.com"
198.54.114.83 - - [03/Apr/2025:14:10:58 -0400] "POST /wp-cron.php?doing_wp_cron=1743703857.9558820724487304687500 HTTP/1.1" 200 0 "-" "WordPress/6.7.2; https://grimslut.com"
43.157.156.190 - - [03/Apr/2025:14:10:54 -0400] "GET /umzugsunternehmen-in-luneburg-ihr-partner-fur-einen-reibungslosen-umzug-2/ HTTP/1.1" 200 15495 "-" "Mozilla/5.0 (iPhone; CPU iPhone OS 13_2_3 like Mac OS X) AppleWebKit/605.1.15 (KHTML, like Gecko) Version/13.0.3 Mobile/15E148 Safari/604.1"
198.54.114.83 - - [03/Apr/2025:14:11:00 -0400] "POST /wp-admin/admin-ajax.php?action=async_litespeed&nonce=QfZZ1s6lZCoO2pTcrOWBgLNBeaykSun1&litespeed_type=imgoptm HTTP/1.1" 200 0 "-" "WordPress/6.7.2; https://grimslut.com"
198.54.114.83 - - [03/Apr/2025:14:16:48 -0400] "POST /wp-cron.php?doing_wp_cron=1743704208.2631819248199462890625 HTTP/1.1" 200 0 "-" "WordPress/6.7.2; https://grimslut.com"
66.249.79.231 - - [03/Apr/2025:14:16:45 -0400] "GET /lart-du-recrutement-dans-le-secteur-de-la-restauration/ HTTP/1.1" 200 15979 "-" "Mozilla/5.0 (Linux; Android 6.0.1; Nexus 5X Build/MMB29P) AppleWebKit/537.36 (KHTML, like Gecko) Chrome/134.0.6998.165 Mobile Safari/537.36 (compatible; GoogleOther)"
198.54.114.83 - - [03/Apr/2025:14:16:49 -0400] "POST /wp-admin/admin-ajax.php?action=async_litespeed&nonce=alP0H31QUFgL17P0ghwq8HFtAZTlj7KC&litespeed_type=imgoptm HTTP/1.1" 200 0 "-" "WordPress/6.7.2; https://grimslut.com"
66.249.79.230 - - [03/Apr/2025:14:17:04 -0400] "GET /wp-content/themes/bloghash/assets/js/vendors/swiper-bundle.min.js?ver=6.7.2 HTTP/1.1" 200 39606 "https://grimslut.com/lart-du-recrutement-dans-le-secteur-de-la-restauration/" "Mozilla/5.0 (Linux; Android 6.0.1; Nexus 5X Build/MMB29P) AppleWebKit/537.36 (KHTML, like Gecko) Chrome/133.0.6943.141 Mobile Safari/537.36 (compatible; Googlebot/2.1; +http://www.google.com/bot.html)"
66.249.79.231 - - [03/Apr/2025:14:17:08 -0400] "GET /wp-includes/css/dist/block-library/style.min.css?ver=6.7.2 HTTP/1.1" 200 14225 "https://grimslut.com/lart-du-recrutement-dans-le-secteur-de-la-restauration/" "Mozilla/5.0 (Linux; Android 6.0.1; Nexus 5X Build/MMB29P) AppleWebKit/537.36 (KHTML, like Gecko) Chrome/133.0.6943.141 Mobile Safari/537.36 (compatible; Googlebot/2.1; +http://www.google.com/bot.html)"
198.54.114.83 - - [03/Apr/2025:14:22:42 -0400] "POST /wp-cron.php?doing_wp_cron=1743704561.7712779045104980468750 HTTP/1.1" 200 0 "-" "WordPress/6.7.2; https://grimslut.com"
43.130.102.7 - - [03/Apr/2025:14:22:39 -0400] "GET /effiziente-losungen-fur-die-wohnungsauflosung-in-luneburg/ HTTP/1.1" 200 15860 "-" "Mozilla/5.0 (iPhone; CPU iPhone OS 13_2_3 like Mac OS X) AppleWebKit/605.1.15 (KHTML, like Gecko) Version/13.0.3 Mobile/15E148 Safari/604.1"
198.54.114.83 - - [03/Apr/2025:14:22:42 -0400] "POST /wp-admin/admin-ajax.php?action=async_litespeed&nonce=qhOpL4mwpCcb8kyUHu07APrqSUjHpx6s&litespeed_type=imgoptm HTTP/1.1" 200 5 "-" "WordPress/6.7.2; https://grimslut.com"
198.54.114.83 - - [03/Apr/2025:14:28:59 -0400] "POST /wp-cron.php?doing_wp_cron=1743704938.5565168857574462890625 HTTP/1.1" 200 0 "-" "WordPress/6.7.2; https://grimslut.com"
3.21.34.214 - - [03/Apr/2025:14:28:55 -0400] "GET /navigating-the-world-of-online-betting-money-sites/feed HTTP/1.1" 301 0 "-" "Mozilla/5.0 AppleWebKit/537.36 (KHTML, like Gecko; compatible; ClaudeBot/1.0; +claudebot@anthropic.com)"
3.21.34.214 - - [03/Apr/2025:14:28:59 -0400] "GET /navigating-the-world-of-online-betting-money-sites/feed/ HTTP/1.1" 200 425 "-" "Mozilla/5.0 AppleWebKit/537.36 (KHTML, like Gecko; compatible; ClaudeBot/1.0; +claudebot@anthropic.com)"
198.54.114.83 - - [03/Apr/2025:14:28:59 -0400] "POST /wp-admin/admin-ajax.php?action=async_litespeed&nonce=YI84F45hFq45YiYqGE5Xb7wueezFdoGF&litespeed_type=imgoptm HTTP/1.1" 200 5 "-" "WordPress/6.7.2; https://grimslut.com"
198.54.114.83 - - [03/Apr/2025:14:31:46 -0400] "POST /wp-cron.php?doing_wp_cron=1743705105.1554949283599853515625 HTTP/1.1" 200 0 "-" "WordPress/6.7.2; https://grimslut.com"
43.130.111.40 - - [03/Apr/2025:14:31:43 -0400] "GET /business-tripe-massage/ HTTP/1.1" 200 15000 "-" "Mozilla/5.0 (iPhone; CPU iPhone OS 13_2_3 like Mac OS X) AppleWebKit/605.1.15 (KHTML, like Gecko) Version/13.0.3 Mobile/15E148 Safari/604.1"
198.54.114.83 - - [03/Apr/2025:14:31:48 -0400] "POST /wp-admin/admin-ajax.php?action=async_litespeed&nonce=EuL9S1YTbQvjSKNjX9yhbOzBYgsmsbkl&litespeed_type=imgoptm HTTP/1.1" 200 0 "-" "WordPress/6.7.2; https://grimslut.com"
198.54.114.83 - - [03/Apr/2025:14:42:31 -0400] "POST /wp-cron.php?doing_wp_cron=1743705751.0111179351806640625000 HTTP/1.1" 200 0 "-" "WordPress/6.7.2; https://grimslut.com"
49.51.233.95 - - [03/Apr/2025:14:42:27 -0400] "GET /thrills-of-video-slots-in-modern-casinos/ HTTP/1.1" 200 15552 "-" "Mozilla/5.0 (iPhone; CPU iPhone OS 13_2_3 like Mac OS X) AppleWebKit/605.1.15 (KHTML, like Gecko) Version/13.0.3 Mobile/15E148 Safari/604.1"
198.54.114.83 - - [03/Apr/2025:14:42:32 -0400] "POST /wp-admin/admin-ajax.php?action=async_litespeed&nonce=pHZlMCIKRscgJBXdegNqvAveTE9SOXEb&litespeed_type=imgoptm HTTP/1.1" 200 0 "-" "WordPress/6.7.2; https://grimslut.com"
198.54.114.83 - - [03/Apr/2025:14:50:57 -0400] "POST /wp-cron.php?doing_wp_cron=1743706257.4633440971374511718750 HTTP/1.1" 200 0 "-" "WordPress/6.7.2; https://grimslut.com"
43.135.182.43 - - [03/Apr/2025:14:50:54 -0400] "GET /gitarrenunterricht-in-dusseldorf-ihre-musikalische-reise-beginnt-hier/ HTTP/1.1" 200 15603 "-" "Mozilla/5.0 (iPhone; CPU iPhone OS 13_2_3 like Mac OS X) AppleWebKit/605.1.15 (KHTML, like Gecko) Version/13.0.3 Mobile/15E148 Safari/604.1"
198.54.114.83 - - [03/Apr/2025:14:50:58 -0400] "POST /wp-admin/admin-ajax.php?action=async_litespeed&nonce=F3PAR4UDyY7xEDLTLGnJm27OppALRTyX&litespeed_type=imgoptm HTTP/1.1" 200 5 "-" "WordPress/6.7.2; https://grimslut.com"
43.157.172.39 - - [03/Apr/2025:14:58:40 -0400] "GET /umzugsunternehmen-in-luneburg-ihr-partner-fur-einen-stressfreien-umzug-2/ HTTP/1.1" 200 15621 "-" "Mozilla/5.0 (iPhone; CPU iPhone OS 13_2_3 like Mac OS X) AppleWebKit/605.1.15 (KHTML, like Gecko) Version/13.0.3 Mobile/15E148 Safari/604.1"
139.99.62.111 - - [03/Apr/2025:14:58:49 -0400] "GET /plugins/filemanager/dialog.php HTTP/1.1" 200 0 "-" "Mozilla/5.0 (Macintosh; Intel Mac OS X 10.15; rv:77.0) Gecko/20100101 Firefox/77.0"
198.54.114.83 - - [03/Apr/2025:14:58:52 -0400] "POST /wp-cron.php?doing_wp_cron=1743706732.1020820140838623046875 HTTP/1.1" 200 0 "-" "WordPress/6.7.2; https://grimslut.com"
198.54.114.83 - - [03/Apr/2025:14:58:53 -0400] "POST /wp-admin/admin-ajax.php?action=async_litespeed&nonce=bvicMAHNgYeoSjGRYC1kFSUTakGLVPjE&litespeed_type=imgoptm HTTP/1.1" 200 0 "-" "WordPress/6.7.2; https://grimslut.com"
198.54.114.83 - - [03/Apr/2025:15:10:16 -0400] "POST /wp-cron.php?doing_wp_cron=1743707415.9239299297332763671875 HTTP/1.1" 200 0 "-" "WordPress/6.7.2; https://grimslut.com"
43.153.10.83 - - [03/Apr/2025:15:10:12 -0400] "GET /wp-json/oembed/1.0/embed?url=https%3A%2F%2Fgrimslut.com%2Fumzugsunternehmen-in-luneburg-ihr-partner-fur-einen-reibungslosen-umzug-2%2F HTTP/1.1" 200 2389 "-" "Mozilla/5.0 (iPhone; CPU iPhone OS 13_2_3 like Mac OS X) AppleWebKit/605.1.15 (KHTML, like Gecko) Version/13.0.3 Mobile/15E148 Safari/604.1"
198.54.114.83 - - [03/Apr/2025:15:10:17 -0400] "POST /wp-admin/admin-ajax.php?action=async_litespeed&nonce=Dj8ZvTmtRN1pdERaPqHJJFb3niMUUAIG&litespeed_type=imgoptm HTTP/1.1" 200 5 "-" "WordPress/6.7.2; https://grimslut.com"
165.154.226.167 - - [03/Apr/2025:15:17:00 -0400] "GET / HTTP/1.1" 200 20851 "-" "Embarcadero URI Client/1.0"
3.142.123.254 - - [03/Apr/2025:15:20:52 -0400] "GET /robots.txt HTTP/1.1" 200 61 "http://grimslut.com/robots.txt" "Mozilla/5.0 AppleWebKit/537.36 (KHTML, like Gecko; compatible; ClaudeBot/1.0; +claudebot@anthropic.com)"
198.54.114.83 - - [03/Apr/2025:15:20:55 -0400] "POST /wp-cron.php?doing_wp_cron=1743708055.2762150764465332031250 HTTP/1.1" 200 0 "-" "WordPress/6.7.2; https://grimslut.com"
3.142.123.254 - - [03/Apr/2025:15:20:52 -0400] "GET /key/ASWD56425CSA HTTP/1.1" 404 10271 "http://grimslut.com/key/ASWD56425CSA" "Mozilla/5.0 AppleWebKit/537.36 (KHTML, like Gecko; compatible; ClaudeBot/1.0; +claudebot@anthropic.com)"
198.54.114.83 - - [03/Apr/2025:15:20:56 -0400] "POST /wp-admin/admin-ajax.php?action=async_litespeed&nonce=pkH4CcAoEJGslNlg3VPwWbXq5Ls9GUGR&litespeed_type=imgoptm HTTP/1.1" 200 5 "-" "WordPress/6.7.2; https://grimslut.com"
198.54.114.83 - - [03/Apr/2025:15:21:27 -0400] "POST /wp-cron.php?doing_wp_cron=1743708086.8927409648895263671875 HTTP/1.1" 200 0 "-" "WordPress/6.7.2; https://grimslut.com"
49.51.253.83 - - [03/Apr/2025:15:21:26 -0400] "GET /premier-fertility-care-at-new-hope-ivf-dubai/ HTTP/1.1" 200 15662 "-" "Mozilla/5.0 (iPhone; CPU iPhone OS 13_2_3 like Mac OS X) AppleWebKit/605.1.15 (KHTML, like Gecko) Version/13.0.3 Mobile/15E148 Safari/604.1"
198.54.114.83 - - [03/Apr/2025:15:21:27 -0400] "POST /wp-admin/admin-ajax.php?action=async_litespeed&nonce=UMNmpEnMu5ycLfjyYY8CG9D6R7n0Hz8B&litespeed_type=imgoptm HTTP/1.1" 200 5 "-" "WordPress/6.7.2; https://grimslut.com"
158.220.81.196 - - [03/Apr/2025:15:29:59 -0400] "GET /wp-login.php HTTP/1.1" 200 1951 "-" "GRequests/0.10"
198.54.114.83 - - [03/Apr/2025:15:30:02 -0400] "POST /wp-cron.php?doing_wp_cron=1743708602.4903988838195800781250 HTTP/1.1" 200 0 "-" "WordPress/6.7.2; https://grimslut.com"
158.220.81.196 - - [03/Apr/2025:15:29:59 -0400] "POST /wp-login.php HTTP/1.1" 200 2086 "-" "GRequests/0.10"
198.54.114.83 - - [03/Apr/2025:15:30:03 -0400] "POST /wp-admin/admin-ajax.php?action=async_litespeed&nonce=fBMH964wsAmdraPQvF05H2VcJKpwnpIb&litespeed_type=imgoptm HTTP/1.1" 200 0 "-" "WordPress/6.7.2; https://grimslut.com"
43.135.144.81 - - [03/Apr/2025:15:33:34 -0400] "GET /business-tripe-massage/ HTTP/1.1" 200 15000 "-" "Mozilla/5.0 (iPhone; CPU iPhone OS 13_2_3 like Mac OS X) AppleWebKit/605.1.15 (KHTML, like Gecko) Version/13.0.3 Mobile/15E148 Safari/604.1"
198.54.114.83 - - [03/Apr/2025:15:41:42 -0400] "POST /wp-cron.php?doing_wp_cron=1743709301.4307498931884765625000 HTTP/1.1" 200 0 "-" "WordPress/6.7.2; https://grimslut.com"
43.159.152.184 - - [03/Apr/2025:15:41:36 -0400] "GET /2025/01/ HTTP/1.1" 200 14716 "-" "Mozilla/5.0 (iPhone; CPU iPhone OS 13_2_3 like Mac OS X) AppleWebKit/605.1.15 (KHTML, like Gecko) Version/13.0.3 Mobile/15E148 Safari/604.1"
198.54.114.83 - - [03/Apr/2025:15:41:43 -0400] "POST /wp-admin/admin-ajax.php?action=async_litespeed&nonce=cSOC9ahAEJPo9qXO2EaxbRyzdyVhUfpo&litespeed_type=imgoptm HTTP/1.1" 200 0 "-" "WordPress/6.7.2; https://grimslut.com"
52.167.144.65 - - [03/Apr/2025:15:47:03 -0400] "GET /robots.txt HTTP/1.1" 304 0 "-" "Mozilla/5.0 AppleWebKit/537.36 (KHTML, like Gecko; compatible; bingbot/2.0; +http://www.bing.com/bingbot.htm) Chrome/116.0.1938.76 Safari/537.36"
198.54.114.83 - - [03/Apr/2025:15:47:11 -0400] "POST /wp-cron.php?doing_wp_cron=1743709631.5940859317779541015625 HTTP/1.1" 200 0 "-" "WordPress/6.7.2; https://grimslut.com"
52.167.144.182 - - [03/Apr/2025:15:47:09 -0400] "GET /sybil-stallone-is-tired-of-her-husbands-bullying/ HTTP/1.1" 404 10271 "-" "Mozilla/5.0 AppleWebKit/537.36 (KHTML, like Gecko; compatible; bingbot/2.0; +http://www.bing.com/bingbot.htm) Chrome/116.0.1938.76 Safari/537.36"
198.54.114.83 - - [03/Apr/2025:15:47:12 -0400] "POST /wp-admin/admin-ajax.php?action=async_litespeed&nonce=T7gOKhm4De6s6xjUku89UoWkbz11oezn&litespeed_type=imgoptm HTTP/1.1" 200 0 "-" "WordPress/6.7.2; https://grimslut.com"
198.54.114.83 - - [03/Apr/2025:15:49:02 -0400] "POST /wp-cron.php?doing_wp_cron=1743709741.6210939884185791015625 HTTP/1.1" 200 0 "-" "WordPress/6.7.2; https://grimslut.com"
52.167.144.191 - - [03/Apr/2025:15:49:00 -0400] "GET /evil-angel-emily-willis/ HTTP/1.1" 404 10271 "-" "Mozilla/5.0 AppleWebKit/537.36 (KHTML, like Gecko; compatible; bingbot/2.0; +http://www.bing.com/bingbot.htm) Chrome/116.0.1938.76 Safari/537.36"
198.54.114.83 - - [03/Apr/2025:15:49:03 -0400] "POST /wp-admin/admin-ajax.php?action=async_litespeed&nonce=kaXd1ILiqXh8fBuLfyyhC1Gjn7mb4cpW&litespeed_type=imgoptm HTTP/1.1" 200 5 "-" "WordPress/6.7.2; https://grimslut.com"
198.54.114.83 - - [03/Apr/2025:15:50:34 -0400] "POST /wp-cron.php?doing_wp_cron=1743709833.7205269336700439453125 HTTP/1.1" 200 0 "-" "WordPress/6.7.2; https://grimslut.com"
139.59.119.11 - - [03/Apr/2025:15:50:31 -0400] "GET /wp-includes/js/jcrop/Jcrop.php HTTP/1.1" 404 10270 "-" "Mozlila/5.0 (Linux; Android 7.0; SM-G892A Bulid/NRD90M; wv) AppleWebKit/537.36 (KHTML, like Gecko) Version/4.0 Chrome/60.0.3112.107 Moblie Safari/537.36"
198.54.114.83 - - [03/Apr/2025:15:50:35 -0400] "POST /wp-admin/admin-ajax.php?action=async_litespeed&nonce=QPcQqcLArq1IK6lHpA42oNP6APXEVh8M&litespeed_type=imgoptm HTTP/1.1" 200 5 "-" "WordPress/6.7.2; https://grimslut.com"
139.59.119.11 - - [03/Apr/2025:15:50:39 -0400] "GET /wp-content/plugins/index.php HTTP/1.1" 200 0 "-" "Mozlila/5.0 (Linux; Android 7.0; SM-G892A Bulid/NRD90M; wv) AppleWebKit/537.36 (KHTML, like Gecko) Version/4.0 Chrome/60.0.3112.107 Moblie Safari/537.36"
139.59.119.11 - - [03/Apr/2025:15:50:45 -0400] "GET /wp-admin/images/index.php HTTP/1.1" 301 0 "-" "Mozlila/5.0 (Linux; Android 7.0; SM-G892A Bulid/NRD90M; wv) AppleWebKit/537.36 (KHTML, like Gecko) Version/4.0 Chrome/60.0.3112.107 Moblie Safari/537.36"
139.59.119.11 - - [03/Apr/2025:15:50:47 -0400] "GET /wp-admin/images/ HTTP/1.1" 403 1242 "-" "Mozlila/5.0 (Linux; Android 7.0; SM-G892A Bulid/NRD90M; wv) AppleWebKit/537.36 (KHTML, like Gecko) Version/4.0 Chrome/60.0.3112.107 Moblie Safari/537.36"
18.191.166.195 - - [03/Apr/2025:15:50:52 -0400] "GET /robots.txt HTTP/1.1" 200 61 "-" "Mozilla/5.0 AppleWebKit/537.36 (KHTML, like Gecko; compatible; ClaudeBot/1.0; +claudebot@anthropic.com)"
18.191.166.195 - - [03/Apr/2025:15:50:52 -0400] "GET /wp-json/oembed/1.0/embed?url=https%3A%2F%2Fgrimslut.com%2Frestoring-hope-the-art-of-fire-damage-restoration%2F HTTP/1.1" 200 2245 "-" "Mozilla/5.0 AppleWebKit/537.36 (KHTML, like Gecko; compatible; ClaudeBot/1.0; +claudebot@anthropic.com)"
139.59.119.11 - - [03/Apr/2025:15:50:53 -0400] "GET /index/function.php HTTP/1.1" 404 10270 "-" "Mozlila/5.0 (Linux; Android 7.0; SM-G892A Bulid/NRD90M; wv) AppleWebKit/537.36 (KHTML, like Gecko) Version/4.0 Chrome/60.0.3112.107 Moblie Safari/537.36"
139.59.119.11 - - [03/Apr/2025:15:51:00 -0400] "GET /wp-admin/network/index.php HTTP/1.1" 302 0 "-" "Mozlila/5.0 (Linux; Android 7.0; SM-G892A Bulid/NRD90M; wv) AppleWebKit/537.36 (KHTML, like Gecko) Version/4.0 Chrome/60.0.3112.107 Moblie Safari/537.36"
139.59.119.11 - - [03/Apr/2025:15:51:00 -0400] "GET /wp-login.php?redirect_to=https%3A%2F%2Fgrimslut.com%2Fwp-admin%2Fnetwork%2Findex.php&reauth=1 HTTP/1.1" 200 1954 "-" "Mozlila/5.0 (Linux; Android 7.0; SM-G892A Bulid/NRD90M; wv) AppleWebKit/537.36 (KHTML, like Gecko) Version/4.0 Chrome/60.0.3112.107 Moblie Safari/537.36"
139.59.119.11 - - [03/Apr/2025:15:51:05 -0400] "GET /wp-includes/fonts/about.php HTTP/1.1" 404 10270 "-" "Mozlila/5.0 (Linux; Android 7.0; SM-G892A Bulid/NRD90M; wv) AppleWebKit/537.36 (KHTML, like Gecko) Version/4.0 Chrome/60.0.3112.107 Moblie Safari/537.36"
198.54.114.83 - - [03/Apr/2025:15:51:25 -0400] "POST /wp-cron.php?doing_wp_cron=1743709884.6103060245513916015625 HTTP/1.1" 200 0 "-" "WordPress/6.7.2; https://grimslut.com"
43.157.207.78 - - [03/Apr/2025:15:51:24 -0400] "GET /gitarrenunterricht-in-dusseldorf-ihre-musikalische-reise-beginnt-hier/feed/ HTTP/1.1" 200 439 "-" "Mozilla/5.0 (iPhone; CPU iPhone OS 13_2_3 like Mac OS X) AppleWebKit/605.1.15 (KHTML, like Gecko) Version/13.0.3 Mobile/15E148 Safari/604.1"
198.54.114.83 - - [03/Apr/2025:15:51:26 -0400] "POST /wp-admin/admin-ajax.php?action=async_litespeed&nonce=wOPkHiO1CVtbeXj3DYUoWCRQc9gxeU7Q&litespeed_type=imgoptm HTTP/1.1" 200 5 "-" "WordPress/6.7.2; https://grimslut.com"
198.54.114.83 - - [03/Apr/2025:15:58:41 -0400] "POST /wp-cron.php?doing_wp_cron=1743710321.3633580207824707031250 HTTP/1.1" 200 0 "-" "WordPress/6.7.2; https://grimslut.com"
43.157.170.13 - - [03/Apr/2025:15:58:38 -0400] "GET /wp-json/wp/v2/posts/692 HTTP/1.1" 200 4769 "-" "Mozilla/5.0 (iPhone; CPU iPhone OS 13_2_3 like Mac OS X) AppleWebKit/605.1.15 (KHTML, like Gecko) Version/13.0.3 Mobile/15E148 Safari/604.1"
