198.54.114.83 - - [03/Apr/2025:20:56:01 -0400] "POST /wp-admin/admin-ajax.php?action=async_litespeed&nonce=JjPHwxXTyWwLX4jQkiVRfZAjBAhQND1b&litespeed_type=imgoptm HTTP/1.1" 200 5 "-" "WordPress/6.7.2; https://grimslut.com"
198.54.114.83 - - [03/Apr/2025:20:57:19 -0400] "POST /wp-cron.php?doing_wp_cron=1743728239.4422810077667236328125 HTTP/1.1" 200 0 "-" "WordPress/6.7.2; https://grimslut.com"
18.117.10.48 - - [03/Apr/2025:20:57:19 -0400] "GET /wp-json/wp/v2/posts/295 HTTP/1.1" 200 3677 "-" "Mozilla/5.0 AppleWebKit/537.36 (KHTML, like Gecko; compatible; ClaudeBot/1.0; +claudebot@anthropic.com)"
198.54.114.83 - - [03/Apr/2025:20:57:20 -0400] "POST /wp-admin/admin-ajax.php?action=async_litespeed&nonce=xkhccBvZLLspV7JZ5xWtdduBqrt94r96&litespeed_type=imgoptm HTTP/1.1" 200 5 "-" "WordPress/6.7.2; https://grimslut.com"
198.54.114.83 - - [03/Apr/2025:20:58:35 -0400] "POST /wp-cron.php?doing_wp_cron=1743728315.3803110122680664062500 HTTP/1.1" 200 0 "-" "WordPress/6.7.2; https://grimslut.com"
13.74.103.50 - - [03/Apr/2025:20:58:35 -0400] "GET /wp-content/plugins/pwnd/block-support.php HTTP/1.1" 404 10270 "-" "-"
198.54.114.83 - - [03/Apr/2025:20:58:35 -0400] "POST /wp-admin/admin-ajax.php?action=async_litespeed&nonce=WmWFwSWniuBVuQOaUoh8DLVUPAT152cp&litespeed_type=imgoptm HTTP/1.1" 200 5 "-" "WordPress/6.7.2; https://grimslut.com"
13.74.103.50 - - [03/Apr/2025:20:58:36 -0400] "GET /about/function.php HTTP/1.1" 404 10270 "-" "-"
13.74.103.50 - - [03/Apr/2025:20:58:36 -0400] "GET /wp-includes/images/about.php HTTP/1.1" 404 10270 "-" "-"
13.74.103.50 - - [03/Apr/2025:20:58:36 -0400] "GET /wp-content/plugins/Cache/Cache.php HTTP/1.1" 404 10270 "-" "-"
13.74.103.50 - - [03/Apr/2025:20:58:37 -0400] "GET /wp-login.php HTTP/1.1" 200 1951 "-" "-"
13.74.103.50 - - [03/Apr/2025:20:58:37 -0400] "GET /wp-mail.php HTTP/1.1" 403 941 "-" "-"
13.74.103.50 - - [03/Apr/2025:20:58:38 -0400] "GET /wp-cron.php HTTP/1.1" 200 0 "-" "-"
13.74.103.50 - - [03/Apr/2025:20:58:38 -0400] "GET /wp-activate.php HTTP/1.1" 302 0 "-" "-"
13.74.103.50 - - [03/Apr/2025:20:58:38 -0400] "GET /wp-login.php?action=register HTTP/1.1" 302 0 "-" "-"
13.74.103.50 - - [03/Apr/2025:20:58:40 -0400] "GET /wp-login.php?registration=disabled HTTP/1.1" 200 2023 "-" "-"
13.74.103.50 - - [03/Apr/2025:20:58:40 -0400] "GET /404.php HTTP/1.1" 404 10270 "-" "-"
13.74.103.50 - - [03/Apr/2025:20:58:40 -0400] "GET /themes.php HTTP/1.1" 404 10270 "-" "-"
13.74.103.50 - - [03/Apr/2025:20:58:41 -0400] "GET /wp-content/plugins/pwnd/pwnd.php HTTP/1.1" 404 10270 "-" "-"
13.74.103.50 - - [03/Apr/2025:20:58:41 -0400] "GET /wp-content/themes/index.php HTTP/1.1" 200 0 "-" "-"
13.74.103.50 - - [03/Apr/2025:20:58:42 -0400] "GET /moon.php HTTP/1.1" 404 10270 "-" "-"
13.74.103.50 - - [03/Apr/2025:20:58:42 -0400] "GET /wp-admin/includes/cloud.php HTTP/1.1" 404 10270 "-" "-"
13.74.103.50 - - [03/Apr/2025:20:58:42 -0400] "GET /wp-admin/images/cloud.php HTTP/1.1" 404 10270 "-" "-"
13.74.103.50 - - [03/Apr/2025:20:58:43 -0400] "GET /goat1.php HTTP/1.1" 404 10270 "-" "-"
13.74.103.50 - - [03/Apr/2025:20:58:43 -0400] "GET /moon.php?p= HTTP/1.1" 301 0 "-" "-"
13.74.103.50 - - [03/Apr/2025:20:58:44 -0400] "GET /moon.php HTTP/1.1" 404 10270 "-" "-"
13.74.103.50 - - [03/Apr/2025:20:58:45 -0400] "GET /upfile.php HTTP/1.1" 404 10270 "-" "-"
13.74.103.50 - - [03/Apr/2025:20:58:45 -0400] "GET /classwithtostring.php HTTP/1.1" 404 10270 "-" "-"
13.74.103.50 - - [03/Apr/2025:20:58:46 -0400] "GET /widgets.php HTTP/1.1" 404 10270 "-" "-"
13.74.103.50 - - [03/Apr/2025:20:58:46 -0400] "GET /avaa.php HTTP/1.1" 404 10270 "-" "-"
13.74.103.50 - - [03/Apr/2025:20:58:47 -0400] "GET /blog.php HTTP/1.1" 404 10270 "-" "-"
13.74.103.50 - - [03/Apr/2025:20:58:47 -0400] "GET /wp-content/themes/about.php?p= HTTP/1.1" 301 0 "-" "-"
13.74.103.50 - - [03/Apr/2025:20:58:48 -0400] "GET /wp-content/themes/about.php HTTP/1.1" 404 10270 "-" "-"
13.74.103.50 - - [03/Apr/2025:20:58:48 -0400] "GET /xmrlpc.php HTTP/1.1" 404 10270 "-" "-"
13.74.103.50 - - [03/Apr/2025:20:58:49 -0400] "GET /wp-admin/user/about.php HTTP/1.1" 302 0 "-" "-"
13.74.103.50 - - [03/Apr/2025:20:58:49 -0400] "GET /wp-login.php?redirect_to=https%3A%2F%2Fgrimslut.com%2Fwp-admin%2Fuser%2Fabout.php&reauth=1 HTTP/1.1" 200 1964 "-" "-"
13.74.103.50 - - [03/Apr/2025:20:58:49 -0400] "GET /index/function.php HTTP/1.1" 404 10270 "-" "-"
13.74.103.50 - - [03/Apr/2025:20:58:50 -0400] "GET /wp.php?p= HTTP/1.1" 301 0 "-" "-"
13.74.103.50 - - [03/Apr/2025:20:58:50 -0400] "GET /wp.php HTTP/1.1" 404 10270 "-" "-"
13.74.103.50 - - [03/Apr/2025:20:58:50 -0400] "GET /wp-admin/maint/index.php HTTP/1.1" 301 0 "-" "-"
13.74.103.50 - - [03/Apr/2025:20:58:51 -0400] "GET /wp-admin/maint/ HTTP/1.1" 403 1242 "-" "-"
13.74.103.50 - - [03/Apr/2025:20:58:51 -0400] "GET /wp-content/languages/about.php HTTP/1.1" 404 10270 "-" "-"
13.74.103.50 - - [03/Apr/2025:20:58:51 -0400] "GET /wp-includes/rest-api/fields/radio.php HTTP/1.1" 404 10270 "-" "-"
13.74.103.50 - - [03/Apr/2025:20:58:52 -0400] "GET /.well-known/pki-validation/cloud.php HTTP/1.1" 404 1251 "-" "-"
13.74.103.50 - - [03/Apr/2025:20:58:52 -0400] "GET /wp-includes/fonts/index.php?p= HTTP/1.1" 301 0 "-" "-"
13.74.103.50 - - [03/Apr/2025:20:58:52 -0400] "GET /wp-includes/fonts/ HTTP/1.1" 403 1242 "-" "-"
13.74.103.50 - - [03/Apr/2025:20:58:53 -0400] "GET /wp-sigunq.php HTTP/1.1" 404 10270 "-" "-"
13.74.103.50 - - [03/Apr/2025:20:58:53 -0400] "GET /as.php HTTP/1.1" 404 10270 "-" "-"
13.74.103.50 - - [03/Apr/2025:20:58:54 -0400] "GET /makeasmtp.php HTTP/1.1" 404 10270 "-" "-"
13.74.103.50 - - [03/Apr/2025:20:58:54 -0400] "GET /bak.php HTTP/1.1" 404 10270 "-" "-"
13.74.103.50 - - [03/Apr/2025:20:58:54 -0400] "GET /inputs.php HTTP/1.1" 404 10270 "-" "-"
13.74.103.50 - - [03/Apr/2025:20:58:55 -0400] "GET /wp-admin/network/index.php HTTP/1.1" 302 0 "-" "-"
13.74.103.50 - - [03/Apr/2025:20:58:55 -0400] "GET /wp-login.php?redirect_to=https%3A%2F%2Fgrimslut.com%2Fwp-admin%2Fnetwork%2Findex.php&reauth=1 HTTP/1.1" 200 1955 "-" "-"
13.74.103.50 - - [03/Apr/2025:20:58:55 -0400] "GET /wp-content/plugins/google-seo-rank/module.php HTTP/1.1" 404 10270 "-" "-"
13.74.103.50 - - [03/Apr/2025:20:58:56 -0400] "GET /updates.php HTTP/1.1" 404 10270 "-" "-"
13.74.103.50 - - [03/Apr/2025:20:58:56 -0400] "GET /wp-load.php HTTP/1.1" 200 0 "-" "-"
13.74.103.50 - - [03/Apr/2025:20:58:57 -0400] "GET /.well-known/index.php HTTP/1.1" 301 0 "-" "-"
13.74.103.50 - - [03/Apr/2025:20:58:57 -0400] "GET /.well-known/ HTTP/1.1" 403 1242 "-" "-"
13.74.103.50 - - [03/Apr/2025:20:58:58 -0400] "GET /admin.php HTTP/1.1" 404 10270 "-" "-"
13.74.103.50 - - [03/Apr/2025:20:58:58 -0400] "GET /dropdown.php HTTP/1.1" 404 10270 "-" "-"
13.74.103.50 - - [03/Apr/2025:20:58:59 -0400] "GET /wp-includes/blocks/about.php HTTP/1.1" 404 10270 "-" "-"
13.74.103.50 - - [03/Apr/2025:20:58:59 -0400] "GET /fw.php HTTP/1.1" 404 10270 "-" "-"
13.74.103.50 - - [03/Apr/2025:20:59:00 -0400] "GET /wp-includes/pomo/about.php HTTP/1.1" 404 10270 "-" "-"
13.74.103.50 - - [03/Apr/2025:20:59:02 -0400] "GET /wp-admin/images/about.php HTTP/1.1" 404 10270 "-" "-"
13.74.103.50 - - [03/Apr/2025:20:59:03 -0400] "GET /alfa.php HTTP/1.1" 404 10270 "-" "-"
13.74.103.50 - - [03/Apr/2025:20:59:03 -0400] "GET /wp-admin/user/cloud.php HTTP/1.1" 404 10270 "-" "-"
13.74.103.50 - - [03/Apr/2025:20:59:04 -0400] "GET /lock.php HTTP/1.1" 404 10270 "-" "-"
13.74.103.50 - - [03/Apr/2025:20:59:05 -0400] "GET /wp-admin/css/index.php HTTP/1.1" 301 0 "-" "-"
13.74.103.50 - - [03/Apr/2025:20:59:05 -0400] "GET /wp-admin/css/ HTTP/1.1" 403 1242 "-" "-"
13.74.103.50 - - [03/Apr/2025:20:59:05 -0400] "GET /admin/function.php HTTP/1.1" 404 10270 "-" "-"
13.74.103.50 - - [03/Apr/2025:20:59:06 -0400] "GET /wp-conflg.php HTTP/1.1" 404 10270 "-" "-"
13.74.103.50 - - [03/Apr/2025:20:59:06 -0400] "GET /wp-includes/style-engine/about.php HTTP/1.1" 404 10270 "-" "-"
13.74.103.50 - - [03/Apr/2025:20:59:06 -0400] "GET /wp-trackback.php HTTP/1.1" 404 91 "-" "-"
13.74.103.50 - - [03/Apr/2025:20:59:07 -0400] "GET /content.php HTTP/1.1" 404 10270 "-" "-"
13.74.103.50 - - [03/Apr/2025:20:59:07 -0400] "GET /about.php HTTP/1.1" 404 10270 "-" "-"
13.74.103.50 - - [03/Apr/2025:20:59:08 -0400] "GET /wp-admin/block-support.php HTTP/1.1" 404 10270 "-" "-"
13.74.103.50 - - [03/Apr/2025:20:59:08 -0400] "GET /alfanew.php HTTP/1.1" 404 10270 "-" "-"
13.74.103.50 - - [03/Apr/2025:20:59:09 -0400] "GET /wp-includes/block-support.php HTTP/1.1" 404 10270 "-" "-"
13.74.103.50 - - [03/Apr/2025:20:59:10 -0400] "GET /wp-comments-post.php HTTP/1.1" 405 0 "-" "-"
13.74.103.50 - - [03/Apr/2025:20:59:10 -0400] "GET /wp-atom.php HTTP/1.1" 301 0 "-" "-"
13.74.103.50 - - [03/Apr/2025:20:59:10 -0400] "GET /feed/atom/ HTTP/1.1" 200 41704 "-" "-"
13.74.103.50 - - [03/Apr/2025:20:59:11 -0400] "GET /wp-admin/css/colors/blue/cloud.php HTTP/1.1" 404 10270 "-" "-"
13.74.103.50 - - [03/Apr/2025:20:59:12 -0400] "GET /autoload_classmap.php HTTP/1.1" 404 10270 "-" "-"
198.54.114.83 - - [03/Apr/2025:20:59:13 -0400] "POST /wp-cron.php?doing_wp_cron=1743728352.8346369266510009765625 HTTP/1.1" 200 0 "-" "WordPress/6.7.2; https://grimslut.com"
13.74.103.50 - - [03/Apr/2025:20:59:12 -0400] "GET /yanz.php HTTP/1.1" 404 10270 "-" "-"
198.54.114.83 - - [03/Apr/2025:20:59:14 -0400] "POST /wp-admin/admin-ajax.php?action=async_litespeed&nonce=FDL1WXPYADE40Q5rihxdwnzRa72Qf4e0&litespeed_type=imgoptm HTTP/1.1" 200 0 "-" "WordPress/6.7.2; https://grimslut.com"
13.74.103.50 - - [03/Apr/2025:20:59:14 -0400] "GET /sx.php HTTP/1.1" 404 10270 "-" "-"
13.74.103.50 - - [03/Apr/2025:20:59:15 -0400] "GET /wp-includes/ID3/about.php HTTP/1.1" 404 10270 "-" "-"
13.74.103.50 - - [03/Apr/2025:20:59:16 -0400] "GET /function.php HTTP/1.1" 404 10270 "-" "-"
13.74.103.50 - - [03/Apr/2025:20:59:16 -0400] "GET /wp-includes/rest-api/about.php HTTP/1.1" 404 10270 "-" "-"
13.74.103.50 - - [03/Apr/2025:20:59:17 -0400] "GET /wp-includes/Text/Diff/Engine/wp-login.php HTTP/1.1" 404 10270 "-" "-"
13.74.103.50 - - [03/Apr/2025:20:59:18 -0400] "GET /wp-includes/about.php HTTP/1.1" 404 10270 "-" "-"
13.74.103.50 - - [03/Apr/2025:20:59:18 -0400] "GET /chosen.php?p= HTTP/1.1" 301 0 "-" "-"
13.74.103.50 - - [03/Apr/2025:20:59:18 -0400] "GET /chosen.php HTTP/1.1" 404 10270 "-" "-"
13.74.103.50 - - [03/Apr/2025:20:59:19 -0400] "GET /post.php HTTP/1.1" 404 10270 "-" "-"
13.74.103.50 - - [03/Apr/2025:20:59:19 -0400] "GET /.well-known/cong.php HTTP/1.1" 404 10270 "-" "-"
13.74.103.50 - - [03/Apr/2025:20:59:20 -0400] "GET /wp-admin/css/colors/blue/about.php HTTP/1.1" 404 10270 "-" "-"
13.74.103.50 - - [03/Apr/2025:20:59:20 -0400] "GET /log.php HTTP/1.1" 404 10270 "-" "-"
13.74.103.50 - - [03/Apr/2025:20:59:20 -0400] "GET /index.php?p= HTTP/1.1" 301 0 "-" "-"
13.74.103.50 - - [03/Apr/2025:20:59:21 -0400] "GET / HTTP/1.1" 200 20851 "-" "-"
13.74.103.50 - - [03/Apr/2025:20:59:21 -0400] "GET /.well-known/pki-validation/about.php HTTP/1.1" 404 1251 "-" "-"
13.74.103.50 - - [03/Apr/2025:20:59:22 -0400] "GET /wp-admin/includes/about.php HTTP/1.1" 404 10270 "-" "-"
13.74.103.50 - - [03/Apr/2025:20:59:23 -0400] "GET /.well-known/acme-challenge/mariju.php HTTP/1.1" 404 10270 "-" "-"
13.74.103.50 - - [03/Apr/2025:20:59:24 -0400] "GET /options.php HTTP/1.1" 404 10270 "-" "-"
13.74.103.50 - - [03/Apr/2025:20:59:24 -0400] "GET /css.php HTTP/1.1" 404 10270 "-" "-"
13.74.103.50 - - [03/Apr/2025:20:59:24 -0400] "GET /wp-content/plugins/core-plugin/include.php HTTP/1.1" 404 10270 "-" "-"
13.74.103.50 - - [03/Apr/2025:20:59:25 -0400] "GET /config.php HTTP/1.1" 404 10270 "-" "-"
13.74.103.50 - - [03/Apr/2025:20:59:25 -0400] "GET /wp-content/themes/seotheme/mar.php HTTP/1.1" 404 10270 "-" "-"
13.74.103.50 - - [03/Apr/2025:20:59:26 -0400] "GET /wp-admin/includes/xmrlpc.php?p= HTTP/1.1" 301 0 "-" "-"
13.74.103.50 - - [03/Apr/2025:20:59:26 -0400] "GET /wp-admin/includes/xmrlpc.php HTTP/1.1" 404 10270 "-" "-"
13.74.103.50 - - [03/Apr/2025:20:59:27 -0400] "GET /wp-admin/css/colors/coffee/index.php HTTP/1.1" 301 0 "-" "-"
13.74.103.50 - - [03/Apr/2025:20:59:27 -0400] "GET /wp-admin/css/colors/coffee/ HTTP/1.1" 403 1242 "-" "-"
13.74.103.50 - - [03/Apr/2025:20:59:27 -0400] "GET /wp-admin/images/index.php HTTP/1.1" 301 0 "-" "-"
13.74.103.50 - - [03/Apr/2025:20:59:27 -0400] "GET /wp-admin/images/ HTTP/1.1" 403 1242 "-" "-"
13.74.103.50 - - [03/Apr/2025:20:59:28 -0400] "GET /buy.php HTTP/1.1" 404 10270 "-" "-"
13.74.103.50 - - [03/Apr/2025:20:59:28 -0400] "GET /wp-admin/setup-config.php HTTP/1.1" 409 1041 "-" "-"
13.74.103.50 - - [03/Apr/2025:20:59:29 -0400] "GET /mail.php HTTP/1.1" 404 10270 "-" "-"
13.74.103.50 - - [03/Apr/2025:20:59:30 -0400] "GET /wp-content/themes/wp-pridmag/init.php HTTP/1.1" 404 10270 "-" "-"
13.74.103.50 - - [03/Apr/2025:20:59:30 -0400] "GET /lv.php HTTP/1.1" 404 10270 "-" "-"
13.74.103.50 - - [03/Apr/2025:20:59:30 -0400] "GET /wp-admin/css/about.php HTTP/1.1" 404 10270 "-" "-"
13.74.103.50 - - [03/Apr/2025:20:59:31 -0400] "GET /bypass.php HTTP/1.1" 404 10270 "-" "-"
13.74.103.50 - - [03/Apr/2025:20:59:31 -0400] "GET /network.php HTTP/1.1" 404 10270 "-" "-"
13.74.103.50 - - [03/Apr/2025:20:59:32 -0400] "GET /.well-known/acme-challenge/index.php HTTP/1.1" 301 0 "-" "-"
13.74.103.50 - - [03/Apr/2025:20:59:32 -0400] "GET /.well-known/acme-challenge/ HTTP/1.1" 404 10270 "-" "-"
13.74.103.50 - - [03/Apr/2025:20:59:32 -0400] "GET /cgi-bin/xmrlpc.php?p= HTTP/1.1" 301 0 "-" "-"
13.74.103.50 - - [03/Apr/2025:20:59:33 -0400] "GET /cgi-bin/xmrlpc.php HTTP/1.1" 404 10270 "-" "-"
13.74.103.50 - - [03/Apr/2025:20:59:33 -0400] "GET /wp-includes/IXR/about.php HTTP/1.1" 404 10270 "-" "-"
13.74.103.50 - - [03/Apr/2025:20:59:34 -0400] "GET /wp-content/plugins/index.php HTTP/1.1" 200 0 "-" "-"
13.74.103.50 - - [03/Apr/2025:20:59:35 -0400] "GET /ini.php HTTP/1.1" 404 10270 "-" "-"
13.74.103.50 - - [03/Apr/2025:20:59:35 -0400] "GET /wp-content/themes/about.php HTTP/1.1" 404 10270 "-" "-"
13.74.103.50 - - [03/Apr/2025:20:59:35 -0400] "GET /info.php HTTP/1.1" 404 10270 "-" "-"
13.74.103.50 - - [03/Apr/2025:20:59:36 -0400] "GET /wp.php HTTP/1.1" 404 10270 "-" "-"
13.74.103.50 - - [03/Apr/2025:20:59:37 -0400] "GET /wp-includes/admin.php HTTP/1.1" 404 10270 "-" "-"
13.74.103.50 - - [03/Apr/2025:20:59:37 -0400] "GET /ae.php HTTP/1.1" 404 10270 "-" "-"
13.74.103.50 - - [03/Apr/2025:20:59:38 -0400] "GET /wp-content/plugins/pwnd/as.php HTTP/1.1" 404 10270 "-" "-"
13.74.103.50 - - [03/Apr/2025:20:59:39 -0400] "GET /edit.php HTTP/1.1" 404 10270 "-" "-"
13.74.103.50 - - [03/Apr/2025:20:59:39 -0400] "GET /index.php HTTP/1.1" 301 0 "-" "-"
13.74.103.50 - - [03/Apr/2025:20:59:39 -0400] "GET / HTTP/1.1" 200 20851 "-" "-"
13.74.103.50 - - [03/Apr/2025:20:59:40 -0400] "GET /wp-content/index.php HTTP/1.1" 200 0 "-" "-"
13.74.103.50 - - [03/Apr/2025:20:59:40 -0400] "GET /wp-blog-header.php HTTP/1.1" 404 0 "-" "-"
13.74.103.50 - - [03/Apr/2025:20:59:41 -0400] "GET /user.php HTTP/1.1" 404 10270 "-" "-"
13.74.103.50 - - [03/Apr/2025:20:59:41 -0400] "GET /cong.php HTTP/1.1" 404 10270 "-" "-"
13.74.103.50 - - [03/Apr/2025:20:59:41 -0400] "GET /plugins.php HTTP/1.1" 404 10270 "-" "-"
13.74.103.50 - - [03/Apr/2025:20:59:42 -0400] "GET /chosen.php HTTP/1.1" 404 10270 "-" "-"
13.74.103.50 - - [03/Apr/2025:20:59:42 -0400] "GET /ws.php HTTP/1.1" 404 10270 "-" "-"
13.74.103.50 - - [03/Apr/2025:20:59:43 -0400] "GET /classsmtps.php HTTP/1.1" 404 10270 "-" "-"
13.74.103.50 - - [03/Apr/2025:20:59:43 -0400] "GET /link.php HTTP/1.1" 404 10270 "-" "-"
13.74.103.50 - - [03/Apr/2025:20:59:43 -0400] "GET /install.php HTTP/1.1" 404 10270 "-" "-"
13.74.103.50 - - [03/Apr/2025:20:59:44 -0400] "GET /wp-content/banners/about.php HTTP/1.1" 404 10270 "-" "-"
13.74.103.50 - - [03/Apr/2025:20:59:44 -0400] "GET /wso112233.php HTTP/1.1" 404 10270 "-" "-"
13.74.103.50 - - [03/Apr/2025:20:59:45 -0400] "GET /radio.php HTTP/1.1" 404 10270 "-" "-"
13.74.103.50 - - [03/Apr/2025:20:59:45 -0400] "GET /wp-signup.php HTTP/1.1" 302 0 "-" "-"
13.74.103.50 - - [03/Apr/2025:20:59:45 -0400] "GET /wp-login.php?action=register HTTP/1.1" 302 0 "-" "-"
13.74.103.50 - - [03/Apr/2025:20:59:46 -0400] "GET /wp-login.php?registration=disabled HTTP/1.1" 200 2023 "-" "-"
13.74.103.50 - - [03/Apr/2025:20:59:46 -0400] "GET /simple.php HTTP/1.1" 404 10270 "-" "-"
13.74.103.50 - - [03/Apr/2025:20:59:47 -0400] "GET /wp-content/about.php HTTP/1.1" 404 10270 "-" "-"
13.74.103.50 - - [03/Apr/2025:20:59:47 -0400] "GET /wp-includes/autoload_classmap.php HTTP/1.1" 404 10270 "-" "-"
13.74.103.50 - - [03/Apr/2025:20:59:48 -0400] "GET /wp-includes/customize/about.php HTTP/1.1" 404 10270 "-" "-"
13.74.103.50 - - [03/Apr/2025:20:59:48 -0400] "GET /wp-includes/Requests/about.php HTTP/1.1" 404 10270 "-" "-"
13.74.103.50 - - [03/Apr/2025:20:59:48 -0400] "GET /wp-admin/radio.php HTTP/1.1" 404 10270 "-" "-"
13.74.103.50 - - [03/Apr/2025:20:59:49 -0400] "GET /wp-2019.php HTTP/1.1" 404 10270 "-" "-"
13.74.103.50 - - [03/Apr/2025:20:59:50 -0400] "GET /shell.php HTTP/1.1" 404 10270 "-" "-"
13.74.103.50 - - [03/Apr/2025:20:59:50 -0400] "GET /wp-admin/css/colors/index.php HTTP/1.1" 301 0 "-" "-"
13.74.103.50 - - [03/Apr/2025:20:59:50 -0400] "GET /wp-admin/css/colors/ HTTP/1.1" 403 1242 "-" "-"
198.54.114.83 - - [03/Apr/2025:21:00:41 -0400] "POST /wp-cron.php?doing_wp_cron=1743728441.7514638900756835937500 HTTP/1.1" 200 0 "-" "WordPress/6.7.2; https://grimslut.com"
18.221.40.152 - - [03/Apr/2025:21:00:41 -0400] "GET /?p=338 HTTP/1.1" 301 0 "-" "Mozilla/5.0 AppleWebKit/537.36 (KHTML, like Gecko; compatible; ClaudeBot/1.0; +claudebot@anthropic.com)"
18.221.40.152 - - [03/Apr/2025:21:00:42 -0400] "GET /enhancing-workplace-efficiency-with-employee-communication-apps/ HTTP/1.1" 200 15099 "https://grimslut.com/?p=338" "Mozilla/5.0 AppleWebKit/537.36 (KHTML, like Gecko; compatible; ClaudeBot/1.0; +claudebot@anthropic.com)"
198.54.114.83 - - [03/Apr/2025:21:00:42 -0400] "POST /wp-admin/admin-ajax.php?action=async_litespeed&nonce=ReVYztRSX5hz1YKPpufLfT6x8tZa1Gvw&litespeed_type=imgoptm HTTP/1.1" 200 5 "-" "WordPress/6.7.2; https://grimslut.com"
43.130.15.147 - - [03/Apr/2025:21:02:42 -0400] "GET /ihr-zuverlassiger-partner/ HTTP/1.1" 200 15486 "-" "Mozilla/5.0 (iPhone; CPU iPhone OS 13_2_3 like Mac OS X) AppleWebKit/605.1.15 (KHTML, like Gecko) Version/13.0.3 Mobile/15E148 Safari/604.1"
198.54.114.83 - - [03/Apr/2025:21:04:35 -0400] "POST /wp-cron.php?doing_wp_cron=1743728674.8040308952331542968750 HTTP/1.1" 200 0 "-" "WordPress/6.7.2; https://grimslut.com"
18.216.45.133 - - [03/Apr/2025:21:04:33 -0400] "GET /exploring-rainbow-riches-casino-a-vibrant-gaming-experience/feed HTTP/1.1" 301 0 "-" "Mozilla/5.0 AppleWebKit/537.36 (KHTML, like Gecko; compatible; ClaudeBot/1.0; +claudebot@anthropic.com)"
18.216.45.133 - - [03/Apr/2025:21:04:35 -0400] "GET /exploring-rainbow-riches-casino-a-vibrant-gaming-experience/feed/ HTTP/1.1" 200 428 "https://grimslut.com/exploring-rainbow-riches-casino-a-vibrant-gaming-experience/feed" "Mozilla/5.0 AppleWebKit/537.36 (KHTML, like Gecko; compatible; ClaudeBot/1.0; +claudebot@anthropic.com)"
198.54.114.83 - - [03/Apr/2025:21:04:35 -0400] "POST /wp-admin/admin-ajax.php?action=async_litespeed&nonce=X7SMRArfcjsFPheRC9H3R0Kcn6CvLJl7&litespeed_type=imgoptm HTTP/1.1" 200 5 "-" "WordPress/6.7.2; https://grimslut.com"
18.226.52.105 - - [03/Apr/2025:21:06:12 -0400] "GET /wp-json/oembed/1.0/embed?url=https%3A%2F%2Fgrimslut.com%2Fexploring-rainbow-riches-casino-a-vibrant-gaming-experience%2F HTTP/1.1" 200 2295 "-" "Mozilla/5.0 AppleWebKit/537.36 (KHTML, like Gecko; compatible; ClaudeBot/1.0; +claudebot@anthropic.com)"
198.54.114.83 - - [03/Apr/2025:21:06:13 -0400] "POST /wp-cron.php?doing_wp_cron=1743728773.4436590671539306640625 HTTP/1.1" 200 0 "-" "WordPress/6.7.2; https://grimslut.com"
18.226.52.105 - - [03/Apr/2025:21:06:12 -0400] "GET /?p=299 HTTP/1.1" 301 0 "-" "Mozilla/5.0 AppleWebKit/537.36 (KHTML, like Gecko; compatible; ClaudeBot/1.0; +claudebot@anthropic.com)"
198.54.114.83 - - [03/Apr/2025:21:06:14 -0400] "POST /wp-admin/admin-ajax.php?action=async_litespeed&nonce=aVVcR1gRSo1itTiG7p1qAtQeszlcsawN&litespeed_type=imgoptm HTTP/1.1" 200 5 "-" "WordPress/6.7.2; https://grimslut.com"
18.226.52.105 - - [03/Apr/2025:21:06:14 -0400] "GET /exploring-rainbow-riches-casino-a-vibrant-gaming-experience/ HTTP/1.1" 200 15609 "https://grimslut.com/?p=299" "Mozilla/5.0 AppleWebKit/537.36 (KHTML, like Gecko; compatible; ClaudeBot/1.0; +claudebot@anthropic.com)"
198.54.114.83 - - [03/Apr/2025:21:09:36 -0400] "POST /wp-cron.php?doing_wp_cron=1743728976.0415780544281005859375 HTTP/1.1" 200 0 "-" "WordPress/6.7.2; https://grimslut.com"
18.118.82.212 - - [03/Apr/2025:21:09:34 -0400] "GET /creating-comfort-the-essential-elements-of-hotel-room-furniture/feed HTTP/1.1" 301 0 "-" "Mozilla/5.0 AppleWebKit/537.36 (KHTML, like Gecko; compatible; ClaudeBot/1.0; +claudebot@anthropic.com)"
18.118.82.212 - - [03/Apr/2025:21:09:36 -0400] "GET /creating-comfort-the-essential-elements-of-hotel-room-furniture/feed/ HTTP/1.1" 200 432 "https://grimslut.com/creating-comfort-the-essential-elements-of-hotel-room-furniture/feed" "Mozilla/5.0 AppleWebKit/537.36 (KHTML, like Gecko; compatible; ClaudeBot/1.0; +claudebot@anthropic.com)"
198.54.114.83 - - [03/Apr/2025:21:09:36 -0400] "POST /wp-admin/admin-ajax.php?action=async_litespeed&nonce=esSaN4jTsppwPNupXRyngp07Zvu7ZLKn&litespeed_type=imgoptm HTTP/1.1" 200 5 "-" "WordPress/6.7.2; https://grimslut.com"
43.130.71.237 - - [03/Apr/2025:21:12:50 -0400] "GET /rejuvenate-and-revitalize/ HTTP/1.1" 200 15387 "-" "Mozilla/5.0 (iPhone; CPU iPhone OS 13_2_3 like Mac OS X) AppleWebKit/605.1.15 (KHTML, like Gecko) Version/13.0.3 Mobile/15E148 Safari/604.1"
129.80.255.13 - - [03/Apr/2025:21:14:02 -0400] "GET //wp-includes/ID3/license.txt HTTP/1.1" 200 414 "-" "Mozilla/5.0 (Windows NT 10.0; Win64; x64) AppleWebKit/537.36 (KHTML, like Gecko) Chrome/95.0.4638.69 Safari/537.36"
198.54.114.83 - - [03/Apr/2025:21:14:04 -0400] "POST /wp-cron.php?doing_wp_cron=1743729244.6346340179443359375000 HTTP/1.1" 200 0 "-" "WordPress/6.7.2; https://grimslut.com"
129.80.255.13 - - [03/Apr/2025:21:14:02 -0400] "GET //feed/ HTTP/1.1" 301 0 "-" "Mozilla/5.0 (Windows NT 10.0; Win64; x64) AppleWebKit/537.36 (KHTML, like Gecko) Chrome/95.0.4638.69 Safari/537.36"
129.80.255.13 - - [03/Apr/2025:21:14:05 -0400] "GET //xmlrpc.php?rsd HTTP/1.1" 200 292 "-" "Mozilla/5.0 (Windows NT 10.0; Win64; x64) AppleWebKit/537.36 (KHTML, like Gecko) Chrome/95.0.4638.69 Safari/537.36"
129.80.255.13 - - [03/Apr/2025:21:14:05 -0400] "GET //?author=1 HTTP/1.1" 301 0 "-" "Mozilla/5.0 (Windows NT 10.0; Win64; x64) AppleWebKit/537.36 (KHTML, like Gecko) Chrome/95.0.4638.69 Safari/537.36"
129.80.255.13 - - [03/Apr/2025:21:14:05 -0400] "GET //?author=2 HTTP/1.1" 301 0 "-" "Mozilla/5.0 (Windows NT 10.0; Win64; x64) AppleWebKit/537.36 (KHTML, like Gecko) Chrome/95.0.4638.69 Safari/537.36"
129.80.255.13 - - [03/Apr/2025:21:14:05 -0400] "GET //?author=3 HTTP/1.1" 301 0 "-" "Mozilla/5.0 (Windows NT 10.0; Win64; x64) AppleWebKit/537.36 (KHTML, like Gecko) Chrome/95.0.4638.69 Safari/537.36"
129.80.255.13 - - [03/Apr/2025:21:14:05 -0400] "GET //wp-json/wp/v2/users/ HTTP/1.1" 200 1236 "-" "Mozilla/5.0 (Windows NT 10.0; Win64; x64) AppleWebKit/537.36 (KHTML, like Gecko) Chrome/95.0.4638.69 Safari/537.36"
198.54.114.83 - - [03/Apr/2025:21:14:05 -0400] "POST /wp-admin/admin-ajax.php?action=async_litespeed&nonce=NFtNry0uvfY6FLrYWGNXtNTSMHDANt0k&litespeed_type=imgoptm HTTP/1.1" 200 5 "-" "WordPress/6.7.2; https://grimslut.com"
129.80.255.13 - - [03/Apr/2025:21:14:06 -0400] "POST //xmlrpc.php HTTP/1.1" 200 205 "-" "Mozilla/5.0 (Windows NT 10.0; Win64; x64) AppleWebKit/537.36 (KHTML, like Gecko) Chrome/95.0.4638.69 Safari/537.36"
129.80.255.13 - - [03/Apr/2025:21:14:06 -0400] "POST //xmlrpc.php HTTP/1.1" 200 205 "-" "Mozilla/5.0 (Windows NT 10.0; Win64; x64) AppleWebKit/537.36 (KHTML, like Gecko) Chrome/95.0.4638.69 Safari/537.36"
129.80.255.13 - - [03/Apr/2025:21:14:06 -0400] "POST //xmlrpc.php HTTP/1.1" 200 205 "-" "Mozilla/5.0 (Windows NT 10.0; Win64; x64) AppleWebKit/537.36 (KHTML, like Gecko) Chrome/95.0.4638.69 Safari/537.36"
129.80.255.13 - - [03/Apr/2025:21:14:07 -0400] "POST //xmlrpc.php HTTP/1.1" 200 205 "-" "Mozilla/5.0 (Windows NT 10.0; Win64; x64) AppleWebKit/537.36 (KHTML, like Gecko) Chrome/95.0.4638.69 Safari/537.36"
129.80.255.13 - - [03/Apr/2025:21:14:07 -0400] "POST //xmlrpc.php HTTP/1.1" 200 205 "-" "Mozilla/5.0 (Windows NT 10.0; Win64; x64) AppleWebKit/537.36 (KHTML, like Gecko) Chrome/95.0.4638.69 Safari/537.36"
129.80.255.13 - - [03/Apr/2025:21:14:07 -0400] "POST //xmlrpc.php HTTP/1.1" 200 205 "-" "Mozilla/5.0 (Windows NT 10.0; Win64; x64) AppleWebKit/537.36 (KHTML, like Gecko) Chrome/95.0.4638.69 Safari/537.36"
198.98.55.56 - - [03/Apr/2025:21:14:21 -0400] "GET /wp-login.php HTTP/1.1" 200 1951 "-" "Mozilla/5.0 (Windows NT 6.3; WOW64; Trident/7.0; rv:11.0) like Gecko"
198.54.114.83 - - [03/Apr/2025:21:14:21 -0400] "POST /wp-cron.php?doing_wp_cron=1743729261.8642330169677734375000 HTTP/1.1" 200 0 "-" "WordPress/6.7.2; https://grimslut.com"
198.98.55.56 - - [03/Apr/2025:21:14:21 -0400] "POST /wp-login.php HTTP/1.1" 200 2086 "-" "Mozilla/5.0 (Windows NT 6.3; WOW64; Trident/7.0; rv:11.0) like Gecko"
198.54.114.83 - - [03/Apr/2025:21:14:22 -0400] "POST /wp-admin/admin-ajax.php?action=async_litespeed&nonce=VO4zWEVq3FPPbIxNCeN0QJTZtSOEZ7gt&litespeed_type=imgoptm HTTP/1.1" 200 5 "-" "WordPress/6.7.2; https://grimslut.com"
94.103.88.177 - - [03/Apr/2025:21:14:57 -0400] "GET /exploring-the-multicanais-phenomenon/ HTTP/1.1" 200 15499 "https://grimslut.com/exploring-the-multicanais-phenomenon/" "Mozilla/5.0 (Windows NT 10.0; Win64; x64) AppleWebKit/537.36 (KHTML, like Gecko) Chrome/130.0.0.0 Safari/537.36"
94.103.88.177 - - [03/Apr/2025:21:14:58 -0400] "POST /wp-comments-post.php HTTP/1.1" 302 0 "https://grimslut.com/exploring-the-multicanais-phenomenon/" "Mozilla/5.0 (Windows NT 10.0; Win64; x64) AppleWebKit/537.36 (KHTML, like Gecko) Chrome/130.0.0.0 Safari/537.36"
94.103.88.177 - - [03/Apr/2025:21:15:00 -0400] "GET /exploring-the-multicanais-phenomenon/ HTTP/1.1" 200 16539 "https://grimslut.com/exploring-the-multicanais-phenomenon/#comment-6583" "Mozilla/5.0 (Windows NT 10.0; Win64; x64) AppleWebKit/537.36 (KHTML, like Gecko) Chrome/130.0.0.0 Safari/537.36"
94.103.88.177 - - [03/Apr/2025:21:20:49 -0400] "GET /exploring-the-multicanais-phenomenon/ HTTP/1.1" 200 15499 "https://grimslut.com/exploring-the-multicanais-phenomenon/" "Mozilla/5.0 (Windows NT 10.0; Win64; x64) AppleWebKit/537.36 (KHTML, like Gecko) Chrome/130.0.0.0 Safari/537.36 CCleaner/130.0.0.0"
198.54.114.83 - - [03/Apr/2025:21:20:53 -0400] "POST /wp-cron.php?doing_wp_cron=1743729652.9934239387512207031250 HTTP/1.1" 200 0 "-" "WordPress/6.7.2; https://grimslut.com"
198.54.114.83 - - [03/Apr/2025:21:20:53 -0400] "POST /wp-admin/admin-ajax.php?action=async_litespeed&nonce=dWXa6tsziahcD9v7xXKdHUpj2J5IW2Gi&litespeed_type=imgoptm HTTP/1.1" 200 5 "-" "WordPress/6.7.2; https://grimslut.com"
94.103.88.177 - - [03/Apr/2025:21:20:50 -0400] "POST /wp-comments-post.php HTTP/1.1" 302 0 "https://grimslut.com/exploring-the-multicanais-phenomenon/" "Mozilla/5.0 (Windows NT 10.0; Win64; x64) AppleWebKit/537.36 (KHTML, like Gecko) Chrome/130.0.0.0 Safari/537.36 CCleaner/130.0.0.0"
94.103.88.177 - - [03/Apr/2025:21:20:55 -0400] "GET /exploring-the-multicanais-phenomenon/ HTTP/1.1" 200 16252 "https://grimslut.com/exploring-the-multicanais-phenomenon/#comment-6584" "Mozilla/5.0 (Windows NT 10.0; Win64; x64) AppleWebKit/537.36 (KHTML, like Gecko) Chrome/130.0.0.0 Safari/537.36 CCleaner/130.0.0.0"
43.153.19.83 - - [03/Apr/2025:21:22:03 -0400] "GET /top-craft-weed-choices-in-canada/ HTTP/1.1" 200 15613 "-" "Mozilla/5.0 (iPhone; CPU iPhone OS 13_2_3 like Mac OS X) AppleWebKit/605.1.15 (KHTML, like Gecko) Version/13.0.3 Mobile/15E148 Safari/604.1"
52.167.144.225 - - [03/Apr/2025:21:26:03 -0400] "GET /category/home-kitchen/ HTTP/1.1" 200 12233 "-" "Mozilla/5.0 AppleWebKit/537.36 (KHTML, like Gecko; compatible; bingbot/2.0; +http://www.bing.com/bingbot.htm) Chrome/116.0.1938.76 Safari/537.36"
195.191.219.132 - - [03/Apr/2025:21:27:21 -0400] "GET /robots.txt HTTP/1.1" 304 0 "-" "Mozilla/5.0 (compatible; MJ12bot/v2.0.0; http://mj12bot.com/)"
195.191.219.132 - - [03/Apr/2025:21:27:22 -0400] "GET / HTTP/1.1" 200 20851 "-" "Mozilla/5.0 (compatible; MJ12bot/v2.0.0; http://mj12bot.com/)"
2001:41d0:203:c92::1 - - [03/Apr/2025:21:28:07 -0400] "GET /robots.txt HTTP/1.1" 200 61 "-" "Mozilla/5.0 (compatible; MJ12bot/v1.4.8; http://mj12bot.com/)"
2001:41d0:203:c92::1 - - [03/Apr/2025:21:28:18 -0400] "GET /realtor-virtual-receptionist-revolutionizing-client-communication/ HTTP/1.1" 200 15574 "-" "Mozilla/5.0 (compatible; MJ12bot/v1.4.8; http://mj12bot.com/)"
198.54.114.83 - - [03/Apr/2025:21:32:08 -0400] "POST /wp-cron.php?doing_wp_cron=1743730327.9561629295349121093750 HTTP/1.1" 200 0 "-" "WordPress/6.7.2; https://grimslut.com"
43.157.202.235 - - [03/Apr/2025:21:32:05 -0400] "GET /?p=585 HTTP/1.1" 301 0 "-" "Mozilla/5.0 (iPhone; CPU iPhone OS 13_2_3 like Mac OS X) AppleWebKit/605.1.15 (KHTML, like Gecko) Version/13.0.3 Mobile/15E148 Safari/604.1"
198.54.114.83 - - [03/Apr/2025:21:32:08 -0400] "POST /wp-admin/admin-ajax.php?action=async_litespeed&nonce=ALQtPr9EVdzXl85fQWo3kV2oK2aPeuph&litespeed_type=imgoptm HTTP/1.1" 200 5 "-" "WordPress/6.7.2; https://grimslut.com"
43.157.202.235 - - [03/Apr/2025:21:32:09 -0400] "GET /introduction-to-virtual-telephone-answering-services/ HTTP/1.1" 200 15425 "https://grimslut.com/?p=585" "Mozilla/5.0 (iPhone; CPU iPhone OS 13_2_3 like Mac OS X) AppleWebKit/605.1.15 (KHTML, like Gecko) Version/13.0.3 Mobile/15E148 Safari/604.1"
71.40.108.36 - - [03/Apr/2025:21:36:32 -0400] "GET /wp-login.php HTTP/1.1" 200 1951 "-" "GRequests/0.10"
198.54.114.83 - - [03/Apr/2025:21:36:36 -0400] "POST /wp-cron.php?doing_wp_cron=1743730595.7259221076965332031250 HTTP/1.1" 200 0 "-" "WordPress/6.7.2; https://grimslut.com"
71.40.108.36 - - [03/Apr/2025:21:36:33 -0400] "POST /wp-login.php HTTP/1.1" 200 2086 "-" "GRequests/0.10"
198.54.114.83 - - [03/Apr/2025:21:36:36 -0400] "POST /wp-admin/admin-ajax.php?action=async_litespeed&nonce=wKonux5ExpLKReywxftdrUNsfVuAWvQX&litespeed_type=imgoptm HTTP/1.1" 200 5 "-" "WordPress/6.7.2; https://grimslut.com"
134.17.14.122 - - [03/Apr/2025:21:37:23 -0400] "GET /wp-includes/wp-class.php HTTP/1.1" 404 10270 "-" "Mozilla/4.0 (compatible; MSIE 6.0; Windows NT 5.1; SV1)"
195.2.76.117 - - [03/Apr/2025:21:41:42 -0400] "GET /exploring-the-multicanais-phenomenon/ HTTP/1.1" 200 15499 "https://grimslut.com/exploring-the-multicanais-phenomenon/" "Mozilla/5.0 (Windows NT 10.0; Win64; x64) AppleWebKit/537.36 (KHTML, like Gecko) Chrome/130.0.0.0 Safari/537.36 CCleaner/130.0.0.0"
198.54.114.83 - - [03/Apr/2025:21:41:45 -0400] "POST /wp-cron.php?doing_wp_cron=1743730905.6830620765686035156250 HTTP/1.1" 200 0 "-" "WordPress/6.7.2; https://grimslut.com"
198.54.114.83 - - [03/Apr/2025:21:41:46 -0400] "POST /wp-admin/admin-ajax.php?action=async_litespeed&nonce=s4o9OIVNyVAvVy1H0eC8naWc5U4U0HPy&litespeed_type=imgoptm HTTP/1.1" 200 5 "-" "WordPress/6.7.2; https://grimslut.com"
195.2.76.117 - - [03/Apr/2025:21:41:42 -0400] "POST /wp-comments-post.php HTTP/1.1" 302 0 "https://grimslut.com/exploring-the-multicanais-phenomenon/" "Mozilla/5.0 (Windows NT 10.0; Win64; x64) AppleWebKit/537.36 (KHTML, like Gecko) Chrome/130.0.0.0 Safari/537.36 CCleaner/130.0.0.0"
195.2.76.117 - - [03/Apr/2025:21:41:48 -0400] "GET /exploring-the-multicanais-phenomenon/ HTTP/1.1" 200 16082 "https://grimslut.com/exploring-the-multicanais-phenomenon/#comment-6585" "Mozilla/5.0 (Windows NT 10.0; Win64; x64) AppleWebKit/537.36 (KHTML, like Gecko) Chrome/130.0.0.0 Safari/537.36 CCleaner/130.0.0.0"
198.54.114.83 - - [03/Apr/2025:21:42:49 -0400] "POST /wp-cron.php?doing_wp_cron=1743730969.4566640853881835937500 HTTP/1.1" 200 0 "-" "WordPress/6.7.2; https://grimslut.com"
3.15.145.105 - - [03/Apr/2025:21:42:49 -0400] "GET /wp-json/wp/v2/posts/201 HTTP/1.1" 200 4168 "-" "Mozilla/5.0 AppleWebKit/537.36 (KHTML, like Gecko; compatible; ClaudeBot/1.0; +claudebot@anthropic.com)"
198.54.114.83 - - [03/Apr/2025:21:42:50 -0400] "POST /wp-admin/admin-ajax.php?action=async_litespeed&nonce=tJIHToFNKjFjfMI8dsdwoU4TEblPU1do&litespeed_type=imgoptm HTTP/1.1" 200 5 "-" "WordPress/6.7.2; https://grimslut.com"
198.54.114.83 - - [03/Apr/2025:21:43:48 -0400] "POST /wp-cron.php?doing_wp_cron=1743731028.6763429641723632812500 HTTP/1.1" 200 0 "-" "WordPress/6.7.2; https://grimslut.com"
49.51.253.26 - - [03/Apr/2025:21:43:48 -0400] "GET /wp-json/oembed/1.0/embed?url=https%3A%2F%2Fgrimslut.com%2Fa-premier-gaming-destination-2%2F HTTP/1.1" 200 2141 "-" "Mozilla/5.0 (iPhone; CPU iPhone OS 13_2_3 like Mac OS X) AppleWebKit/605.1.15 (KHTML, like Gecko) Version/13.0.3 Mobile/15E148 Safari/604.1"
198.54.114.83 - - [03/Apr/2025:21:43:49 -0400] "POST /wp-admin/admin-ajax.php?action=async_litespeed&nonce=iTBzam8QmY4Abm2Xj9fPQQdZTmkuFBpm&litespeed_type=imgoptm HTTP/1.1" 200 5 "-" "WordPress/6.7.2; https://grimslut.com"
3.145.15.153 - - [03/Apr/2025:21:50:20 -0400] "GET /key-mocra-requirements-for-businesses HTTP/1.1" 301 0 "-" "Mozilla/5.0 AppleWebKit/537.36 (KHTML, like Gecko; compatible; ClaudeBot/1.0; +claudebot@anthropic.com)"
3.145.15.153 - - [03/Apr/2025:21:50:20 -0400] "GET /key-mocra-requirements-for-businesses/ HTTP/1.1" 200 15685 "https://grimslut.com/key-mocra-requirements-for-businesses" "Mozilla/5.0 AppleWebKit/537.36 (KHTML, like Gecko; compatible; ClaudeBot/1.0; +claudebot@anthropic.com)"
43.130.102.7 - - [03/Apr/2025:21:53:09 -0400] "GET /ihr-umzugsunternehmen-in-luneburg/ HTTP/1.1" 200 15464 "-" "Mozilla/5.0 (iPhone; CPU iPhone OS 13_2_3 like Mac OS X) AppleWebKit/605.1.15 (KHTML, like Gecko) Version/13.0.3 Mobile/15E148 Safari/604.1"
3.144.152.239 - - [03/Apr/2025:21:55:28 -0400] "GET /?p=281 HTTP/1.1" 301 0 "-" "Mozilla/5.0 AppleWebKit/537.36 (KHTML, like Gecko; compatible; ClaudeBot/1.0; +claudebot@anthropic.com)"
3.144.152.239 - - [03/Apr/2025:21:55:28 -0400] "GET /a-new-era-of-gaming HTTP/1.1" 301 0 "-" "Mozilla/5.0 AppleWebKit/537.36 (KHTML, like Gecko; compatible; ClaudeBot/1.0; +claudebot@anthropic.com)"
198.54.114.83 - - [03/Apr/2025:21:55:30 -0400] "POST /wp-cron.php?doing_wp_cron=1743731729.9268140792846679687500 HTTP/1.1" 200 0 "-" "WordPress/6.7.2; https://grimslut.com"
3.144.152.239 - - [03/Apr/2025:21:55:28 -0400] "GET /how-to-lock-screen-on-mac HTTP/1.1" 301 0 "-" "Mozilla/5.0 AppleWebKit/537.36 (KHTML, like Gecko; compatible; ClaudeBot/1.0; +claudebot@anthropic.com)"
3.144.152.239 - - [03/Apr/2025:21:55:30 -0400] "GET /convertidores-de-unidades-de-par-comprendiendo-su-importancia/ HTTP/1.1" 200 15511 "https://grimslut.com/?p=281" "Mozilla/5.0 AppleWebKit/537.36 (KHTML, like Gecko; compatible; ClaudeBot/1.0; +claudebot@anthropic.com)"
3.144.152.239 - - [03/Apr/2025:21:55:30 -0400] "GET /a-new-era-of-gaming/ HTTP/1.1" 200 15338 "https://grimslut.com/a-new-era-of-gaming" "Mozilla/5.0 AppleWebKit/537.36 (KHTML, like Gecko; compatible; ClaudeBot/1.0; +claudebot@anthropic.com)"
3.144.152.239 - - [03/Apr/2025:21:55:30 -0400] "GET /how-to-lock-screen-on-mac/ HTTP/1.1" 200 16543 "https://grimslut.com/how-to-lock-screen-on-mac" "Mozilla/5.0 AppleWebKit/537.36 (KHTML, like Gecko; compatible; ClaudeBot/1.0; +claudebot@anthropic.com)"
198.54.114.83 - - [03/Apr/2025:21:55:31 -0400] "POST /wp-admin/admin-ajax.php?action=async_litespeed&nonce=hv1oqc790QEDRRxov62T3cc3IEI5D666&litespeed_type=imgoptm HTTP/1.1" 200 0 "-" "WordPress/6.7.2; https://grimslut.com"
3.138.36.87 - - [03/Apr/2025:21:56:16 -0400] "GET /effective-communication-with-virtual-telephone-answering-services HTTP/1.1" 301 0 "-" "Mozilla/5.0 AppleWebKit/537.36 (KHTML, like Gecko; compatible; ClaudeBot/1.0; +claudebot@anthropic.com)"
3.138.36.87 - - [03/Apr/2025:21:56:16 -0400] "GET /effective-communication-with-virtual-telephone-answering-services/ HTTP/1.1" 200 15742 "https://grimslut.com/effective-communication-with-virtual-telephone-answering-services" "Mozilla/5.0 AppleWebKit/537.36 (KHTML, like Gecko; compatible; ClaudeBot/1.0; +claudebot@anthropic.com)"
3.141.167.59 - - [03/Apr/2025:21:59:13 -0400] "GET /realtor-virtual-receptionist-revolutionizing-client-communication HTTP/1.1" 301 0 "-" "Mozilla/5.0 AppleWebKit/537.36 (KHTML, like Gecko; compatible; ClaudeBot/1.0; +claudebot@anthropic.com)"
3.141.167.59 - - [03/Apr/2025:21:59:13 -0400] "GET /realtor-virtual-receptionist-revolutionizing-client-communication/ HTTP/1.1" 200 15574 "https://grimslut.com/realtor-virtual-receptionist-revolutionizing-client-communication" "Mozilla/5.0 AppleWebKit/537.36 (KHTML, like Gecko; compatible; ClaudeBot/1.0; +claudebot@anthropic.com)"
198.54.114.83 - - [03/Apr/2025:21:59:16 -0400] "POST /wp-cron.php?doing_wp_cron=1743731956.0206758975982666015625 HTTP/1.1" 200 0 "-" "WordPress/6.7.2; https://grimslut.com"
3.141.167.59 - - [03/Apr/2025:21:59:13 -0400] "GET /page/15 HTTP/1.1" 301 0 "-" "Mozilla/5.0 AppleWebKit/537.36 (KHTML, like Gecko; compatible; ClaudeBot/1.0; +claudebot@anthropic.com)"
198.54.114.83 - - [03/Apr/2025:21:59:16 -0400] "POST /wp-admin/admin-ajax.php?action=async_litespeed&nonce=kMTRghMa8815RaXr8VnJrPqzVdIGoA9M&litespeed_type=imgoptm HTTP/1.1" 200 5 "-" "WordPress/6.7.2; https://grimslut.com"
3.141.167.59 - - [03/Apr/2025:21:59:16 -0400] "GET /page/15/ HTTP/1.1" 200 21637 "https://grimslut.com/page/15" "Mozilla/5.0 AppleWebKit/537.36 (KHTML, like Gecko; compatible; ClaudeBot/1.0; +claudebot@anthropic.com)"
3.140.254.100 - - [03/Apr/2025:22:01:02 -0400] "GET /enhancing-client-communication-with-a-real-estate-answering-service HTTP/1.1" 301 0 "-" "Mozilla/5.0 AppleWebKit/537.36 (KHTML, like Gecko; compatible; ClaudeBot/1.0; +claudebot@anthropic.com)"
3.140.254.100 - - [03/Apr/2025:22:01:02 -0400] "GET /enhancing-client-communication-with-a-real-estate-answering-service/ HTTP/1.1" 200 15868 "https://grimslut.com/enhancing-client-communication-with-a-real-estate-answering-service" "Mozilla/5.0 AppleWebKit/537.36 (KHTML, like Gecko; compatible; ClaudeBot/1.0; +claudebot@anthropic.com)"
64.227.182.105 - - [03/Apr/2025:22:01:54 -0400] "GET / HTTP/1.1" 200 20851 "-" "Mozilla/5.0 (compatible)"
64.227.182.105 - - [03/Apr/2025:22:01:56 -0400] "GET /favicon.ico HTTP/1.1" 404 1251 "https://grimslut.com/" "Mozilla/5.0 (compatible)"
198.54.114.83 - - [03/Apr/2025:22:03:27 -0400] "POST /wp-cron.php?doing_wp_cron=1743732207.4737830162048339843750 HTTP/1.1" 200 0 "-" "WordPress/6.7.2; https://grimslut.com"
18.117.80.241 - - [03/Apr/2025:22:03:24 -0400] "GET /how-to-lock-messages-on-iphone HTTP/1.1" 301 0 "-" "Mozilla/5.0 AppleWebKit/537.36 (KHTML, like Gecko; compatible; ClaudeBot/1.0; +claudebot@anthropic.com)"
18.117.80.241 - - [03/Apr/2025:22:03:28 -0400] "GET /how-to-lock-messages-on-iphone/ HTTP/1.1" 200 16511 "https://grimslut.com/how-to-lock-messages-on-iphone" "Mozilla/5.0 AppleWebKit/537.36 (KHTML, like Gecko; compatible; ClaudeBot/1.0; +claudebot@anthropic.com)"
198.54.114.83 - - [03/Apr/2025:22:03:28 -0400] "POST /wp-admin/admin-ajax.php?action=async_litespeed&nonce=Q3ZDCQFJz1YkqtbP5p7DYbWsdc08HUAd&litespeed_type=imgoptm HTTP/1.1" 200 5 "-" "WordPress/6.7.2; https://grimslut.com"
198.54.114.83 - - [03/Apr/2025:22:04:34 -0400] "POST /wp-cron.php?doing_wp_cron=1743732274.2227280139923095703125 HTTP/1.1" 200 0 "-" "WordPress/6.7.2; https://grimslut.com"
43.153.123.3 - - [03/Apr/2025:22:04:33 -0400] "GET /wp-json/oembed/1.0/embed?url=https%3A%2F%2Fgrimslut.com%2Fihr-zuverlassiger-partner%2F HTTP/1.1" 200 2137 "-" "Mozilla/5.0 (iPhone; CPU iPhone OS 13_2_3 like Mac OS X) AppleWebKit/605.1.15 (KHTML, like Gecko) Version/13.0.3 Mobile/15E148 Safari/604.1"
198.54.114.83 - - [03/Apr/2025:22:04:35 -0400] "POST /wp-admin/admin-ajax.php?action=async_litespeed&nonce=hS8lFTdWwvnKQN0YSEj83sOoJvNEbpjG&litespeed_type=imgoptm HTTP/1.1" 200 5 "-" "WordPress/6.7.2; https://grimslut.com"
18.191.190.165 - - [03/Apr/2025:22:05:00 -0400] "GET /virtual-telephone-answering-service HTTP/1.1" 301 0 "-" "Mozilla/5.0 AppleWebKit/537.36 (KHTML, like Gecko; compatible; ClaudeBot/1.0; +claudebot@anthropic.com)"
18.191.190.165 - - [03/Apr/2025:22:05:00 -0400] "GET /virtual-telephone-answering-service/ HTTP/1.1" 200 15655 "https://grimslut.com/virtual-telephone-answering-service" "Mozilla/5.0 AppleWebKit/537.36 (KHTML, like Gecko; compatible; ClaudeBot/1.0; +claudebot@anthropic.com)"
198.54.114.83 - - [03/Apr/2025:22:05:01 -0400] "POST /wp-cron.php?doing_wp_cron=1743732301.0337529182434082031250 HTTP/1.1" 200 0 "-" "WordPress/6.7.2; https://grimslut.com"
18.191.190.165 - - [03/Apr/2025:22:05:00 -0400] "GET /how-to-lock-your-facebook-profile HTTP/1.1" 301 0 "-" "Mozilla/5.0 AppleWebKit/537.36 (KHTML, like Gecko; compatible; ClaudeBot/1.0; +claudebot@anthropic.com)"
18.191.190.165 - - [03/Apr/2025:22:05:01 -0400] "GET /how-to-lock-your-facebook-profile/ HTTP/1.1" 200 16640 "https://grimslut.com/how-to-lock-your-facebook-profile" "Mozilla/5.0 AppleWebKit/537.36 (KHTML, like Gecko; compatible; ClaudeBot/1.0; +claudebot@anthropic.com)"
198.54.114.83 - - [03/Apr/2025:22:05:24 -0400] "POST /wp-cron.php?doing_wp_cron=1743732324.0402109622955322265625 HTTP/1.1" 200 0 "-" "WordPress/6.7.2; https://grimslut.com"
18.191.122.218 - - [03/Apr/2025:22:05:23 -0400] "GET /kompetente-beratung-und-planung/feed HTTP/1.1" 301 0 "-" "Mozilla/5.0 AppleWebKit/537.36 (KHTML, like Gecko; compatible; ClaudeBot/1.0; +claudebot@anthropic.com)"
18.191.122.218 - - [03/Apr/2025:22:05:24 -0400] "GET /kompetente-beratung-und-planung/feed/ HTTP/1.1" 200 390 "-" "Mozilla/5.0 AppleWebKit/537.36 (KHTML, like Gecko; compatible; ClaudeBot/1.0; +claudebot@anthropic.com)"
198.54.114.83 - - [03/Apr/2025:22:05:24 -0400] "POST /wp-admin/admin-ajax.php?action=async_litespeed&nonce=Ea508F116XnFnK08bAJmMWbdUZMCbfMq&litespeed_type=imgoptm HTTP/1.1" 200 5 "-" "WordPress/6.7.2; https://grimslut.com"
195.2.76.183 - - [03/Apr/2025:22:06:32 -0400] "GET /exploring-the-multicanais-phenomenon/ HTTP/1.1" 200 15499 "https://grimslut.com/exploring-the-multicanais-phenomenon/" "Mozilla/5.0 (Windows NT 10.0; Win64; x64) AppleWebKit/537.36 (KHTML, like Gecko) Chrome/130.0.0.0 Safari/537.36 CCleaner/130.0.0.0"
198.54.114.83 - - [03/Apr/2025:22:06:33 -0400] "POST /wp-cron.php?doing_wp_cron=1743732393.6290779113769531250000 HTTP/1.1" 200 0 "-" "WordPress/6.7.2; https://grimslut.com"
198.54.114.83 - - [03/Apr/2025:22:06:34 -0400] "POST /wp-admin/admin-ajax.php?action=async_litespeed&nonce=AoJYVHP67SlATTq2fyY3chfohlBN68a4&litespeed_type=imgoptm HTTP/1.1" 200 5 "-" "WordPress/6.7.2; https://grimslut.com"
195.2.76.183 - - [03/Apr/2025:22:06:33 -0400] "POST /wp-comments-post.php HTTP/1.1" 302 0 "https://grimslut.com/exploring-the-multicanais-phenomenon/" "Mozilla/5.0 (Windows NT 10.0; Win64; x64) AppleWebKit/537.36 (KHTML, like Gecko) Chrome/130.0.0.0 Safari/537.36 CCleaner/130.0.0.0"
195.2.76.183 - - [03/Apr/2025:22:06:35 -0400] "GET /exploring-the-multicanais-phenomenon/ HTTP/1.1" 200 16677 "https://grimslut.com/exploring-the-multicanais-phenomenon/#comment-6586" "Mozilla/5.0 (Windows NT 10.0; Win64; x64) AppleWebKit/537.36 (KHTML, like Gecko) Chrome/130.0.0.0 Safari/537.36 CCleaner/130.0.0.0"
198.54.114.83 - - [03/Apr/2025:22:09:02 -0400] "POST /wp-cron.php?doing_wp_cron=1743732542.5025079250335693359375 HTTP/1.1" 200 0 "-" "WordPress/6.7.2; https://grimslut.com"
3.15.26.30 - - [03/Apr/2025:22:09:00 -0400] "GET /page/5 HTTP/1.1" 301 0 "-" "Mozilla/5.0 AppleWebKit/537.36 (KHTML, like Gecko; compatible; ClaudeBot/1.0; +claudebot@anthropic.com)"
198.54.114.83 - - [03/Apr/2025:22:09:03 -0400] "POST /wp-admin/admin-ajax.php?action=async_litespeed&nonce=quLUvCuZdFPttcogZCPkD0h8pI7lcFr8&litespeed_type=imgoptm HTTP/1.1" 200 5 "-" "WordPress/6.7.2; https://grimslut.com"
3.15.26.30 - - [03/Apr/2025:22:09:03 -0400] "GET /page/5/ HTTP/1.1" 200 21530 "https://grimslut.com/page/5" "Mozilla/5.0 AppleWebKit/537.36 (KHTML, like Gecko; compatible; ClaudeBot/1.0; +claudebot@anthropic.com)"
198.54.114.83 - - [03/Apr/2025:22:11:49 -0400] "POST /wp-cron.php?doing_wp_cron=1743732708.8759319782257080078125 HTTP/1.1" 200 0 "-" "WordPress/6.7.2; https://grimslut.com"
170.106.11.141 - - [03/Apr/2025:22:11:47 -0400] "GET /rejuvenate-and-revitalize/feed/ HTTP/1.1" 200 384 "-" "Mozilla/5.0 (iPhone; CPU iPhone OS 13_2_3 like Mac OS X) AppleWebKit/605.1.15 (KHTML, like Gecko) Version/13.0.3 Mobile/15E148 Safari/604.1"
198.54.114.83 - - [03/Apr/2025:22:11:49 -0400] "POST /wp-admin/admin-ajax.php?action=async_litespeed&nonce=cAUbjIl8gKzdl79P3yhar2QT68cYfspX&litespeed_type=imgoptm HTTP/1.1" 200 5 "-" "WordPress/6.7.2; https://grimslut.com"
114.119.136.134 - - [03/Apr/2025:22:16:19 -0400] "GET /une-solution-efficace-pour-combattre-la-transpiration-excessive/ HTTP/1.1" 200 15604 "https://grimslut.com/page/1/" "Mozilla/5.0 (Linux; Android 7.0;) AppleWebKit/537.36 (KHTML, like Gecko) Mobile Safari/537.36 (compatible; PetalBot;+https://webmaster.petalsearch.com/site/petalbot)"
62.113.115.161 - - [03/Apr/2025:22:21:27 -0400] "GET /exploring-the-multicanais-phenomenon/ HTTP/1.1" 200 15499 "https://grimslut.com/exploring-the-multicanais-phenomenon/" "Mozilla/5.0 (Windows NT 10.0; Win64; x64) AppleWebKit/537.36 (KHTML, like Gecko) Chrome/131.0.0.0 Safari/537.36 Avast/131.0.0.0"
198.54.114.83 - - [03/Apr/2025:22:21:32 -0400] "POST /wp-cron.php?doing_wp_cron=1743733291.7163529396057128906250 HTTP/1.1" 200 0 "-" "WordPress/6.7.2; https://grimslut.com"
198.54.114.83 - - [03/Apr/2025:22:21:32 -0400] "POST /wp-admin/admin-ajax.php?action=async_litespeed&nonce=kR1E9T1QBG2U93qllAIRyYacskt7VbTM&litespeed_type=imgoptm HTTP/1.1" 200 5 "-" "WordPress/6.7.2; https://grimslut.com"
62.113.115.161 - - [03/Apr/2025:22:21:28 -0400] "POST /wp-comments-post.php HTTP/1.1" 302 0 "https://grimslut.com/exploring-the-multicanais-phenomenon/" "Mozilla/5.0 (Windows NT 10.0; Win64; x64) AppleWebKit/537.36 (KHTML, like Gecko) Chrome/131.0.0.0 Safari/537.36 Avast/131.0.0.0"
62.113.115.161 - - [03/Apr/2025:22:21:34 -0400] "GET /exploring-the-multicanais-phenomenon/ HTTP/1.1" 200 16307 "https://grimslut.com/exploring-the-multicanais-phenomenon/#comment-6587" "Mozilla/5.0 (Windows NT 10.0; Win64; x64) AppleWebKit/537.36 (KHTML, like Gecko) Chrome/131.0.0.0 Safari/537.36 Avast/131.0.0.0"
198.54.114.83 - - [03/Apr/2025:22:23:20 -0400] "POST /wp-cron.php?doing_wp_cron=1743733399.9811279773712158203125 HTTP/1.1" 200 0 "-" "WordPress/6.7.2; https://grimslut.com"
43.135.182.95 - - [03/Apr/2025:22:23:18 -0400] "GET /wp-json/wp/v2/posts/601 HTTP/1.1" 200 4255 "-" "Mozilla/5.0 (iPhone; CPU iPhone OS 13_2_3 like Mac OS X) AppleWebKit/605.1.15 (KHTML, like Gecko) Version/13.0.3 Mobile/15E148 Safari/604.1"
198.54.114.83 - - [03/Apr/2025:22:23:20 -0400] "POST /wp-admin/admin-ajax.php?action=async_litespeed&nonce=TviMT2nFZ9BTKqlu4pnWIavwfULXTTCC&litespeed_type=imgoptm HTTP/1.1" 200 5 "-" "WordPress/6.7.2; https://grimslut.com"
209.141.56.126 - - [03/Apr/2025:22:23:52 -0400] "GET /wp-login.php HTTP/1.1" 200 1951 "-" "Mozilla/5.0 (X11; Ubuntu; Linux x86_64; rv:30.0) Gecko/20100101 Firefox/30.0"
209.141.56.126 - - [03/Apr/2025:22:23:52 -0400] "POST /wp-login.php HTTP/1.1" 200 2087 "-" "Mozilla/5.0 (X11; Ubuntu; Linux x86_64; rv:30.0) Gecko/20100101 Firefox/30.0"
45.61.187.191 - - [03/Apr/2025:22:24:34 -0400] "GET /wp-login.php HTTP/1.1" 200 1951 "-" "Mozilla/5.0 (Windows NT 6.3; WOW64; rv:31.0) Gecko/20100101 Firefox/31.0"
198.54.114.83 - - [03/Apr/2025:22:24:35 -0400] "POST /wp-cron.php?doing_wp_cron=1743733474.8128149509429931640625 HTTP/1.1" 200 0 "-" "WordPress/6.7.2; https://grimslut.com"
45.61.187.191 - - [03/Apr/2025:22:24:34 -0400] "POST /wp-login.php HTTP/1.1" 200 2086 "-" "Mozilla/5.0 (Windows NT 6.3; WOW64; rv:31.0) Gecko/20100101 Firefox/31.0"
198.54.114.83 - - [03/Apr/2025:22:24:35 -0400] "POST /wp-admin/admin-ajax.php?action=async_litespeed&nonce=ZsM2vGfdJJe07qgNzqZNfj1lkTNyQVnD&litespeed_type=imgoptm HTTP/1.1" 200 5 "-" "WordPress/6.7.2; https://grimslut.com"
170.106.148.137 - - [03/Apr/2025:22:32:20 -0400] "GET /introduction-to-virtual-telephone-answering-services/ HTTP/1.1" 200 15425 "-" "Mozilla/5.0 (iPhone; CPU iPhone OS 13_2_3 like Mac OS X) AppleWebKit/605.1.15 (KHTML, like Gecko) Version/13.0.3 Mobile/15E148 Safari/604.1"
62.113.115.161 - - [03/Apr/2025:22:34:40 -0400] "GET /exploring-the-multicanais-phenomenon/ HTTP/1.1" 200 15499 "https://grimslut.com/exploring-the-multicanais-phenomenon/" "Mozilla/5.0 (Windows NT 10.0; Win64; x64) AppleWebKit/537.36 (KHTML, like Gecko) Chrome/130.0.0.0 Safari/537.36 CCleaner/130.0.0.0"
198.54.114.83 - - [03/Apr/2025:22:34:43 -0400] "POST /wp-cron.php?doing_wp_cron=1743734082.8215010166168212890625 HTTP/1.1" 200 0 "-" "WordPress/6.7.2; https://grimslut.com"
62.113.115.161 - - [03/Apr/2025:22:34:41 -0400] "POST /wp-comments-post.php HTTP/1.1" 302 0 "https://grimslut.com/exploring-the-multicanais-phenomenon/" "Mozilla/5.0 (Windows NT 10.0; Win64; x64) AppleWebKit/537.36 (KHTML, like Gecko) Chrome/130.0.0.0 Safari/537.36 CCleaner/130.0.0.0"
198.54.114.83 - - [03/Apr/2025:22:34:43 -0400] "POST /wp-admin/admin-ajax.php?action=async_litespeed&nonce=YQM58fK1NyBIRZKBBJZ9e4KS1dr9gvnn&litespeed_type=imgoptm HTTP/1.1" 200 5 "-" "WordPress/6.7.2; https://grimslut.com"
62.113.115.161 - - [03/Apr/2025:22:34:44 -0400] "GET /exploring-the-multicanais-phenomenon/ HTTP/1.1" 200 16261 "https://grimslut.com/exploring-the-multicanais-phenomenon/#comment-6588" "Mozilla/5.0 (Windows NT 10.0; Win64; x64) AppleWebKit/537.36 (KHTML, like Gecko) Chrome/130.0.0.0 Safari/537.36 CCleaner/130.0.0.0"
216.41.235.2 - - [03/Apr/2025:22:36:14 -0400] "GET /ihr-zuverlassiger-partner HTTP/1.1" 301 0 "-" "Mozilla/5.0 (X11; Linux x86_64) AppleWebKit/537.36 (KHTML, like Gecko) Chrome/133.0.0.0 Safari/537.36"
216.41.235.2 - - [03/Apr/2025:22:36:14 -0400] "GET /ihr-zuverlassiger-partner/ HTTP/1.1" 200 15486 "-" "Mozilla/5.0 (X11; Linux x86_64) AppleWebKit/537.36 (KHTML, like Gecko) Chrome/133.0.0.0 Safari/537.36"
