91.84.100.21 - - [01/Apr/2025:02:19:04 -0400] "POST /wp-comments-post.php HTTP/1.1" 302 0 "https://grimslut.com/exploring-the-multicanais-phenomenon/" "Mozilla/5.0 (Windows NT 10.0; Win64; x64) AppleWebKit/537.36 (KHTML, like Gecko) Chrome/130.0.0.0 Safari/537.36"
91.84.100.21 - - [01/Apr/2025:02:19:07 -0400] "GET /exploring-the-multicanais-phenomenon/ HTTP/1.1" 200 16127 "https://grimslut.com/exploring-the-multicanais-phenomenon/#comment-6524" "Mozilla/5.0 (Windows NT 10.0; Win64; x64) AppleWebKit/537.36 (KHTML, like Gecko) Chrome/130.0.0.0 Safari/537.36"
216.244.66.236 - - [01/Apr/2025:02:20:05 -0400] "GET /robots.txt HTTP/1.1" 304 0 "-" "Mozilla/5.0 (compatible; DotBot/1.2; +https://opensiteexplorer.org/dotbot; help@moz.com)"
52.167.144.65 - - [01/Apr/2025:02:23:36 -0400] "GET /robots.txt HTTP/1.1" 304 0 "-" "Mozilla/5.0 AppleWebKit/537.36 (KHTML, like Gecko; compatible; bingbot/2.0; +http://www.bing.com/bingbot.htm) Chrome/116.0.1938.76 Safari/537.36"
3.138.60.26 - - [01/Apr/2025:02:23:45 -0400] "GET /wp-json/oembed/1.0/embed?format=xml&url=https%3A%2F%2Fgrimslut.com%2Fthe-instant-hot-and-cold-water-tap%2F HTTP/1.1" 200 1052 "-" "Mozilla/5.0 AppleWebKit/537.36 (KHTML, like Gecko; compatible; ClaudeBot/1.0; +claudebot@anthropic.com)"
198.54.114.83 - - [01/Apr/2025:02:23:46 -0400] "POST /wp-cron.php?doing_wp_cron=1743488625.5081200599670410156250 HTTP/1.1" 200 0 "-" "WordPress/6.7.2; https://grimslut.com"
52.167.144.216 - - [01/Apr/2025:02:23:43 -0400] "GET /harmonicdiv/ HTTP/1.1" 404 10269 "-" "Mozilla/5.0 AppleWebKit/537.36 (KHTML, like Gecko; compatible; bingbot/2.0; +http://www.bing.com/bingbot.htm) Chrome/116.0.1938.76 Safari/537.36"
198.54.114.83 - - [01/Apr/2025:02:23:47 -0400] "POST /wp-admin/admin-ajax.php?action=async_litespeed&nonce=DfianQIYg64c7vyOCUHAdJ0SXap9zLoj&litespeed_type=imgoptm HTTP/1.1" 200 5 "-" "WordPress/6.7.2; https://grimslut.com"
77.238.251.212 - - [01/Apr/2025:02:36:00 -0400] "GET /exploring-the-multicanais-phenomenon/ HTTP/1.1" 200 15499 "https://grimslut.com/exploring-the-multicanais-phenomenon/" "Mozilla/5.0 (Windows NT 10.0; Win64; x64) AppleWebKit/537.36 (KHTML, like Gecko) Chrome/131.0.0.0 Safari/537.36 Avast/131.0.0.0"
198.54.114.83 - - [01/Apr/2025:02:36:04 -0400] "POST /wp-cron.php?doing_wp_cron=1743489363.8950819969177246093750 HTTP/1.1" 200 0 "-" "WordPress/6.7.2; https://grimslut.com"
77.238.251.212 - - [01/Apr/2025:02:36:01 -0400] "POST /wp-comments-post.php HTTP/1.1" 302 0 "https://grimslut.com/exploring-the-multicanais-phenomenon/" "Mozilla/5.0 (Windows NT 10.0; Win64; x64) AppleWebKit/537.36 (KHTML, like Gecko) Chrome/131.0.0.0 Safari/537.36 Avast/131.0.0.0"
198.54.114.83 - - [01/Apr/2025:02:36:04 -0400] "POST /wp-admin/admin-ajax.php?action=async_litespeed&nonce=kS7N7MN4BeOHWkITL3hYrQJgD3BmAftH&litespeed_type=imgoptm HTTP/1.1" 200 5 "-" "WordPress/6.7.2; https://grimslut.com"
77.238.251.212 - - [01/Apr/2025:02:36:05 -0400] "GET /exploring-the-multicanais-phenomenon/ HTTP/1.1" 200 16114 "https://grimslut.com/exploring-the-multicanais-phenomenon/#comment-6525" "Mozilla/5.0 (Windows NT 10.0; Win64; x64) AppleWebKit/537.36 (KHTML, like Gecko) Chrome/131.0.0.0 Safari/537.36 Avast/131.0.0.0"
198.54.114.83 - - [01/Apr/2025:02:43:41 -0400] "POST /wp-cron.php?doing_wp_cron=1743489821.7279241085052490234375 HTTP/1.1" 200 0 "-" "WordPress/6.7.2; https://grimslut.com"
216.244.66.236 - - [01/Apr/2025:02:43:39 -0400] "GET /the-ultimate-convenience-instant-hot-cold-water-dispenser/feed/ HTTP/1.1" 200 434 "-" "Mozilla/5.0 (compatible; DotBot/1.2; +https://opensiteexplorer.org/dotbot; help@moz.com)"
198.54.114.83 - - [01/Apr/2025:02:43:42 -0400] "POST /wp-admin/admin-ajax.php?action=async_litespeed&nonce=hQQajDuB0ufbF44sQNwPgBKtIMAV7Gay&litespeed_type=imgoptm HTTP/1.1" 200 5 "-" "WordPress/6.7.2; https://grimslut.com"
18.191.111.133 - - [01/Apr/2025:03:06:00 -0400] "GET /?p=539 HTTP/1.1" 301 0 "-" "Mozilla/5.0 AppleWebKit/537.36 (KHTML, like Gecko; compatible; ClaudeBot/1.0; +claudebot@anthropic.com)"
18.191.111.133 - - [01/Apr/2025:03:06:06 -0400] "GET /business-trips-massage/ HTTP/1.1" 200 14804 "https://grimslut.com/?p=539" "Mozilla/5.0 AppleWebKit/537.36 (KHTML, like Gecko; compatible; ClaudeBot/1.0; +claudebot@anthropic.com)"
198.54.114.83 - - [01/Apr/2025:03:14:23 -0400] "GET / HTTP/1.1" 200 20855 "-" "Mozilla/5.0 (Windows NT 10.0; Win64; x64; rv:122.0) Gecko/20100101 Firefox/122.0"
91.84.113.162 - - [01/Apr/2025:03:18:27 -0400] "GET /exploring-the-multicanais-phenomenon/ HTTP/1.1" 200 15499 "https://grimslut.com/exploring-the-multicanais-phenomenon/" "Mozilla/5.0 (Windows NT 6.3; Win64; x64) AppleWebKit/537.36 (KHTML, like Gecko) Chrome/103.0.5060.114 Safari/537.36"
198.54.114.83 - - [01/Apr/2025:03:18:42 -0400] "POST /wp-cron.php?doing_wp_cron=1743491922.4385030269622802734375 HTTP/1.1" 200 0 "-" "WordPress/6.7.2; https://grimslut.com"
198.54.114.83 - - [01/Apr/2025:03:18:43 -0400] "POST /wp-admin/admin-ajax.php?action=async_litespeed&nonce=1xn1pg823HezQ28DtdFHYfF9E97fRppj&litespeed_type=imgoptm HTTP/1.1" 200 0 "-" "WordPress/6.7.2; https://grimslut.com"
91.84.113.162 - - [01/Apr/2025:03:18:30 -0400] "POST /wp-comments-post.php HTTP/1.1" 302 0 "https://grimslut.com/exploring-the-multicanais-phenomenon/" "Mozilla/5.0 (Windows NT 6.3; Win64; x64) AppleWebKit/537.36 (KHTML, like Gecko) Chrome/103.0.5060.114 Safari/537.36"
185.121.234.211 - - [01/Apr/2025:03:29:43 -0400] "GET /exploring-the-multicanais-phenomenon/ HTTP/1.1" 200 15499 "https://grimslut.com/exploring-the-multicanais-phenomenon/" "Mozilla/5.0 (Windows NT 10.0; WOW64) AppleWebKit/537.36 (KHTML, like Gecko) Chrome/103.0.5060.114 Safari/537.36"
198.54.114.83 - - [01/Apr/2025:03:29:47 -0400] "POST /wp-cron.php?doing_wp_cron=1743492586.7330460548400878906250 HTTP/1.1" 200 0 "-" "WordPress/6.7.2; https://grimslut.com"
198.54.114.83 - - [01/Apr/2025:03:29:47 -0400] "POST /wp-admin/admin-ajax.php?action=async_litespeed&nonce=m1Zfa8ANaIkDt4thcd5jtYkuzc1aCVW5&litespeed_type=imgoptm HTTP/1.1" 200 5 "-" "WordPress/6.7.2; https://grimslut.com"
185.121.234.211 - - [01/Apr/2025:03:29:44 -0400] "POST /wp-comments-post.php HTTP/1.1" 302 0 "https://grimslut.com/exploring-the-multicanais-phenomenon/" "Mozilla/5.0 (Windows NT 10.0; WOW64) AppleWebKit/537.36 (KHTML, like Gecko) Chrome/103.0.5060.114 Safari/537.36"
185.121.234.211 - - [01/Apr/2025:03:29:48 -0400] "GET /exploring-the-multicanais-phenomenon/ HTTP/1.1" 200 16069 "https://grimslut.com/exploring-the-multicanais-phenomenon/#comment-6527" "Mozilla/5.0 (Windows NT 10.0; WOW64) AppleWebKit/537.36 (KHTML, like Gecko) Chrome/103.0.5060.114 Safari/537.36"
2a0c:5a87:8c03:9d00:be24:11ff:fe19:c23c - - [01/Apr/2025:03:35:51 -0400] "GET /wp-login.php HTTP/1.1" 200 1954 "-" "GRequests/0.10"
198.54.114.83 - - [01/Apr/2025:03:35:55 -0400] "POST /wp-cron.php?doing_wp_cron=1743492955.1431190967559814453125 HTTP/1.1" 200 0 "-" "WordPress/6.7.2; https://grimslut.com"
2a0c:5a87:8c03:9d00:be24:11ff:fe19:c23c - - [01/Apr/2025:03:35:52 -0400] "POST /wp-login.php HTTP/1.1" 200 2087 "-" "GRequests/0.10"
198.54.114.83 - - [01/Apr/2025:03:35:55 -0400] "POST /wp-admin/admin-ajax.php?action=async_litespeed&nonce=XBCWz5MQGviIqQHJrOgfm8xo3TgdjZfq&litespeed_type=imgoptm HTTP/1.1" 200 5 "-" "WordPress/6.7.2; https://grimslut.com"
3.137.210.13 - - [01/Apr/2025:03:36:03 -0400] "GET /wp-json/wp/v2/posts/539 HTTP/1.1" 200 2392 "-" "Mozilla/5.0 AppleWebKit/537.36 (KHTML, like Gecko; compatible; ClaudeBot/1.0; +claudebot@anthropic.com)"
3.17.175.109 - - [01/Apr/2025:03:38:24 -0400] "GET /wp-json/oembed/1.0/embed?url=https%3A%2F%2Fgrimslut.com%2Fbusiness-trips-massage%2F HTTP/1.1" 200 2104 "-" "Mozilla/5.0 AppleWebKit/537.36 (KHTML, like Gecko; compatible; ClaudeBot/1.0; +claudebot@anthropic.com)"
198.54.114.83 - - [01/Apr/2025:03:38:30 -0400] "POST /wp-cron.php?doing_wp_cron=1743493108.4621350765228271484375 HTTP/1.1" 200 0 "-" "WordPress/6.7.2; https://grimslut.com"
198.54.114.83 - - [01/Apr/2025:03:41:06 -0400] "POST /wp-cron.php?doing_wp_cron=1743493266.0724489688873291015625 HTTP/1.1" 200 0 "-" "WordPress/6.7.2; https://grimslut.com"
18.119.165.116 - - [01/Apr/2025:03:41:03 -0400] "GET /wp-json/oembed/1.0/embed?format=xml&url=https%3A%2F%2Fgrimslut.com%2Fbusiness-trips-massage%2F HTTP/1.1" 200 1025 "-" "Mozilla/5.0 AppleWebKit/537.36 (KHTML, like Gecko; compatible; ClaudeBot/1.0; +claudebot@anthropic.com)"
198.54.114.83 - - [01/Apr/2025:03:41:07 -0400] "POST /wp-admin/admin-ajax.php?action=async_litespeed&nonce=mDTPwrgQcqGE3cfBw5xAvULXW76mzd1h&litespeed_type=imgoptm HTTP/1.1" 200 5 "-" "WordPress/6.7.2; https://grimslut.com"
144.172.96.147 - - [01/Apr/2025:03:45:50 -0400] "GET /wp-content/themes/seotheme/db.php?u HTTP/1.1" 404 10269 "www.google.com" "Mozlila/5.0 (Linux; Android 7.0; SM-G892A Bulid/NRD90M; wv) AppleWebKit/537.36 (KHTML, like Gecko) Version/4.0 Chrome/60.0.3112.107 Moblie Safari/537.36"
167.71.92.63 - - [01/Apr/2025:03:51:06 -0400] "GET //wp-includes/ID3/license.txt HTTP/1.1" 200 414 "-" "Mozilla/5.0 (Windows NT 10.0; Win64; x64) AppleWebKit/537.36 (KHTML, like Gecko) Chrome/95.0.4638.69 Safari/537.36"
198.54.114.83 - - [01/Apr/2025:03:51:10 -0400] "POST /wp-cron.php?doing_wp_cron=1743493869.9390020370483398437500 HTTP/1.1" 200 0 "-" "WordPress/6.7.2; https://grimslut.com"
167.71.92.63 - - [01/Apr/2025:03:51:06 -0400] "GET //feed/ HTTP/1.1" 301 0 "-" "Mozilla/5.0 (Windows NT 10.0; Win64; x64) AppleWebKit/537.36 (KHTML, like Gecko) Chrome/95.0.4638.69 Safari/537.36"
167.71.92.63 - - [01/Apr/2025:03:51:11 -0400] "GET //xmlrpc.php?rsd HTTP/1.1" 200 292 "-" "Mozilla/5.0 (Windows NT 10.0; Win64; x64) AppleWebKit/537.36 (KHTML, like Gecko) Chrome/95.0.4638.69 Safari/537.36"
198.54.114.83 - - [01/Apr/2025:03:51:11 -0400] "POST /wp-admin/admin-ajax.php?action=async_litespeed&nonce=63tbe1wcmhlaZsNcOHINyr9dFTgKobBQ&litespeed_type=imgoptm HTTP/1.1" 200 0 "-" "WordPress/6.7.2; https://grimslut.com"
198.54.114.83 - - [01/Apr/2025:04:10:15 -0400] "POST /wp-cron.php?doing_wp_cron=1743495014.7548999786376953125000 HTTP/1.1" 200 0 "-" "WordPress/6.7.2; https://grimslut.com"
141.164.80.112 - - [01/Apr/2025:04:10:07 -0400] "GET /category/media-music HTTP/1.1" 301 0 "-" "Mozilla/5.0 (X11; Linux x86_64) AppleWebKit/537.36 (KHTML, like Gecko) Chrome/133.0.0.0 Safari/537.36"
198.54.114.83 - - [01/Apr/2025:04:10:17 -0400] "POST /wp-admin/admin-ajax.php?action=async_litespeed&nonce=OxYvTNMGMm1FTe4cNPl9ceUhEgVLewD2&litespeed_type=imgoptm HTTP/1.1" 200 0 "-" "WordPress/6.7.2; https://grimslut.com"
141.164.80.112 - - [01/Apr/2025:04:10:17 -0400] "GET /category/media-music/ HTTP/1.1" 200 12156 "-" "Mozilla/5.0 (X11; Linux x86_64) AppleWebKit/537.36 (KHTML, like Gecko) Chrome/133.0.0.0 Safari/537.36"
141.164.80.112 - - [01/Apr/2025:04:10:20 -0400] "GET /wp-includes/css/dist/block-library/style.min.css?ver=6.7.2 HTTP/1.1" 200 14225 "https://grimslut.com/category/media-music/" "Mozilla/5.0 (X11; Linux x86_64) AppleWebKit/537.36 (KHTML, like Gecko) Chrome/133.0.0.0 Safari/537.36"
141.164.80.112 - - [01/Apr/2025:04:10:20 -0400] "GET /wp-includes/js/imagesloaded.min.js?ver=5.0.0 HTTP/1.1" 200 1687 "https://grimslut.com/category/media-music/" "Mozilla/5.0 (X11; Linux x86_64) AppleWebKit/537.36 (KHTML, like Gecko) Chrome/133.0.0.0 Safari/537.36"
141.164.80.112 - - [01/Apr/2025:04:10:20 -0400] "GET /wp-content/themes/bloghash/assets/js/vendors/swiper-bundle.min.js?ver=6.7.2 HTTP/1.1" 200 39606 "https://grimslut.com/category/media-music/" "Mozilla/5.0 (X11; Linux x86_64) AppleWebKit/537.36 (KHTML, like Gecko) Chrome/133.0.0.0 Safari/537.36"
141.164.80.112 - - [01/Apr/2025:04:10:20 -0400] "GET /wp-content/uploads/bloghash/dynamic-styles.css?ver=1743122686 HTTP/1.1" 200 4798 "https://grimslut.com/category/media-music/" "Mozilla/5.0 (X11; Linux x86_64) AppleWebKit/537.36 (KHTML, like Gecko) Chrome/133.0.0.0 Safari/537.36"
141.164.80.112 - - [01/Apr/2025:04:10:20 -0400] "GET /wp-content/themes/bloghash/assets/css/all.min.css?ver=5.15.4 HTTP/1.1" 200 12406 "https://grimslut.com/category/media-music/" "Mozilla/5.0 (X11; Linux x86_64) AppleWebKit/537.36 (KHTML, like Gecko) Chrome/133.0.0.0 Safari/537.36"
141.164.80.112 - - [01/Apr/2025:04:10:20 -0400] "GET /wp-includes/js/jquery/jquery-migrate.min.js?ver=3.4.1 HTTP/1.1" 304 0 "https://grimslut.com/category/media-music/" "Mozilla/5.0 (X11; Linux x86_64) AppleWebKit/537.36 (KHTML, like Gecko) Chrome/133.0.0.0 Safari/537.36"
141.164.80.112 - - [01/Apr/2025:04:10:20 -0400] "GET /wp-content/themes/bloghash/assets/js/bloghash.min.js?ver=1.0.20 HTTP/1.1" 200 5141 "https://grimslut.com/category/media-music/" "Mozilla/5.0 (X11; Linux x86_64) AppleWebKit/537.36 (KHTML, like Gecko) Chrome/133.0.0.0 Safari/537.36"
141.164.80.112 - - [01/Apr/2025:04:10:20 -0400] "GET /wp-includes/js/jquery/jquery.min.js?ver=3.7.1 HTTP/1.1" 200 29744 "https://grimslut.com/category/media-music/" "Mozilla/5.0 (X11; Linux x86_64) AppleWebKit/537.36 (KHTML, like Gecko) Chrome/133.0.0.0 Safari/537.36"
141.164.80.112 - - [01/Apr/2025:04:10:21 -0400] "GET /wp-includes/js/wp-emoji-release.min.js?ver=6.7.2 HTTP/1.1" 200 4676 "https://grimslut.com/category/media-music/" "Mozilla/5.0 (X11; Linux x86_64) AppleWebKit/537.36 (KHTML, like Gecko) Chrome/133.0.0.0 Safari/537.36"
141.164.80.112 - - [01/Apr/2025:04:10:22 -0400] "GET /favicon.ico HTTP/1.1" 404 1251 "https://grimslut.com/category/media-music/" "Mozilla/5.0 (X11; Linux x86_64) AppleWebKit/537.36 (KHTML, like Gecko) Chrome/133.0.0.0 Safari/537.36"
3.128.78.139 - - [01/Apr/2025:04:15:05 -0400] "GET /robots.txt HTTP/1.1" 304 0 "-" "Mozilla/5.0 AppleWebKit/537.36 (KHTML, like Gecko; compatible; ClaudeBot/1.0; +claudebot@anthropic.com)"
3.128.78.139 - - [01/Apr/2025:04:15:06 -0400] "GET /perfekte-gitarrenstunden-in-dusseldorf-fur-alle-niveaus/feed HTTP/1.1" 301 0 "-" "Mozilla/5.0 AppleWebKit/537.36 (KHTML, like Gecko; compatible; ClaudeBot/1.0; +claudebot@anthropic.com)"
198.54.114.83 - - [01/Apr/2025:04:15:12 -0400] "POST /wp-cron.php?doing_wp_cron=1743495310.3690319061279296875000 HTTP/1.1" 200 0 "-" "WordPress/6.7.2; https://grimslut.com"
3.128.78.139 - - [01/Apr/2025:04:15:13 -0400] "GET /perfekte-gitarrenstunden-in-dusseldorf-fur-alle-niveaus/feed/ HTTP/1.1" 200 423 "https://grimslut.com/perfekte-gitarrenstunden-in-dusseldorf-fur-alle-niveaus/feed" "Mozilla/5.0 AppleWebKit/537.36 (KHTML, like Gecko; compatible; ClaudeBot/1.0; +claudebot@anthropic.com)"
82.223.81.189 - - [01/Apr/2025:04:23:48 -0400] "GET /wp-login.php HTTP/1.1" 200 1954 "-" "GRequests/0.10"
198.54.114.83 - - [01/Apr/2025:04:23:52 -0400] "POST /wp-cron.php?doing_wp_cron=1743495832.1205940246582031250000 HTTP/1.1" 200 0 "-" "WordPress/6.7.2; https://grimslut.com"
82.223.81.189 - - [01/Apr/2025:04:23:49 -0400] "POST /wp-login.php HTTP/1.1" 200 2087 "-" "GRequests/0.10"
198.54.114.83 - - [01/Apr/2025:04:23:52 -0400] "POST /wp-admin/admin-ajax.php?action=async_litespeed&nonce=cowmNQEZHNNvdgETZYgKOJ0AzFvz00kl&litespeed_type=imgoptm HTTP/1.1" 200 5 "-" "WordPress/6.7.2; https://grimslut.com"
52.14.244.52 - - [01/Apr/2025:04:24:04 -0400] "GET /wp-json/wp/v2/posts/700 HTTP/1.1" 200 4452 "-" "Mozilla/5.0 AppleWebKit/537.36 (KHTML, like Gecko; compatible; ClaudeBot/1.0; +claudebot@anthropic.com)"
198.54.114.83 - - [01/Apr/2025:04:34:15 -0400] "POST /wp-cron.php?doing_wp_cron=1743496454.8089120388031005859375 HTTP/1.1" 200 0 "-" "WordPress/6.7.2; https://grimslut.com"
186.64.119.160 - - [01/Apr/2025:04:34:10 -0400] "POST /xmlrpc.php HTTP/1.1" 200 186 "https://grimslut.com" "Mozilla/5.0 (Windows NT 10.0; Win64; x64) AppleWebKit/537.36 (KHTML, like Gecko) Chrome/114.0.5735.134 Safari/537.36"
198.54.114.83 - - [01/Apr/2025:04:34:18 -0400] "POST /wp-admin/admin-ajax.php?action=async_litespeed&nonce=NkLZOq2MUNsorWWofwiTRCeKmDhCURGe&litespeed_type=imgoptm HTTP/1.1" 200 0 "-" "WordPress/6.7.2; https://grimslut.com"
198.54.114.83 - - [01/Apr/2025:04:36:35 -0400] "POST /wp-cron.php?doing_wp_cron=1743496594.5814158916473388671875 HTTP/1.1" 200 0 "-" "WordPress/6.7.2; https://grimslut.com"
138.128.245.84 - - [01/Apr/2025:04:36:30 -0400] "POST /xmlrpc.php HTTP/1.1" 200 205 "-" "Mozilla/5.0 (X11; Fedora; Linux x86_64; rv:94.0) Gecko/20100101 Firefox/95.0"
198.54.114.83 - - [01/Apr/2025:04:36:38 -0400] "POST /wp-admin/admin-ajax.php?action=async_litespeed&nonce=Gwylkzh7JGnAQsyMJtdhhD8UJ6iSDzL5&litespeed_type=imgoptm HTTP/1.1" 200 0 "-" "WordPress/6.7.2; https://grimslut.com"
198.54.114.83 - - [01/Apr/2025:04:46:23 -0400] "POST /wp-cron.php?doing_wp_cron=1743497181.9077630043029785156250 HTTP/1.1" 200 0 "-" "WordPress/6.7.2; https://grimslut.com"
162.0.235.20 - - [01/Apr/2025:04:46:18 -0400] "POST /xmlrpc.php HTTP/1.1" 200 186 "https://grimslut.com" "Mozilla/5.0 (Windows NT 10.0; Win64; x64) AppleWebKit/537.36 (KHTML, like Gecko) Chrome/115.0.5790.171 Safari/537.36 Edg/115.0.1901.203"
198.54.114.83 - - [01/Apr/2025:04:46:24 -0400] "POST /wp-admin/admin-ajax.php?action=async_litespeed&nonce=LtzTK5I1LBbShMkoNNhDjBD2Zoycx8Hm&litespeed_type=imgoptm HTTP/1.1" 200 0 "-" "WordPress/6.7.2; https://grimslut.com"
103.253.14.90 - - [01/Apr/2025:04:54:59 -0400] "POST /xmlrpc.php HTTP/1.1" 200 205 "-" "Mozilla/5.0 (X11; Fedora; Linux x86_64; rv:94.0) Gecko/20100101 Firefox/95.0"
198.54.114.83 - - [01/Apr/2025:04:55:06 -0400] "POST /wp-cron.php?doing_wp_cron=1743497703.6311271190643310546875 HTTP/1.1" 200 0 "-" "WordPress/6.7.2; https://grimslut.com"
198.54.114.83 - - [01/Apr/2025:04:58:32 -0400] "POST /wp-cron.php?doing_wp_cron=1743497911.7504858970642089843750 HTTP/1.1" 200 0 "-" "WordPress/6.7.2; https://grimslut.com"
91.151.95.70 - - [01/Apr/2025:04:58:27 -0400] "POST /xmlrpc.php HTTP/1.1" 200 186 "https://grimslut.com" "Mozilla/5.0 (Macintosh; Intel Mac OS X 14.5) AppleWebKit/618.3.5 (KHTML, like Gecko) Version/17.4 Safari/618.3.5"
198.54.114.83 - - [01/Apr/2025:04:58:33 -0400] "POST /wp-admin/admin-ajax.php?action=async_litespeed&nonce=DziaJltRTgnUIbfN4URTuSxvEqDPQQHl&litespeed_type=imgoptm HTTP/1.1" 200 0 "-" "WordPress/6.7.2; https://grimslut.com"
92.222.181.205 - - [01/Apr/2025:05:05:10 -0400] "POST /xmlrpc.php HTTP/1.1" 200 205 "-" "Mozilla/5.0 (X11; Fedora; Linux x86_64; rv:94.0) Gecko/20100101 Firefox/95.0"
54.252.214.180 - - [01/Apr/2025:05:05:58 -0400] "GET /wp-login.php HTTP/1.1" 200 1954 "-" "GRequests/0.10"
54.252.214.180 - - [01/Apr/2025:05:05:59 -0400] "POST /wp-login.php HTTP/1.1" 200 2087 "-" "GRequests/0.10"
198.54.114.83 - - [01/Apr/2025:05:14:42 -0400] "POST /wp-cron.php?doing_wp_cron=1743498881.1242020130157470703125 HTTP/1.1" 200 0 "-" "WordPress/6.7.2; https://grimslut.com"
2a04:e8c0:12::1d - - [01/Apr/2025:05:14:38 -0400] "POST /xmlrpc.php HTTP/1.1" 200 205 "-" "Mozilla/5.0 (X11; Fedora; Linux x86_64; rv:94.0) Gecko/20100101 Firefox/95.0"
198.54.114.83 - - [01/Apr/2025:05:14:43 -0400] "POST /wp-admin/admin-ajax.php?action=async_litespeed&nonce=fXYSEgPhSPQga5J8hrvGq0lBEIyRVLRB&litespeed_type=imgoptm HTTP/1.1" 200 0 "-" "WordPress/6.7.2; https://grimslut.com"
104.43.93.163 - - [01/Apr/2025:05:23:34 -0400] "POST /xmlrpc.php HTTP/1.1" 200 186 "https://grimslut.com" "Mozilla/5.0 (Macintosh; Intel Mac OS X 10_15_7; rv:125.0.1) Gecko/20100101 Firefox/125.0.1"
198.54.114.83 - - [01/Apr/2025:05:23:39 -0400] "POST /wp-cron.php?doing_wp_cron=1743499417.8859760761260986328125 HTTP/1.1" 200 0 "-" "WordPress/6.7.2; https://grimslut.com"
167.114.126.89 - - [01/Apr/2025:05:24:22 -0400] "POST /xmlrpc.php HTTP/1.1" 200 205 "-" "Mozilla/5.0 (X11; Fedora; Linux x86_64; rv:94.0) Gecko/20100101 Firefox/95.0"
198.54.114.83 - - [01/Apr/2025:05:30:18 -0400] "POST /wp-cron.php?doing_wp_cron=1743499816.8378949165344238281250 HTTP/1.1" 200 0 "-" "WordPress/6.7.2; https://grimslut.com"
2a02:598:128:8a00::b00:9 - - [01/Apr/2025:05:30:12 -0400] "GET /sea-shell-necklace/ HTTP/1.1" 200 15039 "-" "Mozilla/5.0 (compatible; SeznamBot/4.0; +https://o-seznam.cz/napoveda/vyhledavani/en/seznambot-crawler/)"
198.54.114.83 - - [01/Apr/2025:05:34:10 -0400] "POST /wp-cron.php?doing_wp_cron=1743500050.1010119915008544921875 HTTP/1.1" 200 0 "-" "WordPress/6.7.2; https://grimslut.com"
157.245.6.207 - - [01/Apr/2025:05:34:05 -0400] "POST /xmlrpc.php HTTP/1.1" 200 205 "-" "Mozilla/5.0 (X11; Fedora; Linux x86_64; rv:94.0) Gecko/20100101 Firefox/95.0"
198.54.114.83 - - [01/Apr/2025:05:34:12 -0400] "POST /wp-admin/admin-ajax.php?action=async_litespeed&nonce=RzXeCOC4mJIuu5cZSiCrlHhVIKNgXTpo&litespeed_type=imgoptm HTTP/1.1" 200 0 "-" "WordPress/6.7.2; https://grimslut.com"
212.34.147.142 - - [01/Apr/2025:05:35:02 -0400] "GET /exploring-the-multicanais-phenomenon/ HTTP/1.1" 200 15499 "https://grimslut.com/exploring-the-multicanais-phenomenon/" "Mozilla/5.0 (Windows NT 10.0; Win64; x64) AppleWebKit/537.36 (KHTML, like Gecko) Chrome/131.0.0.0 Safari/537.36 Avast/131.0.0.0"
198.54.114.83 - - [01/Apr/2025:05:35:07 -0400] "POST /wp-cron.php?doing_wp_cron=1743500105.8771319389343261718750 HTTP/1.1" 200 0 "-" "WordPress/6.7.2; https://grimslut.com"
212.34.147.142 - - [01/Apr/2025:05:35:05 -0400] "POST /wp-comments-post.php HTTP/1.1" 302 0 "https://grimslut.com/exploring-the-multicanais-phenomenon/" "Mozilla/5.0 (Windows NT 10.0; Win64; x64) AppleWebKit/537.36 (KHTML, like Gecko) Chrome/131.0.0.0 Safari/537.36 Avast/131.0.0.0"
198.54.114.83 - - [01/Apr/2025:05:35:10 -0400] "POST /wp-admin/admin-ajax.php?action=async_litespeed&nonce=16dHmsIwch5xCBnEYBD3Xh0NCcT7GeC8&litespeed_type=imgoptm HTTP/1.1" 200 0 "-" "WordPress/6.7.2; https://grimslut.com"
212.34.147.142 - - [01/Apr/2025:05:35:13 -0400] "GET /exploring-the-multicanais-phenomenon/ HTTP/1.1" 200 16138 "https://grimslut.com/exploring-the-multicanais-phenomenon/#comment-6528" "Mozilla/5.0 (Windows NT 10.0; Win64; x64) AppleWebKit/537.36 (KHTML, like Gecko) Chrome/131.0.0.0 Safari/537.36 Avast/131.0.0.0"
89.28.217.3 - - [01/Apr/2025:05:36:27 -0400] "POST /xmlrpc.php HTTP/1.1" 200 186 "https://grimslut.com" "Mozilla/5.0 (Macintosh; Intel Mac OS X 10_15_7) AppleWebKit/537.36 (KHTML, like Gecko) Chrome/126.0.0.0 Safari/537.36"
198.54.114.83 - - [01/Apr/2025:05:36:33 -0400] "POST /wp-cron.php?doing_wp_cron=1743500191.6881680488586425781250 HTTP/1.1" 200 0 "-" "WordPress/6.7.2; https://grimslut.com"
198.54.114.83 - - [01/Apr/2025:05:43:52 -0400] "POST /wp-cron.php?doing_wp_cron=1743500632.7450699806213378906250 HTTP/1.1" 200 0 "-" "WordPress/6.7.2; https://grimslut.com"
31.192.208.162 - - [01/Apr/2025:05:43:49 -0400] "POST /xmlrpc.php HTTP/1.1" 200 205 "-" "Mozilla/5.0 (X11; Fedora; Linux x86_64; rv:94.0) Gecko/20100101 Firefox/95.0"
198.54.114.83 - - [01/Apr/2025:05:43:53 -0400] "POST /wp-admin/admin-ajax.php?action=async_litespeed&nonce=Ibf5tj3EOu3EktHWhgAbtsFzFeabvUf0&litespeed_type=imgoptm HTTP/1.1" 200 5 "-" "WordPress/6.7.2; https://grimslut.com"
198.54.114.83 - - [01/Apr/2025:05:49:24 -0400] "POST /wp-cron.php?doing_wp_cron=1743500964.2891130447387695312500 HTTP/1.1" 200 0 "-" "WordPress/6.7.2; https://grimslut.com"
176.74.26.54 - - [01/Apr/2025:05:49:20 -0400] "POST /xmlrpc.php HTTP/1.1" 200 186 "https://grimslut.com" "Mozilla/5.0 (Macintosh; Intel Mac OS X 14.5) AppleWebKit/618.3.5 (KHTML, like Gecko) Version/17.4 Safari/618.3.5"
198.54.114.83 - - [01/Apr/2025:05:49:25 -0400] "POST /wp-admin/admin-ajax.php?action=async_litespeed&nonce=daZXRzZCdJKSDbTkKpXyP74kdhMraEVd&litespeed_type=imgoptm HTTP/1.1" 200 0 "-" "WordPress/6.7.2; https://grimslut.com"
198.54.114.83 - - [01/Apr/2025:05:53:46 -0400] "POST /wp-cron.php?doing_wp_cron=1743501226.3757638931274414062500 HTTP/1.1" 200 0 "-" "WordPress/6.7.2; https://grimslut.com"
80.251.219.111 - - [01/Apr/2025:05:53:42 -0400] "POST /xmlrpc.php HTTP/1.1" 200 205 "-" "Mozilla/5.0 (X11; Fedora; Linux x86_64; rv:94.0) Gecko/20100101 Firefox/95.0"
198.54.114.83 - - [01/Apr/2025:05:53:47 -0400] "POST /wp-admin/admin-ajax.php?action=async_litespeed&nonce=26HliEJBIolBtlYOwlhOvyKkWsyt4d3Z&litespeed_type=imgoptm HTTP/1.1" 200 0 "-" "WordPress/6.7.2; https://grimslut.com"
198.54.114.83 - - [01/Apr/2025:06:02:21 -0400] "POST /wp-cron.php?doing_wp_cron=1743501740.9527919292449951171875 HTTP/1.1" 200 0 "-" "WordPress/6.7.2; https://grimslut.com"
45.67.14.64 - - [01/Apr/2025:06:02:18 -0400] "POST /xmlrpc.php HTTP/1.1" 200 186 "https://grimslut.com" "Mozilla/5.0 (Macintosh; Intel Mac OS X 10_15_7; rv:125.0.1) Gecko/20100101 Firefox/125.0.1"
198.54.114.83 - - [01/Apr/2025:06:02:22 -0400] "POST /wp-admin/admin-ajax.php?action=async_litespeed&nonce=HCU3ANDerCuKcyOgQi0YxIynqgHacO71&litespeed_type=imgoptm HTTP/1.1" 200 5 "-" "WordPress/6.7.2; https://grimslut.com"
198.54.114.83 - - [01/Apr/2025:06:03:39 -0400] "POST /wp-cron.php?doing_wp_cron=1743501819.5654609203338623046875 HTTP/1.1" 200 0 "-" "WordPress/6.7.2; https://grimslut.com"
51.89.153.66 - - [01/Apr/2025:06:03:38 -0400] "POST /xmlrpc.php HTTP/1.1" 200 205 "-" "Mozilla/5.0 (X11; Fedora; Linux x86_64; rv:94.0) Gecko/20100101 Firefox/95.0"
198.54.114.83 - - [01/Apr/2025:06:03:40 -0400] "POST /wp-admin/admin-ajax.php?action=async_litespeed&nonce=i929EsjZJuKLpulNEfN4y6LiXsU6kuav&litespeed_type=imgoptm HTTP/1.1" 200 5 "-" "WordPress/6.7.2; https://grimslut.com"
198.54.114.83 - - [01/Apr/2025:06:13:51 -0400] "POST /wp-cron.php?doing_wp_cron=1743502431.5405580997467041015625 HTTP/1.1" 200 0 "-" "WordPress/6.7.2; https://grimslut.com"
74.81.38.26 - - [01/Apr/2025:06:13:48 -0400] "POST /xmlrpc.php HTTP/1.1" 200 205 "-" "Mozilla/5.0 (X11; Fedora; Linux x86_64; rv:94.0) Gecko/20100101 Firefox/95.0"
198.54.114.83 - - [01/Apr/2025:06:13:52 -0400] "POST /wp-admin/admin-ajax.php?action=async_litespeed&nonce=wUdrcKubgS9SarzqSiQlUcbfd7auBLuT&litespeed_type=imgoptm HTTP/1.1" 200 5 "-" "WordPress/6.7.2; https://grimslut.com"
198.54.114.83 - - [01/Apr/2025:06:16:59 -0400] "POST /wp-cron.php?doing_wp_cron=1743502618.6749110221862792968750 HTTP/1.1" 200 0 "-" "WordPress/6.7.2; https://grimslut.com"
192.64.117.43 - - [01/Apr/2025:06:16:55 -0400] "POST /xmlrpc.php HTTP/1.1" 200 186 "https://grimslut.com" "Mozilla/5.0 (Windows NT 10.0; Win64; x64) AppleWebKit/537.36 (KHTML, like Gecko) Chrome/113.0.5672.93 Safari/537.36"
198.54.114.83 - - [01/Apr/2025:06:16:59 -0400] "POST /wp-admin/admin-ajax.php?action=async_litespeed&nonce=Bc7LDiq571dGGE1T1oG0nYsASPKr7YhT&litespeed_type=imgoptm HTTP/1.1" 200 5 "-" "WordPress/6.7.2; https://grimslut.com"
198.54.114.83 - - [01/Apr/2025:06:23:42 -0400] "POST /wp-cron.php?doing_wp_cron=1743503022.4733788967132568359375 HTTP/1.1" 200 0 "-" "WordPress/6.7.2; https://grimslut.com"
62.171.140.81 - - [01/Apr/2025:06:23:39 -0400] "POST /xmlrpc.php HTTP/1.1" 200 205 "-" "Mozilla/5.0 (X11; Fedora; Linux x86_64; rv:94.0) Gecko/20100101 Firefox/95.0"
198.54.114.83 - - [01/Apr/2025:06:23:43 -0400] "POST /wp-admin/admin-ajax.php?action=async_litespeed&nonce=wzzp7q7bUCSEi760eS3nJsyJapLVhO1D&litespeed_type=imgoptm HTTP/1.1" 200 5 "-" "WordPress/6.7.2; https://grimslut.com"
162.55.84.37 - - [01/Apr/2025:06:27:09 -0400] "GET /wp-login.php HTTP/1.1" 200 1954 "-" "GRequests/0.10"
162.55.84.37 - - [01/Apr/2025:06:27:10 -0400] "POST /wp-login.php HTTP/1.1" 200 2087 "-" "GRequests/0.10"
198.54.114.83 - - [01/Apr/2025:06:27:17 -0400] "POST /wp-cron.php?doing_wp_cron=1743503235.5736250877380371093750 HTTP/1.1" 200 0 "-" "WordPress/6.7.2; https://grimslut.com"
2604:a880:400:d0::8f4:f001 - - [01/Apr/2025:06:29:58 -0400] "POST /xmlrpc.php HTTP/1.1" 200 186 "https://grimslut.com" "Mozilla/5.0 (Macintosh; Intel Mac OS X 14.3) AppleWebKit/614.31.14 (KHTML, like Gecko) Version/17.0.96 Safari/614.31.14"
198.54.114.83 - - [01/Apr/2025:06:30:06 -0400] "POST /wp-cron.php?doing_wp_cron=1743503403.4197599887847900390625 HTTP/1.1" 200 0 "-" "WordPress/6.7.2; https://grimslut.com"
2400:8500:1301:738:133:130:103:36 - - [01/Apr/2025:06:33:43 -0400] "POST /xmlrpc.php HTTP/1.1" 200 205 "-" "Mozilla/5.0 (X11; Fedora; Linux x86_64; rv:94.0) Gecko/20100101 Firefox/95.0"
198.54.114.83 - - [01/Apr/2025:06:33:49 -0400] "POST /wp-cron.php?doing_wp_cron=1743503626.8991041183471679687500 HTTP/1.1" 200 0 "-" "WordPress/6.7.2; https://grimslut.com"
45.55.35.120 - - [01/Apr/2025:06:41:54 -0400] "GET /wp-admin/css/ HTTP/1.1" 403 1242 "binance.com" "Mozilla/5.0 (Windows NT 10.0; Win64; x64) AppleWebKit/537.36 (KHTML, like Gecko) Chrome/90.0.4430.85 Safari/537.36"
81.88.53.43 - - [01/Apr/2025:06:42:56 -0400] "POST /xmlrpc.php HTTP/1.1" 200 186 "https://grimslut.com" "Mozilla/5.0 (Macintosh; Intel Mac OS X 10_15_7; rv:126.0) Gecko/20100101 Firefox/126.0"
198.54.114.83 - - [01/Apr/2025:06:43:02 -0400] "POST /wp-cron.php?doing_wp_cron=1743504180.0569760799407958984375 HTTP/1.1" 200 0 "-" "WordPress/6.7.2; https://grimslut.com"
198.54.114.83 - - [01/Apr/2025:06:44:28 -0400] "POST /wp-cron.php?doing_wp_cron=1743504266.3719079494476318359375 HTTP/1.1" 200 0 "-" "WordPress/6.7.2; https://grimslut.com"
150.95.140.248 - - [01/Apr/2025:06:44:21 -0400] "POST /xmlrpc.php HTTP/1.1" 200 205 "-" "Mozilla/5.0 (X11; Fedora; Linux x86_64; rv:94.0) Gecko/20100101 Firefox/95.0"
198.54.114.83 - - [01/Apr/2025:06:54:27 -0400] "POST /wp-cron.php?doing_wp_cron=1743504866.0149741172790527343750 HTTP/1.1" 200 0 "-" "WordPress/6.7.2; https://grimslut.com"
175.178.54.250 - - [01/Apr/2025:06:54:22 -0400] "POST /xmlrpc.php HTTP/1.1" 200 205 "-" "Mozilla/5.0 (X11; Gentoo; Linux x86_64; rv:91.0) Gecko/20100101 Firefox/91.0"
198.54.114.83 - - [01/Apr/2025:06:54:28 -0400] "POST /wp-admin/admin-ajax.php?action=async_litespeed&nonce=LjVXiWHfgJfreOn4gcLuzVG3SsHkVbPQ&litespeed_type=imgoptm HTTP/1.1" 200 0 "-" "WordPress/6.7.2; https://grimslut.com"
185.103.39.36 - - [01/Apr/2025:06:55:50 -0400] "POST /xmlrpc.php HTTP/1.1" 200 186 "https://grimslut.com" "Mozilla/5.0 (Windows NT 10.0; Win64; x64) AppleWebKit/537.36 (KHTML, like Gecko) Chrome/112.0.5615.138 Safari/537.36"
2001:41d0:203:83e2:: - - [01/Apr/2025:07:04:57 -0400] "GET /wp-login.php HTTP/1.1" 200 1954 "-" "GRequests/0.10"
2001:41d0:203:83e2:: - - [01/Apr/2025:07:04:59 -0400] "POST /wp-login.php HTTP/1.1" 200 2087 "-" "GRequests/0.10"
69.10.52.140 - - [01/Apr/2025:07:05:04 -0400] "POST /xmlrpc.php HTTP/1.1" 200 205 "-" "Mozilla/5.0 (X11; Fedora; Linux x86_64; rv:94.0) Gecko/20100101 Firefox/95.0"
198.54.114.83 - - [01/Apr/2025:07:05:05 -0400] "POST /wp-cron.php?doing_wp_cron=1743505503.5271770954132080078125 HTTP/1.1" 200 0 "-" "WordPress/6.7.2; https://grimslut.com"
198.54.114.83 - - [01/Apr/2025:07:08:54 -0400] "POST /wp-cron.php?doing_wp_cron=1743505733.8012309074401855468750 HTTP/1.1" 200 0 "-" "WordPress/6.7.2; https://grimslut.com"
162.240.168.197 - - [01/Apr/2025:07:08:49 -0400] "POST /xmlrpc.php HTTP/1.1" 200 186 "https://grimslut.com" "Mozilla/5.0 (Macintosh; Intel Mac OS X 10_15_7) AppleWebKit/537.36 (KHTML, like Gecko) Chrome/113.0.5672.93 Safari/537.36"
198.54.114.83 - - [01/Apr/2025:07:08:55 -0400] "POST /wp-admin/admin-ajax.php?action=async_litespeed&nonce=IjE2zYNrJAYj4zTxfuuqgXh5vLLZgGXM&litespeed_type=imgoptm HTTP/1.1" 200 0 "-" "WordPress/6.7.2; https://grimslut.com"
198.54.114.83 - - [01/Apr/2025:07:21:55 -0400] "POST /wp-cron.php?doing_wp_cron=1743506514.7226910591125488281250 HTTP/1.1" 200 0 "-" "WordPress/6.7.2; https://grimslut.com"
198.54.114.83 - - [01/Apr/2025:07:21:56 -0400] "POST /wp-admin/admin-ajax.php?action=async_litespeed&nonce=EJRLOgSxH8tDoB940CQG0SkV43kvF7XE&litespeed_type=imgoptm HTTP/1.1" 200 0 "-" "WordPress/6.7.2; https://grimslut.com"
129.151.171.247 - - [01/Apr/2025:07:21:50 -0400] "GET /media/system/js/core.js HTTP/1.1" 404 10269 "http://grimslut.com/media/system/js/core.js" "Mozilla/5.0 (Macintosh; Intel Mac OS X 10_10_1) AppleWebKit/537.36 (KHTML, like Gecko) Chrome/39.0.2171.95 Safari/537.36"
91.121.44.198 - - [01/Apr/2025:07:21:58 -0400] "POST /xmlrpc.php HTTP/1.1" 200 186 "https://grimslut.com" "Mozilla/5.0 (Windows NT 10.0; Win64; x64) AppleWebKit/537.36 (KHTML, like Gecko) Chrome/126.0.0.0 Safari/537.36"
129.151.171.247 - - [01/Apr/2025:07:21:59 -0400] "GET /wp-includes/js/jquery/jquery.js HTTP/1.1" 200 81316 "http://grimslut.com/wp-includes/js/jquery/jquery.js" "Mozilla/5.0 (Macintosh; Intel Mac OS X 10_10_1) AppleWebKit/537.36 (KHTML, like Gecko) Chrome/39.0.2171.95 Safari/537.36"
198.54.114.83 - - [01/Apr/2025:07:25:59 -0400] "POST /wp-cron.php?doing_wp_cron=1743506759.1237730979919433593750 HTTP/1.1" 200 0 "-" "WordPress/6.7.2; https://grimslut.com"
103.253.14.90 - - [01/Apr/2025:07:25:55 -0400] "POST /xmlrpc.php HTTP/1.1" 200 205 "-" "Mozilla/5.0 (X11; Fedora; Linux x86_64; rv:94.0) Gecko/20100101 Firefox/95.0"
198.54.114.83 - - [01/Apr/2025:07:26:01 -0400] "POST /wp-admin/admin-ajax.php?action=async_litespeed&nonce=Y9lBb0vWoegEBaAvJ2ueTmjmIxoxFaPt&litespeed_type=imgoptm HTTP/1.1" 200 0 "-" "WordPress/6.7.2; https://grimslut.com"
152.42.183.103 - - [01/Apr/2025:07:26:20 -0400] "GET //wp-includes/ID3/license.txt HTTP/1.1" 200 414 "-" "Mozilla/5.0 (Windows NT 10.0; Win64; x64) AppleWebKit/537.36 (KHTML, like Gecko) Chrome/95.0.4638.69 Safari/537.36"
152.42.183.103 - - [01/Apr/2025:07:26:22 -0400] "GET //feed/ HTTP/1.1" 301 0 "-" "Mozilla/5.0 (Windows NT 10.0; Win64; x64) AppleWebKit/537.36 (KHTML, like Gecko) Chrome/95.0.4638.69 Safari/537.36"
152.42.183.103 - - [01/Apr/2025:07:26:24 -0400] "GET //xmlrpc.php?rsd HTTP/1.1" 200 292 "-" "Mozilla/5.0 (Windows NT 10.0; Win64; x64) AppleWebKit/537.36 (KHTML, like Gecko) Chrome/95.0.4638.69 Safari/537.36"
152.42.183.103 - - [01/Apr/2025:07:26:24 -0400] "GET //?author=1 HTTP/1.1" 301 0 "-" "Mozilla/5.0 (Windows NT 10.0; Win64; x64) AppleWebKit/537.36 (KHTML, like Gecko) Chrome/95.0.4638.69 Safari/537.36"
152.42.183.103 - - [01/Apr/2025:07:26:25 -0400] "GET //?author=2 HTTP/1.1" 301 0 "-" "Mozilla/5.0 (Windows NT 10.0; Win64; x64) AppleWebKit/537.36 (KHTML, like Gecko) Chrome/95.0.4638.69 Safari/537.36"
152.42.183.103 - - [01/Apr/2025:07:26:25 -0400] "GET //?author=3 HTTP/1.1" 301 0 "-" "Mozilla/5.0 (Windows NT 10.0; Win64; x64) AppleWebKit/537.36 (KHTML, like Gecko) Chrome/95.0.4638.69 Safari/537.36"
152.42.183.103 - - [01/Apr/2025:07:26:26 -0400] "GET //wp-json/wp/v2/users/ HTTP/1.1" 200 1236 "-" "Mozilla/5.0 (Windows NT 10.0; Win64; x64) AppleWebKit/537.36 (KHTML, like Gecko) Chrome/95.0.4638.69 Safari/537.36"
152.42.183.103 - - [01/Apr/2025:07:26:26 -0400] "POST //xmlrpc.php HTTP/1.1" 200 205 "-" "Mozilla/5.0 (Windows NT 10.0; Win64; x64) AppleWebKit/537.36 (KHTML, like Gecko) Chrome/95.0.4638.69 Safari/537.36"
152.42.183.103 - - [01/Apr/2025:07:26:27 -0400] "POST //xmlrpc.php HTTP/1.1" 200 189 "-" "Mozilla/5.0 (Windows NT 10.0; Win64; x64) AppleWebKit/537.36 (KHTML, like Gecko) Chrome/95.0.4638.69 Safari/537.36"
152.42.183.103 - - [01/Apr/2025:07:26:28 -0400] "POST //xmlrpc.php HTTP/1.1" 200 205 "-" "Mozilla/5.0 (Windows NT 10.0; Win64; x64) AppleWebKit/537.36 (KHTML, like Gecko) Chrome/95.0.4638.69 Safari/537.36"
152.42.183.103 - - [01/Apr/2025:07:26:29 -0400] "POST //xmlrpc.php HTTP/1.1" 200 205 "-" "Mozilla/5.0 (Windows NT 10.0; Win64; x64) AppleWebKit/537.36 (KHTML, like Gecko) Chrome/95.0.4638.69 Safari/537.36"
152.42.183.103 - - [01/Apr/2025:07:26:31 -0400] "POST //xmlrpc.php HTTP/1.1" 200 205 "-" "Mozilla/5.0 (Windows NT 10.0; Win64; x64) AppleWebKit/537.36 (KHTML, like Gecko) Chrome/95.0.4638.69 Safari/537.36"
198.54.114.83 - - [01/Apr/2025:07:26:33 -0400] "POST /wp-cron.php?doing_wp_cron=1743506791.6341230869293212890625 HTTP/1.1" 200 0 "-" "WordPress/6.7.2; https://grimslut.com"
152.42.183.103 - - [01/Apr/2025:07:26:33 -0400] "POST //xmlrpc.php HTTP/1.1" 200 205 "-" "Mozilla/5.0 (Windows NT 10.0; Win64; x64) AppleWebKit/537.36 (KHTML, like Gecko) Chrome/95.0.4638.69 Safari/537.36"
2a06:6440:0:2c3d::1 - - [01/Apr/2025:07:34:50 -0400] "POST /xmlrpc.php HTTP/1.1" 200 186 "https://grimslut.com" "Mozilla/5.0 (Windows NT 10.0; Win64; x64; rv:127.0) Gecko/20100101 Firefox/127.0"
198.54.114.83 - - [01/Apr/2025:07:34:55 -0400] "POST /wp-cron.php?doing_wp_cron=1743507293.7388489246368408203125 HTTP/1.1" 200 0 "-" "WordPress/6.7.2; https://grimslut.com"
82.223.81.189 - - [01/Apr/2025:07:36:54 -0400] "GET /wp-login.php HTTP/1.1" 200 1954 "-" "GRequests/0.10"
198.54.114.83 - - [01/Apr/2025:07:37:00 -0400] "POST /wp-cron.php?doing_wp_cron=1743507419.1804230213165283203125 HTTP/1.1" 200 0 "-" "WordPress/6.7.2; https://grimslut.com"
82.223.81.189 - - [01/Apr/2025:07:36:56 -0400] "POST /wp-login.php HTTP/1.1" 200 2087 "-" "GRequests/0.10"
13.201.219.151 - - [01/Apr/2025:07:36:59 -0400] "POST /xmlrpc.php HTTP/1.1" 200 205 "-" "Mozilla/5.0 (X11; Fedora; Linux x86_64; rv:94.0) Gecko/20100101 Firefox/95.0"
198.54.114.83 - - [01/Apr/2025:07:47:58 -0400] "POST /wp-cron.php?doing_wp_cron=1743508077.3099949359893798828125 HTTP/1.1" 200 0 "-" "WordPress/6.7.2; https://grimslut.com"
103.159.239.202 - - [01/Apr/2025:07:47:52 -0400] "POST /xmlrpc.php HTTP/1.1" 200 205 "-" "Mozilla/5.0 (X11; Fedora; Linux x86_64; rv:94.0) Gecko/20100101 Firefox/95.0"
198.54.114.83 - - [01/Apr/2025:07:47:59 -0400] "POST /wp-admin/admin-ajax.php?action=async_litespeed&nonce=lmNU3zuoSrgRaoIjAwoQloIzdsafeLC2&litespeed_type=imgoptm HTTP/1.1" 200 0 "-" "WordPress/6.7.2; https://grimslut.com"
134.122.118.246 - - [01/Apr/2025:07:48:05 -0400] "POST /xmlrpc.php HTTP/1.1" 200 186 "https://grimslut.com" "Mozilla/5.0 (Windows NT 10.0; Win64; x64) AppleWebKit/537.36 (KHTML, like Gecko) Chrome/112.0.5615.138 Safari/537.36"
170.64.160.110 - - [01/Apr/2025:07:51:33 -0400] "GET /wp-admin/css/ HTTP/1.1" 403 1242 "binance.com" "Mozilla/5.0 (Windows NT 10.0; Win64; x64) AppleWebKit/537.36 (KHTML, like Gecko) Chrome/90.0.4430.85 Safari/537.36"
198.54.114.83 - - [01/Apr/2025:07:58:27 -0400] "POST /wp-cron.php?doing_wp_cron=1743508707.5391740798950195312500 HTTP/1.1" 200 0 "-" "WordPress/6.7.2; https://grimslut.com"
121.40.58.137 - - [01/Apr/2025:07:58:24 -0400] "POST /xmlrpc.php HTTP/1.1" 200 205 "-" "Mozilla/5.0 (X11; Fedora; Linux x86_64; rv:94.0) Gecko/20100101 Firefox/95.0"
198.54.114.83 - - [01/Apr/2025:07:58:28 -0400] "POST /wp-admin/admin-ajax.php?action=async_litespeed&nonce=oQ6x0dLhbA0DNe3tcpiFg1QgJFs39zbX&litespeed_type=imgoptm HTTP/1.1" 200 0 "-" "WordPress/6.7.2; https://grimslut.com"
198.54.114.83 - - [01/Apr/2025:08:01:22 -0400] "POST /wp-cron.php?doing_wp_cron=1743508882.4271299839019775390625 HTTP/1.1" 200 0 "-" "WordPress/6.7.2; https://grimslut.com"
38.57.3.35 - - [01/Apr/2025:08:01:18 -0400] "POST /xmlrpc.php HTTP/1.1" 200 186 "https://grimslut.com" "Mozilla/5.0 (Macintosh; Intel Mac OS X 10_15_7) AppleWebKit/537.36 (KHTML, like Gecko) Chrome/114.0.5735.134 Safari/537.36"
198.54.114.83 - - [01/Apr/2025:08:01:23 -0400] "POST /wp-admin/admin-ajax.php?action=async_litespeed&nonce=yMjsDYN092X2fQzNF31DaeYd9Dw1LUd8&litespeed_type=imgoptm HTTP/1.1" 200 5 "-" "WordPress/6.7.2; https://grimslut.com"
4.227.36.87 - - [01/Apr/2025:08:09:13 -0400] "GET /robots.txt HTTP/1.1" 200 61 "-" "Mozilla/5.0 AppleWebKit/537.36 (KHTML, like Gecko; compatible; GPTBot/1.2; +https://openai.com/gptbot)"
198.54.114.83 - - [01/Apr/2025:08:09:37 -0400] "POST /wp-cron.php?doing_wp_cron=1743509377.1301550865173339843750 HTTP/1.1" 200 0 "-" "WordPress/6.7.2; https://grimslut.com"
80.251.219.111 - - [01/Apr/2025:08:09:34 -0400] "POST /xmlrpc.php HTTP/1.1" 200 205 "-" "Mozilla/5.0 (X11; Fedora; Linux x86_64; rv:94.0) Gecko/20100101 Firefox/95.0"
198.54.114.83 - - [01/Apr/2025:08:09:37 -0400] "POST /wp-admin/admin-ajax.php?action=async_litespeed&nonce=uSQS3XEAU21ZHjYsnIXNoYiXYQhQqwqc&litespeed_type=imgoptm HTTP/1.1" 200 5 "-" "WordPress/6.7.2; https://grimslut.com"
216.244.66.236 - - [01/Apr/2025:08:10:40 -0400] "GET /robots.txt HTTP/1.1" 304 0 "-" "Mozilla/5.0 (compatible; DotBot/1.2; +https://opensiteexplorer.org/dotbot; help@moz.com)"
198.54.114.83 - - [01/Apr/2025:08:14:51 -0400] "POST /wp-cron.php?doing_wp_cron=1743509691.3796949386596679687500 HTTP/1.1" 200 0 "-" "WordPress/6.7.2; https://grimslut.com"
2a06:6440:0:2caa::1 - - [01/Apr/2025:08:14:48 -0400] "POST /xmlrpc.php HTTP/1.1" 200 186 "https://grimslut.com" "Mozilla/5.0 (Macintosh; Intel Mac OS X 10_15_7; rv:129.0) Gecko/20100101 Firefox/129.0"
198.54.114.83 - - [01/Apr/2025:08:14:52 -0400] "POST /wp-admin/admin-ajax.php?action=async_litespeed&nonce=FG9mwnh8t4aN9sdEp6wDHyl6GyeK5Gzv&litespeed_type=imgoptm HTTP/1.1" 200 5 "-" "WordPress/6.7.2; https://grimslut.com"
185.245.106.236 - - [01/Apr/2025:08:16:19 -0400] "GET /exploring-the-multicanais-phenomenon/ HTTP/1.1" 200 15499 "https://grimslut.com/exploring-the-multicanais-phenomenon/" "Mozilla/5.0 (Windows NT 6.1; Win64; x64) AppleWebKit/537.36 (KHTML, like Gecko) Chrome/103.0.0.0 Safari/537.36"
198.54.114.83 - - [01/Apr/2025:08:16:22 -0400] "POST /wp-cron.php?doing_wp_cron=1743509782.7497808933258056640625 HTTP/1.1" 200 0 "-" "WordPress/6.7.2; https://grimslut.com"
185.245.106.236 - - [01/Apr/2025:08:16:20 -0400] "POST /wp-comments-post.php HTTP/1.1" 302 0 "https://grimslut.com/exploring-the-multicanais-phenomenon/" "Mozilla/5.0 (Windows NT 6.1; Win64; x64) AppleWebKit/537.36 (KHTML, like Gecko) Chrome/103.0.0.0 Safari/537.36"
198.54.114.83 - - [01/Apr/2025:08:16:23 -0400] "POST /wp-admin/admin-ajax.php?action=async_litespeed&nonce=opF7g4OdsaLXx2JOlYAfAdiWAXHwkF8A&litespeed_type=imgoptm HTTP/1.1" 200 5 "-" "WordPress/6.7.2; https://grimslut.com"
185.245.106.236 - - [01/Apr/2025:08:16:24 -0400] "GET /exploring-the-multicanais-phenomenon/ HTTP/1.1" 200 16111 "https://grimslut.com/exploring-the-multicanais-phenomenon/#comment-6529" "Mozilla/5.0 (Windows NT 6.1; Win64; x64) AppleWebKit/537.36 (KHTML, like Gecko) Chrome/103.0.0.0 Safari/537.36"
198.54.114.83 - - [01/Apr/2025:08:19:11 -0400] "POST /wp-cron.php?doing_wp_cron=1743509951.4342091083526611328125 HTTP/1.1" 200 0 "-" "WordPress/6.7.2; https://grimslut.com"
216.244.66.236 - - [01/Apr/2025:08:19:08 -0400] "GET /the-rise-of-online-betting-platforms/ HTTP/1.1" 200 15403 "-" "Mozilla/5.0 (compatible; DotBot/1.2; +https://opensiteexplorer.org/dotbot; help@moz.com)"
198.54.114.83 - - [01/Apr/2025:08:19:11 -0400] "POST /wp-admin/admin-ajax.php?action=async_litespeed&nonce=TyU7LFgp5dV387guMGiGtLHjvG3GAPBD&litespeed_type=imgoptm HTTP/1.1" 200 5 "-" "WordPress/6.7.2; https://grimslut.com"
162.55.84.37 - - [01/Apr/2025:08:26:39 -0400] "GET /wp-login.php HTTP/1.1" 200 1954 "-" "GRequests/0.10"
198.54.114.83 - - [01/Apr/2025:08:26:45 -0400] "POST /wp-cron.php?doing_wp_cron=1743510404.8302190303802490234375 HTTP/1.1" 200 0 "-" "WordPress/6.7.2; https://grimslut.com"
162.55.84.37 - - [01/Apr/2025:08:26:41 -0400] "POST /wp-login.php HTTP/1.1" 200 2086 "-" "GRequests/0.10"
198.54.114.83 - - [01/Apr/2025:08:26:46 -0400] "POST /wp-admin/admin-ajax.php?action=async_litespeed&nonce=eoW0p3kwJlf2CbVqUbp7T1gEhBmw4ZD7&litespeed_type=imgoptm HTTP/1.1" 200 0 "-" "WordPress/6.7.2; https://grimslut.com"
18.191.254.51 - - [01/Apr/2025:08:29:22 -0400] "GET /robots.txt HTTP/1.1" 304 0 "-" "Mozilla/5.0 AppleWebKit/537.36 (KHTML, like Gecko; compatible; ClaudeBot/1.0; +claudebot@anthropic.com)"
198.54.114.83 - - [01/Apr/2025:08:29:27 -0400] "POST /wp-cron.php?doing_wp_cron=1743510566.7058510780334472656250 HTTP/1.1" 200 0 "-" "WordPress/6.7.2; https://grimslut.com"
18.191.254.51 - - [01/Apr/2025:08:29:22 -0400] "GET /wp-json/oembed/1.0/embed?format=xml&url=https%3A%2F%2Fgrimslut.com%2Fexcitement-of-video-slots%2F HTTP/1.1" 200 1035 "-" "Mozilla/5.0 AppleWebKit/537.36 (KHTML, like Gecko; compatible; ClaudeBot/1.0; +claudebot@anthropic.com)"
198.54.114.83 - - [01/Apr/2025:08:29:28 -0400] "POST /wp-admin/admin-ajax.php?action=async_litespeed&nonce=QAvo3d4pwKEJ9StN0xRK6kpeLcoIzolt&litespeed_type=imgoptm HTTP/1.1" 200 0 "-" "WordPress/6.7.2; https://grimslut.com"
198.54.114.83 - - [01/Apr/2025:08:32:27 -0400] "POST /wp-cron.php?doing_wp_cron=1743510747.1894650459289550781250 HTTP/1.1" 200 0 "-" "WordPress/6.7.2; https://grimslut.com"
103.142.24.118 - - [01/Apr/2025:08:32:22 -0400] "POST /xmlrpc.php HTTP/1.1" 200 205 "-" "Mozilla/5.0 (X11; Fedora; Linux x86_64; rv:94.0) Gecko/20100101 Firefox/95.0"
198.54.114.83 - - [01/Apr/2025:08:32:29 -0400] "POST /wp-admin/admin-ajax.php?action=async_litespeed&nonce=Ybuq2ecz7KCOf3iSEmnUS734rknWaVBo&litespeed_type=imgoptm HTTP/1.1" 200 0 "-" "WordPress/6.7.2; https://grimslut.com"
198.54.114.83 - - [01/Apr/2025:08:42:09 -0400] "POST /wp-cron.php?doing_wp_cron=1743511329.5763270854949951171875 HTTP/1.1" 200 0 "-" "WordPress/6.7.2; https://grimslut.com"
198.177.120.19 - - [01/Apr/2025:08:42:06 -0400] "POST /xmlrpc.php HTTP/1.1" 200 186 "https://grimslut.com" "Mozilla/5.0 (Windows NT 10.0; Win64; x64; rv:128.0) Gecko/20100101 Firefox/128.0"
198.54.114.83 - - [01/Apr/2025:08:42:10 -0400] "POST /wp-admin/admin-ajax.php?action=async_litespeed&nonce=dOnR3pX3bcJcb4ChUbIX1IDcwZdJyk1s&litespeed_type=imgoptm HTTP/1.1" 200 5 "-" "WordPress/6.7.2; https://grimslut.com"
8.218.212.177 - - [01/Apr/2025:08:43:12 -0400] "POST /xmlrpc.php HTTP/1.1" 200 205 "-" "Mozilla/5.0 (X11; Fedora; Linux x86_64; rv:94.0) Gecko/20100101 Firefox/95.0"
198.54.114.83 - - [01/Apr/2025:08:43:15 -0400] "POST /wp-cron.php?doing_wp_cron=1743511393.3561270236968994140625 HTTP/1.1" 200 0 "-" "WordPress/6.7.2; https://grimslut.com"
198.235.24.57 - - [01/Apr/2025:08:45:45 -0400] "GET / HTTP/1.1" 200 20855 "-" "Expanse, a Palo Alto Networks company, searches across the global IPv4 space multiple times per day to identify customers&#39; presences on the Internet. If you would like to be excluded from our scans, please send IP addresses/domains to: scaninfo@paloaltonetworks.com"
34.66.85.159 - - [01/Apr/2025:08:48:27 -0400] "GET / HTTP/1.1" 200 20855 "-" "Mozilla/5.0 (Windows NT 10.0; Win64; x64) AppleWebKit/537.36 (KHTML, like Gecko) Chrome/78.0.3904.108 Safari/537.36"
34.66.85.159 - - [01/Apr/2025:08:48:28 -0400] "GET //wp-includes/wlwmanifest.xml HTTP/1.1" 301 0 "-" "Mozilla/5.0 (Windows NT 10.0; Win64; x64) AppleWebKit/537.36 (KHTML, like Gecko) Chrome/78.0.3904.108 Safari/537.36"
198.54.114.83 - - [01/Apr/2025:08:48:33 -0400] "POST /wp-cron.php?doing_wp_cron=1743511711.9774758815765380859375 HTTP/1.1" 200 0 "-" "WordPress/6.7.2; https://grimslut.com"
34.66.85.159 - - [01/Apr/2025:08:48:35 -0400] "GET //xmlrpc.php?rsd HTTP/1.1" 200 292 "-" "Mozilla/5.0 (Windows NT 10.0; Win64; x64) AppleWebKit/537.36 (KHTML, like Gecko) Chrome/78.0.3904.108 Safari/537.36"
34.66.85.159 - - [01/Apr/2025:08:48:36 -0400] "GET //?author=1 HTTP/1.1" 301 0 "-" "Mozilla/5.0 (Windows NT 10.0; Win64; x64) AppleWebKit/537.36 (KHTML, like Gecko) Chrome/78.0.3904.108 Safari/537.36"
34.66.85.159 - - [01/Apr/2025:08:48:38 -0400] "GET //?author=2 HTTP/1.1" 301 0 "-" "Mozilla/5.0 (Windows NT 10.0; Win64; x64) AppleWebKit/537.36 (KHTML, like Gecko) Chrome/78.0.3904.108 Safari/537.36"
34.66.85.159 - - [01/Apr/2025:08:48:39 -0400] "GET //wp-json/wp/v2/users/ HTTP/1.1" 200 1236 "-" "Mozilla/5.0 (Windows NT 10.0; Win64; x64) AppleWebKit/537.36 (KHTML, like Gecko) Chrome/78.0.3904.108 Safari/537.36"
34.66.85.159 - - [01/Apr/2025:08:48:41 -0400] "POST //xmlrpc.php HTTP/1.1" 200 0 "-" "Mozilla/5.0 (Windows NT 10.0; Win64; x64) AppleWebKit/537.36 (KHTML, like Gecko) Chrome/78.0.3904.108 Safari/537.36"
34.66.85.159 - - [01/Apr/2025:08:50:12 -0400] "POST //xmlrpc.php HTTP/1.1" 200 0 "-" "Mozilla/5.0 (Windows NT 10.0; Win64; x64) AppleWebKit/537.36 (KHTML, like Gecko) Chrome/78.0.3904.108 Safari/537.36"
198.54.114.83 - - [01/Apr/2025:08:54:33 -0400] "POST /wp-cron.php?doing_wp_cron=1743512072.2161109447479248046875 HTTP/1.1" 200 0 "-" "WordPress/6.7.2; https://grimslut.com"
60.204.201.136 - - [01/Apr/2025:08:54:28 -0400] "POST /xmlrpc.php HTTP/1.1" 200 205 "-" "Mozilla/5.0 (X11; Fedora; Linux x86_64; rv:94.0) Gecko/20100101 Firefox/95.0"
186.64.119.35 - - [01/Apr/2025:08:55:41 -0400] "POST /xmlrpc.php HTTP/1.1" 200 186 "https://grimslut.com" "Mozilla/5.0 (Macintosh; Intel Mac OS X 10_15_7; rv:125.0.1) Gecko/20100101 Firefox/125.0.1"
198.54.114.83 - - [01/Apr/2025:08:55:44 -0400] "POST /wp-cron.php?doing_wp_cron=1743512142.2496669292449951171875 HTTP/1.1" 200 0 "-" "WordPress/6.7.2; https://grimslut.com"
216.244.66.236 - - [01/Apr/2025:08:57:43 -0400] "GET /robots.txt HTTP/1.1" 200 61 "-" "Mozilla/5.0 (compatible; DotBot/1.2; +https://opensiteexplorer.org/dotbot; help@moz.com)"
69.10.52.140 - - [01/Apr/2025:09:06:18 -0400] "POST /xmlrpc.php HTTP/1.1" 200 205 "-" "Mozilla/5.0 (X11; Fedora; Linux x86_64; rv:94.0) Gecko/20100101 Firefox/95.0"
198.54.114.83 - - [01/Apr/2025:09:06:25 -0400] "POST /wp-cron.php?doing_wp_cron=1743512782.7704589366912841796875 HTTP/1.1" 200 0 "-" "WordPress/6.7.2; https://grimslut.com"
216.244.66.236 - - [01/Apr/2025:09:09:04 -0400] "GET /author/admin/page/14/ HTTP/1.1" 200 15199 "-" "Mozilla/5.0 (compatible; DotBot/1.2; +https://opensiteexplorer.org/dotbot; help@moz.com)"
5.102.173.71 - - [01/Apr/2025:09:09:27 -0400] "GET /robots.txt HTTP/1.1" 304 0 "-" "Mozilla/5.0 (compatible; MojeekBot/0.11; +https://www.mojeek.com/bot.html)"
198.54.114.83 - - [01/Apr/2025:09:09:30 -0400] "POST /wp-cron.php?doing_wp_cron=1743512969.0111200809478759765625 HTTP/1.1" 200 0 "-" "WordPress/6.7.2; https://grimslut.com"
173.212.223.204 - - [01/Apr/2025:09:09:24 -0400] "POST /xmlrpc.php HTTP/1.1" 200 186 "https://grimslut.com" "Mozilla/5.0 (Windows NT 10.0; Win64; x64) AppleWebKit/537.36 (KHTML, like Gecko) Chrome/115.0.5790.171 Safari/537.36 Edg/115.0.1901.203"
5.102.173.71 - - [01/Apr/2025:09:09:28 -0400] "GET /crafting-memorable-experiences-through-corporate-event-entertainment/ HTTP/1.1" 200 15726 "-" "Mozilla/5.0 (compatible; MojeekBot/0.11; +https://www.mojeek.com/bot.html)"
141.95.86.132 - - [01/Apr/2025:09:10:23 -0400] "GET / HTTP/1.1" 200 20855 "-" "Mozilla/5.0 (Macintosh; Intel Mac OS X 10_15_7) AppleWebKit/537.36 (KHTML, like Gecko) Chrome/133.0.0.0 Safari/537.36"
2001:41d0:203:83e2:: - - [01/Apr/2025:09:12:40 -0400] "GET /wp-login.php HTTP/1.1" 200 1954 "-" "GRequests/0.10"
198.54.114.83 - - [01/Apr/2025:09:12:45 -0400] "POST /wp-cron.php?doing_wp_cron=1743513165.4881401062011718750000 HTTP/1.1" 200 0 "-" "WordPress/6.7.2; https://grimslut.com"
2001:41d0:203:83e2:: - - [01/Apr/2025:09:12:41 -0400] "POST /wp-login.php HTTP/1.1" 200 2086 "-" "GRequests/0.10"
