198.54.114.83 - - [01/Apr/2025:15:24:02 -0400] "POST /wp-admin/admin-ajax.php?action=async_litespeed&nonce=smg1HMoyFAotZUeZBf4sUz3YEMPY231c&litespeed_type=imgoptm HTTP/1.1" 200 5 "-" "WordPress/6.7.2; https://grimslut.com"
198.54.114.83 - - [01/Apr/2025:15:26:47 -0400] "POST /wp-cron.php?doing_wp_cron=1743535606.5917289257049560546875 HTTP/1.1" 200 0 "-" "WordPress/6.7.2; https://grimslut.com"
113.36.242.229 - - [01/Apr/2025:15:26:44 -0400] "POST /xmlrpc.php HTTP/1.1" 200 186 "https://grimslut.com" "Mozilla/5.0 (Windows NT 10.0; Win64; x64; rv:128.0) Gecko/20100101 Firefox/128.0"
198.54.114.83 - - [01/Apr/2025:15:26:47 -0400] "POST /wp-admin/admin-ajax.php?action=async_litespeed&nonce=tb7fq4HPHlSC0arGaHJNKeY2M0onkYcg&litespeed_type=imgoptm HTTP/1.1" 200 5 "-" "WordPress/6.7.2; https://grimslut.com"
43.166.134.114 - - [01/Apr/2025:15:27:23 -0400] "GET /category/beauty/ HTTP/1.1" 200 12206 "-" "Mozilla/5.0 (iPhone; CPU iPhone OS 13_2_3 like Mac OS X) AppleWebKit/605.1.15 (KHTML, like Gecko) Version/13.0.3 Mobile/15E148 Safari/604.1"
143.244.57.121 - - [01/Apr/2025:15:32:47 -0400] "GET / HTTP/1.1" 200 20855 "-" "Mozilla/5.0 (Windows NT 10.0; Win64; x64) AppleWebKit/537.36 (KHTML, like Gecko) Chrome/78.0.3904.108 Safari/537.36"
198.54.114.83 - - [01/Apr/2025:15:32:51 -0400] "POST /wp-cron.php?doing_wp_cron=1743535971.2719469070434570312500 HTTP/1.1" 200 0 "-" "WordPress/6.7.2; https://grimslut.com"
143.244.57.121 - - [01/Apr/2025:15:32:47 -0400] "GET //wp-includes/wlwmanifest.xml HTTP/1.1" 301 0 "-" "Mozilla/5.0 (Windows NT 10.0; Win64; x64) AppleWebKit/537.36 (KHTML, like Gecko) Chrome/78.0.3904.108 Safari/537.36"
143.244.57.121 - - [01/Apr/2025:15:32:52 -0400] "GET //xmlrpc.php?rsd HTTP/1.1" 200 292 "-" "Mozilla/5.0 (Windows NT 10.0; Win64; x64) AppleWebKit/537.36 (KHTML, like Gecko) Chrome/78.0.3904.108 Safari/537.36"
143.244.57.121 - - [01/Apr/2025:15:32:52 -0400] "GET //?author=1 HTTP/1.1" 301 0 "-" "Mozilla/5.0 (Windows NT 10.0; Win64; x64) AppleWebKit/537.36 (KHTML, like Gecko) Chrome/78.0.3904.108 Safari/537.36"
198.54.114.83 - - [01/Apr/2025:15:32:52 -0400] "POST /wp-admin/admin-ajax.php?action=async_litespeed&nonce=L3M8pFwSBTBagLzzyicmuBKfzCpadza3&litespeed_type=imgoptm HTTP/1.1" 200 5 "-" "WordPress/6.7.2; https://grimslut.com"
143.244.57.121 - - [01/Apr/2025:15:32:53 -0400] "GET //?author=2 HTTP/1.1" 301 0 "-" "Mozilla/5.0 (Windows NT 10.0; Win64; x64) AppleWebKit/537.36 (KHTML, like Gecko) Chrome/78.0.3904.108 Safari/537.36"
143.244.57.121 - - [01/Apr/2025:15:32:53 -0400] "GET //wp-json/wp/v2/users/ HTTP/1.1" 200 1236 "-" "Mozilla/5.0 (Windows NT 10.0; Win64; x64) AppleWebKit/537.36 (KHTML, like Gecko) Chrome/78.0.3904.108 Safari/537.36"
143.244.57.121 - - [01/Apr/2025:15:32:53 -0400] "POST //xmlrpc.php HTTP/1.1" 200 205 "-" "Mozilla/5.0 (Windows NT 10.0; Win64; x64) AppleWebKit/537.36 (KHTML, like Gecko) Chrome/78.0.3904.108 Safari/537.36"
143.244.57.121 - - [01/Apr/2025:15:32:54 -0400] "POST //xmlrpc.php HTTP/1.1" 200 205 "-" "Mozilla/5.0 (Windows NT 10.0; Win64; x64) AppleWebKit/537.36 (KHTML, like Gecko) Chrome/78.0.3904.108 Safari/537.36"
143.244.57.121 - - [01/Apr/2025:15:32:54 -0400] "POST //xmlrpc.php HTTP/1.1" 200 205 "-" "Mozilla/5.0 (Windows NT 10.0; Win64; x64) AppleWebKit/537.36 (KHTML, like Gecko) Chrome/78.0.3904.108 Safari/537.36"
143.244.57.121 - - [01/Apr/2025:15:32:55 -0400] "POST //xmlrpc.php HTTP/1.1" 200 205 "-" "Mozilla/5.0 (Windows NT 10.0; Win64; x64) AppleWebKit/537.36 (KHTML, like Gecko) Chrome/78.0.3904.108 Safari/537.36"
143.244.57.121 - - [01/Apr/2025:15:32:55 -0400] "POST //xmlrpc.php HTTP/1.1" 200 205 "-" "Mozilla/5.0 (Windows NT 10.0; Win64; x64) AppleWebKit/537.36 (KHTML, like Gecko) Chrome/78.0.3904.108 Safari/537.36"
143.244.57.121 - - [01/Apr/2025:15:32:56 -0400] "POST //xmlrpc.php HTTP/1.1" 200 205 "-" "Mozilla/5.0 (Windows NT 10.0; Win64; x64) AppleWebKit/537.36 (KHTML, like Gecko) Chrome/78.0.3904.108 Safari/537.36"
209.195.9.10 - - [01/Apr/2025:15:36:20 -0400] "GET / HTTP/1.1" 200 20855 "-" "Mozilla/5.0 (iPhone; CPU iPhone OS 17_7_2 like Mac OS X) AppleWebKit/605.1.15 (KHTML, like Gecko) CriOS/131.0.6778.73 Mobile/15E148 Safari/604.1"
198.54.114.83 - - [01/Apr/2025:15:39:47 -0400] "POST /wp-cron.php?doing_wp_cron=1743536387.4732348918914794921875 HTTP/1.1" 200 0 "-" "WordPress/6.7.2; https://grimslut.com"
43.153.54.14 - - [01/Apr/2025:15:39:43 -0400] "GET /category/bitcoin/ HTTP/1.1" 200 12233 "-" "Mozilla/5.0 (iPhone; CPU iPhone OS 13_2_3 like Mac OS X) AppleWebKit/605.1.15 (KHTML, like Gecko) Version/13.0.3 Mobile/15E148 Safari/604.1"
198.54.114.83 - - [01/Apr/2025:15:39:48 -0400] "POST /wp-admin/admin-ajax.php?action=async_litespeed&nonce=SLBAKag9RnyTPetC1bkEEGwdeVnIY5Tj&litespeed_type=imgoptm HTTP/1.1" 200 5 "-" "WordPress/6.7.2; https://grimslut.com"
176.123.10.50 - - [01/Apr/2025:15:43:39 -0400] "GET / HTTP/1.1" 200 20855 "-" "Mozilla/5.0 (compatible; ScannerBot/1.0)"
176.123.10.50 - - [01/Apr/2025:15:43:40 -0400] "GET / HTTP/1.1" 200 20855 "-" "Mozilla/5.0 (compatible; ScannerBot/1.0)"
2001:41d0:203:83e2:: - - [01/Apr/2025:15:46:48 -0400] "GET /wp-login.php HTTP/1.1" 200 1954 "-" "GRequests/0.10"
198.54.114.83 - - [01/Apr/2025:15:46:52 -0400] "POST /wp-cron.php?doing_wp_cron=1743536812.4656128883361816406250 HTTP/1.1" 200 0 "-" "WordPress/6.7.2; https://grimslut.com"
2001:41d0:203:83e2:: - - [01/Apr/2025:15:46:49 -0400] "POST /wp-login.php HTTP/1.1" 200 2086 "-" "GRequests/0.10"
198.54.114.83 - - [01/Apr/2025:15:46:53 -0400] "POST /wp-admin/admin-ajax.php?action=async_litespeed&nonce=CrQ4Mu9Hkyz2lAakjaLPPBgKUZyEpNVm&litespeed_type=imgoptm HTTP/1.1" 200 0 "-" "WordPress/6.7.2; https://grimslut.com"
198.54.114.83 - - [01/Apr/2025:15:47:56 -0400] "POST /wp-cron.php?doing_wp_cron=1743536876.1231861114501953125000 HTTP/1.1" 200 0 "-" "WordPress/6.7.2; https://grimslut.com"
185.103.39.36 - - [01/Apr/2025:15:47:55 -0400] "GET /xmlrpc.php HTTP/1.1" 405 46 "http://grimslut.com" "Mozilla/5.0 (Macintosh; Intel Mac OS X 10_15_7) AppleWebKit/537.36 (KHTML, like Gecko) Chrome/112.0.5615.138 Safari/537.36"
198.54.114.83 - - [01/Apr/2025:15:47:57 -0400] "POST /wp-admin/admin-ajax.php?action=async_litespeed&nonce=nXh7Ih2RcHxL5joqe2uHxf86FsDBUa1w&litespeed_type=imgoptm HTTP/1.1" 200 5 "-" "WordPress/6.7.2; https://grimslut.com"
198.54.114.83 - - [01/Apr/2025:15:50:45 -0400] "POST /wp-cron.php?doing_wp_cron=1743537043.8679940700531005859375 HTTP/1.1" 200 0 "-" "WordPress/6.7.2; https://grimslut.com"
68.178.151.243 - - [01/Apr/2025:15:50:40 -0400] "POST /xmlrpc.php HTTP/1.1" 200 186 "https://grimslut.com" "Mozilla/5.0 (Windows NT 10.0; Win64; x64) AppleWebKit/537.36 (KHTML, like Gecko) Chrome/126.0.0.0 Safari/537.36"
43.166.247.155 - - [01/Apr/2025:15:55:56 -0400] "GET /category/digital-marketing/ HTTP/1.1" 200 12187 "-" "Mozilla/5.0 (iPhone; CPU iPhone OS 13_2_3 like Mac OS X) AppleWebKit/605.1.15 (KHTML, like Gecko) Version/13.0.3 Mobile/15E148 Safari/604.1"
47.82.10.135 - - [01/Apr/2025:16:00:33 -0400] "GET /wp-content/themes/bloghash/assets/js/bloghash-slider.min.js HTTP/1.1" 200 253 "-" "Mozilla/5.0 (Windows NT 10.0; Win64; x64) AppleWebKit/537.36 (KHTML, like Gecko) Chrome/114.0.0.0 Safari/537.36 Edg/114.0.1823.43"
198.54.114.83 - - [01/Apr/2025:16:02:37 -0400] "POST /wp-cron.php?doing_wp_cron=1743537756.6240899562835693359375 HTTP/1.1" 200 0 "-" "WordPress/6.7.2; https://grimslut.com"
43.156.168.214 - - [01/Apr/2025:16:02:32 -0400] "GET /category/food-dring/ HTTP/1.1" 200 12204 "-" "Mozilla/5.0 (iPhone; CPU iPhone OS 13_2_3 like Mac OS X) AppleWebKit/605.1.15 (KHTML, like Gecko) Version/13.0.3 Mobile/15E148 Safari/604.1"
35.172.125.172 - - [01/Apr/2025:16:06:14 -0400] "GET /robots.txt HTTP/1.1" 304 0 "-" "Mozilla/5.0 AppleWebKit/537.36 (KHTML, like Gecko; compatible; Amazonbot/0.1; +https://developer.amazon.com/support/amazonbot) Chrome/119.0.6045.214 Safari/537.36"
198.54.114.83 - - [01/Apr/2025:16:06:25 -0400] "POST /wp-cron.php?doing_wp_cron=1743537985.3405330181121826171875 HTTP/1.1" 200 0 "-" "WordPress/6.7.2; https://grimslut.com"
198.54.114.83 - - [01/Apr/2025:16:06:27 -0400] "POST /wp-admin/admin-ajax.php?action=async_litespeed&nonce=6p4RfTQ777czMpM1QC7HAIZ3D6uuxJqA&litespeed_type=imgoptm HTTP/1.1" 200 0 "-" "WordPress/6.7.2; https://grimslut.com"
98.83.72.38 - - [01/Apr/2025:16:06:21 -0400] "GET /author/admin/page/16/ HTTP/1.1" 200 15284 "-" "Mozilla/5.0 AppleWebKit/537.36 (KHTML, like Gecko; compatible; Amazonbot/0.1; +https://developer.amazon.com/support/amazonbot) Chrome/119.0.6045.214 Safari/537.36"
47.82.9.36 - - [01/Apr/2025:16:10:50 -0400] "GET /wp-content/themes/bloghash/assets/js/vendors/vanilla-marquee.min.js HTTP/1.1" 200 2023 "-" "Mozilla/5.0 (Windows NT 10.0; Win64; x64) AppleWebKit/537.36 (KHTML, like Gecko) Chrome/114.0.0.0 Safari/537.36 Edg/114.0.1823.43"
198.54.114.83 - - [01/Apr/2025:16:11:28 -0400] "POST /wp-cron.php?doing_wp_cron=1743538286.9045150279998779296875 HTTP/1.1" 200 0 "-" "WordPress/6.7.2; https://grimslut.com"
132.148.183.184 - - [01/Apr/2025:16:11:22 -0400] "GET /xmlrpc.php HTTP/1.1" 405 46 "http://grimslut.com" "Mozilla/5.0 (Windows NT 10.0; Win64; x64) AppleWebKit/537.36 (KHTML, like Gecko) Chrome/116.0.5845.96 Safari/537.36 Edg/116.0.1938.62"
43.166.251.233 - - [01/Apr/2025:16:11:45 -0400] "GET /2024/12/ HTTP/1.1" 200 15021 "-" "Mozilla/5.0 (iPhone; CPU iPhone OS 13_2_3 like Mac OS X) AppleWebKit/605.1.15 (KHTML, like Gecko) Version/13.0.3 Mobile/15E148 Safari/604.1"
198.54.114.83 - - [01/Apr/2025:16:14:05 -0400] "POST /wp-cron.php?doing_wp_cron=1743538443.7583858966827392578125 HTTP/1.1" 200 0 "-" "WordPress/6.7.2; https://grimslut.com"
62.60.160.33 - - [01/Apr/2025:16:14:00 -0400] "POST /xmlrpc.php HTTP/1.1" 200 186 "https://grimslut.com" "Mozilla/5.0 (Windows NT 10.0; Win64; x64) AppleWebKit/537.36 (KHTML, like Gecko) Chrome/116.0.5845.96 Safari/537.36 Edg/116.0.1938.62"
198.54.114.83 - - [01/Apr/2025:16:18:34 -0400] "POST /wp-cron.php?doing_wp_cron=1743538713.5701310634613037109375 HTTP/1.1" 200 0 "-" "WordPress/6.7.2; https://grimslut.com"
170.106.193.108 - - [01/Apr/2025:16:18:28 -0400] "GET /category/health-fitness/ HTTP/1.1" 200 13311 "-" "Mozilla/5.0 (iPhone; CPU iPhone OS 13_2_3 like Mac OS X) AppleWebKit/605.1.15 (KHTML, like Gecko) Version/13.0.3 Mobile/15E148 Safari/604.1"
198.54.114.83 - - [01/Apr/2025:16:18:36 -0400] "POST /wp-admin/admin-ajax.php?action=async_litespeed&nonce=CmR4dwO8QXEDQWjGCim3hPWdmf1an4yI&litespeed_type=imgoptm HTTP/1.1" 200 0 "-" "WordPress/6.7.2; https://grimslut.com"
2001:41d0:203:83e2:: - - [01/Apr/2025:16:31:21 -0400] "GET /wp-login.php HTTP/1.1" 200 1954 "-" "GRequests/0.10"
198.54.114.83 - - [01/Apr/2025:16:31:25 -0400] "POST /wp-cron.php?doing_wp_cron=1743539485.4568350315093994140625 HTTP/1.1" 200 0 "-" "WordPress/6.7.2; https://grimslut.com"
2001:41d0:203:83e2:: - - [01/Apr/2025:16:31:22 -0400] "POST /wp-login.php HTTP/1.1" 200 2086 "-" "GRequests/0.10"
198.54.114.83 - - [01/Apr/2025:16:31:27 -0400] "POST /wp-admin/admin-ajax.php?action=async_litespeed&nonce=55ZrqgaklBRQAylNcWXxapwihIWh1UmJ&litespeed_type=imgoptm HTTP/1.1" 200 0 "-" "WordPress/6.7.2; https://grimslut.com"
198.54.114.83 - - [01/Apr/2025:16:34:20 -0400] "POST /wp-cron.php?doing_wp_cron=1743539659.4640669822692871093750 HTTP/1.1" 200 0 "-" "WordPress/6.7.2; https://grimslut.com"
82.156.199.117 - - [01/Apr/2025:16:34:16 -0400] "GET /xmlrpc.php HTTP/1.1" 405 46 "http://grimslut.com" "Mozilla/5.0 (Macintosh; Intel Mac OS X 10_15_7) AppleWebKit/537.36 (KHTML, like Gecko) Chrome/116.0.5845.96 Safari/537.36"
198.54.114.83 - - [01/Apr/2025:16:34:20 -0400] "POST /wp-admin/admin-ajax.php?action=async_litespeed&nonce=hh528ouL8SoljmiFSQj2MqsGNKMt5tMi&litespeed_type=imgoptm HTTP/1.1" 200 0 "-" "WordPress/6.7.2; https://grimslut.com"
198.54.114.83 - - [01/Apr/2025:16:36:49 -0400] "POST /wp-cron.php?doing_wp_cron=1743539808.5812571048736572265625 HTTP/1.1" 200 0 "-" "WordPress/6.7.2; https://grimslut.com"
132.148.183.184 - - [01/Apr/2025:16:36:45 -0400] "POST /xmlrpc.php HTTP/1.1" 200 186 "https://grimslut.com" "Mozilla/5.0 (Windows NT 10.0; Win64; x64; rv:127.0) Gecko/20100101 Firefox/127.0"
198.54.114.83 - - [01/Apr/2025:16:36:49 -0400] "POST /wp-admin/admin-ajax.php?action=async_litespeed&nonce=kvSyOZcjOL0zArBrIXmj1wU0BHnXLqzP&litespeed_type=imgoptm HTTP/1.1" 200 5 "-" "WordPress/6.7.2; https://grimslut.com"
3.135.222.93 - - [01/Apr/2025:16:37:01 -0400] "GET /robots.txt HTTP/1.1" 304 0 "-" "Mozilla/5.0 AppleWebKit/537.36 (KHTML, like Gecko; compatible; ClaudeBot/1.0; +claudebot@anthropic.com)"
3.135.222.93 - - [01/Apr/2025:16:37:01 -0400] "GET /category/digital-marketing/feed HTTP/1.1" 301 0 "-" "Mozilla/5.0 AppleWebKit/537.36 (KHTML, like Gecko; compatible; ClaudeBot/1.0; +claudebot@anthropic.com)"
3.135.222.93 - - [01/Apr/2025:16:37:02 -0400] "GET /category/digital-marketing/feed/ HTTP/1.1" 200 442 "-" "Mozilla/5.0 AppleWebKit/537.36 (KHTML, like Gecko; compatible; ClaudeBot/1.0; +claudebot@anthropic.com)"
47.79.119.52 - - [01/Apr/2025:16:50:42 -0400] "GET /wp-includes/js/comment-reply.min.js HTTP/1.1" 200 1247 "-" "Mozilla/5.0 (Windows NT 10.0; Win64; x64) AppleWebKit/537.36 (KHTML, like Gecko) Chrome/114.0.0.0 Safari/537.36 Edg/114.0.1823.43"
198.54.114.83 - - [01/Apr/2025:16:50:52 -0400] "POST /wp-cron.php?doing_wp_cron=1743540652.0395379066467285156250 HTTP/1.1" 200 0 "-" "WordPress/6.7.2; https://grimslut.com"
18.222.254.247 - - [01/Apr/2025:16:50:49 -0400] "GET /the-truth-behind-steroids-and-their-impact-on-health/feed HTTP/1.1" 301 0 "-" "Mozilla/5.0 AppleWebKit/537.36 (KHTML, like Gecko; compatible; ClaudeBot/1.0; +claudebot@anthropic.com)"
18.222.254.247 - - [01/Apr/2025:16:50:52 -0400] "GET /the-truth-behind-steroids-and-their-impact-on-health/feed/ HTTP/1.1" 200 426 "-" "Mozilla/5.0 AppleWebKit/537.36 (KHTML, like Gecko; compatible; ClaudeBot/1.0; +claudebot@anthropic.com)"
198.54.114.83 - - [01/Apr/2025:16:50:52 -0400] "POST /wp-admin/admin-ajax.php?action=async_litespeed&nonce=urTOhYfoVmBiXCTTa8CdEfzvR6GlTiWG&litespeed_type=imgoptm HTTP/1.1" 200 0 "-" "WordPress/6.7.2; https://grimslut.com"
198.54.114.83 - - [01/Apr/2025:16:55:34 -0400] "POST /wp-cron.php?doing_wp_cron=1743540934.4908299446105957031250 HTTP/1.1" 200 0 "-" "WordPress/6.7.2; https://grimslut.com"
172.177.70.225 - - [01/Apr/2025:16:55:30 -0400] "GET /wp-content/plugins/hellopress/wp_filemanager.php HTTP/1.1" 404 10271 "-" "-"
198.54.114.83 - - [01/Apr/2025:16:55:35 -0400] "POST /wp-admin/admin-ajax.php?action=async_litespeed&nonce=buUR8migAsjW3KZmNbmFKkIqaaVPm8Ob&litespeed_type=imgoptm HTTP/1.1" 200 0 "-" "WordPress/6.7.2; https://grimslut.com"
172.177.70.225 - - [01/Apr/2025:16:55:36 -0400] "GET /wp-includes/Text/network.php HTTP/1.1" 404 10271 "-" "-"
172.177.70.225 - - [01/Apr/2025:16:55:37 -0400] "GET /wp-content/upgrade-temp-backup/wp-login.php HTTP/1.1" 404 10271 "-" "-"
172.177.70.225 - - [01/Apr/2025:16:55:38 -0400] "GET /js/fm.php HTTP/1.1" 404 10271 "-" "-"
172.177.70.225 - - [01/Apr/2025:16:55:39 -0400] "GET /wp-content/themes/astra/inc/ki1k.php HTTP/1.1" 404 10271 "-" "-"
172.177.70.225 - - [01/Apr/2025:16:55:40 -0400] "GET /WordPress/wp-admin/includes/zmFM.php HTTP/1.1" 404 10271 "-" "-"
172.177.70.225 - - [01/Apr/2025:16:55:41 -0400] "GET /default.php HTTP/1.1" 404 10271 "-" "-"
172.177.70.225 - - [01/Apr/2025:16:55:41 -0400] "GET /ty.php HTTP/1.1" 404 10271 "-" "-"
172.177.70.225 - - [01/Apr/2025:16:55:42 -0400] "GET /wp-content/themes/cay-van-phong/filemanager.php HTTP/1.1" 404 10271 "-" "-"
172.177.70.225 - - [01/Apr/2025:16:55:43 -0400] "GET /fm.php HTTP/1.1" 404 10271 "-" "-"
172.177.70.225 - - [01/Apr/2025:16:55:45 -0400] "GET /wp-content/plugins/seoplugins/index.php HTTP/1.1" 200 0 "-" "-"
198.54.114.83 - - [01/Apr/2025:17:01:51 -0400] "POST /wp-cron.php?doing_wp_cron=1743541310.8187301158905029296875 HTTP/1.1" 200 0 "-" "WordPress/6.7.2; https://grimslut.com"
162.254.39.79 - - [01/Apr/2025:17:01:48 -0400] "POST /xmlrpc.php HTTP/1.1" 200 186 "https://grimslut.com" "Mozilla/5.0 (Windows NT 10.0; Win64; x64) AppleWebKit/537.36 (KHTML, like Gecko) Chrome/114.0.5735.199 Safari/537.36 Edg/114.0.1823.67"
198.54.114.83 - - [01/Apr/2025:17:01:51 -0400] "POST /wp-admin/admin-ajax.php?action=async_litespeed&nonce=FS8ugeajmyfdzCTThBjKk6bFDkwiP3fF&litespeed_type=imgoptm HTTP/1.1" 200 5 "-" "WordPress/6.7.2; https://grimslut.com"
47.82.10.179 - - [01/Apr/2025:17:02:54 -0400] "GET /wp-content/themes/bloghash/assets/js/bloghash.min.js HTTP/1.1" 200 5141 "-" "Mozilla/5.0 (Windows NT 10.0; Win64; x64) AppleWebKit/537.36 (KHTML, like Gecko) Chrome/114.0.0.0 Safari/537.36 Edg/114.0.1823.43"
47.82.11.125 - - [01/Apr/2025:17:03:23 -0400] "GET /wp-includes/js/imagesloaded.min.js HTTP/1.1" 200 1687 "-" "Mozilla/5.0 (Windows NT 10.0; Win64; x64) AppleWebKit/537.36 (KHTML, like Gecko) Chrome/114.0.0.0 Safari/537.36 Edg/114.0.1823.43"
47.82.9.9 - - [01/Apr/2025:17:03:28 -0400] "GET /wp-includes/js/jquery/jquery.min.js HTTP/1.1" 200 29744 "-" "Mozilla/5.0 (Windows NT 10.0; Win64; x64) AppleWebKit/537.36 (KHTML, like Gecko) Chrome/114.0.0.0 Safari/537.36 Edg/114.0.1823.43"
47.82.10.216 - - [01/Apr/2025:17:04:35 -0400] "GET /wp-includes/js/jquery/jquery-migrate.min.js HTTP/1.1" 200 4678 "-" "Mozilla/5.0 (Windows NT 10.0; Win64; x64) AppleWebKit/537.36 (KHTML, like Gecko) Chrome/114.0.0.0 Safari/537.36 Edg/114.0.1823.43"
114.119.151.165 - - [01/Apr/2025:17:05:28 -0400] "GET /robots.txt HTTP/1.1" 200 61 "-" "Mozilla/5.0 (compatible;PetalBot;+https://webmaster.petalsearch.com/site/petalbot)"
47.82.11.233 - - [01/Apr/2025:17:05:45 -0400] "GET /wp-content/themes/bloghash/assets/js/vendors/swiper-bundle.min.js HTTP/1.1" 200 39606 "-" "Mozilla/5.0 (Windows NT 10.0; Win64; x64) AppleWebKit/537.36 (KHTML, like Gecko) Chrome/114.0.0.0 Safari/537.36 Edg/114.0.1823.43"
47.82.11.233 - - [01/Apr/2025:17:05:46 -0400] "GET /wp-content/themes/bloghash/assets/js/vendors/swiper-bundle.min.js.map HTTP/1.1" 404 10271 "-" "Mozilla/5.0 (Windows NT 10.0; Win64; x64) AppleWebKit/537.36 (KHTML, like Gecko) Chrome/114.0.0.0 Safari/537.36 Edg/114.0.1823.43"
54.89.90.224 - - [01/Apr/2025:17:14:27 -0400] "GET /author/admin/page/15/ HTTP/1.1" 200 0 "-" "Mozilla/5.0 AppleWebKit/537.36 (KHTML, like Gecko; compatible; Amazonbot/0.1; +https://developer.amazon.com/support/amazonbot) Chrome/119.0.6045.214 Safari/537.36"
198.54.114.83 - - [01/Apr/2025:17:14:44 -0400] "POST /wp-cron.php?doing_wp_cron=1743542084.5358500480651855468750 HTTP/1.1" 200 0 "-" "WordPress/6.7.2; https://grimslut.com"
198.54.114.83 - - [01/Apr/2025:17:14:45 -0400] "POST /wp-admin/admin-ajax.php?action=async_litespeed&nonce=NQ3Rbi9shiseZ01KuN8qKnFcyFSfVz59&litespeed_type=imgoptm HTTP/1.1" 200 0 "-" "WordPress/6.7.2; https://grimslut.com"
2a02:4780:14:4525::1 - - [01/Apr/2025:17:20:53 -0400] "GET /wp-login.php HTTP/1.1" 200 1954 "-" "GRequests/0.10"
198.54.114.83 - - [01/Apr/2025:17:23:09 -0400] "POST /wp-cron.php?doing_wp_cron=1743542588.8932099342346191406250 HTTP/1.1" 200 0 "-" "WordPress/6.7.2; https://grimslut.com"
104.43.93.163 - - [01/Apr/2025:17:23:06 -0400] "GET /xmlrpc.php HTTP/1.1" 405 46 "http://grimslut.com" "Mozilla/5.0 (Windows NT 11.0; Win64; x64; rv:126.0) Gecko/20100101 Firefox/126.0"
198.54.114.83 - - [01/Apr/2025:17:23:09 -0400] "POST /wp-admin/admin-ajax.php?action=async_litespeed&nonce=gFIw3g4TZPmbjh1WWWjmUTzjVqlUJ0H9&litespeed_type=imgoptm HTTP/1.1" 200 5 "-" "WordPress/6.7.2; https://grimslut.com"
198.54.114.83 - - [01/Apr/2025:17:25:56 -0400] "POST /wp-cron.php?doing_wp_cron=1743542755.1166439056396484375000 HTTP/1.1" 200 0 "-" "WordPress/6.7.2; https://grimslut.com"
216.244.65.154 - - [01/Apr/2025:17:25:52 -0400] "POST /xmlrpc.php HTTP/1.1" 200 186 "https://grimslut.com" "Mozilla/5.0 (Windows NT 10.0; Win64; x64) AppleWebKit/537.36 (KHTML, like Gecko) Chrome/113.0.5672.126 Safari/537.36 Edg/113.0.1774.50"
198.54.114.83 - - [01/Apr/2025:17:25:56 -0400] "POST /wp-admin/admin-ajax.php?action=async_litespeed&nonce=KoIObtmQgNt8RxZAdfSGYwNQ6X1BbkNa&litespeed_type=imgoptm HTTP/1.1" 200 0 "-" "WordPress/6.7.2; https://grimslut.com"
198.54.114.83 - - [01/Apr/2025:17:32:48 -0400] "POST /wp-cron.php?doing_wp_cron=1743543168.5968470573425292968750 HTTP/1.1" 200 0 "-" "WordPress/6.7.2; https://grimslut.com"
161.35.15.162 - - [01/Apr/2025:17:32:46 -0400] "GET /wp-cli.php HTTP/1.1" 404 10270 "www.google.com" "Mozlila/5.0 (Linux; Android 7.0; SM-G892A Bulid/NRD90M; wv) AppleWebKit/537.36 (KHTML, like Gecko) Version/4.0 Chrome/60.0.3112.107 Moblie Safari/537.36"
198.54.114.83 - - [01/Apr/2025:17:32:49 -0400] "POST /wp-admin/admin-ajax.php?action=async_litespeed&nonce=rYVuRDsXRB5qGKpmqfdicalLVy8iRH4b&litespeed_type=imgoptm HTTP/1.1" 200 5 "-" "WordPress/6.7.2; https://grimslut.com"
161.35.15.162 - - [01/Apr/2025:17:33:00 -0400] "GET /wp-content/plugins/background-image-cropper/classwithtostring.php HTTP/1.1" 404 10270 "www.google.com" "Mozlila/5.0 (Linux; Android 7.0; SM-G892A Bulid/NRD90M; wv) AppleWebKit/537.36 (KHTML, like Gecko) Version/4.0 Chrome/60.0.3112.107 Moblie Safari/537.36"
198.54.114.83 - - [01/Apr/2025:17:47:15 -0400] "POST /wp-cron.php?doing_wp_cron=1743544034.9296960830688476562500 HTTP/1.1" 200 0 "-" "WordPress/6.7.2; https://grimslut.com"
162.0.209.186 - - [01/Apr/2025:17:47:12 -0400] "GET /xmlrpc.php HTTP/1.1" 405 46 "http://grimslut.com" "Mozilla/5.0 (Macintosh; Intel Mac OS X 10_15_7; rv:128.0) Gecko/20100101 Firefox/128.0"
198.54.114.83 - - [01/Apr/2025:17:47:15 -0400] "POST /wp-admin/admin-ajax.php?action=async_litespeed&nonce=DJbBkc1xvP601hLe2vFhnIU4iqsNsrtZ&litespeed_type=imgoptm HTTP/1.1" 200 5 "-" "WordPress/6.7.2; https://grimslut.com"
47.251.13.69 - - [01/Apr/2025:17:48:37 -0400] "GET /wp-login.php HTTP/1.1" 200 1954 "-" "GRequests/0.10"
198.54.114.83 - - [01/Apr/2025:17:48:39 -0400] "POST /wp-cron.php?doing_wp_cron=1743544119.5367550849914550781250 HTTP/1.1" 200 0 "-" "WordPress/6.7.2; https://grimslut.com"
47.251.13.69 - - [01/Apr/2025:17:48:37 -0400] "POST /wp-login.php HTTP/1.1" 200 2086 "-" "GRequests/0.10"
198.54.114.83 - - [01/Apr/2025:17:48:40 -0400] "POST /wp-admin/admin-ajax.php?action=async_litespeed&nonce=tdQo8VLbH3IHuQDT839kAqGks8azXhu7&litespeed_type=imgoptm HTTP/1.1" 200 5 "-" "WordPress/6.7.2; https://grimslut.com"
198.54.114.83 - - [01/Apr/2025:17:49:57 -0400] "POST /wp-cron.php?doing_wp_cron=1743544196.7521450519561767578125 HTTP/1.1" 200 0 "-" "WordPress/6.7.2; https://grimslut.com"
185.103.39.36 - - [01/Apr/2025:17:49:55 -0400] "POST /xmlrpc.php HTTP/1.1" 200 186 "https://grimslut.com" "Mozilla/5.0 (Windows NT 10.0; Win64; x64) AppleWebKit/537.36 (KHTML, like Gecko) Chrome/115.0.5790.102 Safari/537.36"
198.54.114.83 - - [01/Apr/2025:17:49:58 -0400] "POST /wp-admin/admin-ajax.php?action=async_litespeed&nonce=WLyrbuNFomEhG9uBUATLpaLolqflT93s&litespeed_type=imgoptm HTTP/1.1" 200 5 "-" "WordPress/6.7.2; https://grimslut.com"
198.54.114.83 - - [01/Apr/2025:18:11:29 -0400] "POST /wp-cron.php?doing_wp_cron=1743545488.8180689811706542968750 HTTP/1.1" 200 0 "-" "WordPress/6.7.2; https://grimslut.com"
162.213.255.38 - - [01/Apr/2025:18:11:25 -0400] "GET /xmlrpc.php HTTP/1.1" 405 46 "http://grimslut.com" "Mozilla/5.0 (Windows NT 10.0; Win64; x64) AppleWebKit/537.36 (KHTML, like Gecko) Chrome/116.0.5845.96 Safari/537.36 Edg/116.0.1938.62"
198.54.114.83 - - [01/Apr/2025:18:11:31 -0400] "POST /wp-admin/admin-ajax.php?action=async_litespeed&nonce=kDx0BsgFAx171rFTOiWKxxPXe7fauWfu&litespeed_type=imgoptm HTTP/1.1" 200 0 "-" "WordPress/6.7.2; https://grimslut.com"
198.54.114.83 - - [01/Apr/2025:18:14:18 -0400] "POST /wp-cron.php?doing_wp_cron=1743545657.4081559181213378906250 HTTP/1.1" 200 0 "-" "WordPress/6.7.2; https://grimslut.com"
103.169.35.190 - - [01/Apr/2025:18:14:14 -0400] "POST /xmlrpc.php HTTP/1.1" 200 186 "https://grimslut.com" "Mozilla/5.0 (Windows NT 11.0; Win64; x64) AppleWebKit/537.36 (KHTML, like Gecko) Chrome/126.0.0.0 Safari/537.36"
120.71.59.24 - - [01/Apr/2025:18:15:04 -0400] "GET / HTTP/1.1" 200 20855 "http://grimslut.com" "Mozilla/5.0 (iPhone; CPU iPhone OS 13_2_3 like Mac OS X) AppleWebKit/605.1.15 (KHTML, like Gecko) Version/13.0.3 Mobile/15E148 Safari/604.1"
198.54.114.83 - - [01/Apr/2025:18:21:52 -0400] "POST /wp-cron.php?doing_wp_cron=1743546111.5204529762268066406250 HTTP/1.1" 200 0 "-" "WordPress/6.7.2; https://grimslut.com"
31.192.208.162 - - [01/Apr/2025:18:21:47 -0400] "POST /xmlrpc.php HTTP/1.1" 200 205 "-" "Mozilla/5.0 (X11; Fedora; Linux x86_64; rv:94.0) Gecko/20100101 Firefox/95.0"
198.54.114.83 - - [01/Apr/2025:18:21:54 -0400] "POST /wp-admin/admin-ajax.php?action=async_litespeed&nonce=AOvUdhPVclghbNicAN3dfGYam7L4gXoV&litespeed_type=imgoptm HTTP/1.1" 200 0 "-" "WordPress/6.7.2; https://grimslut.com"
104.209.222.50 - - [01/Apr/2025:18:21:57 -0400] "HEAD /wordpress HTTP/1.1" 404 0 "http://grimslut.com/wordpress" "Mozilla/5.0 (Windows NT 10.0; Win64; x64) AppleWebKit/537.36 (KHTML, like Gecko) Chrome/74.0.3729.169 Safari/537.36"
104.209.222.50 - - [01/Apr/2025:18:22:01 -0400] "HEAD / HTTP/1.1" 200 0 "http://grimslut.com/" "Mozilla/5.0 (Windows NT 10.0; Win64; x64) AppleWebKit/537.36 (KHTML, like Gecko) Chrome/74.0.3729.169 Safari/537.36"
104.209.222.50 - - [01/Apr/2025:18:22:04 -0400] "HEAD /wp HTTP/1.1" 404 0 "http://grimslut.com/wp" "Mozilla/5.0 (Windows NT 10.0; Win64; x64) AppleWebKit/537.36 (KHTML, like Gecko) Chrome/74.0.3729.169 Safari/537.36"
104.209.222.50 - - [01/Apr/2025:18:22:08 -0400] "HEAD /bc HTTP/1.1" 404 0 "http://grimslut.com/bc" "Mozilla/5.0 (Windows NT 10.0; Win64; x64) AppleWebKit/537.36 (KHTML, like Gecko) Chrome/74.0.3729.169 Safari/537.36"
104.209.222.50 - - [01/Apr/2025:18:22:11 -0400] "HEAD /bk HTTP/1.1" 404 0 "http://grimslut.com/bk" "Mozilla/5.0 (Windows NT 10.0; Win64; x64) AppleWebKit/537.36 (KHTML, like Gecko) Chrome/74.0.3729.169 Safari/537.36"
104.209.222.50 - - [01/Apr/2025:18:22:12 -0400] "HEAD /backup HTTP/1.1" 404 0 "http://grimslut.com/backup" "Mozilla/5.0 (Windows NT 10.0; Win64; x64) AppleWebKit/537.36 (KHTML, like Gecko) Chrome/74.0.3729.169 Safari/537.36"
104.209.222.50 - - [01/Apr/2025:18:22:14 -0400] "HEAD /old HTTP/1.1" 404 0 "http://grimslut.com/old" "Mozilla/5.0 (Windows NT 10.0; Win64; x64) AppleWebKit/537.36 (KHTML, like Gecko) Chrome/74.0.3729.169 Safari/537.36"
104.209.222.50 - - [01/Apr/2025:18:22:15 -0400] "HEAD /new HTTP/1.1" 404 0 "http://grimslut.com/new" "Mozilla/5.0 (Windows NT 10.0; Win64; x64) AppleWebKit/537.36 (KHTML, like Gecko) Chrome/74.0.3729.169 Safari/537.36"
104.209.222.50 - - [01/Apr/2025:18:22:18 -0400] "HEAD /main HTTP/1.1" 404 0 "http://grimslut.com/main" "Mozilla/5.0 (Windows NT 10.0; Win64; x64) AppleWebKit/537.36 (KHTML, like Gecko) Chrome/74.0.3729.169 Safari/537.36"
104.209.222.50 - - [01/Apr/2025:18:22:21 -0400] "HEAD /home HTTP/1.1" 404 0 "http://grimslut.com/home" "Mozilla/5.0 (Windows NT 10.0; Win64; x64) AppleWebKit/537.36 (KHTML, like Gecko) Chrome/74.0.3729.169 Safari/537.36"
103.82.21.165 - - [01/Apr/2025:18:28:54 -0400] "GET /wp-login.php HTTP/1.1" 200 1954 "-" "GRequests/0.10"
198.54.114.83 - - [01/Apr/2025:18:28:58 -0400] "POST /wp-cron.php?doing_wp_cron=1743546538.3910989761352539062500 HTTP/1.1" 200 0 "-" "WordPress/6.7.2; https://grimslut.com"
103.82.21.165 - - [01/Apr/2025:18:28:55 -0400] "POST /wp-login.php HTTP/1.1" 200 2086 "-" "GRequests/0.10"
198.54.114.83 - - [01/Apr/2025:18:28:59 -0400] "POST /wp-admin/admin-ajax.php?action=async_litespeed&nonce=gAUsboaPaMArWQypBu3L60yJDnKPsePq&litespeed_type=imgoptm HTTP/1.1" 200 0 "-" "WordPress/6.7.2; https://grimslut.com"
162.0.217.136 - - [01/Apr/2025:18:35:43 -0400] "GET /xmlrpc.php HTTP/1.1" 405 46 "http://grimslut.com" "Mozilla/5.0 (Macintosh; Intel Mac OS X 10_15_7; rv:129.0) Gecko/20100101 Firefox/129.0"
198.54.114.83 - - [01/Apr/2025:18:35:50 -0400] "POST /wp-cron.php?doing_wp_cron=1743546948.3746609687805175781250 HTTP/1.1" 200 0 "-" "WordPress/6.7.2; https://grimslut.com"
198.54.114.83 - - [01/Apr/2025:18:38:33 -0400] "POST /wp-cron.php?doing_wp_cron=1743547113.3359849452972412109375 HTTP/1.1" 200 0 "-" "WordPress/6.7.2; https://grimslut.com"
198.54.121.141 - - [01/Apr/2025:18:38:29 -0400] "POST /xmlrpc.php HTTP/1.1" 200 186 "https://grimslut.com" "Mozilla/5.0 (Windows NT 10.0; Win64; x64) AppleWebKit/537.36 (KHTML, like Gecko) Chrome/116.0.5845.96 Safari/537.36"
198.54.114.83 - - [01/Apr/2025:18:38:35 -0400] "POST /wp-admin/admin-ajax.php?action=async_litespeed&nonce=n109lWy8NVhgkPI9lz3UMjQkwtJOihLD&litespeed_type=imgoptm HTTP/1.1" 200 0 "-" "WordPress/6.7.2; https://grimslut.com"
198.54.114.83 - - [01/Apr/2025:18:45:16 -0400] "POST /wp-cron.php?doing_wp_cron=1743547515.9121329784393310546875 HTTP/1.1" 200 0 "-" "WordPress/6.7.2; https://grimslut.com"
109.123.76.134 - - [01/Apr/2025:18:45:11 -0400] "POST /xmlrpc.php HTTP/1.1" 200 205 "-" "Mozilla/5.0 (X11; Fedora; Linux x86_64; rv:94.0) Gecko/20100101 Firefox/95.0"
198.54.114.83 - - [01/Apr/2025:18:45:18 -0400] "POST /wp-admin/admin-ajax.php?action=async_litespeed&nonce=N9kAisFC5eD4LGyEjS1TKc1xCpsK404O&litespeed_type=imgoptm HTTP/1.1" 200 0 "-" "WordPress/6.7.2; https://grimslut.com"
198.54.114.83 - - [01/Apr/2025:18:49:02 -0400] "POST /wp-cron.php?doing_wp_cron=1743547741.8525118827819824218750 HTTP/1.1" 200 0 "-" "WordPress/6.7.2; https://grimslut.com"
198.54.114.83 - - [01/Apr/2025:18:49:02 -0400] "POST /wp-admin/admin-ajax.php?action=async_litespeed&nonce=sGxodBfPRI3gfReRCSQJK3m7fzHJhHbo&litespeed_type=imgoptm HTTP/1.1" 200 0 "-" "WordPress/6.7.2; https://grimslut.com"
18.235.158.19 - - [01/Apr/2025:18:48:58 -0400] "GET /author/admin/page/20/ HTTP/1.1" 200 15030 "-" "Mozilla/5.0 AppleWebKit/537.36 (KHTML, like Gecko; compatible; Amazonbot/0.1; +https://developer.amazon.com/support/amazonbot) Chrome/119.0.6045.214 Safari/537.36"
198.54.114.83 - - [01/Apr/2025:18:59:57 -0400] "POST /wp-cron.php?doing_wp_cron=1743548396.9873409271240234375000 HTTP/1.1" 200 0 "-" "WordPress/6.7.2; https://grimslut.com"
2001:8d8:1800:2ef::1 - - [01/Apr/2025:18:59:54 -0400] "GET /xmlrpc.php HTTP/1.1" 405 46 "http://grimslut.com" "Mozilla/5.0 (Macintosh; Intel Mac OS X 13_3) AppleWebKit/537.36 (KHTML, like Gecko) Chrome/126.0.0.0 Safari/537.36"
198.54.114.83 - - [01/Apr/2025:18:59:57 -0400] "POST /wp-admin/admin-ajax.php?action=async_litespeed&nonce=aW1pBwUJLDp1vmotf9XWSOU8uOPxtlEp&litespeed_type=imgoptm HTTP/1.1" 200 5 "-" "WordPress/6.7.2; https://grimslut.com"
198.54.114.83 - - [01/Apr/2025:19:02:42 -0400] "POST /wp-cron.php?doing_wp_cron=1743548562.5386118888854980468750 HTTP/1.1" 200 0 "-" "WordPress/6.7.2; https://grimslut.com"
162.240.238.246 - - [01/Apr/2025:19:02:39 -0400] "POST /xmlrpc.php HTTP/1.1" 200 186 "https://grimslut.com" "Mozilla/5.0 (Windows NT 10.0; Win64; x64) AppleWebKit/537.36 (KHTML, like Gecko) Chrome/115.0.5790.171 Safari/537.36 Edg/115.0.1901.203"
198.54.114.83 - - [01/Apr/2025:19:02:43 -0400] "POST /wp-admin/admin-ajax.php?action=async_litespeed&nonce=XqdT55GZclL7yNWrj5jVsZiu89GnzhO6&litespeed_type=imgoptm HTTP/1.1" 200 0 "-" "WordPress/6.7.2; https://grimslut.com"
198.54.114.83 - - [01/Apr/2025:19:10:53 -0400] "POST /wp-cron.php?doing_wp_cron=1743549052.1737670898437500000000 HTTP/1.1" 200 0 "-" "WordPress/6.7.2; https://grimslut.com"
109.207.79.205 - - [01/Apr/2025:19:10:47 -0400] "POST /xmlrpc.php HTTP/1.1" 200 205 "-" "Mozilla/5.0 (X11; Fedora; Linux x86_64; rv:94.0) Gecko/20100101 Firefox/95.0"
198.54.114.83 - - [01/Apr/2025:19:24:04 -0400] "POST /wp-cron.php?doing_wp_cron=1743549844.0800180435180664062500 HTTP/1.1" 200 0 "-" "WordPress/6.7.2; https://grimslut.com"
212.227.72.139 - - [01/Apr/2025:19:24:00 -0400] "GET /xmlrpc.php HTTP/1.1" 405 46 "http://grimslut.com" "Mozilla/5.0 (Windows NT 10.0; Win64; x64; rv:127.0) Gecko/20100101 Firefox/127.0"
198.54.114.83 - - [01/Apr/2025:19:24:04 -0400] "POST /wp-admin/admin-ajax.php?action=async_litespeed&nonce=TFJACLw6Et1ZxCUYKQrMgSPUlY3pbg6t&litespeed_type=imgoptm HTTP/1.1" 200 5 "-" "WordPress/6.7.2; https://grimslut.com"
54.36.148.108 - - [01/Apr/2025:19:26:42 -0400] "GET /robots.txt HTTP/1.1" 304 0 "-" "Mozilla/5.0 (compatible; AhrefsBot/7.0; +http://ahrefs.com/robot/)"
198.54.114.83 - - [01/Apr/2025:19:26:53 -0400] "POST /wp-cron.php?doing_wp_cron=1743550013.2131309509277343750000 HTTP/1.1" 200 0 "-" "WordPress/6.7.2; https://grimslut.com"
199.188.205.87 - - [01/Apr/2025:19:26:49 -0400] "POST /xmlrpc.php HTTP/1.1" 200 186 "https://grimslut.com" "Mozilla/5.0 (Windows NT 10.0; Win64; x64) AppleWebKit/537.36 (KHTML, like Gecko) Chrome/112.0.5615.138 Safari/537.36"
198.54.114.83 - - [01/Apr/2025:19:26:54 -0400] "POST /wp-admin/admin-ajax.php?action=async_litespeed&nonce=vKbBvzYYU9OdhcqqjHTw0eWxprUUpOpj&litespeed_type=imgoptm HTTP/1.1" 200 5 "-" "WordPress/6.7.2; https://grimslut.com"
198.54.114.83 - - [01/Apr/2025:19:35:25 -0400] "POST /wp-cron.php?doing_wp_cron=1743550524.7891359329223632812500 HTTP/1.1" 200 0 "-" "WordPress/6.7.2; https://grimslut.com"
198.54.114.83 - - [01/Apr/2025:19:35:26 -0400] "POST /wp-admin/admin-ajax.php?action=async_litespeed&nonce=wD4ktWyDPKoDGj7c4b1UI43GKzE8BQ6S&litespeed_type=imgoptm HTTP/1.1" 200 0 "-" "WordPress/6.7.2; https://grimslut.com"
51.89.68.103 - - [01/Apr/2025:19:35:18 -0400] "GET /wp-content/mu-plugins/ HTTP/1.1" 404 0 "-" "Mozilla/5.0 (Windows NT 10.0; Win64; x64) AppleWebKit/537.36 (KHTML, like Gecko) Chrome/91.0.4472.124 Safari/537.36"
198.54.114.83 - - [01/Apr/2025:19:37:57 -0400] "POST /wp-cron.php?doing_wp_cron=1743550676.8114430904388427734375 HTTP/1.1" 200 0 "-" "WordPress/6.7.2; https://grimslut.com"
164.92.80.194 - - [01/Apr/2025:19:37:53 -0400] "POST /xmlrpc.php HTTP/1.1" 200 205 "-" "Mozilla/5.0 (X11; Fedora; Linux x86_64; rv:94.0) Gecko/20100101 Firefox/95.0"
198.54.114.83 - - [01/Apr/2025:19:37:57 -0400] "POST /wp-admin/admin-ajax.php?action=async_litespeed&nonce=zu7AdmoR8eRUZGmf8d3J745Zbq6m33Sf&litespeed_type=imgoptm HTTP/1.1" 200 0 "-" "WordPress/6.7.2; https://grimslut.com"
197.243.16.120 - - [01/Apr/2025:19:41:54 -0400] "GET /wp-login.php HTTP/1.1" 200 1954 "-" "GRequests/0.10"
198.54.114.83 - - [01/Apr/2025:19:41:59 -0400] "POST /wp-cron.php?doing_wp_cron=1743550919.6585528850555419921875 HTTP/1.1" 200 0 "-" "WordPress/6.7.2; https://grimslut.com"
197.243.16.120 - - [01/Apr/2025:19:41:56 -0400] "POST /wp-login.php HTTP/1.1" 200 2086 "-" "GRequests/0.10"
198.54.114.83 - - [01/Apr/2025:19:42:00 -0400] "POST /wp-admin/admin-ajax.php?action=async_litespeed&nonce=Utuyq3ovx6mlv9x3ht64TSwiNEDZvZMn&litespeed_type=imgoptm HTTP/1.1" 200 5 "-" "WordPress/6.7.2; https://grimslut.com"
198.54.114.83 - - [01/Apr/2025:19:48:35 -0400] "POST /wp-cron.php?doing_wp_cron=1743551315.5242660045623779296875 HTTP/1.1" 200 0 "-" "WordPress/6.7.2; https://grimslut.com"
35.187.250.253 - - [01/Apr/2025:19:48:32 -0400] "GET /xmlrpc.php HTTP/1.1" 405 46 "http://grimslut.com" "Mozilla/5.0 (Macintosh; Intel Mac OS X 10.15; rv:126.0) Gecko/20100101 Firefox/126.0"
198.54.114.83 - - [01/Apr/2025:19:48:36 -0400] "POST /wp-admin/admin-ajax.php?action=async_litespeed&nonce=IBNVduSLPK3sdrXUWSU1frD1zCxsNYzJ&litespeed_type=imgoptm HTTP/1.1" 200 0 "-" "WordPress/6.7.2; https://grimslut.com"
198.54.114.83 - - [01/Apr/2025:20:08:34 -0400] "POST /wp-cron.php?doing_wp_cron=1743552514.2412068843841552734375 HTTP/1.1" 200 0 "-" "WordPress/6.7.2; https://grimslut.com"
116.62.206.174 - - [01/Apr/2025:20:08:27 -0400] "POST /xmlrpc.php HTTP/1.1" 200 205 "-" "Mozilla/5.0 (X11; Fedora; Linux x86_64; rv:94.0) Gecko/20100101 Firefox/95.0"
198.54.114.83 - - [01/Apr/2025:20:08:37 -0400] "POST /wp-admin/admin-ajax.php?action=async_litespeed&nonce=986kpCPobUhOhDBDgt92dxPHNMQqG69i&litespeed_type=imgoptm HTTP/1.1" 200 0 "-" "WordPress/6.7.2; https://grimslut.com"
198.54.114.83 - - [01/Apr/2025:20:13:09 -0400] "POST /wp-cron.php?doing_wp_cron=1743552789.5207350254058837890625 HTTP/1.1" 200 0 "-" "WordPress/6.7.2; https://grimslut.com"
162.0.209.248 - - [01/Apr/2025:20:13:06 -0400] "GET /xmlrpc.php HTTP/1.1" 405 46 "http://grimslut.com" "Mozilla/5.0 (Windows NT 10.0; Win64; x64) AppleWebKit/537.36 (KHTML, like Gecko) Chrome/126.0.0.0 Safari/537.36"
198.54.114.83 - - [01/Apr/2025:20:13:10 -0400] "POST /wp-admin/admin-ajax.php?action=async_litespeed&nonce=7ju8MODnsE1w6humd3rn9NuEhHBPPulF&litespeed_type=imgoptm HTTP/1.1" 200 5 "-" "WordPress/6.7.2; https://grimslut.com"
198.54.114.83 - - [01/Apr/2025:20:15:56 -0400] "POST /wp-cron.php?doing_wp_cron=1743552955.7237188816070556640625 HTTP/1.1" 200 0 "-" "WordPress/6.7.2; https://grimslut.com"
37.27.60.109 - - [01/Apr/2025:20:15:53 -0400] "POST /xmlrpc.php HTTP/1.1" 200 186 "https://grimslut.com" "Mozilla/5.0 (Macintosh; Intel Mac OS X 10_15_7) AppleWebKit/537.36 (KHTML, like Gecko) Chrome/116.0.5845.96 Safari/537.36"
198.54.114.83 - - [01/Apr/2025:20:15:56 -0400] "POST /wp-admin/admin-ajax.php?action=async_litespeed&nonce=DgqSf6XU3mqd2H8mQYTBAGWMibW9CRh3&litespeed_type=imgoptm HTTP/1.1" 200 0 "-" "WordPress/6.7.2; https://grimslut.com"
212.92.58.67 - - [01/Apr/2025:20:27:24 -0400] "GET /wp-login.php HTTP/1.1" 200 1954 "-" "GRequests/0.10"
198.54.114.83 - - [01/Apr/2025:20:27:29 -0400] "POST /wp-cron.php?doing_wp_cron=1743553648.9500389099121093750000 HTTP/1.1" 200 0 "-" "WordPress/6.7.2; https://grimslut.com"
212.92.58.67 - - [01/Apr/2025:20:27:25 -0400] "POST /wp-login.php HTTP/1.1" 200 2086 "-" "GRequests/0.10"
198.54.114.83 - - [01/Apr/2025:20:27:30 -0400] "POST /wp-admin/admin-ajax.php?action=async_litespeed&nonce=CvNqGHyH8Nfz2KMBtHB4n69v1ohDikIi&litespeed_type=imgoptm HTTP/1.1" 200 5 "-" "WordPress/6.7.2; https://grimslut.com"
87.249.132.168 - - [01/Apr/2025:20:29:43 -0400] "GET / HTTP/1.1" 200 20855 "https://grimslut.com/" "Mozilla/5.0 (Windows NT 10.0; Win64; x64) AppleWebKit/537.36 (KHTML, like Gecko) Chrome/130.0.0.0 Safari/537.36 CCleaner/130.0.0.0"
87.249.132.168 - - [01/Apr/2025:20:29:44 -0400] "GET /communication-in-real-estate-with-answering-services/ HTTP/1.1" 200 16025 "https://grimslut.com/communication-in-real-estate-with-answering-services/" "Mozilla/5.0 (Windows NT 10.0; Win64; x64) AppleWebKit/537.36 (KHTML, like Gecko) Chrome/130.0.0.0 Safari/537.36 CCleaner/130.0.0.0"
198.54.114.83 - - [01/Apr/2025:20:29:47 -0400] "POST /wp-cron.php?doing_wp_cron=1743553787.3313970565795898437500 HTTP/1.1" 200 0 "-" "WordPress/6.7.2; https://grimslut.com"
198.54.114.83 - - [01/Apr/2025:20:29:48 -0400] "POST /wp-admin/admin-ajax.php?action=async_litespeed&nonce=HCYDqmivd0UUoBWeuI6l5z9UttVijztn&litespeed_type=imgoptm HTTP/1.1" 200 5 "-" "WordPress/6.7.2; https://grimslut.com"
87.249.132.168 - - [01/Apr/2025:20:29:45 -0400] "POST /wp-comments-post.php HTTP/1.1" 302 0 "https://grimslut.com/communication-in-real-estate-with-answering-services/" "Mozilla/5.0 (Windows NT 10.0; Win64; x64) AppleWebKit/537.36 (KHTML, like Gecko) Chrome/130.0.0.0 Safari/537.36 CCleaner/130.0.0.0"
87.249.132.168 - - [01/Apr/2025:20:29:51 -0400] "GET /communication-in-real-estate-with-answering-services/ HTTP/1.1" 200 16936 "https://grimslut.com/communication-in-real-estate-with-answering-services/#comment-6531" "Mozilla/5.0 (Windows NT 10.0; Win64; x64) AppleWebKit/537.36 (KHTML, like Gecko) Chrome/130.0.0.0 Safari/537.36 CCleaner/130.0.0.0"
18.219.15.146 - - [01/Apr/2025:20:31:28 -0400] "GET /robots.txt HTTP/1.1" 304 0 "-" "Mozilla/5.0 AppleWebKit/537.36 (KHTML, like Gecko; compatible; ClaudeBot/1.0; +claudebot@anthropic.com)"
198.54.114.83 - - [01/Apr/2025:20:31:30 -0400] "POST /wp-cron.php?doing_wp_cron=1743553890.5134038925170898437500 HTTP/1.1" 200 0 "-" "WordPress/6.7.2; https://grimslut.com"
18.219.15.146 - - [01/Apr/2025:20:31:28 -0400] "GET /effective-communication-with-virtual-telephone-answering-services HTTP/1.1" 301 0 "-" "Mozilla/5.0 AppleWebKit/537.36 (KHTML, like Gecko; compatible; ClaudeBot/1.0; +claudebot@anthropic.com)"
18.219.15.146 - - [01/Apr/2025:20:31:30 -0400] "GET /effective-communication-with-virtual-telephone-answering-services/ HTTP/1.1" 200 15746 "https://grimslut.com/effective-communication-with-virtual-telephone-answering-services" "Mozilla/5.0 AppleWebKit/537.36 (KHTML, like Gecko; compatible; ClaudeBot/1.0; +claudebot@anthropic.com)"
198.54.114.83 - - [01/Apr/2025:20:31:31 -0400] "POST /wp-admin/admin-ajax.php?action=async_litespeed&nonce=L0NTF9LBHqNxbtZsi8KOFNmDZebVIm3C&litespeed_type=imgoptm HTTP/1.1" 200 5 "-" "WordPress/6.7.2; https://grimslut.com"
198.54.114.83 - - [01/Apr/2025:20:32:11 -0400] "POST /wp-cron.php?doing_wp_cron=1743553931.6940140724182128906250 HTTP/1.1" 200 0 "-" "WordPress/6.7.2; https://grimslut.com"
3.145.200.81 - - [01/Apr/2025:20:32:11 -0400] "GET /einblick-in-das-jurastudium HTTP/1.1" 301 0 "-" "Mozilla/5.0 AppleWebKit/537.36 (KHTML, like Gecko; compatible; ClaudeBot/1.0; +claudebot@anthropic.com)"
198.54.114.83 - - [01/Apr/2025:20:32:12 -0400] "POST /wp-admin/admin-ajax.php?action=async_litespeed&nonce=zPbHtvsa2FaRjBl01aBUo4KaQyVADPZ8&litespeed_type=imgoptm HTTP/1.1" 200 0 "-" "WordPress/6.7.2; https://grimslut.com"
3.145.200.81 - - [01/Apr/2025:20:32:12 -0400] "GET /einblick-in-das-jurastudium/ HTTP/1.1" 200 15545 "-" "Mozilla/5.0 AppleWebKit/537.36 (KHTML, like Gecko; compatible; ClaudeBot/1.0; +claudebot@anthropic.com)"
3.145.200.81 - - [01/Apr/2025:20:32:14 -0400] "GET /wp-includes/js/jquery/jquery-migrate.min.js?ver=3.4.1 HTTP/1.1" 304 0 "https://grimslut.com/einblick-in-das-jurastudium/" "Mozilla/5.0 AppleWebKit/537.36 (KHTML, like Gecko; compatible; ClaudeBot/1.0; +claudebot@anthropic.com)"
3.145.200.81 - - [01/Apr/2025:20:32:14 -0400] "GET /wp-content/themes/bloghash/assets/js/vendors/swiper-bundle.min.js?ver=6.7.2 HTTP/1.1" 304 0 "https://grimslut.com/einblick-in-das-jurastudium/" "Mozilla/5.0 AppleWebKit/537.36 (KHTML, like Gecko; compatible; ClaudeBot/1.0; +claudebot@anthropic.com)"
3.145.200.81 - - [01/Apr/2025:20:32:14 -0400] "GET /wp-includes/js/imagesloaded.min.js?ver=5.0.0 HTTP/1.1" 304 0 "https://grimslut.com/einblick-in-das-jurastudium/" "Mozilla/5.0 AppleWebKit/537.36 (KHTML, like Gecko; compatible; ClaudeBot/1.0; +claudebot@anthropic.com)"
3.145.200.81 - - [01/Apr/2025:20:32:14 -0400] "GET /wp-includes/js/jquery/jquery.min.js?ver=3.7.1 HTTP/1.1" 304 0 "https://grimslut.com/einblick-in-das-jurastudium/" "Mozilla/5.0 AppleWebKit/537.36 (KHTML, like Gecko; compatible; ClaudeBot/1.0; +claudebot@anthropic.com)"
3.145.200.81 - - [01/Apr/2025:20:32:14 -0400] "GET /wp-content/themes/bloghash/assets/js/bloghash.min.js?ver=1.0.20 HTTP/1.1" 304 0 "https://grimslut.com/einblick-in-das-jurastudium/" "Mozilla/5.0 AppleWebKit/537.36 (KHTML, like Gecko; compatible; ClaudeBot/1.0; +claudebot@anthropic.com)"
3.145.200.81 - - [01/Apr/2025:20:32:14 -0400] "GET /wp-includes/js/comment-reply.min.js?ver=6.7.2 HTTP/1.1" 304 0 "https://grimslut.com/einblick-in-das-jurastudium/" "Mozilla/5.0 AppleWebKit/537.36 (KHTML, like Gecko; compatible; ClaudeBot/1.0; +claudebot@anthropic.com)"
3.145.200.81 - - [01/Apr/2025:20:32:15 -0400] "GET /wp-includes/js/wp-emoji-release.min.js?ver=6.7.2 HTTP/1.1" 304 0 "https://grimslut.com/einblick-in-das-jurastudium/" "Mozilla/5.0 AppleWebKit/537.36 (KHTML, like Gecko; compatible; ClaudeBot/1.0; +claudebot@anthropic.com)"
195.191.219.131 - - [01/Apr/2025:20:36:52 -0400] "GET /robots.txt HTTP/1.1" 304 0 "-" "Mozilla/5.0 (compatible; MJ12bot/v2.0.0; http://mj12bot.com/)"
195.191.219.131 - - [01/Apr/2025:20:36:53 -0400] "GET / HTTP/1.1" 200 20855 "-" "Mozilla/5.0 (compatible; MJ12bot/v2.0.0; http://mj12bot.com/)"
198.54.114.83 - - [01/Apr/2025:20:37:45 -0400] "POST /wp-cron.php?doing_wp_cron=1743554265.3573319911956787109375 HTTP/1.1" 200 0 "-" "WordPress/6.7.2; https://grimslut.com"
162.0.232.166 - - [01/Apr/2025:20:37:41 -0400] "GET /xmlrpc.php HTTP/1.1" 405 46 "http://grimslut.com" "Mozilla/5.0 (Windows NT 10.0; Win64; x64; rv:128.0) Gecko/20100101 Firefox/128.0"
198.54.114.83 - - [01/Apr/2025:20:37:46 -0400] "POST /wp-admin/admin-ajax.php?action=async_litespeed&nonce=VlLGCu3VTj7dOXUjdRgc9EUgsBRfyMkM&litespeed_type=imgoptm HTTP/1.1" 200 0 "-" "WordPress/6.7.2; https://grimslut.com"
198.54.114.83 - - [01/Apr/2025:20:40:40 -0400] "POST /wp-cron.php?doing_wp_cron=1743554439.8515770435333251953125 HTTP/1.1" 200 0 "-" "WordPress/6.7.2; https://grimslut.com"
124.222.113.25 - - [01/Apr/2025:20:40:35 -0400] "POST /xmlrpc.php HTTP/1.1" 200 186 "https://grimslut.com" "Mozilla/5.0 (Macintosh; Intel Mac OS X 10_15_7; rv:127.0) Gecko/20100101 Firefox/127.0"
198.54.114.83 - - [01/Apr/2025:20:40:40 -0400] "POST /wp-admin/admin-ajax.php?action=async_litespeed&nonce=F8CDmVlr7NAxrFiFS4hhW6Dv0EkrXxSi&litespeed_type=imgoptm HTTP/1.1" 200 5 "-" "WordPress/6.7.2; https://grimslut.com"
182.43.230.63 - - [01/Apr/2025:20:40:52 -0400] "POST /xmlrpc.php HTTP/1.1" 200 205 "-" "Mozilla/5.0 (X11; Gentoo; Linux x86_64; rv:91.0) Gecko/20100101 Firefox/91.0"
198.54.114.83 - - [01/Apr/2025:20:45:21 -0400] "POST /wp-cron.php?doing_wp_cron=1743554721.0701310634613037109375 HTTP/1.1" 200 0 "-" "WordPress/6.7.2; https://grimslut.com"
198.54.114.83 - - [01/Apr/2025:20:45:22 -0400] "POST /wp-admin/admin-ajax.php?action=async_litespeed&nonce=sjDbiBZJrFS83JQsrDJDPZEiq4R8S89C&litespeed_type=imgoptm HTTP/1.1" 200 0 "-" "WordPress/6.7.2; https://grimslut.com"
194.38.23.16 - - [01/Apr/2025:20:45:17 -0400] "GET /plugins/html5-file-upload/html5fileupload.php HTTP/1.1" 404 10271 "-" "ALittle Client"
198.54.114.83 - - [01/Apr/2025:20:51:01 -0400] "POST /wp-cron.php?doing_wp_cron=1743555061.5047729015350341796875 HTTP/1.1" 200 0 "-" "WordPress/6.7.2; https://grimslut.com"
52.15.96.123 - - [01/Apr/2025:20:50:57 -0400] "GET /page/5 HTTP/1.1" 301 0 "-" "Mozilla/5.0 AppleWebKit/537.36 (KHTML, like Gecko; compatible; ClaudeBot/1.0; +claudebot@anthropic.com)"
198.54.114.83 - - [01/Apr/2025:20:51:03 -0400] "POST /wp-admin/admin-ajax.php?action=async_litespeed&nonce=bzHyP1BTOM4mDf0Du6BEApvTdxtUovI6&litespeed_type=imgoptm HTTP/1.1" 200 5 "-" "WordPress/6.7.2; https://grimslut.com"
52.15.96.123 - - [01/Apr/2025:20:51:02 -0400] "GET /page/5/ HTTP/1.1" 200 21532 "https://grimslut.com/page/5" "Mozilla/5.0 AppleWebKit/537.36 (KHTML, like Gecko; compatible; ClaudeBot/1.0; +claudebot@anthropic.com)"
34.224.98.241 - - [01/Apr/2025:20:58:37 -0400] "GET /robots.txt HTTP/1.1" 304 0 "-" "AdsTxtCrawlerTP/1.2"
34.224.98.241 - - [01/Apr/2025:20:58:38 -0400] "HEAD /ads.txt HTTP/1.1" 200 0 "-" "AdsTxtCrawlerTP/1.2"
198.54.114.83 - - [01/Apr/2025:20:58:41 -0400] "POST /wp-cron.php?doing_wp_cron=1743555521.2311360836029052734375 HTTP/1.1" 200 0 "-" "WordPress/6.7.2; https://grimslut.com"
34.224.98.241 - - [01/Apr/2025:20:58:41 -0400] "HEAD /ads.txt HTTP/1.1" 404 0 "-" "AdsTxtCrawlerTP/1.2"
198.54.114.83 - - [01/Apr/2025:20:58:42 -0400] "POST /wp-admin/admin-ajax.php?action=async_litespeed&nonce=zjN1dLJiipjVWCHMqfZmpsdw1ggRC3EE&litespeed_type=imgoptm HTTP/1.1" 200 5 "-" "WordPress/6.7.2; https://grimslut.com"
34.224.98.241 - - [01/Apr/2025:20:58:43 -0400] "GET /ads.txt HTTP/1.1" 404 10271 "-" "AdsTxtCrawlerTP/1.2"
34.224.98.241 - - [01/Apr/2025:20:58:45 -0400] "HEAD /app-ads.txt HTTP/1.1" 404 0 "-" "AdsTxtCrawlerTP/1.2"
34.224.98.241 - - [01/Apr/2025:20:58:46 -0400] "GET /app-ads.txt HTTP/1.1" 404 10271 "-" "AdsTxtCrawlerTP/1.2"
34.224.98.241 - - [01/Apr/2025:20:58:48 -0400] "HEAD /app-ads.txt HTTP/1.1" 404 0 "-" "AdsTxtCrawlerTP/1.2"
34.224.98.241 - - [01/Apr/2025:20:58:49 -0400] "GET /app-ads.txt HTTP/1.1" 404 10271 "-" "AdsTxtCrawlerTP/1.2"
198.54.114.83 - - [01/Apr/2025:21:02:40 -0400] "POST /wp-cron.php?doing_wp_cron=1743555759.9172909259796142578125 HTTP/1.1" 200 0 "-" "WordPress/6.7.2; https://grimslut.com"
34.46.107.224 - - [01/Apr/2025:21:02:36 -0400] "GET /xmlrpc.php HTTP/1.1" 405 46 "http://grimslut.com" "Mozilla/5.0 (Windows NT 10.0; Win64; x64; rv:128.0) Gecko/20100101 Firefox/128.0"
198.54.114.83 - - [01/Apr/2025:21:02:41 -0400] "POST /wp-admin/admin-ajax.php?action=async_litespeed&nonce=PIi9ESuhcS04P9Dk4IhjqFwA91FpSNXM&litespeed_type=imgoptm HTTP/1.1" 200 5 "-" "WordPress/6.7.2; https://grimslut.com"
8.219.147.213 - - [01/Apr/2025:21:05:30 -0400] "POST /xmlrpc.php HTTP/1.1" 200 186 "https://grimslut.com" "Mozilla/5.0 (Macintosh; Intel Mac OS X 14.5) AppleWebKit/618.3.5 (KHTML, like Gecko) Version/17.4 Safari/618.3.5"
3.135.222.93 - - [01/Apr/2025:21:06:22 -0400] "GET /wp-json/wp/v2/posts/568 HTTP/1.1" 200 4008 "-" "Mozilla/5.0 AppleWebKit/537.36 (KHTML, like Gecko; compatible; ClaudeBot/1.0; +claudebot@anthropic.com)"
64.227.146.9 - - [01/Apr/2025:21:11:57 -0400] "GET /wp-admin/css/ HTTP/1.1" 403 1242 "binance.com" "Mozilla/5.0 (Windows NT 10.0; Win64; x64) AppleWebKit/537.36 (KHTML, like Gecko) Chrome/90.0.4430.85 Safari/537.36"
198.54.114.83 - - [01/Apr/2025:21:19:23 -0400] "POST /wp-cron.php?doing_wp_cron=1743556762.4033789634704589843750 HTTP/1.1" 200 0 "-" "WordPress/6.7.2; https://grimslut.com"
52.187.212.84 - - [01/Apr/2025:21:19:18 -0400] "POST /xmlrpc.php HTTP/1.1" 200 205 "-" "Mozilla/5.0 (X11; Fedora; Linux x86_64; rv:94.0) Gecko/20100101 Firefox/95.0"
198.54.114.83 - - [01/Apr/2025:21:27:35 -0400] "POST /wp-cron.php?doing_wp_cron=1743557254.3552529811859130859375 HTTP/1.1" 200 0 "-" "WordPress/6.7.2; https://grimslut.com"
2605:6f00:1234:701:1::14d - - [01/Apr/2025:21:27:30 -0400] "GET /xmlrpc.php HTTP/1.1" 405 46 "http://grimslut.com" "Mozilla/5.0 (Macintosh; Intel Mac OS X 10_15_7; rv:126.0) Gecko/20100101 Firefox/126.0"
198.54.114.83 - - [01/Apr/2025:21:27:35 -0400] "POST /wp-admin/admin-ajax.php?action=async_litespeed&nonce=lZhMhPwTugQqZU2dtXlVKrzAim1UCvsB&litespeed_type=imgoptm HTTP/1.1" 200 5 "-" "WordPress/6.7.2; https://grimslut.com"
198.54.114.83 - - [01/Apr/2025:21:30:25 -0400] "POST /wp-cron.php?doing_wp_cron=1743557424.8052399158477783203125 HTTP/1.1" 200 0 "-" "WordPress/6.7.2; https://grimslut.com"
208.109.173.103 - - [01/Apr/2025:21:30:20 -0400] "POST /xmlrpc.php HTTP/1.1" 200 186 "https://grimslut.com" "Mozilla/5.0 (Windows NT 10.0; Win64; x64) AppleWebKit/537.36 (KHTML, like Gecko) Chrome/112.0.5615.138 Safari/537.36 Edg/112.0.1722.68"
