198.54.114.83 - - [01/Apr/2025:09:12:47 -0400] "POST /wp-admin/admin-ajax.php?action=async_litespeed&nonce=Iy6T89JAjk7y4BH3VJ4G6wtdZF15jXl5&litespeed_type=imgoptm HTTP/1.1" 200 0 "-" "WordPress/6.7.2; https://grimslut.com"
198.54.114.83 - - [01/Apr/2025:09:18:01 -0400] "POST /wp-cron.php?doing_wp_cron=1743513481.0781409740447998046875 HTTP/1.1" 200 0 "-" "WordPress/6.7.2; https://grimslut.com"
2001:1810:4181:120:0:4:42af:2c14 - - [01/Apr/2025:09:17:55 -0400] "POST /xmlrpc.php HTTP/1.1" 200 205 "-" "Mozilla/5.0 (X11; Fedora; Linux x86_64; rv:94.0) Gecko/20100101 Firefox/95.0"
198.54.114.83 - - [01/Apr/2025:09:18:01 -0400] "POST /wp-admin/admin-ajax.php?action=async_litespeed&nonce=Fve2upQGOky7hjIltp8PFWPsHScdMToM&litespeed_type=imgoptm HTTP/1.1" 200 5 "-" "WordPress/6.7.2; https://grimslut.com"
188.166.237.78 - - [01/Apr/2025:09:23:02 -0400] "POST /xmlrpc.php HTTP/1.1" 200 186 "https://grimslut.com" "Mozilla/5.0 (Windows NT 11.0; Win64; x64; rv:126.0) Gecko/20100101 Firefox/126.0"
198.54.114.83 - - [01/Apr/2025:09:23:09 -0400] "POST /wp-cron.php?doing_wp_cron=1743513786.7073550224304199218750 HTTP/1.1" 200 0 "-" "WordPress/6.7.2; https://grimslut.com"
198.54.114.83 - - [01/Apr/2025:09:29:44 -0400] "POST /wp-cron.php?doing_wp_cron=1743514184.0352408885955810546875 HTTP/1.1" 200 0 "-" "WordPress/6.7.2; https://grimslut.com"
80.251.219.111 - - [01/Apr/2025:09:29:40 -0400] "POST /xmlrpc.php HTTP/1.1" 200 205 "-" "Mozilla/5.0 (X11; Fedora; Linux x86_64; rv:94.0) Gecko/20100101 Firefox/95.0"
198.54.114.83 - - [01/Apr/2025:09:29:45 -0400] "POST /wp-admin/admin-ajax.php?action=async_litespeed&nonce=sZPDw8TAhZOHqICfA5HfcxA3forDeeQo&litespeed_type=imgoptm HTTP/1.1" 200 0 "-" "WordPress/6.7.2; https://grimslut.com"
165.154.227.201 - - [01/Apr/2025:09:34:27 -0400] "GET / HTTP/1.1" 200 20855 "-" "Embarcadero URI Client/1.0"
198.54.114.83 - - [01/Apr/2025:09:36:45 -0400] "POST /wp-cron.php?doing_wp_cron=1743514604.8229410648345947265625 HTTP/1.1" 200 0 "-" "WordPress/6.7.2; https://grimslut.com"
173.212.223.204 - - [01/Apr/2025:09:36:41 -0400] "POST /xmlrpc.php HTTP/1.1" 200 186 "https://grimslut.com" "Mozilla/5.0 (Macintosh; Intel Mac OS X 14.3) AppleWebKit/614.31.14 (KHTML, like Gecko) Version/17.0.96 Safari/614.31.14"
198.54.114.83 - - [01/Apr/2025:09:36:46 -0400] "POST /wp-admin/admin-ajax.php?action=async_litespeed&nonce=qtnF6yQZ0u5THDFhgrRRsCoI0W5G5yFW&litespeed_type=imgoptm HTTP/1.1" 200 0 "-" "WordPress/6.7.2; https://grimslut.com"
198.54.114.83 - - [01/Apr/2025:09:50:15 -0400] "POST /wp-cron.php?doing_wp_cron=1743515415.0065879821777343750000 HTTP/1.1" 200 0 "-" "WordPress/6.7.2; https://grimslut.com"
213.199.36.148 - - [01/Apr/2025:09:50:12 -0400] "POST /xmlrpc.php HTTP/1.1" 200 186 "https://grimslut.com" "Mozilla/5.0 (Windows NT 10.0; Win64; x64) AppleWebKit/537.36 (KHTML, like Gecko) Chrome/116.0.5845.96 Safari/537.36"
198.54.114.83 - - [01/Apr/2025:09:50:16 -0400] "POST /wp-admin/admin-ajax.php?action=async_litespeed&nonce=Y8YIBlLvu6BshPDZpMdYb5MKvgF629gZ&litespeed_type=imgoptm HTTP/1.1" 200 0 "-" "WordPress/6.7.2; https://grimslut.com"
198.54.114.83 - - [01/Apr/2025:09:53:04 -0400] "POST /wp-cron.php?doing_wp_cron=1743515583.9651570320129394531250 HTTP/1.1" 200 0 "-" "WordPress/6.7.2; https://grimslut.com"
3.141.46.110 - - [01/Apr/2025:09:53:00 -0400] "GET /wp-json/oembed/1.0/embed?format=xml&url=https%3A%2F%2Fgrimslut.com%2Frechtsanwalt-hattingen-ihre-kompetente-juristische-unterstutzung%2F HTTP/1.1" 200 1085 "-" "Mozilla/5.0 AppleWebKit/537.36 (KHTML, like Gecko; compatible; ClaudeBot/1.0; +claudebot@anthropic.com)"
198.54.114.83 - - [01/Apr/2025:09:53:05 -0400] "POST /wp-admin/admin-ajax.php?action=async_litespeed&nonce=48mERd75okEwXEChwkZkHt6SKCgkWQmd&litespeed_type=imgoptm HTTP/1.1" 200 0 "-" "WordPress/6.7.2; https://grimslut.com"
198.54.114.83 - - [01/Apr/2025:09:53:46 -0400] "POST /wp-cron.php?doing_wp_cron=1743515626.4445769786834716796875 HTTP/1.1" 200 0 "-" "WordPress/6.7.2; https://grimslut.com"
173.236.208.250 - - [01/Apr/2025:09:53:46 -0400] "POST /xmlrpc.php HTTP/1.1" 200 205 "-" "Mozilla/5.0 (X11; Fedora; Linux x86_64; rv:94.0) Gecko/20100101 Firefox/95.0"
198.54.114.83 - - [01/Apr/2025:09:53:46 -0400] "POST /wp-admin/admin-ajax.php?action=async_litespeed&nonce=ckkabtZJxsLbkq6prixYSx1UjoJYX5AA&litespeed_type=imgoptm HTTP/1.1" 200 5 "-" "WordPress/6.7.2; https://grimslut.com"
198.54.114.83 - - [01/Apr/2025:10:03:55 -0400] "POST /wp-cron.php?doing_wp_cron=1743516235.2442510128021240234375 HTTP/1.1" 200 0 "-" "WordPress/6.7.2; https://grimslut.com"
149.255.58.142 - - [01/Apr/2025:10:03:50 -0400] "POST /xmlrpc.php HTTP/1.1" 200 186 "https://grimslut.com" "Mozilla/5.0 (Macintosh; Intel Mac OS X 14_6) AppleWebKit/605.1.15 (KHTML, like Gecko) Version/17.5 Safari/605.1.15"
198.54.114.83 - - [01/Apr/2025:10:03:56 -0400] "POST /wp-admin/admin-ajax.php?action=async_litespeed&nonce=QRDaB7Q1stedZ4xI8FiInnAIbyIhR46U&litespeed_type=imgoptm HTTP/1.1" 200 0 "-" "WordPress/6.7.2; https://grimslut.com"
198.54.114.83 - - [01/Apr/2025:10:06:02 -0400] "POST /wp-cron.php?doing_wp_cron=1743516361.9397690296173095703125 HTTP/1.1" 200 0 "-" "WordPress/6.7.2; https://grimslut.com"
158.255.80.210 - - [01/Apr/2025:10:05:59 -0400] "POST /xmlrpc.php HTTP/1.1" 200 205 "-" "Mozilla/5.0 (X11; Fedora; Linux x86_64; rv:94.0) Gecko/20100101 Firefox/95.0"
198.54.114.83 - - [01/Apr/2025:10:06:02 -0400] "POST /wp-admin/admin-ajax.php?action=async_litespeed&nonce=IPJhocNeURhCWl86P3iGUEpM5kDh0kBO&litespeed_type=imgoptm HTTP/1.1" 200 5 "-" "WordPress/6.7.2; https://grimslut.com"
160.187.22.25 - - [01/Apr/2025:10:16:27 -0400] "GET /wp-login.php HTTP/1.1" 200 1954 "-" "GRequests/0.10"
198.54.114.83 - - [01/Apr/2025:10:16:31 -0400] "POST /wp-cron.php?doing_wp_cron=1743516991.7031919956207275390625 HTTP/1.1" 200 0 "-" "WordPress/6.7.2; https://grimslut.com"
160.187.22.25 - - [01/Apr/2025:10:16:28 -0400] "POST /wp-login.php HTTP/1.1" 200 2086 "-" "GRequests/0.10"
198.54.114.83 - - [01/Apr/2025:10:16:32 -0400] "POST /wp-admin/admin-ajax.php?action=async_litespeed&nonce=NheIkzidHMW0ORjTGmy6k20IgY6OWRhr&litespeed_type=imgoptm HTTP/1.1" 200 0 "-" "WordPress/6.7.2; https://grimslut.com"
198.54.114.83 - - [01/Apr/2025:10:17:40 -0400] "POST /wp-cron.php?doing_wp_cron=1743517060.4187409877777099609375 HTTP/1.1" 200 0 "-" "WordPress/6.7.2; https://grimslut.com"
34.64.218.102 - - [01/Apr/2025:10:17:39 -0400] "POST /xmlrpc.php HTTP/1.1" 200 205 "-" "Mozilla/5.0 (X11; Fedora; Linux x86_64; rv:94.0) Gecko/20100101 Firefox/95.0"
198.54.114.83 - - [01/Apr/2025:10:17:41 -0400] "POST /wp-admin/admin-ajax.php?action=async_litespeed&nonce=CLnNnOcEFXAt8T11AXk1clqhVInhAroe&litespeed_type=imgoptm HTTP/1.1" 200 5 "-" "WordPress/6.7.2; https://grimslut.com"
198.54.114.83 - - [01/Apr/2025:10:20:13 -0400] "POST /wp-cron.php?doing_wp_cron=1743517212.6608300209045410156250 HTTP/1.1" 200 0 "-" "WordPress/6.7.2; https://grimslut.com"
51.222.110.187 - - [01/Apr/2025:10:20:09 -0400] "POST /wp-login.php HTTP/1.1" 200 2101 "https://grimslut.com" "Mozilla/5.0 (Windows NT 10.0; Win64; x64) AppleWebKit/537.36 (KHTML, like Gecko) Chrome/116.0.5845.96 Safari/537.36"
198.54.114.83 - - [01/Apr/2025:10:20:15 -0400] "POST /wp-admin/admin-ajax.php?action=async_litespeed&nonce=9GoGQaMfpiMckdTzEA3Z1n1LVBnxVrLn&litespeed_type=imgoptm HTTP/1.1" 200 0 "-" "WordPress/6.7.2; https://grimslut.com"
80.85.246.214 - - [01/Apr/2025:10:22:22 -0400] "GET / HTTP/1.1" 200 20855 "-" "Mozilla/5.0 (Macintosh; Intel Mac OS X 10_15_7) AppleWebKit/537.36 (KHTML, like Gecko) Chrome/133.0.0.0 Safari/537.36"
80.85.246.214 - - [01/Apr/2025:10:22:23 -0400] "GET /comments/feed/ HTTP/1.1" 200 364 "-" "Mozilla/5.0 (Macintosh; Intel Mac OS X 10_15_7) AppleWebKit/537.36 (KHTML, like Gecko) Chrome/133.0.0.0 Safari/537.36"
80.85.246.214 - - [01/Apr/2025:10:22:24 -0400] "GET /category/shopping-product-reviews/ HTTP/1.1" 200 12147 "-" "Mozilla/5.0 (Macintosh; Intel Mac OS X 10_15_7) AppleWebKit/537.36 (KHTML, like Gecko) Chrome/133.0.0.0 Safari/537.36"
80.85.246.214 - - [01/Apr/2025:10:22:25 -0400] "GET /category/shopping-product-reviews/feed/ HTTP/1.1" 200 456 "-" "Mozilla/5.0 (Macintosh; Intel Mac OS X 10_15_7) AppleWebKit/537.36 (KHTML, like Gecko) Chrome/133.0.0.0 Safari/537.36"
80.85.246.214 - - [01/Apr/2025:10:22:26 -0400] "GET /category/technology/ HTTP/1.1" 200 12166 "-" "Mozilla/5.0 (Macintosh; Intel Mac OS X 10_15_7) AppleWebKit/537.36 (KHTML, like Gecko) Chrome/133.0.0.0 Safari/537.36"
80.85.246.214 - - [01/Apr/2025:10:22:27 -0400] "GET /category/technology/feed/ HTTP/1.1" 200 429 "-" "Mozilla/5.0 (Macintosh; Intel Mac OS X 10_15_7) AppleWebKit/537.36 (KHTML, like Gecko) Chrome/133.0.0.0 Safari/537.36"
80.85.246.214 - - [01/Apr/2025:10:22:28 -0400] "GET /premier-fertility-care-at-new-hope-ivf-dubai/ HTTP/1.1" 200 15674 "-" "Mozilla/5.0 (Macintosh; Intel Mac OS X 10_15_7) AppleWebKit/537.36 (KHTML, like Gecko) Chrome/133.0.0.0 Safari/537.36"
181.39.128.195 - - [01/Apr/2025:10:22:30 -0400] "POST /wp-comments-post.php HTTP/1.1" 200 983 "-" "Mozilla/5.0 (Macintosh; Intel Mac OS X 10_15_7) AppleWebKit/537.36 (KHTML, like Gecko) Chrome/133.0.0.0 Safari/537.36"
18.219.85.34 - - [01/Apr/2025:10:22:29 -0400] "GET /wp-json/wp/v2/posts/524 HTTP/1.1" 200 3732 "-" "Mozilla/5.0 AppleWebKit/537.36 (KHTML, like Gecko; compatible; ClaudeBot/1.0; +claudebot@anthropic.com)"
181.39.128.195 - - [01/Apr/2025:10:22:34 -0400] "POST /wp-comments-post.php HTTP/1.1" 200 0 "-" "Mozilla/5.0 (Windows NT 10.0; Win64; x64) AppleWebKit/537.36 (KHTML, like Gecko) Chrome/120.0.0.0 Safari/537.36"
80.85.246.214 - - [01/Apr/2025:10:22:36 -0400] "GET /premier-fertility-care-at-new-hope-ivf-dubai/feed/ HTTP/1.1" 200 419 "-" "Mozilla/5.0 (Macintosh; Intel Mac OS X 10_15_7) AppleWebKit/537.36 (KHTML, like Gecko) Chrome/133.0.0.0 Safari/537.36"
80.85.246.214 - - [01/Apr/2025:10:22:37 -0400] "GET /premier-fertility-care-at-new-hope-ivf-dubai/ HTTP/1.1" 200 15674 "-" "Mozilla/5.0 (Macintosh; Intel Mac OS X 10_15_7) AppleWebKit/537.36 (KHTML, like Gecko) Chrome/133.0.0.0 Safari/537.36"
181.39.128.195 - - [01/Apr/2025:10:22:39 -0400] "POST /wp-comments-post.php HTTP/1.1" 200 983 "-" "Mozilla/5.0 (Macintosh; Intel Mac OS X 10_15_7) AppleWebKit/537.36 (KHTML, like Gecko) Chrome/133.0.0.0 Safari/537.36"
181.39.128.195 - - [01/Apr/2025:10:22:42 -0400] "POST /wp-comments-post.php HTTP/1.1" 200 0 "-" "Mozilla/5.0 (Windows NT 10.0; Win64; x64) AppleWebKit/537.36 (KHTML, like Gecko) Chrome/120.0.0.0 Safari/537.36"
80.85.246.214 - - [01/Apr/2025:10:22:45 -0400] "GET /premier-fertility-care-at-new-hope-ivf-dubai/ HTTP/1.1" 200 15674 "-" "Mozilla/5.0 (Macintosh; Intel Mac OS X 10_15_7) AppleWebKit/537.36 (KHTML, like Gecko) Chrome/133.0.0.0 Safari/537.36"
80.85.246.214 - - [01/Apr/2025:10:22:46 -0400] "GET /the-new-era-of-wedding-invitations-with-rsvp/ HTTP/1.1" 200 15833 "-" "Mozilla/5.0 (Macintosh; Intel Mac OS X 10_15_7) AppleWebKit/537.36 (KHTML, like Gecko) Chrome/133.0.0.0 Safari/537.36"
80.85.246.214 - - [01/Apr/2025:10:22:46 -0400] "GET /the-new-era-of-wedding-invitations-with-rsvp/feed/ HTTP/1.1" 200 410 "-" "Mozilla/5.0 (Macintosh; Intel Mac OS X 10_15_7) AppleWebKit/537.36 (KHTML, like Gecko) Chrome/133.0.0.0 Safari/537.36"
80.85.246.214 - - [01/Apr/2025:10:22:47 -0400] "GET /the-new-era-of-wedding-invitations-with-rsvp/ HTTP/1.1" 200 15833 "-" "Mozilla/5.0 (Macintosh; Intel Mac OS X 10_15_7) AppleWebKit/537.36 (KHTML, like Gecko) Chrome/133.0.0.0 Safari/537.36"
80.85.246.214 - - [01/Apr/2025:10:22:47 -0400] "GET /the-new-era-of-wedding-invitations-with-rsvp/ HTTP/1.1" 200 15833 "-" "Mozilla/5.0 (Macintosh; Intel Mac OS X 10_15_7) AppleWebKit/537.36 (KHTML, like Gecko) Chrome/133.0.0.0 Safari/537.36"
198.54.114.83 - - [01/Apr/2025:10:29:58 -0400] "POST /wp-cron.php?doing_wp_cron=1743517796.6936841011047363281250 HTTP/1.1" 200 0 "-" "WordPress/6.7.2; https://grimslut.com"
118.128.165.171 - - [01/Apr/2025:10:29:52 -0400] "POST /xmlrpc.php HTTP/1.1" 200 205 "-" "Mozilla/5.0 (X11; Fedora; Linux x86_64; rv:94.0) Gecko/20100101 Firefox/95.0"
198.54.114.83 - - [01/Apr/2025:10:36:05 -0400] "POST /wp-cron.php?doing_wp_cron=1743518165.0688340663909912109375 HTTP/1.1" 200 0 "-" "WordPress/6.7.2; https://grimslut.com"
198.54.121.141 - - [01/Apr/2025:10:36:01 -0400] "POST /wp-login.php HTTP/1.1" 200 2101 "https://grimslut.com" "Mozilla/5.0 (Windows NT 11.0; Win64; x64) AppleWebKit/537.36 (KHTML, like Gecko) Chrome/126.0.0.0 Safari/537.36"
198.54.114.83 - - [01/Apr/2025:10:36:06 -0400] "POST /wp-admin/admin-ajax.php?action=async_litespeed&nonce=3f5rxNWtLycg1QWuLTgcyfot6822PwjE&litespeed_type=imgoptm HTTP/1.1" 200 0 "-" "WordPress/6.7.2; https://grimslut.com"
198.54.114.83 - - [01/Apr/2025:10:42:12 -0400] "POST /wp-cron.php?doing_wp_cron=1743518532.4592740535736083984375 HTTP/1.1" 200 0 "-" "WordPress/6.7.2; https://grimslut.com"
175.178.54.250 - - [01/Apr/2025:10:42:09 -0400] "POST /xmlrpc.php HTTP/1.1" 200 205 "-" "Mozilla/5.0 (X11; Gentoo; Linux x86_64; rv:91.0) Gecko/20100101 Firefox/91.0"
198.54.114.83 - - [01/Apr/2025:10:42:13 -0400] "POST /wp-admin/admin-ajax.php?action=async_litespeed&nonce=N2EsvJ5DvTRjCUc2mzFtaD3XpupcXwzN&litespeed_type=imgoptm HTTP/1.1" 200 0 "-" "WordPress/6.7.2; https://grimslut.com"
198.54.114.83 - - [01/Apr/2025:10:45:32 -0400] "POST /wp-cron.php?doing_wp_cron=1743518731.6134688854217529296875 HTTP/1.1" 200 0 "-" "WordPress/6.7.2; https://grimslut.com"
40.77.167.156 - - [01/Apr/2025:10:45:28 -0400] "GET /sexwithmuslims-rebecca-black/ HTTP/1.1" 404 10271 "-" "Mozilla/5.0 AppleWebKit/537.36 (KHTML, like Gecko; compatible; bingbot/2.0; +http://www.bing.com/bingbot.htm) Chrome/116.0.1938.76 Safari/537.36"
104.248.118.148 - - [01/Apr/2025:10:52:07 -0400] "GET /wp-login.php HTTP/1.1" 200 1954 "-" "GRequests/0.10"
198.54.114.83 - - [01/Apr/2025:10:52:10 -0400] "POST /wp-cron.php?doing_wp_cron=1743519130.8054449558258056640625 HTTP/1.1" 200 0 "-" "WordPress/6.7.2; https://grimslut.com"
198.54.114.83 - - [01/Apr/2025:10:52:10 -0400] "POST /wp-cron.php?doing_wp_cron=1743519130.8056349754333496093750 HTTP/1.1" 200 0 "-" "WordPress/6.7.2; https://grimslut.com"
104.248.118.148 - - [01/Apr/2025:10:52:08 -0400] "POST /wp-login.php HTTP/1.1" 200 2086 "-" "GRequests/0.10"
192.64.117.93 - - [01/Apr/2025:10:52:09 -0400] "POST /wp-login.php HTTP/1.1" 200 2107 "https://grimslut.com" "Mozilla/5.0 (Windows NT 10.0; Win64; x64; rv:127.0) Gecko/20100101 Firefox/127.0"
198.54.114.83 - - [01/Apr/2025:10:52:11 -0400] "POST /wp-admin/admin-ajax.php?action=async_litespeed&nonce=X3KbLSSd9NW9iAxa9X2vGPjHHShSWOt3&litespeed_type=imgoptm HTTP/1.1" 200 0 "-" "WordPress/6.7.2; https://grimslut.com"
198.54.114.83 - - [01/Apr/2025:10:54:45 -0400] "POST /wp-cron.php?doing_wp_cron=1743519285.1683299541473388671875 HTTP/1.1" 200 0 "-" "WordPress/6.7.2; https://grimslut.com"
80.251.219.111 - - [01/Apr/2025:10:54:41 -0400] "POST /xmlrpc.php HTTP/1.1" 200 205 "-" "Mozilla/5.0 (X11; Fedora; Linux x86_64; rv:94.0) Gecko/20100101 Firefox/95.0"
198.54.114.83 - - [01/Apr/2025:10:54:46 -0400] "POST /wp-admin/admin-ajax.php?action=async_litespeed&nonce=OQpTo5fDEZBfxBaDEu0f5B0vyqtEAF28&litespeed_type=imgoptm HTTP/1.1" 200 5 "-" "WordPress/6.7.2; https://grimslut.com"
195.191.219.131 - - [01/Apr/2025:10:54:48 -0400] "GET /2024/08/page/1/ HTTP/1.1" 301 0 "-" "Mozilla/5.0 (compatible; MJ12bot/v2.0.0; http://mj12bot.com/)"
195.191.219.131 - - [01/Apr/2025:10:54:49 -0400] "GET /2024/08/ HTTP/1.1" 200 14896 "-" "Mozilla/5.0 (compatible; MJ12bot/v2.0.0; http://mj12bot.com/)"
195.191.219.131 - - [01/Apr/2025:10:54:51 -0400] "GET /category/arts-entertainments/page/1/ HTTP/1.1" 301 0 "-" "Mozilla/5.0 (compatible; MJ12bot/v2.0.0; http://mj12bot.com/)"
195.191.219.131 - - [01/Apr/2025:10:54:52 -0400] "GET /category/arts-entertainments/ HTTP/1.1" 200 14765 "-" "Mozilla/5.0 (compatible; MJ12bot/v2.0.0; http://mj12bot.com/)"
195.191.219.131 - - [01/Apr/2025:10:54:53 -0400] "GET /page/1/ HTTP/1.1" 301 0 "-" "Mozilla/5.0 (compatible; MJ12bot/v2.0.0; http://mj12bot.com/)"
195.191.219.131 - - [01/Apr/2025:10:54:54 -0400] "GET / HTTP/1.1" 200 20855 "-" "Mozilla/5.0 (compatible; MJ12bot/v2.0.0; http://mj12bot.com/)"
157.245.6.207 - - [01/Apr/2025:11:07:11 -0400] "POST /xmlrpc.php HTTP/1.1" 200 205 "-" "Mozilla/5.0 (X11; Fedora; Linux x86_64; rv:94.0) Gecko/20100101 Firefox/95.0"
198.54.114.83 - - [01/Apr/2025:11:07:17 -0400] "POST /wp-cron.php?doing_wp_cron=1743520034.8513960838317871093750 HTTP/1.1" 200 0 "-" "WordPress/6.7.2; https://grimslut.com"
34.93.16.66 - - [01/Apr/2025:11:08:32 -0400] "POST /wp-login.php HTTP/1.1" 200 2052 "https://grimslut.com" "Mozilla/5.0 (Macintosh; Intel Mac OS X 13_3) AppleWebKit/537.36 (KHTML, like Gecko) Chrome/126.0.0.0 Safari/537.36 Edg/126.0.0.0"
198.54.114.83 - - [01/Apr/2025:11:08:34 -0400] "POST /wp-cron.php?doing_wp_cron=1743520113.0509450435638427734375 HTTP/1.1" 200 0 "-" "WordPress/6.7.2; https://grimslut.com"
194.5.53.192 - - [01/Apr/2025:11:19:11 -0400] "GET / HTTP/1.1" 200 20855 "-" "Python/3.11 aiohttp/3.11.11"
2001:41d0:20a:800::ff - - [01/Apr/2025:11:32:23 -0400] "POST /xmlrpc.php HTTP/1.1" 200 205 "-" "Mozilla/5.0 (X11; Fedora; Linux x86_64; rv:94.0) Gecko/20100101 Firefox/95.0"
198.54.114.83 - - [01/Apr/2025:11:32:31 -0400] "POST /wp-cron.php?doing_wp_cron=1743521547.9920690059661865234375 HTTP/1.1" 200 0 "-" "WordPress/6.7.2; https://grimslut.com"
2001:41d0:203:83e2:: - - [01/Apr/2025:11:37:21 -0400] "GET /wp-login.php HTTP/1.1" 200 1954 "-" "GRequests/0.10"
198.54.114.83 - - [01/Apr/2025:11:37:27 -0400] "POST /wp-cron.php?doing_wp_cron=1743521846.1358768939971923828125 HTTP/1.1" 200 0 "-" "WordPress/6.7.2; https://grimslut.com"
2001:41d0:203:83e2:: - - [01/Apr/2025:11:37:22 -0400] "POST /wp-login.php HTTP/1.1" 200 2086 "-" "GRequests/0.10"
198.54.114.83 - - [01/Apr/2025:11:37:29 -0400] "POST /wp-admin/admin-ajax.php?action=async_litespeed&nonce=xjFIPd3Z4Wbf8YKiGUTIecbDDBHTjTS7&litespeed_type=imgoptm HTTP/1.1" 200 0 "-" "WordPress/6.7.2; https://grimslut.com"
198.54.114.83 - - [01/Apr/2025:11:45:05 -0400] "POST /wp-cron.php?doing_wp_cron=1743522303.5438170433044433593750 HTTP/1.1" 200 0 "-" "WordPress/6.7.2; https://grimslut.com"
185.235.245.165 - - [01/Apr/2025:11:44:59 -0400] "POST /xmlrpc.php HTTP/1.1" 200 205 "-" "Mozilla/5.0 (X11; Fedora; Linux x86_64; rv:94.0) Gecko/20100101 Firefox/95.0"
198.54.114.83 - - [01/Apr/2025:11:57:06 -0400] "POST /wp-cron.php?doing_wp_cron=1743523025.9907529354095458984375 HTTP/1.1" 200 0 "-" "WordPress/6.7.2; https://grimslut.com"
119.91.214.45 - - [01/Apr/2025:11:57:02 -0400] "POST /xmlrpc.php HTTP/1.1" 200 205 "-" "Mozilla/5.0 (X11; Fedora; Linux x86_64; rv:94.0) Gecko/20100101 Firefox/95.0"
198.54.114.83 - - [01/Apr/2025:11:57:09 -0400] "POST /wp-admin/admin-ajax.php?action=async_litespeed&nonce=LribMHTN78vKsNUyevq2v2akhOQkLQeK&litespeed_type=imgoptm HTTP/1.1" 200 0 "-" "WordPress/6.7.2; https://grimslut.com"
198.54.114.83 - - [01/Apr/2025:12:09:43 -0400] "POST /wp-cron.php?doing_wp_cron=1743523783.1168899536132812500000 HTTP/1.1" 200 0 "-" "WordPress/6.7.2; https://grimslut.com"
193.164.17.45 - - [01/Apr/2025:12:09:39 -0400] "POST /xmlrpc.php HTTP/1.1" 200 205 "-" "Mozilla/5.0 (X11; Fedora; Linux x86_64; rv:94.0) Gecko/20100101 Firefox/95.0"
198.54.114.83 - - [01/Apr/2025:12:09:44 -0400] "POST /wp-admin/admin-ajax.php?action=async_litespeed&nonce=6H9IYtKXv8tiPhNmPjrfWB6bqZiwG9cv&litespeed_type=imgoptm HTTP/1.1" 200 0 "-" "WordPress/6.7.2; https://grimslut.com"
198.54.114.83 - - [01/Apr/2025:12:20:12 -0400] "POST /wp-cron.php?doing_wp_cron=1743524410.6359620094299316406250 HTTP/1.1" 200 0 "-" "WordPress/6.7.2; https://grimslut.com"
196.251.88.242 - - [01/Apr/2025:12:20:08 -0400] "GET /geju.php HTTP/1.1" 404 10270 "-" "Mozlila/5.0 (Linux; Android 7.0; SM-G892A Bulid/NRD90M; wv) AppleWebKit/537.36 (KHTML, like Gecko) Version/4.0 Chrome/60.0.3112.107 Moblie Safari/537.36"
196.251.88.242 - - [01/Apr/2025:12:20:25 -0400] "GET /wp-content/plugins/about.php HTTP/1.1" 404 10270 "-" "Mozlila/5.0 (Linux; Android 7.0; SM-G892A Bulid/NRD90M; wv) AppleWebKit/537.36 (KHTML, like Gecko) Version/4.0 Chrome/60.0.3112.107 Moblie Safari/537.36"
196.251.88.242 - - [01/Apr/2025:12:20:36 -0400] "GET /wp.php HTTP/1.1" 404 10270 "-" "Mozlila/5.0 (Linux; Android 7.0; SM-G892A Bulid/NRD90M; wv) AppleWebKit/537.36 (KHTML, like Gecko) Version/4.0 Chrome/60.0.3112.107 Moblie Safari/537.36"
198.54.114.83 - - [01/Apr/2025:12:21:14 -0400] "POST /wp-cron.php?doing_wp_cron=1743524472.9636750221252441406250 HTTP/1.1" 200 0 "-" "WordPress/6.7.2; https://grimslut.com"
39.98.44.46 - - [01/Apr/2025:12:21:12 -0400] "POST /xmlrpc.php HTTP/1.1" 200 205 "-" "Mozilla/5.0 (X11; Fedora; Linux x86_64; rv:94.0) Gecko/20100101 Firefox/95.0"
23.111.188.34 - - [01/Apr/2025:12:21:35 -0400] "POST /xmlrpc.php HTTP/1.1" 200 186 "https://grimslut.com" "Mozilla/5.0 (Windows NT 10.0; Win64; x64; rv:128.0) Gecko/20100101 Firefox/128.0"
198.54.114.83 - - [01/Apr/2025:12:31:04 -0400] "POST /wp-cron.php?doing_wp_cron=1743525063.5212130546569824218750 HTTP/1.1" 200 0 "-" "WordPress/6.7.2; https://grimslut.com"
2001:41d0:20a:800::ff - - [01/Apr/2025:12:31:00 -0400] "POST /xmlrpc.php HTTP/1.1" 200 205 "-" "Mozilla/5.0 (X11; Fedora; Linux x86_64; rv:94.0) Gecko/20100101 Firefox/95.0"
198.54.114.83 - - [01/Apr/2025:12:31:05 -0400] "POST /wp-admin/admin-ajax.php?action=async_litespeed&nonce=xbW8vRSKMKlpuTOlP16r65o7MhRVBKey&litespeed_type=imgoptm HTTP/1.1" 200 5 "-" "WordPress/6.7.2; https://grimslut.com"
198.54.114.83 - - [01/Apr/2025:12:40:39 -0400] "POST /wp-cron.php?doing_wp_cron=1743525638.9585330486297607421875 HTTP/1.1" 200 0 "-" "WordPress/6.7.2; https://grimslut.com"
173.236.208.250 - - [01/Apr/2025:12:40:33 -0400] "POST /xmlrpc.php HTTP/1.1" 200 205 "-" "Mozilla/5.0 (X11; Fedora; Linux x86_64; rv:94.0) Gecko/20100101 Firefox/95.0"
198.54.114.83 - - [01/Apr/2025:12:40:41 -0400] "POST /wp-admin/admin-ajax.php?action=async_litespeed&nonce=lre6i5g0KcfAjfTCORNUg9ymBoRyLBlA&litespeed_type=imgoptm HTTP/1.1" 200 0 "-" "WordPress/6.7.2; https://grimslut.com"
103.186.30.46 - - [01/Apr/2025:12:45:21 -0400] "GET /wp-login.php HTTP/1.1" 200 1954 "-" "GRequests/0.10"
198.54.114.83 - - [01/Apr/2025:12:45:25 -0400] "POST /wp-cron.php?doing_wp_cron=1743525925.0578820705413818359375 HTTP/1.1" 200 0 "-" "WordPress/6.7.2; https://grimslut.com"
103.186.30.46 - - [01/Apr/2025:12:45:22 -0400] "POST /wp-login.php HTTP/1.1" 200 2086 "-" "GRequests/0.10"
198.54.114.83 - - [01/Apr/2025:12:45:25 -0400] "POST /wp-admin/admin-ajax.php?action=async_litespeed&nonce=1sx2XexrjAMse0bNqu0t84Ea1YtApUKc&litespeed_type=imgoptm HTTP/1.1" 200 5 "-" "WordPress/6.7.2; https://grimslut.com"
198.54.114.83 - - [01/Apr/2025:12:49:35 -0400] "POST /wp-cron.php?doing_wp_cron=1743526175.4011669158935546875000 HTTP/1.1" 200 0 "-" "WordPress/6.7.2; https://grimslut.com"
185.218.125.245 - - [01/Apr/2025:12:49:32 -0400] "POST /xmlrpc.php HTTP/1.1" 200 205 "-" "Mozilla/5.0 (X11; Fedora; Linux x86_64; rv:94.0) Gecko/20100101 Firefox/95.0"
198.54.114.83 - - [01/Apr/2025:12:49:36 -0400] "POST /wp-admin/admin-ajax.php?action=async_litespeed&nonce=c2VfvuB0UbdbxKZNYkCu7fk4RKRTtA8U&litespeed_type=imgoptm HTTP/1.1" 200 5 "-" "WordPress/6.7.2; https://grimslut.com"
34.46.107.224 - - [01/Apr/2025:12:49:59 -0400] "POST /xmlrpc.php HTTP/1.1" 200 186 "https://grimslut.com" "Mozilla/5.0 (Windows NT 11.0; Win64; x64) AppleWebKit/537.36 (KHTML, like Gecko) Chrome/126.0.0.0 Safari/537.36 Edg/126.0.0.0"
198.54.114.83 - - [01/Apr/2025:12:58:16 -0400] "POST /wp-cron.php?doing_wp_cron=1743526696.1951858997344970703125 HTTP/1.1" 200 0 "-" "WordPress/6.7.2; https://grimslut.com"
46.32.231.116 - - [01/Apr/2025:12:58:12 -0400] "POST /xmlrpc.php HTTP/1.1" 200 205 "-" "Mozilla/5.0 (X11; Fedora; Linux x86_64; rv:94.0) Gecko/20100101 Firefox/95.0"
198.54.114.83 - - [01/Apr/2025:12:58:17 -0400] "POST /wp-admin/admin-ajax.php?action=async_litespeed&nonce=RKHeheGDdd2QqwUEzLkleujEEeeBtF0S&litespeed_type=imgoptm HTTP/1.1" 200 5 "-" "WordPress/6.7.2; https://grimslut.com"
43.135.145.73 - - [01/Apr/2025:13:01:15 -0400] "GET / HTTP/1.1" 200 20855 "http://grimslut.com" "Mozilla/5.0 (iPhone; CPU iPhone OS 13_2_3 like Mac OS X) AppleWebKit/605.1.15 (KHTML, like Gecko) Version/13.0.3 Mobile/15E148 Safari/604.1"
198.54.114.83 - - [01/Apr/2025:13:06:46 -0400] "POST /wp-cron.php?doing_wp_cron=1743527206.2833459377288818359375 HTTP/1.1" 200 0 "-" "WordPress/6.7.2; https://grimslut.com"
195.54.178.44 - - [01/Apr/2025:13:06:43 -0400] "POST /xmlrpc.php HTTP/1.1" 200 205 "-" "Mozilla/5.0 (X11; Fedora; Linux x86_64; rv:94.0) Gecko/20100101 Firefox/95.0"
198.54.114.83 - - [01/Apr/2025:13:06:47 -0400] "POST /wp-admin/admin-ajax.php?action=async_litespeed&nonce=CR35bQnIpXgDdp4ueLzx6yGBpzEdLTwj&litespeed_type=imgoptm HTTP/1.1" 200 5 "-" "WordPress/6.7.2; https://grimslut.com"
3.142.201.19 - - [01/Apr/2025:13:12:16 -0400] "GET /robots.txt HTTP/1.1" 304 0 "-" "Mozilla/5.0 AppleWebKit/537.36 (KHTML, like Gecko; compatible; ClaudeBot/1.0; +claudebot@anthropic.com)"
198.54.114.83 - - [01/Apr/2025:13:12:21 -0400] "POST /wp-cron.php?doing_wp_cron=1743527540.6597518920898437500000 HTTP/1.1" 200 0 "-" "WordPress/6.7.2; https://grimslut.com"
3.142.201.19 - - [01/Apr/2025:13:12:17 -0400] "GET /exploring-the-multicanais-phenomenon HTTP/1.1" 301 0 "-" "Mozilla/5.0 AppleWebKit/537.36 (KHTML, like Gecko; compatible; ClaudeBot/1.0; +claudebot@anthropic.com)"
3.142.201.19 - - [01/Apr/2025:13:12:23 -0400] "GET /exploring-the-multicanais-phenomenon/ HTTP/1.1" 200 15499 "-" "Mozilla/5.0 AppleWebKit/537.36 (KHTML, like Gecko; compatible; ClaudeBot/1.0; +claudebot@anthropic.com)"
198.54.114.83 - - [01/Apr/2025:13:12:23 -0400] "POST /wp-admin/admin-ajax.php?action=async_litespeed&nonce=Rfk6iRDJFArPRYBjGconMsde2rGaJ5NQ&litespeed_type=imgoptm HTTP/1.1" 200 0 "-" "WordPress/6.7.2; https://grimslut.com"
3.142.201.19 - - [01/Apr/2025:13:12:23 -0400] "GET /wp-includes/js/jquery/jquery.min.js?ver=3.7.1 HTTP/1.1" 304 0 "https://grimslut.com/exploring-the-multicanais-phenomenon/" "Mozilla/5.0 AppleWebKit/537.36 (KHTML, like Gecko; compatible; ClaudeBot/1.0; +claudebot@anthropic.com)"
3.142.201.19 - - [01/Apr/2025:13:12:23 -0400] "GET /wp-includes/js/jquery/jquery-migrate.min.js?ver=3.4.1 HTTP/1.1" 200 4678 "https://grimslut.com/exploring-the-multicanais-phenomenon/" "Mozilla/5.0 AppleWebKit/537.36 (KHTML, like Gecko; compatible; ClaudeBot/1.0; +claudebot@anthropic.com)"
3.142.201.19 - - [01/Apr/2025:13:12:24 -0400] "GET /wp-includes/js/imagesloaded.min.js?ver=5.0.0 HTTP/1.1" 200 1687 "https://grimslut.com/exploring-the-multicanais-phenomenon/" "Mozilla/5.0 AppleWebKit/537.36 (KHTML, like Gecko; compatible; ClaudeBot/1.0; +claudebot@anthropic.com)"
3.142.201.19 - - [01/Apr/2025:13:12:24 -0400] "GET /wp-content/themes/bloghash/assets/js/vendors/swiper-bundle.min.js?ver=6.7.2 HTTP/1.1" 304 0 "https://grimslut.com/exploring-the-multicanais-phenomenon/" "Mozilla/5.0 AppleWebKit/537.36 (KHTML, like Gecko; compatible; ClaudeBot/1.0; +claudebot@anthropic.com)"
3.142.201.19 - - [01/Apr/2025:13:12:25 -0400] "GET /wp-content/themes/bloghash/assets/js/bloghash.min.js?ver=1.0.20 HTTP/1.1" 304 0 "https://grimslut.com/exploring-the-multicanais-phenomenon/" "Mozilla/5.0 AppleWebKit/537.36 (KHTML, like Gecko; compatible; ClaudeBot/1.0; +claudebot@anthropic.com)"
3.142.201.19 - - [01/Apr/2025:13:12:25 -0400] "GET /wp-includes/js/comment-reply.min.js?ver=6.7.2 HTTP/1.1" 304 0 "https://grimslut.com/exploring-the-multicanais-phenomenon/" "Mozilla/5.0 AppleWebKit/537.36 (KHTML, like Gecko; compatible; ClaudeBot/1.0; +claudebot@anthropic.com)"
3.142.201.19 - - [01/Apr/2025:13:12:25 -0400] "GET /wp-includes/js/wp-emoji-release.min.js?ver=6.7.2 HTTP/1.1" 304 0 "https://grimslut.com/exploring-the-multicanais-phenomenon/" "Mozilla/5.0 AppleWebKit/537.36 (KHTML, like Gecko; compatible; ClaudeBot/1.0; +claudebot@anthropic.com)"
198.54.114.83 - - [01/Apr/2025:13:14:29 -0400] "POST /wp-cron.php?doing_wp_cron=1743527669.2653980255126953125000 HTTP/1.1" 200 0 "-" "WordPress/6.7.2; https://grimslut.com"
2001:8d8:1800:2ef::1 - - [01/Apr/2025:13:14:26 -0400] "GET /xmlrpc.php HTTP/1.1" 405 46 "http://grimslut.com" "Mozilla/5.0 (Windows NT 10.0; Win64; x64; rv:127.0) Gecko/20100101 Firefox/127.0"
198.54.114.83 - - [01/Apr/2025:13:14:30 -0400] "POST /wp-admin/admin-ajax.php?action=async_litespeed&nonce=9eG7q95PKiTiq1PVNT0KuMIQMR65LibA&litespeed_type=imgoptm HTTP/1.1" 200 0 "-" "WordPress/6.7.2; https://grimslut.com"
118.179.82.165 - - [01/Apr/2025:13:15:08 -0400] "POST /xmlrpc.php HTTP/1.1" 200 205 "-" "Mozilla/5.0 (X11; Fedora; Linux x86_64; rv:94.0) Gecko/20100101 Firefox/95.0"
198.54.114.83 - - [01/Apr/2025:13:15:11 -0400] "POST /wp-cron.php?doing_wp_cron=1743527709.1637430191040039062500 HTTP/1.1" 200 0 "-" "WordPress/6.7.2; https://grimslut.com"
198.54.114.83 - - [01/Apr/2025:13:16:39 -0400] "POST /wp-cron.php?doing_wp_cron=1743527799.1298189163208007812500 HTTP/1.1" 200 0 "-" "WordPress/6.7.2; https://grimslut.com"
43.133.253.253 - - [01/Apr/2025:13:16:36 -0400] "GET /category/business/ HTTP/1.1" 200 12193 "-" "Mozilla/5.0 (iPhone; CPU iPhone OS 13_2_3 like Mac OS X) AppleWebKit/605.1.15 (KHTML, like Gecko) Version/13.0.3 Mobile/15E148 Safari/604.1"
198.54.114.83 - - [01/Apr/2025:13:16:40 -0400] "POST /wp-admin/admin-ajax.php?action=async_litespeed&nonce=tT7OQtkUDMimFkxqKwueJa7rWj8QFMDe&litespeed_type=imgoptm HTTP/1.1" 200 5 "-" "WordPress/6.7.2; https://grimslut.com"
111.229.111.163 - - [01/Apr/2025:13:17:39 -0400] "POST /xmlrpc.php HTTP/1.1" 200 186 "https://grimslut.com" "Mozilla/5.0 (Macintosh; Intel Mac OS X 13_3) AppleWebKit/537.36 (KHTML, like Gecko) Chrome/126.0.0.0 Safari/537.36"
198.54.114.83 - - [01/Apr/2025:13:17:42 -0400] "POST /wp-cron.php?doing_wp_cron=1743527859.9763910770416259765625 HTTP/1.1" 200 0 "-" "WordPress/6.7.2; https://grimslut.com"
198.54.114.83 - - [01/Apr/2025:13:23:55 -0400] "POST /wp-cron.php?doing_wp_cron=1743528234.7183840274810791015625 HTTP/1.1" 200 0 "-" "WordPress/6.7.2; https://grimslut.com"
213.136.84.43 - - [01/Apr/2025:13:23:51 -0400] "POST /xmlrpc.php HTTP/1.1" 200 205 "-" "Mozilla/5.0 (X11; Fedora; Linux x86_64; rv:94.0) Gecko/20100101 Firefox/95.0"
198.54.114.83 - - [01/Apr/2025:13:23:56 -0400] "POST /wp-admin/admin-ajax.php?action=async_litespeed&nonce=QKwrskpZt5xhCGLOMNZ99AGvCScTDTDL&litespeed_type=imgoptm HTTP/1.1" 200 0 "-" "WordPress/6.7.2; https://grimslut.com"
170.106.35.153 - - [01/Apr/2025:13:30:03 -0400] "GET /category/gaming/ HTTP/1.1" 200 12189 "-" "Mozilla/5.0 (iPhone; CPU iPhone OS 13_2_3 like Mac OS X) AppleWebKit/605.1.15 (KHTML, like Gecko) Version/13.0.3 Mobile/15E148 Safari/604.1"
198.54.114.83 - - [01/Apr/2025:13:32:11 -0400] "POST /wp-cron.php?doing_wp_cron=1743528730.7629029750823974609375 HTTP/1.1" 200 0 "-" "WordPress/6.7.2; https://grimslut.com"
2607:f298:6:a034::72b:7b50 - - [01/Apr/2025:13:32:06 -0400] "POST /xmlrpc.php HTTP/1.1" 200 205 "-" "Mozilla/5.0 (X11; Fedora; Linux x86_64; rv:94.0) Gecko/20100101 Firefox/95.0"
195.2.70.49 - - [01/Apr/2025:13:32:51 -0400] "GET /maximizing-your-earning-potential-strategies-for-success/ HTTP/1.1" 200 15549 "https://grimslut.com/maximizing-your-earning-potential-strategies-for-success/" "Mozilla/5.0 (Windows NT 10.0; Win64; x64) AppleWebKit/537.36 (KHTML, like Gecko) Chrome/130.0.0.0 Safari/537.36 CCleaner/130.0.0.0"
195.2.70.49 - - [01/Apr/2025:13:32:52 -0400] "POST /wp-comments-post.php HTTP/1.1" 302 0 "https://grimslut.com/maximizing-your-earning-potential-strategies-for-success/" "Mozilla/5.0 (Windows NT 10.0; Win64; x64) AppleWebKit/537.36 (KHTML, like Gecko) Chrome/130.0.0.0 Safari/537.36 CCleaner/130.0.0.0"
195.2.70.49 - - [01/Apr/2025:13:32:53 -0400] "GET /maximizing-your-earning-potential-strategies-for-success/ HTTP/1.1" 200 16258 "https://grimslut.com/maximizing-your-earning-potential-strategies-for-success/#comment-6530" "Mozilla/5.0 (Windows NT 10.0; Win64; x64) AppleWebKit/537.36 (KHTML, like Gecko) Chrome/130.0.0.0 Safari/537.36 CCleaner/130.0.0.0"
3.14.145.69 - - [01/Apr/2025:13:35:57 -0400] "GET /2024/12/page/2 HTTP/1.1" 301 0 "-" "Mozilla/5.0 AppleWebKit/537.36 (KHTML, like Gecko; compatible; ClaudeBot/1.0; +claudebot@anthropic.com)"
198.54.114.83 - - [01/Apr/2025:13:36:03 -0400] "POST /wp-cron.php?doing_wp_cron=1743528961.0445680618286132812500 HTTP/1.1" 200 0 "-" "WordPress/6.7.2; https://grimslut.com"
3.14.145.69 - - [01/Apr/2025:13:36:04 -0400] "GET /2024/12/page/2/ HTTP/1.1" 200 15322 "-" "Mozilla/5.0 AppleWebKit/537.36 (KHTML, like Gecko; compatible; ClaudeBot/1.0; +claudebot@anthropic.com)"
3.14.145.69 - - [01/Apr/2025:13:36:08 -0400] "GET /wp-content/themes/bloghash/assets/js/vendors/swiper-bundle.min.js?ver=6.7.2 HTTP/1.1" 304 0 "https://grimslut.com/2024/12/page/2/" "Mozilla/5.0 AppleWebKit/537.36 (KHTML, like Gecko; compatible; ClaudeBot/1.0; +claudebot@anthropic.com)"
3.14.145.69 - - [01/Apr/2025:13:36:08 -0400] "GET /wp-includes/js/imagesloaded.min.js?ver=5.0.0 HTTP/1.1" 304 0 "https://grimslut.com/2024/12/page/2/" "Mozilla/5.0 AppleWebKit/537.36 (KHTML, like Gecko; compatible; ClaudeBot/1.0; +claudebot@anthropic.com)"
3.14.145.69 - - [01/Apr/2025:13:36:08 -0400] "GET /wp-includes/js/jquery/jquery-migrate.min.js?ver=3.4.1 HTTP/1.1" 304 0 "https://grimslut.com/2024/12/page/2/" "Mozilla/5.0 AppleWebKit/537.36 (KHTML, like Gecko; compatible; ClaudeBot/1.0; +claudebot@anthropic.com)"
3.14.145.69 - - [01/Apr/2025:13:36:08 -0400] "GET /wp-includes/js/jquery/jquery.min.js?ver=3.7.1 HTTP/1.1" 304 0 "https://grimslut.com/2024/12/page/2/" "Mozilla/5.0 AppleWebKit/537.36 (KHTML, like Gecko; compatible; ClaudeBot/1.0; +claudebot@anthropic.com)"
3.14.145.69 - - [01/Apr/2025:13:36:11 -0400] "GET /wp-content/themes/bloghash/assets/js/bloghash.min.js?ver=1.0.20 HTTP/1.1" 304 0 "https://grimslut.com/2024/12/page/2/" "Mozilla/5.0 AppleWebKit/537.36 (KHTML, like Gecko; compatible; ClaudeBot/1.0; +claudebot@anthropic.com)"
3.14.145.69 - - [01/Apr/2025:13:36:14 -0400] "GET /wp-includes/js/wp-emoji-release.min.js?ver=6.7.2 HTTP/1.1" 304 0 "https://grimslut.com/2024/12/page/2/" "Mozilla/5.0 AppleWebKit/537.36 (KHTML, like Gecko; compatible; ClaudeBot/1.0; +claudebot@anthropic.com)"
43.166.238.12 - - [01/Apr/2025:13:37:53 -0400] "GET /category/others/ HTTP/1.1" 200 12198 "-" "Mozilla/5.0 (iPhone; CPU iPhone OS 13_2_3 like Mac OS X) AppleWebKit/605.1.15 (KHTML, like Gecko) Version/13.0.3 Mobile/15E148 Safari/604.1"
198.54.114.83 - - [01/Apr/2025:13:37:59 -0400] "POST /wp-cron.php?doing_wp_cron=1743529076.3044989109039306640625 HTTP/1.1" 200 0 "-" "WordPress/6.7.2; https://grimslut.com"
198.54.114.83 - - [01/Apr/2025:13:39:44 -0400] "POST /wp-cron.php?doing_wp_cron=1743529182.8020501136779785156250 HTTP/1.1" 200 0 "-" "WordPress/6.7.2; https://grimslut.com"
193.164.17.45 - - [01/Apr/2025:13:39:38 -0400] "POST /xmlrpc.php HTTP/1.1" 200 205 "-" "Mozilla/5.0 (X11; Fedora; Linux x86_64; rv:94.0) Gecko/20100101 Firefox/95.0"
162.0.217.136 - - [01/Apr/2025:13:41:50 -0400] "GET /xmlrpc.php HTTP/1.1" 405 46 "http://grimslut.com" "Mozilla/5.0 (Windows NT 10.0; Win64; x64; rv:125.0.1) Gecko/20100101 Firefox/125.0.1"
198.54.114.83 - - [01/Apr/2025:13:41:56 -0400] "POST /wp-cron.php?doing_wp_cron=1743529314.0550599098205566406250 HTTP/1.1" 200 0 "-" "WordPress/6.7.2; https://grimslut.com"
198.54.114.83 - - [01/Apr/2025:13:44:57 -0400] "POST /wp-cron.php?doing_wp_cron=1743529496.4284720420837402343750 HTTP/1.1" 200 0 "-" "WordPress/6.7.2; https://grimslut.com"
162.0.209.140 - - [01/Apr/2025:13:44:53 -0400] "POST /xmlrpc.php HTTP/1.1" 200 186 "https://grimslut.com" "Mozilla/5.0 (Windows NT 10.0; Win64; x64; rv:128.0) Gecko/20100101 Firefox/128.0"
43.167.245.18 - - [01/Apr/2025:13:45:20 -0400] "GET /category/pets/ HTTP/1.1" 200 12181 "-" "Mozilla/5.0 (iPhone; CPU iPhone OS 13_2_3 like Mac OS X) AppleWebKit/605.1.15 (KHTML, like Gecko) Version/13.0.3 Mobile/15E148 Safari/604.1"
103.153.76.252 - - [01/Apr/2025:13:45:54 -0400] "GET / HTTP/1.1" 200 0 "-" "python-requests/2.26.0"
47.76.209.138 - - [01/Apr/2025:13:46:38 -0400] "GET /robots.txt HTTP/1.1" 304 0 "-" "Mozilla/5.0 (Windows NT 6.2; Win64; x64) AppleWebKit/537.36 (KHTML, like Gecko) Chrome/68.0.2820.155 Safari/537.36"
198.54.114.83 - - [01/Apr/2025:13:46:42 -0400] "POST /wp-cron.php?doing_wp_cron=1743529601.6079440116882324218750 HTTP/1.1" 200 0 "-" "WordPress/6.7.2; https://grimslut.com"
173.236.208.250 - - [01/Apr/2025:13:46:40 -0400] "POST /xmlrpc.php HTTP/1.1" 200 205 "-" "Mozilla/5.0 (X11; Fedora; Linux x86_64; rv:94.0) Gecko/20100101 Firefox/95.0"
198.54.114.83 - - [01/Apr/2025:13:46:44 -0400] "POST /wp-admin/admin-ajax.php?action=async_litespeed&nonce=hd16S8nNsfRb19kvHpCNfIOSuBoqa8ce&litespeed_type=imgoptm HTTP/1.1" 200 0 "-" "WordPress/6.7.2; https://grimslut.com"
198.54.114.83 - - [01/Apr/2025:13:53:49 -0400] "POST /wp-cron.php?doing_wp_cron=1743530028.7049150466918945312500 HTTP/1.1" 200 0 "-" "WordPress/6.7.2; https://grimslut.com"
198.54.114.83 - - [01/Apr/2025:13:53:49 -0400] "POST /wp-admin/admin-ajax.php?action=async_litespeed&nonce=BoF33sY0QX3soj4TjoSYioY1F8mGDAZJ&litespeed_type=imgoptm HTTP/1.1" 200 5 "-" "WordPress/6.7.2; https://grimslut.com"
120.77.84.25 - - [01/Apr/2025:13:53:45 -0400] "POST /xmlrpc.php HTTP/1.1" 200 205 "-" "Mozilla/5.0 (X11; Fedora; Linux x86_64; rv:94.0) Gecko/20100101 Firefox/95.0"
43.153.7.191 - - [01/Apr/2025:13:59:57 -0400] "GET /virtual-telephone-answering-service/ HTTP/1.1" 200 15630 "-" "Mozilla/5.0 (iPhone; CPU iPhone OS 13_2_3 like Mac OS X) AppleWebKit/605.1.15 (KHTML, like Gecko) Version/13.0.3 Mobile/15E148 Safari/604.1"
198.54.114.83 - - [01/Apr/2025:14:00:04 -0400] "POST /wp-cron.php?doing_wp_cron=1743530400.8698101043701171875000 HTTP/1.1" 200 0 "-" "WordPress/6.7.2; https://grimslut.com"
198.54.114.83 - - [01/Apr/2025:14:01:42 -0400] "POST /wp-cron.php?doing_wp_cron=1743530502.3587470054626464843750 HTTP/1.1" 200 0 "-" "WordPress/6.7.2; https://grimslut.com"
103.120.176.171 - - [01/Apr/2025:14:01:39 -0400] "POST /xmlrpc.php HTTP/1.1" 200 205 "-" "Mozilla/5.0 (X11; Fedora; Linux x86_64; rv:94.0) Gecko/20100101 Firefox/95.0"
198.54.114.83 - - [01/Apr/2025:14:01:44 -0400] "POST /wp-admin/admin-ajax.php?action=async_litespeed&nonce=88T91KzOOj4mxUUB1blHZNbQ5LIyOETf&litespeed_type=imgoptm HTTP/1.1" 200 0 "-" "WordPress/6.7.2; https://grimslut.com"
198.54.114.83 - - [01/Apr/2025:14:08:24 -0400] "POST /wp-cron.php?doing_wp_cron=1743530903.2344219684600830078125 HTTP/1.1" 200 0 "-" "WordPress/6.7.2; https://grimslut.com"
68.178.145.83 - - [01/Apr/2025:14:08:19 -0400] "GET /xmlrpc.php HTTP/1.1" 405 46 "http://grimslut.com" "Mozilla/5.0 (Windows NT 10.0; Win64; x64) AppleWebKit/537.36 (KHTML, like Gecko) Chrome/113.0.5672.126 Safari/537.36 Edg/113.0.1774.50"
67.223.118.151 - - [01/Apr/2025:14:08:47 -0400] "POST /xmlrpc.php HTTP/1.1" 200 205 "-" "Mozilla/5.0 (X11; Gentoo; Linux x86_64; rv:91.0) Gecko/20100101 Firefox/91.0"
198.54.114.83 - - [01/Apr/2025:14:09:41 -0400] "POST /wp-cron.php?doing_wp_cron=1743530981.6348419189453125000000 HTTP/1.1" 200 0 "-" "WordPress/6.7.2; https://grimslut.com"
198.54.114.83 - - [01/Apr/2025:14:09:42 -0400] "POST /wp-admin/admin-ajax.php?action=async_litespeed&nonce=FLj8yD0UxfgKKZkj4GxQcEy0erRqToHa&litespeed_type=imgoptm HTTP/1.1" 200 5 "-" "WordPress/6.7.2; https://grimslut.com"
43.159.128.247 - - [01/Apr/2025:14:09:41 -0400] "GET /realtor-virtual-receptionist-revolutionizing-client-communication/ HTTP/1.1" 200 15575 "-" "Mozilla/5.0 (iPhone; CPU iPhone OS 13_2_3 like Mac OS X) AppleWebKit/605.1.15 (KHTML, like Gecko) Version/13.0.3 Mobile/15E148 Safari/604.1"
198.54.114.83 - - [01/Apr/2025:14:11:16 -0400] "POST /wp-cron.php?doing_wp_cron=1743531075.6520500183105468750000 HTTP/1.1" 200 0 "-" "WordPress/6.7.2; https://grimslut.com"
198.186.130.214 - - [01/Apr/2025:14:11:12 -0400] "POST /xmlrpc.php HTTP/1.1" 200 186 "https://grimslut.com" "Mozilla/5.0 (Windows NT 10.0; Win64; x64) AppleWebKit/537.36 (KHTML, like Gecko) Chrome/115.0.5790.171 Safari/537.36 Edg/115.0.1901.203"
198.54.114.83 - - [01/Apr/2025:14:11:16 -0400] "POST /wp-admin/admin-ajax.php?action=async_litespeed&nonce=V7RFWR3b6wbaOtBw7sda8wKCilThv4Vy&litespeed_type=imgoptm HTTP/1.1" 200 5 "-" "WordPress/6.7.2; https://grimslut.com"
2a06:6440:0:2c0a::1 - - [01/Apr/2025:14:17:38 -0400] "GET /wp-login.php HTTP/1.1" 200 1954 "-" "GRequests/0.10"
198.54.114.83 - - [01/Apr/2025:14:17:42 -0400] "POST /wp-cron.php?doing_wp_cron=1743531462.4672410488128662109375 HTTP/1.1" 200 0 "-" "WordPress/6.7.2; https://grimslut.com"
2a06:6440:0:2c0a::1 - - [01/Apr/2025:14:17:39 -0400] "POST /wp-login.php HTTP/1.1" 200 2086 "-" "GRequests/0.10"
198.54.114.83 - - [01/Apr/2025:14:17:43 -0400] "POST /wp-admin/admin-ajax.php?action=async_litespeed&nonce=bQAoPvfoiTd0Boa2HZUmHhiSY68ZvmIP&litespeed_type=imgoptm HTTP/1.1" 200 0 "-" "WordPress/6.7.2; https://grimslut.com"
49.51.253.83 - - [01/Apr/2025:14:17:57 -0400] "GET /category/automotive/ HTTP/1.1" 200 12183 "-" "Mozilla/5.0 (iPhone; CPU iPhone OS 13_2_3 like Mac OS X) AppleWebKit/605.1.15 (KHTML, like Gecko) Version/13.0.3 Mobile/15E148 Safari/604.1"
3.19.67.91 - - [01/Apr/2025:14:20:22 -0400] "GET /robots.txt HTTP/1.1" 304 0 "-" "Mozilla/5.0 AppleWebKit/537.36 (KHTML, like Gecko; compatible; ClaudeBot/1.0; +claudebot@anthropic.com)"
198.54.114.83 - - [01/Apr/2025:14:20:26 -0400] "POST /wp-cron.php?doing_wp_cron=1743531626.0250020027160644531250 HTTP/1.1" 200 0 "-" "WordPress/6.7.2; https://grimslut.com"
3.19.67.91 - - [01/Apr/2025:14:20:23 -0400] "GET /?p=581 HTTP/1.1" 301 0 "-" "Mozilla/5.0 AppleWebKit/537.36 (KHTML, like Gecko; compatible; ClaudeBot/1.0; +claudebot@anthropic.com)"
198.54.114.83 - - [01/Apr/2025:14:20:27 -0400] "POST /wp-admin/admin-ajax.php?action=async_litespeed&nonce=rjvJESEZsvkBDEzxMUmOEbe6uTFTCIwW&litespeed_type=imgoptm HTTP/1.1" 200 0 "-" "WordPress/6.7.2; https://grimslut.com"
3.19.67.91 - - [01/Apr/2025:14:20:27 -0400] "GET /the-instant-hot-and-cold-water-tap/ HTTP/1.1" 200 15428 "-" "Mozilla/5.0 AppleWebKit/537.36 (KHTML, like Gecko; compatible; ClaudeBot/1.0; +claudebot@anthropic.com)"
3.19.67.91 - - [01/Apr/2025:14:20:30 -0400] "GET /wp-includes/js/comment-reply.min.js?ver=6.7.2 HTTP/1.1" 200 1247 "https://grimslut.com/the-instant-hot-and-cold-water-tap/" "Mozilla/5.0 AppleWebKit/537.36 (KHTML, like Gecko; compatible; ClaudeBot/1.0; +claudebot@anthropic.com)"
220.151.9.22 - - [01/Apr/2025:14:21:02 -0400] "GET / HTTP/1.1" 200 20855 "-" "curl/7.29.0"
198.54.114.83 - - [01/Apr/2025:14:23:27 -0400] "POST /wp-cron.php?doing_wp_cron=1743531806.8276960849761962890625 HTTP/1.1" 200 0 "-" "WordPress/6.7.2; https://grimslut.com"
62.169.20.37 - - [01/Apr/2025:14:23:23 -0400] "POST /xmlrpc.php HTTP/1.1" 200 205 "-" "Mozilla/5.0 (X11; Fedora; Linux x86_64; rv:94.0) Gecko/20100101 Firefox/95.0"
198.54.114.83 - - [01/Apr/2025:14:23:28 -0400] "POST /wp-admin/admin-ajax.php?action=async_litespeed&nonce=BIcBhoN9HrFcBJoMsoMgdv4XcYTfGXW6&litespeed_type=imgoptm HTTP/1.1" 200 0 "-" "WordPress/6.7.2; https://grimslut.com"
43.157.207.78 - - [01/Apr/2025:14:27:57 -0400] "GET /category/gaming/ HTTP/1.1" 200 12189 "-" "Mozilla/5.0 (iPhone; CPU iPhone OS 13_2_3 like Mac OS X) AppleWebKit/605.1.15 (KHTML, like Gecko) Version/13.0.3 Mobile/15E148 Safari/604.1"
198.54.114.83 - - [01/Apr/2025:14:30:16 -0400] "POST /wp-cron.php?doing_wp_cron=1743532215.0876319408416748046875 HTTP/1.1" 200 0 "-" "WordPress/6.7.2; https://grimslut.com"
175.178.54.250 - - [01/Apr/2025:14:30:11 -0400] "POST /xmlrpc.php HTTP/1.1" 200 205 "-" "Mozilla/5.0 (X11; Gentoo; Linux x86_64; rv:91.0) Gecko/20100101 Firefox/91.0"
198.54.114.83 - - [01/Apr/2025:14:34:08 -0400] "POST /wp-cron.php?doing_wp_cron=1743532448.1332778930664062500000 HTTP/1.1" 200 0 "-" "WordPress/6.7.2; https://grimslut.com"
198.54.114.37 - - [01/Apr/2025:14:34:04 -0400] "GET /xmlrpc.php HTTP/1.1" 405 46 "http://grimslut.com" "Mozilla/5.0 (Macintosh; Intel Mac OS X 14_6) AppleWebKit/605.1.15 (KHTML, like Gecko) Version/17.5 Safari/605.1.15"
198.54.114.83 - - [01/Apr/2025:14:34:09 -0400] "POST /wp-admin/admin-ajax.php?action=async_litespeed&nonce=tMKk3qwmLc99uLaKiJU6r4M4WBXGfFcF&litespeed_type=imgoptm HTTP/1.1" 200 0 "-" "WordPress/6.7.2; https://grimslut.com"
198.54.114.83 - - [01/Apr/2025:14:37:06 -0400] "POST /wp-cron.php?doing_wp_cron=1743532624.8376901149749755859375 HTTP/1.1" 200 0 "-" "WordPress/6.7.2; https://grimslut.com"
38.57.3.35 - - [01/Apr/2025:14:37:01 -0400] "POST /xmlrpc.php HTTP/1.1" 200 186 "https://grimslut.com" "Mozilla/5.0 (Macintosh; Intel Mac OS X 10_15_7) AppleWebKit/537.36 (KHTML, like Gecko) Chrome/116.0.5845.96 Safari/537.36"
185.218.125.245 - - [01/Apr/2025:14:37:11 -0400] "POST /xmlrpc.php HTTP/1.1" 200 205 "-" "Mozilla/5.0 (X11; Fedora; Linux x86_64; rv:94.0) Gecko/20100101 Firefox/95.0"
101.33.55.204 - - [01/Apr/2025:14:38:01 -0400] "GET /category/others/ HTTP/1.1" 200 12198 "-" "Mozilla/5.0 (iPhone; CPU iPhone OS 13_2_3 like Mac OS X) AppleWebKit/605.1.15 (KHTML, like Gecko) Version/13.0.3 Mobile/15E148 Safari/604.1"
198.54.114.83 - - [01/Apr/2025:14:49:43 -0400] "POST /wp-cron.php?doing_wp_cron=1743533383.5570080280303955078125 HTTP/1.1" 200 0 "-" "WordPress/6.7.2; https://grimslut.com"
49.51.183.220 - - [01/Apr/2025:14:49:40 -0400] "GET /category/digital-marketing/ HTTP/1.1" 200 12187 "-" "Mozilla/5.0 (iPhone; CPU iPhone OS 13_2_3 like Mac OS X) AppleWebKit/605.1.15 (KHTML, like Gecko) Version/13.0.3 Mobile/15E148 Safari/604.1"
198.54.114.83 - - [01/Apr/2025:14:49:44 -0400] "POST /wp-admin/admin-ajax.php?action=async_litespeed&nonce=8LPGBSqcSdIrNgQ1Ey7WbkPjCSjotwlZ&litespeed_type=imgoptm HTTP/1.1" 200 5 "-" "WordPress/6.7.2; https://grimslut.com"
198.54.114.83 - - [01/Apr/2025:14:52:00 -0400] "POST /wp-cron.php?doing_wp_cron=1743533520.2333579063415527343750 HTTP/1.1" 200 0 "-" "WordPress/6.7.2; https://grimslut.com"
103.142.24.118 - - [01/Apr/2025:14:51:55 -0400] "POST /xmlrpc.php HTTP/1.1" 200 205 "-" "Mozilla/5.0 (X11; Fedora; Linux x86_64; rv:94.0) Gecko/20100101 Firefox/95.0"
198.54.114.83 - - [01/Apr/2025:14:52:02 -0400] "POST /wp-admin/admin-ajax.php?action=async_litespeed&nonce=sE1a0ZrkFrKjuJzeDykJNxWy7IHjcrCC&litespeed_type=imgoptm HTTP/1.1" 200 0 "-" "WordPress/6.7.2; https://grimslut.com"
43.157.172.39 - - [01/Apr/2025:14:55:19 -0400] "GET /category/arts-entertainments/ HTTP/1.1" 200 14765 "-" "Mozilla/5.0 (iPhone; CPU iPhone OS 13_2_3 like Mac OS X) AppleWebKit/605.1.15 (KHTML, like Gecko) Version/13.0.3 Mobile/15E148 Safari/604.1"
198.54.114.83 - - [01/Apr/2025:14:59:08 -0400] "POST /wp-cron.php?doing_wp_cron=1743533948.4831910133361816406250 HTTP/1.1" 200 0 "-" "WordPress/6.7.2; https://grimslut.com"
199.188.207.168 - - [01/Apr/2025:14:59:05 -0400] "GET /xmlrpc.php HTTP/1.1" 405 46 "http://grimslut.com" "Mozilla/5.0 (Windows NT 10.0; Win64; x64) AppleWebKit/537.36 (KHTML, like Gecko) Chrome/126.0.0.0 Safari/537.36"
198.54.114.83 - - [01/Apr/2025:14:59:09 -0400] "POST /wp-admin/admin-ajax.php?action=async_litespeed&nonce=KrP6nhWGXMnai9khgvffBMGUkEL4hMPD&litespeed_type=imgoptm HTTP/1.1" 200 5 "-" "WordPress/6.7.2; https://grimslut.com"
198.54.114.83 - - [01/Apr/2025:15:02:06 -0400] "POST /wp-cron.php?doing_wp_cron=1743534126.0793840885162353515625 HTTP/1.1" 200 0 "-" "WordPress/6.7.2; https://grimslut.com"
198.54.114.99 - - [01/Apr/2025:15:02:03 -0400] "POST /xmlrpc.php HTTP/1.1" 200 186 "https://grimslut.com" "Mozilla/5.0 (Macintosh; Intel Mac OS X 10_15_7) AppleWebKit/537.36 (KHTML, like Gecko) Chrome/113.0.5672.93 Safari/537.36"
198.54.114.83 - - [01/Apr/2025:15:02:07 -0400] "POST /wp-admin/admin-ajax.php?action=async_litespeed&nonce=icNxRhFzEaszjhKw0rLPCOdzVb3c73bf&litespeed_type=imgoptm HTTP/1.1" 200 0 "-" "WordPress/6.7.2; https://grimslut.com"
2001:41d0:701:1100::6234 - - [01/Apr/2025:15:05:42 -0400] "GET /wp-login.php HTTP/1.1" 200 1954 "-" "GRequests/0.10"
198.54.114.83 - - [01/Apr/2025:15:05:51 -0400] "POST /wp-cron.php?doing_wp_cron=1743534351.0289890766143798828125 HTTP/1.1" 200 0 "-" "WordPress/6.7.2; https://grimslut.com"
2001:41d0:701:1100::6234 - - [01/Apr/2025:15:05:44 -0400] "POST /wp-login.php HTTP/1.1" 200 2086 "-" "GRequests/0.10"
198.54.114.83 - - [01/Apr/2025:15:05:52 -0400] "POST /wp-admin/admin-ajax.php?action=async_litespeed&nonce=BzbKHqbB4a4vVnkrcb7jIs4qREfpFx0R&litespeed_type=imgoptm HTTP/1.1" 200 0 "-" "WordPress/6.7.2; https://grimslut.com"
198.54.114.83 - - [01/Apr/2025:15:12:05 -0400] "POST /wp-cron.php?doing_wp_cron=1743534724.8944699764251708984375 HTTP/1.1" 200 0 "-" "WordPress/6.7.2; https://grimslut.com"
170.106.11.6 - - [01/Apr/2025:15:11:59 -0400] "GET /category/general/ HTTP/1.1" 200 12179 "-" "Mozilla/5.0 (iPhone; CPU iPhone OS 13_2_3 like Mac OS X) AppleWebKit/605.1.15 (KHTML, like Gecko) Version/13.0.3 Mobile/15E148 Safari/604.1"
198.54.114.83 - - [01/Apr/2025:15:12:06 -0400] "POST /wp-admin/admin-ajax.php?action=async_litespeed&nonce=NqV0cNsL14HvwykzKTtMpSF9TA891hW4&litespeed_type=imgoptm HTTP/1.1" 200 0 "-" "WordPress/6.7.2; https://grimslut.com"
198.54.114.83 - - [01/Apr/2025:15:16:26 -0400] "POST /wp-cron.php?doing_wp_cron=1743534985.7521409988403320312500 HTTP/1.1" 200 0 "-" "WordPress/6.7.2; https://grimslut.com"
43.130.57.46 - - [01/Apr/2025:15:16:22 -0400] "GET /category/education/ HTTP/1.1" 200 12209 "-" "Mozilla/5.0 (iPhone; CPU iPhone OS 13_2_3 like Mac OS X) AppleWebKit/605.1.15 (KHTML, like Gecko) Version/13.0.3 Mobile/15E148 Safari/604.1"
198.54.114.83 - - [01/Apr/2025:15:16:27 -0400] "POST /wp-admin/admin-ajax.php?action=async_litespeed&nonce=g96NXX4tHr3XNntOxLzNnjkZdETenmo2&litespeed_type=imgoptm HTTP/1.1" 200 0 "-" "WordPress/6.7.2; https://grimslut.com"
198.54.114.83 - - [01/Apr/2025:15:24:02 -0400] "POST /wp-cron.php?doing_wp_cron=1743535441.9209990501403808593750 HTTP/1.1" 200 0 "-" "WordPress/6.7.2; https://grimslut.com"
173.212.223.204 - - [01/Apr/2025:15:23:58 -0400] "GET /xmlrpc.php HTTP/1.1" 405 46 "http://grimslut.com" "Mozilla/5.0 (Macintosh; Intel Mac OS X 10_15_7; rv:125.0.1) Gecko/20100101 Firefox/125.0.1"
