13.82.231.247 - - [15/Apr/2025:09:38:44 -0400] "GET /wp-content/plugins/js_composer/include/params/options/ HTTP/1.1" 404 7269 "-" "-"
198.54.114.83 - - [15/Apr/2025:09:38:47 -0400] "POST /wp-cron.php?doing_wp_cron=1744724324.7610380649566650390625 HTTP/1.1" 200 0 "-" "WordPress/6.7.2; https://higglehub.com"
13.82.231.247 - - [15/Apr/2025:09:38:52 -0400] "GET /wp-content/plugins/woocommerce/packages/ HTTP/1.1" 404 7270 "-" "-"
13.82.231.247 - - [15/Apr/2025:09:38:57 -0400] "GET /backup/wp-content/themes/ HTTP/1.1" 404 7270 "-" "-"
13.82.231.247 - - [15/Apr/2025:09:39:02 -0400] "GET /images/headers/ HTTP/1.1" 404 7270 "-" "-"
13.82.231.247 - - [15/Apr/2025:09:39:09 -0400] "GET /wp-content/themes/twentytwentythree/parts/ HTTP/1.1" 404 7270 "-" "-"
13.82.231.247 - - [15/Apr/2025:09:39:15 -0400] "GET /wp-content/uploads/ HTTP/1.1" 403 1242 "-" "-"
13.82.231.247 - - [15/Apr/2025:09:39:21 -0400] "GET /wp-includes/css/dist/block-library/action/ HTTP/1.1" 404 7270 "-" "-"
13.82.231.247 - - [15/Apr/2025:09:39:27 -0400] "GET /wp-includes/SimplePie/Content/ HTTP/1.1" 404 7270 "-" "-"
13.82.231.247 - - [15/Apr/2025:09:39:31 -0400] "GET /wp-includes/js/imgareaselect/ HTTP/1.1" 403 1242 "-" "-"
13.82.231.247 - - [15/Apr/2025:09:39:36 -0400] "GET /wp-content/plugins/not/includes/ HTTP/1.1" 404 7270 "-" "-"
13.82.231.247 - - [15/Apr/2025:09:39:42 -0400] "GET /wp-admin/plugins/ HTTP/1.1" 404 7269 "-" "-"
13.82.231.247 - - [15/Apr/2025:09:39:48 -0400] "GET /about/ HTTP/1.1" 404 7270 "-" "-"
198.54.114.83 - - [15/Apr/2025:09:39:51 -0400] "POST /wp-cron.php?doing_wp_cron=1744724389.0512380599975585937500 HTTP/1.1" 200 0 "-" "WordPress/6.7.2; https://higglehub.com"
13.82.231.247 - - [15/Apr/2025:09:39:54 -0400] "GET /wp-includes/js/tinymce/plugins/hr/ HTTP/1.1" 403 1242 "-" "-"
13.82.231.247 - - [15/Apr/2025:09:39:59 -0400] "GET /wordpress/wp-includes/sodium_compat/src/Core32/ HTTP/1.1" 404 7269 "-" "-"
13.82.231.247 - - [15/Apr/2025:09:40:08 -0400] "GET /wp-content/td/ HTTP/1.1" 404 7269 "-" "-"
13.82.231.247 - - [15/Apr/2025:09:40:14 -0400] "GET /about/b/home/iune/www/about/ HTTP/1.1" 404 7269 "-" "-"
13.82.231.247 - - [15/Apr/2025:09:40:20 -0400] "GET /wp-includes/js/tinymce/skins/lightgray/ HTTP/1.1" 403 1242 "-" "-"
13.82.231.247 - - [15/Apr/2025:09:40:25 -0400] "GET /wp-content/plugins/revslider/admin/assets/images/navigationeditor/ HTTP/1.1" 404 7269 "-" "-"
13.82.231.247 - - [15/Apr/2025:09:40:30 -0400] "GET /classwithtostrin.php/rbzccnn.php/ HTTP/1.1" 404 7269 "-" "-"
13.82.231.247 - - [15/Apr/2025:09:40:36 -0400] "GET /wp-content/upgrade-temp-backup/ HTTP/1.1" 404 7269 "-" "-"
13.82.231.247 - - [15/Apr/2025:09:40:44 -0400] "GET /wp-content/plugins/wpforms-lite/templates/admin/empty-states/payments/ HTTP/1.1" 404 7269 "-" "-"
13.82.231.247 - - [15/Apr/2025:09:40:52 -0400] "GET /wp-includes/js/tinymce/plugins/ HTTP/1.1" 403 1242 "-" "-"
13.82.231.247 - - [15/Apr/2025:09:40:58 -0400] "GET /wp-includes/ HTTP/1.1" 403 1242 "-" "-"
13.82.231.247 - - [15/Apr/2025:09:41:04 -0400] "GET /wp-includes/blocks/comment-template/ HTTP/1.1" 403 1242 "-" "-"
13.82.231.247 - - [15/Apr/2025:09:41:09 -0400] "GET /wp-includes/css/dist/ HTTP/1.1" 403 1242 "-" "-"
13.82.231.247 - - [15/Apr/2025:09:41:15 -0400] "GET /wp-content/themes/twentytwentytwo/styles/ HTTP/1.1" 404 7269 "-" "-"
198.54.114.83 - - [15/Apr/2025:09:41:18 -0400] "POST /wp-cron.php?doing_wp_cron=1744724475.7463960647583007812500 HTTP/1.1" 200 0 "-" "WordPress/6.7.2; https://higglehub.com"
13.82.231.247 - - [15/Apr/2025:09:41:23 -0400] "GET /wp-content/plugins/ioxi/ioxi/ HTTP/1.1" 404 7269 "-" "-"
13.82.231.247 - - [15/Apr/2025:09:41:29 -0400] "GET /wp-includes/images/media/ HTTP/1.1" 403 1242 "-" "-"
13.82.231.247 - - [15/Apr/2025:09:41:32 -0400] "GET /wp-content/themes/listdo/inc/ HTTP/1.1" 404 7269 "-" "-"
13.82.231.247 - - [15/Apr/2025:09:41:35 -0400] "GET /.well-known/acme-challenge/ HTTP/1.1" 404 7269 "-" "-"
13.82.231.247 - - [15/Apr/2025:09:41:39 -0400] "GET /wp-includes/rest-api/endpoints/ HTTP/1.1" 403 1242 "-" "-"
13.82.231.247 - - [15/Apr/2025:09:41:43 -0400] "GET /wp-includes/Requests/library/ HTTP/1.1" 403 1242 "-" "-"
13.82.231.247 - - [15/Apr/2025:09:41:48 -0400] "GET /http:/gracecommunications.church/ HTTP/1.1" 404 7269 "-" "-"
13.82.231.247 - - [15/Apr/2025:09:41:54 -0400] "GET /wp-includes/IXR/ HTTP/1.1" 403 1242 "-" "-"
13.82.231.247 - - [15/Apr/2025:09:41:58 -0400] "GET /wp-includes/style-engine/ HTTP/1.1" 403 1242 "-" "-"
13.82.231.247 - - [15/Apr/2025:09:42:03 -0400] "GET /wp-content/plugins/wp-rocket/inc/admin/ui/ HTTP/1.1" 404 7269 "-" "-"
13.82.231.247 - - [15/Apr/2025:09:42:10 -0400] "GET /wp-admin/css/colors/blue/ HTTP/1.1" 403 1242 "-" "-"
13.82.231.247 - - [15/Apr/2025:09:42:14 -0400] "GET /wp-includes/blocks/calendar/ HTTP/1.1" 403 1242 "-" "-"
13.82.231.247 - - [15/Apr/2025:09:42:18 -0400] "GET /wp-includes/ID3/ HTTP/1.1" 403 1242 "-" "-"
13.82.231.247 - - [15/Apr/2025:09:42:21 -0400] "GET /wp-includes/js/tinymce/ HTTP/1.1" 403 1242 "-" "-"
13.82.231.247 - - [15/Apr/2025:09:42:24 -0400] "GET /wp-admin/user/ HTTP/1.1" 302 0 "-" "-"
198.54.114.83 - - [15/Apr/2025:09:42:26 -0400] "POST /wp-cron.php?doing_wp_cron=1744724544.9366950988769531250000 HTTP/1.1" 200 0 "-" "WordPress/6.7.2; https://higglehub.com"
13.82.231.247 - - [15/Apr/2025:09:42:27 -0400] "GET /wp-login.php?redirect_to=https%3A%2F%2Fhigglehub.com%2Fwp-admin%2Fuser%2F&reauth=1 HTTP/1.1" 200 1775 "-" "-"
13.82.231.247 - - [15/Apr/2025:09:42:32 -0400] "GET /wp-content/x/ HTTP/1.1" 404 7270 "-" "-"
13.82.231.247 - - [15/Apr/2025:09:42:36 -0400] "GET /wp-includes/blocks/block/ HTTP/1.1" 403 1242 "-" "-"
13.82.231.247 - - [15/Apr/2025:09:42:39 -0400] "GET /wp-admin/js/ HTTP/1.1" 403 1242 "-" "-"
191.96.227.69 - - [15/Apr/2025:09:42:41 -0400] "GET /.env HTTP/1.1" 403 1242 "-" "Mozilla/5.0 (Macintosh; Intel Mac OS X 10.15; rv:77.0) Gecko/20100101 Firefox/77.0"
13.82.231.247 - - [15/Apr/2025:09:42:41 -0400] "GET /wp-admin/sr/ HTTP/1.1" 404 7270 "-" "-"
13.82.231.247 - - [15/Apr/2025:09:42:44 -0400] "GET /wp-includes/Text/Diff/Engine/require/ HTTP/1.1" 404 7269 "-" "-"
13.82.231.247 - - [15/Apr/2025:09:42:49 -0400] "GET /.well-known/pki-validation/wp-admin/ HTTP/1.1" 404 1251 "-" "-"
13.82.231.247 - - [15/Apr/2025:09:42:54 -0400] "GET /index/sr HTTP/1.1" 404 7269 "-" "-"
13.82.231.247 - - [15/Apr/2025:09:42:57 -0400] "GET /wp-content/updraft/ HTTP/1.1" 404 7269 "-" "-"
13.82.231.247 - - [15/Apr/2025:09:43:03 -0400] "GET /wp-content/plugins/Duplicatepost/src/ui/ HTTP/1.1" 404 7269 "-" "-"
13.82.231.247 - - [15/Apr/2025:09:43:10 -0400] "GET /wp-includes/css/dist/list-reusable-blocks/ HTTP/1.1" 403 1242 "-" "-"
13.82.231.247 - - [15/Apr/2025:09:43:18 -0400] "GET /wp-content/uploads/wp-content/uploads/ HTTP/1.1" 404 7269 "-" "-"
13.82.231.247 - - [15/Apr/2025:09:43:26 -0400] "GET /wp-includes/Text/Diff/Engine/Engine/ HTTP/1.1" 404 7269 "-" "-"
198.54.114.83 - - [15/Apr/2025:09:43:30 -0400] "POST /wp-cron.php?doing_wp_cron=1744724606.7777140140533447265625 HTTP/1.1" 200 0 "-" "WordPress/6.7.2; https://higglehub.com"
13.82.231.247 - - [15/Apr/2025:09:43:35 -0400] "GET /wp-content/plugins/smartmag-core/ HTTP/1.1" 404 7269 "-" "-"
13.82.231.247 - - [15/Apr/2025:09:43:43 -0400] "GET /wp-admin/css/colors/ectoplasm/ HTTP/1.1" 403 1242 "-" "-"
13.82.231.247 - - [15/Apr/2025:09:43:48 -0400] "GET /wp-includes/customize/ HTTP/1.1" 403 1242 "-" "-"
13.82.231.247 - - [15/Apr/2025:09:43:53 -0400] "GET /wp-content/plugins/jetpack/_inc/build/shortcodes/js/ HTTP/1.1" 404 7269 "-" "-"
13.82.231.247 - - [15/Apr/2025:09:44:00 -0400] "GET /wp-includes/Text/Diff/ HTTP/1.1" 403 1242 "-" "-"
13.82.231.247 - - [15/Apr/2025:09:44:05 -0400] "GET /wp-content/uploads/2022/07/ HTTP/1.1" 404 7269 "-" "-"
13.82.231.247 - - [15/Apr/2025:09:44:12 -0400] "GET /wp-admin/includes/ HTTP/1.1" 403 1242 "-" "-"
13.82.231.247 - - [15/Apr/2025:09:44:17 -0400] "GET /wp-includes/css/dist/components/ HTTP/1.1" 403 1242 "-" "-"
13.82.231.247 - - [15/Apr/2025:09:44:21 -0400] "GET /wp-includes/js/tinymce/plugins/wpview/wp/ HTTP/1.1" 404 7270 "-" "-"
13.82.231.247 - - [15/Apr/2025:09:44:27 -0400] "GET /assets/ HTTP/1.1" 404 7269 "-" "-"
198.54.114.83 - - [15/Apr/2025:09:44:30 -0400] "POST /wp-cron.php?doing_wp_cron=1744724668.1182019710540771484375 HTTP/1.1" 200 0 "-" "WordPress/6.7.2; https://higglehub.com"
13.82.231.247 - - [15/Apr/2025:09:44:32 -0400] "GET /wp-content/fonts/ HTTP/1.1" 404 7269 "-" "-"
13.82.231.247 - - [15/Apr/2025:09:44:36 -0400] "GET /wp-includes/js/tinymce/skins/ HTTP/1.1" 403 1242 "-" "-"
5.56.58.148 - - [15/Apr/2025:09:44:40 -0400] "POST /xmlrpc.php HTTP/1.1" 200 186 "-" "Mozilla/5.0 (Windows NT 10.0; Win64; x64; rv:98.0) Gecko/20100101 Firefox/98.0"
13.82.231.247 - - [15/Apr/2025:09:44:41 -0400] "GET /wp-content/languages/ HTTP/1.1" 404 7269 "-" "-"
13.82.231.247 - - [15/Apr/2025:09:44:44 -0400] "GET /wp-includes/blocks/group/ HTTP/1.1" 403 1242 "-" "-"
13.82.231.247 - - [15/Apr/2025:09:44:47 -0400] "GET /wp-includes/Requests/Proxy/ HTTP/1.1" 404 7269 "-" "-"
13.82.231.247 - - [15/Apr/2025:09:44:51 -0400] "GET /wp-includes/SimplePie/Cache/ HTTP/1.1" 404 7269 "-" "-"
13.82.231.247 - - [15/Apr/2025:09:44:56 -0400] "GET /sec/core/tests/Drupal/FunctionalTests/Hal/ HTTP/1.1" 404 7269 "-" "-"
13.82.231.247 - - [15/Apr/2025:09:45:00 -0400] "GET /.well-known/ HTTP/1.1" 403 1242 "-" "-"
13.82.231.247 - - [15/Apr/2025:09:45:06 -0400] "GET /wp-admin/js/widgets/ HTTP/1.1" 403 1242 "-" "-"
13.82.231.247 - - [15/Apr/2025:09:45:12 -0400] "GET /wp-content/plugins/jet-engine/includes/components/glossaries/assets/css/admin/ HTTP/1.1" 404 7269 "-" "-"
13.82.231.247 - - [15/Apr/2025:09:45:18 -0400] "GET /wp-content/plugins/all-in-one-seo-pack/vendor_prefixed/psr/log/Psr/ HTTP/1.1" 404 7269 "-" "-"
13.82.231.247 - - [15/Apr/2025:09:45:24 -0400] "GET /wp-includes/Text/ HTTP/1.1" 403 1242 "-" "-"
13.82.231.247 - - [15/Apr/2025:09:45:28 -0400] "GET /wp-admin/maint/ HTTP/1.1" 403 1242 "-" "-"
13.82.231.247 - - [15/Apr/2025:09:45:32 -0400] "GET /wp-content/plugins/elementor/core/admin/ui/components/ HTTP/1.1" 404 7269 "-" "-"
198.54.114.83 - - [15/Apr/2025:09:45:34 -0400] "POST /wp-cron.php?doing_wp_cron=1744724732.9783699512481689453125 HTTP/1.1" 200 0 "-" "WordPress/6.7.2; https://higglehub.com"
20.185.180.62 - - [15/Apr/2025:09:45:38 -0400] "POST /xmlrpc.php HTTP/1.1" 200 186 "-" "Mozilla/5.0 (Windows NT 10.0; Win64; x64; rv:53.0) Gecko/20100101 Firefox/53.0"
13.82.231.247 - - [15/Apr/2025:09:45:39 -0400] "GET /wp-content/uploads/2023/05/ HTTP/1.1" 404 7269 "-" "-"
13.82.231.247 - - [15/Apr/2025:09:45:44 -0400] "GET /wp-content/languages/themes/ HTTP/1.1" 404 7269 "-" "-"
13.82.231.247 - - [15/Apr/2025:09:45:49 -0400] "GET /.well-known HTTP/1.1" 301 795 "-" "-"
13.82.231.247 - - [15/Apr/2025:09:45:51 -0400] "GET /.well-known/ HTTP/1.1" 403 1242 "-" "-"
13.82.231.247 - - [15/Apr/2025:09:45:55 -0400] "GET /.well-known/autoload_classmap.php HTTP/1.1" 404 7269 "-" "-"
13.82.231.247 - - [15/Apr/2025:09:46:01 -0400] "GET /.well-known/config HTTP/1.1" 404 7269 "-" "-"
13.82.231.247 - - [15/Apr/2025:09:46:06 -0400] "GET /.well-known/pki-validation/file.php HTTP/1.1" 404 1251 "-" "-"
13.82.231.247 - - [15/Apr/2025:09:46:11 -0400] "GET /.well-known/pki-validation/top.php HTTP/1.1" 404 1251 "-" "-"
13.82.231.247 - - [15/Apr/2025:09:46:15 -0400] "GET /12.php HTTP/1.1" 404 7269 "-" "-"
13.82.231.247 - - [15/Apr/2025:09:46:19 -0400] "GET /NewFile.php HTTP/1.1" 404 7269 "-" "-"
13.82.231.247 - - [15/Apr/2025:09:46:23 -0400] "GET /Public/ HTTP/1.1" 404 7269 "-" "-"
13.82.231.247 - - [15/Apr/2025:09:46:27 -0400] "GET /a.php HTTP/1.1" 404 7269 "-" "-"
13.82.231.247 - - [15/Apr/2025:09:46:31 -0400] "GET /about/function.php HTTP/1.1" 404 7269 "-" "-"
198.54.114.83 - - [15/Apr/2025:09:46:36 -0400] "POST /wp-cron.php?doing_wp_cron=1744724795.5711350440979003906250 HTTP/1.1" 200 0 "-" "WordPress/6.7.2; https://higglehub.com"
13.82.231.247 - - [15/Apr/2025:09:46:35 -0400] "GET /admin.php HTTP/1.1" 404 7269 "-" "-"
13.82.231.247 - - [15/Apr/2025:09:46:40 -0400] "GET /admin/editor/ HTTP/1.1" 404 7269 "-" "-"
13.82.231.247 - - [15/Apr/2025:09:46:44 -0400] "GET /api.php HTTP/1.1" 404 7269 "-" "-"
13.82.231.247 - - [15/Apr/2025:09:46:47 -0400] "GET /app/wp-content/plugins/fix/ HTTP/1.1" 404 7269 "-" "-"
13.82.231.247 - - [15/Apr/2025:09:46:52 -0400] "GET /backup/ HTTP/1.1" 404 7269 "-" "-"
13.82.231.247 - - [15/Apr/2025:09:46:56 -0400] "GET /bak.php HTTP/1.1" 404 7269 "-" "-"
13.82.231.247 - - [15/Apr/2025:09:47:00 -0400] "GET /blog.php HTTP/1.1" 404 7269 "-" "-"
13.82.231.247 - - [15/Apr/2025:09:47:03 -0400] "GET /blog/blog.php HTTP/1.1" 404 7269 "-" "-"
13.82.231.247 - - [15/Apr/2025:09:47:06 -0400] "GET /c.php HTTP/1.1" 404 7269 "-" "-"
13.82.231.247 - - [15/Apr/2025:09:47:09 -0400] "GET /c99.php HTTP/1.1" 404 7269 "-" "-"
13.82.231.247 - - [15/Apr/2025:09:47:12 -0400] "GET /classsmtps.php HTTP/1.1" 404 7269 "-" "-"
13.82.231.247 - - [15/Apr/2025:09:47:16 -0400] "GET /classwithtostring.php HTTP/1.1" 404 7269 "-" "-"
13.82.231.247 - - [15/Apr/2025:09:47:20 -0400] "GET /comfunctions.php HTTP/1.1" 404 7269 "-" "-"
13.82.231.247 - - [15/Apr/2025:09:47:25 -0400] "GET /contact.php HTTP/1.1" 404 7269 "-" "-"
13.82.231.247 - - [15/Apr/2025:09:47:29 -0400] "GET /content.php HTTP/1.1" 404 7269 "-" "-"
13.82.231.247 - - [15/Apr/2025:09:47:34 -0400] "GET /credits.php HTTP/1.1" 404 7269 "-" "-"
13.82.231.247 - - [15/Apr/2025:09:47:38 -0400] "GET /css/colors/coffee/ HTTP/1.1" 404 7269 "-" "-"
198.54.114.83 - - [15/Apr/2025:09:47:41 -0400] "POST /wp-cron.php?doing_wp_cron=1744724859.1758871078491210937500 HTTP/1.1" 200 0 "-" "WordPress/6.7.2; https://higglehub.com"
13.82.231.247 - - [15/Apr/2025:09:47:44 -0400] "GET /css/index.php HTTP/1.1" 301 0 "-" "-"
13.82.231.247 - - [15/Apr/2025:09:47:47 -0400] "GET /css/ HTTP/1.1" 404 7269 "-" "-"
13.82.231.247 - - [15/Apr/2025:09:47:51 -0400] "GET /default.php HTTP/1.1" 404 7269 "-" "-"
13.82.231.247 - - [15/Apr/2025:09:47:55 -0400] "GET /dropdown.php HTTP/1.1" 404 7269 "-" "-"
13.82.231.247 - - [15/Apr/2025:09:47:57 -0400] "GET /error.php HTTP/1.1" 404 7269 "-" "-"
13.82.231.247 - - [15/Apr/2025:09:48:00 -0400] "GET /f.php HTTP/1.1" 404 7269 "-" "-"
13.82.231.247 - - [15/Apr/2025:09:48:03 -0400] "GET /favicon.php HTTP/1.1" 404 7269 "-" "-"
13.82.231.247 - - [15/Apr/2025:09:48:07 -0400] "GET /footer.php HTTP/1.1" 404 7269 "-" "-"
13.82.231.247 - - [15/Apr/2025:09:48:10 -0400] "GET /function.php HTTP/1.1" 404 7269 "-" "-"
13.82.231.247 - - [15/Apr/2025:09:48:14 -0400] "GET /gel4y.php HTTP/1.1" 404 7269 "-" "-"
13.82.231.247 - - [15/Apr/2025:09:48:18 -0400] "GET /goods.php HTTP/1.1" 404 7270 "-" "-"
13.82.231.247 - - [15/Apr/2025:09:48:22 -0400] "GET /header.php HTTP/1.1" 404 7269 "-" "-"
13.82.231.247 - - [15/Apr/2025:09:48:27 -0400] "GET /hehe.php HTTP/1.1" 404 7270 "-" "-"
13.82.231.247 - - [15/Apr/2025:09:48:34 -0400] "GET /home.php HTTP/1.1" 404 7269 "-" "-"
13.82.231.247 - - [15/Apr/2025:09:48:43 -0400] "GET /index.php HTTP/1.1" 301 0 "-" "-"
198.54.114.83 - - [15/Apr/2025:09:48:46 -0400] "POST /wp-cron.php?doing_wp_cron=1744724923.4225039482116699218750 HTTP/1.1" 200 0 "-" "WordPress/6.7.2; https://higglehub.com"
13.82.231.247 - - [15/Apr/2025:09:48:47 -0400] "GET / HTTP/1.1" 200 10353 "-" "-"
13.82.231.247 - - [15/Apr/2025:09:48:51 -0400] "GET /inputs.php HTTP/1.1" 404 7269 "-" "-"
13.82.231.247 - - [15/Apr/2025:09:48:57 -0400] "GET /jquery.php HTTP/1.1" 404 7270 "-" "-"
13.82.231.247 - - [15/Apr/2025:09:49:02 -0400] "GET /libraries/php HTTP/1.1" 404 7269 "-" "-"
13.82.231.247 - - [15/Apr/2025:09:49:09 -0400] "GET /lock360.php HTTP/1.1" 404 7269 "-" "-"
13.82.231.247 - - [15/Apr/2025:09:49:13 -0400] "GET /login HTTP/1.1" 302 0 "-" "-"
13.82.231.247 - - [15/Apr/2025:09:49:16 -0400] "GET /wp-login.php HTTP/1.1" 200 1765 "-" "-"
13.82.231.247 - - [15/Apr/2025:09:49:20 -0400] "GET /lufix.php HTTP/1.1" 404 7269 "-" "-"
13.82.231.247 - - [15/Apr/2025:09:49:23 -0400] "GET /mah.php HTTP/1.1" 404 7269 "-" "-"
13.82.231.247 - - [15/Apr/2025:09:49:28 -0400] "GET /mah/function.php HTTP/1.1" 404 7270 "-" "-"
13.82.231.247 - - [15/Apr/2025:09:49:34 -0400] "GET /mail.php HTTP/1.1" 404 7269 "-" "-"
13.82.231.247 - - [15/Apr/2025:09:49:40 -0400] "GET /maintenance.php HTTP/1.1" 404 7269 "-" "-"
13.82.231.247 - - [15/Apr/2025:09:49:45 -0400] "GET /news.php HTTP/1.1" 404 7269 "-" "-"
198.54.114.83 - - [15/Apr/2025:09:49:48 -0400] "POST /wp-cron.php?doing_wp_cron=1744724986.0311849117279052734375 HTTP/1.1" 200 0 "-" "WordPress/6.7.2; https://higglehub.com"
13.82.231.247 - - [15/Apr/2025:09:49:52 -0400] "GET /nf_tracking.php HTTP/1.1" 404 7269 "-" "-"
13.82.231.247 - - [15/Apr/2025:09:49:55 -0400] "GET /ova-tools.php HTTP/1.1" 404 7269 "-" "-"
13.82.231.247 - - [15/Apr/2025:09:49:59 -0400] "GET /pi.php HTTP/1.1" 404 7270 "-" "-"
13.82.231.247 - - [15/Apr/2025:09:50:07 -0400] "GET /plugins/custom/ HTTP/1.1" 404 7270 "-" "-"
13.82.231.247 - - [15/Apr/2025:09:50:14 -0400] "GET /post.php/wp-includes/Requests/ HTTP/1.1" 404 7270 "-" "-"
13.82.231.247 - - [15/Apr/2025:09:50:19 -0400] "GET /shell.php HTTP/1.1" 404 7270 "-" "-"
13.82.231.247 - - [15/Apr/2025:09:50:27 -0400] "GET /shellv3.php HTTP/1.1" 404 7270 "-" "-"
13.82.231.247 - - [15/Apr/2025:09:50:32 -0400] "GET /simple.php HTTP/1.1" 404 7270 "-" "-"
13.82.231.247 - - [15/Apr/2025:09:50:35 -0400] "GET /sx.php HTTP/1.1" 404 7270 "-" "-"
13.82.231.247 - - [15/Apr/2025:09:50:40 -0400] "GET /system.php HTTP/1.1" 404 7269 "-" "-"
13.82.231.247 - - [15/Apr/2025:09:50:44 -0400] "GET /system_log.php HTTP/1.1" 404 7269 "-" "-"
13.82.231.247 - - [15/Apr/2025:09:50:48 -0400] "GET /test.php HTTP/1.1" 404 7269 "-" "-"
198.54.114.83 - - [15/Apr/2025:09:50:50 -0400] "POST /wp-cron.php?doing_wp_cron=1744725048.6420509815216064453125 HTTP/1.1" 200 0 "-" "WordPress/6.7.2; https://higglehub.com"
13.82.231.247 - - [15/Apr/2025:09:50:52 -0400] "GET /text.php HTTP/1.1" 404 7270 "-" "-"
13.82.231.247 - - [15/Apr/2025:09:50:55 -0400] "GET /upload.php HTTP/1.1" 404 7270 "-" "-"
13.82.231.247 - - [15/Apr/2025:09:50:59 -0400] "GET /upload/ HTTP/1.1" 404 7270 "-" "-"
13.82.231.247 - - [15/Apr/2025:09:51:03 -0400] "GET /vendor/bin/loader.php/wp-admin/ HTTP/1.1" 404 7269 "-" "-"
13.82.231.247 - - [15/Apr/2025:09:51:06 -0400] "GET /worksec.php HTTP/1.1" 404 7270 "-" "-"
13.82.231.247 - - [15/Apr/2025:09:51:10 -0400] "GET /wp-2019.php HTTP/1.1" 404 7270 "-" "-"
13.82.231.247 - - [15/Apr/2025:09:51:14 -0400] "GET /wp-admin HTTP/1.1" 301 795 "-" "-"
13.82.231.247 - - [15/Apr/2025:09:51:15 -0400] "GET /wp-admin/ HTTP/1.1" 302 0 "-" "-"
13.82.231.247 - - [15/Apr/2025:09:51:17 -0400] "GET /wp-login.php?redirect_to=https%3A%2F%2Fhigglehub.com%2Fwp-admin%2F&reauth=1 HTTP/1.1" 200 1766 "-" "-"
13.82.231.247 - - [15/Apr/2025:09:51:20 -0400] "GET /wp-admin/admin.php HTTP/1.1" 302 0 "-" "-"
13.82.231.247 - - [15/Apr/2025:09:51:22 -0400] "GET /wp-login.php?redirect_to=https%3A%2F%2Fhigglehub.com%2Fwp-admin%2Fadmin.php&reauth=1 HTTP/1.1" 200 1774 "-" "-"
13.82.231.247 - - [15/Apr/2025:09:51:27 -0400] "GET /wp-admin/css/about.php/alfacgiapi/ HTTP/1.1" 404 7270 "-" "-"
13.82.231.247 - - [15/Apr/2025:09:51:31 -0400] "GET /wp-admin/css/colors/blue/atomlib.php HTTP/1.1" 404 7270 "-" "-"
13.82.231.247 - - [15/Apr/2025:09:51:36 -0400] "GET /wp-admin/css/colors/blue/index.php HTTP/1.1" 301 0 "-" "-"
13.82.231.247 - - [15/Apr/2025:09:51:38 -0400] "GET /wp-admin/css/colors/blue/ HTTP/1.1" 403 1242 "-" "-"
13.82.231.247 - - [15/Apr/2025:09:51:42 -0400] "GET /wp-admin/images/admin.php HTTP/1.1" 404 7269 "-" "-"
13.82.231.247 - - [15/Apr/2025:09:51:48 -0400] "GET /wp-admin/images/atomlib.php HTTP/1.1" 404 7270 "-" "-"
198.54.114.83 - - [15/Apr/2025:09:51:51 -0400] "POST /wp-cron.php?doing_wp_cron=1744725108.8279740810394287109375 HTTP/1.1" 200 0 "-" "WordPress/6.7.2; https://higglehub.com"
13.82.231.247 - - [15/Apr/2025:09:51:55 -0400] "GET /wp-admin/images/install.php HTTP/1.1" 404 7270 "-" "-"
13.82.231.247 - - [15/Apr/2025:09:52:00 -0400] "GET /wp-admin/images/wp-login.php HTTP/1.1" 404 7270 "-" "-"
13.82.231.247 - - [15/Apr/2025:09:52:03 -0400] "GET /wp-admin/images/wp-settings.phtml HTTP/1.1" 404 7270 "-" "-"
198.54.114.83 - - [15/Apr/2025:09:52:07 -0400] "POST /wp-cron.php?doing_wp_cron=1744725126.6005818843841552734375 HTTP/1.1" 200 0 "-" "WordPress/6.7.2; https://higglehub.com"
13.82.231.247 - - [15/Apr/2025:09:52:05 -0400] "GET /wp-admin/install.php HTTP/1.1" 200 436 "-" "-"
13.82.231.247 - - [15/Apr/2025:09:52:10 -0400] "GET /wp-admin/js/index.php HTTP/1.1" 301 0 "-" "-"
13.82.231.247 - - [15/Apr/2025:09:52:12 -0400] "GET /wp-admin/js/ HTTP/1.1" 403 1242 "-" "-"
13.82.231.247 - - [15/Apr/2025:09:52:14 -0400] "GET /wp-admin/maint/about.php HTTP/1.1" 404 7270 "-" "-"
13.82.231.247 - - [15/Apr/2025:09:52:18 -0400] "GET /wp-admin/setup-config.php HTTP/1.1" 409 1041 "-" "-"
13.82.231.247 - - [15/Apr/2025:09:52:22 -0400] "GET /wp-admin/user/autoload_classmap.php HTTP/1.1" 404 7270 "-" "-"
13.82.231.247 - - [15/Apr/2025:09:52:26 -0400] "GET /wp-admin/x.php HTTP/1.1" 404 7270 "-" "-"
13.82.231.247 - - [15/Apr/2025:09:52:32 -0400] "GET /wp-atom.php HTTP/1.1" 301 0 "-" "-"
13.82.231.247 - - [15/Apr/2025:09:52:36 -0400] "GET /feed/atom/ HTTP/1.1" 200 38382 "-" "-"
13.82.231.247 - - [15/Apr/2025:09:52:43 -0400] "GET /wp-blog.php HTTP/1.1" 404 7269 "-" "-"
13.82.231.247 - - [15/Apr/2025:09:52:51 -0400] "GET /wp-cli.php HTTP/1.1" 404 7270 "-" "-"
198.54.114.83 - - [15/Apr/2025:09:52:56 -0400] "POST /wp-cron.php?doing_wp_cron=1744725171.9125709533691406250000 HTTP/1.1" 200 0 "-" "WordPress/6.7.2; https://higglehub.com"
13.82.231.247 - - [15/Apr/2025:09:53:03 -0400] "GET /wp-configs.php HTTP/1.1" 404 7270 "-" "-"
13.82.231.247 - - [15/Apr/2025:09:53:09 -0400] "GET /wp-content/atomlib.php HTTP/1.1" 404 7270 "-" "-"
13.82.231.247 - - [15/Apr/2025:09:53:14 -0400] "GET /wp-content/languages/wp-login.php HTTP/1.1" 404 7270 "-" "-"
13.82.231.247 - - [15/Apr/2025:09:53:20 -0400] "GET /wp-content/plugins/WordPressCore/ HTTP/1.1" 404 7270 "-" "-"
13.82.231.247 - - [15/Apr/2025:09:53:27 -0400] "GET /wp-content/plugins/WordPressCore/fm.php HTTP/1.1" 404 7270 "-" "-"
13.82.231.247 - - [15/Apr/2025:09:53:33 -0400] "GET /wp-content/plugins/classic-editor/ HTTP/1.1" 404 7269 "-" "-"
13.82.231.247 - - [15/Apr/2025:09:53:40 -0400] "GET /wp-content/plugins/core-plugin/ HTTP/1.1" 404 7269 "-" "-"
13.82.231.247 - - [15/Apr/2025:09:53:46 -0400] "GET /wp-content/plugins/core-plugin/include.php HTTP/1.1" 404 7269 "-" "-"
13.82.231.247 - - [15/Apr/2025:09:53:52 -0400] "GET /wp-content/plugins/revslider/includes/external/page/index.php HTTP/1.1" 301 0 "-" "-"
198.54.114.83 - - [15/Apr/2025:09:53:55 -0400] "POST /wp-cron.php?doing_wp_cron=1744725232.4524290561676025390625 HTTP/1.1" 200 0 "-" "WordPress/6.7.2; https://higglehub.com"
13.82.231.247 - - [15/Apr/2025:09:53:56 -0400] "GET /wp-content/plugins/revslider/includes/external/page/ HTTP/1.1" 404 7270 "-" "-"
13.82.231.247 - - [15/Apr/2025:09:54:01 -0400] "GET /wp-content/plugins/seoplugins/mar.php HTTP/1.1" 404 7269 "-" "-"
13.82.231.247 - - [15/Apr/2025:09:54:06 -0400] "GET /wp-content/plugins/wp-theme-editor/include.php HTTP/1.1" 404 7269 "-" "-"
13.82.231.247 - - [15/Apr/2025:09:54:11 -0400] "GET /wp-content/shell20211028.php HTTP/1.1" 404 7269 "-" "-"
13.82.231.247 - - [15/Apr/2025:09:54:16 -0400] "GET /wp-content/themes/Divi/includes/builder/frontend-builder/assets/vendors/plugins/fullscreen/ HTTP/1.1" 404 7269 "-" "-"
13.82.231.247 - - [15/Apr/2025:09:54:21 -0400] "GET /wp-content/themes/index.php HTTP/1.1" 200 0 "-" "-"
13.82.231.247 - - [15/Apr/2025:09:54:25 -0400] "GET /wp-content/themes/pridmag/1.php HTTP/1.1" 404 7269 "-" "-"
13.82.231.247 - - [15/Apr/2025:09:54:31 -0400] "GET /wp-content/themes/sketch/404.php HTTP/1.1" 404 7269 "-" "-"
13.82.231.247 - - [15/Apr/2025:09:54:37 -0400] "GET /wp-content/themes/twentyfive/include.php HTTP/1.1" 404 7269 "-" "-"
13.82.231.247 - - [15/Apr/2025:09:54:42 -0400] "GET /wp-content/uploads HTTP/1.1" 301 795 "-" "-"
13.82.231.247 - - [15/Apr/2025:09:54:43 -0400] "GET /wp-content/uploads/ HTTP/1.1" 403 1242 "-" "-"
13.82.231.247 - - [15/Apr/2025:09:54:45 -0400] "GET /wp-content/x/index.php HTTP/1.1" 301 0 "-" "-"
13.82.231.247 - - [15/Apr/2025:09:54:46 -0400] "GET /wp-content/x/ HTTP/1.1" 404 7270 "-" "-"
13.82.231.247 - - [15/Apr/2025:09:54:49 -0400] "GET /wp-file.php HTTP/1.1" 404 7269 "-" "-"
13.82.231.247 - - [15/Apr/2025:09:54:54 -0400] "GET /wp-includes/IXR/autoload_classmap.php HTTP/1.1" 404 7269 "-" "-"
198.54.114.83 - - [15/Apr/2025:09:54:57 -0400] "POST /wp-cron.php?doing_wp_cron=1744725294.9289851188659667968750 HTTP/1.1" 200 0 "-" "WordPress/6.7.2; https://higglehub.com"
13.82.231.247 - - [15/Apr/2025:09:55:04 -0400] "GET /wp-includes/Requests/ HTTP/1.1" 403 1242 "-" "-"
13.82.231.247 - - [15/Apr/2025:09:55:11 -0400] "GET /wp-includes/Requests/Cookie/ HTTP/1.1" 404 7270 "-" "-"
13.82.231.247 - - [15/Apr/2025:09:55:20 -0400] "GET /wp-includes/Requests/library/about.php HTTP/1.1" 404 7270 "-" "-"
13.82.231.247 - - [15/Apr/2025:09:55:26 -0400] "GET /wp-includes/SimplePie/Parse/ HTTP/1.1" 404 7270 "-" "-"
13.82.231.247 - - [15/Apr/2025:09:55:33 -0400] "GET /wp-includes/Text/chosen.php HTTP/1.1" 404 7269 "-" "-"
13.82.231.247 - - [15/Apr/2025:09:55:40 -0400] "GET /wp-includes/about.php HTTP/1.1" 404 7269 "-" "-"
13.82.231.247 - - [15/Apr/2025:09:55:47 -0400] "GET /wp-includes/blocks/autoload_classmap.php HTTP/1.1" 404 7269 "-" "-"
13.82.231.247 - - [15/Apr/2025:09:55:53 -0400] "GET /wp-includes/blocks/more/ HTTP/1.1" 403 1242 "-" "-"
13.82.231.247 - - [15/Apr/2025:09:55:58 -0400] "GET /wp-includes/blocks/post-author/ HTTP/1.1" 403 1242 "-" "-"
13.82.231.247 - - [15/Apr/2025:09:56:03 -0400] "GET /wp-includes/blocks/site-logo/ HTTP/1.1" 403 1242 "-" "-"
13.82.231.247 - - [15/Apr/2025:09:56:10 -0400] "GET /wp-includes/blocks/social-links/ HTTP/1.1" 403 1242 "-" "-"
13.82.231.247 - - [15/Apr/2025:09:56:16 -0400] "GET /wp-includes/blocks/term-description/ HTTP/1.1" 403 1242 "-" "-"
13.82.231.247 - - [15/Apr/2025:09:56:21 -0400] "GET /wp-includes/css/dist/preferences/ HTTP/1.1" 403 1242 "-" "-"
13.82.231.247 - - [15/Apr/2025:09:56:27 -0400] "GET /wp-includes/fonts/index.php HTTP/1.1" 301 0 "-" "-"
198.54.114.83 - - [15/Apr/2025:09:56:31 -0400] "POST /wp-cron.php?doing_wp_cron=1744725388.1150560379028320312500 HTTP/1.1" 200 0 "-" "WordPress/6.7.2; https://higglehub.com"
13.82.231.247 - - [15/Apr/2025:09:56:32 -0400] "GET /wp-includes/fonts/ HTTP/1.1" 403 1242 "-" "-"
13.82.231.247 - - [15/Apr/2025:09:56:38 -0400] "GET /wp-includes/images/crystal/ HTTP/1.1" 403 1242 "-" "-"
13.82.231.247 - - [15/Apr/2025:09:56:43 -0400] "GET /wp-includes/install.php HTTP/1.1" 404 7269 "-" "-"
13.82.231.247 - - [15/Apr/2025:09:56:49 -0400] "GET /wp-includes/js/tinymce/plugins/compat3x/ HTTP/1.1" 403 1242 "-" "-"
13.82.231.247 - - [15/Apr/2025:09:56:54 -0400] "GET /wp-includes/rest-api/fields/ HTTP/1.1" 403 1242 "-" "-"
13.82.231.247 - - [15/Apr/2025:09:56:59 -0400] "GET /wp-includes/sts.php HTTP/1.1" 404 7270 "-" "-"
13.82.231.247 - - [15/Apr/2025:09:57:04 -0400] "GET /wp-includes/wp-class.php/wp-content/themes/travelscape/ HTTP/1.1" 404 7270 "-" "-"
13.82.231.247 - - [15/Apr/2025:09:57:09 -0400] "GET /wp-info.php HTTP/1.1" 404 7270 "-" "-"
13.82.231.247 - - [15/Apr/2025:09:57:12 -0400] "GET /ws.php HTTP/1.1" 404 7270 "-" "-"
13.82.231.247 - - [15/Apr/2025:09:57:17 -0400] "GET /x.php HTTP/1.1" 404 7270 "-" "-"
13.82.231.247 - - [15/Apr/2025:09:57:19 -0400] "GET /xleet.php HTTP/1.1" 404 7270 "-" "-"
13.82.231.247 - - [15/Apr/2025:09:57:22 -0400] "GET /xox.php HTTP/1.1" 404 7270 "-" "-"
117.62.235.53 - - [15/Apr/2025:10:00:21 -0400] "GET / HTTP/1.1" 200 10353 "http://higglehub.com" "Mozilla/5.0 (iPhone; CPU iPhone OS 13_2_3 like Mac OS X) AppleWebKit/605.1.15 (KHTML, like Gecko) Version/13.0.3 Mobile/15E148 Safari/604.1"
165.227.84.75 - - [15/Apr/2025:10:01:41 -0400] "GET /wp-login.php HTTP/1.1" 200 1765 "-" "GRequests/0.10"
165.227.84.75 - - [15/Apr/2025:10:01:43 -0400] "POST /wp-login.php HTTP/1.1" 200 1901 "-" "GRequests/0.10"
198.54.114.83 - - [15/Apr/2025:10:01:48 -0400] "POST /wp-cron.php?doing_wp_cron=1744725706.7904169559478759765625 HTTP/1.1" 200 0 "-" "WordPress/6.7.2; https://higglehub.com"
2001:41d0:302:1000::8b2 - - [15/Apr/2025:10:02:23 -0400] "POST /xmlrpc.php HTTP/1.1" 200 186 "-" "Mozilla/5.0 (Windows NT 10.0; Win64; x64; rv:71.0) Gecko/20100101 Firefox/71.0"
51.222.253.8 - - [15/Apr/2025:10:06:12 -0400] "GET /robots.txt HTTP/1.1" 200 61 "-" "Mozilla/5.0 (compatible; AhrefsBot/7.0; +http://ahrefs.com/robot/)"
45.8.22.140 - - [15/Apr/2025:10:09:11 -0400] "POST /xmlrpc.php HTTP/1.1" 200 186 "-" "Mozilla/5.0 (Windows NT 10.0; Win64; x64; rv:81.0) Gecko/20100101 Firefox/81.0"
198.54.114.83 - - [15/Apr/2025:10:09:17 -0400] "POST /wp-cron.php?doing_wp_cron=1744726155.0386528968811035156250 HTTP/1.1" 200 0 "-" "WordPress/6.7.2; https://higglehub.com"
146.59.3.188 - - [15/Apr/2025:10:10:15 -0400] "POST /xmlrpc.php HTTP/1.1" 200 186 "-" "Mozilla/5.0 (Windows NT 10.0; Win64; x64; rv:57.0) Gecko/20100101 Firefox/57.0"
198.54.114.83 - - [15/Apr/2025:10:10:20 -0400] "POST /wp-cron.php?doing_wp_cron=1744726215.9317140579223632812500 HTTP/1.1" 200 0 "-" "WordPress/6.7.2; https://higglehub.com"
46.8.155.252 - - [15/Apr/2025:10:11:37 -0400] "GET /unleashing-the-power-of-learning-a-journey-of-growth/ HTTP/1.1" 200 10998 "https://higglehub.com/unleashing-the-power-of-learning-a-journey-of-growth/" "Mozilla/5.0 (Windows NT 10.0; Win64; x64) AppleWebKit/537.36 (KHTML, like Gecko) Chrome/131.0.0.0 Safari/537.36 Avast/131.0.0.0"
46.8.155.252 - - [15/Apr/2025:10:11:42 -0400] "POST /wp-comments-post.php HTTP/1.1" 302 0 "https://higglehub.com/unleashing-the-power-of-learning-a-journey-of-growth/" "Mozilla/5.0 (Windows NT 10.0; Win64; x64) AppleWebKit/537.36 (KHTML, like Gecko) Chrome/131.0.0.0 Safari/537.36 Avast/131.0.0.0"
198.54.114.83 - - [15/Apr/2025:10:11:50 -0400] "POST /wp-cron.php?doing_wp_cron=1744726307.0094931125640869140625 HTTP/1.1" 200 0 "-" "WordPress/6.7.2; https://higglehub.com"
46.8.155.252 - - [15/Apr/2025:10:11:54 -0400] "GET /unleashing-the-power-of-learning-a-journey-of-growth/ HTTP/1.1" 200 11847 "https://higglehub.com/unleashing-the-power-of-learning-a-journey-of-growth/#comment-6305" "Mozilla/5.0 (Windows NT 10.0; Win64; x64) AppleWebKit/537.36 (KHTML, like Gecko) Chrome/131.0.0.0 Safari/537.36 Avast/131.0.0.0"
94.74.93.80 - - [15/Apr/2025:10:12:58 -0400] "GET /entdecken-sie-die-besten-gitarrenstunden-in-dusseldorf/ HTTP/1.1" 200 11000 "https://higglehub.com/entdecken-sie-die-besten-gitarrenstunden-in-dusseldorf/" "Mozilla/5.0 (Macintosh; Intel Mac OS X 10_15_7) AppleWebKit/537.36 (KHTML, like Gecko) Chrome/131.0.0.0 Safari/537.36"
198.54.114.83 - - [15/Apr/2025:10:13:03 -0400] "POST /wp-cron.php?doing_wp_cron=1744726379.3223218917846679687500 HTTP/1.1" 200 0 "-" "WordPress/6.7.2; https://higglehub.com"
195.200.5.101 - - [15/Apr/2025:10:16:04 -0400] "POST /xmlrpc.php HTTP/1.1" 200 186 "-" "Mozilla/5.0 (Windows NT 10.0; Win64; x64; rv:85.0) Gecko/20100101 Firefox/85.0"
198.54.114.83 - - [15/Apr/2025:10:16:14 -0400] "POST /wp-cron.php?doing_wp_cron=1744726570.4299709796905517578125 HTTP/1.1" 200 0 "-" "WordPress/6.7.2; https://higglehub.com"
2a02:598:128:8a00::b00:1f - - [15/Apr/2025:10:18:42 -0400] "GET /robots.txt HTTP/1.1" 200 61 "-" "Mozilla/5.0 (compatible; SeznamBot/4.0; +https://o-seznam.cz/napoveda/vyhledavani/en/seznambot-crawler/)"
198.54.114.83 - - [15/Apr/2025:10:18:49 -0400] "POST /wp-cron.php?doing_wp_cron=1744726727.4671049118041992187500 HTTP/1.1" 200 0 "-" "WordPress/6.7.2; https://higglehub.com"
2a02:598:128:8a00::b00:1f - - [15/Apr/2025:10:18:42 -0400] "GET /why-hyster-forklift-rentals-are-your-solution/ HTTP/1.1" 200 11012 "-" "Mozilla/5.0 (compatible; SeznamBot/4.0; +https://o-seznam.cz/napoveda/vyhledavani/en/seznambot-crawler/)"
50.57.19.18 - - [15/Apr/2025:10:20:51 -0400] "GET /wp-login.php HTTP/1.1" 200 1765 "-" "GRequests/0.10"
50.57.19.18 - - [15/Apr/2025:10:20:54 -0400] "POST /wp-login.php HTTP/1.1" 200 1897 "-" "GRequests/0.10"
198.54.114.83 - - [15/Apr/2025:10:21:01 -0400] "POST /wp-cron.php?doing_wp_cron=1744726858.6788740158081054687500 HTTP/1.1" 200 0 "-" "WordPress/6.7.2; https://higglehub.com"
178.18.142.52 - - [15/Apr/2025:10:25:09 -0400] "POST /xmlrpc.php HTTP/1.1" 200 186 "-" "Mozilla/5.0 (Windows NT 10.0; Win64; x64; rv:82.0) Gecko/20100101 Firefox/82.0"
196.251.80.216 - - [15/Apr/2025:10:26:36 -0400] "GET /wp-content/plugins/WordPressCore/include.php HTTP/1.1" 404 7269 "-" "Mozlila/5.0 (Linux; Android 7.0; SM-G892A Bulid/NRD90M; wv) AppleWebKit/537.36 (KHTML, like Gecko) Version/4.0 Chrome/60.0.3112.107 Moblie Safari/537.36"
198.54.114.83 - - [15/Apr/2025:10:26:45 -0400] "POST /wp-cron.php?doing_wp_cron=1744727201.0420749187469482421875 HTTP/1.1" 200 0 "-" "WordPress/6.7.2; https://higglehub.com"
196.251.80.216 - - [15/Apr/2025:10:26:50 -0400] "GET /wp-content/plugins/WordPressCore/include.php HTTP/1.1" 404 7269 "-" "Mozlila/5.0 (Linux; Android 7.0; SM-G892A Bulid/NRD90M; wv) AppleWebKit/537.36 (KHTML, like Gecko) Version/4.0 Chrome/60.0.3112.107 Moblie Safari/537.36"
198.54.114.83 - - [15/Apr/2025:10:29:52 -0400] "POST /wp-cron.php?doing_wp_cron=1744727390.6932110786437988281250 HTTP/1.1" 200 0 "-" "WordPress/6.7.2; https://higglehub.com"
78.46.181.3 - - [15/Apr/2025:10:29:45 -0400] "POST /xmlrpc.php HTTP/1.1" 200 186 "-" "Mozilla/5.0 (Windows NT 10.0; Win64; x64; rv:86.0) Gecko/20100101 Firefox/86.0"
142.93.3.26 - - [15/Apr/2025:10:32:41 -0400] "GET /wp-login.php HTTP/1.1" 200 1765 "-" "GRequests/0.10"
142.93.3.26 - - [15/Apr/2025:10:32:43 -0400] "POST /wp-login.php HTTP/1.1" 200 1901 "-" "GRequests/0.10"
198.54.114.83 - - [15/Apr/2025:10:32:50 -0400] "POST /wp-cron.php?doing_wp_cron=1744727567.5875980854034423828125 HTTP/1.1" 200 0 "-" "WordPress/6.7.2; https://higglehub.com"
35.188.180.129 - - [15/Apr/2025:10:36:11 -0400] "GET /media/system/js/core.js HTTP/1.1" 404 7269 "http://higglehub.com/media/system/js/core.js" "Mozilla/5.0 (Macintosh; Intel Mac OS X 10_10_1) AppleWebKit/537.36 (KHTML, like Gecko) Chrome/39.0.2171.95 Safari/537.36"
198.54.114.83 - - [15/Apr/2025:10:36:19 -0400] "POST /wp-cron.php?doing_wp_cron=1744727775.9431231021881103515625 HTTP/1.1" 200 0 "-" "WordPress/6.7.2; https://higglehub.com"
87.250.224.94 - - [15/Apr/2025:10:37:14 -0400] "GET /robots.txt HTTP/1.1" 200 61 "-" "Mozilla/5.0 (compatible; YandexBot/3.0; +http://yandex.com/bots)"
5.255.231.86 - - [15/Apr/2025:10:37:17 -0400] "GET /store/p120/XOXO_Women%27s_Dylan_Platform_Sandal_-_Size_9.html HTTP/1.1" 404 7269 "-" "Mozilla/5.0 (compatible; YandexBot/3.0; +http://yandex.com/bots)"
198.54.114.83 - - [15/Apr/2025:10:37:20 -0400] "POST /wp-cron.php?doing_wp_cron=1744727838.1246531009674072265625 HTTP/1.1" 200 0 "-" "WordPress/6.7.2; https://higglehub.com"
77.92.153.60 - - [15/Apr/2025:10:37:44 -0400] "POST /xmlrpc.php HTTP/1.1" 200 186 "-" "Mozilla/5.0 (Windows NT 10.0; Win64; x64; rv:59.0) Gecko/20100101 Firefox/59.0"
198.54.114.83 - - [15/Apr/2025:10:41:47 -0400] "POST /wp-cron.php?doing_wp_cron=1744728107.1761040687561035156250 HTTP/1.1" 200 0 "-" "WordPress/6.7.2; https://higglehub.com"
80.87.195.44 - - [15/Apr/2025:10:41:42 -0400] "POST /xmlrpc.php HTTP/1.1" 200 186 "-" "Mozilla/5.0 (Windows NT 10.0; Win64; x64; rv:84.0) Gecko/20100101 Firefox/84.0"
198.54.114.83 - - [15/Apr/2025:10:41:48 -0400] "POST /wp-admin/admin-ajax.php?action=async_litespeed&nonce=gGOnyFhQv4gpktYFPDySfjTIug5QZDUo&litespeed_type=imgoptm HTTP/1.1" 200 0 "-" "WordPress/6.7.2; https://higglehub.com"
2001:df4:40c0:68d8::1 - - [15/Apr/2025:10:49:36 -0400] "GET /wp-login.php HTTP/1.1" 200 1765 "-" "GRequests/0.10"
2001:df4:40c0:68d8::1 - - [15/Apr/2025:10:49:40 -0400] "POST /wp-login.php HTTP/1.1" 200 1901 "-" "GRequests/0.10"
198.54.114.83 - - [15/Apr/2025:10:49:46 -0400] "POST /wp-cron.php?doing_wp_cron=1744728583.9087760448455810546875 HTTP/1.1" 200 0 "-" "WordPress/6.7.2; https://higglehub.com"
198.54.114.83 - - [15/Apr/2025:10:53:06 -0400] "POST /wp-cron.php?doing_wp_cron=1744728782.0435419082641601562500 HTTP/1.1" 200 0 "-" "WordPress/6.7.2; https://higglehub.com"
188.239.13.215 - - [15/Apr/2025:10:52:58 -0400] "GET /author/admin/page/24/ HTTP/1.1" 200 10609 "https://higglehub.com/author/admin/page/24/#content" "Mozilla/5.0 (Macintosh; Intel Mac OS X 10_15_7) AppleWebKit/537.36 (KHTML, like Gecko) Chrome/120.0.0.0 Safari/537.36"
178.33.40.189 - - [15/Apr/2025:10:53:46 -0400] "POST /xmlrpc.php HTTP/1.1" 200 186 "-" "Mozilla/5.0 (Windows NT 10.0; Win64; x64; rv:100.0) Gecko/20100101 Firefox/100.0"
44.207.69.106 - - [15/Apr/2025:10:53:47 -0400] "GET /category/arts-entertainments/page/15/ HTTP/1.1" 200 10439 "-" "Mozilla/5.0 AppleWebKit/537.36 (KHTML, like Gecko; compatible; Amazonbot/0.1; +https://developer.amazon.com/support/amazonbot) Chrome/119.0.6045.214 Safari/537.36"
13.213.93.162 - - [15/Apr/2025:10:54:13 -0400] "GET /uploads/1/3/1/1/131136180/pinclipart-com-atm-clip-art-1107038_orig.png HTTP/1.1" 404 7269 "-" "Mozilla/5.0 (Windows NT 10.0; Win64; x64) AppleWebKit/537.36 (KHTML, like Gecko) Chrome/133.0.0.0 Safari/537.36"
198.54.114.83 - - [15/Apr/2025:10:54:16 -0400] "POST /wp-cron.php?doing_wp_cron=1744728853.5291550159454345703125 HTTP/1.1" 200 0 "-" "WordPress/6.7.2; https://higglehub.com"
50.57.19.18 - - [15/Apr/2025:11:04:50 -0400] "GET /wp-login.php HTTP/1.1" 200 1765 "-" "GRequests/0.10"
50.57.19.18 - - [15/Apr/2025:11:04:55 -0400] "POST /wp-login.php HTTP/1.1" 200 1897 "-" "GRequests/0.10"
198.54.114.83 - - [15/Apr/2025:11:05:06 -0400] "POST /wp-cron.php?doing_wp_cron=1744729501.3692820072174072265625 HTTP/1.1" 200 0 "-" "WordPress/6.7.2; https://higglehub.com"
43.165.67.57 - - [15/Apr/2025:11:09:50 -0400] "GET / HTTP/1.1" 200 10353 "http://higglehub.com" "Mozilla/5.0 (iPhone; CPU iPhone OS 13_2_3 like Mac OS X) AppleWebKit/605.1.15 (KHTML, like Gecko) Version/13.0.3 Mobile/15E148 Safari/604.1"
198.54.114.83 - - [15/Apr/2025:11:12:44 -0400] "POST /wp-cron.php?doing_wp_cron=1744729963.5301120281219482421875 HTTP/1.1" 200 0 "-" "WordPress/6.7.2; https://higglehub.com"
2600:1f18:261:1900:7d88:5e30:7885:d4e6 - - [15/Apr/2025:11:12:39 -0400] "POST /xmlrpc.php HTTP/1.1" 200 186 "-" "Mozilla/5.0 (Windows NT 10.0; Win64; x64; rv:43.0) Gecko/20100101 Firefox/43.0"
194.140.198.185 - - [15/Apr/2025:11:13:32 -0400] "POST /xmlrpc.php HTTP/1.1" 200 186 "-" "Mozilla/5.0 (Windows NT 10.0; Win64; x64; rv:78.0) Gecko/20100101 Firefox/78.0"
18.140.46.18 - - [15/Apr/2025:11:14:40 -0400] "GET /uploads/1/3/1/1/131136180/uspa-mens-classic-polos-sizechart-large_orig.jpg HTTP/1.1" 404 7269 "-" "Mozilla/5.0 (Windows NT 10.0; Win64; x64) AppleWebKit/537.36 (KHTML, like Gecko) Chrome/133.0.0.0 Safari/537.36"
198.54.114.83 - - [15/Apr/2025:11:14:43 -0400] "POST /wp-cron.php?doing_wp_cron=1744730080.4075310230255126953125 HTTP/1.1" 200 0 "-" "WordPress/6.7.2; https://higglehub.com"
88.208.240.162 - - [15/Apr/2025:11:17:50 -0400] "POST /xmlrpc.php HTTP/1.1" 200 186 "-" "Mozilla/5.0 (Windows NT 10.0; Win64; x64; rv:89.0) Gecko/20100101 Firefox/89.0"
198.54.114.83 - - [15/Apr/2025:11:17:58 -0400] "POST /wp-cron.php?doing_wp_cron=1744730275.5211091041564941406250 HTTP/1.1" 200 0 "-" "WordPress/6.7.2; https://higglehub.com"
207.148.70.60 - - [15/Apr/2025:11:27:21 -0400] "POST /xmlrpc.php HTTP/1.1" 200 186 "-" "Mozilla/5.0 (Windows NT 10.0; Win64; x64; rv:57.0) Gecko/20100101 Firefox/57.0"
198.54.114.83 - - [15/Apr/2025:11:27:26 -0400] "POST /wp-cron.php?doing_wp_cron=1744730845.3052649497985839843750 HTTP/1.1" 200 0 "-" "WordPress/6.7.2; https://higglehub.com"
198.98.62.50 - - [15/Apr/2025:11:32:42 -0400] "GET /wp-login.php HTTP/1.1" 200 1765 "-" "Mozilla/5.0 (Macintosh; Intel Mac OS X 10_9_4 AppleWebKit/537.36 (KHTML, like Gecko) Chrome/36.0.1985.125 Safari/537.36"
198.98.62.50 - - [15/Apr/2025:11:32:43 -0400] "POST /wp-login.php HTTP/1.1" 200 1901 "-" "Mozilla/5.0 (Macintosh; Intel Mac OS X 10_9_4 AppleWebKit/537.36 (KHTML, like Gecko) Chrome/36.0.1985.125 Safari/537.36"
198.54.114.83 - - [15/Apr/2025:11:32:48 -0400] "POST /wp-cron.php?doing_wp_cron=1744731166.5664789676666259765625 HTTP/1.1" 200 0 "-" "WordPress/6.7.2; https://higglehub.com"
190.92.202.23 - - [15/Apr/2025:11:32:53 -0400] "GET /carte-magic-the-gathering-un-mondo-di-possibilita/ HTTP/1.1" 200 10682 "https://higglehub.com/carte-magic-the-gathering-un-mondo-di-possibilita/#content" "Mozilla/5.0 (Windows NT 10.0; Win64; x64) AppleWebKit/537.36 (KHTML, like Gecko) Chrome/110.0.0.0 Safari/537.36"
198.98.54.73 - - [15/Apr/2025:11:34:12 -0400] "GET /wp-login.php HTTP/1.1" 200 1765 "-" "Mozilla/5.0 (compatible; MSIE 10.0; Windows NT 6.1; WOW64; Trident/6.0)"
198.98.54.73 - - [15/Apr/2025:11:34:14 -0400] "POST /wp-login.php HTTP/1.1" 200 1897 "-" "Mozilla/5.0 (compatible; MSIE 10.0; Windows NT 6.1; WOW64; Trident/6.0)"
198.54.114.83 - - [15/Apr/2025:11:34:18 -0400] "POST /wp-cron.php?doing_wp_cron=1744731255.2721140384674072265625 HTTP/1.1" 200 0 "-" "WordPress/6.7.2; https://higglehub.com"
213.180.203.107 - - [15/Apr/2025:11:34:55 -0400] "GET /store/c50/Air.html HTTP/1.1" 404 7269 "-" "Mozilla/5.0 (compatible; YandexBot/3.0; +http://yandex.com/bots)"
198.54.114.83 - - [15/Apr/2025:11:39:09 -0400] "POST /wp-cron.php?doing_wp_cron=1744731547.7663838863372802734375 HTTP/1.1" 200 0 "-" "WordPress/6.7.2; https://higglehub.com"
2402:1f00:8000:800::306c - - [15/Apr/2025:11:39:04 -0400] "POST /xmlrpc.php HTTP/1.1" 200 186 "-" "Mozilla/5.0 (Windows NT 10.0; Win64; x64; rv:67.0) Gecko/20100101 Firefox/67.0"
119.91.214.45 - - [15/Apr/2025:11:48:28 -0400] "POST /xmlrpc.php HTTP/1.1" 200 205 "-" "Mozilla/5.0 (X11; Fedora; Linux x86_64; rv:94.0) Gecko/20100101 Firefox/95.0"
2600:1f10:417b:8501:e49c:f8c:4a5a:9893 - - [15/Apr/2025:11:48:27 -0400] "POST /xmlrpc.php HTTP/1.1" 200 186 "-" "Mozilla/5.0 (Windows NT 10.0; Win64; x64; rv:87.0) Gecko/20100101 Firefox/87.0"
198.54.114.83 - - [15/Apr/2025:11:48:33 -0400] "POST /wp-cron.php?doing_wp_cron=1744732111.5907690525054931640625 HTTP/1.1" 200 0 "-" "WordPress/6.7.2; https://higglehub.com"
198.54.114.83 - - [15/Apr/2025:11:48:33 -0400] "POST /wp-cron.php?doing_wp_cron=1744732111.5664949417114257812500 HTTP/1.1" 200 0 "-" "WordPress/6.7.2; https://higglehub.com"
207.180.192.43 - - [15/Apr/2025:11:55:23 -0400] "POST /xmlrpc.php HTTP/1.1" 200 186 "-" "Mozilla/5.0 (Windows NT 10.0; Win64; x64; rv:64.0) Gecko/20100101 Firefox/64.0"
198.54.114.83 - - [15/Apr/2025:11:55:32 -0400] "POST /wp-cron.php?doing_wp_cron=1744732528.8956449031829833984375 HTTP/1.1" 200 0 "-" "WordPress/6.7.2; https://higglehub.com"
159.223.40.177 - - [15/Apr/2025:11:55:33 -0400] "POST /xmlrpc.php HTTP/1.1" 200 186 "-" "Mozilla/5.0 (Windows NT 6.1; Win64; x64) AppleWebKit/537.36 (KHTML, like Gecko) Chrome/60.0.3112.90 Safari/537.36"
34.22.153.230 - - [15/Apr/2025:11:55:37 -0400] "POST /xmlrpc.php HTTP/1.1" 200 186 "-" "Mozilla/5.0 (Windows NT 10.0; Win64; x64; rv:62.0) Gecko/20100101 Firefox/62.0"
217.160.207.42 - - [15/Apr/2025:11:55:39 -0400] "POST /xmlrpc.php HTTP/1.1" 200 186 "-" "Mozilla/5.0 (Windows NT 10.0; Win64; x64) AppleWebKit/537.36 (KHTML, like Gecko) Chrome/78.0.3904.108 Safari/537.36"
114.34.168.241 - - [15/Apr/2025:11:55:43 -0400] "POST /xmlrpc.php HTTP/1.1" 200 186 "-" "Mozilla/5.0 (Windows NT 10.0; Win64; x64; rv:60.0) Gecko/20100101 Firefox/60.0"
85.25.46.133 - - [15/Apr/2025:11:55:46 -0400] "POST /xmlrpc.php HTTP/1.1" 200 186 "-" "Mozilla/5.0 (Linux; Android 10; LM-X420) AppleWebKit/537.36 (KHTML, like Gecko) Chrome/91.0.4472.114 Mobile Safari/537.36"
13.80.27.129 - - [15/Apr/2025:11:55:50 -0400] "POST /xmlrpc.php HTTP/1.1" 200 186 "-" "Mozilla/5.0 (Windows NT 6.1; rv:17.0) Gecko/20100101 Firefox/20.6.14"
35.240.24.30 - - [15/Apr/2025:11:55:51 -0400] "POST /xmlrpc.php HTTP/1.1" 200 186 "-" "Mozilla/5.0 (Windows NT 10.0; Win64; x64; rv:59.0) Gecko/20100101 Firefox/59.0"
185.3.235.164 - - [15/Apr/2025:11:56:02 -0400] "POST /xmlrpc.php HTTP/1.1" 200 186 "-" "Mozilla/5.0 (Windows NT 6.1; WOW64; rv:52.0) Gecko/20100101 Firefox/52.0"
49.51.52.250 - - [15/Apr/2025:11:56:51 -0400] "GET /store/c44/Makeup_Brushes.html HTTP/1.1" 404 7270 "-" "Mozilla/5.0 (iPhone; CPU iPhone OS 13_2_3 like Mac OS X) AppleWebKit/605.1.15 (KHTML, like Gecko) Version/13.0.3 Mobile/15E148 Safari/604.1"
198.54.114.83 - - [15/Apr/2025:11:56:54 -0400] "POST /wp-cron.php?doing_wp_cron=1744732611.8766369819641113281250 HTTP/1.1" 200 0 "-" "WordPress/6.7.2; https://higglehub.com"
216.244.66.247 - - [15/Apr/2025:12:02:47 -0400] "GET /robots.txt HTTP/1.1" 200 61 "-" "Mozilla/5.0 (compatible; DotBot/1.2; +https://opensiteexplorer.org/dotbot; help@moz.com)"
122.8.185.67 - - [15/Apr/2025:12:02:51 -0400] "GET /prioritizing-eye-health-essential-tips-and-practices/ HTTP/1.1" 200 11306 "https://higglehub.com/prioritizing-eye-health-essential-tips-and-practices/#respond" "Mozilla/5.0 (Windows NT 10.0; Win64; x64) AppleWebKit/537.36 (KHTML, like Gecko) Chrome/110.0.0.0 Safari/537.36"
74.208.61.9 - - [15/Apr/2025:12:05:25 -0400] "GET /wp-login.php HTTP/1.1" 200 1765 "-" "GRequests/0.10"
74.208.61.9 - - [15/Apr/2025:12:05:29 -0400] "POST /wp-login.php HTTP/1.1" 200 1897 "-" "GRequests/0.10"
198.54.114.83 - - [15/Apr/2025:12:05:38 -0400] "POST /wp-cron.php?doing_wp_cron=1744733134.6701459884643554687500 HTTP/1.1" 200 0 "-" "WordPress/6.7.2; https://higglehub.com"
68.183.83.234 - - [15/Apr/2025:12:06:19 -0400] "GET /wp-login.php HTTP/1.1" 200 1765 "-" "GRequests/0.10"
68.183.83.234 - - [15/Apr/2025:12:06:21 -0400] "POST /wp-login.php HTTP/1.1" 200 1901 "-" "GRequests/0.10"
59.125.102.226 - - [15/Apr/2025:12:06:23 -0400] "POST /xmlrpc.php HTTP/1.1" 200 186 "-" "Mozilla/5.0 (Windows NT 10.0; Win64; x64; rv:69.0) Gecko/20100101 Firefox/69.0"
216.244.66.247 - - [15/Apr/2025:12:08:52 -0400] "GET /gitarre-lernen-in-dusseldorf-fur-anfanger-und-fortgeschrittene-2/feed/ HTTP/1.1" 200 444 "-" "Mozilla/5.0 (compatible; DotBot/1.2; +https://opensiteexplorer.org/dotbot; help@moz.com)"
198.54.114.83 - - [15/Apr/2025:12:08:57 -0400] "POST /wp-cron.php?doing_wp_cron=1744733335.5726869106292724609375 HTTP/1.1" 200 0 "-" "WordPress/6.7.2; https://higglehub.com"
51.222.253.19 - - [15/Apr/2025:12:09:24 -0400] "GET /index.html HTTP/1.1" 404 7270 "-" "Mozilla/5.0 (compatible; AhrefsBot/7.0; +http://ahrefs.com/robot/)"
195.20.18.145 - - [15/Apr/2025:12:09:38 -0400] "GET /sites/all/libraries/elfinder/elfinder.html HTTP/1.1" 404 7270 "-" "ALittle Client"
43.135.138.128 - - [15/Apr/2025:12:11:27 -0400] "GET /store/c44/Makeup_Brushes.html HTTP/1.1" 404 7270 "-" "Mozilla/5.0 (iPhone; CPU iPhone OS 13_2_3 like Mac OS X) AppleWebKit/605.1.15 (KHTML, like Gecko) Version/13.0.3 Mobile/15E148 Safari/604.1"
44.209.89.189 - - [15/Apr/2025:12:14:27 -0400] "GET /2024/02/page/2/ HTTP/1.1" 200 10458 "-" "Mozilla/5.0 AppleWebKit/537.36 (KHTML, like Gecko; compatible; Amazonbot/0.1; +https://developer.amazon.com/support/amazonbot) Chrome/119.0.6045.214 Safari/537.36"
2001:41d0:303:fd41:: - - [15/Apr/2025:12:14:22 -0400] "POST /xmlrpc.php HTTP/1.1" 200 186 "-" "Mozilla/5.0 (Windows NT 10.0; Win64; x64; rv:47.0) Gecko/20100101 Firefox/47.0"
198.54.114.83 - - [15/Apr/2025:12:14:29 -0400] "POST /wp-cron.php?doing_wp_cron=1744733667.4873709678649902343750 HTTP/1.1" 200 0 "-" "WordPress/6.7.2; https://higglehub.com"
134.119.244.251 - - [15/Apr/2025:12:16:18 -0400] "POST /xmlrpc.php HTTP/1.1" 200 186 "-" "Mozilla/5.0 (Windows NT 10.0; Win64; x64) AppleWebKit/537.36 (KHTML, like Gecko) Chrome/72.0.3626.121 Safari/537.36"
34.22.153.230 - - [15/Apr/2025:12:16:27 -0400] "POST /xmlrpc.php HTTP/1.1" 200 186 "-" "Mozilla/5.0 (Windows NT 6.1; rv:52.0) Gecko/20100101 Firefox/52.0"
198.54.114.83 - - [15/Apr/2025:12:16:29 -0400] "POST /wp-cron.php?doing_wp_cron=1744733783.8481030464172363281250 HTTP/1.1" 200 0 "-" "WordPress/6.7.2; https://higglehub.com"
95.183.236.2 - - [15/Apr/2025:12:16:37 -0400] "POST /xmlrpc.php HTTP/1.1" 200 186 "-" "Mozilla/5.0 (Windows NT 10.0; Win64; x64) AppleWebKit/537.36 (KHTML, like Gecko) Chrome/80.0.3987.132 Safari/537.36"
47.120.70.127 - - [15/Apr/2025:12:16:43 -0400] "POST /xmlrpc.php HTTP/1.1" 200 186 "-" "Mozilla/5.0 (iPod; CPU iPhone OS 14_6 like Mac OS X) AppleWebKit/605.1.15 (KHTML, like Gecko) CriOS/91.0.4472.80 Mobile/15E148 Safari/604.1"
213.184.28.33 - - [15/Apr/2025:12:16:44 -0400] "POST /xmlrpc.php HTTP/1.1" 200 186 "-" "Mozilla/5.0 (Windows NT 6.1; rv:17.0) Gecko/20100101 Firefox/20.6.14"
54.36.142.130 - - [15/Apr/2025:12:16:55 -0400] "POST /xmlrpc.php HTTP/1.1" 200 186 "-" "Mozilla/5.0 (Windows NT 10.0; Win64; x64) AppleWebKit/537.36 (KHTML, like Gecko) Chrome/88.0.4324.190 Safari/537.36"
181.2.144.58 - - [15/Apr/2025:12:17:53 -0400] "POST /xmlrpc.php HTTP/1.1" 200 186 "-" "Mozilla/5.0 (Windows NT 10.0; Win64; x64; rv:44.0) Gecko/20100101 Firefox/44.0"
198.54.114.83 - - [15/Apr/2025:12:17:56 -0400] "POST /wp-cron.php?doing_wp_cron=1744733874.1894800662994384765625 HTTP/1.1" 200 0 "-" "WordPress/6.7.2; https://higglehub.com"
119.3.239.232 - - [15/Apr/2025:12:19:42 -0400] "POST /xmlrpc.php HTTP/1.1" 200 205 "-" "Mozilla/5.0 (X11; Fedora; Linux x86_64; rv:94.0) Gecko/20100101 Firefox/95.0"
52.7.13.143 - - [15/Apr/2025:12:22:58 -0400] "GET /the-importance-of-business-trip-massage-2/ HTTP/1.1" 200 11329 "-" "Mozilla/5.0 AppleWebKit/537.36 (KHTML, like Gecko; compatible; Amazonbot/0.1; +https://developer.amazon.com/support/amazonbot) Chrome/119.0.6045.214 Safari/537.36"
198.54.114.83 - - [15/Apr/2025:12:23:05 -0400] "POST /wp-cron.php?doing_wp_cron=1744734181.8460299968719482421875 HTTP/1.1" 200 0 "-" "WordPress/6.7.2; https://higglehub.com"
198.98.55.56 - - [15/Apr/2025:12:24:07 -0400] "GET /wp-login.php HTTP/1.1" 200 1765 "-" "Mozilla/5.0 (X11; Linux x86_64; rv:31.0) Gecko/20100101 Firefox/31.0"
198.98.55.56 - - [15/Apr/2025:12:24:12 -0400] "POST /wp-login.php HTTP/1.1" 200 1897 "-" "Mozilla/5.0 (X11; Linux x86_64; rv:31.0) Gecko/20100101 Firefox/31.0"
