198.54.114.83 - - [16/Apr/2025:20:28:17 -0400] "POST /wp-cron.php?doing_wp_cron=1744849695.6829080581665039062500 HTTP/1.1" 200 0 "-" "WordPress/6.8; https://higglehub.com"
198.54.114.83 - - [16/Apr/2025:20:31:00 -0400] "POST /wp-cron.php?doing_wp_cron=1744849859.6064159870147705078125 HTTP/1.1" 200 0 "-" "WordPress/6.8; https://higglehub.com"
185.238.87.7 - - [16/Apr/2025:20:30:54 -0400] "POST /xmlrpc.php HTTP/1.1" 200 186 "-" "Mozilla/5.0 (Windows NT 10.0; Win64; x64; rv:67.0) Gecko/20100101 Firefox/67.0"
198.54.114.83 - - [16/Apr/2025:20:31:01 -0400] "POST /wp-admin/admin-ajax.php?action=async_litespeed&nonce=AddH4s7buHBD2Uo7N64jNYyjreNndOr4&litespeed_type=imgoptm HTTP/1.1" 200 0 "-" "WordPress/6.8; https://higglehub.com"
66.249.66.72 - - [16/Apr/2025:20:33:09 -0400] "GET /robots.txt HTTP/1.1" 304 0 "-" "Mozilla/5.0 (compatible; Googlebot/2.1; +http://www.google.com/bot.html)"
134.209.215.33 - - [16/Apr/2025:20:36:03 -0400] "GET /wp-admin/css/ HTTP/1.1" 403 1242 "binance.com" "Mozilla/5.0 (Windows NT 10.0; Win64; x64) AppleWebKit/537.36 (KHTML, like Gecko) Chrome/90.0.4430.85 Safari/537.36"
198.54.114.83 - - [16/Apr/2025:20:40:58 -0400] "POST /wp-cron.php?doing_wp_cron=1744850456.9936149120330810546875 HTTP/1.1" 200 0 "-" "WordPress/6.8; https://higglehub.com"
2a02:c205:2011:9188::1 - - [16/Apr/2025:20:40:52 -0400] "POST /xmlrpc.php HTTP/1.1" 200 186 "-" "Mozilla/5.0 (Windows NT 10.0; Win64; x64; rv:77.0) Gecko/20100101 Firefox/77.0"
103.159.51.29 - - [16/Apr/2025:20:42:16 -0400] "POST /xmlrpc.php HTTP/1.1" 200 186 "-" "Mozilla/5.0 (Windows NT 6.1; rv:52.0) Gecko/20100101 Firefox/52.0"
198.54.114.83 - - [16/Apr/2025:20:42:19 -0400] "POST /wp-cron.php?doing_wp_cron=1744850536.9750459194183349609375 HTTP/1.1" 200 0 "-" "WordPress/6.8; https://higglehub.com"
95.183.236.2 - - [16/Apr/2025:20:42:19 -0400] "POST /xmlrpc.php HTTP/1.1" 200 186 "-" "Mozilla/5.0 (Windows NT 10.0; Win64; x64; rv:61.0) Gecko/20100101 Firefox/61.0"
220.121.103.167 - - [16/Apr/2025:20:42:19 -0400] "POST /xmlrpc.php HTTP/1.1" 200 186 "-" "Mozilla/5.0 (Windows NT 10.0; Win64; x64) AppleWebKit/537.36 (KHTML, like Gecko) Chrome/84.0.4147.105 Safari/537.36"
84.247.150.34 - - [16/Apr/2025:20:42:27 -0400] "POST /xmlrpc.php HTTP/1.1" 200 186 "-" "Mozilla/5.0 (Windows NT 10.0) AppleWebKit/537.36 (KHTML, like Gecko) Chrome/72.0.3626.121 Safari/537.36"
194.233.90.160 - - [16/Apr/2025:20:42:30 -0400] "POST /xmlrpc.php HTTP/1.1" 200 186 "-" "Mozilla/5.0 (Windows NT 6.1; Win64; x64; rv:61.0) Gecko/20100101 Firefox/61.0"
91.239.206.48 - - [16/Apr/2025:20:42:36 -0400] "POST /xmlrpc.php HTTP/1.1" 200 186 "-" "Mozilla/5.0 (Windows NT 10.0; Win64; x64) AppleWebKit/537.36 (KHTML, like Gecko) Chrome/81.0.4044.138 Safari/537.36"
42.96.47.22 - - [16/Apr/2025:20:42:38 -0400] "POST /xmlrpc.php HTTP/1.1" 200 186 "-" "Mozilla/5.0 (Windows NT 6.1; WOW64; rv:40.0) Gecko/20100101 Firefox/40.1"
2a01:4f9:c010:2b94::1 - - [16/Apr/2025:20:42:41 -0400] "POST /xmlrpc.php HTTP/1.1" 200 186 "-" "Mozilla/5.0 (Windows NT 10.0; Win64; x64; rv:59.0) Gecko/20100101 Firefox/59.0"
196.251.80.216 - - [16/Apr/2025:20:42:43 -0400] "GET / HTTP/1.1" 200 10601 "-" "Mozlila/5.0 (Linux; Android 7.0; SM-G892A Bulid/NRD90M; wv) AppleWebKit/537.36 (KHTML, like Gecko) Version/4.0 Chrome/60.0.3112.107 Moblie Safari/537.36"
196.251.80.216 - - [16/Apr/2025:20:42:42 -0400] "GET /wp-content/plugins/fix/up.php HTTP/1.1" 404 7484 "-" "Mozilla/5.0 (Windows NT 10.0; Win64; x64) AppleWebKit/537.36 (KHTML, like Gecko) Chrome/85.0.4183.102 Safari/537.36"
196.251.80.216 - - [16/Apr/2025:20:42:42 -0400] "GET /wp-content/themes/seotheme/db.php?u HTTP/1.1" 404 7484 "www.google.com" "Mozlila/5.0 (Linux; Android 7.0; SM-G892A Bulid/NRD90M; wv) AppleWebKit/537.36 (KHTML, like Gecko) Version/4.0 Chrome/60.0.3112.107 Moblie Safari/537.36"
196.251.80.216 - - [16/Apr/2025:20:42:43 -0400] "POST /ALFA_DATA/alfacgiapi/perl.alfa HTTP/1.1" 404 7434 "www.google.com" "Mozlila/5.0 (Linux; Android 7.0; SM-G892A Bulid/NRD90M; wv) AppleWebKit/537.36 (KHTML, like Gecko) Version/4.0 Chrome/60.0.3112.107 Moblie Safari/537.36"
196.251.80.216 - - [16/Apr/2025:20:42:42 -0400] "POST /wp-plain.php HTTP/1.1" 404 7434 "www.google.com" "Mozilla/5.0 (Linux; Android 7.0; SM-G892A Bulid/NRD90M; wv) AppleWebKit/537.36 (KHTML, like Gecko) Version/4.0 Chrome/60.0.3112.107 Moblie Safari/537.36"
196.251.80.216 - - [16/Apr/2025:20:42:45 -0400] "GET /wp-content/themes/seotheme/db.php?u HTTP/1.1" 404 7484 "www.google.com" "Mozlila/5.0 (Linux; Android 7.0; SM-G892A Bulid/NRD90M; wv) AppleWebKit/537.36 (KHTML, like Gecko) Version/4.0 Chrome/60.0.3112.107 Moblie Safari/537.36"
196.251.80.216 - - [16/Apr/2025:20:42:44 -0400] "GET /wp-content/plugins/apikey/apikey.php?test=hello HTTP/1.1" 404 7484 "-" "Mozlila/5.0 (Linux; Android 7.0; SM-G892A Bulid/NRD90M; wv) AppleWebKit/537.36 (KHTML, like Gecko) Version/4.0 Chrome/60.0.3112.107 Moblie Safari/537.36"
62.60.206.149 - - [16/Apr/2025:20:42:45 -0400] "POST /xmlrpc.php HTTP/1.1" 200 186 "-" "Mozilla/5.0 (Windows; U; Windows NT 5.1; en-US; rv:1.7.5) Gecko/20041107 Firefox/1.0"
196.251.80.216 - - [16/Apr/2025:20:42:46 -0400] "GET /xrrgzfup.php?Fox=d3wL7 HTTP/1.1" 404 7484 "www.google.com" "Mozilla/5.0 (Linux; Android 7.0; SM-G892A Bulid/NRD90M; wv) AppleWebKit/537.36 (KHTML, like Gecko) Version/4.0 Chrome/60.0.3112.107 Moblie Safari/537.36"
196.251.80.216 - - [16/Apr/2025:20:42:46 -0400] "GET /plugins/content/apismtp/apismtp.php?test=hello HTTP/1.1" 404 7484 "-" "Mozlila/5.0 (Linux; Android 7.0; SM-G892A Bulid/NRD90M; wv) AppleWebKit/537.36 (KHTML, like Gecko) Version/4.0 Chrome/60.0.3112.107 Moblie Safari/537.36"
196.251.80.216 - - [16/Apr/2025:20:42:47 -0400] "POST /alfacgiapi/perl.alfa HTTP/1.1" 404 7434 "www.google.com" "Mozlila/5.0 (Linux; Android 7.0; SM-G892A Bulid/NRD90M; wv) AppleWebKit/537.36 (KHTML, like Gecko) Version/4.0 Chrome/60.0.3112.107 Moblie Safari/537.36"
196.251.80.216 - - [16/Apr/2025:20:42:48 -0400] "GET /wp-content/plugins/apikey/apikey.php.suspected?test=hello HTTP/1.1" 404 7484 "-" "Mozlila/5.0 (Linux; Android 7.0; SM-G892A Bulid/NRD90M; wv) AppleWebKit/537.36 (KHTML, like Gecko) Version/4.0 Chrome/60.0.3112.107 Moblie Safari/537.36"
196.251.80.216 - - [16/Apr/2025:20:42:50 -0400] "GET /plugins/content/apismtp/apismtp.php.suspected?test=hello HTTP/1.1" 404 7483 "-" "Mozlila/5.0 (Linux; Android 7.0; SM-G892A Bulid/NRD90M; wv) AppleWebKit/537.36 (KHTML, like Gecko) Version/4.0 Chrome/60.0.3112.107 Moblie Safari/537.36"
92.204.135.2 - - [16/Apr/2025:20:42:52 -0400] "POST /xmlrpc.php HTTP/1.1" 200 186 "-" "Mozilla/5.0 (Windows NT 10.0; Win64; x64) AppleWebKit/537.36 (KHTML, like Gecko) Chrome/69.0.3497.100 Safari/537.36"
194.233.90.160 - - [16/Apr/2025:20:42:52 -0400] "POST /xmlrpc.php HTTP/1.1" 200 186 "-" "Mozilla/5.0 (Windows NT 10.0) AppleWebKit/537.36 (KHTML, like Gecko) Chrome/72.0.3626.121 Safari/537.36"
159.223.40.177 - - [16/Apr/2025:20:42:56 -0400] "POST /xmlrpc.php HTTP/1.1" 200 186 "-" "Mozilla/5.0 (Linux; Android 10; SM-A102U) AppleWebKit/537.36 (KHTML, like Gecko) Chrome/91.0.4472.114 Mobile Safari/537.36"
13.80.27.129 - - [16/Apr/2025:20:42:57 -0400] "POST /xmlrpc.php HTTP/1.1" 200 186 "-" "Mozilla/5.0 (iPhone; CPU iPhone OS 14_6 like Mac OS X) AppleWebKit/605.1.15 (KHTML, like Gecko) CriOS/91.0.4472.80 Mobile/15E148 Safari/604.1"
198.54.114.83 - - [16/Apr/2025:20:47:01 -0400] "POST /wp-cron.php?doing_wp_cron=1744850819.9666020870208740234375 HTTP/1.1" 200 0 "-" "WordPress/6.8; https://higglehub.com"
46.250.161.140 - - [16/Apr/2025:20:46:55 -0400] "GET /unlock-amazing-savings-with-culture-gift-certificate-discount/ HTTP/1.1" 200 11155 "https://higglehub.com/unlock-amazing-savings-with-culture-gift-certificate-discount/#respond" "Mozilla/5.0 (Macintosh; Intel Mac OS X 10_15_7) AppleWebKit/537.36 (KHTML, like Gecko) Chrome/123.0.0.0 Safari/537.36"
134.209.21.205 - - [16/Apr/2025:20:47:52 -0400] "POST /xmlrpc.php HTTP/1.1" 200 186 "-" "Mozilla/5.0 (Windows NT 10.0; Win64; x64; rv:86.0) Gecko/20100101 Firefox/86.0"
165.227.84.75 - - [16/Apr/2025:20:48:36 -0400] "GET /wp-login.php HTTP/1.1" 200 1773 "-" "GRequests/0.10"
165.227.84.75 - - [16/Apr/2025:20:48:38 -0400] "POST /wp-login.php HTTP/1.1" 200 1900 "-" "GRequests/0.10"
198.54.114.83 - - [16/Apr/2025:20:48:40 -0400] "POST /wp-cron.php?doing_wp_cron=1744850919.3547089099884033203125 HTTP/1.1" 200 0 "-" "WordPress/6.8; https://higglehub.com"
196.251.85.190 - - [16/Apr/2025:20:48:43 -0400] "GET / HTTP/1.1" 200 10601 "-" "Mozilla/5.0 (Windows NT 10.0; Win64; x64) AppleWebKit/537.36 (KHTML, like Gecko) Chrome/89.0.4389.114 Safari/537.36"
196.251.85.190 - - [16/Apr/2025:20:48:45 -0400] "GET //wp-includes/wlwmanifest.xml HTTP/1.1" 301 0 "-" "Mozilla/5.0 (Windows NT 10.0; Win64; x64) AppleWebKit/537.36 (KHTML, like Gecko) Chrome/89.0.4389.114 Safari/537.36"
196.251.85.190 - - [16/Apr/2025:20:48:47 -0400] "GET //xmlrpc.php?rsd HTTP/1.1" 200 297 "-" "Mozilla/5.0 (Windows NT 10.0; Win64; x64) AppleWebKit/537.36 (KHTML, like Gecko) Chrome/89.0.4389.114 Safari/537.36"
196.251.85.190 - - [16/Apr/2025:20:48:50 -0400] "GET //?author=1 HTTP/1.1" 301 0 "-" "Mozilla/5.0 (Windows NT 10.0; Win64; x64) AppleWebKit/537.36 (KHTML, like Gecko) Chrome/89.0.4389.114 Safari/537.36"
196.251.85.190 - - [16/Apr/2025:20:48:52 -0400] "GET //?author=2 HTTP/1.1" 301 0 "-" "Mozilla/5.0 (Windows NT 10.0; Win64; x64) AppleWebKit/537.36 (KHTML, like Gecko) Chrome/89.0.4389.114 Safari/537.36"
196.251.85.190 - - [16/Apr/2025:20:48:53 -0400] "GET //?author=3 HTTP/1.1" 301 0 "-" "Mozilla/5.0 (Windows NT 10.0; Win64; x64) AppleWebKit/537.36 (KHTML, like Gecko) Chrome/89.0.4389.114 Safari/537.36"
196.251.85.190 - - [16/Apr/2025:20:48:55 -0400] "GET //wp-json/wp/v2/users/ HTTP/1.1" 200 1435 "-" "Mozilla/5.0 (Windows NT 10.0; Win64; x64) AppleWebKit/537.36 (KHTML, like Gecko) Chrome/89.0.4389.114 Safari/537.36"
196.251.85.190 - - [16/Apr/2025:20:48:56 -0400] "POST //xmlrpc.php HTTP/1.1" 200 189 "-" "Mozilla/5.0 (Windows NT 10.0; Win64; x64) AppleWebKit/537.36 (KHTML, like Gecko) Chrome/89.0.4389.114 Safari/537.36"
196.251.85.190 - - [16/Apr/2025:20:48:58 -0400] "POST //xmlrpc.php HTTP/1.1" 200 189 "-" "Mozilla/5.0 (Windows NT 10.0; Win64; x64) AppleWebKit/537.36 (KHTML, like Gecko) Chrome/89.0.4389.114 Safari/537.36"
196.251.85.190 - - [16/Apr/2025:20:49:01 -0400] "POST //xmlrpc.php HTTP/1.1" 200 205 "-" "Mozilla/5.0 (Windows NT 10.0; Win64; x64) AppleWebKit/537.36 (KHTML, like Gecko) Chrome/89.0.4389.114 Safari/537.36"
196.251.85.190 - - [16/Apr/2025:20:49:03 -0400] "POST //xmlrpc.php HTTP/1.1" 200 205 "-" "Mozilla/5.0 (Windows NT 10.0; Win64; x64) AppleWebKit/537.36 (KHTML, like Gecko) Chrome/89.0.4389.114 Safari/537.36"
196.251.85.190 - - [16/Apr/2025:20:49:05 -0400] "POST //xmlrpc.php HTTP/1.1" 200 189 "-" "Mozilla/5.0 (Windows NT 10.0; Win64; x64) AppleWebKit/537.36 (KHTML, like Gecko) Chrome/89.0.4389.114 Safari/537.36"
196.251.85.190 - - [16/Apr/2025:20:49:06 -0400] "POST //xmlrpc.php HTTP/1.1" 200 205 "-" "Mozilla/5.0 (Windows NT 10.0; Win64; x64) AppleWebKit/537.36 (KHTML, like Gecko) Chrome/89.0.4389.114 Safari/537.36"
198.54.114.83 - - [16/Apr/2025:20:51:05 -0400] "POST /wp-cron.php?doing_wp_cron=1744851065.3618209362030029296875 HTTP/1.1" 200 0 "-" "WordPress/6.8; https://higglehub.com"
82.165.67.211 - - [16/Apr/2025:20:51:01 -0400] "POST /xmlrpc.php HTTP/1.1" 200 186 "-" "Mozilla/5.0 (Windows NT 10.0; Win64; x64; rv:99.0) Gecko/20100101 Firefox/99.0"
198.54.114.83 - - [16/Apr/2025:20:51:07 -0400] "POST /wp-admin/admin-ajax.php?action=async_litespeed&nonce=BeUpPcP9T8BgyPtT3yBvvI2FgD1ZP5Rv&litespeed_type=imgoptm HTTP/1.1" 200 0 "-" "WordPress/6.8; https://higglehub.com"
198.54.114.83 - - [16/Apr/2025:20:54:07 -0400] "POST /wp-cron.php?doing_wp_cron=1744851246.0898690223693847656250 HTTP/1.1" 200 0 "-" "WordPress/6.8; https://higglehub.com"
135.119.141.8 - - [16/Apr/2025:20:54:00 -0400] "HEAD /wordpress HTTP/1.1" 404 0 "http://higglehub.com/wordpress" "Mozilla/5.0 (Windows NT 10.0; Win64; x64) AppleWebKit/537.36 (KHTML, like Gecko) Chrome/74.0.3729.169 Safari/537.36"
135.119.141.8 - - [16/Apr/2025:20:54:08 -0400] "HEAD / HTTP/1.1" 200 0 "http://higglehub.com/" "Mozilla/5.0 (Windows NT 10.0; Win64; x64) AppleWebKit/537.36 (KHTML, like Gecko) Chrome/74.0.3729.169 Safari/537.36"
198.54.114.83 - - [16/Apr/2025:20:54:08 -0400] "POST /wp-admin/admin-ajax.php?action=async_litespeed&nonce=1N5JuH3hzRzCI1WOCthnwOa4T79d2HJu&litespeed_type=imgoptm HTTP/1.1" 200 0 "-" "WordPress/6.8; https://higglehub.com"
135.119.141.8 - - [16/Apr/2025:20:54:10 -0400] "HEAD /wp HTTP/1.1" 404 0 "http://higglehub.com/wp" "Mozilla/5.0 (Windows NT 10.0; Win64; x64) AppleWebKit/537.36 (KHTML, like Gecko) Chrome/74.0.3729.169 Safari/537.36"
135.119.141.8 - - [16/Apr/2025:20:54:12 -0400] "HEAD /bc HTTP/1.1" 404 0 "http://higglehub.com/bc" "Mozilla/5.0 (Windows NT 10.0; Win64; x64) AppleWebKit/537.36 (KHTML, like Gecko) Chrome/74.0.3729.169 Safari/537.36"
135.119.141.8 - - [16/Apr/2025:20:54:13 -0400] "HEAD /bk HTTP/1.1" 404 0 "http://higglehub.com/bk" "Mozilla/5.0 (Windows NT 10.0; Win64; x64) AppleWebKit/537.36 (KHTML, like Gecko) Chrome/74.0.3729.169 Safari/537.36"
135.119.141.8 - - [16/Apr/2025:20:54:14 -0400] "HEAD /backup HTTP/1.1" 404 0 "http://higglehub.com/backup" "Mozilla/5.0 (Windows NT 10.0; Win64; x64) AppleWebKit/537.36 (KHTML, like Gecko) Chrome/74.0.3729.169 Safari/537.36"
135.119.141.8 - - [16/Apr/2025:20:54:15 -0400] "HEAD /old HTTP/1.1" 404 0 "http://higglehub.com/old" "Mozilla/5.0 (Windows NT 10.0; Win64; x64) AppleWebKit/537.36 (KHTML, like Gecko) Chrome/74.0.3729.169 Safari/537.36"
135.119.141.8 - - [16/Apr/2025:20:54:18 -0400] "HEAD /new HTTP/1.1" 404 0 "http://higglehub.com/new" "Mozilla/5.0 (Windows NT 10.0; Win64; x64) AppleWebKit/537.36 (KHTML, like Gecko) Chrome/74.0.3729.169 Safari/537.36"
135.119.141.8 - - [16/Apr/2025:20:54:20 -0400] "HEAD /main HTTP/1.1" 404 0 "http://higglehub.com/main" "Mozilla/5.0 (Windows NT 10.0; Win64; x64) AppleWebKit/537.36 (KHTML, like Gecko) Chrome/74.0.3729.169 Safari/537.36"
198.54.114.83 - - [16/Apr/2025:20:54:24 -0400] "POST /wp-cron.php?doing_wp_cron=1744851263.4769868850708007812500 HTTP/1.1" 200 0 "-" "WordPress/6.8; https://higglehub.com"
135.119.141.8 - - [16/Apr/2025:20:54:23 -0400] "HEAD /home HTTP/1.1" 404 0 "http://higglehub.com/home" "Mozilla/5.0 (Windows NT 10.0; Win64; x64) AppleWebKit/537.36 (KHTML, like Gecko) Chrome/74.0.3729.169 Safari/537.36"
198.54.114.83 - - [16/Apr/2025:20:54:25 -0400] "POST /wp-admin/admin-ajax.php?action=async_litespeed&nonce=1oXSTr5Jgx2OwC44YSDw0nnq3u0DVST8&litespeed_type=imgoptm HTTP/1.1" 200 0 "-" "WordPress/6.8; https://higglehub.com"
198.54.114.83 - - [16/Apr/2025:20:57:19 -0400] "POST /wp-cron.php?doing_wp_cron=1744851439.1118850708007812500000 HTTP/1.1" 200 0 "-" "WordPress/6.8; https://higglehub.com"
139.59.81.145 - - [16/Apr/2025:20:57:13 -0400] "POST /xmlrpc.php HTTP/1.1" 200 186 "-" "Mozilla/5.0 (Windows NT 10.0; Win64; x64; rv:63.0) Gecko/20100101 Firefox/63.0"
198.54.114.83 - - [16/Apr/2025:20:57:20 -0400] "POST /wp-admin/admin-ajax.php?action=async_litespeed&nonce=Vo6bQoBxTk3dPp3J8MjQRDXJt09dMMr4&litespeed_type=imgoptm HTTP/1.1" 200 0 "-" "WordPress/6.8; https://higglehub.com"
103.11.103.186 - - [16/Apr/2025:20:59:23 -0400] "GET /wp-login.php HTTP/1.1" 200 1773 "-" "GRequests/0.10"
103.11.103.186 - - [16/Apr/2025:20:59:25 -0400] "POST /wp-login.php HTTP/1.1" 200 1896 "-" "GRequests/0.10"
198.54.114.83 - - [16/Apr/2025:20:59:30 -0400] "POST /wp-cron.php?doing_wp_cron=1744851569.1127209663391113281250 HTTP/1.1" 200 0 "-" "WordPress/6.8; https://higglehub.com"
209.141.33.127 - - [16/Apr/2025:21:01:39 -0400] "GET /wp-login.php HTTP/1.1" 200 1773 "-" "Mozilla/5.0 (Macintosh; Intel Mac OS X 10_6_8) AppleWebKit/534.59.10 (KHTML, like Gecko) Version/5.1.9 Safari/534.59.10"
198.54.114.83 - - [16/Apr/2025:21:01:47 -0400] "POST /wp-cron.php?doing_wp_cron=1744851705.5420820713043212890625 HTTP/1.1" 200 0 "-" "WordPress/6.8; https://higglehub.com"
209.141.33.127 - - [16/Apr/2025:21:01:41 -0400] "POST /wp-login.php HTTP/1.1" 200 1896 "-" "Mozilla/5.0 (Macintosh; Intel Mac OS X 10_6_8) AppleWebKit/534.59.10 (KHTML, like Gecko) Version/5.1.9 Safari/534.59.10"
198.98.57.200 - - [16/Apr/2025:21:04:27 -0400] "GET /wp-login.php HTTP/1.1" 200 1773 "-" "Mozilla/5.0 (iPad; CPU OS 7_1_2 like Mac OS X) AppleWebKit/537.51.2 (KHTML, like Gecko) Version/7.0 Mobile/11D257 Safari/9537.53"
198.54.114.83 - - [16/Apr/2025:21:04:36 -0400] "POST /wp-cron.php?doing_wp_cron=1744851875.9084200859069824218750 HTTP/1.1" 200 0 "-" "WordPress/6.8; https://higglehub.com"
198.98.57.200 - - [16/Apr/2025:21:04:32 -0400] "POST /wp-login.php HTTP/1.1" 200 1900 "-" "Mozilla/5.0 (iPad; CPU OS 7_1_2 like Mac OS X) AppleWebKit/537.51.2 (KHTML, like Gecko) Version/7.0 Mobile/11D257 Safari/9537.53"
198.54.114.83 - - [16/Apr/2025:21:04:37 -0400] "POST /wp-admin/admin-ajax.php?action=async_litespeed&nonce=8uTHEWWnyFIhGRTiWgwDUyR8UaFDaYFU&litespeed_type=imgoptm HTTP/1.1" 200 0 "-" "WordPress/6.8; https://higglehub.com"
157.245.10.159 - - [16/Apr/2025:21:08:16 -0400] "POST /xmlrpc.php HTTP/1.1" 200 186 "-" "Mozilla/5.0 (Windows NT 10.0; Win64; x64; rv:79.0) Gecko/20100101 Firefox/79.0"
198.54.114.83 - - [16/Apr/2025:21:08:21 -0400] "POST /wp-cron.php?doing_wp_cron=1744852099.7384300231933593750000 HTTP/1.1" 200 0 "-" "WordPress/6.8; https://higglehub.com"
198.54.114.83 - - [16/Apr/2025:21:12:11 -0400] "POST /wp-cron.php?doing_wp_cron=1744852330.4371769428253173828125 HTTP/1.1" 200 0 "-" "WordPress/6.8; https://higglehub.com"
109.123.236.200 - - [16/Apr/2025:21:12:04 -0400] "POST /xmlrpc.php HTTP/1.1" 200 186 "-" "Mozilla/5.0 (Windows NT 10.0; Win64; x64; rv:76.0) Gecko/20100101 Firefox/76.0"
198.54.114.83 - - [16/Apr/2025:21:12:14 -0400] "POST /wp-admin/admin-ajax.php?action=async_litespeed&nonce=EcaKMKuuI1Z4NT1FcvKqYwSdxLjfY8bB&litespeed_type=imgoptm HTTP/1.1" 200 0 "-" "WordPress/6.8; https://higglehub.com"
198.54.114.83 - - [16/Apr/2025:21:14:09 -0400] "POST /wp-cron.php?doing_wp_cron=1744852449.2072489261627197265625 HTTP/1.1" 200 0 "-" "WordPress/6.8; https://higglehub.com"
185.36.145.205 - - [16/Apr/2025:21:14:04 -0400] "POST /xmlrpc.php HTTP/1.1" 200 205 "-" "Mozilla/5.0 (X11; Fedora; Linux x86_64; rv:94.0) Gecko/20100101 Firefox/95.0"
198.54.114.83 - - [16/Apr/2025:21:14:11 -0400] "POST /wp-admin/admin-ajax.php?action=async_litespeed&nonce=eI43Nbz6JNVpXyQ1WeAivdBBqaTQCqSt&litespeed_type=imgoptm HTTP/1.1" 200 0 "-" "WordPress/6.8; https://higglehub.com"
138.199.29.231 - - [16/Apr/2025:21:17:59 -0400] "GET / HTTP/1.1" 200 10601 "-" "Mozilla/5.0 (Windows NT 10.0; Win64; x64) AppleWebKit/537.36 (KHTML, like Gecko) Chrome/78.0.3904.108 Safari/537.36"
198.54.114.83 - - [16/Apr/2025:21:18:04 -0400] "POST /wp-cron.php?doing_wp_cron=1744852683.5053451061248779296875 HTTP/1.1" 200 0 "-" "WordPress/6.8; https://higglehub.com"
138.199.29.231 - - [16/Apr/2025:21:17:59 -0400] "GET //wp-includes/wlwmanifest.xml HTTP/1.1" 301 0 "-" "Mozilla/5.0 (Windows NT 10.0; Win64; x64) AppleWebKit/537.36 (KHTML, like Gecko) Chrome/78.0.3904.108 Safari/537.36"
198.54.114.83 - - [16/Apr/2025:21:18:04 -0400] "POST /wp-admin/admin-ajax.php?action=async_litespeed&nonce=D1Kvr0f2SxCocd9BCwJYQCOHoxm6AABl&litespeed_type=imgoptm HTTP/1.1" 200 0 "-" "WordPress/6.8; https://higglehub.com"
138.199.29.231 - - [16/Apr/2025:21:18:05 -0400] "GET //xmlrpc.php?rsd HTTP/1.1" 200 297 "-" "Mozilla/5.0 (Windows NT 10.0; Win64; x64) AppleWebKit/537.36 (KHTML, like Gecko) Chrome/78.0.3904.108 Safari/537.36"
138.199.29.231 - - [16/Apr/2025:21:18:06 -0400] "GET //?author=1 HTTP/1.1" 301 0 "-" "Mozilla/5.0 (Windows NT 10.0; Win64; x64) AppleWebKit/537.36 (KHTML, like Gecko) Chrome/78.0.3904.108 Safari/537.36"
138.199.29.231 - - [16/Apr/2025:21:18:07 -0400] "GET //?author=2 HTTP/1.1" 301 0 "-" "Mozilla/5.0 (Windows NT 10.0; Win64; x64) AppleWebKit/537.36 (KHTML, like Gecko) Chrome/78.0.3904.108 Safari/537.36"
138.199.29.231 - - [16/Apr/2025:21:18:07 -0400] "GET //wp-json/wp/v2/users/ HTTP/1.1" 200 1435 "-" "Mozilla/5.0 (Windows NT 10.0; Win64; x64) AppleWebKit/537.36 (KHTML, like Gecko) Chrome/78.0.3904.108 Safari/537.36"
138.199.29.231 - - [16/Apr/2025:21:18:08 -0400] "POST //xmlrpc.php HTTP/1.1" 200 205 "-" "Mozilla/5.0 (Windows NT 10.0; Win64; x64) AppleWebKit/537.36 (KHTML, like Gecko) Chrome/78.0.3904.108 Safari/537.36"
138.199.29.231 - - [16/Apr/2025:21:18:09 -0400] "POST //xmlrpc.php HTTP/1.1" 200 205 "-" "Mozilla/5.0 (Windows NT 10.0; Win64; x64) AppleWebKit/537.36 (KHTML, like Gecko) Chrome/78.0.3904.108 Safari/537.36"
138.199.29.231 - - [16/Apr/2025:21:18:10 -0400] "POST //xmlrpc.php HTTP/1.1" 200 205 "-" "Mozilla/5.0 (Windows NT 10.0; Win64; x64) AppleWebKit/537.36 (KHTML, like Gecko) Chrome/78.0.3904.108 Safari/537.36"
138.199.29.231 - - [16/Apr/2025:21:18:12 -0400] "POST //xmlrpc.php HTTP/1.1" 200 205 "-" "Mozilla/5.0 (Windows NT 10.0; Win64; x64) AppleWebKit/537.36 (KHTML, like Gecko) Chrome/78.0.3904.108 Safari/537.36"
138.199.29.231 - - [16/Apr/2025:21:18:13 -0400] "POST //xmlrpc.php HTTP/1.1" 200 205 "-" "Mozilla/5.0 (Windows NT 10.0; Win64; x64) AppleWebKit/537.36 (KHTML, like Gecko) Chrome/78.0.3904.108 Safari/537.36"
138.199.29.231 - - [16/Apr/2025:21:18:15 -0400] "POST //xmlrpc.php HTTP/1.1" 200 205 "-" "Mozilla/5.0 (Windows NT 10.0; Win64; x64) AppleWebKit/537.36 (KHTML, like Gecko) Chrome/78.0.3904.108 Safari/537.36"
198.54.114.83 - - [16/Apr/2025:21:22:07 -0400] "POST /wp-cron.php?doing_wp_cron=1744852925.9380259513854980468750 HTTP/1.1" 200 0 "-" "WordPress/6.8; https://higglehub.com"
101.46.14.246 - - [16/Apr/2025:21:22:01 -0400] "GET /a-strategic-approach/ HTTP/1.1" 200 11091 "https://higglehub.com/a-strategic-approach/#respond" "Mozilla/5.0 (Windows NT 10.0; Win64; x64) AppleWebKit/537.36 (KHTML, like Gecko) Chrome/104.0.0.0 Safari/537.36"
198.54.114.83 - - [16/Apr/2025:21:27:09 -0400] "POST /wp-cron.php?doing_wp_cron=1744853227.9663450717926025390625 HTTP/1.1" 200 0 "-" "WordPress/6.8; https://higglehub.com"
2600:3c00::f03c:95ff:fe50:de80 - - [16/Apr/2025:21:27:03 -0400] "POST /xmlrpc.php HTTP/1.1" 200 186 "-" "Mozilla/5.0 (Windows NT 10.0; Win64; x64; rv:84.0) Gecko/20100101 Firefox/84.0"
198.54.114.83 - - [16/Apr/2025:21:35:41 -0400] "POST /wp-cron.php?doing_wp_cron=1744853740.3614470958709716796875 HTTP/1.1" 200 0 "-" "WordPress/6.8; https://higglehub.com"
198.54.114.83 - - [16/Apr/2025:21:35:41 -0400] "POST /wp-cron.php?doing_wp_cron=1744853740.3636200428009033203125 HTTP/1.1" 200 0 "-" "WordPress/6.8; https://higglehub.com"
148.72.144.38 - - [16/Apr/2025:21:35:37 -0400] "POST /xmlrpc.php HTTP/1.1" 200 186 "-" "Mozilla/5.0 (Windows NT 5.1; rv:7.0.1) Gecko/20100101 Firefox/7.0.1"
8.138.199.132 - - [16/Apr/2025:21:35:39 -0400] "POST /xmlrpc.php HTTP/1.1" 200 186 "-" "Mozilla/5.0 (Windows NT 5.1; rv:36.0) Gecko/20100101 Firefox/36.0"
217.160.207.42 - - [16/Apr/2025:21:35:41 -0400] "POST /xmlrpc.php HTTP/1.1" 200 186 "-" "Mozilla/5.0 (Macintosh; Intel Mac OS X 11_4) AppleWebKit/537.36 (KHTML, like Gecko) Chrome/91.0.4472.114 Safari/537.36"
198.54.114.83 - - [16/Apr/2025:21:35:41 -0400] "POST /wp-admin/admin-ajax.php?action=async_litespeed&nonce=McUWBqx65DwjDGDyGnHkp8jnfcyOqUVO&litespeed_type=imgoptm HTTP/1.1" 200 5 "-" "WordPress/6.8; https://higglehub.com"
82.223.13.191 - - [16/Apr/2025:21:35:47 -0400] "POST /xmlrpc.php HTTP/1.1" 200 186 "-" "Mozilla/5.0 (Windows NT 6.1; Win64; x64) AppleWebKit/537.36 (KHTML, like Gecko) Chrome/79.0.3945.88 Safari/537.36"
148.72.144.38 - - [16/Apr/2025:21:35:51 -0400] "POST /xmlrpc.php HTTP/1.1" 200 186 "-" "Mozilla/5.0 (Linux; Android 10; SM-G960U) AppleWebKit/537.36 (KHTML, like Gecko) Chrome/91.0.4472.114 Mobile Safari/537.36"
84.247.150.34 - - [16/Apr/2025:21:35:56 -0400] "POST /xmlrpc.php HTTP/1.1" 200 186 "-" "Mozilla/5.0 (Windows NT 5.1; rv:30.0) Gecko/20100101 Firefox/30.0"
198.251.83.217 - - [16/Apr/2025:21:35:57 -0400] "POST /xmlrpc.php HTTP/1.1" 200 186 "-" "Mozilla/5.0 (Windows NT 6.1; WOW64; rv:45.0) Gecko/20100101 Firefox/45.0"
95.183.236.2 - - [16/Apr/2025:21:35:58 -0400] "POST /xmlrpc.php HTTP/1.1" 200 186 "-" "Mozilla/5.0 (Windows NT 10.0) AppleWebKit/537.36 (KHTML, like Gecko) Chrome/91.0.4472.114 Safari/537.36"
34.173.100.13 - - [16/Apr/2025:21:36:02 -0400] "POST /xmlrpc.php HTTP/1.1" 200 186 "-" "Mozilla/5.0 (Windows NT 10.0; Win64; x64; rv:84.0) Gecko/20100101 Firefox/84.0"
2a01:4f9:3070:1220::2 - - [16/Apr/2025:21:36:02 -0400] "POST /xmlrpc.php HTTP/1.1" 200 186 "-" "Mozilla/5.0 (Windows NT 10.0; Win64; x64) AppleWebKit/537.36 (KHTML, like Gecko) Chrome/78.0.3904.108 Safari/537.36"
82.223.13.191 - - [16/Apr/2025:21:36:06 -0400] "POST /xmlrpc.php HTTP/1.1" 200 186 "-" "Mozilla/5.0 (Windows NT 10.0; Win64; x64) AppleWebKit/537.36 (KHTML, like Gecko) Chrome/74.0.3729.169 Safari/537.36"
2402:1f00:8102:100::df - - [16/Apr/2025:21:38:28 -0400] "GET /.git/config HTTP/1.1" 403 1242 "-" "Mozilla/5.0 (Windows NT 10.0; Win64; x64) AppleWebKit/537.36 (KHTML, like Gecko) Chrome/96.0.4664.45 Safari/537.36"
198.54.114.83 - - [16/Apr/2025:21:41:06 -0400] "POST /wp-cron.php?doing_wp_cron=1744854065.6954479217529296875000 HTTP/1.1" 200 0 "-" "WordPress/6.8; https://higglehub.com"
167.172.29.116 - - [16/Apr/2025:21:41:02 -0400] "POST /xmlrpc.php HTTP/1.1" 200 186 "-" "Mozilla/5.0 (Windows NT 10.0; Win64; x64; rv:88.0) Gecko/20100101 Firefox/88.0"
198.54.114.83 - - [16/Apr/2025:21:41:07 -0400] "POST /wp-admin/admin-ajax.php?action=async_litespeed&nonce=rrdKsh0AGjq3d9br0IuEH9pFgiADoFKN&litespeed_type=imgoptm HTTP/1.1" 200 0 "-" "WordPress/6.8; https://higglehub.com"
198.54.114.83 - - [16/Apr/2025:22:08:15 -0400] "POST /wp-cron.php?doing_wp_cron=1744855694.9657139778137207031250 HTTP/1.1" 200 0 "-" "WordPress/6.8; https://higglehub.com"
13.90.159.17 - - [16/Apr/2025:22:08:10 -0400] "GET /lv.php HTTP/1.1" 404 7484 "-" "-"
198.54.114.83 - - [16/Apr/2025:22:08:16 -0400] "POST /wp-admin/admin-ajax.php?action=async_litespeed&nonce=Zgzi5tANMWni1XVNTQdpbfKOKJzJK3uD&litespeed_type=imgoptm HTTP/1.1" 200 0 "-" "WordPress/6.8; https://higglehub.com"
13.90.159.17 - - [16/Apr/2025:22:08:17 -0400] "GET /wp-content/plugins/pwnd/pwnd.php HTTP/1.1" 404 7484 "-" "-"
13.90.159.17 - - [16/Apr/2025:22:08:18 -0400] "GET /wp-content/plugins/pwnd-1/pwnd.php HTTP/1.1" 404 7484 "-" "-"
13.90.159.17 - - [16/Apr/2025:22:08:21 -0400] "GET /wp-includes/Requests/about.php HTTP/1.1" 404 7484 "-" "-"
198.54.114.83 - - [16/Apr/2025:22:08:24 -0400] "POST /wp-cron.php?doing_wp_cron=1744855703.7489039897918701171875 HTTP/1.1" 200 0 "-" "WordPress/6.8; https://higglehub.com"
13.90.159.17 - - [16/Apr/2025:22:08:23 -0400] "GET /wp-includes/style-engine/about.php HTTP/1.1" 404 7484 "-" "-"
198.54.114.83 - - [16/Apr/2025:22:08:25 -0400] "POST /wp-admin/admin-ajax.php?action=async_litespeed&nonce=bTjZoCuGYrgH5hX9zqSe63MHtfRSyeaR&litespeed_type=imgoptm HTTP/1.1" 200 5 "-" "WordPress/6.8; https://higglehub.com"
13.90.159.17 - - [16/Apr/2025:22:08:25 -0400] "GET /wp-includes/rest-api/about.php HTTP/1.1" 404 7484 "-" "-"
13.90.159.17 - - [16/Apr/2025:22:08:27 -0400] "GET /wp-includes/SimplePie/about.php HTTP/1.1" 404 7484 "-" "-"
13.90.159.17 - - [16/Apr/2025:22:08:28 -0400] "GET /wp-content/banners/about.php HTTP/1.1" 404 7484 "-" "-"
13.90.159.17 - - [16/Apr/2025:22:08:32 -0400] "GET /wp-content/about.php HTTP/1.1" 404 7484 "-" "-"
13.90.159.17 - - [16/Apr/2025:22:08:34 -0400] "GET /.well-known/about.php HTTP/1.1" 404 7484 "-" "-"
13.90.159.17 - - [16/Apr/2025:22:08:35 -0400] "GET /wp-includes/Text/about.php HTTP/1.1" 404 7484 "-" "-"
13.90.159.17 - - [16/Apr/2025:22:08:37 -0400] "GET /wp-includes/ID3/about.php HTTP/1.1" 404 7484 "-" "-"
13.90.159.17 - - [16/Apr/2025:22:08:38 -0400] "GET /img/about.php HTTP/1.1" 404 7484 "-" "-"
13.90.159.17 - - [16/Apr/2025:22:08:40 -0400] "GET /wp-content/languages/about.php HTTP/1.1" 404 7484 "-" "-"
13.90.159.17 - - [16/Apr/2025:22:08:42 -0400] "GET /wp-includes/customize/about.php HTTP/1.1" 404 7484 "-" "-"
13.90.159.17 - - [16/Apr/2025:22:08:45 -0400] "GET /wp-includes.bak/html-api/about.php HTTP/1.1" 404 7484 "-" "-"
13.90.159.17 - - [16/Apr/2025:22:08:49 -0400] "GET /wp-includes/widgets/about.php HTTP/1.1" 404 7484 "-" "-"
13.90.159.17 - - [16/Apr/2025:22:08:51 -0400] "GET /wp-includes/IXR/about.php HTTP/1.1" 404 7484 "-" "-"
13.90.159.17 - - [16/Apr/2025:22:08:55 -0400] "GET /wp-admin/js/about.php HTTP/1.1" 404 7484 "-" "-"
13.90.159.17 - - [16/Apr/2025:22:08:57 -0400] "GET /.well-known/pki-validation/about.php HTTP/1.1" 404 1251 "-" "-"
13.90.159.17 - - [16/Apr/2025:22:08:58 -0400] "GET /wp-includes/pomo/about.php HTTP/1.1" 404 7484 "-" "-"
13.90.159.17 - - [16/Apr/2025:22:09:00 -0400] "GET /wp-includes/block-patterns/about.php HTTP/1.1" 404 7483 "-" "-"
13.90.159.17 - - [16/Apr/2025:22:09:04 -0400] "GET /wp-content/updraft/about.php HTTP/1.1" 404 7484 "-" "-"
13.90.159.17 - - [16/Apr/2025:22:09:07 -0400] "GET /wp-content/upgrade-temp-backup/about.php HTTP/1.1" 404 7484 "-" "-"
13.90.159.17 - - [16/Apr/2025:22:09:09 -0400] "GET /wp-content/themes/about.php HTTP/1.1" 404 7484 "-" "-"
13.90.159.17 - - [16/Apr/2025:22:09:11 -0400] "GET /wp-admin/includes/about.php HTTP/1.1" 404 7484 "-" "-"
13.90.159.17 - - [16/Apr/2025:22:09:13 -0400] "GET /images/about.php HTTP/1.1" 404 7484 "-" "-"
13.90.159.17 - - [16/Apr/2025:22:09:15 -0400] "GET /wp-content/blogs.dir/about.php HTTP/1.1" 404 7484 "-" "-"
13.90.159.17 - - [16/Apr/2025:22:09:17 -0400] "GET /wp-includes/images/about.php HTTP/1.1" 404 7484 "-" "-"
13.90.159.17 - - [16/Apr/2025:22:09:20 -0400] "GET /cgi-bin/about.php HTTP/1.1" 404 7484 "-" "-"
198.54.114.83 - - [16/Apr/2025:22:09:24 -0400] "POST /wp-cron.php?doing_wp_cron=1744855763.6982619762420654296875 HTTP/1.1" 200 0 "-" "WordPress/6.8; https://higglehub.com"
13.90.159.17 - - [16/Apr/2025:22:09:23 -0400] "GET /wp-content/gallery/about.php HTTP/1.1" 404 7484 "-" "-"
198.54.114.83 - - [16/Apr/2025:22:09:26 -0400] "POST /wp-admin/admin-ajax.php?action=async_litespeed&nonce=Q6DXPnY7kQkgqTDxqgkWjyeULQEXEUdI&litespeed_type=imgoptm HTTP/1.1" 200 0 "-" "WordPress/6.8; https://higglehub.com"
13.90.159.17 - - [16/Apr/2025:22:09:26 -0400] "GET /wp-includes/blocks/about.php HTTP/1.1" 404 7484 "-" "-"
13.90.159.17 - - [16/Apr/2025:22:09:29 -0400] "GET /wp-admin/css/about.php HTTP/1.1" 404 7484 "-" "-"
13.90.159.17 - - [16/Apr/2025:22:09:31 -0400] "GET /wp-admin/images/about.php HTTP/1.1" 404 7484 "-" "-"
13.90.159.17 - - [16/Apr/2025:22:09:34 -0400] "GET /.well-known/pki-validation/cloud.php HTTP/1.1" 404 1251 "-" "-"
13.90.159.17 - - [16/Apr/2025:22:09:37 -0400] "GET /.well-known/acme-challenge/cloud.php HTTP/1.1" 404 7484 "-" "-"
13.90.159.17 - - [16/Apr/2025:22:09:39 -0400] "GET /wp-admin/network/cloud.php HTTP/1.1" 404 7484 "-" "-"
13.90.159.17 - - [16/Apr/2025:22:09:42 -0400] "GET /cloud.php HTTP/1.1" 404 7484 "-" "-"
13.90.159.17 - - [16/Apr/2025:22:09:43 -0400] "GET /cgi-bin/cloud.php HTTP/1.1" 404 7484 "-" "-"
13.90.159.17 - - [16/Apr/2025:22:09:46 -0400] "GET /wp-content/updates.php HTTP/1.1" 404 7484 "-" "-"
13.90.159.17 - - [16/Apr/2025:22:09:48 -0400] "GET /css/cloud.php HTTP/1.1" 404 7484 "-" "-"
13.90.159.17 - - [16/Apr/2025:22:09:49 -0400] "GET /wp-admin/user/cloud.php HTTP/1.1" 404 7483 "-" "-"
13.90.159.17 - - [16/Apr/2025:22:09:50 -0400] "GET /img/cloud.php HTTP/1.1" 404 7484 "-" "-"
13.90.159.17 - - [16/Apr/2025:22:09:52 -0400] "GET /wp-admin/css/colors/coffee/cloud.php HTTP/1.1" 404 7484 "-" "-"
13.90.159.17 - - [16/Apr/2025:22:09:54 -0400] "GET /wp-admin/images/cloud.php HTTP/1.1" 404 7484 "-" "-"
13.90.159.17 - - [16/Apr/2025:22:09:57 -0400] "GET /avaa.php HTTP/1.1" 404 7484 "-" "-"
13.90.159.17 - - [16/Apr/2025:22:09:59 -0400] "GET /images/cloud.php HTTP/1.1" 404 7483 "-" "-"
13.90.159.17 - - [16/Apr/2025:22:10:05 -0400] "GET /wp-admin/js/widgets/cloud.php HTTP/1.1" 404 7483 "-" "-"
13.90.159.17 - - [16/Apr/2025:22:10:07 -0400] "GET /wp-includes/Requests/Text/admin.php HTTP/1.1" 404 7483 "-" "-"
13.90.159.17 - - [16/Apr/2025:22:10:08 -0400] "GET /wp-admin/css/colors/cloud.php HTTP/1.1" 404 7483 "-" "-"
13.90.159.17 - - [16/Apr/2025:22:10:10 -0400] "GET /wp-admin/includes/cloud.php HTTP/1.1" 404 7483 "-" "-"
13.90.159.17 - - [16/Apr/2025:22:10:11 -0400] "GET /wp-admin/css/colors/blue/cloud.php HTTP/1.1" 404 7483 "-" "-"
13.90.159.17 - - [16/Apr/2025:22:10:15 -0400] "GET /wp-admin/cloud.php HTTP/1.1" 404 7483 "-" "-"
13.90.159.17 - - [16/Apr/2025:22:10:17 -0400] "GET /updates.php HTTP/1.1" 404 7483 "-" "-"
13.90.159.17 - - [16/Apr/2025:22:10:18 -0400] "GET /libraries/legacy/updates.php HTTP/1.1" 404 7484 "-" "-"
13.90.159.17 - - [16/Apr/2025:22:10:19 -0400] "GET /libraries/phpmailer/updates.php HTTP/1.1" 404 7483 "-" "-"
13.90.159.17 - - [16/Apr/2025:22:10:20 -0400] "GET /libraries/vendor/updates.php HTTP/1.1" 404 7483 "-" "-"
13.90.159.17 - - [16/Apr/2025:22:10:21 -0400] "GET /alfa-rex.php7 HTTP/1.1" 404 7484 "-" "-"
198.54.114.83 - - [16/Apr/2025:22:10:23 -0400] "POST /wp-cron.php?doing_wp_cron=1744855823.3419539928436279296875 HTTP/1.1" 200 0 "-" "WordPress/6.8; https://higglehub.com"
13.90.159.17 - - [16/Apr/2025:22:10:23 -0400] "GET /alfanew.php HTTP/1.1" 404 7483 "-" "-"
198.54.114.83 - - [16/Apr/2025:22:10:24 -0400] "POST /wp-admin/admin-ajax.php?action=async_litespeed&nonce=DlnRpbgezDwzUaivxbu7Zvg7qdq4PLhb&litespeed_type=imgoptm HTTP/1.1" 200 5 "-" "WordPress/6.8; https://higglehub.com"
13.90.159.17 - - [16/Apr/2025:22:10:25 -0400] "GET /wp-content/plugins/Cache/Cache.php HTTP/1.1" 404 7483 "-" "-"
13.90.159.17 - - [16/Apr/2025:22:10:26 -0400] "GET /wp-admin/js/widgets/about.php7 HTTP/1.1" 404 7483 "-" "-"
13.90.159.17 - - [16/Apr/2025:22:10:28 -0400] "GET /wp-p.php7 HTTP/1.1" 404 7484 "-" "-"
13.90.159.17 - - [16/Apr/2025:22:10:30 -0400] "GET /wp-admin/repeater.php HTTP/1.1" 404 7484 "-" "-"
13.90.159.17 - - [16/Apr/2025:22:10:32 -0400] "GET /wp-includes/repeater.php HTTP/1.1" 404 7484 "-" "-"
13.90.159.17 - - [16/Apr/2025:22:10:33 -0400] "GET /wp-content/repeater.php HTTP/1.1" 404 7483 "-" "-"
13.90.159.17 - - [16/Apr/2025:22:10:34 -0400] "GET /wsoyanz.php HTTP/1.1" 404 7483 "-" "-"
13.90.159.17 - - [16/Apr/2025:22:10:35 -0400] "GET /yanz.php HTTP/1.1" 404 7484 "-" "-"
13.90.159.17 - - [16/Apr/2025:22:10:37 -0400] "GET /wp-content/plugins/seoo/wsoyanz.php HTTP/1.1" 404 7484 "-" "-"
13.90.159.17 - - [16/Apr/2025:22:10:39 -0400] "GET /wp-content/plugins/seoo/wsoyanz1.php HTTP/1.1" 404 7483 "-" "-"
13.90.159.17 - - [16/Apr/2025:22:10:40 -0400] "GET /cache-compat.php HTTP/1.1" 404 7483 "-" "-"
13.90.159.17 - - [16/Apr/2025:22:10:42 -0400] "GET /ajax-actions.php HTTP/1.1" 404 7483 "-" "-"
13.90.159.17 - - [16/Apr/2025:22:10:44 -0400] "GET /wp-admin/ajax-actions.php HTTP/1.1" 404 7484 "-" "-"
13.90.159.17 - - [16/Apr/2025:22:10:46 -0400] "GET /wp-consar.php HTTP/1.1" 404 7484 "-" "-"
13.90.159.17 - - [16/Apr/2025:22:10:47 -0400] "GET /repeater.php HTTP/1.1" 404 7484 "-" "-"
13.90.159.17 - - [16/Apr/2025:22:10:50 -0400] "GET /admin-post.php HTTP/1.1" 404 7483 "-" "-"
13.90.159.17 - - [16/Apr/2025:22:10:51 -0400] "GET /wp-admin/maint/maint/ajax-actions.php HTTP/1.1" 404 7483 "-" "-"
13.90.159.17 - - [16/Apr/2025:22:10:52 -0400] "GET /wp-admin/dropdown.php HTTP/1.1" 404 7483 "-" "-"
13.90.159.17 - - [16/Apr/2025:22:10:55 -0400] "GET /wp-admin/css/index.php HTTP/1.1" 301 0 "-" "-"
13.90.159.17 - - [16/Apr/2025:22:10:57 -0400] "GET /wp-admin/css/ HTTP/1.1" 403 1242 "-" "-"
13.90.159.17 - - [16/Apr/2025:22:10:59 -0400] "GET /about.php HTTP/1.1" 404 7483 "-" "-"
13.90.159.17 - - [16/Apr/2025:22:11:00 -0400] "GET /about.php7 HTTP/1.1" 404 7484 "-" "-"
13.90.159.17 - - [16/Apr/2025:22:11:03 -0400] "GET /alfanew.php7 HTTP/1.1" 404 7483 "-" "-"
13.90.159.17 - - [16/Apr/2025:22:11:05 -0400] "GET /adminfuns.php7 HTTP/1.1" 404 7483 "-" "-"
13.90.159.17 - - [16/Apr/2025:22:11:06 -0400] "GET /ebs.php7 HTTP/1.1" 404 7483 "-" "-"
13.90.159.17 - - [16/Apr/2025:22:11:10 -0400] "GET /ws.php7 HTTP/1.1" 404 7483 "-" "-"
13.90.159.17 - - [16/Apr/2025:22:11:13 -0400] "GET /alfanew2.php7 HTTP/1.1" 404 7484 "-" "-"
13.90.159.17 - - [16/Apr/2025:22:11:14 -0400] "GET /alfa-rex2.php7 HTTP/1.1" 404 7483 "-" "-"
13.90.159.17 - - [16/Apr/2025:22:11:15 -0400] "GET /wp-admin/images/index.php HTTP/1.1" 301 0 "-" "-"
13.90.159.17 - - [16/Apr/2025:22:11:18 -0400] "GET /wp-admin/images/ HTTP/1.1" 403 1242 "-" "-"
13.90.159.17 - - [16/Apr/2025:22:11:19 -0400] "GET /wp-admin/css/colors/index.php HTTP/1.1" 301 0 "-" "-"
13.90.159.17 - - [16/Apr/2025:22:11:21 -0400] "GET /wp-admin/css/colors/ HTTP/1.1" 403 1242 "-" "-"
198.54.114.83 - - [16/Apr/2025:22:11:24 -0400] "POST /wp-cron.php?doing_wp_cron=1744855882.1685559749603271484375 HTTP/1.1" 200 0 "-" "WordPress/6.8; https://higglehub.com"
13.90.159.17 - - [16/Apr/2025:22:11:21 -0400] "GET /wp-content/themes/pridmag/db.php HTTP/1.1" 404 7484 "-" "-"
13.90.159.17 - - [16/Apr/2025:22:11:28 -0400] "GET /wp-content/themes/seotheme/mar.php HTTP/1.1" 404 7484 "-" "-"
13.90.159.17 - - [16/Apr/2025:22:11:31 -0400] "GET /wp-content/plugins/linkpreview/db.php HTTP/1.1" 404 7484 "-" "-"
13.90.159.17 - - [16/Apr/2025:22:11:33 -0400] "GET /wp-content/themes/seotheme/db.php HTTP/1.1" 404 7484 "-" "-"
13.90.159.17 - - [16/Apr/2025:22:11:36 -0400] "GET /wp-content/plugins/seoplugins/db.php HTTP/1.1" 404 7484 "-" "-"
13.90.159.17 - - [16/Apr/2025:22:11:39 -0400] "GET /.well-known/pki-validation/xmrlpc.php HTTP/1.1" 404 1251 "-" "-"
13.90.159.17 - - [16/Apr/2025:22:11:40 -0400] "GET /.well-known/acme-challenge/xmrlpc.php HTTP/1.1" 404 7484 "-" "-"
134.17.14.122 - - [16/Apr/2025:22:11:41 -0400] "GET /nope.php HTTP/1.1" 404 7484 "-" "Mozilla/4.0 (compatible; MSIE 6.0; Windows NT 5.1; SV1)"
13.90.159.17 - - [16/Apr/2025:22:11:42 -0400] "GET /wp-admin/network/xmrlpc.php HTTP/1.1" 404 7484 "-" "-"
13.90.159.17 - - [16/Apr/2025:22:11:43 -0400] "GET /xmrlpc.php HTTP/1.1" 404 7484 "-" "-"
13.90.159.17 - - [16/Apr/2025:22:11:44 -0400] "GET /cgi-bin/xmrlpc.php HTTP/1.1" 404 7484 "-" "-"
13.90.159.17 - - [16/Apr/2025:22:11:44 -0400] "GET /css/xmrlpc.php HTTP/1.1" 404 7484 "-" "-"
13.90.159.17 - - [16/Apr/2025:22:11:45 -0400] "GET /wp-admin/user/xmrlpc.php HTTP/1.1" 404 7484 "-" "-"
13.90.159.17 - - [16/Apr/2025:22:11:46 -0400] "GET /img/xmrlpc.php HTTP/1.1" 404 7484 "-" "-"
13.90.159.17 - - [16/Apr/2025:22:11:48 -0400] "GET /wp-admin/css/colors/coffee/xmrlpc.php HTTP/1.1" 404 7484 "-" "-"
13.90.159.17 - - [16/Apr/2025:22:11:49 -0400] "GET /wp-admin/images/xmrlpc.php HTTP/1.1" 404 7484 "-" "-"
13.90.159.17 - - [16/Apr/2025:22:11:50 -0400] "GET /images/xmrlpc.php HTTP/1.1" 404 7483 "-" "-"
13.90.159.17 - - [16/Apr/2025:22:11:50 -0400] "GET /wp-admin/js/widgets/xmrlpc.php HTTP/1.1" 404 7483 "-" "-"
13.90.159.17 - - [16/Apr/2025:22:11:51 -0400] "GET /wp-admin/css/colors/xmrlpc.php HTTP/1.1" 404 7483 "-" "-"
13.90.159.17 - - [16/Apr/2025:22:11:52 -0400] "GET /wp-admin/includes/xmrlpc.php HTTP/1.1" 404 7483 "-" "-"
13.90.159.17 - - [16/Apr/2025:22:11:52 -0400] "GET /wp-admin/css/colors/blue/xmrlpc.php HTTP/1.1" 404 7483 "-" "-"
13.90.159.17 - - [16/Apr/2025:22:11:53 -0400] "GET /wp-admin/xmrlpc.php HTTP/1.1" 404 7484 "-" "-"
13.90.159.17 - - [16/Apr/2025:22:11:54 -0400] "GET /smaxx.php HTTP/1.1" 404 7484 "-" "-"
13.90.159.17 - - [16/Apr/2025:22:11:55 -0400] "GET /wp-admin/smaxx.php HTTP/1.1" 404 7483 "-" "-"
13.90.159.17 - - [16/Apr/2025:22:11:56 -0400] "GET /wp-content/plugins/WordPressCore/smaxx.php HTTP/1.1" 404 7484 "-" "-"
13.90.159.17 - - [16/Apr/2025:22:11:56 -0400] "GET /wp-includes/images/smaxx.php HTTP/1.1" 404 7484 "-" "-"
13.90.159.17 - - [16/Apr/2025:22:11:58 -0400] "GET /wp-content/plugins/core-plugin/smaxx.php HTTP/1.1" 404 7484 "-" "-"
13.90.159.17 - - [16/Apr/2025:22:12:00 -0400] "GET /wp-includes/smaxx.php HTTP/1.1" 404 7483 "-" "-"
13.90.159.17 - - [16/Apr/2025:22:12:01 -0400] "GET /wp-content/plugins/smaxx.php HTTP/1.1" 404 7484 "-" "-"
13.90.159.17 - - [16/Apr/2025:22:12:03 -0400] "GET /xt/smaxx.php HTTP/1.1" 404 7483 "-" "-"
13.90.159.17 - - [16/Apr/2025:22:12:06 -0400] "GET /wp-content/smaxx.php HTTP/1.1" 404 7483 "-" "-"
13.90.159.17 - - [16/Apr/2025:22:12:08 -0400] "GET /wp-content/themes/twentyfive/smaxx.php HTTP/1.1" 404 7484 "-" "-"
13.90.159.17 - - [16/Apr/2025:22:12:09 -0400] "GET /wp-content/upgrade/sx.php HTTP/1.1" 404 7484 "-" "-"
13.90.159.17 - - [16/Apr/2025:22:12:10 -0400] "GET /.well-known/pki-validation/sx.php HTTP/1.1" 404 1251 "-" "-"
13.90.159.17 - - [16/Apr/2025:22:12:10 -0400] "GET /wp-admin/user/sx.php HTTP/1.1" 404 7483 "-" "-"
13.90.159.17 - - [16/Apr/2025:22:12:10 -0400] "GET /wp-includes/ID3/sx.php HTTP/1.1" 404 7483 "-" "-"
13.90.159.17 - - [16/Apr/2025:22:12:11 -0400] "GET /wp-includes/blocks/sx.php HTTP/1.1" 404 7484 "-" "-"
13.90.159.17 - - [16/Apr/2025:22:12:13 -0400] "GET /wp-includes/sx.php HTTP/1.1" 404 7484 "-" "-"
13.90.159.17 - - [16/Apr/2025:22:12:14 -0400] "GET /wp-admin/sx.php HTTP/1.1" 404 7484 "-" "-"
13.90.159.17 - - [16/Apr/2025:22:12:15 -0400] "GET /wp-content/plugins/fix/sx.php HTTP/1.1" 404 7484 "-" "-"
13.90.159.17 - - [16/Apr/2025:22:12:16 -0400] "GET /wp-admin/includes/sx.php HTTP/1.1" 404 7484 "-" "-"
13.90.159.17 - - [16/Apr/2025:22:12:17 -0400] "GET /cgi-bin/sx.php HTTP/1.1" 404 7484 "-" "-"
13.90.159.17 - - [16/Apr/2025:22:12:20 -0400] "GET /wp-admin/css/sx.php HTTP/1.1" 404 7484 "-" "-"
13.90.159.17 - - [16/Apr/2025:22:12:21 -0400] "GET /wp-admin/network/sx.php HTTP/1.1" 404 7484 "-" "-"
198.54.114.83 - - [16/Apr/2025:22:12:22 -0400] "POST /wp-cron.php?doing_wp_cron=1744855942.4690060615539550781250 HTTP/1.1" 200 0 "-" "WordPress/6.8; https://higglehub.com"
13.90.159.17 - - [16/Apr/2025:22:12:22 -0400] "GET /wp-includes/block-supports/sx.php HTTP/1.1" 404 7484 "-" "-"
198.98.62.50 - - [16/Apr/2025:21:47:24 -0400] "GET /wp-login.php HTTP/1.1" 200 1773 "-" "Mozilla/5.0 (Windows NT 6.1) AppleWebKit/537.36 (KHTML, like Gecko) Chrome/36.0.1985.125 Safari/537.36"
198.98.62.50 - - [16/Apr/2025:21:47:25 -0400] "POST /wp-login.php HTTP/1.1" 200 1900 "-" "Mozilla/5.0 (Windows NT 6.1) AppleWebKit/537.36 (KHTML, like Gecko) Chrome/36.0.1985.125 Safari/537.36"
198.54.114.83 - - [16/Apr/2025:21:47:33 -0400] "POST /wp-cron.php?doing_wp_cron=1744854451.4714639186859130859375 HTTP/1.1" 200 0 "-" "WordPress/6.8; https://higglehub.com"
198.54.114.83 - - [16/Apr/2025:21:56:09 -0400] "POST /wp-cron.php?doing_wp_cron=1744854968.1731600761413574218750 HTTP/1.1" 200 0 "-" "WordPress/6.8; https://higglehub.com"
137.184.230.10 - - [16/Apr/2025:21:56:02 -0400] "POST /xmlrpc.php HTTP/1.1" 200 186 "-" "Mozilla/5.0 (Windows NT 10.0; Win64; x64; rv:66.0) Gecko/20100101 Firefox/66.0"
198.54.114.83 - - [16/Apr/2025:21:56:10 -0400] "POST /wp-admin/admin-ajax.php?action=async_litespeed&nonce=4I6SBqE53kirWQfAUnUJS9ygz2s21TRj&litespeed_type=imgoptm HTTP/1.1" 200 0 "-" "WordPress/6.8; https://higglehub.com"
198.54.114.83 - - [16/Apr/2025:21:57:11 -0400] "POST /wp-cron.php?doing_wp_cron=1744855029.9139630794525146484375 HTTP/1.1" 200 0 "-" "WordPress/6.8; https://higglehub.com"
159.138.132.135 - - [16/Apr/2025:21:57:09 -0400] "GET /exploring-the-exciting-universe-of-game-comets/ HTTP/1.1" 200 11047 "https://higglehub.com/exploring-the-exciting-universe-of-game-comets/" "Mozilla/5.0 (Macintosh; Intel Mac OS X 10_15_7) AppleWebKit/537.36 (KHTML, like Gecko) Chrome/120.0.0.0 Safari/537.36"
198.54.114.83 - - [16/Apr/2025:21:58:33 -0400] "POST /wp-cron.php?doing_wp_cron=1744855113.4990270137786865234375 HTTP/1.1" 200 0 "-" "WordPress/6.8; https://higglehub.com"
13.42.169.214 - - [16/Apr/2025:21:58:33 -0400] "POST /xmlrpc.php HTTP/1.1" 200 186 "-" "Mozilla/5.0 (Windows NT 10.0; Win64; x64; rv:90.0) Gecko/20100101 Firefox/90.0"
198.54.114.83 - - [16/Apr/2025:21:58:34 -0400] "POST /wp-admin/admin-ajax.php?action=async_litespeed&nonce=U4RBIDb5SNzeVOO7Y5jbrzMJXryVGriY&litespeed_type=imgoptm HTTP/1.1" 200 0 "-" "WordPress/6.8; https://higglehub.com"
2600:1900:0:4304::1500 - - [16/Apr/2025:22:01:28 -0400] "GET / HTTP/1.1" 200 10601 "-" "Mozilla/5.0 (Macintosh; Intel Mac OS X 10_15_7) AppleWebKit/537.36 (KHTML, like Gecko) Chrome/114.0.0.0 Safari/537.36"
2600:1900:0:4301::501 - - [16/Apr/2025:22:05:17 -0400] "GET / HTTP/1.1" 200 10601 "-" "colly - https://github.com/gocolly/colly"
2a03:b0c0:3:d0::1983:d001 - - [16/Apr/2025:22:06:29 -0400] "POST /xmlrpc.php HTTP/1.1" 200 186 "-" "Mozilla/5.0 (Windows NT 10.0; Win64; x64; rv:55.0) Gecko/20100101 Firefox/55.0"
198.54.114.83 - - [16/Apr/2025:22:06:37 -0400] "POST /wp-cron.php?doing_wp_cron=1744855595.0274639129638671875000 HTTP/1.1" 200 0 "-" "WordPress/6.8; https://higglehub.com"
198.54.114.83 - - [16/Apr/2025:22:12:23 -0400] "POST /wp-admin/admin-ajax.php?action=async_litespeed&nonce=LNq4zzvY4dlnnSZZ8ej4MksbPAig5nJT&litespeed_type=imgoptm HTTP/1.1" 200 5 "-" "WordPress/6.8; https://higglehub.com"
13.90.159.17 - - [16/Apr/2025:22:12:23 -0400] "GET /wp-includes/IXR/sx.php HTTP/1.1" 404 7484 "-" "-"
13.90.159.17 - - [16/Apr/2025:22:12:24 -0400] "GET /.well-known/sx.php HTTP/1.1" 404 7484 "-" "-"
13.90.159.17 - - [16/Apr/2025:22:12:25 -0400] "GET /wp-includes/js/tinymce/skins/lightgray/fonts/sx.php HTTP/1.1" 404 7484 "-" "-"
13.90.159.17 - - [16/Apr/2025:22:12:26 -0400] "GET /wp-content/sx.php HTTP/1.1" 404 7484 "-" "-"
13.90.159.17 - - [16/Apr/2025:22:12:27 -0400] "GET /wp-content/plugins/elementor/sx.php HTTP/1.1" 404 7484 "-" "-"
13.90.159.17 - - [16/Apr/2025:22:12:28 -0400] "GET /.well-known/acme-challenge/sx.php HTTP/1.1" 404 7484 "-" "-"
13.90.159.17 - - [16/Apr/2025:22:12:29 -0400] "GET /wp-includes/js/jcrop/sx.php HTTP/1.1" 404 7484 "-" "-"
13.90.159.17 - - [16/Apr/2025:22:12:31 -0400] "GET /wp-includes/rest-api/sx.php HTTP/1.1" 404 7484 "-" "-"
13.90.159.17 - - [16/Apr/2025:22:12:33 -0400] "GET /wp-admin/images/sx.php HTTP/1.1" 404 7484 "-" "-"
13.90.159.17 - - [16/Apr/2025:22:12:34 -0400] "GET /wp-admin/css/colors/blue/blue.php HTTP/1.1" 404 7483 "-" "-"
13.90.159.17 - - [16/Apr/2025:22:12:36 -0400] "GET /chosen HTTP/1.1" 404 7484 "-" "-"
13.90.159.17 - - [16/Apr/2025:22:12:38 -0400] "GET /wp-content/plugins/fix/up.php HTTP/1.1" 404 7484 "-" "-"
13.90.159.17 - - [16/Apr/2025:22:12:40 -0400] "GET /install.php HTTP/1.1" 404 7484 "-" "-"
13.90.159.17 - - [16/Apr/2025:22:12:42 -0400] "GET /wp-includes/images/include.php HTTP/1.1" 404 7484 "-" "-"
13.90.159.17 - - [16/Apr/2025:22:12:44 -0400] "GET /wp-content/themes/wp-classic/inc/index.php HTTP/1.1" 301 0 "-" "-"
13.90.159.17 - - [16/Apr/2025:22:12:46 -0400] "GET /wp-content/themes/wp-classic/inc/ HTTP/1.1" 404 7484 "-" "-"
13.90.159.17 - - [16/Apr/2025:22:12:49 -0400] "GET /assets/images/1p.php HTTP/1.1" 404 7483 "-" "-"
13.90.159.17 - - [16/Apr/2025:22:12:53 -0400] "GET /class.api.php HTTP/1.1" 404 7484 "-" "-"
13.90.159.17 - - [16/Apr/2025:22:12:55 -0400] "GET /plugin.php HTTP/1.1" 404 7483 "-" "-"
13.90.159.17 - - [16/Apr/2025:22:12:58 -0400] "GET /wp-mail.php HTTP/1.1" 403 941 "-" "-"
13.90.159.17 - - [16/Apr/2025:22:13:01 -0400] "GET /cong.php HTTP/1.1" 404 7484 "-" "-"
13.90.159.17 - - [16/Apr/2025:22:13:04 -0400] "GET /wp-content/index.php HTTP/1.1" 200 0 "-" "-"
13.90.159.17 - - [16/Apr/2025:22:13:05 -0400] "GET /.well-known/acme-challenge/xmrlpc.php HTTP/1.1" 404 7484 "-" "-"
13.90.159.17 - - [16/Apr/2025:22:13:06 -0400] "GET /wp-configs.php HTTP/1.1" 404 7484 "-" "-"
13.90.159.17 - - [16/Apr/2025:22:13:08 -0400] "GET /defaults.php HTTP/1.1" 404 7484 "-" "-"
13.90.159.17 - - [16/Apr/2025:22:13:10 -0400] "GET /input.php HTTP/1.1" 404 7484 "-" "-"
13.90.159.17 - - [16/Apr/2025:22:13:12 -0400] "GET /admin-ajax.php HTTP/1.1" 404 7484 "-" "-"
13.90.159.17 - - [16/Apr/2025:22:13:15 -0400] "GET /0z.php HTTP/1.1" 404 7483 "-" "-"
13.90.159.17 - - [16/Apr/2025:22:13:16 -0400] "GET /media.php HTTP/1.1" 404 7484 "-" "-"
13.90.159.17 - - [16/Apr/2025:22:13:18 -0400] "GET /chosen.php HTTP/1.1" 404 7484 "-" "-"
13.90.159.17 - - [16/Apr/2025:22:13:21 -0400] "GET /wp-includes/fonts/wp-login.php HTTP/1.1" 404 7484 "-" "-"
198.54.114.83 - - [16/Apr/2025:22:13:23 -0400] "POST /wp-cron.php?doing_wp_cron=1744856003.0073060989379882812500 HTTP/1.1" 200 0 "-" "WordPress/6.8; https://higglehub.com"
13.90.159.17 - - [16/Apr/2025:22:13:22 -0400] "GET /wp-admin/users.php HTTP/1.1" 302 0 "-" "-"
198.54.114.83 - - [16/Apr/2025:22:13:25 -0400] "POST /wp-admin/admin-ajax.php?action=async_litespeed&nonce=uz3bgSLYL75Abo7lfxNco279VEKaDYjp&litespeed_type=imgoptm HTTP/1.1" 200 0 "-" "WordPress/6.8; https://higglehub.com"
13.90.159.17 - - [16/Apr/2025:22:13:25 -0400] "GET /wp-login.php?redirect_to=https%3A%2F%2Fhigglehub.com%2Fwp-admin%2Fusers.php&reauth=1 HTTP/1.1" 200 1772 "-" "-"
13.90.159.17 - - [16/Apr/2025:22:13:27 -0400] "GET /wp-content/uploads/cache.php HTTP/1.1" 404 7484 "-" "-"
13.90.159.17 - - [16/Apr/2025:22:13:30 -0400] "GET /.wp-cli/wp-login.php HTTP/1.1" 404 7484 "-" "-"
13.90.159.17 - - [16/Apr/2025:22:13:33 -0400] "GET /authorize.php HTTP/1.1" 404 7484 "-" "-"
13.90.159.17 - - [16/Apr/2025:22:13:36 -0400] "GET /wp-admin/css/colors/blue/CasperExV1.php HTTP/1.1" 404 7484 "-" "-"
13.90.159.17 - - [16/Apr/2025:22:13:39 -0400] "GET /wp-admin/includes/users.php HTTP/1.1" 404 7484 "-" "-"
13.90.159.17 - - [16/Apr/2025:22:13:41 -0400] "GET /wp.php HTTP/1.1" 404 7484 "-" "-"
13.90.159.17 - - [16/Apr/2025:22:13:43 -0400] "GET /wp-content/plugins/WordPressCore/include.php HTTP/1.1" 404 7484 "-" "-"
13.90.159.17 - - [16/Apr/2025:22:13:45 -0400] "GET /themes.php HTTP/1.1" 404 7484 "-" "-"
13.90.159.17 - - [16/Apr/2025:22:13:46 -0400] "GET /wp-admin/network/index.php HTTP/1.1" 302 0 "-" "-"
13.90.159.17 - - [16/Apr/2025:22:13:48 -0400] "GET /wp-login.php?redirect_to=https%3A%2F%2Fhigglehub.com%2Fwp-admin%2Fnetwork%2Findex.php&reauth=1 HTTP/1.1" 200 1773 "-" "-"
13.90.159.17 - - [16/Apr/2025:22:13:50 -0400] "GET /wp-content/plugins/WordPressCore/blkfqnikz.php HTTP/1.1" 404 7483 "-" "-"
13.90.159.17 - - [16/Apr/2025:22:13:52 -0400] "GET /wp/wp-admin/includes/class-wp-page-mvb2yr.php HTTP/1.1" 404 7483 "-" "-"
13.90.159.17 - - [16/Apr/2025:22:13:53 -0400] "GET /st.php HTTP/1.1" 404 7484 "-" "-"
