209.141.33.127 - - [14/Apr/2025:08:17:21 -0400] "GET /wp-login.php HTTP/1.1" 200 1766 "-" "Mozilla/5.0 (Macintosh; Intel Mac OS X 10_8_5) AppleWebKit/537.36 (KHTML, like Gecko) Chrome/36.0.1985.125 Safari/537.36"
198.54.114.83 - - [14/Apr/2025:08:17:29 -0400] "POST /wp-cron.php?doing_wp_cron=1744633048.6054909229278564453125 HTTP/1.1" 200 0 "-" "WordPress/6.7.2; https://higglehub.com"
209.141.33.127 - - [14/Apr/2025:08:17:21 -0400] "POST /wp-login.php HTTP/1.1" 200 1898 "-" "Mozilla/5.0 (Macintosh; Intel Mac OS X 10_8_5) AppleWebKit/537.36 (KHTML, like Gecko) Chrome/36.0.1985.125 Safari/537.36"
198.54.114.83 - - [14/Apr/2025:08:17:30 -0400] "POST /wp-admin/admin-ajax.php?action=async_litespeed&nonce=E378Gvu6pn6l6v53HqPlHY6cgc0TxbXC&litespeed_type=imgoptm HTTP/1.1" 200 0 "-" "WordPress/6.7.2; https://higglehub.com"
45.61.187.186 - - [14/Apr/2025:08:20:20 -0400] "GET /wp-login.php HTTP/1.1" 200 1766 "-" "Mozilla/5.0 (X11; Linux x86_64) AppleWebKit/537.36 (KHTML, like Gecko) Chrome/35.0.1916.153 Safari/537.36"
198.54.114.83 - - [14/Apr/2025:08:20:26 -0400] "POST /wp-cron.php?doing_wp_cron=1744633226.4459550380706787109375 HTTP/1.1" 200 0 "-" "WordPress/6.7.2; https://higglehub.com"
45.61.187.186 - - [14/Apr/2025:08:20:20 -0400] "POST /wp-login.php HTTP/1.1" 200 1897 "-" "Mozilla/5.0 (X11; Linux x86_64) AppleWebKit/537.36 (KHTML, like Gecko) Chrome/35.0.1916.153 Safari/537.36"
198.54.114.83 - - [14/Apr/2025:08:20:27 -0400] "POST /wp-admin/admin-ajax.php?action=async_litespeed&nonce=S0LfrkanV6MocV4qx6dyPrbH0Rf50rI4&litespeed_type=imgoptm HTTP/1.1" 200 0 "-" "WordPress/6.7.2; https://higglehub.com"
198.54.114.83 - - [14/Apr/2025:08:24:49 -0400] "POST /wp-cron.php?doing_wp_cron=1744633487.9985640048980712890625 HTTP/1.1" 200 0 "-" "WordPress/6.7.2; https://higglehub.com"
2001:1bb0:e000:1e::541 - - [14/Apr/2025:08:24:42 -0400] "POST /wp-login.php HTTP/1.1" 200 1893 "https://higglehub.com" "Mozilla/5.0 (Macintosh; Intel Mac OS X 10_15_7; rv:126.0) Gecko/20100101 Firefox/126.0"
162.254.39.110 - - [14/Apr/2025:08:38:14 -0400] "POST /wp-login.php HTTP/1.1" 200 1893 "https://higglehub.com" "Mozilla/5.0 (Macintosh; Intel Mac OS X 10_15_7) AppleWebKit/537.36 (KHTML, like Gecko) Chrome/115.0.5790.102 Safari/537.36"
198.54.114.83 - - [14/Apr/2025:08:38:20 -0400] "POST /wp-cron.php?doing_wp_cron=1744634299.2709670066833496093750 HTTP/1.1" 200 0 "-" "WordPress/6.7.2; https://higglehub.com"
198.54.114.83 - - [14/Apr/2025:08:44:39 -0400] "POST /wp-cron.php?doing_wp_cron=1744634678.7317440509796142578125 HTTP/1.1" 200 0 "-" "WordPress/6.7.2; https://higglehub.com"
111.119.221.238 - - [14/Apr/2025:08:44:35 -0400] "GET /exploring-unblocked-games-6x-a-gateway-to-endless-fun/ HTTP/1.1" 200 11113 "https://higglehub.com/exploring-unblocked-games-6x-a-gateway-to-endless-fun/#respond" "Mozilla/5.0 (Macintosh; Intel Mac OS X 10_15_7) AppleWebKit/537.36 (KHTML, like Gecko) Chrome/131.0.0.0 Safari/537.36"
178.168.34.50 - - [14/Apr/2025:08:49:29 -0400] "GET /unleashing-the-power-of-learning-a-journey-of-growth/ HTTP/1.1" 200 10997 "-" "Mozilla/5.0 (Windows NT 10.0; Win64; x64) AppleWebKit/537.36 (KHTML, like Gecko) Chrome/131.0.0.0 Safari/537.36"
198.54.114.83 - - [14/Apr/2025:08:52:03 -0400] "POST /wp-cron.php?doing_wp_cron=1744635122.6972858905792236328125 HTTP/1.1" 200 0 "-" "WordPress/6.7.2; https://higglehub.com"
89.144.145.214 - - [14/Apr/2025:08:51:57 -0400] "POST /wp-login.php HTTP/1.1" 200 1893 "https://higglehub.com" "Mozilla/5.0 (Macintosh; Intel Mac OS X 13.3; rv:126.0) Gecko/20100101 Firefox/126.0"
198.54.114.83 - - [14/Apr/2025:08:52:05 -0400] "POST /wp-admin/admin-ajax.php?action=async_litespeed&nonce=2lnLBu4pk5JcTO3CrtDCUD7nUibqUyBG&litespeed_type=imgoptm HTTP/1.1" 200 0 "-" "WordPress/6.7.2; https://higglehub.com"
198.54.114.83 - - [14/Apr/2025:09:05:41 -0400] "POST /wp-cron.php?doing_wp_cron=1744635940.4885671138763427734375 HTTP/1.1" 200 0 "-" "WordPress/6.7.2; https://higglehub.com"
2a03:b0c0:3:f0::6afb:f000 - - [14/Apr/2025:09:05:36 -0400] "POST /wp-login.php HTTP/1.1" 200 1893 "https://higglehub.com" "Mozilla/5.0 (Macintosh; Intel Mac OS X 14_4_1) AppleWebKit/605.1.15 (KHTML, like Gecko) Version/17.3.1 Safari/605.1.15"
198.54.114.83 - - [14/Apr/2025:09:05:43 -0400] "POST /wp-admin/admin-ajax.php?action=async_litespeed&nonce=uihadPbsGtEsOTKCNif1naEZkoAxtZJd&litespeed_type=imgoptm HTTP/1.1" 200 0 "-" "WordPress/6.7.2; https://higglehub.com"
216.244.66.247 - - [14/Apr/2025:09:07:29 -0400] "GET /robots.txt HTTP/1.1" 304 0 "-" "Mozilla/5.0 (compatible; DotBot/1.2; +https://opensiteexplorer.org/dotbot; help@moz.com)"
198.54.114.83 - - [14/Apr/2025:09:13:27 -0400] "POST /wp-cron.php?doing_wp_cron=1744636406.1254661083221435546875 HTTP/1.1" 200 0 "-" "WordPress/6.7.2; https://higglehub.com"
198.54.114.83 - - [14/Apr/2025:09:13:27 -0400] "POST /wp-cron.php?doing_wp_cron=1744636406.1239008903503417968750 HTTP/1.1" 200 0 "-" "WordPress/6.7.2; https://higglehub.com"
44.223.50.234 - - [14/Apr/2025:09:13:22 -0400] "POST /wp-login.php HTTP/1.1" 200 1893 "-" "Mozilla/5.0"
44.223.50.234 - - [14/Apr/2025:09:13:22 -0400] "POST /wp-login.php HTTP/1.1" 200 1894 "-" "Mozilla/5.0"
213.180.203.253 - - [14/Apr/2025:09:18:30 -0400] "GET /robots.txt HTTP/1.1" 200 61 "-" "Mozilla/5.0 (compatible; YandexBot/3.0; +http://yandex.com/bots)"
198.54.114.83 - - [14/Apr/2025:09:18:36 -0400] "POST /wp-cron.php?doing_wp_cron=1744636716.1800351142883300781250 HTTP/1.1" 200 0 "-" "WordPress/6.7.2; https://higglehub.com"
213.180.203.54 - - [14/Apr/2025:09:18:31 -0400] "GET /faq.html HTTP/1.1" 404 7270 "-" "Mozilla/5.0 (compatible; YandexBot/3.0; +http://yandex.com/bots)"
198.54.114.83 - - [14/Apr/2025:09:18:38 -0400] "POST /wp-admin/admin-ajax.php?action=async_litespeed&nonce=tBlpy9F2QJMn37dzSH9yXPDBslZs2FpH&litespeed_type=imgoptm HTTP/1.1" 200 0 "-" "WordPress/6.7.2; https://higglehub.com"
216.244.66.247 - - [14/Apr/2025:09:19:00 -0400] "GET /einleitung-zur-juristischen-ausbildung/ HTTP/1.1" 200 10865 "-" "Mozilla/5.0 (compatible; DotBot/1.2; +https://opensiteexplorer.org/dotbot; help@moz.com)"
216.244.66.247 - - [14/Apr/2025:09:19:10 -0400] "GET /optimale-unternehmensauflosung-in-luneburg/ HTTP/1.1" 200 10881 "-" "Mozilla/5.0 (compatible; DotBot/1.2; +https://opensiteexplorer.org/dotbot; help@moz.com)"
198.54.120.87 - - [14/Apr/2025:09:19:15 -0400] "POST /wp-login.php HTTP/1.1" 200 1893 "https://higglehub.com" "Mozilla/5.0 (Macintosh; Intel Mac OS X 10_15_7; rv:128.0) Gecko/20100101 Firefox/128.0"
18.209.18.32 - - [14/Apr/2025:09:24:39 -0400] "POST /wp-login.php HTTP/1.1" 200 1894 "-" "Mozilla/5.0"
198.54.114.83 - - [14/Apr/2025:09:24:43 -0400] "POST /wp-cron.php?doing_wp_cron=1744637082.8016729354858398437500 HTTP/1.1" 200 0 "-" "WordPress/6.7.2; https://higglehub.com"
18.209.18.32 - - [14/Apr/2025:09:24:39 -0400] "POST /wp-login.php HTTP/1.1" 200 1893 "-" "Mozilla/5.0"
198.54.114.83 - - [14/Apr/2025:09:24:44 -0400] "POST /wp-admin/admin-ajax.php?action=async_litespeed&nonce=FYNATpzWP2VY5hNaHk8EPCybP1a0CrkI&litespeed_type=imgoptm HTTP/1.1" 200 0 "-" "WordPress/6.7.2; https://higglehub.com"
198.54.114.83 - - [14/Apr/2025:09:29:11 -0400] "POST /wp-cron.php?doing_wp_cron=1744637351.4252319335937500000000 HTTP/1.1" 200 0 "-" "WordPress/6.7.2; https://higglehub.com"
162.213.249.63 - - [14/Apr/2025:09:29:07 -0400] "POST /wp-login.php HTTP/1.1" 200 1922 "https://higglehub.com" "Mozilla/5.0 (Macintosh; Intel Mac OS X 10_15_7) AppleWebKit/537.36 (KHTML, like Gecko) Chrome/113.0.5672.93 Safari/537.36"
198.54.114.83 - - [14/Apr/2025:09:29:11 -0400] "POST /wp-admin/admin-ajax.php?action=async_litespeed&nonce=EFmt62LGKM13rFw1HeY2EhG1v6wWMhdr&litespeed_type=imgoptm HTTP/1.1" 200 5 "-" "WordPress/6.7.2; https://higglehub.com"
198.54.114.83 - - [14/Apr/2025:09:34:19 -0400] "POST /wp-cron.php?doing_wp_cron=1744637658.5412909984588623046875 HTTP/1.1" 200 0 "-" "WordPress/6.7.2; https://higglehub.com"
101.44.186.165 - - [14/Apr/2025:09:34:14 -0400] "GET /entdecken-sie-die-besten-gitarrenstunden-in-dusseldorf/ HTTP/1.1" 200 11000 "https://higglehub.com/entdecken-sie-die-besten-gitarrenstunden-in-dusseldorf/" "Mozilla/5.0 (Macintosh; Intel Mac OS X 10_15_7) AppleWebKit/537.36 (KHTML, like Gecko) Chrome/119.0.0.0 Safari/537.36"
198.54.114.83 - - [14/Apr/2025:09:34:20 -0400] "POST /wp-admin/admin-ajax.php?action=async_litespeed&nonce=FltROFPmLmXs6kKvls6HDAvGEX93Ac3W&litespeed_type=imgoptm HTTP/1.1" 200 0 "-" "WordPress/6.7.2; https://higglehub.com"
89.46.7.238 - - [14/Apr/2025:09:40:45 -0400] "POST /wp-login.php HTTP/1.1" 200 1919 "https://higglehub.com" "Mozilla/5.0 (Macintosh; Intel Mac OS X 13_3) AppleWebKit/537.36 (KHTML, like Gecko) Chrome/126.0.0.0 Safari/537.36"
198.54.114.83 - - [14/Apr/2025:09:40:51 -0400] "POST /wp-cron.php?doing_wp_cron=1744638049.8282530307769775390625 HTTP/1.1" 200 0 "-" "WordPress/6.7.2; https://higglehub.com"
198.54.114.83 - - [14/Apr/2025:09:48:18 -0400] "POST /wp-cron.php?doing_wp_cron=1744638497.9697570800781250000000 HTTP/1.1" 200 0 "-" "WordPress/6.7.2; https://higglehub.com"
198.54.114.83 - - [14/Apr/2025:09:48:18 -0400] "POST /wp-cron.php?doing_wp_cron=1744638497.9487400054931640625000 HTTP/1.1" 200 0 "-" "WordPress/6.7.2; https://higglehub.com"
18.209.18.32 - - [14/Apr/2025:09:48:14 -0400] "POST /wp-login.php HTTP/1.1" 200 1894 "-" "Mozilla/5.0"
18.209.18.32 - - [14/Apr/2025:09:48:14 -0400] "POST /wp-login.php HTTP/1.1" 200 1893 "-" "Mozilla/5.0"
198.54.114.83 - - [14/Apr/2025:09:48:19 -0400] "POST /wp-admin/admin-ajax.php?action=async_litespeed&nonce=uDMSGjISbaB29vBYXgL1tdI0rBpTqJ9Q&litespeed_type=imgoptm HTTP/1.1" 200 0 "-" "WordPress/6.7.2; https://higglehub.com"
198.54.114.83 - - [14/Apr/2025:09:52:28 -0400] "POST /wp-cron.php?doing_wp_cron=1744638747.8432109355926513671875 HTTP/1.1" 200 0 "-" "WordPress/6.7.2; https://higglehub.com"
136.243.80.142 - - [14/Apr/2025:09:52:24 -0400] "POST /wp-login.php HTTP/1.1" 200 1926 "https://higglehub.com" "Mozilla/5.0 (Macintosh; Intel Mac OS X 13.3; rv:126.0) Gecko/20100101 Firefox/126.0"
198.54.114.83 - - [14/Apr/2025:09:52:29 -0400] "POST /wp-admin/admin-ajax.php?action=async_litespeed&nonce=9kPCdhWyjqvZ2FGlVHGaBAVLNutBiFga&litespeed_type=imgoptm HTTP/1.1" 200 0 "-" "WordPress/6.7.2; https://higglehub.com"
198.54.114.83 - - [14/Apr/2025:10:04:13 -0400] "POST /wp-cron.php?doing_wp_cron=1744639452.7726800441741943359375 HTTP/1.1" 200 0 "-" "WordPress/6.7.2; https://higglehub.com"
185.179.24.14 - - [14/Apr/2025:10:04:08 -0400] "POST /wp-login.php HTTP/1.1" 200 1865 "https://higglehub.com" "Mozilla/5.0 (Macintosh; Intel Mac OS X 14.5) AppleWebKit/618.3.5 (KHTML, like Gecko) Version/17.4 Safari/618.3.5"
198.54.114.83 - - [14/Apr/2025:10:04:14 -0400] "POST /wp-admin/admin-ajax.php?action=async_litespeed&nonce=wrE3Xendwu6IGGWeAsMch0QobGfUBCYr&litespeed_type=imgoptm HTTP/1.1" 200 0 "-" "WordPress/6.7.2; https://higglehub.com"
44.223.50.234 - - [14/Apr/2025:10:17:20 -0400] "POST /wp-login.php HTTP/1.1" 200 1893 "-" "Mozilla/5.0"
198.54.114.83 - - [14/Apr/2025:10:17:22 -0400] "POST /wp-cron.php?doing_wp_cron=1744640242.5693039894104003906250 HTTP/1.1" 200 0 "-" "WordPress/6.7.2; https://higglehub.com"
44.223.50.234 - - [14/Apr/2025:10:17:20 -0400] "POST /wp-login.php HTTP/1.1" 200 1894 "-" "Mozilla/5.0"
198.54.114.83 - - [14/Apr/2025:10:17:23 -0400] "POST /wp-admin/admin-ajax.php?action=async_litespeed&nonce=tYStP36qdr1XGX986zEHGk9SYAbz9eAM&litespeed_type=imgoptm HTTP/1.1" 200 5 "-" "WordPress/6.7.2; https://higglehub.com"
198.54.114.83 - - [14/Apr/2025:10:23:57 -0400] "POST /wp-cron.php?doing_wp_cron=1744640637.6625080108642578125000 HTTP/1.1" 200 0 "-" "WordPress/6.7.2; https://higglehub.com"
198.54.114.83 - - [14/Apr/2025:10:23:58 -0400] "POST /wp-admin/admin-ajax.php?action=async_litespeed&nonce=6PGf7g6C3RnXSt3OSfi1aInp9C7UDl1p&litespeed_type=imgoptm HTTP/1.1" 200 5 "-" "WordPress/6.7.2; https://higglehub.com"
124.243.151.91 - - [14/Apr/2025:10:23:53 -0400] "GET /the-best-money-lender-loan-options-for-financial-flexibility/ HTTP/1.1" 200 11329 "https://higglehub.com/the-best-money-lender-loan-options-for-financial-flexibility/" "Mozilla/5.0 (Windows NT 10.0; Win64; x64) AppleWebKit/537.36 (KHTML, like Gecko) Chrome/104.0.0.0 Safari/537.36"
198.54.114.83 - - [14/Apr/2025:10:29:05 -0400] "POST /wp-cron.php?doing_wp_cron=1744640944.7624959945678710937500 HTTP/1.1" 200 0 "-" "WordPress/6.7.2; https://higglehub.com"
196.251.69.226 - - [14/Apr/2025:10:29:00 -0400] "GET /wp-content/plugins/WordPressCore/include.php HTTP/1.1" 404 7270 "-" "Mozlila/5.0 (Linux; Android 7.0; SM-G892A Bulid/NRD90M; wv) AppleWebKit/537.36 (KHTML, like Gecko) Version/4.0 Chrome/60.0.3112.107 Moblie Safari/537.36"
198.54.114.83 - - [14/Apr/2025:10:29:05 -0400] "POST /wp-admin/admin-ajax.php?action=async_litespeed&nonce=McMCZNhZSWN9vbHQAoMZYtgKfGbv0LoQ&litespeed_type=imgoptm HTTP/1.1" 200 0 "-" "WordPress/6.7.2; https://higglehub.com"
196.251.69.226 - - [14/Apr/2025:10:29:15 -0400] "GET /wp-content/plugins/WordPressCore/include.php HTTP/1.1" 404 7270 "-" "Mozlila/5.0 (Linux; Android 7.0; SM-G892A Bulid/NRD90M; wv) AppleWebKit/537.36 (KHTML, like Gecko) Version/4.0 Chrome/60.0.3112.107 Moblie Safari/537.36"
198.54.114.83 - - [14/Apr/2025:10:29:32 -0400] "POST /wp-cron.php?doing_wp_cron=1744640970.6244559288024902343750 HTTP/1.1" 200 0 "-" "WordPress/6.7.2; https://higglehub.com"
196.251.69.226 - - [14/Apr/2025:10:29:29 -0400] "GET /wp-includes/images/include.php HTTP/1.1" 404 7270 "-" "Mozlila/5.0 (Linux; Android 7.0; SM-G892A Bulid/NRD90M; wv) AppleWebKit/537.36 (KHTML, like Gecko) Version/4.0 Chrome/60.0.3112.107 Moblie Safari/537.36"
196.251.69.226 - - [14/Apr/2025:10:29:47 -0400] "GET /wp-includes/images/include.php HTTP/1.1" 404 7270 "-" "Mozlila/5.0 (Linux; Android 7.0; SM-G892A Bulid/NRD90M; wv) AppleWebKit/537.36 (KHTML, like Gecko) Version/4.0 Chrome/60.0.3112.107 Moblie Safari/537.36"
196.251.69.226 - - [14/Apr/2025:10:30:07 -0400] "GET /wp-content/themes/include.php HTTP/1.1" 404 7270 "-" "Mozlila/5.0 (Linux; Android 7.0; SM-G892A Bulid/NRD90M; wv) AppleWebKit/537.36 (KHTML, like Gecko) Version/4.0 Chrome/60.0.3112.107 Moblie Safari/537.36"
196.251.69.226 - - [14/Apr/2025:10:30:25 -0400] "GET /wp-content/themes/include.php HTTP/1.1" 404 7270 "-" "Mozlila/5.0 (Linux; Android 7.0; SM-G892A Bulid/NRD90M; wv) AppleWebKit/537.36 (KHTML, like Gecko) Version/4.0 Chrome/60.0.3112.107 Moblie Safari/537.36"
198.54.114.83 - - [14/Apr/2025:10:30:38 -0400] "POST /wp-cron.php?doing_wp_cron=1744641038.2328019142150878906250 HTTP/1.1" 200 0 "-" "WordPress/6.7.2; https://higglehub.com"
196.251.69.226 - - [14/Apr/2025:10:30:37 -0400] "GET /wp-includes/widgets/include.php HTTP/1.1" 404 7270 "-" "Mozlila/5.0 (Linux; Android 7.0; SM-G892A Bulid/NRD90M; wv) AppleWebKit/537.36 (KHTML, like Gecko) Version/4.0 Chrome/60.0.3112.107 Moblie Safari/537.36"
198.54.114.83 - - [14/Apr/2025:10:30:39 -0400] "POST /wp-admin/admin-ajax.php?action=async_litespeed&nonce=N2k4S2iIGSXFpsaSiz4G0aU8pYsr1IOB&litespeed_type=imgoptm HTTP/1.1" 200 0 "-" "WordPress/6.7.2; https://higglehub.com"
196.251.69.226 - - [14/Apr/2025:10:30:56 -0400] "GET /wp-includes/widgets/include.php HTTP/1.1" 404 7270 "-" "Mozlila/5.0 (Linux; Android 7.0; SM-G892A Bulid/NRD90M; wv) AppleWebKit/537.36 (KHTML, like Gecko) Version/4.0 Chrome/60.0.3112.107 Moblie Safari/537.36"
196.251.69.226 - - [14/Apr/2025:10:31:07 -0400] "GET /wp-content/plugins/include.php HTTP/1.1" 404 7270 "-" "Mozlila/5.0 (Linux; Android 7.0; SM-G892A Bulid/NRD90M; wv) AppleWebKit/537.36 (KHTML, like Gecko) Version/4.0 Chrome/60.0.3112.107 Moblie Safari/537.36"
198.54.114.83 - - [14/Apr/2025:10:39:15 -0400] "POST /wp-cron.php?doing_wp_cron=1744641555.5022609233856201171875 HTTP/1.1" 200 0 "-" "WordPress/6.7.2; https://higglehub.com"
52.220.120.79 - - [14/Apr/2025:10:39:12 -0400] "GET /uploads/1/3/1/1/131136180/iconfinder-jcb-1156722_orig.png HTTP/1.1" 404 7270 "-" "Mozilla/5.0 (Windows NT 10.0; Win64; x64) AppleWebKit/537.36 (KHTML, like Gecko) Chrome/133.0.0.0 Safari/537.36"
198.54.114.83 - - [14/Apr/2025:10:39:16 -0400] "POST /wp-admin/admin-ajax.php?action=async_litespeed&nonce=7XCugFMVEJYqyKuPIG1emwCWfcssFOmK&litespeed_type=imgoptm HTTP/1.1" 200 5 "-" "WordPress/6.7.2; https://higglehub.com"
45.61.188.237 - - [14/Apr/2025:10:44:06 -0400] "GET /wp-login.php HTTP/1.1" 200 1766 "-" "Mozilla/5.0 (X11; Linux x86_64) AppleWebKit/537.36 (KHTML, like Gecko) Ubuntu Chromium/36.0.1985.125 Chrome/36.0.1985.125 Safari/537.36"
198.54.114.83 - - [14/Apr/2025:10:44:10 -0400] "POST /wp-cron.php?doing_wp_cron=1744641850.0611760616302490234375 HTTP/1.1" 200 0 "-" "WordPress/6.7.2; https://higglehub.com"
45.61.188.237 - - [14/Apr/2025:10:44:06 -0400] "POST /wp-login.php HTTP/1.1" 200 1898 "-" "Mozilla/5.0 (X11; Linux x86_64) AppleWebKit/537.36 (KHTML, like Gecko) Ubuntu Chromium/36.0.1985.125 Chrome/36.0.1985.125 Safari/537.36"
198.54.114.83 - - [14/Apr/2025:10:44:10 -0400] "POST /wp-admin/admin-ajax.php?action=async_litespeed&nonce=Go8ZGEia40cWmEshE0PPDe0Li3ARZvH9&litespeed_type=imgoptm HTTP/1.1" 200 5 "-" "WordPress/6.7.2; https://higglehub.com"
198.98.52.69 - - [14/Apr/2025:10:46:12 -0400] "GET /wp-login.php HTTP/1.1" 200 1766 "-" "Mozilla/5.0 (Windows NT 6.1) AppleWebKit/537.36 (KHTML, like Gecko) Chrome/35.0.1916.153 Safari/537.36"
198.54.114.83 - - [14/Apr/2025:10:46:15 -0400] "POST /wp-cron.php?doing_wp_cron=1744641975.5989799499511718750000 HTTP/1.1" 200 0 "-" "WordPress/6.7.2; https://higglehub.com"
198.98.52.69 - - [14/Apr/2025:10:46:12 -0400] "POST /wp-login.php HTTP/1.1" 200 1897 "-" "Mozilla/5.0 (Windows NT 6.1) AppleWebKit/537.36 (KHTML, like Gecko) Chrome/35.0.1916.153 Safari/537.36"
198.54.114.83 - - [14/Apr/2025:10:46:16 -0400] "POST /wp-admin/admin-ajax.php?action=async_litespeed&nonce=Xujg8CUUxgiqJyP6ZyzW8OOOoAcNwmLf&litespeed_type=imgoptm HTTP/1.1" 200 0 "-" "WordPress/6.7.2; https://higglehub.com"
195.2.84.178 - - [14/Apr/2025:10:51:40 -0400] "GET /a-comprehensive-guide-to-multichannel-marketing/ HTTP/1.1" 200 10954 "https://higglehub.com/a-comprehensive-guide-to-multichannel-marketing/" "Mozilla/5.0 (Windows NT 10.0; Win64; x64) AppleWebKit/537.36 (KHTML, like Gecko) Chrome/129.0.0.0 Safari/537.36"
195.2.84.178 - - [14/Apr/2025:10:51:40 -0400] "GET /a-comprehensive-guide-to-multichannel-marketing/ HTTP/1.1" 200 10954 "https://higglehub.com/a-comprehensive-guide-to-multichannel-marketing/" "Mozilla/5.0 (Windows NT 10.0; Win64; x64) AppleWebKit/537.36 (KHTML, like Gecko) Chrome/130.0.0.0 Safari/537.36 CCleaner/130.0.0.0"
198.54.114.83 - - [14/Apr/2025:10:51:45 -0400] "POST /wp-cron.php?doing_wp_cron=1744642305.4152960777282714843750 HTTP/1.1" 200 0 "-" "WordPress/6.7.2; https://higglehub.com"
198.54.114.83 - - [14/Apr/2025:10:51:45 -0400] "POST /wp-cron.php?doing_wp_cron=1744642305.4078660011291503906250 HTTP/1.1" 200 0 "-" "WordPress/6.7.2; https://higglehub.com"
195.2.84.178 - - [14/Apr/2025:10:51:41 -0400] "POST /wp-comments-post.php HTTP/1.1" 302 0 "https://higglehub.com/a-comprehensive-guide-to-multichannel-marketing/" "Mozilla/5.0 (Windows NT 10.0; Win64; x64) AppleWebKit/537.36 (KHTML, like Gecko) Chrome/130.0.0.0 Safari/537.36 CCleaner/130.0.0.0"
195.2.84.178 - - [14/Apr/2025:10:51:41 -0400] "POST /wp-comments-post.php HTTP/1.1" 302 0 "https://higglehub.com/a-comprehensive-guide-to-multichannel-marketing/" "Mozilla/5.0 (Windows NT 10.0; Win64; x64) AppleWebKit/537.36 (KHTML, like Gecko) Chrome/129.0.0.0 Safari/537.36"
198.54.114.83 - - [14/Apr/2025:10:51:46 -0400] "POST /wp-admin/admin-ajax.php?action=async_litespeed&nonce=6bUwSS7yQMJ40j25dy0dgBMr7dwfgxSi&litespeed_type=imgoptm HTTP/1.1" 200 5 "-" "WordPress/6.7.2; https://higglehub.com"
195.2.84.178 - - [14/Apr/2025:10:51:48 -0400] "GET /a-comprehensive-guide-to-multichannel-marketing/ HTTP/1.1" 200 11717 "https://higglehub.com/a-comprehensive-guide-to-multichannel-marketing/#comment-6276" "Mozilla/5.0 (Windows NT 10.0; Win64; x64) AppleWebKit/537.36 (KHTML, like Gecko) Chrome/129.0.0.0 Safari/537.36"
195.2.84.178 - - [14/Apr/2025:10:51:53 -0400] "GET /a-comprehensive-guide-to-multichannel-marketing/ HTTP/1.1" 200 11699 "https://higglehub.com/a-comprehensive-guide-to-multichannel-marketing/#comment-6277" "Mozilla/5.0 (Windows NT 10.0; Win64; x64) AppleWebKit/537.36 (KHTML, like Gecko) Chrome/130.0.0.0 Safari/537.36 CCleaner/130.0.0.0"
165.227.39.235 - - [14/Apr/2025:11:08:21 -0400] "GET / HTTP/1.1" 200 10353 "-" "-"
165.227.39.235 - - [14/Apr/2025:11:08:21 -0400] "GET / HTTP/1.1" 200 10353 "-" "Mozilla/5.0 (Linux; Android 6.0; HTC One M9 Build/MRA615981) AppleWebKit/537.36 (KHTML, like Gecko) Chrome/52.0.3161.98 Mobile Safari/537.3"
165.227.39.235 - - [14/Apr/2025:11:08:22 -0400] "GET /@vite/env HTTP/1.1" 200 0 "-" "Go-http-client/1.1"
165.227.39.235 - - [14/Apr/2025:11:08:24 -0400] "GET /actuator/env HTTP/1.1" 404 7269 "-" "Go-http-client/1.1"
198.54.114.83 - - [14/Apr/2025:11:08:25 -0400] "POST /wp-cron.php?doing_wp_cron=1744643304.6911959648132324218750 HTTP/1.1" 200 0 "-" "WordPress/6.7.2; https://higglehub.com"
165.227.39.235 - - [14/Apr/2025:11:08:25 -0400] "GET /server HTTP/1.1" 404 7270 "-" "Go-http-client/1.1"
198.54.114.83 - - [14/Apr/2025:11:08:25 -0400] "POST /wp-admin/admin-ajax.php?action=async_litespeed&nonce=dDsDhgqlx13n81NRHR41sdSMDiwebQHa&litespeed_type=imgoptm HTTP/1.1" 200 0 "-" "WordPress/6.7.2; https://higglehub.com"
165.227.39.235 - - [14/Apr/2025:11:08:26 -0400] "GET /.vscode/sftp.json HTTP/1.1" 404 7270 "-" "Go-http-client/1.1"
165.227.39.235 - - [14/Apr/2025:11:08:27 -0400] "GET /about HTTP/1.1" 404 7270 "-" "Go-http-client/1.1"
165.227.39.235 - - [14/Apr/2025:11:08:28 -0400] "GET /debug/default/view?panel=config HTTP/1.1" 404 7270 "-" "Go-http-client/1.1"
165.227.39.235 - - [14/Apr/2025:11:08:28 -0400] "GET /v2/_catalog HTTP/1.1" 404 7270 "-" "Go-http-client/1.1"
165.227.39.235 - - [14/Apr/2025:11:08:29 -0400] "GET /ecp/Current/exporttool/microsoft.exchange.ediscovery.exporttool.application HTTP/1.1" 404 7270 "-" "Go-http-client/1.1"
165.227.39.235 - - [14/Apr/2025:11:08:30 -0400] "GET /login.action HTTP/1.1" 404 7270 "-" "Go-http-client/1.1"
165.227.39.235 - - [14/Apr/2025:11:08:31 -0400] "GET /_all_dbs HTTP/1.1" 404 7270 "-" "Mozilla/5.0 (l9scan/2.0.33e27393e2431313e2838313; +https://leakix.net)"
165.227.39.235 - - [14/Apr/2025:11:08:31 -0400] "GET /.DS_Store HTTP/1.1" 404 7270 "-" "Go-http-client/1.1"
165.227.39.235 - - [14/Apr/2025:11:08:32 -0400] "GET /.env HTTP/1.1" 403 1242 "-" "Go-http-client/1.1"
165.227.39.235 - - [14/Apr/2025:11:08:32 -0400] "GET /.git/config HTTP/1.1" 403 1242 "-" "Go-http-client/1.1"
165.227.39.235 - - [14/Apr/2025:11:08:33 -0400] "GET /s/33e27393e2431313e2838313/_/;/META-INF/maven/com.atlassian.jira/jira-webapp-dist/pom.properties HTTP/1.1" 404 7270 "-" "Go-http-client/1.1"
165.227.39.235 - - [14/Apr/2025:11:08:33 -0400] "GET /config.json HTTP/1.1" 404 7270 "-" "Go-http-client/1.1"
165.227.39.235 - - [14/Apr/2025:11:08:35 -0400] "GET /telescope/requests HTTP/1.1" 404 7269 "-" "Go-http-client/1.1"
165.227.39.235 - - [14/Apr/2025:11:08:35 -0400] "GET /info.php HTTP/1.1" 404 7270 "-" "Go-http-client/1.1"
165.227.39.235 - - [14/Apr/2025:11:08:37 -0400] "GET /?rest_route=/wp/v2/users/ HTTP/1.1" 200 1243 "-" "Go-http-client/1.1"
198.54.114.83 - - [14/Apr/2025:11:13:37 -0400] "POST /wp-cron.php?doing_wp_cron=1744643616.7690830230712890625000 HTTP/1.1" 200 0 "-" "WordPress/6.7.2; https://higglehub.com"
111.119.254.160 - - [14/Apr/2025:11:13:32 -0400] "GET /lattrait-des-plaques-personnalisees/ HTTP/1.1" 200 11027 "https://higglehub.com/lattrait-des-plaques-personnalisees/" "Mozilla/5.0 (Windows NT 10.0; Win64; x64) AppleWebKit/537.36 (KHTML, like Gecko) Chrome/107.0.0.0 Safari/537.36"
198.54.114.83 - - [14/Apr/2025:11:13:37 -0400] "POST /wp-admin/admin-ajax.php?action=async_litespeed&nonce=J77uR5fzl6Ole4EMbuf8D4QYJZphwEMg&litespeed_type=imgoptm HTTP/1.1" 200 0 "-" "WordPress/6.7.2; https://higglehub.com"
43.159.144.16 - - [14/Apr/2025:11:15:20 -0400] "GET / HTTP/1.1" 200 10353 "http://higglehub.com" "Mozilla/5.0 (iPhone; CPU iPhone OS 13_2_3 like Mac OS X) AppleWebKit/605.1.15 (KHTML, like Gecko) Version/13.0.3 Mobile/15E148 Safari/604.1"
198.54.114.83 - - [14/Apr/2025:11:16:25 -0400] "POST /wp-cron.php?doing_wp_cron=1744643784.3842039108276367187500 HTTP/1.1" 200 0 "-" "WordPress/6.7.2; https://higglehub.com"
198.54.114.83 - - [14/Apr/2025:11:16:26 -0400] "POST /wp-admin/admin-ajax.php?action=async_litespeed&nonce=G6xG39xrGfnW1yFsWRE2i2RDDyZPt3Bg&litespeed_type=imgoptm HTTP/1.1" 200 0 "-" "WordPress/6.7.2; https://higglehub.com"
98.82.214.73 - - [14/Apr/2025:11:16:19 -0400] "GET /the-effects-and-risks-of-steroid-use/ HTTP/1.1" 200 11135 "-" "Mozilla/5.0 AppleWebKit/537.36 (KHTML, like Gecko; compatible; Amazonbot/0.1; +https://developer.amazon.com/support/amazonbot) Chrome/119.0.6045.214 Safari/537.36"
44.223.50.234 - - [14/Apr/2025:11:19:55 -0400] "POST /wp-login.php HTTP/1.1" 200 1894 "-" "Mozilla/5.0"
44.223.50.234 - - [14/Apr/2025:11:19:55 -0400] "POST /wp-login.php HTTP/1.1" 200 1893 "-" "Mozilla/5.0"
54.255.218.6 - - [14/Apr/2025:11:19:56 -0400] "GET /uploads/1/3/1/1/131136180/editor/toppng-com-logo-instagram-whatsapp-309x306.png?1587992191 HTTP/1.1" 404 7270 "-" "Mozilla/5.0 (Windows NT 10.0; Win64; x64) AppleWebKit/537.36 (KHTML, like Gecko) Chrome/133.0.0.0 Safari/537.36"
198.54.114.83 - - [14/Apr/2025:11:20:01 -0400] "POST /wp-cron.php?doing_wp_cron=1744643999.2747941017150878906250 HTTP/1.1" 200 0 "-" "WordPress/6.7.2; https://higglehub.com"
198.54.114.83 - - [14/Apr/2025:11:20:01 -0400] "POST /wp-cron.php?doing_wp_cron=1744643999.2625610828399658203125 HTTP/1.1" 200 0 "-" "WordPress/6.7.2; https://higglehub.com"
198.54.114.83 - - [14/Apr/2025:11:20:01 -0400] "POST /wp-cron.php?doing_wp_cron=1744643999.2894520759582519531250 HTTP/1.1" 200 0 "-" "WordPress/6.7.2; https://higglehub.com"
198.54.114.83 - - [14/Apr/2025:11:23:18 -0400] "POST /wp-cron.php?doing_wp_cron=1744644196.9922099113464355468750 HTTP/1.1" 200 0 "-" "WordPress/6.7.2; https://higglehub.com"
2001:41d0:401:3000::60f9 - - [14/Apr/2025:11:23:12 -0400] "POST /xmlrpc.php HTTP/1.1" 200 186 "-" "Mozilla/5.0 (Windows NT 10.0; Win64; x64; rv:94.0) Gecko/20100101 Firefox/94.0"
45.61.184.136 - - [14/Apr/2025:11:24:59 -0400] "GET /wp-login.php HTTP/1.1" 200 1766 "-" "Mozilla/5.0 (Windows NT 6.1; WOW64; rv:31.0) Gecko/20100101 Firefox/31.0"
45.61.184.136 - - [14/Apr/2025:11:25:11 -0400] "POST /wp-login.php HTTP/1.1" 200 1898 "-" "Mozilla/5.0 (Windows NT 6.1; WOW64; rv:31.0) Gecko/20100101 Firefox/31.0"
198.54.114.83 - - [14/Apr/2025:11:25:17 -0400] "POST /wp-cron.php?doing_wp_cron=1744644316.0743770599365234375000 HTTP/1.1" 200 0 "-" "WordPress/6.7.2; https://higglehub.com"
207.244.249.175 - - [14/Apr/2025:11:25:40 -0400] "POST /xmlrpc.php HTTP/1.1" 200 186 "-" "Mozilla/5.0 (Windows NT 10.0; Win64; x64; rv:46.0) Gecko/20100101 Firefox/46.0"
45.61.185.91 - - [14/Apr/2025:11:32:38 -0400] "GET /wp-login.php HTTP/1.1" 200 1766 "-" "Mozilla/5.0 (Windows NT 5.1; rv:30.0) Gecko/20100101 Firefox/30.0"
91.204.161.79 - - [14/Apr/2025:11:32:36 -0400] "POST /xmlrpc.php HTTP/1.1" 200 186 "-" "Mozilla/5.0 (Windows NT 10.0; Win64; x64; rv:73.0) Gecko/20100101 Firefox/73.0"
198.54.114.83 - - [14/Apr/2025:11:32:43 -0400] "POST /wp-cron.php?doing_wp_cron=1744644761.0002799034118652343750 HTTP/1.1" 200 0 "-" "WordPress/6.7.2; https://higglehub.com"
45.61.185.91 - - [14/Apr/2025:11:32:45 -0400] "POST /wp-login.php HTTP/1.1" 200 1897 "-" "Mozilla/5.0 (Windows NT 5.1; rv:30.0) Gecko/20100101 Firefox/30.0"
20.90.165.213 - - [14/Apr/2025:11:32:56 -0400] "POST /xmlrpc.php HTTP/1.1" 200 186 "-" "Mozilla/5.0 (Windows NT 10.0; Win64; x64; rv:84.0) Gecko/20100101 Firefox/84.0"
5.255.231.185 - - [14/Apr/2025:11:38:30 -0400] "GET /robots.txt HTTP/1.1" 304 0 "-" "Mozilla/5.0 (compatible; YandexBot/3.0; +http://yandex.com/bots)"
95.108.213.189 - - [14/Apr/2025:11:38:33 -0400] "GET / HTTP/1.1" 200 10353 "-" "Mozilla/5.0 (compatible; YandexBot/3.0; +http://yandex.com/bots)"
198.54.114.83 - - [14/Apr/2025:11:43:08 -0400] "POST /wp-cron.php?doing_wp_cron=1744645387.7344210147857666015625 HTTP/1.1" 200 0 "-" "WordPress/6.7.2; https://higglehub.com"
208.110.83.14 - - [14/Apr/2025:11:43:03 -0400] "POST /xmlrpc.php HTTP/1.1" 200 186 "-" "Mozilla/5.0 (Windows NT 10.0; Win64; x64; rv:73.0) Gecko/20100101 Firefox/73.0"
198.54.114.83 - - [14/Apr/2025:11:43:09 -0400] "POST /wp-admin/admin-ajax.php?action=async_litespeed&nonce=DXe50IUFekZBaOYZkXhUi70pjdPhUAik&litespeed_type=imgoptm HTTP/1.1" 200 0 "-" "WordPress/6.7.2; https://higglehub.com"
93.183.93.32 - - [14/Apr/2025:11:44:57 -0400] "GET /a-comprehensive-guide-to-multichannel-marketing/ HTTP/1.1" 200 10954 "https://higglehub.com/a-comprehensive-guide-to-multichannel-marketing/" "Mozilla/5.0 (Windows NT 10.0; Win64; x64) AppleWebKit/537.36 (KHTML, like Gecko) Chrome/131.0.0.0 Safari/537.36 Avast/131.0.0.0"
198.54.114.83 - - [14/Apr/2025:11:45:02 -0400] "POST /wp-cron.php?doing_wp_cron=1744645502.2008171081542968750000 HTTP/1.1" 200 0 "-" "WordPress/6.7.2; https://higglehub.com"
198.54.114.83 - - [14/Apr/2025:11:45:03 -0400] "POST /wp-admin/admin-ajax.php?action=async_litespeed&nonce=qHL0fGhjI2UN0OKIT0fxxbseaz7iHimq&litespeed_type=imgoptm HTTP/1.1" 200 0 "-" "WordPress/6.7.2; https://higglehub.com"
93.183.93.32 - - [14/Apr/2025:11:44:58 -0400] "POST /wp-comments-post.php HTTP/1.1" 302 0 "https://higglehub.com/a-comprehensive-guide-to-multichannel-marketing/" "Mozilla/5.0 (Windows NT 10.0; Win64; x64) AppleWebKit/537.36 (KHTML, like Gecko) Chrome/131.0.0.0 Safari/537.36 Avast/131.0.0.0"
93.183.93.32 - - [14/Apr/2025:11:45:08 -0400] "GET /a-comprehensive-guide-to-multichannel-marketing/ HTTP/1.1" 200 11738 "https://higglehub.com/a-comprehensive-guide-to-multichannel-marketing/#comment-6278" "Mozilla/5.0 (Windows NT 10.0; Win64; x64) AppleWebKit/537.36 (KHTML, like Gecko) Chrome/131.0.0.0 Safari/537.36 Avast/131.0.0.0"
195.200.31.148 - - [14/Apr/2025:11:46:13 -0400] "GET /a-comprehensive-guide-to-multichannel-marketing/ HTTP/1.1" 200 10954 "https://higglehub.com/a-comprehensive-guide-to-multichannel-marketing/#comment-6219" "Mozilla/5.0 (Windows NT 6.3; Win64; x64) AppleWebKit/537.36 (KHTML, like Gecko) Chrome/103.0.5060.53 Safari/537.36"
198.54.114.83 - - [14/Apr/2025:11:46:15 -0400] "POST /wp-cron.php?doing_wp_cron=1744645574.4066550731658935546875 HTTP/1.1" 200 0 "-" "WordPress/6.7.2; https://higglehub.com"
195.200.31.148 - - [14/Apr/2025:11:46:14 -0400] "POST /wp-comments-post.php HTTP/1.1" 302 0 "https://higglehub.com/a-comprehensive-guide-to-multichannel-marketing/#comment-6219" "Mozilla/5.0 (Windows NT 6.3; Win64; x64) AppleWebKit/537.36 (KHTML, like Gecko) Chrome/103.0.5060.53 Safari/537.36"
195.200.31.148 - - [14/Apr/2025:11:46:18 -0400] "GET /a-comprehensive-guide-to-multichannel-marketing/ HTTP/1.1" 200 11475 "https://higglehub.com/a-comprehensive-guide-to-multichannel-marketing/#comment-6279" "Mozilla/5.0 (Windows NT 6.3; Win64; x64) AppleWebKit/537.36 (KHTML, like Gecko) Chrome/103.0.5060.53 Safari/537.36"
198.54.114.83 - - [14/Apr/2025:11:47:47 -0400] "POST /wp-cron.php?doing_wp_cron=1744645666.2239959239959716796875 HTTP/1.1" 200 0 "-" "WordPress/6.7.2; https://higglehub.com"
202.166.199.150 - - [14/Apr/2025:11:47:42 -0400] "POST /xmlrpc.php HTTP/1.1" 200 186 "-" "Mozilla/5.0 (Windows NT 10.0; Win64; x64; rv:77.0) Gecko/20100101 Firefox/77.0"
198.54.114.83 - - [14/Apr/2025:11:47:49 -0400] "POST /wp-admin/admin-ajax.php?action=async_litespeed&nonce=l5c9KCEVnlx7l5OpRyubBlfIeuy7aShN&litespeed_type=imgoptm HTTP/1.1" 200 0 "-" "WordPress/6.7.2; https://higglehub.com"
198.54.114.83 - - [14/Apr/2025:11:49:35 -0400] "POST /wp-cron.php?doing_wp_cron=1744645774.4556710720062255859375 HTTP/1.1" 200 0 "-" "WordPress/6.7.2; https://higglehub.com"
51.91.131.222 - - [14/Apr/2025:11:49:31 -0400] "POST /xmlrpc.php HTTP/1.1" 200 186 "-" "Mozilla/5.0 (Windows NT 10.0; Win64; x64; rv:88.0) Gecko/20100101 Firefox/88.0"
198.54.114.83 - - [14/Apr/2025:11:49:36 -0400] "POST /wp-admin/admin-ajax.php?action=async_litespeed&nonce=0kEPSmzknYNW1f7Jl9hh3FDcgHRrYFsF&litespeed_type=imgoptm HTTP/1.1" 200 5 "-" "WordPress/6.7.2; https://higglehub.com"
75.119.146.155 - - [14/Apr/2025:11:57:12 -0400] "POST /xmlrpc.php HTTP/1.1" 200 186 "-" "Mozilla/5.0 (Windows NT 10.0; Win64; x64; rv:100.0) Gecko/20100101 Firefox/100.0"
198.54.114.83 - - [14/Apr/2025:11:57:19 -0400] "POST /wp-cron.php?doing_wp_cron=1744646237.4573919773101806640625 HTTP/1.1" 200 0 "-" "WordPress/6.7.2; https://higglehub.com"
52.215.55.159 - - [14/Apr/2025:12:01:47 -0400] "POST /xmlrpc.php HTTP/1.1" 200 186 "-" "Mozilla/5.0 (Windows NT 10.0; Win64; x64; rv:94.0) Gecko/20100101 Firefox/94.0"
198.54.114.83 - - [14/Apr/2025:12:01:56 -0400] "POST /wp-cron.php?doing_wp_cron=1744646512.6071441173553466796875 HTTP/1.1" 200 0 "-" "WordPress/6.7.2; https://higglehub.com"
45.61.187.191 - - [14/Apr/2025:12:08:24 -0400] "GET /wp-login.php HTTP/1.1" 200 1766 "-" "Mozilla/5.0 (compatible; MSIE 10.0; Windows NT 6.1; WOW64; Trident/6.0)"
198.54.114.83 - - [14/Apr/2025:12:08:30 -0400] "POST /wp-cron.php?doing_wp_cron=1744646910.1247110366821289062500 HTTP/1.1" 200 0 "-" "WordPress/6.7.2; https://higglehub.com"
45.61.187.191 - - [14/Apr/2025:12:08:25 -0400] "POST /wp-login.php HTTP/1.1" 200 1897 "-" "Mozilla/5.0 (compatible; MSIE 10.0; Windows NT 6.1; WOW64; Trident/6.0)"
198.54.114.83 - - [14/Apr/2025:12:08:32 -0400] "POST /wp-admin/admin-ajax.php?action=async_litespeed&nonce=cXMvf8DShH4K8YyiYOZ73P6Qvu4MrQWn&litespeed_type=imgoptm HTTP/1.1" 200 0 "-" "WordPress/6.7.2; https://higglehub.com"
209.141.33.127 - - [14/Apr/2025:12:09:47 -0400] "GET /wp-login.php HTTP/1.1" 200 1766 "-" "Mozilla/5.0 (Windows NT 6.3; WOW64; Trident/7.0; rv:11.0) like Gecko"
198.54.114.83 - - [14/Apr/2025:12:09:50 -0400] "POST /wp-cron.php?doing_wp_cron=1744646989.2668271064758300781250 HTTP/1.1" 200 0 "-" "WordPress/6.7.2; https://higglehub.com"
209.141.33.127 - - [14/Apr/2025:12:09:48 -0400] "POST /wp-login.php HTTP/1.1" 200 1898 "-" "Mozilla/5.0 (Windows NT 6.3; WOW64; Trident/7.0; rv:11.0) like Gecko"
198.54.114.83 - - [14/Apr/2025:12:13:18 -0400] "POST /wp-cron.php?doing_wp_cron=1744647197.0747079849243164062500 HTTP/1.1" 200 0 "-" "WordPress/6.7.2; https://higglehub.com"
2001:41d0:303:5f1e:: - - [14/Apr/2025:12:13:13 -0400] "POST /xmlrpc.php HTTP/1.1" 200 186 "-" "Mozilla/5.0 (Windows NT 10.0; Win64; x64; rv:68.0) Gecko/20100101 Firefox/68.0"
40.77.167.116 - - [14/Apr/2025:12:15:04 -0400] "GET /store/c44/Makeup_Brushes.html HTTP/1.1" 404 7270 "-" "Mozilla/5.0 AppleWebKit/537.36 (KHTML, like Gecko; compatible; bingbot/2.0; +http://www.bing.com/bingbot.htm) Chrome/116.0.1938.76 Safari/537.36"
198.54.114.83 - - [14/Apr/2025:12:15:09 -0400] "POST /wp-cron.php?doing_wp_cron=1744647307.2722790241241455078125 HTTP/1.1" 200 0 "-" "WordPress/6.7.2; https://higglehub.com"
212.227.105.62 - - [14/Apr/2025:12:15:16 -0400] "POST /xmlrpc.php HTTP/1.1" 200 186 "-" "Mozilla/5.0 (Windows NT 10.0; Win64; x64; rv:87.0) Gecko/20100101 Firefox/87.0"
198.54.114.83 - - [14/Apr/2025:12:21:21 -0400] "POST /wp-cron.php?doing_wp_cron=1744647680.0415360927581787109375 HTTP/1.1" 200 0 "-" "WordPress/6.7.2; https://higglehub.com"
111.119.212.83 - - [14/Apr/2025:12:21:16 -0400] "GET /taking-advantage-of-the-online-betting-scene-during-the-uefa-tournaments/ HTTP/1.1" 200 11518 "https://higglehub.com/taking-advantage-of-the-online-betting-scene-during-the-uefa-tournaments/" "Mozilla/5.0 (Macintosh; Intel Mac OS X 10_15_7) AppleWebKit/537.36 (KHTML, like Gecko) Chrome/119.0.0.0 Safari/537.36"
44.223.50.234 - - [14/Apr/2025:12:22:31 -0400] "POST /wp-login.php HTTP/1.1" 200 1894 "-" "Mozilla/5.0"
44.223.50.234 - - [14/Apr/2025:12:22:31 -0400] "POST /wp-login.php HTTP/1.1" 200 1893 "-" "Mozilla/5.0"
198.54.114.83 - - [14/Apr/2025:12:22:36 -0400] "POST /wp-cron.php?doing_wp_cron=1744647751.9051210880279541015625 HTTP/1.1" 200 0 "-" "WordPress/6.7.2; https://higglehub.com"
198.54.114.83 - - [14/Apr/2025:12:22:36 -0400] "POST /wp-cron.php?doing_wp_cron=1744647751.9237010478973388671875 HTTP/1.1" 200 0 "-" "WordPress/6.7.2; https://higglehub.com"
95.108.213.135 - - [14/Apr/2025:12:28:35 -0400] "GET /store/p88/Peeping_the_Scene_Midi_Dress_-_Brown.html HTTP/1.1" 404 7270 "-" "Mozilla/5.0 (compatible; YandexBot/3.0; +http://yandex.com/bots)"
198.54.114.83 - - [14/Apr/2025:12:28:42 -0400] "POST /wp-cron.php?doing_wp_cron=1744648118.7481729984283447265625 HTTP/1.1" 200 0 "-" "WordPress/6.7.2; https://higglehub.com"
138.197.131.228 - - [14/Apr/2025:12:28:46 -0400] "POST /xmlrpc.php HTTP/1.1" 200 186 "-" "Mozilla/5.0 (Windows NT 10.0; Win64; x64; rv:52.0) Gecko/20100101 Firefox/52.0"
35.177.34.137 - - [14/Apr/2025:12:35:38 -0400] "POST /xmlrpc.php HTTP/1.1" 200 186 "-" "Mozilla/5.0 (Windows NT 10.0; Win64; x64; rv:65.0) Gecko/20100101 Firefox/65.0"
198.54.114.83 - - [14/Apr/2025:12:35:45 -0400] "POST /wp-cron.php?doing_wp_cron=1744648542.2918028831481933593750 HTTP/1.1" 200 0 "-" "WordPress/6.7.2; https://higglehub.com"
198.54.114.83 - - [14/Apr/2025:12:37:01 -0400] "POST /wp-cron.php?doing_wp_cron=1744648620.3075129985809326171875 HTTP/1.1" 200 0 "-" "WordPress/6.7.2; https://higglehub.com"
2a00:7b80:3042:3000::183 - - [14/Apr/2025:12:36:57 -0400] "POST /xmlrpc.php HTTP/1.1" 200 186 "-" "Mozilla/5.0 (Windows NT 10.0; Win64; x64; rv:90.0) Gecko/20100101 Firefox/90.0"
77.238.235.209 - - [14/Apr/2025:12:44:03 -0400] "GET /gitarrenunterricht-in-dusseldorf-ihr-weg-zur-musikalischen-entfaltung/ HTTP/1.1" 200 10815 "https://higglehub.com/gitarrenunterricht-in-dusseldorf-ihr-weg-zur-musikalischen-entfaltung/" "Mozilla/5.0 (Windows NT 10.0; Win64; x64) AppleWebKit/537.36 (KHTML, like Gecko) Chrome/131.0.0.0 Safari/537.36"
198.54.114.83 - - [14/Apr/2025:12:44:12 -0400] "POST /wp-cron.php?doing_wp_cron=1744649051.4860019683837890625000 HTTP/1.1" 200 0 "-" "WordPress/6.7.2; https://higglehub.com"
198.54.114.83 - - [14/Apr/2025:12:44:13 -0400] "POST /wp-admin/admin-ajax.php?action=async_litespeed&nonce=gcISAOIwWD5Rtk2efgE7ZOn0mtHXTyxn&litespeed_type=imgoptm HTTP/1.1" 200 0 "-" "WordPress/6.7.2; https://higglehub.com"
77.238.235.209 - - [14/Apr/2025:12:44:05 -0400] "POST /wp-comments-post.php HTTP/1.1" 302 0 "https://higglehub.com/gitarrenunterricht-in-dusseldorf-ihr-weg-zur-musikalischen-entfaltung/" "Mozilla/5.0 (Windows NT 10.0; Win64; x64) AppleWebKit/537.36 (KHTML, like Gecko) Chrome/131.0.0.0 Safari/537.36"
198.54.114.83 - - [14/Apr/2025:12:44:18 -0400] "POST /wp-cron.php?doing_wp_cron=1744649057.2288498878479003906250 HTTP/1.1" 200 0 "-" "WordPress/6.7.2; https://higglehub.com"
77.238.235.209 - - [14/Apr/2025:12:44:16 -0400] "GET /gitarrenunterricht-in-dusseldorf-ihr-weg-zur-musikalischen-entfaltung/ HTTP/1.1" 200 11394 "https://higglehub.com/gitarrenunterricht-in-dusseldorf-ihr-weg-zur-musikalischen-entfaltung/#comment-6280" "Mozilla/5.0 (Windows NT 10.0; Win64; x64) AppleWebKit/537.36 (KHTML, like Gecko) Chrome/131.0.0.0 Safari/537.36"
62.84.190.190 - - [14/Apr/2025:12:45:18 -0400] "POST /xmlrpc.php HTTP/1.1" 200 186 "-" "Mozilla/5.0 (Windows NT 10.0; Win64; x64; rv:71.0) Gecko/20100101 Firefox/71.0"
198.54.114.83 - - [14/Apr/2025:12:45:22 -0400] "POST /wp-cron.php?doing_wp_cron=1744649119.1974480152130126953125 HTTP/1.1" 200 0 "-" "WordPress/6.7.2; https://higglehub.com"
34.91.78.130 - - [14/Apr/2025:12:46:59 -0400] "GET /wp-login.php HTTP/1.1" 200 1766 "-" "GRequests/0.10"
198.54.114.83 - - [14/Apr/2025:12:47:07 -0400] "POST /wp-cron.php?doing_wp_cron=1744649225.6533169746398925781250 HTTP/1.1" 200 0 "-" "WordPress/6.7.2; https://higglehub.com"
34.91.78.130 - - [14/Apr/2025:12:47:00 -0400] "POST /wp-login.php HTTP/1.1" 200 1897 "-" "GRequests/0.10"
3.224.104.67 - - [14/Apr/2025:12:48:17 -0400] "GET /category/family-relationship/ HTTP/1.1" 200 8259 "-" "Mozilla/5.0 AppleWebKit/537.36 (KHTML, like Gecko; compatible; Amazonbot/0.1; +https://developer.amazon.com/support/amazonbot) Chrome/119.0.6045.214 Safari/537.36"
159.138.105.161 - - [14/Apr/2025:12:52:56 -0400] "GET /revolutionizing-law-enforcement-the-era-of-electronic-warrants/ HTTP/1.1" 200 11119 "https://higglehub.com/revolutionizing-law-enforcement-the-era-of-electronic-warrants/" "Mozilla/5.0 (Windows NT 10.0; Win64; x64) AppleWebKit/537.36 (KHTML, like Gecko) Chrome/104.0.0.0 Safari/537.36"
198.54.114.83 - - [14/Apr/2025:12:53:04 -0400] "POST /wp-cron.php?doing_wp_cron=1744649580.8156960010528564453125 HTTP/1.1" 200 0 "-" "WordPress/6.7.2; https://higglehub.com"
109.123.236.97 - - [14/Apr/2025:12:54:38 -0400] "GET /wp-login.php HTTP/1.1" 200 1766 "-" "GRequests/0.10"
198.54.114.83 - - [14/Apr/2025:12:54:44 -0400] "POST /wp-cron.php?doing_wp_cron=1744649683.2966179847717285156250 HTTP/1.1" 200 0 "-" "WordPress/6.7.2; https://higglehub.com"
109.123.236.97 - - [14/Apr/2025:12:54:40 -0400] "POST /wp-login.php HTTP/1.1" 200 1898 "-" "GRequests/0.10"
198.54.114.83 - - [14/Apr/2025:12:56:46 -0400] "POST /wp-cron.php?doing_wp_cron=1744649805.2926959991455078125000 HTTP/1.1" 200 0 "-" "WordPress/6.7.2; https://higglehub.com"
194.164.161.199 - - [14/Apr/2025:12:56:43 -0400] "POST /xmlrpc.php HTTP/1.1" 200 186 "-" "Mozilla/5.0 (Windows NT 10.0; Win64; x64; rv:98.0) Gecko/20100101 Firefox/98.0"
216.244.66.247 - - [14/Apr/2025:13:02:49 -0400] "GET /robots.txt HTTP/1.1" 304 0 "-" "Mozilla/5.0 (compatible; DotBot/1.2; +https://opensiteexplorer.org/dotbot; help@moz.com)"
54.36.148.155 - - [14/Apr/2025:13:03:53 -0400] "GET /robots.txt HTTP/1.1" 200 61 "-" "Mozilla/5.0 (compatible; AhrefsBot/7.0; +http://ahrefs.com/robot/)"
51.222.253.11 - - [14/Apr/2025:13:03:58 -0400] "GET / HTTP/1.1" 200 10353 "-" "Mozilla/5.0 (compatible; AhrefsBot/7.0; +http://ahrefs.com/robot/)"
2a01:239:25f:2900::1 - - [14/Apr/2025:13:04:29 -0400] "POST /xmlrpc.php HTTP/1.1" 200 186 "-" "Mozilla/5.0 (Windows NT 10.0; Win64; x64; rv:41.0) Gecko/20100101 Firefox/41.0"
198.54.114.83 - - [14/Apr/2025:13:04:36 -0400] "POST /wp-cron.php?doing_wp_cron=1744650273.7631139755249023437500 HTTP/1.1" 200 0 "-" "WordPress/6.7.2; https://higglehub.com"
43.156.116.252 - - [14/Apr/2025:13:07:54 -0400] "GET /wp-aa.php HTTP/1.1" 404 7270 "-" "Mozilla/5.0 (Windows NT 10.0; Win64; x64; rv:77.0) Gecko/20100101 Firefox/77.0"
198.54.114.83 - - [14/Apr/2025:13:08:04 -0400] "POST /wp-cron.php?doing_wp_cron=1744650481.0115931034088134765625 HTTP/1.1" 200 0 "-" "WordPress/6.7.2; https://higglehub.com"
43.156.116.252 - - [14/Apr/2025:13:08:10 -0400] "GET /wp-content/plugins/wp-automatic/inc/csv.php HTTP/1.1" 404 7270 "-" "Mozilla/5.0 (Windows NT 10.0; Win64; x64; rv:77.0) Gecko/20100101 Firefox/77.0"
198.54.114.83 - - [14/Apr/2025:13:12:44 -0400] "POST /wp-cron.php?doing_wp_cron=1744650763.2110900878906250000000 HTTP/1.1" 200 0 "-" "WordPress/6.7.2; https://higglehub.com"
216.244.66.247 - - [14/Apr/2025:13:12:38 -0400] "GET /umzugsunternehmen-in-hamburg-ihr-partner-fur-einen-stressfreien-umzug/ HTTP/1.1" 200 10775 "-" "Mozilla/5.0 (compatible; DotBot/1.2; +https://opensiteexplorer.org/dotbot; help@moz.com)"
216.244.66.247 - - [14/Apr/2025:13:15:56 -0400] "GET /unlocking-value-the-benefits-of-gift-certificate-small-payments/feed/ HTTP/1.1" 200 436 "-" "Mozilla/5.0 (compatible; DotBot/1.2; +https://opensiteexplorer.org/dotbot; help@moz.com)"
198.54.114.83 - - [14/Apr/2025:13:16:04 -0400] "POST /wp-cron.php?doing_wp_cron=1744650960.3506639003753662109375 HTTP/1.1" 200 0 "-" "WordPress/6.7.2; https://higglehub.com"
185.199.223.96 - - [14/Apr/2025:13:18:44 -0400] "POST /xmlrpc.php HTTP/1.1" 200 186 "-" "Mozilla/5.0 (Windows NT 10.0; Win64; x64; rv:90.0) Gecko/20100101 Firefox/90.0"
198.54.114.83 - - [14/Apr/2025:13:18:49 -0400] "POST /wp-cron.php?doing_wp_cron=1744651126.9132239818572998046875 HTTP/1.1" 200 0 "-" "WordPress/6.7.2; https://higglehub.com"
198.54.114.83 - - [14/Apr/2025:13:25:13 -0400] "POST /wp-cron.php?doing_wp_cron=1744651512.5710270404815673828125 HTTP/1.1" 200 0 "-" "WordPress/6.7.2; https://higglehub.com"
198.54.114.83 - - [14/Apr/2025:13:25:13 -0400] "POST /wp-cron.php?doing_wp_cron=1744651512.6024169921875000000000 HTTP/1.1" 200 0 "-" "WordPress/6.7.2; https://higglehub.com"
44.223.50.234 - - [14/Apr/2025:13:25:08 -0400] "POST /wp-login.php HTTP/1.1" 200 1893 "-" "Mozilla/5.0"
44.223.50.234 - - [14/Apr/2025:13:25:08 -0400] "POST /wp-login.php HTTP/1.1" 200 1894 "-" "Mozilla/5.0"
2001:41d0:401:3000::60f9 - - [14/Apr/2025:13:30:45 -0400] "POST /xmlrpc.php HTTP/1.1" 200 186 "-" "Mozilla/5.0 (Windows NT 10.0; Win64; x64; rv:70.0) Gecko/20100101 Firefox/70.0"
198.54.114.83 - - [14/Apr/2025:13:30:51 -0400] "POST /wp-cron.php?doing_wp_cron=1744651850.0744609832763671875000 HTTP/1.1" 200 0 "-" "WordPress/6.7.2; https://higglehub.com"
2a05:1500:702:0:1c00:d9ff:fe00:5e - - [14/Apr/2025:13:32:43 -0400] "POST /xmlrpc.php HTTP/1.1" 200 186 "-" "Mozilla/5.0 (Windows NT 10.0; Win64; x64; rv:63.0) Gecko/20100101 Firefox/63.0"
198.54.114.83 - - [14/Apr/2025:13:32:48 -0400] "POST /wp-cron.php?doing_wp_cron=1744651965.9936609268188476562500 HTTP/1.1" 200 0 "-" "WordPress/6.7.2; https://higglehub.com"
190.92.212.136 - - [14/Apr/2025:13:32:56 -0400] "GET /gift-cards-for-gamers/ HTTP/1.1" 200 10963 "https://higglehub.com/gift-cards-for-gamers/" "Mozilla/5.0 (Macintosh; Intel Mac OS X 10_15_7) AppleWebKit/537.36 (KHTML, like Gecko) Chrome/119.0.0.0 Safari/537.36"
80.87.197.82 - - [14/Apr/2025:13:36:13 -0400] "POST /xmlrpc.php HTTP/1.1" 200 186 "-" "Mozilla/5.0 (Windows NT 10.0; Win64; x64; rv:100.0) Gecko/20100101 Firefox/100.0"
198.54.114.83 - - [14/Apr/2025:13:36:19 -0400] "POST /wp-cron.php?doing_wp_cron=1744652177.0240850448608398437500 HTTP/1.1" 200 0 "-" "WordPress/6.7.2; https://higglehub.com"
134.17.14.122 - - [14/Apr/2025:13:40:06 -0400] "GET /membership-pricing/ HTTP/1.1" 404 7270 "-" "Mozilla/4.0 (compatible; MSIE 6.0; Windows NT 5.1; SV1)"
198.54.114.83 - - [14/Apr/2025:13:40:14 -0400] "POST /wp-cron.php?doing_wp_cron=1744652411.4356029033660888671875 HTTP/1.1" 200 0 "-" "WordPress/6.7.2; https://higglehub.com"
198.54.114.83 - - [14/Apr/2025:13:43:32 -0400] "POST /wp-cron.php?doing_wp_cron=1744652610.1554129123687744140625 HTTP/1.1" 200 0 "-" "WordPress/6.7.2; https://higglehub.com"
52.220.55.39 - - [14/Apr/2025:13:43:26 -0400] "GET /uploads/1/3/1/1/131136180/published/higg-tv-logo.png?1589729997 HTTP/1.1" 404 7270 "http://higglehub.com/uploads/1/3/1/1/131136180/published/higg-tv-logo.png?1589729997" "Mozilla/5.0 (Windows NT 10.0; Win64; x64) AppleWebKit/537.36 (KHTML, like Gecko) Chrome/133.0.0.0 Safari/537.36"
216.244.66.247 - - [14/Apr/2025:13:49:15 -0400] "GET /robots.txt HTTP/1.1" 200 61 "-" "Mozilla/5.0 (compatible; DotBot/1.2; +https://opensiteexplorer.org/dotbot; help@moz.com)"
198.54.114.83 - - [14/Apr/2025:13:53:23 -0400] "POST /wp-cron.php?doing_wp_cron=1744653202.5356719493865966796875 HTTP/1.1" 200 0 "-" "WordPress/6.7.2; https://higglehub.com"
89.163.135.178 - - [14/Apr/2025:13:53:18 -0400] "POST /xmlrpc.php HTTP/1.1" 200 186 "-" "Mozilla/5.0 (Windows NT 10.0; Win64; x64; rv:46.0) Gecko/20100101 Firefox/46.0"
2604:a880:800:10::ba7:b001 - - [14/Apr/2025:14:00:23 -0400] "POST /xmlrpc.php HTTP/1.1" 200 186 "-" "Mozilla/5.0 (Windows NT 10.0; Win64; x64; rv:79.0) Gecko/20100101 Firefox/79.0"
198.54.114.83 - - [14/Apr/2025:14:00:29 -0400] "POST /wp-cron.php?doing_wp_cron=1744653628.2767159938812255859375 HTTP/1.1" 200 0 "-" "WordPress/6.7.2; https://higglehub.com"
216.244.66.247 - - [14/Apr/2025:14:00:42 -0400] "GET /a-modern-gambling-revolution/ HTTP/1.1" 200 10866 "-" "Mozilla/5.0 (compatible; DotBot/1.2; +https://opensiteexplorer.org/dotbot; help@moz.com)"
51.89.68.103 - - [14/Apr/2025:14:05:45 -0400] "GET /wp-admin/js/js/cache.php HTTP/1.1" 404 7269 "-" "Mozilla/5.0 (Windows NT 10.0; Win64; x64) AppleWebKit/537.36 (KHTML, like Gecko) Chrome/127.0.0.0 Safari/537.36"
198.54.114.83 - - [14/Apr/2025:14:05:52 -0400] "POST /wp-cron.php?doing_wp_cron=1744653949.1683669090270996093750 HTTP/1.1" 200 0 "-" "WordPress/6.7.2; https://higglehub.com"
51.89.68.103 - - [14/Apr/2025:14:05:55 -0400] "GET /wp-admin/images/images/cache.php HTTP/1.1" 404 7269 "-" "Mozilla/5.0 (Windows NT 10.0; Win64; x64) AppleWebKit/537.36 (KHTML, like Gecko) Chrome/127.0.0.0 Safari/537.36"
51.89.68.103 - - [14/Apr/2025:14:06:02 -0400] "GET /wp-admin/includes/includes/cache.php HTTP/1.1" 404 7270 "-" "Mozilla/5.0 (Windows NT 10.0; Win64; x64) AppleWebKit/537.36 (KHTML, like Gecko) Chrome/127.0.0.0 Safari/537.36"
51.89.68.103 - - [14/Apr/2025:14:06:08 -0400] "GET /assets/media/media/cache.php HTTP/1.1" 404 7270 "-" "Mozilla/5.0 (Windows NT 10.0; Win64; x64) AppleWebKit/537.36 (KHTML, like Gecko) Chrome/127.0.0.0 Safari/537.36"
51.89.68.103 - - [14/Apr/2025:14:06:12 -0400] "GET /tmp/tmp/cache.php HTTP/1.1" 404 7270 "-" "Mozilla/5.0 (Windows NT 10.0; Win64; x64) AppleWebKit/537.36 (KHTML, like Gecko) Chrome/127.0.0.0 Safari/537.36"
5.250.184.107 - - [14/Apr/2025:14:06:21 -0400] "POST /xmlrpc.php HTTP/1.1" 200 186 "-" "Mozilla/5.0 (Windows NT 10.0; Win64; x64; rv:96.0) Gecko/20100101 Firefox/96.0"
198.54.114.83 - - [14/Apr/2025:14:09:37 -0400] "POST /wp-cron.php?doing_wp_cron=1744654176.3339478969573974609375 HTTP/1.1" 200 0 "-" "WordPress/6.7.2; https://higglehub.com"
212.118.36.6 - - [14/Apr/2025:14:09:31 -0400] "POST /xmlrpc.php HTTP/1.1" 200 186 "-" "Mozilla/5.0 (Windows NT 10.0; Win64; x64; rv:71.0) Gecko/20100101 Firefox/71.0"
198.54.114.83 - - [14/Apr/2025:14:09:39 -0400] "POST /wp-admin/admin-ajax.php?action=async_litespeed&nonce=HE32VCmUMJDXTGEK61AxiWReP43pKXhl&litespeed_type=imgoptm HTTP/1.1" 200 0 "-" "WordPress/6.7.2; https://higglehub.com"
198.54.114.83 - - [14/Apr/2025:14:13:01 -0400] "POST /wp-cron.php?doing_wp_cron=1744654381.1035830974578857421875 HTTP/1.1" 200 0 "-" "WordPress/6.7.2; https://higglehub.com"
101.44.24.253 - - [14/Apr/2025:14:12:57 -0400] "GET /effektive-haushaltsauflosung-in-luneburg/ HTTP/1.1" 200 10805 "https://higglehub.com/effektive-haushaltsauflosung-in-luneburg/" "Mozilla/5.0 (Macintosh; Intel Mac OS X 10_15_7) AppleWebKit/537.36 (KHTML, like Gecko) Chrome/119.0.0.0 Safari/537.36"
