Server IP : 104.21.46.188 / Your IP : 3.142.220.14 Web Server : LiteSpeed System : Linux business31.web-hosting.com 4.18.0-553.16.1.lve.1.el8.x86_64 #1 SMP Mon Sep 23 20:16:18 UTC 2024 x86_64 User : varizmol ( 2121) PHP Version : 8.0.30 Disable Function : NONE MySQL : OFF | cURL : ON | WGET : ON | Perl : ON | Python : ON | Sudo : OFF | Pkexec : OFF Directory : /home/varizmol/access-logs/ |
Upload File : |
198.54.114.83 - - [14/Apr/2025:06:24:33 -0400] "POST /wp-cron.php?doing_wp_cron=1744626272.6100800037384033203125 HTTP/1.1" 200 0 "-" "WordPress/6.7.2; https://higglehub.com"
132.148.183.184 - - [14/Apr/2025:06:24:29 -0400] "POST /wp-login.php HTTP/1.1" 200 1894 "https://higglehub.com" "Mozilla/5.0 (Macintosh; Intel Mac OS X 10_15_7) AppleWebKit/537.36 (KHTML, like Gecko) Chrome/114.0.5735.134 Safari/537.36"
198.54.114.83 - - [14/Apr/2025:06:24:33 -0400] "POST /wp-admin/admin-ajax.php?action=async_litespeed&nonce=8Oy6v0oejLJmGtN9zcRy8s5E6FKBpkcg&litespeed_type=imgoptm HTTP/1.1" 200 0 "-" "WordPress/6.7.2; https://higglehub.com"
154.209.172.130 - - [14/Apr/2025:06:35:50 -0400] "GET /wp-json/wp/v2/users HTTP/1.1" 200 1243 "-" "Mozilla/5.0 (Windows NT 10.0; Win64; x64; rv:84.0) Gecko/20100101 Firefox/84.0"
198.54.114.83 - - [14/Apr/2025:06:35:58 -0400] "POST /wp-cron.php?doing_wp_cron=1744626954.9957089424133300781250 HTTP/1.1" 200 0 "-" "WordPress/6.7.2; https://higglehub.com"
198.54.114.83 - - [14/Apr/2025:06:37:51 -0400] "POST /wp-cron.php?doing_wp_cron=1744627070.7947540283203125000000 HTTP/1.1" 200 0 "-" "WordPress/6.7.2; https://higglehub.com"
198.54.114.83 - - [14/Apr/2025:06:37:51 -0400] "POST /wp-cron.php?doing_wp_cron=1744627070.8153829574584960937500 HTTP/1.1" 200 0 "-" "WordPress/6.7.2; https://higglehub.com"
199.188.207.168 - - [14/Apr/2025:06:37:46 -0400] "POST /wp-login.php HTTP/1.1" 200 1894 "https://higglehub.com" "Mozilla/5.0 (Windows NT 11.0; Win64; x64) AppleWebKit/537.36 (KHTML, like Gecko) Chrome/126.0.0.0 Safari/537.36 Edg/126.0.0.0"
2a03:4000:42:260:54ac:f0ff:fe87:d7af - - [14/Apr/2025:06:37:49 -0400] "GET /professionelle-hilfe-bei-der-wohnungsauflosung-in-luneburg/ HTTP/1.1" 200 11167 "-" "Mozilla/5.0 (Windows NT 10.0; Win64; x64) AppleWebKit/537.36 (KHTML, like Gecko) Chrome/100.0.8635.864 Safari/537.36"
198.54.114.83 - - [14/Apr/2025:06:37:53 -0400] "POST /wp-admin/admin-ajax.php?action=async_litespeed&nonce=pDfRH2LXirFhSh8rx0XgoiZb6Z8orUIG&litespeed_type=imgoptm HTTP/1.1" 200 0 "-" "WordPress/6.7.2; https://higglehub.com"
198.54.114.83 - - [14/Apr/2025:06:40:30 -0400] "POST /wp-cron.php?doing_wp_cron=1744627229.5691549777984619140625 HTTP/1.1" 200 0 "-" "WordPress/6.7.2; https://higglehub.com"
198.54.114.83 - - [14/Apr/2025:06:40:32 -0400] "POST /wp-admin/admin-ajax.php?action=async_litespeed&nonce=gUpJC6wK5KffwhKEjhZzHwfavDHkm0gU&litespeed_type=imgoptm HTTP/1.1" 200 0 "-" "WordPress/6.7.2; https://higglehub.com"
4.233.218.53 - - [14/Apr/2025:06:40:25 -0400] "GET /unleashing-the-power-of-learning-a-journey-of-growth/ HTTP/1.1" 200 10997 "https://higglehub.com/unleashing-the-power-of-learning-a-journey-of-growth/" "Mozilla/5.0 (Windows NT 10.0; Win64; x64) AppleWebKit/537.36 (KHTML, like Gecko) Chrome/129.0.0.0 Safari/537.36"
4.233.218.53 - - [14/Apr/2025:06:40:38 -0400] "POST /wp-comments-post.php HTTP/1.1" 200 982 "https://higglehub.com/unleashing-the-power-of-learning-a-journey-of-growth/" "Mozilla/5.0 (Windows NT 10.0; Win64; x64) AppleWebKit/537.36 (KHTML, like Gecko) Chrome/129.0.0.0 Safari/537.36"
66.33.200.4 - - [14/Apr/2025:06:48:02 -0400] "GET / HTTP/1.1" 200 10353 "-" "DreamHost Data Team (+http://www.dreamhost.com/support/)"
198.54.114.83 - - [14/Apr/2025:06:48:23 -0400] "POST /wp-cron.php?doing_wp_cron=1744627702.1343650817871093750000 HTTP/1.1" 200 0 "-" "WordPress/6.7.2; https://higglehub.com"
66.33.200.4 - - [14/Apr/2025:06:48:15 -0400] "GET /category/education/ HTTP/1.1" 200 8264 "-" "DreamHost Data Team (+http://www.dreamhost.com/support/)"
66.33.200.4 - - [14/Apr/2025:06:48:35 -0400] "GET /category/real-estate/ HTTP/1.1" 200 8249 "-" "DreamHost Data Team (+http://www.dreamhost.com/support/)"
66.33.200.4 - - [14/Apr/2025:06:48:48 -0400] "GET /category/health-fitness/ HTTP/1.1" 200 9699 "-" "DreamHost Data Team (+http://www.dreamhost.com/support/)"
66.33.200.4 - - [14/Apr/2025:06:49:03 -0400] "GET /category/arts-entertainments/ HTTP/1.1" 200 10513 "-" "DreamHost Data Team (+http://www.dreamhost.com/support/)"
198.98.52.69 - - [14/Apr/2025:06:53:19 -0400] "GET /wp-login.php HTTP/1.1" 200 1766 "-" "Mozilla/5.0 (Windows NT 6.3; WOW64) AppleWebKit/537.36 (KHTML, like Gecko) Chrome/35.0.1916.153 Safari/537.36"
198.54.114.83 - - [14/Apr/2025:06:53:31 -0400] "POST /wp-cron.php?doing_wp_cron=1744628010.5840330123901367187500 HTTP/1.1" 200 0 "-" "WordPress/6.7.2; https://higglehub.com"
198.98.52.69 - - [14/Apr/2025:06:53:26 -0400] "POST /wp-login.php HTTP/1.1" 200 1897 "-" "Mozilla/5.0 (Windows NT 6.3; WOW64) AppleWebKit/537.36 (KHTML, like Gecko) Chrome/35.0.1916.153 Safari/537.36"
198.54.114.83 - - [14/Apr/2025:06:53:32 -0400] "POST /wp-admin/admin-ajax.php?action=async_litespeed&nonce=p7X1Gk7a5Ylxg1JxZeC3sglZrAaCQ5kU&litespeed_type=imgoptm HTTP/1.1" 200 0 "-" "WordPress/6.7.2; https://higglehub.com"
45.84.107.55 - - [14/Apr/2025:06:55:11 -0400] "GET / HTTP/1.1" 200 10353 "higglehub.com" "Mozilla/5.0 (Windows NT 6.0; WOW64; rv:3.4) Goanna/20180412 PaleMoon/27.9.0"
45.84.107.55 - - [14/Apr/2025:06:55:15 -0400] "GET / HTTP/1.1" 200 10353 "https://higglehub.com" "Mozilla/5.0 (Windows NT 6.0; WOW64; rv:3.4) Goanna/20180412 PaleMoon/27.9.0"
198.54.114.83 - - [14/Apr/2025:06:55:20 -0400] "POST /wp-cron.php?doing_wp_cron=1744628119.5339529514312744140625 HTTP/1.1" 200 0 "-" "WordPress/6.7.2; https://higglehub.com"
45.84.107.55 - - [14/Apr/2025:06:55:17 -0400] "GET /2023/09 HTTP/1.1" 301 0 "https://higglehub.com/2023/09" "Mozilla/5.0 (Windows NT 6.0; WOW64; rv:3.4) Goanna/20180412 PaleMoon/27.9.0"
198.54.114.83 - - [14/Apr/2025:06:55:21 -0400] "POST /wp-admin/admin-ajax.php?action=async_litespeed&nonce=FoeioN7MKWBRNWO7AP9bQ45YLOAn4BsT&litespeed_type=imgoptm HTTP/1.1" 200 0 "-" "WordPress/6.7.2; https://higglehub.com"
198.54.114.83 - - [14/Apr/2025:06:55:23 -0400] "POST /wp-cron.php?doing_wp_cron=1744628122.4294550418853759765625 HTTP/1.1" 200 0 "-" "WordPress/6.7.2; https://higglehub.com"
45.84.107.55 - - [14/Apr/2025:06:55:22 -0400] "GET /2023/09/ HTTP/1.1" 200 9201 "https://higglehub.com/2023/09" "Mozilla/5.0 (Windows NT 6.0; WOW64; rv:3.4) Goanna/20180412 PaleMoon/27.9.0"
45.84.107.47 - - [14/Apr/2025:06:55:27 -0400] "GET /2023/11 HTTP/1.1" 301 0 "https://higglehub.com/2023/11" "Mozilla/5.0 (Windows NT 6.0; WOW64; rv:3.4) Goanna/20180412 PaleMoon/27.9.0"
198.54.114.83 - - [14/Apr/2025:06:55:29 -0400] "POST /wp-cron.php?doing_wp_cron=1744628128.0287001132965087890625 HTTP/1.1" 200 0 "-" "WordPress/6.7.2; https://higglehub.com"
45.84.107.47 - - [14/Apr/2025:06:55:30 -0400] "GET /2023/11/ HTTP/1.1" 200 9353 "https://higglehub.com/2023/11" "Mozilla/5.0 (Windows NT 6.0; WOW64; rv:3.4) Goanna/20180412 PaleMoon/27.9.0"
192.42.116.179 - - [14/Apr/2025:06:55:33 -0400] "GET /2023/12 HTTP/1.1" 301 0 "https://higglehub.com/2023/12" "Mozilla/5.0 (Windows NT 6.0; WOW64; rv:3.4) Goanna/20180412 PaleMoon/27.9.0"
192.42.116.179 - - [14/Apr/2025:06:55:35 -0400] "GET /2023/12/ HTTP/1.1" 200 10106 "https://higglehub.com/2023/12" "Mozilla/5.0 (Windows NT 6.0; WOW64; rv:3.4) Goanna/20180412 PaleMoon/27.9.0"
192.42.116.179 - - [14/Apr/2025:06:55:39 -0400] "GET /2024/01 HTTP/1.1" 301 0 "https://higglehub.com/2024/01" "Mozilla/5.0 (Windows NT 6.0; WOW64; rv:3.4) Goanna/20180412 PaleMoon/27.9.0"
192.42.116.179 - - [14/Apr/2025:06:55:40 -0400] "GET /2024/01/ HTTP/1.1" 200 10687 "https://higglehub.com/2024/01" "Mozilla/5.0 (Windows NT 6.0; WOW64; rv:3.4) Goanna/20180412 PaleMoon/27.9.0"
192.42.116.179 - - [14/Apr/2025:06:55:43 -0400] "GET /2024/02 HTTP/1.1" 301 0 "https://higglehub.com/2024/02" "Mozilla/5.0 (Windows NT 6.0; WOW64; rv:3.4) Goanna/20180412 PaleMoon/27.9.0"
192.42.116.179 - - [14/Apr/2025:06:55:45 -0400] "GET /2024/02/ HTTP/1.1" 200 10920 "https://higglehub.com/2024/02" "Mozilla/5.0 (Windows NT 6.0; WOW64; rv:3.4) Goanna/20180412 PaleMoon/27.9.0"
195.47.238.89 - - [14/Apr/2025:06:55:50 -0400] "GET /2024/03 HTTP/1.1" 301 0 "https://higglehub.com/2024/03" "Mozilla/5.0 (Windows NT 6.0; WOW64; rv:3.4) Goanna/20180412 PaleMoon/27.9.0"
195.47.238.89 - - [14/Apr/2025:06:55:51 -0400] "GET /2024/03/ HTTP/1.1" 200 10654 "https://higglehub.com/2024/03" "Mozilla/5.0 (Windows NT 6.0; WOW64; rv:3.4) Goanna/20180412 PaleMoon/27.9.0"
195.47.238.89 - - [14/Apr/2025:06:55:53 -0400] "GET /2024/05 HTTP/1.1" 301 0 "https://higglehub.com/2024/05" "Mozilla/5.0 (Windows NT 6.0; WOW64; rv:3.4) Goanna/20180412 PaleMoon/27.9.0"
195.47.238.89 - - [14/Apr/2025:06:55:55 -0400] "GET /2024/05/ HTTP/1.1" 200 8935 "https://higglehub.com/2024/05" "Mozilla/5.0 (Windows NT 6.0; WOW64; rv:3.4) Goanna/20180412 PaleMoon/27.9.0"
192.42.116.198 - - [14/Apr/2025:06:55:59 -0400] "GET /2024/07 HTTP/1.1" 301 0 "https://higglehub.com/2024/07" "Mozilla/5.0 (Windows NT 6.0; WOW64; rv:3.4) Goanna/20180412 PaleMoon/27.9.0"
192.42.116.198 - - [14/Apr/2025:06:56:00 -0400] "GET /2024/07/ HTTP/1.1" 200 8686 "https://higglehub.com/2024/07" "Mozilla/5.0 (Windows NT 6.0; WOW64; rv:3.4) Goanna/20180412 PaleMoon/27.9.0"
192.42.116.198 - - [14/Apr/2025:06:56:04 -0400] "GET /2024/08 HTTP/1.1" 301 0 "https://higglehub.com/2024/08" "Mozilla/5.0 (Windows NT 6.0; WOW64; rv:3.4) Goanna/20180412 PaleMoon/27.9.0"
192.42.116.198 - - [14/Apr/2025:06:56:06 -0400] "GET /2024/08/ HTTP/1.1" 200 10431 "https://higglehub.com/2024/08" "Mozilla/5.0 (Windows NT 6.0; WOW64; rv:3.4) Goanna/20180412 PaleMoon/27.9.0"
193.36.132.21 - - [14/Apr/2025:06:56:08 -0400] "GET /2024/09 HTTP/1.1" 301 0 "https://higglehub.com/2024/09" "Mozilla/5.0 (Windows NT 6.0; WOW64; rv:3.4) Goanna/20180412 PaleMoon/27.9.0"
193.36.132.21 - - [14/Apr/2025:06:56:10 -0400] "GET /2024/09/ HTTP/1.1" 200 10549 "https://higglehub.com/2024/09" "Mozilla/5.0 (Windows NT 6.0; WOW64; rv:3.4) Goanna/20180412 PaleMoon/27.9.0"
193.36.132.21 - - [14/Apr/2025:06:56:13 -0400] "GET /2024/10 HTTP/1.1" 301 0 "https://higglehub.com/2024/10" "Mozilla/5.0 (Windows NT 6.0; WOW64; rv:3.4) Goanna/20180412 PaleMoon/27.9.0"
193.36.132.21 - - [14/Apr/2025:06:56:13 -0400] "GET /2024/10/ HTTP/1.1" 200 10502 "https://higglehub.com/2024/10" "Mozilla/5.0 (Windows NT 6.0; WOW64; rv:3.4) Goanna/20180412 PaleMoon/27.9.0"
193.36.132.21 - - [14/Apr/2025:06:56:15 -0400] "GET /2024/11 HTTP/1.1" 301 0 "https://higglehub.com/2024/11" "Mozilla/5.0 (Windows NT 6.0; WOW64; rv:3.4) Goanna/20180412 PaleMoon/27.9.0"
193.36.132.21 - - [14/Apr/2025:06:56:16 -0400] "GET /2024/11/ HTTP/1.1" 200 10262 "https://higglehub.com/2024/11" "Mozilla/5.0 (Windows NT 6.0; WOW64; rv:3.4) Goanna/20180412 PaleMoon/27.9.0"
192.42.116.197 - - [14/Apr/2025:06:56:19 -0400] "GET /2024/12 HTTP/1.1" 301 0 "https://higglehub.com/2024/12" "Mozilla/5.0 (Windows NT 6.0; WOW64; rv:3.4) Goanna/20180412 PaleMoon/27.9.0"
192.42.116.197 - - [14/Apr/2025:06:56:20 -0400] "GET /2024/12/ HTTP/1.1" 200 10781 "https://higglehub.com/2024/12" "Mozilla/5.0 (Windows NT 6.0; WOW64; rv:3.4) Goanna/20180412 PaleMoon/27.9.0"
192.42.116.197 - - [14/Apr/2025:06:56:23 -0400] "GET /2025/01 HTTP/1.1" 301 0 "https://higglehub.com/2025/01" "Mozilla/5.0 (Windows NT 6.0; WOW64; rv:3.4) Goanna/20180412 PaleMoon/27.9.0"
192.42.116.197 - - [14/Apr/2025:06:56:24 -0400] "GET /2025/01/ HTTP/1.1" 200 10399 "https://higglehub.com/2025/01" "Mozilla/5.0 (Windows NT 6.0; WOW64; rv:3.4) Goanna/20180412 PaleMoon/27.9.0"
192.42.116.197 - - [14/Apr/2025:06:56:27 -0400] "GET /author/admin HTTP/1.1" 301 0 "https://higglehub.com/author/admin" "Mozilla/5.0 (Windows NT 6.0; WOW64; rv:3.4) Goanna/20180412 PaleMoon/27.9.0"
198.54.114.83 - - [14/Apr/2025:06:56:30 -0400] "POST /wp-cron.php?doing_wp_cron=1744628189.6725060939788818359375 HTTP/1.1" 200 0 "-" "WordPress/6.7.2; https://higglehub.com"
192.42.116.197 - - [14/Apr/2025:06:56:28 -0400] "GET /author/admin/ HTTP/1.1" 200 10503 "https://higglehub.com/author/admin" "Mozilla/5.0 (Windows NT 6.0; WOW64; rv:3.4) Goanna/20180412 PaleMoon/27.9.0"
198.54.114.83 - - [14/Apr/2025:06:56:31 -0400] "POST /wp-admin/admin-ajax.php?action=async_litespeed&nonce=mTCTx1hKt1J6t4CXtWwIWsS5G7oGM2WA&litespeed_type=imgoptm HTTP/1.1" 200 5 "-" "WordPress/6.7.2; https://higglehub.com"
185.220.101.79 - - [14/Apr/2025:06:56:34 -0400] "GET /blissful-living-amidst-the-sunshine HTTP/1.1" 301 0 "https://higglehub.com/blissful-living-amidst-the-sunshine" "Mozilla/5.0 (Windows NT 6.0; WOW64; rv:3.4) Goanna/20180412 PaleMoon/27.9.0"
185.220.101.79 - - [14/Apr/2025:06:56:35 -0400] "GET /blissful-living-amidst-the-sunshine/ HTTP/1.1" 200 11182 "https://higglehub.com/blissful-living-amidst-the-sunshine" "Mozilla/5.0 (Windows NT 6.0; WOW64; rv:3.4) Goanna/20180412 PaleMoon/27.9.0"
185.220.101.79 - - [14/Apr/2025:06:56:38 -0400] "POST /wp-comments-post.php HTTP/1.1" 302 0 "https://higglehub.com/wp-comments-post.php" "Mozilla/5.0 (Windows NT 6.0; WOW64; rv:3.4) Goanna/20180412 PaleMoon/27.9.0"
185.220.101.79 - - [14/Apr/2025:06:56:41 -0400] "GET /blissful-living-amidst-the-sunshine/ HTTP/1.1" 200 11182 "https://higglehub.com/wp-comments-post.php" "Mozilla/5.0 (Windows NT 6.0; WOW64; rv:3.4) Goanna/20180412 PaleMoon/27.9.0"
185.220.101.184 - - [14/Apr/2025:06:56:43 -0400] "GET /category/arts-entertainments HTTP/1.1" 301 0 "https://higglehub.com/category/arts-entertainments" "Mozilla/5.0 (Windows NT 6.0; WOW64; rv:3.4) Goanna/20180412 PaleMoon/27.9.0"
185.220.101.184 - - [14/Apr/2025:06:56:45 -0400] "GET /category/arts-entertainments/ HTTP/1.1" 200 10513 "https://higglehub.com/category/arts-entertainments" "Mozilla/5.0 (Windows NT 6.0; WOW64; rv:3.4) Goanna/20180412 PaleMoon/27.9.0"
185.241.208.202 - - [14/Apr/2025:06:56:48 -0400] "GET /category/automotive HTTP/1.1" 301 0 "https://higglehub.com/category/automotive" "Mozilla/5.0 (Windows NT 6.0; WOW64; rv:3.4) Goanna/20180412 PaleMoon/27.9.0"
185.241.208.202 - - [14/Apr/2025:06:56:50 -0400] "GET /category/automotive/ HTTP/1.1" 200 8243 "https://higglehub.com/category/automotive" "Mozilla/5.0 (Windows NT 6.0; WOW64; rv:3.4) Goanna/20180412 PaleMoon/27.9.0"
185.241.208.202 - - [14/Apr/2025:06:56:54 -0400] "GET /category/beauty HTTP/1.1" 301 0 "https://higglehub.com/category/beauty" "Mozilla/5.0 (Windows NT 6.0; WOW64; rv:3.4) Goanna/20180412 PaleMoon/27.9.0"
185.241.208.202 - - [14/Apr/2025:06:56:56 -0400] "GET /category/beauty/ HTTP/1.1" 200 8257 "https://higglehub.com/category/beauty" "Mozilla/5.0 (Windows NT 6.0; WOW64; rv:3.4) Goanna/20180412 PaleMoon/27.9.0"
185.241.208.202 - - [14/Apr/2025:06:56:58 -0400] "GET /category/bitcoin HTTP/1.1" 301 0 "https://higglehub.com/category/bitcoin" "Mozilla/5.0 (Windows NT 6.0; WOW64; rv:3.4) Goanna/20180412 PaleMoon/27.9.0"
185.241.208.202 - - [14/Apr/2025:06:57:00 -0400] "GET /category/bitcoin/ HTTP/1.1" 200 8255 "https://higglehub.com/category/bitcoin" "Mozilla/5.0 (Windows NT 6.0; WOW64; rv:3.4) Goanna/20180412 PaleMoon/27.9.0"
185.40.4.38 - - [14/Apr/2025:06:57:03 -0400] "GET /category/digital-marketing HTTP/1.1" 301 0 "https://higglehub.com/category/digital-marketing" "Mozilla/5.0 (Windows NT 6.0; WOW64; rv:3.4) Goanna/20180412 PaleMoon/27.9.0"
185.40.4.38 - - [14/Apr/2025:06:57:04 -0400] "GET /category/digital-marketing/ HTTP/1.1" 200 8264 "https://higglehub.com/category/digital-marketing" "Mozilla/5.0 (Windows NT 6.0; WOW64; rv:3.4) Goanna/20180412 PaleMoon/27.9.0"
185.40.4.38 - - [14/Apr/2025:06:57:10 -0400] "GET /category/education HTTP/1.1" 301 0 "https://higglehub.com/category/education" "Mozilla/5.0 (Windows NT 6.0; WOW64; rv:3.4) Goanna/20180412 PaleMoon/27.9.0"
185.40.4.38 - - [14/Apr/2025:06:57:12 -0400] "GET /category/education/ HTTP/1.1" 200 8264 "https://higglehub.com/category/education" "Mozilla/5.0 (Windows NT 6.0; WOW64; rv:3.4) Goanna/20180412 PaleMoon/27.9.0"
185.40.4.38 - - [14/Apr/2025:06:57:14 -0400] "GET /category/family-relationship HTTP/1.1" 301 0 "https://higglehub.com/category/family-relationship" "Mozilla/5.0 (Windows NT 6.0; WOW64; rv:3.4) Goanna/20180412 PaleMoon/27.9.0"
185.40.4.38 - - [14/Apr/2025:06:57:17 -0400] "GET /category/family-relationship/ HTTP/1.1" 200 8259 "https://higglehub.com/category/family-relationship" "Mozilla/5.0 (Windows NT 6.0; WOW64; rv:3.4) Goanna/20180412 PaleMoon/27.9.0"
66.33.200.4 - - [14/Apr/2025:06:49:16 -0400] "GET /category/gaming/ HTTP/1.1" 200 8266 "-" "DreamHost Data Team (+http://www.dreamhost.com/support/)"
66.33.200.4 - - [14/Apr/2025:06:49:30 -0400] "GET /category/media-music/ HTTP/1.1" 200 8249 "-" "DreamHost Data Team (+http://www.dreamhost.com/support/)"
198.54.114.83 - - [14/Apr/2025:06:49:32 -0400] "POST /wp-cron.php?doing_wp_cron=1744627770.9651238918304443359375 HTTP/1.1" 200 0 "-" "WordPress/6.7.2; https://higglehub.com"
66.33.200.4 - - [14/Apr/2025:06:49:48 -0400] "GET /ihr-zuverlassiger-umzugsservice-in-luneburg-2/ HTTP/1.1" 200 11175 "-" "DreamHost Data Team (+http://www.dreamhost.com/support/)"
66.33.200.4 - - [14/Apr/2025:06:50:05 -0400] "GET /category/travel-tours/ HTTP/1.1" 200 8259 "-" "DreamHost Data Team (+http://www.dreamhost.com/support/)"
66.33.200.4 - - [14/Apr/2025:06:50:27 -0400] "GET /category/legal-law/ HTTP/1.1" 200 8247 "-" "DreamHost Data Team (+http://www.dreamhost.com/support/)"
66.33.200.4 - - [14/Apr/2025:06:50:40 -0400] "GET /category/lifestyle-fashion/ HTTP/1.1" 200 8244 "-" "DreamHost Data Team (+http://www.dreamhost.com/support/)"
198.54.114.83 - - [14/Apr/2025:06:50:44 -0400] "POST /wp-cron.php?doing_wp_cron=1744627842.5548970699310302734375 HTTP/1.1" 200 0 "-" "WordPress/6.7.2; https://higglehub.com"
185.218.124.157 - - [14/Apr/2025:06:51:04 -0400] "POST /wp-login.php HTTP/1.1" 200 1894 "https://higglehub.com" "Mozilla/5.0 (Windows NT 10.0; Win64; x64) AppleWebKit/537.36 (KHTML, like Gecko) Chrome/126.0.0.0 Safari/537.36 Edg/126.0.0.0"
185.40.4.38 - - [14/Apr/2025:06:57:21 -0400] "GET /category/food-dring HTTP/1.1" 301 0 "https://higglehub.com/category/food-dring" "Mozilla/5.0 (Windows NT 6.0; WOW64; rv:3.4) Goanna/20180412 PaleMoon/27.9.0"
185.40.4.38 - - [14/Apr/2025:06:57:23 -0400] "GET /category/food-dring/ HTTP/1.1" 200 8252 "https://higglehub.com/category/food-dring" "Mozilla/5.0 (Windows NT 6.0; WOW64; rv:3.4) Goanna/20180412 PaleMoon/27.9.0"
198.54.114.83 - - [14/Apr/2025:06:57:27 -0400] "POST /wp-cron.php?doing_wp_cron=1744628246.3308439254760742187500 HTTP/1.1" 200 0 "-" "WordPress/6.7.2; https://higglehub.com"
178.20.55.16 - - [14/Apr/2025:06:57:26 -0400] "GET /category/gaming HTTP/1.1" 301 0 "https://higglehub.com/category/gaming" "Mozilla/5.0 (Windows NT 6.0; WOW64; rv:3.4) Goanna/20180412 PaleMoon/27.9.0"
198.54.114.83 - - [14/Apr/2025:06:57:28 -0400] "POST /wp-admin/admin-ajax.php?action=async_litespeed&nonce=e4onuNGreXclsXgODfwcIxHkaPvkIESq&litespeed_type=imgoptm HTTP/1.1" 200 0 "-" "WordPress/6.7.2; https://higglehub.com"
178.20.55.16 - - [14/Apr/2025:06:57:28 -0400] "GET /category/gaming/ HTTP/1.1" 200 8266 "https://higglehub.com/category/gaming" "Mozilla/5.0 (Windows NT 6.0; WOW64; rv:3.4) Goanna/20180412 PaleMoon/27.9.0"
178.20.55.16 - - [14/Apr/2025:06:57:31 -0400] "GET /category/general HTTP/1.1" 301 0 "https://higglehub.com/category/general" "Mozilla/5.0 (Windows NT 6.0; WOW64; rv:3.4) Goanna/20180412 PaleMoon/27.9.0"
178.20.55.16 - - [14/Apr/2025:06:57:35 -0400] "GET /category/general/ HTTP/1.1" 200 8255 "https://higglehub.com/category/general" "Mozilla/5.0 (Windows NT 6.0; WOW64; rv:3.4) Goanna/20180412 PaleMoon/27.9.0"
192.42.116.199 - - [14/Apr/2025:06:57:40 -0400] "GET /category/health-fitness HTTP/1.1" 301 0 "https://higglehub.com/category/health-fitness" "Mozilla/5.0 (Windows NT 6.0; WOW64; rv:3.4) Goanna/20180412 PaleMoon/27.9.0"
192.42.116.199 - - [14/Apr/2025:06:57:42 -0400] "GET /category/health-fitness/ HTTP/1.1" 200 9699 "https://higglehub.com/category/health-fitness" "Mozilla/5.0 (Windows NT 6.0; WOW64; rv:3.4) Goanna/20180412 PaleMoon/27.9.0"
192.42.116.213 - - [14/Apr/2025:06:57:45 -0400] "GET /category/home-improvement HTTP/1.1" 301 0 "https://higglehub.com/category/home-improvement" "Mozilla/5.0 (Windows NT 6.0; WOW64; rv:3.4) Goanna/20180412 PaleMoon/27.9.0"
192.42.116.213 - - [14/Apr/2025:06:57:46 -0400] "GET /category/home-improvement/ HTTP/1.1" 200 8259 "https://higglehub.com/category/home-improvement" "Mozilla/5.0 (Windows NT 6.0; WOW64; rv:3.4) Goanna/20180412 PaleMoon/27.9.0"
192.42.116.213 - - [14/Apr/2025:06:57:51 -0400] "GET /category/home-kitchen HTTP/1.1" 301 0 "https://higglehub.com/category/home-kitchen" "Mozilla/5.0 (Windows NT 6.0; WOW64; rv:3.4) Goanna/20180412 PaleMoon/27.9.0"
192.42.116.213 - - [14/Apr/2025:06:57:53 -0400] "GET /category/home-kitchen/ HTTP/1.1" 200 8263 "https://higglehub.com/category/home-kitchen" "Mozilla/5.0 (Windows NT 6.0; WOW64; rv:3.4) Goanna/20180412 PaleMoon/27.9.0"
192.42.116.213 - - [14/Apr/2025:06:57:58 -0400] "GET /category/how-to HTTP/1.1" 301 0 "https://higglehub.com/category/how-to" "Mozilla/5.0 (Windows NT 6.0; WOW64; rv:3.4) Goanna/20180412 PaleMoon/27.9.0"
192.42.116.213 - - [14/Apr/2025:06:57:59 -0400] "GET /category/how-to/ HTTP/1.1" 200 9235 "https://higglehub.com/category/how-to" "Mozilla/5.0 (Windows NT 6.0; WOW64; rv:3.4) Goanna/20180412 PaleMoon/27.9.0"
45.84.107.222 - - [14/Apr/2025:06:58:01 -0400] "GET /category/legal-law HTTP/1.1" 301 0 "https://higglehub.com/category/legal-law" "Mozilla/5.0 (Windows NT 6.0; WOW64; rv:3.4) Goanna/20180412 PaleMoon/27.9.0"
45.84.107.222 - - [14/Apr/2025:06:58:02 -0400] "GET /category/legal-law/ HTTP/1.1" 200 8247 "https://higglehub.com/category/legal-law" "Mozilla/5.0 (Windows NT 6.0; WOW64; rv:3.4) Goanna/20180412 PaleMoon/27.9.0"
45.84.107.222 - - [14/Apr/2025:06:58:04 -0400] "GET /category/lifestyle-fashion HTTP/1.1" 301 0 "https://higglehub.com/category/lifestyle-fashion" "Mozilla/5.0 (Windows NT 6.0; WOW64; rv:3.4) Goanna/20180412 PaleMoon/27.9.0"
45.84.107.222 - - [14/Apr/2025:06:58:06 -0400] "GET /category/lifestyle-fashion/ HTTP/1.1" 200 8244 "https://higglehub.com/category/lifestyle-fashion" "Mozilla/5.0 (Windows NT 6.0; WOW64; rv:3.4) Goanna/20180412 PaleMoon/27.9.0"
45.84.107.222 - - [14/Apr/2025:06:58:07 -0400] "GET /category/media-music HTTP/1.1" 301 0 "https://higglehub.com/category/media-music" "Mozilla/5.0 (Windows NT 6.0; WOW64; rv:3.4) Goanna/20180412 PaleMoon/27.9.0"
45.84.107.222 - - [14/Apr/2025:06:58:10 -0400] "GET /category/media-music/ HTTP/1.1" 200 8249 "https://higglehub.com/category/media-music" "Mozilla/5.0 (Windows NT 6.0; WOW64; rv:3.4) Goanna/20180412 PaleMoon/27.9.0"
185.220.101.130 - - [14/Apr/2025:06:58:12 -0400] "GET /category/others HTTP/1.1" 301 0 "https://higglehub.com/category/others" "Mozilla/5.0 (Windows NT 6.0; WOW64; rv:3.4) Goanna/20180412 PaleMoon/27.9.0"
185.220.101.130 - - [14/Apr/2025:06:58:14 -0400] "GET /category/others/ HTTP/1.1" 200 8253 "https://higglehub.com/category/others" "Mozilla/5.0 (Windows NT 6.0; WOW64; rv:3.4) Goanna/20180412 PaleMoon/27.9.0"
185.220.100.243 - - [14/Apr/2025:06:58:17 -0400] "GET /category/pets HTTP/1.1" 301 0 "https://higglehub.com/category/pets" "Mozilla/5.0 (Windows NT 6.0; WOW64; rv:3.4) Goanna/20180412 PaleMoon/27.9.0"
185.220.100.243 - - [14/Apr/2025:06:58:19 -0400] "GET /category/pets/ HTTP/1.1" 200 8245 "https://higglehub.com/category/pets" "Mozilla/5.0 (Windows NT 6.0; WOW64; rv:3.4) Goanna/20180412 PaleMoon/27.9.0"
198.54.114.83 - - [14/Apr/2025:06:58:24 -0400] "POST /wp-cron.php?doing_wp_cron=1744628303.2051711082458496093750 HTTP/1.1" 200 0 "-" "WordPress/6.7.2; https://higglehub.com"
185.220.100.243 - - [14/Apr/2025:06:58:22 -0400] "GET /category/real-estate HTTP/1.1" 301 0 "https://higglehub.com/category/real-estate" "Mozilla/5.0 (Windows NT 6.0; WOW64; rv:3.4) Goanna/20180412 PaleMoon/27.9.0"
185.220.100.243 - - [14/Apr/2025:06:58:25 -0400] "GET /category/real-estate/ HTTP/1.1" 200 8249 "https://higglehub.com/category/real-estate" "Mozilla/5.0 (Windows NT 6.0; WOW64; rv:3.4) Goanna/20180412 PaleMoon/27.9.0"
198.54.114.83 - - [14/Apr/2025:06:58:25 -0400] "POST /wp-admin/admin-ajax.php?action=async_litespeed&nonce=Dy7YFJWDwH9pZeHrxeJmBvvIG6ajlnHs&litespeed_type=imgoptm HTTP/1.1" 200 0 "-" "WordPress/6.7.2; https://higglehub.com"
185.220.101.130 - - [14/Apr/2025:06:58:26 -0400] "GET /category/shopping-product-reviews HTTP/1.1" 301 0 "https://higglehub.com/category/shopping-product-reviews" "Mozilla/5.0 (Windows NT 6.0; WOW64; rv:3.4) Goanna/20180412 PaleMoon/27.9.0"
185.220.101.130 - - [14/Apr/2025:06:58:30 -0400] "GET /category/shopping-product-reviews/ HTTP/1.1" 200 8259 "https://higglehub.com/category/shopping-product-reviews" "Mozilla/5.0 (Windows NT 6.0; WOW64; rv:3.4) Goanna/20180412 PaleMoon/27.9.0"
5.255.100.26 - - [14/Apr/2025:06:58:35 -0400] "GET /category/sports HTTP/1.1" 301 0 "https://higglehub.com/category/sports" "Mozilla/5.0 (Windows NT 6.0; WOW64; rv:3.4) Goanna/20180412 PaleMoon/27.9.0"
5.255.100.26 - - [14/Apr/2025:06:58:36 -0400] "GET /category/sports/ HTTP/1.1" 200 8255 "https://higglehub.com/category/sports" "Mozilla/5.0 (Windows NT 6.0; WOW64; rv:3.4) Goanna/20180412 PaleMoon/27.9.0"
23.137.248.192 - - [14/Apr/2025:06:58:41 -0400] "GET /category/stock-trading HTTP/1.1" 301 0 "https://higglehub.com/category/stock-trading" "Mozilla/5.0 (Windows NT 6.0; WOW64; rv:3.4) Goanna/20180412 PaleMoon/27.9.0"
23.137.248.192 - - [14/Apr/2025:06:58:43 -0400] "GET /category/stock-trading/ HTTP/1.1" 200 8250 "https://higglehub.com/category/stock-trading" "Mozilla/5.0 (Windows NT 6.0; WOW64; rv:3.4) Goanna/20180412 PaleMoon/27.9.0"
23.137.248.192 - - [14/Apr/2025:06:58:46 -0400] "GET /category/technology HTTP/1.1" 301 0 "https://higglehub.com/category/technology" "Mozilla/5.0 (Windows NT 6.0; WOW64; rv:3.4) Goanna/20180412 PaleMoon/27.9.0"
23.137.248.192 - - [14/Apr/2025:06:58:48 -0400] "GET /category/technology/ HTTP/1.1" 200 8237 "https://higglehub.com/category/technology" "Mozilla/5.0 (Windows NT 6.0; WOW64; rv:3.4) Goanna/20180412 PaleMoon/27.9.0"
23.137.248.192 - - [14/Apr/2025:06:58:52 -0400] "GET /category/travel-tours HTTP/1.1" 301 0 "https://higglehub.com/category/travel-tours" "Mozilla/5.0 (Windows NT 6.0; WOW64; rv:3.4) Goanna/20180412 PaleMoon/27.9.0"
23.137.248.192 - - [14/Apr/2025:06:58:55 -0400] "GET /category/travel-tours/ HTTP/1.1" 200 8259 "https://higglehub.com/category/travel-tours" "Mozilla/5.0 (Windows NT 6.0; WOW64; rv:3.4) Goanna/20180412 PaleMoon/27.9.0"
23.137.248.192 - - [14/Apr/2025:06:58:57 -0400] "GET /comments/feed HTTP/1.1" 301 0 "https://higglehub.com/comments/feed" "Mozilla/5.0 (Windows NT 6.0; WOW64; rv:3.4) Goanna/20180412 PaleMoon/27.9.0"
23.137.248.192 - - [14/Apr/2025:06:59:00 -0400] "GET /comments/feed/ HTTP/1.1" 200 364 "https://higglehub.com/comments/feed" "Mozilla/5.0 (Windows NT 6.0; WOW64; rv:3.4) Goanna/20180412 PaleMoon/27.9.0"
23.137.248.192 - - [14/Apr/2025:06:59:03 -0400] "GET /feed HTTP/1.1" 301 0 "https://higglehub.com/feed" "Mozilla/5.0 (Windows NT 6.0; WOW64; rv:3.4) Goanna/20180412 PaleMoon/27.9.0"
23.137.248.192 - - [14/Apr/2025:06:59:06 -0400] "GET /feed/ HTTP/1.1" 200 10370 "https://higglehub.com/feed" "Mozilla/5.0 (Windows NT 6.0; WOW64; rv:3.4) Goanna/20180412 PaleMoon/27.9.0"
23.137.248.192 - - [14/Apr/2025:06:59:10 -0400] "GET /gitarre-lernen-in-dusseldorf-fur-anfanger-und-fortgeschrittene-2 HTTP/1.1" 301 0 "https://higglehub.com/gitarre-lernen-in-dusseldorf-fur-anfanger-und-fortgeschrittene-2" "Mozilla/5.0 (Windows NT 6.0; WOW64; rv:3.4) Goanna/20180412 PaleMoon/27.9.0"
23.137.248.192 - - [14/Apr/2025:06:59:12 -0400] "GET /gitarre-lernen-in-dusseldorf-fur-anfanger-und-fortgeschrittene-2/ HTTP/1.1" 200 11079 "https://higglehub.com/gitarre-lernen-in-dusseldorf-fur-anfanger-und-fortgeschrittene-2" "Mozilla/5.0 (Windows NT 6.0; WOW64; rv:3.4) Goanna/20180412 PaleMoon/27.9.0"
23.137.248.192 - - [14/Apr/2025:06:59:14 -0400] "POST /wp-comments-post.php HTTP/1.1" 302 0 "https://higglehub.com/wp-comments-post.php" "Mozilla/5.0 (Windows NT 6.0; WOW64; rv:3.4) Goanna/20180412 PaleMoon/27.9.0"
23.137.248.192 - - [14/Apr/2025:06:59:17 -0400] "GET /gitarre-lernen-in-dusseldorf-fur-anfanger-und-fortgeschrittene-2/ HTTP/1.1" 200 11079 "https://higglehub.com/wp-comments-post.php" "Mozilla/5.0 (Windows NT 6.0; WOW64; rv:3.4) Goanna/20180412 PaleMoon/27.9.0"
23.137.248.192 - - [14/Apr/2025:06:59:20 -0400] "GET /gitarrenunterricht-in-dusseldorf-ihr-weg-zur-musikalischen-entfaltung HTTP/1.1" 301 0 "https://higglehub.com/gitarrenunterricht-in-dusseldorf-ihr-weg-zur-musikalischen-entfaltung" "Mozilla/5.0 (Windows NT 6.0; WOW64; rv:3.4) Goanna/20180412 PaleMoon/27.9.0"
23.137.248.192 - - [14/Apr/2025:06:59:22 -0400] "GET /gitarrenunterricht-in-dusseldorf-ihr-weg-zur-musikalischen-entfaltung/ HTTP/1.1" 200 10815 "https://higglehub.com/gitarrenunterricht-in-dusseldorf-ihr-weg-zur-musikalischen-entfaltung" "Mozilla/5.0 (Windows NT 6.0; WOW64; rv:3.4) Goanna/20180412 PaleMoon/27.9.0"
198.54.114.83 - - [14/Apr/2025:06:59:24 -0400] "POST /wp-cron.php?doing_wp_cron=1744628364.0730230808258056640625 HTTP/1.1" 200 0 "-" "WordPress/6.7.2; https://higglehub.com"
5.255.100.26 - - [14/Apr/2025:06:59:23 -0400] "POST /wp-comments-post.php HTTP/1.1" 429 983 "https://higglehub.com/wp-comments-post.php" "Mozilla/5.0 (Windows NT 6.0; WOW64; rv:3.4) Goanna/20180412 PaleMoon/27.9.0"
198.54.114.83 - - [14/Apr/2025:06:59:24 -0400] "POST /wp-admin/admin-ajax.php?action=async_litespeed&nonce=oYzk4wCHxhHMEgJsPlKgmIgQv1ZszSec&litespeed_type=imgoptm HTTP/1.1" 200 5 "-" "WordPress/6.7.2; https://higglehub.com"
5.255.100.26 - - [14/Apr/2025:06:59:26 -0400] "GET /ihr-zuverlassiger-umzugsservice-in-luneburg-2 HTTP/1.1" 301 0 "https://higglehub.com/ihr-zuverlassiger-umzugsservice-in-luneburg-2" "Mozilla/5.0 (Windows NT 6.0; WOW64; rv:3.4) Goanna/20180412 PaleMoon/27.9.0"
5.255.100.26 - - [14/Apr/2025:06:59:28 -0400] "GET /ihr-zuverlassiger-umzugsservice-in-luneburg-2/ HTTP/1.1" 200 11175 "https://higglehub.com/ihr-zuverlassiger-umzugsservice-in-luneburg-2" "Mozilla/5.0 (Windows NT 6.0; WOW64; rv:3.4) Goanna/20180412 PaleMoon/27.9.0"
5.255.100.26 - - [14/Apr/2025:06:59:29 -0400] "POST /wp-comments-post.php HTTP/1.1" 302 0 "https://higglehub.com/wp-comments-post.php" "Mozilla/5.0 (Windows NT 6.0; WOW64; rv:3.4) Goanna/20180412 PaleMoon/27.9.0"
5.255.100.26 - - [14/Apr/2025:06:59:33 -0400] "GET /ihr-zuverlassiger-umzugsservice-in-luneburg-2/ HTTP/1.1" 200 11175 "https://higglehub.com/wp-comments-post.php" "Mozilla/5.0 (Windows NT 6.0; WOW64; rv:3.4) Goanna/20180412 PaleMoon/27.9.0"
45.84.107.74 - - [14/Apr/2025:06:59:35 -0400] "GET /page/2 HTTP/1.1" 301 0 "https://higglehub.com/page/2" "Mozilla/5.0 (Windows NT 6.0; WOW64; rv:3.4) Goanna/20180412 PaleMoon/27.9.0"
45.84.107.74 - - [14/Apr/2025:06:59:37 -0400] "GET /page/2/ HTTP/1.1" 200 10798 "https://higglehub.com/page/2" "Mozilla/5.0 (Windows NT 6.0; WOW64; rv:3.4) Goanna/20180412 PaleMoon/27.9.0"
45.84.107.74 - - [14/Apr/2025:06:59:43 -0400] "GET /page/53 HTTP/1.1" 301 0 "https://higglehub.com/page/53" "Mozilla/5.0 (Windows NT 6.0; WOW64; rv:3.4) Goanna/20180412 PaleMoon/27.9.0"
45.84.107.74 - - [14/Apr/2025:06:59:45 -0400] "GET /page/53/ HTTP/1.1" 200 9084 "https://higglehub.com/page/53" "Mozilla/5.0 (Windows NT 6.0; WOW64; rv:3.4) Goanna/20180412 PaleMoon/27.9.0"
51.38.225.46 - - [14/Apr/2025:06:59:50 -0400] "GET /perfect-bathroom-renovations-in-melbournes-western-suburbs HTTP/1.1" 301 0 "https://higglehub.com/perfect-bathroom-renovations-in-melbournes-western-suburbs" "Mozilla/5.0 (Windows NT 6.0; WOW64; rv:3.4) Goanna/20180412 PaleMoon/27.9.0"
51.38.225.46 - - [14/Apr/2025:06:59:52 -0400] "GET /perfect-bathroom-renovations-in-melbournes-western-suburbs/ HTTP/1.1" 200 11202 "https://higglehub.com/perfect-bathroom-renovations-in-melbournes-western-suburbs" "Mozilla/5.0 (Windows NT 6.0; WOW64; rv:3.4) Goanna/20180412 PaleMoon/27.9.0"
51.38.225.46 - - [14/Apr/2025:06:59:56 -0400] "POST /wp-comments-post.php HTTP/1.1" 302 0 "https://higglehub.com/wp-comments-post.php" "Mozilla/5.0 (Windows NT 6.0; WOW64; rv:3.4) Goanna/20180412 PaleMoon/27.9.0"
51.38.225.46 - - [14/Apr/2025:06:59:59 -0400] "GET /perfect-bathroom-renovations-in-melbournes-western-suburbs/ HTTP/1.1" 200 11202 "https://higglehub.com/wp-comments-post.php" "Mozilla/5.0 (Windows NT 6.0; WOW64; rv:3.4) Goanna/20180412 PaleMoon/27.9.0"
51.38.225.46 - - [14/Apr/2025:07:00:01 -0400] "GET /professionelle-hilfe-bei-der-wohnungsauflosung-in-luneburg HTTP/1.1" 301 0 "https://higglehub.com/professionelle-hilfe-bei-der-wohnungsauflosung-in-luneburg" "Mozilla/5.0 (Windows NT 6.0; WOW64; rv:3.4) Goanna/20180412 PaleMoon/27.9.0"
51.38.225.46 - - [14/Apr/2025:07:00:04 -0400] "GET /professionelle-hilfe-bei-der-wohnungsauflosung-in-luneburg/ HTTP/1.1" 200 11167 "https://higglehub.com/professionelle-hilfe-bei-der-wohnungsauflosung-in-luneburg" "Mozilla/5.0 (Windows NT 6.0; WOW64; rv:3.4) Goanna/20180412 PaleMoon/27.9.0"
104.244.74.229 - - [14/Apr/2025:07:00:07 -0400] "POST /wp-comments-post.php HTTP/1.1" 429 983 "https://higglehub.com/wp-comments-post.php" "Mozilla/5.0 (Windows NT 6.0; WOW64; rv:3.4) Goanna/20180412 PaleMoon/27.9.0"
176.65.149.100 - - [14/Apr/2025:07:00:20 -0400] "GET /revamp-your-space-with-professional-bathroom-renovations-in-western-suburbs-melbourne HTTP/1.1" 301 0 "https://higglehub.com/revamp-your-space-with-professional-bathroom-renovations-in-western-suburbs-melbourne" "Mozilla/5.0 (Windows NT 6.0; WOW64; rv:3.4) Goanna/20180412 PaleMoon/27.9.0"
176.65.149.100 - - [14/Apr/2025:07:00:23 -0400] "GET /revamp-your-space-with-professional-bathroom-renovations-in-western-suburbs-melbourne/ HTTP/1.1" 200 11233 "https://higglehub.com/revamp-your-space-with-professional-bathroom-renovations-in-western-suburbs-melbourne" "Mozilla/5.0 (Windows NT 6.0; WOW64; rv:3.4) Goanna/20180412 PaleMoon/27.9.0"
198.54.114.83 - - [14/Apr/2025:07:00:28 -0400] "POST /wp-cron.php?doing_wp_cron=1744628426.4684360027313232421875 HTTP/1.1" 200 0 "-" "WordPress/6.7.2; https://higglehub.com"
45.84.107.55 - - [14/Apr/2025:07:00:25 -0400] "POST /wp-comments-post.php HTTP/1.1" 302 0 "https://higglehub.com/wp-comments-post.php" "Mozilla/5.0 (Windows NT 6.0; WOW64; rv:3.4) Goanna/20180412 PaleMoon/27.9.0"
45.84.107.55 - - [14/Apr/2025:07:00:30 -0400] "GET /revamp-your-space-with-professional-bathroom-renovations-in-western-suburbs-melbourne/ HTTP/1.1" 200 11233 "https://higglehub.com/wp-comments-post.php" "Mozilla/5.0 (Windows NT 6.0; WOW64; rv:3.4) Goanna/20180412 PaleMoon/27.9.0"
45.138.16.222 - - [14/Apr/2025:07:00:33 -0400] "GET /umzugsunternehmen-in-luneburg-ein-uberblick HTTP/1.1" 301 0 "https://higglehub.com/umzugsunternehmen-in-luneburg-ein-uberblick" "Mozilla/5.0 (Windows NT 6.0; WOW64; rv:3.4) Goanna/20180412 PaleMoon/27.9.0"
45.138.16.222 - - [14/Apr/2025:07:00:36 -0400] "GET /umzugsunternehmen-in-luneburg-ein-uberblick/ HTTP/1.1" 200 10906 "https://higglehub.com/umzugsunternehmen-in-luneburg-ein-uberblick" "Mozilla/5.0 (Windows NT 6.0; WOW64; rv:3.4) Goanna/20180412 PaleMoon/27.9.0"
45.138.16.222 - - [14/Apr/2025:07:00:39 -0400] "POST /wp-comments-post.php HTTP/1.1" 429 983 "https://higglehub.com/wp-comments-post.php" "Mozilla/5.0 (Windows NT 6.0; WOW64; rv:3.4) Goanna/20180412 PaleMoon/27.9.0"
45.138.16.222 - - [14/Apr/2025:07:00:43 -0400] "GET /umzugsunternehmen-in-luneburg-ihr-zuverlassiger-partner-fur-stressfreie-umzuge HTTP/1.1" 301 0 "https://higglehub.com/umzugsunternehmen-in-luneburg-ihr-zuverlassiger-partner-fur-stressfreie-umzuge" "Mozilla/5.0 (Windows NT 6.0; WOW64; rv:3.4) Goanna/20180412 PaleMoon/27.9.0"
45.138.16.222 - - [14/Apr/2025:07:00:45 -0400] "GET /umzugsunternehmen-in-luneburg-ihr-zuverlassiger-partner-fur-stressfreie-umzuge/ HTTP/1.1" 200 11277 "https://higglehub.com/umzugsunternehmen-in-luneburg-ihr-zuverlassiger-partner-fur-stressfreie-umzuge" "Mozilla/5.0 (Windows NT 6.0; WOW64; rv:3.4) Goanna/20180412 PaleMoon/27.9.0"
45.141.215.133 - - [14/Apr/2025:07:00:53 -0400] "POST /wp-comments-post.php HTTP/1.1" 302 0 "https://higglehub.com/wp-comments-post.php" "Mozilla/5.0 (Windows NT 6.0; WOW64; rv:3.4) Goanna/20180412 PaleMoon/27.9.0"
45.141.215.133 - - [14/Apr/2025:07:00:57 -0400] "GET /umzugsunternehmen-in-luneburg-ihr-zuverlassiger-partner-fur-stressfreie-umzuge/ HTTP/1.1" 200 11277 "https://higglehub.com/wp-comments-post.php" "Mozilla/5.0 (Windows NT 6.0; WOW64; rv:3.4) Goanna/20180412 PaleMoon/27.9.0"
176.65.149.87 - - [14/Apr/2025:07:01:00 -0400] "GET /umzugsunternehmen-in-luneburg-ihre-zuverlassigen-partner HTTP/1.1" 301 0 "https://higglehub.com/umzugsunternehmen-in-luneburg-ihre-zuverlassigen-partner" "Mozilla/5.0 (Windows NT 6.0; WOW64; rv:3.4) Goanna/20180412 PaleMoon/27.9.0"
176.65.149.87 - - [14/Apr/2025:07:01:03 -0400] "GET /umzugsunternehmen-in-luneburg-ihre-zuverlassigen-partner/ HTTP/1.1" 200 10959 "https://higglehub.com/umzugsunternehmen-in-luneburg-ihre-zuverlassigen-partner" "Mozilla/5.0 (Windows NT 6.0; WOW64; rv:3.4) Goanna/20180412 PaleMoon/27.9.0"
176.65.149.87 - - [14/Apr/2025:07:01:08 -0400] "POST /wp-comments-post.php HTTP/1.1" 429 983 "https://higglehub.com/wp-comments-post.php" "Mozilla/5.0 (Windows NT 6.0; WOW64; rv:3.4) Goanna/20180412 PaleMoon/27.9.0"
176.65.149.87 - - [14/Apr/2025:07:01:10 -0400] "GET /wp-json HTTP/1.1" 200 187910 "https://higglehub.com/wp-json" "Mozilla/5.0 (Windows NT 6.0; WOW64; rv:3.4) Goanna/20180412 PaleMoon/27.9.0"
198.54.114.83 - - [14/Apr/2025:07:04:18 -0400] "POST /wp-cron.php?doing_wp_cron=1744628657.7087280750274658203125 HTTP/1.1" 200 0 "-" "WordPress/6.7.2; https://higglehub.com"
45.229.107.90 - - [14/Apr/2025:07:04:13 -0400] "POST /wp-login.php HTTP/1.1" 200 1894 "https://higglehub.com" "Mozilla/5.0 (Macintosh; Intel Mac OS X 10.15; rv:126.0) Gecko/20100101 Firefox/126.0"
198.54.114.83 - - [14/Apr/2025:07:04:19 -0400] "POST /wp-admin/admin-ajax.php?action=async_litespeed&nonce=tzNjgNYut7TW8YJ18c6p53D7T44GI5cf&litespeed_type=imgoptm HTTP/1.1" 200 0 "-" "WordPress/6.7.2; https://higglehub.com"
111.119.248.114 - - [14/Apr/2025:07:05:20 -0400] "GET /mastering-zhu-yuan-skill-prioritization-for-optimal-performance/ HTTP/1.1" 200 11145 "https://higglehub.com/mastering-zhu-yuan-skill-prioritization-for-optimal-performance/" "Mozilla/5.0 (Macintosh; Intel Mac OS X 10_15_7) AppleWebKit/537.36 (KHTML, like Gecko) Chrome/123.0.0.0 Safari/537.36"
198.54.114.83 - - [14/Apr/2025:07:05:24 -0400] "POST /wp-cron.php?doing_wp_cron=1744628720.9871230125427246093750 HTTP/1.1" 200 0 "-" "WordPress/6.7.2; https://higglehub.com"
198.54.114.83 - - [14/Apr/2025:07:07:42 -0400] "POST /wp-cron.php?doing_wp_cron=1744628861.0263319015502929687500 HTTP/1.1" 200 0 "-" "WordPress/6.7.2; https://higglehub.com"
198.54.114.83 - - [14/Apr/2025:07:07:42 -0400] "POST /wp-cron.php?doing_wp_cron=1744628861.0287439823150634765625 HTTP/1.1" 200 0 "-" "WordPress/6.7.2; https://higglehub.com"
44.223.50.234 - - [14/Apr/2025:07:07:38 -0400] "POST /wp-login.php HTTP/1.1" 200 1894 "-" "Mozilla/5.0"
44.223.50.234 - - [14/Apr/2025:07:07:38 -0400] "POST /wp-login.php HTTP/1.1" 200 1894 "-" "Mozilla/5.0"
44.215.235.20 - - [14/Apr/2025:07:08:19 -0400] "GET /the-impact-of-steroids-on-health-and-fitness/ HTTP/1.1" 200 11084 "-" "Mozilla/5.0 AppleWebKit/537.36 (KHTML, like Gecko; compatible; Amazonbot/0.1; +https://developer.amazon.com/support/amazonbot) Chrome/119.0.6045.214 Safari/537.36"
87.250.224.243 - - [14/Apr/2025:07:10:25 -0400] "GET /robots.txt HTTP/1.1" 200 61 "-" "Mozilla/5.0 (compatible; YandexBot/3.0; +http://yandex.com/bots)"
95.108.213.169 - - [14/Apr/2025:07:10:28 -0400] "GET /store/p212/No._5_Flower_Enamel_Brooch_Pin.html HTTP/1.1" 404 7270 "-" "Mozilla/5.0 (compatible; YandexBot/3.0; +http://yandex.com/bots)"
198.54.114.83 - - [14/Apr/2025:07:10:33 -0400] "POST /wp-cron.php?doing_wp_cron=1744629031.5258688926696777343750 HTTP/1.1" 200 0 "-" "WordPress/6.7.2; https://higglehub.com"
216.244.66.247 - - [14/Apr/2025:07:14:35 -0400] "GET /robots.txt HTTP/1.1" 200 61 "-" "Mozilla/5.0 (compatible; DotBot/1.2; +https://opensiteexplorer.org/dotbot; help@moz.com)"
44.220.181.56 - - [14/Apr/2025:07:17:12 -0400] "GET / HTTP/1.1" 200 10353 "-" "Mozilla/5.0 (X11; Ubuntu; Linux i686; rv:24.0) Gecko/20100101 Firefox/24.0"
44.220.181.56 - - [14/Apr/2025:07:17:14 -0400] "GET / HTTP/1.1" 200 10353 "-" "Mozilla/5.0 (X11; Ubuntu; Linux i686; rv:24.0) Gecko/20100101 Firefox/24.0"
89.46.7.238 - - [14/Apr/2025:07:17:35 -0400] "POST /wp-login.php HTTP/1.1" 200 1894 "https://higglehub.com" "Mozilla/5.0 (Windows NT 10.0; Win64; x64; rv:127.0) Gecko/20100101 Firefox/127.0"
198.54.114.83 - - [14/Apr/2025:07:17:41 -0400] "POST /wp-cron.php?doing_wp_cron=1744629459.1733670234680175781250 HTTP/1.1" 200 0 "-" "WordPress/6.7.2; https://higglehub.com"
45.61.184.136 - - [14/Apr/2025:07:29:04 -0400] "GET /wp-login.php HTTP/1.1" 200 1766 "-" "Mozilla/5.0 (Windows NT 6.1; WOW64) AppleWebKit/537.36 (KHTML, like Gecko) Chrome/36.0.1985.125 Safari/537.36"
198.54.114.83 - - [14/Apr/2025:07:29:10 -0400] "POST /wp-cron.php?doing_wp_cron=1744630148.8198900222778320312500 HTTP/1.1" 200 0 "-" "WordPress/6.7.2; https://higglehub.com"
45.61.184.136 - - [14/Apr/2025:07:29:05 -0400] "POST /wp-login.php HTTP/1.1" 200 1900 "-" "Mozilla/5.0 (Windows NT 6.1; WOW64) AppleWebKit/537.36 (KHTML, like Gecko) Chrome/36.0.1985.125 Safari/537.36"
198.54.114.83 - - [14/Apr/2025:07:30:42 -0400] "POST /wp-cron.php?doing_wp_cron=1744630241.7333240509033203125000 HTTP/1.1" 200 0 "-" "WordPress/6.7.2; https://higglehub.com"
216.244.66.247 - - [14/Apr/2025:07:30:40 -0400] "GET /the-significance-of-pesach-programs/feed/ HTTP/1.1" 200 394 "-" "Mozilla/5.0 (compatible; DotBot/1.2; +https://opensiteexplorer.org/dotbot; help@moz.com)"
54.37.137.204 - - [14/Apr/2025:07:30:53 -0400] "POST /wp-login.php HTTP/1.1" 200 1894 "https://higglehub.com" "Mozilla/5.0 (Macintosh; Intel Mac OS X 10_15_7) AppleWebKit/537.36 (KHTML, like Gecko) Chrome/116.0.5845.96 Safari/537.36"
198.98.48.90 - - [14/Apr/2025:07:32:14 -0400] "GET /wp-login.php HTTP/1.1" 200 1766 "-" "Mozilla/5.0 (X11; Linux x86_64) AppleWebKit/537.36 (KHTML, like Gecko) Ubuntu Chromium/36.0.1985.125 Chrome/36.0.1985.125 Safari/537.36"
198.54.114.83 - - [14/Apr/2025:07:32:20 -0400] "POST /wp-cron.php?doing_wp_cron=1744630339.6259229183197021484375 HTTP/1.1" 200 0 "-" "WordPress/6.7.2; https://higglehub.com"
198.98.48.90 - - [14/Apr/2025:07:32:16 -0400] "POST /wp-login.php HTTP/1.1" 200 1900 "-" "Mozilla/5.0 (X11; Linux x86_64) AppleWebKit/537.36 (KHTML, like Gecko) Ubuntu Chromium/36.0.1985.125 Chrome/36.0.1985.125 Safari/537.36"
198.54.114.83 - - [14/Apr/2025:07:32:22 -0400] "POST /wp-admin/admin-ajax.php?action=async_litespeed&nonce=VXAhrPnyaPowcbJwEGfcC8IxSNvSPwrp&litespeed_type=imgoptm HTTP/1.1" 200 0 "-" "WordPress/6.7.2; https://higglehub.com"
45.61.187.186 - - [14/Apr/2025:07:36:12 -0400] "GET /wp-login.php HTTP/1.1" 200 1766 "-" "Mozilla/5.0 (Macintosh; Intel Mac OS X 10_9_4) AppleWebKit/537.36 (KHTML, like Gecko) Chrome/35.0.1916.153 Safari/537.36"
45.61.187.186 - - [14/Apr/2025:07:36:13 -0400] "POST /wp-login.php HTTP/1.1" 200 1897 "-" "Mozilla/5.0 (Macintosh; Intel Mac OS X 10_9_4) AppleWebKit/537.36 (KHTML, like Gecko) Chrome/35.0.1916.153 Safari/537.36"
198.54.114.83 - - [14/Apr/2025:07:36:18 -0400] "POST /wp-cron.php?doing_wp_cron=1744630577.0914840698242187500000 HTTP/1.1" 200 0 "-" "WordPress/6.7.2; https://higglehub.com"
198.54.114.83 - - [14/Apr/2025:07:44:22 -0400] "POST /wp-cron.php?doing_wp_cron=1744631062.1691539287567138671875 HTTP/1.1" 200 0 "-" "WordPress/6.7.2; https://higglehub.com"
89.46.7.238 - - [14/Apr/2025:07:44:17 -0400] "POST /wp-login.php HTTP/1.1" 200 1894 "https://higglehub.com" "Mozilla/5.0 (Macintosh; Intel Mac OS X 14_6) AppleWebKit/605.1.15 (KHTML, like Gecko) Version/17.5 Safari/605.1.15"
198.54.114.83 - - [14/Apr/2025:07:44:23 -0400] "POST /wp-admin/admin-ajax.php?action=async_litespeed&nonce=u4KaGj6iwgVWuXOoQgx7xBunUNvftH2p&litespeed_type=imgoptm HTTP/1.1" 200 0 "-" "WordPress/6.7.2; https://higglehub.com"
185.245.105.171 - - [14/Apr/2025:07:53:24 -0400] "GET /gitarrenunterricht-in-dusseldorf-ihr-weg-zur-musikalischen-entfaltung/ HTTP/1.1" 200 10815 "https://higglehub.com/gitarrenunterricht-in-dusseldorf-ihr-weg-zur-musikalischen-entfaltung/" "Mozilla/5.0 (Windows NT 10.0; Win64; x64) AppleWebKit/537.36 (KHTML, like Gecko) Chrome/129.0.0.0 Safari/537.36"
198.54.114.83 - - [14/Apr/2025:07:53:32 -0400] "POST /wp-cron.php?doing_wp_cron=1744631611.2254340648651123046875 HTTP/1.1" 200 0 "-" "WordPress/6.7.2; https://higglehub.com"
198.54.114.83 - - [14/Apr/2025:07:53:33 -0400] "POST /wp-admin/admin-ajax.php?action=async_litespeed&nonce=k3MEygw9WOc3O9gaSrAnOqQfOfzpxTfq&litespeed_type=imgoptm HTTP/1.1" 200 0 "-" "WordPress/6.7.2; https://higglehub.com"
185.245.105.171 - - [14/Apr/2025:07:53:26 -0400] "POST /wp-comments-post.php HTTP/1.1" 302 0 "https://higglehub.com/gitarrenunterricht-in-dusseldorf-ihr-weg-zur-musikalischen-entfaltung/" "Mozilla/5.0 (Windows NT 10.0; Win64; x64) AppleWebKit/537.36 (KHTML, like Gecko) Chrome/129.0.0.0 Safari/537.36"
185.245.105.171 - - [14/Apr/2025:07:53:35 -0400] "GET /gitarrenunterricht-in-dusseldorf-ihr-weg-zur-musikalischen-entfaltung/ HTTP/1.1" 200 11392 "https://higglehub.com/gitarrenunterricht-in-dusseldorf-ihr-weg-zur-musikalischen-entfaltung/#comment-6275" "Mozilla/5.0 (Windows NT 10.0; Win64; x64) AppleWebKit/537.36 (KHTML, like Gecko) Chrome/129.0.0.0 Safari/537.36"
198.54.114.83 - - [14/Apr/2025:07:54:57 -0400] "POST /wp-cron.php?doing_wp_cron=1744631696.9091589450836181640625 HTTP/1.1" 200 0 "-" "WordPress/6.7.2; https://higglehub.com"
198.54.114.83 - - [14/Apr/2025:07:54:58 -0400] "POST /wp-admin/admin-ajax.php?action=async_litespeed&nonce=gN1QJp29xfCRlLqQFnm3sOLsrtAIQARp&litespeed_type=imgoptm HTTP/1.1" 200 5 "-" "WordPress/6.7.2; https://higglehub.com"
101.44.24.158 - - [14/Apr/2025:07:54:55 -0400] "GET /exploring-the-benefits-of-the-cultureland-card-payment-system/ HTTP/1.1" 200 10998 "https://higglehub.com/exploring-the-benefits-of-the-cultureland-card-payment-system/#content" "Mozilla/5.0 (Windows NT 10.0; Win64; x64) AppleWebKit/537.36 (KHTML, like Gecko) Chrome/101.0.4951.67 Safari/537.36"
198.54.114.83 - - [14/Apr/2025:07:56:52 -0400] "POST /wp-cron.php?doing_wp_cron=1744631812.1946539878845214843750 HTTP/1.1" 200 0 "-" "WordPress/6.7.2; https://higglehub.com"
87.250.224.28 - - [14/Apr/2025:07:56:47 -0400] "GET /store/p187/NYX_Professional_Makeup_Matte_Lipstick.html HTTP/1.1" 404 7269 "-" "Mozilla/5.0 (compatible; YandexBot/3.0; +http://yandex.com/bots)"
198.54.114.83 - - [14/Apr/2025:07:56:53 -0400] "POST /wp-admin/admin-ajax.php?action=async_litespeed&nonce=1h55PzawsoMaZpN84Qh1gIAB9f8Gzgwj&litespeed_type=imgoptm HTTP/1.1" 200 0 "-" "WordPress/6.7.2; https://higglehub.com"
198.54.114.83 - - [14/Apr/2025:07:57:46 -0400] "POST /wp-cron.php?doing_wp_cron=1744631866.6286900043487548828125 HTTP/1.1" 200 0 "-" "WordPress/6.7.2; https://higglehub.com"
178.32.112.62 - - [14/Apr/2025:07:57:46 -0400] "POST /wp-login.php HTTP/1.1" 200 1894 "https://higglehub.com" "Mozilla/5.0 (Macintosh; Intel Mac OS X 10_15_7; rv:128.0) Gecko/20100101 Firefox/128.0"
198.54.114.83 - - [14/Apr/2025:07:57:47 -0400] "POST /wp-admin/admin-ajax.php?action=async_litespeed&nonce=rh0KQlUNr2pPJR7xGhD1buLocg9EXhO1&litespeed_type=imgoptm HTTP/1.1" 200 5 "-" "WordPress/6.7.2; https://higglehub.com"
198.54.114.83 - - [14/Apr/2025:08:03:50 -0400] "POST /wp-cron.php?doing_wp_cron=1744632229.8671650886535644531250 HTTP/1.1" 200 0 "-" "WordPress/6.7.2; https://higglehub.com"
34.23.79.115 - - [14/Apr/2025:08:03:43 -0400] "GET /media/system/js/core.js HTTP/1.1" 404 7270 "http://higglehub.com/media/system/js/core.js" "Mozilla/5.0 (Macintosh; Intel Mac OS X 10_10_1) AppleWebKit/537.36 (KHTML, like Gecko) Chrome/39.0.2171.95 Safari/537.36"
198.54.114.83 - - [14/Apr/2025:08:03:51 -0400] "POST /wp-admin/admin-ajax.php?action=async_litespeed&nonce=ml7v7hwfQ7xKxnvTwlvlsj5Q2An4HSED&litespeed_type=imgoptm HTTP/1.1" 200 0 "-" "WordPress/6.7.2; https://higglehub.com"
198.54.114.83 - - [14/Apr/2025:08:08:21 -0400] "POST /wp-cron.php?doing_wp_cron=1744632500.5388529300689697265625 HTTP/1.1" 200 0 "-" "WordPress/6.7.2; https://higglehub.com"
198.54.114.83 - - [14/Apr/2025:08:08:21 -0400] "POST /wp-cron.php?doing_wp_cron=1744632500.5350279808044433593750 HTTP/1.1" 200 0 "-" "WordPress/6.7.2; https://higglehub.com"
44.223.50.234 - - [14/Apr/2025:08:08:16 -0400] "POST /wp-login.php HTTP/1.1" 200 1894 "-" "Mozilla/5.0"
44.223.50.234 - - [14/Apr/2025:08:08:16 -0400] "POST /wp-login.php HTTP/1.1" 200 1893 "-" "Mozilla/5.0"
198.54.114.83 - - [14/Apr/2025:08:08:22 -0400] "POST /wp-admin/admin-ajax.php?action=async_litespeed&nonce=OetfNFHSKZEd49HdC21BqpGaDtFhaUbE&litespeed_type=imgoptm HTTP/1.1" 200 0 "-" "WordPress/6.7.2; https://higglehub.com"
54.87.62.248 - - [14/Apr/2025:08:09:29 -0400] "GET / HTTP/1.1" 200 10353 "-" "Mozilla/5.0 AppleWebKit/537.36 (KHTML, like Gecko; compatible; Amazonbot/0.1; +https://developer.amazon.com/support/amazonbot) Chrome/119.0.6045.214 Safari/537.36"
18.208.11.93 - - [14/Apr/2025:08:09:31 -0400] "GET /2024/10/ HTTP/1.1" 200 10502 "-" "Mozilla/5.0 AppleWebKit/537.36 (KHTML, like Gecko; compatible; Amazonbot/0.1; +https://developer.amazon.com/support/amazonbot) Chrome/119.0.6045.214 Safari/537.36"
198.54.114.83 - - [14/Apr/2025:08:11:14 -0400] "POST /wp-cron.php?doing_wp_cron=1744632673.4673678874969482421875 HTTP/1.1" 200 0 "-" "WordPress/6.7.2; https://higglehub.com"
2a03:b0c0:1:e0::550:4001 - - [14/Apr/2025:08:11:09 -0400] "POST /wp-login.php HTTP/1.1" 200 1893 "https://higglehub.com" "Mozilla/5.0 (Macintosh; Intel Mac OS X 14.5) AppleWebKit/618.3.5 (KHTML, like Gecko) Version/17.4 Safari/618.3.5"
198.54.114.83 - - [14/Apr/2025:08:11:15 -0400] "POST /wp-admin/admin-ajax.php?action=async_litespeed&nonce=RwjgYWoqRSqpusL0xMHtQPFk0pVuIGvY&litespeed_type=imgoptm HTTP/1.1" 200 0 "-" "WordPress/6.7.2; https://higglehub.com"
