2001:19f0:9003:e0b:5400:5ff:fe40:4a69 - - [15/Apr/2025:22:25:54 -0400] "GET /gitarre-lernen-in-dusseldorf-fur-anfanger-und-fortgeschrittene-2/ HTTP/1.1" 200 11079 "-" "Mozilla/5.0 (Macintosh; Intel Mac OS X 10_15_7) AppleWebKit/605.1.15 (KHTML, like Gecko) Version/17.5 Safari/605.1.15 mDI/1.0"
2001:19f0:9003:e0b:5400:5ff:fe40:4a69 - - [15/Apr/2025:22:25:55 -0400] "GET /gitarrenunterricht-in-dusseldorf-ihr-weg-zur-musikalischen-entfaltung/ HTTP/1.1" 200 10815 "-" "Mozilla/5.0 (Macintosh; Intel Mac OS X 10_15_7) AppleWebKit/605.1.15 (KHTML, like Gecko) Version/17.5 Safari/605.1.15 mDI/1.0"
2001:19f0:9003:e0b:5400:5ff:fe40:4a69 - - [15/Apr/2025:22:25:56 -0400] "GET /category/real-estate/ HTTP/1.1" 200 8250 "-" "Mozilla/5.0 (Macintosh; Intel Mac OS X 10_15_7) AppleWebKit/605.1.15 (KHTML, like Gecko) Version/17.5 Safari/605.1.15 mDI/1.0"
2001:19f0:9002:1b86:5400:5ff:fe40:4a68 - - [15/Apr/2025:22:25:57 -0400] "GET /2024/03/ HTTP/1.1" 200 10656 "-" "Mozilla/5.0 (Macintosh; Intel Mac OS X 10_15_7) AppleWebKit/605.1.15 (KHTML, like Gecko) Version/17.5 Safari/605.1.15 mDI/1.0"
2001:19f0:9002:2be5:5400:4ff:fec7:ecf0 - - [15/Apr/2025:22:25:59 -0400] "GET /category/automotive/ HTTP/1.1" 200 8243 "-" "Mozilla/5.0 (Macintosh; Intel Mac OS X 10_15_7) AppleWebKit/605.1.15 (KHTML, like Gecko) Version/17.5 Safari/605.1.15 mDI/1.0"
2001:19f0:9003:e0b:5400:5ff:fe40:4a69 - - [15/Apr/2025:22:25:59 -0400] "GET /category/shopping-product-reviews/ HTTP/1.1" 200 8258 "-" "Mozilla/5.0 (Macintosh; Intel Mac OS X 10_15_7) AppleWebKit/605.1.15 (KHTML, like Gecko) Version/17.5 Safari/605.1.15 mDI/1.0"
2001:19f0:9002:25cb:5400:4ff:fec7:cda6 - - [15/Apr/2025:22:26:00 -0400] "GET /2024/11/ HTTP/1.1" 200 10262 "-" "Mozilla/5.0 (Macintosh; Intel Mac OS X 10_15_7) AppleWebKit/605.1.15 (KHTML, like Gecko) Version/17.5 Safari/605.1.15 mDI/1.0"
2001:19f0:9002:1b86:5400:5ff:fe40:4a68 - - [15/Apr/2025:22:26:04 -0400] "GET /category/bitcoin/ HTTP/1.1" 200 8257 "-" "Mozilla/5.0 (Macintosh; Intel Mac OS X 10_15_7) AppleWebKit/605.1.15 (KHTML, like Gecko) Version/17.5 Safari/605.1.15 mDI/1.0"
2001:19f0:9002:25cb:5400:4ff:fec7:cda6 - - [15/Apr/2025:22:26:05 -0400] "GET /2024/12/ HTTP/1.1" 200 10780 "-" "Mozilla/5.0 (Macintosh; Intel Mac OS X 10_15_7) AppleWebKit/605.1.15 (KHTML, like Gecko) Version/17.5 Safari/605.1.15 mDI/1.0"
2001:19f0:9002:25cb:5400:4ff:fec7:cda6 - - [15/Apr/2025:22:26:07 -0400] "GET /category/technology/ HTTP/1.1" 200 8236 "-" "Mozilla/5.0 (Macintosh; Intel Mac OS X 10_15_7) AppleWebKit/605.1.15 (KHTML, like Gecko) Version/17.5 Safari/605.1.15 mDI/1.0"
2001:19f0:9002:2be5:5400:4ff:fec7:ecf0 - - [15/Apr/2025:22:26:08 -0400] "GET /category/pets/ HTTP/1.1" 200 8245 "-" "Mozilla/5.0 (Macintosh; Intel Mac OS X 10_15_7) AppleWebKit/605.1.15 (KHTML, like Gecko) Version/17.5 Safari/605.1.15 mDI/1.0"
101.44.25.71 - - [15/Apr/2025:22:26:10 -0400] "GET /the-best-money-lender-loan-options-for-financial-flexibility/ HTTP/1.1" 200 11329 "https://higglehub.com/the-best-money-lender-loan-options-for-financial-flexibility/" "Mozilla/5.0 (Windows NT 10.0; Win64; x64) AppleWebKit/537.36 (KHTML, like Gecko) Chrome/104.0.0.0 Safari/537.36"
2001:19f0:9002:25cb:5400:4ff:fec7:cda6 - - [15/Apr/2025:22:26:11 -0400] "GET /2024/09/ HTTP/1.1" 200 10549 "-" "Mozilla/5.0 (Macintosh; Intel Mac OS X 10_15_7) AppleWebKit/605.1.15 (KHTML, like Gecko) Version/17.5 Safari/605.1.15 mDI/1.0"
2001:19f0:9003:e0b:5400:5ff:fe40:4a69 - - [15/Apr/2025:22:26:15 -0400] "GET /navigating-the-maze-demystifying-the-steuererklarung/ HTTP/1.1" 200 11423 "-" "Mozilla/5.0 (Macintosh; Intel Mac OS X 10_15_7) AppleWebKit/605.1.15 (KHTML, like Gecko) Version/17.5 Safari/605.1.15 mDI/1.0"
2001:19f0:9002:1b86:5400:5ff:fe40:4a68 - - [15/Apr/2025:22:26:18 -0400] "GET /revolutionizing-networking-the-digital-business-card/ HTTP/1.1" 200 10726 "-" "Mozilla/5.0 (Macintosh; Intel Mac OS X 10_15_7) AppleWebKit/605.1.15 (KHTML, like Gecko) Version/17.5 Safari/605.1.15 mDI/1.0"
2001:19f0:9002:1b86:5400:5ff:fe40:4a68 - - [15/Apr/2025:22:26:20 -0400] "GET /your-business-trip-with-suwons-premier-massage-services/ HTTP/1.1" 200 10858 "-" "Mozilla/5.0 (Macintosh; Intel Mac OS X 10_15_7) AppleWebKit/605.1.15 (KHTML, like Gecko) Version/17.5 Safari/605.1.15 mDI/1.0"
2001:19f0:9003:e0b:5400:5ff:fe40:4a69 - - [15/Apr/2025:22:26:23 -0400] "GET /the-allure-of-cratos-royal-bet/ HTTP/1.1" 200 10824 "-" "Mozilla/5.0 (Macintosh; Intel Mac OS X 10_15_7) AppleWebKit/605.1.15 (KHTML, like Gecko) Version/17.5 Safari/605.1.15 mDI/1.0"
2001:19f0:9002:1b86:5400:5ff:fe40:4a68 - - [15/Apr/2025:22:26:25 -0400] "GET /author/admin/page/2/ HTTP/1.1" 200 10877 "-" "Mozilla/5.0 (Macintosh; Intel Mac OS X 10_15_7) AppleWebKit/605.1.15 (KHTML, like Gecko) Version/17.5 Safari/605.1.15 mDI/1.0"
198.54.114.83 - - [15/Apr/2025:22:26:28 -0400] "POST /wp-cron.php?doing_wp_cron=1744770388.3633570671081542968750 HTTP/1.1" 200 0 "-" "WordPress/6.7.2; https://higglehub.com"
2001:19f0:9002:25cb:5400:4ff:fec7:cda6 - - [15/Apr/2025:22:26:27 -0400] "GET /how-to-like-a-text/ HTTP/1.1" 200 12075 "-" "Mozilla/5.0 (Macintosh; Intel Mac OS X 10_15_7) AppleWebKit/605.1.15 (KHTML, like Gecko) Version/17.5 Safari/605.1.15 mDI/1.0"
198.54.114.83 - - [15/Apr/2025:22:26:30 -0400] "POST /wp-admin/admin-ajax.php?action=async_litespeed&nonce=RrqAaPu0nHpioOu9kAh2WL6KcVKBzbA5&litespeed_type=imgoptm HTTP/1.1" 200 5 "-" "WordPress/6.7.2; https://higglehub.com"
2001:19f0:9002:1b86:5400:5ff:fe40:4a68 - - [15/Apr/2025:22:26:30 -0400] "GET /unveiling-culinary-excellence-decoding-the-significance-of-restaurant-labels/ HTTP/1.1" 200 11235 "-" "Mozilla/5.0 (Macintosh; Intel Mac OS X 10_15_7) AppleWebKit/605.1.15 (KHTML, like Gecko) Version/17.5 Safari/605.1.15 mDI/1.0"
2001:19f0:9002:1b86:5400:5ff:fe40:4a68 - - [15/Apr/2025:22:26:33 -0400] "GET /page/3/ HTTP/1.1" 200 10633 "-" "Mozilla/5.0 (Macintosh; Intel Mac OS X 10_15_7) AppleWebKit/605.1.15 (KHTML, like Gecko) Version/17.5 Safari/605.1.15 mDI/1.0"
2001:19f0:9002:1b86:5400:5ff:fe40:4a68 - - [15/Apr/2025:22:26:35 -0400] "GET /game-changers-on-the-field-the-evolution-of-soccer-grip-socks/ HTTP/1.1" 200 11263 "-" "Mozilla/5.0 (Macintosh; Intel Mac OS X 10_15_7) AppleWebKit/605.1.15 (KHTML, like Gecko) Version/17.5 Safari/605.1.15 mDI/1.0"
2001:19f0:9003:e0b:5400:5ff:fe40:4a69 - - [15/Apr/2025:22:26:37 -0400] "GET /2024/10/page/2/ HTTP/1.1" 200 10512 "-" "Mozilla/5.0 (Macintosh; Intel Mac OS X 10_15_7) AppleWebKit/605.1.15 (KHTML, like Gecko) Version/17.5 Safari/605.1.15 mDI/1.0"
2001:19f0:9002:1b86:5400:5ff:fe40:4a68 - - [15/Apr/2025:22:26:37 -0400] "GET /the-perfect-escape-from-business-stress/ HTTP/1.1" 200 10963 "-" "Mozilla/5.0 (Macintosh; Intel Mac OS X 10_15_7) AppleWebKit/605.1.15 (KHTML, like Gecko) Version/17.5 Safari/605.1.15 mDI/1.0"
2001:19f0:9002:1b86:5400:5ff:fe40:4a68 - - [15/Apr/2025:22:26:39 -0400] "GET /the-benefits-of-a-suwon-business-trip-massage/ HTTP/1.1" 200 10846 "-" "Mozilla/5.0 (Macintosh; Intel Mac OS X 10_15_7) AppleWebKit/605.1.15 (KHTML, like Gecko) Version/17.5 Safari/605.1.15 mDI/1.0"
2001:19f0:9003:e0b:5400:5ff:fe40:4a69 - - [15/Apr/2025:22:26:41 -0400] "GET /discovering-homes-for-sale-in-portland-oregon/ HTTP/1.1" 200 11160 "-" "Mozilla/5.0 (Macintosh; Intel Mac OS X 10_15_7) AppleWebKit/605.1.15 (KHTML, like Gecko) Version/17.5 Safari/605.1.15 mDI/1.0"
2001:19f0:9003:e0b:5400:5ff:fe40:4a69 - - [15/Apr/2025:22:26:44 -0400] "GET /enhancing-performance-and-style-with-custom-grip-socks-wholesale/ HTTP/1.1" 200 11149 "-" "Mozilla/5.0 (Macintosh; Intel Mac OS X 10_15_7) AppleWebKit/605.1.15 (KHTML, like Gecko) Version/17.5 Safari/605.1.15 mDI/1.0"
2001:19f0:9003:e0b:5400:5ff:fe40:4a69 - - [15/Apr/2025:22:26:47 -0400] "GET /the-fda-approval-process/ HTTP/1.1" 200 11274 "-" "Mozilla/5.0 (Macintosh; Intel Mac OS X 10_15_7) AppleWebKit/605.1.15 (KHTML, like Gecko) Version/17.5 Safari/605.1.15 mDI/1.0"
2001:19f0:9002:25cb:5400:4ff:fec7:cda6 - - [15/Apr/2025:22:26:49 -0400] "GET /embracing-the-spirit-of-ramadan-discovering-the-best-ramadan-sweets-for-sale/ HTTP/1.1" 200 11322 "-" "Mozilla/5.0 (Macintosh; Intel Mac OS X 10_15_7) AppleWebKit/605.1.15 (KHTML, like Gecko) Version/17.5 Safari/605.1.15 mDI/1.0"
2001:19f0:9002:25cb:5400:4ff:fec7:cda6 - - [15/Apr/2025:22:26:52 -0400] "GET /perfekter-einstieg-in-die-welt-der-gitarrenmusik/ HTTP/1.1" 200 11031 "-" "Mozilla/5.0 (Macintosh; Intel Mac OS X 10_15_7) AppleWebKit/605.1.15 (KHTML, like Gecko) Version/17.5 Safari/605.1.15 mDI/1.0"
2001:19f0:9002:2be5:5400:4ff:fec7:ecf0 - - [15/Apr/2025:22:26:55 -0400] "GET /the-future-of-wedding-invitations-embraced-by-technology/ HTTP/1.1" 200 11544 "-" "Mozilla/5.0 (Macintosh; Intel Mac OS X 10_15_7) AppleWebKit/605.1.15 (KHTML, like Gecko) Version/17.5 Safari/605.1.15 mDI/1.0"
2001:19f0:9002:25cb:5400:4ff:fec7:cda6 - - [15/Apr/2025:22:26:59 -0400] "GET /digital-business-cards/ HTTP/1.1" 200 10866 "-" "Mozilla/5.0 (Macintosh; Intel Mac OS X 10_15_7) AppleWebKit/605.1.15 (KHTML, like Gecko) Version/17.5 Safari/605.1.15 mDI/1.0"
2001:19f0:9002:1b86:5400:5ff:fe40:4a68 - - [15/Apr/2025:22:27:01 -0400] "GET /revitalize-your-work-trip-with-osan-business-trip-massage/ HTTP/1.1" 200 10802 "-" "Mozilla/5.0 (Macintosh; Intel Mac OS X 10_15_7) AppleWebKit/605.1.15 (KHTML, like Gecko) Version/17.5 Safari/605.1.15 mDI/1.0"
2001:19f0:9002:2be5:5400:4ff:fec7:ecf0 - - [15/Apr/2025:22:27:05 -0400] "GET /a-basic-history-of-casino-games/ HTTP/1.1" 200 11713 "-" "Mozilla/5.0 (Macintosh; Intel Mac OS X 10_15_7) AppleWebKit/605.1.15 (KHTML, like Gecko) Version/17.5 Safari/605.1.15 mDI/1.0"
2001:19f0:9002:25cb:5400:4ff:fec7:cda6 - - [15/Apr/2025:22:27:08 -0400] "GET /eheliche-knoten-losen-die-expertise-eines-scheidungsanwalts-in-hattingen/ HTTP/1.1" 200 11627 "-" "Mozilla/5.0 (Macintosh; Intel Mac OS X 10_15_7) AppleWebKit/605.1.15 (KHTML, like Gecko) Version/17.5 Safari/605.1.15 mDI/1.0"
2001:19f0:9002:1b86:5400:5ff:fe40:4a68 - - [15/Apr/2025:22:27:12 -0400] "GET /nourishing-your-body-a-comprehensive-healthy-meal-plan/ HTTP/1.1" 200 11187 "-" "Mozilla/5.0 (Macintosh; Intel Mac OS X 10_15_7) AppleWebKit/605.1.15 (KHTML, like Gecko) Version/17.5 Safari/605.1.15 mDI/1.0"
2001:19f0:9002:1b86:5400:5ff:fe40:4a68 - - [15/Apr/2025:22:27:14 -0400] "GET /professionelle-umzugsfirma-in-hamburg-fur-stressfreies-umziehen/ HTTP/1.1" 200 11318 "-" "Mozilla/5.0 (Macintosh; Intel Mac OS X 10_15_7) AppleWebKit/605.1.15 (KHTML, like Gecko) Version/17.5 Safari/605.1.15 mDI/1.0"
2001:19f0:9003:e0b:5400:5ff:fe40:4a69 - - [15/Apr/2025:22:27:17 -0400] "GET /navigating-the-risks-and-rewards-of-online-betting/ HTTP/1.1" 200 11289 "-" "Mozilla/5.0 (Macintosh; Intel Mac OS X 10_15_7) AppleWebKit/605.1.15 (KHTML, like Gecko) Version/17.5 Safari/605.1.15 mDI/1.0"
2001:19f0:9002:1b86:5400:5ff:fe40:4a68 - - [15/Apr/2025:22:27:20 -0400] "GET /effiziente-umzuge-mit-der-luneburger-umzugsfirma/ HTTP/1.1" 200 10965 "-" "Mozilla/5.0 (Macintosh; Intel Mac OS X 10_15_7) AppleWebKit/605.1.15 (KHTML, like Gecko) Version/17.5 Safari/605.1.15 mDI/1.0"
198.54.114.83 - - [15/Apr/2025:22:27:24 -0400] "POST /wp-cron.php?doing_wp_cron=1744770443.6900699138641357421875 HTTP/1.1" 200 0 "-" "WordPress/6.7.2; https://higglehub.com"
2001:19f0:9002:2be5:5400:4ff:fec7:ecf0 - - [15/Apr/2025:22:27:23 -0400] "GET /sarms-canada-the-growing-trend-and-its-impact-on-fitness-enthusiasts/ HTTP/1.1" 200 11617 "-" "Mozilla/5.0 (Macintosh; Intel Mac OS X 10_15_7) AppleWebKit/605.1.15 (KHTML, like Gecko) Version/17.5 Safari/605.1.15 mDI/1.0"
198.54.114.83 - - [15/Apr/2025:22:27:26 -0400] "POST /wp-admin/admin-ajax.php?action=async_litespeed&nonce=6rbxLWEBQ8qw6ZvLAkEfOvN0bWmf09Gw&litespeed_type=imgoptm HTTP/1.1" 200 0 "-" "WordPress/6.7.2; https://higglehub.com"
2001:19f0:9002:25cb:5400:4ff:fec7:cda6 - - [15/Apr/2025:22:27:26 -0400] "GET /guerlain-my-guerlain-eine-duftsymphonie/ HTTP/1.1" 200 11373 "-" "Mozilla/5.0 (Macintosh; Intel Mac OS X 10_15_7) AppleWebKit/605.1.15 (KHTML, like Gecko) Version/17.5 Safari/605.1.15 mDI/1.0"
2001:19f0:9002:1b86:5400:5ff:fe40:4a68 - - [15/Apr/2025:22:27:29 -0400] "GET /how-to-lock-apple-watch/ HTTP/1.1" 200 11949 "-" "Mozilla/5.0 (Macintosh; Intel Mac OS X 10_15_7) AppleWebKit/605.1.15 (KHTML, like Gecko) Version/17.5 Safari/605.1.15 mDI/1.0"
2001:19f0:9003:e0b:5400:5ff:fe40:4a69 - - [15/Apr/2025:22:27:32 -0400] "GET /a-journey-of-tradition-and-exploration/ HTTP/1.1" 200 10805 "-" "Mozilla/5.0 (Macintosh; Intel Mac OS X 10_15_7) AppleWebKit/605.1.15 (KHTML, like Gecko) Version/17.5 Safari/605.1.15 mDI/1.0"
2001:19f0:9002:1b86:5400:5ff:fe40:4a68 - - [15/Apr/2025:22:27:35 -0400] "GET /author/admin/page/50/ HTTP/1.1" 200 8845 "-" "Mozilla/5.0 (Macintosh; Intel Mac OS X 10_15_7) AppleWebKit/605.1.15 (KHTML, like Gecko) Version/17.5 Safari/605.1.15 mDI/1.0"
2001:19f0:9002:25cb:5400:4ff:fec7:cda6 - - [15/Apr/2025:22:27:37 -0400] "GET /what-to-do-to-join-golf-betting/ HTTP/1.1" 200 11124 "-" "Mozilla/5.0 (Macintosh; Intel Mac OS X 10_15_7) AppleWebKit/605.1.15 (KHTML, like Gecko) Version/17.5 Safari/605.1.15 mDI/1.0"
2001:19f0:9002:2be5:5400:4ff:fec7:ecf0 - - [15/Apr/2025:22:27:39 -0400] "GET /professionelle-umzugsunternehmen-in-hamburg-fur-einen-stressfreien-umzug/ HTTP/1.1" 200 11276 "-" "Mozilla/5.0 (Macintosh; Intel Mac OS X 10_15_7) AppleWebKit/605.1.15 (KHTML, like Gecko) Version/17.5 Safari/605.1.15 mDI/1.0"
2001:19f0:9002:2be5:5400:4ff:fec7:ecf0 - - [15/Apr/2025:22:27:41 -0400] "GET /unveiling-the-power-of-instant-youtube-views-boost-your-content-with-swift-delivery/ HTTP/1.1" 200 11057 "-" "Mozilla/5.0 (Macintosh; Intel Mac OS X 10_15_7) AppleWebKit/605.1.15 (KHTML, like Gecko) Version/17.5 Safari/605.1.15 mDI/1.0"
2001:19f0:9002:1b86:5400:5ff:fe40:4a68 - - [15/Apr/2025:22:27:44 -0400] "GET /the-expanding-realm-of-online-betting-a-modern-phenomenon/ HTTP/1.1" 200 11614 "-" "Mozilla/5.0 (Macintosh; Intel Mac OS X 10_15_7) AppleWebKit/605.1.15 (KHTML, like Gecko) Version/17.5 Safari/605.1.15 mDI/1.0"
2001:19f0:9002:25cb:5400:4ff:fec7:cda6 - - [15/Apr/2025:22:27:46 -0400] "GET /page/52/ HTTP/1.1" 200 11068 "-" "Mozilla/5.0 (Macintosh; Intel Mac OS X 10_15_7) AppleWebKit/605.1.15 (KHTML, like Gecko) Version/17.5 Safari/605.1.15 mDI/1.0"
2001:19f0:9003:e0b:5400:5ff:fe40:4a69 - - [15/Apr/2025:22:27:51 -0400] "GET /sparkling-workspaces-professionelle-buroreinigung-in-hamburg/ HTTP/1.1" 200 11681 "-" "Mozilla/5.0 (Macintosh; Intel Mac OS X 10_15_7) AppleWebKit/605.1.15 (KHTML, like Gecko) Version/17.5 Safari/605.1.15 mDI/1.0"
2001:19f0:9003:e0b:5400:5ff:fe40:4a69 - - [15/Apr/2025:22:27:52 -0400] "GET /transforming-luxury-living-with-villa-renovation-in-dubai/ HTTP/1.1" 200 11075 "-" "Mozilla/5.0 (Macintosh; Intel Mac OS X 10_15_7) AppleWebKit/605.1.15 (KHTML, like Gecko) Version/17.5 Safari/605.1.15 mDI/1.0"
2001:19f0:9003:e0b:5400:5ff:fe40:4a69 - - [15/Apr/2025:22:27:56 -0400] "GET /securing-privacy-the-rise-of-crypto-mixers/ HTTP/1.1" 200 11339 "-" "Mozilla/5.0 (Macintosh; Intel Mac OS X 10_15_7) AppleWebKit/605.1.15 (KHTML, like Gecko) Version/17.5 Safari/605.1.15 mDI/1.0"
2001:19f0:9002:25cb:5400:4ff:fec7:cda6 - - [15/Apr/2025:22:27:59 -0400] "GET /revolutionizing-networking-with-digital-business-cards/ HTTP/1.1" 200 11058 "-" "Mozilla/5.0 (Macintosh; Intel Mac OS X 10_15_7) AppleWebKit/605.1.15 (KHTML, like Gecko) Version/17.5 Safari/605.1.15 mDI/1.0"
2001:19f0:9002:1b86:5400:5ff:fe40:4a68 - - [15/Apr/2025:22:28:01 -0400] "GET /umzugsunternehmen-in-luneburg-ihr-zuverlassiger-partner-fur-den-umzug/ HTTP/1.1" 200 11336 "-" "Mozilla/5.0 (Macintosh; Intel Mac OS X 10_15_7) AppleWebKit/605.1.15 (KHTML, like Gecko) Version/17.5 Safari/605.1.15 mDI/1.0"
2001:19f0:9002:25cb:5400:4ff:fec7:cda6 - - [15/Apr/2025:22:28:04 -0400] "GET /empowering-cybersecurity-exploring-the-realm-of-it-managed-security-services/ HTTP/1.1" 200 11357 "-" "Mozilla/5.0 (Macintosh; Intel Mac OS X 10_15_7) AppleWebKit/605.1.15 (KHTML, like Gecko) Version/17.5 Safari/605.1.15 mDI/1.0"
2001:19f0:9002:1b86:5400:5ff:fe40:4a68 - - [15/Apr/2025:22:28:06 -0400] "GET /precision-matters-the-importance-of-pilot-holes-for-5-16-lag-screws/ HTTP/1.1" 200 11171 "-" "Mozilla/5.0 (Macintosh; Intel Mac OS X 10_15_7) AppleWebKit/605.1.15 (KHTML, like Gecko) Version/17.5 Safari/605.1.15 mDI/1.0"
2001:19f0:9002:2be5:5400:4ff:fec7:ecf0 - - [15/Apr/2025:22:28:09 -0400] "GET /mastering-the-art-of-managing-rental-properties/ HTTP/1.1" 200 11498 "-" "Mozilla/5.0 (Macintosh; Intel Mac OS X 10_15_7) AppleWebKit/605.1.15 (KHTML, like Gecko) Version/17.5 Safari/605.1.15 mDI/1.0"
2001:19f0:9002:2be5:5400:4ff:fec7:ecf0 - - [15/Apr/2025:22:28:12 -0400] "GET /author/ashdev/ HTTP/1.1" 200 10834 "-" "Mozilla/5.0 (Macintosh; Intel Mac OS X 10_15_7) AppleWebKit/605.1.15 (KHTML, like Gecko) Version/17.5 Safari/605.1.15 mDI/1.0"
2001:19f0:9002:2be5:5400:4ff:fec7:ecf0 - - [15/Apr/2025:22:28:13 -0400] "GET /fda-cosmetic-regulations-and-their-impact-on-safety/ HTTP/1.1" 200 11340 "-" "Mozilla/5.0 (Macintosh; Intel Mac OS X 10_15_7) AppleWebKit/605.1.15 (KHTML, like Gecko) Version/17.5 Safari/605.1.15 mDI/1.0"
2001:19f0:9003:e0b:5400:5ff:fe40:4a69 - - [15/Apr/2025:22:28:16 -0400] "GET /2024/10/page/9/ HTTP/1.1" 200 9643 "-" "Mozilla/5.0 (Macintosh; Intel Mac OS X 10_15_7) AppleWebKit/605.1.15 (KHTML, like Gecko) Version/17.5 Safari/605.1.15 mDI/1.0"
2001:19f0:9003:e0b:5400:5ff:fe40:4a69 - - [15/Apr/2025:22:28:19 -0400] "GET / HTTP/1.1" 200 10353 "-" "Mozilla/5.0 (Macintosh; Intel Mac OS X 10_15_7) AppleWebKit/605.1.15 (KHTML, like Gecko) Version/17.5 Safari/605.1.15 mDI/1.0"
2001:19f0:9003:e0b:5400:5ff:fe40:4a69 - - [15/Apr/2025:22:28:20 -0400] "GET / HTTP/1.1" 200 10353 "http://higglehub.com/" "Mozilla/5.0 (Macintosh; Intel Mac OS X 10_15_7) AppleWebKit/605.1.15 (KHTML, like Gecko) Version/17.5 Safari/605.1.15 mDI/1.0"
2001:19f0:9003:e0b:5400:5ff:fe40:4a69 - - [15/Apr/2025:22:28:22 -0400] "GET / HTTP/1.1" 200 10353 "http://higglehub.com/" "Mozilla/5.0 (Macintosh; Intel Mac OS X 10_15_7) AppleWebKit/605.1.15 (KHTML, like Gecko) Version/17.5 Safari/605.1.15 mDI/1.0"
31.220.93.206 - - [15/Apr/2025:22:29:32 -0400] "GET /wp-login.php HTTP/1.1" 200 1765 "-" "GRequests/0.10"
198.54.114.83 - - [15/Apr/2025:22:29:35 -0400] "POST /wp-cron.php?doing_wp_cron=1744770574.4889829158782958984375 HTTP/1.1" 200 0 "-" "WordPress/6.7.2; https://higglehub.com"
31.220.93.206 - - [15/Apr/2025:22:29:33 -0400] "POST /wp-login.php HTTP/1.1" 200 1897 "-" "GRequests/0.10"
198.54.114.83 - - [15/Apr/2025:22:29:37 -0400] "POST /wp-admin/admin-ajax.php?action=async_litespeed&nonce=kiMQVlXuumUDgPQoZL5myaYBnoKmgOvn&litespeed_type=imgoptm HTTP/1.1" 200 0 "-" "WordPress/6.7.2; https://higglehub.com"
198.54.114.83 - - [15/Apr/2025:22:31:35 -0400] "POST /wp-cron.php?doing_wp_cron=1744770694.2828669548034667968750 HTTP/1.1" 200 0 "-" "WordPress/6.7.2; https://higglehub.com"
54.179.57.161 - - [15/Apr/2025:22:31:28 -0400] "GET /uploads/1/3/1/1/131136180/published/badge-1.png?1588651596 HTTP/1.1" 404 7270 "-" "Mozilla/5.0 (Windows NT 10.0; Win64; x64) AppleWebKit/537.36 (KHTML, like Gecko) Chrome/133.0.0.0 Safari/537.36"
68.183.83.234 - - [15/Apr/2025:22:32:25 -0400] "GET /wp-login.php HTTP/1.1" 200 1765 "-" "GRequests/0.10"
68.183.83.234 - - [15/Apr/2025:22:32:28 -0400] "POST /wp-login.php HTTP/1.1" 200 1895 "-" "GRequests/0.10"
198.54.114.83 - - [15/Apr/2025:22:52:03 -0400] "POST /wp-cron.php?doing_wp_cron=1744771922.9347400665283203125000 HTTP/1.1" 200 0 "-" "WordPress/6.7.2; https://higglehub.com"
185.171.255.231 - - [15/Apr/2025:22:51:59 -0400] "GET /revamp-your-space-with-professional-bathroom-renovations-in-western-suburbs-melbourne HTTP/1.1" 301 0 "https://www.google.com" "Mozilla/5.0 (Windows NT 10.0; Win64; x64) AppleWebKit/537.36 (KHTML, like Gecko) Chrome/122.0.0.0 Safari/537.36 Edg/122.0.0.0"
198.54.114.83 - - [15/Apr/2025:22:52:03 -0400] "POST /wp-admin/admin-ajax.php?action=async_litespeed&nonce=E1beEwzn0lz0dsBUP1OJAPgzq5uLKIXR&litespeed_type=imgoptm HTTP/1.1" 200 0 "-" "WordPress/6.7.2; https://higglehub.com"
185.171.255.231 - - [15/Apr/2025:22:52:09 -0400] "GET /revamp-your-space-with-professional-bathroom-renovations-in-western-suburbs-melbourne/ HTTP/1.1" 200 11232 "https://www.google.com" "Mozilla/5.0 (Windows NT 10.0; Win64; x64) AppleWebKit/537.36 (KHTML, like Gecko) Chrome/122.0.0.0 Safari/537.36 Edg/122.0.0.0"
31.58.21.29 - - [15/Apr/2025:22:52:21 -0400] "GET /umzugsunternehmen-in-luneburg-ihre-zuverlassigen-partner HTTP/1.1" 301 0 "https://www.google.com" "Mozilla/5.0 (Windows NT 10.0; Win64; x64) AppleWebKit/537.36 (KHTML, like Gecko) Chrome/122.0.0.0 Safari/537.36 Edg/122.0.0.0"
31.58.21.29 - - [15/Apr/2025:22:52:35 -0400] "GET /umzugsunternehmen-in-luneburg-ihre-zuverlassigen-partner/ HTTP/1.1" 200 10959 "https://www.google.com" "Mozilla/5.0 (Windows NT 10.0; Win64; x64) AppleWebKit/537.36 (KHTML, like Gecko) Chrome/122.0.0.0 Safari/537.36 Edg/122.0.0.0"
198.54.114.83 - - [15/Apr/2025:22:52:48 -0400] "POST /wp-cron.php?doing_wp_cron=1744771967.9686400890350341796875 HTTP/1.1" 200 0 "-" "WordPress/6.7.2; https://higglehub.com"
104.253.212.177 - - [15/Apr/2025:22:52:47 -0400] "GET /perfect-bathroom-renovations-in-melbournes-western-suburbs HTTP/1.1" 301 0 "https://www.google.com" "Mozilla/5.0 (Windows NT 10.0; Win64; x64) AppleWebKit/537.36 (KHTML, like Gecko) Chrome/122.0.0.0 Safari/537.36 Edg/122.0.0.0"
198.54.114.83 - - [15/Apr/2025:22:52:50 -0400] "POST /wp-admin/admin-ajax.php?action=async_litespeed&nonce=S2pdyksaxmHUopi0Gp7bBg8y1aftxZee&litespeed_type=imgoptm HTTP/1.1" 200 0 "-" "WordPress/6.7.2; https://higglehub.com"
104.253.212.177 - - [15/Apr/2025:22:53:14 -0400] "GET /perfect-bathroom-renovations-in-melbournes-western-suburbs/ HTTP/1.1" 200 11203 "https://www.google.com" "Mozilla/5.0 (Windows NT 10.0; Win64; x64) AppleWebKit/537.36 (KHTML, like Gecko) Chrome/122.0.0.0 Safari/537.36 Edg/122.0.0.0"
198.54.114.83 - - [15/Apr/2025:22:55:17 -0400] "POST /wp-cron.php?doing_wp_cron=1744772116.9903469085693359375000 HTTP/1.1" 200 0 "-" "WordPress/6.7.2; https://higglehub.com"
136.0.117.9 - - [15/Apr/2025:22:55:13 -0400] "GET /gitarre-lernen-in-dusseldorf-fur-anfanger-und-fortgeschrittene-2 HTTP/1.1" 301 0 "https://www.google.com" "Mozilla/5.0 (Windows NT 10.0; Win64; x64) AppleWebKit/537.36 (KHTML, like Gecko) Chrome/122.0.0.0 Safari/537.36 Edg/122.0.0.0"
198.54.114.83 - - [15/Apr/2025:22:55:19 -0400] "POST /wp-admin/admin-ajax.php?action=async_litespeed&nonce=Ll1xSG0kmKpuMSOjurGCtMDOpXWrd7hy&litespeed_type=imgoptm HTTP/1.1" 200 0 "-" "WordPress/6.7.2; https://higglehub.com"
136.0.117.9 - - [15/Apr/2025:22:55:20 -0400] "GET /gitarre-lernen-in-dusseldorf-fur-anfanger-und-fortgeschrittene-2/ HTTP/1.1" 200 11079 "https://www.google.com" "Mozilla/5.0 (Windows NT 10.0; Win64; x64) AppleWebKit/537.36 (KHTML, like Gecko) Chrome/122.0.0.0 Safari/537.36 Edg/122.0.0.0"
46.250.172.196 - - [15/Apr/2025:22:57:27 -0400] "GET /bienfaits-du-massage-pour-le-corps-et-lesprit/ HTTP/1.1" 200 11294 "https://higglehub.com/bienfaits-du-massage-pour-le-corps-et-lesprit/" "Mozilla/5.0 (Windows NT 10.0; Win64; x64) AppleWebKit/537.36 (KHTML, like Gecko) Chrome/104.0.0.0 Safari/537.36"
2a0a:4cc0:2000:212f:6493:81ff:fef8:81f9 - - [15/Apr/2025:23:04:21 -0400] "GET /category/beauty/ HTTP/1.1" 200 8259 "-" "Mozilla/5.0 (Windows NT 10.0; Win64; x64) AppleWebKit/537.36 (KHTML, like Gecko) Chrome/100.0.6292.545 Safari/537.36"
50.57.19.18 - - [15/Apr/2025:23:14:02 -0400] "GET /wp-login.php HTTP/1.1" 200 1765 "-" "GRequests/0.10"
198.54.114.83 - - [15/Apr/2025:23:14:07 -0400] "POST /wp-cron.php?doing_wp_cron=1744773247.1775128841400146484375 HTTP/1.1" 200 0 "-" "WordPress/6.7.2; https://higglehub.com"
50.57.19.18 - - [15/Apr/2025:23:14:03 -0400] "POST /wp-login.php HTTP/1.1" 200 1897 "-" "GRequests/0.10"
198.54.114.83 - - [15/Apr/2025:23:14:08 -0400] "POST /wp-admin/admin-ajax.php?action=async_litespeed&nonce=3BILNl6Nh2JetTCXUVC1638OZR207Y3i&litespeed_type=imgoptm HTTP/1.1" 200 0 "-" "WordPress/6.7.2; https://higglehub.com"
138.197.206.143 - - [15/Apr/2025:23:14:41 -0400] "GET /wp-admin/css/ HTTP/1.1" 403 1242 "binance.com" "Mozilla/5.0 (Windows NT 10.0; Win64; x64) AppleWebKit/537.36 (KHTML, like Gecko) Chrome/90.0.4430.85 Safari/537.36"
159.89.172.84 - - [15/Apr/2025:23:20:27 -0400] "GET /wp-login.php HTTP/1.1" 200 1765 "-" "GRequests/0.10"
159.89.172.84 - - [15/Apr/2025:23:20:29 -0400] "POST /wp-login.php HTTP/1.1" 200 1895 "-" "GRequests/0.10"
198.54.114.83 - - [15/Apr/2025:23:20:36 -0400] "POST /wp-cron.php?doing_wp_cron=1744773634.3878059387207031250000 HTTP/1.1" 200 0 "-" "WordPress/6.7.2; https://higglehub.com"
18.185.105.102 - - [15/Apr/2025:23:25:05 -0400] "GET /wp-login.php HTTP/1.1" 200 1765 "-" "GRequests/0.10"
198.54.114.83 - - [15/Apr/2025:23:25:14 -0400] "POST /wp-cron.php?doing_wp_cron=1744773913.6735200881958007812500 HTTP/1.1" 200 0 "-" "WordPress/6.7.2; https://higglehub.com"
18.185.105.102 - - [15/Apr/2025:23:25:09 -0400] "POST /wp-login.php HTTP/1.1" 200 1895 "-" "GRequests/0.10"
198.54.114.83 - - [15/Apr/2025:23:25:16 -0400] "POST /wp-admin/admin-ajax.php?action=async_litespeed&nonce=M8Q7tDxAwSjtzDQ71BTduBB78yhfHryW&litespeed_type=imgoptm HTTP/1.1" 200 0 "-" "WordPress/6.7.2; https://higglehub.com"
111.119.251.162 - - [15/Apr/2025:23:28:47 -0400] "GET /2024/10/ HTTP/1.1" 200 10502 "https://higglehub.com/2024/10/" "Mozilla/5.0 (Macintosh; Intel Mac OS X 10_15_7) AppleWebKit/537.36 (KHTML, like Gecko) Chrome/123.0.0.0 Safari/537.36"
198.54.114.83 - - [15/Apr/2025:23:30:35 -0400] "POST /wp-cron.php?doing_wp_cron=1744774234.0134990215301513671875 HTTP/1.1" 200 0 "-" "WordPress/6.7.2; https://higglehub.com"
89.248.172.183 - - [15/Apr/2025:23:30:29 -0400] "GET /wp-content/plugins/instant-appointment/assets/css/bootstrap-icons.min.css HTTP/1.1" 404 7270 "-" "Mozilla/5.0 (Windows NT 10.0; Win64; x64) AppleWebKit/537.36 (KHTML, like Gecko) Chrome/122.0.0.0 Safari/537.36"
18.185.105.102 - - [15/Apr/2025:23:38:12 -0400] "GET /wp-login.php HTTP/1.1" 200 1765 "-" "GRequests/0.10"
198.54.114.83 - - [15/Apr/2025:23:38:18 -0400] "POST /wp-cron.php?doing_wp_cron=1744774698.1861100196838378906250 HTTP/1.1" 200 0 "-" "WordPress/6.7.2; https://higglehub.com"
18.185.105.102 - - [15/Apr/2025:23:38:13 -0400] "POST /wp-login.php HTTP/1.1" 200 1897 "-" "GRequests/0.10"
198.54.114.83 - - [15/Apr/2025:23:38:19 -0400] "POST /wp-admin/admin-ajax.php?action=async_litespeed&nonce=CXdf7eE6K2PZo0RoH2IANG9i3JPs42Wd&litespeed_type=imgoptm HTTP/1.1" 200 0 "-" "WordPress/6.7.2; https://higglehub.com"
198.54.114.83 - - [15/Apr/2025:23:38:40 -0400] "POST /wp-cron.php?doing_wp_cron=1744774719.2195169925689697265625 HTTP/1.1" 200 0 "-" "WordPress/6.7.2; https://higglehub.com"
196.251.86.199 - - [15/Apr/2025:23:38:38 -0400] "GET /about.php?auth_key HTTP/1.1" 404 7270 "www.google.com" "Mozilla/5.0 (Linux; Android 7.0; SM-G892A Build/NRD90M; wv)"
198.54.114.83 - - [15/Apr/2025:23:38:41 -0400] "POST /wp-admin/admin-ajax.php?action=async_litespeed&nonce=lEl3zfT9wa1g7pjjuPw7PJeI0uvLv2l9&litespeed_type=imgoptm HTTP/1.1" 200 0 "-" "WordPress/6.7.2; https://higglehub.com"
110.249.201.158 - - [15/Apr/2025:23:39:14 -0400] "GET / HTTP/1.1" 200 10353 "-" "Mozilla/5.0 (Linux; Android 5.0) AppleWebKit/537.36 (KHTML, like Gecko) Mobile Safari/537.36 (compatible; Bytespider; https://zhanzhang.toutiao.com/)"
110.249.201.158 - - [15/Apr/2025:23:39:15 -0400] "GET /wp-content/themes/hitmag/css/fonts.css HTTP/1.1" 200 412 "https://higglehub.com/" "Mozilla/5.0 (Linux; Android 5.0) AppleWebKit/537.36 (KHTML, like Gecko) Mobile Safari/537.36 (compatible; Bytespider; https://zhanzhang.toutiao.com/)"
110.249.201.158 - - [15/Apr/2025:23:39:15 -0400] "GET /wp-content/themes/hitmag/style.css?ver=1.4.2 HTTP/1.1" 200 12819 "https://higglehub.com/" "Mozilla/5.0 (Linux; Android 5.0) AppleWebKit/537.36 (KHTML, like Gecko) Mobile Safari/537.36 (compatible; Bytespider; https://zhanzhang.toutiao.com/)"
110.249.201.158 - - [15/Apr/2025:23:39:15 -0400] "GET /wp-includes/js/jquery/jquery-migrate.min.js?ver=3.4.1 HTTP/1.1" 200 4678 "https://higglehub.com/" "Mozilla/5.0 (Linux; Android 5.0) AppleWebKit/537.36 (KHTML, like Gecko) Mobile Safari/537.36 (compatible; Bytespider; https://zhanzhang.toutiao.com/)"
110.249.201.158 - - [15/Apr/2025:23:39:15 -0400] "GET /wp-includes/js/jquery/jquery.min.js?ver=3.7.1 HTTP/1.1" 200 29744 "https://higglehub.com/" "Mozilla/5.0 (Linux; Android 5.0) AppleWebKit/537.36 (KHTML, like Gecko) Mobile Safari/537.36 (compatible; Bytespider; https://zhanzhang.toutiao.com/)"
110.249.201.158 - - [15/Apr/2025:23:39:16 -0400] "GET /wp-includes/css/dist/block-library/style.min.css?ver=6.7.2 HTTP/1.1" 200 14225 "https://higglehub.com/" "Mozilla/5.0 (Linux; Android 5.0) AppleWebKit/537.36 (KHTML, like Gecko) Mobile Safari/537.36 (compatible; Bytespider; https://zhanzhang.toutiao.com/)"
110.249.201.158 - - [15/Apr/2025:23:39:16 -0400] "GET /wp-content/themes/hitmag/css/all.min.css?ver=6.5.1 HTTP/1.1" 200 21983 "https://higglehub.com/" "Mozilla/5.0 (Linux; Android 5.0) AppleWebKit/537.36 (KHTML, like Gecko) Mobile Safari/537.36 (compatible; Bytespider; https://zhanzhang.toutiao.com/)"
110.249.201.158 - - [15/Apr/2025:23:39:17 -0400] "GET /wp-content/themes/hitmag/js/skip-link-focus-fix.js?ver=1.4.2 HTTP/1.1" 200 329 "https://higglehub.com/" "Mozilla/5.0 (Linux; Android 5.0) AppleWebKit/537.36 (KHTML, like Gecko) Mobile Safari/537.36 (compatible; Bytespider; https://zhanzhang.toutiao.com/)"
110.249.201.158 - - [15/Apr/2025:23:39:18 -0400] "GET /wp-content/themes/hitmag/js/scripts.js?ver=1.4.2 HTTP/1.1" 200 691 "https://higglehub.com/" "Mozilla/5.0 (Linux; Android 5.0) AppleWebKit/537.36 (KHTML, like Gecko) Mobile Safari/537.36 (compatible; Bytespider; https://zhanzhang.toutiao.com/)"
110.249.201.158 - - [15/Apr/2025:23:39:18 -0400] "GET /wp-content/themes/hitmag/js/navigation.js?ver=1.4.2 HTTP/1.1" 200 998 "https://higglehub.com/" "Mozilla/5.0 (Linux; Android 5.0) AppleWebKit/537.36 (KHTML, like Gecko) Mobile Safari/537.36 (compatible; Bytespider; https://zhanzhang.toutiao.com/)"
185.245.106.236 - - [15/Apr/2025:23:45:29 -0400] "GET /a-comprehensive-guide-to-multichannel-marketing/ HTTP/1.1" 200 10954 "https://higglehub.com/a-comprehensive-guide-to-multichannel-marketing/#comment-6219" "Mozilla/5.0 (Windows NT 10.0; Win64; x64) AppleWebKit/537.36 (KHTML, like Gecko) Chrome/103.0.5060.53 Safari/537.36"
198.54.114.83 - - [15/Apr/2025:23:45:38 -0400] "POST /wp-cron.php?doing_wp_cron=1744775137.0952720642089843750000 HTTP/1.1" 200 0 "-" "WordPress/6.7.2; https://higglehub.com"
185.245.106.236 - - [15/Apr/2025:23:45:31 -0400] "POST /wp-comments-post.php HTTP/1.1" 302 0 "https://higglehub.com/a-comprehensive-guide-to-multichannel-marketing/#comment-6219" "Mozilla/5.0 (Windows NT 10.0; Win64; x64) AppleWebKit/537.36 (KHTML, like Gecko) Chrome/103.0.5060.53 Safari/537.36"
185.245.106.236 - - [15/Apr/2025:23:45:41 -0400] "GET /a-comprehensive-guide-to-multichannel-marketing/ HTTP/1.1" 200 11474 "https://higglehub.com/a-comprehensive-guide-to-multichannel-marketing/#comment-6325" "Mozilla/5.0 (Windows NT 10.0; Win64; x64) AppleWebKit/537.36 (KHTML, like Gecko) Chrome/103.0.5060.53 Safari/537.36"
192.99.35.94 - - [15/Apr/2025:23:53:44 -0400] "GET /robots.txt HTTP/1.1" 304 0 "-" "Mozilla/5.0 (compatible; MJ12bot/v1.4.8; http://mj12bot.com/)"
192.99.35.94 - - [15/Apr/2025:23:53:50 -0400] "GET /category/arts-entertainments/page/13/ HTTP/1.1" 200 10564 "-" "Mozilla/5.0 (compatible; MJ12bot/v1.4.8; http://mj12bot.com/)"
198.54.114.83 - - [15/Apr/2025:23:53:56 -0400] "POST /wp-cron.php?doing_wp_cron=1744775634.5174400806427001953125 HTTP/1.1" 200 0 "-" "WordPress/6.7.2; https://higglehub.com"
192.99.35.94 - - [15/Apr/2025:23:54:00 -0400] "GET /category/arts-entertainments/page/32/ HTTP/1.1" 200 10665 "-" "Mozilla/5.0 (compatible; MJ12bot/v1.4.8; http://mj12bot.com/)"
192.99.35.94 - - [15/Apr/2025:23:54:19 -0400] "GET /category/arts-entertainments/page/42/ HTTP/1.1" 200 10723 "-" "Mozilla/5.0 (compatible; MJ12bot/v1.4.8; http://mj12bot.com/)"
192.99.35.94 - - [15/Apr/2025:23:54:25 -0400] "GET /securing-privacy-the-rise-of-crypto-mixers/ HTTP/1.1" 200 11339 "-" "Mozilla/5.0 (compatible; MJ12bot/v1.4.8; http://mj12bot.com/)"
192.99.35.94 - - [15/Apr/2025:23:54:28 -0400] "GET /the-digital-transformation-of-gambling/ HTTP/1.1" 200 10827 "-" "Mozilla/5.0 (compatible; MJ12bot/v1.4.8; http://mj12bot.com/)"
192.99.35.94 - - [15/Apr/2025:23:54:38 -0400] "GET /ensuring-safety-and-fairness/ HTTP/1.1" 200 10820 "-" "Mozilla/5.0 (compatible; MJ12bot/v1.4.8; http://mj12bot.com/)"
166.108.207.40 - - [16/Apr/2025:00:01:10 -0400] "GET /the-art-of-custom-pet-portraits/ HTTP/1.1" 200 11151 "https://higglehub.com/the-art-of-custom-pet-portraits/" "Mozilla/5.0 (Windows NT 10.0; Win64; x64) AppleWebKit/537.36 (KHTML, like Gecko) Chrome/101.0.4951.67 Safari/537.36"
198.54.114.83 - - [16/Apr/2025:00:01:19 -0400] "POST /wp-cron.php?doing_wp_cron=1744776075.5466179847717285156250 HTTP/1.1" 200 0 "-" "WordPress/6.7.2; https://higglehub.com"
84.54.44.30 - - [16/Apr/2025:00:10:59 -0400] "GET /a-comprehensive-guide-to-multichannel-marketing/ HTTP/1.1" 200 10954 "https://higglehub.com/a-comprehensive-guide-to-multichannel-marketing/" "Mozilla/5.0 (Windows NT 10.0; Win64; x64) AppleWebKit/537.36 (KHTML, like Gecko) Chrome/131.0.0.0 Safari/537.36 Avast/131.0.0.0"
198.54.114.83 - - [16/Apr/2025:00:11:06 -0400] "POST /wp-cron.php?doing_wp_cron=1744776665.2961299419403076171875 HTTP/1.1" 200 0 "-" "WordPress/6.7.2; https://higglehub.com"
84.54.44.30 - - [16/Apr/2025:00:11:00 -0400] "POST /wp-comments-post.php HTTP/1.1" 302 0 "https://higglehub.com/a-comprehensive-guide-to-multichannel-marketing/" "Mozilla/5.0 (Windows NT 10.0; Win64; x64) AppleWebKit/537.36 (KHTML, like Gecko) Chrome/131.0.0.0 Safari/537.36 Avast/131.0.0.0"
84.54.44.30 - - [16/Apr/2025:00:11:09 -0400] "GET /a-comprehensive-guide-to-multichannel-marketing/ HTTP/1.1" 200 11709 "https://higglehub.com/a-comprehensive-guide-to-multichannel-marketing/#comment-6326" "Mozilla/5.0 (Windows NT 10.0; Win64; x64) AppleWebKit/537.36 (KHTML, like Gecko) Chrome/131.0.0.0 Safari/537.36 Avast/131.0.0.0"
43.131.36.84 - - [16/Apr/2025:00:15:18 -0400] "GET / HTTP/1.1" 200 10353 "http://higglehub.com" "Mozilla/5.0 (iPhone; CPU iPhone OS 13_2_3 like Mac OS X) AppleWebKit/605.1.15 (KHTML, like Gecko) Version/13.0.3 Mobile/15E148 Safari/604.1"
2001:df4:40c0:68d8::1 - - [16/Apr/2025:00:24:33 -0400] "GET /wp-login.php HTTP/1.1" 200 1765 "-" "GRequests/0.10"
2001:df4:40c0:68d8::1 - - [16/Apr/2025:00:24:37 -0400] "POST /wp-login.php HTTP/1.1" 200 1897 "-" "GRequests/0.10"
198.54.114.83 - - [16/Apr/2025:00:24:47 -0400] "POST /wp-cron.php?doing_wp_cron=1744777483.7908461093902587890625 HTTP/1.1" 200 0 "-" "WordPress/6.7.2; https://higglehub.com"
159.138.106.140 - - [16/Apr/2025:00:31:24 -0400] "GET /taking-advantage-of-the-online-betting-scene-during-the-uefa-tournaments HTTP/1.1" 301 0 "https://higglehub.com/taking-advantage-of-the-online-betting-scene-during-the-uefa-tournaments" "Mozilla/5.0 (Macintosh; Intel Mac OS X 10_15_7) AppleWebKit/537.36 (KHTML, like Gecko) Chrome/123.0.0.0 Safari/537.36"
198.54.114.83 - - [16/Apr/2025:00:31:31 -0400] "POST /wp-cron.php?doing_wp_cron=1744777889.1296150684356689453125 HTTP/1.1" 200 0 "-" "WordPress/6.7.2; https://higglehub.com"
159.138.106.140 - - [16/Apr/2025:00:31:34 -0400] "GET /taking-advantage-of-the-online-betting-scene-during-the-uefa-tournaments/ HTTP/1.1" 200 11518 "https://higglehub.com/taking-advantage-of-the-online-betting-scene-during-the-uefa-tournaments/" "Mozilla/5.0 (Macintosh; Intel Mac OS X 10_15_7) AppleWebKit/537.36 (KHTML, like Gecko) Chrome/123.0.0.0 Safari/537.36"
198.98.54.73 - - [16/Apr/2025:00:40:31 -0400] "GET /wp-login.php HTTP/1.1" 200 1765 "-" "Mozilla/5.0 (Macintosh; Intel Mac OS X 10_9_2) AppleWebKit/537.36 (KHTML, like Gecko) Chrome/35.0.1916.153 Safari/537.36"
198.98.54.73 - - [16/Apr/2025:00:40:33 -0400] "POST /wp-login.php HTTP/1.1" 200 1897 "-" "Mozilla/5.0 (Macintosh; Intel Mac OS X 10_9_2) AppleWebKit/537.36 (KHTML, like Gecko) Chrome/35.0.1916.153 Safari/537.36"
198.54.114.83 - - [16/Apr/2025:00:40:40 -0400] "POST /wp-cron.php?doing_wp_cron=1744778438.0055589675903320312500 HTTP/1.1" 200 0 "-" "WordPress/6.7.2; https://higglehub.com"
217.77.10.191 - - [16/Apr/2025:00:52:32 -0400] "GET /wp-login.php HTTP/1.1" 200 1765 "-" "GRequests/0.10"
198.54.114.83 - - [16/Apr/2025:00:52:40 -0400] "POST /wp-cron.php?doing_wp_cron=1744779159.6224229335784912109375 HTTP/1.1" 200 0 "-" "WordPress/6.7.2; https://higglehub.com"
217.77.10.191 - - [16/Apr/2025:00:52:34 -0400] "POST /wp-login.php HTTP/1.1" 200 1895 "-" "GRequests/0.10"
198.54.114.83 - - [16/Apr/2025:00:52:42 -0400] "POST /wp-admin/admin-ajax.php?action=async_litespeed&nonce=2FvETr86ooxeaCDBJMsTjMkdClJM8hGz&litespeed_type=imgoptm HTTP/1.1" 200 0 "-" "WordPress/6.7.2; https://higglehub.com"
3.80.2.220 - - [16/Apr/2025:00:54:17 -0400] "GET /.git/config HTTP/1.1" 403 1242 "-" "Mozilla/5.0 (Macintosh; Intel Mac OS X 10_12_6) AppleWebKit/537.36 (KHTML, like Gecko) Chrome/65.0.3312.0 Safari/537.36"
198.98.54.73 - - [16/Apr/2025:00:57:31 -0400] "GET /wp-login.php HTTP/1.1" 200 1765 "-" "Mozilla/5.0 (Windows NT 5.1; rv:30.0) Gecko/20100101 Firefox/30.0"
198.54.114.83 - - [16/Apr/2025:00:57:38 -0400] "POST /wp-cron.php?doing_wp_cron=1744779458.0219171047210693359375 HTTP/1.1" 200 0 "-" "WordPress/6.7.2; https://higglehub.com"
198.98.54.73 - - [16/Apr/2025:00:57:32 -0400] "POST /wp-login.php HTTP/1.1" 200 1895 "-" "Mozilla/5.0 (Windows NT 5.1; rv:30.0) Gecko/20100101 Firefox/30.0"
198.54.114.83 - - [16/Apr/2025:00:57:40 -0400] "POST /wp-admin/admin-ajax.php?action=async_litespeed&nonce=xwh1nUTf4y67CWWj0GqZilpN96nUV7Gf&litespeed_type=imgoptm HTTP/1.1" 200 0 "-" "WordPress/6.7.2; https://higglehub.com"
109.123.236.97 - - [16/Apr/2025:01:00:48 -0400] "GET /wp-login.php HTTP/1.1" 200 1765 "-" "GRequests/0.10"
198.54.114.83 - - [16/Apr/2025:01:00:56 -0400] "POST /wp-cron.php?doing_wp_cron=1744779655.6314039230346679687500 HTTP/1.1" 200 0 "-" "WordPress/6.7.2; https://higglehub.com"
109.123.236.97 - - [16/Apr/2025:01:00:50 -0400] "POST /wp-login.php HTTP/1.1" 200 1895 "-" "GRequests/0.10"
198.54.114.83 - - [16/Apr/2025:01:00:57 -0400] "POST /wp-admin/admin-ajax.php?action=async_litespeed&nonce=0HzOglgFSlRhRwRGJuebRVEMVtybHDu8&litespeed_type=imgoptm HTTP/1.1" 200 0 "-" "WordPress/6.7.2; https://higglehub.com"
165.227.84.75 - - [16/Apr/2025:01:01:18 -0400] "GET /wp-login.php HTTP/1.1" 200 1765 "-" "GRequests/0.10"
165.227.84.75 - - [16/Apr/2025:01:01:20 -0400] "POST /wp-login.php HTTP/1.1" 200 1897 "-" "GRequests/0.10"
198.54.114.83 - - [16/Apr/2025:01:02:42 -0400] "POST /wp-cron.php?doing_wp_cron=1744779761.9466381072998046875000 HTTP/1.1" 200 0 "-" "WordPress/6.7.2; https://higglehub.com"
110.238.106.57 - - [16/Apr/2025:01:02:41 -0400] "GET /effiziente-unternehmensklarung-in-luneburg/ HTTP/1.1" 200 11085 "https://higglehub.com/effiziente-unternehmensklarung-in-luneburg/#respond" "Mozilla/5.0 (Windows NT 10.0; Win64; x64) AppleWebKit/537.36 (KHTML, like Gecko) Chrome/104.0.0.0 Safari/537.36"
198.54.114.83 - - [16/Apr/2025:01:02:45 -0400] "POST /wp-admin/admin-ajax.php?action=async_litespeed&nonce=BCn3WOlIq5TFwVmU9f6vACOOD5LJaTjl&litespeed_type=imgoptm HTTP/1.1" 200 0 "-" "WordPress/6.7.2; https://higglehub.com"
154.83.103.106 - - [16/Apr/2025:01:09:19 -0400] "GET / HTTP/1.1" 200 10353 "-" "Mozilla/5.0 (Windows NT 10.0; Win64; x64) AppleWebKit/537.36 (KHTML, like Gecko) Chrome/91.0.4472.124 Safari/537.36"
198.54.114.83 - - [16/Apr/2025:01:09:26 -0400] "POST /wp-cron.php?doing_wp_cron=1744780165.7840340137481689453125 HTTP/1.1" 200 0 "-" "WordPress/6.7.2; https://higglehub.com"
154.83.103.106 - - [16/Apr/2025:01:09:20 -0400] "GET /.aws/credentials HTTP/1.1" 404 7270 "-" "Mozilla/5.0 (Windows NT 10.0; Win64; x64) AppleWebKit/537.36 (KHTML, like Gecko) Chrome/91.0.4472.124 Safari/537.36"
198.54.114.83 - - [16/Apr/2025:01:09:27 -0400] "POST /wp-admin/admin-ajax.php?action=async_litespeed&nonce=EhtPC1STznWQswQNjohjrCURQ5APnzYW&litespeed_type=imgoptm HTTP/1.1" 200 0 "-" "WordPress/6.7.2; https://higglehub.com"
154.83.103.106 - - [16/Apr/2025:01:09:28 -0400] "GET /.azure/ HTTP/1.1" 404 7270 "-" "Mozilla/5.0 (Windows NT 10.0; Win64; x64) AppleWebKit/537.36 (KHTML, like Gecko) Chrome/91.0.4472.124 Safari/537.36"
154.83.103.106 - - [16/Apr/2025:01:09:30 -0400] "GET /.bash_history HTTP/1.1" 404 7270 "-" "Mozilla/5.0 (Windows NT 10.0; Win64; x64) AppleWebKit/537.36 (KHTML, like Gecko) Chrome/91.0.4472.124 Safari/537.36"
154.83.103.106 - - [16/Apr/2025:01:09:31 -0400] "GET /.bash_profile HTTP/1.1" 404 7270 "-" "Mozilla/5.0 (Windows NT 10.0; Win64; x64) AppleWebKit/537.36 (KHTML, like Gecko) Chrome/91.0.4472.124 Safari/537.36"
154.83.103.106 - - [16/Apr/2025:01:09:33 -0400] "GET /.bashrc HTTP/1.1" 404 7270 "-" "Mozilla/5.0 (Windows NT 10.0; Win64; x64) AppleWebKit/537.36 (KHTML, like Gecko) Chrome/91.0.4472.124 Safari/537.36"
154.83.103.106 - - [16/Apr/2025:01:09:35 -0400] "GET /.boto HTTP/1.1" 404 7270 "-" "Mozilla/5.0 (Windows NT 10.0; Win64; x64) AppleWebKit/537.36 (KHTML, like Gecko) Chrome/91.0.4472.124 Safari/537.36"
154.83.103.106 - - [16/Apr/2025:01:09:38 -0400] "GET /.bzr/ HTTP/1.1" 404 7270 "-" "Mozilla/5.0 (Windows NT 10.0; Win64; x64) AppleWebKit/537.36 (KHTML, like Gecko) Chrome/91.0.4472.124 Safari/537.36"
154.83.103.106 - - [16/Apr/2025:01:09:40 -0400] "GET /.config/gcloud/ HTTP/1.1" 404 7270 "-" "Mozilla/5.0 (Windows NT 10.0; Win64; x64) AppleWebKit/537.36 (KHTML, like Gecko) Chrome/91.0.4472.124 Safari/537.36"
154.83.103.106 - - [16/Apr/2025:01:09:42 -0400] "GET /.cshrc HTTP/1.1" 404 7270 "-" "Mozilla/5.0 (Windows NT 10.0; Win64; x64) AppleWebKit/537.36 (KHTML, like Gecko) Chrome/91.0.4472.124 Safari/537.36"
154.83.103.106 - - [16/Apr/2025:01:09:44 -0400] "GET /.docker/config.json HTTP/1.1" 404 7269 "-" "Mozilla/5.0 (Windows NT 10.0; Win64; x64) AppleWebKit/537.36 (KHTML, like Gecko) Chrome/91.0.4472.124 Safari/537.36"
154.83.103.106 - - [16/Apr/2025:01:09:46 -0400] "GET /.env HTTP/1.1" 403 1242 "-" "Mozilla/5.0 (Windows NT 10.0; Win64; x64) AppleWebKit/537.36 (KHTML, like Gecko) Chrome/91.0.4472.124 Safari/537.36"
154.83.103.106 - - [16/Apr/2025:01:09:47 -0400] "GET /.env.backup HTTP/1.1" 403 1242 "-" "Mozilla/5.0 (Windows NT 10.0; Win64; x64) AppleWebKit/537.36 (KHTML, like Gecko) Chrome/91.0.4472.124 Safari/537.36"
154.83.103.106 - - [16/Apr/2025:01:09:48 -0400] "GET /.env.dev HTTP/1.1" 403 1242 "-" "Mozilla/5.0 (Windows NT 10.0; Win64; x64) AppleWebKit/537.36 (KHTML, like Gecko) Chrome/91.0.4472.124 Safari/537.36"
154.83.103.106 - - [16/Apr/2025:01:09:49 -0400] "GET /.env.example HTTP/1.1" 403 1242 "-" "Mozilla/5.0 (Windows NT 10.0; Win64; x64) AppleWebKit/537.36 (KHTML, like Gecko) Chrome/91.0.4472.124 Safari/537.36"
154.83.103.106 - - [16/Apr/2025:01:09:51 -0400] "GET /.env.local HTTP/1.1" 403 1242 "-" "Mozilla/5.0 (Windows NT 10.0; Win64; x64) AppleWebKit/537.36 (KHTML, like Gecko) Chrome/91.0.4472.124 Safari/537.36"
154.83.103.106 - - [16/Apr/2025:01:09:52 -0400] "GET /.env.prod HTTP/1.1" 403 1242 "-" "Mozilla/5.0 (Windows NT 10.0; Win64; x64) AppleWebKit/537.36 (KHTML, like Gecko) Chrome/91.0.4472.124 Safari/537.36"
154.83.103.106 - - [16/Apr/2025:01:09:52 -0400] "GET /.env.testing HTTP/1.1" 403 1242 "-" "Mozilla/5.0 (Windows NT 10.0; Win64; x64) AppleWebKit/537.36 (KHTML, like Gecko) Chrome/91.0.4472.124 Safari/537.36"
154.83.103.106 - - [16/Apr/2025:01:09:53 -0400] "GET /.firebaserc HTTP/1.1" 404 7269 "-" "Mozilla/5.0 (Windows NT 10.0; Win64; x64) AppleWebKit/537.36 (KHTML, like Gecko) Chrome/91.0.4472.124 Safari/537.36"
154.83.103.106 - - [16/Apr/2025:01:09:55 -0400] "GET /.git/ HTTP/1.1" 403 1242 "-" "Mozilla/5.0 (Windows NT 10.0; Win64; x64) AppleWebKit/537.36 (KHTML, like Gecko) Chrome/91.0.4472.124 Safari/537.36"
128.199.215.55 - - [16/Apr/2025:01:09:55 -0400] "GET //wp-includes/ID3/license.txt HTTP/1.1" 200 414 "-" "Mozilla/5.0 (Windows NT 10.0; Win64; x64) AppleWebKit/537.36 (KHTML, like Gecko) Chrome/95.0.4638.69 Safari/537.36"
154.83.103.106 - - [16/Apr/2025:01:09:56 -0400] "GET /.git/HEAD HTTP/1.1" 403 1242 "-" "Mozilla/5.0 (Windows NT 10.0; Win64; x64) AppleWebKit/537.36 (KHTML, like Gecko) Chrome/91.0.4472.124 Safari/537.36"
128.199.215.55 - - [16/Apr/2025:01:09:56 -0400] "GET //feed/ HTTP/1.1" 301 0 "-" "Mozilla/5.0 (Windows NT 10.0; Win64; x64) AppleWebKit/537.36 (KHTML, like Gecko) Chrome/95.0.4638.69 Safari/537.36"
154.83.103.106 - - [16/Apr/2025:01:09:57 -0400] "GET /.git/config HTTP/1.1" 403 1242 "-" "Mozilla/5.0 (Windows NT 10.0; Win64; x64) AppleWebKit/537.36 (KHTML, like Gecko) Chrome/91.0.4472.124 Safari/537.36"
154.83.103.106 - - [16/Apr/2025:01:09:58 -0400] "GET /.git/index HTTP/1.1" 403 1242 "-" "Mozilla/5.0 (Windows NT 10.0; Win64; x64) AppleWebKit/537.36 (KHTML, like Gecko) Chrome/91.0.4472.124 Safari/537.36"
128.199.215.55 - - [16/Apr/2025:01:09:58 -0400] "GET //blog/wp-includes/wlwmanifest.xml HTTP/1.1" 301 0 "-" "Mozilla/5.0 (Windows NT 10.0; Win64; x64) AppleWebKit/537.36 (KHTML, like Gecko) Chrome/95.0.4638.69 Safari/537.36"
154.83.103.106 - - [16/Apr/2025:01:09:59 -0400] "GET /.git/logs/HEAD HTTP/1.1" 403 1242 "-" "Mozilla/5.0 (Windows NT 10.0; Win64; x64) AppleWebKit/537.36 (KHTML, like Gecko) Chrome/91.0.4472.124 Safari/537.36"
128.199.215.55 - - [16/Apr/2025:01:09:59 -0400] "GET //web/wp-includes/wlwmanifest.xml HTTP/1.1" 301 0 "-" "Mozilla/5.0 (Windows NT 10.0; Win64; x64) AppleWebKit/537.36 (KHTML, like Gecko) Chrome/95.0.4638.69 Safari/537.36"
154.83.103.106 - - [16/Apr/2025:01:09:59 -0400] "GET /.gitattributes HTTP/1.1" 404 7270 "-" "Mozilla/5.0 (Windows NT 10.0; Win64; x64) AppleWebKit/537.36 (KHTML, like Gecko) Chrome/91.0.4472.124 Safari/537.36"
128.199.215.55 - - [16/Apr/2025:01:10:00 -0400] "GET //wordpress/wp-includes/wlwmanifest.xml HTTP/1.1" 301 0 "-" "Mozilla/5.0 (Windows NT 10.0; Win64; x64) AppleWebKit/537.36 (KHTML, like Gecko) Chrome/95.0.4638.69 Safari/537.36"
154.83.103.106 - - [16/Apr/2025:01:10:03 -0400] "GET /.gitignore HTTP/1.1" 403 1242 "-" "Mozilla/5.0 (Windows NT 10.0; Win64; x64) AppleWebKit/537.36 (KHTML, like Gecko) Chrome/91.0.4472.124 Safari/537.36"
128.199.215.55 - - [16/Apr/2025:01:10:03 -0400] "GET //wp/wp-includes/wlwmanifest.xml HTTP/1.1" 301 0 "-" "Mozilla/5.0 (Windows NT 10.0; Win64; x64) AppleWebKit/537.36 (KHTML, like Gecko) Chrome/95.0.4638.69 Safari/537.36"
154.83.103.106 - - [16/Apr/2025:01:10:06 -0400] "GET /.gitmodules HTTP/1.1" 404 7270 "-" "Mozilla/5.0 (Windows NT 10.0; Win64; x64) AppleWebKit/537.36 (KHTML, like Gecko) Chrome/91.0.4472.124 Safari/537.36"
128.199.215.55 - - [16/Apr/2025:01:10:07 -0400] "GET //2020/wp-includes/wlwmanifest.xml HTTP/1.1" 301 0 "-" "Mozilla/5.0 (Windows NT 10.0; Win64; x64) AppleWebKit/537.36 (KHTML, like Gecko) Chrome/95.0.4638.69 Safari/537.36"
154.83.103.106 - - [16/Apr/2025:01:10:09 -0400] "GET /.hg/ HTTP/1.1" 403 1242 "-" "Mozilla/5.0 (Windows NT 10.0; Win64; x64) AppleWebKit/537.36 (KHTML, like Gecko) Chrome/91.0.4472.124 Safari/537.36"
128.199.215.55 - - [16/Apr/2025:01:10:10 -0400] "GET //2019/wp-includes/wlwmanifest.xml HTTP/1.1" 301 0 "-" "Mozilla/5.0 (Windows NT 10.0; Win64; x64) AppleWebKit/537.36 (KHTML, like Gecko) Chrome/95.0.4638.69 Safari/537.36"
154.83.103.106 - - [16/Apr/2025:01:10:11 -0400] "GET /.htaccess HTTP/1.1" 403 1242 "-" "Mozilla/5.0 (Windows NT 10.0; Win64; x64) AppleWebKit/537.36 (KHTML, like Gecko) Chrome/91.0.4472.124 Safari/537.36"
154.83.103.106 - - [16/Apr/2025:01:10:12 -0400] "GET /.htpasswd HTTP/1.1" 403 1242 "-" "Mozilla/5.0 (Windows NT 10.0; Win64; x64) AppleWebKit/537.36 (KHTML, like Gecko) Chrome/91.0.4472.124 Safari/537.36"
128.199.215.55 - - [16/Apr/2025:01:10:11 -0400] "GET //2021/wp-includes/wlwmanifest.xml HTTP/1.1" 301 0 "-" "Mozilla/5.0 (Windows NT 10.0; Win64; x64) AppleWebKit/537.36 (KHTML, like Gecko) Chrome/95.0.4638.69 Safari/537.36"
128.199.215.55 - - [16/Apr/2025:01:10:13 -0400] "GET //shop/wp-includes/wlwmanifest.xml HTTP/1.1" 301 0 "-" "Mozilla/5.0 (Windows NT 10.0; Win64; x64) AppleWebKit/537.36 (KHTML, like Gecko) Chrome/95.0.4638.69 Safari/537.36"
154.83.103.106 - - [16/Apr/2025:01:10:13 -0400] "GET /.idea/ HTTP/1.1" 301 0 "-" "Mozilla/5.0 (Windows NT 10.0; Win64; x64) AppleWebKit/537.36 (KHTML, like Gecko) Chrome/91.0.4472.124 Safari/537.36"
128.199.215.55 - - [16/Apr/2025:01:10:15 -0400] "GET //wp1/wp-includes/wlwmanifest.xml HTTP/1.1" 301 0 "-" "Mozilla/5.0 (Windows NT 10.0; Win64; x64) AppleWebKit/537.36 (KHTML, like Gecko) Chrome/95.0.4638.69 Safari/537.36"
154.83.103.106 - - [16/Apr/2025:01:10:15 -0400] "GET /ideal-money-lender-for-your-loan-needs/ HTTP/1.1" 200 10947 "-" "Mozilla/5.0 (Windows NT 10.0; Win64; x64) AppleWebKit/537.36 (KHTML, like Gecko) Chrome/91.0.4472.124 Safari/537.36"
128.199.215.55 - - [16/Apr/2025:01:10:16 -0400] "GET //test/wp-includes/wlwmanifest.xml HTTP/1.1" 301 0 "-" "Mozilla/5.0 (Windows NT 10.0; Win64; x64) AppleWebKit/537.36 (KHTML, like Gecko) Chrome/95.0.4638.69 Safari/537.36"
128.199.215.55 - - [16/Apr/2025:01:10:17 -0400] "GET //site/wp-includes/wlwmanifest.xml HTTP/1.1" 301 0 "-" "Mozilla/5.0 (Windows NT 10.0; Win64; x64) AppleWebKit/537.36 (KHTML, like Gecko) Chrome/95.0.4638.69 Safari/537.36"
154.83.103.106 - - [16/Apr/2025:01:10:17 -0400] "GET /.idea/.name HTTP/1.1" 404 7270 "-" "Mozilla/5.0 (Windows NT 10.0; Win64; x64) AppleWebKit/537.36 (KHTML, like Gecko) Chrome/91.0.4472.124 Safari/537.36"
128.199.215.55 - - [16/Apr/2025:01:10:18 -0400] "GET //cms/wp-includes/wlwmanifest.xml HTTP/1.1" 301 0 "-" "Mozilla/5.0 (Windows NT 10.0; Win64; x64) AppleWebKit/537.36 (KHTML, like Gecko) Chrome/95.0.4638.69 Safari/537.36"
154.83.103.106 - - [16/Apr/2025:01:10:18 -0400] "GET /.login HTTP/1.1" 404 7270 "-" "Mozilla/5.0 (Windows NT 10.0; Win64; x64) AppleWebKit/537.36 (KHTML, like Gecko) Chrome/91.0.4472.124 Safari/537.36"
154.83.103.106 - - [16/Apr/2025:01:10:20 -0400] "GET /.netrc HTTP/1.1" 404 7270 "-" "Mozilla/5.0 (Windows NT 10.0; Win64; x64) AppleWebKit/537.36 (KHTML, like Gecko) Chrome/91.0.4472.124 Safari/537.36"
