198.54.114.83 - - [15/Apr/2025:15:35:26 -0400] "POST /wp-cron.php?doing_wp_cron=1744745722.6200289726257324218750 HTTP/1.1" 200 0 "-" "WordPress/6.7.2; https://higglehub.com"
52.138.201.149 - - [15/Apr/2025:15:35:28 -0400] "GET /files/ HTTP/1.1" 404 7270 "-" "-"
52.138.201.149 - - [15/Apr/2025:15:35:36 -0400] "GET /css.php HTTP/1.1" 404 7270 "-" "-"
3.216.86.144 - - [15/Apr/2025:15:35:36 -0400] "GET /navigating-the-virtual-highs-and-lows-exploring-the-world-of-online-gambling/ HTTP/1.1" 200 11189 "-" "Mozilla/5.0 AppleWebKit/537.36 (KHTML, like Gecko; compatible; Amazonbot/0.1; +https://developer.amazon.com/support/amazonbot) Chrome/119.0.6045.214 Safari/537.36"
52.138.201.149 - - [15/Apr/2025:15:35:40 -0400] "GET /css/index.php HTTP/1.1" 301 0 "-" "-"
52.138.201.149 - - [15/Apr/2025:15:35:43 -0400] "GET /css/ HTTP/1.1" 404 7269 "-" "-"
52.138.201.149 - - [15/Apr/2025:15:35:46 -0400] "GET /wp-includes/bak.php HTTP/1.1" 404 7269 "-" "-"
52.138.201.149 - - [15/Apr/2025:15:35:52 -0400] "GET /alfa-rex.php7 HTTP/1.1" 404 7270 "-" "-"
52.138.201.149 - - [15/Apr/2025:15:36:00 -0400] "GET /wp-admin/wp-login.php HTTP/1.1" 404 7270 "-" "-"
52.138.201.149 - - [15/Apr/2025:15:36:07 -0400] "GET /wp-includes/cloud.php HTTP/1.1" 404 7270 "-" "-"
52.138.201.149 - - [15/Apr/2025:15:36:10 -0400] "GET /wp-content/index.php HTTP/1.1" 200 0 "-" "-"
52.138.201.149 - - [15/Apr/2025:15:36:15 -0400] "GET /readme.php HTTP/1.1" 404 7270 "-" "-"
52.138.201.149 - - [15/Apr/2025:15:36:22 -0400] "GET /wp-admin/about.php HTTP/1.1" 302 0 "-" "-"
198.54.114.83 - - [15/Apr/2025:15:36:25 -0400] "POST /wp-cron.php?doing_wp_cron=1744745783.4691979885101318359375 HTTP/1.1" 200 0 "-" "WordPress/6.7.2; https://higglehub.com"
52.138.201.149 - - [15/Apr/2025:15:36:26 -0400] "GET /wp-login.php?redirect_to=https%3A%2F%2Fhigglehub.com%2Fwp-admin%2Fabout.php&reauth=1 HTTP/1.1" 200 1776 "-" "-"
52.138.201.149 - - [15/Apr/2025:15:36:29 -0400] "GET /wp-content/themes/404.php HTTP/1.1" 404 7270 "-" "-"
52.138.201.149 - - [15/Apr/2025:15:36:35 -0400] "GET /wp-admin/index.php HTTP/1.1" 302 0 "-" "-"
52.138.201.149 - - [15/Apr/2025:15:36:38 -0400] "GET /wp-login.php?redirect_to=https%3A%2F%2Fhigglehub.com%2Fwp-admin%2Findex.php&reauth=1 HTTP/1.1" 200 1773 "-" "-"
52.138.201.149 - - [15/Apr/2025:15:36:43 -0400] "GET /wp-content/themes.php HTTP/1.1" 404 7269 "-" "-"
52.138.201.149 - - [15/Apr/2025:15:36:49 -0400] "GET /wp-content/dropdown.php HTTP/1.1" 404 7270 "-" "-"
52.138.201.149 - - [15/Apr/2025:15:36:52 -0400] "GET /wp-includes/404.php HTTP/1.1" 404 7269 "-" "-"
52.138.201.149 - - [15/Apr/2025:15:37:01 -0400] "GET /wp-content/upgrade/index.php HTTP/1.1" 301 0 "-" "-"
52.138.201.149 - - [15/Apr/2025:15:37:04 -0400] "GET /wp-content/upgrade/ HTTP/1.1" 403 1242 "-" "-"
52.138.201.149 - - [15/Apr/2025:15:37:10 -0400] "GET /cgi-bin/file.php HTTP/1.1" 404 7270 "-" "-"
52.138.201.149 - - [15/Apr/2025:15:37:13 -0400] "GET /.well-known/index.php HTTP/1.1" 301 0 "-" "-"
52.138.201.149 - - [15/Apr/2025:15:37:15 -0400] "GET /.well-known/ HTTP/1.1" 403 1242 "-" "-"
52.138.201.149 - - [15/Apr/2025:15:37:20 -0400] "GET /wp-content/cloud.php HTTP/1.1" 404 7270 "-" "-"
52.138.201.149 - - [15/Apr/2025:15:37:24 -0400] "GET /.well-known/acme-challenge/index.php HTTP/1.1" 301 0 "-" "-"
198.54.114.83 - - [15/Apr/2025:15:37:26 -0400] "POST /wp-cron.php?doing_wp_cron=1744745844.8942689895629882812500 HTTP/1.1" 200 0 "-" "WordPress/6.7.2; https://higglehub.com"
52.138.201.149 - - [15/Apr/2025:15:37:28 -0400] "GET /.well-known/acme-challenge/ HTTP/1.1" 404 7271 "-" "-"
52.138.201.149 - - [15/Apr/2025:15:37:34 -0400] "GET /cgi-bin/404.php HTTP/1.1" 404 7269 "-" "-"
52.138.201.149 - - [15/Apr/2025:15:37:38 -0400] "GET /wp-includes/function.php HTTP/1.1" 404 7269 "-" "-"
52.138.201.149 - - [15/Apr/2025:15:37:45 -0400] "GET /file.php HTTP/1.1" 404 7270 "-" "-"
52.138.201.149 - - [15/Apr/2025:15:37:50 -0400] "GET /.well-known/acme-challenge/autoload_classmap.php HTTP/1.1" 404 7270 "-" "-"
52.138.201.149 - - [15/Apr/2025:15:37:57 -0400] "GET /wp-includes/themes.php HTTP/1.1" 404 7271 "-" "-"
52.138.201.149 - - [15/Apr/2025:15:38:03 -0400] "GET /wp-includes/wp-login.php HTTP/1.1" 404 7269 "-" "-"
52.138.201.149 - - [15/Apr/2025:15:38:10 -0400] "GET /wp-content/file.php HTTP/1.1" 404 7270 "-" "-"
52.138.201.149 - - [15/Apr/2025:15:38:17 -0400] "GET /wp-trackback.php HTTP/1.1" 404 91 "-" "-"
52.138.201.149 - - [15/Apr/2025:15:38:21 -0400] "GET /wp-includes/SimplePie/wp-login.php HTTP/1.1" 404 7270 "-" "-"
52.138.201.149 - - [15/Apr/2025:15:38:30 -0400] "GET /cgi-bin/index.php HTTP/1.1" 404 1251 "-" "-"
52.138.201.149 - - [15/Apr/2025:15:38:34 -0400] "GET /wp-admin/themes.php HTTP/1.1" 302 0 "-" "-"
198.54.114.83 - - [15/Apr/2025:15:38:37 -0400] "POST /wp-cron.php?doing_wp_cron=1744745915.2512319087982177734375 HTTP/1.1" 200 0 "-" "WordPress/6.7.2; https://higglehub.com"
52.138.201.149 - - [15/Apr/2025:15:38:38 -0400] "GET /wp-login.php?redirect_to=https%3A%2F%2Fhigglehub.com%2Fwp-admin%2Fthemes.php&reauth=1 HTTP/1.1" 200 1776 "-" "-"
52.138.201.149 - - [15/Apr/2025:15:38:43 -0400] "GET /.well-known/cloud.php HTTP/1.1" 404 7270 "-" "-"
52.138.201.149 - - [15/Apr/2025:15:38:48 -0400] "GET /.well-known/wp-load.php HTTP/1.1" 404 7270 "-" "-"
52.138.201.149 - - [15/Apr/2025:15:38:54 -0400] "GET /.well-known/file.php HTTP/1.1" 404 7270 "-" "-"
52.138.201.149 - - [15/Apr/2025:15:39:00 -0400] "GET /.well-known/makeasmtp.php HTTP/1.1" 404 7270 "-" "-"
52.138.201.149 - - [15/Apr/2025:15:39:05 -0400] "GET /wp-includes/index.php HTTP/1.1" 301 0 "-" "-"
52.138.201.149 - - [15/Apr/2025:15:39:08 -0400] "GET /wp-includes/ HTTP/1.1" 403 1242 "-" "-"
124.243.184.233 - - [15/Apr/2025:15:39:11 -0400] "GET /author/admin/page/11/ HTTP/1.1" 200 10797 "https://higglehub.com/author/admin/page/11/" "Mozilla/5.0 (Windows NT 10.0; Win64; x64) AppleWebKit/537.36 (KHTML, like Gecko) Chrome/101.0.4951.64 Safari/537.36 Edg/101.0.1210.47"
52.138.201.149 - - [15/Apr/2025:15:39:10 -0400] "GET /.well-known/acme-challenge/admin.php HTTP/1.1" 404 7270 "-" "-"
52.138.201.149 - - [15/Apr/2025:15:39:14 -0400] "GET /wp-admin/404.php HTTP/1.1" 404 7270 "-" "-"
52.138.201.149 - - [15/Apr/2025:15:39:19 -0400] "GET /.well-known/acme-challenge/makeasmtp.php HTTP/1.1" 404 7270 "-" "-"
64.23.188.229 - - [15/Apr/2025:15:39:22 -0400] "POST /xmlrpc.php HTTP/1.1" 200 186 "-" "Mozilla/5.0 (Windows NT 10.0; Win64; x64; rv:50.0) Gecko/20100101 Firefox/50.0"
52.138.201.149 - - [15/Apr/2025:15:39:23 -0400] "GET /radio.php HTTP/1.1" 404 7270 "-" "-"
52.138.201.149 - - [15/Apr/2025:15:39:33 -0400] "GET /wp-content/themes/index.php HTTP/1.1" 200 0 "-" "-"
198.54.114.83 - - [15/Apr/2025:15:39:38 -0400] "POST /wp-cron.php?doing_wp_cron=1744745977.9926350116729736328125 HTTP/1.1" 200 0 "-" "WordPress/6.7.2; https://higglehub.com"
52.138.201.149 - - [15/Apr/2025:15:39:36 -0400] "GET /wp-includes/admin.php HTTP/1.1" 404 7270 "-" "-"
52.138.201.149 - - [15/Apr/2025:15:39:50 -0400] "GET /wp-includes/system_log.php?p= HTTP/1.1" 301 0 "-" "-"
52.138.201.149 - - [15/Apr/2025:15:39:55 -0400] "GET /wp-includes/system_log.php HTTP/1.1" 404 7271 "-" "-"
52.138.201.149 - - [15/Apr/2025:15:40:03 -0400] "GET /wp-includes/wp-activate.php HTTP/1.1" 404 7269 "-" "-"
52.138.201.149 - - [15/Apr/2025:15:40:13 -0400] "GET /wp-includes/makeasmtp.php HTTP/1.1" 404 7269 "-" "-"
209.227.229.6 - - [15/Apr/2025:15:40:23 -0400] "POST /xmlrpc.php HTTP/1.1" 200 186 "-" "Mozilla/5.0 (Windows NT 10.0; Win64; x64; rv:50.0) Gecko/20100101 Firefox/50.0"
52.138.201.149 - - [15/Apr/2025:15:40:22 -0400] "GET /wp-admin/user/index.php HTTP/1.1" 302 0 "-" "-"
52.138.201.149 - - [15/Apr/2025:15:40:28 -0400] "GET /wp-login.php?redirect_to=https%3A%2F%2Fhigglehub.com%2Fwp-admin%2Fuser%2Findex.php&reauth=1 HTTP/1.1" 200 1777 "-" "-"
52.138.201.149 - - [15/Apr/2025:15:40:35 -0400] "GET /link.php HTTP/1.1" 404 7269 "-" "-"
52.138.201.149 - - [15/Apr/2025:15:40:41 -0400] "GET /wp-content/autoload_classmap.php HTTP/1.1" 404 7269 "-" "-"
52.138.201.149 - - [15/Apr/2025:15:40:53 -0400] "GET /cgi-bin/themes.php HTTP/1.1" 404 7269 "-" "-"
52.138.201.149 - - [15/Apr/2025:15:41:02 -0400] "GET /wp-content/themes/admin.php HTTP/1.1" 404 7269 "-" "-"
52.138.201.149 - - [15/Apr/2025:15:41:08 -0400] "GET /wp-admin/css/wp-login.php HTTP/1.1" 404 7269 "-" "-"
52.138.201.149 - - [15/Apr/2025:15:41:12 -0400] "GET /function.php HTTP/1.1" 404 7269 "-" "-"
52.138.201.149 - - [15/Apr/2025:15:41:19 -0400] "GET /wp-admin/images/wp-login.php HTTP/1.1" 404 7270 "-" "-"
52.138.201.149 - - [15/Apr/2025:15:41:23 -0400] "GET /log.php HTTP/1.1" 404 7269 "-" "-"
198.54.114.83 - - [15/Apr/2025:15:41:26 -0400] "POST /wp-cron.php?doing_wp_cron=1744746084.3495569229125976562500 HTTP/1.1" 200 0 "-" "WordPress/6.7.2; https://higglehub.com"
52.138.201.149 - - [15/Apr/2025:15:41:29 -0400] "GET /wp-admin/wp-signup.php HTTP/1.1" 404 7269 "-" "-"
52.138.201.149 - - [15/Apr/2025:15:41:35 -0400] "GET /wp-content/themes/themes.php HTTP/1.1" 404 7269 "-" "-"
52.138.201.149 - - [15/Apr/2025:15:41:39 -0400] "GET /.well-known/radio.php HTTP/1.1" 404 7270 "-" "-"
52.138.201.149 - - [15/Apr/2025:15:41:43 -0400] "GET /wp-mail.php HTTP/1.1" 403 941 "-" "-"
52.138.201.149 - - [15/Apr/2025:15:41:47 -0400] "GET /.well-known/pki-validation/index.php HTTP/1.1" 404 1251 "-" "-"
52.138.201.149 - - [15/Apr/2025:15:41:50 -0400] "GET /.well-known/admin.php HTTP/1.1" 404 7269 "-" "-"
52.138.201.149 - - [15/Apr/2025:15:41:53 -0400] "GET /cgi-bin/wp-login.php HTTP/1.1" 404 7269 "-" "-"
52.138.201.149 - - [15/Apr/2025:15:41:58 -0400] "GET /wp-links-opml.php HTTP/1.1" 200 155 "-" "-"
52.138.201.149 - - [15/Apr/2025:15:42:03 -0400] "GET /.well-known/acme-challenge/radio.php HTTP/1.1" 404 7269 "-" "-"
52.138.201.149 - - [15/Apr/2025:15:42:08 -0400] "GET /wp-admin/images/file.php HTTP/1.1" 404 7269 "-" "-"
52.138.201.149 - - [15/Apr/2025:15:42:15 -0400] "GET /wp-content/upgrade/function.php HTTP/1.1" 404 7269 "-" "-"
52.138.201.149 - - [15/Apr/2025:15:42:19 -0400] "GET /wp-admin/user/themes.php HTTP/1.1" 404 7270 "-" "-"
52.138.201.149 - - [15/Apr/2025:15:42:24 -0400] "GET /cgi-bin/radio.php HTTP/1.1" 404 7270 "-" "-"
198.54.114.83 - - [15/Apr/2025:15:42:28 -0400] "POST /wp-cron.php?doing_wp_cron=1744746145.5501909255981445312500 HTTP/1.1" 200 0 "-" "WordPress/6.7.2; https://higglehub.com"
52.138.201.149 - - [15/Apr/2025:15:42:33 -0400] "GET /wp-admin/css/license.php HTTP/1.1" 404 7269 "-" "-"
52.138.201.149 - - [15/Apr/2025:15:42:38 -0400] "GET /wp-content/radio.php HTTP/1.1" 404 7270 "-" "-"
52.138.201.149 - - [15/Apr/2025:15:42:43 -0400] "GET /wp-content/plugins/about.php HTTP/1.1" 404 7269 "-" "-"
52.138.201.149 - - [15/Apr/2025:15:42:49 -0400] "GET /wp-admin/autoload_classmap.php HTTP/1.1" 404 7269 "-" "-"
52.138.201.149 - - [15/Apr/2025:15:42:53 -0400] "GET /.well-known/wp-login.php HTTP/1.1" 404 7269 "-" "-"
52.138.201.149 - - [15/Apr/2025:15:42:57 -0400] "GET /wp-includes/wp-load.php HTTP/1.1" 404 7270 "-" "-"
52.138.201.149 - - [15/Apr/2025:15:43:06 -0400] "GET /wp-admin/file.php HTTP/1.1" 404 7269 "-" "-"
52.138.201.149 - - [15/Apr/2025:15:43:11 -0400] "GET /.well-known/dropdown.php HTTP/1.1" 404 7269 "-" "-"
52.138.201.149 - - [15/Apr/2025:15:43:14 -0400] "GET /wp-content/plugins/dropdown.php HTTP/1.1" 404 7269 "-" "-"
52.138.201.149 - - [15/Apr/2025:15:43:18 -0400] "GET /wp-admin/includes/index.php HTTP/1.1" 301 0 "-" "-"
52.138.201.149 - - [15/Apr/2025:15:43:20 -0400] "GET /wp-admin/includes/ HTTP/1.1" 403 1242 "-" "-"
52.138.201.149 - - [15/Apr/2025:15:43:23 -0400] "GET /wp-signup.php HTTP/1.1" 302 0 "-" "-"
52.138.201.149 - - [15/Apr/2025:15:43:25 -0400] "GET /wp-login.php?action=register HTTP/1.1" 302 0 "-" "-"
198.54.114.83 - - [15/Apr/2025:15:43:27 -0400] "POST /wp-cron.php?doing_wp_cron=1744746205.8828260898590087890625 HTTP/1.1" 200 0 "-" "WordPress/6.7.2; https://higglehub.com"
52.138.201.149 - - [15/Apr/2025:15:43:28 -0400] "GET /wp-login.php?registration=disabled HTTP/1.1" 200 1833 "-" "-"
52.138.201.149 - - [15/Apr/2025:15:43:33 -0400] "GET /wp-includes/images/css.php HTTP/1.1" 404 7269 "-" "-"
52.138.201.149 - - [15/Apr/2025:15:43:37 -0400] "GET /chosen.php HTTP/1.1" 404 7270 "-" "-"
52.138.201.149 - - [15/Apr/2025:15:43:40 -0400] "GET /wp-content/cong.php HTTP/1.1" 404 7269 "-" "-"
52.138.201.149 - - [15/Apr/2025:15:43:43 -0400] "GET /mah.php HTTP/1.1" 404 7269 "-" "-"
52.138.201.149 - - [15/Apr/2025:15:43:46 -0400] "GET /.well-known/acme-challenge/plugins.php HTTP/1.1" 404 7269 "-" "-"
52.138.201.149 - - [15/Apr/2025:15:43:51 -0400] "GET /ova-tools.php HTTP/1.1" 404 7269 "-" "-"
52.138.201.149 - - [15/Apr/2025:15:43:56 -0400] "GET /wp-includes/Requests/about.php HTTP/1.1" 404 7269 "-" "-"
52.138.201.149 - - [15/Apr/2025:15:44:01 -0400] "GET /wp-includes/style-engine/about.php HTTP/1.1" 404 7269 "-" "-"
52.138.201.149 - - [15/Apr/2025:15:44:06 -0400] "GET /wp-includes/rest-api/about.php HTTP/1.1" 404 7269 "-" "-"
65.21.25.53 - - [15/Apr/2025:15:44:09 -0400] "GET /wp-login.php HTTP/1.1" 200 1765 "-" "GRequests/0.10"
52.138.201.149 - - [15/Apr/2025:15:44:10 -0400] "GET /wp-includes/SimplePie/about.php HTTP/1.1" 404 7269 "-" "-"
65.21.25.53 - - [15/Apr/2025:15:44:12 -0400] "POST /wp-login.php HTTP/1.1" 200 1901 "-" "GRequests/0.10"
52.138.201.149 - - [15/Apr/2025:15:44:15 -0400] "GET /wp-content/banners/about.php HTTP/1.1" 404 7269 "-" "-"
52.138.201.149 - - [15/Apr/2025:15:44:21 -0400] "GET /wp-admin/license.php HTTP/1.1" 404 7269 "-" "-"
52.138.201.149 - - [15/Apr/2025:15:44:28 -0400] "GET /wp-content/about.php HTTP/1.1" 404 7269 "-" "-"
52.138.201.149 - - [15/Apr/2025:15:44:38 -0400] "GET /.well-known/about.php HTTP/1.1" 404 7270 "-" "-"
52.138.201.149 - - [15/Apr/2025:15:44:45 -0400] "GET /wp-includes/Text/about.php HTTP/1.1" 404 7269 "-" "-"
52.138.201.149 - - [15/Apr/2025:15:44:53 -0400] "GET /wp-includes/ID3/about.php HTTP/1.1" 404 7269 "-" "-"
52.138.201.149 - - [15/Apr/2025:15:45:02 -0400] "GET /img/about.php HTTP/1.1" 404 7269 "-" "-"
52.138.201.149 - - [15/Apr/2025:15:45:10 -0400] "GET /wp-content/languages/about.php HTTP/1.1" 404 7269 "-" "-"
52.138.201.149 - - [15/Apr/2025:15:45:17 -0400] "GET /wp-includes/customize/about.php HTTP/1.1" 404 7269 "-" "-"
52.138.201.149 - - [15/Apr/2025:15:45:21 -0400] "GET /wp-includes.bak/html-api/about.php HTTP/1.1" 404 7270 "-" "-"
52.138.201.149 - - [15/Apr/2025:15:45:25 -0400] "GET /wp-includes/widgets/about.php HTTP/1.1" 404 7269 "-" "-"
52.138.201.149 - - [15/Apr/2025:15:45:32 -0400] "GET /wp-includes/IXR/about.php HTTP/1.1" 404 7269 "-" "-"
198.54.114.83 - - [15/Apr/2025:15:45:35 -0400] "POST /wp-cron.php?doing_wp_cron=1744746332.9111731052398681640625 HTTP/1.1" 200 0 "-" "WordPress/6.7.2; https://higglehub.com"
2a00:1169:110:4000:: - - [15/Apr/2025:15:45:36 -0400] "POST /xmlrpc.php HTTP/1.1" 200 186 "-" "Mozilla/5.0 (Windows NT 10.0; Win64; x64; rv:90.0) Gecko/20100101 Firefox/90.0"
52.138.201.149 - - [15/Apr/2025:15:45:38 -0400] "GET /wp-admin/js/about.php HTTP/1.1" 404 7270 "-" "-"
52.138.201.149 - - [15/Apr/2025:15:45:43 -0400] "GET /.well-known/pki-validation/about.php HTTP/1.1" 404 1251 "-" "-"
52.138.201.149 - - [15/Apr/2025:15:45:46 -0400] "GET /wp-includes/pomo/about.php HTTP/1.1" 404 7269 "-" "-"
52.138.201.149 - - [15/Apr/2025:15:45:51 -0400] "GET /wp-includes/block-patterns/about.php HTTP/1.1" 404 7269 "-" "-"
52.138.201.149 - - [15/Apr/2025:15:45:55 -0400] "GET /wp-content/updraft/about.php HTTP/1.1" 404 7269 "-" "-"
52.138.201.149 - - [15/Apr/2025:15:46:00 -0400] "GET /wp-content/upgrade-temp-backup/about.php HTTP/1.1" 404 7269 "-" "-"
52.138.201.149 - - [15/Apr/2025:15:46:06 -0400] "GET /wp-content/themes/about.php HTTP/1.1" 404 7269 "-" "-"
52.138.201.149 - - [15/Apr/2025:15:46:11 -0400] "GET /wp-admin/includes/about.php HTTP/1.1" 404 7269 "-" "-"
52.138.201.149 - - [15/Apr/2025:15:46:16 -0400] "GET /images/about.php HTTP/1.1" 404 7270 "-" "-"
52.138.201.149 - - [15/Apr/2025:15:46:19 -0400] "GET /wp-content/blogs.dir/about.php HTTP/1.1" 404 7269 "-" "-"
52.138.201.149 - - [15/Apr/2025:15:46:24 -0400] "GET /wp-includes/images/about.php HTTP/1.1" 404 7269 "-" "-"
52.138.201.149 - - [15/Apr/2025:15:46:29 -0400] "GET /wp-includes/about.php HTTP/1.1" 404 7270 "-" "-"
52.138.201.149 - - [15/Apr/2025:15:46:33 -0400] "GET /cgi-bin/about.php HTTP/1.1" 404 7269 "-" "-"
198.54.114.83 - - [15/Apr/2025:15:46:36 -0400] "POST /wp-cron.php?doing_wp_cron=1744746393.7993481159210205078125 HTTP/1.1" 200 0 "-" "WordPress/6.7.2; https://higglehub.com"
52.138.201.149 - - [15/Apr/2025:15:46:39 -0400] "GET /wp-content/gallery/about.php HTTP/1.1" 404 7269 "-" "-"
52.138.201.149 - - [15/Apr/2025:15:46:44 -0400] "GET /wp-includes/blocks/about.php HTTP/1.1" 404 7269 "-" "-"
52.138.201.149 - - [15/Apr/2025:15:46:50 -0400] "GET /wp-admin/css/about.php HTTP/1.1" 404 7269 "-" "-"
52.138.201.149 - - [15/Apr/2025:15:46:54 -0400] "GET /wp-admin/images/about.php HTTP/1.1" 404 7270 "-" "-"
52.138.201.149 - - [15/Apr/2025:15:47:01 -0400] "GET /.well-known/pki-validation/cloud.php HTTP/1.1" 404 1251 "-" "-"
52.138.201.149 - - [15/Apr/2025:15:47:05 -0400] "GET /.well-known/acme-challenge/cloud.php HTTP/1.1" 404 7269 "-" "-"
52.138.201.149 - - [15/Apr/2025:15:47:10 -0400] "GET /wp-admin/network/cloud.php HTTP/1.1" 404 7269 "-" "-"
223.29.152.49 - - [15/Apr/2025:15:47:16 -0400] "GET / HTTP/1.1" 200 10353 "-" "\"Mozilla/5.0 (Windows NT 10.0; Win64; x64) AppleWebKit/537.36 (KHTML, like Gecko) Chrome/134.0.0.0 Safari/537.36\""
52.138.201.149 - - [15/Apr/2025:15:47:15 -0400] "GET /cloud.php HTTP/1.1" 404 7270 "-" "-"
23.105.5.75 - - [15/Apr/2025:15:47:19 -0400] "GET /wp-content/themes/hitmag/js/navigation.js?ver=1.4.2 HTTP/1.1" 200 998 "-" "\"Mozilla/5.0 (Windows NT 10.0; Win64; x64) AppleWebKit/537.36 (KHTML, like Gecko) Chrome/134.0.0.0 Safari/537.36\""
23.105.5.75 - - [15/Apr/2025:15:47:19 -0400] "GET /wp-content/themes/hitmag/js/skip-link-focus-fix.js?ver=1.4.2 HTTP/1.1" 200 329 "-" "\"Mozilla/5.0 (Windows NT 10.0; Win64; x64) AppleWebKit/537.36 (KHTML, like Gecko) Chrome/134.0.0.0 Safari/537.36\""
23.105.5.75 - - [15/Apr/2025:15:47:19 -0400] "GET /wp-content/themes/hitmag/js/scripts.js?ver=1.4.2 HTTP/1.1" 200 691 "-" "\"Mozilla/5.0 (Windows NT 10.0; Win64; x64) AppleWebKit/537.36 (KHTML, like Gecko) Chrome/134.0.0.0 Safari/537.36\""
23.105.5.75 - - [15/Apr/2025:15:47:19 -0400] "GET /category/how-to/ HTTP/1.1" 200 9235 "-" "\"Mozilla/5.0 (Windows NT 10.0; Win64; x64) AppleWebKit/537.36 (KHTML, like Gecko) Chrome/134.0.0.0 Safari/537.36\""
23.105.5.75 - - [15/Apr/2025:15:47:19 -0400] "GET /category/how-to HTTP/1.1" 301 0 "-" "\"Mozilla/5.0 (Windows NT 10.0; Win64; x64) AppleWebKit/537.36 (KHTML, like Gecko) Chrome/134.0.0.0 Safari/537.36\""
52.138.201.149 - - [15/Apr/2025:15:47:21 -0400] "GET /cgi-bin/cloud.php HTTP/1.1" 404 7269 "-" "-"
23.105.5.75 - - [15/Apr/2025:15:47:23 -0400] "GET /category/how-to/ HTTP/1.1" 200 9235 "https://higglehub.com/category/how-to" "\"Mozilla/5.0 (Windows NT 10.0; Win64; x64) AppleWebKit/537.36 (KHTML, like Gecko) Chrome/134.0.0.0 Safari/537.36\""
52.138.201.149 - - [15/Apr/2025:15:47:25 -0400] "GET /wp-content/updates.php HTTP/1.1" 404 7270 "-" "-"
52.138.201.149 - - [15/Apr/2025:15:47:28 -0400] "GET /css/cloud.php HTTP/1.1" 404 7269 "-" "-"
52.138.201.149 - - [15/Apr/2025:15:47:32 -0400] "GET /wp-admin/user/cloud.php HTTP/1.1" 404 7269 "-" "-"
198.54.114.83 - - [15/Apr/2025:15:47:38 -0400] "POST /wp-cron.php?doing_wp_cron=1744746457.6058011054992675781250 HTTP/1.1" 200 0 "-" "WordPress/6.7.2; https://higglehub.com"
52.138.201.149 - - [15/Apr/2025:15:47:37 -0400] "GET /img/cloud.php HTTP/1.1" 404 7270 "-" "-"
198.54.114.83 - - [15/Apr/2025:15:47:39 -0400] "POST /wp-admin/admin-ajax.php?action=async_litespeed&nonce=E6K36NYODHH4KUDcqHVVuwf3bHhdnWAK&litespeed_type=imgoptm HTTP/1.1" 200 0 "-" "WordPress/6.7.2; https://higglehub.com"
52.138.201.149 - - [15/Apr/2025:15:47:41 -0400] "GET /wp-admin/css/colors/coffee/cloud.php HTTP/1.1" 404 7269 "-" "-"
52.138.201.149 - - [15/Apr/2025:15:47:44 -0400] "GET /wp-admin/images/cloud.php HTTP/1.1" 404 7270 "-" "-"
52.138.201.149 - - [15/Apr/2025:15:47:52 -0400] "GET /avaa.php HTTP/1.1" 404 7269 "-" "-"
52.138.201.149 - - [15/Apr/2025:15:47:58 -0400] "GET /images/cloud.php HTTP/1.1" 404 7270 "-" "-"
52.138.201.149 - - [15/Apr/2025:15:48:01 -0400] "GET /wp-admin/js/widgets/cloud.php HTTP/1.1" 404 7269 "-" "-"
52.138.201.149 - - [15/Apr/2025:15:48:05 -0400] "GET /wp-includes/Requests/Text/admin.php HTTP/1.1" 404 7269 "-" "-"
52.138.201.149 - - [15/Apr/2025:15:48:07 -0400] "GET /wp-admin/css/colors/cloud.php HTTP/1.1" 404 7270 "-" "-"
52.138.201.149 - - [15/Apr/2025:15:48:11 -0400] "GET /wp-admin/includes/cloud.php HTTP/1.1" 404 7270 "-" "-"
52.138.201.149 - - [15/Apr/2025:15:48:15 -0400] "GET /wp-admin/css/colors/blue/cloud.php HTTP/1.1" 404 7270 "-" "-"
52.138.201.149 - - [15/Apr/2025:15:48:19 -0400] "GET /wp-admin/cloud.php HTTP/1.1" 404 7269 "-" "-"
198.54.114.83 - - [15/Apr/2025:15:48:24 -0400] "POST /wp-cron.php?doing_wp_cron=1744746503.4358170032501220703125 HTTP/1.1" 200 0 "-" "WordPress/6.7.2; https://higglehub.com"
52.138.201.149 - - [15/Apr/2025:15:48:23 -0400] "GET /updates.php HTTP/1.1" 404 7270 "-" "-"
52.138.201.149 - - [15/Apr/2025:15:48:26 -0400] "GET /libraries/legacy/updates.php HTTP/1.1" 404 7270 "-" "-"
52.138.201.149 - - [15/Apr/2025:15:48:28 -0400] "GET /libraries/phpmailer/updates.php HTTP/1.1" 404 7270 "-" "-"
52.138.201.149 - - [15/Apr/2025:15:48:30 -0400] "GET /libraries/vendor/updates.php HTTP/1.1" 404 7270 "-" "-"
52.138.201.149 - - [15/Apr/2025:15:48:32 -0400] "GET /alfa-rex.php7 HTTP/1.1" 404 7270 "-" "-"
52.138.201.149 - - [15/Apr/2025:15:48:35 -0400] "GET /alfanew.php HTTP/1.1" 404 7270 "-" "-"
52.138.201.149 - - [15/Apr/2025:15:48:38 -0400] "GET /wp-content/plugins/Cache/Cache.php HTTP/1.1" 404 7270 "-" "-"
52.138.201.149 - - [15/Apr/2025:15:48:41 -0400] "GET /wp-admin/js/widgets/about.php7 HTTP/1.1" 404 7270 "-" "-"
52.138.201.149 - - [15/Apr/2025:15:48:45 -0400] "GET /wp-p.php7 HTTP/1.1" 404 7270 "-" "-"
52.138.201.149 - - [15/Apr/2025:15:48:48 -0400] "GET /wp-admin/repeater.php HTTP/1.1" 404 7270 "-" "-"
52.138.201.149 - - [15/Apr/2025:15:48:51 -0400] "GET /wp-includes/repeater.php HTTP/1.1" 404 7270 "-" "-"
52.138.201.149 - - [15/Apr/2025:15:48:57 -0400] "GET /wp-content/repeater.php HTTP/1.1" 404 7270 "-" "-"
52.138.201.149 - - [15/Apr/2025:15:49:00 -0400] "GET /wsoyanz.php HTTP/1.1" 404 7269 "-" "-"
52.138.201.149 - - [15/Apr/2025:15:49:05 -0400] "GET /yanz.php HTTP/1.1" 404 7270 "-" "-"
52.138.201.149 - - [15/Apr/2025:15:49:08 -0400] "GET /wp-content/plugins/seoo/wsoyanz.php HTTP/1.1" 404 7270 "-" "-"
52.138.201.149 - - [15/Apr/2025:15:49:14 -0400] "GET /wp-content/plugins/seoo/wsoyanz1.php HTTP/1.1" 404 7270 "-" "-"
52.138.201.149 - - [15/Apr/2025:15:49:21 -0400] "GET /cache-compat.php HTTP/1.1" 404 7270 "-" "-"
198.54.114.83 - - [15/Apr/2025:15:49:29 -0400] "POST /wp-cron.php?doing_wp_cron=1744746568.4126269817352294921875 HTTP/1.1" 200 0 "-" "WordPress/6.7.2; https://higglehub.com"
52.138.201.149 - - [15/Apr/2025:15:49:28 -0400] "GET /ajax-actions.php HTTP/1.1" 404 7269 "-" "-"
52.138.201.149 - - [15/Apr/2025:15:49:33 -0400] "GET /wp-admin/ajax-actions.php HTTP/1.1" 404 7270 "-" "-"
52.138.201.149 - - [15/Apr/2025:15:49:38 -0400] "GET /wp-consar.php HTTP/1.1" 404 7270 "-" "-"
52.138.201.149 - - [15/Apr/2025:15:49:43 -0400] "GET /repeater.php HTTP/1.1" 404 7270 "-" "-"
52.138.201.149 - - [15/Apr/2025:15:49:47 -0400] "GET /admin-post.php HTTP/1.1" 404 7270 "-" "-"
52.138.201.149 - - [15/Apr/2025:15:49:50 -0400] "GET /wp-admin/maint/maint/ajax-actions.php HTTP/1.1" 404 7270 "-" "-"
52.138.201.149 - - [15/Apr/2025:15:49:52 -0400] "GET /wp-admin/dropdown.php HTTP/1.1" 404 7270 "-" "-"
52.138.201.149 - - [15/Apr/2025:15:49:56 -0400] "GET /wp-admin/css/index.php HTTP/1.1" 301 0 "-" "-"
52.138.201.149 - - [15/Apr/2025:15:49:59 -0400] "GET /wp-admin/css/ HTTP/1.1" 403 1242 "-" "-"
52.138.201.149 - - [15/Apr/2025:15:50:00 -0400] "GET /dropdown.php HTTP/1.1" 404 7270 "-" "-"
52.138.201.149 - - [15/Apr/2025:15:50:06 -0400] "GET /about.php HTTP/1.1" 404 7270 "-" "-"
52.138.201.149 - - [15/Apr/2025:15:50:13 -0400] "GET /about.php7 HTTP/1.1" 404 7269 "-" "-"
52.138.201.149 - - [15/Apr/2025:15:50:17 -0400] "GET /alfanew.php7 HTTP/1.1" 404 7270 "-" "-"
52.138.201.149 - - [15/Apr/2025:15:50:22 -0400] "GET /adminfuns.php7 HTTP/1.1" 404 7270 "-" "-"
52.138.201.149 - - [15/Apr/2025:15:50:27 -0400] "GET /ebs.php7 HTTP/1.1" 404 7270 "-" "-"
198.54.114.83 - - [15/Apr/2025:15:50:31 -0400] "POST /wp-cron.php?doing_wp_cron=1744746629.6884350776672363281250 HTTP/1.1" 200 0 "-" "WordPress/6.7.2; https://higglehub.com"
52.138.201.149 - - [15/Apr/2025:15:50:29 -0400] "GET /ws.php7 HTTP/1.1" 404 7270 "-" "-"
198.54.114.83 - - [15/Apr/2025:15:50:34 -0400] "POST /wp-admin/admin-ajax.php?action=async_litespeed&nonce=ASJUFp4DNQzsxKh5z5IVQzduykcWO8Zr&litespeed_type=imgoptm HTTP/1.1" 200 0 "-" "WordPress/6.7.2; https://higglehub.com"
52.138.201.149 - - [15/Apr/2025:15:50:34 -0400] "GET /alfanew2.php7 HTTP/1.1" 404 7270 "-" "-"
52.138.201.149 - - [15/Apr/2025:15:50:38 -0400] "GET /alfa-rex2.php7 HTTP/1.1" 404 7270 "-" "-"
52.138.201.149 - - [15/Apr/2025:15:50:43 -0400] "GET /wp-admin/images/index.php HTTP/1.1" 301 0 "-" "-"
52.138.201.149 - - [15/Apr/2025:15:50:44 -0400] "GET /wp-admin/images/ HTTP/1.1" 403 1242 "-" "-"
52.138.201.149 - - [15/Apr/2025:15:50:46 -0400] "GET /wp-admin/css/colors/index.php HTTP/1.1" 301 0 "-" "-"
52.138.201.149 - - [15/Apr/2025:15:50:48 -0400] "GET /wp-admin/css/colors/ HTTP/1.1" 403 1242 "-" "-"
52.138.201.149 - - [15/Apr/2025:15:50:50 -0400] "GET /wp-content/themes/seotheme/mar.php HTTP/1.1" 404 7270 "-" "-"
52.138.201.149 - - [15/Apr/2025:15:50:52 -0400] "GET /wp-content/plugins/seoplugins/mar.php HTTP/1.1" 404 7269 "-" "-"
52.138.201.149 - - [15/Apr/2025:15:50:56 -0400] "GET /.well-known/pki-validation/xmrlpc.php?p= HTTP/1.1" 404 1251 "-" "-"
52.138.201.149 - - [15/Apr/2025:15:50:59 -0400] "GET /.well-known/acme-challenge/xmrlpc.php?p= HTTP/1.1" 301 0 "-" "-"
52.138.201.149 - - [15/Apr/2025:15:51:03 -0400] "GET /.well-known/acme-challenge/xmrlpc.php HTTP/1.1" 404 7269 "-" "-"
52.138.201.149 - - [15/Apr/2025:15:51:08 -0400] "GET /wp-admin/network/xmrlpc.php?p= HTTP/1.1" 301 0 "-" "-"
52.138.201.149 - - [15/Apr/2025:15:51:10 -0400] "GET /wp-admin/network/xmrlpc.php HTTP/1.1" 404 7270 "-" "-"
52.138.201.149 - - [15/Apr/2025:15:51:15 -0400] "GET /xmrlpc.php?p= HTTP/1.1" 301 0 "-" "-"
52.138.201.149 - - [15/Apr/2025:15:51:17 -0400] "GET /xmrlpc.php HTTP/1.1" 404 7270 "-" "-"
52.138.201.149 - - [15/Apr/2025:15:51:21 -0400] "GET /cgi-bin/xmrlpc.php?p= HTTP/1.1" 301 0 "-" "-"
52.138.201.149 - - [15/Apr/2025:15:51:23 -0400] "GET /cgi-bin/xmrlpc.php HTTP/1.1" 404 7270 "-" "-"
52.138.201.149 - - [15/Apr/2025:15:51:26 -0400] "GET /css/xmrlpc.php?p= HTTP/1.1" 301 0 "-" "-"
198.54.114.83 - - [15/Apr/2025:15:51:28 -0400] "POST /wp-cron.php?doing_wp_cron=1744746687.0509879589080810546875 HTTP/1.1" 200 0 "-" "WordPress/6.7.2; https://higglehub.com"
52.138.201.149 - - [15/Apr/2025:15:51:29 -0400] "GET /css/xmrlpc.php HTTP/1.1" 404 7270 "-" "-"
52.138.201.149 - - [15/Apr/2025:15:51:34 -0400] "GET /wp-admin/user/xmrlpc.php?p= HTTP/1.1" 301 0 "-" "-"
52.138.201.149 - - [15/Apr/2025:15:51:36 -0400] "GET /wp-admin/user/xmrlpc.php HTTP/1.1" 404 7270 "-" "-"
52.138.201.149 - - [15/Apr/2025:15:51:40 -0400] "GET /img/xmrlpc.php?p= HTTP/1.1" 301 0 "-" "-"
52.138.201.149 - - [15/Apr/2025:15:51:43 -0400] "GET /img/xmrlpc.php HTTP/1.1" 404 7269 "-" "-"
52.138.201.149 - - [15/Apr/2025:15:51:47 -0400] "GET /wp-admin/css/colors/coffee/xmrlpc.php?p= HTTP/1.1" 301 0 "-" "-"
52.138.201.149 - - [15/Apr/2025:15:51:50 -0400] "GET /wp-admin/css/colors/coffee/xmrlpc.php HTTP/1.1" 404 7270 "-" "-"
52.138.201.149 - - [15/Apr/2025:15:51:56 -0400] "GET /wp-admin/images/xmrlpc.php?p= HTTP/1.1" 301 0 "-" "-"
52.138.201.149 - - [15/Apr/2025:15:52:00 -0400] "GET /wp-admin/images/xmrlpc.php HTTP/1.1" 404 7270 "-" "-"
52.138.201.149 - - [15/Apr/2025:15:52:05 -0400] "GET /images/xmrlpc.php?p= HTTP/1.1" 301 0 "-" "-"
52.138.201.149 - - [15/Apr/2025:15:52:08 -0400] "GET /images/xmrlpc.php HTTP/1.1" 404 7270 "-" "-"
52.138.201.149 - - [15/Apr/2025:15:52:13 -0400] "GET /wp-admin/js/widgets/xmrlpc.php?p= HTTP/1.1" 301 0 "-" "-"
52.138.201.149 - - [15/Apr/2025:15:52:14 -0400] "GET /wp-admin/js/widgets/xmrlpc.php HTTP/1.1" 404 7270 "-" "-"
75.119.145.42 - - [15/Apr/2025:15:52:17 -0400] "POST /xmlrpc.php HTTP/1.1" 200 186 "-" "Mozilla/5.0 (Windows NT 10.0; Win64; x64; rv:77.0) Gecko/20100101 Firefox/77.0"
52.138.201.149 - - [15/Apr/2025:15:52:22 -0400] "GET /wp-admin/css/colors/xmrlpc.php?p= HTTP/1.1" 301 0 "-" "-"
52.138.201.149 - - [15/Apr/2025:15:52:24 -0400] "GET /wp-admin/css/colors/xmrlpc.php HTTP/1.1" 404 7270 "-" "-"
52.138.201.149 - - [15/Apr/2025:15:52:28 -0400] "GET /wp-admin/includes/xmrlpc.php?p= HTTP/1.1" 301 0 "-" "-"
198.54.114.83 - - [15/Apr/2025:15:52:30 -0400] "POST /wp-cron.php?doing_wp_cron=1744746748.5622920989990234375000 HTTP/1.1" 200 0 "-" "WordPress/6.7.2; https://higglehub.com"
52.138.201.149 - - [15/Apr/2025:15:52:31 -0400] "GET /wp-admin/includes/xmrlpc.php HTTP/1.1" 404 7270 "-" "-"
52.138.201.149 - - [15/Apr/2025:15:52:34 -0400] "GET /wp-admin/css/colors/blue/xmrlpc.php?p= HTTP/1.1" 301 0 "-" "-"
52.138.201.149 - - [15/Apr/2025:15:52:37 -0400] "GET /wp-admin/css/colors/blue/xmrlpc.php HTTP/1.1" 404 7270 "-" "-"
77.238.235.209 - - [15/Apr/2025:15:54:11 -0400] "GET /a-comprehensive-guide-to-multichannel-marketing/ HTTP/1.1" 200 10954 "https://higglehub.com/a-comprehensive-guide-to-multichannel-marketing/" "Mozilla/5.0 (Windows NT 10.0; Win64; x64) AppleWebKit/537.36 (KHTML, like Gecko) Chrome/130.0.0.0 Safari/537.36 CCleaner/130.0.0.0"
198.54.114.83 - - [15/Apr/2025:15:54:19 -0400] "POST /wp-cron.php?doing_wp_cron=1744746857.9888920783996582031250 HTTP/1.1" 200 0 "-" "WordPress/6.7.2; https://higglehub.com"
77.238.235.209 - - [15/Apr/2025:15:54:13 -0400] "POST /wp-comments-post.php HTTP/1.1" 302 0 "https://higglehub.com/a-comprehensive-guide-to-multichannel-marketing/" "Mozilla/5.0 (Windows NT 10.0; Win64; x64) AppleWebKit/537.36 (KHTML, like Gecko) Chrome/130.0.0.0 Safari/537.36 CCleaner/130.0.0.0"
77.238.235.209 - - [15/Apr/2025:15:54:25 -0400] "GET /a-comprehensive-guide-to-multichannel-marketing/ HTTP/1.1" 200 11591 "https://higglehub.com/a-comprehensive-guide-to-multichannel-marketing/#comment-6309" "Mozilla/5.0 (Windows NT 10.0; Win64; x64) AppleWebKit/537.36 (KHTML, like Gecko) Chrome/130.0.0.0 Safari/537.36 CCleaner/130.0.0.0"
198.98.57.200 - - [15/Apr/2025:15:56:58 -0400] "GET /wp-login.php HTTP/1.1" 200 1765 "-" "Mozilla/5.0 (Macintosh; Intel Mac OS X 10_10) AppleWebKit/600.1.3 (KHTML, like Gecko) Version/8.0 Safari/600.1.3"
198.98.57.200 - - [15/Apr/2025:15:57:06 -0400] "GET /wp-login.php HTTP/1.1" 200 1765 "-" "Mozilla/5.0 (Windows NT 6.1; WOW64; rv:24.0) Gecko/20100101 Firefox/24.0"
198.98.57.200 - - [15/Apr/2025:15:57:00 -0400] "POST /wp-login.php HTTP/1.1" 200 1901 "-" "Mozilla/5.0 (Macintosh; Intel Mac OS X 10_10) AppleWebKit/600.1.3 (KHTML, like Gecko) Version/8.0 Safari/600.1.3"
198.98.57.200 - - [15/Apr/2025:15:57:07 -0400] "POST /wp-login.php HTTP/1.1" 200 1897 "-" "Mozilla/5.0 (Windows NT 6.1; WOW64; rv:24.0) Gecko/20100101 Firefox/24.0"
198.54.114.83 - - [15/Apr/2025:15:57:10 -0400] "POST /wp-cron.php?doing_wp_cron=1744747027.7766959667205810546875 HTTP/1.1" 200 0 "-" "WordPress/6.7.2; https://higglehub.com"
198.54.114.83 - - [15/Apr/2025:15:57:11 -0400] "POST /wp-cron.php?doing_wp_cron=1744747028.5229580402374267578125 HTTP/1.1" 200 0 "-" "WordPress/6.7.2; https://higglehub.com"
217.160.207.42 - - [15/Apr/2025:15:59:14 -0400] "POST /xmlrpc.php HTTP/1.1" 200 186 "-" "Mozilla/5.0 (Windows NT 10.0; Win64; x64) AppleWebKit/537.36 (KHTML, like Gecko) Chrome/90.0.4430.93 Safari/537.36"
220.121.103.167 - - [15/Apr/2025:15:59:16 -0400] "POST /xmlrpc.php HTTP/1.1" 200 186 "-" "Mozilla/5.0 (Windows NT 10.0; Win64; x64; rv:63.0) Gecko/20100101 Firefox/63.0"
217.160.207.42 - - [15/Apr/2025:15:59:16 -0400] "POST /xmlrpc.php HTTP/1.1" 200 186 "-" "Mozilla/5.0 (Windows NT 10.0; Win64; x64) AppleWebKit/537.36 (KHTML, like Gecko) Chrome/64.0.3282.186 Safari/537.36"
198.54.114.83 - - [15/Apr/2025:15:59:21 -0400] "POST /wp-cron.php?doing_wp_cron=1744747158.9853730201721191406250 HTTP/1.1" 200 0 "-" "WordPress/6.7.2; https://higglehub.com"
198.54.114.83 - - [15/Apr/2025:15:59:21 -0400] "POST /wp-cron.php?doing_wp_cron=1744747159.0175650119781494140625 HTTP/1.1" 200 0 "-" "WordPress/6.7.2; https://higglehub.com"
192.210.144.233 - - [15/Apr/2025:15:59:25 -0400] "POST /xmlrpc.php HTTP/1.1" 200 186 "-" "Mozilla/5.0 (Windows NT 6.1; Win64; x64; rv:57.0) Gecko/20100101 Firefox/57.0"
2607:f1c0:f080:1a00::1 - - [15/Apr/2025:15:59:35 -0400] "POST /xmlrpc.php HTTP/1.1" 200 186 "-" "Mozilla/5.0 (Windows NT 10.0; Win64; x64) AppleWebKit/537.36 (KHTML, like Gecko) Chrome/89.0.4389.90 Safari/537.36"
143.198.133.189 - - [15/Apr/2025:15:59:37 -0400] "POST /xmlrpc.php HTTP/1.1" 200 186 "-" "Mozilla/5.0 (Windows NT 10.0; Win64; x64) AppleWebKit/537.36 (KHTML, like Gecko) Chrome/72.0.3626.121 Safari/537.36"
114.34.168.241 - - [15/Apr/2025:15:59:43 -0400] "POST /xmlrpc.php HTTP/1.1" 200 186 "-" "Mozilla/5.0 (Windows NT 10.0; Win64; x64) AppleWebKit/537.36 (KHTML, like Gecko) Chrome/74.0.3729.169 Safari/537.36"
2a01:4f9:c010:2b94::1 - - [15/Apr/2025:15:59:50 -0400] "POST /xmlrpc.php HTTP/1.1" 200 186 "-" "Mozilla/5.0 (Linux; Android 10; LM-X420) AppleWebKit/537.36 (KHTML, like Gecko) Chrome/91.0.4472.114 Mobile Safari/537.36"
103.159.51.29 - - [15/Apr/2025:15:59:52 -0400] "POST /xmlrpc.php HTTP/1.1" 200 186 "-" "Mozilla/5.0 (Windows NT 5.1; rv:52.0) Gecko/20100101 Firefox/52.0"
57.155.120.7 - - [15/Apr/2025:15:59:58 -0400] "POST /xmlrpc.php HTTP/1.1" 200 186 "-" "Mozilla/5.0 (Windows NT 10.0; Win64; x64; rv:59.0) Gecko/20100101 Firefox/59.0"
217.160.207.42 - - [15/Apr/2025:15:59:59 -0400] "POST /xmlrpc.php HTTP/1.1" 200 186 "-" "Mozilla/5.0 (Windows NT 10.0; Win64; x64) AppleWebKit/537.36 (KHTML, like Gecko) Chrome/87.0.4280.141 Safari/537.36"
203.161.63.25 - - [15/Apr/2025:16:00:43 -0400] "POST /xmlrpc.php HTTP/1.1" 200 186 "-" "Mozilla/5.0 (Windows NT 10.0; Win64; x64) AppleWebKit/537.36 (KHTML, like Gecko) Chrome/67.0.3396.99 Safari/537.36"
198.54.114.83 - - [15/Apr/2025:16:00:48 -0400] "POST /wp-cron.php?doing_wp_cron=1744747244.5518898963928222656250 HTTP/1.1" 200 0 "-" "WordPress/6.7.2; https://higglehub.com"
51.210.123.31 - - [15/Apr/2025:16:02:46 -0400] "POST /xmlrpc.php HTTP/1.1" 200 186 "-" "Mozilla/5.0 (Windows NT 10.0; Win64; x64; rv:44.0) Gecko/20100101 Firefox/44.0"
198.54.114.83 - - [15/Apr/2025:16:02:53 -0400] "POST /wp-cron.php?doing_wp_cron=1744747370.7820680141448974609375 HTTP/1.1" 200 0 "-" "WordPress/6.7.2; https://higglehub.com"
51.91.131.222 - - [15/Apr/2025:16:10:00 -0400] "POST /xmlrpc.php HTTP/1.1" 200 186 "-" "Mozilla/5.0 (Windows NT 10.0; Win64; x64; rv:79.0) Gecko/20100101 Firefox/79.0"
198.54.114.83 - - [15/Apr/2025:16:10:17 -0400] "POST /wp-cron.php?doing_wp_cron=1744747809.8581020832061767578125 HTTP/1.1" 200 0 "-" "WordPress/6.7.2; https://higglehub.com"
190.92.215.248 - - [15/Apr/2025:16:10:32 -0400] "GET /the-rise-of-garden-offices-in-the-uk/ HTTP/1.1" 200 11224 "https://higglehub.com/the-rise-of-garden-offices-in-the-uk/" "Mozilla/5.0 (Windows NT 10.0; Win64; x64) AppleWebKit/537.36 (KHTML, like Gecko) Chrome/104.0.0.0 Safari/537.36"
185.245.106.236 - - [15/Apr/2025:16:12:45 -0400] "GET /gitarrenunterricht-in-dusseldorf-ihr-weg-zur-musikalischen-entfaltung/ HTTP/1.1" 200 10815 "https://higglehub.com/gitarrenunterricht-in-dusseldorf-ihr-weg-zur-musikalischen-entfaltung/#comment-6242" "Mozilla/5.0 (Windows NT 6.2; Win64; x64) AppleWebKit/537.36 (KHTML, like Gecko) Chrome/103.0.0.0 Safari/537.36"
185.245.106.236 - - [15/Apr/2025:16:12:46 -0400] "POST /wp-comments-post.php HTTP/1.1" 302 0 "https://higglehub.com/gitarrenunterricht-in-dusseldorf-ihr-weg-zur-musikalischen-entfaltung/#comment-6242" "Mozilla/5.0 (Windows NT 6.2; Win64; x64) AppleWebKit/537.36 (KHTML, like Gecko) Chrome/103.0.0.0 Safari/537.36"
185.245.106.236 - - [15/Apr/2025:16:13:00 -0400] "GET /gitarrenunterricht-in-dusseldorf-ihr-weg-zur-musikalischen-entfaltung/ HTTP/1.1" 200 11340 "https://higglehub.com/gitarrenunterricht-in-dusseldorf-ihr-weg-zur-musikalischen-entfaltung/#comment-6310" "Mozilla/5.0 (Windows NT 6.2; Win64; x64) AppleWebKit/537.36 (KHTML, like Gecko) Chrome/103.0.0.0 Safari/537.36"
2602:ff16:5:0:1:168:0:1 - - [15/Apr/2025:16:13:09 -0400] "GET /wp-login.php HTTP/1.1" 200 1765 "-" "GRequests/0.10"
2602:ff16:5:0:1:168:0:1 - - [15/Apr/2025:16:13:12 -0400] "POST /wp-login.php HTTP/1.1" 200 1901 "-" "GRequests/0.10"
51.89.68.103 - - [15/Apr/2025:16:16:57 -0400] "GET /wp-content/plugins/suretriggers/app/build/main.css HTTP/1.1" 404 7270 "-" "Mozilla/5.0 (Windows NT 10.0; Win64; x64) AppleWebKit/537.36 (KHTML, like Gecko) Chrome/127.0.0.0 Safari/537.36"
198.54.114.83 - - [15/Apr/2025:16:17:05 -0400] "POST /wp-cron.php?doing_wp_cron=1744748222.8297040462493896484375 HTTP/1.1" 200 0 "-" "WordPress/6.7.2; https://higglehub.com"
195.200.31.148 - - [15/Apr/2025:16:18:31 -0400] "GET /a-comprehensive-guide-to-multichannel-marketing/ HTTP/1.1" 200 10954 "https://higglehub.com/a-comprehensive-guide-to-multichannel-marketing/#comment-6219" "Mozilla/5.0 (Windows NT 10.0; WOW64) AppleWebKit/537.36 (KHTML, like Gecko) Chrome/103.0.5060.114 Safari/537.36"
195.200.31.148 - - [15/Apr/2025:16:18:32 -0400] "POST /wp-comments-post.php HTTP/1.1" 302 0 "https://higglehub.com/a-comprehensive-guide-to-multichannel-marketing/#comment-6219" "Mozilla/5.0 (Windows NT 10.0; WOW64) AppleWebKit/537.36 (KHTML, like Gecko) Chrome/103.0.5060.114 Safari/537.36"
198.54.114.83 - - [15/Apr/2025:16:18:40 -0400] "POST /wp-cron.php?doing_wp_cron=1744748315.9854741096496582031250 HTTP/1.1" 200 0 "-" "WordPress/6.7.2; https://higglehub.com"
195.200.31.148 - - [15/Apr/2025:16:18:42 -0400] "GET /a-comprehensive-guide-to-multichannel-marketing/ HTTP/1.1" 200 11500 "https://higglehub.com/a-comprehensive-guide-to-multichannel-marketing/#comment-6311" "Mozilla/5.0 (Windows NT 10.0; WOW64) AppleWebKit/537.36 (KHTML, like Gecko) Chrome/103.0.5060.114 Safari/537.36"
77.238.251.212 - - [15/Apr/2025:16:20:57 -0400] "GET /gitarrenunterricht-in-dusseldorf-ihr-weg-zur-musikalischen-entfaltung/ HTTP/1.1" 200 10815 "https://higglehub.com/gitarrenunterricht-in-dusseldorf-ihr-weg-zur-musikalischen-entfaltung/" "Mozilla/5.0 (Windows NT 10.0; Win64; x64) AppleWebKit/537.36 (KHTML, like Gecko) Chrome/131.0.0.0 Safari/537.36 Avast/131.0.0.0"
185.245.105.171 - - [15/Apr/2025:16:20:57 -0400] "GET /gitarrenunterricht-in-dusseldorf-ihr-weg-zur-musikalischen-entfaltung/ HTTP/1.1" 200 10815 "https://higglehub.com/gitarrenunterricht-in-dusseldorf-ihr-weg-zur-musikalischen-entfaltung/" "Mozilla/5.0 (Windows NT 10.0; Win64; x64) AppleWebKit/537.36 (KHTML, like Gecko) Chrome/130.0.0.0 Safari/537.36 CCleaner/130.0.0.0"
198.54.114.83 - - [15/Apr/2025:16:21:04 -0400] "POST /wp-cron.php?doing_wp_cron=1744748462.2864189147949218750000 HTTP/1.1" 200 0 "-" "WordPress/6.7.2; https://higglehub.com"
198.54.114.83 - - [15/Apr/2025:16:21:04 -0400] "POST /wp-cron.php?doing_wp_cron=1744748462.2715399265289306640625 HTTP/1.1" 200 0 "-" "WordPress/6.7.2; https://higglehub.com"
77.238.251.212 - - [15/Apr/2025:16:20:59 -0400] "POST /wp-comments-post.php HTTP/1.1" 302 0 "https://higglehub.com/gitarrenunterricht-in-dusseldorf-ihr-weg-zur-musikalischen-entfaltung/" "Mozilla/5.0 (Windows NT 10.0; Win64; x64) AppleWebKit/537.36 (KHTML, like Gecko) Chrome/131.0.0.0 Safari/537.36 Avast/131.0.0.0"
185.245.105.171 - - [15/Apr/2025:16:20:59 -0400] "POST /wp-comments-post.php HTTP/1.1" 302 0 "https://higglehub.com/gitarrenunterricht-in-dusseldorf-ihr-weg-zur-musikalischen-entfaltung/" "Mozilla/5.0 (Windows NT 10.0; Win64; x64) AppleWebKit/537.36 (KHTML, like Gecko) Chrome/130.0.0.0 Safari/537.36 CCleaner/130.0.0.0"
77.238.251.212 - - [15/Apr/2025:16:21:07 -0400] "GET /gitarrenunterricht-in-dusseldorf-ihr-weg-zur-musikalischen-entfaltung/ HTTP/1.1" 200 11390 "https://higglehub.com/gitarrenunterricht-in-dusseldorf-ihr-weg-zur-musikalischen-entfaltung/#comment-6313" "Mozilla/5.0 (Windows NT 10.0; Win64; x64) AppleWebKit/537.36 (KHTML, like Gecko) Chrome/131.0.0.0 Safari/537.36 Avast/131.0.0.0"
185.245.105.171 - - [15/Apr/2025:16:21:09 -0400] "GET /gitarrenunterricht-in-dusseldorf-ihr-weg-zur-musikalischen-entfaltung/ HTTP/1.1" 200 11381 "https://higglehub.com/gitarrenunterricht-in-dusseldorf-ihr-weg-zur-musikalischen-entfaltung/#comment-6312" "Mozilla/5.0 (Windows NT 10.0; Win64; x64) AppleWebKit/537.36 (KHTML, like Gecko) Chrome/130.0.0.0 Safari/537.36 CCleaner/130.0.0.0"
198.54.114.83 - - [15/Apr/2025:16:29:42 -0400] "POST /wp-cron.php?doing_wp_cron=1744748981.5835390090942382812500 HTTP/1.1" 200 0 "-" "WordPress/6.7.2; https://higglehub.com"
18.139.242.17 - - [15/Apr/2025:16:29:36 -0400] "GET /uploads/1/3/1/1/131136180/kisspng-wire-transfer-bank-electronic-funds-transfer-logo-5b1e62936765c8-3810324915287179714235_orig.png HTTP/1.1" 404 7270 "-" "Mozilla/5.0 (Windows NT 10.0; Win64; x64) AppleWebKit/537.36 (KHTML, like Gecko) Chrome/133.0.0.0 Safari/537.36"
198.54.114.83 - - [15/Apr/2025:16:29:44 -0400] "POST /wp-admin/admin-ajax.php?action=async_litespeed&nonce=7c9XeV8EHKdvTeSMPaWLiNcVoriLmZ8K&litespeed_type=imgoptm HTTP/1.1" 200 0 "-" "WordPress/6.7.2; https://higglehub.com"
138.199.26.89 - - [15/Apr/2025:16:30:29 -0400] "GET / HTTP/1.1" 200 10353 "https://higglehub.com/" "Mozilla/5.0 (Windows NT 10.0; Win64; x64) AppleWebKit/537.36 (KHTML, like Gecko) Chrome/130.0.0.0 Safari/537.36 CCleaner/130.0.0.0"
107.189.3.116 - - [15/Apr/2025:16:41:33 -0400] "GET /wp-login.php HTTP/1.1" 200 1765 "-" "Mozilla/5.0 (Macintosh; Intel Mac OS X 10.9; rv:31.0) Gecko/20100101 Firefox/31.0"
198.98.49.67 - - [15/Apr/2025:16:41:36 -0400] "GET /wp-login.php HTTP/1.1" 200 1765 "-" "Mozilla/5.0 (Windows NT 6.1; rv:24.0) Gecko/20100101 Firefox/24.0"
198.98.49.67 - - [15/Apr/2025:16:41:38 -0400] "POST /wp-login.php HTTP/1.1" 200 1897 "-" "Mozilla/5.0 (Windows NT 6.1; rv:24.0) Gecko/20100101 Firefox/24.0"
198.54.114.83 - - [15/Apr/2025:16:41:45 -0400] "POST /wp-cron.php?doing_wp_cron=1744749703.8088901042938232421875 HTTP/1.1" 200 0 "-" "WordPress/6.7.2; https://higglehub.com"
189.1.244.193 - - [15/Apr/2025:16:41:47 -0400] "GET /professioneller-umzugsservice-in-luneburg-stressfrei-und-effizient/ HTTP/1.1" 200 11026 "https://higglehub.com/professioneller-umzugsservice-in-luneburg-stressfrei-und-effizient/#content" "Mozilla/5.0 (Windows NT 10.0; Win64; x64) AppleWebKit/537.36 (KHTML, like Gecko) Chrome/116.0.0.0 Safari/537.36"
91.84.108.218 - - [15/Apr/2025:16:41:51 -0400] "GET /gitarrenunterricht-in-dusseldorf-ihr-weg-zur-musikalischen-entfaltung/ HTTP/1.1" 200 10815 "https://higglehub.com/gitarrenunterricht-in-dusseldorf-ihr-weg-zur-musikalischen-entfaltung/" "Mozilla/5.0 (Windows NT 10.0; Win64; x64) AppleWebKit/537.36 (KHTML, like Gecko) Chrome/130.0.0.0 Safari/537.36"
91.84.108.218 - - [15/Apr/2025:16:41:53 -0400] "POST /wp-comments-post.php HTTP/1.1" 302 0 "https://higglehub.com/gitarrenunterricht-in-dusseldorf-ihr-weg-zur-musikalischen-entfaltung/" "Mozilla/5.0 (Windows NT 10.0; Win64; x64) AppleWebKit/537.36 (KHTML, like Gecko) Chrome/130.0.0.0 Safari/537.36"
91.84.108.218 - - [15/Apr/2025:16:41:58 -0400] "GET /gitarrenunterricht-in-dusseldorf-ihr-weg-zur-musikalischen-entfaltung/ HTTP/1.1" 200 11356 "https://higglehub.com/gitarrenunterricht-in-dusseldorf-ihr-weg-zur-musikalischen-entfaltung/#comment-6314" "Mozilla/5.0 (Windows NT 10.0; Win64; x64) AppleWebKit/537.36 (KHTML, like Gecko) Chrome/130.0.0.0 Safari/537.36"
107.189.3.116 - - [15/Apr/2025:16:42:15 -0400] "POST /wp-login.php HTTP/1.1" 200 1901 "-" "Mozilla/5.0 (Macintosh; Intel Mac OS X 10.9; rv:31.0) Gecko/20100101 Firefox/31.0"
198.54.114.83 - - [15/Apr/2025:17:03:12 -0400] "POST /wp-cron.php?doing_wp_cron=1744750992.6161439418792724609375 HTTP/1.1" 200 0 "-" "WordPress/6.7.2; https://higglehub.com"
3.216.86.144 - - [15/Apr/2025:17:03:07 -0400] "GET /die-kostlichkeit-der-gerosteten-mandeln/ HTTP/1.1" 200 11073 "-" "Mozilla/5.0 AppleWebKit/537.36 (KHTML, like Gecko; compatible; Amazonbot/0.1; +https://developer.amazon.com/support/amazonbot) Chrome/119.0.6045.214 Safari/537.36"
198.54.114.83 - - [15/Apr/2025:17:03:13 -0400] "POST /wp-admin/admin-ajax.php?action=async_litespeed&nonce=VCL2T6lMtQfGO3f0CJ2pSsMBfCb0XKEX&litespeed_type=imgoptm HTTP/1.1" 200 0 "-" "WordPress/6.7.2; https://higglehub.com"
65.108.229.215 - - [15/Apr/2025:17:12:29 -0400] "GET /unleashing-the-power-of-learning-a-journey-of-growth/ HTTP/1.1" 200 10998 "https://higglehub.com/unleashing-the-power-of-learning-a-journey-of-growth/" "Mozilla/5.0 (Windows NT 10.0; Win64; x64) AppleWebKit/537.36 (KHTML, like Gecko) Chrome/130.0.0.0 Safari/537.36 CCleaner/130.0.0.0"
198.54.114.83 - - [15/Apr/2025:17:12:35 -0400] "POST /wp-cron.php?doing_wp_cron=1744751554.2423949241638183593750 HTTP/1.1" 200 0 "-" "WordPress/6.7.2; https://higglehub.com"
198.54.114.83 - - [15/Apr/2025:17:12:36 -0400] "POST /wp-admin/admin-ajax.php?action=async_litespeed&nonce=kzK4PvUzKE4sGwDnQkJIoZVSMRBO5DOg&litespeed_type=imgoptm HTTP/1.1" 200 0 "-" "WordPress/6.7.2; https://higglehub.com"
65.108.229.215 - - [15/Apr/2025:17:12:29 -0400] "POST /wp-comments-post.php HTTP/1.1" 302 0 "https://higglehub.com/unleashing-the-power-of-learning-a-journey-of-growth/" "Mozilla/5.0 (Windows NT 10.0; Win64; x64) AppleWebKit/537.36 (KHTML, like Gecko) Chrome/130.0.0.0 Safari/537.36 CCleaner/130.0.0.0"
65.108.229.215 - - [15/Apr/2025:17:12:38 -0400] "GET /unleashing-the-power-of-learning-a-journey-of-growth/ HTTP/1.1" 200 12240 "https://higglehub.com/unleashing-the-power-of-learning-a-journey-of-growth/#comment-6315" "Mozilla/5.0 (Windows NT 10.0; Win64; x64) AppleWebKit/537.36 (KHTML, like Gecko) Chrome/130.0.0.0 Safari/537.36 CCleaner/130.0.0.0"
46.250.161.38 - - [15/Apr/2025:17:13:09 -0400] "GET /the-best-rv-parks-in-irving-tx-for-a-memorable-stay/ HTTP/1.1" 200 11365 "https://higglehub.com/the-best-rv-parks-in-irving-tx-for-a-memorable-stay/" "Mozilla/5.0 (Windows NT 10.0; Win64; x64) AppleWebKit/537.36 (KHTML, like Gecko) Chrome/101.0.4951.67 Safari/537.36"
84.54.44.30 - - [15/Apr/2025:17:19:14 -0400] "GET /a-comprehensive-guide-to-multichannel-marketing/ HTTP/1.1" 200 10954 "https://higglehub.com/a-comprehensive-guide-to-multichannel-marketing/" "Mozilla/5.0 (Windows NT 10.0; Win64; x64) AppleWebKit/537.36 (KHTML, like Gecko) Chrome/130.0.0.0 Safari/537.36 CCleaner/130.0.0.0"
84.54.44.30 - - [15/Apr/2025:17:19:15 -0400] "POST /wp-comments-post.php HTTP/1.1" 302 0 "https://higglehub.com/a-comprehensive-guide-to-multichannel-marketing/" "Mozilla/5.0 (Windows NT 10.0; Win64; x64) AppleWebKit/537.36 (KHTML, like Gecko) Chrome/130.0.0.0 Safari/537.36 CCleaner/130.0.0.0"
84.54.44.30 - - [15/Apr/2025:17:19:26 -0400] "GET /a-comprehensive-guide-to-multichannel-marketing/ HTTP/1.1" 200 11900 "https://higglehub.com/a-comprehensive-guide-to-multichannel-marketing/#comment-6316" "Mozilla/5.0 (Windows NT 10.0; Win64; x64) AppleWebKit/537.36 (KHTML, like Gecko) Chrome/130.0.0.0 Safari/537.36 CCleaner/130.0.0.0"
198.54.114.83 - - [15/Apr/2025:17:34:25 -0400] "POST /wp-cron.php?doing_wp_cron=1744752865.1618700027465820312500 HTTP/1.1" 200 0 "-" "WordPress/6.7.2; https://higglehub.com"
134.17.14.122 - - [15/Apr/2025:17:34:21 -0400] "GET /goat.php HTTP/1.1" 404 7270 "-" "Mozilla/4.0 (compatible; MSIE 6.0; Windows NT 5.1; SV1)"
198.54.114.83 - - [15/Apr/2025:17:34:26 -0400] "POST /wp-admin/admin-ajax.php?action=async_litespeed&nonce=zjPLGSEW5MwAF0pHRdC2IZDMgqQN9GsG&litespeed_type=imgoptm HTTP/1.1" 200 5 "-" "WordPress/6.7.2; https://higglehub.com"
198.54.114.83 - - [15/Apr/2025:17:36:10 -0400] "POST /wp-cron.php?doing_wp_cron=1744752969.6291921138763427734375 HTTP/1.1" 200 0 "-" "WordPress/6.7.2; https://higglehub.com"
198.54.114.83 - - [15/Apr/2025:17:36:11 -0400] "POST /wp-admin/admin-ajax.php?action=async_litespeed&nonce=3eariM4f57l2KtrFlpDat46ldAqbd8Wu&litespeed_type=imgoptm HTTP/1.1" 200 0 "-" "WordPress/6.7.2; https://higglehub.com"
3.220.70.171 - - [15/Apr/2025:17:36:07 -0400] "GET /page/2/ HTTP/1.1" 200 10796 "-" "Mozilla/5.0 AppleWebKit/537.36 (KHTML, like Gecko; compatible; Amazonbot/0.1; +https://developer.amazon.com/support/amazonbot) Chrome/119.0.6045.214 Safari/537.36"
54.85.7.119 - - [15/Apr/2025:17:36:10 -0400] "GET /store/c45/Lashed_by_Higgle.html HTTP/1.1" 404 7270 "-" "Mozilla/5.0 AppleWebKit/537.36 (KHTML, like Gecko; compatible; Amazonbot/0.1; +https://developer.amazon.com/support/amazonbot) Chrome/119.0.6045.214 Safari/537.36"
111.119.194.126 - - [15/Apr/2025:17:44:24 -0400] "GET /carte-magic-the-gathering-un-mondo-di-possibilita/ HTTP/1.1" 200 10682 "https://higglehub.com/carte-magic-the-gathering-un-mondo-di-possibilita/#content" "Mozilla/5.0 (Windows NT 10.0; Win64; x64) AppleWebKit/537.36 (KHTML, like Gecko) Chrome/101.0.4951.67 Safari/537.36"
2a0a:4cc0:0:10fe:884f:afff:fe3c:3b10 - - [15/Apr/2025:17:44:32 -0400] "GET /category/education/ HTTP/1.1" 200 8264 "-" "Mozilla/5.0 (Windows NT 10.0; Win64; x64) AppleWebKit/537.36 (KHTML, like Gecko) Chrome/100.0.6616.574 Safari/537.36"
198.54.114.83 - - [15/Apr/2025:17:56:10 -0400] "POST /wp-cron.php?doing_wp_cron=1744754169.3775479793548583984375 HTTP/1.1" 200 0 "-" "WordPress/6.7.2; https://higglehub.com"
135.119.141.8 - - [15/Apr/2025:17:56:04 -0400] "HEAD /wordpress HTTP/1.1" 404 0 "http://higglehub.com/wordpress" "Mozilla/5.0 (Windows NT 10.0; Win64; x64) AppleWebKit/537.36 (KHTML, like Gecko) Chrome/74.0.3729.169 Safari/537.36"
198.54.114.83 - - [15/Apr/2025:17:56:11 -0400] "POST /wp-admin/admin-ajax.php?action=async_litespeed&nonce=ikFQTi8jOOp6YLXqSy8Y3yuNQnb6tuMK&litespeed_type=imgoptm HTTP/1.1" 200 0 "-" "WordPress/6.7.2; https://higglehub.com"
