110.172.98.2 - - [15/Apr/2025:06:53:03 -0400] "GET / HTTP/1.1" 200 10353 "-" "Mozilla/5.0 (Windows NT 10.0; Win64; x64) AppleWebKit/537.36 (KHTML, like Gecko) Chrome/79.0.3945.130 Safari/537.36"
198.54.114.83 - - [15/Apr/2025:06:53:04 -0400] "POST /wp-cron.php?doing_wp_cron=1744714384.1046030521392822265625 HTTP/1.1" 200 0 "-" "WordPress/6.7.2; https://higglehub.com"
198.54.114.83 - - [15/Apr/2025:06:53:06 -0400] "POST /wp-admin/admin-ajax.php?action=async_litespeed&nonce=AeYuQkhmesR7QAGeJwShvKWKb3NjUTRv&litespeed_type=imgoptm HTTP/1.1" 200 0 "-" "WordPress/6.7.2; https://higglehub.com"
111.119.204.162 - - [15/Apr/2025:06:52:59 -0400] "GET /prioritizing-eye-health-essential-tips-and-practices/ HTTP/1.1" 200 11306 "https://higglehub.com/prioritizing-eye-health-essential-tips-and-practices/#respond" "Mozilla/5.0 (Macintosh; Intel Mac OS X 10_15_7) AppleWebKit/537.36 (KHTML, like Gecko) Chrome/131.0.0.0 Safari/537.36"
198.54.114.83 - - [15/Apr/2025:06:54:08 -0400] "POST /wp-cron.php?doing_wp_cron=1744714447.5086979866027832031250 HTTP/1.1" 200 0 "-" "WordPress/6.7.2; https://higglehub.com"
216.244.66.247 - - [15/Apr/2025:06:54:07 -0400] "GET /umzugsunternehmen-in-luneburg-ein-uberblick/feed/ HTTP/1.1" 200 415 "-" "Mozilla/5.0 (compatible; DotBot/1.2; +https://opensiteexplorer.org/dotbot; help@moz.com)"
198.54.114.83 - - [15/Apr/2025:06:54:09 -0400] "POST /wp-admin/admin-ajax.php?action=async_litespeed&nonce=WjnoqJjdTGbCfMU0o33mUXWRFI4wuyN5&litespeed_type=imgoptm HTTP/1.1" 200 0 "-" "WordPress/6.7.2; https://higglehub.com"
198.54.114.83 - - [15/Apr/2025:06:56:53 -0400] "POST /wp-cron.php?doing_wp_cron=1744714612.7140450477600097656250 HTTP/1.1" 200 0 "-" "WordPress/6.7.2; https://higglehub.com"
161.97.176.253 - - [15/Apr/2025:06:56:47 -0400] "POST /xmlrpc.php HTTP/1.1" 200 186 "-" "Mozilla/5.0 (Windows NT 10.0; Win64; x64; rv:96.0) Gecko/20100101 Firefox/96.0"
198.54.114.83 - - [15/Apr/2025:06:56:54 -0400] "POST /wp-admin/admin-ajax.php?action=async_litespeed&nonce=BvmQruzBXf05ykxnQt2fTDo96Fc4X1vA&litespeed_type=imgoptm HTTP/1.1" 200 0 "-" "WordPress/6.7.2; https://higglehub.com"
198.54.114.83 - - [15/Apr/2025:07:03:46 -0400] "POST /wp-cron.php?doing_wp_cron=1744715025.9324998855590820312500 HTTP/1.1" 200 0 "-" "WordPress/6.7.2; https://higglehub.com"
51.178.24.178 - - [15/Apr/2025:07:03:42 -0400] "POST /xmlrpc.php HTTP/1.1" 200 186 "-" "Mozilla/5.0 (Windows NT 10.0; Win64; x64; rv:43.0) Gecko/20100101 Firefox/43.0"
198.54.114.83 - - [15/Apr/2025:07:03:47 -0400] "POST /wp-admin/admin-ajax.php?action=async_litespeed&nonce=1Rd9lOV3R3fzTkVLnQNrXNGrvjrWbFGi&litespeed_type=imgoptm HTTP/1.1" 200 0 "-" "WordPress/6.7.2; https://higglehub.com"
91.84.106.2 - - [15/Apr/2025:07:05:59 -0400] "GET /gitarrenunterricht-in-dusseldorf-ihr-weg-zur-musikalischen-entfaltung/ HTTP/1.1" 200 10815 "https://higglehub.com/gitarrenunterricht-in-dusseldorf-ihr-weg-zur-musikalischen-entfaltung/" "Mozilla/5.0 (Windows NT 10.0; Win64; x64) AppleWebKit/537.36 (KHTML, like Gecko) Chrome/130.0.0.0 Safari/537.36"
198.54.114.83 - - [15/Apr/2025:07:06:06 -0400] "POST /wp-cron.php?doing_wp_cron=1744715165.6678349971771240234375 HTTP/1.1" 200 0 "-" "WordPress/6.7.2; https://higglehub.com"
198.54.114.83 - - [15/Apr/2025:07:06:07 -0400] "POST /wp-admin/admin-ajax.php?action=async_litespeed&nonce=yuHCfKOmq0caBIiCOEW2kU1rdSfM0SSF&litespeed_type=imgoptm HTTP/1.1" 200 0 "-" "WordPress/6.7.2; https://higglehub.com"
91.84.106.2 - - [15/Apr/2025:07:06:00 -0400] "POST /wp-comments-post.php HTTP/1.1" 302 0 "https://higglehub.com/gitarrenunterricht-in-dusseldorf-ihr-weg-zur-musikalischen-entfaltung/" "Mozilla/5.0 (Windows NT 10.0; Win64; x64) AppleWebKit/537.36 (KHTML, like Gecko) Chrome/130.0.0.0 Safari/537.36"
91.84.106.2 - - [15/Apr/2025:07:06:08 -0400] "GET /gitarrenunterricht-in-dusseldorf-ihr-weg-zur-musikalischen-entfaltung/ HTTP/1.1" 200 11326 "https://higglehub.com/gitarrenunterricht-in-dusseldorf-ihr-weg-zur-musikalischen-entfaltung/#comment-6300" "Mozilla/5.0 (Windows NT 10.0; Win64; x64) AppleWebKit/537.36 (KHTML, like Gecko) Chrome/130.0.0.0 Safari/537.36"
198.54.114.83 - - [15/Apr/2025:07:19:09 -0400] "POST /wp-cron.php?doing_wp_cron=1744715948.7384409904479980468750 HTTP/1.1" 200 0 "-" "WordPress/6.7.2; https://higglehub.com"
141.95.54.193 - - [15/Apr/2025:07:19:04 -0400] "POST /xmlrpc.php HTTP/1.1" 200 186 "-" "Mozilla/5.0 (Windows NT 10.0; Win64; x64; rv:46.0) Gecko/20100101 Firefox/46.0"
198.54.114.83 - - [15/Apr/2025:07:19:10 -0400] "POST /wp-admin/admin-ajax.php?action=async_litespeed&nonce=RBXoBUUOf6QErzGcb9O9Z7pwFipCdyYu&litespeed_type=imgoptm HTTP/1.1" 200 0 "-" "WordPress/6.7.2; https://higglehub.com"
198.54.114.83 - - [15/Apr/2025:07:26:13 -0400] "POST /wp-cron.php?doing_wp_cron=1744716373.2117960453033447265625 HTTP/1.1" 200 0 "-" "WordPress/6.7.2; https://higglehub.com"
77.92.153.60 - - [15/Apr/2025:07:26:09 -0400] "POST /xmlrpc.php HTTP/1.1" 200 186 "-" "Mozilla/5.0 (Windows NT 10.0; Win64; x64; rv:44.0) Gecko/20100101 Firefox/44.0"
198.54.114.83 - - [15/Apr/2025:07:26:15 -0400] "POST /wp-admin/admin-ajax.php?action=async_litespeed&nonce=ijsjNJm9hrAm7Se9Oov3kEQvrwxv29tX&litespeed_type=imgoptm HTTP/1.1" 200 0 "-" "WordPress/6.7.2; https://higglehub.com"
138.197.206.143 - - [15/Apr/2025:07:29:34 -0400] "GET //wp-includes/ID3/license.txt HTTP/1.1" 200 414 "-" "Mozilla/5.0 (Windows NT 10.0; Win64; x64) AppleWebKit/537.36 (KHTML, like Gecko) Chrome/95.0.4638.69 Safari/537.36"
198.54.114.83 - - [15/Apr/2025:07:29:39 -0400] "POST /wp-cron.php?doing_wp_cron=1744716578.6971020698547363281250 HTTP/1.1" 200 0 "-" "WordPress/6.7.2; https://higglehub.com"
138.197.206.143 - - [15/Apr/2025:07:29:35 -0400] "GET //feed/ HTTP/1.1" 301 0 "-" "Mozilla/5.0 (Windows NT 10.0; Win64; x64) AppleWebKit/537.36 (KHTML, like Gecko) Chrome/95.0.4638.69 Safari/537.36"
198.54.114.83 - - [15/Apr/2025:07:29:41 -0400] "POST /wp-admin/admin-ajax.php?action=async_litespeed&nonce=4BEDDOO1rP5PFvdcPCQviHNnz3W8t7ME&litespeed_type=imgoptm HTTP/1.1" 200 0 "-" "WordPress/6.7.2; https://higglehub.com"
138.197.206.143 - - [15/Apr/2025:07:29:41 -0400] "GET //blog/wp-includes/wlwmanifest.xml HTTP/1.1" 301 0 "-" "Mozilla/5.0 (Windows NT 10.0; Win64; x64) AppleWebKit/537.36 (KHTML, like Gecko) Chrome/95.0.4638.69 Safari/537.36"
138.197.206.143 - - [15/Apr/2025:07:29:42 -0400] "GET //web/wp-includes/wlwmanifest.xml HTTP/1.1" 301 0 "-" "Mozilla/5.0 (Windows NT 10.0; Win64; x64) AppleWebKit/537.36 (KHTML, like Gecko) Chrome/95.0.4638.69 Safari/537.36"
138.197.206.143 - - [15/Apr/2025:07:29:43 -0400] "GET //wordpress/wp-includes/wlwmanifest.xml HTTP/1.1" 301 0 "-" "Mozilla/5.0 (Windows NT 10.0; Win64; x64) AppleWebKit/537.36 (KHTML, like Gecko) Chrome/95.0.4638.69 Safari/537.36"
138.197.206.143 - - [15/Apr/2025:07:29:45 -0400] "GET //wp/wp-includes/wlwmanifest.xml HTTP/1.1" 301 0 "-" "Mozilla/5.0 (Windows NT 10.0; Win64; x64) AppleWebKit/537.36 (KHTML, like Gecko) Chrome/95.0.4638.69 Safari/537.36"
138.197.206.143 - - [15/Apr/2025:07:29:47 -0400] "GET //2020/wp-includes/wlwmanifest.xml HTTP/1.1" 301 0 "-" "Mozilla/5.0 (Windows NT 10.0; Win64; x64) AppleWebKit/537.36 (KHTML, like Gecko) Chrome/95.0.4638.69 Safari/537.36"
138.197.206.143 - - [15/Apr/2025:07:29:48 -0400] "GET //2019/wp-includes/wlwmanifest.xml HTTP/1.1" 301 0 "-" "Mozilla/5.0 (Windows NT 10.0; Win64; x64) AppleWebKit/537.36 (KHTML, like Gecko) Chrome/95.0.4638.69 Safari/537.36"
138.197.206.143 - - [15/Apr/2025:07:29:49 -0400] "GET //2021/wp-includes/wlwmanifest.xml HTTP/1.1" 301 0 "-" "Mozilla/5.0 (Windows NT 10.0; Win64; x64) AppleWebKit/537.36 (KHTML, like Gecko) Chrome/95.0.4638.69 Safari/537.36"
138.197.206.143 - - [15/Apr/2025:07:29:50 -0400] "GET //shop/wp-includes/wlwmanifest.xml HTTP/1.1" 301 0 "-" "Mozilla/5.0 (Windows NT 10.0; Win64; x64) AppleWebKit/537.36 (KHTML, like Gecko) Chrome/95.0.4638.69 Safari/537.36"
138.197.206.143 - - [15/Apr/2025:07:29:51 -0400] "GET //wp1/wp-includes/wlwmanifest.xml HTTP/1.1" 301 0 "-" "Mozilla/5.0 (Windows NT 10.0; Win64; x64) AppleWebKit/537.36 (KHTML, like Gecko) Chrome/95.0.4638.69 Safari/537.36"
138.197.206.143 - - [15/Apr/2025:07:29:53 -0400] "GET //test/wp-includes/wlwmanifest.xml HTTP/1.1" 301 0 "-" "Mozilla/5.0 (Windows NT 10.0; Win64; x64) AppleWebKit/537.36 (KHTML, like Gecko) Chrome/95.0.4638.69 Safari/537.36"
138.197.206.143 - - [15/Apr/2025:07:29:54 -0400] "GET //site/wp-includes/wlwmanifest.xml HTTP/1.1" 301 0 "-" "Mozilla/5.0 (Windows NT 10.0; Win64; x64) AppleWebKit/537.36 (KHTML, like Gecko) Chrome/95.0.4638.69 Safari/537.36"
138.197.206.143 - - [15/Apr/2025:07:29:56 -0400] "GET //cms/wp-includes/wlwmanifest.xml HTTP/1.1" 301 0 "-" "Mozilla/5.0 (Windows NT 10.0; Win64; x64) AppleWebKit/537.36 (KHTML, like Gecko) Chrome/95.0.4638.69 Safari/537.36"
216.244.66.247 - - [15/Apr/2025:07:31:30 -0400] "GET /robots.txt HTTP/1.1" 200 61 "-" "Mozilla/5.0 (compatible; DotBot/1.2; +https://opensiteexplorer.org/dotbot; help@moz.com)"
65.21.25.53 - - [15/Apr/2025:07:32:10 -0400] "GET /wp-login.php HTTP/1.1" 200 1765 "-" "GRequests/0.10"
198.54.114.83 - - [15/Apr/2025:07:32:15 -0400] "POST /wp-cron.php?doing_wp_cron=1744716735.3443529605865478515625 HTTP/1.1" 200 0 "-" "WordPress/6.7.2; https://higglehub.com"
65.21.25.53 - - [15/Apr/2025:07:32:11 -0400] "POST /wp-login.php HTTP/1.1" 200 1899 "-" "GRequests/0.10"
198.54.114.83 - - [15/Apr/2025:07:32:16 -0400] "POST /wp-admin/admin-ajax.php?action=async_litespeed&nonce=MnuqKm1vSlVFGi7c6sDW3bkwY9ABrxMH&litespeed_type=imgoptm HTTP/1.1" 200 0 "-" "WordPress/6.7.2; https://higglehub.com"
198.54.114.83 - - [15/Apr/2025:07:32:53 -0400] "POST /wp-cron.php?doing_wp_cron=1744716773.4529368877410888671875 HTTP/1.1" 200 0 "-" "WordPress/6.7.2; https://higglehub.com"
190.92.200.197 - - [15/Apr/2025:07:32:53 -0400] "GET /the-ultimate-convenience-for-modern-living/ HTTP/1.1" 200 10873 "https://higglehub.com/the-ultimate-convenience-for-modern-living/#content" "Mozilla/5.0 (Macintosh; Intel Mac OS X 10_15_7) AppleWebKit/537.36 (KHTML, like Gecko) Chrome/120.0.0.0 Safari/537.36"
198.54.114.83 - - [15/Apr/2025:07:32:55 -0400] "POST /wp-admin/admin-ajax.php?action=async_litespeed&nonce=twv8TRdAllUtiQWcLnlQJlDp4xEONtzJ&litespeed_type=imgoptm HTTP/1.1" 200 0 "-" "WordPress/6.7.2; https://higglehub.com"
198.54.114.83 - - [15/Apr/2025:07:37:04 -0400] "POST /wp-cron.php?doing_wp_cron=1744717024.4229938983917236328125 HTTP/1.1" 200 0 "-" "WordPress/6.7.2; https://higglehub.com"
173.249.198.174 - - [15/Apr/2025:07:36:59 -0400] "POST /xmlrpc.php HTTP/1.1" 200 186 "-" "Mozilla/5.0 (Windows NT 10.0; Win64; x64; rv:84.0) Gecko/20100101 Firefox/84.0"
198.54.114.83 - - [15/Apr/2025:07:37:05 -0400] "POST /wp-admin/admin-ajax.php?action=async_litespeed&nonce=WcgGG8nSYEVqayMqnUCUpmHK3goESoiw&litespeed_type=imgoptm HTTP/1.1" 200 0 "-" "WordPress/6.7.2; https://higglehub.com"
198.54.114.83 - - [15/Apr/2025:07:45:10 -0400] "POST /wp-cron.php?doing_wp_cron=1744717509.9492330551147460937500 HTTP/1.1" 200 0 "-" "WordPress/6.7.2; https://higglehub.com"
216.244.66.247 - - [15/Apr/2025:07:45:05 -0400] "GET /ihr-zuverlassiger-umzugsservice-in-luneburg/feed/ HTTP/1.1" 200 414 "-" "Mozilla/5.0 (compatible; DotBot/1.2; +https://opensiteexplorer.org/dotbot; help@moz.com)"
198.54.114.83 - - [15/Apr/2025:07:45:11 -0400] "POST /wp-admin/admin-ajax.php?action=async_litespeed&nonce=qlJEQEzMBP2YDrpweCUO7nGkYkdhqTSh&litespeed_type=imgoptm HTTP/1.1" 200 0 "-" "WordPress/6.7.2; https://higglehub.com"
95.108.213.251 - - [15/Apr/2025:07:45:27 -0400] "GET /robots.txt HTTP/1.1" 304 0 "-" "Mozilla/5.0 (compatible; YandexBot/3.0; +http://yandex.com/bots)"
198.54.114.83 - - [15/Apr/2025:07:45:30 -0400] "POST /wp-cron.php?doing_wp_cron=1744717529.2722780704498291015625 HTTP/1.1" 200 0 "-" "WordPress/6.7.2; https://higglehub.com"
213.180.203.227 - - [15/Apr/2025:07:45:28 -0400] "GET /store/p174/Physicians_Formula_-_Powder_Palette_-_Multi-Coloured_Pressed_Powder.html HTTP/1.1" 404 7269 "-" "Mozilla/5.0 (compatible; YandexBot/3.0; +http://yandex.com/bots)"
198.54.114.83 - - [15/Apr/2025:07:45:30 -0400] "POST /wp-admin/admin-ajax.php?action=async_litespeed&nonce=NqNWsZnJA0U6fGZ3C9Q1RXI7nvAejDvq&litespeed_type=imgoptm HTTP/1.1" 200 5 "-" "WordPress/6.7.2; https://higglehub.com"
141.95.94.159 - - [15/Apr/2025:07:45:52 -0400] "POST /xmlrpc.php HTTP/1.1" 200 186 "-" "Mozilla/5.0 (Windows NT 10.0; Win64; x64; rv:93.0) Gecko/20100101 Firefox/93.0"
198.54.114.83 - - [15/Apr/2025:07:50:27 -0400] "POST /wp-cron.php?doing_wp_cron=1744717826.8525359630584716796875 HTTP/1.1" 200 0 "-" "WordPress/6.7.2; https://higglehub.com"
51.178.251.196 - - [15/Apr/2025:07:50:22 -0400] "POST /xmlrpc.php HTTP/1.1" 200 186 "-" "Mozilla/5.0 (Windows NT 10.0; Win64; x64; rv:68.0) Gecko/20100101 Firefox/68.0"
198.54.114.83 - - [15/Apr/2025:07:50:27 -0400] "POST /wp-admin/admin-ajax.php?action=async_litespeed&nonce=MVa9doi2MvtcFdmbNvyUy7mgpid5bLk6&litespeed_type=imgoptm HTTP/1.1" 200 5 "-" "WordPress/6.7.2; https://higglehub.com"
198.98.61.49 - - [15/Apr/2025:07:55:07 -0400] "GET /wp-login.php HTTP/1.1" 200 1765 "-" "Mozilla/5.0 (Macintosh; Intel Mac OS X 10_10) AppleWebKit/538.46 (KHTML, like Gecko) Version/8.0 Safari/538.46"
198.54.114.83 - - [15/Apr/2025:07:55:13 -0400] "POST /wp-cron.php?doing_wp_cron=1744718113.1411619186401367187500 HTTP/1.1" 200 0 "-" "WordPress/6.7.2; https://higglehub.com"
198.98.61.49 - - [15/Apr/2025:07:55:09 -0400] "POST /wp-login.php HTTP/1.1" 200 1899 "-" "Mozilla/5.0 (Macintosh; Intel Mac OS X 10_10) AppleWebKit/538.46 (KHTML, like Gecko) Version/8.0 Safari/538.46"
198.54.114.83 - - [15/Apr/2025:07:55:15 -0400] "POST /wp-admin/admin-ajax.php?action=async_litespeed&nonce=yjhX8WDtjED6laRe1cyiYcUsSII1BkIu&litespeed_type=imgoptm HTTP/1.1" 200 0 "-" "WordPress/6.7.2; https://higglehub.com"
209.141.56.126 - - [15/Apr/2025:07:55:44 -0400] "GET /wp-login.php HTTP/1.1" 200 1765 "-" "Mozilla/5.0 (compatible; MSIE 9.0; Windows NT 6.1; WOW64; Trident/5.0)"
198.54.114.83 - - [15/Apr/2025:07:55:46 -0400] "POST /wp-cron.php?doing_wp_cron=1744718145.7491040229797363281250 HTTP/1.1" 200 0 "-" "WordPress/6.7.2; https://higglehub.com"
209.141.56.126 - - [15/Apr/2025:07:55:45 -0400] "POST /wp-login.php HTTP/1.1" 200 1895 "-" "Mozilla/5.0 (compatible; MSIE 9.0; Windows NT 6.1; WOW64; Trident/5.0)"
198.54.114.83 - - [15/Apr/2025:07:55:47 -0400] "POST /wp-admin/admin-ajax.php?action=async_litespeed&nonce=zDiOHhXA0GLI1SL9xfl9mJNmVh4d6y5w&litespeed_type=imgoptm HTTP/1.1" 200 0 "-" "WordPress/6.7.2; https://higglehub.com"
103.127.31.17 - - [15/Apr/2025:07:58:22 -0400] "GET /wp-login.php HTTP/1.1" 200 1765 "-" "GRequests/0.10"
103.127.31.17 - - [15/Apr/2025:07:58:24 -0400] "POST /wp-login.php HTTP/1.1" 200 1899 "-" "GRequests/0.10"
198.54.114.83 - - [15/Apr/2025:07:58:32 -0400] "POST /wp-cron.php?doing_wp_cron=1744718309.6376409530639648437500 HTTP/1.1" 200 0 "-" "WordPress/6.7.2; https://higglehub.com"
146.59.3.188 - - [15/Apr/2025:08:05:13 -0400] "POST /xmlrpc.php HTTP/1.1" 200 186 "-" "Mozilla/5.0 (Windows NT 10.0; Win64; x64; rv:54.0) Gecko/20100101 Firefox/54.0"
198.54.114.83 - - [15/Apr/2025:08:05:20 -0400] "POST /wp-cron.php?doing_wp_cron=1744718718.3774669170379638671875 HTTP/1.1" 200 0 "-" "WordPress/6.7.2; https://higglehub.com"
195.26.225.209 - - [15/Apr/2025:08:10:29 -0400] "GET / HTTP/1.1" 200 10353 "-" "Mozilla/5.0 (Macintosh; Intel Mac OS X 10_15_7) AppleWebKit/537.36 (KHTML, like Gecko) Chrome/133.0.0.0 Safari/537.36"
195.26.225.209 - - [15/Apr/2025:08:10:31 -0400] "GET /comments/feed/ HTTP/1.1" 200 364 "-" "Mozilla/5.0 (Macintosh; Intel Mac OS X 10_15_7) AppleWebKit/537.36 (KHTML, like Gecko) Chrome/133.0.0.0 Safari/537.36"
198.54.114.83 - - [15/Apr/2025:08:10:38 -0400] "POST /wp-cron.php?doing_wp_cron=1744719035.8819100856781005859375 HTTP/1.1" 200 0 "-" "WordPress/6.7.2; https://higglehub.com"
195.26.225.209 - - [15/Apr/2025:08:10:38 -0400] "GET /category/shopping-product-reviews/ HTTP/1.1" 200 8258 "-" "Mozilla/5.0 (Macintosh; Intel Mac OS X 10_15_7) AppleWebKit/537.36 (KHTML, like Gecko) Chrome/133.0.0.0 Safari/537.36"
195.26.225.209 - - [15/Apr/2025:08:10:43 -0400] "GET /category/shopping-product-reviews/feed/ HTTP/1.1" 200 459 "-" "Mozilla/5.0 (Macintosh; Intel Mac OS X 10_15_7) AppleWebKit/537.36 (KHTML, like Gecko) Chrome/133.0.0.0 Safari/537.36"
195.26.225.209 - - [15/Apr/2025:08:10:45 -0400] "GET /category/technology/ HTTP/1.1" 200 8236 "-" "Mozilla/5.0 (Macintosh; Intel Mac OS X 10_15_7) AppleWebKit/537.36 (KHTML, like Gecko) Chrome/133.0.0.0 Safari/537.36"
195.26.225.209 - - [15/Apr/2025:08:10:47 -0400] "GET /category/technology/feed/ HTTP/1.1" 200 432 "-" "Mozilla/5.0 (Macintosh; Intel Mac OS X 10_15_7) AppleWebKit/537.36 (KHTML, like Gecko) Chrome/133.0.0.0 Safari/537.36"
198.54.114.83 - - [15/Apr/2025:08:13:11 -0400] "POST /wp-cron.php?doing_wp_cron=1744719190.4231269359588623046875 HTTP/1.1" 200 0 "-" "WordPress/6.7.2; https://higglehub.com"
124.243.184.91 - - [15/Apr/2025:08:13:05 -0400] "GET /unleashing-the-joy-of-cultural-experiences/ HTTP/1.1" 200 11176 "https://higglehub.com/unleashing-the-joy-of-cultural-experiences/" "Mozilla/5.0 (Macintosh; Intel Mac OS X 10_15_7) AppleWebKit/537.36 (KHTML, like Gecko) Chrome/120.0.0.0 Safari/537.36"
198.54.114.83 - - [15/Apr/2025:08:13:13 -0400] "POST /wp-admin/admin-ajax.php?action=async_litespeed&nonce=3ktwh4L7RjOSPmJ81dCvJTBW4Mf3Ze1v&litespeed_type=imgoptm HTTP/1.1" 200 0 "-" "WordPress/6.7.2; https://higglehub.com"
198.54.114.83 - - [15/Apr/2025:08:18:31 -0400] "POST /wp-cron.php?doing_wp_cron=1744719510.0730049610137939453125 HTTP/1.1" 200 0 "-" "WordPress/6.7.2; https://higglehub.com"
146.59.233.61 - - [15/Apr/2025:08:18:24 -0400] "POST /xmlrpc.php HTTP/1.1" 200 186 "-" "Mozilla/5.0 (Windows NT 10.0; Win64; x64; rv:44.0) Gecko/20100101 Firefox/44.0"
77.90.6.87 - - [15/Apr/2025:08:18:52 -0400] "POST /xmlrpc.php HTTP/1.1" 200 186 "-" "Mozilla/5.0 (Windows NT 10.0; Win64; x64; rv:48.0) Gecko/20100101 Firefox/48.0"
198.54.114.83 - - [15/Apr/2025:08:23:03 -0400] "POST /wp-cron.php?doing_wp_cron=1744719781.6705389022827148437500 HTTP/1.1" 200 0 "-" "WordPress/6.7.2; https://higglehub.com"
18.205.127.11 - - [15/Apr/2025:08:22:57 -0400] "GET /2024/10/page/2/ HTTP/1.1" 200 10512 "-" "Mozilla/5.0 AppleWebKit/537.36 (KHTML, like Gecko; compatible; Amazonbot/0.1; +https://developer.amazon.com/support/amazonbot) Chrome/119.0.6045.214 Safari/537.36"
37.187.151.124 - - [15/Apr/2025:08:25:31 -0400] "POST /xmlrpc.php HTTP/1.1" 200 186 "-" "Mozilla/5.0 (Windows NT 10.0; Win64; x64; rv:53.0) Gecko/20100101 Firefox/53.0"
198.54.114.83 - - [15/Apr/2025:08:25:39 -0400] "POST /wp-cron.php?doing_wp_cron=1744719936.4106218814849853515625 HTTP/1.1" 200 0 "-" "WordPress/6.7.2; https://higglehub.com"
143.244.160.172 - - [15/Apr/2025:08:40:04 -0400] "GET / HTTP/1.1" 200 10353 "https://higglehub.com/" "Mozilla/5.0 (Windows NT 10.0; Win64; x64) AppleWebKit/537.36 (KHTML, like Gecko) Chrome/129.0.0.0 Safari/537.36"
143.244.160.172 - - [15/Apr/2025:08:40:24 -0400] "GET /gitarrenunterricht-in-dusseldorf-ihr-weg-zur-musikalischen-entfaltung/ HTTP/1.1" 200 10815 "https://higglehub.com/gitarrenunterricht-in-dusseldorf-ihr-weg-zur-musikalischen-entfaltung/" "Mozilla/5.0 (Windows NT 10.0; Win64; x64) AppleWebKit/537.36 (KHTML, like Gecko) Chrome/129.0.0.0 Safari/537.36"
198.54.114.83 - - [15/Apr/2025:08:40:39 -0400] "POST /wp-cron.php?doing_wp_cron=1744720838.0817260742187500000000 HTTP/1.1" 200 0 "-" "WordPress/6.7.2; https://higglehub.com"
138.201.89.88 - - [15/Apr/2025:08:40:32 -0400] "POST /xmlrpc.php HTTP/1.1" 200 186 "-" "Mozilla/5.0 (Windows NT 10.0; Win64; x64; rv:51.0) Gecko/20100101 Firefox/51.0"
143.244.160.172 - - [15/Apr/2025:08:40:40 -0400] "POST /wp-comments-post.php HTTP/1.1" 200 982 "https://higglehub.com/gitarrenunterricht-in-dusseldorf-ihr-weg-zur-musikalischen-entfaltung/" "Mozilla/5.0 (Windows NT 10.0; Win64; x64) AppleWebKit/537.36 (KHTML, like Gecko) Chrome/129.0.0.0 Safari/537.36"
198.54.114.83 - - [15/Apr/2025:08:40:43 -0400] "POST /wp-admin/admin-ajax.php?action=async_litespeed&nonce=Gh2i2HMWh8DfXflzE8IA8dZJ1exJfwRC&litespeed_type=imgoptm HTTP/1.1" 200 0 "-" "WordPress/6.7.2; https://higglehub.com"
198.54.114.83 - - [15/Apr/2025:08:42:29 -0400] "POST /wp-cron.php?doing_wp_cron=1744720949.3779571056365966796875 HTTP/1.1" 200 0 "-" "WordPress/6.7.2; https://higglehub.com"
194.76.37.111 - - [15/Apr/2025:08:42:25 -0400] "POST /xmlrpc.php HTTP/1.1" 200 186 "-" "Mozilla/5.0 (Windows NT 10.0; Win64; x64; rv:67.0) Gecko/20100101 Firefox/67.0"
198.54.114.83 - - [15/Apr/2025:08:42:31 -0400] "POST /wp-admin/admin-ajax.php?action=async_litespeed&nonce=NOcfCj6yAqwKXXbWmGhZKN4Yrcwvgjwe&litespeed_type=imgoptm HTTP/1.1" 200 0 "-" "WordPress/6.7.2; https://higglehub.com"
198.98.62.50 - - [15/Apr/2025:08:44:14 -0400] "GET /wp-login.php HTTP/1.1" 200 1765 "-" "Mozilla/5.0 (Windows NT 6.2; WOW64) AppleWebKit/537.36 (KHTML, like Gecko) Chrome/36.0.1985.125 Safari/537.36"
2602:fb54:3c1:: - - [15/Apr/2025:08:44:09 -0400] "GET /wp-content/plugins/WordPressCore/include.php HTTP/1.1" 404 7269 "www.google.com" "Mozilla/5.0 (Linux; Android 7.0; SM-G892A Build/NRD90M; wv) AppleWebKit/537.36 (KHTML, like Gecko) Version/4.0 Chrome/60.0.3112.107 Mobile Safari/537.36"
198.54.114.83 - - [15/Apr/2025:08:44:17 -0400] "POST /wp-cron.php?doing_wp_cron=1744721053.8095810413360595703125 HTTP/1.1" 200 0 "-" "WordPress/6.7.2; https://higglehub.com"
198.98.62.50 - - [15/Apr/2025:08:44:17 -0400] "POST /wp-login.php HTTP/1.1" 200 1901 "-" "Mozilla/5.0 (Windows NT 6.2; WOW64) AppleWebKit/537.36 (KHTML, like Gecko) Chrome/36.0.1985.125 Safari/537.36"
2602:fb54:3c1:: - - [15/Apr/2025:08:44:33 -0400] "GET /wp-content/themes/include.php HTTP/1.1" 404 7269 "www.google.com" "Mozilla/5.0 (Linux; Android 7.0; SM-G892A Build/NRD90M; wv) AppleWebKit/537.36 (KHTML, like Gecko) Version/4.0 Chrome/60.0.3112.107 Mobile Safari/537.36"
198.98.62.50 - - [15/Apr/2025:08:44:44 -0400] "GET /wp-login.php HTTP/1.1" 200 1765 "-" "Mozilla/5.0 (Macintosh; Intel Mac OS X 10_9_2) AppleWebKit/537.75.14 (KHTML, like Gecko) Version/7.0.3 Safari/537.75.14"
198.98.62.50 - - [15/Apr/2025:08:44:47 -0400] "POST /wp-login.php HTTP/1.1" 200 1897 "-" "Mozilla/5.0 (Macintosh; Intel Mac OS X 10_9_2) AppleWebKit/537.75.14 (KHTML, like Gecko) Version/7.0.3 Safari/537.75.14"
2602:fb54:3c1:: - - [15/Apr/2025:08:45:20 -0400] "GET /simple.php HTTP/1.1" 404 7270 "www.google.com" "Mozilla/5.0 (Linux; Android 7.0; SM-G892A Build/NRD90M; wv) AppleWebKit/537.36 (KHTML, like Gecko) Version/4.0 Chrome/60.0.3112.107 Mobile Safari/537.36"
198.54.114.83 - - [15/Apr/2025:08:45:23 -0400] "POST /wp-cron.php?doing_wp_cron=1744721120.5247099399566650390625 HTTP/1.1" 200 0 "-" "WordPress/6.7.2; https://higglehub.com"
2602:fb54:3c1:: - - [15/Apr/2025:08:45:44 -0400] "GET /style.php HTTP/1.1" 404 7269 "www.google.com" "Mozilla/5.0 (Linux; Android 7.0; SM-G892A Build/NRD90M; wv) AppleWebKit/537.36 (KHTML, like Gecko) Version/4.0 Chrome/60.0.3112.107 Mobile Safari/537.36"
2602:fb54:3c1:: - - [15/Apr/2025:08:46:11 -0400] "GET /file.php HTTP/1.1" 404 7270 "www.google.com" "Mozilla/5.0 (Linux; Android 7.0; SM-G892A Build/NRD90M; wv) AppleWebKit/537.36 (KHTML, like Gecko) Version/4.0 Chrome/60.0.3112.107 Mobile Safari/537.36"
135.119.141.8 - - [15/Apr/2025:08:49:50 -0400] "HEAD /wordpress HTTP/1.1" 404 0 "http://higglehub.com/wordpress" "Mozilla/5.0 (Windows NT 10.0; Win64; x64) AppleWebKit/537.36 (KHTML, like Gecko) Chrome/74.0.3729.169 Safari/537.36"
198.54.114.83 - - [15/Apr/2025:08:49:56 -0400] "POST /wp-cron.php?doing_wp_cron=1744721394.9433889389038085937500 HTTP/1.1" 200 0 "-" "WordPress/6.7.2; https://higglehub.com"
135.119.141.8 - - [15/Apr/2025:08:49:58 -0400] "HEAD / HTTP/1.1" 200 0 "http://higglehub.com/" "Mozilla/5.0 (Windows NT 10.0; Win64; x64) AppleWebKit/537.36 (KHTML, like Gecko) Chrome/74.0.3729.169 Safari/537.36"
135.119.141.8 - - [15/Apr/2025:08:49:59 -0400] "HEAD /wp HTTP/1.1" 404 0 "http://higglehub.com/wp" "Mozilla/5.0 (Windows NT 10.0; Win64; x64) AppleWebKit/537.36 (KHTML, like Gecko) Chrome/74.0.3729.169 Safari/537.36"
135.119.141.8 - - [15/Apr/2025:08:50:02 -0400] "HEAD /bc HTTP/1.1" 404 0 "http://higglehub.com/bc" "Mozilla/5.0 (Windows NT 10.0; Win64; x64) AppleWebKit/537.36 (KHTML, like Gecko) Chrome/74.0.3729.169 Safari/537.36"
135.119.141.8 - - [15/Apr/2025:08:50:06 -0400] "HEAD /bk HTTP/1.1" 404 0 "http://higglehub.com/bk" "Mozilla/5.0 (Windows NT 10.0; Win64; x64) AppleWebKit/537.36 (KHTML, like Gecko) Chrome/74.0.3729.169 Safari/537.36"
135.119.141.8 - - [15/Apr/2025:08:50:09 -0400] "HEAD /backup HTTP/1.1" 404 0 "http://higglehub.com/backup" "Mozilla/5.0 (Windows NT 10.0; Win64; x64) AppleWebKit/537.36 (KHTML, like Gecko) Chrome/74.0.3729.169 Safari/537.36"
135.119.141.8 - - [15/Apr/2025:08:50:12 -0400] "HEAD /old HTTP/1.1" 404 0 "http://higglehub.com/old" "Mozilla/5.0 (Windows NT 10.0; Win64; x64) AppleWebKit/537.36 (KHTML, like Gecko) Chrome/74.0.3729.169 Safari/537.36"
135.119.141.8 - - [15/Apr/2025:08:50:15 -0400] "HEAD /new HTTP/1.1" 404 0 "http://higglehub.com/new" "Mozilla/5.0 (Windows NT 10.0; Win64; x64) AppleWebKit/537.36 (KHTML, like Gecko) Chrome/74.0.3729.169 Safari/537.36"
135.119.141.8 - - [15/Apr/2025:08:50:16 -0400] "HEAD /main HTTP/1.1" 404 0 "http://higglehub.com/main" "Mozilla/5.0 (Windows NT 10.0; Win64; x64) AppleWebKit/537.36 (KHTML, like Gecko) Chrome/74.0.3729.169 Safari/537.36"
135.119.141.8 - - [15/Apr/2025:08:50:20 -0400] "HEAD /home HTTP/1.1" 404 0 "http://higglehub.com/home" "Mozilla/5.0 (Windows NT 10.0; Win64; x64) AppleWebKit/537.36 (KHTML, like Gecko) Chrome/74.0.3729.169 Safari/537.36"
194.79.208.175 - - [15/Apr/2025:08:50:54 -0400] "POST /xmlrpc.php HTTP/1.1" 200 186 "-" "Mozilla/5.0 (Windows NT 10.0; Win64; x64; rv:75.0) Gecko/20100101 Firefox/75.0"
198.54.114.83 - - [15/Apr/2025:08:51:35 -0400] "POST /wp-cron.php?doing_wp_cron=1744721493.7358310222625732421875 HTTP/1.1" 200 0 "-" "WordPress/6.7.2; https://higglehub.com"
178.20.46.206 - - [15/Apr/2025:08:51:33 -0400] "GET /a-comprehensive-guide-to-multichannel-marketing/ HTTP/1.1" 200 10954 "https://higglehub.com/a-comprehensive-guide-to-multichannel-marketing/" "Mozilla/5.0 (Windows NT 10.0; Win64; x64) AppleWebKit/537.36 (KHTML, like Gecko) Chrome/130.0.0.0 Safari/537.36 CCleaner/130.0.0.0"
178.20.46.206 - - [15/Apr/2025:08:51:37 -0400] "POST /wp-comments-post.php HTTP/1.1" 302 0 "https://higglehub.com/a-comprehensive-guide-to-multichannel-marketing/" "Mozilla/5.0 (Windows NT 10.0; Win64; x64) AppleWebKit/537.36 (KHTML, like Gecko) Chrome/130.0.0.0 Safari/537.36 CCleaner/130.0.0.0"
178.20.46.206 - - [15/Apr/2025:08:51:40 -0400] "GET /a-comprehensive-guide-to-multichannel-marketing/ HTTP/1.1" 200 11514 "https://higglehub.com/a-comprehensive-guide-to-multichannel-marketing/#comment-6301" "Mozilla/5.0 (Windows NT 10.0; Win64; x64) AppleWebKit/537.36 (KHTML, like Gecko) Chrome/130.0.0.0 Safari/537.36 CCleaner/130.0.0.0"
2001:19f0:4400:2394:5400:5ff:fe0c:3cdb - - [15/Apr/2025:08:52:13 -0400] "GET /wp-login.php HTTP/1.1" 200 1765 "-" "GRequests/0.10"
2001:19f0:4400:2394:5400:5ff:fe0c:3cdb - - [15/Apr/2025:08:52:16 -0400] "POST /wp-login.php HTTP/1.1" 200 1897 "-" "GRequests/0.10"
198.54.114.83 - - [15/Apr/2025:08:52:53 -0400] "POST /wp-cron.php?doing_wp_cron=1744721572.3707439899444580078125 HTTP/1.1" 200 0 "-" "WordPress/6.7.2; https://higglehub.com"
111.119.241.12 - - [15/Apr/2025:08:52:52 -0400] "GET /the-rise-of-garden-offices-in-the-uk/ HTTP/1.1" 200 11224 "https://higglehub.com/the-rise-of-garden-offices-in-the-uk/#content" "Mozilla/5.0 (Windows NT 10.0; Win64; x64) AppleWebKit/537.36 (KHTML, like Gecko) Chrome/107.0.0.0 Safari/537.36"
212.34.141.234 - - [15/Apr/2025:09:05:18 -0400] "GET /unleashing-the-power-of-learning-a-journey-of-growth/ HTTP/1.1" 200 10998 "https://higglehub.com/unleashing-the-power-of-learning-a-journey-of-growth/" "Mozilla/5.0 (Windows NT 10.0; Win64; x64) AppleWebKit/537.36 (KHTML, like Gecko) Chrome/130.0.0.0 Safari/537.36"
198.54.114.83 - - [15/Apr/2025:09:05:25 -0400] "POST /wp-cron.php?doing_wp_cron=1744722322.0364739894866943359375 HTTP/1.1" 200 0 "-" "WordPress/6.7.2; https://higglehub.com"
212.34.141.234 - - [15/Apr/2025:09:05:26 -0400] "POST /wp-comments-post.php HTTP/1.1" 302 0 "https://higglehub.com/unleashing-the-power-of-learning-a-journey-of-growth/" "Mozilla/5.0 (Windows NT 10.0; Win64; x64) AppleWebKit/537.36 (KHTML, like Gecko) Chrome/130.0.0.0 Safari/537.36"
212.34.141.234 - - [15/Apr/2025:09:05:31 -0400] "GET /unleashing-the-power-of-learning-a-journey-of-growth/ HTTP/1.1" 200 11668 "https://higglehub.com/unleashing-the-power-of-learning-a-journey-of-growth/#comment-6302" "Mozilla/5.0 (Windows NT 10.0; Win64; x64) AppleWebKit/537.36 (KHTML, like Gecko) Chrome/130.0.0.0 Safari/537.36"
198.54.114.83 - - [15/Apr/2025:09:13:13 -0400] "POST /wp-cron.php?doing_wp_cron=1744722791.8612420558929443359375 HTTP/1.1" 200 0 "-" "WordPress/6.7.2; https://higglehub.com"
74.208.194.58 - - [15/Apr/2025:09:13:06 -0400] "POST /xmlrpc.php HTTP/1.1" 200 186 "-" "Mozilla/5.0 (Windows NT 10.0; Win64; x64; rv:71.0) Gecko/20100101 Firefox/71.0"
2604:a880:4:1d0::21f0:1000 - - [15/Apr/2025:09:14:02 -0400] "POST /xmlrpc.php HTTP/1.1" 200 186 "-" "Mozilla/5.0 (Windows NT 10.0; Win64; x64; rv:100.0) Gecko/20100101 Firefox/100.0"
51.91.221.33 - - [15/Apr/2025:09:17:20 -0400] "POST /xmlrpc.php HTTP/1.1" 200 186 "-" "Mozilla/5.0 (Windows NT 10.0; Win64; x64; rv:43.0) Gecko/20100101 Firefox/43.0"
198.54.114.83 - - [15/Apr/2025:09:17:25 -0400] "POST /wp-cron.php?doing_wp_cron=1744723043.8188679218292236328125 HTTP/1.1" 200 0 "-" "WordPress/6.7.2; https://higglehub.com"
95.108.213.157 - - [15/Apr/2025:09:18:02 -0400] "GET /robots.txt HTTP/1.1" 200 61 "-" "Mozilla/5.0 (compatible; YandexBot/3.0; +http://yandex.com/bots)"
5.255.231.179 - - [15/Apr/2025:09:18:03 -0400] "GET /store/p184/NYX_Professional_Makeup_Butter_Gloss.html HTTP/1.1" 404 7270 "-" "Mozilla/5.0 (compatible; YandexBot/3.0; +http://yandex.com/bots)"
134.209.215.33 - - [15/Apr/2025:09:21:05 -0400] "GET /wp-admin/css/ HTTP/1.1" 403 1242 "binance.com" "Mozilla/5.0 (Windows NT 10.0; Win64; x64) AppleWebKit/537.36 (KHTML, like Gecko) Chrome/90.0.4430.85 Safari/537.36"
2a0a:4cc0:1:13e1:e4ea:79ff:fee2:1ada - - [15/Apr/2025:09:23:42 -0400] "GET /category/digital-marketing/ HTTP/1.1" 200 8264 "-" "Mozilla/5.0 (Windows NT 10.0; Win64; x64) AppleWebKit/537.36 (KHTML, like Gecko) Chrome/100.0.1723.153 Safari/537.36"
185.231.155.169 - - [15/Apr/2025:09:24:07 -0400] "GET /unleashing-the-power-of-learning-a-journey-of-growth/ HTTP/1.1" 200 10998 "https://higglehub.com/unleashing-the-power-of-learning-a-journey-of-growth/" "Mozilla/5.0 (Windows NT 10.0; Win64; x64) AppleWebKit/537.36 (KHTML, like Gecko) Chrome/131.0.0.0 Safari/537.36 Avast/131.0.0.0"
185.231.155.169 - - [15/Apr/2025:09:24:07 -0400] "GET /unleashing-the-power-of-learning-a-journey-of-growth/ HTTP/1.1" 200 10998 "https://higglehub.com/unleashing-the-power-of-learning-a-journey-of-growth/" "Mozilla/5.0 (Windows NT 10.0; Win64; x64) AppleWebKit/537.36 (KHTML, like Gecko) Chrome/131.0.0.0 Safari/537.36"
198.54.114.83 - - [15/Apr/2025:09:24:12 -0400] "POST /wp-cron.php?doing_wp_cron=1744723451.9258589744567871093750 HTTP/1.1" 200 0 "-" "WordPress/6.7.2; https://higglehub.com"
198.54.114.83 - - [15/Apr/2025:09:24:12 -0400] "POST /wp-cron.php?doing_wp_cron=1744723451.9195408821105957031250 HTTP/1.1" 200 0 "-" "WordPress/6.7.2; https://higglehub.com"
185.231.155.169 - - [15/Apr/2025:09:24:09 -0400] "POST /wp-comments-post.php HTTP/1.1" 429 983 "https://higglehub.com/unleashing-the-power-of-learning-a-journey-of-growth/" "Mozilla/5.0 (Windows NT 10.0; Win64; x64) AppleWebKit/537.36 (KHTML, like Gecko) Chrome/131.0.0.0 Safari/537.36 Avast/131.0.0.0"
185.231.155.169 - - [15/Apr/2025:09:24:09 -0400] "POST /wp-comments-post.php HTTP/1.1" 302 0 "https://higglehub.com/unleashing-the-power-of-learning-a-journey-of-growth/" "Mozilla/5.0 (Windows NT 10.0; Win64; x64) AppleWebKit/537.36 (KHTML, like Gecko) Chrome/131.0.0.0 Safari/537.36"
198.54.114.83 - - [15/Apr/2025:09:24:14 -0400] "POST /wp-admin/admin-ajax.php?action=async_litespeed&nonce=hbLLl5E8AQpyytOxqzM302hXlt2Y9zUs&litespeed_type=imgoptm HTTP/1.1" 200 0 "-" "WordPress/6.7.2; https://higglehub.com"
185.231.155.169 - - [15/Apr/2025:09:24:16 -0400] "GET /unleashing-the-power-of-learning-a-journey-of-growth/ HTTP/1.1" 200 17854 "https://higglehub.com/unleashing-the-power-of-learning-a-journey-of-growth/#comment-6303" "Mozilla/5.0 (Windows NT 10.0; Win64; x64) AppleWebKit/537.36 (KHTML, like Gecko) Chrome/131.0.0.0 Safari/537.36"
13.82.231.247 - - [15/Apr/2025:09:28:11 -0400] "GET /wp-includes/block-bindings/ HTTP/1.1" 403 1242 "-" "-"
13.82.231.247 - - [15/Apr/2025:09:28:15 -0400] "GET /wp-content/themes/pridmag/ HTTP/1.1" 404 7270 "-" "-"
198.54.114.83 - - [15/Apr/2025:09:28:24 -0400] "POST /wp-cron.php?doing_wp_cron=1744723701.5804970264434814453125 HTTP/1.1" 200 0 "-" "WordPress/6.7.2; https://higglehub.com"
13.82.231.247 - - [15/Apr/2025:09:28:29 -0400] "GET /wp-setting.php HTTP/1.1" 404 7270 "-" "-"
13.82.231.247 - - [15/Apr/2025:09:28:35 -0400] "GET /wp-content/themes/alera/ HTTP/1.1" 404 7270 "-" "-"
13.82.231.247 - - [15/Apr/2025:09:28:41 -0400] "GET /wp-content/plugins/elementor/assets/images/app/ HTTP/1.1" 404 7269 "-" "-"
13.82.231.247 - - [15/Apr/2025:09:28:45 -0400] "GET /wp-comments-pos.php HTTP/1.1" 404 7269 "-" "-"
13.82.231.247 - - [15/Apr/2025:09:28:51 -0400] "GET /wp-content/themes/ripro/inc/admin/ HTTP/1.1" 404 7270 "-" "-"
13.82.231.247 - - [15/Apr/2025:09:28:56 -0400] "GET /wp-includes/l10n/ HTTP/1.1" 403 1242 "-" "-"
13.82.231.247 - - [15/Apr/2025:09:29:01 -0400] "GET /index/b/home/h213348220/fundlead.ru/docs/wp-admin/includes/ HTTP/1.1" 404 7270 "-" "-"
13.82.231.247 - - [15/Apr/2025:09:29:08 -0400] "GET /wp-includes/blocks/archives/ HTTP/1.1" 403 1242 "-" "-"
13.82.231.247 - - [15/Apr/2025:09:29:15 -0400] "GET /wp-includes/sodium_compat/namespaced/ HTTP/1.1" 403 1242 "-" "-"
13.82.231.247 - - [15/Apr/2025:09:29:23 -0400] "GET /wp-includes/blocks/latest-comments/ HTTP/1.1" 403 1242 "-" "-"
13.82.231.247 - - [15/Apr/2025:09:29:29 -0400] "GET /wp-content/plugins/woocommerce/assets/client/blocks/products-by-attribute/ HTTP/1.1" 404 7270 "-" "-"
198.54.114.83 - - [15/Apr/2025:09:29:33 -0400] "POST /wp-cron.php?doing_wp_cron=1744723769.8676528930664062500000 HTTP/1.1" 200 0 "-" "WordPress/6.7.2; https://higglehub.com"
2a02:4780:2d:a19::1 - - [15/Apr/2025:09:29:34 -0400] "POST /xmlrpc.php HTTP/1.1" 200 186 "-" "Mozilla/5.0 (Windows NT 10.0; Win64; x64; rv:87.0) Gecko/20100101 Firefox/87.0"
13.82.231.247 - - [15/Apr/2025:09:29:36 -0400] "GET /wp-content/uploads/2023/03/ HTTP/1.1" 404 7270 "-" "-"
13.82.231.247 - - [15/Apr/2025:09:29:43 -0400] "GET /wp-content/themes/seotheme/ HTTP/1.1" 404 7269 "-" "-"
13.82.231.247 - - [15/Apr/2025:09:29:51 -0400] "GET /Content/UserFiles/News/Orjinal/ HTTP/1.1" 404 7270 "-" "-"
13.82.231.247 - - [15/Apr/2025:09:30:01 -0400] "GET /wp-content/themes/sketch/ HTTP/1.1" 404 7270 "-" "-"
13.82.231.247 - - [15/Apr/2025:09:30:16 -0400] "GET /wp-includes/images/wlw/ HTTP/1.1" 404 7270 "-" "-"
13.82.231.247 - - [15/Apr/2025:09:30:29 -0400] "GET /templates/p/snippets/g8ofh3h3db/raw/ HTTP/1.1" 404 7270 "-" "-"
13.82.231.247 - - [15/Apr/2025:09:30:41 -0400] "GET /wp-content/ HTTP/1.1" 200 0 "-" "-"
13.82.231.247 - - [15/Apr/2025:09:30:51 -0400] "GET /wp-content/plugins/elementor/assets/images/ HTTP/1.1" 404 7270 "-" "-"
13.82.231.247 - - [15/Apr/2025:09:31:01 -0400] "GET /wp-includes/images/ HTTP/1.1" 403 1242 "-" "-"
13.82.231.247 - - [15/Apr/2025:09:31:11 -0400] "GET /wp-link.php/wp-content/plugins/wp-content/uploads/wp_live_chat/ HTTP/1.1" 404 7270 "-" "-"
13.82.231.247 - - [15/Apr/2025:09:31:20 -0400] "GET /wp-cro.php/ HTTP/1.1" 404 7270 "-" "-"
13.82.231.247 - - [15/Apr/2025:09:31:28 -0400] "GET /wp-includes/Requests/abou.php/ HTTP/1.1" 404 7270 "-" "-"
13.82.231.247 - - [15/Apr/2025:09:31:34 -0400] "GET /wordpress/wp-includes/js/mediaelement/renderers/ HTTP/1.1" 404 7270 "-" "-"
198.54.114.83 - - [15/Apr/2025:09:31:36 -0400] "POST /wp-cron.php?doing_wp_cron=1744723894.2307970523834228515625 HTTP/1.1" 200 0 "-" "WordPress/6.7.2; https://higglehub.com"
13.82.231.247 - - [15/Apr/2025:09:31:40 -0400] "GET /wp-content/plugins/oxygen/component-framework/components/classes/gallery/photoswipe/ HTTP/1.1" 404 7269 "-" "-"
13.82.231.247 - - [15/Apr/2025:09:31:45 -0400] "GET /map.php HTTP/1.1" 404 7269 "-" "-"
13.82.231.247 - - [15/Apr/2025:09:31:50 -0400] "GET /wp-includes/block-patterns/ HTTP/1.1" 403 1242 "-" "-"
13.82.231.247 - - [15/Apr/2025:09:31:55 -0400] "GET /wp-content/plugins/elementor-pro/modules/woocommerce/skins/ HTTP/1.1" 404 7270 "-" "-"
13.82.231.247 - - [15/Apr/2025:09:32:02 -0400] "GET /wp-content/plugins/seo-by-rank-math/vendor/woocommerce/ HTTP/1.1" 404 7270 "-" "-"
13.82.231.247 - - [15/Apr/2025:09:32:08 -0400] "GET /wp-admin/css/colors/sunrise/ HTTP/1.1" 403 1242 "-" "-"
13.82.231.247 - - [15/Apr/2025:09:32:11 -0400] "GET /wp-content/plugins/ultimate-addons-for-gutenberg/blocks-config/uagb-controls/ HTTP/1.1" 404 7270 "-" "-"
13.82.231.247 - - [15/Apr/2025:09:32:15 -0400] "GET /wp-includes/rest-api/ HTTP/1.1" 403 1242 "-" "-"
13.82.231.247 - - [15/Apr/2025:09:32:19 -0400] "GET /wp-content/themes/twenty/ HTTP/1.1" 404 7270 "-" "-"
13.82.231.247 - - [15/Apr/2025:09:32:23 -0400] "GET /wp-includes/js/tinymce/themes/inlite/ HTTP/1.1" 403 1242 "-" "-"
13.82.231.247 - - [15/Apr/2025:09:32:27 -0400] "GET /wp-includes/blocks/ HTTP/1.1" 200 6 "-" "-"
13.82.231.247 - - [15/Apr/2025:09:32:30 -0400] "GET /wp-content/themes/ HTTP/1.1" 200 0 "-" "-"
13.82.231.247 - - [15/Apr/2025:09:32:33 -0400] "GET /newlms/assets/frontend/ HTTP/1.1" 404 7269 "-" "-"
13.82.231.247 - - [15/Apr/2025:09:32:37 -0400] "GET /wp-includes/theme-compat/ HTTP/1.1" 403 1242 "-" "-"
198.54.114.83 - - [15/Apr/2025:09:32:41 -0400] "POST /wp-cron.php?doing_wp_cron=1744723960.0564041137695312500000 HTTP/1.1" 200 0 "-" "WordPress/6.7.2; https://higglehub.com"
13.82.231.247 - - [15/Apr/2025:09:32:39 -0400] "GET /wp-content/plugins/shell/ HTTP/1.1" 404 7269 "-" "-"
198.54.114.83 - - [15/Apr/2025:09:32:43 -0400] "POST /wp-admin/admin-ajax.php?action=async_litespeed&nonce=uGDulUnZxhcZmf7gP567g7cNwNjs6iUH&litespeed_type=imgoptm HTTP/1.1" 200 0 "-" "WordPress/6.7.2; https://higglehub.com"
13.82.231.247 - - [15/Apr/2025:09:32:44 -0400] "GET /wp-content/themes/blocksy/static/sass/frontend/6-layout/entries/ HTTP/1.1" 404 7269 "-" "-"
13.82.231.247 - - [15/Apr/2025:09:32:47 -0400] "GET /wp-admin/images/ HTTP/1.1" 403 1242 "-" "-"
13.82.231.247 - - [15/Apr/2025:09:32:50 -0400] "GET /wp-includes/Requests/abou.php/ HTTP/1.1" 404 7270 "-" "-"
13.82.231.247 - - [15/Apr/2025:09:32:54 -0400] "GET /wp/wp-content/themes/twentytwenty/template-parts/ HTTP/1.1" 404 7269 "-" "-"
13.82.231.247 - - [15/Apr/2025:09:32:59 -0400] "GET /wp-includes/js/dist/ HTTP/1.1" 403 1242 "-" "-"
159.138.135.245 - - [15/Apr/2025:09:32:59 -0400] "GET /lart-du-massage-et-ses-bienfaits/ HTTP/1.1" 200 11554 "https://higglehub.com/lart-du-massage-et-ses-bienfaits/" "Mozilla/5.0 (Windows NT 10.0; Win64; x64) AppleWebKit/537.36 (KHTML, like Gecko) Chrome/104.0.0.0 Safari/537.36"
13.82.231.247 - - [15/Apr/2025:09:33:01 -0400] "GET /wp-includes/ID3/ HTTP/1.1" 403 1242 "-" "-"
13.82.231.247 - - [15/Apr/2025:09:33:05 -0400] "GET /wp-content/plugins/erinyani/ HTTP/1.1" 404 7270 "-" "-"
13.82.231.247 - - [15/Apr/2025:09:33:09 -0400] "GET /wp-content/plugins/wordpress-seo/vendor_prefixed/symfony/ HTTP/1.1" 404 7270 "-" "-"
13.82.231.247 - - [15/Apr/2025:09:33:14 -0400] "GET /admin/ HTTP/1.1" 302 0 "-" "-"
13.82.231.247 - - [15/Apr/2025:09:33:17 -0400] "GET /wp-admin/ HTTP/1.1" 302 0 "-" "-"
13.82.231.247 - - [15/Apr/2025:09:33:20 -0400] "GET /wp-login.php?redirect_to=https%3A%2F%2Fhigglehub.com%2Fwp-admin%2F&reauth=1 HTTP/1.1" 200 1766 "-" "-"
13.82.231.247 - - [15/Apr/2025:09:33:25 -0400] "GET /.well-known/acme-challenge/action=./ HTTP/1.1" 404 7270 "-" "-"
198.54.114.83 - - [15/Apr/2025:09:33:28 -0400] "POST /wp-cron.php?doing_wp_cron=1744724006.3250870704650878906250 HTTP/1.1" 200 0 "-" "WordPress/6.7.2; https://higglehub.com"
13.82.231.247 - - [15/Apr/2025:09:33:31 -0400] "GET /wp-includes/images/smilies/ HTTP/1.1" 403 1242 "-" "-"
13.82.231.247 - - [15/Apr/2025:09:33:34 -0400] "GET /vendor/symfony/serializer/Mapping/ HTTP/1.1" 404 7270 "-" "-"
13.82.231.247 - - [15/Apr/2025:09:33:38 -0400] "GET /wp-content/themes/blocksy/ HTTP/1.1" 404 7270 "-" "-"
13.82.231.247 - - [15/Apr/2025:09:33:42 -0400] "GET /wp-includes/sodium_compat/ HTTP/1.1" 403 1242 "-" "-"
13.82.231.247 - - [15/Apr/2025:09:33:46 -0400] "GET /assets/admin/plugins/ckeditor/plugins/scayt/dialogs/dialogs/ HTTP/1.1" 404 7269 "-" "-"
13.82.231.247 - - [15/Apr/2025:09:33:51 -0400] "GET /wp-includes/interactivity-api/ HTTP/1.1" 403 1242 "-" "-"
13.82.231.247 - - [15/Apr/2025:09:33:56 -0400] "GET /wp-admin/network/ HTTP/1.1" 302 0 "-" "-"
13.82.231.247 - - [15/Apr/2025:09:34:00 -0400] "GET /wp-login.php?redirect_to=https%3A%2F%2Fhigglehub.com%2Fwp-admin%2Fnetwork%2F&reauth=1 HTTP/1.1" 200 1771 "-" "-"
13.82.231.247 - - [15/Apr/2025:09:34:05 -0400] "GET /wp-includes/js/tinymce/plugins/image/ HTTP/1.1" 403 1242 "-" "-"
13.82.231.247 - - [15/Apr/2025:09:34:11 -0400] "GET /wp-includes/Requests/Response/ HTTP/1.1" 404 7269 "-" "-"
13.82.231.247 - - [15/Apr/2025:09:34:17 -0400] "GET /wp-includes/SimplePie/ HTTP/1.1" 403 1242 "-" "-"
195.2.70.49 - - [15/Apr/2025:09:34:21 -0400] "GET /unleashing-the-power-of-learning-a-journey-of-growth/ HTTP/1.1" 200 10998 "https://higglehub.com/unleashing-the-power-of-learning-a-journey-of-growth/" "Mozilla/5.0 (Windows NT 10.0; Win64; x64) AppleWebKit/537.36 (KHTML, like Gecko) Chrome/130.0.0.0 Safari/537.36 CCleaner/130.0.0.0"
13.82.231.247 - - [15/Apr/2025:09:34:22 -0400] "GET /files/ HTTP/1.1" 404 7269 "-" "-"
195.2.70.49 - - [15/Apr/2025:09:34:24 -0400] "POST /wp-comments-post.php HTTP/1.1" 302 0 "https://higglehub.com/unleashing-the-power-of-learning-a-journey-of-growth/" "Mozilla/5.0 (Windows NT 10.0; Win64; x64) AppleWebKit/537.36 (KHTML, like Gecko) Chrome/130.0.0.0 Safari/537.36 CCleaner/130.0.0.0"
13.82.231.247 - - [15/Apr/2025:09:34:29 -0400] "GET /wp-includes/Text/Diff/Engine/ HTTP/1.1" 403 1242 "-" "-"
198.54.114.83 - - [15/Apr/2025:09:34:31 -0400] "POST /wp-cron.php?doing_wp_cron=1744724069.5843100547790527343750 HTTP/1.1" 200 0 "-" "WordPress/6.7.2; https://higglehub.com"
195.2.70.49 - - [15/Apr/2025:09:34:29 -0400] "GET /unleashing-the-power-of-learning-a-journey-of-growth/ HTTP/1.1" 200 11742 "https://higglehub.com/unleashing-the-power-of-learning-a-journey-of-growth/#comment-6304" "Mozilla/5.0 (Windows NT 10.0; Win64; x64) AppleWebKit/537.36 (KHTML, like Gecko) Chrome/130.0.0.0 Safari/537.36 CCleaner/130.0.0.0"
13.82.231.247 - - [15/Apr/2025:09:34:33 -0400] "GET /wp-includes/SimplePie/HTTP/ HTTP/1.1" 404 7269 "-" "-"
13.82.231.247 - - [15/Apr/2025:09:34:39 -0400] "GET /wp-content/uploads/2023/ HTTP/1.1" 403 1242 "-" "-"
13.82.231.247 - - [15/Apr/2025:09:34:45 -0400] "GET /wp-content/plugins/woocommerce/includes/gateways/ HTTP/1.1" 404 7269 "-" "-"
13.82.231.247 - - [15/Apr/2025:09:34:50 -0400] "GET /wp-admin/ HTTP/1.1" 302 0 "-" "-"
13.82.231.247 - - [15/Apr/2025:09:34:53 -0400] "GET /wp-login.php?redirect_to=https%3A%2F%2Fhigglehub.com%2Fwp-admin%2F&reauth=1 HTTP/1.1" 200 1766 "-" "-"
13.82.231.247 - - [15/Apr/2025:09:34:58 -0400] "GET /wp-content/fonts/wp-content/fonts/ HTTP/1.1" 404 7269 "-" "-"
13.82.231.247 - - [15/Apr/2025:09:35:02 -0400] "GET /images/icons/rouyg/hppd/ HTTP/1.1" 404 7270 "-" "-"
13.82.231.247 - - [15/Apr/2025:09:35:09 -0400] "GET /wp-includes/blocks/freeform/ HTTP/1.1" 403 1242 "-" "-"
13.82.231.247 - - [15/Apr/2025:09:35:15 -0400] "GET /wp-content/plugins/insert-headers-and-footers/includes/auto-insert/ HTTP/1.1" 404 7270 "-" "-"
13.82.231.247 - - [15/Apr/2025:09:35:21 -0400] "GET /wp-content/upgrade/ HTTP/1.1" 403 1242 "-" "-"
13.82.231.247 - - [15/Apr/2025:09:35:26 -0400] "GET /wp-content/themes/twentytwenty/ HTTP/1.1" 404 7270 "-" "-"
13.82.231.247 - - [15/Apr/2025:09:35:30 -0400] "GET /wp-content/plugins/ HTTP/1.1" 200 0 "-" "-"
13.82.231.247 - - [15/Apr/2025:09:35:33 -0400] "GET /wp-includesmaps/p/snippets/g8ofh3h3db/raw/ HTTP/1.1" 404 7270 "-" "-"
198.98.52.69 - - [15/Apr/2025:09:35:36 -0400] "GET /wp-login.php HTTP/1.1" 200 1765 "-" "Mozilla/5.0 (Macintosh; Intel Mac OS X 10_9_4 AppleWebKit/537.36 (KHTML, like Gecko) Chrome/36.0.1985.125 Safari/537.36"
198.54.114.83 - - [15/Apr/2025:09:35:37 -0400] "POST /wp-cron.php?doing_wp_cron=1744724134.1773540973663330078125 HTTP/1.1" 200 0 "-" "WordPress/6.7.2; https://higglehub.com"
13.82.231.247 - - [15/Apr/2025:09:35:39 -0400] "GET /wp-content/plugins/file-manager-advanced/application/library/codemirror/mode/jsx/ HTTP/1.1" 404 7269 "-" "-"
13.82.231.247 - - [15/Apr/2025:09:35:46 -0400] "GET /templates/ja_purity/ HTTP/1.1" 404 7269 "-" "-"
13.82.231.247 - - [15/Apr/2025:09:35:51 -0400] "GET /wp-admin/css/colors/light/ HTTP/1.1" 403 1242 "-" "-"
198.98.52.69 - - [15/Apr/2025:09:35:54 -0400] "POST /wp-login.php HTTP/1.1" 200 1901 "-" "Mozilla/5.0 (Macintosh; Intel Mac OS X 10_9_4 AppleWebKit/537.36 (KHTML, like Gecko) Chrome/36.0.1985.125 Safari/537.36"
13.82.231.247 - - [15/Apr/2025:09:35:57 -0400] "GET /cgi-bin/ HTTP/1.1" 404 1251 "-" "-"
13.82.231.247 - - [15/Apr/2025:09:36:02 -0400] "GET /wp-includes/assets/ HTTP/1.1" 403 1242 "-" "-"
13.82.231.247 - - [15/Apr/2025:09:36:07 -0400] "GET /wp-admin/css/colors/ HTTP/1.1" 403 1242 "-" "-"
13.82.231.247 - - [15/Apr/2025:09:36:12 -0400] "GET /wp-content/plugins/generateblocks/src/components/unit-picker/ HTTP/1.1" 404 7270 "-" "-"
13.82.231.247 - - [15/Apr/2025:09:36:16 -0400] "GET /wp-includesmaps/ HTTP/1.1" 404 7270 "-" "-"
13.82.231.247 - - [15/Apr/2025:09:36:21 -0400] "GET /wp-include.php HTTP/1.1" 404 7269 "-" "-"
13.82.231.247 - - [15/Apr/2025:09:36:32 -0400] "GET /wp-includes/css/ HTTP/1.1" 403 1242 "-" "-"
198.54.114.83 - - [15/Apr/2025:09:36:39 -0400] "POST /wp-cron.php?doing_wp_cron=1744724197.8537330627441406250000 HTTP/1.1" 200 0 "-" "WordPress/6.7.2; https://higglehub.com"
13.82.231.247 - - [15/Apr/2025:09:36:37 -0400] "GET /sos/NewTheme/images/VillagesPictures/Dhodial/Dhodial/ HTTP/1.1" 404 7270 "-" "-"
13.82.231.247 - - [15/Apr/2025:09:36:43 -0400] "GET /wp-includes/css/dist/block-library/ HTTP/1.1" 403 1242 "-" "-"
13.82.231.247 - - [15/Apr/2025:09:36:48 -0400] "GET /wp-admin/css/ HTTP/1.1" 403 1242 "-" "-"
13.82.231.247 - - [15/Apr/2025:09:36:51 -0400] "GET /wp-includes/block-supports/ HTTP/1.1" 403 1242 "-" "-"
13.82.231.247 - - [15/Apr/2025:09:36:55 -0400] "GET /wp-includes/certificates/ HTTP/1.1" 403 1242 "-" "-"
13.82.231.247 - - [15/Apr/2025:09:36:58 -0400] "GET /wp-content/plugins/bdthemes-element-pack/modules/review-card/ HTTP/1.1" 404 7270 "-" "-"
13.82.231.247 - - [15/Apr/2025:09:37:02 -0400] "GET /wp-content/plugins/w3-total-cache/lib/Aws/Aws/Api/Parser/ HTTP/1.1" 404 7270 "-" "-"
13.82.231.247 - - [15/Apr/2025:09:37:07 -0400] "GET /assets/css/ HTTP/1.1" 404 7270 "-" "-"
13.82.231.247 - - [15/Apr/2025:09:37:11 -0400] "GET /wp-content/themes/twentytwentyfive/styles/sections/ HTTP/1.1" 404 7270 "-" "-"
13.82.231.247 - - [15/Apr/2025:09:37:14 -0400] "GET /wp-includes/js/tinymce/utils/ HTTP/1.1" 403 1242 "-" "-"
13.82.231.247 - - [15/Apr/2025:09:37:17 -0400] "GET /wp-includes/blocks/file/ HTTP/1.1" 403 1242 "-" "-"
13.82.231.247 - - [15/Apr/2025:09:37:20 -0400] "GET /wp-content/themes/astra/inc/modules/ HTTP/1.1" 404 7270 "-" "-"
13.82.231.247 - - [15/Apr/2025:09:37:25 -0400] "GET /wp-mai.php HTTP/1.1" 404 7270 "-" "-"
13.82.231.247 - - [15/Apr/2025:09:37:31 -0400] "GET /wp-taglin.php HTTP/1.1" 404 7270 "-" "-"
13.82.231.247 - - [15/Apr/2025:09:37:35 -0400] "GET /wp-editor.php HTTP/1.1" 404 7270 "-" "-"
198.54.114.83 - - [15/Apr/2025:09:37:42 -0400] "POST /wp-cron.php?doing_wp_cron=1744724260.5535829067230224609375 HTTP/1.1" 200 0 "-" "WordPress/6.7.2; https://higglehub.com"
13.82.231.247 - - [15/Apr/2025:09:37:40 -0400] "GET /wp-content/themes/twentytwentyfour/ HTTP/1.1" 404 7269 "-" "-"
107.189.3.116 - - [15/Apr/2025:09:37:46 -0400] "GET /wp-login.php HTTP/1.1" 200 1765 "-" "Mozilla/5.0 (Windows NT 6.2; WOW64; rv:30.0) Gecko/20100101 Firefox/30.0"
13.82.231.247 - - [15/Apr/2025:09:37:47 -0400] "GET /wp-includes/js/tinymce/plugins/wpeditimage/wpeditimage/ HTTP/1.1" 404 7269 "-" "-"
13.82.231.247 - - [15/Apr/2025:09:37:52 -0400] "GET /wp-content/plugins/wp-table-builder/inc/core/freemius/assets/img/ HTTP/1.1" 404 7270 "-" "-"
13.82.231.247 - - [15/Apr/2025:09:37:57 -0400] "GET /wp-activat.php HTTP/1.1" 404 7270 "-" "-"
13.82.231.247 - - [15/Apr/2025:09:38:03 -0400] "GET /wp-includes/blocks/embed/ HTTP/1.1" 403 1242 "-" "-"
107.189.3.116 - - [15/Apr/2025:09:38:06 -0400] "POST /wp-login.php HTTP/1.1" 200 1897 "-" "Mozilla/5.0 (Windows NT 6.2; WOW64; rv:30.0) Gecko/20100101 Firefox/30.0"
13.82.231.247 - - [15/Apr/2025:09:38:08 -0400] "GET /wp-content/plugins/revslider/public/assets/js/libs/ HTTP/1.1" 404 7270 "-" "-"
83.96.201.169 - - [15/Apr/2025:09:38:09 -0400] "POST /xmlrpc.php HTTP/1.1" 200 186 "-" "Mozilla/5.0 (Windows NT 10.0; Win64; x64; rv:54.0) Gecko/20100101 Firefox/54.0"
13.82.231.247 - - [15/Apr/2025:09:38:13 -0400] "GET /wp-includes/css/dist/customize-widgets/ HTTP/1.1" 403 1242 "-" "-"
13.82.231.247 - - [15/Apr/2025:09:38:17 -0400] "GET /.well-known/pki-validation/ HTTP/1.1" 403 1242 "-" "-"
13.82.231.247 - - [15/Apr/2025:09:38:22 -0400] "GET /wp-content/plugins/pro-elements/modules/notes/database/query/ HTTP/1.1" 404 7270 "-" "-"
13.82.231.247 - - [15/Apr/2025:09:38:27 -0400] "GET /wp-content/languages/themes/wp-content/languages/themes/ HTTP/1.1" 404 7270 "-" "-"
13.82.231.247 - - [15/Apr/2025:09:38:33 -0400] "GET /wp-content/plugins/elementor/ HTTP/1.1" 404 7269 "-" "-"
13.82.231.247 - - [15/Apr/2025:09:38:40 -0400] "GET /templates/ HTTP/1.1" 404 7269 "-" "-"
