166.108.232.12 - - [16/Apr/2025:16:05:58 -0400] "GET /the-ultimate-guide-to-the-best-extracts-online-in-canada/ HTTP/1.1" 200 11029 "https://higglehub.com/the-ultimate-guide-to-the-best-extracts-online-in-canada/" "Mozilla/5.0 (Windows NT 10.0; Win64; x64) AppleWebKit/537.36 (KHTML, like Gecko) Chrome/101.0.4951.64 Safari/537.36 Edg/101.0.1210.47"
198.54.114.83 - - [16/Apr/2025:16:09:28 -0400] "POST /wp-cron.php?doing_wp_cron=1744834167.7561740875244140625000 HTTP/1.1" 200 0 "-" "WordPress/6.8; https://higglehub.com"
92.222.9.92 - - [16/Apr/2025:16:09:23 -0400] "POST /xmlrpc.php HTTP/1.1" 200 186 "-" "Mozilla/5.0 (Windows NT 10.0; Win64; x64; rv:69.0) Gecko/20100101 Firefox/69.0"
198.54.114.83 - - [16/Apr/2025:16:09:33 -0400] "POST /wp-admin/admin-ajax.php?action=async_litespeed&nonce=Hh4rJzc2fU0nfT2ZWldtaTptiTW811hD&litespeed_type=imgoptm HTTP/1.1" 200 0 "-" "WordPress/6.8; https://higglehub.com"
198.98.61.49 - - [16/Apr/2025:16:13:41 -0400] "GET /wp-login.php HTTP/1.1" 200 1773 "-" "Mozilla/5.0 (iPhone; CPU iPhone OS 7_1_2 like Mac OS X) AppleWebKit/537.51.2 (KHTML, like Gecko) Version/7.0 Mobile/11D257 Safari/9537.53"
198.98.61.49 - - [16/Apr/2025:16:13:43 -0400] "POST /wp-login.php HTTP/1.1" 200 1897 "-" "Mozilla/5.0 (iPhone; CPU iPhone OS 7_1_2 like Mac OS X) AppleWebKit/537.51.2 (KHTML, like Gecko) Version/7.0 Mobile/11D257 Safari/9537.53"
198.54.114.83 - - [16/Apr/2025:16:13:50 -0400] "POST /wp-cron.php?doing_wp_cron=1744834428.8176870346069335937500 HTTP/1.1" 200 0 "-" "WordPress/6.8; https://higglehub.com"
45.61.187.191 - - [16/Apr/2025:16:16:00 -0400] "GET /wp-login.php HTTP/1.1" 200 1773 "-" "Mozilla/5.0 (X11; Linux i686) AppleWebKit/537.36 (KHTML, like Gecko) Chrome/36.0.1985.125 Safari/537.36"
45.61.187.191 - - [16/Apr/2025:16:16:01 -0400] "POST /wp-login.php HTTP/1.1" 200 1901 "-" "Mozilla/5.0 (X11; Linux i686) AppleWebKit/537.36 (KHTML, like Gecko) Chrome/36.0.1985.125 Safari/537.36"
198.54.114.83 - - [16/Apr/2025:16:16:08 -0400] "POST /wp-cron.php?doing_wp_cron=1744834567.1112189292907714843750 HTTP/1.1" 200 0 "-" "WordPress/6.8; https://higglehub.com"
198.54.114.83 - - [16/Apr/2025:16:20:58 -0400] "POST /wp-cron.php?doing_wp_cron=1744834856.6542570590972900390625 HTTP/1.1" 200 0 "-" "WordPress/6.8; https://higglehub.com"
2604:a880:400:d0::2424:7001 - - [16/Apr/2025:16:20:51 -0400] "POST /xmlrpc.php HTTP/1.1" 200 186 "-" "Mozilla/5.0 (Windows NT 10.0; Win64; x64; rv:74.0) Gecko/20100101 Firefox/74.0"
216.244.66.247 - - [16/Apr/2025:16:22:10 -0400] "GET /robots.txt HTTP/1.1" 304 0 "-" "Mozilla/5.0 (compatible; DotBot/1.2; +https://opensiteexplorer.org/dotbot; help@moz.com)"
162.243.72.223 - - [16/Apr/2025:16:26:43 -0400] "GET /wp-login.php HTTP/1.1" 200 1773 "-" "GRequests/0.10"
162.243.72.223 - - [16/Apr/2025:16:26:44 -0400] "POST /wp-login.php HTTP/1.1" 200 1901 "-" "GRequests/0.10"
198.54.114.83 - - [16/Apr/2025:16:26:50 -0400] "POST /wp-cron.php?doing_wp_cron=1744835208.7859621047973632812500 HTTP/1.1" 200 0 "-" "WordPress/6.8; https://higglehub.com"
178.33.40.189 - - [16/Apr/2025:16:27:14 -0400] "POST /xmlrpc.php HTTP/1.1" 200 186 "-" "Mozilla/5.0 (Windows NT 10.0; Win64; x64; rv:70.0) Gecko/20100101 Firefox/70.0"
194.209.195.108 - - [16/Apr/2025:16:28:26 -0400] "POST /xmlrpc.php HTTP/1.1" 200 186 "-" "Mozilla/5.0 (Windows NT 10.0; Win64; x64; rv:98.0) Gecko/20100101 Firefox/98.0"
198.54.114.83 - - [16/Apr/2025:16:28:29 -0400] "POST /wp-cron.php?doing_wp_cron=1744835306.7193119525909423828125 HTTP/1.1" 200 0 "-" "WordPress/6.8; https://higglehub.com"
216.244.66.247 - - [16/Apr/2025:16:29:21 -0400] "GET /exploring-the-world-of-online-casinos/ HTTP/1.1" 200 10904 "-" "Mozilla/5.0 (compatible; DotBot/1.2; +https://opensiteexplorer.org/dotbot; help@moz.com)"
109.123.236.97 - - [16/Apr/2025:16:30:11 -0400] "GET /wp-login.php HTTP/1.1" 200 1773 "-" "GRequests/0.10"
2a0a:4cc0:80:2308:e46d:f7ff:fe1f:9729 - - [16/Apr/2025:16:30:11 -0400] "POST /xmlrpc.php HTTP/1.1" 200 186 "-" "Mozilla/5.0 (Windows NT 10.0; Win64; x64; rv:81.0) Gecko/20100101 Firefox/81.0"
198.54.114.83 - - [16/Apr/2025:16:30:16 -0400] "POST /wp-cron.php?doing_wp_cron=1744835412.0180680751800537109375 HTTP/1.1" 200 0 "-" "WordPress/6.8; https://higglehub.com"
109.123.236.97 - - [16/Apr/2025:16:30:16 -0400] "POST /wp-login.php HTTP/1.1" 200 1897 "-" "GRequests/0.10"
8.219.232.173 - - [16/Apr/2025:16:33:47 -0400] "POST /xmlrpc.php HTTP/1.1" 200 186 "-" "Mozilla/5.0 (Windows NT 10.0; Win64; x64) AppleWebKit/537.36 (KHTML, like Gecko) Chrome/87.0.4280.88 Safari/537.36"
193.202.110.29 - - [16/Apr/2025:16:33:46 -0400] "POST /xmlrpc.php HTTP/1.1" 200 186 "-" "Mozilla/5.0 (Windows NT 6.1; Win64; x64; rv:25.0) Gecko/20100101 Firefox/29.0"
2a01:4f9:c010:2b94::1 - - [16/Apr/2025:16:33:49 -0400] "POST /xmlrpc.php HTTP/1.1" 200 186 "-" "Mozilla/5.0 (Windows; U; Windows NT 5.1; en-US; rv:1.7.12) Gecko/20050915 Firefox/1.0.7"
198.54.114.83 - - [16/Apr/2025:16:33:54 -0400] "POST /wp-cron.php?doing_wp_cron=1744835630.8501119613647460937500 HTTP/1.1" 200 0 "-" "WordPress/6.8; https://higglehub.com"
198.54.114.83 - - [16/Apr/2025:16:33:54 -0400] "POST /wp-cron.php?doing_wp_cron=1744835630.8910710811614990234375 HTTP/1.1" 200 0 "-" "WordPress/6.8; https://higglehub.com"
198.54.114.83 - - [16/Apr/2025:16:33:54 -0400] "POST /wp-cron.php?doing_wp_cron=1744835630.8681550025939941406250 HTTP/1.1" 200 0 "-" "WordPress/6.8; https://higglehub.com"
217.160.207.42 - - [16/Apr/2025:16:33:59 -0400] "POST /xmlrpc.php HTTP/1.1" 200 186 "-" "Mozilla/5.0 (Windows NT 10.0; Win64; x64) AppleWebKit/537.36 (KHTML, like Gecko) Chrome/80.0.3987.163 Safari/537.36"
66.103.204.66 - - [16/Apr/2025:16:34:00 -0400] "POST /xmlrpc.php HTTP/1.1" 200 186 "-" "Mozilla/5.0 (Windows NT 10.0; Win64; x64) AppleWebKit/537.36 (KHTML, like Gecko) Chrome/88.0.4324.104 Safari/537.36"
2a01:4f9:c010:2b94::1 - - [16/Apr/2025:16:34:09 -0400] "POST /xmlrpc.php HTTP/1.1" 200 186 "-" "Mozilla/5.0 (X11; Ubuntu; Linux i686; rv:24.0) Gecko/20100101 Firefox/24.0"
84.247.150.34 - - [16/Apr/2025:16:34:09 -0400] "POST /xmlrpc.php HTTP/1.1" 200 186 "-" "Mozilla/5.0 (Macintosh; Intel Mac OS X 10_10; rv:33.0) Gecko/20100101 Firefox/33.0"
13.80.27.129 - - [16/Apr/2025:16:34:14 -0400] "POST /xmlrpc.php HTTP/1.1" 200 186 "-" "Mozilla/5.0 (Linux; Android 10; LM-X420) AppleWebKit/537.36 (KHTML, like Gecko) Chrome/91.0.4472.114 Mobile Safari/537.36"
114.34.168.241 - - [16/Apr/2025:16:34:19 -0400] "POST /xmlrpc.php HTTP/1.1" 200 186 "-" "Mozilla/5.0 (Windows NT 6.1; WOW64; rv:47.0) Gecko/20100101 Firefox/47.0"
159.223.40.177 - - [16/Apr/2025:16:34:19 -0400] "POST /xmlrpc.php HTTP/1.1" 200 186 "-" "Mozilla/5.0 (Linux; Android 10; LM-Q710(FGN)) AppleWebKit/537.36 (KHTML, like Gecko) Chrome/91.0.4472.114 Mobile Safari/537.36"
78.128.76.46 - - [16/Apr/2025:16:34:28 -0400] "POST /xmlrpc.php HTTP/1.1" 200 186 "-" "Mozilla/5.0 (Windows NT 10.0; Win64; x64; rv:84.0) Gecko/20100101 Firefox/84.0"
203.161.63.25 - - [16/Apr/2025:16:34:35 -0400] "POST /xmlrpc.php HTTP/1.1" 200 186 "-" "Mozilla/5.0 (X11; Ubuntu; Linux i686; rv:24.0) Gecko/20100101 Firefox/24.0"
13.80.27.129 - - [16/Apr/2025:16:34:37 -0400] "POST /xmlrpc.php HTTP/1.1" 200 186 "-" "Mozilla/5.0 (Windows NT 10.0; Win64; x64) AppleWebKit/537.36 (KHTML, like Gecko) Chrome/68.0.3440.106 Safari/537.36"
216.244.66.247 - - [16/Apr/2025:16:34:47 -0400] "GET /2024/10/page/4/ HTTP/1.1" 200 10923 "-" "Mozilla/5.0 (compatible; DotBot/1.2; +https://opensiteexplorer.org/dotbot; help@moz.com)"
139.59.82.42 - - [16/Apr/2025:16:35:46 -0400] "POST /xmlrpc.php HTTP/1.1" 200 186 "-" "Mozilla/5.0 (Windows NT 10.0; Win64; x64; rv:57.0) Gecko/20100101 Firefox/57.0"
198.54.114.83 - - [16/Apr/2025:16:35:55 -0400] "POST /wp-cron.php?doing_wp_cron=1744835752.4044580459594726562500 HTTP/1.1" 200 0 "-" "WordPress/6.8; https://higglehub.com"
81.17.57.144 - - [16/Apr/2025:16:36:02 -0400] "GET /robots.txt HTTP/1.1" 200 61 "-" "Mozilla/5.0 (compatible; MJ12bot/v1.4.8; http://mj12bot.com/)"
81.17.57.144 - - [16/Apr/2025:16:36:11 -0400] "GET /%EC%83%81%ED%92%88%EA%B6%8C%EC%86%8C%EC%95%A1%EA%B2%B0%EC%A0%9C/feed/ HTTP/1.1" 200 399 "-" "Mozilla/5.0 (compatible; MJ12bot/v1.4.8; http://mj12bot.com/)"
198.54.114.83 - - [16/Apr/2025:16:41:23 -0400] "POST /wp-cron.php?doing_wp_cron=1744836077.7716660499572753906250 HTTP/1.1" 200 0 "-" "WordPress/6.8; https://higglehub.com"
190.92.214.39 - - [16/Apr/2025:16:41:09 -0400] "GET /the-transformative-power-of-massage/ HTTP/1.1" 200 11213 "https://higglehub.com/the-transformative-power-of-massage/" "Mozilla/5.0 (Macintosh; Intel Mac OS X 10_15_7) AppleWebKit/537.36 (KHTML, like Gecko) Chrome/131.0.0.0 Safari/537.36"
195.54.178.44 - - [16/Apr/2025:16:44:27 -0400] "POST /xmlrpc.php HTTP/1.1" 200 205 "-" "Mozilla/5.0 (X11; Fedora; Linux x86_64; rv:94.0) Gecko/20100101 Firefox/95.0"
198.54.114.83 - - [16/Apr/2025:16:44:35 -0400] "POST /wp-cron.php?doing_wp_cron=1744836272.7970681190490722656250 HTTP/1.1" 200 0 "-" "WordPress/6.8; https://higglehub.com"
198.54.114.83 - - [16/Apr/2025:16:45:44 -0400] "POST /wp-cron.php?doing_wp_cron=1744836343.9034159183502197265625 HTTP/1.1" 200 0 "-" "WordPress/6.8; https://higglehub.com"
81.17.57.144 - - [16/Apr/2025:16:45:43 -0400] "GET /store/p227/Titanium_Steel_Heart_Bangle%C2%A0-_Black.html HTTP/1.1" 404 7484 "-" "Mozilla/5.0 (compatible; MJ12bot/v1.4.8; http://mj12bot.com/)"
198.54.114.83 - - [16/Apr/2025:16:45:48 -0400] "POST /wp-admin/admin-ajax.php?action=async_litespeed&nonce=qM39uRdYDQwlNKZsk130htag3gfC1Nr1&litespeed_type=imgoptm HTTP/1.1" 200 0 "-" "WordPress/6.8; https://higglehub.com"
81.17.57.144 - - [16/Apr/2025:16:45:50 -0400] "GET /store/p234/Vintage_Geometric_Stud_Earrings_and_Ear%C2%A0Cuff%C2%A0Set_-_Silver_Tone.html HTTP/1.1" 404 7484 "-" "Mozilla/5.0 (compatible; MJ12bot/v1.4.8; http://mj12bot.com/)"
81.17.57.144 - - [16/Apr/2025:16:45:59 -0400] "GET /store/p41/Ain%E2%80%99t_It_Fun_Striped_Romper_-_White-Black.html HTTP/1.1" 404 7483 "-" "Mozilla/5.0 (compatible; MJ12bot/v1.4.8; http://mj12bot.com/)"
2a02:74a0:a008:2014:f816:3eff:fee9:598d - - [16/Apr/2025:16:49:14 -0400] "POST /xmlrpc.php HTTP/1.1" 200 186 "-" "Mozilla/5.0 (Windows NT 10.0; Win64; x64; rv:44.0) Gecko/20100101 Firefox/44.0"
198.54.114.83 - - [16/Apr/2025:16:49:22 -0400] "POST /wp-cron.php?doing_wp_cron=1744836559.5364511013031005859375 HTTP/1.1" 200 0 "-" "WordPress/6.8; https://higglehub.com"
198.54.114.83 - - [16/Apr/2025:16:50:34 -0400] "POST /wp-cron.php?doing_wp_cron=1744836634.4256880283355712890625 HTTP/1.1" 200 0 "-" "WordPress/6.8; https://higglehub.com"
89.117.41.166 - - [16/Apr/2025:16:50:33 -0400] "GET /uploaded_script.php HTTP/1.1" 404 7483 "http://higglehub.com/uploaded_script.php" "Mozlila/5.0 (Linux; Android 7.0; SM-G892A Bulid/NRD90M; wv) AppleWebKit/537.36 (KHTML, like Gecko) Version/4.0 Chrome/60.0.3112.107 Moblie Safari/537.36"
198.54.114.83 - - [16/Apr/2025:16:50:37 -0400] "POST /wp-admin/admin-ajax.php?action=async_litespeed&nonce=kFy9wNznfyE9lN5P920moh3tP3aCeq8y&litespeed_type=imgoptm HTTP/1.1" 200 0 "-" "WordPress/6.8; https://higglehub.com"
89.117.41.166 - - [16/Apr/2025:16:50:39 -0400] "GET /go.php HTTP/1.1" 200 0 "http://higglehub.com/go.php" "Mozlila/5.0 (Linux; Android 7.0; SM-G892A Bulid/NRD90M; wv) AppleWebKit/537.36 (KHTML, like Gecko) Version/4.0 Chrome/60.0.3112.107 Moblie Safari/537.36"
89.117.41.166 - - [16/Apr/2025:16:50:48 -0400] "GET /.well-known/ HTTP/1.1" 403 1242 "http://higglehub.com/.well-known/" "Mozlila/5.0 (Linux; Android 7.0; SM-G892A Bulid/NRD90M; wv) AppleWebKit/537.36 (KHTML, like Gecko) Version/4.0 Chrome/60.0.3112.107 Moblie Safari/537.36"
89.117.41.166 - - [16/Apr/2025:16:50:50 -0400] "GET /.well-known/pki-validation/ HTTP/1.1" 403 1242 "http://higglehub.com/.well-known/pki-validation/" "Mozlila/5.0 (Linux; Android 7.0; SM-G892A Bulid/NRD90M; wv) AppleWebKit/537.36 (KHTML, like Gecko) Version/4.0 Chrome/60.0.3112.107 Moblie Safari/537.36"
89.117.41.166 - - [16/Apr/2025:16:50:51 -0400] "GET /.well-known/acme-challenge/ HTTP/1.1" 404 7483 "http://higglehub.com/.well-known/acme-challenge/" "Mozlila/5.0 (Linux; Android 7.0; SM-G892A Bulid/NRD90M; wv) AppleWebKit/537.36 (KHTML, like Gecko) Version/4.0 Chrome/60.0.3112.107 Moblie Safari/537.36"
89.117.41.166 - - [16/Apr/2025:16:50:56 -0400] "GET /vendor/phpunit/phpunit/src/Util/PHP/ HTTP/1.1" 404 7483 "http://higglehub.com/vendor/phpunit/phpunit/src/Util/PHP/" "Mozlila/5.0 (Linux; Android 7.0; SM-G892A Bulid/NRD90M; wv) AppleWebKit/537.36 (KHTML, like Gecko) Version/4.0 Chrome/60.0.3112.107 Moblie Safari/537.36"
89.117.41.166 - - [16/Apr/2025:16:50:59 -0400] "GET /wp-content/uploads/ HTTP/1.1" 403 1242 "http://higglehub.com/wp-content/uploads/" "Mozlila/5.0 (Linux; Android 7.0; SM-G892A Bulid/NRD90M; wv) AppleWebKit/537.36 (KHTML, like Gecko) Version/4.0 Chrome/60.0.3112.107 Moblie Safari/537.36"
89.117.41.166 - - [16/Apr/2025:16:51:03 -0400] "GET /wp-admin/ HTTP/1.1" 302 0 "http://higglehub.com/wp-admin/" "Mozlila/5.0 (Linux; Android 7.0; SM-G892A Bulid/NRD90M; wv) AppleWebKit/537.36 (KHTML, like Gecko) Version/4.0 Chrome/60.0.3112.107 Moblie Safari/537.36"
89.117.41.166 - - [16/Apr/2025:16:51:07 -0400] "GET /wp-login.php?redirect_to=https%3A%2F%2Fhigglehub.com%2Fwp-admin%2F&reauth=1 HTTP/1.1" 200 1773 "https://higglehub.com/wp-admin/" "Mozlila/5.0 (Linux; Android 7.0; SM-G892A Bulid/NRD90M; wv) AppleWebKit/537.36 (KHTML, like Gecko) Version/4.0 Chrome/60.0.3112.107 Moblie Safari/537.36"
89.117.41.166 - - [16/Apr/2025:16:51:12 -0400] "GET /wordpress/wp-admin/includes HTTP/1.1" 404 7483 "http://higglehub.com/wordpress/wp-admin/includes" "Mozlila/5.0 (Linux; Android 7.0; SM-G892A Bulid/NRD90M; wv) AppleWebKit/537.36 (KHTML, like Gecko) Version/4.0 Chrome/60.0.3112.107 Moblie Safari/537.36"
89.117.41.166 - - [16/Apr/2025:16:51:16 -0400] "GET /wp-admin/js/ HTTP/1.1" 403 1242 "http://higglehub.com/wp-admin/js/" "Mozlila/5.0 (Linux; Android 7.0; SM-G892A Bulid/NRD90M; wv) AppleWebKit/537.36 (KHTML, like Gecko) Version/4.0 Chrome/60.0.3112.107 Moblie Safari/537.36"
81.17.57.144 - - [16/Apr/2025:16:51:16 -0400] "GET /store/p216/Vintage_Chanel_Style_Rhinestone%C2%A0Scarf_Clip.html HTTP/1.1" 404 7484 "-" "Mozilla/5.0 (compatible; MJ12bot/v1.4.8; http://mj12bot.com/)"
89.117.41.166 - - [16/Apr/2025:16:51:19 -0400] "GET /ALFA_DATA/ HTTP/1.1" 404 7483 "http://higglehub.com/ALFA_DATA/" "Mozlila/5.0 (Linux; Android 7.0; SM-G892A Bulid/NRD90M; wv) AppleWebKit/537.36 (KHTML, like Gecko) Version/4.0 Chrome/60.0.3112.107 Moblie Safari/537.36"
89.117.41.166 - - [16/Apr/2025:16:51:23 -0400] "GET /wp-content/upgrade/ HTTP/1.1" 403 1242 "http://higglehub.com/wp-content/upgrade/" "Mozlila/5.0 (Linux; Android 7.0; SM-G892A Bulid/NRD90M; wv) AppleWebKit/537.36 (KHTML, like Gecko) Version/4.0 Chrome/60.0.3112.107 Moblie Safari/537.36"
89.117.41.166 - - [16/Apr/2025:16:51:24 -0400] "GET /wp-admin/css/colors/ HTTP/1.1" 403 1242 "http://higglehub.com/wp-admin/css/colors/" "Mozlila/5.0 (Linux; Android 7.0; SM-G892A Bulid/NRD90M; wv) AppleWebKit/537.36 (KHTML, like Gecko) Version/4.0 Chrome/60.0.3112.107 Moblie Safari/537.36"
89.117.41.166 - - [16/Apr/2025:16:51:27 -0400] "GET /wp-includes/ HTTP/1.1" 403 1242 "http://higglehub.com/wp-includes/" "Mozlila/5.0 (Linux; Android 7.0; SM-G892A Bulid/NRD90M; wv) AppleWebKit/537.36 (KHTML, like Gecko) Version/4.0 Chrome/60.0.3112.107 Moblie Safari/537.36"
198.54.114.83 - - [16/Apr/2025:16:51:27 -0400] "POST /wp-cron.php?doing_wp_cron=1744836686.7765169143676757812500 HTTP/1.1" 200 0 "-" "WordPress/6.8; https://higglehub.com"
81.17.57.144 - - [16/Apr/2025:16:51:26 -0400] "GET /store/p48/Can%E2%80%99t_Look_Away_Sequin_Dress_-_Silver.html HTTP/1.1" 404 7484 "-" "Mozilla/5.0 (compatible; MJ12bot/v1.4.8; http://mj12bot.com/)"
89.117.41.166 - - [16/Apr/2025:16:51:28 -0400] "GET /wp-includes/css/ HTTP/1.1" 403 1242 "http://higglehub.com/wp-includes/css/" "Mozlila/5.0 (Linux; Android 7.0; SM-G892A Bulid/NRD90M; wv) AppleWebKit/537.36 (KHTML, like Gecko) Version/4.0 Chrome/60.0.3112.107 Moblie Safari/537.36"
198.54.114.83 - - [16/Apr/2025:16:51:28 -0400] "POST /wp-admin/admin-ajax.php?action=async_litespeed&nonce=sQYG7xezxmL8mXXAmojnMo9PDsu6U5AL&litespeed_type=imgoptm HTTP/1.1" 200 0 "-" "WordPress/6.8; https://higglehub.com"
89.117.41.166 - - [16/Apr/2025:16:51:30 -0400] "GET /wp-includes/ID3 HTTP/1.1" 301 795 "http://higglehub.com/wp-includes/ID3" "Mozlila/5.0 (Linux; Android 7.0; SM-G892A Bulid/NRD90M; wv) AppleWebKit/537.36 (KHTML, like Gecko) Version/4.0 Chrome/60.0.3112.107 Moblie Safari/537.36"
89.117.41.166 - - [16/Apr/2025:16:51:30 -0400] "GET /wp-includes/ID3/ HTTP/1.1" 403 1242 "https://higglehub.com/wp-includes/ID3" "Mozlila/5.0 (Linux; Android 7.0; SM-G892A Bulid/NRD90M; wv) AppleWebKit/537.36 (KHTML, like Gecko) Version/4.0 Chrome/60.0.3112.107 Moblie Safari/537.36"
89.117.41.166 - - [16/Apr/2025:16:51:31 -0400] "GET /wp-includes/IXR/ HTTP/1.1" 403 1242 "http://higglehub.com/wp-includes/IXR/" "Mozlila/5.0 (Linux; Android 7.0; SM-G892A Bulid/NRD90M; wv) AppleWebKit/537.36 (KHTML, like Gecko) Version/4.0 Chrome/60.0.3112.107 Moblie Safari/537.36"
89.117.41.166 - - [16/Apr/2025:16:51:33 -0400] "GET /wp-includes/Requests/ HTTP/1.1" 403 1242 "http://higglehub.com/wp-includes/Requests/" "Mozlila/5.0 (Linux; Android 7.0; SM-G892A Bulid/NRD90M; wv) AppleWebKit/537.36 (KHTML, like Gecko) Version/4.0 Chrome/60.0.3112.107 Moblie Safari/537.36"
89.117.41.166 - - [16/Apr/2025:16:51:34 -0400] "GET /wp-includes/SimplePie/ HTTP/1.1" 403 1242 "http://higglehub.com/wp-includes/SimplePie/" "Mozlila/5.0 (Linux; Android 7.0; SM-G892A Bulid/NRD90M; wv) AppleWebKit/537.36 (KHTML, like Gecko) Version/4.0 Chrome/60.0.3112.107 Moblie Safari/537.36"
89.117.41.166 - - [16/Apr/2025:16:51:35 -0400] "GET /wp-includes/Text/ HTTP/1.1" 403 1242 "http://higglehub.com/wp-includes/Text/" "Mozlila/5.0 (Linux; Android 7.0; SM-G892A Bulid/NRD90M; wv) AppleWebKit/537.36 (KHTML, like Gecko) Version/4.0 Chrome/60.0.3112.107 Moblie Safari/537.36"
89.117.41.166 - - [16/Apr/2025:16:51:37 -0400] "GET /wp-includes/Text/Diff/Renderer/ HTTP/1.1" 403 1242 "http://higglehub.com/wp-includes/Text/Diff/Renderer/" "Mozlila/5.0 (Linux; Android 7.0; SM-G892A Bulid/NRD90M; wv) AppleWebKit/537.36 (KHTML, like Gecko) Version/4.0 Chrome/60.0.3112.107 Moblie Safari/537.36"
81.17.57.144 - - [16/Apr/2025:16:51:37 -0400] "GET /store/p96/She%E2%80%99s_All_That_Mini_Dress_-_Brown.html HTTP/1.1" 404 7484 "-" "Mozilla/5.0 (compatible; MJ12bot/v1.4.8; http://mj12bot.com/)"
89.117.41.166 - - [16/Apr/2025:16:51:38 -0400] "GET /wp-includes/blocks/ HTTP/1.1" 200 6 "http://higglehub.com/wp-includes/blocks/" "Mozlila/5.0 (Linux; Android 7.0; SM-G892A Bulid/NRD90M; wv) AppleWebKit/537.36 (KHTML, like Gecko) Version/4.0 Chrome/60.0.3112.107 Moblie Safari/537.36"
89.117.41.166 - - [16/Apr/2025:16:51:41 -0400] "GET /wp-includes/certificates/ HTTP/1.1" 403 1242 "http://higglehub.com/wp-includes/certificates/" "Mozlila/5.0 (Linux; Android 7.0; SM-G892A Bulid/NRD90M; wv) AppleWebKit/537.36 (KHTML, like Gecko) Version/4.0 Chrome/60.0.3112.107 Moblie Safari/537.36"
198.54.114.83 - - [16/Apr/2025:16:51:43 -0400] "POST /wp-cron.php?doing_wp_cron=1744836702.9000239372253417968750 HTTP/1.1" 200 0 "-" "WordPress/6.8; https://higglehub.com"
89.117.41.166 - - [16/Apr/2025:16:51:43 -0400] "GET /wp-includes/customize/ HTTP/1.1" 403 1242 "http://higglehub.com/wp-includes/customize/" "Mozlila/5.0 (Linux; Android 7.0; SM-G892A Bulid/NRD90M; wv) AppleWebKit/537.36 (KHTML, like Gecko) Version/4.0 Chrome/60.0.3112.107 Moblie Safari/537.36"
81.17.57.144 - - [16/Apr/2025:16:51:41 -0400] "GET /%EC%83%81%ED%92%88%EA%B6%8C%EC%86%8C%EC%95%A1%EA%B2%B0%EC%A0%9C/ HTTP/1.1" 301 0 "-" "Mozilla/5.0 (compatible; MJ12bot/v1.4.8; http://mj12bot.com/)"
89.117.41.166 - - [16/Apr/2025:16:51:46 -0400] "GET /wp-includes/fonts/ HTTP/1.1" 403 1242 "http://higglehub.com/wp-includes/fonts/" "Mozlila/5.0 (Linux; Android 7.0; SM-G892A Bulid/NRD90M; wv) AppleWebKit/537.36 (KHTML, like Gecko) Version/4.0 Chrome/60.0.3112.107 Moblie Safari/537.36"
89.117.41.166 - - [16/Apr/2025:16:51:49 -0400] "GET /wp-includes/images/ HTTP/1.1" 403 1242 "http://higglehub.com/wp-includes/images/" "Mozlila/5.0 (Linux; Android 7.0; SM-G892A Bulid/NRD90M; wv) AppleWebKit/537.36 (KHTML, like Gecko) Version/4.0 Chrome/60.0.3112.107 Moblie Safari/537.36"
81.17.57.144 - - [16/Apr/2025:16:51:49 -0400] "GET /%EC%83%81%ED%92%88%EA%B6%8C%ED%98%84%EA%B8%88%ED%99%94/ HTTP/1.1" 301 0 "-" "Mozilla/5.0 (compatible; MJ12bot/v1.4.8; http://mj12bot.com/)"
89.117.41.166 - - [16/Apr/2025:16:51:52 -0400] "GET /wp-includes/js/ HTTP/1.1" 403 1242 "http://higglehub.com/wp-includes/js/" "Mozlila/5.0 (Linux; Android 7.0; SM-G892A Bulid/NRD90M; wv) AppleWebKit/537.36 (KHTML, like Gecko) Version/4.0 Chrome/60.0.3112.107 Moblie Safari/537.36"
89.117.41.166 - - [16/Apr/2025:16:51:53 -0400] "GET /wp-includes/pomo/ HTTP/1.1" 403 1242 "http://higglehub.com/wp-includes/pomo/" "Mozlila/5.0 (Linux; Android 7.0; SM-G892A Bulid/NRD90M; wv) AppleWebKit/537.36 (KHTML, like Gecko) Version/4.0 Chrome/60.0.3112.107 Moblie Safari/537.36"
81.17.57.144 - - [16/Apr/2025:16:51:53 -0400] "GET /%EC%B6%9C%EC%9E%A5%EB%A7%88%EC%82%AC%EC%A7%80/ HTTP/1.1" 301 0 "-" "Mozilla/5.0 (compatible; MJ12bot/v1.4.8; http://mj12bot.com/)"
89.117.41.166 - - [16/Apr/2025:16:51:57 -0400] "GET /wp-includes/rest-api/ HTTP/1.1" 403 1242 "http://higglehub.com/wp-includes/rest-api/" "Mozlila/5.0 (Linux; Android 7.0; SM-G892A Bulid/NRD90M; wv) AppleWebKit/537.36 (KHTML, like Gecko) Version/4.0 Chrome/60.0.3112.107 Moblie Safari/537.36"
89.117.41.166 - - [16/Apr/2025:16:51:58 -0400] "GET /wp-includes/widgets/ HTTP/1.1" 403 1242 "http://higglehub.com/wp-includes/widgets/" "Mozlila/5.0 (Linux; Android 7.0; SM-G892A Bulid/NRD90M; wv) AppleWebKit/537.36 (KHTML, like Gecko) Version/4.0 Chrome/60.0.3112.107 Moblie Safari/537.36"
89.117.41.166 - - [16/Apr/2025:16:52:02 -0400] "GET /wp-admin/css/ HTTP/1.1" 403 1242 "http://higglehub.com/wp-admin/css/" "Mozlila/5.0 (Linux; Android 7.0; SM-G892A Bulid/NRD90M; wv) AppleWebKit/537.36 (KHTML, like Gecko) Version/4.0 Chrome/60.0.3112.107 Moblie Safari/537.36"
81.17.57.144 - - [16/Apr/2025:16:52:02 -0400] "GET /%EC%B6%9C%EC%9E%A5%EC%95%88%EB%A7%88/feed/ HTTP/1.1" 200 439 "-" "Mozilla/5.0 (compatible; MJ12bot/v1.4.8; http://mj12bot.com/)"
89.117.41.166 - - [16/Apr/2025:16:52:04 -0400] "GET /wp-admin/images/ HTTP/1.1" 403 1242 "http://higglehub.com/wp-admin/images/" "Mozlila/5.0 (Linux; Android 7.0; SM-G892A Bulid/NRD90M; wv) AppleWebKit/537.36 (KHTML, like Gecko) Version/4.0 Chrome/60.0.3112.107 Moblie Safari/537.36"
89.117.41.166 - - [16/Apr/2025:16:52:07 -0400] "GET /wp-admin/maint/ HTTP/1.1" 403 1242 "http://higglehub.com/wp-admin/maint/" "Mozlila/5.0 (Linux; Android 7.0; SM-G892A Bulid/NRD90M; wv) AppleWebKit/537.36 (KHTML, like Gecko) Version/4.0 Chrome/60.0.3112.107 Moblie Safari/537.36"
81.17.57.144 - - [16/Apr/2025:16:52:08 -0400] "GET /store/p215/Pearl_Drop_Brooch%C2%A0-_Gold.html HTTP/1.1" 404 7484 "-" "Mozilla/5.0 (compatible; MJ12bot/v1.4.8; http://mj12bot.com/)"
89.117.41.166 - - [16/Apr/2025:16:52:10 -0400] "GET /wp-admin/meta/ HTTP/1.1" 301 0 "http://higglehub.com/wp-admin/meta/" "Mozlila/5.0 (Linux; Android 7.0; SM-G892A Bulid/NRD90M; wv) AppleWebKit/537.36 (KHTML, like Gecko) Version/4.0 Chrome/60.0.3112.107 Moblie Safari/537.36"
81.17.57.144 - - [16/Apr/2025:16:52:12 -0400] "GET /store/p218/%C2%A0925_Silver_Plated_Open_Leaf_Cuff_Bangle.html HTTP/1.1" 404 7483 "-" "Mozilla/5.0 (compatible; MJ12bot/v1.4.8; http://mj12bot.com/)"
89.117.41.166 - - [16/Apr/2025:16:52:13 -0400] "GET /metabolic-labs/ HTTP/1.1" 200 10414 "https://higglehub.com/wp-admin/meta/" "Mozlila/5.0 (Linux; Android 7.0; SM-G892A Bulid/NRD90M; wv) AppleWebKit/537.36 (KHTML, like Gecko) Version/4.0 Chrome/60.0.3112.107 Moblie Safari/537.36"
81.17.57.144 - - [16/Apr/2025:16:52:18 -0400] "GET /store/p47/Can%E2%80%99t_Go_Wrong_Cut_Out_Mini_Dress_-_Blue/Combo.html HTTP/1.1" 404 7484 "-" "Mozilla/5.0 (compatible; MJ12bot/v1.4.8; http://mj12bot.com/)"
89.117.41.166 - - [16/Apr/2025:16:52:19 -0400] "GET /wp-admin/network/ HTTP/1.1" 302 0 "http://higglehub.com/wp-admin/network/" "Mozlila/5.0 (Linux; Android 7.0; SM-G892A Bulid/NRD90M; wv) AppleWebKit/537.36 (KHTML, like Gecko) Version/4.0 Chrome/60.0.3112.107 Moblie Safari/537.36"
81.17.57.144 - - [16/Apr/2025:16:52:22 -0400] "GET /store/p57/Don%E2%80%99t_Break_My_Heart_Velvet_Dress_-_Gold.html HTTP/1.1" 404 7484 "-" "Mozilla/5.0 (compatible; MJ12bot/v1.4.8; http://mj12bot.com/)"
198.54.114.83 - - [16/Apr/2025:16:52:23 -0400] "POST /wp-cron.php?doing_wp_cron=1744836742.1351699829101562500000 HTTP/1.1" 200 0 "-" "WordPress/6.8; https://higglehub.com"
89.117.41.166 - - [16/Apr/2025:16:52:20 -0400] "GET /wp-login.php?redirect_to=https%3A%2F%2Fhigglehub.com%2Fwp-admin%2Fnetwork%2F&reauth=1 HTTP/1.1" 200 1773 "https://higglehub.com/wp-admin/network/" "Mozlila/5.0 (Linux; Android 7.0; SM-G892A Bulid/NRD90M; wv) AppleWebKit/537.36 (KHTML, like Gecko) Version/4.0 Chrome/60.0.3112.107 Moblie Safari/537.36"
198.54.114.83 - - [16/Apr/2025:16:52:25 -0400] "POST /wp-admin/admin-ajax.php?action=async_litespeed&nonce=XKWapfaAENbj94XcN6qNvXhA9aGduUAy&litespeed_type=imgoptm HTTP/1.1" 200 0 "-" "WordPress/6.8; https://higglehub.com"
81.17.57.144 - - [16/Apr/2025:16:52:26 -0400] "GET /store/p70/I%E2%80%99ll_Never_Lie_to_You_Dress_-_Nude/Black.html HTTP/1.1" 404 7484 "-" "Mozilla/5.0 (compatible; MJ12bot/v1.4.8; http://mj12bot.com/)"
89.117.41.166 - - [16/Apr/2025:16:52:27 -0400] "GET /wp-admin/user/ HTTP/1.1" 302 0 "http://higglehub.com/wp-admin/user/" "Mozlila/5.0 (Linux; Android 7.0; SM-G892A Bulid/NRD90M; wv) AppleWebKit/537.36 (KHTML, like Gecko) Version/4.0 Chrome/60.0.3112.107 Moblie Safari/537.36"
81.17.57.144 - - [16/Apr/2025:16:52:30 -0400] "GET /store/p70/I%E2%80%99ll_Never_Lie_to_You_Dress_-_Nude-Black.html HTTP/1.1" 404 7483 "-" "Mozilla/5.0 (compatible; MJ12bot/v1.4.8; http://mj12bot.com/)"
89.117.41.166 - - [16/Apr/2025:16:52:30 -0400] "GET /wp-login.php?redirect_to=https%3A%2F%2Fhigglehub.com%2Fwp-admin%2Fuser%2F&reauth=1 HTTP/1.1" 200 1775 "https://higglehub.com/wp-admin/user/" "Mozlila/5.0 (Linux; Android 7.0; SM-G892A Bulid/NRD90M; wv) AppleWebKit/537.36 (KHTML, like Gecko) Version/4.0 Chrome/60.0.3112.107 Moblie Safari/537.36"
89.117.41.166 - - [16/Apr/2025:16:52:33 -0400] "GET /wp-content/ HTTP/1.1" 200 0 "http://higglehub.com/wp-content/" "Mozlila/5.0 (Linux; Android 7.0; SM-G892A Bulid/NRD90M; wv) AppleWebKit/537.36 (KHTML, like Gecko) Version/4.0 Chrome/60.0.3112.107 Moblie Safari/537.36"
81.17.57.144 - - [16/Apr/2025:16:52:36 -0400] "GET /%EC%83%81%ED%92%88%EA%B6%8C%EC%86%8C%EC%95%A1%EA%B2%B0%EC%A0%9C/ HTTP/1.1" 301 0 "-" "Mozilla/5.0 (compatible; MJ12bot/v1.4.8; http://mj12bot.com/)"
89.117.41.166 - - [16/Apr/2025:16:52:36 -0400] "GET /wp-content/uploads/ao_ccss/ HTTP/1.1" 404 7484 "http://higglehub.com/wp-content/uploads/ao_ccss/" "Mozlila/5.0 (Linux; Android 7.0; SM-G892A Bulid/NRD90M; wv) AppleWebKit/537.36 (KHTML, like Gecko) Version/4.0 Chrome/60.0.3112.107 Moblie Safari/537.36"
81.17.57.144 - - [16/Apr/2025:16:52:38 -0400] "GET /gift-certificate-small-amount-payment/ HTTP/1.1" 200 10895 "-" "Mozilla/5.0 (compatible; MJ12bot/v1.4.8; http://mj12bot.com/)"
89.117.41.166 - - [16/Apr/2025:16:52:40 -0400] "GET /wp-content/uploads/2021/ HTTP/1.1" 404 7483 "http://higglehub.com/wp-content/uploads/2021/" "Mozlila/5.0 (Linux; Android 7.0; SM-G892A Bulid/NRD90M; wv) AppleWebKit/537.36 (KHTML, like Gecko) Version/4.0 Chrome/60.0.3112.107 Moblie Safari/537.36"
81.17.57.144 - - [16/Apr/2025:16:52:43 -0400] "GET /%EC%83%81%ED%92%88%EA%B6%8C%ED%98%84%EA%B8%88%ED%99%94/ HTTP/1.1" 301 0 "-" "Mozilla/5.0 (compatible; MJ12bot/v1.4.8; http://mj12bot.com/)"
89.117.41.166 - - [16/Apr/2025:16:52:43 -0400] "GET /wp-content/plugins/elementor/ HTTP/1.1" 404 7484 "http://higglehub.com/wp-content/plugins/elementor/" "Mozlila/5.0 (Linux; Android 7.0; SM-G892A Bulid/NRD90M; wv) AppleWebKit/537.36 (KHTML, like Gecko) Version/4.0 Chrome/60.0.3112.107 Moblie Safari/537.36"
89.117.41.166 - - [16/Apr/2025:16:52:49 -0400] "GET /wp-content/plugins/ HTTP/1.1" 200 0 "http://higglehub.com/wp-content/plugins/" "Mozlila/5.0 (Linux; Android 7.0; SM-G892A Bulid/NRD90M; wv) AppleWebKit/537.36 (KHTML, like Gecko) Version/4.0 Chrome/60.0.3112.107 Moblie Safari/537.36"
81.17.57.144 - - [16/Apr/2025:16:52:49 -0400] "GET /%EC%B6%9C%EC%9E%A5%EB%A7%88%EC%82%AC%EC%A7%80/feed/ HTTP/1.1" 200 393 "-" "Mozilla/5.0 (compatible; MJ12bot/v1.4.8; http://mj12bot.com/)"
89.117.41.166 - - [16/Apr/2025:16:52:54 -0400] "GET /wp-content/mu-plugins/ HTTP/1.1" 404 7484 "http://higglehub.com/wp-content/mu-plugins/" "Mozlila/5.0 (Linux; Android 7.0; SM-G892A Bulid/NRD90M; wv) AppleWebKit/537.36 (KHTML, like Gecko) Version/4.0 Chrome/60.0.3112.107 Moblie Safari/537.36"
81.17.57.144 - - [16/Apr/2025:16:52:55 -0400] "GET /%EC%B6%9C%EC%9E%A5%EC%95%88%EB%A7%88/ HTTP/1.1" 200 10945 "-" "Mozilla/5.0 (compatible; MJ12bot/v1.4.8; http://mj12bot.com/)"
81.17.57.144 - - [16/Apr/2025:16:53:00 -0400] "GET /store/p111/You%E2%80%99re_Beautiful_One_Shoulder_Dress_-_Black.html HTTP/1.1" 404 7483 "-" "Mozilla/5.0 (compatible; MJ12bot/v1.4.8; http://mj12bot.com/)"
89.117.41.166 - - [16/Apr/2025:16:53:00 -0400] "GET /wp-content/themes/ HTTP/1.1" 200 0 "http://higglehub.com/wp-content/themes/" "Mozlila/5.0 (Linux; Android 7.0; SM-G892A Bulid/NRD90M; wv) AppleWebKit/537.36 (KHTML, like Gecko) Version/4.0 Chrome/60.0.3112.107 Moblie Safari/537.36"
89.117.41.166 - - [16/Apr/2025:16:53:04 -0400] "GET /upload/image/ HTTP/1.1" 404 7483 "http://higglehub.com/upload/image/" "Mozlila/5.0 (Linux; Android 7.0; SM-G892A Bulid/NRD90M; wv) AppleWebKit/537.36 (KHTML, like Gecko) Version/4.0 Chrome/60.0.3112.107 Moblie Safari/537.36"
81.17.57.144 - - [16/Apr/2025:16:53:06 -0400] "GET /store/p41/Ain%E2%80%99t_It_Fun_Striped_Romper_-_White/Black.html HTTP/1.1" 404 7483 "-" "Mozilla/5.0 (compatible; MJ12bot/v1.4.8; http://mj12bot.com/)"
89.117.41.166 - - [16/Apr/2025:16:53:09 -0400] "GET /uploads/ HTTP/1.1" 404 7483 "http://higglehub.com/uploads/" "Mozlila/5.0 (Linux; Android 7.0; SM-G892A Bulid/NRD90M; wv) AppleWebKit/537.36 (KHTML, like Gecko) Version/4.0 Chrome/60.0.3112.107 Moblie Safari/537.36"
89.117.41.166 - - [16/Apr/2025:16:53:13 -0400] "GET /wordpress/wp-content/uploads/ HTTP/1.1" 404 7484 "http://higglehub.com/wordpress/wp-content/uploads/" "Mozlila/5.0 (Linux; Android 7.0; SM-G892A Bulid/NRD90M; wv) AppleWebKit/537.36 (KHTML, like Gecko) Version/4.0 Chrome/60.0.3112.107 Moblie Safari/537.36"
89.117.41.166 - - [16/Apr/2025:16:53:19 -0400] "GET /wordpress/wp-includes/ HTTP/1.1" 404 7483 "http://higglehub.com/wordpress/wp-includes/" "Mozlila/5.0 (Linux; Android 7.0; SM-G892A Bulid/NRD90M; wv) AppleWebKit/537.36 (KHTML, like Gecko) Version/4.0 Chrome/60.0.3112.107 Moblie Safari/537.36"
198.54.114.83 - - [16/Apr/2025:16:53:27 -0400] "POST /wp-cron.php?doing_wp_cron=1744836805.6192080974578857421875 HTTP/1.1" 200 0 "-" "WordPress/6.8; https://higglehub.com"
89.117.41.166 - - [16/Apr/2025:16:53:24 -0400] "GET /blog/wp-includes/ HTTP/1.1" 404 7484 "http://higglehub.com/blog/wp-includes/" "Mozlila/5.0 (Linux; Android 7.0; SM-G892A Bulid/NRD90M; wv) AppleWebKit/537.36 (KHTML, like Gecko) Version/4.0 Chrome/60.0.3112.107 Moblie Safari/537.36"
89.117.41.166 - - [16/Apr/2025:16:53:30 -0400] "GET /wp-admin/includes/ HTTP/1.1" 403 1242 "http://higglehub.com/wp-admin/includes/" "Mozlila/5.0 (Linux; Android 7.0; SM-G892A Bulid/NRD90M; wv) AppleWebKit/537.36 (KHTML, like Gecko) Version/4.0 Chrome/60.0.3112.107 Moblie Safari/537.36"
89.117.41.166 - - [16/Apr/2025:16:53:34 -0400] "GET /WordPress/wp-admin/includes/ HTTP/1.1" 404 7483 "http://higglehub.com/WordPress/wp-admin/includes/" "Mozlila/5.0 (Linux; Android 7.0; SM-G892A Bulid/NRD90M; wv) AppleWebKit/537.36 (KHTML, like Gecko) Version/4.0 Chrome/60.0.3112.107 Moblie Safari/537.36"
81.17.57.144 - - [16/Apr/2025:16:53:37 -0400] "GET /store/p95/She%E2%80%99s_A_Pleaser_Satin_Slip_Dress_-_Black.html HTTP/1.1" 404 7484 "-" "Mozilla/5.0 (compatible; MJ12bot/v1.4.8; http://mj12bot.com/)"
89.117.41.166 - - [16/Apr/2025:16:53:40 -0400] "GET /sites/default/files/ HTTP/1.1" 404 7484 "http://higglehub.com/sites/default/files/" "Mozlila/5.0 (Linux; Android 7.0; SM-G892A Bulid/NRD90M; wv) AppleWebKit/537.36 (KHTML, like Gecko) Version/4.0 Chrome/60.0.3112.107 Moblie Safari/537.36"
81.17.57.144 - - [16/Apr/2025:16:53:41 -0400] "GET /%EC%83%81%ED%92%88%EA%B6%8C%ED%98%84%EA%B8%88%ED%99%94/ HTTP/1.1" 301 0 "-" "Mozilla/5.0 (compatible; MJ12bot/v1.4.8; http://mj12bot.com/)"
89.117.41.166 - - [16/Apr/2025:16:53:45 -0400] "GET /admin/controller/extension/extension/ HTTP/1.1" 404 7484 "http://higglehub.com/admin/controller/extension/extension/" "Mozlila/5.0 (Linux; Android 7.0; SM-G892A Bulid/NRD90M; wv) AppleWebKit/537.36 (KHTML, like Gecko) Version/4.0 Chrome/60.0.3112.107 Moblie Safari/537.36"
81.17.57.144 - - [16/Apr/2025:16:53:46 -0400] "GET /%EC%B6%9C%EC%9E%A5%EB%A7%88%EC%82%AC%EC%A7%80/ HTTP/1.1" 301 0 "-" "Mozilla/5.0 (compatible; MJ12bot/v1.4.8; http://mj12bot.com/)"
81.17.57.144 - - [16/Apr/2025:16:54:14 -0400] "GET /store/p78/Love_Don%E2%80%99t_Cost_A_Thing_Dress_-_Ivory.html HTTP/1.1" 404 7484 "-" "Mozilla/5.0 (compatible; MJ12bot/v1.4.8; http://mj12bot.com/)"
81.17.57.144 - - [16/Apr/2025:16:54:19 -0400] "GET /%EC%B6%9C%EC%9E%A5%EB%A7%88%EC%82%AC%EC%A7%80/ HTTP/1.1" 301 0 "-" "Mozilla/5.0 (compatible; MJ12bot/v1.4.8; http://mj12bot.com/)"
81.17.57.144 - - [16/Apr/2025:16:54:22 -0400] "GET /business-trip-massagees/ HTTP/1.1" 200 10744 "-" "Mozilla/5.0 (compatible; MJ12bot/v1.4.8; http://mj12bot.com/)"
198.54.114.83 - - [16/Apr/2025:16:54:29 -0400] "POST /wp-cron.php?doing_wp_cron=1744836868.2309820652008056640625 HTTP/1.1" 200 0 "-" "WordPress/6.8; https://higglehub.com"
81.17.57.144 - - [16/Apr/2025:16:54:27 -0400] "GET /store/p47/Can%E2%80%99t_Go_Wrong_Cut_Out_Mini_Dress_-_Blue-Combo.html HTTP/1.1" 404 7484 "-" "Mozilla/5.0 (compatible; MJ12bot/v1.4.8; http://mj12bot.com/)"
198.54.114.83 - - [16/Apr/2025:16:54:31 -0400] "POST /wp-admin/admin-ajax.php?action=async_litespeed&nonce=tR9qUs69l9ECzjXgS6fyu7tSzhRtMw6q&litespeed_type=imgoptm HTTP/1.1" 200 0 "-" "WordPress/6.8; https://higglehub.com"
172.104.45.240 - - [16/Apr/2025:16:55:25 -0400] "POST /xmlrpc.php HTTP/1.1" 200 186 "-" "Mozilla/5.0 (Windows NT 10.0; Win64; x64; rv:83.0) Gecko/20100101 Firefox/83.0"
198.54.114.83 - - [16/Apr/2025:16:55:27 -0400] "POST /wp-cron.php?doing_wp_cron=1744836925.9709188938140869140625 HTTP/1.1" 200 0 "-" "WordPress/6.8; https://higglehub.com"
18.211.148.239 - - [16/Apr/2025:16:56:10 -0400] "GET /page/52/ HTTP/1.1" 200 11268 "-" "Mozilla/5.0 AppleWebKit/537.36 (KHTML, like Gecko; compatible; Amazonbot/0.1; +https://developer.amazon.com/support/amazonbot) Chrome/119.0.6045.214 Safari/537.36"
81.17.57.144 - - [16/Apr/2025:16:56:17 -0400] "GET /store/p178/Morphe_Ros%C3%A9_Baes_Brush_Collection.html HTTP/1.1" 404 7484 "-" "Mozilla/5.0 (compatible; MJ12bot/v1.4.8; http://mj12bot.com/)"
81.17.57.144 - - [16/Apr/2025:16:56:27 -0400] "GET /%EC%83%81%ED%92%88%EA%B6%8C%ED%98%84%EA%B8%88%ED%99%94/ HTTP/1.1" 301 0 "-" "Mozilla/5.0 (compatible; MJ12bot/v1.4.8; http://mj12bot.com/)"
198.54.114.83 - - [16/Apr/2025:16:56:39 -0400] "POST /wp-cron.php?doing_wp_cron=1744836996.9518229961395263671875 HTTP/1.1" 200 0 "-" "WordPress/6.8; https://higglehub.com"
81.17.57.144 - - [16/Apr/2025:16:56:29 -0400] "GET /gift-certificate-cashing/ HTTP/1.1" 200 10558 "-" "Mozilla/5.0 (compatible; MJ12bot/v1.4.8; http://mj12bot.com/)"
43.130.37.243 - - [16/Apr/2025:17:01:39 -0400] "GET / HTTP/1.1" 200 10601 "http://higglehub.com" "Mozilla/5.0 (iPhone; CPU iPhone OS 13_2_3 like Mac OS X) AppleWebKit/605.1.15 (KHTML, like Gecko) Version/13.0.3 Mobile/15E148 Safari/604.1"
198.54.114.83 - - [16/Apr/2025:17:02:40 -0400] "POST /wp-cron.php?doing_wp_cron=1744837358.8575639724731445312500 HTTP/1.1" 200 0 "-" "WordPress/6.8; https://higglehub.com"
3.219.80.71 - - [16/Apr/2025:17:02:34 -0400] "GET /category/arts-entertainments/page/16/ HTTP/1.1" 200 10883 "-" "Mozilla/5.0 AppleWebKit/537.36 (KHTML, like Gecko; compatible; Amazonbot/0.1; +https://developer.amazon.com/support/amazonbot) Chrome/119.0.6045.214 Safari/537.36"
3.88.5.251 - - [16/Apr/2025:17:06:30 -0400] "GET /.git/config HTTP/1.1" 403 1242 "-" "Mozilla/5.0 (Linux; Android 5.1.1; SM-J111F) AppleWebKit/537.36 (KHTML, like Gecko) Chrome/76.0.3809.111 Mobile Safari/537.36"
91.190.136.30 - - [16/Apr/2025:17:06:30 -0400] "POST /xmlrpc.php HTTP/1.1" 200 186 "-" "Mozilla/5.0 (Windows NT 10.0; Win64; x64; rv:86.0) Gecko/20100101 Firefox/86.0"
198.54.114.83 - - [16/Apr/2025:17:06:39 -0400] "POST /wp-cron.php?doing_wp_cron=1744837597.1648340225219726562500 HTTP/1.1" 200 0 "-" "WordPress/6.8; https://higglehub.com"
198.98.62.50 - - [16/Apr/2025:17:08:22 -0400] "GET /wp-login.php HTTP/1.1" 200 1773 "-" "Mozilla/5.0 (Windows NT 6.1) AppleWebKit/537.36 (KHTML, like Gecko) Chrome/36.0.1985.125 Safari/537.36"
198.54.114.83 - - [16/Apr/2025:17:08:28 -0400] "POST /wp-cron.php?doing_wp_cron=1744837707.7811200618743896484375 HTTP/1.1" 200 0 "-" "WordPress/6.8; https://higglehub.com"
198.98.62.50 - - [16/Apr/2025:17:08:23 -0400] "POST /wp-login.php HTTP/1.1" 200 1901 "-" "Mozilla/5.0 (Windows NT 6.1) AppleWebKit/537.36 (KHTML, like Gecko) Chrome/36.0.1985.125 Safari/537.36"
198.54.114.83 - - [16/Apr/2025:17:08:29 -0400] "POST /wp-admin/admin-ajax.php?action=async_litespeed&nonce=AIexVLDsa5wx3qqgga8P9LEKqL56kJsA&litespeed_type=imgoptm HTTP/1.1" 200 0 "-" "WordPress/6.8; https://higglehub.com"
159.89.50.224 - - [16/Apr/2025:17:10:09 -0400] "POST /xmlrpc.php HTTP/1.1" 200 186 "-" "Mozilla/5.0 (Windows NT 10.0; Win64; x64; rv:70.0) Gecko/20100101 Firefox/70.0"
198.54.114.83 - - [16/Apr/2025:17:10:15 -0400] "POST /wp-cron.php?doing_wp_cron=1744837812.8488969802856445312500 HTTP/1.1" 200 0 "-" "WordPress/6.8; https://higglehub.com"
65.21.25.53 - - [16/Apr/2025:17:11:04 -0400] "GET /wp-login.php HTTP/1.1" 200 1773 "-" "GRequests/0.10"
65.21.25.53 - - [16/Apr/2025:17:11:05 -0400] "POST /wp-login.php HTTP/1.1" 200 1901 "-" "GRequests/0.10"
198.54.114.83 - - [16/Apr/2025:17:16:17 -0400] "POST /wp-cron.php?doing_wp_cron=1744838176.1160919666290283203125 HTTP/1.1" 200 0 "-" "WordPress/6.8; https://higglehub.com"
43.152.72.247 - - [16/Apr/2025:17:16:17 -0400] "GET /category/automotive/ HTTP/1.1" 200 8469 "-" "Mozilla/5.0 (iPhone; CPU iPhone OS 13_2_3 like Mac OS X) AppleWebKit/605.1.15 (KHTML, like Gecko) Version/13.0.3 Mobile/15E148 Safari/604.1"
122.8.184.179 - - [16/Apr/2025:17:16:11 -0400] "GET /mastering-zhu-yuan-skill-prioritization-for-optimal-performance/ HTTP/1.1" 200 11425 "https://higglehub.com/mastering-zhu-yuan-skill-prioritization-for-optimal-performance/" "Mozilla/5.0 (Macintosh; Intel Mac OS X 10_15_7) AppleWebKit/537.36 (KHTML, like Gecko) Chrome/131.0.0.0 Safari/537.36"
34.91.78.130 - - [16/Apr/2025:17:16:23 -0400] "GET /wp-login.php HTTP/1.1" 200 1773 "-" "GRequests/0.10"
34.91.78.130 - - [16/Apr/2025:17:16:24 -0400] "POST /wp-login.php HTTP/1.1" 200 1897 "-" "GRequests/0.10"
134.17.14.122 - - [16/Apr/2025:17:27:58 -0400] "GET /goat.php HTTP/1.1" 404 7484 "-" "Mozilla/4.0 (compatible; MSIE 6.0; Windows NT 5.1; SV1)"
198.54.114.83 - - [16/Apr/2025:17:28:06 -0400] "POST /wp-cron.php?doing_wp_cron=1744838884.2732589244842529296875 HTTP/1.1" 200 0 "-" "WordPress/6.8; https://higglehub.com"
217.160.209.196 - - [16/Apr/2025:17:28:18 -0400] "POST /xmlrpc.php HTTP/1.1" 200 186 "-" "Mozilla/5.0 (Windows NT 10.0; Win64; x64; rv:64.0) Gecko/20100101 Firefox/64.0"
43.130.34.74 - - [16/Apr/2025:17:29:55 -0400] "GET /category/media-music/ HTTP/1.1" 200 8471 "-" "Mozilla/5.0 (iPhone; CPU iPhone OS 13_2_3 like Mac OS X) AppleWebKit/605.1.15 (KHTML, like Gecko) Version/13.0.3 Mobile/15E148 Safari/604.1"
2a02:74a0:a008:2014:f816:3eff:fe27:b1a2 - - [16/Apr/2025:17:31:33 -0400] "POST /xmlrpc.php HTTP/1.1" 200 186 "-" "Mozilla/5.0 (Windows NT 10.0; Win64; x64; rv:65.0) Gecko/20100101 Firefox/65.0"
198.54.114.83 - - [16/Apr/2025:17:31:39 -0400] "POST /wp-cron.php?doing_wp_cron=1744839097.1703989505767822265625 HTTP/1.1" 200 0 "-" "WordPress/6.8; https://higglehub.com"
203.161.63.25 - - [16/Apr/2025:17:31:57 -0400] "POST /xmlrpc.php HTTP/1.1" 200 186 "-" "Mozilla/5.0 (Windows NT 10.0; Win64; x64) AppleWebKit/537.36 (KHTML, like Gecko) Chrome/63.0.3239.132 Safari/537.36"
103.159.51.29 - - [16/Apr/2025:17:31:58 -0400] "POST /xmlrpc.php HTTP/1.1" 200 186 "-" "Mozilla/5.0 (Windows NT 6.1; WOW64; rv:38.0) Gecko/20100101 Firefox/38.0"
84.247.150.34 - - [16/Apr/2025:17:31:58 -0400] "POST /xmlrpc.php HTTP/1.1" 200 186 "-" "Mozilla/5.0 (Windows NT 10.0; Win64; x64) AppleWebKit/537.36 (KHTML, like Gecko) Chrome/74.0.3729.131 Safari/537.36"
194.233.90.160 - - [16/Apr/2025:17:32:03 -0400] "POST /xmlrpc.php HTTP/1.1" 200 186 "-" "Mozilla/5.0 (Windows NT 6.1; WOW64; rv:41.0) Gecko/20100101 Firefox/41.0"
159.69.19.144 - - [16/Apr/2025:17:32:08 -0400] "POST /xmlrpc.php HTTP/1.1" 200 186 "-" "Mozilla/5.0 (Windows NT 6.1; WOW64; rv:47.0) Gecko/20100101 Firefox/47.0"
66.103.204.66 - - [16/Apr/2025:17:32:09 -0400] "POST /xmlrpc.php HTTP/1.1" 200 186 "-" "Mozilla/5.0 (Windows NT 6.1; WOW64; rv:54.0) Gecko/20100101 Firefox/54.0"
13.80.27.129 - - [16/Apr/2025:17:32:18 -0400] "POST /xmlrpc.php HTTP/1.1" 200 186 "-" "Mozilla/5.0 (Windows NT 10.0; Win64; x64; rv:79.0) Gecko/20100101 Firefox/79.0"
66.103.204.66 - - [16/Apr/2025:17:32:18 -0400] "POST /xmlrpc.php HTTP/1.1" 200 186 "-" "Mozilla/5.0 (Windows NT 10.0; Win64; x64) AppleWebKit/537.36 (KHTML, like Gecko) Chrome/79.0.3945.117 Safari/537.36"
13.80.27.129 - - [16/Apr/2025:17:32:23 -0400] "POST /xmlrpc.php HTTP/1.1" 200 186 "-" "Mozilla/5.0 (Windows NT 6.1; Win64; x64) AppleWebKit/537.36 (KHTML, like Gecko) Chrome/69.0.3497.100 Safari/537.36"
217.160.207.42 - - [16/Apr/2025:17:32:24 -0400] "POST /xmlrpc.php HTTP/1.1" 200 186 "-" "Mozilla/5.0 (Windows NT 10.0) AppleWebKit/537.36 (KHTML, like Gecko) Chrome/91.0.4472.114 Safari/537.36"
114.34.168.241 - - [16/Apr/2025:17:32:29 -0400] "POST /xmlrpc.php HTTP/1.1" 200 186 "-" "Mozilla/5.0 (Windows NT 6.1; WOW64; rv:47.0) Gecko/20100101 Firefox/47.0"
217.160.207.42 - - [16/Apr/2025:17:32:32 -0400] "POST /xmlrpc.php HTTP/1.1" 200 186 "-" "Mozilla/5.0 (Windows NT 6.1; Win64; x64) AppleWebKit/537.36 (KHTML, like Gecko) Chrome/60.0.3112.90 Safari/537.36"
220.121.103.167 - - [16/Apr/2025:17:32:34 -0400] "POST /xmlrpc.php HTTP/1.1" 200 186 "-" "Mozilla/5.0 (Windows NT 10.0; Win64; x64) AppleWebKit/537.36 (KHTML, like Gecko) Chrome/89.0.4389.90 Safari/537.36"
217.160.207.42 - - [16/Apr/2025:17:32:38 -0400] "POST /xmlrpc.php HTTP/1.1" 200 186 "-" "Mozilla/5.0 (Windows NT 10.0; Win64; x64) AppleWebKit/537.36 (KHTML, like Gecko) Chrome/65.0.3325.181 Safari/537.36"
198.54.114.83 - - [16/Apr/2025:17:32:40 -0400] "POST /wp-cron.php?doing_wp_cron=1744839158.8111920356750488281250 HTTP/1.1" 200 0 "-" "WordPress/6.8; https://higglehub.com"
217.160.207.42 - - [16/Apr/2025:17:32:42 -0400] "POST /xmlrpc.php HTTP/1.1" 200 186 "-" "Mozilla/5.0 (Windows NT 10.0; Win64; x64) AppleWebKit/537.36 (KHTML, like Gecko) Chrome/85.0.4183.121 Safari/537.36"
195.26.224.102 - - [16/Apr/2025:17:34:44 -0400] "GET /a-comprehensive-guide-to-multichannel-marketing/ HTTP/1.1" 200 11177 "https://higglehub.com/a-comprehensive-guide-to-multichannel-marketing/#comment-6219" "Mozilla/5.0 (Windows NT 10.0; Win64; x64) AppleWebKit/537.36 (KHTML, like Gecko) Chrome/130.0.0.0 Safari/537.36 CCleaner/130.0.0.0"
198.54.114.83 - - [16/Apr/2025:17:35:04 -0400] "POST /wp-cron.php?doing_wp_cron=1744839300.6909830570220947265625 HTTP/1.1" 200 0 "-" "WordPress/6.8; https://higglehub.com"
195.26.224.102 - - [16/Apr/2025:17:34:46 -0400] "POST /wp-comments-post.php HTTP/1.1" 302 0 "https://higglehub.com/a-comprehensive-guide-to-multichannel-marketing/#comment-6219" "Mozilla/5.0 (Windows NT 10.0; Win64; x64) AppleWebKit/537.36 (KHTML, like Gecko) Chrome/130.0.0.0 Safari/537.36 CCleaner/130.0.0.0"
195.26.224.102 - - [16/Apr/2025:17:35:08 -0400] "GET /a-comprehensive-guide-to-multichannel-marketing/ HTTP/1.1" 200 11736 "https://higglehub.com/a-comprehensive-guide-to-multichannel-marketing/#comment-6352" "Mozilla/5.0 (Windows NT 10.0; Win64; x64) AppleWebKit/537.36 (KHTML, like Gecko) Chrome/130.0.0.0 Safari/537.36 CCleaner/130.0.0.0"
43.130.32.245 - - [16/Apr/2025:17:37:11 -0400] "GET /ihr-zuverlassiger-umzugsservice-in-luneburg-2/ HTTP/1.1" 200 11422 "-" "Mozilla/5.0 (iPhone; CPU iPhone OS 13_2_3 like Mac OS X) AppleWebKit/605.1.15 (KHTML, like Gecko) Version/13.0.3 Mobile/15E148 Safari/604.1"
198.54.114.83 - - [16/Apr/2025:17:37:25 -0400] "POST /wp-cron.php?doing_wp_cron=1744839442.7250499725341796875000 HTTP/1.1" 200 0 "-" "WordPress/6.8; https://higglehub.com"
198.54.114.83 - - [16/Apr/2025:17:39:52 -0400] "POST /wp-cron.php?doing_wp_cron=1744839591.7300560474395751953125 HTTP/1.1" 200 0 "-" "WordPress/6.8; https://higglehub.com"
35.199.188.174 - - [16/Apr/2025:17:39:46 -0400] "POST /xmlrpc.php HTTP/1.1" 200 186 "-" "Mozilla/5.0 (Windows NT 10.0; Win64; x64; rv:68.0) Gecko/20100101 Firefox/68.0"
198.54.114.83 - - [16/Apr/2025:17:39:54 -0400] "POST /wp-admin/admin-ajax.php?action=async_litespeed&nonce=jVxUNf7Ndj0CKMYgBzqRdqmQ4n5AEYnR&litespeed_type=imgoptm HTTP/1.1" 200 0 "-" "WordPress/6.8; https://higglehub.com"
198.54.114.83 - - [16/Apr/2025:17:49:04 -0400] "POST /wp-cron.php?doing_wp_cron=1744840143.0783319473266601562500 HTTP/1.1" 200 0 "-" "WordPress/6.8; https://higglehub.com"
43.166.251.233 - - [16/Apr/2025:17:48:56 -0400] "GET /2025/01/ HTTP/1.1" 200 10654 "-" "Mozilla/5.0 (iPhone; CPU iPhone OS 13_2_3 like Mac OS X) AppleWebKit/605.1.15 (KHTML, like Gecko) Version/13.0.3 Mobile/15E148 Safari/604.1"
198.54.114.83 - - [16/Apr/2025:17:51:24 -0400] "POST /wp-cron.php?doing_wp_cron=1744840283.8957650661468505859375 HTTP/1.1" 200 0 "-" "WordPress/6.8; https://higglehub.com"
198.54.114.83 - - [16/Apr/2025:17:51:25 -0400] "POST /wp-admin/admin-ajax.php?action=async_litespeed&nonce=QkH9l8xxkakBH93Z4UVyM4EdaCpLeo3E&litespeed_type=imgoptm HTTP/1.1" 200 0 "-" "WordPress/6.8; https://higglehub.com"
110.238.104.28 - - [16/Apr/2025:17:51:18 -0400] "GET /effiziente-unternehmensklarung-in-luneburg/ HTTP/1.1" 200 11337 "https://higglehub.com/effiziente-unternehmensklarung-in-luneburg/" "Mozilla/5.0 (Windows NT 10.0; Win64; x64) AppleWebKit/537.36 (KHTML, like Gecko) Chrome/107.0.0.0 Safari/537.36"
195.2.76.117 - - [16/Apr/2025:17:52:23 -0400] "GET /a-comprehensive-guide-to-multichannel-marketing/ HTTP/1.1" 200 11177 "https://higglehub.com/a-comprehensive-guide-to-multichannel-marketing/" "Mozilla/5.0 (Windows NT 10.0; Win64; x64) AppleWebKit/537.36 (KHTML, like Gecko) Chrome/130.0.0.0 Safari/537.36 CCleaner/130.0.0.0"
198.54.114.83 - - [16/Apr/2025:17:52:27 -0400] "POST /wp-cron.php?doing_wp_cron=1744840346.5549249649047851562500 HTTP/1.1" 200 0 "-" "WordPress/6.8; https://higglehub.com"
195.2.76.117 - - [16/Apr/2025:17:52:26 -0400] "POST /wp-comments-post.php HTTP/1.1" 302 0 "https://higglehub.com/a-comprehensive-guide-to-multichannel-marketing/" "Mozilla/5.0 (Windows NT 10.0; Win64; x64) AppleWebKit/537.36 (KHTML, like Gecko) Chrome/130.0.0.0 Safari/537.36 CCleaner/130.0.0.0"
195.2.76.117 - - [16/Apr/2025:17:52:32 -0400] "GET /a-comprehensive-guide-to-multichannel-marketing/ HTTP/1.1" 200 11841 "https://higglehub.com/a-comprehensive-guide-to-multichannel-marketing/#comment-6353" "Mozilla/5.0 (Windows NT 10.0; Win64; x64) AppleWebKit/537.36 (KHTML, like Gecko) Chrome/130.0.0.0 Safari/537.36 CCleaner/130.0.0.0"
34.206.162.254 - - [16/Apr/2025:17:52:45 -0400] "POST /xmlrpc.php HTTP/1.1" 200 186 "-" "Mozilla/5.0 (Windows NT 10.0; Win64; x64; rv:76.0) Gecko/20100101 Firefox/76.0"
195.2.76.183 - - [16/Apr/2025:17:52:49 -0400] "GET /a-comprehensive-guide-to-multichannel-marketing/ HTTP/1.1" 200 11177 "https://higglehub.com/a-comprehensive-guide-to-multichannel-marketing/" "Mozilla/5.0 (Windows NT 10.0; Win64; x64) AppleWebKit/537.36 (KHTML, like Gecko) Chrome/131.0.0.0 Safari/537.36 Avast/131.0.0.0"
195.2.76.183 - - [16/Apr/2025:17:52:51 -0400] "POST /wp-comments-post.php HTTP/1.1" 302 0 "https://higglehub.com/a-comprehensive-guide-to-multichannel-marketing/" "Mozilla/5.0 (Windows NT 10.0; Win64; x64) AppleWebKit/537.36 (KHTML, like Gecko) Chrome/131.0.0.0 Safari/537.36 Avast/131.0.0.0"
195.2.76.183 - - [16/Apr/2025:17:52:54 -0400] "GET /a-comprehensive-guide-to-multichannel-marketing/ HTTP/1.1" 200 12048 "https://higglehub.com/a-comprehensive-guide-to-multichannel-marketing/#comment-6354" "Mozilla/5.0 (Windows NT 10.0; Win64; x64) AppleWebKit/537.36 (KHTML, like Gecko) Chrome/131.0.0.0 Safari/537.36 Avast/131.0.0.0"
129.226.93.214 - - [16/Apr/2025:17:56:56 -0400] "GET /category/beauty/ HTTP/1.1" 200 8458 "-" "Mozilla/5.0 (iPhone; CPU iPhone OS 13_2_3 like Mac OS X) AppleWebKit/605.1.15 (KHTML, like Gecko) Version/13.0.3 Mobile/15E148 Safari/604.1"
135.181.138.50 - - [16/Apr/2025:17:59:23 -0400] "GET /.git/config HTTP/1.1" 403 1242 "-" "Go-http-client/1.1"
77.238.251.212 - - [16/Apr/2025:18:00:45 -0400] "GET /a-comprehensive-guide-to-multichannel-marketing/ HTTP/1.1" 200 11177 "https://higglehub.com/a-comprehensive-guide-to-multichannel-marketing/" "Mozilla/5.0 (Windows NT 10.0; Win64; x64) AppleWebKit/537.36 (KHTML, like Gecko) Chrome/130.0.0.0 Safari/537.36"
198.54.114.83 - - [16/Apr/2025:18:00:54 -0400] "POST /wp-cron.php?doing_wp_cron=1744840853.3764259815216064453125 HTTP/1.1" 200 0 "-" "WordPress/6.8; https://higglehub.com"
77.238.251.212 - - [16/Apr/2025:18:00:47 -0400] "POST /wp-comments-post.php HTTP/1.1" 302 0 "https://higglehub.com/a-comprehensive-guide-to-multichannel-marketing/" "Mozilla/5.0 (Windows NT 10.0; Win64; x64) AppleWebKit/537.36 (KHTML, like Gecko) Chrome/130.0.0.0 Safari/537.36"
