198.54.114.83 - - [14/Apr/2025:22:28:53 -0400] "POST /wp-cron.php?doing_wp_cron=1744684129.8631999492645263671875 HTTP/1.1" 200 0 "-" "WordPress/6.7.2; https://higglehub.com"
134.17.14.122 - - [14/Apr/2025:22:29:22 -0400] "GET /past.php HTTP/1.1" 404 7270 "-" "Mozilla/4.0 (compatible; MSIE 6.0; Windows NT 5.1; SV1)"
103.11.103.186 - - [14/Apr/2025:22:31:26 -0400] "GET /wp-login.php HTTP/1.1" 200 1766 "-" "GRequests/0.10"
198.54.114.83 - - [14/Apr/2025:22:31:35 -0400] "POST /wp-cron.php?doing_wp_cron=1744684293.7701320648193359375000 HTTP/1.1" 200 0 "-" "WordPress/6.7.2; https://higglehub.com"
103.11.103.186 - - [14/Apr/2025:22:31:29 -0400] "POST /wp-login.php HTTP/1.1" 200 1899 "-" "GRequests/0.10"
198.98.55.56 - - [14/Apr/2025:22:32:07 -0400] "GET /wp-login.php HTTP/1.1" 200 1766 "-" "Mozilla/5.0 (Macintosh; Intel Mac OS X 10_9_4) AppleWebKit/537.78.2 (KHTML, like Gecko) Version/7.0.6 Safari/537.78.2"
198.98.55.56 - - [14/Apr/2025:22:32:09 -0400] "POST /wp-login.php HTTP/1.1" 200 1895 "-" "Mozilla/5.0 (Macintosh; Intel Mac OS X 10_9_4) AppleWebKit/537.78.2 (KHTML, like Gecko) Version/7.0.6 Safari/537.78.2"
198.54.114.83 - - [14/Apr/2025:22:33:27 -0400] "POST /wp-cron.php?doing_wp_cron=1744684406.9933729171752929687500 HTTP/1.1" 200 0 "-" "WordPress/6.7.2; https://higglehub.com"
85.215.156.9 - - [14/Apr/2025:22:33:26 -0400] "POST /xmlrpc.php HTTP/1.1" 200 186 "-" "Mozilla/5.0 (Windows NT 10.0; Win64; x64; rv:46.0) Gecko/20100101 Firefox/46.0"
198.54.114.83 - - [14/Apr/2025:22:33:29 -0400] "POST /wp-admin/admin-ajax.php?action=async_litespeed&nonce=uv3jUM24uiLmeGHQNbE4y2ANqVC7VuC4&litespeed_type=imgoptm HTTP/1.1" 200 0 "-" "WordPress/6.7.2; https://higglehub.com"
159.89.50.224 - - [14/Apr/2025:22:34:01 -0400] "POST /xmlrpc.php HTTP/1.1" 200 186 "-" "Mozilla/5.0 (Windows NT 10.0; Win64; x64; rv:62.0) Gecko/20100101 Firefox/62.0"
138.197.101.90 - - [14/Apr/2025:22:40:41 -0400] "POST /xmlrpc.php HTTP/1.1" 200 186 "-" "Mozilla/5.0 (Windows NT 10.0; Win64; x64; rv:56.0) Gecko/20100101 Firefox/56.0"
198.54.114.83 - - [14/Apr/2025:22:40:47 -0400] "POST /wp-cron.php?doing_wp_cron=1744684846.2423889636993408203125 HTTP/1.1" 200 0 "-" "WordPress/6.7.2; https://higglehub.com"
111.119.237.162 - - [14/Apr/2025:22:53:00 -0400] "GET /lattrait-des-plaques-personnalisees/ HTTP/1.1" 200 11027 "https://higglehub.com/lattrait-des-plaques-personnalisees/#respond" "Mozilla/5.0 (Windows NT 10.0; Win64; x64) AppleWebKit/537.36 (KHTML, like Gecko) Chrome/101.0.4951.64 Safari/537.36 Edg/101.0.1210.47"
198.54.114.83 - - [14/Apr/2025:22:58:29 -0400] "POST /wp-cron.php?doing_wp_cron=1744685908.0132160186767578125000 HTTP/1.1" 200 0 "-" "WordPress/6.7.2; https://higglehub.com"
194.50.16.252 - - [14/Apr/2025:22:58:23 -0400] "GET /appsettings.json HTTP/1.1" 404 0 "-" "Mozilla/5.0 (ZZ; Linux i686) AppleWebKit/537.36 (KHTML, like Gecko) Chrome/121.0.0.0 Safari/537.36"
194.50.16.252 - - [14/Apr/2025:22:58:35 -0400] "GET /appsettings.Production.json HTTP/1.1" 404 7270 "-" "Mozilla/5.0 (Macintosh; Intel Mac OS X 14.3) AppleWebKit/616.20.13 (KHTML, like Gecko) Version/17.7.74 Safari/616.20.13"
194.50.16.252 - - [14/Apr/2025:22:58:40 -0400] "GET /appsettings.Staging.json HTTP/1.1" 404 7269 "-" "Mozilla/5.0 (CentOS; Linux i686) AppleWebKit/537.36 (KHTML, like Gecko) Chrome/119.0.0.0 Safari/537.36"
194.50.16.252 - - [14/Apr/2025:22:58:46 -0400] "GET /Api/appsettings.json HTTP/1.1" 404 7269 "-" "Mozilla/5.0 (CentOS; Linux x86_64; rv:126.0) Gecko/20100101 Firefox/126.0"
194.50.16.252 - - [14/Apr/2025:22:58:50 -0400] "GET /Api/appsettings.Production.json HTTP/1.1" 404 7270 "-" "Mozilla/5.0 (Macintosh; Intel Mac OS X 14.1) AppleWebKit/616.8 (KHTML, like Gecko) Version/17.2.12 Safari/616.8"
95.108.213.207 - - [14/Apr/2025:22:59:18 -0400] "GET /robots.txt HTTP/1.1" 200 61 "-" "Mozilla/5.0 (compatible; YandexBot/3.0; +http://yandex.com/bots)"
95.108.213.146 - - [14/Apr/2025:22:59:20 -0400] "GET /store/p49/Catch_His_Eye_Flare_Dress_-_Pink-Combo.html HTTP/1.1" 404 7270 "-" "Mozilla/5.0 (compatible; YandexBot/3.0; +http://yandex.com/bots)"
198.54.114.83 - - [14/Apr/2025:22:59:38 -0400] "POST /wp-cron.php?doing_wp_cron=1744685976.5356280803680419921875 HTTP/1.1" 200 0 "-" "WordPress/6.7.2; https://higglehub.com"
2a01:4f9:3051:1d82::2 - - [14/Apr/2025:22:59:36 -0400] "POST /xmlrpc.php HTTP/1.1" 200 186 "-" "Mozilla/5.0 (Windows NT 10.0; Win64; x64; rv:61.0) Gecko/20100101 Firefox/61.0"
159.89.172.84 - - [14/Apr/2025:23:04:35 -0400] "GET /wp-login.php HTTP/1.1" 200 1766 "-" "GRequests/0.10"
159.89.172.84 - - [14/Apr/2025:23:04:39 -0400] "POST /wp-login.php HTTP/1.1" 200 1895 "-" "GRequests/0.10"
198.54.114.83 - - [14/Apr/2025:23:04:45 -0400] "POST /wp-cron.php?doing_wp_cron=1744686283.3459091186523437500000 HTTP/1.1" 200 0 "-" "WordPress/6.7.2; https://higglehub.com"
74.208.201.244 - - [14/Apr/2025:23:10:46 -0400] "GET /wp-login.php HTTP/1.1" 200 1766 "-" "GRequests/0.10"
74.208.201.244 - - [14/Apr/2025:23:10:48 -0400] "POST /wp-login.php HTTP/1.1" 200 1895 "-" "GRequests/0.10"
198.54.114.83 - - [14/Apr/2025:23:10:55 -0400] "POST /wp-cron.php?doing_wp_cron=1744686653.5659849643707275390625 HTTP/1.1" 200 0 "-" "WordPress/6.7.2; https://higglehub.com"
54.224.161.173 - - [14/Apr/2025:23:11:08 -0400] "GET /robots.txt HTTP/1.1" 304 0 "-" "Mozilla/5.0 (Macintosh; Intel Mac OS X 10_15_7) AppleWebKit/537.36 (KHTML, like Gecko) Chrome/108.0.0.0 Safari/537.36"
198.54.114.83 - - [14/Apr/2025:23:12:15 -0400] "POST /wp-cron.php?doing_wp_cron=1744686734.0888810157775878906250 HTTP/1.1" 200 0 "-" "WordPress/6.7.2; https://higglehub.com"
62.146.181.213 - - [14/Apr/2025:23:12:13 -0400] "POST /xmlrpc.php HTTP/1.1" 200 186 "-" "Mozilla/5.0 (Windows NT 10.0; Win64; x64; rv:98.0) Gecko/20100101 Firefox/98.0"
137.184.64.22 - - [14/Apr/2025:23:13:42 -0400] "POST /xmlrpc.php HTTP/1.1" 200 186 "-" "Mozilla/5.0 (Windows NT 10.0; Win64; x64; rv:99.0) Gecko/20100101 Firefox/99.0"
198.54.114.83 - - [14/Apr/2025:23:13:50 -0400] "POST /wp-cron.php?doing_wp_cron=1744686826.8476290702819824218750 HTTP/1.1" 200 0 "-" "WordPress/6.7.2; https://higglehub.com"
216.244.66.247 - - [14/Apr/2025:23:16:03 -0400] "GET /discovering-the-best-extracts-online-in-canada/feed/ HTTP/1.1" 200 409 "-" "Mozilla/5.0 (compatible; DotBot/1.2; +https://opensiteexplorer.org/dotbot; help@moz.com)"
198.54.114.83 - - [14/Apr/2025:23:16:08 -0400] "POST /wp-cron.php?doing_wp_cron=1744686966.9567279815673828125000 HTTP/1.1" 200 0 "-" "WordPress/6.7.2; https://higglehub.com"
198.54.114.83 - - [14/Apr/2025:23:16:08 -0400] "POST /wp-cron.php?doing_wp_cron=1744686966.9613149166107177734375 HTTP/1.1" 200 0 "-" "WordPress/6.7.2; https://higglehub.com"
75.119.145.42 - - [14/Apr/2025:23:16:03 -0400] "POST /xmlrpc.php HTTP/1.1" 200 186 "-" "Mozilla/5.0 (Windows NT 10.0; Win64; x64; rv:97.0) Gecko/20100101 Firefox/97.0"
54.224.161.173 - - [14/Apr/2025:23:20:33 -0400] "GET / HTTP/1.1" 200 10353 "-" "Mozilla/5.0 (Macintosh; Intel Mac OS X 10_15_7) AppleWebKit/537.36 (KHTML, like Gecko) Chrome/108.0.0.0 Safari/537.36"
198.54.114.83 - - [14/Apr/2025:23:27:57 -0400] "POST /wp-cron.php?doing_wp_cron=1744687676.8639729022979736328125 HTTP/1.1" 200 0 "-" "WordPress/6.7.2; https://higglehub.com"
128.140.55.106 - - [14/Apr/2025:23:27:52 -0400] "POST /xmlrpc.php HTTP/1.1" 200 186 "-" "Mozilla/5.0 (Windows NT 10.0; Win64; x64; rv:82.0) Gecko/20100101 Firefox/82.0"
198.54.114.83 - - [14/Apr/2025:23:27:59 -0400] "POST /wp-admin/admin-ajax.php?action=async_litespeed&nonce=WsI4RTC5VZh5S5Ktfjhf4vKXr7dEZEqx&litespeed_type=imgoptm HTTP/1.1" 200 0 "-" "WordPress/6.7.2; https://higglehub.com"
198.54.114.83 - - [14/Apr/2025:23:32:57 -0400] "POST /wp-cron.php?doing_wp_cron=1744687976.4137558937072753906250 HTTP/1.1" 200 0 "-" "WordPress/6.7.2; https://higglehub.com"
122.8.184.184 - - [14/Apr/2025:23:32:52 -0400] "GET /the-thrill-of-online-casinos-a-comprehensive-overview/ HTTP/1.1" 200 11335 "https://higglehub.com/the-thrill-of-online-casinos-a-comprehensive-overview/" "Mozilla/5.0 (Windows NT 10.0; Win64; x64) AppleWebKit/537.36 (KHTML, like Gecko) Chrome/104.0.0.0 Safari/537.36"
198.54.114.83 - - [14/Apr/2025:23:32:58 -0400] "POST /wp-admin/admin-ajax.php?action=async_litespeed&nonce=HO8MM6MrL72FyXS18OMbYRwHI47LoP1Z&litespeed_type=imgoptm HTTP/1.1" 200 0 "-" "WordPress/6.7.2; https://higglehub.com"
71.40.108.36 - - [14/Apr/2025:23:36:20 -0400] "GET /wp-login.php HTTP/1.1" 200 1766 "-" "GRequests/0.10"
71.40.108.36 - - [14/Apr/2025:23:36:22 -0400] "POST /wp-login.php HTTP/1.1" 200 1899 "-" "GRequests/0.10"
198.54.114.83 - - [14/Apr/2025:23:36:29 -0400] "POST /wp-cron.php?doing_wp_cron=1744688188.3802189826965332031250 HTTP/1.1" 200 0 "-" "WordPress/6.7.2; https://higglehub.com"
195.26.224.102 - - [14/Apr/2025:23:37:24 -0400] "GET /a-comprehensive-guide-to-multichannel-marketing/ HTTP/1.1" 200 10954 "https://higglehub.com/a-comprehensive-guide-to-multichannel-marketing/" "Mozilla/5.0 (Windows NT 10.0; Win64; x64) AppleWebKit/537.36 (KHTML, like Gecko) Chrome/130.0.0.0 Safari/537.36"
195.26.224.102 - - [14/Apr/2025:23:37:26 -0400] "POST /wp-comments-post.php HTTP/1.1" 302 0 "https://higglehub.com/a-comprehensive-guide-to-multichannel-marketing/" "Mozilla/5.0 (Windows NT 10.0; Win64; x64) AppleWebKit/537.36 (KHTML, like Gecko) Chrome/130.0.0.0 Safari/537.36"
195.26.224.102 - - [14/Apr/2025:23:37:31 -0400] "GET /a-comprehensive-guide-to-multichannel-marketing/ HTTP/1.1" 200 11490 "https://higglehub.com/a-comprehensive-guide-to-multichannel-marketing/#comment-6292" "Mozilla/5.0 (Windows NT 10.0; Win64; x64) AppleWebKit/537.36 (KHTML, like Gecko) Chrome/130.0.0.0 Safari/537.36"
198.54.114.83 - - [14/Apr/2025:23:37:34 -0400] "POST /wp-cron.php?doing_wp_cron=1744688251.9999260902404785156250 HTTP/1.1" 200 0 "-" "WordPress/6.7.2; https://higglehub.com"
43.166.226.186 - - [14/Apr/2025:23:38:04 -0400] "GET / HTTP/1.1" 200 10353 "http://higglehub.com" "Mozilla/5.0 (iPhone; CPU iPhone OS 13_2_3 like Mac OS X) AppleWebKit/605.1.15 (KHTML, like Gecko) Version/13.0.3 Mobile/15E148 Safari/604.1"
216.244.66.247 - - [14/Apr/2025:23:38:42 -0400] "GET /robots.txt HTTP/1.1" 304 0 "-" "Mozilla/5.0 (compatible; DotBot/1.2; +https://opensiteexplorer.org/dotbot; help@moz.com)"
183.96.254.8 - - [14/Apr/2025:23:40:43 -0400] "POST /xmlrpc.php HTTP/1.1" 200 186 "-" "Mozilla/5.0 (Windows NT 10.0; Win64; x64; rv:51.0) Gecko/20100101 Firefox/51.0"
198.54.114.83 - - [14/Apr/2025:23:40:51 -0400] "POST /wp-cron.php?doing_wp_cron=1744688449.6349270343780517578125 HTTP/1.1" 200 0 "-" "WordPress/6.7.2; https://higglehub.com"
135.119.141.8 - - [14/Apr/2025:23:41:14 -0400] "HEAD /wordpress HTTP/1.1" 404 0 "http://higglehub.com/wordpress" "Mozilla/5.0 (Windows NT 10.0; Win64; x64) AppleWebKit/537.36 (KHTML, like Gecko) Chrome/74.0.3729.169 Safari/537.36"
135.119.141.8 - - [14/Apr/2025:23:41:17 -0400] "HEAD / HTTP/1.1" 200 0 "http://higglehub.com/" "Mozilla/5.0 (Windows NT 10.0; Win64; x64) AppleWebKit/537.36 (KHTML, like Gecko) Chrome/74.0.3729.169 Safari/537.36"
192.71.3.222 - - [15/Apr/2025:00:02:33 -0400] "GET /robots.txt HTTP/1.1" 200 61 "http://higglehub.com/robots.txt" "Mozilla/5.0 (Windows NT 10.0; Win64; x64) AppleWebKit/537.36 (KHTML, like Gecko) Chrome/120.0.0.0 Safari/537.36 Viewer/99.9.8853.8"
185.13.99.111 - - [15/Apr/2025:00:02:44 -0400] "GET / HTTP/1.1" 200 0 "http://higglehub.com/" "Mozilla/5.0 (Windows NT 10.0; Win64; x64) AppleWebKit/537.36 (KHTML, like Gecko) Chrome/120.0.0.0 Safari/537.36 Viewer/99.9.8853.8"
110.249.201.167 - - [15/Apr/2025:00:04:41 -0400] "GET / HTTP/1.1" 200 10353 "-" "Mozilla/5.0 (Linux; Android 5.0) AppleWebKit/537.36 (KHTML, like Gecko) Mobile Safari/537.36 (compatible; Bytespider; https://zhanzhang.toutiao.com/)"
110.249.201.167 - - [15/Apr/2025:00:04:43 -0400] "GET /wp-content/themes/hitmag/css/all.min.css?ver=6.5.1 HTTP/1.1" 200 21983 "https://higglehub.com/" "Mozilla/5.0 (Linux; Android 5.0) AppleWebKit/537.36 (KHTML, like Gecko) Mobile Safari/537.36 (compatible; Bytespider; https://zhanzhang.toutiao.com/)"
110.249.201.167 - - [15/Apr/2025:00:04:43 -0400] "GET /wp-includes/css/dist/block-library/style.min.css?ver=6.7.2 HTTP/1.1" 200 14225 "https://higglehub.com/" "Mozilla/5.0 (Linux; Android 5.0) AppleWebKit/537.36 (KHTML, like Gecko) Mobile Safari/537.36 (compatible; Bytespider; https://zhanzhang.toutiao.com/)"
110.249.201.167 - - [15/Apr/2025:00:04:43 -0400] "GET /wp-includes/js/jquery/jquery.min.js?ver=3.7.1 HTTP/1.1" 200 29744 "https://higglehub.com/" "Mozilla/5.0 (Linux; Android 5.0) AppleWebKit/537.36 (KHTML, like Gecko) Mobile Safari/537.36 (compatible; Bytespider; https://zhanzhang.toutiao.com/)"
110.249.201.167 - - [15/Apr/2025:00:04:43 -0400] "GET /wp-content/themes/hitmag/js/scripts.js?ver=1.4.2 HTTP/1.1" 200 691 "https://higglehub.com/" "Mozilla/5.0 (Linux; Android 5.0) AppleWebKit/537.36 (KHTML, like Gecko) Mobile Safari/537.36 (compatible; Bytespider; https://zhanzhang.toutiao.com/)"
110.249.201.167 - - [15/Apr/2025:00:04:43 -0400] "GET /wp-includes/js/jquery/jquery-migrate.min.js?ver=3.4.1 HTTP/1.1" 200 4678 "https://higglehub.com/" "Mozilla/5.0 (Linux; Android 5.0) AppleWebKit/537.36 (KHTML, like Gecko) Mobile Safari/537.36 (compatible; Bytespider; https://zhanzhang.toutiao.com/)"
110.249.201.167 - - [15/Apr/2025:00:04:43 -0400] "GET /wp-content/themes/hitmag/js/navigation.js?ver=1.4.2 HTTP/1.1" 200 998 "https://higglehub.com/" "Mozilla/5.0 (Linux; Android 5.0) AppleWebKit/537.36 (KHTML, like Gecko) Mobile Safari/537.36 (compatible; Bytespider; https://zhanzhang.toutiao.com/)"
110.249.201.167 - - [15/Apr/2025:00:04:43 -0400] "GET /wp-content/themes/hitmag/style.css?ver=1.4.2 HTTP/1.1" 200 12819 "https://higglehub.com/" "Mozilla/5.0 (Linux; Android 5.0) AppleWebKit/537.36 (KHTML, like Gecko) Mobile Safari/537.36 (compatible; Bytespider; https://zhanzhang.toutiao.com/)"
110.249.201.167 - - [15/Apr/2025:00:04:43 -0400] "GET /wp-content/themes/hitmag/css/fonts.css HTTP/1.1" 200 412 "https://higglehub.com/" "Mozilla/5.0 (Linux; Android 5.0) AppleWebKit/537.36 (KHTML, like Gecko) Mobile Safari/537.36 (compatible; Bytespider; https://zhanzhang.toutiao.com/)"
110.249.201.167 - - [15/Apr/2025:00:04:43 -0400] "GET /wp-content/themes/hitmag/js/skip-link-focus-fix.js?ver=1.4.2 HTTP/1.1" 200 329 "https://higglehub.com/" "Mozilla/5.0 (Linux; Android 5.0) AppleWebKit/537.36 (KHTML, like Gecko) Mobile Safari/537.36 (compatible; Bytespider; https://zhanzhang.toutiao.com/)"
110.249.201.167 - - [15/Apr/2025:00:04:47 -0400] "GET /wp-includes/js/wp-emoji-release.min.js?ver=6.7.2 HTTP/1.1" 200 4676 "https://higglehub.com/" "Mozilla/5.0 (Linux; Android 5.0) AppleWebKit/537.36 (KHTML, like Gecko) Mobile Safari/537.36 (compatible; Bytespider; https://zhanzhang.toutiao.com/)"
198.98.55.56 - - [15/Apr/2025:00:05:28 -0400] "GET /wp-login.php HTTP/1.1" 200 1766 "-" "Mozilla/5.0 (Macintosh; Intel Mac OS X 10_9_2) AppleWebKit/537.36 (KHTML, like Gecko) Chrome/35.0.1916.153 Safari/537.36"
198.98.55.56 - - [15/Apr/2025:00:05:32 -0400] "POST /wp-login.php HTTP/1.1" 200 1895 "-" "Mozilla/5.0 (Macintosh; Intel Mac OS X 10_9_2) AppleWebKit/537.36 (KHTML, like Gecko) Chrome/35.0.1916.153 Safari/537.36"
198.54.114.83 - - [15/Apr/2025:00:05:39 -0400] "POST /wp-cron.php?doing_wp_cron=1744689936.7694458961486816406250 HTTP/1.1" 200 0 "-" "WordPress/6.7.2; https://higglehub.com"
216.244.66.247 - - [15/Apr/2025:00:06:30 -0400] "GET /revitalizing-business-trip-massage-a-stress-reliever-on-the-go/feed/ HTTP/1.1" 200 428 "-" "Mozilla/5.0 (compatible; DotBot/1.2; +https://opensiteexplorer.org/dotbot; help@moz.com)"
135.119.141.8 - - [14/Apr/2025:23:41:18 -0400] "HEAD /wp HTTP/1.1" 404 0 "http://higglehub.com/wp" "Mozilla/5.0 (Windows NT 10.0; Win64; x64) AppleWebKit/537.36 (KHTML, like Gecko) Chrome/74.0.3729.169 Safari/537.36"
135.119.141.8 - - [14/Apr/2025:23:41:20 -0400] "HEAD /bc HTTP/1.1" 404 0 "http://higglehub.com/bc" "Mozilla/5.0 (Windows NT 10.0; Win64; x64) AppleWebKit/537.36 (KHTML, like Gecko) Chrome/74.0.3729.169 Safari/537.36"
135.119.141.8 - - [14/Apr/2025:23:41:23 -0400] "HEAD /bk HTTP/1.1" 404 0 "http://higglehub.com/bk" "Mozilla/5.0 (Windows NT 10.0; Win64; x64) AppleWebKit/537.36 (KHTML, like Gecko) Chrome/74.0.3729.169 Safari/537.36"
135.119.141.8 - - [14/Apr/2025:23:41:27 -0400] "HEAD /backup HTTP/1.1" 404 0 "http://higglehub.com/backup" "Mozilla/5.0 (Windows NT 10.0; Win64; x64) AppleWebKit/537.36 (KHTML, like Gecko) Chrome/74.0.3729.169 Safari/537.36"
135.119.141.8 - - [14/Apr/2025:23:41:31 -0400] "HEAD /old HTTP/1.1" 404 0 "http://higglehub.com/old" "Mozilla/5.0 (Windows NT 10.0; Win64; x64) AppleWebKit/537.36 (KHTML, like Gecko) Chrome/74.0.3729.169 Safari/537.36"
135.119.141.8 - - [14/Apr/2025:23:41:32 -0400] "HEAD /new HTTP/1.1" 404 0 "http://higglehub.com/new" "Mozilla/5.0 (Windows NT 10.0; Win64; x64) AppleWebKit/537.36 (KHTML, like Gecko) Chrome/74.0.3729.169 Safari/537.36"
135.119.141.8 - - [14/Apr/2025:23:41:36 -0400] "HEAD /main HTTP/1.1" 404 0 "http://higglehub.com/main" "Mozilla/5.0 (Windows NT 10.0; Win64; x64) AppleWebKit/537.36 (KHTML, like Gecko) Chrome/74.0.3729.169 Safari/537.36"
135.119.141.8 - - [14/Apr/2025:23:41:39 -0400] "HEAD /home HTTP/1.1" 404 0 "http://higglehub.com/home" "Mozilla/5.0 (Windows NT 10.0; Win64; x64) AppleWebKit/537.36 (KHTML, like Gecko) Chrome/74.0.3729.169 Safari/537.36"
198.54.114.83 - - [14/Apr/2025:23:48:40 -0400] "POST /wp-cron.php?doing_wp_cron=1744688919.1873629093170166015625 HTTP/1.1" 200 0 "-" "WordPress/6.7.2; https://higglehub.com"
194.209.195.108 - - [14/Apr/2025:23:48:35 -0400] "POST /xmlrpc.php HTTP/1.1" 200 186 "-" "Mozilla/5.0 (Windows NT 10.0; Win64; x64; rv:44.0) Gecko/20100101 Firefox/44.0"
198.54.114.83 - - [14/Apr/2025:23:51:39 -0400] "POST /wp-cron.php?doing_wp_cron=1744689098.9511289596557617187500 HTTP/1.1" 200 0 "-" "WordPress/6.7.2; https://higglehub.com"
2001:41d0:302:1000::8b2 - - [14/Apr/2025:23:51:35 -0400] "POST /xmlrpc.php HTTP/1.1" 200 186 "-" "Mozilla/5.0 (Windows NT 10.0; Win64; x64; rv:95.0) Gecko/20100101 Firefox/95.0"
198.54.114.83 - - [14/Apr/2025:23:51:40 -0400] "POST /wp-admin/admin-ajax.php?action=async_litespeed&nonce=0ovPejpqiUcTYdqB5cQDaro15C3eVBKj&litespeed_type=imgoptm HTTP/1.1" 200 0 "-" "WordPress/6.7.2; https://higglehub.com"
198.98.48.90 - - [14/Apr/2025:23:52:03 -0400] "GET /wp-login.php HTTP/1.1" 200 1766 "-" "Mozilla/5.0 (Macintosh; Intel Mac OS X 10_9_4) AppleWebKit/537.36 (KHTML, like Gecko) Chrome/35.0.1916.153 Safari/537.36"
198.54.114.83 - - [14/Apr/2025:23:52:29 -0400] "POST /wp-cron.php?doing_wp_cron=1744689147.9857718944549560546875 HTTP/1.1" 200 0 "-" "WordPress/6.7.2; https://higglehub.com"
198.98.48.90 - - [14/Apr/2025:23:52:27 -0400] "POST /wp-login.php HTTP/1.1" 200 1895 "-" "Mozilla/5.0 (Macintosh; Intel Mac OS X 10_9_4) AppleWebKit/537.36 (KHTML, like Gecko) Chrome/35.0.1916.153 Safari/537.36"
45.61.188.237 - - [15/Apr/2025:00:06:49 -0400] "GET /wp-login.php HTTP/1.1" 200 1766 "-" "Mozilla/5.0 (Windows NT 6.1; WOW64; rv:30.0) Gecko/20100101 Firefox/30.0"
45.61.188.237 - - [15/Apr/2025:00:06:51 -0400] "POST /wp-login.php HTTP/1.1" 200 1899 "-" "Mozilla/5.0 (Windows NT 6.1; WOW64; rv:30.0) Gecko/20100101 Firefox/30.0"
198.54.114.83 - - [15/Apr/2025:00:06:53 -0400] "POST /wp-cron.php?doing_wp_cron=1744690011.8301110267639160156250 HTTP/1.1" 200 0 "-" "WordPress/6.7.2; https://higglehub.com"
198.54.114.83 - - [15/Apr/2025:00:08:03 -0400] "POST /wp-cron.php?doing_wp_cron=1744690082.4500880241394042968750 HTTP/1.1" 200 0 "-" "WordPress/6.7.2; https://higglehub.com"
94.142.141.70 - - [15/Apr/2025:00:08:01 -0400] "POST /xmlrpc.php HTTP/1.1" 200 186 "-" "Mozilla/5.0 (Windows NT 10.0; Win64; x64; rv:56.0) Gecko/20100101 Firefox/56.0"
198.54.114.83 - - [15/Apr/2025:00:08:03 -0400] "POST /wp-admin/admin-ajax.php?action=async_litespeed&nonce=NFFRZvJLxIMXSdNIANciGs1bsTnuJ0Su&litespeed_type=imgoptm HTTP/1.1" 200 0 "-" "WordPress/6.7.2; https://higglehub.com"
110.249.201.70 - - [15/Apr/2025:00:08:54 -0400] "GET /robots.txt HTTP/1.1" 200 61 "-" "Mozilla/5.0 (Linux; Android 5.0) AppleWebKit/537.36 (KHTML, like Gecko) Mobile Safari/537.36 (compatible; Bytespider; https://zhanzhang.toutiao.com/)"
2001:41d0:1004:8b::1 - - [15/Apr/2025:00:11:25 -0400] "GET /robots.txt HTTP/1.1" 200 61 "-" "Mozilla/5.0 (compatible; MJ12bot/v1.4.8; http://mj12bot.com/)"
2001:41d0:1004:8b::1 - - [15/Apr/2025:00:11:29 -0400] "GET /2024/08/page/2/ HTTP/1.1" 200 10804 "-" "Mozilla/5.0 (compatible; MJ12bot/v1.4.8; http://mj12bot.com/)"
198.54.114.83 - - [15/Apr/2025:00:11:35 -0400] "POST /wp-cron.php?doing_wp_cron=1744690293.7615060806274414062500 HTTP/1.1" 200 0 "-" "WordPress/6.7.2; https://higglehub.com"
2001:41d0:1004:8b::1 - - [15/Apr/2025:00:11:38 -0400] "GET /2024/08/page/4/ HTTP/1.1" 200 10009 "-" "Mozilla/5.0 (compatible; MJ12bot/v1.4.8; http://mj12bot.com/)"
2001:41d0:1004:8b::1 - - [15/Apr/2025:00:11:41 -0400] "GET /a-new-era-of-gaming/ HTTP/1.1" 200 10982 "-" "Mozilla/5.0 (compatible; MJ12bot/v1.4.8; http://mj12bot.com/)"
2001:41d0:1004:8b::1 - - [15/Apr/2025:00:11:43 -0400] "GET /category/arts-entertainments/page/14/ HTTP/1.1" 200 10474 "-" "Mozilla/5.0 (compatible; MJ12bot/v1.4.8; http://mj12bot.com/)"
2001:41d0:1004:8b::1 - - [15/Apr/2025:00:11:45 -0400] "GET /category/arts-entertainments/page/43/ HTTP/1.1" 200 10760 "-" "Mozilla/5.0 (compatible; MJ12bot/v1.4.8; http://mj12bot.com/)"
2001:41d0:1004:8b::1 - - [15/Apr/2025:00:11:50 -0400] "GET /category/arts-entertainments/page/44/ HTTP/1.1" 200 10780 "-" "Mozilla/5.0 (compatible; MJ12bot/v1.4.8; http://mj12bot.com/)"
2001:41d0:1004:8b::1 - - [15/Apr/2025:00:11:56 -0400] "GET /category/arts-entertainments/page/45/ HTTP/1.1" 200 10809 "-" "Mozilla/5.0 (compatible; MJ12bot/v1.4.8; http://mj12bot.com/)"
2001:41d0:1004:8b::1 - - [15/Apr/2025:00:12:01 -0400] "GET /dog-dewormer-for-cancer/feed/ HTTP/1.1" 200 387 "-" "Mozilla/5.0 (compatible; MJ12bot/v1.4.8; http://mj12bot.com/)"
2001:41d0:1004:8b::1 - - [15/Apr/2025:00:12:06 -0400] "GET /effiziente-haushaltsauflosung-in-luneburg-2/ HTTP/1.1" 200 11296 "-" "Mozilla/5.0 (compatible; MJ12bot/v1.4.8; http://mj12bot.com/)"
2001:41d0:1004:8b::1 - - [15/Apr/2025:00:12:11 -0400] "GET /effiziente-haushaltsauflosung-in-luneburg-2/feed/ HTTP/1.1" 200 412 "-" "Mozilla/5.0 (compatible; MJ12bot/v1.4.8; http://mj12bot.com/)"
2001:41d0:1004:8b::1 - - [15/Apr/2025:00:12:14 -0400] "GET /exploring-the-best-massage-gun-for-ultimate-relaxation/ HTTP/1.1" 200 11234 "-" "Mozilla/5.0 (compatible; MJ12bot/v1.4.8; http://mj12bot.com/)"
2001:41d0:1004:8b::1 - - [15/Apr/2025:00:12:16 -0400] "GET /frauen-fur-leckdates/ HTTP/1.1" 200 10397 "-" "Mozilla/5.0 (compatible; MJ12bot/v1.4.8; http://mj12bot.com/)"
2001:41d0:1004:8b::1 - - [15/Apr/2025:00:12:21 -0400] "GET /frauen-fur-leckdates/feed/ HTTP/1.1" 200 389 "-" "Mozilla/5.0 (compatible; MJ12bot/v1.4.8; http://mj12bot.com/)"
2001:41d0:1004:8b::1 - - [15/Apr/2025:00:12:25 -0400] "GET /navigating-the-maze-demystifying-the-steuererklarung/feed/ HTTP/1.1" 200 436 "-" "Mozilla/5.0 (compatible; MJ12bot/v1.4.8; http://mj12bot.com/)"
2001:41d0:1004:8b::1 - - [15/Apr/2025:00:12:30 -0400] "GET /paradise-of-luxury-living-on-costa-del-sol/ HTTP/1.1" 200 11173 "-" "Mozilla/5.0 (compatible; MJ12bot/v1.4.8; http://mj12bot.com/)"
2001:41d0:1004:8b::1 - - [15/Apr/2025:00:12:33 -0400] "GET /paradise-of-luxury-living-on-costa-del-sol/feed/ HTTP/1.1" 200 411 "-" "Mozilla/5.0 (compatible; MJ12bot/v1.4.8; http://mj12bot.com/)"
198.54.114.83 - - [15/Apr/2025:00:12:38 -0400] "POST /wp-cron.php?doing_wp_cron=1744690356.6524429321289062500000 HTTP/1.1" 200 0 "-" "WordPress/6.7.2; https://higglehub.com"
2001:41d0:1004:8b::1 - - [15/Apr/2025:00:12:36 -0400] "GET /professionelle-haushaltsauflosungen-in-luneburg/feed/ HTTP/1.1" 200 412 "-" "Mozilla/5.0 (compatible; MJ12bot/v1.4.8; http://mj12bot.com/)"
2001:41d0:1004:8b::1 - - [15/Apr/2025:00:12:41 -0400] "GET /professionelle-unterstutzung-fur-die-wohnungsraumung/feed/ HTTP/1.1" 200 425 "-" "Mozilla/5.0 (compatible; MJ12bot/v1.4.8; http://mj12bot.com/)"
2001:41d0:1004:8b::1 - - [15/Apr/2025:00:12:45 -0400] "GET /stressfreier-umzug-mit-einem-professionellen-umzugsunternehmen-in-hamburg/feed/ HTTP/1.1" 200 431 "-" "Mozilla/5.0 (compatible; MJ12bot/v1.4.8; http://mj12bot.com/)"
2001:41d0:1004:8b::1 - - [15/Apr/2025:00:12:49 -0400] "GET /the-benefits-of-tretinoin-in-the-uk/ HTTP/1.1" 200 10950 "-" "Mozilla/5.0 (compatible; MJ12bot/v1.4.8; http://mj12bot.com/)"
2001:41d0:1004:8b::1 - - [15/Apr/2025:00:12:52 -0400] "GET /umzugsunternehmen-in-hamburg-ihre-zuverlassige-wahl/feed/ HTTP/1.1" 200 425 "-" "Mozilla/5.0 (compatible; MJ12bot/v1.4.8; http://mj12bot.com/)"
2001:41d0:1004:8b::1 - - [15/Apr/2025:00:12:55 -0400] "GET /understanding-gallons-per-minute-conversion/ HTTP/1.1" 200 10931 "-" "Mozilla/5.0 (compatible; MJ12bot/v1.4.8; http://mj12bot.com/)"
198.54.114.83 - - [15/Apr/2025:00:13:52 -0400] "POST /wp-cron.php?doing_wp_cron=1744690431.9853088855743408203125 HTTP/1.1" 200 0 "-" "WordPress/6.7.2; https://higglehub.com"
94.74.86.227 - - [15/Apr/2025:00:13:51 -0400] "GET /category/arts-entertainments/page/28/ HTTP/1.1" 200 10862 "https://higglehub.com/category/arts-entertainments/page/28/#content" "Mozilla/5.0 (Macintosh; Intel Mac OS X 10_15_7) AppleWebKit/537.36 (KHTML, like Gecko) Chrome/131.0.0.0 Safari/537.36"
198.54.114.83 - - [15/Apr/2025:00:13:54 -0400] "POST /wp-admin/admin-ajax.php?action=async_litespeed&nonce=koXRFIAkG5DaEbLOtIbkWA32GZDAbF4Z&litespeed_type=imgoptm HTTP/1.1" 200 0 "-" "WordPress/6.7.2; https://higglehub.com"
198.54.114.83 - - [15/Apr/2025:00:16:02 -0400] "POST /wp-cron.php?doing_wp_cron=1744690560.5929539203643798828125 HTTP/1.1" 200 0 "-" "WordPress/6.7.2; https://higglehub.com"
83.96.201.169 - - [15/Apr/2025:00:15:55 -0400] "POST /xmlrpc.php HTTP/1.1" 200 186 "-" "Mozilla/5.0 (Windows NT 10.0; Win64; x64; rv:91.0) Gecko/20100101 Firefox/91.0"
192.104.34.34 - - [15/Apr/2025:00:18:49 -0400] "GET / HTTP/1.1" 200 10353 "-" "Mozilla/5.0 (Windows NT 10.0; Win64; x64) AppleWebKit/537.36 (KHTML, like Gecko) Chrome/134.0.0.0 Safari/537.36"
23.251.157.11 - - [15/Apr/2025:00:21:06 -0400] "POST /xmlrpc.php HTTP/1.1" 200 186 "-" "Mozilla/5.0 (Windows NT 10.0; Win64; x64; rv:41.0) Gecko/20100101 Firefox/41.0"
198.54.114.83 - - [15/Apr/2025:00:21:13 -0400] "POST /wp-cron.php?doing_wp_cron=1744690871.7456789016723632812500 HTTP/1.1" 200 0 "-" "WordPress/6.7.2; https://higglehub.com"
83.96.201.169 - - [15/Apr/2025:00:24:52 -0400] "POST /xmlrpc.php HTTP/1.1" 200 186 "-" "Mozilla/5.0 (Windows NT 10.0; Win64; x64; rv:89.0) Gecko/20100101 Firefox/89.0"
198.54.114.83 - - [15/Apr/2025:00:24:59 -0400] "POST /wp-cron.php?doing_wp_cron=1744691097.3831920623779296875000 HTTP/1.1" 200 0 "-" "WordPress/6.7.2; https://higglehub.com"
52.64.252.126 - - [15/Apr/2025:00:27:36 -0400] "POST /xmlrpc.php HTTP/1.1" 200 186 "-" "Mozilla/5.0 (Windows NT 10.0; Win64; x64; rv:76.0) Gecko/20100101 Firefox/76.0"
198.54.114.83 - - [15/Apr/2025:00:27:42 -0400] "POST /wp-cron.php?doing_wp_cron=1744691259.2223279476165771484375 HTTP/1.1" 200 0 "-" "WordPress/6.7.2; https://higglehub.com"
75.119.145.42 - - [15/Apr/2025:00:27:45 -0400] "POST /xmlrpc.php HTTP/1.1" 200 186 "-" "Mozilla/5.0 (Windows NT 10.0; Win64; x64; rv:86.0) Gecko/20100101 Firefox/86.0"
37.187.153.161 - - [15/Apr/2025:00:32:45 -0400] "POST /xmlrpc.php HTTP/1.1" 200 186 "-" "Mozilla/5.0 (Windows NT 10.0; Win64; x64; rv:61.0) Gecko/20100101 Firefox/61.0"
198.54.114.83 - - [15/Apr/2025:00:32:51 -0400] "POST /wp-cron.php?doing_wp_cron=1744691569.4390320777893066406250 HTTP/1.1" 200 0 "-" "WordPress/6.7.2; https://higglehub.com"
13.36.229.110 - - [15/Apr/2025:00:32:56 -0400] "GET / HTTP/1.1" 200 10353 "www.google.com" "Mozilla/5.0 (Linux; Android 7.0; SM-G892A Build/NRD90M; wv) AppleWebKit/537.36 (KHTML, like Gecko) Version/4.0 Chrome/60.0.3112.107 Mobile Safari/537.36"
13.36.229.110 - - [15/Apr/2025:00:33:03 -0400] "GET /wp HTTP/1.1" 404 7269 "www.google.com" "Mozilla/5.0 (Linux; Android 7.0; SM-G892A Build/NRD90M; wv) AppleWebKit/537.36 (KHTML, like Gecko) Version/4.0 Chrome/60.0.3112.107 Mobile Safari/537.36"
13.36.229.110 - - [15/Apr/2025:00:33:11 -0400] "GET /wordpress HTTP/1.1" 404 7269 "www.google.com" "Mozilla/5.0 (Linux; Android 7.0; SM-G892A Build/NRD90M; wv) AppleWebKit/537.36 (KHTML, like Gecko) Version/4.0 Chrome/60.0.3112.107 Mobile Safari/537.36"
13.36.229.110 - - [15/Apr/2025:00:33:17 -0400] "GET /higglehub HTTP/1.1" 404 7269 "www.google.com" "Mozilla/5.0 (Linux; Android 7.0; SM-G892A Build/NRD90M; wv) AppleWebKit/537.36 (KHTML, like Gecko) Version/4.0 Chrome/60.0.3112.107 Mobile Safari/537.36"
13.36.229.110 - - [15/Apr/2025:00:33:21 -0400] "GET /wordpress HTTP/1.1" 404 7269 "www.google.com" "Mozilla/5.0 (Linux; Android 7.0; SM-G892A Build/NRD90M; wv) AppleWebKit/537.36 (KHTML, like Gecko) Version/4.0 Chrome/60.0.3112.107 Mobile Safari/537.36"
13.36.229.110 - - [15/Apr/2025:00:33:28 -0400] "GET /old HTTP/1.1" 404 7269 "www.google.com" "Mozilla/5.0 (Linux; Android 7.0; SM-G892A Build/NRD90M; wv) AppleWebKit/537.36 (KHTML, like Gecko) Version/4.0 Chrome/60.0.3112.107 Mobile Safari/537.36"
13.36.229.110 - - [15/Apr/2025:00:33:35 -0400] "GET /backup HTTP/1.1" 404 7269 "www.google.com" "Mozilla/5.0 (Linux; Android 7.0; SM-G892A Build/NRD90M; wv) AppleWebKit/537.36 (KHTML, like Gecko) Version/4.0 Chrome/60.0.3112.107 Mobile Safari/537.36"
13.36.229.110 - - [15/Apr/2025:00:33:39 -0400] "GET /new HTTP/1.1" 404 7269 "www.google.com" "Mozilla/5.0 (Linux; Android 7.0; SM-G892A Build/NRD90M; wv) AppleWebKit/537.36 (KHTML, like Gecko) Version/4.0 Chrome/60.0.3112.107 Mobile Safari/537.36"
13.36.229.110 - - [15/Apr/2025:00:33:45 -0400] "GET /test HTTP/1.1" 404 7269 "www.google.com" "Mozilla/5.0 (Linux; Android 7.0; SM-G892A Build/NRD90M; wv) AppleWebKit/537.36 (KHTML, like Gecko) Version/4.0 Chrome/60.0.3112.107 Mobile Safari/537.36"
13.36.229.110 - - [15/Apr/2025:00:33:52 -0400] "GET /wp HTTP/1.1" 404 7269 "www.google.com" "Mozilla/5.0 (Linux; Android 7.0; SM-G892A Build/NRD90M; wv) AppleWebKit/537.36 (KHTML, like Gecko) Version/4.0 Chrome/60.0.3112.107 Mobile Safari/537.36"
198.54.114.83 - - [15/Apr/2025:00:33:59 -0400] "POST /wp-cron.php?doing_wp_cron=1744691638.4653880596160888671875 HTTP/1.1" 200 0 "-" "WordPress/6.7.2; https://higglehub.com"
13.36.229.110 - - [15/Apr/2025:00:33:58 -0400] "GET /temp HTTP/1.1" 404 7269 "www.google.com" "Mozilla/5.0 (Linux; Android 7.0; SM-G892A Build/NRD90M; wv) AppleWebKit/537.36 (KHTML, like Gecko) Version/4.0 Chrome/60.0.3112.107 Mobile Safari/537.36"
198.54.114.83 - - [15/Apr/2025:00:34:01 -0400] "POST /wp-admin/admin-ajax.php?action=async_litespeed&nonce=Ah8fJ5oLp4WwiX1JDaToospSebAJujNN&litespeed_type=imgoptm HTTP/1.1" 200 0 "-" "WordPress/6.7.2; https://higglehub.com"
13.36.229.110 - - [15/Apr/2025:00:34:04 -0400] "GET /blog HTTP/1.1" 404 7269 "www.google.com" "Mozilla/5.0 (Linux; Android 7.0; SM-G892A Build/NRD90M; wv) AppleWebKit/537.36 (KHTML, like Gecko) Version/4.0 Chrome/60.0.3112.107 Mobile Safari/537.36"
91.84.98.84 - - [15/Apr/2025:00:36:15 -0400] "GET /a-comprehensive-guide-to-multichannel-marketing/ HTTP/1.1" 200 10954 "https://higglehub.com/a-comprehensive-guide-to-multichannel-marketing/" "Mozilla/5.0 (Windows NT 6.3; Win64; x64) AppleWebKit/537.36 (KHTML, like Gecko) Chrome/103.0.5060.53 Safari/537.36"
198.54.114.83 - - [15/Apr/2025:00:36:24 -0400] "POST /wp-cron.php?doing_wp_cron=1744691782.7620120048522949218750 HTTP/1.1" 200 0 "-" "WordPress/6.7.2; https://higglehub.com"
91.84.98.84 - - [15/Apr/2025:00:36:18 -0400] "POST /wp-comments-post.php HTTP/1.1" 302 0 "https://higglehub.com/a-comprehensive-guide-to-multichannel-marketing/" "Mozilla/5.0 (Windows NT 6.3; Win64; x64) AppleWebKit/537.36 (KHTML, like Gecko) Chrome/103.0.5060.53 Safari/537.36"
91.84.98.84 - - [15/Apr/2025:00:36:27 -0400] "GET /a-comprehensive-guide-to-multichannel-marketing/ HTTP/1.1" 200 11546 "https://higglehub.com/a-comprehensive-guide-to-multichannel-marketing/#comment-6293" "Mozilla/5.0 (Windows NT 6.3; Win64; x64) AppleWebKit/537.36 (KHTML, like Gecko) Chrome/103.0.5060.53 Safari/537.36"
92.255.57.103 - - [15/Apr/2025:00:42:29 -0400] "GET /wp-login.php?wp_lang=en_US HTTP/1.1" 200 1765 "https://higglehub.com/wp-login.php" "Mozilla/5.0 (Windows NT 10.0; Win64; x64) AppleWebKit/537.36 (KHTML, like Gecko) Chrome/135.0.0.0 Safari/537.36"
198.54.114.83 - - [15/Apr/2025:00:42:34 -0400] "POST /wp-cron.php?doing_wp_cron=1744692152.6384959220886230468750 HTTP/1.1" 200 0 "-" "WordPress/6.7.2; https://higglehub.com"
92.255.57.103 - - [15/Apr/2025:00:42:39 -0400] "POST /wp-login.php?wp_lang=en_US HTTP/1.1" 200 1895 "https://higglehub.com/wp-login.php" "Mozilla/5.0 (Windows NT 10.0; Win64; x64) AppleWebKit/537.36 (KHTML, like Gecko) Chrome/135.0.0.0 Safari/537.36"
92.255.57.103 - - [15/Apr/2025:00:42:46 -0400] "GET /xmlrpc.php HTTP/1.1" 405 46 "https://higglehub.com/xmlrpc.php" "Mozilla/5.0 (Windows NT 10.0; Win64; x64; rv:136.0) Gecko/20100101 Firefox/136.0"
92.255.57.103 - - [15/Apr/2025:00:42:53 -0400] "POST /xmlrpc.php HTTP/1.1" 200 186 "https://higglehub.com/xmlrpc.php" "Mozilla/5.0 (Windows NT 10.0; Win64; x64; rv:136.0) Gecko/20100101 Firefox/136.0"
2600:1f18:2251:7600:177:c54b:999a:1512 - - [15/Apr/2025:00:43:36 -0400] "POST /xmlrpc.php HTTP/1.1" 200 186 "-" "Mozilla/5.0 (Windows NT 10.0; Win64; x64; rv:52.0) Gecko/20100101 Firefox/52.0"
198.54.114.83 - - [15/Apr/2025:00:43:38 -0400] "POST /wp-cron.php?doing_wp_cron=1744692217.3121790885925292968750 HTTP/1.1" 200 0 "-" "WordPress/6.7.2; https://higglehub.com"
54.225.98.148 - - [15/Apr/2025:00:43:40 -0400] "GET /the-evolution-of-online-betting-a-modern-approach-to-wagering/ HTTP/1.1" 200 11004 "-" "Mozilla/5.0 AppleWebKit/537.36 (KHTML, like Gecko; compatible; Amazonbot/0.1; +https://developer.amazon.com/support/amazonbot) Chrome/119.0.6045.214 Safari/537.36"
109.123.236.97 - - [15/Apr/2025:00:48:54 -0400] "GET /wp-login.php HTTP/1.1" 200 1766 "-" "GRequests/0.10"
109.123.236.97 - - [15/Apr/2025:00:48:58 -0400] "POST /wp-login.php HTTP/1.1" 200 1895 "-" "GRequests/0.10"
198.54.114.83 - - [15/Apr/2025:00:49:06 -0400] "POST /wp-cron.php?doing_wp_cron=1744692543.1846430301666259765625 HTTP/1.1" 200 0 "-" "WordPress/6.7.2; https://higglehub.com"
197.243.16.120 - - [15/Apr/2025:00:50:19 -0400] "GET /wp-login.php HTTP/1.1" 200 1766 "-" "GRequests/0.10"
197.243.16.120 - - [15/Apr/2025:00:50:23 -0400] "POST /wp-login.php HTTP/1.1" 200 1895 "-" "GRequests/0.10"
198.54.114.83 - - [15/Apr/2025:00:50:26 -0400] "POST /wp-cron.php?doing_wp_cron=1744692624.4226810932159423828125 HTTP/1.1" 200 0 "-" "WordPress/6.7.2; https://higglehub.com"
216.244.66.247 - - [15/Apr/2025:00:52:49 -0400] "GET /the-foundation-of-legal-knowledge/ HTTP/1.1" 200 10823 "-" "Mozilla/5.0 (compatible; DotBot/1.2; +https://opensiteexplorer.org/dotbot; help@moz.com)"
198.54.114.83 - - [15/Apr/2025:00:52:59 -0400] "POST /wp-cron.php?doing_wp_cron=1744692777.0176301002502441406250 HTTP/1.1" 200 0 "-" "WordPress/6.7.2; https://higglehub.com"
159.138.142.131 - - [15/Apr/2025:00:52:52 -0400] "GET /une-ville-aux-multiples-facettes/ HTTP/1.1" 200 10995 "https://higglehub.com/une-ville-aux-multiples-facettes/" "Mozilla/5.0 (Windows NT 10.0; Win64; x64) AppleWebKit/537.36 (KHTML, like Gecko) Chrome/107.0.0.0 Safari/537.36"
194.233.71.237 - - [15/Apr/2025:00:53:30 -0400] "POST /xmlrpc.php HTTP/1.1" 200 186 "-" "Mozilla/5.0 (Windows NT 10.0; Win64; x64; rv:41.0) Gecko/20100101 Firefox/41.0"
3.238.54.74 - - [15/Apr/2025:00:56:32 -0400] "GET / HTTP/1.1" 200 10353 "-" "Mozilla/5.0 (Windows NT 10.0; Win64; x64) AppleWebKit/537.36 (KHTML, like Gecko) Chrome/125.0.0.0 Safari/537.36"
192.99.7.188 - - [15/Apr/2025:00:57:37 -0400] "GET /robots.txt HTTP/1.1" 200 61 "-" "Mozilla/5.0 (compatible; MJ12bot/v1.4.8; http://mj12bot.com/)"
192.99.7.188 - - [15/Apr/2025:00:57:41 -0400] "GET /2024/08/ HTTP/1.1" 200 10431 "-" "Mozilla/5.0 (compatible; MJ12bot/v1.4.8; http://mj12bot.com/)"
198.54.114.83 - - [15/Apr/2025:00:57:50 -0400] "POST /wp-cron.php?doing_wp_cron=1744693069.1413400173187255859375 HTTP/1.1" 200 0 "-" "WordPress/6.7.2; https://higglehub.com"
192.99.7.188 - - [15/Apr/2025:00:57:44 -0400] "GET /category/arts-entertainments/page/15/ HTTP/1.1" 200 10439 "-" "Mozilla/5.0 (compatible; MJ12bot/v1.4.8; http://mj12bot.com/)"
192.99.7.188 - - [15/Apr/2025:00:57:53 -0400] "GET /category/arts-entertainments/page/46/ HTTP/1.1" 200 10881 "-" "Mozilla/5.0 (compatible; MJ12bot/v1.4.8; http://mj12bot.com/)"
192.99.7.188 - - [15/Apr/2025:00:58:00 -0400] "GET /page/32/ HTTP/1.1" 200 10655 "-" "Mozilla/5.0 (compatible; MJ12bot/v1.4.8; http://mj12bot.com/)"
192.99.7.188 - - [15/Apr/2025:00:58:07 -0400] "GET /stressfreier-umzug-mit-einem-professionellen-umzugsunternehmen-in-hamburg/ HTTP/1.1" 200 11005 "-" "Mozilla/5.0 (compatible; MJ12bot/v1.4.8; http://mj12bot.com/)"
192.99.7.188 - - [15/Apr/2025:00:58:11 -0400] "GET /umzugsunternehmen-in-hamburg-ihre-zuverlassige-wahl/ HTTP/1.1" 200 11108 "-" "Mozilla/5.0 (compatible; MJ12bot/v1.4.8; http://mj12bot.com/)"
192.99.7.188 - - [15/Apr/2025:00:58:18 -0400] "GET /professionelle-haushaltsauflosungen-in-luneburg/ HTTP/1.1" 200 11173 "-" "Mozilla/5.0 (compatible; MJ12bot/v1.4.8; http://mj12bot.com/)"
192.99.7.188 - - [15/Apr/2025:00:58:21 -0400] "GET /professionelle-unterstutzung-fur-die-wohnungsraumung/ HTTP/1.1" 200 10774 "-" "Mozilla/5.0 (compatible; MJ12bot/v1.4.8; http://mj12bot.com/)"
192.99.7.188 - - [15/Apr/2025:00:58:26 -0400] "GET /dog-dewormer-for-cancer/ HTTP/1.1" 200 10955 "-" "Mozilla/5.0 (compatible; MJ12bot/v1.4.8; http://mj12bot.com/)"
192.99.7.188 - - [15/Apr/2025:00:58:36 -0400] "GET /navigating-the-maze-demystifying-the-steuererklarung/ HTTP/1.1" 200 11424 "-" "Mozilla/5.0 (compatible; MJ12bot/v1.4.8; http://mj12bot.com/)"
217.77.10.191 - - [15/Apr/2025:01:02:47 -0400] "GET /wp-login.php HTTP/1.1" 200 1766 "-" "GRequests/0.10"
198.54.114.83 - - [15/Apr/2025:01:03:00 -0400] "POST /wp-cron.php?doing_wp_cron=1744693379.4188230037689208984375 HTTP/1.1" 200 0 "-" "WordPress/6.7.2; https://higglehub.com"
2600:1f18:41c9:dd00:9a59:d41b:8731:2cff - - [15/Apr/2025:01:02:54 -0400] "POST /xmlrpc.php HTTP/1.1" 200 186 "-" "Mozilla/5.0 (Windows NT 10.0; Win64; x64; rv:53.0) Gecko/20100101 Firefox/53.0"
198.54.114.83 - - [15/Apr/2025:01:03:01 -0400] "POST /wp-admin/admin-ajax.php?action=async_litespeed&nonce=rsbsgO8QFEIodnp6uzLOO4UTxSe9igSG&litespeed_type=imgoptm HTTP/1.1" 200 0 "-" "WordPress/6.7.2; https://higglehub.com"
89.200.168.45 - - [15/Apr/2025:01:03:37 -0400] "POST /xmlrpc.php HTTP/1.1" 200 186 "-" "Mozilla/5.0 (Windows NT 10.0; Win64; x64; rv:49.0) Gecko/20100101 Firefox/49.0"
198.54.114.83 - - [15/Apr/2025:01:03:39 -0400] "POST /wp-cron.php?doing_wp_cron=1744693417.4156870841979980468750 HTTP/1.1" 200 0 "-" "WordPress/6.7.2; https://higglehub.com"
13.71.40.65 - - [15/Apr/2025:01:05:19 -0400] "GET /wp-admin/css/ HTTP/1.1" 403 1242 "binance.com" "Mozilla/5.0 (Windows NT 10.0; Win64; x64) AppleWebKit/537.36 (KHTML, like Gecko) Chrome/90.0.4430.85 Safari/537.36"
198.54.114.83 - - [15/Apr/2025:01:10:48 -0400] "POST /wp-cron.php?doing_wp_cron=1744693847.2808771133422851562500 HTTP/1.1" 200 0 "-" "WordPress/6.7.2; https://higglehub.com"
192.250.239.237 - - [15/Apr/2025:01:10:43 -0400] "POST /xmlrpc.php HTTP/1.1" 200 186 "-" "Mozilla/5.0 (Windows NT 10.0; Win64; x64; rv:77.0) Gecko/20100101 Firefox/77.0"
107.189.1.220 - - [15/Apr/2025:01:13:01 -0400] "GET / HTTP/1.1" 200 10353 "https://www.google.com" "Mozilla/5.0 (Macintosh; Intel Mac OS X 10_12_6) AppleWebKit/537.36 (KHTML, like Gecko) Chrome/61.0.3163.100 Safari/537.36"
107.189.1.220 - - [15/Apr/2025:01:13:03 -0400] "GET /wp-login.php HTTP/1.1" 200 1766 "https://www.google.com" "Mozilla/5.0 (Macintosh; Intel Mac OS X 10_12_6) AppleWebKit/537.36 (KHTML, like Gecko) Chrome/61.0.3163.100 Safari/537.36"
198.54.114.83 - - [15/Apr/2025:01:23:58 -0400] "POST /wp-cron.php?doing_wp_cron=1744694637.0039710998535156250000 HTTP/1.1" 200 0 "-" "WordPress/6.7.2; https://higglehub.com"
92.62.135.11 - - [15/Apr/2025:01:23:51 -0400] "POST /xmlrpc.php HTTP/1.1" 200 186 "-" "Mozilla/5.0 (Windows NT 10.0; Win64; x64; rv:57.0) Gecko/20100101 Firefox/57.0"
216.244.66.247 - - [15/Apr/2025:01:28:18 -0400] "GET /robots.txt HTTP/1.1" 200 61 "-" "Mozilla/5.0 (compatible; DotBot/1.2; +https://opensiteexplorer.org/dotbot; help@moz.com)"
2001:df4:40c0:68d8::1 - - [15/Apr/2025:01:30:43 -0400] "GET /wp-login.php HTTP/1.1" 200 1766 "-" "GRequests/0.10"
2001:df4:40c0:68d8::1 - - [15/Apr/2025:01:30:44 -0400] "POST /wp-login.php HTTP/1.1" 200 1895 "-" "GRequests/0.10"
198.54.114.83 - - [15/Apr/2025:01:30:51 -0400] "POST /wp-cron.php?doing_wp_cron=1744695050.4302461147308349609375 HTTP/1.1" 200 0 "-" "WordPress/6.7.2; https://higglehub.com"
190.92.205.138 - - [15/Apr/2025:01:33:00 -0400] "GET /finding-the-best-money-lender-loan-for-your-needs/ HTTP/1.1" 200 10909 "https://higglehub.com/finding-the-best-money-lender-loan-for-your-needs/#respond" "Mozilla/5.0 (Windows NT 10.0; Win64; x64) AppleWebKit/537.36 (KHTML, like Gecko) Chrome/116.0.0.0 Safari/537.36"
122.226.59.23 - - [15/Apr/2025:01:34:40 -0400] "GET /statics/img/login_bg.jpg HTTP/1.1" 404 7269 "http://higglehub.com" "Mozilla/5.0 (compatible; Yahoo! Slurp China; http://misc.yahoo.com.cn/help.html\xa1\xb1)"
162.243.72.223 - - [15/Apr/2025:01:34:47 -0400] "GET /wp-login.php HTTP/1.1" 200 1766 "-" "GRequests/0.10"
198.54.114.83 - - [15/Apr/2025:01:34:48 -0400] "POST /wp-cron.php?doing_wp_cron=1744695285.6630060672760009765625 HTTP/1.1" 200 0 "-" "WordPress/6.7.2; https://higglehub.com"
162.243.72.223 - - [15/Apr/2025:01:34:49 -0400] "POST /wp-login.php HTTP/1.1" 200 1899 "-" "GRequests/0.10"
46.250.224.211 - - [15/Apr/2025:01:40:54 -0400] "POST /xmlrpc.php HTTP/1.1" 200 186 "-" "Mozilla/5.0 (Windows NT 10.0; Win64; x64; rv:77.0) Gecko/20100101 Firefox/77.0"
198.54.114.83 - - [15/Apr/2025:01:41:00 -0400] "POST /wp-cron.php?doing_wp_cron=1744695658.4664990901947021484375 HTTP/1.1" 200 0 "-" "WordPress/6.7.2; https://higglehub.com"
216.244.66.247 - - [15/Apr/2025:01:41:46 -0400] "GET /die-rolle-des-bauexperten-in-hamburg/ HTTP/1.1" 200 10925 "-" "Mozilla/5.0 (compatible; DotBot/1.2; +https://opensiteexplorer.org/dotbot; help@moz.com)"
198.54.114.83 - - [15/Apr/2025:01:42:16 -0400] "POST /wp-cron.php?doing_wp_cron=1744695735.0832641124725341796875 HTTP/1.1" 200 0 "-" "WordPress/6.7.2; https://higglehub.com"
207.154.250.140 - - [15/Apr/2025:01:42:14 -0400] "POST /xmlrpc.php HTTP/1.1" 200 186 "-" "Mozilla/5.0 (Windows NT 10.0; Win64; x64; rv:70.0) Gecko/20100101 Firefox/70.0"
198.54.114.83 - - [15/Apr/2025:01:47:15 -0400] "POST /wp-cron.php?doing_wp_cron=1744696033.9441719055175781250000 HTTP/1.1" 200 0 "-" "WordPress/6.7.2; https://higglehub.com"
80.152.212.241 - - [15/Apr/2025:01:47:10 -0400] "POST /xmlrpc.php HTTP/1.1" 200 186 "-" "Mozilla/5.0 (Windows NT 10.0; Win64; x64; rv:70.0) Gecko/20100101 Firefox/70.0"
198.54.114.83 - - [15/Apr/2025:01:49:34 -0400] "POST /wp-cron.php?doing_wp_cron=1744696173.8596360683441162109375 HTTP/1.1" 200 0 "-" "WordPress/6.7.2; https://higglehub.com"
134.17.14.122 - - [15/Apr/2025:01:49:29 -0400] "GET /goat.php HTTP/1.1" 404 7269 "-" "Mozilla/4.0 (compatible; MSIE 6.0; Windows NT 5.1; SV1)"
198.54.114.83 - - [15/Apr/2025:01:49:36 -0400] "POST /wp-admin/admin-ajax.php?action=async_litespeed&nonce=jyj4Lf2fNIBYiCJy6Becdc3xpUaX2Mca&litespeed_type=imgoptm HTTP/1.1" 200 0 "-" "WordPress/6.7.2; https://higglehub.com"
198.54.114.83 - - [15/Apr/2025:01:53:59 -0400] "POST /wp-cron.php?doing_wp_cron=1744696437.3731620311737060546875 HTTP/1.1" 200 0 "-" "WordPress/6.7.2; https://higglehub.com"
80.211.204.193 - - [15/Apr/2025:01:53:52 -0400] "POST /xmlrpc.php HTTP/1.1" 200 186 "-" "Mozilla/5.0 (Windows NT 10.0; Win64; x64; rv:60.0) Gecko/20100101 Firefox/60.0"
185.121.234.211 - - [15/Apr/2025:02:04:42 -0400] "GET /a-comprehensive-guide-to-multichannel-marketing/ HTTP/1.1" 200 10954 "https://higglehub.com/a-comprehensive-guide-to-multichannel-marketing/" "Mozilla/5.0 (Windows NT 10.0; Win64; x64) AppleWebKit/537.36 (KHTML, like Gecko) Chrome/103.0.0.0 Safari/537.36 Herring/95.1.8810.11"
185.245.105.171 - - [15/Apr/2025:02:04:47 -0400] "GET /a-comprehensive-guide-to-multichannel-marketing/ HTTP/1.1" 200 10954 "https://higglehub.com/a-comprehensive-guide-to-multichannel-marketing/" "Mozilla/5.0 (Windows NT 10.0; Win64; x64) AppleWebKit/537.36 (KHTML, like Gecko) Chrome/129.0.0.0 Safari/537.36"
198.54.114.83 - - [15/Apr/2025:02:04:48 -0400] "POST /wp-cron.php?doing_wp_cron=1744697088.4377989768981933593750 HTTP/1.1" 200 0 "-" "WordPress/6.7.2; https://higglehub.com"
198.54.114.83 - - [15/Apr/2025:02:04:49 -0400] "POST /wp-admin/admin-ajax.php?action=async_litespeed&nonce=mQj4XnpgS6o85m2mmUCm7SzGmR3dqKZ1&litespeed_type=imgoptm HTTP/1.1" 200 0 "-" "WordPress/6.7.2; https://higglehub.com"
185.245.105.171 - - [15/Apr/2025:02:04:48 -0400] "POST /wp-comments-post.php HTTP/1.1" 302 0 "https://higglehub.com/a-comprehensive-guide-to-multichannel-marketing/" "Mozilla/5.0 (Windows NT 10.0; Win64; x64) AppleWebKit/537.36 (KHTML, like Gecko) Chrome/129.0.0.0 Safari/537.36"
185.121.234.211 - - [15/Apr/2025:02:04:43 -0400] "POST /wp-comments-post.php HTTP/1.1" 302 0 "https://higglehub.com/a-comprehensive-guide-to-multichannel-marketing/" "Mozilla/5.0 (Windows NT 10.0; Win64; x64) AppleWebKit/537.36 (KHTML, like Gecko) Chrome/103.0.0.0 Safari/537.36 Herring/95.1.8810.11"
185.245.105.171 - - [15/Apr/2025:02:04:52 -0400] "GET /a-comprehensive-guide-to-multichannel-marketing/ HTTP/1.1" 200 11549 "https://higglehub.com/a-comprehensive-guide-to-multichannel-marketing/#comment-6295" "Mozilla/5.0 (Windows NT 10.0; Win64; x64) AppleWebKit/537.36 (KHTML, like Gecko) Chrome/129.0.0.0 Safari/537.36"
185.121.234.211 - - [15/Apr/2025:02:04:52 -0400] "GET /a-comprehensive-guide-to-multichannel-marketing/ HTTP/1.1" 200 11483 "https://higglehub.com/a-comprehensive-guide-to-multichannel-marketing/#comment-6294" "Mozilla/5.0 (Windows NT 10.0; Win64; x64) AppleWebKit/537.36 (KHTML, like Gecko) Chrome/103.0.0.0 Safari/537.36 Herring/95.1.8810.11"
77.238.251.212 - - [15/Apr/2025:02:06:13 -0400] "GET /a-comprehensive-guide-to-multichannel-marketing/ HTTP/1.1" 200 10954 "https://higglehub.com/a-comprehensive-guide-to-multichannel-marketing/" "Mozilla/5.0 (Windows NT 10.0; Win64; x64) AppleWebKit/537.36 (KHTML, like Gecko) Chrome/129.0.0.0 Safari/537.36"
198.54.114.83 - - [15/Apr/2025:02:06:16 -0400] "POST /wp-cron.php?doing_wp_cron=1744697175.0454959869384765625000 HTTP/1.1" 200 0 "-" "WordPress/6.7.2; https://higglehub.com"
77.238.251.212 - - [15/Apr/2025:02:06:14 -0400] "POST /wp-comments-post.php HTTP/1.1" 302 0 "https://higglehub.com/a-comprehensive-guide-to-multichannel-marketing/" "Mozilla/5.0 (Windows NT 10.0; Win64; x64) AppleWebKit/537.36 (KHTML, like Gecko) Chrome/129.0.0.0 Safari/537.36"
77.238.251.212 - - [15/Apr/2025:02:06:18 -0400] "GET /a-comprehensive-guide-to-multichannel-marketing/ HTTP/1.1" 200 11528 "https://higglehub.com/a-comprehensive-guide-to-multichannel-marketing/#comment-6296" "Mozilla/5.0 (Windows NT 10.0; Win64; x64) AppleWebKit/537.36 (KHTML, like Gecko) Chrome/129.0.0.0 Safari/537.36"
199.195.249.51 - - [15/Apr/2025:02:09:17 -0400] "GET /wp-login.php HTTP/1.1" 200 1766 "-" "Mozilla/5.0 (Windows NT 6.3; WOW64) AppleWebKit/537.36 (KHTML, like Gecko) Chrome/36.0.1985.125 Safari/537.36"
199.195.249.51 - - [15/Apr/2025:02:09:17 -0400] "POST /wp-login.php HTTP/1.1" 200 1899 "-" "Mozilla/5.0 (Windows NT 6.3; WOW64) AppleWebKit/537.36 (KHTML, like Gecko) Chrome/36.0.1985.125 Safari/537.36"
198.54.114.83 - - [15/Apr/2025:02:09:24 -0400] "POST /wp-cron.php?doing_wp_cron=1744697362.8520090579986572265625 HTTP/1.1" 200 0 "-" "WordPress/6.7.2; https://higglehub.com"
13.215.214.254 - - [15/Apr/2025:02:09:49 -0400] "POST /xmlrpc.php HTTP/1.1" 200 186 "-" "Mozilla/5.0 (Windows NT 10.0; Win64; x64; rv:77.0) Gecko/20100101 Firefox/77.0"
198.54.114.83 - - [15/Apr/2025:02:13:01 -0400] "POST /wp-cron.php?doing_wp_cron=1744697580.4262809753417968750000 HTTP/1.1" 200 0 "-" "WordPress/6.7.2; https://higglehub.com"
111.119.220.130 - - [15/Apr/2025:02:12:57 -0400] "GET /author/admin/page/9/ HTTP/1.1" 200 10440 "https://higglehub.com/author/admin/page/9/" "Mozilla/5.0 (Macintosh; Intel Mac OS X 10_15_7) AppleWebKit/537.36 (KHTML, like Gecko) Chrome/119.0.0.0 Safari/537.36"
198.54.114.83 - - [15/Apr/2025:02:14:08 -0400] "POST /wp-cron.php?doing_wp_cron=1744697647.1278951168060302734375 HTTP/1.1" 200 0 "-" "WordPress/6.7.2; https://higglehub.com"
104.168.115.206 - - [15/Apr/2025:02:14:06 -0400] "POST /xmlrpc.php HTTP/1.1" 200 186 "-" "Mozilla/5.0 (Windows NT 10.0; Win64; x64; rv:66.0) Gecko/20100101 Firefox/66.0"
107.189.1.220 - - [15/Apr/2025:02:14:20 -0400] "GET / HTTP/1.1" 200 10353 "https://higglehub.com/login" "Mozilla/5.0 (Windows NT 10.0; Win64; x64) AppleWebKit/537.36 (KHTML, like Gecko) Chrome/58.0.3029.110 Safari/537.36"
107.189.1.220 - - [15/Apr/2025:02:14:22 -0400] "GET /wp-login.php HTTP/1.1" 200 1766 "https://higglehub.com/login" "Mozilla/5.0 (Windows NT 10.0; Win64; x64) AppleWebKit/537.36 (KHTML, like Gecko) Chrome/58.0.3029.110 Safari/537.36"
198.54.114.83 - - [15/Apr/2025:02:18:48 -0400] "POST /wp-cron.php?doing_wp_cron=1744697927.8121728897094726562500 HTTP/1.1" 200 0 "-" "WordPress/6.7.2; https://higglehub.com"
2600:1f10:417b:8501:e49c:f8c:4a5a:9893 - - [15/Apr/2025:02:18:44 -0400] "POST /xmlrpc.php HTTP/1.1" 200 186 "-" "Mozilla/5.0 (Windows NT 10.0; Win64; x64; rv:62.0) Gecko/20100101 Firefox/62.0"
198.54.114.83 - - [15/Apr/2025:02:18:50 -0400] "POST /wp-admin/admin-ajax.php?action=async_litespeed&nonce=rLH6fJ4b3uZTf0ToNq38vKIWzz62BIGW&litespeed_type=imgoptm HTTP/1.1" 200 0 "-" "WordPress/6.7.2; https://higglehub.com"
206.189.12.250 - - [15/Apr/2025:02:18:51 -0400] "POST /xmlrpc.php HTTP/1.1" 200 186 "-" "Mozilla/5.0 (Windows NT 10.0; Win64; x64; rv:81.0) Gecko/20100101 Firefox/81.0"
172.234.248.66 - - [15/Apr/2025:02:19:26 -0400] "GET / HTTP/1.1" 200 10353 "-" "-"
