77.238.251.212 - - [16/Apr/2025:18:00:57 -0400] "GET /a-comprehensive-guide-to-multichannel-marketing/ HTTP/1.1" 200 11788 "https://higglehub.com/a-comprehensive-guide-to-multichannel-marketing/#comment-6355" "Mozilla/5.0 (Windows NT 10.0; Win64; x64) AppleWebKit/537.36 (KHTML, like Gecko) Chrome/130.0.0.0 Safari/537.36"
2604:a880:800:14::1209:d000 - - [16/Apr/2025:18:03:33 -0400] "POST /xmlrpc.php HTTP/1.1" 200 186 "-" "Mozilla/5.0 (Windows NT 10.0; Win64; x64; rv:92.0) Gecko/20100101 Firefox/92.0"
198.54.114.83 - - [16/Apr/2025:18:03:39 -0400] "POST /wp-cron.php?doing_wp_cron=1744841017.3814558982849121093750 HTTP/1.1" 200 0 "-" "WordPress/6.8; https://higglehub.com"
165.227.84.75 - - [16/Apr/2025:18:06:27 -0400] "GET /wp-login.php HTTP/1.1" 200 1773 "-" "GRequests/0.10"
198.54.114.83 - - [16/Apr/2025:18:06:34 -0400] "POST /wp-cron.php?doing_wp_cron=1744841193.3101971149444580078125 HTTP/1.1" 200 0 "-" "WordPress/6.8; https://higglehub.com"
165.227.84.75 - - [16/Apr/2025:18:06:29 -0400] "POST /wp-login.php HTTP/1.1" 200 1897 "-" "GRequests/0.10"
198.54.114.83 - - [16/Apr/2025:18:06:37 -0400] "POST /wp-admin/admin-ajax.php?action=async_litespeed&nonce=lgDzCmBzBqry8D4z130pgsw7ntkrOBwM&litespeed_type=imgoptm HTTP/1.1" 200 0 "-" "WordPress/6.8; https://higglehub.com"
198.54.114.83 - - [16/Apr/2025:18:07:30 -0400] "POST /wp-cron.php?doing_wp_cron=1744841249.9090969562530517578125 HTTP/1.1" 200 0 "-" "WordPress/6.8; https://higglehub.com"
198.54.114.83 - - [16/Apr/2025:18:07:31 -0400] "POST /wp-admin/admin-ajax.php?action=async_litespeed&nonce=dQw8k7eeS4KL5Qnt58sN6OUdCkxJUrFG&litespeed_type=imgoptm HTTP/1.1" 200 0 "-" "WordPress/6.8; https://higglehub.com"
94.130.229.190 - - [16/Apr/2025:18:07:28 -0400] "POST /xmlrpc.php HTTP/1.1" 200 186 "-" "Mozilla/5.0 (Windows NT 10.0; Win64; x64; rv:40.0) Gecko/20100101 Firefox/40.0"
212.34.147.142 - - [16/Apr/2025:18:10:52 -0400] "GET /a-comprehensive-guide-to-multichannel-marketing/ HTTP/1.1" 200 11177 "https://higglehub.com/a-comprehensive-guide-to-multichannel-marketing/" "Mozilla/5.0 (Windows NT 10.0; Win64; x64) AppleWebKit/537.36 (KHTML, like Gecko) Chrome/130.0.0.0 Safari/537.36 CCleaner/130.0.0.0"
198.54.114.83 - - [16/Apr/2025:18:11:01 -0400] "POST /wp-cron.php?doing_wp_cron=1744841459.8894169330596923828125 HTTP/1.1" 200 0 "-" "WordPress/6.8; https://higglehub.com"
198.54.114.83 - - [16/Apr/2025:18:11:04 -0400] "POST /wp-admin/admin-ajax.php?action=async_litespeed&nonce=PWYHU2o9inczE3dt3IcWJGTSuxfrOsLf&litespeed_type=imgoptm HTTP/1.1" 200 0 "-" "WordPress/6.8; https://higglehub.com"
212.34.147.142 - - [16/Apr/2025:18:10:54 -0400] "POST /wp-comments-post.php HTTP/1.1" 302 0 "https://higglehub.com/a-comprehensive-guide-to-multichannel-marketing/" "Mozilla/5.0 (Windows NT 10.0; Win64; x64) AppleWebKit/537.36 (KHTML, like Gecko) Chrome/130.0.0.0 Safari/537.36 CCleaner/130.0.0.0"
212.34.147.142 - - [16/Apr/2025:18:11:13 -0400] "GET /a-comprehensive-guide-to-multichannel-marketing/ HTTP/1.1" 200 11775 "https://higglehub.com/a-comprehensive-guide-to-multichannel-marketing/#comment-6356" "Mozilla/5.0 (Windows NT 10.0; Win64; x64) AppleWebKit/537.36 (KHTML, like Gecko) Chrome/130.0.0.0 Safari/537.36 CCleaner/130.0.0.0"
43.166.244.251 - - [16/Apr/2025:18:12:15 -0400] "GET /category/gaming/ HTTP/1.1" 200 8460 "-" "Mozilla/5.0 (iPhone; CPU iPhone OS 13_2_3 like Mac OS X) AppleWebKit/605.1.15 (KHTML, like Gecko) Version/13.0.3 Mobile/15E148 Safari/604.1"
198.54.114.83 - - [16/Apr/2025:18:12:22 -0400] "POST /wp-cron.php?doing_wp_cron=1744841536.2087259292602539062500 HTTP/1.1" 200 0 "-" "WordPress/6.8; https://higglehub.com"
43.157.172.39 - - [16/Apr/2025:18:15:57 -0400] "GET /category/bitcoin/ HTTP/1.1" 200 8466 "-" "Mozilla/5.0 (iPhone; CPU iPhone OS 13_2_3 like Mac OS X) AppleWebKit/605.1.15 (KHTML, like Gecko) Version/13.0.3 Mobile/15E148 Safari/604.1"
37.139.53.195 - - [16/Apr/2025:18:16:08 -0400] "GET /unleashing-the-power-of-learning-a-journey-of-growth/ HTTP/1.1" 200 11261 "https://higglehub.com/unleashing-the-power-of-learning-a-journey-of-growth/" "Mozilla/5.0 (Windows NT 10.0; Win64; x64) AppleWebKit/537.36 (KHTML, like Gecko) Chrome/130.0.0.0 Safari/537.36"
198.54.114.83 - - [16/Apr/2025:18:16:16 -0400] "POST /wp-cron.php?doing_wp_cron=1744841775.4730050563812255859375 HTTP/1.1" 200 0 "-" "WordPress/6.8; https://higglehub.com"
198.54.114.83 - - [16/Apr/2025:18:16:19 -0400] "POST /wp-admin/admin-ajax.php?action=async_litespeed&nonce=38G2Pq0qutfkfnFGuZqiriPiwvqPhcBt&litespeed_type=imgoptm HTTP/1.1" 200 0 "-" "WordPress/6.8; https://higglehub.com"
37.139.53.195 - - [16/Apr/2025:18:16:09 -0400] "POST /wp-comments-post.php HTTP/1.1" 302 0 "https://higglehub.com/unleashing-the-power-of-learning-a-journey-of-growth/" "Mozilla/5.0 (Windows NT 10.0; Win64; x64) AppleWebKit/537.36 (KHTML, like Gecko) Chrome/130.0.0.0 Safari/537.36"
37.139.53.195 - - [16/Apr/2025:18:16:24 -0400] "GET /unleashing-the-power-of-learning-a-journey-of-growth/ HTTP/1.1" 200 12044 "https://higglehub.com/unleashing-the-power-of-learning-a-journey-of-growth/#comment-6357" "Mozilla/5.0 (Windows NT 10.0; Win64; x64) AppleWebKit/537.36 (KHTML, like Gecko) Chrome/130.0.0.0 Safari/537.36"
198.54.114.83 - - [16/Apr/2025:18:16:27 -0400] "POST /wp-cron.php?doing_wp_cron=1744841785.1250829696655273437500 HTTP/1.1" 200 0 "-" "WordPress/6.8; https://higglehub.com"
51.210.123.31 - - [16/Apr/2025:18:16:56 -0400] "POST /xmlrpc.php HTTP/1.1" 200 186 "-" "Mozilla/5.0 (Windows NT 10.0; Win64; x64; rv:73.0) Gecko/20100101 Firefox/73.0"
2a02:598:128:8a00::b00:f - - [16/Apr/2025:18:18:55 -0400] "GET /robots.txt HTTP/1.1" 200 61 "-" "Mozilla/5.0 (compatible; SeznamBot/4.0; +https://o-seznam.cz/napoveda/vyhledavani/en/seznambot-crawler/)"
198.54.114.83 - - [16/Apr/2025:18:19:01 -0400] "POST /wp-cron.php?doing_wp_cron=1744841940.2333090305328369140625 HTTP/1.1" 200 0 "-" "WordPress/6.8; https://higglehub.com"
2a02:598:128:8a00::b00:f - - [16/Apr/2025:18:18:56 -0400] "GET /why-hyster-forklift-rentals-are-your-solution/ HTTP/1.1" 200 11285 "-" "Mozilla/5.0 (compatible; SeznamBot/4.0; +https://o-seznam.cz/napoveda/vyhledavani/en/seznambot-crawler/)"
198.54.114.83 - - [16/Apr/2025:18:19:04 -0400] "POST /wp-admin/admin-ajax.php?action=async_litespeed&nonce=zhW260QtrI9ghrEjn8RQPsfPEScLYzDH&litespeed_type=imgoptm HTTP/1.1" 200 0 "-" "WordPress/6.8; https://higglehub.com"
2a03:4000:69:16b:947e:98ff:fe0d:a777 - - [16/Apr/2025:18:22:20 -0400] "GET /category/home-kitchen/ HTTP/1.1" 200 0 "-" "Mozilla/5.0 (Windows NT 10.0; Win64; x64) AppleWebKit/537.36 (KHTML, like Gecko) Chrome/100.0.9276.120 Safari/537.36"
2001:df4:40c0:68d8::1 - - [16/Apr/2025:18:22:26 -0400] "GET /wp-login.php HTTP/1.1" 200 1773 "-" "GRequests/0.10"
198.54.114.83 - - [16/Apr/2025:18:22:29 -0400] "POST /wp-cron.php?doing_wp_cron=1744842145.0879650115966796875000 HTTP/1.1" 200 0 "-" "WordPress/6.8; https://higglehub.com"
2001:df4:40c0:68d8::1 - - [16/Apr/2025:18:22:30 -0400] "POST /wp-login.php HTTP/1.1" 200 1901 "-" "GRequests/0.10"
2a01:4f8:231:166e::2 - - [16/Apr/2025:18:24:32 -0400] "POST /xmlrpc.php HTTP/1.1" 200 186 "-" "Mozilla/5.0 (Windows NT 10.0; Win64; x64; rv:94.0) Gecko/20100101 Firefox/94.0"
198.54.114.83 - - [16/Apr/2025:18:24:38 -0400] "POST /wp-cron.php?doing_wp_cron=1744842276.6418159008026123046875 HTTP/1.1" 200 0 "-" "WordPress/6.8; https://higglehub.com"
195.26.224.102 - - [16/Apr/2025:18:25:18 -0400] "GET /gitarrenunterricht-in-dusseldorf-ihr-weg-zur-musikalischen-entfaltung/ HTTP/1.1" 200 11044 "https://higglehub.com/gitarrenunterricht-in-dusseldorf-ihr-weg-zur-musikalischen-entfaltung/#comment-6242" "Mozilla/5.0 (Windows NT 10.0; Win64; x64) AppleWebKit/537.36 (KHTML, like Gecko) Chrome/130.0.0.0 Safari/537.36"
195.26.224.102 - - [16/Apr/2025:18:25:21 -0400] "POST /wp-comments-post.php HTTP/1.1" 302 0 "https://higglehub.com/gitarrenunterricht-in-dusseldorf-ihr-weg-zur-musikalischen-entfaltung/#comment-6242" "Mozilla/5.0 (Windows NT 10.0; Win64; x64) AppleWebKit/537.36 (KHTML, like Gecko) Chrome/130.0.0.0 Safari/537.36"
195.26.224.102 - - [16/Apr/2025:18:25:26 -0400] "GET /gitarrenunterricht-in-dusseldorf-ihr-weg-zur-musikalischen-entfaltung/ HTTP/1.1" 200 11662 "https://higglehub.com/gitarrenunterricht-in-dusseldorf-ihr-weg-zur-musikalischen-entfaltung/#comment-6358" "Mozilla/5.0 (Windows NT 10.0; Win64; x64) AppleWebKit/537.36 (KHTML, like Gecko) Chrome/130.0.0.0 Safari/537.36"
198.54.114.83 - - [16/Apr/2025:18:26:28 -0400] "POST /wp-cron.php?doing_wp_cron=1744842386.5164909362792968750000 HTTP/1.1" 200 0 "-" "WordPress/6.8; https://higglehub.com"
101.44.24.224 - - [16/Apr/2025:18:26:25 -0400] "GET /relaxation-and-recovery-during-business-trips/ HTTP/1.1" 200 11354 "https://higglehub.com/relaxation-and-recovery-during-business-trips/" "Mozilla/5.0 (Macintosh; Intel Mac OS X 10_15_7) AppleWebKit/537.36 (KHTML, like Gecko) Chrome/123.0.0.0 Safari/537.36"
43.135.135.57 - - [16/Apr/2025:18:27:27 -0400] "GET /category/arts-entertainments/ HTTP/1.1" 200 10707 "-" "Mozilla/5.0 (iPhone; CPU iPhone OS 13_2_3 like Mac OS X) AppleWebKit/605.1.15 (KHTML, like Gecko) Version/13.0.3 Mobile/15E148 Safari/604.1"
107.189.3.177 - - [16/Apr/2025:18:29:07 -0400] "GET /wp-login.php HTTP/1.1" 200 1773 "-" "Mozilla/5.0 (Windows NT 6.1; WOW64) AppleWebKit/537.36 (KHTML, like Gecko) Chrome/36.0.1985.125 Safari/537.36"
198.54.114.83 - - [16/Apr/2025:18:29:30 -0400] "POST /wp-cron.php?doing_wp_cron=1744842569.5940320491790771484375 HTTP/1.1" 200 0 "-" "WordPress/6.8; https://higglehub.com"
107.189.3.177 - - [16/Apr/2025:18:29:24 -0400] "POST /wp-login.php HTTP/1.1" 200 1901 "-" "Mozilla/5.0 (Windows NT 6.1; WOW64) AppleWebKit/537.36 (KHTML, like Gecko) Chrome/36.0.1985.125 Safari/537.36"
198.54.114.83 - - [16/Apr/2025:18:29:33 -0400] "POST /wp-admin/admin-ajax.php?action=async_litespeed&nonce=bNRx0FXYSdo67Lzv4iNvFF6zBx1HnSot&litespeed_type=imgoptm HTTP/1.1" 200 0 "-" "WordPress/6.8; https://higglehub.com"
3.225.45.252 - - [16/Apr/2025:18:31:34 -0400] "GET /page/3/ HTTP/1.1" 200 10847 "-" "Mozilla/5.0 AppleWebKit/537.36 (KHTML, like Gecko; compatible; Amazonbot/0.1; +https://developer.amazon.com/support/amazonbot) Chrome/119.0.6045.214 Safari/537.36"
198.54.114.83 - - [16/Apr/2025:18:31:37 -0400] "POST /wp-cron.php?doing_wp_cron=1744842696.1217811107635498046875 HTTP/1.1" 200 0 "-" "WordPress/6.8; https://higglehub.com"
54.209.100.30 - - [16/Apr/2025:18:31:32 -0400] "GET /unveiling-the-hidden-treasures-the-junkyard-fort-myers-experience/ HTTP/1.1" 200 11367 "-" "Mozilla/5.0 AppleWebKit/537.36 (KHTML, like Gecko; compatible; Amazonbot/0.1; +https://developer.amazon.com/support/amazonbot) Chrome/119.0.6045.214 Safari/537.36"
198.54.114.83 - - [16/Apr/2025:18:33:16 -0400] "POST /wp-cron.php?doing_wp_cron=1744842794.9898700714111328125000 HTTP/1.1" 200 0 "-" "WordPress/6.8; https://higglehub.com"
198.54.114.83 - - [16/Apr/2025:18:33:16 -0400] "POST /wp-cron.php?doing_wp_cron=1744842794.9969990253448486328125 HTTP/1.1" 200 0 "-" "WordPress/6.8; https://higglehub.com"
198.54.114.83 - - [16/Apr/2025:18:33:16 -0400] "POST /wp-cron.php?doing_wp_cron=1744842795.0851070880889892578125 HTTP/1.1" 200 0 "-" "WordPress/6.8; https://higglehub.com"
217.160.207.42 - - [16/Apr/2025:18:33:13 -0400] "POST /xmlrpc.php HTTP/1.1" 200 186 "-" "Mozilla/5.0 (Linux; Android 6.0.1; RedMi Note 5 Build/RB3N5C; wv) AppleWebKit/537.36 (KHTML, like Gecko) Version/4.0 Chrome/68.0.3440.91 Mobile Safari/537.36"
141.94.87.67 - - [16/Apr/2025:18:33:13 -0400] "POST /xmlrpc.php HTTP/1.1" 200 186 "-" "Mozilla/5.0 (Linux; Android 10; SM-A205U) AppleWebKit/537.36 (KHTML, like Gecko) Chrome/91.0.4472.114 Mobile Safari/537.36"
2a00:19a0:3:72:0:d9c6:72b5:1 - - [16/Apr/2025:18:33:12 -0400] "POST /xmlrpc.php HTTP/1.1" 200 186 "-" "Mozilla/5.0 (Windows NT 10.0; Win64; x64) AppleWebKit/537.36 (KHTML, like Gecko) Chrome/72.0.3626.121 Safari/537.36"
43.130.58.162 - - [16/Apr/2025:18:33:22 -0400] "POST /xmlrpc.php HTTP/1.1" 200 186 "-" "Mozilla/5.0 (Windows NT 6.1; rv:52.0) Gecko/20100101 Firefox/52.0"
84.247.150.34 - - [16/Apr/2025:18:33:23 -0400] "POST /xmlrpc.php HTTP/1.1" 200 186 "-" "Mozilla/5.0 (Windows NT 6.1) AppleWebKit/537.36 (KHTML, like Gecko) Chrome/56.0.2924.76 Safari/537.36"
185.185.49.209 - - [16/Apr/2025:18:33:31 -0400] "POST /xmlrpc.php HTTP/1.1" 200 186 "-" "Mozilla/5.0 (Windows NT 10.0; Win64; x64) AppleWebKit/537.36 (KHTML, like Gecko) Chrome/79.0.3945.88 Safari/537.36"
103.159.51.29 - - [16/Apr/2025:18:33:33 -0400] "POST /xmlrpc.php HTTP/1.1" 200 186 "-" "Mozilla/5.0 (Windows NT 10.0; Win64; x64) AppleWebKit/537.36 (KHTML, like Gecko) Chrome/81.0.4044.138 Safari/537.36"
103.159.51.29 - - [16/Apr/2025:18:33:39 -0400] "POST /xmlrpc.php HTTP/1.1" 200 186 "-" "Mozilla/5.0 (Windows NT 10.0; Win64; x64) AppleWebKit/537.36 (KHTML, like Gecko) Chrome/84.0.4147.105 Safari/537.36"
159.65.33.135 - - [16/Apr/2025:18:33:42 -0400] "POST /xmlrpc.php HTTP/1.1" 200 186 "-" "Mozilla/5.0 (Linux; Android 10; SM-N960U) AppleWebKit/537.36 (KHTML, like Gecko) Chrome/91.0.4472.114 Mobile Safari/537.36"
217.160.207.42 - - [16/Apr/2025:18:33:45 -0400] "POST /xmlrpc.php HTTP/1.1" 200 186 "-" "Mozilla/5.0 (Windows NT 6.2; Win64; x64) AppleWebKit/537.36 (KHTML, like Gecko) Chrome/60.0.3112.90 Safari/537.36"
84.247.150.34 - - [16/Apr/2025:18:33:49 -0400] "POST /xmlrpc.php HTTP/1.1" 200 186 "-" "Mozilla/5.0 (Windows NT 10.0; Win64; x64) AppleWebKit/537.36 (KHTML, like Gecko) Chrome/79.0.3945.88 Safari/537.36"
43.130.58.162 - - [16/Apr/2025:18:33:53 -0400] "POST /xmlrpc.php HTTP/1.1" 200 186 "-" "Mozilla/5.0 (Windows NT 10.0; Win64; x64) AppleWebKit/537.36 (KHTML, like Gecko) Chrome/87.0.4280.88 Safari/537.36"
13.80.27.129 - - [16/Apr/2025:18:33:57 -0400] "POST /xmlrpc.php HTTP/1.1" 200 186 "-" "Mozilla/5.0 (Windows; U; Windows NT 5.1; en-US; rv:1.7.5) Gecko/20041107 Firefox/1.0"
43.157.251.48 - - [16/Apr/2025:18:36:33 -0400] "GET /category/food-dring/ HTTP/1.1" 200 8466 "-" "Mozilla/5.0 (iPhone; CPU iPhone OS 13_2_3 like Mac OS X) AppleWebKit/605.1.15 (KHTML, like Gecko) Version/13.0.3 Mobile/15E148 Safari/604.1"
198.54.114.83 - - [16/Apr/2025:18:38:35 -0400] "POST /wp-cron.php?doing_wp_cron=1744843113.8920550346374511718750 HTTP/1.1" 200 0 "-" "WordPress/6.8; https://higglehub.com"
194.76.37.111 - - [16/Apr/2025:18:38:29 -0400] "POST /xmlrpc.php HTTP/1.1" 200 186 "-" "Mozilla/5.0 (Windows NT 10.0; Win64; x64; rv:89.0) Gecko/20100101 Firefox/89.0"
212.56.46.200 - - [16/Apr/2025:18:45:17 -0400] "POST /xmlrpc.php HTTP/1.1" 200 186 "-" "Mozilla/5.0 (Windows NT 10.0; Win64; x64; rv:52.0) Gecko/20100101 Firefox/52.0"
198.54.114.83 - - [16/Apr/2025:18:45:22 -0400] "POST /wp-cron.php?doing_wp_cron=1744843520.8876171112060546875000 HTTP/1.1" 200 0 "-" "WordPress/6.8; https://higglehub.com"
198.54.114.83 - - [16/Apr/2025:18:47:15 -0400] "POST /wp-cron.php?doing_wp_cron=1744843633.9628329277038574218750 HTTP/1.1" 200 0 "-" "WordPress/6.8; https://higglehub.com"
43.130.72.177 - - [16/Apr/2025:18:47:10 -0400] "GET /category/home-kitchen/ HTTP/1.1" 200 8475 "-" "Mozilla/5.0 (iPhone; CPU iPhone OS 13_2_3 like Mac OS X) AppleWebKit/605.1.15 (KHTML, like Gecko) Version/13.0.3 Mobile/15E148 Safari/604.1"
13.90.231.193 - - [16/Apr/2025:18:47:23 -0400] "GET /autoload_classmap.php HTTP/1.1" 404 7484 "-" "-"
13.90.231.193 - - [16/Apr/2025:18:47:27 -0400] "GET /post.php HTTP/1.1" 404 7484 "-" "-"
13.90.231.193 - - [16/Apr/2025:18:47:30 -0400] "GET /1.php HTTP/1.1" 404 7484 "-" "-"
13.90.231.193 - - [16/Apr/2025:18:47:33 -0400] "GET /flower.php HTTP/1.1" 404 7484 "-" "-"
13.90.231.193 - - [16/Apr/2025:18:47:35 -0400] "GET /admin.php HTTP/1.1" 404 7484 "-" "-"
13.90.231.193 - - [16/Apr/2025:18:47:39 -0400] "GET /file.php HTTP/1.1" 404 7484 "-" "-"
13.90.231.193 - - [16/Apr/2025:18:47:42 -0400] "GET /meta.php HTTP/1.1" 404 7484 "-" "-"
13.90.231.193 - - [16/Apr/2025:18:47:47 -0400] "GET /index.php HTTP/1.1" 301 0 "-" "-"
13.90.231.193 - - [16/Apr/2025:18:47:48 -0400] "GET / HTTP/1.1" 200 10601 "-" "-"
13.90.231.193 - - [16/Apr/2025:18:47:52 -0400] "GET /about.php HTTP/1.1" 404 7484 "-" "-"
13.90.231.193 - - [16/Apr/2025:18:47:55 -0400] "GET /randkeyword.php HTTP/1.1" 404 7484 "-" "-"
13.90.231.193 - - [16/Apr/2025:18:48:00 -0400] "GET /goods.php HTTP/1.1" 404 7484 "-" "-"
13.90.231.193 - - [16/Apr/2025:18:48:02 -0400] "GET /hehe.php HTTP/1.1" 404 7484 "-" "-"
13.90.231.193 - - [16/Apr/2025:18:48:05 -0400] "GET /yindu.php HTTP/1.1" 404 7484 "-" "-"
13.90.231.193 - - [16/Apr/2025:18:48:06 -0400] "GET /wp-admin/class-db.php HTTP/1.1" 404 7484 "-" "-"
13.90.231.193 - - [16/Apr/2025:18:48:08 -0400] "GET /baxa1.phP8 HTTP/1.1" 404 7484 "-" "-"
13.90.231.193 - - [16/Apr/2025:18:48:12 -0400] "GET /baxa1.php HTTP/1.1" 404 7484 "-" "-"
198.54.114.83 - - [16/Apr/2025:18:48:17 -0400] "POST /wp-cron.php?doing_wp_cron=1744843696.7993540763854980468750 HTTP/1.1" 200 0 "-" "WordPress/6.8; https://higglehub.com"
13.90.231.193 - - [16/Apr/2025:18:48:16 -0400] "GET /.well-known/index.php HTTP/1.1" 301 0 "-" "-"
198.54.114.83 - - [16/Apr/2025:18:48:19 -0400] "POST /wp-admin/admin-ajax.php?action=async_litespeed&nonce=zCFEQ5YYvTakknfEUS2WAWYaOdV4NetZ&litespeed_type=imgoptm HTTP/1.1" 200 0 "-" "WordPress/6.8; https://higglehub.com"
13.90.231.193 - - [16/Apr/2025:18:48:19 -0400] "GET /.well-known/ HTTP/1.1" 403 1242 "-" "-"
13.90.231.193 - - [16/Apr/2025:18:48:22 -0400] "GET /libraries/phpmailer/index.php HTTP/1.1" 301 0 "-" "-"
198.54.114.83 - - [16/Apr/2025:18:48:25 -0400] "POST /wp-cron.php?doing_wp_cron=1744843702.7222609519958496093750 HTTP/1.1" 200 0 "-" "WordPress/6.8; https://higglehub.com"
13.90.231.193 - - [16/Apr/2025:18:48:26 -0400] "GET /libraries/phpmailer/ HTTP/1.1" 404 7485 "-" "-"
13.90.231.193 - - [16/Apr/2025:18:48:30 -0400] "GET /wp-admin/autoload_classmap.php HTTP/1.1" 404 7484 "-" "-"
13.90.231.193 - - [16/Apr/2025:18:48:36 -0400] "GET /wp-admin/css/colors/blue/1.php HTTP/1.1" 404 7484 "-" "-"
13.90.231.193 - - [16/Apr/2025:18:48:39 -0400] "GET /wp-content/plugins/about.php HTTP/1.1" 404 7484 "-" "-"
13.90.231.193 - - [16/Apr/2025:18:48:42 -0400] "GET /wp-content/plugins/index.php HTTP/1.1" 200 0 "-" "-"
13.90.231.193 - - [16/Apr/2025:18:48:44 -0400] "GET /wp-content/plugins/about.php HTTP/1.1" 404 7484 "-" "-"
13.90.231.193 - - [16/Apr/2025:18:48:47 -0400] "GET /wp-content/uploads/BbUMY/flower.php HTTP/1.1" 404 7484 "-" "-"
13.90.231.193 - - [16/Apr/2025:18:48:56 -0400] "GET /wp-includes/ID3/file.php HTTP/1.1" 404 7484 "-" "-"
13.90.231.193 - - [16/Apr/2025:18:49:03 -0400] "GET /wp-includes/Text/Diff/Engine/about.php HTTP/1.1" 404 7484 "-" "-"
13.90.231.193 - - [16/Apr/2025:18:49:12 -0400] "GET /wp-includes/Text/Diff/Engine/index.php HTTP/1.1" 301 0 "-" "-"
13.90.231.193 - - [16/Apr/2025:18:49:14 -0400] "GET /wp-includes/Text/Diff/Engine/ HTTP/1.1" 403 1242 "-" "-"
13.90.231.193 - - [16/Apr/2025:18:49:16 -0400] "GET /wp-includes/css/index.php HTTP/1.1" 301 0 "-" "-"
13.90.231.193 - - [16/Apr/2025:18:49:19 -0400] "GET /wp-includes/css/ HTTP/1.1" 403 1242 "-" "-"
13.90.231.193 - - [16/Apr/2025:18:49:23 -0400] "GET /wp-includes/css/xc.php HTTP/1.1" 404 7484 "-" "-"
198.54.114.83 - - [16/Apr/2025:18:49:27 -0400] "POST /wp-cron.php?doing_wp_cron=1744843764.3316841125488281250000 HTTP/1.1" 200 0 "-" "WordPress/6.8; https://higglehub.com"
13.90.231.193 - - [16/Apr/2025:18:49:30 -0400] "GET /wp-includes/images/about.php HTTP/1.1" 404 7484 "-" "-"
13.90.231.193 - - [16/Apr/2025:18:49:32 -0400] "GET /wp-includes/images/crystal/index.php HTTP/1.1" 301 0 "-" "-"
13.90.231.193 - - [16/Apr/2025:18:49:34 -0400] "GET /wp-includes/images/crystal/ HTTP/1.1" 403 1242 "-" "-"
13.90.231.193 - - [16/Apr/2025:18:49:37 -0400] "GET /wp/index.php HTTP/1.1" 301 0 "-" "-"
13.90.231.193 - - [16/Apr/2025:18:49:40 -0400] "GET /wp/ HTTP/1.1" 404 7484 "-" "-"
13.90.231.193 - - [16/Apr/2025:18:49:43 -0400] "GET /user.php HTTP/1.1" 404 7484 "-" "-"
13.90.231.193 - - [16/Apr/2025:18:49:48 -0400] "GET /wp-2019.php HTTP/1.1" 404 7484 "-" "-"
13.90.231.193 - - [16/Apr/2025:18:49:50 -0400] "GET /chosen.php HTTP/1.1" 404 7484 "-" "-"
13.90.231.193 - - [16/Apr/2025:18:49:55 -0400] "GET /functions.php HTTP/1.1" 404 7484 "-" "-"
13.90.231.193 - - [16/Apr/2025:18:50:00 -0400] "GET /cron.php HTTP/1.1" 404 7483 "-" "-"
13.90.231.193 - - [16/Apr/2025:18:50:04 -0400] "GET /edit.php HTTP/1.1" 404 7483 "-" "-"
13.90.231.193 - - [16/Apr/2025:18:50:10 -0400] "GET /gecko-new.php HTTP/1.1" 404 7483 "-" "-"
13.90.231.193 - - [16/Apr/2025:18:50:14 -0400] "GET /cookie.php HTTP/1.1" 404 7483 "-" "-"
13.90.231.193 - - [16/Apr/2025:18:50:17 -0400] "GET /xleet.php HTTP/1.1" 404 7484 "-" "-"
13.90.231.193 - - [16/Apr/2025:18:50:19 -0400] "GET /spip.php HTTP/1.1" 404 7484 "-" "-"
13.90.231.193 - - [16/Apr/2025:18:50:22 -0400] "GET /22.php HTTP/1.1" 404 7484 "-" "-"
198.54.114.83 - - [16/Apr/2025:18:50:25 -0400] "POST /wp-cron.php?doing_wp_cron=1744843824.7581560611724853515625 HTTP/1.1" 200 0 "-" "WordPress/6.8; https://higglehub.com"
13.90.231.193 - - [16/Apr/2025:18:50:24 -0400] "GET /room.php HTTP/1.1" 404 7484 "-" "-"
198.54.114.83 - - [16/Apr/2025:18:50:27 -0400] "POST /wp-admin/admin-ajax.php?action=async_litespeed&nonce=4us75uQikghn8ibxOASobKjRRb0yfr87&litespeed_type=imgoptm HTTP/1.1" 200 0 "-" "WordPress/6.8; https://higglehub.com"
13.90.231.193 - - [16/Apr/2025:18:50:28 -0400] "GET /disagreed.php HTTP/1.1" 404 7484 "-" "-"
13.90.231.193 - - [16/Apr/2025:18:50:30 -0400] "GET /text.php HTTP/1.1" 404 7483 "-" "-"
13.90.231.193 - - [16/Apr/2025:18:50:32 -0400] "GET /alfa-rex.php HTTP/1.1" 404 7484 "-" "-"
13.90.231.193 - - [16/Apr/2025:18:50:35 -0400] "GET /alfa-rex.php7 HTTP/1.1" 404 7483 "-" "-"
13.90.231.193 - - [16/Apr/2025:18:50:35 -0400] "GET /feeds.php HTTP/1.1" 404 7484 "-" "-"
13.90.231.193 - - [16/Apr/2025:18:50:38 -0400] "GET /radio.php HTTP/1.1" 404 7484 "-" "-"
13.90.231.193 - - [16/Apr/2025:18:50:40 -0400] "GET /dropdown.php HTTP/1.1" 404 7483 "-" "-"
13.90.231.193 - - [16/Apr/2025:18:50:41 -0400] "GET /defaults.php HTTP/1.1" 404 7484 "-" "-"
13.90.231.193 - - [16/Apr/2025:18:50:42 -0400] "GET /system.php HTTP/1.1" 404 7484 "-" "-"
13.90.231.193 - - [16/Apr/2025:18:50:44 -0400] "GET /xmlrpc.php HTTP/1.1" 405 46 "-" "-"
13.90.231.193 - - [16/Apr/2025:18:50:45 -0400] "GET /xmlrpc.php0 HTTP/1.1" 404 7484 "-" "-"
13.90.231.193 - - [16/Apr/2025:18:50:47 -0400] "GET /colors.php HTTP/1.1" 404 7484 "-" "-"
13.90.231.193 - - [16/Apr/2025:18:50:50 -0400] "GET /updates.php HTTP/1.1" 404 7483 "-" "-"
13.90.231.193 - - [16/Apr/2025:18:50:54 -0400] "GET /alfa-rex1.php HTTP/1.1" 404 7484 "-" "-"
13.90.231.193 - - [16/Apr/2025:18:50:56 -0400] "GET /wp-index.php HTTP/1.1" 404 7484 "-" "-"
13.90.231.193 - - [16/Apr/2025:18:50:58 -0400] "GET /wp-admin.php HTTP/1.1" 404 7484 "-" "-"
13.90.231.193 - - [16/Apr/2025:18:51:00 -0400] "GET /alfa.php HTTP/1.1" 404 7483 "-" "-"
13.90.231.193 - - [16/Apr/2025:18:51:01 -0400] "GET /alfanew.php7 HTTP/1.1" 404 7484 "-" "-"
13.90.231.193 - - [16/Apr/2025:18:51:02 -0400] "GET /locale.php HTTP/1.1" 404 7483 "-" "-"
13.90.231.193 - - [16/Apr/2025:18:51:03 -0400] "GET /wxo.php HTTP/1.1" 404 7483 "-" "-"
13.90.231.193 - - [16/Apr/2025:18:51:05 -0400] "GET /colour.php HTTP/1.1" 404 7484 "-" "-"
13.90.231.193 - - [16/Apr/2025:18:51:07 -0400] "GET /files.php HTTP/1.1" 404 7484 "-" "-"
13.90.231.193 - - [16/Apr/2025:18:51:10 -0400] "GET /install.php HTTP/1.1" 404 7483 "-" "-"
13.90.231.193 - - [16/Apr/2025:18:51:17 -0400] "GET /wp-contentt.php HTTP/1.1" 404 7484 "-" "-"
13.90.231.193 - - [16/Apr/2025:18:51:19 -0400] "GET /config.php7 HTTP/1.1" 404 7484 "-" "-"
198.54.114.83 - - [16/Apr/2025:18:51:23 -0400] "POST /wp-cron.php?doing_wp_cron=1744843882.4416310787200927734375 HTTP/1.1" 200 0 "-" "WordPress/6.8; https://higglehub.com"
13.90.231.193 - - [16/Apr/2025:18:51:22 -0400] "GET /config.php HTTP/1.1" 404 7484 "-" "-"
198.54.114.83 - - [16/Apr/2025:18:51:25 -0400] "POST /wp-admin/admin-ajax.php?action=async_litespeed&nonce=VaP67czOI6Z5p8RFVhTMi7KE0sGC1ek4&litespeed_type=imgoptm HTTP/1.1" 200 0 "-" "WordPress/6.8; https://higglehub.com"
13.90.231.193 - - [16/Apr/2025:18:51:24 -0400] "GET /theme.php HTTP/1.1" 404 7484 "-" "-"
13.90.231.193 - - [16/Apr/2025:18:51:27 -0400] "GET /block-bindings.php HTTP/1.1" 404 7484 "-" "-"
13.90.231.193 - - [16/Apr/2025:18:51:29 -0400] "GET /class_api.php HTTP/1.1" 404 7483 "-" "-"
185.187.75.233 - - [16/Apr/2025:18:51:30 -0400] "POST /xmlrpc.php HTTP/1.1" 200 186 "-" "Mozilla/5.0 (Windows NT 10.0; Win64; x64; rv:56.0) Gecko/20100101 Firefox/56.0"
13.90.231.193 - - [16/Apr/2025:18:51:33 -0400] "GET /inputs.php HTTP/1.1" 404 7484 "-" "-"
13.90.231.193 - - [16/Apr/2025:18:51:34 -0400] "GET /root.php HTTP/1.1" 404 7484 "-" "-"
13.90.231.193 - - [16/Apr/2025:18:51:37 -0400] "GET /menu.php HTTP/1.1" 404 7484 "-" "-"
13.90.231.193 - - [16/Apr/2025:18:51:39 -0400] "GET /plugin.php HTTP/1.1" 404 7484 "-" "-"
13.90.231.193 - - [16/Apr/2025:18:51:41 -0400] "GET /cloud.php HTTP/1.1" 404 7484 "-" "-"
13.90.231.193 - - [16/Apr/2025:18:51:44 -0400] "GET /configs.php HTTP/1.1" 404 7484 "-" "-"
13.90.231.193 - - [16/Apr/2025:18:51:48 -0400] "GET /wp-configs.php HTTP/1.1" 404 7484 "-" "-"
13.90.231.193 - - [16/Apr/2025:18:51:51 -0400] "GET /update.php HTTP/1.1" 404 7484 "-" "-"
13.90.231.193 - - [16/Apr/2025:18:51:54 -0400] "GET /2.php HTTP/1.1" 404 7484 "-" "-"
13.90.231.193 - - [16/Apr/2025:18:51:57 -0400] "GET /input.php HTTP/1.1" 404 7484 "-" "-"
13.90.231.193 - - [16/Apr/2025:18:52:00 -0400] "GET /aaa.php HTTP/1.1" 404 7484 "-" "-"
124.156.157.91 - - [16/Apr/2025:18:55:00 -0400] "GET /category/health-fitness/ HTTP/1.1" 200 9942 "-" "Mozilla/5.0 (iPhone; CPU iPhone OS 13_2_3 like Mac OS X) AppleWebKit/605.1.15 (KHTML, like Gecko) Version/13.0.3 Mobile/15E148 Safari/604.1"
198.54.114.83 - - [16/Apr/2025:18:59:49 -0400] "POST /wp-cron.php?doing_wp_cron=1744844388.1388349533081054687500 HTTP/1.1" 200 0 "-" "WordPress/6.8; https://higglehub.com"
49.13.241.203 - - [16/Apr/2025:18:59:43 -0400] "POST /xmlrpc.php HTTP/1.1" 200 186 "-" "Mozilla/5.0 (Windows NT 10.0; Win64; x64; rv:94.0) Gecko/20100101 Firefox/94.0"
185.245.106.236 - - [16/Apr/2025:19:01:15 -0400] "GET /gitarrenunterricht-in-dusseldorf-ihr-weg-zur-musikalischen-entfaltung/ HTTP/1.1" 200 11044 "https://higglehub.com/gitarrenunterricht-in-dusseldorf-ihr-weg-zur-musikalischen-entfaltung/#comment-6242" "Mozilla/5.0 (Windows NT 6.1; Win64; x64) AppleWebKit/537.36 (KHTML, like Gecko) Chrome/103.0.5060.66 Safari/537.36"
198.54.114.83 - - [16/Apr/2025:19:01:22 -0400] "POST /wp-cron.php?doing_wp_cron=1744844480.6349890232086181640625 HTTP/1.1" 200 0 "-" "WordPress/6.8; https://higglehub.com"
185.245.106.236 - - [16/Apr/2025:19:01:16 -0400] "POST /wp-comments-post.php HTTP/1.1" 302 0 "https://higglehub.com/gitarrenunterricht-in-dusseldorf-ihr-weg-zur-musikalischen-entfaltung/#comment-6242" "Mozilla/5.0 (Windows NT 6.1; Win64; x64) AppleWebKit/537.36 (KHTML, like Gecko) Chrome/103.0.5060.66 Safari/537.36"
185.245.106.236 - - [16/Apr/2025:19:01:25 -0400] "GET /gitarrenunterricht-in-dusseldorf-ihr-weg-zur-musikalischen-entfaltung/ HTTP/1.1" 200 11634 "https://higglehub.com/gitarrenunterricht-in-dusseldorf-ihr-weg-zur-musikalischen-entfaltung/#comment-6359" "Mozilla/5.0 (Windows NT 6.1; Win64; x64) AppleWebKit/537.36 (KHTML, like Gecko) Chrome/103.0.5060.66 Safari/537.36"
101.44.186.63 - - [16/Apr/2025:19:01:31 -0400] "GET /the-importance-of-massage-during-business-travel/ HTTP/1.1" 200 11114 "https://higglehub.com/the-importance-of-massage-during-business-travel/" "Mozilla/5.0 (Windows NT 10.0; Win64; x64) AppleWebKit/537.36 (KHTML, like Gecko) Chrome/116.0.0.0 Safari/537.36"
198.54.114.83 - - [16/Apr/2025:19:04:18 -0400] "POST /wp-cron.php?doing_wp_cron=1744844657.5737020969390869140625 HTTP/1.1" 200 0 "-" "WordPress/6.8; https://higglehub.com"
8.12.16.131 - - [16/Apr/2025:19:04:14 -0400] "POST /xmlrpc.php HTTP/1.1" 200 186 "-" "Mozilla/5.0 (Windows NT 10.0; Win64; x64; rv:73.0) Gecko/20100101 Firefox/73.0"
43.128.67.187 - - [16/Apr/2025:19:04:34 -0400] "GET /category/family-relationship/ HTTP/1.1" 200 8494 "-" "Mozilla/5.0 (iPhone; CPU iPhone OS 13_2_3 like Mac OS X) AppleWebKit/605.1.15 (KHTML, like Gecko) Version/13.0.3 Mobile/15E148 Safari/604.1"
43.165.67.57 - - [16/Apr/2025:19:17:33 -0400] "GET /category/lifestyle-fashion/ HTTP/1.1" 200 8471 "-" "Mozilla/5.0 (iPhone; CPU iPhone OS 13_2_3 like Mac OS X) AppleWebKit/605.1.15 (KHTML, like Gecko) Version/13.0.3 Mobile/15E148 Safari/604.1"
195.56.165.6 - - [16/Apr/2025:19:17:49 -0400] "POST /xmlrpc.php HTTP/1.1" 200 186 "-" "Mozilla/5.0 (Windows NT 10.0; Win64; x64; rv:65.0) Gecko/20100101 Firefox/65.0"
198.54.114.83 - - [16/Apr/2025:19:17:57 -0400] "POST /wp-cron.php?doing_wp_cron=1744845475.2728590965270996093750 HTTP/1.1" 200 0 "-" "WordPress/6.8; https://higglehub.com"
147.182.136.101 - - [16/Apr/2025:19:18:53 -0400] "POST /xmlrpc.php HTTP/1.1" 200 186 "-" "Mozilla/5.0 (Windows NT 10.0; Win64; x64; rv:53.0) Gecko/20100101 Firefox/53.0"
107.189.3.116 - - [16/Apr/2025:19:23:31 -0400] "GET /wp-login.php HTTP/1.1" 200 1773 "-" "Mozilla/5.0 (X11; Linux x86_64) AppleWebKit/537.36 (KHTML, like Gecko) Ubuntu Chromium/34.0.1847.116 Chrome/34.0.1847.116 Safari/537.36"
198.54.114.83 - - [16/Apr/2025:19:23:39 -0400] "POST /wp-cron.php?doing_wp_cron=1744845817.3724629878997802734375 HTTP/1.1" 200 0 "-" "WordPress/6.8; https://higglehub.com"
107.189.3.116 - - [16/Apr/2025:19:23:32 -0400] "POST /wp-login.php HTTP/1.1" 200 1897 "-" "Mozilla/5.0 (X11; Linux x86_64) AppleWebKit/537.36 (KHTML, like Gecko) Ubuntu Chromium/34.0.1847.116 Chrome/34.0.1847.116 Safari/537.36"
198.54.114.83 - - [16/Apr/2025:19:26:38 -0400] "POST /wp-cron.php?doing_wp_cron=1744845996.1919291019439697265625 HTTP/1.1" 200 0 "-" "WordPress/6.8; https://higglehub.com"
137.184.64.22 - - [16/Apr/2025:19:26:31 -0400] "POST /xmlrpc.php HTTP/1.1" 200 186 "-" "Mozilla/5.0 (Windows NT 10.0; Win64; x64; rv:91.0) Gecko/20100101 Firefox/91.0"
185.121.234.211 - - [16/Apr/2025:19:27:10 -0400] "GET /a-comprehensive-guide-to-multichannel-marketing/ HTTP/1.1" 200 11177 "https://higglehub.com/a-comprehensive-guide-to-multichannel-marketing/#comment-6219" "Mozilla/5.0 (Windows NT 10.0) AppleWebKit/537.36 (KHTML, like Gecko) Chrome/103.0.0.0 Safari/537.36"
185.121.234.211 - - [16/Apr/2025:19:27:13 -0400] "POST /wp-comments-post.php HTTP/1.1" 302 0 "https://higglehub.com/a-comprehensive-guide-to-multichannel-marketing/#comment-6219" "Mozilla/5.0 (Windows NT 10.0) AppleWebKit/537.36 (KHTML, like Gecko) Chrome/103.0.0.0 Safari/537.36"
185.121.234.211 - - [16/Apr/2025:19:27:18 -0400] "GET /a-comprehensive-guide-to-multichannel-marketing/ HTTP/1.1" 200 11750 "https://higglehub.com/a-comprehensive-guide-to-multichannel-marketing/#comment-6360" "Mozilla/5.0 (Windows NT 10.0) AppleWebKit/537.36 (KHTML, like Gecko) Chrome/103.0.0.0 Safari/537.36"
2406:da1a:8f2:7700:c5ae:34e3:47a4:a900 - - [16/Apr/2025:19:27:25 -0400] "GET /wp-login.php HTTP/1.1" 200 1773 "-" "GRequests/0.10"
2406:da1a:8f2:7700:c5ae:34e3:47a4:a900 - - [16/Apr/2025:19:27:29 -0400] "POST /wp-login.php HTTP/1.1" 200 1901 "-" "GRequests/0.10"
43.130.150.80 - - [16/Apr/2025:19:28:55 -0400] "GET /category/arts-entertainments/feed/ HTTP/1.1" 200 10379 "-" "Mozilla/5.0 (iPhone; CPU iPhone OS 13_2_3 like Mac OS X) AppleWebKit/605.1.15 (KHTML, like Gecko) Version/13.0.3 Mobile/15E148 Safari/604.1"
198.54.114.83 - - [16/Apr/2025:19:29:04 -0400] "POST /wp-cron.php?doing_wp_cron=1744846141.5990900993347167968750 HTTP/1.1" 200 0 "-" "WordPress/6.8; https://higglehub.com"
2400:6180:100:d0::37a:2001 - - [16/Apr/2025:19:29:35 -0400] "POST /xmlrpc.php HTTP/1.1" 200 205 "-" "Mozilla/5.0 (X11; Fedora; Linux x86_64; rv:94.0) Gecko/20100101 Firefox/95.0"
91.84.96.34 - - [16/Apr/2025:19:32:13 -0400] "GET /a-comprehensive-guide-to-multichannel-marketing/ HTTP/1.1" 200 11177 "https://higglehub.com/a-comprehensive-guide-to-multichannel-marketing/" "Mozilla/5.0 (Windows NT 10.0; Win64; x64) AppleWebKit/537.36 (KHTML, like Gecko) Chrome/131.0.0.0 Safari/537.36"
198.54.114.83 - - [16/Apr/2025:19:32:24 -0400] "POST /wp-cron.php?doing_wp_cron=1744846343.2671771049499511718750 HTTP/1.1" 200 0 "-" "WordPress/6.8; https://higglehub.com"
91.84.96.34 - - [16/Apr/2025:19:32:18 -0400] "POST /wp-comments-post.php HTTP/1.1" 302 0 "https://higglehub.com/a-comprehensive-guide-to-multichannel-marketing/" "Mozilla/5.0 (Windows NT 10.0; Win64; x64) AppleWebKit/537.36 (KHTML, like Gecko) Chrome/131.0.0.0 Safari/537.36"
91.84.96.34 - - [16/Apr/2025:19:32:29 -0400] "GET /a-comprehensive-guide-to-multichannel-marketing/ HTTP/1.1" 200 11794 "https://higglehub.com/a-comprehensive-guide-to-multichannel-marketing/#comment-6361" "Mozilla/5.0 (Windows NT 10.0; Win64; x64) AppleWebKit/537.36 (KHTML, like Gecko) Chrome/131.0.0.0 Safari/537.36"
198.54.114.83 - - [16/Apr/2025:19:35:44 -0400] "POST /wp-cron.php?doing_wp_cron=1744846543.0301051139831542968750 HTTP/1.1" 200 0 "-" "WordPress/6.8; https://higglehub.com"
198.54.114.83 - - [16/Apr/2025:19:35:44 -0400] "POST /wp-cron.php?doing_wp_cron=1744846543.0299959182739257812500 HTTP/1.1" 200 0 "-" "WordPress/6.8; https://higglehub.com"
198.54.114.83 - - [16/Apr/2025:19:35:44 -0400] "POST /wp-cron.php?doing_wp_cron=1744846543.0326919555664062500000 HTTP/1.1" 200 0 "-" "WordPress/6.8; https://higglehub.com"
82.223.13.191 - - [16/Apr/2025:19:35:40 -0400] "POST /xmlrpc.php HTTP/1.1" 200 186 "-" "Mozilla/5.0 (Windows NT 10.0; Win64; x64) AppleWebKit/537.36 (KHTML, like Gecko) Chrome/74.0.3729.131 Safari/537.36"
217.160.207.42 - - [16/Apr/2025:19:35:41 -0400] "POST /xmlrpc.php HTTP/1.1" 200 186 "-" "Mozilla/5.0 (Windows NT 10.0; Win64; x64; rv:66.0) Gecko/20100101 Firefox/66.0"
217.160.207.42 - - [16/Apr/2025:19:35:39 -0400] "POST /xmlrpc.php HTTP/1.1" 200 186 "-" "Mozilla/5.0 (Windows NT 10.0; WOW64) AppleWebKit/537.36 (KHTML, like Gecko) Chrome/72.0.3626.121 Safari/537.36"
188.166.177.219 - - [16/Apr/2025:19:35:50 -0400] "POST /xmlrpc.php HTTP/1.1" 200 186 "-" "Mozilla/5.0 (Windows NT 10.0; Win64; x64) AppleWebKit/537.36 (KHTML, like Gecko) Chrome/57.0.2987.133 Safari/537.36"
103.159.51.29 - - [16/Apr/2025:19:35:50 -0400] "POST /xmlrpc.php HTTP/1.1" 200 186 "-" "Mozilla/5.0 (Windows NT 6.1; WOW64) AppleWebKit/537.1 (KHTML, like Gecko) Chrome/21.0.1180.83 Safari/537.1"
84.247.150.34 - - [16/Apr/2025:19:35:52 -0400] "POST /xmlrpc.php HTTP/1.1" 200 186 "-" "Mozilla/5.0 (Linux; Android 10; SM-G960U) AppleWebKit/537.36 (KHTML, like Gecko) Chrome/91.0.4472.114 Mobile Safari/537.36"
84.247.150.34 - - [16/Apr/2025:19:35:57 -0400] "POST /xmlrpc.php HTTP/1.1" 200 186 "-" "Mozilla/5.0 (Windows NT 10.0; Win64; x64) AppleWebKit/537.36 (KHTML, like Gecko) Chrome/88.0.4324.190 Safari/537.36"
192.250.239.237 - - [16/Apr/2025:19:36:00 -0400] "POST /xmlrpc.php HTTP/1.1" 200 186 "-" "Mozilla/5.0 (Windows NT 10.0; Win64; x64; rv:87.0) Gecko/20100101 Firefox/87.0"
91.134.248.235 - - [16/Apr/2025:19:36:00 -0400] "POST /xmlrpc.php HTTP/1.1" 200 186 "-" "Mozilla/5.0 (Windows NT 6.1; Win64; x64; rv:61.0) Gecko/20100101 Firefox/61.0"
220.121.103.167 - - [16/Apr/2025:19:36:09 -0400] "POST /xmlrpc.php HTTP/1.1" 200 186 "-" "Mozilla/5.0 (Windows NT 6.1; Win64; x64) AppleWebKit/537.36 (KHTML, like Gecko) Chrome/74.0.3729.169 Safari/537.36"
95.183.236.2 - - [16/Apr/2025:19:36:11 -0400] "POST /xmlrpc.php HTTP/1.1" 200 186 "-" "Mozilla/5.0 (Windows NT 10.0; Win64; x64) AppleWebKit/537.36 (KHTML, like Gecko) Chrome/87.0.4280.88 Safari/537.36"
217.160.207.42 - - [16/Apr/2025:19:36:18 -0400] "POST /xmlrpc.php HTTP/1.1" 200 186 "-" "Mozilla/5.0 (Windows NT 10.0; Win64; x64) AppleWebKit/537.36 (KHTML, like Gecko) Chrome/74.0.3729.131 Safari/537.36"
8.138.199.132 - - [16/Apr/2025:19:36:18 -0400] "POST /xmlrpc.php HTTP/1.1" 200 186 "-" "Mozilla/5.0 (Linux; Android 10; SM-G960U) AppleWebKit/537.36 (KHTML, like Gecko) Chrome/91.0.4472.114 Mobile Safari/537.36"
13.80.27.129 - - [16/Apr/2025:19:36:24 -0400] "POST /xmlrpc.php HTTP/1.1" 200 186 "-" "Mozilla/5.0 (Linux; Android 10; SM-A102U) AppleWebKit/537.36 (KHTML, like Gecko) Chrome/91.0.4472.114 Mobile Safari/537.36"
217.160.207.42 - - [16/Apr/2025:19:36:26 -0400] "POST /xmlrpc.php HTTP/1.1" 200 186 "-" "Mozilla/5.0 (Windows NT 6.1; rv:52.0) Gecko/20100101 Firefox/52.0"
148.72.144.38 - - [16/Apr/2025:19:36:32 -0400] "POST /xmlrpc.php HTTP/1.1" 200 186 "-" "Mozilla/5.0 (Windows NT 5.1; rv:7.0.1) Gecko/20100101 Firefox/7.0.1"
122.8.186.37 - - [16/Apr/2025:19:36:41 -0400] "GET /explore-the-world-of-76-unblocked-games/ HTTP/1.1" 200 11131 "https://higglehub.com/explore-the-world-of-76-unblocked-games/" "Mozilla/5.0 (Windows NT 10.0; Win64; x64) AppleWebKit/537.36 (KHTML, like Gecko) Chrome/116.0.0.0 Safari/537.36"
23.23.104.107 - - [16/Apr/2025:19:36:42 -0400] "GET /2024/10/page/3/ HTTP/1.1" 200 10769 "-" "Mozilla/5.0 AppleWebKit/537.36 (KHTML, like Gecko; compatible; Amazonbot/0.1; +https://developer.amazon.com/support/amazonbot) Chrome/119.0.6045.214 Safari/537.36"
198.54.114.83 - - [16/Apr/2025:19:36:47 -0400] "POST /wp-cron.php?doing_wp_cron=1744846606.6238739490509033203125 HTTP/1.1" 200 0 "-" "WordPress/6.8; https://higglehub.com"
2a00:19a0:3:72:0:d9c6:72b5:1 - - [16/Apr/2025:19:36:45 -0400] "POST /xmlrpc.php HTTP/1.1" 200 186 "-" "Mozilla/5.0 (Windows NT 10.0; Win64; x64) AppleWebKit/537.36 (KHTML, like Gecko) Chrome/89.0.4389.90 Safari/537.36"
43.166.255.122 - - [16/Apr/2025:19:40:09 -0400] "GET /wp-json/ HTTP/1.1" 200 188514 "-" "Mozilla/5.0 (iPhone; CPU iPhone OS 13_2_3 like Mac OS X) AppleWebKit/605.1.15 (KHTML, like Gecko) Version/13.0.3 Mobile/15E148 Safari/604.1"
198.54.114.83 - - [16/Apr/2025:19:40:19 -0400] "POST /wp-cron.php?doing_wp_cron=1744846815.9710590839385986328125 HTTP/1.1" 200 0 "-" "WordPress/6.8; https://higglehub.com"
43.130.67.6 - - [16/Apr/2025:19:49:20 -0400] "GET /category/digital-marketing/ HTTP/1.1" 200 8473 "-" "Mozilla/5.0 (iPhone; CPU iPhone OS 13_2_3 like Mac OS X) AppleWebKit/605.1.15 (KHTML, like Gecko) Version/13.0.3 Mobile/15E148 Safari/604.1"
2a02:a470:5e71:0:2f1:f5ff:fe2d:f8f2 - - [16/Apr/2025:19:51:08 -0400] "POST /xmlrpc.php HTTP/1.1" 200 186 "-" "Mozilla/5.0 (Windows NT 10.0; Win64; x64; rv:51.0) Gecko/20100101 Firefox/51.0"
198.54.114.83 - - [16/Apr/2025:19:51:14 -0400] "POST /wp-cron.php?doing_wp_cron=1744847473.1283431053161621093750 HTTP/1.1" 200 0 "-" "WordPress/6.8; https://higglehub.com"
142.93.171.58 - - [16/Apr/2025:19:52:48 -0400] "POST /xmlrpc.php HTTP/1.1" 200 186 "-" "Mozilla/5.0 (Windows NT 10.0; Win64; x64; rv:91.0) Gecko/20100101 Firefox/91.0"
198.54.114.83 - - [16/Apr/2025:19:52:54 -0400] "POST /wp-cron.php?doing_wp_cron=1744847572.1917378902435302734375 HTTP/1.1" 200 0 "-" "WordPress/6.8; https://higglehub.com"
43.159.141.150 - - [16/Apr/2025:19:58:03 -0400] "GET /category/home-improvement/ HTTP/1.1" 200 8471 "-" "Mozilla/5.0 (iPhone; CPU iPhone OS 13_2_3 like Mac OS X) AppleWebKit/605.1.15 (KHTML, like Gecko) Version/13.0.3 Mobile/15E148 Safari/604.1"
2600:1900:0:4304::1d00 - - [16/Apr/2025:20:01:50 -0400] "GET / HTTP/1.1" 200 10601 "-" "Mozilla/5.0 (Macintosh; Intel Mac OS X 10_15_7) AppleWebKit/537.36 (KHTML, like Gecko) Chrome/114.0.0.0 Safari/537.36"
195.200.31.148 - - [16/Apr/2025:20:03:28 -0400] "GET /gitarrenunterricht-in-dusseldorf-ihr-weg-zur-musikalischen-entfaltung/ HTTP/1.1" 200 11044 "https://higglehub.com/gitarrenunterricht-in-dusseldorf-ihr-weg-zur-musikalischen-entfaltung/#comment-6242" "Mozilla/5.0 (Windows NT 10.0; Win64; x64) AppleWebKit/537.36 (KHTML, like Gecko) Chrome/103.0.0.0 Safari/537.36"
198.54.114.83 - - [16/Apr/2025:20:03:37 -0400] "POST /wp-cron.php?doing_wp_cron=1744848215.6352560520172119140625 HTTP/1.1" 200 0 "-" "WordPress/6.8; https://higglehub.com"
195.200.31.148 - - [16/Apr/2025:20:03:31 -0400] "POST /wp-comments-post.php HTTP/1.1" 302 0 "https://higglehub.com/gitarrenunterricht-in-dusseldorf-ihr-weg-zur-musikalischen-entfaltung/#comment-6242" "Mozilla/5.0 (Windows NT 10.0; Win64; x64) AppleWebKit/537.36 (KHTML, like Gecko) Chrome/103.0.0.0 Safari/537.36"
195.200.31.148 - - [16/Apr/2025:20:03:41 -0400] "GET /gitarrenunterricht-in-dusseldorf-ihr-weg-zur-musikalischen-entfaltung/ HTTP/1.1" 200 11627 "https://higglehub.com/gitarrenunterricht-in-dusseldorf-ihr-weg-zur-musikalischen-entfaltung/#comment-6362" "Mozilla/5.0 (Windows NT 10.0; Win64; x64) AppleWebKit/537.36 (KHTML, like Gecko) Chrome/103.0.0.0 Safari/537.36"
128.199.215.55 - - [16/Apr/2025:20:04:31 -0400] "GET //wp-includes/ID3/license.txt HTTP/1.1" 200 414 "-" "Mozilla/5.0 (Windows NT 10.0; Win64; x64) AppleWebKit/537.36 (KHTML, like Gecko) Chrome/95.0.4638.69 Safari/537.36"
128.199.215.55 - - [16/Apr/2025:20:04:32 -0400] "GET //feed/ HTTP/1.1" 301 0 "-" "Mozilla/5.0 (Windows NT 10.0; Win64; x64) AppleWebKit/537.36 (KHTML, like Gecko) Chrome/95.0.4638.69 Safari/537.36"
128.199.215.55 - - [16/Apr/2025:20:04:41 -0400] "GET //blog/wp-includes/wlwmanifest.xml HTTP/1.1" 301 0 "-" "Mozilla/5.0 (Windows NT 10.0; Win64; x64) AppleWebKit/537.36 (KHTML, like Gecko) Chrome/95.0.4638.69 Safari/537.36"
198.54.114.83 - - [16/Apr/2025:20:04:45 -0400] "POST /wp-cron.php?doing_wp_cron=1744848281.9861218929290771484375 HTTP/1.1" 200 0 "-" "WordPress/6.8; https://higglehub.com"
128.199.215.55 - - [16/Apr/2025:20:04:45 -0400] "GET //web/wp-includes/wlwmanifest.xml HTTP/1.1" 301 0 "-" "Mozilla/5.0 (Windows NT 10.0; Win64; x64) AppleWebKit/537.36 (KHTML, like Gecko) Chrome/95.0.4638.69 Safari/537.36"
128.199.215.55 - - [16/Apr/2025:20:04:49 -0400] "GET //wordpress/wp-includes/wlwmanifest.xml HTTP/1.1" 301 0 "-" "Mozilla/5.0 (Windows NT 10.0; Win64; x64) AppleWebKit/537.36 (KHTML, like Gecko) Chrome/95.0.4638.69 Safari/537.36"
128.199.215.55 - - [16/Apr/2025:20:04:51 -0400] "GET //wp/wp-includes/wlwmanifest.xml HTTP/1.1" 301 0 "-" "Mozilla/5.0 (Windows NT 10.0; Win64; x64) AppleWebKit/537.36 (KHTML, like Gecko) Chrome/95.0.4638.69 Safari/537.36"
128.199.215.55 - - [16/Apr/2025:20:04:53 -0400] "GET //2020/wp-includes/wlwmanifest.xml HTTP/1.1" 301 0 "-" "Mozilla/5.0 (Windows NT 10.0; Win64; x64) AppleWebKit/537.36 (KHTML, like Gecko) Chrome/95.0.4638.69 Safari/537.36"
128.199.215.55 - - [16/Apr/2025:20:04:55 -0400] "GET //2019/wp-includes/wlwmanifest.xml HTTP/1.1" 301 0 "-" "Mozilla/5.0 (Windows NT 10.0; Win64; x64) AppleWebKit/537.36 (KHTML, like Gecko) Chrome/95.0.4638.69 Safari/537.36"
128.199.215.55 - - [16/Apr/2025:20:04:58 -0400] "GET //2021/wp-includes/wlwmanifest.xml HTTP/1.1" 301 0 "-" "Mozilla/5.0 (Windows NT 10.0; Win64; x64) AppleWebKit/537.36 (KHTML, like Gecko) Chrome/95.0.4638.69 Safari/537.36"
128.199.215.55 - - [16/Apr/2025:20:05:01 -0400] "GET //shop/wp-includes/wlwmanifest.xml HTTP/1.1" 301 0 "-" "Mozilla/5.0 (Windows NT 10.0; Win64; x64) AppleWebKit/537.36 (KHTML, like Gecko) Chrome/95.0.4638.69 Safari/537.36"
128.199.215.55 - - [16/Apr/2025:20:05:06 -0400] "GET //wp1/wp-includes/wlwmanifest.xml HTTP/1.1" 301 0 "-" "Mozilla/5.0 (Windows NT 10.0; Win64; x64) AppleWebKit/537.36 (KHTML, like Gecko) Chrome/95.0.4638.69 Safari/537.36"
128.199.215.55 - - [16/Apr/2025:20:05:10 -0400] "GET //test/wp-includes/wlwmanifest.xml HTTP/1.1" 301 0 "-" "Mozilla/5.0 (Windows NT 10.0; Win64; x64) AppleWebKit/537.36 (KHTML, like Gecko) Chrome/95.0.4638.69 Safari/537.36"
128.199.215.55 - - [16/Apr/2025:20:05:15 -0400] "GET //site/wp-includes/wlwmanifest.xml HTTP/1.1" 301 0 "-" "Mozilla/5.0 (Windows NT 10.0; Win64; x64) AppleWebKit/537.36 (KHTML, like Gecko) Chrome/95.0.4638.69 Safari/537.36"
128.199.215.55 - - [16/Apr/2025:20:05:18 -0400] "GET //cms/wp-includes/wlwmanifest.xml HTTP/1.1" 301 0 "-" "Mozilla/5.0 (Windows NT 10.0; Win64; x64) AppleWebKit/537.36 (KHTML, like Gecko) Chrome/95.0.4638.69 Safari/537.36"
104.248.118.148 - - [16/Apr/2025:20:06:41 -0400] "GET /wp-login.php HTTP/1.1" 200 1773 "-" "GRequests/0.10"
104.248.118.148 - - [16/Apr/2025:20:06:43 -0400] "POST /wp-login.php HTTP/1.1" 200 1900 "-" "GRequests/0.10"
198.54.114.83 - - [16/Apr/2025:20:06:50 -0400] "POST /wp-cron.php?doing_wp_cron=1744848409.2744760513305664062500 HTTP/1.1" 200 0 "-" "WordPress/6.8; https://higglehub.com"
185.187.75.233 - - [16/Apr/2025:20:09:07 -0400] "POST /xmlrpc.php HTTP/1.1" 200 186 "-" "Mozilla/5.0 (Windows NT 10.0; Win64; x64; rv:48.0) Gecko/20100101 Firefox/48.0"
198.54.114.83 - - [16/Apr/2025:20:09:17 -0400] "POST /wp-cron.php?doing_wp_cron=1744848554.5731759071350097656250 HTTP/1.1" 200 0 "-" "WordPress/6.8; https://higglehub.com"
2600:1900:0:4305::1301 - - [16/Apr/2025:20:09:23 -0400] "GET / HTTP/1.1" 200 10601 "-" "colly - https://github.com/gocolly/colly"
2600:1900:0:4305::1301 - - [16/Apr/2025:20:09:26 -0400] "GET /robots.txt HTTP/1.1" 200 61 "-" "Go-http-client/2.0"
198.54.114.83 - - [16/Apr/2025:20:11:54 -0400] "POST /wp-cron.php?doing_wp_cron=1744848712.4384720325469970703125 HTTP/1.1" 200 0 "-" "WordPress/6.8; https://higglehub.com"
46.250.161.213 - - [16/Apr/2025:20:11:48 -0400] "GET /employee-communication-apps/ HTTP/1.1" 200 11093 "https://higglehub.com/employee-communication-apps/" "Mozilla/5.0 (Windows NT 10.0; Win64; x64) AppleWebKit/537.36 (KHTML, like Gecko) Chrome/104.0.0.0 Safari/537.36"
45.61.188.237 - - [16/Apr/2025:20:13:43 -0400] "GET /wp-login.php HTTP/1.1" 200 1773 "-" "Mozilla/5.0 (Macintosh; Intel Mac OS X 10_9_3) AppleWebKit/537.36 (KHTML, like Gecko) Chrome/36.0.1985.125 Safari/537.36"
45.61.188.237 - - [16/Apr/2025:20:13:44 -0400] "POST /wp-login.php HTTP/1.1" 200 1900 "-" "Mozilla/5.0 (Macintosh; Intel Mac OS X 10_9_3) AppleWebKit/537.36 (KHTML, like Gecko) Chrome/36.0.1985.125 Safari/537.36"
198.54.114.83 - - [16/Apr/2025:20:13:51 -0400] "POST /wp-cron.php?doing_wp_cron=1744848829.4927759170532226562500 HTTP/1.1" 200 0 "-" "WordPress/6.8; https://higglehub.com"
45.61.185.91 - - [16/Apr/2025:20:13:59 -0400] "GET /wp-login.php HTTP/1.1" 200 1773 "-" "Mozilla/5.0 (Windows NT 6.1) AppleWebKit/537.36 (KHTML, like Gecko) Chrome/36.0.1985.143 Safari/537.36"
45.61.185.91 - - [16/Apr/2025:20:14:32 -0400] "POST /wp-login.php HTTP/1.1" 200 1896 "-" "Mozilla/5.0 (Windows NT 6.1) AppleWebKit/537.36 (KHTML, like Gecko) Chrome/36.0.1985.143 Safari/537.36"
198.54.114.83 - - [16/Apr/2025:20:17:04 -0400] "POST /wp-cron.php?doing_wp_cron=1744849023.8703300952911376953125 HTTP/1.1" 200 0 "-" "WordPress/6.8; https://higglehub.com"
94.72.113.166 - - [16/Apr/2025:20:16:59 -0400] "POST /xmlrpc.php HTTP/1.1" 200 186 "-" "Mozilla/5.0 (Windows NT 10.0; Win64; x64; rv:49.0) Gecko/20100101 Firefox/49.0"
198.54.114.83 - - [16/Apr/2025:20:17:06 -0400] "POST /wp-admin/admin-ajax.php?action=async_litespeed&nonce=8OiIFOvvX98BwaUEcFroZdv5MsmRlZVP&litespeed_type=imgoptm HTTP/1.1" 200 0 "-" "WordPress/6.8; https://higglehub.com"
198.54.114.83 - - [16/Apr/2025:20:18:15 -0400] "POST /wp-cron.php?doing_wp_cron=1744849094.4541699886322021484375 HTTP/1.1" 200 0 "-" "WordPress/6.8; https://higglehub.com"
174.138.22.248 - - [16/Apr/2025:20:18:13 -0400] "GET /heh.php HTTP/1.1" 404 7484 "www.google.com" "Mozlila/5.0 (Linux; Android 7.0; SM-G892A Bulid/NRD90M; wv) AppleWebKit/537.36 (KHTML, like Gecko) Version/4.0 Chrome/60.0.3112.107 Moblie Safari/537.36"
174.138.22.248 - - [16/Apr/2025:20:18:22 -0400] "GET /NewFile.php HTTP/1.1" 404 7484 "www.google.com" "Mozlila/5.0 (Linux; Android 7.0; SM-G892A Bulid/NRD90M; wv) AppleWebKit/537.36 (KHTML, like Gecko) Version/4.0 Chrome/60.0.3112.107 Moblie Safari/537.36"
174.138.22.248 - - [16/Apr/2025:20:18:43 -0400] "GET /wp-content/plugins/view-more/ioxi.php HTTP/1.1" 404 7484 "www.google.com" "Mozlila/5.0 (Linux; Android 7.0; SM-G892A Bulid/NRD90M; wv) AppleWebKit/537.36 (KHTML, like Gecko) Version/4.0 Chrome/60.0.3112.107 Moblie Safari/537.36"
174.138.22.248 - - [16/Apr/2025:20:18:50 -0400] "GET /wp-content/plugins/erinyani/baxa1.php7 HTTP/1.1" 404 7484 "www.google.com" "Mozlila/5.0 (Linux; Android 7.0; SM-G892A Bulid/NRD90M; wv) AppleWebKit/537.36 (KHTML, like Gecko) Version/4.0 Chrome/60.0.3112.107 Moblie Safari/537.36"
174.138.22.248 - - [16/Apr/2025:20:18:57 -0400] "GET /baxa1.php7 HTTP/1.1" 404 7484 "www.google.com" "Mozlila/5.0 (Linux; Android 7.0; SM-G892A Bulid/NRD90M; wv) AppleWebKit/537.36 (KHTML, like Gecko) Version/4.0 Chrome/60.0.3112.107 Moblie Safari/537.36"
174.138.22.248 - - [16/Apr/2025:20:19:06 -0400] "GET /wp-content/plugins/erinyani/baxa1.php HTTP/1.1" 404 7484 "www.google.com" "Mozlila/5.0 (Linux; Android 7.0; SM-G892A Bulid/NRD90M; wv) AppleWebKit/537.36 (KHTML, like Gecko) Version/4.0 Chrome/60.0.3112.107 Moblie Safari/537.36"
174.138.22.248 - - [16/Apr/2025:20:19:12 -0400] "GET /baxa1.php HTTP/1.1" 404 7484 "www.google.com" "Mozlila/5.0 (Linux; Android 7.0; SM-G892A Bulid/NRD90M; wv) AppleWebKit/537.36 (KHTML, like Gecko) Version/4.0 Chrome/60.0.3112.107 Moblie Safari/537.36"
198.54.114.83 - - [16/Apr/2025:20:19:33 -0400] "POST /wp-cron.php?doing_wp_cron=1744849172.2717089653015136718750 HTTP/1.1" 200 0 "-" "WordPress/6.8; https://higglehub.com"
174.138.22.248 - - [16/Apr/2025:20:19:31 -0400] "GET /wp-content/plugins/seoxx/randkeyword.php HTTP/1.1" 404 7484 "www.google.com" "Mozlila/5.0 (Linux; Android 7.0; SM-G892A Bulid/NRD90M; wv) AppleWebKit/537.36 (KHTML, like Gecko) Version/4.0 Chrome/60.0.3112.107 Moblie Safari/537.36"
198.54.114.83 - - [16/Apr/2025:20:26:54 -0400] "POST /wp-cron.php?doing_wp_cron=1744849613.4794418811798095703125 HTTP/1.1" 200 0 "-" "WordPress/6.8; https://higglehub.com"
77.92.153.60 - - [16/Apr/2025:20:26:49 -0400] "POST /xmlrpc.php HTTP/1.1" 200 186 "-" "Mozilla/5.0 (Windows NT 10.0; Win64; x64; rv:77.0) Gecko/20100101 Firefox/77.0"
198.54.114.83 - - [16/Apr/2025:20:26:56 -0400] "POST /wp-admin/admin-ajax.php?action=async_litespeed&nonce=Xf2Z22SkWRRulBp3bMUhEUUwQ5zou24t&litespeed_type=imgoptm HTTP/1.1" 200 0 "-" "WordPress/6.8; https://higglehub.com"
31.220.93.206 - - [16/Apr/2025:20:28:13 -0400] "GET /wp-login.php HTTP/1.1" 200 1773 "-" "GRequests/0.10"
31.220.93.206 - - [16/Apr/2025:20:28:14 -0400] "POST /wp-login.php HTTP/1.1" 200 1896 "-" "GRequests/0.10"
