13.82.231.149 - - [16/Apr/2025:08:00:57 -0400] "GET /css/colors/coffee/ HTTP/1.1" 404 7484 "-" "-"
13.82.231.149 - - [16/Apr/2025:08:01:06 -0400] "GET /css/index.php HTTP/1.1" 301 0 "-" "-"
13.82.231.149 - - [16/Apr/2025:08:01:09 -0400] "GET /css/ HTTP/1.1" 404 7484 "-" "-"
13.82.231.149 - - [16/Apr/2025:08:01:14 -0400] "GET /default.php HTTP/1.1" 404 7484 "-" "-"
198.54.114.83 - - [16/Apr/2025:08:01:18 -0400] "POST /wp-cron.php?doing_wp_cron=1744804875.2057259082794189453125 HTTP/1.1" 200 0 "-" "WordPress/6.8; https://higglehub.com"
13.82.231.149 - - [16/Apr/2025:08:01:21 -0400] "GET /dropdown.php HTTP/1.1" 404 7483 "-" "-"
13.82.231.149 - - [16/Apr/2025:08:01:27 -0400] "GET /error.php HTTP/1.1" 404 7484 "-" "-"
13.82.231.149 - - [16/Apr/2025:08:01:33 -0400] "GET /f.php HTTP/1.1" 404 7483 "-" "-"
13.82.231.149 - - [16/Apr/2025:08:01:39 -0400] "GET /favicon.php HTTP/1.1" 404 7483 "-" "-"
13.82.231.149 - - [16/Apr/2025:08:01:45 -0400] "GET /footer.php HTTP/1.1" 404 7484 "-" "-"
13.82.231.149 - - [16/Apr/2025:08:01:50 -0400] "GET /function.php HTTP/1.1" 404 7483 "-" "-"
13.82.231.149 - - [16/Apr/2025:08:01:58 -0400] "GET /gel4y.php HTTP/1.1" 404 7484 "-" "-"
13.82.231.149 - - [16/Apr/2025:08:02:05 -0400] "GET /goods.php HTTP/1.1" 404 7484 "-" "-"
13.82.231.149 - - [16/Apr/2025:08:02:16 -0400] "GET /header.php HTTP/1.1" 404 7484 "-" "-"
198.54.114.83 - - [16/Apr/2025:08:02:20 -0400] "POST /wp-cron.php?doing_wp_cron=1744804936.2222568988800048828125 HTTP/1.1" 200 0 "-" "WordPress/6.8; https://higglehub.com"
13.82.231.149 - - [16/Apr/2025:08:02:26 -0400] "GET /hehe.php HTTP/1.1" 404 7484 "-" "-"
13.82.231.149 - - [16/Apr/2025:08:02:36 -0400] "GET /home.php HTTP/1.1" 404 7484 "-" "-"
13.82.231.149 - - [16/Apr/2025:08:02:44 -0400] "GET /index.php HTTP/1.1" 301 0 "-" "-"
13.82.231.149 - - [16/Apr/2025:08:02:48 -0400] "GET / HTTP/1.1" 200 10601 "-" "-"
13.82.231.149 - - [16/Apr/2025:08:02:53 -0400] "GET /inputs.php HTTP/1.1" 404 7483 "-" "-"
13.82.231.149 - - [16/Apr/2025:08:02:59 -0400] "GET /jquery.php HTTP/1.1" 404 7483 "-" "-"
13.82.231.149 - - [16/Apr/2025:08:03:07 -0400] "GET /libraries/php HTTP/1.1" 404 7483 "-" "-"
13.82.231.149 - - [16/Apr/2025:08:03:13 -0400] "GET /lock360.php HTTP/1.1" 404 7483 "-" "-"
13.82.231.149 - - [16/Apr/2025:08:03:17 -0400] "GET /login HTTP/1.1" 302 0 "-" "-"
198.54.114.83 - - [16/Apr/2025:08:03:19 -0400] "POST /wp-cron.php?doing_wp_cron=1744804997.6615920066833496093750 HTTP/1.1" 200 0 "-" "WordPress/6.8; https://higglehub.com"
13.82.231.149 - - [16/Apr/2025:08:03:20 -0400] "GET /wp-login.php HTTP/1.1" 200 1773 "-" "-"
13.82.231.149 - - [16/Apr/2025:08:03:23 -0400] "GET /lufix.php HTTP/1.1" 404 7483 "-" "-"
13.82.231.149 - - [16/Apr/2025:08:03:27 -0400] "GET /mah.php HTTP/1.1" 404 7484 "-" "-"
13.82.231.149 - - [16/Apr/2025:08:03:34 -0400] "GET /mah/function.php HTTP/1.1" 404 7484 "-" "-"
13.82.231.149 - - [16/Apr/2025:08:03:40 -0400] "GET /mail.php HTTP/1.1" 404 7484 "-" "-"
13.82.231.149 - - [16/Apr/2025:08:03:47 -0400] "GET /maintenance.php HTTP/1.1" 404 7484 "-" "-"
13.82.231.149 - - [16/Apr/2025:08:03:54 -0400] "GET /news.php HTTP/1.1" 404 7483 "-" "-"
13.82.231.149 - - [16/Apr/2025:08:04:01 -0400] "GET /nf_tracking.php HTTP/1.1" 404 7483 "-" "-"
13.82.231.149 - - [16/Apr/2025:08:04:06 -0400] "GET /ova-tools.php HTTP/1.1" 404 7484 "-" "-"
13.82.231.149 - - [16/Apr/2025:08:04:10 -0400] "GET /pi.php HTTP/1.1" 404 7484 "-" "-"
13.82.231.149 - - [16/Apr/2025:08:04:13 -0400] "GET /plugins/custom/ HTTP/1.1" 404 7484 "-" "-"
198.54.114.83 - - [16/Apr/2025:08:04:19 -0400] "POST /wp-cron.php?doing_wp_cron=1744805057.9721128940582275390625 HTTP/1.1" 200 0 "-" "WordPress/6.8; https://higglehub.com"
13.82.231.149 - - [16/Apr/2025:08:04:17 -0400] "GET /post.php/wp-includes/Requests/ HTTP/1.1" 404 7484 "-" "-"
13.82.231.149 - - [16/Apr/2025:08:04:23 -0400] "GET /shell.php HTTP/1.1" 404 7484 "-" "-"
13.82.231.149 - - [16/Apr/2025:08:04:28 -0400] "GET /shellv3.php HTTP/1.1" 404 7484 "-" "-"
13.82.231.149 - - [16/Apr/2025:08:04:34 -0400] "GET /simple.php HTTP/1.1" 404 7484 "-" "-"
13.82.231.149 - - [16/Apr/2025:08:04:38 -0400] "GET /sx.php HTTP/1.1" 404 7484 "-" "-"
13.82.231.149 - - [16/Apr/2025:08:04:44 -0400] "GET /system.php HTTP/1.1" 404 7484 "-" "-"
13.82.231.149 - - [16/Apr/2025:08:04:48 -0400] "GET /system_log.php HTTP/1.1" 404 7484 "-" "-"
13.82.231.149 - - [16/Apr/2025:08:04:52 -0400] "GET /test.php HTTP/1.1" 404 7484 "-" "-"
13.82.231.149 - - [16/Apr/2025:08:04:55 -0400] "GET /text.php HTTP/1.1" 404 7484 "-" "-"
13.82.231.149 - - [16/Apr/2025:08:04:59 -0400] "GET /upload.php HTTP/1.1" 404 7483 "-" "-"
13.82.231.149 - - [16/Apr/2025:08:05:06 -0400] "GET /upload/ HTTP/1.1" 404 7483 "-" "-"
13.82.231.149 - - [16/Apr/2025:08:05:11 -0400] "GET /vendor/bin/loader.php/wp-admin/ HTTP/1.1" 404 7483 "-" "-"
13.82.231.149 - - [16/Apr/2025:08:05:16 -0400] "GET /worksec.php HTTP/1.1" 404 7484 "-" "-"
13.82.231.149 - - [16/Apr/2025:08:05:19 -0400] "GET /wp-2019.php HTTP/1.1" 404 7483 "-" "-"
198.54.114.83 - - [16/Apr/2025:08:05:22 -0400] "POST /wp-cron.php?doing_wp_cron=1744805120.3939969539642333984375 HTTP/1.1" 200 0 "-" "WordPress/6.8; https://higglehub.com"
13.82.231.149 - - [16/Apr/2025:08:05:24 -0400] "GET /wp-admin HTTP/1.1" 301 795 "-" "-"
13.82.231.149 - - [16/Apr/2025:08:05:24 -0400] "GET /wp-admin/ HTTP/1.1" 302 0 "-" "-"
13.82.231.149 - - [16/Apr/2025:08:05:27 -0400] "GET /wp-login.php?redirect_to=https%3A%2F%2Fhigglehub.com%2Fwp-admin%2F&reauth=1 HTTP/1.1" 200 1773 "-" "-"
13.82.231.149 - - [16/Apr/2025:08:05:31 -0400] "GET /wp-admin/admin.php HTTP/1.1" 302 0 "-" "-"
13.82.231.149 - - [16/Apr/2025:08:05:33 -0400] "GET /wp-login.php?redirect_to=https%3A%2F%2Fhigglehub.com%2Fwp-admin%2Fadmin.php&reauth=1 HTTP/1.1" 200 1772 "-" "-"
13.82.231.149 - - [16/Apr/2025:08:05:36 -0400] "GET /wp-admin/css/about.php/alfacgiapi/ HTTP/1.1" 404 7484 "-" "-"
13.82.231.149 - - [16/Apr/2025:08:05:40 -0400] "GET /wp-admin/css/colors/blue/atomlib.php HTTP/1.1" 404 7484 "-" "-"
13.82.231.149 - - [16/Apr/2025:08:05:46 -0400] "GET /wp-admin/css/colors/blue/index.php HTTP/1.1" 301 0 "-" "-"
13.82.231.149 - - [16/Apr/2025:08:05:48 -0400] "GET /wp-admin/css/colors/blue/ HTTP/1.1" 403 1242 "-" "-"
13.82.231.149 - - [16/Apr/2025:08:05:51 -0400] "GET /wp-admin/images/admin.php HTTP/1.1" 404 7483 "-" "-"
13.82.231.149 - - [16/Apr/2025:08:05:56 -0400] "GET /wp-admin/images/atomlib.php HTTP/1.1" 404 7484 "-" "-"
13.82.231.149 - - [16/Apr/2025:08:05:59 -0400] "GET /wp-admin/images/install.php HTTP/1.1" 404 7484 "-" "-"
13.82.231.149 - - [16/Apr/2025:08:06:02 -0400] "GET /wp-admin/images/wp-login.php HTTP/1.1" 404 7483 "-" "-"
13.82.231.149 - - [16/Apr/2025:08:06:05 -0400] "GET /wp-admin/images/wp-settings.phtml HTTP/1.1" 404 7484 "-" "-"
198.54.114.83 - - [16/Apr/2025:08:06:13 -0400] "POST /wp-cron.php?doing_wp_cron=1744805171.7994120121002197265625 HTTP/1.1" 200 0 "-" "WordPress/6.8; https://higglehub.com"
13.82.231.149 - - [16/Apr/2025:08:06:11 -0400] "GET /wp-admin/install.php HTTP/1.1" 200 436 "-" "-"
43.166.7.113 - - [16/Apr/2025:08:06:16 -0400] "GET / HTTP/1.1" 200 10601 "http://higglehub.com" "Mozilla/5.0 (iPhone; CPU iPhone OS 13_2_3 like Mac OS X) AppleWebKit/605.1.15 (KHTML, like Gecko) Version/13.0.3 Mobile/15E148 Safari/604.1"
13.82.231.149 - - [16/Apr/2025:08:06:16 -0400] "GET /wp-admin/js/index.php HTTP/1.1" 301 0 "-" "-"
13.82.231.149 - - [16/Apr/2025:08:06:17 -0400] "GET /wp-admin/js/ HTTP/1.1" 403 1242 "-" "-"
49.247.174.118 - - [16/Apr/2025:08:06:18 -0400] "POST /xmlrpc.php HTTP/1.1" 200 186 "-" "Mozilla/5.0 (Windows NT 10.0; Win64; x64; rv:99.0) Gecko/20100101 Firefox/99.0"
13.82.231.149 - - [16/Apr/2025:08:06:21 -0400] "GET /wp-admin/maint/about.php HTTP/1.1" 404 7484 "-" "-"
198.54.114.83 - - [16/Apr/2025:08:06:24 -0400] "POST /wp-cron.php?doing_wp_cron=1744805181.6987879276275634765625 HTTP/1.1" 200 0 "-" "WordPress/6.8; https://higglehub.com"
13.82.231.149 - - [16/Apr/2025:08:06:28 -0400] "GET /wp-admin/setup-config.php HTTP/1.1" 409 1041 "-" "-"
13.82.231.149 - - [16/Apr/2025:08:06:34 -0400] "GET /wp-admin/user/autoload_classmap.php HTTP/1.1" 404 7484 "-" "-"
13.82.231.149 - - [16/Apr/2025:08:06:41 -0400] "GET /wp-admin/x.php HTTP/1.1" 404 7484 "-" "-"
13.82.231.149 - - [16/Apr/2025:08:06:44 -0400] "GET /wp-atom.php HTTP/1.1" 301 0 "-" "-"
13.82.231.149 - - [16/Apr/2025:08:06:48 -0400] "GET /feed/atom/ HTTP/1.1" 200 38380 "-" "-"
13.82.231.149 - - [16/Apr/2025:08:06:52 -0400] "GET /wp-blog.php HTTP/1.1" 404 7484 "-" "-"
13.82.231.149 - - [16/Apr/2025:08:06:56 -0400] "GET /wp-cli.php HTTP/1.1" 404 7484 "-" "-"
13.82.231.149 - - [16/Apr/2025:08:07:00 -0400] "GET /wp-configs.php HTTP/1.1" 404 7483 "-" "-"
13.82.231.149 - - [16/Apr/2025:08:07:05 -0400] "GET /wp-content/atomlib.php HTTP/1.1" 404 7484 "-" "-"
13.82.231.149 - - [16/Apr/2025:08:07:08 -0400] "GET /wp-content/languages/wp-login.php HTTP/1.1" 404 7484 "-" "-"
13.82.231.149 - - [16/Apr/2025:08:07:14 -0400] "GET /wp-content/plugins/WordPressCore/ HTTP/1.1" 404 7484 "-" "-"
13.82.231.149 - - [16/Apr/2025:08:07:18 -0400] "GET /wp-content/plugins/WordPressCore/fm.php HTTP/1.1" 404 7484 "-" "-"
198.54.114.83 - - [16/Apr/2025:08:07:22 -0400] "POST /wp-cron.php?doing_wp_cron=1744805241.8291630744934082031250 HTTP/1.1" 200 0 "-" "WordPress/6.8; https://higglehub.com"
13.82.231.149 - - [16/Apr/2025:08:07:21 -0400] "GET /wp-content/plugins/classic-editor/ HTTP/1.1" 404 7484 "-" "-"
198.54.114.83 - - [16/Apr/2025:08:07:25 -0400] "POST /wp-admin/admin-ajax.php?action=async_litespeed&nonce=Lr8mjB9Qzv6PZ5P2eAx6qcz9HvrDfmXU&litespeed_type=imgoptm HTTP/1.1" 200 0 "-" "WordPress/6.8; https://higglehub.com"
13.82.231.149 - - [16/Apr/2025:08:07:26 -0400] "GET /wp-content/plugins/core-plugin/ HTTP/1.1" 404 7484 "-" "-"
13.82.231.149 - - [16/Apr/2025:08:07:27 -0400] "GET /wp-content/plugins/core-plugin/include.php HTTP/1.1" 404 7484 "-" "-"
13.82.231.149 - - [16/Apr/2025:08:07:30 -0400] "GET /wp-content/plugins/revslider/includes/external/page/index.php HTTP/1.1" 301 0 "-" "-"
13.82.231.149 - - [16/Apr/2025:08:07:32 -0400] "GET /wp-content/plugins/revslider/includes/external/page/ HTTP/1.1" 404 7484 "-" "-"
13.82.231.149 - - [16/Apr/2025:08:07:35 -0400] "GET /wp-content/plugins/seoplugins/mar.php HTTP/1.1" 404 7484 "-" "-"
13.82.231.149 - - [16/Apr/2025:08:07:38 -0400] "GET /wp-content/plugins/wp-theme-editor/include.php HTTP/1.1" 404 7484 "-" "-"
13.82.231.149 - - [16/Apr/2025:08:07:42 -0400] "GET /wp-content/shell20211028.php HTTP/1.1" 404 7484 "-" "-"
13.82.231.149 - - [16/Apr/2025:08:07:44 -0400] "GET /wp-content/themes/Divi/includes/builder/frontend-builder/assets/vendors/plugins/fullscreen/ HTTP/1.1" 404 7484 "-" "-"
13.82.231.149 - - [16/Apr/2025:08:07:46 -0400] "GET /wp-content/themes/index.php HTTP/1.1" 200 0 "-" "-"
13.82.231.149 - - [16/Apr/2025:08:07:48 -0400] "GET /wp-content/themes/pridmag/1.php HTTP/1.1" 404 7484 "-" "-"
13.82.231.149 - - [16/Apr/2025:08:07:50 -0400] "GET /wp-content/themes/sketch/404.php HTTP/1.1" 404 7483 "-" "-"
13.82.231.149 - - [16/Apr/2025:08:07:52 -0400] "GET /wp-content/themes/twentyfive/include.php HTTP/1.1" 404 7484 "-" "-"
13.82.231.149 - - [16/Apr/2025:08:07:53 -0400] "GET /wp-content/uploads HTTP/1.1" 301 795 "-" "-"
13.82.231.149 - - [16/Apr/2025:08:07:54 -0400] "GET /wp-content/uploads/ HTTP/1.1" 403 1242 "-" "-"
13.82.231.149 - - [16/Apr/2025:08:07:57 -0400] "GET /wp-content/x/index.php HTTP/1.1" 301 0 "-" "-"
13.82.231.149 - - [16/Apr/2025:08:07:58 -0400] "GET /wp-content/x/ HTTP/1.1" 404 7484 "-" "-"
13.82.231.149 - - [16/Apr/2025:08:08:00 -0400] "GET /wp-file.php HTTP/1.1" 404 7484 "-" "-"
13.82.231.149 - - [16/Apr/2025:08:08:03 -0400] "GET /wp-includes/IXR/autoload_classmap.php HTTP/1.1" 404 7484 "-" "-"
13.82.231.149 - - [16/Apr/2025:08:08:07 -0400] "GET /wp-includes/Requests/ HTTP/1.1" 403 1242 "-" "-"
13.82.231.149 - - [16/Apr/2025:08:08:08 -0400] "GET /wp-includes/Requests/Cookie/ HTTP/1.1" 404 7484 "-" "-"
13.82.231.149 - - [16/Apr/2025:08:08:11 -0400] "GET /wp-includes/Requests/library/about.php HTTP/1.1" 404 7484 "-" "-"
13.82.231.149 - - [16/Apr/2025:08:08:14 -0400] "GET /wp-includes/SimplePie/Parse/ HTTP/1.1" 404 7484 "-" "-"
13.82.231.149 - - [16/Apr/2025:08:08:16 -0400] "GET /wp-includes/Text/chosen.php HTTP/1.1" 404 7484 "-" "-"
13.82.231.149 - - [16/Apr/2025:08:08:20 -0400] "GET /wp-includes/about.php HTTP/1.1" 404 7484 "-" "-"
198.54.114.83 - - [16/Apr/2025:08:08:25 -0400] "POST /wp-cron.php?doing_wp_cron=1744805304.3684959411621093750000 HTTP/1.1" 200 0 "-" "WordPress/6.8; https://higglehub.com"
13.82.231.149 - - [16/Apr/2025:08:08:24 -0400] "GET /wp-includes/blocks/autoload_classmap.php HTTP/1.1" 404 7484 "-" "-"
13.82.231.149 - - [16/Apr/2025:08:08:29 -0400] "GET /wp-includes/blocks/more/ HTTP/1.1" 403 1242 "-" "-"
13.82.231.149 - - [16/Apr/2025:08:08:31 -0400] "GET /wp-includes/blocks/post-author/ HTTP/1.1" 403 1242 "-" "-"
13.82.231.149 - - [16/Apr/2025:08:08:34 -0400] "GET /wp-includes/blocks/site-logo/ HTTP/1.1" 403 1242 "-" "-"
13.82.231.149 - - [16/Apr/2025:08:08:37 -0400] "GET /wp-includes/blocks/social-links/ HTTP/1.1" 403 1242 "-" "-"
13.82.231.149 - - [16/Apr/2025:08:08:39 -0400] "GET /wp-includes/blocks/term-description/ HTTP/1.1" 403 1242 "-" "-"
13.82.231.149 - - [16/Apr/2025:08:08:41 -0400] "GET /wp-includes/css/dist/preferences/ HTTP/1.1" 403 1242 "-" "-"
13.82.231.149 - - [16/Apr/2025:08:08:44 -0400] "GET /wp-includes/fonts/index.php HTTP/1.1" 301 0 "-" "-"
13.82.231.149 - - [16/Apr/2025:08:08:46 -0400] "GET /wp-includes/fonts/ HTTP/1.1" 403 1242 "-" "-"
13.82.231.149 - - [16/Apr/2025:08:08:47 -0400] "GET /wp-includes/images/crystal/ HTTP/1.1" 403 1242 "-" "-"
13.82.231.149 - - [16/Apr/2025:08:08:48 -0400] "GET /wp-includes/install.php HTTP/1.1" 404 7484 "-" "-"
13.82.231.149 - - [16/Apr/2025:08:08:50 -0400] "GET /wp-includes/js/tinymce/plugins/compat3x/ HTTP/1.1" 403 1242 "-" "-"
13.82.231.149 - - [16/Apr/2025:08:08:51 -0400] "GET /wp-includes/rest-api/fields/ HTTP/1.1" 403 1242 "-" "-"
13.82.231.149 - - [16/Apr/2025:08:08:51 -0400] "GET /wp-includes/sts.php HTTP/1.1" 404 7484 "-" "-"
13.82.231.149 - - [16/Apr/2025:08:08:53 -0400] "GET /wp-includes/wp-class.php/wp-content/themes/travelscape/ HTTP/1.1" 404 7484 "-" "-"
13.82.231.149 - - [16/Apr/2025:08:08:54 -0400] "GET /wp-info.php HTTP/1.1" 404 7484 "-" "-"
13.82.231.149 - - [16/Apr/2025:08:08:55 -0400] "GET /ws.php HTTP/1.1" 404 7484 "-" "-"
13.82.231.149 - - [16/Apr/2025:08:08:57 -0400] "GET /x.php HTTP/1.1" 404 7484 "-" "-"
13.82.231.149 - - [16/Apr/2025:08:08:59 -0400] "GET /xleet.php HTTP/1.1" 404 7483 "-" "-"
13.82.231.149 - - [16/Apr/2025:08:09:03 -0400] "GET /xox.php HTTP/1.1" 404 7484 "-" "-"
2a02:c205:2011:9188::1 - - [16/Apr/2025:08:14:32 -0400] "POST /xmlrpc.php HTTP/1.1" 200 186 "-" "Mozilla/5.0 (Windows NT 10.0; Win64; x64; rv:80.0) Gecko/20100101 Firefox/80.0"
198.54.114.83 - - [16/Apr/2025:08:14:38 -0400] "POST /wp-cron.php?doing_wp_cron=1744805676.5604009628295898437500 HTTP/1.1" 200 0 "-" "WordPress/6.8; https://higglehub.com"
185.142.88.85 - - [16/Apr/2025:08:16:21 -0400] "POST /xmlrpc.php HTTP/1.1" 200 186 "-" "Mozilla/5.0 (Windows NT 10.0; Win64; x64; rv:81.0) Gecko/20100101 Firefox/81.0"
2001:41d0:203:5641:: - - [16/Apr/2025:08:16:24 -0400] "POST /xmlrpc.php HTTP/1.1" 200 186 "-" "Mozilla/5.0 (Windows NT 10.0; Win64; x64; rv:52.0) Gecko/20100101 Firefox/52.0"
198.54.114.83 - - [16/Apr/2025:08:16:27 -0400] "POST /wp-cron.php?doing_wp_cron=1744805785.3021829128265380859375 HTTP/1.1" 200 0 "-" "WordPress/6.8; https://higglehub.com"
198.54.114.83 - - [16/Apr/2025:08:16:27 -0400] "POST /wp-cron.php?doing_wp_cron=1744805785.3031930923461914062500 HTTP/1.1" 200 0 "-" "WordPress/6.8; https://higglehub.com"
51.91.131.222 - - [16/Apr/2025:08:17:45 -0400] "POST /xmlrpc.php HTTP/1.1" 200 186 "-" "Mozilla/5.0 (Windows NT 10.0; Win64; x64; rv:85.0) Gecko/20100101 Firefox/85.0"
198.54.114.83 - - [16/Apr/2025:08:17:47 -0400] "POST /wp-cron.php?doing_wp_cron=1744805866.2736930847167968750000 HTTP/1.1" 200 0 "-" "WordPress/6.8; https://higglehub.com"
217.160.207.42 - - [16/Apr/2025:08:18:44 -0400] "POST /xmlrpc.php HTTP/1.1" 200 186 "-" "Mozilla/5.0 (Windows NT 6.1; WOW64) AppleWebKit/537.1 (KHTML, like Gecko) Chrome/21.0.1180.83 Safari/537.1"
2607:f1c0:f080:1a00::1 - - [16/Apr/2025:08:18:44 -0400] "POST /xmlrpc.php HTTP/1.1" 200 186 "-" "Mozilla/5.0 (Windows NT 10.0; Win64; x64; rv:60.0) Gecko/20100101 Firefox/60.0"
217.160.207.42 - - [16/Apr/2025:08:18:51 -0400] "POST /xmlrpc.php HTTP/1.1" 200 186 "-" "Mozilla/5.0 (Windows NT 10.0; Win64; x64) AppleWebKit/537.36 (KHTML, like Gecko) Chrome/80.0.3987.163 Safari/537.36"
143.198.133.189 - - [16/Apr/2025:08:18:51 -0400] "POST /xmlrpc.php HTTP/1.1" 200 186 "-" "Mozilla/5.0 (Windows NT 6.1; WOW64; rv:50.0) Gecko/20100101 Firefox/50.0"
54.36.142.130 - - [16/Apr/2025:08:18:52 -0400] "POST /xmlrpc.php HTTP/1.1" 200 186 "-" "Mozilla/5.0 (Windows NT 6.1; WOW64) AppleWebKit/537.1 (KHTML, like Gecko) Chrome/21.0.1180.83 Safari/537.1"
198.54.114.83 - - [16/Apr/2025:08:18:54 -0400] "POST /wp-cron.php?doing_wp_cron=1744805932.1303880214691162109375 HTTP/1.1" 200 0 "-" "WordPress/6.8; https://higglehub.com"
198.54.114.83 - - [16/Apr/2025:08:18:54 -0400] "POST /wp-cron.php?doing_wp_cron=1744805932.2435460090637207031250 HTTP/1.1" 200 0 "-" "WordPress/6.8; https://higglehub.com"
186.233.88.166 - - [16/Apr/2025:08:18:58 -0400] "POST /xmlrpc.php HTTP/1.1" 200 186 "-" "Mozilla/5.0 (Windows NT 10.0; Win64; x64) AppleWebKit/537.36 (KHTML, like Gecko) Chrome/74.0.3729.169 Safari/537.36"
2a01:4f9:c010:2b94::1 - - [16/Apr/2025:08:19:00 -0400] "POST /xmlrpc.php HTTP/1.1" 200 186 "-" "Mozilla/5.0 (Windows NT 10.0; Win64; x64) AppleWebKit/537.36 (KHTML, like Gecko) Chrome/88.0.4324.104 Safari/537.36"
217.160.207.42 - - [16/Apr/2025:08:19:04 -0400] "POST /xmlrpc.php HTTP/1.1" 200 186 "-" "Mozilla/5.0 (Windows NT 10.0; Win64; x64; rv:67.0) Gecko/20100101 Firefox/67.0"
8.219.232.173 - - [16/Apr/2025:08:19:05 -0400] "POST /xmlrpc.php HTTP/1.1" 200 186 "-" "Mozilla/5.0 (Windows NT 10.0; Win64; x64) AppleWebKit/537.36 (KHTML, like Gecko) Chrome/81.0.4044.138 Safari/537.36"
213.184.28.33 - - [16/Apr/2025:08:19:08 -0400] "POST /xmlrpc.php HTTP/1.1" 200 186 "-" "Mozilla/5.0 (Windows NT 10.0; Win64; x64; rv:61.0) Gecko/20100101 Firefox/61.0"
54.37.121.239 - - [16/Apr/2025:08:19:10 -0400] "POST /xmlrpc.php HTTP/1.1" 200 186 "-" "Mozilla/5.0 (Windows NT 10.0) AppleWebKit/537.36 (KHTML, like Gecko) Chrome/72.0.3626.121 Safari/537.36"
13.80.27.129 - - [16/Apr/2025:08:19:18 -0400] "POST /xmlrpc.php HTTP/1.1" 200 186 "-" "Mozilla/5.0 (Windows NT 10.0; Win64; x64) AppleWebKit/537.36 (KHTML, like Gecko) Chrome/78.0.3904.108 Safari/537.36"
220.121.103.167 - - [16/Apr/2025:08:19:18 -0400] "POST /xmlrpc.php HTTP/1.1" 200 186 "-" "Mozilla/5.0 (Linux; Android 10; SM-G960U) AppleWebKit/537.36 (KHTML, like Gecko) Chrome/91.0.4472.114 Mobile Safari/537.36"
188.166.177.219 - - [16/Apr/2025:08:19:26 -0400] "POST /xmlrpc.php HTTP/1.1" 200 186 "-" "Mozilla/5.0 (Windows NT 10.0; WOW64; rv:54.0) Gecko/20100101 Firefox/54.0"
203.161.63.25 - - [16/Apr/2025:08:19:26 -0400] "POST /xmlrpc.php HTTP/1.1" 200 186 "-" "Mozilla/5.0 (Windows NT 6.1; WOW64; rv:41.0) Gecko/20100101 Firefox/41.0"
185.157.222.244 - - [16/Apr/2025:08:19:42 -0400] "POST /xmlrpc.php HTTP/1.1" 200 186 "-" "Mozilla/5.0 (Windows NT 10.0; Win64; x64; rv:48.0) Gecko/20100101 Firefox/48.0"
107.151.222.77 - - [16/Apr/2025:08:26:10 -0400] "GET / HTTP/1.1" 200 10601 "-" "Mozilla/5.0 (Windows NT 10.0; Win64; x64) AppleWebKit/537.36 (KHTML, like Gecko) Chrome/80.0.3987.149 Safari/537.36"
107.151.222.77 - - [16/Apr/2025:08:26:17 -0400] "GET //wp-includes/wlwmanifest.xml HTTP/1.1" 301 0 "-" "Mozilla/5.0 (Windows NT 10.0; Win64; x64) AppleWebKit/537.36 (KHTML, like Gecko) Chrome/80.0.3987.149 Safari/537.36"
198.54.114.83 - - [16/Apr/2025:08:26:25 -0400] "POST /wp-cron.php?doing_wp_cron=1744806381.0983300209045410156250 HTTP/1.1" 200 0 "-" "WordPress/6.8; https://higglehub.com"
107.151.222.77 - - [16/Apr/2025:08:26:27 -0400] "GET //xmlrpc.php?rsd HTTP/1.1" 200 297 "-" "Mozilla/5.0 (Windows NT 10.0; Win64; x64) AppleWebKit/537.36 (KHTML, like Gecko) Chrome/80.0.3987.149 Safari/537.36"
107.151.222.77 - - [16/Apr/2025:08:26:32 -0400] "GET //?author=1 HTTP/1.1" 301 0 "-" "Mozilla/5.0 (Windows NT 10.0; Win64; x64) AppleWebKit/537.36 (KHTML, like Gecko) Chrome/80.0.3987.149 Safari/537.36"
107.151.222.77 - - [16/Apr/2025:08:26:38 -0400] "GET //?author=2 HTTP/1.1" 301 0 "-" "Mozilla/5.0 (Windows NT 10.0; Win64; x64) AppleWebKit/537.36 (KHTML, like Gecko) Chrome/80.0.3987.149 Safari/537.36"
107.151.222.77 - - [16/Apr/2025:08:26:44 -0400] "GET //wp-json/wp/v2/users/ HTTP/1.1" 200 1435 "-" "Mozilla/5.0 (Windows NT 10.0; Win64; x64) AppleWebKit/537.36 (KHTML, like Gecko) Chrome/80.0.3987.149 Safari/537.36"
107.151.222.77 - - [16/Apr/2025:08:26:49 -0400] "POST //xmlrpc.php HTTP/1.1" 200 189 "-" "Mozilla/5.0 (Windows NT 10.0; Win64; x64) AppleWebKit/537.36 (KHTML, like Gecko) Chrome/80.0.3987.149 Safari/537.36"
107.151.222.77 - - [16/Apr/2025:08:26:54 -0400] "POST //xmlrpc.php HTTP/1.1" 200 205 "-" "Mozilla/5.0 (Windows NT 10.0; Win64; x64) AppleWebKit/537.36 (KHTML, like Gecko) Chrome/80.0.3987.149 Safari/537.36"
107.151.222.77 - - [16/Apr/2025:08:26:57 -0400] "POST //xmlrpc.php HTTP/1.1" 200 189 "-" "Mozilla/5.0 (Windows NT 10.0; Win64; x64) AppleWebKit/537.36 (KHTML, like Gecko) Chrome/80.0.3987.149 Safari/537.36"
107.151.222.77 - - [16/Apr/2025:08:27:03 -0400] "POST //xmlrpc.php HTTP/1.1" 200 205 "-" "Mozilla/5.0 (Windows NT 10.0; Win64; x64) AppleWebKit/537.36 (KHTML, like Gecko) Chrome/80.0.3987.149 Safari/537.36"
107.151.222.77 - - [16/Apr/2025:08:27:08 -0400] "POST //xmlrpc.php HTTP/1.1" 200 205 "-" "Mozilla/5.0 (Windows NT 10.0; Win64; x64) AppleWebKit/537.36 (KHTML, like Gecko) Chrome/80.0.3987.149 Safari/537.36"
107.151.222.77 - - [16/Apr/2025:08:27:13 -0400] "POST //xmlrpc.php HTTP/1.1" 200 205 "-" "Mozilla/5.0 (Windows NT 10.0; Win64; x64) AppleWebKit/537.36 (KHTML, like Gecko) Chrome/80.0.3987.149 Safari/537.36"
80.152.212.241 - - [16/Apr/2025:08:28:34 -0400] "POST /xmlrpc.php HTTP/1.1" 200 186 "-" "Mozilla/5.0 (Windows NT 10.0; Win64; x64; rv:93.0) Gecko/20100101 Firefox/93.0"
198.54.114.83 - - [16/Apr/2025:08:28:38 -0400] "POST /wp-cron.php?doing_wp_cron=1744806515.6339600086212158203125 HTTP/1.1" 200 0 "-" "WordPress/6.8; https://higglehub.com"
2a06:98c0:3600::103 - - [16/Apr/2025:08:32:25 -0400] "GET / HTTP/1.1" 200 10601 "-" "Mozilla/5.0 (Macintosh; Intel Mac OS X 10_15_7) AppleWebKit/605.1.15 (KHTML, like Gecko) Version/18.1.1 Safari/605.1.15"
194.164.173.215 - - [16/Apr/2025:08:34:12 -0400] "POST /xmlrpc.php HTTP/1.1" 200 186 "-" "Mozilla/5.0 (Windows NT 10.0; Win64; x64; rv:70.0) Gecko/20100101 Firefox/70.0"
198.54.114.83 - - [16/Apr/2025:08:34:21 -0400] "POST /wp-cron.php?doing_wp_cron=1744806856.8939061164855957031250 HTTP/1.1" 200 0 "-" "WordPress/6.8; https://higglehub.com"
198.98.48.90 - - [16/Apr/2025:08:38:28 -0400] "GET /wp-login.php HTTP/1.1" 200 1773 "-" "Mozilla/5.0 (iPad; CPU OS 7_1_2 like Mac OS X) AppleWebKit/537.51.2 (KHTML, like Gecko) Version/7.0 Mobile/11D257 Safari/9537.53"
104.244.73.51 - - [16/Apr/2025:08:38:53 -0400] "GET /wp-login.php HTTP/1.1" 200 1773 "-" "Mozilla/5.0 (Macintosh; Intel Mac OS X 10.8; rv:30.0) Gecko/20100101 Firefox/30.0"
198.54.114.83 - - [16/Apr/2025:08:39:00 -0400] "POST /wp-cron.php?doing_wp_cron=1744807139.5780398845672607421875 HTTP/1.1" 200 0 "-" "WordPress/6.8; https://higglehub.com"
104.244.73.51 - - [16/Apr/2025:08:38:55 -0400] "POST /wp-login.php HTTP/1.1" 200 1901 "-" "Mozilla/5.0 (Macintosh; Intel Mac OS X 10.8; rv:30.0) Gecko/20100101 Firefox/30.0"
198.98.48.90 - - [16/Apr/2025:08:39:03 -0400] "POST /wp-login.php HTTP/1.1" 200 1897 "-" "Mozilla/5.0 (iPad; CPU OS 7_1_2 like Mac OS X) AppleWebKit/537.51.2 (KHTML, like Gecko) Version/7.0 Mobile/11D257 Safari/9537.53"
198.54.114.83 - - [16/Apr/2025:08:40:58 -0400] "POST /wp-cron.php?doing_wp_cron=1744807257.6010210514068603515625 HTTP/1.1" 200 0 "-" "WordPress/6.8; https://higglehub.com"
87.121.94.236 - - [16/Apr/2025:08:40:53 -0400] "POST /xmlrpc.php HTTP/1.1" 200 186 "-" "Mozilla/5.0 (Windows NT 10.0; Win64; x64; rv:67.0) Gecko/20100101 Firefox/67.0"
198.54.114.83 - - [16/Apr/2025:08:41:00 -0400] "POST /wp-admin/admin-ajax.php?action=async_litespeed&nonce=6hvKE43Vvp8wnN1TDMpXJC3yaD67rI0R&litespeed_type=imgoptm HTTP/1.1" 200 0 "-" "WordPress/6.8; https://higglehub.com"
139.59.81.145 - - [16/Apr/2025:08:52:02 -0400] "POST /xmlrpc.php HTTP/1.1" 200 186 "-" "Mozilla/5.0 (Windows NT 10.0; Win64; x64; rv:77.0) Gecko/20100101 Firefox/77.0"
198.54.114.83 - - [16/Apr/2025:08:52:10 -0400] "POST /wp-cron.php?doing_wp_cron=1744807927.1869809627532958984375 HTTP/1.1" 200 0 "-" "WordPress/6.8; https://higglehub.com"
119.8.121.156 - - [16/Apr/2025:08:52:19 -0400] "GET /2023/12/ HTTP/1.1" 200 10343 "https://higglehub.com/2023/12/" "Mozilla/5.0 (Macintosh; Intel Mac OS X 10_15_7) AppleWebKit/537.36 (KHTML, like Gecko) Chrome/131.0.0.0 Safari/537.36"
37.46.117.90 - - [16/Apr/2025:08:52:30 -0400] "POST /xmlrpc.php HTTP/1.1" 200 186 "https://higglehub.com" "Mozilla/5.0 (Windows NT 10.0; Win64; x64; rv:91.0) Gecko/20100101 Firefox/91.0"
2600:3c00::f03c:94ff:fea1:bb9e - - [16/Apr/2025:08:55:52 -0400] "POST /xmlrpc.php HTTP/1.1" 200 186 "-" "Mozilla/5.0 (Windows NT 10.0; Win64; x64; rv:60.0) Gecko/20100101 Firefox/60.0"
198.54.114.83 - - [16/Apr/2025:08:56:00 -0400] "POST /wp-cron.php?doing_wp_cron=1744808157.2747230529785156250000 HTTP/1.1" 200 0 "-" "WordPress/6.8; https://higglehub.com"
45.89.242.203 - - [16/Apr/2025:08:57:57 -0400] "GET /unleashing-the-power-of-learning-a-journey-of-growth/ HTTP/1.1" 200 11261 "http://higglehub.com/unleashing-the-power-of-learning-a-journey-of-growth/" "Mozilla/5.0 (Macintosh; Intel Mac OS X 12_5) AppleWebKit/537.36 (KHTML, like Gecko) Chrome/114.0.0.0 YaBrowser/22.7.0 Yowser/2.5 Safari/537.36"
198.54.114.83 - - [16/Apr/2025:08:58:07 -0400] "POST /wp-cron.php?doing_wp_cron=1744808282.5908949375152587890625 HTTP/1.1" 200 0 "-" "WordPress/6.8; https://higglehub.com"
45.89.242.209 - - [16/Apr/2025:08:58:13 -0400] "GET /wp-login.php?action=register HTTP/1.1" 302 0 "https://higglehub.com/unleashing-the-power-of-learning-a-journey-of-growth/" "Mozilla/5.0 (Windows NT 6.3; Win64; x64) AppleWebKit/537.36 (KHTML, like Gecko) Chrome/103.0.0.0 Safari/537.36"
45.89.242.212 - - [16/Apr/2025:08:58:20 -0400] "GET /wp-login.php?registration=disabled HTTP/1.1" 200 1836 "https://higglehub.com/wp-login.php?action=register" "Mozilla/5.0 (Windows NT 6.3; Win64; x64) AppleWebKit/537.36 (KHTML, like Gecko) Chrome/103.0.0.0 Safari/537.36"
2600:1900:0:4303::100 - - [16/Apr/2025:08:58:56 -0400] "GET / HTTP/1.1" 200 10601 "-" "Mozilla/5.0 (Macintosh; Intel Mac OS X 10_15_7) AppleWebKit/537.36 (KHTML, like Gecko) Chrome/114.0.0.0 Safari/537.36"
35.164.57.135 - - [16/Apr/2025:09:00:33 -0400] "POST /xmlrpc.php HTTP/1.1" 200 186 "-" "Mozilla/5.0 (Windows NT 10.0; Win64; x64; rv:88.0) Gecko/20100101 Firefox/88.0"
198.54.114.83 - - [16/Apr/2025:09:03:53 -0400] "POST /wp-cron.php?doing_wp_cron=1744808631.5747001171112060546875 HTTP/1.1" 200 0 "-" "WordPress/6.8; https://higglehub.com"
92.62.135.11 - - [16/Apr/2025:09:03:44 -0400] "POST /xmlrpc.php HTTP/1.1" 200 186 "-" "Mozilla/5.0 (Windows NT 10.0; Win64; x64; rv:47.0) Gecko/20100101 Firefox/47.0"
45.82.120.150 - - [16/Apr/2025:09:14:31 -0400] "POST /xmlrpc.php HTTP/1.1" 200 186 "-" "Mozilla/5.0 (Windows NT 10.0; Win64; x64; rv:63.0) Gecko/20100101 Firefox/63.0"
198.54.114.83 - - [16/Apr/2025:09:14:40 -0400] "POST /wp-cron.php?doing_wp_cron=1744809275.7614080905914306640625 HTTP/1.1" 200 0 "-" "WordPress/6.8; https://higglehub.com"
216.244.66.247 - - [16/Apr/2025:09:15:56 -0400] "GET /robots.txt HTTP/1.1" 200 61 "-" "Mozilla/5.0 (compatible; DotBot/1.2; +https://opensiteexplorer.org/dotbot; help@moz.com)"
198.54.114.83 - - [16/Apr/2025:09:16:58 -0400] "POST /wp-cron.php?doing_wp_cron=1744809417.5808820724487304687500 HTTP/1.1" 200 0 "-" "WordPress/6.8; https://higglehub.com"
198.54.114.83 - - [16/Apr/2025:09:16:58 -0400] "POST /wp-cron.php?doing_wp_cron=1744809417.5716290473937988281250 HTTP/1.1" 200 0 "-" "WordPress/6.8; https://higglehub.com"
195.210.46.64 - - [16/Apr/2025:09:16:55 -0400] "POST /xmlrpc.php HTTP/1.1" 200 186 "-" "Mozilla/5.0 (Windows NT 6.1; rv:17.0) Gecko/20100101 Firefox/20.6.14"
188.166.177.219 - - [16/Apr/2025:09:16:54 -0400] "POST /xmlrpc.php HTTP/1.1" 200 186 "-" "Mozilla/5.0 (Windows NT 10.0; Win64; x64) AppleWebKit/537.36 (KHTML, like Gecko) Chrome/74.0.3729.157 Safari/537.36"
198.54.114.83 - - [16/Apr/2025:09:16:59 -0400] "POST /wp-admin/admin-ajax.php?action=async_litespeed&nonce=EcBICrOaTtfadHuIfLU5nddfL5SUO6cR&litespeed_type=imgoptm HTTP/1.1" 200 0 "-" "WordPress/6.8; https://higglehub.com"
54.36.142.130 - - [16/Apr/2025:09:17:06 -0400] "POST /xmlrpc.php HTTP/1.1" 200 186 "-" "Mozilla/5.0 (Windows NT 5.1; rv:33.0) Gecko/20100101 Firefox/33.0"
217.160.207.42 - - [16/Apr/2025:09:17:07 -0400] "POST /xmlrpc.php HTTP/1.1" 200 186 "-" "Mozilla/5.0 (Windows NT 5.1; rv:40.0) Gecko/20100101 Firefox/40.0"
2804:10:8036::170:38 - - [16/Apr/2025:09:17:08 -0400] "POST /xmlrpc.php HTTP/1.1" 200 186 "-" "Mozilla/5.0 (Windows NT 10.0; Win64; x64; rv:61.0) Gecko/20100101 Firefox/61.0"
103.159.51.29 - - [16/Apr/2025:09:17:13 -0400] "POST /xmlrpc.php HTTP/1.1" 200 186 "-" "Mozilla/5.0 (Windows NT 10.0; Win64; x64) AppleWebKit/537.36 (KHTML, like Gecko) Chrome/89.0.4389.90 Safari/537.36"
103.158.108.3 - - [16/Apr/2025:09:17:13 -0400] "POST /xmlrpc.php HTTP/1.1" 200 186 "-" "Mozilla/5.0 (Windows NT 10.0; Win64; x64) AppleWebKit/537.36 (KHTML, like Gecko) Chrome/72.0.3626.121 Safari/537.36"
220.121.103.167 - - [16/Apr/2025:09:17:19 -0400] "POST /xmlrpc.php HTTP/1.1" 200 186 "-" "Mozilla/5.0 (Windows NT 5.1; rv:52.0) Gecko/20100101 Firefox/52.0"
198.54.114.83 - - [16/Apr/2025:09:17:27 -0400] "POST /wp-cron.php?doing_wp_cron=1744809446.8655779361724853515625 HTTP/1.1" 200 0 "-" "WordPress/6.8; https://higglehub.com"
78.128.76.46 - - [16/Apr/2025:09:17:26 -0400] "POST /xmlrpc.php HTTP/1.1" 200 186 "-" "Mozilla/5.0 (Windows NT 6.1; WOW64; rv:38.0) Gecko/20100101 Firefox/38.0"
198.54.114.83 - - [16/Apr/2025:09:17:28 -0400] "POST /wp-admin/admin-ajax.php?action=async_litespeed&nonce=SInbvUuEh4IQthCqK2IeXkKsCBcLXSiW&litespeed_type=imgoptm HTTP/1.1" 200 0 "-" "WordPress/6.8; https://higglehub.com"
2a01:4f9:3a:38dd::2 - - [16/Apr/2025:09:17:30 -0400] "POST /xmlrpc.php HTTP/1.1" 200 186 "-" "Mozilla/5.0 (Windows NT 10.0; Win64; x64) AppleWebKit/537.36 (KHTML, like Gecko) Chrome/67.0.3396.99 Safari/537.36"
91.134.248.245 - - [16/Apr/2025:09:17:32 -0400] "POST /xmlrpc.php HTTP/1.1" 200 186 "-" "Mozilla/5.0 (Linux; Android 6.0.1; RedMi Note 5 Build/RB3N5C; wv) AppleWebKit/537.36 (KHTML, like Gecko) Version/4.0 Chrome/68.0.3440.91 Mobile Safari/537.36"
109.105.0.130 - - [16/Apr/2025:09:17:36 -0400] "POST /xmlrpc.php HTTP/1.1" 200 186 "-" "Mozilla/5.0 (Windows NT 10.0; Win64; x64) AppleWebKit/537.36 (KHTML, like Gecko) Chrome/74.0.3729.169 Safari/537.36"
82.165.18.86 - - [16/Apr/2025:09:19:00 -0400] "POST /xmlrpc.php HTTP/1.1" 200 186 "-" "Mozilla/5.0 (Windows NT 10.0; Win64; x64; rv:58.0) Gecko/20100101 Firefox/58.0"
198.54.114.83 - - [16/Apr/2025:09:19:05 -0400] "POST /wp-cron.php?doing_wp_cron=1744809543.4918150901794433593750 HTTP/1.1" 200 0 "-" "WordPress/6.8; https://higglehub.com"
135.181.166.47 - - [16/Apr/2025:09:21:42 -0400] "GET /unlocking-the-benefits-of-chiropractic-neck-adjustment/ HTTP/1.1" 200 11189 "https://higglehub.com/unlocking-the-benefits-of-chiropractic-neck-adjustment/#comment-472" "Mozilla/5.0 (Windows NT 6.2; Win64; x64) AppleWebKit/537.36 (KHTML, like Gecko) Chrome/103.0.0.0 Safari/537.36"
198.54.114.83 - - [16/Apr/2025:09:21:48 -0400] "POST /wp-cron.php?doing_wp_cron=1744809705.6838960647583007812500 HTTP/1.1" 200 0 "-" "WordPress/6.8; https://higglehub.com"
198.54.114.83 - - [16/Apr/2025:09:23:10 -0400] "POST /wp-cron.php?doing_wp_cron=1744809790.0543920993804931640625 HTTP/1.1" 200 0 "-" "WordPress/6.8; https://higglehub.com"
216.244.66.247 - - [16/Apr/2025:09:23:09 -0400] "GET /a-convenient-way-to-gift/ HTTP/1.1" 200 11182 "-" "Mozilla/5.0 (compatible; DotBot/1.2; +https://opensiteexplorer.org/dotbot; help@moz.com)"
198.54.114.83 - - [16/Apr/2025:09:23:14 -0400] "POST /wp-admin/admin-ajax.php?action=async_litespeed&nonce=dgrYriUKMhYDdCwllH9BVexLJHFB5EGl&litespeed_type=imgoptm HTTP/1.1" 200 0 "-" "WordPress/6.8; https://higglehub.com"
167.99.153.99 - - [16/Apr/2025:09:23:26 -0400] "POST /xmlrpc.php HTTP/1.1" 200 186 "-" "Mozilla/5.0 (Windows NT 10.0; Win64; x64; rv:97.0) Gecko/20100101 Firefox/97.0"
198.54.114.83 - - [16/Apr/2025:09:23:29 -0400] "POST /wp-cron.php?doing_wp_cron=1744809807.5910990238189697265625 HTTP/1.1" 200 0 "-" "WordPress/6.8; https://higglehub.com"
159.138.131.114 - - [16/Apr/2025:09:23:35 -0400] "GET /2023/11 HTTP/1.1" 301 0 "https://higglehub.com/2023/11" "Mozilla/5.0 (Macintosh; Intel Mac OS X 10_15_7) AppleWebKit/537.36 (KHTML, like Gecko) Chrome/123.0.0.0 Safari/537.36"
159.138.131.114 - - [16/Apr/2025:09:23:39 -0400] "GET /2023/11/ HTTP/1.1" 200 9570 "https://higglehub.com/2023/11/" "Mozilla/5.0 (Macintosh; Intel Mac OS X 10_15_7) AppleWebKit/537.36 (KHTML, like Gecko) Chrome/123.0.0.0 Safari/537.36"
199.195.249.51 - - [16/Apr/2025:09:26:20 -0400] "GET /wp-login.php HTTP/1.1" 200 1773 "-" "Mozilla/5.0 (Windows NT 6.3; WOW64) AppleWebKit/537.36 (KHTML, like Gecko) Chrome/36.0.1985.143 Safari/537.36"
199.195.249.51 - - [16/Apr/2025:09:26:23 -0400] "POST /wp-login.php HTTP/1.1" 200 1897 "-" "Mozilla/5.0 (Windows NT 6.3; WOW64) AppleWebKit/537.36 (KHTML, like Gecko) Chrome/36.0.1985.143 Safari/537.36"
198.54.114.83 - - [16/Apr/2025:09:26:29 -0400] "POST /wp-cron.php?doing_wp_cron=1744809986.9021949768066406250000 HTTP/1.1" 200 0 "-" "WordPress/6.8; https://higglehub.com"
45.61.185.91 - - [16/Apr/2025:09:27:25 -0400] "GET /wp-login.php HTTP/1.1" 200 1773 "-" "Mozilla/5.0 (Macintosh; Intel Mac OS X 10_10_0) AppleWebKit/537.36 (KHTML, like Gecko) Chrome/36.0.1985.125 Safari/537.36"
45.61.185.91 - - [16/Apr/2025:09:27:40 -0400] "POST /wp-login.php HTTP/1.1" 200 1901 "-" "Mozilla/5.0 (Macintosh; Intel Mac OS X 10_10_0) AppleWebKit/537.36 (KHTML, like Gecko) Chrome/36.0.1985.125 Safari/537.36"
198.54.114.83 - - [16/Apr/2025:09:27:42 -0400] "POST /wp-cron.php?doing_wp_cron=1744810061.0316460132598876953125 HTTP/1.1" 200 0 "-" "WordPress/6.8; https://higglehub.com"
103.11.103.186 - - [16/Apr/2025:09:31:50 -0400] "GET /wp-login.php HTTP/1.1" 200 1773 "-" "GRequests/0.10"
103.11.103.186 - - [16/Apr/2025:09:31:55 -0400] "POST /wp-login.php HTTP/1.1" 200 1901 "-" "GRequests/0.10"
198.54.114.83 - - [16/Apr/2025:09:32:01 -0400] "POST /wp-cron.php?doing_wp_cron=1744810319.1648600101470947265625 HTTP/1.1" 200 0 "-" "WordPress/6.8; https://higglehub.com"
2a02:598:128:8a00::b00:f - - [16/Apr/2025:09:39:22 -0400] "GET /protecting-dallas-the-role-of-security-guard-services/ HTTP/1.1" 200 0 "-" "Mozilla/5.0 (compatible; SeznamBot/4.0; +https://o-seznam.cz/napoveda/vyhledavani/en/seznambot-crawler/)"
198.54.114.83 - - [16/Apr/2025:09:39:32 -0400] "POST /wp-cron.php?doing_wp_cron=1744810766.9916050434112548828125 HTTP/1.1" 200 0 "-" "WordPress/6.8; https://higglehub.com"
50.57.19.18 - - [16/Apr/2025:09:46:18 -0400] "GET /wp-login.php HTTP/1.1" 200 1773 "-" "GRequests/0.10"
50.57.19.18 - - [16/Apr/2025:09:46:22 -0400] "POST /wp-login.php HTTP/1.1" 200 1897 "-" "GRequests/0.10"
198.54.114.83 - - [16/Apr/2025:09:46:29 -0400] "POST /wp-cron.php?doing_wp_cron=1744811186.2801570892333984375000 HTTP/1.1" 200 0 "-" "WordPress/6.8; https://higglehub.com"
172.104.45.240 - - [16/Apr/2025:09:47:49 -0400] "POST /xmlrpc.php HTTP/1.1" 200 186 "-" "Mozilla/5.0 (Windows NT 10.0; Win64; x64; rv:41.0) Gecko/20100101 Firefox/41.0"
198.54.114.83 - - [16/Apr/2025:09:47:52 -0400] "POST /wp-cron.php?doing_wp_cron=1744811269.9145009517669677734375 HTTP/1.1" 200 0 "-" "WordPress/6.8; https://higglehub.com"
91.84.113.162 - - [16/Apr/2025:09:48:22 -0400] "GET /a-comprehensive-guide-to-multichannel-marketing/ HTTP/1.1" 200 11177 "https://higglehub.com/a-comprehensive-guide-to-multichannel-marketing/#comment-6219" "Mozilla/5.0 (Windows NT 6.1) AppleWebKit/537.36 (KHTML, like Gecko) Chrome/103.0.0.0 Safari/537.36"
91.84.113.162 - - [16/Apr/2025:09:48:27 -0400] "POST /wp-comments-post.php HTTP/1.1" 302 0 "https://higglehub.com/a-comprehensive-guide-to-multichannel-marketing/#comment-6219" "Mozilla/5.0 (Windows NT 6.1) AppleWebKit/537.36 (KHTML, like Gecko) Chrome/103.0.0.0 Safari/537.36"
91.84.113.162 - - [16/Apr/2025:09:48:31 -0400] "GET /a-comprehensive-guide-to-multichannel-marketing/ HTTP/1.1" 200 11765 "https://higglehub.com/a-comprehensive-guide-to-multichannel-marketing/#comment-6332" "Mozilla/5.0 (Windows NT 6.1) AppleWebKit/537.36 (KHTML, like Gecko) Chrome/103.0.0.0 Safari/537.36"
20.199.124.119 - - [16/Apr/2025:09:54:34 -0400] "POST /xmlrpc.php HTTP/1.1" 200 186 "-" "Mozilla/5.0 (Windows NT 10.0; Win64; x64; rv:64.0) Gecko/20100101 Firefox/64.0"
111.119.234.99 - - [16/Apr/2025:09:54:56 -0400] "GET /unleashing-the-joy-of-cultural-experiences/ HTTP/1.1" 200 11438 "https://higglehub.com/unleashing-the-joy-of-cultural-experiences/#respond" "Mozilla/5.0 (Windows NT 10.0; Win64; x64) AppleWebKit/537.36 (KHTML, like Gecko) Chrome/101.0.4951.64 Safari/537.36 Edg/101.0.1210.47"
84.33.193.163 - - [16/Apr/2025:09:56:18 -0400] "POST /xmlrpc.php HTTP/1.1" 200 186 "-" "Mozilla/5.0 (Windows NT 10.0; Win64; x64; rv:86.0) Gecko/20100101 Firefox/86.0"
34.199.64.170 - - [16/Apr/2025:09:56:47 -0400] "POST /xmlrpc.php HTTP/1.1" 200 186 "-" "Mozilla/5.0 (Windows NT 10.0; Win64; x64; rv:56.0) Gecko/20100101 Firefox/56.0"
165.227.84.75 - - [16/Apr/2025:09:58:42 -0400] "GET /wp-login.php HTTP/1.1" 200 1773 "-" "GRequests/0.10"
165.227.84.75 - - [16/Apr/2025:09:58:46 -0400] "POST /wp-login.php HTTP/1.1" 200 1901 "-" "GRequests/0.10"
198.54.114.83 - - [16/Apr/2025:09:58:54 -0400] "POST /wp-cron.php?doing_wp_cron=1744811930.5432059764862060546875 HTTP/1.1" 200 0 "-" "WordPress/6.8; https://higglehub.com"
185.121.234.211 - - [16/Apr/2025:10:06:34 -0400] "GET /gitarrenunterricht-in-dusseldorf-ihr-weg-zur-musikalischen-entfaltung/ HTTP/1.1" 200 11044 "https://higglehub.com/gitarrenunterricht-in-dusseldorf-ihr-weg-zur-musikalischen-entfaltung/#comment-6242" "Mozilla/5.0 (Windows NT 10.0; WOW64) AppleWebKit/537.36 (KHTML, like Gecko) Chrome/103.0.5060.114 Safari/537.36"
185.121.234.211 - - [16/Apr/2025:10:06:38 -0400] "POST /wp-comments-post.php HTTP/1.1" 302 0 "https://higglehub.com/gitarrenunterricht-in-dusseldorf-ihr-weg-zur-musikalischen-entfaltung/#comment-6242" "Mozilla/5.0 (Windows NT 10.0; WOW64) AppleWebKit/537.36 (KHTML, like Gecko) Chrome/103.0.5060.114 Safari/537.36"
198.54.114.83 - - [16/Apr/2025:10:06:47 -0400] "POST /wp-cron.php?doing_wp_cron=1744812402.7488310337066650390625 HTTP/1.1" 200 0 "-" "WordPress/6.8; https://higglehub.com"
185.121.234.211 - - [16/Apr/2025:10:06:48 -0400] "GET /gitarrenunterricht-in-dusseldorf-ihr-weg-zur-musikalischen-entfaltung/ HTTP/1.1" 200 11608 "https://higglehub.com/gitarrenunterricht-in-dusseldorf-ihr-weg-zur-musikalischen-entfaltung/#comment-6333" "Mozilla/5.0 (Windows NT 10.0; WOW64) AppleWebKit/537.36 (KHTML, like Gecko) Chrome/103.0.5060.114 Safari/537.36"
38.57.3.41 - - [16/Apr/2025:10:08:41 -0400] "POST /xmlrpc.php HTTP/1.1" 200 205 "-" "Mozilla/5.0 (X11; Fedora; Linux x86_64; rv:94.0) Gecko/20100101 Firefox/95.0"
198.54.114.83 - - [16/Apr/2025:10:08:50 -0400] "POST /wp-cron.php?doing_wp_cron=1744812525.2316780090332031250000 HTTP/1.1" 200 0 "-" "WordPress/6.8; https://higglehub.com"
2a01:7c8:aac2:171:5054:ff:fed7:1f71 - - [16/Apr/2025:10:10:28 -0400] "POST /xmlrpc.php HTTP/1.1" 200 186 "-" "Mozilla/5.0 (Windows NT 10.0; Win64; x64; rv:66.0) Gecko/20100101 Firefox/66.0"
198.54.114.83 - - [16/Apr/2025:10:10:36 -0400] "POST /wp-cron.php?doing_wp_cron=1744812632.6224989891052246093750 HTTP/1.1" 200 0 "-" "WordPress/6.8; https://higglehub.com"
174.138.22.248 - - [16/Apr/2025:10:13:50 -0400] "GET /wp-includes/js/jcrop/Jcrop.php HTTP/1.1" 404 7484 "-" "Mozlila/5.0 (Linux; Android 7.0; SM-G892A Bulid/NRD90M; wv) AppleWebKit/537.36 (KHTML, like Gecko) Version/4.0 Chrome/60.0.3112.107 Moblie Safari/537.36"
198.54.114.83 - - [16/Apr/2025:10:13:59 -0400] "POST /wp-cron.php?doing_wp_cron=1744812835.4817810058593750000000 HTTP/1.1" 200 0 "-" "WordPress/6.8; https://higglehub.com"
174.138.22.248 - - [16/Apr/2025:10:14:19 -0400] "GET /wp-content/plugins/index.php HTTP/1.1" 200 0 "-" "Mozlila/5.0 (Linux; Android 7.0; SM-G892A Bulid/NRD90M; wv) AppleWebKit/537.36 (KHTML, like Gecko) Version/4.0 Chrome/60.0.3112.107 Moblie Safari/537.36"
174.138.22.248 - - [16/Apr/2025:10:14:40 -0400] "GET /wp-admin/images/index.php HTTP/1.1" 301 0 "-" "Mozlila/5.0 (Linux; Android 7.0; SM-G892A Bulid/NRD90M; wv) AppleWebKit/537.36 (KHTML, like Gecko) Version/4.0 Chrome/60.0.3112.107 Moblie Safari/537.36"
174.138.22.248 - - [16/Apr/2025:10:14:45 -0400] "GET /wp-admin/images/ HTTP/1.1" 403 1242 "-" "Mozlila/5.0 (Linux; Android 7.0; SM-G892A Bulid/NRD90M; wv) AppleWebKit/537.36 (KHTML, like Gecko) Version/4.0 Chrome/60.0.3112.107 Moblie Safari/537.36"
174.138.22.248 - - [16/Apr/2025:10:15:00 -0400] "GET /index/function.php HTTP/1.1" 404 7484 "-" "Mozlila/5.0 (Linux; Android 7.0; SM-G892A Bulid/NRD90M; wv) AppleWebKit/537.36 (KHTML, like Gecko) Version/4.0 Chrome/60.0.3112.107 Moblie Safari/537.36"
198.54.114.83 - - [16/Apr/2025:10:15:07 -0400] "POST /wp-cron.php?doing_wp_cron=1744812901.7548298835754394531250 HTTP/1.1" 200 0 "-" "WordPress/6.8; https://higglehub.com"
174.138.22.248 - - [16/Apr/2025:10:15:27 -0400] "GET /wp-admin/network/index.php HTTP/1.1" 302 0 "-" "Mozlila/5.0 (Linux; Android 7.0; SM-G892A Bulid/NRD90M; wv) AppleWebKit/537.36 (KHTML, like Gecko) Version/4.0 Chrome/60.0.3112.107 Moblie Safari/537.36"
174.138.22.248 - - [16/Apr/2025:10:15:32 -0400] "GET /wp-login.php?redirect_to=https%3A%2F%2Fhigglehub.com%2Fwp-admin%2Fnetwork%2Findex.php&reauth=1 HTTP/1.1" 200 1773 "-" "Mozlila/5.0 (Linux; Android 7.0; SM-G892A Bulid/NRD90M; wv) AppleWebKit/537.36 (KHTML, like Gecko) Version/4.0 Chrome/60.0.3112.107 Moblie Safari/537.36"
174.138.22.248 - - [16/Apr/2025:10:15:56 -0400] "GET /wp-includes/fonts/about.php HTTP/1.1" 404 7484 "-" "Mozlila/5.0 (Linux; Android 7.0; SM-G892A Bulid/NRD90M; wv) AppleWebKit/537.36 (KHTML, like Gecko) Version/4.0 Chrome/60.0.3112.107 Moblie Safari/537.36"
194.76.37.111 - - [16/Apr/2025:10:17:26 -0400] "POST /xmlrpc.php HTTP/1.1" 200 186 "-" "Mozilla/5.0 (Windows NT 10.0; Win64; x64; rv:43.0) Gecko/20100101 Firefox/43.0"
188.166.177.219 - - [16/Apr/2025:10:18:37 -0400] "POST /xmlrpc.php HTTP/1.1" 200 186 "-" "Mozilla/5.0 (Windows NT 10.0; Win64; x64; rv:67.0) Gecko/20100101 Firefox/67.0"
198.54.114.83 - - [16/Apr/2025:10:18:39 -0400] "POST /wp-cron.php?doing_wp_cron=1744813118.1399199962615966796875 HTTP/1.1" 200 0 "-" "WordPress/6.8; https://higglehub.com"
2607:f1c0:f080:1a00::1 - - [16/Apr/2025:10:18:46 -0400] "POST /xmlrpc.php HTTP/1.1" 200 186 "-" "Mozilla/5.0 (Windows NT 10.0; Win64; x64) AppleWebKit/537.36 (KHTML, like Gecko) Chrome/84.0.4147.105 Safari/537.36"
82.223.13.191 - - [16/Apr/2025:10:18:48 -0400] "POST /xmlrpc.php HTTP/1.1" 200 186 "-" "Mozilla/5.0 (Windows NT 10.0; Win64; x64) AppleWebKit/537.36 (KHTML, like Gecko) Chrome/91.0.4472.114 Safari/537.36"
2406:da1a:f57:2200:6003:588c:6174:3a2f - - [16/Apr/2025:10:18:52 -0400] "POST /xmlrpc.php HTTP/1.1" 200 186 "-" "Mozilla/5.0 (Windows NT 6.1; WOW64; rv:18.0) Gecko/20100101 Firefox/18.0"
82.223.13.191 - - [16/Apr/2025:10:18:54 -0400] "POST /xmlrpc.php HTTP/1.1" 200 186 "-" "Mozilla/5.0 (Windows NT 6.1; WOW64; rv:40.0) Gecko/20100101 Firefox/40.1"
94.103.185.72 - - [16/Apr/2025:10:19:03 -0400] "POST /xmlrpc.php HTTP/1.1" 200 186 "-" "Mozilla/5.0 (Windows NT 10.0; Win64; x64; rv:78.0) Gecko/20100101 Firefox/78.0"
2607:f1c0:f080:1a00::1 - - [16/Apr/2025:10:19:05 -0400] "POST /xmlrpc.php HTTP/1.1" 200 186 "-" "Mozilla/5.0 (Windows NT 10.0; Win64; x64) AppleWebKit/537.36 (KHTML, like Gecko) Chrome/84.0.4147.105 Safari/537.36"
8.219.232.173 - - [16/Apr/2025:10:19:07 -0400] "POST /xmlrpc.php HTTP/1.1" 200 186 "-" "Mozilla/5.0 (Windows NT 6.1; WOW64; rv:18.0) Gecko/20100101 Firefox/18.0"
114.34.168.241 - - [16/Apr/2025:10:19:12 -0400] "POST /xmlrpc.php HTTP/1.1" 200 186 "-" "Mozilla/5.0 (Windows NT 5.1; rv:33.0) Gecko/20100101 Firefox/33.0"
66.103.204.66 - - [16/Apr/2025:10:19:15 -0400] "POST /xmlrpc.php HTTP/1.1" 200 186 "-" "Mozilla/5.0 (Windows NT 10.0; Win64; x64) AppleWebKit/537.36 (KHTML, like Gecko) Chrome/85.0.4183.102 Safari/537.36"
148.72.144.38 - - [16/Apr/2025:10:19:16 -0400] "POST /xmlrpc.php HTTP/1.1" 200 186 "-" "Mozilla/5.0 (Windows NT 10.0; Win64; x64) AppleWebKit/537.36 (KHTML, like Gecko) Chrome/74.0.3729.131 Safari/537.36"
188.166.177.219 - - [16/Apr/2025:10:19:23 -0400] "POST /xmlrpc.php HTTP/1.1" 200 186 "-" "Mozilla/5.0 (Windows NT 10.0; Win64; x64; rv:59.0) Gecko/20100101 Firefox/59.0"
20.213.216.46 - - [16/Apr/2025:10:19:24 -0400] "POST /xmlrpc.php HTTP/1.1" 200 186 "-" "Mozilla/5.0 (Windows NT 10.0; WOW64) AppleWebKit/537.36 (KHTML, like Gecko) Chrome/91.0.4472.114 Safari/537.36"
114.34.168.241 - - [16/Apr/2025:10:19:26 -0400] "POST /xmlrpc.php HTTP/1.1" 200 186 "-" "Mozilla/5.0 (Windows; U; Windows NT 5.1; en-US; rv:1.7.10) Gecko/20050716 Firefox/1.0.6"
2a01:4f9:3a:16db::2 - - [16/Apr/2025:10:20:43 -0400] "POST /xmlrpc.php HTTP/1.1" 200 186 "-" "Mozilla/5.0 (Windows NT 10.0; Win64; x64; rv:73.0) Gecko/20100101 Firefox/73.0"
198.54.114.83 - - [16/Apr/2025:10:20:47 -0400] "POST /wp-cron.php?doing_wp_cron=1744813244.6326730251312255859375 HTTP/1.1" 200 0 "-" "WordPress/6.8; https://higglehub.com"
2a05:f480:1400:28fb:5400:4ff:fed7:2169 - - [16/Apr/2025:10:25:23 -0400] "POST /xmlrpc.php HTTP/1.1" 200 186 "-" "Mozilla/5.0 (Windows NT 10.0; Win64; x64; rv:42.0) Gecko/20100101 Firefox/42.0"
198.54.114.83 - - [16/Apr/2025:10:25:33 -0400] "POST /wp-cron.php?doing_wp_cron=1744813527.5435369014739990234375 HTTP/1.1" 200 0 "-" "WordPress/6.8; https://higglehub.com"
101.44.68.143 - - [16/Apr/2025:10:26:15 -0400] "GET /gift-cards-for-gamers/ HTTP/1.1" 200 11224 "https://higglehub.com/gift-cards-for-gamers/#content" "Mozilla/5.0 (Windows NT 10.0; Win64; x64) AppleWebKit/537.36 (KHTML, like Gecko) Chrome/110.0.0.0 Safari/537.36"
128.199.215.55 - - [16/Apr/2025:10:27:19 -0400] "GET //wp-includes/ID3/license.txt HTTP/1.1" 200 414 "-" "Mozilla/5.0 (Windows NT 10.0; Win64; x64) AppleWebKit/537.36 (KHTML, like Gecko) Chrome/95.0.4638.69 Safari/537.36"
128.199.215.55 - - [16/Apr/2025:10:27:24 -0400] "GET //feed/ HTTP/1.1" 301 0 "-" "Mozilla/5.0 (Windows NT 10.0; Win64; x64) AppleWebKit/537.36 (KHTML, like Gecko) Chrome/95.0.4638.69 Safari/537.36"
128.199.215.55 - - [16/Apr/2025:10:27:32 -0400] "GET //blog/wp-includes/wlwmanifest.xml HTTP/1.1" 301 0 "-" "Mozilla/5.0 (Windows NT 10.0; Win64; x64) AppleWebKit/537.36 (KHTML, like Gecko) Chrome/95.0.4638.69 Safari/537.36"
128.199.215.55 - - [16/Apr/2025:10:27:37 -0400] "GET //web/wp-includes/wlwmanifest.xml HTTP/1.1" 301 0 "-" "Mozilla/5.0 (Windows NT 10.0; Win64; x64) AppleWebKit/537.36 (KHTML, like Gecko) Chrome/95.0.4638.69 Safari/537.36"
128.199.215.55 - - [16/Apr/2025:10:27:41 -0400] "GET //wordpress/wp-includes/wlwmanifest.xml HTTP/1.1" 301 0 "-" "Mozilla/5.0 (Windows NT 10.0; Win64; x64) AppleWebKit/537.36 (KHTML, like Gecko) Chrome/95.0.4638.69 Safari/537.36"
128.199.215.55 - - [16/Apr/2025:10:27:46 -0400] "GET //wp/wp-includes/wlwmanifest.xml HTTP/1.1" 301 0 "-" "Mozilla/5.0 (Windows NT 10.0; Win64; x64) AppleWebKit/537.36 (KHTML, like Gecko) Chrome/95.0.4638.69 Safari/537.36"
128.199.215.55 - - [16/Apr/2025:10:27:50 -0400] "GET //2020/wp-includes/wlwmanifest.xml HTTP/1.1" 301 0 "-" "Mozilla/5.0 (Windows NT 10.0; Win64; x64) AppleWebKit/537.36 (KHTML, like Gecko) Chrome/95.0.4638.69 Safari/537.36"
45.61.188.237 - - [16/Apr/2025:10:27:51 -0400] "GET /wp-login.php HTTP/1.1" 200 1773 "-" "Mozilla/5.0 (Windows NT 6.0) AppleWebKit/537.36 (KHTML, like Gecko) Chrome/36.0.1985.125 Safari/537.36"
128.199.215.55 - - [16/Apr/2025:10:27:55 -0400] "GET //2019/wp-includes/wlwmanifest.xml HTTP/1.1" 301 0 "-" "Mozilla/5.0 (Windows NT 10.0; Win64; x64) AppleWebKit/537.36 (KHTML, like Gecko) Chrome/95.0.4638.69 Safari/537.36"
45.61.188.237 - - [16/Apr/2025:10:27:56 -0400] "POST /wp-login.php HTTP/1.1" 200 1897 "-" "Mozilla/5.0 (Windows NT 6.0) AppleWebKit/537.36 (KHTML, like Gecko) Chrome/36.0.1985.125 Safari/537.36"
128.199.215.55 - - [16/Apr/2025:10:28:00 -0400] "GET //2021/wp-includes/wlwmanifest.xml HTTP/1.1" 301 0 "-" "Mozilla/5.0 (Windows NT 10.0; Win64; x64) AppleWebKit/537.36 (KHTML, like Gecko) Chrome/95.0.4638.69 Safari/537.36"
128.199.215.55 - - [16/Apr/2025:10:28:04 -0400] "GET //shop/wp-includes/wlwmanifest.xml HTTP/1.1" 301 0 "-" "Mozilla/5.0 (Windows NT 10.0; Win64; x64) AppleWebKit/537.36 (KHTML, like Gecko) Chrome/95.0.4638.69 Safari/537.36"
128.199.215.55 - - [16/Apr/2025:10:28:08 -0400] "GET //wp1/wp-includes/wlwmanifest.xml HTTP/1.1" 301 0 "-" "Mozilla/5.0 (Windows NT 10.0; Win64; x64) AppleWebKit/537.36 (KHTML, like Gecko) Chrome/95.0.4638.69 Safari/537.36"
128.199.215.55 - - [16/Apr/2025:10:28:14 -0400] "GET //test/wp-includes/wlwmanifest.xml HTTP/1.1" 301 0 "-" "Mozilla/5.0 (Windows NT 10.0; Win64; x64) AppleWebKit/537.36 (KHTML, like Gecko) Chrome/95.0.4638.69 Safari/537.36"
128.199.215.55 - - [16/Apr/2025:10:28:19 -0400] "GET //site/wp-includes/wlwmanifest.xml HTTP/1.1" 301 0 "-" "Mozilla/5.0 (Windows NT 10.0; Win64; x64) AppleWebKit/537.36 (KHTML, like Gecko) Chrome/95.0.4638.69 Safari/537.36"
