13.68.220.225 - - [14/Apr/2025:18:43:40 -0400] "GET /repeater.php HTTP/1.1" 404 7270 "-" "-"
13.68.220.225 - - [14/Apr/2025:18:43:42 -0400] "GET /admin-post.php HTTP/1.1" 404 7270 "-" "-"
13.68.220.225 - - [14/Apr/2025:18:43:42 -0400] "GET /wp-admin/maint/maint/ajax-actions.php HTTP/1.1" 404 7270 "-" "-"
13.68.220.225 - - [14/Apr/2025:18:43:43 -0400] "GET /wp-admin/dropdown.php HTTP/1.1" 404 7270 "-" "-"
13.68.220.225 - - [14/Apr/2025:18:43:44 -0400] "GET /wp-admin/css/index.php HTTP/1.1" 301 0 "-" "-"
13.68.220.225 - - [14/Apr/2025:18:43:44 -0400] "GET /wp-admin/css/ HTTP/1.1" 403 1242 "-" "-"
13.68.220.225 - - [14/Apr/2025:18:43:45 -0400] "GET /about.php HTTP/1.1" 404 7270 "-" "-"
13.68.220.225 - - [14/Apr/2025:18:43:45 -0400] "GET /about.php7 HTTP/1.1" 404 7270 "-" "-"
13.68.220.225 - - [14/Apr/2025:18:43:46 -0400] "GET /alfanew.php7 HTTP/1.1" 404 7270 "-" "-"
13.68.220.225 - - [14/Apr/2025:18:43:46 -0400] "GET /adminfuns.php7 HTTP/1.1" 404 7270 "-" "-"
13.68.220.225 - - [14/Apr/2025:18:43:47 -0400] "GET /ebs.php7 HTTP/1.1" 404 7270 "-" "-"
13.68.220.225 - - [14/Apr/2025:18:43:47 -0400] "GET /ws.php7 HTTP/1.1" 404 7270 "-" "-"
13.68.220.225 - - [14/Apr/2025:18:43:49 -0400] "GET /alfanew2.php7 HTTP/1.1" 404 7270 "-" "-"
13.68.220.225 - - [14/Apr/2025:18:43:49 -0400] "GET /alfa-rex2.php7 HTTP/1.1" 404 7270 "-" "-"
13.68.220.225 - - [14/Apr/2025:18:43:50 -0400] "GET /wp-admin/images/index.php HTTP/1.1" 301 0 "-" "-"
13.68.220.225 - - [14/Apr/2025:18:43:50 -0400] "GET /wp-admin/images/ HTTP/1.1" 403 1242 "-" "-"
13.68.220.225 - - [14/Apr/2025:18:43:51 -0400] "GET /wp-admin/css/colors/index.php HTTP/1.1" 301 0 "-" "-"
13.68.220.225 - - [14/Apr/2025:18:43:51 -0400] "GET /wp-admin/css/colors/ HTTP/1.1" 403 1242 "-" "-"
13.68.220.225 - - [14/Apr/2025:18:43:51 -0400] "GET /wp-content/themes/pridmag/db.php HTTP/1.1" 404 7270 "-" "-"
13.68.220.225 - - [14/Apr/2025:18:43:52 -0400] "GET /wp-content/themes/seotheme/mar.php HTTP/1.1" 404 7270 "-" "-"
13.68.220.225 - - [14/Apr/2025:18:43:53 -0400] "GET /wp-content/plugins/linkpreview/db.php HTTP/1.1" 404 7270 "-" "-"
13.68.220.225 - - [14/Apr/2025:18:43:54 -0400] "GET /wp-content/themes/seotheme/db.php HTTP/1.1" 404 7270 "-" "-"
13.68.220.225 - - [14/Apr/2025:18:43:55 -0400] "GET /wp-content/plugins/seoplugins/db.php HTTP/1.1" 404 7270 "-" "-"
13.68.220.225 - - [14/Apr/2025:18:43:56 -0400] "GET /.well-known/pki-validation/xmrlpc.php HTTP/1.1" 404 1251 "-" "-"
13.68.220.225 - - [14/Apr/2025:18:43:56 -0400] "GET /.well-known/acme-challenge/xmrlpc.php HTTP/1.1" 404 7270 "-" "-"
13.68.220.225 - - [14/Apr/2025:18:43:57 -0400] "GET /wp-admin/network/xmrlpc.php HTTP/1.1" 404 7270 "-" "-"
13.68.220.225 - - [14/Apr/2025:18:43:58 -0400] "GET /xmrlpc.php HTTP/1.1" 404 7270 "-" "-"
13.68.220.225 - - [14/Apr/2025:18:43:59 -0400] "GET /cgi-bin/xmrlpc.php HTTP/1.1" 404 7270 "-" "-"
13.68.220.225 - - [14/Apr/2025:18:44:00 -0400] "GET /css/xmrlpc.php HTTP/1.1" 404 7270 "-" "-"
13.68.220.225 - - [14/Apr/2025:18:44:01 -0400] "GET /wp-admin/user/xmrlpc.php HTTP/1.1" 404 7270 "-" "-"
13.68.220.225 - - [14/Apr/2025:18:44:02 -0400] "GET /img/xmrlpc.php HTTP/1.1" 404 7269 "-" "-"
13.68.220.225 - - [14/Apr/2025:18:44:02 -0400] "GET /wp-admin/css/colors/coffee/xmrlpc.php HTTP/1.1" 404 7270 "-" "-"
13.68.220.225 - - [14/Apr/2025:18:44:03 -0400] "GET /wp-admin/images/xmrlpc.php HTTP/1.1" 404 7270 "-" "-"
13.68.220.225 - - [14/Apr/2025:18:44:04 -0400] "GET /images/xmrlpc.php HTTP/1.1" 404 7270 "-" "-"
13.68.220.225 - - [14/Apr/2025:18:44:04 -0400] "GET /wp-admin/js/widgets/xmrlpc.php HTTP/1.1" 404 7270 "-" "-"
13.68.220.225 - - [14/Apr/2025:18:44:05 -0400] "GET /wp-admin/css/colors/xmrlpc.php HTTP/1.1" 404 7270 "-" "-"
13.68.220.225 - - [14/Apr/2025:18:44:06 -0400] "GET /wp-admin/includes/xmrlpc.php HTTP/1.1" 404 7270 "-" "-"
13.68.220.225 - - [14/Apr/2025:18:44:07 -0400] "GET /wp-admin/css/colors/blue/xmrlpc.php HTTP/1.1" 404 7270 "-" "-"
13.68.220.225 - - [14/Apr/2025:18:44:07 -0400] "GET /wp-admin/xmrlpc.php HTTP/1.1" 404 7270 "-" "-"
13.68.220.225 - - [14/Apr/2025:18:44:09 -0400] "GET /smaxx.php HTTP/1.1" 404 7270 "-" "-"
13.68.220.225 - - [14/Apr/2025:18:44:10 -0400] "GET /wp-admin/smaxx.php HTTP/1.1" 404 7270 "-" "-"
13.68.220.225 - - [14/Apr/2025:18:44:11 -0400] "GET /wp-content/plugins/WordPressCore/smaxx.php HTTP/1.1" 404 7270 "-" "-"
13.68.220.225 - - [14/Apr/2025:18:44:11 -0400] "GET /wp-includes/images/smaxx.php HTTP/1.1" 404 7270 "-" "-"
13.68.220.225 - - [14/Apr/2025:18:44:12 -0400] "GET /wp-content/plugins/core-plugin/smaxx.php HTTP/1.1" 404 7270 "-" "-"
13.68.220.225 - - [14/Apr/2025:18:44:12 -0400] "GET /wp-includes/smaxx.php HTTP/1.1" 404 7270 "-" "-"
13.68.220.225 - - [14/Apr/2025:18:44:13 -0400] "GET /wp-content/plugins/smaxx.php HTTP/1.1" 404 7270 "-" "-"
13.68.220.225 - - [14/Apr/2025:18:44:14 -0400] "GET /xt/smaxx.php HTTP/1.1" 404 7270 "-" "-"
13.68.220.225 - - [14/Apr/2025:18:44:15 -0400] "GET /wp-content/smaxx.php HTTP/1.1" 404 7270 "-" "-"
13.68.220.225 - - [14/Apr/2025:18:44:16 -0400] "GET /wp-content/themes/twentyfive/smaxx.php HTTP/1.1" 404 7270 "-" "-"
13.68.220.225 - - [14/Apr/2025:18:44:16 -0400] "GET /wp-content/upgrade/sx.php HTTP/1.1" 404 7270 "-" "-"
13.68.220.225 - - [14/Apr/2025:18:44:17 -0400] "GET /.well-known/pki-validation/sx.php HTTP/1.1" 404 1251 "-" "-"
13.68.220.225 - - [14/Apr/2025:18:44:17 -0400] "GET /wp-admin/user/sx.php HTTP/1.1" 404 7270 "-" "-"
13.68.220.225 - - [14/Apr/2025:18:44:18 -0400] "GET /wp-includes/ID3/sx.php HTTP/1.1" 404 7270 "-" "-"
13.68.220.225 - - [14/Apr/2025:18:44:19 -0400] "GET /wp-includes/blocks/sx.php HTTP/1.1" 404 7270 "-" "-"
13.68.220.225 - - [14/Apr/2025:18:44:20 -0400] "GET /wp-includes/sx.php HTTP/1.1" 404 7269 "-" "-"
13.68.220.225 - - [14/Apr/2025:18:44:21 -0400] "GET /wp-admin/sx.php HTTP/1.1" 404 7270 "-" "-"
13.68.220.225 - - [14/Apr/2025:18:44:22 -0400] "GET /wp-content/plugins/fix/sx.php HTTP/1.1" 404 7269 "-" "-"
13.68.220.225 - - [14/Apr/2025:18:44:23 -0400] "GET /wp-admin/includes/sx.php HTTP/1.1" 404 7270 "-" "-"
13.68.220.225 - - [14/Apr/2025:18:44:24 -0400] "GET /cgi-bin/sx.php HTTP/1.1" 404 7270 "-" "-"
13.68.220.225 - - [14/Apr/2025:18:44:24 -0400] "GET /wp-admin/css/sx.php HTTP/1.1" 404 7270 "-" "-"
13.68.220.225 - - [14/Apr/2025:18:44:25 -0400] "GET /wp-admin/network/sx.php HTTP/1.1" 404 7270 "-" "-"
13.68.220.225 - - [14/Apr/2025:18:44:26 -0400] "GET /wp-includes/block-supports/sx.php HTTP/1.1" 404 7270 "-" "-"
13.68.220.225 - - [14/Apr/2025:18:44:27 -0400] "GET /wp-includes/IXR/sx.php HTTP/1.1" 404 7270 "-" "-"
13.68.220.225 - - [14/Apr/2025:18:44:28 -0400] "GET /.well-known/sx.php HTTP/1.1" 404 7270 "-" "-"
13.68.220.225 - - [14/Apr/2025:18:44:29 -0400] "GET /wp-includes/js/tinymce/skins/lightgray/fonts/sx.php HTTP/1.1" 404 7270 "-" "-"
13.68.220.225 - - [14/Apr/2025:18:44:30 -0400] "GET /wp-content/sx.php HTTP/1.1" 404 7270 "-" "-"
13.68.220.225 - - [14/Apr/2025:18:44:31 -0400] "GET /wp-content/plugins/elementor/sx.php HTTP/1.1" 404 7270 "-" "-"
13.68.220.225 - - [14/Apr/2025:18:44:32 -0400] "GET /.well-known/acme-challenge/sx.php HTTP/1.1" 404 7270 "-" "-"
13.68.220.225 - - [14/Apr/2025:18:44:33 -0400] "GET /wp-includes/js/jcrop/sx.php HTTP/1.1" 404 7270 "-" "-"
13.68.220.225 - - [14/Apr/2025:18:44:34 -0400] "GET /wp-includes/rest-api/sx.php HTTP/1.1" 404 7270 "-" "-"
13.68.220.225 - - [14/Apr/2025:18:44:35 -0400] "GET /wp-admin/images/sx.php HTTP/1.1" 404 7270 "-" "-"
13.68.220.225 - - [14/Apr/2025:18:44:36 -0400] "GET /wp-admin/css/colors/blue/blue.php HTTP/1.1" 404 7270 "-" "-"
13.68.220.225 - - [14/Apr/2025:18:44:37 -0400] "GET /chosen HTTP/1.1" 404 7270 "-" "-"
13.68.220.225 - - [14/Apr/2025:18:44:38 -0400] "GET /wp-content/plugins/fix/up.php HTTP/1.1" 404 7270 "-" "-"
13.68.220.225 - - [14/Apr/2025:18:44:39 -0400] "GET /install.php HTTP/1.1" 404 7270 "-" "-"
13.68.220.225 - - [14/Apr/2025:18:44:39 -0400] "GET /wp-includes/images/include.php HTTP/1.1" 404 7270 "-" "-"
13.68.220.225 - - [14/Apr/2025:18:44:40 -0400] "GET /wp-content/themes/wp-classic/inc/index.php HTTP/1.1" 301 0 "-" "-"
13.68.220.225 - - [14/Apr/2025:18:44:40 -0400] "GET /wp-content/themes/wp-classic/inc/ HTTP/1.1" 404 7270 "-" "-"
13.68.220.225 - - [14/Apr/2025:18:44:41 -0400] "GET /assets/images/1p.php HTTP/1.1" 404 7270 "-" "-"
13.68.220.225 - - [14/Apr/2025:18:44:42 -0400] "GET /class.api.php HTTP/1.1" 404 7270 "-" "-"
13.68.220.225 - - [14/Apr/2025:18:44:43 -0400] "GET /plugin.php HTTP/1.1" 404 7270 "-" "-"
13.68.220.225 - - [14/Apr/2025:18:44:43 -0400] "GET /wp-mail.php HTTP/1.1" 403 941 "-" "-"
13.68.220.225 - - [14/Apr/2025:18:44:44 -0400] "GET /cong.php HTTP/1.1" 404 7270 "-" "-"
13.68.220.225 - - [14/Apr/2025:18:44:44 -0400] "GET /wp-content/index.php HTTP/1.1" 200 0 "-" "-"
13.68.220.225 - - [14/Apr/2025:18:44:45 -0400] "GET /.well-known/acme-challenge/xmrlpc.php HTTP/1.1" 404 7270 "-" "-"
13.68.220.225 - - [14/Apr/2025:18:44:45 -0400] "GET /wp-configs.php HTTP/1.1" 404 7270 "-" "-"
13.68.220.225 - - [14/Apr/2025:18:44:45 -0400] "GET /defaults.php HTTP/1.1" 404 7270 "-" "-"
13.68.220.225 - - [14/Apr/2025:18:44:46 -0400] "GET /input.php HTTP/1.1" 404 7270 "-" "-"
13.68.220.225 - - [14/Apr/2025:18:44:46 -0400] "GET /0z.php HTTP/1.1" 404 7270 "-" "-"
13.68.220.225 - - [14/Apr/2025:18:44:47 -0400] "GET /media.php HTTP/1.1" 404 7270 "-" "-"
13.68.220.225 - - [14/Apr/2025:18:44:47 -0400] "GET /chosen.php HTTP/1.1" 404 7270 "-" "-"
13.68.220.225 - - [14/Apr/2025:18:44:48 -0400] "GET /wp-includes/fonts/wp-login.php HTTP/1.1" 404 7270 "-" "-"
13.68.220.225 - - [14/Apr/2025:18:44:48 -0400] "GET /wp-admin/users.php HTTP/1.1" 302 0 "-" "-"
13.68.220.225 - - [14/Apr/2025:18:44:49 -0400] "GET /wp-login.php?redirect_to=https%3A%2F%2Fhigglehub.com%2Fwp-admin%2Fusers.php&reauth=1 HTTP/1.1" 200 1775 "-" "-"
13.68.220.225 - - [14/Apr/2025:18:44:50 -0400] "GET /wp-content/uploads/cache.php HTTP/1.1" 404 7270 "-" "-"
13.68.220.225 - - [14/Apr/2025:18:44:50 -0400] "GET /.wp-cli/wp-login.php HTTP/1.1" 404 7270 "-" "-"
13.68.220.225 - - [14/Apr/2025:18:44:51 -0400] "GET /authorize.php HTTP/1.1" 404 7270 "-" "-"
13.68.220.225 - - [14/Apr/2025:18:44:53 -0400] "GET /wp-admin/css/colors/blue/CasperExV1.php HTTP/1.1" 404 7270 "-" "-"
13.68.220.225 - - [14/Apr/2025:18:44:53 -0400] "GET /wp-admin/includes/users.php HTTP/1.1" 404 7270 "-" "-"
13.68.220.225 - - [14/Apr/2025:18:44:54 -0400] "GET /wp.php HTTP/1.1" 404 7270 "-" "-"
13.68.220.225 - - [14/Apr/2025:18:44:55 -0400] "GET /wp-content/plugins/WordPressCore/include.php HTTP/1.1" 404 7270 "-" "-"
13.68.220.225 - - [14/Apr/2025:18:44:56 -0400] "GET /themes.php HTTP/1.1" 404 7270 "-" "-"
13.68.220.225 - - [14/Apr/2025:18:44:57 -0400] "GET /wp-admin/network/index.php HTTP/1.1" 302 0 "-" "-"
13.68.220.225 - - [14/Apr/2025:18:44:57 -0400] "GET /wp-login.php?redirect_to=https%3A%2F%2Fhigglehub.com%2Fwp-admin%2Fnetwork%2Findex.php&reauth=1 HTTP/1.1" 200 1775 "-" "-"
13.68.220.225 - - [14/Apr/2025:18:44:58 -0400] "GET /wp-content/plugins/WordPressCore/blkfqnikz.php HTTP/1.1" 404 7270 "-" "-"
13.68.220.225 - - [14/Apr/2025:18:44:59 -0400] "GET /wp/wp-admin/includes/class-wp-page-mvb2yr.php HTTP/1.1" 404 7270 "-" "-"
13.68.220.225 - - [14/Apr/2025:18:45:00 -0400] "GET /st.php HTTP/1.1" 404 7270 "-" "-"
13.68.220.225 - - [14/Apr/2025:18:45:01 -0400] "GET /wp-includes/images/smilies/about.php HTTP/1.1" 404 7270 "-" "-"
13.68.220.225 - - [14/Apr/2025:18:45:03 -0400] "GET /ynz.PhP7 HTTP/1.1" 404 7270 "-" "-"
13.68.220.225 - - [14/Apr/2025:18:45:04 -0400] "GET /wp-content/style-css.php HTTP/1.1" 404 7270 "-" "-"
13.68.220.225 - - [14/Apr/2025:18:45:07 -0400] "GET /wp-includes/IXR/wp-login.php HTTP/1.1" 404 7270 "-" "-"
13.68.220.225 - - [14/Apr/2025:18:45:09 -0400] "GET /.well-known/acme-challenge/about.php HTTP/1.1" 404 7270 "-" "-"
13.68.220.225 - - [14/Apr/2025:18:45:10 -0400] "GET /wordpress/wp-includes/IXR/allez.php HTTP/1.1" 404 7270 "-" "-"
13.68.220.225 - - [14/Apr/2025:18:45:12 -0400] "GET /rendixd.php HTTP/1.1" 404 7270 "-" "-"
13.68.220.225 - - [14/Apr/2025:18:45:14 -0400] "GET /wp-admin/css/admin.php HTTP/1.1" 404 7270 "-" "-"
13.68.220.225 - - [14/Apr/2025:18:45:15 -0400] "GET /filefuns.php HTTP/1.1" 404 7270 "-" "-"
13.68.220.225 - - [14/Apr/2025:18:45:16 -0400] "GET /options.php HTTP/1.1" 404 7270 "-" "-"
13.68.220.225 - - [14/Apr/2025:18:45:18 -0400] "GET /wp-includes/js/tinymce/skins/lightgray/img/index.php HTTP/1.1" 301 0 "-" "-"
13.68.220.225 - - [14/Apr/2025:18:45:18 -0400] "GET /wp-includes/js/tinymce/skins/lightgray/img/ HTTP/1.1" 403 1242 "-" "-"
13.68.220.225 - - [14/Apr/2025:18:45:19 -0400] "GET /edit.php HTTP/1.1" 404 7269 "-" "-"
13.68.220.225 - - [14/Apr/2025:18:45:19 -0400] "GET /user.php HTTP/1.1" 404 7270 "-" "-"
13.68.220.225 - - [14/Apr/2025:18:45:20 -0400] "GET /worm0.PhP7 HTTP/1.1" 404 7270 "-" "-"
13.68.220.225 - - [14/Apr/2025:18:45:22 -0400] "GET /wp-includes/js/tinymce/skins/wordpress/images/index.php HTTP/1.1" 301 0 "-" "-"
13.68.220.225 - - [14/Apr/2025:18:45:22 -0400] "GET /wp-includes/js/tinymce/skins/wordpress/images/ HTTP/1.1" 403 1242 "-" "-"
13.68.220.225 - - [14/Apr/2025:18:45:23 -0400] "GET /.well-known/.well-known/owlmailer.php HTTP/1.1" 404 7270 "-" "-"
13.68.220.225 - - [14/Apr/2025:18:45:23 -0400] "GET /wp-content/uploads/cong.php HTTP/1.1" 404 7270 "-" "-"
13.68.220.225 - - [14/Apr/2025:18:45:24 -0400] "GET /01.php HTTP/1.1" 404 7270 "-" "-"
13.68.220.225 - - [14/Apr/2025:18:45:25 -0400] "GET /wp-content/uploads/wp-login.php.suspected HTTP/1.1" 404 7270 "-" "-"
13.68.220.225 - - [14/Apr/2025:18:45:26 -0400] "GET /wp-includes/rest-api/endpoints/html.php HTTP/1.1" 404 7270 "-" "-"
13.68.220.225 - - [14/Apr/2025:18:45:27 -0400] "GET /wp-admin/js/widgets/cong.php HTTP/1.1" 404 7270 "-" "-"
13.68.220.225 - - [14/Apr/2025:18:45:29 -0400] "GET /doc.php HTTP/1.1" 404 7270 "-" "-"
13.68.220.225 - - [14/Apr/2025:18:45:30 -0400] "GET /link.php HTTP/1.1" 404 7270 "-" "-"
13.68.220.225 - - [14/Apr/2025:18:45:30 -0400] "GET /autoload_classmap.php HTTP/1.1" 404 7270 "-" "-"
13.68.220.225 - - [14/Apr/2025:18:45:31 -0400] "GET /wp-admin/js/privacy-tools.min.php HTTP/1.1" 404 7270 "-" "-"
13.68.220.225 - - [14/Apr/2025:18:45:31 -0400] "GET /wp-includes/pomo/wp-login.php HTTP/1.1" 404 7270 "-" "-"
13.68.220.225 - - [14/Apr/2025:18:45:32 -0400] "GET /db.php HTTP/1.1" 404 7270 "-" "-"
13.68.220.225 - - [14/Apr/2025:18:45:33 -0400] "GET /wp-content/uploads/error_log.php HTTP/1.1" 404 7270 "-" "-"
13.68.220.225 - - [14/Apr/2025:18:45:34 -0400] "GET /google.php HTTP/1.1" 404 7270 "-" "-"
13.68.220.225 - - [14/Apr/2025:18:45:35 -0400] "GET /wp-includes/pomo/fgertreyersd.php.suspected HTTP/1.1" 404 7270 "-" "-"
13.68.220.225 - - [14/Apr/2025:18:45:37 -0400] "GET /wp-includes/Requests/dropdown.php HTTP/1.1" 404 7270 "-" "-"
13.68.220.225 - - [14/Apr/2025:18:45:38 -0400] "GET /wp-content/install.php HTTP/1.1" 404 7270 "-" "-"
13.68.220.225 - - [14/Apr/2025:18:45:40 -0400] "GET /.well-known/admin.php HTTP/1.1" 404 7270 "-" "-"
13.68.220.225 - - [14/Apr/2025:18:45:41 -0400] "GET /revision.php HTTP/1.1" 404 7270 "-" "-"
13.68.220.225 - - [14/Apr/2025:18:45:42 -0400] "GET /css/sgd.php HTTP/1.1" 404 7270 "-" "-"
13.68.220.225 - - [14/Apr/2025:18:45:43 -0400] "GET /wp-content/plugins/index.php HTTP/1.1" 200 0 "-" "-"
216.244.66.247 - - [14/Apr/2025:18:49:29 -0400] "GET /umzugsunternehmen-in-luneburg-ihre-zuverlassigen-partner/ HTTP/1.1" 200 10959 "-" "Mozilla/5.0 (compatible; DotBot/1.2; +https://opensiteexplorer.org/dotbot; help@moz.com)"
34.91.78.130 - - [14/Apr/2025:18:50:48 -0400] "GET /wp-login.php HTTP/1.1" 200 1766 "-" "GRequests/0.10"
2a01:239:3bb:8a00::1 - - [14/Apr/2025:18:51:09 -0400] "GET /wp-content/plugins/WordPressCore/include.php HTTP/1.1" 404 7270 "www.google.com" "Mozilla/5.0 (Linux; Android 7.0; SM-G892A Build/NRD90M; wv) AppleWebKit/537.36 (KHTML, like Gecko) Version/4.0 Chrome/60.0.3112.107 Mobile Safari/537.36"
2a01:239:3bb:8a00::1 - - [14/Apr/2025:18:51:21 -0400] "GET /wp-content/themes/include.php HTTP/1.1" 404 7270 "www.google.com" "Mozilla/5.0 (Linux; Android 7.0; SM-G892A Build/NRD90M; wv) AppleWebKit/537.36 (KHTML, like Gecko) Version/4.0 Chrome/60.0.3112.107 Mobile Safari/537.36"
2a01:239:3bb:8a00::1 - - [14/Apr/2025:18:52:06 -0400] "GET /simple.php HTTP/1.1" 404 7270 "www.google.com" "Mozilla/5.0 (Linux; Android 7.0; SM-G892A Build/NRD90M; wv) AppleWebKit/537.36 (KHTML, like Gecko) Version/4.0 Chrome/60.0.3112.107 Mobile Safari/537.36"
2a01:239:3bb:8a00::1 - - [14/Apr/2025:18:52:22 -0400] "GET /style.php HTTP/1.1" 404 7270 "www.google.com" "Mozilla/5.0 (Linux; Android 7.0; SM-G892A Build/NRD90M; wv) AppleWebKit/537.36 (KHTML, like Gecko) Version/4.0 Chrome/60.0.3112.107 Mobile Safari/537.36"
2a01:239:3bb:8a00::1 - - [14/Apr/2025:18:52:44 -0400] "GET /file.php HTTP/1.1" 404 7269 "www.google.com" "Mozilla/5.0 (Linux; Android 7.0; SM-G892A Build/NRD90M; wv) AppleWebKit/537.36 (KHTML, like Gecko) Version/4.0 Chrome/60.0.3112.107 Mobile Safari/537.36"
46.250.160.106 - - [14/Apr/2025:18:52:53 -0400] "GET /unlocking-the-benefits-of-culture-gift-certificate-discount/ HTTP/1.1" 200 11393 "https://higglehub.com/unlocking-the-benefits-of-culture-gift-certificate-discount/#respond" "Mozilla/5.0 (Macintosh; Intel Mac OS X 10_15_7) AppleWebKit/537.36 (KHTML, like Gecko) Chrome/120.0.0.0 Safari/537.36"
216.244.66.247 - - [14/Apr/2025:18:55:51 -0400] "GET /garten-und-landschaftsgestaltung-in-hamburg-ein-grunes-paradies/ HTTP/1.1" 200 10818 "-" "Mozilla/5.0 (compatible; DotBot/1.2; +https://opensiteexplorer.org/dotbot; help@moz.com)"
143.198.88.107 - - [14/Apr/2025:19:06:16 -0400] "GET //wp-includes/ID3/license.txt HTTP/1.1" 200 414 "-" "Mozilla/5.0 (Windows NT 10.0; Win64; x64) AppleWebKit/537.36 (KHTML, like Gecko) Chrome/95.0.4638.69 Safari/537.36"
143.198.88.107 - - [14/Apr/2025:19:06:17 -0400] "GET //feed/ HTTP/1.1" 301 0 "-" "Mozilla/5.0 (Windows NT 10.0; Win64; x64) AppleWebKit/537.36 (KHTML, like Gecko) Chrome/95.0.4638.69 Safari/537.36"
143.198.88.107 - - [14/Apr/2025:19:06:22 -0400] "GET //xmlrpc.php?rsd HTTP/1.1" 200 297 "-" "Mozilla/5.0 (Windows NT 10.0; Win64; x64) AppleWebKit/537.36 (KHTML, like Gecko) Chrome/95.0.4638.69 Safari/537.36"
143.198.88.107 - - [14/Apr/2025:19:06:23 -0400] "GET //?author=1 HTTP/1.1" 301 0 "-" "Mozilla/5.0 (Windows NT 10.0; Win64; x64) AppleWebKit/537.36 (KHTML, like Gecko) Chrome/95.0.4638.69 Safari/537.36"
143.198.88.107 - - [14/Apr/2025:19:06:25 -0400] "GET //?author=2 HTTP/1.1" 301 0 "-" "Mozilla/5.0 (Windows NT 10.0; Win64; x64) AppleWebKit/537.36 (KHTML, like Gecko) Chrome/95.0.4638.69 Safari/537.36"
143.198.88.107 - - [14/Apr/2025:19:06:26 -0400] "GET //?author=3 HTTP/1.1" 301 0 "-" "Mozilla/5.0 (Windows NT 10.0; Win64; x64) AppleWebKit/537.36 (KHTML, like Gecko) Chrome/95.0.4638.69 Safari/537.36"
143.198.88.107 - - [14/Apr/2025:19:06:27 -0400] "GET //wp-json/wp/v2/users/ HTTP/1.1" 200 1243 "-" "Mozilla/5.0 (Windows NT 10.0; Win64; x64) AppleWebKit/537.36 (KHTML, like Gecko) Chrome/95.0.4638.69 Safari/537.36"
143.198.88.107 - - [14/Apr/2025:19:06:28 -0400] "POST //xmlrpc.php HTTP/1.1" 200 0 "-" "Mozilla/5.0 (Windows NT 10.0; Win64; x64) AppleWebKit/537.36 (KHTML, like Gecko) Chrome/95.0.4638.69 Safari/537.36"
198.98.54.73 - - [14/Apr/2025:19:08:08 -0400] "GET /wp-login.php HTTP/1.1" 200 1766 "-" "Mozilla/5.0 (X11; Linux x86_64) AppleWebKit/537.36 (KHTML, like Gecko) Chrome/36.0.1985.125 Safari/537.36"
198.98.54.73 - - [14/Apr/2025:19:08:08 -0400] "POST /wp-login.php HTTP/1.1" 200 1897 "-" "Mozilla/5.0 (X11; Linux x86_64) AppleWebKit/537.36 (KHTML, like Gecko) Chrome/36.0.1985.125 Safari/537.36"
143.198.88.107 - - [14/Apr/2025:19:07:59 -0400] "POST //xmlrpc.php HTTP/1.1" 200 0 "-" "Mozilla/5.0 (Windows NT 10.0; Win64; x64) AppleWebKit/537.36 (KHTML, like Gecko) Chrome/95.0.4638.69 Safari/537.36"
104.152.52.64 - - [14/Apr/2025:19:14:39 -0400] "GET / HTTP/1.1" 200 10353 "-" "curl/7.61.1"
91.84.100.21 - - [14/Apr/2025:19:21:02 -0400] "GET /a-comprehensive-guide-to-multichannel-marketing/ HTTP/1.1" 200 10954 "https://higglehub.com/a-comprehensive-guide-to-multichannel-marketing/" "Mozilla/5.0 (Windows NT 10.0; Win64; x64) AppleWebKit/537.36 (KHTML, like Gecko) Chrome/129.0.0.0 Safari/537.36"
91.84.100.21 - - [14/Apr/2025:19:21:03 -0400] "POST /wp-comments-post.php HTTP/1.1" 302 0 "https://higglehub.com/a-comprehensive-guide-to-multichannel-marketing/" "Mozilla/5.0 (Windows NT 10.0; Win64; x64) AppleWebKit/537.36 (KHTML, like Gecko) Chrome/129.0.0.0 Safari/537.36"
91.84.100.21 - - [14/Apr/2025:19:21:06 -0400] "GET /a-comprehensive-guide-to-multichannel-marketing/ HTTP/1.1" 200 11484 "https://higglehub.com/a-comprehensive-guide-to-multichannel-marketing/#comment-6289" "Mozilla/5.0 (Windows NT 10.0; Win64; x64) AppleWebKit/537.36 (KHTML, like Gecko) Chrome/129.0.0.0 Safari/537.36"
13.229.166.109 - - [14/Apr/2025:19:25:27 -0400] "GET /uploads/1/3/1/1/131136180/uspa-mens-classic-button-downs-sizechart-large_orig.jpg HTTP/1.1" 404 7270 "-" "Mozilla/5.0 (Windows NT 10.0; Win64; x64) AppleWebKit/537.36 (KHTML, like Gecko) Chrome/133.0.0.0 Safari/537.36"
18.185.105.102 - - [14/Apr/2025:19:29:23 -0400] "GET /wp-login.php HTTP/1.1" 200 1766 "-" "GRequests/0.10"
18.185.105.102 - - [14/Apr/2025:19:29:24 -0400] "POST /wp-login.php HTTP/1.1" 200 1898 "-" "GRequests/0.10"
190.92.208.94 - - [14/Apr/2025:19:32:52 -0400] "GET /effiziente-unternehmensklarung-in-luneburg/ HTTP/1.1" 200 11087 "https://higglehub.com/effiziente-unternehmensklarung-in-luneburg/" "Mozilla/5.0 (Windows NT 10.0; Win64; x64) AppleWebKit/537.36 (KHTML, like Gecko) Chrome/116.0.0.0 Safari/537.36"
104.244.75.153 - - [14/Apr/2025:19:33:08 -0400] "GET /wp-login.php HTTP/1.1" 200 1766 "-" "Mozilla/5.0 (Macintosh; Intel Mac OS X 10_9_4) AppleWebKit/537.77.4 (KHTML, like Gecko) Version/7.0.5 Safari/537.77.4"
104.244.75.153 - - [14/Apr/2025:19:33:13 -0400] "POST /wp-login.php HTTP/1.1" 200 1898 "-" "Mozilla/5.0 (Macintosh; Intel Mac OS X 10_9_4) AppleWebKit/537.77.4 (KHTML, like Gecko) Version/7.0.5 Safari/537.77.4"
50.57.19.18 - - [14/Apr/2025:19:41:32 -0400] "GET /wp-login.php HTTP/1.1" 200 1766 "-" "GRequests/0.10"
50.57.19.18 - - [14/Apr/2025:19:41:33 -0400] "POST /wp-login.php HTTP/1.1" 200 1897 "-" "GRequests/0.10"
216.244.66.247 - - [14/Apr/2025:19:52:43 -0400] "GET /les-panneaux-en-pvc-au-style-marbre-une-elegance-abordable/ HTTP/1.1" 200 10819 "-" "Mozilla/5.0 (compatible; DotBot/1.2; +https://opensiteexplorer.org/dotbot; help@moz.com)"
71.40.108.36 - - [14/Apr/2025:19:53:04 -0400] "GET /wp-login.php HTTP/1.1" 200 1766 "-" "GRequests/0.10"
71.40.108.36 - - [14/Apr/2025:19:53:04 -0400] "POST /wp-login.php HTTP/1.1" 200 1898 "-" "GRequests/0.10"
45.61.187.191 - - [14/Apr/2025:19:55:22 -0400] "GET /wp-login.php HTTP/1.1" 200 1766 "-" "Mozilla/5.0 (X11; Linux x86_64; rv:31.0) Gecko/20100101 Firefox/31.0"
45.61.187.191 - - [14/Apr/2025:19:55:22 -0400] "POST /wp-login.php HTTP/1.1" 200 1897 "-" "Mozilla/5.0 (X11; Linux x86_64; rv:31.0) Gecko/20100101 Firefox/31.0"
91.84.113.162 - - [14/Apr/2025:20:05:51 -0400] "GET /gitarrenunterricht-in-dusseldorf-ihr-weg-zur-musikalischen-entfaltung/ HTTP/1.1" 200 10815 "https://higglehub.com/gitarrenunterricht-in-dusseldorf-ihr-weg-zur-musikalischen-entfaltung/" "Mozilla/5.0 (Windows NT 6.3; Win64; x64) AppleWebKit/537.36 (KHTML, like Gecko) Chrome/103.0.5060.114 Safari/537.36"
198.54.114.83 - - [14/Apr/2025:20:06:03 -0400] "POST /wp-cron.php?doing_wp_cron=1744675560.3247950077056884765625 HTTP/1.1" 200 0 "-" "WordPress/6.7.2; https://higglehub.com"
91.84.113.162 - - [14/Apr/2025:20:05:52 -0400] "POST /wp-comments-post.php HTTP/1.1" 302 0 "https://higglehub.com/gitarrenunterricht-in-dusseldorf-ihr-weg-zur-musikalischen-entfaltung/" "Mozilla/5.0 (Windows NT 6.3; Win64; x64) AppleWebKit/537.36 (KHTML, like Gecko) Chrome/103.0.5060.114 Safari/537.36"
91.84.113.162 - - [14/Apr/2025:20:06:10 -0400] "GET /gitarrenunterricht-in-dusseldorf-ihr-weg-zur-musikalischen-entfaltung/ HTTP/1.1" 200 11353 "https://higglehub.com/gitarrenunterricht-in-dusseldorf-ihr-weg-zur-musikalischen-entfaltung/#comment-6290" "Mozilla/5.0 (Windows NT 6.3; Win64; x64) AppleWebKit/537.36 (KHTML, like Gecko) Chrome/103.0.5060.114 Safari/537.36"
46.250.174.122 - - [14/Apr/2025:20:13:20 -0400] "GET /author/admin/page/12/ HTTP/1.1" 200 10378 "https://higglehub.com/author/admin/page/12/" "Mozilla/5.0 (Windows NT 10.0; Win64; x64) AppleWebKit/537.36 (KHTML, like Gecko) Chrome/110.0.0.0 Safari/537.36"
91.84.96.34 - - [14/Apr/2025:20:22:41 -0400] "GET /a-comprehensive-guide-to-multichannel-marketing/ HTTP/1.1" 200 10954 "https://higglehub.com/a-comprehensive-guide-to-multichannel-marketing/" "Mozilla/5.0 (Windows NT 10.0; Win64; x64) AppleWebKit/537.36 (KHTML, like Gecko) Chrome/130.0.0.0 Safari/537.36 CCleaner/130.0.0.0"
198.54.114.83 - - [14/Apr/2025:20:22:48 -0400] "POST /wp-cron.php?doing_wp_cron=1744676567.5636808872222900390625 HTTP/1.1" 200 0 "-" "WordPress/6.7.2; https://higglehub.com"
198.54.114.83 - - [14/Apr/2025:20:22:49 -0400] "POST /wp-admin/admin-ajax.php?action=async_litespeed&nonce=MUUEHL9FEbq1fO6Y3PosoykRdNxYRHgw&litespeed_type=imgoptm HTTP/1.1" 200 0 "-" "WordPress/6.7.2; https://higglehub.com"
91.84.96.34 - - [14/Apr/2025:20:22:42 -0400] "POST /wp-comments-post.php HTTP/1.1" 302 0 "https://higglehub.com/a-comprehensive-guide-to-multichannel-marketing/" "Mozilla/5.0 (Windows NT 10.0; Win64; x64) AppleWebKit/537.36 (KHTML, like Gecko) Chrome/130.0.0.0 Safari/537.36 CCleaner/130.0.0.0"
198.54.114.83 - - [14/Apr/2025:20:22:52 -0400] "POST /wp-cron.php?doing_wp_cron=1744676571.8693029880523681640625 HTTP/1.1" 200 0 "-" "WordPress/6.7.2; https://higglehub.com"
91.84.96.34 - - [14/Apr/2025:20:22:51 -0400] "GET /a-comprehensive-guide-to-multichannel-marketing/ HTTP/1.1" 200 11585 "https://higglehub.com/a-comprehensive-guide-to-multichannel-marketing/#comment-6291" "Mozilla/5.0 (Windows NT 10.0; Win64; x64) AppleWebKit/537.36 (KHTML, like Gecko) Chrome/130.0.0.0 Safari/537.36 CCleaner/130.0.0.0"
198.54.114.83 - - [14/Apr/2025:20:28:44 -0400] "POST /wp-cron.php?doing_wp_cron=1744676923.7702760696411132812500 HTTP/1.1" 200 0 "-" "WordPress/6.7.2; https://higglehub.com"
2a05:d014:df9:9900:2818:6ffd:de3:e38 - - [14/Apr/2025:20:28:38 -0400] "POST /xmlrpc.php HTTP/1.1" 200 186 "-" "Mozilla/5.0 (Windows NT 10.0; Win64; x64; rv:42.0) Gecko/20100101 Firefox/42.0"
198.54.114.83 - - [14/Apr/2025:20:28:45 -0400] "POST /wp-admin/admin-ajax.php?action=async_litespeed&nonce=jI2o0il4m68edC5CHxLNqsi3aIrs14ul&litespeed_type=imgoptm HTTP/1.1" 200 5 "-" "WordPress/6.7.2; https://higglehub.com"
198.54.114.83 - - [14/Apr/2025:20:31:50 -0400] "POST /wp-cron.php?doing_wp_cron=1744677110.1037969589233398437500 HTTP/1.1" 200 0 "-" "WordPress/6.7.2; https://higglehub.com"
178.32.44.180 - - [14/Apr/2025:20:31:46 -0400] "POST /xmlrpc.php HTTP/1.1" 200 186 "-" "Mozilla/5.0 (Windows NT 10.0; Win64; x64; rv:99.0) Gecko/20100101 Firefox/99.0"
198.54.114.83 - - [14/Apr/2025:20:31:52 -0400] "POST /wp-admin/admin-ajax.php?action=async_litespeed&nonce=r8tOzBMMXIxh2Ka80kO8i1z8p8evCNgY&litespeed_type=imgoptm HTTP/1.1" 200 0 "-" "WordPress/6.7.2; https://higglehub.com"
34.91.78.130 - - [14/Apr/2025:20:37:08 -0400] "GET /wp-login.php HTTP/1.1" 200 1766 "-" "GRequests/0.10"
198.54.114.83 - - [14/Apr/2025:20:38:36 -0400] "POST /wp-cron.php?doing_wp_cron=1744677515.8657360076904296875000 HTTP/1.1" 200 0 "-" "WordPress/6.7.2; https://higglehub.com"
198.54.114.83 - - [14/Apr/2025:20:38:36 -0400] "POST /wp-admin/admin-ajax.php?action=async_litespeed&nonce=6IPhgncluovrL2wGIjusec6ahTT26wwd&litespeed_type=imgoptm HTTP/1.1" 200 0 "-" "WordPress/6.7.2; https://higglehub.com"
64.23.188.229 - - [14/Apr/2025:20:38:31 -0400] "POST /xmlrpc.php HTTP/1.1" 200 186 "-" "Mozilla/5.0 (Windows NT 10.0; Win64; x64; rv:86.0) Gecko/20100101 Firefox/86.0"
198.54.114.83 - - [14/Apr/2025:20:52:06 -0400] "POST /wp-cron.php?doing_wp_cron=1744678326.4093320369720458984375 HTTP/1.1" 200 0 "-" "WordPress/6.7.2; https://higglehub.com"
198.54.114.83 - - [14/Apr/2025:20:52:07 -0400] "POST /wp-admin/admin-ajax.php?action=async_litespeed&nonce=nlIxeX6adhPKxNkb136fxkcFUotY7MVx&litespeed_type=imgoptm HTTP/1.1" 200 5 "-" "WordPress/6.7.2; https://higglehub.com"
34.87.69.127 - - [14/Apr/2025:20:52:00 -0400] "POST /xmlrpc.php HTTP/1.1" 200 186 "-" "Mozilla/5.0 (Windows NT 10.0; Win64; x64; rv:80.0) Gecko/20100101 Firefox/80.0"
150.40.255.3 - - [14/Apr/2025:20:52:50 -0400] "GET /the-art-of-custom-pet-portraits/ HTTP/1.1" 200 11151 "https://higglehub.com/the-art-of-custom-pet-portraits/#respond" "Mozilla/5.0 (Windows NT 10.0; Win64; x64) AppleWebKit/537.36 (KHTML, like Gecko) Chrome/101.0.4951.64 Safari/537.36 Edg/101.0.1210.47"
198.54.114.83 - - [14/Apr/2025:21:02:08 -0400] "POST /wp-cron.php?doing_wp_cron=1744678927.8874070644378662109375 HTTP/1.1" 200 0 "-" "WordPress/6.7.2; https://higglehub.com"
2406:da18:2f5:8200:b89c:fab8:75ab:a161 - - [14/Apr/2025:21:02:03 -0400] "POST /xmlrpc.php HTTP/1.1" 200 186 "-" "Mozilla/5.0 (Windows NT 10.0; Win64; x64; rv:57.0) Gecko/20100101 Firefox/57.0"
198.54.114.83 - - [14/Apr/2025:21:02:08 -0400] "POST /wp-admin/admin-ajax.php?action=async_litespeed&nonce=9wlJHOvMPpOnEy9TfHUPvUANzuUJpjEY&litespeed_type=imgoptm HTTP/1.1" 200 5 "-" "WordPress/6.7.2; https://higglehub.com"
198.54.114.83 - - [14/Apr/2025:21:03:38 -0400] "POST /wp-cron.php?doing_wp_cron=1744679018.6806991100311279296875 HTTP/1.1" 200 0 "-" "WordPress/6.7.2; https://higglehub.com"
151.106.162.214 - - [14/Apr/2025:21:03:35 -0400] "GET /uploads/1/3/1/1/131136180/published/badge-1.png?1588651596 HTTP/1.1" 404 7270 "-" "Mozilla/5.0 (X11; Ubuntu; Linux x86_64; rv:72.0) Gecko/20100101 Firefox/72.0"
151.106.162.214 - - [14/Apr/2025:21:03:39 -0400] "GET /uploads/1/3/1/1/131136180/published/badge-1.png?1588651596 HTTP/1.1" 404 7270 "-" "Mozilla/5.0 (X11; Ubuntu; Linux x86_64; rv:72.0) Gecko/20100101 Firefox/72.0"
151.106.162.214 - - [14/Apr/2025:21:03:40 -0400] "GET /uploads/1/3/1/1/131136180/published/badge-1.png?1588651596 HTTP/1.1" 404 7270 "-" "Mozilla/5.0 (X11; Ubuntu; Linux x86_64; rv:72.0) Gecko/20100101 Firefox/72.0"
198.54.114.83 - - [14/Apr/2025:21:03:39 -0400] "POST /wp-admin/admin-ajax.php?action=async_litespeed&nonce=8iXMc0v7iOChPXtIWKoJDgt07kekm52N&litespeed_type=imgoptm HTTP/1.1" 200 5 "-" "WordPress/6.7.2; https://higglehub.com"
165.227.84.75 - - [14/Apr/2025:21:08:50 -0400] "GET /wp-login.php HTTP/1.1" 200 1766 "-" "GRequests/0.10"
165.227.84.75 - - [14/Apr/2025:21:08:51 -0400] "POST /wp-login.php HTTP/1.1" 200 1895 "-" "GRequests/0.10"
198.54.114.83 - - [14/Apr/2025:21:08:58 -0400] "POST /wp-cron.php?doing_wp_cron=1744679336.0634438991546630859375 HTTP/1.1" 200 0 "-" "WordPress/6.7.2; https://higglehub.com"
198.54.114.83 - - [14/Apr/2025:21:12:23 -0400] "POST /wp-cron.php?doing_wp_cron=1744679542.1363921165466308593750 HTTP/1.1" 200 0 "-" "WordPress/6.7.2; https://higglehub.com"
194.164.25.74 - - [14/Apr/2025:21:12:17 -0400] "POST /xmlrpc.php HTTP/1.1" 200 186 "-" "Mozilla/5.0 (Windows NT 10.0; Win64; x64; rv:61.0) Gecko/20100101 Firefox/61.0"
216.244.66.247 - - [14/Apr/2025:21:14:59 -0400] "GET /robots.txt HTTP/1.1" 304 0 "-" "Mozilla/5.0 (compatible; DotBot/1.2; +https://opensiteexplorer.org/dotbot; help@moz.com)"
198.54.114.83 - - [14/Apr/2025:21:18:03 -0400] "POST /wp-cron.php?doing_wp_cron=1744679883.4860310554504394531250 HTTP/1.1" 200 0 "-" "WordPress/6.7.2; https://higglehub.com"
51.255.47.105 - - [14/Apr/2025:21:17:59 -0400] "POST /xmlrpc.php HTTP/1.1" 200 186 "-" "Mozilla/5.0 (Windows NT 10.0; Win64; x64; rv:91.0) Gecko/20100101 Firefox/91.0"
198.54.114.83 - - [14/Apr/2025:21:18:05 -0400] "POST /wp-admin/admin-ajax.php?action=async_litespeed&nonce=TyE1vP1Ux54a1nVa064HFDVy7HLFMwRe&litespeed_type=imgoptm HTTP/1.1" 200 0 "-" "WordPress/6.7.2; https://higglehub.com"
71.40.108.36 - - [14/Apr/2025:21:22:36 -0400] "GET /wp-login.php HTTP/1.1" 200 1766 "-" "GRequests/0.10"
198.54.114.83 - - [14/Apr/2025:21:22:41 -0400] "POST /wp-cron.php?doing_wp_cron=1744680160.2303519248962402343750 HTTP/1.1" 200 0 "-" "WordPress/6.7.2; https://higglehub.com"
71.40.108.36 - - [14/Apr/2025:21:22:37 -0400] "POST /wp-login.php HTTP/1.1" 200 1895 "-" "GRequests/0.10"
198.54.114.83 - - [14/Apr/2025:21:22:41 -0400] "POST /wp-admin/admin-ajax.php?action=async_litespeed&nonce=MbffziDnpySBxT7nb0TT9D7tz3VocsRA&litespeed_type=imgoptm HTTP/1.1" 200 5 "-" "WordPress/6.7.2; https://higglehub.com"
74.208.61.9 - - [14/Apr/2025:21:28:00 -0400] "GET /wp-login.php HTTP/1.1" 200 1766 "-" "GRequests/0.10"
198.54.114.83 - - [14/Apr/2025:21:28:08 -0400] "POST /wp-cron.php?doing_wp_cron=1744680487.8762230873107910156250 HTTP/1.1" 200 0 "-" "WordPress/6.7.2; https://higglehub.com"
74.208.61.9 - - [14/Apr/2025:21:28:03 -0400] "POST /wp-login.php HTTP/1.1" 200 1899 "-" "GRequests/0.10"
198.54.114.83 - - [14/Apr/2025:21:28:10 -0400] "POST /wp-admin/admin-ajax.php?action=async_litespeed&nonce=5EuvmPIw4qXRBqVV2KdpZ2P5PQ835RZG&litespeed_type=imgoptm HTTP/1.1" 200 0 "-" "WordPress/6.7.2; https://higglehub.com"
198.54.114.83 - - [14/Apr/2025:21:30:19 -0400] "POST /wp-cron.php?doing_wp_cron=1744680618.6347160339355468750000 HTTP/1.1" 200 0 "-" "WordPress/6.7.2; https://higglehub.com"
80.87.195.44 - - [14/Apr/2025:21:30:15 -0400] "POST /xmlrpc.php HTTP/1.1" 200 186 "-" "Mozilla/5.0 (Windows NT 10.0; Win64; x64; rv:92.0) Gecko/20100101 Firefox/92.0"
198.54.114.83 - - [14/Apr/2025:21:30:19 -0400] "POST /wp-admin/admin-ajax.php?action=async_litespeed&nonce=EphOylYgx58iLV5Fp0CGAaRluLKSUgV6&litespeed_type=imgoptm HTTP/1.1" 200 0 "-" "WordPress/6.7.2; https://higglehub.com"
198.54.114.83 - - [14/Apr/2025:21:31:05 -0400] "POST /wp-cron.php?doing_wp_cron=1744680664.9181320667266845703125 HTTP/1.1" 200 0 "-" "WordPress/6.7.2; https://higglehub.com"
137.184.37.131 - - [14/Apr/2025:21:31:03 -0400] "POST /xmlrpc.php HTTP/1.1" 200 186 "-" "Mozilla/5.0 (Windows NT 10.0; Win64; x64; rv:73.0) Gecko/20100101 Firefox/73.0"
198.54.114.83 - - [14/Apr/2025:21:31:06 -0400] "POST /wp-admin/admin-ajax.php?action=async_litespeed&nonce=ag9T6RRV8m6Is4FVWo3Bm8Hsa5sXGNZy&litespeed_type=imgoptm HTTP/1.1" 200 0 "-" "WordPress/6.7.2; https://higglehub.com"
124.243.184.45 - - [14/Apr/2025:21:32:53 -0400] "GET /revamp-your-space-with-professional-bathroom-renovations-in-western-suburbs-melbourne/ HTTP/1.1" 200 11233 "https://higglehub.com/revamp-your-space-with-professional-bathroom-renovations-in-western-suburbs-melbourne/" "Mozilla/5.0 (Windows NT 10.0; Win64; x64) AppleWebKit/537.36 (KHTML, like Gecko) Chrome/110.0.0.0 Safari/537.36"
198.54.114.83 - - [14/Apr/2025:21:37:12 -0400] "POST /wp-cron.php?doing_wp_cron=1744681031.5608880519866943359375 HTTP/1.1" 200 0 "-" "WordPress/6.7.2; https://higglehub.com"
144.217.252.106 - - [14/Apr/2025:21:37:08 -0400] "POST /xmlrpc.php HTTP/1.1" 200 186 "-" "Mozilla/5.0 (Windows NT 10.0; Win64; x64; rv:45.0) Gecko/20100101 Firefox/45.0"
198.54.114.83 - - [14/Apr/2025:21:37:13 -0400] "POST /wp-admin/admin-ajax.php?action=async_litespeed&nonce=6HIxZRnPSwmBwlNYxJd9mBhGSoDmJDkq&litespeed_type=imgoptm HTTP/1.1" 200 0 "-" "WordPress/6.7.2; https://higglehub.com"
103.152.248.8 - - [14/Apr/2025:21:40:33 -0400] "GET /wp-login.php HTTP/1.1" 200 1766 "-" "GRequests/0.10"
198.54.114.83 - - [14/Apr/2025:21:40:40 -0400] "POST /wp-cron.php?doing_wp_cron=1744681239.5319590568542480468750 HTTP/1.1" 200 0 "-" "WordPress/6.7.2; https://higglehub.com"
103.152.248.8 - - [14/Apr/2025:21:40:35 -0400] "POST /wp-login.php HTTP/1.1" 200 1899 "-" "GRequests/0.10"
198.54.114.83 - - [14/Apr/2025:21:40:40 -0400] "POST /wp-admin/admin-ajax.php?action=async_litespeed&nonce=7S9SPHgDy4CAnHdLpDmZ32KcZ6HXbMjS&litespeed_type=imgoptm HTTP/1.1" 200 0 "-" "WordPress/6.7.2; https://higglehub.com"
198.54.114.83 - - [14/Apr/2025:21:45:36 -0400] "POST /wp-cron.php?doing_wp_cron=1744681535.2626829147338867187500 HTTP/1.1" 200 0 "-" "WordPress/6.7.2; https://higglehub.com"
20.55.88.141 - - [14/Apr/2025:21:45:30 -0400] "POST /xmlrpc.php HTTP/1.1" 200 186 "-" "Mozilla/5.0 (Windows NT 10.0; Win64; x64; rv:47.0) Gecko/20100101 Firefox/47.0"
216.244.66.247 - - [14/Apr/2025:21:45:37 -0400] "GET /les-panneaux-en-pvc-au-style-marbre-une-elegance-abordable/feed/ HTTP/1.1" 200 443 "-" "Mozilla/5.0 (compatible; DotBot/1.2; +https://opensiteexplorer.org/dotbot; help@moz.com)"
101.32.31.38 - - [14/Apr/2025:21:45:47 -0400] "HEAD / HTTP/1.1" 200 0 "http://higglehub.com/" "Mozilla/5.0 (X11; Linux x86_64) AppleWebKit/537.36 (KHTML, like Gecko) Chrome/96.0.4664.45 Safari/537.36"
92.205.64.3 - - [14/Apr/2025:21:46:04 -0400] "GET /unleashing-the-power-of-learning-a-journey-of-growth/ HTTP/1.1" 200 10997 "https://higglehub.com/unleashing-the-power-of-learning-a-journey-of-growth/" "Mozilla/5.0 (Windows NT 10.0; Win64; x64) AppleWebKit/537.36 (KHTML, like Gecko) Chrome/131.0.0.0 Safari/537.36 Avast/131.0.0.0"
92.205.64.3 - - [14/Apr/2025:21:46:14 -0400] "POST /wp-comments-post.php HTTP/1.1" 200 982 "https://higglehub.com/unleashing-the-power-of-learning-a-journey-of-growth/" "Mozilla/5.0 (Windows NT 10.0; Win64; x64) AppleWebKit/537.36 (KHTML, like Gecko) Chrome/131.0.0.0 Safari/537.36 Avast/131.0.0.0"
198.235.24.240 - - [14/Apr/2025:21:48:34 -0400] "GET / HTTP/1.1" 200 10353 "-" "Expanse, a Palo Alto Networks company, searches across the global IPv4 space multiple times per day to identify customers' presences on the Internet. If you would like to be excluded from our scans, please send IP addresses/domains to: scaninfo@paloaltonetworks.com"
198.54.114.83 - - [14/Apr/2025:21:49:13 -0400] "POST /wp-cron.php?doing_wp_cron=1744681753.6700520515441894531250 HTTP/1.1" 200 0 "-" "WordPress/6.7.2; https://higglehub.com"
101.32.31.38 - - [14/Apr/2025:21:49:09 -0400] "HEAD /wordpress HTTP/1.1" 404 0 "http://higglehub.com/wordpress" "Mozilla/5.0 (X11; Linux x86_64) AppleWebKit/537.36 (KHTML, like Gecko) Chrome/96.0.4664.45 Safari/537.36"
198.54.114.83 - - [14/Apr/2025:21:49:15 -0400] "POST /wp-admin/admin-ajax.php?action=async_litespeed&nonce=t6YRszZyAL8hxAKCA1eCQ0xy5204P83k&litespeed_type=imgoptm HTTP/1.1" 200 0 "-" "WordPress/6.7.2; https://higglehub.com"
198.54.114.83 - - [14/Apr/2025:21:52:54 -0400] "POST /wp-cron.php?doing_wp_cron=1744681974.0679960250854492187500 HTTP/1.1" 200 0 "-" "WordPress/6.7.2; https://higglehub.com"
101.32.31.38 - - [14/Apr/2025:21:52:50 -0400] "HEAD /Wordpress HTTP/1.1" 404 0 "http://higglehub.com/Wordpress" "Mozilla/5.0 (X11; Linux x86_64) AppleWebKit/537.36 (KHTML, like Gecko) Chrome/96.0.4664.45 Safari/537.36"
198.54.114.83 - - [14/Apr/2025:21:52:55 -0400] "POST /wp-admin/admin-ajax.php?action=async_litespeed&nonce=mDMaDjOJXid4FvaRitRF2Kjgn6m7Kars&litespeed_type=imgoptm HTTP/1.1" 200 0 "-" "WordPress/6.7.2; https://higglehub.com"
198.54.114.83 - - [14/Apr/2025:21:53:22 -0400] "POST /wp-cron.php?doing_wp_cron=1744682002.3384280204772949218750 HTTP/1.1" 200 0 "-" "WordPress/6.7.2; https://higglehub.com"
3.88.93.211 - - [14/Apr/2025:21:53:21 -0400] "POST /xmlrpc.php HTTP/1.1" 200 186 "-" "Mozilla/5.0 (Windows NT 10.0; Win64; x64; rv:94.0) Gecko/20100101 Firefox/94.0"
198.54.114.83 - - [14/Apr/2025:21:56:45 -0400] "POST /wp-cron.php?doing_wp_cron=1744682203.5903220176696777343750 HTTP/1.1" 200 0 "-" "WordPress/6.7.2; https://higglehub.com"
101.32.31.38 - - [14/Apr/2025:21:56:39 -0400] "HEAD /WORDPRESS HTTP/1.1" 404 0 "http://higglehub.com/WORDPRESS" "Mozilla/5.0 (X11; Linux x86_64) AppleWebKit/537.36 (KHTML, like Gecko) Chrome/96.0.4664.45 Safari/537.36"
80.66.213.217 - - [14/Apr/2025:21:56:56 -0400] "POST /xmlrpc.php HTTP/1.1" 200 186 "-" "Mozilla/5.0 (Windows NT 10.0; Win64; x64; rv:78.0) Gecko/20100101 Firefox/78.0"
198.54.114.83 - - [14/Apr/2025:21:58:47 -0400] "POST /wp-cron.php?doing_wp_cron=1744682326.8853220939636230468750 HTTP/1.1" 200 0 "-" "WordPress/6.7.2; https://higglehub.com"
101.32.31.38 - - [14/Apr/2025:21:58:43 -0400] "HEAD /WordPress HTTP/1.1" 404 0 "http://higglehub.com/WordPress" "Mozilla/5.0 (X11; Linux x86_64) AppleWebKit/537.36 (KHTML, like Gecko) Chrome/96.0.4664.45 Safari/537.36"
198.54.114.83 - - [14/Apr/2025:21:58:47 -0400] "POST /wp-admin/admin-ajax.php?action=async_litespeed&nonce=hedMCuYP568J9TFynQCTG84PwiCSwm4p&litespeed_type=imgoptm HTTP/1.1" 200 0 "-" "WordPress/6.7.2; https://higglehub.com"
198.54.114.83 - - [14/Apr/2025:22:00:31 -0400] "POST /wp-cron.php?doing_wp_cron=1744682430.7187349796295166015625 HTTP/1.1" 200 0 "-" "WordPress/6.7.2; https://higglehub.com"
101.32.31.38 - - [14/Apr/2025:22:00:27 -0400] "HEAD /wp HTTP/1.1" 404 0 "http://higglehub.com/wp" "Mozilla/5.0 (X11; Linux x86_64) AppleWebKit/537.36 (KHTML, like Gecko) Chrome/96.0.4664.45 Safari/537.36"
198.54.114.83 - - [14/Apr/2025:22:00:31 -0400] "POST /wp-admin/admin-ajax.php?action=async_litespeed&nonce=tHhr77egHToMC0dZeaUeYrPgTtpH1Ubd&litespeed_type=imgoptm HTTP/1.1" 200 0 "-" "WordPress/6.7.2; https://higglehub.com"
101.32.31.38 - - [14/Apr/2025:22:02:30 -0400] "HEAD /Wp HTTP/1.1" 404 0 "http://higglehub.com/Wp" "Mozilla/5.0 (X11; Linux x86_64) AppleWebKit/537.36 (KHTML, like Gecko) Chrome/96.0.4664.45 Safari/537.36"
198.54.114.83 - - [14/Apr/2025:22:02:35 -0400] "POST /wp-cron.php?doing_wp_cron=1744682553.9129459857940673828125 HTTP/1.1" 200 0 "-" "WordPress/6.7.2; https://higglehub.com"
216.244.66.247 - - [14/Apr/2025:22:02:49 -0400] "GET /robots.txt HTTP/1.1" 304 0 "-" "Mozilla/5.0 (compatible; DotBot/1.2; +https://opensiteexplorer.org/dotbot; help@moz.com)"
198.54.114.83 - - [14/Apr/2025:22:04:12 -0400] "POST /wp-cron.php?doing_wp_cron=1744682651.6203989982604980468750 HTTP/1.1" 200 0 "-" "WordPress/6.7.2; https://higglehub.com"
101.32.31.38 - - [14/Apr/2025:22:04:06 -0400] "HEAD /WP HTTP/1.1" 404 0 "http://higglehub.com/WP" "Mozilla/5.0 (X11; Linux x86_64) AppleWebKit/537.36 (KHTML, like Gecko) Chrome/96.0.4664.45 Safari/537.36"
101.32.31.38 - - [14/Apr/2025:22:06:33 -0400] "HEAD /old HTTP/1.1" 404 0 "http://higglehub.com/old" "Mozilla/5.0 (X11; Linux x86_64) AppleWebKit/537.36 (KHTML, like Gecko) Chrome/96.0.4664.45 Safari/537.36"
198.54.114.83 - - [14/Apr/2025:22:06:39 -0400] "POST /wp-cron.php?doing_wp_cron=1744682797.4572889804840087890625 HTTP/1.1" 200 0 "-" "WordPress/6.7.2; https://higglehub.com"
159.89.50.224 - - [14/Apr/2025:22:06:54 -0400] "POST /xmlrpc.php HTTP/1.1" 200 186 "-" "Mozilla/5.0 (Windows NT 10.0; Win64; x64; rv:50.0) Gecko/20100101 Firefox/50.0"
198.54.114.83 - - [14/Apr/2025:22:09:31 -0400] "POST /wp-cron.php?doing_wp_cron=1744682970.6672608852386474609375 HTTP/1.1" 200 0 "-" "WordPress/6.7.2; https://higglehub.com"
101.32.31.38 - - [14/Apr/2025:22:09:27 -0400] "HEAD /Old HTTP/1.1" 404 0 "http://higglehub.com/Old" "Mozilla/5.0 (X11; Linux x86_64) AppleWebKit/537.36 (KHTML, like Gecko) Chrome/96.0.4664.45 Safari/537.36"
198.54.114.83 - - [14/Apr/2025:22:09:33 -0400] "POST /wp-admin/admin-ajax.php?action=async_litespeed&nonce=BKr3twj88nd66roVlbEpE83sfX6uGogY&litespeed_type=imgoptm HTTP/1.1" 200 0 "-" "WordPress/6.7.2; https://higglehub.com"
185.88.197.19 - - [14/Apr/2025:22:09:36 -0400] "POST /xmlrpc.php HTTP/1.1" 200 186 "-" "Mozilla/5.0 (Windows NT 10.0; Win64; x64; rv:70.0) Gecko/20100101 Firefox/70.0"
198.54.114.83 - - [14/Apr/2025:22:10:52 -0400] "POST /wp-cron.php?doing_wp_cron=1744683050.9754478931427001953125 HTTP/1.1" 200 0 "-" "WordPress/6.7.2; https://higglehub.com"
101.32.31.38 - - [14/Apr/2025:22:10:50 -0400] "HEAD /OLD HTTP/1.1" 404 0 "http://higglehub.com/OLD" "Mozilla/5.0 (X11; Linux x86_64) AppleWebKit/537.36 (KHTML, like Gecko) Chrome/96.0.4664.45 Safari/537.36"
198.54.114.83 - - [14/Apr/2025:22:13:03 -0400] "POST /wp-cron.php?doing_wp_cron=1744683181.2449920177459716796875 HTTP/1.1" 200 0 "-" "WordPress/6.7.2; https://higglehub.com"
94.74.97.164 - - [14/Apr/2025:22:12:56 -0400] "GET /the-potential-of-fenbendazole-in-cancer-treatment-for-humans/ HTTP/1.1" 200 11511 "https://higglehub.com/the-potential-of-fenbendazole-in-cancer-treatment-for-humans/#content" "Mozilla/5.0 (Macintosh; Intel Mac OS X 10_15_7) AppleWebKit/537.36 (KHTML, like Gecko) Chrome/119.0.0.0 Safari/537.36"
101.32.31.38 - - [14/Apr/2025:22:14:05 -0400] "HEAD /oldsite HTTP/1.1" 200 0 "http://higglehub.com/oldsite" "Mozilla/5.0 (X11; Linux x86_64) AppleWebKit/537.36 (KHTML, like Gecko) Chrome/96.0.4664.45 Safari/537.36"
198.54.114.83 - - [14/Apr/2025:22:14:10 -0400] "POST /wp-cron.php?doing_wp_cron=1744683245.8818769454956054687500 HTTP/1.1" 200 0 "-" "WordPress/6.7.2; https://higglehub.com"
2a01:488:66:1000:2ea3:4956:0:1 - - [14/Apr/2025:22:15:07 -0400] "POST /xmlrpc.php HTTP/1.1" 200 186 "-" "Mozilla/5.0 (Windows NT 10.0; Win64; x64; rv:45.0) Gecko/20100101 Firefox/45.0"
198.54.114.83 - - [14/Apr/2025:22:15:10 -0400] "POST /wp-cron.php?doing_wp_cron=1744683308.5448429584503173828125 HTTP/1.1" 200 0 "-" "WordPress/6.7.2; https://higglehub.com"
198.44.190.84 - - [14/Apr/2025:22:21:13 -0400] "GET /atomlib.php HTTP/1.1" 404 7270 "-" "Mozlila/5.0 (Linux; Android 7.0; SM-G892A Bulid/NRD90M; wv) AppleWebKit/537.36 (KHTML, like Gecko) Version/4.0 Chrome/60.0.3112.107 Moblie Safari/537.36"
198.54.114.83 - - [14/Apr/2025:22:21:20 -0400] "POST /wp-cron.php?doing_wp_cron=1744683678.1964368820190429687500 HTTP/1.1" 200 0 "-" "WordPress/6.7.2; https://higglehub.com"
198.44.190.84 - - [14/Apr/2025:22:21:24 -0400] "GET /css.php HTTP/1.1" 404 7270 "-" "Mozlila/5.0 (Linux; Android 7.0; SM-G892A Bulid/NRD90M; wv) AppleWebKit/537.36 (KHTML, like Gecko) Version/4.0 Chrome/60.0.3112.107 Moblie Safari/537.36"
198.44.190.84 - - [14/Apr/2025:22:21:30 -0400] "GET /simple.php HTTP/1.1" 404 7270 "-" "Mozlila/5.0 (Linux; Android 7.0; SM-G892A Bulid/NRD90M; wv) AppleWebKit/537.36 (KHTML, like Gecko) Version/4.0 Chrome/60.0.3112.107 Moblie Safari/537.36"
198.44.190.84 - - [14/Apr/2025:22:21:35 -0400] "GET /bypass.php HTTP/1.1" 404 7270 "-" "Mozlila/5.0 (Linux; Android 7.0; SM-G892A Bulid/NRD90M; wv) AppleWebKit/537.36 (KHTML, like Gecko) Version/4.0 Chrome/60.0.3112.107 Moblie Safari/537.36"
198.44.190.84 - - [14/Apr/2025:22:21:44 -0400] "GET /admin.php HTTP/1.1" 404 7270 "-" "Mozlila/5.0 (Linux; Android 7.0; SM-G892A Bulid/NRD90M; wv) AppleWebKit/537.36 (KHTML, like Gecko) Version/4.0 Chrome/60.0.3112.107 Moblie Safari/537.36"
198.44.190.84 - - [14/Apr/2025:22:21:48 -0400] "GET /about.php HTTP/1.1" 404 7270 "-" "Mozlila/5.0 (Linux; Android 7.0; SM-G892A Bulid/NRD90M; wv) AppleWebKit/537.36 (KHTML, like Gecko) Version/4.0 Chrome/60.0.3112.107 Moblie Safari/537.36"
198.44.190.84 - - [14/Apr/2025:22:21:58 -0400] "GET /theme.php HTTP/1.1" 404 7269 "-" "Mozlila/5.0 (Linux; Android 7.0; SM-G892A Bulid/NRD90M; wv) AppleWebKit/537.36 (KHTML, like Gecko) Version/4.0 Chrome/60.0.3112.107 Moblie Safari/537.36"
198.44.190.84 - - [14/Apr/2025:22:22:04 -0400] "GET /shell.php HTTP/1.1" 404 7269 "-" "Mozlila/5.0 (Linux; Android 7.0; SM-G892A Bulid/NRD90M; wv) AppleWebKit/537.36 (KHTML, like Gecko) Version/4.0 Chrome/60.0.3112.107 Moblie Safari/537.36"
198.44.190.84 - - [14/Apr/2025:22:22:12 -0400] "GET /ws.php HTTP/1.1" 404 7270 "-" "Mozlila/5.0 (Linux; Android 7.0; SM-G892A Bulid/NRD90M; wv) AppleWebKit/537.36 (KHTML, like Gecko) Version/4.0 Chrome/60.0.3112.107 Moblie Safari/537.36"
198.98.48.90 - - [14/Apr/2025:22:22:17 -0400] "GET /wp-login.php HTTP/1.1" 200 1766 "-" "Mozilla/5.0 (Windows NT 6.1) AppleWebKit/537.36 (KHTML, like Gecko) Chrome/35.0.1916.153 Safari/537.36"
198.44.190.84 - - [14/Apr/2025:22:22:17 -0400] "GET /wso112233.php HTTP/1.1" 404 7270 "-" "Mozlila/5.0 (Linux; Android 7.0; SM-G892A Bulid/NRD90M; wv) AppleWebKit/537.36 (KHTML, like Gecko) Version/4.0 Chrome/60.0.3112.107 Moblie Safari/537.36"
198.54.114.83 - - [14/Apr/2025:22:22:29 -0400] "POST /wp-cron.php?doing_wp_cron=1744683747.7911279201507568359375 HTTP/1.1" 200 0 "-" "WordPress/6.7.2; https://higglehub.com"
198.44.190.84 - - [14/Apr/2025:22:22:27 -0400] "GET /alfanew.php HTTP/1.1" 404 7270 "-" "Mozlila/5.0 (Linux; Android 7.0; SM-G892A Bulid/NRD90M; wv) AppleWebKit/537.36 (KHTML, like Gecko) Version/4.0 Chrome/60.0.3112.107 Moblie Safari/537.36"
198.44.190.84 - - [14/Apr/2025:22:22:34 -0400] "GET /fw.php HTTP/1.1" 404 7270 "-" "Mozlila/5.0 (Linux; Android 7.0; SM-G892A Bulid/NRD90M; wv) AppleWebKit/537.36 (KHTML, like Gecko) Version/4.0 Chrome/60.0.3112.107 Moblie Safari/537.36"
198.44.190.84 - - [14/Apr/2025:22:22:38 -0400] "GET /style.php HTTP/1.1" 404 7270 "-" "Mozlila/5.0 (Linux; Android 7.0; SM-G892A Bulid/NRD90M; wv) AppleWebKit/537.36 (KHTML, like Gecko) Version/4.0 Chrome/60.0.3112.107 Moblie Safari/537.36"
198.44.190.84 - - [14/Apr/2025:22:22:45 -0400] "GET /radio.php HTTP/1.1" 404 7270 "-" "Mozlila/5.0 (Linux; Android 7.0; SM-G892A Bulid/NRD90M; wv) AppleWebKit/537.36 (KHTML, like Gecko) Version/4.0 Chrome/60.0.3112.107 Moblie Safari/537.36"
198.44.190.84 - - [14/Apr/2025:22:22:50 -0400] "GET /corn.php HTTP/1.1" 404 7270 "-" "Mozlila/5.0 (Linux; Android 7.0; SM-G892A Bulid/NRD90M; wv) AppleWebKit/537.36 (KHTML, like Gecko) Version/4.0 Chrome/60.0.3112.107 Moblie Safari/537.36"
198.44.190.84 - - [14/Apr/2025:22:22:55 -0400] "GET /login.php HTTP/1.1" 302 0 "-" "Mozlila/5.0 (Linux; Android 7.0; SM-G892A Bulid/NRD90M; wv) AppleWebKit/537.36 (KHTML, like Gecko) Version/4.0 Chrome/60.0.3112.107 Moblie Safari/537.36"
198.98.48.90 - - [14/Apr/2025:22:22:55 -0400] "POST /wp-login.php HTTP/1.1" 200 1899 "-" "Mozilla/5.0 (Windows NT 6.1) AppleWebKit/537.36 (KHTML, like Gecko) Chrome/35.0.1916.153 Safari/537.36"
198.44.190.84 - - [14/Apr/2025:22:22:57 -0400] "GET /wp-login.php HTTP/1.1" 200 1766 "-" "Mozlila/5.0 (Linux; Android 7.0; SM-G892A Bulid/NRD90M; wv) AppleWebKit/537.36 (KHTML, like Gecko) Version/4.0 Chrome/60.0.3112.107 Moblie Safari/537.36"
198.44.190.84 - - [14/Apr/2025:22:23:02 -0400] "GET /wp-login.php HTTP/1.1" 200 1766 "-" "Mozlila/5.0 (Linux; Android 7.0; SM-G892A Bulid/NRD90M; wv) AppleWebKit/537.36 (KHTML, like Gecko) Version/4.0 Chrome/60.0.3112.107 Moblie Safari/537.36"
216.244.66.247 - - [14/Apr/2025:22:28:45 -0400] "GET /der-umzug-in-luneburg-ihre-besten-optionen/feed/ HTTP/1.1" 200 417 "-" "Mozilla/5.0 (compatible; DotBot/1.2; +https://opensiteexplorer.org/dotbot; help@moz.com)"
