135.119.141.8 - - [15/Apr/2025:17:56:12 -0400] "HEAD / HTTP/1.1" 200 0 "http://higglehub.com/" "Mozilla/5.0 (Windows NT 10.0; Win64; x64) AppleWebKit/537.36 (KHTML, like Gecko) Chrome/74.0.3729.169 Safari/537.36"
135.119.141.8 - - [15/Apr/2025:17:56:13 -0400] "HEAD /wp HTTP/1.1" 404 0 "http://higglehub.com/wp" "Mozilla/5.0 (Windows NT 10.0; Win64; x64) AppleWebKit/537.36 (KHTML, like Gecko) Chrome/74.0.3729.169 Safari/537.36"
135.119.141.8 - - [15/Apr/2025:17:56:15 -0400] "HEAD /bc HTTP/1.1" 404 0 "http://higglehub.com/bc" "Mozilla/5.0 (Windows NT 10.0; Win64; x64) AppleWebKit/537.36 (KHTML, like Gecko) Chrome/74.0.3729.169 Safari/537.36"
135.119.141.8 - - [15/Apr/2025:17:56:18 -0400] "HEAD /bk HTTP/1.1" 404 0 "http://higglehub.com/bk" "Mozilla/5.0 (Windows NT 10.0; Win64; x64) AppleWebKit/537.36 (KHTML, like Gecko) Chrome/74.0.3729.169 Safari/537.36"
135.119.141.8 - - [15/Apr/2025:17:56:20 -0400] "HEAD /backup HTTP/1.1" 404 0 "http://higglehub.com/backup" "Mozilla/5.0 (Windows NT 10.0; Win64; x64) AppleWebKit/537.36 (KHTML, like Gecko) Chrome/74.0.3729.169 Safari/537.36"
198.54.114.83 - - [15/Apr/2025:17:56:26 -0400] "POST /wp-cron.php?doing_wp_cron=1744754184.1253540515899658203125 HTTP/1.1" 200 0 "-" "WordPress/6.7.2; https://higglehub.com"
135.119.141.8 - - [15/Apr/2025:17:56:22 -0400] "HEAD /old HTTP/1.1" 404 0 "http://higglehub.com/old" "Mozilla/5.0 (Windows NT 10.0; Win64; x64) AppleWebKit/537.36 (KHTML, like Gecko) Chrome/74.0.3729.169 Safari/537.36"
135.119.141.8 - - [15/Apr/2025:17:56:26 -0400] "HEAD /new HTTP/1.1" 404 0 "http://higglehub.com/new" "Mozilla/5.0 (Windows NT 10.0; Win64; x64) AppleWebKit/537.36 (KHTML, like Gecko) Chrome/74.0.3729.169 Safari/537.36"
135.119.141.8 - - [15/Apr/2025:17:56:28 -0400] "HEAD /main HTTP/1.1" 404 0 "http://higglehub.com/main" "Mozilla/5.0 (Windows NT 10.0; Win64; x64) AppleWebKit/537.36 (KHTML, like Gecko) Chrome/74.0.3729.169 Safari/537.36"
135.119.141.8 - - [15/Apr/2025:17:56:29 -0400] "HEAD /home HTTP/1.1" 404 0 "http://higglehub.com/home" "Mozilla/5.0 (Windows NT 10.0; Win64; x64) AppleWebKit/537.36 (KHTML, like Gecko) Chrome/74.0.3729.169 Safari/537.36"
50.57.19.18 - - [15/Apr/2025:18:00:57 -0400] "GET /wp-login.php HTTP/1.1" 200 1765 "-" "GRequests/0.10"
198.54.114.83 - - [15/Apr/2025:18:01:04 -0400] "POST /wp-cron.php?doing_wp_cron=1744754463.5562789440155029296875 HTTP/1.1" 200 0 "-" "WordPress/6.7.2; https://higglehub.com"
50.57.19.18 - - [15/Apr/2025:18:00:58 -0400] "POST /wp-login.php HTTP/1.1" 200 1901 "-" "GRequests/0.10"
198.54.114.83 - - [15/Apr/2025:18:01:05 -0400] "POST /wp-admin/admin-ajax.php?action=async_litespeed&nonce=OKRFYPQs2AGmRKQJ10L5OfM3oYZImgMZ&litespeed_type=imgoptm HTTP/1.1" 200 0 "-" "WordPress/6.7.2; https://higglehub.com"
198.54.114.83 - - [15/Apr/2025:18:15:50 -0400] "POST /wp-cron.php?doing_wp_cron=1744755350.0506119728088378906250 HTTP/1.1" 200 0 "-" "WordPress/6.7.2; https://higglehub.com"
198.54.114.83 - - [15/Apr/2025:18:15:51 -0400] "POST /wp-admin/admin-ajax.php?action=async_litespeed&nonce=03MVGaYqiRRFDD3VtbmSP9xERQLrlsSB&litespeed_type=imgoptm HTTP/1.1" 200 0 "-" "WordPress/6.7.2; https://higglehub.com"
159.138.100.35 - - [15/Apr/2025:18:15:44 -0400] "GET /the-impact-of-humastogel/ HTTP/1.1" 200 10858 "https://higglehub.com/the-impact-of-humastogel/#content" "Mozilla/5.0 (Windows NT 10.0; Win64; x64) AppleWebKit/537.36 (KHTML, like Gecko) Chrome/110.0.0.0 Safari/537.36"
195.191.219.131 - - [15/Apr/2025:18:19:22 -0400] "GET /robots.txt HTTP/1.1" 200 61 "-" "Mozilla/5.0 (compatible; MJ12bot/v2.0.0; http://mj12bot.com/)"
195.191.219.131 - - [15/Apr/2025:18:19:25 -0400] "GET / HTTP/1.1" 200 10353 "-" "Mozilla/5.0 (compatible; MJ12bot/v2.0.0; http://mj12bot.com/)"
178.20.46.206 - - [15/Apr/2025:18:25:16 -0400] "GET /a-comprehensive-guide-to-multichannel-marketing/ HTTP/1.1" 200 10954 "https://higglehub.com/a-comprehensive-guide-to-multichannel-marketing/" "Mozilla/5.0 (Windows NT 10.0; Win64; x64) AppleWebKit/537.36 (KHTML, like Gecko) Chrome/130.0.0.0 Safari/537.36"
198.54.114.83 - - [15/Apr/2025:18:25:27 -0400] "POST /wp-cron.php?doing_wp_cron=1744755925.7481319904327392578125 HTTP/1.1" 200 0 "-" "WordPress/6.7.2; https://higglehub.com"
178.20.46.206 - - [15/Apr/2025:18:25:17 -0400] "POST /wp-comments-post.php HTTP/1.1" 302 0 "https://higglehub.com/a-comprehensive-guide-to-multichannel-marketing/" "Mozilla/5.0 (Windows NT 10.0; Win64; x64) AppleWebKit/537.36 (KHTML, like Gecko) Chrome/130.0.0.0 Safari/537.36"
178.20.46.206 - - [15/Apr/2025:18:25:30 -0400] "GET /a-comprehensive-guide-to-multichannel-marketing/ HTTP/1.1" 200 11934 "https://higglehub.com/a-comprehensive-guide-to-multichannel-marketing/#comment-6317" "Mozilla/5.0 (Windows NT 10.0; Win64; x64) AppleWebKit/537.36 (KHTML, like Gecko) Chrome/130.0.0.0 Safari/537.36"
91.84.96.34 - - [15/Apr/2025:18:32:39 -0400] "GET /a-comprehensive-guide-to-multichannel-marketing/ HTTP/1.1" 200 10954 "https://higglehub.com/a-comprehensive-guide-to-multichannel-marketing/" "Mozilla/5.0 (Windows NT 10.0; Win64; x64) AppleWebKit/537.36 (KHTML, like Gecko) Chrome/130.0.0.0 Safari/537.36"
198.54.114.83 - - [15/Apr/2025:18:32:50 -0400] "POST /wp-cron.php?doing_wp_cron=1744756366.6084740161895751953125 HTTP/1.1" 200 0 "-" "WordPress/6.7.2; https://higglehub.com"
91.84.96.34 - - [15/Apr/2025:18:32:41 -0400] "POST /wp-comments-post.php HTTP/1.1" 302 0 "https://higglehub.com/a-comprehensive-guide-to-multichannel-marketing/" "Mozilla/5.0 (Windows NT 10.0; Win64; x64) AppleWebKit/537.36 (KHTML, like Gecko) Chrome/130.0.0.0 Safari/537.36"
91.84.96.34 - - [15/Apr/2025:18:32:52 -0400] "GET /a-comprehensive-guide-to-multichannel-marketing/ HTTP/1.1" 200 11527 "https://higglehub.com/a-comprehensive-guide-to-multichannel-marketing/#comment-6318" "Mozilla/5.0 (Windows NT 10.0; Win64; x64) AppleWebKit/537.36 (KHTML, like Gecko) Chrome/130.0.0.0 Safari/537.36"
104.244.73.51 - - [15/Apr/2025:18:46:57 -0400] "GET /wp-login.php HTTP/1.1" 200 1765 "-" "Mozilla/5.0 (Macintosh; Intel Mac OS X 10.9; rv:31.0) Gecko/20100101 Firefox/31.0"
104.244.73.51 - - [15/Apr/2025:18:46:57 -0400] "POST /wp-login.php HTTP/1.1" 200 1901 "-" "Mozilla/5.0 (Macintosh; Intel Mac OS X 10.9; rv:31.0) Gecko/20100101 Firefox/31.0"
101.44.184.129 - - [15/Apr/2025:18:47:01 -0400] "GET /mastering-zhu-yuan-skill-prioritization-for-optimal-performance/ HTTP/1.1" 200 11145 "https://higglehub.com/mastering-zhu-yuan-skill-prioritization-for-optimal-performance/" "Mozilla/5.0 (Windows NT 10.0; Win64; x64) AppleWebKit/537.36 (KHTML, like Gecko) Chrome/101.0.4951.67 Safari/537.36"
198.54.114.83 - - [15/Apr/2025:18:47:05 -0400] "POST /wp-cron.php?doing_wp_cron=1744757223.2220759391784667968750 HTTP/1.1" 200 0 "-" "WordPress/6.7.2; https://higglehub.com"
198.54.114.83 - - [15/Apr/2025:18:47:05 -0400] "POST /wp-cron.php?doing_wp_cron=1744757223.2355980873107910156250 HTTP/1.1" 200 0 "-" "WordPress/6.7.2; https://higglehub.com"
87.250.224.236 - - [15/Apr/2025:18:49:20 -0400] "GET /robots.txt HTTP/1.1" 200 61 "-" "Mozilla/5.0 (compatible; YandexBot/3.0; +http://yandex.com/bots)"
198.54.114.83 - - [15/Apr/2025:18:49:28 -0400] "POST /wp-cron.php?doing_wp_cron=1744757367.2496600151062011718750 HTTP/1.1" 200 0 "-" "WordPress/6.7.2; https://higglehub.com"
213.180.203.20 - - [15/Apr/2025:18:49:22 -0400] "GET /store/p198/CBAOOO_S10_Wireless_Bluetooth_Earphones_Sport_Stereo.html HTTP/1.1" 404 7270 "-" "Mozilla/5.0 (compatible; YandexBot/3.0; +http://yandex.com/bots)"
198.54.114.83 - - [15/Apr/2025:18:49:30 -0400] "POST /wp-admin/admin-ajax.php?action=async_litespeed&nonce=INr8t0d6kuXzQ0VD9Mv2pmPx7sVeMtl6&litespeed_type=imgoptm HTTP/1.1" 200 0 "-" "WordPress/6.7.2; https://higglehub.com"
91.84.113.162 - - [15/Apr/2025:19:01:41 -0400] "GET /gitarrenunterricht-in-dusseldorf-ihr-weg-zur-musikalischen-entfaltung/ HTTP/1.1" 200 10815 "https://higglehub.com/gitarrenunterricht-in-dusseldorf-ihr-weg-zur-musikalischen-entfaltung/#comment-6242" "Mozilla/5.0 (Windows NT 6.1; WOW64) AppleWebKit/537.36 (KHTML, like Gecko) Chrome/103.0.0.0 Safari/537.36"
198.54.114.83 - - [15/Apr/2025:19:01:47 -0400] "POST /wp-cron.php?doing_wp_cron=1744758107.4767920970916748046875 HTTP/1.1" 200 0 "-" "WordPress/6.7.2; https://higglehub.com"
198.54.114.83 - - [15/Apr/2025:19:01:49 -0400] "POST /wp-admin/admin-ajax.php?action=async_litespeed&nonce=XZ0TVnfRXZ8MDHZQCIL6NyEo3eSHphHK&litespeed_type=imgoptm HTTP/1.1" 200 0 "-" "WordPress/6.7.2; https://higglehub.com"
91.84.113.162 - - [15/Apr/2025:19:01:42 -0400] "POST /wp-comments-post.php HTTP/1.1" 302 0 "https://higglehub.com/gitarrenunterricht-in-dusseldorf-ihr-weg-zur-musikalischen-entfaltung/#comment-6242" "Mozilla/5.0 (Windows NT 6.1; WOW64) AppleWebKit/537.36 (KHTML, like Gecko) Chrome/103.0.0.0 Safari/537.36"
91.84.113.162 - - [15/Apr/2025:19:01:51 -0400] "GET /gitarrenunterricht-in-dusseldorf-ihr-weg-zur-musikalischen-entfaltung/ HTTP/1.1" 200 11390 "https://higglehub.com/gitarrenunterricht-in-dusseldorf-ihr-weg-zur-musikalischen-entfaltung/#comment-6319" "Mozilla/5.0 (Windows NT 6.1; WOW64) AppleWebKit/537.36 (KHTML, like Gecko) Chrome/103.0.0.0 Safari/537.36"
18.142.153.169 - - [15/Apr/2025:19:13:53 -0400] "GET /uploads/1/3/1/1/131136180/kisspng-square-inc-logo-mobile-payment-square-cash-5b3e0e4fde6327-0364086215307935519109_orig.png HTTP/1.1" 404 7270 "-" "Mozilla/5.0 (Windows NT 10.0; Win64; x64) AppleWebKit/537.36 (KHTML, like Gecko) Chrome/133.0.0.0 Safari/537.36"
198.54.114.83 - - [15/Apr/2025:19:14:02 -0400] "POST /wp-cron.php?doing_wp_cron=1744758840.5872919559478759765625 HTTP/1.1" 200 0 "-" "WordPress/6.7.2; https://higglehub.com"
198.98.48.90 - - [15/Apr/2025:19:17:43 -0400] "GET /wp-login.php HTTP/1.1" 200 1765 "-" "Mozilla/5.0 (Windows NT 6.1) AppleWebKit/537.36 (KHTML, like Gecko) Chrome/36.0.1985.143 Safari/537.36"
198.54.114.83 - - [15/Apr/2025:19:18:17 -0400] "POST /wp-cron.php?doing_wp_cron=1744759096.5717151165008544921875 HTTP/1.1" 200 0 "-" "WordPress/6.7.2; https://higglehub.com"
198.98.48.90 - - [15/Apr/2025:19:18:10 -0400] "POST /wp-login.php HTTP/1.1" 200 1897 "-" "Mozilla/5.0 (Windows NT 6.1) AppleWebKit/537.36 (KHTML, like Gecko) Chrome/36.0.1985.143 Safari/537.36"
198.54.114.83 - - [15/Apr/2025:19:18:19 -0400] "POST /wp-admin/admin-ajax.php?action=async_litespeed&nonce=Bp1qOpwOkZW3n4xFILmCiDns7QzP2en0&litespeed_type=imgoptm HTTP/1.1" 200 0 "-" "WordPress/6.7.2; https://higglehub.com"
189.1.223.105 - - [15/Apr/2025:19:18:20 -0400] "GET /lattrait-des-plaques-personnalisees/ HTTP/1.1" 200 11027 "https://higglehub.com/lattrait-des-plaques-personnalisees/#content" "Mozilla/5.0 (Macintosh; Intel Mac OS X 10_15_7) AppleWebKit/537.36 (KHTML, like Gecko) Chrome/123.0.0.0 Safari/537.36"
89.248.172.183 - - [15/Apr/2025:19:19:35 -0400] "GET /wp-content/plugins/instant-appointment/assets/css/bootstrap-icons.min.css HTTP/1.1" 404 7270 "-" "Mozilla/5.0 (Macintosh; Intel Mac OS X 10_15_7) AppleWebKit/605.1.15 (KHTML, like Gecko) Version/17.0 Safari/605.1.15"
198.54.114.83 - - [15/Apr/2025:19:19:38 -0400] "POST /wp-cron.php?doing_wp_cron=1744759176.5298130512237548828125 HTTP/1.1" 200 0 "-" "WordPress/6.7.2; https://higglehub.com"
2604:a880:4:1d0::bd:a000 - - [15/Apr/2025:19:32:39 -0400] "GET /wp-login.php HTTP/1.1" 200 1765 "-" "GRequests/0.10"
198.54.114.83 - - [15/Apr/2025:19:32:47 -0400] "POST /wp-cron.php?doing_wp_cron=1744759966.1471049785614013671875 HTTP/1.1" 200 0 "-" "WordPress/6.7.2; https://higglehub.com"
2604:a880:4:1d0::bd:a000 - - [15/Apr/2025:19:32:41 -0400] "POST /wp-login.php HTTP/1.1" 200 1901 "-" "GRequests/0.10"
198.54.114.83 - - [15/Apr/2025:19:32:48 -0400] "POST /wp-admin/admin-ajax.php?action=async_litespeed&nonce=zBjmLFz4j2Otu5lO5lqdHfi1JPWvKhAS&litespeed_type=imgoptm HTTP/1.1" 200 0 "-" "WordPress/6.7.2; https://higglehub.com"
157.90.209.77 - - [15/Apr/2025:19:33:05 -0400] "GET /robots.txt HTTP/1.1" 304 0 "-" "Mozilla/5.0 (compatible; BLEXBot/1.0; +https://help.seranking.com/en/blex-crawler)"
157.90.209.77 - - [15/Apr/2025:19:33:07 -0400] "GET /gitarre-lernen-in-dusseldorf-fur-anfanger-und-fortgeschrittene-2/ HTTP/1.1" 200 11079 "-" "Mozilla/5.0 (compatible; BLEXBot/1.0; +https://help.seranking.com/en/blex-crawler)"
209.141.56.126 - - [15/Apr/2025:19:35:06 -0400] "GET /wp-login.php HTTP/1.1" 200 1765 "-" "Mozilla/5.0 (Macintosh; Intel Mac OS X 10_9_3) AppleWebKit/537.36 (KHTML, like Gecko) Chrome/35.0.1916.153 Safari/537.36"
209.141.56.126 - - [15/Apr/2025:19:35:09 -0400] "POST /wp-login.php HTTP/1.1" 200 1897 "-" "Mozilla/5.0 (Macintosh; Intel Mac OS X 10_9_3) AppleWebKit/537.36 (KHTML, like Gecko) Chrome/35.0.1916.153 Safari/537.36"
198.54.114.83 - - [15/Apr/2025:19:35:18 -0400] "POST /wp-cron.php?doing_wp_cron=1744760115.3070640563964843750000 HTTP/1.1" 200 0 "-" "WordPress/6.7.2; https://higglehub.com"
49.7.227.204 - - [15/Apr/2025:19:38:32 -0400] "GET / HTTP/1.1" 200 10353 "http://higglehub.com" "Mozilla/5.0 (iPhone; CPU iPhone OS 13_2_3 like Mac OS X) AppleWebKit/605.1.15 (KHTML, like Gecko) Version/13.0.3 Mobile/15E148 Safari/604.1"
209.141.33.127 - - [15/Apr/2025:19:40:10 -0400] "GET /wp-login.php HTTP/1.1" 200 1765 "-" "Mozilla/5.0 (Macintosh; Intel Mac OS X 10.8; rv:31.0) Gecko/20100101 Firefox/31.0"
198.54.114.83 - - [15/Apr/2025:19:40:20 -0400] "POST /wp-cron.php?doing_wp_cron=1744760418.9459600448608398437500 HTTP/1.1" 200 0 "-" "WordPress/6.7.2; https://higglehub.com"
209.141.33.127 - - [15/Apr/2025:19:40:12 -0400] "POST /wp-login.php HTTP/1.1" 200 1901 "-" "Mozilla/5.0 (Macintosh; Intel Mac OS X 10.8; rv:31.0) Gecko/20100101 Firefox/31.0"
198.54.114.83 - - [15/Apr/2025:19:40:23 -0400] "POST /wp-admin/admin-ajax.php?action=async_litespeed&nonce=wUhl4AFo6PX6dWRxkBNFGuoWzEMb0QfD&litespeed_type=imgoptm HTTP/1.1" 200 0 "-" "WordPress/6.7.2; https://higglehub.com"
198.54.114.83 - - [15/Apr/2025:19:49:45 -0400] "POST /wp-cron.php?doing_wp_cron=1744760984.0103659629821777343750 HTTP/1.1" 200 0 "-" "WordPress/6.7.2; https://higglehub.com"
124.243.176.35 - - [15/Apr/2025:19:49:37 -0400] "GET /revolutionizing-law-enforcement-the-era-of-electronic-warrants/ HTTP/1.1" 200 11118 "https://higglehub.com/revolutionizing-law-enforcement-the-era-of-electronic-warrants/" "Mozilla/5.0 (Windows NT 10.0; Win64; x64) AppleWebKit/537.36 (KHTML, like Gecko) Chrome/104.0.0.0 Safari/537.36"
162.243.72.223 - - [15/Apr/2025:20:10:24 -0400] "GET /wp-login.php HTTP/1.1" 200 1765 "-" "GRequests/0.10"
198.54.114.83 - - [15/Apr/2025:20:10:29 -0400] "POST /wp-cron.php?doing_wp_cron=1744762229.2905249595642089843750 HTTP/1.1" 200 0 "-" "WordPress/6.7.2; https://higglehub.com"
162.243.72.223 - - [15/Apr/2025:20:10:25 -0400] "POST /wp-login.php HTTP/1.1" 200 1895 "-" "GRequests/0.10"
198.54.114.83 - - [15/Apr/2025:20:10:31 -0400] "POST /wp-admin/admin-ajax.php?action=async_litespeed&nonce=C1pouRjgzGJFPGCQfM45Wv1HnAG3WKx3&litespeed_type=imgoptm HTTP/1.1" 200 0 "-" "WordPress/6.7.2; https://higglehub.com"
2a03:4000:48:2b6:24c7:cbff:fe0e:367 - - [15/Apr/2025:20:11:07 -0400] "GET /revamp-your-space-with-professional-bathroom-renovations-in-western-suburbs-melbourne/ HTTP/1.1" 200 11232 "-" "Mozilla/5.0 (Windows NT 10.0; Win64; x64) AppleWebKit/537.36 (KHTML, like Gecko) Chrome/100.0.7401.337 Safari/537.36"
62.113.115.161 - - [15/Apr/2025:20:15:26 -0400] "GET /a-comprehensive-guide-to-multichannel-marketing/ HTTP/1.1" 200 10954 "https://higglehub.com/a-comprehensive-guide-to-multichannel-marketing/" "Mozilla/5.0 (Windows NT 10.0; Win64; x64) AppleWebKit/537.36 (KHTML, like Gecko) Chrome/130.0.0.0 Safari/537.36 CCleaner/130.0.0.0"
198.54.114.83 - - [15/Apr/2025:20:15:31 -0400] "POST /wp-cron.php?doing_wp_cron=1744762531.0601570606231689453125 HTTP/1.1" 200 0 "-" "WordPress/6.7.2; https://higglehub.com"
198.54.114.83 - - [15/Apr/2025:20:15:32 -0400] "POST /wp-admin/admin-ajax.php?action=async_litespeed&nonce=lkaVPB1m3WDnzcNEhmZ1LmhYFIWJVoux&litespeed_type=imgoptm HTTP/1.1" 200 0 "-" "WordPress/6.7.2; https://higglehub.com"
62.113.115.161 - - [15/Apr/2025:20:15:27 -0400] "POST /wp-comments-post.php HTTP/1.1" 302 0 "https://higglehub.com/a-comprehensive-guide-to-multichannel-marketing/" "Mozilla/5.0 (Windows NT 10.0; Win64; x64) AppleWebKit/537.36 (KHTML, like Gecko) Chrome/130.0.0.0 Safari/537.36 CCleaner/130.0.0.0"
62.113.115.161 - - [15/Apr/2025:20:15:34 -0400] "GET /a-comprehensive-guide-to-multichannel-marketing/ HTTP/1.1" 200 11726 "https://higglehub.com/a-comprehensive-guide-to-multichannel-marketing/#comment-6320" "Mozilla/5.0 (Windows NT 10.0; Win64; x64) AppleWebKit/537.36 (KHTML, like Gecko) Chrome/130.0.0.0 Safari/537.36 CCleaner/130.0.0.0"
109.123.236.97 - - [15/Apr/2025:20:17:15 -0400] "GET /wp-login.php HTTP/1.1" 200 1765 "-" "GRequests/0.10"
198.54.114.83 - - [15/Apr/2025:20:17:22 -0400] "POST /wp-cron.php?doing_wp_cron=1744762640.9408841133117675781250 HTTP/1.1" 200 0 "-" "WordPress/6.7.2; https://higglehub.com"
109.123.236.97 - - [15/Apr/2025:20:17:16 -0400] "POST /wp-login.php HTTP/1.1" 200 1897 "-" "GRequests/0.10"
198.54.114.83 - - [15/Apr/2025:20:21:02 -0400] "POST /wp-cron.php?doing_wp_cron=1744762861.7666659355163574218750 HTTP/1.1" 200 0 "-" "WordPress/6.7.2; https://higglehub.com"
101.44.185.71 - - [15/Apr/2025:20:20:57 -0400] "GET /une-ville-aux-multiples-facettes/ HTTP/1.1" 200 10995 "https://higglehub.com/une-ville-aux-multiples-facettes/" "Mozilla/5.0 (Macintosh; Intel Mac OS X 10_15_7) AppleWebKit/537.36 (KHTML, like Gecko) Chrome/131.0.0.0 Safari/537.36"
198.54.114.83 - - [15/Apr/2025:20:21:03 -0400] "POST /wp-admin/admin-ajax.php?action=async_litespeed&nonce=mPNzdVaTxRIDDLCQQZpwtRWOkp6oiGC4&litespeed_type=imgoptm HTTP/1.1" 200 0 "-" "WordPress/6.7.2; https://higglehub.com"
103.255.134.61 - - [15/Apr/2025:20:23:25 -0400] "GET /wp-login.php HTTP/1.1" 200 1765 "-" "GRequests/0.10"
198.54.114.83 - - [15/Apr/2025:20:23:31 -0400] "POST /wp-cron.php?doing_wp_cron=1744763011.3470389842987060546875 HTTP/1.1" 200 0 "-" "WordPress/6.7.2; https://higglehub.com"
2401:2960:8327:8888:be24:11ff:fea7:80dd - - [15/Apr/2025:20:23:27 -0400] "POST /wp-login.php HTTP/1.1" 200 1895 "-" "GRequests/0.10"
198.54.114.83 - - [15/Apr/2025:20:23:32 -0400] "POST /wp-admin/admin-ajax.php?action=async_litespeed&nonce=pVBgpGI7a7pYLXL8Qn4n0c6VgStqe5W9&litespeed_type=imgoptm HTTP/1.1" 200 0 "-" "WordPress/6.7.2; https://higglehub.com"
45.61.188.237 - - [15/Apr/2025:20:28:00 -0400] "GET /wp-login.php HTTP/1.1" 200 1765 "-" "Mozilla/5.0 (Macintosh; Intel Mac OS X 10.9; rv:30.0) Gecko/20100101 Firefox/30.0"
198.54.114.83 - - [15/Apr/2025:20:28:11 -0400] "POST /wp-cron.php?doing_wp_cron=1744763290.5178239345550537109375 HTTP/1.1" 200 0 "-" "WordPress/6.7.2; https://higglehub.com"
45.61.188.237 - - [15/Apr/2025:20:28:05 -0400] "POST /wp-login.php HTTP/1.1" 200 1895 "-" "Mozilla/5.0 (Macintosh; Intel Mac OS X 10.9; rv:30.0) Gecko/20100101 Firefox/30.0"
198.54.114.83 - - [15/Apr/2025:20:28:12 -0400] "POST /wp-admin/admin-ajax.php?action=async_litespeed&nonce=g1TlKqyj5lvc5eA24k0uVMTdUVEGgZMd&litespeed_type=imgoptm HTTP/1.1" 200 0 "-" "WordPress/6.7.2; https://higglehub.com"
31.220.93.206 - - [15/Apr/2025:20:31:51 -0400] "GET /wp-login.php HTTP/1.1" 200 1765 "-" "GRequests/0.10"
198.54.114.83 - - [15/Apr/2025:20:31:56 -0400] "POST /wp-cron.php?doing_wp_cron=1744763516.5944850444793701171875 HTTP/1.1" 200 0 "-" "WordPress/6.7.2; https://higglehub.com"
31.220.93.206 - - [15/Apr/2025:20:31:51 -0400] "POST /wp-login.php HTTP/1.1" 200 1895 "-" "GRequests/0.10"
198.54.114.83 - - [15/Apr/2025:20:31:57 -0400] "POST /wp-admin/admin-ajax.php?action=async_litespeed&nonce=K3008Szqk44fIHFvFqE2E3TCZTi4UCm8&litespeed_type=imgoptm HTTP/1.1" 200 0 "-" "WordPress/6.7.2; https://higglehub.com"
107.189.3.177 - - [15/Apr/2025:20:32:28 -0400] "GET /wp-login.php HTTP/1.1" 200 1765 "-" "Mozilla/5.0 (Windows NT 6.1; WOW64; rv:30.0) Gecko/20100101 Firefox/30.0"
198.54.114.83 - - [15/Apr/2025:20:32:35 -0400] "POST /wp-cron.php?doing_wp_cron=1744763554.9931330680847167968750 HTTP/1.1" 200 0 "-" "WordPress/6.7.2; https://higglehub.com"
107.189.3.177 - - [15/Apr/2025:20:32:34 -0400] "POST /wp-login.php HTTP/1.1" 200 1897 "-" "Mozilla/5.0 (Windows NT 6.1; WOW64; rv:30.0) Gecko/20100101 Firefox/30.0"
198.54.114.83 - - [15/Apr/2025:20:32:35 -0400] "POST /wp-admin/admin-ajax.php?action=async_litespeed&nonce=FbHY2elbHgL7QYjwvFUWwSE9WaTmBvUg&litespeed_type=imgoptm HTTP/1.1" 200 5 "-" "WordPress/6.7.2; https://higglehub.com"
198.54.114.83 - - [15/Apr/2025:20:38:55 -0400] "POST /wp-cron.php?doing_wp_cron=1744763934.4156620502471923828125 HTTP/1.1" 200 0 "-" "WordPress/6.7.2; https://higglehub.com"
51.222.253.6 - - [15/Apr/2025:20:38:50 -0400] "GET /store/c44/Makeup_Brushes.html HTTP/1.1" 404 7270 "-" "Mozilla/5.0 (compatible; AhrefsBot/7.0; +http://ahrefs.com/robot/)"
198.54.114.83 - - [15/Apr/2025:20:52:19 -0400] "POST /wp-cron.php?doing_wp_cron=1744764739.4340729713439941406250 HTTP/1.1" 200 0 "-" "WordPress/6.7.2; https://higglehub.com"
198.54.114.83 - - [15/Apr/2025:20:52:21 -0400] "POST /wp-admin/admin-ajax.php?action=async_litespeed&nonce=KXowPKrzOTHz8sQr44pgQfRipotrpJzO&litespeed_type=imgoptm HTTP/1.1" 200 0 "-" "WordPress/6.7.2; https://higglehub.com"
101.44.187.110 - - [15/Apr/2025:20:52:15 -0400] "GET /plan-your-dream-pesach-getaway-in-2025/ HTTP/1.1" 200 10992 "https://higglehub.com/plan-your-dream-pesach-getaway-in-2025/#respond" "Mozilla/5.0 (Macintosh; Intel Mac OS X 10_15_7) AppleWebKit/537.36 (KHTML, like Gecko) Chrome/119.0.0.0 Safari/537.36"
62.113.115.161 - - [15/Apr/2025:20:52:29 -0400] "GET /a-comprehensive-guide-to-multichannel-marketing/ HTTP/1.1" 200 10954 "https://higglehub.com/a-comprehensive-guide-to-multichannel-marketing/" "Mozilla/5.0 (Windows NT 10.0; Win64; x64) AppleWebKit/537.36 (KHTML, like Gecko) Chrome/131.0.0.0 Safari/537.36 Avast/131.0.0.0"
198.54.114.83 - - [15/Apr/2025:20:52:32 -0400] "POST /wp-cron.php?doing_wp_cron=1744764751.9587860107421875000000 HTTP/1.1" 200 0 "-" "WordPress/6.7.2; https://higglehub.com"
198.54.114.83 - - [15/Apr/2025:20:52:35 -0400] "POST /wp-admin/admin-ajax.php?action=async_litespeed&nonce=Wme4B3hkl32ZDJwcc93zNDFjYY3kgPbi&litespeed_type=imgoptm HTTP/1.1" 200 0 "-" "WordPress/6.7.2; https://higglehub.com"
62.113.115.161 - - [15/Apr/2025:20:52:31 -0400] "POST /wp-comments-post.php HTTP/1.1" 302 0 "https://higglehub.com/a-comprehensive-guide-to-multichannel-marketing/" "Mozilla/5.0 (Windows NT 10.0; Win64; x64) AppleWebKit/537.36 (KHTML, like Gecko) Chrome/131.0.0.0 Safari/537.36 Avast/131.0.0.0"
62.113.115.161 - - [15/Apr/2025:20:52:36 -0400] "GET /a-comprehensive-guide-to-multichannel-marketing/ HTTP/1.1" 200 11768 "https://higglehub.com/a-comprehensive-guide-to-multichannel-marketing/#comment-6321" "Mozilla/5.0 (Windows NT 10.0; Win64; x64) AppleWebKit/537.36 (KHTML, like Gecko) Chrome/131.0.0.0 Safari/537.36 Avast/131.0.0.0"
31.220.93.206 - - [15/Apr/2025:21:15:13 -0400] "GET /wp-login.php HTTP/1.1" 200 1765 "-" "GRequests/0.10"
198.54.114.83 - - [15/Apr/2025:21:15:22 -0400] "POST /wp-cron.php?doing_wp_cron=1744766122.3104200363159179687500 HTTP/1.1" 200 0 "-" "WordPress/6.7.2; https://higglehub.com"
31.220.93.206 - - [15/Apr/2025:21:15:15 -0400] "POST /wp-login.php HTTP/1.1" 200 1897 "-" "GRequests/0.10"
198.54.114.83 - - [15/Apr/2025:21:15:26 -0400] "POST /wp-admin/admin-ajax.php?action=async_litespeed&nonce=21fXkrGovKSiu9W0esg3yFqvFurHLoQF&litespeed_type=imgoptm HTTP/1.1" 200 0 "-" "WordPress/6.7.2; https://higglehub.com"
2001:41d0:1004:38::1 - - [15/Apr/2025:21:19:40 -0400] "GET /robots.txt HTTP/1.1" 200 61 "-" "Mozilla/5.0 (compatible; MJ12bot/v1.4.8; http://mj12bot.com/)"
2001:41d0:1004:38::1 - - [15/Apr/2025:21:19:44 -0400] "GET /category/arts-entertainments/page/11/ HTTP/1.1" 200 10436 "-" "Mozilla/5.0 (compatible; MJ12bot/v1.4.8; http://mj12bot.com/)"
198.54.114.83 - - [15/Apr/2025:21:19:52 -0400] "POST /wp-cron.php?doing_wp_cron=1744766389.7533969879150390625000 HTTP/1.1" 200 0 "-" "WordPress/6.7.2; https://higglehub.com"
2001:41d0:1004:38::1 - - [15/Apr/2025:21:19:58 -0400] "GET /category/arts-entertainments/page/12/ HTTP/1.1" 200 10797 "-" "Mozilla/5.0 (compatible; MJ12bot/v1.4.8; http://mj12bot.com/)"
2001:41d0:1004:38::1 - - [15/Apr/2025:21:20:02 -0400] "GET /effektive-haushaltsauflosungen-in-luneburg-ein-umfassender-service/ HTTP/1.1" 200 11204 "-" "Mozilla/5.0 (compatible; MJ12bot/v1.4.8; http://mj12bot.com/)"
2001:41d0:1004:38::1 - - [15/Apr/2025:21:20:09 -0400] "GET /effiziente-umzugsdienstleistungen-in-luneburg/ HTTP/1.1" 200 11172 "-" "Mozilla/5.0 (compatible; MJ12bot/v1.4.8; http://mj12bot.com/)"
2001:41d0:1004:38::1 - - [15/Apr/2025:21:20:15 -0400] "GET /effizienter-umzugsservice-in-luneburg/ HTTP/1.1" 200 10951 "-" "Mozilla/5.0 (compatible; MJ12bot/v1.4.8; http://mj12bot.com/)"
2001:41d0:1004:38::1 - - [15/Apr/2025:21:20:21 -0400] "GET /embracing-local-artistry-the-value-of-cultural-gift-certificates/feed/ HTTP/1.1" 200 440 "-" "Mozilla/5.0 (compatible; MJ12bot/v1.4.8; http://mj12bot.com/)"
2001:41d0:1004:38::1 - - [15/Apr/2025:21:20:25 -0400] "GET /ensuring-safety-and-fairness/feed/ HTTP/1.1" 200 390 "-" "Mozilla/5.0 (compatible; MJ12bot/v1.4.8; http://mj12bot.com/)"
2001:41d0:1004:38::1 - - [15/Apr/2025:21:20:30 -0400] "GET /ihr-partner-fur-stressfreie-umzuge/ HTTP/1.1" 200 10905 "-" "Mozilla/5.0 (compatible; MJ12bot/v1.4.8; http://mj12bot.com/)"
2001:41d0:1004:38::1 - - [15/Apr/2025:21:20:35 -0400] "GET /massage-therapy/ HTTP/1.1" 200 10985 "-" "Mozilla/5.0 (compatible; MJ12bot/v1.4.8; http://mj12bot.com/)"
2001:41d0:1004:38::1 - - [15/Apr/2025:21:20:41 -0400] "GET /massage-therapy/feed/ HTTP/1.1" 200 374 "-" "Mozilla/5.0 (compatible; MJ12bot/v1.4.8; http://mj12bot.com/)"
2001:41d0:1004:38::1 - - [15/Apr/2025:21:20:47 -0400] "GET /professionelle-umzugsunternehmen-in-hamburg-stressfreies-umziehen-garantiert/ HTTP/1.1" 200 11267 "-" "Mozilla/5.0 (compatible; MJ12bot/v1.4.8; http://mj12bot.com/)"
2001:41d0:1004:38::1 - - [15/Apr/2025:21:20:56 -0400] "GET /sparkling-workspaces-professionelle-buroreinigung-in-hamburg/ HTTP/1.1" 200 11681 "-" "Mozilla/5.0 (compatible; MJ12bot/v1.4.8; http://mj12bot.com/)"
198.54.114.83 - - [15/Apr/2025:21:20:58 -0400] "POST /wp-cron.php?doing_wp_cron=1744766456.8300390243530273437500 HTTP/1.1" 200 0 "-" "WordPress/6.7.2; https://higglehub.com"
2001:41d0:1004:38::1 - - [15/Apr/2025:21:21:03 -0400] "GET /the-best-china-portable-fire-pump-for-ultimate-safety-and-efficiency/ HTTP/1.1" 200 10835 "-" "Mozilla/5.0 (compatible; MJ12bot/v1.4.8; http://mj12bot.com/)"
165.22.253.125 - - [15/Apr/2025:21:22:12 -0400] "GET /wp-json/wp/v2/users/ HTTP/1.1" 200 1243 "-" "Mozilla/5.0 (X11; Linux x86_64) AppleWebKit/537.36 (KHTML, like Gecko) Chrome/135.0.7049.42 Safari/537.36"
198.54.114.83 - - [15/Apr/2025:21:22:15 -0400] "POST /wp-cron.php?doing_wp_cron=1744766532.8392009735107421875000 HTTP/1.1" 200 0 "-" "WordPress/6.7.2; https://higglehub.com"
198.54.114.83 - - [15/Apr/2025:21:23:35 -0400] "POST /wp-cron.php?doing_wp_cron=1744766615.3862690925598144531250 HTTP/1.1" 200 0 "-" "WordPress/6.7.2; https://higglehub.com"
198.54.114.83 - - [15/Apr/2025:21:23:37 -0400] "POST /wp-admin/admin-ajax.php?action=async_litespeed&nonce=SC8U7ZvaUCGkRTm4cO5steNdTYh8KF01&litespeed_type=imgoptm HTTP/1.1" 200 0 "-" "WordPress/6.7.2; https://higglehub.com"
159.138.151.114 - - [15/Apr/2025:21:23:34 -0400] "GET /embracing-the-future-california-prefab-homes/ HTTP/1.1" 200 10651 "https://higglehub.com/embracing-the-future-california-prefab-homes/" "Mozilla/5.0 (Windows NT 10.0; Win64; x64) AppleWebKit/537.36 (KHTML, like Gecko) Chrome/110.0.0.0 Safari/537.36"
195.191.219.132 - - [15/Apr/2025:21:41:46 -0400] "GET /robots.txt HTTP/1.1" 304 0 "-" "Mozilla/5.0 (compatible; MJ12bot/v2.0.0; http://mj12bot.com/)"
195.191.219.132 - - [15/Apr/2025:21:41:48 -0400] "GET / HTTP/1.1" 200 10353 "-" "Mozilla/5.0 (compatible; MJ12bot/v2.0.0; http://mj12bot.com/)"
212.34.140.72 - - [15/Apr/2025:21:46:07 -0400] "GET /a-comprehensive-guide-to-multichannel-marketing/ HTTP/1.1" 200 10954 "https://higglehub.com/a-comprehensive-guide-to-multichannel-marketing/#comment-6219" "Mozilla/5.0 (Windows NT 10.0; Win64; x64) AppleWebKit/537.36 (KHTML, like Gecko) Chrome/131.0.0.0 Safari/537.36"
212.34.140.72 - - [15/Apr/2025:21:46:11 -0400] "POST /wp-comments-post.php HTTP/1.1" 302 0 "https://higglehub.com/a-comprehensive-guide-to-multichannel-marketing/#comment-6219" "Mozilla/5.0 (Windows NT 10.0; Win64; x64) AppleWebKit/537.36 (KHTML, like Gecko) Chrome/131.0.0.0 Safari/537.36"
198.54.114.83 - - [15/Apr/2025:21:46:19 -0400] "POST /wp-cron.php?doing_wp_cron=1744767975.9626829624176025390625 HTTP/1.1" 200 0 "-" "WordPress/6.7.2; https://higglehub.com"
212.34.140.72 - - [15/Apr/2025:21:46:22 -0400] "GET /a-comprehensive-guide-to-multichannel-marketing/ HTTP/1.1" 200 11476 "https://higglehub.com/a-comprehensive-guide-to-multichannel-marketing/#comment-6322" "Mozilla/5.0 (Windows NT 10.0; Win64; x64) AppleWebKit/537.36 (KHTML, like Gecko) Chrome/131.0.0.0 Safari/537.36"
198.54.114.83 - - [15/Apr/2025:21:54:59 -0400] "POST /wp-cron.php?doing_wp_cron=1744768496.3177099227905273437500 HTTP/1.1" 200 0 "-" "WordPress/6.7.2; https://higglehub.com"
166.108.193.120 - - [15/Apr/2025:21:54:50 -0400] "GET /author/admin/page/9/ HTTP/1.1" 200 10440 "https://higglehub.com/author/admin/page/9/" "Mozilla/5.0 (Macintosh; Intel Mac OS X 10_15_7) AppleWebKit/537.36 (KHTML, like Gecko) Chrome/119.0.0.0 Safari/537.36"
185.121.234.211 - - [15/Apr/2025:21:57:39 -0400] "GET /gitarrenunterricht-in-dusseldorf-ihr-weg-zur-musikalischen-entfaltung/ HTTP/1.1" 200 10815 "https://higglehub.com/gitarrenunterricht-in-dusseldorf-ihr-weg-zur-musikalischen-entfaltung/" "Mozilla/5.0 (Windows NT 6.1; Win64; x64) AppleWebKit/537.36 (KHTML, like Gecko) Chrome/103.0.5060.114 Safari/537.36"
185.121.234.211 - - [15/Apr/2025:21:57:42 -0400] "POST /wp-comments-post.php HTTP/1.1" 302 0 "https://higglehub.com/gitarrenunterricht-in-dusseldorf-ihr-weg-zur-musikalischen-entfaltung/" "Mozilla/5.0 (Windows NT 6.1; Win64; x64) AppleWebKit/537.36 (KHTML, like Gecko) Chrome/103.0.5060.114 Safari/537.36"
198.54.114.83 - - [15/Apr/2025:21:57:50 -0400] "POST /wp-cron.php?doing_wp_cron=1744768667.2726330757141113281250 HTTP/1.1" 200 0 "-" "WordPress/6.7.2; https://higglehub.com"
185.121.234.211 - - [15/Apr/2025:21:57:54 -0400] "GET /gitarrenunterricht-in-dusseldorf-ihr-weg-zur-musikalischen-entfaltung/ HTTP/1.1" 200 11343 "https://higglehub.com/gitarrenunterricht-in-dusseldorf-ihr-weg-zur-musikalischen-entfaltung/#comment-6323" "Mozilla/5.0 (Windows NT 6.1; Win64; x64) AppleWebKit/537.36 (KHTML, like Gecko) Chrome/103.0.5060.114 Safari/537.36"
162.243.72.223 - - [15/Apr/2025:21:59:05 -0400] "GET /wp-login.php HTTP/1.1" 200 1765 "-" "GRequests/0.10"
198.54.114.83 - - [15/Apr/2025:21:59:08 -0400] "POST /wp-cron.php?doing_wp_cron=1744768747.5724630355834960937500 HTTP/1.1" 200 0 "-" "WordPress/6.7.2; https://higglehub.com"
198.54.114.83 - - [15/Apr/2025:21:59:11 -0400] "POST /wp-admin/admin-ajax.php?action=async_litespeed&nonce=gM5AgiTwXp6FDaZ54a8Xo60L5WLa8obD&litespeed_type=imgoptm HTTP/1.1" 200 0 "-" "WordPress/6.7.2; https://higglehub.com"
162.243.72.223 - - [15/Apr/2025:21:59:06 -0400] "POST /wp-login.php HTTP/1.1" 200 1895 "-" "GRequests/0.10"
159.89.172.84 - - [15/Apr/2025:22:03:14 -0400] "GET /wp-login.php HTTP/1.1" 200 1765 "-" "GRequests/0.10"
198.54.114.83 - - [15/Apr/2025:22:03:27 -0400] "POST /wp-cron.php?doing_wp_cron=1744769006.4422340393066406250000 HTTP/1.1" 200 0 "-" "WordPress/6.7.2; https://higglehub.com"
159.89.172.84 - - [15/Apr/2025:22:03:15 -0400] "POST /wp-login.php HTTP/1.1" 200 1897 "-" "GRequests/0.10"
212.34.147.142 - - [15/Apr/2025:22:07:45 -0400] "GET /gitarrenunterricht-in-dusseldorf-ihr-weg-zur-musikalischen-entfaltung/ HTTP/1.1" 200 10815 "https://higglehub.com/gitarrenunterricht-in-dusseldorf-ihr-weg-zur-musikalischen-entfaltung/" "Mozilla/5.0 (Windows NT 10.0; Win64; x64) AppleWebKit/537.36 (KHTML, like Gecko) Chrome/130.0.0.0 Safari/537.36 CCleaner/130.0.0.0"
198.54.114.83 - - [15/Apr/2025:22:07:53 -0400] "POST /wp-cron.php?doing_wp_cron=1744769272.4944980144500732421875 HTTP/1.1" 200 0 "-" "WordPress/6.7.2; https://higglehub.com"
212.34.147.142 - - [15/Apr/2025:22:07:46 -0400] "POST /wp-comments-post.php HTTP/1.1" 302 0 "https://higglehub.com/gitarrenunterricht-in-dusseldorf-ihr-weg-zur-musikalischen-entfaltung/" "Mozilla/5.0 (Windows NT 10.0; Win64; x64) AppleWebKit/537.36 (KHTML, like Gecko) Chrome/130.0.0.0 Safari/537.36 CCleaner/130.0.0.0"
212.34.147.142 - - [15/Apr/2025:22:08:00 -0400] "GET /gitarrenunterricht-in-dusseldorf-ihr-weg-zur-musikalischen-entfaltung/ HTTP/1.1" 200 11418 "https://higglehub.com/gitarrenunterricht-in-dusseldorf-ihr-weg-zur-musikalischen-entfaltung/#comment-6324" "Mozilla/5.0 (Windows NT 10.0; Win64; x64) AppleWebKit/537.36 (KHTML, like Gecko) Chrome/130.0.0.0 Safari/537.36 CCleaner/130.0.0.0"
91.222.174.85 - - [15/Apr/2025:22:22:08 -0400] "GET / HTTP/1.1" 200 10353 "-" "Mozilla/5.0 (Macintosh; Intel Mac OS X 10_15_7) AppleWebKit/605.1.15 (KHTML, like Gecko) Version/17.4.1 Safari/605.3.27"
2001:19f0:9000:258c:5400:5ff:fe62:6be5 - - [15/Apr/2025:22:23:27 -0400] "GET / HTTP/1.1" 200 10353 "-" "axios/1.7.7"
2001:19f0:9000:258c:5400:5ff:fe62:6be5 - - [15/Apr/2025:22:23:33 -0400] "GET / HTTP/1.1" 200 10353 "-" "axios/1.7.7"
2001:19f0:9002:25cb:5400:4ff:fec7:cda6 - - [15/Apr/2025:22:23:42 -0400] "GET / HTTP/1.1" 200 10353 "-" "Mozilla/5.0 (Macintosh; Intel Mac OS X 10_15_7) AppleWebKit/605.1.15 (KHTML, like Gecko) Version/17.5 Safari/605.1.15 mDI/1.0"
2001:19f0:9002:2be5:5400:4ff:fec7:ecf0 - - [15/Apr/2025:22:23:43 -0400] "GET /robots.txt HTTP/1.1" 200 61 "http://higglehub.com/robots.txt" "Mozilla/5.0 (Macintosh; Intel Mac OS X 10_15_7) AppleWebKit/605.1.15 (KHTML, like Gecko) Version/17.5 Safari/605.1.15 mDI/1.0"
2001:19f0:9002:25cb:5400:4ff:fec7:cda6 - - [15/Apr/2025:22:23:44 -0400] "GET / HTTP/1.1" 200 10353 "http://higglehub.com/" "Mozilla/5.0 (Macintosh; Intel Mac OS X 10_15_7) AppleWebKit/605.1.15 (KHTML, like Gecko) Version/17.5 Safari/605.1.15 mDI/1.0"
198.54.114.83 - - [15/Apr/2025:22:23:49 -0400] "POST /wp-cron.php?doing_wp_cron=1744770229.3408300876617431640625 HTTP/1.1" 200 0 "-" "WordPress/6.7.2; https://higglehub.com"
198.54.114.83 - - [15/Apr/2025:22:23:49 -0400] "POST /wp-cron.php?doing_wp_cron=1744770228.4208970069885253906250 HTTP/1.1" 200 0 "-" "WordPress/6.7.2; https://higglehub.com"
198.54.114.83 - - [15/Apr/2025:22:23:49 -0400] "POST /wp-cron.php?doing_wp_cron=1744770228.6923680305480957031250 HTTP/1.1" 200 0 "-" "WordPress/6.7.2; https://higglehub.com"
2001:19f0:9002:1b86:5400:5ff:fe40:4a68 - - [15/Apr/2025:22:23:44 -0400] "GET /sitemap.xml HTTP/1.1" 301 0 "http://higglehub.com/sitemap.xml" "Mozilla/5.0 (Macintosh; Intel Mac OS X 10_15_7) AppleWebKit/605.1.15 (KHTML, like Gecko) Version/17.5 Safari/605.1.15 mDI/1.0"
91.222.174.85 - - [15/Apr/2025:22:23:51 -0400] "GET /favicon.ico HTTP/1.1" 404 1251 "-" "Mozilla/5.0 (Macintosh; Intel Mac OS X 10_15_7) AppleWebKit/605.1.15 (KHTML, like Gecko) Version/17.4.1 Safari/605.3.27"
2001:19f0:9002:2be5:5400:4ff:fec7:ecf0 - - [15/Apr/2025:22:23:44 -0400] "GET /blog HTTP/1.1" 404 7269 "http://higglehub.com/blog" "Mozilla/5.0 (Macintosh; Intel Mac OS X 10_15_7) AppleWebKit/605.1.15 (KHTML, like Gecko) Version/17.5 Safari/605.1.15 mDI/1.0"
2001:19f0:9003:e0b:5400:5ff:fe40:4a69 - - [15/Apr/2025:22:23:46 -0400] "GET /2023/11/ HTTP/1.1" 200 9354 "-" "Mozilla/5.0 (Macintosh; Intel Mac OS X 10_15_7) AppleWebKit/605.1.15 (KHTML, like Gecko) Version/17.5 Safari/605.1.15 mDI/1.0"
2001:19f0:9002:1b86:5400:5ff:fe40:4a68 - - [15/Apr/2025:22:23:50 -0400] "GET /wp-sitemap.xml HTTP/1.1" 404 7269 "https://higglehub.com/sitemap.xml" "Mozilla/5.0 (Macintosh; Intel Mac OS X 10_15_7) AppleWebKit/605.1.15 (KHTML, like Gecko) Version/17.5 Safari/605.1.15 mDI/1.0"
198.54.114.83 - - [15/Apr/2025:22:23:54 -0400] "POST /wp-admin/admin-ajax.php?action=async_litespeed&nonce=zCwbANzNhZeuphNjfD3TYp9AH4rAUbDT&litespeed_type=imgoptm HTTP/1.1" 200 0 "-" "WordPress/6.7.2; https://higglehub.com"
2001:19f0:9002:1b86:5400:5ff:fe40:4a68 - - [15/Apr/2025:22:23:54 -0400] "GET /2024/07/ HTTP/1.1" 200 8686 "-" "Mozilla/5.0 (Macintosh; Intel Mac OS X 10_15_7) AppleWebKit/605.1.15 (KHTML, like Gecko) Version/17.5 Safari/605.1.15 mDI/1.0"
2001:19f0:9002:2be5:5400:4ff:fec7:ecf0 - - [15/Apr/2025:22:23:57 -0400] "GET /category/education/ HTTP/1.1" 200 8264 "-" "Mozilla/5.0 (Macintosh; Intel Mac OS X 10_15_7) AppleWebKit/605.1.15 (KHTML, like Gecko) Version/17.5 Safari/605.1.15 mDI/1.0"
2001:19f0:9002:1b86:5400:5ff:fe40:4a68 - - [15/Apr/2025:22:23:57 -0400] "GET /sitemap.xml.gz HTTP/1.1" 301 0 "http://higglehub.com/sitemap.xml.gz" "Mozilla/5.0 (Macintosh; Intel Mac OS X 10_15_7) AppleWebKit/605.1.15 (KHTML, like Gecko) Version/17.5 Safari/605.1.15 mDI/1.0"
2001:19f0:9002:2be5:5400:4ff:fec7:ecf0 - - [15/Apr/2025:22:23:56 -0400] "GET /blog/ HTTP/1.1" 404 7270 "http://higglehub.com/blog/" "Mozilla/5.0 (Macintosh; Intel Mac OS X 10_15_7) AppleWebKit/605.1.15 (KHTML, like Gecko) Version/17.5 Safari/605.1.15 mDI/1.0"
2001:19f0:9002:1b86:5400:5ff:fe40:4a68 - - [15/Apr/2025:22:24:03 -0400] "GET /wp-sitemap.xml HTTP/1.1" 404 7269 "https://higglehub.com/sitemap.xml.gz" "Mozilla/5.0 (Macintosh; Intel Mac OS X 10_15_7) AppleWebKit/605.1.15 (KHTML, like Gecko) Version/17.5 Safari/605.1.15 mDI/1.0"
2001:19f0:9003:e0b:5400:5ff:fe40:4a69 - - [15/Apr/2025:22:23:59 -0400] "GET /category/legal-law/ HTTP/1.1" 200 8247 "-" "Mozilla/5.0 (Macintosh; Intel Mac OS X 10_15_7) AppleWebKit/605.1.15 (KHTML, like Gecko) Version/17.5 Safari/605.1.15 mDI/1.0"
2001:19f0:9000:2e1f:5400:5ff:fe46:bcd3 - - [15/Apr/2025:22:24:08 -0400] "GET /sitemap.xml HTTP/1.1" 301 0 "-" "axios/1.7.7"
2001:19f0:9002:1b86:5400:5ff:fe40:4a68 - - [15/Apr/2025:22:24:06 -0400] "GET /category/media-music/ HTTP/1.1" 200 8249 "-" "Mozilla/5.0 (Macintosh; Intel Mac OS X 10_15_7) AppleWebKit/605.1.15 (KHTML, like Gecko) Version/17.5 Safari/605.1.15 mDI/1.0"
2001:19f0:9000:2e1f:5400:5ff:fe46:bcd3 - - [15/Apr/2025:22:24:12 -0400] "GET /wp-sitemap.xml HTTP/1.1" 404 7269 "-" "axios/1.7.7"
2001:19f0:9002:1b86:5400:5ff:fe40:4a68 - - [15/Apr/2025:22:24:11 -0400] "GET /sitemap.gz HTTP/1.1" 404 7270 "http://higglehub.com/sitemap.gz" "Mozilla/5.0 (Macintosh; Intel Mac OS X 10_15_7) AppleWebKit/605.1.15 (KHTML, like Gecko) Version/17.5 Safari/605.1.15 mDI/1.0"
2001:19f0:9002:1b86:5400:5ff:fe40:4a68 - - [15/Apr/2025:22:24:12 -0400] "GET /revamp-your-space-with-professional-bathroom-renovations-in-western-suburbs-melbourne/ HTTP/1.1" 200 11232 "-" "Mozilla/5.0 (Macintosh; Intel Mac OS X 10_15_7) AppleWebKit/605.1.15 (KHTML, like Gecko) Version/17.5 Safari/605.1.15 mDI/1.0"
2001:19f0:9002:25cb:5400:4ff:fec7:cda6 - - [15/Apr/2025:22:24:16 -0400] "GET /category/beauty/ HTTP/1.1" 200 8259 "-" "Mozilla/5.0 (Macintosh; Intel Mac OS X 10_15_7) AppleWebKit/605.1.15 (KHTML, like Gecko) Version/17.5 Safari/605.1.15 mDI/1.0"
2001:19f0:9003:e0b:5400:5ff:fe40:4a69 - - [15/Apr/2025:22:24:19 -0400] "GET /category/sports/ HTTP/1.1" 200 8254 "-" "Mozilla/5.0 (Macintosh; Intel Mac OS X 10_15_7) AppleWebKit/605.1.15 (KHTML, like Gecko) Version/17.5 Safari/605.1.15 mDI/1.0"
198.98.60.152 - - [15/Apr/2025:22:24:21 -0400] "GET / HTTP/1.1" 200 10353 "http://www.google.com.hk" "Mozilla/5.0 (Windows NT 6.1; WOW64) AppleWebKit/537.36 (KHTML, like Gecko) Chrome/42.0.2311.90 Safari/537.36"
2001:19f0:9002:1b86:5400:5ff:fe40:4a68 - - [15/Apr/2025:22:24:23 -0400] "GET /page/2/ HTTP/1.1" 200 10796 "-" "Mozilla/5.0 (Macintosh; Intel Mac OS X 10_15_7) AppleWebKit/605.1.15 (KHTML, like Gecko) Version/17.5 Safari/605.1.15 mDI/1.0"
2001:19f0:9002:25cb:5400:4ff:fec7:cda6 - - [15/Apr/2025:22:24:26 -0400] "GET /perfect-bathroom-renovations-in-melbournes-western-suburbs/ HTTP/1.1" 200 11203 "-" "Mozilla/5.0 (Macintosh; Intel Mac OS X 10_15_7) AppleWebKit/605.1.15 (KHTML, like Gecko) Version/17.5 Safari/605.1.15 mDI/1.0"
198.54.114.83 - - [15/Apr/2025:22:24:28 -0400] "POST /wp-cron.php?doing_wp_cron=1744770266.1898200511932373046875 HTTP/1.1" 200 0 "-" "WordPress/6.7.2; https://higglehub.com"
198.98.60.152 - - [15/Apr/2025:22:24:25 -0400] "GET /?author=1 HTTP/1.1" 301 0 "http://www.google.com.hk" "Mozilla/5.0 (Windows NT 6.1; WOW64) AppleWebKit/537.36 (KHTML, like Gecko) Chrome/42.0.2311.90 Safari/537.36"
2001:19f0:9002:1b86:5400:5ff:fe40:4a68 - - [15/Apr/2025:22:24:28 -0400] "GET /professionelle-hilfe-bei-der-wohnungsauflosung-in-luneburg/ HTTP/1.1" 200 11167 "-" "Mozilla/5.0 (Macintosh; Intel Mac OS X 10_15_7) AppleWebKit/605.1.15 (KHTML, like Gecko) Version/17.5 Safari/605.1.15 mDI/1.0"
2001:19f0:9003:e0b:5400:5ff:fe40:4a69 - - [15/Apr/2025:22:24:32 -0400] "GET /2024/10/ HTTP/1.1" 200 10502 "-" "Mozilla/5.0 (Macintosh; Intel Mac OS X 10_15_7) AppleWebKit/605.1.15 (KHTML, like Gecko) Version/17.5 Safari/605.1.15 mDI/1.0"
2001:19f0:9000:2e1f:5400:5ff:fe46:bcd3 - - [15/Apr/2025:22:24:34 -0400] "GET /sitemap.xml HTTP/1.1" 301 0 "-" "axios/1.7.7"
198.98.60.152 - - [15/Apr/2025:22:24:33 -0400] "GET /author/ashdev/ HTTP/1.1" 200 10834 "http://www.google.com.hk" "Mozilla/5.0 (Windows NT 6.1; WOW64) AppleWebKit/537.36 (KHTML, like Gecko) Chrome/42.0.2311.90 Safari/537.36"
2001:19f0:9002:25cb:5400:4ff:fec7:cda6 - - [15/Apr/2025:22:24:35 -0400] "GET /category/general/ HTTP/1.1" 200 8253 "-" "Mozilla/5.0 (Macintosh; Intel Mac OS X 10_15_7) AppleWebKit/605.1.15 (KHTML, like Gecko) Version/17.5 Safari/605.1.15 mDI/1.0"
2001:19f0:9000:2e1f:5400:5ff:fe46:bcd3 - - [15/Apr/2025:22:24:37 -0400] "GET /wp-sitemap.xml HTTP/1.1" 404 7269 "-" "axios/1.7.7"
2001:19f0:9002:25cb:5400:4ff:fec7:cda6 - - [15/Apr/2025:22:24:38 -0400] "GET /category/stock-trading/ HTTP/1.1" 200 8248 "-" "Mozilla/5.0 (Macintosh; Intel Mac OS X 10_15_7) AppleWebKit/605.1.15 (KHTML, like Gecko) Version/17.5 Safari/605.1.15 mDI/1.0"
198.98.60.152 - - [15/Apr/2025:22:24:38 -0400] "GET /wp-login.php?wp_lang=e HTTP/1.1" 200 1762 "-" "Mozilla/5.0 (Macintosh; Intel Mac OS X 10_9_4 AppleWebKit/537.36 (KHTML, like Gecko) Chrome/36.0.1985.125 Safari/537.36"
2001:19f0:9000:2e1f:5400:5ff:fe46:bcd3 - - [15/Apr/2025:22:24:38 -0400] "GET /wp-sitemap.xml HTTP/1.1" 404 7269 "-" "axios/1.7.7"
2001:19f0:9002:2be5:5400:4ff:fec7:ecf0 - - [15/Apr/2025:22:24:40 -0400] "GET /umzugsunternehmen-in-luneburg-ihr-zuverlassiger-partner-fur-stressfreie-umzuge/ HTTP/1.1" 200 11277 "-" "Mozilla/5.0 (Macintosh; Intel Mac OS X 10_15_7) AppleWebKit/605.1.15 (KHTML, like Gecko) Version/17.5 Safari/605.1.15 mDI/1.0"
198.98.60.152 - - [15/Apr/2025:22:24:39 -0400] "POST /wp-login.php?wp_lang=e HTTP/1.1" 200 1897 "-" "Mozilla/5.0 (Macintosh; Intel Mac OS X 10_9_4 AppleWebKit/537.36 (KHTML, like Gecko) Chrome/36.0.1985.125 Safari/537.36"
2001:19f0:9002:2be5:5400:4ff:fec7:ecf0 - - [15/Apr/2025:22:24:41 -0400] "GET /category/home-kitchen/ HTTP/1.1" 200 8262 "-" "Mozilla/5.0 (Macintosh; Intel Mac OS X 10_15_7) AppleWebKit/605.1.15 (KHTML, like Gecko) Version/17.5 Safari/605.1.15 mDI/1.0"
45.39.5.150 - - [15/Apr/2025:22:24:44 -0400] "GET /sitemap.xml.gz HTTP/1.1" 301 0 "-" "axios/1.7.7"
2001:19f0:9003:e0b:5400:5ff:fe40:4a69 - - [15/Apr/2025:22:24:45 -0400] "GET /2023/12/ HTTP/1.1" 200 10106 "-" "Mozilla/5.0 (Macintosh; Intel Mac OS X 10_15_7) AppleWebKit/605.1.15 (KHTML, like Gecko) Version/17.5 Safari/605.1.15 mDI/1.0"
2001:19f0:9003:e0b:5400:5ff:fe40:4a69 - - [15/Apr/2025:22:24:48 -0400] "GET /author/admin/ HTTP/1.1" 200 10502 "-" "Mozilla/5.0 (Macintosh; Intel Mac OS X 10_15_7) AppleWebKit/605.1.15 (KHTML, like Gecko) Version/17.5 Safari/605.1.15 mDI/1.0"
2001:19f0:9003:e0b:5400:5ff:fe40:4a69 - - [15/Apr/2025:22:24:53 -0400] "GET /category/others/ HTTP/1.1" 200 8254 "-" "Mozilla/5.0 (Macintosh; Intel Mac OS X 10_15_7) AppleWebKit/605.1.15 (KHTML, like Gecko) Version/17.5 Safari/605.1.15 mDI/1.0"
2001:19f0:9002:2be5:5400:4ff:fec7:ecf0 - - [15/Apr/2025:22:24:56 -0400] "GET /category/home-improvement/ HTTP/1.1" 200 8259 "-" "Mozilla/5.0 (Macintosh; Intel Mac OS X 10_15_7) AppleWebKit/605.1.15 (KHTML, like Gecko) Version/17.5 Safari/605.1.15 mDI/1.0"
2001:19f0:9002:2be5:5400:4ff:fec7:ecf0 - - [15/Apr/2025:22:24:59 -0400] "GET /page/53/ HTTP/1.1" 200 9084 "-" "Mozilla/5.0 (Macintosh; Intel Mac OS X 10_15_7) AppleWebKit/605.1.15 (KHTML, like Gecko) Version/17.5 Safari/605.1.15 mDI/1.0"
2001:19f0:9002:2be5:5400:4ff:fec7:ecf0 - - [15/Apr/2025:22:25:00 -0400] "GET /category/food-dring/ HTTP/1.1" 200 8254 "-" "Mozilla/5.0 (Macintosh; Intel Mac OS X 10_15_7) AppleWebKit/605.1.15 (KHTML, like Gecko) Version/17.5 Safari/605.1.15 mDI/1.0"
2001:19f0:9002:1b86:5400:5ff:fe40:4a68 - - [15/Apr/2025:22:25:04 -0400] "GET /2024/01/ HTTP/1.1" 200 10687 "-" "Mozilla/5.0 (Macintosh; Intel Mac OS X 10_15_7) AppleWebKit/605.1.15 (KHTML, like Gecko) Version/17.5 Safari/605.1.15 mDI/1.0"
2001:19f0:9000:2e1f:5400:5ff:fe46:bcd3 - - [15/Apr/2025:22:25:06 -0400] "GET /sitemap.gz HTTP/1.1" 404 7270 "-" "axios/1.7.7"
2001:19f0:9002:25cb:5400:4ff:fec7:cda6 - - [15/Apr/2025:22:25:07 -0400] "GET /category/arts-entertainments/ HTTP/1.1" 200 10513 "-" "Mozilla/5.0 (Macintosh; Intel Mac OS X 10_15_7) AppleWebKit/605.1.15 (KHTML, like Gecko) Version/17.5 Safari/605.1.15 mDI/1.0"
2001:19f0:9002:1b86:5400:5ff:fe40:4a68 - - [15/Apr/2025:22:25:09 -0400] "GET /category/travel-tours/ HTTP/1.1" 200 8258 "-" "Mozilla/5.0 (Macintosh; Intel Mac OS X 10_15_7) AppleWebKit/605.1.15 (KHTML, like Gecko) Version/17.5 Safari/605.1.15 mDI/1.0"
64.137.92.196 - - [15/Apr/2025:22:25:13 -0400] "GET /sitemap.gz HTTP/1.1" 404 7270 "-" "axios/1.7.7"
2001:19f0:9002:2be5:5400:4ff:fec7:ecf0 - - [15/Apr/2025:22:25:13 -0400] "GET /category/health-fitness/ HTTP/1.1" 200 9700 "-" "Mozilla/5.0 (Macintosh; Intel Mac OS X 10_15_7) AppleWebKit/605.1.15 (KHTML, like Gecko) Version/17.5 Safari/605.1.15 mDI/1.0"
2001:19f0:9002:2be5:5400:4ff:fec7:ecf0 - - [15/Apr/2025:22:25:15 -0400] "GET /2024/05/ HTTP/1.1" 200 8935 "-" "Mozilla/5.0 (Macintosh; Intel Mac OS X 10_15_7) AppleWebKit/605.1.15 (KHTML, like Gecko) Version/17.5 Safari/605.1.15 mDI/1.0"
2001:19f0:9000:258c:5400:5ff:fe62:6be5 - - [15/Apr/2025:22:25:19 -0400] "GET / HTTP/1.1" 200 10353 "-" "Mozilla/5.0 (Windows NT 10.0; Win64; x64) AppleWebKit/537.36 (KHTML, like Gecko) Chrome/91.0.4472.124 Safari/537.36 Vivaldi/4.0.2312.33"
2001:19f0:9002:1b86:5400:5ff:fe40:4a68 - - [15/Apr/2025:22:25:20 -0400] "GET /umzugsunternehmen-in-luneburg-ein-uberblick/ HTTP/1.1" 200 10905 "-" "Mozilla/5.0 (Macintosh; Intel Mac OS X 10_15_7) AppleWebKit/605.1.15 (KHTML, like Gecko) Version/17.5 Safari/605.1.15 mDI/1.0"
2001:19f0:9002:2be5:5400:4ff:fec7:ecf0 - - [15/Apr/2025:22:25:23 -0400] "GET /umzugsunternehmen-in-luneburg-ihre-zuverlassigen-partner/ HTTP/1.1" 200 10959 "-" "Mozilla/5.0 (Macintosh; Intel Mac OS X 10_15_7) AppleWebKit/605.1.15 (KHTML, like Gecko) Version/17.5 Safari/605.1.15 mDI/1.0"
2001:19f0:9002:2be5:5400:4ff:fec7:ecf0 - - [15/Apr/2025:22:25:25 -0400] "GET /category/family-relationship/ HTTP/1.1" 200 8259 "-" "Mozilla/5.0 (Macintosh; Intel Mac OS X 10_15_7) AppleWebKit/605.1.15 (KHTML, like Gecko) Version/17.5 Safari/605.1.15 mDI/1.0"
38.225.23.244 - - [15/Apr/2025:22:25:28 -0400] "GET / HTTP/1.1" 200 10353 "-" "Mozilla/5.0 (Macintosh; Intel Mac OS X 10_15_7) AppleWebKit/537.36 (KHTML, like Gecko) Chrome/91.0.4472.124 Safari/537.36 OPR/77.0.4054.277"
198.54.114.83 - - [15/Apr/2025:22:25:28 -0400] "POST /wp-cron.php?doing_wp_cron=1744770326.7829608917236328125000 HTTP/1.1" 200 0 "-" "WordPress/6.7.2; https://higglehub.com"
2001:19f0:9002:1b86:5400:5ff:fe40:4a68 - - [15/Apr/2025:22:25:26 -0400] "GET /category/lifestyle-fashion/ HTTP/1.1" 200 8242 "-" "Mozilla/5.0 (Macintosh; Intel Mac OS X 10_15_7) AppleWebKit/605.1.15 (KHTML, like Gecko) Version/17.5 Safari/605.1.15 mDI/1.0"
2001:19f0:9002:2be5:5400:4ff:fec7:ecf0 - - [15/Apr/2025:22:25:29 -0400] "GET /ihr-zuverlassiger-umzugsservice-in-luneburg-2/ HTTP/1.1" 200 11173 "-" "Mozilla/5.0 (Macintosh; Intel Mac OS X 10_15_7) AppleWebKit/605.1.15 (KHTML, like Gecko) Version/17.5 Safari/605.1.15 mDI/1.0"
2001:19f0:9002:1b86:5400:5ff:fe40:4a68 - - [15/Apr/2025:22:25:32 -0400] "GET /category/how-to/ HTTP/1.1" 200 9235 "-" "Mozilla/5.0 (Macintosh; Intel Mac OS X 10_15_7) AppleWebKit/605.1.15 (KHTML, like Gecko) Version/17.5 Safari/605.1.15 mDI/1.0"
2001:19f0:9002:2be5:5400:4ff:fec7:ecf0 - - [15/Apr/2025:22:25:34 -0400] "GET /2023/09/ HTTP/1.1" 200 9201 "-" "Mozilla/5.0 (Macintosh; Intel Mac OS X 10_15_7) AppleWebKit/605.1.15 (KHTML, like Gecko) Version/17.5 Safari/605.1.15 mDI/1.0"
2001:19f0:9002:1b86:5400:5ff:fe40:4a68 - - [15/Apr/2025:22:25:36 -0400] "GET /blissful-living-amidst-the-sunshine/ HTTP/1.1" 200 11182 "-" "Mozilla/5.0 (Macintosh; Intel Mac OS X 10_15_7) AppleWebKit/605.1.15 (KHTML, like Gecko) Version/17.5 Safari/605.1.15 mDI/1.0"
2001:19f0:9002:25cb:5400:4ff:fec7:cda6 - - [15/Apr/2025:22:25:39 -0400] "GET /category/digital-marketing/ HTTP/1.1" 200 8264 "-" "Mozilla/5.0 (Macintosh; Intel Mac OS X 10_15_7) AppleWebKit/605.1.15 (KHTML, like Gecko) Version/17.5 Safari/605.1.15 mDI/1.0"
2001:19f0:9002:2be5:5400:4ff:fec7:ecf0 - - [15/Apr/2025:22:25:42 -0400] "GET /2025/01/ HTTP/1.1" 200 10399 "-" "Mozilla/5.0 (Macintosh; Intel Mac OS X 10_15_7) AppleWebKit/605.1.15 (KHTML, like Gecko) Version/17.5 Safari/605.1.15 mDI/1.0"
2001:19f0:9002:2be5:5400:4ff:fec7:ecf0 - - [15/Apr/2025:22:25:45 -0400] "GET /category/gaming/ HTTP/1.1" 200 8266 "-" "Mozilla/5.0 (Macintosh; Intel Mac OS X 10_15_7) AppleWebKit/605.1.15 (KHTML, like Gecko) Version/17.5 Safari/605.1.15 mDI/1.0"
2001:19f0:9002:1b86:5400:5ff:fe40:4a68 - - [15/Apr/2025:22:25:48 -0400] "GET /2024/08/ HTTP/1.1" 200 10430 "-" "Mozilla/5.0 (Macintosh; Intel Mac OS X 10_15_7) AppleWebKit/605.1.15 (KHTML, like Gecko) Version/17.5 Safari/605.1.15 mDI/1.0"
2001:19f0:9003:e0b:5400:5ff:fe40:4a69 - - [15/Apr/2025:22:25:51 -0400] "GET /2024/02/ HTTP/1.1" 200 10920 "-" "Mozilla/5.0 (Macintosh; Intel Mac OS X 10_15_7) AppleWebKit/605.1.15 (KHTML, like Gecko) Version/17.5 Safari/605.1.15 mDI/1.0"
