154.83.103.106 - - [16/Apr/2025:01:24:56 -0400] "GET /wp-login.php?redirect_to=https%3A%2F%2Fhigglehub.com%2Fwp-admin%2F&reauth=1 HTTP/1.1" 200 1764 "-" "Mozilla/5.0 (Windows NT 10.0; Win64; x64) AppleWebKit/537.36 (KHTML, like Gecko) Chrome/91.0.4472.124 Safari/537.36"
154.83.103.106 - - [16/Apr/2025:01:24:58 -0400] "GET /downloader/ HTTP/1.1" 404 7269 "-" "Mozilla/5.0 (Windows NT 10.0; Win64; x64) AppleWebKit/537.36 (KHTML, like Gecko) Chrome/91.0.4472.124 Safari/537.36"
154.83.103.106 - - [16/Apr/2025:01:25:00 -0400] "GET /index.php/admin HTTP/1.1" 301 0 "-" "Mozilla/5.0 (Windows NT 10.0; Win64; x64) AppleWebKit/537.36 (KHTML, like Gecko) Chrome/91.0.4472.124 Safari/537.36"
154.83.103.106 - - [16/Apr/2025:01:25:03 -0400] "GET /admin HTTP/1.1" 302 0 "-" "Mozilla/5.0 (Windows NT 10.0; Win64; x64) AppleWebKit/537.36 (KHTML, like Gecko) Chrome/91.0.4472.124 Safari/537.36"
154.83.103.106 - - [16/Apr/2025:01:25:06 -0400] "GET /wp-admin/ HTTP/1.1" 302 0 "-" "Mozilla/5.0 (Windows NT 10.0; Win64; x64) AppleWebKit/537.36 (KHTML, like Gecko) Chrome/91.0.4472.124 Safari/537.36"
154.83.103.106 - - [16/Apr/2025:01:25:10 -0400] "GET /wp-login.php?redirect_to=https%3A%2F%2Fhigglehub.com%2Fwp-admin%2F&reauth=1 HTTP/1.1" 200 1764 "-" "Mozilla/5.0 (Windows NT 10.0; Win64; x64) AppleWebKit/537.36 (KHTML, like Gecko) Chrome/91.0.4472.124 Safari/537.36"
154.83.103.106 - - [16/Apr/2025:01:25:13 -0400] "GET /index.php/install HTTP/1.1" 301 0 "-" "Mozilla/5.0 (Windows NT 10.0; Win64; x64) AppleWebKit/537.36 (KHTML, like Gecko) Chrome/91.0.4472.124 Safari/537.36"
154.83.103.106 - - [16/Apr/2025:01:25:17 -0400] "GET /install HTTP/1.1" 404 7270 "-" "Mozilla/5.0 (Windows NT 10.0; Win64; x64) AppleWebKit/537.36 (KHTML, like Gecko) Chrome/91.0.4472.124 Safari/537.36"
154.83.103.106 - - [16/Apr/2025:01:25:21 -0400] "GET /index.php/updater HTTP/1.1" 301 0 "-" "Mozilla/5.0 (Windows NT 10.0; Win64; x64) AppleWebKit/537.36 (KHTML, like Gecko) Chrome/91.0.4472.124 Safari/537.36"
154.83.103.106 - - [16/Apr/2025:01:25:24 -0400] "GET /updater HTTP/1.1" 404 7270 "-" "Mozilla/5.0 (Windows NT 10.0; Win64; x64) AppleWebKit/537.36 (KHTML, like Gecko) Chrome/91.0.4472.124 Safari/537.36"
198.54.114.83 - - [16/Apr/2025:01:25:27 -0400] "POST /wp-cron.php?doing_wp_cron=1744781124.9644560813903808593750 HTTP/1.1" 200 0 "-" "WordPress/6.7.2; https://higglehub.com"
154.83.103.106 - - [16/Apr/2025:01:25:28 -0400] "GET /magento_version HTTP/1.1" 404 7270 "-" "Mozilla/5.0 (Windows NT 10.0; Win64; x64) AppleWebKit/537.36 (KHTML, like Gecko) Chrome/91.0.4472.124 Safari/537.36"
195.200.31.148 - - [16/Apr/2025:01:25:30 -0400] "GET /gitarrenunterricht-in-dusseldorf-ihr-weg-zur-musikalischen-entfaltung/ HTTP/1.1" 200 10815 "https://higglehub.com/gitarrenunterricht-in-dusseldorf-ihr-weg-zur-musikalischen-entfaltung/#comment-6242" "Mozilla/5.0 (Windows NT 10.0; Win64; x64) AppleWebKit/537.36 (KHTML, like Gecko) Chrome/103.0.5060.134 Safari/537.36"
154.83.103.106 - - [16/Apr/2025:01:25:29 -0400] "GET /pub/errors/ HTTP/1.1" 404 7270 "-" "Mozilla/5.0 (Windows NT 10.0; Win64; x64) AppleWebKit/537.36 (KHTML, like Gecko) Chrome/91.0.4472.124 Safari/537.36"
154.83.103.106 - - [16/Apr/2025:01:25:31 -0400] "GET /pub/media/ HTTP/1.1" 404 7270 "-" "Mozilla/5.0 (Windows NT 10.0; Win64; x64) AppleWebKit/537.36 (KHTML, like Gecko) Chrome/91.0.4472.124 Safari/537.36"
195.200.31.148 - - [16/Apr/2025:01:25:32 -0400] "POST /wp-comments-post.php HTTP/1.1" 302 0 "https://higglehub.com/gitarrenunterricht-in-dusseldorf-ihr-weg-zur-musikalischen-entfaltung/#comment-6242" "Mozilla/5.0 (Windows NT 10.0; Win64; x64) AppleWebKit/537.36 (KHTML, like Gecko) Chrome/103.0.5060.134 Safari/537.36"
154.83.103.106 - - [16/Apr/2025:01:25:34 -0400] "GET /pub/static/ HTTP/1.1" 404 7270 "-" "Mozilla/5.0 (Windows NT 10.0; Win64; x64) AppleWebKit/537.36 (KHTML, like Gecko) Chrome/91.0.4472.124 Safari/537.36"
154.83.103.106 - - [16/Apr/2025:01:25:36 -0400] "GET /setup/ HTTP/1.1" 404 7270 "-" "Mozilla/5.0 (Windows NT 10.0; Win64; x64) AppleWebKit/537.36 (KHTML, like Gecko) Chrome/91.0.4472.124 Safari/537.36"
195.200.31.148 - - [16/Apr/2025:01:25:35 -0400] "GET /gitarrenunterricht-in-dusseldorf-ihr-weg-zur-musikalischen-entfaltung/ HTTP/1.1" 200 11330 "https://higglehub.com/gitarrenunterricht-in-dusseldorf-ihr-weg-zur-musikalischen-entfaltung/#comment-6327" "Mozilla/5.0 (Windows NT 10.0; Win64; x64) AppleWebKit/537.36 (KHTML, like Gecko) Chrome/103.0.5060.134 Safari/537.36"
154.83.103.106 - - [16/Apr/2025:01:25:40 -0400] "GET /update/ HTTP/1.1" 404 7269 "-" "Mozilla/5.0 (Windows NT 10.0; Win64; x64) AppleWebKit/537.36 (KHTML, like Gecko) Chrome/91.0.4472.124 Safari/537.36"
154.83.103.106 - - [16/Apr/2025:01:25:43 -0400] "GET /var/log/ HTTP/1.1" 404 7269 "-" "Mozilla/5.0 (Windows NT 10.0; Win64; x64) AppleWebKit/537.36 (KHTML, like Gecko) Chrome/91.0.4472.124 Safari/537.36"
154.83.103.106 - - [16/Apr/2025:01:25:48 -0400] "GET /var/report/ HTTP/1.1" 404 7269 "-" "Mozilla/5.0 (Windows NT 10.0; Win64; x64) AppleWebKit/537.36 (KHTML, like Gecko) Chrome/91.0.4472.124 Safari/537.36"
154.83.103.106 - - [16/Apr/2025:01:25:50 -0400] "GET /admin-dev/ HTTP/1.1" 404 7270 "-" "Mozilla/5.0 (Windows NT 10.0; Win64; x64) AppleWebKit/537.36 (KHTML, like Gecko) Chrome/91.0.4472.124 Safari/537.36"
154.83.103.106 - - [16/Apr/2025:01:25:52 -0400] "GET /app/config/config.yml HTTP/1.1" 403 1242 "-" "Mozilla/5.0 (Windows NT 10.0; Win64; x64) AppleWebKit/537.36 (KHTML, like Gecko) Chrome/91.0.4472.124 Safari/537.36"
154.83.103.106 - - [16/Apr/2025:01:25:53 -0400] "GET /app/config/parameters.php HTTP/1.1" 404 7269 "-" "Mozilla/5.0 (Windows NT 10.0; Win64; x64) AppleWebKit/537.36 (KHTML, like Gecko) Chrome/91.0.4472.124 Safari/537.36"
154.83.103.106 - - [16/Apr/2025:01:25:56 -0400] "GET /config/settings.inc.php HTTP/1.1" 404 7270 "-" "Mozilla/5.0 (Windows NT 10.0; Win64; x64) AppleWebKit/537.36 (KHTML, like Gecko) Chrome/91.0.4472.124 Safari/537.36"
154.83.103.106 - - [16/Apr/2025:01:26:00 -0400] "GET /docs/ HTTP/1.1" 404 7270 "-" "Mozilla/5.0 (Windows NT 10.0; Win64; x64) AppleWebKit/537.36 (KHTML, like Gecko) Chrome/91.0.4472.124 Safari/537.36"
154.83.103.106 - - [16/Apr/2025:01:26:03 -0400] "GET /install-dev/ HTTP/1.1" 404 7270 "-" "Mozilla/5.0 (Windows NT 10.0; Win64; x64) AppleWebKit/537.36 (KHTML, like Gecko) Chrome/91.0.4472.124 Safari/537.36"
154.83.103.106 - - [16/Apr/2025:01:26:07 -0400] "GET /install/ HTTP/1.1" 404 7270 "-" "Mozilla/5.0 (Windows NT 10.0; Win64; x64) AppleWebKit/537.36 (KHTML, like Gecko) Chrome/91.0.4472.124 Safari/537.36"
154.83.103.106 - - [16/Apr/2025:01:26:10 -0400] "GET /modules/ HTTP/1.1" 404 7270 "-" "Mozilla/5.0 (Windows NT 10.0; Win64; x64) AppleWebKit/537.36 (KHTML, like Gecko) Chrome/91.0.4472.124 Safari/537.36"
154.83.103.106 - - [16/Apr/2025:01:26:14 -0400] "GET /readme.md HTTP/1.1" 404 7270 "-" "Mozilla/5.0 (Windows NT 10.0; Win64; x64) AppleWebKit/537.36 (KHTML, like Gecko) Chrome/91.0.4472.124 Safari/537.36"
154.83.103.106 - - [16/Apr/2025:01:27:13 -0400] "GET /static/css/ HTTP/1.1" 404 7270 "-" "Mozilla/5.0 (Windows NT 10.0; Win64; x64) AppleWebKit/537.36 (KHTML, like Gecko) Chrome/91.0.4472.124 Safari/537.36"
154.83.103.106 - - [16/Apr/2025:01:27:15 -0400] "GET /static/js/ HTTP/1.1" 404 7270 "-" "Mozilla/5.0 (Windows NT 10.0; Win64; x64) AppleWebKit/537.36 (KHTML, like Gecko) Chrome/91.0.4472.124 Safari/537.36"
154.83.103.106 - - [16/Apr/2025:01:27:17 -0400] "GET /tsconfig.json HTTP/1.1" 404 7270 "-" "Mozilla/5.0 (Windows NT 10.0; Win64; x64) AppleWebKit/537.36 (KHTML, like Gecko) Chrome/91.0.4472.124 Safari/537.36"
154.83.103.106 - - [16/Apr/2025:01:27:20 -0400] "GET /vite.config.js HTTP/1.1" 404 7269 "-" "Mozilla/5.0 (Windows NT 10.0; Win64; x64) AppleWebKit/537.36 (KHTML, like Gecko) Chrome/91.0.4472.124 Safari/537.36"
154.83.103.106 - - [16/Apr/2025:01:27:23 -0400] "GET /webpack.config.js HTTP/1.1" 404 7270 "-" "Mozilla/5.0 (Windows NT 10.0; Win64; x64) AppleWebKit/537.36 (KHTML, like Gecko) Chrome/91.0.4472.124 Safari/537.36"
154.83.103.106 - - [16/Apr/2025:01:27:27 -0400] "GET /angular.json HTTP/1.1" 404 7270 "-" "Mozilla/5.0 (Windows NT 10.0; Win64; x64) AppleWebKit/537.36 (KHTML, like Gecko) Chrome/91.0.4472.124 Safari/537.36"
198.54.114.83 - - [16/Apr/2025:01:27:30 -0400] "POST /wp-cron.php?doing_wp_cron=1744781249.3278961181640625000000 HTTP/1.1" 200 0 "-" "WordPress/6.7.2; https://higglehub.com"
154.83.103.106 - - [16/Apr/2025:01:27:28 -0400] "GET /karma.conf.js HTTP/1.1" 404 7270 "-" "Mozilla/5.0 (Windows NT 10.0; Win64; x64) AppleWebKit/537.36 (KHTML, like Gecko) Chrome/91.0.4472.124 Safari/537.36"
198.54.114.83 - - [16/Apr/2025:01:27:32 -0400] "POST /wp-admin/admin-ajax.php?action=async_litespeed&nonce=qRrwBTmm4QOjUBuXXdvOEMupAmHI8Zcg&litespeed_type=imgoptm HTTP/1.1" 200 0 "-" "WordPress/6.7.2; https://higglehub.com"
154.83.103.106 - - [16/Apr/2025:01:27:32 -0400] "GET /protractor.conf.js HTTP/1.1" 404 7270 "-" "Mozilla/5.0 (Windows NT 10.0; Win64; x64) AppleWebKit/537.36 (KHTML, like Gecko) Chrome/91.0.4472.124 Safari/537.36"
154.83.103.106 - - [16/Apr/2025:01:27:33 -0400] "GET /src/assets/ HTTP/1.1" 404 7270 "-" "Mozilla/5.0 (Windows NT 10.0; Win64; x64) AppleWebKit/537.36 (KHTML, like Gecko) Chrome/91.0.4472.124 Safari/537.36"
154.83.103.106 - - [16/Apr/2025:01:27:35 -0400] "GET /src/environments/environment.prod.ts HTTP/1.1" 404 7270 "-" "Mozilla/5.0 (Windows NT 10.0; Win64; x64) AppleWebKit/537.36 (KHTML, like Gecko) Chrome/91.0.4472.124 Safari/537.36"
154.83.103.106 - - [16/Apr/2025:01:27:36 -0400] "GET /src/environments/environment.ts HTTP/1.1" 404 7270 "-" "Mozilla/5.0 (Windows NT 10.0; Win64; x64) AppleWebKit/537.36 (KHTML, like Gecko) Chrome/91.0.4472.124 Safari/537.36"
154.83.103.106 - - [16/Apr/2025:01:27:37 -0400] "GET /src/main.ts HTTP/1.1" 404 7270 "-" "Mozilla/5.0 (Windows NT 10.0; Win64; x64) AppleWebKit/537.36 (KHTML, like Gecko) Chrome/91.0.4472.124 Safari/537.36"
154.83.103.106 - - [16/Apr/2025:01:27:38 -0400] "GET /src/styles.scss HTTP/1.1" 404 7270 "-" "Mozilla/5.0 (Windows NT 10.0; Win64; x64) AppleWebKit/537.36 (KHTML, like Gecko) Chrome/91.0.4472.124 Safari/537.36"
154.83.103.106 - - [16/Apr/2025:01:27:40 -0400] "GET /.next/ HTTP/1.1" 404 7270 "-" "Mozilla/5.0 (Windows NT 10.0; Win64; x64) AppleWebKit/537.36 (KHTML, like Gecko) Chrome/91.0.4472.124 Safari/537.36"
154.83.103.106 - - [16/Apr/2025:01:27:41 -0400] "GET /.nuxt/ HTTP/1.1" 404 7270 "-" "Mozilla/5.0 (Windows NT 10.0; Win64; x64) AppleWebKit/537.36 (KHTML, like Gecko) Chrome/91.0.4472.124 Safari/537.36"
154.83.103.106 - - [16/Apr/2025:01:27:43 -0400] "GET /env.local HTTP/1.1" 404 7270 "-" "Mozilla/5.0 (Windows NT 10.0; Win64; x64) AppleWebKit/537.36 (KHTML, like Gecko) Chrome/91.0.4472.124 Safari/537.36"
154.83.103.106 - - [16/Apr/2025:01:27:44 -0400] "GET /middleware.js HTTP/1.1" 404 7269 "-" "Mozilla/5.0 (Windows NT 10.0; Win64; x64) AppleWebKit/537.36 (KHTML, like Gecko) Chrome/91.0.4472.124 Safari/537.36"
154.83.103.106 - - [16/Apr/2025:01:27:46 -0400] "GET /netlify.toml HTTP/1.1" 404 7270 "-" "Mozilla/5.0 (Windows NT 10.0; Win64; x64) AppleWebKit/537.36 (KHTML, like Gecko) Chrome/91.0.4472.124 Safari/537.36"
154.83.103.106 - - [16/Apr/2025:01:27:48 -0400] "GET /out/ HTTP/1.1" 404 7270 "-" "Mozilla/5.0 (Windows NT 10.0; Win64; x64) AppleWebKit/537.36 (KHTML, like Gecko) Chrome/91.0.4472.124 Safari/537.36"
154.83.103.106 - - [16/Apr/2025:01:27:49 -0400] "GET /pages/api/ HTTP/1.1" 404 7270 "-" "Mozilla/5.0 (Windows NT 10.0; Win64; x64) AppleWebKit/537.36 (KHTML, like Gecko) Chrome/91.0.4472.124 Safari/537.36"
154.83.103.106 - - [16/Apr/2025:01:27:51 -0400] "GET /public/env.json HTTP/1.1" 404 7270 "-" "Mozilla/5.0 (Windows NT 10.0; Win64; x64) AppleWebKit/537.36 (KHTML, like Gecko) Chrome/91.0.4472.124 Safari/537.36"
154.83.103.106 - - [16/Apr/2025:01:27:52 -0400] "GET /static/ HTTP/1.1" 404 7270 "-" "Mozilla/5.0 (Windows NT 10.0; Win64; x64) AppleWebKit/537.36 (KHTML, like Gecko) Chrome/91.0.4472.124 Safari/537.36"
154.83.103.106 - - [16/Apr/2025:01:27:55 -0400] "GET /vercel.json HTTP/1.1" 404 7270 "-" "Mozilla/5.0 (Windows NT 10.0; Win64; x64) AppleWebKit/537.36 (KHTML, like Gecko) Chrome/91.0.4472.124 Safari/537.36"
154.83.103.106 - - [16/Apr/2025:01:27:56 -0400] "GET /.blitz/ HTTP/1.1" 404 7270 "-" "Mozilla/5.0 (Windows NT 10.0; Win64; x64) AppleWebKit/537.36 (KHTML, like Gecko) Chrome/91.0.4472.124 Safari/537.36"
154.83.103.106 - - [16/Apr/2025:01:27:57 -0400] "GET /.cache/ HTTP/1.1" 404 7270 "-" "Mozilla/5.0 (Windows NT 10.0; Win64; x64) AppleWebKit/537.36 (KHTML, like Gecko) Chrome/91.0.4472.124 Safari/537.36"
154.83.103.106 - - [16/Apr/2025:01:27:59 -0400] "GET /.eleventy.js HTTP/1.1" 404 7270 "-" "Mozilla/5.0 (Windows NT 10.0; Win64; x64) AppleWebKit/537.36 (KHTML, like Gecko) Chrome/91.0.4472.124 Safari/537.36"
154.83.103.106 - - [16/Apr/2025:01:28:00 -0400] "GET /.svelte-kit/ HTTP/1.1" 404 7270 "-" "Mozilla/5.0 (Windows NT 10.0; Win64; x64) AppleWebKit/537.36 (KHTML, like Gecko) Chrome/91.0.4472.124 Safari/537.36"
154.83.103.106 - - [16/Apr/2025:01:28:02 -0400] "GET /_site/ HTTP/1.1" 404 7270 "-" "Mozilla/5.0 (Windows NT 10.0; Win64; x64) AppleWebKit/537.36 (KHTML, like Gecko) Chrome/91.0.4472.124 Safari/537.36"
154.83.103.106 - - [16/Apr/2025:01:28:04 -0400] "GET /app/entry.client.tsx HTTP/1.1" 404 7270 "-" "Mozilla/5.0 (Windows NT 10.0; Win64; x64) AppleWebKit/537.36 (KHTML, like Gecko) Chrome/91.0.4472.124 Safari/537.36"
154.83.103.106 - - [16/Apr/2025:01:28:07 -0400] "GET /app/entry.server.tsx HTTP/1.1" 404 7270 "-" "Mozilla/5.0 (Windows NT 10.0; Win64; x64) AppleWebKit/537.36 (KHTML, like Gecko) Chrome/91.0.4472.124 Safari/537.36"
154.83.103.106 - - [16/Apr/2025:01:28:09 -0400] "GET /app/routes/ HTTP/1.1" 404 7270 "-" "Mozilla/5.0 (Windows NT 10.0; Win64; x64) AppleWebKit/537.36 (KHTML, like Gecko) Chrome/91.0.4472.124 Safari/537.36"
154.83.103.106 - - [16/Apr/2025:01:28:11 -0400] "GET /astro.config.mjs HTTP/1.1" 404 7270 "-" "Mozilla/5.0 (Windows NT 10.0; Win64; x64) AppleWebKit/537.36 (KHTML, like Gecko) Chrome/91.0.4472.124 Safari/537.36"
154.83.103.106 - - [16/Apr/2025:01:28:13 -0400] "GET /blitz.config.js HTTP/1.1" 404 7270 "-" "Mozilla/5.0 (Windows NT 10.0; Win64; x64) AppleWebKit/537.36 (KHTML, like Gecko) Chrome/91.0.4472.124 Safari/537.36"
154.83.103.106 - - [16/Apr/2025:01:28:16 -0400] "GET /db/ HTTP/1.1" 404 7270 "-" "Mozilla/5.0 (Windows NT 10.0; Win64; x64) AppleWebKit/537.36 (KHTML, like Gecko) Chrome/91.0.4472.124 Safari/537.36"
154.83.103.106 - - [16/Apr/2025:01:28:18 -0400] "GET /eleventy.config.js HTTP/1.1" 404 7271 "-" "Mozilla/5.0 (Windows NT 10.0; Win64; x64) AppleWebKit/537.36 (KHTML, like Gecko) Chrome/91.0.4472.124 Safari/537.36"
154.83.103.106 - - [16/Apr/2025:01:28:20 -0400] "GET /gatsby-config.js HTTP/1.1" 404 7269 "-" "Mozilla/5.0 (Windows NT 10.0; Win64; x64) AppleWebKit/537.36 (KHTML, like Gecko) Chrome/91.0.4472.124 Safari/537.36"
198.54.114.83 - - [16/Apr/2025:01:28:23 -0400] "POST /wp-cron.php?doing_wp_cron=1744781302.7471060752868652343750 HTTP/1.1" 200 0 "-" "WordPress/6.7.2; https://higglehub.com"
154.83.103.106 - - [16/Apr/2025:01:28:22 -0400] "GET /gatsby-node.js HTTP/1.1" 404 7270 "-" "Mozilla/5.0 (Windows NT 10.0; Win64; x64) AppleWebKit/537.36 (KHTML, like Gecko) Chrome/91.0.4472.124 Safari/537.36"
198.54.114.83 - - [16/Apr/2025:01:28:26 -0400] "POST /wp-admin/admin-ajax.php?action=async_litespeed&nonce=y8MWrHbZ5b7DMfkDu1QW7DS6uvkyqf60&litespeed_type=imgoptm HTTP/1.1" 200 0 "-" "WordPress/6.7.2; https://higglehub.com"
154.83.103.106 - - [16/Apr/2025:01:28:26 -0400] "GET /public/ HTTP/1.1" 404 7270 "-" "Mozilla/5.0 (Windows NT 10.0; Win64; x64) AppleWebKit/537.36 (KHTML, like Gecko) Chrome/91.0.4472.124 Safari/537.36"
154.83.103.106 - - [16/Apr/2025:01:28:29 -0400] "GET /public/build/ HTTP/1.1" 404 7270 "-" "Mozilla/5.0 (Windows NT 10.0; Win64; x64) AppleWebKit/537.36 (KHTML, like Gecko) Chrome/91.0.4472.124 Safari/537.36"
154.83.103.106 - - [16/Apr/2025:01:28:32 -0400] "GET /public/manifest.webmanifest HTTP/1.1" 404 7270 "-" "Mozilla/5.0 (Windows NT 10.0; Win64; x64) AppleWebKit/537.36 (KHTML, like Gecko) Chrome/91.0.4472.124 Safari/537.36"
154.83.103.106 - - [16/Apr/2025:01:28:35 -0400] "GET /remix.config.js HTTP/1.1" 404 7270 "-" "Mozilla/5.0 (Windows NT 10.0; Win64; x64) AppleWebKit/537.36 (KHTML, like Gecko) Chrome/91.0.4472.124 Safari/537.36"
154.83.103.106 - - [16/Apr/2025:01:28:37 -0400] "GET /remix.env HTTP/1.1" 404 7271 "-" "Mozilla/5.0 (Windows NT 10.0; Win64; x64) AppleWebKit/537.36 (KHTML, like Gecko) Chrome/91.0.4472.124 Safari/537.36"
154.83.103.106 - - [16/Apr/2025:01:28:39 -0400] "GET /src/ HTTP/1.1" 404 7270 "-" "Mozilla/5.0 (Windows NT 10.0; Win64; x64) AppleWebKit/537.36 (KHTML, like Gecko) Chrome/91.0.4472.124 Safari/537.36"
154.83.103.106 - - [16/Apr/2025:01:28:42 -0400] "GET /src/pages/ HTTP/1.1" 404 7270 "-" "Mozilla/5.0 (Windows NT 10.0; Win64; x64) AppleWebKit/537.36 (KHTML, like Gecko) Chrome/91.0.4472.124 Safari/537.36"
154.83.103.106 - - [16/Apr/2025:01:28:43 -0400] "GET /src/routes/ HTTP/1.1" 404 7270 "-" "Mozilla/5.0 (Windows NT 10.0; Win64; x64) AppleWebKit/537.36 (KHTML, like Gecko) Chrome/91.0.4472.124 Safari/537.36"
154.83.103.106 - - [16/Apr/2025:01:28:45 -0400] "GET /svelte.config.js HTTP/1.1" 404 7270 "-" "Mozilla/5.0 (Windows NT 10.0; Win64; x64) AppleWebKit/537.36 (KHTML, like Gecko) Chrome/91.0.4472.124 Safari/537.36"
154.83.103.106 - - [16/Apr/2025:01:28:47 -0400] "GET /Default.aspx HTTP/1.1" 404 7271 "-" "Mozilla/5.0 (Windows NT 10.0; Win64; x64) AppleWebKit/537.36 (KHTML, like Gecko) Chrome/91.0.4472.124 Safari/537.36"
154.83.103.106 - - [16/Apr/2025:01:28:51 -0400] "GET /akamai/sureroute-test-object.html HTTP/1.1" 404 7270 "-" "Mozilla/5.0 (Windows NT 10.0; Win64; x64) AppleWebKit/537.36 (KHTML, like Gecko) Chrome/91.0.4472.124 Safari/537.36"
154.83.103.106 - - [16/Apr/2025:01:28:53 -0400] "GET /api/transact.dll HTTP/1.1" 404 7269 "-" "Mozilla/5.0 (Windows NT 10.0; Win64; x64) AppleWebKit/537.36 (KHTML, like Gecko) Chrome/91.0.4472.124 Safari/537.36"
154.83.103.106 - - [16/Apr/2025:01:28:57 -0400] "GET /content/robots.txt HTTP/1.1" 404 7271 "-" "Mozilla/5.0 (Windows NT 10.0; Win64; x64) AppleWebKit/537.36 (KHTML, like Gecko) Chrome/91.0.4472.124 Safari/537.36"
154.83.103.106 - - [16/Apr/2025:01:29:00 -0400] "GET /pages/home HTTP/1.1" 404 7270 "-" "Mozilla/5.0 (Windows NT 10.0; Win64; x64) AppleWebKit/537.36 (KHTML, like Gecko) Chrome/91.0.4472.124 Safari/537.36"
154.83.103.106 - - [16/Apr/2025:01:29:04 -0400] "GET /cloudfront/signature HTTP/1.1" 404 7270 "-" "Mozilla/5.0 (Windows NT 10.0; Win64; x64) AppleWebKit/537.36 (KHTML, like Gecko) Chrome/91.0.4472.124 Safari/537.36"
154.83.103.106 - - [16/Apr/2025:01:29:07 -0400] "GET /envoy-admin HTTP/1.1" 404 7270 "-" "Mozilla/5.0 (Windows NT 10.0; Win64; x64) AppleWebKit/537.36 (KHTML, like Gecko) Chrome/91.0.4472.124 Safari/537.36"
154.83.103.106 - - [16/Apr/2025:01:29:10 -0400] "GET /fb-pixel.js HTTP/1.1" 404 7270 "-" "Mozilla/5.0 (Windows NT 10.0; Win64; x64) AppleWebKit/537.36 (KHTML, like Gecko) Chrome/91.0.4472.124 Safari/537.36"
154.83.103.106 - - [16/Apr/2025:01:29:11 -0400] "GET /adsbygoogle.js HTTP/1.1" 404 7270 "-" "Mozilla/5.0 (Windows NT 10.0; Win64; x64) AppleWebKit/537.36 (KHTML, like Gecko) Chrome/91.0.4472.124 Safari/537.36"
154.83.103.106 - - [16/Apr/2025:01:29:13 -0400] "GET /analytics.js HTTP/1.1" 404 7270 "-" "Mozilla/5.0 (Windows NT 10.0; Win64; x64) AppleWebKit/537.36 (KHTML, like Gecko) Chrome/91.0.4472.124 Safari/537.36"
154.83.103.106 - - [16/Apr/2025:01:29:16 -0400] "GET /gtag/js HTTP/1.1" 404 7270 "-" "Mozilla/5.0 (Windows NT 10.0; Win64; x64) AppleWebKit/537.36 (KHTML, like Gecko) Chrome/91.0.4472.124 Safari/537.36"
154.83.103.106 - - [16/Apr/2025:01:29:18 -0400] "GET /WEB-INF/web.xml HTTP/1.1" 404 7271 "-" "Mozilla/5.0 (Windows NT 10.0; Win64; x64) AppleWebKit/537.36 (KHTML, like Gecko) Chrome/91.0.4472.124 Safari/537.36"
198.54.114.83 - - [16/Apr/2025:01:29:23 -0400] "POST /wp-cron.php?doing_wp_cron=1744781362.1894888877868652343750 HTTP/1.1" 200 0 "-" "WordPress/6.7.2; https://higglehub.com"
154.83.103.106 - - [16/Apr/2025:01:29:21 -0400] "GET /login.jsp HTTP/1.1" 404 7270 "-" "Mozilla/5.0 (Windows NT 10.0; Win64; x64) AppleWebKit/537.36 (KHTML, like Gecko) Chrome/91.0.4472.124 Safari/537.36"
154.83.103.106 - - [16/Apr/2025:01:29:25 -0400] "GET /livechat/ HTTP/1.1" 404 7270 "-" "Mozilla/5.0 (Windows NT 10.0; Win64; x64) AppleWebKit/537.36 (KHTML, like Gecko) Chrome/91.0.4472.124 Safari/537.36"
154.83.103.106 - - [16/Apr/2025:01:29:28 -0400] "GET /matomo.php HTTP/1.1" 404 7270 "-" "Mozilla/5.0 (Windows NT 10.0; Win64; x64) AppleWebKit/537.36 (KHTML, like Gecko) Chrome/91.0.4472.124 Safari/537.36"
154.83.103.106 - - [16/Apr/2025:01:29:31 -0400] "GET /piwik.php HTTP/1.1" 404 7270 "-" "Mozilla/5.0 (Windows NT 10.0; Win64; x64) AppleWebKit/537.36 (KHTML, like Gecko) Chrome/91.0.4472.124 Safari/537.36"
154.83.103.106 - - [16/Apr/2025:01:29:32 -0400] "GET /mailchimp/subscribe HTTP/1.1" 404 7270 "-" "Mozilla/5.0 (Windows NT 10.0; Win64; x64) AppleWebKit/537.36 (KHTML, like Gecko) Chrome/91.0.4472.124 Safari/537.36"
154.83.103.106 - - [16/Apr/2025:01:29:34 -0400] "GET /newrelic/ HTTP/1.1" 404 7270 "-" "Mozilla/5.0 (Windows NT 10.0; Win64; x64) AppleWebKit/537.36 (KHTML, like Gecko) Chrome/91.0.4472.124 Safari/537.36"
154.83.103.106 - - [16/Apr/2025:01:29:35 -0400] "GET /lua_status HTTP/1.1" 404 7270 "-" "Mozilla/5.0 (Windows NT 10.0; Win64; x64) AppleWebKit/537.36 (KHTML, like Gecko) Chrome/91.0.4472.124 Safari/537.36"
154.83.103.106 - - [16/Apr/2025:01:29:37 -0400] "GET /paypal/ipn HTTP/1.1" 404 7271 "-" "Mozilla/5.0 (Windows NT 10.0; Win64; x64) AppleWebKit/537.36 (KHTML, like Gecko) Chrome/91.0.4472.124 Safari/537.36"
154.83.103.106 - - [16/Apr/2025:01:29:39 -0400] "GET /login_up.php3 HTTP/1.1" 404 7270 "-" "Mozilla/5.0 (Windows NT 10.0; Win64; x64) AppleWebKit/537.36 (KHTML, like Gecko) Chrome/91.0.4472.124 Safari/537.36"
154.83.103.106 - - [16/Apr/2025:01:29:41 -0400] "GET /plesk-stat/ HTTP/1.1" 404 7270 "-" "Mozilla/5.0 (Windows NT 10.0; Win64; x64) AppleWebKit/537.36 (KHTML, like Gecko) Chrome/91.0.4472.124 Safari/537.36"
154.83.103.106 - - [16/Apr/2025:01:29:42 -0400] "GET /.well-known/shopify/ HTTP/1.1" 404 7270 "-" "Mozilla/5.0 (Windows NT 10.0; Win64; x64) AppleWebKit/537.36 (KHTML, like Gecko) Chrome/91.0.4472.124 Safari/537.36"
154.83.103.106 - - [16/Apr/2025:01:29:44 -0400] "GET /sitemap.xml HTTP/1.1" 301 0 "-" "Mozilla/5.0 (Windows NT 10.0; Win64; x64) AppleWebKit/537.36 (KHTML, like Gecko) Chrome/91.0.4472.124 Safari/537.36"
154.83.103.106 - - [16/Apr/2025:01:29:45 -0400] "GET /wp-sitemap.xml HTTP/1.1" 404 7270 "-" "Mozilla/5.0 (Windows NT 10.0; Win64; x64) AppleWebKit/537.36 (KHTML, like Gecko) Chrome/91.0.4472.124 Safari/537.36"
154.83.103.106 - - [16/Apr/2025:01:26:18 -0400] "GET /themes/ HTTP/1.1" 404 7270 "-" "Mozilla/5.0 (Windows NT 10.0; Win64; x64) AppleWebKit/537.36 (KHTML, like Gecko) Chrome/91.0.4472.124 Safari/537.36"
154.83.103.106 - - [16/Apr/2025:01:26:20 -0400] "GET /translations/ HTTP/1.1" 404 7269 "-" "Mozilla/5.0 (Windows NT 10.0; Win64; x64) AppleWebKit/537.36 (KHTML, like Gecko) Chrome/91.0.4472.124 Safari/537.36"
154.83.103.106 - - [16/Apr/2025:01:26:24 -0400] "GET /var/cache/ HTTP/1.1" 404 7270 "-" "Mozilla/5.0 (Windows NT 10.0; Win64; x64) AppleWebKit/537.36 (KHTML, like Gecko) Chrome/91.0.4472.124 Safari/537.36"
154.83.103.106 - - [16/Apr/2025:01:26:28 -0400] "GET /var/logs/ HTTP/1.1" 404 7270 "-" "Mozilla/5.0 (Windows NT 10.0; Win64; x64) AppleWebKit/537.36 (KHTML, like Gecko) Chrome/91.0.4472.124 Safari/537.36"
198.54.114.83 - - [16/Apr/2025:01:26:32 -0400] "POST /wp-cron.php?doing_wp_cron=1744781189.1478419303894042968750 HTTP/1.1" 200 0 "-" "WordPress/6.7.2; https://higglehub.com"
154.83.103.106 - - [16/Apr/2025:01:26:34 -0400] "GET /.babelrc HTTP/1.1" 404 7270 "-" "Mozilla/5.0 (Windows NT 10.0; Win64; x64) AppleWebKit/537.36 (KHTML, like Gecko) Chrome/91.0.4472.124 Safari/537.36"
154.83.103.106 - - [16/Apr/2025:01:26:38 -0400] "GET /.env.sample HTTP/1.1" 403 1242 "-" "Mozilla/5.0 (Windows NT 10.0; Win64; x64) AppleWebKit/537.36 (KHTML, like Gecko) Chrome/91.0.4472.124 Safari/537.36"
154.83.103.106 - - [16/Apr/2025:01:26:41 -0400] "GET /.eslint.js HTTP/1.1" 404 7270 "-" "Mozilla/5.0 (Windows NT 10.0; Win64; x64) AppleWebKit/537.36 (KHTML, like Gecko) Chrome/91.0.4472.124 Safari/537.36"
154.83.103.106 - - [16/Apr/2025:01:26:45 -0400] "GET /.eslintrc.js HTTP/1.1" 404 7269 "-" "Mozilla/5.0 (Windows NT 10.0; Win64; x64) AppleWebKit/537.36 (KHTML, like Gecko) Chrome/91.0.4472.124 Safari/537.36"
154.83.103.106 - - [16/Apr/2025:01:26:49 -0400] "GET /.prettierrc HTTP/1.1" 404 7270 "-" "Mozilla/5.0 (Windows NT 10.0; Win64; x64) AppleWebKit/537.36 (KHTML, like Gecko) Chrome/91.0.4472.124 Safari/537.36"
154.83.103.106 - - [16/Apr/2025:01:26:51 -0400] "GET /.stylelintrc HTTP/1.1" 404 7270 "-" "Mozilla/5.0 (Windows NT 10.0; Win64; x64) AppleWebKit/537.36 (KHTML, like Gecko) Chrome/91.0.4472.124 Safari/537.36"
154.83.103.106 - - [16/Apr/2025:01:26:54 -0400] "GET /babel.config.js HTTP/1.1" 404 7270 "-" "Mozilla/5.0 (Windows NT 10.0; Win64; x64) AppleWebKit/537.36 (KHTML, like Gecko) Chrome/91.0.4472.124 Safari/537.36"
154.83.103.106 - - [16/Apr/2025:01:26:59 -0400] "GET /build/ HTTP/1.1" 404 7270 "-" "Mozilla/5.0 (Windows NT 10.0; Win64; x64) AppleWebKit/537.36 (KHTML, like Gecko) Chrome/91.0.4472.124 Safari/537.36"
154.83.103.106 - - [16/Apr/2025:01:27:01 -0400] "GET /dist/ HTTP/1.1" 404 7269 "-" "Mozilla/5.0 (Windows NT 10.0; Win64; x64) AppleWebKit/537.36 (KHTML, like Gecko) Chrome/91.0.4472.124 Safari/537.36"
154.83.103.106 - - [16/Apr/2025:01:27:03 -0400] "GET /package.json HTTP/1.1" 404 7270 "-" "Mozilla/5.0 (Windows NT 10.0; Win64; x64) AppleWebKit/537.36 (KHTML, like Gecko) Chrome/91.0.4472.124 Safari/537.36"
154.83.103.106 - - [16/Apr/2025:01:27:06 -0400] "GET /public/manifest.json HTTP/1.1" 404 7270 "-" "Mozilla/5.0 (Windows NT 10.0; Win64; x64) AppleWebKit/537.36 (KHTML, like Gecko) Chrome/91.0.4472.124 Safari/537.36"
154.83.103.106 - - [16/Apr/2025:01:27:10 -0400] "GET /public/service-worker.js HTTP/1.1" 404 7270 "-" "Mozilla/5.0 (Windows NT 10.0; Win64; x64) AppleWebKit/537.36 (KHTML, like Gecko) Chrome/91.0.4472.124 Safari/537.36"
154.83.103.106 - - [16/Apr/2025:01:29:48 -0400] "GET /.well-known/stripe/ HTTP/1.1" 404 7271 "-" "Mozilla/5.0 (Windows NT 10.0; Win64; x64) AppleWebKit/537.36 (KHTML, like Gecko) Chrome/91.0.4472.124 Safari/537.36"
154.83.103.106 - - [16/Apr/2025:01:29:50 -0400] "GET /sucuri-firewall/ HTTP/1.1" 404 7270 "-" "Mozilla/5.0 (Windows NT 10.0; Win64; x64) AppleWebKit/537.36 (KHTML, like Gecko) Chrome/91.0.4472.124 Safari/537.36"
154.83.103.106 - - [16/Apr/2025:01:29:52 -0400] "GET /typo3conf/ext/ HTTP/1.1" 404 7270 "-" "Mozilla/5.0 (Windows NT 10.0; Win64; x64) AppleWebKit/537.36 (KHTML, like Gecko) Chrome/91.0.4472.124 Safari/537.36"
154.83.103.106 - - [16/Apr/2025:01:29:53 -0400] "GET /debug/varnish/ HTTP/1.1" 404 7269 "-" "Mozilla/5.0 (Windows NT 10.0; Win64; x64) AppleWebKit/537.36 (KHTML, like Gecko) Chrome/91.0.4472.124 Safari/537.36"
154.83.103.106 - - [16/Apr/2025:01:29:55 -0400] "GET /_vercel/insights HTTP/1.1" 404 7270 "-" "Mozilla/5.0 (Windows NT 10.0; Win64; x64) AppleWebKit/537.36 (KHTML, like Gecko) Chrome/91.0.4472.124 Safari/537.36"
154.83.103.106 - - [16/Apr/2025:01:29:58 -0400] "GET /editor/ HTTP/1.1" 404 7271 "-" "Mozilla/5.0 (Windows NT 10.0; Win64; x64) AppleWebKit/537.36 (KHTML, like Gecko) Chrome/91.0.4472.124 Safari/537.36"
154.83.103.106 - - [16/Apr/2025:01:29:59 -0400] "GET /files/theme/ HTTP/1.1" 404 7270 "-" "Mozilla/5.0 (Windows NT 10.0; Win64; x64) AppleWebKit/537.36 (KHTML, like Gecko) Chrome/91.0.4472.124 Safari/537.36"
154.83.103.106 - - [16/Apr/2025:01:30:04 -0400] "GET /wp-content/plugins/woocommerce/ HTTP/1.1" 404 7270 "-" "Mozilla/5.0 (Windows NT 10.0; Win64; x64) AppleWebKit/537.36 (KHTML, like Gecko) Chrome/91.0.4472.124 Safari/537.36"
154.83.103.106 - - [16/Apr/2025:01:30:06 -0400] "GET /wp-json/wc/v3/ HTTP/1.1" 404 114 "-" "Mozilla/5.0 (Windows NT 10.0; Win64; x64) AppleWebKit/537.36 (KHTML, like Gecko) Chrome/91.0.4472.124 Safari/537.36"
154.83.103.106 - - [16/Apr/2025:01:30:09 -0400] "GET /watch.js HTTP/1.1" 404 7270 "-" "Mozilla/5.0 (Windows NT 10.0; Win64; x64) AppleWebKit/537.36 (KHTML, like Gecko) Chrome/91.0.4472.124 Safari/537.36"
154.83.103.106 - - [16/Apr/2025:01:30:11 -0400] "GET /includes/configure.php HTTP/1.1" 404 7270 "-" "Mozilla/5.0 (Windows NT 10.0; Win64; x64) AppleWebKit/537.36 (KHTML, like Gecko) Chrome/91.0.4472.124 Safari/537.36"
154.83.103.106 - - [16/Apr/2025:01:30:15 -0400] "GET /hc/en-us HTTP/1.1" 404 7270 "-" "Mozilla/5.0 (Windows NT 10.0; Win64; x64) AppleWebKit/537.36 (KHTML, like Gecko) Chrome/91.0.4472.124 Safari/537.36"
154.83.103.106 - - [16/Apr/2025:01:30:17 -0400] "GET /application/configs/application.ini HTTP/1.1" 404 7270 "-" "Mozilla/5.0 (Windows NT 10.0; Win64; x64) AppleWebKit/537.36 (KHTML, like Gecko) Chrome/91.0.4472.124 Safari/537.36"
154.83.103.106 - - [16/Apr/2025:01:30:19 -0400] "GET /adm/index.php HTTP/1.1" 301 0 "-" "Mozilla/5.0 (Windows NT 10.0; Win64; x64) AppleWebKit/537.36 (KHTML, like Gecko) Chrome/91.0.4472.124 Safari/537.36"
154.83.103.106 - - [16/Apr/2025:01:30:21 -0400] "GET /adm/ HTTP/1.1" 404 7269 "-" "Mozilla/5.0 (Windows NT 10.0; Win64; x64) AppleWebKit/537.36 (KHTML, like Gecko) Chrome/91.0.4472.124 Safari/537.36"
198.54.114.83 - - [16/Apr/2025:01:30:24 -0400] "POST /wp-cron.php?doing_wp_cron=1744781422.8701009750366210937500 HTTP/1.1" 200 0 "-" "WordPress/6.7.2; https://higglehub.com"
154.83.103.106 - - [16/Apr/2025:01:30:22 -0400] "GET /admincp/ HTTP/1.1" 404 7270 "-" "Mozilla/5.0 (Windows NT 10.0; Win64; x64) AppleWebKit/537.36 (KHTML, like Gecko) Chrome/91.0.4472.124 Safari/537.36"
198.54.114.83 - - [16/Apr/2025:01:30:25 -0400] "POST /wp-admin/admin-ajax.php?action=async_litespeed&nonce=peGeQUcihvw7UMi6JROgfMo0iNCxRF5x&litespeed_type=imgoptm HTTP/1.1" 200 0 "-" "WordPress/6.7.2; https://higglehub.com"
154.83.103.106 - - [16/Apr/2025:01:30:25 -0400] "GET /conf/config.php HTTP/1.1" 404 7270 "-" "Mozilla/5.0 (Windows NT 10.0; Win64; x64) AppleWebKit/537.36 (KHTML, like Gecko) Chrome/91.0.4472.124 Safari/537.36"
154.83.103.106 - - [16/Apr/2025:01:30:26 -0400] "GET /xtAdmin/ HTTP/1.1" 404 7270 "-" "Mozilla/5.0 (Windows NT 10.0; Win64; x64) AppleWebKit/537.36 (KHTML, like Gecko) Chrome/91.0.4472.124 Safari/537.36"
154.83.103.106 - - [16/Apr/2025:01:30:28 -0400] "GET /config/cryptomus.json HTTP/1.1" 404 7270 "-" "Mozilla/5.0 (Windows NT 10.0; Win64; x64) AppleWebKit/537.36 (KHTML, like Gecko) Chrome/91.0.4472.124 Safari/537.36"
154.83.103.106 - - [16/Apr/2025:01:30:29 -0400] "GET /config/cryptomus.php HTTP/1.1" 404 7270 "-" "Mozilla/5.0 (Windows NT 10.0; Win64; x64) AppleWebKit/537.36 (KHTML, like Gecko) Chrome/91.0.4472.124 Safari/537.36"
154.83.103.106 - - [16/Apr/2025:01:30:30 -0400] "GET /config/cryptomus.yaml HTTP/1.1" 404 7270 "-" "Mozilla/5.0 (Windows NT 10.0; Win64; x64) AppleWebKit/537.36 (KHTML, like Gecko) Chrome/91.0.4472.124 Safari/537.36"
154.83.103.106 - - [16/Apr/2025:01:30:31 -0400] "GET /cryptomus-credentials.json HTTP/1.1" 404 7270 "-" "Mozilla/5.0 (Windows NT 10.0; Win64; x64) AppleWebKit/537.36 (KHTML, like Gecko) Chrome/91.0.4472.124 Safari/537.36"
154.83.103.106 - - [16/Apr/2025:01:30:33 -0400] "GET /cryptomus-keys.json HTTP/1.1" 404 7270 "-" "Mozilla/5.0 (Windows NT 10.0; Win64; x64) AppleWebKit/537.36 (KHTML, like Gecko) Chrome/91.0.4472.124 Safari/537.36"
198.54.114.83 - - [16/Apr/2025:01:30:37 -0400] "POST /wp-cron.php?doing_wp_cron=1744781436.5285420417785644531250 HTTP/1.1" 200 0 "-" "WordPress/6.7.2; https://higglehub.com"
154.83.103.106 - - [16/Apr/2025:01:30:36 -0400] "GET /cryptomus.config.js HTTP/1.1" 404 7270 "-" "Mozilla/5.0 (Windows NT 10.0; Win64; x64) AppleWebKit/537.36 (KHTML, like Gecko) Chrome/91.0.4472.124 Safari/537.36"
154.83.103.106 - - [16/Apr/2025:01:30:38 -0400] "GET /cryptomus.env HTTP/1.1" 404 7270 "-" "Mozilla/5.0 (Windows NT 10.0; Win64; x64) AppleWebKit/537.36 (KHTML, like Gecko) Chrome/91.0.4472.124 Safari/537.36"
154.83.103.106 - - [16/Apr/2025:01:30:40 -0400] "GET /cryptomus.json HTTP/1.1" 404 7270 "-" "Mozilla/5.0 (Windows NT 10.0; Win64; x64) AppleWebKit/537.36 (KHTML, like Gecko) Chrome/91.0.4472.124 Safari/537.36"
154.83.103.106 - - [16/Apr/2025:01:30:41 -0400] "GET /cryptomus.yaml HTTP/1.1" 404 7270 "-" "Mozilla/5.0 (Windows NT 10.0; Win64; x64) AppleWebKit/537.36 (KHTML, like Gecko) Chrome/91.0.4472.124 Safari/537.36"
154.83.103.106 - - [16/Apr/2025:01:30:42 -0400] "GET /src/config/cryptomus.js HTTP/1.1" 404 7270 "-" "Mozilla/5.0 (Windows NT 10.0; Win64; x64) AppleWebKit/537.36 (KHTML, like Gecko) Chrome/91.0.4472.124 Safari/537.36"
154.83.103.106 - - [16/Apr/2025:01:30:43 -0400] "GET /src/config/cryptomus.ts HTTP/1.1" 404 7270 "-" "Mozilla/5.0 (Windows NT 10.0; Win64; x64) AppleWebKit/537.36 (KHTML, like Gecko) Chrome/91.0.4472.124 Safari/537.36"
154.83.103.106 - - [16/Apr/2025:01:30:45 -0400] "GET /.paypal/ HTTP/1.1" 404 7270 "-" "Mozilla/5.0 (Windows NT 10.0; Win64; x64) AppleWebKit/537.36 (KHTML, like Gecko) Chrome/91.0.4472.124 Safari/537.36"
154.83.103.106 - - [16/Apr/2025:01:30:46 -0400] "GET /.well-known/paypal.txt HTTP/1.1" 404 7270 "-" "Mozilla/5.0 (Windows NT 10.0; Win64; x64) AppleWebKit/537.36 (KHTML, like Gecko) Chrome/91.0.4472.124 Safari/537.36"
154.83.103.106 - - [16/Apr/2025:01:30:49 -0400] "GET /config/paypal.json HTTP/1.1" 404 7270 "-" "Mozilla/5.0 (Windows NT 10.0; Win64; x64) AppleWebKit/537.36 (KHTML, like Gecko) Chrome/91.0.4472.124 Safari/537.36"
154.83.103.106 - - [16/Apr/2025:01:30:53 -0400] "GET /config/paypal.php HTTP/1.1" 404 7270 "-" "Mozilla/5.0 (Windows NT 10.0; Win64; x64) AppleWebKit/537.36 (KHTML, like Gecko) Chrome/91.0.4472.124 Safari/537.36"
154.83.103.106 - - [16/Apr/2025:01:30:54 -0400] "GET /config/paypal.yaml HTTP/1.1" 404 7270 "-" "Mozilla/5.0 (Windows NT 10.0; Win64; x64) AppleWebKit/537.36 (KHTML, like Gecko) Chrome/91.0.4472.124 Safari/537.36"
154.83.103.106 - - [16/Apr/2025:01:30:56 -0400] "GET /paypal-credentials.json HTTP/1.1" 404 7270 "-" "Mozilla/5.0 (Windows NT 10.0; Win64; x64) AppleWebKit/537.36 (KHTML, like Gecko) Chrome/91.0.4472.124 Safari/537.36"
154.83.103.106 - - [16/Apr/2025:01:30:58 -0400] "GET /paypal.config.js HTTP/1.1" 404 7270 "-" "Mozilla/5.0 (Windows NT 10.0; Win64; x64) AppleWebKit/537.36 (KHTML, like Gecko) Chrome/91.0.4472.124 Safari/537.36"
154.83.103.106 - - [16/Apr/2025:01:31:00 -0400] "GET /paypal.env HTTP/1.1" 404 7270 "-" "Mozilla/5.0 (Windows NT 10.0; Win64; x64) AppleWebKit/537.36 (KHTML, like Gecko) Chrome/91.0.4472.124 Safari/537.36"
154.83.103.106 - - [16/Apr/2025:01:31:04 -0400] "GET /paypal.json HTTP/1.1" 404 7270 "-" "Mozilla/5.0 (Windows NT 10.0; Win64; x64) AppleWebKit/537.36 (KHTML, like Gecko) Chrome/91.0.4472.124 Safari/537.36"
154.83.103.106 - - [16/Apr/2025:01:31:06 -0400] "GET /src/config/paypal.js HTTP/1.1" 404 7270 "-" "Mozilla/5.0 (Windows NT 10.0; Win64; x64) AppleWebKit/537.36 (KHTML, like Gecko) Chrome/91.0.4472.124 Safari/537.36"
154.83.103.106 - - [16/Apr/2025:01:31:08 -0400] "GET /src/config/paypal.ts HTTP/1.1" 404 7270 "-" "Mozilla/5.0 (Windows NT 10.0; Win64; x64) AppleWebKit/537.36 (KHTML, like Gecko) Chrome/91.0.4472.124 Safari/537.36"
154.83.103.106 - - [16/Apr/2025:01:31:10 -0400] "GET /coinbase-commerce.config.js HTTP/1.1" 404 7270 "-" "Mozilla/5.0 (Windows NT 10.0; Win64; x64) AppleWebKit/537.36 (KHTML, like Gecko) Chrome/91.0.4472.124 Safari/537.36"
154.83.103.106 - - [16/Apr/2025:01:31:11 -0400] "GET /coinbase-commerce.json HTTP/1.1" 404 7270 "-" "Mozilla/5.0 (Windows NT 10.0; Win64; x64) AppleWebKit/537.36 (KHTML, like Gecko) Chrome/91.0.4472.124 Safari/537.36"
154.83.103.106 - - [16/Apr/2025:01:31:14 -0400] "GET /coinbase-commerce.yaml HTTP/1.1" 404 7270 "-" "Mozilla/5.0 (Windows NT 10.0; Win64; x64) AppleWebKit/537.36 (KHTML, like Gecko) Chrome/91.0.4472.124 Safari/537.36"
154.83.103.106 - - [16/Apr/2025:01:31:16 -0400] "GET /coinbase-credentials.json HTTP/1.1" 404 7270 "-" "Mozilla/5.0 (Windows NT 10.0; Win64; x64) AppleWebKit/537.36 (KHTML, like Gecko) Chrome/91.0.4472.124 Safari/537.36"
154.83.103.106 - - [16/Apr/2025:01:31:18 -0400] "GET /coinbase-keys.json HTTP/1.1" 404 7270 "-" "Mozilla/5.0 (Windows NT 10.0; Win64; x64) AppleWebKit/537.36 (KHTML, like Gecko) Chrome/91.0.4472.124 Safari/537.36"
154.83.103.106 - - [16/Apr/2025:01:31:20 -0400] "GET /coinbase.config.js HTTP/1.1" 404 7270 "-" "Mozilla/5.0 (Windows NT 10.0; Win64; x64) AppleWebKit/537.36 (KHTML, like Gecko) Chrome/91.0.4472.124 Safari/537.36"
198.54.114.83 - - [16/Apr/2025:01:31:23 -0400] "POST /wp-cron.php?doing_wp_cron=1744781482.7979519367218017578125 HTTP/1.1" 200 0 "-" "WordPress/6.7.2; https://higglehub.com"
154.83.103.106 - - [16/Apr/2025:01:31:22 -0400] "GET /coinbase.env HTTP/1.1" 404 7270 "-" "Mozilla/5.0 (Windows NT 10.0; Win64; x64) AppleWebKit/537.36 (KHTML, like Gecko) Chrome/91.0.4472.124 Safari/537.36"
198.54.114.83 - - [16/Apr/2025:01:31:25 -0400] "POST /wp-cron.php?doing_wp_cron=1744781485.0637381076812744140625 HTTP/1.1" 200 0 "-" "WordPress/6.7.2; https://higglehub.com"
154.83.103.106 - - [16/Apr/2025:01:31:24 -0400] "GET /config/coinbase.json HTTP/1.1" 404 7270 "-" "Mozilla/5.0 (Windows NT 10.0; Win64; x64) AppleWebKit/537.36 (KHTML, like Gecko) Chrome/91.0.4472.124 Safari/537.36"
198.54.114.83 - - [16/Apr/2025:01:31:26 -0400] "POST /wp-admin/admin-ajax.php?action=async_litespeed&nonce=8tSd4ZLO1wnERzZ1ye1sp2XGOpKvjizy&litespeed_type=imgoptm HTTP/1.1" 200 0 "-" "WordPress/6.7.2; https://higglehub.com"
154.83.103.106 - - [16/Apr/2025:01:31:26 -0400] "GET /config/coinbase.php HTTP/1.1" 404 7270 "-" "Mozilla/5.0 (Windows NT 10.0; Win64; x64) AppleWebKit/537.36 (KHTML, like Gecko) Chrome/91.0.4472.124 Safari/537.36"
154.83.103.106 - - [16/Apr/2025:01:31:29 -0400] "GET /src/config/coinbase.js HTTP/1.1" 404 7270 "-" "Mozilla/5.0 (Windows NT 10.0; Win64; x64) AppleWebKit/537.36 (KHTML, like Gecko) Chrome/91.0.4472.124 Safari/537.36"
154.83.103.106 - - [16/Apr/2025:01:31:30 -0400] "GET /src/config/coinbase.ts HTTP/1.1" 404 7270 "-" "Mozilla/5.0 (Windows NT 10.0; Win64; x64) AppleWebKit/537.36 (KHTML, like Gecko) Chrome/91.0.4472.124 Safari/537.36"
154.83.103.106 - - [16/Apr/2025:01:31:31 -0400] "GET /binance-credentials.json HTTP/1.1" 404 7270 "-" "Mozilla/5.0 (Windows NT 10.0; Win64; x64) AppleWebKit/537.36 (KHTML, like Gecko) Chrome/91.0.4472.124 Safari/537.36"
154.83.103.106 - - [16/Apr/2025:01:31:34 -0400] "GET /binance-keys.json HTTP/1.1" 404 7270 "-" "Mozilla/5.0 (Windows NT 10.0; Win64; x64) AppleWebKit/537.36 (KHTML, like Gecko) Chrome/91.0.4472.124 Safari/537.36"
154.83.103.106 - - [16/Apr/2025:01:31:36 -0400] "GET /binance-pay.json HTTP/1.1" 404 7270 "-" "Mozilla/5.0 (Windows NT 10.0; Win64; x64) AppleWebKit/537.36 (KHTML, like Gecko) Chrome/91.0.4472.124 Safari/537.36"
154.83.103.106 - - [16/Apr/2025:01:31:40 -0400] "GET /binance.env HTTP/1.1" 404 7270 "-" "Mozilla/5.0 (Windows NT 10.0; Win64; x64) AppleWebKit/537.36 (KHTML, like Gecko) Chrome/91.0.4472.124 Safari/537.36"
154.83.103.106 - - [16/Apr/2025:01:31:43 -0400] "GET /binancepay.config.js HTTP/1.1" 404 7270 "-" "Mozilla/5.0 (Windows NT 10.0; Win64; x64) AppleWebKit/537.36 (KHTML, like Gecko) Chrome/91.0.4472.124 Safari/537.36"
154.83.103.106 - - [16/Apr/2025:01:31:46 -0400] "GET /binancepay.yaml HTTP/1.1" 404 7270 "-" "Mozilla/5.0 (Windows NT 10.0; Win64; x64) AppleWebKit/537.36 (KHTML, like Gecko) Chrome/91.0.4472.124 Safari/537.36"
154.83.103.106 - - [16/Apr/2025:01:31:48 -0400] "GET /config/binance.php HTTP/1.1" 404 7270 "-" "Mozilla/5.0 (Windows NT 10.0; Win64; x64) AppleWebKit/537.36 (KHTML, like Gecko) Chrome/91.0.4472.124 Safari/537.36"
154.83.103.106 - - [16/Apr/2025:01:31:50 -0400] "GET /config/binancepay.json HTTP/1.1" 404 7270 "-" "Mozilla/5.0 (Windows NT 10.0; Win64; x64) AppleWebKit/537.36 (KHTML, like Gecko) Chrome/91.0.4472.124 Safari/537.36"
154.83.103.106 - - [16/Apr/2025:01:31:52 -0400] "GET /src/config/binance.js HTTP/1.1" 404 7270 "-" "Mozilla/5.0 (Windows NT 10.0; Win64; x64) AppleWebKit/537.36 (KHTML, like Gecko) Chrome/91.0.4472.124 Safari/537.36"
154.83.103.106 - - [16/Apr/2025:01:31:54 -0400] "GET /src/config/binance.ts HTTP/1.1" 404 7270 "-" "Mozilla/5.0 (Windows NT 10.0; Win64; x64) AppleWebKit/537.36 (KHTML, like Gecko) Chrome/91.0.4472.124 Safari/537.36"
154.83.103.106 - - [16/Apr/2025:01:31:56 -0400] "GET /braintree-credentials.json HTTP/1.1" 404 7270 "-" "Mozilla/5.0 (Windows NT 10.0; Win64; x64) AppleWebKit/537.36 (KHTML, like Gecko) Chrome/91.0.4472.124 Safari/537.36"
154.83.103.106 - - [16/Apr/2025:01:31:58 -0400] "GET /braintree-keys.json HTTP/1.1" 404 7270 "-" "Mozilla/5.0 (Windows NT 10.0; Win64; x64) AppleWebKit/537.36 (KHTML, like Gecko) Chrome/91.0.4472.124 Safari/537.36"
154.83.103.106 - - [16/Apr/2025:01:32:00 -0400] "GET /braintree.config.js HTTP/1.1" 404 7270 "-" "Mozilla/5.0 (Windows NT 10.0; Win64; x64) AppleWebKit/537.36 (KHTML, like Gecko) Chrome/91.0.4472.124 Safari/537.36"
154.83.103.106 - - [16/Apr/2025:01:32:03 -0400] "GET /braintree.env HTTP/1.1" 404 7270 "-" "Mozilla/5.0 (Windows NT 10.0; Win64; x64) AppleWebKit/537.36 (KHTML, like Gecko) Chrome/91.0.4472.124 Safari/537.36"
154.83.103.106 - - [16/Apr/2025:01:32:04 -0400] "GET /braintree.json HTTP/1.1" 404 7270 "-" "Mozilla/5.0 (Windows NT 10.0; Win64; x64) AppleWebKit/537.36 (KHTML, like Gecko) Chrome/91.0.4472.124 Safari/537.36"
154.83.103.106 - - [16/Apr/2025:01:32:06 -0400] "GET /braintree.yaml HTTP/1.1" 404 7270 "-" "Mozilla/5.0 (Windows NT 10.0; Win64; x64) AppleWebKit/537.36 (KHTML, like Gecko) Chrome/91.0.4472.124 Safari/537.36"
154.83.103.106 - - [16/Apr/2025:01:32:09 -0400] "GET /config/braintree.json HTTP/1.1" 404 7270 "-" "Mozilla/5.0 (Windows NT 10.0; Win64; x64) AppleWebKit/537.36 (KHTML, like Gecko) Chrome/91.0.4472.124 Safari/537.36"
154.83.103.106 - - [16/Apr/2025:01:32:12 -0400] "GET /config/braintree.php HTTP/1.1" 404 7269 "-" "Mozilla/5.0 (Windows NT 10.0; Win64; x64) AppleWebKit/537.36 (KHTML, like Gecko) Chrome/91.0.4472.124 Safari/537.36"
154.83.103.106 - - [16/Apr/2025:01:32:14 -0400] "GET /src/config/braintree.js HTTP/1.1" 404 7270 "-" "Mozilla/5.0 (Windows NT 10.0; Win64; x64) AppleWebKit/537.36 (KHTML, like Gecko) Chrome/91.0.4472.124 Safari/537.36"
154.83.103.106 - - [16/Apr/2025:01:32:15 -0400] "GET /src/config/braintree.ts HTTP/1.1" 404 7270 "-" "Mozilla/5.0 (Windows NT 10.0; Win64; x64) AppleWebKit/537.36 (KHTML, like Gecko) Chrome/91.0.4472.124 Safari/537.36"
154.83.103.106 - - [16/Apr/2025:01:32:17 -0400] "GET /wp-admin/install.php HTTP/1.1" 200 436 "-" "Mozilla/5.0 (Windows NT 10.0; Win64; x64) AppleWebKit/537.36 (KHTML, like Gecko) Chrome/91.0.4472.124 Safari/537.36"
154.83.103.106 - - [16/Apr/2025:01:32:18 -0400] "GET /wp-login.php HTTP/1.1" 200 1765 "-" "Mozilla/5.0 (Windows NT 10.0; Win64; x64) AppleWebKit/537.36 (KHTML, like Gecko) Chrome/91.0.4472.124 Safari/537.36"
154.83.103.106 - - [16/Apr/2025:01:32:18 -0400] "GET /wp-admin/update-core.php HTTP/1.1" 302 0 "-" "Mozilla/5.0 (Windows NT 10.0; Win64; x64) AppleWebKit/537.36 (KHTML, like Gecko) Chrome/91.0.4472.124 Safari/537.36"
154.83.103.106 - - [16/Apr/2025:01:32:19 -0400] "GET /wp-login.php?redirect_to=https%3A%2F%2Fhigglehub.com%2Fwp-admin%2Fupdate-core.php&reauth=1 HTTP/1.1" 200 1775 "-" "Mozilla/5.0 (Windows NT 10.0; Win64; x64) AppleWebKit/537.36 (KHTML, like Gecko) Chrome/91.0.4472.124 Safari/537.36"
154.83.103.106 - - [16/Apr/2025:01:32:20 -0400] "GET /wp-admin/upgrade.php HTTP/1.1" 200 413 "-" "Mozilla/5.0 (Windows NT 10.0; Win64; x64) AppleWebKit/537.36 (KHTML, like Gecko) Chrome/91.0.4472.124 Safari/537.36"
154.83.103.106 - - [16/Apr/2025:01:32:21 -0400] "GET /wp-admin/import.php HTTP/1.1" 302 0 "-" "Mozilla/5.0 (Windows NT 10.0; Win64; x64) AppleWebKit/537.36 (KHTML, like Gecko) Chrome/91.0.4472.124 Safari/537.36"
198.54.114.83 - - [16/Apr/2025:01:32:22 -0400] "POST /wp-cron.php?doing_wp_cron=1744781542.6998701095581054687500 HTTP/1.1" 200 0 "-" "WordPress/6.7.2; https://higglehub.com"
154.83.103.106 - - [16/Apr/2025:01:32:22 -0400] "GET /wp-login.php?redirect_to=https%3A%2F%2Fhigglehub.com%2Fwp-admin%2Fimport.php&reauth=1 HTTP/1.1" 200 1774 "-" "Mozilla/5.0 (Windows NT 10.0; Win64; x64) AppleWebKit/537.36 (KHTML, like Gecko) Chrome/91.0.4472.124 Safari/537.36"
154.83.103.106 - - [16/Apr/2025:01:32:23 -0400] "GET /install.php HTTP/1.1" 404 7270 "-" "Mozilla/5.0 (Windows NT 10.0; Win64; x64) AppleWebKit/537.36 (KHTML, like Gecko) Chrome/91.0.4472.124 Safari/537.36"
198.54.114.83 - - [16/Apr/2025:01:34:06 -0400] "POST /wp-cron.php?doing_wp_cron=1744781645.8158121109008789062500 HTTP/1.1" 200 0 "-" "WordPress/6.7.2; https://higglehub.com"
198.54.114.83 - - [16/Apr/2025:01:34:07 -0400] "POST /wp-admin/admin-ajax.php?action=async_litespeed&nonce=NgB8fd4LklabsPypzxkxWaVNS6qZKO6z&litespeed_type=imgoptm HTTP/1.1" 200 0 "-" "WordPress/6.7.2; https://higglehub.com"
111.119.215.137 - - [16/Apr/2025:01:34:00 -0400] "GET /relax-and-recharges-with-a-business-trip-massages/ HTTP/1.1" 200 10971 "https://higglehub.com/relax-and-recharges-with-a-business-trip-massages/#content" "Mozilla/5.0 (Macintosh; Intel Mac OS X 10_15_7) AppleWebKit/537.36 (KHTML, like Gecko) Chrome/131.0.0.0 Safari/537.36"
212.34.140.72 - - [16/Apr/2025:01:35:25 -0400] "GET /gitarrenunterricht-in-dusseldorf-ihr-weg-zur-musikalischen-entfaltung/ HTTP/1.1" 200 10815 "https://higglehub.com/gitarrenunterricht-in-dusseldorf-ihr-weg-zur-musikalischen-entfaltung/#comment-6242" "Mozilla/5.0 (Windows NT 10.0; Win64; x64) AppleWebKit/537.36 (KHTML, like Gecko) Chrome/131.0.0.0 Safari/537.36 Avast/131.0.0.0"
198.54.114.83 - - [16/Apr/2025:01:35:27 -0400] "POST /wp-cron.php?doing_wp_cron=1744781727.4922869205474853515625 HTTP/1.1" 200 0 "-" "WordPress/6.7.2; https://higglehub.com"
198.54.114.83 - - [16/Apr/2025:01:35:29 -0400] "POST /wp-admin/admin-ajax.php?action=async_litespeed&nonce=XcKvAjzvunR5lw5JVZzksM1jy0HPgxjq&litespeed_type=imgoptm HTTP/1.1" 200 0 "-" "WordPress/6.7.2; https://higglehub.com"
212.34.140.72 - - [16/Apr/2025:01:35:26 -0400] "POST /wp-comments-post.php HTTP/1.1" 302 0 "https://higglehub.com/gitarrenunterricht-in-dusseldorf-ihr-weg-zur-musikalischen-entfaltung/#comment-6242" "Mozilla/5.0 (Windows NT 10.0; Win64; x64) AppleWebKit/537.36 (KHTML, like Gecko) Chrome/131.0.0.0 Safari/537.36 Avast/131.0.0.0"
212.34.140.72 - - [16/Apr/2025:01:35:30 -0400] "GET /gitarrenunterricht-in-dusseldorf-ihr-weg-zur-musikalischen-entfaltung/ HTTP/1.1" 200 11330 "https://higglehub.com/gitarrenunterricht-in-dusseldorf-ihr-weg-zur-musikalischen-entfaltung/#comment-6328" "Mozilla/5.0 (Windows NT 10.0; Win64; x64) AppleWebKit/537.36 (KHTML, like Gecko) Chrome/131.0.0.0 Safari/537.36 Avast/131.0.0.0"
198.54.114.83 - - [16/Apr/2025:01:51:45 -0400] "POST /wp-cron.php?doing_wp_cron=1744782704.1319890022277832031250 HTTP/1.1" 200 0 "-" "WordPress/6.7.2; https://higglehub.com"
134.122.196.8 - - [16/Apr/2025:01:51:40 -0400] "GET /statics/img/login_bg.jpg HTTP/1.1" 404 7269 "http://higglehub.com" "Googlebot/2.1 (+http://www.google.com/bot.html)"
198.54.114.83 - - [16/Apr/2025:01:51:46 -0400] "POST /wp-admin/admin-ajax.php?action=async_litespeed&nonce=B3a0iXqQU14ZFe4o2gtWwNQrN4q49XiH&litespeed_type=imgoptm HTTP/1.1" 200 0 "-" "WordPress/6.7.2; https://higglehub.com"
107.189.3.177 - - [16/Apr/2025:01:53:58 -0400] "GET /wp-login.php HTTP/1.1" 200 1765 "-" "Mozilla/5.0 (X11; Linux x86_64) AppleWebKit/537.36 (KHTML, like Gecko) Chrome/36.0.1985.143 Safari/537.36"
107.189.3.177 - - [16/Apr/2025:01:54:01 -0400] "POST /wp-login.php HTTP/1.1" 200 1895 "-" "Mozilla/5.0 (X11; Linux x86_64) AppleWebKit/537.36 (KHTML, like Gecko) Chrome/36.0.1985.143 Safari/537.36"
198.54.114.83 - - [16/Apr/2025:01:54:06 -0400] "POST /wp-cron.php?doing_wp_cron=1744782844.9669868946075439453125 HTTP/1.1" 200 0 "-" "WordPress/6.7.2; https://higglehub.com"
209.141.56.126 - - [16/Apr/2025:01:56:12 -0400] "GET /wp-login.php HTTP/1.1" 200 1765 "-" "Mozilla/5.0 (Windows NT 6.3; WOW64) AppleWebKit/537.36 (KHTML, like Gecko) Chrome/35.0.1916.153 Safari/537.36"
198.54.114.83 - - [16/Apr/2025:01:56:18 -0400] "POST /wp-cron.php?doing_wp_cron=1744782977.0616199970245361328125 HTTP/1.1" 200 0 "-" "WordPress/6.7.2; https://higglehub.com"
209.141.56.126 - - [16/Apr/2025:01:56:14 -0400] "POST /wp-login.php HTTP/1.1" 200 1897 "-" "Mozilla/5.0 (Windows NT 6.3; WOW64) AppleWebKit/537.36 (KHTML, like Gecko) Chrome/35.0.1916.153 Safari/537.36"
198.54.114.83 - - [16/Apr/2025:01:56:19 -0400] "POST /wp-admin/admin-ajax.php?action=async_litespeed&nonce=nXperTRVftsdPzVRoFK87v84sovolhgt&litespeed_type=imgoptm HTTP/1.1" 200 0 "-" "WordPress/6.7.2; https://higglehub.com"
50.57.19.18 - - [16/Apr/2025:02:04:39 -0400] "GET /wp-login.php HTTP/1.1" 200 1765 "-" "GRequests/0.10"
198.54.114.83 - - [16/Apr/2025:02:04:44 -0400] "POST /wp-cron.php?doing_wp_cron=1744783483.8983500003814697265625 HTTP/1.1" 200 0 "-" "WordPress/6.7.2; https://higglehub.com"
50.57.19.18 - - [16/Apr/2025:02:04:40 -0400] "POST /wp-login.php HTTP/1.1" 200 1897 "-" "GRequests/0.10"
198.54.114.83 - - [16/Apr/2025:02:04:45 -0400] "POST /wp-admin/admin-ajax.php?action=async_litespeed&nonce=WiVCC71XbM6SIWl8rgqYzW6c03Hbm5nx&litespeed_type=imgoptm HTTP/1.1" 200 0 "-" "WordPress/6.7.2; https://higglehub.com"
94.74.90.111 - - [16/Apr/2025:02:05:17 -0400] "GET /finding-a-hypnotherapist-in-singapore-for-mental-wellness/ HTTP/1.1" 200 11234 "https://higglehub.com/finding-a-hypnotherapist-in-singapore-for-mental-wellness/#respond" "Mozilla/5.0 (Windows NT 10.0; Win64; x64) AppleWebKit/537.36 (KHTML, like Gecko) Chrome/101.0.4951.64 Safari/537.36 Edg/101.0.1210.47"
50.57.19.18 - - [16/Apr/2025:02:15:26 -0400] "GET /wp-login.php HTTP/1.1" 200 1765 "-" "GRequests/0.10"
50.57.19.18 - - [16/Apr/2025:02:15:27 -0400] "POST /wp-login.php HTTP/1.1" 200 1897 "-" "GRequests/0.10"
