195.2.67.184 - - [16/Apr/2025:14:24:05 -0400] "GET /best-cbd-oil-products-uk/ HTTP/1.1" 200 11600 "https://llcbibleclub.com/best-cbd-oil-products-uk/#comment-5924/" "Mozilla/5.0 (Windows NT 10.0; Win64; x64) AppleWebKit/537.36 (KHTML, like Gecko) Chrome/130.0.0.0 Safari/537.36 CCleaner/130.0.0.0"
195.2.67.184 - - [16/Apr/2025:14:24:06 -0400] "POST /wp-comments-post.php HTTP/1.1" 429 982 "https://llcbibleclub.com/best-cbd-oil-products-uk/#comment-5924/" "Mozilla/5.0 (Windows NT 10.0; Win64; x64) AppleWebKit/537.36 (KHTML, like Gecko) Chrome/130.0.0.0 Safari/537.36 CCleaner/130.0.0.0"
195.2.67.184 - - [16/Apr/2025:14:24:06 -0400] "POST /wp-comments-post.php HTTP/1.1" 302 0 "https://llcbibleclub.com/best-cbd-oil-products-uk/#comment-5924/" "Mozilla/5.0 (Windows NT 10.0; Win64; x64) AppleWebKit/537.36 (KHTML, like Gecko) Chrome/131.0.0.0 Safari/537.36 Avast/131.0.0.0"
195.2.67.184 - - [16/Apr/2025:14:24:06 -0400] "POST /wp-comments-post.php HTTP/1.1" 429 982 "https://llcbibleclub.com/best-cbd-oil-products-uk/#comment-5924/" "Mozilla/5.0 (Windows NT 10.0; Win64; x64) AppleWebKit/537.36 (KHTML, like Gecko) Chrome/130.0.0.0 Safari/537.36"
195.2.67.184 - - [16/Apr/2025:14:24:06 -0400] "POST /wp-comments-post.php HTTP/1.1" 302 0 "https://llcbibleclub.com/best-cbd-oil-products-uk/#comment-5924/" "Mozilla/5.0 (Windows NT 10.0; Win64; x64) AppleWebKit/537.36 (KHTML, like Gecko) Chrome/130.0.0.0 Safari/537.36 CCleaner/130.0.0.0"
195.2.67.184 - - [16/Apr/2025:14:24:16 -0400] "GET /best-cbd-oil-products-uk/ HTTP/1.1" 200 21092 "https://llcbibleclub.com/best-cbd-oil-products-uk/#comment-6439" "Mozilla/5.0 (Windows NT 10.0; Win64; x64) AppleWebKit/537.36 (KHTML, like Gecko) Chrome/131.0.0.0 Safari/537.36 Avast/131.0.0.0"
195.2.67.184 - - [16/Apr/2025:14:24:17 -0400] "GET /best-cbd-oil-products-uk/ HTTP/1.1" 200 19869 "https://llcbibleclub.com/best-cbd-oil-products-uk/#comment-6440" "Mozilla/5.0 (Windows NT 10.0; Win64; x64) AppleWebKit/537.36 (KHTML, like Gecko) Chrome/130.0.0.0 Safari/537.36 CCleaner/130.0.0.0"
35.208.150.1 - - [16/Apr/2025:14:24:48 -0400] "GET /Amazon/b/ref=bl_dp_s_web_7940963051 HTTP/1.1" 404 6505 "-" "Buck/2.4.3; (+https://app.hypefactors.com/media-monitoring/about.html)"
198.54.114.83 - - [16/Apr/2025:14:24:50 -0400] "POST /wp-cron.php?doing_wp_cron=1744827888.6884338855743408203125 HTTP/1.1" 200 0 "-" "WordPress/6.8; https://llcbibleclub.com"
35.208.150.1 - - [16/Apr/2025:14:25:28 -0400] "GET /dp/B09WXH9BH7 HTTP/1.1" 404 6505 "-" "Buck/2.4.3; (+https://app.hypefactors.com/media-monitoring/about.html)"
35.208.150.1 - - [16/Apr/2025:14:26:03 -0400] "GET /dp/B09B8YP8KY HTTP/1.1" 404 6505 "-" "Buck/2.4.3; (+https://app.hypefactors.com/media-monitoring/about.html)"
198.54.114.83 - - [16/Apr/2025:14:26:07 -0400] "POST /wp-cron.php?doing_wp_cron=1744827963.9733870029449462890625 HTTP/1.1" 200 0 "-" "WordPress/6.8; https://llcbibleclub.com"
198.54.114.83 - - [16/Apr/2025:14:26:12 -0400] "POST /wp-admin/admin-ajax.php?action=async_litespeed&nonce=oZ5C9puIqG3tSYvLwE7vV17NRUYgzPoA&litespeed_type=imgoptm HTTP/1.1" 200 0 "-" "WordPress/6.8; https://llcbibleclub.com"
35.208.150.1 - - [16/Apr/2025:14:26:37 -0400] "GET /dp/B0C2RXN77R HTTP/1.1" 404 6505 "-" "Buck/2.4.3; (+https://app.hypefactors.com/media-monitoring/about.html)"
198.54.114.83 - - [16/Apr/2025:14:26:41 -0400] "POST /wp-cron.php?doing_wp_cron=1744827997.3063330650329589843750 HTTP/1.1" 200 0 "-" "WordPress/6.8; https://llcbibleclub.com"
35.208.150.1 - - [16/Apr/2025:14:27:17 -0400] "GET /dp/B085G63QHT HTTP/1.1" 404 6505 "-" "Buck/2.4.3; (+https://app.hypefactors.com/media-monitoring/about.html)"
13.58.55.46 - - [16/Apr/2025:14:27:40 -0400] "GET /ist-eine-rennkurs-gitarre-online-das-richtige-fur-sie HTTP/1.1" 301 0 "-" "Mozilla/5.0 AppleWebKit/537.36 (KHTML, like Gecko; compatible; ClaudeBot/1.0; +claudebot@anthropic.com)"
198.54.114.83 - - [16/Apr/2025:14:27:44 -0400] "POST /wp-cron.php?doing_wp_cron=1744828060.7537770271301269531250 HTTP/1.1" 200 0 "-" "WordPress/6.8; https://llcbibleclub.com"
13.58.55.46 - - [16/Apr/2025:14:27:45 -0400] "GET /ist-eine-rennkurs-gitarre-online-das-richtige-fur-sie/ HTTP/1.1" 200 0 "https://llcbibleclub.com/ist-eine-rennkurs-gitarre-online-das-richtige-fur-sie" "Mozilla/5.0 AppleWebKit/537.36 (KHTML, like Gecko; compatible; ClaudeBot/1.0; +claudebot@anthropic.com)"
35.208.150.1 - - [16/Apr/2025:14:27:59 -0400] "GET /dp/B07NQ7HNHY HTTP/1.1" 404 6505 "-" "Buck/2.4.3; (+https://app.hypefactors.com/media-monitoring/about.html)"
54.36.149.88 - - [16/Apr/2025:14:28:18 -0400] "GET /unveiling-omnigenceam-a-new-frontier/ HTTP/1.1" 200 10857 "-" "Mozilla/5.0 (compatible; AhrefsBot/7.0; +http://ahrefs.com/robot/)"
35.208.150.1 - - [16/Apr/2025:14:28:43 -0400] "GET /dp/B09B2RL8CG HTTP/1.1" 404 6505 "-" "Buck/2.4.3; (+https://app.hypefactors.com/media-monitoring/about.html)"
198.54.114.83 - - [16/Apr/2025:14:28:47 -0400] "POST /wp-cron.php?doing_wp_cron=1744828123.7139151096343994140625 HTTP/1.1" 200 0 "-" "WordPress/6.8; https://llcbibleclub.com"
35.208.150.1 - - [16/Apr/2025:14:29:26 -0400] "GET /dp/B0BLS3H65Z HTTP/1.1" 404 6505 "-" "Buck/2.4.3; (+https://app.hypefactors.com/media-monitoring/about.html)"
66.249.64.174 - - [16/Apr/2025:14:29:31 -0400] "GET /2024/06/ HTTP/1.1" 301 0 "-" "Mozilla/5.0 (Linux; Android 6.0.1; Nexus 5X Build/MMB29P) AppleWebKit/537.36 (KHTML, like Gecko) Chrome/135.0.7049.84 Mobile Safari/537.36 (compatible; GoogleOther)"
35.208.150.1 - - [16/Apr/2025:14:30:12 -0400] "GET /dp/B0BCR4YW51 HTTP/1.1" 404 6505 "-" "Buck/2.4.3; (+https://app.hypefactors.com/media-monitoring/about.html)"
198.54.114.83 - - [16/Apr/2025:14:31:20 -0400] "POST /wp-cron.php?doing_wp_cron=1744828274.0453870296478271484375 HTTP/1.1" 200 0 "-" "WordPress/6.8; https://llcbibleclub.com"
35.208.150.1 - - [16/Apr/2025:14:31:04 -0400] "GET /dp/B084NTF5ZY HTTP/1.1" 404 6505 "-" "Buck/2.4.3; (+https://app.hypefactors.com/media-monitoring/about.html)"
43.154.146.32 - - [16/Apr/2025:14:31:48 -0400] "GET /how-to-make-a-cheese-puff/ HTTP/1.1" 200 10868 "-" "Python/3.10 aiohttp/3.10.5"
35.208.150.1 - - [16/Apr/2025:14:31:58 -0400] "GET /dp/B08MQNGX3W HTTP/1.1" 404 6505 "-" "Buck/2.4.3; (+https://app.hypefactors.com/media-monitoring/about.html)"
54.39.177.48 - - [16/Apr/2025:14:32:43 -0400] "GET /robots.txt HTTP/1.1" 304 0 "-" "Mozilla/5.0 (compatible; YaK/1.0; http://linkfluence.com/; bot@linkfluence.com)"
35.208.150.1 - - [16/Apr/2025:14:32:48 -0400] "GET /dp/B09Y1GZR7T HTTP/1.1" 404 6505 "-" "Buck/2.4.3; (+https://app.hypefactors.com/media-monitoring/about.html)"
54.39.177.48 - - [16/Apr/2025:14:32:53 -0400] "GET /connect-to-discord-streamlabssupport-streamlabs/ HTTP/1.1" 200 87774 "-" "Mozilla/5.0 (compatible; YaK/1.0; http://linkfluence.com/; bot@linkfluence.com)"
119.28.2.109 - - [16/Apr/2025:14:33:10 -0400] "GET /magic-mushroom-kitss/ HTTP/1.1" 200 10790 "-" "Python/3.10 aiohttp/3.10.5"
198.54.114.83 - - [16/Apr/2025:14:33:16 -0400] "POST /wp-cron.php?doing_wp_cron=1744828391.4887759685516357421875 HTTP/1.1" 200 0 "-" "WordPress/6.8; https://llcbibleclub.com"
35.208.150.1 - - [16/Apr/2025:14:33:27 -0400] "GET /dp/B0CQMZ24LR HTTP/1.1" 404 6505 "-" "Buck/2.4.3; (+https://app.hypefactors.com/media-monitoring/about.html)"
35.208.150.1 - - [16/Apr/2025:14:34:11 -0400] "GET /dp/B0CJKV1J9N HTTP/1.1" 404 6505 "-" "Buck/2.4.3; (+https://app.hypefactors.com/media-monitoring/about.html)"
198.54.114.83 - - [16/Apr/2025:14:34:17 -0400] "POST /wp-cron.php?doing_wp_cron=1744828452.2762320041656494140625 HTTP/1.1" 200 0 "-" "WordPress/6.8; https://llcbibleclub.com"
35.208.150.1 - - [16/Apr/2025:14:34:39 -0400] "GET /dp/B0BTG4S29L HTTP/1.1" 404 6505 "-" "Buck/2.4.3; (+https://app.hypefactors.com/media-monitoring/about.html)"
3.16.75.169 - - [16/Apr/2025:14:34:48 -0400] "GET /how-to-prevent-galling-in-metalworking HTTP/1.1" 301 0 "-" "Mozilla/5.0 AppleWebKit/537.36 (KHTML, like Gecko; compatible; ClaudeBot/1.0; +claudebot@anthropic.com)"
3.16.75.169 - - [16/Apr/2025:14:34:51 -0400] "GET /how-to-prevent-galling-in-metalworking/ HTTP/1.1" 200 0 "https://llcbibleclub.com/how-to-prevent-galling-in-metalworking" "Mozilla/5.0 AppleWebKit/537.36 (KHTML, like Gecko; compatible; ClaudeBot/1.0; +claudebot@anthropic.com)"
35.208.150.1 - - [16/Apr/2025:14:35:07 -0400] "GET /dp/B09TDTJKF1 HTTP/1.1" 404 6505 "-" "Buck/2.4.3; (+https://app.hypefactors.com/media-monitoring/about.html)"
35.208.150.1 - - [16/Apr/2025:14:35:39 -0400] "GET /dp/B0CP31QS6R HTTP/1.1" 404 6505 "-" "Buck/2.4.3; (+https://app.hypefactors.com/media-monitoring/about.html)"
198.54.114.83 - - [16/Apr/2025:14:35:44 -0400] "POST /wp-cron.php?doing_wp_cron=1744828539.8365550041198730468750 HTTP/1.1" 200 0 "-" "WordPress/6.8; https://llcbibleclub.com"
198.54.114.83 - - [16/Apr/2025:14:35:48 -0400] "POST /wp-admin/admin-ajax.php?action=async_litespeed&nonce=lZu0uh0qgumMU8Hp2ce5OCpe6DHj3u9C&litespeed_type=imgoptm HTTP/1.1" 200 0 "-" "WordPress/6.8; https://llcbibleclub.com"
35.208.150.1 - - [16/Apr/2025:14:36:14 -0400] "GET /dp/B0CFPL6CFY HTTP/1.1" 404 6505 "-" "Buck/2.4.3; (+https://app.hypefactors.com/media-monitoring/about.html)"
198.54.114.83 - - [16/Apr/2025:14:37:02 -0400] "POST /wp-cron.php?doing_wp_cron=1744828619.1940279006958007812500 HTTP/1.1" 200 0 "-" "WordPress/6.8; https://llcbibleclub.com"
35.208.150.1 - - [16/Apr/2025:14:36:57 -0400] "GET /dp/B0CFPHSTDD HTTP/1.1" 404 6505 "-" "Buck/2.4.3; (+https://app.hypefactors.com/media-monitoring/about.html)"
198.54.114.83 - - [16/Apr/2025:14:37:10 -0400] "POST /wp-admin/admin-ajax.php?action=async_litespeed&nonce=MuEd3XlOY8h5qk6Az7BAiEf7i8UqhZYS&litespeed_type=imgoptm HTTP/1.1" 200 0 "-" "WordPress/6.8; https://llcbibleclub.com"
35.208.150.1 - - [16/Apr/2025:14:37:53 -0400] "GET /dp/B0CZB5RHWX HTTP/1.1" 404 6505 "-" "Buck/2.4.3; (+https://app.hypefactors.com/media-monitoring/about.html)"
43.154.242.199 - - [16/Apr/2025:14:38:00 -0400] "GET /football-betting-tips/ HTTP/1.1" 200 10841 "-" "Python/3.10 aiohttp/3.10.5"
35.208.150.1 - - [16/Apr/2025:14:38:37 -0400] "GET /dp/B09BS5XWNS HTTP/1.1" 404 6505 "-" "Buck/2.4.3; (+https://app.hypefactors.com/media-monitoring/about.html)"
35.208.150.1 - - [16/Apr/2025:14:39:12 -0400] "GET /dp/B091D9R5XX HTTP/1.1" 404 6505 "-" "Buck/2.4.3; (+https://app.hypefactors.com/media-monitoring/about.html)"
198.54.114.83 - - [16/Apr/2025:14:39:17 -0400] "POST /wp-cron.php?doing_wp_cron=1744828752.9557909965515136718750 HTTP/1.1" 200 0 "-" "WordPress/6.8; https://llcbibleclub.com"
198.54.114.83 - - [16/Apr/2025:14:39:23 -0400] "POST /wp-admin/admin-ajax.php?action=async_litespeed&nonce=AWapM3XPIA0QpHBVPnx5aGwTFRP9KhyG&litespeed_type=imgoptm HTTP/1.1" 200 0 "-" "WordPress/6.8; https://llcbibleclub.com"
35.208.150.1 - - [16/Apr/2025:14:39:49 -0400] "GET /dp/B0BZWRSRWV HTTP/1.1" 404 6505 "-" "Buck/2.4.3; (+https://app.hypefactors.com/media-monitoring/about.html)"
198.54.114.83 - - [16/Apr/2025:14:40:00 -0400] "POST /wp-cron.php?doing_wp_cron=1744828790.9193871021270751953125 HTTP/1.1" 200 0 "-" "WordPress/6.8; https://llcbibleclub.com"
198.54.114.83 - - [16/Apr/2025:14:40:09 -0400] "POST /wp-admin/admin-ajax.php?action=async_litespeed&nonce=Exod2HaC1iKBLbVsRZYmOPP5B31vHTgF&litespeed_type=imgoptm HTTP/1.1" 200 0 "-" "WordPress/6.8; https://llcbibleclub.com"
35.208.150.1 - - [16/Apr/2025:14:40:30 -0400] "GET /dp/B09WZBPX7K HTTP/1.1" 404 6505 "-" "Buck/2.4.3; (+https://app.hypefactors.com/media-monitoring/about.html)"
66.249.64.162 - - [16/Apr/2025:14:40:53 -0400] "GET /1/batch/1/OE/ HTTP/1.1" 404 6505 "-" "Mozilla/5.0 (Linux; Android 6.0.1; Nexus 5X Build/MMB29P) AppleWebKit/537.36 (KHTML, like Gecko) Chrome/135.0.7049.84 Mobile Safari/537.36 (compatible; GoogleOther)"
35.208.150.1 - - [16/Apr/2025:14:41:24 -0400] "GET /dp/B0B2BY4ZG7 HTTP/1.1" 404 6505 "-" "Buck/2.4.3; (+https://app.hypefactors.com/media-monitoring/about.html)"
3.22.223.160 - - [16/Apr/2025:14:41:58 -0400] "GET /les-huiles-de-chanvre-peuvent-elles-maider-a-gerer-mon-anxiete HTTP/1.1" 200 0 "-" "Mozilla/5.0 AppleWebKit/537.36 (KHTML, like Gecko; compatible; ClaudeBot/1.0; +claudebot@anthropic.com)"
35.208.150.1 - - [16/Apr/2025:14:42:03 -0400] "GET /dp/B0D484S271 HTTP/1.1" 404 6505 "-" "Buck/2.4.3; (+https://app.hypefactors.com/media-monitoring/about.html)"
35.208.150.1 - - [16/Apr/2025:14:42:51 -0400] "GET /dp/B0B6GK4VTC HTTP/1.1" 404 6505 "-" "Buck/2.4.3; (+https://app.hypefactors.com/media-monitoring/about.html)"
198.54.114.83 - - [16/Apr/2025:14:43:36 -0400] "POST /wp-cron.php?doing_wp_cron=1744829013.5208048820495605468750 HTTP/1.1" 200 0 "-" "WordPress/6.8; https://llcbibleclub.com"
35.208.150.1 - - [16/Apr/2025:14:43:32 -0400] "GET /dp/B0CG2TPLJV HTTP/1.1" 404 6505 "-" "Buck/2.4.3; (+https://app.hypefactors.com/media-monitoring/about.html)"
198.54.114.83 - - [16/Apr/2025:14:43:44 -0400] "POST /wp-admin/admin-ajax.php?action=async_litespeed&nonce=4PbRgbcghAjcDpgOKSLIrxG1wAa4I5tI&litespeed_type=imgoptm HTTP/1.1" 200 0 "-" "WordPress/6.8; https://llcbibleclub.com"
35.208.150.1 - - [16/Apr/2025:14:44:19 -0400] "GET /dp/B0C5QRZ47P HTTP/1.1" 404 6505 "-" "Buck/2.4.3; (+https://app.hypefactors.com/media-monitoring/about.html)"
27.42.99.212 - - [16/Apr/2025:14:44:49 -0400] "GET /screw-chart-choosing-the-right-10-screw-diameter/ HTTP/1.1" 200 11238 "https://llcbibleclub.com" "Mozilla/5.0 (Windows NT 10.0; Win64; x64) AppleWebKit/537.36 (KHTML, like Gecko) Chrome/62.0.3202.94 Safari/537.36"
27.42.99.212 - - [16/Apr/2025:14:44:54 -0400] "POST /wp-comments-post.php HTTP/1.1" 302 0 "https://llcbibleclub.com" "Mozilla/5.0 (Windows NT 10.0; Win64; x64) AppleWebKit/537.36 (KHTML, like Gecko) Chrome/62.0.3202.94 Safari/537.36"
198.54.114.83 - - [16/Apr/2025:14:44:58 -0400] "POST /wp-cron.php?doing_wp_cron=1744829094.2860629558563232421875 HTTP/1.1" 200 0 "-" "WordPress/6.8; https://llcbibleclub.com"
27.42.99.212 - - [16/Apr/2025:14:45:02 -0400] "GET /screw-chart-choosing-the-right-10-screw-diameter/ HTTP/1.1" 200 11922 "https://llcbibleclub.com" "Mozilla/4.0 (compatible; MSIE 6.0; Windows NT 5.1; en) Opera 8.50"
66.249.64.162 - - [16/Apr/2025:14:45:03 -0400] "GET /2023/02/ HTTP/1.1" 301 0 "-" "Mozilla/5.0 (Linux; Android 6.0.1; Nexus 5X Build/MMB29P) AppleWebKit/537.36 (KHTML, like Gecko) Chrome/135.0.7049.84 Mobile Safari/537.36 (compatible; Googlebot/2.1; +http://www.google.com/bot.html)"
35.208.150.1 - - [16/Apr/2025:14:45:04 -0400] "GET /dp/B0D483WX7X HTTP/1.1" 404 6505 "-" "Buck/2.4.3; (+https://app.hypefactors.com/media-monitoring/about.html)"
129.226.131.165 - - [16/Apr/2025:14:45:06 -0400] "GET /wedding-suit-styles-for-groomsmen/ HTTP/1.1" 200 10752 "-" "Python/3.10 aiohttp/3.10.5"
35.208.150.1 - - [16/Apr/2025:14:45:29 -0400] "GET /dp/B09DRX62ZV HTTP/1.1" 404 6505 "-" "Buck/2.4.3; (+https://app.hypefactors.com/media-monitoring/about.html)"
54.36.149.71 - - [16/Apr/2025:14:45:49 -0400] "GET /in-home-care-toronto-finding-the-right-one-for-your-elderly-loved-one/ HTTP/1.1" 200 10705 "-" "Mozilla/5.0 (compatible; AhrefsBot/7.0; +http://ahrefs.com/robot/)"
35.208.150.1 - - [16/Apr/2025:14:46:06 -0400] "GET /dp/B0D47Z1SB9 HTTP/1.1" 404 6505 "-" "Buck/2.4.3; (+https://app.hypefactors.com/media-monitoring/about.html)"
198.54.114.83 - - [16/Apr/2025:14:46:09 -0400] "POST /wp-cron.php?doing_wp_cron=1744829167.1394031047821044921875 HTTP/1.1" 200 0 "-" "WordPress/6.8; https://llcbibleclub.com"
35.208.150.1 - - [16/Apr/2025:14:46:33 -0400] "GET /dp/B08DJC1KMJ HTTP/1.1" 404 6505 "-" "Buck/2.4.3; (+https://app.hypefactors.com/media-monitoring/about.html)"
35.208.150.1 - - [16/Apr/2025:14:47:04 -0400] "GET /dp/B08LZ3LTFV HTTP/1.1" 404 6505 "-" "Buck/2.4.3; (+https://app.hypefactors.com/media-monitoring/about.html)"
35.208.150.1 - - [16/Apr/2025:14:47:37 -0400] "GET /dp/B09L462YVZ HTTP/1.1" 404 6505 "-" "Buck/2.4.3; (+https://app.hypefactors.com/media-monitoring/about.html)"
198.54.114.83 - - [16/Apr/2025:14:47:39 -0400] "POST /wp-cron.php?doing_wp_cron=1744829258.0961470603942871093750 HTTP/1.1" 200 0 "-" "WordPress/6.8; https://llcbibleclub.com"
43.155.0.244 - - [16/Apr/2025:14:48:04 -0400] "GET /fertility-clinic-dubai/ HTTP/1.1" 200 10584 "-" "Python/3.10 aiohttp/3.10.5"
35.208.150.1 - - [16/Apr/2025:14:48:27 -0400] "GET /dp/B0D3RN5W37 HTTP/1.1" 404 6505 "-" "Buck/2.4.3; (+https://app.hypefactors.com/media-monitoring/about.html)"
35.208.150.1 - - [16/Apr/2025:14:49:16 -0400] "GET /dp/B076JKHDQT HTTP/1.1" 404 6505 "-" "Buck/2.4.3; (+https://app.hypefactors.com/media-monitoring/about.html)"
198.54.114.83 - - [16/Apr/2025:14:49:20 -0400] "POST /wp-cron.php?doing_wp_cron=1744829356.6173379421234130859375 HTTP/1.1" 200 0 "-" "WordPress/6.8; https://llcbibleclub.com"
129.226.128.49 - - [16/Apr/2025:14:49:40 -0400] "GET /dad-jokes-for-kids/ HTTP/1.1" 200 10663 "-" "Python/3.10 aiohttp/3.10.5"
35.208.150.1 - - [16/Apr/2025:14:49:57 -0400] "GET /dp/B085PVB5BP HTTP/1.1" 404 6505 "-" "Buck/2.4.3; (+https://app.hypefactors.com/media-monitoring/about.html)"
35.208.150.1 - - [16/Apr/2025:14:50:29 -0400] "GET /dp/B085Q2ZF1X HTTP/1.1" 404 6505 "-" "Buck/2.4.3; (+https://app.hypefactors.com/media-monitoring/about.html)"
198.54.114.83 - - [16/Apr/2025:14:50:32 -0400] "POST /wp-cron.php?doing_wp_cron=1744829430.1159679889678955078125 HTTP/1.1" 200 0 "-" "WordPress/6.8; https://llcbibleclub.com"
35.208.150.1 - - [16/Apr/2025:14:51:16 -0400] "GET /dp/B086PFKYVH HTTP/1.1" 404 6505 "-" "Buck/2.4.3; (+https://app.hypefactors.com/media-monitoring/about.html)"
198.54.114.83 - - [16/Apr/2025:14:51:52 -0400] "POST /wp-cron.php?doing_wp_cron=1744829511.2908771038055419921875 HTTP/1.1" 200 0 "-" "WordPress/6.8; https://llcbibleclub.com"
35.208.150.1 - - [16/Apr/2025:14:51:51 -0400] "GET /dp/B086PGZRGK HTTP/1.1" 404 6505 "-" "Buck/2.4.3; (+https://app.hypefactors.com/media-monitoring/about.html)"
198.54.114.83 - - [16/Apr/2025:14:51:54 -0400] "POST /wp-admin/admin-ajax.php?action=async_litespeed&nonce=3swF7UUy4c5rqJAUZkbkpBqsaXFaKYfG&litespeed_type=imgoptm HTTP/1.1" 200 0 "-" "WordPress/6.8; https://llcbibleclub.com"
66.249.64.162 - - [16/Apr/2025:14:51:57 -0400] "GET /1/remote-weblab-triggers/1/OE/ HTTP/1.1" 404 6505 "-" "Mozilla/5.0 (Linux; Android 6.0.1; Nexus 5X Build/MMB29P) AppleWebKit/537.36 (KHTML, like Gecko) Chrome/135.0.7049.84 Mobile Safari/537.36 (compatible; GoogleOther)"
35.208.150.1 - - [16/Apr/2025:14:52:33 -0400] "GET /dp/B091G4D95D HTTP/1.1" 404 6505 "-" "Buck/2.4.3; (+https://app.hypefactors.com/media-monitoring/about.html)"
198.54.114.83 - - [16/Apr/2025:14:52:36 -0400] "POST /wp-cron.php?doing_wp_cron=1744829554.2261769771575927734375 HTTP/1.1" 200 0 "-" "WordPress/6.8; https://llcbibleclub.com"
35.208.150.1 - - [16/Apr/2025:14:53:14 -0400] "GET /dp/B08ZJVVMT4 HTTP/1.1" 404 6505 "-" "Buck/2.4.3; (+https://app.hypefactors.com/media-monitoring/about.html)"
35.208.150.1 - - [16/Apr/2025:14:53:48 -0400] "GET /dp/B091G668JP HTTP/1.1" 404 6505 "-" "Buck/2.4.3; (+https://app.hypefactors.com/media-monitoring/about.html)"
54.222.200.220 - - [16/Apr/2025:14:54:06 -0400] "GET /wp-content/uploads/2023/06/How-to-Tell-If-Someone-Has-Snapchat-Plus.jpg HTTP/1.1" 200 10197 "-" "Mozilla/5.0 (Windows NT 10.0; Win64; x64) AppleWebKit/537.36 (KHTML, like Gecko) Chrome/133.0.0.0 Safari/537.36"
35.208.150.1 - - [16/Apr/2025:14:54:32 -0400] "GET /dp/B0CPKX85TD HTTP/1.1" 404 6505 "-" "Buck/2.4.3; (+https://app.hypefactors.com/media-monitoring/about.html)"
35.208.150.1 - - [16/Apr/2025:14:55:17 -0400] "GET /product-reviews/B0DG4WZZPV/ref=acr_dp_hist_5 HTTP/1.1" 404 6505 "-" "Buck/2.4.3; (+https://app.hypefactors.com/media-monitoring/about.html)"
198.54.114.83 - - [16/Apr/2025:14:55:24 -0400] "POST /wp-cron.php?doing_wp_cron=1744829718.1136939525604248046875 HTTP/1.1" 200 0 "-" "WordPress/6.8; https://llcbibleclub.com"
35.208.150.1 - - [16/Apr/2025:14:56:05 -0400] "GET /product-reviews/B0DG4WZZPV/ref=acr_dp_hist_4 HTTP/1.1" 404 6505 "-" "Buck/2.4.3; (+https://app.hypefactors.com/media-monitoring/about.html)"
3.15.204.243 - - [16/Apr/2025:14:56:16 -0400] "GET /steuerberatung-hattingen HTTP/1.1" 301 0 "-" "Mozilla/5.0 AppleWebKit/537.36 (KHTML, like Gecko; compatible; ClaudeBot/1.0; +claudebot@anthropic.com)"
198.54.114.83 - - [16/Apr/2025:14:56:20 -0400] "POST /wp-cron.php?doing_wp_cron=1744829779.0681200027465820312500 HTTP/1.1" 200 0 "-" "WordPress/6.8; https://llcbibleclub.com"
3.15.204.243 - - [16/Apr/2025:14:56:18 -0400] "GET /steuerberatung-hattingen/ HTTP/1.1" 200 11145 "https://llcbibleclub.com/steuerberatung-hattingen" "Mozilla/5.0 AppleWebKit/537.36 (KHTML, like Gecko; compatible; ClaudeBot/1.0; +claudebot@anthropic.com)"
198.54.114.83 - - [16/Apr/2025:14:56:24 -0400] "POST /wp-admin/admin-ajax.php?action=async_litespeed&nonce=8TSCLIIWgp9wb6rvHVGI73yzv9tPnIdk&litespeed_type=imgoptm HTTP/1.1" 200 0 "-" "WordPress/6.8; https://llcbibleclub.com"
35.208.150.1 - - [16/Apr/2025:14:56:47 -0400] "GET /product-reviews/B0DG4WZZPV/ref=acr_dp_hist_3 HTTP/1.1" 404 6505 "-" "Buck/2.4.3; (+https://app.hypefactors.com/media-monitoring/about.html)"
198.54.114.83 - - [16/Apr/2025:14:56:51 -0400] "POST /wp-cron.php?doing_wp_cron=1744829807.5761508941650390625000 HTTP/1.1" 200 0 "-" "WordPress/6.8; https://llcbibleclub.com"
35.208.150.1 - - [16/Apr/2025:14:57:17 -0400] "GET /product-reviews/B0DG4WZZPV/ref=acr_dp_hist_2 HTTP/1.1" 404 6505 "-" "Buck/2.4.3; (+https://app.hypefactors.com/media-monitoring/about.html)"
66.249.64.174 - - [16/Apr/2025:14:57:55 -0400] "GET /banning-of-oil-drilling/ HTTP/1.1" 200 12754 "-" "Mozilla/5.0 (Linux; Android 6.0.1; Nexus 5X Build/MMB29P) AppleWebKit/537.36 (KHTML, like Gecko) Chrome/135.0.7049.84 Mobile Safari/537.36 (compatible; GoogleOther)"
198.54.114.83 - - [16/Apr/2025:14:57:58 -0400] "POST /wp-cron.php?doing_wp_cron=1744829876.2382071018218994140625 HTTP/1.1" 200 0 "-" "WordPress/6.8; https://llcbibleclub.com"
35.208.150.1 - - [16/Apr/2025:14:58:03 -0400] "GET /product-reviews/B0DG4WZZPV/ref=acr_dp_hist_1 HTTP/1.1" 404 6505 "-" "Buck/2.4.3; (+https://app.hypefactors.com/media-monitoring/about.html)"
66.249.64.173 - - [16/Apr/2025:14:58:08 -0400] "GET /wp-includes/js/jquery/jquery-migrate.min.js?ver=3.4.1 HTTP/1.1" 200 4678 "https://llcbibleclub.com/banning-of-oil-drilling/" "Mozilla/5.0 (Linux; Android 6.0.1; Nexus 5X Build/MMB29P) AppleWebKit/537.36 (KHTML, like Gecko) Chrome/134.0.6998.165 Mobile Safari/537.36 (compatible; Googlebot/2.1; +http://www.google.com/bot.html)"
66.249.64.173 - - [16/Apr/2025:14:58:13 -0400] "GET /wp-content/themes/news-center/assets/js/slick.min.js?ver=1.8.1 HTTP/1.1" 304 0 "https://llcbibleclub.com/banning-of-oil-drilling/" "Mozilla/5.0 (Linux; Android 6.0.1; Nexus 5X Build/MMB29P) AppleWebKit/537.36 (KHTML, like Gecko) Chrome/134.0.6998.165 Mobile Safari/537.36 (compatible; Googlebot/2.1; +http://www.google.com/bot.html)"
35.208.150.1 - - [16/Apr/2025:14:58:41 -0400] "GET /review/create-review/ref=cm_cr_dp_d_wr_but_top HTTP/1.1" 404 6505 "-" "Buck/2.4.3; (+https://app.hypefactors.com/media-monitoring/about.html)"
3.145.36.137 - - [16/Apr/2025:14:58:43 -0400] "GET /angst-attacken HTTP/1.1" 301 0 "-" "Mozilla/5.0 AppleWebKit/537.36 (KHTML, like Gecko; compatible; ClaudeBot/1.0; +claudebot@anthropic.com)"
3.145.36.137 - - [16/Apr/2025:14:58:47 -0400] "GET /angst-attacken/ HTTP/1.1" 200 0 "https://llcbibleclub.com/angst-attacken" "Mozilla/5.0 AppleWebKit/537.36 (KHTML, like Gecko; compatible; ClaudeBot/1.0; +claudebot@anthropic.com)"
101.32.12.10 - - [16/Apr/2025:14:58:45 -0400] "GET /trusted-property-management-knows-how-to-obtain-quality-tenants/ HTTP/1.1" 200 10808 "-" "Python/3.10 aiohttp/3.10.5"
35.208.150.1 - - [16/Apr/2025:14:59:08 -0400] "GET /gp/customer-reviews/R2DVCU4L2UJJBX/ref=cm_cr_dp_d_rvw_ttl HTTP/1.1" 404 6505 "-" "Buck/2.4.3; (+https://app.hypefactors.com/media-monitoring/about.html)"
198.54.114.83 - - [16/Apr/2025:14:59:11 -0400] "POST /wp-cron.php?doing_wp_cron=1744829948.4962151050567626953125 HTTP/1.1" 200 0 "-" "WordPress/6.8; https://llcbibleclub.com"
35.208.150.1 - - [16/Apr/2025:14:59:55 -0400] "GET /gp/customer-reviews/RSOLMCOFAZGYC/ref=cm_cr_dp_d_rvw_ttl HTTP/1.1" 404 6505 "-" "Buck/2.4.3; (+https://app.hypefactors.com/media-monitoring/about.html)"
35.208.150.1 - - [16/Apr/2025:15:00:40 -0400] "GET /hz/reviews-render/report-review HTTP/1.1" 404 6504 "-" "Buck/2.4.3; (+https://app.hypefactors.com/media-monitoring/about.html)"
198.54.114.83 - - [16/Apr/2025:15:00:43 -0400] "POST /wp-cron.php?doing_wp_cron=1744830041.2285110950469970703125 HTTP/1.1" 200 0 "-" "WordPress/6.8; https://llcbibleclub.com"
198.54.114.83 - - [16/Apr/2025:15:00:46 -0400] "POST /wp-admin/admin-ajax.php?action=async_litespeed&nonce=l1mAucmwiVxLMFBznSSmZd8aKXlUTyY5&litespeed_type=imgoptm HTTP/1.1" 200 0 "-" "WordPress/6.8; https://llcbibleclub.com"
40.77.167.224 - - [16/Apr/2025:15:00:59 -0400] "GET /sitemap.xml HTTP/1.1" 200 245 "-" "Mozilla/5.0 AppleWebKit/537.36 (KHTML, like Gecko; compatible; bingbot/2.0; +http://www.bing.com/bingbot.htm) Chrome/116.0.1938.76 Safari/537.36"
95.142.47.113 - - [16/Apr/2025:15:00:59 -0400] "GET /best-cbd-oil-products-uk/ HTTP/1.1" 200 11600 "https://llcbibleclub.com/best-cbd-oil-products-uk/#comment-10304/" "Mozilla/5.0 (Windows NT 10.0; Win64; x64) AppleWebKit/537.36 (KHTML, like Gecko) Chrome/131.0.0.0 Safari/537.36 Avast/131.0.0.0"
95.142.47.113 - - [16/Apr/2025:15:01:01 -0400] "POST /wp-comments-post.php HTTP/1.1" 302 0 "https://llcbibleclub.com/best-cbd-oil-products-uk/#comment-10304/" "Mozilla/5.0 (Windows NT 10.0; Win64; x64) AppleWebKit/537.36 (KHTML, like Gecko) Chrome/131.0.0.0 Safari/537.36 Avast/131.0.0.0"
95.142.47.113 - - [16/Apr/2025:15:01:06 -0400] "GET /best-cbd-oil-products-uk/ HTTP/1.1" 200 16419 "https://llcbibleclub.com/best-cbd-oil-products-uk/#comment-6443" "Mozilla/5.0 (Windows NT 10.0; Win64; x64) AppleWebKit/537.36 (KHTML, like Gecko) Chrome/131.0.0.0 Safari/537.36 Avast/131.0.0.0"
35.208.150.1 - - [16/Apr/2025:15:01:27 -0400] "GET /gp/customer-reviews/R1PEI6HEVK2UIC/ref=cm_cr_dp_d_rvw_ttl HTTP/1.1" 404 6504 "-" "Buck/2.4.3; (+https://app.hypefactors.com/media-monitoring/about.html)"
198.54.114.83 - - [16/Apr/2025:15:02:18 -0400] "POST /wp-admin/admin-ajax.php?action=async_litespeed&nonce=DL0cGBN44tR4XRVB1obPS8nDGkLpd8aq&litespeed_type=imgoptm HTTP/1.1" 200 0 "-" "WordPress/6.8; https://llcbibleclub.com"
54.36.148.230 - - [16/Apr/2025:15:03:28 -0400] "GET /where-to-buy-views-and-likes-on-tiktok/ HTTP/1.1" 200 10695 "-" "Mozilla/5.0 (compatible; AhrefsBot/7.0; +http://ahrefs.com/robot/)"
198.54.114.83 - - [16/Apr/2025:15:03:31 -0400] "POST /wp-cron.php?doing_wp_cron=1744830208.8059580326080322265625 HTTP/1.1" 200 0 "-" "WordPress/6.8; https://llcbibleclub.com"
195.2.85.110 - - [16/Apr/2025:15:05:18 -0400] "GET /best-cbd-oil-products-uk/ HTTP/1.1" 200 11600 "https://llcbibleclub.com/best-cbd-oil-products-uk/" "Mozilla/5.0 (Windows NT 10.0; Win64; x64) AppleWebKit/537.36 (KHTML, like Gecko) Chrome/129.0.0.0 Safari/537.36"
195.2.85.110 - - [16/Apr/2025:15:05:26 -0400] "POST /wp-comments-post.php HTTP/1.1" 302 0 "https://llcbibleclub.com/best-cbd-oil-products-uk/" "Mozilla/5.0 (Windows NT 10.0; Win64; x64) AppleWebKit/537.36 (KHTML, like Gecko) Chrome/129.0.0.0 Safari/537.36"
198.54.114.83 - - [16/Apr/2025:15:05:37 -0400] "POST /wp-cron.php?doing_wp_cron=1744830332.2187991142272949218750 HTTP/1.1" 200 0 "-" "WordPress/6.8; https://llcbibleclub.com"
212.34.148.203 - - [16/Apr/2025:15:05:38 -0400] "GET /best-cbd-oil-products-uk/ HTTP/1.1" 200 11600 "https://llcbibleclub.com/best-cbd-oil-products-uk/" "Mozilla/5.0 (Windows NT 10.0; Win64; x64) AppleWebKit/537.36 (KHTML, like Gecko) Chrome/130.0.0.0 Safari/537.36 CCleaner/130.0.0.0"
198.54.114.83 - - [16/Apr/2025:15:05:42 -0400] "POST /wp-admin/admin-ajax.php?action=async_litespeed&nonce=1WG7s5cmlq4gtWW8cJUFsHD4qCrcUxsL&litespeed_type=imgoptm HTTP/1.1" 200 0 "-" "WordPress/6.8; https://llcbibleclub.com"
195.2.85.110 - - [16/Apr/2025:15:05:41 -0400] "GET /best-cbd-oil-products-uk/ HTTP/1.1" 200 12336 "https://llcbibleclub.com/best-cbd-oil-products-uk/#comment-6445" "Mozilla/5.0 (Windows NT 10.0; Win64; x64) AppleWebKit/537.36 (KHTML, like Gecko) Chrome/129.0.0.0 Safari/537.36"
212.34.148.203 - - [16/Apr/2025:15:05:43 -0400] "POST /wp-comments-post.php HTTP/1.1" 302 0 "https://llcbibleclub.com/best-cbd-oil-products-uk/" "Mozilla/5.0 (Windows NT 10.0; Win64; x64) AppleWebKit/537.36 (KHTML, like Gecko) Chrome/130.0.0.0 Safari/537.36 CCleaner/130.0.0.0"
212.34.148.203 - - [16/Apr/2025:15:05:50 -0400] "GET /best-cbd-oil-products-uk/ HTTP/1.1" 200 12219 "https://llcbibleclub.com/best-cbd-oil-products-uk/#comment-6447" "Mozilla/5.0 (Windows NT 10.0; Win64; x64) AppleWebKit/537.36 (KHTML, like Gecko) Chrome/130.0.0.0 Safari/537.36 CCleaner/130.0.0.0"
43.154.242.199 - - [16/Apr/2025:15:06:26 -0400] "GET /what-is-a-bitcoin-tumbler/ HTTP/1.1" 200 10652 "-" "Python/3.10 aiohttp/3.10.5"
185.191.171.2 - - [16/Apr/2025:15:08:13 -0400] "GET /robots.txt HTTP/1.1" 304 0 "-" "Mozilla/5.0 (compatible; SemrushBot/7~bl; +http://www.semrush.com/bot.html)"
198.54.114.83 - - [16/Apr/2025:15:08:23 -0400] "POST /wp-cron.php?doing_wp_cron=1744830500.1285378932952880859375 HTTP/1.1" 200 0 "-" "WordPress/6.8; https://llcbibleclub.com"
85.208.96.209 - - [16/Apr/2025:15:08:16 -0400] "GET /unlock-broken-screen-iphone/ HTTP/1.1" 200 16248 "-" "Mozilla/5.0 (compatible; SemrushBot/7~bl; +http://www.semrush.com/bot.html)"
198.54.114.83 - - [16/Apr/2025:15:08:26 -0400] "POST /wp-admin/admin-ajax.php?action=async_litespeed&nonce=0vv2OBcGtTnPXwp3axrbtzKmF6VMLOxD&litespeed_type=imgoptm HTTP/1.1" 200 0 "-" "WordPress/6.8; https://llcbibleclub.com"
150.109.108.171 - - [16/Apr/2025:15:09:58 -0400] "GET /live-webcams-offer-a-window-to-nature-and-scenic-landscapes/ HTTP/1.1" 200 10829 "-" "Python/3.10 aiohttp/3.10.5"
198.54.114.83 - - [16/Apr/2025:15:10:06 -0400] "POST /wp-cron.php?doing_wp_cron=1744830602.0599300861358642578125 HTTP/1.1" 200 0 "-" "WordPress/6.8; https://llcbibleclub.com"
198.54.114.83 - - [16/Apr/2025:15:10:10 -0400] "POST /wp-admin/admin-ajax.php?action=async_litespeed&nonce=rfjZQp7N9sPPxVuRQZJuu9HpKz8AyoAR&litespeed_type=imgoptm HTTP/1.1" 200 0 "-" "WordPress/6.8; https://llcbibleclub.com"
198.54.114.83 - - [16/Apr/2025:15:10:38 -0400] "POST /wp-cron.php?doing_wp_cron=1744830635.7445750236511230468750 HTTP/1.1" 200 0 "-" "WordPress/6.8; https://llcbibleclub.com"
138.199.15.170 - - [16/Apr/2025:15:10:35 -0400] "GET /best-cbd-oil-products-uk/ HTTP/1.1" 200 12296 "https://llcbibleclub.com/best-cbd-oil-products-uk/#comment-6448" "Mozilla/5.0 (Windows NT 10.0; Win64; x64) AppleWebKit/537.36 (KHTML, like Gecko) Chrome/131.0.0.0 Safari/537.36"
198.54.114.83 - - [16/Apr/2025:15:10:42 -0400] "POST /wp-admin/admin-ajax.php?action=async_litespeed&nonce=oKzm1vulT2K2iAkOQPhbdQ0lw1WFWheW&litespeed_type=imgoptm HTTP/1.1" 200 0 "-" "WordPress/6.8; https://llcbibleclub.com"
198.54.114.83 - - [16/Apr/2025:15:18:08 -0400] "POST /wp-cron.php?doing_wp_cron=1744831086.7436950206756591796875 HTTP/1.1" 200 0 "-" "WordPress/6.8; https://llcbibleclub.com"
119.28.56.126 - - [16/Apr/2025:15:18:01 -0400] "GET /lago-di-garda-hotels-the-best-places-to-stay-in-lake-garda/ HTTP/1.1" 200 10881 "-" "Python/3.10 aiohttp/3.10.5"
198.54.114.83 - - [16/Apr/2025:15:18:10 -0400] "POST /wp-admin/admin-ajax.php?action=async_litespeed&nonce=S3rXfKZvtCOo3lkXSj2TAELWfa9bbcDJ&litespeed_type=imgoptm HTTP/1.1" 200 0 "-" "WordPress/6.8; https://llcbibleclub.com"
198.54.114.83 - - [16/Apr/2025:15:19:12 -0400] "POST /wp-cron.php?doing_wp_cron=1744831151.1198000907897949218750 HTTP/1.1" 200 0 "-" "WordPress/6.8; https://llcbibleclub.com"
27.42.99.212 - - [16/Apr/2025:15:19:10 -0400] "GET /the-benefits-of-hydraulic-oil-coolers/ HTTP/1.1" 200 11234 "https://llcbibleclub.com" "Mozilla/5.0 (Windows NT 10.0; Win64; x64) AppleWebKit/537.36 (KHTML, like Gecko) Chrome/62.0.3202.94 Safari/537.36"
198.54.114.83 - - [16/Apr/2025:15:19:14 -0400] "POST /wp-admin/admin-ajax.php?action=async_litespeed&nonce=mY0glXIgyApD3jTXr8WzdfjMedtcBHnU&litespeed_type=imgoptm HTTP/1.1" 200 0 "-" "WordPress/6.8; https://llcbibleclub.com"
27.42.99.212 - - [16/Apr/2025:15:19:15 -0400] "POST /wp-comments-post.php HTTP/1.1" 302 0 "https://llcbibleclub.com" "Mozilla/5.0 (Windows NT 10.0; Win64; x64) AppleWebKit/537.36 (KHTML, like Gecko) Chrome/62.0.3202.94 Safari/537.36"
27.42.99.212 - - [16/Apr/2025:15:19:18 -0400] "GET /the-benefits-of-hydraulic-oil-coolers/ HTTP/1.1" 200 11919 "https://llcbibleclub.com" "Mozilla/4.0 (compatible; MSIE 6.0; Windows NT 5.1; en) Opera 8.50"
18.226.150.251 - - [16/Apr/2025:15:19:40 -0400] "GET /hire-a-thailand-elite-agent-to-make-the-most-of-your-time-in-thailand HTTP/1.1" 301 0 "-" "Mozilla/5.0 AppleWebKit/537.36 (KHTML, like Gecko; compatible; ClaudeBot/1.0; +claudebot@anthropic.com)"
198.54.114.83 - - [16/Apr/2025:15:19:45 -0400] "POST /wp-cron.php?doing_wp_cron=1744831182.7650959491729736328125 HTTP/1.1" 200 0 "-" "WordPress/6.8; https://llcbibleclub.com"
18.226.150.251 - - [16/Apr/2025:15:19:45 -0400] "GET /hire-a-thailand-elite-agent-to-make-the-most-of-your-time-in-thailand/ HTTP/1.1" 200 11261 "https://llcbibleclub.com/hire-a-thailand-elite-agent-to-make-the-most-of-your-time-in-thailand" "Mozilla/5.0 AppleWebKit/537.36 (KHTML, like Gecko; compatible; ClaudeBot/1.0; +claudebot@anthropic.com)"
54.36.148.41 - - [16/Apr/2025:15:21:05 -0400] "GET /what-can-chatgpt-maker-s-new-ai-model-gpt-4-do/feed/ HTTP/1.1" 200 436 "-" "Mozilla/5.0 (compatible; AhrefsBot/7.0; +http://ahrefs.com/robot/)"
119.28.3.194 - - [16/Apr/2025:15:21:05 -0400] "GET /nychas-fitness-hub-and-egyms-smart-training-solution/ HTTP/1.1" 200 11201 "-" "Python/3.10 aiohttp/3.10.5"
198.54.114.83 - - [16/Apr/2025:15:21:08 -0400] "POST /wp-cron.php?doing_wp_cron=1744831265.8583180904388427734375 HTTP/1.1" 200 0 "-" "WordPress/6.8; https://llcbibleclub.com"
198.54.114.83 - - [16/Apr/2025:15:21:08 -0400] "POST /wp-cron.php?doing_wp_cron=1744831265.8393540382385253906250 HTTP/1.1" 200 0 "-" "WordPress/6.8; https://llcbibleclub.com"
198.54.114.83 - - [16/Apr/2025:15:24:55 -0400] "POST /wp-cron.php?doing_wp_cron=1744831494.0204639434814453125000 HTTP/1.1" 200 0 "-" "WordPress/6.8; https://llcbibleclub.com"
66.249.64.160 - - [16/Apr/2025:15:24:50 -0400] "GET /photos?ref_=nav_AccountFlyout_photos HTTP/1.1" 404 6505 "-" "Mozilla/5.0 (Linux; Android 6.0.1; Nexus 5X Build/MMB29P) AppleWebKit/537.36 (KHTML, like Gecko) Chrome/135.0.7049.84 Mobile Safari/537.36 (compatible; GoogleOther)"
198.54.114.83 - - [16/Apr/2025:15:24:56 -0400] "POST /wp-admin/admin-ajax.php?action=async_litespeed&nonce=sKvaQtM8IBNbkfwtHNp2H8gIRQZAodEq&litespeed_type=imgoptm HTTP/1.1" 200 0 "-" "WordPress/6.8; https://llcbibleclub.com"
198.54.114.83 - - [16/Apr/2025:15:27:10 -0400] "POST /wp-admin/admin-ajax.php?action=async_litespeed&nonce=btkBZMHPBrbnaXUeuey9pTCRvNn38MJN&litespeed_type=imgoptm HTTP/1.1" 200 0 "-" "WordPress/6.8; https://llcbibleclub.com"
198.54.114.83 - - [16/Apr/2025:15:31:56 -0400] "POST /wp-admin/admin-ajax.php?action=async_litespeed&nonce=tl9g3UnsJFT8sCFChmBox0ORERx2cZN6&litespeed_type=imgoptm HTTP/1.1" 200 0 "-" "WordPress/6.8; https://llcbibleclub.com"
198.54.114.83 - - [16/Apr/2025:15:34:04 -0400] "POST /wp-admin/admin-ajax.php?action=async_litespeed&nonce=KWOFTin2phFolgPoF6LWBt6yiHeCmIFr&litespeed_type=imgoptm HTTP/1.1" 200 0 "-" "WordPress/6.8; https://llcbibleclub.com"
65.108.229.215 - - [16/Apr/2025:15:34:05 -0400] "GET /best-cbd-oil-products-uk/ HTTP/1.1" 200 12833 "https://llcbibleclub.com/best-cbd-oil-products-uk/#comment-6451" "Mozilla/5.0 (Windows NT 10.0; Win64; x64) AppleWebKit/537.36 (KHTML, like Gecko) Chrome/130.0.0.0 Safari/537.36"
101.32.49.9 - - [16/Apr/2025:15:35:40 -0400] "GET /how-to-shop-for-chic-fashion-dresses/ HTTP/1.1" 200 10737 "-" "Python/3.10 aiohttp/3.10.5"
198.54.114.83 - - [16/Apr/2025:15:35:50 -0400] "POST /wp-cron.php?doing_wp_cron=1744832147.9982979297637939453125 HTTP/1.1" 200 0 "-" "WordPress/6.8; https://llcbibleclub.com"
101.32.49.9 - - [16/Apr/2025:15:35:40 -0400] "GET /knitting-with-bamboo-yarn-its-hip-to-stitch/ HTTP/1.1" 200 10997 "-" "Python/3.10 aiohttp/3.10.5"
198.54.114.83 - - [16/Apr/2025:15:35:55 -0400] "POST /wp-admin/admin-ajax.php?action=async_litespeed&nonce=Ta2QEH3p8raUR2kcDskqJGR7Lz7K8NwE&litespeed_type=imgoptm HTTP/1.1" 200 0 "-" "WordPress/6.8; https://llcbibleclub.com"
85.208.98.18 - - [16/Apr/2025:15:37:29 -0400] "HEAD /small-business-loans-no-credit-check/ HTTP/1.1" 200 0 "-" "Mozilla/5.0 (compatible; SemrushBot; +http://www.semrush.com/bot.html)"
85.208.98.18 - - [16/Apr/2025:15:37:30 -0400] "HEAD /is-an-extended-car-warranty-worth-it/ HTTP/1.1" 200 0 "-" "Mozilla/5.0 (compatible; SemrushBot; +http://www.semrush.com/bot.html)"
198.54.114.83 - - [16/Apr/2025:15:37:36 -0400] "POST /wp-cron.php?doing_wp_cron=1744832254.1056420803070068359375 HTTP/1.1" 200 0 "-" "WordPress/6.8; https://llcbibleclub.com"
198.54.114.83 - - [16/Apr/2025:15:37:36 -0400] "POST /wp-cron.php?doing_wp_cron=1744832254.1090409755706787109375 HTTP/1.1" 200 0 "-" "WordPress/6.8; https://llcbibleclub.com"
198.54.114.83 - - [16/Apr/2025:15:37:40 -0400] "POST /wp-admin/admin-ajax.php?action=async_litespeed&nonce=y8S12ETGkHE7KuINcCDq65x0xIwAgcmI&litespeed_type=imgoptm HTTP/1.1" 200 0 "-" "WordPress/6.8; https://llcbibleclub.com"
40.77.167.123 - - [16/Apr/2025:15:37:53 -0400] "GET /agence-partenaire-meta-ads-paris/ HTTP/1.1" 200 10994 "-" "Mozilla/5.0 AppleWebKit/537.36 (KHTML, like Gecko; compatible; bingbot/2.0; +http://www.bing.com/bingbot.htm) Chrome/116.0.1938.76 Safari/537.36"
40.77.167.123 - - [16/Apr/2025:15:38:43 -0400] "GET /the-comforting-world-of-stuffed-animals/ HTTP/1.1" 200 10863 "-" "Mozilla/5.0 AppleWebKit/537.36 (KHTML, like Gecko; compatible; bingbot/2.0; +http://www.bing.com/bingbot.htm) Chrome/116.0.1938.76 Safari/537.36"
198.54.114.83 - - [16/Apr/2025:15:38:46 -0400] "POST /wp-cron.php?doing_wp_cron=1744832323.7097740173339843750000 HTTP/1.1" 200 0 "-" "WordPress/6.8; https://llcbibleclub.com"
66.249.64.162 - - [16/Apr/2025:15:39:34 -0400] "GET /ai-chatbots-for-hospitality-industry-solutions/feed/ HTTP/1.1" 200 410 "-" "Mozilla/5.0 (Linux; Android 6.0.1; Nexus 5X Build/MMB29P) AppleWebKit/537.36 (KHTML, like Gecko) Chrome/135.0.7049.84 Mobile Safari/537.36 (compatible; Googlebot/2.1; +http://www.google.com/bot.html)"
85.208.96.200 - - [16/Apr/2025:15:39:34 -0400] "GET /why-does-my-apple-watch-die-so-fast/ HTTP/1.1" 200 13621 "-" "Mozilla/5.0 (compatible; SemrushBot/7~bl; +http://www.semrush.com/bot.html)"
162.213.251.71 - - [16/Apr/2025:15:41:47 -0400] "GET / HTTP/1.1" 200 156096 "-" "Mozilla/5.0 (Windows NT 10.0; Win64; x64; rv:122.0) Gecko/20100101 Firefox/122.0"
198.54.114.83 - - [16/Apr/2025:15:43:06 -0400] "POST /wp-cron.php?doing_wp_cron=1744832585.7200510501861572265625 HTTP/1.1" 200 0 "-" "WordPress/6.8; https://llcbibleclub.com"
45.89.148.10 - - [16/Apr/2025:15:43:00 -0400] "GET /kommunikation-durch-professionellen-telefondienst/ HTTP/1.1" 200 10940 "-" "Mozilla/5.0 (X11; U; Linux i686; en-US; rv:1.9.1.16) Gecko/20120421 Firefox/11.0"
198.54.114.83 - - [16/Apr/2025:15:43:09 -0400] "POST /wp-admin/admin-ajax.php?action=async_litespeed&nonce=TyHeWQKCHGwppyPGVrHz74k4jrzE5jsi&litespeed_type=imgoptm HTTP/1.1" 200 0 "-" "WordPress/6.8; https://llcbibleclub.com"
66.249.64.173 - - [16/Apr/2025:15:47:19 -0400] "GET /2024/07/ HTTP/1.1" 301 0 "-" "Mozilla/5.0 (Linux; Android 6.0.1; Nexus 5X Build/MMB29P) AppleWebKit/537.36 (KHTML, like Gecko) Chrome/135.0.7049.84 Mobile Safari/537.36 (compatible; GoogleOther)"
198.54.114.83 - - [16/Apr/2025:15:47:25 -0400] "POST /wp-cron.php?doing_wp_cron=1744832843.8505499362945556640625 HTTP/1.1" 200 0 "-" "WordPress/6.8; https://llcbibleclub.com"
198.54.114.83 - - [16/Apr/2025:15:47:27 -0400] "POST /wp-admin/admin-ajax.php?action=async_litespeed&nonce=9N9B7eZwiNH0NrI2zQIcu6GBsB8GSKJW&litespeed_type=imgoptm HTTP/1.1" 200 0 "-" "WordPress/6.8; https://llcbibleclub.com"
198.54.114.83 - - [16/Apr/2025:15:48:45 -0400] "POST /wp-cron.php?doing_wp_cron=1744832924.0994300842285156250000 HTTP/1.1" 200 0 "-" "WordPress/6.8; https://llcbibleclub.com"
119.28.52.89 - - [16/Apr/2025:15:48:43 -0400] "GET /la-sportiva-hiking-boots-womens-a-stylish-and-functional-choice/ HTTP/1.1" 200 12956 "-" "Python/3.10 aiohttp/3.10.5"
198.54.114.83 - - [16/Apr/2025:15:48:46 -0400] "POST /wp-admin/admin-ajax.php?action=async_litespeed&nonce=hQuFhd9GRvGbDdoBtyrtv1iylhC9uyKO&litespeed_type=imgoptm HTTP/1.1" 200 0 "-" "WordPress/6.8; https://llcbibleclub.com"
198.54.114.83 - - [16/Apr/2025:15:50:36 -0400] "POST /wp-admin/admin-ajax.php?action=async_litespeed&nonce=5iWtgC9T4ChZPyggyXEl0fhqmmIgGkRH&litespeed_type=imgoptm HTTP/1.1" 200 0 "-" "WordPress/6.8; https://llcbibleclub.com"
54.36.149.93 - - [16/Apr/2025:15:52:33 -0400] "GET /5-amazing-examples-of-natural-language-processing/feed/ HTTP/1.1" 200 428 "-" "Mozilla/5.0 (compatible; AhrefsBot/7.0; +http://ahrefs.com/robot/)"
195.2.75.216 - - [16/Apr/2025:15:55:53 -0400] "GET /best-cbd-oil-products-uk/ HTTP/1.1" 200 11600 "https://llcbibleclub.com/best-cbd-oil-products-uk/#comment-14827/" "Mozilla/5.0 (Windows NT 10.0; Win64; x64) AppleWebKit/537.36 (KHTML, like Gecko) Chrome/130.0.0.0 Safari/537.36"
195.2.75.216 - - [16/Apr/2025:15:55:59 -0400] "POST /wp-comments-post.php HTTP/1.1" 302 0 "https://llcbibleclub.com/best-cbd-oil-products-uk/#comment-14827/" "Mozilla/5.0 (Windows NT 10.0; Win64; x64) AppleWebKit/537.36 (KHTML, like Gecko) Chrome/130.0.0.0 Safari/537.36"
198.54.114.83 - - [16/Apr/2025:15:56:10 -0400] "POST /wp-cron.php?doing_wp_cron=1744833365.6105170249938964843750 HTTP/1.1" 200 0 "-" "WordPress/6.8; https://llcbibleclub.com"
195.2.75.216 - - [16/Apr/2025:15:56:14 -0400] "GET /best-cbd-oil-products-uk/ HTTP/1.1" 200 15793 "https://llcbibleclub.com/best-cbd-oil-products-uk/#comment-6452" "Mozilla/5.0 (Windows NT 10.0; Win64; x64) AppleWebKit/537.36 (KHTML, like Gecko) Chrome/130.0.0.0 Safari/537.36"
198.54.114.83 - - [16/Apr/2025:15:56:17 -0400] "POST /wp-admin/admin-ajax.php?action=async_litespeed&nonce=sIVv3SYXdKaAodYAkNdSlKmDYeXBO4tW&litespeed_type=imgoptm HTTP/1.1" 200 0 "-" "WordPress/6.8; https://llcbibleclub.com"
198.54.114.83 - - [16/Apr/2025:15:57:06 -0400] "POST /wp-admin/admin-ajax.php?action=async_litespeed&nonce=WTj17ctjBPDQpJIS6Upf2XvqeqcGjfDU&litespeed_type=imgoptm HTTP/1.1" 200 0 "-" "WordPress/6.8; https://llcbibleclub.com"
150.109.61.32 - - [16/Apr/2025:15:57:37 -0400] "GET /boudoir-photography-round-rock/ HTTP/1.1" 200 10512 "-" "Python/3.10 aiohttp/3.10.5"
198.54.114.83 - - [16/Apr/2025:15:57:42 -0400] "POST /wp-cron.php?doing_wp_cron=1744833458.5266189575195312500000 HTTP/1.1" 200 0 "-" "WordPress/6.8; https://llcbibleclub.com"
66.249.64.173 - - [16/Apr/2025:16:07:59 -0400] "GET /robots.txt HTTP/1.1" 304 0 "-" "Mozilla/5.0 (compatible; Googlebot/2.1; +http://www.google.com/bot.html)"
198.54.114.83 - - [16/Apr/2025:16:08:05 -0400] "POST /wp-cron.php?doing_wp_cron=1744834084.2779729366302490234375 HTTP/1.1" 200 0 "-" "WordPress/6.8; https://llcbibleclub.com"
66.249.64.160 - - [16/Apr/2025:16:07:59 -0400] "GET /2024/04/ HTTP/1.1" 301 0 "-" "Mozilla/5.0 (Linux; Android 6.0.1; Nexus 5X Build/MMB29P) AppleWebKit/537.36 (KHTML, like Gecko) Chrome/135.0.7049.84 Mobile Safari/537.36 (compatible; GoogleOther)"
198.54.114.83 - - [16/Apr/2025:16:08:07 -0400] "POST /wp-admin/admin-ajax.php?action=async_litespeed&nonce=dAoWxccr3sremWee368eVSoXREwismW2&litespeed_type=imgoptm HTTP/1.1" 200 0 "-" "WordPress/6.8; https://llcbibleclub.com"
202.69.38.12 - - [16/Apr/2025:16:10:58 -0400] "GET /wp-login.php HTTP/1.1" 200 1691 "-" "Mozilla/5.0 (X11; Linux x86_64; rv:121.0) Gecko/20100101 Firefox/121.0"
198.54.114.83 - - [16/Apr/2025:16:10:58 -0400] "POST /wp-admin/admin-ajax.php?action=async_litespeed&nonce=MH3bJiU6mSMpfHyLxjj79et3WJp1aAlU&litespeed_type=imgoptm HTTP/1.1" 200 0 "-" "WordPress/6.8; https://llcbibleclub.com"
198.54.114.83 - - [16/Apr/2025:16:17:29 -0400] "POST /wp-cron.php?doing_wp_cron=1744834646.8667728900909423828125 HTTP/1.1" 200 0 "-" "WordPress/6.8; https://llcbibleclub.com"
66.249.64.160 - - [16/Apr/2025:16:17:20 -0400] "GET /feed/ HTTP/1.1" 200 482182 "-" "Mozilla/5.0 (Linux; Android 6.0.1; Nexus 5X Build/MMB29P) AppleWebKit/537.36 (KHTML, like Gecko) Chrome/135.0.7049.84 Mobile Safari/537.36 (compatible; GoogleOther)"
198.54.114.83 - - [16/Apr/2025:16:17:32 -0400] "POST /wp-admin/admin-ajax.php?action=async_litespeed&nonce=NnqkQXbeInTlAssIqJ4eEwKoSJt4poY2&litespeed_type=imgoptm HTTP/1.1" 200 0 "-" "WordPress/6.8; https://llcbibleclub.com"
198.54.114.83 - - [16/Apr/2025:16:19:47 -0400] "POST /wp-cron.php?doing_wp_cron=1744834786.6720049381256103515625 HTTP/1.1" 200 0 "-" "WordPress/6.8; https://llcbibleclub.com"
150.109.60.212 - - [16/Apr/2025:16:19:41 -0400] "GET /ufh-pipes-the-backbone-of-your-hydronic-underfloor-heating-system/ HTTP/1.1" 200 10661 "-" "Python/3.10 aiohttp/3.10.5"
198.54.114.83 - - [16/Apr/2025:16:19:50 -0400] "POST /wp-admin/admin-ajax.php?action=async_litespeed&nonce=rlaWKCEm8jmrCVUTwroFK32UhHQokqlx&litespeed_type=imgoptm HTTP/1.1" 200 0 "-" "WordPress/6.8; https://llcbibleclub.com"
54.36.149.64 - - [16/Apr/2025:16:22:30 -0400] "GET /car-race-download-for-pc-2/feed/ HTTP/1.1" 200 419 "-" "Mozilla/5.0 (compatible; AhrefsBot/7.0; +http://ahrefs.com/robot/)"
198.54.114.83 - - [16/Apr/2025:16:22:35 -0400] "POST /wp-cron.php?doing_wp_cron=1744834953.7739160060882568359375 HTTP/1.1" 200 0 "-" "WordPress/6.8; https://llcbibleclub.com"
198.54.114.83 - - [16/Apr/2025:16:26:37 -0400] "POST /wp-admin/admin-ajax.php?action=async_litespeed&nonce=nVfdpBwjMJbVBVfK4psdgvLTZY0sritF&litespeed_type=imgoptm HTTP/1.1" 200 0 "-" "WordPress/6.8; https://llcbibleclub.com"
129.226.128.109 - - [16/Apr/2025:16:27:13 -0400] "GET /how-to-buy-youtube-live-stream-viewers/ HTTP/1.1" 200 11561 "-" "Python/3.10 aiohttp/3.10.5"
101.32.49.9 - - [16/Apr/2025:16:30:11 -0400] "GET /embroidered-socks/ HTTP/1.1" 200 10974 "-" "Python/3.10 aiohttp/3.10.5"
198.54.114.83 - - [16/Apr/2025:16:30:23 -0400] "POST /wp-cron.php?doing_wp_cron=1744835417.3197479248046875000000 HTTP/1.1" 200 0 "-" "WordPress/6.8; https://llcbibleclub.com"
198.54.114.83 - - [16/Apr/2025:16:32:13 -0400] "POST /wp-cron.php?doing_wp_cron=1744835532.2167050838470458984375 HTTP/1.1" 200 0 "-" "WordPress/6.8; https://llcbibleclub.com"
198.54.114.83 - - [16/Apr/2025:16:32:15 -0400] "POST /wp-admin/admin-ajax.php?action=async_litespeed&nonce=LNHZXLtHTNtHem7Pg2ME8Rvp4JHdZEzD&litespeed_type=imgoptm HTTP/1.1" 200 0 "-" "WordPress/6.8; https://llcbibleclub.com"
66.249.64.160 - - [16/Apr/2025:16:32:06 -0400] "GET /revolutionizing-energy-storage-the-rise-of-graphene-battery-manufacturers/ HTTP/1.1" 200 10762 "-" "Mozilla/5.0 (Linux; Android 6.0.1; Nexus 5X Build/MMB29P) AppleWebKit/537.36 (KHTML, like Gecko) Chrome/135.0.7049.84 Mobile Safari/537.36 (compatible; Googlebot/2.1; +http://www.google.com/bot.html)"
66.249.64.174 - - [16/Apr/2025:16:32:19 -0400] "GET /2020/12/ HTTP/1.1" 301 0 "-" "Mozilla/5.0 (Linux; Android 6.0.1; Nexus 5X Build/MMB29P) AppleWebKit/537.36 (KHTML, like Gecko) Chrome/135.0.7049.84 Mobile Safari/537.36 (compatible; GoogleOther)"
66.249.64.173 - - [16/Apr/2025:16:32:33 -0400] "GET /wp-content/themes/news-center/assets/css/slick.min.css?ver=1.8.1 HTTP/1.1" 200 395 "https://llcbibleclub.com/revolutionizing-energy-storage-the-rise-of-graphene-battery-manufacturers/" "Mozilla/5.0 (Linux; Android 6.0.1; Nexus 5X Build/MMB29P) AppleWebKit/537.36 (KHTML, like Gecko) Chrome/134.0.6998.165 Mobile Safari/537.36 (compatible; Googlebot/2.1; +http://www.google.com/bot.html)"
52.167.144.23 - - [16/Apr/2025:16:34:11 -0400] "GET /assurance-flotte-automobile-protegez-votre-investissement/ HTTP/1.1" 200 10836 "-" "Mozilla/5.0 AppleWebKit/537.36 (KHTML, like Gecko; compatible; bingbot/2.0; +http://www.bing.com/bingbot.htm) Chrome/116.0.1938.76 Safari/537.36"
198.54.114.83 - - [16/Apr/2025:16:34:19 -0400] "POST /wp-cron.php?doing_wp_cron=1744835655.7916638851165771484375 HTTP/1.1" 200 0 "-" "WordPress/6.8; https://llcbibleclub.com"
40.77.167.17 - - [16/Apr/2025:16:36:10 -0400] "GET /the-evolution-of-online-casinos/ HTTP/1.1" 200 10768 "-" "Mozilla/5.0 AppleWebKit/537.36 (KHTML, like Gecko; compatible; bingbot/2.0; +http://www.bing.com/bingbot.htm) Chrome/116.0.1938.76 Safari/537.36"
40.77.167.243 - - [16/Apr/2025:16:36:03 -0400] "GET /le-charme-intemporel-de-peluche-stitch/ HTTP/1.1" 200 10641 "-" "Mozilla/5.0 AppleWebKit/537.36 (KHTML, like Gecko; compatible; bingbot/2.0; +http://www.bing.com/bingbot.htm) Chrome/116.0.1938.76 Safari/537.36"
198.54.114.83 - - [16/Apr/2025:16:36:19 -0400] "POST /wp-cron.php?doing_wp_cron=1744835772.7284801006317138671875 HTTP/1.1" 200 0 "-" "WordPress/6.8; https://llcbibleclub.com"
179.43.168.34 - - [16/Apr/2025:16:42:07 -0400] "GET /.git/config HTTP/1.1" 403 1242 "-" "-"
179.43.168.34 - - [16/Apr/2025:16:42:41 -0400] "GET /.env HTTP/1.1" 404 6504 "-" "-"
179.43.168.34 - - [16/Apr/2025:16:43:09 -0400] "GET /.aws/credentials HTTP/1.1" 404 6504 "-" "-"
198.54.114.83 - - [16/Apr/2025:16:43:42 -0400] "POST /wp-cron.php?doing_wp_cron=1744836220.9511981010437011718750 HTTP/1.1" 200 0 "-" "WordPress/6.8; https://llcbibleclub.com"
198.54.114.83 - - [16/Apr/2025:16:43:45 -0400] "POST /wp-admin/admin-ajax.php?action=async_litespeed&nonce=HyNrcwFBETwCIALD5tzGbyGs5d6HPYp6&litespeed_type=imgoptm HTTP/1.1" 200 0 "-" "WordPress/6.8; https://llcbibleclub.com"
119.28.64.119 - - [16/Apr/2025:16:43:40 -0400] "GET /home-delivery-meals/ HTTP/1.1" 200 11350 "-" "Python/3.10 aiohttp/3.10.5"
198.54.114.83 - - [16/Apr/2025:16:47:25 -0400] "POST /wp-cron.php?doing_wp_cron=1744836445.3896439075469970703125 HTTP/1.1" 200 0 "-" "WordPress/6.8; https://llcbibleclub.com"
66.249.64.160 - - [16/Apr/2025:16:47:20 -0400] "GET /comments/feed/ HTTP/1.1" 200 365 "-" "Mozilla/5.0 (Linux; Android 6.0.1; Nexus 5X Build/MMB29P) AppleWebKit/537.36 (KHTML, like Gecko) Chrome/135.0.7049.84 Mobile Safari/537.36 (compatible; GoogleOther)"
