20.171.207.184 - - [16/Apr/2025:22:02:35 -0400] "GET /product-reviews/B0DG4WZZPV/ref=acr_dp_hist_1?filterByStar=one_star&ie=UTF8&reviewerType=all_reviews HTTP/1.1" 404 6504 "-" "Mozilla/5.0 AppleWebKit/537.36 (KHTML, like Gecko; compatible; GPTBot/1.2; +https://openai.com/gptbot)"
198.54.114.83 - - [16/Apr/2025:22:02:38 -0400] "POST /wp-cron.php?doing_wp_cron=1744855356.3716900348663330078125 HTTP/1.1" 200 0 "-" "WordPress/6.8; https://llcbibleclub.com"
20.171.207.184 - - [16/Apr/2025:22:03:29 -0400] "GET /gp/customer-reviews/RSOLMCOFAZGYC/ref=cm_cr_dp_d_rvw_ttl?ASIN=B0DG4WZZPV&ie=UTF8 HTTP/1.1" 404 6504 "-" "Mozilla/5.0 AppleWebKit/537.36 (KHTML, like Gecko; compatible; GPTBot/1.2; +https://openai.com/gptbot)"
198.54.114.83 - - [16/Apr/2025:22:03:45 -0400] "POST /wp-cron.php?doing_wp_cron=1744855424.5460660457611083984375 HTTP/1.1" 200 0 "-" "WordPress/6.8; https://llcbibleclub.com"
20.171.207.184 - - [16/Apr/2025:22:03:44 -0400] "GET /dp/B0D483WX7X?ref=MarsFS_VICC_blinksed HTTP/1.1" 404 6504 "-" "Mozilla/5.0 AppleWebKit/537.36 (KHTML, like Gecko; compatible; GPTBot/1.2; +https://openai.com/gptbot)"
198.54.114.83 - - [16/Apr/2025:22:03:46 -0400] "POST /wp-admin/admin-ajax.php?action=async_litespeed&nonce=hreNHfdsljUQZRkHznSoEL2SeQS0YwB9&litespeed_type=imgoptm HTTP/1.1" 200 5 "-" "WordPress/6.8; https://llcbibleclub.com"
43.135.121.153 - - [16/Apr/2025:22:04:18 -0400] "GET /how-to-turn-on-high-contrast-mode-on-iphone-and-ipad/ HTTP/1.1" 200 12146 "-" "Python/3.10 aiohttp/3.10.5"
198.54.114.83 - - [16/Apr/2025:22:04:48 -0400] "POST /wp-cron.php?doing_wp_cron=1744855487.7440700531005859375000 HTTP/1.1" 200 0 "-" "WordPress/6.8; https://llcbibleclub.com"
20.171.207.184 - - [16/Apr/2025:22:04:47 -0400] "GET /review/create-review/ref=cm_cr_dp_d_wr_but_top?asin=B0DG4WZZPV&channel=glance-detail&ie=UTF8 HTTP/1.1" 404 6504 "-" "Mozilla/5.0 AppleWebKit/537.36 (KHTML, like Gecko; compatible; GPTBot/1.2; +https://openai.com/gptbot)"
198.54.114.83 - - [16/Apr/2025:22:04:48 -0400] "POST /wp-admin/admin-ajax.php?action=async_litespeed&nonce=iVHJAgeO3kEl6kiacbd3PuQcXI3O7KxU&litespeed_type=imgoptm HTTP/1.1" 200 5 "-" "WordPress/6.8; https://llcbibleclub.com"
20.171.207.184 - - [16/Apr/2025:22:04:47 -0400] "GET /the-best-place-to-buy-youtube-subscribers/ HTTP/1.1" 200 11000 "-" "Mozilla/5.0 AppleWebKit/537.36 (KHTML, like Gecko; compatible; GPTBot/1.2; +https://openai.com/gptbot)"
198.54.114.83 - - [16/Apr/2025:22:05:37 -0400] "POST /wp-admin/admin-ajax.php?action=async_litespeed&nonce=G7SMxCPlV5mYCrbS8iTKrVXuZo9EZcQF&litespeed_type=imgoptm HTTP/1.1" 200 0 "-" "WordPress/6.8; https://llcbibleclub.com"
20.171.207.184 - - [16/Apr/2025:22:05:51 -0400] "GET /dp/B076JKHDQT?ref=MarsFS_VICC_Ring+Rechargeable+Battery+Pack HTTP/1.1" 404 6504 "-" "Mozilla/5.0 AppleWebKit/537.36 (KHTML, like Gecko; compatible; GPTBot/1.2; +https://openai.com/gptbot)"
20.171.207.184 - - [16/Apr/2025:22:05:52 -0400] "GET /product-reviews/B0DG4WZZPV/ref=acr_dp_hist_3?filterByStar=three_star&ie=UTF8&reviewerType=all_reviews HTTP/1.1" 404 6504 "-" "Mozilla/5.0 AppleWebKit/537.36 (KHTML, like Gecko; compatible; GPTBot/1.2; +https://openai.com/gptbot)"
66.249.64.160 - - [16/Apr/2025:22:06:05 -0400] "GET /employee-wellness-coaching/ HTTP/1.1" 200 11511 "-" "Mozilla/5.0 (Linux; Android 6.0.1; Nexus 5X Build/MMB29P) AppleWebKit/537.36 (KHTML, like Gecko) Chrome/135.0.7049.84 Mobile Safari/537.36 (compatible; GoogleOther)"
124.156.158.34 - - [16/Apr/2025:22:06:28 -0400] "GET /how-to-create-a-youtube-playlist/ HTTP/1.1" 200 11174 "-" "Python/3.10 aiohttp/3.10.5"
20.171.207.184 - - [16/Apr/2025:22:07:01 -0400] "GET /Amazon/b/ref=bl_dp_s_web_7940963051?field-lbr_brands_browse-bin=Amazon&ie=UTF8&node=7940963051 HTTP/1.1" 404 6504 "-" "Mozilla/5.0 AppleWebKit/537.36 (KHTML, like Gecko; compatible; GPTBot/1.2; +https://openai.com/gptbot)"
20.171.207.184 - - [16/Apr/2025:22:07:02 -0400] "GET /ist-eine-rennkurs-gitarre-online-das-richtige-fur-sie/ HTTP/1.1" 200 10903 "-" "Mozilla/5.0 AppleWebKit/537.36 (KHTML, like Gecko; compatible; GPTBot/1.2; +https://openai.com/gptbot)"
198.54.114.83 - - [16/Apr/2025:22:07:04 -0400] "POST /wp-cron.php?doing_wp_cron=1744855621.9269640445709228515625 HTTP/1.1" 200 0 "-" "WordPress/6.8; https://llcbibleclub.com"
198.54.114.83 - - [16/Apr/2025:22:08:30 -0400] "POST /wp-cron.php?doing_wp_cron=1744855709.6894910335540771484375 HTTP/1.1" 200 0 "-" "WordPress/6.8; https://llcbibleclub.com"
119.28.65.64 - - [16/Apr/2025:22:08:25 -0400] "GET /marks-and-spencer-ladies-jumpers-and-cardigans/ HTTP/1.1" 200 10779 "-" "Python/3.10 aiohttp/3.10.5"
198.54.114.83 - - [16/Apr/2025:22:08:32 -0400] "POST /wp-admin/admin-ajax.php?action=async_litespeed&nonce=31O2S7Z2brIpcSqS7xgxm8OfUzsiWS92&litespeed_type=imgoptm HTTP/1.1" 200 0 "-" "WordPress/6.8; https://llcbibleclub.com"
198.54.114.83 - - [16/Apr/2025:22:08:52 -0400] "POST /wp-cron.php?doing_wp_cron=1744855731.5158429145812988281250 HTTP/1.1" 200 0 "-" "WordPress/6.8; https://llcbibleclub.com"
198.54.114.83 - - [16/Apr/2025:22:08:54 -0400] "POST /wp-admin/admin-ajax.php?action=async_litespeed&nonce=xSkwwixH7K5XeXNAWdsGK176g9PiD1q4&litespeed_type=imgoptm HTTP/1.1" 200 0 "-" "WordPress/6.8; https://llcbibleclub.com"
20.171.207.184 - - [16/Apr/2025:22:08:51 -0400] "GET /product-reviews/B0DG4WZZPV/ref=acr_dp_hist_4?filterByStar=four_star&ie=UTF8&reviewerType=all_reviews HTTP/1.1" 404 6504 "-" "Mozilla/5.0 AppleWebKit/537.36 (KHTML, like Gecko; compatible; GPTBot/1.2; +https://openai.com/gptbot)"
20.171.207.184 - - [16/Apr/2025:22:08:51 -0400] "GET /buy-youtube-comments-custom-from-a-trusted-seller/ HTTP/1.1" 200 11504 "-" "Mozilla/5.0 AppleWebKit/537.36 (KHTML, like Gecko; compatible; GPTBot/1.2; +https://openai.com/gptbot)"
43.134.216.64 - - [16/Apr/2025:22:09:04 -0400] "GET /water-soluble-film-supplier/ HTTP/1.1" 200 10665 "-" "Python/3.10 aiohttp/3.10.5"
138.68.153.38 - - [16/Apr/2025:22:09:09 -0400] "GET / HTTP/1.1" 200 156096 "-" "Mozilla/5.0 (compatible)"
20.171.207.184 - - [16/Apr/2025:22:10:02 -0400] "GET /what-gold-jewellery-cleaner-should-you-use-at-home HTTP/1.1" 301 0 "-" "Mozilla/5.0 AppleWebKit/537.36 (KHTML, like Gecko; compatible; GPTBot/1.2; +https://openai.com/gptbot)"
198.54.114.83 - - [16/Apr/2025:22:10:04 -0400] "POST /wp-cron.php?doing_wp_cron=1744855802.6986498832702636718750 HTTP/1.1" 200 0 "-" "WordPress/6.8; https://llcbibleclub.com"
43.159.201.102 - - [16/Apr/2025:22:10:16 -0400] "GET /custom-grip-socks-no-minimum/ HTTP/1.1" 200 10674 "-" "Python/3.10 aiohttp/3.10.5"
20.171.207.184 - - [16/Apr/2025:22:10:21 -0400] "GET /?p=1570 HTTP/1.1" 200 156096 "-" "Mozilla/5.0 AppleWebKit/537.36 (KHTML, like Gecko; compatible; GPTBot/1.2; +https://openai.com/gptbot)"
198.54.114.83 - - [16/Apr/2025:22:11:05 -0400] "POST /wp-cron.php?doing_wp_cron=1744855864.5883369445800781250000 HTTP/1.1" 200 0 "-" "WordPress/6.8; https://llcbibleclub.com"
20.171.207.184 - - [16/Apr/2025:22:11:03 -0400] "GET /balancing-studies-and-work-the-benefits-of-a-part-time-job HTTP/1.1" 301 0 "-" "Mozilla/5.0 AppleWebKit/537.36 (KHTML, like Gecko; compatible; GPTBot/1.2; +https://openai.com/gptbot)"
198.54.114.83 - - [16/Apr/2025:22:11:06 -0400] "POST /wp-admin/admin-ajax.php?action=async_litespeed&nonce=HadwYVgfsoGnj3GyIoyKbQpvaZOdtgEs&litespeed_type=imgoptm HTTP/1.1" 200 0 "-" "WordPress/6.8; https://llcbibleclub.com"
20.171.207.184 - - [16/Apr/2025:22:11:42 -0400] "GET /la-sportiva-hiking-boots-womens-a-stylish-and-functional-choice/ HTTP/1.1" 200 12956 "-" "Mozilla/5.0 AppleWebKit/537.36 (KHTML, like Gecko; compatible; GPTBot/1.2; +https://openai.com/gptbot)"
198.54.114.83 - - [16/Apr/2025:22:13:27 -0400] "POST /wp-cron.php?doing_wp_cron=1744856006.2873589992523193359375 HTTP/1.1" 200 0 "-" "WordPress/6.8; https://llcbibleclub.com"
198.54.114.83 - - [16/Apr/2025:22:13:28 -0400] "POST /wp-admin/admin-ajax.php?action=async_litespeed&nonce=z65dEAY6wlYkYmDr82ZXPjEJkjCet23J&litespeed_type=imgoptm HTTP/1.1" 200 0 "-" "WordPress/6.8; https://llcbibleclub.com"
20.171.207.184 - - [16/Apr/2025:22:13:21 -0400] "GET /diving-into-the-depths-wholesale-pool-supplies-for-every-need/ HTTP/1.1" 200 10800 "-" "Mozilla/5.0 AppleWebKit/537.36 (KHTML, like Gecko; compatible; GPTBot/1.2; +https://openai.com/gptbot)"
198.54.114.83 - - [16/Apr/2025:22:14:47 -0400] "POST /wp-cron.php?doing_wp_cron=1744856086.6952569484710693359375 HTTP/1.1" 200 0 "-" "WordPress/6.8; https://llcbibleclub.com"
134.17.14.122 - - [16/Apr/2025:22:14:46 -0400] "GET /nope.php HTTP/1.1" 404 6505 "-" "Mozilla/4.0 (compatible; MSIE 6.0; Windows NT 5.1; SV1)"
198.54.114.83 - - [16/Apr/2025:22:14:47 -0400] "POST /wp-admin/admin-ajax.php?action=async_litespeed&nonce=z89QKA72dmgQk0heQfvYBkWtUoEyjI9x&litespeed_type=imgoptm HTTP/1.1" 200 0 "-" "WordPress/6.8; https://llcbibleclub.com"
198.54.114.83 - - [16/Apr/2025:22:15:37 -0400] "POST /wp-cron.php?doing_wp_cron=1744856135.3137750625610351562500 HTTP/1.1" 200 0 "-" "WordPress/6.8; https://llcbibleclub.com"
20.171.207.184 - - [16/Apr/2025:22:15:34 -0400] "GET /how-to-get-more-customers-to-shop-at-your-cbd-shop/ HTTP/1.1" 200 12085 "-" "Mozilla/5.0 AppleWebKit/537.36 (KHTML, like Gecko; compatible; GPTBot/1.2; +https://openai.com/gptbot)"
198.54.114.83 - - [16/Apr/2025:22:15:41 -0400] "POST /wp-admin/admin-ajax.php?action=async_litespeed&nonce=PK2f1kBor7OuMfyNcVVbS7ofGuGgchsq&litespeed_type=imgoptm HTTP/1.1" 200 0 "-" "WordPress/6.8; https://llcbibleclub.com"
20.171.207.184 - - [16/Apr/2025:22:17:28 -0400] "GET /ist-eine-rennkurs-gitarre-online-das-richtige-fur-sie/feed/ HTTP/1.1" 200 426 "-" "Mozilla/5.0 AppleWebKit/537.36 (KHTML, like Gecko; compatible; GPTBot/1.2; +https://openai.com/gptbot)"
198.54.114.83 - - [16/Apr/2025:22:17:34 -0400] "POST /wp-cron.php?doing_wp_cron=1744856253.1285450458526611328125 HTTP/1.1" 200 0 "-" "WordPress/6.8; https://llcbibleclub.com"
103.131.71.151 - - [16/Apr/2025:22:18:41 -0400] "GET / HTTP/1.1" 304 0 "-" "Mozilla/5.0 (compatible; coccocbot-web/1.0; +http://help.coccoc.com/searchengine)"
20.171.207.184 - - [16/Apr/2025:22:18:58 -0400] "GET /?p=1275 HTTP/1.1" 200 156096 "-" "Mozilla/5.0 AppleWebKit/537.36 (KHTML, like Gecko; compatible; GPTBot/1.2; +https://openai.com/gptbot)"
20.171.207.184 - - [16/Apr/2025:22:18:59 -0400] "GET /?p=1796 HTTP/1.1" 200 156096 "-" "Mozilla/5.0 AppleWebKit/537.36 (KHTML, like Gecko; compatible; GPTBot/1.2; +https://openai.com/gptbot)"
20.171.207.184 - - [16/Apr/2025:22:19:46 -0400] "GET /?p=560 HTTP/1.1" 200 156096 "-" "Mozilla/5.0 AppleWebKit/537.36 (KHTML, like Gecko; compatible; GPTBot/1.2; +https://openai.com/gptbot)"
198.54.114.83 - - [16/Apr/2025:22:19:53 -0400] "POST /wp-cron.php?doing_wp_cron=1744856391.9685039520263671875000 HTTP/1.1" 200 0 "-" "WordPress/6.8; https://llcbibleclub.com"
198.54.114.83 - - [16/Apr/2025:22:19:53 -0400] "POST /wp-cron.php?doing_wp_cron=1744856391.9713430404663085937500 HTTP/1.1" 200 0 "-" "WordPress/6.8; https://llcbibleclub.com"
20.171.207.184 - - [16/Apr/2025:22:19:47 -0400] "GET /chlorelle-et-anti-age-une-approche-geniale-pour-vous-aider-a-detoxifier-votre-systeme/ HTTP/1.1" 200 11830 "-" "Mozilla/5.0 AppleWebKit/537.36 (KHTML, like Gecko; compatible; GPTBot/1.2; +https://openai.com/gptbot)"
43.154.191.216 - - [16/Apr/2025:22:19:49 -0400] "GET /inspirational-jewelry-for-women/ HTTP/1.1" 200 10768 "-" "Python/3.10 aiohttp/3.10.5"
198.54.114.83 - - [16/Apr/2025:22:19:56 -0400] "POST /wp-admin/admin-ajax.php?action=async_litespeed&nonce=zlb3zwwMKqcp72gwNgzclmA3giRvjHxj&litespeed_type=imgoptm HTTP/1.1" 200 0 "-" "WordPress/6.8; https://llcbibleclub.com"
198.54.114.83 - - [16/Apr/2025:22:20:37 -0400] "POST /wp-cron.php?doing_wp_cron=1744856435.9270288944244384765625 HTTP/1.1" 200 0 "-" "WordPress/6.8; https://llcbibleclub.com"
20.171.207.184 - - [16/Apr/2025:22:20:35 -0400] "GET /cycle-de-vie-lean-du-developpement-dapplications-mobiles-pour-les-entreprises-agiles-en-2020/ HTTP/1.1" 200 11667 "-" "Mozilla/5.0 AppleWebKit/537.36 (KHTML, like Gecko; compatible; GPTBot/1.2; +https://openai.com/gptbot)"
198.54.114.83 - - [16/Apr/2025:22:20:39 -0400] "POST /wp-admin/admin-ajax.php?action=async_litespeed&nonce=u6PejJuURtQq5ZJeMoZiR5lTrqqq8FL2&litespeed_type=imgoptm HTTP/1.1" 200 0 "-" "WordPress/6.8; https://llcbibleclub.com"
20.171.207.184 - - [16/Apr/2025:22:20:41 -0400] "GET /transform-your-home-with-the-ultimate-car-wash-solutions/ HTTP/1.1" 200 10714 "-" "Mozilla/5.0 AppleWebKit/537.36 (KHTML, like Gecko; compatible; GPTBot/1.2; +https://openai.com/gptbot)"
20.171.207.184 - - [16/Apr/2025:22:21:26 -0400] "GET /what-gold-jewellery-cleaner-should-you-use-at-home/ HTTP/1.1" 200 10823 "-" "Mozilla/5.0 AppleWebKit/537.36 (KHTML, like Gecko; compatible; GPTBot/1.2; +https://openai.com/gptbot)"
198.54.114.83 - - [16/Apr/2025:22:22:20 -0400] "POST /wp-cron.php?doing_wp_cron=1744856538.8013839721679687500000 HTTP/1.1" 200 0 "-" "WordPress/6.8; https://llcbibleclub.com"
20.171.207.184 - - [16/Apr/2025:22:22:14 -0400] "GET /gitarrenunterricht-nehmen-hier-sind-7-ungluckliche-wahrheiten-uber-ihren-gitarrenlehrer/ HTTP/1.1" 200 12388 "-" "Mozilla/5.0 AppleWebKit/537.36 (KHTML, like Gecko; compatible; GPTBot/1.2; +https://openai.com/gptbot)"
198.54.114.83 - - [16/Apr/2025:22:22:21 -0400] "POST /wp-admin/admin-ajax.php?action=async_litespeed&nonce=WzCiSe3koXViCHayiimvN75ucT55k8pE&litespeed_type=imgoptm HTTP/1.1" 200 0 "-" "WordPress/6.8; https://llcbibleclub.com"
66.249.64.174 - - [16/Apr/2025:22:22:31 -0400] "GET /how-to-buy-youtube-comments-likes/ HTTP/1.1" 200 11256 "-" "Mozilla/5.0 (Linux; Android 6.0.1; Nexus 5X Build/MMB29P) AppleWebKit/537.36 (KHTML, like Gecko) Chrome/135.0.7049.84 Mobile Safari/537.36 (compatible; Googlebot/2.1; +http://www.google.com/bot.html)"
20.171.207.184 - - [16/Apr/2025:22:24:04 -0400] "GET /?p=1409 HTTP/1.1" 200 156096 "-" "Mozilla/5.0 AppleWebKit/537.36 (KHTML, like Gecko; compatible; GPTBot/1.2; +https://openai.com/gptbot)"
198.54.114.83 - - [16/Apr/2025:22:24:09 -0400] "POST /wp-cron.php?doing_wp_cron=1744856648.3464069366455078125000 HTTP/1.1" 200 0 "-" "WordPress/6.8; https://llcbibleclub.com"
66.249.64.174 - - [16/Apr/2025:22:24:05 -0400] "GET /types-of-conservatory-roofs/ HTTP/1.1" 200 11280 "-" "Mozilla/5.0 (Linux; Android 6.0.1; Nexus 5X Build/MMB29P) AppleWebKit/537.36 (KHTML, like Gecko) Chrome/135.0.7049.84 Mobile Safari/537.36 (compatible; GoogleOther)"
198.54.114.83 - - [16/Apr/2025:22:24:11 -0400] "POST /wp-admin/admin-ajax.php?action=async_litespeed&nonce=Ov05mGtfnfkah4KhRZS9cpPSKX81b67M&litespeed_type=imgoptm HTTP/1.1" 200 0 "-" "WordPress/6.8; https://llcbibleclub.com"
20.171.207.184 - - [16/Apr/2025:22:24:50 -0400] "GET /?p=2594 HTTP/1.1" 200 156096 "-" "Mozilla/5.0 AppleWebKit/537.36 (KHTML, like Gecko; compatible; GPTBot/1.2; +https://openai.com/gptbot)"
20.171.207.184 - - [16/Apr/2025:22:25:33 -0400] "GET /?p=792 HTTP/1.1" 200 156096 "-" "Mozilla/5.0 AppleWebKit/537.36 (KHTML, like Gecko; compatible; GPTBot/1.2; +https://openai.com/gptbot)"
20.171.207.184 - - [16/Apr/2025:22:26:15 -0400] "GET /chlorelle-et-anti-age-une-approche-geniale-pour-vous-aider-a-detoxifier-votre-systeme/feed/ HTTP/1.1" 200 466 "-" "Mozilla/5.0 AppleWebKit/537.36 (KHTML, like Gecko; compatible; GPTBot/1.2; +https://openai.com/gptbot)"
198.54.114.83 - - [16/Apr/2025:22:26:24 -0400] "POST /wp-cron.php?doing_wp_cron=1744856781.2156360149383544921875 HTTP/1.1" 200 0 "-" "WordPress/6.8; https://llcbibleclub.com"
198.54.114.83 - - [16/Apr/2025:22:26:27 -0400] "POST /wp-admin/admin-ajax.php?action=async_litespeed&nonce=6ASRUwJSsHLD3s853nVQd0IxCX7y02RK&litespeed_type=imgoptm HTTP/1.1" 200 0 "-" "WordPress/6.8; https://llcbibleclub.com"
198.54.114.83 - - [16/Apr/2025:22:26:58 -0400] "POST /wp-cron.php?doing_wp_cron=1744856818.1907680034637451171875 HTTP/1.1" 200 0 "-" "WordPress/6.8; https://llcbibleclub.com"
198.54.114.83 - - [16/Apr/2025:22:27:00 -0400] "POST /wp-admin/admin-ajax.php?action=async_litespeed&nonce=bzY1f2qAfaBoO4eisFqmHMnTN68ycqL7&litespeed_type=imgoptm HTTP/1.1" 200 0 "-" "WordPress/6.8; https://llcbibleclub.com"
66.249.64.173 - - [16/Apr/2025:22:26:57 -0400] "GET /cheapest-possible-airline-tickets-to-hong-kong/ HTTP/1.1" 200 12724 "-" "Mozilla/5.0 (Linux; Android 6.0.1; Nexus 5X Build/MMB29P) AppleWebKit/537.36 (KHTML, like Gecko) Chrome/135.0.7049.84 Mobile Safari/537.36 (compatible; GoogleOther)"
52.167.144.207 - - [16/Apr/2025:22:27:04 -0400] "GET /buy-sarms-online/ HTTP/1.1" 200 10713 "-" "Mozilla/5.0 AppleWebKit/537.36 (KHTML, like Gecko; compatible; bingbot/2.0; +http://www.bing.com/bingbot.htm) Chrome/116.0.1938.76 Safari/537.36"
20.171.207.184 - - [16/Apr/2025:22:27:04 -0400] "GET /redken-color-extend-sun-after-sun-shampoo-protecting-the-hair-from-natural-calamities/ HTTP/1.1" 200 11169 "-" "Mozilla/5.0 AppleWebKit/537.36 (KHTML, like Gecko; compatible; GPTBot/1.2; +https://openai.com/gptbot)"
52.167.144.167 - - [16/Apr/2025:22:27:13 -0400] "GET /osteopathy-what-is-osteopathy/ HTTP/1.1" 200 11847 "-" "Mozilla/5.0 AppleWebKit/537.36 (KHTML, like Gecko; compatible; bingbot/2.0; +http://www.bing.com/bingbot.htm) Chrome/116.0.1938.76 Safari/537.36"
20.171.207.184 - - [16/Apr/2025:22:27:48 -0400] "GET /la-sportiva-hiking-boots-womens-a-stylish-and-functional-choice/feed/ HTTP/1.1" 200 446 "-" "Mozilla/5.0 AppleWebKit/537.36 (KHTML, like Gecko; compatible; GPTBot/1.2; +https://openai.com/gptbot)"
198.54.114.83 - - [16/Apr/2025:22:27:51 -0400] "POST /wp-cron.php?doing_wp_cron=1744856869.5420219898223876953125 HTTP/1.1" 200 0 "-" "WordPress/6.8; https://llcbibleclub.com"
20.171.207.184 - - [16/Apr/2025:22:28:32 -0400] "GET /how-to-keep-fit-and-stay-healthy-the-best-four-ways-to-injury-free-sports HTTP/1.1" 301 0 "-" "Mozilla/5.0 AppleWebKit/537.36 (KHTML, like Gecko; compatible; GPTBot/1.2; +https://openai.com/gptbot)"
52.167.144.207 - - [16/Apr/2025:22:28:37 -0400] "GET /gitarrenunterricht-in-dusseldorf-fur-anfanger-und-fortgeschrittene/ HTTP/1.1" 200 11308 "-" "Mozilla/5.0 AppleWebKit/537.36 (KHTML, like Gecko; compatible; bingbot/2.0; +http://www.bing.com/bingbot.htm) Chrome/116.0.1938.76 Safari/537.36"
54.36.148.40 - - [16/Apr/2025:22:29:12 -0400] "GET /the-best-reusable-cold-cups-for-coffee-lovers/ HTTP/1.1" 200 11330 "-" "Mozilla/5.0 (compatible; AhrefsBot/7.0; +http://ahrefs.com/robot/)"
20.171.207.184 - - [16/Apr/2025:22:29:16 -0400] "GET /diving-into-the-depths-wholesale-pool-supplies-for-every-need/feed/ HTTP/1.1" 200 434 "-" "Mozilla/5.0 AppleWebKit/537.36 (KHTML, like Gecko; compatible; GPTBot/1.2; +https://openai.com/gptbot)"
198.54.114.83 - - [16/Apr/2025:22:29:19 -0400] "POST /wp-cron.php?doing_wp_cron=1744856956.4539721012115478515625 HTTP/1.1" 200 0 "-" "WordPress/6.8; https://llcbibleclub.com"
198.54.114.83 - - [16/Apr/2025:22:29:21 -0400] "POST /wp-admin/admin-ajax.php?action=async_litespeed&nonce=DyVqW2kKoDmE4ARhoAnucCEXiGJ1pR1e&litespeed_type=imgoptm HTTP/1.1" 200 0 "-" "WordPress/6.8; https://llcbibleclub.com"
52.167.144.167 - - [16/Apr/2025:22:29:36 -0400] "GET /trade-and-travel-review/ HTTP/1.1" 200 10627 "-" "Mozilla/5.0 AppleWebKit/537.36 (KHTML, like Gecko; compatible; bingbot/2.0; +http://www.bing.com/bingbot.htm) Chrome/116.0.1938.76 Safari/537.36"
20.171.207.184 - - [16/Apr/2025:22:29:56 -0400] "GET /wp-json/oembed/1.0/embed?url=https%3A%2F%2Fllcbibleclub.com%2Fcycle-de-vie-lean-du-developpement-dapplications-mobiles-pour-les-entreprises-agiles-en-2020%2F HTTP/1.1" 200 2694 "-" "Mozilla/5.0 AppleWebKit/537.36 (KHTML, like Gecko; compatible; GPTBot/1.2; +https://openai.com/gptbot)"
198.54.114.83 - - [16/Apr/2025:22:30:00 -0400] "POST /wp-cron.php?doing_wp_cron=1744856996.9019529819488525390625 HTTP/1.1" 200 0 "-" "WordPress/6.8; https://llcbibleclub.com"
43.135.9.110 - - [16/Apr/2025:22:30:02 -0400] "GET /the-benefits-of-training-mma/ HTTP/1.1" 200 11336 "-" "Python/3.10 aiohttp/3.10.5"
20.171.207.184 - - [16/Apr/2025:22:30:40 -0400] "GET /wp-json/oembed/1.0/embed?url=https%3A%2F%2Fllcbibleclub.com%2Ftransform-your-home-with-the-ultimate-car-wash-solutions%2F HTTP/1.1" 200 2456 "-" "Mozilla/5.0 AppleWebKit/537.36 (KHTML, like Gecko; compatible; GPTBot/1.2; +https://openai.com/gptbot)"
43.154.194.33 - - [16/Apr/2025:22:31:16 -0400] "GET /property-management-casares-costa/ HTTP/1.1" 200 10611 "-" "Python/3.10 aiohttp/3.10.5"
20.171.207.184 - - [16/Apr/2025:22:31:21 -0400] "GET /wp-json/wp/v2/posts/2741 HTTP/1.1" 200 10816 "-" "Mozilla/5.0 AppleWebKit/537.36 (KHTML, like Gecko; compatible; GPTBot/1.2; +https://openai.com/gptbot)"
94.102.49.46 - - [16/Apr/2025:22:31:28 -0400] "GET /best-cbd-oil-products-uk/ HTTP/1.1" 200 12234 "https://llcbibleclub.com/best-cbd-oil-products-uk/#comment-6480" "Mozilla/5.0 (Windows NT 10.0; Win64; x64) AppleWebKit/537.36 (KHTML, like Gecko) Chrome/131.0.0.0 Safari/537.36"
20.171.207.184 - - [16/Apr/2025:22:32:04 -0400] "GET /wp-json/oembed/1.0/embed?format=xml&url=https%3A%2F%2Fllcbibleclub.com%2Ftransform-your-home-with-the-ultimate-car-wash-solutions%2F HTTP/1.1" 200 1172 "-" "Mozilla/5.0 AppleWebKit/537.36 (KHTML, like Gecko; compatible; GPTBot/1.2; +https://openai.com/gptbot)"
20.171.207.184 - - [16/Apr/2025:22:32:47 -0400] "GET /?p=1013 HTTP/1.1" 200 156096 "-" "Mozilla/5.0 AppleWebKit/537.36 (KHTML, like Gecko; compatible; GPTBot/1.2; +https://openai.com/gptbot)"
20.171.207.184 - - [16/Apr/2025:22:33:26 -0400] "GET /?p=2741 HTTP/1.1" 200 156096 "-" "Mozilla/5.0 AppleWebKit/537.36 (KHTML, like Gecko; compatible; GPTBot/1.2; +https://openai.com/gptbot)"
94.102.49.46 - - [16/Apr/2025:22:33:55 -0400] "GET /best-cbd-oil-products-uk/ HTTP/1.1" 200 11600 "-" "Mozilla/5.0 (Windows NT 6.3; Win64; x64) AppleWebKit/537.36 (KHTML, like Gecko) Chrome/75.0.3770.100 Safari/537.36"
20.171.207.184 - - [16/Apr/2025:22:34:04 -0400] "GET /wp-json/wp/v2/posts/1013 HTTP/1.1" 200 15907 "-" "Mozilla/5.0 AppleWebKit/537.36 (KHTML, like Gecko; compatible; GPTBot/1.2; +https://openai.com/gptbot)"
198.54.114.83 - - [16/Apr/2025:22:34:14 -0400] "POST /wp-cron.php?doing_wp_cron=1744857250.7799170017242431640625 HTTP/1.1" 200 0 "-" "WordPress/6.8; https://llcbibleclub.com"
20.171.207.184 - - [16/Apr/2025:22:34:52 -0400] "GET /wp-json/oembed/1.0/embed?format=xml&url=https%3A%2F%2Fllcbibleclub.com%2Fcycle-de-vie-lean-du-developpement-dapplications-mobiles-pour-les-entreprises-agiles-en-2020%2F HTTP/1.1" 200 1201 "-" "Mozilla/5.0 AppleWebKit/537.36 (KHTML, like Gecko; compatible; GPTBot/1.2; +https://openai.com/gptbot)"
43.154.120.205 - - [16/Apr/2025:22:35:10 -0400] "GET /how-to-find-the-best-luxury-handbags/ HTTP/1.1" 200 10624 "-" "Python/3.10 aiohttp/3.10.5"
20.171.207.184 - - [16/Apr/2025:22:35:30 -0400] "GET /transform-your-home-with-the-ultimate-car-wash-solutions/feed/ HTTP/1.1" 200 431 "-" "Mozilla/5.0 AppleWebKit/537.36 (KHTML, like Gecko; compatible; GPTBot/1.2; +https://openai.com/gptbot)"
198.54.114.83 - - [16/Apr/2025:22:35:33 -0400] "POST /wp-cron.php?doing_wp_cron=1744857330.8379540443420410156250 HTTP/1.1" 200 0 "-" "WordPress/6.8; https://llcbibleclub.com"
198.54.114.83 - - [16/Apr/2025:22:35:35 -0400] "POST /wp-admin/admin-ajax.php?action=async_litespeed&nonce=IStr6qdisYKqITRqYmLAt8bxsCjgEI42&litespeed_type=imgoptm HTTP/1.1" 200 0 "-" "WordPress/6.8; https://llcbibleclub.com"
135.181.213.219 - - [16/Apr/2025:22:35:58 -0400] "GET /robots.txt HTTP/1.1" 200 23 "-" "Mozilla/5.0 (compatible; MJ12bot/v1.4.8; http://mj12bot.com/)"
135.181.213.219 - - [16/Apr/2025:22:36:02 -0400] "GET /how-to-book-cheap-holiday-online/feed/ HTTP/1.1" 200 400 "-" "Mozilla/5.0 (compatible; MJ12bot/v1.4.8; http://mj12bot.com/)"
198.54.114.83 - - [16/Apr/2025:22:36:04 -0400] "POST /wp-cron.php?doing_wp_cron=1744857362.4527299404144287109375 HTTP/1.1" 200 0 "-" "WordPress/6.8; https://llcbibleclub.com"
198.54.114.83 - - [16/Apr/2025:22:36:05 -0400] "POST /wp-admin/admin-ajax.php?action=async_litespeed&nonce=Dad2Ir0CtR4cWIJ4HAJ7B5QKuh7Y1bub&litespeed_type=imgoptm HTTP/1.1" 200 0 "-" "WordPress/6.8; https://llcbibleclub.com"
20.171.207.184 - - [16/Apr/2025:22:36:09 -0400] "GET /cycle-de-vie-lean-du-developpement-dapplications-mobiles-pour-les-entreprises-agiles-en-2020/feed/ HTTP/1.1" 200 473 "-" "Mozilla/5.0 AppleWebKit/537.36 (KHTML, like Gecko; compatible; GPTBot/1.2; +https://openai.com/gptbot)"
20.171.207.184 - - [16/Apr/2025:22:36:19 -0400] "GET /trade-credit-how-to-determine-if-you-should-offer-net-30-terms-to-your-business-customers/ HTTP/1.1" 200 11504 "-" "Mozilla/5.0 AppleWebKit/537.36 (KHTML, like Gecko; compatible; GPTBot/1.2; +https://openai.com/gptbot)"
135.181.213.219 - - [16/Apr/2025:22:36:42 -0400] "GET /une-reunion-met-en-lumiere-un-sac-tisse-cool/feed/ HTTP/1.1" 200 424 "-" "Mozilla/5.0 (compatible; MJ12bot/v1.4.8; http://mj12bot.com/)"
198.54.114.83 - - [16/Apr/2025:22:36:45 -0400] "POST /wp-cron.php?doing_wp_cron=1744857403.0206360816955566406250 HTTP/1.1" 200 0 "-" "WordPress/6.8; https://llcbibleclub.com"
198.54.114.83 - - [16/Apr/2025:22:36:48 -0400] "POST /wp-admin/admin-ajax.php?action=async_litespeed&nonce=5Kud50NF2O9EkEmfsADw6R63gvQy3d2r&litespeed_type=imgoptm HTTP/1.1" 200 0 "-" "WordPress/6.8; https://llcbibleclub.com"
20.171.207.184 - - [16/Apr/2025:22:36:56 -0400] "GET /?p=1529 HTTP/1.1" 200 156096 "-" "Mozilla/5.0 AppleWebKit/537.36 (KHTML, like Gecko; compatible; GPTBot/1.2; +https://openai.com/gptbot)"
43.132.123.157 - - [16/Apr/2025:22:37:13 -0400] "GET /the-importance-of-refrigerators/ HTTP/1.1" 200 11514 "-" "Python/3.10 aiohttp/3.10.5"
20.171.207.184 - - [16/Apr/2025:22:37:37 -0400] "GET /?p=1278 HTTP/1.1" 200 156096 "-" "Mozilla/5.0 AppleWebKit/537.36 (KHTML, like Gecko; compatible; GPTBot/1.2; +https://openai.com/gptbot)"
198.54.114.83 - - [16/Apr/2025:22:42:12 -0400] "POST /wp-cron.php?doing_wp_cron=1744857730.9575281143188476562500 HTTP/1.1" 200 0 "-" "WordPress/6.8; https://llcbibleclub.com"
66.249.64.160 - - [16/Apr/2025:22:42:06 -0400] "GET /what-is-waste-management/ HTTP/1.1" 200 11300 "-" "Mozilla/5.0 (Linux; Android 6.0.1; Nexus 5X Build/MMB29P) AppleWebKit/537.36 (KHTML, like Gecko) Chrome/135.0.7049.84 Mobile Safari/537.36 (compatible; GoogleOther)"
198.54.114.83 - - [16/Apr/2025:22:42:16 -0400] "POST /wp-admin/admin-ajax.php?action=async_litespeed&nonce=9xbR3Et6Rkfsv063caPINwr4EuCXgk0i&litespeed_type=imgoptm HTTP/1.1" 200 0 "-" "WordPress/6.8; https://llcbibleclub.com"
198.54.114.83 - - [16/Apr/2025:22:43:45 -0400] "POST /wp-cron.php?doing_wp_cron=1744857824.6817290782928466796875 HTTP/1.1" 200 0 "-" "WordPress/6.8; https://llcbibleclub.com"
119.28.56.69 - - [16/Apr/2025:22:43:39 -0400] "GET /fensterputzer-luneburg/ HTTP/1.1" 200 10590 "-" "Python/3.10 aiohttp/3.10.5"
198.54.114.83 - - [16/Apr/2025:22:43:47 -0400] "POST /wp-admin/admin-ajax.php?action=async_litespeed&nonce=zk7KCMHDT3SRpDvQdQegmiT46Vd1M9Qh&litespeed_type=imgoptm HTTP/1.1" 200 0 "-" "WordPress/6.8; https://llcbibleclub.com"
198.54.114.83 - - [16/Apr/2025:22:46:55 -0400] "POST /wp-cron.php?doing_wp_cron=1744858014.4767351150512695312500 HTTP/1.1" 200 0 "-" "WordPress/6.8; https://llcbibleclub.com"
119.28.176.145 - - [16/Apr/2025:22:46:49 -0400] "GET /ring-doorbell-installation/ HTTP/1.1" 200 13101 "-" "Python/3.10 aiohttp/3.10.5"
198.54.114.83 - - [16/Apr/2025:22:47:00 -0400] "POST /wp-admin/admin-ajax.php?action=async_litespeed&nonce=P2aeaoQud2uRJdl9hSDPTysENH16Vqp4&litespeed_type=imgoptm HTTP/1.1" 200 0 "-" "WordPress/6.8; https://llcbibleclub.com"
45.157.54.41 - - [16/Apr/2025:22:48:49 -0400] "GET /wp-content/plugins/drag-and-drop-multiple-file-upload-for-woocommerce/assets/js/codedropz-uploader-min.js HTTP/1.1" 404 6505 "-" "Mozilla/5.0 (Windows NT 10.0; Win64; x64) AppleWebKit/537.36 (KHTML, like Gecko) Chrome/127.0.0.0 Safari/537.36"
198.54.114.83 - - [16/Apr/2025:22:48:54 -0400] "POST /wp-cron.php?doing_wp_cron=1744858132.0457448959350585937500 HTTP/1.1" 200 0 "-" "WordPress/6.8; https://llcbibleclub.com"
150.109.108.171 - - [16/Apr/2025:22:49:59 -0400] "GET /what-is-counselling/ HTTP/1.1" 200 10594 "-" "Python/3.10 aiohttp/3.10.5"
124.156.110.185 - - [16/Apr/2025:22:50:06 -0400] "GET /investing-in-real-estate/ HTTP/1.1" 200 11361 "-" "Python/3.10 aiohttp/3.10.5"
198.54.114.83 - - [16/Apr/2025:22:50:09 -0400] "POST /wp-cron.php?doing_wp_cron=1744858206.8656439781188964843750 HTTP/1.1" 200 0 "-" "WordPress/6.8; https://llcbibleclub.com"
101.32.49.9 - - [16/Apr/2025:22:50:50 -0400] "GET /split-screen-on-iphone/ HTTP/1.1" 200 15821 "-" "Python/3.10 aiohttp/3.10.5"
66.249.64.161 - - [16/Apr/2025:22:51:06 -0400] "GET /samsung-network-settings/ HTTP/1.1" 200 11558 "-" "Mozilla/5.0 (Linux; Android 6.0.1; Nexus 5X Build/MMB29P) AppleWebKit/537.36 (KHTML, like Gecko) Chrome/135.0.7049.84 Mobile Safari/537.36 (compatible; Googlebot/2.1; +http://www.google.com/bot.html)"
138.246.253.24 - - [16/Apr/2025:22:56:36 -0400] "GET /robots.txt HTTP/1.1" 200 23 "-" "Mozilla/5.0 (Windows NT 10.0; Win64; x64) AppleWebKit/537.36 (KHTML, like Gecko) Chrome/103.0.5060.134 Safari/537.36"
198.54.114.83 - - [16/Apr/2025:23:00:37 -0400] "POST /wp-cron.php?doing_wp_cron=1744858836.9754259586334228515625 HTTP/1.1" 200 0 "-" "WordPress/6.8; https://llcbibleclub.com"
44.195.50.71 - - [16/Apr/2025:23:00:32 -0400] "GET /2023/11/ HTTP/1.1" 301 0 "-" "Mozilla/5.0 AppleWebKit/537.36 (KHTML, like Gecko; compatible; Amazonbot/0.1; +https://developer.amazon.com/support/amazonbot) Chrome/119.0.6045.214 Safari/537.36"
198.54.114.83 - - [16/Apr/2025:23:00:39 -0400] "POST /wp-admin/admin-ajax.php?action=async_litespeed&nonce=dVC5lUu75YhVRXz9zDQTzR0n1pWXn3CH&litespeed_type=imgoptm HTTP/1.1" 200 0 "-" "WordPress/6.8; https://llcbibleclub.com"
20.171.207.184 - - [16/Apr/2025:23:01:11 -0400] "GET /how-a-church-led-screen-can-engage-your-congregation/ HTTP/1.1" 200 11285 "-" "Mozilla/5.0 AppleWebKit/537.36 (KHTML, like Gecko; compatible; GPTBot/1.2; +https://openai.com/gptbot)"
20.171.207.184 - - [16/Apr/2025:23:02:15 -0400] "GET /unveiling-the-virtual-realm-exploring-the-evolution-of-online-casinos/ HTTP/1.1" 200 10849 "-" "Mozilla/5.0 AppleWebKit/537.36 (KHTML, like Gecko; compatible; GPTBot/1.2; +https://openai.com/gptbot)"
198.54.114.83 - - [16/Apr/2025:23:02:18 -0400] "POST /wp-cron.php?doing_wp_cron=1744858935.6112461090087890625000 HTTP/1.1" 200 0 "-" "WordPress/6.8; https://llcbibleclub.com"
20.171.207.184 - - [16/Apr/2025:23:03:11 -0400] "GET /how-to-get-more-customers-to-shop-at-your-cbd-shop/feed/ HTTP/1.1" 200 427 "-" "Mozilla/5.0 AppleWebKit/537.36 (KHTML, like Gecko; compatible; GPTBot/1.2; +https://openai.com/gptbot)"
198.54.114.83 - - [16/Apr/2025:23:04:04 -0400] "POST /wp-cron.php?doing_wp_cron=1744859043.0127809047698974609375 HTTP/1.1" 200 0 "-" "WordPress/6.8; https://llcbibleclub.com"
20.171.207.184 - - [16/Apr/2025:23:04:02 -0400] "GET /is-home-automation-canada-right-for-you/ HTTP/1.1" 200 11484 "-" "Mozilla/5.0 AppleWebKit/537.36 (KHTML, like Gecko; compatible; GPTBot/1.2; +https://openai.com/gptbot)"
198.54.114.83 - - [16/Apr/2025:23:04:06 -0400] "POST /wp-admin/admin-ajax.php?action=async_litespeed&nonce=l4mHYRRhNjEyIpNTXqe4FSxmHex91GUO&litespeed_type=imgoptm HTTP/1.1" 200 0 "-" "WordPress/6.8; https://llcbibleclub.com"
20.171.207.184 - - [16/Apr/2025:23:04:53 -0400] "GET /balancing-studies-and-work-the-benefits-of-a-part-time-job/ HTTP/1.1" 200 10601 "-" "Mozilla/5.0 AppleWebKit/537.36 (KHTML, like Gecko; compatible; GPTBot/1.2; +https://openai.com/gptbot)"
198.54.114.83 - - [16/Apr/2025:23:04:55 -0400] "POST /wp-cron.php?doing_wp_cron=1744859094.2028129100799560546875 HTTP/1.1" 200 0 "-" "WordPress/6.8; https://llcbibleclub.com"
20.171.207.184 - - [16/Apr/2025:23:05:23 -0400] "GET /unveiling-the-finest-heroes-in-watcher-of-realms/ HTTP/1.1" 200 10762 "-" "Mozilla/5.0 AppleWebKit/537.36 (KHTML, like Gecko; compatible; GPTBot/1.2; +https://openai.com/gptbot)"
20.171.207.184 - - [16/Apr/2025:23:05:51 -0400] "GET /conseils-pour-choisir-une-douche-pour-personnes-agees/ HTTP/1.1" 200 10931 "-" "Mozilla/5.0 AppleWebKit/537.36 (KHTML, like Gecko; compatible; GPTBot/1.2; +https://openai.com/gptbot)"
198.54.114.83 - - [16/Apr/2025:23:06:20 -0400] "POST /wp-cron.php?doing_wp_cron=1744859178.8166129589080810546875 HTTP/1.1" 200 0 "-" "WordPress/6.8; https://llcbibleclub.com"
20.171.207.184 - - [16/Apr/2025:23:06:18 -0400] "GET /maximizing-convenience-a-guide-to-breast-pumps/ HTTP/1.1" 200 10555 "-" "Mozilla/5.0 AppleWebKit/537.36 (KHTML, like Gecko; compatible; GPTBot/1.2; +https://openai.com/gptbot)"
198.54.114.83 - - [16/Apr/2025:23:06:23 -0400] "POST /wp-admin/admin-ajax.php?action=async_litespeed&nonce=XnYezvhGi2vOEbRizKIRFsxrRUK70WCe&litespeed_type=imgoptm HTTP/1.1" 200 0 "-" "WordPress/6.8; https://llcbibleclub.com"
198.54.114.83 - - [16/Apr/2025:23:06:47 -0400] "POST /wp-cron.php?doing_wp_cron=1744859206.6579899787902832031250 HTTP/1.1" 200 0 "-" "WordPress/6.8; https://llcbibleclub.com"
20.171.207.184 - - [16/Apr/2025:23:06:46 -0400] "GET /crafting-precision-inside-the-brush-machine-factory/ HTTP/1.1" 200 10690 "-" "Mozilla/5.0 AppleWebKit/537.36 (KHTML, like Gecko; compatible; GPTBot/1.2; +https://openai.com/gptbot)"
198.54.114.83 - - [16/Apr/2025:23:06:49 -0400] "POST /wp-admin/admin-ajax.php?action=async_litespeed&nonce=qPtcESVbOMrxzzV3IBGx6NuYE5dJI4vU&litespeed_type=imgoptm HTTP/1.1" 200 0 "-" "WordPress/6.8; https://llcbibleclub.com"
20.171.207.184 - - [16/Apr/2025:23:10:39 -0400] "GET /wp-json/wp/v2/posts/2629 HTTP/1.1" 200 11484 "-" "Mozilla/5.0 AppleWebKit/537.36 (KHTML, like Gecko; compatible; GPTBot/1.2; +https://openai.com/gptbot)"
198.54.114.83 - - [16/Apr/2025:23:10:47 -0400] "POST /wp-cron.php?doing_wp_cron=1744859445.4382700920104980468750 HTTP/1.1" 200 0 "-" "WordPress/6.8; https://llcbibleclub.com"
20.171.207.184 - - [16/Apr/2025:23:11:12 -0400] "GET /wp-json/oembed/1.0/embed?format=xml&url=https%3A%2F%2Fllcbibleclub.com%2Funveiling-the-virtual-realm-exploring-the-evolution-of-online-casinos%2F HTTP/1.1" 200 1173 "-" "Mozilla/5.0 AppleWebKit/537.36 (KHTML, like Gecko; compatible; GPTBot/1.2; +https://openai.com/gptbot)"
20.171.207.184 - - [16/Apr/2025:23:11:37 -0400] "GET /unveiling-the-virtual-realm-exploring-the-evolution-of-online-casinos/feed/ HTTP/1.1" 200 440 "-" "Mozilla/5.0 AppleWebKit/537.36 (KHTML, like Gecko; compatible; GPTBot/1.2; +https://openai.com/gptbot)"
20.171.207.184 - - [16/Apr/2025:23:12:02 -0400] "GET /?p=2629 HTTP/1.1" 200 156096 "-" "Mozilla/5.0 AppleWebKit/537.36 (KHTML, like Gecko; compatible; GPTBot/1.2; +https://openai.com/gptbot)"
20.171.207.184 - - [16/Apr/2025:23:12:29 -0400] "GET /wp-json/oembed/1.0/embed?url=https%3A%2F%2Fllcbibleclub.com%2Funveiling-the-virtual-realm-exploring-the-evolution-of-online-casinos%2F HTTP/1.1" 200 2535 "-" "Mozilla/5.0 AppleWebKit/537.36 (KHTML, like Gecko; compatible; GPTBot/1.2; +https://openai.com/gptbot)"
198.54.114.83 - - [16/Apr/2025:23:12:32 -0400] "POST /wp-admin/admin-ajax.php?action=async_litespeed&nonce=X2llTKXoML3GnPC3sS57DThO8GZ13jre&litespeed_type=imgoptm HTTP/1.1" 200 0 "-" "WordPress/6.8; https://llcbibleclub.com"
198.54.114.83 - - [16/Apr/2025:23:12:56 -0400] "POST /wp-cron.php?doing_wp_cron=1744859575.3963921070098876953125 HTTP/1.1" 200 0 "-" "WordPress/6.8; https://llcbibleclub.com"
20.171.207.184 - - [16/Apr/2025:23:12:54 -0400] "GET /wp-json/oembed/1.0/embed?url=https%3A%2F%2Fllcbibleclub.com%2Fconseils-pour-choisir-une-douche-pour-personnes-agees%2F HTTP/1.1" 200 2485 "-" "Mozilla/5.0 AppleWebKit/537.36 (KHTML, like Gecko; compatible; GPTBot/1.2; +https://openai.com/gptbot)"
198.54.114.83 - - [16/Apr/2025:23:12:58 -0400] "POST /wp-admin/admin-ajax.php?action=async_litespeed&nonce=N2oiei8JvT1RDA5uNGUaVZ9rmbwKdfpv&litespeed_type=imgoptm HTTP/1.1" 200 0 "-" "WordPress/6.8; https://llcbibleclub.com"
20.171.207.184 - - [16/Apr/2025:23:13:25 -0400] "GET /wp-json/wp/v2/posts/1876 HTTP/1.1" 200 11479 "-" "Mozilla/5.0 AppleWebKit/537.36 (KHTML, like Gecko; compatible; GPTBot/1.2; +https://openai.com/gptbot)"
20.171.207.184 - - [16/Apr/2025:23:13:49 -0400] "GET /wp-json/oembed/1.0/embed?format=xml&url=https%3A%2F%2Fllcbibleclub.com%2Fconseils-pour-choisir-une-douche-pour-personnes-agees%2F HTTP/1.1" 200 1166 "-" "Mozilla/5.0 AppleWebKit/537.36 (KHTML, like Gecko; compatible; GPTBot/1.2; +https://openai.com/gptbot)"