202.8.41.73 - - [16/Apr/2025:19:20:25 -0400] "GET /wp-content/fonts/97600e7332d8986026b9f76ec96d7087.css HTTP/1.1" 200 1068 "https://llcbibleclub.com/exploring-the-hidden-gems-of-manilva-a-coastal-haven-on-the-costa-del-sol/" "Mozilla/5.0 (compatible; AhrefsBot/7.0; +http://ahrefs.com/robot/)"
202.8.41.73 - - [16/Apr/2025:19:20:25 -0400] "GET /wp-content/themes/news-center/assets/js/navigation.js?ver=1.1.0 HTTP/1.1" 200 1014 "https://llcbibleclub.com/exploring-the-hidden-gems-of-manilva-a-coastal-haven-on-the-costa-del-sol/" "Mozilla/5.0 (compatible; AhrefsBot/7.0; +http://ahrefs.com/robot/)"
202.8.41.73 - - [16/Apr/2025:19:20:26 -0400] "GET /wp-includes/js/jquery/jquery.min.js?ver=3.7.1 HTTP/1.1" 200 29744 "https://llcbibleclub.com/exploring-the-hidden-gems-of-manilva-a-coastal-haven-on-the-costa-del-sol/" "Mozilla/5.0 (compatible; AhrefsBot/7.0; +http://ahrefs.com/robot/)"
202.8.41.73 - - [16/Apr/2025:19:20:26 -0400] "GET /wp-content/themes/news-center/style.css?ver=1.1.0 HTTP/1.1" 200 19611 "https://llcbibleclub.com/exploring-the-hidden-gems-of-manilva-a-coastal-haven-on-the-costa-del-sol/" "Mozilla/5.0 (compatible; AhrefsBot/7.0; +http://ahrefs.com/robot/)"
202.8.41.73 - - [16/Apr/2025:19:20:25 -0400] "GET /wp-includes/js/jquery/jquery-migrate.min.js?ver=3.4.1 HTTP/1.1" 200 4678 "https://llcbibleclub.com/exploring-the-hidden-gems-of-manilva-a-coastal-haven-on-the-costa-del-sol/" "Mozilla/5.0 (compatible; AhrefsBot/7.0; +http://ahrefs.com/robot/)"
202.8.41.73 - - [16/Apr/2025:19:20:27 -0400] "GET /wp-content/themes/news-center/assets/js/slick.min.js?ver=1.8.1 HTTP/1.1" 200 10126 "https://llcbibleclub.com/exploring-the-hidden-gems-of-manilva-a-coastal-haven-on-the-costa-del-sol/" "Mozilla/5.0 (compatible; AhrefsBot/7.0; +http://ahrefs.com/robot/)"
202.8.41.73 - - [16/Apr/2025:19:20:27 -0400] "GET /wp-content/themes/news-center/assets/css/fontawesome.min.css?ver=6.4.2 HTTP/1.1" 200 17670 "https://llcbibleclub.com/exploring-the-hidden-gems-of-manilva-a-coastal-haven-on-the-costa-del-sol/" "Mozilla/5.0 (compatible; AhrefsBot/7.0; +http://ahrefs.com/robot/)"
202.8.41.73 - - [16/Apr/2025:19:20:27 -0400] "GET /wp-content/themes/news-center/assets/css/slick.min.css?ver=1.8.1 HTTP/1.1" 200 395 "https://llcbibleclub.com/exploring-the-hidden-gems-of-manilva-a-coastal-haven-on-the-costa-del-sol/" "Mozilla/5.0 (compatible; AhrefsBot/7.0; +http://ahrefs.com/robot/)"
202.8.41.73 - - [16/Apr/2025:19:20:27 -0400] "GET /wp-content/themes/news-center/assets/js/custom.min.js?ver=1.1.0 HTTP/1.1" 200 1326 "https://llcbibleclub.com/exploring-the-hidden-gems-of-manilva-a-coastal-haven-on-the-costa-del-sol/" "Mozilla/5.0 (compatible; AhrefsBot/7.0; +http://ahrefs.com/robot/)"
202.8.41.73 - - [16/Apr/2025:19:20:29 -0400] "GET /wp-includes/js/comment-reply.min.js?ver=6.8 HTTP/1.1" 200 1247 "https://llcbibleclub.com/exploring-the-hidden-gems-of-manilva-a-coastal-haven-on-the-costa-del-sol/" "Mozilla/5.0 (compatible; AhrefsBot/7.0; +http://ahrefs.com/robot/)"
202.8.41.73 - - [16/Apr/2025:19:20:29 -0400] "GET /wp-content/themes/news-center/assets/webfonts/fa-regular-400.woff2 HTTP/1.1" 200 24488 "https://llcbibleclub.com/wp-content/themes/news-center/assets/css/fontawesome.min.css?ver=6.4.2" "Mozilla/5.0 (compatible; AhrefsBot/7.0; +http://ahrefs.com/robot/)"
202.8.41.73 - - [16/Apr/2025:19:20:29 -0400] "GET /wp-content/themes/news-center/assets/webfonts/fa-solid-900.woff2 HTTP/1.1" 200 150020 "https://llcbibleclub.com/wp-content/themes/news-center/assets/css/fontawesome.min.css?ver=6.4.2" "Mozilla/5.0 (compatible; AhrefsBot/7.0; +http://ahrefs.com/robot/)"
202.8.41.73 - - [16/Apr/2025:19:20:29 -0400] "GET /wp-content/fonts/rubik/iJWKBXyIfDnIV7nBrXw.woff2 HTTP/1.1" 200 34112 "https://llcbibleclub.com/wp-content/fonts/97600e7332d8986026b9f76ec96d7087.css" "Mozilla/5.0 (compatible; AhrefsBot/7.0; +http://ahrefs.com/robot/)"
202.8.41.73 - - [16/Apr/2025:19:20:30 -0400] "GET /wp-content/fonts/volkhov/SlGVmQieoJcKemNeeY4hkHNSbQ.woff2 HTTP/1.1" 200 27036 "https://llcbibleclub.com/wp-content/fonts/97600e7332d8986026b9f76ec96d7087.css" "Mozilla/5.0 (compatible; AhrefsBot/7.0; +http://ahrefs.com/robot/)"
202.8.41.73 - - [16/Apr/2025:19:20:30 -0400] "GET /wp-content/fonts/oxygen/2sDcZG1Wl4LcnbuCNWgzaGW5.woff2 HTTP/1.1" 200 16172 "https://llcbibleclub.com/wp-content/fonts/97600e7332d8986026b9f76ec96d7087.css" "Mozilla/5.0 (compatible; AhrefsBot/7.0; +http://ahrefs.com/robot/)"
202.8.41.73 - - [16/Apr/2025:19:20:30 -0400] "GET /wp-content/fonts/oxygen/2sDfZG1Wl4LcnbuKjk0m.woff2 HTTP/1.1" 200 16348 "https://llcbibleclub.com/wp-content/fonts/97600e7332d8986026b9f76ec96d7087.css" "Mozilla/5.0 (compatible; AhrefsBot/7.0; +http://ahrefs.com/robot/)"
202.8.41.73 - - [16/Apr/2025:19:20:30 -0400] "GET /wp-includes/js/wp-emoji-release.min.js?ver=6.8 HTTP/1.1" 200 4771 "https://llcbibleclub.com/exploring-the-hidden-gems-of-manilva-a-coastal-haven-on-the-costa-del-sol/" "Mozilla/5.0 (compatible; AhrefsBot/7.0; +http://ahrefs.com/robot/)"
35.247.174.80 - - [16/Apr/2025:19:20:10 -0400] "POST /wp-login.php HTTP/1.1" 200 0 "-" "Mozlila/5.0 (Linux; Android 7.0; SM-G892A Bulid/NRD90M; wv) AppleWebKit/537.36 (KHTML, like Gecko) Version/4.0 Chrome/60.0.3112.107 Moblie Safari/537.36"
35.247.174.80 - - [16/Apr/2025:19:21:53 -0400] "GET /wp-admin/plugin-install.php?tab=upload HTTP/1.1" 302 0 "-" "Mozlila/5.0 (Linux; Android 7.0; SM-G892A Bulid/NRD90M; wv) AppleWebKit/537.36 (KHTML, like Gecko) Version/4.0 Chrome/60.0.3112.107 Moblie Safari/537.36"
198.54.114.83 - - [16/Apr/2025:19:22:02 -0400] "POST /wp-cron.php?doing_wp_cron=1744845718.8253810405731201171875 HTTP/1.1" 200 0 "-" "WordPress/6.8; https://llcbibleclub.com"
35.247.174.80 - - [16/Apr/2025:19:22:03 -0400] "GET /wp-login.php?redirect_to=https%3A%2F%2Fllcbibleclub.com%2Fwp-admin%2Fplugin-install.php%3Ftab%3Dupload&reauth=1 HTTP/1.1" 200 1704 "-" "Mozlila/5.0 (Linux; Android 7.0; SM-G892A Bulid/NRD90M; wv) AppleWebKit/537.36 (KHTML, like Gecko) Version/4.0 Chrome/60.0.3112.107 Moblie Safari/537.36"
198.54.114.83 - - [16/Apr/2025:19:25:06 -0400] "POST /wp-cron.php?doing_wp_cron=1744845904.2072770595550537109375 HTTP/1.1" 200 0 "-" "WordPress/6.8; https://llcbibleclub.com"
43.135.121.153 - - [16/Apr/2025:19:24:56 -0400] "GET /bathroom-renovations-how-to-plan-and-execute-a-successful-bathroom-renovation/ HTTP/1.1" 200 10846 "-" "Python/3.10 aiohttp/3.10.5"
198.54.114.83 - - [16/Apr/2025:19:25:09 -0400] "POST /wp-admin/admin-ajax.php?action=async_litespeed&nonce=AHcMsE7SFuF8dLsEgjxb423ZRWtJkOQf&litespeed_type=imgoptm HTTP/1.1" 200 0 "-" "WordPress/6.8; https://llcbibleclub.com"
198.54.114.83 - - [16/Apr/2025:19:25:58 -0400] "POST /wp-admin/admin-ajax.php?action=async_litespeed&nonce=Ij3nMDSGdRv2DWJk3Ij8IZWLMJ8ioJZF&litespeed_type=imgoptm HTTP/1.1" 200 0 "-" "WordPress/6.8; https://llcbibleclub.com"
198.54.114.83 - - [16/Apr/2025:19:26:55 -0400] "POST /wp-cron.php?doing_wp_cron=1744846013.4342269897460937500000 HTTP/1.1" 200 0 "-" "WordPress/6.8; https://llcbibleclub.com"
52.167.144.184 - - [16/Apr/2025:19:26:52 -0400] "GET /beauty-salon-equipment-buying-the-right-salon-equipment/ HTTP/1.1" 200 11028 "-" "Mozilla/5.0 AppleWebKit/537.36 (KHTML, like Gecko; compatible; bingbot/2.0; +http://www.bing.com/bingbot.htm) Chrome/116.0.1938.76 Safari/537.36"
198.54.114.83 - - [16/Apr/2025:19:26:56 -0400] "POST /wp-admin/admin-ajax.php?action=async_litespeed&nonce=bxZLrJLOpF65uuxVhQOqbIP0UymwSiyt&litespeed_type=imgoptm HTTP/1.1" 200 0 "-" "WordPress/6.8; https://llcbibleclub.com"
40.77.167.157 - - [16/Apr/2025:19:26:55 -0400] "GET /ferienparks-an-der-ostsee/ HTTP/1.1" 200 10894 "-" "Mozilla/5.0 AppleWebKit/537.36 (KHTML, like Gecko; compatible; bingbot/2.0; +http://www.bing.com/bingbot.htm) Chrome/116.0.1938.76 Safari/537.36"
52.167.144.204 - - [16/Apr/2025:19:27:00 -0400] "GET /the-pursuit-of-excellence/ HTTP/1.1" 200 10862 "-" "Mozilla/5.0 AppleWebKit/537.36 (KHTML, like Gecko; compatible; bingbot/2.0; +http://www.bing.com/bingbot.htm) Chrome/116.0.1938.76 Safari/537.36"
43.155.0.244 - - [16/Apr/2025:19:27:19 -0400] "GET /voice-over-actors/ HTTP/1.1" 200 11169 "-" "Python/3.10 aiohttp/3.10.5"
198.54.114.83 - - [16/Apr/2025:19:29:39 -0400] "POST /wp-cron.php?doing_wp_cron=1744846176.9525260925292968750000 HTTP/1.1" 200 0 "-" "WordPress/6.8; https://llcbibleclub.com"
119.28.5.18 - - [16/Apr/2025:19:29:31 -0400] "GET /business-continuity-and-disaster-recovery/ HTTP/1.1" 200 10835 "-" "Python/3.10 aiohttp/3.10.5"
198.54.114.83 - - [16/Apr/2025:19:29:41 -0400] "POST /wp-admin/admin-ajax.php?action=async_litespeed&nonce=uC6CC8vTGg2PSYTTVFrGHzTrf8sfdPSN&litespeed_type=imgoptm HTTP/1.1" 200 0 "-" "WordPress/6.8; https://llcbibleclub.com"
66.249.64.160 - - [16/Apr/2025:19:30:05 -0400] "GET /2025/03/ HTTP/1.1" 301 0 "-" "Mozilla/5.0 (Linux; Android 6.0.1; Nexus 5X Build/MMB29P) AppleWebKit/537.36 (KHTML, like Gecko) Chrome/135.0.7049.84 Mobile Safari/537.36 (compatible; Googlebot/2.1; +http://www.google.com/bot.html)"
198.54.114.83 - - [16/Apr/2025:19:30:37 -0400] "POST /wp-cron.php?doing_wp_cron=1744846236.8477699756622314453125 HTTP/1.1" 200 0 "-" "WordPress/6.8; https://llcbibleclub.com"
198.54.114.83 - - [16/Apr/2025:19:30:39 -0400] "POST /wp-admin/admin-ajax.php?action=async_litespeed&nonce=396zEpJQK4XeXL5GMYyv472LmJlc6WX4&litespeed_type=imgoptm HTTP/1.1" 200 0 "-" "WordPress/6.8; https://llcbibleclub.com"
43.132.221.181 - - [16/Apr/2025:19:30:36 -0400] "GET /benefits-of-working-out-with-a-personal-trainer/ HTTP/1.1" 200 11276 "-" "Python/3.10 aiohttp/3.10.5"
66.249.64.174 - - [16/Apr/2025:19:31:59 -0400] "GET /how-to-prepare-for-a-voice-over/ HTTP/1.1" 200 10703 "-" "Mozilla/5.0 (Linux; Android 6.0.1; Nexus 5X Build/MMB29P) AppleWebKit/537.36 (KHTML, like Gecko) Chrome/135.0.7049.84 Mobile Safari/537.36 (compatible; GoogleOther)"
198.54.114.83 - - [16/Apr/2025:19:33:24 -0400] "POST /wp-cron.php?doing_wp_cron=1744846402.4119739532470703125000 HTTP/1.1" 200 0 "-" "WordPress/6.8; https://llcbibleclub.com"
52.167.144.181 - - [16/Apr/2025:19:33:17 -0400] "GET /ma-prime-adapt-2024/ HTTP/1.1" 200 10641 "-" "Mozilla/5.0 AppleWebKit/537.36 (KHTML, like Gecko; compatible; bingbot/2.0; +http://www.bing.com/bingbot.htm) Chrome/116.0.1938.76 Safari/537.36"
198.54.114.83 - - [16/Apr/2025:19:33:25 -0400] "POST /wp-admin/admin-ajax.php?action=async_litespeed&nonce=ffhRzQ9sqUoheUzxDphIhFujrOiKF35r&litespeed_type=imgoptm HTTP/1.1" 200 0 "-" "WordPress/6.8; https://llcbibleclub.com"
198.54.114.83 - - [16/Apr/2025:19:35:31 -0400] "POST /wp-cron.php?doing_wp_cron=1744846530.2474119663238525390625 HTTP/1.1" 200 0 "-" "WordPress/6.8; https://llcbibleclub.com"
129.226.64.249 - - [16/Apr/2025:19:35:25 -0400] "GET /utility-management-for-multifamily-properties/ HTTP/1.1" 200 10716 "-" "Python/3.10 aiohttp/3.10.5"
198.54.114.83 - - [16/Apr/2025:19:35:33 -0400] "POST /wp-admin/admin-ajax.php?action=async_litespeed&nonce=NlpIhzA4nvMIt6xB65cOCkXXfhx2Z43o&litespeed_type=imgoptm HTTP/1.1" 200 0 "-" "WordPress/6.8; https://llcbibleclub.com"
91.84.96.34 - - [16/Apr/2025:19:37:02 -0400] "GET /best-cbd-oil-products-uk/ HTTP/1.1" 200 11600 "https://llcbibleclub.com/best-cbd-oil-products-uk/" "Mozilla/5.0 (Windows NT 10.0; Win64; x64) AppleWebKit/537.36 (KHTML, like Gecko) Chrome/131.0.0.0 Safari/537.36"
198.54.114.83 - - [16/Apr/2025:19:37:11 -0400] "POST /wp-cron.php?doing_wp_cron=1744846630.4412391185760498046875 HTTP/1.1" 200 0 "-" "WordPress/6.8; https://llcbibleclub.com"
198.54.114.83 - - [16/Apr/2025:19:37:13 -0400] "POST /wp-admin/admin-ajax.php?action=async_litespeed&nonce=02SZK0LK6uYo1iMVB9V1UgKhQ4ZW3HbI&litespeed_type=imgoptm HTTP/1.1" 200 0 "-" "WordPress/6.8; https://llcbibleclub.com"
91.84.96.34 - - [16/Apr/2025:19:37:05 -0400] "POST /wp-comments-post.php HTTP/1.1" 302 0 "https://llcbibleclub.com/best-cbd-oil-products-uk/" "Mozilla/5.0 (Windows NT 10.0; Win64; x64) AppleWebKit/537.36 (KHTML, like Gecko) Chrome/131.0.0.0 Safari/537.36"
91.84.96.34 - - [16/Apr/2025:19:37:15 -0400] "GET /best-cbd-oil-products-uk/ HTTP/1.1" 200 12232 "https://llcbibleclub.com/best-cbd-oil-products-uk/#comment-6470" "Mozilla/5.0 (Windows NT 10.0; Win64; x64) AppleWebKit/537.36 (KHTML, like Gecko) Chrome/131.0.0.0 Safari/537.36"
198.54.114.83 - - [16/Apr/2025:19:42:33 -0400] "POST /wp-cron.php?doing_wp_cron=1744846950.8973801136016845703125 HTTP/1.1" 200 0 "-" "WordPress/6.8; https://llcbibleclub.com"
43.154.145.254 - - [16/Apr/2025:19:42:26 -0400] "GET /how-to-choose-the-right-web-design-company/ HTTP/1.1" 200 11353 "-" "Python/3.10 aiohttp/3.10.5"
198.54.114.83 - - [16/Apr/2025:19:42:36 -0400] "POST /wp-admin/admin-ajax.php?action=async_litespeed&nonce=E2xfvQ4DH8Lar8Tjmbt6LpmoWhWHc5PA&litespeed_type=imgoptm HTTP/1.1" 200 0 "-" "WordPress/6.8; https://llcbibleclub.com"
20.14.155.160 - - [16/Apr/2025:19:43:49 -0400] "HEAD /new-tembusu-grand-condo-in-katong/ HTTP/1.1" 200 0 "http://www.llcbibleclub.com/new" "Mozilla/5.0 (Windows NT 10.0; Win64; x64) AppleWebKit/537.36 (KHTML, like Gecko) Chrome/74.0.3729.169 Safari/537.36"
198.54.114.83 - - [16/Apr/2025:19:44:04 -0400] "POST /wp-cron.php?doing_wp_cron=1744847042.9696850776672363281250 HTTP/1.1" 200 0 "-" "WordPress/6.8; https://llcbibleclub.com"
20.14.155.160 - - [16/Apr/2025:19:44:02 -0400] "HEAD /home-appliance-repair/ HTTP/1.1" 200 0 "http://www.llcbibleclub.com/home" "Mozilla/5.0 (Windows NT 10.0; Win64; x64) AppleWebKit/537.36 (KHTML, like Gecko) Chrome/74.0.3729.169 Safari/537.36"
198.54.114.83 - - [16/Apr/2025:19:44:08 -0400] "POST /wp-admin/admin-ajax.php?action=async_litespeed&nonce=YiIHJcvoTItBI2xRHUQWDKGVZDbzTPxc&litespeed_type=imgoptm HTTP/1.1" 200 0 "-" "WordPress/6.8; https://llcbibleclub.com"
43.132.120.183 - - [16/Apr/2025:19:43:56 -0400] "GET /why-buy-saves-ticktok/ HTTP/1.1" 200 12206 "-" "Python/3.10 aiohttp/3.10.5"
198.54.114.83 - - [16/Apr/2025:19:46:29 -0400] "POST /wp-cron.php?doing_wp_cron=1744847188.4865269660949707031250 HTTP/1.1" 200 0 "-" "WordPress/6.8; https://llcbibleclub.com"
129.226.177.116 - - [16/Apr/2025:19:46:20 -0400] "GET /charge-goal-administrations/ HTTP/1.1" 200 11531 "-" "Python/3.10 aiohttp/3.10.5"
198.54.114.83 - - [16/Apr/2025:19:46:33 -0400] "POST /wp-admin/admin-ajax.php?action=async_litespeed&nonce=UisVIvTHbFPj84Vi1CPxfcNiBUP2iZnb&litespeed_type=imgoptm HTTP/1.1" 200 0 "-" "WordPress/6.8; https://llcbibleclub.com"
198.54.114.83 - - [16/Apr/2025:19:49:15 -0400] "POST /wp-cron.php?doing_wp_cron=1744847353.1135320663452148437500 HTTP/1.1" 200 0 "-" "WordPress/6.8; https://llcbibleclub.com"
136.243.228.194 - - [16/Apr/2025:19:49:07 -0400] "GET /what-is-counselling/ HTTP/1.1" 200 10594 "-" "Mozilla/5.0 (compatible; DataForSeoBot/1.0; +https://dataforseo.com/dataforseo-bot)"
198.54.114.83 - - [16/Apr/2025:19:49:18 -0400] "POST /wp-admin/admin-ajax.php?action=async_litespeed&nonce=c0wCV6eEI9idoa3U6kWmGUjuC0U751Vq&litespeed_type=imgoptm HTTP/1.1" 200 0 "-" "WordPress/6.8; https://llcbibleclub.com"
119.28.27.236 - - [16/Apr/2025:19:49:31 -0400] "GET /how-a-soft-wash-house-can-keep-your-house-looking-fresh/ HTTP/1.1" 200 10742 "-" "Python/3.10 aiohttp/3.10.5"
124.156.164.49 - - [16/Apr/2025:19:51:42 -0400] "GET /step-by-step-instructions-to-pick-marriage-adornments-youll-need-to-wear-over-and-over/ HTTP/1.1" 200 11614 "-" "Python/3.10 aiohttp/3.10.5"
66.249.64.160 - - [16/Apr/2025:19:51:46 -0400] "GET /was-macht-ein-steuerberater/ HTTP/1.1" 200 11118 "-" "Mozilla/5.0 (Linux; Android 6.0.1; Nexus 5X Build/MMB29P) AppleWebKit/537.36 (KHTML, like Gecko) Chrome/135.0.7049.84 Mobile Safari/537.36 (compatible; Googlebot/2.1; +http://www.google.com/bot.html)"
198.54.114.83 - - [16/Apr/2025:19:51:49 -0400] "POST /wp-cron.php?doing_wp_cron=1744847506.8497929573059082031250 HTTP/1.1" 200 0 "-" "WordPress/6.8; https://llcbibleclub.com"
198.54.114.83 - - [16/Apr/2025:19:51:49 -0400] "POST /wp-cron.php?doing_wp_cron=1744847506.7504410743713378906250 HTTP/1.1" 200 0 "-" "WordPress/6.8; https://llcbibleclub.com"
54.36.148.165 - - [16/Apr/2025:19:52:07 -0400] "GET /unternehmensauflosung-in-luneburg-ein-leitfaden/ HTTP/1.1" 200 10911 "-" "Mozilla/5.0 (compatible; AhrefsBot/7.0; +http://ahrefs.com/robot/)"
52.167.144.195 - - [16/Apr/2025:19:52:36 -0400] "GET /centrul-de-meditate-si-dezvoltare-personala-din-bucuresti/feed/ HTTP/1.1" 200 438 "-" "Mozilla/5.0 AppleWebKit/537.36 (KHTML, like Gecko; compatible; bingbot/2.0; +http://www.bing.com/bingbot.htm) Chrome/116.0.1938.76 Safari/537.36"
198.54.114.83 - - [16/Apr/2025:19:54:48 -0400] "POST /wp-admin/admin-ajax.php?action=async_litespeed&nonce=0azALUQ4YfpQciboWVvB63olmLAKiTxh&litespeed_type=imgoptm HTTP/1.1" 200 0 "-" "WordPress/6.8; https://llcbibleclub.com"
198.54.114.83 - - [16/Apr/2025:19:57:04 -0400] "POST /wp-cron.php?doing_wp_cron=1744847822.8938028812408447265625 HTTP/1.1" 200 0 "-" "WordPress/6.8; https://llcbibleclub.com"
66.249.64.174 - - [16/Apr/2025:19:56:57 -0400] "GET /paradiso-sul-lago-di-garda-scopri-il-resort-dei-tuoi-sogni/ HTTP/1.1" 200 10698 "-" "Mozilla/5.0 (Linux; Android 6.0.1; Nexus 5X Build/MMB29P) AppleWebKit/537.36 (KHTML, like Gecko) Chrome/135.0.7049.84 Mobile Safari/537.36 (compatible; GoogleOther)"
198.54.114.83 - - [16/Apr/2025:19:57:06 -0400] "POST /wp-admin/admin-ajax.php?action=async_litespeed&nonce=PnJUTdLLDd99vccyOM6HHDIXBOct9O3e&litespeed_type=imgoptm HTTP/1.1" 200 0 "-" "WordPress/6.8; https://llcbibleclub.com"
198.54.114.83 - - [16/Apr/2025:19:59:53 -0400] "POST /wp-cron.php?doing_wp_cron=1744847993.0617098808288574218750 HTTP/1.1" 200 0 "-" "WordPress/6.8; https://llcbibleclub.com"
198.54.114.83 - - [16/Apr/2025:19:59:53 -0400] "POST /wp-cron.php?doing_wp_cron=1744847993.0636920928955078125000 HTTP/1.1" 200 0 "-" "WordPress/6.8; https://llcbibleclub.com"
198.54.114.83 - - [16/Apr/2025:19:59:55 -0400] "POST /wp-admin/admin-ajax.php?action=async_litespeed&nonce=IY6NbO30DkOtZiDWjJZWAn2Em2TDuGIb&litespeed_type=imgoptm HTTP/1.1" 200 0 "-" "WordPress/6.8; https://llcbibleclub.com"
124.156.103.176 - - [16/Apr/2025:19:59:47 -0400] "GET /online-casino-games/ HTTP/1.1" 200 12763 "-" "Python/3.10 aiohttp/3.10.5"
124.156.103.176 - - [16/Apr/2025:19:59:48 -0400] "GET /vintage-persian-rugs-are-treasured-for-their-beauty-and-history/ HTTP/1.1" 200 11157 "-" "Python/3.10 aiohttp/3.10.5"
114.119.142.243 - - [16/Apr/2025:20:00:01 -0400] "GET /gp/registry/wishlist/ HTTP/1.1" 404 6504 "https://llcbibleclub.com/" "Mozilla/5.0 (Linux; Android 7.0;) AppleWebKit/537.36 (KHTML, like Gecko) Mobile Safari/537.36 (compatible; PetalBot;+https://webmaster.petalsearch.com/site/petalbot)"
198.54.114.83 - - [16/Apr/2025:20:00:56 -0400] "POST /wp-cron.php?doing_wp_cron=1744848055.0000319480895996093750 HTTP/1.1" 200 0 "-" "WordPress/6.8; https://llcbibleclub.com"
43.132.230.109 - - [16/Apr/2025:20:00:54 -0400] "GET /custom-grip-socks-2/ HTTP/1.1" 200 10744 "-" "Python/3.10 aiohttp/3.10.5"
198.54.114.83 - - [16/Apr/2025:20:00:57 -0400] "POST /wp-admin/admin-ajax.php?action=async_litespeed&nonce=6YEMFPihSg2DrqnRJnuy03xSYSPTInK7&litespeed_type=imgoptm HTTP/1.1" 200 0 "-" "WordPress/6.8; https://llcbibleclub.com"
43.132.134.51 - - [16/Apr/2025:20:02:00 -0400] "GET /shutter-blinds-newcastle-stylish-window-furnishings-that-will-suit-any-space/ HTTP/1.1" 200 11107 "-" "Python/3.10 aiohttp/3.10.5"
198.54.114.83 - - [16/Apr/2025:20:02:03 -0400] "POST /wp-cron.php?doing_wp_cron=1744848121.0009970664978027343750 HTTP/1.1" 200 0 "-" "WordPress/6.8; https://llcbibleclub.com"
198.54.114.83 - - [16/Apr/2025:20:11:45 -0400] "POST /wp-cron.php?doing_wp_cron=1744848703.4984068870544433593750 HTTP/1.1" 200 0 "-" "WordPress/6.8; https://llcbibleclub.com"
119.28.64.11 - - [16/Apr/2025:20:11:37 -0400] "GET /t-shirts-common-terms-explained/ HTTP/1.1" 200 12407 "-" "Python/3.10 aiohttp/3.10.5"
198.54.114.83 - - [16/Apr/2025:20:11:47 -0400] "POST /wp-admin/admin-ajax.php?action=async_litespeed&nonce=2mvK3L7Nx4o28we2UXUM1mbGtWueYHeL&litespeed_type=imgoptm HTTP/1.1" 200 0 "-" "WordPress/6.8; https://llcbibleclub.com"
150.109.45.190 - - [16/Apr/2025:20:13:09 -0400] "GET /dental-emergencies/ HTTP/1.1" 200 10841 "-" "Python/3.10 aiohttp/3.10.5"
198.54.114.83 - - [16/Apr/2025:20:13:12 -0400] "POST /wp-cron.php?doing_wp_cron=1744848790.0183811187744140625000 HTTP/1.1" 200 0 "-" "WordPress/6.8; https://llcbibleclub.com"
198.54.114.83 - - [16/Apr/2025:20:13:14 -0400] "POST /wp-admin/admin-ajax.php?action=async_litespeed&nonce=k1hq7hXnePrKnQm5FLHMgX15l1C6nFnI&litespeed_type=imgoptm HTTP/1.1" 200 0 "-" "WordPress/6.8; https://llcbibleclub.com"
66.249.64.174 - - [16/Apr/2025:20:13:26 -0400] "GET /robots.txt HTTP/1.1" 304 0 "-" "Mozilla/5.0 (compatible; Googlebot/2.1; +http://www.google.com/bot.html)"
66.249.64.160 - - [16/Apr/2025:20:13:26 -0400] "GET /5-facts-all-homeowners-need-to-know-about-ductwork/ HTTP/1.1" 200 11690 "-" "Mozilla/5.0 (Linux; Android 6.0.1; Nexus 5X Build/MMB29P) AppleWebKit/537.36 (KHTML, like Gecko) Chrome/135.0.7049.84 Mobile Safari/537.36 (compatible; Googlebot/2.1; +http://www.google.com/bot.html)"
198.54.114.83 - - [16/Apr/2025:20:14:08 -0400] "POST /wp-cron.php?doing_wp_cron=1744848846.6286480426788330078125 HTTP/1.1" 200 0 "-" "WordPress/6.8; https://llcbibleclub.com"
43.135.121.153 - - [16/Apr/2025:20:14:06 -0400] "GET /buy-youtube-views-online-how-to-buy-youtube-views-online/ HTTP/1.1" 200 10752 "-" "Python/3.10 aiohttp/3.10.5"
198.54.114.83 - - [16/Apr/2025:20:14:11 -0400] "POST /wp-admin/admin-ajax.php?action=async_litespeed&nonce=35WZzhl8pBgpsSKZ4S5xc3rC6YJCmbsj&litespeed_type=imgoptm HTTP/1.1" 200 0 "-" "WordPress/6.8; https://llcbibleclub.com"
198.54.114.83 - - [16/Apr/2025:20:17:52 -0400] "POST /wp-admin/admin-ajax.php?action=async_litespeed&nonce=zYVZog9Nnbf7hFdeq3x4bt28j4OO9ZMa&litespeed_type=imgoptm HTTP/1.1" 200 0 "-" "WordPress/6.8; https://llcbibleclub.com"
198.54.114.83 - - [16/Apr/2025:20:20:06 -0400] "POST /wp-cron.php?doing_wp_cron=1744849203.2625908851623535156250 HTTP/1.1" 200 0 "-" "WordPress/6.8; https://llcbibleclub.com"
43.154.87.57 - - [16/Apr/2025:20:19:58 -0400] "GET /german-courses-londons/ HTTP/1.1" 200 10706 "-" "Python/3.10 aiohttp/3.10.5"
198.54.114.83 - - [16/Apr/2025:20:20:08 -0400] "POST /wp-admin/admin-ajax.php?action=async_litespeed&nonce=RjHRvNIRKLVjmfhyjFEeagFUXxd8ZNvG&litespeed_type=imgoptm HTTP/1.1" 200 0 "-" "WordPress/6.8; https://llcbibleclub.com"
198.54.114.83 - - [16/Apr/2025:20:21:25 -0400] "POST /wp-cron.php?doing_wp_cron=1744849284.9605081081390380859375 HTTP/1.1" 200 0 "-" "WordPress/6.8; https://llcbibleclub.com"
114.119.137.8 - - [16/Apr/2025:20:21:24 -0400] "GET /page/2/ HTTP/1.1" 200 9790 "https://llcbibleclub.com/page/2/" "Mozilla/5.0 (Linux; Android 7.0;) AppleWebKit/537.36 (KHTML, like Gecko) Mobile Safari/537.36 (compatible; PetalBot;+https://webmaster.petalsearch.com/site/petalbot)"
198.54.114.83 - - [16/Apr/2025:20:21:27 -0400] "POST /wp-admin/admin-ajax.php?action=async_litespeed&nonce=kedcGs1xkCWaJYGrrYBxAQVjCflFm1KJ&litespeed_type=imgoptm HTTP/1.1" 200 0 "-" "WordPress/6.8; https://llcbibleclub.com"
198.54.114.83 - - [16/Apr/2025:20:22:20 -0400] "POST /wp-admin/admin-ajax.php?action=async_litespeed&nonce=0LQLiG02iRkSo7AhHHRLOgI7T9L2Dv5a&litespeed_type=imgoptm HTTP/1.1" 200 0 "-" "WordPress/6.8; https://llcbibleclub.com"
52.167.144.20 - - [16/Apr/2025:20:26:38 -0400] "GET /beste-strategien-fur-eine-effektive-steuererklarung/ HTTP/1.1" 200 10878 "-" "Mozilla/5.0 AppleWebKit/537.36 (KHTML, like Gecko; compatible; bingbot/2.0; +http://www.bing.com/bingbot.htm) Chrome/116.0.1938.76 Safari/537.36"
66.249.64.161 - - [16/Apr/2025:20:26:58 -0400] "GET /why-require-picture-editing-and-enhancing-services-like-image-masking-and-clipping-path/ HTTP/1.1" 200 10927 "-" "Mozilla/5.0 (Linux; Android 6.0.1; Nexus 5X Build/MMB29P) AppleWebKit/537.36 (KHTML, like Gecko) Chrome/135.0.7049.84 Mobile Safari/537.36 (compatible; GoogleOther)"
138.246.253.24 - - [16/Apr/2025:20:27:12 -0400] "GET /robots.txt HTTP/1.1" 304 0 "-" "Mozilla/5.0 (Windows NT 10.0; Win64; x64) AppleWebKit/537.36 (KHTML, like Gecko) Chrome/103.0.5060.134 Safari/537.36"
198.54.114.83 - - [16/Apr/2025:20:33:22 -0400] "POST /wp-admin/admin-ajax.php?action=async_litespeed&nonce=60sffAPJqb2Ljxz6L1wua8fZKUIp4eOJ&litespeed_type=imgoptm HTTP/1.1" 200 0 "-" "WordPress/6.8; https://llcbibleclub.com"
66.249.64.173 - - [16/Apr/2025:20:35:07 -0400] "GET /what-does-an-electrical-contractor-do/ HTTP/1.1" 200 11163 "-" "Mozilla/5.0 (Linux; Android 6.0.1; Nexus 5X Build/MMB29P) AppleWebKit/537.36 (KHTML, like Gecko) Chrome/135.0.7049.84 Mobile Safari/537.36 (compatible; Googlebot/2.1; +http://www.google.com/bot.html)"
101.32.51.206 - - [16/Apr/2025:20:35:41 -0400] "GET /sparkling-excellence-unveiling-the-best-tucson-maid-service/ HTTP/1.1" 200 10768 "-" "Python/3.10 aiohttp/3.10.5"
129.226.162.39 - - [16/Apr/2025:20:35:42 -0400] "GET /make-a-lasting-impression-with-custom-brand-socks/ HTTP/1.1" 200 10728 "-" "Python/3.10 aiohttp/3.10.5"
135.119.141.161 - - [16/Apr/2025:20:35:52 -0400] "HEAD /new-tembusu-grand-condo-in-katong/ HTTP/1.1" 200 0 "http://llcbibleclub.com/new" "Mozilla/5.0 (Windows NT 10.0; Win64; x64) AppleWebKit/537.36 (KHTML, like Gecko) Chrome/74.0.3729.169 Safari/537.36"
135.119.141.161 - - [16/Apr/2025:20:36:00 -0400] "HEAD /home-appliance-repair/ HTTP/1.1" 200 0 "http://llcbibleclub.com/home" "Mozilla/5.0 (Windows NT 10.0; Win64; x64) AppleWebKit/537.36 (KHTML, like Gecko) Chrome/74.0.3729.169 Safari/537.36"
40.77.167.7 - - [16/Apr/2025:20:36:34 -0400] "GET /finding-a-curly-hairdresser-in-melbourne/ HTTP/1.1" 200 10793 "-" "Mozilla/5.0 AppleWebKit/537.36 (KHTML, like Gecko; compatible; bingbot/2.0; +http://www.bing.com/bingbot.htm) Chrome/116.0.1938.76 Safari/537.36"
40.77.167.7 - - [16/Apr/2025:20:36:37 -0400] "GET /the-tranquil-haven-exploring-the-arcady-showflat/ HTTP/1.1" 200 10656 "-" "Mozilla/5.0 AppleWebKit/537.36 (KHTML, like Gecko; compatible; bingbot/2.0; +http://www.bing.com/bingbot.htm) Chrome/116.0.1938.76 Safari/537.36"
150.109.58.248 - - [16/Apr/2025:20:37:17 -0400] "GET /buy-youtube-views-online/ HTTP/1.1" 200 10765 "-" "Python/3.10 aiohttp/3.10.5"
198.54.114.83 - - [16/Apr/2025:20:40:22 -0400] "POST /wp-cron.php?doing_wp_cron=1744850420.9124369621276855468750 HTTP/1.1" 200 0 "-" "WordPress/6.8; https://llcbibleclub.com"
129.226.63.212 - - [16/Apr/2025:20:40:14 -0400] "GET /nipple-shields-for-breastfeeding/ HTTP/1.1" 200 10648 "-" "Python/3.10 aiohttp/3.10.5"
198.54.114.83 - - [16/Apr/2025:20:40:23 -0400] "POST /wp-admin/admin-ajax.php?action=async_litespeed&nonce=pdzfdQWwda4kfCuXkc3m56i3Qdb66trn&litespeed_type=imgoptm HTTP/1.1" 200 0 "-" "WordPress/6.8; https://llcbibleclub.com"
198.54.114.83 - - [16/Apr/2025:20:40:46 -0400] "POST /wp-admin/admin-ajax.php?action=async_litespeed&nonce=ptEnMBKY5oSiDFpUsAdQj8N3lHMDZhB6&litespeed_type=imgoptm HTTP/1.1" 200 0 "-" "WordPress/6.8; https://llcbibleclub.com"
129.226.133.55 - - [16/Apr/2025:20:40:55 -0400] "GET /san-jose-apartments-ideal-place-to-live-in/ HTTP/1.1" 200 11190 "-" "Python/3.10 aiohttp/3.10.5"
52.167.144.198 - - [16/Apr/2025:20:41:55 -0400] "GET /medical-beauty/ HTTP/1.1" 200 10891 "-" "Mozilla/5.0 AppleWebKit/537.36 (KHTML, like Gecko; compatible; bingbot/2.0; +http://www.bing.com/bingbot.htm) Chrome/116.0.1938.76 Safari/537.36"
198.54.114.83 - - [16/Apr/2025:20:43:30 -0400] "POST /wp-admin/admin-ajax.php?action=async_litespeed&nonce=bY3Sw9UpeEoWNEuupO1xdJd0y98Sl2O6&litespeed_type=imgoptm HTTP/1.1" 200 0 "-" "WordPress/6.8; https://llcbibleclub.com"
198.54.114.83 - - [16/Apr/2025:20:49:36 -0400] "POST /wp-cron.php?doing_wp_cron=1744850975.0966079235076904296875 HTTP/1.1" 200 0 "-" "WordPress/6.8; https://llcbibleclub.com"
35.247.174.80 - - [16/Apr/2025:20:49:30 -0400] "POST /wp-login.php HTTP/1.1" 200 1806 "-" "Mozlila/5.0 (Linux; Android 7.0; SM-G892A Bulid/NRD90M; wv) AppleWebKit/537.36 (KHTML, like Gecko) Version/4.0 Chrome/60.0.3112.107 Moblie Safari/537.36"
198.54.114.83 - - [16/Apr/2025:20:49:37 -0400] "POST /wp-admin/admin-ajax.php?action=async_litespeed&nonce=O2Q51aWfl38ufz4N4GYcRZomcPXyEX2H&litespeed_type=imgoptm HTTP/1.1" 200 0 "-" "WordPress/6.8; https://llcbibleclub.com"
35.247.174.80 - - [16/Apr/2025:20:49:37 -0400] "GET /wp-admin/plugin-install.php?tab=upload HTTP/1.1" 302 0 "-" "Mozlila/5.0 (Linux; Android 7.0; SM-G892A Bulid/NRD90M; wv) AppleWebKit/537.36 (KHTML, like Gecko) Version/4.0 Chrome/60.0.3112.107 Moblie Safari/537.36"
35.247.174.80 - - [16/Apr/2025:20:49:39 -0400] "GET /wp-login.php?redirect_to=https%3A%2F%2Fllcbibleclub.com%2Fwp-admin%2Fplugin-install.php%3Ftab%3Dupload&reauth=1 HTTP/1.1" 200 1704 "-" "Mozlila/5.0 (Linux; Android 7.0; SM-G892A Bulid/NRD90M; wv) AppleWebKit/537.36 (KHTML, like Gecko) Version/4.0 Chrome/60.0.3112.107 Moblie Safari/537.36"
129.226.63.212 - - [16/Apr/2025:20:49:41 -0400] "GET /online-mba-programs-for-working-professionals/ HTTP/1.1" 200 10733 "-" "Python/3.10 aiohttp/3.10.5"
4.227.36.68 - - [16/Apr/2025:20:49:48 -0400] "GET /robots.txt HTTP/1.1" 304 0 "-" "Mozilla/5.0 AppleWebKit/537.36 (KHTML, like Gecko; compatible; GPTBot/1.2; +https://openai.com/gptbot)"
20.171.207.23 - - [16/Apr/2025:20:50:59 -0400] "GET / HTTP/1.1" 200 156096 "-" "Mozilla/5.0 AppleWebKit/537.36 (KHTML, like Gecko; compatible; GPTBot/1.2; +https://openai.com/gptbot)"
20.171.207.23 - - [16/Apr/2025:20:52:20 -0400] "GET / HTTP/1.1" 200 156096 "-" "Mozilla/5.0 AppleWebKit/537.36 (KHTML, like Gecko; compatible; GPTBot/1.2; +https://openai.com/gptbot)"
54.36.149.10 - - [16/Apr/2025:20:52:17 -0400] "GET /effiziente-wohnungsraumung-in-luneburg/ HTTP/1.1" 200 10882 "-" "Mozilla/5.0 (compatible; AhrefsBot/7.0; +http://ahrefs.com/robot/)"
198.54.114.83 - - [16/Apr/2025:20:52:25 -0400] "POST /wp-cron.php?doing_wp_cron=1744851142.6634368896484375000000 HTTP/1.1" 200 0 "-" "WordPress/6.8; https://llcbibleclub.com"
198.54.114.83 - - [16/Apr/2025:20:54:21 -0400] "POST /wp-cron.php?doing_wp_cron=1744851260.2653639316558837890625 HTTP/1.1" 200 0 "-" "WordPress/6.8; https://llcbibleclub.com"
129.226.128.49 - - [16/Apr/2025:20:54:14 -0400] "GET /guidelines-in-hiring-a-richmond-criminal-defense-lawyer/ HTTP/1.1" 200 11446 "-" "Python/3.10 aiohttp/3.10.5"
198.54.114.83 - - [16/Apr/2025:20:54:23 -0400] "POST /wp-admin/admin-ajax.php?action=async_litespeed&nonce=uC2V5FaOM5AkFEavd5URBOawARgJ5Ya4&litespeed_type=imgoptm HTTP/1.1" 200 0 "-" "WordPress/6.8; https://llcbibleclub.com"
66.249.64.162 - - [16/Apr/2025:20:56:48 -0400] "GET /tax-advice-hattingen/ HTTP/1.1" 200 10432 "-" "Mozilla/5.0 (Linux; Android 6.0.1; Nexus 5X Build/MMB29P) AppleWebKit/537.36 (KHTML, like Gecko) Chrome/135.0.7049.84 Mobile Safari/537.36 (compatible; Googlebot/2.1; +http://www.google.com/bot.html)"
66.249.64.160 - - [16/Apr/2025:20:56:57 -0400] "GET /facette-dentaire-que-sont-les-procedures-de-facette-dentaire/ HTTP/1.1" 200 11071 "-" "Mozilla/5.0 (Linux; Android 6.0.1; Nexus 5X Build/MMB29P) AppleWebKit/537.36 (KHTML, like Gecko) Chrome/135.0.7049.84 Mobile Safari/537.36 (compatible; GoogleOther)"
198.54.114.83 - - [16/Apr/2025:20:57:04 -0400] "POST /wp-cron.php?doing_wp_cron=1744851422.1810159683227539062500 HTTP/1.1" 200 0 "-" "WordPress/6.8; https://llcbibleclub.com"
198.54.114.83 - - [16/Apr/2025:20:58:52 -0400] "POST /wp-cron.php?doing_wp_cron=1744851531.3415400981903076171875 HTTP/1.1" 200 0 "-" "WordPress/6.8; https://llcbibleclub.com"
43.129.84.140 - - [16/Apr/2025:20:58:47 -0400] "GET /buy-4000-watch-hours-on-youtube/ HTTP/1.1" 200 11162 "-" "Python/3.10 aiohttp/3.10.5"
198.54.114.83 - - [16/Apr/2025:20:58:54 -0400] "POST /wp-admin/admin-ajax.php?action=async_litespeed&nonce=15Pa7xIZazJhgHRv1rbj4FQSVQ2R8PxJ&litespeed_type=imgoptm HTTP/1.1" 200 0 "-" "WordPress/6.8; https://llcbibleclub.com"
82.211.0.190 - - [16/Apr/2025:21:05:19 -0400] "GET /how-to-promote-a-twitch-promoted-stream/ HTTP/1.1" 200 11045 "https://llcbibleclub.com" "Mozilla/5.0 (Windows NT 10.0; Win64; x64) AppleWebKit/537.36 (KHTML, like Gecko) Chrome/62.0.3202.94 Safari/537.36"
82.211.0.190 - - [16/Apr/2025:21:05:23 -0400] "POST /wp-comments-post.php HTTP/1.1" 200 0 "https://llcbibleclub.com" "Mozilla/5.0 (Windows NT 10.0; Win64; x64) AppleWebKit/537.36 (KHTML, like Gecko) Chrome/62.0.3202.94 Safari/537.36"
198.54.114.83 - - [16/Apr/2025:21:05:31 -0400] "POST /wp-cron.php?doing_wp_cron=1744851929.6060650348663330078125 HTTP/1.1" 200 0 "-" "WordPress/6.8; https://llcbibleclub.com"
198.54.114.83 - - [16/Apr/2025:21:05:33 -0400] "POST /wp-admin/admin-ajax.php?action=async_litespeed&nonce=JUySOFk037eCZS7AnIpLwCL489PI0reh&litespeed_type=imgoptm HTTP/1.1" 200 0 "-" "WordPress/6.8; https://llcbibleclub.com"
198.54.114.83 - - [16/Apr/2025:21:05:51 -0400] "POST /wp-cron.php?doing_wp_cron=1744851950.5760610103607177734375 HTTP/1.1" 200 0 "-" "WordPress/6.8; https://llcbibleclub.com"
198.54.114.83 - - [16/Apr/2025:21:05:52 -0400] "POST /wp-admin/admin-ajax.php?action=async_litespeed&nonce=12gCujj70lMXNkrg55RfKJ9j9KyAEtw2&litespeed_type=imgoptm HTTP/1.1" 200 0 "-" "WordPress/6.8; https://llcbibleclub.com"
129.226.188.6 - - [16/Apr/2025:21:05:50 -0400] "GET /how-to-connect-alexa-to-iphone/ HTTP/1.1" 200 13126 "-" "Python/3.10 aiohttp/3.10.5"
198.54.114.83 - - [16/Apr/2025:21:07:33 -0400] "POST /wp-admin/admin-ajax.php?action=async_litespeed&nonce=vt0jiIy5EOkMmjAkLCGXqzCSdAQXNYw6&litespeed_type=imgoptm HTTP/1.1" 200 0 "-" "WordPress/6.8; https://llcbibleclub.com"
66.249.64.161 - - [16/Apr/2025:21:11:05 -0400] "GET /what-can-chatgpt-maker-s-new-ai-model-gpt-4-do/ HTTP/1.1" 200 125146 "-" "Mozilla/5.0 (Linux; Android 6.0.1; Nexus 5X Build/MMB29P) AppleWebKit/537.36 (KHTML, like Gecko) Chrome/135.0.7049.84 Mobile Safari/537.36 (compatible; GoogleOther)"
198.54.114.83 - - [16/Apr/2025:21:13:07 -0400] "POST /wp-cron.php?doing_wp_cron=1744852386.4899139404296875000000 HTTP/1.1" 200 0 "-" "WordPress/6.8; https://llcbibleclub.com"
124.156.164.49 - - [16/Apr/2025:21:13:02 -0400] "GET /1st-anniversary-gifts-youll-love/ HTTP/1.1" 200 11961 "-" "Python/3.10 aiohttp/3.10.5"
198.54.114.83 - - [16/Apr/2025:21:13:08 -0400] "POST /wp-admin/admin-ajax.php?action=async_litespeed&nonce=2Rkkvl9vuRK2P4jAyKfykJxXrgnjL2Li&litespeed_type=imgoptm HTTP/1.1" 200 0 "-" "WordPress/6.8; https://llcbibleclub.com"
198.54.114.83 - - [16/Apr/2025:21:15:04 -0400] "POST /wp-cron.php?doing_wp_cron=1744852504.0836660861968994140625 HTTP/1.1" 200 0 "-" "WordPress/6.8; https://llcbibleclub.com"
198.54.114.83 - - [16/Apr/2025:21:15:06 -0400] "POST /wp-admin/admin-ajax.php?action=async_litespeed&nonce=iz7f7kW9MCGyEwKQvPx5qvr70GOW8dUp&litespeed_type=imgoptm HTTP/1.1" 200 0 "-" "WordPress/6.8; https://llcbibleclub.com"
43.154.133.154 - - [16/Apr/2025:21:14:58 -0400] "GET /how-to-buy-roblox-gift-cards/ HTTP/1.1" 200 10701 "-" "Python/3.10 aiohttp/3.10.5"
185.191.171.9 - - [16/Apr/2025:21:16:14 -0400] "GET /robots.txt HTTP/1.1" 304 0 "-" "Mozilla/5.0 (compatible; SemrushBot/7~bl; +http://www.semrush.com/bot.html)"
198.54.114.83 - - [16/Apr/2025:21:16:19 -0400] "POST /wp-cron.php?doing_wp_cron=1744852577.9703779220581054687500 HTTP/1.1" 200 0 "-" "WordPress/6.8; https://llcbibleclub.com"
198.54.114.83 - - [16/Apr/2025:21:16:20 -0400] "POST /wp-admin/admin-ajax.php?action=async_litespeed&nonce=PIU8ITH7PKg2I47MwrLy0tm4CqqnNKUR&litespeed_type=imgoptm HTTP/1.1" 200 0 "-" "WordPress/6.8; https://llcbibleclub.com"
185.191.171.15 - - [16/Apr/2025:21:16:15 -0400] "GET /top-picks-for-touch-bedside-lamps/ HTTP/1.1" 200 11273 "-" "Mozilla/5.0 (compatible; SemrushBot/7~bl; +http://www.semrush.com/bot.html)"
129.226.135.104 - - [16/Apr/2025:21:16:31 -0400] "GET /how-to-choose-fun-icebreaker-questions-for-your-team-meetings/ HTTP/1.1" 200 10867 "-" "Python/3.10 aiohttp/3.10.5"
198.54.114.83 - - [16/Apr/2025:21:19:18 -0400] "POST /wp-admin/admin-ajax.php?action=async_litespeed&nonce=WLCGlYXuXMCpCpOBgr2LQWDZkYJDt1I9&litespeed_type=imgoptm HTTP/1.1" 200 0 "-" "WordPress/6.8; https://llcbibleclub.com"
198.54.114.83 - - [16/Apr/2025:21:20:20 -0400] "POST /wp-admin/admin-ajax.php?action=async_litespeed&nonce=AU63ui95ulmJutL9PyVAUmPeNs53ELag&litespeed_type=imgoptm HTTP/1.1" 200 0 "-" "WordPress/6.8; https://llcbibleclub.com"
43.128.36.137 - - [16/Apr/2025:21:22:10 -0400] "GET /the-best-sarm-stacks-for-beginners/ HTTP/1.1" 200 11334 "-" "Python/3.10 aiohttp/3.10.5"
198.54.114.83 - - [16/Apr/2025:21:22:18 -0400] "POST /wp-admin/admin-ajax.php?action=async_litespeed&nonce=g01vfTBsnO2KOyr7I1v3ziiFVwqez4Yy&litespeed_type=imgoptm HTTP/1.1" 200 0 "-" "WordPress/6.8; https://llcbibleclub.com"
198.54.114.83 - - [16/Apr/2025:21:25:28 -0400] "POST /wp-cron.php?doing_wp_cron=1744853126.9195210933685302734375 HTTP/1.1" 200 0 "-" "WordPress/6.8; https://llcbibleclub.com"
66.249.64.162 - - [16/Apr/2025:21:25:22 -0400] "GET /benefits-of-plantation-shutters/feed/ HTTP/1.1" 200 392 "-" "Mozilla/5.0 (Linux; Android 6.0.1; Nexus 5X Build/MMB29P) AppleWebKit/537.36 (KHTML, like Gecko) Chrome/135.0.7049.84 Mobile Safari/537.36 (compatible; Googlebot/2.1; +http://www.google.com/bot.html)"
198.54.114.83 - - [16/Apr/2025:21:25:29 -0400] "POST /wp-admin/admin-ajax.php?action=async_litespeed&nonce=NbUaAFj0YNAx2VH7VhehFC9LYx9QUJUG&litespeed_type=imgoptm HTTP/1.1" 200 0 "-" "WordPress/6.8; https://llcbibleclub.com"
198.54.114.83 - - [16/Apr/2025:21:26:04 -0400] "POST /wp-admin/admin-ajax.php?action=async_litespeed&nonce=hmTIhtSavJcmwKKyAUHe0GFKczLJZgEU&litespeed_type=imgoptm HTTP/1.1" 200 5 "-" "WordPress/6.8; https://llcbibleclub.com"
54.36.148.49 - - [16/Apr/2025:21:26:23 -0400] "GET /re-entry-und-der-back-again-tiktok-trend/ HTTP/1.1" 200 10998 "-" "Mozilla/5.0 (compatible; AhrefsBot/7.0; +http://ahrefs.com/robot/)"
198.54.114.83 - - [16/Apr/2025:21:26:37 -0400] "POST /wp-admin/admin-ajax.php?action=async_litespeed&nonce=tBlNwD44JWxHPiQiRp3BHAPVfjXhC6Zb&litespeed_type=imgoptm HTTP/1.1" 200 0 "-" "WordPress/6.8; https://llcbibleclub.com"
52.167.144.170 - - [16/Apr/2025:21:26:47 -0400] "GET /wp-content/uploads/2024/02/c23d7067ffe932d42f54502d7fd95fd7-1024x1024.jpg HTTP/1.1" 200 82105 "-" "Mozilla/5.0 AppleWebKit/537.36 (KHTML, like Gecko; compatible; bingbot/2.0; +http://www.bing.com/bingbot.htm) Chrome/116.0.1938.76 Safari/537.36"
52.167.144.170 - - [16/Apr/2025:21:27:08 -0400] "GET /top-free-hiring-solutions-uk/ HTTP/1.1" 200 10654 "-" "Mozilla/5.0 AppleWebKit/537.36 (KHTML, like Gecko; compatible; bingbot/2.0; +http://www.bing.com/bingbot.htm) Chrome/116.0.1938.76 Safari/537.36"
198.54.114.83 - - [16/Apr/2025:21:28:04 -0400] "POST /wp-cron.php?doing_wp_cron=1744853283.9284770488739013671875 HTTP/1.1" 200 0 "-" "WordPress/6.8; https://llcbibleclub.com"
40.77.167.62 - - [16/Apr/2025:21:28:03 -0400] "GET /besten-steuertipps-in-hattingen/ HTTP/1.1" 200 10689 "-" "Mozilla/5.0 AppleWebKit/537.36 (KHTML, like Gecko; compatible; bingbot/2.0; +http://www.bing.com/bingbot.htm) Chrome/116.0.1938.76 Safari/537.36"
198.54.114.83 - - [16/Apr/2025:21:28:05 -0400] "POST /wp-admin/admin-ajax.php?action=async_litespeed&nonce=PW9G3yegLEonn7C0Nru6KxYRaD2Oeo70&litespeed_type=imgoptm HTTP/1.1" 200 5 "-" "WordPress/6.8; https://llcbibleclub.com"
198.54.114.83 - - [16/Apr/2025:21:28:30 -0400] "POST /wp-cron.php?doing_wp_cron=1744853309.5790319442749023437500 HTTP/1.1" 200 0 "-" "WordPress/6.8; https://llcbibleclub.com"
40.77.167.13 - - [16/Apr/2025:21:28:29 -0400] "GET /german-courses-london/ HTTP/1.1" 200 10619 "-" "Mozilla/5.0 AppleWebKit/537.36 (KHTML, like Gecko; compatible; bingbot/2.0; +http://www.bing.com/bingbot.htm) Chrome/116.0.1938.76 Safari/537.36"
119.28.65.64 - - [16/Apr/2025:21:28:32 -0400] "GET /unique-gifts-for-cyclists/ HTTP/1.1" 200 11109 "-" "Python/3.10 aiohttp/3.10.5"
66.249.64.161 - - [16/Apr/2025:21:29:06 -0400] "GET /what-to-expect-from-a-fertility-clinic/ HTTP/1.1" 200 10892 "-" "Mozilla/5.0 (Linux; Android 6.0.1; Nexus 5X Build/MMB29P) AppleWebKit/537.36 (KHTML, like Gecko) Chrome/135.0.7049.84 Mobile Safari/537.36 (compatible; GoogleOther)"
198.54.114.83 - - [16/Apr/2025:21:30:28 -0400] "POST /wp-cron.php?doing_wp_cron=1744853427.8108670711517333984375 HTTP/1.1" 200 0 "-" "WordPress/6.8; https://llcbibleclub.com"
198.54.114.83 - - [16/Apr/2025:21:30:29 -0400] "POST /wp-admin/admin-ajax.php?action=async_litespeed&nonce=Y5yCgdsyihS6psJUoTo18Aoo5eaNK07u&litespeed_type=imgoptm HTTP/1.1" 200 0 "-" "WordPress/6.8; https://llcbibleclub.com"
43.134.216.64 - - [16/Apr/2025:21:30:23 -0400] "GET /what-are-research-peptides/ HTTP/1.1" 200 10677 "-" "Python/3.10 aiohttp/3.10.5"
52.167.144.138 - - [16/Apr/2025:21:31:48 -0400] "GET /nychas-fitness-hub-and-egyms-smart-training-solution/ HTTP/1.1" 200 11201 "-" "Mozilla/5.0 AppleWebKit/537.36 (KHTML, like Gecko; compatible; bingbot/2.0; +http://www.bing.com/bingbot.htm) Chrome/116.0.1938.76 Safari/537.36"
198.54.114.83 - - [16/Apr/2025:21:32:06 -0400] "POST /wp-admin/admin-ajax.php?action=async_litespeed&nonce=jdKed73lIAlhVIMIyASS3PppbNc1xUT9&litespeed_type=imgoptm HTTP/1.1" 200 0 "-" "WordPress/6.8; https://llcbibleclub.com"
124.156.103.176 - - [16/Apr/2025:21:37:14 -0400] "GET /how-basement-remodeling-can-transform-your-fort-collins-basement/ HTTP/1.1" 200 12019 "-" "Python/3.10 aiohttp/3.10.5"
198.54.114.83 - - [16/Apr/2025:21:37:20 -0400] "POST /wp-cron.php?doing_wp_cron=1744853838.6869208812713623046875 HTTP/1.1" 200 0 "-" "WordPress/6.8; https://llcbibleclub.com"
198.54.114.83 - - [16/Apr/2025:21:42:06 -0400] "POST /wp-cron.php?doing_wp_cron=1744854122.7797300815582275390625 HTTP/1.1" 200 0 "-" "WordPress/6.8; https://llcbibleclub.com"
66.249.64.174 - - [16/Apr/2025:21:41:58 -0400] "GET /why-should-you-call-only-a-licensed-locksmith-in-las-vegas/ HTTP/1.1" 200 11153 "-" "Mozilla/5.0 (Linux; Android 6.0.1; Nexus 5X Build/MMB29P) AppleWebKit/537.36 (KHTML, like Gecko) Chrome/135.0.7049.84 Mobile Safari/537.36 (compatible; GoogleOther)"
198.54.114.83 - - [16/Apr/2025:21:42:08 -0400] "POST /wp-admin/admin-ajax.php?action=async_litespeed&nonce=VAy1ettjuDJG4GAPzMFOLWfnc9GnUNkp&litespeed_type=imgoptm HTTP/1.1" 200 0 "-" "WordPress/6.8; https://llcbibleclub.com"
198.54.114.83 - - [16/Apr/2025:21:44:44 -0400] "POST /wp-cron.php?doing_wp_cron=1744854283.7431890964508056640625 HTTP/1.1" 200 0 "-" "WordPress/6.8; https://llcbibleclub.com"
198.54.114.83 - - [16/Apr/2025:21:44:47 -0400] "POST /wp-admin/admin-ajax.php?action=async_litespeed&nonce=IlRaHbjjqOLBVx48B5mwr6To7LKiyK7j&litespeed_type=imgoptm HTTP/1.1" 200 0 "-" "WordPress/6.8; https://llcbibleclub.com"
129.226.71.177 - - [16/Apr/2025:21:44:37 -0400] "GET /led-display-manufacturers/ HTTP/1.1" 200 11119 "-" "Python/3.10 aiohttp/3.10.5"
198.54.114.83 - - [16/Apr/2025:21:48:10 -0400] "POST /wp-cron.php?doing_wp_cron=1744854489.2784059047698974609375 HTTP/1.1" 200 0 "-" "WordPress/6.8; https://llcbibleclub.com"
66.249.64.162 - - [16/Apr/2025:21:48:05 -0400] "GET /product-reviews/B0DG4WZZPV/ref=acr_dp_hist_1?ie=UTF8&filterByStar=one_star&reviewerType=all_reviews HTTP/1.1" 404 6504 "-" "Mozilla/5.0 (Linux; Android 6.0.1; Nexus 5X Build/MMB29P) AppleWebKit/537.36 (KHTML, like Gecko) Chrome/135.0.7049.84 Mobile Safari/537.36 (compatible; GoogleOther)"
198.54.114.83 - - [16/Apr/2025:21:48:13 -0400] "POST /wp-admin/admin-ajax.php?action=async_litespeed&nonce=hVSvYvqkIP1S4yhc1EjhHDwROUCjIJXA&litespeed_type=imgoptm HTTP/1.1" 200 0 "-" "WordPress/6.8; https://llcbibleclub.com"
3.220.70.171 - - [16/Apr/2025:21:52:43 -0400] "GET /2024/06/ HTTP/1.1" 301 0 "-" "Mozilla/5.0 AppleWebKit/537.36 (KHTML, like Gecko; compatible; Amazonbot/0.1; +https://developer.amazon.com/support/amazonbot) Chrome/119.0.6045.214 Safari/537.36"
44.223.193.255 - - [16/Apr/2025:21:52:45 -0400] "GET / HTTP/1.1" 200 156096 "-" "Mozilla/5.0 AppleWebKit/537.36 (KHTML, like Gecko; compatible; Amazonbot/0.1; +https://developer.amazon.com/support/amazonbot) Chrome/119.0.6045.214 Safari/537.36"
20.171.207.184 - - [16/Apr/2025:21:53:17 -0400] "GET / HTTP/1.1" 200 156096 "-" "Mozilla/5.0 AppleWebKit/537.36 (KHTML, like Gecko; compatible; GPTBot/1.2; +https://openai.com/gptbot)"
198.54.114.83 - - [16/Apr/2025:21:54:01 -0400] "POST /wp-cron.php?doing_wp_cron=1744854840.7687990665435791015625 HTTP/1.1" 200 0 "-" "WordPress/6.8; https://llcbibleclub.com"
66.249.64.174 - - [16/Apr/2025:21:53:56 -0400] "GET /a-nusa-penida-day-tour/ HTTP/1.1" 200 10844 "-" "Mozilla/5.0 (Linux; Android 6.0.1; Nexus 5X Build/MMB29P) AppleWebKit/537.36 (KHTML, like Gecko) Chrome/135.0.7049.84 Mobile Safari/537.36 (compatible; Googlebot/2.1; +http://www.google.com/bot.html)"
198.54.114.83 - - [16/Apr/2025:21:54:02 -0400] "POST /wp-admin/admin-ajax.php?action=async_litespeed&nonce=UePwRKXX1jWDrLM3eNBR2On03fq2oCQi&litespeed_type=imgoptm HTTP/1.1" 200 0 "-" "WordPress/6.8; https://llcbibleclub.com"
198.54.114.83 - - [16/Apr/2025:21:54:55 -0400] "POST /wp-cron.php?doing_wp_cron=1744854895.1886761188507080078125 HTTP/1.1" 200 0 "-" "WordPress/6.8; https://llcbibleclub.com"
20.171.207.184 - - [16/Apr/2025:21:54:54 -0400] "GET /product-reviews/B0DG4WZZPV/ref=acr_dp_hist_2?filterByStar=two_star&ie=UTF8&reviewerType=all_reviews HTTP/1.1" 404 6505 "-" "Mozilla/5.0 AppleWebKit/537.36 (KHTML, like Gecko; compatible; GPTBot/1.2; +https://openai.com/gptbot)"
198.54.114.83 - - [16/Apr/2025:21:54:57 -0400] "POST /wp-admin/admin-ajax.php?action=async_litespeed&nonce=IppN4LvuLtphjRkp2Btm8hbI4tesvrzb&litespeed_type=imgoptm HTTP/1.1" 200 0 "-" "WordPress/6.8; https://llcbibleclub.com"
198.54.114.83 - - [16/Apr/2025:21:56:14 -0400] "POST /wp-cron.php?doing_wp_cron=1744854973.7559609413146972656250 HTTP/1.1" 200 0 "-" "WordPress/6.8; https://llcbibleclub.com"
20.171.207.184 - - [16/Apr/2025:21:56:13 -0400] "GET /gp/registry/wishlist/ HTTP/1.1" 404 6505 "-" "Mozilla/5.0 AppleWebKit/537.36 (KHTML, like Gecko; compatible; GPTBot/1.2; +https://openai.com/gptbot)"
198.54.114.83 - - [16/Apr/2025:21:56:15 -0400] "POST /wp-admin/admin-ajax.php?action=async_litespeed&nonce=oLWC4F8wfnKmbgSKoUJ82N1eG0iG3Hvm&litespeed_type=imgoptm HTTP/1.1" 200 5 "-" "WordPress/6.8; https://llcbibleclub.com"
198.54.114.83 - - [16/Apr/2025:21:56:57 -0400] "POST /wp-admin/admin-ajax.php?action=async_litespeed&nonce=IKpWTjM7sOAxbHpHCbEPOmFVNgBpARiQ&litespeed_type=imgoptm HTTP/1.1" 200 0 "-" "WordPress/6.8; https://llcbibleclub.com"
45.148.10.80 - - [16/Apr/2025:21:57:08 -0400] "GET /.git/config HTTP/1.1" 403 1242 "-" "Mozilla/5.0 (Macintosh; Intel Mac OS X 10_15_7) AppleWebKit/605.1.15 (KHTML, like Gecko) Version/17.4 Safari/605.8.22"
20.171.207.184 - - [16/Apr/2025:21:57:33 -0400] "GET /dp/B09DRX62ZV?ref=MarsFS_VICC_spotlight HTTP/1.1" 404 6505 "-" "Mozilla/5.0 AppleWebKit/537.36 (KHTML, like Gecko; compatible; GPTBot/1.2; +https://openai.com/gptbot)"
198.54.114.83 - - [16/Apr/2025:21:58:17 -0400] "POST /wp-cron.php?doing_wp_cron=1744855097.3646099567413330078125 HTTP/1.1" 200 0 "-" "WordPress/6.8; https://llcbibleclub.com"
198.54.114.83 - - [16/Apr/2025:21:58:18 -0400] "POST /wp-admin/admin-ajax.php?action=async_litespeed&nonce=4bhoAHBvYjkKopOw7kwb9t5PadeiR3t2&litespeed_type=imgoptm HTTP/1.1" 200 5 "-" "WordPress/6.8; https://llcbibleclub.com"
54.36.148.11 - - [16/Apr/2025:21:58:17 -0400] "GET /effizienter-umzugsservice-in-hamburg/ HTTP/1.1" 200 11090 "-" "Mozilla/5.0 (compatible; AhrefsBot/7.0; +http://ahrefs.com/robot/)"
198.54.114.83 - - [16/Apr/2025:21:58:55 -0400] "POST /wp-cron.php?doing_wp_cron=1744855134.5336980819702148437500 HTTP/1.1" 200 0 "-" "WordPress/6.8; https://llcbibleclub.com"
20.171.207.184 - - [16/Apr/2025:21:58:54 -0400] "GET /dp/B0D3RN5W37?ref=MarsFS_VICC_blinksqm HTTP/1.1" 404 6505 "-" "Mozilla/5.0 AppleWebKit/537.36 (KHTML, like Gecko; compatible; GPTBot/1.2; +https://openai.com/gptbot)"
198.54.114.83 - - [16/Apr/2025:21:58:55 -0400] "POST /wp-admin/admin-ajax.php?action=async_litespeed&nonce=kIxUkpxiYM9Aw9OSz9h2fWijDxmU3jes&litespeed_type=imgoptm HTTP/1.1" 200 5 "-" "WordPress/6.8; https://llcbibleclub.com"
20.171.207.184 - - [16/Apr/2025:22:00:16 -0400] "GET /dp/B0CZB5RHWX?ref=MarsFS_KINDLE_pc HTTP/1.1" 404 6504 "-" "Mozilla/5.0 AppleWebKit/537.36 (KHTML, like Gecko; compatible; GPTBot/1.2; +https://openai.com/gptbot)"
198.54.114.83 - - [16/Apr/2025:22:00:23 -0400] "POST /wp-cron.php?doing_wp_cron=1744855218.1024920940399169921875 HTTP/1.1" 200 0 "-" "WordPress/6.8; https://llcbibleclub.com"
198.54.114.83 - - [16/Apr/2025:22:01:30 -0400] "POST /wp-cron.php?doing_wp_cron=1744855290.0230948925018310546875 HTTP/1.1" 200 0 "-" "WordPress/6.8; https://llcbibleclub.com"
20.171.207.184 - - [16/Apr/2025:22:01:29 -0400] "GET /dp/B0D484S271?ref=MarsFS_VICC_blinkhk HTTP/1.1" 404 6504 "-" "Mozilla/5.0 AppleWebKit/537.36 (KHTML, like Gecko; compatible; GPTBot/1.2; +https://openai.com/gptbot)"
198.54.114.83 - - [16/Apr/2025:22:01:31 -0400] "POST /wp-admin/admin-ajax.php?action=async_litespeed&nonce=jNrE7KL93DX8WrpRC3aziyvxdGDaqwI9&litespeed_type=imgoptm HTTP/1.1" 200 0 "-" "WordPress/6.8; https://llcbibleclub.com"
47.79.197.97 - - [16/Apr/2025:22:01:40 -0400] "GET / HTTP/1.1" 200 156096 "https://www.google.com/" "Mozilla/5.0 (Windows NT 10.0; Win64; x64) AppleWebKit/537.36 (KHTML, like Gecko) Chrome/133.0.0.0 Safari/537.36 Edg/133.0.0.0"
198.54.114.83 - - [16/Apr/2025:22:01:57 -0400] "POST /wp-cron.php?doing_wp_cron=1744855317.0055620670318603515625 HTTP/1.1" 200 0 "-" "WordPress/6.8; https://llcbibleclub.com"
185.81.128.21 - - [16/Apr/2025:22:01:56 -0400] "GET /wp-content/plugins/suretriggers/readme.txt HTTP/1.1" 404 6504 "-" "Mozilla/5.0 (Windows NT 10.0; Win64; x64) AppleWebKit/529.36 (KHTML, like Gecko) Chrome/120.1.2.3 Safari/537.36 Edg/121.0.2221.86"
198.54.114.83 - - [16/Apr/2025:22:01:58 -0400] "POST /wp-admin/admin-ajax.php?action=async_litespeed&nonce=1XWtpxxSlmTq2N6q7rH62q2cRKnBsZIE&litespeed_type=imgoptm HTTP/1.1" 200 0 "-" "WordPress/6.8; https://llcbibleclub.com"
20.171.207.184 - - [16/Apr/2025:22:02:11 -0400] "GET /the-best-place-to-buy-youtube-subscribers HTTP/1.1" 301 0 "-" "Mozilla/5.0 AppleWebKit/537.36 (KHTML, like Gecko; compatible; GPTBot/1.2; +https://openai.com/gptbot)"
