198.134.116.14 - - [14/Apr/2025:09:38:48 -0400] "GET /dp/B0CG2TPLJV?ref=MarsFS_VICC_PNTC HTTP/1.1" 404 1251 "-" "Mozilla/5.0 (X11; Linux x86_64; rv:135.0) Gecko/20100101 Firefox/135.0"
198.134.116.14 - - [14/Apr/2025:09:38:49 -0400] "GET /dp/B0C5QRZ47P?ref=MarsFS_VICC_STUC HTTP/1.1" 404 1251 "-" "Mozilla/5.0 (X11; Linux x86_64; rv:135.0) Gecko/20100101 Firefox/135.0"
198.134.116.14 - - [14/Apr/2025:09:38:49 -0400] "GET /dp/B0D483WX7X?ref=MarsFS_VICC_blinksed HTTP/1.1" 404 1251 "-" "Mozilla/5.0 (X11; Linux x86_64; rv:135.0) Gecko/20100101 Firefox/135.0"
198.134.116.14 - - [14/Apr/2025:09:38:49 -0400] "GET /dp/B09DRX62ZV?ref=MarsFS_VICC_spotlight HTTP/1.1" 404 1251 "-" "Mozilla/5.0 (X11; Linux x86_64; rv:135.0) Gecko/20100101 Firefox/135.0"
198.134.116.14 - - [14/Apr/2025:09:38:50 -0400] "GET /dp/B0D47Z1SB9?ref=MarsFS_VICC_blinkvin HTTP/1.1" 404 1251 "-" "Mozilla/5.0 (X11; Linux x86_64; rv:135.0) Gecko/20100101 Firefox/135.0"
198.134.116.14 - - [14/Apr/2025:09:38:51 -0400] "GET /dp/B08DJC1KMJ?ref=MarsFS_VICC_rvdpro2_faceplate HTTP/1.1" 404 1251 "-" "Mozilla/5.0 (X11; Linux x86_64; rv:135.0) Gecko/20100101 Firefox/135.0"
198.134.116.14 - - [14/Apr/2025:09:38:52 -0400] "GET /dp/B08LZ3LTFV?ref=MarsFS_VICC_rvdwired_cornerkit HTTP/1.1" 404 1251 "-" "Mozilla/5.0 (X11; Linux x86_64; rv:135.0) Gecko/20100101 Firefox/135.0"
198.134.116.14 - - [14/Apr/2025:09:38:52 -0400] "GET /dp/B09L462YVZ?ref=MarsFS_VICC_CHIME HTTP/1.1" 404 1251 "-" "Mozilla/5.0 (X11; Linux x86_64; rv:135.0) Gecko/20100101 Firefox/135.0"
198.134.116.14 - - [14/Apr/2025:09:38:53 -0400] "GET /dp/B0D3RN5W37?ref=MarsFS_VICC_blinksqm HTTP/1.1" 404 1251 "-" "Mozilla/5.0 (X11; Linux x86_64; rv:135.0) Gecko/20100101 Firefox/135.0"
198.134.116.14 - - [14/Apr/2025:09:38:53 -0400] "GET /dp/B076JKHDQT?ref=MarsFS_VICC_Ring+Rechargeable+Battery+Pack HTTP/1.1" 404 1251 "-" "Mozilla/5.0 (X11; Linux x86_64; rv:135.0) Gecko/20100101 Firefox/135.0"
198.134.116.14 - - [14/Apr/2025:09:38:53 -0400] "GET /dp/B085PVB5BP?ref=MarsFS_eero_c HTTP/1.1" 404 1251 "-" "Mozilla/5.0 (X11; Linux x86_64; rv:135.0) Gecko/20100101 Firefox/135.0"
198.134.116.14 - - [14/Apr/2025:09:38:54 -0400] "GET /dp/B085Q2ZF1X?ref=MarsFS_eero_ccc HTTP/1.1" 404 1251 "-" "Mozilla/5.0 (X11; Linux x86_64; rv:135.0) Gecko/20100101 Firefox/135.0"
198.134.116.14 - - [14/Apr/2025:09:38:55 -0400] "GET /dp/B086PFKYVH?ref=MarsFS_eero_AG HTTP/1.1" 404 1251 "-" "Mozilla/5.0 (X11; Linux x86_64; rv:135.0) Gecko/20100101 Firefox/135.0"
198.134.116.14 - - [14/Apr/2025:09:38:55 -0400] "GET /dp/B086PGZRGK?ref=MarsFS_eero_AGALAL HTTP/1.1" 404 1251 "-" "Mozilla/5.0 (X11; Linux x86_64; rv:135.0) Gecko/20100101 Firefox/135.0"
198.134.116.14 - - [14/Apr/2025:09:38:56 -0400] "GET /dp/B091G4D95D?ref=MarsFS_eero_en HTTP/1.1" 404 1251 "-" "Mozilla/5.0 (X11; Linux x86_64; rv:135.0) Gecko/20100101 Firefox/135.0"
198.134.116.14 - - [14/Apr/2025:09:38:57 -0400] "GET /dp/B08ZJVVMT4?ref=MarsFS_eero_en HTTP/1.1" 404 1251 "-" "Mozilla/5.0 (X11; Linux x86_64; rv:135.0) Gecko/20100101 Firefox/135.0"
198.134.116.14 - - [14/Apr/2025:09:38:58 -0400] "GET /dp/B091G668JP?ref=MarsFS_eero_en HTTP/1.1" 404 1251 "-" "Mozilla/5.0 (X11; Linux x86_64; rv:135.0) Gecko/20100101 Firefox/135.0"
198.134.116.14 - - [14/Apr/2025:09:38:59 -0400] "GET /dp/B0CPKX85TD?ref=MarsFS_eero_JU HTTP/1.1" 404 1251 "-" "Mozilla/5.0 (X11; Linux x86_64; rv:135.0) Gecko/20100101 Firefox/135.0"
198.134.116.14 - - [14/Apr/2025:09:38:59 -0400] "GET /product-reviews/B0DG4WZZPV/ref=acr_dp_hist_5?ie=UTF8&filterByStar=five_star&reviewerType=all_reviews HTTP/1.1" 404 1251 "-" "Mozilla/5.0 (X11; Linux x86_64; rv:135.0) Gecko/20100101 Firefox/135.0"
198.134.116.14 - - [14/Apr/2025:09:39:00 -0400] "GET /product-reviews/B0DG4WZZPV/ref=acr_dp_hist_4?ie=UTF8&filterByStar=four_star&reviewerType=all_reviews HTTP/1.1" 404 1251 "-" "Mozilla/5.0 (X11; Linux x86_64; rv:135.0) Gecko/20100101 Firefox/135.0"
198.134.116.14 - - [14/Apr/2025:09:39:00 -0400] "GET /product-reviews/B0DG4WZZPV/ref=acr_dp_hist_3?ie=UTF8&filterByStar=three_star&reviewerType=all_reviews HTTP/1.1" 404 1251 "-" "Mozilla/5.0 (X11; Linux x86_64; rv:135.0) Gecko/20100101 Firefox/135.0"
198.134.116.14 - - [14/Apr/2025:09:39:01 -0400] "GET /product-reviews/B0DG4WZZPV/ref=acr_dp_hist_2?ie=UTF8&filterByStar=two_star&reviewerType=all_reviews HTTP/1.1" 404 1251 "-" "Mozilla/5.0 (X11; Linux x86_64; rv:135.0) Gecko/20100101 Firefox/135.0"
198.134.116.14 - - [14/Apr/2025:09:39:01 -0400] "GET /product-reviews/B0DG4WZZPV/ref=acr_dp_hist_1?ie=UTF8&filterByStar=one_star&reviewerType=all_reviews HTTP/1.1" 404 1251 "-" "Mozilla/5.0 (X11; Linux x86_64; rv:135.0) Gecko/20100101 Firefox/135.0"
198.134.116.14 - - [14/Apr/2025:09:39:02 -0400] "GET /review/create-review/ref=cm_cr_dp_d_wr_but_top?ie=UTF8&channel=glance-detail&asin=B0DG4WZZPV HTTP/1.1" 404 1251 "-" "Mozilla/5.0 (X11; Linux x86_64; rv:135.0) Gecko/20100101 Firefox/135.0"
198.134.116.14 - - [14/Apr/2025:09:39:02 -0400] "GET /gp/profile/amzn1.account.AFXQP46YJ2XUKR4MYZFNG3H2CXBQ/ref=cm_cr_dp_d_gw_tr?ie=UTF8 HTTP/1.1" 404 1251 "-" "Mozilla/5.0 (X11; Linux x86_64; rv:135.0) Gecko/20100101 Firefox/135.0"
198.134.116.14 - - [14/Apr/2025:09:39:02 -0400] "GET /gp/customer-reviews/R2DVCU4L2UJJBX/ref=cm_cr_dp_d_rvw_ttl?ie=UTF8&ASIN=B0DG4WZZPV HTTP/1.1" 404 1251 "-" "Mozilla/5.0 (X11; Linux x86_64; rv:135.0) Gecko/20100101 Firefox/135.0"
198.134.116.14 - - [14/Apr/2025:09:39:03 -0400] "GET /gp/profile/amzn1.account.AF5FRYZXCS7TKUJBS42LJ5SIYFCQ/ref=cm_cr_dp_d_gw_tr?ie=UTF8 HTTP/1.1" 404 1251 "-" "Mozilla/5.0 (X11; Linux x86_64; rv:135.0) Gecko/20100101 Firefox/135.0"
198.134.116.14 - - [14/Apr/2025:09:39:03 -0400] "GET /gp/customer-reviews/RSOLMCOFAZGYC/ref=cm_cr_dp_d_rvw_ttl?ie=UTF8&ASIN=B0DG4WZZPV HTTP/1.1" 404 1251 "-" "Mozilla/5.0 (X11; Linux x86_64; rv:135.0) Gecko/20100101 Firefox/135.0"
198.134.116.14 - - [14/Apr/2025:09:39:04 -0400] "GET /hz/reviews-render/report-review?ie=UTF8&ref=cm_cr_dp_d_report&csrfT=hLqtVQgYy%2FI9YDyopdvMpjMSL3z2hjymwxiOhxxJtXHrAAAAAGcq7rEAAAAB&reviewId=RSOLMCOFAZGYC HTTP/1.1" 404 1251 "-" "Mozilla/5.0 (X11; Linux x86_64; rv:135.0) Gecko/20100101 Firefox/135.0"
198.134.116.14 - - [14/Apr/2025:09:39:04 -0400] "GET /gp/profile/amzn1.account.AEI6M6PK7YTYMMDYHFCY44VLPMYQ/ref=cm_cr_dp_d_gw_tr?ie=UTF8 HTTP/1.1" 404 1251 "-" "Mozilla/5.0 (X11; Linux x86_64; rv:135.0) Gecko/20100101 Firefox/135.0"
198.134.116.14 - - [14/Apr/2025:09:39:05 -0400] "GET /gp/customer-reviews/R1PEI6HEVK2UIC/ref=cm_cr_dp_d_rvw_ttl?ie=UTF8&ASIN=B0DG4WZZPV HTTP/1.1" 404 1251 "-" "Mozilla/5.0 (X11; Linux x86_64; rv:135.0) Gecko/20100101 Firefox/135.0"
198.134.116.14 - - [14/Apr/2025:09:39:05 -0400] "GET /hz/reviews-render/report-review?ie=UTF8&ref=cm_cr_dp_d_report&csrfT=hI7SZljMN8bG2ire57mKHlD4fY6c8uVTvZXytn4fYPolAAAAAGcq7rEAAAAB&reviewId=R1PEI6HEVK2UIC HTTP/1.1" 404 1251 "-" "Mozilla/5.0 (X11; Linux x86_64; rv:135.0) Gecko/20100101 Firefox/135.0"
51.222.253.11 - - [14/Apr/2025:09:39:17 -0400] "GET /manicure-equipment-everything-you-need-to-give-yourself-a-salon-quick-manicure/ HTTP/1.1" 404 1251 "-" "Mozilla/5.0 (compatible; AhrefsBot/7.0; +http://ahrefs.com/robot/)"
66.249.64.174 - - [14/Apr/2025:09:40:12 -0400] "GET /robots.txt HTTP/1.1" 304 0 "-" "Mozilla/5.0 (compatible; Googlebot/2.1; +http://www.google.com/bot.html)"
66.249.64.174 - - [14/Apr/2025:09:40:12 -0400] "GET /how-to-avoid-costly-emergency-heating-services/ HTTP/1.1" 404 1251 "-" "Mozilla/5.0 (Linux; Android 6.0.1; Nexus 5X Build/MMB29P) AppleWebKit/537.36 (KHTML, like Gecko) Chrome/135.0.7049.52 Mobile Safari/537.36 (compatible; Googlebot/2.1; +http://www.google.com/bot.html)"
51.222.253.18 - - [14/Apr/2025:09:41:30 -0400] "GET /bmw-financial-customer-service/ HTTP/1.1" 404 1251 "-" "Mozilla/5.0 (compatible; AhrefsBot/7.0; +http://ahrefs.com/robot/)"
40.77.167.28 - - [14/Apr/2025:09:43:15 -0400] "GET /what-you-should-know-about-vyvanse-30-mg/feed/ HTTP/1.1" 404 1251 "-" "Mozilla/5.0 AppleWebKit/537.36 (KHTML, like Gecko; compatible; bingbot/2.0; +http://www.bing.com/bingbot.htm) Chrome/116.0.1938.76 Safari/537.36"
51.222.253.7 - - [14/Apr/2025:09:43:35 -0400] "GET /le-magicien-mysterieux-un-artiste-de-lillusion/ HTTP/1.1" 404 1251 "-" "Mozilla/5.0 (compatible; AhrefsBot/7.0; +http://ahrefs.com/robot/)"
51.222.253.16 - - [14/Apr/2025:09:45:52 -0400] "GET /the-tembusu-grand-by-wing-tai/ HTTP/1.1" 404 1251 "-" "Mozilla/5.0 (compatible; AhrefsBot/7.0; +http://ahrefs.com/robot/)"
51.222.253.8 - - [14/Apr/2025:09:47:59 -0400] "GET /buy-4000-watch-hours-on-youtube/ HTTP/1.1" 404 1251 "-" "Mozilla/5.0 (compatible; AhrefsBot/7.0; +http://ahrefs.com/robot/)"
47.79.207.70 - - [14/Apr/2025:09:49:19 -0400] "GET / HTTP/1.1" 200 156096 "https://www.google.com/" "Mozilla/5.0 (Linux; Android 10; K) AppleWebKit/537.36 (KHTML, like Gecko) Chrome/133.0.0.0 Mobile Safari/537.36"
51.222.253.6 - - [14/Apr/2025:09:50:19 -0400] "GET /the-best-cbd-products/ HTTP/1.1" 404 1251 "-" "Mozilla/5.0 (compatible; AhrefsBot/7.0; +http://ahrefs.com/robot/)"
52.54.157.23 - - [14/Apr/2025:09:50:50 -0400] "GET /company-registration-singapore-what-you-need-to-know/ HTTP/1.1" 404 1251 "-" "Mozilla/5.0 AppleWebKit/537.36 (KHTML, like Gecko; compatible; Amazonbot/0.1; +https://developer.amazon.com/support/amazonbot) Chrome/119.0.6045.214 Safari/537.36"
52.167.144.189 - - [14/Apr/2025:09:52:16 -0400] "GET /melbet-india-review/ HTTP/1.1" 404 1251 "-" "Mozilla/5.0 AppleWebKit/537.36 (KHTML, like Gecko; compatible; bingbot/2.0; +http://www.bing.com/bingbot.htm) Chrome/116.0.1938.76 Safari/537.36"
51.222.253.3 - - [14/Apr/2025:09:53:20 -0400] "GET /retrouver-lequilibre-et-la-vitalite/ HTTP/1.1" 404 1251 "-" "Mozilla/5.0 (compatible; AhrefsBot/7.0; +http://ahrefs.com/robot/)"
54.37.234.111 - - [14/Apr/2025:09:56:08 -0400] "GET /best-cbd-oil-products-uk/ HTTP/1.1" 404 1251 "https://llcbibleclub.com/best-cbd-oil-products-uk/#comment-4848" "Mozilla/5.0 (Windows NT 10.0; Win64; x64) AppleWebKit/537.36 (KHTML, like Gecko) Chrome/130.0.0.0 Safari/537.36"
54.37.234.111 - - [14/Apr/2025:09:56:09 -0400] "GET / HTTP/1.1" 200 156096 "https://llcbibleclub.com/" "Mozilla/5.0 (Windows NT 10.0; Win64; x64) AppleWebKit/537.36 (KHTML, like Gecko) Chrome/130.0.0.0 Safari/537.36"
51.222.253.15 - - [14/Apr/2025:09:56:29 -0400] "GET /magic-mushroom-kitss/ HTTP/1.1" 404 1251 "-" "Mozilla/5.0 (compatible; AhrefsBot/7.0; +http://ahrefs.com/robot/)"
198.54.114.83 - - [14/Apr/2025:09:57:51 -0400] "POST /wp-cron.php?doing_wp_cron=1744639069.8631730079650878906250 HTTP/1.1" 200 0 "-" "WordPress/6.7.2; https://llcbibleclub.com"
240e:350:8003:395b:4ecc:6a46:6ff7:5ca9 - - [14/Apr/2025:09:57:44 -0400] "POST /wp-comments-post.php HTTP/1.1" 302 0 "-" "Mozilla/5.0 (Windows NT 10.0; Win64; x64) AppleWebKit/537.36 (KHTML, like Gecko) Chrome/108.0.0.0 Safari/537.36 Edg/108.0.1462.46"
198.54.114.83 - - [14/Apr/2025:09:57:52 -0400] "POST /wp-admin/admin-ajax.php?action=async_litespeed&nonce=DalEeJTsZ5U6f6Ezgsb57ID8akkTezJE&litespeed_type=imgoptm HTTP/1.1" 200 0 "-" "WordPress/6.7.2; https://llcbibleclub.com"
240e:350:8003:395b:4ecc:6a46:6ff7:5ca9 - - [14/Apr/2025:09:57:54 -0400] "GET /how-long-does-a-ring-doorbell-battery-last/?unapproved=6389&moderation-hash=498006607de95bf3142bda2e54e6ed3b HTTP/1.1" 404 1251 "-" "Mozilla/5.0 (Windows NT 10.0; Win64; x64) AppleWebKit/537.36 (KHTML, like Gecko) Chrome/108.0.0.0 Safari/537.36 Edg/108.0.1462.46"
51.222.253.1 - - [14/Apr/2025:09:59:42 -0400] "GET /was-ist-eine-pokemon-figur/ HTTP/1.1" 404 1251 "-" "Mozilla/5.0 (compatible; AhrefsBot/7.0; +http://ahrefs.com/robot/)"
51.222.253.6 - - [14/Apr/2025:10:02:21 -0400] "GET /offrez-vous-lexcellence-culinaire-explorez-les-meilleurs-restaurants/ HTTP/1.1" 404 1251 "-" "Mozilla/5.0 (compatible; AhrefsBot/7.0; +http://ahrefs.com/robot/)"
156.59.198.135 - - [14/Apr/2025:10:04:27 -0400] "GET /wp-content/uploads/2024/02/cars-clouds-junkyard-scaled.jpg HTTP/1.1" 200 1216768 "-" "Mozilla/5.0 (Linux; Android 5.0) AppleWebKit/537.36 (KHTML, like Gecko) Mobile Safari/537.36 (compatible; Bytespider; spider-feedback@bytedance.com)"
51.222.253.15 - - [14/Apr/2025:10:04:44 -0400] "GET /how-to-choose-fun-icebreaker-questions-for-your-team-meetings/ HTTP/1.1" 404 1251 "-" "Mozilla/5.0 (compatible; AhrefsBot/7.0; +http://ahrefs.com/robot/)"
51.222.253.16 - - [14/Apr/2025:10:07:24 -0400] "GET /how-to-keep-fit-and-stay-healthy-the-best-four-ways-to-injury-free-sports/ HTTP/1.1" 404 1251 "-" "Mozilla/5.0 (compatible; AhrefsBot/7.0; +http://ahrefs.com/robot/)"
51.222.253.20 - - [14/Apr/2025:10:10:03 -0400] "GET /umzugsunternehmen-in-luneburg-ihr-partner-fur-einen-stressfreien-umzug/ HTTP/1.1" 404 1251 "-" "Mozilla/5.0 (compatible; AhrefsBot/7.0; +http://ahrefs.com/robot/)"
51.222.253.19 - - [14/Apr/2025:10:12:36 -0400] "GET /what-is-financial-technology/ HTTP/1.1" 404 1251 "-" "Mozilla/5.0 (compatible; AhrefsBot/7.0; +http://ahrefs.com/robot/)"
51.222.253.13 - - [14/Apr/2025:10:15:09 -0400] "GET /things-to-consider-before-using-overmolding/ HTTP/1.1" 404 1251 "-" "Mozilla/5.0 (compatible; AhrefsBot/7.0; +http://ahrefs.com/robot/)"
51.222.253.3 - - [14/Apr/2025:10:17:28 -0400] "GET /buying-silver-judaica-online/ HTTP/1.1" 404 1251 "-" "Mozilla/5.0 (compatible; AhrefsBot/7.0; +http://ahrefs.com/robot/)"
119.28.56.126 - - [14/Apr/2025:10:18:08 -0400] "GET /layered-chocolate-cake-a-simple-and-decadent-recipe/ HTTP/1.1" 404 1251 "-" "Python/3.10 aiohttp/3.10.5"
43.154.109.7 - - [14/Apr/2025:10:19:14 -0400] "GET /midtown-modern-in-bugis-singapore/ HTTP/1.1" 404 1251 "-" "Python/3.10 aiohttp/3.10.5"
51.222.253.5 - - [14/Apr/2025:10:19:54 -0400] "GET /manteniendo-tu-tesoro-brillante/ HTTP/1.1" 404 1251 "-" "Mozilla/5.0 (compatible; AhrefsBot/7.0; +http://ahrefs.com/robot/)"
136.243.228.194 - - [14/Apr/2025:10:20:55 -0400] "GET /how-to-succeed-in-the-world-of-spa-and-wellness/ HTTP/1.1" 404 1251 "-" "Mozilla/5.0 (compatible; DataForSeoBot/1.0; +https://dataforseo.com/dataforseo-bot)"
51.222.253.13 - - [14/Apr/2025:10:22:17 -0400] "GET /the-growing-market-for-womens-laptop-bags/ HTTP/1.1" 404 1251 "-" "Mozilla/5.0 (compatible; AhrefsBot/7.0; +http://ahrefs.com/robot/)"
2a02:598:64:8a00::3100:15 - - [14/Apr/2025:10:23:13 -0400] "GET /robots.txt HTTP/1.1" 200 23 "-" "Mozilla/5.0 (compatible; SeznamBot/4.0; +https://o-seznam.cz/napoveda/vyhledavani/en/seznambot-crawler/)"
2a02:598:64:8a00::3100:15 - - [14/Apr/2025:10:23:13 -0400] "GET /how-to-evolve-tandemaus/ HTTP/1.1" 404 1251 "-" "Mozilla/5.0 (compatible; SeznamBot/4.0; +https://o-seznam.cz/napoveda/vyhledavani/en/seznambot-crawler/)"
34.198.37.209 - - [14/Apr/2025:10:23:49 -0400] "GET /robots.txt HTTP/1.1" 304 0 "-" "Apache-HttpClient/4.5.9 (Java/1.8.0_442)"
51.222.253.11 - - [14/Apr/2025:10:24:52 -0400] "GET /how-to-do-the-voice-changer-on-tiktok/ HTTP/1.1" 404 1251 "-" "Mozilla/5.0 (compatible; AhrefsBot/7.0; +http://ahrefs.com/robot/)"
119.28.214.61 - - [14/Apr/2025:10:25:43 -0400] "GET /the-mk-shoulder-bag-is-a-customer-favorite-and-never-goes-out-of-style/ HTTP/1.1" 404 1251 "-" "Python/3.10 aiohttp/3.10.5"
2a02:598:64:8a00::3100:0 - - [14/Apr/2025:10:27:06 -0400] "GET /how-to-find-the-ultimate-stretch-mark-removal-cream/ HTTP/1.1" 404 1251 "-" "Mozilla/5.0 (compatible; SeznamBot/4.0; +https://o-seznam.cz/napoveda/vyhledavani/en/seznambot-crawler/)"
51.222.253.8 - - [14/Apr/2025:10:27:28 -0400] "GET /what-does-a-divorce-lawyer-do/ HTTP/1.1" 404 1251 "-" "Mozilla/5.0 (compatible; AhrefsBot/7.0; +http://ahrefs.com/robot/)"
51.222.253.14 - - [14/Apr/2025:10:30:01 -0400] "GET /why-getting-car-insurance-quotes-online-can-save-you-time-and-money/ HTTP/1.1" 404 1251 "-" "Mozilla/5.0 (compatible; AhrefsBot/7.0; +http://ahrefs.com/robot/)"
51.222.253.14 - - [14/Apr/2025:10:32:52 -0400] "GET /snus-a-smokeless-tobacco-product-with-a-twist/ HTTP/1.1" 404 1251 "-" "Mozilla/5.0 (compatible; AhrefsBot/7.0; +http://ahrefs.com/robot/)"
159.100.22.26 - - [14/Apr/2025:10:34:09 -0400] "GET / HTTP/1.1" 200 156096 "-" "Screaming Frog SEO Spider/16.7"
51.222.253.17 - - [14/Apr/2025:10:35:28 -0400] "GET /lattrait-des-panneaux-en-pvc-au-fini-marbre/ HTTP/1.1" 404 1251 "-" "Mozilla/5.0 (compatible; AhrefsBot/7.0; +http://ahrefs.com/robot/)"
51.222.253.17 - - [14/Apr/2025:10:37:50 -0400] "GET /a-journey-through-culture-and-tradition/ HTTP/1.1" 404 1251 "-" "Mozilla/5.0 (compatible; AhrefsBot/7.0; +http://ahrefs.com/robot/)"
47.128.122.138 - - [14/Apr/2025:10:39:35 -0400] "GET /gitarrenunterricht-in-dusseldorf-fur-anfanger-und-fortgeschrittene/ HTTP/1.1" 404 1251 "-" "Mozilla/5.0 (Linux; Android 5.0) AppleWebKit/537.36 (KHTML, like Gecko) Mobile Safari/537.36 (compatible; TikTokSpider; ttspider-feedback@tiktok.com)"
51.222.253.8 - - [14/Apr/2025:10:40:18 -0400] "GET /how-to-make-money-check-these-unconventional-ways/ HTTP/1.1" 404 1251 "-" "Mozilla/5.0 (compatible; AhrefsBot/7.0; +http://ahrefs.com/robot/)"
51.222.253.19 - - [14/Apr/2025:10:42:44 -0400] "GET /the-growing-importance-of-cyber-security/ HTTP/1.1" 404 1251 "-" "Mozilla/5.0 (compatible; AhrefsBot/7.0; +http://ahrefs.com/robot/)"
51.222.253.2 - - [14/Apr/2025:10:45:13 -0400] "GET /7-free-activities-you-can-do-while-in-branson-missouri/ HTTP/1.1" 404 1251 "-" "Mozilla/5.0 (compatible; AhrefsBot/7.0; +http://ahrefs.com/robot/)"
51.222.253.7 - - [14/Apr/2025:10:47:45 -0400] "GET /finding-the-best-accommodation-in-brisbane-by-location/ HTTP/1.1" 404 1251 "-" "Mozilla/5.0 (compatible; AhrefsBot/7.0; +http://ahrefs.com/robot/)"
52.167.144.187 - - [14/Apr/2025:10:49:49 -0400] "GET /remise-sur-la-voyance-comment-obtenir-une-remise-sur-la-voyance-aupres-dun-reseau-psychique-repute/ HTTP/1.1" 404 1251 "-" "Mozilla/5.0 AppleWebKit/537.36 (KHTML, like Gecko; compatible; bingbot/2.0; +http://www.bing.com/bingbot.htm) Chrome/116.0.1938.76 Safari/537.36"
198.54.114.83 - - [14/Apr/2025:10:50:00 -0400] "POST /wp-cron.php?doing_wp_cron=1744642200.4635140895843505859375 HTTP/1.1" 200 0 "-" "WordPress/6.7.2; https://llcbibleclub.com"
2602:fb54:ac7:: - - [14/Apr/2025:10:49:56 -0400] "POST /wp-login.php HTTP/1.1" 200 1835 "https://llcbibleclub.com/wp-admin/" "Mozilla/5.0 (Windows NT 10.0; Win64; x64) AppleWebKit/537.36 (KHTML, like Gecko) Chrome/90.0.4430.85 Safari/537.36"
2602:fb54:ac7:: - - [14/Apr/2025:10:50:01 -0400] "GET /wp-admin/ HTTP/1.1" 302 0 "https://www.google.com" "Mozilla/5.0 (Windows NT 10.0; Win64; x64) AppleWebKit/537.36 (KHTML, like Gecko) Chrome/90.0.4430.85 Safari/537.36"
198.54.114.83 - - [14/Apr/2025:10:50:01 -0400] "POST /wp-admin/admin-ajax.php?action=async_litespeed&nonce=YyfqqxXy5JDUSM72pL3k3z9T6bsl5WbY&litespeed_type=imgoptm HTTP/1.1" 200 5 "-" "WordPress/6.7.2; https://llcbibleclub.com"
2602:fb54:ac7:: - - [14/Apr/2025:10:50:02 -0400] "GET /wp-login.php?redirect_to=https%3A%2F%2Fllcbibleclub.com%2Fwp-admin%2F&reauth=1 HTTP/1.1" 200 1691 "https://www.google.com" "Mozilla/5.0 (Windows NT 10.0; Win64; x64) AppleWebKit/537.36 (KHTML, like Gecko) Chrome/90.0.4430.85 Safari/537.36"
51.222.253.7 - - [14/Apr/2025:10:50:13 -0400] "GET /fenbendazole-as-a-cancer-treatment/ HTTP/1.1" 404 1251 "-" "Mozilla/5.0 (compatible; AhrefsBot/7.0; +http://ahrefs.com/robot/)"
51.222.253.15 - - [14/Apr/2025:10:52:52 -0400] "GET /how-to-get-the-most-out-of-an-ai-image-generator/ HTTP/1.1" 404 1251 "-" "Mozilla/5.0 (compatible; AhrefsBot/7.0; +http://ahrefs.com/robot/)"
43.134.216.64 - - [14/Apr/2025:10:53:59 -0400] "GET /cheapest-possible-airline-tickets-to-hong-kong/ HTTP/1.1" 404 1251 "-" "Python/3.10 aiohttp/3.10.5"
51.222.253.15 - - [14/Apr/2025:10:55:04 -0400] "GET /how-to-get-started-in-diamond-painting/ HTTP/1.1" 404 1251 "-" "Mozilla/5.0 (compatible; AhrefsBot/7.0; +http://ahrefs.com/robot/)"
51.222.253.6 - - [14/Apr/2025:10:57:35 -0400] "GET /how-to-make-rap-music-the-easiest-proven-ways/ HTTP/1.1" 404 1251 "-" "Mozilla/5.0 (compatible; AhrefsBot/7.0; +http://ahrefs.com/robot/)"
51.222.253.12 - - [14/Apr/2025:10:59:53 -0400] "GET /low-cost-thermal-mastic-for-use-in-refrigeration-systems/ HTTP/1.1" 404 1251 "-" "Mozilla/5.0 (compatible; AhrefsBot/7.0; +http://ahrefs.com/robot/)"
110.249.202.213 - - [14/Apr/2025:11:02:00 -0400] "GET /robots.txt HTTP/1.1" 304 0 "-" "Mozilla/5.0 (Linux; Android 5.0) AppleWebKit/537.36 (KHTML, like Gecko) Mobile Safari/537.36 (compatible; Bytespider; https://zhanzhang.toutiao.com/)"
51.222.253.3 - - [14/Apr/2025:11:02:20 -0400] "GET /the-art-of-creating-diy-digital-wedding-invitations/ HTTP/1.1" 404 1251 "-" "Mozilla/5.0 (compatible; AhrefsBot/7.0; +http://ahrefs.com/robot/)"
112.92.74.179 - - [14/Apr/2025:11:02:41 -0400] "GET /screw-chart-choosing-the-right-10-screw-diameter/ HTTP/1.1" 404 1251 "https://llcbibleclub.com" "Mozilla/5.0 (Windows NT 10.0; Win64; x64) AppleWebKit/537.36 (KHTML, like Gecko) Chrome/62.0.3202.94 Safari/537.36"
51.222.253.20 - - [14/Apr/2025:11:04:53 -0400] "GET /family-divorce-lawyers/ HTTP/1.1" 404 1251 "-" "Mozilla/5.0 (compatible; AhrefsBot/7.0; +http://ahrefs.com/robot/)"
51.222.253.1 - - [14/Apr/2025:11:07:15 -0400] "GET /instant-boiling-water-tap/ HTTP/1.1" 404 1251 "-" "Mozilla/5.0 (compatible; AhrefsBot/7.0; +http://ahrefs.com/robot/)"
195.2.84.178 - - [14/Apr/2025:11:07:21 -0400] "GET /best-cbd-oil-products-uk/ HTTP/1.1" 404 1251 "https://llcbibleclub.com/best-cbd-oil-products-uk/" "Mozilla/5.0 (Windows NT 10.0; Win64; x64) AppleWebKit/537.36 (KHTML, like Gecko) Chrome/131.0.0.0 Safari/537.36"
195.2.84.178 - - [14/Apr/2025:11:07:21 -0400] "GET /best-cbd-oil-products-uk/ HTTP/1.1" 404 1251 "https://llcbibleclub.com/best-cbd-oil-products-uk/" "Mozilla/5.0 (Windows NT 10.0; Win64; x64) AppleWebKit/537.36 (KHTML, like Gecko) Chrome/131.0.0.0 Safari/537.36"
195.2.84.178 - - [14/Apr/2025:11:07:22 -0400] "GET / HTTP/1.1" 200 156096 "https://llcbibleclub.com/" "Mozilla/5.0 (Windows NT 10.0; Win64; x64) AppleWebKit/537.36 (KHTML, like Gecko) Chrome/131.0.0.0 Safari/537.36"
195.2.84.178 - - [14/Apr/2025:11:07:21 -0400] "GET / HTTP/1.1" 200 156096 "https://llcbibleclub.com/" "Mozilla/5.0 (Windows NT 10.0; Win64; x64) AppleWebKit/537.36 (KHTML, like Gecko) Chrome/131.0.0.0 Safari/537.36"
136.243.228.194 - - [14/Apr/2025:11:09:06 -0400] "GET /how-online-holiday-packages-can-benefit-travel-agents-and-tour-operators/ HTTP/1.1" 404 1251 "-" "Mozilla/5.0 (compatible; DataForSeoBot/1.0; +https://dataforseo.com/dataforseo-bot)"
51.222.253.6 - - [14/Apr/2025:11:09:47 -0400] "GET /questions-to-ask-a-corolla-real-estate-during-a-consultation-appointment/ HTTP/1.1" 404 1251 "-" "Mozilla/5.0 (compatible; AhrefsBot/7.0; +http://ahrefs.com/robot/)"
51.222.253.13 - - [14/Apr/2025:11:12:30 -0400] "GET /benefits-of-baked-bars/ HTTP/1.1" 404 1251 "-" "Mozilla/5.0 (compatible; AhrefsBot/7.0; +http://ahrefs.com/robot/)"
51.222.253.5 - - [14/Apr/2025:11:15:06 -0400] "GET /whipped-soap-two-easy-to-follow-recipes-for-whipped-soap/ HTTP/1.1" 404 1251 "-" "Mozilla/5.0 (compatible; AhrefsBot/7.0; +http://ahrefs.com/robot/)"
51.222.253.7 - - [14/Apr/2025:11:17:52 -0400] "GET /ivf-clinic-sharjah/ HTTP/1.1" 404 1251 "-" "Mozilla/5.0 (compatible; AhrefsBot/7.0; +http://ahrefs.com/robot/)"
112.86.225.120 - - [14/Apr/2025:11:18:50 -0400] "GET / HTTP/1.1" 200 156096 "-" "Sogou web spider/4.0(+http://www.sogou.com/docs/help/webmasters.htm#07)"
51.222.253.10 - - [14/Apr/2025:11:20:27 -0400] "GET /electronic-analytical-balance-price/ HTTP/1.1" 404 1251 "-" "Mozilla/5.0 (compatible; AhrefsBot/7.0; +http://ahrefs.com/robot/)"
51.222.253.7 - - [14/Apr/2025:11:23:26 -0400] "GET /a-guide-to-finding-food-donations-near-you/ HTTP/1.1" 404 1251 "-" "Mozilla/5.0 (compatible; AhrefsBot/7.0; +http://ahrefs.com/robot/)"
13.82.230.152 - - [14/Apr/2025:11:23:33 -0400] "GET /wp-admin/network/about.php HTTP/1.1" 302 0 "-" "-"
13.82.230.152 - - [14/Apr/2025:11:23:35 -0400] "GET /wp-login.php?redirect_to=https%3A%2F%2Fmail.llcbibleclub.com%2Fwp-admin%2Fnetwork%2Fabout.php&reauth=1 HTTP/1.1" 200 1700 "-" "-"
198.54.114.83 - - [14/Apr/2025:11:24:42 -0400] "POST /wp-admin/admin-ajax.php?action=async_litespeed&nonce=6QZmFVnFzhJeImMUDCYcFOFmIYjYkpqt&litespeed_type=imgoptm HTTP/1.1" 200 0 "-" "WordPress/6.7.2; https://llcbibleclub.com"
52.167.144.197 - - [14/Apr/2025:11:25:33 -0400] "GET /managing-cost-recovery/ HTTP/1.1" 404 1251 "-" "Mozilla/5.0 AppleWebKit/537.36 (KHTML, like Gecko; compatible; bingbot/2.0; +http://www.bing.com/bingbot.htm) Chrome/116.0.1938.76 Safari/537.36"
51.222.253.19 - - [14/Apr/2025:11:26:02 -0400] "GET /lab-diamond-engagement-rings-in-toronto/ HTTP/1.1" 404 1251 "-" "Mozilla/5.0 (compatible; AhrefsBot/7.0; +http://ahrefs.com/robot/)"
13.82.230.152 - - [14/Apr/2025:11:28:12 -0400] "GET /wp-admin/network/index.php HTTP/1.1" 302 0 "-" "-"
13.82.230.152 - - [14/Apr/2025:11:28:15 -0400] "GET /wp-login.php?redirect_to=https%3A%2F%2Fmail.llcbibleclub.com%2Fwp-admin%2Fnetwork%2Findex.php&reauth=1 HTTP/1.1" 200 1695 "-" "-"
40.77.167.64 - - [14/Apr/2025:11:28:16 -0400] "GET /youtube-marketing-why-should-you-use-it-for-marketing/ HTTP/1.1" 404 1251 "-" "Mozilla/5.0 AppleWebKit/537.36 (KHTML, like Gecko; compatible; bingbot/2.0; +http://www.bing.com/bingbot.htm) Chrome/116.0.1938.76 Safari/537.36"
51.222.253.19 - - [14/Apr/2025:11:28:49 -0400] "GET /urgences-dentaires-geneve/ HTTP/1.1" 404 1251 "-" "Mozilla/5.0 (compatible; AhrefsBot/7.0; +http://ahrefs.com/robot/)"
51.89.68.103 - - [14/Apr/2025:11:30:18 -0400] "GET /includes/includes/cache.php HTTP/1.1" 404 1251 "-" "Mozilla/5.0 (Windows NT 10.0; Win64; x64) AppleWebKit/537.36 (KHTML, like Gecko) Chrome/127.0.0.0 Safari/537.36"
51.89.68.103 - - [14/Apr/2025:11:30:21 -0400] "GET /seo/seo/cache.php HTTP/1.1" 404 1251 "-" "Mozilla/5.0 (Windows NT 10.0; Win64; x64) AppleWebKit/537.36 (KHTML, like Gecko) Chrome/127.0.0.0 Safari/537.36"
51.89.68.103 - - [14/Apr/2025:11:30:22 -0400] "GET /wp-admin/css/css/cache.php HTTP/1.1" 404 1251 "-" "Mozilla/5.0 (Windows NT 10.0; Win64; x64) AppleWebKit/537.36 (KHTML, like Gecko) Chrome/127.0.0.0 Safari/537.36"
51.89.68.103 - - [14/Apr/2025:11:30:25 -0400] "GET /assets/images/cache.php HTTP/1.1" 404 1251 "-" "Mozilla/5.0 (Windows NT 10.0; Win64; x64) AppleWebKit/537.36 (KHTML, like Gecko) Chrome/127.0.0.0 Safari/537.36"
51.89.68.103 - - [14/Apr/2025:11:30:26 -0400] "GET /img/img/cache.php HTTP/1.1" 404 1251 "-" "Mozilla/5.0 (Windows NT 10.0; Win64; x64) AppleWebKit/537.36 (KHTML, like Gecko) Chrome/127.0.0.0 Safari/537.36"
51.89.68.103 - - [14/Apr/2025:11:30:29 -0400] "GET /assets/images/images/cache.php HTTP/1.1" 404 1251 "-" "Mozilla/5.0 (Windows NT 10.0; Win64; x64) AppleWebKit/537.36 (KHTML, like Gecko) Chrome/127.0.0.0 Safari/537.36"
51.89.68.103 - - [14/Apr/2025:11:30:30 -0400] "GET /css/css/cache.php HTTP/1.1" 404 1251 "-" "Mozilla/5.0 (Windows NT 10.0; Win64; x64) AppleWebKit/537.36 (KHTML, like Gecko) Chrome/127.0.0.0 Safari/537.36"
51.89.68.103 - - [14/Apr/2025:11:30:32 -0400] "GET /wp-includes/blocks/audio/audio/cache.php HTTP/1.1" 404 1251 "-" "Mozilla/5.0 (Windows NT 10.0; Win64; x64) AppleWebKit/537.36 (KHTML, like Gecko) Chrome/127.0.0.0 Safari/537.36"
51.89.68.103 - - [14/Apr/2025:11:30:33 -0400] "GET /images/images/images/cache.php HTTP/1.1" 404 1251 "-" "Mozilla/5.0 (Windows NT 10.0; Win64; x64) AppleWebKit/537.36 (KHTML, like Gecko) Chrome/127.0.0.0 Safari/537.36"
51.89.68.103 - - [14/Apr/2025:11:30:38 -0400] "GET /wp-includes/Requests/Exception/HTTP/HTTP/cache.php HTTP/1.1" 404 1251 "-" "Mozilla/5.0 (Windows NT 10.0; Win64; x64) AppleWebKit/537.36 (KHTML, like Gecko) Chrome/127.0.0.0 Safari/537.36"
51.89.68.103 - - [14/Apr/2025:11:30:38 -0400] "GET /images/images/images/images/cache.php HTTP/1.1" 404 1251 "-" "Mozilla/5.0 (Windows NT 10.0; Win64; x64) AppleWebKit/537.36 (KHTML, like Gecko) Chrome/127.0.0.0 Safari/537.36"
51.89.68.103 - - [14/Apr/2025:11:30:42 -0400] "GET /wp-content/plugins/plugins/cache.php HTTP/1.1" 404 1251 "-" "Mozilla/5.0 (Windows NT 10.0; Win64; x64) AppleWebKit/537.36 (KHTML, like Gecko) Chrome/127.0.0.0 Safari/537.36"
51.222.253.13 - - [14/Apr/2025:11:31:55 -0400] "GET /benefits-of-working-out-with-a-personal-trainer/ HTTP/1.1" 404 1251 "-" "Mozilla/5.0 (compatible; AhrefsBot/7.0; +http://ahrefs.com/robot/)"
51.222.253.18 - - [14/Apr/2025:11:34:28 -0400] "GET /what-are-airguns/ HTTP/1.1" 404 1251 "-" "Mozilla/5.0 (compatible; AhrefsBot/7.0; +http://ahrefs.com/robot/)"
189.1.239.83 - - [14/Apr/2025:11:34:44 -0400] "GET /new-tembusu-grand-condo-in-katong/ HTTP/1.1" 404 1251 "https://llcbibleclub.com/new-tembusu-grand-condo-in-katong/" "Mozilla/5.0 (Macintosh; Intel Mac OS X 10_15_7) AppleWebKit/537.36 (KHTML, like Gecko) Chrome/123.0.0.0 Safari/537.36"
51.222.253.6 - - [14/Apr/2025:11:37:29 -0400] "GET /how-to-get-face-filters-on-musically/ HTTP/1.1" 404 1251 "-" "Mozilla/5.0 (compatible; AhrefsBot/7.0; +http://ahrefs.com/robot/)"
52.167.144.208 - - [14/Apr/2025:11:38:31 -0400] "GET /dp/B09WXH9BH7?ref=MarsFS_AUCC_ch HTTP/1.1" 404 1251 "-" "Mozilla/5.0 AppleWebKit/537.36 (KHTML, like Gecko; compatible; bingbot/2.0; +http://www.bing.com/bingbot.htm) Chrome/116.0.1938.76 Safari/537.36"
51.222.253.8 - - [14/Apr/2025:11:39:53 -0400] "GET /robots.txt HTTP/1.1" 304 0 "-" "Mozilla/5.0 (compatible; AhrefsBot/7.0; +http://ahrefs.com/robot/)"
51.222.253.11 - - [14/Apr/2025:11:39:55 -0400] "GET /registration-of-drug-establishments-with-the-fda/ HTTP/1.1" 404 1251 "-" "Mozilla/5.0 (compatible; AhrefsBot/7.0; +http://ahrefs.com/robot/)"
52.167.144.208 - - [14/Apr/2025:11:41:10 -0400] "GET /embracing-nature-the-joys-and-benefits-of-camping/feed/ HTTP/1.1" 404 1251 "-" "Mozilla/5.0 AppleWebKit/537.36 (KHTML, like Gecko; compatible; bingbot/2.0; +http://www.bing.com/bingbot.htm) Chrome/116.0.1938.76 Safari/537.36"
51.222.253.11 - - [14/Apr/2025:11:42:17 -0400] "GET /customized-fuzzy-socks/ HTTP/1.1" 404 1251 "-" "Mozilla/5.0 (compatible; AhrefsBot/7.0; +http://ahrefs.com/robot/)"
51.222.253.12 - - [14/Apr/2025:11:44:47 -0400] "GET /why-federal-student-loans-are-good-for-you/ HTTP/1.1" 404 1251 "-" "Mozilla/5.0 (compatible; AhrefsBot/7.0; +http://ahrefs.com/robot/)"
51.222.253.11 - - [14/Apr/2025:11:47:15 -0400] "GET /how-to-buy-youtube-live-stream-viewers/ HTTP/1.1" 404 1251 "-" "Mozilla/5.0 (compatible; AhrefsBot/7.0; +http://ahrefs.com/robot/)"
52.167.144.216 - - [14/Apr/2025:11:48:45 -0400] "GET /fenbendazole-cancer-treatment/ HTTP/1.1" 404 1251 "-" "Mozilla/5.0 AppleWebKit/537.36 (KHTML, like Gecko; compatible; bingbot/2.0; +http://www.bing.com/bingbot.htm) Chrome/116.0.1938.76 Safari/537.36"
51.222.253.17 - - [14/Apr/2025:11:49:36 -0400] "GET /auto-salvage-fort-myers/ HTTP/1.1" 404 1251 "-" "Mozilla/5.0 (compatible; AhrefsBot/7.0; +http://ahrefs.com/robot/)"
51.222.253.17 - - [14/Apr/2025:11:52:05 -0400] "GET /discovering-the-charms-of-hillhaven/ HTTP/1.1" 404 1251 "-" "Mozilla/5.0 (compatible; AhrefsBot/7.0; +http://ahrefs.com/robot/)"
114.119.153.212 - - [14/Apr/2025:11:53:19 -0400] "GET /page/12/?MA HTTP/1.1" 404 1251 "https://llcbibleclub.com/page/13/?MA" "Mozilla/5.0 (Linux; Android 7.0;) AppleWebKit/537.36 (KHTML, like Gecko) Mobile Safari/537.36 (compatible; PetalBot;+https://webmaster.petalsearch.com/site/petalbot)"
51.222.253.20 - - [14/Apr/2025:11:54:39 -0400] "GET /touch-bedside-lamps/ HTTP/1.1" 404 1251 "-" "Mozilla/5.0 (compatible; AhrefsBot/7.0; +http://ahrefs.com/robot/)"
93.183.93.32 - - [14/Apr/2025:11:54:54 -0400] "GET /best-cbd-oil-products-uk/ HTTP/1.1" 404 1251 "https://llcbibleclub.com/best-cbd-oil-products-uk/" "Mozilla/5.0 (Windows NT 10.0; Win64; x64) AppleWebKit/537.36 (KHTML, like Gecko) Chrome/130.0.0.0 Safari/537.36 CCleaner/130.0.0.0"
93.183.93.32 - - [14/Apr/2025:11:54:56 -0400] "GET / HTTP/1.1" 200 156096 "https://llcbibleclub.com/" "Mozilla/5.0 (Windows NT 10.0; Win64; x64) AppleWebKit/537.36 (KHTML, like Gecko) Chrome/130.0.0.0 Safari/537.36 CCleaner/130.0.0.0"
51.222.253.4 - - [14/Apr/2025:11:57:00 -0400] "GET /luxury-living-at-the-m-condo/ HTTP/1.1" 404 1251 "-" "Mozilla/5.0 (compatible; AhrefsBot/7.0; +http://ahrefs.com/robot/)"
136.243.228.194 - - [14/Apr/2025:11:57:20 -0400] "GET /finding-the-best-curly-hairdresser-melbourne/ HTTP/1.1" 404 1251 "-" "Mozilla/5.0 (compatible; DataForSeoBot/1.0; +https://dataforseo.com/dataforseo-bot)"
51.222.253.11 - - [14/Apr/2025:11:59:22 -0400] "GET /installing-a-concrete-water-tank-repair-liner/ HTTP/1.1" 404 1251 "-" "Mozilla/5.0 (compatible; AhrefsBot/7.0; +http://ahrefs.com/robot/)"
47.79.194.29 - - [14/Apr/2025:12:01:39 -0400] "GET / HTTP/1.1" 200 156096 "https://www.google.com/" "Mozilla/5.0 (Linux; Android 10; K) AppleWebKit/537.36 (KHTML, like Gecko) Chrome/132.0.0.0 Mobile Safari/537.36"
51.222.253.19 - - [14/Apr/2025:12:01:48 -0400] "GET /restaurants-for-rent-in-qatar/ HTTP/1.1" 404 1251 "-" "Mozilla/5.0 (compatible; AhrefsBot/7.0; +http://ahrefs.com/robot/)"
51.222.253.19 - - [14/Apr/2025:12:04:18 -0400] "GET /what-are-kitchen-utensils/ HTTP/1.1" 404 1251 "-" "Mozilla/5.0 (compatible; AhrefsBot/7.0; +http://ahrefs.com/robot/)"
51.222.253.14 - - [14/Apr/2025:12:06:51 -0400] "GET /curly-hair-specialist-melbourne/ HTTP/1.1" 404 1251 "-" "Mozilla/5.0 (compatible; AhrefsBot/7.0; +http://ahrefs.com/robot/)"
51.222.253.3 - - [14/Apr/2025:12:09:01 -0400] "GET /understanding-apk-files-on-android/ HTTP/1.1" 404 1251 "-" "Mozilla/5.0 (compatible; AhrefsBot/7.0; +http://ahrefs.com/robot/)"
51.222.253.18 - - [14/Apr/2025:12:11:30 -0400] "GET /how-to-choose-the-best-online-casinos/ HTTP/1.1" 404 1251 "-" "Mozilla/5.0 (compatible; AhrefsBot/7.0; +http://ahrefs.com/robot/)"
51.222.253.17 - - [14/Apr/2025:12:14:02 -0400] "GET /passive-real-estate-investing/ HTTP/1.1" 404 1251 "-" "Mozilla/5.0 (compatible; AhrefsBot/7.0; +http://ahrefs.com/robot/)"
52.167.144.169 - - [14/Apr/2025:12:15:59 -0400] "GET /the-best-massage-gun-for-workouts/ HTTP/1.1" 404 1251 "-" "Mozilla/5.0 AppleWebKit/537.36 (KHTML, like Gecko; compatible; bingbot/2.0; +http://www.bing.com/bingbot.htm) Chrome/116.0.1938.76 Safari/537.36"
40.77.167.74 - - [14/Apr/2025:12:16:39 -0400] "GET /the-best-massage-gun-for-workouts/ HTTP/1.1" 404 1251 "-" "Mozilla/5.0 AppleWebKit/537.36 (KHTML, like Gecko; compatible; bingbot/2.0; +http://www.bing.com/bingbot.htm) Chrome/116.0.1938.76 Safari/537.36"
51.222.253.2 - - [14/Apr/2025:12:16:50 -0400] "GET /cheers-its-wine/ HTTP/1.1" 404 1251 "-" "Mozilla/5.0 (compatible; AhrefsBot/7.0; +http://ahrefs.com/robot/)"
51.222.253.10 - - [14/Apr/2025:12:19:57 -0400] "GET /choosing-a-legal-moneylender/ HTTP/1.1" 404 1251 "-" "Mozilla/5.0 (compatible; AhrefsBot/7.0; +http://ahrefs.com/robot/)"
45.84.107.182 - - [14/Apr/2025:12:20:36 -0400] "GET / HTTP/1.1" 200 156096 "https://llcbibleclub.com" "Mozilla/5.0 (Windows NT 6.3; rv:39.0) Gecko/20100101 Firefox/39.0"
85.208.98.31 - - [14/Apr/2025:12:21:29 -0400] "GET /where-to-buy-likes-on-instagram/ HTTP/1.1" 404 1251 "-" "Mozilla/5.0 (compatible; SemrushBot-BA; +http://www.semrush.com/bot.html)"
85.208.98.19 - - [14/Apr/2025:12:21:45 -0400] "GET /why-buy-saves-ticktok/ HTTP/1.1" 404 1251 "-" "Mozilla/5.0 (compatible; SemrushBot-BA; +http://www.semrush.com/bot.html)"
85.208.98.16 - - [14/Apr/2025:12:22:00 -0400] "GET /chill-out-a-guide-to-freezing-your-instagram-account/ HTTP/1.1" 404 1251 "-" "Mozilla/5.0 (compatible; SemrushBot-BA; +http://www.semrush.com/bot.html)"
85.208.98.29 - - [14/Apr/2025:12:22:09 -0400] "GET /buy-shares-tiktok-and-become-tiktok-famous-in-no-time/ HTTP/1.1" 404 1251 "-" "Mozilla/5.0 (compatible; SemrushBot-BA; +http://www.semrush.com/bot.html)"
85.208.98.20 - - [14/Apr/2025:12:22:22 -0400] "GET /how-to-buy-followers-on-tiktok/ HTTP/1.1" 404 1251 "-" "Mozilla/5.0 (compatible; SemrushBot-BA; +http://www.semrush.com/bot.html)"
85.208.98.22 - - [14/Apr/2025:12:22:35 -0400] "GET /mastering-the-art-of-erasing-deleting-your-instagram-account/ HTTP/1.1" 404 0 "-" "Mozilla/5.0 (compatible; SemrushBot-BA; +http://www.semrush.com/bot.html)"
51.222.253.16 - - [14/Apr/2025:12:22:38 -0400] "GET /avantages-du-masque-a-la-gelee/ HTTP/1.1" 404 1251 "-" "Mozilla/5.0 (compatible; AhrefsBot/7.0; +http://ahrefs.com/robot/)"
85.208.98.22 - - [14/Apr/2025:12:22:44 -0400] "GET /buy-saves-on-tiktok-to-boost-your-video-visibility-and-reach/ HTTP/1.1" 404 1251 "-" "Mozilla/5.0 (compatible; SemrushBot-BA; +http://www.semrush.com/bot.html)"
85.208.98.22 - - [14/Apr/2025:12:22:56 -0400] "GET /where-to-buy-views-and-likes-on-tiktok/ HTTP/1.1" 404 1251 "-" "Mozilla/5.0 (compatible; SemrushBot-BA; +http://www.semrush.com/bot.html)"
85.208.98.22 - - [14/Apr/2025:12:23:07 -0400] "GET /what-is-a-website-link-shortener/ HTTP/1.1" 404 1251 "-" "Mozilla/5.0 (compatible; SemrushBot-BA; +http://www.semrush.com/bot.html)"
85.208.98.16 - - [14/Apr/2025:12:23:16 -0400] "GET /unlocking-convenience-the-rise-of-qr-codes/ HTTP/1.1" 404 1251 "-" "Mozilla/5.0 (compatible; SemrushBot-BA; +http://www.semrush.com/bot.html)"
85.208.98.22 - - [14/Apr/2025:12:23:23 -0400] "GET /reaching-1000-subscribers-on-youtube/ HTTP/1.1" 404 1251 "-" "Mozilla/5.0 (compatible; SemrushBot-BA; +http://www.semrush.com/bot.html)"
157.90.114.254 - - [14/Apr/2025:12:23:20 -0400] "POST /xmlrpc.php HTTP/1.1" 200 186 "-" "Symfony HttpClient (Curl)"
198.54.114.83 - - [14/Apr/2025:12:23:27 -0400] "POST /wp-cron.php?doing_wp_cron=1744647805.5999479293823242187500 HTTP/1.1" 200 0 "-" "WordPress/6.7.2; https://llcbibleclub.com"
85.208.98.20 - - [14/Apr/2025:12:23:30 -0400] "GET /the-rise-of-free-qr-code-generators/ HTTP/1.1" 404 1251 "-" "Mozilla/5.0 (compatible; SemrushBot-BA; +http://www.semrush.com/bot.html)"
85.208.98.16 - - [14/Apr/2025:12:23:37 -0400] "GET /tiktok-buy-likes-how-to-find-a-reputable-service/ HTTP/1.1" 404 1251 "-" "Mozilla/5.0 (compatible; SemrushBot-BA; +http://www.semrush.com/bot.html)"
111.119.199.44 - - [14/Apr/2025:12:24:42 -0400] "GET /screw-sizes-and-thread-sizes/ HTTP/1.1" 404 1251 "https://llcbibleclub.com/screw-sizes-and-thread-sizes/" "Mozilla/5.0 (Windows NT 10.0; Win64; x64) AppleWebKit/537.36 (KHTML, like Gecko) Chrome/110.0.0.0 Safari/537.36"
51.222.253.2 - - [14/Apr/2025:12:24:50 -0400] "GET /the-importance-of-a-brush-machine-factory/ HTTP/1.1" 404 1251 "-" "Mozilla/5.0 (compatible; AhrefsBot/7.0; +http://ahrefs.com/robot/)"
51.222.253.9 - - [14/Apr/2025:12:27:12 -0400] "GET /how-to-bring-mindfulness-breathing-meditation-into-daily-routine/ HTTP/1.1" 404 1251 "-" "Mozilla/5.0 (compatible; AhrefsBot/7.0; +http://ahrefs.com/robot/)"
51.222.253.7 - - [14/Apr/2025:12:29:28 -0400] "GET /addition-projects-in-eugene-oregon/ HTTP/1.1" 404 1251 "-" "Mozilla/5.0 (compatible; AhrefsBot/7.0; +http://ahrefs.com/robot/)"
51.222.253.7 - - [14/Apr/2025:12:31:46 -0400] "GET /t-shirts-common-terms-explained/ HTTP/1.1" 404 1251 "-" "Mozilla/5.0 (compatible; AhrefsBot/7.0; +http://ahrefs.com/robot/)"
47.128.16.16 - - [14/Apr/2025:12:32:33 -0400] "GET / HTTP/1.1" 200 156096 "-" "Mozilla/5.0 (Linux; Android 5.0) AppleWebKit/537.36 (KHTML, like Gecko) Mobile Safari/537.36 (compatible; TikTokSpider; ttspider-feedback@tiktok.com)"
47.128.16.16 - - [14/Apr/2025:12:32:51 -0400] "GET /rd/uedata?ld&v=0.300369.0&id=90G9DFKSFRKCQZ4KHD88&sw=375&sh=812&vw=375&vh=812&m=1&sc=90G9DFKSFRKCQZ4KHD88&ue=1&bb=59&ns=205&x1=296&cf=469&be=529&fp=219&fcp=219&af=1368&pc=15492&tc=-6619&na_=-6619&ul_=-1744648353836&_ul=-1744648353836&rd_=-1744648353836&_rd=-1744648353836&fe_=-6619&lk_=-6619&_lk=-6619&co_=-6615&_co=-6587&sc_=-6598&rq_=-6587&rs_=-17&_rs=424&dl_=-15&di_=559&de_=559&_de=559&_dc=15492&ld_=15492&_ld=-1744648353836&ntd=-1&ty=0&rc=0&hob=0&hoe=1&ld=15493&t=1744648369329&ctb=1&rt=cf:101-21-75-5-3-31-1_af:122-34-81-6-4-39-1_ld:144-54-81-7-6-60-1&ec=33&ecf=2&csmtags=aui|aui:aui_build_date:3.24.9-2024-10-31|aui:sw:page_proxy:no_ctrl|mutObsYes|DetailPageMetaAssetFixedCached|DetailPageEverywhereMetaAssetCached|DetailPagePriceTrackerAssetsNotCached|DetailPageProductSpecDepthAssetCached|DetailPagePQVAssetsNotCached|DetailPageTwisterPlusSubAssetsCached|AmazonDevicesDetailPageCriticalAssetsCached|DetailPagePostPurchaseAssetsNotCached|DetailPageTurboCheckoutDesktopAssetsNotCached|DetailPageNostosAssetsNotCached|auiCached|FWCIMEnabled|fls-fe-amazon-com-au|perfYes|adblk_no|desktop-image-atf-marker&viz=visible:1&pty=Detail&spty=Kindle_HW&pti=B0BF75VM4T&tid=90G9DFKSFRKCQZ4KHD88&aftb=1&lob=1 HTTP/1.1" 404 1251 "https://llcbibleclub.com/" "Mozilla/5.0 (Linux; Android 5.0) AppleWebKit/537.36 (KHTML, like Gecko) Mobile Safari/537.36 (compatible; TikTokSpider; ttspider-feedback@tiktok.com)"
51.222.253.2 - - [14/Apr/2025:12:33:46 -0400] "GET /how-to-plan-your-boat-hire-in-bali/ HTTP/1.1" 404 1251 "-" "Mozilla/5.0 (compatible; AhrefsBot/7.0; +http://ahrefs.com/robot/)"
51.222.253.18 - - [14/Apr/2025:12:36:11 -0400] "GET /how-to-turn-off-the-volume-limit-on-iphone/ HTTP/1.1" 404 1251 "-" "Mozilla/5.0 (compatible; AhrefsBot/7.0; +http://ahrefs.com/robot/)"
40.77.167.57 - - [14/Apr/2025:12:37:33 -0400] "GET /why-teens-who-vape-are-more-likely-to-smoke-regular-cigarettes/ HTTP/1.1" 404 1251 "-" "Mozilla/5.0 AppleWebKit/537.36 (KHTML, like Gecko; compatible; bingbot/2.0; +http://www.bing.com/bingbot.htm) Chrome/116.0.1938.76 Safari/537.36"
51.222.253.12 - - [14/Apr/2025:12:38:33 -0400] "GET /the-jewel-of-katong-unveiling-the-emerald-condo/ HTTP/1.1" 404 1251 "-" "Mozilla/5.0 (compatible; AhrefsBot/7.0; +http://ahrefs.com/robot/)"
51.222.253.13 - - [14/Apr/2025:12:40:49 -0400] "GET /selecting-the-right-thermal-interface-material/ HTTP/1.1" 404 1251 "-" "Mozilla/5.0 (compatible; AhrefsBot/7.0; +http://ahrefs.com/robot/)"
51.222.253.3 - - [14/Apr/2025:12:43:06 -0400] "GET /benefits-of-male-sexual-enhancement-pills/ HTTP/1.1" 404 1251 "-" "Mozilla/5.0 (compatible; AhrefsBot/7.0; +http://ahrefs.com/robot/)"
136.243.228.194 - - [14/Apr/2025:12:45:06 -0400] "GET /mba-studies-why-its-worth-it/ HTTP/1.1" 404 1251 "-" "Mozilla/5.0 (compatible; DataForSeoBot/1.0; +https://dataforseo.com/dataforseo-bot)"
51.222.253.6 - - [14/Apr/2025:12:45:31 -0400] "GET /advantages-of-a-gaming-pc/ HTTP/1.1" 404 1251 "-" "Mozilla/5.0 (compatible; AhrefsBot/7.0; +http://ahrefs.com/robot/)"
51.222.253.15 - - [14/Apr/2025:12:47:45 -0400] "GET /the-sommersuppe-a-must-have-for-foodies-everywhere/ HTTP/1.1" 404 1251 "-" "Mozilla/5.0 (compatible; AhrefsBot/7.0; +http://ahrefs.com/robot/)"
51.222.253.3 - - [14/Apr/2025:12:49:49 -0400] "GET /orchard-sophia-developer-an-urban-sanctuary-in-the-heart-of-singapore/ HTTP/1.1" 404 1251 "-" "Mozilla/5.0 (compatible; AhrefsBot/7.0; +http://ahrefs.com/robot/)"
51.222.253.15 - - [14/Apr/2025:12:52:14 -0400] "GET /how-to-write-a-voice-over/ HTTP/1.1" 404 1251 "-" "Mozilla/5.0 (compatible; AhrefsBot/7.0; +http://ahrefs.com/robot/)"
66.249.64.160 - - [14/Apr/2025:12:54:20 -0400] "GET /dp/B091D9R5XX?ref=MarsFS_VICC_rvdwired HTTP/1.1" 404 1251 "-" "Mozilla/5.0 (Linux; Android 6.0.1; Nexus 5X Build/MMB29P) AppleWebKit/537.36 (KHTML, like Gecko) Chrome/135.0.7049.84 Mobile Safari/537.36 (compatible; Googlebot/2.1; +http://www.google.com/bot.html)"
51.222.253.16 - - [14/Apr/2025:12:54:47 -0400] "GET /how-to-learn-python/ HTTP/1.1" 404 1251 "-" "Mozilla/5.0 (compatible; AhrefsBot/7.0; +http://ahrefs.com/robot/)"
35.206.81.74 - - [14/Apr/2025:12:55:04 -0400] "HEAD / HTTP/1.1" 200 0 "-" "scalaj-http/2.4.2"
35.206.81.74 - - [14/Apr/2025:12:55:06 -0400] "GET / HTTP/1.1" 200 156096 "-" "Buck/2.4.3; (+https://app.hypefactors.com/media-monitoring/about.html)"
35.206.81.74 - - [14/Apr/2025:12:55:17 -0400] "GET /robots.txt HTTP/1.1" 304 0 "-" "Buck/2.4.3; (+https://app.hypefactors.com/media-monitoring/about.html)"
35.206.81.74 - - [14/Apr/2025:12:55:20 -0400] "GET /sitemap.xml HTTP/1.1" 200 245 "-" "Buck/2.4.3; (+https://app.hypefactors.com/media-monitoring/about.html)"
35.206.81.74 - - [14/Apr/2025:12:55:57 -0400] "GET /gp/registry/wishlist/ HTTP/1.1" 404 1251 "-" "Buck/2.4.3; (+https://app.hypefactors.com/media-monitoring/about.html)"
35.206.81.74 - - [14/Apr/2025:12:56:31 -0400] "GET /Amazon/b/ref=bl_dp_s_web_7940963051 HTTP/1.1" 404 1251 "-" "Buck/2.4.3; (+https://app.hypefactors.com/media-monitoring/about.html)"
35.206.81.74 - - [14/Apr/2025:12:57:12 -0400] "GET /dp/B09WXH9BH7 HTTP/1.1" 404 1251 "-" "Buck/2.4.3; (+https://app.hypefactors.com/media-monitoring/about.html)"
51.222.253.9 - - [14/Apr/2025:12:57:17 -0400] "GET /the-best-ftp-app-for-mac/ HTTP/1.1" 404 1251 "-" "Mozilla/5.0 (compatible; AhrefsBot/7.0; +http://ahrefs.com/robot/)"
35.206.81.74 - - [14/Apr/2025:12:57:56 -0400] "GET /dp/B09B8YP8KY HTTP/1.1" 404 1251 "-" "Buck/2.4.3; (+https://app.hypefactors.com/media-monitoring/about.html)"
35.206.81.74 - - [14/Apr/2025:12:58:35 -0400] "GET /dp/B0C2RXN77R HTTP/1.1" 404 1251 "-" "Buck/2.4.3; (+https://app.hypefactors.com/media-monitoring/about.html)"
35.206.81.74 - - [14/Apr/2025:12:59:12 -0400] "GET /dp/B085G63QHT HTTP/1.1" 404 1251 "-" "Buck/2.4.3; (+https://app.hypefactors.com/media-monitoring/about.html)"
35.206.81.74 - - [14/Apr/2025:12:59:38 -0400] "GET /dp/B07NQ7HNHY HTTP/1.1" 404 1251 "-" "Buck/2.4.3; (+https://app.hypefactors.com/media-monitoring/about.html)"
51.222.253.10 - - [14/Apr/2025:12:59:45 -0400] "GET /how-internet-gambling-became-a-multi-billion-dollar-industry/ HTTP/1.1" 404 1251 "-" "Mozilla/5.0 (compatible; AhrefsBot/7.0; +http://ahrefs.com/robot/)"
35.206.81.74 - - [14/Apr/2025:13:00:19 -0400] "GET /dp/B09B2RL8CG HTTP/1.1" 404 1251 "-" "Buck/2.4.3; (+https://app.hypefactors.com/media-monitoring/about.html)"
35.206.81.74 - - [14/Apr/2025:13:00:56 -0400] "GET /dp/B0BLS3H65Z HTTP/1.1" 404 1251 "-" "Buck/2.4.3; (+https://app.hypefactors.com/media-monitoring/about.html)"
35.206.81.74 - - [14/Apr/2025:13:01:33 -0400] "GET /dp/B0BCR4YW51 HTTP/1.1" 404 1251 "-" "Buck/2.4.3; (+https://app.hypefactors.com/media-monitoring/about.html)"
35.206.81.74 - - [14/Apr/2025:13:02:01 -0400] "GET /dp/B084NTF5ZY HTTP/1.1" 404 1251 "-" "Buck/2.4.3; (+https://app.hypefactors.com/media-monitoring/about.html)"
51.222.253.10 - - [14/Apr/2025:13:02:06 -0400] "GET /guidelines-in-hiring-a-richmond-criminal-defense-lawyer/ HTTP/1.1" 404 1251 "-" "Mozilla/5.0 (compatible; AhrefsBot/7.0; +http://ahrefs.com/robot/)"
35.206.81.74 - - [14/Apr/2025:13:02:46 -0400] "GET /dp/B08MQNGX3W HTTP/1.1" 404 1251 "-" "Buck/2.4.3; (+https://app.hypefactors.com/media-monitoring/about.html)"
35.206.81.74 - - [14/Apr/2025:13:03:15 -0400] "GET /dp/B09Y1GZR7T HTTP/1.1" 404 1251 "-" "Buck/2.4.3; (+https://app.hypefactors.com/media-monitoring/about.html)"
129.226.64.249 - - [14/Apr/2025:13:03:47 -0400] "GET /semenax-price-how-does-it-work/ HTTP/1.1" 404 1251 "-" "Python/3.10 aiohttp/3.10.5"
35.206.81.74 - - [14/Apr/2025:13:03:48 -0400] "GET /dp/B0CQMZ24LR HTTP/1.1" 404 1251 "-" "Buck/2.4.3; (+https://app.hypefactors.com/media-monitoring/about.html)"
66.249.64.160 - - [14/Apr/2025:13:04:12 -0400] "GET /2023/09/ HTTP/1.1" 404 1251 "-" "Mozilla/5.0 (Linux; Android 6.0.1; Nexus 5X Build/MMB29P) AppleWebKit/537.36 (KHTML, like Gecko) Chrome/135.0.7049.52 Mobile Safari/537.36 (compatible; Googlebot/2.1; +http://www.google.com/bot.html)"
35.206.81.74 - - [14/Apr/2025:13:04:12 -0400] "GET /dp/B0CJKV1J9N HTTP/1.1" 404 1251 "-" "Buck/2.4.3; (+https://app.hypefactors.com/media-monitoring/about.html)"
51.222.253.7 - - [14/Apr/2025:13:04:23 -0400] "GET /creative-solutions-for-small-bathroom-renovations/ HTTP/1.1" 404 1251 "-" "Mozilla/5.0 (compatible; AhrefsBot/7.0; +http://ahrefs.com/robot/)"
35.206.81.74 - - [14/Apr/2025:13:04:46 -0400] "GET /dp/B0BTG4S29L HTTP/1.1" 404 1251 "-" "Buck/2.4.3; (+https://app.hypefactors.com/media-monitoring/about.html)"
35.206.81.74 - - [14/Apr/2025:13:05:15 -0400] "GET /dp/B09TDTJKF1 HTTP/1.1" 404 1251 "-" "Buck/2.4.3; (+https://app.hypefactors.com/media-monitoring/about.html)"
35.206.81.74 - - [14/Apr/2025:13:05:41 -0400] "GET /dp/B0CP31QS6R HTTP/1.1" 404 1251 "-" "Buck/2.4.3; (+https://app.hypefactors.com/media-monitoring/about.html)"
35.206.81.74 - - [14/Apr/2025:13:06:16 -0400] "GET /dp/B0CFPL6CFY HTTP/1.1" 404 1251 "-" "Buck/2.4.3; (+https://app.hypefactors.com/media-monitoring/about.html)"
51.222.253.12 - - [14/Apr/2025:13:06:38 -0400] "GET /licensed-caregivers-5-reasons-to-use-agency-managed-home-care/ HTTP/1.1" 404 1251 "-" "Mozilla/5.0 (compatible; AhrefsBot/7.0; +http://ahrefs.com/robot/)"
35.206.81.74 - - [14/Apr/2025:13:06:58 -0400] "GET /dp/B0CFPHSTDD HTTP/1.1" 404 1251 "-" "Buck/2.4.3; (+https://app.hypefactors.com/media-monitoring/about.html)"
35.206.81.74 - - [14/Apr/2025:13:07:25 -0400] "GET /dp/B0CZB5RHWX HTTP/1.1" 404 1251 "-" "Buck/2.4.3; (+https://app.hypefactors.com/media-monitoring/about.html)"
35.206.81.74 - - [14/Apr/2025:13:08:09 -0400] "GET /dp/B09BS5XWNS HTTP/1.1" 404 1251 "-" "Buck/2.4.3; (+https://app.hypefactors.com/media-monitoring/about.html)"
35.206.81.74 - - [14/Apr/2025:13:08:55 -0400] "GET /dp/B091D9R5XX HTTP/1.1" 404 1251 "-" "Buck/2.4.3; (+https://app.hypefactors.com/media-monitoring/about.html)"
51.222.253.20 - - [14/Apr/2025:13:09:08 -0400] "GET /tazarotene-uk/ HTTP/1.1" 404 1251 "-" "Mozilla/5.0 (compatible; AhrefsBot/7.0; +http://ahrefs.com/robot/)"
35.206.81.74 - - [14/Apr/2025:13:09:31 -0400] "GET /dp/B0BZWRSRWV HTTP/1.1" 404 1251 "-" "Buck/2.4.3; (+https://app.hypefactors.com/media-monitoring/about.html)"
35.206.81.74 - - [14/Apr/2025:13:10:21 -0400] "GET /dp/B09WZBPX7K HTTP/1.1" 404 1251 "-" "Buck/2.4.3; (+https://app.hypefactors.com/media-monitoring/about.html)"
35.206.81.74 - - [14/Apr/2025:13:11:04 -0400] "GET /dp/B0B2BY4ZG7 HTTP/1.1" 404 1251 "-" "Buck/2.4.3; (+https://app.hypefactors.com/media-monitoring/about.html)"
51.222.253.13 - - [14/Apr/2025:13:11:24 -0400] "GET /online-gambling/ HTTP/1.1" 404 1251 "-" "Mozilla/5.0 (compatible; AhrefsBot/7.0; +http://ahrefs.com/robot/)"
35.206.81.74 - - [14/Apr/2025:13:11:36 -0400] "GET /dp/B0D484S271 HTTP/1.1" 404 1251 "-" "Buck/2.4.3; (+https://app.hypefactors.com/media-monitoring/about.html)"
35.206.81.74 - - [14/Apr/2025:13:12:18 -0400] "GET /dp/B0B6GK4VTC HTTP/1.1" 404 1251 "-" "Buck/2.4.3; (+https://app.hypefactors.com/media-monitoring/about.html)"
35.206.81.74 - - [14/Apr/2025:13:12:49 -0400] "GET /dp/B0CG2TPLJV HTTP/1.1" 404 1251 "-" "Buck/2.4.3; (+https://app.hypefactors.com/media-monitoring/about.html)"
