Server IP : 104.21.46.188 / Your IP : 18.118.10.2 Web Server : LiteSpeed System : Linux business31.web-hosting.com 4.18.0-553.16.1.lve.1.el8.x86_64 #1 SMP Mon Sep 23 20:16:18 UTC 2024 x86_64 User : varizmol ( 2121) PHP Version : 8.0.30 Disable Function : NONE MySQL : OFF | cURL : ON | WGET : ON | Perl : ON | Python : ON | Sudo : OFF | Pkexec : OFF Directory : /home/varizmol/access-logs/ |
Upload File : |
51.222.253.10 - - [14/Apr/2025:06:21:04 -0400] "GET /glissez-votre-chien-dans-un-confort-douillet-avec-une-pantoufle-pour-chien/ HTTP/1.1" 404 1251 "-" "Mozilla/5.0 (compatible; AhrefsBot/7.0; +http://ahrefs.com/robot/)"
114.119.147.240 - - [14/Apr/2025:06:21:53 -0400] "GET /page/16/ HTTP/1.1" 404 1251 "https://llcbibleclub.com/page/17/" "Mozilla/5.0 (Linux; Android 7.0;) AppleWebKit/537.36 (KHTML, like Gecko) Mobile Safari/537.36 (compatible; PetalBot;+https://webmaster.petalsearch.com/site/petalbot)"
114.119.139.104 - - [14/Apr/2025:06:23:17 -0400] "GET /dp/B08ZJVVMT4?ref=MarsFS_eero_en HTTP/1.1" 404 1251 "https://llcbibleclub.com/" "Mozilla/5.0 (Linux; Android 7.0;) AppleWebKit/537.36 (KHTML, like Gecko) Mobile Safari/537.36 (compatible; PetalBot;+https://webmaster.petalsearch.com/site/petalbot)"
51.222.253.9 - - [14/Apr/2025:06:24:00 -0400] "GET /a-haven-of-modern-living/ HTTP/1.1" 404 1251 "-" "Mozilla/5.0 (compatible; AhrefsBot/7.0; +http://ahrefs.com/robot/)"
51.222.253.15 - - [14/Apr/2025:06:26:43 -0400] "GET /exploring-the-benefits-of-long-distance-runs/ HTTP/1.1" 404 1251 "-" "Mozilla/5.0 (compatible; AhrefsBot/7.0; +http://ahrefs.com/robot/)"
178.20.47.39 - - [14/Apr/2025:06:29:05 -0400] "GET /best-cbd-oil-products-uk/ HTTP/1.1" 404 1251 "https://llcbibleclub.com/best-cbd-oil-products-uk/" "Mozilla/5.0 (Windows NT 10.0; Win64; x64) AppleWebKit/537.36 (KHTML, like Gecko) Chrome/131.0.0.0 Safari/537.36"
178.20.47.39 - - [14/Apr/2025:06:29:07 -0400] "GET / HTTP/1.1" 200 156096 "https://llcbibleclub.com/" "Mozilla/5.0 (Windows NT 10.0; Win64; x64) AppleWebKit/537.36 (KHTML, like Gecko) Chrome/131.0.0.0 Safari/537.36"
51.222.253.15 - - [14/Apr/2025:06:29:44 -0400] "GET /the-benefits-of-participating-in-german-lessons/feed/ HTTP/1.1" 404 1251 "-" "Mozilla/5.0 (compatible; AhrefsBot/7.0; +http://ahrefs.com/robot/)"
52.167.144.204 - - [14/Apr/2025:06:29:51 -0400] "GET /?s=C-S4CMA-2302%E5%9C%A8%E7%B7%9A%E9%A1%8C%E5%BA%AB+%F0%9F%8F%95+C-S4CMA-2302%E6%9C%80%E6%96%B0%E8%80%83%E5%8F%A4%E9%A1%8C+%F0%9F%8F%A1+C-S4CMA-2302%E8%80%83%E8%A9%A6%E6%8C%87%E5%8D%97+%F0%9F%9F%A6+%E9%80%B2%E5%85%A5%E2%98%80+www.newdumpspdf.com+%EF%B8%8F%E2%98%80%EF%B8%8F%E6%90%9C%E5%B0%8B%7B+C-S4CMA-2302+%7D%E5%85%8D%E8%B2%BB%E4%B8%8B%E8%BC%89C-S4CMA-2302%E4%BF%A1%E6%81%AF%E8%B3%87%E8%A8%8A HTTP/1.1" 200 156096 "-" "Mozilla/5.0 AppleWebKit/537.36 (KHTML, like Gecko; compatible; bingbot/2.0; +http://www.bing.com/bingbot.htm) Chrome/116.0.1938.76 Safari/537.36"
51.222.253.18 - - [14/Apr/2025:06:32:19 -0400] "GET /senior-mutual-insurance/ HTTP/1.1" 404 1251 "-" "Mozilla/5.0 (compatible; AhrefsBot/7.0; +http://ahrefs.com/robot/)"
51.222.253.3 - - [14/Apr/2025:06:34:58 -0400] "GET /how-to-create-a-mug-personnalise/ HTTP/1.1" 404 1251 "-" "Mozilla/5.0 (compatible; AhrefsBot/7.0; +http://ahrefs.com/robot/)"
136.243.228.194 - - [14/Apr/2025:06:35:26 -0400] "GET /ma-prime-adapt-2024/ HTTP/1.1" 404 1251 "-" "Mozilla/5.0 (compatible; DataForSeoBot/1.0; +https://dataforseo.com/dataforseo-bot)"
51.222.253.8 - - [14/Apr/2025:06:38:07 -0400] "GET /a-nusa-penida-day-tour/ HTTP/1.1" 404 1251 "-" "Mozilla/5.0 (compatible; AhrefsBot/7.0; +http://ahrefs.com/robot/)"
44.209.35.147 - - [14/Apr/2025:06:39:17 -0400] "GET /robots.txt HTTP/1.1" 304 0 "-" "Mozilla/5.0 AppleWebKit/537.36 (KHTML, like Gecko; compatible; Amazonbot/0.1; +https://developer.amazon.com/support/amazonbot) Chrome/119.0.6045.214 Safari/537.36"
54.84.250.51 - - [14/Apr/2025:06:39:18 -0400] "GET /le-meilleur-sweat-a-capuche-pour-femme/ HTTP/1.1" 404 1251 "-" "Mozilla/5.0 AppleWebKit/537.36 (KHTML, like Gecko; compatible; Amazonbot/0.1; +https://developer.amazon.com/support/amazonbot) Chrome/119.0.6045.214 Safari/537.36"
66.249.64.160 - - [14/Apr/2025:06:39:45 -0400] "GET /curly-hair-specialist-melbourne/ HTTP/1.1" 404 1251 "-" "Mozilla/5.0 (Linux; Android 6.0.1; Nexus 5X Build/MMB29P) AppleWebKit/537.36 (KHTML, like Gecko) Chrome/135.0.7049.52 Mobile Safari/537.36 (compatible; Googlebot/2.1; +http://www.google.com/bot.html)"
51.222.253.17 - - [14/Apr/2025:06:41:22 -0400] "GET /custom-grip-socks-2/ HTTP/1.1" 404 1251 "-" "Mozilla/5.0 (compatible; AhrefsBot/7.0; +http://ahrefs.com/robot/)"
51.222.253.18 - - [14/Apr/2025:06:44:32 -0400] "GET /how-to-find-the-ultimate-stretch-mark-removal-cream/ HTTP/1.1" 404 1251 "-" "Mozilla/5.0 (compatible; AhrefsBot/7.0; +http://ahrefs.com/robot/)"
124.243.186.96 - - [14/Apr/2025:06:46:36 -0400] "GET /finding-a-curly-hairdresser-in-melbourne/ HTTP/1.1" 404 1251 "https://llcbibleclub.com/finding-a-curly-hairdresser-in-melbourne/" "Mozilla/5.0 (Windows NT 10.0; Win64; x64) AppleWebKit/537.36 (KHTML, like Gecko) Chrome/107.0.0.0 Safari/537.36"
51.222.253.18 - - [14/Apr/2025:06:47:47 -0400] "GET /choosing-a-blank-apparel-supplier/ HTTP/1.1" 404 1251 "-" "Mozilla/5.0 (compatible; AhrefsBot/7.0; +http://ahrefs.com/robot/)"
2400:9800:320:cdec:4165:323a:b0d:9716 - - [14/Apr/2025:06:47:54 -0400] "POST /wp-login.php HTTP/1.1" 200 1816 "https://llcbibleclub.com/wp-admin/" "Mozilla/5.0 (Windows NT 10.0; Win64; x64) AppleWebKit/537.36 (KHTML, like Gecko) Chrome/90.0.4430.85 Safari/537.36"
198.54.114.83 - - [14/Apr/2025:06:48:01 -0400] "POST /wp-cron.php?doing_wp_cron=1744627679.3035690784454345703125 HTTP/1.1" 200 0 "-" "WordPress/6.7.2; https://llcbibleclub.com"
2400:9800:320:cdec:4165:323a:b0d:9716 - - [14/Apr/2025:06:48:01 -0400] "GET /wp-admin/ HTTP/1.1" 302 0 "www.google.com" "Mozilla/5.0 (Windows NT 10.0; Win64; x64) AppleWebKit/537.36 (KHTML, like Gecko) Chrome/90.0.4430.85 Safari/537.36"
2400:9800:320:cdec:4165:323a:b0d:9716 - - [14/Apr/2025:06:48:03 -0400] "GET /wp-login.php?redirect_to=https%3A%2F%2Fllcbibleclub.com%2Fwp-admin%2F&reauth=1 HTTP/1.1" 200 1691 "www.google.com" "Mozilla/5.0 (Windows NT 10.0; Win64; x64) AppleWebKit/537.36 (KHTML, like Gecko) Chrome/90.0.4430.85 Safari/537.36"
51.222.253.15 - - [14/Apr/2025:06:50:53 -0400] "GET /where-to-buy-peptides/ HTTP/1.1" 404 1251 "-" "Mozilla/5.0 (compatible; AhrefsBot/7.0; +http://ahrefs.com/robot/)"
61.227.106.157 - - [14/Apr/2025:06:53:41 -0400] "GET / HTTP/1.1" 200 156096 "https://llcbibleclub.com/" "Mozilla/5.0 (Windows NT 6.1; WOW64) AppleWebKit/537.36 (KHTML, like Gecko) Chrome/32.0.6943.520 Safari/537.36"
51.222.253.17 - - [14/Apr/2025:06:54:23 -0400] "GET /hydraulic-hose-manufacturers/ HTTP/1.1" 404 1251 "-" "Mozilla/5.0 (compatible; AhrefsBot/7.0; +http://ahrefs.com/robot/)"
40.77.167.116 - - [14/Apr/2025:06:54:50 -0400] "GET /cache-courses-in-dubai/ HTTP/1.1" 404 1251 "-" "Mozilla/5.0 AppleWebKit/537.36 (KHTML, like Gecko; compatible; bingbot/2.0; +http://www.bing.com/bingbot.htm) Chrome/116.0.1938.76 Safari/537.36"
51.222.253.10 - - [14/Apr/2025:06:57:29 -0400] "GET /haushaltsauflosung-in-luneburg-ein-umfassender-service/ HTTP/1.1" 404 1251 "-" "Mozilla/5.0 (compatible; AhrefsBot/7.0; +http://ahrefs.com/robot/)"
51.222.253.1 - - [14/Apr/2025:07:01:17 -0400] "GET /pokemon-action-figures-and-toys/ HTTP/1.1" 404 1251 "-" "Mozilla/5.0 (compatible; AhrefsBot/7.0; +http://ahrefs.com/robot/)"
178.20.45.159 - - [14/Apr/2025:07:02:05 -0400] "GET /best-cbd-oil-products-uk/ HTTP/1.1" 404 1251 "https://llcbibleclub.com/best-cbd-oil-products-uk/#comment-11520/" "Mozilla/5.0 (Windows NT 10.0; Win64; x64) AppleWebKit/537.36 (KHTML, like Gecko) Chrome/131.0.0.0 Safari/537.36"
178.20.45.159 - - [14/Apr/2025:07:02:07 -0400] "GET / HTTP/1.1" 200 156096 "https://llcbibleclub.com/" "Mozilla/5.0 (Windows NT 10.0; Win64; x64) AppleWebKit/537.36 (KHTML, like Gecko) Chrome/131.0.0.0 Safari/537.36"
51.222.253.13 - - [14/Apr/2025:07:04:26 -0400] "GET /come-creare-magliette-personalizzate/ HTTP/1.1" 404 1251 "-" "Mozilla/5.0 (compatible; AhrefsBot/7.0; +http://ahrefs.com/robot/)"
51.222.253.20 - - [14/Apr/2025:07:07:26 -0400] "GET /how-to-use-a-mac-oil-cartridge/ HTTP/1.1" 404 1251 "-" "Mozilla/5.0 (compatible; AhrefsBot/7.0; +http://ahrefs.com/robot/)"
51.222.253.3 - - [14/Apr/2025:07:10:22 -0400] "GET /what-to-look-for-in-a-lakegarden-apartment/ HTTP/1.1" 404 1251 "-" "Mozilla/5.0 (compatible; AhrefsBot/7.0; +http://ahrefs.com/robot/)"
2a03:4000:56:142:c4f6:45ff:fe6c:a1d3 - - [14/Apr/2025:07:11:13 -0400] "GET / HTTP/1.1" 200 156096 "-" "Timpibot/0.9 (+http://www.timpi.io)"
51.222.253.12 - - [14/Apr/2025:07:13:22 -0400] "GET /socket-head-cap-screw/ HTTP/1.1" 404 1251 "-" "Mozilla/5.0 (compatible; AhrefsBot/7.0; +http://ahrefs.com/robot/)"
51.222.253.9 - - [14/Apr/2025:07:16:15 -0400] "GET /real-ventolin-online-get-a-ventolin-prescription/ HTTP/1.1" 404 1251 "-" "Mozilla/5.0 (compatible; AhrefsBot/7.0; +http://ahrefs.com/robot/)"
45.84.107.55 - - [14/Apr/2025:07:17:20 -0400] "GET / HTTP/1.1" 200 156096 "https://llcbibleclub.com" "Mozilla/5.0 (Windows NT 10.0; Win64; x64) AppleWebKit/537.36 (KHTML, like Gecko) Chrome/90.0.4430.85 Safari/537.36"
40.85.180.104 - - [14/Apr/2025:07:17:49 -0400] "GET /wp-admin/network/about.php HTTP/1.1" 302 0 "-" "-"
40.85.180.104 - - [14/Apr/2025:07:17:51 -0400] "GET /wp-login.php?redirect_to=https%3A%2F%2Fwww.llcbibleclub.com%2Fwp-admin%2Fnetwork%2Fabout.php&reauth=1 HTTP/1.1" 200 1696 "-" "-"
40.85.180.104 - - [14/Apr/2025:07:18:19 -0400] "GET /wp-admin/network/ HTTP/1.1" 302 0 "-" "-"
40.85.180.104 - - [14/Apr/2025:07:18:21 -0400] "GET /wp-login.php?redirect_to=https%3A%2F%2Fwww.llcbibleclub.com%2Fwp-admin%2Fnetwork%2F&reauth=1 HTTP/1.1" 200 1691 "-" "-"
40.85.180.104 - - [14/Apr/2025:07:18:50 -0400] "GET /wp-admin/user/ HTTP/1.1" 302 0 "-" "-"
198.54.114.83 - - [14/Apr/2025:07:18:51 -0400] "POST /wp-admin/admin-ajax.php?action=async_litespeed&nonce=8RIctU9qibrsx2RAaNYgZTsoKWGdmZQR&litespeed_type=imgoptm HTTP/1.1" 200 0 "-" "WordPress/6.7.2; https://llcbibleclub.com"
40.85.180.104 - - [14/Apr/2025:07:18:52 -0400] "GET /wp-login.php?redirect_to=https%3A%2F%2Fwww.llcbibleclub.com%2Fwp-admin%2Fuser%2F&reauth=1 HTTP/1.1" 200 1689 "-" "-"
40.85.180.104 - - [14/Apr/2025:07:18:56 -0400] "GET /wp-admin/index.php HTTP/1.1" 302 0 "-" "-"
40.85.180.104 - - [14/Apr/2025:07:18:57 -0400] "GET /wp-login.php?redirect_to=https%3A%2F%2Fwww.llcbibleclub.com%2Fwp-admin%2Findex.php&reauth=1 HTTP/1.1" 200 1687 "-" "-"
40.85.180.104 - - [14/Apr/2025:07:20:19 -0400] "GET /wp-admin/about.php HTTP/1.1" 302 0 "-" "-"
40.85.180.104 - - [14/Apr/2025:07:20:23 -0400] "GET /wp-login.php?redirect_to=https%3A%2F%2Fwww.llcbibleclub.com%2Fwp-admin%2Fabout.php&reauth=1 HTTP/1.1" 200 1689 "-" "-"
40.85.180.104 - - [14/Apr/2025:07:21:31 -0400] "GET /wp-admin/ HTTP/1.1" 302 0 "-" "-"
40.85.180.104 - - [14/Apr/2025:07:21:36 -0400] "GET /wp-login.php?redirect_to=https%3A%2F%2Fllcbibleclub.com%2Fwp-admin%2F&reauth=1 HTTP/1.1" 200 1691 "-" "-"
51.222.253.7 - - [14/Apr/2025:07:22:53 -0400] "GET /the-agreement-between-auditor-and-client/ HTTP/1.1" 404 1251 "-" "Mozilla/5.0 (compatible; AhrefsBot/7.0; +http://ahrefs.com/robot/)"
198.54.114.83 - - [14/Apr/2025:07:23:25 -0400] "POST /wp-admin/admin-ajax.php?action=async_litespeed&nonce=70djNoh2boOoly3wOZFkD0UWQ3jgABwA&litespeed_type=imgoptm HTTP/1.1" 200 0 "-" "WordPress/6.7.2; https://llcbibleclub.com"
40.85.180.104 - - [14/Apr/2025:07:23:25 -0400] "GET /wp-admin/network/admin.php HTTP/1.1" 302 0 "-" "-"
40.85.180.104 - - [14/Apr/2025:07:23:28 -0400] "GET /wp-login.php?redirect_to=https%3A%2F%2Fwww.llcbibleclub.com%2Fwp-admin%2Fnetwork%2Fadmin.php&reauth=1 HTTP/1.1" 200 1694 "-" "-"
40.85.180.104 - - [14/Apr/2025:07:24:04 -0400] "GET /wp-admin/network/index.php HTTP/1.1" 302 0 "-" "-"
40.85.180.104 - - [14/Apr/2025:07:24:07 -0400] "GET /wp-login.php?redirect_to=https%3A%2F%2Fwww.llcbibleclub.com%2Fwp-admin%2Fnetwork%2Findex.php&reauth=1 HTTP/1.1" 200 1692 "-" "-"
40.85.180.104 - - [14/Apr/2025:07:24:28 -0400] "GET /wp-admin/ HTTP/1.1" 302 0 "-" "-"
40.85.180.104 - - [14/Apr/2025:07:24:31 -0400] "GET /wp-login.php?redirect_to=https%3A%2F%2Fwww.llcbibleclub.com%2Fwp-admin%2F&reauth=1 HTTP/1.1" 200 1687 "-" "-"
71.132.8.142 - - [14/Apr/2025:07:25:03 -0400] "GET / HTTP/1.1" 200 156096 "-" "Mozilla/5.0 (Linux; Android 10; HD1900 Build/QKQ1.190716.003; wv) AppleWebKit/537.36 (KHTML, like Gecko) Version/4.0 Chrome/75.0.3770.156 Mobile Safari/537.36 aweme_230400 JsSdk/1.0 NetType/WIFI AppName/aweme app_version/23.4.0 ByteLocale/zh-CN Region/CN AppSkin/white AppTheme/light BytedanceWebview/d8a21c6 WebView/075113004008"
178.20.47.39 - - [14/Apr/2025:07:25:06 -0400] "GET /best-cbd-oil-products-uk/ HTTP/1.1" 404 1251 "https://llcbibleclub.com/best-cbd-oil-products-uk/" "Mozilla/5.0 (Windows NT 10.0; Win64; x64) AppleWebKit/537.36 (KHTML, like Gecko) Chrome/131.0.0.0 Safari/537.36"
178.20.47.39 - - [14/Apr/2025:07:25:09 -0400] "GET / HTTP/1.1" 200 156096 "https://llcbibleclub.com/" "Mozilla/5.0 (Windows NT 10.0; Win64; x64) AppleWebKit/537.36 (KHTML, like Gecko) Chrome/131.0.0.0 Safari/537.36"
40.85.180.104 - - [14/Apr/2025:07:25:17 -0400] "GET /wp-admin/user/about.php HTTP/1.1" 302 0 "-" "-"
40.85.180.104 - - [14/Apr/2025:07:25:18 -0400] "GET /wp-login.php?redirect_to=https%3A%2F%2Fwww.llcbibleclub.com%2Fwp-admin%2Fuser%2Fabout.php&reauth=1 HTTP/1.1" 200 1699 "-" "-"
198.54.114.83 - - [14/Apr/2025:07:27:03 -0400] "POST /wp-admin/admin-ajax.php?action=async_litespeed&nonce=5RlJxbCxZ5TcgOuoMIKdPluGbatr5fKj&litespeed_type=imgoptm HTTP/1.1" 200 0 "-" "WordPress/6.7.2; https://llcbibleclub.com"
40.85.180.104 - - [14/Apr/2025:07:27:03 -0400] "GET /wp-admin/users.php HTTP/1.1" 302 0 "-" "-"
40.85.180.104 - - [14/Apr/2025:07:27:05 -0400] "GET /wp-login.php?redirect_to=https%3A%2F%2Fwww.llcbibleclub.com%2Fwp-admin%2Fusers.php&reauth=1 HTTP/1.1" 200 1691 "-" "-"
178.20.45.159 - - [14/Apr/2025:07:27:42 -0400] "GET /best-cbd-oil-products-uk/ HTTP/1.1" 404 1251 "https://llcbibleclub.com/best-cbd-oil-products-uk/#comment-11520/" "Mozilla/5.0 (Windows NT 10.0; Win64; x64) AppleWebKit/537.36 (KHTML, like Gecko) Chrome/130.0.0.0 Safari/537.36 CCleaner/130.0.0.0"
178.20.45.159 - - [14/Apr/2025:07:27:44 -0400] "GET / HTTP/1.1" 200 156096 "https://llcbibleclub.com/" "Mozilla/5.0 (Windows NT 10.0; Win64; x64) AppleWebKit/537.36 (KHTML, like Gecko) Chrome/130.0.0.0 Safari/537.36 CCleaner/130.0.0.0"
51.222.253.11 - - [14/Apr/2025:07:27:51 -0400] "GET /entdecken-sie-die-schonheit-von-dusseldorf-kaiserswerth/ HTTP/1.1" 404 1251 "-" "Mozilla/5.0 (compatible; AhrefsBot/7.0; +http://ahrefs.com/robot/)"
71.132.8.142 - - [14/Apr/2025:07:25:20 -0400] "GET /rd/uedata?ld&v=0.300369.0&id=90G9DFKSFRKCQZ4KHD88&sw=393&sh=851&vw=393&vh=851&m=1&sc=90G9DFKSFRKCQZ4KHD88&ue=1&bb=313&ns=321&x1=463&cf=562&be=602&fp=410&fcp=410&pc=15690&tc=-3384&na_=-3384&ul_=-1744629904371&_ul=-1744629904371&rd_=-1744629904371&_rd=-1744629904371&fe_=-3384&lk_=-3384&_lk=-3384&co_=-3382&_co=-2535&sc_=-2739&rq_=-2535&rs_=-7&_rs=394&dl_=-4&di_=632&de_=632&_de=633&_dc=15690&ld_=15690&_ld=-1744629904371&ntd=-1&ty=0&rc=0&hob=0&hoe=2&ld=15691&t=1744629920062&ctb=1&rt=cf:30-0-27-3-2-0-1__ld:114-11-55-45-8-0-1&ec=11&ecf=6&csmtags=aui|aui:aui_build_date:3.24.9-2024-10-31|mutObsYes|aui:sw:page_proxy:no_ctrl|DetailPageMetaAssetFixedNotCached|DetailPageEverywhereMetaAssetNotCached|DetailPagePriceTrackerAssetsNotCached|DetailPageProductSpecDepthAssetNotCached|DetailPagePQVAssetsNotCached|DetailPageTwisterPlusSubAssetsNotCached|AmazonDevicesDetailPageCriticalAssetsNotCached|DetailPagePostPurchaseAssetsNotCached|DetailPageTurboCheckoutDesktopAssetsNotCached|DetailPageNostosAssetsNotCached|auiNotCached|FWCIMEnabled|fls-fe-amazon-com-au|perfYes|mutObsActive|aui:css:network|aui:js:network|color_name|configuration|defaultSelection|swatch|swatch:defaultSelection|sIMAGE|sIMAGE:defaultSelection|singleton|singleton:defaultSelection|family_size_bucket:0-3|family_size_bucket:0-3:defaultSelection|family_size_bucket:0-3:swatch|family_size_bucket:0-3:swatch:defaultSelection|family_size_bucket:0-3:sIMAGE|family_size_bucket:0-3:sIMAGE:defaultSelection|family_size_bucket:0-3:singleton|family_size_bucket:0-3:singleton:defaultSelection|variation_dimension:2|variation_dimension:2:defaultSelection|variation_dimension:2:swatch|variation_dimension:2:swatch:defaultSelection|variation_dimension:2:sIMAGE|variation_dimension:2:sIMAGE:defaultSelection|variation_dimension:2:singleton|variation_dimension:2:singleton:defaultSelection|variation_dimension:2:family_size_bucket:0-3|variation_dimension:2:family_size_bucket:0-3:defaultSelection|variation_dimension:2:family_size_bucket:0-3:swatch|variation_dimension:2:family_size_bucket:0-3:swatch:defaultSelection|variation_dimension:2:family_size_bucket:0-3:sIMAGE|variation_dimension:2:family_size_bucket:0-3:sIMAGE:defaultSelection|variation_dimension:2:family_size_bucket:0-3:singleton|variation_dimension:2:family_size_bucket:0-3:singleton:defaultSelection|adblk_no&viz=visible:1&pty=Detail&spty=Kindle_HW&pti=B0BF75VM4T&tid=90G9DFKSFRKCQZ4KHD88&aftb=1&lob=1 HTTP/1.1" 404 1251 "https://llcbibleclub.com/" "Mozilla/5.0 (Linux; Android 10; HD1900 Build/QKQ1.190716.003; wv) AppleWebKit/537.36 (KHTML, like Gecko) Version/4.0 Chrome/75.0.3770.156 Mobile Safari/537.36 aweme_230400 JsSdk/1.0 NetType/WIFI AppName/aweme app_version/23.4.0 ByteLocale/zh-CN Region/CN AppSkin/white AppTheme/light BytedanceWebview/d8a21c6 WebView/075113004008"
51.222.253.17 - - [14/Apr/2025:07:25:25 -0400] "GET /what-is-counselling/ HTTP/1.1" 404 1251 "-" "Mozilla/5.0 (compatible; AhrefsBot/7.0; +http://ahrefs.com/robot/)"
71.132.8.142 - - [14/Apr/2025:07:25:26 -0400] "GET /rd/uedata?rid=90G9DFKSFRKCQZ4KHD88&sid=356-1077062-4831846&rx=iqYl/Ny4LVgyXJJpUcLW9A HTTP/1.1" 404 1251 "https://llcbibleclub.com/" "Mozilla/5.0 (Linux; Android 10; HD1900 Build/QKQ1.190716.003; wv) AppleWebKit/537.36 (KHTML, like Gecko) Version/4.0 Chrome/75.0.3770.156 Mobile Safari/537.36 aweme_230400 JsSdk/1.0 NetType/WIFI AppName/aweme app_version/23.4.0 ByteLocale/zh-CN Region/CN AppSkin/white AppTheme/light BytedanceWebview/d8a21c6 WebView/075113004008"
198.54.114.83 - - [14/Apr/2025:07:29:24 -0400] "POST /wp-admin/admin-ajax.php?action=async_litespeed&nonce=UvdShED9cfdpxGpwZsR2FdPK0R3oOX31&litespeed_type=imgoptm HTTP/1.1" 200 0 "-" "WordPress/6.7.2; https://llcbibleclub.com"
51.222.253.20 - - [14/Apr/2025:07:30:24 -0400] "GET /best-fishing-kayak-reviews-outfitting-your-fishing-kayak/ HTTP/1.1" 404 1251 "-" "Mozilla/5.0 (compatible; AhrefsBot/7.0; +http://ahrefs.com/robot/)"
198.54.114.83 - - [14/Apr/2025:07:31:36 -0400] "POST /wp-admin/admin-ajax.php?action=async_litespeed&nonce=agZxmog1l0YkfxTFaCuAkhIes8PEO7yu&litespeed_type=imgoptm HTTP/1.1" 200 5 "-" "WordPress/6.7.2; https://llcbibleclub.com"
40.85.180.104 - - [14/Apr/2025:07:31:36 -0400] "GET /wp-admin/ HTTP/1.1" 302 0 "-" "-"
40.85.180.104 - - [14/Apr/2025:07:31:38 -0400] "GET /wp-login.php?redirect_to=https%3A%2F%2Fwww.llcbibleclub.com%2Fwp-admin%2F&reauth=1 HTTP/1.1" 200 1687 "-" "-"
136.243.228.194 - - [14/Apr/2025:07:32:06 -0400] "GET /the-risks-of-online-sports-betting/ HTTP/1.1" 404 1251 "-" "Mozilla/5.0 (compatible; DataForSeoBot/1.0; +https://dataforseo.com/dataforseo-bot)"
51.222.253.5 - - [14/Apr/2025:07:32:39 -0400] "GET /newport-residences-a-rare-freehold-residence-in-the-heart-of-the-city/ HTTP/1.1" 404 1251 "-" "Mozilla/5.0 (compatible; AhrefsBot/7.0; +http://ahrefs.com/robot/)"
198.54.114.83 - - [14/Apr/2025:07:33:10 -0400] "POST /wp-admin/admin-ajax.php?action=async_litespeed&nonce=v4SBbYDAezSp09F3kJXbSa0g8pqfD8DK&litespeed_type=imgoptm HTTP/1.1" 200 0 "-" "WordPress/6.7.2; https://llcbibleclub.com"
51.222.253.19 - - [14/Apr/2025:07:34:47 -0400] "GET /decoding-the-dynamics-of-youtube-views/ HTTP/1.1" 404 1251 "-" "Mozilla/5.0 (compatible; AhrefsBot/7.0; +http://ahrefs.com/robot/)"
178.20.47.39 - - [14/Apr/2025:07:36:46 -0400] "GET /best-cbd-oil-products-uk/ HTTP/1.1" 404 1251 "https://llcbibleclub.com/best-cbd-oil-products-uk/" "Mozilla/5.0 (Windows NT 10.0; Win64; x64) AppleWebKit/537.36 (KHTML, like Gecko) Chrome/130.0.0.0 Safari/537.36 CCleaner/130.0.0.0"
178.20.47.39 - - [14/Apr/2025:07:36:48 -0400] "GET / HTTP/1.1" 200 156096 "https://llcbibleclub.com/" "Mozilla/5.0 (Windows NT 10.0; Win64; x64) AppleWebKit/537.36 (KHTML, like Gecko) Chrome/130.0.0.0 Safari/537.36 CCleaner/130.0.0.0"
51.222.253.4 - - [14/Apr/2025:07:37:28 -0400] "GET /same-day-delivery-service-anyone/ HTTP/1.1" 404 1251 "-" "Mozilla/5.0 (compatible; AhrefsBot/7.0; +http://ahrefs.com/robot/)"
52.167.144.142 - - [14/Apr/2025:07:37:32 -0400] "GET /mediation-services/ HTTP/1.1" 404 1251 "-" "Mozilla/5.0 AppleWebKit/537.36 (KHTML, like Gecko; compatible; bingbot/2.0; +http://www.bing.com/bingbot.htm) Chrome/116.0.1938.76 Safari/537.36"
178.20.45.128 - - [14/Apr/2025:07:37:53 -0400] "GET /best-cbd-oil-products-uk/ HTTP/1.1" 404 1251 "https://llcbibleclub.com/best-cbd-oil-products-uk/" "Mozilla/5.0 (Windows NT 10.0; Win64; x64) AppleWebKit/537.36 (KHTML, like Gecko) Chrome/131.0.0.0 Safari/537.36"
178.20.45.128 - - [14/Apr/2025:07:37:54 -0400] "GET / HTTP/1.1" 200 156096 "https://llcbibleclub.com/" "Mozilla/5.0 (Windows NT 10.0; Win64; x64) AppleWebKit/537.36 (KHTML, like Gecko) Chrome/131.0.0.0 Safari/537.36"
66.249.64.174 - - [14/Apr/2025:07:39:45 -0400] "GET /buying-a-michael-kors-womens-bag/ HTTP/1.1" 404 1251 "-" "Mozilla/5.0 (Linux; Android 6.0.1; Nexus 5X Build/MMB29P) AppleWebKit/537.36 (KHTML, like Gecko) Chrome/135.0.7049.52 Mobile Safari/537.36 (compatible; Googlebot/2.1; +http://www.google.com/bot.html)"
51.222.253.11 - - [14/Apr/2025:07:39:59 -0400] "GET /the-best-sarm-stacks-for-beginners/ HTTP/1.1" 404 1251 "-" "Mozilla/5.0 (compatible; AhrefsBot/7.0; +http://ahrefs.com/robot/)"
114.119.139.104 - - [14/Apr/2025:07:40:20 -0400] "GET /page/4/ HTTP/1.1" 404 1251 "https://llcbibleclub.com/page/3/" "Mozilla/5.0 (Linux; Android 7.0;) AppleWebKit/537.36 (KHTML, like Gecko) Mobile Safari/537.36 (compatible; PetalBot;+https://webmaster.petalsearch.com/site/petalbot)"
212.23.222.23 - - [14/Apr/2025:07:40:46 -0400] "GET / HTTP/1.1" 200 156096 "-" "Timpibot/0.9 (+http://www.timpi.io)"
51.222.253.6 - - [14/Apr/2025:07:42:28 -0400] "GET /how-to-evolve-primeape/ HTTP/1.1" 404 1251 "-" "Mozilla/5.0 (compatible; AhrefsBot/7.0; +http://ahrefs.com/robot/)"
151.106.161.79 - - [14/Apr/2025:07:44:35 -0400] "GET /wp-content/uploads/2023/01/sa9.jpg HTTP/1.1" 200 45007 "-" "Mozilla/5.0 (X11; Ubuntu; Linux x86_64; rv:72.0) Gecko/20100101 Firefox/72.0"
51.222.253.15 - - [14/Apr/2025:07:45:04 -0400] "GET /abdominoplasty/ HTTP/1.1" 404 1251 "-" "Mozilla/5.0 (compatible; AhrefsBot/7.0; +http://ahrefs.com/robot/)"
51.222.253.13 - - [14/Apr/2025:07:47:40 -0400] "GET /mens-bamboo-boxershorts/ HTTP/1.1" 404 1251 "-" "Mozilla/5.0 (compatible; AhrefsBot/7.0; +http://ahrefs.com/robot/)"
47.79.213.134 - - [14/Apr/2025:07:49:20 -0400] "GET / HTTP/1.1" 200 156096 "https://www.google.com/" "Mozilla/5.0 (Linux; Android 10; K) AppleWebKit/537.36 (KHTML, like Gecko) Chrome/132.0.0.0 Mobile Safari/537.36"
51.222.253.13 - - [14/Apr/2025:07:50:17 -0400] "GET /optimal-health-through-physiotherapy-in-auckland/ HTTP/1.1" 404 1251 "-" "Mozilla/5.0 (compatible; AhrefsBot/7.0; +http://ahrefs.com/robot/)"
51.222.253.8 - - [14/Apr/2025:07:52:37 -0400] "GET /how-to-cancel-amazon-freetime/ HTTP/1.1" 404 1251 "-" "Mozilla/5.0 (compatible; AhrefsBot/7.0; +http://ahrefs.com/robot/)"
185.220.101.190 - - [14/Apr/2025:07:53:18 -0400] "GET / HTTP/1.1" 200 156096 "https://llcbibleclub.com" "Mozilla/5.0 (Windows NT 6.1; WOW64) AppleWebKit/537.36 (KHTML, like Gecko) Chrome/44.0.2403.157 Safari/537.36"
51.222.253.2 - - [14/Apr/2025:07:55:12 -0400] "GET /professionelle-umzugsunternehmen-in-luneburg-fur-ihren-sorgenfreien-umzug/ HTTP/1.1" 404 1251 "-" "Mozilla/5.0 (compatible; AhrefsBot/7.0; +http://ahrefs.com/robot/)"
196.251.88.242 - - [14/Apr/2025:07:56:33 -0400] "GET /style.php HTTP/1.1" 404 1251 "www.google.com" "Mozlila/5.0 (Linux; Android 7.0; SM-G892A Bulid/NRD90M; wv) AppleWebKit/537.36 (KHTML, like Gecko) Version/4.0 Chrome/60.0.3112.107 Moblie Safari/537.36"
50.47.238.84 - - [14/Apr/2025:07:56:34 -0400] "GET / HTTP/1.1" 200 156096 "-" "Timpibot/0.9 (+http://www.timpi.io)"
51.222.253.13 - - [14/Apr/2025:07:57:42 -0400] "GET /what-is-the-difference-between-cat5e-and-cat6-ethernet-cables/ HTTP/1.1" 404 1251 "-" "Mozilla/5.0 (compatible; AhrefsBot/7.0; +http://ahrefs.com/robot/)"
52.167.144.163 - - [14/Apr/2025:07:59:46 -0400] "GET /balancing-studies-and-work-the-benefits-of-a-part-time-job HTTP/1.1" 404 1251 "-" "Mozilla/5.0 AppleWebKit/537.36 (KHTML, like Gecko; compatible; bingbot/2.0; +http://www.bing.com/bingbot.htm) Chrome/116.0.1938.76 Safari/537.36"
51.222.253.11 - - [14/Apr/2025:08:00:06 -0400] "GET /immersing-in-natures-embrace/ HTTP/1.1" 404 1251 "-" "Mozilla/5.0 (compatible; AhrefsBot/7.0; +http://ahrefs.com/robot/)"
40.84.221.208 - - [14/Apr/2025:08:01:18 -0400] "GET / HTTP/1.1" 200 156096 "-" "Mozilla/5.0 AppleWebKit/537.36 (KHTML, like Gecko); compatible; ChatGPT-User/1.0; +https://openai.com/bot"
110.249.202.96 - - [14/Apr/2025:08:01:49 -0400] "GET /robots.txt HTTP/1.1" 304 0 "-" "Mozilla/5.0 (Linux; Android 5.0) AppleWebKit/537.36 (KHTML, like Gecko) Mobile Safari/537.36 (compatible; Bytespider; https://zhanzhang.toutiao.com/)"
51.222.253.19 - - [14/Apr/2025:08:02:25 -0400] "GET /kunst-der-videoanimation-eine-kreative-revolution/ HTTP/1.1" 404 1251 "-" "Mozilla/5.0 (compatible; AhrefsBot/7.0; +http://ahrefs.com/robot/)"
51.222.253.1 - - [14/Apr/2025:08:04:45 -0400] "GET /a-mans-wardrobe-is-complete-without-a-sport-coat/ HTTP/1.1" 404 1251 "-" "Mozilla/5.0 (compatible; AhrefsBot/7.0; +http://ahrefs.com/robot/)"
114.119.137.85 - - [14/Apr/2025:08:04:47 -0400] "GET /2024/10/ HTTP/1.1" 404 1251 "https://llcbibleclub.com/unlocking-the-benefits-of-dubai-osteopathy/" "Mozilla/5.0 (Linux; Android 7.0;) AppleWebKit/537.36 (KHTML, like Gecko) Mobile Safari/537.36 (compatible; PetalBot;+https://webmaster.petalsearch.com/site/petalbot)"
51.222.253.20 - - [14/Apr/2025:08:07:11 -0400] "GET /sora-condo-the-perfect-blend-of-convenience-and-tranquility/ HTTP/1.1" 404 1251 "-" "Mozilla/5.0 (compatible; AhrefsBot/7.0; +http://ahrefs.com/robot/)"
212.23.222.55 - - [14/Apr/2025:08:09:07 -0400] "GET / HTTP/1.1" 200 156096 "-" "Timpibot/0.9 (+http://www.timpi.io)"
51.222.253.14 - - [14/Apr/2025:08:09:31 -0400] "GET /gbc-p200-proclick-binding-machine-review/ HTTP/1.1" 404 1251 "-" "Mozilla/5.0 (compatible; AhrefsBot/7.0; +http://ahrefs.com/robot/)"
51.222.253.9 - - [14/Apr/2025:08:11:39 -0400] "GET /customer-service-trends-for-hbo-max/ HTTP/1.1" 404 1251 "-" "Mozilla/5.0 (compatible; AhrefsBot/7.0; +http://ahrefs.com/robot/)"
35.90.42.30 - - [14/Apr/2025:08:13:44 -0400] "GET / HTTP/1.1" 200 156096 "-" "Mozilla/5.0 (Windows NT 10.0; Win64; x64)AppleWebKit/537.36 (KHTML, like Gecko) Chrome/66.0.3359.181 Safari/537.36"
51.222.253.6 - - [14/Apr/2025:08:14:18 -0400] "GET /air-de-jeu/ HTTP/1.1" 404 1251 "-" "Mozilla/5.0 (compatible; AhrefsBot/7.0; +http://ahrefs.com/robot/)"
51.222.253.9 - - [14/Apr/2025:08:16:42 -0400] "GET /utility-management-for-multifamily-properties/ HTTP/1.1" 404 1251 "-" "Mozilla/5.0 (compatible; AhrefsBot/7.0; +http://ahrefs.com/robot/)"
51.222.253.2 - - [14/Apr/2025:08:19:01 -0400] "GET /the-nexus-of-luxury-and-connectivity-lentoria/ HTTP/1.1" 404 1251 "-" "Mozilla/5.0 (compatible; AhrefsBot/7.0; +http://ahrefs.com/robot/)"
40.77.167.4 - - [14/Apr/2025:08:20:08 -0400] "GET /the-dry-shampoo-sofa/ HTTP/1.1" 404 1251 "-" "Mozilla/5.0 AppleWebKit/537.36 (KHTML, like Gecko; compatible; bingbot/2.0; +http://www.bing.com/bingbot.htm) Chrome/116.0.1938.76 Safari/537.36"
51.222.253.7 - - [14/Apr/2025:08:21:13 -0400] "GET /get-your-dental-health-flourish-with-traditional-dental-insurance-plan/ HTTP/1.1" 404 1251 "-" "Mozilla/5.0 (compatible; AhrefsBot/7.0; +http://ahrefs.com/robot/)"
51.222.253.14 - - [14/Apr/2025:08:24:12 -0400] "GET /custom-socks-with-your-logo-are-a-great-way-to-promote-your-brand/ HTTP/1.1" 404 1251 "-" "Mozilla/5.0 (compatible; AhrefsBot/7.0; +http://ahrefs.com/robot/)"
51.222.253.17 - - [14/Apr/2025:08:26:28 -0400] "GET /relaxation-amidst-work-commitments/ HTTP/1.1" 404 1251 "-" "Mozilla/5.0 (compatible; AhrefsBot/7.0; +http://ahrefs.com/robot/)"
136.243.228.194 - - [14/Apr/2025:08:28:01 -0400] "GET /lakegarden-residences-a-new-development-in-jurong-east/ HTTP/1.1" 404 1251 "-" "Mozilla/5.0 (compatible; DataForSeoBot/1.0; +https://dataforseo.com/dataforseo-bot)"
40.77.167.144 - - [14/Apr/2025:08:28:06 -0400] "GET /what-does-a-lawyer-do/ HTTP/1.1" 404 1251 "-" "Mozilla/5.0 AppleWebKit/537.36 (KHTML, like Gecko; compatible; bingbot/2.0; +http://www.bing.com/bingbot.htm) Chrome/116.0.1938.76 Safari/537.36"
51.222.253.8 - - [14/Apr/2025:08:29:22 -0400] "GET /how-to-promote-a-channel-on-twitch/ HTTP/1.1" 404 1251 "-" "Mozilla/5.0 (compatible; AhrefsBot/7.0; +http://ahrefs.com/robot/)"
152.42.172.190 - - [14/Apr/2025:08:29:55 -0400] "GET / HTTP/1.1" 200 156096 "-" "python-requests/2.32.3"
152.42.172.190 - - [14/Apr/2025:08:29:56 -0400] "GET /wp-content/plugins/wp-time-capsule/wp-tcapsule-bridge/upload.php HTTP/1.1" 404 1251 "-" "python-requests/2.32.3"
195.2.67.184 - - [14/Apr/2025:08:31:04 -0400] "GET /best-cbd-oil-products-uk/ HTTP/1.1" 404 1251 "https://llcbibleclub.com/best-cbd-oil-products-uk/#comment-5924/" "Mozilla/5.0 (Windows NT 10.0; Win64; x64) AppleWebKit/537.36 (KHTML, like Gecko) Chrome/129.0.0.0 Safari/537.36"
195.2.67.184 - - [14/Apr/2025:08:31:05 -0400] "GET / HTTP/1.1" 200 156096 "https://llcbibleclub.com/" "Mozilla/5.0 (Windows NT 10.0; Win64; x64) AppleWebKit/537.36 (KHTML, like Gecko) Chrome/129.0.0.0 Safari/537.36"
51.222.253.2 - - [14/Apr/2025:08:31:41 -0400] "GET /opening-a-new-window-on-the-intersection-of-blockchain-and-the-real-world-the-leadership-of-knnex-blockchain-exchange/ HTTP/1.1" 404 1251 "-" "Mozilla/5.0 (compatible; AhrefsBot/7.0; +http://ahrefs.com/robot/)"
51.222.253.19 - - [14/Apr/2025:08:34:18 -0400] "GET /youtube-marketing-why-should-you-use-it-for-marketing/ HTTP/1.1" 404 1251 "-" "Mozilla/5.0 (compatible; AhrefsBot/7.0; +http://ahrefs.com/robot/)"
195.2.67.184 - - [14/Apr/2025:08:35:48 -0400] "GET /best-cbd-oil-products-uk/ HTTP/1.1" 404 1251 "https://llcbibleclub.com/best-cbd-oil-products-uk/#comment-5924/" "Mozilla/5.0 (Windows NT 10.0; Win64; x64) AppleWebKit/537.36 (KHTML, like Gecko) Chrome/131.0.0.0 Safari/537.36"
195.2.67.184 - - [14/Apr/2025:08:35:49 -0400] "GET / HTTP/1.1" 200 156096 "https://llcbibleclub.com/" "Mozilla/5.0 (Windows NT 10.0; Win64; x64) AppleWebKit/537.36 (KHTML, like Gecko) Chrome/131.0.0.0 Safari/537.36"
51.222.253.3 - - [14/Apr/2025:08:36:48 -0400] "GET /dental-emergencies/ HTTP/1.1" 404 1251 "-" "Mozilla/5.0 (compatible; AhrefsBot/7.0; +http://ahrefs.com/robot/)"
51.222.253.6 - - [14/Apr/2025:08:39:06 -0400] "GET /online-mba-programs-for-working-professionals/ HTTP/1.1" 404 1251 "-" "Mozilla/5.0 (compatible; AhrefsBot/7.0; +http://ahrefs.com/robot/)"
51.89.68.103 - - [14/Apr/2025:08:39:27 -0400] "GET /wp-admin/js/js/cache.php HTTP/1.1" 404 1251 "-" "Mozilla/5.0 (Windows NT 10.0; Win64; x64) AppleWebKit/537.36 (KHTML, like Gecko) Chrome/127.0.0.0 Safari/537.36"
51.89.68.103 - - [14/Apr/2025:08:39:31 -0400] "GET /wp-admin/images/images/cache.php HTTP/1.1" 404 1251 "-" "Mozilla/5.0 (Windows NT 10.0; Win64; x64) AppleWebKit/537.36 (KHTML, like Gecko) Chrome/127.0.0.0 Safari/537.36"
51.89.68.103 - - [14/Apr/2025:08:39:35 -0400] "GET /wp-admin/includes/includes/cache.php HTTP/1.1" 404 1251 "-" "Mozilla/5.0 (Windows NT 10.0; Win64; x64) AppleWebKit/537.36 (KHTML, like Gecko) Chrome/127.0.0.0 Safari/537.36"
51.89.68.103 - - [14/Apr/2025:08:39:40 -0400] "GET /assets/media/media/cache.php HTTP/1.1" 404 1251 "-" "Mozilla/5.0 (Windows NT 10.0; Win64; x64) AppleWebKit/537.36 (KHTML, like Gecko) Chrome/127.0.0.0 Safari/537.36"
51.89.68.103 - - [14/Apr/2025:08:39:43 -0400] "GET /tmp/tmp/cache.php HTTP/1.1" 404 1251 "-" "Mozilla/5.0 (Windows NT 10.0; Win64; x64) AppleWebKit/537.36 (KHTML, like Gecko) Chrome/127.0.0.0 Safari/537.36"
66.249.64.160 - - [14/Apr/2025:08:39:45 -0400] "GET /big-bags-are-back/ HTTP/1.1" 404 1251 "-" "Mozilla/5.0 (Linux; Android 6.0.1; Nexus 5X Build/MMB29P) AppleWebKit/537.36 (KHTML, like Gecko) Chrome/135.0.7049.52 Mobile Safari/537.36 (compatible; Googlebot/2.1; +http://www.google.com/bot.html)"
51.222.253.16 - - [14/Apr/2025:08:41:24 -0400] "GET /how-to-delete-fanduel-account/ HTTP/1.1" 404 1251 "-" "Mozilla/5.0 (compatible; AhrefsBot/7.0; +http://ahrefs.com/robot/)"
51.222.253.13 - - [14/Apr/2025:08:43:43 -0400] "GET /star-bucwild-the-new-york-street-pimp/ HTTP/1.1" 404 1251 "-" "Mozilla/5.0 (compatible; AhrefsBot/7.0; +http://ahrefs.com/robot/)"
51.222.253.11 - - [14/Apr/2025:08:46:06 -0400] "GET /so-erhalten-sie-eine-hypothek/ HTTP/1.1" 404 1251 "-" "Mozilla/5.0 (compatible; AhrefsBot/7.0; +http://ahrefs.com/robot/)"
51.222.253.17 - - [14/Apr/2025:08:48:24 -0400] "GET /betting-shops-open-nearest-to-me-now/ HTTP/1.1" 404 1251 "-" "Mozilla/5.0 (compatible; AhrefsBot/7.0; +http://ahrefs.com/robot/)"
195.2.67.184 - - [14/Apr/2025:08:48:42 -0400] "GET /best-cbd-oil-products-uk/ HTTP/1.1" 404 1251 "https://llcbibleclub.com/best-cbd-oil-products-uk/#comment-5924/" "Mozilla/5.0 (Windows NT 10.0; Win64; x64) AppleWebKit/537.36 (KHTML, like Gecko) Chrome/129.0.0.0 Safari/537.36"
195.2.67.184 - - [14/Apr/2025:08:48:43 -0400] "GET / HTTP/1.1" 200 156096 "https://llcbibleclub.com/" "Mozilla/5.0 (Windows NT 10.0; Win64; x64) AppleWebKit/537.36 (KHTML, like Gecko) Chrome/129.0.0.0 Safari/537.36"
52.167.144.218 - - [14/Apr/2025:08:49:41 -0400] "GET /german-courses-in-london/ HTTP/1.1" 404 1251 "-" "Mozilla/5.0 AppleWebKit/537.36 (KHTML, like Gecko; compatible; bingbot/2.0; +http://www.bing.com/bingbot.htm) Chrome/116.0.1938.76 Safari/537.36"
51.222.253.20 - - [14/Apr/2025:08:50:38 -0400] "GET /custom-logo-dress-socks/ HTTP/1.1" 404 1251 "-" "Mozilla/5.0 (compatible; AhrefsBot/7.0; +http://ahrefs.com/robot/)"
51.222.253.20 - - [14/Apr/2025:08:52:57 -0400] "GET /what-is-otc-drug-establishment-registrationover-the-counter-otc-drugs-are-widely-used-for-treating-common-ailments-without-the-need-for-a-prescription-for-manufacturers-distributors-and-packagers/ HTTP/1.1" 404 1251 "-" "Mozilla/5.0 (compatible; AhrefsBot/7.0; +http://ahrefs.com/robot/)"
51.222.253.20 - - [14/Apr/2025:08:55:11 -0400] "GET /living-in-hillhaven-condo-in-los-altos-hills/ HTTP/1.1" 404 1251 "-" "Mozilla/5.0 (compatible; AhrefsBot/7.0; +http://ahrefs.com/robot/)"
185.21.13.25 - - [14/Apr/2025:08:55:15 -0400] "GET / HTTP/1.1" 200 156096 "-" "Mozilla/5.0 (Macintosh; Intel Mac OS X 10_15_7) AppleWebKit/537.36 (KHTML, like Gecko) Chrome/133.0.0.0 Safari/537.36"
185.21.13.25 - - [14/Apr/2025:08:55:17 -0400] "GET /gp/registry/wishlist/ HTTP/1.1" 404 1251 "-" "Mozilla/5.0 (Macintosh; Intel Mac OS X 10_15_7) AppleWebKit/537.36 (KHTML, like Gecko) Chrome/133.0.0.0 Safari/537.36"
185.21.13.25 - - [14/Apr/2025:08:55:19 -0400] "GET / HTTP/1.1" 200 156096 "-" "Mozilla/5.0 (Macintosh; Intel Mac OS X 10_15_7) AppleWebKit/537.36 (KHTML, like Gecko) Chrome/133.0.0.0 Safari/537.36"
185.21.13.25 - - [14/Apr/2025:08:55:22 -0400] "GET / HTTP/1.1" 200 156096 "-" "Mozilla/5.0 (Macintosh; Intel Mac OS X 10_15_7) AppleWebKit/537.36 (KHTML, like Gecko) Chrome/133.0.0.0 Safari/537.36"
185.21.13.25 - - [14/Apr/2025:08:55:25 -0400] "GET /product-reviews/B0DG4WZZPV/ref=acr_dp_hist_5?ie=UTF8&filterByStar=five_star&reviewerType=all_reviews HTTP/1.1" 404 1251 "-" "Mozilla/5.0 (Macintosh; Intel Mac OS X 10_15_7) AppleWebKit/537.36 (KHTML, like Gecko) Chrome/133.0.0.0 Safari/537.36"
185.21.13.25 - - [14/Apr/2025:08:55:27 -0400] "GET /product-reviews/B0DG4WZZPV/ref=acr_dp_hist_4?ie=UTF8&filterByStar=four_star&reviewerType=all_reviews HTTP/1.1" 404 1251 "-" "Mozilla/5.0 (Macintosh; Intel Mac OS X 10_15_7) AppleWebKit/537.36 (KHTML, like Gecko) Chrome/133.0.0.0 Safari/537.36"
185.21.13.25 - - [14/Apr/2025:08:55:29 -0400] "GET /product-reviews/B0DG4WZZPV/ref=acr_dp_hist_3?ie=UTF8&filterByStar=three_star&reviewerType=all_reviews HTTP/1.1" 404 1251 "-" "Mozilla/5.0 (Macintosh; Intel Mac OS X 10_15_7) AppleWebKit/537.36 (KHTML, like Gecko) Chrome/133.0.0.0 Safari/537.36"
185.21.13.25 - - [14/Apr/2025:08:55:31 -0400] "GET /product-reviews/B0DG4WZZPV/ref=acr_dp_hist_2?ie=UTF8&filterByStar=two_star&reviewerType=all_reviews HTTP/1.1" 404 1251 "-" "Mozilla/5.0 (Macintosh; Intel Mac OS X 10_15_7) AppleWebKit/537.36 (KHTML, like Gecko) Chrome/133.0.0.0 Safari/537.36"
185.21.13.25 - - [14/Apr/2025:08:55:32 -0400] "GET /product-reviews/B0DG4WZZPV/ref=acr_dp_hist_1?ie=UTF8&filterByStar=one_star&reviewerType=all_reviews HTTP/1.1" 404 1251 "-" "Mozilla/5.0 (Macintosh; Intel Mac OS X 10_15_7) AppleWebKit/537.36 (KHTML, like Gecko) Chrome/133.0.0.0 Safari/537.36"
185.21.13.25 - - [14/Apr/2025:08:55:33 -0400] "GET /review/create-review/ref=cm_cr_dp_d_wr_but_top?ie=UTF8&channel=glance-detail&asin=B0DG4WZZPV HTTP/1.1" 404 1251 "-" "Mozilla/5.0 (Macintosh; Intel Mac OS X 10_15_7) AppleWebKit/537.36 (KHTML, like Gecko) Chrome/133.0.0.0 Safari/537.36"
185.21.13.25 - - [14/Apr/2025:08:55:35 -0400] "GET /gp/profile/amzn1.account.AFXQP46YJ2XUKR4MYZFNG3H2CXBQ/ref=cm_cr_dp_d_gw_tr?ie=UTF8 HTTP/1.1" 404 1251 "-" "Mozilla/5.0 (Macintosh; Intel Mac OS X 10_15_7) AppleWebKit/537.36 (KHTML, like Gecko) Chrome/133.0.0.0 Safari/537.36"
185.21.13.25 - - [14/Apr/2025:08:55:37 -0400] "GET /gp/customer-reviews/R2DVCU4L2UJJBX/ref=cm_cr_dp_d_rvw_ttl?ie=UTF8&ASIN=B0DG4WZZPV HTTP/1.1" 404 1251 "-" "Mozilla/5.0 (Macintosh; Intel Mac OS X 10_15_7) AppleWebKit/537.36 (KHTML, like Gecko) Chrome/133.0.0.0 Safari/537.36"
185.21.13.25 - - [14/Apr/2025:08:55:38 -0400] "GET /gp/profile/amzn1.account.AF5FRYZXCS7TKUJBS42LJ5SIYFCQ/ref=cm_cr_dp_d_gw_tr?ie=UTF8 HTTP/1.1" 404 1251 "-" "Mozilla/5.0 (Macintosh; Intel Mac OS X 10_15_7) AppleWebKit/537.36 (KHTML, like Gecko) Chrome/133.0.0.0 Safari/537.36"
185.21.13.25 - - [14/Apr/2025:08:55:39 -0400] "GET /gp/customer-reviews/RSOLMCOFAZGYC/ref=cm_cr_dp_d_rvw_ttl?ie=UTF8&ASIN=B0DG4WZZPV HTTP/1.1" 404 1251 "-" "Mozilla/5.0 (Macintosh; Intel Mac OS X 10_15_7) AppleWebKit/537.36 (KHTML, like Gecko) Chrome/133.0.0.0 Safari/537.36"
185.21.13.25 - - [14/Apr/2025:08:55:41 -0400] "GET /gp/profile/amzn1.account.AEI6M6PK7YTYMMDYHFCY44VLPMYQ/ref=cm_cr_dp_d_gw_tr?ie=UTF8 HTTP/1.1" 404 1251 "-" "Mozilla/5.0 (Macintosh; Intel Mac OS X 10_15_7) AppleWebKit/537.36 (KHTML, like Gecko) Chrome/133.0.0.0 Safari/537.36"
185.21.13.25 - - [14/Apr/2025:08:55:42 -0400] "GET /gp/customer-reviews/R1PEI6HEVK2UIC/ref=cm_cr_dp_d_rvw_ttl?ie=UTF8&ASIN=B0DG4WZZPV HTTP/1.1" 404 1251 "-" "Mozilla/5.0 (Macintosh; Intel Mac OS X 10_15_7) AppleWebKit/537.36 (KHTML, like Gecko) Chrome/133.0.0.0 Safari/537.36"
185.21.13.25 - - [14/Apr/2025:08:55:43 -0400] "GET /hz/reviews-render/report-review?ie=UTF8&ref=cm_cr_dp_d_report&csrfT=hI7SZljMN8bG2ire57mKHlD4fY6c8uVTvZXytn4fYPolAAAAAGcq7rEAAAAB&reviewId=R1PEI6HEVK2UIC HTTP/1.1" 404 1251 "-" "Mozilla/5.0 (Macintosh; Intel Mac OS X 10_15_7) AppleWebKit/537.36 (KHTML, like Gecko) Chrome/133.0.0.0 Safari/537.36"
195.2.67.184 - - [14/Apr/2025:08:56:00 -0400] "GET /best-cbd-oil-products-uk/ HTTP/1.1" 404 1251 "https://llcbibleclub.com/best-cbd-oil-products-uk/#comment-5924/" "Mozilla/5.0 (Windows NT 10.0; Win64; x64) AppleWebKit/537.36 (KHTML, like Gecko) Chrome/130.0.0.0 Safari/537.36"
195.2.67.184 - - [14/Apr/2025:08:56:01 -0400] "GET / HTTP/1.1" 200 156096 "https://llcbibleclub.com/" "Mozilla/5.0 (Windows NT 10.0; Win64; x64) AppleWebKit/537.36 (KHTML, like Gecko) Chrome/130.0.0.0 Safari/537.36"
51.222.253.6 - - [14/Apr/2025:08:57:19 -0400] "GET /revolutionizing-communication-the-3cx-pbx/ HTTP/1.1" 404 1251 "-" "Mozilla/5.0 (compatible; AhrefsBot/7.0; +http://ahrefs.com/robot/)"
51.222.253.14 - - [14/Apr/2025:08:59:41 -0400] "GET /why-you-need-a-facebook-agency-ad-account/ HTTP/1.1" 404 1251 "-" "Mozilla/5.0 (compatible; AhrefsBot/7.0; +http://ahrefs.com/robot/)"
51.222.253.4 - - [14/Apr/2025:09:02:00 -0400] "GET /the-importance-of-refrigerators/ HTTP/1.1" 404 1251 "-" "Mozilla/5.0 (compatible; AhrefsBot/7.0; +http://ahrefs.com/robot/)"
195.2.67.184 - - [14/Apr/2025:09:03:47 -0400] "GET /best-cbd-oil-products-uk/ HTTP/1.1" 404 1251 "https://llcbibleclub.com/best-cbd-oil-products-uk/#comment-5924/" "Mozilla/5.0 (Windows NT 10.0; Win64; x64) AppleWebKit/537.36 (KHTML, like Gecko) Chrome/129.0.0.0 Safari/537.36"
195.2.67.184 - - [14/Apr/2025:09:03:49 -0400] "GET / HTTP/1.1" 200 156096 "https://llcbibleclub.com/" "Mozilla/5.0 (Windows NT 10.0; Win64; x64) AppleWebKit/537.36 (KHTML, like Gecko) Chrome/129.0.0.0 Safari/537.36"
51.222.253.18 - - [14/Apr/2025:09:04:42 -0400] "GET /find-carpenters-near-me-on-bark/ HTTP/1.1" 404 1251 "-" "Mozilla/5.0 (compatible; AhrefsBot/7.0; +http://ahrefs.com/robot/)"
51.222.253.8 - - [14/Apr/2025:09:06:58 -0400] "GET /benefits-and-risks-of-trenbolone-in-canada/ HTTP/1.1" 404 1251 "-" "Mozilla/5.0 (compatible; AhrefsBot/7.0; +http://ahrefs.com/robot/)"
51.222.253.7 - - [14/Apr/2025:09:09:25 -0400] "GET /inspirational-jewelry-for-women/ HTTP/1.1" 404 1251 "-" "Mozilla/5.0 (compatible; AhrefsBot/7.0; +http://ahrefs.com/robot/)"
51.222.253.4 - - [14/Apr/2025:09:11:38 -0400] "GET /how-to-embed-a-youtube-video-in-powerpoint/ HTTP/1.1" 404 1251 "-" "Mozilla/5.0 (compatible; AhrefsBot/7.0; +http://ahrefs.com/robot/)"
188.239.14.124 - - [14/Apr/2025:09:11:43 -0400] "GET /urgence-dentaire-geneve/ HTTP/1.1" 404 1251 "https://llcbibleclub.com/urgence-dentaire-geneve/" "Mozilla/5.0 (Windows NT 10.0; Win64; x64) AppleWebKit/537.36 (KHTML, like Gecko) Chrome/110.0.0.0 Safari/537.36"
51.222.253.6 - - [14/Apr/2025:09:16:20 -0400] "GET /midtown-modern-in-bugis-singapore/ HTTP/1.1" 404 1251 "-" "Mozilla/5.0 (compatible; AhrefsBot/7.0; +http://ahrefs.com/robot/)"
51.222.253.14 - - [14/Apr/2025:09:18:32 -0400] "GET /safe-drugstore-to-buy-generics-where-to-purchase-nolvadex/ HTTP/1.1" 404 1251 "-" "Mozilla/5.0 (compatible; AhrefsBot/7.0; +http://ahrefs.com/robot/)"
40.77.167.20 - - [14/Apr/2025:09:19:24 -0400] "GET /how-to-choose-an-air-cooling-system/ HTTP/1.1" 404 1251 "-" "Mozilla/5.0 AppleWebKit/537.36 (KHTML, like Gecko; compatible; bingbot/2.0; +http://www.bing.com/bingbot.htm) Chrome/116.0.1938.76 Safari/537.36"
47.242.77.69 - - [14/Apr/2025:09:20:16 -0400] "GET /post-sitemap.xml HTTP/1.1" 404 1251 "-" "Mozilla/5.0 (Macintosh; Intel Mac OS X 10_15_7) AppleWebKit/537.36 (KHTML, like Gecko) Chrome/109.0.0.0 Safari/537.36"
51.222.253.1 - - [14/Apr/2025:09:20:42 -0400] "GET /how-to-get-an-accurate-quote-for-moving/ HTTP/1.1" 404 1251 "-" "Mozilla/5.0 (compatible; AhrefsBot/7.0; +http://ahrefs.com/robot/)"
51.222.253.9 - - [14/Apr/2025:09:23:00 -0400] "GET /kratom-as-an-anxiety-remedy/ HTTP/1.1" 404 1251 "-" "Mozilla/5.0 (compatible; AhrefsBot/7.0; +http://ahrefs.com/robot/)"
51.222.253.14 - - [14/Apr/2025:09:25:18 -0400] "GET /guide-des-boutiques-vintage-en-ligne-des-emirats-arabes-unis/ HTTP/1.1" 404 1251 "-" "Mozilla/5.0 (compatible; AhrefsBot/7.0; +http://ahrefs.com/robot/)"
136.243.228.194 - - [14/Apr/2025:09:27:30 -0400] "GET /the-growing-importance-of-cyber-security/ HTTP/1.1" 404 1251 "-" "Mozilla/5.0 (compatible; DataForSeoBot/1.0; +https://dataforseo.com/dataforseo-bot)"
51.222.253.19 - - [14/Apr/2025:09:27:40 -0400] "GET /lunivers-enjoue-des-aires-de-jeux-espaces-de-decouverte-et-de-joie/ HTTP/1.1" 404 1251 "-" "Mozilla/5.0 (compatible; AhrefsBot/7.0; +http://ahrefs.com/robot/)"
51.222.253.2 - - [14/Apr/2025:09:30:16 -0400] "GET /the-subtle-disrupting-ways-of-demons/ HTTP/1.1" 404 1251 "-" "Mozilla/5.0 (compatible; AhrefsBot/7.0; +http://ahrefs.com/robot/)"
51.222.253.8 - - [14/Apr/2025:09:32:30 -0400] "GET /tax-advice-hattingen/ HTTP/1.1" 404 1251 "-" "Mozilla/5.0 (compatible; AhrefsBot/7.0; +http://ahrefs.com/robot/)"
43.139.65.222 - - [14/Apr/2025:09:34:30 -0400] "GET /wp-login.php HTTP/1.1" 200 1691 "-" "Apache-HttpClient/4.5.2 (Java/1.8.0_151)"
51.222.253.4 - - [14/Apr/2025:09:34:44 -0400] "GET /assurance-flotte-automobile-protegez-votre-investissement/ HTTP/1.1" 404 1251 "-" "Mozilla/5.0 (compatible; AhrefsBot/7.0; +http://ahrefs.com/robot/)"
51.222.253.4 - - [14/Apr/2025:09:37:09 -0400] "GET /choosing-a-tiled-conservatory-roof/ HTTP/1.1" 404 1251 "-" "Mozilla/5.0 (compatible; AhrefsBot/7.0; +http://ahrefs.com/robot/)"
198.134.116.14 - - [14/Apr/2025:09:37:30 -0400] "GET / HTTP/1.1" 200 156096 "-" "Mozilla/5.0 (X11; Linux x86_64; rv:135.0) Gecko/20100101 Firefox/135.0"
198.134.116.14 - - [14/Apr/2025:09:38:28 -0400] "GET /gp/registry/wishlist HTTP/1.1" 404 1251 "-" "Mozilla/5.0 (X11; Linux x86_64; rv:135.0) Gecko/20100101 Firefox/135.0"
198.134.116.14 - - [14/Apr/2025:09:38:29 -0400] "GET /Amazon/b/ref=bl_dp_s_web_7940963051?ie=UTF8&node=7940963051&field-lbr_brands_browse-bin=Amazon HTTP/1.1" 404 1251 "-" "Mozilla/5.0 (X11; Linux x86_64; rv:135.0) Gecko/20100101 Firefox/135.0"
198.134.116.14 - - [14/Apr/2025:09:38:30 -0400] "GET /dp/B09WXH9BH7?ref=MarsFS_AUCC_ch HTTP/1.1" 404 1251 "-" "Mozilla/5.0 (X11; Linux x86_64; rv:135.0) Gecko/20100101 Firefox/135.0"
198.134.116.14 - - [14/Apr/2025:09:38:31 -0400] "GET /dp/B09B8YP8KY?ref=MarsFS_AUCC_cann HTTP/1.1" 404 1251 "-" "Mozilla/5.0 (X11; Linux x86_64; rv:135.0) Gecko/20100101 Firefox/135.0"
198.134.116.14 - - [14/Apr/2025:09:38:32 -0400] "GET /dp/B0C2RXN77R?ref=MarsFS_AUCC_es HTTP/1.1" 404 1251 "-" "Mozilla/5.0 (X11; Linux x86_64; rv:135.0) Gecko/20100101 Firefox/135.0"
198.134.116.14 - - [14/Apr/2025:09:38:32 -0400] "GET /dp/B085G63QHT?ref=MarsFS_AUCC_lr HTTP/1.1" 404 1251 "-" "Mozilla/5.0 (X11; Linux x86_64; rv:135.0) Gecko/20100101 Firefox/135.0"
198.134.116.14 - - [14/Apr/2025:09:38:33 -0400] "GET /dp/B07NQ7HNHY?ref=MarsFS_AUCC_oe HTTP/1.1" 404 1251 "-" "Mozilla/5.0 (X11; Linux x86_64; rv:135.0) Gecko/20100101 Firefox/135.0"
198.134.116.14 - - [14/Apr/2025:09:38:35 -0400] "GET /dp/B09B2RL8CG?ref=MarsFS_AUCC_hyp HTTP/1.1" 404 1251 "-" "Mozilla/5.0 (X11; Linux x86_64; rv:135.0) Gecko/20100101 Firefox/135.0"
198.134.116.14 - - [14/Apr/2025:09:38:35 -0400] "GET /dp/B0BLS3H65Z?ref=MarsFS_AUCC_ath HTTP/1.1" 404 1251 "-" "Mozilla/5.0 (X11; Linux x86_64; rv:135.0) Gecko/20100101 Firefox/135.0"
198.134.116.14 - - [14/Apr/2025:09:38:36 -0400] "GET /dp/B0BCR4YW51?ref=MarsFS_AUCC_eh HTTP/1.1" 404 1251 "-" "Mozilla/5.0 (X11; Linux x86_64; rv:135.0) Gecko/20100101 Firefox/135.0"
198.134.116.14 - - [14/Apr/2025:09:38:38 -0400] "GET /dp/B084NTF5ZY?ref=MarsFS_AUCC_ta HTTP/1.1" 404 1251 "-" "Mozilla/5.0 (X11; Linux x86_64; rv:135.0) Gecko/20100101 Firefox/135.0"
198.134.116.14 - - [14/Apr/2025:09:38:39 -0400] "GET /dp/B08MQNGX3W?ref=MarsFS_AUCC_B08MQNGX3W HTTP/1.1" 404 1251 "-" "Mozilla/5.0 (X11; Linux x86_64; rv:135.0) Gecko/20100101 Firefox/135.0"
198.134.116.14 - - [14/Apr/2025:09:38:39 -0400] "GET /dp/B09Y1GZR7T?ref=MarsFS_AUCC_gw HTTP/1.1" 404 1251 "-" "Mozilla/5.0 (X11; Linux x86_64; rv:135.0) Gecko/20100101 Firefox/135.0"
198.134.116.14 - - [14/Apr/2025:09:38:40 -0400] "GET /dp/B0CQMZ24LR?ref=MarsFS_SMP_B0CQMZ24LR HTTP/1.1" 404 1251 "-" "Mozilla/5.0 (X11; Linux x86_64; rv:135.0) Gecko/20100101 Firefox/135.0"
198.134.116.14 - - [14/Apr/2025:09:38:41 -0400] "GET /dp/B0CJKV1J9N?ref=MarsFS_SMP_B0CJKV1J9N HTTP/1.1" 404 1251 "-" "Mozilla/5.0 (X11; Linux x86_64; rv:135.0) Gecko/20100101 Firefox/135.0"
198.134.116.14 - - [14/Apr/2025:09:38:42 -0400] "GET /dp/B0BTG4S29L?ref=MarsFS_SMP_B0BTG4S29L HTTP/1.1" 404 1251 "-" "Mozilla/5.0 (X11; Linux x86_64; rv:135.0) Gecko/20100101 Firefox/135.0"
198.134.116.14 - - [14/Apr/2025:09:38:42 -0400] "GET /dp/B09TDTJKF1?ref=MarsFS_SMP_B09TDTJKF1 HTTP/1.1" 404 1251 "-" "Mozilla/5.0 (X11; Linux x86_64; rv:135.0) Gecko/20100101 Firefox/135.0"
198.134.116.14 - - [14/Apr/2025:09:38:43 -0400] "GET /dp/B0CP31QS6R?ref=MarsFS_KINDLE_rs HTTP/1.1" 404 1251 "-" "Mozilla/5.0 (X11; Linux x86_64; rv:135.0) Gecko/20100101 Firefox/135.0"
198.134.116.14 - - [14/Apr/2025:09:38:44 -0400] "GET /dp/B0CFPL6CFY?ref=MarsFS_KINDLE_B0CFPL6CFY HTTP/1.1" 404 1251 "-" "Mozilla/5.0 (X11; Linux x86_64; rv:135.0) Gecko/20100101 Firefox/135.0"
198.134.116.14 - - [14/Apr/2025:09:38:45 -0400] "GET /dp/B0CFPHSTDD?ref=MarsFS_KINDLE_sgse HTTP/1.1" 404 1251 "-" "Mozilla/5.0 (X11; Linux x86_64; rv:135.0) Gecko/20100101 Firefox/135.0"
198.134.116.14 - - [14/Apr/2025:09:38:45 -0400] "GET /dp/B0CZB5RHWX?ref=MarsFS_KINDLE_pc HTTP/1.1" 404 1251 "-" "Mozilla/5.0 (X11; Linux x86_64; rv:135.0) Gecko/20100101 Firefox/135.0"
198.134.116.14 - - [14/Apr/2025:09:38:45 -0400] "GET /dp/B09BS5XWNS?ref=MarsFS_KINDLE_br HTTP/1.1" 404 1251 "-" "Mozilla/5.0 (X11; Linux x86_64; rv:135.0) Gecko/20100101 Firefox/135.0"
198.134.116.14 - - [14/Apr/2025:09:38:45 -0400] "GET /dp/B091D9R5XX?ref=MarsFS_VICC_rvdwired HTTP/1.1" 404 1251 "-" "Mozilla/5.0 (X11; Linux x86_64; rv:135.0) Gecko/20100101 Firefox/135.0"
198.134.116.14 - - [14/Apr/2025:09:38:46 -0400] "GET /dp/B0BZWRSRWV?ref=MarsFS_VICC_rvd HTTP/1.1" 404 1251 "-" "Mozilla/5.0 (X11; Linux x86_64; rv:135.0) Gecko/20100101 Firefox/135.0"
198.134.116.14 - - [14/Apr/2025:09:38:46 -0400] "GET /dp/B09WZBPX7K?ref=MarsFS_VICC_rvdw HTTP/1.1" 404 1251 "-" "Mozilla/5.0 (X11; Linux x86_64; rv:135.0) Gecko/20100101 Firefox/135.0"
198.134.116.14 - - [14/Apr/2025:09:38:47 -0400] "GET /dp/B0B2BY4ZG7?ref=MarsFS_VICC_rvdw HTTP/1.1" 404 1251 "-" "Mozilla/5.0 (X11; Linux x86_64; rv:135.0) Gecko/20100101 Firefox/135.0"
198.134.116.14 - - [14/Apr/2025:09:38:47 -0400] "GET /dp/B0D484S271?ref=MarsFS_VICC_blinkhk HTTP/1.1" 404 1251 "-" "Mozilla/5.0 (X11; Linux x86_64; rv:135.0) Gecko/20100101 Firefox/135.0"
198.134.116.14 - - [14/Apr/2025:09:38:48 -0400] "GET /dp/B0B6GK4VTC?ref=MarsFS_VICC_RINGINDC HTTP/1.1" 404 1251 "-" "Mozilla/5.0 (X11; Linux x86_64; rv:135.0) Gecko/20100101 Firefox/135.0"
