51.222.253.3 - - [14/Apr/2025:17:40:21 -0400] "GET /rent-a-car-at-prishtina-airport-from-sixt/ HTTP/1.1" 404 1251 "-" "Mozilla/5.0 (compatible; AhrefsBot/7.0; +http://ahrefs.com/robot/)"
213.180.203.12 - - [14/Apr/2025:17:40:55 -0400] "GET /robots.txt HTTP/1.1" 304 0 "-" "Mozilla/5.0 (compatible; YandexBot/3.0; +http://yandex.com/bots)"
213.180.203.148 - - [14/Apr/2025:17:40:57 -0400] "GET /gas-slot-gamble-on-the-go/ HTTP/1.1" 404 1251 "-" "Mozilla/5.0 (compatible; YandexBot/3.0; +http://yandex.com/bots)"
112.92.74.179 - - [14/Apr/2025:17:41:11 -0400] "GET /screw-chart-choosing-the-right-10-screw-diameter/ HTTP/1.1" 404 1251 "https://llcbibleclub.com" "Mozilla/5.0 (Windows NT 10.0; Win64; x64) AppleWebKit/537.36 (KHTML, like Gecko) Chrome/62.0.3202.94 Safari/537.36"
112.92.74.179 - - [14/Apr/2025:17:41:12 -0400] "GET /screw-chart-choosing-the-right-10-screw-diameter/ HTTP/1.1" 404 1251 "https://llcbibleclub.com" "Mozilla/5.0 (Windows NT 10.0; Win64; x64) AppleWebKit/537.36 (KHTML, like Gecko) Chrome/62.0.3202.94 Safari/537.36"
112.92.74.179 - - [14/Apr/2025:17:41:13 -0400] "GET /screw-chart-choosing-the-right-10-screw-diameter/ HTTP/1.1" 404 1251 "https://llcbibleclub.com" "Mozilla/5.0 (Windows NT 10.0; Win64; x64) AppleWebKit/537.36 (KHTML, like Gecko) Chrome/62.0.3202.94 Safari/537.36"
112.92.74.179 - - [14/Apr/2025:17:41:15 -0400] "GET /screw-chart-choosing-the-right-10-screw-diameter/ HTTP/1.1" 404 1251 "https://llcbibleclub.com" "Mozilla/5.0 (Windows NT 10.0; Win64; x64) AppleWebKit/537.36 (KHTML, like Gecko) Chrome/62.0.3202.94 Safari/537.36"
51.222.253.2 - - [14/Apr/2025:17:42:49 -0400] "GET /florida-fha-loan-requirements/ HTTP/1.1" 404 1251 "-" "Mozilla/5.0 (compatible; AhrefsBot/7.0; +http://ahrefs.com/robot/)"
43.132.229.118 - - [14/Apr/2025:17:42:55 -0400] "GET /big-bags-are-back/ HTTP/1.1" 404 1251 "-" "Python/3.10 aiohttp/3.10.5"
51.222.253.17 - - [14/Apr/2025:17:45:10 -0400] "GET /led-screens-manufacturers/ HTTP/1.1" 404 1251 "-" "Mozilla/5.0 (compatible; AhrefsBot/7.0; +http://ahrefs.com/robot/)"
114.119.139.104 - - [14/Apr/2025:17:46:23 -0400] "GET /dp/B09B8YP8KY?ref=MarsFS_AUCC_cann HTTP/1.1" 404 1251 "https://llcbibleclub.com/" "Mozilla/5.0 (Linux; Android 7.0;) AppleWebKit/537.36 (KHTML, like Gecko) Mobile Safari/537.36 (compatible; PetalBot;+https://webmaster.petalsearch.com/site/petalbot)"
51.222.253.3 - - [14/Apr/2025:17:47:33 -0400] "GET /self-insured-person-or-eood/ HTTP/1.1" 404 1251 "-" "Mozilla/5.0 (compatible; AhrefsBot/7.0; +http://ahrefs.com/robot/)"
114.119.167.239 - - [14/Apr/2025:17:47:45 -0400] "GET /category/activity/page/19/ HTTP/1.1" 404 1251 "https://llcbibleclub.com/category/activity/page/20/" "Mozilla/5.0 (Linux; Android 7.0;) AppleWebKit/537.36 (KHTML, like Gecko) Mobile Safari/537.36 (compatible; PetalBot;+https://webmaster.petalsearch.com/site/petalbot)"
136.243.228.194 - - [14/Apr/2025:17:49:37 -0400] "GET /creative-and-thoughtful-1st-anniversary-gifts/ HTTP/1.1" 404 1251 "-" "Mozilla/5.0 (compatible; DataForSeoBot/1.0; +https://dataforseo.com/dataforseo-bot)"
51.222.253.15 - - [14/Apr/2025:17:49:56 -0400] "GET /ufc-betting-steps-on-how-you-can-bet-on-an-ultimate-fighting/ HTTP/1.1" 404 1251 "-" "Mozilla/5.0 (compatible; AhrefsBot/7.0; +http://ahrefs.com/robot/)"
51.222.253.1 - - [14/Apr/2025:17:52:14 -0400] "GET /was-ist-unternehmensaufbau/ HTTP/1.1" 404 1251 "-" "Mozilla/5.0 (compatible; AhrefsBot/7.0; +http://ahrefs.com/robot/)"
134.17.14.122 - - [14/Apr/2025:17:53:51 -0400] "GET /goat.php HTTP/1.1" 404 1251 "-" "Mozilla/4.0 (compatible; MSIE 6.0; Windows NT 5.1; SV1)"
51.222.253.5 - - [14/Apr/2025:17:54:45 -0400] "GET /what-you-should-know-about-vyvanse-30-mg/ HTTP/1.1" 404 1251 "-" "Mozilla/5.0 (compatible; AhrefsBot/7.0; +http://ahrefs.com/robot/)"
43.154.72.61 - - [14/Apr/2025:17:55:13 -0400] "GET /billi-taps-the-latest-technology-for-instant-boiling-and-chilled-water/ HTTP/1.1" 404 1251 "-" "Python/3.10 aiohttp/3.10.5"
51.222.253.3 - - [14/Apr/2025:17:57:05 -0400] "GET /vapetape-12k-taste-the-melody/ HTTP/1.1" 404 1251 "-" "Mozilla/5.0 (compatible; AhrefsBot/7.0; +http://ahrefs.com/robot/)"
91.84.106.2 - - [14/Apr/2025:17:58:17 -0400] "GET /best-cbd-oil-products-uk/ HTTP/1.1" 404 1251 "https://llcbibleclub.com/best-cbd-oil-products-uk/" "Mozilla/5.0 (Windows NT 10.0; Win64; x64) AppleWebKit/537.36 (KHTML, like Gecko) Chrome/129.0.0.0 Safari/537.36"
91.84.106.2 - - [14/Apr/2025:17:58:18 -0400] "GET / HTTP/1.1" 200 156096 "https://llcbibleclub.com/" "Mozilla/5.0 (Windows NT 10.0; Win64; x64) AppleWebKit/537.36 (KHTML, like Gecko) Chrome/129.0.0.0 Safari/537.36"
51.222.253.18 - - [14/Apr/2025:17:59:14 -0400] "GET /unveiling-the-thrills-of-online-casinos/ HTTP/1.1" 404 1251 "-" "Mozilla/5.0 (compatible; AhrefsBot/7.0; +http://ahrefs.com/robot/)"
66.249.64.162 - - [14/Apr/2025:18:00:10 -0400] "GET /?s={search_term_string} HTTP/1.1" 200 156096 "-" "Mozilla/5.0 (Linux; Android 6.0.1; Nexus 5X Build/MMB29P) AppleWebKit/537.36 (KHTML, like Gecko) Chrome/135.0.7049.84 Mobile Safari/537.36 (compatible; Googlebot/2.1; +http://www.google.com/bot.html)"
66.249.64.161 - - [14/Apr/2025:18:00:12 -0400] "GET /the-tranquil-haven-exploring-the-arcady-showflat/ HTTP/1.1" 404 1251 "-" "Mozilla/5.0 (Linux; Android 6.0.1; Nexus 5X Build/MMB29P) AppleWebKit/537.36 (KHTML, like Gecko) Chrome/135.0.7049.84 Mobile Safari/537.36 (compatible; Googlebot/2.1; +http://www.google.com/bot.html)"
66.249.64.161 - - [14/Apr/2025:18:01:33 -0400] "GET /1/ HTTP/1.1" 404 1251 "-" "Mozilla/5.0 (Linux; Android 6.0.1; Nexus 5X Build/MMB29P) AppleWebKit/537.36 (KHTML, like Gecko) Chrome/135.0.7049.84 Mobile Safari/537.36 (compatible; Googlebot/2.1; +http://www.google.com/bot.html)"
51.222.253.14 - - [14/Apr/2025:18:01:54 -0400] "GET /choosing-airsoft-guns/ HTTP/1.1" 404 1251 "-" "Mozilla/5.0 (compatible; AhrefsBot/7.0; +http://ahrefs.com/robot/)"
51.222.253.2 - - [14/Apr/2025:18:04:12 -0400] "GET /chiropractor-dubai/ HTTP/1.1" 404 1251 "-" "Mozilla/5.0 (compatible; AhrefsBot/7.0; +http://ahrefs.com/robot/)"
66.249.64.161 - - [14/Apr/2025:18:05:18 -0400] "GET /robots.txt HTTP/1.1" 304 0 "-" "Mozilla/5.0 (compatible; Googlebot/2.1; +http://www.google.com/bot.html)"
66.249.64.160 - - [14/Apr/2025:18:05:18 -0400] "GET /amazonfresh HTTP/1.1" 404 1251 "-" "Mozilla/5.0 (Linux; Android 6.0.1; Nexus 5X Build/MMB29P) AppleWebKit/537.36 (KHTML, like Gecko) Chrome/135.0.7049.84 Mobile Safari/537.36 (compatible; Googlebot/2.1; +http://www.google.com/bot.html)"
85.208.98.18 - - [14/Apr/2025:18:05:18 -0400] "HEAD /kokomo-adds-new-first-to-its-list-of-firsts/ HTTP/1.1" 404 0 "-" "Mozilla/5.0 (compatible; SemrushBot; +http://www.semrush.com/bot.html)"
51.222.253.2 - - [14/Apr/2025:18:06:43 -0400] "GET /the-rise-of-online-gaming-on-chrome/ HTTP/1.1" 404 1251 "-" "Mozilla/5.0 (compatible; AhrefsBot/7.0; +http://ahrefs.com/robot/)"
66.249.64.160 - - [14/Apr/2025:18:07:06 -0400] "GET /baby-reg?ref_=nav_ListFlyout_gno_bw HTTP/1.1" 404 1251 "-" "Mozilla/5.0 (Linux; Android 6.0.1; Nexus 5X Build/MMB29P) AppleWebKit/537.36 (KHTML, like Gecko) Chrome/135.0.7049.84 Mobile Safari/537.36 (compatible; Googlebot/2.1; +http://www.google.com/bot.html)"
66.249.64.161 - - [14/Apr/2025:18:07:25 -0400] "GET /auto-deliveries?ref_=nav_AccountFlyout_sns HTTP/1.1" 404 1251 "-" "Mozilla/5.0 (Linux; Android 6.0.1; Nexus 5X Build/MMB29P) AppleWebKit/537.36 (KHTML, like Gecko) Chrome/135.0.7049.84 Mobile Safari/537.36 (compatible; Googlebot/2.1; +http://www.google.com/bot.html)"
66.249.64.162 - - [14/Apr/2025:18:08:15 -0400] "GET /ping HTTP/1.1" 404 1251 "-" "Mozilla/5.0 (Linux; Android 6.0.1; Nexus 5X Build/MMB29P) AppleWebKit/537.36 (KHTML, like Gecko) Chrome/135.0.7049.84 Mobile Safari/537.36 (compatible; Googlebot/2.1; +http://www.google.com/bot.html)"
66.249.64.161 - - [14/Apr/2025:18:08:22 -0400] "GET /dp/B0BLS3H65Z?ref=MarsFS_AUCC_ath HTTP/1.1" 404 1251 "-" "Mozilla/5.0 (Linux; Android 6.0.1; Nexus 5X Build/MMB29P) AppleWebKit/537.36 (KHTML, like Gecko) Chrome/135.0.7049.84 Mobile Safari/537.36 (compatible; Googlebot/2.1; +http://www.google.com/bot.html)"
66.249.64.160 - - [14/Apr/2025:18:08:48 -0400] "GET /dp/B09DRX62ZV?ref=MarsFS_VICC_spotlight HTTP/1.1" 404 1251 "-" "Mozilla/5.0 (Linux; Android 6.0.1; Nexus 5X Build/MMB29P) AppleWebKit/537.36 (KHTML, like Gecko) Chrome/135.0.7049.84 Mobile Safari/537.36 (compatible; Googlebot/2.1; +http://www.google.com/bot.html)"
51.222.253.11 - - [14/Apr/2025:18:08:57 -0400] "GET /day-tour-nusa-penida/ HTTP/1.1" 404 1251 "-" "Mozilla/5.0 (compatible; AhrefsBot/7.0; +http://ahrefs.com/robot/)"
66.249.64.173 - - [14/Apr/2025:18:10:49 -0400] "GET /dp/B09B2RL8CG?ref=MarsFS_AUCC_hyp HTTP/1.1" 404 1251 "-" "Mozilla/5.0 (Linux; Android 6.0.1; Nexus 5X Build/MMB29P) AppleWebKit/537.36 (KHTML, like Gecko) Chrome/135.0.7049.84 Mobile Safari/537.36 (compatible; Googlebot/2.1; +http://www.google.com/bot.html)"
66.249.64.173 - - [14/Apr/2025:18:11:04 -0400] "GET /licensed-caregivers-5-reasons-to-use-agency-managed-home-care/ HTTP/1.1" 404 1251 "-" "Mozilla/5.0 (Linux; Android 6.0.1; Nexus 5X Build/MMB29P) AppleWebKit/537.36 (KHTML, like Gecko) Chrome/135.0.7049.84 Mobile Safari/537.36 (compatible; Googlebot/2.1; +http://www.google.com/bot.html)"
51.222.253.4 - - [14/Apr/2025:18:11:08 -0400] "GET /banning-of-oil-drilling/ HTTP/1.1" 404 1251 "-" "Mozilla/5.0 (compatible; AhrefsBot/7.0; +http://ahrefs.com/robot/)"
66.249.64.173 - - [14/Apr/2025:18:12:10 -0400] "GET /dp/B08MQNGX3W?ref=MarsFS_AUCC_B08MQNGX3W HTTP/1.1" 404 1251 "-" "Mozilla/5.0 (Linux; Android 6.0.1; Nexus 5X Build/MMB29P) AppleWebKit/537.36 (KHTML, like Gecko) Chrome/135.0.7049.84 Mobile Safari/537.36 (compatible; Googlebot/2.1; +http://www.google.com/bot.html)"
51.222.253.9 - - [14/Apr/2025:18:13:24 -0400] "GET /7-days-to-die-server-hosting/ HTTP/1.1" 404 1251 "-" "Mozilla/5.0 (compatible; AhrefsBot/7.0; +http://ahrefs.com/robot/)"
66.249.64.160 - - [14/Apr/2025:18:13:57 -0400] "GET /dp/B085Q2ZF1X?ref=MarsFS_eero_ccc HTTP/1.1" 404 1251 "-" "Mozilla/5.0 (Linux; Android 6.0.1; Nexus 5X Build/MMB29P) AppleWebKit/537.36 (KHTML, like Gecko) Chrome/135.0.7049.84 Mobile Safari/537.36 (compatible; Googlebot/2.1; +http://www.google.com/bot.html)"
52.167.144.149 - - [14/Apr/2025:18:14:20 -0400] "GET /full-house-cleaning-services/ HTTP/1.1" 404 1251 "-" "Mozilla/5.0 AppleWebKit/537.36 (KHTML, like Gecko; compatible; bingbot/2.0; +http://www.bing.com/bingbot.htm) Chrome/116.0.1938.76 Safari/537.36"
66.249.64.173 - - [14/Apr/2025:18:14:22 -0400] "GET /dp/B0D483WX7X?ref=MarsFS_VICC_blinksed HTTP/1.1" 404 1251 "-" "Mozilla/5.0 (Linux; Android 6.0.1; Nexus 5X Build/MMB29P) AppleWebKit/537.36 (KHTML, like Gecko) Chrome/135.0.7049.84 Mobile Safari/537.36 (compatible; Googlebot/2.1; +http://www.google.com/bot.html)"
66.249.64.174 - - [14/Apr/2025:18:14:47 -0400] "GET /dp/B09BS5XWNS?ref=MarsFS_KINDLE_br HTTP/1.1" 404 1251 "-" "Mozilla/5.0 (Linux; Android 6.0.1; Nexus 5X Build/MMB29P) AppleWebKit/537.36 (KHTML, like Gecko) Chrome/135.0.7049.84 Mobile Safari/537.36 (compatible; Googlebot/2.1; +http://www.google.com/bot.html)"
129.226.177.116 - - [14/Apr/2025:18:14:49 -0400] "GET /what-is-measurement-based-care-in-psychiatry/ HTTP/1.1" 404 1251 "-" "Python/3.10 aiohttp/3.10.5"
66.249.64.173 - - [14/Apr/2025:18:14:58 -0400] "GET /dp/B09L462YVZ?ref=MarsFS_VICC_CHIME HTTP/1.1" 404 1251 "-" "Mozilla/5.0 (Linux; Android 6.0.1; Nexus 5X Build/MMB29P) AppleWebKit/537.36 (KHTML, like Gecko) Chrome/135.0.7049.84 Mobile Safari/537.36 (compatible; Googlebot/2.1; +http://www.google.com/bot.html)"
98.83.73.139 - - [14/Apr/2025:18:15:42 -0400] "GET /the-benefits-of-participating-in-german-lessons/ HTTP/1.1" 404 1251 "-" "Grammarly/1.0 (http://www.grammarly.com)"
51.222.253.14 - - [14/Apr/2025:18:15:44 -0400] "GET /how-a-diesel-fire-pump-works/ HTTP/1.1" 404 1251 "-" "Mozilla/5.0 (compatible; AhrefsBot/7.0; +http://ahrefs.com/robot/)"
129.226.162.39 - - [14/Apr/2025:18:16:18 -0400] "GET /cheapest-smm-panel/ HTTP/1.1" 404 1251 "-" "Python/3.10 aiohttp/3.10.5"
66.249.64.162 - - [14/Apr/2025:18:16:29 -0400] "GET /dp/B0BZWRSRWV?ref=MarsFS_VICC_rvd HTTP/1.1" 404 1251 "-" "Mozilla/5.0 (Linux; Android 6.0.1; Nexus 5X Build/MMB29P) AppleWebKit/537.36 (KHTML, like Gecko) Chrome/135.0.7049.84 Mobile Safari/537.36 (compatible; Googlebot/2.1; +http://www.google.com/bot.html)"
52.167.144.191 - - [14/Apr/2025:18:16:31 -0400] "GET /benefits-of-plantation-shutters/ HTTP/1.1" 404 1251 "-" "Mozilla/5.0 AppleWebKit/537.36 (KHTML, like Gecko; compatible; bingbot/2.0; +http://www.bing.com/bingbot.htm) Chrome/116.0.1938.76 Safari/537.36"
66.249.64.160 - - [14/Apr/2025:18:17:10 -0400] "GET /1/OP/ HTTP/1.1" 404 1251 "-" "Mozilla/5.0 (Linux; Android 6.0.1; Nexus 5X Build/MMB29P) AppleWebKit/537.36 (KHTML, like Gecko) Chrome/135.0.7049.84 Mobile Safari/537.36 (compatible; Googlebot/2.1; +http://www.google.com/bot.html)"
66.249.64.160 - - [14/Apr/2025:18:17:18 -0400] "GET /dp/B0CZB5RHWX?ref=MarsFS_KINDLE_pc HTTP/1.1" 404 1251 "-" "Mozilla/5.0 (Linux; Android 6.0.1; Nexus 5X Build/MMB29P) AppleWebKit/537.36 (KHTML, like Gecko) Chrome/135.0.7049.84 Mobile Safari/537.36 (compatible; Googlebot/2.1; +http://www.google.com/bot.html)"
51.222.253.7 - - [14/Apr/2025:18:17:50 -0400] "GET /how-to-choose-sports-betting-websites-an-aficionados-personal-recommendation/ HTTP/1.1" 404 1251 "-" "Mozilla/5.0 (compatible; AhrefsBot/7.0; +http://ahrefs.com/robot/)"
101.32.45.201 - - [14/Apr/2025:18:19:45 -0400] "GET /wear-women-socks-winter-time/ HTTP/1.1" 404 1251 "-" "Python/3.10 aiohttp/3.10.5"
66.249.64.161 - - [14/Apr/2025:18:19:48 -0400] "GET /dp/B084NTF5ZY?ref=MarsFS_AUCC_ta HTTP/1.1" 404 1251 "-" "Mozilla/5.0 (Linux; Android 6.0.1; Nexus 5X Build/MMB29P) AppleWebKit/537.36 (KHTML, like Gecko) Chrome/135.0.7049.84 Mobile Safari/537.36 (compatible; Googlebot/2.1; +http://www.google.com/bot.html)"
51.222.253.19 - - [14/Apr/2025:18:19:57 -0400] "GET /different-types-of-ladies-bags-you-can-choose-from/ HTTP/1.1" 404 1251 "-" "Mozilla/5.0 (compatible; AhrefsBot/7.0; +http://ahrefs.com/robot/)"
66.249.64.162 - - [14/Apr/2025:18:21:10 -0400] "GET /dp/B0B6GK4VTC?ref=MarsFS_VICC_RINGINDC HTTP/1.1" 404 1251 "-" "Mozilla/5.0 (Linux; Android 6.0.1; Nexus 5X Build/MMB29P) AppleWebKit/537.36 (KHTML, like Gecko) Chrome/135.0.7049.84 Mobile Safari/537.36 (compatible; Googlebot/2.1; +http://www.google.com/bot.html)"
51.222.253.20 - - [14/Apr/2025:18:22:14 -0400] "GET /a-quel-point-les-lampes-uniques-peuvent-elles-etre-uniques/ HTTP/1.1" 404 1251 "-" "Mozilla/5.0 (compatible; AhrefsBot/7.0; +http://ahrefs.com/robot/)"
66.249.64.162 - - [14/Apr/2025:18:22:47 -0400] "GET /dp/B09B8YP8KY?ref=MarsFS_AUCC_cann HTTP/1.1" 404 1251 "-" "Mozilla/5.0 (Linux; Android 6.0.1; Nexus 5X Build/MMB29P) AppleWebKit/537.36 (KHTML, like Gecko) Chrome/135.0.7049.84 Mobile Safari/537.36 (compatible; Googlebot/2.1; +http://www.google.com/bot.html)"
119.28.53.173 - - [14/Apr/2025:18:23:16 -0400] "GET /why-require-picture-editing-and-enhancing-services-like-image-masking-and-clipping-path/ HTTP/1.1" 404 1251 "-" "Python/3.10 aiohttp/3.10.5"
114.119.153.212 - - [14/Apr/2025:18:23:59 -0400] "GET /2023/05/ HTTP/1.1" 404 1251 "https://llcbibleclub.com/unlocking-the-benefits-of-dubai-osteopathy/" "Mozilla/5.0 (Linux; Android 7.0;) AppleWebKit/537.36 (KHTML, like Gecko) Mobile Safari/537.36 (compatible; PetalBot;+https://webmaster.petalsearch.com/site/petalbot)"
51.222.253.7 - - [14/Apr/2025:18:24:25 -0400] "GET /hair-dryer-diffuser-for-curls/ HTTP/1.1" 404 1251 "-" "Mozilla/5.0 (compatible; AhrefsBot/7.0; +http://ahrefs.com/robot/)"
43.132.134.51 - - [14/Apr/2025:18:24:35 -0400] "GET /hire-a-thailand-elite-agent-to-make-the-most-of-your-time-in-thailand/ HTTP/1.1" 404 1251 "-" "Python/3.10 aiohttp/3.10.5"
66.249.64.161 - - [14/Apr/2025:18:25:26 -0400] "GET /dp/B086PGZRGK?ref=MarsFS_eero_AGALAL HTTP/1.1" 404 1251 "-" "Mozilla/5.0 (Linux; Android 6.0.1; Nexus 5X Build/MMB29P) AppleWebKit/537.36 (KHTML, like Gecko) Chrome/135.0.7049.84 Mobile Safari/537.36 (compatible; Googlebot/2.1; +http://www.google.com/bot.html)"
66.249.64.160 - - [14/Apr/2025:18:25:30 -0400] "GET /2023/11/ HTTP/1.1" 404 1251 "-" "Mozilla/5.0 (Linux; Android 6.0.1; Nexus 5X Build/MMB29P) AppleWebKit/537.36 (KHTML, like Gecko) Chrome/135.0.7049.84 Mobile Safari/537.36 (compatible; Googlebot/2.1; +http://www.google.com/bot.html)"
101.32.51.206 - - [14/Apr/2025:18:25:53 -0400] "GET /auto-locksmith-chicago-why-you-should-choose-a-licensed-and-insured-professional/ HTTP/1.1" 404 1251 "-" "Python/3.10 aiohttp/3.10.5"
66.249.64.162 - - [14/Apr/2025:18:26:15 -0400] "GET /dp/B085PVB5BP?ref=MarsFS_eero_c HTTP/1.1" 404 1251 "-" "Mozilla/5.0 (Linux; Android 6.0.1; Nexus 5X Build/MMB29P) AppleWebKit/537.36 (KHTML, like Gecko) Chrome/135.0.7049.84 Mobile Safari/537.36 (compatible; Googlebot/2.1; +http://www.google.com/bot.html)"
66.249.64.161 - - [14/Apr/2025:18:26:27 -0400] "GET /dp/B0CFPL6CFY?ref=MarsFS_KINDLE_B0CFPL6CFY HTTP/1.1" 404 1251 "-" "Mozilla/5.0 (Linux; Android 6.0.1; Nexus 5X Build/MMB29P) AppleWebKit/537.36 (KHTML, like Gecko) Chrome/135.0.7049.84 Mobile Safari/537.36 (compatible; Googlebot/2.1; +http://www.google.com/bot.html)"
51.222.253.19 - - [14/Apr/2025:18:26:38 -0400] "GET /the-ultimate-convenience-instant-hot-and-cold-water-dispensers/ HTTP/1.1" 404 1251 "-" "Mozilla/5.0 (compatible; AhrefsBot/7.0; +http://ahrefs.com/robot/)"
212.34.155.126 - - [14/Apr/2025:18:27:07 -0400] "GET / HTTP/1.1" 200 156096 "-" "Mozilla/5.0 (Macintosh; Intel Mac OS X 10_15_7) AppleWebKit/537.36 (KHTML, like Gecko) Chrome/133.0.0.0 Safari/537.36"
212.34.155.126 - - [14/Apr/2025:18:27:09 -0400] "GET /gp/registry/wishlist/ HTTP/1.1" 404 1251 "-" "Mozilla/5.0 (Macintosh; Intel Mac OS X 10_15_7) AppleWebKit/537.36 (KHTML, like Gecko) Chrome/133.0.0.0 Safari/537.36"
212.34.155.126 - - [14/Apr/2025:18:27:10 -0400] "GET / HTTP/1.1" 200 156096 "-" "Mozilla/5.0 (Macintosh; Intel Mac OS X 10_15_7) AppleWebKit/537.36 (KHTML, like Gecko) Chrome/133.0.0.0 Safari/537.36"
212.34.155.126 - - [14/Apr/2025:18:27:11 -0400] "GET / HTTP/1.1" 200 156096 "-" "Mozilla/5.0 (Macintosh; Intel Mac OS X 10_15_7) AppleWebKit/537.36 (KHTML, like Gecko) Chrome/133.0.0.0 Safari/537.36"
66.249.64.161 - - [14/Apr/2025:18:27:12 -0400] "GET /dp/B08ZJVVMT4?ref=MarsFS_eero_en HTTP/1.1" 404 1251 "-" "Mozilla/5.0 (Linux; Android 6.0.1; Nexus 5X Build/MMB29P) AppleWebKit/537.36 (KHTML, like Gecko) Chrome/135.0.7049.84 Mobile Safari/537.36 (compatible; Googlebot/2.1; +http://www.google.com/bot.html)"
212.34.155.126 - - [14/Apr/2025:18:27:12 -0400] "GET /product-reviews/B0DG4WZZPV/ref=acr_dp_hist_5?ie=UTF8&filterByStar=five_star&reviewerType=all_reviews HTTP/1.1" 404 1251 "-" "Mozilla/5.0 (Macintosh; Intel Mac OS X 10_15_7) AppleWebKit/537.36 (KHTML, like Gecko) Chrome/133.0.0.0 Safari/537.36"
212.34.155.126 - - [14/Apr/2025:18:27:13 -0400] "GET /product-reviews/B0DG4WZZPV/ref=acr_dp_hist_4?ie=UTF8&filterByStar=four_star&reviewerType=all_reviews HTTP/1.1" 404 1251 "-" "Mozilla/5.0 (Macintosh; Intel Mac OS X 10_15_7) AppleWebKit/537.36 (KHTML, like Gecko) Chrome/133.0.0.0 Safari/537.36"
212.34.155.126 - - [14/Apr/2025:18:27:14 -0400] "GET /product-reviews/B0DG4WZZPV/ref=acr_dp_hist_3?ie=UTF8&filterByStar=three_star&reviewerType=all_reviews HTTP/1.1" 404 1251 "-" "Mozilla/5.0 (Macintosh; Intel Mac OS X 10_15_7) AppleWebKit/537.36 (KHTML, like Gecko) Chrome/133.0.0.0 Safari/537.36"
212.34.155.126 - - [14/Apr/2025:18:27:15 -0400] "GET /product-reviews/B0DG4WZZPV/ref=acr_dp_hist_2?ie=UTF8&filterByStar=two_star&reviewerType=all_reviews HTTP/1.1" 404 1251 "-" "Mozilla/5.0 (Macintosh; Intel Mac OS X 10_15_7) AppleWebKit/537.36 (KHTML, like Gecko) Chrome/133.0.0.0 Safari/537.36"
212.34.155.126 - - [14/Apr/2025:18:27:15 -0400] "GET /product-reviews/B0DG4WZZPV/ref=acr_dp_hist_1?ie=UTF8&filterByStar=one_star&reviewerType=all_reviews HTTP/1.1" 404 1251 "-" "Mozilla/5.0 (Macintosh; Intel Mac OS X 10_15_7) AppleWebKit/537.36 (KHTML, like Gecko) Chrome/133.0.0.0 Safari/537.36"
212.34.155.126 - - [14/Apr/2025:18:27:16 -0400] "GET /review/create-review/ref=cm_cr_dp_d_wr_but_top?ie=UTF8&channel=glance-detail&asin=B0DG4WZZPV HTTP/1.1" 404 1251 "-" "Mozilla/5.0 (Macintosh; Intel Mac OS X 10_15_7) AppleWebKit/537.36 (KHTML, like Gecko) Chrome/133.0.0.0 Safari/537.36"
212.34.155.126 - - [14/Apr/2025:18:27:17 -0400] "GET /gp/profile/amzn1.account.AFXQP46YJ2XUKR4MYZFNG3H2CXBQ/ref=cm_cr_dp_d_gw_tr?ie=UTF8 HTTP/1.1" 404 1251 "-" "Mozilla/5.0 (Macintosh; Intel Mac OS X 10_15_7) AppleWebKit/537.36 (KHTML, like Gecko) Chrome/133.0.0.0 Safari/537.36"
212.34.155.126 - - [14/Apr/2025:18:27:18 -0400] "GET /gp/customer-reviews/R2DVCU4L2UJJBX/ref=cm_cr_dp_d_rvw_ttl?ie=UTF8&ASIN=B0DG4WZZPV HTTP/1.1" 404 1251 "-" "Mozilla/5.0 (Macintosh; Intel Mac OS X 10_15_7) AppleWebKit/537.36 (KHTML, like Gecko) Chrome/133.0.0.0 Safari/537.36"
212.34.155.126 - - [14/Apr/2025:18:27:20 -0400] "GET /gp/profile/amzn1.account.AF5FRYZXCS7TKUJBS42LJ5SIYFCQ/ref=cm_cr_dp_d_gw_tr?ie=UTF8 HTTP/1.1" 404 1251 "-" "Mozilla/5.0 (Macintosh; Intel Mac OS X 10_15_7) AppleWebKit/537.36 (KHTML, like Gecko) Chrome/133.0.0.0 Safari/537.36"
212.34.155.126 - - [14/Apr/2025:18:27:20 -0400] "GET /gp/customer-reviews/RSOLMCOFAZGYC/ref=cm_cr_dp_d_rvw_ttl?ie=UTF8&ASIN=B0DG4WZZPV HTTP/1.1" 404 1251 "-" "Mozilla/5.0 (Macintosh; Intel Mac OS X 10_15_7) AppleWebKit/537.36 (KHTML, like Gecko) Chrome/133.0.0.0 Safari/537.36"
212.34.155.126 - - [14/Apr/2025:18:27:21 -0400] "GET /gp/profile/amzn1.account.AEI6M6PK7YTYMMDYHFCY44VLPMYQ/ref=cm_cr_dp_d_gw_tr?ie=UTF8 HTTP/1.1" 404 1251 "-" "Mozilla/5.0 (Macintosh; Intel Mac OS X 10_15_7) AppleWebKit/537.36 (KHTML, like Gecko) Chrome/133.0.0.0 Safari/537.36"
212.34.155.126 - - [14/Apr/2025:18:27:21 -0400] "GET /gp/customer-reviews/R1PEI6HEVK2UIC/ref=cm_cr_dp_d_rvw_ttl?ie=UTF8&ASIN=B0DG4WZZPV HTTP/1.1" 404 1251 "-" "Mozilla/5.0 (Macintosh; Intel Mac OS X 10_15_7) AppleWebKit/537.36 (KHTML, like Gecko) Chrome/133.0.0.0 Safari/537.36"
212.34.155.126 - - [14/Apr/2025:18:27:22 -0400] "GET /hz/reviews-render/report-review?ie=UTF8&ref=cm_cr_dp_d_report&csrfT=hI7SZljMN8bG2ire57mKHlD4fY6c8uVTvZXytn4fYPolAAAAAGcq7rEAAAAB&reviewId=R1PEI6HEVK2UIC HTTP/1.1" 404 1251 "-" "Mozilla/5.0 (Macintosh; Intel Mac OS X 10_15_7) AppleWebKit/537.36 (KHTML, like Gecko) Chrome/133.0.0.0 Safari/537.36"
66.249.64.160 - - [14/Apr/2025:18:27:30 -0400] "GET /gp/yourstore?ref_=nav_AccountFlyout_recs HTTP/1.1" 404 1251 "-" "Mozilla/5.0 (Linux; Android 6.0.1; Nexus 5X Build/MMB29P) AppleWebKit/537.36 (KHTML, like Gecko) Chrome/135.0.7049.84 Mobile Safari/537.36 (compatible; Googlebot/2.1; +http://www.google.com/bot.html)"
40.77.167.48 - - [14/Apr/2025:18:27:54 -0400] "GET /dp/B085G63QHT?ref=MarsFS_AUCC_lr HTTP/1.1" 404 1251 "-" "Mozilla/5.0 AppleWebKit/537.36 (KHTML, like Gecko; compatible; bingbot/2.0; +http://www.bing.com/bingbot.htm) Chrome/116.0.1938.76 Safari/537.36"
66.249.64.173 - - [14/Apr/2025:18:28:16 -0400] "GET /dp/B09WXH9BH7?ref=MarsFS_AUCC_ch HTTP/1.1" 404 1251 "-" "Mozilla/5.0 (Linux; Android 6.0.1; Nexus 5X Build/MMB29P) AppleWebKit/537.36 (KHTML, like Gecko) Chrome/135.0.7049.84 Mobile Safari/537.36 (compatible; Googlebot/2.1; +http://www.google.com/bot.html)"
66.249.64.174 - - [14/Apr/2025:18:28:27 -0400] "GET /dp/B07NQ7HNHY?ref=MarsFS_AUCC_oe HTTP/1.1" 404 1251 "-" "Mozilla/5.0 (Linux; Android 6.0.1; Nexus 5X Build/MMB29P) AppleWebKit/537.36 (KHTML, like Gecko) Chrome/135.0.7049.84 Mobile Safari/537.36 (compatible; Googlebot/2.1; +http://www.google.com/bot.html)"
51.222.253.10 - - [14/Apr/2025:18:29:10 -0400] "GET /embroidered-socks/ HTTP/1.1" 404 1251 "-" "Mozilla/5.0 (compatible; AhrefsBot/7.0; +http://ahrefs.com/robot/)"
150.109.108.171 - - [14/Apr/2025:18:31:08 -0400] "GET /best-rug-pads-for-runners/ HTTP/1.1" 404 1251 "-" "Python/3.10 aiohttp/3.10.5"
51.222.253.3 - - [14/Apr/2025:18:31:23 -0400] "GET /osteopathy-what-is-osteopathy/ HTTP/1.1" 404 1251 "-" "Mozilla/5.0 (compatible; AhrefsBot/7.0; +http://ahrefs.com/robot/)"
51.222.253.15 - - [14/Apr/2025:18:33:45 -0400] "GET /selecting-a-duct-fabrication-machine/ HTTP/1.1" 404 1251 "-" "Mozilla/5.0 (compatible; AhrefsBot/7.0; +http://ahrefs.com/robot/)"
66.249.64.161 - - [14/Apr/2025:18:36:11 -0400] "GET /dp/B0B2BY4ZG7?ref=MarsFS_VICC_rvdw HTTP/1.1" 404 1251 "-" "Mozilla/5.0 (Linux; Android 6.0.1; Nexus 5X Build/MMB29P) AppleWebKit/537.36 (KHTML, like Gecko) Chrome/135.0.7049.84 Mobile Safari/537.36 (compatible; Googlebot/2.1; +http://www.google.com/bot.html)"
51.222.253.7 - - [14/Apr/2025:18:36:12 -0400] "GET /investing-in-real-estate/ HTTP/1.1" 404 1251 "-" "Mozilla/5.0 (compatible; AhrefsBot/7.0; +http://ahrefs.com/robot/)"
66.249.64.161 - - [14/Apr/2025:18:36:21 -0400] "GET /dp/B0CPKX85TD?ref=MarsFS_eero_JU HTTP/1.1" 404 1251 "-" "Mozilla/5.0 (Linux; Android 6.0.1; Nexus 5X Build/MMB29P) AppleWebKit/537.36 (KHTML, like Gecko) Chrome/135.0.7049.84 Mobile Safari/537.36 (compatible; Googlebot/2.1; +http://www.google.com/bot.html)"
66.249.64.160 - - [14/Apr/2025:18:37:14 -0400] "GET /dp/B0C2RXN77R?ref=MarsFS_AUCC_es HTTP/1.1" 404 1251 "-" "Mozilla/5.0 (Linux; Android 6.0.1; Nexus 5X Build/MMB29P) AppleWebKit/537.36 (KHTML, like Gecko) Chrome/135.0.7049.84 Mobile Safari/537.36 (compatible; Googlebot/2.1; +http://www.google.com/bot.html)"
136.243.228.194 - - [14/Apr/2025:18:37:44 -0400] "GET /why-hire-a-dui-lawyer-near-me/ HTTP/1.1" 404 1251 "-" "Mozilla/5.0 (compatible; DataForSeoBot/1.0; +https://dataforseo.com/dataforseo-bot)"
51.222.253.3 - - [14/Apr/2025:18:38:39 -0400] "GET /medical-beauty/ HTTP/1.1" 404 1251 "-" "Mozilla/5.0 (compatible; AhrefsBot/7.0; +http://ahrefs.com/robot/)"
51.222.253.3 - - [14/Apr/2025:18:41:16 -0400] "GET /how-to-increase-your-youtube-subscriber-count/ HTTP/1.1" 404 1251 "-" "Mozilla/5.0 (compatible; AhrefsBot/7.0; +http://ahrefs.com/robot/)"
87.250.224.2 - - [14/Apr/2025:18:41:29 -0400] "GET / HTTP/1.1" 200 156096 "-" "Mozilla/5.0 (compatible; YandexBot/3.0; +http://yandex.com/bots)"
213.180.203.95 - - [14/Apr/2025:18:41:43 -0400] "GET /robots.txt HTTP/1.1" 304 0 "-" "Mozilla/5.0 (compatible; YandexBot/3.0; +http://yandex.com/bots)"
87.250.224.49 - - [14/Apr/2025:18:41:44 -0400] "GET /vintage-turkish-rugs/ HTTP/1.1" 404 1251 "-" "Mozilla/5.0 (compatible; YandexBot/3.0; +http://yandex.com/bots)"
51.222.253.6 - - [14/Apr/2025:18:43:47 -0400] "GET /exploring-the-charms-of-nusa-penida/ HTTP/1.1" 404 1251 "-" "Mozilla/5.0 (compatible; AhrefsBot/7.0; +http://ahrefs.com/robot/)"
43.132.182.217 - - [14/Apr/2025:18:44:45 -0400] "GET /what-is-disaster-recovery-as-a-service/ HTTP/1.1" 404 1251 "-" "Python/3.10 aiohttp/3.10.5"
66.249.64.173 - - [14/Apr/2025:18:45:12 -0400] "GET /types-of-conservatory-roofs/ HTTP/1.1" 404 1251 "-" "Mozilla/5.0 (Linux; Android 6.0.1; Nexus 5X Build/MMB29P) AppleWebKit/537.36 (KHTML, like Gecko) Chrome/135.0.7049.84 Mobile Safari/537.36 (compatible; Googlebot/2.1; +http://www.google.com/bot.html)"
51.222.253.9 - - [14/Apr/2025:18:46:13 -0400] "GET /personalized-sports-socks/ HTTP/1.1" 404 1251 "-" "Mozilla/5.0 (compatible; AhrefsBot/7.0; +http://ahrefs.com/robot/)"
51.222.253.7 - - [14/Apr/2025:18:48:48 -0400] "GET /how-to-clear-suggested-contacts-on-facebook-messenger/ HTTP/1.1" 404 1251 "-" "Mozilla/5.0 (compatible; AhrefsBot/7.0; +http://ahrefs.com/robot/)"
195.110.124.130 - - [14/Apr/2025:18:49:10 -0400] "GET /?author=2 HTTP/1.1" 200 156096 "-" "DuckDuckBot/1.0; (+http://duckduckgo.com/duckduckbot.html)"
51.222.253.6 - - [14/Apr/2025:18:51:24 -0400] "GET /pros-and-cons-of-coworking-spaces/ HTTP/1.1" 404 1251 "-" "Mozilla/5.0 (compatible; AhrefsBot/7.0; +http://ahrefs.com/robot/)"
119.28.31.106 - - [14/Apr/2025:18:52:00 -0400] "GET /factors-to-consider-when-choosing-a-window-tinting-service/ HTTP/1.1" 404 1251 "-" "Python/3.10 aiohttp/3.10.5"
51.222.253.14 - - [14/Apr/2025:18:54:00 -0400] "GET /the-art-and-science-of-archery-precision-technique-and-tradition/ HTTP/1.1" 404 1251 "-" "Mozilla/5.0 (compatible; AhrefsBot/7.0; +http://ahrefs.com/robot/)"
129.226.112.202 - - [14/Apr/2025:18:55:20 -0400] "GET /custom-logo-dress-socks/ HTTP/1.1" 404 1251 "-" "Python/3.10 aiohttp/3.10.5"
51.222.253.17 - - [14/Apr/2025:18:56:28 -0400] "GET /navigating-fda-cosmetic-registration/ HTTP/1.1" 404 1251 "-" "Mozilla/5.0 (compatible; AhrefsBot/7.0; +http://ahrefs.com/robot/)"
51.222.253.15 - - [14/Apr/2025:18:59:06 -0400] "GET /buy-youtube-comments-custom-from-a-trusted-seller/ HTTP/1.1" 404 1251 "-" "Mozilla/5.0 (compatible; AhrefsBot/7.0; +http://ahrefs.com/robot/)"
51.222.253.9 - - [14/Apr/2025:19:01:11 -0400] "GET /a-gateway-to-diverse-content/ HTTP/1.1" 404 1251 "-" "Mozilla/5.0 (compatible; AhrefsBot/7.0; +http://ahrefs.com/robot/)"
129.226.134.60 - - [14/Apr/2025:19:02:29 -0400] "GET /windows-swansea-connecting-to-the-universitys-wireless-service/ HTTP/1.1" 404 1251 "-" "Python/3.10 aiohttp/3.10.5"
51.222.253.19 - - [14/Apr/2025:19:03:37 -0400] "GET /how-to-airplay-to-a-vizio-tv/ HTTP/1.1" 404 1251 "-" "Mozilla/5.0 (compatible; AhrefsBot/7.0; +http://ahrefs.com/robot/)"
51.222.253.13 - - [14/Apr/2025:19:06:03 -0400] "GET /custom-pc-builder-vs-pre-built-computer/ HTTP/1.1" 404 1251 "-" "Mozilla/5.0 (compatible; AhrefsBot/7.0; +http://ahrefs.com/robot/)"
66.249.64.160 - - [14/Apr/2025:19:08:14 -0400] "GET /dp/B0D484S271?ref=MarsFS_VICC_blinkhk HTTP/1.1" 404 1251 "-" "Mozilla/5.0 (Linux; Android 6.0.1; Nexus 5X Build/MMB29P) AppleWebKit/537.36 (KHTML, like Gecko) Chrome/135.0.7049.84 Mobile Safari/537.36 (compatible; Googlebot/2.1; +http://www.google.com/bot.html)"
51.222.253.8 - - [14/Apr/2025:19:08:17 -0400] "GET /katana-manga/ HTTP/1.1" 404 1251 "-" "Mozilla/5.0 (compatible; AhrefsBot/7.0; +http://ahrefs.com/robot/)"
134.122.135.140 - - [14/Apr/2025:19:09:17 -0400] "GET / HTTP/1.1" 200 156096 "https://llcbibleclub.com/" "Mozilla/4.0 (compatible; MSIE 9.0; Windows NT 6.1)"
66.249.64.160 - - [14/Apr/2025:19:10:18 -0400] "GET /dp/B09TDTJKF1?ref=MarsFS_SMP_B09TDTJKF1 HTTP/1.1" 404 1251 "-" "Mozilla/5.0 (Linux; Android 6.0.1; Nexus 5X Build/MMB29P) AppleWebKit/537.36 (KHTML, like Gecko) Chrome/135.0.7049.84 Mobile Safari/537.36 (compatible; Googlebot/2.1; +http://www.google.com/bot.html)"
51.222.253.19 - - [14/Apr/2025:19:10:37 -0400] "GET /custom-fuzzy-socks-bulk/ HTTP/1.1" 404 1251 "-" "Mozilla/5.0 (compatible; AhrefsBot/7.0; +http://ahrefs.com/robot/)"
119.28.3.194 - - [14/Apr/2025:19:11:29 -0400] "GET /starting-a-real-estate-business/ HTTP/1.1" 404 1251 "-" "Python/3.10 aiohttp/3.10.5"
51.222.253.3 - - [14/Apr/2025:19:13:39 -0400] "GET /reflective-shoulder-bags/ HTTP/1.1" 404 1251 "-" "Mozilla/5.0 (compatible; AhrefsBot/7.0; +http://ahrefs.com/robot/)"
51.222.253.13 - - [14/Apr/2025:19:17:15 -0400] "GET /laptop-cooling-keeps-your-laptop-cool/ HTTP/1.1" 404 1251 "-" "Mozilla/5.0 (compatible; AhrefsBot/7.0; +http://ahrefs.com/robot/)"
51.222.253.14 - - [14/Apr/2025:19:20:03 -0400] "GET /a-luxurious-urban-oasis/ HTTP/1.1" 404 1251 "-" "Mozilla/5.0 (compatible; AhrefsBot/7.0; +http://ahrefs.com/robot/)"
66.249.64.160 - - [14/Apr/2025:19:20:16 -0400] "GET /dp/B08LZ3LTFV?ref=MarsFS_VICC_rvdwired_cornerkit HTTP/1.1" 404 1251 "-" "Mozilla/5.0 (Linux; Android 6.0.1; Nexus 5X Build/MMB29P) AppleWebKit/537.36 (KHTML, like Gecko) Chrome/135.0.7049.84 Mobile Safari/537.36 (compatible; Googlebot/2.1; +http://www.google.com/bot.html)"
52.3.26.180 - - [14/Apr/2025:19:20:29 -0400] "GET / HTTP/1.1" 200 156096 "-" "Mozilla/5.0 AppleWebKit/537.36 (KHTML, like Gecko; compatible; Amazonbot/0.1; +https://developer.amazon.com/support/amazonbot) Chrome/119.0.6045.214 Safari/537.36"
66.249.64.174 - - [14/Apr/2025:19:21:05 -0400] "GET /dp/B086PFKYVH?ref=MarsFS_eero_AG HTTP/1.1" 404 1251 "-" "Mozilla/5.0 (Linux; Android 6.0.1; Nexus 5X Build/MMB29P) AppleWebKit/537.36 (KHTML, like Gecko) Chrome/135.0.7049.84 Mobile Safari/537.36 (compatible; Googlebot/2.1; +http://www.google.com/bot.html)"
66.249.64.173 - - [14/Apr/2025:19:21:11 -0400] "GET /bmw-financial-customer-service/ HTTP/1.1" 404 1251 "-" "Mozilla/5.0 (Linux; Android 6.0.1; Nexus 5X Build/MMB29P) AppleWebKit/537.36 (KHTML, like Gecko) Chrome/135.0.7049.84 Mobile Safari/537.36 (compatible; Googlebot/2.1; +http://www.google.com/bot.html)"
66.249.64.173 - - [14/Apr/2025:19:21:17 -0400] "GET /dp/B0CFPHSTDD?ref=MarsFS_KINDLE_sgse HTTP/1.1" 404 1251 "-" "Mozilla/5.0 (Linux; Android 6.0.1; Nexus 5X Build/MMB29P) AppleWebKit/537.36 (KHTML, like Gecko) Chrome/135.0.7049.84 Mobile Safari/537.36 (compatible; Googlebot/2.1; +http://www.google.com/bot.html)"
51.222.253.6 - - [14/Apr/2025:19:22:50 -0400] "GET /audio-visual-rentals-visual-enhancements-you-could-effectively-use-at-a-dance-party/ HTTP/1.1" 404 1251 "-" "Mozilla/5.0 (compatible; AhrefsBot/7.0; +http://ahrefs.com/robot/)"
52.178.150.82 - - [14/Apr/2025:19:24:00 -0400] "GET /wp-admin/themes.php HTTP/1.1" 302 0 "-" "-"
52.178.150.82 - - [14/Apr/2025:19:24:01 -0400] "GET /wp-login.php?redirect_to=https%3A%2F%2Fwww.llcbibleclub.com%2Fwp-admin%2Fthemes.php&reauth=1 HTTP/1.1" 200 1690 "-" "-"
52.178.150.82 - - [14/Apr/2025:19:24:12 -0400] "GET /wp-admin/ HTTP/1.1" 302 0 "-" "-"
52.178.150.82 - - [14/Apr/2025:19:24:13 -0400] "GET /wp-login.php?redirect_to=https%3A%2F%2Fllcbibleclub.com%2Fwp-admin%2F&reauth=1 HTTP/1.1" 200 1691 "-" "-"
52.178.150.82 - - [14/Apr/2025:19:24:31 -0400] "GET /wp-login.php?action=register HTTP/1.1" 302 0 "-" "-"
52.178.150.82 - - [14/Apr/2025:19:24:31 -0400] "GET /wp-login.php?registration=disabled HTTP/1.1" 200 1753 "-" "-"
66.249.64.173 - - [14/Apr/2025:19:25:10 -0400] "GET /dp/B0D3RN5W37?ref=MarsFS_VICC_blinksqm HTTP/1.1" 404 1251 "-" "Mozilla/5.0 (Linux; Android 6.0.1; Nexus 5X Build/MMB29P) AppleWebKit/537.36 (KHTML, like Gecko) Chrome/135.0.7049.84 Mobile Safari/537.36 (compatible; Googlebot/2.1; +http://www.google.com/bot.html)"
52.178.150.82 - - [14/Apr/2025:19:25:22 -0400] "GET /wp-admin/about.php HTTP/1.1" 302 0 "-" "-"
52.178.150.82 - - [14/Apr/2025:19:25:23 -0400] "GET /wp-login.php?redirect_to=https%3A%2F%2Fwww.llcbibleclub.com%2Fwp-admin%2Fabout.php&reauth=1 HTTP/1.1" 200 1688 "-" "-"
52.178.150.82 - - [14/Apr/2025:19:25:33 -0400] "GET /wp-login.php?action=register HTTP/1.1" 302 0 "-" "-"
52.178.150.82 - - [14/Apr/2025:19:25:33 -0400] "GET /wp-login.php?registration=disabled HTTP/1.1" 200 1753 "-" "-"
111.119.240.102 - - [14/Apr/2025:19:25:37 -0400] "GET /gasoline-or-diesel-fire-fighting-pumps/ HTTP/1.1" 404 1251 "https://llcbibleclub.com/gasoline-or-diesel-fire-fighting-pumps/#primary" "Mozilla/5.0 (Windows NT 10.0; Win64; x64) AppleWebKit/537.36 (KHTML, like Gecko) Chrome/110.0.0.0 Safari/537.36"
52.178.150.82 - - [14/Apr/2025:19:25:38 -0400] "GET /wp-admin/network/index.php HTTP/1.1" 302 0 "-" "-"
52.178.150.82 - - [14/Apr/2025:19:25:39 -0400] "GET /wp-login.php?redirect_to=https%3A%2F%2Fwww.llcbibleclub.com%2Fwp-admin%2Fnetwork%2Findex.php&reauth=1 HTTP/1.1" 200 1691 "-" "-"
52.178.150.82 - - [14/Apr/2025:19:25:41 -0400] "GET /wp-admin/user/index.php HTTP/1.1" 302 0 "-" "-"
52.178.150.82 - - [14/Apr/2025:19:25:41 -0400] "GET /wp-login.php?redirect_to=https%3A%2F%2Fwww.llcbibleclub.com%2Fwp-admin%2Fuser%2Findex.php&reauth=1 HTTP/1.1" 200 1694 "-" "-"
52.178.150.82 - - [14/Apr/2025:19:25:45 -0400] "GET /wp-admin/index.php HTTP/1.1" 302 0 "-" "-"
52.178.150.82 - - [14/Apr/2025:19:25:45 -0400] "GET /wp-login.php?redirect_to=https%3A%2F%2Fwww.llcbibleclub.com%2Fwp-admin%2Findex.php&reauth=1 HTTP/1.1" 200 1686 "-" "-"
52.178.150.82 - - [14/Apr/2025:19:25:47 -0400] "GET /wp-login.php?action=register HTTP/1.1" 302 0 "-" "-"
52.178.150.82 - - [14/Apr/2025:19:25:48 -0400] "GET /wp-login.php?registration=disabled HTTP/1.1" 200 1753 "-" "-"
51.222.253.17 - - [14/Apr/2025:19:25:51 -0400] "GET /otc-drug-establishment-registration-process/ HTTP/1.1" 404 1251 "-" "Mozilla/5.0 (compatible; AhrefsBot/7.0; +http://ahrefs.com/robot/)"
66.249.64.161 - - [14/Apr/2025:19:27:09 -0400] "GET /dp/B0CP31QS6R?ref=MarsFS_KINDLE_rs HTTP/1.1" 404 1251 "-" "Mozilla/5.0 (Linux; Android 6.0.1; Nexus 5X Build/MMB29P) AppleWebKit/537.36 (KHTML, like Gecko) Chrome/135.0.7049.84 Mobile Safari/537.36 (compatible; Googlebot/2.1; +http://www.google.com/bot.html)"
51.222.253.9 - - [14/Apr/2025:19:28:38 -0400] "GET /the-ethical-challenges-faced-by-artificial-intelligence/ HTTP/1.1" 404 1251 "-" "Mozilla/5.0 (compatible; AhrefsBot/7.0; +http://ahrefs.com/robot/)"
66.249.64.161 - - [14/Apr/2025:19:29:59 -0400] "GET /dp/B0D47Z1SB9?ref=MarsFS_VICC_blinkvin HTTP/1.1" 404 1251 "-" "Mozilla/5.0 (Linux; Android 6.0.1; Nexus 5X Build/MMB29P) AppleWebKit/537.36 (KHTML, like Gecko) Chrome/135.0.7049.84 Mobile Safari/537.36 (compatible; Googlebot/2.1; +http://www.google.com/bot.html)"
66.249.64.160 - - [14/Apr/2025:19:31:19 -0400] "GET /dp/B091G668JP?ref=MarsFS_eero_en HTTP/1.1" 404 1251 "-" "Mozilla/5.0 (Linux; Android 6.0.1; Nexus 5X Build/MMB29P) AppleWebKit/537.36 (KHTML, like Gecko) Chrome/135.0.7049.84 Mobile Safari/537.36 (compatible; Googlebot/2.1; +http://www.google.com/bot.html)"
51.222.253.12 - - [14/Apr/2025:19:31:29 -0400] "GET /exploring-the-world-of-online-casinos/ HTTP/1.1" 404 1251 "-" "Mozilla/5.0 (compatible; AhrefsBot/7.0; +http://ahrefs.com/robot/)"
91.84.100.21 - - [14/Apr/2025:19:32:27 -0400] "GET /best-cbd-oil-products-uk/ HTTP/1.1" 404 1251 "https://llcbibleclub.com/best-cbd-oil-products-uk/" "Mozilla/5.0 (Windows NT 10.0; Win64; x64) AppleWebKit/537.36 (KHTML, like Gecko) Chrome/131.0.0.0 Safari/537.36"
91.84.100.21 - - [14/Apr/2025:19:32:29 -0400] "GET / HTTP/1.1" 200 156096 "https://llcbibleclub.com/" "Mozilla/5.0 (Windows NT 10.0; Win64; x64) AppleWebKit/537.36 (KHTML, like Gecko) Chrome/131.0.0.0 Safari/537.36"
51.222.253.2 - - [14/Apr/2025:19:34:23 -0400] "GET /sarms-for-sale-where-to-find-the-best-sarms-for-sale/ HTTP/1.1" 404 1251 "-" "Mozilla/5.0 (compatible; AhrefsBot/7.0; +http://ahrefs.com/robot/)"
66.249.64.173 - - [14/Apr/2025:19:35:48 -0400] "GET /dp/B091G4D95D?ref=MarsFS_eero_en HTTP/1.1" 404 1251 "-" "Mozilla/5.0 (Linux; Android 6.0.1; Nexus 5X Build/MMB29P) AppleWebKit/537.36 (KHTML, like Gecko) Chrome/135.0.7049.84 Mobile Safari/537.36 (compatible; Googlebot/2.1; +http://www.google.com/bot.html)"
103.131.71.58 - - [14/Apr/2025:19:36:35 -0400] "GET / HTTP/1.1" 304 0 "-" "Mozilla/5.0 (compatible; coccocbot-web/1.0; +http://help.coccoc.com/searchengine)"
51.222.253.14 - - [14/Apr/2025:19:37:00 -0400] "GET /la-edad-es-una-medida-fundamental/ HTTP/1.1" 404 1251 "-" "Mozilla/5.0 (compatible; AhrefsBot/7.0; +http://ahrefs.com/robot/)"
66.249.64.160 - - [14/Apr/2025:19:37:09 -0400] "GET /Amazon/b/ref=bl_dp_s_web_7940963051?ie=UTF8&node=7940963051&field-lbr_brands_browse-bin=Amazon HTTP/1.1" 404 1251 "-" "Mozilla/5.0 (Linux; Android 6.0.1; Nexus 5X Build/MMB29P) AppleWebKit/537.36 (KHTML, like Gecko) Chrome/135.0.7049.84 Mobile Safari/537.36 (compatible; Googlebot/2.1; +http://www.google.com/bot.html)"
66.249.64.173 - - [14/Apr/2025:19:37:59 -0400] "GET /gp/css/homepage.html?ref_=nav_err_youraccount HTTP/1.1" 404 1251 "-" "Mozilla/5.0 (Linux; Android 6.0.1; Nexus 5X Build/MMB29P) AppleWebKit/537.36 (KHTML, like Gecko) Chrome/135.0.7049.84 Mobile Safari/537.36 (compatible; Googlebot/2.1; +http://www.google.com/bot.html)"
51.222.253.17 - - [14/Apr/2025:19:39:31 -0400] "GET /how-to-evolve-snom/ HTTP/1.1" 404 1251 "-" "Mozilla/5.0 (compatible; AhrefsBot/7.0; +http://ahrefs.com/robot/)"
66.249.64.160 - - [14/Apr/2025:19:40:33 -0400] "GET /kindle-dbs/ku/ku-central?ref_=nav_AccountFlyout_ku HTTP/1.1" 404 1251 "-" "Mozilla/5.0 (Linux; Android 6.0.1; Nexus 5X Build/MMB29P) AppleWebKit/537.36 (KHTML, like Gecko) Chrome/135.0.7049.84 Mobile Safari/537.36 (compatible; Googlebot/2.1; +http://www.google.com/bot.html)"
66.249.64.160 - - [14/Apr/2025:19:40:59 -0400] "GET /gp/cart/view.html?ref_=nav_err_cart_timeout HTTP/1.1" 404 1251 "-" "Mozilla/5.0 (Linux; Android 6.0.1; Nexus 5X Build/MMB29P) AppleWebKit/537.36 (KHTML, like Gecko) Chrome/135.0.7049.84 Mobile Safari/537.36 (compatible; Googlebot/2.1; +http://www.google.com/bot.html)"
193.203.10.122 - - [14/Apr/2025:19:41:06 -0400] "GET /wp-login.php HTTP/1.1" 200 1691 "-" "Mozilla/5.0 (Windows NT 10.0; Win64; x64) AppleWebKit/537.36 (KHTML, like Gecko) Chrome/115.0.0.0 Safari/537.36 Edg/115.0.1901.203"
66.249.64.161 - - [14/Apr/2025:19:41:10 -0400] "GET /hz/reviews-render/report-review?ie=UTF8&ref=cm_cr_dp_d_report&csrfT=hI7SZljMN8bG2ire57mKHlD4fY6c8uVTvZXytn4fYPolAAAAAGcq7rEAAAAB&reviewId=R1PEI6HEVK2UIC HTTP/1.1" 404 1251 "-" "Mozilla/5.0 (Linux; Android 6.0.1; Nexus 5X Build/MMB29P) AppleWebKit/537.36 (KHTML, like Gecko) Chrome/135.0.7049.84 Mobile Safari/537.36 (compatible; Googlebot/2.1; +http://www.google.com/bot.html)"
193.203.10.122 - - [14/Apr/2025:19:41:07 -0400] "POST /wp-login.php HTTP/1.1" 200 1816 "https://llcbibleclub.com/wp-login.php" "Mozilla/5.0 (Windows NT 10.0; Win64; x64) AppleWebKit/537.36 (KHTML, like Gecko) Chrome/115.0.0.0 Safari/537.36 Edg/115.0.1901.203"
66.249.64.160 - - [14/Apr/2025:19:41:23 -0400] "GET /gp/twister/ajaxv2 HTTP/1.1" 404 1251 "-" "Mozilla/5.0 (Linux; Android 6.0.1; Nexus 5X Build/MMB29P) AppleWebKit/537.36 (KHTML, like Gecko) Chrome/135.0.7049.84 Mobile Safari/537.36 (compatible; Googlebot/2.1; +http://www.google.com/bot.html)"
66.249.64.160 - - [14/Apr/2025:19:41:48 -0400] "GET /gp/css/order-history?ref_=nav_AccountFlyout_orders HTTP/1.1" 404 1251 "-" "Mozilla/5.0 (Linux; Android 6.0.1; Nexus 5X Build/MMB29P) AppleWebKit/537.36 (KHTML, like Gecko) Chrome/135.0.7049.84 Mobile Safari/537.36 (compatible; Googlebot/2.1; +http://www.google.com/bot.html)"
51.222.253.10 - - [14/Apr/2025:19:41:49 -0400] "GET /is-cbd-oil-really-safe/ HTTP/1.1" 404 1251 "-" "Mozilla/5.0 (compatible; AhrefsBot/7.0; +http://ahrefs.com/robot/)"
66.249.64.160 - - [14/Apr/2025:19:42:00 -0400] "GET /hz/wishlist/additemtolist?ie=UTF8 HTTP/1.1" 404 1251 "-" "Mozilla/5.0 (Linux; Android 6.0.1; Nexus 5X Build/MMB29P) AppleWebKit/537.36 (KHTML, like Gecko) Chrome/135.0.7049.84 Mobile Safari/537.36 (compatible; Googlebot/2.1; +http://www.google.com/bot.html)"
66.249.64.161 - - [14/Apr/2025:19:43:09 -0400] "GET /gp/cart/view.html?ref_=nav_err_ewc_timeout HTTP/1.1" 404 1251 "-" "Mozilla/5.0 (Linux; Android 6.0.1; Nexus 5X Build/MMB29P) AppleWebKit/537.36 (KHTML, like Gecko) Chrome/135.0.7049.84 Mobile Safari/537.36 (compatible; Googlebot/2.1; +http://www.google.com/bot.html)"
66.249.64.162 - - [14/Apr/2025:19:44:11 -0400] "GET /gp/registry/wishlist/?ref_=nav_err_empty_wishlist HTTP/1.1" 404 1251 "-" "Mozilla/5.0 (Linux; Android 6.0.1; Nexus 5X Build/MMB29P) AppleWebKit/537.36 (KHTML, like Gecko) Chrome/135.0.7049.84 Mobile Safari/537.36 (compatible; Googlebot/2.1; +http://www.google.com/bot.html)"
51.222.253.9 - - [14/Apr/2025:19:44:15 -0400] "GET /redefining-casino-solution-distribution/ HTTP/1.1" 404 1251 "-" "Mozilla/5.0 (compatible; AhrefsBot/7.0; +http://ahrefs.com/robot/)"
66.249.64.160 - - [14/Apr/2025:19:44:50 -0400] "GET /hz/reviews-render/report-review?ie=UTF8&ref=cm_cr_dp_d_report&csrfT=hLqtVQgYy%2FI9YDyopdvMpjMSL3z2hjymwxiOhxxJtXHrAAAAAGcq7rEAAAAB&reviewId=RSOLMCOFAZGYC HTTP/1.1" 404 1251 "-" "Mozilla/5.0 (Linux; Android 6.0.1; Nexus 5X Build/MMB29P) AppleWebKit/537.36 (KHTML, like Gecko) Chrome/135.0.7049.84 Mobile Safari/537.36 (compatible; Googlebot/2.1; +http://www.google.com/bot.html)"
124.156.164.49 - - [14/Apr/2025:19:44:55 -0400] "GET /why-you-should-buy-youtube-social-shares/ HTTP/1.1" 404 1251 "-" "Python/3.10 aiohttp/3.10.5"
66.249.64.173 - - [14/Apr/2025:19:46:10 -0400] "GET /product-reviews/B0DG4WZZPV/ref=acr_dp_hist_4?ie=UTF8&filterByStar=four_star&reviewerType=all_reviews HTTP/1.1" 404 1251 "-" "Mozilla/5.0 (Linux; Android 6.0.1; Nexus 5X Build/MMB29P) AppleWebKit/537.36 (KHTML, like Gecko) Chrome/135.0.7049.84 Mobile Safari/537.36 (compatible; Googlebot/2.1; +http://www.google.com/bot.html)"
101.32.75.188 - - [14/Apr/2025:19:46:31 -0400] "GET /take-anaspect-at-the-list-of-keyattractions-that-pull-people-to-kansas-city/ HTTP/1.1" 404 1251 "-" "Python/3.10 aiohttp/3.10.5"
186.1.173.65 - - [14/Apr/2025:19:46:30 -0400] "GET //xmlrpc.php HTTP/1.1" 405 46 "-" "Mozilla/5.0 (Windows NT 10.0; WOW64; rv:45.0) Gecko/20100101 Firefox/45.0"
186.1.173.65 - - [14/Apr/2025:19:46:40 -0400] "POST //xmlrpc.php HTTP/1.1" 200 186 "-" "Mozilla/5.0 (Windows NT 10.0; WOW64; rv:45.0) Gecko/20100101 Firefox/45.0"
51.222.253.4 - - [14/Apr/2025:19:46:43 -0400] "GET /unique-gifts-for-cyclists/ HTTP/1.1" 404 1251 "-" "Mozilla/5.0 (compatible; AhrefsBot/7.0; +http://ahrefs.com/robot/)"
66.249.64.160 - - [14/Apr/2025:19:47:12 -0400] "GET /gp/registry/wishlist/ HTTP/1.1" 404 1251 "-" "Mozilla/5.0 (Linux; Android 6.0.1; Nexus 5X Build/MMB29P) AppleWebKit/537.36 (KHTML, like Gecko) Chrome/135.0.7049.84 Mobile Safari/537.36 (compatible; Googlebot/2.1; +http://www.google.com/bot.html)"
66.249.64.174 - - [14/Apr/2025:19:47:15 -0400] "GET /hz/mycd/myx?pageType=content&ref_=nav_AccountFlyout_myk HTTP/1.1" 404 1251 "-" "Mozilla/5.0 (Linux; Android 6.0.1; Nexus 5X Build/MMB29P) AppleWebKit/537.36 (KHTML, like Gecko) Chrome/135.0.7049.84 Mobile Safari/537.36 (compatible; Googlebot/2.1; +http://www.google.com/bot.html)"
51.222.253.18 - - [14/Apr/2025:19:49:19 -0400] "GET /how-long-does-a-ring-doorbell-battery-last/ HTTP/1.1" 404 1251 "-" "Mozilla/5.0 (compatible; AhrefsBot/7.0; +http://ahrefs.com/robot/)"
51.222.253.19 - - [14/Apr/2025:19:51:45 -0400] "GET /how-to-reduce-acidity-and-heartburn-in-men-and-women-naturally/ HTTP/1.1" 404 1251 "-" "Mozilla/5.0 (compatible; AhrefsBot/7.0; +http://ahrefs.com/robot/)"
134.122.135.140 - - [14/Apr/2025:19:53:58 -0400] "GET / HTTP/1.1" 200 156096 "https://llcbibleclub.com/" "Mozilla/4.0 (compatible; MSIE 9.0; Windows NT 6.1)"
51.222.253.14 - - [14/Apr/2025:19:54:06 -0400] "GET /buying-a-michael-kors-womens-bag/ HTTP/1.1" 404 1251 "-" "Mozilla/5.0 (compatible; AhrefsBot/7.0; +http://ahrefs.com/robot/)"
45.84.107.54 - - [14/Apr/2025:19:55:05 -0400] "GET / HTTP/1.1" 200 156096 "https://llcbibleclub.com" "Mozilla/5.0 (Windows NT 6.3; WOW64) AppleWebKit/537.36 (KHTML, like Gecko) Chrome/45.0.2454.99 Safari/537.36"
51.222.253.12 - - [14/Apr/2025:19:56:23 -0400] "GET /deciphering-website-development-costs-in-dubai/ HTTP/1.1" 404 1251 "-" "Mozilla/5.0 (compatible; AhrefsBot/7.0; +http://ahrefs.com/robot/)"
66.249.64.173 - - [14/Apr/2025:19:57:12 -0400] "GET /lessentiel-de-lisolation-thermique-de-leconomie-denergie-a-linnovation-durable/ HTTP/1.1" 404 1251 "-" "Mozilla/5.0 (Linux; Android 6.0.1; Nexus 5X Build/MMB29P) AppleWebKit/537.36 (KHTML, like Gecko) Chrome/135.0.7049.84 Mobile Safari/537.36 (compatible; Googlebot/2.1; +http://www.google.com/bot.html)"
51.222.253.10 - - [14/Apr/2025:19:58:47 -0400] "GET /the-best-dad-jokes/ HTTP/1.1" 404 1251 "-" "Mozilla/5.0 (compatible; AhrefsBot/7.0; +http://ahrefs.com/robot/)"
129.226.162.39 - - [14/Apr/2025:20:01:09 -0400] "GET /deep-cleaning-services/ HTTP/1.1" 404 1251 "-" "Python/3.10 aiohttp/3.10.5"
66.249.64.173 - - [14/Apr/2025:20:01:10 -0400] "GET /gp/css/homepage.html?ref_=nav_AccountFlyout_ya HTTP/1.1" 404 1251 "-" "Mozilla/5.0 (Linux; Android 6.0.1; Nexus 5X Build/MMB29P) AppleWebKit/537.36 (KHTML, like Gecko) Chrome/135.0.7049.84 Mobile Safari/537.36 (compatible; Googlebot/2.1; +http://www.google.com/bot.html)"
51.222.253.5 - - [14/Apr/2025:20:01:14 -0400] "GET /what-is-matter-residences/ HTTP/1.1" 404 1251 "-" "Mozilla/5.0 (compatible; AhrefsBot/7.0; +http://ahrefs.com/robot/)"
66.249.64.174 - - [14/Apr/2025:20:02:12 -0400] "GET /gp/registry/wishlist/?ref_=nav_err_wishlist HTTP/1.1" 404 1251 "-" "Mozilla/5.0 (Linux; Android 6.0.1; Nexus 5X Build/MMB29P) AppleWebKit/537.36 (KHTML, like Gecko) Chrome/135.0.7049.84 Mobile Safari/537.36 (compatible; Googlebot/2.1; +http://www.google.com/bot.html)"
66.249.64.160 - - [14/Apr/2025:20:02:49 -0400] "GET /review/create-review/ref=cm_cr_dp_d_wr_but_top?ie=UTF8&channel=glance-detail&asin=B0DG4WZZPV HTTP/1.1" 404 1251 "-" "Mozilla/5.0 (Linux; Android 6.0.1; Nexus 5X Build/MMB29P) AppleWebKit/537.36 (KHTML, like Gecko) Chrome/135.0.7049.84 Mobile Safari/537.36 (compatible; Googlebot/2.1; +http://www.google.com/bot.html)"
66.249.64.160 - - [14/Apr/2025:20:03:23 -0400] "GET /product-reviews/B0DG4WZZPV/ref=acr_dp_hist_3?ie=UTF8&filterByStar=three_star&reviewerType=all_reviews HTTP/1.1" 404 1251 "-" "Mozilla/5.0 (Linux; Android 6.0.1; Nexus 5X Build/MMB29P) AppleWebKit/537.36 (KHTML, like Gecko) Chrome/135.0.7049.84 Mobile Safari/537.36 (compatible; Googlebot/2.1; +http://www.google.com/bot.html)"
51.222.253.20 - - [14/Apr/2025:20:03:37 -0400] "GET /deep-cleaning-services/ HTTP/1.1" 404 1251 "-" "Mozilla/5.0 (compatible; AhrefsBot/7.0; +http://ahrefs.com/robot/)"
51.222.253.16 - - [14/Apr/2025:20:06:21 -0400] "GET /quest-ce-que-la-neurofibromatose-2-nf2/ HTTP/1.1" 404 1251 "-" "Mozilla/5.0 (compatible; AhrefsBot/7.0; +http://ahrefs.com/robot/)"
66.249.64.160 - - [14/Apr/2025:20:08:13 -0400] "GET /product-reviews/B0DG4WZZPV/ref=acr_dp_hist_2?ie=UTF8&filterByStar=two_star&reviewerType=all_reviews HTTP/1.1" 404 1251 "-" "Mozilla/5.0 (Linux; Android 6.0.1; Nexus 5X Build/MMB29P) AppleWebKit/537.36 (KHTML, like Gecko) Chrome/135.0.7049.84 Mobile Safari/537.36 (compatible; Googlebot/2.1; +http://www.google.com/bot.html)"
51.222.253.7 - - [14/Apr/2025:20:08:36 -0400] "GET /advantages-of-a-tiled-conservatory-roof/ HTTP/1.1" 404 1251 "-" "Mozilla/5.0 (compatible; AhrefsBot/7.0; +http://ahrefs.com/robot/)"
66.249.64.174 - - [14/Apr/2025:20:10:24 -0400] "GET /gp/profile/amzn1.account.AF5FRYZXCS7TKUJBS42LJ5SIYFCQ/ref=cm_cr_dp_d_gw_tr?ie=UTF8 HTTP/1.1" 404 1251 "-" "Mozilla/5.0 (Linux; Android 6.0.1; Nexus 5X Build/MMB29P) AppleWebKit/537.36 (KHTML, like Gecko) Chrome/135.0.7049.84 Mobile Safari/537.36 (compatible; Googlebot/2.1; +http://www.google.com/bot.html)"
51.222.253.12 - - [14/Apr/2025:20:11:02 -0400] "GET /dad-jokes-for-kids/ HTTP/1.1" 404 1251 "-" "Mozilla/5.0 (compatible; AhrefsBot/7.0; +http://ahrefs.com/robot/)"
