198.54.114.83 - - [16/Apr/2025:16:47:27 -0400] "POST /wp-admin/admin-ajax.php?action=async_litespeed&nonce=MdM1WbEDheXbyJjIKVsIL4pxgjpvpvlC&litespeed_type=imgoptm HTTP/1.1" 200 0 "-" "WordPress/6.8; https://llcbibleclub.com"
101.32.178.116 - - [16/Apr/2025:16:47:41 -0400] "GET /resume-services-near-me/ HTTP/1.1" 200 10526 "-" "Python/3.10 aiohttp/3.10.5"
198.54.114.83 - - [16/Apr/2025:16:47:43 -0400] "POST /wp-cron.php?doing_wp_cron=1744836461.7351861000061035156250 HTTP/1.1" 200 0 "-" "WordPress/6.8; https://llcbibleclub.com"
43.154.109.7 - - [16/Apr/2025:16:48:41 -0400] "GET /what-causes-an-autoclave-to-fail-a-spore-test/ HTTP/1.1" 200 11248 "-" "Python/3.10 aiohttp/3.10.5"
198.54.114.83 - - [16/Apr/2025:16:48:44 -0400] "POST /wp-cron.php?doing_wp_cron=1744836521.8137750625610351562500 HTTP/1.1" 200 0 "-" "WordPress/6.8; https://llcbibleclub.com"
198.54.114.83 - - [16/Apr/2025:16:51:37 -0400] "POST /wp-admin/admin-ajax.php?action=async_litespeed&nonce=CjdOwhrnd7vMkASNSeekAO53i6B2HkZf&litespeed_type=imgoptm HTTP/1.1" 200 0 "-" "WordPress/6.8; https://llcbibleclub.com"
54.36.148.125 - - [16/Apr/2025:16:51:55 -0400] "GET /how-to-become-more-healthy/ HTTP/1.1" 200 10781 "-" "Mozilla/5.0 (compatible; AhrefsBot/7.0; +http://ahrefs.com/robot/)"
129.226.176.123 - - [16/Apr/2025:16:53:26 -0400] "GET /custom-soccer-socks/ HTTP/1.1" 200 11171 "-" "Python/3.10 aiohttp/3.10.5"
198.54.114.83 - - [16/Apr/2025:16:53:32 -0400] "POST /wp-cron.php?doing_wp_cron=1744836811.1854848861694335937500 HTTP/1.1" 200 0 "-" "WordPress/6.8; https://llcbibleclub.com"
119.28.56.69 - - [16/Apr/2025:16:53:27 -0400] "GET /michael-kors-bags-for-cheap/ HTTP/1.1" 200 11321 "-" "Python/3.10 aiohttp/3.10.5"
198.54.114.83 - - [16/Apr/2025:16:58:45 -0400] "POST /wp-cron.php?doing_wp_cron=1744837125.4384949207305908203125 HTTP/1.1" 200 0 "-" "WordPress/6.8; https://llcbibleclub.com"
198.54.114.83 - - [16/Apr/2025:16:58:46 -0400] "POST /wp-admin/admin-ajax.php?action=async_litespeed&nonce=O2nPuOVeeCsDjphPUfaCwY65rJNTMzop&litespeed_type=imgoptm HTTP/1.1" 200 0 "-" "WordPress/6.8; https://llcbibleclub.com"
43.154.191.216 - - [16/Apr/2025:16:58:38 -0400] "GET /mediation-services-for-rural-communities/ HTTP/1.1" 200 11362 "-" "Python/3.10 aiohttp/3.10.5"
114.10.47.97 - - [16/Apr/2025:17:00:27 -0400] "POST /wp-login.php/wp-login.php HTTP/1.1" 200 0 "-" "python-requests/2.32.3"
198.54.114.83 - - [16/Apr/2025:17:00:48 -0400] "POST /wp-cron.php?doing_wp_cron=1744837247.4425179958343505859375 HTTP/1.1" 200 0 "-" "WordPress/6.8; https://llcbibleclub.com"
66.249.64.174 - - [16/Apr/2025:17:00:42 -0400] "GET /how-to-use-runner-rugs-in-your-home-2/ HTTP/1.1" 200 10631 "-" "Mozilla/5.0 (Linux; Android 6.0.1; Nexus 5X Build/MMB29P) AppleWebKit/537.36 (KHTML, like Gecko) Chrome/135.0.7049.84 Mobile Safari/537.36 (compatible; Googlebot/2.1; +http://www.google.com/bot.html)"
66.249.64.160 - - [16/Apr/2025:17:02:20 -0400] "GET /1/ HTTP/1.1" 301 0 "-" "Mozilla/5.0 (Linux; Android 6.0.1; Nexus 5X Build/MMB29P) AppleWebKit/537.36 (KHTML, like Gecko) Chrome/135.0.7049.84 Mobile Safari/537.36 (compatible; GoogleOther)"
198.54.114.83 - - [16/Apr/2025:17:02:30 -0400] "POST /wp-cron.php?doing_wp_cron=1744837347.2013840675354003906250 HTTP/1.1" 200 0 "-" "WordPress/6.8; https://llcbibleclub.com"
66.249.64.160 - - [16/Apr/2025:17:03:09 -0400] "GET /10-most-essential-pedicure-equipment/ HTTP/1.1" 200 11509 "-" "Mozilla/5.0 (Linux; Android 6.0.1; Nexus 5X Build/MMB29P) AppleWebKit/537.36 (KHTML, like Gecko) Chrome/135.0.7049.84 Mobile Safari/537.36 (compatible; GoogleOther)"
2603:7000:6500:b44:e131:3fba:5ca4:469d - - [16/Apr/2025:17:06:24 -0400] "GET /wp-content/uploads/2023/01/sa1.png HTTP/1.1" 200 35707 "https://www.bing.com/" "Mozilla/5.0 (Windows NT 10.0; Win64; x64) AppleWebKit/537.36 (KHTML, like Gecko) Chrome/135.0.0.0 Safari/537.36 Edg/135.0.0.0"
198.54.114.83 - - [16/Apr/2025:17:10:57 -0400] "POST /wp-cron.php?doing_wp_cron=1744837856.3979799747467041015625 HTTP/1.1" 200 0 "-" "WordPress/6.8; https://llcbibleclub.com"
134.17.14.122 - - [16/Apr/2025:17:10:49 -0400] "GET /goat.php HTTP/1.1" 404 6504 "-" "Mozilla/4.0 (compatible; MSIE 6.0; Windows NT 5.1; SV1)"
198.54.114.83 - - [16/Apr/2025:17:11:00 -0400] "POST /wp-admin/admin-ajax.php?action=async_litespeed&nonce=ik8K6Ws6Ux74SqSYPHtY9kjcc9iZqPLY&litespeed_type=imgoptm HTTP/1.1" 200 0 "-" "WordPress/6.8; https://llcbibleclub.com"
198.54.114.83 - - [16/Apr/2025:17:13:30 -0400] "POST /wp-cron.php?doing_wp_cron=1744838007.9452610015869140625000 HTTP/1.1" 200 0 "-" "WordPress/6.8; https://llcbibleclub.com"
43.132.230.109 - - [16/Apr/2025:17:13:23 -0400] "GET /single-hung-aluminum-window-glass-repair/ HTTP/1.1" 200 11013 "-" "Python/3.10 aiohttp/3.10.5"
198.54.114.83 - - [16/Apr/2025:17:13:31 -0400] "POST /wp-admin/admin-ajax.php?action=async_litespeed&nonce=c90kXOGhTxjP3XnUt8SNJRS32qZ1niYS&litespeed_type=imgoptm HTTP/1.1" 200 0 "-" "WordPress/6.8; https://llcbibleclub.com"
176.124.205.21 - - [16/Apr/2025:17:15:45 -0400] "GET /wp-login.php HTTP/1.1" 200 1691 "-" "Mozilla/5.0 (Windows NT 10.0; Win64; x64) AppleWebKit/537.36 (KHTML, like Gecko) Chrome/115.0.0.0 Safari/537.36 Edg/115.0.1901.203"
176.124.205.21 - - [16/Apr/2025:17:15:46 -0400] "POST /wp-login.php HTTP/1.1" 200 0 "https://llcbibleclub.com/wp-login.php" "Mozilla/5.0 (Windows NT 10.0; Win64; x64) AppleWebKit/537.36 (KHTML, like Gecko) Chrome/115.0.0.0 Safari/537.36 Edg/115.0.1901.203"
176.124.205.21 - - [16/Apr/2025:17:16:03 -0400] "GET /wp-login.php HTTP/1.1" 200 1691 "-" "Mozilla/5.0 (Windows NT 10.0; Win64; x64) AppleWebKit/537.36 (KHTML, like Gecko) Chrome/115.0.0.0 Safari/537.36 Edg/115.0.1901.203"
176.124.205.21 - - [16/Apr/2025:17:16:05 -0400] "POST /wp-login.php HTTP/1.1" 200 0 "https://llcbibleclub.com/wp-login.php" "Mozilla/5.0 (Windows NT 10.0; Win64; x64) AppleWebKit/537.36 (KHTML, like Gecko) Chrome/115.0.0.0 Safari/537.36 Edg/115.0.1901.203"
66.249.64.162 - - [16/Apr/2025:17:17:20 -0400] "GET /gp/css/order-history?ref_=nav_AccountFlyout_orders HTTP/1.1" 404 6504 "-" "Mozilla/5.0 (Linux; Android 6.0.1; Nexus 5X Build/MMB29P) AppleWebKit/537.36 (KHTML, like Gecko) Chrome/135.0.7049.84 Mobile Safari/537.36 (compatible; GoogleOther)"
198.54.114.83 - - [16/Apr/2025:17:17:22 -0400] "POST /wp-admin/admin-ajax.php?action=async_litespeed&nonce=XQeFclWcaf8rZQBJSXi3weJona5HVdkj&litespeed_type=imgoptm HTTP/1.1" 200 0 "-" "WordPress/6.8; https://llcbibleclub.com"
198.54.114.83 - - [16/Apr/2025:17:17:36 -0400] "POST /wp-cron.php?doing_wp_cron=1744838255.4821460247039794921875 HTTP/1.1" 200 0 "-" "WordPress/6.8; https://llcbibleclub.com"
159.242.234.246 - - [16/Apr/2025:17:17:34 -0400] "POST /xmlrpc.php HTTP/1.1" 200 186 "-" "Mozilla/5.0 (Windows NT 10.0; Win64; x64) AppleWebKit/537.36 (KHTML, like Gecko) Chrome/79.0.3945.88 Safari/537.36"
198.54.114.83 - - [16/Apr/2025:17:17:38 -0400] "POST /wp-admin/admin-ajax.php?action=async_litespeed&nonce=uhrS4LWVYpolA0spyd4aZ7B77bnL9EHq&litespeed_type=imgoptm HTTP/1.1" 200 0 "-" "WordPress/6.8; https://llcbibleclub.com"
159.242.234.246 - - [16/Apr/2025:17:17:38 -0400] "POST /xmlrpc.php HTTP/1.1" 200 186 "-" "Mozilla/5.0 (Windows NT 10.0; Win64; x64) AppleWebKit/537.36 (KHTML, like Gecko) Chrome/79.0.3945.88 Safari/537.36"
159.242.234.246 - - [16/Apr/2025:17:17:40 -0400] "POST /xmlrpc.php HTTP/1.1" 200 186 "-" "Mozilla/5.0 (Windows NT 10.0; Win64; x64) AppleWebKit/537.36 (KHTML, like Gecko) Chrome/79.0.3945.88 Safari/537.36"
159.242.234.246 - - [16/Apr/2025:17:17:41 -0400] "POST /xmlrpc.php HTTP/1.1" 200 186 "-" "Mozilla/5.0 (Windows NT 10.0; Win64; x64) AppleWebKit/537.36 (KHTML, like Gecko) Chrome/79.0.3945.88 Safari/537.36"
198.54.114.83 - - [16/Apr/2025:17:21:54 -0400] "POST /wp-admin/admin-ajax.php?action=async_litespeed&nonce=DBsParoQSgbkgnikRgmqMYbNuMVkEM9u&litespeed_type=imgoptm HTTP/1.1" 200 0 "-" "WordPress/6.8; https://llcbibleclub.com"
185.191.171.4 - - [16/Apr/2025:17:23:53 -0400] "GET /robots.txt HTTP/1.1" 304 0 "-" "Mozilla/5.0 (compatible; SemrushBot/7~bl; +http://www.semrush.com/bot.html)"
85.208.96.197 - - [16/Apr/2025:17:23:54 -0400] "GET /rotate-screen-on-chromebook/ HTTP/1.1" 200 12518 "-" "Mozilla/5.0 (compatible; SemrushBot/7~bl; +http://www.semrush.com/bot.html)"
198.54.114.83 - - [16/Apr/2025:17:24:02 -0400] "POST /wp-cron.php?doing_wp_cron=1744838639.5775980949401855468750 HTTP/1.1" 200 0 "-" "WordPress/6.8; https://llcbibleclub.com"
198.54.114.83 - - [16/Apr/2025:17:29:23 -0400] "POST /wp-cron.php?doing_wp_cron=1744838962.9994568824768066406250 HTTP/1.1" 200 0 "-" "WordPress/6.8; https://llcbibleclub.com"
198.54.114.83 - - [16/Apr/2025:17:29:28 -0400] "POST /wp-admin/admin-ajax.php?action=async_litespeed&nonce=xWIposLj8mG0XDwjCV2T6h4eeN7Sa1DX&litespeed_type=imgoptm HTTP/1.1" 200 0 "-" "WordPress/6.8; https://llcbibleclub.com"
66.249.64.160 - - [16/Apr/2025:17:29:17 -0400] "GET /the-best-sarm-stacks-for-beginners/ HTTP/1.1" 200 11334 "-" "Mozilla/5.0 (Linux; Android 6.0.1; Nexus 5X Build/MMB29P) AppleWebKit/537.36 (KHTML, like Gecko) Chrome/135.0.7049.84 Mobile Safari/537.36 (compatible; Googlebot/2.1; +http://www.google.com/bot.html)"
66.249.64.160 - - [16/Apr/2025:17:29:52 -0400] "GET /wp-includes/css/dist/block-library/style.min.css?ver=6.8 HTTP/1.1" 200 14358 "https://llcbibleclub.com/the-best-sarm-stacks-for-beginners/" "Mozilla/5.0 (Linux; Android 6.0.1; Nexus 5X Build/MMB29P) AppleWebKit/537.36 (KHTML, like Gecko) Chrome/134.0.6998.165 Mobile Safari/537.36 (compatible; Googlebot/2.1; +http://www.google.com/bot.html)"
198.54.114.83 - - [16/Apr/2025:17:30:52 -0400] "POST /wp-cron.php?doing_wp_cron=1744839050.7714259624481201171875 HTTP/1.1" 200 0 "-" "WordPress/6.8; https://llcbibleclub.com"
43.154.120.205 - - [16/Apr/2025:17:30:50 -0400] "GET /the-best-reusable-cold-cups-for-coffee-lovers/ HTTP/1.1" 200 11330 "-" "Python/3.10 aiohttp/3.10.5"
198.54.114.83 - - [16/Apr/2025:17:30:55 -0400] "POST /wp-admin/admin-ajax.php?action=async_litespeed&nonce=LwOKqfOOzUrjD2bDXEWPRTE5CLY4JrgL&litespeed_type=imgoptm HTTP/1.1" 200 0 "-" "WordPress/6.8; https://llcbibleclub.com"
198.54.114.83 - - [16/Apr/2025:17:32:25 -0400] "POST /wp-cron.php?doing_wp_cron=1744839145.2794270515441894531250 HTTP/1.1" 200 0 "-" "WordPress/6.8; https://llcbibleclub.com"
198.54.114.83 - - [16/Apr/2025:17:32:26 -0400] "POST /wp-admin/admin-ajax.php?action=async_litespeed&nonce=HUuz8Fhn60igkEobysJLPhdIVdOfHwKz&litespeed_type=imgoptm HTTP/1.1" 200 0 "-" "WordPress/6.8; https://llcbibleclub.com"
66.249.64.160 - - [16/Apr/2025:17:32:19 -0400] "GET /gp/css/homepage.html?ref_=nav_AccountFlyout_ya HTTP/1.1" 404 6505 "-" "Mozilla/5.0 (Linux; Android 6.0.1; Nexus 5X Build/MMB29P) AppleWebKit/537.36 (KHTML, like Gecko) Chrome/135.0.7049.84 Mobile Safari/537.36 (compatible; GoogleOther)"
198.54.114.83 - - [16/Apr/2025:17:32:43 -0400] "POST /wp-admin/admin-ajax.php?action=async_litespeed&nonce=cxwkwK4DHt6XxOOyw6UK2KrkcPuk6XxX&litespeed_type=imgoptm HTTP/1.1" 200 0 "-" "WordPress/6.8; https://llcbibleclub.com"
198.54.114.83 - - [16/Apr/2025:17:35:32 -0400] "POST /wp-cron.php?doing_wp_cron=1744839331.7374339103698730468750 HTTP/1.1" 200 0 "-" "WordPress/6.8; https://llcbibleclub.com"
198.54.114.83 - - [16/Apr/2025:17:35:35 -0400] "POST /wp-admin/admin-ajax.php?action=async_litespeed&nonce=3bLsffhg1PkG88rthyVvaAJ6nrnIncNz&litespeed_type=imgoptm HTTP/1.1" 200 0 "-" "WordPress/6.8; https://llcbibleclub.com"
198.54.114.83 - - [16/Apr/2025:17:35:42 -0400] "POST /wp-cron.php?doing_wp_cron=1744839338.2297499179840087890625 HTTP/1.1" 200 0 "-" "WordPress/6.8; https://llcbibleclub.com"
52.167.144.228 - - [16/Apr/2025:17:35:18 -0400] "GET /the-landscape-of-money-lenders-in-singapore/ HTTP/1.1" 200 10775 "-" "Mozilla/5.0 AppleWebKit/537.36 (KHTML, like Gecko; compatible; bingbot/2.0; +http://www.bing.com/bingbot.htm) Chrome/116.0.1938.76 Safari/537.36"
52.167.144.196 - - [16/Apr/2025:17:35:50 -0400] "GET /exquisite-living-at-ardor-residence/ HTTP/1.1" 200 10670 "-" "Mozilla/5.0 AppleWebKit/537.36 (KHTML, like Gecko; compatible; bingbot/2.0; +http://www.bing.com/bingbot.htm) Chrome/116.0.1938.76 Safari/537.36"
3.255.14.197 - - [16/Apr/2025:17:36:11 -0400] "GET /robots.txt HTTP/1.1" 304 0 "-" "Mozilla/5.0 (Macintosh; Intel Mac OS X 10_15_7) AppleWebKit/537.36 (KHTML, like Gecko) Chrome/111.0.0.0 Safari/537.36"
3.255.14.197 - - [16/Apr/2025:17:36:22 -0400] "GET / HTTP/1.1" 200 156096 "https://timebusinesswork.com/" "Mozilla/5.0 (Macintosh; Intel Mac OS X 10_15_7) AppleWebKit/537.36 (KHTML, like Gecko) Chrome/111.0.0.0 Safari/537.36"
198.54.114.83 - - [16/Apr/2025:17:36:40 -0400] "POST /wp-cron.php?doing_wp_cron=1744839398.6053619384765625000000 HTTP/1.1" 200 0 "-" "WordPress/6.8; https://llcbibleclub.com"
3.255.14.197 - - [16/Apr/2025:17:36:38 -0400] "GET /dp/B09DRX62ZV?ref=MarsFS_VICC_spotlight HTTP/1.1" 404 6505 "https://llcbibleclub.com/" "Mozilla/5.0 (Macintosh; Intel Mac OS X 10_15_7) AppleWebKit/537.36 (KHTML, like Gecko) Chrome/111.0.0.0 Safari/537.36"
198.54.114.83 - - [16/Apr/2025:17:36:42 -0400] "POST /wp-admin/admin-ajax.php?action=async_litespeed&nonce=Z02SuCpymwwDqPzVaRNPpe56xrLbjbxC&litespeed_type=imgoptm HTTP/1.1" 200 0 "-" "WordPress/6.8; https://llcbibleclub.com"
3.255.14.197 - - [16/Apr/2025:17:37:05 -0400] "GET /review/create-review/ref=cm_cr_dp_d_wr_but_top?ie=UTF8&channel=glance-detail&asin=B0DG4WZZPV HTTP/1.1" 404 6505 "https://llcbibleclub.com/" "Mozilla/5.0 (Macintosh; Intel Mac OS X 10_15_7) AppleWebKit/537.36 (KHTML, like Gecko) Chrome/111.0.0.0 Safari/537.36"
3.255.14.197 - - [16/Apr/2025:17:37:24 -0400] "GET /gp/profile/amzn1.account.AEI6M6PK7YTYMMDYHFCY44VLPMYQ/ref=cm_cr_dp_d_gw_tr?ie=UTF8 HTTP/1.1" 404 6505 "https://llcbibleclub.com/" "Mozilla/5.0 (Macintosh; Intel Mac OS X 10_15_7) AppleWebKit/537.36 (KHTML, like Gecko) Chrome/111.0.0.0 Safari/537.36"
150.109.117.52 - - [16/Apr/2025:17:39:08 -0400] "GET /auto-cold-drawing-machine/ HTTP/1.1" 200 11117 "-" "Python/3.10 aiohttp/3.10.5"
198.54.114.83 - - [16/Apr/2025:17:39:18 -0400] "POST /wp-cron.php?doing_wp_cron=1744839554.1805179119110107421875 HTTP/1.1" 200 0 "-" "WordPress/6.8; https://llcbibleclub.com"
54.223.172.141 - - [16/Apr/2025:17:41:33 -0400] "GET /wp-content/uploads/2023/08/How-To-Evolve-Primeape.jpg HTTP/1.1" 200 10434 "-" "Mozilla/5.0 (Windows NT 10.0; Win64; x64) AppleWebKit/537.36 (KHTML, like Gecko) Chrome/133.0.0.0 Safari/537.36"
198.54.114.83 - - [16/Apr/2025:17:43:50 -0400] "POST /wp-admin/admin-ajax.php?action=async_litespeed&nonce=l1sXhGZFbQbi33kwyB91rUCf3JfCNqoI&litespeed_type=imgoptm HTTP/1.1" 200 0 "-" "WordPress/6.8; https://llcbibleclub.com"
198.54.114.83 - - [16/Apr/2025:17:44:53 -0400] "POST /wp-cron.php?doing_wp_cron=1744839892.2137780189514160156250 HTTP/1.1" 200 0 "-" "WordPress/6.8; https://llcbibleclub.com"
40.77.167.159 - - [16/Apr/2025:17:44:52 -0400] "GET /audio-visual-rentals-visual-enhancements-you-could-effectively-use-at-a-dance-party/ HTTP/1.1" 200 11338 "-" "Mozilla/5.0 AppleWebKit/537.36 (KHTML, like Gecko; compatible; bingbot/2.0; +http://www.bing.com/bingbot.htm) Chrome/116.0.1938.76 Safari/537.36"
198.54.114.83 - - [16/Apr/2025:17:44:55 -0400] "POST /wp-admin/admin-ajax.php?action=async_litespeed&nonce=Murxml7c8PE3UohAuSiyOw0Yd8T4e2fw&litespeed_type=imgoptm HTTP/1.1" 200 0 "-" "WordPress/6.8; https://llcbibleclub.com"
198.54.114.83 - - [16/Apr/2025:17:47:28 -0400] "POST /wp-cron.php?doing_wp_cron=1744840046.7281789779663085937500 HTTP/1.1" 200 0 "-" "WordPress/6.8; https://llcbibleclub.com"
66.249.64.160 - - [16/Apr/2025:17:47:20 -0400] "GET /ping HTTP/1.1" 404 6505 "-" "Mozilla/5.0 (Linux; Android 6.0.1; Nexus 5X Build/MMB29P) AppleWebKit/537.36 (KHTML, like Gecko) Chrome/135.0.7049.84 Mobile Safari/537.36 (compatible; GoogleOther)"
198.54.114.83 - - [16/Apr/2025:17:47:29 -0400] "POST /wp-admin/admin-ajax.php?action=async_litespeed&nonce=hvqEh5CFiH5F1KaD4wrjmeFgtMGGHII8&litespeed_type=imgoptm HTTP/1.1" 200 0 "-" "WordPress/6.8; https://llcbibleclub.com"
175.167.7.5 - - [16/Apr/2025:17:47:38 -0400] "GET / HTTP/1.1" 200 156096 "-" "Mozilla/5.0 (Windows NT 10.0; Win64; x64) AppleWebKit/537.36 (KHTML, like Gecko) Chrome/58.0.3029.110 Safari/537.3"
198.54.114.83 - - [16/Apr/2025:17:48:49 -0400] "POST /wp-cron.php?doing_wp_cron=1744840127.9093329906463623046875 HTTP/1.1" 200 0 "-" "WordPress/6.8; https://llcbibleclub.com"
198.54.114.83 - - [16/Apr/2025:17:48:51 -0400] "POST /wp-admin/admin-ajax.php?action=async_litespeed&nonce=VNEU2xyoo4asbmSgYYRxG2hlcNCUeCso&litespeed_type=imgoptm HTTP/1.1" 200 0 "-" "WordPress/6.8; https://llcbibleclub.com"
40.77.167.156 - - [16/Apr/2025:17:48:47 -0400] "GET /les-imprimantes-sans-encre-vous-font-gagner-du-temps-de-largent-et-preservent-lenvironnement/ HTTP/1.1" 200 11038 "-" "Mozilla/5.0 AppleWebKit/537.36 (KHTML, like Gecko; compatible; bingbot/2.0; +http://www.bing.com/bingbot.htm) Chrome/116.0.1938.76 Safari/537.36"
82.211.0.91 - - [16/Apr/2025:17:50:14 -0400] "GET /how-to-promote-a-twitch-promoted-stream/ HTTP/1.1" 200 11045 "https://llcbibleclub.com" "Mozilla/5.0 (Windows NT 10.0; Win64; x64) AppleWebKit/537.36 (KHTML, like Gecko) Chrome/62.0.3202.94 Safari/537.36"
198.54.114.83 - - [16/Apr/2025:17:50:23 -0400] "POST /wp-cron.php?doing_wp_cron=1744840222.0083899497985839843750 HTTP/1.1" 200 0 "-" "WordPress/6.8; https://llcbibleclub.com"
82.211.0.91 - - [16/Apr/2025:17:50:18 -0400] "POST /wp-comments-post.php HTTP/1.1" 200 0 "https://llcbibleclub.com" "Mozilla/5.0 (Windows NT 10.0; Win64; x64) AppleWebKit/537.36 (KHTML, like Gecko) Chrome/62.0.3202.94 Safari/537.36"
198.54.114.83 - - [16/Apr/2025:17:50:24 -0400] "POST /wp-admin/admin-ajax.php?action=async_litespeed&nonce=ZS1XqGCWgEMSWQqheq9yJpXSLbZG6cL4&litespeed_type=imgoptm HTTP/1.1" 200 0 "-" "WordPress/6.8; https://llcbibleclub.com"
198.54.114.83 - - [16/Apr/2025:17:53:26 -0400] "POST /wp-cron.php?doing_wp_cron=1744840405.6222019195556640625000 HTTP/1.1" 200 0 "-" "WordPress/6.8; https://llcbibleclub.com"
101.32.39.34 - - [16/Apr/2025:17:53:20 -0400] "GET /custom-baseball-socks-with-logo/ HTTP/1.1" 200 11240 "-" "Python/3.10 aiohttp/3.10.5"
198.54.114.83 - - [16/Apr/2025:17:53:29 -0400] "POST /wp-admin/admin-ajax.php?action=async_litespeed&nonce=kfvQoh4DiyFSBQvUAdp4BzJpEfcTUP10&litespeed_type=imgoptm HTTP/1.1" 200 0 "-" "WordPress/6.8; https://llcbibleclub.com"
198.54.114.83 - - [16/Apr/2025:17:53:58 -0400] "POST /wp-cron.php?doing_wp_cron=1744840438.2407629489898681640625 HTTP/1.1" 200 0 "-" "WordPress/6.8; https://llcbibleclub.com"
66.249.64.161 - - [16/Apr/2025:17:53:57 -0400] "GET /how-to-prepare-for-a-voice-over/ HTTP/1.1" 200 10703 "-" "Mozilla/5.0 (Linux; Android 6.0.1; Nexus 5X Build/MMB29P) AppleWebKit/537.36 (KHTML, like Gecko) Chrome/135.0.7049.84 Mobile Safari/537.36 (compatible; Googlebot/2.1; +http://www.google.com/bot.html)"
198.54.114.83 - - [16/Apr/2025:17:54:01 -0400] "POST /wp-admin/admin-ajax.php?action=async_litespeed&nonce=FdWtVJR38A8iTl1KQozvn9TfsmdH5gJz&litespeed_type=imgoptm HTTP/1.1" 200 0 "-" "WordPress/6.8; https://llcbibleclub.com"
198.54.114.83 - - [16/Apr/2025:17:56:31 -0400] "POST /wp-cron.php?doing_wp_cron=1744840591.1378018856048583984375 HTTP/1.1" 200 0 "-" "WordPress/6.8; https://llcbibleclub.com"
198.54.114.83 - - [16/Apr/2025:17:56:33 -0400] "POST /wp-admin/admin-ajax.php?action=async_litespeed&nonce=lhqOeYQD16didzoQT2saTfO0EyUi51gM&litespeed_type=imgoptm HTTP/1.1" 200 0 "-" "WordPress/6.8; https://llcbibleclub.com"
119.28.2.21 - - [16/Apr/2025:17:56:25 -0400] "GET /sapphire-windows-conservatory-roofs/ HTTP/1.1" 200 11220 "-" "Python/3.10 aiohttp/3.10.5"
66.249.64.161 - - [16/Apr/2025:17:56:57 -0400] "GET /the-dry-shampoo-sofa/ HTTP/1.1" 200 10772 "-" "Mozilla/5.0 (Linux; Android 6.0.1; Nexus 5X Build/MMB29P) AppleWebKit/537.36 (KHTML, like Gecko) Chrome/135.0.7049.84 Mobile Safari/537.36 (compatible; GoogleOther)"
66.249.64.162 - - [16/Apr/2025:17:58:07 -0400] "GET /wp-content/themes/news-center/assets/js/jquery.marquee.min.js?ver=1.6.0 HTTP/1.1" 200 2160 "https://llcbibleclub.com/how-to-prepare-for-a-voice-over/" "Mozilla/5.0 (Linux; Android 6.0.1; Nexus 5X Build/MMB29P) AppleWebKit/537.36 (KHTML, like Gecko) Chrome/134.0.6998.165 Mobile Safari/537.36 (compatible; Googlebot/2.1; +http://www.google.com/bot.html)"
66.249.64.162 - - [16/Apr/2025:17:58:08 -0400] "GET /wp-includes/css/dist/block-library/style.min.css?ver=6.8 HTTP/1.1" 200 14358 "https://llcbibleclub.com/how-to-prepare-for-a-voice-over/" "Mozilla/5.0 (Linux; Android 6.0.1; Nexus 5X Build/MMB29P) AppleWebKit/537.36 (KHTML, like Gecko) Chrome/134.0.6998.165 Mobile Safari/537.36 (compatible; Googlebot/2.1; +http://www.google.com/bot.html)"
198.54.114.83 - - [16/Apr/2025:17:59:26 -0400] "POST /wp-cron.php?doing_wp_cron=1744840765.7792799472808837890625 HTTP/1.1" 200 0 "-" "WordPress/6.8; https://llcbibleclub.com"
198.54.114.83 - - [16/Apr/2025:17:59:28 -0400] "POST /wp-admin/admin-ajax.php?action=async_litespeed&nonce=dT9m2MSnVhYEblaOePGrhLqC9OVXatit&litespeed_type=imgoptm HTTP/1.1" 200 0 "-" "WordPress/6.8; https://llcbibleclub.com"
101.32.49.9 - - [16/Apr/2025:17:59:20 -0400] "GET /yacht-rental-cancun-the-best-way-to-enjoy-the-riviera-maya/ HTTP/1.1" 200 11182 "-" "Python/3.10 aiohttp/3.10.5"
198.54.114.83 - - [16/Apr/2025:18:00:47 -0400] "POST /wp-cron.php?doing_wp_cron=1744840845.2275359630584716796875 HTTP/1.1" 200 0 "-" "WordPress/6.8; https://llcbibleclub.com"
129.226.130.64 - - [16/Apr/2025:18:00:44 -0400] "GET /soccer-as-a-national-sport/ HTTP/1.1" 200 11458 "-" "Python/3.10 aiohttp/3.10.5"
198.54.114.83 - - [16/Apr/2025:18:00:48 -0400] "POST /wp-admin/admin-ajax.php?action=async_litespeed&nonce=6Dcdlh617ft4O9ESpRDVrJgmwgeI5oqF&litespeed_type=imgoptm HTTP/1.1" 200 0 "-" "WordPress/6.8; https://llcbibleclub.com"
82.211.2.219 - - [16/Apr/2025:18:04:05 -0400] "GET /how-to-promote-a-twitch-promoted-stream/ HTTP/1.1" 200 11045 "https://llcbibleclub.com" "Mozilla/5.0 (Windows NT 10.0; Win64; x64) AppleWebKit/537.36 (KHTML, like Gecko) Chrome/62.0.3202.94 Safari/537.36"
82.211.2.219 - - [16/Apr/2025:18:04:09 -0400] "POST /wp-comments-post.php HTTP/1.1" 200 0 "https://llcbibleclub.com" "Mozilla/5.0 (Windows NT 10.0; Win64; x64) AppleWebKit/537.36 (KHTML, like Gecko) Chrome/62.0.3202.94 Safari/537.36"
198.54.114.83 - - [16/Apr/2025:18:04:16 -0400] "POST /wp-cron.php?doing_wp_cron=1744841055.4444389343261718750000 HTTP/1.1" 200 0 "-" "WordPress/6.8; https://llcbibleclub.com"
198.54.114.83 - - [16/Apr/2025:18:04:18 -0400] "POST /wp-admin/admin-ajax.php?action=async_litespeed&nonce=X8YzCpu8orWDTQArQH3uwukBMc4f6gRL&litespeed_type=imgoptm HTTP/1.1" 200 0 "-" "WordPress/6.8; https://llcbibleclub.com"
43.154.251.2 - - [16/Apr/2025:18:04:32 -0400] "GET /top-refrigerant-recovery-machine/ HTTP/1.1" 200 10868 "-" "Python/3.10 aiohttp/3.10.5"
198.54.114.83 - - [16/Apr/2025:18:04:35 -0400] "POST /wp-cron.php?doing_wp_cron=1744841074.6976490020751953125000 HTTP/1.1" 200 0 "-" "WordPress/6.8; https://llcbibleclub.com"
43.154.251.2 - - [16/Apr/2025:18:04:34 -0400] "GET /mba-studies-why-its-worth-it/ HTTP/1.1" 200 10798 "-" "Python/3.10 aiohttp/3.10.5"
198.54.114.83 - - [16/Apr/2025:18:04:37 -0400] "POST /wp-admin/admin-ajax.php?action=async_litespeed&nonce=nr3WtFQ4riWnG8NoVHl9V1DL9MYYE5Nx&litespeed_type=imgoptm HTTP/1.1" 200 0 "-" "WordPress/6.8; https://llcbibleclub.com"
195.2.76.183 - - [16/Apr/2025:18:05:04 -0400] "GET /best-cbd-oil-products-uk/ HTTP/1.1" 200 11600 "https://llcbibleclub.com/best-cbd-oil-products-uk/" "Mozilla/5.0 (Windows NT 10.0; Win64; x64) AppleWebKit/537.36 (KHTML, like Gecko) Chrome/131.0.0.0 Safari/537.36"
195.2.76.183 - - [16/Apr/2025:18:05:06 -0400] "POST /wp-comments-post.php HTTP/1.1" 200 980 "https://llcbibleclub.com/best-cbd-oil-products-uk/" "Mozilla/5.0 (Windows NT 10.0; Win64; x64) AppleWebKit/537.36 (KHTML, like Gecko) Chrome/131.0.0.0 Safari/537.36"
198.54.114.83 - - [16/Apr/2025:18:06:26 -0400] "POST /wp-cron.php?doing_wp_cron=1744841184.7549800872802734375000 HTTP/1.1" 200 0 "-" "WordPress/6.8; https://llcbibleclub.com"
129.226.131.165 - - [16/Apr/2025:18:06:24 -0400] "GET /whipped-soap-two-easy-to-follow-recipes-for-whipped-soap/ HTTP/1.1" 200 10673 "-" "Python/3.10 aiohttp/3.10.5"
198.54.114.83 - - [16/Apr/2025:18:06:28 -0400] "POST /wp-admin/admin-ajax.php?action=async_litespeed&nonce=lqK0D705U6OqKpvSrCG8FKq7IFdvK0zj&litespeed_type=imgoptm HTTP/1.1" 200 0 "-" "WordPress/6.8; https://llcbibleclub.com"
198.54.114.83 - - [16/Apr/2025:18:07:19 -0400] "POST /wp-admin/admin-ajax.php?action=async_litespeed&nonce=44M7bcPfpp6SZk1DOLnwstsFDlNK2icB&litespeed_type=imgoptm HTTP/1.1" 200 5 "-" "WordPress/6.8; https://llcbibleclub.com"
198.54.114.83 - - [16/Apr/2025:18:08:00 -0400] "POST /wp-cron.php?doing_wp_cron=1744841278.4662249088287353515625 HTTP/1.1" 200 0 "-" "WordPress/6.8; https://llcbibleclub.com"
66.249.64.161 - - [16/Apr/2025:18:07:57 -0400] "GET /why-require-picture-editing-and-enhancing-services-like-image-masking-and-clipping-path/ HTTP/1.1" 200 10927 "-" "Mozilla/5.0 (Linux; Android 6.0.1; Nexus 5X Build/MMB29P) AppleWebKit/537.36 (KHTML, like Gecko) Chrome/135.0.7049.84 Mobile Safari/537.36 (compatible; Googlebot/2.1; +http://www.google.com/bot.html)"
198.54.114.83 - - [16/Apr/2025:18:08:01 -0400] "POST /wp-admin/admin-ajax.php?action=async_litespeed&nonce=fTCFVhQ7GogSCUUImvIzCiyMRHjHThZK&litespeed_type=imgoptm HTTP/1.1" 200 0 "-" "WordPress/6.8; https://llcbibleclub.com"
198.54.114.83 - - [16/Apr/2025:18:09:04 -0400] "POST /wp-cron.php?doing_wp_cron=1744841337.9784729480743408203125 HTTP/1.1" 200 0 "-" "WordPress/6.8; https://llcbibleclub.com"
43.132.134.51 - - [16/Apr/2025:18:08:56 -0400] "GET /mould-remediation-why-you-need-an-indoor-air-quality-specialist/ HTTP/1.1" 200 12213 "-" "Python/3.10 aiohttp/3.10.5"
198.54.114.83 - - [16/Apr/2025:18:09:08 -0400] "POST /wp-admin/admin-ajax.php?action=async_litespeed&nonce=jtLmXxvNigcctrjm58sAhtGTqhGhPKKd&litespeed_type=imgoptm HTTP/1.1" 200 0 "-" "WordPress/6.8; https://llcbibleclub.com"
85.208.98.24 - - [16/Apr/2025:18:09:31 -0400] "GET /the-dry-shampoo-sofa/ HTTP/1.1" 200 10772 "-" "Mozilla/5.0 (compatible; SemrushBot-BA; +http://www.semrush.com/bot.html)"
85.208.98.29 - - [16/Apr/2025:18:09:39 -0400] "GET /riporta-lo-splendore-ai-tuoi-utensili-da-cucina/ HTTP/1.1" 200 0 "-" "Mozilla/5.0 (compatible; SemrushBot-BA; +http://www.semrush.com/bot.html)"
198.54.114.83 - - [16/Apr/2025:18:09:41 -0400] "POST /wp-cron.php?doing_wp_cron=1744841379.9217870235443115234375 HTTP/1.1" 200 0 "-" "WordPress/6.8; https://llcbibleclub.com"
85.208.98.24 - - [16/Apr/2025:18:09:46 -0400] "GET /manteniendo-tu-tesoro-brillante/ HTTP/1.1" 200 10682 "-" "Mozilla/5.0 (compatible; SemrushBot-BA; +http://www.semrush.com/bot.html)"
85.208.98.31 - - [16/Apr/2025:18:09:53 -0400] "GET /hagerty-jewellery-polishing-cloth/ HTTP/1.1" 200 12209 "-" "Mozilla/5.0 (compatible; SemrushBot-BA; +http://www.semrush.com/bot.html)"
77.238.251.212 - - [16/Apr/2025:18:14:45 -0400] "GET /best-cbd-oil-products-uk/ HTTP/1.1" 200 11600 "https://llcbibleclub.com/best-cbd-oil-products-uk/" "Mozilla/5.0 (Windows NT 10.0; Win64; x64) AppleWebKit/537.36 (KHTML, like Gecko) Chrome/130.0.0.0 Safari/537.36 CCleaner/130.0.0.0"
198.54.114.83 - - [16/Apr/2025:18:14:53 -0400] "POST /wp-cron.php?doing_wp_cron=1744841692.2744679450988769531250 HTTP/1.1" 200 0 "-" "WordPress/6.8; https://llcbibleclub.com"
77.238.251.212 - - [16/Apr/2025:18:14:47 -0400] "POST /wp-comments-post.php HTTP/1.1" 302 0 "https://llcbibleclub.com/best-cbd-oil-products-uk/" "Mozilla/5.0 (Windows NT 10.0; Win64; x64) AppleWebKit/537.36 (KHTML, like Gecko) Chrome/130.0.0.0 Safari/537.36 CCleaner/130.0.0.0"
198.54.114.83 - - [16/Apr/2025:18:14:56 -0400] "POST /wp-admin/admin-ajax.php?action=async_litespeed&nonce=wfFnNmoh2qxCJJ6CrajazuiiBZQ2TZeH&litespeed_type=imgoptm HTTP/1.1" 200 0 "-" "WordPress/6.8; https://llcbibleclub.com"
77.238.251.212 - - [16/Apr/2025:18:14:57 -0400] "GET /best-cbd-oil-products-uk/ HTTP/1.1" 200 12190 "https://llcbibleclub.com/best-cbd-oil-products-uk/#comment-6461" "Mozilla/5.0 (Windows NT 10.0; Win64; x64) AppleWebKit/537.36 (KHTML, like Gecko) Chrome/130.0.0.0 Safari/537.36 CCleaner/130.0.0.0"
18.97.9.172 - - [16/Apr/2025:18:15:01 -0400] "GET /robots.txt HTTP/1.1" 304 0 "-" "CCBot/2.0 (https://commoncrawl.org/faq/)"
18.97.9.172 - - [16/Apr/2025:18:15:04 -0400] "GET /sitemap_index.xml HTTP/1.1" 200 297 "-" "CCBot/2.0 (https://commoncrawl.org/faq/)"
18.97.9.172 - - [16/Apr/2025:18:15:10 -0400] "GET /category-sitemap.xml HTTP/1.1" 200 472 "-" "CCBot/2.0 (https://commoncrawl.org/faq/)"
18.97.9.172 - - [16/Apr/2025:18:15:11 -0400] "GET /post-sitemap.xml HTTP/1.1" 200 27011 "-" "CCBot/2.0 (https://commoncrawl.org/faq/)"
18.97.9.172 - - [16/Apr/2025:18:15:21 -0400] "GET /post-sitemap2.xml HTTP/1.1" 200 7591 "-" "CCBot/2.0 (https://commoncrawl.org/faq/)"
18.97.9.172 - - [16/Apr/2025:18:15:31 -0400] "GET /page-sitemap.xml HTTP/1.1" 200 348 "-" "CCBot/2.0 (https://commoncrawl.org/faq/)"
198.54.114.83 - - [16/Apr/2025:18:17:05 -0400] "POST /wp-cron.php?doing_wp_cron=1744841823.0212469100952148437500 HTTP/1.1" 200 0 "-" "WordPress/6.8; https://llcbibleclub.com"
124.156.103.176 - - [16/Apr/2025:18:16:58 -0400] "GET /tulum-small-boat-rental/ HTTP/1.1" 200 10670 "-" "Python/3.10 aiohttp/3.10.5"
198.54.114.83 - - [16/Apr/2025:18:17:07 -0400] "POST /wp-admin/admin-ajax.php?action=async_litespeed&nonce=cDyktiFX6BJAu4GznS43QrO64z77kIxv&litespeed_type=imgoptm HTTP/1.1" 200 0 "-" "WordPress/6.8; https://llcbibleclub.com"
198.54.114.83 - - [16/Apr/2025:18:19:25 -0400] "POST /wp-cron.php?doing_wp_cron=1744841963.3872730731964111328125 HTTP/1.1" 200 0 "-" "WordPress/6.8; https://llcbibleclub.com"
119.28.204.247 - - [16/Apr/2025:18:19:21 -0400] "GET /fire-cleanup-what-you-need-to-know/ HTTP/1.1" 200 10765 "-" "Python/3.10 aiohttp/3.10.5"
198.54.114.83 - - [16/Apr/2025:18:19:26 -0400] "POST /wp-admin/admin-ajax.php?action=async_litespeed&nonce=6a3JMw67uzS1rMLpmgih20gQJ3Y6MijH&litespeed_type=imgoptm HTTP/1.1" 200 0 "-" "WordPress/6.8; https://llcbibleclub.com"
198.54.114.83 - - [16/Apr/2025:18:20:00 -0400] "POST /wp-admin/admin-ajax.php?action=async_litespeed&nonce=TLyO7ZFSaaDa8cpOso5m31VkYztxDJgs&litespeed_type=imgoptm HTTP/1.1" 200 0 "-" "WordPress/6.8; https://llcbibleclub.com"
85.208.98.16 - - [16/Apr/2025:18:20:42 -0400] "GET /riporta-lo-splendore-ai-tuoi-utensili-da-cucina/ HTTP/1.1" 200 0 "-" "Mozilla/5.0 (compatible; SemrushBot-BA; +http://www.semrush.com/bot.html)"
198.54.114.83 - - [16/Apr/2025:18:20:45 -0400] "POST /wp-cron.php?doing_wp_cron=1744842042.8070600032806396484375 HTTP/1.1" 200 0 "-" "WordPress/6.8; https://llcbibleclub.com"
85.208.98.31 - - [16/Apr/2025:18:20:51 -0400] "GET /reinigen-sie-silberschmuck-mit-hausmitteln/ HTTP/1.1" 200 11181 "-" "Mozilla/5.0 (compatible; SemrushBot-BA; +http://www.semrush.com/bot.html)"
198.54.114.83 - - [16/Apr/2025:18:20:54 -0400] "POST /wp-admin/admin-ajax.php?action=async_litespeed&nonce=kG1U0q3gxUmhzi1jff8jAzfNNzBc2XnJ&litespeed_type=imgoptm HTTP/1.1" 200 0 "-" "WordPress/6.8; https://llcbibleclub.com"
85.208.98.24 - - [16/Apr/2025:18:20:58 -0400] "GET /comment-prendre-soin-de-vos-bijoux-en-chamois/ HTTP/1.1" 200 11113 "-" "Mozilla/5.0 (compatible; SemrushBot-BA; +http://www.semrush.com/bot.html)"
85.208.98.19 - - [16/Apr/2025:18:21:05 -0400] "GET /the-best-silver-cleaner-for-a-brilliant-shine/ HTTP/1.1" 200 0 "-" "Mozilla/5.0 (compatible; SemrushBot-BA; +http://www.semrush.com/bot.html)"
85.208.98.16 - - [16/Apr/2025:18:21:12 -0400] "GET /what-gold-jewellery-cleaner-should-you-use-at-home/ HTTP/1.1" 200 10823 "-" "Mozilla/5.0 (compatible; SemrushBot-BA; +http://www.semrush.com/bot.html)"
195.2.76.117 - - [16/Apr/2025:18:23:22 -0400] "GET /best-cbd-oil-products-uk/ HTTP/1.1" 200 11600 "https://llcbibleclub.com/best-cbd-oil-products-uk/" "Mozilla/5.0 (Windows NT 10.0; Win64; x64) AppleWebKit/537.36 (KHTML, like Gecko) Chrome/130.0.0.0 Safari/537.36 CCleaner/130.0.0.0"
66.249.64.161 - - [16/Apr/2025:18:23:21 -0400] "GET /gp/css/homepage.html?ref_=nav_err_youraccount HTTP/1.1" 404 6505 "-" "Mozilla/5.0 (Linux; Android 6.0.1; Nexus 5X Build/MMB29P) AppleWebKit/537.36 (KHTML, like Gecko) Chrome/135.0.7049.84 Mobile Safari/537.36 (compatible; GoogleOther)"
198.54.114.83 - - [16/Apr/2025:18:23:28 -0400] "POST /wp-cron.php?doing_wp_cron=1744842205.8097970485687255859375 HTTP/1.1" 200 0 "-" "WordPress/6.8; https://llcbibleclub.com"
195.2.76.117 - - [16/Apr/2025:18:23:24 -0400] "POST /wp-comments-post.php HTTP/1.1" 302 0 "https://llcbibleclub.com/best-cbd-oil-products-uk/" "Mozilla/5.0 (Windows NT 10.0; Win64; x64) AppleWebKit/537.36 (KHTML, like Gecko) Chrome/130.0.0.0 Safari/537.36 CCleaner/130.0.0.0"
198.54.114.83 - - [16/Apr/2025:18:23:28 -0400] "POST /wp-cron.php?doing_wp_cron=1744842205.8132340908050537109375 HTTP/1.1" 200 0 "-" "WordPress/6.8; https://llcbibleclub.com"
198.54.114.83 - - [16/Apr/2025:18:23:30 -0400] "POST /wp-admin/admin-ajax.php?action=async_litespeed&nonce=hePKgmB1xxOjK2wdOakVqBegFDKNObKx&litespeed_type=imgoptm HTTP/1.1" 200 0 "-" "WordPress/6.8; https://llcbibleclub.com"
195.2.76.117 - - [16/Apr/2025:18:23:30 -0400] "GET /best-cbd-oil-products-uk/ HTTP/1.1" 200 12168 "https://llcbibleclub.com/best-cbd-oil-products-uk/#comment-6462" "Mozilla/5.0 (Windows NT 10.0; Win64; x64) AppleWebKit/537.36 (KHTML, like Gecko) Chrome/130.0.0.0 Safari/537.36 CCleaner/130.0.0.0"
212.34.147.142 - - [16/Apr/2025:18:26:24 -0400] "GET /best-cbd-oil-products-uk/ HTTP/1.1" 200 11600 "https://llcbibleclub.com/best-cbd-oil-products-uk/" "Mozilla/5.0 (Windows NT 10.0; Win64; x64) AppleWebKit/537.36 (KHTML, like Gecko) Chrome/129.0.0.0 Safari/537.36"
198.54.114.83 - - [16/Apr/2025:18:26:32 -0400] "POST /wp-cron.php?doing_wp_cron=1744842390.4035239219665527343750 HTTP/1.1" 200 0 "-" "WordPress/6.8; https://llcbibleclub.com"
212.34.147.142 - - [16/Apr/2025:18:26:25 -0400] "POST /wp-comments-post.php HTTP/1.1" 302 0 "https://llcbibleclub.com/best-cbd-oil-products-uk/" "Mozilla/5.0 (Windows NT 10.0; Win64; x64) AppleWebKit/537.36 (KHTML, like Gecko) Chrome/129.0.0.0 Safari/537.36"
198.54.114.83 - - [16/Apr/2025:18:26:34 -0400] "POST /wp-admin/admin-ajax.php?action=async_litespeed&nonce=4T15EjJvQhk3QwGPo5t0PTkT2NaYPn8I&litespeed_type=imgoptm HTTP/1.1" 200 0 "-" "WordPress/6.8; https://llcbibleclub.com"
52.167.144.140 - - [16/Apr/2025:18:26:33 -0400] "GET /factors-that-affect-the-gold-rate/ HTTP/1.1" 200 11858 "-" "Mozilla/5.0 AppleWebKit/537.36 (KHTML, like Gecko; compatible; bingbot/2.0; +http://www.bing.com/bingbot.htm) Chrome/116.0.1938.76 Safari/537.36"
198.54.114.83 - - [16/Apr/2025:18:26:36 -0400] "POST /wp-cron.php?doing_wp_cron=1744842395.1163809299468994140625 HTTP/1.1" 200 0 "-" "WordPress/6.8; https://llcbibleclub.com"
212.34.147.142 - - [16/Apr/2025:18:26:34 -0400] "GET /best-cbd-oil-products-uk/ HTTP/1.1" 200 12145 "https://llcbibleclub.com/best-cbd-oil-products-uk/#comment-6463" "Mozilla/5.0 (Windows NT 10.0; Win64; x64) AppleWebKit/537.36 (KHTML, like Gecko) Chrome/129.0.0.0 Safari/537.36"
66.249.64.162 - - [16/Apr/2025:18:27:21 -0400] "GET /putting-a-logo-on-socks/ HTTP/1.1" 200 11067 "-" "Mozilla/5.0 (Linux; Android 6.0.1; Nexus 5X Build/MMB29P) AppleWebKit/537.36 (KHTML, like Gecko) Chrome/135.0.7049.84 Mobile Safari/537.36 (compatible; Googlebot/2.1; +http://www.google.com/bot.html)"
198.54.114.83 - - [16/Apr/2025:18:27:42 -0400] "POST /wp-cron.php?doing_wp_cron=1744842461.2984950542449951171875 HTTP/1.1" 200 0 "-" "WordPress/6.8; https://llcbibleclub.com"
40.77.167.0 - - [16/Apr/2025:18:27:41 -0400] "GET /the-myst-by-cdl-developer/ HTTP/1.1" 200 11296 "-" "Mozilla/5.0 AppleWebKit/537.36 (KHTML, like Gecko; compatible; bingbot/2.0; +http://www.bing.com/bingbot.htm) Chrome/116.0.1938.76 Safari/537.36"
198.54.114.83 - - [16/Apr/2025:18:27:44 -0400] "POST /wp-admin/admin-ajax.php?action=async_litespeed&nonce=kyKLGbC04WV7rbXEYqLnvnou7NSSlXBc&litespeed_type=imgoptm HTTP/1.1" 200 0 "-" "WordPress/6.8; https://llcbibleclub.com"
40.77.167.0 - - [16/Apr/2025:18:28:00 -0400] "GET /basics-of-creating-a-disaster-recovery-plan/ HTTP/1.1" 200 12021 "-" "Mozilla/5.0 AppleWebKit/537.36 (KHTML, like Gecko; compatible; bingbot/2.0; +http://www.bing.com/bingbot.htm) Chrome/116.0.1938.76 Safari/537.36"
52.167.144.140 - - [16/Apr/2025:18:28:23 -0400] "GET /live-webcams-offer-a-window-to-nature-and-scenic-landscapes/ HTTP/1.1" 200 10829 "-" "Mozilla/5.0 AppleWebKit/537.36 (KHTML, like Gecko; compatible; bingbot/2.0; +http://www.bing.com/bingbot.htm) Chrome/116.0.1938.76 Safari/537.36"
167.94.145.110 - - [16/Apr/2025:18:29:25 -0400] "GET / HTTP/1.1" 200 156096 "-" "Mozilla/5.0 (compatible; CensysInspect/1.1; +https://about.censys.io/)"
195.2.67.184 - - [16/Apr/2025:18:29:30 -0400] "GET /best-cbd-oil-products-uk/ HTTP/1.1" 200 11600 "https://llcbibleclub.com/best-cbd-oil-products-uk/#comment-5924/" "Mozilla/5.0 (Windows NT 10.0; Win64; x64) AppleWebKit/537.36 (KHTML, like Gecko) Chrome/131.0.0.0 Safari/537.36"
2602:80d:1002::1e - - [16/Apr/2025:18:29:33 -0400] "GET /favicon.ico HTTP/1.1" 404 1251 "-" "Mozilla/5.0 (compatible; CensysInspect/1.1; +https://about.censys.io/)"
198.54.114.83 - - [16/Apr/2025:18:29:39 -0400] "POST /wp-cron.php?doing_wp_cron=1744842578.2111239433288574218750 HTTP/1.1" 200 0 "-" "WordPress/6.8; https://llcbibleclub.com"
195.2.67.184 - - [16/Apr/2025:18:29:33 -0400] "POST /wp-comments-post.php HTTP/1.1" 302 0 "https://llcbibleclub.com/best-cbd-oil-products-uk/#comment-5924/" "Mozilla/5.0 (Windows NT 10.0; Win64; x64) AppleWebKit/537.36 (KHTML, like Gecko) Chrome/131.0.0.0 Safari/537.36"
198.54.114.83 - - [16/Apr/2025:18:29:40 -0400] "POST /wp-admin/admin-ajax.php?action=async_litespeed&nonce=3tjRRXiXpLOC38fq0Pfu0qjjdmhJSzQV&litespeed_type=imgoptm HTTP/1.1" 200 0 "-" "WordPress/6.8; https://llcbibleclub.com"
195.2.67.184 - - [16/Apr/2025:18:29:44 -0400] "GET /best-cbd-oil-products-uk/ HTTP/1.1" 200 22463 "https://llcbibleclub.com/best-cbd-oil-products-uk/#comment-6464" "Mozilla/5.0 (Windows NT 10.0; Win64; x64) AppleWebKit/537.36 (KHTML, like Gecko) Chrome/131.0.0.0 Safari/537.36"
198.54.114.83 - - [16/Apr/2025:18:32:47 -0400] "POST /wp-admin/admin-ajax.php?action=async_litespeed&nonce=qlRrp24D7PPksJJdCz0SpaBU0uD3Y8wP&litespeed_type=imgoptm HTTP/1.1" 200 0 "-" "WordPress/6.8; https://llcbibleclub.com"
198.54.114.83 - - [16/Apr/2025:18:36:15 -0400] "POST /wp-cron.php?doing_wp_cron=1744842974.5884730815887451171875 HTTP/1.1" 200 0 "-" "WordPress/6.8; https://llcbibleclub.com"
198.54.114.83 - - [16/Apr/2025:18:36:16 -0400] "POST /wp-admin/admin-ajax.php?action=async_litespeed&nonce=qsD21StsKpBASGgCFg6XjfLTJAy9MfkQ&litespeed_type=imgoptm HTTP/1.1" 200 0 "-" "WordPress/6.8; https://llcbibleclub.com"
43.132.182.217 - - [16/Apr/2025:18:36:09 -0400] "GET /the-dangers-of-e-cigarettes/ HTTP/1.1" 200 11431 "-" "Python/3.10 aiohttp/3.10.5"
198.54.114.83 - - [16/Apr/2025:18:39:24 -0400] "POST /wp-cron.php?doing_wp_cron=1744843162.9615709781646728515625 HTTP/1.1" 200 0 "-" "WordPress/6.8; https://llcbibleclub.com"
124.156.119.193 - - [16/Apr/2025:18:39:18 -0400] "GET /how-to-cancel-amazon-freetime/ HTTP/1.1" 200 13503 "-" "Python/3.10 aiohttp/3.10.5"
66.249.64.160 - - [16/Apr/2025:18:46:40 -0400] "GET /the-dry-shampoo-sofa/ HTTP/1.1" 200 10772 "-" "Mozilla/5.0 (Linux; Android 6.0.1; Nexus 5X Build/MMB29P) AppleWebKit/537.36 (KHTML, like Gecko) Chrome/135.0.7049.84 Mobile Safari/537.36 (compatible; Googlebot/2.1; +http://www.google.com/bot.html)"
198.54.114.83 - - [16/Apr/2025:18:49:39 -0400] "POST /wp-cron.php?doing_wp_cron=1744843778.0932219028472900390625 HTTP/1.1" 200 0 "-" "WordPress/6.8; https://llcbibleclub.com"
185.191.171.16 - - [16/Apr/2025:18:49:31 -0400] "GET /how-to-transfer-money-from-apple-pay-to-bank-instantly/ HTTP/1.1" 200 12044 "-" "Mozilla/5.0 (compatible; SemrushBot/7~bl; +http://www.semrush.com/bot.html)"
198.54.114.83 - - [16/Apr/2025:18:49:42 -0400] "POST /wp-admin/admin-ajax.php?action=async_litespeed&nonce=hHgT9k9oiGRMD4zp9z35KTNHToVtlE9Z&litespeed_type=imgoptm HTTP/1.1" 200 0 "-" "WordPress/6.8; https://llcbibleclub.com"
198.54.114.83 - - [16/Apr/2025:18:52:53 -0400] "POST /wp-cron.php?doing_wp_cron=1744843971.9678521156311035156250 HTTP/1.1" 200 0 "-" "WordPress/6.8; https://llcbibleclub.com"
198.54.114.83 - - [16/Apr/2025:18:52:54 -0400] "POST /wp-admin/admin-ajax.php?action=async_litespeed&nonce=zLHxckeXNyZLOM0cfIJbSdkM2lCfPnxK&litespeed_type=imgoptm HTTP/1.1" 200 0 "-" "WordPress/6.8; https://llcbibleclub.com"
185.78.78.102 - - [16/Apr/2025:18:52:56 -0400] "GET /best-cbd-oil-products-uk/ HTTP/1.1" 200 11600 "https://llcbibleclub.com/best-cbd-oil-products-uk/#comment-6075" "Mozilla/5.0 (Windows NT 10.0; Win64; x64) AppleWebKit/537.36 (KHTML, like Gecko) Chrome/130.0.0.0 Safari/537.36 CCleaner/130.0.0.0"
129.226.63.212 - - [16/Apr/2025:18:52:48 -0400] "GET /how-to-increase-your-youtube-views/ HTTP/1.1" 200 10728 "-" "Python/3.10 aiohttp/3.10.5"
185.78.78.102 - - [16/Apr/2025:18:52:57 -0400] "POST /wp-comments-post.php HTTP/1.1" 302 0 "https://llcbibleclub.com/best-cbd-oil-products-uk/#comment-6075" "Mozilla/5.0 (Windows NT 10.0; Win64; x64) AppleWebKit/537.36 (KHTML, like Gecko) Chrome/130.0.0.0 Safari/537.36 CCleaner/130.0.0.0"
185.78.78.102 - - [16/Apr/2025:18:53:05 -0400] "GET /best-cbd-oil-products-uk/ HTTP/1.1" 200 12158 "https://llcbibleclub.com/best-cbd-oil-products-uk/#comment-6466" "Mozilla/5.0 (Windows NT 10.0; Win64; x64) AppleWebKit/537.36 (KHTML, like Gecko) Chrome/130.0.0.0 Safari/537.36 CCleaner/130.0.0.0"
46.232.82.112 - - [16/Apr/2025:18:54:15 -0400] "GET /best-cbd-oil-products-uk/ HTTP/1.1" 200 11600 "https://llcbibleclub.com/best-cbd-oil-products-uk/#comment-4091" "Mozilla/5.0 (Windows NT 10.0; Win64; x64) AppleWebKit/537.36 (KHTML, like Gecko) Chrome/131.0.0.0 Safari/537.36 Avast/131.0.0.0"
198.54.114.83 - - [16/Apr/2025:18:54:20 -0400] "POST /wp-cron.php?doing_wp_cron=1744844058.9198279380798339843750 HTTP/1.1" 200 0 "-" "WordPress/6.8; https://llcbibleclub.com"
46.232.82.112 - - [16/Apr/2025:18:54:18 -0400] "POST /wp-comments-post.php HTTP/1.1" 302 0 "https://llcbibleclub.com/best-cbd-oil-products-uk/#comment-4091" "Mozilla/5.0 (Windows NT 10.0; Win64; x64) AppleWebKit/537.36 (KHTML, like Gecko) Chrome/131.0.0.0 Safari/537.36 Avast/131.0.0.0"
198.54.114.83 - - [16/Apr/2025:18:54:23 -0400] "POST /wp-admin/admin-ajax.php?action=async_litespeed&nonce=L63RhVnMEuEOrpWCr1RR9HNjQIS9FvMG&litespeed_type=imgoptm HTTP/1.1" 200 0 "-" "WordPress/6.8; https://llcbibleclub.com"
46.232.82.112 - - [16/Apr/2025:18:54:24 -0400] "GET /best-cbd-oil-products-uk/ HTTP/1.1" 200 12135 "https://llcbibleclub.com/best-cbd-oil-products-uk/#comment-6467" "Mozilla/5.0 (Windows NT 10.0; Win64; x64) AppleWebKit/537.36 (KHTML, like Gecko) Chrome/131.0.0.0 Safari/537.36 Avast/131.0.0.0"
198.54.114.83 - - [16/Apr/2025:18:56:04 -0400] "POST /wp-cron.php?doing_wp_cron=1744844163.5893790721893310546875 HTTP/1.1" 200 0 "-" "WordPress/6.8; https://llcbibleclub.com"
198.54.114.83 - - [16/Apr/2025:18:56:04 -0400] "POST /wp-admin/admin-ajax.php?action=async_litespeed&nonce=Vl4r3YP8sj9SXpMhKGRdfgYly6SgHjZ9&litespeed_type=imgoptm HTTP/1.1" 200 0 "-" "WordPress/6.8; https://llcbibleclub.com"
124.156.104.122 - - [16/Apr/2025:18:55:59 -0400] "GET /what-is-nft/ HTTP/1.1" 200 11363 "-" "Python/3.10 aiohttp/3.10.5"
198.54.114.83 - - [16/Apr/2025:18:57:43 -0400] "POST /wp-cron.php?doing_wp_cron=1744844262.2214810848236083984375 HTTP/1.1" 200 0 "-" "WordPress/6.8; https://llcbibleclub.com"
35.247.174.80 - - [16/Apr/2025:18:57:38 -0400] "POST /wp-login.php HTTP/1.1" 200 1805 "-" "Mozlila/5.0 (Linux; Android 7.0; SM-G892A Bulid/NRD90M; wv) AppleWebKit/537.36 (KHTML, like Gecko) Version/4.0 Chrome/60.0.3112.107 Moblie Safari/537.36"
198.54.114.83 - - [16/Apr/2025:18:57:45 -0400] "POST /wp-admin/admin-ajax.php?action=async_litespeed&nonce=1bUTQAsOVVYpO8ndR8B70NO9LCtq9Jl0&litespeed_type=imgoptm HTTP/1.1" 200 0 "-" "WordPress/6.8; https://llcbibleclub.com"
35.247.174.80 - - [16/Apr/2025:18:57:45 -0400] "GET /wp-admin/plugin-install.php?tab=upload HTTP/1.1" 302 0 "-" "Mozlila/5.0 (Linux; Android 7.0; SM-G892A Bulid/NRD90M; wv) AppleWebKit/537.36 (KHTML, like Gecko) Version/4.0 Chrome/60.0.3112.107 Moblie Safari/537.36"
35.247.174.80 - - [16/Apr/2025:18:57:46 -0400] "GET /wp-login.php?redirect_to=https%3A%2F%2Fllcbibleclub.com%2Fwp-admin%2Fplugin-install.php%3Ftab%3Dupload&reauth=1 HTTP/1.1" 200 1704 "-" "Mozlila/5.0 (Linux; Android 7.0; SM-G892A Bulid/NRD90M; wv) AppleWebKit/537.36 (KHTML, like Gecko) Version/4.0 Chrome/60.0.3112.107 Moblie Safari/537.36"
43.132.123.157 - - [16/Apr/2025:18:58:33 -0400] "GET /how-to-create-a-one-time-card-on-klarna/ HTTP/1.1" 200 13565 "-" "Python/3.10 aiohttp/3.10.5"
146.103.10.207 - - [16/Apr/2025:19:00:22 -0400] "GET /apprendre-a-jouer-de-la-guitare/ HTTP/1.1" 200 11181 "-" "Mozilla/5.0 (X11; Linux x86_64) AppleWebKit/535.2 (KHTML, like Gecko) Ubuntu/11.04 Chromium/15.0.871.0 Chrome/15.0.871.0 Safari/535.2"
198.54.114.83 - - [16/Apr/2025:19:00:24 -0400] "POST /wp-admin/admin-ajax.php?action=async_litespeed&nonce=jYgm9SVxQ2Jen4oQb9UYyz37d53IXKrE&litespeed_type=imgoptm HTTP/1.1" 200 0 "-" "WordPress/6.8; https://llcbibleclub.com"
198.54.114.83 - - [16/Apr/2025:19:02:04 -0400] "POST /wp-cron.php?doing_wp_cron=1744844523.4177269935607910156250 HTTP/1.1" 200 0 "-" "WordPress/6.8; https://llcbibleclub.com"
66.249.64.161 - - [16/Apr/2025:19:01:59 -0400] "GET /tax-advice-hattingen/ HTTP/1.1" 200 10432 "-" "Mozilla/5.0 (Linux; Android 6.0.1; Nexus 5X Build/MMB29P) AppleWebKit/537.36 (KHTML, like Gecko) Chrome/135.0.7049.84 Mobile Safari/537.36 (compatible; GoogleOther)"
198.54.114.83 - - [16/Apr/2025:19:02:05 -0400] "POST /wp-admin/admin-ajax.php?action=async_litespeed&nonce=t0wd0Mto4vpql5MYHJQ78hwiLNFOgbFy&litespeed_type=imgoptm HTTP/1.1" 200 0 "-" "WordPress/6.8; https://llcbibleclub.com"
66.249.64.161 - - [16/Apr/2025:19:02:33 -0400] "GET /dp/B08LZ3LTFV?ref=MarsFS_VICC_rvdwired_cornerkit HTTP/1.1" 404 6505 "-" "Mozilla/5.0 (Linux; Android 6.0.1; Nexus 5X Build/MMB29P) AppleWebKit/537.36 (KHTML, like Gecko) Chrome/135.0.7049.84 Mobile Safari/537.36 (compatible; GoogleOther)"
198.54.114.83 - - [16/Apr/2025:19:06:49 -0400] "POST /wp-cron.php?doing_wp_cron=1744844808.5056769847869873046875 HTTP/1.1" 200 0 "-" "WordPress/6.8; https://llcbibleclub.com"
129.226.49.42 - - [16/Apr/2025:19:06:42 -0400] "GET /football-freestyle-shoes-for-football-freestyle/ HTTP/1.1" 200 11124 "-" "Python/3.10 aiohttp/3.10.5"
198.54.114.83 - - [16/Apr/2025:19:06:52 -0400] "POST /wp-admin/admin-ajax.php?action=async_litespeed&nonce=4xzoau3QkIPHTWMT5f2Ce5rirDgdbDiL&litespeed_type=imgoptm HTTP/1.1" 200 0 "-" "WordPress/6.8; https://llcbibleclub.com"
198.54.114.83 - - [16/Apr/2025:19:07:45 -0400] "POST /wp-cron.php?doing_wp_cron=1744844863.7184510231018066406250 HTTP/1.1" 200 0 "-" "WordPress/6.8; https://llcbibleclub.com"
101.32.45.201 - - [16/Apr/2025:19:07:43 -0400] "GET /curly-hair-specialist-melbourne/ HTTP/1.1" 200 11055 "-" "Python/3.10 aiohttp/3.10.5"
198.54.114.83 - - [16/Apr/2025:19:07:47 -0400] "POST /wp-admin/admin-ajax.php?action=async_litespeed&nonce=1PD6JxFNzRiHcugdgEoSfp0rsvY0AsHr&litespeed_type=imgoptm HTTP/1.1" 200 0 "-" "WordPress/6.8; https://llcbibleclub.com"
66.249.64.174 - - [16/Apr/2025:19:08:21 -0400] "GET /benefits-of-plantation-shutters/ HTTP/1.1" 200 11283 "-" "Mozilla/5.0 (Linux; Android 6.0.1; Nexus 5X Build/MMB29P) AppleWebKit/537.36 (KHTML, like Gecko) Chrome/135.0.7049.84 Mobile Safari/537.36 (compatible; Googlebot/2.1; +http://www.google.com/bot.html)"
52.204.71.8 - - [16/Apr/2025:19:09:12 -0400] "GET /robots.txt HTTP/1.1" 304 0 "-" "Mozilla/5.0 AppleWebKit/537.36 (KHTML, like Gecko; compatible; Amazonbot/0.1; +https://developer.amazon.com/support/amazonbot) Chrome/119.0.6045.214 Safari/537.36"
18.215.24.66 - - [16/Apr/2025:19:09:14 -0400] "GET /michael-kors-mk-bag-sale-in-uk/ HTTP/1.1" 200 11175 "-" "Mozilla/5.0 AppleWebKit/537.36 (KHTML, like Gecko; compatible; Amazonbot/0.1; +https://developer.amazon.com/support/amazonbot) Chrome/119.0.6045.214 Safari/537.36"
198.54.114.83 - - [16/Apr/2025:19:09:16 -0400] "POST /wp-cron.php?doing_wp_cron=1744844955.1322429180145263671875 HTTP/1.1" 200 0 "-" "WordPress/6.8; https://llcbibleclub.com"
129.226.128.109 - - [16/Apr/2025:19:09:58 -0400] "GET /six-considerations-when-selecting-a-machining-parts-supplier/ HTTP/1.1" 200 10895 "-" "Python/3.10 aiohttp/3.10.5"
135.181.138.50 - - [16/Apr/2025:19:12:01 -0400] "GET /.git/config HTTP/1.1" 403 1242 "-" "Go-http-client/1.1"
66.249.64.173 - - [16/Apr/2025:19:17:00 -0400] "GET /what-does-an-electrical-contractor-do/ HTTP/1.1" 200 11163 "-" "Mozilla/5.0 (Linux; Android 6.0.1; Nexus 5X Build/MMB29P) AppleWebKit/537.36 (KHTML, like Gecko) Chrome/135.0.7049.84 Mobile Safari/537.36 (compatible; GoogleOther)"
198.54.114.83 - - [16/Apr/2025:19:19:01 -0400] "POST /wp-cron.php?doing_wp_cron=1744845539.9443459510803222656250 HTTP/1.1" 200 0 "-" "WordPress/6.8; https://llcbibleclub.com"
198.54.114.83 - - [16/Apr/2025:19:19:02 -0400] "POST /wp-admin/admin-ajax.php?action=async_litespeed&nonce=gJzhy2054nABBNDPEIGnW6egm433CGwU&litespeed_type=imgoptm HTTP/1.1" 200 0 "-" "WordPress/6.8; https://llcbibleclub.com"
129.226.49.139 - - [16/Apr/2025:19:18:53 -0400] "GET /navigating-the-quest-for-nearby-ac-supply-a-comprehensive-guide/ HTTP/1.1" 200 11919 "-" "Python/3.10 aiohttp/3.10.5"
198.54.114.83 - - [16/Apr/2025:19:20:23 -0400] "POST /wp-cron.php?doing_wp_cron=1744845621.8322970867156982421875 HTTP/1.1" 200 0 "-" "WordPress/6.8; https://llcbibleclub.com"
54.36.149.93 - - [16/Apr/2025:19:20:21 -0400] "GET /exploring-the-hidden-gems-of-manilva-a-coastal-haven-on-the-costa-del-sol/ HTTP/1.1" 200 10895 "-" "Mozilla/5.0 (compatible; AhrefsBot/7.0; +http://ahrefs.com/robot/)"
198.54.114.83 - - [16/Apr/2025:19:20:25 -0400] "POST /wp-admin/admin-ajax.php?action=async_litespeed&nonce=U2D4uGJaJmAKi2jwxBSsIx5vwE3iS86w&litespeed_type=imgoptm HTTP/1.1" 200 0 "-" "WordPress/6.8; https://llcbibleclub.com"
