35.206.81.74 - - [14/Apr/2025:13:13:18 -0400] "GET /dp/B0C5QRZ47P HTTP/1.1" 404 1251 "-" "Buck/2.4.3; (+https://app.hypefactors.com/media-monitoring/about.html)"
51.222.253.16 - - [14/Apr/2025:13:13:44 -0400] "GET /why-buy-paint-by-numbers-kits/ HTTP/1.1" 404 1251 "-" "Mozilla/5.0 (compatible; AhrefsBot/7.0; +http://ahrefs.com/robot/)"
35.206.81.74 - - [14/Apr/2025:13:13:51 -0400] "GET /dp/B0D483WX7X HTTP/1.1" 404 1251 "-" "Buck/2.4.3; (+https://app.hypefactors.com/media-monitoring/about.html)"
35.206.81.74 - - [14/Apr/2025:13:14:29 -0400] "GET /dp/B09DRX62ZV HTTP/1.1" 404 1251 "-" "Buck/2.4.3; (+https://app.hypefactors.com/media-monitoring/about.html)"
35.206.81.74 - - [14/Apr/2025:13:14:56 -0400] "GET /dp/B0D47Z1SB9 HTTP/1.1" 404 1251 "-" "Buck/2.4.3; (+https://app.hypefactors.com/media-monitoring/about.html)"
35.206.81.74 - - [14/Apr/2025:13:15:42 -0400] "GET /dp/B08DJC1KMJ HTTP/1.1" 404 1251 "-" "Buck/2.4.3; (+https://app.hypefactors.com/media-monitoring/about.html)"
51.222.253.1 - - [14/Apr/2025:13:16:06 -0400] "GET /custom-grip-socks-no-minimum/ HTTP/1.1" 404 1251 "-" "Mozilla/5.0 (compatible; AhrefsBot/7.0; +http://ahrefs.com/robot/)"
35.206.81.74 - - [14/Apr/2025:13:16:14 -0400] "GET /dp/B08LZ3LTFV HTTP/1.1" 404 1251 "-" "Buck/2.4.3; (+https://app.hypefactors.com/media-monitoring/about.html)"
35.206.81.74 - - [14/Apr/2025:13:16:40 -0400] "GET /dp/B09L462YVZ HTTP/1.1" 404 1251 "-" "Buck/2.4.3; (+https://app.hypefactors.com/media-monitoring/about.html)"
35.206.81.74 - - [14/Apr/2025:13:17:10 -0400] "GET /dp/B0D3RN5W37 HTTP/1.1" 404 1251 "-" "Buck/2.4.3; (+https://app.hypefactors.com/media-monitoring/about.html)"
35.206.81.74 - - [14/Apr/2025:13:17:58 -0400] "GET /dp/B076JKHDQT HTTP/1.1" 404 1251 "-" "Buck/2.4.3; (+https://app.hypefactors.com/media-monitoring/about.html)"
51.222.253.3 - - [14/Apr/2025:13:18:29 -0400] "GET /the-basics-of-a-heading-machine/ HTTP/1.1" 404 1251 "-" "Mozilla/5.0 (compatible; AhrefsBot/7.0; +http://ahrefs.com/robot/)"
35.206.81.74 - - [14/Apr/2025:13:18:46 -0400] "GET /dp/B085PVB5BP HTTP/1.1" 404 1251 "-" "Buck/2.4.3; (+https://app.hypefactors.com/media-monitoring/about.html)"
85.208.98.20 - - [14/Apr/2025:13:18:51 -0400] "GET /winnie-the-pooh-quotes/ HTTP/1.1" 404 1251 "-" "Mozilla/5.0 (compatible; SemrushBot-BA; +http://www.semrush.com/bot.html)"
85.208.98.16 - - [14/Apr/2025:13:19:08 -0400] "GET /good-night-quotes-to-inspire-your-sleep/ HTTP/1.1" 404 1251 "-" "Mozilla/5.0 (compatible; SemrushBot-BA; +http://www.semrush.com/bot.html)"
35.206.81.74 - - [14/Apr/2025:13:19:31 -0400] "GET /dp/B085Q2ZF1X HTTP/1.1" 404 1251 "-" "Buck/2.4.3; (+https://app.hypefactors.com/media-monitoring/about.html)"
35.206.81.74 - - [14/Apr/2025:13:19:56 -0400] "GET /dp/B086PFKYVH HTTP/1.1" 404 1251 "-" "Buck/2.4.3; (+https://app.hypefactors.com/media-monitoring/about.html)"
85.208.98.20 - - [14/Apr/2025:13:19:58 -0400] "GET /conseils-pour-choisir-une-douche-pour-personnes-agees/ HTTP/1.1" 404 1251 "-" "Mozilla/5.0 (compatible; SemrushBot-BA; +http://www.semrush.com/bot.html)"
35.206.81.74 - - [14/Apr/2025:13:20:24 -0400] "GET /dp/B086PGZRGK HTTP/1.1" 404 1251 "-" "Buck/2.4.3; (+https://app.hypefactors.com/media-monitoring/about.html)"
51.222.253.5 - - [14/Apr/2025:13:20:44 -0400] "GET /beyond-boundaries-unraveling-the-enigma-of-ai-companionship/ HTTP/1.1" 404 1251 "-" "Mozilla/5.0 (compatible; AhrefsBot/7.0; +http://ahrefs.com/robot/)"
35.206.81.74 - - [14/Apr/2025:13:21:02 -0400] "GET /dp/B091G4D95D HTTP/1.1" 404 1251 "-" "Buck/2.4.3; (+https://app.hypefactors.com/media-monitoring/about.html)"
35.206.81.74 - - [14/Apr/2025:13:21:37 -0400] "GET /dp/B08ZJVVMT4 HTTP/1.1" 404 1251 "-" "Buck/2.4.3; (+https://app.hypefactors.com/media-monitoring/about.html)"
35.206.81.74 - - [14/Apr/2025:13:22:22 -0400] "GET /dp/B091G668JP HTTP/1.1" 404 1251 "-" "Buck/2.4.3; (+https://app.hypefactors.com/media-monitoring/about.html)"
51.222.253.11 - - [14/Apr/2025:13:22:59 -0400] "GET /stylish-wine-fountains-for-shabbat-and-holiday-dinners/ HTTP/1.1" 404 1251 "-" "Mozilla/5.0 (compatible; AhrefsBot/7.0; +http://ahrefs.com/robot/)"
35.206.81.74 - - [14/Apr/2025:13:23:06 -0400] "GET /dp/B0CPKX85TD HTTP/1.1" 404 1251 "-" "Buck/2.4.3; (+https://app.hypefactors.com/media-monitoring/about.html)"
35.206.81.74 - - [14/Apr/2025:13:23:36 -0400] "GET /product-reviews/B0DG4WZZPV/ref=acr_dp_hist_5 HTTP/1.1" 404 1251 "-" "Buck/2.4.3; (+https://app.hypefactors.com/media-monitoring/about.html)"
119.28.52.118 - - [14/Apr/2025:13:23:56 -0400] "GET /michael-kors-handbags-for-ladies-2/ HTTP/1.1" 404 1251 "-" "Python/3.10 aiohttp/3.10.5"
178.20.43.173 - - [14/Apr/2025:13:24:09 -0400] "GET /best-cbd-oil-products-uk/ HTTP/1.1" 404 1251 "https://llcbibleclub.com/best-cbd-oil-products-uk/#comment-10304/" "Mozilla/5.0 (Windows NT 10.0; Win64; x64) AppleWebKit/537.36 (KHTML, like Gecko) Chrome/131.0.0.0 Safari/537.36 Avast/131.0.0.0"
178.20.43.173 - - [14/Apr/2025:13:24:10 -0400] "GET /best-cbd-oil-products-uk/ HTTP/1.1" 404 1251 "https://llcbibleclub.com/best-cbd-oil-products-uk/#comment-10304/" "Mozilla/5.0 (Windows NT 10.0; Win64; x64) AppleWebKit/537.36 (KHTML, like Gecko) Chrome/130.0.0.0 Safari/537.36"
35.206.81.74 - - [14/Apr/2025:13:24:10 -0400] "GET /product-reviews/B0DG4WZZPV/ref=acr_dp_hist_4 HTTP/1.1" 404 1251 "-" "Buck/2.4.3; (+https://app.hypefactors.com/media-monitoring/about.html)"
178.20.43.173 - - [14/Apr/2025:13:24:10 -0400] "GET / HTTP/1.1" 200 156096 "https://llcbibleclub.com/" "Mozilla/5.0 (Windows NT 10.0; Win64; x64) AppleWebKit/537.36 (KHTML, like Gecko) Chrome/131.0.0.0 Safari/537.36 Avast/131.0.0.0"
178.20.43.173 - - [14/Apr/2025:13:24:12 -0400] "GET / HTTP/1.1" 200 156096 "https://llcbibleclub.com/" "Mozilla/5.0 (Windows NT 10.0; Win64; x64) AppleWebKit/537.36 (KHTML, like Gecko) Chrome/130.0.0.0 Safari/537.36"
35.206.81.74 - - [14/Apr/2025:13:24:53 -0400] "GET /product-reviews/B0DG4WZZPV/ref=acr_dp_hist_3 HTTP/1.1" 404 1251 "-" "Buck/2.4.3; (+https://app.hypefactors.com/media-monitoring/about.html)"
134.17.14.122 - - [14/Apr/2025:13:25:05 -0400] "GET /membership-pricing/ HTTP/1.1" 404 1251 "-" "Mozilla/4.0 (compatible; MSIE 6.0; Windows NT 5.1; SV1)"
35.206.81.74 - - [14/Apr/2025:13:25:23 -0400] "GET /product-reviews/B0DG4WZZPV/ref=acr_dp_hist_2 HTTP/1.1" 404 1251 "-" "Buck/2.4.3; (+https://app.hypefactors.com/media-monitoring/about.html)"
51.222.253.6 - - [14/Apr/2025:13:25:36 -0400] "GET /the-beauty-of-a-coca-cola-16-inch-vintage-glass-tiffany-lamp/ HTTP/1.1" 404 1251 "-" "Mozilla/5.0 (compatible; AhrefsBot/7.0; +http://ahrefs.com/robot/)"
35.206.81.74 - - [14/Apr/2025:13:25:55 -0400] "GET /product-reviews/B0DG4WZZPV/ref=acr_dp_hist_1 HTTP/1.1" 404 1251 "-" "Buck/2.4.3; (+https://app.hypefactors.com/media-monitoring/about.html)"
35.206.81.74 - - [14/Apr/2025:13:26:26 -0400] "GET /review/create-review/ref=cm_cr_dp_d_wr_but_top HTTP/1.1" 404 1251 "-" "Buck/2.4.3; (+https://app.hypefactors.com/media-monitoring/about.html)"
35.206.81.74 - - [14/Apr/2025:13:26:52 -0400] "GET /gp/customer-reviews/R2DVCU4L2UJJBX/ref=cm_cr_dp_d_rvw_ttl HTTP/1.1" 404 1251 "-" "Buck/2.4.3; (+https://app.hypefactors.com/media-monitoring/about.html)"
35.206.81.74 - - [14/Apr/2025:13:27:33 -0400] "GET /gp/customer-reviews/RSOLMCOFAZGYC/ref=cm_cr_dp_d_rvw_ttl HTTP/1.1" 404 1251 "-" "Buck/2.4.3; (+https://app.hypefactors.com/media-monitoring/about.html)"
35.206.81.74 - - [14/Apr/2025:13:28:15 -0400] "GET /hz/reviews-render/report-review HTTP/1.1" 404 1251 "-" "Buck/2.4.3; (+https://app.hypefactors.com/media-monitoring/about.html)"
51.222.253.15 - - [14/Apr/2025:13:28:16 -0400] "GET /what-are-the-benefits-of-kratom/ HTTP/1.1" 404 1251 "-" "Mozilla/5.0 (compatible; AhrefsBot/7.0; +http://ahrefs.com/robot/)"
35.206.81.74 - - [14/Apr/2025:13:28:57 -0400] "GET /gp/customer-reviews/R1PEI6HEVK2UIC/ref=cm_cr_dp_d_rvw_ttl HTTP/1.1" 404 1251 "-" "Buck/2.4.3; (+https://app.hypefactors.com/media-monitoring/about.html)"
51.222.253.7 - - [14/Apr/2025:13:30:35 -0400] "GET /how-to-create-a-youtube-playlist/ HTTP/1.1" 404 1251 "-" "Mozilla/5.0 (compatible; AhrefsBot/7.0; +http://ahrefs.com/robot/)"
101.32.75.188 - - [14/Apr/2025:13:32:29 -0400] "GET /how-to-make-money-streaming-6-ways-to-monetize-your-video/ HTTP/1.1" 404 1251 "-" "Python/3.10 aiohttp/3.10.5"
51.222.253.2 - - [14/Apr/2025:13:32:37 -0400] "GET /dwi-lawyer/ HTTP/1.1" 404 1251 "-" "Mozilla/5.0 (compatible; AhrefsBot/7.0; +http://ahrefs.com/robot/)"
136.243.228.194 - - [14/Apr/2025:13:33:07 -0400] "GET /what-is-a-bitcoin-mixer/ HTTP/1.1" 404 1251 "-" "Mozilla/5.0 (compatible; DataForSeoBot/1.0; +https://dataforseo.com/dataforseo-bot)"
66.249.64.161 - - [14/Apr/2025:13:34:11 -0400] "GET /the-bodys-connective-matrix/ HTTP/1.1" 404 1251 "-" "Mozilla/5.0 (Linux; Android 6.0.1; Nexus 5X Build/MMB29P) AppleWebKit/537.36 (KHTML, like Gecko) Chrome/135.0.7049.52 Mobile Safari/537.36 (compatible; Googlebot/2.1; +http://www.google.com/bot.html)"
51.222.253.13 - - [14/Apr/2025:13:34:45 -0400] "GET /hiking-boots-mens/ HTTP/1.1" 404 1251 "-" "Mozilla/5.0 (compatible; AhrefsBot/7.0; +http://ahrefs.com/robot/)"
129.226.77.215 - - [14/Apr/2025:13:35:19 -0400] "GET /how-to-turn-off-the-volume-limit-on-iphone/ HTTP/1.1" 404 1251 "-" "Python/3.10 aiohttp/3.10.5"
85.208.98.24 - - [14/Apr/2025:13:35:52 -0400] "GET /ma-prime-adapt-2024/ HTTP/1.1" 404 1251 "-" "Mozilla/5.0 (compatible; SemrushBot-BA; +http://www.semrush.com/bot.html)"
51.222.253.5 - - [14/Apr/2025:13:37:09 -0400] "GET /1st-anniversary-gifts-youll-love/ HTTP/1.1" 404 1251 "-" "Mozilla/5.0 (compatible; AhrefsBot/7.0; +http://ahrefs.com/robot/)"
2a0b:4142:d08::2 - - [14/Apr/2025:13:37:27 -0400] "GET / HTTP/1.1" 200 156096 "-" "Mozilla/5.0 (Macintosh; Intel Mac OS X 10_15_7) AppleWebKit/537.36 (KHTML, like Gecko) Chrome/134.0.0.0 Safari/537.36"
51.222.253.15 - - [14/Apr/2025:13:39:51 -0400] "GET /where-to-buy-peptides-online/ HTTP/1.1" 404 1251 "-" "Mozilla/5.0 (compatible; AhrefsBot/7.0; +http://ahrefs.com/robot/)"
51.222.253.9 - - [14/Apr/2025:13:42:20 -0400] "GET / HTTP/1.1" 304 0 "-" "Mozilla/5.0 (compatible; AhrefsBot/7.0; +http://ahrefs.com/robot/)"
114.10.47.95 - - [14/Apr/2025:13:43:09 -0400] "POST /wp-login.php/wp-login.php HTTP/1.1" 200 0 "-" "python-requests/2.32.3"
51.222.253.19 - - [14/Apr/2025:13:44:33 -0400] "GET /mediums-serieux-par-telephone-et-voyance/ HTTP/1.1" 404 1251 "-" "Mozilla/5.0 (compatible; AhrefsBot/7.0; +http://ahrefs.com/robot/)"
51.222.253.19 - - [14/Apr/2025:13:46:49 -0400] "GET /combinaison-pilou-pilou-femme/ HTTP/1.1" 404 1251 "-" "Mozilla/5.0 (compatible; AhrefsBot/7.0; +http://ahrefs.com/robot/)"
51.222.253.17 - - [14/Apr/2025:13:49:18 -0400] "GET /what-you-need-to-know-about-utility-management/ HTTP/1.1" 404 1251 "-" "Mozilla/5.0 (compatible; AhrefsBot/7.0; +http://ahrefs.com/robot/)"
51.222.253.13 - - [14/Apr/2025:13:51:56 -0400] "GET /effiziente-unternehmensauflosungen-in-luneburg/ HTTP/1.1" 404 1251 "-" "Mozilla/5.0 (compatible; AhrefsBot/7.0; +http://ahrefs.com/robot/)"
119.28.74.148 - - [14/Apr/2025:13:54:27 -0400] "GET /reserve-residences/ HTTP/1.1" 404 1251 "-" "Python/3.10 aiohttp/3.10.5"
51.222.253.6 - - [14/Apr/2025:13:54:32 -0400] "GET /a-tour-of-sophia-regency-showflat/ HTTP/1.1" 404 1251 "-" "Mozilla/5.0 (compatible; AhrefsBot/7.0; +http://ahrefs.com/robot/)"
136.243.228.194 - - [14/Apr/2025:13:54:35 -0400] "GET /how-to-turn-off-blinking-light-on-iphone/ HTTP/1.1" 404 1251 "-" "Mozilla/5.0 (compatible; DataForSeoBot/1.0; +https://dataforseo.com/dataforseo-bot)"
51.222.253.19 - - [14/Apr/2025:13:57:14 -0400] "GET /unlocking-the-power-of-residential-ip-proxies/ HTTP/1.1" 404 1251 "-" "Mozilla/5.0 (compatible; AhrefsBot/7.0; +http://ahrefs.com/robot/)"
51.222.253.19 - - [14/Apr/2025:13:59:36 -0400] "GET /how-to-choose-airsoft-guns/ HTTP/1.1" 404 1251 "-" "Mozilla/5.0 (compatible; AhrefsBot/7.0; +http://ahrefs.com/robot/)"
158.62.223.66 - - [14/Apr/2025:14:00:26 -0400] "GET /what-gold-jewellery-cleaner-should-you-use-at-home HTTP/1.1" 404 1251 "-" "Mozilla/5.0 (Windows NT 10.0; Win64; x64) AppleWebKit/537.36 (KHTML, like Gecko) Chrome/114.0.0.0 YaBrowser/22.7.0 Yowser/2.5 Safari/537.36"
158.62.223.66 - - [14/Apr/2025:14:00:28 -0400] "GET / HTTP/1.1" 200 156096 "-" "Mozilla/5.0 (Windows NT 10.0; Win64; x64) AppleWebKit/537.36 (KHTML, like Gecko) Chrome/114.0.0.0 YaBrowser/22.7.0 Yowser/2.5 Safari/537.36"
158.62.223.66 - - [14/Apr/2025:14:00:35 -0400] "GET /dp/B0D3RN5W37?ref=MarsFS_VICC_blinksqm HTTP/1.1" 404 1251 "https://llcbibleclub.com" "Mozilla/5.0 (Windows NT 10.0; Win64; x64) AppleWebKit/537.36 (KHTML, like Gecko) Chrome/114.0.0.0 YaBrowser/22.7.0 Yowser/2.5 Safari/537.36"
158.62.223.66 - - [14/Apr/2025:14:00:39 -0400] "GET / HTTP/1.1" 200 156096 "https://llcbibleclub.com" "Mozilla/5.0 (Windows NT 10.0; Win64; x64) AppleWebKit/537.36 (KHTML, like Gecko) Chrome/114.0.0.0 YaBrowser/22.7.0 Yowser/2.5 Safari/537.36"
47.79.202.105 - - [14/Apr/2025:14:01:36 -0400] "GET / HTTP/1.1" 200 156096 "https://www.google.com/" "Mozilla/5.0 (Windows NT 10.0; Win64; x64) AppleWebKit/537.36 (KHTML, like Gecko) Chrome/132.0.0.0 Safari/537.36"
51.222.253.8 - - [14/Apr/2025:14:02:00 -0400] "GET /modern-interior-doors/ HTTP/1.1" 404 1251 "-" "Mozilla/5.0 (compatible; AhrefsBot/7.0; +http://ahrefs.com/robot/)"
66.249.64.160 - - [14/Apr/2025:14:04:12 -0400] "GET /robots.txt HTTP/1.1" 304 0 "-" "Mozilla/5.0 (compatible; Googlebot/2.1; +http://www.google.com/bot.html)"
66.249.64.160 - - [14/Apr/2025:14:04:14 -0400] "GET /unlocking-the-power-of-residential-ip-proxies/ HTTP/1.1" 404 1251 "-" "Mozilla/5.0 (Linux; Android 6.0.1; Nexus 5X Build/MMB29P) AppleWebKit/537.36 (KHTML, like Gecko) Chrome/135.0.7049.52 Mobile Safari/537.36 (compatible; Googlebot/2.1; +http://www.google.com/bot.html)"
195.2.67.184 - - [14/Apr/2025:14:06:16 -0400] "GET /best-cbd-oil-products-uk/ HTTP/1.1" 404 1251 "https://llcbibleclub.com/best-cbd-oil-products-uk/#comment-5924/" "Mozilla/5.0 (Windows NT 10.0; Win64; x64) AppleWebKit/537.36 (KHTML, like Gecko) Chrome/131.0.0.0 Safari/537.36"
195.2.67.184 - - [14/Apr/2025:14:06:16 -0400] "GET /best-cbd-oil-products-uk/ HTTP/1.1" 404 1251 "https://llcbibleclub.com/best-cbd-oil-products-uk/#comment-5924/" "Mozilla/5.0 (Windows NT 10.0; Win64; x64) AppleWebKit/537.36 (KHTML, like Gecko) Chrome/131.0.0.0 Safari/537.36 Avast/131.0.0.0"
195.2.67.184 - - [14/Apr/2025:14:06:17 -0400] "GET /best-cbd-oil-products-uk/ HTTP/1.1" 404 1251 "https://llcbibleclub.com/best-cbd-oil-products-uk/#comment-5924/" "Mozilla/5.0 (Windows NT 10.0; Win64; x64) AppleWebKit/537.36 (KHTML, like Gecko) Chrome/130.0.0.0 Safari/537.36 CCleaner/130.0.0.0"
195.2.67.184 - - [14/Apr/2025:14:06:19 -0400] "GET / HTTP/1.1" 200 156096 "https://llcbibleclub.com/" "Mozilla/5.0 (Windows NT 10.0; Win64; x64) AppleWebKit/537.36 (KHTML, like Gecko) Chrome/131.0.0.0 Safari/537.36 Avast/131.0.0.0"
195.2.67.184 - - [14/Apr/2025:14:06:19 -0400] "GET / HTTP/1.1" 200 156096 "https://llcbibleclub.com/" "Mozilla/5.0 (Windows NT 10.0; Win64; x64) AppleWebKit/537.36 (KHTML, like Gecko) Chrome/131.0.0.0 Safari/537.36"
195.2.67.184 - - [14/Apr/2025:14:06:19 -0400] "GET / HTTP/1.1" 200 156096 "https://llcbibleclub.com/" "Mozilla/5.0 (Windows NT 10.0; Win64; x64) AppleWebKit/537.36 (KHTML, like Gecko) Chrome/130.0.0.0 Safari/537.36 CCleaner/130.0.0.0"
51.222.253.8 - - [14/Apr/2025:14:06:46 -0400] "GET /simple-painting/ HTTP/1.1" 404 1251 "-" "Mozilla/5.0 (compatible; AhrefsBot/7.0; +http://ahrefs.com/robot/)"
178.20.43.173 - - [14/Apr/2025:14:07:33 -0400] "GET /best-cbd-oil-products-uk/ HTTP/1.1" 404 1251 "https://llcbibleclub.com/best-cbd-oil-products-uk/#comment-10304/" "Mozilla/5.0 (Windows NT 10.0; Win64; x64) AppleWebKit/537.36 (KHTML, like Gecko) Chrome/131.0.0.0 Safari/537.36 Avast/131.0.0.0"
178.20.43.173 - - [14/Apr/2025:14:07:35 -0400] "GET / HTTP/1.1" 200 156096 "https://llcbibleclub.com/" "Mozilla/5.0 (Windows NT 10.0; Win64; x64) AppleWebKit/537.36 (KHTML, like Gecko) Chrome/131.0.0.0 Safari/537.36 Avast/131.0.0.0"
51.222.253.14 - - [14/Apr/2025:14:09:14 -0400] "GET /managing-cost-recovery/ HTTP/1.1" 404 1251 "-" "Mozilla/5.0 (compatible; AhrefsBot/7.0; +http://ahrefs.com/robot/)"
110.249.201.50 - - [14/Apr/2025:14:10:14 -0400] "GET /robots.txt HTTP/1.1" 200 23 "-" "Mozilla/5.0 (Linux; Android 5.0) AppleWebKit/537.36 (KHTML, like Gecko) Mobile Safari/537.36 (compatible; Bytespider; https://zhanzhang.toutiao.com/)"
35.247.174.80 - - [14/Apr/2025:14:09:39 -0400] "POST /wp-login.php HTTP/1.1" 200 0 "-" "Mozlila/5.0 (Linux; Android 7.0; SM-G892A Bulid/NRD90M; wv) AppleWebKit/537.36 (KHTML, like Gecko) Version/4.0 Chrome/60.0.3112.107 Moblie Safari/537.36"
35.247.174.80 - - [14/Apr/2025:14:11:20 -0400] "GET /wp-admin/plugin-install.php?tab=upload HTTP/1.1" 302 0 "-" "Mozlila/5.0 (Linux; Android 7.0; SM-G892A Bulid/NRD90M; wv) AppleWebKit/537.36 (KHTML, like Gecko) Version/4.0 Chrome/60.0.3112.107 Moblie Safari/537.36"
52.169.110.86 - - [14/Apr/2025:14:11:23 -0400] "GET //wp-admin/about.php HTTP/1.1" 302 0 "-" "-"
35.247.174.80 - - [14/Apr/2025:14:11:24 -0400] "GET /wp-login.php?redirect_to=https%3A%2F%2Fllcbibleclub.com%2Fwp-admin%2Fplugin-install.php%3Ftab%3Dupload&reauth=1 HTTP/1.1" 200 1703 "-" "Mozlila/5.0 (Linux; Android 7.0; SM-G892A Bulid/NRD90M; wv) AppleWebKit/537.36 (KHTML, like Gecko) Version/4.0 Chrome/60.0.3112.107 Moblie Safari/537.36"
198.54.114.83 - - [14/Apr/2025:14:11:25 -0400] "POST /wp-admin/admin-ajax.php?action=async_litespeed&nonce=wjWH2dr77RL4hR1BGLeqvVSH0nKzF0hz&litespeed_type=imgoptm HTTP/1.1" 200 0 "-" "WordPress/6.7.2; https://llcbibleclub.com"
52.169.110.86 - - [14/Apr/2025:14:11:28 -0400] "GET /wp-login.php?redirect_to=https%3A%2F%2Fmail.llcbibleclub.com%2F%2Fwp-admin%2Fabout.php&reauth=1 HTTP/1.1" 200 1701 "-" "-"
51.222.253.4 - - [14/Apr/2025:14:11:36 -0400] "GET /a-tour-of-the-arcady-showflat/ HTTP/1.1" 404 1251 "-" "Mozilla/5.0 (compatible; AhrefsBot/7.0; +http://ahrefs.com/robot/)"
198.54.114.83 - - [14/Apr/2025:14:12:19 -0400] "POST /wp-admin/admin-ajax.php?action=async_litespeed&nonce=Uf5i2zt6mx4Z3cKa1pX8IaKM7Qpov4L9&litespeed_type=imgoptm HTTP/1.1" 200 0 "-" "WordPress/6.7.2; https://llcbibleclub.com"
52.169.110.86 - - [14/Apr/2025:14:12:20 -0400] "GET //wp-admin/network/admin.php HTTP/1.1" 302 0 "-" "-"
52.169.110.86 - - [14/Apr/2025:14:12:25 -0400] "GET /wp-login.php?redirect_to=https%3A%2F%2Fmail.llcbibleclub.com%2F%2Fwp-admin%2Fnetwork%2Fadmin.php&reauth=1 HTTP/1.1" 200 1703 "-" "-"
52.169.110.86 - - [14/Apr/2025:14:12:31 -0400] "GET //wp-admin/network/index.php HTTP/1.1" 302 0 "-" "-"
52.169.110.86 - - [14/Apr/2025:14:12:35 -0400] "GET /wp-login.php?redirect_to=https%3A%2F%2Fmail.llcbibleclub.com%2F%2Fwp-admin%2Fnetwork%2Findex.php&reauth=1 HTTP/1.1" 200 1701 "-" "-"
51.222.253.10 - - [14/Apr/2025:14:13:41 -0400] "GET /trade-and-travel-review/ HTTP/1.1" 404 1251 "-" "Mozilla/5.0 (compatible; AhrefsBot/7.0; +http://ahrefs.com/robot/)"
89.58.27.229 - - [14/Apr/2025:14:13:53 -0400] "GET /the-ministry-of-justice-increases-investment-in-the-family-mediation-voucher-scheme/ HTTP/1.1" 404 1251 "-" "Mozilla/5.0 (Windows NT 10.0; WOW64) AppleWebKit/537.36 (KHTML, like Gecko) Chrome/114.0.0.0 Safari/537.36"
89.58.27.229 - - [14/Apr/2025:14:13:57 -0400] "GET / HTTP/1.1" 200 156096 "-" "Mozilla/5.0 (Windows NT 10.0; WOW64) AppleWebKit/537.36 (KHTML, like Gecko) Chrome/114.0.0.0 Safari/537.36"
51.222.253.6 - - [14/Apr/2025:14:16:01 -0400] "GET /profitez-des-installations-recreatives-de-lhotel/ HTTP/1.1" 404 1251 "-" "Mozilla/5.0 (compatible; AhrefsBot/7.0; +http://ahrefs.com/robot/)"
150.109.61.32 - - [14/Apr/2025:14:16:14 -0400] "GET /reality-with-regards-to-full-inclusion-dental-protection-at-last-uncovered/ HTTP/1.1" 404 1251 "-" "Python/3.10 aiohttp/3.10.5"
101.32.12.10 - - [14/Apr/2025:14:17:32 -0400] "GET /gas-welding-hose-manufacturers/ HTTP/1.1" 404 1251 "-" "Python/3.10 aiohttp/3.10.5"
66.249.64.173 - - [14/Apr/2025:14:18:13 -0400] "GET /the-art-and-science-of-youtube-views/ HTTP/1.1" 404 1251 "-" "Mozilla/5.0 (Linux; Android 6.0.1; Nexus 5X Build/MMB29P) AppleWebKit/537.36 (KHTML, like Gecko) Chrome/135.0.7049.52 Mobile Safari/537.36 (compatible; Googlebot/2.1; +http://www.google.com/bot.html)"
51.222.253.8 - - [14/Apr/2025:14:18:24 -0400] "GET /the-benefits-of-training-mma/ HTTP/1.1" 404 1251 "-" "Mozilla/5.0 (compatible; AhrefsBot/7.0; +http://ahrefs.com/robot/)"
34.19.85.195 - - [14/Apr/2025:14:20:21 -0400] "GET /family-divorce-lawyers/ HTTP/1.1" 404 1251 "-" "Mozilla/5.0 (Windows NT 10.0; Win64; x64) AppleWebKit/537.36 (KHTML, like Gecko) Chrome/123.0.0.0 Safari/537.36"
34.19.85.195 - - [14/Apr/2025:14:20:22 -0400] "GET /how-a-soft-wash-house-can-keep-your-house-looking-fresh/ HTTP/1.1" 404 1251 "-" "Mozilla/5.0 (Macintosh; Intel Mac OS X 10_15_7) AppleWebKit/605.1.15 (KHTML, like Gecko) Version/17.0 Safari/605.1.15"
51.222.253.1 - - [14/Apr/2025:14:21:01 -0400] "GET /picking-the-right-movers-from-moving-company-reviews/ HTTP/1.1" 404 1251 "-" "Mozilla/5.0 (compatible; AhrefsBot/7.0; +http://ahrefs.com/robot/)"
89.41.190.84 - - [14/Apr/2025:14:21:53 -0400] "GET /the-adhesive-innovator-crafting-connectivity-with-double-sided-tape/ HTTP/1.1" 404 1251 "-" "Mozilla/5.0 (Macintosh; Intel Mac OS X 12_5) AppleWebKit/537.36 (KHTML, like Gecko) Chrome/114.0.0.0 Safari/537.36 Edg/114.0.1264.71"
89.41.190.84 - - [14/Apr/2025:14:21:56 -0400] "GET / HTTP/1.1" 200 156096 "-" "Mozilla/5.0 (Macintosh; Intel Mac OS X 12_5) AppleWebKit/537.36 (KHTML, like Gecko) Chrome/114.0.0.0 Safari/537.36 Edg/114.0.1264.71"
40.77.167.150 - - [14/Apr/2025:14:23:55 -0400] "GET /what-to-look-for-in-a-boat-detailing-professional/ HTTP/1.1" 404 1251 "-" "Mozilla/5.0 AppleWebKit/537.36 (KHTML, like Gecko; compatible; bingbot/2.0; +http://www.bing.com/bingbot.htm) Chrome/116.0.1938.76 Safari/537.36"
51.222.253.14 - - [14/Apr/2025:14:24:25 -0400] "GET /magic-mushroom-kits/ HTTP/1.1" 404 1251 "-" "Mozilla/5.0 (compatible; AhrefsBot/7.0; +http://ahrefs.com/robot/)"
195.2.75.64 - - [14/Apr/2025:14:26:19 -0400] "GET /best-cbd-oil-products-uk/ HTTP/1.1" 404 1251 "https://llcbibleclub.com/best-cbd-oil-products-uk/" "Mozilla/5.0 (Windows NT 10.0; Win64; x64) AppleWebKit/537.36 (KHTML, like Gecko) Chrome/129.0.0.0 Safari/537.36"
195.2.75.64 - - [14/Apr/2025:14:26:19 -0400] "GET /best-cbd-oil-products-uk/ HTTP/1.1" 404 1251 "https://llcbibleclub.com/best-cbd-oil-products-uk/" "Mozilla/5.0 (Windows NT 10.0; Win64; x64) AppleWebKit/537.36 (KHTML, like Gecko) Chrome/130.0.0.0 Safari/537.36 CCleaner/130.0.0.0"
195.2.75.64 - - [14/Apr/2025:14:26:21 -0400] "GET / HTTP/1.1" 200 156096 "https://llcbibleclub.com/" "Mozilla/5.0 (Windows NT 10.0; Win64; x64) AppleWebKit/537.36 (KHTML, like Gecko) Chrome/129.0.0.0 Safari/537.36"
195.2.75.64 - - [14/Apr/2025:14:26:21 -0400] "GET / HTTP/1.1" 200 156096 "https://llcbibleclub.com/" "Mozilla/5.0 (Windows NT 10.0; Win64; x64) AppleWebKit/537.36 (KHTML, like Gecko) Chrome/130.0.0.0 Safari/537.36 CCleaner/130.0.0.0"
51.222.253.3 - - [14/Apr/2025:14:27:39 -0400] "GET /marks-and-spencer-ladies-jumpers-and-cardigans/ HTTP/1.1" 404 1251 "-" "Mozilla/5.0 (compatible; AhrefsBot/7.0; +http://ahrefs.com/robot/)"
34.169.216.138 - - [14/Apr/2025:14:28:36 -0400] "GET /custom-fuzzy-socks-bulk/ HTTP/1.1" 404 1251 "-" "Mozilla/5.0 (Windows NT 10.0; Win64; x64) AppleWebKit/537.36 (KHTML, like Gecko) Chrome/123.0.0.0 Safari/537.36"
43.154.133.154 - - [14/Apr/2025:14:29:09 -0400] "GET /benefits-of-male-sexual-enhancement-pills/ HTTP/1.1" 404 1251 "-" "Python/3.10 aiohttp/3.10.5"
51.222.253.1 - - [14/Apr/2025:14:31:17 -0400] "GET /custom-soccer-socks/ HTTP/1.1" 404 1251 "-" "Mozilla/5.0 (compatible; AhrefsBot/7.0; +http://ahrefs.com/robot/)"
35.247.174.80 - - [14/Apr/2025:14:31:25 -0400] "POST /wp-login.php HTTP/1.1" 200 0 "-" "Mozlila/5.0 (Linux; Android 7.0; SM-G892A Bulid/NRD90M; wv) AppleWebKit/537.36 (KHTML, like Gecko) Version/4.0 Chrome/60.0.3112.107 Moblie Safari/537.36"
35.247.174.80 - - [14/Apr/2025:14:33:06 -0400] "GET /wp-admin/plugin-install.php?tab=upload HTTP/1.1" 302 0 "-" "Mozlila/5.0 (Linux; Android 7.0; SM-G892A Bulid/NRD90M; wv) AppleWebKit/537.36 (KHTML, like Gecko) Version/4.0 Chrome/60.0.3112.107 Moblie Safari/537.36"
198.54.114.83 - - [14/Apr/2025:14:33:13 -0400] "POST /wp-cron.php?doing_wp_cron=1744655591.8294949531555175781250 HTTP/1.1" 200 0 "-" "WordPress/6.7.2; https://llcbibleclub.com"
35.247.174.80 - - [14/Apr/2025:14:33:14 -0400] "GET /wp-login.php?redirect_to=https%3A%2F%2Fllcbibleclub.com%2Fwp-admin%2Fplugin-install.php%3Ftab%3Dupload&reauth=1 HTTP/1.1" 200 1703 "-" "Mozlila/5.0 (Linux; Android 7.0; SM-G892A Bulid/NRD90M; wv) AppleWebKit/537.36 (KHTML, like Gecko) Version/4.0 Chrome/60.0.3112.107 Moblie Safari/537.36"
51.222.253.17 - - [14/Apr/2025:14:33:30 -0400] "GET /the-comforting-world-of-stuffed-animals/ HTTP/1.1" 404 1251 "-" "Mozilla/5.0 (compatible; AhrefsBot/7.0; +http://ahrefs.com/robot/)"
51.222.253.13 - - [14/Apr/2025:14:35:44 -0400] "GET /author/jorge/ HTTP/1.1" 404 1251 "-" "Mozilla/5.0 (compatible; AhrefsBot/7.0; +http://ahrefs.com/robot/)"
51.222.253.19 - - [14/Apr/2025:14:38:03 -0400] "GET /unraveling-the-mystique-of-meyer-blue-a-gemstone-of-elegance/ HTTP/1.1" 404 1251 "-" "Mozilla/5.0 (compatible; AhrefsBot/7.0; +http://ahrefs.com/robot/)"
51.222.253.14 - - [14/Apr/2025:14:40:40 -0400] "GET /what-everybody-should-know-about-youtube-marketing/ HTTP/1.1" 404 1251 "-" "Mozilla/5.0 (compatible; AhrefsBot/7.0; +http://ahrefs.com/robot/)"
136.243.228.194 - - [14/Apr/2025:14:41:07 -0400] "GET /custom-pc-builder-vs-pre-built-computer/ HTTP/1.1" 404 1251 "-" "Mozilla/5.0 (compatible; DataForSeoBot/1.0; +https://dataforseo.com/dataforseo-bot)"
51.222.253.3 - - [14/Apr/2025:14:43:02 -0400] "GET /ist-eine-rennkurs-gitarre-online-das-richtige-fur-sie/ HTTP/1.1" 404 1251 "-" "Mozilla/5.0 (compatible; AhrefsBot/7.0; +http://ahrefs.com/robot/)"
51.222.253.1 - - [14/Apr/2025:14:45:36 -0400] "GET /youtube-what-is-the-point/ HTTP/1.1" 404 1251 "-" "Mozilla/5.0 (compatible; AhrefsBot/7.0; +http://ahrefs.com/robot/)"
98.85.92.10 - - [14/Apr/2025:14:47:04 -0400] "GET /ivf-clinic-sharjah/ HTTP/1.1" 404 1251 "-" "Grammarly/1.0 (http://www.grammarly.com)"
166.108.238.75 - - [14/Apr/2025:14:47:06 -0400] "GET /single-hung-aluminum-window-glass-repair/ HTTP/1.1" 404 1251 "https://llcbibleclub.com/single-hung-aluminum-window-glass-repair/#respond" "Mozilla/5.0 (Windows NT 10.0; Win64; x64) AppleWebKit/537.36 (KHTML, like Gecko) Chrome/104.0.0.0 Safari/537.36"
1.182.192.51 - - [14/Apr/2025:14:47:05 -0400] "GET //xmlrpc.php HTTP/1.1" 405 46 "-" "Mozilla/5.0 (Windows NT 10.0; WOW64; rv:45.0) Gecko/20100101 Firefox/45.0"
198.54.114.83 - - [14/Apr/2025:14:47:13 -0400] "POST /wp-cron.php?doing_wp_cron=1744656431.0401999950408935546875 HTTP/1.1" 200 0 "-" "WordPress/6.7.2; https://llcbibleclub.com"
198.54.114.83 - - [14/Apr/2025:14:47:16 -0400] "POST /wp-admin/admin-ajax.php?action=async_litespeed&nonce=K5itN5VJFWjFBT69yF9MFaieFnOqf7Qc&litespeed_type=imgoptm HTTP/1.1" 200 0 "-" "WordPress/6.7.2; https://llcbibleclub.com"
1.182.192.51 - - [14/Apr/2025:14:47:18 -0400] "POST //xmlrpc.php HTTP/1.1" 200 186 "-" "Mozilla/5.0 (Windows NT 10.0; WOW64; rv:45.0) Gecko/20100101 Firefox/45.0"
51.222.253.17 - - [14/Apr/2025:14:48:18 -0400] "GET /dachdeckermeisterbetrieb-hamburg/ HTTP/1.1" 404 1251 "-" "Mozilla/5.0 (compatible; AhrefsBot/7.0; +http://ahrefs.com/robot/)"
150.109.104.47 - - [14/Apr/2025:14:48:43 -0400] "GET /thailand-snus/ HTTP/1.1" 404 1251 "-" "Python/3.10 aiohttp/3.10.5"
51.222.253.3 - - [14/Apr/2025:14:50:51 -0400] "GET /useful-painting-preparation-tips/ HTTP/1.1" 404 1251 "-" "Mozilla/5.0 (compatible; AhrefsBot/7.0; +http://ahrefs.com/robot/)"
51.222.253.13 - - [14/Apr/2025:14:53:21 -0400] "GET /centrul-de-meditate-si-dezvoltare-personala-din-bucuresti/ HTTP/1.1" 404 1251 "-" "Mozilla/5.0 (compatible; AhrefsBot/7.0; +http://ahrefs.com/robot/)"
34.169.175.120 - - [14/Apr/2025:14:54:26 -0400] "GET /new-tembusu-grand-condo-in-katong/ HTTP/1.1" 404 1251 "-" "Mozilla/5.0 (Macintosh; Intel Mac OS X 10_15_7) AppleWebKit/605.1.15 (KHTML, like Gecko) Version/17.0 Safari/605.1.15"
119.28.74.148 - - [14/Apr/2025:14:54:52 -0400] "GET /different-types-of-ladies-bags-you-can-choose-from/ HTTP/1.1" 404 1251 "-" "Python/3.10 aiohttp/3.10.5"
51.222.253.14 - - [14/Apr/2025:14:56:08 -0400] "GET /choosing-star-wars-halloween-ensembles/ HTTP/1.1" 404 1251 "-" "Mozilla/5.0 (compatible; AhrefsBot/7.0; +http://ahrefs.com/robot/)"
43.129.81.131 - - [14/Apr/2025:14:58:09 -0400] "GET /bmw-financial-customer-service/ HTTP/1.1" 404 1251 "-" "Python/3.10 aiohttp/3.10.5"
178.20.45.182 - - [14/Apr/2025:14:58:46 -0400] "GET /best-cbd-oil-products-uk/ HTTP/1.1" 404 1251 "https://llcbibleclub.com/best-cbd-oil-products-uk/#comment-10304/" "Mozilla/5.0 (Windows NT 10.0; Win64; x64) AppleWebKit/537.36 (KHTML, like Gecko) Chrome/129.0.0.0 Safari/537.36"
178.20.45.182 - - [14/Apr/2025:14:58:47 -0400] "GET / HTTP/1.1" 200 156096 "https://llcbibleclub.com/" "Mozilla/5.0 (Windows NT 10.0; Win64; x64) AppleWebKit/537.36 (KHTML, like Gecko) Chrome/129.0.0.0 Safari/537.36"
51.222.253.16 - - [14/Apr/2025:14:58:51 -0400] "GET /what-is-an-entrepreneur/ HTTP/1.1" 404 1251 "-" "Mozilla/5.0 (compatible; AhrefsBot/7.0; +http://ahrefs.com/robot/)"
213.180.203.51 - - [14/Apr/2025:15:01:02 -0400] "GET /robots.txt HTTP/1.1" 304 0 "-" "Mozilla/5.0 (compatible; YandexBot/3.0; +http://yandex.com/bots)"
5.255.231.91 - - [14/Apr/2025:15:01:05 -0400] "GET /revolutionizing-energy-storage-the-rise-of-graphene-battery-manufacturers/ HTTP/1.1" 404 1251 "-" "Mozilla/5.0 (compatible; YandexBot/3.0; +http://yandex.com/bots)"
51.222.253.13 - - [14/Apr/2025:15:01:21 -0400] "GET /the-myst-by-cdl-developer/ HTTP/1.1" 404 1251 "-" "Mozilla/5.0 (compatible; AhrefsBot/7.0; +http://ahrefs.com/robot/)"
129.226.13.120 - - [14/Apr/2025:15:01:32 -0400] "GET /the-nintendo-switch-is-a-gamers-best-friend/ HTTP/1.1" 404 1251 "-" "Python/3.10 aiohttp/3.10.5"
51.222.253.6 - - [14/Apr/2025:15:04:13 -0400] "GET /oribe-hair-products/ HTTP/1.1" 404 1251 "-" "Mozilla/5.0 (compatible; AhrefsBot/7.0; +http://ahrefs.com/robot/)"
43.159.201.102 - - [14/Apr/2025:15:06:05 -0400] "GET /capital-landscaping-and-sales-taxes/ HTTP/1.1" 404 1251 "-" "Python/3.10 aiohttp/3.10.5"
51.222.253.6 - - [14/Apr/2025:15:06:39 -0400] "GET /child-star-wars-ensembles-the-most-up-to-date-fury/ HTTP/1.1" 404 1251 "-" "Mozilla/5.0 (compatible; AhrefsBot/7.0; +http://ahrefs.com/robot/)"
2402:1f00:8102:100::df - - [14/Apr/2025:15:07:57 -0400] "GET /.git/config HTTP/1.1" 403 1242 "-" "Mozilla/5.0 (CentOS; Linux i686) AppleWebKit/537.36 (KHTML, like Gecko) Chrome/126.0.0.0 Safari/537.36"
92.251.103.63 - - [14/Apr/2025:15:08:01 -0400] "HEAD /auto-salvage-fort-myers/ HTTP/1.1" 404 0 "https://llcbibleclub.com" "Mozilla/5.0 (Windows NT 10.0; Win64; x64) AppleWebKit/537.36 (KHTML, like Gecko) Chrome/97.0.4692.71 Safari/537.36"
129.226.112.194 - - [14/Apr/2025:15:08:25 -0400] "GET /36-reasons-why-kenya-should-be-your-preferred-destination/ HTTP/1.1" 404 1251 "-" "Python/3.10 aiohttp/3.10.5"
51.222.253.8 - - [14/Apr/2025:15:09:37 -0400] "GET /how-to-transfer-money-from-apple-pay-to-cash-app/ HTTP/1.1" 404 1251 "-" "Mozilla/5.0 (compatible; AhrefsBot/7.0; +http://ahrefs.com/robot/)"
51.222.253.17 - - [14/Apr/2025:15:12:23 -0400] "GET /home-care-assistance-montreal/ HTTP/1.1" 404 1251 "-" "Mozilla/5.0 (compatible; AhrefsBot/7.0; +http://ahrefs.com/robot/)"
87.250.224.240 - - [14/Apr/2025:15:12:40 -0400] "GET /exquisite-living-at-ardor-residence/ HTTP/1.1" 404 1251 "-" "Mozilla/5.0 (compatible; YandexBot/3.0; +http://yandex.com/bots)"
114.119.147.87 - - [14/Apr/2025:15:12:49 -0400] "GET /dp/B0CZB5RHWX?ref=MarsFS_KINDLE_pc HTTP/1.1" 404 1251 "https://llcbibleclub.com/" "Mozilla/5.0 (Linux; Android 7.0;) AppleWebKit/537.36 (KHTML, like Gecko) Mobile Safari/537.36 (compatible; PetalBot;+https://webmaster.petalsearch.com/site/petalbot)"
43.132.120.183 - - [14/Apr/2025:15:13:23 -0400] "GET /healthy-lifestyle-tips-for-a-longer-and-happier-life/ HTTP/1.1" 404 1251 "-" "Python/3.10 aiohttp/3.10.5"
51.222.253.14 - - [14/Apr/2025:15:14:54 -0400] "GET /lakegarden-residences-a-new-development-in-jurong-east/ HTTP/1.1" 404 1251 "-" "Mozilla/5.0 (compatible; AhrefsBot/7.0; +http://ahrefs.com/robot/)"
101.32.59.43 - - [14/Apr/2025:15:16:46 -0400] "GET /pine-tree-hill-hike/ HTTP/1.1" 404 1251 "-" "Python/3.10 aiohttp/3.10.5"
51.222.253.11 - - [14/Apr/2025:15:17:26 -0400] "GET /the-all-encompassing-world-of-multicanais/ HTTP/1.1" 404 1251 "-" "Mozilla/5.0 (compatible; AhrefsBot/7.0; +http://ahrefs.com/robot/)"
51.222.253.11 - - [14/Apr/2025:15:20:01 -0400] "GET /educational-benefits-of-stuffed-animals/ HTTP/1.1" 404 1251 "-" "Mozilla/5.0 (compatible; AhrefsBot/7.0; +http://ahrefs.com/robot/)"
51.222.253.13 - - [14/Apr/2025:15:22:34 -0400] "GET /why-residential-locksmith-services-are-important/ HTTP/1.1" 404 1251 "-" "Mozilla/5.0 (compatible; AhrefsBot/7.0; +http://ahrefs.com/robot/)"
51.222.253.18 - - [14/Apr/2025:15:24:47 -0400] "GET /the-abcs-of-cbd-in-texas/ HTTP/1.1" 404 1251 "-" "Mozilla/5.0 (compatible; AhrefsBot/7.0; +http://ahrefs.com/robot/)"
51.222.253.12 - - [14/Apr/2025:15:27:10 -0400] "GET /plaques-dimmatriculation-personnalisees-un-symbole-dindividualite/ HTTP/1.1" 404 1251 "-" "Mozilla/5.0 (compatible; AhrefsBot/7.0; +http://ahrefs.com/robot/)"
51.222.253.17 - - [14/Apr/2025:15:29:34 -0400] "GET /single-dose-of-mephedrone/ HTTP/1.1" 404 1251 "-" "Mozilla/5.0 (compatible; AhrefsBot/7.0; +http://ahrefs.com/robot/)"
129.226.130.181 - - [14/Apr/2025:15:30:27 -0400] "GET /the-benefits-of-runner-rugs/ HTTP/1.1" 404 1251 "-" "Python/3.10 aiohttp/3.10.5"
51.222.253.14 - - [14/Apr/2025:15:32:01 -0400] "GET /rural-healthcare-solutions/ HTTP/1.1" 404 1251 "-" "Mozilla/5.0 (compatible; AhrefsBot/7.0; +http://ahrefs.com/robot/)"
161.97.144.102 - - [14/Apr/2025:15:32:17 -0400] "GET /wp-includes/style-engine/wp-conflg.php HTTP/1.1" 404 1251 "www.google.com" "Mozlila/5.0 (Linux; Android 7.0; SM-G892A Bulid/NRD90M; wv) AppleWebKit/537.36 (KHTML, like Gecko) Version/4.0 Chrome/60.0.3112.107 Moblie Safari/537.36"
136.243.228.194 - - [14/Apr/2025:15:33:17 -0400] "GET /4-qualities-of-a-24-hour-locksmith-chicago/ HTTP/1.1" 404 1251 "-" "Mozilla/5.0 (compatible; DataForSeoBot/1.0; +https://dataforseo.com/dataforseo-bot)"
51.222.253.14 - - [14/Apr/2025:15:34:40 -0400] "GET /womens-golf-bags-a-womens-golf-bag-must-have-these-features/ HTTP/1.1" 404 1251 "-" "Mozilla/5.0 (compatible; AhrefsBot/7.0; +http://ahrefs.com/robot/)"
51.222.253.10 - - [14/Apr/2025:15:37:27 -0400] "GET /the-role-of-planners/ HTTP/1.1" 404 1251 "-" "Mozilla/5.0 (compatible; AhrefsBot/7.0; +http://ahrefs.com/robot/)"
119.28.52.118 - - [14/Apr/2025:15:38:15 -0400] "GET /top-3-principles-of-an-effective-fitness-center/ HTTP/1.1" 404 1251 "-" "Python/3.10 aiohttp/3.10.5"
119.28.5.18 - - [14/Apr/2025:15:38:41 -0400] "GET /how-to-turn-sleep-mode-off-on-iphone/ HTTP/1.1" 404 1251 "-" "Python/3.10 aiohttp/3.10.5"
51.222.253.3 - - [14/Apr/2025:15:39:49 -0400] "GET /how-to-choose-an-air-cooling-system/ HTTP/1.1" 404 1251 "-" "Mozilla/5.0 (compatible; AhrefsBot/7.0; +http://ahrefs.com/robot/)"
154.83.103.106 - - [14/Apr/2025:15:41:31 -0400] "GET /wp-admin/ HTTP/1.1" 302 0 "-" "Mozilla/5.0 (Windows NT 10.0; Win64; x64) AppleWebKit/537.36 (KHTML, like Gecko) Chrome/91.0.4472.124 Safari/537.36"
154.83.103.106 - - [14/Apr/2025:15:41:32 -0400] "GET /wp-login.php?redirect_to=https%3A%2F%2Fllcbibleclub.com%2Fwp-admin%2F&reauth=1 HTTP/1.1" 200 1691 "-" "Mozilla/5.0 (Windows NT 10.0; Win64; x64) AppleWebKit/537.36 (KHTML, like Gecko) Chrome/91.0.4472.124 Safari/537.36"
154.83.103.106 - - [14/Apr/2025:15:41:32 -0400] "GET /wp-content/debug.log HTTP/1.1" 404 1251 "-" "Mozilla/5.0 (Windows NT 10.0; Win64; x64) AppleWebKit/537.36 (KHTML, like Gecko) Chrome/91.0.4472.124 Safari/537.36"
154.83.103.106 - - [14/Apr/2025:15:41:33 -0400] "GET /wp-content/uploads/ HTTP/1.1" 403 1242 "-" "Mozilla/5.0 (Windows NT 10.0; Win64; x64) AppleWebKit/537.36 (KHTML, like Gecko) Chrome/91.0.4472.124 Safari/537.36"
154.83.103.106 - - [14/Apr/2025:15:41:34 -0400] "GET /wp-includes/ HTTP/1.1" 403 1242 "-" "Mozilla/5.0 (Windows NT 10.0; Win64; x64) AppleWebKit/537.36 (KHTML, like Gecko) Chrome/91.0.4472.124 Safari/537.36"
154.83.103.106 - - [14/Apr/2025:15:41:35 -0400] "GET /wp-json/wp/v2/users HTTP/1.1" 404 1251 "-" "Mozilla/5.0 (Windows NT 10.0; Win64; x64) AppleWebKit/537.36 (KHTML, like Gecko) Chrome/91.0.4472.124 Safari/537.36"
154.83.103.106 - - [14/Apr/2025:15:41:36 -0400] "GET /wp-login.php HTTP/1.1" 200 1691 "-" "Mozilla/5.0 (Windows NT 10.0; Win64; x64) AppleWebKit/537.36 (KHTML, like Gecko) Chrome/91.0.4472.124 Safari/537.36"
154.83.103.106 - - [14/Apr/2025:15:41:38 -0400] "GET /yarn.lock HTTP/1.1" 404 1251 "-" "Mozilla/5.0 (Windows NT 10.0; Win64; x64) AppleWebKit/537.36 (KHTML, like Gecko) Chrome/91.0.4472.124 Safari/537.36"
154.83.103.106 - - [14/Apr/2025:15:41:39 -0400] "GET /:15672 HTTP/1.1" 404 1251 "-" "Mozilla/5.0 (Windows NT 10.0; Win64; x64) AppleWebKit/537.36 (KHTML, like Gecko) Chrome/91.0.4472.124 Safari/537.36"
154.83.103.106 - - [14/Apr/2025:15:41:40 -0400] "GET /:19999 HTTP/1.1" 404 1251 "-" "Mozilla/5.0 (Windows NT 10.0; Win64; x64) AppleWebKit/537.36 (KHTML, like Gecko) Chrome/91.0.4472.124 Safari/537.36"
154.83.103.106 - - [14/Apr/2025:15:41:41 -0400] "GET /:2181 HTTP/1.1" 404 1251 "-" "Mozilla/5.0 (Windows NT 10.0; Win64; x64) AppleWebKit/537.36 (KHTML, like Gecko) Chrome/91.0.4472.124 Safari/537.36"
154.83.103.106 - - [14/Apr/2025:15:41:41 -0400] "GET /:2375 HTTP/1.1" 404 1251 "-" "Mozilla/5.0 (Windows NT 10.0; Win64; x64) AppleWebKit/537.36 (KHTML, like Gecko) Chrome/91.0.4472.124 Safari/537.36"
154.83.103.106 - - [14/Apr/2025:15:41:42 -0400] "GET /:2376 HTTP/1.1" 404 1251 "-" "Mozilla/5.0 (Windows NT 10.0; Win64; x64) AppleWebKit/537.36 (KHTML, like Gecko) Chrome/91.0.4472.124 Safari/537.36"
154.83.103.106 - - [14/Apr/2025:15:41:43 -0400] "GET /:2379 HTTP/1.1" 404 1251 "-" "Mozilla/5.0 (Windows NT 10.0; Win64; x64) AppleWebKit/537.36 (KHTML, like Gecko) Chrome/91.0.4472.124 Safari/537.36"
154.83.103.106 - - [14/Apr/2025:15:41:43 -0400] "GET /:2380 HTTP/1.1" 404 1251 "-" "Mozilla/5.0 (Windows NT 10.0; Win64; x64) AppleWebKit/537.36 (KHTML, like Gecko) Chrome/91.0.4472.124 Safari/537.36"
154.83.103.106 - - [14/Apr/2025:15:41:43 -0400] "GET /:27017 HTTP/1.1" 404 1251 "-" "Mozilla/5.0 (Windows NT 10.0; Win64; x64) AppleWebKit/537.36 (KHTML, like Gecko) Chrome/91.0.4472.124 Safari/537.36"
154.83.103.106 - - [14/Apr/2025:15:41:44 -0400] "GET /:3000 HTTP/1.1" 404 1251 "-" "Mozilla/5.0 (Windows NT 10.0; Win64; x64) AppleWebKit/537.36 (KHTML, like Gecko) Chrome/91.0.4472.124 Safari/537.36"
154.83.103.106 - - [14/Apr/2025:15:41:44 -0400] "GET /:5601 HTTP/1.1" 404 1251 "-" "Mozilla/5.0 (Windows NT 10.0; Win64; x64) AppleWebKit/537.36 (KHTML, like Gecko) Chrome/91.0.4472.124 Safari/537.36"
154.83.103.106 - - [14/Apr/2025:15:41:45 -0400] "GET /:5984 HTTP/1.1" 404 1251 "-" "Mozilla/5.0 (Windows NT 10.0; Win64; x64) AppleWebKit/537.36 (KHTML, like Gecko) Chrome/91.0.4472.124 Safari/537.36"
154.83.103.106 - - [14/Apr/2025:15:41:45 -0400] "GET /:6379 HTTP/1.1" 404 1251 "-" "Mozilla/5.0 (Windows NT 10.0; Win64; x64) AppleWebKit/537.36 (KHTML, like Gecko) Chrome/91.0.4472.124 Safari/537.36"
154.83.103.106 - - [14/Apr/2025:15:41:46 -0400] "GET /:7001 HTTP/1.1" 404 1251 "-" "Mozilla/5.0 (Windows NT 10.0; Win64; x64) AppleWebKit/537.36 (KHTML, like Gecko) Chrome/91.0.4472.124 Safari/537.36"
154.83.103.106 - - [14/Apr/2025:15:41:46 -0400] "GET /:8080 HTTP/1.1" 404 1251 "-" "Mozilla/5.0 (Windows NT 10.0; Win64; x64) AppleWebKit/537.36 (KHTML, like Gecko) Chrome/91.0.4472.124 Safari/537.36"
154.83.103.106 - - [14/Apr/2025:15:41:47 -0400] "GET /:8200 HTTP/1.1" 404 1251 "-" "Mozilla/5.0 (Windows NT 10.0; Win64; x64) AppleWebKit/537.36 (KHTML, like Gecko) Chrome/91.0.4472.124 Safari/537.36"
154.83.103.106 - - [14/Apr/2025:15:41:47 -0400] "GET /:8500 HTTP/1.1" 404 1251 "-" "Mozilla/5.0 (Windows NT 10.0; Win64; x64) AppleWebKit/537.36 (KHTML, like Gecko) Chrome/91.0.4472.124 Safari/537.36"
154.83.103.106 - - [14/Apr/2025:15:41:47 -0400] "GET /:9000 HTTP/1.1" 404 1251 "-" "Mozilla/5.0 (Windows NT 10.0; Win64; x64) AppleWebKit/537.36 (KHTML, like Gecko) Chrome/91.0.4472.124 Safari/537.36"
154.83.103.106 - - [14/Apr/2025:15:41:48 -0400] "GET /:9060 HTTP/1.1" 404 1251 "-" "Mozilla/5.0 (Windows NT 10.0; Win64; x64) AppleWebKit/537.36 (KHTML, like Gecko) Chrome/91.0.4472.124 Safari/537.36"
154.83.103.106 - - [14/Apr/2025:15:41:48 -0400] "GET /:9090 HTTP/1.1" 404 1251 "-" "Mozilla/5.0 (Windows NT 10.0; Win64; x64) AppleWebKit/537.36 (KHTML, like Gecko) Chrome/91.0.4472.124 Safari/537.36"
154.83.103.106 - - [14/Apr/2025:15:41:49 -0400] "GET /:9200 HTTP/1.1" 404 1251 "-" "Mozilla/5.0 (Windows NT 10.0; Win64; x64) AppleWebKit/537.36 (KHTML, like Gecko) Chrome/91.0.4472.124 Safari/537.36"
154.83.103.106 - - [14/Apr/2025:15:41:49 -0400] "GET /:9300 HTTP/1.1" 404 1251 "-" "Mozilla/5.0 (Windows NT 10.0; Win64; x64) AppleWebKit/537.36 (KHTML, like Gecko) Chrome/91.0.4472.124 Safari/537.36"
154.83.103.106 - - [14/Apr/2025:15:41:50 -0400] "GET /.config/msmtp/config HTTP/1.1" 404 1251 "-" "Mozilla/5.0 (Windows NT 10.0; Win64; x64) AppleWebKit/537.36 (KHTML, like Gecko) Chrome/91.0.4472.124 Safari/537.36"
154.83.103.106 - - [14/Apr/2025:15:41:51 -0400] "GET /.mailrc HTTP/1.1" 404 1251 "-" "Mozilla/5.0 (Windows NT 10.0; Win64; x64) AppleWebKit/537.36 (KHTML, like Gecko) Chrome/91.0.4472.124 Safari/537.36"
154.83.103.106 - - [14/Apr/2025:15:41:53 -0400] "GET /app/config/config.ini HTTP/1.1" 404 1251 "-" "Mozilla/5.0 (Windows NT 10.0; Win64; x64) AppleWebKit/537.36 (KHTML, like Gecko) Chrome/91.0.4472.124 Safari/537.36"
154.83.103.106 - - [14/Apr/2025:15:41:53 -0400] "GET /app/config/parameters.yml HTTP/1.1" 404 1251 "-" "Mozilla/5.0 (Windows NT 10.0; Win64; x64) AppleWebKit/537.36 (KHTML, like Gecko) Chrome/91.0.4472.124 Safari/537.36"
154.83.103.106 - - [14/Apr/2025:15:41:53 -0400] "GET /config/email.json HTTP/1.1" 404 1251 "-" "Mozilla/5.0 (Windows NT 10.0; Win64; x64) AppleWebKit/537.36 (KHTML, like Gecko) Chrome/91.0.4472.124 Safari/537.36"
154.83.103.106 - - [14/Apr/2025:15:41:54 -0400] "GET /config/email.php HTTP/1.1" 404 1251 "-" "Mozilla/5.0 (Windows NT 10.0; Win64; x64) AppleWebKit/537.36 (KHTML, like Gecko) Chrome/91.0.4472.124 Safari/537.36"
154.83.103.106 - - [14/Apr/2025:15:41:55 -0400] "GET /config/email.yml HTTP/1.1" 404 1251 "-" "Mozilla/5.0 (Windows NT 10.0; Win64; x64) AppleWebKit/537.36 (KHTML, like Gecko) Chrome/91.0.4472.124 Safari/537.36"
154.83.103.106 - - [14/Apr/2025:15:41:55 -0400] "GET /config/mail.php HTTP/1.1" 404 1251 "-" "Mozilla/5.0 (Windows NT 10.0; Win64; x64) AppleWebKit/537.36 (KHTML, like Gecko) Chrome/91.0.4472.124 Safari/537.36"
154.83.103.106 - - [14/Apr/2025:15:41:56 -0400] "GET /config/smtp.php HTTP/1.1" 404 1251 "-" "Mozilla/5.0 (Windows NT 10.0; Win64; x64) AppleWebKit/537.36 (KHTML, like Gecko) Chrome/91.0.4472.124 Safari/537.36"
154.83.103.106 - - [14/Apr/2025:15:41:56 -0400] "GET /email.php HTTP/1.1" 404 1251 "-" "Mozilla/5.0 (Windows NT 10.0; Win64; x64) AppleWebKit/537.36 (KHTML, like Gecko) Chrome/91.0.4472.124 Safari/537.36"
154.83.103.106 - - [14/Apr/2025:15:41:56 -0400] "GET /etc/exim4/update-exim4.conf.conf HTTP/1.1" 404 1251 "-" "Mozilla/5.0 (Windows NT 10.0; Win64; x64) AppleWebKit/537.36 (KHTML, like Gecko) Chrome/91.0.4472.124 Safari/537.36"
154.83.103.106 - - [14/Apr/2025:15:41:56 -0400] "GET /etc/mail/sendmail.cf HTTP/1.1" 404 1251 "-" "Mozilla/5.0 (Windows NT 10.0; Win64; x64) AppleWebKit/537.36 (KHTML, like Gecko) Chrome/91.0.4472.124 Safari/537.36"
154.83.103.106 - - [14/Apr/2025:15:41:57 -0400] "GET /etc/mail/sendmail.mc HTTP/1.1" 404 1251 "-" "Mozilla/5.0 (Windows NT 10.0; Win64; x64) AppleWebKit/537.36 (KHTML, like Gecko) Chrome/91.0.4472.124 Safari/537.36"
154.83.103.106 - - [14/Apr/2025:15:41:57 -0400] "GET /etc/msmtprc HTTP/1.1" 404 1251 "-" "Mozilla/5.0 (Windows NT 10.0; Win64; x64) AppleWebKit/537.36 (KHTML, like Gecko) Chrome/91.0.4472.124 Safari/537.36"
154.83.103.106 - - [14/Apr/2025:15:41:58 -0400] "GET /etc/postfix/main.cf HTTP/1.1" 404 1251 "-" "Mozilla/5.0 (Windows NT 10.0; Win64; x64) AppleWebKit/537.36 (KHTML, like Gecko) Chrome/91.0.4472.124 Safari/537.36"
154.83.103.106 - - [14/Apr/2025:15:41:58 -0400] "GET /etc/qmail/control/smtproutes HTTP/1.1" 404 1251 "-" "Mozilla/5.0 (Windows NT 10.0; Win64; x64) AppleWebKit/537.36 (KHTML, like Gecko) Chrome/91.0.4472.124 Safari/537.36"
154.83.103.106 - - [14/Apr/2025:15:41:58 -0400] "GET /etc/ssmtp/ssmtp.conf HTTP/1.1" 404 1251 "-" "Mozilla/5.0 (Windows NT 10.0; Win64; x64) AppleWebKit/537.36 (KHTML, like Gecko) Chrome/91.0.4472.124 Safari/537.36"
154.83.103.106 - - [14/Apr/2025:15:41:59 -0400] "GET /etc/zimbra/config.xml HTTP/1.1" 404 1251 "-" "Mozilla/5.0 (Windows NT 10.0; Win64; x64) AppleWebKit/537.36 (KHTML, like Gecko) Chrome/91.0.4472.124 Safari/537.36"
154.83.103.106 - - [14/Apr/2025:15:41:59 -0400] "GET /mail.php HTTP/1.1" 404 1251 "-" "Mozilla/5.0 (Windows NT 10.0; Win64; x64) AppleWebKit/537.36 (KHTML, like Gecko) Chrome/91.0.4472.124 Safari/537.36"
154.83.103.106 - - [14/Apr/2025:15:42:00 -0400] "GET /sendmail.ini HTTP/1.1" 404 1251 "-" "Mozilla/5.0 (Windows NT 10.0; Win64; x64) AppleWebKit/537.36 (KHTML, like Gecko) Chrome/91.0.4472.124 Safari/537.36"
154.83.103.106 - - [14/Apr/2025:15:42:00 -0400] "GET /smtp.php HTTP/1.1" 404 1251 "-" "Mozilla/5.0 (Windows NT 10.0; Win64; x64) AppleWebKit/537.36 (KHTML, like Gecko) Chrome/91.0.4472.124 Safari/537.36"
154.83.103.106 - - [14/Apr/2025:15:42:00 -0400] "GET /.aws/config HTTP/1.1" 404 1251 "-" "Mozilla/5.0 (Windows NT 10.0; Win64; x64) AppleWebKit/537.36 (KHTML, like Gecko) Chrome/91.0.4472.124 Safari/537.36"
154.83.103.106 - - [14/Apr/2025:15:42:01 -0400] "GET /.env.aws HTTP/1.1" 404 1251 "-" "Mozilla/5.0 (Windows NT 10.0; Win64; x64) AppleWebKit/537.36 (KHTML, like Gecko) Chrome/91.0.4472.124 Safari/537.36"
154.83.103.106 - - [14/Apr/2025:15:42:01 -0400] "GET /aws-ses.json HTTP/1.1" 404 1251 "-" "Mozilla/5.0 (Windows NT 10.0; Win64; x64) AppleWebKit/537.36 (KHTML, like Gecko) Chrome/91.0.4472.124 Safari/537.36"
154.83.103.106 - - [14/Apr/2025:15:42:02 -0400] "GET /aws.env HTTP/1.1" 404 1251 "-" "Mozilla/5.0 (Windows NT 10.0; Win64; x64) AppleWebKit/537.36 (KHTML, like Gecko) Chrome/91.0.4472.124 Safari/537.36"
154.83.103.106 - - [14/Apr/2025:15:42:03 -0400] "GET /aws.env.json HTTP/1.1" 404 1251 "-" "Mozilla/5.0 (Windows NT 10.0; Win64; x64) AppleWebKit/537.36 (KHTML, like Gecko) Chrome/91.0.4472.124 Safari/537.36"
154.83.103.106 - - [14/Apr/2025:15:42:04 -0400] "GET /aws.json HTTP/1.1" 404 1251 "-" "Mozilla/5.0 (Windows NT 10.0; Win64; x64) AppleWebKit/537.36 (KHTML, like Gecko) Chrome/91.0.4472.124 Safari/537.36"
154.83.103.106 - - [14/Apr/2025:15:42:04 -0400] "GET /aws.yaml HTTP/1.1" 404 1251 "-" "Mozilla/5.0 (Windows NT 10.0; Win64; x64) AppleWebKit/537.36 (KHTML, like Gecko) Chrome/91.0.4472.124 Safari/537.36"
154.83.103.106 - - [14/Apr/2025:15:42:06 -0400] "GET /aws.yml HTTP/1.1" 404 1251 "-" "Mozilla/5.0 (Windows NT 10.0; Win64; x64) AppleWebKit/537.36 (KHTML, like Gecko) Chrome/91.0.4472.124 Safari/537.36"
154.83.103.106 - - [14/Apr/2025:15:42:08 -0400] "GET /config/aws.php HTTP/1.1" 404 1251 "-" "Mozilla/5.0 (Windows NT 10.0; Win64; x64) AppleWebKit/537.36 (KHTML, like Gecko) Chrome/91.0.4472.124 Safari/537.36"
154.83.103.106 - - [14/Apr/2025:15:42:09 -0400] "GET /config/mailjet.php HTTP/1.1" 404 1251 "-" "Mozilla/5.0 (Windows NT 10.0; Win64; x64) AppleWebKit/537.36 (KHTML, like Gecko) Chrome/91.0.4472.124 Safari/537.36"
154.83.103.106 - - [14/Apr/2025:15:42:09 -0400] "GET /config/sendgrid.php HTTP/1.1" 404 1251 "-" "Mozilla/5.0 (Windows NT 10.0; Win64; x64) AppleWebKit/537.36 (KHTML, like Gecko) Chrome/91.0.4472.124 Safari/537.36"
154.83.103.106 - - [14/Apr/2025:15:42:09 -0400] "GET /mailjet.config.json HTTP/1.1" 404 1251 "-" "Mozilla/5.0 (Windows NT 10.0; Win64; x64) AppleWebKit/537.36 (KHTML, like Gecko) Chrome/91.0.4472.124 Safari/537.36"
154.83.103.106 - - [14/Apr/2025:15:42:10 -0400] "GET /mailjet.env HTTP/1.1" 404 1251 "-" "Mozilla/5.0 (Windows NT 10.0; Win64; x64) AppleWebKit/537.36 (KHTML, like Gecko) Chrome/91.0.4472.124 Safari/537.36"
154.83.103.106 - - [14/Apr/2025:15:42:10 -0400] "GET /sendgrid.env HTTP/1.1" 404 1251 "-" "Mozilla/5.0 (Windows NT 10.0; Win64; x64) AppleWebKit/537.36 (KHTML, like Gecko) Chrome/91.0.4472.124 Safari/537.36"
51.222.253.5 - - [14/Apr/2025:15:42:11 -0400] "GET /record-my-iphone-screen-easy-how-to-guide/ HTTP/1.1" 404 1251 "-" "Mozilla/5.0 (compatible; AhrefsBot/7.0; +http://ahrefs.com/robot/)"
154.83.103.106 - - [14/Apr/2025:15:42:11 -0400] "GET /sendgrid.env.json HTTP/1.1" 404 1251 "-" "Mozilla/5.0 (Windows NT 10.0; Win64; x64) AppleWebKit/537.36 (KHTML, like Gecko) Chrome/91.0.4472.124 Safari/537.36"
154.83.103.106 - - [14/Apr/2025:15:42:12 -0400] "GET /sendgrid.json HTTP/1.1" 404 1251 "-" "Mozilla/5.0 (Windows NT 10.0; Win64; x64) AppleWebKit/537.36 (KHTML, like Gecko) Chrome/91.0.4472.124 Safari/537.36"
154.83.103.106 - - [14/Apr/2025:15:42:12 -0400] "GET /sendgrid.yaml HTTP/1.1" 404 1251 "-" "Mozilla/5.0 (Windows NT 10.0; Win64; x64) AppleWebKit/537.36 (KHTML, like Gecko) Chrome/91.0.4472.124 Safari/537.36"
154.83.103.106 - - [14/Apr/2025:15:42:12 -0400] "GET /sendgrid.yml HTTP/1.1" 404 1251 "-" "Mozilla/5.0 (Windows NT 10.0; Win64; x64) AppleWebKit/537.36 (KHTML, like Gecko) Chrome/91.0.4472.124 Safari/537.36"
154.83.103.106 - - [14/Apr/2025:15:42:12 -0400] "GET /xkeysib.json HTTP/1.1" 404 1251 "-" "Mozilla/5.0 (Windows NT 10.0; Win64; x64) AppleWebKit/537.36 (KHTML, like Gecko) Chrome/91.0.4472.124 Safari/537.36"
154.83.103.106 - - [14/Apr/2025:15:42:13 -0400] "GET /xkeysib.yaml HTTP/1.1" 404 1251 "-" "Mozilla/5.0 (Windows NT 10.0; Win64; x64) AppleWebKit/537.36 (KHTML, like Gecko) Chrome/91.0.4472.124 Safari/537.36"
