136.243.228.194 - - [14/Apr/2025:20:12:58 -0400] "GET /unexpected-moving-expenses/ HTTP/1.1" 404 1251 "-" "Mozilla/5.0 (compatible; DataForSeoBot/1.0; +https://dataforseo.com/dataforseo-bot)"
66.249.64.161 - - [14/Apr/2025:20:13:23 -0400] "GET /gp/customer-reviews/R1PEI6HEVK2UIC/ref=cm_cr_dp_d_rvw_ttl?ie=UTF8&ASIN=B0DG4WZZPV HTTP/1.1" 404 1251 "-" "Mozilla/5.0 (Linux; Android 6.0.1; Nexus 5X Build/MMB29P) AppleWebKit/537.36 (KHTML, like Gecko) Chrome/135.0.7049.84 Mobile Safari/537.36 (compatible; Googlebot/2.1; +http://www.google.com/bot.html)"
51.222.253.6 - - [14/Apr/2025:20:13:35 -0400] "GET /reformer-pilates-wollongong-9-of-the-best/ HTTP/1.1" 404 1251 "-" "Mozilla/5.0 (compatible; AhrefsBot/7.0; +http://ahrefs.com/robot/)"
51.222.253.11 - - [14/Apr/2025:20:16:13 -0400] "GET /top-3-principles-of-an-effective-fitness-center/ HTTP/1.1" 404 1251 "-" "Mozilla/5.0 (compatible; AhrefsBot/7.0; +http://ahrefs.com/robot/)"
51.222.253.8 - - [14/Apr/2025:20:18:39 -0400] "GET /is-there-a-need-for-a-digital-agency/ HTTP/1.1" 404 1251 "-" "Mozilla/5.0 (compatible; AhrefsBot/7.0; +http://ahrefs.com/robot/)"
35.90.72.162 - - [14/Apr/2025:20:19:24 -0400] "GET /wp-content/uploads/2023/06/How-to-Turn-on-High-Contrast-Mode-on-iPhone-and-iPad.jpg HTTP/1.1" 200 10583 "https://llcbibleclub.com/" "Mozilla/5.0 (Macintosh; Intel Mac OS X 10_15_4) AppleWebKit/537.36 (KHTML, like Gecko) Chrome/81.0.4044.122 Safari/537.36"
35.90.72.162 - - [14/Apr/2025:20:19:25 -0400] "GET /wp-content/uploads/2023/06/How-to-Turn-Off-Blinking-Light-on-iPhone.jpg HTTP/1.1" 200 5257 "https://llcbibleclub.com/" "Mozilla/5.0 (iPad; CPU OS 13_4 like Mac OS X) AppleWebKit/605.1.15 (KHTML, like Gecko) Version/13.1 Mobile/15E148 Safari/604.1"
51.222.253.4 - - [14/Apr/2025:20:21:18 -0400] "GET /a-glimpse-into-the-kassia-showflat/ HTTP/1.1" 404 1251 "-" "Mozilla/5.0 (compatible; AhrefsBot/7.0; +http://ahrefs.com/robot/)"
51.222.253.7 - - [14/Apr/2025:20:23:51 -0400] "GET /the-importance-of-roof-cleaning/ HTTP/1.1" 404 1251 "-" "Mozilla/5.0 (compatible; AhrefsBot/7.0; +http://ahrefs.com/robot/)"
119.28.56.69 - - [14/Apr/2025:20:24:29 -0400] "GET /how-to-turn-off-the-snapchat-timer/ HTTP/1.1" 404 1251 "-" "Python/3.10 aiohttp/3.10.5"
51.222.253.13 - - [14/Apr/2025:20:26:27 -0400] "GET /order-cipro-canada-bonus-free-shipping-canada-drug-pharmacy/ HTTP/1.1" 404 1251 "-" "Mozilla/5.0 (compatible; AhrefsBot/7.0; +http://ahrefs.com/robot/)"
91.84.96.34 - - [14/Apr/2025:20:27:43 -0400] "GET /best-cbd-oil-products-uk/ HTTP/1.1" 404 1251 "https://llcbibleclub.com/best-cbd-oil-products-uk/" "Mozilla/5.0 (Windows NT 10.0; Win64; x64) AppleWebKit/537.36 (KHTML, like Gecko) Chrome/130.0.0.0 Safari/537.36 CCleaner/130.0.0.0"
91.84.96.34 - - [14/Apr/2025:20:27:44 -0400] "GET / HTTP/1.1" 200 156096 "https://llcbibleclub.com/" "Mozilla/5.0 (Windows NT 10.0; Win64; x64) AppleWebKit/537.36 (KHTML, like Gecko) Chrome/130.0.0.0 Safari/537.36 CCleaner/130.0.0.0"
66.249.64.161 - - [14/Apr/2025:20:28:27 -0400] "GET /gp/customer-reviews/RSOLMCOFAZGYC/ref=cm_cr_dp_d_rvw_ttl?ie=UTF8&ASIN=B0DG4WZZPV HTTP/1.1" 404 1251 "-" "Mozilla/5.0 (Linux; Android 6.0.1; Nexus 5X Build/MMB29P) AppleWebKit/537.36 (KHTML, like Gecko) Chrome/135.0.7049.84 Mobile Safari/537.36 (compatible; Googlebot/2.1; +http://www.google.com/bot.html)"
51.222.253.1 - - [14/Apr/2025:20:29:01 -0400] "GET /fertility-clinic-dubai/ HTTP/1.1" 404 1251 "-" "Mozilla/5.0 (compatible; AhrefsBot/7.0; +http://ahrefs.com/robot/)"
51.222.253.13 - - [14/Apr/2025:20:31:29 -0400] "GET /services-de-serrurier-un-apercu/ HTTP/1.1" 404 1251 "-" "Mozilla/5.0 (compatible; AhrefsBot/7.0; +http://ahrefs.com/robot/)"
82.211.0.185 - - [14/Apr/2025:20:32:04 -0400] "GET /how-to-promote-a-twitch-promoted-stream/ HTTP/1.1" 404 1251 "https://llcbibleclub.com" "Mozilla/5.0 (Windows NT 10.0; Win64; x64) AppleWebKit/537.36 (KHTML, like Gecko) Chrome/62.0.3202.94 Safari/537.36"
82.211.0.185 - - [14/Apr/2025:20:32:07 -0400] "GET /how-to-promote-a-twitch-promoted-stream/ HTTP/1.1" 404 1251 "https://llcbibleclub.com" "Mozilla/5.0 (Windows NT 10.0; Win64; x64) AppleWebKit/537.36 (KHTML, like Gecko) Chrome/62.0.3202.94 Safari/537.36"
82.211.0.185 - - [14/Apr/2025:20:32:08 -0400] "GET /how-to-promote-a-twitch-promoted-stream/ HTTP/1.1" 404 1251 "https://llcbibleclub.com" "Mozilla/5.0 (Windows NT 10.0; Win64; x64) AppleWebKit/537.36 (KHTML, like Gecko) Chrome/62.0.3202.94 Safari/537.36"
82.211.0.185 - - [14/Apr/2025:20:32:10 -0400] "GET /how-to-promote-a-twitch-promoted-stream/ HTTP/1.1" 404 1251 "https://llcbibleclub.com" "Mozilla/5.0 (Windows NT 10.0; Win64; x64) AppleWebKit/537.36 (KHTML, like Gecko) Chrome/62.0.3202.94 Safari/537.36"
66.249.64.161 - - [14/Apr/2025:20:33:11 -0400] "GET /the-nexus-of-luxury-and-connectivity-lentoria/ HTTP/1.1" 404 1251 "-" "Mozilla/5.0 (Linux; Android 6.0.1; Nexus 5X Build/MMB29P) AppleWebKit/537.36 (KHTML, like Gecko) Chrome/135.0.7049.84 Mobile Safari/537.36 (compatible; Googlebot/2.1; +http://www.google.com/bot.html)"
51.222.253.1 - - [14/Apr/2025:20:33:50 -0400] "GET /restarting-your-firestick/ HTTP/1.1" 404 1251 "-" "Mozilla/5.0 (compatible; AhrefsBot/7.0; +http://ahrefs.com/robot/)"
51.222.253.4 - - [14/Apr/2025:20:36:14 -0400] "GET /inadmissibility-and-i-601-waiver-for-thai-fiancees-and-spouses/ HTTP/1.1" 404 1251 "-" "Mozilla/5.0 (compatible; AhrefsBot/7.0; +http://ahrefs.com/robot/)"
51.222.253.10 - - [14/Apr/2025:20:38:43 -0400] "GET /take-anaspect-at-the-list-of-keyattractions-that-pull-people-to-kansas-city/ HTTP/1.1" 404 1251 "-" "Mozilla/5.0 (compatible; AhrefsBot/7.0; +http://ahrefs.com/robot/)"
51.222.253.9 - - [14/Apr/2025:20:41:06 -0400] "GET /the-versatile-firefighting-nozzle/ HTTP/1.1" 404 1251 "-" "Mozilla/5.0 (compatible; AhrefsBot/7.0; +http://ahrefs.com/robot/)"
51.222.253.18 - - [14/Apr/2025:20:43:26 -0400] "GET /the-meaning-and-conceptualization-of-the-word-continuum/ HTTP/1.1" 404 1251 "-" "Mozilla/5.0 (compatible; AhrefsBot/7.0; +http://ahrefs.com/robot/)"
66.249.64.160 - - [14/Apr/2025:20:44:47 -0400] "GET /gp/mas/your-account/myapps?ref_=nav_AccountFlyout_aad HTTP/1.1" 404 1251 "-" "Mozilla/5.0 (Linux; Android 6.0.1; Nexus 5X Build/MMB29P) AppleWebKit/537.36 (KHTML, like Gecko) Chrome/135.0.7049.84 Mobile Safari/537.36 (compatible; Googlebot/2.1; +http://www.google.com/bot.html)"
66.249.64.174 - - [14/Apr/2025:20:45:19 -0400] "GET /gp/customer-reviews/R2DVCU4L2UJJBX/ref=cm_cr_dp_d_rvw_ttl?ie=UTF8&ASIN=B0DG4WZZPV HTTP/1.1" 404 1251 "-" "Mozilla/5.0 (Linux; Android 6.0.1; Nexus 5X Build/MMB29P) AppleWebKit/537.36 (KHTML, like Gecko) Chrome/135.0.7049.84 Mobile Safari/537.36 (compatible; Googlebot/2.1; +http://www.google.com/bot.html)"
51.222.253.1 - - [14/Apr/2025:20:46:00 -0400] "GET /myths-about-a-solid-conservatory-roof/ HTTP/1.1" 404 1251 "-" "Mozilla/5.0 (compatible; AhrefsBot/7.0; +http://ahrefs.com/robot/)"
150.109.61.32 - - [14/Apr/2025:20:46:20 -0400] "GET /the-best-ftp-app-for-mac/ HTTP/1.1" 404 1251 "-" "Python/3.10 aiohttp/3.10.5"
66.249.64.173 - - [14/Apr/2025:20:47:58 -0400] "GET /1/remote-weblab-triggers/1/OE/ HTTP/1.1" 404 1251 "-" "Mozilla/5.0 (Linux; Android 6.0.1; Nexus 5X Build/MMB29P) AppleWebKit/537.36 (KHTML, like Gecko) Chrome/135.0.7049.84 Mobile Safari/537.36 (compatible; Googlebot/2.1; +http://www.google.com/bot.html)"
66.249.64.173 - - [14/Apr/2025:20:47:59 -0400] "GET /gp/profile/amzn1.account.AEI6M6PK7YTYMMDYHFCY44VLPMYQ/ref=cm_cr_dp_d_gw_tr?ie=UTF8 HTTP/1.1" 404 1251 "-" "Mozilla/5.0 (Linux; Android 6.0.1; Nexus 5X Build/MMB29P) AppleWebKit/537.36 (KHTML, like Gecko) Chrome/135.0.7049.84 Mobile Safari/537.36 (compatible; Googlebot/2.1; +http://www.google.com/bot.html)"
119.28.225.114 - - [14/Apr/2025:20:48:04 -0400] "GET /setting-up-your-texture-for-cross-sewing/ HTTP/1.1" 404 1251 "-" "Python/3.10 aiohttp/3.10.5"
51.222.253.9 - - [14/Apr/2025:20:48:27 -0400] "GET /custom-grip-socks-3/ HTTP/1.1" 404 1251 "-" "Mozilla/5.0 (compatible; AhrefsBot/7.0; +http://ahrefs.com/robot/)"
51.222.253.9 - - [14/Apr/2025:20:50:51 -0400] "GET /choosing-a-fertility-clinic-dubai/ HTTP/1.1" 404 1251 "-" "Mozilla/5.0 (compatible; AhrefsBot/7.0; +http://ahrefs.com/robot/)"
119.28.64.11 - - [14/Apr/2025:20:50:55 -0400] "GET /ivf-clinic-sharjah/ HTTP/1.1" 404 1251 "-" "Python/3.10 aiohttp/3.10.5"
54.86.177.224 - - [14/Apr/2025:20:52:30 -0400] "GET /the-ways-in-which-learning-occurs/ HTTP/1.1" 404 1251 "-" "Grammarly/1.0 (http://www.grammarly.com)"
51.222.253.12 - - [14/Apr/2025:20:53:10 -0400] "GET /luxurious-living-amidst-urban-charm/ HTTP/1.1" 404 1251 "-" "Mozilla/5.0 (compatible; AhrefsBot/7.0; +http://ahrefs.com/robot/)"
107.172.170.189 - - [14/Apr/2025:20:53:48 -0400] "GET /zaza-red HTTP/1.1" 404 1251 "-" "Mozilla/5.0 (Windows NT 10.0; WOW64) AppleWebKit/537.36 (KHTML, like Gecko) Chrome/114.0.0.0 Safari/537.36 Vivaldi/5.3.2679.68"
107.172.170.189 - - [14/Apr/2025:20:53:49 -0400] "GET / HTTP/1.1" 200 156096 "-" "Mozilla/5.0 (Windows NT 10.0; WOW64) AppleWebKit/537.36 (KHTML, like Gecko) Chrome/114.0.0.0 Safari/537.36 Vivaldi/5.3.2679.68"
107.172.170.189 - - [14/Apr/2025:20:53:53 -0400] "GET /dp/B0D3RN5W37?ref=MarsFS_VICC_blinksqm HTTP/1.1" 404 1251 "https://llcbibleclub.com" "Mozilla/5.0 (Windows NT 10.0; WOW64) AppleWebKit/537.36 (KHTML, like Gecko) Chrome/114.0.0.0 Safari/537.36 Vivaldi/5.3.2679.68"
107.172.170.189 - - [14/Apr/2025:20:53:53 -0400] "GET / HTTP/1.1" 200 156096 "https://llcbibleclub.com" "Mozilla/5.0 (Windows NT 10.0; WOW64) AppleWebKit/537.36 (KHTML, like Gecko) Chrome/114.0.0.0 Safari/537.36 Vivaldi/5.3.2679.68"
129.226.177.116 - - [14/Apr/2025:20:54:51 -0400] "GET /how-to-select-a-divorce-lawyer/ HTTP/1.1" 404 1251 "-" "Python/3.10 aiohttp/3.10.5"
51.222.253.16 - - [14/Apr/2025:20:55:36 -0400] "GET /how-to-choose-the-right-web-design-company/ HTTP/1.1" 404 1251 "-" "Mozilla/5.0 (compatible; AhrefsBot/7.0; +http://ahrefs.com/robot/)"
51.222.253.11 - - [14/Apr/2025:20:58:10 -0400] "GET /what-is-family-mediation/ HTTP/1.1" 404 1251 "-" "Mozilla/5.0 (compatible; AhrefsBot/7.0; +http://ahrefs.com/robot/)"
51.222.253.8 - - [14/Apr/2025:21:00:57 -0400] "GET /hotels-inattendus-a-choisir-pour-un-voyage-d-affaires-a-geneve/ HTTP/1.1" 404 1251 "-" "Mozilla/5.0 (compatible; AhrefsBot/7.0; +http://ahrefs.com/robot/)"
51.222.253.8 - - [14/Apr/2025:21:03:34 -0400] "GET /hvilke-typer-smykker-er-tilgaengelige/ HTTP/1.1" 404 1251 "-" "Mozilla/5.0 (compatible; AhrefsBot/7.0; +http://ahrefs.com/robot/)"
212.30.33.69 - - [14/Apr/2025:21:05:40 -0400] "GET /lawyer-golden-visa-spain HTTP/1.1" 404 1251 "-" "Mozilla/5.0 (compatible; MSIE 9.0; Windows NT 6.0; Trident/4.0; GTB7.4; InfoPath.3; SV1; .NET CLR 3.1.76908; WOW64; en-US)"
51.222.253.4 - - [14/Apr/2025:21:06:14 -0400] "GET /buy-youtube-watch-time/ HTTP/1.1" 404 1251 "-" "Mozilla/5.0 (compatible; AhrefsBot/7.0; +http://ahrefs.com/robot/)"
66.249.64.160 - - [14/Apr/2025:21:08:13 -0400] "GET /private-care-at-home/ HTTP/1.1" 404 1251 "-" "Mozilla/5.0 (Linux; Android 6.0.1; Nexus 5X Build/MMB29P) AppleWebKit/537.36 (KHTML, like Gecko) Chrome/135.0.7049.84 Mobile Safari/537.36 (compatible; Googlebot/2.1; +http://www.google.com/bot.html)"
51.222.253.1 - - [14/Apr/2025:21:09:00 -0400] "GET /die-erstaunlichen-vorteile-von-kazi-mandeln-fur-die-menschliche-gesundheit/ HTTP/1.1" 404 1251 "-" "Mozilla/5.0 (compatible; AhrefsBot/7.0; +http://ahrefs.com/robot/)"
82.211.2.219 - - [14/Apr/2025:21:09:03 -0400] "GET /how-to-promote-a-twitch-promoted-stream/ HTTP/1.1" 404 1251 "https://llcbibleclub.com" "Mozilla/5.0 (Windows NT 10.0; Win64; x64) AppleWebKit/537.36 (KHTML, like Gecko) Chrome/62.0.3202.94 Safari/537.36"
82.211.2.219 - - [14/Apr/2025:21:09:05 -0400] "GET /how-to-promote-a-twitch-promoted-stream/ HTTP/1.1" 404 1251 "https://llcbibleclub.com" "Mozilla/5.0 (Windows NT 10.0; Win64; x64) AppleWebKit/537.36 (KHTML, like Gecko) Chrome/62.0.3202.94 Safari/537.36"
82.211.2.219 - - [14/Apr/2025:21:09:08 -0400] "GET /how-to-promote-a-twitch-promoted-stream/ HTTP/1.1" 404 1251 "https://llcbibleclub.com" "Mozilla/5.0 (Windows NT 10.0; Win64; x64) AppleWebKit/537.36 (KHTML, like Gecko) Chrome/62.0.3202.94 Safari/537.36"
82.211.2.219 - - [14/Apr/2025:21:09:09 -0400] "GET /how-to-promote-a-twitch-promoted-stream/ HTTP/1.1" 404 1251 "https://llcbibleclub.com" "Mozilla/5.0 (Windows NT 10.0; Win64; x64) AppleWebKit/537.36 (KHTML, like Gecko) Chrome/62.0.3202.94 Safari/537.36"
129.226.49.42 - - [14/Apr/2025:21:09:10 -0400] "GET /osteopathy-what-is-osteopathy/ HTTP/1.1" 404 1251 "-" "Python/3.10 aiohttp/3.10.5"
51.222.253.6 - - [14/Apr/2025:21:11:27 -0400] "GET /fitness-club-411-what-you-must-know-before-stepping-foot-into-a-fitness-club/ HTTP/1.1" 404 1251 "-" "Mozilla/5.0 (compatible; AhrefsBot/7.0; +http://ahrefs.com/robot/)"
84.200.246.154 - - [14/Apr/2025:21:11:56 -0400] "GET /how-to-promote-a-twitch-promoted-stream/ HTTP/1.1" 404 1251 "https://llcbibleclub.com" "Mozilla/5.0 (Windows NT 10.0; Win64; x64) AppleWebKit/537.36 (KHTML, like Gecko) Chrome/62.0.3202.94 Safari/537.36"
84.200.246.154 - - [14/Apr/2025:21:11:58 -0400] "GET /how-to-promote-a-twitch-promoted-stream/ HTTP/1.1" 404 1251 "https://llcbibleclub.com" "Mozilla/5.0 (Windows NT 10.0; Win64; x64) AppleWebKit/537.36 (KHTML, like Gecko) Chrome/62.0.3202.94 Safari/537.36"
84.200.246.154 - - [14/Apr/2025:21:11:59 -0400] "GET /how-to-promote-a-twitch-promoted-stream/ HTTP/1.1" 404 1251 "https://llcbibleclub.com" "Mozilla/5.0 (Windows NT 10.0; Win64; x64) AppleWebKit/537.36 (KHTML, like Gecko) Chrome/62.0.3202.94 Safari/537.36"
84.200.246.154 - - [14/Apr/2025:21:12:02 -0400] "GET /how-to-promote-a-twitch-promoted-stream/ HTTP/1.1" 404 1251 "https://llcbibleclub.com" "Mozilla/5.0 (Windows NT 10.0; Win64; x64) AppleWebKit/537.36 (KHTML, like Gecko) Chrome/62.0.3202.94 Safari/537.36"
101.32.207.250 - - [14/Apr/2025:21:12:58 -0400] "GET /how-to-choose-a-moonstone-ring/ HTTP/1.1" 404 1251 "-" "Python/3.10 aiohttp/3.10.5"
124.156.120.22 - - [14/Apr/2025:21:12:59 -0400] "GET /unexpected-moving-expenses/ HTTP/1.1" 404 1251 "-" "Python/3.10 aiohttp/3.10.5"
51.222.253.10 - - [14/Apr/2025:21:14:07 -0400] "GET /game-set-match-punter-tennis-betting-systems/ HTTP/1.1" 404 1251 "-" "Mozilla/5.0 (compatible; AhrefsBot/7.0; +http://ahrefs.com/robot/)"
52.45.47.38 - - [14/Apr/2025:21:15:36 -0400] "GET /the-ways-in-which-learning-occurs/ HTTP/1.1" 404 1251 "-" "Grammarly/1.0 (http://www.grammarly.com)"
119.28.52.89 - - [14/Apr/2025:21:16:19 -0400] "GET /vintage-turkish-rugs/ HTTP/1.1" 404 1251 "-" "Python/3.10 aiohttp/3.10.5"
119.28.2.21 - - [14/Apr/2025:21:16:21 -0400] "GET /benefits-of-playing-youth-sports-for-kids/ HTTP/1.1" 404 1251 "-" "Python/3.10 aiohttp/3.10.5"
51.222.253.3 - - [14/Apr/2025:21:17:00 -0400] "GET /the-tranquil-haven-exploring-the-arcady-showflat/ HTTP/1.1" 404 1251 "-" "Mozilla/5.0 (compatible; AhrefsBot/7.0; +http://ahrefs.com/robot/)"
43.154.145.14 - - [14/Apr/2025:21:18:00 -0400] "GET /recognising-the-risks-of-gambling/ HTTP/1.1" 404 1251 "-" "Python/3.10 aiohttp/3.10.5"
51.222.253.11 - - [14/Apr/2025:21:19:45 -0400] "GET /5-tips-for-successful-diamond-painting/ HTTP/1.1" 404 1251 "-" "Mozilla/5.0 (compatible; AhrefsBot/7.0; +http://ahrefs.com/robot/)"
51.222.253.15 - - [14/Apr/2025:21:22:36 -0400] "GET /what-does-an-electrical-contractor-do/ HTTP/1.1" 404 1251 "-" "Mozilla/5.0 (compatible; AhrefsBot/7.0; +http://ahrefs.com/robot/)"
40.77.167.116 - - [14/Apr/2025:21:23:02 -0400] "GET /how-long-does-it-take-a-tesla-to-charge/ HTTP/1.1" 404 1251 "-" "Mozilla/5.0 AppleWebKit/537.36 (KHTML, like Gecko; compatible; bingbot/2.0; +http://www.bing.com/bingbot.htm) Chrome/116.0.1938.76 Safari/537.36"
51.222.253.5 - - [14/Apr/2025:21:25:13 -0400] "GET /fun-icebreaker-questions-to-get-to-know-your-team/ HTTP/1.1" 404 1251 "-" "Mozilla/5.0 (compatible; AhrefsBot/7.0; +http://ahrefs.com/robot/)"
51.222.253.6 - - [14/Apr/2025:21:27:51 -0400] "GET /die-rolle-des-anwalts-in-hattingen-rechtliche-expertise-und-lokale-unterstutzung/ HTTP/1.1" 404 1251 "-" "Mozilla/5.0 (compatible; AhrefsBot/7.0; +http://ahrefs.com/robot/)"
51.222.253.20 - - [14/Apr/2025:21:30:17 -0400] "GET /how-to-get-more-youtube-watch-hours/ HTTP/1.1" 404 1251 "-" "Mozilla/5.0 (compatible; AhrefsBot/7.0; +http://ahrefs.com/robot/)"
51.222.253.13 - - [14/Apr/2025:21:32:51 -0400] "GET /cake-carts-disposable/ HTTP/1.1" 404 1251 "-" "Mozilla/5.0 (compatible; AhrefsBot/7.0; +http://ahrefs.com/robot/)"
66.249.64.173 - - [14/Apr/2025:21:33:12 -0400] "GET /exploring-the-straits-at-joo-chiat/ HTTP/1.1" 404 1251 "-" "Mozilla/5.0 (Linux; Android 6.0.1; Nexus 5X Build/MMB29P) AppleWebKit/537.36 (KHTML, like Gecko) Chrome/135.0.7049.84 Mobile Safari/537.36 (compatible; Googlebot/2.1; +http://www.google.com/bot.html)"
51.222.253.5 - - [14/Apr/2025:21:35:34 -0400] "GET /deciphering-the-dynamics-of-lentor-mansions-pricetag/ HTTP/1.1" 404 1251 "-" "Mozilla/5.0 (compatible; AhrefsBot/7.0; +http://ahrefs.com/robot/)"
51.222.253.2 - - [14/Apr/2025:21:38:18 -0400] "GET /how-to-create-a-tree-canvas-painting/ HTTP/1.1" 404 1251 "-" "Mozilla/5.0 (compatible; AhrefsBot/7.0; +http://ahrefs.com/robot/)"
195.191.219.131 - - [14/Apr/2025:21:39:46 -0400] "GET /robots.txt HTTP/1.1" 304 0 "-" "Mozilla/5.0 (compatible; MJ12bot/v2.0.0; http://mj12bot.com/)"
195.191.219.131 - - [14/Apr/2025:21:39:46 -0400] "GET / HTTP/1.1" 200 156096 "-" "Mozilla/5.0 (compatible; MJ12bot/v2.0.0; http://mj12bot.com/)"
51.222.253.17 - - [14/Apr/2025:21:40:49 -0400] "GET /calculando-el-costo-de-peaje-en-mexico-2/ HTTP/1.1" 404 1251 "-" "Mozilla/5.0 (compatible; AhrefsBot/7.0; +http://ahrefs.com/robot/)"
40.77.167.48 - - [14/Apr/2025:21:40:53 -0400] "GET /the-ultimate-guide-to-choosing-the-best-bluetooth-headsets/feed/ HTTP/1.1" 404 1251 "-" "Mozilla/5.0 AppleWebKit/537.36 (KHTML, like Gecko; compatible; bingbot/2.0; +http://www.bing.com/bingbot.htm) Chrome/116.0.1938.76 Safari/537.36"
66.249.64.160 - - [14/Apr/2025:21:42:25 -0400] "GET /page/29/ HTTP/1.1" 404 1251 "-" "Mozilla/5.0 (Linux; Android 6.0.1; Nexus 5X Build/MMB29P) AppleWebKit/537.36 (KHTML, like Gecko) Chrome/135.0.7049.84 Mobile Safari/537.36 (compatible; Googlebot/2.1; +http://www.google.com/bot.html)"
198.54.114.83 - - [14/Apr/2025:21:43:05 -0400] "POST /wp-cron.php?doing_wp_cron=1744681384.6114439964294433593750 HTTP/1.1" 200 0 "-" "WordPress/6.7.2; https://llcbibleclub.com"
198.54.114.83 - - [14/Apr/2025:21:43:06 -0400] "POST /wp-admin/admin-ajax.php?action=async_litespeed&nonce=RlJDA1yVleKqCaxfvkG7jWNauZaxPxNq&litespeed_type=imgoptm HTTP/1.1" 200 5 "-" "WordPress/6.7.2; https://llcbibleclub.com"
240e:350:8003:4d1b:4ecc:6a30:a9f7:5ca9 - - [14/Apr/2025:21:43:00 -0400] "POST /wp-comments-post.php HTTP/1.1" 302 0 "-" "Mozilla/5.0 (Windows NT 10.0; Win64; x64) AppleWebKit/537.36 (KHTML, like Gecko) Chrome/108.0.0.0 Safari/537.36 Edg/108.0.1462.46"
240e:350:8003:4d1b:4ecc:6a30:a9f7:5ca9 - - [14/Apr/2025:21:43:08 -0400] "GET /get-your-dental-health-flourish-with-traditional-dental-insurance-plan/?unapproved=6391&moderation-hash=31b5769c72743e3385cdf3b263af4cd5 HTTP/1.1" 404 1251 "-" "Mozilla/5.0 (Windows NT 10.0; Win64; x64) AppleWebKit/537.36 (KHTML, like Gecko) Chrome/108.0.0.0 Safari/537.36 Edg/108.0.1462.46"
51.222.253.13 - - [14/Apr/2025:21:43:17 -0400] "GET /glutathione-injection-benefits/ HTTP/1.1" 404 1251 "-" "Mozilla/5.0 (compatible; AhrefsBot/7.0; +http://ahrefs.com/robot/)"
51.222.253.17 - - [14/Apr/2025:21:45:52 -0400] "GET /cbd-capsules-a-convenient-and-discreet-way-to-consume-cbd/ HTTP/1.1" 404 1251 "-" "Mozilla/5.0 (compatible; AhrefsBot/7.0; +http://ahrefs.com/robot/)"
51.222.253.5 - - [14/Apr/2025:21:48:25 -0400] "GET /free-ai-books-for-beginners/ HTTP/1.1" 404 1251 "-" "Mozilla/5.0 (compatible; AhrefsBot/7.0; +http://ahrefs.com/robot/)"
43.132.221.181 - - [14/Apr/2025:21:49:10 -0400] "GET /how-does-mindfulness-work/ HTTP/1.1" 404 1251 "-" "Python/3.10 aiohttp/3.10.5"
51.222.253.10 - - [14/Apr/2025:21:51:37 -0400] "GET /is-home-automation-canada-right-for-you/ HTTP/1.1" 404 1251 "-" "Mozilla/5.0 (compatible; AhrefsBot/7.0; +http://ahrefs.com/robot/)"
51.222.253.8 - - [14/Apr/2025:21:53:44 -0400] "GET /creation-de-site-web-comment-creer-un-site-web-qui-non-seulement-est-beau-mais-qui-fonctionne-egalement-correctement/ HTTP/1.1" 404 1251 "-" "Mozilla/5.0 (compatible; AhrefsBot/7.0; +http://ahrefs.com/robot/)"
171.25.193.80 - - [14/Apr/2025:21:54:38 -0400] "GET / HTTP/1.1" 200 156096 "https://llcbibleclub.com" "Mozilla/5.0 (Windows NT 10.0; WOW64) AppleWebKit/537.36 (KHTML, like Gecko) Chrome/74.36.3729.169 Elements Browser/1.1.36 Safari/537.36"
13.82.176.166 - - [14/Apr/2025:21:56:33 -0400] "GET /wp-admin/network/ HTTP/1.1" 302 0 "-" "-"
198.54.114.83 - - [14/Apr/2025:21:56:33 -0400] "POST /wp-admin/admin-ajax.php?action=async_litespeed&nonce=eRnA1iUF7oMHAEW4cTe09JA12KKlqtPn&litespeed_type=imgoptm HTTP/1.1" 200 0 "-" "WordPress/6.7.2; https://llcbibleclub.com"
51.222.253.1 - - [14/Apr/2025:21:56:34 -0400] "GET /the-convenience-of-buying-prescription-glasses-online/ HTTP/1.1" 404 1251 "-" "Mozilla/5.0 (compatible; AhrefsBot/7.0; +http://ahrefs.com/robot/)"
13.82.176.166 - - [14/Apr/2025:21:56:36 -0400] "GET /wp-login.php?redirect_to=https%3A%2F%2Fllcbibleclub.com%2Fwp-admin%2Fnetwork%2F&reauth=1 HTTP/1.1" 200 1690 "-" "-"
13.82.176.166 - - [14/Apr/2025:21:56:51 -0400] "GET /wp-admin/ HTTP/1.1" 302 0 "-" "-"
198.54.114.83 - - [14/Apr/2025:21:56:52 -0400] "POST /wp-admin/admin-ajax.php?action=async_litespeed&nonce=oTk61Z5oQnH7NCYABCQNSmPs84giPK4b&litespeed_type=imgoptm HTTP/1.1" 200 0 "-" "WordPress/6.7.2; https://llcbibleclub.com"
13.82.176.166 - - [14/Apr/2025:21:56:52 -0400] "GET /wp-login.php?redirect_to=https%3A%2F%2Fllcbibleclub.com%2Fwp-admin%2F&reauth=1 HTTP/1.1" 200 1691 "-" "-"
13.82.176.166 - - [14/Apr/2025:21:57:39 -0400] "GET /wp-admin/user/ HTTP/1.1" 302 0 "-" "-"
13.82.176.166 - - [14/Apr/2025:21:57:39 -0400] "GET /wp-login.php?redirect_to=https%3A%2F%2Fllcbibleclub.com%2Fwp-admin%2Fuser%2F&reauth=1 HTTP/1.1" 200 1687 "-" "-"
13.82.176.166 - - [14/Apr/2025:21:58:13 -0400] "GET /wp-admin/ HTTP/1.1" 302 0 "-" "-"
198.54.114.83 - - [14/Apr/2025:21:58:13 -0400] "POST /wp-admin/admin-ajax.php?action=async_litespeed&nonce=9T3tY7mVSPhIkzR6eJ3myInfechnrqg3&litespeed_type=imgoptm HTTP/1.1" 200 0 "-" "WordPress/6.7.2; https://llcbibleclub.com"
13.82.176.166 - - [14/Apr/2025:21:58:14 -0400] "GET /wp-login.php?redirect_to=https%3A%2F%2Fllcbibleclub.com%2Fwp-admin%2F&reauth=1 HTTP/1.1" 200 1691 "-" "-"
13.82.176.166 - - [14/Apr/2025:21:58:15 -0400] "GET /wp-admin/admin.php HTTP/1.1" 302 0 "-" "-"
13.82.176.166 - - [14/Apr/2025:21:58:15 -0400] "GET /wp-login.php?redirect_to=https%3A%2F%2Fllcbibleclub.com%2Fwp-admin%2Fadmin.php&reauth=1 HTTP/1.1" 200 1687 "-" "-"
51.222.253.4 - - [14/Apr/2025:21:59:13 -0400] "GET /benefits-of-microfiber-for-screen-cleaning/ HTTP/1.1" 404 1251 "-" "Mozilla/5.0 (compatible; AhrefsBot/7.0; +http://ahrefs.com/robot/)"
51.222.253.4 - - [14/Apr/2025:22:01:42 -0400] "GET /how-to-find-the-best-luxury-handbags/ HTTP/1.1" 404 1251 "-" "Mozilla/5.0 (compatible; AhrefsBot/7.0; +http://ahrefs.com/robot/)"
66.249.64.162 - - [14/Apr/2025:22:03:13 -0400] "GET /2023/02/ HTTP/1.1" 404 1251 "-" "Mozilla/5.0 (Linux; Android 6.0.1; Nexus 5X Build/MMB29P) AppleWebKit/537.36 (KHTML, like Gecko) Chrome/135.0.7049.84 Mobile Safari/537.36 (compatible; Googlebot/2.1; +http://www.google.com/bot.html)"
51.222.253.4 - - [14/Apr/2025:22:04:11 -0400] "GET /trenbolone-in-canada-a-powerhouse-for-fitness-enthusiasts/ HTTP/1.1" 404 1251 "-" "Mozilla/5.0 (compatible; AhrefsBot/7.0; +http://ahrefs.com/robot/)"
85.208.98.20 - - [14/Apr/2025:22:04:59 -0400] "GET /mastering-the-art-of-erasing-deleting-your-instagram-account/ HTTP/1.1" 404 1251 "-" "Mozilla/5.0 (compatible; SemrushBot-BA; +http://www.semrush.com/bot.html)"
85.208.98.29 - - [14/Apr/2025:22:05:17 -0400] "GET /how-to-increase-your-youtube-views/ HTTP/1.1" 404 1251 "-" "Mozilla/5.0 (compatible; SemrushBot-BA; +http://www.semrush.com/bot.html)"
85.208.98.31 - - [14/Apr/2025:22:05:36 -0400] "GET /how-to-buy-youtube-views/ HTTP/1.1" 404 1251 "-" "Mozilla/5.0 (compatible; SemrushBot-BA; +http://www.semrush.com/bot.html)"
51.222.253.4 - - [14/Apr/2025:22:06:37 -0400] "GET /how-to-find-the-best-sport-betting-sites/ HTTP/1.1" 404 1251 "-" "Mozilla/5.0 (compatible; AhrefsBot/7.0; +http://ahrefs.com/robot/)"
51.222.253.6 - - [14/Apr/2025:22:08:58 -0400] "GET /what-is-web-design/ HTTP/1.1" 404 1251 "-" "Mozilla/5.0 (compatible; AhrefsBot/7.0; +http://ahrefs.com/robot/)"
52.167.144.167 - - [14/Apr/2025:22:10:06 -0400] "GET /sitemap.xml HTTP/1.1" 200 245 "-" "Mozilla/5.0 AppleWebKit/537.36 (KHTML, like Gecko; compatible; bingbot/2.0; +http://www.bing.com/bingbot.htm) Chrome/116.0.1938.76 Safari/537.36"
51.222.253.17 - - [14/Apr/2025:22:11:27 -0400] "GET /how-basement-remodeling-can-transform-your-fort-collins-basement/ HTTP/1.1" 404 1251 "-" "Mozilla/5.0 (compatible; AhrefsBot/7.0; +http://ahrefs.com/robot/)"
51.222.253.2 - - [14/Apr/2025:22:13:52 -0400] "GET /tulum-small-boat-rental/ HTTP/1.1" 404 1251 "-" "Mozilla/5.0 (compatible; AhrefsBot/7.0; +http://ahrefs.com/robot/)"
134.17.14.122 - - [14/Apr/2025:22:14:07 -0400] "GET /past.php HTTP/1.1" 404 1251 "-" "Mozilla/4.0 (compatible; MSIE 6.0; Windows NT 5.1; SV1)"
2800:cd0:8e01:9000:bcb3:cd65:8367:1a6e - - [14/Apr/2025:22:15:48 -0400] "GET /unveiling-the-virtual-realm-exploring-the-evolution-of-online-casinos HTTP/1.1" 404 1251 "-" "Mozilla/5.0 (Windows NT 5.0) AppleWebKit/536.1 (KHTML, like Gecko) Chrome/26.0.813.0 Safari/536.1"
51.222.253.13 - - [14/Apr/2025:22:16:18 -0400] "GET /reserve-residences/ HTTP/1.1" 404 1251 "-" "Mozilla/5.0 (compatible; AhrefsBot/7.0; +http://ahrefs.com/robot/)"
51.222.253.16 - - [14/Apr/2025:22:18:34 -0400] "GET /how-to-book-cheap-holiday-online-2/ HTTP/1.1" 404 1251 "-" "Mozilla/5.0 (compatible; AhrefsBot/7.0; +http://ahrefs.com/robot/)"
43.154.146.32 - - [14/Apr/2025:22:20:40 -0400] "GET /buying-a-michael-kors-satchel/ HTTP/1.1" 404 1251 "-" "Python/3.10 aiohttp/3.10.5"
92.251.103.63 - - [14/Apr/2025:22:20:48 -0400] "GET /professioneller-umzugsservice-in-luneburg/ HTTP/1.1" 404 1251 "-" "Mozilla/5.0 (Windows NT 10.0; Win64; x64) AppleWebKit/537.36 (KHTML, like Gecko) Chrome/121.0.0.0 Safari/537.36"
51.222.253.12 - - [14/Apr/2025:22:20:50 -0400] "GET /was-ist-die-vanilla-box-konstruktion/ HTTP/1.1" 404 1251 "-" "Mozilla/5.0 (compatible; AhrefsBot/7.0; +http://ahrefs.com/robot/)"
139.59.30.68 - - [14/Apr/2025:22:22:48 -0400] "GET / HTTP/1.1" 200 156096 "-" "Mozilla/5.0 (compatible)"
51.222.253.14 - - [14/Apr/2025:22:23:12 -0400] "GET /playing-bola-tangkas-online/ HTTP/1.1" 404 1251 "-" "Mozilla/5.0 (compatible; AhrefsBot/7.0; +http://ahrefs.com/robot/)"
136.243.228.194 - - [14/Apr/2025:22:24:44 -0400] "GET /unlocking-opportunities-the-power-of-part-time-employment/ HTTP/1.1" 404 1251 "-" "Mozilla/5.0 (compatible; DataForSeoBot/1.0; +https://dataforseo.com/dataforseo-bot)"
51.222.253.6 - - [14/Apr/2025:22:26:13 -0400] "GET /what-is-disaster-recovery-as-a-service/ HTTP/1.1" 404 1251 "-" "Mozilla/5.0 (compatible; AhrefsBot/7.0; +http://ahrefs.com/robot/)"
114.119.137.8 - - [14/Apr/2025:22:27:33 -0400] "GET /gp/customer-reviews/R2DVCU4L2UJJBX/ref=cm_cr_dp_d_rvw_ttl?ie=UTF8&ASIN=B0DG4WZZPV HTTP/1.1" 404 1251 "https://llcbibleclub.com/" "Mozilla/5.0 (Linux; Android 7.0;) AppleWebKit/537.36 (KHTML, like Gecko) Mobile Safari/537.36 (compatible; PetalBot;+https://webmaster.petalsearch.com/site/petalbot)"
51.222.253.14 - - [14/Apr/2025:22:28:58 -0400] "GET /how-to-master-job-interview-preparation/ HTTP/1.1" 404 1251 "-" "Mozilla/5.0 (compatible; AhrefsBot/7.0; +http://ahrefs.com/robot/)"
51.222.253.5 - - [14/Apr/2025:22:31:34 -0400] "GET /tiktok-buy-likes-how-to-find-a-reputable-service/ HTTP/1.1" 404 1251 "-" "Mozilla/5.0 (compatible; AhrefsBot/7.0; +http://ahrefs.com/robot/)"
66.249.64.161 - - [14/Apr/2025:22:33:12 -0400] "GET /robots.txt HTTP/1.1" 304 0 "-" "Mozilla/5.0 (compatible; Googlebot/2.1; +http://www.google.com/bot.html)"
66.249.64.162 - - [14/Apr/2025:22:33:14 -0400] "GET /finding-the-best-curly-hairdresser-melbourne/ HTTP/1.1" 404 1251 "-" "Mozilla/5.0 (Linux; Android 6.0.1; Nexus 5X Build/MMB29P) AppleWebKit/537.36 (KHTML, like Gecko) Chrome/135.0.7049.84 Mobile Safari/537.36 (compatible; Googlebot/2.1; +http://www.google.com/bot.html)"
51.222.253.20 - - [14/Apr/2025:22:34:10 -0400] "GET /why-does-my-apple-watch-die-so-fast/ HTTP/1.1" 404 1251 "-" "Mozilla/5.0 (compatible; AhrefsBot/7.0; +http://ahrefs.com/robot/)"
51.222.253.1 - - [14/Apr/2025:22:36:57 -0400] "GET /elegante-moderne-hangeleuchten-ein-blick-auf-zeitgenossisches-design/ HTTP/1.1" 404 1251 "-" "Mozilla/5.0 (compatible; AhrefsBot/7.0; +http://ahrefs.com/robot/)"
51.222.253.1 - - [14/Apr/2025:22:39:24 -0400] "GET /is-there-only-one-north-on-earth/ HTTP/1.1" 404 1251 "-" "Mozilla/5.0 (compatible; AhrefsBot/7.0; +http://ahrefs.com/robot/)"
185.245.106.236 - - [14/Apr/2025:22:41:26 -0400] "GET /best-cbd-oil-products-uk/ HTTP/1.1" 404 1251 "https://llcbibleclub.com/best-cbd-oil-products-uk/" "Mozilla/5.0 (Windows NT 6.3; Win64; x64) AppleWebKit/537.36 (KHTML, like Gecko) Chrome/103.0.0.0 Safari/537.36"
185.245.106.236 - - [14/Apr/2025:22:41:27 -0400] "GET / HTTP/1.1" 200 156096 "https://llcbibleclub.com/" "Mozilla/5.0 (Windows NT 6.3; Win64; x64) AppleWebKit/537.36 (KHTML, like Gecko) Chrome/103.0.0.0 Safari/537.36"
51.222.253.4 - - [14/Apr/2025:22:42:02 -0400] "GET /umzugsunternehmen-in-luneburg-ihr-zuverlassiger-partner/ HTTP/1.1" 404 1251 "-" "Mozilla/5.0 (compatible; AhrefsBot/7.0; +http://ahrefs.com/robot/)"
51.222.253.10 - - [14/Apr/2025:22:44:35 -0400] "GET /reinigen-sie-silberschmuck-mit-hausmitteln/ HTTP/1.1" 404 1251 "-" "Mozilla/5.0 (compatible; AhrefsBot/7.0; +http://ahrefs.com/robot/)"
43.132.230.109 - - [14/Apr/2025:22:45:12 -0400] "GET /the-best-employee-communication-apps/ HTTP/1.1" 404 1251 "-" "Python/3.10 aiohttp/3.10.5"
198.54.114.83 - - [14/Apr/2025:22:45:16 -0400] "POST /wp-admin/admin-ajax.php?action=async_litespeed&nonce=848AqETlkEvAFxvwdn4C7gwvKaLuraxf&litespeed_type=imgoptm HTTP/1.1" 200 0 "-" "WordPress/6.7.2; https://llcbibleclub.com"
51.222.253.14 - - [14/Apr/2025:22:47:09 -0400] "GET /landscaping-business-loans/ HTTP/1.1" 404 1251 "-" "Mozilla/5.0 (compatible; AhrefsBot/7.0; +http://ahrefs.com/robot/)"
154.38.167.39 - - [14/Apr/2025:22:49:37 -0400] "GET / HTTP/1.1" 200 156096 "-" "Mozilla/5.0 (Macintosh; Intel Mac OS X 12_5) AppleWebKit/537.36 (KHTML, like Gecko) Chrome/114.0.0.0 Safari/537.36 Edg/114.0.1264.71"
154.38.167.39 - - [14/Apr/2025:22:49:39 -0400] "GET /%22%20+%20t.href%20+%20%22 HTTP/1.1" 404 1251 "https://llcbibleclub.com" "Mozilla/5.0 (Macintosh; Intel Mac OS X 12_5) AppleWebKit/537.36 (KHTML, like Gecko) Chrome/114.0.0.0 Safari/537.36 Edg/114.0.1264.71"
154.38.167.39 - - [14/Apr/2025:22:49:40 -0400] "GET /%3C HTTP/1.1" 404 1251 "https://llcbibleclub.com" "Mozilla/5.0 (Macintosh; Intel Mac OS X 12_5) AppleWebKit/537.36 (KHTML, like Gecko) Chrome/114.0.0.0 Safari/537.36 Edg/114.0.1264.71"
154.38.167.39 - - [14/Apr/2025:22:49:41 -0400] "GET /amazonfresh HTTP/1.1" 404 1251 "https://llcbibleclub.com" "Mozilla/5.0 (Macintosh; Intel Mac OS X 12_5) AppleWebKit/537.36 (KHTML, like Gecko) Chrome/114.0.0.0 Safari/537.36 Edg/114.0.1264.71"
154.38.167.39 - - [14/Apr/2025:22:49:43 -0400] "GET /kindle-dbs/ku/ku-central?ref_=nav_AccountFlyout_ku HTTP/1.1" 404 1251 "https://llcbibleclub.com" "Mozilla/5.0 (Macintosh; Intel Mac OS X 12_5) AppleWebKit/537.36 (KHTML, like Gecko) Chrome/114.0.0.0 Safari/537.36 Edg/114.0.1264.71"
154.38.167.39 - - [14/Apr/2025:22:49:45 -0400] "GET /gp/prime?ref_=nav_prime_btn_fb HTTP/1.1" 404 1251 "https://llcbibleclub.com" "Mozilla/5.0 (Macintosh; Intel Mac OS X 12_5) AppleWebKit/537.36 (KHTML, like Gecko) Chrome/114.0.0.0 Safari/537.36 Edg/114.0.1264.71"
154.38.167.39 - - [14/Apr/2025:22:49:46 -0400] "GET /photos?ref_=nav_AccountFlyout_photos HTTP/1.1" 404 1251 "https://llcbibleclub.com" "Mozilla/5.0 (Macintosh; Intel Mac OS X 12_5) AppleWebKit/537.36 (KHTML, like Gecko) Chrome/114.0.0.0 Safari/537.36 Edg/114.0.1264.71"
154.38.167.39 - - [14/Apr/2025:22:49:47 -0400] "GET /gp/registry/wishlist/ HTTP/1.1" 404 1251 "https://llcbibleclub.com" "Mozilla/5.0 (Macintosh; Intel Mac OS X 12_5) AppleWebKit/537.36 (KHTML, like Gecko) Chrome/114.0.0.0 Safari/537.36 Edg/114.0.1264.71"
154.38.167.39 - - [14/Apr/2025:22:49:48 -0400] "GET /gp/video/ssoredirect?pvp=/ref%3D_apv&ref_=nav_AccountFlyout__apv HTTP/1.1" 404 1251 "https://llcbibleclub.com" "Mozilla/5.0 (Macintosh; Intel Mac OS X 12_5) AppleWebKit/537.36 (KHTML, like Gecko) Chrome/114.0.0.0 Safari/537.36 Edg/114.0.1264.71"
154.38.167.39 - - [14/Apr/2025:22:49:50 -0400] "GET /Amazon/b/ref=bl_dp_s_web_7940963051?ie=UTF8&node=7940963051&field-lbr_brands_browse-bin=Amazon HTTP/1.1" 404 1251 "https://llcbibleclub.com" "Mozilla/5.0 (Macintosh; Intel Mac OS X 12_5) AppleWebKit/537.36 (KHTML, like Gecko) Chrome/114.0.0.0 Safari/537.36 Edg/114.0.1264.71"
51.222.253.9 - - [14/Apr/2025:22:49:50 -0400] "GET /the-benefits-of-runner-rugs/ HTTP/1.1" 404 1251 "-" "Mozilla/5.0 (compatible; AhrefsBot/7.0; +http://ahrefs.com/robot/)"
198.54.114.83 - - [14/Apr/2025:22:49:50 -0400] "POST /wp-cron.php?doing_wp_cron=1744685389.4478709697723388671875 HTTP/1.1" 200 0 "-" "WordPress/6.7.2; https://llcbibleclub.com"
182.6.10.6 - - [14/Apr/2025:22:49:39 -0400] "POST /wp-login.php HTTP/1.1" 200 1816 "https://llcbibleclub.com/wp-admin/" "Mozilla/5.0 (Windows NT 10.0; Win64; x64) AppleWebKit/537.36 (KHTML, like Gecko) Chrome/90.0.4430.85 Safari/537.36"
154.38.167.39 - - [14/Apr/2025:22:49:51 -0400] "GET /gp/mas/your-account/myapps?ref_=nav_AccountFlyout_aad HTTP/1.1" 404 1251 "https://llcbibleclub.com" "Mozilla/5.0 (Macintosh; Intel Mac OS X 12_5) AppleWebKit/537.36 (KHTML, like Gecko) Chrome/114.0.0.0 Safari/537.36 Edg/114.0.1264.71"
198.54.114.83 - - [14/Apr/2025:22:49:52 -0400] "POST /wp-admin/admin-ajax.php?action=async_litespeed&nonce=3FgYyVPkp1tTeWNdpdaFWKaZZ6mGlP7d&litespeed_type=imgoptm HTTP/1.1" 200 0 "-" "WordPress/6.7.2; https://llcbibleclub.com"
182.6.10.6 - - [14/Apr/2025:22:49:52 -0400] "GET /wp-admin/ HTTP/1.1" 302 0 "www.google.com" "Mozilla/5.0 (Windows NT 10.0; Win64; x64) AppleWebKit/537.36 (KHTML, like Gecko) Chrome/90.0.4430.85 Safari/537.36"
154.38.167.39 - - [14/Apr/2025:22:49:53 -0400] "GET /dp/B09WXH9BH7?ref=MarsFS_AUCC_ch HTTP/1.1" 404 1251 "https://llcbibleclub.com" "Mozilla/5.0 (Macintosh; Intel Mac OS X 12_5) AppleWebKit/537.36 (KHTML, like Gecko) Chrome/114.0.0.0 Safari/537.36 Edg/114.0.1264.71"
154.38.167.39 - - [14/Apr/2025:22:49:54 -0400] "GET /hz/mycd/myx?pageType=content&ref_=nav_AccountFlyout_myk HTTP/1.1" 404 1251 "https://llcbibleclub.com" "Mozilla/5.0 (Macintosh; Intel Mac OS X 12_5) AppleWebKit/537.36 (KHTML, like Gecko) Chrome/114.0.0.0 Safari/537.36 Edg/114.0.1264.71"
182.6.10.6 - - [14/Apr/2025:22:49:54 -0400] "GET /wp-login.php?redirect_to=https%3A%2F%2Fllcbibleclub.com%2Fwp-admin%2F&reauth=1 HTTP/1.1" 200 1691 "www.google.com" "Mozilla/5.0 (Windows NT 10.0; Win64; x64) AppleWebKit/537.36 (KHTML, like Gecko) Chrome/90.0.4430.85 Safari/537.36"
154.38.167.39 - - [14/Apr/2025:22:49:56 -0400] "GET /dp/B09B8YP8KY?ref=MarsFS_AUCC_cann HTTP/1.1" 404 1251 "https://llcbibleclub.com" "Mozilla/5.0 (Macintosh; Intel Mac OS X 12_5) AppleWebKit/537.36 (KHTML, like Gecko) Chrome/114.0.0.0 Safari/537.36 Edg/114.0.1264.71"
154.38.167.39 - - [14/Apr/2025:22:49:58 -0400] "GET /yourpets?ref_=nav_AccountFlyout_petprofiles HTTP/1.1" 404 1251 "https://llcbibleclub.com" "Mozilla/5.0 (Macintosh; Intel Mac OS X 12_5) AppleWebKit/537.36 (KHTML, like Gecko) Chrome/114.0.0.0 Safari/537.36 Edg/114.0.1264.71"
154.38.167.39 - - [14/Apr/2025:22:50:00 -0400] "GET /dp/B0C2RXN77R?ref=MarsFS_AUCC_es HTTP/1.1" 404 1251 "https://llcbibleclub.com" "Mozilla/5.0 (Macintosh; Intel Mac OS X 12_5) AppleWebKit/537.36 (KHTML, like Gecko) Chrome/114.0.0.0 Safari/537.36 Edg/114.0.1264.71"
154.38.167.39 - - [14/Apr/2025:22:50:04 -0400] "GET /auto-deliveries?ref_=nav_AccountFlyout_sns HTTP/1.1" 404 1251 "https://llcbibleclub.com" "Mozilla/5.0 (Macintosh; Intel Mac OS X 12_5) AppleWebKit/537.36 (KHTML, like Gecko) Chrome/114.0.0.0 Safari/537.36 Edg/114.0.1264.71"
154.38.167.39 - - [14/Apr/2025:22:50:07 -0400] "GET /dp/B085G63QHT?ref=MarsFS_AUCC_lr HTTP/1.1" 404 1251 "https://llcbibleclub.com" "Mozilla/5.0 (Macintosh; Intel Mac OS X 12_5) AppleWebKit/537.36 (KHTML, like Gecko) Chrome/114.0.0.0 Safari/537.36 Edg/114.0.1264.71"
154.38.167.39 - - [14/Apr/2025:22:50:08 -0400] "GET /hz5/yourmembershipsandsubscriptions?ref_=nav_AccountFlyout_digital_subscriptions HTTP/1.1" 404 1251 "https://llcbibleclub.com" "Mozilla/5.0 (Macintosh; Intel Mac OS X 12_5) AppleWebKit/537.36 (KHTML, like Gecko) Chrome/114.0.0.0 Safari/537.36 Edg/114.0.1264.71"
154.38.167.39 - - [14/Apr/2025:22:50:09 -0400] "GET /dp/B07NQ7HNHY?ref=MarsFS_AUCC_oe HTTP/1.1" 404 1251 "https://llcbibleclub.com" "Mozilla/5.0 (Macintosh; Intel Mac OS X 12_5) AppleWebKit/537.36 (KHTML, like Gecko) Chrome/114.0.0.0 Safari/537.36 Edg/114.0.1264.71"
154.38.167.39 - - [14/Apr/2025:22:50:11 -0400] "GET /gp/subs/primeclub/account/homepage.html?ref_=nav_youraccount_prime HTTP/1.1" 404 1251 "https://llcbibleclub.com" "Mozilla/5.0 (Macintosh; Intel Mac OS X 12_5) AppleWebKit/537.36 (KHTML, like Gecko) Chrome/114.0.0.0 Safari/537.36 Edg/114.0.1264.71"
154.38.167.39 - - [14/Apr/2025:22:50:14 -0400] "GET /dp/B09B2RL8CG?ref=MarsFS_AUCC_hyp HTTP/1.1" 404 1251 "https://llcbibleclub.com" "Mozilla/5.0 (Macintosh; Intel Mac OS X 12_5) AppleWebKit/537.36 (KHTML, like Gecko) Chrome/114.0.0.0 Safari/537.36 Edg/114.0.1264.71"
154.38.167.39 - - [14/Apr/2025:22:50:15 -0400] "GET /gp/yourstore?ref_=nav_AccountFlyout_recs HTTP/1.1" 404 1251 "https://llcbibleclub.com" "Mozilla/5.0 (Macintosh; Intel Mac OS X 12_5) AppleWebKit/537.36 (KHTML, like Gecko) Chrome/114.0.0.0 Safari/537.36 Edg/114.0.1264.71"
154.38.167.39 - - [14/Apr/2025:22:50:16 -0400] "GET /dp/B0BLS3H65Z?ref=MarsFS_AUCC_ath HTTP/1.1" 404 1251 "https://llcbibleclub.com" "Mozilla/5.0 (Macintosh; Intel Mac OS X 12_5) AppleWebKit/537.36 (KHTML, like Gecko) Chrome/114.0.0.0 Safari/537.36 Edg/114.0.1264.71"
154.38.167.39 - - [14/Apr/2025:22:50:18 -0400] "GET /gp/css/order-history?ref_=nav_AccountFlyout_orders HTTP/1.1" 404 1251 "https://llcbibleclub.com" "Mozilla/5.0 (Macintosh; Intel Mac OS X 12_5) AppleWebKit/537.36 (KHTML, like Gecko) Chrome/114.0.0.0 Safari/537.36 Edg/114.0.1264.71"
154.38.167.39 - - [14/Apr/2025:22:50:20 -0400] "GET /dp/B0BCR4YW51?ref=MarsFS_AUCC_eh HTTP/1.1" 404 1251 "https://llcbibleclub.com" "Mozilla/5.0 (Macintosh; Intel Mac OS X 12_5) AppleWebKit/537.36 (KHTML, like Gecko) Chrome/114.0.0.0 Safari/537.36 Edg/114.0.1264.71"
154.38.167.39 - - [14/Apr/2025:22:50:21 -0400] "GET /gp/css/homepage.html?ref_=nav_AccountFlyout_ya HTTP/1.1" 404 1251 "https://llcbibleclub.com" "Mozilla/5.0 (Macintosh; Intel Mac OS X 12_5) AppleWebKit/537.36 (KHTML, like Gecko) Chrome/114.0.0.0 Safari/537.36 Edg/114.0.1264.71"
154.38.167.39 - - [14/Apr/2025:22:50:24 -0400] "GET /dp/B084NTF5ZY?ref=MarsFS_AUCC_ta HTTP/1.1" 404 1251 "https://llcbibleclub.com" "Mozilla/5.0 (Macintosh; Intel Mac OS X 12_5) AppleWebKit/537.36 (KHTML, like Gecko) Chrome/114.0.0.0 Safari/537.36 Edg/114.0.1264.71"
154.38.167.39 - - [14/Apr/2025:22:50:26 -0400] "GET /baby-reg?ref_=nav_ListFlyout_gno_bw HTTP/1.1" 404 1251 "https://llcbibleclub.com" "Mozilla/5.0 (Macintosh; Intel Mac OS X 12_5) AppleWebKit/537.36 (KHTML, like Gecko) Chrome/114.0.0.0 Safari/537.36 Edg/114.0.1264.71"
154.38.167.39 - - [14/Apr/2025:22:50:27 -0400] "GET /dp/B08MQNGX3W?ref=MarsFS_AUCC_B08MQNGX3W HTTP/1.1" 404 1251 "https://llcbibleclub.com" "Mozilla/5.0 (Macintosh; Intel Mac OS X 12_5) AppleWebKit/537.36 (KHTML, like Gecko) Chrome/114.0.0.0 Safari/537.36 Edg/114.0.1264.71"
154.38.167.39 - - [14/Apr/2025:22:50:29 -0400] "GET /hz/wishlist/ls?triggerElementID=createList&ref_=nav_ListFlyout_navFlyout_createList_lv_redirect HTTP/1.1" 404 1251 "https://llcbibleclub.com" "Mozilla/5.0 (Macintosh; Intel Mac OS X 12_5) AppleWebKit/537.36 (KHTML, like Gecko) Chrome/114.0.0.0 Safari/537.36 Edg/114.0.1264.71"
154.38.167.39 - - [14/Apr/2025:22:50:30 -0400] "GET /dp/B09Y1GZR7T?ref=MarsFS_AUCC_gw HTTP/1.1" 404 1251 "https://llcbibleclub.com" "Mozilla/5.0 (Macintosh; Intel Mac OS X 12_5) AppleWebKit/537.36 (KHTML, like Gecko) Chrome/114.0.0.0 Safari/537.36 Edg/114.0.1264.71"
154.38.167.39 - - [14/Apr/2025:22:50:31 -0400] "GET /hz/reviews-render/report-review?ie=UTF8&ref=cm_cr_dp_d_report&csrfT=hI7SZljMN8bG2ire57mKHlD4fY6c8uVTvZXytn4fYPolAAAAAGcq7rEAAAAB&reviewId=R1PEI6HEVK2UIC HTTP/1.1" 404 1251 "https://llcbibleclub.com" "Mozilla/5.0 (Macintosh; Intel Mac OS X 12_5) AppleWebKit/537.36 (KHTML, like Gecko) Chrome/114.0.0.0 Safari/537.36 Edg/114.0.1264.71"
154.38.167.39 - - [14/Apr/2025:22:50:34 -0400] "GET /dp/B0CQMZ24LR?ref=MarsFS_SMP_B0CQMZ24LR HTTP/1.1" 404 1251 "https://llcbibleclub.com" "Mozilla/5.0 (Macintosh; Intel Mac OS X 12_5) AppleWebKit/537.36 (KHTML, like Gecko) Chrome/114.0.0.0 Safari/537.36 Edg/114.0.1264.71"
154.38.167.39 - - [14/Apr/2025:22:50:35 -0400] "GET /gp/customer-reviews/R1PEI6HEVK2UIC/ref=cm_cr_dp_d_rvw_ttl?ie=UTF8&ASIN=B0DG4WZZPV HTTP/1.1" 404 1251 "https://llcbibleclub.com" "Mozilla/5.0 (Macintosh; Intel Mac OS X 12_5) AppleWebKit/537.36 (KHTML, like Gecko) Chrome/114.0.0.0 Safari/537.36 Edg/114.0.1264.71"
154.38.167.39 - - [14/Apr/2025:22:50:36 -0400] "GET /dp/B0CJKV1J9N?ref=MarsFS_SMP_B0CJKV1J9N HTTP/1.1" 404 1251 "https://llcbibleclub.com" "Mozilla/5.0 (Macintosh; Intel Mac OS X 12_5) AppleWebKit/537.36 (KHTML, like Gecko) Chrome/114.0.0.0 Safari/537.36 Edg/114.0.1264.71"
154.38.167.39 - - [14/Apr/2025:22:50:38 -0400] "GET /gp/profile/amzn1.account.AEI6M6PK7YTYMMDYHFCY44VLPMYQ/ref=cm_cr_dp_d_gw_tr?ie=UTF8 HTTP/1.1" 404 1251 "https://llcbibleclub.com" "Mozilla/5.0 (Macintosh; Intel Mac OS X 12_5) AppleWebKit/537.36 (KHTML, like Gecko) Chrome/114.0.0.0 Safari/537.36 Edg/114.0.1264.71"
154.38.167.39 - - [14/Apr/2025:22:50:41 -0400] "GET /dp/B0BTG4S29L?ref=MarsFS_SMP_B0BTG4S29L HTTP/1.1" 404 1251 "https://llcbibleclub.com" "Mozilla/5.0 (Macintosh; Intel Mac OS X 12_5) AppleWebKit/537.36 (KHTML, like Gecko) Chrome/114.0.0.0 Safari/537.36 Edg/114.0.1264.71"
154.38.167.39 - - [14/Apr/2025:22:50:43 -0400] "GET /hz/reviews-render/report-review?ie=UTF8&ref=cm_cr_dp_d_report&csrfT=hLqtVQgYy%2FI9YDyopdvMpjMSL3z2hjymwxiOhxxJtXHrAAAAAGcq7rEAAAAB&reviewId=RSOLMCOFAZGYC HTTP/1.1" 404 1251 "https://llcbibleclub.com" "Mozilla/5.0 (Macintosh; Intel Mac OS X 12_5) AppleWebKit/537.36 (KHTML, like Gecko) Chrome/114.0.0.0 Safari/537.36 Edg/114.0.1264.71"
154.38.167.39 - - [14/Apr/2025:22:50:46 -0400] "GET /dp/B09TDTJKF1?ref=MarsFS_SMP_B09TDTJKF1 HTTP/1.1" 404 1251 "https://llcbibleclub.com" "Mozilla/5.0 (Macintosh; Intel Mac OS X 12_5) AppleWebKit/537.36 (KHTML, like Gecko) Chrome/114.0.0.0 Safari/537.36 Edg/114.0.1264.71"
154.38.167.39 - - [14/Apr/2025:22:50:48 -0400] "GET /gp/customer-reviews/RSOLMCOFAZGYC/ref=cm_cr_dp_d_rvw_ttl?ie=UTF8&ASIN=B0DG4WZZPV HTTP/1.1" 404 1251 "https://llcbibleclub.com" "Mozilla/5.0 (Macintosh; Intel Mac OS X 12_5) AppleWebKit/537.36 (KHTML, like Gecko) Chrome/114.0.0.0 Safari/537.36 Edg/114.0.1264.71"
154.38.167.39 - - [14/Apr/2025:22:50:50 -0400] "GET /dp/B0CP31QS6R?ref=MarsFS_KINDLE_rs HTTP/1.1" 404 1251 "https://llcbibleclub.com" "Mozilla/5.0 (Macintosh; Intel Mac OS X 12_5) AppleWebKit/537.36 (KHTML, like Gecko) Chrome/114.0.0.0 Safari/537.36 Edg/114.0.1264.71"
154.38.167.39 - - [14/Apr/2025:22:50:52 -0400] "GET /gp/profile/amzn1.account.AF5FRYZXCS7TKUJBS42LJ5SIYFCQ/ref=cm_cr_dp_d_gw_tr?ie=UTF8 HTTP/1.1" 404 1251 "https://llcbibleclub.com" "Mozilla/5.0 (Macintosh; Intel Mac OS X 12_5) AppleWebKit/537.36 (KHTML, like Gecko) Chrome/114.0.0.0 Safari/537.36 Edg/114.0.1264.71"
154.38.167.39 - - [14/Apr/2025:22:50:56 -0400] "GET /dp/B0CFPL6CFY?ref=MarsFS_KINDLE_B0CFPL6CFY HTTP/1.1" 404 1251 "https://llcbibleclub.com" "Mozilla/5.0 (Macintosh; Intel Mac OS X 12_5) AppleWebKit/537.36 (KHTML, like Gecko) Chrome/114.0.0.0 Safari/537.36 Edg/114.0.1264.71"
154.38.167.39 - - [14/Apr/2025:22:50:58 -0400] "GET / HTTP/1.1" 200 156096 "https://llcbibleclub.com" "Mozilla/5.0 (Macintosh; Intel Mac OS X 12_5) AppleWebKit/537.36 (KHTML, like Gecko) Chrome/114.0.0.0 Safari/537.36 Edg/114.0.1264.71"
154.38.167.39 - - [14/Apr/2025:22:51:03 -0400] "GET /dp/B0CFPHSTDD?ref=MarsFS_KINDLE_sgse HTTP/1.1" 404 1251 "https://llcbibleclub.com" "Mozilla/5.0 (Macintosh; Intel Mac OS X 12_5) AppleWebKit/537.36 (KHTML, like Gecko) Chrome/114.0.0.0 Safari/537.36 Edg/114.0.1264.71"
154.38.167.39 - - [14/Apr/2025:22:51:05 -0400] "GET /gp/customer-reviews/R2DVCU4L2UJJBX/ref=cm_cr_dp_d_rvw_ttl?ie=UTF8&ASIN=B0DG4WZZPV HTTP/1.1" 404 1251 "https://llcbibleclub.com" "Mozilla/5.0 (Macintosh; Intel Mac OS X 12_5) AppleWebKit/537.36 (KHTML, like Gecko) Chrome/114.0.0.0 Safari/537.36 Edg/114.0.1264.71"
154.38.167.39 - - [14/Apr/2025:22:51:06 -0400] "GET /dp/B0CZB5RHWX?ref=MarsFS_KINDLE_pc HTTP/1.1" 404 1251 "https://llcbibleclub.com" "Mozilla/5.0 (Macintosh; Intel Mac OS X 12_5) AppleWebKit/537.36 (KHTML, like Gecko) Chrome/114.0.0.0 Safari/537.36 Edg/114.0.1264.71"
154.38.167.39 - - [14/Apr/2025:22:51:08 -0400] "GET /gp/profile/amzn1.account.AFXQP46YJ2XUKR4MYZFNG3H2CXBQ/ref=cm_cr_dp_d_gw_tr?ie=UTF8 HTTP/1.1" 404 1251 "https://llcbibleclub.com" "Mozilla/5.0 (Macintosh; Intel Mac OS X 12_5) AppleWebKit/537.36 (KHTML, like Gecko) Chrome/114.0.0.0 Safari/537.36 Edg/114.0.1264.71"
154.38.167.39 - - [14/Apr/2025:22:51:09 -0400] "GET /dp/B09BS5XWNS?ref=MarsFS_KINDLE_br HTTP/1.1" 404 1251 "https://llcbibleclub.com" "Mozilla/5.0 (Macintosh; Intel Mac OS X 12_5) AppleWebKit/537.36 (KHTML, like Gecko) Chrome/114.0.0.0 Safari/537.36 Edg/114.0.1264.71"
154.38.167.39 - - [14/Apr/2025:22:51:11 -0400] "GET / HTTP/1.1" 200 156096 "https://llcbibleclub.com" "Mozilla/5.0 (Macintosh; Intel Mac OS X 12_5) AppleWebKit/537.36 (KHTML, like Gecko) Chrome/114.0.0.0 Safari/537.36 Edg/114.0.1264.71"
154.38.167.39 - - [14/Apr/2025:22:51:17 -0400] "GET /dp/B091D9R5XX?ref=MarsFS_VICC_rvdwired HTTP/1.1" 404 1251 "https://llcbibleclub.com" "Mozilla/5.0 (Macintosh; Intel Mac OS X 12_5) AppleWebKit/537.36 (KHTML, like Gecko) Chrome/114.0.0.0 Safari/537.36 Edg/114.0.1264.71"
154.38.167.39 - - [14/Apr/2025:22:51:19 -0400] "GET /review/create-review/ref=cm_cr_dp_d_wr_but_top?ie=UTF8&channel=glance-detail&asin=B0DG4WZZPV HTTP/1.1" 404 1251 "https://llcbibleclub.com" "Mozilla/5.0 (Macintosh; Intel Mac OS X 12_5) AppleWebKit/537.36 (KHTML, like Gecko) Chrome/114.0.0.0 Safari/537.36 Edg/114.0.1264.71"
154.38.167.39 - - [14/Apr/2025:22:51:20 -0400] "GET /dp/B0BZWRSRWV?ref=MarsFS_VICC_rvd HTTP/1.1" 404 1251 "https://llcbibleclub.com" "Mozilla/5.0 (Macintosh; Intel Mac OS X 12_5) AppleWebKit/537.36 (KHTML, like Gecko) Chrome/114.0.0.0 Safari/537.36 Edg/114.0.1264.71"
154.38.167.39 - - [14/Apr/2025:22:51:21 -0400] "GET /product-reviews/B0DG4WZZPV/ref=acr_dp_hist_1?ie=UTF8&filterByStar=one_star&reviewerType=all_reviews HTTP/1.1" 404 1251 "https://llcbibleclub.com" "Mozilla/5.0 (Macintosh; Intel Mac OS X 12_5) AppleWebKit/537.36 (KHTML, like Gecko) Chrome/114.0.0.0 Safari/537.36 Edg/114.0.1264.71"
154.38.167.39 - - [14/Apr/2025:22:51:22 -0400] "GET /dp/B09WZBPX7K?ref=MarsFS_VICC_rvdw HTTP/1.1" 404 1251 "https://llcbibleclub.com" "Mozilla/5.0 (Macintosh; Intel Mac OS X 12_5) AppleWebKit/537.36 (KHTML, like Gecko) Chrome/114.0.0.0 Safari/537.36 Edg/114.0.1264.71"
154.38.167.39 - - [14/Apr/2025:22:51:24 -0400] "GET /product-reviews/B0DG4WZZPV/ref=acr_dp_hist_2?ie=UTF8&filterByStar=two_star&reviewerType=all_reviews HTTP/1.1" 404 1251 "https://llcbibleclub.com" "Mozilla/5.0 (Macintosh; Intel Mac OS X 12_5) AppleWebKit/537.36 (KHTML, like Gecko) Chrome/114.0.0.0 Safari/537.36 Edg/114.0.1264.71"
154.38.167.39 - - [14/Apr/2025:22:51:25 -0400] "GET /dp/B0B2BY4ZG7?ref=MarsFS_VICC_rvdw HTTP/1.1" 404 1251 "https://llcbibleclub.com" "Mozilla/5.0 (Macintosh; Intel Mac OS X 12_5) AppleWebKit/537.36 (KHTML, like Gecko) Chrome/114.0.0.0 Safari/537.36 Edg/114.0.1264.71"
154.38.167.39 - - [14/Apr/2025:22:51:26 -0400] "GET /product-reviews/B0DG4WZZPV/ref=acr_dp_hist_3?ie=UTF8&filterByStar=three_star&reviewerType=all_reviews HTTP/1.1" 404 1251 "https://llcbibleclub.com" "Mozilla/5.0 (Macintosh; Intel Mac OS X 12_5) AppleWebKit/537.36 (KHTML, like Gecko) Chrome/114.0.0.0 Safari/537.36 Edg/114.0.1264.71"
154.38.167.39 - - [14/Apr/2025:22:51:27 -0400] "GET /dp/B0D484S271?ref=MarsFS_VICC_blinkhk HTTP/1.1" 404 1251 "https://llcbibleclub.com" "Mozilla/5.0 (Macintosh; Intel Mac OS X 12_5) AppleWebKit/537.36 (KHTML, like Gecko) Chrome/114.0.0.0 Safari/537.36 Edg/114.0.1264.71"
154.38.167.39 - - [14/Apr/2025:22:51:29 -0400] "GET /product-reviews/B0DG4WZZPV/ref=acr_dp_hist_4?ie=UTF8&filterByStar=four_star&reviewerType=all_reviews HTTP/1.1" 404 1251 "https://llcbibleclub.com" "Mozilla/5.0 (Macintosh; Intel Mac OS X 12_5) AppleWebKit/537.36 (KHTML, like Gecko) Chrome/114.0.0.0 Safari/537.36 Edg/114.0.1264.71"
154.38.167.39 - - [14/Apr/2025:22:51:30 -0400] "GET /dp/B0B6GK4VTC?ref=MarsFS_VICC_RINGINDC HTTP/1.1" 404 1251 "https://llcbibleclub.com" "Mozilla/5.0 (Macintosh; Intel Mac OS X 12_5) AppleWebKit/537.36 (KHTML, like Gecko) Chrome/114.0.0.0 Safari/537.36 Edg/114.0.1264.71"
154.38.167.39 - - [14/Apr/2025:22:51:32 -0400] "GET /product-reviews/B0DG4WZZPV/ref=acr_dp_hist_5?ie=UTF8&filterByStar=five_star&reviewerType=all_reviews HTTP/1.1" 404 1251 "https://llcbibleclub.com" "Mozilla/5.0 (Macintosh; Intel Mac OS X 12_5) AppleWebKit/537.36 (KHTML, like Gecko) Chrome/114.0.0.0 Safari/537.36 Edg/114.0.1264.71"
154.38.167.39 - - [14/Apr/2025:22:51:35 -0400] "GET /dp/B0CG2TPLJV?ref=MarsFS_VICC_PNTC HTTP/1.1" 404 1251 "https://llcbibleclub.com" "Mozilla/5.0 (Macintosh; Intel Mac OS X 12_5) AppleWebKit/537.36 (KHTML, like Gecko) Chrome/114.0.0.0 Safari/537.36 Edg/114.0.1264.71"
