66.249.64.160 - - [16/Apr/2025:04:37:57 -0400] "GET /sample-page/ HTTP/1.1" 404 1251 "-" "Mozilla/5.0 (compatible; Googlebot/2.1; +http://www.google.com/bot.html)"
195.2.67.184 - - [16/Apr/2025:04:42:33 -0400] "GET /best-cbd-oil-products-uk/ HTTP/1.1" 404 1251 "https://llcbibleclub.com/best-cbd-oil-products-uk/#comment-5924/" "Mozilla/5.0 (Windows NT 10.0; Win64; x64) AppleWebKit/537.36 (KHTML, like Gecko) Chrome/131.0.0.0 Safari/537.36"
195.2.67.184 - - [16/Apr/2025:04:42:33 -0400] "GET /best-cbd-oil-products-uk/ HTTP/1.1" 404 1251 "https://llcbibleclub.com/best-cbd-oil-products-uk/#comment-5924/" "Mozilla/5.0 (Windows NT 10.0; Win64; x64) AppleWebKit/537.36 (KHTML, like Gecko) Chrome/131.0.0.0 Safari/537.36 Avast/131.0.0.0"
195.2.67.184 - - [16/Apr/2025:04:42:33 -0400] "GET /best-cbd-oil-products-uk/ HTTP/1.1" 404 1251 "https://llcbibleclub.com/best-cbd-oil-products-uk/#comment-5924/" "Mozilla/5.0 (Windows NT 10.0; Win64; x64) AppleWebKit/537.36 (KHTML, like Gecko) Chrome/131.0.0.0 Safari/537.36"
195.2.67.184 - - [16/Apr/2025:04:42:33 -0400] "GET /best-cbd-oil-products-uk/ HTTP/1.1" 404 1251 "https://llcbibleclub.com/best-cbd-oil-products-uk/#comment-5924/" "Mozilla/5.0 (Windows NT 10.0; Win64; x64) AppleWebKit/537.36 (KHTML, like Gecko) Chrome/129.0.0.0 Safari/537.36"
195.2.67.184 - - [16/Apr/2025:04:42:35 -0400] "GET / HTTP/1.1" 200 156096 "https://llcbibleclub.com/" "Mozilla/5.0 (Windows NT 10.0; Win64; x64) AppleWebKit/537.36 (KHTML, like Gecko) Chrome/131.0.0.0 Safari/537.36"
195.2.67.184 - - [16/Apr/2025:04:42:35 -0400] "GET / HTTP/1.1" 200 156096 "https://llcbibleclub.com/" "Mozilla/5.0 (Windows NT 10.0; Win64; x64) AppleWebKit/537.36 (KHTML, like Gecko) Chrome/131.0.0.0 Safari/537.36"
195.2.67.184 - - [16/Apr/2025:04:42:35 -0400] "GET / HTTP/1.1" 200 156096 "https://llcbibleclub.com/" "Mozilla/5.0 (Windows NT 10.0; Win64; x64) AppleWebKit/537.36 (KHTML, like Gecko) Chrome/131.0.0.0 Safari/537.36 Avast/131.0.0.0"
195.2.67.184 - - [16/Apr/2025:04:42:35 -0400] "GET / HTTP/1.1" 200 156096 "https://llcbibleclub.com/" "Mozilla/5.0 (Windows NT 10.0; Win64; x64) AppleWebKit/537.36 (KHTML, like Gecko) Chrome/129.0.0.0 Safari/537.36"
66.249.64.160 - - [16/Apr/2025:04:42:52 -0400] "GET /le-charme-intemporel-de-peluche-stitch/ HTTP/1.1" 404 1251 "-" "Mozilla/5.0 (Linux; Android 6.0.1; Nexus 5X Build/MMB29P) AppleWebKit/537.36 (KHTML, like Gecko) Chrome/135.0.7049.84 Mobile Safari/537.36 (compatible; Googlebot/2.1; +http://www.google.com/bot.html)"
124.156.110.185 - - [16/Apr/2025:04:44:56 -0400] "GET /explosion-proof-flanged-ball-valves/ HTTP/1.1" 404 1251 "-" "Python/3.10 aiohttp/3.10.5"
66.249.64.162 - - [16/Apr/2025:04:46:19 -0400] "GET /dp/B0CJKV1J9N?ref=MarsFS_SMP_B0CJKV1J9N HTTP/1.1" 404 1251 "-" "Mozilla/5.0 (Linux; Android 6.0.1; Nexus 5X Build/MMB29P) AppleWebKit/537.36 (KHTML, like Gecko) Chrome/135.0.7049.84 Mobile Safari/537.36 (compatible; Googlebot/2.1; +http://www.google.com/bot.html)"
136.243.228.194 - - [16/Apr/2025:04:46:41 -0400] "GET /was-macht-ein-steuerberater/ HTTP/1.1" 404 1251 "-" "Mozilla/5.0 (compatible; DataForSeoBot/1.0; +https://dataforseo.com/dataforseo-bot)"
124.243.188.211 - - [16/Apr/2025:04:48:41 -0400] "GET /urgence-dentaire-geneve/ HTTP/1.1" 404 1251 "https://llcbibleclub.com/urgence-dentaire-geneve/" "Mozilla/5.0 (Macintosh; Intel Mac OS X 10_15_7) AppleWebKit/537.36 (KHTML, like Gecko) Chrome/119.0.0.0 Safari/537.36"
129.226.71.177 - - [16/Apr/2025:04:50:57 -0400] "GET /family-divorce-lawyers/ HTTP/1.1" 404 1251 "-" "Python/3.10 aiohttp/3.10.5"
157.173.193.62 - - [16/Apr/2025:04:51:17 -0400] "GET /miles-morales-spider-man-mask/feed/ HTTP/1.1" 404 1251 "-" "Mozilla/5.0 (compatible; MJ12bot/v1.4.8; http://mj12bot.com/)"
157.173.193.62 - - [16/Apr/2025:04:51:21 -0400] "GET /misophonie-erklart/feed/ HTTP/1.1" 404 1251 "-" "Mozilla/5.0 (compatible; MJ12bot/v1.4.8; http://mj12bot.com/)"
157.173.193.62 - - [16/Apr/2025:04:51:28 -0400] "GET /mit-homeadvisor-ist-es-ganz-einfach-einen-dachdecker-in-hamburg-zu-finden/feed/ HTTP/1.1" 404 1251 "-" "Mozilla/5.0 (compatible; MJ12bot/v1.4.8; http://mj12bot.com/)"
157.173.193.62 - - [16/Apr/2025:04:51:33 -0400] "GET /mma-sparring-gloves/feed/ HTTP/1.1" 404 1251 "-" "Mozilla/5.0 (compatible; MJ12bot/v1.4.8; http://mj12bot.com/)"
157.173.193.62 - - [16/Apr/2025:04:51:38 -0400] "GET /modern-interior-doors/feed/ HTTP/1.1" 404 1251 "-" "Mozilla/5.0 (compatible; MJ12bot/v1.4.8; http://mj12bot.com/)"
157.173.193.62 - - [16/Apr/2025:04:51:42 -0400] "GET /mould-remediation-why-you-need-an-indoor-air-quality-specialist/feed/ HTTP/1.1" 404 1251 "-" "Mozilla/5.0 (compatible; MJ12bot/v1.4.8; http://mj12bot.com/)"
157.173.193.62 - - [16/Apr/2025:04:51:47 -0400] "GET /moviesverse/feed/ HTTP/1.1" 404 1251 "-" "Mozilla/5.0 (compatible; MJ12bot/v1.4.8; http://mj12bot.com/)"
157.173.193.62 - - [16/Apr/2025:04:51:51 -0400] "GET /navigating-conflict-with-men/feed/ HTTP/1.1" 404 1251 "-" "Mozilla/5.0 (compatible; MJ12bot/v1.4.8; http://mj12bot.com/)"
157.173.193.62 - - [16/Apr/2025:04:51:56 -0400] "GET /navigating-the-current-landscape-of-ai-gpu-pricing-and-availability/feed/ HTTP/1.1" 404 1251 "-" "Mozilla/5.0 (compatible; MJ12bot/v1.4.8; http://mj12bot.com/)"
157.173.193.62 - - [16/Apr/2025:04:52:01 -0400] "GET /navigating-the-digital-dice-exploring-the-world-of-online-casinos/feed/ HTTP/1.1" 404 1251 "-" "Mozilla/5.0 (compatible; MJ12bot/v1.4.8; http://mj12bot.com/)"
52.167.144.218 - - [16/Apr/2025:04:52:01 -0400] "GET /cheapest-smm-panel/ HTTP/1.1" 404 1251 "-" "Mozilla/5.0 AppleWebKit/537.36 (KHTML, like Gecko; compatible; bingbot/2.0; +http://www.bing.com/bingbot.htm) Chrome/116.0.1938.76 Safari/537.36"
157.173.193.62 - - [16/Apr/2025:04:52:06 -0400] "GET /navigating-the-fda-otc-registration-process/feed/ HTTP/1.1" 404 1251 "-" "Mozilla/5.0 (compatible; MJ12bot/v1.4.8; http://mj12bot.com/)"
52.167.144.169 - - [16/Apr/2025:04:52:07 -0400] "GET /restaurants-for-rent-in-qatar/ HTTP/1.1" 404 1251 "-" "Mozilla/5.0 AppleWebKit/537.36 (KHTML, like Gecko; compatible; bingbot/2.0; +http://www.bing.com/bingbot.htm) Chrome/116.0.1938.76 Safari/537.36"
157.173.193.62 - - [16/Apr/2025:04:52:10 -0400] "GET /navigating-the-quest-for-nearby-ac-supply-a-comprehensive-guide/feed/ HTTP/1.1" 404 1251 "-" "Mozilla/5.0 (compatible; MJ12bot/v1.4.8; http://mj12bot.com/)"
157.173.193.62 - - [16/Apr/2025:04:52:13 -0400] "GET /navigating-the-social-media-landscape-the-risks-and-rewards-of-buying-tiktok-views-and-followers/feed/ HTTP/1.1" 404 1251 "-" "Mozilla/5.0 (compatible; MJ12bot/v1.4.8; http://mj12bot.com/)"
157.173.193.62 - - [16/Apr/2025:04:52:17 -0400] "GET /neurose-was-ist-das/feed/ HTTP/1.1" 404 1251 "-" "Mozilla/5.0 (compatible; MJ12bot/v1.4.8; http://mj12bot.com/)"
157.173.193.62 - - [16/Apr/2025:04:52:20 -0400] "GET /new-tembusu-grand-condo-in-katong/feed/ HTTP/1.1" 404 1251 "-" "Mozilla/5.0 (compatible; MJ12bot/v1.4.8; http://mj12bot.com/)"
157.173.193.62 - - [16/Apr/2025:04:52:25 -0400] "GET /newport-residences-a-rare-freehold-residence-in-the-heart-of-the-city/feed/ HTTP/1.1" 404 1251 "-" "Mozilla/5.0 (compatible; MJ12bot/v1.4.8; http://mj12bot.com/)"
157.173.193.62 - - [16/Apr/2025:04:52:29 -0400] "GET /nusa-penida-where-adventure-meets-tranquility/feed/ HTTP/1.1" 404 1251 "-" "Mozilla/5.0 (compatible; MJ12bot/v1.4.8; http://mj12bot.com/)"
157.173.193.62 - - [16/Apr/2025:04:52:33 -0400] "GET /omnivoid-how-ai-is-filling-the-gap/ HTTP/1.1" 404 1251 "-" "Mozilla/5.0 (compatible; MJ12bot/v1.4.8; http://mj12bot.com/)"
157.173.193.62 - - [16/Apr/2025:04:52:37 -0400] "GET /omnivoid-how-ai-is-filling-the-gap/feed/ HTTP/1.1" 404 1251 "-" "Mozilla/5.0 (compatible; MJ12bot/v1.4.8; http://mj12bot.com/)"
157.173.193.62 - - [16/Apr/2025:04:52:39 -0400] "GET /online-gambling/feed/ HTTP/1.1" 404 1251 "-" "Mozilla/5.0 (compatible; MJ12bot/v1.4.8; http://mj12bot.com/)"
52.167.144.218 - - [16/Apr/2025:04:52:40 -0400] "GET /how-to-delete-fanduel-account/ HTTP/1.1" 404 1251 "-" "Mozilla/5.0 AppleWebKit/537.36 (KHTML, like Gecko; compatible; bingbot/2.0; +http://www.bing.com/bingbot.htm) Chrome/116.0.1938.76 Safari/537.36"
157.173.193.62 - - [16/Apr/2025:04:52:43 -0400] "GET /opening-an-online-clothing-store/ HTTP/1.1" 404 1251 "-" "Mozilla/5.0 (compatible; MJ12bot/v1.4.8; http://mj12bot.com/)"
157.173.193.62 - - [16/Apr/2025:04:52:46 -0400] "GET /opening-an-online-clothing-store/feed/ HTTP/1.1" 404 1251 "-" "Mozilla/5.0 (compatible; MJ12bot/v1.4.8; http://mj12bot.com/)"
157.173.193.62 - - [16/Apr/2025:04:52:49 -0400] "GET /optimal-health-through-physiotherapy-in-auckland/feed/ HTTP/1.1" 404 1251 "-" "Mozilla/5.0 (compatible; MJ12bot/v1.4.8; http://mj12bot.com/)"
157.173.193.62 - - [16/Apr/2025:04:52:51 -0400] "GET /oribe-hair-products/feed/ HTTP/1.1" 404 1251 "-" "Mozilla/5.0 (compatible; MJ12bot/v1.4.8; http://mj12bot.com/)"
157.173.193.62 - - [16/Apr/2025:04:52:53 -0400] "GET /origins-of-fire-protection-in-baltimore-maryland/feed/ HTTP/1.1" 404 1251 "-" "Mozilla/5.0 (compatible; MJ12bot/v1.4.8; http://mj12bot.com/)"
157.173.193.62 - - [16/Apr/2025:04:52:56 -0400] "GET /page/8/ HTTP/1.1" 404 1251 "-" "Mozilla/5.0 (compatible; MJ12bot/v1.4.8; http://mj12bot.com/)"
157.173.193.62 - - [16/Apr/2025:04:52:58 -0400] "GET /paradiso-sul-lago-di-garda-scopri-il-resort-dei-tuoi-sogni/feed/ HTTP/1.1" 404 1251 "-" "Mozilla/5.0 (compatible; MJ12bot/v1.4.8; http://mj12bot.com/)"
157.173.193.62 - - [16/Apr/2025:04:53:01 -0400] "GET /pastrengo-farmhouse/feed/ HTTP/1.1" 404 1251 "-" "Mozilla/5.0 (compatible; MJ12bot/v1.4.8; http://mj12bot.com/)"
119.28.176.145 - - [16/Apr/2025:04:53:53 -0400] "GET /football-odds/ HTTP/1.1" 404 1251 "-" "Python/3.10 aiohttp/3.10.5"
202.69.38.12 - - [16/Apr/2025:04:59:30 -0400] "GET /wp-login.php HTTP/1.1" 200 0 "-" "Mozilla/5.0 (X11; Linux x86_64; rv:121.0) Gecko/20100101 Firefox/121.0"
198.54.114.83 - - [16/Apr/2025:04:59:38 -0400] "POST /wp-cron.php?doing_wp_cron=1744793976.5267410278320312500000 HTTP/1.1" 200 0 "-" "WordPress/6.7.2; https://llcbibleclub.com"
52.167.144.55 - - [16/Apr/2025:05:01:17 -0400] "GET /robots.txt HTTP/1.1" 304 0 "-" "Mozilla/5.0 AppleWebKit/537.36 (KHTML, like Gecko; compatible; bingbot/2.0; +http://www.bing.com/bingbot.htm) Chrome/116.0.1938.76 Safari/537.36"
52.167.144.185 - - [16/Apr/2025:05:01:28 -0400] "GET /the-best-sarm-stacks-for-beginners/ HTTP/1.1" 404 1251 "-" "Mozilla/5.0 AppleWebKit/537.36 (KHTML, like Gecko; compatible; bingbot/2.0; +http://www.bing.com/bingbot.htm) Chrome/116.0.1938.76 Safari/537.36"
52.167.144.163 - - [16/Apr/2025:05:01:59 -0400] "GET /the-best-sarm-stacks-for-beginners/ HTTP/1.1" 404 1251 "-" "Mozilla/5.0 AppleWebKit/537.36 (KHTML, like Gecko; compatible; bingbot/2.0; +http://www.bing.com/bingbot.htm) Chrome/116.0.1938.76 Safari/537.36"
52.138.174.75 - - [16/Apr/2025:05:02:11 -0400] "GET //wp-admin/about.php HTTP/1.1" 302 0 "-" "-"
198.54.114.83 - - [16/Apr/2025:05:02:13 -0400] "POST /wp-admin/admin-ajax.php?action=async_litespeed&nonce=nmipo9rxAU8i6jpVIf8S94MUjeAAok9P&litespeed_type=imgoptm HTTP/1.1" 200 0 "-" "WordPress/6.7.2; https://llcbibleclub.com"
52.138.174.75 - - [16/Apr/2025:05:02:13 -0400] "GET /wp-login.php?redirect_to=https%3A%2F%2Fllcbibleclub.com%2F%2Fwp-admin%2Fabout.php&reauth=1 HTTP/1.1" 200 1695 "-" "-"
52.138.174.75 - - [16/Apr/2025:05:02:50 -0400] "GET //wp-admin/network/admin.php HTTP/1.1" 302 0 "-" "-"
52.138.174.75 - - [16/Apr/2025:05:02:51 -0400] "GET /wp-login.php?redirect_to=https%3A%2F%2Fllcbibleclub.com%2F%2Fwp-admin%2Fnetwork%2Fadmin.php&reauth=1 HTTP/1.1" 200 1697 "-" "-"
52.138.174.75 - - [16/Apr/2025:05:02:57 -0400] "GET //wp-admin/network/index.php HTTP/1.1" 302 0 "-" "-"
52.138.174.75 - - [16/Apr/2025:05:02:59 -0400] "GET /wp-login.php?redirect_to=https%3A%2F%2Fllcbibleclub.com%2F%2Fwp-admin%2Fnetwork%2Findex.php&reauth=1 HTTP/1.1" 200 1694 "-" "-"
124.156.119.193 - - [16/Apr/2025:05:04:52 -0400] "GET /rent-a-car-at-prishtina-airport-from-sixt/ HTTP/1.1" 404 1251 "-" "Python/3.10 aiohttp/3.10.5"
51.222.253.8 - - [16/Apr/2025:05:10:25 -0400] "GET / HTTP/1.1" 304 0 "-" "Mozilla/5.0 (compatible; AhrefsBot/7.0; +http://ahrefs.com/robot/)"
1.164.97.248 - - [16/Apr/2025:05:10:36 -0400] "GET /the-best-reusable-cold-cups-for-coffee-lovers/ HTTP/1.1" 404 1251 "https://llcbibleclub.com/the-best-reusable-cold-cups-for-coffee-lovers/" "Mozilla/5.0 (Windows NT 6.1; WOW64) AppleWebKit/537.36 (KHTML, like Gecko) Chrome/33.0.0150.785 Safari/537.36"
150.109.57.32 - - [16/Apr/2025:05:13:20 -0400] "GET /german-courses-in-london/ HTTP/1.1" 404 1251 "-" "Python/3.10 aiohttp/3.10.5"
111.225.149.174 - - [16/Apr/2025:05:17:58 -0400] "GET / HTTP/1.1" 200 156096 "-" "Mozilla/5.0 (Linux; Android 5.0) AppleWebKit/537.36 (KHTML, like Gecko) Mobile Safari/537.36 (compatible; Bytespider; https://zhanzhang.toutiao.com/)"
40.77.167.224 - - [16/Apr/2025:05:18:06 -0400] "GET /vita-glow-night-cream-review/ HTTP/1.1" 404 1251 "-" "Mozilla/5.0 AppleWebKit/537.36 (KHTML, like Gecko; compatible; bingbot/2.0; +http://www.bing.com/bingbot.htm) Chrome/116.0.1938.76 Safari/537.36"
85.208.98.24 - - [16/Apr/2025:05:18:10 -0400] "GET /ad-agencies-in-mumbai/ HTTP/1.1" 404 1251 "-" "Mozilla/5.0 (compatible; SemrushBot-BA; +http://www.semrush.com/bot.html)"
111.225.149.174 - - [16/Apr/2025:05:18:54 -0400] "GET /rd/uedata?ld&v=0.300369.0&id=90G9DFKSFRKCQZ4KHD88&sw=375&sh=812&vw=375&vh=812&m=1&sc=90G9DFKSFRKCQZ4KHD88&ue=4&bb=15388&ns=15448&x1=17709&cf=18013&be=18046&pc=53583&tc=-5109&na_=-5109&ul_=-1744795079451&_ul=-1744795079451&rd_=-1744795079451&_rd=-1744795079451&fe_=-5109&lk_=-5109&_lk=-5109&co_=-5059&_co=-4523&sc_=-4782&rq_=-4523&rs_=-175&_rs=1003&dl_=-168&di_=18096&de_=18096&_de=18151&_dc=53583&ld_=53583&_ld=-1744795079451&ntd=0&ty=0&rc=0&hob=2&hoe=5&ld=53584&t=1744795133035&ctb=1&rt=cf:35-0-30-4-3-0-0__ld:86-18-55-9-7-2-1&ec=11&ecf=6&csmtags=aui|aui:aui_build_date:3.24.9-2024-10-31|mutObsYes|aui:sw:page_proxy:no_ctrl|mutObsActive|aui:css:network|aui:js:network|DetailPageMetaAssetFixedNotCached|DetailPageEverywhereMetaAssetNotCached|DetailPagePriceTrackerAssetsNotCached|DetailPageProductSpecDepthAssetNotCached|DetailPagePQVAssetsNotCached|DetailPageTwisterPlusSubAssetsNotCached|AmazonDevicesDetailPageCriticalAssetsNotCached|DetailPagePostPurchaseAssetsNotCached|DetailPageTurboCheckoutDesktopAssetsNotCached|DetailPageNostosAssetsNotCached|auiNotCached|FWCIMEnabled|fls-fe-amazon-com-au|perfYes|adblk_no|color_name|configuration|defaultSelection|swatch|swatch:defaultSelection|sIMAGE|sIMAGE:defaultSelection|singleton|singleton:defaultSelection|family_size_bucket:0-3|family_size_bucket:0-3:defaultSelection|family_size_bucket:0-3:swatch|family_size_bucket:0-3:swatch:defaultSelection|family_size_bucket:0-3:sIMAGE|family_size_bucket:0-3:sIMAGE:defaultSelection|family_size_bucket:0-3:singleton|family_size_bucket:0-3:singleton:defaultSelection|variation_dimension:2|variation_dimension:2:defaultSelection|variation_dimension:2:swatch|variation_dimension:2:swatch:defaultSelection|variation_dimension:2:sIMAGE|variation_dimension:2:sIMAGE:defaultSelection|variation_dimension:2:singleton|variation_dimension:2:singleton:defaultSelection|variation_dimension:2:family_size_bucket:0-3|variation_dimension:2:family_size_bucket:0-3:defaultSelection|variation_dimension:2:family_size_bucket:0-3:swatch|variation_dimension:2:family_size_bucket:0-3:swatch:defaultSelection|variation_dimension:2:family_size_bucket:0-3:sIMAGE|variation_dimension:2:family_size_bucket:0-3:sIMAGE:defaultSelection|variation_dimension:2:family_size_bucket:0-3:singleton|variation_dimension:2:family_size_bucket:0-3:singleton:defaultSelection&viz=visible:4&pty=Detail&spty=Kindle_HW&pti=B0BF75VM4T&tid=90G9DFKSFRKCQZ4KHD88&aftb=1&lob=1 HTTP/1.1" 404 1251 "https://llcbibleclub.com/" "Mozilla/5.0 (Linux; Android 5.0) AppleWebKit/537.36 (KHTML, like Gecko) Mobile Safari/537.36 (compatible; Bytespider; https://zhanzhang.toutiao.com/)"
150.109.58.248 - - [16/Apr/2025:05:21:52 -0400] "GET /how-to-prepare-for-a-voice-over/ HTTP/1.1" 404 1251 "-" "Python/3.10 aiohttp/3.10.5"
43.134.216.64 - - [16/Apr/2025:05:26:46 -0400] "GET /choosing-a-dental-chair-for-your-practice/ HTTP/1.1" 404 1251 "-" "Python/3.10 aiohttp/3.10.5"
198.54.114.83 - - [16/Apr/2025:05:27:26 -0400] "POST /wp-admin/admin-ajax.php?action=async_litespeed&nonce=1XC0nBn1xmfu70Q56bjsLjLv8zmCyVxk&litespeed_type=imgoptm HTTP/1.1" 200 0 "-" "WordPress/6.7.2; https://llcbibleclub.com"
52.138.174.75 - - [16/Apr/2025:05:27:27 -0400] "GET /wp-admin/ HTTP/1.1" 302 0 "-" "-"
52.138.174.75 - - [16/Apr/2025:05:27:29 -0400] "GET /wp-login.php?redirect_to=https%3A%2F%2Fllcbibleclub.com%2Fwp-admin%2F&reauth=1 HTTP/1.1" 200 1692 "-" "-"
52.167.144.163 - - [16/Apr/2025:05:27:35 -0400] "GET /how-to-disable-ring-without-parents-knowing/ HTTP/1.1" 404 1251 "-" "Mozilla/5.0 AppleWebKit/537.36 (KHTML, like Gecko; compatible; bingbot/2.0; +http://www.bing.com/bingbot.htm) Chrome/116.0.1938.76 Safari/537.36"
52.167.144.203 - - [16/Apr/2025:05:27:40 -0400] "GET /was-ist-unternehmensaufbau/ HTTP/1.1" 404 1251 "-" "Mozilla/5.0 AppleWebKit/537.36 (KHTML, like Gecko; compatible; bingbot/2.0; +http://www.bing.com/bingbot.htm) Chrome/116.0.1938.76 Safari/537.36"
52.138.174.75 - - [16/Apr/2025:05:28:02 -0400] "GET /wp-admin/about.php HTTP/1.1" 302 0 "-" "-"
52.138.174.75 - - [16/Apr/2025:05:28:04 -0400] "GET /wp-login.php?redirect_to=https%3A%2F%2Fllcbibleclub.com%2Fwp-admin%2Fabout.php&reauth=1 HTTP/1.1" 200 1691 "-" "-"
52.138.174.75 - - [16/Apr/2025:05:28:10 -0400] "GET /wp-admin/admin.php HTTP/1.1" 302 0 "-" "-"
52.138.174.75 - - [16/Apr/2025:05:28:11 -0400] "GET /wp-login.php?redirect_to=https%3A%2F%2Fllcbibleclub.com%2Fwp-admin%2Fadmin.php&reauth=1 HTTP/1.1" 200 1688 "-" "-"
52.167.144.163 - - [16/Apr/2025:05:31:47 -0400] "GET /retinol-vs-retinoid/ HTTP/1.1" 404 1251 "-" "Mozilla/5.0 AppleWebKit/537.36 (KHTML, like Gecko; compatible; bingbot/2.0; +http://www.bing.com/bingbot.htm) Chrome/116.0.1938.76 Safari/537.36"
52.167.144.190 - - [16/Apr/2025:05:31:52 -0400] "GET /cinq-photographes-de-mariage-qui-feront-de-vos-murs-une-galerie-de-joie/ HTTP/1.1" 404 1251 "-" "Mozilla/5.0 AppleWebKit/537.36 (KHTML, like Gecko; compatible; bingbot/2.0; +http://www.bing.com/bingbot.htm) Chrome/116.0.1938.76 Safari/537.36"
52.138.174.75 - - [16/Apr/2025:05:32:37 -0400] "GET /wp-admin/index.php HTTP/1.1" 302 0 "-" "-"
198.54.114.83 - - [16/Apr/2025:05:32:37 -0400] "POST /wp-admin/admin-ajax.php?action=async_litespeed&nonce=CHXQ9XGEbnX92cqXCzEXguZ0uGP48R1z&litespeed_type=imgoptm HTTP/1.1" 200 0 "-" "WordPress/6.7.2; https://llcbibleclub.com"
52.138.174.75 - - [16/Apr/2025:05:32:39 -0400] "GET /wp-login.php?redirect_to=https%3A%2F%2Fllcbibleclub.com%2Fwp-admin%2Findex.php&reauth=1 HTTP/1.1" 200 1688 "-" "-"
52.138.174.75 - - [16/Apr/2025:05:32:44 -0400] "GET /wp-admin/index.php?p= HTTP/1.1" 302 0 "-" "-"
52.138.174.75 - - [16/Apr/2025:05:32:48 -0400] "GET /wp-login.php?redirect_to=https%3A%2F%2Fllcbibleclub.com%2Fwp-admin%2Findex.php%3Fp%3D&reauth=1 HTTP/1.1" 200 1691 "-" "-"
52.138.174.75 - - [16/Apr/2025:05:34:59 -0400] "GET /wp-admin/media.php HTTP/1.1" 302 0 "-" "-"
52.138.174.75 - - [16/Apr/2025:05:35:01 -0400] "GET /wp-login.php?redirect_to=https%3A%2F%2Fllcbibleclub.com%2Fwp-admin%2Fmedia.php&reauth=1 HTTP/1.1" 200 1689 "-" "-"
43.154.146.32 - - [16/Apr/2025:05:35:06 -0400] "GET /how-to-write-a-plumbing-business-plan/ HTTP/1.1" 404 1251 "-" "Python/3.10 aiohttp/3.10.5"
43.154.146.32 - - [16/Apr/2025:05:35:06 -0400] "GET /how-to-embed-a-youtube-video-in-powerpoint/ HTTP/1.1" 404 1251 "-" "Python/3.10 aiohttp/3.10.5"
52.138.174.75 - - [16/Apr/2025:05:35:13 -0400] "GET /wp-admin/network/ HTTP/1.1" 302 0 "-" "-"
52.138.174.75 - - [16/Apr/2025:05:35:16 -0400] "GET /wp-login.php?redirect_to=https%3A%2F%2Fllcbibleclub.com%2Fwp-admin%2Fnetwork%2F&reauth=1 HTTP/1.1" 200 1691 "-" "-"
52.138.174.75 - - [16/Apr/2025:05:35:23 -0400] "GET /wp-admin/network/about.php HTTP/1.1" 302 0 "-" "-"
52.138.174.75 - - [16/Apr/2025:05:35:27 -0400] "GET /wp-login.php?redirect_to=https%3A%2F%2Fllcbibleclub.com%2Fwp-admin%2Fnetwork%2Fabout.php&reauth=1 HTTP/1.1" 200 1696 "-" "-"
52.138.174.75 - - [16/Apr/2025:05:35:35 -0400] "GET /wp-admin/network/admin.php HTTP/1.1" 302 0 "-" "-"
52.138.174.75 - - [16/Apr/2025:05:35:38 -0400] "GET /wp-login.php?redirect_to=https%3A%2F%2Fllcbibleclub.com%2Fwp-admin%2Fnetwork%2Fadmin.php&reauth=1 HTTP/1.1" 200 1694 "-" "-"
52.138.174.75 - - [16/Apr/2025:05:35:54 -0400] "GET /wp-admin/network/index.php HTTP/1.1" 302 0 "-" "-"
52.138.174.75 - - [16/Apr/2025:05:35:57 -0400] "GET /wp-login.php?redirect_to=https%3A%2F%2Fllcbibleclub.com%2Fwp-admin%2Fnetwork%2Findex.php&reauth=1 HTTP/1.1" 200 1691 "-" "-"
198.54.114.83 - - [16/Apr/2025:05:35:59 -0400] "POST /wp-cron.php?doing_wp_cron=1744796157.7038810253143310546875 HTTP/1.1" 200 0 "-" "WordPress/6.7.2; https://llcbibleclub.com"
52.138.174.75 - - [16/Apr/2025:05:36:09 -0400] "GET /wp-admin/network/plugins.php HTTP/1.1" 302 0 "-" "-"
52.138.174.75 - - [16/Apr/2025:05:36:12 -0400] "GET /wp-login.php?redirect_to=https%3A%2F%2Fllcbibleclub.com%2Fwp-admin%2Fnetwork%2Fplugins.php&reauth=1 HTTP/1.1" 200 1696 "-" "-"
52.138.174.75 - - [16/Apr/2025:05:36:26 -0400] "GET /wp-admin/options.php HTTP/1.1" 302 0 "-" "-"
52.138.174.75 - - [16/Apr/2025:05:36:28 -0400] "GET /wp-login.php?redirect_to=https%3A%2F%2Fllcbibleclub.com%2Fwp-admin%2Foptions.php&reauth=1 HTTP/1.1" 200 1690 "-" "-"
52.138.174.75 - - [16/Apr/2025:05:36:56 -0400] "GET /wp-admin/user/ HTTP/1.1" 302 0 "-" "-"
198.54.114.83 - - [16/Apr/2025:05:37:00 -0400] "POST /wp-cron.php?doing_wp_cron=1744796219.1709089279174804687500 HTTP/1.1" 200 0 "-" "WordPress/6.7.2; https://llcbibleclub.com"
52.138.174.75 - - [16/Apr/2025:05:36:58 -0400] "GET /wp-login.php?redirect_to=https%3A%2F%2Fllcbibleclub.com%2Fwp-admin%2Fuser%2F&reauth=1 HTTP/1.1" 200 1688 "-" "-"
198.54.114.83 - - [16/Apr/2025:05:37:02 -0400] "POST /wp-admin/admin-ajax.php?action=async_litespeed&nonce=zGV8xgU00EnZ2yTj637giu2IgAJZbiKC&litespeed_type=imgoptm HTTP/1.1" 200 0 "-" "WordPress/6.7.2; https://llcbibleclub.com"
52.138.174.75 - - [16/Apr/2025:05:37:04 -0400] "GET /wp-admin/user/?p= HTTP/1.1" 302 0 "-" "-"
52.138.174.75 - - [16/Apr/2025:05:37:05 -0400] "GET /wp-login.php?redirect_to=https%3A%2F%2Fllcbibleclub.com%2Fwp-admin%2Fuser%2F%3Fp%3D&reauth=1 HTTP/1.1" 200 1692 "-" "-"
52.138.174.75 - - [16/Apr/2025:05:37:10 -0400] "GET /wp-admin/user/about.php HTTP/1.1" 302 0 "-" "-"
52.138.174.75 - - [16/Apr/2025:05:37:14 -0400] "GET /wp-login.php?redirect_to=https%3A%2F%2Fllcbibleclub.com%2Fwp-admin%2Fuser%2Fabout.php&reauth=1 HTTP/1.1" 200 1694 "-" "-"
52.138.174.75 - - [16/Apr/2025:05:37:19 -0400] "GET /wp-admin/user/about.php?p= HTTP/1.1" 302 0 "-" "-"
52.138.174.75 - - [16/Apr/2025:05:37:23 -0400] "GET /wp-login.php?redirect_to=https%3A%2F%2Fllcbibleclub.com%2Fwp-admin%2Fuser%2Fabout.php%3Fp%3D&reauth=1 HTTP/1.1" 200 1696 "-" "-"
52.138.174.75 - - [16/Apr/2025:05:37:27 -0400] "GET /wp-admin/user/admin.php HTTP/1.1" 302 0 "-" "-"
52.138.174.75 - - [16/Apr/2025:05:37:32 -0400] "GET /wp-login.php?redirect_to=https%3A%2F%2Fllcbibleclub.com%2Fwp-admin%2Fuser%2Fadmin.php&reauth=1 HTTP/1.1" 200 1692 "-" "-"
198.54.114.83 - - [16/Apr/2025:05:37:53 -0400] "POST /wp-admin/admin-ajax.php?action=async_litespeed&nonce=08lgJmxD4zt2BiZwYtC6VsLRHj1Tw8oN&litespeed_type=imgoptm HTTP/1.1" 200 0 "-" "WordPress/6.7.2; https://llcbibleclub.com"
52.138.174.75 - - [16/Apr/2025:05:37:53 -0400] "GET /wp-admin/user/index.php HTTP/1.1" 302 0 "-" "-"
52.138.174.75 - - [16/Apr/2025:05:37:56 -0400] "GET /wp-login.php?redirect_to=https%3A%2F%2Fllcbibleclub.com%2Fwp-admin%2Fuser%2Findex.php&reauth=1 HTTP/1.1" 200 1690 "-" "-"
52.138.174.75 - - [16/Apr/2025:05:38:06 -0400] "GET /wp-admin/users.php HTTP/1.1" 302 0 "-" "-"
52.138.174.75 - - [16/Apr/2025:05:38:07 -0400] "GET /wp-login.php?redirect_to=https%3A%2F%2Fllcbibleclub.com%2Fwp-admin%2Fusers.php&reauth=1 HTTP/1.1" 200 1690 "-" "-"
51.222.253.18 - - [16/Apr/2025:05:41:27 -0400] "GET /fda-cosmetic-regulations-and-their-impact-on-safety/ HTTP/1.1" 404 1251 "-" "Mozilla/5.0 (compatible; AhrefsBot/7.0; +http://ahrefs.com/robot/)"
27.42.99.97 - - [16/Apr/2025:05:42:34 -0400] "GET /screw-chart-choosing-the-right-10-screw-diameter/ HTTP/1.1" 404 1251 "https://llcbibleclub.com" "Mozilla/5.0 (Windows NT 10.0; Win64; x64) AppleWebKit/537.36 (KHTML, like Gecko) Chrome/62.0.3202.94 Safari/537.36"
27.42.99.97 - - [16/Apr/2025:05:42:40 -0400] "GET /screw-chart-choosing-the-right-10-screw-diameter/ HTTP/1.1" 404 1251 "https://llcbibleclub.com" "Mozilla/5.0 (Windows NT 10.0; Win64; x64) AppleWebKit/537.36 (KHTML, like Gecko) Chrome/62.0.3202.94 Safari/537.36"
27.42.99.97 - - [16/Apr/2025:05:42:45 -0400] "GET /screw-chart-choosing-the-right-10-screw-diameter/ HTTP/1.1" 404 1251 "https://llcbibleclub.com" "Mozilla/5.0 (Windows NT 10.0; Win64; x64) AppleWebKit/537.36 (KHTML, like Gecko) Chrome/62.0.3202.94 Safari/537.36"
27.42.99.97 - - [16/Apr/2025:05:42:48 -0400] "GET /screw-chart-choosing-the-right-10-screw-diameter/ HTTP/1.1" 404 1251 "https://llcbibleclub.com" "Mozilla/5.0 (Windows NT 10.0; Win64; x64) AppleWebKit/537.36 (KHTML, like Gecko) Chrome/62.0.3202.94 Safari/537.36"
27.42.99.97 - - [16/Apr/2025:05:46:58 -0400] "GET /screw-chart-choosing-the-right-10-screw-diameter/ HTTP/1.1" 404 1251 "https://llcbibleclub.com" "Mozilla/5.0 (Windows NT 10.0; Win64; x64) AppleWebKit/537.36 (KHTML, like Gecko) Chrome/62.0.3202.94 Safari/537.36"
27.42.99.97 - - [16/Apr/2025:05:47:01 -0400] "GET /screw-chart-choosing-the-right-10-screw-diameter/ HTTP/1.1" 404 1251 "https://llcbibleclub.com" "Mozilla/5.0 (Windows NT 10.0; Win64; x64) AppleWebKit/537.36 (KHTML, like Gecko) Chrome/62.0.3202.94 Safari/537.36"
27.42.99.97 - - [16/Apr/2025:05:47:03 -0400] "GET /screw-chart-choosing-the-right-10-screw-diameter/ HTTP/1.1" 404 1251 "https://llcbibleclub.com" "Mozilla/5.0 (Windows NT 10.0; Win64; x64) AppleWebKit/537.36 (KHTML, like Gecko) Chrome/62.0.3202.94 Safari/537.36"
27.42.99.97 - - [16/Apr/2025:05:47:05 -0400] "GET /screw-chart-choosing-the-right-10-screw-diameter/ HTTP/1.1" 404 1251 "https://llcbibleclub.com" "Mozilla/5.0 (Windows NT 10.0; Win64; x64) AppleWebKit/537.36 (KHTML, like Gecko) Chrome/62.0.3202.94 Safari/537.36"
114.119.167.239 - - [16/Apr/2025:05:51:56 -0400] "GET /2023/08/ HTTP/1.1" 404 1251 "https://llcbibleclub.com/unlocking-the-benefits-of-dubai-osteopathy/" "Mozilla/5.0 (Linux; Android 7.0;) AppleWebKit/537.36 (KHTML, like Gecko) Mobile Safari/537.36 (compatible; PetalBot;+https://webmaster.petalsearch.com/site/petalbot)"
27.42.99.97 - - [16/Apr/2025:05:56:15 -0400] "GET /screw-chart-choosing-the-right-10-screw-diameter/ HTTP/1.1" 404 1251 "https://llcbibleclub.com" "Mozilla/5.0 (Windows NT 10.0; Win64; x64) AppleWebKit/537.36 (KHTML, like Gecko) Chrome/62.0.3202.94 Safari/537.36"
27.42.99.97 - - [16/Apr/2025:05:56:18 -0400] "GET /screw-chart-choosing-the-right-10-screw-diameter/ HTTP/1.1" 404 1251 "https://llcbibleclub.com" "Mozilla/5.0 (Windows NT 10.0; Win64; x64) AppleWebKit/537.36 (KHTML, like Gecko) Chrome/62.0.3202.94 Safari/537.36"
27.42.99.97 - - [16/Apr/2025:05:56:21 -0400] "GET /screw-chart-choosing-the-right-10-screw-diameter/ HTTP/1.1" 404 1251 "https://llcbibleclub.com" "Mozilla/5.0 (Windows NT 10.0; Win64; x64) AppleWebKit/537.36 (KHTML, like Gecko) Chrome/62.0.3202.94 Safari/537.36"
27.42.99.97 - - [16/Apr/2025:05:56:22 -0400] "GET /screw-chart-choosing-the-right-10-screw-diameter/ HTTP/1.1" 404 1251 "https://llcbibleclub.com" "Mozilla/5.0 (Windows NT 10.0; Win64; x64) AppleWebKit/537.36 (KHTML, like Gecko) Chrome/62.0.3202.94 Safari/537.36"
124.156.110.185 - - [16/Apr/2025:06:00:28 -0400] "GET /elegant-wine-wedding-favors/ HTTP/1.1" 404 1251 "-" "Python/3.10 aiohttp/3.10.5"
52.138.174.75 - - [16/Apr/2025:06:01:23 -0400] "GET /wp-login.php HTTP/1.1" 200 1691 "-" "-"
52.138.174.75 - - [16/Apr/2025:06:01:52 -0400] "GET /wp-login.php?action=register HTTP/1.1" 302 0 "-" "-"
52.138.174.75 - - [16/Apr/2025:06:01:53 -0400] "GET /wp-login.php?registration=disabled HTTP/1.1" 200 1755 "-" "-"
66.249.75.232 - - [16/Apr/2025:06:07:05 -0400] "GET /robots.txt HTTP/1.1" 200 23 "-" "Mozilla/5.0 (compatible; Googlebot/2.1; +http://www.google.com/bot.html)"
66.249.75.231 - - [16/Apr/2025:06:07:10 -0400] "GET /Amazon/b/ref=bl_dp_s_web_7940963051?ie=UTF8&node=7940963051&field-lbr_brands_browse-bin=Amazon HTTP/1.1" 404 1251 "-" "Mozilla/5.0 (Linux; Android 6.0.1; Nexus 5X Build/MMB29P) AppleWebKit/537.36 (KHTML, like Gecko) Chrome/135.0.7049.84 Mobile Safari/537.36 (compatible; Googlebot/2.1; +http://www.google.com/bot.html)"
101.32.75.188 - - [16/Apr/2025:06:09:50 -0400] "GET /how-does-stitch-shop-work/ HTTP/1.1" 404 1251 "-" "Python/3.10 aiohttp/3.10.5"
51.222.253.14 - - [16/Apr/2025:06:11:00 -0400] "GET /unveiling-the-best-online-casino-philippines-with-free-signup-bonus/ HTTP/1.1" 404 1251 "-" "Mozilla/5.0 (compatible; AhrefsBot/7.0; +http://ahrefs.com/robot/)"
150.109.40.196 - - [16/Apr/2025:06:19:59 -0400] "GET /real-estate-videography/ HTTP/1.1" 404 1251 "-" "Python/3.10 aiohttp/3.10.5"
129.226.112.202 - - [16/Apr/2025:06:20:37 -0400] "GET /what-to-look-for-in-a-lakegarden-apartment/ HTTP/1.1" 404 1251 "-" "Python/3.10 aiohttp/3.10.5"
27.42.99.97 - - [16/Apr/2025:06:21:00 -0400] "GET /screw-chart-choosing-the-right-10-screw-diameter/ HTTP/1.1" 404 1251 "https://llcbibleclub.com" "Mozilla/5.0 (Windows NT 10.0; Win64; x64) AppleWebKit/537.36 (KHTML, like Gecko) Chrome/62.0.3202.94 Safari/537.36"
27.42.99.97 - - [16/Apr/2025:06:21:10 -0400] "GET /screw-chart-choosing-the-right-10-screw-diameter/ HTTP/1.1" 404 1251 "https://llcbibleclub.com" "Mozilla/5.0 (Windows NT 10.0; Win64; x64) AppleWebKit/537.36 (KHTML, like Gecko) Chrome/62.0.3202.94 Safari/537.36"
27.42.99.97 - - [16/Apr/2025:06:21:14 -0400] "GET /screw-chart-choosing-the-right-10-screw-diameter/ HTTP/1.1" 404 1251 "https://llcbibleclub.com" "Mozilla/5.0 (Windows NT 10.0; Win64; x64) AppleWebKit/537.36 (KHTML, like Gecko) Chrome/62.0.3202.94 Safari/537.36"
27.42.99.97 - - [16/Apr/2025:06:21:17 -0400] "GET /screw-chart-choosing-the-right-10-screw-diameter/ HTTP/1.1" 404 1251 "https://llcbibleclub.com" "Mozilla/5.0 (Windows NT 10.0; Win64; x64) AppleWebKit/537.36 (KHTML, like Gecko) Chrome/62.0.3202.94 Safari/537.36"
66.249.64.160 - - [16/Apr/2025:06:24:19 -0400] "GET /2024/08/ HTTP/1.1" 404 1251 "-" "Mozilla/5.0 (Linux; Android 6.0.1; Nexus 5X Build/MMB29P) AppleWebKit/537.36 (KHTML, like Gecko) Chrome/135.0.7049.84 Mobile Safari/537.36 (compatible; Googlebot/2.1; +http://www.google.com/bot.html)"
40.77.167.55 - - [16/Apr/2025:06:24:48 -0400] "GET /semenax-price-how-does-it-work/ HTTP/1.1" 404 1251 "-" "Mozilla/5.0 AppleWebKit/537.36 (KHTML, like Gecko; compatible; bingbot/2.0; +http://www.bing.com/bingbot.htm) Chrome/116.0.1938.76 Safari/537.36"
40.77.167.150 - - [16/Apr/2025:06:25:29 -0400] "GET /how-to-diversify-your-content-on-youtube/ HTTP/1.1" 404 1251 "-" "Mozilla/5.0 AppleWebKit/537.36 (KHTML, like Gecko; compatible; bingbot/2.0; +http://www.bing.com/bingbot.htm) Chrome/116.0.1938.76 Safari/537.36"
43.154.194.33 - - [16/Apr/2025:06:26:10 -0400] "GET /how-to-book-cheap-holiday-online-2/ HTTP/1.1" 404 1251 "-" "Python/3.10 aiohttp/3.10.5"
40.77.167.24 - - [16/Apr/2025:06:33:29 -0400] "GET /comment-prendre-soin-de-vos-bijoux-en-chamois/ HTTP/1.1" 404 1251 "-" "Mozilla/5.0 AppleWebKit/537.36 (KHTML, like Gecko; compatible; bingbot/2.0; +http://www.bing.com/bingbot.htm) Chrome/116.0.1938.76 Safari/537.36"
43.154.133.154 - - [16/Apr/2025:06:35:30 -0400] "GET /how-will-voice-technology-change-the-gambling-industry/ HTTP/1.1" 404 1251 "-" "Python/3.10 aiohttp/3.10.5"
185.231.155.169 - - [16/Apr/2025:06:35:44 -0400] "GET /best-cbd-oil-products-uk/ HTTP/1.1" 404 1251 "https://llcbibleclub.com/best-cbd-oil-products-uk/" "Mozilla/5.0 (Windows NT 10.0; Win64; x64) AppleWebKit/537.36 (KHTML, like Gecko) Chrome/130.0.0.0 Safari/537.36 CCleaner/130.0.0.0"
185.231.155.169 - - [16/Apr/2025:06:35:48 -0400] "GET / HTTP/1.1" 200 156096 "https://llcbibleclub.com/" "Mozilla/5.0 (Windows NT 10.0; Win64; x64) AppleWebKit/537.36 (KHTML, like Gecko) Chrome/130.0.0.0 Safari/537.36 CCleaner/130.0.0.0"
195.2.75.216 - - [16/Apr/2025:06:36:54 -0400] "GET /best-cbd-oil-products-uk/ HTTP/1.1" 404 1251 "https://llcbibleclub.com/best-cbd-oil-products-uk/#comment-14827/" "Mozilla/5.0 (Windows NT 10.0; Win64; x64) AppleWebKit/537.36 (KHTML, like Gecko) Chrome/130.0.0.0 Safari/537.36 CCleaner/130.0.0.0"
195.2.75.216 - - [16/Apr/2025:06:36:57 -0400] "GET / HTTP/1.1" 200 156096 "https://llcbibleclub.com/" "Mozilla/5.0 (Windows NT 10.0; Win64; x64) AppleWebKit/537.36 (KHTML, like Gecko) Chrome/130.0.0.0 Safari/537.36 CCleaner/130.0.0.0"
52.167.144.190 - - [16/Apr/2025:06:37:13 -0400] "GET /what-are-the-side-effects-of-50-mg-vyvanse/ HTTP/1.1" 404 1251 "-" "Mozilla/5.0 AppleWebKit/537.36 (KHTML, like Gecko; compatible; bingbot/2.0; +http://www.bing.com/bingbot.htm) Chrome/116.0.1938.76 Safari/537.36"
51.222.253.4 - - [16/Apr/2025:06:41:50 -0400] "GET /lere-de-la-realite-virtuelle-une-vision-revolutionnaire/ HTTP/1.1" 404 1251 "-" "Mozilla/5.0 (compatible; AhrefsBot/7.0; +http://ahrefs.com/robot/)"
198.54.114.83 - - [16/Apr/2025:06:42:12 -0400] "POST /wp-cron.php?doing_wp_cron=1744800128.6257820129394531250000 HTTP/1.1" 200 0 "-" "WordPress/6.7.2; https://llcbibleclub.com"
240e:350:8003:3086:4ecc:6a31:4ff7:5ca9 - - [16/Apr/2025:06:42:03 -0400] "POST /wp-comments-post.php HTTP/1.1" 302 0 "-" "Mozilla/5.0 (Windows NT 10.0; Win64; x64) AppleWebKit/537.36 (KHTML, like Gecko) Chrome/108.0.0.0 Safari/537.36 Edg/108.0.1462.46"
198.54.114.83 - - [16/Apr/2025:06:42:16 -0400] "POST /wp-admin/admin-ajax.php?action=async_litespeed&nonce=oqJju2dKX5Y4erELQukQWQJ5OpruP6ME&litespeed_type=imgoptm HTTP/1.1" 200 0 "-" "WordPress/6.7.2; https://llcbibleclub.com"
240e:350:8003:3086:4ecc:6a31:4ff7:5ca9 - - [16/Apr/2025:06:42:18 -0400] "GET /do-the-math-on-what-youll-earn-in-the-beauty-industry/?unapproved=6395&moderation-hash=edd9a3378af1d0ea54415fc6778700de HTTP/1.1" 404 1251 "-" "Mozilla/5.0 (Windows NT 10.0; Win64; x64) AppleWebKit/537.36 (KHTML, like Gecko) Chrome/108.0.0.0 Safari/537.36 Edg/108.0.1462.46"
198.54.114.83 - - [16/Apr/2025:06:42:35 -0400] "POST /wp-admin/upgrade.php?step=upgrade_db HTTP/1.1" 200 5 "-" "WordPress/6.7.2; https://llcbibleclub.com"
198.54.114.83 - - [16/Apr/2025:06:42:39 -0400] "POST /wp-cron.php?doing_wp_cron=1744800156.9185390472412109375000 HTTP/1.1" 200 0 "-" "WordPress/6.8; https://llcbibleclub.com"
85.208.98.24 - - [16/Apr/2025:06:43:42 -0400] "GET /choosing-a-large-dehumidifier/ HTTP/1.1" 200 0 "-" "Mozilla/5.0 (compatible; SemrushBot-BA; +http://www.semrush.com/bot.html)"
198.54.114.83 - - [16/Apr/2025:06:43:48 -0400] "POST /wp-cron.php?doing_wp_cron=1744800226.5190389156341552734375 HTTP/1.1" 200 0 "-" "WordPress/6.8; https://llcbibleclub.com"
198.54.114.83 - - [16/Apr/2025:06:43:49 -0400] "POST /wp-admin/admin-ajax.php?action=async_litespeed&nonce=sE0EEhUKo11QY66bm05JV7hLVzGSYp9m&litespeed_type=imgoptm HTTP/1.1" 200 0 "-" "WordPress/6.8; https://llcbibleclub.com"
47.79.192.149 - - [16/Apr/2025:06:45:00 -0400] "GET / HTTP/1.1" 200 156096 "https://www.google.com/" "Mozilla/5.0 (Linux; Android 10; K) AppleWebKit/537.36 (KHTML, like Gecko) Chrome/132.0.0.0 Mobile Safari/537.36"
198.54.114.83 - - [16/Apr/2025:06:50:58 -0400] "POST /wp-cron.php?doing_wp_cron=1744800656.7626619338989257812500 HTTP/1.1" 200 0 "-" "WordPress/6.8; https://llcbibleclub.com"
129.226.112.202 - - [16/Apr/2025:06:50:52 -0400] "GET /hagerty-jewellery-polishing-cloth/ HTTP/1.1" 200 12209 "-" "Python/3.10 aiohttp/3.10.5"
198.54.114.83 - - [16/Apr/2025:06:51:00 -0400] "POST /wp-admin/admin-ajax.php?action=async_litespeed&nonce=r0Z13bGGw1RY9q71aLHBeCPzobxMOXcf&litespeed_type=imgoptm HTTP/1.1" 200 0 "-" "WordPress/6.8; https://llcbibleclub.com"
198.54.114.83 - - [16/Apr/2025:06:54:24 -0400] "POST /wp-cron.php?doing_wp_cron=1744800862.4280929565429687500000 HTTP/1.1" 200 0 "-" "WordPress/6.8; https://llcbibleclub.com"
43.154.249.136 - - [16/Apr/2025:06:54:17 -0400] "GET /how-to-transfer-money-from-apple-pay-to-cash-app/ HTTP/1.1" 200 12085 "-" "Python/3.10 aiohttp/3.10.5"
198.54.114.83 - - [16/Apr/2025:06:54:27 -0400] "POST /wp-admin/admin-ajax.php?action=async_litespeed&nonce=kFLM9e4MBds9FAkm2MSYLflX046kiq1c&litespeed_type=imgoptm HTTP/1.1" 200 0 "-" "WordPress/6.8; https://llcbibleclub.com"
85.208.98.29 - - [16/Apr/2025:06:58:24 -0400] "GET /choosing-a-large-dehumidifier/ HTTP/1.1" 200 0 "-" "Mozilla/5.0 (compatible; SemrushBot-BA; +http://www.semrush.com/bot.html)"
198.54.114.83 - - [16/Apr/2025:06:58:31 -0400] "POST /wp-cron.php?doing_wp_cron=1744801109.9721210002899169921875 HTTP/1.1" 200 0 "-" "WordPress/6.8; https://llcbibleclub.com"
198.54.114.83 - - [16/Apr/2025:06:58:33 -0400] "POST /wp-admin/admin-ajax.php?action=async_litespeed&nonce=LQw5wJS9Ja78dRdekAX2denHFnaHD0Az&litespeed_type=imgoptm HTTP/1.1" 200 0 "-" "WordPress/6.8; https://llcbibleclub.com"
124.156.108.107 - - [16/Apr/2025:07:00:57 -0400] "GET /trade-and-travel-review/ HTTP/1.1" 200 10627 "-" "Python/3.10 aiohttp/3.10.5"
198.54.114.83 - - [16/Apr/2025:07:01:00 -0400] "POST /wp-cron.php?doing_wp_cron=1744801257.6237809658050537109375 HTTP/1.1" 200 0 "-" "WordPress/6.8; https://llcbibleclub.com"
129.226.63.212 - - [16/Apr/2025:07:04:30 -0400] "GET /buying-a-michael-kors-womens-bag/ HTTP/1.1" 200 11415 "-" "Python/3.10 aiohttp/3.10.5"
198.54.114.83 - - [16/Apr/2025:07:04:38 -0400] "POST /wp-cron.php?doing_wp_cron=1744801475.2159800529479980468750 HTTP/1.1" 200 0 "-" "WordPress/6.8; https://llcbibleclub.com"
129.226.130.64 - - [16/Apr/2025:07:06:00 -0400] "GET /is-fenbendazole-a-dog-dewormer-for-cancer/ HTTP/1.1" 200 10665 "-" "Python/3.10 aiohttp/3.10.5"
198.54.114.83 - - [16/Apr/2025:07:06:13 -0400] "POST /wp-cron.php?doing_wp_cron=1744801566.8410840034484863281250 HTTP/1.1" 200 0 "-" "WordPress/6.8; https://llcbibleclub.com"
198.54.114.83 - - [16/Apr/2025:07:07:13 -0400] "POST /wp-cron.php?doing_wp_cron=1744801632.2812769412994384765625 HTTP/1.1" 200 0 "-" "WordPress/6.8; https://llcbibleclub.com"
119.28.225.114 - - [16/Apr/2025:07:07:11 -0400] "GET /buying-silver-judaica-online/ HTTP/1.1" 200 10584 "-" "Python/3.10 aiohttp/3.10.5"
198.54.114.83 - - [16/Apr/2025:07:07:15 -0400] "POST /wp-admin/admin-ajax.php?action=async_litespeed&nonce=tHpCrgPIlWDTwyFyqjMQjxrPEzR8kFJl&litespeed_type=imgoptm HTTP/1.1" 200 0 "-" "WordPress/6.8; https://llcbibleclub.com"
198.54.114.83 - - [16/Apr/2025:07:13:15 -0400] "POST /wp-cron.php?doing_wp_cron=1744801992.6494269371032714843750 HTTP/1.1" 200 0 "-" "WordPress/6.8; https://llcbibleclub.com"
124.243.183.125 - - [16/Apr/2025:07:13:07 -0400] "GET /padiatrische-osteopathie/ HTTP/1.1" 200 11069 "https://llcbibleclub.com/padiatrische-osteopathie/#respond" "Mozilla/5.0 (Windows NT 10.0; Win64; x64) AppleWebKit/537.36 (KHTML, like Gecko) Chrome/101.0.4951.67 Safari/537.36"
198.54.114.83 - - [16/Apr/2025:07:13:18 -0400] "POST /wp-admin/admin-ajax.php?action=async_litespeed&nonce=0xS0nVWf0sXW5lb3RGjkZAn6Ms7UVXOl&litespeed_type=imgoptm HTTP/1.1" 200 0 "-" "WordPress/6.8; https://llcbibleclub.com"
198.54.114.83 - - [16/Apr/2025:07:15:59 -0400] "POST /wp-cron.php?doing_wp_cron=1744802156.9749820232391357421875 HTTP/1.1" 200 0 "-" "WordPress/6.8; https://llcbibleclub.com"
101.32.45.201 - - [16/Apr/2025:07:15:52 -0400] "GET /vita-glow-night-cream-review/ HTTP/1.1" 200 12267 "-" "Python/3.10 aiohttp/3.10.5"
198.54.114.83 - - [16/Apr/2025:07:16:02 -0400] "POST /wp-admin/admin-ajax.php?action=async_litespeed&nonce=FcMXgu9QSd9iwdckXQA3bW10HHj3eFzX&litespeed_type=imgoptm HTTP/1.1" 200 0 "-" "WordPress/6.8; https://llcbibleclub.com"
98.159.234.151 - - [16/Apr/2025:07:17:17 -0400] "GET /zaza-red HTTP/1.1" 301 0 "-" "Mozilla/5.0 (Windows NT 10.0; Win64; x64) AppleWebKit/537.36 (KHTML, like Gecko) Chrome/114.0.0.0 YaBrowser/22.7.0 Yowser/2.5 Safari/537.36"
198.54.114.83 - - [16/Apr/2025:07:17:19 -0400] "POST /wp-cron.php?doing_wp_cron=1744802237.8922870159149169921875 HTTP/1.1" 200 0 "-" "WordPress/6.8; https://llcbibleclub.com"
98.159.234.151 - - [16/Apr/2025:07:17:23 -0400] "GET /zaza-red/ HTTP/1.1" 200 11318 "https://llcbibleclub.com/zaza-red" "Mozilla/5.0 (Windows NT 10.0; Win64; x64) AppleWebKit/537.36 (KHTML, like Gecko) Chrome/114.0.0.0 YaBrowser/22.7.0 Yowser/2.5 Safari/537.36"
43.128.36.137 - - [16/Apr/2025:07:19:58 -0400] "GET /how-to-buy-views-on-youtube/ HTTP/1.1" 200 11207 "-" "Python/3.10 aiohttp/3.10.5"
198.54.114.83 - - [16/Apr/2025:07:20:13 -0400] "POST /wp-cron.php?doing_wp_cron=1744802405.4747040271759033203125 HTTP/1.1" 200 0 "-" "WordPress/6.8; https://llcbibleclub.com"
51.222.253.13 - - [16/Apr/2025:07:20:19 -0400] "GET /how-to-cancel-a-walmart-membership/ HTTP/1.1" 200 13204 "-" "Mozilla/5.0 (compatible; AhrefsBot/7.0; +http://ahrefs.com/robot/)"
43.154.133.154 - - [16/Apr/2025:07:21:28 -0400] "GET /hypnobirthing-and-meghan-markle/ HTTP/1.1" 200 12677 "-" "Python/3.10 aiohttp/3.10.5"
198.54.114.83 - - [16/Apr/2025:07:21:33 -0400] "POST /wp-cron.php?doing_wp_cron=1744802488.5723049640655517578125 HTTP/1.1" 200 0 "-" "WordPress/6.8; https://llcbibleclub.com"
198.54.114.83 - - [16/Apr/2025:07:28:55 -0400] "POST /wp-cron.php?doing_wp_cron=1744802933.8431758880615234375000 HTTP/1.1" 200 0 "-" "WordPress/6.8; https://llcbibleclub.com"
139.59.250.1 - - [16/Apr/2025:07:28:48 -0400] "GET /wp-content/uploads/2018/06/ballerinas-960x300_c.jpg HTTP/1.1" 404 6505 "-" "Mozilla/5.0 (Macintosh; Intel Mac OS X 10_15) AppleWebKit/605.1.15 (KHTML, like Gecko) Version/17.0 DuckDuckGo/7 Safari/605.1.15"
198.54.114.83 - - [16/Apr/2025:07:28:59 -0400] "POST /wp-admin/admin-ajax.php?action=async_litespeed&nonce=0Mh0qu1HduE6rsyjeMO90lJ6uDNKt8zU&litespeed_type=imgoptm HTTP/1.1" 200 0 "-" "WordPress/6.8; https://llcbibleclub.com"
124.156.103.176 - - [16/Apr/2025:07:33:48 -0400] "GET /what-you-need-to-know-about-quantum-healing-techniques/ HTTP/1.1" 200 10641 "-" "Python/3.10 aiohttp/3.10.5"
198.54.114.83 - - [16/Apr/2025:07:33:58 -0400] "POST /wp-cron.php?doing_wp_cron=1744803235.2672400474548339843750 HTTP/1.1" 200 0 "-" "WordPress/6.8; https://llcbibleclub.com"
198.54.114.83 - - [16/Apr/2025:07:35:57 -0400] "POST /wp-cron.php?doing_wp_cron=1744803355.0459880828857421875000 HTTP/1.1" 200 0 "-" "WordPress/6.8; https://llcbibleclub.com"
129.226.130.64 - - [16/Apr/2025:07:35:48 -0400] "GET /key-features-of-a-national-insurance-website/ HTTP/1.1" 200 12186 "-" "Python/3.10 aiohttp/3.10.5"
195.2.67.184 - - [16/Apr/2025:07:36:05 -0400] "GET /best-cbd-oil-products-uk/ HTTP/1.1" 200 11600 "https://llcbibleclub.com/best-cbd-oil-products-uk/#comment-5924/" "Mozilla/5.0 (Windows NT 10.0; Win64; x64) AppleWebKit/537.36 (KHTML, like Gecko) Chrome/129.0.0.0 Safari/537.36"
195.2.67.184 - - [16/Apr/2025:07:36:13 -0400] "POST /wp-comments-post.php HTTP/1.1" 302 0 "https://llcbibleclub.com/best-cbd-oil-products-uk/#comment-5924/" "Mozilla/5.0 (Windows NT 10.0; Win64; x64) AppleWebKit/537.36 (KHTML, like Gecko) Chrome/129.0.0.0 Safari/537.36"
195.2.67.184 - - [16/Apr/2025:07:36:22 -0400] "GET /best-cbd-oil-products-uk/ HTTP/1.1" 200 24459 "https://llcbibleclub.com/best-cbd-oil-products-uk/#comment-6398" "Mozilla/5.0 (Windows NT 10.0; Win64; x64) AppleWebKit/537.36 (KHTML, like Gecko) Chrome/129.0.0.0 Safari/537.36"
45.148.10.80 - - [16/Apr/2025:07:37:10 -0400] "GET /.git/config HTTP/1.1" 403 1242 "-" "Mozilla/5.0 (Windows NT 10.0; Win64; x64) AppleWebKit/537.36 (KHTML, like Gecko) Chrome/74.0.3729.169 Safari/537.36"
43.154.242.199 - - [16/Apr/2025:07:40:36 -0400] "GET /indianapolis-house-cleaning-companies/ HTTP/1.1" 200 12077 "-" "Python/3.10 aiohttp/3.10.5"
198.54.114.83 - - [16/Apr/2025:07:41:29 -0400] "POST /wp-cron.php?doing_wp_cron=1744803688.1901500225067138671875 HTTP/1.1" 200 0 "-" "WordPress/6.8; https://llcbibleclub.com"
198.54.114.83 - - [16/Apr/2025:07:41:29 -0400] "POST /wp-admin/admin-ajax.php?action=async_litespeed&nonce=lhekqeFD6JpxwwXiVNeyNAcHJWHsft72&litespeed_type=imgoptm HTTP/1.1" 200 0 "-" "WordPress/6.8; https://llcbibleclub.com"
27.42.99.97 - - [16/Apr/2025:07:41:27 -0400] "GET /screw-chart-choosing-the-right-10-screw-diameter/ HTTP/1.1" 200 11238 "https://llcbibleclub.com" "Mozilla/5.0 (Windows NT 10.0; Win64; x64) AppleWebKit/537.36 (KHTML, like Gecko) Chrome/62.0.3202.94 Safari/537.36"
119.28.52.89 - - [16/Apr/2025:07:42:05 -0400] "GET /chauffeur-service-melbourne/ HTTP/1.1" 200 10767 "-" "Python/3.10 aiohttp/3.10.5"
198.54.114.83 - - [16/Apr/2025:07:42:10 -0400] "POST /wp-cron.php?doing_wp_cron=1744803725.7553570270538330078125 HTTP/1.1" 200 0 "-" "WordPress/6.8; https://llcbibleclub.com"
66.249.64.162 - - [16/Apr/2025:07:42:52 -0400] "GET /robots.txt HTTP/1.1" 304 0 "-" "Mozilla/5.0 (compatible; Googlebot/2.1; +http://www.google.com/bot.html)"
66.249.64.162 - - [16/Apr/2025:07:42:54 -0400] "GET /custom-grip-socks/ HTTP/1.1" 200 11434 "-" "Mozilla/5.0 (Linux; Android 6.0.1; Nexus 5X Build/MMB29P) AppleWebKit/537.36 (KHTML, like Gecko) Chrome/135.0.7049.84 Mobile Safari/537.36 (compatible; Googlebot/2.1; +http://www.google.com/bot.html)"
66.249.64.160 - - [16/Apr/2025:07:42:59 -0400] "GET /wp-content/themes/news-center/style.css?ver=1.1.0 HTTP/1.1" 200 19611 "https://llcbibleclub.com/custom-grip-socks/" "Mozilla/5.0 (Linux; Android 6.0.1; Nexus 5X Build/MMB29P) AppleWebKit/537.36 (KHTML, like Gecko) Chrome/134.0.6998.165 Mobile Safari/537.36 (compatible; Googlebot/2.1; +http://www.google.com/bot.html)"
66.249.64.160 - - [16/Apr/2025:07:43:02 -0400] "GET /wp-includes/js/jquery/jquery-migrate.min.js?ver=3.4.1 HTTP/1.1" 200 4678 "https://llcbibleclub.com/custom-grip-socks/" "Mozilla/5.0 (Linux; Android 6.0.1; Nexus 5X Build/MMB29P) AppleWebKit/537.36 (KHTML, like Gecko) Chrome/134.0.6998.165 Mobile Safari/537.36 (compatible; Googlebot/2.1; +http://www.google.com/bot.html)"
66.249.64.160 - - [16/Apr/2025:07:43:05 -0400] "GET /wp-includes/js/jquery/jquery.min.js?ver=3.7.1 HTTP/1.1" 200 29744 "https://llcbibleclub.com/custom-grip-socks/" "Mozilla/5.0 (Linux; Android 6.0.1; Nexus 5X Build/MMB29P) AppleWebKit/537.36 (KHTML, like Gecko) Chrome/134.0.6998.165 Mobile Safari/537.36 (compatible; Googlebot/2.1; +http://www.google.com/bot.html)"
66.249.64.160 - - [16/Apr/2025:07:43:08 -0400] "GET /wp-content/fonts/97600e7332d8986026b9f76ec96d7087.css HTTP/1.1" 200 1068 "https://llcbibleclub.com/custom-grip-socks/" "Mozilla/5.0 (Linux; Android 6.0.1; Nexus 5X Build/MMB29P) AppleWebKit/537.36 (KHTML, like Gecko) Chrome/134.0.6998.165 Mobile Safari/537.36 (compatible; Googlebot/2.1; +http://www.google.com/bot.html)"
66.249.64.160 - - [16/Apr/2025:07:43:11 -0400] "GET /wp-content/themes/news-center/assets/js/slick.min.js?ver=1.8.1 HTTP/1.1" 200 10126 "https://llcbibleclub.com/custom-grip-socks/" "Mozilla/5.0 (Linux; Android 6.0.1; Nexus 5X Build/MMB29P) AppleWebKit/537.36 (KHTML, like Gecko) Chrome/134.0.6998.165 Mobile Safari/537.36 (compatible; Googlebot/2.1; +http://www.google.com/bot.html)"
66.249.64.160 - - [16/Apr/2025:07:43:13 -0400] "GET /wp-content/themes/news-center/assets/js/jquery.marquee.min.js?ver=1.6.0 HTTP/1.1" 200 2160 "https://llcbibleclub.com/custom-grip-socks/" "Mozilla/5.0 (Linux; Android 6.0.1; Nexus 5X Build/MMB29P) AppleWebKit/537.36 (KHTML, like Gecko) Chrome/134.0.6998.165 Mobile Safari/537.36 (compatible; Googlebot/2.1; +http://www.google.com/bot.html)"
66.249.64.160 - - [16/Apr/2025:07:43:16 -0400] "GET /wp-includes/js/comment-reply.min.js?ver=6.8 HTTP/1.1" 200 1247 "https://llcbibleclub.com/custom-grip-socks/" "Mozilla/5.0 (Linux; Android 6.0.1; Nexus 5X Build/MMB29P) AppleWebKit/537.36 (KHTML, like Gecko) Chrome/134.0.6998.165 Mobile Safari/537.36 (compatible; Googlebot/2.1; +http://www.google.com/bot.html)"
66.249.64.160 - - [16/Apr/2025:07:43:18 -0400] "GET /wp-content/themes/news-center/assets/js/custom.min.js?ver=1.1.0 HTTP/1.1" 200 1326 "https://llcbibleclub.com/custom-grip-socks/" "Mozilla/5.0 (Linux; Android 6.0.1; Nexus 5X Build/MMB29P) AppleWebKit/537.36 (KHTML, like Gecko) Chrome/134.0.6998.165 Mobile Safari/537.36 (compatible; Googlebot/2.1; +http://www.google.com/bot.html)"
66.249.64.160 - - [16/Apr/2025:07:43:21 -0400] "GET /wp-includes/js/wp-emoji-release.min.js?ver=6.8 HTTP/1.1" 200 4771 "https://llcbibleclub.com/custom-grip-socks/" "Mozilla/5.0 (Linux; Android 6.0.1; Nexus 5X Build/MMB29P) AppleWebKit/537.36 (KHTML, like Gecko) Chrome/134.0.6998.165 Mobile Safari/537.36 (compatible; Googlebot/2.1; +http://www.google.com/bot.html)"
101.32.26.19 - - [16/Apr/2025:07:44:14 -0400] "GET /ad-agencies-in-mumbai/ HTTP/1.1" 200 10581 "-" "Python/3.10 aiohttp/3.10.5"
85.208.96.211 - - [16/Apr/2025:07:47:35 -0400] "GET /robots.txt HTTP/1.1" 304 0 "-" "Mozilla/5.0 (compatible; SemrushBot/7~bl; +http://www.semrush.com/bot.html)"
185.191.171.18 - - [16/Apr/2025:07:47:37 -0400] "GET /how-to-transfer-photo-android-to-iphone/ HTTP/1.1" 200 12247 "-" "Mozilla/5.0 (compatible; SemrushBot/7~bl; +http://www.semrush.com/bot.html)"
198.54.114.83 - - [16/Apr/2025:07:51:16 -0400] "POST /wp-admin/admin-ajax.php?action=async_litespeed&nonce=UBEP5NxjRrlKtgorKSZuHWpjaYyHIc9P&litespeed_type=imgoptm HTTP/1.1" 200 0 "-" "WordPress/6.8; https://llcbibleclub.com"
51.222.253.18 - - [16/Apr/2025:07:52:54 -0400] "GET /beste-strategien-fur-eine-effektive-steuererklarung/ HTTP/1.1" 200 10878 "-" "Mozilla/5.0 (compatible; AhrefsBot/7.0; +http://ahrefs.com/robot/)"
198.54.114.83 - - [16/Apr/2025:07:53:02 -0400] "POST /wp-cron.php?doing_wp_cron=1744804380.0065300464630126953125 HTTP/1.1" 200 0 "-" "WordPress/6.8; https://llcbibleclub.com"
43.132.214.139 - - [16/Apr/2025:08:01:33 -0400] "GET /how-smb-marketing-can-create-a-competitive-advantage-in-a-short-period-of-time/ HTTP/1.1" 200 12492 "-" "Python/3.10 aiohttp/3.10.5"
198.54.114.83 - - [16/Apr/2025:08:01:41 -0400] "POST /wp-cron.php?doing_wp_cron=1744804899.2734239101409912109375 HTTP/1.1" 200 0 "-" "WordPress/6.8; https://llcbibleclub.com"
