240e:350:8003:6436:4ecc:6adc:70f7:5ca9 - - [06/Apr/2025:12:04:53 -0400] "POST /wp-comments-post.php HTTP/1.1" 500 0 "-" "Mozilla/5.0 (Windows NT 10.0; Win64; x64) AppleWebKit/537.36 (KHTML, like Gecko) Chrome/108.0.0.0 Safari/537.36 Edg/108.0.1462.46"
151.106.164.42 - - [06/Apr/2025:12:08:28 -0400] "GET /wp-content/uploads/2019/07/Untitled-2.png HTTP/1.1" 500 0 "-" "Mozilla/5.0 (X11; Ubuntu; Linux x86_64; rv:72.0) Gecko/20100101 Firefox/72.0"
151.106.164.42 - - [06/Apr/2025:12:08:28 -0400] "GET /wp-content/uploads/2019/07/Untitled-2.png HTTP/1.1" 500 0 "-" "Mozilla/5.0 (X11; Ubuntu; Linux x86_64; rv:72.0) Gecko/20100101 Firefox/72.0"
151.106.164.42 - - [06/Apr/2025:12:08:28 -0400] "GET /wp-content/uploads/2019/07/Untitled-2.png HTTP/1.1" 500 0 "-" "Mozilla/5.0 (X11; Ubuntu; Linux x86_64; rv:72.0) Gecko/20100101 Firefox/72.0"
86.109.170.96 - - [06/Apr/2025:12:17:06 -0400] "GET /wp-login.php HTTP/1.1" 500 0 "-" "GRequests/0.10"
86.109.170.96 - - [06/Apr/2025:12:17:07 -0400] "POST /wp-login.php HTTP/1.1" 500 0 "-" "GRequests/0.10"
86.109.170.96 - - [06/Apr/2025:12:17:07 -0400] "GET /wp-admin/ HTTP/1.1" 500 0 "-" "GRequests/0.10"
45.61.146.184 - - [06/Apr/2025:12:17:05 -0400] "POST /wp-login.php HTTP/1.1" 200 0 "http://ms-georgia.com" "Mozilla/5.0 (Windows NT 10.0; Win64; x64; rv:72.0) Gecko/20100101 Firefox/72.0"
52.167.144.210 - - [06/Apr/2025:12:17:56 -0400] "GET /?s= HTTP/1.1" 500 0 "-" "Mozilla/5.0 AppleWebKit/537.36 (KHTML, like Gecko; compatible; bingbot/2.0; +http://www.bing.com/bingbot.htm) Chrome/116.0.1938.76 Safari/537.36"
178.20.44.82 - - [06/Apr/2025:12:18:35 -0400] "GET /gas-station-slots/ HTTP/1.1" 500 0 "https://ms-georgia.com/gas-station-slots/#comment-7144/" "Mozilla/5.0 (Windows NT 10.0; Win64; x64) AppleWebKit/537.36 (KHTML, like Gecko) Chrome/130.0.0.0 Safari/537.36 CCleaner/130.0.0.0"
178.20.44.82 - - [06/Apr/2025:12:18:36 -0400] "GET / HTTP/1.1" 500 0 "https://ms-georgia.com/" "Mozilla/5.0 (Windows NT 10.0; Win64; x64) AppleWebKit/537.36 (KHTML, like Gecko) Chrome/130.0.0.0 Safari/537.36 CCleaner/130.0.0.0"
190.92.233.210 - - [06/Apr/2025:12:27:02 -0400] "GET /2023/08/page/5/ HTTP/1.1" 500 0 "https://ms-georgia.com/2023/08/page/5/" "Mozilla/5.0 (Windows NT 10.0; Win64; x64) AppleWebKit/537.36 (KHTML, like Gecko) Chrome/116.0.0.0 Safari/537.36"
95.163.255.149 - - [06/Apr/2025:12:31:35 -0400] "GET /robots.txt HTTP/1.1" 500 0 "-" "Mozilla/5.0 (compatible; Linux x86_64; Mail.RU_Bot/Robots/2.0; +https://help.mail.ru/webmaster/indexing/robots)"
95.163.255.147 - - [06/Apr/2025:12:31:38 -0400] "GET / HTTP/1.1" 500 0 "-" "Mozilla/5.0 (compatible; Linux x86_64; Mail.RU_Bot/Favicons/2.0; +https://help.mail.ru/webmaster/indexing/robots)"
95.163.255.145 - - [06/Apr/2025:12:59:19 -0400] "GET / HTTP/1.1" 500 0 "-" "Mozilla/5.0 (compatible; Linux x86_64; Mail.RU_Bot/Favicons/2.0; +https://help.mail.ru/webmaster/indexing/robots)"
34.19.85.195 - - [06/Apr/2025:13:01:24 -0400] "GET /personalized-printed-socks/ HTTP/1.1" 500 0 "-" "Mozilla/5.0 (Macintosh; Intel Mac OS X 10_15_7) AppleWebKit/605.1.15 (KHTML, like Gecko) Version/17.0 Safari/605.1.15"
40.77.167.254 - - [06/Apr/2025:13:03:25 -0400] "GET /exploring-udon-thani-with-a-car-rental/ HTTP/1.1" 500 0 "-" "Mozilla/5.0 AppleWebKit/537.36 (KHTML, like Gecko; compatible; bingbot/2.0; +http://www.bing.com/bingbot.htm) Chrome/116.0.1938.76 Safari/537.36"
182.43.68.38 - - [06/Apr/2025:13:06:19 -0400] "GET /wp-login.php HTTP/1.1" 500 0 "-" "Apache-HttpClient/4.5.2 (Java/1.8.0_161)"
182.43.68.38 - - [06/Apr/2025:13:06:23 -0400] "GET /?author=1 HTTP/1.1" 500 0 "-" "Apache-HttpClient/4.5.2 (Java/1.8.0_161)"
182.43.68.38 - - [06/Apr/2025:13:06:24 -0400] "GET /?author=2 HTTP/1.1" 500 0 "-" "Apache-HttpClient/4.5.2 (Java/1.8.0_161)"
182.43.68.38 - - [06/Apr/2025:13:06:24 -0400] "GET /?author=3 HTTP/1.1" 500 0 "-" "Apache-HttpClient/4.5.2 (Java/1.8.0_161)"
182.43.68.38 - - [06/Apr/2025:13:06:25 -0400] "GET /?author=4 HTTP/1.1" 500 0 "-" "Apache-HttpClient/4.5.2 (Java/1.8.0_161)"
182.43.68.38 - - [06/Apr/2025:13:06:27 -0400] "GET /?author=5 HTTP/1.1" 500 0 "-" "Apache-HttpClient/4.5.2 (Java/1.8.0_161)"
182.43.68.38 - - [06/Apr/2025:13:06:27 -0400] "GET /?author=6 HTTP/1.1" 500 0 "-" "Apache-HttpClient/4.5.2 (Java/1.8.0_161)"
182.43.68.38 - - [06/Apr/2025:13:06:28 -0400] "GET /?author=7 HTTP/1.1" 500 0 "-" "Apache-HttpClient/4.5.2 (Java/1.8.0_161)"
182.43.68.38 - - [06/Apr/2025:13:06:28 -0400] "GET /?author=8 HTTP/1.1" 500 0 "-" "Apache-HttpClient/4.5.2 (Java/1.8.0_161)"
182.43.68.38 - - [06/Apr/2025:13:06:28 -0400] "GET /?author=9 HTTP/1.1" 500 0 "-" "Apache-HttpClient/4.5.2 (Java/1.8.0_161)"
182.43.68.38 - - [06/Apr/2025:13:06:29 -0400] "GET /?author=10 HTTP/1.1" 500 0 "-" "Apache-HttpClient/4.5.2 (Java/1.8.0_161)"
182.43.68.38 - - [06/Apr/2025:13:06:29 -0400] "GET /?author=11 HTTP/1.1" 500 0 "-" "Apache-HttpClient/4.5.2 (Java/1.8.0_161)"
182.43.68.38 - - [06/Apr/2025:13:06:30 -0400] "GET /?author=12 HTTP/1.1" 500 0 "-" "Apache-HttpClient/4.5.2 (Java/1.8.0_161)"
182.43.68.38 - - [06/Apr/2025:13:06:30 -0400] "GET /?author=13 HTTP/1.1" 500 0 "-" "Apache-HttpClient/4.5.2 (Java/1.8.0_161)"
182.43.68.38 - - [06/Apr/2025:13:06:31 -0400] "GET /?author=14 HTTP/1.1" 500 0 "-" "Apache-HttpClient/4.5.2 (Java/1.8.0_161)"
182.43.68.38 - - [06/Apr/2025:13:06:31 -0400] "GET /?author=15 HTTP/1.1" 500 0 "-" "Apache-HttpClient/4.5.2 (Java/1.8.0_161)"
182.43.68.38 - - [06/Apr/2025:13:06:32 -0400] "GET /?author=16 HTTP/1.1" 500 0 "-" "Apache-HttpClient/4.5.2 (Java/1.8.0_161)"
182.43.68.38 - - [06/Apr/2025:13:06:32 -0400] "GET /?author=17 HTTP/1.1" 500 0 "-" "Apache-HttpClient/4.5.2 (Java/1.8.0_161)"
182.43.68.38 - - [06/Apr/2025:13:06:33 -0400] "GET /?author=18 HTTP/1.1" 500 0 "-" "Apache-HttpClient/4.5.2 (Java/1.8.0_161)"
182.43.68.38 - - [06/Apr/2025:13:06:33 -0400] "GET /?author=19 HTTP/1.1" 500 0 "-" "Apache-HttpClient/4.5.2 (Java/1.8.0_161)"
182.43.68.38 - - [06/Apr/2025:13:06:34 -0400] "GET /?author=20 HTTP/1.1" 500 0 "-" "Apache-HttpClient/4.5.2 (Java/1.8.0_161)"
34.169.31.233 - - [06/Apr/2025:13:06:50 -0400] "GET /unveiling-the-evolution-of-online-casinos-a-modern-gaming-frontier/ HTTP/1.1" 500 0 "-" "Mozilla/5.0 (Macintosh; Intel Mac OS X 10.15; rv:109.0) Gecko/20100101 Firefox/116.0"
34.19.85.195 - - [06/Apr/2025:13:07:02 -0400] "GET /have-you-got-the-right-bags-for-your-business/ HTTP/1.1" 500 0 "-" "Mozilla/5.0 (Macintosh; Intel Mac OS X 10.15; rv:109.0) Gecko/20100101 Firefox/116.0"
34.127.29.78 - - [06/Apr/2025:13:07:15 -0400] "GET /careprost-eyelash-serum-uk/ HTTP/1.1" 500 0 "-" "Mozilla/5.0 (Macintosh; Intel Mac OS X 10.15; rv:109.0) Gecko/20100101 Firefox/116.0"
34.19.85.195 - - [06/Apr/2025:13:08:40 -0400] "GET /how-to-locate-a-lost-car-key/ HTTP/1.1" 500 0 "-" "Mozilla/5.0 (Macintosh; Intel Mac OS X 10_15_7) AppleWebKit/605.1.15 (KHTML, like Gecko) Version/17.0 Safari/605.1.15"
98.85.3.114 - - [06/Apr/2025:13:09:57 -0400] "GET /the-ultimate-guide-to-bathroom-renovations/ HTTP/1.1" 500 0 "-" "Grammarly/1.0 (http://www.grammarly.com)"
34.169.31.233 - - [06/Apr/2025:13:10:41 -0400] "GET /the-fastest-tool-to-download-youtube-videos-on-mac/ HTTP/1.1" 500 0 "-" "Mozilla/5.0 (Macintosh; Intel Mac OS X 10.15; rv:109.0) Gecko/20100101 Firefox/116.0"
185.191.171.1 - - [06/Apr/2025:13:10:51 -0400] "GET /robots.txt HTTP/1.1" 500 0 "-" "Mozilla/5.0 (compatible; SemrushBot/7~bl; +http://www.semrush.com/bot.html)"
85.208.96.197 - - [06/Apr/2025:13:10:51 -0400] "GET /the-workings-of-the-typical-internet-casino-explored/ HTTP/1.1" 500 0 "-" "Mozilla/5.0 (compatible; SemrushBot/7~bl; +http://www.semrush.com/bot.html)"
2a00:7c80:0:25c::2 - - [06/Apr/2025:13:11:02 -0400] "GET / HTTP/1.1" 500 0 "-" "Mozilla/5.0 (Fedora; Linux i686; rv:123.0) Gecko/20100101 Firefox/123.0"
34.169.189.46 - - [06/Apr/2025:13:11:49 -0400] "GET /how-to-make-magic-mushroom-chocolate-bars/ HTTP/1.1" 500 0 "-" "Mozilla/5.0 (Windows NT 10.0; Win64; x64) AppleWebKit/537.36 (KHTML, like Gecko) Chrome/123.0.0.0 Safari/537.36"
27.42.64.13 - - [06/Apr/2025:13:18:43 -0400] "GET /what-does-rendered-image-mean-on-iphone/ HTTP/1.1" 500 0 "https://ms-georgia.com" "Mozilla/5.0 (Windows NT 10.0; Win64; x64) AppleWebKit/537.36 (KHTML, like Gecko) Chrome/62.0.3202.94 Safari/537.36"
27.42.64.13 - - [06/Apr/2025:13:18:44 -0400] "GET /what-does-rendered-image-mean-on-iphone/ HTTP/1.1" 500 0 "https://ms-georgia.com" "Mozilla/5.0 (Windows NT 10.0; Win64; x64) AppleWebKit/537.36 (KHTML, like Gecko) Chrome/62.0.3202.94 Safari/537.36"
27.42.64.13 - - [06/Apr/2025:13:18:45 -0400] "GET /what-does-rendered-image-mean-on-iphone/ HTTP/1.1" 500 0 "https://ms-georgia.com" "Mozilla/5.0 (Windows NT 10.0; Win64; x64) AppleWebKit/537.36 (KHTML, like Gecko) Chrome/62.0.3202.94 Safari/537.36"
27.42.64.13 - - [06/Apr/2025:13:18:46 -0400] "GET /what-does-rendered-image-mean-on-iphone/ HTTP/1.1" 500 0 "https://ms-georgia.com" "Mozilla/5.0 (Windows NT 10.0; Win64; x64) AppleWebKit/537.36 (KHTML, like Gecko) Chrome/62.0.3202.94 Safari/537.36"
34.127.29.78 - - [06/Apr/2025:13:19:48 -0400] "GET /why-choose-an-oil-filled-radiator/ HTTP/1.1" 500 0 "-" "Mozilla/5.0 (Macintosh; Intel Mac OS X 10_15_7) AppleWebKit/605.1.15 (KHTML, like Gecko) Version/17.0 Safari/605.1.15"
98.85.3.114 - - [06/Apr/2025:13:21:20 -0400] "GET /the-ultimate-guide-to-bathroom-renovations/ HTTP/1.1" 500 0 "-" "Grammarly/1.0 (http://www.grammarly.com)"
34.145.20.211 - - [06/Apr/2025:13:21:23 -0400] "GET /rv-ac-units-how-to-choose-the-right-one-for-your-rv/ HTTP/1.1" 500 0 "-" "Mozilla/5.0 (Windows NT 10.0; Win64; x64) AppleWebKit/537.36 (KHTML, like Gecko) Chrome/123.0.0.0 Safari/537.36"
44.219.80.189 - - [06/Apr/2025:13:23:40 -0400] "GET /streamlining-data-movement-the-dynamics-of-file-transfer/ HTTP/1.1" 500 0 "-" "Grammarly/1.0 (http://www.grammarly.com)"
178.20.44.82 - - [06/Apr/2025:13:26:44 -0400] "GET /gas-station-slots/ HTTP/1.1" 500 0 "https://ms-georgia.com/gas-station-slots/#comment-7144/" "Mozilla/5.0 (Windows NT 10.0; Win64; x64) AppleWebKit/537.36 (KHTML, like Gecko) Chrome/129.0.0.0 Safari/537.36"
178.20.44.82 - - [06/Apr/2025:13:26:45 -0400] "GET / HTTP/1.1" 500 0 "https://ms-georgia.com/" "Mozilla/5.0 (Windows NT 10.0; Win64; x64) AppleWebKit/537.36 (KHTML, like Gecko) Chrome/129.0.0.0 Safari/537.36"
34.169.189.46 - - [06/Apr/2025:13:29:27 -0400] "GET /jilibet-slot-games-review/ HTTP/1.1" 500 0 "-" "Mozilla/5.0 (Macintosh; Intel Mac OS X 10.15; rv:109.0) Gecko/20100101 Firefox/116.0"
2a03:7720::14 - - [06/Apr/2025:13:51:43 -0400] "GET /wp-login.php HTTP/1.1" 500 0 "-" "GRequests/0.10"
2a03:7720::14 - - [06/Apr/2025:13:51:45 -0400] "POST /wp-login.php HTTP/1.1" 500 0 "-" "GRequests/0.10"
2a03:7720::14 - - [06/Apr/2025:13:51:45 -0400] "GET /wp-admin/ HTTP/1.1" 500 0 "-" "GRequests/0.10"
71.40.108.36 - - [06/Apr/2025:13:53:21 -0400] "GET /wp-login.php HTTP/1.1" 500 0 "-" "GRequests/0.10"
71.40.108.36 - - [06/Apr/2025:13:53:24 -0400] "POST /wp-login.php HTTP/1.1" 500 0 "-" "GRequests/0.10"
71.40.108.36 - - [06/Apr/2025:13:53:26 -0400] "GET /wp-admin/ HTTP/1.1" 500 0 "-" "GRequests/0.10"
34.169.31.233 - - [06/Apr/2025:13:58:07 -0400] "GET /tips-for-buying-an-online-paintball-gun-for-sale/ HTTP/1.1" 500 0 "-" "Mozilla/5.0 (Macintosh; Intel Mac OS X 10.15; rv:109.0) Gecko/20100101 Firefox/116.0"
34.145.20.211 - - [06/Apr/2025:13:58:29 -0400] "GET /what-does-the-lock-symbol-mean-on-iphone/ HTTP/1.1" 500 0 "-" "Mozilla/5.0 (Macintosh; Intel Mac OS X 10.15; rv:109.0) Gecko/20100101 Firefox/116.0"
34.169.216.138 - - [06/Apr/2025:14:00:24 -0400] "GET /qfc-moves-to-wedgwood-center-in-seattle/ HTTP/1.1" 500 0 "-" "Mozilla/5.0 (Macintosh; Intel Mac OS X 10.15; rv:109.0) Gecko/20100101 Firefox/116.0"
88.234.83.198 - - [06/Apr/2025:14:08:26 -0400] "GET /choosing-a-professional-resume-writing-service-near-me/ HTTP/1.1" 500 0 "-" "Mozilla/5.0 (Windows NT 5.0) AppleWebKit/532.2 (KHTML, like Gecko) Chrome/26.0.873.0 Safari/532.2"
189.94.230.3 - - [06/Apr/2025:14:08:43 -0400] "GET /choosing-a-professional-resume-writing-service-near-me/ HTTP/1.1" 500 0 "-" "Mozilla/5.0 (Linux; Android 2.3.3) AppleWebKit/532.0 (KHTML, like Gecko) Chrome/53.0.842.0 Safari/532.0"
143.202.126.221 - - [06/Apr/2025:14:08:49 -0400] "GET /choosing-a-professional-resume-writing-service-near-me/ HTTP/1.1" 500 0 "-" "Mozilla/5.0 (Macintosh; Intel Mac OS X 10_9_4 rv:4.0; az-AZ) AppleWebKit/531.18.1 (KHTML, like Gecko) Version/4.0.3 Safari/531.18.1"
27.42.64.13 - - [06/Apr/2025:14:17:52 -0400] "GET /in-home-care-services-for-seniors/ HTTP/1.1" 500 0 "https://ms-georgia.com" "Mozilla/5.0 (Windows NT 10.0; Win64; x64) AppleWebKit/537.36 (KHTML, like Gecko) Chrome/62.0.3202.94 Safari/537.36"
27.42.64.13 - - [06/Apr/2025:14:17:53 -0400] "GET /in-home-care-services-for-seniors/ HTTP/1.1" 500 0 "https://ms-georgia.com" "Mozilla/5.0 (Windows NT 10.0; Win64; x64) AppleWebKit/537.36 (KHTML, like Gecko) Chrome/62.0.3202.94 Safari/537.36"
27.42.64.13 - - [06/Apr/2025:14:17:55 -0400] "GET /in-home-care-services-for-seniors/ HTTP/1.1" 500 0 "https://ms-georgia.com" "Mozilla/5.0 (Windows NT 10.0; Win64; x64) AppleWebKit/537.36 (KHTML, like Gecko) Chrome/62.0.3202.94 Safari/537.36"
27.42.64.13 - - [06/Apr/2025:14:17:56 -0400] "GET /in-home-care-services-for-seniors/ HTTP/1.1" 500 0 "https://ms-georgia.com" "Mozilla/5.0 (Windows NT 10.0; Win64; x64) AppleWebKit/537.36 (KHTML, like Gecko) Chrome/62.0.3202.94 Safari/537.36"
34.19.85.195 - - [06/Apr/2025:14:19:01 -0400] "GET /navigating-intimacy-the-role-of-a-sex-therapist-in-san-diego/ HTTP/1.1" 500 0 "-" "Mozilla/5.0 (Macintosh; Intel Mac OS X 10.15; rv:109.0) Gecko/20100101 Firefox/116.0"
34.19.85.195 - - [06/Apr/2025:14:19:54 -0400] "GET /changes-to-duty-on-red-diesel/ HTTP/1.1" 500 0 "-" "Mozilla/5.0 (Macintosh; Intel Mac OS X 10_15_7) AppleWebKit/605.1.15 (KHTML, like Gecko) Version/17.0 Safari/605.1.15"
34.145.20.211 - - [06/Apr/2025:14:30:33 -0400] "GET /finding-the-best-german-lessons-nearby/ HTTP/1.1" 500 0 "-" "Mozilla/5.0 (Windows NT 10.0; Win64; x64) AppleWebKit/537.36 (KHTML, like Gecko) Chrome/123.0.0.0 Safari/537.36"
34.169.175.120 - - [06/Apr/2025:14:31:54 -0400] "GET /real-estate-videos-in-christchurch-a-game-changer/ HTTP/1.1" 500 0 "-" "Mozilla/5.0 (Windows NT 10.0; Win64; x64) AppleWebKit/537.36 (KHTML, like Gecko) Chrome/123.0.0.0 Safari/537.36"
34.127.29.78 - - [06/Apr/2025:14:33:22 -0400] "GET /the-digital-thrill-exploring-the-world-of-online-casinos/ HTTP/1.1" 200 0 "-" "Mozilla/5.0 (Windows NT 10.0; Win64; x64) AppleWebKit/537.36 (KHTML, like Gecko) Chrome/123.0.0.0 Safari/537.36"
34.127.29.78 - - [06/Apr/2025:14:33:24 -0400] "GET /the-decision-to-depart/ HTTP/1.1" 200 0 "-" "Mozilla/5.0 (Macintosh; Intel Mac OS X 10.15; rv:109.0) Gecko/20100101 Firefox/116.0"
34.19.85.195 - - [06/Apr/2025:14:35:51 -0400] "GET /property-in-austria-guide-to-buying-property-in-austria/ HTTP/1.1" 200 0 "-" "Mozilla/5.0 (Macintosh; Intel Mac OS X 10.15; rv:109.0) Gecko/20100101 Firefox/116.0"
34.169.31.233 - - [06/Apr/2025:14:37:38 -0400] "GET /web-design-in-dubai/ HTTP/1.1" 500 0 "-" "Mozilla/5.0 (Windows NT 10.0; Win64; x64) AppleWebKit/537.36 (KHTML, like Gecko) Chrome/123.0.0.0 Safari/537.36"
51.8.102.45 - - [06/Apr/2025:14:39:21 -0400] "GET /robots.txt HTTP/1.1" 500 0 "-" "Mozilla/5.0 (Macintosh; Intel Mac OS X 10_15_7) AppleWebKit/537.36 (KHTML, like Gecko) Chrome/131.0.0.0 Safari/537.36; compatible; OAI-SearchBot/1.0; +https://openai.com/searchbot"
27.42.64.13 - - [06/Apr/2025:14:39:35 -0400] "GET /what-does-rendered-image-mean-on-iphone/ HTTP/1.1" 500 0 "https://ms-georgia.com" "Mozilla/5.0 (Windows NT 10.0; Win64; x64) AppleWebKit/537.36 (KHTML, like Gecko) Chrome/62.0.3202.94 Safari/537.36"
27.42.64.13 - - [06/Apr/2025:14:39:36 -0400] "GET /what-does-rendered-image-mean-on-iphone/ HTTP/1.1" 500 0 "https://ms-georgia.com" "Mozilla/5.0 (Windows NT 10.0; Win64; x64) AppleWebKit/537.36 (KHTML, like Gecko) Chrome/62.0.3202.94 Safari/537.36"
27.42.64.13 - - [06/Apr/2025:14:39:37 -0400] "GET /what-does-rendered-image-mean-on-iphone/ HTTP/1.1" 500 0 "https://ms-georgia.com" "Mozilla/5.0 (Windows NT 10.0; Win64; x64) AppleWebKit/537.36 (KHTML, like Gecko) Chrome/62.0.3202.94 Safari/537.36"
27.42.64.13 - - [06/Apr/2025:14:39:39 -0400] "GET /what-does-rendered-image-mean-on-iphone/ HTTP/1.1" 500 0 "https://ms-georgia.com" "Mozilla/5.0 (Windows NT 10.0; Win64; x64) AppleWebKit/537.36 (KHTML, like Gecko) Chrome/62.0.3202.94 Safari/537.36"
34.169.175.120 - - [06/Apr/2025:14:40:46 -0400] "GET /advertising-led-screen/ HTTP/1.1" 500 0 "-" "Mozilla/5.0 (Macintosh; Intel Mac OS X 10_15_7) AppleWebKit/605.1.15 (KHTML, like Gecko) Version/17.0 Safari/605.1.15"
185.231.154.128 - - [06/Apr/2025:14:41:17 -0400] "GET /gas-station-slots/ HTTP/1.1" 500 0 "https://ms-georgia.com/gas-station-slots/#comment-7144" "Mozilla/5.0 (Windows NT 10.0; Win64; x64) AppleWebKit/537.36 (KHTML, like Gecko) Chrome/129.0.0.0 Safari/537.36"
185.231.154.128 - - [06/Apr/2025:14:41:18 -0400] "GET /gas-station-slots/ HTTP/1.1" 500 0 "https://ms-georgia.com/gas-station-slots/#comment-7144" "Mozilla/5.0 (Windows NT 10.0; Win64; x64) AppleWebKit/537.36 (KHTML, like Gecko) Chrome/130.0.0.0 Safari/537.36 CCleaner/130.0.0.0"
185.231.154.128 - - [06/Apr/2025:14:41:19 -0400] "GET / HTTP/1.1" 500 0 "https://ms-georgia.com/" "Mozilla/5.0 (Windows NT 10.0; Win64; x64) AppleWebKit/537.36 (KHTML, like Gecko) Chrome/129.0.0.0 Safari/537.36"
185.231.154.128 - - [06/Apr/2025:14:41:19 -0400] "GET / HTTP/1.1" 500 0 "https://ms-georgia.com/" "Mozilla/5.0 (Windows NT 10.0; Win64; x64) AppleWebKit/537.36 (KHTML, like Gecko) Chrome/130.0.0.0 Safari/537.36 CCleaner/130.0.0.0"
34.127.29.78 - - [06/Apr/2025:14:41:39 -0400] "GET /a-blend-of-nature-and-luxury/ HTTP/1.1" 500 0 "-" "Mozilla/5.0 (Windows NT 10.0; Win64; x64) AppleWebKit/537.36 (KHTML, like Gecko) Chrome/123.0.0.0 Safari/537.36"
125.88.231.98 - - [06/Apr/2025:14:43:51 -0400] "GET /wp-login.php HTTP/1.1" 500 0 "-" "Apache-HttpClient/4.5.2 (Java/1.8.0_161)"
125.88.231.98 - - [06/Apr/2025:14:43:53 -0400] "GET /?author=1 HTTP/1.1" 500 0 "-" "Apache-HttpClient/4.5.2 (Java/1.8.0_161)"
125.88.231.98 - - [06/Apr/2025:14:43:54 -0400] "GET /?author=2 HTTP/1.1" 500 0 "-" "Apache-HttpClient/4.5.2 (Java/1.8.0_161)"
125.88.231.98 - - [06/Apr/2025:14:43:54 -0400] "GET /?author=3 HTTP/1.1" 500 0 "-" "Apache-HttpClient/4.5.2 (Java/1.8.0_161)"
125.88.231.98 - - [06/Apr/2025:14:43:55 -0400] "GET /?author=4 HTTP/1.1" 500 0 "-" "Apache-HttpClient/4.5.2 (Java/1.8.0_161)"
125.88.231.98 - - [06/Apr/2025:14:43:56 -0400] "GET /?author=5 HTTP/1.1" 500 0 "-" "Apache-HttpClient/4.5.2 (Java/1.8.0_161)"
125.88.231.98 - - [06/Apr/2025:14:43:56 -0400] "GET /?author=6 HTTP/1.1" 500 0 "-" "Apache-HttpClient/4.5.2 (Java/1.8.0_161)"
125.88.231.98 - - [06/Apr/2025:14:43:57 -0400] "GET /?author=7 HTTP/1.1" 500 0 "-" "Apache-HttpClient/4.5.2 (Java/1.8.0_161)"
125.88.231.98 - - [06/Apr/2025:14:43:58 -0400] "GET /?author=8 HTTP/1.1" 500 0 "-" "Apache-HttpClient/4.5.2 (Java/1.8.0_161)"
125.88.231.98 - - [06/Apr/2025:14:43:58 -0400] "GET /?author=9 HTTP/1.1" 500 0 "-" "Apache-HttpClient/4.5.2 (Java/1.8.0_161)"
125.88.231.98 - - [06/Apr/2025:14:43:59 -0400] "GET /?author=10 HTTP/1.1" 500 0 "-" "Apache-HttpClient/4.5.2 (Java/1.8.0_161)"
125.88.231.98 - - [06/Apr/2025:14:44:00 -0400] "GET /?author=11 HTTP/1.1" 500 0 "-" "Apache-HttpClient/4.5.2 (Java/1.8.0_161)"
125.88.231.98 - - [06/Apr/2025:14:44:01 -0400] "GET /?author=12 HTTP/1.1" 500 0 "-" "Apache-HttpClient/4.5.2 (Java/1.8.0_161)"
125.88.231.98 - - [06/Apr/2025:14:44:02 -0400] "GET /?author=13 HTTP/1.1" 500 0 "-" "Apache-HttpClient/4.5.2 (Java/1.8.0_161)"
125.88.231.98 - - [06/Apr/2025:14:44:03 -0400] "GET /?author=14 HTTP/1.1" 500 0 "-" "Apache-HttpClient/4.5.2 (Java/1.8.0_161)"
125.88.231.98 - - [06/Apr/2025:14:44:04 -0400] "GET /?author=15 HTTP/1.1" 500 0 "-" "Apache-HttpClient/4.5.2 (Java/1.8.0_161)"
125.88.231.98 - - [06/Apr/2025:14:44:05 -0400] "GET /?author=16 HTTP/1.1" 500 0 "-" "Apache-HttpClient/4.5.2 (Java/1.8.0_161)"
125.88.231.98 - - [06/Apr/2025:14:44:06 -0400] "GET /?author=17 HTTP/1.1" 500 0 "-" "Apache-HttpClient/4.5.2 (Java/1.8.0_161)"
125.88.231.98 - - [06/Apr/2025:14:44:08 -0400] "GET /?author=18 HTTP/1.1" 500 0 "-" "Apache-HttpClient/4.5.2 (Java/1.8.0_161)"
125.88.231.98 - - [06/Apr/2025:14:44:08 -0400] "GET /?author=19 HTTP/1.1" 500 0 "-" "Apache-HttpClient/4.5.2 (Java/1.8.0_161)"
125.88.231.98 - - [06/Apr/2025:14:44:09 -0400] "GET /?author=20 HTTP/1.1" 500 0 "-" "Apache-HttpClient/4.5.2 (Java/1.8.0_161)"
34.169.216.138 - - [06/Apr/2025:14:45:58 -0400] "GET /deciphering-upper-shoulder-blade-pain-causes-symptoms-and-remedies/ HTTP/1.1" 500 0 "-" "Mozilla/5.0 (Macintosh; Intel Mac OS X 10_15_7) AppleWebKit/605.1.15 (KHTML, like Gecko) Version/17.0 Safari/605.1.15"
27.42.64.13 - - [06/Apr/2025:14:46:20 -0400] "GET /in-home-care-services-for-seniors/ HTTP/1.1" 500 0 "https://ms-georgia.com" "Mozilla/5.0 (Windows NT 10.0; Win64; x64) AppleWebKit/537.36 (KHTML, like Gecko) Chrome/62.0.3202.94 Safari/537.36"
27.42.64.13 - - [06/Apr/2025:14:46:21 -0400] "GET /in-home-care-services-for-seniors/ HTTP/1.1" 500 0 "https://ms-georgia.com" "Mozilla/5.0 (Windows NT 10.0; Win64; x64) AppleWebKit/537.36 (KHTML, like Gecko) Chrome/62.0.3202.94 Safari/537.36"
27.42.64.13 - - [06/Apr/2025:14:46:22 -0400] "GET /in-home-care-services-for-seniors/ HTTP/1.1" 500 0 "https://ms-georgia.com" "Mozilla/5.0 (Windows NT 10.0; Win64; x64) AppleWebKit/537.36 (KHTML, like Gecko) Chrome/62.0.3202.94 Safari/537.36"
27.42.64.13 - - [06/Apr/2025:14:46:23 -0400] "GET /in-home-care-services-for-seniors/ HTTP/1.1" 500 0 "https://ms-georgia.com" "Mozilla/5.0 (Windows NT 10.0; Win64; x64) AppleWebKit/537.36 (KHTML, like Gecko) Chrome/62.0.3202.94 Safari/537.36"
34.145.20.211 - - [06/Apr/2025:14:47:55 -0400] "GET /reduce-electricity-bills-via-these-energy-conservation-tips/ HTTP/1.1" 500 0 "-" "Mozilla/5.0 (Macintosh; Intel Mac OS X 10.15; rv:109.0) Gecko/20100101 Firefox/116.0"
34.169.189.46 - - [06/Apr/2025:14:49:52 -0400] "GET /escaping-the-malthusian-trap/ HTTP/1.1" 500 0 "-" "Mozilla/5.0 (Macintosh; Intel Mac OS X 10_15_7) AppleWebKit/605.1.15 (KHTML, like Gecko) Version/17.0 Safari/605.1.15"
27.42.64.13 - - [06/Apr/2025:14:53:35 -0400] "GET /fine-pitch-led-display/ HTTP/1.1" 500 0 "https://ms-georgia.com" "Mozilla/5.0 (Windows NT 10.0; Win64; x64) AppleWebKit/537.36 (KHTML, like Gecko) Chrome/62.0.3202.94 Safari/537.36"
27.42.64.13 - - [06/Apr/2025:14:53:38 -0400] "GET /fine-pitch-led-display/ HTTP/1.1" 500 0 "https://ms-georgia.com" "Mozilla/5.0 (Windows NT 10.0; Win64; x64) AppleWebKit/537.36 (KHTML, like Gecko) Chrome/62.0.3202.94 Safari/537.36"
34.19.85.195 - - [06/Apr/2025:14:55:20 -0400] "GET /the-game-changing-comfort-unveiling-the-power-of-sports-grip-socks/ HTTP/1.1" 500 0 "-" "Mozilla/5.0 (Windows NT 10.0; Win64; x64) AppleWebKit/537.36 (KHTML, like Gecko) Chrome/123.0.0.0 Safari/537.36"
34.205.176.207 - - [06/Apr/2025:15:00:50 -0400] "GET /streamlining-data-movement-the-dynamics-of-file-transfer/ HTTP/1.1" 500 0 "-" "Grammarly/1.0 (http://www.grammarly.com)"
27.42.64.13 - - [06/Apr/2025:15:02:15 -0400] "GET /what-does-rendered-image-mean-on-iphone/ HTTP/1.1" 200 0 "https://ms-georgia.com" "Mozilla/5.0 (Windows NT 10.0; Win64; x64) AppleWebKit/537.36 (KHTML, like Gecko) Chrome/62.0.3202.94 Safari/537.36"
34.169.31.233 - - [06/Apr/2025:15:06:16 -0400] "GET /a-glimpse-into-contemporary-elegance/ HTTP/1.1" 500 0 "-" "Mozilla/5.0 (Windows NT 10.0; Win64; x64) AppleWebKit/537.36 (KHTML, like Gecko) Chrome/123.0.0.0 Safari/537.36"
34.169.189.46 - - [06/Apr/2025:15:08:57 -0400] "GET /web-design-in-dubai/ HTTP/1.1" 500 0 "-" "Mozilla/5.0 (Windows NT 10.0; Win64; x64) AppleWebKit/537.36 (KHTML, like Gecko) Chrome/123.0.0.0 Safari/537.36"
34.169.31.233 - - [06/Apr/2025:15:09:04 -0400] "GET /turn-your-conservatory-into-a-room-that-you-can-enjoy-all-year-round/ HTTP/1.1" 500 0 "-" "Mozilla/5.0 (Windows NT 10.0; Win64; x64) AppleWebKit/537.36 (KHTML, like Gecko) Chrome/123.0.0.0 Safari/537.36"
34.19.85.195 - - [06/Apr/2025:15:11:52 -0400] "GET /enhancing-efficiency-and-longevity-the-role-of-rv-fridge-fans/ HTTP/1.1" 500 0 "-" "Mozilla/5.0 (Macintosh; Intel Mac OS X 10.15; rv:109.0) Gecko/20100101 Firefox/116.0"
74.208.61.9 - - [06/Apr/2025:15:15:18 -0400] "GET /wp-login.php HTTP/1.1" 500 0 "-" "GRequests/0.10"
74.208.61.9 - - [06/Apr/2025:15:15:29 -0400] "POST /wp-login.php HTTP/1.1" 500 0 "-" "GRequests/0.10"
74.208.61.9 - - [06/Apr/2025:15:15:35 -0400] "GET /wp-admin/ HTTP/1.1" 500 0 "-" "GRequests/0.10"
34.169.31.233 - - [06/Apr/2025:15:17:21 -0400] "GET /what-to-look-for-in-a-belt-cutting-machine/ HTTP/1.1" 500 0 "-" "Mozilla/5.0 (Windows NT 10.0; Win64; x64) AppleWebKit/537.36 (KHTML, like Gecko) Chrome/123.0.0.0 Safari/537.36"
103.78.217.131 - - [06/Apr/2025:15:23:28 -0400] "GET /dating-photography-the-art-of-getting-great-photos-for-your-dating-profile/ HTTP/1.1" 500 0 "-" "Mozilla/5.0 (Windows NT 10.0; WOW64) AppleWebKit/537.36 (KHTML, like Gecko) Chrome/114.0.0.0 Safari/537.36 Vivaldi/5.3.2679.68"
103.78.217.131 - - [06/Apr/2025:15:23:30 -0400] "GET /dating-photography-the-art-of-getting-great-photos-for-your-dating-profile/ HTTP/1.1" 500 0 "-" "Mozilla/5.0 (Windows NT 10.0; WOW64) AppleWebKit/537.36 (KHTML, like Gecko) Chrome/114.0.0.0 Safari/537.36 Vivaldi/5.3.2679.68"
103.78.217.131 - - [06/Apr/2025:15:23:30 -0400] "GET /dating-photography-the-art-of-getting-great-photos-for-your-dating-profile/ HTTP/1.1" 500 0 "-" "Mozilla/5.0 (Windows NT 10.0; WOW64) AppleWebKit/537.36 (KHTML, like Gecko) Chrome/114.0.0.0 Safari/537.36 Vivaldi/5.3.2679.68"
34.83.238.29 - - [06/Apr/2025:15:29:10 -0400] "GET /innovative-solutions-crafting-quality-double-sided-adhesive-tapes/ HTTP/1.1" 500 0 "-" "Mozilla/5.0 (Windows NT 10.0; Win64; x64) AppleWebKit/537.36 (KHTML, like Gecko) Chrome/123.0.0.0 Safari/537.36"
34.83.238.29 - - [06/Apr/2025:15:29:18 -0400] "GET /top-10-of-the-worlds-most-expensive-mega-yachts/ HTTP/1.1" 500 0 "-" "Mozilla/5.0 (Macintosh; Intel Mac OS X 10_15_7) AppleWebKit/605.1.15 (KHTML, like Gecko) Version/17.0 Safari/605.1.15"
85.208.96.193 - - [06/Apr/2025:15:31:57 -0400] "GET /robots.txt HTTP/1.1" 500 0 "-" "Mozilla/5.0 (compatible; SemrushBot/7~bl; +http://www.semrush.com/bot.html)"
185.191.171.6 - - [06/Apr/2025:15:31:58 -0400] "GET /the-essentials-of-dropping-off-at-heathrow-airport/ HTTP/1.1" 500 0 "-" "Mozilla/5.0 (compatible; SemrushBot/7~bl; +http://www.semrush.com/bot.html)"
34.127.29.78 - - [06/Apr/2025:15:34:38 -0400] "GET /how-to-choose-a-marriage-anniversary-cake/ HTTP/1.1" 500 0 "-" "Mozilla/5.0 (Macintosh; Intel Mac OS X 10_15_7) AppleWebKit/605.1.15 (KHTML, like Gecko) Version/17.0 Safari/605.1.15"
34.169.31.233 - - [06/Apr/2025:15:35:25 -0400] "GET /how-much-does-a-maid-service-cost/ HTTP/1.1" 500 0 "-" "Mozilla/5.0 (Windows NT 10.0; Win64; x64) AppleWebKit/537.36 (KHTML, like Gecko) Chrome/123.0.0.0 Safari/537.36"
34.169.216.138 - - [06/Apr/2025:15:35:52 -0400] "GET /buy-youtube-shares-what-you-need-to-know-before-making-a-purchase/ HTTP/1.1" 500 0 "-" "Mozilla/5.0 (Macintosh; Intel Mac OS X 10.15; rv:109.0) Gecko/20100101 Firefox/116.0"
34.169.216.138 - - [06/Apr/2025:15:35:52 -0400] "GET /home-theater-systems-canada/ HTTP/1.1" 500 0 "-" "Mozilla/5.0 (Macintosh; Intel Mac OS X 10_15_7) AppleWebKit/605.1.15 (KHTML, like Gecko) Version/17.0 Safari/605.1.15"
2a03:2880:3ff:6:: - - [06/Apr/2025:15:35:58 -0400] "GET /robots.txt HTTP/1.1" 500 0 "-" "facebookexternalhit/1.1 (+http://www.facebook.com/externalhit_uatext.php)"
34.83.238.29 - - [06/Apr/2025:15:37:13 -0400] "GET /elevating-your-style-the-timeless-appeal-of-custom-suits/ HTTP/1.1" 500 0 "-" "Mozilla/5.0 (Windows NT 10.0; Win64; x64) AppleWebKit/537.36 (KHTML, like Gecko) Chrome/123.0.0.0 Safari/537.36"
52.167.144.168 - - [06/Apr/2025:15:39:32 -0400] "GET /?s=2025 HTTP/1.1" 500 0 "-" "Mozilla/5.0 AppleWebKit/537.36 (KHTML, like Gecko; compatible; bingbot/2.0; +http://www.bing.com/bingbot.htm) Chrome/116.0.1938.76 Safari/537.36"
34.127.29.78 - - [06/Apr/2025:15:39:33 -0400] "GET /how-to-get-a-vyvanse-prescription-online/ HTTP/1.1" 500 0 "-" "Mozilla/5.0 (Macintosh; Intel Mac OS X 10_15_7) AppleWebKit/605.1.15 (KHTML, like Gecko) Version/17.0 Safari/605.1.15"
34.169.175.120 - - [06/Apr/2025:15:40:03 -0400] "GET /some-interesting-birthday-cake-ideas/ HTTP/1.1" 500 0 "-" "Mozilla/5.0 (Macintosh; Intel Mac OS X 10_15_7) AppleWebKit/605.1.15 (KHTML, like Gecko) Version/17.0 Safari/605.1.15"
34.169.175.120 - - [06/Apr/2025:15:40:14 -0400] "GET /the-basics-of-casino-poker/ HTTP/1.1" 500 0 "-" "Mozilla/5.0 (Windows NT 10.0; Win64; x64) AppleWebKit/537.36 (KHTML, like Gecko) Chrome/123.0.0.0 Safari/537.36"
157.55.39.223 - - [06/Apr/2025:15:41:31 -0400] "GET /robots.txt HTTP/1.1" 500 0 "-" "Mozilla/5.0 AppleWebKit/537.36 (KHTML, like Gecko; compatible; bingbot/2.0; +http://www.bing.com/bingbot.htm) Chrome/116.0.1938.76 Safari/537.36"
52.167.144.196 - - [06/Apr/2025:15:42:11 -0400] "GET /winnie-the-pooh-quotes/feed/ HTTP/1.1" 500 0 "-" "Mozilla/5.0 AppleWebKit/537.36 (KHTML, like Gecko; compatible; bingbot/2.0; +http://www.bing.com/bingbot.htm) Chrome/116.0.1938.76 Safari/537.36"
34.169.189.46 - - [06/Apr/2025:15:52:26 -0400] "GET /how-to-get-a-vyvanse-prescription-online/ HTTP/1.1" 500 0 "-" "Mozilla/5.0 (Windows NT 10.0; Win64; x64) AppleWebKit/537.36 (KHTML, like Gecko) Chrome/123.0.0.0 Safari/537.36"
64.124.8.191 - - [06/Apr/2025:15:57:59 -0400] "GET /robots.txt HTTP/1.1" 500 0 "-" "Mozilla/5.0 (compatible; ImagesiftBot; +imagesift.com)"
64.124.8.191 - - [06/Apr/2025:15:58:00 -0400] "GET /une-entreprise-disolation-a-geneve-reduire-les-pertes-denergie/ HTTP/1.1" 500 0 "-" "Mozilla/5.0 (compatible; ImagesiftBot; +imagesift.com)"
20.26.44.163 - - [06/Apr/2025:15:58:18 -0400] "GET /exploring-udon-thani-with-a-car-rental/ HTTP/1.1" 500 0 "-" "Mozilla/5.0 (Windows NT 10.0; Win64; x64) AppleWebKit/537.36 (KHTML, like Gecko) Chrome/131.0.0.0 Safari/537.36 Edg/131.0.0.0"
64.124.8.191 - - [06/Apr/2025:15:58:36 -0400] "GET /robots.txt HTTP/1.1" 500 0 "-" "Mozilla/5.0 (compatible; ImagesiftBot; +imagesift.com)"
64.124.8.191 - - [06/Apr/2025:15:58:36 -0400] "GET /decouverte-du-massage-thailandais-a-geneve/ HTTP/1.1" 500 0 "-" "Mozilla/5.0 (compatible; ImagesiftBot; +imagesift.com)"
64.124.8.191 - - [06/Apr/2025:15:58:43 -0400] "GET /robots.txt HTTP/1.1" 500 0 "-" "Mozilla/5.0 (compatible; ImagesiftBot; +imagesift.com)"
64.124.8.191 - - [06/Apr/2025:15:58:43 -0400] "GET /transforming-the-gambling-landscape/ HTTP/1.1" 500 0 "-" "Mozilla/5.0 (compatible; ImagesiftBot; +imagesift.com)"
34.169.31.233 - - [06/Apr/2025:15:58:54 -0400] "GET /some-interesting-birthday-cake-ideas/ HTTP/1.1" 500 0 "-" "Mozilla/5.0 (Macintosh; Intel Mac OS X 10.15; rv:109.0) Gecko/20100101 Firefox/116.0"
34.169.216.138 - - [06/Apr/2025:16:04:01 -0400] "GET /how-much-does-a-maid-service-cost/ HTTP/1.1" 500 0 "-" "Mozilla/5.0 (Macintosh; Intel Mac OS X 10_15_7) AppleWebKit/605.1.15 (KHTML, like Gecko) Version/17.0 Safari/605.1.15"
34.83.238.29 - - [06/Apr/2025:16:05:29 -0400] "GET /the-basics-of-casino-poker/ HTTP/1.1" 500 0 "-" "Mozilla/5.0 (Macintosh; Intel Mac OS X 10_15_7) AppleWebKit/605.1.15 (KHTML, like Gecko) Version/17.0 Safari/605.1.15"
185.191.171.10 - - [06/Apr/2025:16:07:35 -0400] "GET /custom-socks-with-logos/ HTTP/1.1" 500 0 "-" "Mozilla/5.0 (compatible; SemrushBot/7~bl; +http://www.semrush.com/bot.html)"
34.19.85.195 - - [06/Apr/2025:16:09:39 -0400] "GET /home-theater-systems-canada/ HTTP/1.1" 500 0 "-" "Mozilla/5.0 (Windows NT 10.0; Win64; x64) AppleWebKit/537.36 (KHTML, like Gecko) Chrome/123.0.0.0 Safari/537.36"
34.19.85.195 - - [06/Apr/2025:16:09:39 -0400] "GET /buy-youtube-shares-what-you-need-to-know-before-making-a-purchase/ HTTP/1.1" 500 0 "-" "Mozilla/5.0 (Windows NT 10.0; Win64; x64) AppleWebKit/537.36 (KHTML, like Gecko) Chrome/123.0.0.0 Safari/537.36"
34.169.175.120 - - [06/Apr/2025:16:10:32 -0400] "GET /innovative-solutions-crafting-quality-double-sided-adhesive-tapes/ HTTP/1.1" 500 0 "-" "Mozilla/5.0 (Macintosh; Intel Mac OS X 10.15; rv:109.0) Gecko/20100101 Firefox/116.0"
34.169.175.120 - - [06/Apr/2025:16:13:40 -0400] "GET /top-10-of-the-worlds-most-expensive-mega-yachts/ HTTP/1.1" 500 0 "-" "Mozilla/5.0 (Macintosh; Intel Mac OS X 10.15; rv:109.0) Gecko/20100101 Firefox/116.0"
34.83.238.29 - - [06/Apr/2025:16:16:59 -0400] "GET /real-estate-agents-and-property-management/ HTTP/1.1" 500 0 "-" "Mozilla/5.0 (Windows NT 10.0; Win64; x64) AppleWebKit/537.36 (KHTML, like Gecko) Chrome/123.0.0.0 Safari/537.36"
34.145.20.211 - - [06/Apr/2025:16:18:00 -0400] "GET /how-to-choose-a-marriage-anniversary-cake/ HTTP/1.1" 500 0 "-" "Mozilla/5.0 (Windows NT 10.0; Win64; x64) AppleWebKit/537.36 (KHTML, like Gecko) Chrome/123.0.0.0 Safari/537.36"
34.127.29.78 - - [06/Apr/2025:16:18:23 -0400] "GET /web-design-in-dubai/ HTTP/1.1" 500 0 "-" "Mozilla/5.0 (Macintosh; Intel Mac OS X 10_15_7) AppleWebKit/605.1.15 (KHTML, like Gecko) Version/17.0 Safari/605.1.15"
34.169.189.46 - - [06/Apr/2025:16:23:34 -0400] "GET /turn-your-conservatory-into-a-room-that-you-can-enjoy-all-year-round/ HTTP/1.1" 500 0 "-" "Mozilla/5.0 (Macintosh; Intel Mac OS X 10.15; rv:109.0) Gecko/20100101 Firefox/116.0"
34.169.216.138 - - [06/Apr/2025:16:24:28 -0400] "GET /dometic-portable-refrigerators/ HTTP/1.1" 500 0 "-" "Mozilla/5.0 (Macintosh; Intel Mac OS X 10.15; rv:109.0) Gecko/20100101 Firefox/116.0"
34.169.216.138 - - [06/Apr/2025:16:27:15 -0400] "GET /ardor-residence-by-nanshan-group/ HTTP/1.1" 200 0 "-" "Mozilla/5.0 (Windows NT 10.0; Win64; x64) AppleWebKit/537.36 (KHTML, like Gecko) Chrome/123.0.0.0 Safari/537.36"
34.169.175.120 - - [06/Apr/2025:16:29:31 -0400] "GET /buy-youtube-views-online-non-drop/ HTTP/1.1" 500 0 "-" "Mozilla/5.0 (Windows NT 10.0; Win64; x64) AppleWebKit/537.36 (KHTML, like Gecko) Chrome/123.0.0.0 Safari/537.36"
34.127.29.78 - - [06/Apr/2025:16:34:25 -0400] "GET /elevating-your-style-the-timeless-appeal-of-custom-suits/ HTTP/1.1" 500 0 "-" "Mozilla/5.0 (Macintosh; Intel Mac OS X 10.15; rv:109.0) Gecko/20100101 Firefox/116.0"
34.127.29.78 - - [06/Apr/2025:16:34:27 -0400] "GET /unlocking-the-truth-the-ethics-and-efficacy-of-buying-youtube-views/ HTTP/1.1" 500 0 "-" "Mozilla/5.0 (Windows NT 10.0; Win64; x64) AppleWebKit/537.36 (KHTML, like Gecko) Chrome/123.0.0.0 Safari/537.36"
34.19.85.195 - - [06/Apr/2025:16:35:26 -0400] "GET /enhancing-efficiency-and-longevity-the-role-of-rv-fridge-fans/ HTTP/1.1" 500 0 "-" "Mozilla/5.0 (Macintosh; Intel Mac OS X 10.15; rv:109.0) Gecko/20100101 Firefox/116.0"
139.59.113.8 - - [06/Apr/2025:16:44:07 -0400] "GET /wp-login.php HTTP/1.1" 500 0 "-" "GRequests/0.10"
139.59.113.8 - - [06/Apr/2025:16:44:10 -0400] "POST /wp-login.php HTTP/1.1" 500 0 "-" "GRequests/0.10"
139.59.113.8 - - [06/Apr/2025:16:44:10 -0400] "GET /wp-admin/ HTTP/1.1" 500 0 "-" "GRequests/0.10"
34.127.29.78 - - [06/Apr/2025:16:45:48 -0400] "GET /the-benefits-of-custom-wardrobes/ HTTP/1.1" 500 0 "-" "Mozilla/5.0 (Macintosh; Intel Mac OS X 10_15_7) AppleWebKit/605.1.15 (KHTML, like Gecko) Version/17.0 Safari/605.1.15"
52.167.144.138 - - [06/Apr/2025:16:46:24 -0400] "GET /the-modern-instant-hot-and-cold-water-tap-revolutionizing-convenience/ HTTP/1.1" 500 0 "-" "Mozilla/5.0 AppleWebKit/537.36 (KHTML, like Gecko; compatible; bingbot/2.0; +http://www.bing.com/bingbot.htm) Chrome/116.0.1938.76 Safari/537.36"
158.220.81.196 - - [06/Apr/2025:16:46:57 -0400] "GET /wp-login.php HTTP/1.1" 500 0 "-" "GRequests/0.10"
158.220.81.196 - - [06/Apr/2025:16:46:57 -0400] "POST /wp-login.php HTTP/1.1" 500 0 "-" "GRequests/0.10"
158.220.81.196 - - [06/Apr/2025:16:46:58 -0400] "GET /wp-admin/ HTTP/1.1" 500 0 "-" "GRequests/0.10"
27.42.64.13 - - [06/Apr/2025:16:48:27 -0400] "GET /what-does-rendered-image-mean-on-iphone/ HTTP/1.1" 500 0 "https://ms-georgia.com" "Mozilla/5.0 (Windows NT 10.0; Win64; x64) AppleWebKit/537.36 (KHTML, like Gecko) Chrome/62.0.3202.94 Safari/537.36"
27.42.64.13 - - [06/Apr/2025:16:48:29 -0400] "GET /what-does-rendered-image-mean-on-iphone/ HTTP/1.1" 500 0 "https://ms-georgia.com" "Mozilla/5.0 (Windows NT 10.0; Win64; x64) AppleWebKit/537.36 (KHTML, like Gecko) Chrome/62.0.3202.94 Safari/537.36"
27.42.64.13 - - [06/Apr/2025:16:48:30 -0400] "GET /what-does-rendered-image-mean-on-iphone/ HTTP/1.1" 500 0 "https://ms-georgia.com" "Mozilla/5.0 (Windows NT 10.0; Win64; x64) AppleWebKit/537.36 (KHTML, like Gecko) Chrome/62.0.3202.94 Safari/537.36"
27.42.64.13 - - [06/Apr/2025:16:48:31 -0400] "GET /what-does-rendered-image-mean-on-iphone/ HTTP/1.1" 500 0 "https://ms-georgia.com" "Mozilla/5.0 (Windows NT 10.0; Win64; x64) AppleWebKit/537.36 (KHTML, like Gecko) Chrome/62.0.3202.94 Safari/537.36"
34.83.238.29 - - [06/Apr/2025:16:48:34 -0400] "GET /what-does-a-check-mark-mean-on-iphone-call-log/ HTTP/1.1" 500 0 "-" "Mozilla/5.0 (Macintosh; Intel Mac OS X 10_15_7) AppleWebKit/605.1.15 (KHTML, like Gecko) Version/17.0 Safari/605.1.15"
34.19.85.195 - - [06/Apr/2025:16:50:56 -0400] "GET /real-estate-agents-and-property-management/ HTTP/1.1" 500 0 "-" "Mozilla/5.0 (Macintosh; Intel Mac OS X 10_15_7) AppleWebKit/605.1.15 (KHTML, like Gecko) Version/17.0 Safari/605.1.15"
166.108.193.104 - - [06/Apr/2025:16:54:07 -0400] "GET /essential-hotel-bedroom-furniture-for-comfort-and-style/ HTTP/1.1" 500 0 "https://ms-georgia.com/essential-hotel-bedroom-furniture-for-comfort-and-style/" "Mozilla/5.0 (Windows NT 10.0; Win64; x64) AppleWebKit/537.36 (KHTML, like Gecko) Chrome/101.0.4951.67 Safari/537.36"
27.42.98.173 - - [06/Apr/2025:16:54:24 -0400] "GET /what-does-rendered-image-mean-on-iphone/ HTTP/1.1" 500 0 "https://ms-georgia.com" "Mozilla/5.0 (Windows NT 10.0; Win64; x64) AppleWebKit/537.36 (KHTML, like Gecko) Chrome/62.0.3202.94 Safari/537.36"
27.42.98.173 - - [06/Apr/2025:16:54:25 -0400] "GET /what-does-rendered-image-mean-on-iphone/ HTTP/1.1" 500 0 "https://ms-georgia.com" "Mozilla/5.0 (Windows NT 10.0; Win64; x64) AppleWebKit/537.36 (KHTML, like Gecko) Chrome/62.0.3202.94 Safari/537.36"
27.42.98.173 - - [06/Apr/2025:16:54:28 -0400] "GET /what-does-rendered-image-mean-on-iphone/ HTTP/1.1" 500 0 "https://ms-georgia.com" "Mozilla/5.0 (Windows NT 10.0; Win64; x64) AppleWebKit/537.36 (KHTML, like Gecko) Chrome/62.0.3202.94 Safari/537.36"
27.42.98.173 - - [06/Apr/2025:16:54:29 -0400] "GET /what-does-rendered-image-mean-on-iphone/ HTTP/1.1" 500 0 "https://ms-georgia.com" "Mozilla/5.0 (Windows NT 10.0; Win64; x64) AppleWebKit/537.36 (KHTML, like Gecko) Chrome/62.0.3202.94 Safari/537.36"
34.145.20.211 - - [06/Apr/2025:16:58:23 -0400] "GET /what-does-a-check-mark-mean-on-iphone-call-log/ HTTP/1.1" 500 0 "-" "Mozilla/5.0 (Windows NT 10.0; Win64; x64) AppleWebKit/537.36 (KHTML, like Gecko) Chrome/123.0.0.0 Safari/537.36"
34.169.189.46 - - [06/Apr/2025:17:01:35 -0400] "GET /dometic-portable-refrigerators/ HTTP/1.1" 500 0 "-" "Mozilla/5.0 (Macintosh; Intel Mac OS X 10.15; rv:109.0) Gecko/20100101 Firefox/116.0"
34.127.29.78 - - [06/Apr/2025:17:04:13 -0400] "GET /the-benefits-of-custom-wardrobes/ HTTP/1.1" 500 0 "-" "Mozilla/5.0 (Windows NT 10.0; Win64; x64) AppleWebKit/537.36 (KHTML, like Gecko) Chrome/123.0.0.0 Safari/537.36"
34.19.85.195 - - [06/Apr/2025:17:04:25 -0400] "GET /the-importance-of-proper-property-management/ HTTP/1.1" 500 0 "-" "Mozilla/5.0 (Macintosh; Intel Mac OS X 10.15; rv:109.0) Gecko/20100101 Firefox/116.0"
2a03:2880:11ff:: - - [06/Apr/2025:17:11:43 -0400] "GET /robots.txt HTTP/1.1" 500 0 "-" "facebookexternalhit/1.1 (+http://www.facebook.com/externalhit_uatext.php)"
34.169.216.138 - - [06/Apr/2025:17:12:07 -0400] "GET /ardor-residence-by-nanshan-group/ HTTP/1.1" 500 0 "-" "Mozilla/5.0 (Macintosh; Intel Mac OS X 10_15_7) AppleWebKit/605.1.15 (KHTML, like Gecko) Version/17.0 Safari/605.1.15"
34.169.31.233 - - [06/Apr/2025:17:14:37 -0400] "GET /unlocking-the-truth-the-ethics-and-efficacy-of-buying-youtube-views/ HTTP/1.1" 500 0 "-" "Mozilla/5.0 (Macintosh; Intel Mac OS X 10_15_7) AppleWebKit/605.1.15 (KHTML, like Gecko) Version/17.0 Safari/605.1.15"
114.119.153.188 - - [06/Apr/2025:17:20:26 -0400] "GET /robots.txt HTTP/1.1" 500 0 "-" "Mozilla/5.0 (compatible;PetalBot;+https://webmaster.petalsearch.com/site/petalbot)"
34.169.31.233 - - [06/Apr/2025:17:25:40 -0400] "GET /the-lake-garden-residences/ HTTP/1.1" 500 0 "-" "Mozilla/5.0 (Macintosh; Intel Mac OS X 10.15; rv:109.0) Gecko/20100101 Firefox/116.0"
34.127.29.78 - - [06/Apr/2025:17:29:06 -0400] "GET /the-ultimate-guide-to-choosing-the-right-breast-pump/ HTTP/1.1" 500 0 "-" "Mozilla/5.0 (Windows NT 10.0; Win64; x64) AppleWebKit/537.36 (KHTML, like Gecko) Chrome/123.0.0.0 Safari/537.36"
27.42.98.173 - - [06/Apr/2025:17:30:33 -0400] "GET /what-does-rendered-image-mean-on-iphone/ HTTP/1.1" 500 0 "https://ms-georgia.com" "Mozilla/5.0 (Windows NT 10.0; Win64; x64) AppleWebKit/537.36 (KHTML, like Gecko) Chrome/62.0.3202.94 Safari/537.36"
27.42.98.173 - - [06/Apr/2025:17:30:36 -0400] "GET /what-does-rendered-image-mean-on-iphone/ HTTP/1.1" 500 0 "https://ms-georgia.com" "Mozilla/5.0 (Windows NT 10.0; Win64; x64) AppleWebKit/537.36 (KHTML, like Gecko) Chrome/62.0.3202.94 Safari/537.36"
27.42.98.173 - - [06/Apr/2025:17:30:37 -0400] "GET /what-does-rendered-image-mean-on-iphone/ HTTP/1.1" 500 0 "https://ms-georgia.com" "Mozilla/5.0 (Windows NT 10.0; Win64; x64) AppleWebKit/537.36 (KHTML, like Gecko) Chrome/62.0.3202.94 Safari/537.36"
27.42.98.173 - - [06/Apr/2025:17:30:38 -0400] "GET /what-does-rendered-image-mean-on-iphone/ HTTP/1.1" 500 0 "https://ms-georgia.com" "Mozilla/5.0 (Windows NT 10.0; Win64; x64) AppleWebKit/537.36 (KHTML, like Gecko) Chrome/62.0.3202.94 Safari/537.36"
34.169.189.46 - - [06/Apr/2025:17:32:03 -0400] "GET /the-importance-of-proper-property-management/ HTTP/1.1" 500 0 "-" "Mozilla/5.0 (Macintosh; Intel Mac OS X 10.15; rv:109.0) Gecko/20100101 Firefox/116.0"
84.252.115.4 - - [06/Apr/2025:17:32:44 -0400] "GET /wp-login.php HTTP/1.1" 500 0 "-" "Mozilla/5.0 (Windows NT 10.0; Win64; x64) AppleWebKit/537.36 (KHTML, like Gecko) Chrome/87.0.4280.141 Safari/537.36"
34.169.31.233 - - [06/Apr/2025:17:35:20 -0400] "GET /a-gateway-to-thrilling-entertainment/ HTTP/1.1" 500 0 "-" "Mozilla/5.0 (Windows NT 10.0; Win64; x64) AppleWebKit/537.36 (KHTML, like Gecko) Chrome/123.0.0.0 Safari/537.36"
52.167.144.21 - - [06/Apr/2025:17:44:57 -0400] "GET /?s=2024 HTTP/1.1" 500 0 "-" "Mozilla/5.0 AppleWebKit/537.36 (KHTML, like Gecko; compatible; bingbot/2.0; +http://www.bing.com/bingbot.htm) Chrome/116.0.1938.76 Safari/537.36"
34.169.189.46 - - [06/Apr/2025:17:46:37 -0400] "GET /when-can-i-wear-jeans-after-bbl/ HTTP/1.1" 500 0 "-" "Mozilla/5.0 (Macintosh; Intel Mac OS X 10_15_7) AppleWebKit/605.1.15 (KHTML, like Gecko) Version/17.0 Safari/605.1.15"
34.169.216.138 - - [06/Apr/2025:17:50:55 -0400] "GET /changes-to-duty-on-red-diesel/ HTTP/1.1" 500 0 "-" "Mozilla/5.0 (Macintosh; Intel Mac OS X 10_15_7) AppleWebKit/605.1.15 (KHTML, like Gecko) Version/17.0 Safari/605.1.15"
52.167.144.196 - - [06/Apr/2025:17:53:27 -0400] "GET /a-digital-revolution/ HTTP/1.1" 500 0 "-" "Mozilla/5.0 AppleWebKit/537.36 (KHTML, like Gecko; compatible; bingbot/2.0; +http://www.bing.com/bingbot.htm) Chrome/116.0.1938.76 Safari/537.36"
34.145.20.211 - - [06/Apr/2025:17:54:23 -0400] "GET /exploring-the-mysteries-of-consciousness-the-dolores-cannon-hypnosis-phenomenon/ HTTP/1.1" 500 0 "-" "Mozilla/5.0 (Macintosh; Intel Mac OS X 10.15; rv:109.0) Gecko/20100101 Firefox/116.0"
34.145.20.211 - - [06/Apr/2025:17:54:24 -0400] "GET /the-bewitching-activities-at-berlin/ HTTP/1.1" 500 0 "-" "Mozilla/5.0 (Macintosh; Intel Mac OS X 10_15_7) AppleWebKit/605.1.15 (KHTML, like Gecko) Version/17.0 Safari/605.1.15"
34.83.238.29 - - [06/Apr/2025:17:54:43 -0400] "GET /buy-youtube-shares-what-you-need-to-know-before-making-a-purchase/ HTTP/1.1" 500 0 "-" "Mozilla/5.0 (Macintosh; Intel Mac OS X 10_15_7) AppleWebKit/605.1.15 (KHTML, like Gecko) Version/17.0 Safari/605.1.15"
34.83.238.29 - - [06/Apr/2025:17:54:43 -0400] "GET /home-theater-systems-canada/ HTTP/1.1" 500 0 "-" "Mozilla/5.0 (Macintosh; Intel Mac OS X 10.15; rv:109.0) Gecko/20100101 Firefox/116.0"
34.83.238.29 - - [06/Apr/2025:17:54:43 -0400] "GET /fashion-handbags-a-desire-of-every-woman/ HTTP/1.1" 500 0 "-" "Mozilla/5.0 (Macintosh; Intel Mac OS X 10.15; rv:109.0) Gecko/20100101 Firefox/116.0"
34.19.85.195 - - [06/Apr/2025:17:56:56 -0400] "GET /the-digital-thrill-exploring-the-world-of-online-casinos/ HTTP/1.1" 500 0 "-" "Mozilla/5.0 (Macintosh; Intel Mac OS X 10_15_7) AppleWebKit/605.1.15 (KHTML, like Gecko) Version/17.0 Safari/605.1.15"
34.127.29.78 - - [06/Apr/2025:17:58:37 -0400] "GET /careprost-eyelash-serum-uk/ HTTP/1.1" 500 0 "-" "Mozilla/5.0 (Macintosh; Intel Mac OS X 10_15_7) AppleWebKit/605.1.15 (KHTML, like Gecko) Version/17.0 Safari/605.1.15"
159.89.172.84 - - [06/Apr/2025:18:00:29 -0400] "GET /wp-login.php HTTP/1.1" 500 0 "-" "GRequests/0.10"
159.89.172.84 - - [06/Apr/2025:18:00:31 -0400] "POST /wp-login.php HTTP/1.1" 500 0 "-" "GRequests/0.10"
159.89.172.84 - - [06/Apr/2025:18:00:31 -0400] "GET /wp-admin/ HTTP/1.1" 500 0 "-" "GRequests/0.10"
158.220.81.196 - - [06/Apr/2025:18:01:19 -0400] "GET /wp-login.php HTTP/1.1" 500 0 "-" "GRequests/0.10"
158.220.81.196 - - [06/Apr/2025:18:01:20 -0400] "POST /wp-login.php HTTP/1.1" 500 0 "-" "GRequests/0.10"
158.220.81.196 - - [06/Apr/2025:18:01:20 -0400] "GET /wp-admin/ HTTP/1.1" 500 0 "-" "GRequests/0.10"
27.42.64.13 - - [06/Apr/2025:18:12:24 -0400] "GET /in-home-care-services-for-seniors/ HTTP/1.1" 500 0 "https://ms-georgia.com" "Mozilla/5.0 (Windows NT 10.0; Win64; x64) AppleWebKit/537.36 (KHTML, like Gecko) Chrome/62.0.3202.94 Safari/537.36"
27.42.64.13 - - [06/Apr/2025:18:12:26 -0400] "GET /in-home-care-services-for-seniors/ HTTP/1.1" 500 0 "https://ms-georgia.com" "Mozilla/5.0 (Windows NT 10.0; Win64; x64) AppleWebKit/537.36 (KHTML, like Gecko) Chrome/62.0.3202.94 Safari/537.36"
27.42.64.13 - - [06/Apr/2025:18:12:28 -0400] "GET /in-home-care-services-for-seniors/ HTTP/1.1" 500 0 "https://ms-georgia.com" "Mozilla/5.0 (Windows NT 10.0; Win64; x64) AppleWebKit/537.36 (KHTML, like Gecko) Chrome/62.0.3202.94 Safari/537.36"
27.42.64.13 - - [06/Apr/2025:18:12:31 -0400] "GET /in-home-care-services-for-seniors/ HTTP/1.1" 500 0 "https://ms-georgia.com" "Mozilla/5.0 (Windows NT 10.0; Win64; x64) AppleWebKit/537.36 (KHTML, like Gecko) Chrome/62.0.3202.94 Safari/537.36"
149.40.58.153 - - [06/Apr/2025:18:17:07 -0400] "GET /.env HTTP/1.1" 403 1242 "-" "python-requests/2.32.3"
149.40.58.153 - - [06/Apr/2025:18:17:09 -0400] "GET /config.php HTTP/1.1" 500 0 "-" "python-requests/2.32.3"
149.40.58.153 - - [06/Apr/2025:18:17:10 -0400] "GET /database.yml HTTP/1.1" 500 0 "-" "python-requests/2.32.3"
149.40.58.153 - - [06/Apr/2025:18:17:11 -0400] "GET /.git/config HTTP/1.1" 403 1242 "-" "python-requests/2.32.3"
149.40.58.153 - - [06/Apr/2025:18:17:12 -0400] "GET /.git-credentials HTTP/1.1" 500 0 "-" "python-requests/2.32.3"
149.40.58.153 - - [06/Apr/2025:18:17:13 -0400] "GET /credentials.json HTTP/1.1" 500 0 "-" "python-requests/2.32.3"
54.204.237.175 - - [06/Apr/2025:18:34:40 -0400] "GET /streamlining-data-movement-the-dynamics-of-file-transfer/ HTTP/1.1" 500 0 "-" "Grammarly/1.0 (http://www.grammarly.com)"
54.204.237.175 - - [06/Apr/2025:18:34:40 -0400] "GET /streamlining-data-movement-the-dynamics-of-file-transfer/ HTTP/1.1" 500 0 "-" "Grammarly/1.0 (http://www.grammarly.com)"
47.128.54.159 - - [06/Apr/2025:18:46:28 -0400] "GET /wp-content/uploads/2023/03/as.jpg HTTP/1.1" 200 42812 "https://readingcomprehension-worksheets.com/" "Mozilla/5.0 (Linux; Android 5.0) AppleWebKit/537.36 (KHTML, like Gecko) Mobile Safari/537.36 (compatible; Bytespider; spider-feedback@bytedance.com)"
47.128.59.209 - - [06/Apr/2025:18:46:43 -0400] "GET /robots.txt HTTP/1.1" 500 0 "-" "Mozilla/5.0 (Linux; Android 5.0) AppleWebKit/537.36 (KHTML, like Gecko) Mobile Safari/537.36 (compatible; Bytespider; spider-feedback@bytedance.com)"
54.90.201.124 - - [06/Apr/2025:18:47:03 -0400] "GET /streamlining-data-movement-the-dynamics-of-file-transfer/ HTTP/1.1" 500 0 "-" "Grammarly/1.0 (http://www.grammarly.com)"
47.128.39.22 - - [06/Apr/2025:18:50:44 -0400] "GET /robots.txt HTTP/1.1" 500 0 "-" "Mozilla/5.0 (Linux; Android 5.0) AppleWebKit/537.36 (KHTML, like Gecko) Mobile Safari/537.36 (compatible; Bytespider; spider-feedback@bytedance.com)"
71.40.108.36 - - [06/Apr/2025:18:57:07 -0400] "GET /wp-login.php HTTP/1.1" 500 0 "-" "GRequests/0.10"
71.40.108.36 - - [06/Apr/2025:18:57:07 -0400] "POST /wp-login.php HTTP/1.1" 500 0 "-" "GRequests/0.10"
71.40.108.36 - - [06/Apr/2025:18:57:07 -0400] "GET /wp-admin/ HTTP/1.1" 500 0 "-" "GRequests/0.10"
35.173.81.27 - - [06/Apr/2025:18:58:52 -0400] "GET /streamlining-data-movement-the-dynamics-of-file-transfer/ HTTP/1.1" 500 0 "-" "Grammarly/1.0 (http://www.grammarly.com)"
17.241.227.46 - - [06/Apr/2025:19:01:38 -0400] "GET /robots.txt HTTP/1.1" 500 0 "-" "Mozilla/5.0 (Macintosh; Intel Mac OS X 10_15_7) AppleWebKit/605.1.15 (KHTML, like Gecko) Version/17.4 Safari/605.1.15 (Applebot/0.1; +http://www.apple.com/go/applebot)"
17.241.227.46 - - [06/Apr/2025:19:01:52 -0400] "GET /wp-content/uploads/2023/03/qasa.png HTTP/1.1" 200 49332 "-" "Mozilla/5.0 (Macintosh; Intel Mac OS X 10_15_7) AppleWebKit/605.1.15 (KHTML, like Gecko) Version/17.4 Safari/605.1.15 (Applebot/0.1; +http://www.apple.com/go/applebot)"
2406:da1a:8f2:7700:c5ae:34e3:47a4:a900 - - [06/Apr/2025:19:01:57 -0400] "GET /wp-login.php HTTP/1.1" 500 0 "-" "GRequests/0.10"
2406:da1a:8f2:7700:c5ae:34e3:47a4:a900 - - [06/Apr/2025:19:02:08 -0400] "POST /wp-login.php HTTP/1.1" 500 0 "-" "GRequests/0.10"
2406:da1a:8f2:7700:c5ae:34e3:47a4:a900 - - [06/Apr/2025:19:02:13 -0400] "GET /wp-admin/ HTTP/1.1" 500 0 "-" "GRequests/0.10"
85.208.98.18 - - [06/Apr/2025:19:08:02 -0400] "HEAD /tennis-predictions/ HTTP/1.1" 500 0 "-" "Mozilla/5.0 (compatible; SemrushBot; +http://www.semrush.com/bot.html)"
