192.42.116.215 - - [01/Apr/2025:19:45:39 -0400] "GET /gp/customer-reviews/R1PEI6HEVK2UIC/ref=cm_cr_dp_d_rvw_ttl?ie=UTF8&ASIN=B0DG4WZZPV HTTP/1.1" 404 1251 "http://stannswarehouse.com/gp/customer-reviews/R1PEI6HEVK2UIC/ref=cm_cr_dp_d_rvw_ttl?ie=UTF8&ASIN=B0DG4WZZPV" "Mozilla/5.0 (Windows NT 5.1; rv:33.0; WUID=cf8530101d50370f4794f99f19d61750; WTB=29529) Gecko/20100101 Firefox/33.0"
192.42.116.215 - - [01/Apr/2025:19:45:40 -0400] "GET /gp/customer-reviews/R2DVCU4L2UJJBX/ref=cm_cr_dp_d_rvw_ttl?ie=UTF8&ASIN=B0DG4WZZPV HTTP/1.1" 404 1251 "http://stannswarehouse.com/gp/customer-reviews/R2DVCU4L2UJJBX/ref=cm_cr_dp_d_rvw_ttl?ie=UTF8&ASIN=B0DG4WZZPV" "Mozilla/5.0 (Windows NT 5.1; rv:33.0; WUID=cf8530101d50370f4794f99f19d61750; WTB=29529) Gecko/20100101 Firefox/33.0"
192.42.116.215 - - [01/Apr/2025:19:45:41 -0400] "GET /gp/customer-reviews/RSOLMCOFAZGYC/ref=cm_cr_dp_d_rvw_ttl?ie=UTF8&ASIN=B0DG4WZZPV HTTP/1.1" 404 1251 "http://stannswarehouse.com/gp/customer-reviews/RSOLMCOFAZGYC/ref=cm_cr_dp_d_rvw_ttl?ie=UTF8&ASIN=B0DG4WZZPV" "Mozilla/5.0 (Windows NT 5.1; rv:33.0; WUID=cf8530101d50370f4794f99f19d61750; WTB=29529) Gecko/20100101 Firefox/33.0"
192.42.116.215 - - [01/Apr/2025:19:45:42 -0400] "GET /gp/mas/your-account/myapps?ref_=nav_AccountFlyout_aad HTTP/1.1" 404 1251 "http://stannswarehouse.com/gp/mas/your-account/myapps?ref_=nav_AccountFlyout_aad" "Mozilla/5.0 (Windows NT 5.1; rv:33.0; WUID=cf8530101d50370f4794f99f19d61750; WTB=29529) Gecko/20100101 Firefox/33.0"
192.42.116.215 - - [01/Apr/2025:19:45:43 -0400] "GET /gp/prime?ref_=nav_prime_btn_fb HTTP/1.1" 404 1251 "http://stannswarehouse.com/gp/prime?ref_=nav_prime_btn_fb" "Mozilla/5.0 (Windows NT 5.1; rv:33.0; WUID=cf8530101d50370f4794f99f19d61750; WTB=29529) Gecko/20100101 Firefox/33.0"
192.42.116.215 - - [01/Apr/2025:19:45:44 -0400] "GET /gp/profile/amzn1.account.AEI6M6PK7YTYMMDYHFCY44VLPMYQ/ref=cm_cr_dp_d_gw_tr?ie=UTF8 HTTP/1.1" 404 1251 "http://stannswarehouse.com/gp/profile/amzn1.account.AEI6M6PK7YTYMMDYHFCY44VLPMYQ/ref=cm_cr_dp_d_gw_tr?ie=UTF8" "Mozilla/5.0 (Windows NT 5.1; rv:33.0; WUID=cf8530101d50370f4794f99f19d61750; WTB=29529) Gecko/20100101 Firefox/33.0"
192.42.116.215 - - [01/Apr/2025:19:45:45 -0400] "GET /gp/profile/amzn1.account.AF5FRYZXCS7TKUJBS42LJ5SIYFCQ/ref=cm_cr_dp_d_gw_tr?ie=UTF8 HTTP/1.1" 404 1251 "http://stannswarehouse.com/gp/profile/amzn1.account.AF5FRYZXCS7TKUJBS42LJ5SIYFCQ/ref=cm_cr_dp_d_gw_tr?ie=UTF8" "Mozilla/5.0 (Windows NT 5.1; rv:33.0; WUID=cf8530101d50370f4794f99f19d61750; WTB=29529) Gecko/20100101 Firefox/33.0"
192.42.116.215 - - [01/Apr/2025:19:45:46 -0400] "GET /gp/profile/amzn1.account.AFXQP46YJ2XUKR4MYZFNG3H2CXBQ/ref=cm_cr_dp_d_gw_tr?ie=UTF8 HTTP/1.1" 404 1251 "http://stannswarehouse.com/gp/profile/amzn1.account.AFXQP46YJ2XUKR4MYZFNG3H2CXBQ/ref=cm_cr_dp_d_gw_tr?ie=UTF8" "Mozilla/5.0 (Windows NT 5.1; rv:33.0; WUID=cf8530101d50370f4794f99f19d61750; WTB=29529) Gecko/20100101 Firefox/33.0"
192.42.116.215 - - [01/Apr/2025:19:45:46 -0400] "GET /gp/registry/wishlist HTTP/1.1" 404 1251 "http://stannswarehouse.com/gp/registry/wishlist" "Mozilla/5.0 (Windows NT 5.1; rv:33.0; WUID=cf8530101d50370f4794f99f19d61750; WTB=29529) Gecko/20100101 Firefox/33.0"
192.42.116.215 - - [01/Apr/2025:19:45:47 -0400] "GET /gp/subs/primeclub/account/homepage.html?ref_=nav_youraccount_prime HTTP/1.1" 404 1251 "http://stannswarehouse.com/gp/subs/primeclub/account/homepage.html?ref_=nav_youraccount_prime" "Mozilla/5.0 (Windows NT 5.1; rv:33.0; WUID=cf8530101d50370f4794f99f19d61750; WTB=29529) Gecko/20100101 Firefox/33.0"
192.42.116.215 - - [01/Apr/2025:19:45:48 -0400] "GET /gp/video/ssoredirect?pvp=/ref%3D_apv&ref_=nav_AccountFlyout__apv HTTP/1.1" 404 1251 "http://stannswarehouse.com/gp/video/ssoredirect?pvp=/ref%3D_apv&ref_=nav_AccountFlyout__apv" "Mozilla/5.0 (Windows NT 5.1; rv:33.0; WUID=cf8530101d50370f4794f99f19d61750; WTB=29529) Gecko/20100101 Firefox/33.0"
192.42.116.215 - - [01/Apr/2025:19:45:48 -0400] "GET /gp/yourstore?ref_=nav_AccountFlyout_recs HTTP/1.1" 404 1251 "http://stannswarehouse.com/gp/yourstore?ref_=nav_AccountFlyout_recs" "Mozilla/5.0 (Windows NT 5.1; rv:33.0; WUID=cf8530101d50370f4794f99f19d61750; WTB=29529) Gecko/20100101 Firefox/33.0"
192.42.116.215 - - [01/Apr/2025:19:45:49 -0400] "GET /hz/mycd/myx?pageType=content&ref_=nav_AccountFlyout_myk HTTP/1.1" 404 1251 "http://stannswarehouse.com/hz/mycd/myx?pageType=content&ref_=nav_AccountFlyout_myk" "Mozilla/5.0 (Windows NT 5.1; rv:33.0; WUID=cf8530101d50370f4794f99f19d61750; WTB=29529) Gecko/20100101 Firefox/33.0"
185.220.101.110 - - [01/Apr/2025:19:45:50 -0400] "GET /hz/wishlist/ls?triggerElementID=createList&ref_=nav_ListFlyout_navFlyout_createList_lv_redirect HTTP/1.1" 404 1251 "http://stannswarehouse.com/hz/wishlist/ls?triggerElementID=createList&ref_=nav_ListFlyout_navFlyout_createList_lv_redirect" "Mozilla/5.0 (Windows NT 5.1; rv:33.0; WUID=cf8530101d50370f4794f99f19d61750; WTB=29529) Gecko/20100101 Firefox/33.0"
185.220.101.110 - - [01/Apr/2025:19:45:51 -0400] "GET /hz5/yourmembershipsandsubscriptions?ref_=nav_AccountFlyout_digital_subscriptions HTTP/1.1" 404 1251 "http://stannswarehouse.com/hz5/yourmembershipsandsubscriptions?ref_=nav_AccountFlyout_digital_subscriptions" "Mozilla/5.0 (Windows NT 5.1; rv:33.0; WUID=cf8530101d50370f4794f99f19d61750; WTB=29529) Gecko/20100101 Firefox/33.0"
185.220.101.110 - - [01/Apr/2025:19:45:51 -0400] "GET /kindle-dbs/ku/ku-central?ref_=nav_AccountFlyout_ku HTTP/1.1" 404 1251 "http://stannswarehouse.com/kindle-dbs/ku/ku-central?ref_=nav_AccountFlyout_ku" "Mozilla/5.0 (Windows NT 5.1; rv:33.0; WUID=cf8530101d50370f4794f99f19d61750; WTB=29529) Gecko/20100101 Firefox/33.0"
185.220.101.110 - - [01/Apr/2025:19:45:52 -0400] "GET /photos?ref_=nav_AccountFlyout_photos HTTP/1.1" 404 1251 "http://stannswarehouse.com/photos?ref_=nav_AccountFlyout_photos" "Mozilla/5.0 (Windows NT 5.1; rv:33.0; WUID=cf8530101d50370f4794f99f19d61750; WTB=29529) Gecko/20100101 Firefox/33.0"
185.220.101.110 - - [01/Apr/2025:19:45:53 -0400] "GET /review/create-review/ref=cm_cr_dp_d_wr_but_top?ie=UTF8&channel=glance-detail&asin=B0DG4WZZPV HTTP/1.1" 404 1251 "http://stannswarehouse.com/review/create-review/ref=cm_cr_dp_d_wr_but_top?ie=UTF8&channel=glance-detail&asin=B0DG4WZZPV" "Mozilla/5.0 (Windows NT 5.1; rv:33.0; WUID=cf8530101d50370f4794f99f19d61750; WTB=29529) Gecko/20100101 Firefox/33.0"
185.220.101.110 - - [01/Apr/2025:19:45:54 -0400] "GET /yourpets?ref_=nav_AccountFlyout_petprofiles HTTP/1.1" 404 1251 "http://stannswarehouse.com/yourpets?ref_=nav_AccountFlyout_petprofiles" "Mozilla/5.0 (Windows NT 5.1; rv:33.0; WUID=cf8530101d50370f4794f99f19d61750; WTB=29529) Gecko/20100101 Firefox/33.0"
198.54.114.83 - - [01/Apr/2025:19:56:23 -0400] "POST /wp-cron.php?doing_wp_cron=1743551783.6476359367370605468750 HTTP/1.1" 200 0 "-" "WordPress/6.7.2; https://stannswarehouse.com"
173.212.223.204 - - [01/Apr/2025:19:56:19 -0400] "POST /xmlrpc.php HTTP/1.1" 200 212 "http://stannswarehouse.com" "Mozilla/5.0 (Macintosh; Intel Mac OS X 10_15_7; rv:127.0) Gecko/20100101 Firefox/127.0"
216.244.66.246 - - [01/Apr/2025:19:57:13 -0400] "GET /zip-tap/ HTTP/1.1" 404 1251 "-" "Mozilla/5.0 (compatible; DotBot/1.2; +https://opensiteexplorer.org/dotbot; help@moz.com)"
216.244.66.246 - - [01/Apr/2025:20:08:37 -0400] "GET /category/activity/page/67/ HTTP/1.1" 404 1251 "-" "Mozilla/5.0 (compatible; DotBot/1.2; +https://opensiteexplorer.org/dotbot; help@moz.com)"
198.54.114.83 - - [01/Apr/2025:20:20:56 -0400] "POST /wp-cron.php?doing_wp_cron=1743553256.1367399692535400390625 HTTP/1.1" 200 0 "-" "WordPress/6.7.2; https://stannswarehouse.com"
162.0.209.167 - - [01/Apr/2025:20:20:51 -0400] "POST /xmlrpc.php HTTP/1.1" 200 212 "http://stannswarehouse.com" "Mozilla/5.0 (Windows NT 10.0; Win64; x64; rv:129.0) Gecko/20100101 Firefox/129.0"
182.44.9.147 - - [01/Apr/2025:20:23:58 -0400] "GET / HTTP/1.1" 200 211284 "-" "Mozilla/5.0 (iPhone; CPU iPhone OS 13_2_3 like Mac OS X) AppleWebKit/605.1.15 (KHTML, like Gecko) Version/13.0.3 Mobile/15E148 Safari/604.1"
195.191.219.132 - - [01/Apr/2025:20:28:13 -0400] "GET /robots.txt HTTP/1.1" 200 23 "-" "Mozilla/5.0 (compatible; MJ12bot/v2.0.0; http://mj12bot.com/)"
195.191.219.132 - - [01/Apr/2025:20:28:14 -0400] "GET / HTTP/1.1" 200 211284 "-" "Mozilla/5.0 (compatible; MJ12bot/v2.0.0; http://mj12bot.com/)"
88.208.226.37 - - [01/Apr/2025:20:32:37 -0400] "GET /all-you-need-to-know-regarding-cbd-oil/ HTTP/1.1" 404 1251 "http://stannswarehouse.com/all-you-need-to-know-regarding-cbd-oil/" "Mozilla/5.0 (Windows NT 10.0; Win64; x64) AppleWebKit/537.36 (KHTML, like Gecko) Chrome/130.0.0.0 Safari/537.36 CCleaner/130.0.0.0"
88.208.226.37 - - [01/Apr/2025:20:32:40 -0400] "GET / HTTP/1.1" 200 211284 "http://stannswarehouse.com/" "Mozilla/5.0 (Windows NT 10.0; Win64; x64) AppleWebKit/537.36 (KHTML, like Gecko) Chrome/130.0.0.0 Safari/537.36 CCleaner/130.0.0.0"
216.244.66.246 - - [01/Apr/2025:20:40:19 -0400] "GET /vintage-rugs-choosing-the-right-one/feed/ HTTP/1.1" 404 1251 "-" "Mozilla/5.0 (compatible; DotBot/1.2; +https://opensiteexplorer.org/dotbot; help@moz.com)"
216.244.66.246 - - [01/Apr/2025:20:40:42 -0400] "GET /how-to-build-a-sports-betting-app-like-dream11/feed/ HTTP/1.1" 404 1251 "-" "Mozilla/5.0 (compatible; DotBot/1.2; +https://opensiteexplorer.org/dotbot; help@moz.com)"
216.244.66.246 - - [01/Apr/2025:20:41:48 -0400] "GET /the-rise-of-ai-girlfriends/ HTTP/1.1" 404 1251 "-" "Mozilla/5.0 (compatible; DotBot/1.2; +https://opensiteexplorer.org/dotbot; help@moz.com)"
158.69.23.79 - - [01/Apr/2025:20:43:55 -0400] "GET /wp-content/mu-plugins/index.php HTTP/1.1" 404 1251 "-" "Linux Mozilla"
216.244.66.246 - - [01/Apr/2025:20:44:14 -0400] "GET /what-is-a-shortener-url/ HTTP/1.1" 404 1251 "-" "Mozilla/5.0 (compatible; DotBot/1.2; +https://opensiteexplorer.org/dotbot; help@moz.com)"
198.54.114.83 - - [01/Apr/2025:20:45:39 -0400] "POST /wp-cron.php?doing_wp_cron=1743554739.4855670928955078125000 HTTP/1.1" 200 0 "-" "WordPress/6.7.2; https://stannswarehouse.com"
162.0.229.109 - - [01/Apr/2025:20:45:33 -0400] "POST /xmlrpc.php HTTP/1.1" 200 212 "http://stannswarehouse.com" "Mozilla/5.0 (Windows NT 10.0; Win64; x64) AppleWebKit/537.36 (KHTML, like Gecko) Chrome/116.0.5845.96 Safari/537.36"
216.244.66.246 - - [01/Apr/2025:20:51:07 -0400] "GET /essential-hotel-bedroom-furniture-a-comprehensive-guide/feed/ HTTP/1.1" 404 1251 "-" "Mozilla/5.0 (compatible; DotBot/1.2; +https://opensiteexplorer.org/dotbot; help@moz.com)"
216.244.66.246 - - [01/Apr/2025:20:52:10 -0400] "GET /getting-free-moving-quotes-the-best-practice-you-can-ever-follow/feed/ HTTP/1.1" 404 1251 "-" "Mozilla/5.0 (compatible; DotBot/1.2; +https://opensiteexplorer.org/dotbot; help@moz.com)"
43.156.69.138 - - [01/Apr/2025:20:57:39 -0400] "GET //wp-content/plugins/fix/up.php HTTP/1.1" 404 1251 "-" "Mozilla/5.0 (Windows NT 10.0; Win64; x64) AppleWebKit/537.36 (KHTML, like Gecko) Chrome/85.0.4183.102 Safari/537.36"
198.54.114.83 - - [01/Apr/2025:21:08:02 -0400] "POST /wp-cron.php?doing_wp_cron=1743556081.3290109634399414062500 HTTP/1.1" 200 0 "-" "WordPress/6.7.2; https://stannswarehouse.com"
13.229.78.155 - - [01/Apr/2025:21:07:57 -0400] "GET /wp-admin/install.php?step=1 HTTP/1.1" 200 522 "-" "Mozilla/5.0 (X11; Linux x86_64; rv:52.0) Gecko/20100101 Firefox/52.0"
13.229.78.155 - - [01/Apr/2025:21:08:04 -0400] "GET /wp-admin/setup-config.php HTTP/1.1" 409 1222 "-" "Mozilla/5.0 (X11; Linux x86_64; rv:52.0) Gecko/20100101 Firefox/52.0"
13.229.78.155 - - [01/Apr/2025:21:08:07 -0400] "GET /new/wp-admin/install.php?step=1 HTTP/1.1" 404 1251 "-" "Mozilla/5.0 (X11; Linux x86_64; rv:52.0) Gecko/20100101 Firefox/52.0"
13.229.78.155 - - [01/Apr/2025:21:08:08 -0400] "GET /new/wp-admin/setup-config.php HTTP/1.1" 404 1251 "-" "Mozilla/5.0 (X11; Linux x86_64; rv:52.0) Gecko/20100101 Firefox/52.0"
13.229.78.155 - - [01/Apr/2025:21:08:09 -0400] "GET /blog/wp-admin/install.php?step=1 HTTP/1.1" 404 1251 "-" "Mozilla/5.0 (X11; Linux x86_64; rv:52.0) Gecko/20100101 Firefox/52.0"
13.229.78.155 - - [01/Apr/2025:21:08:10 -0400] "GET /blog/wp-admin/setup-config.php HTTP/1.1" 404 1251 "-" "Mozilla/5.0 (X11; Linux x86_64; rv:52.0) Gecko/20100101 Firefox/52.0"
13.229.78.155 - - [01/Apr/2025:21:08:11 -0400] "GET /blogs/wp-admin/install.php?step=1 HTTP/1.1" 404 1251 "-" "Mozilla/5.0 (X11; Linux x86_64; rv:52.0) Gecko/20100101 Firefox/52.0"
13.229.78.155 - - [01/Apr/2025:21:08:12 -0400] "GET /blogs/wp-admin/setup-config.php HTTP/1.1" 404 1251 "-" "Mozilla/5.0 (X11; Linux x86_64; rv:52.0) Gecko/20100101 Firefox/52.0"
13.229.78.155 - - [01/Apr/2025:21:08:13 -0400] "GET /demo/wp-admin/install.php?step=1 HTTP/1.1" 404 1251 "-" "Mozilla/5.0 (X11; Linux x86_64; rv:52.0) Gecko/20100101 Firefox/52.0"
13.229.78.155 - - [01/Apr/2025:21:08:14 -0400] "GET /demo/wp-admin/setup-config.php HTTP/1.1" 404 1251 "-" "Mozilla/5.0 (X11; Linux x86_64; rv:52.0) Gecko/20100101 Firefox/52.0"
13.229.78.155 - - [01/Apr/2025:21:08:14 -0400] "GET /wp/wp-admin/install.php?step=1 HTTP/1.1" 404 1251 "-" "Mozilla/5.0 (X11; Linux x86_64; rv:52.0) Gecko/20100101 Firefox/52.0"
13.229.78.155 - - [01/Apr/2025:21:08:15 -0400] "GET /wp/wp-admin/setup-config.php HTTP/1.1" 404 1251 "-" "Mozilla/5.0 (X11; Linux x86_64; rv:52.0) Gecko/20100101 Firefox/52.0"
13.229.78.155 - - [01/Apr/2025:21:08:16 -0400] "GET /wordpress/wp-admin/install.php?step=1 HTTP/1.1" 404 1251 "-" "Mozilla/5.0 (X11; Linux x86_64; rv:52.0) Gecko/20100101 Firefox/52.0"
13.229.78.155 - - [01/Apr/2025:21:08:17 -0400] "GET /wordpress/wp-admin/setup-config.php HTTP/1.1" 404 1251 "-" "Mozilla/5.0 (X11; Linux x86_64; rv:52.0) Gecko/20100101 Firefox/52.0"
13.229.78.155 - - [01/Apr/2025:21:08:18 -0400] "GET /tes/wp-admin/install.php?step=1 HTTP/1.1" 404 1251 "-" "Mozilla/5.0 (X11; Linux x86_64; rv:52.0) Gecko/20100101 Firefox/52.0"
13.229.78.155 - - [01/Apr/2025:21:08:19 -0400] "GET /tes/wp-admin/setup-config.php HTTP/1.1" 404 1251 "-" "Mozilla/5.0 (X11; Linux x86_64; rv:52.0) Gecko/20100101 Firefox/52.0"
13.229.78.155 - - [01/Apr/2025:21:08:20 -0400] "GET /test/wp-admin/install.php?step=1 HTTP/1.1" 404 1251 "-" "Mozilla/5.0 (X11; Linux x86_64; rv:52.0) Gecko/20100101 Firefox/52.0"
13.229.78.155 - - [01/Apr/2025:21:08:21 -0400] "GET /test/wp-admin/setup-config.php HTTP/1.1" 404 1251 "-" "Mozilla/5.0 (X11; Linux x86_64; rv:52.0) Gecko/20100101 Firefox/52.0"
13.229.78.155 - - [01/Apr/2025:21:08:22 -0400] "GET /web/wp-admin/install.php?step=1 HTTP/1.1" 404 1251 "-" "Mozilla/5.0 (X11; Linux x86_64; rv:52.0) Gecko/20100101 Firefox/52.0"
13.229.78.155 - - [01/Apr/2025:21:08:22 -0400] "GET /web/wp-admin/setup-config.php HTTP/1.1" 404 1251 "-" "Mozilla/5.0 (X11; Linux x86_64; rv:52.0) Gecko/20100101 Firefox/52.0"
13.229.78.155 - - [01/Apr/2025:21:08:23 -0400] "GET /cms/wp-admin/install.php?step=1 HTTP/1.1" 404 1251 "-" "Mozilla/5.0 (X11; Linux x86_64; rv:52.0) Gecko/20100101 Firefox/52.0"
13.229.78.155 - - [01/Apr/2025:21:08:24 -0400] "GET /cms/wp-admin/setup-config.php HTTP/1.1" 404 1251 "-" "Mozilla/5.0 (X11; Linux x86_64; rv:52.0) Gecko/20100101 Firefox/52.0"
198.54.114.83 - - [01/Apr/2025:21:08:27 -0400] "POST /wp-cron.php?doing_wp_cron=1743556106.8860459327697753906250 HTTP/1.1" 200 0 "-" "WordPress/6.7.2; https://stannswarehouse.com"
13.229.78.155 - - [01/Apr/2025:21:08:25 -0400] "POST /wp-admin/admin-ajax.php HTTP/1.1" 400 21 "-" "Mozilla/5.0 (X11; Linux x86_64; rv:52.0) Gecko/20100101 Firefox/52.0"
13.229.78.155 - - [01/Apr/2025:21:08:27 -0400] "GET /wp-admin/ HTTP/1.1" 302 0 "-" "Mozilla/5.0 (X11; Linux x86_64; rv:52.0) Gecko/20100101 Firefox/52.0"
198.54.114.83 - - [01/Apr/2025:21:10:35 -0400] "POST /wp-cron.php?doing_wp_cron=1743556234.2621269226074218750000 HTTP/1.1" 200 0 "-" "WordPress/6.7.2; https://stannswarehouse.com"
162.0.209.186 - - [01/Apr/2025:21:10:30 -0400] "POST /xmlrpc.php HTTP/1.1" 200 212 "http://stannswarehouse.com" "Mozilla/5.0 (Windows NT 10.0; Win64; x64) AppleWebKit/537.36 (KHTML, like Gecko) Chrome/114.0.5735.199 Safari/537.36 Edg/114.0.1823.67"
216.244.66.246 - - [01/Apr/2025:21:17:01 -0400] "GET /robots.txt HTTP/1.1" 200 23 "-" "Mozilla/5.0 (compatible; DotBot/1.2; +https://opensiteexplorer.org/dotbot; help@moz.com)"
216.244.66.246 - - [01/Apr/2025:21:26:29 -0400] "GET /a-journey-into-enigmatic-realms/ HTTP/1.1" 404 1251 "-" "Mozilla/5.0 (compatible; DotBot/1.2; +https://opensiteexplorer.org/dotbot; help@moz.com)"
198.54.114.83 - - [01/Apr/2025:21:35:27 -0400] "POST /wp-cron.php?doing_wp_cron=1743557726.7265129089355468750000 HTTP/1.1" 200 0 "-" "WordPress/6.7.2; https://stannswarehouse.com"
217.156.65.24 - - [01/Apr/2025:21:35:22 -0400] "POST /xmlrpc.php HTTP/1.1" 200 212 "http://stannswarehouse.com" "Mozilla/5.0 (Windows NT 10.0; Win64; x64) AppleWebKit/537.36 (KHTML, like Gecko) Chrome/114.0.5735.199 Safari/537.36 Edg/114.0.1823.67"
198.54.114.83 - - [01/Apr/2025:22:00:21 -0400] "POST /wp-cron.php?doing_wp_cron=1743559221.0732970237731933593750 HTTP/1.1" 200 0 "-" "WordPress/6.7.2; https://stannswarehouse.com"
34.93.16.66 - - [01/Apr/2025:22:00:16 -0400] "POST /xmlrpc.php HTTP/1.1" 200 212 "http://stannswarehouse.com" "Mozilla/5.0 (Windows NT 10.0; Win64; x64) AppleWebKit/537.36 (KHTML, like Gecko) Chrome/114.0.5735.134 Safari/537.36"
216.244.66.246 - - [01/Apr/2025:22:12:30 -0400] "GET /how-to-buy-tiktok-video-views/ HTTP/1.1" 404 1251 "-" "Mozilla/5.0 (compatible; DotBot/1.2; +https://opensiteexplorer.org/dotbot; help@moz.com)"
216.244.66.246 - - [01/Apr/2025:22:12:52 -0400] "GET /washer-repair/feed/ HTTP/1.1" 404 1251 "-" "Mozilla/5.0 (compatible; DotBot/1.2; +https://opensiteexplorer.org/dotbot; help@moz.com)"
3.221.156.96 - - [01/Apr/2025:22:24:47 -0400] "GET /dp/B0D483WX7X?ref=MarsFS_VICC_blinksed HTTP/1.1" 404 1251 "-" "Mozilla/5.0 AppleWebKit/537.36 (KHTML, like Gecko; compatible; Amazonbot/0.1; +https://developer.amazon.com/support/amazonbot) Chrome/119.0.6045.214 Safari/537.36"
198.54.114.83 - - [01/Apr/2025:22:26:20 -0400] "POST /wp-cron.php?doing_wp_cron=1743560780.1148910522460937500000 HTTP/1.1" 200 0 "-" "WordPress/6.7.2; https://stannswarehouse.com"
162.0.209.186 - - [01/Apr/2025:22:26:14 -0400] "POST /xmlrpc.php HTTP/1.1" 200 212 "http://stannswarehouse.com" "Mozilla/5.0 (Windows NT 10.0; Win64; x64) AppleWebKit/537.36 (KHTML, like Gecko) Chrome/112.0.5615.138 Safari/537.36"
198.54.114.83 - - [01/Apr/2025:22:52:14 -0400] "POST /wp-cron.php?doing_wp_cron=1743562334.2652099132537841796875 HTTP/1.1" 200 0 "-" "WordPress/6.7.2; https://stannswarehouse.com"
162.0.215.103 - - [01/Apr/2025:22:52:08 -0400] "POST /xmlrpc.php HTTP/1.1" 200 212 "http://stannswarehouse.com" "Mozilla/5.0 (Macintosh; Intel Mac OS X 10_15_7) AppleWebKit/537.36 (KHTML, like Gecko) Chrome/114.0.5735.134 Safari/537.36"
54.163.169.168 - - [01/Apr/2025:23:03:20 -0400] "GET /dp/B091G668JP?ref=MarsFS_eero_en HTTP/1.1" 404 1251 "-" "Mozilla/5.0 AppleWebKit/537.36 (KHTML, like Gecko; compatible; Amazonbot/0.1; +https://developer.amazon.com/support/amazonbot) Chrome/119.0.6045.214 Safari/537.36"
198.54.114.83 - - [01/Apr/2025:23:18:19 -0400] "POST /wp-cron.php?doing_wp_cron=1743563899.1470460891723632812500 HTTP/1.1" 200 0 "-" "WordPress/6.7.2; https://stannswarehouse.com"
51.161.7.9 - - [01/Apr/2025:23:18:13 -0400] "POST /xmlrpc.php HTTP/1.1" 200 212 "http://stannswarehouse.com" "Mozilla/5.0 (Windows NT 10.0; Win64; x64) AppleWebKit/537.36 (KHTML, like Gecko) Chrome/114.0.5735.134 Safari/537.36"
165.227.188.67 - - [01/Apr/2025:23:27:19 -0400] "GET /wp-admin/css/ HTTP/1.1" 403 1242 "binance.com" "Mozilla/5.0 (Windows NT 10.0; Win64; x64) AppleWebKit/537.36 (KHTML, like Gecko) Chrome/90.0.4430.85 Safari/537.36"
198.54.114.83 - - [01/Apr/2025:23:44:38 -0400] "POST /wp-cron.php?doing_wp_cron=1743565477.9419670104980468750000 HTTP/1.1" 200 0 "-" "WordPress/6.7.2; https://stannswarehouse.com"
23.111.188.34 - - [01/Apr/2025:23:44:32 -0400] "POST /xmlrpc.php HTTP/1.1" 200 212 "http://stannswarehouse.com" "Mozilla/5.0 (Macintosh; Intel Mac OS X 10_15_7; rv:129.0) Gecko/20100101 Firefox/129.0"
100.28.118.16 - - [02/Apr/2025:00:05:00 -0400] "GET /dp/B0CG2TPLJV?ref=MarsFS_VICC_PNTC HTTP/1.1" 404 1251 "-" "Mozilla/5.0 AppleWebKit/537.36 (KHTML, like Gecko; compatible; Amazonbot/0.1; +https://developer.amazon.com/support/amazonbot) Chrome/119.0.6045.214 Safari/537.36"
162.0.215.103 - - [02/Apr/2025:00:10:03 -0400] "POST /xmlrpc.php HTTP/1.1" 200 212 "http://stannswarehouse.com" "Mozilla/5.0 (Macintosh; Intel Mac OS X 13_3) AppleWebKit/537.36 (KHTML, like Gecko) Chrome/126.0.0.0 Safari/537.36 Edg/126.0.0.0"
151.106.162.202 - - [02/Apr/2025:00:33:06 -0400] "GET /wp-content/uploads/2018/10/retro-french-country-kitchens-kitchen-island-cart.jpg HTTP/1.1" 404 1251 "-" "Mozilla/5.0 (X11; Ubuntu; Linux x86_64; rv:72.0) Gecko/20100101 Firefox/72.0"
151.106.162.202 - - [02/Apr/2025:00:33:06 -0400] "GET /wp-content/uploads/2018/10/retro-french-country-kitchens-kitchen-island-cart.jpg HTTP/1.1" 404 1251 "-" "Mozilla/5.0 (X11; Ubuntu; Linux x86_64; rv:72.0) Gecko/20100101 Firefox/72.0"
151.106.162.202 - - [02/Apr/2025:00:33:07 -0400] "GET /wp-content/uploads/2018/10/retro-french-country-kitchens-kitchen-island-cart.jpg HTTP/1.1" 404 1251 "-" "Mozilla/5.0 (X11; Ubuntu; Linux x86_64; rv:72.0) Gecko/20100101 Firefox/72.0"
198.54.114.83 - - [02/Apr/2025:00:34:41 -0400] "POST /wp-cron.php?doing_wp_cron=1743568481.1257240772247314453125 HTTP/1.1" 200 0 "-" "WordPress/6.7.2; https://stannswarehouse.com"
198.187.29.183 - - [02/Apr/2025:00:34:36 -0400] "POST /xmlrpc.php HTTP/1.1" 200 212 "http://stannswarehouse.com" "Mozilla/5.0 (Windows NT 10.0; Win64; x64; rv:127.0) Gecko/20100101 Firefox/127.0"
151.106.162.202 - - [02/Apr/2025:00:38:26 -0400] "GET /wp-content/uploads/2019/04/round-kitchen-table-decoration-ideas-kitchen-table-decorations-ideas-kitchen-table-centerpieces-cool-design-for-centerpieces-for-dining-room-tables-ideas-kitchen-table-top-decor-ideas.jpg HTTP/1.1" 404 1251 "-" "Mozilla/5.0 (X11; Ubuntu; Linux x86_64; rv:72.0) Gecko/20100101 Firefox/72.0"
151.106.162.202 - - [02/Apr/2025:00:38:27 -0400] "GET /wp-content/uploads/2019/04/round-kitchen-table-decoration-ideas-kitchen-table-decorations-ideas-kitchen-table-centerpieces-cool-design-for-centerpieces-for-dining-room-tables-ideas-kitchen-table-top-decor-ideas.jpg HTTP/1.1" 404 1251 "-" "Mozilla/5.0 (X11; Ubuntu; Linux x86_64; rv:72.0) Gecko/20100101 Firefox/72.0"
151.106.162.202 - - [02/Apr/2025:00:38:27 -0400] "GET /wp-content/uploads/2019/04/round-kitchen-table-decoration-ideas-kitchen-table-decorations-ideas-kitchen-table-centerpieces-cool-design-for-centerpieces-for-dining-room-tables-ideas-kitchen-table-top-decor-ideas.jpg HTTP/1.1" 404 1251 "-" "Mozilla/5.0 (X11; Ubuntu; Linux x86_64; rv:72.0) Gecko/20100101 Firefox/72.0"
23.23.180.225 - - [02/Apr/2025:00:44:16 -0400] "GET /dp/B08ZJVVMT4?ref=MarsFS_eero_en HTTP/1.1" 404 1251 "-" "Mozilla/5.0 AppleWebKit/537.36 (KHTML, like Gecko; compatible; Amazonbot/0.1; +https://developer.amazon.com/support/amazonbot) Chrome/119.0.6045.214 Safari/537.36"
54.83.23.103 - - [02/Apr/2025:00:44:20 -0400] "GET /dp/B0CQMZ24LR?ref=MarsFS_SMP_B0CQMZ24LR HTTP/1.1" 404 1251 "-" "Mozilla/5.0 AppleWebKit/537.36 (KHTML, like Gecko; compatible; Amazonbot/0.1; +https://developer.amazon.com/support/amazonbot) Chrome/119.0.6045.214 Safari/537.36"
94.182.87.150 - - [02/Apr/2025:00:44:45 -0400] "GET /all-you-need-to-know-regarding-cbd-oil/ HTTP/1.1" 404 1251 "http://stannswarehouse.com/all-you-need-to-know-regarding-cbd-oil/" "Mozilla/5.0 (Windows NT 10.0; Win64; x64) AppleWebKit/537.36 (KHTML, like Gecko) Chrome/129.0.0.0 Safari/537.36"
94.182.87.150 - - [02/Apr/2025:00:44:49 -0400] "GET / HTTP/1.1" 200 211284 "http://stannswarehouse.com/" "Mozilla/5.0 (Windows NT 10.0; Win64; x64) AppleWebKit/537.36 (KHTML, like Gecko) Chrome/129.0.0.0 Safari/537.36"
45.55.35.120 - - [02/Apr/2025:00:50:06 -0400] "GET / HTTP/1.1" 200 211284 "-" "Mozilla/5.0 (Windows NT 10.0; Win64; x64) AppleWebKit/537.36 (KHTML, like Gecko) Chrome/80.0.3987.149 Safari/537.36"
45.55.35.120 - - [02/Apr/2025:00:50:07 -0400] "GET / HTTP/1.1" 200 211284 "-" "Mozilla/5.0 (Windows NT 10.0; Win64; x64) AppleWebKit/537.36 (KHTML, like Gecko) Chrome/80.0.3987.149 Safari/537.36"
45.55.35.120 - - [02/Apr/2025:00:50:08 -0400] "GET /wp-includes/wlwmanifest.xml HTTP/1.1" 404 1251 "-" "Mozilla/5.0 (Windows NT 10.0; Win64; x64) AppleWebKit/537.36 (KHTML, like Gecko) Chrome/80.0.3987.149 Safari/537.36"
198.54.114.83 - - [02/Apr/2025:00:50:13 -0400] "POST /wp-cron.php?doing_wp_cron=1743569413.3365950584411621093750 HTTP/1.1" 200 0 "-" "WordPress/6.7.2; https://stannswarehouse.com"
45.55.35.120 - - [02/Apr/2025:00:50:08 -0400] "GET /xmlrpc.php?rsd HTTP/1.1" 200 309 "-" "Mozilla/5.0 (Windows NT 10.0; Win64; x64) AppleWebKit/537.36 (KHTML, like Gecko) Chrome/80.0.3987.149 Safari/537.36"
45.55.35.120 - - [02/Apr/2025:00:50:15 -0400] "GET /?author=1 HTTP/1.1" 200 211284 "-" "Mozilla/5.0 (Windows NT 10.0; Win64; x64) AppleWebKit/537.36 (KHTML, like Gecko) Chrome/80.0.3987.149 Safari/537.36"
45.55.35.120 - - [02/Apr/2025:00:50:16 -0400] "GET /?author=2 HTTP/1.1" 200 211284 "-" "Mozilla/5.0 (Windows NT 10.0; Win64; x64) AppleWebKit/537.36 (KHTML, like Gecko) Chrome/80.0.3987.149 Safari/537.36"
45.55.35.120 - - [02/Apr/2025:00:50:17 -0400] "GET /wp-json/wp/v2/users/ HTTP/1.1" 404 1251 "-" "Mozilla/5.0 (Windows NT 10.0; Win64; x64) AppleWebKit/537.36 (KHTML, like Gecko) Chrome/80.0.3987.149 Safari/537.36"
45.55.35.120 - - [02/Apr/2025:00:50:17 -0400] "GET /wp-json/oembed/1.0/embed?url=http://stannswarehouse.com HTTP/1.1" 404 1251 "-" "Mozilla/5.0 (Windows NT 10.0; Win64; x64) AppleWebKit/537.36 (KHTML, like Gecko) Chrome/80.0.3987.149 Safari/537.36"
45.55.35.120 - - [02/Apr/2025:00:50:17 -0400] "POST /xmlrpc.php HTTP/1.1" 200 212 "-" "Mozilla/5.0 (Windows NT 10.0; Win64; x64) AppleWebKit/537.36 (KHTML, like Gecko) Chrome/80.0.3987.149 Safari/537.36"
45.55.35.120 - - [02/Apr/2025:00:50:18 -0400] "POST /xmlrpc.php HTTP/1.1" 200 236 "-" "Mozilla/5.0 (Windows NT 10.0; Win64; x64) AppleWebKit/537.36 (KHTML, like Gecko) Chrome/80.0.3987.149 Safari/537.36"
45.55.35.120 - - [02/Apr/2025:00:50:19 -0400] "POST /xmlrpc.php HTTP/1.1" 200 212 "-" "Mozilla/5.0 (Windows NT 10.0; Win64; x64) AppleWebKit/537.36 (KHTML, like Gecko) Chrome/80.0.3987.149 Safari/537.36"
45.55.35.120 - - [02/Apr/2025:00:50:20 -0400] "POST /xmlrpc.php HTTP/1.1" 200 236 "-" "Mozilla/5.0 (Windows NT 10.0; Win64; x64) AppleWebKit/537.36 (KHTML, like Gecko) Chrome/80.0.3987.149 Safari/537.36"
45.55.35.120 - - [02/Apr/2025:00:50:20 -0400] "POST /xmlrpc.php HTTP/1.1" 200 236 "-" "Mozilla/5.0 (Windows NT 10.0; Win64; x64) AppleWebKit/537.36 (KHTML, like Gecko) Chrome/80.0.3987.149 Safari/537.36"
198.54.114.83 - - [02/Apr/2025:00:50:23 -0400] "POST /wp-cron.php?doing_wp_cron=1743569422.9795749187469482421875 HTTP/1.1" 200 0 "-" "WordPress/6.7.2; https://stannswarehouse.com"
45.55.35.120 - - [02/Apr/2025:00:50:21 -0400] "POST /xmlrpc.php HTTP/1.1" 200 236 "-" "Mozilla/5.0 (Windows NT 10.0; Win64; x64) AppleWebKit/537.36 (KHTML, like Gecko) Chrome/80.0.3987.149 Safari/537.36"
198.54.114.83 - - [02/Apr/2025:00:56:45 -0400] "POST /wp-cron.php?doing_wp_cron=1743569804.7924981117248535156250 HTTP/1.1" 200 0 "-" "WordPress/6.7.2; https://stannswarehouse.com"
198.54.114.91 - - [02/Apr/2025:00:56:41 -0400] "POST /xmlrpc.php HTTP/1.1" 200 212 "http://stannswarehouse.com" "Mozilla/5.0 (Windows NT 11.0; Win64; x64) AppleWebKit/537.36 (KHTML, like Gecko) Chrome/126.0.0.0 Safari/537.36"
110.166.71.39 - - [02/Apr/2025:01:12:05 -0400] "GET / HTTP/1.1" 200 211284 "-" "Mozilla/5.0 (iPhone; CPU iPhone OS 13_2_3 like Mac OS X) AppleWebKit/605.1.15 (KHTML, like Gecko) Version/13.0.3 Mobile/15E148 Safari/604.1"
149.56.160.205 - - [02/Apr/2025:01:13:22 -0400] "GET / HTTP/1.1" 200 211284 "-" "Mozilla/5.0 (compatible; Dataprovider.com)"
149.56.160.205 - - [02/Apr/2025:01:13:22 -0400] "GET /robots.txt HTTP/1.1" 200 23 "-" "Mozilla/5.0 (compatible; Dataprovider.com)"
149.56.160.205 - - [02/Apr/2025:01:13:29 -0400] "GET /sitemap.xml HTTP/1.1" 200 296 "-" "Mozilla/5.0 (compatible; Dataprovider.com)"
149.56.160.205 - - [02/Apr/2025:01:13:30 -0400] "GET /dp/B091G668JP?ref=MarsFS_eero_en HTTP/1.1" 404 1251 "-" "Mozilla/5.0 (compatible; Dataprovider.com)"
149.56.160.205 - - [02/Apr/2025:01:13:31 -0400] "GET /gp/registry/wishlist/ HTTP/1.1" 404 1251 "-" "Mozilla/5.0 (compatible; Dataprovider.com)"
149.56.160.205 - - [02/Apr/2025:01:13:32 -0400] "GET /Amazon/b/ref=bl_dp_s_web_7940963051?ie=UTF8&node=7940963051&field-lbr_brands_browse-bin=Amazon HTTP/1.1" 404 1251 "-" "Mozilla/5.0 (compatible; Dataprovider.com)"
149.56.160.205 - - [02/Apr/2025:01:13:33 -0400] "GET /dp/B09WXH9BH7?ref=MarsFS_AUCC_ch HTTP/1.1" 404 1251 "-" "Mozilla/5.0 (compatible; Dataprovider.com)"
149.56.160.205 - - [02/Apr/2025:01:13:34 -0400] "GET /dp/B09B8YP8KY?ref=MarsFS_AUCC_cann HTTP/1.1" 404 1251 "-" "Mozilla/5.0 (compatible; Dataprovider.com)"
149.56.160.205 - - [02/Apr/2025:01:13:35 -0400] "GET /dp/B0C2RXN77R?ref=MarsFS_AUCC_es HTTP/1.1" 404 1251 "-" "Mozilla/5.0 (compatible; Dataprovider.com)"
149.56.160.205 - - [02/Apr/2025:01:13:36 -0400] "GET /dp/B085G63QHT?ref=MarsFS_AUCC_lr HTTP/1.1" 404 1251 "-" "Mozilla/5.0 (compatible; Dataprovider.com)"
149.56.160.205 - - [02/Apr/2025:01:13:37 -0400] "GET /dp/B07NQ7HNHY?ref=MarsFS_AUCC_oe HTTP/1.1" 404 1251 "-" "Mozilla/5.0 (compatible; Dataprovider.com)"
149.56.160.205 - - [02/Apr/2025:01:13:38 -0400] "GET /dp/B09B2RL8CG?ref=MarsFS_AUCC_hyp HTTP/1.1" 404 1251 "-" "Mozilla/5.0 (compatible; Dataprovider.com)"
149.56.160.205 - - [02/Apr/2025:01:13:39 -0400] "GET / HTTP/1.1" 200 211284 "-" "Mozilla/5.0 (Linux; Android 10; SM-G981B) AppleWebKit/537.36 (KHTML, like Gecko) Chrome/80.0.3987.162 Mobile Safari/537.36"
149.56.160.205 - - [02/Apr/2025:01:13:40 -0400] "GET /humans.txt HTTP/1.1" 404 1251 "-" "Mozilla/5.0 (compatible; Dataprovider.com)"
149.56.160.205 - - [02/Apr/2025:01:13:40 -0400] "GET /ads.txt HTTP/1.1" 404 1251 "-" "Mozilla/5.0 (compatible; Dataprovider.com)"
149.56.160.205 - - [02/Apr/2025:01:13:41 -0400] "GET /security.txt HTTP/1.1" 404 1251 "-" "Mozilla/5.0 (compatible; Dataprovider.com)"
149.56.160.205 - - [02/Apr/2025:01:13:41 -0400] "GET /.well-known/security.txt HTTP/1.1" 404 1251 "-" "Mozilla/5.0 (compatible; Dataprovider.com)"
13.232.60.28 - - [02/Apr/2025:01:13:55 -0400] "GET / HTTP/1.1" 200 211284 "-" "Mozilla/5.0 (Windows NT 10.0; Win64; x64) AppleWebKit/537.36 (KHTML, like Gecko) Chrome/80.0.3987.149 Safari/537.36"
13.232.60.28 - - [02/Apr/2025:01:13:57 -0400] "GET / HTTP/1.1" 200 211284 "-" "Mozilla/5.0 (Windows NT 10.0; Win64; x64) AppleWebKit/537.36 (KHTML, like Gecko) Chrome/80.0.3987.149 Safari/537.36"
149.56.150.27 - - [02/Apr/2025:01:13:58 -0400] "GET / HTTP/1.1" 200 211284 "-" "Mozilla/5.0 (compatible; Dataprovider.com)"
13.232.60.28 - - [02/Apr/2025:01:13:59 -0400] "GET /wp-includes/wlwmanifest.xml HTTP/1.1" 404 1251 "-" "Mozilla/5.0 (Windows NT 10.0; Win64; x64) AppleWebKit/537.36 (KHTML, like Gecko) Chrome/80.0.3987.149 Safari/537.36"
198.54.114.83 - - [02/Apr/2025:01:14:00 -0400] "POST /wp-cron.php?doing_wp_cron=1743570840.2369379997253417968750 HTTP/1.1" 200 0 "-" "WordPress/6.7.2; https://stannswarehouse.com"
149.56.150.27 - - [02/Apr/2025:01:14:00 -0400] "GET /rd/uedata?ld&v=0.300369.0&id=90G9DFKSFRKCQZ4KHD88&sw=1920&sh=1080&vw=1920&vh=1080&m=1&sc=90G9DFKSFRKCQZ4KHD88&ue=3&bb=581&ns=593&x1=829&cf=1099&be=1134&fp=610&fcp=610&af=1235&fn=1519&pc=2193&tc=-487&na_=-487&ul_=-1743570838275&_ul=-1743570838275&rd_=-1743570838275&_rd=-1743570838275&fe_=-487&lk_=-487&_lk=-487&co_=-485&_co=-407&sc_=-1743570838275&rq_=-407&rs_=-8&_rs=297&dl_=-5&di_=1155&de_=1155&_de=1172&_dc=2193&ld_=2193&_ld=-1743570838275&ntd=0&ty=0&rc=0&hob=2&hoe=3&ld=2194&t=1743570840469&ctb=1&rt=cf:66-4-55-5-3-0-1_af:70-4-55-7-5-0-1_ld:99-12-56-25-6-0-1&ec=12&ecf=6&csmtags=aui|aui:aui_build_date:3.24.9-2024-10-31|aui:sw:browser:register:unsupported|mutObsYes|aui:sw:page_proxy:unsupported_browser|mutObsActive|aui:css:network|aui:js:network|color_name|configuration|defaultSelection|swatch|swatch:defaultSelection|sIMAGE|sIMAGE:defaultSelection|singleton|singleton:defaultSelection|family_size_bucket:0-3|family_size_bucket:0-3:defaultSelection|family_size_bucket:0-3:swatch|family_size_bucket:0-3:swatch:defaultSelection|family_size_bucket:0-3:sIMAGE|family_size_bucket:0-3:sIMAGE:defaultSelection|family_size_bucket:0-3:singleton|family_size_bucket:0-3:singleton:defaultSelection|variation_dimension:2|variation_dimension:2:defaultSelection|variation_dimension:2:swatch|variation_dimension:2:swatch:defaultSelection|variation_dimension:2:sIMAGE|variation_dimension:2:sIMAGE:defaultSelection|variation_dimension:2:singleton|variation_dimension:2:singleton:defaultSelection|variation_dimension:2:family_size_bucket:0-3|variation_dimension:2:family_size_bucket:0-3:defaultSelection|variation_dimension:2:family_size_bucket:0-3:swatch|variation_dimension:2:family_size_bucket:0-3:swatch:defaultSelection|variation_dimension:2:family_size_bucket:0-3:sIMAGE|variation_dimension:2:family_size_bucket:0-3:sIMAGE:defaultSelection|variation_dimension:2:family_size_bucket:0-3:singleton|variation_dimension:2:family_size_bucket:0-3:singleton:defaultSelection|DetailPageMetaAssetFixedNotCached|DetailPageEverywhereMetaAssetNotCached|DetailPagePriceTrackerAssetsNotCached|DetailPageProductSpecDepthAssetNotCached|DetailPagePQVAssetsNotCached|DetailPageTwisterPlusSubAssetsNotCached|AmazonDevicesDetailPageCriticalAssetsNotCached|DetailPagePostPurchaseAssetsNotCached|DetailPageTurboCheckoutDesktopAssetsNotCached|DetailPageNostosAssetsNotCached|auiNotCached|FWCIMEnabled|fls-fe-amazon-com-au|perfYes|desktop-image-atf-marker|adblk_no|buyingOptionNostos|image_size_bucket:0-50|immersiveViewNotAvailable|DPCIFNonBuyable|DPCIFLongPoleimageblock&viz=visible:3&pty=Detail&spty=Kindle_HW&pti=B0BF75VM4T&tid=90G9DFKSFRKCQZ4KHD88&aftb=1&lob=1 HTTP/1.1" 404 1251 "http://www.stannswarehouse.com/" "Mozilla/5.0 (compatible; Dataprovider.com)"
13.232.60.28 - - [02/Apr/2025:01:13:59 -0400] "GET /xmlrpc.php?rsd HTTP/1.1" 200 309 "-" "Mozilla/5.0 (Windows NT 10.0; Win64; x64) AppleWebKit/537.36 (KHTML, like Gecko) Chrome/80.0.3987.149 Safari/537.36"
13.232.60.28 - - [02/Apr/2025:01:14:01 -0400] "GET /?author=1 HTTP/1.1" 200 211284 "-" "Mozilla/5.0 (Windows NT 10.0; Win64; x64) AppleWebKit/537.36 (KHTML, like Gecko) Chrome/80.0.3987.149 Safari/537.36"
13.232.60.28 - - [02/Apr/2025:01:14:03 -0400] "GET /?author=2 HTTP/1.1" 200 211284 "-" "Mozilla/5.0 (Windows NT 10.0; Win64; x64) AppleWebKit/537.36 (KHTML, like Gecko) Chrome/80.0.3987.149 Safari/537.36"
13.232.60.28 - - [02/Apr/2025:01:14:05 -0400] "GET /wp-json/wp/v2/users/ HTTP/1.1" 404 1251 "-" "Mozilla/5.0 (Windows NT 10.0; Win64; x64) AppleWebKit/537.36 (KHTML, like Gecko) Chrome/80.0.3987.149 Safari/537.36"
13.232.60.28 - - [02/Apr/2025:01:14:06 -0400] "GET /wp-json/oembed/1.0/embed?url=http://stannswarehouse.com HTTP/1.1" 404 1251 "-" "Mozilla/5.0 (Windows NT 10.0; Win64; x64) AppleWebKit/537.36 (KHTML, like Gecko) Chrome/80.0.3987.149 Safari/537.36"
13.232.60.28 - - [02/Apr/2025:01:14:06 -0400] "POST /xmlrpc.php HTTP/1.1" 200 212 "-" "Mozilla/5.0 (Windows NT 10.0; Win64; x64) AppleWebKit/537.36 (KHTML, like Gecko) Chrome/80.0.3987.149 Safari/537.36"
13.232.60.28 - - [02/Apr/2025:01:14:07 -0400] "POST /xmlrpc.php HTTP/1.1" 200 236 "-" "Mozilla/5.0 (Windows NT 10.0; Win64; x64) AppleWebKit/537.36 (KHTML, like Gecko) Chrome/80.0.3987.149 Safari/537.36"
13.232.60.28 - - [02/Apr/2025:01:14:08 -0400] "POST /xmlrpc.php HTTP/1.1" 200 212 "-" "Mozilla/5.0 (Windows NT 10.0; Win64; x64) AppleWebKit/537.36 (KHTML, like Gecko) Chrome/80.0.3987.149 Safari/537.36"
13.232.60.28 - - [02/Apr/2025:01:14:08 -0400] "POST /xmlrpc.php HTTP/1.1" 200 236 "-" "Mozilla/5.0 (Windows NT 10.0; Win64; x64) AppleWebKit/537.36 (KHTML, like Gecko) Chrome/80.0.3987.149 Safari/537.36"
13.232.60.28 - - [02/Apr/2025:01:14:09 -0400] "POST /xmlrpc.php HTTP/1.1" 200 236 "-" "Mozilla/5.0 (Windows NT 10.0; Win64; x64) AppleWebKit/537.36 (KHTML, like Gecko) Chrome/80.0.3987.149 Safari/537.36"
13.232.60.28 - - [02/Apr/2025:01:14:10 -0400] "POST /xmlrpc.php HTTP/1.1" 200 236 "-" "Mozilla/5.0 (Windows NT 10.0; Win64; x64) AppleWebKit/537.36 (KHTML, like Gecko) Chrome/80.0.3987.149 Safari/537.36"
198.54.114.83 - - [02/Apr/2025:01:22:00 -0400] "POST /wp-cron.php?doing_wp_cron=1743571319.9468789100646972656250 HTTP/1.1" 200 0 "-" "WordPress/6.7.2; https://stannswarehouse.com"
52.117.30.9 - - [02/Apr/2025:01:21:56 -0400] "POST /xmlrpc.php HTTP/1.1" 200 212 "http://stannswarehouse.com" "Mozilla/5.0 (Macintosh; Intel Mac OS X 10_15_7; rv:129.0) Gecko/20100101 Firefox/129.0"
52.54.157.23 - - [02/Apr/2025:01:39:16 -0400] "GET /dp/B09WZBPX7K?ref=MarsFS_VICC_rvdw HTTP/1.1" 404 1251 "-" "Mozilla/5.0 AppleWebKit/537.36 (KHTML, like Gecko; compatible; Amazonbot/0.1; +https://developer.amazon.com/support/amazonbot) Chrome/119.0.6045.214 Safari/537.36"
49.51.183.220 - - [02/Apr/2025:01:40:01 -0400] "GET / HTTP/1.1" 200 211284 "-" "Mozilla/5.0 (iPhone; CPU iPhone OS 13_2_3 like Mac OS X) AppleWebKit/605.1.15 (KHTML, like Gecko) Version/13.0.3 Mobile/15E148 Safari/604.1"
69.49.117.147 - - [02/Apr/2025:01:40:25 -0400] "GET /all-you-need-to-know-regarding-cbd-oil/ HTTP/1.1" 404 1251 "http://stannswarehouse.com/all-you-need-to-know-regarding-cbd-oil/" "Mozilla/5.0 (Windows NT 10.0; Win64; x64) AppleWebKit/537.36 (KHTML, like Gecko) Chrome/131.0.0.0 Safari/537.36"
69.49.117.147 - - [02/Apr/2025:01:40:25 -0400] "GET / HTTP/1.1" 200 211284 "http://stannswarehouse.com/" "Mozilla/5.0 (Windows NT 10.0; Win64; x64) AppleWebKit/537.36 (KHTML, like Gecko) Chrome/131.0.0.0 Safari/537.36"
198.54.114.83 - - [02/Apr/2025:01:47:32 -0400] "POST /wp-cron.php?doing_wp_cron=1743572852.4679419994354248046875 HTTP/1.1" 200 0 "-" "WordPress/6.7.2; https://stannswarehouse.com"
208.109.173.103 - - [02/Apr/2025:01:47:28 -0400] "POST /xmlrpc.php HTTP/1.1" 200 212 "http://stannswarehouse.com" "Mozilla/5.0 (Macintosh; Intel Mac OS X 10_15_7; rv:126.0) Gecko/20100101 Firefox/126.0"
198.54.114.83 - - [02/Apr/2025:02:13:23 -0400] "POST /wp-cron.php?doing_wp_cron=1743574403.0054280757904052734375 HTTP/1.1" 200 0 "-" "WordPress/6.7.2; https://stannswarehouse.com"
118.139.180.100 - - [02/Apr/2025:02:13:19 -0400] "POST /xmlrpc.php HTTP/1.1" 200 212 "http://stannswarehouse.com" "Mozilla/5.0 (Macintosh; Intel Mac OS X 10_15_7) AppleWebKit/537.36 (KHTML, like Gecko) Chrome/113.0.5672.93 Safari/537.36"
18.233.24.238 - - [02/Apr/2025:02:15:04 -0400] "GET /dp/B091D9R5XX?ref=MarsFS_VICC_rvdwired HTTP/1.1" 404 1251 "-" "Mozilla/5.0 AppleWebKit/537.36 (KHTML, like Gecko; compatible; Amazonbot/0.1; +https://developer.amazon.com/support/amazonbot) Chrome/119.0.6045.214 Safari/537.36"
34.196.114.170 - - [02/Apr/2025:02:33:26 -0400] "GET /dp/B0D3RN5W37?ref=MarsFS_VICC_blinksqm HTTP/1.1" 404 1251 "-" "Mozilla/5.0 AppleWebKit/537.36 (KHTML, like Gecko; compatible; Amazonbot/0.1; +https://developer.amazon.com/support/amazonbot) Chrome/119.0.6045.214 Safari/537.36"
98.80.130.239 - - [02/Apr/2025:02:33:32 -0400] "GET /gp/profile/amzn1.account.AF5FRYZXCS7TKUJBS42LJ5SIYFCQ/ref=cm_cr_dp_d_gw_tr?ie=UTF8 HTTP/1.1" 404 1251 "-" "Mozilla/5.0 AppleWebKit/537.36 (KHTML, like Gecko; compatible; Amazonbot/0.1; +https://developer.amazon.com/support/amazonbot) Chrome/119.0.6045.214 Safari/537.36"
198.54.114.83 - - [02/Apr/2025:02:37:49 -0400] "POST /wp-cron.php?doing_wp_cron=1743575869.4059278964996337890625 HTTP/1.1" 200 0 "-" "WordPress/6.7.2; https://stannswarehouse.com"
91.90.210.217 - - [02/Apr/2025:02:37:46 -0400] "POST /xmlrpc.php HTTP/1.1" 200 212 "http://stannswarehouse.com" "Mozilla/5.0 (Windows NT 10.0; Win64; x64) AppleWebKit/537.36 (KHTML, like Gecko) Chrome/113.0.5672.126 Safari/537.36 Edg/113.0.1774.50"
151.106.162.202 - - [02/Apr/2025:02:40:57 -0400] "GET /wp-content/uploads/2019/05/rustic-kitchen-design-with-tina-bar-stools-from-building-a-house-home-goods-dining-furniture-kitchen-island-designs.jpg HTTP/1.1" 404 1251 "-" "Mozilla/5.0 (X11; Ubuntu; Linux x86_64; rv:72.0) Gecko/20100101 Firefox/72.0"
151.106.162.202 - - [02/Apr/2025:02:40:57 -0400] "GET /wp-content/uploads/2019/05/rustic-kitchen-design-with-tina-bar-stools-from-building-a-house-home-goods-dining-furniture-kitchen-island-designs.jpg HTTP/1.1" 404 1251 "-" "Mozilla/5.0 (X11; Ubuntu; Linux x86_64; rv:72.0) Gecko/20100101 Firefox/72.0"
151.106.162.202 - - [02/Apr/2025:02:40:57 -0400] "GET /wp-content/uploads/2019/05/rustic-kitchen-design-with-tina-bar-stools-from-building-a-house-home-goods-dining-furniture-kitchen-island-designs.jpg HTTP/1.1" 404 1251 "-" "Mozilla/5.0 (X11; Ubuntu; Linux x86_64; rv:72.0) Gecko/20100101 Firefox/72.0"
185.191.171.9 - - [02/Apr/2025:02:42:43 -0400] "GET /dp/B0B2BY4ZG7?ref=MarsFS_VICC_rvdw HTTP/1.1" 404 1251 "-" "Mozilla/5.0 (compatible; SemrushBot/7~bl; +http://www.semrush.com/bot.html)"
52.203.152.231 - - [02/Apr/2025:02:51:23 -0400] "GET /dp/B0BLS3H65Z?ref=MarsFS_AUCC_ath HTTP/1.1" 404 1251 "-" "Mozilla/5.0 AppleWebKit/537.36 (KHTML, like Gecko; compatible; Amazonbot/0.1; +https://developer.amazon.com/support/amazonbot) Chrome/119.0.6045.214 Safari/537.36"
44.197.76.210 - - [02/Apr/2025:02:51:28 -0400] "GET /dp/B0BCR4YW51?ref=MarsFS_AUCC_eh HTTP/1.1" 404 1251 "-" "Mozilla/5.0 AppleWebKit/537.36 (KHTML, like Gecko; compatible; Amazonbot/0.1; +https://developer.amazon.com/support/amazonbot) Chrome/119.0.6045.214 Safari/537.36"
18.213.27.222 - - [02/Apr/2025:02:51:32 -0400] "GET /dp/B0CZB5RHWX?ref=MarsFS_KINDLE_pc HTTP/1.1" 404 1251 "-" "Mozilla/5.0 AppleWebKit/537.36 (KHTML, like Gecko; compatible; Amazonbot/0.1; +https://developer.amazon.com/support/amazonbot) Chrome/119.0.6045.214 Safari/537.36"
77.91.70.87 - - [02/Apr/2025:02:55:00 -0400] "GET /all-you-need-to-know-regarding-cbd-oil/ HTTP/1.1" 404 1251 "http://stannswarehouse.com/all-you-need-to-know-regarding-cbd-oil/" "Mozilla/5.0 (Windows NT 10.0; Win64; x64) AppleWebKit/537.36 (KHTML, like Gecko) Chrome/130.0.0.0 Safari/537.36"
77.91.70.87 - - [02/Apr/2025:02:55:01 -0400] "GET / HTTP/1.1" 200 210856 "http://stannswarehouse.com/" "Mozilla/5.0 (Windows NT 10.0; Win64; x64) AppleWebKit/537.36 (KHTML, like Gecko) Chrome/130.0.0.0 Safari/537.36"
198.54.114.83 - - [02/Apr/2025:03:02:04 -0400] "POST /wp-cron.php?doing_wp_cron=1743577324.1353380680084228515625 HTTP/1.1" 200 0 "-" "WordPress/6.7.2; https://stannswarehouse.com"
198.54.120.130 - - [02/Apr/2025:03:01:59 -0400] "POST /xmlrpc.php HTTP/1.1" 200 212 "http://stannswarehouse.com" "Mozilla/5.0 (Macintosh; Intel Mac OS X 10_15_7; rv:129.0) Gecko/20100101 Firefox/129.0"
34.205.170.13 - - [02/Apr/2025:03:13:09 -0400] "GET /dp/B0C2RXN77R?ref=MarsFS_AUCC_es HTTP/1.1" 404 1251 "-" "Mozilla/5.0 AppleWebKit/537.36 (KHTML, like Gecko; compatible; Amazonbot/0.1; +https://developer.amazon.com/support/amazonbot) Chrome/119.0.6045.214 Safari/537.36"
216.244.66.246 - - [02/Apr/2025:03:18:37 -0400] "GET /robots.txt HTTP/1.1" 200 23 "-" "Mozilla/5.0 (compatible; DotBot/1.2; +https://opensiteexplorer.org/dotbot; help@moz.com)"
198.54.114.83 - - [02/Apr/2025:03:26:19 -0400] "POST /wp-cron.php?doing_wp_cron=1743578779.0342450141906738281250 HTTP/1.1" 200 0 "-" "WordPress/6.7.2; https://stannswarehouse.com"
35.238.203.213 - - [02/Apr/2025:03:26:13 -0400] "POST /xmlrpc.php HTTP/1.1" 200 212 "http://stannswarehouse.com" "Mozilla/5.0 (Windows NT 11.0; Win64; x64) AppleWebKit/537.36 (KHTML, like Gecko) Chrome/126.0.0.0 Safari/537.36 Edg/126.0.0.0"
43.130.9.111 - - [02/Apr/2025:03:30:35 -0400] "GET / HTTP/1.1" 200 211284 "-" "Mozilla/5.0 (iPhone; CPU iPhone OS 13_2_3 like Mac OS X) AppleWebKit/605.1.15 (KHTML, like Gecko) Version/13.0.3 Mobile/15E148 Safari/604.1"
216.244.66.246 - - [02/Apr/2025:03:31:52 -0400] "GET /die-rolle-eines-anwalts-im-modernen-rechtssystem/ HTTP/1.1" 404 1251 "-" "Mozilla/5.0 (compatible; DotBot/1.2; +https://opensiteexplorer.org/dotbot; help@moz.com)"
85.208.96.202 - - [02/Apr/2025:03:34:02 -0400] "GET /hz/reviews-render/report-review?csrfT=hI7SZljMN8bG2ire57mKHlD4fY6c8uVTvZXytn4fYPolAAAAAGcq7rEAAAAB&ie=UTF8&ref=cm_cr_dp_d_report&reviewId=R1PEI6HEVK2UIC HTTP/1.1" 404 1251 "-" "Mozilla/5.0 (compatible; SemrushBot/7~bl; +http://www.semrush.com/bot.html)"
54.83.240.58 - - [02/Apr/2025:03:39:18 -0400] "GET /dp/B09B2RL8CG?ref=MarsFS_AUCC_hyp HTTP/1.1" 404 1251 "-" "Mozilla/5.0 AppleWebKit/537.36 (KHTML, like Gecko; compatible; Amazonbot/0.1; +https://developer.amazon.com/support/amazonbot) Chrome/119.0.6045.214 Safari/537.36"
85.208.96.205 - - [02/Apr/2025:03:44:11 -0400] "GET /robots.txt HTTP/1.1" 304 0 "-" "Mozilla/5.0 (compatible; SemrushBot/7~bl; +http://www.semrush.com/bot.html)"
185.191.171.18 - - [02/Apr/2025:03:44:12 -0400] "GET /dp/B0B6GK4VTC?ref=MarsFS_VICC_RINGINDC HTTP/1.1" 404 1251 "-" "Mozilla/5.0 (compatible; SemrushBot/7~bl; +http://www.semrush.com/bot.html)"
47.82.10.107 - - [02/Apr/2025:03:50:00 -0400] "GET /wp-content/themes/colormag/assets/library/font-awesome/css/solid.min.css HTTP/1.1" 200 327 "-" "Mozilla/5.0 (Windows NT 10.0; Win64; x64) AppleWebKit/537.36 (KHTML, like Gecko) Chrome/114.0.0.0 Safari/537.36 Edg/114.0.1823.43"
47.82.9.50 - - [02/Apr/2025:03:50:27 -0400] "GET /wp-includes/css/dist/block-library/style.min.css HTTP/1.1" 200 19532 "-" "Mozilla/5.0 (Windows NT 10.0; Win64; x64) AppleWebKit/537.36 (KHTML, like Gecko) Chrome/114.0.0.0 Safari/537.36 Edg/114.0.1823.43"
173.212.223.204 - - [02/Apr/2025:03:51:52 -0400] "POST /xmlrpc.php HTTP/1.1" 200 212 "http://stannswarehouse.com" "Mozilla/5.0 (Windows NT 10.0; Win64; x64) AppleWebKit/537.36 (KHTML, like Gecko) Chrome/113.0.5672.126 Safari/537.36 Edg/113.0.1774.50"
198.54.114.83 - - [02/Apr/2025:03:51:58 -0400] "POST /wp-cron.php?doing_wp_cron=1743580317.1821401119232177734375 HTTP/1.1" 200 0 "-" "WordPress/6.7.2; https://stannswarehouse.com"
47.82.10.245 - - [02/Apr/2025:03:53:13 -0400] "GET /wp-content/themes/colormag/style.css HTTP/1.1" 200 27146 "-" "Mozilla/5.0 (Windows NT 10.0; Win64; x64) AppleWebKit/537.36 (KHTML, like Gecko) Chrome/114.0.0.0 Safari/537.36 Edg/114.0.1823.43"
44.215.210.112 - - [02/Apr/2025:03:54:13 -0400] "GET /Amazon/b/ref=bl_dp_s_web_7940963051?field-lbr_brands_browse-bin=Amazon&ie=UTF8&node=7940963051 HTTP/1.1" 404 1251 "-" "Mozilla/5.0 AppleWebKit/537.36 (KHTML, like Gecko; compatible; Amazonbot/0.1; +https://developer.amazon.com/support/amazonbot) Chrome/119.0.6045.214 Safari/537.36"
103.216.223.206 - - [02/Apr/2025:03:54:39 -0400] "GET /wp-content/uploads/2017-------/09/wp-console.php HTTP/1.1" 404 1251 "-" "Mozilla/5.0 (Linux; Android 11; M2010J19SI) AppleWebKit/537.36 (KHTML, like Gecko) Chrome/109.0.0.0 Mobile Safari/537.36"
103.216.223.206 - - [02/Apr/2025:03:54:42 -0400] "GET /wp-includes/js/crop/uword.php HTTP/1.1" 404 1251 "-" "Mozilla/5.0 (Linux; Android 11; M2010J19SI) AppleWebKit/537.36 (KHTML, like Gecko) Chrome/109.0.0.0 Mobile Safari/537.36"
103.216.223.206 - - [02/Apr/2025:03:54:44 -0400] "GET /wp-content/themes/bltm/wp-login.php HTTP/1.1" 404 1251 "-" "Mozilla/5.0 (Linux; Android 11; M2010J19SI) AppleWebKit/537.36 (KHTML, like Gecko) Chrome/109.0.0.0 Mobile Safari/537.36"
103.216.223.206 - - [02/Apr/2025:03:54:48 -0400] "GET /autoload_classmap.php HTTP/1.1" 404 1251 "-" "Mozilla/5.0 (Linux; Android 11; M2010J19SI) AppleWebKit/537.36 (KHTML, like Gecko) Chrome/109.0.0.0 Mobile Safari/537.36"
103.216.223.206 - - [02/Apr/2025:03:54:50 -0400] "GET /wp-content/uploads/2014/07/olx.php HTTP/1.1" 404 1251 "-" "Mozilla/5.0 (Linux; Android 11; M2010J19SI) AppleWebKit/537.36 (KHTML, like Gecko) Chrome/109.0.0.0 Mobile Safari/537.36"
103.216.223.206 - - [02/Apr/2025:03:54:51 -0400] "GET /wp-admin/css/colors/midnight/index.php HTTP/1.1" 404 1251 "-" "Mozilla/5.0 (Linux; Android 11; M2010J19SI) AppleWebKit/537.36 (KHTML, like Gecko) Chrome/109.0.0.0 Mobile Safari/537.36"
103.216.223.206 - - [02/Apr/2025:03:54:52 -0400] "GET /wp-content/uploads/2020/wp-couldent.php.suspected HTTP/1.1" 404 1251 "-" "Mozilla/5.0 (Linux; Android 11; M2010J19SI) AppleWebKit/537.36 (KHTML, like Gecko) Chrome/109.0.0.0 Mobile Safari/537.36"
103.216.223.206 - - [02/Apr/2025:03:54:54 -0400] "GET /wp-content/plugins/523453244/ninja.php HTTP/1.1" 404 1251 "-" "Mozilla/5.0 (Linux; Android 11; M2010J19SI) AppleWebKit/537.36 (KHTML, like Gecko) Chrome/109.0.0.0 Mobile Safari/537.36"
103.216.223.206 - - [02/Apr/2025:03:54:55 -0400] "GET /wp-includes/js/imgareaselect/index.php HTTP/1.1" 404 1251 "-" "Mozilla/5.0 (Linux; Android 11; M2010J19SI) AppleWebKit/537.36 (KHTML, like Gecko) Chrome/109.0.0.0 Mobile Safari/537.36"
103.216.223.206 - - [02/Apr/2025:03:54:56 -0400] "GET /wp-includes/PHPMailer/load.php HTTP/1.1" 404 1251 "-" "Mozilla/5.0 (Linux; Android 11; M2010J19SI) AppleWebKit/537.36 (KHTML, like Gecko) Chrome/109.0.0.0 Mobile Safari/537.36"
103.216.223.206 - - [02/Apr/2025:03:54:56 -0400] "GET /wp-links.php HTTP/1.1" 404 1251 "-" "Mozilla/5.0 (Linux; Android 11; M2010J19SI) AppleWebKit/537.36 (KHTML, like Gecko) Chrome/109.0.0.0 Mobile Safari/537.36"
103.216.223.206 - - [02/Apr/2025:03:54:58 -0400] "GET /wp-aa.php HTTP/1.1" 404 1251 "-" "Mozilla/5.0 (Linux; Android 11; M2010J19SI) AppleWebKit/537.36 (KHTML, like Gecko) Chrome/109.0.0.0 Mobile Safari/537.36"
103.216.223.206 - - [02/Apr/2025:03:54:59 -0400] "GET /wp-content/themes/travelscape/json.php HTTP/1.1" 404 1251 "-" "Mozilla/5.0 (Linux; Android 11; M2010J19SI) AppleWebKit/537.36 (KHTML, like Gecko) Chrome/109.0.0.0 Mobile Safari/537.36"
103.216.223.206 - - [02/Apr/2025:03:55:00 -0400] "GET /wp-content/themes/travel/issue.php HTTP/1.1" 404 1251 "-" "Mozilla/5.0 (Linux; Android 11; M2010J19SI) AppleWebKit/537.36 (KHTML, like Gecko) Chrome/109.0.0.0 Mobile Safari/537.36"
103.216.223.206 - - [02/Apr/2025:03:55:01 -0400] "GET /about.php HTTP/1.1" 404 1251 "-" "Mozilla/5.0 (Linux; Android 11; M2010J19SI) AppleWebKit/537.36 (KHTML, like Gecko) Chrome/109.0.0.0 Mobile Safari/537.36"
