149.88.101.23 - - [30/Mar/2025:22:18:01 -0400] "GET /wp-includes/feed-atom-comments-meta.php HTTP/1.1" 404 1251 "-" "Go-http-client/1.1"
149.88.101.23 - - [30/Mar/2025:22:18:01 -0400] "GET /wp-content/languages/confno7.php HTTP/1.1" 404 1251 "-" "Go-http-client/1.1"
149.88.101.23 - - [30/Mar/2025:22:18:01 -0400] "GET /wp-includes/ID3/getid3s.php HTTP/1.1" 404 1251 "-" "Go-http-client/1.1"
149.88.101.23 - - [30/Mar/2025:22:18:02 -0400] "GET /uploads/20230303064717.php HTTP/1.1" 404 1251 "-" "Go-http-client/1.1"
149.88.101.23 - - [30/Mar/2025:22:18:02 -0400] "GET /wp-includes/js/tinymce/radio.php HTTP/1.1" 404 1251 "-" "Go-http-client/1.1"
149.88.101.23 - - [30/Mar/2025:22:18:04 -0400] "GET /assets/dropdown.php HTTP/1.1" 404 1251 "-" "Go-http-client/1.1"
149.88.101.23 - - [30/Mar/2025:22:18:05 -0400] "GET /wp-includes/class-wp-session-tokens-ajax.php HTTP/1.1" 404 1251 "-" "Go-http-client/1.1"
149.88.101.23 - - [30/Mar/2025:22:18:05 -0400] "GET /wp-content/index.php.suspected HTTP/1.1" 404 1251 "-" "Go-http-client/1.1"
149.88.101.23 - - [30/Mar/2025:22:18:05 -0400] "GET /ini.php HTTP/1.1" 404 1251 "-" "Go-http-client/1.1"
149.88.101.23 - - [30/Mar/2025:22:18:07 -0400] "GET /.well-known/pki-validation/termps.php.suspected HTTP/1.1" 404 1251 "-" "Go-http-client/1.1"
149.88.101.23 - - [30/Mar/2025:22:18:11 -0400] "GET /wp-includes/js/tinymce/wp-conflg.php.suspected HTTP/1.1" 404 1251 "-" "Go-http-client/1.1"
149.88.101.23 - - [30/Mar/2025:22:18:12 -0400] "GET /wp-content/themes/travel/issue.phpp HTTP/1.1" 404 1251 "-" "Go-http-client/1.1"
149.88.101.23 - - [30/Mar/2025:22:18:15 -0400] "GET /wp-includes/js/tinymce/wp-tinymce.php HTTP/1.1" 200 146897 "-" "Go-http-client/1.1"
149.88.101.23 - - [30/Mar/2025:22:18:24 -0400] "GET /css/wp-blog.php HTTP/1.1" 404 1251 "-" "Go-http-client/1.1"
216.244.66.246 - - [30/Mar/2025:22:18:24 -0400] "GET /retro-kitchen-design-nzsta/feed/ HTTP/1.1" 404 1251 "-" "Mozilla/5.0 (compatible; DotBot/1.2; +https://opensiteexplorer.org/dotbot; help@moz.com)"
149.88.101.23 - - [30/Mar/2025:22:18:26 -0400] "GET /upfile.php HTTP/1.1" 404 1251 "-" "Go-http-client/1.1"
149.88.101.23 - - [30/Mar/2025:22:18:27 -0400] "GET /wp-content/plugins/pwnd/pwnd.php HTTP/1.1" 404 1251 "-" "Go-http-client/1.1"
216.244.66.246 - - [30/Mar/2025:22:18:51 -0400] "GET /row-house-entrance-to-kitchen/feed/ HTTP/1.1" 404 1251 "-" "Mozilla/5.0 (compatible; DotBot/1.2; +https://opensiteexplorer.org/dotbot; help@moz.com)"
149.88.101.23 - - [30/Mar/2025:22:18:57 -0400] "GET /wordpress/logsxxyyzz.php HTTP/1.1" 404 1251 "-" "Go-http-client/1.1"
149.88.101.23 - - [30/Mar/2025:22:19:01 -0400] "GET /css/default.php HTTP/1.1" 404 1251 "-" "Go-http-client/1.1"
149.88.101.23 - - [30/Mar/2025:22:19:02 -0400] "GET /wp-includes/class-wp-editor-cron.php HTTP/1.1" 404 1251 "-" "Go-http-client/1.1"
149.88.101.23 - - [30/Mar/2025:22:19:06 -0400] "GET /wp-includes/rest-api/class-wp-rest-report.php HTTP/1.1" 404 1251 "-" "Go-http-client/1.1"
149.88.101.23 - - [30/Mar/2025:22:19:10 -0400] "GET /wp-includes/feed-rdp.php HTTP/1.1" 404 1251 "-" "Go-http-client/1.1"
149.88.101.23 - - [30/Mar/2025:22:19:11 -0400] "GET /css/radio.php HTTP/1.1" 404 1251 "-" "Go-http-client/1.1"
198.54.114.83 - - [30/Mar/2025:22:19:11 -0400] "POST /wp-cron.php?doing_wp_cron=1743387551.7702078819274902343750 HTTP/1.1" 200 0 "-" "WordPress/6.7.2; https://stannswarehouse.com"
149.88.101.23 - - [30/Mar/2025:22:19:11 -0400] "GET /wp-activate.php HTTP/1.1" 302 0 "-" "Go-http-client/1.1"
149.88.101.23 - - [30/Mar/2025:22:19:18 -0400] "GET /js/file.php HTTP/1.1" 404 1251 "-" "Go-http-client/1.1"
149.88.101.23 - - [30/Mar/2025:22:19:22 -0400] "GET /assets/library.php HTTP/1.1" 404 1251 "-" "Go-http-client/1.1"
149.88.101.23 - - [30/Mar/2025:22:19:23 -0400] "GET /wp-includes/fm.php HTTP/1.1" 404 1251 "-" "Go-http-client/1.1"
149.88.101.23 - - [30/Mar/2025:22:19:23 -0400] "GET /wp-admin/css/colors/coffee/wp-casper.php HTTP/1.1" 404 1251 "-" "Go-http-client/1.1"
149.88.101.23 - - [30/Mar/2025:22:19:24 -0400] "GET /defaults.php HTTP/1.1" 404 1251 "-" "Go-http-client/1.1"
149.88.101.23 - - [30/Mar/2025:22:19:25 -0400] "GET /config.bak.php HTTP/1.1" 404 1251 "-" "Go-http-client/1.1"
149.88.101.23 - - [30/Mar/2025:22:19:25 -0400] "GET /wp-includes/wcache.php HTTP/1.1" 404 1251 "-" "Go-http-client/1.1"
149.88.101.23 - - [30/Mar/2025:22:19:26 -0400] "GET /images/image.php HTTP/1.1" 404 1251 "-" "Go-http-client/1.1"
149.88.101.23 - - [30/Mar/2025:22:19:27 -0400] "GET /robots.php HTTP/1.1" 404 1251 "-" "Go-http-client/1.1"
149.88.101.23 - - [30/Mar/2025:22:19:28 -0400] "GET /filemanager/dialog.php HTTP/1.1" 404 1251 "-" "Go-http-client/1.1"
149.88.101.23 - - [30/Mar/2025:22:19:29 -0400] "GET /cache/plugins.php HTTP/1.1" 404 1251 "-" "Go-http-client/1.1"
149.88.101.23 - - [30/Mar/2025:22:19:30 -0400] "GET /bitrix/cache/network.php HTTP/1.1" 404 1251 "-" "Go-http-client/1.1"
149.88.101.23 - - [30/Mar/2025:22:19:30 -0400] "GET /db5yjt/cache/wp-login.php HTTP/1.1" 404 1251 "-" "Go-http-client/1.1"
149.88.101.23 - - [30/Mar/2025:22:19:30 -0400] "GET /wp-content/uploads/index.php HTTP/1.1" 404 1251 "-" "Go-http-client/1.1"
149.88.101.23 - - [30/Mar/2025:22:19:31 -0400] "GET /wp-content/cache/themes.php HTTP/1.1" 404 1251 "-" "Go-http-client/1.1"
149.88.101.23 - - [30/Mar/2025:22:19:31 -0400] "GET /general/cache/plugins.php HTTP/1.1" 404 1251 "-" "Go-http-client/1.1"
149.88.101.23 - - [30/Mar/2025:22:19:32 -0400] "GET /sozorp/cache/about.php HTTP/1.1" 404 1251 "-" "Go-http-client/1.1"
149.88.101.23 - - [30/Mar/2025:22:19:33 -0400] "GET /.well-known/acme-challenge/upfile.php HTTP/1.1" 404 1251 "-" "Go-http-client/1.1"
149.88.101.23 - - [30/Mar/2025:22:19:34 -0400] "GET /ALFA_DATA/alfacgiapi/alfa.php HTTP/1.1" 404 1251 "-" "Go-http-client/1.1"
149.88.101.23 - - [30/Mar/2025:22:19:34 -0400] "GET /js/upfile.php HTTP/1.1" 404 1251 "-" "Go-http-client/1.1"
149.88.101.23 - - [30/Mar/2025:22:19:34 -0400] "GET /wp-admin/js/privacy-tools.min.php HTTP/1.1" 404 1251 "-" "Go-http-client/1.1"
149.88.101.23 - - [30/Mar/2025:22:19:36 -0400] "GET /wp-includes/option-old.php HTTP/1.1" 404 1251 "-" "Go-http-client/1.1"
149.88.101.23 - - [30/Mar/2025:22:19:37 -0400] "GET /js/themes.php HTTP/1.1" 404 1251 "-" "Go-http-client/1.1"
149.88.101.23 - - [30/Mar/2025:22:19:37 -0400] "GET /contact.php HTTP/1.1" 404 1251 "-" "Go-http-client/1.1"
149.88.101.23 - - [30/Mar/2025:22:19:38 -0400] "GET /.well-known/acme-challenge/admin.php HTTP/1.1" 404 1251 "-" "Go-http-client/1.1"
149.88.101.23 - - [30/Mar/2025:22:19:38 -0400] "GET /.well-known/pki-validation/system.php HTTP/1.1" 404 1251 "-" "Go-http-client/1.1"
149.88.101.23 - - [30/Mar/2025:22:19:40 -0400] "GET /images/a.php HTTP/1.1" 404 1251 "-" "Go-http-client/1.1"
149.88.101.23 - - [30/Mar/2025:22:19:41 -0400] "GET /wp-includes/class-wp-user-wp.php HTTP/1.1" 404 1251 "-" "Go-http-client/1.1"
149.88.101.23 - - [30/Mar/2025:22:19:42 -0400] "GET /x.php HTTP/1.1" 404 1251 "-" "Go-http-client/1.1"
149.88.101.23 - - [30/Mar/2025:22:19:43 -0400] "GET /wp-includes/sylib.php HTTP/1.1" 404 1251 "-" "Go-http-client/1.1"
149.88.101.23 - - [30/Mar/2025:22:19:43 -0400] "GET /plugin.php HTTP/1.1" 404 1251 "-" "Go-http-client/1.1"
149.88.101.23 - - [30/Mar/2025:22:19:44 -0400] "GET /link.php HTTP/1.1" 404 1251 "-" "Go-http-client/1.1"
149.88.101.23 - - [30/Mar/2025:22:19:44 -0400] "GET /wp-admin/user/wp-login.php HTTP/1.1" 404 1251 "-" "Go-http-client/1.1"
149.88.101.23 - - [30/Mar/2025:22:19:46 -0400] "GET /jp.php HTTP/1.1" 404 1251 "-" "Go-http-client/1.1"
149.88.101.23 - - [30/Mar/2025:22:19:46 -0400] "GET /wp-includes/dir/wp-login.php HTTP/1.1" 404 1251 "-" "Go-http-client/1.1"
149.88.101.23 - - [30/Mar/2025:22:19:46 -0400] "GET /wp-scr1pts.php HTTP/1.1" 404 1251 "-" "Go-http-client/1.1"
149.88.101.23 - - [30/Mar/2025:22:19:48 -0400] "GET /wp-22.php HTTP/1.1" 404 1251 "-" "Go-http-client/1.1"
149.88.101.23 - - [30/Mar/2025:22:19:50 -0400] "GET /wp-includes/js/crop/wp-admin.php HTTP/1.1" 404 1251 "-" "Go-http-client/1.1"
149.88.101.23 - - [30/Mar/2025:22:19:51 -0400] "GET /wp-the1me.php HTTP/1.1" 404 1251 "-" "Go-http-client/1.1"
149.88.101.23 - - [30/Mar/2025:22:19:54 -0400] "GET /.well-known/pki-validation/alfa.php HTTP/1.1" 404 1251 "-" "Go-http-client/1.1"
149.88.101.23 - - [30/Mar/2025:22:19:58 -0400] "GET /images/bannerads/1578087141_v3.php HTTP/1.1" 404 1251 "-" "Go-http-client/1.1"
149.88.101.23 - - [30/Mar/2025:22:20:02 -0400] "GET /wp-includes/fonts/wp-login.php HTTP/1.1" 404 1251 "-" "Go-http-client/1.1"
149.88.101.23 - - [30/Mar/2025:22:20:04 -0400] "GET /wp-includes/js/jcrop/Jcrop.php HTTP/1.1" 404 1251 "-" "Go-http-client/1.1"
149.88.101.23 - - [30/Mar/2025:22:20:08 -0400] "GET /wp-includes/PHPMailer/plugins.php HTTP/1.1" 404 1251 "-" "Go-http-client/1.1"
149.88.101.23 - - [30/Mar/2025:22:20:08 -0400] "GET /.well-known/acme-challenge/settings.php HTTP/1.1" 404 1251 "-" "Go-http-client/1.1"
149.88.101.23 - - [30/Mar/2025:22:20:08 -0400] "GET /wp-includes/customize/aogbgreen.php HTTP/1.1" 404 1251 "-" "Go-http-client/1.1"
149.88.101.23 - - [30/Mar/2025:22:20:09 -0400] "GET /.well-known/pki-validation/bak.php HTTP/1.1" 404 1251 "-" "Go-http-client/1.1"
149.88.101.23 - - [30/Mar/2025:22:20:09 -0400] "GET /Marvins.php HTTP/1.1" 404 1251 "-" "Go-http-client/1.1"
149.88.101.23 - - [30/Mar/2025:22:20:09 -0400] "GET /1.php?apx=upx HTTP/1.1" 404 1251 "-" "Go-http-client/1.1"
149.88.101.23 - - [30/Mar/2025:22:20:10 -0400] "GET /wp-conflg.php?p= HTTP/1.1" 404 1251 "-" "Go-http-client/1.1"
149.88.101.23 - - [30/Mar/2025:22:20:12 -0400] "GET /wp-content/upgrade/pdf.php HTTP/1.1" 404 1251 "-" "Go-http-client/1.1"
149.88.101.23 - - [30/Mar/2025:22:20:12 -0400] "GET /wp-includes/js/tinymce/wp-includes/js/tinymce/wp-tinymce.php HTTP/1.1" 404 1251 "-" "Go-http-client/1.1"
149.88.101.23 - - [30/Mar/2025:22:20:12 -0400] "GET /wp-includes/js/tinymce/plugins/compat3x/content.php HTTP/1.1" 404 1251 "-" "Go-http-client/1.1"
149.88.101.23 - - [30/Mar/2025:22:20:13 -0400] "GET /.well-known/pki-validation/baooorix.php HTTP/1.1" 404 1251 "-" "Go-http-client/1.1"
149.88.101.23 - - [30/Mar/2025:22:20:13 -0400] "GET /images/b374k-mini-shell.php HTTP/1.1" 404 1251 "-" "Go-http-client/1.1"
149.88.101.23 - - [30/Mar/2025:22:20:13 -0400] "GET /.well-known/pki-validation/defaults.php HTTP/1.1" 404 1251 "-" "Go-http-client/1.1"
149.88.101.23 - - [30/Mar/2025:22:20:13 -0400] "GET /images/autoload_classmap.php HTTP/1.1" 404 1251 "-" "Go-http-client/1.1"
149.88.101.23 - - [30/Mar/2025:22:20:14 -0400] "GET /wp-includes/rest-api/NzY6AS.php HTTP/1.1" 404 1251 "-" "Go-http-client/1.1"
149.88.101.23 - - [30/Mar/2025:22:20:14 -0400] "GET /css/index.php HTTP/1.1" 404 1251 "-" "Go-http-client/1.1"
149.88.101.23 - - [30/Mar/2025:22:20:14 -0400] "GET /indo.php HTTP/1.1" 404 1251 "-" "Go-http-client/1.1"
149.88.101.23 - - [30/Mar/2025:22:20:15 -0400] "GET /js/about.php HTTP/1.1" 404 1251 "-" "Go-http-client/1.1"
149.88.101.23 - - [30/Mar/2025:22:20:15 -0400] "GET /crop.php HTTP/1.1" 404 1251 "-" "Go-http-client/1.1"
149.88.101.23 - - [30/Mar/2025:22:20:16 -0400] "GET /wp-admin/admin.php HTTP/1.1" 302 0 "-" "Go-http-client/1.1"
216.244.66.246 - - [30/Mar/2025:22:20:24 -0400] "GET /red-kitchen-design/red-kitchen-design-red-white-black-kitchen-designs/feed/ HTTP/1.1" 404 1251 "-" "Mozilla/5.0 (compatible; DotBot/1.2; +https://opensiteexplorer.org/dotbot; help@moz.com)"
149.88.101.23 - - [30/Mar/2025:22:20:46 -0400] "GET /js/autoload_classmap.php HTTP/1.1" 404 1251 "-" "Go-http-client/1.1"
149.88.101.23 - - [30/Mar/2025:22:20:46 -0400] "GET /images/func.php_ HTTP/1.1" 404 1251 "-" "Go-http-client/1.1"
149.88.101.23 - - [30/Mar/2025:22:20:48 -0400] "GET /.well-known/pki-validation/doc.php HTTP/1.1" 404 1251 "-" "Go-http-client/1.1"
149.88.101.23 - - [30/Mar/2025:22:20:48 -0400] "GET /wp-includes/css/index.php HTTP/1.1" 404 1251 "-" "Go-http-client/1.1"
216.244.66.246 - - [30/Mar/2025:22:20:48 -0400] "GET /red-kitchen/red-kitchen-red-kitchen-accessories-tesco/feed/ HTTP/1.1" 404 1251 "-" "Mozilla/5.0 (compatible; DotBot/1.2; +https://opensiteexplorer.org/dotbot; help@moz.com)"
149.88.101.23 - - [30/Mar/2025:22:20:48 -0400] "GET /wp-admin/maint/index.php HTTP/1.1" 404 1251 "-" "Go-http-client/1.1"
149.88.101.23 - - [30/Mar/2025:22:20:49 -0400] "GET /wp-content/admin.php HTTP/1.1" 404 1251 "-" "Go-http-client/1.1"
149.88.101.23 - - [30/Mar/2025:22:20:49 -0400] "GET /lv.php HTTP/1.1" 404 1251 "-" "Go-http-client/1.1"
149.88.101.23 - - [30/Mar/2025:22:20:51 -0400] "GET /wp-includes/sitemaps/about.php HTTP/1.1" 404 1251 "-" "Go-http-client/1.1"
149.88.101.23 - - [30/Mar/2025:22:20:53 -0400] "GET /wp-admin/about.php HTTP/1.1" 302 0 "-" "Go-http-client/1.1"
149.88.101.23 - - [30/Mar/2025:22:20:58 -0400] "GET /atomlib.php HTTP/1.1" 404 1251 "-" "Go-http-client/1.1"
149.88.101.23 - - [30/Mar/2025:22:20:59 -0400] "GET /wp-content/tmpls.php HTTP/1.1" 404 1251 "-" "Go-http-client/1.1"
149.88.101.23 - - [30/Mar/2025:22:21:00 -0400] "GET /as.php HTTP/1.1" 404 1251 "-" "Go-http-client/1.1"
149.88.101.23 - - [30/Mar/2025:22:21:00 -0400] "GET /randkeyword.php HTTP/1.1" 404 1251 "-" "Go-http-client/1.1"
198.54.114.83 - - [30/Mar/2025:22:21:01 -0400] "POST /wp-cron.php?doing_wp_cron=1743387661.2244350910186767578125 HTTP/1.1" 200 0 "-" "WordPress/6.7.2; https://stannswarehouse.com"
149.88.101.23 - - [30/Mar/2025:22:21:01 -0400] "GET /wp-admin/install.php HTTP/1.1" 200 522 "-" "Go-http-client/1.1"
149.88.101.23 - - [30/Mar/2025:22:21:01 -0400] "GET /assets/radio.php HTTP/1.1" 404 1251 "-" "Go-http-client/1.1"
149.88.101.23 - - [30/Mar/2025:22:21:02 -0400] "GET /file.php HTTP/1.1" 404 1251 "-" "Go-http-client/1.1"
149.88.101.23 - - [30/Mar/2025:22:21:02 -0400] "GET /wp-content/content.php HTTP/1.1" 404 1251 "-" "Go-http-client/1.1"
149.88.101.23 - - [30/Mar/2025:22:21:03 -0400] "GET /lock.php HTTP/1.1" 404 1251 "-" "Go-http-client/1.1"
149.88.101.23 - - [30/Mar/2025:22:21:03 -0400] "GET /images/v1.php HTTP/1.1" 404 1251 "-" "Go-http-client/1.1"
149.88.101.23 - - [30/Mar/2025:22:21:03 -0400] "GET /uploads/_1681078363.php HTTP/1.1" 404 1251 "-" "Go-http-client/1.1"
149.88.101.23 - - [30/Mar/2025:22:21:04 -0400] "GET /css/leafmailer.php HTTP/1.1" 404 1251 "-" "Go-http-client/1.1"
149.88.101.23 - - [30/Mar/2025:22:21:04 -0400] "GET /bs1.php HTTP/1.1" 404 1251 "-" "Go-http-client/1.1"
149.88.101.23 - - [30/Mar/2025:22:21:04 -0400] "GET /js/404.php HTTP/1.1" 404 1251 "-" "Go-http-client/1.1"
149.88.101.23 - - [30/Mar/2025:22:21:07 -0400] "GET /wp-content/languages/index.php HTTP/1.1" 404 1251 "-" "Go-http-client/1.1"
149.88.101.23 - - [30/Mar/2025:22:21:07 -0400] "GET /.well-known/pki-validation/index.php HTTP/1.1" 404 1251 "-" "Go-http-client/1.1"
149.88.101.23 - - [30/Mar/2025:22:21:09 -0400] "GET /.well-known/pki-validation/admin.php HTTP/1.1" 404 1251 "-" "Go-http-client/1.1"
149.88.101.23 - - [30/Mar/2025:22:21:09 -0400] "GET /.well-known/acme-challenge/plugins.php HTTP/1.1" 404 1251 "-" "Go-http-client/1.1"
216.244.66.246 - - [30/Mar/2025:22:21:11 -0400] "GET /red-kitchens-pictures/red-kitchens-pictures-red-kitchen-design-images/feed/ HTTP/1.1" 404 1251 "-" "Mozilla/5.0 (compatible; DotBot/1.2; +https://opensiteexplorer.org/dotbot; help@moz.com)"
149.88.101.23 - - [30/Mar/2025:22:21:13 -0400] "GET /.well-known/pki-validation/ HTTP/1.1" 404 1251 "-" "Go-http-client/1.1"
149.88.101.23 - - [30/Mar/2025:22:21:15 -0400] "GET /wp-includes/admin.php HTTP/1.1" 404 1251 "-" "Go-http-client/1.1"
149.88.101.23 - - [30/Mar/2025:22:21:15 -0400] "GET /about/function.php HTTP/1.1" 404 1251 "-" "Go-http-client/1.1"
149.88.101.23 - - [30/Mar/2025:22:21:16 -0400] "GET /.well-known/admin.php HTTP/1.1" 404 1251 "-" "Go-http-client/1.1"
149.88.101.23 - - [30/Mar/2025:22:21:16 -0400] "GET /.well-known/pki-validation/wp.php HTTP/1.1" 404 1251 "-" "Go-http-client/1.1"
149.88.101.23 - - [30/Mar/2025:22:21:16 -0400] "GET /wp-admin/images/index.php HTTP/1.1" 404 1251 "-" "Go-http-client/1.1"
149.88.101.23 - - [30/Mar/2025:22:21:17 -0400] "GET /upload.php HTTP/1.1" 404 1251 "-" "Go-http-client/1.1"
149.88.101.23 - - [30/Mar/2025:22:21:17 -0400] "GET /wp-admin/wp-login.php HTTP/1.1" 404 1251 "-" "Go-http-client/1.1"
149.88.101.23 - - [30/Mar/2025:22:21:17 -0400] "GET /lock360.php HTTP/1.1" 404 1251 "-" "Go-http-client/1.1"
149.88.101.23 - - [30/Mar/2025:22:21:18 -0400] "GET /wp-admin/js/network.php HTTP/1.1" 404 1251 "-" "Go-http-client/1.1"
198.54.114.83 - - [30/Mar/2025:22:21:18 -0400] "POST /wp-cron.php?doing_wp_cron=1743387678.6366779804229736328125 HTTP/1.1" 200 0 "-" "WordPress/6.7.2; https://stannswarehouse.com"
149.88.101.23 - - [30/Mar/2025:22:21:18 -0400] "GET /wp-signup.php HTTP/1.1" 302 0 "-" "Go-http-client/1.1"
149.88.101.23 - - [30/Mar/2025:22:21:26 -0400] "GET /class.php HTTP/1.1" 404 1251 "-" "Go-http-client/1.1"
198.54.114.83 - - [30/Mar/2025:22:21:26 -0400] "POST /wp-cron.php?doing_wp_cron=1743387686.6231820583343505859375 HTTP/1.1" 200 0 "-" "WordPress/6.7.2; https://stannswarehouse.com"
149.88.101.23 - - [30/Mar/2025:22:21:26 -0400] "GET /wp-admin/network/about.php HTTP/1.1" 302 0 "-" "Go-http-client/1.1"
216.244.66.246 - - [30/Mar/2025:22:21:33 -0400] "GET /remodeled-kitchens-2013/remodeled-kitchens-2013-kitchen-cabinets-ikea/feed/ HTTP/1.1" 404 1251 "-" "Mozilla/5.0 (compatible; DotBot/1.2; +https://opensiteexplorer.org/dotbot; help@moz.com)"
149.88.101.23 - - [30/Mar/2025:22:21:34 -0400] "GET /themes.php? HTTP/1.1" 404 1251 "-" "Go-http-client/1.1"
149.88.101.23 - - [30/Mar/2025:22:21:36 -0400] "GET /wp-content/uploads/wp-login.php HTTP/1.1" 200 0 "-" "Go-http-client/1.1"
149.88.101.23 - - [30/Mar/2025:22:21:38 -0400] "GET /cgi-bin/wp-login.php HTTP/1.1" 500 103 "-" "Go-http-client/1.1"
149.88.101.23 - - [30/Mar/2025:22:21:38 -0400] "GET /.well-known/pki-validation/%20.php HTTP/1.1" 404 1251 "-" "Go-http-client/1.1"
149.88.101.23 - - [30/Mar/2025:22:21:40 -0400] "GET /x/index.php HTTP/1.1" 404 1251 "-" "Go-http-client/1.1"
149.88.101.23 - - [30/Mar/2025:22:21:40 -0400] "GET /wp-includes/certificates/plugins.php HTTP/1.1" 404 1251 "-" "Go-http-client/1.1"
149.88.101.23 - - [30/Mar/2025:22:21:40 -0400] "GET /wp-content/plugins/autoplugin/vendor/xMAN.php HTTP/1.1" 404 1251 "-" "Go-http-client/1.1"
149.88.101.23 - - [30/Mar/2025:22:21:41 -0400] "GET /css/Marvins.php HTTP/1.1" 404 1251 "-" "Go-http-client/1.1"
149.88.101.23 - - [30/Mar/2025:22:21:43 -0400] "GET /wp-includes/Text/wp-login.php HTTP/1.1" 404 1251 "-" "Go-http-client/1.1"
149.88.101.23 - - [30/Mar/2025:22:21:43 -0400] "GET /images/Marvins.php HTTP/1.1" 404 1251 "-" "Go-http-client/1.1"
149.88.101.23 - - [30/Mar/2025:22:21:45 -0400] "GET /wp-content/languages/as.php HTTP/1.1" 404 1251 "-" "Go-http-client/1.1"
149.88.101.23 - - [30/Mar/2025:22:21:45 -0400] "GET /wp-includes/js/tinymce/profile.php HTTP/1.1" 404 1251 "-" "Go-http-client/1.1"
149.88.101.23 - - [30/Mar/2025:22:21:45 -0400] "GET /images/wp-login.php HTTP/1.1" 404 1251 "-" "Go-http-client/1.1"
149.88.101.23 - - [30/Mar/2025:22:21:47 -0400] "GET /vendor/phpunit/phpunit/src/Util/PHP/kill.php HTTP/1.1" 404 1251 "-" "Go-http-client/1.1"
149.88.101.23 - - [30/Mar/2025:22:21:47 -0400] "GET /worksec.php HTTP/1.1" 404 1251 "-" "Go-http-client/1.1"
149.88.101.23 - - [30/Mar/2025:22:21:48 -0400] "GET /wp-includes/class-json-meta.php HTTP/1.1" 404 1251 "-" "Go-http-client/1.1"
149.88.101.23 - - [30/Mar/2025:22:21:52 -0400] "GET /user.php HTTP/1.1" 404 1251 "-" "Go-http-client/1.1"
216.244.66.246 - - [30/Mar/2025:22:21:57 -0400] "GET /red-and-white-kitchen-ideas-pinterest/red-and-white-kitchen-ideas-pinterest-white-kitchen-ideas-awesome-new-white-kitchen-cabinets-best-kitchen-nightmares-netflix/feed/ HTTP/1.1" 404 1251 "-" "Mozilla/5.0 (compatible; DotBot/1.2; +https://opensiteexplorer.org/dotbot; help@moz.com)"
149.88.101.23 - - [30/Mar/2025:22:22:08 -0400] "GET /wp-includes/SimplePie/about.php HTTP/1.1" 404 1251 "-" "Go-http-client/1.1"
149.88.101.23 - - [30/Mar/2025:22:22:10 -0400] "GET /wp-cron.php?ac=3 HTTP/1.1" 200 0 "-" "Go-http-client/1.1"
149.88.101.23 - - [30/Mar/2025:22:22:10 -0400] "GET /wp-content/themes/hideo/network.php HTTP/1.1" 404 1251 "-" "Go-http-client/1.1"
149.88.101.23 - - [30/Mar/2025:22:22:12 -0400] "GET /wp-admin/maint/upfile.php HTTP/1.1" 404 1251 "-" "Go-http-client/1.1"
149.88.101.23 - - [30/Mar/2025:22:22:14 -0400] "GET /wp-commentin.php?pass=f0aab4595a024d626315fb786dce8282 HTTP/1.1" 404 1251 "-" "Go-http-client/1.1"
149.88.101.23 - - [30/Mar/2025:22:22:14 -0400] "GET /ss.php?c%20c HTTP/1.1" 404 1251 "-" "Go-http-client/1.1"
149.88.101.23 - - [30/Mar/2025:22:22:15 -0400] "GET /wp-content/themes/travelscape/json.php HTTP/1.1" 404 1251 "-" "Go-http-client/1.1"
149.88.101.23 - - [30/Mar/2025:22:22:15 -0400] "GET //gelay.php HTTP/1.1" 404 1251 "-" "Go-http-client/1.1"
149.88.101.23 - - [30/Mar/2025:22:22:15 -0400] "GET //wp_wrong_datlib.php HTTP/1.1" 404 1251 "-" "Go-http-client/1.1"
216.244.66.246 - - [30/Mar/2025:22:22:17 -0400] "GET /red-black-and-white-kitchen/red-black-and-white-kitchen-color-scheme-idea-red-black-and-white-kitchen-designs-red-black-and-white-kitchen-decorating-ideas/feed/ HTTP/1.1" 404 1251 "-" "Mozilla/5.0 (compatible; DotBot/1.2; +https://opensiteexplorer.org/dotbot; help@moz.com)"
149.88.101.23 - - [30/Mar/2025:22:22:17 -0400] "GET //wp-content/themes/digital-download/new.php HTTP/1.1" 404 1251 "-" "Go-http-client/1.1"
216.244.66.246 - - [30/Mar/2025:22:22:57 -0400] "GET /red-black-and-white-kitchens/red-black-and-white-kitchens-red-and-black-kitchen-decor-eat-drink-be-merry-red-red-white-black-kitchen-designs/feed/ HTTP/1.1" 404 0 "-" "Mozilla/5.0 (compatible; DotBot/1.2; +https://opensiteexplorer.org/dotbot; help@moz.com)"
216.244.66.246 - - [30/Mar/2025:22:23:26 -0400] "GET /red-color-kitchen/red-color-kitchen-a-balanced-red-color-kitchen-kitchen-color-schemes-with-red-cabinets/feed/ HTTP/1.1" 404 1251 "-" "Mozilla/5.0 (compatible; DotBot/1.2; +https://opensiteexplorer.org/dotbot; help@moz.com)"
216.244.66.246 - - [30/Mar/2025:22:23:56 -0400] "GET /red-kitchen-design-ideas/red-kitchen-design-ideas-red-cottage-kitchen-designs-red-kitchen-design-ideas-red-kitchen-accessories-ideas/feed/ HTTP/1.1" 404 1251 "-" "Mozilla/5.0 (compatible; DotBot/1.2; +https://opensiteexplorer.org/dotbot; help@moz.com)"
216.244.66.246 - - [30/Mar/2025:22:24:24 -0400] "GET /red-kitchen-design-nigeria-newspapers/red-kitchen-design-nigeria-newspapers-kitchen-island/feed/ HTTP/1.1" 404 1251 "-" "Mozilla/5.0 (compatible; DotBot/1.2; +https://opensiteexplorer.org/dotbot; help@moz.com)"
216.244.66.246 - - [30/Mar/2025:22:24:51 -0400] "GET /red-kitchen-design-nigeria/red-kitchen-design-nigeria-painted-kitchen-floors-kitchen-sink-strainer/feed/ HTTP/1.1" 404 1251 "-" "Mozilla/5.0 (compatible; DotBot/1.2; +https://opensiteexplorer.org/dotbot; help@moz.com)"
216.244.66.246 - - [30/Mar/2025:22:25:17 -0400] "GET /red-kitchen-design-nigeria/red-kitchen-design-nigeria-simple-kitchen-designs-kitchen-sink-cookies/feed/ HTTP/1.1" 404 1251 "-" "Mozilla/5.0 (compatible; DotBot/1.2; +https://opensiteexplorer.org/dotbot; help@moz.com)"
216.244.66.246 - - [30/Mar/2025:22:25:43 -0400] "GET /red-kitchen-design-nigerian-movies/red-kitchen-design-nigerian-movies-colorful-girls-rooms-decorating-ideas-8-colorful-girls-rooms-design-kitchen-tiles-floor/feed/ HTTP/1.1" 404 1251 "-" "Mozilla/5.0 (compatible; DotBot/1.2; +https://opensiteexplorer.org/dotbot; help@moz.com)"
216.244.66.246 - - [30/Mar/2025:22:26:58 -0400] "GET /red-kitchen-design-nigerian-newspapers/red-kitchen-design-nigerian-newspapers-kitchenaid-microwave/feed/ HTTP/1.1" 404 1251 "-" "Mozilla/5.0 (compatible; DotBot/1.2; +https://opensiteexplorer.org/dotbot; help@moz.com)"
216.244.66.246 - - [30/Mar/2025:22:27:27 -0400] "GET /red-kitchen-design-nigeriaworld-nigerian/red-kitchen-design-nigeriaworld-nigerian-kitchen-design-modern/feed/ HTTP/1.1" 404 1251 "-" "Mozilla/5.0 (compatible; DotBot/1.2; +https://opensiteexplorer.org/dotbot; help@moz.com)"
216.244.66.246 - - [30/Mar/2025:22:27:55 -0400] "GET /red-kitchen-design-nigeriaworld-sports/red-kitchen-design-nigeriaworld-sports-action-v-world-cup-kitchen-tiles-grey/feed/ HTTP/1.1" 404 1251 "-" "Mozilla/5.0 (compatible; DotBot/1.2; +https://opensiteexplorer.org/dotbot; help@moz.com)"
216.244.66.246 - - [30/Mar/2025:22:28:23 -0400] "GET /red-kitchen-designs/red-kitchen-designs-red-kitchen-designer-kitchen-red-kitchen-units-pictures/feed/ HTTP/1.1" 404 1251 "-" "Mozilla/5.0 (compatible; DotBot/1.2; +https://opensiteexplorer.org/dotbot; help@moz.com)"
216.244.66.246 - - [30/Mar/2025:22:28:49 -0400] "GET /red-kitchen-designs/red-kitchen-designs-the-best-red-kitchen-tiles-ideas-on-red-modern-kitchen-cabinet-designs/feed/ HTTP/1.1" 404 1251 "-" "Mozilla/5.0 (compatible; DotBot/1.2; +https://opensiteexplorer.org/dotbot; help@moz.com)"
216.244.66.246 - - [30/Mar/2025:22:29:14 -0400] "GET /red-kitchen-knife-block-set/red-kitchen-knife-block-set-kitchen-aid-knife-block-set-red-piece-forged-stainless-steel-s-kitchen-design/feed/ HTTP/1.1" 404 1251 "-" "Mozilla/5.0 (compatible; DotBot/1.2; +https://opensiteexplorer.org/dotbot; help@moz.com)"
216.244.66.246 - - [30/Mar/2025:22:30:00 -0400] "GET /red-kitchen-rug/red-kitchen-rug-red-kitchen-rugs-red-kitchen-runner-rugs-set-red-kitchen-rug-runners-red-kitchen-rug-set/feed/ HTTP/1.1" 404 0 "-" "Mozilla/5.0 (compatible; DotBot/1.2; +https://opensiteexplorer.org/dotbot; help@moz.com)"
216.244.66.246 - - [30/Mar/2025:22:30:28 -0400] "GET /red-kitchen-tile-design-ideas/red-kitchen-tile-design-ideas-red-tiles-for-kitchen-kitchen-design-red-tiles-red-for-kitchen-red-tile-design-design-kitchen-ideas-ikea/feed/ HTTP/1.1" 404 1251 "-" "Mozilla/5.0 (compatible; DotBot/1.2; +https://opensiteexplorer.org/dotbot; help@moz.com)"
216.244.66.246 - - [30/Mar/2025:22:30:57 -0400] "GET /red-paint-for-kitchen/red-paint-for-kitchen-red-kitchen-colors-red-kitchen-paint-good-kitchen-colors-beautiful-colors-for-kitchen-what-colour-to-red-paint-kitchen-walls/feed/ HTTP/1.1" 404 1251 "-" "Mozilla/5.0 (compatible; DotBot/1.2; +https://opensiteexplorer.org/dotbot; help@moz.com)"
216.244.66.246 - - [30/Mar/2025:22:31:26 -0400] "GET /redbrick-kitchen-feature/redbrick-kitchen-feature-the-modern-and-bright-kitchen-and-dining-area-incorporates-the-same-style-of-red-brick-kitchen-tiles-floor/feed/ HTTP/1.1" 404 1251 "-" "Mozilla/5.0 (compatible; DotBot/1.2; +https://opensiteexplorer.org/dotbot; help@moz.com)"
216.244.66.246 - - [30/Mar/2025:22:31:53 -0400] "GET /refinishing-kitchen-cabinets/refinishing-kitchen-cabinets-cabinet-refacing-company-refinishing-kitchen-cabinets-colors/feed/ HTTP/1.1" 404 1251 "-" "Mozilla/5.0 (compatible; DotBot/1.2; +https://opensiteexplorer.org/dotbot; help@moz.com)"
216.244.66.246 - - [30/Mar/2025:22:32:19 -0400] "GET /remodel-kitchen-steps/remodel-kitchen-steps-steps-to-remodel-kitchen-3-raised-ranch-kitchen-remodel-before-and-kitchen-remodel-first-steps/feed/ HTTP/1.1" 404 1251 "-" "Mozilla/5.0 (compatible; DotBot/1.2; +https://opensiteexplorer.org/dotbot; help@moz.com)"
216.244.66.246 - - [30/Mar/2025:22:32:49 -0400] "GET /remodel-project-rustic-kitchen-atlanta/remodel-project-rustic-kitchen-atlanta-a-dynamic-make-over-for-a-busy-family-transitional-kitchen-kitchenaid-mixer-colors/feed/ HTTP/1.1" 404 1251 "-" "Mozilla/5.0 (compatible; DotBot/1.2; +https://opensiteexplorer.org/dotbot; help@moz.com)"
216.244.66.246 - - [30/Mar/2025:22:33:13 -0400] "GET /remodel-project-rustic-kitchen-atlanta/remodel-project-rustic-kitchen-atlanta-learn-more-kitchen-tiles-texture/feed/ HTTP/1.1" 404 1251 "-" "Mozilla/5.0 (compatible; DotBot/1.2; +https://opensiteexplorer.org/dotbot; help@moz.com)"
196.251.69.226 - - [30/Mar/2025:22:33:29 -0400] "POST /wp-content/plugins/wp-ver.php HTTP/1.1" 404 1251 "www.google.com" "Mozlila/5.0 (Linux; Android 7.0; SM-G892A Bulid/NRD90M; wv) AppleWebKit/537.36 (KHTML, like Gecko) Version/4.0 Chrome/60.0.3112.107 Moblie Safari/537.36"
216.244.66.246 - - [30/Mar/2025:22:33:38 -0400] "GET /remodel-project-rustic-kitchen-atlanta/remodel-project-rustic-kitchen-atlanta-project-6-traditional-kitchen-kitchenaid-dishwasher/feed/ HTTP/1.1" 404 1251 "-" "Mozilla/5.0 (compatible; DotBot/1.2; +https://opensiteexplorer.org/dotbot; help@moz.com)"
216.244.66.246 - - [30/Mar/2025:22:34:00 -0400] "GET /remodeling-kitchen/remodeling-kitchen-a-nice-kitchen-remodel-project-remodeling-old-kitchen-cabinets/feed/ HTTP/1.1" 404 1251 "-" "Mozilla/5.0 (compatible; DotBot/1.2; +https://opensiteexplorer.org/dotbot; help@moz.com)"
216.244.66.246 - - [30/Mar/2025:22:34:21 -0400] "GET /remodeling-my-kitchen/remodeling-my-kitchen-kitchen-remodeling-kitchen-remodeling-ideas-2017/feed/ HTTP/1.1" 404 1251 "-" "Mozilla/5.0 (compatible; DotBot/1.2; +https://opensiteexplorer.org/dotbot; help@moz.com)"
216.244.66.246 - - [30/Mar/2025:22:34:42 -0400] "GET /removable-kitchen-backsplash/removable-kitchen-backsplash-a-removable-with-renter-friendly-wallpaper-kitchen-design-ideas/feed/ HTTP/1.1" 404 1251 "-" "Mozilla/5.0 (compatible; DotBot/1.2; +https://opensiteexplorer.org/dotbot; help@moz.com)"
216.244.66.246 - - [30/Mar/2025:22:35:01 -0400] "GET /removing-laminate-backsplash-kitchen/removing-laminate-backsplash-kitchen-removing-laminate-removing-laminate-kitchen-how-kitchen-sink-plumbing/feed/ HTTP/1.1" 404 1251 "-" "Mozilla/5.0 (compatible; DotBot/1.2; +https://opensiteexplorer.org/dotbot; help@moz.com)"
198.54.114.83 - - [30/Mar/2025:22:51:06 -0400] "POST /wp-cron.php?doing_wp_cron=1743389465.8915920257568359375000 HTTP/1.1" 200 0 "-" "WordPress/6.7.2; https://stannswarehouse.com"
125.88.207.79 - - [30/Mar/2025:22:51:01 -0400] "GET /wp-login.php HTTP/1.1" 302 0 "-" "Apache-HttpClient/4.5.2 (Java/1.8.0_161)"
125.88.207.79 - - [30/Mar/2025:22:51:38 -0400] "GET /?author=1 HTTP/1.1" 200 211284 "-" "Apache-HttpClient/4.5.2 (Java/1.8.0_161)"
125.88.207.79 - - [30/Mar/2025:22:51:39 -0400] "GET /?author=2 HTTP/1.1" 200 211284 "-" "Apache-HttpClient/4.5.2 (Java/1.8.0_161)"
125.88.207.79 - - [30/Mar/2025:22:51:40 -0400] "GET /?author=3 HTTP/1.1" 200 211284 "-" "Apache-HttpClient/4.5.2 (Java/1.8.0_161)"
125.88.207.79 - - [30/Mar/2025:22:51:41 -0400] "GET /?author=4 HTTP/1.1" 200 211284 "-" "Apache-HttpClient/4.5.2 (Java/1.8.0_161)"
125.88.207.79 - - [30/Mar/2025:22:51:42 -0400] "GET /?author=5 HTTP/1.1" 200 211284 "-" "Apache-HttpClient/4.5.2 (Java/1.8.0_161)"
125.88.207.79 - - [30/Mar/2025:22:51:43 -0400] "GET /?author=6 HTTP/1.1" 200 211284 "-" "Apache-HttpClient/4.5.2 (Java/1.8.0_161)"
125.88.207.79 - - [30/Mar/2025:22:51:43 -0400] "GET /?author=7 HTTP/1.1" 200 211284 "-" "Apache-HttpClient/4.5.2 (Java/1.8.0_161)"
125.88.207.79 - - [30/Mar/2025:22:51:44 -0400] "GET /?author=8 HTTP/1.1" 200 211284 "-" "Apache-HttpClient/4.5.2 (Java/1.8.0_161)"
125.88.207.79 - - [30/Mar/2025:22:51:45 -0400] "GET /?author=9 HTTP/1.1" 200 211284 "-" "Apache-HttpClient/4.5.2 (Java/1.8.0_161)"
125.88.207.79 - - [30/Mar/2025:22:51:45 -0400] "GET /?author=10 HTTP/1.1" 200 211284 "-" "Apache-HttpClient/4.5.2 (Java/1.8.0_161)"
125.88.207.79 - - [30/Mar/2025:22:51:46 -0400] "GET /?author=11 HTTP/1.1" 200 211284 "-" "Apache-HttpClient/4.5.2 (Java/1.8.0_161)"
125.88.207.79 - - [30/Mar/2025:22:51:46 -0400] "GET /?author=12 HTTP/1.1" 200 211284 "-" "Apache-HttpClient/4.5.2 (Java/1.8.0_161)"
125.88.207.79 - - [30/Mar/2025:22:51:47 -0400] "GET /?author=13 HTTP/1.1" 200 211284 "-" "Apache-HttpClient/4.5.2 (Java/1.8.0_161)"
125.88.207.79 - - [30/Mar/2025:22:51:48 -0400] "GET /?author=14 HTTP/1.1" 200 211284 "-" "Apache-HttpClient/4.5.2 (Java/1.8.0_161)"
125.88.207.79 - - [30/Mar/2025:22:51:48 -0400] "GET /?author=15 HTTP/1.1" 200 211284 "-" "Apache-HttpClient/4.5.2 (Java/1.8.0_161)"
125.88.207.79 - - [30/Mar/2025:22:51:49 -0400] "GET /?author=16 HTTP/1.1" 200 211284 "-" "Apache-HttpClient/4.5.2 (Java/1.8.0_161)"
125.88.207.79 - - [30/Mar/2025:22:51:49 -0400] "GET /?author=17 HTTP/1.1" 200 211284 "-" "Apache-HttpClient/4.5.2 (Java/1.8.0_161)"
125.88.207.79 - - [30/Mar/2025:22:51:50 -0400] "GET /?author=18 HTTP/1.1" 200 211284 "-" "Apache-HttpClient/4.5.2 (Java/1.8.0_161)"
125.88.207.79 - - [30/Mar/2025:22:51:51 -0400] "GET /?author=19 HTTP/1.1" 200 211284 "-" "Apache-HttpClient/4.5.2 (Java/1.8.0_161)"
125.88.207.79 - - [30/Mar/2025:22:51:52 -0400] "GET /?author=20 HTTP/1.1" 200 211284 "-" "Apache-HttpClient/4.5.2 (Java/1.8.0_161)"
198.37.116.180 - - [30/Mar/2025:23:04:50 -0400] "GET /unveiling-the-world-of-satta-king-a-comprehensive-guide/ HTTP/1.1" 404 1251 "-" "Mozilla/5.0 (Macintosh; Intel Mac OS X 12_5) AppleWebKit/537.36 (KHTML, like Gecko) Chrome/114.0.0.0 Safari/537.36"
198.37.116.180 - - [30/Mar/2025:23:04:51 -0400] "GET / HTTP/1.1" 200 211284 "-" "Mozilla/5.0 (Macintosh; Intel Mac OS X 12_5) AppleWebKit/537.36 (KHTML, like Gecko) Chrome/114.0.0.0 Safari/537.36"
198.37.116.180 - - [30/Mar/2025:23:04:52 -0400] "GET /dp/B0D3RN5W37?ref=MarsFS_VICC_blinksqm HTTP/1.1" 404 1251 "http://stannswarehouse.com" "Mozilla/5.0 (Macintosh; Intel Mac OS X 12_5) AppleWebKit/537.36 (KHTML, like Gecko) Chrome/114.0.0.0 Safari/537.36"
198.37.116.180 - - [30/Mar/2025:23:04:52 -0400] "GET / HTTP/1.1" 200 211284 "http://stannswarehouse.com" "Mozilla/5.0 (Macintosh; Intel Mac OS X 12_5) AppleWebKit/537.36 (KHTML, like Gecko) Chrome/114.0.0.0 Safari/537.36"
216.244.66.246 - - [30/Mar/2025:23:45:19 -0400] "GET /robots.txt HTTP/1.1" 200 23 "-" "Mozilla/5.0 (compatible; DotBot/1.2; +https://opensiteexplorer.org/dotbot; help@moz.com)"
43.130.139.177 - - [30/Mar/2025:23:45:23 -0400] "GET / HTTP/1.1" 200 211284 "-" "Mozilla/5.0 (iPhone; CPU iPhone OS 13_2_3 like Mac OS X) AppleWebKit/605.1.15 (KHTML, like Gecko) Version/13.0.3 Mobile/15E148 Safari/604.1"
198.54.114.83 - - [30/Mar/2025:23:53:07 -0400] "POST /wp-cron.php?doing_wp_cron=1743393186.9164919853210449218750 HTTP/1.1" 200 0 "-" "WordPress/6.7.2; https://stannswarehouse.com"
186.64.119.170 - - [30/Mar/2025:23:53:04 -0400] "GET /wp-login.php HTTP/1.1" 302 0 "-" "Mozilla/5.0 (X11; Fedora; Linux x86_64; rv:94.0) Gecko/20100101 Firefox/95.0"
186.64.119.170 - - [30/Mar/2025:23:53:08 -0400] "GET ///?author=1 HTTP/1.1" 200 211284 "-" "Mozilla/5.0 (X11; Fedora; Linux x86_64; rv:94.0) Gecko/20100101 Firefox/95.0"
186.64.119.170 - - [30/Mar/2025:23:53:09 -0400] "GET ///wp-json/wp/v2/users/ HTTP/1.1" 404 1251 "-" "Mozilla/5.0 (X11; Fedora; Linux x86_64; rv:94.0) Gecko/20100101 Firefox/95.0"
216.244.66.246 - - [30/Mar/2025:23:57:16 -0400] "GET /installing-interior-window-shutters/ HTTP/1.1" 404 1251 "-" "Mozilla/5.0 (compatible; DotBot/1.2; +https://opensiteexplorer.org/dotbot; help@moz.com)"
216.244.66.246 - - [31/Mar/2025:00:04:47 -0400] "GET /fuzzy-math-should-you-buy-an-extended-warranty-for-your-new-car/ HTTP/1.1" 404 1251 "-" "Mozilla/5.0 (compatible; DotBot/1.2; +https://opensiteexplorer.org/dotbot; help@moz.com)"
216.244.66.246 - - [31/Mar/2025:00:12:58 -0400] "GET /sport-betting-sites/ HTTP/1.1" 404 1251 "-" "Mozilla/5.0 (compatible; DotBot/1.2; +https://opensiteexplorer.org/dotbot; help@moz.com)"
146.190.77.47 - - [31/Mar/2025:00:37:03 -0400] "GET / HTTP/1.1" 200 211284 "-" "Mozilla/5.0 (Windows NT 10.0; Win64; x64) AppleWebKit/537.36 (KHTML, like Gecko) Chrome/80.0.3987.149 Safari/537.36"
146.190.77.47 - - [31/Mar/2025:00:37:04 -0400] "GET / HTTP/1.1" 200 211284 "-" "Mozilla/5.0 (Windows NT 10.0; Win64; x64) AppleWebKit/537.36 (KHTML, like Gecko) Chrome/80.0.3987.149 Safari/537.36"
146.190.77.47 - - [31/Mar/2025:00:37:04 -0400] "GET /wp-includes/wlwmanifest.xml HTTP/1.1" 404 1251 "-" "Mozilla/5.0 (Windows NT 10.0; Win64; x64) AppleWebKit/537.36 (KHTML, like Gecko) Chrome/80.0.3987.149 Safari/537.36"
146.190.77.47 - - [31/Mar/2025:00:37:04 -0400] "GET / HTTP/1.1" 200 211284 "-" "Mozilla/5.0 (Windows NT 10.0; Win64; x64) AppleWebKit/537.36 (KHTML, like Gecko) Chrome/80.0.3987.149 Safari/537.36"
146.190.77.47 - - [31/Mar/2025:00:37:05 -0400] "GET /blog/wp-includes/wlwmanifest.xml HTTP/1.1" 404 1251 "-" "Mozilla/5.0 (Windows NT 10.0; Win64; x64) AppleWebKit/537.36 (KHTML, like Gecko) Chrome/80.0.3987.149 Safari/537.36"
146.190.77.47 - - [31/Mar/2025:00:37:05 -0400] "GET /web/wp-includes/wlwmanifest.xml HTTP/1.1" 404 1251 "-" "Mozilla/5.0 (Windows NT 10.0; Win64; x64) AppleWebKit/537.36 (KHTML, like Gecko) Chrome/80.0.3987.149 Safari/537.36"
146.190.77.47 - - [31/Mar/2025:00:37:05 -0400] "GET /wordpress/wp-includes/wlwmanifest.xml HTTP/1.1" 404 1251 "-" "Mozilla/5.0 (Windows NT 10.0; Win64; x64) AppleWebKit/537.36 (KHTML, like Gecko) Chrome/80.0.3987.149 Safari/537.36"
146.190.77.47 - - [31/Mar/2025:00:37:05 -0400] "GET /website/wp-includes/wlwmanifest.xml HTTP/1.1" 404 1251 "-" "Mozilla/5.0 (Windows NT 10.0; Win64; x64) AppleWebKit/537.36 (KHTML, like Gecko) Chrome/80.0.3987.149 Safari/537.36"
146.190.77.47 - - [31/Mar/2025:00:37:05 -0400] "GET /wp/wp-includes/wlwmanifest.xml HTTP/1.1" 404 1251 "-" "Mozilla/5.0 (Windows NT 10.0; Win64; x64) AppleWebKit/537.36 (KHTML, like Gecko) Chrome/80.0.3987.149 Safari/537.36"
146.190.77.47 - - [31/Mar/2025:00:37:05 -0400] "GET /news/wp-includes/wlwmanifest.xml HTTP/1.1" 404 1251 "-" "Mozilla/5.0 (Windows NT 10.0; Win64; x64) AppleWebKit/537.36 (KHTML, like Gecko) Chrome/80.0.3987.149 Safari/537.36"
146.190.77.47 - - [31/Mar/2025:00:37:06 -0400] "GET /2018/wp-includes/wlwmanifest.xml HTTP/1.1" 404 1251 "-" "Mozilla/5.0 (Windows NT 10.0; Win64; x64) AppleWebKit/537.36 (KHTML, like Gecko) Chrome/80.0.3987.149 Safari/537.36"
146.190.77.47 - - [31/Mar/2025:00:37:06 -0400] "GET /2019/wp-includes/wlwmanifest.xml HTTP/1.1" 404 1251 "-" "Mozilla/5.0 (Windows NT 10.0; Win64; x64) AppleWebKit/537.36 (KHTML, like Gecko) Chrome/80.0.3987.149 Safari/537.36"
146.190.77.47 - - [31/Mar/2025:00:37:06 -0400] "GET /shop/wp-includes/wlwmanifest.xml HTTP/1.1" 404 1251 "-" "Mozilla/5.0 (Windows NT 10.0; Win64; x64) AppleWebKit/537.36 (KHTML, like Gecko) Chrome/80.0.3987.149 Safari/537.36"
146.190.77.47 - - [31/Mar/2025:00:37:06 -0400] "GET /wp1/wp-includes/wlwmanifest.xml HTTP/1.1" 404 1251 "-" "Mozilla/5.0 (Windows NT 10.0; Win64; x64) AppleWebKit/537.36 (KHTML, like Gecko) Chrome/80.0.3987.149 Safari/537.36"
146.190.77.47 - - [31/Mar/2025:00:37:06 -0400] "GET /test/wp-includes/wlwmanifest.xml HTTP/1.1" 404 1251 "-" "Mozilla/5.0 (Windows NT 10.0; Win64; x64) AppleWebKit/537.36 (KHTML, like Gecko) Chrome/80.0.3987.149 Safari/537.36"
146.190.77.47 - - [31/Mar/2025:00:37:06 -0400] "GET /media/wp-includes/wlwmanifest.xml HTTP/1.1" 404 1251 "-" "Mozilla/5.0 (Windows NT 10.0; Win64; x64) AppleWebKit/537.36 (KHTML, like Gecko) Chrome/80.0.3987.149 Safari/537.36"
146.190.77.47 - - [31/Mar/2025:00:37:06 -0400] "GET /wp2/wp-includes/wlwmanifest.xml HTTP/1.1" 404 1251 "-" "Mozilla/5.0 (Windows NT 10.0; Win64; x64) AppleWebKit/537.36 (KHTML, like Gecko) Chrome/80.0.3987.149 Safari/537.36"
146.190.77.47 - - [31/Mar/2025:00:37:07 -0400] "GET /site/wp-includes/wlwmanifest.xml HTTP/1.1" 404 1251 "-" "Mozilla/5.0 (Windows NT 10.0; Win64; x64) AppleWebKit/537.36 (KHTML, like Gecko) Chrome/80.0.3987.149 Safari/537.36"
216.244.66.246 - - [31/Mar/2025:00:35:05 -0400] "GET /robots.txt HTTP/1.1" 304 0 "-" "Mozilla/5.0 (compatible; DotBot/1.2; +https://opensiteexplorer.org/dotbot; help@moz.com)"
146.190.77.47 - - [31/Mar/2025:00:37:07 -0400] "GET /cms/wp-includes/wlwmanifest.xml HTTP/1.1" 404 1251 "-" "Mozilla/5.0 (Windows NT 10.0; Win64; x64) AppleWebKit/537.36 (KHTML, like Gecko) Chrome/80.0.3987.149 Safari/537.36"
146.190.77.47 - - [31/Mar/2025:00:37:07 -0400] "GET /sito/wp-includes/wlwmanifest.xml HTTP/1.1" 404 1251 "-" "Mozilla/5.0 (Windows NT 10.0; Win64; x64) AppleWebKit/537.36 (KHTML, like Gecko) Chrome/80.0.3987.149 Safari/537.36"
182.44.8.254 - - [31/Mar/2025:00:59:17 -0400] "GET / HTTP/1.1" 200 211284 "-" "Mozilla/5.0 (iPhone; CPU iPhone OS 13_2_3 like Mac OS X) AppleWebKit/605.1.15 (KHTML, like Gecko) Version/13.0.3 Mobile/15E148 Safari/604.1"
216.244.66.246 - - [31/Mar/2025:01:05:39 -0400] "GET /enhancing-workplace-efficiency-with-employee-communication-apps/feed/ HTTP/1.1" 404 1251 "-" "Mozilla/5.0 (compatible; DotBot/1.2; +https://opensiteexplorer.org/dotbot; help@moz.com)"
216.244.66.246 - - [31/Mar/2025:01:07:52 -0400] "GET /raymond-reach-truck-for-rent/feed/ HTTP/1.1" 404 1251 "-" "Mozilla/5.0 (compatible; DotBot/1.2; +https://opensiteexplorer.org/dotbot; help@moz.com)"
170.106.110.146 - - [31/Mar/2025:01:18:34 -0400] "GET / HTTP/1.1" 200 211284 "-" "Mozilla/5.0 (iPhone; CPU iPhone OS 13_2_3 like Mac OS X) AppleWebKit/605.1.15 (KHTML, like Gecko) Version/13.0.3 Mobile/15E148 Safari/604.1"
216.244.66.246 - - [31/Mar/2025:01:27:05 -0400] "GET /robots.txt HTTP/1.1" 304 0 "-" "Mozilla/5.0 (compatible; DotBot/1.2; +https://opensiteexplorer.org/dotbot; help@moz.com)"
216.244.66.246 - - [31/Mar/2025:01:42:24 -0400] "GET /profil-des-transportunternehmens-buchholz-auf-quicktsi/feed/ HTTP/1.1" 404 1251 "-" "Mozilla/5.0 (compatible; DotBot/1.2; +https://opensiteexplorer.org/dotbot; help@moz.com)"
176.67.83.246 - - [31/Mar/2025:01:57:51 -0400] "GET /all-you-need-to-know-regarding-cbd-oil/ HTTP/1.1" 404 1251 "http://stannswarehouse.com/all-you-need-to-know-regarding-cbd-oil/" "Mozilla/5.0 (Windows NT 10.0; Win64; x64) AppleWebKit/537.36 (KHTML, like Gecko) Chrome/130.0.0.0 Safari/537.36 CCleaner/130.0.0.0"
176.67.83.246 - - [31/Mar/2025:01:57:51 -0400] "GET / HTTP/1.1" 200 211284 "http://stannswarehouse.com/" "Mozilla/5.0 (Windows NT 10.0; Win64; x64) AppleWebKit/537.36 (KHTML, like Gecko) Chrome/130.0.0.0 Safari/537.36 CCleaner/130.0.0.0"
216.244.66.246 - - [31/Mar/2025:02:20:57 -0400] "GET /robots.txt HTTP/1.1" 200 23 "-" "Mozilla/5.0 (compatible; DotBot/1.2; +https://opensiteexplorer.org/dotbot; help@moz.com)"
165.154.226.167 - - [31/Mar/2025:02:30:35 -0400] "GET / HTTP/1.1" 200 211284 "-" "Embarcadero URI Client/1.0"
216.244.66.246 - - [31/Mar/2025:02:31:35 -0400] "GET /dachdeckerbetrieb-hamburgs/ HTTP/1.1" 404 1251 "-" "Mozilla/5.0 (compatible; DotBot/1.2; +https://opensiteexplorer.org/dotbot; help@moz.com)"
5.61.48.253 - - [31/Mar/2025:02:35:21 -0400] "GET /all-you-need-to-know-regarding-cbd-oil/ HTTP/1.1" 404 1251 "http://stannswarehouse.com/all-you-need-to-know-regarding-cbd-oil/" "Mozilla/5.0 (Windows NT 10.0; Win64; x64) AppleWebKit/537.36 (KHTML, like Gecko) Chrome/129.0.0.0 Safari/537.36"
5.61.48.253 - - [31/Mar/2025:02:35:22 -0400] "GET / HTTP/1.1" 200 211284 "http://stannswarehouse.com/" "Mozilla/5.0 (Windows NT 10.0; Win64; x64) AppleWebKit/537.36 (KHTML, like Gecko) Chrome/129.0.0.0 Safari/537.36"
198.235.24.156 - - [31/Mar/2025:02:42:35 -0400] "GET / HTTP/1.1" 200 211284 "-" "-"
216.244.66.246 - - [31/Mar/2025:02:51:37 -0400] "GET /health-on-the-go-the-golden-rules-of-every-traveler/feed/ HTTP/1.1" 404 1251 "-" "Mozilla/5.0 (compatible; DotBot/1.2; +https://opensiteexplorer.org/dotbot; help@moz.com)"
216.244.66.246 - - [31/Mar/2025:02:51:41 -0400] "GET /un-monde-virtuel-aux-repercussions-reelles/feed/ HTTP/1.1" 404 1251 "-" "Mozilla/5.0 (compatible; DotBot/1.2; +https://opensiteexplorer.org/dotbot; help@moz.com)"
85.208.98.23 - - [31/Mar/2025:02:56:32 -0400] "GET /robots.txt HTTP/1.1" 304 0 "-" "Mozilla/5.0 (compatible; SemrushBot-BA; +http://www.semrush.com/bot.html)"
5.62.62.153 - - [31/Mar/2025:02:58:58 -0400] "GET /.env HTTP/1.1" 404 1251 "-" "Mozilla/5.0 (Macintosh; Intel Mac OS X 10.15; rv:77.0) Gecko/20100101 Firefox/77.0"
216.244.66.246 - - [31/Mar/2025:03:10:40 -0400] "GET /robots.txt HTTP/1.1" 304 0 "-" "Mozilla/5.0 (compatible; DotBot/1.2; +https://opensiteexplorer.org/dotbot; help@moz.com)"
216.244.66.246 - - [31/Mar/2025:03:23:47 -0400] "GET /how-to-destroy-your-aircrew-bag-in-one-day/ HTTP/1.1" 404 1251 "-" "Mozilla/5.0 (compatible; DotBot/1.2; +https://opensiteexplorer.org/dotbot; help@moz.com)"
196.251.69.226 - - [31/Mar/2025:03:26:05 -0400] "GET /wp-content/themes/wp-pridmag/up.php HTTP/1.1" 404 1251 "www.google.com" "Mozlila/5.0 (Linux; Android 7.0; SM-G892A Bulid/NRD90M; wv) AppleWebKit/537.36 (KHTML, like Gecko) Version/4.0 Chrome/60.0.3112.107 Moblie Safari/537.36"
205.210.31.25 - - [31/Mar/2025:03:30:22 -0400] "GET / HTTP/1.1" 200 211284 "-" "-"
216.244.66.246 - - [31/Mar/2025:03:30:32 -0400] "GET /having-an-advertising-film-made/ HTTP/1.1" 404 1251 "-" "Mozilla/5.0 (compatible; DotBot/1.2; +https://opensiteexplorer.org/dotbot; help@moz.com)"
216.244.66.246 - - [31/Mar/2025:03:31:49 -0400] "GET /what-is-a-bitcoin-tumbler/ HTTP/1.1" 404 1251 "-" "Mozilla/5.0 (compatible; DotBot/1.2; +https://opensiteexplorer.org/dotbot; help@moz.com)"
216.244.66.246 - - [31/Mar/2025:04:23:38 -0400] "GET /how-to-choose-a-family-dentist-that-is-best-for-you/ HTTP/1.1" 404 1251 "-" "Mozilla/5.0 (compatible; DotBot/1.2; +https://opensiteexplorer.org/dotbot; help@moz.com)"
216.244.66.246 - - [31/Mar/2025:04:24:39 -0400] "GET /overseas-soccer-relay/ HTTP/1.1" 404 1251 "-" "Mozilla/5.0 (compatible; DotBot/1.2; +https://opensiteexplorer.org/dotbot; help@moz.com)"
216.244.66.246 - - [31/Mar/2025:04:25:45 -0400] "GET /portland-family-based-immigration-lawyer/feed/ HTTP/1.1" 404 1251 "-" "Mozilla/5.0 (compatible; DotBot/1.2; +https://opensiteexplorer.org/dotbot; help@moz.com)"
216.244.66.246 - - [31/Mar/2025:04:25:48 -0400] "GET /the-benefits-of-wearing-socks/feed/ HTTP/1.1" 404 1251 "-" "Mozilla/5.0 (compatible; DotBot/1.2; +https://opensiteexplorer.org/dotbot; help@moz.com)"
216.244.66.246 - - [31/Mar/2025:04:30:14 -0400] "GET /category/activity/page/5/ HTTP/1.1" 404 1251 "-" "Mozilla/5.0 (compatible; DotBot/1.2; +https://opensiteexplorer.org/dotbot; help@moz.com)"
196.251.69.226 - - [31/Mar/2025:04:36:22 -0400] "GET /simple.php HTTP/1.1" 404 1251 "www.google.com" "Mozlila/5.0 (Linux; Android 7.0; SM-G892A Bulid/NRD90M; wv) AppleWebKit/537.36 (KHTML, like Gecko) Version/4.0 Chrome/60.0.3112.107 Moblie Safari/537.36"
196.251.69.226 - - [31/Mar/2025:04:37:01 -0400] "GET /inputs.php HTTP/1.1" 404 1251 "www.google.com" "Mozlila/5.0 (Linux; Android 7.0; SM-G892A Bulid/NRD90M; wv) AppleWebKit/537.36 (KHTML, like Gecko) Version/4.0 Chrome/60.0.3112.107 Moblie Safari/537.36"
198.54.114.83 - - [31/Mar/2025:04:39:04 -0400] "POST /wp-cron.php?doing_wp_cron=1743410344.2151699066162109375000 HTTP/1.1" 200 0 "-" "WordPress/6.7.2; https://stannswarehouse.com"
2603:8000:1500:c2:fc8b:20fe:7e9:585b - - [31/Mar/2025:04:39:01 -0400] "POST /xmlrpc.php HTTP/1.1" 200 212 "-" "Mozilla/5.0 (Windows NT 10.0; Win64; x64) AppleWebKit/537.36 (KHTML, like Gecko) Chrome/97.0.4692.99 Safari/537.36"
2601:244:5201:73a0:88ae:c2ae:57e4:7e80 - - [31/Mar/2025:04:39:05 -0400] "POST /xmlrpc.php HTTP/1.1" 200 212 "-" "Mozilla/5.0 (Windows NT 6.3; WOW64; rv:43.0) Gecko/20100101 Firefox/43.0"
4.213.70.69 - - [31/Mar/2025:04:52:37 -0400] "GET /wp-admin/css/ HTTP/1.1" 403 1242 "binance.com" "Mozilla/5.0 (Windows NT 10.0; Win64; x64) AppleWebKit/537.36 (KHTML, like Gecko) Chrome/90.0.4430.85 Safari/537.36"
104.207.54.74 - - [31/Mar/2025:04:54:28 -0400] "GET /vendor/phpunit/phpunit/LICENSE HTTP/1.1" 404 1251 "-" "Mozilla/5.0 (Windows NT 10.0; Win64; x64) AppleWebKit/537.36 (KHTML, like Gecko) Chrome/106.0.0.0 Safari/537.36"
104.207.54.74 - - [31/Mar/2025:04:54:31 -0400] "GET /vendor/phpunit/phpunit/src/Util/PHP/ HTTP/1.1" 404 1251 "-" "Mozilla/5.0 (Windows NT 10.0; Win64; x64) AppleWebKit/537.36 (KHTML, like Gecko) Chrome/106.0.0.0 Safari/537.36"
198.54.114.83 - - [31/Mar/2025:04:54:36 -0400] "POST /wp-cron.php?doing_wp_cron=1743411276.7026450634002685546875 HTTP/1.1" 200 0 "-" "WordPress/6.7.2; https://stannswarehouse.com"
104.207.54.74 - - [31/Mar/2025:04:54:33 -0400] "GET /wp-login.php HTTP/1.1" 302 0 "-" "Mozilla/5.0 (Windows NT 10.0; Win64; x64) AppleWebKit/537.36 (KHTML, like Gecko) Chrome/106.0.0.0 Safari/537.36"
216.244.66.246 - - [31/Mar/2025:05:01:06 -0400] "GET /robots.txt HTTP/1.1" 304 0 "-" "Mozilla/5.0 (compatible; DotBot/1.2; +https://opensiteexplorer.org/dotbot; help@moz.com)"
14.128.63.109 - - [31/Mar/2025:05:06:59 -0400] "GET /zb_system/login.php HTTP/1.1" 404 1251 "http://stannswarehouse.com/zb_system/login.php" "Mozilla/4.0 (compatible; MSIE 9.0; Windows NT 6.1)"
152.42.177.187 - - [31/Mar/2025:05:11:03 -0400] "GET /wp-content/themes/wp-pridmag/up.php HTTP/1.1" 404 1251 "-" "Mozilla/5.0 (Linux; Android 11; M2010J19SI) AppleWebKit/537.36 (KHTML, like Gecko) Chrome/109.0.0.0 Mobile Safari/537.36"
152.42.177.187 - - [31/Mar/2025:05:11:03 -0400] "GET /simple.php HTTP/1.1" 404 1251 "-" "Mozilla/5.0 (Linux; Android 11; M2010J19SI) AppleWebKit/537.36 (KHTML, like Gecko) Chrome/109.0.0.0 Mobile Safari/537.36"
152.42.177.187 - - [31/Mar/2025:05:11:04 -0400] "GET /cong.php HTTP/1.1" 404 1251 "-" "Mozilla/5.0 (Linux; Android 11; M2010J19SI) AppleWebKit/537.36 (KHTML, like Gecko) Chrome/109.0.0.0 Mobile Safari/537.36"
216.244.66.246 - - [31/Mar/2025:05:13:06 -0400] "GET /mca-calculator/feed/ HTTP/1.1" 404 1251 "-" "Mozilla/5.0 (compatible; DotBot/1.2; +https://opensiteexplorer.org/dotbot; help@moz.com)"
43.128.67.187 - - [31/Mar/2025:05:24:38 -0400] "GET / HTTP/1.1" 200 211284 "-" "Mozilla/5.0 (iPhone; CPU iPhone OS 13_2_3 like Mac OS X) AppleWebKit/605.1.15 (KHTML, like Gecko) Version/13.0.3 Mobile/15E148 Safari/604.1"
196.251.69.226 - - [31/Mar/2025:05:37:19 -0400] "GET /wp-content/plugins/pwnd/pwnd.php HTTP/1.1" 404 1251 "-" "Mozlila/5.0 (Linux; Android 7.0; SM-G892A Bulid/NRD90M; wv) AppleWebKit/537.36 (KHTML, like Gecko) Version/4.0 Chrome/60.0.3112.107 Moblie Safari/537.36"
196.251.69.226 - - [31/Mar/2025:05:37:32 -0400] "GET /wp-content/plugins/pwnd-1/pwnd.php HTTP/1.1" 404 1251 "-" "Mozlila/5.0 (Linux; Android 7.0; SM-G892A Bulid/NRD90M; wv) AppleWebKit/537.36 (KHTML, like Gecko) Version/4.0 Chrome/60.0.3112.107 Moblie Safari/537.36"
85.208.98.23 - - [31/Mar/2025:05:37:40 -0400] "GET /robots.txt HTTP/1.1" 304 0 "-" "Mozilla/5.0 (compatible; SemrushBot-BA; +http://www.semrush.com/bot.html)"
196.251.69.226 - - [31/Mar/2025:05:37:55 -0400] "GET /wp-content/plugins/pwnd-2/pwnd.php HTTP/1.1" 404 1251 "-" "Mozlila/5.0 (Linux; Android 7.0; SM-G892A Bulid/NRD90M; wv) AppleWebKit/537.36 (KHTML, like Gecko) Version/4.0 Chrome/60.0.3112.107 Moblie Safari/537.36"
