216.244.66.246 - - [31/Mar/2025:16:42:32 -0400] "GET /category/activity/page/89/ HTTP/1.1" 404 1251 "-" "Mozilla/5.0 (compatible; DotBot/1.2; +https://opensiteexplorer.org/dotbot; help@moz.com)"
43.143.28.57 - - [31/Mar/2025:16:46:15 -0400] "GET / HTTP/1.1" 200 211284 "-" "Mozilla/5.0 (Linux; Android 10; LIO-AN00 Build/HUAWEILIO-AN00; wv) MicroMessenger Weixin QQ AppleWebKit/537.36 (KHTML, like Gecko) Version/4.0 Chrome/78.0.3904.62 XWEB/2692 MMWEBSDK/200901 Mobile Safari/537.36"
43.143.28.57 - - [31/Mar/2025:16:46:36 -0400] "GET / HTTP/1.1" 200 211284 "-" "Mozilla/5.0 (Linux; Android 10; LIO-AN00 Build/HUAWEILIO-AN00; wv) MicroMessenger Weixin QQ AppleWebKit/537.36 (KHTML, like Gecko) Version/4.0 Chrome/78.0.3904.62 XWEB/2692 MMWEBSDK/200901 Mobile Safari/537.36"
43.143.28.57 - - [31/Mar/2025:16:46:55 -0400] "GET / HTTP/1.1" 200 211284 "-" "Mozilla/5.0 (Linux; Android 10; LIO-AN00 Build/HUAWEILIO-AN00; wv) MicroMessenger Weixin QQ AppleWebKit/537.36 (KHTML, like Gecko) Version/4.0 Chrome/78.0.3904.62 XWEB/2692 MMWEBSDK/200901 Mobile Safari/537.36"
216.244.66.246 - - [31/Mar/2025:16:49:57 -0400] "GET /entre-excitation-et-prudence/feed/ HTTP/1.1" 404 1251 "-" "Mozilla/5.0 (compatible; DotBot/1.2; +https://opensiteexplorer.org/dotbot; help@moz.com)"
37.139.53.220 - - [31/Mar/2025:17:04:35 -0400] "GET /all-you-need-to-know-regarding-cbd-oil/ HTTP/1.1" 404 1251 "http://stannswarehouse.com/all-you-need-to-know-regarding-cbd-oil/#comment-28833/" "Mozilla/5.0 (Windows NT 10.0; Win64; x64) AppleWebKit/537.36 (KHTML, like Gecko) Chrome/130.0.0.0 Safari/537.36"
37.139.53.220 - - [31/Mar/2025:17:04:37 -0400] "GET / HTTP/1.1" 200 211284 "http://stannswarehouse.com/" "Mozilla/5.0 (Windows NT 10.0; Win64; x64) AppleWebKit/537.36 (KHTML, like Gecko) Chrome/130.0.0.0 Safari/537.36"
147.185.132.225 - - [31/Mar/2025:17:19:17 -0400] "GET / HTTP/1.1" 200 211284 "-" "Expanse, a Palo Alto Networks company, searches across the global IPv4 space multiple times per day to identify customers&#39; presences on the Internet. If you would like to be excluded from our scans, please send IP addresses/domains to: scaninfo@paloaltonetworks.com"
216.244.66.246 - - [31/Mar/2025:17:20:52 -0400] "GET /robots.txt HTTP/1.1" 304 0 "-" "Mozilla/5.0 (compatible; DotBot/1.2; +https://opensiteexplorer.org/dotbot; help@moz.com)"
195.20.18.175 - - [31/Mar/2025:17:43:13 -0400] "GET /plugins/jquery-file-upload/server/php/index.php?file=tf2rghf.jpg HTTP/1.1" 404 1251 "-" "ALittle Client"
216.244.66.246 - - [31/Mar/2025:17:53:04 -0400] "GET /what-is-file-transfer/feed/ HTTP/1.1" 404 1251 "-" "Mozilla/5.0 (compatible; DotBot/1.2; +https://opensiteexplorer.org/dotbot; help@moz.com)"
43.159.152.187 - - [31/Mar/2025:17:54:03 -0400] "GET / HTTP/1.1" 200 211284 "-" "Mozilla/5.0 (iPhone; CPU iPhone OS 13_2_3 like Mac OS X) AppleWebKit/605.1.15 (KHTML, like Gecko) Version/13.0.3 Mobile/15E148 Safari/604.1"
216.244.66.246 - - [31/Mar/2025:17:58:53 -0400] "GET /the-best-preworkout-for-women/feed/ HTTP/1.1" 404 1251 "-" "Mozilla/5.0 (compatible; DotBot/1.2; +https://opensiteexplorer.org/dotbot; help@moz.com)"
216.244.66.246 - - [31/Mar/2025:18:09:02 -0400] "GET /robots.txt HTTP/1.1" 200 23 "-" "Mozilla/5.0 (compatible; DotBot/1.2; +https://opensiteexplorer.org/dotbot; help@moz.com)"
216.244.66.246 - - [31/Mar/2025:18:16:33 -0400] "GET /tissot-watch-repair-near-me/feed/ HTTP/1.1" 404 1251 "-" "Mozilla/5.0 (compatible; DotBot/1.2; +https://opensiteexplorer.org/dotbot; help@moz.com)"
85.208.98.23 - - [31/Mar/2025:18:27:12 -0400] "GET /robots.txt HTTP/1.1" 304 0 "-" "Mozilla/5.0 (compatible; SemrushBot-BA; +http://www.semrush.com/bot.html)"
37.139.53.220 - - [31/Mar/2025:18:33:55 -0400] "GET /all-you-need-to-know-regarding-cbd-oil/ HTTP/1.1" 404 1251 "http://stannswarehouse.com/all-you-need-to-know-regarding-cbd-oil/#comment-28833/" "Mozilla/5.0 (Windows NT 10.0; Win64; x64) AppleWebKit/537.36 (KHTML, like Gecko) Chrome/130.0.0.0 Safari/537.36"
37.139.53.220 - - [31/Mar/2025:18:33:56 -0400] "GET / HTTP/1.1" 200 211284 "http://stannswarehouse.com/" "Mozilla/5.0 (Windows NT 10.0; Win64; x64) AppleWebKit/537.36 (KHTML, like Gecko) Chrome/130.0.0.0 Safari/537.36"
196.251.88.242 - - [31/Mar/2025:18:34:37 -0400] "GET /geju.php HTTP/1.1" 404 1251 "-" "Mozlila/5.0 (Linux; Android 7.0; SM-G892A Bulid/NRD90M; wv) AppleWebKit/537.36 (KHTML, like Gecko) Version/4.0 Chrome/60.0.3112.107 Moblie Safari/537.36"
196.251.88.242 - - [31/Mar/2025:18:34:46 -0400] "GET /wp-content/plugins/about.php HTTP/1.1" 404 1251 "-" "Mozlila/5.0 (Linux; Android 7.0; SM-G892A Bulid/NRD90M; wv) AppleWebKit/537.36 (KHTML, like Gecko) Version/4.0 Chrome/60.0.3112.107 Moblie Safari/537.36"
196.251.88.242 - - [31/Mar/2025:18:34:55 -0400] "GET /wp.php HTTP/1.1" 404 1251 "-" "Mozlila/5.0 (Linux; Android 7.0; SM-G892A Bulid/NRD90M; wv) AppleWebKit/537.36 (KHTML, like Gecko) Version/4.0 Chrome/60.0.3112.107 Moblie Safari/537.36"
216.244.66.246 - - [31/Mar/2025:18:34:57 -0400] "GET /a-modern-gaming-revolution-3/feed/ HTTP/1.1" 404 1251 "-" "Mozilla/5.0 (compatible; DotBot/1.2; +https://opensiteexplorer.org/dotbot; help@moz.com)"
216.244.66.246 - - [31/Mar/2025:18:37:40 -0400] "GET /explorando-la-magia-de-la-calculadora-de-edad/feed/ HTTP/1.1" 404 1251 "-" "Mozilla/5.0 (compatible; DotBot/1.2; +https://opensiteexplorer.org/dotbot; help@moz.com)"
216.244.66.246 - - [31/Mar/2025:18:37:43 -0400] "GET /how-to-get-the-right-area-rug-for-your-home/feed/ HTTP/1.1" 404 1251 "-" "Mozilla/5.0 (compatible; DotBot/1.2; +https://opensiteexplorer.org/dotbot; help@moz.com)"
216.244.66.246 - - [31/Mar/2025:18:56:06 -0400] "GET /robots.txt HTTP/1.1" 200 23 "-" "Mozilla/5.0 (compatible; DotBot/1.2; +https://opensiteexplorer.org/dotbot; help@moz.com)"
216.244.66.246 - - [31/Mar/2025:19:22:11 -0400] "GET /locksmith-in-chicago-tales-from-the-big-city/feed/ HTTP/1.1" 404 1251 "-" "Mozilla/5.0 (compatible; DotBot/1.2; +https://opensiteexplorer.org/dotbot; help@moz.com)"
216.244.66.246 - - [31/Mar/2025:19:22:15 -0400] "GET /optimizing-your-space-the-marvels-of-a-custom-built-wardrobe/feed/ HTTP/1.1" 404 1251 "-" "Mozilla/5.0 (compatible; DotBot/1.2; +https://opensiteexplorer.org/dotbot; help@moz.com)"
216.244.66.246 - - [31/Mar/2025:19:28:46 -0400] "GET /dp/B0D47Z1SB9?ref=MarsFS_VICC_blinkvin HTTP/1.1" 404 1251 "-" "Mozilla/5.0 (compatible; DotBot/1.2; +https://opensiteexplorer.org/dotbot; help@moz.com)"
216.244.66.246 - - [31/Mar/2025:19:43:23 -0400] "GET /robots.txt HTTP/1.1" 304 0 "-" "Mozilla/5.0 (compatible; DotBot/1.2; +https://opensiteexplorer.org/dotbot; help@moz.com)"
37.139.53.220 - - [31/Mar/2025:20:02:40 -0400] "GET /all-you-need-to-know-regarding-cbd-oil/ HTTP/1.1" 404 1251 "http://stannswarehouse.com/all-you-need-to-know-regarding-cbd-oil/#comment-28833/" "Mozilla/5.0 (Windows NT 10.0; Win64; x64) AppleWebKit/537.36 (KHTML, like Gecko) Chrome/131.0.0.0 Safari/537.36"
37.139.53.220 - - [31/Mar/2025:20:02:45 -0400] "GET / HTTP/1.1" 200 211284 "http://stannswarehouse.com/" "Mozilla/5.0 (Windows NT 10.0; Win64; x64) AppleWebKit/537.36 (KHTML, like Gecko) Chrome/131.0.0.0 Safari/537.36"
216.244.66.246 - - [31/Mar/2025:20:04:31 -0400] "GET /how-to-sub-for-baking-soda/feed/ HTTP/1.1" 404 1251 "-" "Mozilla/5.0 (compatible; DotBot/1.2; +https://opensiteexplorer.org/dotbot; help@moz.com)"
114.96.103.33 - - [31/Mar/2025:20:08:25 -0400] "GET / HTTP/1.1" 200 211284 "-" "Mozilla/5.0 (iPhone; CPU iPhone OS 13_2_3 like Mac OS X) AppleWebKit/605.1.15 (KHTML, like Gecko) Version/13.0.3 Mobile/15E148 Safari/604.1"
216.244.66.246 - - [31/Mar/2025:20:18:58 -0400] "GET /dp/B0CFPL6CFY?ref=MarsFS_KINDLE_B0CFPL6CFY HTTP/1.1" 404 1251 "-" "Mozilla/5.0 (compatible; DotBot/1.2; +https://opensiteexplorer.org/dotbot; help@moz.com)"
216.244.66.246 - - [31/Mar/2025:20:44:52 -0400] "GET /retro-kitchen-design-nzqa-login/retro-kitchen-design-nzqa-login-kitchen-designers-near-me/feed/ HTTP/1.1" 404 1251 "-" "Mozilla/5.0 (compatible; DotBot/1.2; +https://opensiteexplorer.org/dotbot; help@moz.com)"
216.244.66.246 - - [31/Mar/2025:20:55:07 -0400] "GET /auto-detailing-near-me/feed/ HTTP/1.1" 404 1251 "-" "Mozilla/5.0 (compatible; DotBot/1.2; +https://opensiteexplorer.org/dotbot; help@moz.com)"
216.244.66.246 - - [31/Mar/2025:21:01:22 -0400] "GET /exploring-vietnam-a-comprehensive-guide-for-korean-travelers/feed/ HTTP/1.1" 404 1251 "-" "Mozilla/5.0 (compatible; DotBot/1.2; +https://opensiteexplorer.org/dotbot; help@moz.com)"
216.244.66.246 - - [31/Mar/2025:21:25:50 -0400] "GET /robots.txt HTTP/1.1" 200 23 "-" "Mozilla/5.0 (compatible; DotBot/1.2; +https://opensiteexplorer.org/dotbot; help@moz.com)"
37.139.53.220 - - [31/Mar/2025:21:31:14 -0400] "GET /all-you-need-to-know-regarding-cbd-oil/ HTTP/1.1" 404 1251 "http://stannswarehouse.com/all-you-need-to-know-regarding-cbd-oil/#comment-28833/" "Mozilla/5.0 (Windows NT 10.0; Win64; x64) AppleWebKit/537.36 (KHTML, like Gecko) Chrome/130.0.0.0 Safari/537.36 CCleaner/130.0.0.0"
37.139.53.220 - - [31/Mar/2025:21:31:15 -0400] "GET / HTTP/1.1" 200 211284 "http://stannswarehouse.com/" "Mozilla/5.0 (Windows NT 10.0; Win64; x64) AppleWebKit/537.36 (KHTML, like Gecko) Chrome/130.0.0.0 Safari/537.36 CCleaner/130.0.0.0"
216.244.66.246 - - [31/Mar/2025:21:33:25 -0400] "GET /how-to-get-the-protein-in-drumstick/feed/ HTTP/1.1" 404 1251 "-" "Mozilla/5.0 (compatible; DotBot/1.2; +https://opensiteexplorer.org/dotbot; help@moz.com)"
216.244.66.246 - - [31/Mar/2025:21:44:49 -0400] "GET /dp/B0BCR4YW51?ref=MarsFS_AUCC_eh HTTP/1.1" 404 1251 "-" "Mozilla/5.0 (compatible; DotBot/1.2; +https://opensiteexplorer.org/dotbot; help@moz.com)"
216.244.66.246 - - [31/Mar/2025:21:47:30 -0400] "GET /dp/B09BS5XWNS?ref=MarsFS_KINDLE_br HTTP/1.1" 404 1251 "-" "Mozilla/5.0 (compatible; DotBot/1.2; +https://opensiteexplorer.org/dotbot; help@moz.com)"
216.244.66.246 - - [31/Mar/2025:21:47:33 -0400] "GET /what-does-an-employment-lawyer-do/feed/ HTTP/1.1" 404 1251 "-" "Mozilla/5.0 (compatible; DotBot/1.2; +https://opensiteexplorer.org/dotbot; help@moz.com)"
167.99.57.60 - - [31/Mar/2025:21:48:43 -0400] "GET / HTTP/1.1" 200 211284 "-" "Mozilla/5.0 (Windows NT 10.0; Win64; x64) AppleWebKit/537.36 (KHTML, like Gecko) Chrome/80.0.3987.149 Safari/537.36"
167.99.57.60 - - [31/Mar/2025:21:48:45 -0400] "GET / HTTP/1.1" 200 211284 "-" "Mozilla/5.0 (Windows NT 10.0; Win64; x64) AppleWebKit/537.36 (KHTML, like Gecko) Chrome/80.0.3987.149 Safari/537.36"
167.99.57.60 - - [31/Mar/2025:21:48:46 -0400] "GET /wp-includes/wlwmanifest.xml HTTP/1.1" 404 1251 "-" "Mozilla/5.0 (Windows NT 10.0; Win64; x64) AppleWebKit/537.36 (KHTML, like Gecko) Chrome/80.0.3987.149 Safari/537.36"
167.99.57.60 - - [31/Mar/2025:21:48:47 -0400] "GET / HTTP/1.1" 200 211284 "-" "Mozilla/5.0 (Windows NT 10.0; Win64; x64) AppleWebKit/537.36 (KHTML, like Gecko) Chrome/80.0.3987.149 Safari/537.36"
167.99.57.60 - - [31/Mar/2025:21:48:49 -0400] "GET /blog/wp-includes/wlwmanifest.xml HTTP/1.1" 404 1251 "-" "Mozilla/5.0 (Windows NT 10.0; Win64; x64) AppleWebKit/537.36 (KHTML, like Gecko) Chrome/80.0.3987.149 Safari/537.36"
167.99.57.60 - - [31/Mar/2025:21:48:50 -0400] "GET /web/wp-includes/wlwmanifest.xml HTTP/1.1" 404 1251 "-" "Mozilla/5.0 (Windows NT 10.0; Win64; x64) AppleWebKit/537.36 (KHTML, like Gecko) Chrome/80.0.3987.149 Safari/537.36"
167.99.57.60 - - [31/Mar/2025:21:48:50 -0400] "GET /wordpress/wp-includes/wlwmanifest.xml HTTP/1.1" 404 1251 "-" "Mozilla/5.0 (Windows NT 10.0; Win64; x64) AppleWebKit/537.36 (KHTML, like Gecko) Chrome/80.0.3987.149 Safari/537.36"
167.99.57.60 - - [31/Mar/2025:21:48:50 -0400] "GET /website/wp-includes/wlwmanifest.xml HTTP/1.1" 404 1251 "-" "Mozilla/5.0 (Windows NT 10.0; Win64; x64) AppleWebKit/537.36 (KHTML, like Gecko) Chrome/80.0.3987.149 Safari/537.36"
167.99.57.60 - - [31/Mar/2025:21:48:50 -0400] "GET /wp/wp-includes/wlwmanifest.xml HTTP/1.1" 404 1251 "-" "Mozilla/5.0 (Windows NT 10.0; Win64; x64) AppleWebKit/537.36 (KHTML, like Gecko) Chrome/80.0.3987.149 Safari/537.36"
167.99.57.60 - - [31/Mar/2025:21:48:51 -0400] "GET /news/wp-includes/wlwmanifest.xml HTTP/1.1" 404 1251 "-" "Mozilla/5.0 (Windows NT 10.0; Win64; x64) AppleWebKit/537.36 (KHTML, like Gecko) Chrome/80.0.3987.149 Safari/537.36"
167.99.57.60 - - [31/Mar/2025:21:48:51 -0400] "GET /2018/wp-includes/wlwmanifest.xml HTTP/1.1" 404 1251 "-" "Mozilla/5.0 (Windows NT 10.0; Win64; x64) AppleWebKit/537.36 (KHTML, like Gecko) Chrome/80.0.3987.149 Safari/537.36"
167.99.57.60 - - [31/Mar/2025:21:48:51 -0400] "GET /2019/wp-includes/wlwmanifest.xml HTTP/1.1" 404 1251 "-" "Mozilla/5.0 (Windows NT 10.0; Win64; x64) AppleWebKit/537.36 (KHTML, like Gecko) Chrome/80.0.3987.149 Safari/537.36"
167.99.57.60 - - [31/Mar/2025:21:48:51 -0400] "GET /shop/wp-includes/wlwmanifest.xml HTTP/1.1" 404 1251 "-" "Mozilla/5.0 (Windows NT 10.0; Win64; x64) AppleWebKit/537.36 (KHTML, like Gecko) Chrome/80.0.3987.149 Safari/537.36"
167.99.57.60 - - [31/Mar/2025:21:48:51 -0400] "GET /wp1/wp-includes/wlwmanifest.xml HTTP/1.1" 404 1251 "-" "Mozilla/5.0 (Windows NT 10.0; Win64; x64) AppleWebKit/537.36 (KHTML, like Gecko) Chrome/80.0.3987.149 Safari/537.36"
167.99.57.60 - - [31/Mar/2025:21:48:52 -0400] "GET /test/wp-includes/wlwmanifest.xml HTTP/1.1" 404 1251 "-" "Mozilla/5.0 (Windows NT 10.0; Win64; x64) AppleWebKit/537.36 (KHTML, like Gecko) Chrome/80.0.3987.149 Safari/537.36"
167.99.57.60 - - [31/Mar/2025:21:48:52 -0400] "GET /media/wp-includes/wlwmanifest.xml HTTP/1.1" 404 1251 "-" "Mozilla/5.0 (Windows NT 10.0; Win64; x64) AppleWebKit/537.36 (KHTML, like Gecko) Chrome/80.0.3987.149 Safari/537.36"
167.99.57.60 - - [31/Mar/2025:21:48:52 -0400] "GET /wp2/wp-includes/wlwmanifest.xml HTTP/1.1" 404 1251 "-" "Mozilla/5.0 (Windows NT 10.0; Win64; x64) AppleWebKit/537.36 (KHTML, like Gecko) Chrome/80.0.3987.149 Safari/537.36"
167.99.57.60 - - [31/Mar/2025:21:48:53 -0400] "GET /site/wp-includes/wlwmanifest.xml HTTP/1.1" 404 1251 "-" "Mozilla/5.0 (Windows NT 10.0; Win64; x64) AppleWebKit/537.36 (KHTML, like Gecko) Chrome/80.0.3987.149 Safari/537.36"
167.99.57.60 - - [31/Mar/2025:21:48:53 -0400] "GET /cms/wp-includes/wlwmanifest.xml HTTP/1.1" 404 1251 "-" "Mozilla/5.0 (Windows NT 10.0; Win64; x64) AppleWebKit/537.36 (KHTML, like Gecko) Chrome/80.0.3987.149 Safari/537.36"
167.99.57.60 - - [31/Mar/2025:21:48:53 -0400] "GET /sito/wp-includes/wlwmanifest.xml HTTP/1.1" 404 1251 "-" "Mozilla/5.0 (Windows NT 10.0; Win64; x64) AppleWebKit/537.36 (KHTML, like Gecko) Chrome/80.0.3987.149 Safari/537.36"
85.208.98.23 - - [31/Mar/2025:21:53:11 -0400] "GET /robots.txt HTTP/1.1" 304 0 "-" "Mozilla/5.0 (compatible; SemrushBot-BA; +http://www.semrush.com/bot.html)"
43.153.104.196 - - [31/Mar/2025:22:12:53 -0400] "GET / HTTP/1.1" 200 211284 "-" "Mozilla/5.0 (iPhone; CPU iPhone OS 13_2_3 like Mac OS X) AppleWebKit/605.1.15 (KHTML, like Gecko) Version/13.0.3 Mobile/15E148 Safari/604.1"
216.244.66.246 - - [31/Mar/2025:22:14:06 -0400] "GET /robots.txt HTTP/1.1" 200 23 "-" "Mozilla/5.0 (compatible; DotBot/1.2; +https://opensiteexplorer.org/dotbot; help@moz.com)"
216.244.66.246 - - [31/Mar/2025:22:33:33 -0400] "GET /laifen-hair-dryer/feed/ HTTP/1.1" 404 1251 "-" "Mozilla/5.0 (compatible; DotBot/1.2; +https://opensiteexplorer.org/dotbot; help@moz.com)"
37.139.53.220 - - [31/Mar/2025:22:55:23 -0400] "GET /all-you-need-to-know-regarding-cbd-oil/ HTTP/1.1" 404 1251 "http://stannswarehouse.com/all-you-need-to-know-regarding-cbd-oil/#comment-28833/" "Mozilla/5.0 (Windows NT 10.0; Win64; x64) AppleWebKit/537.36 (KHTML, like Gecko) Chrome/129.0.0.0 Safari/537.36"
37.139.53.220 - - [31/Mar/2025:22:55:24 -0400] "GET / HTTP/1.1" 200 210856 "http://stannswarehouse.com/" "Mozilla/5.0 (Windows NT 10.0; Win64; x64) AppleWebKit/537.36 (KHTML, like Gecko) Chrome/129.0.0.0 Safari/537.36"
43.157.53.115 - - [31/Mar/2025:22:58:08 -0400] "GET / HTTP/1.1" 200 211284 "-" "Mozilla/5.0 (iPhone; CPU iPhone OS 13_2_3 like Mac OS X) AppleWebKit/605.1.15 (KHTML, like Gecko) Version/13.0.3 Mobile/15E148 Safari/604.1"
212.34.135.220 - - [31/Mar/2025:23:08:15 -0400] "GET /discover-the-charm-of-sonoma-ca-real-estate/ HTTP/1.1" 404 1251 "http://stannswarehouse.com/discover-the-charm-of-sonoma-ca-real-estate/#comment-21311" "Mozilla/5.0 (Windows NT 10.0; Win64; x64) AppleWebKit/537.36 (KHTML, like Gecko) Chrome/130.0.0.0 Safari/537.36"
212.34.135.220 - - [31/Mar/2025:23:08:17 -0400] "GET / HTTP/1.1" 200 211284 "http://stannswarehouse.com/" "Mozilla/5.0 (Windows NT 10.0; Win64; x64) AppleWebKit/537.36 (KHTML, like Gecko) Chrome/130.0.0.0 Safari/537.36"
216.244.66.246 - - [31/Mar/2025:23:08:23 -0400] "GET /robots.txt HTTP/1.1" 304 0 "-" "Mozilla/5.0 (compatible; DotBot/1.2; +https://opensiteexplorer.org/dotbot; help@moz.com)"
216.244.66.246 - - [31/Mar/2025:23:23:50 -0400] "GET /moving-company-berlin/feed/ HTTP/1.1" 404 1251 "-" "Mozilla/5.0 (compatible; DotBot/1.2; +https://opensiteexplorer.org/dotbot; help@moz.com)"
81.88.52.250 - - [31/Mar/2025:23:32:39 -0400] "GET /all-you-need-to-know-regarding-cbd-oil/ HTTP/1.1" 404 1251 "http://stannswarehouse.com/all-you-need-to-know-regarding-cbd-oil/" "Mozilla/5.0 (Windows NT 10.0; Win64; x64) AppleWebKit/537.36 (KHTML, like Gecko) Chrome/129.0.0.0 Safari/537.36"
140.82.29.208 - - [31/Mar/2025:23:32:53 -0400] "GET / HTTP/1.1" 200 211284 "http://stannswarehouse.com/" "Mozilla/5.0 (Windows NT 10.0; Win64; x64) AppleWebKit/537.36 (KHTML, like Gecko) Chrome/129.0.0.0 Safari/537.36"
157.90.209.76 - - [31/Mar/2025:23:48:03 -0400] "GET /robots.txt HTTP/1.1" 200 23 "-" "Mozilla/5.0 (compatible; BLEXBot/1.0; +https://help.seranking.com/en/blex-crawler)"
157.90.209.76 - - [31/Mar/2025:23:48:04 -0400] "GET / HTTP/1.1" 200 211284 "-" "Mozilla/5.0 (compatible; BLEXBot/1.0; +https://help.seranking.com/en/blex-crawler)"
185.141.57.94 - - [31/Mar/2025:23:52:54 -0400] "GET /all-you-need-to-know-regarding-cbd-oil/ HTTP/1.1" 404 1251 "http://stannswarehouse.com/all-you-need-to-know-regarding-cbd-oil/" "Mozilla/5.0 (Windows NT 10.0; Win64; x64) AppleWebKit/537.36 (KHTML, like Gecko) Chrome/129.0.0.0 Safari/537.36"
185.141.57.94 - - [31/Mar/2025:23:52:56 -0400] "GET / HTTP/1.1" 200 211284 "http://stannswarehouse.com/" "Mozilla/5.0 (Windows NT 10.0; Win64; x64) AppleWebKit/537.36 (KHTML, like Gecko) Chrome/129.0.0.0 Safari/537.36"
216.244.66.246 - - [31/Mar/2025:23:58:28 -0400] "GET /robots.txt HTTP/1.1" 200 23 "-" "Mozilla/5.0 (compatible; DotBot/1.2; +https://opensiteexplorer.org/dotbot; help@moz.com)"
40.77.167.93 - - [01/Apr/2025:00:04:23 -0400] "GET /robots.txt HTTP/1.1" 304 0 "-" "Mozilla/5.0 AppleWebKit/537.36 (KHTML, like Gecko; compatible; bingbot/2.0; +http://www.bing.com/bingbot.htm) Chrome/116.0.1938.76 Safari/537.36"
52.167.144.137 - - [01/Apr/2025:00:04:27 -0400] "GET /sitemap_index.xml HTTP/1.1" 404 1251 "-" "Mozilla/5.0 AppleWebKit/537.36 (KHTML, like Gecko; compatible; bingbot/2.0; +http://www.bing.com/bingbot.htm) Chrome/116.0.1938.76 Safari/537.36"
216.244.66.246 - - [01/Apr/2025:00:09:51 -0400] "GET /business-trip-massage/feed/ HTTP/1.1" 404 1251 "-" "Mozilla/5.0 (compatible; DotBot/1.2; +https://opensiteexplorer.org/dotbot; help@moz.com)"
37.139.53.220 - - [01/Apr/2025:00:20:19 -0400] "GET /all-you-need-to-know-regarding-cbd-oil/ HTTP/1.1" 404 1251 "http://stannswarehouse.com/all-you-need-to-know-regarding-cbd-oil/#comment-28833/" "Mozilla/5.0 (Windows NT 10.0; Win64; x64) AppleWebKit/537.36 (KHTML, like Gecko) Chrome/130.0.0.0 Safari/537.36"
37.139.53.220 - - [01/Apr/2025:00:20:22 -0400] "GET / HTTP/1.1" 200 211284 "http://stannswarehouse.com/" "Mozilla/5.0 (Windows NT 10.0; Win64; x64) AppleWebKit/537.36 (KHTML, like Gecko) Chrome/130.0.0.0 Safari/537.36"
216.244.66.246 - - [01/Apr/2025:00:45:23 -0400] "GET /robots.txt HTTP/1.1" 200 23 "-" "Mozilla/5.0 (compatible; DotBot/1.2; +https://opensiteexplorer.org/dotbot; help@moz.com)"
52.12.153.243 - - [01/Apr/2025:00:50:02 -0400] "GET / HTTP/1.1" 200 211284 "-" "Mozilla/5.0 (Windows NT 10.0; Win64; x64) AppleWebKit/537.36 (KHTML, like Gecko) Chrome/122.0.0.0 Safari/537.3"
216.244.66.246 - - [01/Apr/2025:00:53:35 -0400] "GET /the-rise-of-online-betting/feed/ HTTP/1.1" 404 1251 "-" "Mozilla/5.0 (compatible; DotBot/1.2; +https://opensiteexplorer.org/dotbot; help@moz.com)"
36.41.75.167 - - [01/Apr/2025:00:59:54 -0400] "GET / HTTP/1.1" 200 211284 "-" "Mozilla/5.0 (iPhone; CPU iPhone OS 13_2_3 like Mac OS X) AppleWebKit/605.1.15 (KHTML, like Gecko) Version/13.0.3 Mobile/15E148 Safari/604.1"
216.131.109.245 - - [01/Apr/2025:01:23:56 -0400] "GET /all-you-need-to-know-regarding-cbd-oil/ HTTP/1.1" 404 1251 "http://stannswarehouse.com/all-you-need-to-know-regarding-cbd-oil/" "Mozilla/5.0 (Windows NT 10.0; Win64; x64) AppleWebKit/537.36 (KHTML, like Gecko) Chrome/131.0.0.0 Safari/537.36 Avast/131.0.0.0"
216.131.109.245 - - [01/Apr/2025:01:24:02 -0400] "GET / HTTP/1.1" 200 211284 "http://stannswarehouse.com/" "Mozilla/5.0 (Windows NT 10.0; Win64; x64) AppleWebKit/537.36 (KHTML, like Gecko) Chrome/131.0.0.0 Safari/537.36 Avast/131.0.0.0"
216.244.66.246 - - [01/Apr/2025:02:18:54 -0400] "GET /robots.txt HTTP/1.1" 200 23 "-" "Mozilla/5.0 (compatible; DotBot/1.2; +https://opensiteexplorer.org/dotbot; help@moz.com)"
216.244.66.246 - - [01/Apr/2025:02:25:58 -0400] "GET /flathead-lake-tours-2/ HTTP/1.1" 404 1251 "-" "Mozilla/5.0 (compatible; DotBot/1.2; +https://opensiteexplorer.org/dotbot; help@moz.com)"
216.244.66.246 - - [01/Apr/2025:02:26:13 -0400] "GET /wie-man-sich-vor-ihnen-schutzen-kann/feed/ HTTP/1.1" 404 1251 "-" "Mozilla/5.0 (compatible; DotBot/1.2; +https://opensiteexplorer.org/dotbot; help@moz.com)"
216.244.66.246 - - [01/Apr/2025:02:29:47 -0400] "GET /enhancing-workplace-dynamics-with-employee-communication-apps/feed/ HTTP/1.1" 404 1251 "-" "Mozilla/5.0 (compatible; DotBot/1.2; +https://opensiteexplorer.org/dotbot; help@moz.com)"
216.244.66.246 - - [01/Apr/2025:02:29:50 -0400] "GET /moderne-hangelampen-eine-revolution-in-der-beleuchtung/feed/ HTTP/1.1" 404 1251 "-" "Mozilla/5.0 (compatible; DotBot/1.2; +https://opensiteexplorer.org/dotbot; help@moz.com)"
159.223.90.203 - - [01/Apr/2025:02:53:05 -0400] "GET /wp-content/uploads/2017-------/09/wp-console.php HTTP/1.1" 404 1251 "-" "Mozilla/5.0 (Linux; Android 11; M2010J19SI) AppleWebKit/537.36 (KHTML, like Gecko) Chrome/109.0.0.0 Mobile Safari/537.36"
194.147.98.73 - - [01/Apr/2025:03:03:33 -0400] "GET / HTTP/1.1" 200 211284 "-" "Mozilla/5.0 (Windows NT 10.0; Win64; x64) AppleWebKit/537.36 (KHTML, like Gecko) Chrome/97.0.4280.67 Safari/537.36 Edg/97.0.664.52"
43.166.226.186 - - [01/Apr/2025:03:21:07 -0400] "GET / HTTP/1.1" 200 211284 "-" "Mozilla/5.0 (iPhone; CPU iPhone OS 13_2_3 like Mac OS X) AppleWebKit/605.1.15 (KHTML, like Gecko) Version/13.0.3 Mobile/15E148 Safari/604.1"
198.54.114.83 - - [01/Apr/2025:04:24:19 -0400] "POST /wp-cron.php?doing_wp_cron=1743495858.1543350219726562500000 HTTP/1.1" 200 0 "-" "WordPress/6.7.2; https://stannswarehouse.com"
14.116.251.29 - - [01/Apr/2025:04:24:13 -0400] "GET /wp-login.php HTTP/1.1" 302 0 "-" "Apache-HttpClient/4.5.2 (Java/1.8.0_161)"
14.116.251.29 - - [01/Apr/2025:04:24:46 -0400] "GET /?author=1 HTTP/1.1" 200 211284 "-" "Apache-HttpClient/4.5.2 (Java/1.8.0_161)"
14.116.251.29 - - [01/Apr/2025:04:24:47 -0400] "GET /?author=2 HTTP/1.1" 200 211284 "-" "Apache-HttpClient/4.5.2 (Java/1.8.0_161)"
14.116.251.29 - - [01/Apr/2025:04:24:48 -0400] "GET /?author=3 HTTP/1.1" 200 211284 "-" "Apache-HttpClient/4.5.2 (Java/1.8.0_161)"
14.116.251.29 - - [01/Apr/2025:04:24:49 -0400] "GET /?author=4 HTTP/1.1" 200 211284 "-" "Apache-HttpClient/4.5.2 (Java/1.8.0_161)"
14.116.251.29 - - [01/Apr/2025:04:24:50 -0400] "GET /?author=5 HTTP/1.1" 200 211284 "-" "Apache-HttpClient/4.5.2 (Java/1.8.0_161)"
14.116.251.29 - - [01/Apr/2025:04:24:51 -0400] "GET /?author=6 HTTP/1.1" 200 211284 "-" "Apache-HttpClient/4.5.2 (Java/1.8.0_161)"
14.116.251.29 - - [01/Apr/2025:04:24:51 -0400] "GET /?author=7 HTTP/1.1" 200 211284 "-" "Apache-HttpClient/4.5.2 (Java/1.8.0_161)"
14.116.251.29 - - [01/Apr/2025:04:24:53 -0400] "GET /?author=8 HTTP/1.1" 200 211284 "-" "Apache-HttpClient/4.5.2 (Java/1.8.0_161)"
14.116.251.29 - - [01/Apr/2025:04:24:54 -0400] "GET /?author=9 HTTP/1.1" 200 211284 "-" "Apache-HttpClient/4.5.2 (Java/1.8.0_161)"
14.116.251.29 - - [01/Apr/2025:04:24:54 -0400] "GET /?author=10 HTTP/1.1" 200 211284 "-" "Apache-HttpClient/4.5.2 (Java/1.8.0_161)"
14.116.251.29 - - [01/Apr/2025:04:24:55 -0400] "GET /?author=11 HTTP/1.1" 200 211284 "-" "Apache-HttpClient/4.5.2 (Java/1.8.0_161)"
14.116.251.29 - - [01/Apr/2025:04:24:56 -0400] "GET /?author=12 HTTP/1.1" 200 211284 "-" "Apache-HttpClient/4.5.2 (Java/1.8.0_161)"
14.116.251.29 - - [01/Apr/2025:04:24:57 -0400] "GET /?author=13 HTTP/1.1" 200 211284 "-" "Apache-HttpClient/4.5.2 (Java/1.8.0_161)"
14.116.251.29 - - [01/Apr/2025:04:25:03 -0400] "GET /?author=14 HTTP/1.1" 200 211284 "-" "Apache-HttpClient/4.5.2 (Java/1.8.0_161)"
14.116.251.29 - - [01/Apr/2025:04:25:06 -0400] "GET /?author=15 HTTP/1.1" 200 211284 "-" "Apache-HttpClient/4.5.2 (Java/1.8.0_161)"
14.116.251.29 - - [01/Apr/2025:04:25:08 -0400] "GET /?author=16 HTTP/1.1" 200 211284 "-" "Apache-HttpClient/4.5.2 (Java/1.8.0_161)"
14.116.251.29 - - [01/Apr/2025:04:25:10 -0400] "GET /?author=17 HTTP/1.1" 200 211284 "-" "Apache-HttpClient/4.5.2 (Java/1.8.0_161)"
14.116.251.29 - - [01/Apr/2025:04:25:12 -0400] "GET /?author=18 HTTP/1.1" 200 211284 "-" "Apache-HttpClient/4.5.2 (Java/1.8.0_161)"
14.116.251.29 - - [01/Apr/2025:04:25:14 -0400] "GET /?author=19 HTTP/1.1" 200 211284 "-" "Apache-HttpClient/4.5.2 (Java/1.8.0_161)"
14.116.251.29 - - [01/Apr/2025:04:25:16 -0400] "GET /?author=20 HTTP/1.1" 200 211284 "-" "Apache-HttpClient/4.5.2 (Java/1.8.0_161)"
85.208.98.23 - - [01/Apr/2025:04:32:14 -0400] "GET /robots.txt HTTP/1.1" 304 0 "-" "Mozilla/5.0 (compatible; SemrushBot-BA; +http://www.semrush.com/bot.html)"
167.71.93.105 - - [01/Apr/2025:04:51:33 -0400] "GET / HTTP/1.1" 200 211284 "-" "Mozilla/5.0 (Windows NT 10.0; Win64; x64) AppleWebKit/537.36 (KHTML, like Gecko) Chrome/95.0.4638.69 Safari/537.36"
167.71.93.105 - - [01/Apr/2025:04:51:36 -0400] "GET /wp-includes/ID3/license.txt HTTP/1.1" 200 501 "-" "Mozilla/5.0 (Windows NT 10.0; Win64; x64) AppleWebKit/537.36 (KHTML, like Gecko) Chrome/95.0.4638.69 Safari/537.36"
167.71.93.105 - - [01/Apr/2025:04:51:37 -0400] "GET /feed/ HTTP/1.1" 404 1251 "-" "Mozilla/5.0 (Windows NT 10.0; Win64; x64) AppleWebKit/537.36 (KHTML, like Gecko) Chrome/95.0.4638.69 Safari/537.36"
198.54.114.83 - - [01/Apr/2025:04:51:44 -0400] "POST /wp-cron.php?doing_wp_cron=1743497503.4358921051025390625000 HTTP/1.1" 200 0 "-" "WordPress/6.7.2; https://stannswarehouse.com"
167.71.93.105 - - [01/Apr/2025:04:51:37 -0400] "GET /xmlrpc.php?rsd HTTP/1.1" 200 309 "-" "Mozilla/5.0 (Windows NT 10.0; Win64; x64) AppleWebKit/537.36 (KHTML, like Gecko) Chrome/95.0.4638.69 Safari/537.36"
167.71.93.105 - - [01/Apr/2025:04:51:45 -0400] "GET /wp-login.php HTTP/1.1" 302 0 "-" "Mozilla/5.0 (Windows NT 10.0; Win64; x64) AppleWebKit/537.36 (KHTML, like Gecko) Chrome/95.0.4638.69 Safari/537.36"
198.54.114.83 - - [01/Apr/2025:04:51:53 -0400] "POST /wp-cron.php HTTP/1.1" 200 0 "-" "WordPress/6.7.2; https://stannswarehouse.com"
157.230.185.203 - - [01/Apr/2025:04:55:15 -0400] "GET /wp-admin/css/ HTTP/1.1" 403 1242 "binance.com" "Mozilla/5.0 (Windows NT 10.0; Win64; x64) AppleWebKit/537.36 (KHTML, like Gecko) Chrome/90.0.4430.85 Safari/537.36"
150.158.45.24 - - [01/Apr/2025:05:32:24 -0400] "GET / HTTP/1.1" 200 211284 "-" "Mozilla/5.0 (Linux; Android 10; LIO-AN00 Build/HUAWEILIO-AN00; wv) MicroMessenger Weixin QQ AppleWebKit/537.36 (KHTML, like Gecko) Version/4.0 Chrome/78.0.3904.62 XWEB/2692 MMWEBSDK/200901 Mobile Safari/537.36"
150.158.45.24 - - [01/Apr/2025:05:38:14 -0400] "GET / HTTP/1.1" 200 211284 "-" "Mozilla/5.0 (Linux; Android 10; LIO-AN00 Build/HUAWEILIO-AN00; wv) MicroMessenger Weixin QQ AppleWebKit/537.36 (KHTML, like Gecko) Version/4.0 Chrome/78.0.3904.62 XWEB/2692 MMWEBSDK/200901 Mobile Safari/537.36"
102.157.122.249 - - [01/Apr/2025:05:42:59 -0400] "POST /wp-login.php HTTP/1.1" 302 0 "http://stannswarehouse.com/wp-admin/" "Mozilla/5.0 (Windows NT 10.0; Win64; x64) AppleWebKit/537.36 (KHTML, like Gecko) Chrome/90.0.4430.85 Safari/537.36"
198.54.114.83 - - [01/Apr/2025:05:43:06 -0400] "POST /wp-cron.php?doing_wp_cron=1743500584.7116329669952392578125 HTTP/1.1" 200 0 "-" "WordPress/6.7.2; https://stannswarehouse.com"
125.94.144.102 - - [01/Apr/2025:05:47:39 -0400] "GET / HTTP/1.1" 200 211284 "-" "Mozilla/5.0 (iPhone; CPU iPhone OS 13_2_3 like Mac OS X) AppleWebKit/605.1.15 (KHTML, like Gecko) Version/13.0.3 Mobile/15E148 Safari/604.1"
40.77.167.93 - - [01/Apr/2025:06:48:44 -0400] "GET /robots.txt HTTP/1.1" 304 0 "-" "Mozilla/5.0 AppleWebKit/537.36 (KHTML, like Gecko; compatible; bingbot/2.0; +http://www.bing.com/bingbot.htm) Chrome/116.0.1938.76 Safari/537.36"
52.167.144.145 - - [01/Apr/2025:06:48:53 -0400] "GET /sitemap_index.xml HTTP/1.1" 404 1251 "-" "Mozilla/5.0 AppleWebKit/537.36 (KHTML, like Gecko; compatible; bingbot/2.0; +http://www.bing.com/bingbot.htm) Chrome/116.0.1938.76 Safari/537.36"
46.8.23.10 - - [01/Apr/2025:07:10:53 -0400] "GET /all-you-need-to-know-regarding-cbd-oil/ HTTP/1.1" 404 1251 "http://stannswarehouse.com/all-you-need-to-know-regarding-cbd-oil/" "Mozilla/5.0 (Windows NT 10.0; Win64; x64) AppleWebKit/537.36 (KHTML, like Gecko) Chrome/130.0.0.0 Safari/537.36"
46.8.23.10 - - [01/Apr/2025:07:10:53 -0400] "GET / HTTP/1.1" 200 211284 "http://stannswarehouse.com/" "Mozilla/5.0 (Windows NT 10.0; Win64; x64) AppleWebKit/537.36 (KHTML, like Gecko) Chrome/130.0.0.0 Safari/537.36"
13.201.67.233 - - [01/Apr/2025:08:12:00 -0400] "GET / HTTP/1.1" 200 211284 "-" "Mozilla/5.0 (Windows NT 10.0; Win64; x64) AppleWebKit/537.36 (KHTML, like Gecko) Chrome/89.0.4389.114 Safari/537.36"
13.201.67.233 - - [01/Apr/2025:08:12:20 -0400] "GET / HTTP/1.1" 200 211284 "-" "Mozilla/5.0 (Windows NT 10.0; Win64; x64) AppleWebKit/537.36 (KHTML, like Gecko) Chrome/89.0.4389.114 Safari/537.36"
13.201.67.233 - - [01/Apr/2025:08:12:39 -0400] "GET /wp-includes/wlwmanifest.xml HTTP/1.1" 404 1251 "-" "Mozilla/5.0 (Windows NT 10.0; Win64; x64) AppleWebKit/537.36 (KHTML, like Gecko) Chrome/89.0.4389.114 Safari/537.36"
198.54.114.83 - - [01/Apr/2025:08:12:43 -0400] "POST /wp-cron.php?doing_wp_cron=1743509563.6040771007537841796875 HTTP/1.1" 200 0 "-" "WordPress/6.7.2; https://stannswarehouse.com"
13.201.67.233 - - [01/Apr/2025:08:12:40 -0400] "GET /xmlrpc.php?rsd HTTP/1.1" 200 309 "-" "Mozilla/5.0 (Windows NT 10.0; Win64; x64) AppleWebKit/537.36 (KHTML, like Gecko) Chrome/89.0.4389.114 Safari/537.36"
13.201.67.233 - - [01/Apr/2025:08:12:44 -0400] "GET /?author=1 HTTP/1.1" 200 211284 "-" "Mozilla/5.0 (Windows NT 10.0; Win64; x64) AppleWebKit/537.36 (KHTML, like Gecko) Chrome/89.0.4389.114 Safari/537.36"
13.201.67.233 - - [01/Apr/2025:08:13:05 -0400] "GET /?author=2 HTTP/1.1" 200 211284 "-" "Mozilla/5.0 (Windows NT 10.0; Win64; x64) AppleWebKit/537.36 (KHTML, like Gecko) Chrome/89.0.4389.114 Safari/537.36"
13.201.67.233 - - [01/Apr/2025:08:13:24 -0400] "GET /?author=3 HTTP/1.1" 200 211284 "-" "Mozilla/5.0 (Windows NT 10.0; Win64; x64) AppleWebKit/537.36 (KHTML, like Gecko) Chrome/89.0.4389.114 Safari/537.36"
13.201.67.233 - - [01/Apr/2025:08:13:26 -0400] "GET /wp-json/wp/v2/users/ HTTP/1.1" 404 1251 "-" "Mozilla/5.0 (Windows NT 10.0; Win64; x64) AppleWebKit/537.36 (KHTML, like Gecko) Chrome/89.0.4389.114 Safari/537.36"
13.201.67.233 - - [01/Apr/2025:08:13:26 -0400] "GET /wp-json/oembed/1.0/embed?url=http://stannswarehouse.com HTTP/1.1" 404 1251 "-" "Mozilla/5.0 (Windows NT 10.0; Win64; x64) AppleWebKit/537.36 (KHTML, like Gecko) Chrome/89.0.4389.114 Safari/537.36"
198.54.114.83 - - [01/Apr/2025:08:13:28 -0400] "POST /wp-cron.php?doing_wp_cron=1743509607.9237968921661376953125 HTTP/1.1" 200 0 "-" "WordPress/6.7.2; https://stannswarehouse.com"
13.201.67.233 - - [01/Apr/2025:08:13:27 -0400] "POST /xmlrpc.php HTTP/1.1" 200 236 "-" "Mozilla/5.0 (Windows NT 10.0; Win64; x64) AppleWebKit/537.36 (KHTML, like Gecko) Chrome/89.0.4389.114 Safari/537.36"
13.201.67.233 - - [01/Apr/2025:08:13:28 -0400] "POST /xmlrpc.php HTTP/1.1" 200 236 "-" "Mozilla/5.0 (Windows NT 10.0; Win64; x64) AppleWebKit/537.36 (KHTML, like Gecko) Chrome/89.0.4389.114 Safari/537.36"
13.201.67.233 - - [01/Apr/2025:08:13:30 -0400] "POST /xmlrpc.php HTTP/1.1" 200 236 "-" "Mozilla/5.0 (Windows NT 10.0; Win64; x64) AppleWebKit/537.36 (KHTML, like Gecko) Chrome/89.0.4389.114 Safari/537.36"
13.201.67.233 - - [01/Apr/2025:08:13:31 -0400] "POST /xmlrpc.php HTTP/1.1" 200 236 "-" "Mozilla/5.0 (Windows NT 10.0; Win64; x64) AppleWebKit/537.36 (KHTML, like Gecko) Chrome/89.0.4389.114 Safari/537.36"
13.201.67.233 - - [01/Apr/2025:08:13:32 -0400] "POST /xmlrpc.php HTTP/1.1" 200 236 "-" "Mozilla/5.0 (Windows NT 10.0; Win64; x64) AppleWebKit/537.36 (KHTML, like Gecko) Chrome/89.0.4389.114 Safari/537.36"
13.201.67.233 - - [01/Apr/2025:08:13:33 -0400] "POST /xmlrpc.php HTTP/1.1" 200 236 "-" "Mozilla/5.0 (Windows NT 10.0; Win64; x64) AppleWebKit/537.36 (KHTML, like Gecko) Chrome/89.0.4389.114 Safari/537.36"
114.119.129.24 - - [01/Apr/2025:08:18:50 -0400] "GET /robots.txt HTTP/1.1" 200 23 "-" "Mozilla/5.0 (compatible;PetalBot;+https://webmaster.petalsearch.com/site/petalbot)"
45.55.35.120 - - [01/Apr/2025:08:32:30 -0400] "GET /wp-admin/css/ HTTP/1.1" 403 1242 "binance.com" "Mozilla/5.0 (Windows NT 10.0; Win64; x64) AppleWebKit/537.36 (KHTML, like Gecko) Chrome/90.0.4430.85 Safari/537.36"
196.251.80.22 - - [01/Apr/2025:09:00:24 -0400] "POST /ALFA_DATA/alfacgiapi/perl.alfa HTTP/1.1" 404 1251 "www.google.com" "Mozlila/5.0 (Linux; Android 7.0; SM-G892A Bulid/NRD90M; wv) AppleWebKit/537.36 (KHTML, like Gecko) Version/4.0 Chrome/60.0.3112.107 Moblie Safari/537.36"
196.251.80.22 - - [01/Apr/2025:09:00:24 -0400] "GET /wp-content/plugins/fix/up.php HTTP/1.1" 404 1251 "-" "Mozilla/5.0 (Windows NT 10.0; Win64; x64) AppleWebKit/537.36 (KHTML, like Gecko) Chrome/85.0.4183.102 Safari/537.36"
196.251.80.22 - - [01/Apr/2025:09:00:24 -0400] "POST /wp-plain.php HTTP/1.1" 404 1251 "www.google.com" "Mozilla/5.0 (Linux; Android 7.0; SM-G892A Bulid/NRD90M; wv) AppleWebKit/537.36 (KHTML, like Gecko) Version/4.0 Chrome/60.0.3112.107 Moblie Safari/537.36"
196.251.80.22 - - [01/Apr/2025:09:00:24 -0400] "GET /wp-content/themes/seotheme/db.php?u HTTP/1.1" 404 1251 "www.google.com" "Mozlila/5.0 (Linux; Android 7.0; SM-G892A Bulid/NRD90M; wv) AppleWebKit/537.36 (KHTML, like Gecko) Version/4.0 Chrome/60.0.3112.107 Moblie Safari/537.36"
196.251.80.22 - - [01/Apr/2025:09:00:24 -0400] "GET / HTTP/1.1" 200 211284 "-" "Mozlila/5.0 (Linux; Android 7.0; SM-G892A Bulid/NRD90M; wv) AppleWebKit/537.36 (KHTML, like Gecko) Version/4.0 Chrome/60.0.3112.107 Moblie Safari/537.36"
196.251.80.22 - - [01/Apr/2025:09:00:27 -0400] "POST /alfacgiapi/perl.alfa HTTP/1.1" 404 1251 "www.google.com" "Mozlila/5.0 (Linux; Android 7.0; SM-G892A Bulid/NRD90M; wv) AppleWebKit/537.36 (KHTML, like Gecko) Version/4.0 Chrome/60.0.3112.107 Moblie Safari/537.36"
196.251.80.22 - - [01/Apr/2025:09:00:27 -0400] "GET /sxqsifon.php?Fox=d3wL7 HTTP/1.1" 404 1251 "www.google.com" "Mozilla/5.0 (Linux; Android 7.0; SM-G892A Bulid/NRD90M; wv) AppleWebKit/537.36 (KHTML, like Gecko) Version/4.0 Chrome/60.0.3112.107 Moblie Safari/537.36"
163.5.241.5 - - [01/Apr/2025:09:21:18 -0400] "GET / HTTP/1.1" 200 211284 "-" "Python/3.11 aiohttp/3.11.11"
85.208.98.23 - - [01/Apr/2025:10:37:26 -0400] "GET /robots.txt HTTP/1.1" 304 0 "-" "Mozilla/5.0 (compatible; SemrushBot-BA; +http://www.semrush.com/bot.html)"
221.229.106.25 - - [01/Apr/2025:10:51:54 -0400] "GET / HTTP/1.1" 200 211284 "-" "Mozilla/5.0 (iPhone; CPU iPhone OS 13_2_3 like Mac OS X) AppleWebKit/605.1.15 (KHTML, like Gecko) Version/13.0.3 Mobile/15E148 Safari/604.1"
167.71.92.63 - - [01/Apr/2025:11:19:22 -0400] "GET / HTTP/1.1" 200 211284 "-" "Mozilla/5.0 (Windows NT 10.0; Win64; x64) AppleWebKit/537.36 (KHTML, like Gecko) Chrome/95.0.4638.69 Safari/537.36"
167.71.92.63 - - [01/Apr/2025:11:19:23 -0400] "GET /wp-includes/ID3/license.txt HTTP/1.1" 200 501 "-" "Mozilla/5.0 (Windows NT 10.0; Win64; x64) AppleWebKit/537.36 (KHTML, like Gecko) Chrome/95.0.4638.69 Safari/537.36"
167.71.92.63 - - [01/Apr/2025:11:19:24 -0400] "GET /feed/ HTTP/1.1" 404 1251 "-" "Mozilla/5.0 (Windows NT 10.0; Win64; x64) AppleWebKit/537.36 (KHTML, like Gecko) Chrome/95.0.4638.69 Safari/537.36"
198.54.114.83 - - [01/Apr/2025:11:19:32 -0400] "POST /wp-cron.php?doing_wp_cron=1743520770.6827070713043212890625 HTTP/1.1" 200 0 "-" "WordPress/6.7.2; https://stannswarehouse.com"
167.71.92.63 - - [01/Apr/2025:11:19:26 -0400] "GET /xmlrpc.php?rsd HTTP/1.1" 200 309 "-" "Mozilla/5.0 (Windows NT 10.0; Win64; x64) AppleWebKit/537.36 (KHTML, like Gecko) Chrome/95.0.4638.69 Safari/537.36"
167.71.92.63 - - [01/Apr/2025:11:19:33 -0400] "GET /wp-login.php HTTP/1.1" 302 0 "-" "Mozilla/5.0 (Windows NT 10.0; Win64; x64) AppleWebKit/537.36 (KHTML, like Gecko) Chrome/95.0.4638.69 Safari/537.36"
93.158.90.52 - - [01/Apr/2025:11:20:32 -0400] "GET /robots.txt HTTP/1.1" 200 23 "-" "Mozilla/5.0 (Windows NT 10.0; Win64; x64) AppleWebKit/537.36 (KHTML, like Gecko) Chrome/122.0.0.0 Safari/537.3"
93.158.90.41 - - [01/Apr/2025:11:20:33 -0400] "GET / HTTP/1.1" 200 211284 "-" "Mozilla/5.0 (Windows NT 10.0; Win64; x64) AppleWebKit/537.36 (KHTML, like Gecko) Chrome/122.0.0.0 Safari/537.3"
134.122.135.50 - - [01/Apr/2025:11:39:11 -0400] "GET /apps/admin/view/default/layui/css/layui.css HTTP/1.1" 404 1251 "http://stannswarehouse.com/apps/admin/view/default/layui/css/layui.css" "Mozilla/4.0 (compatible; MSIE 9.0; Windows NT 6.1)"
134.122.135.50 - - [01/Apr/2025:11:39:21 -0400] "GET /plus/img/df_dedetitle.gif HTTP/1.1" 404 1251 "http://stannswarehouse.com/plus/img/df_dedetitle.gif" "Mozilla/4.0 (compatible; MSIE 9.0; Windows NT 6.1)"
134.122.135.77 - - [01/Apr/2025:11:41:00 -0400] "GET /apps/admin/view/default/layui/css/layui.css HTTP/1.1" 404 1251 "http://stannswarehouse.com" "Mozilla/5.0 (Windows NT 10.0; Win64; x64) AppleWebKit/537.36 (KHTML, like Gecko) Chrome/128.0.0.0 Safari/537.36"
134.122.135.77 - - [01/Apr/2025:11:41:01 -0400] "GET /e/data/images/arrow.gif HTTP/1.1" 404 1251 "http://stannswarehouse.com" "Mozilla/5.0 (Windows NT 10.0; Win64; x64) AppleWebKit/537.36 (KHTML, like Gecko) Chrome/128.0.0.0 Safari/537.36"
134.122.135.77 - - [01/Apr/2025:11:41:01 -0400] "GET /include/ckeditor/images/addon.gif HTTP/1.1" 404 1251 "http://stannswarehouse.com" "Mozilla/5.0 (Windows NT 10.0; Win64; x64) AppleWebKit/537.36 (KHTML, like Gecko) Chrome/128.0.0.0 Safari/537.36"
134.122.135.77 - - [01/Apr/2025:11:41:01 -0400] "GET /public/plugins/Ueditor/dialogs/attachment/fileTypeImages/icon_psd.gif HTTP/1.1" 404 1251 "http://stannswarehouse.com" "Mozilla/5.0 (Windows NT 10.0; Win64; x64) AppleWebKit/537.36 (KHTML, like Gecko) Chrome/128.0.0.0 Safari/537.36"
146.70.160.238 - - [01/Apr/2025:11:44:27 -0400] "GET / HTTP/1.1" 200 211284 "-" "Mozilla/5.0 (Windows NT 10.0; Win64; x64) AppleWebKit/537.36 (KHTML, like Gecko) Chrome/58.0.3029.110 Safari/537.3"
146.70.160.238 - - [01/Apr/2025:11:44:29 -0400] "GET /phpinfo.php HTTP/1.1" 404 1251 "-" "Mozilla/5.0 (Windows NT 10.0; Win64; x64) AppleWebKit/537.36 (KHTML, like Gecko) Chrome/58.0.3029.110 Safari/537.3"
146.70.160.238 - - [01/Apr/2025:11:44:29 -0400] "GET /info.php HTTP/1.1" 404 1251 "-" "Mozilla/5.0 (Windows NT 10.0; Win64; x64) AppleWebKit/537.36 (KHTML, like Gecko) Chrome/58.0.3029.110 Safari/537.3"
146.70.160.238 - - [01/Apr/2025:11:44:30 -0400] "GET /phpinfo HTTP/1.1" 404 1251 "-" "Mozilla/5.0 (Windows NT 10.0; Win64; x64) AppleWebKit/537.36 (KHTML, like Gecko) Chrome/58.0.3029.110 Safari/537.3"
146.70.160.238 - - [01/Apr/2025:11:44:31 -0400] "GET /php_info.php HTTP/1.1" 404 1251 "-" "Mozilla/5.0 (Windows NT 10.0; Win64; x64) AppleWebKit/537.36 (KHTML, like Gecko) Chrome/58.0.3029.110 Safari/537.3"
146.70.160.238 - - [01/Apr/2025:11:44:31 -0400] "GET /test.php HTTP/1.1" 404 1251 "-" "Mozilla/5.0 (Windows NT 10.0; Win64; x64) AppleWebKit/537.36 (KHTML, like Gecko) Chrome/58.0.3029.110 Safari/537.3"
146.70.160.238 - - [01/Apr/2025:11:44:32 -0400] "GET /_profiler/phpinfo HTTP/1.1" 404 1251 "-" "Mozilla/5.0 (Windows NT 10.0; Win64; x64) AppleWebKit/537.36 (KHTML, like Gecko) Chrome/58.0.3029.110 Safari/537.3"
146.70.160.238 - - [01/Apr/2025:11:44:33 -0400] "GET /.env HTTP/1.1" 404 1251 "-" "Mozilla/5.0 (Windows NT 10.0; Win64; x64) AppleWebKit/537.36 (KHTML, like Gecko) Chrome/58.0.3029.110 Safari/537.3"
146.70.160.238 - - [01/Apr/2025:11:44:34 -0400] "GET /config/.env HTTP/1.1" 404 1251 "-" "Mozilla/5.0 (Windows NT 10.0; Win64; x64) AppleWebKit/537.36 (KHTML, like Gecko) Chrome/58.0.3029.110 Safari/537.3"
146.70.160.238 - - [01/Apr/2025:11:44:34 -0400] "GET /.env.production HTTP/1.1" 404 1251 "-" "Mozilla/5.0 (Windows NT 10.0; Win64; x64) AppleWebKit/537.36 (KHTML, like Gecko) Chrome/58.0.3029.110 Safari/537.3"
146.70.160.238 - - [01/Apr/2025:11:44:36 -0400] "GET /.env.local HTTP/1.1" 404 1251 "-" "Mozilla/5.0 (Windows NT 10.0; Win64; x64) AppleWebKit/537.36 (KHTML, like Gecko) Chrome/58.0.3029.110 Safari/537.3"
146.70.160.238 - - [01/Apr/2025:11:44:37 -0400] "GET /api/shared/config/config.env HTTP/1.1" 404 1251 "-" "Mozilla/5.0 (Windows NT 10.0; Win64; x64) AppleWebKit/537.36 (KHTML, like Gecko) Chrome/58.0.3029.110 Safari/537.3"
146.70.160.238 - - [01/Apr/2025:11:44:39 -0400] "GET /api/.env HTTP/1.1" 404 1251 "-" "Mozilla/5.0 (Windows NT 10.0; Win64; x64) AppleWebKit/537.36 (KHTML, like Gecko) Chrome/58.0.3029.110 Safari/537.3"
146.70.160.238 - - [01/Apr/2025:11:44:39 -0400] "GET / HTTP/1.1" 200 211284 "-" "Mozilla/5.0 (Windows NT 10.0; Win64; x64) AppleWebKit/537.36 (KHTML, like Gecko) Chrome/58.0.3029.110 Safari/537.3"
146.70.160.238 - - [01/Apr/2025:11:44:43 -0400] "GET /register/ HTTP/1.1" 404 1251 "-" "Mozilla/5.0 (Windows NT 10.0; Win64; x64) AppleWebKit/537.36 (KHTML, like Gecko) Chrome/58.0.3029.110 Safari/537.3"
146.70.160.238 - - [01/Apr/2025:11:44:44 -0400] "GET /contact/ HTTP/1.1" 404 1251 "-" "Mozilla/5.0 (Windows NT 10.0; Win64; x64) AppleWebKit/537.36 (KHTML, like Gecko) Chrome/58.0.3029.110 Safari/537.3"
146.70.160.238 - - [01/Apr/2025:11:44:47 -0400] "GET /.AWS_/credentials HTTP/1.1" 404 1251 "-" "Mozilla/5.0 (Windows NT 10.0; Win64; x64) AppleWebKit/537.36 (KHTML, like Gecko) Chrome/58.0.3029.110 Safari/537.3"
146.70.160.238 - - [01/Apr/2025:11:44:49 -0400] "GET /karma.conf.json HTTP/1.1" 404 1251 "-" "Mozilla/5.0 (Windows NT 10.0; Win64; x64) AppleWebKit/537.36 (KHTML, like Gecko) Chrome/58.0.3029.110 Safari/537.3"
146.70.160.238 - - [01/Apr/2025:11:44:51 -0400] "GET /index.php HTTP/1.1" 404 1251 "-" "Mozilla/5.0 (Windows NT 10.0; Win64; x64) AppleWebKit/537.36 (KHTML, like Gecko) Chrome/58.0.3029.110 Safari/537.3"
146.70.160.238 - - [01/Apr/2025:11:44:53 -0400] "GET /.aws/credentials HTTP/1.1" 404 1251 "-" "Mozilla/5.0 (Windows NT 10.0; Win64; x64) AppleWebKit/537.36 (KHTML, like Gecko) Chrome/58.0.3029.110 Safari/537.3"
134.122.133.12 - - [01/Apr/2025:11:45:24 -0400] "GET /xmlrpc.php HTTP/1.1" 200 0 "http://stannswarehouse.com" "Googlebot/2.1 (+http://www.googlebot.com/bot.html)"
198.54.114.83 - - [01/Apr/2025:11:45:42 -0400] "POST /wp-cron.php?doing_wp_cron=1743522342.3596799373626708984375 HTTP/1.1" 200 0 "-" "WordPress/6.7.2; https://stannswarehouse.com"
134.122.133.12 - - [01/Apr/2025:11:48:44 -0400] "GET / HTTP/1.1" 200 211284 "http://stannswarehouse.com" "Mozilla/5.0 (compatible; Yahoo! Slurp; http://help.yahoo.com/help/us/ysearch/slurp\xa1\xb1)"
208.85.92.157 - - [01/Apr/2025:11:50:24 -0400] "GET / HTTP/1.1" 200 211284 "-" "Mozilla/5.0 (Windows NT 10.0; Win64; x64) AppleWebKit/537.36 (KHTML, like Gecko) Chrome/88.0.4240.193 Safari/537.36"
134.122.133.12 - - [01/Apr/2025:11:50:36 -0400] "GET /e/data/js/jscolor/hs.png HTTP/1.1" 404 1251 "http://stannswarehouse.com" "Mozilla/5.0 (compatible; iaskspider/1.0; MSIE 6.0)"
134.122.133.12 - - [01/Apr/2025:11:50:49 -0400] "GET /include/ckeditor/images/addon.gif HTTP/1.1" 404 1251 "http://stannswarehouse.com" "AppleWebKit/534.46 (KHTML,like Gecko) Version/5.1 Mobile Safari/10600.6.3"
134.122.133.12 - - [01/Apr/2025:11:50:51 -0400] "GET /images/loadinglit.gif HTTP/1.1" 404 1251 "http://stannswarehouse.com" "Googlebot/2.1 (+http://www.google.com/bot.html)"
23.235.185.18 - - [01/Apr/2025:11:51:08 -0400] "GET / HTTP/1.1" 200 211284 "-" "Mozilla/5.0"
134.122.133.12 - - [01/Apr/2025:11:51:44 -0400] "GET /public/static/common/images/file.png HTTP/1.1" 404 1251 "http://stannswarehouse.com" "Googlebot/2.1 (+http://www.google.com/bot.html)"
134.122.133.12 - - [01/Apr/2025:11:51:45 -0400] "GET /public/static/admin/images/ok.png HTTP/1.1" 404 1251 "http://stannswarehouse.com" "msnbot/1.0 (+http://search.msn.com/msnbot.htm\xa1\xb1)"
152.42.235.76 - - [01/Apr/2025:11:57:26 -0400] "GET / HTTP/1.1" 200 211284 "-" "Mozilla/5.0 (Windows NT 10.0; Win64; x64) AppleWebKit/537.36 (KHTML, like Gecko) Chrome/78.0.3904.108 Safari/537.36"
152.42.235.76 - - [01/Apr/2025:11:57:28 -0400] "GET / HTTP/1.1" 200 211284 "-" "Mozilla/5.0 (Windows NT 10.0; Win64; x64) AppleWebKit/537.36 (KHTML, like Gecko) Chrome/78.0.3904.108 Safari/537.36"
152.42.235.76 - - [01/Apr/2025:11:57:32 -0400] "GET /wp-includes/wlwmanifest.xml HTTP/1.1" 404 1251 "-" "Mozilla/5.0 (Windows NT 10.0; Win64; x64) AppleWebKit/537.36 (KHTML, like Gecko) Chrome/78.0.3904.108 Safari/537.36"
198.54.114.83 - - [01/Apr/2025:11:57:38 -0400] "POST /wp-cron.php?doing_wp_cron=1743523057.3194549083709716796875 HTTP/1.1" 200 0 "-" "WordPress/6.7.2; https://stannswarehouse.com"
152.42.235.76 - - [01/Apr/2025:11:57:33 -0400] "GET /xmlrpc.php?rsd HTTP/1.1" 200 309 "-" "Mozilla/5.0 (Windows NT 10.0; Win64; x64) AppleWebKit/537.36 (KHTML, like Gecko) Chrome/78.0.3904.108 Safari/537.36"
152.42.235.76 - - [01/Apr/2025:11:57:39 -0400] "GET /?author=1 HTTP/1.1" 200 211284 "-" "Mozilla/5.0 (Windows NT 10.0; Win64; x64) AppleWebKit/537.36 (KHTML, like Gecko) Chrome/78.0.3904.108 Safari/537.36"
152.42.235.76 - - [01/Apr/2025:11:57:41 -0400] "GET /?author=2 HTTP/1.1" 200 211284 "-" "Mozilla/5.0 (Windows NT 10.0; Win64; x64) AppleWebKit/537.36 (KHTML, like Gecko) Chrome/78.0.3904.108 Safari/537.36"
152.42.235.76 - - [01/Apr/2025:11:57:41 -0400] "GET /wp-json/wp/v2/users/ HTTP/1.1" 404 1251 "-" "Mozilla/5.0 (Windows NT 10.0; Win64; x64) AppleWebKit/537.36 (KHTML, like Gecko) Chrome/78.0.3904.108 Safari/537.36"
152.42.235.76 - - [01/Apr/2025:11:57:42 -0400] "GET /wp-json/oembed/1.0/embed?url=http://stannswarehouse.com HTTP/1.1" 404 1251 "-" "Mozilla/5.0 (Windows NT 10.0; Win64; x64) AppleWebKit/537.36 (KHTML, like Gecko) Chrome/78.0.3904.108 Safari/537.36"
152.42.235.76 - - [01/Apr/2025:11:57:44 -0400] "POST /xmlrpc.php HTTP/1.1" 200 236 "-" "Mozilla/5.0 (Windows NT 10.0; Win64; x64) AppleWebKit/537.36 (KHTML, like Gecko) Chrome/78.0.3904.108 Safari/537.36"
152.42.235.76 - - [01/Apr/2025:11:57:45 -0400] "POST /xmlrpc.php HTTP/1.1" 200 236 "-" "Mozilla/5.0 (Windows NT 10.0; Win64; x64) AppleWebKit/537.36 (KHTML, like Gecko) Chrome/78.0.3904.108 Safari/537.36"
152.42.235.76 - - [01/Apr/2025:11:57:47 -0400] "POST /xmlrpc.php HTTP/1.1" 200 236 "-" "Mozilla/5.0 (Windows NT 10.0; Win64; x64) AppleWebKit/537.36 (KHTML, like Gecko) Chrome/78.0.3904.108 Safari/537.36"
152.42.235.76 - - [01/Apr/2025:11:57:49 -0400] "POST /xmlrpc.php HTTP/1.1" 200 236 "-" "Mozilla/5.0 (Windows NT 10.0; Win64; x64) AppleWebKit/537.36 (KHTML, like Gecko) Chrome/78.0.3904.108 Safari/537.36"
152.42.235.76 - - [01/Apr/2025:11:57:51 -0400] "POST /xmlrpc.php HTTP/1.1" 200 236 "-" "Mozilla/5.0 (Windows NT 10.0; Win64; x64) AppleWebKit/537.36 (KHTML, like Gecko) Chrome/78.0.3904.108 Safari/537.36"
152.42.235.76 - - [01/Apr/2025:11:57:53 -0400] "POST /xmlrpc.php HTTP/1.1" 200 236 "-" "Mozilla/5.0 (Windows NT 10.0; Win64; x64) AppleWebKit/537.36 (KHTML, like Gecko) Chrome/78.0.3904.108 Safari/537.36"
2a02:247a:26d:1000::1 - - [01/Apr/2025:12:13:11 -0400] "GET / HTTP/1.1" 200 211284 "-" "Mozilla/5.0 (Windows NT 10.0; Win64; x64) AppleWebKit/537.36 (KHTML, like Gecko) Chrome/91.0.4472.114 Safari/537.36 Edg/91.0.864.54"
40.77.167.18 - - [01/Apr/2025:12:14:01 -0400] "GET /what-is-a-locksmith/ HTTP/1.1" 404 1251 "-" "Mozilla/5.0 (Windows NT 10.0; Win64; x64) AppleWebKit/537.36 (KHTML, like Gecko) Chrome/112.0.0.0 Safari/537.36 Edg/112.0.1722.68"
198.54.114.83 - - [01/Apr/2025:12:27:25 -0400] "POST /wp-cron.php?doing_wp_cron=1743524845.0503740310668945312500 HTTP/1.1" 200 0 "-" "WordPress/6.7.2; https://stannswarehouse.com"
209.172.2.50 - - [01/Apr/2025:12:27:21 -0400] "POST /xmlrpc.php HTTP/1.1" 200 212 "http://stannswarehouse.com" "Mozilla/5.0 (Macintosh; Intel Mac OS X 10_15_7; rv:126.0) Gecko/20100101 Firefox/126.0"
3.88.181.15 - - [01/Apr/2025:12:42:54 -0400] "GET / HTTP/1.1" 200 211284 "-" "Mozilla/5.0 (Windows NT 10.0; Win64; x64) AppleWebKit/537.36 (KHTML, like Gecko) Chrome/104.0.0.0 Safari/537.36"
198.54.114.83 - - [01/Apr/2025:12:55:43 -0400] "POST /wp-cron.php?doing_wp_cron=1743526543.1077458858489990234375 HTTP/1.1" 200 0 "-" "WordPress/6.7.2; https://stannswarehouse.com"
113.36.242.229 - - [01/Apr/2025:12:55:39 -0400] "POST /xmlrpc.php HTTP/1.1" 200 212 "http://stannswarehouse.com" "Mozilla/5.0 (Windows NT 10.0; Win64; x64) AppleWebKit/537.36 (KHTML, like Gecko) Chrome/116.0.5845.96 Safari/537.36 Edg/116.0.1938.62"
13.229.78.155 - - [01/Apr/2025:13:00:26 -0400] "GET /wp-cli.php HTTP/1.1" 404 1251 "www.google.com" "Mozlila/5.0 (Linux; Android 7.0; SM-G892A Bulid/NRD90M; wv) AppleWebKit/537.36 (KHTML, like Gecko) Version/4.0 Chrome/60.0.3112.107 Moblie Safari/537.36"
198.54.114.83 - - [01/Apr/2025:13:06:43 -0400] "POST /wp-cron.php?doing_wp_cron=1743527202.7251698970794677734375 HTTP/1.1" 200 0 "-" "WordPress/6.7.2; https://stannswarehouse.com"
13.229.78.155 - - [01/Apr/2025:13:06:40 -0400] "GET /wp-admin/install.php?step=1 HTTP/1.1" 200 522 "-" "Mozilla/5.0 (X11; Linux x86_64; rv:52.0) Gecko/20100101 Firefox/52.0"
13.229.78.155 - - [01/Apr/2025:13:06:44 -0400] "GET /wp-admin/setup-config.php HTTP/1.1" 409 1222 "-" "Mozilla/5.0 (X11; Linux x86_64; rv:52.0) Gecko/20100101 Firefox/52.0"
