13.229.78.155 - - [01/Apr/2025:13:06:45 -0400] "GET /new/wp-admin/install.php?step=1 HTTP/1.1" 404 1251 "-" "Mozilla/5.0 (X11; Linux x86_64; rv:52.0) Gecko/20100101 Firefox/52.0"
13.229.78.155 - - [01/Apr/2025:13:06:45 -0400] "GET /new/wp-admin/setup-config.php HTTP/1.1" 404 1251 "-" "Mozilla/5.0 (X11; Linux x86_64; rv:52.0) Gecko/20100101 Firefox/52.0"
13.229.78.155 - - [01/Apr/2025:13:06:45 -0400] "GET /blog/wp-admin/install.php?step=1 HTTP/1.1" 404 1251 "-" "Mozilla/5.0 (X11; Linux x86_64; rv:52.0) Gecko/20100101 Firefox/52.0"
13.229.78.155 - - [01/Apr/2025:13:06:46 -0400] "GET /blog/wp-admin/setup-config.php HTTP/1.1" 404 1251 "-" "Mozilla/5.0 (X11; Linux x86_64; rv:52.0) Gecko/20100101 Firefox/52.0"
13.229.78.155 - - [01/Apr/2025:13:06:46 -0400] "GET /blogs/wp-admin/install.php?step=1 HTTP/1.1" 404 1251 "-" "Mozilla/5.0 (X11; Linux x86_64; rv:52.0) Gecko/20100101 Firefox/52.0"
13.229.78.155 - - [01/Apr/2025:13:06:47 -0400] "GET /blogs/wp-admin/setup-config.php HTTP/1.1" 404 1251 "-" "Mozilla/5.0 (X11; Linux x86_64; rv:52.0) Gecko/20100101 Firefox/52.0"
13.229.78.155 - - [01/Apr/2025:13:06:47 -0400] "GET /demo/wp-admin/install.php?step=1 HTTP/1.1" 404 1251 "-" "Mozilla/5.0 (X11; Linux x86_64; rv:52.0) Gecko/20100101 Firefox/52.0"
13.229.78.155 - - [01/Apr/2025:13:06:48 -0400] "GET /demo/wp-admin/setup-config.php HTTP/1.1" 404 1251 "-" "Mozilla/5.0 (X11; Linux x86_64; rv:52.0) Gecko/20100101 Firefox/52.0"
13.229.78.155 - - [01/Apr/2025:13:06:48 -0400] "GET /wp/wp-admin/install.php?step=1 HTTP/1.1" 404 1251 "-" "Mozilla/5.0 (X11; Linux x86_64; rv:52.0) Gecko/20100101 Firefox/52.0"
13.229.78.155 - - [01/Apr/2025:13:06:49 -0400] "GET /wp/wp-admin/setup-config.php HTTP/1.1" 404 1251 "-" "Mozilla/5.0 (X11; Linux x86_64; rv:52.0) Gecko/20100101 Firefox/52.0"
13.229.78.155 - - [01/Apr/2025:13:06:49 -0400] "GET /wordpress/wp-admin/install.php?step=1 HTTP/1.1" 404 1251 "-" "Mozilla/5.0 (X11; Linux x86_64; rv:52.0) Gecko/20100101 Firefox/52.0"
13.229.78.155 - - [01/Apr/2025:13:06:50 -0400] "GET /wordpress/wp-admin/setup-config.php HTTP/1.1" 404 1251 "-" "Mozilla/5.0 (X11; Linux x86_64; rv:52.0) Gecko/20100101 Firefox/52.0"
13.229.78.155 - - [01/Apr/2025:13:06:50 -0400] "GET /tes/wp-admin/install.php?step=1 HTTP/1.1" 404 1251 "-" "Mozilla/5.0 (X11; Linux x86_64; rv:52.0) Gecko/20100101 Firefox/52.0"
13.229.78.155 - - [01/Apr/2025:13:06:51 -0400] "GET /tes/wp-admin/setup-config.php HTTP/1.1" 404 1251 "-" "Mozilla/5.0 (X11; Linux x86_64; rv:52.0) Gecko/20100101 Firefox/52.0"
13.229.78.155 - - [01/Apr/2025:13:06:51 -0400] "GET /test/wp-admin/install.php?step=1 HTTP/1.1" 404 1251 "-" "Mozilla/5.0 (X11; Linux x86_64; rv:52.0) Gecko/20100101 Firefox/52.0"
13.229.78.155 - - [01/Apr/2025:13:06:52 -0400] "GET /test/wp-admin/setup-config.php HTTP/1.1" 404 1251 "-" "Mozilla/5.0 (X11; Linux x86_64; rv:52.0) Gecko/20100101 Firefox/52.0"
13.229.78.155 - - [01/Apr/2025:13:06:52 -0400] "GET /web/wp-admin/install.php?step=1 HTTP/1.1" 404 1251 "-" "Mozilla/5.0 (X11; Linux x86_64; rv:52.0) Gecko/20100101 Firefox/52.0"
13.229.78.155 - - [01/Apr/2025:13:06:53 -0400] "GET /web/wp-admin/setup-config.php HTTP/1.1" 404 1251 "-" "Mozilla/5.0 (X11; Linux x86_64; rv:52.0) Gecko/20100101 Firefox/52.0"
13.229.78.155 - - [01/Apr/2025:13:06:53 -0400] "GET /cms/wp-admin/install.php?step=1 HTTP/1.1" 404 1251 "-" "Mozilla/5.0 (X11; Linux x86_64; rv:52.0) Gecko/20100101 Firefox/52.0"
13.229.78.155 - - [01/Apr/2025:13:06:54 -0400] "GET /cms/wp-admin/setup-config.php HTTP/1.1" 404 1251 "-" "Mozilla/5.0 (X11; Linux x86_64; rv:52.0) Gecko/20100101 Firefox/52.0"
198.54.114.83 - - [01/Apr/2025:13:06:55 -0400] "POST /wp-cron.php?doing_wp_cron=1743527215.4898569583892822265625 HTTP/1.1" 200 0 "-" "WordPress/6.7.2; https://stannswarehouse.com"
13.229.78.155 - - [01/Apr/2025:13:06:54 -0400] "POST /wp-admin/admin-ajax.php HTTP/1.1" 400 21 "-" "Mozilla/5.0 (X11; Linux x86_64; rv:52.0) Gecko/20100101 Firefox/52.0"
13.229.78.155 - - [01/Apr/2025:13:06:56 -0400] "GET /wp-admin/ HTTP/1.1" 302 0 "-" "Mozilla/5.0 (X11; Linux x86_64; rv:52.0) Gecko/20100101 Firefox/52.0"
83.220.237.99 - - [01/Apr/2025:13:22:34 -0400] "GET /all-you-need-to-know-regarding-cbd-oil/ HTTP/1.1" 404 1251 "http://stannswarehouse.com/all-you-need-to-know-regarding-cbd-oil/" "Mozilla/5.0 (Windows NT 10.0; Win64; x64) AppleWebKit/537.36 (KHTML, like Gecko) Chrome/131.0.0.0 Safari/537.36 Avast/131.0.0.0"
83.220.237.99 - - [01/Apr/2025:13:22:35 -0400] "GET / HTTP/1.1" 200 211284 "http://stannswarehouse.com/" "Mozilla/5.0 (Windows NT 10.0; Win64; x64) AppleWebKit/537.36 (KHTML, like Gecko) Chrome/131.0.0.0 Safari/537.36 Avast/131.0.0.0"
2408:821a:5631:f060:884e:fa70:82c9:ca9d - - [01/Apr/2025:13:22:58 -0400] "GET / HTTP/1.1" 200 211284 "-" "Mozilla/5.0 (Windows NT 10.0; Win64; x64) AppleWebKit/537.36 (KHTML, like Gecko) Chrome/97.0.4280.67 Safari/537.36 Edg/97.0.664.52"
198.54.114.83 - - [01/Apr/2025:13:23:17 -0400] "POST /wp-cron.php?doing_wp_cron=1743528196.6386549472808837890625 HTTP/1.1" 200 0 "-" "WordPress/6.7.2; https://stannswarehouse.com"
136.243.92.92 - - [01/Apr/2025:13:23:12 -0400] "POST /xmlrpc.php HTTP/1.1" 200 212 "http://stannswarehouse.com" "Mozilla/5.0 (Macintosh; Intel Mac OS X 10_15_7; rv:126.0) Gecko/20100101 Firefox/126.0"
13.229.78.155 - - [01/Apr/2025:13:38:53 -0400] "GET /wp-includes/ID3/index.php HTTP/1.1" 404 1251 "-" "Mozlila/5.0 (Linux; Android 7.0; SM-G892A Bulid/NRD90M; wv) AppleWebKit/537.36 (KHTML, like Gecko) Version/4.0 Chrome/60.0.3112.107 Moblie Safari/537.36"
13.229.78.155 - - [01/Apr/2025:13:38:55 -0400] "GET /wp-content/plugins/index.php HTTP/1.1" 200 0 "-" "Mozlila/5.0 (Linux; Android 7.0; SM-G892A Bulid/NRD90M; wv) AppleWebKit/537.36 (KHTML, like Gecko) Version/4.0 Chrome/60.0.3112.107 Moblie Safari/537.36"
13.229.78.155 - - [01/Apr/2025:13:38:59 -0400] "GET /wp-admin/network/index.php HTTP/1.1" 302 0 "-" "Mozlila/5.0 (Linux; Android 7.0; SM-G892A Bulid/NRD90M; wv) AppleWebKit/537.36 (KHTML, like Gecko) Version/4.0 Chrome/60.0.3112.107 Moblie Safari/537.36"
198.54.114.83 - - [01/Apr/2025:13:39:03 -0400] "POST /wp-cron.php?doing_wp_cron=1743529140.8912041187286376953125 HTTP/1.1" 200 0 "-" "WordPress/6.7.2; https://stannswarehouse.com"
13.229.78.155 - - [01/Apr/2025:13:39:13 -0400] "GET /wp-includes/IXR/index.php HTTP/1.1" 404 1251 "-" "Mozlila/5.0 (Linux; Android 7.0; SM-G892A Bulid/NRD90M; wv) AppleWebKit/537.36 (KHTML, like Gecko) Version/4.0 Chrome/60.0.3112.107 Moblie Safari/537.36"
13.229.78.155 - - [01/Apr/2025:13:39:14 -0400] "GET /wp-admin/images/index.php HTTP/1.1" 404 1251 "-" "Mozlila/5.0 (Linux; Android 7.0; SM-G892A Bulid/NRD90M; wv) AppleWebKit/537.36 (KHTML, like Gecko) Version/4.0 Chrome/60.0.3112.107 Moblie Safari/537.36"
13.229.78.155 - - [01/Apr/2025:13:39:16 -0400] "GET /wp-login.php HTTP/1.1" 302 0 "-" "Mozlila/5.0 (Linux; Android 7.0; SM-G892A Bulid/NRD90M; wv) AppleWebKit/537.36 (KHTML, like Gecko) Version/4.0 Chrome/60.0.3112.107 Moblie Safari/537.36"
13.229.78.155 - - [01/Apr/2025:13:39:21 -0400] "GET /wp-content/plugins/admin.php HTTP/1.1" 404 1251 "-" "Mozlila/5.0 (Linux; Android 7.0; SM-G892A Bulid/NRD90M; wv) AppleWebKit/537.36 (KHTML, like Gecko) Version/4.0 Chrome/60.0.3112.107 Moblie Safari/537.36"
13.229.78.155 - - [01/Apr/2025:13:39:23 -0400] "GET /xmlrpc.php HTTP/1.1" 405 60 "-" "Mozlila/5.0 (Linux; Android 7.0; SM-G892A Bulid/NRD90M; wv) AppleWebKit/537.36 (KHTML, like Gecko) Version/4.0 Chrome/60.0.3112.107 Moblie Safari/537.36"
13.229.78.155 - - [01/Apr/2025:13:39:27 -0400] "GET /wp-admin.php HTTP/1.1" 404 1251 "-" "Mozlila/5.0 (Linux; Android 7.0; SM-G892A Bulid/NRD90M; wv) AppleWebKit/537.36 (KHTML, like Gecko) Version/4.0 Chrome/60.0.3112.107 Moblie Safari/537.36"
13.229.78.155 - - [01/Apr/2025:13:39:29 -0400] "GET /wp-content/plugins/Core-Econ/upH.php HTTP/1.1" 404 1251 "-" "Mozlila/5.0 (Linux; Android 7.0; SM-G892A Bulid/NRD90M; wv) AppleWebKit/537.36 (KHTML, like Gecko) Version/4.0 Chrome/60.0.3112.107 Moblie Safari/537.36"
13.229.78.155 - - [01/Apr/2025:13:39:31 -0400] "GET /wp-content/plugins/fix/up.php HTTP/1.1" 404 1251 "-" "Mozlila/5.0 (Linux; Android 7.0; SM-G892A Bulid/NRD90M; wv) AppleWebKit/537.36 (KHTML, like Gecko) Version/4.0 Chrome/60.0.3112.107 Moblie Safari/537.36"
13.229.78.155 - - [01/Apr/2025:13:39:33 -0400] "GET /wp-content/plugins/pwnd/pwnd.php HTTP/1.1" 404 1251 "-" "Mozlila/5.0 (Linux; Android 7.0; SM-G892A Bulid/NRD90M; wv) AppleWebKit/537.36 (KHTML, like Gecko) Version/4.0 Chrome/60.0.3112.107 Moblie Safari/537.36"
13.229.78.155 - - [01/Apr/2025:13:39:34 -0400] "GET /wp-content/plugins/shell/noimg.php HTTP/1.1" 404 1251 "-" "Mozlila/5.0 (Linux; Android 7.0; SM-G892A Bulid/NRD90M; wv) AppleWebKit/537.36 (KHTML, like Gecko) Version/4.0 Chrome/60.0.3112.107 Moblie Safari/537.36"
13.229.78.155 - - [01/Apr/2025:13:39:36 -0400] "GET /WSOEnigma.php HTTP/1.1" 404 1251 "-" "Mozlila/5.0 (Linux; Android 7.0; SM-G892A Bulid/NRD90M; wv) AppleWebKit/537.36 (KHTML, like Gecko) Version/4.0 Chrome/60.0.3112.107 Moblie Safari/537.36"
13.229.78.155 - - [01/Apr/2025:13:39:41 -0400] "GET /wp-content/plugins/pwnd-1/pwnd.php HTTP/1.1" 404 1251 "-" "Mozlila/5.0 (Linux; Android 7.0; SM-G892A Bulid/NRD90M; wv) AppleWebKit/537.36 (KHTML, like Gecko) Version/4.0 Chrome/60.0.3112.107 Moblie Safari/537.36"
13.229.78.155 - - [01/Apr/2025:13:39:42 -0400] "GET /wp-content/plugins/dummyyummy/wp-signup.php HTTP/1.1" 404 1251 "-" "Mozlila/5.0 (Linux; Android 7.0; SM-G892A Bulid/NRD90M; wv) AppleWebKit/537.36 (KHTML, like Gecko) Version/4.0 Chrome/60.0.3112.107 Moblie Safari/537.36"
13.229.78.155 - - [01/Apr/2025:13:39:44 -0400] "GET /wp-content/plugins/clara/clara.php HTTP/1.1" 404 1251 "-" "Mozlila/5.0 (Linux; Android 7.0; SM-G892A Bulid/NRD90M; wv) AppleWebKit/537.36 (KHTML, like Gecko) Version/4.0 Chrome/60.0.3112.107 Moblie Safari/537.36"
194.38.23.16 - - [01/Apr/2025:13:39:58 -0400] "GET /plugins/html5-file-upload/html5fileupload.php HTTP/1.1" 404 1251 "-" "ALittle Client"
216.244.66.246 - - [01/Apr/2025:13:47:54 -0400] "GET /robots.txt HTTP/1.1" 200 23 "-" "Mozilla/5.0 (compatible; DotBot/1.2; +https://opensiteexplorer.org/dotbot; help@moz.com)"
198.54.114.83 - - [01/Apr/2025:13:50:23 -0400] "POST /wp-cron.php?doing_wp_cron=1743529821.8850710391998291015625 HTTP/1.1" 200 0 "-" "WordPress/6.7.2; https://stannswarehouse.com"
173.212.223.204 - - [01/Apr/2025:13:50:18 -0400] "POST /xmlrpc.php HTTP/1.1" 200 212 "http://stannswarehouse.com" "Mozilla/5.0 (Macintosh; Intel Mac OS X 10_15_7) AppleWebKit/537.36 (KHTML, like Gecko) Chrome/126.0.0.0 Safari/537.36"
216.244.66.246 - - [01/Apr/2025:13:51:51 -0400] "GET / HTTP/1.1" 200 211284 "-" "Mozilla/5.0 (compatible; DotBot/1.2; +https://opensiteexplorer.org/dotbot; help@moz.com)"
161.35.11.214 - - [01/Apr/2025:14:15:39 -0400] "GET /wp-content/plugins/shell/about.php HTTP/1.1" 404 1251 "www.google.com" "Mozlila/5.0 (Linux; Android 7.0; SM-G892A Bulid/NRD90M; wv) AppleWebKit/537.36 (KHTML, like Gecko) Version/4.0 Chrome/60.0.3112.107 Moblie Safari/537.36"
161.35.11.214 - - [01/Apr/2025:14:16:02 -0400] "GET /wp-content/plugins/fix/up.php HTTP/1.1" 404 1251 "www.google.com" "Mozlila/5.0 (Linux; Android 7.0; SM-G892A Bulid/NRD90M; wv) AppleWebKit/537.36 (KHTML, like Gecko) Version/4.0 Chrome/60.0.3112.107 Moblie Safari/537.36"
198.54.114.83 - - [01/Apr/2025:14:16:29 -0400] "POST /wp-cron.php?doing_wp_cron=1743531389.4573750495910644531250 HTTP/1.1" 200 0 "-" "WordPress/6.7.2; https://stannswarehouse.com"
217.182.158.226 - - [01/Apr/2025:14:16:26 -0400] "POST /xmlrpc.php HTTP/1.1" 200 212 "http://stannswarehouse.com" "Mozilla/5.0 (Windows NT 10.0; Win64; x64) AppleWebKit/537.36 (KHTML, like Gecko) Chrome/116.0.5845.96 Safari/537.36 Edg/116.0.1938.62"
161.35.11.214 - - [01/Apr/2025:14:16:40 -0400] "GET /wp-content/plugins/wp-help/mini.php HTTP/1.1" 404 1251 "www.google.com" "Mozlila/5.0 (Linux; Android 7.0; SM-G892A Bulid/NRD90M; wv) AppleWebKit/537.36 (KHTML, like Gecko) Version/4.0 Chrome/60.0.3112.107 Moblie Safari/537.36"
43.131.243.61 - - [01/Apr/2025:14:35:27 -0400] "GET / HTTP/1.1" 200 211284 "-" "Mozilla/5.0 (iPhone; CPU iPhone OS 13_2_3 like Mac OS X) AppleWebKit/605.1.15 (KHTML, like Gecko) Version/13.0.3 Mobile/15E148 Safari/604.1"
5.9.89.101 - - [01/Apr/2025:14:38:33 -0400] "GET /all-you-need-to-know-regarding-cbd-oil/ HTTP/1.1" 404 1251 "http://stannswarehouse.com/all-you-need-to-know-regarding-cbd-oil/" "Mozilla/5.0 (Windows NT 10.0; Win64; x64) AppleWebKit/537.36 (KHTML, like Gecko) Chrome/131.0.0.0 Safari/537.36"
5.9.89.101 - - [01/Apr/2025:14:38:34 -0400] "GET / HTTP/1.1" 200 211284 "http://stannswarehouse.com/" "Mozilla/5.0 (Windows NT 10.0; Win64; x64) AppleWebKit/537.36 (KHTML, like Gecko) Chrome/131.0.0.0 Safari/537.36"
198.54.114.83 - - [01/Apr/2025:14:42:10 -0400] "POST /wp-cron.php?doing_wp_cron=1743532929.8571960926055908203125 HTTP/1.1" 200 0 "-" "WordPress/6.7.2; https://stannswarehouse.com"
103.8.25.98 - - [01/Apr/2025:14:42:05 -0400] "POST /xmlrpc.php HTTP/1.1" 200 212 "http://stannswarehouse.com" "Mozilla/5.0 (Macintosh; Intel Mac OS X 14_4_1) AppleWebKit/605.1.15 (KHTML, like Gecko) Version/17.3.1 Safari/605.1.15"
85.208.98.23 - - [01/Apr/2025:14:49:18 -0400] "GET /robots.txt HTTP/1.1" 200 23 "-" "Mozilla/5.0 (compatible; SemrushBot-BA; +http://www.semrush.com/bot.html)"
185.7.214.130 - - [01/Apr/2025:15:04:14 -0400] "GET / HTTP/1.1" 200 211284 "http://stannswarehouse.com/" "Mozilla/5.0 (Windows NT 10.0; Win64; x64) AppleWebKit/537.36 (KHTML, like Gecko) Chrome/131.0.0.0 Safari/537.36"
198.54.114.83 - - [01/Apr/2025:15:07:06 -0400] "POST /wp-cron.php?doing_wp_cron=1743534426.2594180107116699218750 HTTP/1.1" 200 0 "-" "WordPress/6.7.2; https://stannswarehouse.com"
162.0.209.167 - - [01/Apr/2025:15:07:01 -0400] "POST /xmlrpc.php HTTP/1.1" 200 212 "http://stannswarehouse.com" "Mozilla/5.0 (Macintosh; Intel Mac OS X 13_3) AppleWebKit/537.36 (KHTML, like Gecko) Chrome/126.0.0.0 Safari/537.36"
13.229.78.155 - - [01/Apr/2025:15:25:52 -0400] "GET /wp-includes/ID3/index.php HTTP/1.1" 404 1251 "-" "Mozlila/5.0 (Linux; Android 7.0; SM-G892A Bulid/NRD90M; wv) AppleWebKit/537.36 (KHTML, like Gecko) Version/4.0 Chrome/60.0.3112.107 Moblie Safari/537.36"
13.229.78.155 - - [01/Apr/2025:15:25:52 -0400] "GET /wp-content/plugins/index.php HTTP/1.1" 200 0 "-" "Mozlila/5.0 (Linux; Android 7.0; SM-G892A Bulid/NRD90M; wv) AppleWebKit/537.36 (KHTML, like Gecko) Version/4.0 Chrome/60.0.3112.107 Moblie Safari/537.36"
198.54.114.83 - - [01/Apr/2025:15:25:57 -0400] "POST /wp-cron.php?doing_wp_cron=1743535557.7604310512542724609375 HTTP/1.1" 200 0 "-" "WordPress/6.7.2; https://stannswarehouse.com"
13.229.78.155 - - [01/Apr/2025:15:25:53 -0400] "GET /wp-admin/network/index.php HTTP/1.1" 302 0 "-" "Mozlila/5.0 (Linux; Android 7.0; SM-G892A Bulid/NRD90M; wv) AppleWebKit/537.36 (KHTML, like Gecko) Version/4.0 Chrome/60.0.3112.107 Moblie Safari/537.36"
13.229.78.155 - - [01/Apr/2025:15:26:04 -0400] "GET /wp-includes/IXR/index.php HTTP/1.1" 404 1251 "-" "Mozlila/5.0 (Linux; Android 7.0; SM-G892A Bulid/NRD90M; wv) AppleWebKit/537.36 (KHTML, like Gecko) Version/4.0 Chrome/60.0.3112.107 Moblie Safari/537.36"
13.229.78.155 - - [01/Apr/2025:15:26:05 -0400] "GET /wp-admin/images/index.php HTTP/1.1" 404 1251 "-" "Mozlila/5.0 (Linux; Android 7.0; SM-G892A Bulid/NRD90M; wv) AppleWebKit/537.36 (KHTML, like Gecko) Version/4.0 Chrome/60.0.3112.107 Moblie Safari/537.36"
13.229.78.155 - - [01/Apr/2025:15:26:06 -0400] "GET /wp-login.php HTTP/1.1" 302 0 "-" "Mozlila/5.0 (Linux; Android 7.0; SM-G892A Bulid/NRD90M; wv) AppleWebKit/537.36 (KHTML, like Gecko) Version/4.0 Chrome/60.0.3112.107 Moblie Safari/537.36"
13.229.78.155 - - [01/Apr/2025:15:26:08 -0400] "GET /wp-content/plugins/admin.php HTTP/1.1" 404 1251 "-" "Mozlila/5.0 (Linux; Android 7.0; SM-G892A Bulid/NRD90M; wv) AppleWebKit/537.36 (KHTML, like Gecko) Version/4.0 Chrome/60.0.3112.107 Moblie Safari/537.36"
13.229.78.155 - - [01/Apr/2025:15:26:09 -0400] "GET /xmlrpc.php HTTP/1.1" 405 60 "-" "Mozlila/5.0 (Linux; Android 7.0; SM-G892A Bulid/NRD90M; wv) AppleWebKit/537.36 (KHTML, like Gecko) Version/4.0 Chrome/60.0.3112.107 Moblie Safari/537.36"
13.229.78.155 - - [01/Apr/2025:15:26:11 -0400] "GET /wp-admin.php HTTP/1.1" 404 1251 "-" "Mozlila/5.0 (Linux; Android 7.0; SM-G892A Bulid/NRD90M; wv) AppleWebKit/537.36 (KHTML, like Gecko) Version/4.0 Chrome/60.0.3112.107 Moblie Safari/537.36"
13.229.78.155 - - [01/Apr/2025:15:26:12 -0400] "GET /wp-content/plugins/Core-Econ/upH.php HTTP/1.1" 404 1251 "-" "Mozlila/5.0 (Linux; Android 7.0; SM-G892A Bulid/NRD90M; wv) AppleWebKit/537.36 (KHTML, like Gecko) Version/4.0 Chrome/60.0.3112.107 Moblie Safari/537.36"
13.229.78.155 - - [01/Apr/2025:15:26:12 -0400] "GET /wp-content/plugins/fix/up.php HTTP/1.1" 404 1251 "-" "Mozlila/5.0 (Linux; Android 7.0; SM-G892A Bulid/NRD90M; wv) AppleWebKit/537.36 (KHTML, like Gecko) Version/4.0 Chrome/60.0.3112.107 Moblie Safari/537.36"
13.229.78.155 - - [01/Apr/2025:15:26:15 -0400] "GET /wp-content/plugins/pwnd/pwnd.php HTTP/1.1" 404 1251 "-" "Mozlila/5.0 (Linux; Android 7.0; SM-G892A Bulid/NRD90M; wv) AppleWebKit/537.36 (KHTML, like Gecko) Version/4.0 Chrome/60.0.3112.107 Moblie Safari/537.36"
13.229.78.155 - - [01/Apr/2025:15:26:15 -0400] "GET /wp-content/plugins/shell/noimg.php HTTP/1.1" 404 1251 "-" "Mozlila/5.0 (Linux; Android 7.0; SM-G892A Bulid/NRD90M; wv) AppleWebKit/537.36 (KHTML, like Gecko) Version/4.0 Chrome/60.0.3112.107 Moblie Safari/537.36"
13.229.78.155 - - [01/Apr/2025:15:26:18 -0400] "GET /WSOEnigma.php HTTP/1.1" 404 1251 "-" "Mozlila/5.0 (Linux; Android 7.0; SM-G892A Bulid/NRD90M; wv) AppleWebKit/537.36 (KHTML, like Gecko) Version/4.0 Chrome/60.0.3112.107 Moblie Safari/537.36"
13.229.78.155 - - [01/Apr/2025:15:26:19 -0400] "GET /wp-content/plugins/pwnd-1/pwnd.php HTTP/1.1" 404 1251 "-" "Mozlila/5.0 (Linux; Android 7.0; SM-G892A Bulid/NRD90M; wv) AppleWebKit/537.36 (KHTML, like Gecko) Version/4.0 Chrome/60.0.3112.107 Moblie Safari/537.36"
13.229.78.155 - - [01/Apr/2025:15:26:20 -0400] "GET /wp-content/plugins/dummyyummy/wp-signup.php HTTP/1.1" 404 1251 "-" "Mozlila/5.0 (Linux; Android 7.0; SM-G892A Bulid/NRD90M; wv) AppleWebKit/537.36 (KHTML, like Gecko) Version/4.0 Chrome/60.0.3112.107 Moblie Safari/537.36"
13.229.78.155 - - [01/Apr/2025:15:26:20 -0400] "GET /wp-content/plugins/clara/clara.php HTTP/1.1" 404 1251 "-" "Mozlila/5.0 (Linux; Android 7.0; SM-G892A Bulid/NRD90M; wv) AppleWebKit/537.36 (KHTML, like Gecko) Version/4.0 Chrome/60.0.3112.107 Moblie Safari/537.36"
198.54.114.83 - - [01/Apr/2025:15:31:45 -0400] "POST /wp-cron.php?doing_wp_cron=1743535905.3114910125732421875000 HTTP/1.1" 200 0 "-" "WordPress/6.7.2; https://stannswarehouse.com"
111.229.111.163 - - [01/Apr/2025:15:31:40 -0400] "POST /xmlrpc.php HTTP/1.1" 200 212 "http://stannswarehouse.com" "Mozilla/5.0 (Macintosh; Intel Mac OS X 10_15_7; rv:128.0) Gecko/20100101 Firefox/128.0"
180.102.134.69 - - [01/Apr/2025:15:36:47 -0400] "GET / HTTP/1.1" 200 211284 "-" "Mozilla/5.0 (iPhone; CPU iPhone OS 13_2_3 like Mac OS X) AppleWebKit/605.1.15 (KHTML, like Gecko) Version/13.0.3 Mobile/15E148 Safari/604.1"
198.54.114.83 - - [01/Apr/2025:15:55:28 -0400] "POST /wp-cron.php?doing_wp_cron=1743537328.2993829250335693359375 HTTP/1.1" 200 0 "-" "WordPress/6.7.2; https://stannswarehouse.com"
103.169.35.190 - - [01/Apr/2025:15:55:24 -0400] "POST /xmlrpc.php HTTP/1.1" 200 212 "http://stannswarehouse.com" "Mozilla/5.0 (Macintosh; Intel Mac OS X 14.5) AppleWebKit/618.3.5 (KHTML, like Gecko) Version/17.4 Safari/618.3.5"
13.229.78.155 - - [01/Apr/2025:16:11:52 -0400] "GET /wp-cli.php HTTP/1.1" 404 1251 "www.google.com" "Mozlila/5.0 (Linux; Android 7.0; SM-G892A Bulid/NRD90M; wv) AppleWebKit/537.36 (KHTML, like Gecko) Version/4.0 Chrome/60.0.3112.107 Moblie Safari/537.36"
85.208.98.23 - - [01/Apr/2025:16:15:50 -0400] "GET /robots.txt HTTP/1.1" 304 0 "-" "Mozilla/5.0 (compatible; SemrushBot-BA; +http://www.semrush.com/bot.html)"
63.250.38.151 - - [01/Apr/2025:16:18:36 -0400] "POST /xmlrpc.php HTTP/1.1" 200 0 "http://stannswarehouse.com" "Mozilla/5.0 (Macintosh; Intel Mac OS X 10_15_7) AppleWebKit/537.36 (KHTML, like Gecko) Chrome/112.0.5615.138 Safari/537.36"
198.54.114.83 - - [01/Apr/2025:16:18:43 -0400] "POST /wp-cron.php?doing_wp_cron=1743538723.2003729343414306640625 HTTP/1.1" 200 0 "-" "WordPress/6.7.2; https://stannswarehouse.com"
3.213.85.234 - - [01/Apr/2025:16:39:00 -0400] "GET /robots.txt HTTP/1.1" 304 0 "-" "Mozilla/5.0 AppleWebKit/537.36 (KHTML, like Gecko; compatible; Amazonbot/0.1; +https://developer.amazon.com/support/amazonbot) Chrome/119.0.6045.214 Safari/537.36"
44.206.65.8 - - [01/Apr/2025:16:39:04 -0400] "GET / HTTP/1.1" 200 211284 "-" "Mozilla/5.0 AppleWebKit/537.36 (KHTML, like Gecko; compatible; Amazonbot/0.1; +https://developer.amazon.com/support/amazonbot) Chrome/119.0.6045.214 Safari/537.36"
198.54.114.83 - - [01/Apr/2025:16:41:21 -0400] "POST /wp-cron.php?doing_wp_cron=1743540081.4185569286346435546875 HTTP/1.1" 200 0 "-" "WordPress/6.7.2; https://stannswarehouse.com"
208.107.66.243 - - [01/Apr/2025:16:41:21 -0400] "POST /xmlrpc.php HTTP/1.1" 200 212 "http://stannswarehouse.com" "Mozilla/5.0 (Windows NT 10.0; Win64; x64) AppleWebKit/537.36 (KHTML, like Gecko) Chrome/113.0.5672.93 Safari/537.36"
3.238.147.168 - - [01/Apr/2025:16:42:55 -0400] "GET / HTTP/1.1" 200 211284 "-" "Mozilla/5.0 (Windows NT 10.0; Win64; x64) AppleWebKit/537.36 (KHTML, like Gecko) Chrome/104.0.0.0 Safari/537.36"
112.86.225.182 - - [01/Apr/2025:16:43:18 -0400] "GET /robots.txt HTTP/1.1" 200 23 "-" "Sogou web spider/4.0(+http://www.sogou.com/docs/help/webmasters.htm#07)"
43.156.69.138 - - [01/Apr/2025:16:58:52 -0400] "GET //wp-content/plugins/fix/up.php HTTP/1.1" 404 1251 "-" "Mozilla/5.0 (Windows NT 10.0; Win64; x64) AppleWebKit/537.36 (KHTML, like Gecko) Chrome/85.0.4183.102 Safari/537.36"
198.54.114.83 - - [01/Apr/2025:17:06:46 -0400] "POST /wp-cron.php?doing_wp_cron=1743541606.0097880363464355468750 HTTP/1.1" 200 0 "-" "WordPress/6.7.2; https://stannswarehouse.com"
23.94.181.5 - - [01/Apr/2025:17:06:42 -0400] "POST /xmlrpc.php HTTP/1.1" 200 212 "http://stannswarehouse.com" "Mozilla/5.0 (Windows NT 11.0; Win64; x64) AppleWebKit/537.36 (KHTML, like Gecko) Chrome/126.0.0.0 Safari/537.36"
165.22.222.191 - - [01/Apr/2025:17:16:09 -0400] "GET /wp-admin/css/ HTTP/1.1" 403 1242 "binance.com" "Mozilla/5.0 (Windows NT 10.0; Win64; x64) AppleWebKit/537.36 (KHTML, like Gecko) Chrome/90.0.4430.85 Safari/537.36"
47.79.121.70 - - [01/Apr/2025:17:17:40 -0400] "GET /wp-content/themes/colormag/assets/js/colormag-custom.min.js HTTP/1.1" 200 2558 "-" "Mozilla/5.0 (Windows NT 10.0; Win64; x64) AppleWebKit/537.36 (KHTML, like Gecko) Chrome/114.0.0.0 Safari/537.36 Edg/114.0.1823.43"
47.82.9.43 - - [01/Apr/2025:17:21:17 -0400] "GET /wp-content/themes/colormag/assets/js/jquery.bxslider.min.js HTTP/1.1" 200 7322 "-" "Mozilla/5.0 (Windows NT 10.0; Win64; x64) AppleWebKit/537.36 (KHTML, like Gecko) Chrome/114.0.0.0 Safari/537.36 Edg/114.0.1823.43"
47.79.3.84 - - [01/Apr/2025:17:27:25 -0400] "GET /wp-includes/js/jquery/jquery.min.js HTTP/1.1" 200 35438 "-" "Mozilla/5.0 (Windows NT 10.0; Win64; x64) AppleWebKit/537.36 (KHTML, like Gecko) Chrome/114.0.0.0 Safari/537.36 Edg/114.0.1823.43"
47.82.9.18 - - [01/Apr/2025:17:29:48 -0400] "GET /wp-content/themes/colormag/assets/js/skip-link-focus-fix.min.js HTTP/1.1" 200 242 "-" "Mozilla/5.0 (Windows NT 10.0; Win64; x64) AppleWebKit/537.36 (KHTML, like Gecko) Chrome/114.0.0.0 Safari/537.36 Edg/114.0.1823.43"
47.82.10.124 - - [01/Apr/2025:17:30:35 -0400] "GET /wp-content/themes/colormag/assets/js/navigation.min.js HTTP/1.1" 200 687 "-" "Mozilla/5.0 (Windows NT 10.0; Win64; x64) AppleWebKit/537.36 (KHTML, like Gecko) Chrome/114.0.0.0 Safari/537.36 Edg/114.0.1823.43"
198.54.114.83 - - [01/Apr/2025:17:30:47 -0400] "POST /wp-cron.php?doing_wp_cron=1743543047.5363230705261230468750 HTTP/1.1" 200 0 "-" "WordPress/6.7.2; https://stannswarehouse.com"
164.92.175.159 - - [01/Apr/2025:17:30:44 -0400] "POST /xmlrpc.php HTTP/1.1" 200 212 "http://stannswarehouse.com" "Mozilla/5.0 (Macintosh; Intel Mac OS X 10_15_7) AppleWebKit/537.36 (KHTML, like Gecko) Chrome/113.0.5672.93 Safari/537.36"
47.82.10.124 - - [01/Apr/2025:17:30:54 -0400] "GET /wp-content/themes/colormag/assets/js/fitvids/jquery.fitvids.min.js HTTP/1.1" 200 984 "-" "Mozilla/5.0 (Windows NT 10.0; Win64; x64) AppleWebKit/537.36 (KHTML, like Gecko) Chrome/114.0.0.0 Safari/537.36 Edg/114.0.1823.43"
47.82.9.6 - - [01/Apr/2025:17:31:15 -0400] "GET /wp-includes/js/jquery/jquery-migrate.min.js HTTP/1.1" 200 5342 "-" "Mozilla/5.0 (Windows NT 10.0; Win64; x64) AppleWebKit/537.36 (KHTML, like Gecko) Chrome/114.0.0.0 Safari/537.36 Edg/114.0.1823.43"
49.51.72.236 - - [01/Apr/2025:17:44:04 -0400] "GET / HTTP/1.1" 200 211284 "-" "Mozilla/5.0 (iPhone; CPU iPhone OS 13_2_3 like Mac OS X) AppleWebKit/605.1.15 (KHTML, like Gecko) Version/13.0.3 Mobile/15E148 Safari/604.1"
198.54.114.83 - - [01/Apr/2025:17:54:51 -0400] "POST /wp-cron.php?doing_wp_cron=1743544491.1002120971679687500000 HTTP/1.1" 200 0 "-" "WordPress/6.7.2; https://stannswarehouse.com"
162.0.235.20 - - [01/Apr/2025:17:54:46 -0400] "POST /xmlrpc.php HTTP/1.1" 200 212 "http://stannswarehouse.com" "Mozilla/5.0 (Windows NT 10.0; Win64; x64; rv:125.0.1) Gecko/20100101 Firefox/125.0.1"
172.200.254.140 - - [01/Apr/2025:18:03:51 -0400] "HEAD /wordpress HTTP/1.1" 404 0 "-" "Mozilla/5.0 (Windows NT 10.0; Win64; x64) AppleWebKit/537.36 (KHTML, like Gecko) Chrome/74.0.3729.169 Safari/537.36"
172.200.254.140 - - [01/Apr/2025:18:03:51 -0400] "HEAD / HTTP/1.1" 200 0 "-" "Mozilla/5.0 (Windows NT 10.0; Win64; x64) AppleWebKit/537.36 (KHTML, like Gecko) Chrome/74.0.3729.169 Safari/537.36"
172.200.254.140 - - [01/Apr/2025:18:03:51 -0400] "HEAD /wp HTTP/1.1" 404 0 "-" "Mozilla/5.0 (Windows NT 10.0; Win64; x64) AppleWebKit/537.36 (KHTML, like Gecko) Chrome/74.0.3729.169 Safari/537.36"
172.200.254.140 - - [01/Apr/2025:18:03:51 -0400] "HEAD /bc HTTP/1.1" 404 0 "-" "Mozilla/5.0 (Windows NT 10.0; Win64; x64) AppleWebKit/537.36 (KHTML, like Gecko) Chrome/74.0.3729.169 Safari/537.36"
172.200.254.140 - - [01/Apr/2025:18:03:51 -0400] "HEAD /bk HTTP/1.1" 404 0 "-" "Mozilla/5.0 (Windows NT 10.0; Win64; x64) AppleWebKit/537.36 (KHTML, like Gecko) Chrome/74.0.3729.169 Safari/537.36"
172.200.254.140 - - [01/Apr/2025:18:03:51 -0400] "HEAD /backup HTTP/1.1" 404 0 "-" "Mozilla/5.0 (Windows NT 10.0; Win64; x64) AppleWebKit/537.36 (KHTML, like Gecko) Chrome/74.0.3729.169 Safari/537.36"
172.200.254.140 - - [01/Apr/2025:18:03:51 -0400] "HEAD /old HTTP/1.1" 404 0 "-" "Mozilla/5.0 (Windows NT 10.0; Win64; x64) AppleWebKit/537.36 (KHTML, like Gecko) Chrome/74.0.3729.169 Safari/537.36"
172.200.254.140 - - [01/Apr/2025:18:03:52 -0400] "HEAD /new HTTP/1.1" 404 0 "-" "Mozilla/5.0 (Windows NT 10.0; Win64; x64) AppleWebKit/537.36 (KHTML, like Gecko) Chrome/74.0.3729.169 Safari/537.36"
172.200.254.140 - - [01/Apr/2025:18:03:52 -0400] "HEAD /main HTTP/1.1" 404 0 "-" "Mozilla/5.0 (Windows NT 10.0; Win64; x64) AppleWebKit/537.36 (KHTML, like Gecko) Chrome/74.0.3729.169 Safari/537.36"
172.200.254.140 - - [01/Apr/2025:18:03:52 -0400] "HEAD /home HTTP/1.1" 404 0 "-" "Mozilla/5.0 (Windows NT 10.0; Win64; x64) AppleWebKit/537.36 (KHTML, like Gecko) Chrome/74.0.3729.169 Safari/537.36"
216.244.66.246 - - [01/Apr/2025:18:15:23 -0400] "GET /robots.txt HTTP/1.1" 200 23 "-" "Mozilla/5.0 (compatible; DotBot/1.2; +https://opensiteexplorer.org/dotbot; help@moz.com)"
198.54.114.83 - - [01/Apr/2025:18:19:15 -0400] "POST /wp-cron.php?doing_wp_cron=1743545955.0437600612640380859375 HTTP/1.1" 200 0 "-" "WordPress/6.7.2; https://stannswarehouse.com"
173.212.223.204 - - [01/Apr/2025:18:19:09 -0400] "POST /xmlrpc.php HTTP/1.1" 200 212 "http://stannswarehouse.com" "Mozilla/5.0 (Windows NT 10.0; Win64; x64) AppleWebKit/537.36 (KHTML, like Gecko) Chrome/115.0.5790.171 Safari/537.36 Edg/115.0.1901.203"
216.244.66.246 - - [01/Apr/2025:18:28:53 -0400] "GET /the-role-and-impact-of-freight-brokers-in-modern-logistics/ HTTP/1.1" 404 1251 "-" "Mozilla/5.0 (compatible; DotBot/1.2; +https://opensiteexplorer.org/dotbot; help@moz.com)"
198.54.114.83 - - [01/Apr/2025:18:43:29 -0400] "POST /wp-cron.php?doing_wp_cron=1743547409.3111410140991210937500 HTTP/1.1" 200 0 "-" "WordPress/6.7.2; https://stannswarehouse.com"
162.240.238.246 - - [01/Apr/2025:18:43:24 -0400] "POST /xmlrpc.php HTTP/1.1" 200 212 "http://stannswarehouse.com" "Mozilla/5.0 (Macintosh; Intel Mac OS X 10_15_7) AppleWebKit/537.36 (KHTML, like Gecko) Chrome/116.0.5845.96 Safari/537.36"
77.238.251.212 - - [01/Apr/2025:18:43:57 -0400] "GET /all-you-need-to-know-regarding-cbd-oil/ HTTP/1.1" 404 1251 "http://stannswarehouse.com/all-you-need-to-know-regarding-cbd-oil/" "Mozilla/5.0 (Windows NT 10.0; Win64; x64) AppleWebKit/537.36 (KHTML, like Gecko) Chrome/131.0.0.0 Safari/537.36 Avast/131.0.0.0"
77.238.251.212 - - [01/Apr/2025:18:43:57 -0400] "GET / HTTP/1.1" 200 211284 "http://stannswarehouse.com/" "Mozilla/5.0 (Windows NT 10.0; Win64; x64) AppleWebKit/537.36 (KHTML, like Gecko) Chrome/131.0.0.0 Safari/537.36 Avast/131.0.0.0"
185.126.82.19 - - [01/Apr/2025:18:49:05 -0400] "GET / HTTP/1.1" 200 211284 "-" "Mozilla/5.0 (Windows NT 10.0; Win64; x64) AppleWebKit/537.36 (KHTML, like Gecko) Chrome/79.0 Safari/537.36"
185.126.82.19 - - [01/Apr/2025:18:49:06 -0400] "GET / HTTP/1.1" 200 211284 "-" "Mozilla/5.0 (Windows NT 10.0; Win64; x64) AppleWebKit/537.36 (KHTML, like Gecko) Chrome/79.0 Safari/537.36"
185.126.82.19 - - [01/Apr/2025:18:49:06 -0400] "GET /wp-includes/wlwmanifest.xml HTTP/1.1" 404 1251 "-" "Mozilla/5.0 (Windows NT 10.0; Win64; x64) AppleWebKit/537.36 (KHTML, like Gecko) Chrome/79.0 Safari/537.36"
198.54.114.83 - - [01/Apr/2025:18:49:11 -0400] "POST /wp-cron.php?doing_wp_cron=1743547750.7011899948120117187500 HTTP/1.1" 200 0 "-" "WordPress/6.7.2; https://stannswarehouse.com"
185.126.82.19 - - [01/Apr/2025:18:49:07 -0400] "GET /xmlrpc.php?rsd HTTP/1.1" 200 309 "-" "Mozilla/5.0 (Windows NT 10.0; Win64; x64) AppleWebKit/537.36 (KHTML, like Gecko) Chrome/79.0 Safari/537.36"
185.126.82.19 - - [01/Apr/2025:18:49:12 -0400] "GET /?author=1 HTTP/1.1" 200 211284 "-" "Mozilla/5.0 (Windows NT 10.0; Win64; x64) AppleWebKit/537.36 (KHTML, like Gecko) Chrome/79.0 Safari/537.36"
185.126.82.19 - - [01/Apr/2025:18:49:13 -0400] "GET /?author=2 HTTP/1.1" 200 211284 "-" "Mozilla/5.0 (Windows NT 10.0; Win64; x64) AppleWebKit/537.36 (KHTML, like Gecko) Chrome/79.0 Safari/537.36"
185.126.82.19 - - [01/Apr/2025:18:49:13 -0400] "GET /wp-json/wp/v2/users/ HTTP/1.1" 404 1251 "-" "Mozilla/5.0 (Windows NT 10.0; Win64; x64) AppleWebKit/537.36 (KHTML, like Gecko) Chrome/79.0 Safari/537.36"
185.126.82.19 - - [01/Apr/2025:18:49:13 -0400] "GET /wp-json/oembed/1.0/embed?url=http://stannswarehouse.com HTTP/1.1" 404 1251 "-" "Mozilla/5.0 (Windows NT 10.0; Win64; x64) AppleWebKit/537.36 (KHTML, like Gecko) Chrome/79.0 Safari/537.36"
185.126.82.19 - - [01/Apr/2025:18:49:14 -0400] "POST /xmlrpc.php HTTP/1.1" 200 236 "-" "Mozilla/5.0 (Windows NT 10.0; Win64; x64) AppleWebKit/537.36 (KHTML, like Gecko) Chrome/79.0 Safari/537.36"
185.126.82.19 - - [01/Apr/2025:18:49:15 -0400] "POST /xmlrpc.php HTTP/1.1" 200 236 "-" "Mozilla/5.0 (Windows NT 10.0; Win64; x64) AppleWebKit/537.36 (KHTML, like Gecko) Chrome/79.0 Safari/537.36"
185.126.82.19 - - [01/Apr/2025:18:49:16 -0400] "POST /xmlrpc.php HTTP/1.1" 200 236 "-" "Mozilla/5.0 (Windows NT 10.0; Win64; x64) AppleWebKit/537.36 (KHTML, like Gecko) Chrome/79.0 Safari/537.36"
185.126.82.19 - - [01/Apr/2025:18:49:17 -0400] "POST /xmlrpc.php HTTP/1.1" 200 236 "-" "Mozilla/5.0 (Windows NT 10.0; Win64; x64) AppleWebKit/537.36 (KHTML, like Gecko) Chrome/79.0 Safari/537.36"
185.126.82.19 - - [01/Apr/2025:18:49:17 -0400] "POST /xmlrpc.php HTTP/1.1" 200 236 "-" "Mozilla/5.0 (Windows NT 10.0; Win64; x64) AppleWebKit/537.36 (KHTML, like Gecko) Chrome/79.0 Safari/537.36"
185.126.82.19 - - [01/Apr/2025:18:49:18 -0400] "POST /xmlrpc.php HTTP/1.1" 200 236 "-" "Mozilla/5.0 (Windows NT 10.0; Win64; x64) AppleWebKit/537.36 (KHTML, like Gecko) Chrome/79.0 Safari/537.36"
157.90.209.76 - - [01/Apr/2025:18:49:39 -0400] "GET /robots.txt HTTP/1.1" 304 0 "-" "Mozilla/5.0 (compatible; BLEXBot/1.0; +https://help.seranking.com/en/blex-crawler)"
157.90.209.76 - - [01/Apr/2025:18:49:40 -0400] "GET /sitemap HTTP/1.1" 404 1251 "-" "Mozilla/5.0 (compatible; BLEXBot/1.0; +https://help.seranking.com/en/blex-crawler)"
157.90.209.76 - - [01/Apr/2025:18:50:26 -0400] "GET /sitemap.ashx HTTP/1.1" 404 1251 "-" "Mozilla/5.0 (compatible; BLEXBot/1.0; +https://help.seranking.com/en/blex-crawler)"
157.90.209.76 - - [01/Apr/2025:18:50:38 -0400] "GET /sitemap.txt HTTP/1.1" 404 1251 "-" "Mozilla/5.0 (compatible; BLEXBot/1.0; +https://help.seranking.com/en/blex-crawler)"
157.90.209.76 - - [01/Apr/2025:18:50:58 -0400] "GET /sitemap.xml HTTP/1.1" 200 296 "-" "Mozilla/5.0 (compatible; BLEXBot/1.0; +https://help.seranking.com/en/blex-crawler)"
157.90.209.76 - - [01/Apr/2025:18:51:20 -0400] "GET /sitemap.xml.gz HTTP/1.1" 404 1251 "-" "Mozilla/5.0 (compatible; BLEXBot/1.0; +https://help.seranking.com/en/blex-crawler)"
157.90.209.76 - - [01/Apr/2025:18:51:39 -0400] "GET /sitemap_index.xml HTTP/1.1" 404 1251 "-" "Mozilla/5.0 (compatible; BLEXBot/1.0; +https://help.seranking.com/en/blex-crawler)"
157.90.209.76 - - [01/Apr/2025:18:52:01 -0400] "GET /sitemap_index.xml.gz HTTP/1.1" 404 1251 "-" "Mozilla/5.0 (compatible; BLEXBot/1.0; +https://help.seranking.com/en/blex-crawler)"
198.54.114.83 - - [01/Apr/2025:19:07:37 -0400] "POST /wp-cron.php?doing_wp_cron=1743548857.3215739727020263671875 HTTP/1.1" 200 0 "-" "WordPress/6.7.2; https://stannswarehouse.com"
198.177.120.19 - - [01/Apr/2025:19:07:31 -0400] "POST /xmlrpc.php HTTP/1.1" 200 212 "http://stannswarehouse.com" "Mozilla/5.0 (Windows NT 10.0; Win64; x64; rv:129.0) Gecko/20100101 Firefox/129.0"
205.169.39.45 - - [01/Apr/2025:19:18:23 -0400] "GET / HTTP/1.1" 200 211284 "-" "Mozilla/5.0 (Windows NT 10.0) AppleWebKit/537.36 (KHTML, like Gecko) Chrome/106.0.0.0 Safari/537.36"
198.54.114.83 - - [01/Apr/2025:19:31:50 -0400] "POST /wp-cron.php?doing_wp_cron=1743550310.4106819629669189453125 HTTP/1.1" 200 0 "-" "WordPress/6.7.2; https://stannswarehouse.com"
198.54.114.98 - - [01/Apr/2025:19:31:45 -0400] "POST /xmlrpc.php HTTP/1.1" 200 212 "http://stannswarehouse.com" "Mozilla/5.0 (Windows NT 10.0; Win64; x64) AppleWebKit/537.36 (KHTML, like Gecko) Chrome/113.0.5672.126 Safari/537.36 Edg/113.0.1774.50"
192.42.116.216 - - [01/Apr/2025:19:44:51 -0400] "GET / HTTP/1.1" 200 211284 "stannswarehouse.com" "Mozilla/5.0 (Windows NT 5.1; rv:33.0; WUID=cf8530101d50370f4794f99f19d61750; WTB=29529) Gecko/20100101 Firefox/33.0"
192.42.116.216 - - [01/Apr/2025:19:44:54 -0400] "GET / HTTP/1.1" 200 211284 "http://stannswarehouse.com" "Mozilla/5.0 (Windows NT 5.1; rv:33.0; WUID=cf8530101d50370f4794f99f19d61750; WTB=29529) Gecko/20100101 Firefox/33.0"
8.208.26.177 - - [01/Apr/2025:19:44:57 -0400] "GET /Amazon/b/ref=bl_dp_s_web_7940963051?ie=UTF8&node=7940963051&field-lbr_brands_browse-bin=Amazon HTTP/1.1" 404 1251 "http://stannswarehouse.com/Amazon/b/ref=bl_dp_s_web_7940963051?ie=UTF8&node=7940963051&field-lbr_brands_browse-bin=Amazon" "Mozilla/5.0 (Windows NT 5.1; rv:33.0; WUID=cf8530101d50370f4794f99f19d61750; WTB=29529) Gecko/20100101 Firefox/33.0"
8.208.26.177 - - [01/Apr/2025:19:44:57 -0400] "GET /amazonfresh HTTP/1.1" 404 1251 "http://stannswarehouse.com/amazonfresh" "Mozilla/5.0 (Windows NT 5.1; rv:33.0; WUID=cf8530101d50370f4794f99f19d61750; WTB=29529) Gecko/20100101 Firefox/33.0"
192.42.116.179 - - [01/Apr/2025:19:44:58 -0400] "GET /auto-deliveries?ref_=nav_AccountFlyout_sns HTTP/1.1" 404 1251 "http://stannswarehouse.com/auto-deliveries?ref_=nav_AccountFlyout_sns" "Mozilla/5.0 (Windows NT 5.1; rv:33.0; WUID=cf8530101d50370f4794f99f19d61750; WTB=29529) Gecko/20100101 Firefox/33.0"
192.42.116.179 - - [01/Apr/2025:19:44:58 -0400] "GET /baby-reg?ref_=nav_ListFlyout_gno_bw HTTP/1.1" 404 1251 "http://stannswarehouse.com/baby-reg?ref_=nav_ListFlyout_gno_bw" "Mozilla/5.0 (Windows NT 5.1; rv:33.0; WUID=cf8530101d50370f4794f99f19d61750; WTB=29529) Gecko/20100101 Firefox/33.0"
192.42.116.179 - - [01/Apr/2025:19:44:59 -0400] "GET /dp/B076JKHDQT?ref=MarsFS_VICC_Ring+Rechargeable+Battery+Pack HTTP/1.1" 404 1251 "http://stannswarehouse.com/dp/B076JKHDQT?ref=MarsFS_VICC_Ring+Rechargeable+Battery+Pack" "Mozilla/5.0 (Windows NT 5.1; rv:33.0; WUID=cf8530101d50370f4794f99f19d61750; WTB=29529) Gecko/20100101 Firefox/33.0"
192.42.116.179 - - [01/Apr/2025:19:45:00 -0400] "GET /dp/B07NQ7HNHY?ref=MarsFS_AUCC_oe HTTP/1.1" 404 1251 "http://stannswarehouse.com/dp/B07NQ7HNHY?ref=MarsFS_AUCC_oe" "Mozilla/5.0 (Windows NT 5.1; rv:33.0; WUID=cf8530101d50370f4794f99f19d61750; WTB=29529) Gecko/20100101 Firefox/33.0"
192.42.116.179 - - [01/Apr/2025:19:45:00 -0400] "GET /dp/B084NTF5ZY?ref=MarsFS_AUCC_ta HTTP/1.1" 404 1251 "http://stannswarehouse.com/dp/B084NTF5ZY?ref=MarsFS_AUCC_ta" "Mozilla/5.0 (Windows NT 5.1; rv:33.0; WUID=cf8530101d50370f4794f99f19d61750; WTB=29529) Gecko/20100101 Firefox/33.0"
192.42.116.179 - - [01/Apr/2025:19:45:01 -0400] "GET /dp/B085G63QHT?ref=MarsFS_AUCC_lr HTTP/1.1" 404 1251 "http://stannswarehouse.com/dp/B085G63QHT?ref=MarsFS_AUCC_lr" "Mozilla/5.0 (Windows NT 5.1; rv:33.0; WUID=cf8530101d50370f4794f99f19d61750; WTB=29529) Gecko/20100101 Firefox/33.0"
192.42.116.179 - - [01/Apr/2025:19:45:02 -0400] "GET /dp/B085PVB5BP?ref=MarsFS_eero_c HTTP/1.1" 404 1251 "http://stannswarehouse.com/dp/B085PVB5BP?ref=MarsFS_eero_c" "Mozilla/5.0 (Windows NT 5.1; rv:33.0; WUID=cf8530101d50370f4794f99f19d61750; WTB=29529) Gecko/20100101 Firefox/33.0"
192.42.116.179 - - [01/Apr/2025:19:45:02 -0400] "GET /dp/B085Q2ZF1X?ref=MarsFS_eero_ccc HTTP/1.1" 404 1251 "http://stannswarehouse.com/dp/B085Q2ZF1X?ref=MarsFS_eero_ccc" "Mozilla/5.0 (Windows NT 5.1; rv:33.0; WUID=cf8530101d50370f4794f99f19d61750; WTB=29529) Gecko/20100101 Firefox/33.0"
192.42.116.179 - - [01/Apr/2025:19:45:03 -0400] "GET /dp/B086PFKYVH?ref=MarsFS_eero_AG HTTP/1.1" 404 1251 "http://stannswarehouse.com/dp/B086PFKYVH?ref=MarsFS_eero_AG" "Mozilla/5.0 (Windows NT 5.1; rv:33.0; WUID=cf8530101d50370f4794f99f19d61750; WTB=29529) Gecko/20100101 Firefox/33.0"
192.42.116.179 - - [01/Apr/2025:19:45:04 -0400] "GET /dp/B086PGZRGK?ref=MarsFS_eero_AGALAL HTTP/1.1" 404 1251 "http://stannswarehouse.com/dp/B086PGZRGK?ref=MarsFS_eero_AGALAL" "Mozilla/5.0 (Windows NT 5.1; rv:33.0; WUID=cf8530101d50370f4794f99f19d61750; WTB=29529) Gecko/20100101 Firefox/33.0"
192.42.116.179 - - [01/Apr/2025:19:45:04 -0400] "GET /dp/B08DJC1KMJ?ref=MarsFS_VICC_rvdpro2_faceplate HTTP/1.1" 404 1251 "http://stannswarehouse.com/dp/B08DJC1KMJ?ref=MarsFS_VICC_rvdpro2_faceplate" "Mozilla/5.0 (Windows NT 5.1; rv:33.0; WUID=cf8530101d50370f4794f99f19d61750; WTB=29529) Gecko/20100101 Firefox/33.0"
192.42.116.179 - - [01/Apr/2025:19:45:06 -0400] "GET /dp/B08LZ3LTFV?ref=MarsFS_VICC_rvdwired_cornerkit HTTP/1.1" 404 1251 "http://stannswarehouse.com/dp/B08LZ3LTFV?ref=MarsFS_VICC_rvdwired_cornerkit" "Mozilla/5.0 (Windows NT 5.1; rv:33.0; WUID=cf8530101d50370f4794f99f19d61750; WTB=29529) Gecko/20100101 Firefox/33.0"
192.42.116.179 - - [01/Apr/2025:19:45:07 -0400] "GET /dp/B08MQNGX3W?ref=MarsFS_AUCC_B08MQNGX3W HTTP/1.1" 404 1251 "http://stannswarehouse.com/dp/B08MQNGX3W?ref=MarsFS_AUCC_B08MQNGX3W" "Mozilla/5.0 (Windows NT 5.1; rv:33.0; WUID=cf8530101d50370f4794f99f19d61750; WTB=29529) Gecko/20100101 Firefox/33.0"
192.42.116.210 - - [01/Apr/2025:19:45:08 -0400] "GET /dp/B08ZJVVMT4?ref=MarsFS_eero_en HTTP/1.1" 404 1251 "http://stannswarehouse.com/dp/B08ZJVVMT4?ref=MarsFS_eero_en" "Mozilla/5.0 (Windows NT 5.1; rv:33.0; WUID=cf8530101d50370f4794f99f19d61750; WTB=29529) Gecko/20100101 Firefox/33.0"
192.42.116.210 - - [01/Apr/2025:19:45:09 -0400] "GET /dp/B091D9R5XX?ref=MarsFS_VICC_rvdwired HTTP/1.1" 404 1251 "http://stannswarehouse.com/dp/B091D9R5XX?ref=MarsFS_VICC_rvdwired" "Mozilla/5.0 (Windows NT 5.1; rv:33.0; WUID=cf8530101d50370f4794f99f19d61750; WTB=29529) Gecko/20100101 Firefox/33.0"
192.42.116.210 - - [01/Apr/2025:19:45:11 -0400] "GET /dp/B091G4D95D?ref=MarsFS_eero_en HTTP/1.1" 404 1251 "http://stannswarehouse.com/dp/B091G4D95D?ref=MarsFS_eero_en" "Mozilla/5.0 (Windows NT 5.1; rv:33.0; WUID=cf8530101d50370f4794f99f19d61750; WTB=29529) Gecko/20100101 Firefox/33.0"
216.244.66.246 - - [01/Apr/2025:19:45:11 -0400] "GET /robots.txt HTTP/1.1" 200 23 "-" "Mozilla/5.0 (compatible; DotBot/1.2; +https://opensiteexplorer.org/dotbot; help@moz.com)"
192.42.116.210 - - [01/Apr/2025:19:45:13 -0400] "GET /dp/B091G668JP?ref=MarsFS_eero_en HTTP/1.1" 404 1251 "http://stannswarehouse.com/dp/B091G668JP?ref=MarsFS_eero_en" "Mozilla/5.0 (Windows NT 5.1; rv:33.0; WUID=cf8530101d50370f4794f99f19d61750; WTB=29529) Gecko/20100101 Firefox/33.0"
192.42.116.210 - - [01/Apr/2025:19:45:14 -0400] "GET /dp/B09B2RL8CG?ref=MarsFS_AUCC_hyp HTTP/1.1" 404 1251 "http://stannswarehouse.com/dp/B09B2RL8CG?ref=MarsFS_AUCC_hyp" "Mozilla/5.0 (Windows NT 5.1; rv:33.0; WUID=cf8530101d50370f4794f99f19d61750; WTB=29529) Gecko/20100101 Firefox/33.0"
192.42.116.210 - - [01/Apr/2025:19:45:15 -0400] "GET /dp/B09B8YP8KY?ref=MarsFS_AUCC_cann HTTP/1.1" 404 1251 "http://stannswarehouse.com/dp/B09B8YP8KY?ref=MarsFS_AUCC_cann" "Mozilla/5.0 (Windows NT 5.1; rv:33.0; WUID=cf8530101d50370f4794f99f19d61750; WTB=29529) Gecko/20100101 Firefox/33.0"
192.42.116.210 - - [01/Apr/2025:19:45:15 -0400] "GET /dp/B09BS5XWNS?ref=MarsFS_KINDLE_br HTTP/1.1" 404 1251 "http://stannswarehouse.com/dp/B09BS5XWNS?ref=MarsFS_KINDLE_br" "Mozilla/5.0 (Windows NT 5.1; rv:33.0; WUID=cf8530101d50370f4794f99f19d61750; WTB=29529) Gecko/20100101 Firefox/33.0"
192.42.116.210 - - [01/Apr/2025:19:45:16 -0400] "GET /dp/B09DRX62ZV?ref=MarsFS_VICC_spotlight HTTP/1.1" 404 1251 "http://stannswarehouse.com/dp/B09DRX62ZV?ref=MarsFS_VICC_spotlight" "Mozilla/5.0 (Windows NT 5.1; rv:33.0; WUID=cf8530101d50370f4794f99f19d61750; WTB=29529) Gecko/20100101 Firefox/33.0"
192.42.116.210 - - [01/Apr/2025:19:45:17 -0400] "GET /dp/B09L462YVZ?ref=MarsFS_VICC_CHIME HTTP/1.1" 404 1251 "http://stannswarehouse.com/dp/B09L462YVZ?ref=MarsFS_VICC_CHIME" "Mozilla/5.0 (Windows NT 5.1; rv:33.0; WUID=cf8530101d50370f4794f99f19d61750; WTB=29529) Gecko/20100101 Firefox/33.0"
109.70.100.65 - - [01/Apr/2025:19:45:18 -0400] "GET /dp/B09TDTJKF1?ref=MarsFS_SMP_B09TDTJKF1 HTTP/1.1" 404 1251 "http://stannswarehouse.com/dp/B09TDTJKF1?ref=MarsFS_SMP_B09TDTJKF1" "Mozilla/5.0 (Windows NT 5.1; rv:33.0; WUID=cf8530101d50370f4794f99f19d61750; WTB=29529) Gecko/20100101 Firefox/33.0"
109.70.100.65 - - [01/Apr/2025:19:45:19 -0400] "GET /dp/B09WXH9BH7?ref=MarsFS_AUCC_ch HTTP/1.1" 404 1251 "http://stannswarehouse.com/dp/B09WXH9BH7?ref=MarsFS_AUCC_ch" "Mozilla/5.0 (Windows NT 5.1; rv:33.0; WUID=cf8530101d50370f4794f99f19d61750; WTB=29529) Gecko/20100101 Firefox/33.0"
109.70.100.65 - - [01/Apr/2025:19:45:20 -0400] "GET /dp/B09WZBPX7K?ref=MarsFS_VICC_rvdw HTTP/1.1" 404 1251 "http://stannswarehouse.com/dp/B09WZBPX7K?ref=MarsFS_VICC_rvdw" "Mozilla/5.0 (Windows NT 5.1; rv:33.0; WUID=cf8530101d50370f4794f99f19d61750; WTB=29529) Gecko/20100101 Firefox/33.0"
109.70.100.65 - - [01/Apr/2025:19:45:21 -0400] "GET /dp/B09Y1GZR7T?ref=MarsFS_AUCC_gw HTTP/1.1" 404 1251 "http://stannswarehouse.com/dp/B09Y1GZR7T?ref=MarsFS_AUCC_gw" "Mozilla/5.0 (Windows NT 5.1; rv:33.0; WUID=cf8530101d50370f4794f99f19d61750; WTB=29529) Gecko/20100101 Firefox/33.0"
109.70.100.65 - - [01/Apr/2025:19:45:22 -0400] "GET /dp/B0B2BY4ZG7?ref=MarsFS_VICC_rvdw HTTP/1.1" 404 1251 "http://stannswarehouse.com/dp/B0B2BY4ZG7?ref=MarsFS_VICC_rvdw" "Mozilla/5.0 (Windows NT 5.1; rv:33.0; WUID=cf8530101d50370f4794f99f19d61750; WTB=29529) Gecko/20100101 Firefox/33.0"
109.70.100.65 - - [01/Apr/2025:19:45:22 -0400] "GET /dp/B0B6GK4VTC?ref=MarsFS_VICC_RINGINDC HTTP/1.1" 404 1251 "http://stannswarehouse.com/dp/B0B6GK4VTC?ref=MarsFS_VICC_RINGINDC" "Mozilla/5.0 (Windows NT 5.1; rv:33.0; WUID=cf8530101d50370f4794f99f19d61750; WTB=29529) Gecko/20100101 Firefox/33.0"
109.70.100.65 - - [01/Apr/2025:19:45:23 -0400] "GET /dp/B0BCR4YW51?ref=MarsFS_AUCC_eh HTTP/1.1" 404 1251 "http://stannswarehouse.com/dp/B0BCR4YW51?ref=MarsFS_AUCC_eh" "Mozilla/5.0 (Windows NT 5.1; rv:33.0; WUID=cf8530101d50370f4794f99f19d61750; WTB=29529) Gecko/20100101 Firefox/33.0"
109.70.100.65 - - [01/Apr/2025:19:45:24 -0400] "GET /dp/B0BLS3H65Z?ref=MarsFS_AUCC_ath HTTP/1.1" 404 1251 "http://stannswarehouse.com/dp/B0BLS3H65Z?ref=MarsFS_AUCC_ath" "Mozilla/5.0 (Windows NT 5.1; rv:33.0; WUID=cf8530101d50370f4794f99f19d61750; WTB=29529) Gecko/20100101 Firefox/33.0"
109.70.100.65 - - [01/Apr/2025:19:45:25 -0400] "GET /dp/B0BTG4S29L?ref=MarsFS_SMP_B0BTG4S29L HTTP/1.1" 404 1251 "http://stannswarehouse.com/dp/B0BTG4S29L?ref=MarsFS_SMP_B0BTG4S29L" "Mozilla/5.0 (Windows NT 5.1; rv:33.0; WUID=cf8530101d50370f4794f99f19d61750; WTB=29529) Gecko/20100101 Firefox/33.0"
109.70.100.65 - - [01/Apr/2025:19:45:26 -0400] "GET /dp/B0BZWRSRWV?ref=MarsFS_VICC_rvd HTTP/1.1" 404 1251 "http://stannswarehouse.com/dp/B0BZWRSRWV?ref=MarsFS_VICC_rvd" "Mozilla/5.0 (Windows NT 5.1; rv:33.0; WUID=cf8530101d50370f4794f99f19d61750; WTB=29529) Gecko/20100101 Firefox/33.0"
109.70.100.65 - - [01/Apr/2025:19:45:27 -0400] "GET /dp/B0C2RXN77R?ref=MarsFS_AUCC_es HTTP/1.1" 404 1251 "http://stannswarehouse.com/dp/B0C2RXN77R?ref=MarsFS_AUCC_es" "Mozilla/5.0 (Windows NT 5.1; rv:33.0; WUID=cf8530101d50370f4794f99f19d61750; WTB=29529) Gecko/20100101 Firefox/33.0"
45.84.107.97 - - [01/Apr/2025:19:45:28 -0400] "GET /dp/B0C5QRZ47P?ref=MarsFS_VICC_STUC HTTP/1.1" 404 1251 "http://stannswarehouse.com/dp/B0C5QRZ47P?ref=MarsFS_VICC_STUC" "Mozilla/5.0 (Windows NT 5.1; rv:33.0; WUID=cf8530101d50370f4794f99f19d61750; WTB=29529) Gecko/20100101 Firefox/33.0"
45.84.107.97 - - [01/Apr/2025:19:45:28 -0400] "GET /dp/B0CFPHSTDD?ref=MarsFS_KINDLE_sgse HTTP/1.1" 404 1251 "http://stannswarehouse.com/dp/B0CFPHSTDD?ref=MarsFS_KINDLE_sgse" "Mozilla/5.0 (Windows NT 5.1; rv:33.0; WUID=cf8530101d50370f4794f99f19d61750; WTB=29529) Gecko/20100101 Firefox/33.0"
107.189.5.7 - - [01/Apr/2025:19:45:30 -0400] "GET /dp/B0CFPL6CFY?ref=MarsFS_KINDLE_B0CFPL6CFY HTTP/1.1" 404 1251 "http://stannswarehouse.com/dp/B0CFPL6CFY?ref=MarsFS_KINDLE_B0CFPL6CFY" "Mozilla/5.0 (Windows NT 5.1; rv:33.0; WUID=cf8530101d50370f4794f99f19d61750; WTB=29529) Gecko/20100101 Firefox/33.0"
107.189.5.7 - - [01/Apr/2025:19:45:30 -0400] "GET /dp/B0CG2TPLJV?ref=MarsFS_VICC_PNTC HTTP/1.1" 404 1251 "http://stannswarehouse.com/dp/B0CG2TPLJV?ref=MarsFS_VICC_PNTC" "Mozilla/5.0 (Windows NT 5.1; rv:33.0; WUID=cf8530101d50370f4794f99f19d61750; WTB=29529) Gecko/20100101 Firefox/33.0"
107.189.5.7 - - [01/Apr/2025:19:45:31 -0400] "GET /dp/B0CJKV1J9N?ref=MarsFS_SMP_B0CJKV1J9N HTTP/1.1" 404 1251 "http://stannswarehouse.com/dp/B0CJKV1J9N?ref=MarsFS_SMP_B0CJKV1J9N" "Mozilla/5.0 (Windows NT 5.1; rv:33.0; WUID=cf8530101d50370f4794f99f19d61750; WTB=29529) Gecko/20100101 Firefox/33.0"
107.189.5.7 - - [01/Apr/2025:19:45:32 -0400] "GET /dp/B0CP31QS6R?ref=MarsFS_KINDLE_rs HTTP/1.1" 404 1251 "http://stannswarehouse.com/dp/B0CP31QS6R?ref=MarsFS_KINDLE_rs" "Mozilla/5.0 (Windows NT 5.1; rv:33.0; WUID=cf8530101d50370f4794f99f19d61750; WTB=29529) Gecko/20100101 Firefox/33.0"
107.189.5.7 - - [01/Apr/2025:19:45:33 -0400] "GET /dp/B0CPKX85TD?ref=MarsFS_eero_JU HTTP/1.1" 404 1251 "http://stannswarehouse.com/dp/B0CPKX85TD?ref=MarsFS_eero_JU" "Mozilla/5.0 (Windows NT 5.1; rv:33.0; WUID=cf8530101d50370f4794f99f19d61750; WTB=29529) Gecko/20100101 Firefox/33.0"
107.189.5.7 - - [01/Apr/2025:19:45:34 -0400] "GET /dp/B0CQMZ24LR?ref=MarsFS_SMP_B0CQMZ24LR HTTP/1.1" 404 1251 "http://stannswarehouse.com/dp/B0CQMZ24LR?ref=MarsFS_SMP_B0CQMZ24LR" "Mozilla/5.0 (Windows NT 5.1; rv:33.0; WUID=cf8530101d50370f4794f99f19d61750; WTB=29529) Gecko/20100101 Firefox/33.0"
107.189.5.7 - - [01/Apr/2025:19:45:34 -0400] "GET /dp/B0CZB5RHWX?ref=MarsFS_KINDLE_pc HTTP/1.1" 404 1251 "http://stannswarehouse.com/dp/B0CZB5RHWX?ref=MarsFS_KINDLE_pc" "Mozilla/5.0 (Windows NT 5.1; rv:33.0; WUID=cf8530101d50370f4794f99f19d61750; WTB=29529) Gecko/20100101 Firefox/33.0"
107.189.5.7 - - [01/Apr/2025:19:45:35 -0400] "GET /dp/B0D3RN5W37?ref=MarsFS_VICC_blinksqm HTTP/1.1" 404 1251 "http://stannswarehouse.com/dp/B0D3RN5W37?ref=MarsFS_VICC_blinksqm" "Mozilla/5.0 (Windows NT 5.1; rv:33.0; WUID=cf8530101d50370f4794f99f19d61750; WTB=29529) Gecko/20100101 Firefox/33.0"
107.189.5.7 - - [01/Apr/2025:19:45:36 -0400] "GET /dp/B0D47Z1SB9?ref=MarsFS_VICC_blinkvin HTTP/1.1" 404 1251 "http://stannswarehouse.com/dp/B0D47Z1SB9?ref=MarsFS_VICC_blinkvin" "Mozilla/5.0 (Windows NT 5.1; rv:33.0; WUID=cf8530101d50370f4794f99f19d61750; WTB=29529) Gecko/20100101 Firefox/33.0"
107.189.5.7 - - [01/Apr/2025:19:45:36 -0400] "GET /dp/B0D483WX7X?ref=MarsFS_VICC_blinksed HTTP/1.1" 404 1251 "http://stannswarehouse.com/dp/B0D483WX7X?ref=MarsFS_VICC_blinksed" "Mozilla/5.0 (Windows NT 5.1; rv:33.0; WUID=cf8530101d50370f4794f99f19d61750; WTB=29529) Gecko/20100101 Firefox/33.0"
107.189.5.7 - - [01/Apr/2025:19:45:37 -0400] "GET /dp/B0D484S271?ref=MarsFS_VICC_blinkhk HTTP/1.1" 404 1251 "http://stannswarehouse.com/dp/B0D484S271?ref=MarsFS_VICC_blinkhk" "Mozilla/5.0 (Windows NT 5.1; rv:33.0; WUID=cf8530101d50370f4794f99f19d61750; WTB=29529) Gecko/20100101 Firefox/33.0"
107.189.5.7 - - [01/Apr/2025:19:45:38 -0400] "GET /gp/css/homepage.html?ref_=nav_AccountFlyout_ya HTTP/1.1" 404 1251 "http://stannswarehouse.com/gp/css/homepage.html?ref_=nav_AccountFlyout_ya" "Mozilla/5.0 (Windows NT 5.1; rv:33.0; WUID=cf8530101d50370f4794f99f19d61750; WTB=29529) Gecko/20100101 Firefox/33.0"
107.189.5.7 - - [01/Apr/2025:19:45:39 -0400] "GET /gp/css/order-history?ref_=nav_AccountFlyout_orders HTTP/1.1" 404 1251 "http://stannswarehouse.com/gp/css/order-history?ref_=nav_AccountFlyout_orders" "Mozilla/5.0 (Windows NT 5.1; rv:33.0; WUID=cf8530101d50370f4794f99f19d61750; WTB=29529) Gecko/20100101 Firefox/33.0"
