52.200.58.199 - - [02/Apr/2025:06:36:55 -0400] "GET /?p=10836 HTTP/1.1" 200 97711 "-" "Mozilla/5.0 AppleWebKit/537.36 (KHTML, like Gecko; compatible; Amazonbot/0.1; +https://developer.amazon.com/support/amazonbot) Chrome/119.0.6045.214 Safari/537.36"
198.54.114.83 - - [02/Apr/2025:06:42:58 -0400] "POST /wp-cron.php?doing_wp_cron=1743590577.6983280181884765625000 HTTP/1.1" 200 0 "-" "WordPress/6.7.2; https://sunquicksf.com"
162.213.255.38 - - [02/Apr/2025:06:42:51 -0400] "POST /xmlrpc.php HTTP/1.1" 200 212 "http://sunquicksf.com" "Mozilla/5.0 (Windows NT 10.0; Win64; x64) AppleWebKit/537.36 (KHTML, like Gecko) Chrome/116.0.5845.96 Safari/537.36 Edg/116.0.1938.62"
194.127.173.102 - - [02/Apr/2025:06:49:42 -0400] "GET /ally-bank-customer-service/ HTTP/1.1" 200 12590 "http://sunquicksf.com/ally-bank-customer-service/" "Mozilla/5.0 (Windows NT 10.0; Win64; x64) AppleWebKit/537.36 (KHTML, like Gecko) Chrome/130.0.0.0 Safari/537.36 CCleaner/130.0.0.0"
198.54.114.83 - - [02/Apr/2025:06:49:48 -0400] "POST /wp-cron.php?doing_wp_cron=1743590988.2430040836334228515625 HTTP/1.1" 200 0 "-" "WordPress/6.7.2; https://sunquicksf.com"
194.127.173.102 - - [02/Apr/2025:06:49:43 -0400] "POST /wp-comments-post.php HTTP/1.1" 302 0 "http://sunquicksf.com/ally-bank-customer-service/" "Mozilla/5.0 (Windows NT 10.0; Win64; x64) AppleWebKit/537.36 (KHTML, like Gecko) Chrome/130.0.0.0 Safari/537.36 CCleaner/130.0.0.0"
216.244.66.196 - - [02/Apr/2025:07:10:50 -0400] "GET /robots.txt HTTP/1.1" 304 0 "-" "Mozilla/5.0 (compatible; DotBot/1.2; +https://opensiteexplorer.org/dotbot; help@moz.com)"
142.93.182.3 - - [02/Apr/2025:07:11:49 -0400] "GET / HTTP/1.1" 200 97711 "-" "Mozilla/5.0 (Windows NT 10.0; Win64; x64) AppleWebKit/537.36 (KHTML, like Gecko) Chrome/80.0.3987.149 Safari/537.36"
142.93.182.3 - - [02/Apr/2025:07:11:49 -0400] "GET / HTTP/1.1" 200 97711 "-" "Mozilla/5.0 (Windows NT 10.0; Win64; x64) AppleWebKit/537.36 (KHTML, like Gecko) Chrome/80.0.3987.149 Safari/537.36"
198.54.114.83 - - [02/Apr/2025:07:11:54 -0400] "POST /wp-cron.php?doing_wp_cron=1743592314.7078061103820800781250 HTTP/1.1" 200 0 "-" "WordPress/6.7.2; https://sunquicksf.com"
142.93.182.3 - - [02/Apr/2025:07:11:50 -0400] "GET /wp-includes/wlwmanifest.xml HTTP/1.1" 404 9258 "-" "Mozilla/5.0 (Windows NT 10.0; Win64; x64) AppleWebKit/537.36 (KHTML, like Gecko) Chrome/80.0.3987.149 Safari/537.36"
142.93.182.3 - - [02/Apr/2025:07:11:56 -0400] "GET /?author=1 HTTP/1.1" 200 97711 "-" "Mozilla/5.0 (Windows NT 10.0; Win64; x64) AppleWebKit/537.36 (KHTML, like Gecko) Chrome/80.0.3987.149 Safari/537.36"
142.93.182.3 - - [02/Apr/2025:07:11:56 -0400] "GET /?author=2 HTTP/1.1" 200 97711 "-" "Mozilla/5.0 (Windows NT 10.0; Win64; x64) AppleWebKit/537.36 (KHTML, like Gecko) Chrome/80.0.3987.149 Safari/537.36"
142.93.182.3 - - [02/Apr/2025:07:11:57 -0400] "GET /wp-json/wp/v2/users/ HTTP/1.1" 200 1332 "-" "Mozilla/5.0 (Windows NT 10.0; Win64; x64) AppleWebKit/537.36 (KHTML, like Gecko) Chrome/80.0.3987.149 Safari/537.36"
142.93.182.3 - - [02/Apr/2025:07:11:58 -0400] "POST /xmlrpc.php HTTP/1.1" 200 212 "-" "Mozilla/5.0 (Windows NT 10.0; Win64; x64) AppleWebKit/537.36 (KHTML, like Gecko) Chrome/80.0.3987.149 Safari/537.36"
142.93.182.3 - - [02/Apr/2025:07:11:59 -0400] "POST /xmlrpc.php HTTP/1.1" 200 236 "-" "Mozilla/5.0 (Windows NT 10.0; Win64; x64) AppleWebKit/537.36 (KHTML, like Gecko) Chrome/80.0.3987.149 Safari/537.36"
142.93.182.3 - - [02/Apr/2025:07:12:00 -0400] "POST /xmlrpc.php HTTP/1.1" 200 212 "-" "Mozilla/5.0 (Windows NT 10.0; Win64; x64) AppleWebKit/537.36 (KHTML, like Gecko) Chrome/80.0.3987.149 Safari/537.36"
142.93.182.3 - - [02/Apr/2025:07:12:00 -0400] "POST /xmlrpc.php HTTP/1.1" 200 236 "-" "Mozilla/5.0 (Windows NT 10.0; Win64; x64) AppleWebKit/537.36 (KHTML, like Gecko) Chrome/80.0.3987.149 Safari/537.36"
142.93.182.3 - - [02/Apr/2025:07:12:01 -0400] "POST /xmlrpc.php HTTP/1.1" 200 236 "-" "Mozilla/5.0 (Windows NT 10.0; Win64; x64) AppleWebKit/537.36 (KHTML, like Gecko) Chrome/80.0.3987.149 Safari/537.36"
142.93.182.3 - - [02/Apr/2025:07:12:02 -0400] "POST /xmlrpc.php HTTP/1.1" 200 236 "-" "Mozilla/5.0 (Windows NT 10.0; Win64; x64) AppleWebKit/537.36 (KHTML, like Gecko) Chrome/80.0.3987.149 Safari/537.36"
198.54.114.83 - - [02/Apr/2025:07:12:36 -0400] "POST /wp-cron.php?doing_wp_cron=1743592354.2867980003356933593750 HTTP/1.1" 200 0 "-" "WordPress/6.7.2; https://sunquicksf.com"
51.178.81.248 - - [02/Apr/2025:07:12:33 -0400] "POST /xmlrpc.php HTTP/1.1" 200 212 "http://sunquicksf.com" "Mozilla/5.0 (Windows NT 10.0; Win64; x64) AppleWebKit/537.36 (KHTML, like Gecko) Chrome/113.0.5672.93 Safari/537.36"
198.54.114.83 - - [02/Apr/2025:07:42:18 -0400] "POST /wp-cron.php?doing_wp_cron=1743594137.5795879364013671875000 HTTP/1.1" 200 0 "-" "WordPress/6.7.2; https://sunquicksf.com"
20.245.238.242 - - [02/Apr/2025:07:42:12 -0400] "POST /xmlrpc.php HTTP/1.1" 200 212 "http://sunquicksf.com" "Mozilla/5.0 (Macintosh; Intel Mac OS X 13_3) AppleWebKit/537.36 (KHTML, like Gecko) Chrome/126.0.0.0 Safari/537.36"
43.134.29.139 - - [02/Apr/2025:08:04:02 -0400] "GET /how-to-choose-a-commercial-air-cleaner/ HTTP/1.1" 200 12529 "http://sunquicksf.com" "Mozilla/5.0 (Windows NT 10.0; Win64; x64) AppleWebKit/537.36 (KHTML, like Gecko) Chrome/62.0.3202.94 Safari/537.36"
198.54.114.83 - - [02/Apr/2025:08:04:09 -0400] "POST /wp-cron.php?doing_wp_cron=1743595447.2279250621795654296875 HTTP/1.1" 200 0 "-" "WordPress/6.7.2; https://sunquicksf.com"
43.134.29.139 - - [02/Apr/2025:08:04:06 -0400] "POST /wp-comments-post.php HTTP/1.1" 302 0 "http://sunquicksf.com" "Mozilla/5.0 (Windows NT 10.0; Win64; x64) AppleWebKit/537.36 (KHTML, like Gecko) Chrome/62.0.3202.94 Safari/537.36"
198.54.114.83 - - [02/Apr/2025:08:12:01 -0400] "POST /wp-cron.php?doing_wp_cron=1743595921.4138278961181640625000 HTTP/1.1" 200 0 "-" "WordPress/6.7.2; https://sunquicksf.com"
51.222.110.187 - - [02/Apr/2025:08:12:01 -0400] "POST /xmlrpc.php HTTP/1.1" 200 212 "http://sunquicksf.com" "Mozilla/5.0 (Macintosh; Intel Mac OS X 14.3) AppleWebKit/614.31.14 (KHTML, like Gecko) Version/17.0.96 Safari/614.31.14"
45.14.195.103 - - [02/Apr/2025:08:26:05 -0400] "GET / HTTP/1.1" 200 97711 "-" "Mozilla/5.0 (Windows; U; Windows NT 6.0; en-US; rv:1.9.0.3) Gecko/2008092417 Firefox/3.0.3"
45.14.195.103 - - [02/Apr/2025:08:26:06 -0400] "GET //group.lazada.com/en/about/ HTTP/1.1" 301 0 "-" "Mozilla/5.0 (Windows; U; Windows NT 6.0; en-US; rv:1.9.0.3) Gecko/2008092417 Firefox/3.0.3"
45.14.195.103 - - [02/Apr/2025:08:26:07 -0400] "GET /group.lazada.com/en/about/ HTTP/1.1" 404 9259 "-" "Mozilla/5.0 (Windows; U; Windows NT 6.0; en-US; rv:1.9.0.3) Gecko/2008092417 Firefox/3.0.3"
85.208.98.23 - - [02/Apr/2025:08:28:21 -0400] "GET /robots.txt HTTP/1.1" 304 0 "-" "Mozilla/5.0 (compatible; SemrushBot-BA; +http://www.semrush.com/bot.html)"
23.111.188.34 - - [02/Apr/2025:08:42:24 -0400] "POST /xmlrpc.php HTTP/1.1" 200 212 "http://sunquicksf.com" "Mozilla/5.0 (Macintosh; Intel Mac OS X 14.3) AppleWebKit/614.31.14 (KHTML, like Gecko) Version/17.0.96 Safari/614.31.14"
216.244.66.196 - - [02/Apr/2025:08:44:02 -0400] "GET /robots.txt HTTP/1.1" 304 0 "-" "Mozilla/5.0 (compatible; DotBot/1.2; +https://opensiteexplorer.org/dotbot; help@moz.com)"
111.225.148.27 - - [02/Apr/2025:09:08:11 -0400] "GET /?p=6874 HTTP/1.1" 200 97711 "-" "Mozilla/5.0 (Linux; Android 5.0) AppleWebKit/537.36 (KHTML, like Gecko) Mobile Safari/537.36 (compatible; Bytespider; https://zhanzhang.toutiao.com/)"
216.244.66.196 - - [02/Apr/2025:09:34:11 -0400] "GET /comment-nettoyer-une-montre-en-acier-inoxydable/ HTTP/1.1" 200 12075 "-" "Mozilla/5.0 (compatible; DotBot/1.2; +https://opensiteexplorer.org/dotbot; help@moz.com)"
196.251.80.243 - - [02/Apr/2025:10:01:46 -0400] "GET / HTTP/1.1" 200 97711 "-" "Mozlila/5.0 (Linux; Android 7.0; SM-G892A Bulid/NRD90M; wv) AppleWebKit/537.36 (KHTML, like Gecko) Version/4.0 Chrome/60.0.3112.107 Moblie Safari/537.36"
198.54.114.83 - - [02/Apr/2025:10:01:51 -0400] "POST /wp-cron.php?doing_wp_cron=1743602509.7210969924926757812500 HTTP/1.1" 200 0 "-" "WordPress/6.7.2; https://sunquicksf.com"
198.54.114.83 - - [02/Apr/2025:10:01:51 -0400] "POST /wp-cron.php?doing_wp_cron=1743602509.7387828826904296875000 HTTP/1.1" 200 0 "-" "WordPress/6.7.2; https://sunquicksf.com"
198.54.114.83 - - [02/Apr/2025:10:01:51 -0400] "POST /wp-cron.php?doing_wp_cron=1743602509.7177200317382812500000 HTTP/1.1" 200 0 "-" "WordPress/6.7.2; https://sunquicksf.com"
198.54.114.83 - - [02/Apr/2025:10:01:51 -0400] "POST /wp-cron.php?doing_wp_cron=1743602509.7176270484924316406250 HTTP/1.1" 200 0 "-" "WordPress/6.7.2; https://sunquicksf.com"
196.251.80.243 - - [02/Apr/2025:10:01:46 -0400] "POST /ALFA_DATA/alfacgiapi/perl.alfa HTTP/1.1" 404 9208 "www.google.com" "Mozlila/5.0 (Linux; Android 7.0; SM-G892A Bulid/NRD90M; wv) AppleWebKit/537.36 (KHTML, like Gecko) Version/4.0 Chrome/60.0.3112.107 Moblie Safari/537.36"
196.251.80.243 - - [02/Apr/2025:10:01:46 -0400] "GET /wp-content/plugins/fix/up.php HTTP/1.1" 404 9259 "-" "Mozilla/5.0 (Windows NT 10.0; Win64; x64) AppleWebKit/537.36 (KHTML, like Gecko) Chrome/85.0.4183.102 Safari/537.36"
196.251.80.243 - - [02/Apr/2025:10:01:45 -0400] "GET /wp-content/themes/seotheme/db.php?u HTTP/1.1" 404 9259 "www.google.com" "Mozlila/5.0 (Linux; Android 7.0; SM-G892A Bulid/NRD90M; wv) AppleWebKit/537.36 (KHTML, like Gecko) Version/4.0 Chrome/60.0.3112.107 Moblie Safari/537.36"
196.251.80.243 - - [02/Apr/2025:10:01:46 -0400] "POST /wp-plain.php HTTP/1.1" 404 9208 "www.google.com" "Mozilla/5.0 (Linux; Android 7.0; SM-G892A Bulid/NRD90M; wv) AppleWebKit/537.36 (KHTML, like Gecko) Version/4.0 Chrome/60.0.3112.107 Moblie Safari/537.36"
196.251.80.243 - - [02/Apr/2025:10:01:52 -0400] "POST /alfacgiapi/perl.alfa HTTP/1.1" 404 9208 "www.google.com" "Mozlila/5.0 (Linux; Android 7.0; SM-G892A Bulid/NRD90M; wv) AppleWebKit/537.36 (KHTML, like Gecko) Version/4.0 Chrome/60.0.3112.107 Moblie Safari/537.36"
196.251.80.243 - - [02/Apr/2025:10:01:52 -0400] "GET /xtmejvhd.php?Fox=d3wL7 HTTP/1.1" 404 9259 "www.google.com" "Mozilla/5.0 (Linux; Android 7.0; SM-G892A Bulid/NRD90M; wv) AppleWebKit/537.36 (KHTML, like Gecko) Version/4.0 Chrome/60.0.3112.107 Moblie Safari/537.36"
121.4.105.222 - - [02/Apr/2025:10:07:50 -0400] "GET / HTTP/1.1" 200 97711 "-" "Mozilla/5.0 (Linux; Android 10; LIO-AN00 Build/HUAWEILIO-AN00; wv) MicroMessenger Weixin QQ AppleWebKit/537.36 (KHTML, like Gecko) Version/4.0 Chrome/78.0.3904.62 XWEB/2692 MMWEBSDK/200901 Mobile Safari/537.36"
121.4.105.222 - - [02/Apr/2025:10:08:10 -0400] "GET / HTTP/1.1" 200 97711 "-" "Mozilla/5.0 (Linux; Android 10; LIO-AN00 Build/HUAWEILIO-AN00; wv) MicroMessenger Weixin QQ AppleWebKit/537.36 (KHTML, like Gecko) Version/4.0 Chrome/78.0.3904.62 XWEB/2692 MMWEBSDK/200901 Mobile Safari/537.36"
121.4.105.222 - - [02/Apr/2025:10:08:39 -0400] "GET / HTTP/1.1" 200 97711 "-" "Mozilla/5.0 (Linux; Android 10; LIO-AN00 Build/HUAWEILIO-AN00; wv) MicroMessenger Weixin QQ AppleWebKit/537.36 (KHTML, like Gecko) Version/4.0 Chrome/78.0.3904.62 XWEB/2692 MMWEBSDK/200901 Mobile Safari/537.36"
216.244.66.196 - - [02/Apr/2025:10:15:39 -0400] "GET /robots.txt HTTP/1.1" 304 0 "-" "Mozilla/5.0 (compatible; DotBot/1.2; +https://opensiteexplorer.org/dotbot; help@moz.com)"
216.244.66.196 - - [02/Apr/2025:10:20:04 -0400] "GET /vita-glow-skin-whitening-night-cream-review/ HTTP/1.1" 200 11887 "-" "Mozilla/5.0 (compatible; DotBot/1.2; +https://opensiteexplorer.org/dotbot; help@moz.com)"
121.4.105.222 - - [02/Apr/2025:10:23:46 -0400] "GET / HTTP/1.1" 200 97711 "-" "Mozilla/5.0 (Linux; Android 10; LIO-AN00 Build/HUAWEILIO-AN00; wv) MicroMessenger Weixin QQ AppleWebKit/537.36 (KHTML, like Gecko) Version/4.0 Chrome/78.0.3904.62 XWEB/2692 MMWEBSDK/200901 Mobile Safari/537.36"
121.4.105.222 - - [02/Apr/2025:10:24:08 -0400] "GET / HTTP/1.1" 200 97711 "-" "Mozilla/5.0 (Linux; Android 10; LIO-AN00 Build/HUAWEILIO-AN00; wv) MicroMessenger Weixin QQ AppleWebKit/537.36 (KHTML, like Gecko) Version/4.0 Chrome/78.0.3904.62 XWEB/2692 MMWEBSDK/200901 Mobile Safari/537.36"
121.4.105.222 - - [02/Apr/2025:10:24:16 -0400] "GET / HTTP/1.1" 200 97711 "-" "Mozilla/5.0 (Linux; Android 10; LIO-AN00 Build/HUAWEILIO-AN00; wv) MicroMessenger Weixin QQ AppleWebKit/537.36 (KHTML, like Gecko) Version/4.0 Chrome/78.0.3904.62 XWEB/2692 MMWEBSDK/200901 Mobile Safari/537.36"
156.249.204.15 - - [02/Apr/2025:10:35:24 -0400] "GET /the-best-site-to-buy-youtube-views/ HTTP/1.1" 200 12510 "-" "Mozilla/5.0 (Macintosh; Intel Mac OS X 12_5) AppleWebKit/537.36 (KHTML, like Gecko) Chrome/114.0.0.0 Safari/537.36 OPR/89.0.4447.51"
156.249.204.15 - - [02/Apr/2025:10:35:29 -0400] "GET /noxwin-gambling-establishment-opinion-analysis-3/ HTTP/1.1" 200 15860 "https://sunquicksf.com/the-best-site-to-buy-youtube-views/" "Mozilla/5.0 (Macintosh; Intel Mac OS X 12_5) AppleWebKit/537.36 (KHTML, like Gecko) Chrome/114.0.0.0 Safari/537.36 OPR/89.0.4447.51"
198.54.114.83 - - [02/Apr/2025:10:35:36 -0400] "POST /wp-cron.php?doing_wp_cron=1743604535.7587349414825439453125 HTTP/1.1" 200 0 "-" "WordPress/6.7.2; https://sunquicksf.com"
156.249.204.15 - - [02/Apr/2025:10:35:35 -0400] "GET /category/sign-up/ HTTP/1.1" 200 9571 "https://sunquicksf.com/noxwin-gambling-establishment-opinion-analysis-3/" "Mozilla/5.0 (Windows NT 6.3; Win64; x64) AppleWebKit/537.36 (KHTML, like Gecko) Chrome/103.0.0.0 Safari/537.36"
156.249.204.15 - - [02/Apr/2025:10:35:37 -0400] "GET /category/sign-up/ HTTP/1.1" 200 9571 "https://sunquicksf.com/category/sign-up/" "Mozilla/5.0 (Windows NT 6.3; Win64; x64) AppleWebKit/537.36 (KHTML, like Gecko) Chrome/103.0.0.0 Safari/537.36"
51.222.253.15 - - [02/Apr/2025:10:35:38 -0400] "GET /robots.txt HTTP/1.1" 200 125 "-" "Mozilla/5.0 (compatible; AhrefsBot/7.0; +http://ahrefs.com/robot/)"
198.54.114.83 - - [02/Apr/2025:10:48:43 -0400] "POST /wp-cron.php?doing_wp_cron=1743605323.5666251182556152343750 HTTP/1.1" 200 0 "-" "WordPress/6.7.2; https://sunquicksf.com"
216.244.66.196 - - [02/Apr/2025:10:48:40 -0400] "GET /buy-youtube-views-to-monetize-your-youtube-channel/ HTTP/1.1" 200 12513 "-" "Mozilla/5.0 (compatible; DotBot/1.2; +https://opensiteexplorer.org/dotbot; help@moz.com)"
156.249.204.15 - - [02/Apr/2025:10:52:27 -0400] "GET /the-best-site-to-buy-youtube-views/ HTTP/1.1" 200 12510 "-" "Mozilla/5.0 (Windows NT 10.0; Win64; x64; Xbox; Xbox One) AppleWebKit/537.36 (KHTML, like Gecko) Chrome/114.0.0.0 Safari/537.36 Edge/44.18363.8131"
216.244.66.196 - - [02/Apr/2025:11:04:40 -0400] "GET /robots.txt HTTP/1.1" 304 0 "-" "Mozilla/5.0 (compatible; DotBot/1.2; +https://opensiteexplorer.org/dotbot; help@moz.com)"
52.167.144.64 - - [02/Apr/2025:11:15:54 -0400] "GET /robots.txt HTTP/1.1" 304 0 "-" "Mozilla/5.0 AppleWebKit/537.36 (KHTML, like Gecko; compatible; bingbot/2.0; +http://www.bing.com/bingbot.htm) Chrome/116.0.1938.76 Safari/537.36"
198.54.114.83 - - [02/Apr/2025:11:16:10 -0400] "POST /wp-cron.php?doing_wp_cron=1743606969.2911438941955566406250 HTTP/1.1" 200 0 "-" "WordPress/6.7.2; https://sunquicksf.com"
52.167.144.225 - - [02/Apr/2025:11:16:05 -0400] "GET /sitemap.txt HTTP/1.1" 404 9259 "-" "Mozilla/5.0 AppleWebKit/537.36 (KHTML, like Gecko; compatible; bingbot/2.0; +http://www.bing.com/bingbot.htm) Chrome/116.0.1938.76 Safari/537.36"
54.91.119.195 - - [02/Apr/2025:11:30:13 -0400] "GET / HTTP/1.1" 200 97711 "-" "Mozilla/5.0 (Macintosh; Intel Mac OS X 10_14_6) AppleWebKit/537.36 (KHTML, like Gecko) Chrome/72.0.3626.119 Safari/537.36"
147.53.114.25 - - [02/Apr/2025:11:49:00 -0400] "GET /ally-bank-customer-service/ HTTP/1.1" 200 12590 "-" "Mozilla/5.0 (Windows NT 10.0; Win64; x64; Xbox; Xbox One) AppleWebKit/537.36 (KHTML, like Gecko) Chrome/114.0.0.0 Safari/537.36 Edge/44.18363.8131"
216.244.66.196 - - [02/Apr/2025:11:50:09 -0400] "GET /robots.txt HTTP/1.1" 304 0 "-" "Mozilla/5.0 (compatible; DotBot/1.2; +https://opensiteexplorer.org/dotbot; help@moz.com)"
52.167.144.22 - - [02/Apr/2025:12:12:24 -0400] "GET /sitemap.txt HTTP/1.1" 404 9259 "-" "Mozilla/5.0 AppleWebKit/537.36 (KHTML, like Gecko; compatible; bingbot/2.0; +http://www.bing.com/bingbot.htm) Chrome/116.0.1938.76 Safari/537.36"
198.54.114.83 - - [02/Apr/2025:12:15:50 -0400] "POST /wp-cron.php?doing_wp_cron=1743610549.2965490818023681640625 HTTP/1.1" 200 0 "-" "WordPress/6.7.2; https://sunquicksf.com"
185.253.98.242 - - [02/Apr/2025:12:15:47 -0400] "GET /sunquicksf.com.zip HTTP/1.1" 404 9259 "-" "Mozilla/5.0 (Macintosh; Intel Mac OS X 10_15_7) AppleWebKit/537.36 (KHTML, like Gecko) Chrome/110.0.5481.77 Safari/537.36"
103.15.222.42 - - [02/Apr/2025:12:26:06 -0400] "GET /how-to-choose-a-commercial-air-cleaner/ HTTP/1.1" 200 12529 "-" "Mozilla/5.0 (Windows NT 10.0; Win64; x64; Xbox; Xbox One) AppleWebKit/537.36 (KHTML, like Gecko) Chrome/114.0.0.0 Safari/537.36 Edge/44.18363.8131"
43.166.247.155 - - [02/Apr/2025:12:30:41 -0400] "GET / HTTP/1.1" 200 97711 "-" "Mozilla/5.0 (iPhone; CPU iPhone OS 13_2_3 like Mac OS X) AppleWebKit/605.1.15 (KHTML, like Gecko) Version/13.0.3 Mobile/15E148 Safari/604.1"
216.244.66.196 - - [02/Apr/2025:13:25:17 -0400] "GET /robots.txt HTTP/1.1" 304 0 "-" "Mozilla/5.0 (compatible; DotBot/1.2; +https://opensiteexplorer.org/dotbot; help@moz.com)"
154.83.103.19 - - [02/Apr/2025:13:32:10 -0400] "GET /.git/HEAD HTTP/1.1" 403 1242 "-" "-"
154.83.103.19 - - [02/Apr/2025:13:32:12 -0400] "GET /server-info HTTP/1.1" 404 9259 "-" "Mozilla/5.0 (Windows NT 10.0; Win64; x64) AppleWebKit/537.36 (KHTML, like Gecko) Chrome/91.0.4472.124 Safari/537.36"
167.99.69.132 - - [02/Apr/2025:13:32:10 -0400] "GET /wp-content/uploads/2017-------/09/wp-console.php HTTP/1.1" 404 9259 "-" "Mozilla/5.0 (Linux; Android 11; M2010J19SI) AppleWebKit/537.36 (KHTML, like Gecko) Chrome/109.0.0.0 Mobile Safari/537.36"
198.54.114.83 - - [02/Apr/2025:13:32:16 -0400] "POST /wp-cron.php?doing_wp_cron=1743615134.1079380512237548828125 HTTP/1.1" 200 0 "-" "WordPress/6.7.2; https://sunquicksf.com"
198.54.114.83 - - [02/Apr/2025:13:32:16 -0400] "POST /wp-cron.php?doing_wp_cron=1743615134.1055901050567626953125 HTTP/1.1" 200 0 "-" "WordPress/6.7.2; https://sunquicksf.com"
154.83.103.19 - - [02/Apr/2025:13:32:17 -0400] "GET /.htaccess HTTP/1.1" 403 1242 "-" "Mozilla/5.0 (Windows NT 10.0; Win64; x64) AppleWebKit/537.36 (KHTML, like Gecko) Chrome/91.0.4472.124 Safari/537.36"
154.83.103.19 - - [02/Apr/2025:13:32:19 -0400] "GET /.htpasswd HTTP/1.1" 403 1242 "-" "Mozilla/5.0 (Windows NT 10.0; Win64; x64) AppleWebKit/537.36 (KHTML, like Gecko) Chrome/91.0.4472.124 Safari/537.36"
167.99.69.132 - - [02/Apr/2025:13:32:19 -0400] "GET /wp-includes/js/crop/uword.php HTTP/1.1" 404 9259 "-" "Mozilla/5.0 (Linux; Android 11; M2010J19SI) AppleWebKit/537.36 (KHTML, like Gecko) Chrome/109.0.0.0 Mobile Safari/537.36"
154.83.103.19 - - [02/Apr/2025:13:32:20 -0400] "GET /backup/.htpasswd HTTP/1.1" 403 1242 "-" "Mozilla/5.0 (Windows NT 10.0; Win64; x64) AppleWebKit/537.36 (KHTML, like Gecko) Chrome/91.0.4472.124 Safari/537.36"
154.83.103.19 - - [02/Apr/2025:13:32:23 -0400] "GET /backup/.htaccess HTTP/1.1" 403 1242 "-" "Mozilla/5.0 (Windows NT 10.0; Win64; x64) AppleWebKit/537.36 (KHTML, like Gecko) Chrome/91.0.4472.124 Safari/537.36"
167.99.69.132 - - [02/Apr/2025:13:32:23 -0400] "GET /wp-content/themes/bltm/wp-login.php HTTP/1.1" 404 9259 "-" "Mozilla/5.0 (Linux; Android 11; M2010J19SI) AppleWebKit/537.36 (KHTML, like Gecko) Chrome/109.0.0.0 Mobile Safari/537.36"
154.83.103.19 - - [02/Apr/2025:13:32:24 -0400] "GET /old/.htaccess HTTP/1.1" 403 1242 "-" "Mozilla/5.0 (Windows NT 10.0; Win64; x64) AppleWebKit/537.36 (KHTML, like Gecko) Chrome/91.0.4472.124 Safari/537.36"
154.83.103.19 - - [02/Apr/2025:13:32:26 -0400] "GET /logs/access.log HTTP/1.1" 404 9259 "-" "Mozilla/5.0 (Windows NT 10.0; Win64; x64) AppleWebKit/537.36 (KHTML, like Gecko) Chrome/91.0.4472.124 Safari/537.36"
167.99.69.132 - - [02/Apr/2025:13:32:26 -0400] "GET /autoload_classmap.php HTTP/1.1" 404 9259 "-" "Mozilla/5.0 (Linux; Android 11; M2010J19SI) AppleWebKit/537.36 (KHTML, like Gecko) Chrome/109.0.0.0 Mobile Safari/537.36"
154.83.103.19 - - [02/Apr/2025:13:32:29 -0400] "GET /logs/error.log HTTP/1.1" 404 9259 "-" "Mozilla/5.0 (Windows NT 10.0; Win64; x64) AppleWebKit/537.36 (KHTML, like Gecko) Chrome/91.0.4472.124 Safari/537.36"
167.99.69.132 - - [02/Apr/2025:13:32:30 -0400] "GET /wp-content/uploads/2014/07/olx.php HTTP/1.1" 404 9259 "-" "Mozilla/5.0 (Linux; Android 11; M2010J19SI) AppleWebKit/537.36 (KHTML, like Gecko) Chrome/109.0.0.0 Mobile Safari/537.36"
154.83.103.19 - - [02/Apr/2025:13:32:30 -0400] "GET /conf/httpd.conf HTTP/1.1" 404 9259 "-" "Mozilla/5.0 (Windows NT 10.0; Win64; x64) AppleWebKit/537.36 (KHTML, like Gecko) Chrome/91.0.4472.124 Safari/537.36"
154.83.103.19 - - [02/Apr/2025:13:32:32 -0400] "GET /conf/apache2.conf HTTP/1.1" 404 9259 "-" "Mozilla/5.0 (Windows NT 10.0; Win64; x64) AppleWebKit/537.36 (KHTML, like Gecko) Chrome/91.0.4472.124 Safari/537.36"
167.99.69.132 - - [02/Apr/2025:13:32:33 -0400] "GET /wp-admin/css/colors/midnight/index.php HTTP/1.1" 301 0 "-" "Mozilla/5.0 (Linux; Android 11; M2010J19SI) AppleWebKit/537.36 (KHTML, like Gecko) Chrome/109.0.0.0 Mobile Safari/537.36"
154.83.103.19 - - [02/Apr/2025:13:32:34 -0400] "GET /.env HTTP/1.1" 403 1242 "-" "Mozilla/5.0 (Windows NT 10.0; Win64; x64) AppleWebKit/537.36 (KHTML, like Gecko) Chrome/91.0.4472.124 Safari/537.36"
167.99.69.132 - - [02/Apr/2025:13:32:35 -0400] "GET /wp-admin/css/colors/midnight/ HTTP/1.1" 403 1242 "-" "Mozilla/5.0 (Linux; Android 11; M2010J19SI) AppleWebKit/537.36 (KHTML, like Gecko) Chrome/109.0.0.0 Mobile Safari/537.36"
154.83.103.19 - - [02/Apr/2025:13:32:36 -0400] "GET /.env.example HTTP/1.1" 403 1242 "-" "Mozilla/5.0 (Windows NT 10.0; Win64; x64) AppleWebKit/537.36 (KHTML, like Gecko) Chrome/91.0.4472.124 Safari/537.36"
154.83.103.19 - - [02/Apr/2025:13:32:36 -0400] "GET /storage/logs/laravel.log HTTP/1.1" 404 9259 "-" "Mozilla/5.0 (Windows NT 10.0; Win64; x64) AppleWebKit/537.36 (KHTML, like Gecko) Chrome/91.0.4472.124 Safari/537.36"
167.99.69.132 - - [02/Apr/2025:13:32:37 -0400] "GET /wp-content/uploads/2020/wp-couldent.php.suspected HTTP/1.1" 404 9259 "-" "Mozilla/5.0 (Linux; Android 11; M2010J19SI) AppleWebKit/537.36 (KHTML, like Gecko) Chrome/109.0.0.0 Mobile Safari/537.36"
154.83.103.19 - - [02/Apr/2025:13:32:38 -0400] "GET /bootstrap/cache/config.php HTTP/1.1" 404 9259 "-" "Mozilla/5.0 (Windows NT 10.0; Win64; x64) AppleWebKit/537.36 (KHTML, like Gecko) Chrome/91.0.4472.124 Safari/537.36"
154.83.103.19 - - [02/Apr/2025:13:32:38 -0400] "GET /bootstrap/cache/routes.php HTTP/1.1" 404 9259 "-" "Mozilla/5.0 (Windows NT 10.0; Win64; x64) AppleWebKit/537.36 (KHTML, like Gecko) Chrome/91.0.4472.124 Safari/537.36"
167.99.69.132 - - [02/Apr/2025:13:32:39 -0400] "GET /wp-content/plugins/523453244/ninja.php HTTP/1.1" 404 9259 "-" "Mozilla/5.0 (Linux; Android 11; M2010J19SI) AppleWebKit/537.36 (KHTML, like Gecko) Chrome/109.0.0.0 Mobile Safari/537.36"
154.83.103.19 - - [02/Apr/2025:13:32:39 -0400] "GET /public/storage/ HTTP/1.1" 404 9259 "-" "Mozilla/5.0 (Windows NT 10.0; Win64; x64) AppleWebKit/537.36 (KHTML, like Gecko) Chrome/91.0.4472.124 Safari/537.36"
154.83.103.19 - - [02/Apr/2025:13:32:40 -0400] "GET /config/app.php HTTP/1.1" 404 9259 "-" "Mozilla/5.0 (Windows NT 10.0; Win64; x64) AppleWebKit/537.36 (KHTML, like Gecko) Chrome/91.0.4472.124 Safari/537.36"
167.99.69.132 - - [02/Apr/2025:13:32:41 -0400] "GET /wp-includes/js/imgareaselect/index.php HTTP/1.1" 301 0 "-" "Mozilla/5.0 (Linux; Android 11; M2010J19SI) AppleWebKit/537.36 (KHTML, like Gecko) Chrome/109.0.0.0 Mobile Safari/537.36"
154.83.103.19 - - [02/Apr/2025:13:32:41 -0400] "GET /config/database.php HTTP/1.1" 404 9259 "-" "Mozilla/5.0 (Windows NT 10.0; Win64; x64) AppleWebKit/537.36 (KHTML, like Gecko) Chrome/91.0.4472.124 Safari/537.36"
167.99.69.132 - - [02/Apr/2025:13:32:42 -0400] "GET /wp-includes/js/imgareaselect/ HTTP/1.1" 403 1242 "-" "Mozilla/5.0 (Linux; Android 11; M2010J19SI) AppleWebKit/537.36 (KHTML, like Gecko) Chrome/109.0.0.0 Mobile Safari/537.36"
154.83.103.19 - - [02/Apr/2025:13:32:42 -0400] "GET /routes/web.php HTTP/1.1" 404 9259 "-" "Mozilla/5.0 (Windows NT 10.0; Win64; x64) AppleWebKit/537.36 (KHTML, like Gecko) Chrome/91.0.4472.124 Safari/537.36"
154.83.103.19 - - [02/Apr/2025:13:32:43 -0400] "GET /routes/api.php HTTP/1.1" 404 9259 "-" "Mozilla/5.0 (Windows NT 10.0; Win64; x64) AppleWebKit/537.36 (KHTML, like Gecko) Chrome/91.0.4472.124 Safari/537.36"
154.83.103.19 - - [02/Apr/2025:13:32:44 -0400] "GET /.svn/ HTTP/1.1" 403 1242 "-" "Mozilla/5.0 (Windows NT 10.0; Win64; x64) AppleWebKit/537.36 (KHTML, like Gecko) Chrome/91.0.4472.124 Safari/537.36"
154.83.103.19 - - [02/Apr/2025:13:32:44 -0400] "GET /.svn/wc.db HTTP/1.1" 403 1242 "-" "Mozilla/5.0 (Windows NT 10.0; Win64; x64) AppleWebKit/537.36 (KHTML, like Gecko) Chrome/91.0.4472.124 Safari/537.36"
154.83.103.19 - - [02/Apr/2025:13:32:44 -0400] "GET /.svn/entries HTTP/1.1" 403 1242 "-" "Mozilla/5.0 (Windows NT 10.0; Win64; x64) AppleWebKit/537.36 (KHTML, like Gecko) Chrome/91.0.4472.124 Safari/537.36"
154.83.103.19 - - [02/Apr/2025:13:32:46 -0400] "GET /.svn/all-wcprops HTTP/1.1" 403 1242 "-" "Mozilla/5.0 (Windows NT 10.0; Win64; x64) AppleWebKit/537.36 (KHTML, like Gecko) Chrome/91.0.4472.124 Safari/537.36"
154.83.103.19 - - [02/Apr/2025:13:32:46 -0400] "GET /.svn/pristine/ HTTP/1.1" 403 1242 "-" "Mozilla/5.0 (Windows NT 10.0; Win64; x64) AppleWebKit/537.36 (KHTML, like Gecko) Chrome/91.0.4472.124 Safari/537.36"
154.83.103.19 - - [02/Apr/2025:13:32:47 -0400] "GET /.svn/text-base/ HTTP/1.1" 403 1242 "-" "Mozilla/5.0 (Windows NT 10.0; Win64; x64) AppleWebKit/537.36 (KHTML, like Gecko) Chrome/91.0.4472.124 Safari/537.36"
167.99.69.132 - - [02/Apr/2025:13:32:46 -0400] "GET /wp-includes/PHPMailer/load.php HTTP/1.1" 404 9259 "-" "Mozilla/5.0 (Linux; Android 11; M2010J19SI) AppleWebKit/537.36 (KHTML, like Gecko) Chrome/109.0.0.0 Mobile Safari/537.36"
154.83.103.19 - - [02/Apr/2025:13:32:48 -0400] "GET /.svn/tmp/ HTTP/1.1" 403 1242 "-" "Mozilla/5.0 (Windows NT 10.0; Win64; x64) AppleWebKit/537.36 (KHTML, like Gecko) Chrome/91.0.4472.124 Safari/537.36"
154.83.103.19 - - [02/Apr/2025:13:32:48 -0400] "GET /.svn/log HTTP/1.1" 403 1242 "-" "Mozilla/5.0 (Windows NT 10.0; Win64; x64) AppleWebKit/537.36 (KHTML, like Gecko) Chrome/91.0.4472.124 Safari/537.36"
154.83.103.19 - - [02/Apr/2025:13:32:49 -0400] "GET /.svn/format HTTP/1.1" 403 1242 "-" "Mozilla/5.0 (Windows NT 10.0; Win64; x64) AppleWebKit/537.36 (KHTML, like Gecko) Chrome/91.0.4472.124 Safari/537.36"
154.83.103.19 - - [02/Apr/2025:13:32:50 -0400] "GET /.svn/auth/ HTTP/1.1" 403 1242 "-" "Mozilla/5.0 (Windows NT 10.0; Win64; x64) AppleWebKit/537.36 (KHTML, like Gecko) Chrome/91.0.4472.124 Safari/537.36"
154.83.103.19 - - [02/Apr/2025:13:32:50 -0400] "GET /.env HTTP/1.1" 403 1242 "-" "Mozilla/5.0 (Windows NT 10.0; Win64; x64) AppleWebKit/537.36 (KHTML, like Gecko) Chrome/91.0.4472.124 Safari/537.36"
167.99.69.132 - - [02/Apr/2025:13:32:50 -0400] "GET /wp-links.php HTTP/1.1" 404 9259 "-" "Mozilla/5.0 (Linux; Android 11; M2010J19SI) AppleWebKit/537.36 (KHTML, like Gecko) Chrome/109.0.0.0 Mobile Safari/537.36"
154.83.103.19 - - [02/Apr/2025:13:32:52 -0400] "GET /.env.local HTTP/1.1" 403 1242 "-" "Mozilla/5.0 (Windows NT 10.0; Win64; x64) AppleWebKit/537.36 (KHTML, like Gecko) Chrome/91.0.4472.124 Safari/537.36"
154.83.103.19 - - [02/Apr/2025:13:32:54 -0400] "GET /.env.production HTTP/1.1" 403 1242 "-" "Mozilla/5.0 (Windows NT 10.0; Win64; x64) AppleWebKit/537.36 (KHTML, like Gecko) Chrome/91.0.4472.124 Safari/537.36"
154.83.103.19 - - [02/Apr/2025:13:32:55 -0400] "GET /.env.development HTTP/1.1" 403 1242 "-" "Mozilla/5.0 (Windows NT 10.0; Win64; x64) AppleWebKit/537.36 (KHTML, like Gecko) Chrome/91.0.4472.124 Safari/537.36"
154.83.103.19 - - [02/Apr/2025:13:32:56 -0400] "GET /.env.testing HTTP/1.1" 403 1242 "-" "Mozilla/5.0 (Windows NT 10.0; Win64; x64) AppleWebKit/537.36 (KHTML, like Gecko) Chrome/91.0.4472.124 Safari/537.36"
167.99.69.132 - - [02/Apr/2025:13:32:55 -0400] "GET /wp-aa.php HTTP/1.1" 404 9259 "-" "Mozilla/5.0 (Linux; Android 11; M2010J19SI) AppleWebKit/537.36 (KHTML, like Gecko) Chrome/109.0.0.0 Mobile Safari/537.36"
154.83.103.19 - - [02/Apr/2025:13:32:57 -0400] "GET /.env.staging HTTP/1.1" 403 1242 "-" "Mozilla/5.0 (Windows NT 10.0; Win64; x64) AppleWebKit/537.36 (KHTML, like Gecko) Chrome/91.0.4472.124 Safari/537.36"
154.83.103.19 - - [02/Apr/2025:13:32:57 -0400] "GET /.env.backup HTTP/1.1" 403 1242 "-" "Mozilla/5.0 (Windows NT 10.0; Win64; x64) AppleWebKit/537.36 (KHTML, like Gecko) Chrome/91.0.4472.124 Safari/537.36"
154.83.103.19 - - [02/Apr/2025:13:32:58 -0400] "GET /config/.env HTTP/1.1" 403 1242 "-" "Mozilla/5.0 (Windows NT 10.0; Win64; x64) AppleWebKit/537.36 (KHTML, like Gecko) Chrome/91.0.4472.124 Safari/537.36"
154.83.103.19 - - [02/Apr/2025:13:32:58 -0400] "GET /var/www/.env HTTP/1.1" 403 1242 "-" "Mozilla/5.0 (Windows NT 10.0; Win64; x64) AppleWebKit/537.36 (KHTML, like Gecko) Chrome/91.0.4472.124 Safari/537.36"
167.99.69.132 - - [02/Apr/2025:13:32:58 -0400] "GET /wp-content/themes/travelscape/json.php HTTP/1.1" 404 9259 "-" "Mozilla/5.0 (Linux; Android 11; M2010J19SI) AppleWebKit/537.36 (KHTML, like Gecko) Chrome/109.0.0.0 Mobile Safari/537.36"
154.83.103.19 - - [02/Apr/2025:13:32:59 -0400] "GET /backup/.env HTTP/1.1" 403 1242 "-" "Mozilla/5.0 (Windows NT 10.0; Win64; x64) AppleWebKit/537.36 (KHTML, like Gecko) Chrome/91.0.4472.124 Safari/537.36"
154.83.103.19 - - [02/Apr/2025:13:33:00 -0400] "GET /.git/ HTTP/1.1" 403 1242 "-" "Mozilla/5.0 (Windows NT 10.0; Win64; x64) AppleWebKit/537.36 (KHTML, like Gecko) Chrome/91.0.4472.124 Safari/537.36"
154.83.103.19 - - [02/Apr/2025:13:33:00 -0400] "GET /.git/config HTTP/1.1" 403 1242 "-" "Mozilla/5.0 (Windows NT 10.0; Win64; x64) AppleWebKit/537.36 (KHTML, like Gecko) Chrome/91.0.4472.124 Safari/537.36"
154.83.103.19 - - [02/Apr/2025:13:33:01 -0400] "GET /.git/index HTTP/1.1" 403 1242 "-" "Mozilla/5.0 (Windows NT 10.0; Win64; x64) AppleWebKit/537.36 (KHTML, like Gecko) Chrome/91.0.4472.124 Safari/537.36"
154.83.103.19 - - [02/Apr/2025:13:33:01 -0400] "GET /.git/HEAD HTTP/1.1" 403 1242 "-" "Mozilla/5.0 (Windows NT 10.0; Win64; x64) AppleWebKit/537.36 (KHTML, like Gecko) Chrome/91.0.4472.124 Safari/537.36"
154.83.103.19 - - [02/Apr/2025:13:33:01 -0400] "GET /.git/logs/HEAD HTTP/1.1" 403 1242 "-" "Mozilla/5.0 (Windows NT 10.0; Win64; x64) AppleWebKit/537.36 (KHTML, like Gecko) Chrome/91.0.4472.124 Safari/537.36"
154.83.103.19 - - [02/Apr/2025:13:33:02 -0400] "GET /.git/objects/ HTTP/1.1" 403 1242 "-" "Mozilla/5.0 (Windows NT 10.0; Win64; x64) AppleWebKit/537.36 (KHTML, like Gecko) Chrome/91.0.4472.124 Safari/537.36"
167.99.69.132 - - [02/Apr/2025:13:33:01 -0400] "GET /wp-content/themes/travel/issue.php HTTP/1.1" 404 9259 "-" "Mozilla/5.0 (Linux; Android 11; M2010J19SI) AppleWebKit/537.36 (KHTML, like Gecko) Chrome/109.0.0.0 Mobile Safari/537.36"
154.83.103.19 - - [02/Apr/2025:13:33:02 -0400] "GET /.git/refs/ HTTP/1.1" 403 1242 "-" "Mozilla/5.0 (Windows NT 10.0; Win64; x64) AppleWebKit/537.36 (KHTML, like Gecko) Chrome/91.0.4472.124 Safari/537.36"
154.83.103.19 - - [02/Apr/2025:13:33:02 -0400] "GET /.git/hooks/ HTTP/1.1" 403 1242 "-" "Mozilla/5.0 (Windows NT 10.0; Win64; x64) AppleWebKit/537.36 (KHTML, like Gecko) Chrome/91.0.4472.124 Safari/537.36"
154.83.103.19 - - [02/Apr/2025:13:33:03 -0400] "GET /.git/info/exclude HTTP/1.1" 403 1242 "-" "Mozilla/5.0 (Windows NT 10.0; Win64; x64) AppleWebKit/537.36 (KHTML, like Gecko) Chrome/91.0.4472.124 Safari/537.36"
154.83.103.19 - - [02/Apr/2025:13:33:04 -0400] "GET /.gitignore HTTP/1.1" 403 1242 "-" "Mozilla/5.0 (Windows NT 10.0; Win64; x64) AppleWebKit/537.36 (KHTML, like Gecko) Chrome/91.0.4472.124 Safari/537.36"
154.83.103.19 - - [02/Apr/2025:13:33:05 -0400] "GET /.aws/credentials HTTP/1.1" 404 9259 "-" "Mozilla/5.0 (Windows NT 10.0; Win64; x64) AppleWebKit/537.36 (KHTML, like Gecko) Chrome/91.0.4472.124 Safari/537.36"
167.99.69.132 - - [02/Apr/2025:13:33:05 -0400] "GET /about.php HTTP/1.1" 404 9259 "-" "Mozilla/5.0 (Linux; Android 11; M2010J19SI) AppleWebKit/537.36 (KHTML, like Gecko) Chrome/109.0.0.0 Mobile Safari/537.36"
154.83.103.19 - - [02/Apr/2025:13:33:06 -0400] "GET /.aws/config HTTP/1.1" 404 9259 "-" "Mozilla/5.0 (Windows NT 10.0; Win64; x64) AppleWebKit/537.36 (KHTML, like Gecko) Chrome/91.0.4472.124 Safari/537.36"
154.83.103.19 - - [02/Apr/2025:13:33:08 -0400] "GET /backup/aws_keys.txt HTTP/1.1" 404 9259 "-" "Mozilla/5.0 (Windows NT 10.0; Win64; x64) AppleWebKit/537.36 (KHTML, like Gecko) Chrome/91.0.4472.124 Safari/537.36"
167.99.69.132 - - [02/Apr/2025:13:33:08 -0400] "GET /xx.php HTTP/1.1" 404 9259 "-" "Mozilla/5.0 (Linux; Android 11; M2010J19SI) AppleWebKit/537.36 (KHTML, like Gecko) Chrome/109.0.0.0 Mobile Safari/537.36"
154.83.103.19 - - [02/Apr/2025:13:33:11 -0400] "GET /config/aws_keys.json HTTP/1.1" 404 9259 "-" "Mozilla/5.0 (Windows NT 10.0; Win64; x64) AppleWebKit/537.36 (KHTML, like Gecko) Chrome/91.0.4472.124 Safari/537.36"
167.99.69.132 - - [02/Apr/2025:13:33:14 -0400] "GET /wp-content/themes/digital-download/new.php HTTP/1.1" 404 9259 "-" "Mozilla/5.0 (Linux; Android 11; M2010J19SI) AppleWebKit/537.36 (KHTML, like Gecko) Chrome/109.0.0.0 Mobile Safari/537.36"
198.54.114.83 - - [02/Apr/2025:13:33:16 -0400] "POST /wp-cron.php?doing_wp_cron=1743615194.4299969673156738281250 HTTP/1.1" 200 0 "-" "WordPress/6.7.2; https://sunquicksf.com"
154.83.103.19 - - [02/Apr/2025:13:33:12 -0400] "GET /var/www/aws_credentials HTTP/1.1" 404 9259 "-" "Mozilla/5.0 (Windows NT 10.0; Win64; x64) AppleWebKit/537.36 (KHTML, like Gecko) Chrome/91.0.4472.124 Safari/537.36"
154.83.103.19 - - [02/Apr/2025:13:33:17 -0400] "GET /s3_backup/ HTTP/1.1" 404 9259 "-" "Mozilla/5.0 (Windows NT 10.0; Win64; x64) AppleWebKit/537.36 (KHTML, like Gecko) Chrome/91.0.4472.124 Safari/537.36"
167.99.69.132 - - [02/Apr/2025:13:33:17 -0400] "GET /epinyins.php HTTP/1.1" 404 9259 "-" "Mozilla/5.0 (Linux; Android 11; M2010J19SI) AppleWebKit/537.36 (KHTML, like Gecko) Chrome/109.0.0.0 Mobile Safari/537.36"
154.83.103.19 - - [02/Apr/2025:13:33:19 -0400] "GET /s3_config.json HTTP/1.1" 404 9259 "-" "Mozilla/5.0 (Windows NT 10.0; Win64; x64) AppleWebKit/537.36 (KHTML, like Gecko) Chrome/91.0.4472.124 Safari/537.36"
154.83.103.19 - - [02/Apr/2025:13:33:22 -0400] "GET /s3_private/ HTTP/1.1" 404 9259 "-" "Mozilla/5.0 (Windows NT 10.0; Win64; x64) AppleWebKit/537.36 (KHTML, like Gecko) Chrome/91.0.4472.124 Safari/537.36"
167.99.69.132 - - [02/Apr/2025:13:33:22 -0400] "GET /wp-admin/dropdown.php HTTP/1.1" 404 9259 "-" "Mozilla/5.0 (Linux; Android 11; M2010J19SI) AppleWebKit/537.36 (KHTML, like Gecko) Chrome/109.0.0.0 Mobile Safari/537.36"
154.83.103.19 - - [02/Apr/2025:13:33:24 -0400] "GET /logs/s3_access.log HTTP/1.1" 404 9259 "-" "Mozilla/5.0 (Windows NT 10.0; Win64; x64) AppleWebKit/537.36 (KHTML, like Gecko) Chrome/91.0.4472.124 Safari/537.36"
167.99.69.132 - - [02/Apr/2025:13:33:25 -0400] "GET /dropdown.php HTTP/1.1" 404 9259 "-" "Mozilla/5.0 (Linux; Android 11; M2010J19SI) AppleWebKit/537.36 (KHTML, like Gecko) Chrome/109.0.0.0 Mobile Safari/537.36"
154.83.103.19 - - [02/Apr/2025:13:33:26 -0400] "GET /old/aws_config HTTP/1.1" 404 9259 "-" "Mozilla/5.0 (Windows NT 10.0; Win64; x64) AppleWebKit/537.36 (KHTML, like Gecko) Chrome/91.0.4472.124 Safari/537.36"
154.83.103.19 - - [02/Apr/2025:13:33:27 -0400] "GET /phpinfo.php HTTP/1.1" 404 9259 "-" "Mozilla/5.0 (Windows NT 10.0; Win64; x64) AppleWebKit/537.36 (KHTML, like Gecko) Chrome/91.0.4472.124 Safari/537.36"
167.99.69.132 - - [02/Apr/2025:13:33:28 -0400] "GET /wp-admin/css/index.php HTTP/1.1" 301 0 "-" "Mozilla/5.0 (Linux; Android 11; M2010J19SI) AppleWebKit/537.36 (KHTML, like Gecko) Chrome/109.0.0.0 Mobile Safari/537.36"
154.83.103.19 - - [02/Apr/2025:13:33:29 -0400] "GET /web.config HTTP/1.1" 403 1242 "-" "Mozilla/5.0 (Windows NT 10.0; Win64; x64) AppleWebKit/537.36 (KHTML, like Gecko) Chrome/91.0.4472.124 Safari/537.36"
167.99.69.132 - - [02/Apr/2025:13:33:30 -0400] "GET /wp-admin/css/ HTTP/1.1" 403 1242 "-" "Mozilla/5.0 (Linux; Android 11; M2010J19SI) AppleWebKit/537.36 (KHTML, like Gecko) Chrome/109.0.0.0 Mobile Safari/537.36"
154.83.103.19 - - [02/Apr/2025:13:33:30 -0400] "GET /config/database.yml HTTP/1.1" 404 9259 "-" "Mozilla/5.0 (Windows NT 10.0; Win64; x64) AppleWebKit/537.36 (KHTML, like Gecko) Chrome/91.0.4472.124 Safari/537.36"
167.99.69.132 - - [02/Apr/2025:13:33:32 -0400] "GET /wp-content/mah.php HTTP/1.1" 404 9259 "-" "Mozilla/5.0 (Linux; Android 11; M2010J19SI) AppleWebKit/537.36 (KHTML, like Gecko) Chrome/109.0.0.0 Mobile Safari/537.36"
154.83.103.19 - - [02/Apr/2025:13:33:31 -0400] "GET /config/secrets.yml HTTP/1.1" 404 9259 "-" "Mozilla/5.0 (Windows NT 10.0; Win64; x64) AppleWebKit/537.36 (KHTML, like Gecko) Chrome/91.0.4472.124 Safari/537.36"
154.83.103.19 - - [02/Apr/2025:13:33:33 -0400] "GET /backup/database.sql HTTP/1.1" 404 9259 "-" "Mozilla/5.0 (Windows NT 10.0; Win64; x64) AppleWebKit/537.36 (KHTML, like Gecko) Chrome/91.0.4472.124 Safari/537.36"
167.99.69.132 - - [02/Apr/2025:13:33:36 -0400] "GET /wp-content/item.php HTTP/1.1" 404 9259 "-" "Mozilla/5.0 (Linux; Android 11; M2010J19SI) AppleWebKit/537.36 (KHTML, like Gecko) Chrome/109.0.0.0 Mobile Safari/537.36"
154.83.103.19 - - [02/Apr/2025:13:33:36 -0400] "GET /logs/debug.log HTTP/1.1" 404 9259 "-" "Mozilla/5.0 (Windows NT 10.0; Win64; x64) AppleWebKit/537.36 (KHTML, like Gecko) Chrome/91.0.4472.124 Safari/537.36"
154.83.103.19 - - [02/Apr/2025:13:33:39 -0400] "GET /logs/system.log HTTP/1.1" 404 9259 "-" "Mozilla/5.0 (Windows NT 10.0; Win64; x64) AppleWebKit/537.36 (KHTML, like Gecko) Chrome/91.0.4472.124 Safari/537.36"
167.99.69.132 - - [02/Apr/2025:13:33:39 -0400] "GET /wp-content/plugins/shell/about.php HTTP/1.1" 404 9259 "-" "Mozilla/5.0 (Linux; Android 11; M2010J19SI) AppleWebKit/537.36 (KHTML, like Gecko) Chrome/109.0.0.0 Mobile Safari/537.36"
154.83.103.19 - - [02/Apr/2025:13:33:40 -0400] "GET /logs/application.log HTTP/1.1" 404 9259 "-" "Mozilla/5.0 (Windows NT 10.0; Win64; x64) AppleWebKit/537.36 (KHTML, like Gecko) Chrome/91.0.4472.124 Safari/537.36"
154.83.103.19 - - [02/Apr/2025:13:33:41 -0400] "GET /var/log/syslog HTTP/1.1" 404 9259 "-" "Mozilla/5.0 (Windows NT 10.0; Win64; x64) AppleWebKit/537.36 (KHTML, like Gecko) Chrome/91.0.4472.124 Safari/537.36"
167.99.69.132 - - [02/Apr/2025:13:33:42 -0400] "GET /wp-content/plugins/pwnd/pwnd.php HTTP/1.1" 404 9259 "-" "Mozilla/5.0 (Linux; Android 11; M2010J19SI) AppleWebKit/537.36 (KHTML, like Gecko) Chrome/109.0.0.0 Mobile Safari/537.36"
154.83.103.19 - - [02/Apr/2025:13:33:42 -0400] "GET /var/log/auth.log HTTP/1.1" 404 9259 "-" "Mozilla/5.0 (Windows NT 10.0; Win64; x64) AppleWebKit/537.36 (KHTML, like Gecko) Chrome/91.0.4472.124 Safari/537.36"
154.83.103.19 - - [02/Apr/2025:13:33:44 -0400] "GET /config.php HTTP/1.1" 404 9259 "-" "Mozilla/5.0 (Windows NT 10.0; Win64; x64) AppleWebKit/537.36 (KHTML, like Gecko) Chrome/91.0.4472.124 Safari/537.36"
154.83.103.19 - - [02/Apr/2025:13:33:45 -0400] "GET /database.sql HTTP/1.1" 404 9259 "-" "Mozilla/5.0 (Windows NT 10.0; Win64; x64) AppleWebKit/537.36 (KHTML, like Gecko) Chrome/91.0.4472.124 Safari/537.36"
154.83.103.19 - - [02/Apr/2025:13:33:47 -0400] "GET /dump.sql HTTP/1.1" 404 9259 "-" "Mozilla/5.0 (Windows NT 10.0; Win64; x64) AppleWebKit/537.36 (KHTML, like Gecko) Chrome/91.0.4472.124 Safari/537.36"
167.99.69.132 - - [02/Apr/2025:13:33:48 -0400] "GET /wp-content/plugins/fix/up.php HTTP/1.1" 404 9259 "-" "Mozilla/5.0 (Linux; Android 11; M2010J19SI) AppleWebKit/537.36 (KHTML, like Gecko) Chrome/109.0.0.0 Mobile Safari/537.36"
154.83.103.19 - - [02/Apr/2025:13:33:48 -0400] "GET /admin/config.php HTTP/1.1" 404 9259 "-" "Mozilla/5.0 (Windows NT 10.0; Win64; x64) AppleWebKit/537.36 (KHTML, like Gecko) Chrome/91.0.4472.124 Safari/537.36"
154.83.103.19 - - [02/Apr/2025:13:33:50 -0400] "GET /backup.tar.gz HTTP/1.1" 404 9259 "-" "Mozilla/5.0 (Windows NT 10.0; Win64; x64) AppleWebKit/537.36 (KHTML, like Gecko) Chrome/91.0.4472.124 Safari/537.36"
167.99.69.132 - - [02/Apr/2025:13:33:50 -0400] "GET /wp-content/plugins/ph-file-manager/wp-file.php HTTP/1.1" 404 9259 "-" "Mozilla/5.0 (Linux; Android 11; M2010J19SI) AppleWebKit/537.36 (KHTML, like Gecko) Chrome/109.0.0.0 Mobile Safari/537.36"
154.83.103.19 - - [02/Apr/2025:13:33:51 -0400] "GET /backup.zip HTTP/1.1" 404 9259 "-" "Mozilla/5.0 (Windows NT 10.0; Win64; x64) AppleWebKit/537.36 (KHTML, like Gecko) Chrome/91.0.4472.124 Safari/537.36"
154.83.103.19 - - [02/Apr/2025:13:33:52 -0400] "GET /backup.sql HTTP/1.1" 404 9259 "-" "Mozilla/5.0 (Windows NT 10.0; Win64; x64) AppleWebKit/537.36 (KHTML, like Gecko) Chrome/91.0.4472.124 Safari/537.36"
167.99.69.132 - - [02/Apr/2025:13:33:53 -0400] "GET /wp-content/plugins/root-file-manager/wp-file.php HTTP/1.1" 404 9259 "-" "Mozilla/5.0 (Linux; Android 11; M2010J19SI) AppleWebKit/537.36 (KHTML, like Gecko) Chrome/109.0.0.0 Mobile Safari/537.36"
154.83.103.19 - - [02/Apr/2025:13:33:54 -0400] "GET /logs/errors.log HTTP/1.1" 404 9259 "-" "Mozilla/5.0 (Windows NT 10.0; Win64; x64) AppleWebKit/537.36 (KHTML, like Gecko) Chrome/91.0.4472.124 Safari/537.36"
154.83.103.19 - - [02/Apr/2025:13:33:56 -0400] "GET /debug.log HTTP/1.1" 404 9259 "-" "Mozilla/5.0 (Windows NT 10.0; Win64; x64) AppleWebKit/537.36 (KHTML, like Gecko) Chrome/91.0.4472.124 Safari/537.36"
167.99.69.132 - - [02/Apr/2025:13:33:56 -0400] "GET /wp-content/plugins/wp-help/mini.php HTTP/1.1" 404 9259 "-" "Mozilla/5.0 (Linux; Android 11; M2010J19SI) AppleWebKit/537.36 (KHTML, like Gecko) Chrome/109.0.0.0 Mobile Safari/537.36"
167.99.69.132 - - [02/Apr/2025:13:33:58 -0400] "GET /wp-content/themes/travel/issue.php HTTP/1.1" 404 9259 "-" "Mozilla/5.0 (Linux; Android 11; M2010J19SI) AppleWebKit/537.36 (KHTML, like Gecko) Chrome/109.0.0.0 Mobile Safari/537.36"
85.208.98.23 - - [02/Apr/2025:13:34:00 -0400] "GET /robots.txt HTTP/1.1" 304 0 "-" "Mozilla/5.0 (compatible; SemrushBot-BA; +http://www.semrush.com/bot.html)"
167.99.69.132 - - [02/Apr/2025:13:34:00 -0400] "GET /wp-content/themes/jaida/lang.php HTTP/1.1" 404 9259 "-" "Mozilla/5.0 (Linux; Android 11; M2010J19SI) AppleWebKit/537.36 (KHTML, like Gecko) Chrome/109.0.0.0 Mobile Safari/537.36"
167.99.69.132 - - [02/Apr/2025:13:34:02 -0400] "GET /wp-l0gin.php HTTP/1.1" 404 9259 "-" "Mozilla/5.0 (Linux; Android 11; M2010J19SI) AppleWebKit/537.36 (KHTML, like Gecko) Chrome/109.0.0.0 Mobile Safari/537.36"
167.99.69.132 - - [02/Apr/2025:13:34:05 -0400] "GET /ext.php HTTP/1.1" 404 9259 "-" "Mozilla/5.0 (Linux; Android 11; M2010J19SI) AppleWebKit/537.36 (KHTML, like Gecko) Chrome/109.0.0.0 Mobile Safari/537.36"
167.99.69.132 - - [02/Apr/2025:13:34:07 -0400] "GET /wp-l0gin.php HTTP/1.1" 404 9259 "-" "Mozilla/5.0 (Linux; Android 11; M2010J19SI) AppleWebKit/537.36 (KHTML, like Gecko) Chrome/109.0.0.0 Mobile Safari/537.36"
161.35.11.214 - - [02/Apr/2025:13:37:25 -0400] "GET /wp-content/plugins/shell/about.php HTTP/1.1" 404 9259 "www.google.com" "Mozlila/5.0 (Linux; Android 7.0; SM-G892A Bulid/NRD90M; wv) AppleWebKit/537.36 (KHTML, like Gecko) Version/4.0 Chrome/60.0.3112.107 Moblie Safari/537.36"
161.35.11.214 - - [02/Apr/2025:13:37:41 -0400] "GET /wp-content/plugins/fix/up.php HTTP/1.1" 404 9259 "www.google.com" "Mozlila/5.0 (Linux; Android 7.0; SM-G892A Bulid/NRD90M; wv) AppleWebKit/537.36 (KHTML, like Gecko) Version/4.0 Chrome/60.0.3112.107 Moblie Safari/537.36"
161.35.11.214 - - [02/Apr/2025:13:37:59 -0400] "GET /wp-content/plugins/wp-help/mini.php HTTP/1.1" 404 9259 "www.google.com" "Mozlila/5.0 (Linux; Android 7.0; SM-G892A Bulid/NRD90M; wv) AppleWebKit/537.36 (KHTML, like Gecko) Version/4.0 Chrome/60.0.3112.107 Moblie Safari/537.36"
40.88.25.216 - - [02/Apr/2025:13:38:03 -0400] "HEAD /wordpress HTTP/1.1" 404 0 "-" "Mozilla/5.0 (Windows NT 10.0; Win64; x64) AppleWebKit/537.36 (KHTML, like Gecko) Chrome/74.0.3729.169 Safari/537.36"
40.88.25.216 - - [02/Apr/2025:13:38:04 -0400] "HEAD / HTTP/1.1" 200 0 "-" "Mozilla/5.0 (Windows NT 10.0; Win64; x64) AppleWebKit/537.36 (KHTML, like Gecko) Chrome/74.0.3729.169 Safari/537.36"
40.88.25.216 - - [02/Apr/2025:13:38:05 -0400] "HEAD /wp HTTP/1.1" 404 0 "-" "Mozilla/5.0 (Windows NT 10.0; Win64; x64) AppleWebKit/537.36 (KHTML, like Gecko) Chrome/74.0.3729.169 Safari/537.36"
40.88.25.216 - - [02/Apr/2025:13:38:08 -0400] "HEAD /bc HTTP/1.1" 404 0 "-" "Mozilla/5.0 (Windows NT 10.0; Win64; x64) AppleWebKit/537.36 (KHTML, like Gecko) Chrome/74.0.3729.169 Safari/537.36"
40.88.25.216 - - [02/Apr/2025:13:38:09 -0400] "HEAD /bk HTTP/1.1" 404 0 "-" "Mozilla/5.0 (Windows NT 10.0; Win64; x64) AppleWebKit/537.36 (KHTML, like Gecko) Chrome/74.0.3729.169 Safari/537.36"
40.88.25.216 - - [02/Apr/2025:13:38:10 -0400] "HEAD /backup HTTP/1.1" 404 0 "-" "Mozilla/5.0 (Windows NT 10.0; Win64; x64) AppleWebKit/537.36 (KHTML, like Gecko) Chrome/74.0.3729.169 Safari/537.36"
40.88.25.216 - - [02/Apr/2025:13:38:13 -0400] "HEAD /old HTTP/1.1" 404 0 "-" "Mozilla/5.0 (Windows NT 10.0; Win64; x64) AppleWebKit/537.36 (KHTML, like Gecko) Chrome/74.0.3729.169 Safari/537.36"
40.88.25.216 - - [02/Apr/2025:13:38:15 -0400] "HEAD /new HTTP/1.1" 301 0 "-" "Mozilla/5.0 (Windows NT 10.0; Win64; x64) AppleWebKit/537.36 (KHTML, like Gecko) Chrome/74.0.3729.169 Safari/537.36"
40.88.25.216 - - [02/Apr/2025:13:38:19 -0400] "HEAD /main HTTP/1.1" 404 0 "-" "Mozilla/5.0 (Windows NT 10.0; Win64; x64) AppleWebKit/537.36 (KHTML, like Gecko) Chrome/74.0.3729.169 Safari/537.36"
40.88.25.216 - - [02/Apr/2025:13:38:22 -0400] "HEAD /home HTTP/1.1" 301 0 "-" "Mozilla/5.0 (Windows NT 10.0; Win64; x64) AppleWebKit/537.36 (KHTML, like Gecko) Chrome/74.0.3729.169 Safari/537.36"
176.97.122.93 - - [02/Apr/2025:13:48:59 -0400] "GET / HTTP/1.1" 200 97711 "-" "Mozilla/5.0 (X11; U; Linux i686; en-US; rv:0.9.3) Gecko/20010801"
4.247.178.178 - - [02/Apr/2025:13:58:57 -0400] "GET /wp-admin/css/ HTTP/1.1" 403 1242 "binance.com" "Mozilla/5.0 (Windows NT 10.0; Win64; x64) AppleWebKit/537.36 (KHTML, like Gecko) Chrome/90.0.4430.85 Safari/537.36"
216.244.66.196 - - [02/Apr/2025:14:11:34 -0400] "GET /robots.txt HTTP/1.1" 304 0 "-" "Mozilla/5.0 (compatible; DotBot/1.2; +https://opensiteexplorer.org/dotbot; help@moz.com)"
178.62.46.229 - - [02/Apr/2025:14:11:48 -0400] "GET / HTTP/1.1" 200 97711 "-" "Mozilla/5.0 (compatible)"
216.244.66.196 - - [02/Apr/2025:14:57:28 -0400] "GET /robots.txt HTTP/1.1" 304 0 "-" "Mozilla/5.0 (compatible; DotBot/1.2; +https://opensiteexplorer.org/dotbot; help@moz.com)"
222.186.134.245 - - [02/Apr/2025:15:30:06 -0400] "GET / HTTP/1.1" 200 97711 "http://sunquicksf.com" "Googlebot/2.1 (+http://www.google.com/bot.html)"
216.244.66.196 - - [02/Apr/2025:15:44:34 -0400] "GET /robots.txt HTTP/1.1" 304 0 "-" "Mozilla/5.0 (compatible; DotBot/1.2; +https://opensiteexplorer.org/dotbot; help@moz.com)"
54.36.148.7 - - [02/Apr/2025:15:50:10 -0400] "GET /?p=10584 HTTP/1.1" 200 97711 "-" "Mozilla/5.0 (compatible; AhrefsBot/7.0; +http://ahrefs.com/robot/)"
168.100.149.246 - - [02/Apr/2025:15:50:22 -0400] "GET /robots.txt HTTP/1.1" 304 0 "-" "Mozilla/5.0 (compatible; AhrefsBot/7.0; +http://ahrefs.com/robot/)"
202.8.43.122 - - [02/Apr/2025:15:50:23 -0400] "GET /react-dom.js HTTP/1.1" 200 0 "http://sunquicksf.com/?p=10584" "Mozilla/5.0 (compatible; AhrefsBot/7.0; +http://ahrefs.com/robot/)"
202.8.43.122 - - [02/Apr/2025:15:50:25 -0400] "GET /react.js HTTP/1.1" 200 0 "http://sunquicksf.com/?p=10584" "Mozilla/5.0 (compatible; AhrefsBot/7.0; +http://ahrefs.com/robot/)"
196.251.86.86 - - [02/Apr/2025:16:38:30 -0400] "GET / HTTP/1.1" 200 97711 "-" "-"
103.15.222.42 - - [02/Apr/2025:16:42:43 -0400] "GET /how-to-choose-a-commercial-air-cleaner/ HTTP/1.1" 200 12527 "-" "Mozilla/5.0 (Windows NT 10.0; Win64; x64; Xbox; Xbox One) AppleWebKit/537.36 (KHTML, like Gecko) Chrome/114.0.0.0 Safari/537.36 Edge/44.18363.8131"
216.244.66.196 - - [02/Apr/2025:17:16:13 -0400] "GET /robots.txt HTTP/1.1" 200 125 "-" "Mozilla/5.0 (compatible; DotBot/1.2; +https://opensiteexplorer.org/dotbot; help@moz.com)"
4.227.36.59 - - [02/Apr/2025:17:48:29 -0400] "GET /robots.txt HTTP/1.1" 200 125 "-" "Mozilla/5.0 AppleWebKit/537.36 (KHTML, like Gecko; compatible; GPTBot/1.2; +https://openai.com/gptbot)"
20.171.207.6 - - [02/Apr/2025:17:48:29 -0400] "GET /?p=6494 HTTP/1.1" 200 97711 "-" "Mozilla/5.0 AppleWebKit/537.36 (KHTML, like Gecko; compatible; GPTBot/1.2; +https://openai.com/gptbot)"
195.20.18.175 - - [02/Apr/2025:17:51:02 -0400] "GET /assets/admin/plugins/jquery-file-upload/server/php/index.php?file=tf2rghf.jpg HTTP/1.1" 301 0 "-" "ALittle Client"
195.20.18.175 - - [02/Apr/2025:17:52:40 -0400] "GET /assets/admin/plugins/jquery-file-upload/server/php/?file=tf2rghf.jpg HTTP/1.1" 404 9259 "-" "ALittle Client"
222.186.134.245 - - [02/Apr/2025:18:02:14 -0400] "GET /apps/admin/view/default/layui/css/layui.css HTTP/1.1" 404 9259 "http://sunquicksf.com/apps/admin/view/default/layui/css/layui.css" "Mozilla/4.0 (compatible; MSIE 9.0; Windows NT 6.1)"
216.244.66.196 - - [02/Apr/2025:18:02:54 -0400] "GET /robots.txt HTTP/1.1" 200 125 "-" "Mozilla/5.0 (compatible; DotBot/1.2; +https://opensiteexplorer.org/dotbot; help@moz.com)"
216.244.66.196 - - [02/Apr/2025:18:49:33 -0400] "GET /robots.txt HTTP/1.1" 200 125 "-" "Mozilla/5.0 (compatible; DotBot/1.2; +https://opensiteexplorer.org/dotbot; help@moz.com)"
198.54.114.83 - - [02/Apr/2025:19:03:49 -0400] "POST /wp-cron.php?doing_wp_cron=1743635027.9546699523925781250000 HTTP/1.1" 200 0 "-" "WordPress/6.7.2; https://sunquicksf.com"
185.238.231.231 - - [02/Apr/2025:19:03:45 -0400] "GET /x.php HTTP/1.1" 404 9259 "-" "Go-http-client/1.1"
185.238.231.209 - - [02/Apr/2025:19:03:49 -0400] "GET /function.php HTTP/1.1" 404 9259 "-" "Go-http-client/1.1"
185.238.231.209 - - [02/Apr/2025:19:03:50 -0400] "GET /s.php HTTP/1.1" 404 9259 "-" "Go-http-client/1.1"
185.238.231.209 - - [02/Apr/2025:19:03:51 -0400] "GET /about.php HTTP/1.1" 404 9259 "-" "Go-http-client/1.1"
185.238.231.209 - - [02/Apr/2025:19:03:52 -0400] "GET /cjfuns.php HTTP/1.1" 404 9259 "-" "Go-http-client/1.1"
