152.42.177.187 - - [31/Mar/2025:07:46:54 -0400] "GET /autoload_classmap.php HTTP/1.1" 404 9259 "-" "Mozilla/5.0 (Linux; Android 11; M2010J19SI) AppleWebKit/537.36 (KHTML, like Gecko) Chrome/109.0.0.0 Mobile Safari/537.36"
152.42.177.187 - - [31/Mar/2025:07:46:55 -0400] "GET /wp-content/uploads/2014/07/olx.php HTTP/1.1" 404 9259 "-" "Mozilla/5.0 (Linux; Android 11; M2010J19SI) AppleWebKit/537.36 (KHTML, like Gecko) Chrome/109.0.0.0 Mobile Safari/537.36"
152.42.177.187 - - [31/Mar/2025:07:46:55 -0400] "GET /wp-admin/css/colors/midnight/index.php HTTP/1.1" 301 0 "-" "Mozilla/5.0 (Linux; Android 11; M2010J19SI) AppleWebKit/537.36 (KHTML, like Gecko) Chrome/109.0.0.0 Mobile Safari/537.36"
152.42.177.187 - - [31/Mar/2025:07:46:56 -0400] "GET /wp-admin/css/colors/midnight/ HTTP/1.1" 403 1242 "-" "Mozilla/5.0 (Linux; Android 11; M2010J19SI) AppleWebKit/537.36 (KHTML, like Gecko) Chrome/109.0.0.0 Mobile Safari/537.36"
152.42.177.187 - - [31/Mar/2025:07:46:56 -0400] "GET /wp-content/uploads/2020/wp-couldent.php.suspected HTTP/1.1" 404 9259 "-" "Mozilla/5.0 (Linux; Android 11; M2010J19SI) AppleWebKit/537.36 (KHTML, like Gecko) Chrome/109.0.0.0 Mobile Safari/537.36"
152.42.177.187 - - [31/Mar/2025:07:46:57 -0400] "GET /wp-content/plugins/523453244/ninja.php HTTP/1.1" 404 9259 "-" "Mozilla/5.0 (Linux; Android 11; M2010J19SI) AppleWebKit/537.36 (KHTML, like Gecko) Chrome/109.0.0.0 Mobile Safari/537.36"
152.42.177.187 - - [31/Mar/2025:07:46:57 -0400] "GET /wp-includes/js/imgareaselect/index.php HTTP/1.1" 301 0 "-" "Mozilla/5.0 (Linux; Android 11; M2010J19SI) AppleWebKit/537.36 (KHTML, like Gecko) Chrome/109.0.0.0 Mobile Safari/537.36"
152.42.177.187 - - [31/Mar/2025:07:46:58 -0400] "GET /wp-includes/js/imgareaselect/ HTTP/1.1" 403 1242 "-" "Mozilla/5.0 (Linux; Android 11; M2010J19SI) AppleWebKit/537.36 (KHTML, like Gecko) Chrome/109.0.0.0 Mobile Safari/537.36"
152.42.177.187 - - [31/Mar/2025:07:46:58 -0400] "GET /wp-includes/PHPMailer/load.php HTTP/1.1" 404 9259 "-" "Mozilla/5.0 (Linux; Android 11; M2010J19SI) AppleWebKit/537.36 (KHTML, like Gecko) Chrome/109.0.0.0 Mobile Safari/537.36"
152.42.177.187 - - [31/Mar/2025:07:46:59 -0400] "GET /wp-content/plugins/seoplugins/mar.php HTTP/1.1" 404 9259 "-" "Mozilla/5.0 (Linux; Android 11; M2010J19SI) AppleWebKit/537.36 (KHTML, like Gecko) Chrome/109.0.0.0 Mobile Safari/537.36"
152.42.177.187 - - [31/Mar/2025:07:47:00 -0400] "GET /wp-links.php HTTP/1.1" 404 9259 "-" "Mozilla/5.0 (Linux; Android 11; M2010J19SI) AppleWebKit/537.36 (KHTML, like Gecko) Chrome/109.0.0.0 Mobile Safari/537.36"
152.42.177.187 - - [31/Mar/2025:07:47:01 -0400] "GET /wp-aa.php HTTP/1.1" 404 9259 "-" "Mozilla/5.0 (Linux; Android 11; M2010J19SI) AppleWebKit/537.36 (KHTML, like Gecko) Chrome/109.0.0.0 Mobile Safari/537.36"
152.42.177.187 - - [31/Mar/2025:07:47:01 -0400] "GET /wp-content/themes/travelscape/json.php HTTP/1.1" 404 9259 "-" "Mozilla/5.0 (Linux; Android 11; M2010J19SI) AppleWebKit/537.36 (KHTML, like Gecko) Chrome/109.0.0.0 Mobile Safari/537.36"
152.42.177.187 - - [31/Mar/2025:07:47:02 -0400] "GET /wp-content/themes/travel/issue.php HTTP/1.1" 404 9259 "-" "Mozilla/5.0 (Linux; Android 11; M2010J19SI) AppleWebKit/537.36 (KHTML, like Gecko) Chrome/109.0.0.0 Mobile Safari/537.36"
152.42.177.187 - - [31/Mar/2025:07:47:02 -0400] "GET /about.php HTTP/1.1" 404 9259 "-" "Mozilla/5.0 (Linux; Android 11; M2010J19SI) AppleWebKit/537.36 (KHTML, like Gecko) Chrome/109.0.0.0 Mobile Safari/537.36"
152.42.177.187 - - [31/Mar/2025:07:47:03 -0400] "GET /xx.php HTTP/1.1" 404 9259 "-" "Mozilla/5.0 (Linux; Android 11; M2010J19SI) AppleWebKit/537.36 (KHTML, like Gecko) Chrome/109.0.0.0 Mobile Safari/537.36"
152.42.177.187 - - [31/Mar/2025:07:47:04 -0400] "GET /wp-content/themes/digital-download/new.php HTTP/1.1" 404 9259 "-" "Mozilla/5.0 (Linux; Android 11; M2010J19SI) AppleWebKit/537.36 (KHTML, like Gecko) Chrome/109.0.0.0 Mobile Safari/537.36"
152.42.177.187 - - [31/Mar/2025:07:47:04 -0400] "GET /epinyins.php HTTP/1.1" 404 9259 "-" "Mozilla/5.0 (Linux; Android 11; M2010J19SI) AppleWebKit/537.36 (KHTML, like Gecko) Chrome/109.0.0.0 Mobile Safari/537.36"
152.42.177.187 - - [31/Mar/2025:07:47:05 -0400] "GET /wp-admin/dropdown.php HTTP/1.1" 404 9260 "-" "Mozilla/5.0 (Linux; Android 11; M2010J19SI) AppleWebKit/537.36 (KHTML, like Gecko) Chrome/109.0.0.0 Mobile Safari/537.36"
152.42.177.187 - - [31/Mar/2025:07:47:05 -0400] "GET /dropdown.php HTTP/1.1" 404 9259 "-" "Mozilla/5.0 (Linux; Android 11; M2010J19SI) AppleWebKit/537.36 (KHTML, like Gecko) Chrome/109.0.0.0 Mobile Safari/537.36"
152.42.177.187 - - [31/Mar/2025:07:47:06 -0400] "GET /wp-admin/css/index.php HTTP/1.1" 301 0 "-" "Mozilla/5.0 (Linux; Android 11; M2010J19SI) AppleWebKit/537.36 (KHTML, like Gecko) Chrome/109.0.0.0 Mobile Safari/537.36"
152.42.177.187 - - [31/Mar/2025:07:47:06 -0400] "GET /wp-admin/css/ HTTP/1.1" 403 1242 "-" "Mozilla/5.0 (Linux; Android 11; M2010J19SI) AppleWebKit/537.36 (KHTML, like Gecko) Chrome/109.0.0.0 Mobile Safari/537.36"
152.42.177.187 - - [31/Mar/2025:07:47:06 -0400] "GET /wp-content/mah.php HTTP/1.1" 404 9259 "-" "Mozilla/5.0 (Linux; Android 11; M2010J19SI) AppleWebKit/537.36 (KHTML, like Gecko) Chrome/109.0.0.0 Mobile Safari/537.36"
152.42.177.187 - - [31/Mar/2025:07:47:07 -0400] "GET /wp-content/item.php HTTP/1.1" 404 9259 "-" "Mozilla/5.0 (Linux; Android 11; M2010J19SI) AppleWebKit/537.36 (KHTML, like Gecko) Chrome/109.0.0.0 Mobile Safari/537.36"
152.42.177.187 - - [31/Mar/2025:07:47:08 -0400] "GET /wp-content/plugins/shell/about.php HTTP/1.1" 404 9259 "-" "Mozilla/5.0 (Linux; Android 11; M2010J19SI) AppleWebKit/537.36 (KHTML, like Gecko) Chrome/109.0.0.0 Mobile Safari/537.36"
152.42.177.187 - - [31/Mar/2025:07:47:08 -0400] "GET /wp-content/plugins/pwnd/pwnd.php HTTP/1.1" 404 9259 "-" "Mozilla/5.0 (Linux; Android 11; M2010J19SI) AppleWebKit/537.36 (KHTML, like Gecko) Chrome/109.0.0.0 Mobile Safari/537.36"
152.42.177.187 - - [31/Mar/2025:07:47:09 -0400] "GET /wp-content/plugins/fix/up.php HTTP/1.1" 404 9259 "-" "Mozilla/5.0 (Linux; Android 11; M2010J19SI) AppleWebKit/537.36 (KHTML, like Gecko) Chrome/109.0.0.0 Mobile Safari/537.36"
152.42.177.187 - - [31/Mar/2025:07:47:09 -0400] "GET /wp-content/plugins/ph-file-manager/wp-file.php HTTP/1.1" 404 9259 "-" "Mozilla/5.0 (Linux; Android 11; M2010J19SI) AppleWebKit/537.36 (KHTML, like Gecko) Chrome/109.0.0.0 Mobile Safari/537.36"
152.42.177.187 - - [31/Mar/2025:07:47:10 -0400] "GET /.well-known/pki-validation/wp-login.php HTTP/1.1" 404 1251 "-" "Mozilla/5.0 (Linux; Android 11; M2010J19SI) AppleWebKit/537.36 (KHTML, like Gecko) Chrome/109.0.0.0 Mobile Safari/537.36"
152.42.177.187 - - [31/Mar/2025:07:47:10 -0400] "GET /wp-content/plugins/root-file-manager/wp-file.php HTTP/1.1" 404 9259 "-" "Mozilla/5.0 (Linux; Android 11; M2010J19SI) AppleWebKit/537.36 (KHTML, like Gecko) Chrome/109.0.0.0 Mobile Safari/537.36"
152.42.177.187 - - [31/Mar/2025:07:47:11 -0400] "GET /wp-content/plugins/wp-help/mini.php HTTP/1.1" 404 9259 "-" "Mozilla/5.0 (Linux; Android 11; M2010J19SI) AppleWebKit/537.36 (KHTML, like Gecko) Chrome/109.0.0.0 Mobile Safari/537.36"
152.42.177.187 - - [31/Mar/2025:07:47:11 -0400] "GET /wp-content/themes/travel/issue.php HTTP/1.1" 404 9259 "-" "Mozilla/5.0 (Linux; Android 11; M2010J19SI) AppleWebKit/537.36 (KHTML, like Gecko) Chrome/109.0.0.0 Mobile Safari/537.36"
152.42.177.187 - - [31/Mar/2025:07:47:12 -0400] "GET /wp-content/themes/jaida/lang.php HTTP/1.1" 404 9259 "-" "Mozilla/5.0 (Linux; Android 11; M2010J19SI) AppleWebKit/537.36 (KHTML, like Gecko) Chrome/109.0.0.0 Mobile Safari/537.36"
152.42.177.187 - - [31/Mar/2025:07:47:12 -0400] "GET /wp-l0gin.php HTTP/1.1" 404 9259 "-" "Mozilla/5.0 (Linux; Android 11; M2010J19SI) AppleWebKit/537.36 (KHTML, like Gecko) Chrome/109.0.0.0 Mobile Safari/537.36"
152.42.177.187 - - [31/Mar/2025:07:47:13 -0400] "GET /wp-content/plugins/index.php HTTP/1.1" 200 0 "-" "Mozilla/5.0 (Linux; Android 11; M2010J19SI) AppleWebKit/537.36 (KHTML, like Gecko) Chrome/109.0.0.0 Mobile Safari/537.36"
152.42.177.187 - - [31/Mar/2025:07:47:13 -0400] "GET /wp-content/plugins/index.php HTTP/1.1" 200 0 "-" "Mozilla/5.0 (Linux; Android 11; M2010J19SI) AppleWebKit/537.36 (KHTML, like Gecko) Chrome/109.0.0.0 Mobile Safari/537.36"
52.203.152.231 - - [31/Mar/2025:07:47:47 -0400] "GET /?p=10009 HTTP/1.1" 200 97711 "-" "Mozilla/5.0 AppleWebKit/537.36 (KHTML, like Gecko; compatible; Amazonbot/0.1; +https://developer.amazon.com/support/amazonbot) Chrome/119.0.6045.214 Safari/537.36"
43.159.139.164 - - [31/Mar/2025:07:56:16 -0400] "GET / HTTP/1.1" 200 97711 "-" "Mozilla/5.0 (iPhone; CPU iPhone OS 13_2_3 like Mac OS X) AppleWebKit/605.1.15 (KHTML, like Gecko) Version/13.0.3 Mobile/15E148 Safari/604.1"
216.244.66.196 - - [31/Mar/2025:08:00:41 -0400] "GET /robots.txt HTTP/1.1" 304 0 "-" "Mozilla/5.0 (compatible; DotBot/1.2; +https://opensiteexplorer.org/dotbot; help@moz.com)"
3.218.103.254 - - [31/Mar/2025:08:30:31 -0400] "GET /?p=10182 HTTP/1.1" 200 97711 "-" "Mozilla/5.0 AppleWebKit/537.36 (KHTML, like Gecko; compatible; Amazonbot/0.1; +https://developer.amazon.com/support/amazonbot) Chrome/119.0.6045.214 Safari/537.36"
94.102.49.46 - - [31/Mar/2025:08:32:02 -0400] "GET /ally-bank-customer-service/ HTTP/1.1" 200 12590 "http://sunquicksf.com/ally-bank-customer-service/" "Mozilla/5.0 (Windows NT 10.0; Win64; x64) AppleWebKit/537.36 (KHTML, like Gecko) Chrome/131.0.0.0 Safari/537.36 Avast/131.0.0.0"
198.54.114.83 - - [31/Mar/2025:08:32:05 -0400] "POST /wp-cron.php?doing_wp_cron=1743424325.0957579612731933593750 HTTP/1.1" 200 0 "-" "WordPress/6.7.2; https://sunquicksf.com"
94.102.49.46 - - [31/Mar/2025:08:32:02 -0400] "POST /wp-comments-post.php HTTP/1.1" 302 0 "http://sunquicksf.com/ally-bank-customer-service/" "Mozilla/5.0 (Windows NT 10.0; Win64; x64) AppleWebKit/537.36 (KHTML, like Gecko) Chrome/131.0.0.0 Safari/537.36 Avast/131.0.0.0"
216.244.66.196 - - [31/Mar/2025:08:46:06 -0400] "GET /robots.txt HTTP/1.1" 304 0 "-" "Mozilla/5.0 (compatible; DotBot/1.2; +https://opensiteexplorer.org/dotbot; help@moz.com)"
52.54.157.23 - - [31/Mar/2025:09:44:23 -0400] "GET /?p=5830 HTTP/1.1" 200 97711 "-" "Mozilla/5.0 AppleWebKit/537.36 (KHTML, like Gecko; compatible; Amazonbot/0.1; +https://developer.amazon.com/support/amazonbot) Chrome/119.0.6045.214 Safari/537.36"
3.235.215.92 - - [31/Mar/2025:09:44:27 -0400] "GET /?p=5972 HTTP/1.1" 200 97711 "-" "Mozilla/5.0 AppleWebKit/537.36 (KHTML, like Gecko; compatible; Amazonbot/0.1; +https://developer.amazon.com/support/amazonbot) Chrome/119.0.6045.214 Safari/537.36"
85.208.98.23 - - [31/Mar/2025:10:04:34 -0400] "GET /robots.txt HTTP/1.1" 200 125 "-" "Mozilla/5.0 (compatible; SemrushBot-BA; +http://www.semrush.com/bot.html)"
198.54.114.83 - - [31/Mar/2025:10:39:53 -0400] "POST /wp-cron.php?doing_wp_cron=1743431993.6017470359802246093750 HTTP/1.1" 200 0 "-" "WordPress/6.7.2; https://sunquicksf.com"
201.178.114.177 - - [31/Mar/2025:10:39:52 -0400] "POST /xmlrpc.php HTTP/1.1" 200 212 "-" "Mozilla/5.0 (X11; Linux x86_64) AppleWebKit/537.36 (KHTML, like Gecko) Chrome/91.0.4472.114 Safari/537.36"
105.101.67.214 - - [31/Mar/2025:10:39:54 -0400] "POST /xmlrpc.php HTTP/1.1" 200 212 "-" "Mozilla/5.0 (Windows NT 6.3; WOW64; rv:43.0) Gecko/20100101 Firefox/43.0"
216.244.66.196 - - [31/Mar/2025:11:01:06 -0400] "GET /robots.txt HTTP/1.1" 304 0 "-" "Mozilla/5.0 (compatible; DotBot/1.2; +https://opensiteexplorer.org/dotbot; help@moz.com)"
84.247.181.144 - - [31/Mar/2025:11:35:06 -0400] "GET / HTTP/1.1" 200 97711 "-" "Mozilla/5.0 (Windows NT 10.0; Win64; x64) AppleWebKit/537.36 (KHTML, like Gecko) Chrome/95.0.4638.69 Safari/537.36"
84.247.181.144 - - [31/Mar/2025:11:35:08 -0400] "GET /wp-includes/ID3/license.txt HTTP/1.1" 200 501 "-" "Mozilla/5.0 (Windows NT 10.0; Win64; x64) AppleWebKit/537.36 (KHTML, like Gecko) Chrome/95.0.4638.69 Safari/537.36"
84.247.181.144 - - [31/Mar/2025:11:35:09 -0400] "GET /feed/ HTTP/1.1" 200 264157 "-" "Mozilla/5.0 (Windows NT 10.0; Win64; x64) AppleWebKit/537.36 (KHTML, like Gecko) Chrome/95.0.4638.69 Safari/537.36"
84.247.181.144 - - [31/Mar/2025:11:35:12 -0400] "GET /?author=1 HTTP/1.1" 200 97711 "-" "Mozilla/5.0 (Windows NT 10.0; Win64; x64) AppleWebKit/537.36 (KHTML, like Gecko) Chrome/95.0.4638.69 Safari/537.36"
84.247.181.144 - - [31/Mar/2025:11:35:14 -0400] "GET /wp-json/wp/v2/users/ HTTP/1.1" 200 1332 "-" "Mozilla/5.0 (Windows NT 10.0; Win64; x64) AppleWebKit/537.36 (KHTML, like Gecko) Chrome/95.0.4638.69 Safari/537.36"
84.247.181.144 - - [31/Mar/2025:11:35:18 -0400] "POST /xmlrpc.php HTTP/1.1" 200 236 "-" "Mozilla/5.0 (Windows NT 10.0; Win64; x64) AppleWebKit/537.36 (KHTML, like Gecko) Chrome/95.0.4638.69 Safari/537.36"
84.247.181.144 - - [31/Mar/2025:11:35:19 -0400] "POST /xmlrpc.php HTTP/1.1" 200 236 "-" "Mozilla/5.0 (Windows NT 10.0; Win64; x64) AppleWebKit/537.36 (KHTML, like Gecko) Chrome/95.0.4638.69 Safari/537.36"
84.247.181.144 - - [31/Mar/2025:11:35:21 -0400] "POST /xmlrpc.php HTTP/1.1" 200 236 "-" "Mozilla/5.0 (Windows NT 10.0; Win64; x64) AppleWebKit/537.36 (KHTML, like Gecko) Chrome/95.0.4638.69 Safari/537.36"
84.247.181.144 - - [31/Mar/2025:11:35:23 -0400] "POST /xmlrpc.php HTTP/1.1" 200 236 "-" "Mozilla/5.0 (Windows NT 10.0; Win64; x64) AppleWebKit/537.36 (KHTML, like Gecko) Chrome/95.0.4638.69 Safari/537.36"
84.247.181.144 - - [31/Mar/2025:11:35:25 -0400] "POST /xmlrpc.php HTTP/1.1" 200 236 "-" "Mozilla/5.0 (Windows NT 10.0; Win64; x64) AppleWebKit/537.36 (KHTML, like Gecko) Chrome/95.0.4638.69 Safari/537.36"
84.247.181.144 - - [31/Mar/2025:11:35:26 -0400] "POST /xmlrpc.php HTTP/1.1" 200 236 "-" "Mozilla/5.0 (Windows NT 10.0; Win64; x64) AppleWebKit/537.36 (KHTML, like Gecko) Chrome/95.0.4638.69 Safari/537.36"
216.244.66.196 - - [31/Mar/2025:11:46:05 -0400] "GET /robots.txt HTTP/1.1" 304 0 "-" "Mozilla/5.0 (compatible; DotBot/1.2; +https://opensiteexplorer.org/dotbot; help@moz.com)"
95.182.124.163 - - [31/Mar/2025:12:01:41 -0400] "GET / HTTP/1.1" 200 97711 "http://sunquicksf.com/" "Mozilla/5.0 (Windows NT 10.0; Win64; x64) AppleWebKit/537.36 (KHTML, like Gecko) Chrome/131.0.0.0 Safari/537.36 Avast/131.0.0.0"
87.239.191.53 - - [31/Mar/2025:12:06:55 -0400] "GET / HTTP/1.1" 200 97711 "http://sunquicksf.com/" "Mozilla/5.0 (Windows NT 10.0; Win64; x64) AppleWebKit/537.36 (KHTML, like Gecko) Chrome/130.0.0.0 Safari/537.36"
172.98.168.97 - - [31/Mar/2025:12:42:25 -0400] "POST /xmlrpc.php HTTP/1.1" 200 212 "-" "Mozilla/5.0 (Macintosh; Intel Mac OS X 10_15_5) AppleWebKit/538.31 (KHTML, like Gecko111) Chrome/93.5 Safari/536.35"
142.111.124.113 - - [31/Mar/2025:12:42:26 -0400] "POST /xmlrpc.php HTTP/1.1" 200 212 "-" "Mozilla/5.0 (Macintosh; Intel Mac OS X 10_15_6) AppleWebKit/532.37 (KHTML, like Gecko111) Chrome/96.1 Safari/531.35"
162.62.132.25 - - [31/Mar/2025:13:07:44 -0400] "GET / HTTP/1.1" 200 97711 "-" "Mozilla/5.0 (iPhone; CPU iPhone OS 13_2_3 like Mac OS X) AppleWebKit/605.1.15 (KHTML, like Gecko) Version/13.0.3 Mobile/15E148 Safari/604.1"
178.217.99.17 - - [31/Mar/2025:13:08:09 -0400] "GET /ally-bank-customer-service/ HTTP/1.1" 200 12590 "-" "Mozilla/5.0 (Windows NT 10.0; Win64; x64) AppleWebKit/537.36 (KHTML, like Gecko) Chrome/114.0.0.0 Safari/537.36"
198.54.114.83 - - [31/Mar/2025:13:35:03 -0400] "POST /wp-cron.php?doing_wp_cron=1743442503.4149649143218994140625 HTTP/1.1" 200 0 "-" "WordPress/6.7.2; https://sunquicksf.com"
216.244.66.196 - - [31/Mar/2025:13:35:02 -0400] "GET /kratom-for-sale-where-to-find-high-quality-kratom/ HTTP/1.1" 200 14014 "-" "Mozilla/5.0 (compatible; DotBot/1.2; +https://opensiteexplorer.org/dotbot; help@moz.com)"
216.244.66.196 - - [31/Mar/2025:14:00:26 -0400] "GET /robots.txt HTTP/1.1" 304 0 "-" "Mozilla/5.0 (compatible; DotBot/1.2; +https://opensiteexplorer.org/dotbot; help@moz.com)"
216.244.66.196 - - [31/Mar/2025:14:45:21 -0400] "GET /robots.txt HTTP/1.1" 304 0 "-" "Mozilla/5.0 (compatible; DotBot/1.2; +https://opensiteexplorer.org/dotbot; help@moz.com)"
213.202.252.119 - - [31/Mar/2025:15:27:03 -0400] "GET /wp-login.php HTTP/1.1" 302 0 "-" "Mozilla/5.0 (Windows NT 10.0; Win64; x64; rv:95.0) Gecko/20100101 Firefox/95.0"
92.255.57.39 - - [31/Mar/2025:15:30:17 -0400] "GET / HTTP/1.1" 200 97711 "http://sunquicksf.com/" "Mozilla/5.0 (Windows NT 10.0; Win64; x64) AppleWebKit/537.36 (KHTML, like Gecko) Chrome/130.0.0.0 Safari/537.36 CCleaner/130.0.0.0"
216.244.66.196 - - [31/Mar/2025:15:30:20 -0400] "GET /robots.txt HTTP/1.1" 304 0 "-" "Mozilla/5.0 (compatible; DotBot/1.2; +https://opensiteexplorer.org/dotbot; help@moz.com)"
137.184.92.39 - - [31/Mar/2025:15:33:56 -0400] "GET / HTTP/1.1" 200 97711 "-" "Mozilla/5.0 (compatible)"
119.96.24.54 - - [31/Mar/2025:15:38:52 -0400] "GET / HTTP/1.1" 200 97711 "-" "Mozilla/5.0 (iPhone; CPU iPhone OS 13_2_3 like Mac OS X) AppleWebKit/605.1.15 (KHTML, like Gecko) Version/13.0.3 Mobile/15E148 Safari/604.1"
194.38.23.16 - - [31/Mar/2025:15:48:00 -0400] "GET /plugins/html5-file-upload/html5fileupload.remove.php HTTP/1.1" 404 9259 "-" "ALittle Client"
216.244.66.196 - - [31/Mar/2025:16:15:16 -0400] "GET /robots.txt HTTP/1.1" 304 0 "-" "Mozilla/5.0 (compatible; DotBot/1.2; +https://opensiteexplorer.org/dotbot; help@moz.com)"
173.245.207.242 - - [31/Mar/2025:16:30:41 -0400] "GET /ally-bank-customer-service/ HTTP/1.1" 200 12590 "http://sunquicksf.com/ally-bank-customer-service/" "Mozilla/5.0 (Windows NT 10.0; Win64; x64) AppleWebKit/537.36 (KHTML, like Gecko) Chrome/131.0.0.0 Safari/537.36 Avast/131.0.0.0"
173.245.207.242 - - [31/Mar/2025:16:30:41 -0400] "POST /wp-comments-post.php HTTP/1.1" 302 0 "http://sunquicksf.com/ally-bank-customer-service/" "Mozilla/5.0 (Windows NT 10.0; Win64; x64) AppleWebKit/537.36 (KHTML, like Gecko) Chrome/131.0.0.0 Safari/537.36 Avast/131.0.0.0"
45.154.98.74 - - [31/Mar/2025:16:35:04 -0400] "GET / HTTP/1.1" 200 97711 "-" "Mozilla/5.0 (Windows NT 10.0; Win64; x64) AppleWebKit/537.36 (KHTML, like Gecko) Chrome/89.0.4389.114 Safari/537.36"
45.154.98.74 - - [31/Mar/2025:16:35:04 -0400] "GET / HTTP/1.1" 200 97711 "-" "Mozilla/5.0 (Windows NT 10.0; Win64; x64) AppleWebKit/537.36 (KHTML, like Gecko) Chrome/89.0.4389.114 Safari/537.36"
45.154.98.74 - - [31/Mar/2025:16:35:04 -0400] "GET /wp-includes/wlwmanifest.xml HTTP/1.1" 404 9265 "-" "Mozilla/5.0 (Windows NT 10.0; Win64; x64) AppleWebKit/537.36 (KHTML, like Gecko) Chrome/89.0.4389.114 Safari/537.36"
45.154.98.74 - - [31/Mar/2025:16:35:08 -0400] "GET /?author=1 HTTP/1.1" 200 97711 "-" "Mozilla/5.0 (Windows NT 10.0; Win64; x64) AppleWebKit/537.36 (KHTML, like Gecko) Chrome/89.0.4389.114 Safari/537.36"
45.154.98.74 - - [31/Mar/2025:16:35:08 -0400] "GET /?author=2 HTTP/1.1" 200 97711 "-" "Mozilla/5.0 (Windows NT 10.0; Win64; x64) AppleWebKit/537.36 (KHTML, like Gecko) Chrome/89.0.4389.114 Safari/537.36"
45.154.98.74 - - [31/Mar/2025:16:35:08 -0400] "GET /?author=3 HTTP/1.1" 200 97711 "-" "Mozilla/5.0 (Windows NT 10.0; Win64; x64) AppleWebKit/537.36 (KHTML, like Gecko) Chrome/89.0.4389.114 Safari/537.36"
45.154.98.74 - - [31/Mar/2025:16:35:09 -0400] "GET /wp-json/wp/v2/users/ HTTP/1.1" 200 1332 "-" "Mozilla/5.0 (Windows NT 10.0; Win64; x64) AppleWebKit/537.36 (KHTML, like Gecko) Chrome/89.0.4389.114 Safari/537.36"
45.66.237.167 - - [31/Mar/2025:16:39:21 -0400] "GET /how-to-find-a-24-7-locksmith-near-you/ HTTP/1.1" 200 12406 "-" "Mozilla/5.0 (Windows NT 10.0; Win64; x64) AppleWebKit/537.36 (KHTML, like Gecko) Chrome/114.0.0.0 Safari/537.36"
2001:4ba0:cafe:b2c::1 - - [31/Mar/2025:16:56:14 -0400] "GET / HTTP/1.1" 200 97711 "-" "Mozilla/5.0 (Windows NT 10.0; Win64; x64) AppleWebKit/537.36 (KHTML, like Gecko) Chrome/91.0.4472.114 Safari/537.36 Edg/91.0.864.54"
216.244.66.196 - - [31/Mar/2025:17:01:52 -0400] "GET /robots.txt HTTP/1.1" 304 0 "-" "Mozilla/5.0 (compatible; DotBot/1.2; +https://opensiteexplorer.org/dotbot; help@moz.com)"
147.53.122.221 - - [31/Mar/2025:17:44:26 -0400] "GET /ally-bank-customer-service/ HTTP/1.1" 200 12590 "-" "Mozilla/5.0 (Windows NT 10.0; Win64; x64) AppleWebKit/537.36 (KHTML, like Gecko) Chrome/114.0.0.0 Safari/537.36 OPR/89.0.4447.51"
147.53.114.25 - - [31/Mar/2025:17:44:33 -0400] "GET /ally-bank-customer-service/ HTTP/1.1" 200 12590 "-" "PHP/7.3.76"
216.244.66.196 - - [31/Mar/2025:17:46:28 -0400] "GET /robots.txt HTTP/1.1" 304 0 "-" "Mozilla/5.0 (compatible; DotBot/1.2; +https://opensiteexplorer.org/dotbot; help@moz.com)"
85.208.98.23 - - [31/Mar/2025:17:47:37 -0400] "GET /robots.txt HTTP/1.1" 304 0 "-" "Mozilla/5.0 (compatible; SemrushBot-BA; +http://www.semrush.com/bot.html)"
165.154.226.62 - - [31/Mar/2025:17:50:10 -0400] "GET / HTTP/1.1" 200 97711 "-" "Embarcadero URI Client/1.0"
147.53.125.255 - - [31/Mar/2025:17:52:34 -0400] "GET /ally-bank-customer-service/ HTTP/1.1" 200 12590 "-" "Mozilla/5.0 (Windows NT 10.0; Win64; x64) AppleWebKit/537.36 (KHTML, like Gecko) Chrome/114.0.0.0 Safari/537.36"
195.20.18.175 - - [31/Mar/2025:18:55:32 -0400] "GET /plugins/jquery-file-upload/server/php/index.php?file=tf2rghf.jpg HTTP/1.1" 301 0 "-" "ALittle Client"
198.54.114.83 - - [31/Mar/2025:18:55:38 -0400] "POST /wp-cron.php?doing_wp_cron=1743461733.7094080448150634765625 HTTP/1.1" 200 0 "-" "WordPress/6.7.2; https://sunquicksf.com"
198.54.114.83 - - [31/Mar/2025:18:58:00 -0400] "POST /wp-cron.php?doing_wp_cron=1743461879.9885189533233642578125 HTTP/1.1" 200 0 "-" "WordPress/6.7.2; https://sunquicksf.com"
195.20.18.175 - - [31/Mar/2025:18:57:57 -0400] "GET /plugins/jquery-file-upload/server/php/?file=tf2rghf.jpg HTTP/1.1" 404 9259 "-" "ALittle Client"
43.153.104.196 - - [31/Mar/2025:18:59:43 -0400] "GET / HTTP/1.1" 200 97711 "-" "Mozilla/5.0 (iPhone; CPU iPhone OS 13_2_3 like Mac OS X) AppleWebKit/605.1.15 (KHTML, like Gecko) Version/13.0.3 Mobile/15E148 Safari/604.1"
216.244.66.196 - - [31/Mar/2025:19:16:24 -0400] "GET /robots.txt HTTP/1.1" 304 0 "-" "Mozilla/5.0 (compatible; DotBot/1.2; +https://opensiteexplorer.org/dotbot; help@moz.com)"
156.248.102.175 - - [31/Mar/2025:19:33:58 -0400] "GET /ally-bank-customer-service/ HTTP/1.1" 200 12590 "-" "Mozilla/5.0 (Windows NT 10.0; Win64; x64; rv:114.0) Gecko/20100101 Firefox/114.0"
216.244.66.196 - - [31/Mar/2025:20:01:41 -0400] "GET /robots.txt HTTP/1.1" 304 0 "-" "Mozilla/5.0 (compatible; DotBot/1.2; +https://opensiteexplorer.org/dotbot; help@moz.com)"
54.36.148.1 - - [31/Mar/2025:20:02:48 -0400] "GET /robots.txt HTTP/1.1" 200 125 "-" "Mozilla/5.0 (compatible; AhrefsBot/7.0; +http://ahrefs.com/robot/)"
85.208.98.23 - - [31/Mar/2025:20:03:34 -0400] "GET /robots.txt HTTP/1.1" 304 0 "-" "Mozilla/5.0 (compatible; SemrushBot-BA; +http://www.semrush.com/bot.html)"
156.249.204.15 - - [31/Mar/2025:20:29:38 -0400] "GET /the-best-site-to-buy-youtube-views/ HTTP/1.1" 200 12510 "-" "Mozilla/5.0 (Macintosh; Intel Mac OS X 12_5) AppleWebKit/605.1.15 (KHTML, like Gecko) Version/15.4 Safari/605.1.15"
156.249.204.15 - - [31/Mar/2025:20:29:45 -0400] "POST /wp-comments-post.php HTTP/1.1" 302 0 "https://sunquicksf.com/the-best-site-to-buy-youtube-views/" "Mozilla/5.0 (Macintosh; Intel Mac OS X 12_5) AppleWebKit/605.1.15 (KHTML, like Gecko) Version/15.4 Safari/605.1.15"
156.249.204.15 - - [31/Mar/2025:20:29:53 -0400] "GET /the-best-site-to-buy-youtube-views/?unapproved=47557&moderation-hash=34a46c4bfe3a7d3a22f3cbd8c585b2e3 HTTP/1.1" 200 13411 "http://sunquicksf.com/wp-comments-post.php" "Mozilla/5.0 (Macintosh; Intel Mac OS X 12_5) AppleWebKit/605.1.15 (KHTML, like Gecko) Version/15.4 Safari/605.1.15"
156.249.136.39 - - [31/Mar/2025:20:30:15 -0400] "GET /the-best-site-to-buy-youtube-views/ HTTP/1.1" 200 12510 "-" "Mozilla/5.0 (Macintosh; Intel Mac OS X 12_5) AppleWebKit/605.1.15 (KHTML, like Gecko) Version/15.4 Safari/605.1.15"
216.244.66.196 - - [31/Mar/2025:20:52:56 -0400] "GET /robots.txt HTTP/1.1" 304 0 "-" "Mozilla/5.0 (compatible; DotBot/1.2; +https://opensiteexplorer.org/dotbot; help@moz.com)"
198.54.114.83 - - [31/Mar/2025:21:07:28 -0400] "POST /wp-cron.php?doing_wp_cron=1743469648.0841760635375976562500 HTTP/1.1" 200 0 "-" "WordPress/6.7.2; https://sunquicksf.com"
152.42.225.247 - - [31/Mar/2025:21:07:25 -0400] "GET /wp-login.php HTTP/1.1" 302 0 "-" "Mozilla/5.0"
147.53.122.221 - - [31/Mar/2025:21:19:52 -0400] "GET /ally-bank-customer-service/ HTTP/1.1" 200 12590 "-" "Mozilla/5.0 (Windows NT 10.0; Win64; x64; rv:114.0) Gecko/20100101 Firefox/114.0"
198.54.114.83 - - [31/Mar/2025:21:33:57 -0400] "POST /wp-cron.php?doing_wp_cron=1743471237.5040240287780761718750 HTTP/1.1" 200 0 "-" "WordPress/6.7.2; https://sunquicksf.com"
161.35.15.162 - - [31/Mar/2025:21:33:53 -0400] "GET /wp-cli.php HTTP/1.1" 404 9259 "www.google.com" "Mozlila/5.0 (Linux; Android 7.0; SM-G892A Bulid/NRD90M; wv) AppleWebKit/537.36 (KHTML, like Gecko) Version/4.0 Chrome/60.0.3112.107 Moblie Safari/537.36"
216.244.66.196 - - [31/Mar/2025:21:40:06 -0400] "GET /robots.txt HTTP/1.1" 304 0 "-" "Mozilla/5.0 (compatible; DotBot/1.2; +https://opensiteexplorer.org/dotbot; help@moz.com)"
216.244.66.196 - - [31/Mar/2025:22:29:08 -0400] "GET /robots.txt HTTP/1.1" 304 0 "-" "Mozilla/5.0 (compatible; DotBot/1.2; +https://opensiteexplorer.org/dotbot; help@moz.com)"
140.245.50.20 - - [31/Mar/2025:22:40:39 -0400] "GET /.env HTTP/1.1" 403 1242 "-" "-"
84.39.112.144 - - [31/Mar/2025:22:54:40 -0400] "GET /mk-shoulder-bag/ HTTP/1.1" 200 12247 "-" "Mozilla/5.0 (Macintosh; Intel Mac OS X 12_5) AppleWebKit/537.36 (KHTML, like Gecko) Chrome/114.0.0.0 Safari/537.36 Edg/114.0.1264.71"
156.248.102.175 - - [31/Mar/2025:23:04:19 -0400] "GET /ally-bank-customer-service/ HTTP/1.1" 200 12590 "-" "Mozilla/5.0 (Windows NT 10.0; Win64; x64; rv:114.0) Gecko/20100101 Firefox/114.0"
178.217.99.17 - - [31/Mar/2025:23:10:11 -0400] "GET /ally-bank-customer-service/ HTTP/1.1" 200 12590 "-" "Mozilla/5.0 (Windows NT 10.0; Win64; x64; rv:114.0) Gecko/20100101 Firefox/114.0"
216.244.66.196 - - [31/Mar/2025:23:13:31 -0400] "GET /robots.txt HTTP/1.1" 304 0 "-" "Mozilla/5.0 (compatible; DotBot/1.2; +https://opensiteexplorer.org/dotbot; help@moz.com)"
4.227.36.56 - - [31/Mar/2025:23:36:18 -0400] "GET /robots.txt HTTP/1.1" 200 125 "-" "Mozilla/5.0 AppleWebKit/537.36 (KHTML, like Gecko; compatible; GPTBot/1.2; +https://openai.com/gptbot)"
20.171.207.96 - - [31/Mar/2025:23:36:19 -0400] "GET /?p=11588 HTTP/1.1" 200 97711 "-" "Mozilla/5.0 AppleWebKit/537.36 (KHTML, like Gecko; compatible; GPTBot/1.2; +https://openai.com/gptbot)"
216.244.66.196 - - [31/Mar/2025:23:58:26 -0400] "GET /robots.txt HTTP/1.1" 304 0 "-" "Mozilla/5.0 (compatible; DotBot/1.2; +https://opensiteexplorer.org/dotbot; help@moz.com)"
104.131.185.243 - - [01/Apr/2025:00:05:06 -0400] "GET / HTTP/1.1" 200 97711 "-" "-"
85.208.98.23 - - [01/Apr/2025:00:27:07 -0400] "GET /robots.txt HTTP/1.1" 304 0 "-" "Mozilla/5.0 (compatible; SemrushBot-BA; +http://www.semrush.com/bot.html)"
185.141.57.94 - - [01/Apr/2025:01:04:15 -0400] "GET /ally-bank-customer-service/ HTTP/1.1" 200 12590 "http://sunquicksf.com/ally-bank-customer-service/" "Mozilla/5.0 (Windows NT 10.0; Win64; x64) AppleWebKit/537.36 (KHTML, like Gecko) Chrome/130.0.0.0 Safari/537.36"
185.141.57.94 - - [01/Apr/2025:01:04:16 -0400] "POST /wp-comments-post.php HTTP/1.1" 302 0 "http://sunquicksf.com/ally-bank-customer-service/" "Mozilla/5.0 (Windows NT 10.0; Win64; x64) AppleWebKit/537.36 (KHTML, like Gecko) Chrome/130.0.0.0 Safari/537.36"
58.49.233.126 - - [01/Apr/2025:01:04:43 -0400] "GET / HTTP/1.1" 200 97711 "-" "Mozilla/5.0 (iPhone; CPU iPhone OS 13_2_3 like Mac OS X) AppleWebKit/605.1.15 (KHTML, like Gecko) Version/13.0.3 Mobile/15E148 Safari/604.1"
152.42.213.92 - - [01/Apr/2025:01:20:37 -0400] "GET / HTTP/1.1" 200 97711 "-" "Mozilla/5.0 (Windows NT 10.0; Win64; x64) AppleWebKit/537.36 (KHTML, like Gecko) Chrome/95.0.4638.69 Safari/537.36"
152.42.213.92 - - [01/Apr/2025:01:20:38 -0400] "GET /wp-includes/ID3/license.txt HTTP/1.1" 200 501 "-" "Mozilla/5.0 (Windows NT 10.0; Win64; x64) AppleWebKit/537.36 (KHTML, like Gecko) Chrome/95.0.4638.69 Safari/537.36"
152.42.213.92 - - [01/Apr/2025:01:20:39 -0400] "GET /feed/ HTTP/1.1" 200 264157 "-" "Mozilla/5.0 (Windows NT 10.0; Win64; x64) AppleWebKit/537.36 (KHTML, like Gecko) Chrome/95.0.4638.69 Safari/537.36"
198.54.114.83 - - [01/Apr/2025:01:20:41 -0400] "POST /wp-cron.php?doing_wp_cron=1743484841.2773969173431396484375 HTTP/1.1" 200 0 "-" "WordPress/6.7.2; https://sunquicksf.com"
152.42.213.92 - - [01/Apr/2025:01:20:40 -0400] "GET /wp-login.php HTTP/1.1" 302 0 "-" "Mozilla/5.0 (Windows NT 10.0; Win64; x64) AppleWebKit/537.36 (KHTML, like Gecko) Chrome/95.0.4638.69 Safari/537.36"
216.244.66.196 - - [01/Apr/2025:01:30:30 -0400] "GET /robots.txt HTTP/1.1" 304 0 "-" "Mozilla/5.0 (compatible; DotBot/1.2; +https://opensiteexplorer.org/dotbot; help@moz.com)"
118.195.251.11 - - [01/Apr/2025:02:16:30 -0400] "GET /wp-login.php HTTP/1.1" 302 0 "-" "Apache-HttpClient/4.5.2 (Java/1.8.0_161)"
118.195.251.11 - - [01/Apr/2025:02:16:33 -0400] "GET /?author=1 HTTP/1.1" 200 97711 "-" "Apache-HttpClient/4.5.2 (Java/1.8.0_161)"
118.195.251.11 - - [01/Apr/2025:02:16:33 -0400] "GET /?author=2 HTTP/1.1" 200 97711 "-" "Apache-HttpClient/4.5.2 (Java/1.8.0_161)"
118.195.251.11 - - [01/Apr/2025:02:16:35 -0400] "GET /?author=3 HTTP/1.1" 200 97711 "-" "Apache-HttpClient/4.5.2 (Java/1.8.0_161)"
118.195.251.11 - - [01/Apr/2025:02:16:35 -0400] "GET /?author=4 HTTP/1.1" 200 97711 "-" "Apache-HttpClient/4.5.2 (Java/1.8.0_161)"
118.195.251.11 - - [01/Apr/2025:02:16:36 -0400] "GET /?author=5 HTTP/1.1" 200 97711 "-" "Apache-HttpClient/4.5.2 (Java/1.8.0_161)"
118.195.251.11 - - [01/Apr/2025:02:16:38 -0400] "GET /?author=6 HTTP/1.1" 200 97711 "-" "Apache-HttpClient/4.5.2 (Java/1.8.0_161)"
118.195.251.11 - - [01/Apr/2025:02:16:39 -0400] "GET /?author=7 HTTP/1.1" 200 97711 "-" "Apache-HttpClient/4.5.2 (Java/1.8.0_161)"
118.195.251.11 - - [01/Apr/2025:02:16:40 -0400] "GET /?author=8 HTTP/1.1" 200 97711 "-" "Apache-HttpClient/4.5.2 (Java/1.8.0_161)"
118.195.251.11 - - [01/Apr/2025:02:16:40 -0400] "GET /?author=9 HTTP/1.1" 200 97711 "-" "Apache-HttpClient/4.5.2 (Java/1.8.0_161)"
118.195.251.11 - - [01/Apr/2025:02:16:41 -0400] "GET /?author=10 HTTP/1.1" 200 97711 "-" "Apache-HttpClient/4.5.2 (Java/1.8.0_161)"
118.195.251.11 - - [01/Apr/2025:02:16:42 -0400] "GET /?author=11 HTTP/1.1" 200 97711 "-" "Apache-HttpClient/4.5.2 (Java/1.8.0_161)"
118.195.251.11 - - [01/Apr/2025:02:16:42 -0400] "GET /?author=12 HTTP/1.1" 200 97711 "-" "Apache-HttpClient/4.5.2 (Java/1.8.0_161)"
118.195.251.11 - - [01/Apr/2025:02:16:43 -0400] "GET /?author=13 HTTP/1.1" 200 97711 "-" "Apache-HttpClient/4.5.2 (Java/1.8.0_161)"
118.195.251.11 - - [01/Apr/2025:02:16:43 -0400] "GET /?author=14 HTTP/1.1" 200 97711 "-" "Apache-HttpClient/4.5.2 (Java/1.8.0_161)"
118.195.251.11 - - [01/Apr/2025:02:16:44 -0400] "GET /?author=15 HTTP/1.1" 200 97711 "-" "Apache-HttpClient/4.5.2 (Java/1.8.0_161)"
118.195.251.11 - - [01/Apr/2025:02:16:45 -0400] "GET /?author=16 HTTP/1.1" 200 97711 "-" "Apache-HttpClient/4.5.2 (Java/1.8.0_161)"
118.195.251.11 - - [01/Apr/2025:02:16:46 -0400] "GET /?author=17 HTTP/1.1" 200 97711 "-" "Apache-HttpClient/4.5.2 (Java/1.8.0_161)"
118.195.251.11 - - [01/Apr/2025:02:16:47 -0400] "GET /?author=18 HTTP/1.1" 200 97711 "-" "Apache-HttpClient/4.5.2 (Java/1.8.0_161)"
118.195.251.11 - - [01/Apr/2025:02:16:47 -0400] "GET /?author=19 HTTP/1.1" 200 97711 "-" "Apache-HttpClient/4.5.2 (Java/1.8.0_161)"
118.195.251.11 - - [01/Apr/2025:02:16:48 -0400] "GET /?author=20 HTTP/1.1" 200 97711 "-" "Apache-HttpClient/4.5.2 (Java/1.8.0_161)"
216.244.66.196 - - [01/Apr/2025:02:17:27 -0400] "GET /robots.txt HTTP/1.1" 304 0 "-" "Mozilla/5.0 (compatible; DotBot/1.2; +https://opensiteexplorer.org/dotbot; help@moz.com)"
216.244.66.196 - - [01/Apr/2025:03:02:58 -0400] "GET /robots.txt HTTP/1.1" 200 125 "-" "Mozilla/5.0 (compatible; DotBot/1.2; +https://opensiteexplorer.org/dotbot; help@moz.com)"
52.167.144.64 - - [01/Apr/2025:03:09:28 -0400] "GET /robots.txt HTTP/1.1" 304 0 "-" "Mozilla/5.0 AppleWebKit/537.36 (KHTML, like Gecko; compatible; bingbot/2.0; +http://www.bing.com/bingbot.htm) Chrome/116.0.1938.76 Safari/537.36"
52.167.144.166 - - [01/Apr/2025:03:09:45 -0400] "GET / HTTP/1.1" 200 97711 "-" "Mozilla/5.0 AppleWebKit/537.36 (KHTML, like Gecko; compatible; bingbot/2.0; +http://www.bing.com/bingbot.htm) Chrome/116.0.1938.76 Safari/537.36"
198.54.114.83 - - [01/Apr/2025:03:12:42 -0400] "POST /wp-cron.php?doing_wp_cron=1743491560.0467009544372558593750 HTTP/1.1" 200 0 "-" "WordPress/6.7.2; https://sunquicksf.com"
159.223.90.203 - - [01/Apr/2025:03:12:34 -0400] "GET /wp-content/uploads/2017-------/09/wp-console.php HTTP/1.1" 404 9259 "-" "Mozilla/5.0 (Linux; Android 11; M2010J19SI) AppleWebKit/537.36 (KHTML, like Gecko) Chrome/109.0.0.0 Mobile Safari/537.36"
159.223.90.203 - - [01/Apr/2025:03:12:48 -0400] "GET /wp-includes/js/crop/uword.php HTTP/1.1" 404 9259 "-" "Mozilla/5.0 (Linux; Android 11; M2010J19SI) AppleWebKit/537.36 (KHTML, like Gecko) Chrome/109.0.0.0 Mobile Safari/537.36"
159.223.90.203 - - [01/Apr/2025:03:12:58 -0400] "GET /wp-content/themes/bltm/wp-login.php HTTP/1.1" 404 9259 "-" "Mozilla/5.0 (Linux; Android 11; M2010J19SI) AppleWebKit/537.36 (KHTML, like Gecko) Chrome/109.0.0.0 Mobile Safari/537.36"
159.223.90.203 - - [01/Apr/2025:03:13:01 -0400] "GET /autoload_classmap.php HTTP/1.1" 404 9259 "-" "Mozilla/5.0 (Linux; Android 11; M2010J19SI) AppleWebKit/537.36 (KHTML, like Gecko) Chrome/109.0.0.0 Mobile Safari/537.36"
110.40.78.19 - - [01/Apr/2025:03:13:30 -0400] "GET /zb_users/plugin/UEditor/themes/default/images/cancelbutton.gif HTTP/1.1" 404 9259 "http://sunquicksf.com" "Mozilla/5.0 (Windows NT 10.0; Win64; x64) AppleWebKit/537.36 (KHTML, like Gecko) Chrome/83.0.4103.61 Safari/537.36"
110.40.78.19 - - [01/Apr/2025:03:13:33 -0400] "GET /zb_users/plugin/UEditor/themes/default/images/cursor_v.gif HTTP/1.1" 404 9259 "http://sunquicksf.com" "Mozilla/5.0 (Windows NT 10.0; Win64; x64) AppleWebKit/537.36 (KHTML, like Gecko) Chrome/83.0.4103.61 Safari/537.36"
110.40.78.19 - - [01/Apr/2025:03:13:35 -0400] "GET /zb_users/emotion/face/Music.gif HTTP/1.1" 404 9259 "http://sunquicksf.com" "Mozilla/5.0 (Windows NT 10.0; Win64; x64) AppleWebKit/537.36 (KHTML, like Gecko) Chrome/83.0.4103.61 Safari/537.36"
43.153.87.54 - - [01/Apr/2025:03:25:43 -0400] "GET / HTTP/1.1" 200 97711 "-" "Mozilla/5.0 (iPhone; CPU iPhone OS 13_2_3 like Mac OS X) AppleWebKit/605.1.15 (KHTML, like Gecko) Version/13.0.3 Mobile/15E148 Safari/604.1"
216.131.109.245 - - [01/Apr/2025:03:42:06 -0400] "GET /ally-bank-customer-service/ HTTP/1.1" 200 12590 "http://sunquicksf.com/ally-bank-customer-service/" "Mozilla/5.0 (Windows NT 10.0; Win64; x64) AppleWebKit/537.36 (KHTML, like Gecko) Chrome/131.0.0.0 Safari/537.36"
216.131.109.245 - - [01/Apr/2025:03:42:12 -0400] "POST /wp-comments-post.php HTTP/1.1" 302 0 "http://sunquicksf.com/ally-bank-customer-service/" "Mozilla/5.0 (Windows NT 10.0; Win64; x64) AppleWebKit/537.36 (KHTML, like Gecko) Chrome/131.0.0.0 Safari/537.36"
216.244.66.196 - - [01/Apr/2025:03:47:44 -0400] "GET /robots.txt HTTP/1.1" 304 0 "-" "Mozilla/5.0 (compatible; DotBot/1.2; +https://opensiteexplorer.org/dotbot; help@moz.com)"
185.12.250.104 - - [01/Apr/2025:04:05:12 -0400] "GET /robots.txt HTTP/1.1" 200 125 "-" "Mozilla/5.0 (Macintosh; Intel Mac OS X 10_15_7) AppleWebKit/605.1.15 (KHTML, like Gecko) Version/17.3.1 Safari/605.1.1"
185.12.251.124 - - [01/Apr/2025:04:05:15 -0400] "GET / HTTP/1.1" 200 97711 "-" "Mozilla/5.0 (Macintosh; Intel Mac OS X 10_15_7) AppleWebKit/605.1.15 (KHTML, like Gecko) Version/17.3.1 Safari/605.1.1"
111.225.148.166 - - [01/Apr/2025:04:34:06 -0400] "GET /?p=6874 HTTP/1.1" 200 97711 "-" "Mozilla/5.0 (Linux; Android 5.0) AppleWebKit/537.36 (KHTML, like Gecko) Mobile Safari/537.36 (compatible; Bytespider; https://zhanzhang.toutiao.com/)"
43.159.128.155 - - [01/Apr/2025:04:54:40 -0400] "GET /?p=12472 HTTP/1.1" 200 97711 "-" "Mozilla/5.0 (iPhone; CPU iPhone OS 13_2_3 like Mac OS X) AppleWebKit/605.1.15 (KHTML, like Gecko) Version/13.0.3 Mobile/15E148 Safari/604.1"
45.132.194.23 - - [01/Apr/2025:04:55:05 -0400] "GET /ally-bank-customer-service/ HTTP/1.1" 200 12590 "http://sunquicksf.com/ally-bank-customer-service/" "Mozilla/5.0 (Windows NT 10.0; Win64; x64) AppleWebKit/537.36 (KHTML, like Gecko) Chrome/129.0.0.0 Safari/537.36"
216.244.66.196 - - [01/Apr/2025:05:18:15 -0400] "GET /robots.txt HTTP/1.1" 304 0 "-" "Mozilla/5.0 (compatible; DotBot/1.2; +https://opensiteexplorer.org/dotbot; help@moz.com)"
216.244.66.196 - - [01/Apr/2025:05:48:21 -0400] "GET /how-the-continuum-is-defined/ HTTP/1.1" 200 12243 "-" "Mozilla/5.0 (compatible; DotBot/1.2; +https://opensiteexplorer.org/dotbot; help@moz.com)"
101.33.77.217 - - [01/Apr/2025:06:32:29 -0400] "GET /how-to-choose-a-commercial-air-cleaner/ HTTP/1.1" 200 12529 "http://sunquicksf.com" "Mozilla/5.0 (Windows NT 10.0; Win64; x64) AppleWebKit/537.36 (KHTML, like Gecko) Chrome/62.0.3202.94 Safari/537.36"
101.33.77.217 - - [01/Apr/2025:06:32:33 -0400] "POST /wp-comments-post.php HTTP/1.1" 302 0 "http://sunquicksf.com" "Mozilla/5.0 (Windows NT 10.0; Win64; x64) AppleWebKit/537.36 (KHTML, like Gecko) Chrome/62.0.3202.94 Safari/537.36"
198.54.114.83 - - [01/Apr/2025:06:46:20 -0400] "POST /wp-cron.php?doing_wp_cron=1743504379.1137580871582031250000 HTTP/1.1" 200 0 "-" "WordPress/6.7.2; https://sunquicksf.com"
102.157.122.249 - - [01/Apr/2025:06:46:15 -0400] "POST /wp-login.php HTTP/1.1" 302 0 "http://sunquicksf.com/wp-admin/" "Mozilla/5.0 (Windows NT 10.0; Win64; x64) AppleWebKit/537.36 (KHTML, like Gecko) Chrome/90.0.4430.85 Safari/537.36"
161.97.132.59 - - [01/Apr/2025:06:46:31 -0400] "GET /wp-includes/ HTTP/1.1" 403 1242 "-" "Mozlila/5.0 (Linux; Android 7.0; SM-G892A Bulid/NRD90M; wv) AppleWebKit/537.36 (KHTML, like Gecko) Version/4.0 Chrome/60.0.3112.107 Moblie Safari/537.36"
161.97.132.59 - - [01/Apr/2025:06:46:36 -0400] "GET /wp-content/uploads/ HTTP/1.1" 403 1242 "-" "Mozlila/5.0 (Linux; Android 7.0; SM-G892A Bulid/NRD90M; wv) AppleWebKit/537.36 (KHTML, like Gecko) Version/4.0 Chrome/60.0.3112.107 Moblie Safari/537.36"
161.97.132.59 - - [01/Apr/2025:06:46:39 -0400] "GET /wp-content/plugins/ HTTP/1.1" 200 0 "-" "Mozlila/5.0 (Linux; Android 7.0; SM-G892A Bulid/NRD90M; wv) AppleWebKit/537.36 (KHTML, like Gecko) Version/4.0 Chrome/60.0.3112.107 Moblie Safari/537.36"
161.97.132.59 - - [01/Apr/2025:06:46:41 -0400] "GET /wp-admin/maint/ HTTP/1.1" 403 1242 "-" "Mozlila/5.0 (Linux; Android 7.0; SM-G892A Bulid/NRD90M; wv) AppleWebKit/537.36 (KHTML, like Gecko) Version/4.0 Chrome/60.0.3112.107 Moblie Safari/537.36"
161.97.132.59 - - [01/Apr/2025:06:46:43 -0400] "GET /wp-admin/includes/ HTTP/1.1" 403 1242 "-" "Mozlila/5.0 (Linux; Android 7.0; SM-G892A Bulid/NRD90M; wv) AppleWebKit/537.36 (KHTML, like Gecko) Version/4.0 Chrome/60.0.3112.107 Moblie Safari/537.36"
161.97.132.59 - - [01/Apr/2025:06:46:48 -0400] "GET /wp-includes/ID3/ HTTP/1.1" 403 1242 "-" "Mozlila/5.0 (Linux; Android 7.0; SM-G892A Bulid/NRD90M; wv) AppleWebKit/537.36 (KHTML, like Gecko) Version/4.0 Chrome/60.0.3112.107 Moblie Safari/537.36"
161.97.132.59 - - [01/Apr/2025:06:46:51 -0400] "GET /wp-includes/IXR/ HTTP/1.1" 403 1242 "-" "Mozlila/5.0 (Linux; Android 7.0; SM-G892A Bulid/NRD90M; wv) AppleWebKit/537.36 (KHTML, like Gecko) Version/4.0 Chrome/60.0.3112.107 Moblie Safari/537.36"
161.97.132.59 - - [01/Apr/2025:06:46:54 -0400] "GET /.well-known/ HTTP/1.1" 404 9259 "-" "Mozlila/5.0 (Linux; Android 7.0; SM-G892A Bulid/NRD90M; wv) AppleWebKit/537.36 (KHTML, like Gecko) Version/4.0 Chrome/60.0.3112.107 Moblie Safari/537.36"
161.97.132.59 - - [01/Apr/2025:06:46:58 -0400] "GET /images/ HTTP/1.1" 404 9259 "-" "Mozlila/5.0 (Linux; Android 7.0; SM-G892A Bulid/NRD90M; wv) AppleWebKit/537.36 (KHTML, like Gecko) Version/4.0 Chrome/60.0.3112.107 Moblie Safari/537.36"
161.97.132.59 - - [01/Apr/2025:06:47:03 -0400] "GET /assets/ HTTP/1.1" 404 9260 "-" "Mozlila/5.0 (Linux; Android 7.0; SM-G892A Bulid/NRD90M; wv) AppleWebKit/537.36 (KHTML, like Gecko) Version/4.0 Chrome/60.0.3112.107 Moblie Safari/537.36"
161.97.132.59 - - [01/Apr/2025:06:47:10 -0400] "GET /test/ HTTP/1.1" 404 9259 "-" "Mozlila/5.0 (Linux; Android 7.0; SM-G892A Bulid/NRD90M; wv) AppleWebKit/537.36 (KHTML, like Gecko) Version/4.0 Chrome/60.0.3112.107 Moblie Safari/537.36"
161.97.132.59 - - [01/Apr/2025:06:47:15 -0400] "GET /img/ HTTP/1.1" 404 9259 "-" "Mozlila/5.0 (Linux; Android 7.0; SM-G892A Bulid/NRD90M; wv) AppleWebKit/537.36 (KHTML, like Gecko) Version/4.0 Chrome/60.0.3112.107 Moblie Safari/537.36"
161.97.132.59 - - [01/Apr/2025:06:47:21 -0400] "GET /wp-content/mu-plugins/ HTTP/1.1" 404 9259 "-" "Mozlila/5.0 (Linux; Android 7.0; SM-G892A Bulid/NRD90M; wv) AppleWebKit/537.36 (KHTML, like Gecko) Version/4.0 Chrome/60.0.3112.107 Moblie Safari/537.36"
198.54.114.83 - - [01/Apr/2025:06:47:25 -0400] "POST /wp-cron.php?doing_wp_cron=1743504442.2952198982238769531250 HTTP/1.1" 200 0 "-" "WordPress/6.7.2; https://sunquicksf.com"
161.97.132.59 - - [01/Apr/2025:06:47:29 -0400] "GET /components/ HTTP/1.1" 404 9259 "-" "Mozlila/5.0 (Linux; Android 7.0; SM-G892A Bulid/NRD90M; wv) AppleWebKit/537.36 (KHTML, like Gecko) Version/4.0 Chrome/60.0.3112.107 Moblie Safari/537.36"
161.97.132.59 - - [01/Apr/2025:06:47:35 -0400] "GET /wp-includes/js/ HTTP/1.1" 403 1242 "-" "Mozlila/5.0 (Linux; Android 7.0; SM-G892A Bulid/NRD90M; wv) AppleWebKit/537.36 (KHTML, like Gecko) Version/4.0 Chrome/60.0.3112.107 Moblie Safari/537.36"
161.97.132.59 - - [01/Apr/2025:06:47:36 -0400] "GET /wp-admin/css/ HTTP/1.1" 403 1242 "-" "Mozlila/5.0 (Linux; Android 7.0; SM-G892A Bulid/NRD90M; wv) AppleWebKit/537.36 (KHTML, like Gecko) Version/4.0 Chrome/60.0.3112.107 Moblie Safari/537.36"
161.97.132.59 - - [01/Apr/2025:06:47:38 -0400] "GET /wp-content/ HTTP/1.1" 200 0 "-" "Mozlila/5.0 (Linux; Android 7.0; SM-G892A Bulid/NRD90M; wv) AppleWebKit/537.36 (KHTML, like Gecko) Version/4.0 Chrome/60.0.3112.107 Moblie Safari/537.36"
161.97.132.59 - - [01/Apr/2025:06:47:45 -0400] "GET /wp-content/themes/ HTTP/1.1" 200 0 "-" "Mozlila/5.0 (Linux; Android 7.0; SM-G892A Bulid/NRD90M; wv) AppleWebKit/537.36 (KHTML, like Gecko) Version/4.0 Chrome/60.0.3112.107 Moblie Safari/537.36"
161.97.132.59 - - [01/Apr/2025:06:47:50 -0400] "GET /wp-admin/ HTTP/1.1" 302 0 "-" "Mozlila/5.0 (Linux; Android 7.0; SM-G892A Bulid/NRD90M; wv) AppleWebKit/537.36 (KHTML, like Gecko) Version/4.0 Chrome/60.0.3112.107 Moblie Safari/537.36"
161.97.132.59 - - [01/Apr/2025:06:48:08 -0400] "GET /uploads/ HTTP/1.1" 404 9259 "-" "Mozlila/5.0 (Linux; Android 7.0; SM-G892A Bulid/NRD90M; wv) AppleWebKit/537.36 (KHTML, like Gecko) Version/4.0 Chrome/60.0.3112.107 Moblie Safari/537.36"
161.97.132.59 - - [01/Apr/2025:06:48:16 -0400] "GET /upload/ HTTP/1.1" 404 9259 "-" "Mozlila/5.0 (Linux; Android 7.0; SM-G892A Bulid/NRD90M; wv) AppleWebKit/537.36 (KHTML, like Gecko) Version/4.0 Chrome/60.0.3112.107 Moblie Safari/537.36"
161.97.132.59 - - [01/Apr/2025:06:48:24 -0400] "GET /home/ HTTP/1.1" 301 0 "-" "Mozlila/5.0 (Linux; Android 7.0; SM-G892A Bulid/NRD90M; wv) AppleWebKit/537.36 (KHTML, like Gecko) Version/4.0 Chrome/60.0.3112.107 Moblie Safari/537.36"
198.54.114.83 - - [01/Apr/2025:06:48:28 -0400] "POST /wp-cron.php?doing_wp_cron=1743504505.9142599105834960937500 HTTP/1.1" 200 0 "-" "WordPress/6.7.2; https://sunquicksf.com"
161.97.132.59 - - [01/Apr/2025:06:48:38 -0400] "GET /files/ HTTP/1.1" 404 9259 "-" "Mozlila/5.0 (Linux; Android 7.0; SM-G892A Bulid/NRD90M; wv) AppleWebKit/537.36 (KHTML, like Gecko) Version/4.0 Chrome/60.0.3112.107 Moblie Safari/537.36"
46.8.11.61 - - [01/Apr/2025:07:03:23 -0400] "GET / HTTP/1.1" 200 97711 "http://sunquicksf.com/" "Mozilla/5.0 (Windows NT 10.0; Win64; x64) AppleWebKit/537.36 (KHTML, like Gecko) Chrome/131.0.0.0 Safari/537.36"
216.244.66.196 - - [01/Apr/2025:07:04:00 -0400] "GET /robots.txt HTTP/1.1" 304 0 "-" "Mozilla/5.0 (compatible; DotBot/1.2; +https://opensiteexplorer.org/dotbot; help@moz.com)"
216.244.66.196 - - [01/Apr/2025:07:48:25 -0400] "GET /robots.txt HTTP/1.1" 304 0 "-" "Mozilla/5.0 (compatible; DotBot/1.2; +https://opensiteexplorer.org/dotbot; help@moz.com)"
20.191.45.212 - - [01/Apr/2025:08:13:51 -0400] "GET / HTTP/1.1" 200 97711 "http://sunquicksf.com/" "DuckDuckBot/1.1; (+http://duckduckgo.com/duckduckbot.html)"
20.191.45.212 - - [01/Apr/2025:08:13:54 -0400] "GET /favicon.ico HTTP/1.1" 404 1251 "http://sunquicksf.com/favicon.ico" "DuckDuckBot/1.1; (+http://duckduckgo.com/duckduckbot.html)"
216.244.66.196 - - [01/Apr/2025:08:33:31 -0400] "GET /robots.txt HTTP/1.1" 304 0 "-" "Mozilla/5.0 (compatible; DotBot/1.2; +https://opensiteexplorer.org/dotbot; help@moz.com)"
198.54.114.83 - - [01/Apr/2025:08:38:58 -0400] "POST /wp-cron.php?doing_wp_cron=1743511138.0608360767364501953125 HTTP/1.1" 200 0 "-" "WordPress/6.7.2; https://sunquicksf.com"
216.244.66.196 - - [01/Apr/2025:08:38:57 -0400] "GET /2025/03/ HTTP/1.1" 301 0 "-" "Mozilla/5.0 (compatible; DotBot/1.2; +https://opensiteexplorer.org/dotbot; help@moz.com)"
204.8.96.101 - - [01/Apr/2025:08:49:10 -0400] "POST /xmlrpc.php HTTP/1.1" 200 212 "https://www.google.com/" "Mozilla/5.0 (Windows NT 10.0; WOW64) AppleWebKit/537.36 (KHTML, like Gecko) Chrome/72.0.3626.121 Safari/537.36"
198.54.114.83 - - [01/Apr/2025:08:49:18 -0400] "POST /wp-cron.php?doing_wp_cron=1743511755.8794460296630859375000 HTTP/1.1" 200 0 "-" "WordPress/6.7.2; https://sunquicksf.com"
198.54.114.83 - - [01/Apr/2025:08:57:02 -0400] "POST /wp-cron.php?doing_wp_cron=1743512220.9732780456542968750000 HTTP/1.1" 200 0 "-" "WordPress/6.7.2; https://sunquicksf.com"
45.84.107.97 - - [01/Apr/2025:08:56:55 -0400] "POST /xmlrpc.php HTTP/1.1" 200 212 "https://www.google.com/" "Mozilla/5.0 (X11; Ubuntu; Linux x86_64; rv:65.0) Gecko/20100101 Firefox/65.0"
196.251.80.22 - - [01/Apr/2025:09:02:29 -0400] "GET / HTTP/1.1" 200 97711 "-" "Mozlila/5.0 (Linux; Android 7.0; SM-G892A Bulid/NRD90M; wv) AppleWebKit/537.36 (KHTML, like Gecko) Version/4.0 Chrome/60.0.3112.107 Moblie Safari/537.36"
198.54.114.83 - - [01/Apr/2025:09:02:33 -0400] "POST /wp-cron.php?doing_wp_cron=1743512552.5476140975952148437500 HTTP/1.1" 200 0 "-" "WordPress/6.7.2; https://sunquicksf.com"
198.54.114.83 - - [01/Apr/2025:09:02:33 -0400] "POST /wp-cron.php?doing_wp_cron=1743512552.5495638847351074218750 HTTP/1.1" 200 0 "-" "WordPress/6.7.2; https://sunquicksf.com"
198.54.114.83 - - [01/Apr/2025:09:02:33 -0400] "POST /wp-cron.php?doing_wp_cron=1743512552.5483999252319335937500 HTTP/1.1" 200 0 "-" "WordPress/6.7.2; https://sunquicksf.com"
198.54.114.83 - - [01/Apr/2025:09:02:33 -0400] "POST /wp-cron.php?doing_wp_cron=1743512552.5511538982391357421875 HTTP/1.1" 200 0 "-" "WordPress/6.7.2; https://sunquicksf.com"
196.251.80.22 - - [01/Apr/2025:09:02:29 -0400] "POST /ALFA_DATA/alfacgiapi/perl.alfa HTTP/1.1" 404 9208 "www.google.com" "Mozlila/5.0 (Linux; Android 7.0; SM-G892A Bulid/NRD90M; wv) AppleWebKit/537.36 (KHTML, like Gecko) Version/4.0 Chrome/60.0.3112.107 Moblie Safari/537.36"
196.251.80.22 - - [01/Apr/2025:09:02:29 -0400] "GET /wp-content/plugins/fix/up.php HTTP/1.1" 404 9259 "-" "Mozilla/5.0 (Windows NT 10.0; Win64; x64) AppleWebKit/537.36 (KHTML, like Gecko) Chrome/85.0.4183.102 Safari/537.36"
196.251.80.22 - - [01/Apr/2025:09:02:31 -0400] "GET /wp-content/themes/seotheme/db.php?u HTTP/1.1" 404 9259 "www.google.com" "Mozlila/5.0 (Linux; Android 7.0; SM-G892A Bulid/NRD90M; wv) AppleWebKit/537.36 (KHTML, like Gecko) Version/4.0 Chrome/60.0.3112.107 Moblie Safari/537.36"
196.251.80.22 - - [01/Apr/2025:09:02:29 -0400] "POST /wp-plain.php HTTP/1.1" 404 9208 "www.google.com" "Mozilla/5.0 (Linux; Android 7.0; SM-G892A Bulid/NRD90M; wv) AppleWebKit/537.36 (KHTML, like Gecko) Version/4.0 Chrome/60.0.3112.107 Moblie Safari/537.36"
196.251.80.22 - - [01/Apr/2025:09:02:35 -0400] "POST /alfacgiapi/perl.alfa HTTP/1.1" 404 9208 "www.google.com" "Mozlila/5.0 (Linux; Android 7.0; SM-G892A Bulid/NRD90M; wv) AppleWebKit/537.36 (KHTML, like Gecko) Version/4.0 Chrome/60.0.3112.107 Moblie Safari/537.36"
196.251.80.22 - - [01/Apr/2025:09:02:35 -0400] "GET /masmpkuy.php?Fox=d3wL7 HTTP/1.1" 404 9259 "www.google.com" "Mozilla/5.0 (Linux; Android 7.0; SM-G892A Bulid/NRD90M; wv) AppleWebKit/537.36 (KHTML, like Gecko) Version/4.0 Chrome/60.0.3112.107 Moblie Safari/537.36"
124.220.171.218 - - [01/Apr/2025:09:11:30 -0400] "GET / HTTP/1.1" 200 97711 "-" "Mozilla/5.0 (Linux; Android 10; LIO-AN00 Build/HUAWEILIO-AN00; wv) MicroMessenger Weixin QQ AppleWebKit/537.36 (KHTML, like Gecko) Version/4.0 Chrome/78.0.3904.62 XWEB/2692 MMWEBSDK/200901 Mobile Safari/537.36"
157.55.39.58 - - [01/Apr/2025:09:12:24 -0400] "GET /?p=19093 HTTP/1.1" 200 97711 "-" "Mozilla/5.0 AppleWebKit/537.36 (KHTML, like Gecko; compatible; bingbot/2.0; +http://www.bing.com/bingbot.htm) Chrome/116.0.1938.76 Safari/537.36"
216.244.66.196 - - [01/Apr/2025:09:19:12 -0400] "GET /robots.txt HTTP/1.1" 304 0 "-" "Mozilla/5.0 (compatible; DotBot/1.2; +https://opensiteexplorer.org/dotbot; help@moz.com)"
47.82.11.95 - - [01/Apr/2025:09:30:32 -0400] "GET /wp-includes/js/jquery/jquery.min.js HTTP/1.1" 200 35438 "-" "Mozilla/5.0 (Windows NT 10.0; Win64; x64) AppleWebKit/537.36 (KHTML, like Gecko) Chrome/114.0.0.0 Safari/537.36 Edg/114.0.1823.43"
47.82.10.26 - - [01/Apr/2025:09:31:09 -0400] "GET /wp-content/themes/newspaperly/js/navigation.js HTTP/1.1" 200 1179 "-" "Mozilla/5.0 (Windows NT 10.0; Win64; x64) AppleWebKit/537.36 (KHTML, like Gecko) Chrome/114.0.0.0 Safari/537.36 Edg/114.0.1823.43"
47.82.10.45 - - [01/Apr/2025:09:31:28 -0400] "GET /wp-includes/js/jquery/jquery-migrate.min.js HTTP/1.1" 200 5342 "-" "Mozilla/5.0 (Windows NT 10.0; Win64; x64) AppleWebKit/537.36 (KHTML, like Gecko) Chrome/114.0.0.0 Safari/537.36 Edg/114.0.1823.43"
124.220.171.218 - - [01/Apr/2025:09:32:17 -0400] "GET / HTTP/1.1" 200 97711 "-" "Mozilla/5.0 (Linux; Android 10; LIO-AN00 Build/HUAWEILIO-AN00; wv) MicroMessenger Weixin QQ AppleWebKit/537.36 (KHTML, like Gecko) Version/4.0 Chrome/78.0.3904.62 XWEB/2692 MMWEBSDK/200901 Mobile Safari/537.36"
