139.99.68.31 - - [30/Mar/2025:05:20:42 -0400] "GET /wp-content/plugins/fix/up.php HTTP/1.1" 404 9259 "-" "Mozilla/5.0 (Linux; Android 11; M2010J19SI) AppleWebKit/537.36 (KHTML, like Gecko) Chrome/109.0.0.0 Mobile Safari/537.36"
139.99.68.31 - - [30/Mar/2025:05:20:46 -0400] "GET /wp-content/plugins/ph-file-manager/wp-file.php HTTP/1.1" 404 9259 "-" "Mozilla/5.0 (Linux; Android 11; M2010J19SI) AppleWebKit/537.36 (KHTML, like Gecko) Chrome/109.0.0.0 Mobile Safari/537.36"
139.99.68.31 - - [30/Mar/2025:05:20:48 -0400] "GET /wp-content/plugins/root-file-manager/wp-file.php HTTP/1.1" 404 9259 "-" "Mozilla/5.0 (Linux; Android 11; M2010J19SI) AppleWebKit/537.36 (KHTML, like Gecko) Chrome/109.0.0.0 Mobile Safari/537.36"
139.99.68.31 - - [30/Mar/2025:05:20:49 -0400] "GET /wp-content/plugins/wp-help/mini.php HTTP/1.1" 404 9259 "-" "Mozilla/5.0 (Linux; Android 11; M2010J19SI) AppleWebKit/537.36 (KHTML, like Gecko) Chrome/109.0.0.0 Mobile Safari/537.36"
139.99.68.31 - - [30/Mar/2025:05:20:50 -0400] "GET /wp-content/themes/travel/issue.php HTTP/1.1" 404 9259 "-" "Mozilla/5.0 (Linux; Android 11; M2010J19SI) AppleWebKit/537.36 (KHTML, like Gecko) Chrome/109.0.0.0 Mobile Safari/537.36"
139.99.68.31 - - [30/Mar/2025:05:20:50 -0400] "GET /wp-content/themes/jaida/lang.php HTTP/1.1" 404 9259 "-" "Mozilla/5.0 (Linux; Android 11; M2010J19SI) AppleWebKit/537.36 (KHTML, like Gecko) Chrome/109.0.0.0 Mobile Safari/537.36"
139.99.68.31 - - [30/Mar/2025:05:20:51 -0400] "GET /wp-l0gin.php HTTP/1.1" 404 9259 "-" "Mozilla/5.0 (Linux; Android 11; M2010J19SI) AppleWebKit/537.36 (KHTML, like Gecko) Chrome/109.0.0.0 Mobile Safari/537.36"
139.99.68.31 - - [30/Mar/2025:05:20:54 -0400] "GET /ext.php HTTP/1.1" 404 9259 "-" "Mozilla/5.0 (Linux; Android 11; M2010J19SI) AppleWebKit/537.36 (KHTML, like Gecko) Chrome/109.0.0.0 Mobile Safari/537.36"
139.99.68.31 - - [30/Mar/2025:05:20:55 -0400] "GET /wp-l0gin.php HTTP/1.1" 404 9259 "-" "Mozilla/5.0 (Linux; Android 11; M2010J19SI) AppleWebKit/537.36 (KHTML, like Gecko) Chrome/109.0.0.0 Mobile Safari/537.36"
157.245.197.94 - - [30/Mar/2025:05:38:36 -0400] "GET / HTTP/1.1" 200 97711 "-" "Mozilla/5.0 (Windows NT 10.0; Win64; x64) AppleWebKit/537.36 (KHTML, like Gecko) Chrome/95.0.4638.69 Safari/537.36"
157.245.197.94 - - [30/Mar/2025:05:38:45 -0400] "GET /wp-includes/ID3/license.txt HTTP/1.1" 200 501 "-" "Mozilla/5.0 (Windows NT 10.0; Win64; x64) AppleWebKit/537.36 (KHTML, like Gecko) Chrome/95.0.4638.69 Safari/537.36"
198.54.114.83 - - [30/Mar/2025:05:38:46 -0400] "POST /wp-cron.php?doing_wp_cron=1743327526.2339088916778564453125 HTTP/1.1" 200 0 "-" "WordPress/6.7.2; https://sunquicksf.com"
157.245.197.94 - - [30/Mar/2025:05:38:46 -0400] "GET /feed/ HTTP/1.1" 200 264157 "-" "Mozilla/5.0 (Windows NT 10.0; Win64; x64) AppleWebKit/537.36 (KHTML, like Gecko) Chrome/95.0.4638.69 Safari/537.36"
157.245.197.94 - - [30/Mar/2025:05:38:49 -0400] "GET /?author=1 HTTP/1.1" 200 97711 "-" "Mozilla/5.0 (Windows NT 10.0; Win64; x64) AppleWebKit/537.36 (KHTML, like Gecko) Chrome/95.0.4638.69 Safari/537.36"
157.245.197.94 - - [30/Mar/2025:05:38:53 -0400] "GET /wp-json/wp/v2/users/ HTTP/1.1" 200 1332 "-" "Mozilla/5.0 (Windows NT 10.0; Win64; x64) AppleWebKit/537.36 (KHTML, like Gecko) Chrome/95.0.4638.69 Safari/537.36"
157.245.197.94 - - [30/Mar/2025:05:38:53 -0400] "POST /xmlrpc.php HTTP/1.1" 200 236 "-" "Mozilla/5.0 (Windows NT 10.0; Win64; x64) AppleWebKit/537.36 (KHTML, like Gecko) Chrome/95.0.4638.69 Safari/537.36"
157.245.197.94 - - [30/Mar/2025:05:40:17 -0400] "POST /xmlrpc.php HTTP/1.1" 200 0 "-" "Mozilla/5.0 (Windows NT 10.0; Win64; x64) AppleWebKit/537.36 (KHTML, like Gecko) Chrome/95.0.4638.69 Safari/537.36"
198.54.114.83 - - [30/Mar/2025:05:42:30 -0400] "POST /wp-cron.php?doing_wp_cron=1743327750.7138190269470214843750 HTTP/1.1" 200 0 "-" "WordPress/6.7.2; https://sunquicksf.com"
157.245.197.94 - - [30/Mar/2025:05:41:48 -0400] "POST /xmlrpc.php HTTP/1.1" 200 236 "-" "Mozilla/5.0 (Windows NT 10.0; Win64; x64) AppleWebKit/537.36 (KHTML, like Gecko) Chrome/95.0.4638.69 Safari/537.36"
157.245.197.94 - - [30/Mar/2025:05:42:35 -0400] "POST /xmlrpc.php HTTP/1.1" 200 236 "-" "Mozilla/5.0 (Windows NT 10.0; Win64; x64) AppleWebKit/537.36 (KHTML, like Gecko) Chrome/95.0.4638.69 Safari/537.36"
198.54.114.83 - - [30/Mar/2025:05:43:31 -0400] "POST /wp-cron.php?doing_wp_cron=1743327811.0074999332427978515625 HTTP/1.1" 200 0 "-" "WordPress/6.7.2; https://sunquicksf.com"
157.245.197.94 - - [30/Mar/2025:05:43:00 -0400] "POST /xmlrpc.php HTTP/1.1" 200 236 "-" "Mozilla/5.0 (Windows NT 10.0; Win64; x64) AppleWebKit/537.36 (KHTML, like Gecko) Chrome/95.0.4638.69 Safari/537.36"
157.245.197.94 - - [30/Mar/2025:05:43:31 -0400] "POST /xmlrpc.php HTTP/1.1" 200 236 "-" "Mozilla/5.0 (Windows NT 10.0; Win64; x64) AppleWebKit/537.36 (KHTML, like Gecko) Chrome/95.0.4638.69 Safari/537.36"
198.54.114.83 - - [30/Mar/2025:05:44:30 -0400] "POST /wp-cron.php?doing_wp_cron=1743327870.4782450199127197265625 HTTP/1.1" 200 0 "-" "WordPress/6.7.2; https://sunquicksf.com"
157.245.197.94 - - [30/Mar/2025:05:44:01 -0400] "POST /xmlrpc.php HTTP/1.1" 200 236 "-" "Mozilla/5.0 (Windows NT 10.0; Win64; x64) AppleWebKit/537.36 (KHTML, like Gecko) Chrome/95.0.4638.69 Safari/537.36"
157.245.197.94 - - [30/Mar/2025:05:44:31 -0400] "POST /xmlrpc.php HTTP/1.1" 200 236 "-" "Mozilla/5.0 (Windows NT 10.0; Win64; x64) AppleWebKit/537.36 (KHTML, like Gecko) Chrome/95.0.4638.69 Safari/537.36"
157.245.197.94 - - [30/Mar/2025:05:45:00 -0400] "POST /xmlrpc.php HTTP/1.1" 200 236 "-" "Mozilla/5.0 (Windows NT 10.0; Win64; x64) AppleWebKit/537.36 (KHTML, like Gecko) Chrome/95.0.4638.69 Safari/537.36"
198.54.114.83 - - [30/Mar/2025:05:45:45 -0400] "POST /wp-cron.php?doing_wp_cron=1743327945.3158700466156005859375 HTTP/1.1" 200 0 "-" "WordPress/6.7.2; https://sunquicksf.com"
157.245.197.94 - - [30/Mar/2025:05:45:16 -0400] "POST /xmlrpc.php HTTP/1.1" 200 236 "-" "Mozilla/5.0 (Windows NT 10.0; Win64; x64) AppleWebKit/537.36 (KHTML, like Gecko) Chrome/95.0.4638.69 Safari/537.36"
198.54.114.83 - - [30/Mar/2025:05:46:30 -0400] "POST /wp-cron.php?doing_wp_cron=1743327990.8530199527740478515625 HTTP/1.1" 200 0 "-" "WordPress/6.7.2; https://sunquicksf.com"
157.245.197.94 - - [30/Mar/2025:05:45:45 -0400] "POST /xmlrpc.php HTTP/1.1" 200 236 "-" "Mozilla/5.0 (Windows NT 10.0; Win64; x64) AppleWebKit/537.36 (KHTML, like Gecko) Chrome/95.0.4638.69 Safari/537.36"
157.245.197.94 - - [30/Mar/2025:05:46:31 -0400] "POST /xmlrpc.php HTTP/1.1" 200 236 "-" "Mozilla/5.0 (Windows NT 10.0; Win64; x64) AppleWebKit/537.36 (KHTML, like Gecko) Chrome/95.0.4638.69 Safari/537.36"
198.54.114.83 - - [30/Mar/2025:05:47:30 -0400] "POST /wp-cron.php?doing_wp_cron=1743328050.3419818878173828125000 HTTP/1.1" 200 0 "-" "WordPress/6.7.2; https://sunquicksf.com"
157.245.197.94 - - [30/Mar/2025:05:47:01 -0400] "POST /xmlrpc.php HTTP/1.1" 200 236 "-" "Mozilla/5.0 (Windows NT 10.0; Win64; x64) AppleWebKit/537.36 (KHTML, like Gecko) Chrome/95.0.4638.69 Safari/537.36"
157.245.197.94 - - [30/Mar/2025:05:47:31 -0400] "POST /xmlrpc.php HTTP/1.1" 200 236 "-" "Mozilla/5.0 (Windows NT 10.0; Win64; x64) AppleWebKit/537.36 (KHTML, like Gecko) Chrome/95.0.4638.69 Safari/537.36"
198.54.114.83 - - [30/Mar/2025:05:48:31 -0400] "POST /wp-cron.php?doing_wp_cron=1743328110.9737489223480224609375 HTTP/1.1" 200 0 "-" "WordPress/6.7.2; https://sunquicksf.com"
157.245.197.94 - - [30/Mar/2025:05:48:00 -0400] "POST /xmlrpc.php HTTP/1.1" 200 236 "-" "Mozilla/5.0 (Windows NT 10.0; Win64; x64) AppleWebKit/537.36 (KHTML, like Gecko) Chrome/95.0.4638.69 Safari/537.36"
157.245.197.94 - - [30/Mar/2025:05:48:31 -0400] "POST /xmlrpc.php HTTP/1.1" 200 236 "-" "Mozilla/5.0 (Windows NT 10.0; Win64; x64) AppleWebKit/537.36 (KHTML, like Gecko) Chrome/95.0.4638.69 Safari/537.36"
198.54.114.83 - - [30/Mar/2025:05:49:46 -0400] "POST /wp-cron.php?doing_wp_cron=1743328186.0107738971710205078125 HTTP/1.1" 200 0 "-" "WordPress/6.7.2; https://sunquicksf.com"
157.245.197.94 - - [30/Mar/2025:05:49:00 -0400] "POST /xmlrpc.php HTTP/1.1" 200 236 "-" "Mozilla/5.0 (Windows NT 10.0; Win64; x64) AppleWebKit/537.36 (KHTML, like Gecko) Chrome/95.0.4638.69 Safari/537.36"
157.245.197.94 - - [30/Mar/2025:05:49:46 -0400] "POST /xmlrpc.php HTTP/1.1" 200 236 "-" "Mozilla/5.0 (Windows NT 10.0; Win64; x64) AppleWebKit/537.36 (KHTML, like Gecko) Chrome/95.0.4638.69 Safari/537.36"
198.54.114.83 - - [30/Mar/2025:05:51:01 -0400] "POST /wp-cron.php?doing_wp_cron=1743328261.0117290019989013671875 HTTP/1.1" 200 0 "-" "WordPress/6.7.2; https://sunquicksf.com"
157.245.197.94 - - [30/Mar/2025:05:50:15 -0400] "POST /xmlrpc.php HTTP/1.1" 200 236 "-" "Mozilla/5.0 (Windows NT 10.0; Win64; x64) AppleWebKit/537.36 (KHTML, like Gecko) Chrome/95.0.4638.69 Safari/537.36"
198.54.114.83 - - [30/Mar/2025:05:51:30 -0400] "POST /wp-cron.php?doing_wp_cron=1743328290.5541820526123046875000 HTTP/1.1" 200 0 "-" "WordPress/6.7.2; https://sunquicksf.com"
157.245.197.94 - - [30/Mar/2025:05:51:02 -0400] "POST /xmlrpc.php HTTP/1.1" 200 236 "-" "Mozilla/5.0 (Windows NT 10.0; Win64; x64) AppleWebKit/537.36 (KHTML, like Gecko) Chrome/95.0.4638.69 Safari/537.36"
157.245.197.94 - - [30/Mar/2025:05:51:31 -0400] "POST /xmlrpc.php HTTP/1.1" 200 236 "-" "Mozilla/5.0 (Windows NT 10.0; Win64; x64) AppleWebKit/537.36 (KHTML, like Gecko) Chrome/95.0.4638.69 Safari/537.36"
198.54.114.83 - - [30/Mar/2025:05:52:45 -0400] "POST /wp-cron.php?doing_wp_cron=1743328365.5083229541778564453125 HTTP/1.1" 200 0 "-" "WordPress/6.7.2; https://sunquicksf.com"
157.245.197.94 - - [30/Mar/2025:05:52:00 -0400] "POST /xmlrpc.php HTTP/1.1" 200 236 "-" "Mozilla/5.0 (Windows NT 10.0; Win64; x64) AppleWebKit/537.36 (KHTML, like Gecko) Chrome/95.0.4638.69 Safari/537.36"
157.245.197.94 - - [30/Mar/2025:05:52:45 -0400] "POST /xmlrpc.php HTTP/1.1" 200 0 "-" "Mozilla/5.0 (Windows NT 10.0; Win64; x64) AppleWebKit/537.36 (KHTML, like Gecko) Chrome/95.0.4638.69 Safari/537.36"
216.244.66.196 - - [30/Mar/2025:05:55:07 -0400] "GET /robots.txt HTTP/1.1" 200 125 "-" "Mozilla/5.0 (compatible; DotBot/1.2; +https://opensiteexplorer.org/dotbot; help@moz.com)"
198.54.114.83 - - [30/Mar/2025:06:00:31 -0400] "POST /wp-cron.php?doing_wp_cron=1743328831.8787090778350830078125 HTTP/1.1" 200 0 "-" "WordPress/6.7.2; https://sunquicksf.com"
216.244.66.196 - - [30/Mar/2025:06:00:31 -0400] "GET /vita-glow-skin-whitening-night-cream-review/ HTTP/1.1" 200 11887 "-" "Mozilla/5.0 (compatible; DotBot/1.2; +https://opensiteexplorer.org/dotbot; help@moz.com)"
196.251.83.119 - - [30/Mar/2025:06:10:03 -0400] "GET / HTTP/1.1" 200 97711 "-" "-"
198.54.114.83 - - [30/Mar/2025:06:38:01 -0400] "POST /wp-cron.php?doing_wp_cron=1743331081.8625700473785400390625 HTTP/1.1" 200 0 "-" "WordPress/6.7.2; https://sunquicksf.com"
146.190.89.71 - - [30/Mar/2025:06:38:01 -0400] "GET /heh.php HTTP/1.1" 404 9259 "www.google.com" "Mozlila/5.0 (Linux; Android 7.0; SM-G892A Bulid/NRD90M; wv) AppleWebKit/537.36 (KHTML, like Gecko) Version/4.0 Chrome/60.0.3112.107 Moblie Safari/537.36"
146.190.89.71 - - [30/Mar/2025:06:38:10 -0400] "GET /wp-content/plugins/view-more/ioxi.php HTTP/1.1" 404 9259 "www.google.com" "Mozlila/5.0 (Linux; Android 7.0; SM-G892A Bulid/NRD90M; wv) AppleWebKit/537.36 (KHTML, like Gecko) Version/4.0 Chrome/60.0.3112.107 Moblie Safari/537.36"
146.190.89.71 - - [30/Mar/2025:06:38:26 -0400] "GET /wp-content/plugins/erinyani/baxa1.php HTTP/1.1" 404 9259 "www.google.com" "Mozlila/5.0 (Linux; Android 7.0; SM-G892A Bulid/NRD90M; wv) AppleWebKit/537.36 (KHTML, like Gecko) Version/4.0 Chrome/60.0.3112.107 Moblie Safari/537.36"
216.244.66.196 - - [30/Mar/2025:06:43:11 -0400] "GET /robots.txt HTTP/1.1" 200 125 "-" "Mozilla/5.0 (compatible; DotBot/1.2; +https://opensiteexplorer.org/dotbot; help@moz.com)"
185.117.225.66 - - [30/Mar/2025:07:05:30 -0400] "GET /robots.txt HTTP/1.1" 200 125 "-" "python-requests/2.31.0"
185.117.225.66 - - [30/Mar/2025:07:05:32 -0400] "GET / HTTP/1.1" 200 97711 "-" "Mozilla/5.0 (compatible; BitSightBot/1.0)"
198.54.114.83 - - [30/Mar/2025:07:05:39 -0400] "POST /wp-cron.php?doing_wp_cron=1743332739.1991400718688964843750 HTTP/1.1" 200 0 "-" "WordPress/6.7.2; https://sunquicksf.com"
198.54.114.83 - - [30/Mar/2025:07:05:39 -0400] "POST /wp-cron.php?doing_wp_cron=1743332739.1992180347442626953125 HTTP/1.1" 200 0 "-" "WordPress/6.7.2; https://sunquicksf.com"
185.117.225.66 - - [30/Mar/2025:07:05:38 -0400] "GET /react-dom.js HTTP/1.1" 404 9259 "http://sunquicksf.com/" "Mozilla/5.0 (compatible; BitSightBot/1.0)"
185.117.225.66 - - [30/Mar/2025:07:05:38 -0400] "GET /react.js HTTP/1.1" 404 9259 "http://sunquicksf.com/" "Mozilla/5.0 (compatible; BitSightBot/1.0)"
43.134.29.139 - - [30/Mar/2025:07:14:39 -0400] "GET /mk-shoulder-bag/ HTTP/1.1" 200 12247 "http://sunquicksf.com" "Mozilla/5.0 (Windows NT 10.0; Win64; x64) AppleWebKit/537.36 (KHTML, like Gecko) Chrome/62.0.3202.94 Safari/537.36"
43.134.29.139 - - [30/Mar/2025:07:14:42 -0400] "POST /wp-comments-post.php HTTP/1.1" 302 0 "http://sunquicksf.com" "Mozilla/5.0 (Windows NT 10.0; Win64; x64) AppleWebKit/537.36 (KHTML, like Gecko) Chrome/62.0.3202.94 Safari/537.36"
216.244.66.196 - - [30/Mar/2025:07:28:39 -0400] "GET /robots.txt HTTP/1.1" 304 0 "-" "Mozilla/5.0 (compatible; DotBot/1.2; +https://opensiteexplorer.org/dotbot; help@moz.com)"
216.244.66.196 - - [30/Mar/2025:08:14:36 -0400] "GET /robots.txt HTTP/1.1" 304 0 "-" "Mozilla/5.0 (compatible; DotBot/1.2; +https://opensiteexplorer.org/dotbot; help@moz.com)"
152.89.129.92 - - [30/Mar/2025:08:15:27 -0400] "GET /how-to-find-a-24-7-locksmith-near-you/ HTTP/1.1" 200 12406 "-" "Mozilla/5.0 (Macintosh; Intel Mac OS X 12_5) AppleWebKit/537.36 (KHTML, like Gecko) Chrome/114.0.0.0 YaBrowser/22.7.0 Yowser/2.5 Safari/537.36"
152.89.129.92 - - [30/Mar/2025:08:15:36 -0400] "GET /how-to-find-a-24-7-locksmith-near-you/ HTTP/1.1" 200 12406 "http://sunquicksf.com/how-to-find-a-24-7-locksmith-near-you/" "Mozilla/5.0 (Windows NT 6.3; Win64; x64) AppleWebKit/537.36 (KHTML, like Gecko) Chrome/103.0.0.0 Safari/537.36"
198.54.114.83 - - [30/Mar/2025:08:15:37 -0400] "POST /wp-cron.php?doing_wp_cron=1743336937.3027069568634033203125 HTTP/1.1" 200 0 "-" "WordPress/6.7.2; https://sunquicksf.com"
152.89.129.92 - - [30/Mar/2025:08:15:37 -0400] "POST /wp-comments-post.php HTTP/1.1" 302 0 "http://sunquicksf.com/how-to-find-a-24-7-locksmith-near-you/" "Mozilla/5.0 (Windows NT 6.3; Win64; x64) AppleWebKit/537.36 (KHTML, like Gecko) Chrome/103.0.0.0 Safari/537.36"
152.89.129.92 - - [30/Mar/2025:08:15:40 -0400] "GET /how-to-find-a-24-7-locksmith-near-you/ HTTP/1.1" 200 12406 "-" "Mozilla/5.0 (Windows NT 6.3; Win64; x64) AppleWebKit/537.36 (KHTML, like Gecko) Chrome/103.0.0.0 Safari/537.36"
152.89.129.92 - - [30/Mar/2025:08:17:45 -0400] "GET /how-to-find-a-24-7-locksmith-near-you/ HTTP/1.1" 200 12406 "-" "Mozilla/5.0 (Windows NT 10.0; Win64; x64) AppleWebKit/537.36 (KHTML, like Gecko) Chrome/114.0.0.0 YaBrowser/22.7.0 Yowser/2.5 Safari/537.36"
114.168.236.183 - - [30/Mar/2025:08:28:20 -0400] "POST /wp-login.php HTTP/1.1" 302 0 "-" "Mozilla/5.0 (Windows NT 10.0; Win64; x64; rv:95.0) Gecko/20100101 Firefox/95.0"
196.251.80.22 - - [30/Mar/2025:08:30:18 -0400] "GET / HTTP/1.1" 200 97711 "-" "Mozlila/5.0 (Linux; Android 7.0; SM-G892A Bulid/NRD90M; wv) AppleWebKit/537.36 (KHTML, like Gecko) Version/4.0 Chrome/60.0.3112.107 Moblie Safari/537.36"
198.54.114.83 - - [30/Mar/2025:08:30:19 -0400] "POST /wp-cron.php?doing_wp_cron=1743337819.1488149166107177734375 HTTP/1.1" 200 0 "-" "WordPress/6.7.2; https://sunquicksf.com"
198.54.114.83 - - [30/Mar/2025:08:30:19 -0400] "POST /wp-cron.php?doing_wp_cron=1743337819.1584100723266601562500 HTTP/1.1" 200 0 "-" "WordPress/6.7.2; https://sunquicksf.com"
196.251.80.22 - - [30/Mar/2025:08:30:18 -0400] "POST /wp-plain.php HTTP/1.1" 404 9208 "www.google.com" "Mozilla/5.0 (Linux; Android 7.0; SM-G892A Bulid/NRD90M; wv) AppleWebKit/537.36 (KHTML, like Gecko) Version/4.0 Chrome/60.0.3112.107 Moblie Safari/537.36"
196.251.80.22 - - [30/Mar/2025:08:30:18 -0400] "GET /wp-content/plugins/fix/up.php HTTP/1.1" 404 9259 "-" "Mozilla/5.0 (Windows NT 10.0; Win64; x64) AppleWebKit/537.36 (KHTML, like Gecko) Chrome/85.0.4183.102 Safari/537.36"
196.251.80.22 - - [30/Mar/2025:08:30:18 -0400] "POST /ALFA_DATA/alfacgiapi/perl.alfa HTTP/1.1" 404 9208 "www.google.com" "Mozlila/5.0 (Linux; Android 7.0; SM-G892A Bulid/NRD90M; wv) AppleWebKit/537.36 (KHTML, like Gecko) Version/4.0 Chrome/60.0.3112.107 Moblie Safari/537.36"
196.251.80.22 - - [30/Mar/2025:08:30:18 -0400] "GET /wp-content/themes/seotheme/db.php?u HTTP/1.1" 404 9259 "www.google.com" "Mozlila/5.0 (Linux; Android 7.0; SM-G892A Bulid/NRD90M; wv) AppleWebKit/537.36 (KHTML, like Gecko) Version/4.0 Chrome/60.0.3112.107 Moblie Safari/537.36"
196.251.80.22 - - [30/Mar/2025:08:30:20 -0400] "GET /uzdarwbs.php?Fox=d3wL7 HTTP/1.1" 404 9259 "www.google.com" "Mozilla/5.0 (Linux; Android 7.0; SM-G892A Bulid/NRD90M; wv) AppleWebKit/537.36 (KHTML, like Gecko) Version/4.0 Chrome/60.0.3112.107 Moblie Safari/537.36"
196.251.80.22 - - [30/Mar/2025:08:30:20 -0400] "POST /alfacgiapi/perl.alfa HTTP/1.1" 404 9208 "www.google.com" "Mozlila/5.0 (Linux; Android 7.0; SM-G892A Bulid/NRD90M; wv) AppleWebKit/537.36 (KHTML, like Gecko) Version/4.0 Chrome/60.0.3112.107 Moblie Safari/537.36"
44.213.202.136 - - [30/Mar/2025:08:41:19 -0400] "GET /?p=5920 HTTP/1.1" 200 97711 "-" "Mozilla/5.0 AppleWebKit/537.36 (KHTML, like Gecko; compatible; Amazonbot/0.1; +https://developer.amazon.com/support/amazonbot) Chrome/119.0.6045.214 Safari/537.36"
43.130.106.18 - - [30/Mar/2025:09:35:03 -0400] "GET / HTTP/1.1" 200 97711 "-" "Mozilla/5.0 (iPhone; CPU iPhone OS 13_2_3 like Mac OS X) AppleWebKit/605.1.15 (KHTML, like Gecko) Version/13.0.3 Mobile/15E148 Safari/604.1"
198.54.114.83 - - [30/Mar/2025:09:42:04 -0400] "POST /wp-cron.php?doing_wp_cron=1743342124.1788089275360107421875 HTTP/1.1" 200 0 "-" "WordPress/6.7.2; https://sunquicksf.com"
156.228.109.197 - - [30/Mar/2025:09:42:03 -0400] "GET /vendor/phpunit/phpunit/LICENSE HTTP/1.1" 404 9259 "-" "Mozilla/5.0 (Windows NT 10.0; Win64; x64) AppleWebKit/537.36 (KHTML, like Gecko) Chrome/106.0.0.0 Safari/537.36"
156.228.109.197 - - [30/Mar/2025:09:42:05 -0400] "GET /vendor/phpunit/phpunit/src/Util/PHP/ HTTP/1.1" 404 9259 "-" "Mozilla/5.0 (Windows NT 10.0; Win64; x64) AppleWebKit/537.36 (KHTML, like Gecko) Chrome/106.0.0.0 Safari/537.36"
156.228.109.197 - - [30/Mar/2025:09:42:06 -0400] "GET /wp-login.php HTTP/1.1" 302 0 "-" "Mozilla/5.0 (Windows NT 10.0; Win64; x64) AppleWebKit/537.36 (KHTML, like Gecko) Chrome/106.0.0.0 Safari/537.36"
185.220.100.247 - - [30/Mar/2025:10:30:05 -0400] "GET / HTTP/1.1" 200 97711 "sunquicksf.com" "Mozilla/5.0 (Windows NT 6.1; WOW64) AppleWebKit/537.36 (KHTML, like Gecko) Chrome/47.0.2526.111 Safari/537.36 OPR/34.0.2036.50"
192.42.116.212 - - [30/Mar/2025:10:31:56 -0400] "GET / HTTP/1.1" 200 97711 "http://sunquicksf.com" "Mozilla/5.0 (Windows NT 6.1; WOW64) AppleWebKit/537.36 (KHTML, like Gecko) Chrome/47.0.2526.111 Safari/537.36 OPR/34.0.2036.50"
216.244.66.196 - - [30/Mar/2025:10:36:32 -0400] "GET /robots.txt HTTP/1.1" 304 0 "-" "Mozilla/5.0 (compatible; DotBot/1.2; +https://opensiteexplorer.org/dotbot; help@moz.com)"
202.69.38.12 - - [30/Mar/2025:10:43:48 -0400] "HEAD / HTTP/1.1" 200 0 "https://sunquicksf.com/" "Mozilla/5.0 (Windows NT 10.0; Win64; x64) AppleWebKit/537.36 (KHTML, like Gecko) Chrome/91.0.4472.124 Safari/537.36"
14.215.163.132 - - [30/Mar/2025:10:50:59 -0400] "GET / HTTP/1.1" 200 97711 "-" "Mozilla/5.0 (iPhone; CPU iPhone OS 13_2_3 like Mac OS X) AppleWebKit/605.1.15 (KHTML, like Gecko) Version/13.0.3 Mobile/15E148 Safari/604.1"
34.171.90.44 - - [30/Mar/2025:10:55:06 -0400] "GET /ads.txt HTTP/1.1" 200 0 "-" "Scrapy/2.8.0 (+https://scrapy.org)"
198.54.114.83 - - [30/Mar/2025:10:55:09 -0400] "POST /wp-cron.php?doing_wp_cron=1743346507.8909931182861328125000 HTTP/1.1" 200 0 "-" "WordPress/6.7.2; https://sunquicksf.com"
216.131.68.244 - - [30/Mar/2025:10:59:08 -0400] "GET /ally-bank-customer-service/ HTTP/1.1" 200 12590 "http://sunquicksf.com/ally-bank-customer-service/" "Mozilla/5.0 (Windows NT 10.0; Win64; x64) AppleWebKit/537.36 (KHTML, like Gecko) Chrome/131.0.0.0 Safari/537.36"
198.54.114.83 - - [30/Mar/2025:10:59:11 -0400] "POST /wp-cron.php?doing_wp_cron=1743346749.3027400970458984375000 HTTP/1.1" 200 0 "-" "WordPress/6.7.2; https://sunquicksf.com"
216.131.68.244 - - [30/Mar/2025:10:59:12 -0400] "POST /wp-comments-post.php HTTP/1.1" 302 0 "http://sunquicksf.com/ally-bank-customer-service/" "Mozilla/5.0 (Windows NT 10.0; Win64; x64) AppleWebKit/537.36 (KHTML, like Gecko) Chrome/131.0.0.0 Safari/537.36"
52.167.144.64 - - [30/Mar/2025:11:06:20 -0400] "GET /robots.txt HTTP/1.1" 304 0 "-" "Mozilla/5.0 AppleWebKit/537.36 (KHTML, like Gecko; compatible; bingbot/2.0; +http://www.bing.com/bingbot.htm) Chrome/116.0.1938.76 Safari/537.36"
52.167.144.175 - - [30/Mar/2025:11:07:29 -0400] "GET /?p=5830 HTTP/1.1" 200 97711 "-" "Mozilla/5.0 AppleWebKit/537.36 (KHTML, like Gecko; compatible; bingbot/2.0; +http://www.bing.com/bingbot.htm) Chrome/116.0.1938.76 Safari/537.36"
216.244.66.196 - - [30/Mar/2025:11:23:04 -0400] "GET /robots.txt HTTP/1.1" 304 0 "-" "Mozilla/5.0 (compatible; DotBot/1.2; +https://opensiteexplorer.org/dotbot; help@moz.com)"
198.54.114.83 - - [30/Mar/2025:12:49:49 -0400] "POST /wp-cron.php?doing_wp_cron=1743353389.2095339298248291015625 HTTP/1.1" 200 0 "-" "WordPress/6.7.2; https://sunquicksf.com"
74.176.49.204 - - [30/Mar/2025:12:49:48 -0400] "GET /inputs.php HTTP/1.1" 404 9258 "-" "-"
74.176.49.204 - - [30/Mar/2025:12:49:50 -0400] "GET /classsmtps.php HTTP/1.1" 404 9259 "-" "-"
74.176.49.204 - - [30/Mar/2025:12:49:50 -0400] "GET /wp-blog-header.php HTTP/1.1" 404 0 "-" "-"
74.176.49.204 - - [30/Mar/2025:12:49:50 -0400] "GET /wp-trackback.php HTTP/1.1" 404 130 "-" "-"
74.176.49.204 - - [30/Mar/2025:12:49:51 -0400] "GET /wp-signup.php HTTP/1.1" 302 0 "-" "-"
74.176.49.204 - - [30/Mar/2025:12:49:53 -0400] "GET /wp-comments-post.php HTTP/1.1" 405 0 "-" "-"
74.176.49.204 - - [30/Mar/2025:12:49:53 -0400] "GET /wp-cron.php HTTP/1.1" 200 0 "-" "-"
74.176.49.204 - - [30/Mar/2025:12:49:54 -0400] "GET /wp-load.php HTTP/1.1" 200 0 "-" "-"
74.176.49.204 - - [30/Mar/2025:12:49:54 -0400] "GET /wp-mail.php HTTP/1.1" 403 1123 "-" "-"
74.176.49.204 - - [30/Mar/2025:12:49:54 -0400] "GET /edit.php HTTP/1.1" 404 9259 "-" "-"
74.176.49.204 - - [30/Mar/2025:12:49:55 -0400] "GET /wp-activate.php HTTP/1.1" 302 0 "-" "-"
74.176.49.204 - - [30/Mar/2025:12:49:56 -0400] "GET /plugins.php HTTP/1.1" 404 9259 "-" "-"
74.176.49.204 - - [30/Mar/2025:12:49:57 -0400] "GET /post.php HTTP/1.1" 404 9259 "-" "-"
74.176.49.204 - - [30/Mar/2025:12:49:57 -0400] "GET /admin.php HTTP/1.1" 404 9259 "-" "-"
74.176.49.204 - - [30/Mar/2025:12:49:58 -0400] "GET /about.php HTTP/1.1" 404 9259 "-" "-"
74.176.49.204 - - [30/Mar/2025:12:49:59 -0400] "GET /wp-2019.php HTTP/1.1" 404 9259 "-" "-"
74.176.49.204 - - [30/Mar/2025:12:50:00 -0400] "GET /atomlib.php HTTP/1.1" 404 9259 "-" "-"
74.176.49.204 - - [30/Mar/2025:12:50:00 -0400] "GET /css.php HTTP/1.1" 404 9259 "-" "-"
74.176.49.204 - - [30/Mar/2025:12:50:01 -0400] "GET /simple.php HTTP/1.1" 404 9259 "-" "-"
74.176.49.204 - - [30/Mar/2025:12:50:01 -0400] "GET /log.php HTTP/1.1" 404 9259 "-" "-"
74.176.49.204 - - [30/Mar/2025:12:50:02 -0400] "GET /index.php HTTP/1.1" 301 0 "-" "-"
74.176.49.204 - - [30/Mar/2025:12:50:02 -0400] "GET / HTTP/1.1" 200 97711 "-" "-"
74.176.49.204 - - [30/Mar/2025:12:50:02 -0400] "GET /mail.php HTTP/1.1" 404 9259 "-" "-"
74.176.49.204 - - [30/Mar/2025:12:50:03 -0400] "GET /lufix.php HTTP/1.1" 404 9259 "-" "-"
74.176.49.204 - - [30/Mar/2025:12:50:04 -0400] "GET /doc.php HTTP/1.1" 404 9259 "-" "-"
74.176.49.204 - - [30/Mar/2025:12:50:05 -0400] "GET /bak.php HTTP/1.1" 404 9259 "-" "-"
74.176.49.204 - - [30/Mar/2025:12:50:06 -0400] "GET /content.php HTTP/1.1" 404 9259 "-" "-"
74.176.49.204 - - [30/Mar/2025:12:50:06 -0400] "GET /upfile.php HTTP/1.1" 404 9259 "-" "-"
74.176.49.204 - - [30/Mar/2025:12:50:07 -0400] "GET /wp.php HTTP/1.1" 404 9259 "-" "-"
74.176.49.204 - - [30/Mar/2025:12:50:08 -0400] "GET /wp-conflg.php HTTP/1.1" 404 9259 "-" "-"
74.176.49.204 - - [30/Mar/2025:12:50:09 -0400] "GET /bypass.php HTTP/1.1" 404 9259 "-" "-"
74.176.49.204 - - [30/Mar/2025:12:50:09 -0400] "GET /404.php HTTP/1.1" 404 9259 "-" "-"
74.176.49.204 - - [30/Mar/2025:12:50:10 -0400] "GET /updates.php HTTP/1.1" 404 9259 "-" "-"
74.176.49.204 - - [30/Mar/2025:12:50:10 -0400] "GET /radio.php HTTP/1.1" 404 9259 "-" "-"
74.176.49.204 - - [30/Mar/2025:12:50:11 -0400] "GET /xmrlpc.php HTTP/1.1" 404 9259 "-" "-"
74.176.49.204 - - [30/Mar/2025:12:50:11 -0400] "GET /ae.php HTTP/1.1" 404 9259 "-" "-"
74.176.49.204 - - [30/Mar/2025:12:50:12 -0400] "GET /moon.php HTTP/1.1" 404 9259 "-" "-"
74.176.49.204 - - [30/Mar/2025:12:50:12 -0400] "GET /blog.php HTTP/1.1" 404 9259 "-" "-"
74.176.49.204 - - [30/Mar/2025:12:50:13 -0400] "GET /themes.php HTTP/1.1" 404 9259 "-" "-"
74.176.49.204 - - [30/Mar/2025:12:50:13 -0400] "GET /ini.php HTTP/1.1" 404 9259 "-" "-"
74.176.49.204 - - [30/Mar/2025:12:50:14 -0400] "GET /as.php HTTP/1.1" 404 9259 "-" "-"
74.176.49.204 - - [30/Mar/2025:12:50:15 -0400] "GET /shell.php HTTP/1.1" 404 9259 "-" "-"
74.176.49.204 - - [30/Mar/2025:12:50:16 -0400] "GET /ws.php HTTP/1.1" 404 9259 "-" "-"
74.176.49.204 - - [30/Mar/2025:12:50:16 -0400] "GET /dropdown.php HTTP/1.1" 404 9259 "-" "-"
74.176.49.204 - - [30/Mar/2025:12:50:17 -0400] "GET /makeasmtp.php HTTP/1.1" 404 9259 "-" "-"
74.176.49.204 - - [30/Mar/2025:12:50:17 -0400] "GET /wp-sigunq.php HTTP/1.1" 404 9259 "-" "-"
74.176.49.204 - - [30/Mar/2025:12:50:18 -0400] "GET /wso112233.php HTTP/1.1" 404 9259 "-" "-"
74.176.49.204 - - [30/Mar/2025:12:50:18 -0400] "GET /alfanew.php HTTP/1.1" 404 9259 "-" "-"
74.176.49.204 - - [30/Mar/2025:12:50:19 -0400] "GET /fw.php HTTP/1.1" 404 9259 "-" "-"
74.176.49.204 - - [30/Mar/2025:12:50:19 -0400] "GET /install.php HTTP/1.1" 404 9259 "-" "-"
74.176.49.204 - - [30/Mar/2025:12:50:20 -0400] "GET /wp-login.php HTTP/1.1" 302 0 "-" "-"
74.176.49.204 - - [30/Mar/2025:12:50:20 -0400] "GET /wp-content/plugins/google-seo-rank/module.php HTTP/1.1" 404 9259 "-" "-"
74.176.49.204 - - [30/Mar/2025:12:50:21 -0400] "GET /chosen.php HTTP/1.1" 404 9259 "-" "-"
74.176.49.204 - - [30/Mar/2025:12:50:22 -0400] "GET /simple.php HTTP/1.1" 404 9259 "-" "-"
176.67.86.247 - - [30/Mar/2025:13:24:58 -0400] "GET /ally-bank-customer-service/ HTTP/1.1" 200 12590 "http://sunquicksf.com/ally-bank-customer-service/" "Mozilla/5.0 (Windows NT 10.0; Win64; x64) AppleWebKit/537.36 (KHTML, like Gecko) Chrome/129.0.0.0 Safari/537.36"
198.54.114.83 - - [30/Mar/2025:13:25:06 -0400] "POST /wp-cron.php?doing_wp_cron=1743355505.6341838836669921875000 HTTP/1.1" 200 0 "-" "WordPress/6.7.2; https://sunquicksf.com"
176.67.86.247 - - [30/Mar/2025:13:25:00 -0400] "POST /wp-comments-post.php HTTP/1.1" 302 0 "http://sunquicksf.com/ally-bank-customer-service/" "Mozilla/5.0 (Windows NT 10.0; Win64; x64) AppleWebKit/537.36 (KHTML, like Gecko) Chrome/129.0.0.0 Safari/537.36"
40.69.85.98 - - [30/Mar/2025:13:52:06 -0400] "GET /wp-admin/css/ HTTP/1.1" 403 1242 "binance.com" "Mozilla/5.0 (Windows NT 10.0; Win64; x64) AppleWebKit/537.36 (KHTML, like Gecko) Chrome/90.0.4430.85 Safari/537.36"
43.134.45.13 - - [30/Mar/2025:14:03:37 -0400] "GET /mk-shoulder-bag/ HTTP/1.1" 200 12247 "http://sunquicksf.com" "Mozilla/5.0 (Windows NT 10.0; Win64; x64) AppleWebKit/537.36 (KHTML, like Gecko) Chrome/62.0.3202.94 Safari/537.36"
198.54.114.83 - - [30/Mar/2025:14:03:42 -0400] "POST /wp-cron.php?doing_wp_cron=1743357822.2084119319915771484375 HTTP/1.1" 200 0 "-" "WordPress/6.7.2; https://sunquicksf.com"
43.134.45.13 - - [30/Mar/2025:14:03:39 -0400] "POST /wp-comments-post.php HTTP/1.1" 302 0 "http://sunquicksf.com" "Mozilla/5.0 (Windows NT 10.0; Win64; x64) AppleWebKit/537.36 (KHTML, like Gecko) Chrome/62.0.3202.94 Safari/537.36"
3.220.70.171 - - [30/Mar/2025:14:09:07 -0400] "GET /?p=6834 HTTP/1.1" 200 97711 "-" "Mozilla/5.0 AppleWebKit/537.36 (KHTML, like Gecko; compatible; Amazonbot/0.1; +https://developer.amazon.com/support/amazonbot) Chrome/119.0.6045.214 Safari/537.36"
216.244.66.196 - - [30/Mar/2025:14:29:45 -0400] "GET /robots.txt HTTP/1.1" 304 0 "-" "Mozilla/5.0 (compatible; DotBot/1.2; +https://opensiteexplorer.org/dotbot; help@moz.com)"
216.244.66.196 - - [30/Mar/2025:14:44:46 -0400] "GET /demon-slayer-katana-plus-quun-simple-katana-demon-slayer/ HTTP/1.1" 200 12106 "-" "Mozilla/5.0 (compatible; DotBot/1.2; +https://opensiteexplorer.org/dotbot; help@moz.com)"
152.42.170.66 - - [30/Mar/2025:14:46:53 -0400] "GET / HTTP/1.1" 200 97711 "https://www.google.com.au" "Mozilla/5.0 (Macintosh; Intel Mac OS X 10_15_7) AppleWebKit/537.36 (KHTML, like Gecko) Chrome/126.0.0.0 Safari/537.36"
129.226.213.145 - - [30/Mar/2025:14:48:23 -0400] "GET / HTTP/1.1" 200 97711 "-" "Mozilla/5.0 (iPhone; CPU iPhone OS 13_2_3 like Mac OS X) AppleWebKit/605.1.15 (KHTML, like Gecko) Version/13.0.3 Mobile/15E148 Safari/604.1"
185.174.156.124 - - [30/Mar/2025:14:58:23 -0400] "GET /ally-bank-customer-service/ HTTP/1.1" 200 12590 "http://sunquicksf.com/ally-bank-customer-service/" "Mozilla/5.0 (Windows NT 10.0; Win64; x64) AppleWebKit/537.36 (KHTML, like Gecko) Chrome/131.0.0.0 Safari/537.36"
185.174.156.124 - - [30/Mar/2025:14:58:24 -0400] "POST /wp-comments-post.php HTTP/1.1" 302 0 "http://sunquicksf.com/ally-bank-customer-service/" "Mozilla/5.0 (Windows NT 10.0; Win64; x64) AppleWebKit/537.36 (KHTML, like Gecko) Chrome/131.0.0.0 Safari/537.36"
3.212.219.113 - - [30/Mar/2025:14:59:47 -0400] "GET /?p=6480 HTTP/1.1" 200 97711 "-" "Mozilla/5.0 AppleWebKit/537.36 (KHTML, like Gecko; compatible; Amazonbot/0.1; +https://developer.amazon.com/support/amazonbot) Chrome/119.0.6045.214 Safari/537.36"
216.244.66.196 - - [30/Mar/2025:16:01:20 -0400] "GET /robots.txt HTTP/1.1" 304 0 "-" "Mozilla/5.0 (compatible; DotBot/1.2; +https://opensiteexplorer.org/dotbot; help@moz.com)"
85.208.98.23 - - [30/Mar/2025:16:18:10 -0400] "GET /robots.txt HTTP/1.1" 304 0 "-" "Mozilla/5.0 (compatible; SemrushBot-BA; +http://www.semrush.com/bot.html)"
111.225.148.39 - - [30/Mar/2025:16:23:45 -0400] "GET /?p=7877 HTTP/1.1" 200 97711 "-" "Mozilla/5.0 (Linux; Android 5.0) AppleWebKit/537.36 (KHTML, like Gecko) Mobile Safari/537.36 (compatible; Bytespider; https://zhanzhang.toutiao.com/)"
111.225.149.121 - - [30/Mar/2025:16:24:13 -0400] "GET /robots.txt HTTP/1.1" 200 125 "-" "Mozilla/5.0 (Linux; Android 5.0) AppleWebKit/537.36 (KHTML, like Gecko) Mobile Safari/537.36 (compatible; Bytespider; https://zhanzhang.toutiao.com/)"
198.54.114.83 - - [30/Mar/2025:16:32:11 -0400] "POST /wp-cron.php?doing_wp_cron=1743366731.0519769191741943359375 HTTP/1.1" 200 0 "-" "WordPress/6.7.2; https://sunquicksf.com"
216.244.66.196 - - [30/Mar/2025:16:32:08 -0400] "GET /when-will-gpt-5-be-released-2025/ HTTP/1.1" 200 112302 "-" "Mozilla/5.0 (compatible; DotBot/1.2; +https://opensiteexplorer.org/dotbot; help@moz.com)"
4.227.36.65 - - [30/Mar/2025:16:50:39 -0400] "GET /robots.txt HTTP/1.1" 200 125 "-" "Mozilla/5.0 AppleWebKit/537.36 (KHTML, like Gecko; compatible; GPTBot/1.2; +https://openai.com/gptbot)"
20.171.207.254 - - [30/Mar/2025:16:57:58 -0400] "GET /wp-comments-post.php HTTP/1.1" 405 0 "-" "Mozilla/5.0 AppleWebKit/537.36 (KHTML, like Gecko; compatible; GPTBot/1.2; +https://openai.com/gptbot)"
54.36.148.103 - - [30/Mar/2025:17:43:01 -0400] "GET /robots.txt HTTP/1.1" 200 125 "-" "Mozilla/5.0 (compatible; AhrefsBot/7.0; +http://ahrefs.com/robot/)"
51.222.253.20 - - [30/Mar/2025:17:43:02 -0400] "GET /?p=10802 HTTP/1.1" 200 97711 "-" "Mozilla/5.0 (compatible; AhrefsBot/7.0; +http://ahrefs.com/robot/)"
198.54.114.83 - - [30/Mar/2025:17:43:08 -0400] "POST /wp-cron.php?doing_wp_cron=1743370988.4997510910034179687500 HTTP/1.1" 200 0 "-" "WordPress/6.7.2; https://sunquicksf.com"
198.54.114.83 - - [30/Mar/2025:17:43:08 -0400] "POST /wp-cron.php?doing_wp_cron=1743370988.4996769428253173828125 HTTP/1.1" 200 0 "-" "WordPress/6.7.2; https://sunquicksf.com"
202.8.43.118 - - [30/Mar/2025:17:43:05 -0400] "GET /react-dom.js HTTP/1.1" 404 9259 "http://sunquicksf.com/?p=10802" "Mozilla/5.0 (compatible; AhrefsBot/7.0; +http://ahrefs.com/robot/)"
202.8.43.118 - - [30/Mar/2025:17:43:05 -0400] "GET /react.js HTTP/1.1" 404 9259 "http://sunquicksf.com/?p=10802" "Mozilla/5.0 (compatible; AhrefsBot/7.0; +http://ahrefs.com/robot/)"
198.54.114.83 - - [30/Mar/2025:17:57:16 -0400] "POST /wp-cron.php?doing_wp_cron=1743371836.7286190986633300781250 HTTP/1.1" 200 0 "-" "WordPress/6.7.2; https://sunquicksf.com"
43.131.254.47 - - [30/Mar/2025:17:57:15 -0400] "GET /how-to-choose-a-commercial-air-cleaner/ HTTP/1.1" 200 12529 "http://sunquicksf.com" "Mozilla/5.0 (Windows NT 10.0; Win64; x64) AppleWebKit/537.36 (KHTML, like Gecko) Chrome/62.0.3202.94 Safari/537.36"
43.131.254.47 - - [30/Mar/2025:17:57:19 -0400] "POST /wp-comments-post.php HTTP/1.1" 302 0 "http://sunquicksf.com" "Mozilla/5.0 (Windows NT 10.0; Win64; x64) AppleWebKit/537.36 (KHTML, like Gecko) Chrome/62.0.3202.94 Safari/537.36"
216.244.66.196 - - [30/Mar/2025:18:21:05 -0400] "GET /robots.txt HTTP/1.1" 304 0 "-" "Mozilla/5.0 (compatible; DotBot/1.2; +https://opensiteexplorer.org/dotbot; help@moz.com)"
85.208.98.23 - - [30/Mar/2025:18:59:43 -0400] "GET /robots.txt HTTP/1.1" 304 0 "-" "Mozilla/5.0 (compatible; SemrushBot-BA; +http://www.semrush.com/bot.html)"
216.244.66.196 - - [30/Mar/2025:19:07:09 -0400] "GET /robots.txt HTTP/1.1" 304 0 "-" "Mozilla/5.0 (compatible; DotBot/1.2; +https://opensiteexplorer.org/dotbot; help@moz.com)"
198.54.114.83 - - [30/Mar/2025:19:21:39 -0400] "POST /wp-cron.php?doing_wp_cron=1743376898.7868139743804931640625 HTTP/1.1" 200 0 "-" "WordPress/6.7.2; https://sunquicksf.com"
20.57.62.103 - - [30/Mar/2025:19:21:36 -0400] "GET /lv.php HTTP/1.1" 404 9259 "-" "-"
20.57.62.103 - - [30/Mar/2025:19:21:40 -0400] "GET /wp-22.php HTTP/1.1" 404 9259 "-" "-"
20.57.62.103 - - [30/Mar/2025:19:21:43 -0400] "GET /wp-content/plugins/pwnd/pwnd.php HTTP/1.1" 404 9259 "-" "-"
20.57.62.103 - - [30/Mar/2025:19:21:45 -0400] "GET /wp-content/plugins/pwnd-1/pwnd.php HTTP/1.1" 404 9259 "-" "-"
20.57.62.103 - - [30/Mar/2025:19:21:48 -0400] "GET /wp-includes/Requests/about.php HTTP/1.1" 404 9259 "-" "-"
20.57.62.103 - - [30/Mar/2025:19:21:49 -0400] "GET /wp-includes/style-engine/about.php HTTP/1.1" 404 9259 "-" "-"
20.57.62.103 - - [30/Mar/2025:19:21:50 -0400] "GET /wp-includes/rest-api/about.php HTTP/1.1" 404 9259 "-" "-"
20.57.62.103 - - [30/Mar/2025:19:21:51 -0400] "GET /wp-includes/SimplePie/about.php HTTP/1.1" 404 9259 "-" "-"
20.57.62.103 - - [30/Mar/2025:19:21:53 -0400] "GET /wp-content/banners/about.php HTTP/1.1" 404 9259 "-" "-"
20.57.62.103 - - [30/Mar/2025:19:21:55 -0400] "GET /wp-content/about.php HTTP/1.1" 404 9259 "-" "-"
20.57.62.103 - - [30/Mar/2025:19:21:56 -0400] "GET /.well-known/about.php HTTP/1.1" 404 9259 "-" "-"
20.57.62.103 - - [30/Mar/2025:19:21:58 -0400] "GET /wp-includes/Text/about.php HTTP/1.1" 404 9259 "-" "-"
20.57.62.103 - - [30/Mar/2025:19:22:01 -0400] "GET /wp-includes/ID3/about.php HTTP/1.1" 404 9259 "-" "-"
20.57.62.103 - - [30/Mar/2025:19:22:02 -0400] "GET /img/about.php HTTP/1.1" 404 9259 "-" "-"
20.57.62.103 - - [30/Mar/2025:19:22:04 -0400] "GET /wp-content/languages/about.php HTTP/1.1" 404 9259 "-" "-"
20.57.62.103 - - [30/Mar/2025:19:22:05 -0400] "GET /wp-includes/customize/about.php HTTP/1.1" 404 9259 "-" "-"
20.57.62.103 - - [30/Mar/2025:19:22:06 -0400] "GET /wp-includes.bak/html-api/about.php HTTP/1.1" 404 9259 "-" "-"
20.57.62.103 - - [30/Mar/2025:19:22:06 -0400] "GET /wp-includes/widgets/about.php HTTP/1.1" 404 9259 "-" "-"
20.57.62.103 - - [30/Mar/2025:19:22:07 -0400] "GET /wp-includes/IXR/about.php HTTP/1.1" 404 9259 "-" "-"
20.57.62.103 - - [30/Mar/2025:19:22:08 -0400] "GET /wp-admin/js/about.php HTTP/1.1" 404 9259 "-" "-"
20.57.62.103 - - [30/Mar/2025:19:22:09 -0400] "GET /.well-known/pki-validation/about.php HTTP/1.1" 404 1251 "-" "-"
20.57.62.103 - - [30/Mar/2025:19:22:09 -0400] "GET /wp-includes/pomo/about.php HTTP/1.1" 404 9259 "-" "-"
20.57.62.103 - - [30/Mar/2025:19:22:10 -0400] "GET /wp-includes/block-patterns/about.php HTTP/1.1" 404 9259 "-" "-"
20.57.62.103 - - [30/Mar/2025:19:22:10 -0400] "GET /wp-content/updraft/about.php HTTP/1.1" 404 9259 "-" "-"
20.57.62.103 - - [30/Mar/2025:19:22:11 -0400] "GET /wp-content/upgrade-temp-backup/about.php HTTP/1.1" 404 9259 "-" "-"
20.57.62.103 - - [30/Mar/2025:19:22:12 -0400] "GET /wp-content/themes/about.php HTTP/1.1" 404 9259 "-" "-"
20.57.62.103 - - [30/Mar/2025:19:22:13 -0400] "GET /wp-admin/includes/about.php HTTP/1.1" 404 9259 "-" "-"
20.57.62.103 - - [30/Mar/2025:19:22:13 -0400] "GET /images/about.php HTTP/1.1" 404 9259 "-" "-"
20.57.62.103 - - [30/Mar/2025:19:22:14 -0400] "GET /wp-content/blogs.dir/about.php HTTP/1.1" 404 9259 "-" "-"
20.57.62.103 - - [30/Mar/2025:19:22:15 -0400] "GET /wp-includes/images/about.php HTTP/1.1" 404 9259 "-" "-"
20.57.62.103 - - [30/Mar/2025:19:22:15 -0400] "GET /wp-includes/about.php HTTP/1.1" 404 9259 "-" "-"
20.57.62.103 - - [30/Mar/2025:19:22:16 -0400] "GET /cgi-bin/about.php HTTP/1.1" 404 9259 "-" "-"
20.57.62.103 - - [30/Mar/2025:19:22:17 -0400] "GET /wp-content/gallery/about.php HTTP/1.1" 404 9259 "-" "-"
20.57.62.103 - - [30/Mar/2025:19:22:17 -0400] "GET /wp-includes/blocks/about.php HTTP/1.1" 404 9259 "-" "-"
20.57.62.103 - - [30/Mar/2025:19:22:18 -0400] "GET /wp-admin/css/about.php HTTP/1.1" 404 9259 "-" "-"
20.57.62.103 - - [30/Mar/2025:19:22:19 -0400] "GET /wp-admin/images/about.php HTTP/1.1" 404 9259 "-" "-"
20.57.62.103 - - [30/Mar/2025:19:22:19 -0400] "GET /.well-known/pki-validation/cloud.php HTTP/1.1" 404 1251 "-" "-"
20.57.62.103 - - [30/Mar/2025:19:22:19 -0400] "GET /.well-known/acme-challenge/cloud.php HTTP/1.1" 404 9259 "-" "-"
20.57.62.103 - - [30/Mar/2025:19:22:20 -0400] "GET /wp-admin/network/cloud.php HTTP/1.1" 404 9259 "-" "-"
20.57.62.103 - - [30/Mar/2025:19:22:20 -0400] "GET /cloud.php HTTP/1.1" 404 9259 "-" "-"
20.57.62.103 - - [30/Mar/2025:19:22:21 -0400] "GET /cgi-bin/cloud.php HTTP/1.1" 404 9258 "-" "-"
20.57.62.103 - - [30/Mar/2025:19:22:22 -0400] "GET /wp-content/updates.php HTTP/1.1" 404 9258 "-" "-"
20.57.62.103 - - [30/Mar/2025:19:22:22 -0400] "GET /css/cloud.php HTTP/1.1" 404 9259 "-" "-"
20.57.62.103 - - [30/Mar/2025:19:22:23 -0400] "GET /wp-admin/user/cloud.php HTTP/1.1" 404 9259 "-" "-"
20.57.62.103 - - [30/Mar/2025:19:22:24 -0400] "GET /img/cloud.php HTTP/1.1" 404 9259 "-" "-"
20.57.62.103 - - [30/Mar/2025:19:22:24 -0400] "GET /wp-admin/css/colors/coffee/cloud.php HTTP/1.1" 404 9259 "-" "-"
20.57.62.103 - - [30/Mar/2025:19:22:25 -0400] "GET /wp-admin/images/cloud.php HTTP/1.1" 404 9259 "-" "-"
20.57.62.103 - - [30/Mar/2025:19:22:26 -0400] "GET /avaa.php HTTP/1.1" 404 9259 "-" "-"
20.57.62.103 - - [30/Mar/2025:19:22:26 -0400] "GET /images/cloud.php HTTP/1.1" 404 9259 "-" "-"
20.57.62.103 - - [30/Mar/2025:19:22:26 -0400] "GET /wp-admin/js/widgets/cloud.php HTTP/1.1" 404 9259 "-" "-"
20.57.62.103 - - [30/Mar/2025:19:22:27 -0400] "GET /wp-includes/Requests/Text/admin.php HTTP/1.1" 404 9259 "-" "-"
20.57.62.103 - - [30/Mar/2025:19:22:27 -0400] "GET /wp-admin/css/colors/cloud.php HTTP/1.1" 404 9259 "-" "-"
20.57.62.103 - - [30/Mar/2025:19:22:28 -0400] "GET /wp-admin/includes/cloud.php HTTP/1.1" 404 9259 "-" "-"
20.57.62.103 - - [30/Mar/2025:19:22:28 -0400] "GET /wp-admin/css/colors/blue/cloud.php HTTP/1.1" 404 9259 "-" "-"
20.57.62.103 - - [30/Mar/2025:19:22:29 -0400] "GET /wp-admin/cloud.php HTTP/1.1" 404 9259 "-" "-"
20.57.62.103 - - [30/Mar/2025:19:22:30 -0400] "GET /updates.php HTTP/1.1" 404 9259 "-" "-"
20.57.62.103 - - [30/Mar/2025:19:22:30 -0400] "GET /libraries/legacy/updates.php HTTP/1.1" 404 9259 "-" "-"
20.57.62.103 - - [30/Mar/2025:19:22:30 -0400] "GET /libraries/phpmailer/updates.php HTTP/1.1" 404 9259 "-" "-"
20.57.62.103 - - [30/Mar/2025:19:22:31 -0400] "GET /libraries/vendor/updates.php HTTP/1.1" 404 9259 "-" "-"
20.57.62.103 - - [30/Mar/2025:19:22:31 -0400] "GET /alfa-rex.php7 HTTP/1.1" 404 9259 "-" "-"
20.57.62.103 - - [30/Mar/2025:19:22:31 -0400] "GET /alfanew.php HTTP/1.1" 404 9259 "-" "-"
20.57.62.103 - - [30/Mar/2025:19:22:32 -0400] "GET /wp-content/plugins/Cache/Cache.php HTTP/1.1" 404 9259 "-" "-"
20.57.62.103 - - [30/Mar/2025:19:22:33 -0400] "GET /wp-admin/js/widgets/about.php7 HTTP/1.1" 404 9259 "-" "-"
20.57.62.103 - - [30/Mar/2025:19:22:33 -0400] "GET /wp-p.php7 HTTP/1.1" 404 9259 "-" "-"
20.57.62.103 - - [30/Mar/2025:19:22:33 -0400] "GET /wp-admin/repeater.php HTTP/1.1" 404 9259 "-" "-"
20.57.62.103 - - [30/Mar/2025:19:22:34 -0400] "GET /wp-includes/repeater.php HTTP/1.1" 404 9259 "-" "-"
20.57.62.103 - - [30/Mar/2025:19:22:34 -0400] "GET /wp-content/repeater.php HTTP/1.1" 404 9259 "-" "-"
20.57.62.103 - - [30/Mar/2025:19:22:35 -0400] "GET /wsoyanz.php HTTP/1.1" 404 9259 "-" "-"
20.57.62.103 - - [30/Mar/2025:19:22:35 -0400] "GET /yanz.php HTTP/1.1" 404 9259 "-" "-"
20.57.62.103 - - [30/Mar/2025:19:22:36 -0400] "GET /wp-content/plugins/seoo/wsoyanz.php HTTP/1.1" 404 9259 "-" "-"
20.57.62.103 - - [30/Mar/2025:19:22:36 -0400] "GET /wp-content/plugins/seoo/wsoyanz1.php HTTP/1.1" 404 9259 "-" "-"
20.57.62.103 - - [30/Mar/2025:19:22:36 -0400] "GET /cache-compat.php HTTP/1.1" 404 9259 "-" "-"
20.57.62.103 - - [30/Mar/2025:19:22:36 -0400] "GET /ajax-actions.php HTTP/1.1" 404 9259 "-" "-"
20.57.62.103 - - [30/Mar/2025:19:22:37 -0400] "GET /wp-admin/ajax-actions.php HTTP/1.1" 404 9259 "-" "-"
20.57.62.103 - - [30/Mar/2025:19:22:37 -0400] "GET /wp-consar.php HTTP/1.1" 404 9259 "-" "-"
20.57.62.103 - - [30/Mar/2025:19:22:37 -0400] "GET /repeater.php HTTP/1.1" 404 9259 "-" "-"
20.57.62.103 - - [30/Mar/2025:19:22:38 -0400] "GET /admin-post.php HTTP/1.1" 404 9259 "-" "-"
198.54.114.83 - - [30/Mar/2025:19:22:38 -0400] "POST /wp-cron.php?doing_wp_cron=1743376958.8383460044860839843750 HTTP/1.1" 200 0 "-" "WordPress/6.7.2; https://sunquicksf.com"
20.57.62.103 - - [30/Mar/2025:19:22:38 -0400] "GET /wp-admin/maint/maint/ajax-actions.php HTTP/1.1" 404 9259 "-" "-"
20.57.62.103 - - [30/Mar/2025:19:22:39 -0400] "GET /wp-admin/dropdown.php HTTP/1.1" 404 9259 "-" "-"
20.57.62.103 - - [30/Mar/2025:19:22:39 -0400] "GET /wp-admin/css/index.php HTTP/1.1" 301 0 "-" "-"
20.57.62.103 - - [30/Mar/2025:19:22:40 -0400] "GET /wp-admin/css/ HTTP/1.1" 403 1242 "-" "-"
20.57.62.103 - - [30/Mar/2025:19:22:40 -0400] "GET /dropdown.php HTTP/1.1" 404 9259 "-" "-"
20.57.62.103 - - [30/Mar/2025:19:22:41 -0400] "GET /about.php HTTP/1.1" 404 9259 "-" "-"
20.57.62.103 - - [30/Mar/2025:19:22:41 -0400] "GET /admin.php HTTP/1.1" 404 9259 "-" "-"
20.57.62.103 - - [30/Mar/2025:19:22:42 -0400] "GET /about.php7 HTTP/1.1" 404 9259 "-" "-"
20.57.62.103 - - [30/Mar/2025:19:22:42 -0400] "GET /alfanew.php7 HTTP/1.1" 404 9259 "-" "-"
20.57.62.103 - - [30/Mar/2025:19:22:43 -0400] "GET /adminfuns.php7 HTTP/1.1" 404 9259 "-" "-"
20.57.62.103 - - [30/Mar/2025:19:22:44 -0400] "GET /ebs.php7 HTTP/1.1" 404 9259 "-" "-"
20.57.62.103 - - [30/Mar/2025:19:22:44 -0400] "GET /ws.php7 HTTP/1.1" 404 9259 "-" "-"
20.57.62.103 - - [30/Mar/2025:19:22:45 -0400] "GET /alfanew2.php7 HTTP/1.1" 404 9259 "-" "-"
20.57.62.103 - - [30/Mar/2025:19:22:46 -0400] "GET /alfa-rex2.php7 HTTP/1.1" 404 9259 "-" "-"
20.57.62.103 - - [30/Mar/2025:19:22:47 -0400] "GET /wp-admin/images/index.php HTTP/1.1" 301 0 "-" "-"
20.57.62.103 - - [30/Mar/2025:19:22:48 -0400] "GET /wp-admin/images/ HTTP/1.1" 403 1242 "-" "-"
20.57.62.103 - - [30/Mar/2025:19:22:48 -0400] "GET /wp-admin/css/colors/index.php HTTP/1.1" 301 0 "-" "-"
20.57.62.103 - - [30/Mar/2025:19:22:49 -0400] "GET /wp-admin/css/colors/ HTTP/1.1" 403 1242 "-" "-"
20.57.62.103 - - [30/Mar/2025:19:22:49 -0400] "GET /wp-content/themes/pridmag/db.php HTTP/1.1" 404 9259 "-" "-"
20.57.62.103 - - [30/Mar/2025:19:22:50 -0400] "GET /wp-content/themes/seotheme/mar.php HTTP/1.1" 404 9259 "-" "-"
20.57.62.103 - - [30/Mar/2025:19:22:50 -0400] "GET /wp-content/plugins/linkpreview/db.php HTTP/1.1" 404 9259 "-" "-"
20.57.62.103 - - [30/Mar/2025:19:22:51 -0400] "GET /wp-content/themes/seotheme/db.php HTTP/1.1" 404 9259 "-" "-"
20.57.62.103 - - [30/Mar/2025:19:22:52 -0400] "GET /wp-content/plugins/seoplugins/db.php HTTP/1.1" 404 9259 "-" "-"
20.57.62.103 - - [30/Mar/2025:19:22:53 -0400] "GET /wp-content/plugins/seoplugins/mar.php HTTP/1.1" 404 9259 "-" "-"
20.57.62.103 - - [30/Mar/2025:19:22:53 -0400] "GET /.well-known/pki-validation/xmrlpc.php HTTP/1.1" 404 1251 "-" "-"
20.57.62.103 - - [30/Mar/2025:19:22:53 -0400] "GET /.well-known/acme-challenge/xmrlpc.php HTTP/1.1" 404 9259 "-" "-"
20.57.62.103 - - [30/Mar/2025:19:22:54 -0400] "GET /wp-admin/network/xmrlpc.php HTTP/1.1" 404 9259 "-" "-"
20.57.62.103 - - [30/Mar/2025:19:22:54 -0400] "GET /xmrlpc.php HTTP/1.1" 404 9259 "-" "-"
20.57.62.103 - - [30/Mar/2025:19:22:55 -0400] "GET /cgi-bin/xmrlpc.php HTTP/1.1" 404 9259 "-" "-"
20.57.62.103 - - [30/Mar/2025:19:22:55 -0400] "GET /css/xmrlpc.php HTTP/1.1" 404 9259 "-" "-"
20.57.62.103 - - [30/Mar/2025:19:22:55 -0400] "GET /wp-admin/user/xmrlpc.php HTTP/1.1" 404 9259 "-" "-"
20.57.62.103 - - [30/Mar/2025:19:22:56 -0400] "GET /img/xmrlpc.php HTTP/1.1" 404 9259 "-" "-"
20.57.62.103 - - [30/Mar/2025:19:22:56 -0400] "GET /wp-admin/css/colors/coffee/xmrlpc.php HTTP/1.1" 404 9259 "-" "-"
20.57.62.103 - - [30/Mar/2025:19:22:56 -0400] "GET /wp-admin/images/xmrlpc.php HTTP/1.1" 404 9259 "-" "-"
20.57.62.103 - - [30/Mar/2025:19:22:56 -0400] "GET /images/xmrlpc.php HTTP/1.1" 404 9259 "-" "-"
20.57.62.103 - - [30/Mar/2025:19:22:57 -0400] "GET /wp-admin/js/widgets/xmrlpc.php HTTP/1.1" 404 9259 "-" "-"
20.57.62.103 - - [30/Mar/2025:19:22:57 -0400] "GET /wp-admin/css/colors/xmrlpc.php HTTP/1.1" 404 9259 "-" "-"
20.57.62.103 - - [30/Mar/2025:19:22:57 -0400] "GET /wp-admin/includes/xmrlpc.php HTTP/1.1" 404 9259 "-" "-"
20.57.62.103 - - [30/Mar/2025:19:22:58 -0400] "GET /wp-admin/css/colors/blue/xmrlpc.php HTTP/1.1" 404 9259 "-" "-"
20.57.62.103 - - [30/Mar/2025:19:22:58 -0400] "GET /wp-admin/xmrlpc.php HTTP/1.1" 404 9259 "-" "-"
20.57.62.103 - - [30/Mar/2025:19:22:58 -0400] "GET /smaxx.php HTTP/1.1" 404 9259 "-" "-"
20.57.62.103 - - [30/Mar/2025:19:22:59 -0400] "GET /wp-admin/smaxx.php HTTP/1.1" 404 9259 "-" "-"
20.57.62.103 - - [30/Mar/2025:19:22:59 -0400] "GET /wp-content/plugins/WordPressCore/smaxx.php HTTP/1.1" 404 9258 "-" "-"
20.57.62.103 - - [30/Mar/2025:19:23:00 -0400] "GET /wp-includes/images/smaxx.php HTTP/1.1" 404 9258 "-" "-"
20.57.62.103 - - [30/Mar/2025:19:23:00 -0400] "GET /wp-content/plugins/core-plugin/smaxx.php HTTP/1.1" 404 9258 "-" "-"
20.57.62.103 - - [30/Mar/2025:19:23:01 -0400] "GET /wp-includes/smaxx.php HTTP/1.1" 404 9258 "-" "-"
20.57.62.103 - - [30/Mar/2025:19:23:01 -0400] "GET /wp-content/plugins/smaxx.php HTTP/1.1" 404 9258 "-" "-"
20.57.62.103 - - [30/Mar/2025:19:23:01 -0400] "GET /xt/smaxx.php HTTP/1.1" 404 9258 "-" "-"
20.57.62.103 - - [30/Mar/2025:19:23:02 -0400] "GET /wp-content/smaxx.php HTTP/1.1" 404 9258 "-" "-"
20.57.62.103 - - [30/Mar/2025:19:23:02 -0400] "GET /wp-content/themes/twentyfive/smaxx.php HTTP/1.1" 404 9258 "-" "-"
20.57.62.103 - - [30/Mar/2025:19:23:02 -0400] "GET /wp-content/upgrade/sx.php HTTP/1.1" 404 9258 "-" "-"
20.57.62.103 - - [30/Mar/2025:19:23:03 -0400] "GET /.well-known/pki-validation/sx.php HTTP/1.1" 404 1251 "-" "-"
20.57.62.103 - - [30/Mar/2025:19:23:03 -0400] "GET /wp-admin/user/sx.php HTTP/1.1" 404 9258 "-" "-"
20.57.62.103 - - [30/Mar/2025:19:23:03 -0400] "GET /wp-includes/ID3/sx.php HTTP/1.1" 404 9258 "-" "-"
20.57.62.103 - - [30/Mar/2025:19:23:03 -0400] "GET /wp-includes/blocks/sx.php HTTP/1.1" 404 9258 "-" "-"
20.57.62.103 - - [30/Mar/2025:19:23:03 -0400] "GET /sx.php HTTP/1.1" 404 9258 "-" "-"
20.57.62.103 - - [30/Mar/2025:19:23:04 -0400] "GET /wp-includes/sx.php HTTP/1.1" 404 9258 "-" "-"
20.57.62.103 - - [30/Mar/2025:19:23:04 -0400] "GET /wp-admin/sx.php HTTP/1.1" 404 9258 "-" "-"
20.57.62.103 - - [30/Mar/2025:19:23:04 -0400] "GET /wp-content/plugins/fix/sx.php HTTP/1.1" 404 9258 "-" "-"
20.57.62.103 - - [30/Mar/2025:19:23:04 -0400] "GET /wp-admin/includes/sx.php HTTP/1.1" 404 9258 "-" "-"
20.57.62.103 - - [30/Mar/2025:19:23:05 -0400] "GET /cgi-bin/sx.php HTTP/1.1" 404 9258 "-" "-"
20.57.62.103 - - [30/Mar/2025:19:23:05 -0400] "GET /wp-admin/css/sx.php HTTP/1.1" 404 9258 "-" "-"
20.57.62.103 - - [30/Mar/2025:19:23:06 -0400] "GET /wp-admin/network/sx.php HTTP/1.1" 404 9258 "-" "-"
20.57.62.103 - - [30/Mar/2025:19:23:06 -0400] "GET /wp-includes/block-supports/sx.php HTTP/1.1" 404 9258 "-" "-"
20.57.62.103 - - [30/Mar/2025:19:23:07 -0400] "GET /wp-includes/IXR/sx.php HTTP/1.1" 404 9258 "-" "-"
20.57.62.103 - - [30/Mar/2025:19:23:07 -0400] "GET /.well-known/sx.php HTTP/1.1" 404 9258 "-" "-"
20.57.62.103 - - [30/Mar/2025:19:23:09 -0400] "GET /wp-includes/js/tinymce/skins/lightgray/fonts/sx.php HTTP/1.1" 404 9258 "-" "-"
20.57.62.103 - - [30/Mar/2025:19:23:10 -0400] "GET /wp-content/sx.php HTTP/1.1" 404 9258 "-" "-"
20.57.62.103 - - [30/Mar/2025:19:23:10 -0400] "GET /wp-content/plugins/elementor/sx.php HTTP/1.1" 404 9258 "-" "-"
20.57.62.103 - - [30/Mar/2025:19:23:11 -0400] "GET /.well-known/acme-challenge/sx.php HTTP/1.1" 404 9258 "-" "-"
20.57.62.103 - - [30/Mar/2025:19:23:11 -0400] "GET /wp-includes/js/jcrop/sx.php HTTP/1.1" 404 9258 "-" "-"
20.57.62.103 - - [30/Mar/2025:19:23:12 -0400] "GET /wp-includes/rest-api/sx.php HTTP/1.1" 404 9258 "-" "-"
20.57.62.103 - - [30/Mar/2025:19:23:13 -0400] "GET /wp-admin/images/sx.php HTTP/1.1" 404 9258 "-" "-"
20.57.62.103 - - [30/Mar/2025:19:23:13 -0400] "GET /wp-admin/css/colors/blue/blue.php HTTP/1.1" 404 9258 "-" "-"
20.57.62.103 - - [30/Mar/2025:19:23:13 -0400] "GET /chosen HTTP/1.1" 404 9258 "-" "-"
20.57.62.103 - - [30/Mar/2025:19:23:14 -0400] "GET /wp-content/plugins/fix/up.php HTTP/1.1" 404 9258 "-" "-"
20.57.62.103 - - [30/Mar/2025:19:23:14 -0400] "GET /install.php HTTP/1.1" 404 9258 "-" "-"
20.57.62.103 - - [30/Mar/2025:19:23:14 -0400] "GET /wp-includes/images/include.php HTTP/1.1" 404 9258 "-" "-"
