63.250.38.151 - - [01/Apr/2025:19:06:22 -0400] "POST /xmlrpc.php HTTP/1.1" 200 212 "http://sunquicksf.com" "Mozilla/5.0 (Windows NT 10.0; Win64; x64) AppleWebKit/537.36 (KHTML, like Gecko) Chrome/113.0.5672.93 Safari/537.36"
198.54.114.83 - - [01/Apr/2025:19:07:21 -0400] "POST /wp-cron.php?doing_wp_cron=1743548841.5400969982147216796875 HTTP/1.1" 200 0 "-" "WordPress/6.7.2; https://sunquicksf.com"
185.253.98.242 - - [01/Apr/2025:19:07:21 -0400] "GET /sunquicksf.zip HTTP/1.1" 404 9259 "-" "Mozilla/5.0 (Macintosh; Intel Mac OS X 10_15_7) AppleWebKit/537.36 (KHTML, like Gecko) Chrome/110.0.5481.77 Safari/537.36"
35.170.205.140 - - [01/Apr/2025:19:22:02 -0400] "GET /?p=6140 HTTP/1.1" 200 97711 "-" "Mozilla/5.0 AppleWebKit/537.36 (KHTML, like Gecko; compatible; Amazonbot/0.1; +https://developer.amazon.com/support/amazonbot) Chrome/119.0.6045.214 Safari/537.36"
198.54.114.83 - - [01/Apr/2025:19:30:35 -0400] "POST /wp-cron.php?doing_wp_cron=1743550235.2911849021911621093750 HTTP/1.1" 200 0 "-" "WordPress/6.7.2; https://sunquicksf.com"
128.199.126.239 - - [01/Apr/2025:19:30:34 -0400] "POST /xmlrpc.php HTTP/1.1" 200 212 "http://sunquicksf.com" "Mozilla/5.0 (Windows NT 10.0; Win64; x64) AppleWebKit/537.36 (KHTML, like Gecko) Chrome/112.0.5615.138 Safari/537.36"
47.238.14.0 - - [01/Apr/2025:19:47:25 -0400] "GET / HTTP/1.1" 200 97711 "-" "Mozilla/5.0 (Macintosh; Intel Mac OS X 10_15_7) AppleWebKit/537.36 (KHTML, like Gecko) Chrome/109.0.0.0 Safari/537.36"
198.54.114.83 - - [01/Apr/2025:19:55:05 -0400] "POST /wp-cron.php?doing_wp_cron=1743551704.9470429420471191406250 HTTP/1.1" 200 0 "-" "WordPress/6.7.2; https://sunquicksf.com"
118.139.180.100 - - [01/Apr/2025:19:55:04 -0400] "POST /xmlrpc.php HTTP/1.1" 200 212 "http://sunquicksf.com" "Mozilla/5.0 (Windows NT 10.0; Win64; x64) AppleWebKit/537.36 (KHTML, like Gecko) Chrome/126.0.0.0 Safari/537.36"
198.54.114.83 - - [01/Apr/2025:20:04:41 -0400] "POST /wp-cron.php?doing_wp_cron=1743552280.1645219326019287109375 HTTP/1.1" 200 0 "-" "WordPress/6.7.2; https://sunquicksf.com"
124.243.172.171 - - [01/Apr/2025:20:04:35 -0400] "GET /die-asthetik-moderner-hangelampen-eine-fusion-von-design-und-funktionalitat HTTP/1.1" 404 9259 "http://sunquicksf.com/die-asthetik-moderner-hangelampen-eine-fusion-von-design-und-funktionalitat" "Mozilla/5.0 (Windows NT 10.0; Win64; x64) AppleWebKit/537.36 (KHTML, like Gecko) Chrome/104.0.0.0 Safari/537.36"
198.54.114.83 - - [01/Apr/2025:20:15:14 -0400] "POST /wp-cron.php?doing_wp_cron=1743552914.0806519985198974609375 HTTP/1.1" 200 0 "-" "WordPress/6.7.2; https://sunquicksf.com"
161.35.15.162 - - [01/Apr/2025:20:15:10 -0400] "GET /wp-cli.php HTTP/1.1" 404 9258 "www.google.com" "Mozlila/5.0 (Linux; Android 7.0; SM-G892A Bulid/NRD90M; wv) AppleWebKit/537.36 (KHTML, like Gecko) Version/4.0 Chrome/60.0.3112.107 Moblie Safari/537.36"
8.219.147.213 - - [01/Apr/2025:20:19:42 -0400] "POST /xmlrpc.php HTTP/1.1" 200 212 "http://sunquicksf.com" "Mozilla/5.0 (Macintosh; Intel Mac OS X 10_15_7; rv:128.0) Gecko/20100101 Firefox/128.0"
103.183.115.220 - - [01/Apr/2025:20:27:17 -0400] "GET /how-to-choose-a-commercial-air-cleaner/ HTTP/1.1" 200 12529 "-" "Mozilla/5.0 (Windows NT 10.0; WOW64) AppleWebKit/537.36 (KHTML, like Gecko) Chrome/114.0.0.0 YaBrowser/22.7.0 Yowser/2.5 Safari/537.36"
103.183.115.220 - - [01/Apr/2025:20:27:31 -0400] "GET /how-to-choose-a-commercial-air-cleaner/ HTTP/1.1" 200 12529 "http://sunquicksf.com/how-to-choose-a-commercial-air-cleaner/" "Mozilla/5.0 (Windows NT 6.3; Win64; x64) AppleWebKit/537.36 (KHTML, like Gecko) Chrome/103.0.0.0 Safari/537.36"
106.119.167.146 - - [01/Apr/2025:20:27:33 -0400] "GET / HTTP/1.1" 200 97711 "-" "Mozilla/5.0 (iPhone; CPU iPhone OS 13_2_3 like Mac OS X) AppleWebKit/605.1.15 (KHTML, like Gecko) Version/13.0.3 Mobile/15E148 Safari/604.1"
198.54.114.83 - - [01/Apr/2025:20:27:35 -0400] "POST /wp-cron.php?doing_wp_cron=1743553654.9256980419158935546875 HTTP/1.1" 200 0 "-" "WordPress/6.7.2; https://sunquicksf.com"
103.183.115.220 - - [01/Apr/2025:20:27:32 -0400] "POST /wp-comments-post.php HTTP/1.1" 302 0 "http://sunquicksf.com/how-to-choose-a-commercial-air-cleaner/" "Mozilla/5.0 (Windows NT 6.3; Win64; x64) AppleWebKit/537.36 (KHTML, like Gecko) Chrome/103.0.0.0 Safari/537.36"
103.15.222.42 - - [01/Apr/2025:20:27:40 -0400] "GET /how-to-choose-a-commercial-air-cleaner/ HTTP/1.1" 200 12529 "-" "Mozilla/5.0 (Windows NT 6.3; Win64; x64) AppleWebKit/537.36 (KHTML, like Gecko) Chrome/103.0.0.0 Safari/537.36"
103.15.222.42 - - [01/Apr/2025:20:33:15 -0400] "GET /how-to-choose-a-commercial-air-cleaner/ HTTP/1.1" 200 12529 "-" "Mozilla/5.0 (Windows NT 10.0; Win64; x64; rv:114.0) Gecko/20100101 Firefox/114.0"
2a03:2880:11ff:6:: - - [01/Apr/2025:20:42:28 -0400] "GET /robots.txt HTTP/1.1" 304 0 "-" "facebookexternalhit/1.1 (+http://www.facebook.com/externalhit_uatext.php)"
198.54.114.83 - - [01/Apr/2025:20:44:27 -0400] "POST /wp-cron.php?doing_wp_cron=1743554667.4771459102630615234375 HTTP/1.1" 200 0 "-" "WordPress/6.7.2; https://sunquicksf.com"
51.178.45.73 - - [01/Apr/2025:20:44:22 -0400] "POST /xmlrpc.php HTTP/1.1" 200 212 "http://sunquicksf.com" "Mozilla/5.0 (Macintosh; Intel Mac OS X 10.15; rv:126.0) Gecko/20100101 Firefox/126.0"
54.36.148.225 - - [01/Apr/2025:20:52:32 -0400] "GET /robots.txt HTTP/1.1" 304 0 "-" "Mozilla/5.0 (compatible; AhrefsBot/7.0; +http://ahrefs.com/robot/)"
198.54.114.83 - - [01/Apr/2025:21:09:20 -0400] "POST /wp-cron.php?doing_wp_cron=1743556159.6533730030059814453125 HTTP/1.1" 200 0 "-" "WordPress/6.7.2; https://sunquicksf.com"
160.16.215.164 - - [01/Apr/2025:21:09:15 -0400] "POST /xmlrpc.php HTTP/1.1" 200 212 "http://sunquicksf.com" "Mozilla/5.0 (Windows NT 10.0; Win64; x64) AppleWebKit/537.36 (KHTML, like Gecko) Chrome/115.0.5790.102 Safari/537.36"
216.244.66.196 - - [01/Apr/2025:21:15:59 -0400] "GET /robots.txt HTTP/1.1" 304 0 "-" "Mozilla/5.0 (compatible; DotBot/1.2; +https://opensiteexplorer.org/dotbot; help@moz.com)"
136.144.43.39 - - [01/Apr/2025:21:21:19 -0400] "GET /?author=1 HTTP/1.1" 200 97711 "-" "Mozilla/5.0 (Windows NT 10.0; Win64; x64) AppleWebKit/537.36 (KHTML, like Gecko) Chrome/63.0.3239.132 Safari/537.36"
136.144.43.39 - - [01/Apr/2025:21:21:21 -0400] "GET /wp-json/wp/v2/users/ HTTP/1.1" 200 1332 "-" "Mozilla/5.0 (Windows NT 10.0; Win64; x64) AppleWebKit/537.36 (KHTML, like Gecko) Chrome/63.0.3239.132 Safari/537.36"
136.144.43.39 - - [01/Apr/2025:21:21:23 -0400] "POST /xmlrpc.php HTTP/1.1" 200 236 "-" "Mozilla/5.0 (Windows NT 10.0; Win64; x64) AppleWebKit/537.36 (KHTML, like Gecko) Chrome/63.0.3239.132 Safari/537.36"
136.144.43.39 - - [01/Apr/2025:21:21:24 -0400] "POST /xmlrpc.php HTTP/1.1" 200 236 "-" "Mozilla/5.0 (Windows NT 10.0; Win64; x64) AppleWebKit/537.36 (KHTML, like Gecko) Chrome/63.0.3239.132 Safari/537.36"
136.144.43.39 - - [01/Apr/2025:21:21:25 -0400] "POST /xmlrpc.php HTTP/1.1" 200 236 "-" "Mozilla/5.0 (Windows NT 10.0; Win64; x64) AppleWebKit/537.36 (KHTML, like Gecko) Chrome/63.0.3239.132 Safari/537.36"
136.144.43.39 - - [01/Apr/2025:21:21:26 -0400] "POST /xmlrpc.php HTTP/1.1" 200 236 "-" "Mozilla/5.0 (Windows NT 10.0; Win64; x64) AppleWebKit/537.36 (KHTML, like Gecko) Chrome/63.0.3239.132 Safari/537.36"
136.144.43.39 - - [01/Apr/2025:21:21:27 -0400] "POST /xmlrpc.php HTTP/1.1" 200 236 "-" "Mozilla/5.0 (Windows NT 10.0; Win64; x64) AppleWebKit/537.36 (KHTML, like Gecko) Chrome/63.0.3239.132 Safari/537.36"
136.144.43.39 - - [01/Apr/2025:21:21:28 -0400] "POST /xmlrpc.php HTTP/1.1" 200 236 "-" "Mozilla/5.0 (Windows NT 10.0; Win64; x64) AppleWebKit/537.36 (KHTML, like Gecko) Chrome/63.0.3239.132 Safari/537.36"
198.54.114.83 - - [01/Apr/2025:21:34:11 -0400] "POST /wp-cron.php?doing_wp_cron=1743557651.3574171066284179687500 HTTP/1.1" 200 0 "-" "WordPress/6.7.2; https://sunquicksf.com"
20.245.238.242 - - [01/Apr/2025:21:34:11 -0400] "POST /xmlrpc.php HTTP/1.1" 200 212 "http://sunquicksf.com" "Mozilla/5.0 (Windows NT 10.0; Win64; x64) AppleWebKit/537.36 (KHTML, like Gecko) Chrome/116.0.5845.96 Safari/537.36"
52.167.144.196 - - [01/Apr/2025:21:40:16 -0400] "GET /?p=6170 HTTP/1.1" 200 97711 "-" "Mozilla/5.0 AppleWebKit/537.36 (KHTML, like Gecko; compatible; bingbot/2.0; +http://www.bing.com/bingbot.htm) Chrome/116.0.1938.76 Safari/537.36"
114.119.128.14 - - [01/Apr/2025:21:44:12 -0400] "GET /robots.txt HTTP/1.1" 200 125 "-" "Mozilla/5.0 (compatible;PetalBot;+https://webmaster.petalsearch.com/site/petalbot)"
198.54.114.83 - - [01/Apr/2025:21:59:08 -0400] "POST /wp-cron.php?doing_wp_cron=1743559147.9271240234375000000000 HTTP/1.1" 200 0 "-" "WordPress/6.7.2; https://sunquicksf.com"
115.245.68.141 - - [01/Apr/2025:21:59:06 -0400] "POST /xmlrpc.php HTTP/1.1" 200 212 "http://sunquicksf.com" "Mozilla/5.0 (Macintosh; Intel Mac OS X 10_15_7; rv:127.0) Gecko/20100101 Firefox/127.0"
198.54.114.83 - - [01/Apr/2025:22:24:55 -0400] "POST /wp-cron.php?doing_wp_cron=1743560694.9018709659576416015625 HTTP/1.1" 200 0 "-" "WordPress/6.7.2; https://sunquicksf.com"
162.254.39.79 - - [01/Apr/2025:22:24:54 -0400] "POST /xmlrpc.php HTTP/1.1" 200 212 "http://sunquicksf.com" "Mozilla/5.0 (Macintosh; Intel Mac OS X 10_15_7; rv:126.0) Gecko/20100101 Firefox/126.0"
198.54.114.83 - - [01/Apr/2025:22:39:45 -0400] "POST /wp-cron.php?doing_wp_cron=1743561585.1322200298309326171875 HTTP/1.1" 200 0 "-" "WordPress/6.7.2; https://sunquicksf.com"
43.156.69.138 - - [01/Apr/2025:22:39:44 -0400] "GET //wp-content/plugins/fix/up.php HTTP/1.1" 301 0 "-" "Mozilla/5.0 (Windows NT 10.0; Win64; x64) AppleWebKit/537.36 (KHTML, like Gecko) Chrome/85.0.4183.102 Safari/537.36"
43.156.69.138 - - [01/Apr/2025:22:39:45 -0400] "GET /wp-content/plugins/fix/up.php HTTP/1.1" 404 9259 "-" "Mozilla/5.0 (Windows NT 10.0; Win64; x64) AppleWebKit/537.36 (KHTML, like Gecko) Chrome/85.0.4183.102 Safari/537.36"
198.54.114.83 - - [01/Apr/2025:22:50:53 -0400] "POST /wp-cron.php?doing_wp_cron=1743562253.6251258850097656250000 HTTP/1.1" 200 0 "-" "WordPress/6.7.2; https://sunquicksf.com"
203.161.63.215 - - [01/Apr/2025:22:50:53 -0400] "POST /xmlrpc.php HTTP/1.1" 200 212 "http://sunquicksf.com" "Mozilla/5.0 (Windows NT 10.0; Win64; x64) AppleWebKit/537.36 (KHTML, like Gecko) Chrome/116.0.5845.96 Safari/537.36 Edg/116.0.1938.62"
196.251.73.83 - - [01/Apr/2025:23:08:33 -0400] "GET / HTTP/1.1" 200 97711 "-" "-"
47.82.10.104 - - [01/Apr/2025:23:09:45 -0400] "GET /wp-includes/css/dist/block-library/style.min.css HTTP/1.1" 200 19532 "-" "Mozilla/5.0 (Windows NT 10.0; Win64; x64) AppleWebKit/537.36 (KHTML, like Gecko) Chrome/114.0.0.0 Safari/537.36 Edg/114.0.1823.43"
47.82.10.121 - - [01/Apr/2025:23:11:07 -0400] "GET /wp-content/themes/minimalist-newspaper/style.css HTTP/1.1" 200 12958 "-" "Mozilla/5.0 (Windows NT 10.0; Win64; x64) AppleWebKit/537.36 (KHTML, like Gecko) Chrome/114.0.0.0 Safari/537.36 Edg/114.0.1823.43"
47.82.10.174 - - [01/Apr/2025:23:11:43 -0400] "GET /wp-content/themes/newspaperly/css/font-awesome.min.css HTTP/1.1" 200 7949 "-" "Mozilla/5.0 (Windows NT 10.0; Win64; x64) AppleWebKit/537.36 (KHTML, like Gecko) Chrome/114.0.0.0 Safari/537.36 Edg/114.0.1823.43"
47.82.10.47 - - [01/Apr/2025:23:12:13 -0400] "GET /wp-content/themes/newspaperly/style.css HTTP/1.1" 200 13480 "-" "Mozilla/5.0 (Windows NT 10.0; Win64; x64) AppleWebKit/537.36 (KHTML, like Gecko) Chrome/114.0.0.0 Safari/537.36 Edg/114.0.1823.43"
47.82.10.17 - - [01/Apr/2025:23:12:15 -0400] "GET /wp-content/fonts/f655b7d03aab3f5c5bc3dd2b03cf7e20.css HTTP/1.1" 200 481 "-" "Mozilla/5.0 (Windows NT 10.0; Win64; x64) AppleWebKit/537.36 (KHTML, like Gecko) Chrome/114.0.0.0 Safari/537.36 Edg/114.0.1823.43"
198.54.114.83 - - [01/Apr/2025:23:17:02 -0400] "POST /wp-cron.php?doing_wp_cron=1743563821.5801069736480712890625 HTTP/1.1" 200 0 "-" "WordPress/6.7.2; https://sunquicksf.com"
20.245.167.190 - - [01/Apr/2025:23:16:58 -0400] "POST /xmlrpc.php HTTP/1.1" 200 212 "http://sunquicksf.com" "Mozilla/5.0 (Windows NT 10.0; Win64; x64; rv:129.0) Gecko/20100101 Firefox/129.0"
31.173.85.16 - - [01/Apr/2025:23:32:36 -0400] "GET /ally-bank-customer-service/ HTTP/1.1" 200 12590 "http://sunquicksf.com/ally-bank-customer-service/" "Mozilla/5.0 (Windows NT 10.0; Win64; x64) AppleWebKit/537.36 (KHTML, like Gecko) Chrome/131.0.0.0 Safari/537.36 Avast/131.0.0.0"
162.0.217.136 - - [01/Apr/2025:23:43:12 -0400] "POST /xmlrpc.php HTTP/1.1" 200 212 "http://sunquicksf.com" "Mozilla/5.0 (Macintosh; Intel Mac OS X 13.3; rv:126.0) Gecko/20100101 Firefox/126.0"
198.54.114.83 - - [01/Apr/2025:23:43:15 -0400] "POST /wp-cron.php?doing_wp_cron=1743565392.9660708904266357421875 HTTP/1.1" 200 0 "-" "WordPress/6.7.2; https://sunquicksf.com"
198.54.114.83 - - [02/Apr/2025:00:08:58 -0400] "POST /wp-cron.php?doing_wp_cron=1743566937.5061869621276855468750 HTTP/1.1" 200 0 "-" "WordPress/6.7.2; https://sunquicksf.com"
208.109.27.194 - - [02/Apr/2025:00:08:50 -0400] "POST /xmlrpc.php HTTP/1.1" 200 212 "http://sunquicksf.com" "Mozilla/5.0 (Windows NT 10.0; Win64; x64; rv:127.0) Gecko/20100101 Firefox/127.0"
198.54.114.83 - - [02/Apr/2025:00:11:19 -0400] "POST /wp-cron.php?doing_wp_cron=1743567079.6875739097595214843750 HTTP/1.1" 200 0 "-" "WordPress/6.7.2; https://sunquicksf.com"
146.70.14.24 - - [02/Apr/2025:00:11:15 -0400] "POST /wp-login.php HTTP/1.1" 302 0 "http://sunquicksf.com/wp-admin/" "Mozilla/5.0 (Windows NT 10.0; Win64; x64) AppleWebKit/537.36 (KHTML, like Gecko) Chrome/90.0.4430.85 Safari/537.36"
216.244.66.196 - - [02/Apr/2025:00:14:34 -0400] "GET /robots.txt HTTP/1.1" 304 0 "-" "Mozilla/5.0 (compatible; DotBot/1.2; +https://opensiteexplorer.org/dotbot; help@moz.com)"
85.208.98.23 - - [02/Apr/2025:00:14:36 -0400] "GET /robots.txt HTTP/1.1" 304 0 "-" "Mozilla/5.0 (compatible; SemrushBot-BA; +http://www.semrush.com/bot.html)"
198.54.114.83 - - [02/Apr/2025:00:24:32 -0400] "POST /wp-cron.php?doing_wp_cron=1743567872.0348570346832275390625 HTTP/1.1" 200 0 "-" "WordPress/6.7.2; https://sunquicksf.com"
43.156.69.138 - - [02/Apr/2025:00:24:31 -0400] "GET //wp-content/plugins/fix/up.php HTTP/1.1" 301 0 "-" "Mozilla/5.0 (Windows NT 10.0; Win64; x64) AppleWebKit/537.36 (KHTML, like Gecko) Chrome/85.0.4183.102 Safari/537.36"
43.156.69.138 - - [02/Apr/2025:00:24:32 -0400] "GET /wp-content/plugins/fix/up.php HTTP/1.1" 404 9259 "-" "Mozilla/5.0 (Windows NT 10.0; Win64; x64) AppleWebKit/537.36 (KHTML, like Gecko) Chrome/85.0.4183.102 Safari/537.36"
198.54.114.83 - - [02/Apr/2025:00:33:38 -0400] "POST /wp-cron.php?doing_wp_cron=1743568418.0431840419769287109375 HTTP/1.1" 200 0 "-" "WordPress/6.7.2; https://sunquicksf.com"
162.0.229.109 - - [02/Apr/2025:00:33:37 -0400] "POST /xmlrpc.php HTTP/1.1" 200 212 "http://sunquicksf.com" "Mozilla/5.0 (Windows NT 11.0; Win64; x64; rv:126.0) Gecko/20100101 Firefox/126.0"
198.54.114.83 - - [02/Apr/2025:00:55:29 -0400] "POST /wp-cron.php?doing_wp_cron=1743569729.1765511035919189453125 HTTP/1.1" 200 0 "-" "WordPress/6.7.2; https://sunquicksf.com"
23.111.188.34 - - [02/Apr/2025:00:55:24 -0400] "POST /xmlrpc.php HTTP/1.1" 200 212 "http://sunquicksf.com" "Mozilla/5.0 (Windows NT 10.0; Win64; x64; rv:126.0) Gecko/20100101 Firefox/126.0"
216.244.66.196 - - [02/Apr/2025:01:00:56 -0400] "GET /robots.txt HTTP/1.1" 304 0 "-" "Mozilla/5.0 (compatible; DotBot/1.2; +https://opensiteexplorer.org/dotbot; help@moz.com)"
198.54.114.83 - - [02/Apr/2025:01:20:47 -0400] "POST /wp-cron.php?doing_wp_cron=1743571247.5634129047393798828125 HTTP/1.1" 200 0 "-" "WordPress/6.7.2; https://sunquicksf.com"
198.54.120.17 - - [02/Apr/2025:01:20:43 -0400] "POST /xmlrpc.php HTTP/1.1" 200 212 "http://sunquicksf.com" "Mozilla/5.0 (Macintosh; Intel Mac OS X 10_15_7) AppleWebKit/537.36 (KHTML, like Gecko) Chrome/112.0.5615.138 Safari/537.36"
4.227.36.56 - - [02/Apr/2025:01:24:42 -0400] "GET /robots.txt HTTP/1.1" 304 0 "-" "Mozilla/5.0 AppleWebKit/537.36 (KHTML, like Gecko; compatible; GPTBot/1.2; +https://openai.com/gptbot)"
20.171.207.96 - - [02/Apr/2025:01:24:43 -0400] "GET /?p=11077 HTTP/1.1" 200 97711 "-" "Mozilla/5.0 AppleWebKit/537.36 (KHTML, like Gecko; compatible; GPTBot/1.2; +https://openai.com/gptbot)"
147.53.122.221 - - [02/Apr/2025:01:42:05 -0400] "GET /ally-bank-customer-service/ HTTP/1.1" 200 12590 "-" "Mozilla/5.0 (Windows NT 10.0; WOW64) AppleWebKit/537.36 (KHTML, like Gecko) Chrome/114.0.0.0 Safari/537.36"
198.54.114.83 - - [02/Apr/2025:01:42:07 -0400] "POST /wp-cron.php?doing_wp_cron=1743572526.8869030475616455078125 HTTP/1.1" 200 0 "-" "WordPress/6.7.2; https://sunquicksf.com"
147.53.122.221 - - [02/Apr/2025:01:42:06 -0400] "POST /wp-comments-post.php HTTP/1.1" 302 0 "http://sunquicksf.com/ally-bank-customer-service/" "Mozilla/5.0 (Windows NT 10.0; WOW64) AppleWebKit/537.36 (KHTML, like Gecko) Chrome/114.0.0.0 Safari/537.36"
147.53.122.221 - - [02/Apr/2025:01:42:11 -0400] "GET /ally-bank-customer-service/ HTTP/1.1" 200 12590 "-" "Mozilla/5.0 (Windows NT 10.0; WOW64) AppleWebKit/537.36 (KHTML, like Gecko) Chrome/114.0.0.0 Safari/537.36"
147.53.122.221 - - [02/Apr/2025:01:43:42 -0400] "GET /ally-bank-customer-service/ HTTP/1.1" 200 12590 "-" "Mozilla/5.0 (Windows NT 10.0; Win64; x64; Xbox; Xbox One) AppleWebKit/537.36 (KHTML, like Gecko) Chrome/114.0.0.0 Safari/537.36 Edge/44.18363.8131"
198.54.114.83 - - [02/Apr/2025:01:46:21 -0400] "POST /wp-cron.php?doing_wp_cron=1743572780.7915310859680175781250 HTTP/1.1" 200 0 "-" "WordPress/6.7.2; https://sunquicksf.com"
198.187.29.183 - - [02/Apr/2025:01:46:16 -0400] "POST /xmlrpc.php HTTP/1.1" 200 212 "http://sunquicksf.com" "Mozilla/5.0 (Macintosh; Intel Mac OS X 10_15_7; rv:126.0) Gecko/20100101 Firefox/126.0"
216.244.66.196 - - [02/Apr/2025:01:47:44 -0400] "GET /robots.txt HTTP/1.1" 304 0 "-" "Mozilla/5.0 (compatible; DotBot/1.2; +https://opensiteexplorer.org/dotbot; help@moz.com)"
13.229.78.155 - - [02/Apr/2025:02:01:49 -0400] "GET /wp-admin/install.php?step=1 HTTP/1.1" 200 521 "-" "Mozilla/5.0 (X11; Linux x86_64; rv:52.0) Gecko/20100101 Firefox/52.0"
13.229.78.155 - - [02/Apr/2025:02:01:50 -0400] "GET /wp-admin/setup-config.php HTTP/1.1" 409 1222 "-" "Mozilla/5.0 (X11; Linux x86_64; rv:52.0) Gecko/20100101 Firefox/52.0"
13.229.78.155 - - [02/Apr/2025:02:01:51 -0400] "GET /new/wp-admin/install.php?step=1 HTTP/1.1" 404 9259 "-" "Mozilla/5.0 (X11; Linux x86_64; rv:52.0) Gecko/20100101 Firefox/52.0"
13.229.78.155 - - [02/Apr/2025:02:01:52 -0400] "GET /new/wp-admin/setup-config.php HTTP/1.1" 404 9259 "-" "Mozilla/5.0 (X11; Linux x86_64; rv:52.0) Gecko/20100101 Firefox/52.0"
13.229.78.155 - - [02/Apr/2025:02:01:53 -0400] "GET /blog/wp-admin/install.php?step=1 HTTP/1.1" 404 9259 "-" "Mozilla/5.0 (X11; Linux x86_64; rv:52.0) Gecko/20100101 Firefox/52.0"
13.229.78.155 - - [02/Apr/2025:02:01:53 -0400] "GET /blog/wp-admin/setup-config.php HTTP/1.1" 404 9259 "-" "Mozilla/5.0 (X11; Linux x86_64; rv:52.0) Gecko/20100101 Firefox/52.0"
13.229.78.155 - - [02/Apr/2025:02:01:54 -0400] "GET /blogs/wp-admin/install.php?step=1 HTTP/1.1" 404 9259 "-" "Mozilla/5.0 (X11; Linux x86_64; rv:52.0) Gecko/20100101 Firefox/52.0"
13.229.78.155 - - [02/Apr/2025:02:01:55 -0400] "GET /blogs/wp-admin/setup-config.php HTTP/1.1" 404 9259 "-" "Mozilla/5.0 (X11; Linux x86_64; rv:52.0) Gecko/20100101 Firefox/52.0"
13.229.78.155 - - [02/Apr/2025:02:01:56 -0400] "GET /demo/wp-admin/install.php?step=1 HTTP/1.1" 404 9259 "-" "Mozilla/5.0 (X11; Linux x86_64; rv:52.0) Gecko/20100101 Firefox/52.0"
13.229.78.155 - - [02/Apr/2025:02:01:56 -0400] "GET /demo/wp-admin/setup-config.php HTTP/1.1" 404 9259 "-" "Mozilla/5.0 (X11; Linux x86_64; rv:52.0) Gecko/20100101 Firefox/52.0"
13.229.78.155 - - [02/Apr/2025:02:01:57 -0400] "GET /wp/wp-admin/install.php?step=1 HTTP/1.1" 404 9259 "-" "Mozilla/5.0 (X11; Linux x86_64; rv:52.0) Gecko/20100101 Firefox/52.0"
13.229.78.155 - - [02/Apr/2025:02:01:57 -0400] "GET /wp/wp-admin/setup-config.php HTTP/1.1" 404 9259 "-" "Mozilla/5.0 (X11; Linux x86_64; rv:52.0) Gecko/20100101 Firefox/52.0"
13.229.78.155 - - [02/Apr/2025:02:01:59 -0400] "GET /wordpress/wp-admin/install.php?step=1 HTTP/1.1" 404 9259 "-" "Mozilla/5.0 (X11; Linux x86_64; rv:52.0) Gecko/20100101 Firefox/52.0"
13.229.78.155 - - [02/Apr/2025:02:02:00 -0400] "GET /wordpress/wp-admin/setup-config.php HTTP/1.1" 404 9259 "-" "Mozilla/5.0 (X11; Linux x86_64; rv:52.0) Gecko/20100101 Firefox/52.0"
13.229.78.155 - - [02/Apr/2025:02:02:01 -0400] "GET /tes/wp-admin/install.php?step=1 HTTP/1.1" 404 9259 "-" "Mozilla/5.0 (X11; Linux x86_64; rv:52.0) Gecko/20100101 Firefox/52.0"
13.229.78.155 - - [02/Apr/2025:02:02:01 -0400] "GET /tes/wp-admin/setup-config.php HTTP/1.1" 404 9258 "-" "Mozilla/5.0 (X11; Linux x86_64; rv:52.0) Gecko/20100101 Firefox/52.0"
13.229.78.155 - - [02/Apr/2025:02:02:02 -0400] "GET /test/wp-admin/install.php?step=1 HTTP/1.1" 404 9259 "-" "Mozilla/5.0 (X11; Linux x86_64; rv:52.0) Gecko/20100101 Firefox/52.0"
13.229.78.155 - - [02/Apr/2025:02:02:04 -0400] "GET /test/wp-admin/setup-config.php HTTP/1.1" 404 9259 "-" "Mozilla/5.0 (X11; Linux x86_64; rv:52.0) Gecko/20100101 Firefox/52.0"
13.229.78.155 - - [02/Apr/2025:02:02:05 -0400] "GET /web/wp-admin/install.php?step=1 HTTP/1.1" 404 9259 "-" "Mozilla/5.0 (X11; Linux x86_64; rv:52.0) Gecko/20100101 Firefox/52.0"
13.229.78.155 - - [02/Apr/2025:02:02:05 -0400] "GET /web/wp-admin/setup-config.php HTTP/1.1" 404 9259 "-" "Mozilla/5.0 (X11; Linux x86_64; rv:52.0) Gecko/20100101 Firefox/52.0"
13.229.78.155 - - [02/Apr/2025:02:02:06 -0400] "GET /cms/wp-admin/install.php?step=1 HTTP/1.1" 404 9259 "-" "Mozilla/5.0 (X11; Linux x86_64; rv:52.0) Gecko/20100101 Firefox/52.0"
13.229.78.155 - - [02/Apr/2025:02:02:07 -0400] "GET /cms/wp-admin/setup-config.php HTTP/1.1" 404 9259 "-" "Mozilla/5.0 (X11; Linux x86_64; rv:52.0) Gecko/20100101 Firefox/52.0"
13.229.78.155 - - [02/Apr/2025:02:02:08 -0400] "POST /wp-admin/admin-ajax.php HTTP/1.1" 400 21 "-" "Mozilla/5.0 (X11; Linux x86_64; rv:52.0) Gecko/20100101 Firefox/52.0"
13.229.78.155 - - [02/Apr/2025:02:02:09 -0400] "GET /wp-admin/ HTTP/1.1" 302 0 "-" "Mozilla/5.0 (X11; Linux x86_64; rv:52.0) Gecko/20100101 Firefox/52.0"
198.54.114.83 - - [02/Apr/2025:02:12:03 -0400] "POST /wp-cron.php?doing_wp_cron=1743574322.8453950881958007812500 HTTP/1.1" 200 0 "-" "WordPress/6.7.2; https://sunquicksf.com"
203.115.100.94 - - [02/Apr/2025:02:12:02 -0400] "POST /xmlrpc.php HTTP/1.1" 200 212 "http://sunquicksf.com" "Mozilla/5.0 (Macintosh; Intel Mac OS X 13_3) AppleWebKit/537.36 (KHTML, like Gecko) Chrome/126.0.0.0 Safari/537.36"
49.236.211.119 - - [02/Apr/2025:02:19:08 -0400] "GET /how-to-choose-a-commercial-air-cleaner/ HTTP/1.1" 200 12529 "-" "Mozilla/5.0 (X11; Linux i686; rv:114.0) Gecko/20100101 Firefox/114.0"
49.236.211.119 - - [02/Apr/2025:02:19:13 -0400] "GET /how-to-choose-a-commercial-air-cleaner/ HTTP/1.1" 200 12529 "http://sunquicksf.com/how-to-choose-a-commercial-air-cleaner/" "Mozilla/5.0 (Windows NT 6.3; Win64; x64) AppleWebKit/537.36 (KHTML, like Gecko) Chrome/103.0.0.0 Safari/537.36"
198.54.114.83 - - [02/Apr/2025:02:19:15 -0400] "POST /wp-cron.php?doing_wp_cron=1743574755.8304810523986816406250 HTTP/1.1" 200 0 "-" "WordPress/6.7.2; https://sunquicksf.com"
49.236.211.119 - - [02/Apr/2025:02:19:14 -0400] "POST /wp-comments-post.php HTTP/1.1" 302 0 "http://sunquicksf.com/how-to-choose-a-commercial-air-cleaner/" "Mozilla/5.0 (Windows NT 6.3; Win64; x64) AppleWebKit/537.36 (KHTML, like Gecko) Chrome/103.0.0.0 Safari/537.36"
103.15.222.42 - - [02/Apr/2025:02:19:19 -0400] "GET /how-to-choose-a-commercial-air-cleaner/ HTTP/1.1" 200 12529 "-" "Mozilla/5.0 (Windows NT 6.3; Win64; x64) AppleWebKit/537.36 (KHTML, like Gecko) Chrome/103.0.0.0 Safari/537.36"
103.15.222.42 - - [02/Apr/2025:02:25:00 -0400] "GET /how-to-choose-a-commercial-air-cleaner/ HTTP/1.1" 200 12529 "-" "Mozilla/5.0 (Windows NT 10.0; Win64; x64; rv:114.0) Gecko/20100101 Firefox/114.0"
198.54.114.83 - - [02/Apr/2025:02:36:38 -0400] "POST /wp-cron.php?doing_wp_cron=1743575798.1664080619812011718750 HTTP/1.1" 200 0 "-" "WordPress/6.7.2; https://sunquicksf.com"
37.187.26.72 - - [02/Apr/2025:02:36:36 -0400] "POST /xmlrpc.php HTTP/1.1" 200 212 "http://sunquicksf.com" "Mozilla/5.0 (Windows NT 10.0; Win64; x64) AppleWebKit/537.36 (KHTML, like Gecko) Chrome/126.0.0.0 Safari/537.36 Edg/126.0.0.0"
54.165.106.90 - - [02/Apr/2025:02:36:40 -0400] "GET /robots.txt HTTP/1.1" 304 0 "-" "Mozilla/5.0 (Macintosh; Intel Mac OS X 10_15_7) AppleWebKit/537.36 (KHTML, like Gecko) Chrome/108.0.0.0 Safari/537.36"
54.165.106.90 - - [02/Apr/2025:02:43:59 -0400] "GET / HTTP/1.1" 200 97711 "-" "Mozilla/5.0 (Macintosh; Intel Mac OS X 10_15_7) AppleWebKit/537.36 (KHTML, like Gecko) Chrome/108.0.0.0 Safari/537.36"
52.167.144.19 - - [02/Apr/2025:02:53:59 -0400] "GET /?p=6480 HTTP/1.1" 200 97711 "-" "Mozilla/5.0 AppleWebKit/537.36 (KHTML, like Gecko; compatible; bingbot/2.0; +http://www.bing.com/bingbot.htm) Chrome/116.0.1938.76 Safari/537.36"
198.54.114.83 - - [02/Apr/2025:03:00:53 -0400] "POST /wp-cron.php?doing_wp_cron=1743577253.7465579509735107421875 HTTP/1.1" 200 0 "-" "WordPress/6.7.2; https://sunquicksf.com"
2a02:4780:6:1511:0:369e:4dde:1 - - [02/Apr/2025:03:00:49 -0400] "POST /xmlrpc.php HTTP/1.1" 200 212 "http://sunquicksf.com" "Mozilla/5.0 (Macintosh; Intel Mac OS X 14_4_1) AppleWebKit/605.1.15 (KHTML, like Gecko) Version/17.3.1 Safari/605.1.15"
198.54.114.83 - - [02/Apr/2025:03:04:55 -0400] "POST /wp-cron.php?doing_wp_cron=1743577494.2371320724487304687500 HTTP/1.1" 200 0 "-" "WordPress/6.7.2; https://sunquicksf.com"
139.59.100.51 - - [02/Apr/2025:03:04:52 -0400] "GET /wp-content/plugins/pwnd/pwnd.php HTTP/1.1" 404 9259 "-" "Mozilla/5.0 (Linux; Android 7.0; SM-G892A Build/NRD90M; wv) AppleWebKit/537.36 (KHTML, like Gecko) Version/4.0 Chrome/60.0.3112.107 Mobile Safari/537.36"
198.54.114.83 - - [02/Apr/2025:03:06:48 -0400] "POST /wp-cron.php?doing_wp_cron=1743577607.7525780200958251953125 HTTP/1.1" 200 0 "-" "WordPress/6.7.2; https://sunquicksf.com"
139.59.100.51 - - [02/Apr/2025:03:06:44 -0400] "GET /wp-content/plugins/pwnd-1/pwnd.php HTTP/1.1" 404 9259 "-" "Mozilla/5.0 (Linux; Android 7.0; SM-G892A Build/NRD90M; wv) AppleWebKit/537.36 (KHTML, like Gecko) Version/4.0 Chrome/60.0.3112.107 Mobile Safari/537.36"
198.54.114.83 - - [02/Apr/2025:03:09:58 -0400] "POST /wp-cron.php?doing_wp_cron=1743577797.1587250232696533203125 HTTP/1.1" 200 0 "-" "WordPress/6.7.2; https://sunquicksf.com"
139.59.100.51 - - [02/Apr/2025:03:09:54 -0400] "GET /wp-content/plugins/pwnd-2/pwnd.php HTTP/1.1" 404 9259 "-" "Mozilla/5.0 (Linux; Android 7.0; SM-G892A Build/NRD90M; wv) AppleWebKit/537.36 (KHTML, like Gecko) Version/4.0 Chrome/60.0.3112.107 Mobile Safari/537.36"
139.59.100.51 - - [02/Apr/2025:03:10:28 -0400] "GET /wp-content/plugins/fix/up.php HTTP/1.1" 404 9259 "-" "Mozilla/5.0 (Linux; Android 7.0; SM-G892A Build/NRD90M; wv) AppleWebKit/537.36 (KHTML, like Gecko) Version/4.0 Chrome/60.0.3112.107 Mobile Safari/537.36"
18.214.124.6 - - [02/Apr/2025:03:14:16 -0400] "GET /?p=7120 HTTP/1.1" 200 97711 "-" "Mozilla/5.0 AppleWebKit/537.36 (KHTML, like Gecko; compatible; Amazonbot/0.1; +https://developer.amazon.com/support/amazonbot) Chrome/119.0.6045.214 Safari/537.36"
2001:41d0:203:2624::1 - - [02/Apr/2025:03:18:53 -0400] "GET /robots.txt HTTP/1.1" 200 125 "-" "Mozilla/5.0 (compatible; MJ12bot/v1.4.8; http://mj12bot.com/)"
2001:41d0:203:2624::1 - - [02/Apr/2025:03:18:55 -0400] "GET /?p=6980 HTTP/1.1" 200 97711 "-" "Mozilla/5.0 (compatible; MJ12bot/v1.4.8; http://mj12bot.com/)"
2603:3:6106:3ce0:: - - [02/Apr/2025:03:24:57 -0400] "POST /xmlrpc.php HTTP/1.1" 200 212 "http://sunquicksf.com" "Mozilla/5.0 (Windows NT 10.0; Win64; x64) AppleWebKit/537.36 (KHTML, like Gecko) Chrome/115.0.5790.171 Safari/537.36 Edg/115.0.1901.203"
66.249.64.173 - - [02/Apr/2025:03:41:27 -0400] "GET /robots.txt HTTP/1.1" 200 125 "-" "Mozilla/5.0 (compatible; Googlebot/2.1; +http://www.google.com/bot.html)"
66.249.64.160 - - [02/Apr/2025:03:41:28 -0400] "GET /?p=8695 HTTP/1.1" 200 97711 "-" "Mozilla/5.0 (Linux; Android 6.0.1; Nexus 5X Build/MMB29P) AppleWebKit/537.36 (KHTML, like Gecko) Chrome/134.0.6998.165 Mobile Safari/537.36 (compatible; Googlebot/2.1; +http://www.google.com/bot.html)"
198.54.114.83 - - [02/Apr/2025:03:50:32 -0400] "POST /wp-cron.php?doing_wp_cron=1743580231.9902350902557373046875 HTTP/1.1" 200 0 "-" "WordPress/6.7.2; https://sunquicksf.com"
54.36.209.164 - - [02/Apr/2025:03:50:27 -0400] "POST /xmlrpc.php HTTP/1.1" 200 212 "http://sunquicksf.com" "Mozilla/5.0 (Macintosh; Intel Mac OS X 14_6) AppleWebKit/605.1.15 (KHTML, like Gecko) Version/17.5 Safari/605.1.15"
103.186.31.45 - - [02/Apr/2025:04:00:30 -0400] "GET / HTTP/1.1" 200 97711 "-" "Mozilla/5.0 (Windows NT 10.0; Win64; x64) AppleWebKit/537.36 (KHTML, like Gecko) Chrome/80.0.3987.149 Safari/537.36"
103.186.31.45 - - [02/Apr/2025:04:00:32 -0400] "GET / HTTP/1.1" 200 97711 "-" "Mozilla/5.0 (Windows NT 10.0; Win64; x64) AppleWebKit/537.36 (KHTML, like Gecko) Chrome/80.0.3987.149 Safari/537.36"
198.54.114.83 - - [02/Apr/2025:04:00:42 -0400] "POST /wp-cron.php?doing_wp_cron=1743580840.2189490795135498046875 HTTP/1.1" 200 0 "-" "WordPress/6.7.2; https://sunquicksf.com"
103.186.31.45 - - [02/Apr/2025:04:00:34 -0400] "GET /wp-includes/wlwmanifest.xml HTTP/1.1" 404 9259 "-" "Mozilla/5.0 (Windows NT 10.0; Win64; x64) AppleWebKit/537.36 (KHTML, like Gecko) Chrome/80.0.3987.149 Safari/537.36"
103.186.31.45 - - [02/Apr/2025:04:00:43 -0400] "GET /?author=1 HTTP/1.1" 200 97711 "-" "Mozilla/5.0 (Windows NT 10.0; Win64; x64) AppleWebKit/537.36 (KHTML, like Gecko) Chrome/80.0.3987.149 Safari/537.36"
103.186.31.45 - - [02/Apr/2025:04:00:45 -0400] "GET /?author=2 HTTP/1.1" 200 97711 "-" "Mozilla/5.0 (Windows NT 10.0; Win64; x64) AppleWebKit/537.36 (KHTML, like Gecko) Chrome/80.0.3987.149 Safari/537.36"
103.186.31.45 - - [02/Apr/2025:04:00:46 -0400] "GET /wp-json/wp/v2/users/ HTTP/1.1" 200 1332 "-" "Mozilla/5.0 (Windows NT 10.0; Win64; x64) AppleWebKit/537.36 (KHTML, like Gecko) Chrome/80.0.3987.149 Safari/537.36"
103.186.31.45 - - [02/Apr/2025:04:00:49 -0400] "POST /xmlrpc.php HTTP/1.1" 200 212 "-" "Mozilla/5.0 (Windows NT 10.0; Win64; x64) AppleWebKit/537.36 (KHTML, like Gecko) Chrome/80.0.3987.149 Safari/537.36"
103.186.31.45 - - [02/Apr/2025:04:00:52 -0400] "POST /xmlrpc.php HTTP/1.1" 200 212 "-" "Mozilla/5.0 (Windows NT 10.0; Win64; x64) AppleWebKit/537.36 (KHTML, like Gecko) Chrome/80.0.3987.149 Safari/537.36"
103.186.31.45 - - [02/Apr/2025:04:00:53 -0400] "POST /xmlrpc.php HTTP/1.1" 200 236 "-" "Mozilla/5.0 (Windows NT 10.0; Win64; x64) AppleWebKit/537.36 (KHTML, like Gecko) Chrome/80.0.3987.149 Safari/537.36"
103.186.31.45 - - [02/Apr/2025:04:00:54 -0400] "POST /xmlrpc.php HTTP/1.1" 200 236 "-" "Mozilla/5.0 (Windows NT 10.0; Win64; x64) AppleWebKit/537.36 (KHTML, like Gecko) Chrome/80.0.3987.149 Safari/537.36"
103.186.31.45 - - [02/Apr/2025:04:00:56 -0400] "POST /xmlrpc.php HTTP/1.1" 200 236 "-" "Mozilla/5.0 (Windows NT 10.0; Win64; x64) AppleWebKit/537.36 (KHTML, like Gecko) Chrome/80.0.3987.149 Safari/537.36"
103.186.31.45 - - [02/Apr/2025:04:00:58 -0400] "POST /xmlrpc.php HTTP/1.1" 200 236 "-" "Mozilla/5.0 (Windows NT 10.0; Win64; x64) AppleWebKit/537.36 (KHTML, like Gecko) Chrome/80.0.3987.149 Safari/537.36"
216.244.66.196 - - [02/Apr/2025:04:06:16 -0400] "GET /robots.txt HTTP/1.1" 304 0 "-" "Mozilla/5.0 (compatible; DotBot/1.2; +https://opensiteexplorer.org/dotbot; help@moz.com)"
216.244.66.196 - - [02/Apr/2025:04:10:56 -0400] "GET / HTTP/1.1" 200 97711 "-" "Mozilla/5.0 (compatible; DotBot/1.2; +https://opensiteexplorer.org/dotbot; help@moz.com)"
103.179.190.244 - - [02/Apr/2025:04:18:06 -0400] "POST /xmlrpc.php HTTP/1.1" 200 212 "http://sunquicksf.com" "Mozilla/5.0 (Windows NT 11.0; Win64; x64) AppleWebKit/537.36 (KHTML, like Gecko) Chrome/126.0.0.0 Safari/537.36"
125.88.231.98 - - [02/Apr/2025:04:20:20 -0400] "GET /wp-login.php HTTP/1.1" 302 0 "-" "Apache-HttpClient/4.5.2 (Java/1.8.0_161)"
125.88.231.98 - - [02/Apr/2025:04:20:25 -0400] "GET /?author=1 HTTP/1.1" 200 97711 "-" "Apache-HttpClient/4.5.2 (Java/1.8.0_161)"
125.88.231.98 - - [02/Apr/2025:04:20:26 -0400] "GET /?author=2 HTTP/1.1" 200 97711 "-" "Apache-HttpClient/4.5.2 (Java/1.8.0_161)"
125.88.231.98 - - [02/Apr/2025:04:20:29 -0400] "GET /?author=3 HTTP/1.1" 200 97711 "-" "Apache-HttpClient/4.5.2 (Java/1.8.0_161)"
125.88.231.98 - - [02/Apr/2025:04:20:30 -0400] "GET /?author=4 HTTP/1.1" 200 97711 "-" "Apache-HttpClient/4.5.2 (Java/1.8.0_161)"
125.88.231.98 - - [02/Apr/2025:04:20:33 -0400] "GET /?author=5 HTTP/1.1" 200 97711 "-" "Apache-HttpClient/4.5.2 (Java/1.8.0_161)"
125.88.231.98 - - [02/Apr/2025:04:20:34 -0400] "GET /?author=6 HTTP/1.1" 200 97711 "-" "Apache-HttpClient/4.5.2 (Java/1.8.0_161)"
125.88.231.98 - - [02/Apr/2025:04:20:36 -0400] "GET /?author=7 HTTP/1.1" 200 97711 "-" "Apache-HttpClient/4.5.2 (Java/1.8.0_161)"
125.88.231.98 - - [02/Apr/2025:04:20:39 -0400] "GET /?author=8 HTTP/1.1" 200 97711 "-" "Apache-HttpClient/4.5.2 (Java/1.8.0_161)"
125.88.231.98 - - [02/Apr/2025:04:20:42 -0400] "GET /?author=9 HTTP/1.1" 200 97711 "-" "Apache-HttpClient/4.5.2 (Java/1.8.0_161)"
125.88.231.98 - - [02/Apr/2025:04:20:43 -0400] "GET /?author=10 HTTP/1.1" 200 97711 "-" "Apache-HttpClient/4.5.2 (Java/1.8.0_161)"
125.88.231.98 - - [02/Apr/2025:04:20:44 -0400] "GET /?author=11 HTTP/1.1" 200 97711 "-" "Apache-HttpClient/4.5.2 (Java/1.8.0_161)"
125.88.231.98 - - [02/Apr/2025:04:20:48 -0400] "GET /?author=12 HTTP/1.1" 200 97711 "-" "Apache-HttpClient/4.5.2 (Java/1.8.0_161)"
125.88.231.98 - - [02/Apr/2025:04:20:50 -0400] "GET /?author=13 HTTP/1.1" 200 97711 "-" "Apache-HttpClient/4.5.2 (Java/1.8.0_161)"
125.88.231.98 - - [02/Apr/2025:04:20:52 -0400] "GET /?author=14 HTTP/1.1" 200 97711 "-" "Apache-HttpClient/4.5.2 (Java/1.8.0_161)"
125.88.231.98 - - [02/Apr/2025:04:20:54 -0400] "GET /?author=15 HTTP/1.1" 200 97711 "-" "Apache-HttpClient/4.5.2 (Java/1.8.0_161)"
125.88.231.98 - - [02/Apr/2025:04:20:56 -0400] "GET /?author=16 HTTP/1.1" 200 97711 "-" "Apache-HttpClient/4.5.2 (Java/1.8.0_161)"
125.88.231.98 - - [02/Apr/2025:04:20:57 -0400] "GET /?author=17 HTTP/1.1" 200 97711 "-" "Apache-HttpClient/4.5.2 (Java/1.8.0_161)"
125.88.231.98 - - [02/Apr/2025:04:20:59 -0400] "GET /?author=18 HTTP/1.1" 200 97711 "-" "Apache-HttpClient/4.5.2 (Java/1.8.0_161)"
125.88.231.98 - - [02/Apr/2025:04:21:00 -0400] "GET /?author=19 HTTP/1.1" 200 97711 "-" "Apache-HttpClient/4.5.2 (Java/1.8.0_161)"
125.88.231.98 - - [02/Apr/2025:04:21:02 -0400] "GET /?author=20 HTTP/1.1" 200 97711 "-" "Apache-HttpClient/4.5.2 (Java/1.8.0_161)"
43.173.1.69 - - [02/Apr/2025:04:44:11 -0400] "GET / HTTP/1.1" 200 97711 "-" "Mozilla/5.0 (iPhone; CPU iPhone OS 13_2_3 like Mac OS X) AppleWebKit/605.1.15 (KHTML, like Gecko) Version/13.0.3 Mobile/15E148 Safari/604.1"
198.54.114.83 - - [02/Apr/2025:04:46:06 -0400] "POST /wp-cron.php?doing_wp_cron=1743583565.5767860412597656250000 HTTP/1.1" 200 0 "-" "WordPress/6.7.2; https://sunquicksf.com"
192.99.19.65 - - [02/Apr/2025:04:46:01 -0400] "POST /xmlrpc.php HTTP/1.1" 200 212 "http://sunquicksf.com" "Mozilla/5.0 (Macintosh; Intel Mac OS X 14.3) AppleWebKit/614.31.14 (KHTML, like Gecko) Version/17.0.96 Safari/614.31.14"
216.244.66.196 - - [02/Apr/2025:04:52:02 -0400] "GET /robots.txt HTTP/1.1" 304 0 "-" "Mozilla/5.0 (compatible; DotBot/1.2; +https://opensiteexplorer.org/dotbot; help@moz.com)"
198.54.114.83 - - [02/Apr/2025:05:03:16 -0400] "POST /wp-cron.php?doing_wp_cron=1743584596.3157100677490234375000 HTTP/1.1" 200 0 "-" "WordPress/6.7.2; https://sunquicksf.com"
103.216.223.206 - - [02/Apr/2025:05:03:12 -0400] "GET /wp-content/uploads/2017-------/09/wp-console.php HTTP/1.1" 404 9259 "-" "Mozilla/5.0 (Linux; Android 11; M2010J19SI) AppleWebKit/537.36 (KHTML, like Gecko) Chrome/109.0.0.0 Mobile Safari/537.36"
103.216.223.206 - - [02/Apr/2025:05:03:18 -0400] "GET /wp-includes/js/crop/uword.php HTTP/1.1" 404 9259 "-" "Mozilla/5.0 (Linux; Android 11; M2010J19SI) AppleWebKit/537.36 (KHTML, like Gecko) Chrome/109.0.0.0 Mobile Safari/537.36"
103.216.223.206 - - [02/Apr/2025:05:03:19 -0400] "GET /wp-content/themes/bltm/wp-login.php HTTP/1.1" 404 9259 "-" "Mozilla/5.0 (Linux; Android 11; M2010J19SI) AppleWebKit/537.36 (KHTML, like Gecko) Chrome/109.0.0.0 Mobile Safari/537.36"
103.216.223.206 - - [02/Apr/2025:05:03:20 -0400] "GET /autoload_classmap.php HTTP/1.1" 404 9259 "-" "Mozilla/5.0 (Linux; Android 11; M2010J19SI) AppleWebKit/537.36 (KHTML, like Gecko) Chrome/109.0.0.0 Mobile Safari/537.36"
103.216.223.206 - - [02/Apr/2025:05:03:21 -0400] "GET /wp-content/uploads/2014/07/olx.php HTTP/1.1" 404 9259 "-" "Mozilla/5.0 (Linux; Android 11; M2010J19SI) AppleWebKit/537.36 (KHTML, like Gecko) Chrome/109.0.0.0 Mobile Safari/537.36"
103.216.223.206 - - [02/Apr/2025:05:03:22 -0400] "GET /wp-admin/css/colors/midnight/index.php HTTP/1.1" 301 0 "-" "Mozilla/5.0 (Linux; Android 11; M2010J19SI) AppleWebKit/537.36 (KHTML, like Gecko) Chrome/109.0.0.0 Mobile Safari/537.36"
103.216.223.206 - - [02/Apr/2025:05:03:22 -0400] "GET /wp-admin/css/colors/midnight/ HTTP/1.1" 403 1242 "-" "Mozilla/5.0 (Linux; Android 11; M2010J19SI) AppleWebKit/537.36 (KHTML, like Gecko) Chrome/109.0.0.0 Mobile Safari/537.36"
103.216.223.206 - - [02/Apr/2025:05:03:23 -0400] "GET /wp-content/uploads/2020/wp-couldent.php.suspected HTTP/1.1" 404 9259 "-" "Mozilla/5.0 (Linux; Android 11; M2010J19SI) AppleWebKit/537.36 (KHTML, like Gecko) Chrome/109.0.0.0 Mobile Safari/537.36"
103.216.223.206 - - [02/Apr/2025:05:03:24 -0400] "GET /wp-content/plugins/523453244/ninja.php HTTP/1.1" 404 9259 "-" "Mozilla/5.0 (Linux; Android 11; M2010J19SI) AppleWebKit/537.36 (KHTML, like Gecko) Chrome/109.0.0.0 Mobile Safari/537.36"
103.216.223.206 - - [02/Apr/2025:05:03:24 -0400] "GET /wp-includes/js/imgareaselect/index.php HTTP/1.1" 301 0 "-" "Mozilla/5.0 (Linux; Android 11; M2010J19SI) AppleWebKit/537.36 (KHTML, like Gecko) Chrome/109.0.0.0 Mobile Safari/537.36"
103.216.223.206 - - [02/Apr/2025:05:03:25 -0400] "GET /wp-includes/js/imgareaselect/ HTTP/1.1" 403 1242 "-" "Mozilla/5.0 (Linux; Android 11; M2010J19SI) AppleWebKit/537.36 (KHTML, like Gecko) Chrome/109.0.0.0 Mobile Safari/537.36"
103.216.223.206 - - [02/Apr/2025:05:03:25 -0400] "GET /wp-includes/PHPMailer/load.php HTTP/1.1" 404 9259 "-" "Mozilla/5.0 (Linux; Android 11; M2010J19SI) AppleWebKit/537.36 (KHTML, like Gecko) Chrome/109.0.0.0 Mobile Safari/537.36"
103.216.223.206 - - [02/Apr/2025:05:03:26 -0400] "GET /wp-links.php HTTP/1.1" 404 9259 "-" "Mozilla/5.0 (Linux; Android 11; M2010J19SI) AppleWebKit/537.36 (KHTML, like Gecko) Chrome/109.0.0.0 Mobile Safari/537.36"
103.216.223.206 - - [02/Apr/2025:05:03:27 -0400] "GET /wp-aa.php HTTP/1.1" 404 9259 "-" "Mozilla/5.0 (Linux; Android 11; M2010J19SI) AppleWebKit/537.36 (KHTML, like Gecko) Chrome/109.0.0.0 Mobile Safari/537.36"
103.216.223.206 - - [02/Apr/2025:05:03:28 -0400] "GET /wp-content/themes/travelscape/json.php HTTP/1.1" 404 9259 "-" "Mozilla/5.0 (Linux; Android 11; M2010J19SI) AppleWebKit/537.36 (KHTML, like Gecko) Chrome/109.0.0.0 Mobile Safari/537.36"
103.216.223.206 - - [02/Apr/2025:05:03:29 -0400] "GET /wp-content/themes/travel/issue.php HTTP/1.1" 404 9259 "-" "Mozilla/5.0 (Linux; Android 11; M2010J19SI) AppleWebKit/537.36 (KHTML, like Gecko) Chrome/109.0.0.0 Mobile Safari/537.36"
198.54.114.83 - - [02/Apr/2025:05:03:31 -0400] "POST /wp-cron.php?doing_wp_cron=1743584611.1670520305633544921875 HTTP/1.1" 200 0 "-" "WordPress/6.7.2; https://sunquicksf.com"
103.216.223.206 - - [02/Apr/2025:05:03:30 -0400] "GET /about.php HTTP/1.1" 404 9259 "-" "Mozilla/5.0 (Linux; Android 11; M2010J19SI) AppleWebKit/537.36 (KHTML, like Gecko) Chrome/109.0.0.0 Mobile Safari/537.36"
103.216.223.206 - - [02/Apr/2025:05:03:33 -0400] "GET /xx.php HTTP/1.1" 404 9259 "-" "Mozilla/5.0 (Linux; Android 11; M2010J19SI) AppleWebKit/537.36 (KHTML, like Gecko) Chrome/109.0.0.0 Mobile Safari/537.36"
103.216.223.206 - - [02/Apr/2025:05:03:34 -0400] "GET /wp-content/themes/digital-download/new.php HTTP/1.1" 404 9259 "-" "Mozilla/5.0 (Linux; Android 11; M2010J19SI) AppleWebKit/537.36 (KHTML, like Gecko) Chrome/109.0.0.0 Mobile Safari/537.36"
103.216.223.206 - - [02/Apr/2025:05:03:35 -0400] "GET /epinyins.php HTTP/1.1" 404 9259 "-" "Mozilla/5.0 (Linux; Android 11; M2010J19SI) AppleWebKit/537.36 (KHTML, like Gecko) Chrome/109.0.0.0 Mobile Safari/537.36"
103.216.223.206 - - [02/Apr/2025:05:03:37 -0400] "GET /wp-admin/dropdown.php HTTP/1.1" 404 9259 "-" "Mozilla/5.0 (Linux; Android 11; M2010J19SI) AppleWebKit/537.36 (KHTML, like Gecko) Chrome/109.0.0.0 Mobile Safari/537.36"
103.216.223.206 - - [02/Apr/2025:05:03:38 -0400] "GET /dropdown.php HTTP/1.1" 404 9259 "-" "Mozilla/5.0 (Linux; Android 11; M2010J19SI) AppleWebKit/537.36 (KHTML, like Gecko) Chrome/109.0.0.0 Mobile Safari/537.36"
103.216.223.206 - - [02/Apr/2025:05:03:40 -0400] "GET /wp-admin/css/index.php HTTP/1.1" 301 0 "-" "Mozilla/5.0 (Linux; Android 11; M2010J19SI) AppleWebKit/537.36 (KHTML, like Gecko) Chrome/109.0.0.0 Mobile Safari/537.36"
103.216.223.206 - - [02/Apr/2025:05:03:42 -0400] "GET /wp-admin/css/ HTTP/1.1" 403 1242 "-" "Mozilla/5.0 (Linux; Android 11; M2010J19SI) AppleWebKit/537.36 (KHTML, like Gecko) Chrome/109.0.0.0 Mobile Safari/537.36"
103.216.223.206 - - [02/Apr/2025:05:03:43 -0400] "GET /wp-content/mah.php HTTP/1.1" 404 9259 "-" "Mozilla/5.0 (Linux; Android 11; M2010J19SI) AppleWebKit/537.36 (KHTML, like Gecko) Chrome/109.0.0.0 Mobile Safari/537.36"
103.216.223.206 - - [02/Apr/2025:05:03:46 -0400] "GET /wp-content/item.php HTTP/1.1" 404 9259 "-" "Mozilla/5.0 (Linux; Android 11; M2010J19SI) AppleWebKit/537.36 (KHTML, like Gecko) Chrome/109.0.0.0 Mobile Safari/537.36"
103.216.223.206 - - [02/Apr/2025:05:03:47 -0400] "GET /wp-content/plugins/shell/about.php HTTP/1.1" 404 9259 "-" "Mozilla/5.0 (Linux; Android 11; M2010J19SI) AppleWebKit/537.36 (KHTML, like Gecko) Chrome/109.0.0.0 Mobile Safari/537.36"
103.216.223.206 - - [02/Apr/2025:05:03:48 -0400] "GET /wp-content/plugins/pwnd/pwnd.php HTTP/1.1" 404 9259 "-" "Mozilla/5.0 (Linux; Android 11; M2010J19SI) AppleWebKit/537.36 (KHTML, like Gecko) Chrome/109.0.0.0 Mobile Safari/537.36"
103.216.223.206 - - [02/Apr/2025:05:03:50 -0400] "GET /wp-content/plugins/fix/up.php HTTP/1.1" 404 9259 "-" "Mozilla/5.0 (Linux; Android 11; M2010J19SI) AppleWebKit/537.36 (KHTML, like Gecko) Chrome/109.0.0.0 Mobile Safari/537.36"
103.216.223.206 - - [02/Apr/2025:05:03:51 -0400] "GET /wp-content/plugins/ph-file-manager/wp-file.php HTTP/1.1" 404 9259 "-" "Mozilla/5.0 (Linux; Android 11; M2010J19SI) AppleWebKit/537.36 (KHTML, like Gecko) Chrome/109.0.0.0 Mobile Safari/537.36"
103.216.223.206 - - [02/Apr/2025:05:03:53 -0400] "GET /wp-content/plugins/root-file-manager/wp-file.php HTTP/1.1" 404 9259 "-" "Mozilla/5.0 (Linux; Android 11; M2010J19SI) AppleWebKit/537.36 (KHTML, like Gecko) Chrome/109.0.0.0 Mobile Safari/537.36"
103.216.223.206 - - [02/Apr/2025:05:03:54 -0400] "GET /wp-content/plugins/wp-help/mini.php HTTP/1.1" 404 9259 "-" "Mozilla/5.0 (Linux; Android 11; M2010J19SI) AppleWebKit/537.36 (KHTML, like Gecko) Chrome/109.0.0.0 Mobile Safari/537.36"
103.216.223.206 - - [02/Apr/2025:05:03:56 -0400] "GET /wp-content/themes/travel/issue.php HTTP/1.1" 404 9259 "-" "Mozilla/5.0 (Linux; Android 11; M2010J19SI) AppleWebKit/537.36 (KHTML, like Gecko) Chrome/109.0.0.0 Mobile Safari/537.36"
103.216.223.206 - - [02/Apr/2025:05:03:57 -0400] "GET /wp-content/themes/jaida/lang.php HTTP/1.1" 404 9259 "-" "Mozilla/5.0 (Linux; Android 11; M2010J19SI) AppleWebKit/537.36 (KHTML, like Gecko) Chrome/109.0.0.0 Mobile Safari/537.36"
103.216.223.206 - - [02/Apr/2025:05:03:59 -0400] "GET /wp-l0gin.php HTTP/1.1" 404 9259 "-" "Mozilla/5.0 (Linux; Android 11; M2010J19SI) AppleWebKit/537.36 (KHTML, like Gecko) Chrome/109.0.0.0 Mobile Safari/537.36"
103.216.223.206 - - [02/Apr/2025:05:04:01 -0400] "GET /ext.php HTTP/1.1" 404 9259 "-" "Mozilla/5.0 (Linux; Android 11; M2010J19SI) AppleWebKit/537.36 (KHTML, like Gecko) Chrome/109.0.0.0 Mobile Safari/537.36"
103.216.223.206 - - [02/Apr/2025:05:04:02 -0400] "GET /wp-l0gin.php HTTP/1.1" 404 9259 "-" "Mozilla/5.0 (Linux; Android 11; M2010J19SI) AppleWebKit/537.36 (KHTML, like Gecko) Chrome/109.0.0.0 Mobile Safari/537.36"
162.0.232.248 - - [02/Apr/2025:05:14:32 -0400] "POST /xmlrpc.php HTTP/1.1" 200 212 "http://sunquicksf.com" "Mozilla/5.0 (Windows NT 10.0; Win64; x64; rv:129.0) Gecko/20100101 Firefox/129.0"
198.54.114.83 - - [02/Apr/2025:05:14:36 -0400] "POST /wp-cron.php?doing_wp_cron=1743585274.1026270389556884765625 HTTP/1.1" 200 0 "-" "WordPress/6.7.2; https://sunquicksf.com"
47.198.72.82 - - [02/Apr/2025:05:15:49 -0400] "POST /xmlrpc.php HTTP/1.1" 200 212 "-" "Mozilla/5.0 (Windows NT 6.1; WOW64; rv:92.0) Gecko/20100101 Firefox/92.0"
198.54.114.83 - - [02/Apr/2025:05:15:51 -0400] "POST /wp-cron.php?doing_wp_cron=1743585350.0801270008087158203125 HTTP/1.1" 200 0 "-" "WordPress/6.7.2; https://sunquicksf.com"
201.172.136.58 - - [02/Apr/2025:05:15:52 -0400] "POST /xmlrpc.php HTTP/1.1" 200 212 "-" "Mozilla/5.0 (Windows NT 6.1; WOW64; rv:92.0) Gecko/20100101 Firefox/92.0"
216.244.66.196 - - [02/Apr/2025:05:37:35 -0400] "GET /robots.txt HTTP/1.1" 304 0 "-" "Mozilla/5.0 (compatible; DotBot/1.2; +https://opensiteexplorer.org/dotbot; help@moz.com)"
47.242.230.146 - - [02/Apr/2025:05:43:16 -0400] "GET / HTTP/1.1" 200 97711 "-" "Mozilla/5.0 (Macintosh; Intel Mac OS X 10_15_7) AppleWebKit/537.36 (KHTML, like Gecko) Chrome/109.0.0.0 Safari/537.36"
198.54.114.83 - - [02/Apr/2025:05:43:34 -0400] "POST /wp-cron.php?doing_wp_cron=1743587013.7979400157928466796875 HTTP/1.1" 200 0 "-" "WordPress/6.7.2; https://sunquicksf.com"
81.88.53.43 - - [02/Apr/2025:05:43:29 -0400] "POST /xmlrpc.php HTTP/1.1" 200 212 "http://sunquicksf.com" "Mozilla/5.0 (Windows NT 10.0; Win64; x64) AppleWebKit/537.36 (KHTML, like Gecko) Chrome/115.0.5790.171 Safari/537.36 Edg/115.0.1901.203"
85.208.98.23 - - [02/Apr/2025:05:57:25 -0400] "GET /robots.txt HTTP/1.1" 304 0 "-" "Mozilla/5.0 (compatible; SemrushBot-BA; +http://www.semrush.com/bot.html)"
198.54.114.83 - - [02/Apr/2025:06:06:32 -0400] "POST /wp-cron.php?doing_wp_cron=1743588390.8817169666290283203125 HTTP/1.1" 200 0 "-" "WordPress/6.7.2; https://sunquicksf.com"
110.139.123.207 - - [02/Apr/2025:06:06:30 -0400] "POST /xmlrpc.php HTTP/1.1" 200 212 "-" "Mozilla/5.0 (Windows NT 6.3; WOW64; rv:43.0) Gecko/20100101 Firefox/43.0"
181.122.25.202 - - [02/Apr/2025:06:06:33 -0400] "POST /xmlrpc.php HTTP/1.1" 200 212 "-" "Mozilla/5.0 (Windows NT 6.1; WOW64; rv:92.0) Gecko/20100101 Firefox/92.0"
198.54.114.83 - - [02/Apr/2025:06:10:03 -0400] "POST /wp-cron.php?doing_wp_cron=1743588602.7990920543670654296875 HTTP/1.1" 200 0 "-" "WordPress/6.7.2; https://sunquicksf.com"
198.54.114.83 - - [02/Apr/2025:06:10:03 -0400] "POST /wp-cron.php?doing_wp_cron=1743588602.7983469963073730468750 HTTP/1.1" 200 0 "-" "WordPress/6.7.2; https://sunquicksf.com"
198.54.114.83 - - [02/Apr/2025:06:10:03 -0400] "POST /wp-cron.php?doing_wp_cron=1743588602.7975139617919921875000 HTTP/1.1" 200 0 "-" "WordPress/6.7.2; https://sunquicksf.com"
198.54.114.83 - - [02/Apr/2025:06:10:03 -0400] "POST /wp-cron.php?doing_wp_cron=1743588602.7979838848114013671875 HTTP/1.1" 200 0 "-" "WordPress/6.7.2; https://sunquicksf.com"
198.54.114.83 - - [02/Apr/2025:06:10:03 -0400] "POST /wp-cron.php?doing_wp_cron=1743588602.8009269237518310546875 HTTP/1.1" 200 0 "-" "WordPress/6.7.2; https://sunquicksf.com"
198.54.114.83 - - [02/Apr/2025:06:10:03 -0400] "POST /wp-cron.php?doing_wp_cron=1743588602.8073229789733886718750 HTTP/1.1" 200 0 "-" "WordPress/6.7.2; https://sunquicksf.com"
2001:67c:2660:425:3617:ebff:fee4:6b47 - - [02/Apr/2025:06:09:59 -0400] "GET /ckeditor/ckfinder/core/connector/php/connector.php HTTP/1.1" 404 9258 "-" "Mozilla/5.0 (Windows NT 10.0; Win64; x64) AppleWebKit/537.36 (KHTML, like Gecko) Chrome/133.0.0.0 Safari/537.36"
2001:67c:2660:425:18::1a7 - - [02/Apr/2025:06:09:59 -0400] "GET /assets/ckfinder/core/connector/php/connector.php HTTP/1.1" 404 9258 "-" "Mozilla/5.0 (Windows NT 10.0; Win64; x64) AppleWebKit/537.36 (KHTML, like Gecko) Chrome/133.0.0.0 Safari/537.36"
2001:67c:2660:425:18::27 - - [02/Apr/2025:06:09:59 -0400] "GET /admin/ckfinder/core/connector/php/connector.php HTTP/1.1" 404 9258 "-" "Mozilla/5.0 (Windows NT 10.0; Win64; x64) AppleWebKit/537.36 (KHTML, like Gecko) Chrome/133.0.0.0 Safari/537.36"
2001:67c:2660:425:18::21 - - [02/Apr/2025:06:09:59 -0400] "GET /application/third_party/ckfinder/core/connector/php/connector.php HTTP/1.1" 404 9258 "-" "Mozilla/5.0 (Windows NT 10.0; Win64; x64) AppleWebKit/537.36 (KHTML, like Gecko) Chrome/133.0.0.0 Safari/537.36"
2001:67c:198c:906:27::31d - - [02/Apr/2025:06:09:59 -0400] "GET /ckfinder/core/connector/php/connector.php HTTP/1.1" 404 9258 "-" "Mozilla/5.0 (Windows NT 10.0; Win64; x64) AppleWebKit/537.36 (KHTML, like Gecko) Chrome/133.0.0.0 Safari/537.36"
2001:67c:2660:425:f24d:a2ff:fe74:2be2 - - [02/Apr/2025:06:10:00 -0400] "GET /js/ckfinder/core/connector/php/connector.php HTTP/1.1" 404 9258 "-" "Mozilla/5.0 (Windows NT 10.0; Win64; x64) AppleWebKit/537.36 (KHTML, like Gecko) Chrome/133.0.0.0 Safari/537.36"
198.54.114.83 - - [02/Apr/2025:06:13:06 -0400] "POST /wp-cron.php?doing_wp_cron=1743588786.4656429290771484375000 HTTP/1.1" 200 0 "-" "WordPress/6.7.2; https://sunquicksf.com"
67.223.118.141 - - [02/Apr/2025:06:13:01 -0400] "POST /xmlrpc.php HTTP/1.1" 200 212 "http://sunquicksf.com" "Mozilla/5.0 (Macintosh; Intel Mac OS X 13_3) AppleWebKit/537.36 (KHTML, like Gecko) Chrome/126.0.0.0 Safari/537.36"
182.44.8.254 - - [02/Apr/2025:06:16:05 -0400] "GET / HTTP/1.1" 200 97711 "-" "Mozilla/5.0 (iPhone; CPU iPhone OS 13_2_3 like Mac OS X) AppleWebKit/605.1.15 (KHTML, like Gecko) Version/13.0.3 Mobile/15E148 Safari/604.1"
103.15.222.42 - - [02/Apr/2025:06:34:48 -0400] "GET /how-to-choose-a-commercial-air-cleaner/ HTTP/1.1" 200 12529 "-" "Mozilla/5.0 (Windows NT 10.0; Win64; x64; Xbox; Xbox One) AppleWebKit/537.36 (KHTML, like Gecko) Chrome/114.0.0.0 Safari/537.36 Edge/44.18363.8131"
