20.57.62.103 - - [30/Mar/2025:19:23:14 -0400] "GET /gel4y.php HTTP/1.1" 404 9258 "-" "-"
20.57.62.103 - - [30/Mar/2025:19:23:15 -0400] "GET /comfunctions.php HTTP/1.1" 404 9258 "-" "-"
20.57.62.103 - - [30/Mar/2025:19:23:15 -0400] "GET /wp-content/plugins/core-plugin/include.php HTTP/1.1" 404 9258 "-" "-"
20.57.62.103 - - [30/Mar/2025:19:23:15 -0400] "GET /wp-content/themes/wp-classic/inc/index.php HTTP/1.1" 301 0 "-" "-"
20.57.62.103 - - [30/Mar/2025:19:23:16 -0400] "GET /wp-content/themes/wp-classic/inc/ HTTP/1.1" 404 9258 "-" "-"
20.57.62.103 - - [30/Mar/2025:19:23:16 -0400] "GET /assets/images/1p.php HTTP/1.1" 404 9258 "-" "-"
20.57.62.103 - - [30/Mar/2025:19:23:16 -0400] "GET /class.api.php HTTP/1.1" 404 9258 "-" "-"
20.57.62.103 - - [30/Mar/2025:19:23:16 -0400] "GET /plugin.php HTTP/1.1" 404 9258 "-" "-"
20.57.62.103 - - [30/Mar/2025:19:23:17 -0400] "GET /wp-mail.php HTTP/1.1" 403 1123 "-" "-"
20.57.62.103 - - [30/Mar/2025:19:23:17 -0400] "GET /cong.php HTTP/1.1" 404 9258 "-" "-"
20.57.62.103 - - [30/Mar/2025:19:23:17 -0400] "GET /wp-content/index.php HTTP/1.1" 200 0 "-" "-"
20.57.62.103 - - [30/Mar/2025:19:23:17 -0400] "GET /.well-known/acme-challenge/xmrlpc.php HTTP/1.1" 404 9259 "-" "-"
20.57.62.103 - - [30/Mar/2025:19:23:17 -0400] "GET /wp-configs.php HTTP/1.1" 404 9258 "-" "-"
20.57.62.103 - - [30/Mar/2025:19:23:18 -0400] "GET /mah.php HTTP/1.1" 404 9258 "-" "-"
20.57.62.103 - - [30/Mar/2025:19:23:18 -0400] "GET /defaults.php HTTP/1.1" 404 9258 "-" "-"
20.57.62.103 - - [30/Mar/2025:19:23:18 -0400] "GET /wp-content/themes/sketch/404.php HTTP/1.1" 404 9258 "-" "-"
20.57.62.103 - - [30/Mar/2025:19:23:19 -0400] "GET /input.php HTTP/1.1" 404 9258 "-" "-"
20.57.62.103 - - [30/Mar/2025:19:23:19 -0400] "GET /admin-ajax.php HTTP/1.1" 404 9258 "-" "-"
20.57.62.103 - - [30/Mar/2025:19:23:19 -0400] "GET /0z.php HTTP/1.1" 404 9257 "-" "-"
20.57.62.103 - - [30/Mar/2025:19:23:20 -0400] "GET /media.php HTTP/1.1" 404 9257 "-" "-"
20.57.62.103 - - [30/Mar/2025:19:23:20 -0400] "GET /chosen.php HTTP/1.1" 404 9257 "-" "-"
20.57.62.103 - - [30/Mar/2025:19:23:21 -0400] "GET /wp-includes/fonts/wp-login.php HTTP/1.1" 404 9257 "-" "-"
20.57.62.103 - - [30/Mar/2025:19:23:22 -0400] "GET /wp-admin/users.php HTTP/1.1" 302 0 "-" "-"
20.57.62.103 - - [30/Mar/2025:19:23:23 -0400] "GET /wp-content/uploads/cache.php HTTP/1.1" 404 9257 "-" "-"
20.57.62.103 - - [30/Mar/2025:19:23:24 -0400] "GET /.well-known/pki-validation/file.php HTTP/1.1" 404 1251 "-" "-"
20.57.62.103 - - [30/Mar/2025:19:23:24 -0400] "GET /.wp-cli/wp-login.php HTTP/1.1" 404 9257 "-" "-"
20.57.62.103 - - [30/Mar/2025:19:23:24 -0400] "GET /authorize.php HTTP/1.1" 404 9257 "-" "-"
20.57.62.103 - - [30/Mar/2025:19:23:25 -0400] "GET /wp-admin/css/colors/blue/CasperExV1.php HTTP/1.1" 404 9257 "-" "-"
20.57.62.103 - - [30/Mar/2025:19:23:25 -0400] "GET /wp-admin/includes/users.php HTTP/1.1" 404 9257 "-" "-"
20.57.62.103 - - [30/Mar/2025:19:23:26 -0400] "GET /wp-content/plugins/revslider/includes/external/page/index.php HTTP/1.1" 301 0 "-" "-"
20.57.62.103 - - [30/Mar/2025:19:23:26 -0400] "GET /wp-content/plugins/revslider/includes/external/page/ HTTP/1.1" 404 9257 "-" "-"
20.57.62.103 - - [30/Mar/2025:19:23:26 -0400] "GET /wp.php HTTP/1.1" 404 9257 "-" "-"
20.57.62.103 - - [30/Mar/2025:19:23:27 -0400] "GET /wp-content/plugins/WordPressCore/include.php HTTP/1.1" 404 9257 "-" "-"
20.57.62.103 - - [30/Mar/2025:19:23:27 -0400] "GET /wp-2019.php HTTP/1.1" 404 9257 "-" "-"
20.57.62.103 - - [30/Mar/2025:19:23:28 -0400] "GET /upload.php HTTP/1.1" 404 9257 "-" "-"
20.57.62.103 - - [30/Mar/2025:19:23:28 -0400] "GET /themes.php HTTP/1.1" 404 9257 "-" "-"
20.57.62.103 - - [30/Mar/2025:19:23:29 -0400] "GET /wp-admin/network/index.php HTTP/1.1" 302 0 "-" "-"
20.57.62.103 - - [30/Mar/2025:19:23:30 -0400] "GET /wp-content/plugins/WordPressCore/blkfqnikz.php HTTP/1.1" 404 9257 "-" "-"
20.57.62.103 - - [30/Mar/2025:19:23:30 -0400] "GET /wp/wp-admin/includes/class-wp-page-mvb2yr.php HTTP/1.1" 404 9258 "-" "-"
20.57.62.103 - - [30/Mar/2025:19:23:31 -0400] "GET /content.php HTTP/1.1" 404 9258 "-" "-"
20.57.62.103 - - [30/Mar/2025:19:23:31 -0400] "GET /st.php HTTP/1.1" 404 9258 "-" "-"
20.57.62.103 - - [30/Mar/2025:19:23:31 -0400] "GET /wp-includes/images/smilies/about.php HTTP/1.1" 404 9258 "-" "-"
20.57.62.103 - - [30/Mar/2025:19:23:32 -0400] "GET /simple.php HTTP/1.1" 404 9258 "-" "-"
20.57.62.103 - - [30/Mar/2025:19:23:32 -0400] "GET /function.php HTTP/1.1" 404 9258 "-" "-"
20.57.62.103 - - [30/Mar/2025:19:23:33 -0400] "GET /ynz.PhP7 HTTP/1.1" 404 9258 "-" "-"
20.57.62.103 - - [30/Mar/2025:19:23:33 -0400] "GET /wp-content/style-css.php HTTP/1.1" 404 9258 "-" "-"
20.57.62.103 - - [30/Mar/2025:19:23:33 -0400] "GET /wp-includes/IXR/wp-login.php HTTP/1.1" 404 9258 "-" "-"
20.57.62.103 - - [30/Mar/2025:19:23:34 -0400] "GET /.well-known/acme-challenge/about.php HTTP/1.1" 404 9258 "-" "-"
20.57.62.103 - - [30/Mar/2025:19:23:34 -0400] "GET /wordpress/wp-includes/IXR/allez.php HTTP/1.1" 404 9258 "-" "-"
20.57.62.103 - - [30/Mar/2025:19:23:34 -0400] "GET /rendixd.php HTTP/1.1" 404 9258 "-" "-"
20.57.62.103 - - [30/Mar/2025:19:23:35 -0400] "GET /wp-admin/css/admin.php HTTP/1.1" 404 9258 "-" "-"
20.57.62.103 - - [30/Mar/2025:19:23:35 -0400] "GET /filefuns.php HTTP/1.1" 404 9258 "-" "-"
20.57.62.103 - - [30/Mar/2025:19:23:35 -0400] "GET /options.php HTTP/1.1" 404 9258 "-" "-"
20.57.62.103 - - [30/Mar/2025:19:23:36 -0400] "GET /wp-includes/js/tinymce/skins/lightgray/img/index.php HTTP/1.1" 301 0 "-" "-"
20.57.62.103 - - [30/Mar/2025:19:23:36 -0400] "GET /wp-includes/js/tinymce/skins/lightgray/img/ HTTP/1.1" 403 1242 "-" "-"
20.57.62.103 - - [30/Mar/2025:19:23:36 -0400] "GET /edit.php HTTP/1.1" 404 9258 "-" "-"
20.57.62.103 - - [30/Mar/2025:19:23:36 -0400] "GET /user.php HTTP/1.1" 404 9258 "-" "-"
20.57.62.103 - - [30/Mar/2025:19:23:36 -0400] "GET /worm0.PhP7 HTTP/1.1" 404 9258 "-" "-"
20.57.62.103 - - [30/Mar/2025:19:23:37 -0400] "GET /wp-includes/js/tinymce/skins/wordpress/images/index.php HTTP/1.1" 301 0 "-" "-"
20.57.62.103 - - [30/Mar/2025:19:23:37 -0400] "GET /wp-includes/js/tinymce/skins/wordpress/images/ HTTP/1.1" 403 1242 "-" "-"
20.57.62.103 - - [30/Mar/2025:19:23:37 -0400] "GET /.well-known//.well-known/owlmailer.php HTTP/1.1" 301 0 "-" "-"
20.57.62.103 - - [30/Mar/2025:19:23:37 -0400] "GET /.well-known/.well-known/owlmailer.php HTTP/1.1" 404 9258 "-" "-"
20.57.62.103 - - [30/Mar/2025:19:23:38 -0400] "GET /wp-content/uploads/cong.php HTTP/1.1" 404 9258 "-" "-"
20.57.62.103 - - [30/Mar/2025:19:23:38 -0400] "GET /01.php HTTP/1.1" 404 9258 "-" "-"
20.57.62.103 - - [30/Mar/2025:19:23:38 -0400] "GET /wp-content/uploads/wp-login.php.suspected HTTP/1.1" 404 9258 "-" "-"
20.57.62.103 - - [30/Mar/2025:19:23:39 -0400] "GET /wp-includes/rest-api/endpoints/html.php HTTP/1.1" 404 9258 "-" "-"
20.57.62.103 - - [30/Mar/2025:19:23:39 -0400] "GET /wp-admin/js/widgets/cong.php HTTP/1.1" 404 9258 "-" "-"
20.57.62.103 - - [30/Mar/2025:19:23:39 -0400] "GET /doc.php HTTP/1.1" 404 9258 "-" "-"
20.57.62.103 - - [30/Mar/2025:19:23:39 -0400] "GET /ws.php HTTP/1.1" 404 9258 "-" "-"
20.57.62.103 - - [30/Mar/2025:19:23:40 -0400] "GET /link.php HTTP/1.1" 404 9258 "-" "-"
20.57.62.103 - - [30/Mar/2025:19:23:40 -0400] "GET /autoload_classmap.php HTTP/1.1" 404 9258 "-" "-"
20.57.62.103 - - [30/Mar/2025:19:23:40 -0400] "GET /wp-admin/js/privacy-tools.min.php HTTP/1.1" 404 9258 "-" "-"
20.57.62.103 - - [30/Mar/2025:19:23:41 -0400] "GET /wp-includes/pomo/wp-login.php HTTP/1.1" 404 9258 "-" "-"
20.57.62.103 - - [30/Mar/2025:19:23:41 -0400] "GET /db.php HTTP/1.1" 404 9258 "-" "-"
20.57.62.103 - - [30/Mar/2025:19:23:42 -0400] "GET /wp-content/uploads/error_log.php HTTP/1.1" 404 9258 "-" "-"
20.57.62.103 - - [30/Mar/2025:19:23:42 -0400] "GET /google.php HTTP/1.1" 404 9258 "-" "-"
20.57.62.103 - - [30/Mar/2025:19:23:43 -0400] "GET /wp-includes/sts.php HTTP/1.1" 404 9258 "-" "-"
20.57.62.103 - - [30/Mar/2025:19:23:43 -0400] "GET /wp-includes/pomo/fgertreyersd.php.suspected HTTP/1.1" 404 9258 "-" "-"
20.57.62.103 - - [30/Mar/2025:19:23:44 -0400] "GET /wp-includes/Requests/dropdown.php HTTP/1.1" 404 9258 "-" "-"
20.57.62.103 - - [30/Mar/2025:19:23:44 -0400] "GET /wp-content/install.php HTTP/1.1" 404 9258 "-" "-"
20.57.62.103 - - [30/Mar/2025:19:23:45 -0400] "GET /.well-known/admin.php HTTP/1.1" 404 9258 "-" "-"
20.57.62.103 - - [30/Mar/2025:19:23:45 -0400] "GET /revision.php HTTP/1.1" 404 9258 "-" "-"
20.57.62.103 - - [30/Mar/2025:19:23:45 -0400] "GET /css/sgd.php HTTP/1.1" 404 9258 "-" "-"
20.57.62.103 - - [30/Mar/2025:19:23:46 -0400] "GET /wp-content/plugins/index.php HTTP/1.1" 200 0 "-" "-"
198.54.114.83 - - [30/Mar/2025:19:51:33 -0400] "POST /wp-cron.php?doing_wp_cron=1743378693.6477780342102050781250 HTTP/1.1" 200 0 "-" "WordPress/6.7.2; https://sunquicksf.com"
182.43.75.59 - - [30/Mar/2025:19:51:32 -0400] "GET /wp-login.php HTTP/1.1" 302 0 "-" "Apache-HttpClient/4.5.2 (Java/1.8.0_161)"
182.43.75.59 - - [30/Mar/2025:19:51:35 -0400] "GET /?author=1 HTTP/1.1" 200 97711 "-" "Apache-HttpClient/4.5.2 (Java/1.8.0_161)"
182.43.75.59 - - [30/Mar/2025:19:51:36 -0400] "GET /?author=2 HTTP/1.1" 200 97711 "-" "Apache-HttpClient/4.5.2 (Java/1.8.0_161)"
182.43.75.59 - - [30/Mar/2025:19:51:37 -0400] "GET /?author=3 HTTP/1.1" 200 97711 "-" "Apache-HttpClient/4.5.2 (Java/1.8.0_161)"
182.43.75.59 - - [30/Mar/2025:19:51:37 -0400] "GET /?author=4 HTTP/1.1" 200 97711 "-" "Apache-HttpClient/4.5.2 (Java/1.8.0_161)"
182.43.75.59 - - [30/Mar/2025:19:51:38 -0400] "GET /?author=5 HTTP/1.1" 200 97711 "-" "Apache-HttpClient/4.5.2 (Java/1.8.0_161)"
182.43.75.59 - - [30/Mar/2025:19:51:38 -0400] "GET /?author=6 HTTP/1.1" 200 97711 "-" "Apache-HttpClient/4.5.2 (Java/1.8.0_161)"
182.43.75.59 - - [30/Mar/2025:19:51:39 -0400] "GET /?author=7 HTTP/1.1" 200 97711 "-" "Apache-HttpClient/4.5.2 (Java/1.8.0_161)"
182.43.75.59 - - [30/Mar/2025:19:51:39 -0400] "GET /?author=8 HTTP/1.1" 200 97711 "-" "Apache-HttpClient/4.5.2 (Java/1.8.0_161)"
182.43.75.59 - - [30/Mar/2025:19:51:40 -0400] "GET /?author=9 HTTP/1.1" 200 97711 "-" "Apache-HttpClient/4.5.2 (Java/1.8.0_161)"
182.43.75.59 - - [30/Mar/2025:19:51:41 -0400] "GET /?author=10 HTTP/1.1" 200 97711 "-" "Apache-HttpClient/4.5.2 (Java/1.8.0_161)"
182.43.75.59 - - [30/Mar/2025:19:51:41 -0400] "GET /?author=11 HTTP/1.1" 200 97711 "-" "Apache-HttpClient/4.5.2 (Java/1.8.0_161)"
182.43.75.59 - - [30/Mar/2025:19:51:42 -0400] "GET /?author=12 HTTP/1.1" 200 97711 "-" "Apache-HttpClient/4.5.2 (Java/1.8.0_161)"
182.43.75.59 - - [30/Mar/2025:19:51:42 -0400] "GET /?author=13 HTTP/1.1" 200 97711 "-" "Apache-HttpClient/4.5.2 (Java/1.8.0_161)"
182.43.75.59 - - [30/Mar/2025:19:51:43 -0400] "GET /?author=14 HTTP/1.1" 200 97711 "-" "Apache-HttpClient/4.5.2 (Java/1.8.0_161)"
182.43.75.59 - - [30/Mar/2025:19:51:43 -0400] "GET /?author=15 HTTP/1.1" 200 97711 "-" "Apache-HttpClient/4.5.2 (Java/1.8.0_161)"
182.43.75.59 - - [30/Mar/2025:19:51:44 -0400] "GET /?author=16 HTTP/1.1" 200 97711 "-" "Apache-HttpClient/4.5.2 (Java/1.8.0_161)"
182.43.75.59 - - [30/Mar/2025:19:51:45 -0400] "GET /?author=17 HTTP/1.1" 200 97711 "-" "Apache-HttpClient/4.5.2 (Java/1.8.0_161)"
182.43.75.59 - - [30/Mar/2025:19:51:45 -0400] "GET /?author=18 HTTP/1.1" 200 97711 "-" "Apache-HttpClient/4.5.2 (Java/1.8.0_161)"
182.43.75.59 - - [30/Mar/2025:19:51:46 -0400] "GET /?author=19 HTTP/1.1" 200 97711 "-" "Apache-HttpClient/4.5.2 (Java/1.8.0_161)"
182.43.75.59 - - [30/Mar/2025:19:51:46 -0400] "GET /?author=20 HTTP/1.1" 200 97711 "-" "Apache-HttpClient/4.5.2 (Java/1.8.0_161)"
216.244.66.196 - - [30/Mar/2025:19:53:19 -0400] "GET /robots.txt HTTP/1.1" 304 0 "-" "Mozilla/5.0 (compatible; DotBot/1.2; +https://opensiteexplorer.org/dotbot; help@moz.com)"
154.83.103.16 - - [30/Mar/2025:19:54:50 -0400] "GET /.git/HEAD HTTP/1.1" 403 1242 "-" "-"
198.54.114.83 - - [30/Mar/2025:19:58:11 -0400] "POST /wp-cron.php?doing_wp_cron=1743379091.3461480140686035156250 HTTP/1.1" 200 0 "-" "WordPress/6.7.2; https://sunquicksf.com"
216.244.66.196 - - [30/Mar/2025:19:58:09 -0400] "GET /hotel-di-lusso-lago-di-garda/ HTTP/1.1" 200 11977 "-" "Mozilla/5.0 (compatible; DotBot/1.2; +https://opensiteexplorer.org/dotbot; help@moz.com)"
173.245.207.242 - - [30/Mar/2025:19:58:30 -0400] "GET /ally-bank-customer-service/ HTTP/1.1" 200 12590 "http://sunquicksf.com/ally-bank-customer-service/" "Mozilla/5.0 (Windows NT 10.0; Win64; x64) AppleWebKit/537.36 (KHTML, like Gecko) Chrome/129.0.0.0 Safari/537.36"
198.54.114.83 - - [30/Mar/2025:19:58:31 -0400] "POST /wp-cron.php?doing_wp_cron=1743379111.3350470066070556640625 HTTP/1.1" 200 0 "-" "WordPress/6.7.2; https://sunquicksf.com"
173.245.207.242 - - [30/Mar/2025:19:58:31 -0400] "POST /wp-comments-post.php HTTP/1.1" 302 0 "http://sunquicksf.com/ally-bank-customer-service/" "Mozilla/5.0 (Windows NT 10.0; Win64; x64) AppleWebKit/537.36 (KHTML, like Gecko) Chrome/129.0.0.0 Safari/537.36"
152.89.129.21 - - [30/Mar/2025:20:08:36 -0400] "GET /how-to-find-a-24-7-locksmith-near-you/ HTTP/1.1" 200 12406 "-" "Mozilla/5.0 (Windows NT 10.0; Win64; x64) AppleWebKit/537.36 (KHTML, like Gecko) Chrome/114.0.0.0 YaBrowser/22.7.0 Yowser/2.5 Safari/537.36"
36.41.75.167 - - [30/Mar/2025:20:20:33 -0400] "GET / HTTP/1.1" 200 97711 "-" "Mozilla/5.0 (iPhone; CPU iPhone OS 13_2_3 like Mac OS X) AppleWebKit/605.1.15 (KHTML, like Gecko) Version/13.0.3 Mobile/15E148 Safari/604.1"
216.244.66.196 - - [30/Mar/2025:20:39:11 -0400] "GET /robots.txt HTTP/1.1" 304 0 "-" "Mozilla/5.0 (compatible; DotBot/1.2; +https://opensiteexplorer.org/dotbot; help@moz.com)"
84.247.50.194 - - [30/Mar/2025:20:43:49 -0400] "GET /ally-bank-customer-service/ HTTP/1.1" 200 12590 "http://sunquicksf.com/ally-bank-customer-service/" "Mozilla/5.0 (Windows NT 10.0; Win64; x64) AppleWebKit/537.36 (KHTML, like Gecko) Chrome/130.0.0.0 Safari/537.36"
198.54.114.83 - - [30/Mar/2025:20:43:52 -0400] "POST /wp-cron.php?doing_wp_cron=1743381831.9180769920349121093750 HTTP/1.1" 200 0 "-" "WordPress/6.7.2; https://sunquicksf.com"
84.247.50.194 - - [30/Mar/2025:20:43:49 -0400] "POST /wp-comments-post.php HTTP/1.1" 302 0 "http://sunquicksf.com/ally-bank-customer-service/" "Mozilla/5.0 (Windows NT 10.0; Win64; x64) AppleWebKit/537.36 (KHTML, like Gecko) Chrome/130.0.0.0 Safari/537.36"
66.249.74.167 - - [30/Mar/2025:20:47:18 -0400] "GET /robots.txt HTTP/1.1" 200 125 "-" "Mozilla/5.0 (compatible; Googlebot/2.1; +http://www.google.com/bot.html)"
66.249.74.165 - - [30/Mar/2025:20:47:18 -0400] "GET /?p=6182 HTTP/1.1" 200 97711 "-" "Mozilla/5.0 (Linux; Android 6.0.1; Nexus 5X Build/MMB29P) AppleWebKit/537.36 (KHTML, like Gecko) Chrome/134.0.6998.165 Mobile Safari/537.36 (compatible; Googlebot/2.1; +http://www.google.com/bot.html)"
43.166.131.228 - - [30/Mar/2025:20:49:42 -0400] "GET / HTTP/1.1" 200 97711 "-" "Mozilla/5.0 (iPhone; CPU iPhone OS 13_2_3 like Mac OS X) AppleWebKit/605.1.15 (KHTML, like Gecko) Version/13.0.3 Mobile/15E148 Safari/604.1"
216.244.66.196 - - [30/Mar/2025:21:25:31 -0400] "GET /robots.txt HTTP/1.1" 304 0 "-" "Mozilla/5.0 (compatible; DotBot/1.2; +https://opensiteexplorer.org/dotbot; help@moz.com)"
216.244.66.196 - - [30/Mar/2025:22:12:00 -0400] "GET /robots.txt HTTP/1.1" 304 0 "-" "Mozilla/5.0 (compatible; DotBot/1.2; +https://opensiteexplorer.org/dotbot; help@moz.com)"
185.220.100.253 - - [30/Mar/2025:22:16:46 -0400] "GET / HTTP/1.1" 200 97711 "sunquicksf.com" "Mozilla/5.0 (Windows NT 6.1) AppleWebKit/537.36 (KHTML, like Gecko) Chrome/48.0.2564.103 Safari/537.36"
198.54.114.83 - - [30/Mar/2025:22:51:35 -0400] "POST /wp-cron.php?doing_wp_cron=1743389495.1488859653472900390625 HTTP/1.1" 200 0 "-" "WordPress/6.7.2; https://sunquicksf.com"
41.140.4.245 - - [30/Mar/2025:22:51:32 -0400] "POST /wp-login.php HTTP/1.1" 302 0 "http://sunquicksf.com/wp-admin/" "Mozilla/5.0 (Windows NT 10.0; Win64; x64) AppleWebKit/537.36 (KHTML, like Gecko) Chrome/90.0.4430.85 Safari/537.36"
216.244.66.196 - - [30/Mar/2025:22:57:55 -0400] "GET /robots.txt HTTP/1.1" 304 0 "-" "Mozilla/5.0 (compatible; DotBot/1.2; +https://opensiteexplorer.org/dotbot; help@moz.com)"
216.244.66.196 - - [30/Mar/2025:23:42:43 -0400] "GET /robots.txt HTTP/1.1" 304 0 "-" "Mozilla/5.0 (compatible; DotBot/1.2; +https://opensiteexplorer.org/dotbot; help@moz.com)"
34.222.174.117 - - [30/Mar/2025:23:48:03 -0400] "GET / HTTP/1.1" 200 97711 "-" "Mozilla/4.0 (compatible; MSIE 6.0; Windows NT 5.1; FSL 7.0.6.01001)"
85.208.98.23 - - [31/Mar/2025:00:17:15 -0400] "GET /robots.txt HTTP/1.1" 304 0 "-" "Mozilla/5.0 (compatible; SemrushBot-BA; +http://www.semrush.com/bot.html)"
207.200.8.180 - - [31/Mar/2025:00:17:17 -0400] "GET / HTTP/1.1" 200 97711 "-" "LightspeedSystemsCrawler Mozilla/5.0 (Windows; U; MSIE 9.0; Windows NT 9.0; en-US)"
216.244.66.196 - - [31/Mar/2025:00:29:26 -0400] "GET /robots.txt HTTP/1.1" 200 125 "-" "Mozilla/5.0 (compatible; DotBot/1.2; +https://opensiteexplorer.org/dotbot; help@moz.com)"
45.15.72.62 - - [31/Mar/2025:00:41:52 -0400] "GET / HTTP/1.1" 200 97711 "http://sunquicksf.com/" "Mozilla/5.0 (Windows NT 10.0; Win64; x64) AppleWebKit/537.36 (KHTML, like Gecko) Chrome/130.0.0.0 Safari/537.36"
110.172.98.2 - - [31/Mar/2025:00:54:24 -0400] "GET / HTTP/1.1" 200 97711 "-" "Mozilla/5.0 (Windows NT 10.0; Win64; x64) AppleWebKit/537.36 (KHTML, like Gecko) Chrome/79.0.3945.130 Safari/537.36"
216.244.66.196 - - [31/Mar/2025:01:14:18 -0400] "GET /robots.txt HTTP/1.1" 304 0 "-" "Mozilla/5.0 (compatible; DotBot/1.2; +https://opensiteexplorer.org/dotbot; help@moz.com)"
198.54.114.83 - - [31/Mar/2025:01:36:11 -0400] "POST /wp-cron.php?doing_wp_cron=1743399370.9825661182403564453125 HTTP/1.1" 200 0 "-" "WordPress/6.7.2; https://sunquicksf.com"
216.244.66.196 - - [31/Mar/2025:01:36:09 -0400] "GET /where-to-buy-tretinoin-cream-uk/ HTTP/1.1" 200 11939 "-" "Mozilla/5.0 (compatible; DotBot/1.2; +https://opensiteexplorer.org/dotbot; help@moz.com)"
216.244.66.196 - - [31/Mar/2025:02:44:14 -0400] "GET /robots.txt HTTP/1.1" 304 0 "-" "Mozilla/5.0 (compatible; DotBot/1.2; +https://opensiteexplorer.org/dotbot; help@moz.com)"
198.54.114.83 - - [31/Mar/2025:02:54:14 -0400] "POST /wp-cron.php?doing_wp_cron=1743404054.2834129333496093750000 HTTP/1.1" 200 0 "-" "WordPress/6.7.2; https://sunquicksf.com"
103.20.102.10 - - [31/Mar/2025:02:54:14 -0400] "GET /wp-login.php HTTP/1.1" 302 0 "-" "Mozilla/5.0 (X11; Fedora; Linux x86_64; rv:94.0) Gecko/20100101 Firefox/95.0"
103.20.102.10 - - [31/Mar/2025:02:54:15 -0400] "GET ///?author=1 HTTP/1.1" 200 97711 "-" "Mozilla/5.0 (X11; Fedora; Linux x86_64; rv:94.0) Gecko/20100101 Firefox/95.0"
103.20.102.10 - - [31/Mar/2025:02:54:17 -0400] "GET ///wp-json/wp/v2/users/ HTTP/1.1" 200 1332 "-" "Mozilla/5.0 (X11; Fedora; Linux x86_64; rv:94.0) Gecko/20100101 Firefox/95.0"
43.166.136.202 - - [31/Mar/2025:02:54:22 -0400] "GET / HTTP/1.1" 200 97711 "-" "Mozilla/5.0 (iPhone; CPU iPhone OS 13_2_3 like Mac OS X) AppleWebKit/605.1.15 (KHTML, like Gecko) Version/13.0.3 Mobile/15E148 Safari/604.1"
85.208.98.23 - - [31/Mar/2025:02:56:31 -0400] "GET /robots.txt HTTP/1.1" 304 0 "-" "Mozilla/5.0 (compatible; SemrushBot-BA; +http://www.semrush.com/bot.html)"
178.217.99.17 - - [31/Mar/2025:02:59:11 -0400] "GET /ally-bank-customer-service/%20() HTTP/1.1" 301 0 "-" "Mozilla/5.0 (Windows NT 10.0; Win64; x64) AppleWebKit/537.36 (KHTML, like Gecko) Chrome/114.0.0.0 Safari/537.36"
178.217.99.17 - - [31/Mar/2025:02:59:32 -0400] "GET /ally-bank-customer-service/ HTTP/1.1" 200 12590 "http://sunquicksf.com/ally-bank-customer-service/ ()" "Mozilla/5.0 (Windows NT 10.0; Win64; x64) AppleWebKit/537.36 (KHTML, like Gecko) Chrome/114.0.0.0 Safari/537.36"
178.217.99.17 - - [31/Mar/2025:02:59:37 -0400] "GET /ally-bank-customer-service/%20() HTTP/1.1" 301 0 "http://sunquicksf.com/ally-bank-customer-service/ ()" "Mozilla/5.0 (Windows NT 6.3; Win64; x64) AppleWebKit/537.36 (KHTML, like Gecko) Chrome/103.0.0.0 Safari/537.36"
178.217.99.17 - - [31/Mar/2025:02:59:39 -0400] "GET /ally-bank-customer-service/ HTTP/1.1" 200 12590 "http://sunquicksf.com/ally-bank-customer-service/ ()" "Mozilla/5.0 (Windows NT 6.3; Win64; x64) AppleWebKit/537.36 (KHTML, like Gecko) Chrome/103.0.0.0 Safari/537.36"
178.217.99.17 - - [31/Mar/2025:02:59:51 -0400] "POST /wp-comments-post.php HTTP/1.1" 302 0 "http://sunquicksf.com/ally-bank-customer-service/" "Mozilla/5.0 (Windows NT 6.3; Win64; x64) AppleWebKit/537.36 (KHTML, like Gecko) Chrome/103.0.0.0 Safari/537.36"
178.217.99.17 - - [31/Mar/2025:03:00:00 -0400] "GET /ally-bank-customer-service/%20() HTTP/1.1" 301 0 "-" "Mozilla/5.0 (Windows NT 6.3; Win64; x64) AppleWebKit/537.36 (KHTML, like Gecko) Chrome/103.0.0.0 Safari/537.36"
178.217.99.17 - - [31/Mar/2025:03:00:00 -0400] "GET /ally-bank-customer-service/ HTTP/1.1" 200 12590 "http://sunquicksf.com/ally-bank-customer-service/ ()" "Mozilla/5.0 (Windows NT 6.3; Win64; x64) AppleWebKit/537.36 (KHTML, like Gecko) Chrome/103.0.0.0 Safari/537.36"
178.217.99.17 - - [31/Mar/2025:03:02:35 -0400] "GET /ally-bank-customer-service/ HTTP/1.1" 200 12590 "-" "Mozilla/5.0 (Windows NT 10.0; Win64; x64) AppleWebKit/537.36 (KHTML, like Gecko) Chrome/114.0.0.0 Safari/537.36"
198.54.114.83 - - [31/Mar/2025:03:16:06 -0400] "POST /wp-cron.php?doing_wp_cron=1743405366.2756440639495849609375 HTTP/1.1" 200 0 "-" "WordPress/6.7.2; https://sunquicksf.com"
194.32.82.49 - - [31/Mar/2025:03:16:05 -0400] "POST /xmlrpc.php HTTP/1.1" 200 212 "-" "Mozilla/5.0 (Windows NT 6.1; WOW64; rv:92.0) Gecko/20100101 Firefox/92.0"
187.84.244.112 - - [31/Mar/2025:03:16:09 -0400] "POST /xmlrpc.php HTTP/1.1" 200 212 "-" "Mozilla/5.0 (Windows NT 10.0; Win64; x64) AppleWebKit/537.36 (KHTML, like Gecko) Chrome/97.0.4692.99 Safari/537.36"
216.244.66.196 - - [31/Mar/2025:03:29:37 -0400] "GET /robots.txt HTTP/1.1" 304 0 "-" "Mozilla/5.0 (compatible; DotBot/1.2; +https://opensiteexplorer.org/dotbot; help@moz.com)"
52.204.71.8 - - [31/Mar/2025:03:58:47 -0400] "GET /?p=10110 HTTP/1.1" 200 97711 "-" "Mozilla/5.0 AppleWebKit/537.36 (KHTML, like Gecko; compatible; Amazonbot/0.1; +https://developer.amazon.com/support/amazonbot) Chrome/119.0.6045.214 Safari/537.36"
216.244.66.196 - - [31/Mar/2025:04:15:13 -0400] "GET /robots.txt HTTP/1.1" 304 0 "-" "Mozilla/5.0 (compatible; DotBot/1.2; +https://opensiteexplorer.org/dotbot; help@moz.com)"
179.130.239.112 - - [31/Mar/2025:04:29:03 -0400] "POST /xmlrpc.php HTTP/1.1" 200 212 "-" "Mozilla/5.0 (Macintosh; Intel Mac OS X 10_15_7) AppleWebKit/605.1.15 (KHTML, like Gecko) Version/15.1 Safari/605.1.15"
177.85.243.225 - - [31/Mar/2025:04:29:05 -0400] "POST /xmlrpc.php HTTP/1.1" 200 212 "-" "Mozilla/5.0 (Windows NT 6.1; WOW64; rv:92.0) Gecko/20100101 Firefox/92.0"
216.244.66.196 - - [31/Mar/2025:05:00:08 -0400] "GET /robots.txt HTTP/1.1" 304 0 "-" "Mozilla/5.0 (compatible; DotBot/1.2; +https://opensiteexplorer.org/dotbot; help@moz.com)"
198.54.114.83 - - [31/Mar/2025:05:07:01 -0400] "POST /wp-cron.php?doing_wp_cron=1743412019.2905459403991699218750 HTTP/1.1" 200 0 "-" "WordPress/6.7.2; https://sunquicksf.com"
14.128.63.109 - - [31/Mar/2025:05:06:58 -0400] "GET /zb_system/login.php HTTP/1.1" 404 9259 "http://sunquicksf.com/zb_system/login.php" "Mozilla/4.0 (compatible; MSIE 9.0; Windows NT 6.1)"
185.147.125.23 - - [31/Mar/2025:05:40:24 -0400] "GET / HTTP/1.1" 200 97711 "http://sunquicksf.com/" "Mozilla/5.0 (Windows NT 10.0; Win64; x64) AppleWebKit/537.36 (KHTML, like Gecko) Chrome/130.0.0.0 Safari/537.36 CCleaner/130.0.0.0"
216.244.66.196 - - [31/Mar/2025:05:44:54 -0400] "GET /robots.txt HTTP/1.1" 304 0 "-" "Mozilla/5.0 (compatible; DotBot/1.2; +https://opensiteexplorer.org/dotbot; help@moz.com)"
43.155.157.59 - - [31/Mar/2025:05:50:59 -0400] "GET /how-to-choose-a-commercial-air-cleaner/ HTTP/1.1" 200 12529 "http://sunquicksf.com" "Mozilla/5.0 (Windows NT 10.0; Win64; x64) AppleWebKit/537.36 (KHTML, like Gecko) Chrome/62.0.3202.94 Safari/537.36"
198.54.114.83 - - [31/Mar/2025:05:51:02 -0400] "POST /wp-cron.php?doing_wp_cron=1743414662.3028240203857421875000 HTTP/1.1" 200 0 "-" "WordPress/6.7.2; https://sunquicksf.com"
43.155.157.59 - - [31/Mar/2025:05:51:02 -0400] "POST /wp-comments-post.php HTTP/1.1" 302 0 "http://sunquicksf.com" "Mozilla/5.0 (Windows NT 10.0; Win64; x64) AppleWebKit/537.36 (KHTML, like Gecko) Chrome/62.0.3202.94 Safari/537.36"
113.141.91.58 - - [31/Mar/2025:05:54:18 -0400] "GET / HTTP/1.1" 200 97711 "-" "Mozilla/5.0 (iPhone; CPU iPhone OS 13_2_3 like Mac OS X) AppleWebKit/605.1.15 (KHTML, like Gecko) Version/13.0.3 Mobile/15E148 Safari/604.1"
176.67.83.246 - - [31/Mar/2025:05:55:47 -0400] "GET /ally-bank-customer-service/ HTTP/1.1" 200 12590 "http://sunquicksf.com/ally-bank-customer-service/" "Mozilla/5.0 (Windows NT 10.0; Win64; x64) AppleWebKit/537.36 (KHTML, like Gecko) Chrome/131.0.0.0 Safari/537.36 Avast/131.0.0.0"
198.54.114.83 - - [31/Mar/2025:05:55:48 -0400] "POST /wp-cron.php?doing_wp_cron=1743414948.4807789325714111328125 HTTP/1.1" 200 0 "-" "WordPress/6.7.2; https://sunquicksf.com"
176.67.83.246 - - [31/Mar/2025:05:55:48 -0400] "POST /wp-comments-post.php HTTP/1.1" 302 0 "http://sunquicksf.com/ally-bank-customer-service/" "Mozilla/5.0 (Windows NT 10.0; Win64; x64) AppleWebKit/537.36 (KHTML, like Gecko) Chrome/131.0.0.0 Safari/537.36 Avast/131.0.0.0"
198.54.114.83 - - [31/Mar/2025:06:05:35 -0400] "POST /wp-cron.php?doing_wp_cron=1743415535.6812200546264648437500 HTTP/1.1" 200 0 "-" "WordPress/6.7.2; https://sunquicksf.com"
104.207.36.233 - - [31/Mar/2025:06:05:31 -0400] "GET /vendor/phpunit/phpunit/LICENSE HTTP/1.1" 200 0 "-" "Mozilla/5.0 (Windows NT 10.0; Win64; x64) AppleWebKit/537.36 (KHTML, like Gecko) Chrome/106.0.0.0 Safari/537.36"
85.208.121.154 - - [31/Mar/2025:06:14:51 -0400] "GET /how-to-find-a-24-7-locksmith-near-you/ HTTP/1.1" 200 12406 "-" "Mozilla/5.0 (Windows NT 10.0; Win64; x64) AppleWebKit/537.36 (KHTML, like Gecko) Chrome/114.0.0.0 Safari/537.36"
216.244.66.196 - - [31/Mar/2025:06:30:25 -0400] "GET /robots.txt HTTP/1.1" 304 0 "-" "Mozilla/5.0 (compatible; DotBot/1.2; +https://opensiteexplorer.org/dotbot; help@moz.com)"
198.54.114.83 - - [31/Mar/2025:06:58:08 -0400] "POST /wp-cron.php?doing_wp_cron=1743418688.1782441139221191406250 HTTP/1.1" 200 0 "-" "WordPress/6.7.2; https://sunquicksf.com"
206.189.39.21 - - [31/Mar/2025:06:58:05 -0400] "GET /wp-content/themes/wp-pridmag/up.php HTTP/1.1" 404 9259 "-" "Mozilla/5.0 (Linux; Android 11; M2010J19SI) AppleWebKit/537.36 (KHTML, like Gecko) Chrome/109.0.0.0 Mobile Safari/537.36"
206.189.39.21 - - [31/Mar/2025:06:58:09 -0400] "GET /simple.php HTTP/1.1" 404 9259 "-" "Mozilla/5.0 (Linux; Android 11; M2010J19SI) AppleWebKit/537.36 (KHTML, like Gecko) Chrome/109.0.0.0 Mobile Safari/537.36"
206.189.39.21 - - [31/Mar/2025:06:58:10 -0400] "GET /cong.php HTTP/1.1" 404 9259 "-" "Mozilla/5.0 (Linux; Android 11; M2010J19SI) AppleWebKit/537.36 (KHTML, like Gecko) Chrome/109.0.0.0 Mobile Safari/537.36"
206.189.39.21 - - [31/Mar/2025:06:58:11 -0400] "GET /xxx.php HTTP/1.1" 404 9259 "-" "Mozilla/5.0 (Linux; Android 11; M2010J19SI) AppleWebKit/537.36 (KHTML, like Gecko) Chrome/109.0.0.0 Mobile Safari/537.36"
206.189.39.21 - - [31/Mar/2025:06:58:11 -0400] "GET /tmpls.php HTTP/1.1" 404 9259 "-" "Mozilla/5.0 (Linux; Android 11; M2010J19SI) AppleWebKit/537.36 (KHTML, like Gecko) Chrome/109.0.0.0 Mobile Safari/537.36"
206.189.39.21 - - [31/Mar/2025:06:58:12 -0400] "GET /wp-content/themes/travelscape/json.php HTTP/1.1" 404 9259 "-" "Mozilla/5.0 (Linux; Android 11; M2010J19SI) AppleWebKit/537.36 (KHTML, like Gecko) Chrome/109.0.0.0 Mobile Safari/537.36"
206.189.39.21 - - [31/Mar/2025:06:58:13 -0400] "GET /chosen.php?p= HTTP/1.1" 301 0 "-" "Mozilla/5.0 (Linux; Android 11; M2010J19SI) AppleWebKit/537.36 (KHTML, like Gecko) Chrome/109.0.0.0 Mobile Safari/537.36"
206.189.39.21 - - [31/Mar/2025:06:58:14 -0400] "GET /chosen.php HTTP/1.1" 404 9259 "-" "Mozilla/5.0 (Linux; Android 11; M2010J19SI) AppleWebKit/537.36 (KHTML, like Gecko) Chrome/109.0.0.0 Mobile Safari/537.36"
206.189.39.21 - - [31/Mar/2025:06:58:15 -0400] "GET /wp-cron.php?ac=3 HTTP/1.1" 200 0 "-" "Mozilla/5.0 (Linux; Android 11; M2010J19SI) AppleWebKit/537.36 (KHTML, like Gecko) Chrome/109.0.0.0 Mobile Safari/537.36"
206.189.39.21 - - [31/Mar/2025:06:58:15 -0400] "GET /wp-content/themes/pridmag/db.php?u HTTP/1.1" 404 9259 "-" "Mozilla/5.0 (Linux; Android 11; M2010J19SI) AppleWebKit/537.36 (KHTML, like Gecko) Chrome/109.0.0.0 Mobile Safari/537.36"
206.189.39.21 - - [31/Mar/2025:06:58:16 -0400] "GET /wp-content/themes/seotheme/mar.php HTTP/1.1" 404 9259 "-" "Mozilla/5.0 (Linux; Android 11; M2010J19SI) AppleWebKit/537.36 (KHTML, like Gecko) Chrome/109.0.0.0 Mobile Safari/537.36"
206.189.39.21 - - [31/Mar/2025:06:58:17 -0400] "GET /wp-includes/Text/index.php HTTP/1.1" 301 0 "-" "Mozilla/5.0 (Linux; Android 11; M2010J19SI) AppleWebKit/537.36 (KHTML, like Gecko) Chrome/109.0.0.0 Mobile Safari/537.36"
206.189.39.21 - - [31/Mar/2025:06:58:18 -0400] "GET /wp-includes/Text/ HTTP/1.1" 403 1242 "-" "Mozilla/5.0 (Linux; Android 11; M2010J19SI) AppleWebKit/537.36 (KHTML, like Gecko) Chrome/109.0.0.0 Mobile Safari/537.36"
206.189.39.21 - - [31/Mar/2025:06:58:18 -0400] "GET /wp-content/themes/seotheme/mar.php HTTP/1.1" 404 9259 "-" "Mozilla/5.0 (Linux; Android 11; M2010J19SI) AppleWebKit/537.36 (KHTML, like Gecko) Chrome/109.0.0.0 Mobile Safari/537.36"
206.189.39.21 - - [31/Mar/2025:06:58:19 -0400] "GET /Njima.php HTTP/1.1" 404 9259 "-" "Mozilla/5.0 (Linux; Android 11; M2010J19SI) AppleWebKit/537.36 (KHTML, like Gecko) Chrome/109.0.0.0 Mobile Safari/537.36"
206.189.39.21 - - [31/Mar/2025:06:58:20 -0400] "GET /wp-admin/images/Mhbgf.php HTTP/1.1" 404 9259 "-" "Mozilla/5.0 (Linux; Android 11; M2010J19SI) AppleWebKit/537.36 (KHTML, like Gecko) Chrome/109.0.0.0 Mobile Safari/537.36"
206.189.39.21 - - [31/Mar/2025:06:58:21 -0400] "GET /wp-admin/css/index.php HTTP/1.1" 301 0 "-" "Mozilla/5.0 (Linux; Android 11; M2010J19SI) AppleWebKit/537.36 (KHTML, like Gecko) Chrome/109.0.0.0 Mobile Safari/537.36"
206.189.39.21 - - [31/Mar/2025:06:58:21 -0400] "GET /wp-admin/css/ HTTP/1.1" 403 1242 "-" "Mozilla/5.0 (Linux; Android 11; M2010J19SI) AppleWebKit/537.36 (KHTML, like Gecko) Chrome/109.0.0.0 Mobile Safari/537.36"
206.189.39.21 - - [31/Mar/2025:06:58:22 -0400] "GET /wp-admin/css/ysirlifn.php HTTP/1.1" 404 9259 "-" "Mozilla/5.0 (Linux; Android 11; M2010J19SI) AppleWebKit/537.36 (KHTML, like Gecko) Chrome/109.0.0.0 Mobile Safari/537.36"
206.189.39.21 - - [31/Mar/2025:06:58:23 -0400] "GET /repeater.php HTTP/1.1" 404 9259 "-" "Mozilla/5.0 (Linux; Android 11; M2010J19SI) AppleWebKit/537.36 (KHTML, like Gecko) Chrome/109.0.0.0 Mobile Safari/537.36"
206.189.39.21 - - [31/Mar/2025:06:58:24 -0400] "GET /wp-content/plugins/linkpreview/db.php?u HTTP/1.1" 404 9259 "-" "Mozilla/5.0 (Linux; Android 11; M2010J19SI) AppleWebKit/537.36 (KHTML, like Gecko) Chrome/109.0.0.0 Mobile Safari/537.36"
206.189.39.21 - - [31/Mar/2025:06:58:25 -0400] "GET /ioxi002.PhP7 HTTP/1.1" 404 9259 "-" "Mozilla/5.0 (Linux; Android 11; M2010J19SI) AppleWebKit/537.36 (KHTML, like Gecko) Chrome/109.0.0.0 Mobile Safari/537.36"
206.189.39.21 - - [31/Mar/2025:06:58:26 -0400] "GET /radio.php HTTP/1.1" 404 9259 "-" "Mozilla/5.0 (Linux; Android 11; M2010J19SI) AppleWebKit/537.36 (KHTML, like Gecko) Chrome/109.0.0.0 Mobile Safari/537.36"
206.189.39.21 - - [31/Mar/2025:06:58:28 -0400] "GET /radio.php HTTP/1.1" 404 9259 "-" "Mozilla/5.0 (Linux; Android 11; M2010J19SI) AppleWebKit/537.36 (KHTML, like Gecko) Chrome/109.0.0.0 Mobile Safari/537.36"
198.54.114.83 - - [31/Mar/2025:06:58:31 -0400] "POST /wp-cron.php?doing_wp_cron=1743418710.7523920536041259765625 HTTP/1.1" 200 0 "-" "WordPress/6.7.2; https://sunquicksf.com"
206.189.39.21 - - [31/Mar/2025:06:58:30 -0400] "GET /wp-admin/css/colors/index.php HTTP/1.1" 301 0 "-" "Mozilla/5.0 (Linux; Android 11; M2010J19SI) AppleWebKit/537.36 (KHTML, like Gecko) Chrome/109.0.0.0 Mobile Safari/537.36"
206.189.39.21 - - [31/Mar/2025:06:58:32 -0400] "GET /wp-admin/css/colors/ HTTP/1.1" 403 1242 "-" "Mozilla/5.0 (Linux; Android 11; M2010J19SI) AppleWebKit/537.36 (KHTML, like Gecko) Chrome/109.0.0.0 Mobile Safari/537.36"
206.189.39.21 - - [31/Mar/2025:06:58:32 -0400] "GET /ofso64.php HTTP/1.1" 404 9259 "-" "Mozilla/5.0 (Linux; Android 11; M2010J19SI) AppleWebKit/537.36 (KHTML, like Gecko) Chrome/109.0.0.0 Mobile Safari/537.36"
206.189.39.21 - - [31/Mar/2025:06:58:33 -0400] "GET /wp-content/plugins/TOPXHOH/wDR.php HTTP/1.1" 404 9259 "-" "Mozilla/5.0 (Linux; Android 11; M2010J19SI) AppleWebKit/537.36 (KHTML, like Gecko) Chrome/109.0.0.0 Mobile Safari/537.36"
206.189.39.21 - - [31/Mar/2025:06:58:35 -0400] "GET /wp-content/plugins/IOptimize.php?rchk HTTP/1.1" 404 9259 "-" "Mozilla/5.0 (Linux; Android 11; M2010J19SI) AppleWebKit/537.36 (KHTML, like Gecko) Chrome/109.0.0.0 Mobile Safari/537.36"
206.189.39.21 - - [31/Mar/2025:06:58:36 -0400] "GET /wp-content/themes/ccx/index.php HTTP/1.1" 301 0 "-" "Mozilla/5.0 (Linux; Android 11; M2010J19SI) AppleWebKit/537.36 (KHTML, like Gecko) Chrome/109.0.0.0 Mobile Safari/537.36"
206.189.39.21 - - [31/Mar/2025:06:58:37 -0400] "GET /wp-content/themes/ccx/ HTTP/1.1" 404 9259 "-" "Mozilla/5.0 (Linux; Android 11; M2010J19SI) AppleWebKit/537.36 (KHTML, like Gecko) Chrome/109.0.0.0 Mobile Safari/537.36"
206.189.39.21 - - [31/Mar/2025:06:58:39 -0400] "GET /wp-content/uploads/2017-------/09/wp-console.php HTTP/1.1" 404 9259 "-" "Mozilla/5.0 (Linux; Android 11; M2010J19SI) AppleWebKit/537.36 (KHTML, like Gecko) Chrome/109.0.0.0 Mobile Safari/537.36"
206.189.39.21 - - [31/Mar/2025:06:58:40 -0400] "GET /wp-includes/js/crop/uword.php HTTP/1.1" 404 9259 "-" "Mozilla/5.0 (Linux; Android 11; M2010J19SI) AppleWebKit/537.36 (KHTML, like Gecko) Chrome/109.0.0.0 Mobile Safari/537.36"
206.189.39.21 - - [31/Mar/2025:06:58:41 -0400] "GET /wp-content/themes/bltm/wp-login.php HTTP/1.1" 404 9259 "-" "Mozilla/5.0 (Linux; Android 11; M2010J19SI) AppleWebKit/537.36 (KHTML, like Gecko) Chrome/109.0.0.0 Mobile Safari/537.36"
206.189.39.21 - - [31/Mar/2025:06:58:42 -0400] "GET /autoload_classmap.php HTTP/1.1" 404 9259 "-" "Mozilla/5.0 (Linux; Android 11; M2010J19SI) AppleWebKit/537.36 (KHTML, like Gecko) Chrome/109.0.0.0 Mobile Safari/537.36"
206.189.39.21 - - [31/Mar/2025:06:58:43 -0400] "GET /wp-content/uploads/2014/07/olx.php HTTP/1.1" 404 9259 "-" "Mozilla/5.0 (Linux; Android 11; M2010J19SI) AppleWebKit/537.36 (KHTML, like Gecko) Chrome/109.0.0.0 Mobile Safari/537.36"
206.189.39.21 - - [31/Mar/2025:06:58:45 -0400] "GET /wp-admin/css/colors/midnight/index.php HTTP/1.1" 301 0 "-" "Mozilla/5.0 (Linux; Android 11; M2010J19SI) AppleWebKit/537.36 (KHTML, like Gecko) Chrome/109.0.0.0 Mobile Safari/537.36"
206.189.39.21 - - [31/Mar/2025:06:58:45 -0400] "GET /wp-admin/css/colors/midnight/ HTTP/1.1" 403 1242 "-" "Mozilla/5.0 (Linux; Android 11; M2010J19SI) AppleWebKit/537.36 (KHTML, like Gecko) Chrome/109.0.0.0 Mobile Safari/537.36"
206.189.39.21 - - [31/Mar/2025:06:58:46 -0400] "GET /wp-content/uploads/2020/wp-couldent.php.suspected HTTP/1.1" 404 9259 "-" "Mozilla/5.0 (Linux; Android 11; M2010J19SI) AppleWebKit/537.36 (KHTML, like Gecko) Chrome/109.0.0.0 Mobile Safari/537.36"
206.189.39.21 - - [31/Mar/2025:06:58:47 -0400] "GET /wp-content/plugins/523453244/ninja.php HTTP/1.1" 404 9259 "-" "Mozilla/5.0 (Linux; Android 11; M2010J19SI) AppleWebKit/537.36 (KHTML, like Gecko) Chrome/109.0.0.0 Mobile Safari/537.36"
206.189.39.21 - - [31/Mar/2025:06:58:48 -0400] "GET /wp-includes/js/imgareaselect/index.php HTTP/1.1" 301 0 "-" "Mozilla/5.0 (Linux; Android 11; M2010J19SI) AppleWebKit/537.36 (KHTML, like Gecko) Chrome/109.0.0.0 Mobile Safari/537.36"
206.189.39.21 - - [31/Mar/2025:06:58:48 -0400] "GET /wp-includes/js/imgareaselect/ HTTP/1.1" 403 1242 "-" "Mozilla/5.0 (Linux; Android 11; M2010J19SI) AppleWebKit/537.36 (KHTML, like Gecko) Chrome/109.0.0.0 Mobile Safari/537.36"
206.189.39.21 - - [31/Mar/2025:06:58:49 -0400] "GET /wp-includes/PHPMailer/load.php HTTP/1.1" 404 9259 "-" "Mozilla/5.0 (Linux; Android 11; M2010J19SI) AppleWebKit/537.36 (KHTML, like Gecko) Chrome/109.0.0.0 Mobile Safari/537.36"
206.189.39.21 - - [31/Mar/2025:06:58:50 -0400] "GET /wp-content/plugins/seoplugins/mar.php HTTP/1.1" 404 9259 "-" "Mozilla/5.0 (Linux; Android 11; M2010J19SI) AppleWebKit/537.36 (KHTML, like Gecko) Chrome/109.0.0.0 Mobile Safari/537.36"
206.189.39.21 - - [31/Mar/2025:06:58:51 -0400] "GET /wp-links.php HTTP/1.1" 404 9259 "-" "Mozilla/5.0 (Linux; Android 11; M2010J19SI) AppleWebKit/537.36 (KHTML, like Gecko) Chrome/109.0.0.0 Mobile Safari/537.36"
206.189.39.21 - - [31/Mar/2025:06:58:53 -0400] "GET /wp-aa.php HTTP/1.1" 404 9259 "-" "Mozilla/5.0 (Linux; Android 11; M2010J19SI) AppleWebKit/537.36 (KHTML, like Gecko) Chrome/109.0.0.0 Mobile Safari/537.36"
206.189.39.21 - - [31/Mar/2025:06:58:55 -0400] "GET /wp-content/themes/travelscape/json.php HTTP/1.1" 404 9259 "-" "Mozilla/5.0 (Linux; Android 11; M2010J19SI) AppleWebKit/537.36 (KHTML, like Gecko) Chrome/109.0.0.0 Mobile Safari/537.36"
206.189.39.21 - - [31/Mar/2025:06:58:56 -0400] "GET /wp-content/themes/travel/issue.php HTTP/1.1" 404 9259 "-" "Mozilla/5.0 (Linux; Android 11; M2010J19SI) AppleWebKit/537.36 (KHTML, like Gecko) Chrome/109.0.0.0 Mobile Safari/537.36"
206.189.39.21 - - [31/Mar/2025:06:58:58 -0400] "GET /about.php HTTP/1.1" 404 9259 "-" "Mozilla/5.0 (Linux; Android 11; M2010J19SI) AppleWebKit/537.36 (KHTML, like Gecko) Chrome/109.0.0.0 Mobile Safari/537.36"
206.189.39.21 - - [31/Mar/2025:06:59:00 -0400] "GET /xx.php HTTP/1.1" 404 9259 "-" "Mozilla/5.0 (Linux; Android 11; M2010J19SI) AppleWebKit/537.36 (KHTML, like Gecko) Chrome/109.0.0.0 Mobile Safari/537.36"
206.189.39.21 - - [31/Mar/2025:06:59:02 -0400] "GET /wp-content/themes/digital-download/new.php HTTP/1.1" 404 9259 "-" "Mozilla/5.0 (Linux; Android 11; M2010J19SI) AppleWebKit/537.36 (KHTML, like Gecko) Chrome/109.0.0.0 Mobile Safari/537.36"
206.189.39.21 - - [31/Mar/2025:06:59:03 -0400] "GET /epinyins.php HTTP/1.1" 404 9259 "-" "Mozilla/5.0 (Linux; Android 11; M2010J19SI) AppleWebKit/537.36 (KHTML, like Gecko) Chrome/109.0.0.0 Mobile Safari/537.36"
206.189.39.21 - - [31/Mar/2025:06:59:04 -0400] "GET /wp-admin/dropdown.php HTTP/1.1" 404 9260 "-" "Mozilla/5.0 (Linux; Android 11; M2010J19SI) AppleWebKit/537.36 (KHTML, like Gecko) Chrome/109.0.0.0 Mobile Safari/537.36"
206.189.39.21 - - [31/Mar/2025:06:59:05 -0400] "GET /dropdown.php HTTP/1.1" 404 9259 "-" "Mozilla/5.0 (Linux; Android 11; M2010J19SI) AppleWebKit/537.36 (KHTML, like Gecko) Chrome/109.0.0.0 Mobile Safari/537.36"
206.189.39.21 - - [31/Mar/2025:06:59:06 -0400] "GET /wp-admin/css/index.php HTTP/1.1" 301 0 "-" "Mozilla/5.0 (Linux; Android 11; M2010J19SI) AppleWebKit/537.36 (KHTML, like Gecko) Chrome/109.0.0.0 Mobile Safari/537.36"
206.189.39.21 - - [31/Mar/2025:06:59:06 -0400] "GET /wp-admin/css/ HTTP/1.1" 403 1242 "-" "Mozilla/5.0 (Linux; Android 11; M2010J19SI) AppleWebKit/537.36 (KHTML, like Gecko) Chrome/109.0.0.0 Mobile Safari/537.36"
206.189.39.21 - - [31/Mar/2025:06:59:07 -0400] "GET /wp-content/mah.php HTTP/1.1" 404 9259 "-" "Mozilla/5.0 (Linux; Android 11; M2010J19SI) AppleWebKit/537.36 (KHTML, like Gecko) Chrome/109.0.0.0 Mobile Safari/537.36"
206.189.39.21 - - [31/Mar/2025:06:59:08 -0400] "GET /wp-content/item.php HTTP/1.1" 404 9259 "-" "Mozilla/5.0 (Linux; Android 11; M2010J19SI) AppleWebKit/537.36 (KHTML, like Gecko) Chrome/109.0.0.0 Mobile Safari/537.36"
206.189.39.21 - - [31/Mar/2025:06:59:09 -0400] "GET /wp-content/plugins/shell/about.php HTTP/1.1" 404 9259 "-" "Mozilla/5.0 (Linux; Android 11; M2010J19SI) AppleWebKit/537.36 (KHTML, like Gecko) Chrome/109.0.0.0 Mobile Safari/537.36"
206.189.39.21 - - [31/Mar/2025:06:59:10 -0400] "GET /wp-content/plugins/pwnd/pwnd.php HTTP/1.1" 404 9259 "-" "Mozilla/5.0 (Linux; Android 11; M2010J19SI) AppleWebKit/537.36 (KHTML, like Gecko) Chrome/109.0.0.0 Mobile Safari/537.36"
206.189.39.21 - - [31/Mar/2025:06:59:11 -0400] "GET /wp-content/plugins/fix/up.php HTTP/1.1" 404 9259 "-" "Mozilla/5.0 (Linux; Android 11; M2010J19SI) AppleWebKit/537.36 (KHTML, like Gecko) Chrome/109.0.0.0 Mobile Safari/537.36"
206.189.39.21 - - [31/Mar/2025:06:59:12 -0400] "GET /wp-content/plugins/ph-file-manager/wp-file.php HTTP/1.1" 404 9259 "-" "Mozilla/5.0 (Linux; Android 11; M2010J19SI) AppleWebKit/537.36 (KHTML, like Gecko) Chrome/109.0.0.0 Mobile Safari/537.36"
206.189.39.21 - - [31/Mar/2025:06:59:13 -0400] "GET /.well-known/pki-validation/wp-login.php HTTP/1.1" 404 1251 "-" "Mozilla/5.0 (Linux; Android 11; M2010J19SI) AppleWebKit/537.36 (KHTML, like Gecko) Chrome/109.0.0.0 Mobile Safari/537.36"
206.189.39.21 - - [31/Mar/2025:06:59:14 -0400] "GET /wp-content/plugins/root-file-manager/wp-file.php HTTP/1.1" 404 9259 "-" "Mozilla/5.0 (Linux; Android 11; M2010J19SI) AppleWebKit/537.36 (KHTML, like Gecko) Chrome/109.0.0.0 Mobile Safari/537.36"
206.189.39.21 - - [31/Mar/2025:06:59:15 -0400] "GET /wp-content/plugins/wp-help/mini.php HTTP/1.1" 404 9259 "-" "Mozilla/5.0 (Linux; Android 11; M2010J19SI) AppleWebKit/537.36 (KHTML, like Gecko) Chrome/109.0.0.0 Mobile Safari/537.36"
206.189.39.21 - - [31/Mar/2025:06:59:15 -0400] "GET /wp-content/themes/travel/issue.php HTTP/1.1" 404 9259 "-" "Mozilla/5.0 (Linux; Android 11; M2010J19SI) AppleWebKit/537.36 (KHTML, like Gecko) Chrome/109.0.0.0 Mobile Safari/537.36"
206.189.39.21 - - [31/Mar/2025:06:59:16 -0400] "GET /wp-content/themes/jaida/lang.php HTTP/1.1" 404 9259 "-" "Mozilla/5.0 (Linux; Android 11; M2010J19SI) AppleWebKit/537.36 (KHTML, like Gecko) Chrome/109.0.0.0 Mobile Safari/537.36"
206.189.39.21 - - [31/Mar/2025:06:59:17 -0400] "GET /wp-l0gin.php HTTP/1.1" 404 9259 "-" "Mozilla/5.0 (Linux; Android 11; M2010J19SI) AppleWebKit/537.36 (KHTML, like Gecko) Chrome/109.0.0.0 Mobile Safari/537.36"
206.189.39.21 - - [31/Mar/2025:06:59:18 -0400] "GET /wp-content/plugins/index.php HTTP/1.1" 200 0 "-" "Mozilla/5.0 (Linux; Android 11; M2010J19SI) AppleWebKit/537.36 (KHTML, like Gecko) Chrome/109.0.0.0 Mobile Safari/537.36"
206.189.39.21 - - [31/Mar/2025:06:59:18 -0400] "GET /wp-content/plugins/index.php HTTP/1.1" 200 0 "-" "Mozilla/5.0 (Linux; Android 11; M2010J19SI) AppleWebKit/537.36 (KHTML, like Gecko) Chrome/109.0.0.0 Mobile Safari/537.36"
51.222.253.3 - - [31/Mar/2025:07:12:41 -0400] "GET /robots.txt HTTP/1.1" 304 0 "-" "Mozilla/5.0 (compatible; AhrefsBot/7.0; +http://ahrefs.com/robot/)"
85.208.98.18 - - [31/Mar/2025:07:45:09 -0400] "GET /robots.txt HTTP/1.1" 304 0 "-" "Mozilla/5.0 (compatible; SemrushBot; +http://www.semrush.com/bot.html)"
152.42.177.187 - - [31/Mar/2025:07:46:37 -0400] "GET /wp-content/themes/wp-pridmag/up.php HTTP/1.1" 404 9259 "-" "Mozilla/5.0 (Linux; Android 11; M2010J19SI) AppleWebKit/537.36 (KHTML, like Gecko) Chrome/109.0.0.0 Mobile Safari/537.36"
152.42.177.187 - - [31/Mar/2025:07:46:38 -0400] "GET /simple.php HTTP/1.1" 404 9259 "-" "Mozilla/5.0 (Linux; Android 11; M2010J19SI) AppleWebKit/537.36 (KHTML, like Gecko) Chrome/109.0.0.0 Mobile Safari/537.36"
152.42.177.187 - - [31/Mar/2025:07:46:38 -0400] "GET /cong.php HTTP/1.1" 404 9259 "-" "Mozilla/5.0 (Linux; Android 11; M2010J19SI) AppleWebKit/537.36 (KHTML, like Gecko) Chrome/109.0.0.0 Mobile Safari/537.36"
152.42.177.187 - - [31/Mar/2025:07:46:39 -0400] "GET /xxx.php HTTP/1.1" 404 9259 "-" "Mozilla/5.0 (Linux; Android 11; M2010J19SI) AppleWebKit/537.36 (KHTML, like Gecko) Chrome/109.0.0.0 Mobile Safari/537.36"
152.42.177.187 - - [31/Mar/2025:07:46:39 -0400] "GET /tmpls.php HTTP/1.1" 404 9259 "-" "Mozilla/5.0 (Linux; Android 11; M2010J19SI) AppleWebKit/537.36 (KHTML, like Gecko) Chrome/109.0.0.0 Mobile Safari/537.36"
152.42.177.187 - - [31/Mar/2025:07:46:39 -0400] "GET /wp-content/themes/travelscape/json.php HTTP/1.1" 404 9259 "-" "Mozilla/5.0 (Linux; Android 11; M2010J19SI) AppleWebKit/537.36 (KHTML, like Gecko) Chrome/109.0.0.0 Mobile Safari/537.36"
152.42.177.187 - - [31/Mar/2025:07:46:40 -0400] "GET /chosen.php?p= HTTP/1.1" 301 0 "-" "Mozilla/5.0 (Linux; Android 11; M2010J19SI) AppleWebKit/537.36 (KHTML, like Gecko) Chrome/109.0.0.0 Mobile Safari/537.36"
152.42.177.187 - - [31/Mar/2025:07:46:40 -0400] "GET /chosen.php HTTP/1.1" 404 9259 "-" "Mozilla/5.0 (Linux; Android 11; M2010J19SI) AppleWebKit/537.36 (KHTML, like Gecko) Chrome/109.0.0.0 Mobile Safari/537.36"
152.42.177.187 - - [31/Mar/2025:07:46:41 -0400] "GET /wp-cron.php?ac=3 HTTP/1.1" 200 0 "-" "Mozilla/5.0 (Linux; Android 11; M2010J19SI) AppleWebKit/537.36 (KHTML, like Gecko) Chrome/109.0.0.0 Mobile Safari/537.36"
152.42.177.187 - - [31/Mar/2025:07:46:41 -0400] "GET /wp-content/themes/pridmag/db.php?u HTTP/1.1" 404 9259 "-" "Mozilla/5.0 (Linux; Android 11; M2010J19SI) AppleWebKit/537.36 (KHTML, like Gecko) Chrome/109.0.0.0 Mobile Safari/537.36"
152.42.177.187 - - [31/Mar/2025:07:46:41 -0400] "GET /wp-content/themes/seotheme/mar.php HTTP/1.1" 404 9259 "-" "Mozilla/5.0 (Linux; Android 11; M2010J19SI) AppleWebKit/537.36 (KHTML, like Gecko) Chrome/109.0.0.0 Mobile Safari/537.36"
152.42.177.187 - - [31/Mar/2025:07:46:42 -0400] "GET /wp-includes/Text/index.php HTTP/1.1" 301 0 "-" "Mozilla/5.0 (Linux; Android 11; M2010J19SI) AppleWebKit/537.36 (KHTML, like Gecko) Chrome/109.0.0.0 Mobile Safari/537.36"
152.42.177.187 - - [31/Mar/2025:07:46:42 -0400] "GET /wp-includes/Text/ HTTP/1.1" 403 1242 "-" "Mozilla/5.0 (Linux; Android 11; M2010J19SI) AppleWebKit/537.36 (KHTML, like Gecko) Chrome/109.0.0.0 Mobile Safari/537.36"
152.42.177.187 - - [31/Mar/2025:07:46:43 -0400] "GET /wp-content/themes/seotheme/mar.php HTTP/1.1" 404 9259 "-" "Mozilla/5.0 (Linux; Android 11; M2010J19SI) AppleWebKit/537.36 (KHTML, like Gecko) Chrome/109.0.0.0 Mobile Safari/537.36"
152.42.177.187 - - [31/Mar/2025:07:46:43 -0400] "GET /Njima.php HTTP/1.1" 404 9259 "-" "Mozilla/5.0 (Linux; Android 11; M2010J19SI) AppleWebKit/537.36 (KHTML, like Gecko) Chrome/109.0.0.0 Mobile Safari/537.36"
152.42.177.187 - - [31/Mar/2025:07:46:43 -0400] "GET /wp-admin/images/Mhbgf.php HTTP/1.1" 404 9259 "-" "Mozilla/5.0 (Linux; Android 11; M2010J19SI) AppleWebKit/537.36 (KHTML, like Gecko) Chrome/109.0.0.0 Mobile Safari/537.36"
152.42.177.187 - - [31/Mar/2025:07:46:44 -0400] "GET /wp-admin/css/index.php HTTP/1.1" 301 0 "-" "Mozilla/5.0 (Linux; Android 11; M2010J19SI) AppleWebKit/537.36 (KHTML, like Gecko) Chrome/109.0.0.0 Mobile Safari/537.36"
152.42.177.187 - - [31/Mar/2025:07:46:44 -0400] "GET /wp-admin/css/ HTTP/1.1" 403 1242 "-" "Mozilla/5.0 (Linux; Android 11; M2010J19SI) AppleWebKit/537.36 (KHTML, like Gecko) Chrome/109.0.0.0 Mobile Safari/537.36"
152.42.177.187 - - [31/Mar/2025:07:46:45 -0400] "GET /wp-admin/css/ysirlifn.php HTTP/1.1" 404 9259 "-" "Mozilla/5.0 (Linux; Android 11; M2010J19SI) AppleWebKit/537.36 (KHTML, like Gecko) Chrome/109.0.0.0 Mobile Safari/537.36"
152.42.177.187 - - [31/Mar/2025:07:46:45 -0400] "GET /repeater.php HTTP/1.1" 404 9259 "-" "Mozilla/5.0 (Linux; Android 11; M2010J19SI) AppleWebKit/537.36 (KHTML, like Gecko) Chrome/109.0.0.0 Mobile Safari/537.36"
152.42.177.187 - - [31/Mar/2025:07:46:46 -0400] "GET /wp-content/plugins/linkpreview/db.php?u HTTP/1.1" 404 9259 "-" "Mozilla/5.0 (Linux; Android 11; M2010J19SI) AppleWebKit/537.36 (KHTML, like Gecko) Chrome/109.0.0.0 Mobile Safari/537.36"
152.42.177.187 - - [31/Mar/2025:07:46:49 -0400] "GET /ioxi002.PhP7 HTTP/1.1" 404 9259 "-" "Mozilla/5.0 (Linux; Android 11; M2010J19SI) AppleWebKit/537.36 (KHTML, like Gecko) Chrome/109.0.0.0 Mobile Safari/537.36"
152.42.177.187 - - [31/Mar/2025:07:46:49 -0400] "GET /radio.php HTTP/1.1" 404 9259 "-" "Mozilla/5.0 (Linux; Android 11; M2010J19SI) AppleWebKit/537.36 (KHTML, like Gecko) Chrome/109.0.0.0 Mobile Safari/537.36"
152.42.177.187 - - [31/Mar/2025:07:46:50 -0400] "GET /radio.php HTTP/1.1" 404 9259 "-" "Mozilla/5.0 (Linux; Android 11; M2010J19SI) AppleWebKit/537.36 (KHTML, like Gecko) Chrome/109.0.0.0 Mobile Safari/537.36"
152.42.177.187 - - [31/Mar/2025:07:46:50 -0400] "GET /wp-admin/css/colors/index.php HTTP/1.1" 301 0 "-" "Mozilla/5.0 (Linux; Android 11; M2010J19SI) AppleWebKit/537.36 (KHTML, like Gecko) Chrome/109.0.0.0 Mobile Safari/537.36"
152.42.177.187 - - [31/Mar/2025:07:46:50 -0400] "GET /wp-admin/css/colors/ HTTP/1.1" 403 1242 "-" "Mozilla/5.0 (Linux; Android 11; M2010J19SI) AppleWebKit/537.36 (KHTML, like Gecko) Chrome/109.0.0.0 Mobile Safari/537.36"
152.42.177.187 - - [31/Mar/2025:07:46:51 -0400] "GET /ofso64.php HTTP/1.1" 404 9259 "-" "Mozilla/5.0 (Linux; Android 11; M2010J19SI) AppleWebKit/537.36 (KHTML, like Gecko) Chrome/109.0.0.0 Mobile Safari/537.36"
152.42.177.187 - - [31/Mar/2025:07:46:51 -0400] "GET /wp-content/plugins/TOPXHOH/wDR.php HTTP/1.1" 404 9259 "-" "Mozilla/5.0 (Linux; Android 11; M2010J19SI) AppleWebKit/537.36 (KHTML, like Gecko) Chrome/109.0.0.0 Mobile Safari/537.36"
152.42.177.187 - - [31/Mar/2025:07:46:52 -0400] "GET /wp-content/plugins/IOptimize.php?rchk HTTP/1.1" 404 9259 "-" "Mozilla/5.0 (Linux; Android 11; M2010J19SI) AppleWebKit/537.36 (KHTML, like Gecko) Chrome/109.0.0.0 Mobile Safari/537.36"
152.42.177.187 - - [31/Mar/2025:07:46:52 -0400] "GET /wp-content/themes/ccx/index.php HTTP/1.1" 301 0 "-" "Mozilla/5.0 (Linux; Android 11; M2010J19SI) AppleWebKit/537.36 (KHTML, like Gecko) Chrome/109.0.0.0 Mobile Safari/537.36"
152.42.177.187 - - [31/Mar/2025:07:46:52 -0400] "GET /wp-content/themes/ccx/ HTTP/1.1" 404 9259 "-" "Mozilla/5.0 (Linux; Android 11; M2010J19SI) AppleWebKit/537.36 (KHTML, like Gecko) Chrome/109.0.0.0 Mobile Safari/537.36"
152.42.177.187 - - [31/Mar/2025:07:46:53 -0400] "GET /wp-content/uploads/2017-------/09/wp-console.php HTTP/1.1" 404 9259 "-" "Mozilla/5.0 (Linux; Android 11; M2010J19SI) AppleWebKit/537.36 (KHTML, like Gecko) Chrome/109.0.0.0 Mobile Safari/537.36"
152.42.177.187 - - [31/Mar/2025:07:46:53 -0400] "GET /wp-includes/js/crop/uword.php HTTP/1.1" 404 9259 "-" "Mozilla/5.0 (Linux; Android 11; M2010J19SI) AppleWebKit/537.36 (KHTML, like Gecko) Chrome/109.0.0.0 Mobile Safari/537.36"
152.42.177.187 - - [31/Mar/2025:07:46:54 -0400] "GET /wp-content/themes/bltm/wp-login.php HTTP/1.1" 404 9259 "-" "Mozilla/5.0 (Linux; Android 11; M2010J19SI) AppleWebKit/537.36 (KHTML, like Gecko) Chrome/109.0.0.0 Mobile Safari/537.36"
