185.238.231.209 - - [02/Apr/2025:19:03:53 -0400] "GET /mah/function.php HTTP/1.1" 404 9259 "-" "Go-http-client/1.1"
185.238.231.209 - - [02/Apr/2025:19:03:53 -0400] "GET /index/function.php HTTP/1.1" 404 9259 "-" "Go-http-client/1.1"
185.238.231.209 - - [02/Apr/2025:19:03:55 -0400] "GET /login.php HTTP/1.1" 302 0 "-" "Go-http-client/1.1"
185.238.231.209 - - [02/Apr/2025:19:03:56 -0400] "GET /admin.php HTTP/1.1" 404 9259 "-" "Go-http-client/1.1"
185.238.231.209 - - [02/Apr/2025:19:03:58 -0400] "GET /file.php HTTP/1.1" 404 9259 "-" "Go-http-client/1.1"
185.238.231.209 - - [02/Apr/2025:19:03:59 -0400] "GET /wp-content/themes/deeto/login.php HTTP/1.1" 404 9259 "-" "Go-http-client/1.1"
185.238.231.209 - - [02/Apr/2025:19:04:01 -0400] "GET /h.php HTTP/1.1" 404 9259 "-" "Go-http-client/1.1"
185.238.231.209 - - [02/Apr/2025:19:04:03 -0400] "GET /m.php HTTP/1.1" 404 9258 "-" "Go-http-client/1.1"
185.238.231.209 - - [02/Apr/2025:19:04:04 -0400] "GET /1.php HTTP/1.1" 404 9259 "-" "Go-http-client/1.1"
185.238.231.209 - - [02/Apr/2025:19:04:06 -0400] "GET /mah.php HTTP/1.1" 404 9259 "-" "Go-http-client/1.1"
185.238.231.209 - - [02/Apr/2025:19:04:07 -0400] "GET /css/index.php HTTP/1.1" 301 0 "-" "Go-http-client/1.1"
185.238.231.209 - - [02/Apr/2025:19:04:07 -0400] "GET /css/ HTTP/1.1" 404 9259 "http://sunquicksf.com/css/index.php" "Go-http-client/1.1"
185.238.231.209 - - [02/Apr/2025:19:04:09 -0400] "GET /admin/function.php HTTP/1.1" 404 9259 "-" "Go-http-client/1.1"
185.238.231.209 - - [02/Apr/2025:19:04:10 -0400] "GET /simple.php HTTP/1.1" 404 9259 "-" "Go-http-client/1.1"
185.238.231.209 - - [02/Apr/2025:19:04:11 -0400] "GET /classwithtostring.php HTTP/1.1" 404 9259 "-" "Go-http-client/1.1"
185.238.231.209 - - [02/Apr/2025:19:04:12 -0400] "GET /wp-admin/js/index.php HTTP/1.1" 301 0 "-" "Go-http-client/1.1"
185.238.231.209 - - [02/Apr/2025:19:04:13 -0400] "GET /wp-admin/js/ HTTP/1.1" 403 1242 "http://sunquicksf.com/wp-admin/js/index.php" "Go-http-client/1.1"
185.238.231.209 - - [02/Apr/2025:19:04:13 -0400] "GET /autoload_classmap.php HTTP/1.1" 404 9259 "-" "Go-http-client/1.1"
185.238.231.209 - - [02/Apr/2025:19:04:15 -0400] "GET /bugz.php HTTP/1.1" 404 9259 "-" "Go-http-client/1.1"
185.238.231.209 - - [02/Apr/2025:19:04:16 -0400] "GET /item.php HTTP/1.1" 404 9259 "-" "Go-http-client/1.1"
185.238.231.209 - - [02/Apr/2025:19:04:17 -0400] "GET /wp-content/index.php HTTP/1.1" 200 0 "-" "Go-http-client/1.1"
185.238.231.209 - - [02/Apr/2025:19:04:17 -0400] "GET /go.php HTTP/1.1" 404 9259 "-" "Go-http-client/1.1"
185.238.231.209 - - [02/Apr/2025:19:04:18 -0400] "GET /wp-includes/css/index.php HTTP/1.1" 301 0 "-" "Go-http-client/1.1"
185.238.231.209 - - [02/Apr/2025:19:04:19 -0400] "GET /wp-includes/css/ HTTP/1.1" 403 1242 "http://sunquicksf.com/wp-includes/css/index.php" "Go-http-client/1.1"
185.238.231.209 - - [02/Apr/2025:19:04:19 -0400] "GET /chosen.php HTTP/1.1" 404 9259 "-" "Go-http-client/1.1"
185.238.231.209 - - [02/Apr/2025:19:04:20 -0400] "GET /wp-login.php HTTP/1.1" 302 0 "-" "Go-http-client/1.1"
185.238.231.209 - - [02/Apr/2025:19:04:21 -0400] "GET /text.php HTTP/1.1" 404 9259 "-" "Go-http-client/1.1"
185.238.231.209 - - [02/Apr/2025:19:04:22 -0400] "GET /c.php HTTP/1.1" 404 9259 "-" "Go-http-client/1.1"
185.238.231.209 - - [02/Apr/2025:19:04:23 -0400] "GET /w.php HTTP/1.1" 404 9259 "-" "Go-http-client/1.1"
185.238.231.209 - - [02/Apr/2025:19:04:24 -0400] "GET /about/function.php HTTP/1.1" 404 9259 "-" "Go-http-client/1.1"
185.238.231.209 - - [02/Apr/2025:19:04:25 -0400] "GET /a.php HTTP/1.1" 404 9259 "-" "Go-http-client/1.1"
185.238.231.209 - - [02/Apr/2025:19:04:27 -0400] "GET /wp-includes/css/about.php HTTP/1.1" 404 9259 "-" "Go-http-client/1.1"
185.238.231.209 - - [02/Apr/2025:19:04:28 -0400] "GET /wp-conflg.php HTTP/1.1" 404 9259 "-" "Go-http-client/1.1"
185.238.231.209 - - [02/Apr/2025:19:04:30 -0400] "GET /wp-content/themes/about.php HTTP/1.1" 404 9259 "-" "Go-http-client/1.1"
185.238.231.209 - - [02/Apr/2025:19:04:31 -0400] "GET /buy.php HTTP/1.1" 404 9259 "-" "Go-http-client/1.1"
185.238.231.209 - - [02/Apr/2025:19:04:32 -0400] "GET /wp-content/plugins/index.php HTTP/1.1" 200 0 "-" "Go-http-client/1.1"
185.238.231.209 - - [02/Apr/2025:19:04:33 -0400] "GET /b.php HTTP/1.1" 404 9259 "-" "Go-http-client/1.1"
185.238.231.209 - - [02/Apr/2025:19:04:34 -0400] "GET /wp-admin/classwithtostring.php HTTP/1.1" 404 9259 "-" "Go-http-client/1.1"
185.238.231.209 - - [02/Apr/2025:19:04:36 -0400] "GET /class.php HTTP/1.1" 404 9259 "-" "Go-http-client/1.1"
185.238.231.209 - - [02/Apr/2025:19:04:37 -0400] "GET /wp-content/themes/seotheme/mar.php HTTP/1.1" 404 9259 "-" "Go-http-client/1.1"
185.238.231.209 - - [02/Apr/2025:19:04:40 -0400] "GET /wp-content/uploads/index.php HTTP/1.1" 301 0 "-" "Go-http-client/1.1"
185.238.231.209 - - [02/Apr/2025:19:04:41 -0400] "GET /wp-content/uploads/ HTTP/1.1" 403 1242 "http://sunquicksf.com/wp-content/uploads/index.php" "Go-http-client/1.1"
185.238.231.209 - - [02/Apr/2025:19:04:42 -0400] "GET /wp.php HTTP/1.1" 404 9259 "-" "Go-http-client/1.1"
185.238.231.209 - - [02/Apr/2025:19:04:45 -0400] "GET /wp-content/plugins/WordPressCore/index.php HTTP/1.1" 301 0 "-" "Go-http-client/1.1"
185.238.231.209 - - [02/Apr/2025:19:04:46 -0400] "GET /wp-content/plugins/WordPressCore/ HTTP/1.1" 404 9259 "http://sunquicksf.com/wp-content/plugins/WordPressCore/index.php" "Go-http-client/1.1"
198.54.114.83 - - [02/Apr/2025:19:04:49 -0400] "POST /wp-cron.php?doing_wp_cron=1743635088.9377911090850830078125 HTTP/1.1" 200 0 "-" "WordPress/6.7.2; https://sunquicksf.com"
185.238.231.209 - - [02/Apr/2025:19:04:48 -0400] "GET /fm.php HTTP/1.1" 404 9259 "-" "Go-http-client/1.1"
185.238.231.209 - - [02/Apr/2025:19:04:50 -0400] "GET /shell.php HTTP/1.1" 404 9259 "-" "Go-http-client/1.1"
185.238.231.209 - - [02/Apr/2025:19:04:52 -0400] "GET /wp-content/about.php HTTP/1.1" 404 9259 "-" "Go-http-client/1.1"
185.238.231.209 - - [02/Apr/2025:19:04:53 -0400] "GET /404.php HTTP/1.1" 404 9259 "-" "Go-http-client/1.1"
185.238.231.209 - - [02/Apr/2025:19:04:55 -0400] "GET /wp-content/themes/news-portal/error.php HTTP/1.1" 404 9259 "-" "Go-http-client/1.1"
185.238.231.209 - - [02/Apr/2025:19:04:56 -0400] "GET /wp-content/plugins/wp-super-cache/wp-cache-pointer.php HTTP/1.1" 404 9259 "-" "Go-http-client/1.1"
185.238.231.209 - - [02/Apr/2025:19:04:58 -0400] "GET /wp-admin/maint/index.php HTTP/1.1" 301 0 "-" "Go-http-client/1.1"
185.238.231.209 - - [02/Apr/2025:19:05:00 -0400] "GET /wp-admin/maint/ HTTP/1.1" 403 1242 "http://sunquicksf.com/wp-admin/maint/index.php" "Go-http-client/1.1"
185.238.231.209 - - [02/Apr/2025:19:05:00 -0400] "GET /default.php HTTP/1.1" 404 9259 "-" "Go-http-client/1.1"
185.238.231.209 - - [02/Apr/2025:19:05:02 -0400] "GET /cong.php HTTP/1.1" 404 9259 "-" "Go-http-client/1.1"
185.238.231.209 - - [02/Apr/2025:19:05:04 -0400] "GET /wp-admin/network/index.php HTTP/1.1" 302 0 "-" "Go-http-client/1.1"
185.238.231.209 - - [02/Apr/2025:19:05:09 -0400] "GET /new.php HTTP/1.1" 404 9259 "-" "Go-http-client/1.1"
185.238.231.209 - - [02/Apr/2025:19:05:12 -0400] "GET /options.php HTTP/1.1" 404 9259 "-" "Go-http-client/1.1"
185.238.231.209 - - [02/Apr/2025:19:05:16 -0400] "GET /wp-admin/css/index.php HTTP/1.1" 301 0 "-" "Go-http-client/1.1"
185.238.231.209 - - [02/Apr/2025:19:05:18 -0400] "GET /wp-admin/css/ HTTP/1.1" 403 1242 "http://sunquicksf.com/wp-admin/css/index.php" "Go-http-client/1.1"
185.238.231.209 - - [02/Apr/2025:19:05:20 -0400] "GET /wp-includes/ID3/index.php HTTP/1.1" 301 0 "-" "Go-http-client/1.1"
185.238.231.209 - - [02/Apr/2025:19:05:21 -0400] "GET /wp-includes/ID3/ HTTP/1.1" 403 1242 "http://sunquicksf.com/wp-includes/ID3/index.php" "Go-http-client/1.1"
185.238.231.209 - - [02/Apr/2025:19:05:22 -0400] "GET /plugins.php HTTP/1.1" 404 9259 "-" "Go-http-client/1.1"
185.238.231.209 - - [02/Apr/2025:19:05:24 -0400] "GET /wander.php HTTP/1.1" 404 9259 "-" "Go-http-client/1.1"
185.238.231.209 - - [02/Apr/2025:19:05:26 -0400] "GET /wp-content/plugins/core-plugin/include.php HTTP/1.1" 404 9259 "-" "Go-http-client/1.1"
185.238.231.209 - - [02/Apr/2025:19:05:28 -0400] "GET /wp-content/admin.php HTTP/1.1" 404 9259 "-" "Go-http-client/1.1"
198.54.114.83 - - [02/Apr/2025:19:05:30 -0400] "POST /wp-cron.php?doing_wp_cron=1743635130.0442950725555419921875 HTTP/1.1" 200 0 "-" "WordPress/6.7.2; https://sunquicksf.com"
185.238.231.209 - - [02/Apr/2025:19:05:29 -0400] "GET /content.php HTTP/1.1" 404 9259 "-" "Go-http-client/1.1"
185.238.231.209 - - [02/Apr/2025:19:05:32 -0400] "GET /ini.php HTTP/1.1" 404 9259 "-" "Go-http-client/1.1"
185.238.231.209 - - [02/Apr/2025:19:05:34 -0400] "GET /wp-admin/images/index.php HTTP/1.1" 301 0 "-" "Go-http-client/1.1"
185.238.231.209 - - [02/Apr/2025:19:05:35 -0400] "GET /wp-admin/images/ HTTP/1.1" 403 1242 "http://sunquicksf.com/wp-admin/images/index.php" "Go-http-client/1.1"
185.238.231.209 - - [02/Apr/2025:19:05:36 -0400] "GET /.well-known/ HTTP/1.1" 404 9259 "-" "Go-http-client/1.1"
185.238.231.209 - - [02/Apr/2025:19:05:38 -0400] "GET /wp-links.php HTTP/1.1" 404 9259 "-" "Go-http-client/1.1"
185.238.231.209 - - [02/Apr/2025:19:05:40 -0400] "GET /wp-admin/plugins.php HTTP/1.1" 302 0 "-" "Go-http-client/1.1"
185.238.231.209 - - [02/Apr/2025:19:05:44 -0400] "GET /moon.php HTTP/1.1" 404 9259 "-" "Go-http-client/1.1"
185.238.231.209 - - [02/Apr/2025:19:05:46 -0400] "GET /wp-includes/IXR/wp-login.php HTTP/1.1" 404 9259 "-" "Go-http-client/1.1"
185.238.231.209 - - [02/Apr/2025:19:05:48 -0400] "GET /wp-content/languages/index.php HTTP/1.1" 301 0 "-" "Go-http-client/1.1"
185.238.231.209 - - [02/Apr/2025:19:05:51 -0400] "GET /wp-content/languages/ HTTP/1.1" 404 9259 "http://sunquicksf.com/wp-content/languages/index.php" "Go-http-client/1.1"
185.238.231.209 - - [02/Apr/2025:19:05:53 -0400] "GET /wp-includes/assets/index.php HTTP/1.1" 301 0 "-" "Go-http-client/1.1"
185.238.231.209 - - [02/Apr/2025:19:05:54 -0400] "GET /wp-includes/assets/ HTTP/1.1" 403 1242 "http://sunquicksf.com/wp-includes/assets/index.php" "Go-http-client/1.1"
185.238.231.209 - - [02/Apr/2025:19:05:55 -0400] "GET /goods.php HTTP/1.1" 404 9259 "-" "Go-http-client/1.1"
185.238.231.209 - - [02/Apr/2025:19:05:57 -0400] "GET /elp.php HTTP/1.1" 404 9259 "-" "Go-http-client/1.1"
185.238.231.209 - - [02/Apr/2025:19:05:58 -0400] "GET /wp-includes/customize/index.php HTTP/1.1" 301 0 "-" "Go-http-client/1.1"
185.238.231.209 - - [02/Apr/2025:19:05:59 -0400] "GET /wp-includes/customize/ HTTP/1.1" 403 1242 "http://sunquicksf.com/wp-includes/customize/index.php" "Go-http-client/1.1"
185.238.231.209 - - [02/Apr/2025:19:06:00 -0400] "GET /dropdown.php HTTP/1.1" 404 9259 "-" "Go-http-client/1.1"
185.238.231.209 - - [02/Apr/2025:19:06:03 -0400] "GET /wp-admin.php HTTP/1.1" 404 9259 "-" "Go-http-client/1.1"
185.238.231.209 - - [02/Apr/2025:19:06:04 -0400] "GET /wp-admin/css/colors/blue/ HTTP/1.1" 403 1242 "-" "Go-http-client/1.1"
185.238.231.209 - - [02/Apr/2025:19:06:04 -0400] "GET /size.php HTTP/1.1" 404 9259 "-" "Go-http-client/1.1"
185.238.231.209 - - [02/Apr/2025:19:06:06 -0400] "GET /wp-content/themes/sketch/404.php HTTP/1.1" 404 9259 "-" "Go-http-client/1.1"
185.238.231.209 - - [02/Apr/2025:19:06:08 -0400] "GET /wso.php HTTP/1.1" 404 9259 "-" "Go-http-client/1.1"
185.238.231.209 - - [02/Apr/2025:19:06:10 -0400] "GET /class.api.php HTTP/1.1" 404 9259 "-" "Go-http-client/1.1"
185.238.231.209 - - [02/Apr/2025:19:06:12 -0400] "GET /wp-content/themes/admin.php?taf HTTP/1.1" 404 9259 "-" "Go-http-client/1.1"
185.238.231.209 - - [02/Apr/2025:19:06:13 -0400] "GET /wp-content/plugins/revslider/includes/external/page/index.php HTTP/1.1" 301 0 "-" "Go-http-client/1.1"
185.238.231.209 - - [02/Apr/2025:19:06:14 -0400] "GET /wp-content/plugins/revslider/includes/external/page/ HTTP/1.1" 404 9259 "http://sunquicksf.com/wp-content/plugins/revslider/includes/external/page/index.php" "Go-http-client/1.1"
185.238.231.209 - - [02/Apr/2025:19:06:15 -0400] "GET /wp-content/plugins/WordPressCore/include.php HTTP/1.1" 404 9259 "-" "Go-http-client/1.1"
185.238.231.209 - - [02/Apr/2025:19:06:16 -0400] "GET /wp-add.php HTTP/1.1" 404 9259 "-" "Go-http-client/1.1"
185.238.231.209 - - [02/Apr/2025:19:06:17 -0400] "GET /wp-admin/product.php HTTP/1.1" 404 9259 "-" "Go-http-client/1.1"
185.238.231.209 - - [02/Apr/2025:19:06:18 -0400] "GET /themes.php HTTP/1.1" 404 9259 "-" "Go-http-client/1.1"
185.238.231.209 - - [02/Apr/2025:19:06:19 -0400] "GET /indec.php HTTP/1.1" 404 9259 "-" "Go-http-client/1.1"
185.238.231.209 - - [02/Apr/2025:19:06:20 -0400] "GET /wp-content/plugins/hello.php HTTP/1.1" 404 9259 "-" "Go-http-client/1.1"
185.238.231.209 - - [02/Apr/2025:19:06:21 -0400] "GET /wp-content/options.php HTTP/1.1" 200 0 "-" "Go-http-client/1.1"
185.238.231.209 - - [02/Apr/2025:19:06:21 -0400] "GET /xml.php HTTP/1.1" 404 9259 "-" "Go-http-client/1.1"
185.238.231.209 - - [02/Apr/2025:19:06:22 -0400] "GET /wp-header.php HTTP/1.1" 404 9259 "-" "Go-http-client/1.1"
185.238.231.209 - - [02/Apr/2025:19:06:23 -0400] "GET /wp-admin/item.php HTTP/1.1" 404 9259 "-" "Go-http-client/1.1"
185.238.231.209 - - [02/Apr/2025:19:06:24 -0400] "GET /wp-includes/ID3/about.php HTTP/1.1" 404 9259 "-" "Go-http-client/1.1"
185.238.231.209 - - [02/Apr/2025:19:06:25 -0400] "GET /wp-admin/images/about.php HTTP/1.1" 404 9259 "-" "Go-http-client/1.1"
185.238.231.209 - - [02/Apr/2025:19:06:26 -0400] "GET /wp-info.php HTTP/1.1" 404 9259 "-" "Go-http-client/1.1"
185.238.231.209 - - [02/Apr/2025:19:06:27 -0400] "GET /wp-includes/fonts/index.php HTTP/1.1" 301 0 "-" "Go-http-client/1.1"
185.238.231.209 - - [02/Apr/2025:19:06:28 -0400] "GET /wp-includes/fonts/ HTTP/1.1" 403 1242 "http://sunquicksf.com/wp-includes/fonts/index.php" "Go-http-client/1.1"
185.238.231.209 - - [02/Apr/2025:19:06:29 -0400] "GET /wp-content/click.php HTTP/1.1" 404 9259 "-" "Go-http-client/1.1"
198.54.114.83 - - [02/Apr/2025:19:06:30 -0400] "POST /wp-cron.php?doing_wp_cron=1743635190.3915181159973144531250 HTTP/1.1" 200 0 "-" "WordPress/6.7.2; https://sunquicksf.com"
185.238.231.209 - - [02/Apr/2025:19:06:30 -0400] "GET /wp-admin/images/admin.php HTTP/1.1" 404 9259 "-" "Go-http-client/1.1"
185.238.231.209 - - [02/Apr/2025:19:06:32 -0400] "GET /bk/index.php HTTP/1.1" 301 0 "-" "Go-http-client/1.1"
185.238.231.209 - - [02/Apr/2025:19:06:33 -0400] "GET /bk/ HTTP/1.1" 404 9259 "http://sunquicksf.com/bk/index.php" "Go-http-client/1.1"
185.238.231.209 - - [02/Apr/2025:19:06:34 -0400] "GET /wp-includes/js/index.php HTTP/1.1" 301 0 "-" "Go-http-client/1.1"
185.238.231.209 - - [02/Apr/2025:19:06:35 -0400] "GET /wp-includes/js/ HTTP/1.1" 403 1242 "http://sunquicksf.com/wp-includes/js/index.php" "Go-http-client/1.1"
185.238.231.209 - - [02/Apr/2025:19:06:35 -0400] "GET /wp-signup.php HTTP/1.1" 302 0 "-" "Go-http-client/1.1"
185.238.231.209 - - [02/Apr/2025:19:06:38 -0400] "GET /wp-content/themes/digital-download/new.php HTTP/1.1" 404 9259 "-" "Go-http-client/1.1"
185.238.231.209 - - [02/Apr/2025:19:06:39 -0400] "GET /wp-includes/SimplePie/index.php HTTP/1.1" 301 0 "-" "Go-http-client/1.1"
185.238.231.209 - - [02/Apr/2025:19:06:40 -0400] "GET /wp-includes/SimplePie/ HTTP/1.1" 403 1242 "http://sunquicksf.com/wp-includes/SimplePie/index.php" "Go-http-client/1.1"
185.238.231.209 - - [02/Apr/2025:19:06:41 -0400] "GET /wp-includes/images/about.php HTTP/1.1" 404 9259 "-" "Go-http-client/1.1"
185.238.231.209 - - [02/Apr/2025:19:06:42 -0400] "GET /product.php HTTP/1.1" 404 9259 "-" "Go-http-client/1.1"
185.238.231.209 - - [02/Apr/2025:19:06:43 -0400] "GET /wp-l0gin.php HTTP/1.1" 404 9259 "-" "Go-http-client/1.1"
185.238.231.209 - - [02/Apr/2025:19:06:44 -0400] "GET /wp-admin/js/about.php HTTP/1.1" 404 9259 "-" "Go-http-client/1.1"
185.238.231.209 - - [02/Apr/2025:19:06:45 -0400] "GET /log.php HTTP/1.1" 404 9259 "-" "Go-http-client/1.1"
185.238.231.209 - - [02/Apr/2025:19:06:46 -0400] "GET /wp-includes/customize/about.php HTTP/1.1" 404 9259 "-" "Go-http-client/1.1"
185.238.231.209 - - [02/Apr/2025:19:06:47 -0400] "GET /xx.php HTTP/1.1" 404 9259 "-" "Go-http-client/1.1"
185.238.231.209 - - [02/Apr/2025:19:06:49 -0400] "GET /wp-content/upgrade/about.php HTTP/1.1" 404 9259 "-" "Go-http-client/1.1"
185.238.231.209 - - [02/Apr/2025:19:06:52 -0400] "GET /wp-admin/user/index.php HTTP/1.1" 302 0 "-" "Go-http-client/1.1"
185.238.231.209 - - [02/Apr/2025:19:06:56 -0400] "GET /css.php HTTP/1.1" 404 9259 "-" "Go-http-client/1.1"
185.238.231.209 - - [02/Apr/2025:19:06:59 -0400] "GET /wp-admin/includes/String.php HTTP/1.1" 404 9259 "-" "Go-http-client/1.1"
185.238.231.209 - - [02/Apr/2025:19:07:01 -0400] "GET /wp-content/languages/wp-login.php HTTP/1.1" 404 9259 "-" "Go-http-client/1.1"
185.238.231.209 - - [02/Apr/2025:19:07:02 -0400] "GET /install.php HTTP/1.1" 404 9260 "-" "Go-http-client/1.1"
185.238.231.209 - - [02/Apr/2025:19:07:04 -0400] "GET /atomlib.php HTTP/1.1" 404 9259 "-" "Go-http-client/1.1"
185.238.231.209 - - [02/Apr/2025:19:07:05 -0400] "GET /alfa-rex.php HTTP/1.1" 404 9258 "-" "Go-http-client/1.1"
185.238.231.209 - - [02/Apr/2025:19:07:07 -0400] "GET /wp-includes/admin.php HTTP/1.1" 404 9259 "-" "Go-http-client/1.1"
185.238.231.209 - - [02/Apr/2025:19:07:09 -0400] "GET /inc.php HTTP/1.1" 404 9259 "-" "Go-http-client/1.1"
185.238.231.209 - - [02/Apr/2025:19:07:10 -0400] "GET /jp.php HTTP/1.1" 404 9259 "-" "Go-http-client/1.1"
185.238.231.209 - - [02/Apr/2025:19:07:12 -0400] "GET /wp-mail.php HTTP/1.1" 403 1123 "-" "Go-http-client/1.1"
185.238.231.209 - - [02/Apr/2025:19:07:12 -0400] "GET /randkeyword.PhP7 HTTP/1.1" 404 9259 "-" "Go-http-client/1.1"
185.238.231.209 - - [02/Apr/2025:19:07:15 -0400] "GET /radio.php HTTP/1.1" 404 9259 "-" "Go-http-client/1.1"
185.238.231.209 - - [02/Apr/2025:19:07:17 -0400] "GET /as.php HTTP/1.1" 404 9259 "-" "Go-http-client/1.1"
185.238.231.209 - - [02/Apr/2025:19:07:18 -0400] "GET /byp.php HTTP/1.1" 404 9259 "-" "Go-http-client/1.1"
185.238.231.209 - - [02/Apr/2025:19:07:20 -0400] "GET /click.php HTTP/1.1" 404 9259 "-" "Go-http-client/1.1"
185.238.231.209 - - [02/Apr/2025:19:07:21 -0400] "GET /defaults.php HTTP/1.1" 404 9259 "-" "Go-http-client/1.1"
185.238.231.209 - - [02/Apr/2025:19:07:22 -0400] "GET /403.php HTTP/1.1" 404 9259 "-" "Go-http-client/1.1"
185.238.231.209 - - [02/Apr/2025:19:07:24 -0400] "GET /wp-includes/Text/wp-login.php HTTP/1.1" 404 9259 "-" "Go-http-client/1.1"
185.238.231.209 - - [02/Apr/2025:19:07:25 -0400] "GET /wp-content/plugins/js_composer/vc_classmap.json-list.php HTTP/1.1" 404 9259 "-" "Go-http-client/1.1"
185.238.231.209 - - [02/Apr/2025:19:07:27 -0400] "GET /wp-content/item.php HTTP/1.1" 404 9259 "-" "Go-http-client/1.1"
198.54.114.83 - - [02/Apr/2025:19:07:30 -0400] "POST /wp-cron.php?doing_wp_cron=1743635250.1499810218811035156250 HTTP/1.1" 200 0 "-" "WordPress/6.7.2; https://sunquicksf.com"
185.238.231.209 - - [02/Apr/2025:19:07:28 -0400] "GET /wp-admin/css/about.php HTTP/1.1" 404 9259 "-" "Go-http-client/1.1"
185.238.231.209 - - [02/Apr/2025:19:07:31 -0400] "GET /wp-admin/css/colors/index.php HTTP/1.1" 301 0 "-" "Go-http-client/1.1"
185.238.231.209 - - [02/Apr/2025:19:07:32 -0400] "GET /wp-admin/css/colors/ HTTP/1.1" 403 1242 "http://sunquicksf.com/wp-admin/css/colors/index.php" "Go-http-client/1.1"
185.238.231.209 - - [02/Apr/2025:19:07:32 -0400] "GET /wp-content/uploads/about.php HTTP/1.1" 404 9259 "-" "Go-http-client/1.1"
185.238.231.209 - - [02/Apr/2025:19:07:33 -0400] "GET /wp-includes/rest-api/index.php HTTP/1.1" 301 0 "-" "Go-http-client/1.1"
185.238.231.209 - - [02/Apr/2025:19:07:35 -0400] "GET /wp-includes/rest-api/ HTTP/1.1" 403 1242 "http://sunquicksf.com/wp-includes/rest-api/index.php" "Go-http-client/1.1"
185.238.231.209 - - [02/Apr/2025:19:07:35 -0400] "GET /plugin.php HTTP/1.1" 404 9259 "-" "Go-http-client/1.1"
185.238.231.209 - - [02/Apr/2025:19:07:36 -0400] "GET /wp-includes/product.php HTTP/1.1" 404 9259 "-" "Go-http-client/1.1"
185.238.231.209 - - [02/Apr/2025:19:07:37 -0400] "GET /alfa.php HTTP/1.1" 404 9259 "-" "Go-http-client/1.1"
185.238.231.209 - - [02/Apr/2025:19:07:39 -0400] "GET /wp-includes/sitemaps/about.php HTTP/1.1" 404 9259 "-" "Go-http-client/1.1"
185.238.231.209 - - [02/Apr/2025:19:07:40 -0400] "GET /wp-content/json.php HTTP/1.1" 404 9259 "-" "Go-http-client/1.1"
185.238.231.209 - - [02/Apr/2025:19:07:42 -0400] "GET /wp-admin/wp-login.php HTTP/1.1" 404 9259 "-" "Go-http-client/1.1"
185.238.231.209 - - [02/Apr/2025:19:07:43 -0400] "GET /link.php HTTP/1.1" 404 9259 "-" "Go-http-client/1.1"
185.238.231.209 - - [02/Apr/2025:19:07:45 -0400] "GET /edit.php HTTP/1.1" 404 9259 "-" "Go-http-client/1.1"
185.238.231.209 - - [02/Apr/2025:19:07:47 -0400] "GET /wp-content/cong.php HTTP/1.1" 404 9259 "-" "Go-http-client/1.1"
185.238.231.209 - - [02/Apr/2025:19:07:49 -0400] "GET /wp-content/mah.php HTTP/1.1" 404 9259 "-" "Go-http-client/1.1"
185.238.231.209 - - [02/Apr/2025:19:07:50 -0400] "GET /wp-admin/network/about.php HTTP/1.1" 302 0 "-" "Go-http-client/1.1"
185.238.231.209 - - [02/Apr/2025:19:07:55 -0400] "GET /wp-config-sample.php HTTP/1.1" 500 1083 "-" "Go-http-client/1.1"
185.238.231.209 - - [02/Apr/2025:19:07:56 -0400] "GET /wp-admin/css/colors/coffee/index.php HTTP/1.1" 301 0 "-" "Go-http-client/1.1"
185.238.231.209 - - [02/Apr/2025:19:07:58 -0400] "GET /wp-admin/css/colors/coffee/ HTTP/1.1" 403 1242 "http://sunquicksf.com/wp-admin/css/colors/coffee/index.php" "Go-http-client/1.1"
185.238.231.209 - - [02/Apr/2025:19:07:58 -0400] "GET /wp-content/plugins/dummyyummy/wp-signup.php HTTP/1.1" 404 9259 "-" "Go-http-client/1.1"
185.238.231.209 - - [02/Apr/2025:19:08:01 -0400] "GET /bypass.php HTTP/1.1" 404 9259 "-" "Go-http-client/1.1"
185.238.231.209 - - [02/Apr/2025:19:08:02 -0400] "GET /doc.php HTTP/1.1" 404 9259 "-" "Go-http-client/1.1"
185.238.231.209 - - [02/Apr/2025:19:08:03 -0400] "GET /wp-content/classwithtostring.php HTTP/1.1" 404 9260 "-" "Go-http-client/1.1"
185.238.231.209 - - [02/Apr/2025:19:08:05 -0400] "GET /.well-known/pki-validation/about.php HTTP/1.1" 404 1251 "-" "Go-http-client/1.1"
185.238.231.209 - - [02/Apr/2025:19:08:05 -0400] "GET /wp-content/content.php HTTP/1.1" 404 9259 "-" "Go-http-client/1.1"
185.238.231.209 - - [02/Apr/2025:19:08:07 -0400] "GET /wp-includes/fonts/wp-login.php HTTP/1.1" 404 9258 "-" "Go-http-client/1.1"
185.238.231.209 - - [02/Apr/2025:19:08:09 -0400] "GET /.well-known/pki-validation/index.php HTTP/1.1" 404 1251 "-" "Go-http-client/1.1"
185.238.231.209 - - [02/Apr/2025:19:08:09 -0400] "GET /small.php HTTP/1.1" 404 9259 "-" "Go-http-client/1.1"
185.238.231.209 - - [02/Apr/2025:19:08:11 -0400] "GET /editor.php HTTP/1.1" 404 9259 "-" "Go-http-client/1.1"
185.238.231.209 - - [02/Apr/2025:19:08:12 -0400] "GET /wp-content/tmpls.php HTTP/1.1" 404 9259 "-" "Go-http-client/1.1"
185.238.231.209 - - [02/Apr/2025:19:08:13 -0400] "GET /user.php HTTP/1.1" 404 9259 "-" "Go-http-client/1.1"
185.238.231.209 - - [02/Apr/2025:19:08:15 -0400] "GET /ws.php HTTP/1.1" 404 9259 "-" "Go-http-client/1.1"
185.238.231.209 - - [02/Apr/2025:19:08:16 -0400] "GET /wp-includes/wp-login.php HTTP/1.1" 404 9259 "-" "Go-http-client/1.1"
185.238.231.209 - - [02/Apr/2025:19:08:17 -0400] "GET /.well-known/acme-challenge/about.php HTTP/1.1" 404 9259 "-" "Go-http-client/1.1"
185.238.231.209 - - [02/Apr/2025:19:08:18 -0400] "GET /wp-admin/about.php HTTP/1.1" 302 0 "-" "Go-http-client/1.1"
185.238.231.209 - - [02/Apr/2025:19:08:22 -0400] "GET /sck.php HTTP/1.1" 404 9259 "-" "Go-http-client/1.1"
185.238.231.209 - - [02/Apr/2025:19:08:24 -0400] "GET /templates/beez3/error.php HTTP/1.1" 404 9259 "-" "Go-http-client/1.1"
185.238.231.209 - - [02/Apr/2025:19:08:26 -0400] "GET /wp-admin/maint/go.php HTTP/1.1" 404 9259 "-" "Go-http-client/1.1"
185.238.231.209 - - [02/Apr/2025:19:08:28 -0400] "GET /1337.php HTTP/1.1" 404 9259 "-" "Go-http-client/1.1"
198.54.114.83 - - [02/Apr/2025:19:08:32 -0400] "POST /wp-cron.php?doing_wp_cron=1743635311.3783109188079833984375 HTTP/1.1" 200 0 "-" "WordPress/6.7.2; https://sunquicksf.com"
185.238.231.209 - - [02/Apr/2025:19:08:29 -0400] "GET /cgi-bin/wp-login.php HTTP/1.1" 404 9259 "-" "Go-http-client/1.1"
185.238.231.209 - - [02/Apr/2025:19:08:33 -0400] "GET /wp-includes/fonts/about.php HTTP/1.1" 404 9259 "-" "Go-http-client/1.1"
185.238.231.209 - - [02/Apr/2025:19:08:35 -0400] "GET /wp-includes/link.php HTTP/1.1" 404 9259 "-" "Go-http-client/1.1"
185.238.231.209 - - [02/Apr/2025:19:08:36 -0400] "GET /templates/beez/index.php HTTP/1.1" 301 0 "-" "Go-http-client/1.1"
185.238.231.209 - - [02/Apr/2025:19:08:38 -0400] "GET /templates/beez/ HTTP/1.1" 404 9259 "http://sunquicksf.com/templates/beez/index.php" "Go-http-client/1.1"
185.238.231.209 - - [02/Apr/2025:19:08:40 -0400] "GET /lock.php HTTP/1.1" 404 9259 "-" "Go-http-client/1.1"
185.238.231.209 - - [02/Apr/2025:19:08:43 -0400] "GET /wp-log1n.php HTTP/1.1" 404 9259 "-" "Go-http-client/1.1"
185.238.231.209 - - [02/Apr/2025:19:08:45 -0400] "GET /wp-admin/admin.php HTTP/1.1" 302 0 "-" "Go-http-client/1.1"
185.238.231.209 - - [02/Apr/2025:19:08:50 -0400] "GET /mini.php HTTP/1.1" 404 9259 "-" "Go-http-client/1.1"
185.238.231.209 - - [02/Apr/2025:19:08:51 -0400] "GET /wp-includes/wp-class.php HTTP/1.1" 404 9259 "-" "Go-http-client/1.1"
185.238.231.209 - - [02/Apr/2025:19:08:53 -0400] "GET /hehehehe.php HTTP/1.1" 404 9259 "-" "Go-http-client/1.1"
185.238.231.209 - - [02/Apr/2025:19:08:56 -0400] "GET /lufix.php HTTP/1.1" 404 9259 "-" "Go-http-client/1.1"
185.238.231.209 - - [02/Apr/2025:19:08:59 -0400] "GET /wp-2019.php HTTP/1.1" 404 9259 "-" "Go-http-client/1.1"
185.238.231.209 - - [02/Apr/2025:19:09:00 -0400] "GET /randkeyword.php HTTP/1.1" 404 9259 "-" "Go-http-client/1.1"
185.238.231.209 - - [02/Apr/2025:19:09:02 -0400] "GET /makeasmtp.php HTTP/1.1" 404 9259 "-" "Go-http-client/1.1"
185.238.231.209 - - [02/Apr/2025:19:09:03 -0400] "GET /alfa.php?solevisible HTTP/1.1" 404 9260 "-" "Go-http-client/1.1"
185.238.231.209 - - [02/Apr/2025:19:09:05 -0400] "GET /wp-content/plugins/ubh/up.php HTTP/1.1" 404 9259 "-" "Go-http-client/1.1"
185.238.231.209 - - [02/Apr/2025:19:09:07 -0400] "GET /wp-content/themes/pridmag/db.php?u HTTP/1.1" 404 9258 "-" "Go-http-client/1.1"
185.238.231.209 - - [02/Apr/2025:19:09:09 -0400] "GET /wp-content/themes/seotheme/db.php HTTP/1.1" 404 9259 "-" "Go-http-client/1.1"
185.238.231.209 - - [02/Apr/2025:19:09:12 -0400] "GET /wp-content/ThreeFox_Exploit/index.php?threefox HTTP/1.1" 301 0 "-" "Go-http-client/1.1"
185.238.231.209 - - [02/Apr/2025:19:09:14 -0400] "GET /wp-content/ThreeFox_Exploit/?threefox HTTP/1.1" 404 9259 "http://sunquicksf.com/wp-content/ThreeFox_Exploit/index.php?threefox" "Go-http-client/1.1"
185.238.231.209 - - [02/Apr/2025:19:09:17 -0400] "GET /wp-content/plugins/helloapx/wp-apxupx.php?apx=upx HTTP/1.1" 404 9259 "-" "Go-http-client/1.1"
185.238.231.209 - - [02/Apr/2025:19:09:18 -0400] "GET /wp-content/plugins/pwnd/pwnd.php HTTP/1.1" 404 9259 "-" "Go-http-client/1.1"
185.238.231.209 - - [02/Apr/2025:19:09:19 -0400] "GET /modules/mod_simplefileuploadv1.3/elements/udd.php HTTP/1.1" 404 9259 "-" "Go-http-client/1.1"
185.238.231.209 - - [02/Apr/2025:19:09:21 -0400] "GET /wp-admin/maint/upfile.php HTTP/1.1" 404 9259 "-" "Go-http-client/1.1"
185.238.231.209 - - [02/Apr/2025:19:09:22 -0400] "GET /.well-known/acme-challenge/upfile.php HTTP/1.1" 404 9259 "-" "Go-http-client/1.1"
185.238.231.209 - - [02/Apr/2025:19:09:25 -0400] "GET /test.php HTTP/1.1" 404 9259 "-" "Go-http-client/1.1"
85.208.98.23 - - [02/Apr/2025:19:18:33 -0400] "GET /robots.txt HTTP/1.1" 200 125 "-" "Mozilla/5.0 (compatible; SemrushBot-BA; +http://www.semrush.com/bot.html)"
216.244.66.196 - - [02/Apr/2025:19:36:48 -0400] "GET /robots.txt HTTP/1.1" 200 125 "-" "Mozilla/5.0 (compatible; DotBot/1.2; +https://opensiteexplorer.org/dotbot; help@moz.com)"
196.251.71.229 - - [02/Apr/2025:19:53:02 -0400] "GET / HTTP/1.1" 200 97711 "-" "Mozlila/5.0 (Linux; Android 7.0; SM-G892A Bulid/NRD90M; wv) AppleWebKit/537.36 (KHTML, like Gecko) Version/4.0 Chrome/60.0.3112.107 Moblie Safari/537.36"
198.54.114.83 - - [02/Apr/2025:19:53:02 -0400] "POST /wp-cron.php?doing_wp_cron=1743637982.6317009925842285156250 HTTP/1.1" 200 0 "-" "WordPress/6.7.2; https://sunquicksf.com"
196.251.71.229 - - [02/Apr/2025:19:53:02 -0400] "GET /wp-content/plugins/fix/up.php HTTP/1.1" 404 9259 "-" "Mozilla/5.0 (Windows NT 10.0; Win64; x64) AppleWebKit/537.36 (KHTML, like Gecko) Chrome/85.0.4183.102 Safari/537.36"
196.251.71.229 - - [02/Apr/2025:19:53:02 -0400] "POST /wp-plain.php HTTP/1.1" 404 9208 "www.google.com" "Mozilla/5.0 (Linux; Android 7.0; SM-G892A Bulid/NRD90M; wv) AppleWebKit/537.36 (KHTML, like Gecko) Version/4.0 Chrome/60.0.3112.107 Moblie Safari/537.36"
196.251.71.229 - - [02/Apr/2025:19:53:02 -0400] "POST /ALFA_DATA/alfacgiapi/perl.alfa HTTP/1.1" 404 9208 "www.google.com" "Mozlila/5.0 (Linux; Android 7.0; SM-G892A Bulid/NRD90M; wv) AppleWebKit/537.36 (KHTML, like Gecko) Version/4.0 Chrome/60.0.3112.107 Moblie Safari/537.36"
196.251.71.229 - - [02/Apr/2025:19:53:02 -0400] "GET /wp-content/themes/seotheme/db.php?u HTTP/1.1" 404 9259 "www.google.com" "Mozlila/5.0 (Linux; Android 7.0; SM-G892A Bulid/NRD90M; wv) AppleWebKit/537.36 (KHTML, like Gecko) Version/4.0 Chrome/60.0.3112.107 Moblie Safari/537.36"
196.251.71.229 - - [02/Apr/2025:19:53:03 -0400] "GET /gyryomvl.php?Fox=d3wL7 HTTP/1.1" 404 9259 "www.google.com" "Mozilla/5.0 (Linux; Android 7.0; SM-G892A Bulid/NRD90M; wv) AppleWebKit/537.36 (KHTML, like Gecko) Version/4.0 Chrome/60.0.3112.107 Moblie Safari/537.36"
196.251.71.229 - - [02/Apr/2025:19:53:03 -0400] "POST /alfacgiapi/perl.alfa HTTP/1.1" 404 9208 "www.google.com" "Mozlila/5.0 (Linux; Android 7.0; SM-G892A Bulid/NRD90M; wv) AppleWebKit/537.36 (KHTML, like Gecko) Version/4.0 Chrome/60.0.3112.107 Moblie Safari/537.36"
43.153.67.21 - - [02/Apr/2025:19:59:51 -0400] "GET / HTTP/1.1" 200 97711 "-" "Mozilla/5.0 (iPhone; CPU iPhone OS 13_2_3 like Mac OS X) AppleWebKit/605.1.15 (KHTML, like Gecko) Version/13.0.3 Mobile/15E148 Safari/604.1"
216.244.66.196 - - [02/Apr/2025:20:22:53 -0400] "GET /robots.txt HTTP/1.1" 200 125 "-" "Mozilla/5.0 (compatible; DotBot/1.2; +https://opensiteexplorer.org/dotbot; help@moz.com)"
216.244.66.196 - - [02/Apr/2025:21:09:07 -0400] "GET /robots.txt HTTP/1.1" 304 0 "-" "Mozilla/5.0 (compatible; DotBot/1.2; +https://opensiteexplorer.org/dotbot; help@moz.com)"
2a01:4f8:13a:1f0a::2 - - [02/Apr/2025:21:12:37 -0400] "GET /robots.txt HTTP/1.1" 200 125 "-" "Mozilla/5.0 (compatible; MJ12bot/v1.4.8; http://mj12bot.com/)"
2a01:4f8:13a:1f0a::2 - - [02/Apr/2025:21:12:39 -0400] "GET / HTTP/1.1" 200 97711 "-" "Mozilla/5.0 (compatible; MJ12bot/v1.4.8; http://mj12bot.com/)"
61.130.144.178 - - [02/Apr/2025:21:23:41 -0400] "GET / HTTP/1.1" 200 97711 "http://sunquicksf.com" "msnbot/1.0 (+http://search.msn.com/msnbot.htm\xa1\xb1)"
135.181.74.47 - - [02/Apr/2025:21:37:31 -0400] "GET /ally-bank-customer-service/%20() HTTP/1.1" 301 0 "-" "Mozilla/5.0 (Windows NT 10.0; Win64; x64) AppleWebKit/537.36 (KHTML, like Gecko) Chrome/118.0.0.0 Safari/537.36"
135.181.74.47 - - [02/Apr/2025:21:37:33 -0400] "GET /ally-bank-customer-service/%20() HTTP/1.1" 301 0 "-" "Mozilla/5.0 (Windows NT 10.0; Win64; x64) AppleWebKit/537.36 (KHTML, like Gecko) Chrome/118.0.0.0 Safari/537.36"
110.172.98.2 - - [02/Apr/2025:21:44:41 -0400] "GET / HTTP/1.1" 200 97711 "-" "Mozilla/5.0 (Windows NT 10.0; Win64; x64) AppleWebKit/537.36 (KHTML, like Gecko) Chrome/79.0.3945.130 Safari/537.36"
216.244.66.196 - - [02/Apr/2025:21:56:08 -0400] "GET /robots.txt HTTP/1.1" 200 125 "-" "Mozilla/5.0 (compatible; DotBot/1.2; +https://opensiteexplorer.org/dotbot; help@moz.com)"
103.15.222.42 - - [02/Apr/2025:22:29:35 -0400] "GET /how-to-choose-a-commercial-air-cleaner/ HTTP/1.1" 200 12527 "-" "Mozilla/5.0 (Windows NT 10.0; Win64; x64; Xbox; Xbox One) AppleWebKit/537.36 (KHTML, like Gecko) Chrome/114.0.0.0 Safari/537.36 Edge/44.18363.8131"
85.208.98.23 - - [02/Apr/2025:23:23:24 -0400] "GET /robots.txt HTTP/1.1" 304 0 "-" "Mozilla/5.0 (compatible; SemrushBot-BA; +http://www.semrush.com/bot.html)"
216.244.66.196 - - [02/Apr/2025:23:27:45 -0400] "GET /robots.txt HTTP/1.1" 304 0 "-" "Mozilla/5.0 (compatible; DotBot/1.2; +https://opensiteexplorer.org/dotbot; help@moz.com)"
217.182.199.126 - - [03/Apr/2025:00:10:42 -0400] "GET /log HTTP/1.1" 404 9259 "http://sunquicksf.com/log" "Mozilla/5.0 (Macintosh; Intel Mac OS X 10_10_5) AppleWebKit/603.2.5 (KHTML, like Gecko) Version/10.1.1 Safari/603.2.5"
216.244.66.196 - - [03/Apr/2025:00:12:58 -0400] "GET /robots.txt HTTP/1.1" 304 0 "-" "Mozilla/5.0 (compatible; DotBot/1.2; +https://opensiteexplorer.org/dotbot; help@moz.com)"
198.54.114.83 - - [03/Apr/2025:00:16:51 -0400] "POST /wp-cron.php?doing_wp_cron=1743653811.4037680625915527343750 HTTP/1.1" 200 0 "-" "WordPress/6.7.2; https://sunquicksf.com"
216.244.66.196 - - [03/Apr/2025:00:16:48 -0400] "GET /hotel-di-lusso-lago-di-garda/ HTTP/1.1" 200 11978 "-" "Mozilla/5.0 (compatible; DotBot/1.2; +https://opensiteexplorer.org/dotbot; help@moz.com)"
2607:5300:60:7e27::1 - - [03/Apr/2025:00:38:53 -0400] "GET / HTTP/1.1" 200 97711 "-" "Mozilla/5.0 (Windows NT 10.0; Win64; x64) AppleWebKit/537.36 (KHTML, like Gecko) Chrome/118.0.0.0 Safari/537.36"
212.102.39.196 - - [03/Apr/2025:00:51:11 -0400] "GET /how-to-find-a-24-7-locksmith-near-you/ HTTP/1.1" 200 12406 "http://sunquicksf.com/how-to-find-a-24-7-locksmith-near-you/" "Mozilla/5.0 (Windows NT 10.0; Win64; x64) AppleWebKit/537.36 (KHTML, like Gecko) Chrome/130.0.0.0 Safari/537.36 CCleaner/130.0.0.0"
212.102.39.196 - - [03/Apr/2025:00:51:12 -0400] "POST /wp-comments-post.php HTTP/1.1" 302 0 "http://sunquicksf.com/how-to-find-a-24-7-locksmith-near-you/" "Mozilla/5.0 (Windows NT 10.0; Win64; x64) AppleWebKit/537.36 (KHTML, like Gecko) Chrome/130.0.0.0 Safari/537.36 CCleaner/130.0.0.0"
135.181.74.47 - - [03/Apr/2025:00:58:17 -0400] "GET /how-to-find-a-24-7-locksmith-near-you/ HTTP/1.1" 200 12406 "-" "Mozilla/5.0 (Windows NT 10.0; Win64; x64) AppleWebKit/537.36 (KHTML, like Gecko) Chrome/118.0.0.0 Safari/537.36"
194.38.23.16 - - [03/Apr/2025:01:26:21 -0400] "GET /file-upload/server/php/index.php?file=tf2rghf.jpg HTTP/1.1" 301 0 "-" "ALittle Client"
198.54.114.83 - - [03/Apr/2025:01:26:53 -0400] "POST /wp-cron.php?doing_wp_cron=1743658013.2662661075592041015625 HTTP/1.1" 200 0 "-" "WordPress/6.7.2; https://sunquicksf.com"
194.38.23.16 - - [03/Apr/2025:01:26:53 -0400] "GET /file-upload/server/php/?file=tf2rghf.jpg HTTP/1.1" 404 9259 "-" "ALittle Client"
182.42.105.85 - - [03/Apr/2025:01:29:20 -0400] "GET / HTTP/1.1" 200 97711 "-" "Mozilla/5.0 (iPhone; CPU iPhone OS 13_2_3 like Mac OS X) AppleWebKit/605.1.15 (KHTML, like Gecko) Version/13.0.3 Mobile/15E148 Safari/604.1"
216.244.66.196 - - [03/Apr/2025:01:31:26 -0400] "GET /fun-1st-anniversary-gifts-for-couples/ HTTP/1.1" 200 11880 "-" "Mozilla/5.0 (compatible; DotBot/1.2; +https://opensiteexplorer.org/dotbot; help@moz.com)"
165.154.227.116 - - [03/Apr/2025:01:37:49 -0400] "GET / HTTP/1.1" 200 97711 "-" "Embarcadero URI Client/1.0"
216.244.66.196 - - [03/Apr/2025:02:30:48 -0400] "GET /robots.txt HTTP/1.1" 304 0 "-" "Mozilla/5.0 (compatible; DotBot/1.2; +https://opensiteexplorer.org/dotbot; help@moz.com)"
103.15.222.42 - - [03/Apr/2025:02:47:37 -0400] "GET /how-to-choose-a-commercial-air-cleaner/ HTTP/1.1" 200 12527 "-" "Mozilla/5.0 (Windows NT 10.0; Win64; x64; Xbox; Xbox One) AppleWebKit/537.36 (KHTML, like Gecko) Chrome/114.0.0.0 Safari/537.36 Edge/44.18363.8131"
103.100.159.251 - - [03/Apr/2025:03:03:40 -0400] "GET /login.php?s=Admin/login HTTP/1.1" 404 9271 "-" "python-requests/2.32.3"
203.189.235.141 - - [03/Apr/2025:03:14:08 -0400] "GET /admin.php HTTP/1.1" 404 9259 "-" "python-requests/2.32.3"
216.244.66.196 - - [03/Apr/2025:03:15:52 -0400] "GET /robots.txt HTTP/1.1" 304 0 "-" "Mozilla/5.0 (compatible; DotBot/1.2; +https://opensiteexplorer.org/dotbot; help@moz.com)"
43.130.3.120 - - [03/Apr/2025:03:28:20 -0400] "GET / HTTP/1.1" 200 97711 "-" "Mozilla/5.0 (iPhone; CPU iPhone OS 13_2_3 like Mac OS X) AppleWebKit/605.1.15 (KHTML, like Gecko) Version/13.0.3 Mobile/15E148 Safari/604.1"
216.244.66.196 - - [03/Apr/2025:03:43:00 -0400] "GET /how-to-enhance-custom-invitations/ HTTP/1.1" 404 9259 "-" "Mozilla/5.0 (compatible; DotBot/1.2; +https://opensiteexplorer.org/dotbot; help@moz.com)"
135.181.74.47 - - [03/Apr/2025:03:48:50 -0400] "GET /mk-shoulder-bag/ HTTP/1.1" 200 12248 "-" "Mozilla/5.0 (Windows NT 10.0; Win64; x64) AppleWebKit/537.36 (KHTML, like Gecko) Chrome/118.0.0.0 Safari/537.36"
198.54.114.83 - - [03/Apr/2025:03:49:35 -0400] "POST /wp-cron.php?doing_wp_cron=1743666575.4959731101989746093750 HTTP/1.1" 200 0 "-" "WordPress/6.7.2; https://sunquicksf.com"
216.244.66.196 - - [03/Apr/2025:03:49:35 -0400] "GET /what-are-incidental-advantages/ HTTP/1.1" 200 12327 "-" "Mozilla/5.0 (compatible; DotBot/1.2; +https://opensiteexplorer.org/dotbot; help@moz.com)"
216.244.66.196 - - [03/Apr/2025:04:01:20 -0400] "GET /robots.txt HTTP/1.1" 304 0 "-" "Mozilla/5.0 (compatible; DotBot/1.2; +https://opensiteexplorer.org/dotbot; help@moz.com)"
111.119.237.42 - - [03/Apr/2025:04:03:16 -0400] "GET /innovatives-design-fur-jeden-raum HTTP/1.1" 404 9259 "http://sunquicksf.com/innovatives-design-fur-jeden-raum" "Mozilla/5.0 (Windows NT 10.0; Win64; x64) AppleWebKit/537.36 (KHTML, like Gecko) Chrome/101.0.4951.67 Safari/537.36"
198.54.114.83 - - [03/Apr/2025:04:06:44 -0400] "POST /wp-cron.php?doing_wp_cron=1743667603.8540089130401611328125 HTTP/1.1" 200 0 "-" "WordPress/6.7.2; https://sunquicksf.com"
135.181.74.47 - - [03/Apr/2025:04:06:43 -0400] "GET /the-benefits-of-a-rose-quartz-roller/ HTTP/1.1" 200 12413 "-" "Mozilla/5.0 (Windows NT 10.0; Win64; x64) AppleWebKit/537.36 (KHTML, like Gecko) Chrome/118.0.0.0 Safari/537.36"
2001:41d0:203:76a::1 - - [03/Apr/2025:04:10:36 -0400] "GET /robots.txt HTTP/1.1" 200 125 "-" "Mozilla/5.0 (compatible; MJ12bot/v1.4.8; http://mj12bot.com/)"
2001:41d0:203:76a::1 - - [03/Apr/2025:04:10:39 -0400] "GET /?p=17793 HTTP/1.1" 200 97711 "-" "Mozilla/5.0 (compatible; MJ12bot/v1.4.8; http://mj12bot.com/)"
47.82.11.239 - - [03/Apr/2025:04:26:00 -0400] "GET /?p=10632 HTTP/1.1" 200 97711 "http://sunquicksf.com/?p=10632" "Mozilla/5.0 (Windows NT 10.0; Win64; x64) AppleWebKit/537.36 (KHTML, like Gecko) Chrome/114.0.0.0 Safari/537.36 Edg/114.0.1823.43"
188.143.244.131 - - [03/Apr/2025:04:31:24 -0400] "GET /2024/02/ HTTP/1.1" 301 0 "-" "Mozilla/5.0 X11; Ubuntu; Linux x86_64; rv:126.0 Gecko/20100101 Firefox/126.0"
188.143.244.131 - - [03/Apr/2025:04:33:15 -0400] "GET /2023/02/ HTTP/1.1" 500 1083 "-" "Mozilla/5.0 X11; Ubuntu; Linux x86_64; rv:126.0 Gecko/20100101 Firefox/126.0"
188.143.244.131 - - [03/Apr/2025:04:33:19 -0400] "GET /2021/05/ HTTP/1.1" 500 1083 "-" "Mozilla/5.0 X11; Ubuntu; Linux x86_64; rv:126.0 Gecko/20100101 Firefox/126.0"
188.143.244.131 - - [03/Apr/2025:04:33:47 -0400] "GET /2024/03/ HTTP/1.1" 200 0 "-" "Mozilla/5.0 X11; Ubuntu; Linux x86_64; rv:126.0 Gecko/20100101 Firefox/126.0"
188.143.244.131 - - [03/Apr/2025:04:33:52 -0400] "GET /2024/10/ HTTP/1.1" 200 0 "-" "Mozilla/5.0 X11; Ubuntu; Linux x86_64; rv:126.0 Gecko/20100101 Firefox/126.0"
188.143.244.131 - - [03/Apr/2025:04:33:55 -0400] "GET /2024/04/ HTTP/1.1" 500 1083 "-" "Mozilla/5.0 X11; Ubuntu; Linux x86_64; rv:126.0 Gecko/20100101 Firefox/126.0"
47.79.98.210 - - [03/Apr/2025:04:35:22 -0400] "GET /?p=6494 HTTP/1.1" 200 0 "http://sunquicksf.com/?p=6494" "Mozilla/5.0 (Windows NT 10.0; Win64; x64) AppleWebKit/537.36 (KHTML, like Gecko) Chrome/114.0.0.0 Safari/537.36 Edg/114.0.1823.43"
216.244.66.196 - - [03/Apr/2025:04:48:22 -0400] "GET /robots.txt HTTP/1.1" 200 125 "-" "Mozilla/5.0 (compatible; DotBot/1.2; +https://opensiteexplorer.org/dotbot; help@moz.com)"
193.32.162.92 - - [03/Apr/2025:04:59:41 -0400] "GET /.env HTTP/1.1" 403 1242 "-" "Mozilla/5.0 (Macintosh; Intel Mac OS X 10.15; rv:77.0) Gecko/20100101 Firefox/77.0"
193.32.162.92 - - [03/Apr/2025:04:59:42 -0400] "GET /wp-content/ HTTP/1.1" 200 0 "-" "Mozilla/5.0 (Macintosh; Intel Mac OS X 10.15; rv:77.0) Gecko/20100101 Firefox/77.0"
47.79.122.22 - - [03/Apr/2025:05:12:36 -0400] "GET /?p=12472 HTTP/1.1" 200 97711 "http://sunquicksf.com/?p=12472" "Mozilla/5.0 (Windows NT 10.0; Win64; x64) AppleWebKit/537.36 (KHTML, like Gecko) Chrome/114.0.0.0 Safari/537.36 Edg/114.0.1823.43"
135.181.74.47 - - [03/Apr/2025:05:13:39 -0400] "GET /how-to-choose-a-commercial-air-cleaner/ HTTP/1.1" 200 12480 "-" "Mozilla/5.0 (Windows NT 10.0; Win64; x64) AppleWebKit/537.36 (KHTML, like Gecko) Chrome/118.0.0.0 Safari/537.36"
185.220.101.10 - - [03/Apr/2025:05:19:36 -0400] "POST /xmlrpc.php HTTP/1.1" 200 212 "https://www.google.com/" "Mozilla/5.0 (Windows NT 10.0; Win64; x64) AppleWebKit/537.36 (KHTML, like Gecko) Chrome/74.0.3729.157 Safari/537.36"
54.36.148.113 - - [03/Apr/2025:05:20:54 -0400] "GET /robots.txt HTTP/1.1" 200 125 "-" "Mozilla/5.0 (compatible; AhrefsBot/7.0; +http://ahrefs.com/robot/)"
47.82.10.106 - - [03/Apr/2025:05:21:26 -0400] "GET /?p=7774 HTTP/1.1" 200 97711 "http://sunquicksf.com/?p=7774" "Mozilla/5.0 (Windows NT 10.0; Win64; x64) AppleWebKit/537.36 (KHTML, like Gecko) Chrome/114.0.0.0 Safari/537.36 Edg/114.0.1823.43"
47.79.5.167 - - [03/Apr/2025:05:25:42 -0400] "GET /?p=6098 HTTP/1.1" 200 97711 "http://sunquicksf.com/?p=6098" "Mozilla/5.0 (Windows NT 10.0; Win64; x64) AppleWebKit/537.36 (KHTML, like Gecko) Chrome/114.0.0.0 Safari/537.36 Edg/114.0.1823.43"
47.82.11.18 - - [03/Apr/2025:05:27:36 -0400] "GET /?p=10352 HTTP/1.1" 200 97711 "http://sunquicksf.com/?p=10352" "Mozilla/5.0 (Windows NT 10.0; Win64; x64) AppleWebKit/537.36 (KHTML, like Gecko) Chrome/114.0.0.0 Safari/537.36 Edg/114.0.1823.43"
216.244.66.196 - - [03/Apr/2025:05:33:44 -0400] "GET /robots.txt HTTP/1.1" 200 125 "-" "Mozilla/5.0 (compatible; DotBot/1.2; +https://opensiteexplorer.org/dotbot; help@moz.com)"
64.225.3.33 - - [03/Apr/2025:05:58:17 -0400] "GET / HTTP/1.1" 200 97711 "-" "Mozilla/5.0 (Windows NT 10.0; Win64; x64) AppleWebKit/537.36 (KHTML, like Gecko) Chrome/95.0.4638.69 Safari/537.36"
64.225.3.33 - - [03/Apr/2025:05:58:17 -0400] "GET /wp-includes/ID3/license.txt HTTP/1.1" 200 501 "-" "Mozilla/5.0 (Windows NT 10.0; Win64; x64) AppleWebKit/537.36 (KHTML, like Gecko) Chrome/95.0.4638.69 Safari/537.36"
198.54.114.83 - - [03/Apr/2025:05:58:20 -0400] "POST /wp-cron.php?doing_wp_cron=1743674300.4437971115112304687500 HTTP/1.1" 200 0 "-" "WordPress/6.7.2; https://sunquicksf.com"
64.225.3.33 - - [03/Apr/2025:05:58:17 -0400] "GET /feed/ HTTP/1.1" 200 264698 "-" "Mozilla/5.0 (Windows NT 10.0; Win64; x64) AppleWebKit/537.36 (KHTML, like Gecko) Chrome/95.0.4638.69 Safari/537.36"
64.225.3.33 - - [03/Apr/2025:05:58:21 -0400] "GET /?author=1 HTTP/1.1" 200 97711 "-" "Mozilla/5.0 (Windows NT 10.0; Win64; x64) AppleWebKit/537.36 (KHTML, like Gecko) Chrome/95.0.4638.69 Safari/537.36"
64.225.3.33 - - [03/Apr/2025:05:58:21 -0400] "GET /wp-json/wp/v2/users/ HTTP/1.1" 200 1332 "-" "Mozilla/5.0 (Windows NT 10.0; Win64; x64) AppleWebKit/537.36 (KHTML, like Gecko) Chrome/95.0.4638.69 Safari/537.36"
85.208.98.23 - - [03/Apr/2025:06:03:56 -0400] "GET /robots.txt HTTP/1.1" 200 125 "-" "Mozilla/5.0 (compatible; SemrushBot-BA; +http://www.semrush.com/bot.html)"
110.249.202.35 - - [03/Apr/2025:06:04:37 -0400] "GET /?p=6874 HTTP/1.1" 200 97711 "-" "Mozilla/5.0 (Linux; Android 5.0) AppleWebKit/537.36 (KHTML, like Gecko) Mobile Safari/537.36 (compatible; Bytespider; https://zhanzhang.toutiao.com/)"
157.66.54.162 - - [03/Apr/2025:06:05:12 -0400] "GET / HTTP/1.1" 200 97711 "-" "Mozilla/5.0 (Windows NT 10.0; Win64; x64) AppleWebKit/537.36 (KHTML, like Gecko) Chrome/80.0.3987.149 Safari/537.36"
157.66.54.162 - - [03/Apr/2025:06:05:13 -0400] "GET / HTTP/1.1" 200 97711 "-" "Mozilla/5.0 (Windows NT 10.0; Win64; x64) AppleWebKit/537.36 (KHTML, like Gecko) Chrome/80.0.3987.149 Safari/537.36"
157.66.54.162 - - [03/Apr/2025:06:05:14 -0400] "GET /wp-includes/wlwmanifest.xml HTTP/1.1" 404 9211 "-" "Mozilla/5.0 (Windows NT 10.0; Win64; x64) AppleWebKit/537.36 (KHTML, like Gecko) Chrome/80.0.3987.149 Safari/537.36"
157.66.54.162 - - [03/Apr/2025:06:05:15 -0400] "GET /?author=1 HTTP/1.1" 200 97711 "-" "Mozilla/5.0 (Windows NT 10.0; Win64; x64) AppleWebKit/537.36 (KHTML, like Gecko) Chrome/80.0.3987.149 Safari/537.36"
157.66.54.162 - - [03/Apr/2025:06:05:15 -0400] "GET /?author=2 HTTP/1.1" 200 97711 "-" "Mozilla/5.0 (Windows NT 10.0; Win64; x64) AppleWebKit/537.36 (KHTML, like Gecko) Chrome/80.0.3987.149 Safari/537.36"
157.66.54.162 - - [03/Apr/2025:06:05:16 -0400] "GET /wp-json/wp/v2/users/ HTTP/1.1" 200 1332 "-" "Mozilla/5.0 (Windows NT 10.0; Win64; x64) AppleWebKit/537.36 (KHTML, like Gecko) Chrome/80.0.3987.149 Safari/537.36"
216.244.66.196 - - [03/Apr/2025:07:06:19 -0400] "GET /robots.txt HTTP/1.1" 200 125 "-" "Mozilla/5.0 (compatible; DotBot/1.2; +https://opensiteexplorer.org/dotbot; help@moz.com)"
47.79.121.70 - - [03/Apr/2025:07:07:01 -0400] "GET /?p=8699 HTTP/1.1" 200 97711 "http://sunquicksf.com/?p=8699" "Mozilla/5.0 (Windows NT 10.0; Win64; x64) AppleWebKit/537.36 (KHTML, like Gecko) Chrome/114.0.0.0 Safari/537.36 Edg/114.0.1823.43"
134.122.133.220 - - [03/Apr/2025:07:44:36 -0400] "GET / HTTP/1.1" 200 97711 "http://sunquicksf.com" "AppleWebKit/534.46 (KHTML,like Gecko) Version/5.1 Mobile Safari/10600.6.3"
44.223.116.180 - - [03/Apr/2025:07:44:59 -0400] "GET /?p=6700 HTTP/1.1" 200 97711 "-" "Mozilla/5.0 AppleWebKit/537.36 (KHTML, like Gecko; compatible; Amazonbot/0.1; +https://developer.amazon.com/support/amazonbot) Chrome/119.0.6045.214 Safari/537.36"
138.197.154.199 - - [03/Apr/2025:07:47:08 -0400] "GET / HTTP/1.1" 200 97711 "-" "Mozilla/5.0 (compatible)"
138.197.154.199 - - [03/Apr/2025:07:47:09 -0400] "GET /ads.txt HTTP/1.1" 200 0 "-" "Mozilla/5.0 (compatible)"
198.54.114.83 - - [03/Apr/2025:07:47:14 -0400] "POST /wp-cron.php?doing_wp_cron=1743680833.8710141181945800781250 HTTP/1.1" 200 0 "-" "WordPress/6.7.2; https://sunquicksf.com"
4.227.36.59 - - [03/Apr/2025:07:58:51 -0400] "GET /robots.txt HTTP/1.1" 200 125 "-" "Mozilla/5.0 AppleWebKit/537.36 (KHTML, like Gecko; compatible; GPTBot/1.2; +https://openai.com/gptbot)"
20.171.207.251 - - [03/Apr/2025:07:58:53 -0400] "GET /?p=12000 HTTP/1.1" 200 97711 "-" "Mozilla/5.0 AppleWebKit/537.36 (KHTML, like Gecko; compatible; GPTBot/1.2; +https://openai.com/gptbot)"
195.78.54.10 - - [03/Apr/2025:08:32:06 -0400] "GET / HTTP/1.1" 200 97711 "-" "Mozilla/5.0 (Windows NT 10.0; Win64; x64) AppleWebKit/537.36 (KHTML, like Gecko) Chrome/95.0.4638.69 Safari/537.36"
195.78.54.10 - - [03/Apr/2025:08:32:07 -0400] "GET /wp-includes/ID3/license.txt HTTP/1.1" 200 501 "-" "Mozilla/5.0 (Windows NT 10.0; Win64; x64) AppleWebKit/537.36 (KHTML, like Gecko) Chrome/95.0.4638.69 Safari/537.36"
195.78.54.10 - - [03/Apr/2025:08:32:07 -0400] "GET /feed/ HTTP/1.1" 200 264744 "-" "Mozilla/5.0 (Windows NT 10.0; Win64; x64) AppleWebKit/537.36 (KHTML, like Gecko) Chrome/95.0.4638.69 Safari/537.36"
195.78.54.10 - - [03/Apr/2025:08:32:08 -0400] "GET /wp-login.php HTTP/1.1" 302 0 "-" "Mozilla/5.0 (Windows NT 10.0; Win64; x64) AppleWebKit/537.36 (KHTML, like Gecko) Chrome/95.0.4638.69 Safari/537.36"
103.15.222.42 - - [03/Apr/2025:08:33:04 -0400] "GET /how-to-choose-a-commercial-air-cleaner/ HTTP/1.1" 200 12433 "-" "Mozilla/5.0 (Windows NT 10.0; WOW64) AppleWebKit/537.36 (KHTML, like Gecko) Chrome/114.0.0.0 Safari/537.36"
85.208.98.23 - - [03/Apr/2025:09:15:51 -0400] "GET /robots.txt HTTP/1.1" 200 125 "-" "Mozilla/5.0 (compatible; SemrushBot-BA; +http://www.semrush.com/bot.html)"
216.244.66.196 - - [03/Apr/2025:09:20:49 -0400] "GET /robots.txt HTTP/1.1" 200 125 "-" "Mozilla/5.0 (compatible; DotBot/1.2; +https://opensiteexplorer.org/dotbot; help@moz.com)"
208.52.181.240 - - [03/Apr/2025:09:22:18 -0400] "GET /ally-bank-customer-service/ HTTP/1.1" 200 12545 "-" "Mozilla/5.0 (Windows NT 10.0; WOW64) AppleWebKit/537.36 (KHTML, like Gecko) Chrome/114.0.0.0 Safari/537.36"
222.186.134.245 - - [03/Apr/2025:09:29:13 -0400] "GET /plus/img/df_dedetitle.gif HTTP/1.1" 404 9219 "http://sunquicksf.com/plus/img/df_dedetitle.gif" "Mozilla/4.0 (compatible; MSIE 9.0; Windows NT 6.1)"
197.11.70.170 - - [03/Apr/2025:09:36:00 -0400] "GET /wp-login.php HTTP/1.1" 302 0 "-" "Mozilla/5.0 (Windows NT 10.0; Win64; x64) AppleWebKit/537.36 (KHTML, like Gecko) Chrome/91.0.4472.124 Safari/537.36"
165.227.83.226 - - [03/Apr/2025:10:01:32 -0400] "POST /wp-login.php HTTP/1.1" 302 0 "http://sunquicksf.com/wp-admin/" "Mozilla/5.0 (Windows NT 10.0; Win64; x64) AppleWebKit/537.36 (KHTML, like Gecko) Chrome/90.0.4430.85 Safari/537.36"
165.227.83.226 - - [03/Apr/2025:10:01:35 -0400] "GET /wp-admin/ HTTP/1.1" 302 0 "www.google.com" "Mozilla/5.0 (Windows NT 10.0; Win64; x64) AppleWebKit/537.36 (KHTML, like Gecko) Chrome/90.0.4430.85 Safari/537.36"
43.155.188.157 - - [03/Apr/2025:10:01:40 -0400] "GET / HTTP/1.1" 200 97711 "-" "Mozilla/5.0 (iPhone; CPU iPhone OS 13_2_3 like Mac OS X) AppleWebKit/605.1.15 (KHTML, like Gecko) Version/13.0.3 Mobile/15E148 Safari/604.1"
216.244.66.196 - - [03/Apr/2025:10:05:18 -0400] "GET /robots.txt HTTP/1.1" 200 125 "-" "Mozilla/5.0 (compatible; DotBot/1.2; +https://opensiteexplorer.org/dotbot; help@moz.com)"
193.32.126.224 - - [03/Apr/2025:10:26:08 -0400] "POST /wp-login.php HTTP/1.1" 302 0 "http://sunquicksf.com/wp-admin/" "Mozilla/5.0 (Windows NT 10.0; Win64; x64) AppleWebKit/537.36 (KHTML, like Gecko) Chrome/90.0.4430.85 Safari/537.36"
216.244.66.196 - - [03/Apr/2025:10:50:13 -0400] "GET /robots.txt HTTP/1.1" 200 125 "-" "Mozilla/5.0 (compatible; DotBot/1.2; +https://opensiteexplorer.org/dotbot; help@moz.com)"
14.215.163.132 - - [03/Apr/2025:11:11:54 -0400] "GET / HTTP/1.1" 200 97711 "-" "Mozilla/5.0 (iPhone; CPU iPhone OS 13_2_3 like Mac OS X) AppleWebKit/605.1.15 (KHTML, like Gecko) Version/13.0.3 Mobile/15E148 Safari/604.1"
207.46.13.150 - - [03/Apr/2025:11:13:13 -0400] "GET /sitemap.xml HTTP/1.1" 200 295 "-" "Mozilla/5.0 AppleWebKit/537.36 (KHTML, like Gecko; compatible; bingbot/2.0; +http://www.bing.com/bingbot.htm) Chrome/116.0.1938.76 Safari/537.36"
