217.113.194.231 - - [16/Apr/2025:02:18:20 -0400] "GET /choosing-a-replacement-conservatory-roof/feed/ HTTP/1.1" 200 402 "-" "Mozilla/5.0 (compatible; Barkrowler/0.9; +https://babbar.tech/crawler)"
198.54.114.83 - - [16/Apr/2025:02:18:22 -0400] "POST /wp-cron.php?doing_wp_cron=1744784300.6302399635314941406250 HTTP/1.1" 200 0 "-" "WordPress/6.7.2; https://the80itspod.com"
217.113.194.227 - - [16/Apr/2025:02:18:39 -0400] "GET /hiring-a-photographer-for-online-dating-profiles/feed/ HTTP/1.1" 200 417 "-" "Mozilla/5.0 (compatible; Barkrowler/0.9; +https://babbar.tech/crawler)"
217.113.194.223 - - [16/Apr/2025:02:18:56 -0400] "GET /small-business-loans-for-women-owned-businesses/feed/ HTTP/1.1" 200 409 "-" "Mozilla/5.0 (compatible; Barkrowler/0.9; +https://babbar.tech/crawler)"
2a03:2880:f800:1:: - - [16/Apr/2025:02:19:02 -0400] "GET /joyaux-culinaires-devoiler-les-meilleurs-restaurants-du-monde/feed/ HTTP/1.1" 200 431 "-" "meta-externalagent/1.1 (+https://developers.facebook.com/docs/sharing/webmasters/crawler)"
114.119.128.26 - - [16/Apr/2025:02:19:13 -0400] "GET /how-to-turn-on-hotspot-on-iphone-8-plus/ HTTP/1.1" 200 14484 "https://the80itspod.com/page/103/?NA" "Mozilla/5.0 (Linux; Android 7.0;) AppleWebKit/537.36 (KHTML, like Gecko) Mobile Safari/537.36 (compatible; PetalBot;+https://webmaster.petalsearch.com/site/petalbot)"
217.113.194.229 - - [16/Apr/2025:02:19:14 -0400] "GET /el-o-g-mac-oil-cartridge-review/feed/ HTTP/1.1" 200 403 "-" "Mozilla/5.0 (compatible; Barkrowler/0.9; +https://babbar.tech/crawler)"
154.54.249.217 - - [16/Apr/2025:02:19:34 -0400] "GET /the-advantages-of-diesel-lift-truck-renting/feed/ HTTP/1.1" 200 415 "-" "Mozilla/5.0 (compatible; Barkrowler/0.9; +https://babbar.tech/crawler)"
198.54.114.83 - - [16/Apr/2025:02:19:36 -0400] "POST /wp-cron.php?doing_wp_cron=1744784375.0135600566864013671875 HTTP/1.1" 200 0 "-" "WordPress/6.7.2; https://the80itspod.com"
119.28.65.64 - - [16/Apr/2025:02:19:42 -0400] "GET /auto-cold-drawing-machine/ HTTP/1.1" 200 12255 "-" "Python/3.10 aiohttp/3.10.5"
217.113.194.253 - - [16/Apr/2025:02:19:52 -0400] "GET /why-choose-a-ppr-fittings-manufacturer/feed/ HTTP/1.1" 200 406 "-" "Mozilla/5.0 (compatible; Barkrowler/0.9; +https://babbar.tech/crawler)"
66.249.79.67 - - [16/Apr/2025:02:20:01 -0400] "GET /page/87/ HTTP/1.1" 200 13021 "-" "Mozilla/5.0 (Linux; Android 6.0.1; Nexus 5X Build/MMB29P) AppleWebKit/537.36 (KHTML, like Gecko) Chrome/135.0.7049.84 Mobile Safari/537.36 (compatible; Googlebot/2.1; +http://www.google.com/bot.html)"
66.249.79.66 - - [16/Apr/2025:02:20:12 -0400] "GET /bilanz-hattingen-tax-consulting/ HTTP/1.1" 200 12194 "-" "Mozilla/5.0 (Linux; Android 6.0.1; Nexus 5X Build/MMB29P) AppleWebKit/537.36 (KHTML, like Gecko) Chrome/135.0.7049.84 Mobile Safari/537.36 (compatible; Googlebot/2.1; +http://www.google.com/bot.html)"
217.113.194.226 - - [16/Apr/2025:02:20:12 -0400] "GET /what-is-an-anonymous-vps-and-why-choose-it/feed/ HTTP/1.1" 200 416 "-" "Mozilla/5.0 (compatible; Barkrowler/0.9; +https://babbar.tech/crawler)"
66.249.79.65 - - [16/Apr/2025:02:20:22 -0400] "GET /lake-garden-residences-in-jurong-lake-district-jakarta/ HTTP/1.1" 200 12442 "-" "Mozilla/5.0 (Linux; Android 6.0.1; Nexus 5X Build/MMB29P) AppleWebKit/537.36 (KHTML, like Gecko) Chrome/135.0.7049.84 Mobile Safari/537.36 (compatible; Googlebot/2.1; +http://www.google.com/bot.html)"
217.113.194.229 - - [16/Apr/2025:02:20:29 -0400] "GET /stardew-valley-how-to-get-clay/feed/ HTTP/1.1" 200 398 "-" "Mozilla/5.0 (compatible; Barkrowler/0.9; +https://babbar.tech/crawler)"
198.54.114.83 - - [16/Apr/2025:02:20:46 -0400] "POST /wp-cron.php?doing_wp_cron=1744784446.0169680118560791015625 HTTP/1.1" 200 0 "-" "WordPress/6.7.2; https://the80itspod.com"
217.113.194.231 - - [16/Apr/2025:02:20:47 -0400] "GET /building-trust-in-your-team-and-organization/feed/ HTTP/1.1" 200 403 "-" "Mozilla/5.0 (compatible; Barkrowler/0.9; +https://babbar.tech/crawler)"
198.54.114.83 - - [16/Apr/2025:02:20:49 -0400] "POST /wp-admin/admin-ajax.php?action=async_litespeed&nonce=YzVa0X1r0buOxpWt0nofamxDdMd0OAE4&litespeed_type=imgoptm HTTP/1.1" 200 0 "-" "WordPress/6.7.2; https://the80itspod.com"
54.36.148.201 - - [16/Apr/2025:02:20:45 -0400] "GET /the-first-week-of-postnatal-recovery/feed/ HTTP/1.1" 200 405 "-" "Mozilla/5.0 (compatible; AhrefsBot/7.0; +http://ahrefs.com/robot/)"
217.113.194.224 - - [16/Apr/2025:02:21:04 -0400] "GET /sintered-diamond-burs-for-dental-labs/feed/ HTTP/1.1" 200 401 "-" "Mozilla/5.0 (compatible; Barkrowler/0.9; +https://babbar.tech/crawler)"
198.54.114.83 - - [16/Apr/2025:02:21:23 -0400] "POST /wp-cron.php?doing_wp_cron=1744784482.3701179027557373046875 HTTP/1.1" 200 0 "-" "WordPress/6.7.2; https://the80itspod.com"
217.113.194.226 - - [16/Apr/2025:02:21:21 -0400] "GET /meilleures-pratiques-de-marketing-video-en-2015/feed/ HTTP/1.1" 200 412 "-" "Mozilla/5.0 (compatible; Barkrowler/0.9; +https://babbar.tech/crawler)"
198.54.114.83 - - [16/Apr/2025:02:21:24 -0400] "POST /wp-admin/admin-ajax.php?action=async_litespeed&nonce=6wIP37WmQJh67hbjdOFeNQqclrKPpF3D&litespeed_type=imgoptm HTTP/1.1" 200 0 "-" "WordPress/6.7.2; https://the80itspod.com"
217.113.194.224 - - [16/Apr/2025:02:21:40 -0400] "GET /navigating-the-search-for-a-chiropractor-near-me/feed/ HTTP/1.1" 200 413 "-" "Mozilla/5.0 (compatible; Barkrowler/0.9; +https://babbar.tech/crawler)"
217.113.194.253 - - [16/Apr/2025:02:21:58 -0400] "GET /the-best-womens-underwear-for-your-period/feed/ HTTP/1.1" 200 419 "-" "Mozilla/5.0 (compatible; Barkrowler/0.9; +https://babbar.tech/crawler)"
217.113.194.230 - - [16/Apr/2025:02:22:16 -0400] "GET /der-schlussel-zum-juristischen-erfolg/feed/ HTTP/1.1" 200 405 "-" "Mozilla/5.0 (compatible; Barkrowler/0.9; +https://babbar.tech/crawler)"
217.113.194.224 - - [16/Apr/2025:02:22:34 -0400] "GET /common-customer-complaints-8-examples-and/ HTTP/1.1" 200 85557 "-" "Mozilla/5.0 (compatible; Barkrowler/0.9; +https://babbar.tech/crawler)"
198.54.114.83 - - [16/Apr/2025:02:22:55 -0400] "POST /wp-cron.php?doing_wp_cron=1744784574.4239699840545654296875 HTTP/1.1" 200 0 "-" "WordPress/6.7.2; https://the80itspod.com"
217.113.194.223 - - [16/Apr/2025:02:22:52 -0400] "GET /travelling-to-the-gilis-islands-from-bali/feed/ HTTP/1.1" 200 408 "-" "Mozilla/5.0 (compatible; Barkrowler/0.9; +https://babbar.tech/crawler)"
54.36.149.103 - - [16/Apr/2025:02:23:12 -0400] "GET /page/32/ HTTP/1.1" 200 13166 "-" "Mozilla/5.0 (compatible; AhrefsBot/7.0; +http://ahrefs.com/robot/)"
217.113.194.229 - - [16/Apr/2025:02:23:12 -0400] "GET /accessible-entertainment-at-your-fingertips/feed/ HTTP/1.1" 200 401 "-" "Mozilla/5.0 (compatible; Barkrowler/0.9; +https://babbar.tech/crawler)"
66.249.79.66 - - [16/Apr/2025:02:23:19 -0400] "GET /robots.txt HTTP/1.1" 304 0 "-" "Mozilla/5.0 (compatible; Googlebot/2.1; +http://www.google.com/bot.html)"
110.249.202.91 - - [16/Apr/2025:02:23:18 -0400] "GET /page/19/ HTTP/1.1" 200 13219 "-" "Mozilla/5.0 (Linux; Android 5.0) AppleWebKit/537.36 (KHTML, like Gecko) Mobile Safari/537.36 (compatible; Bytespider; https://zhanzhang.toutiao.com/)"
66.249.79.66 - - [16/Apr/2025:02:23:19 -0400] "GET /how-to-turn-off-blue-alerts-on-an-iphone/feed/ HTTP/1.1" 200 417 "-" "Mozilla/5.0 (Linux; Android 6.0.1; Nexus 5X Build/MMB29P) AppleWebKit/537.36 (KHTML, like Gecko) Chrome/135.0.7049.84 Mobile Safari/537.36 (compatible; Googlebot/2.1; +http://www.google.com/bot.html)"
66.249.79.65 - - [16/Apr/2025:02:23:29 -0400] "GET /luxury-and-comfort-combined-with-limo-services-in-chicago/feed/ HTTP/1.1" 200 432 "-" "Mozilla/5.0 (Linux; Android 6.0.1; Nexus 5X Build/MMB29P) AppleWebKit/537.36 (KHTML, like Gecko) Chrome/135.0.7049.84 Mobile Safari/537.36 (compatible; Googlebot/2.1; +http://www.google.com/bot.html)"
217.113.194.222 - - [16/Apr/2025:02:23:31 -0400] "GET /lana-bar-the-perfect-place-to-celebrate/feed/ HTTP/1.1" 200 418 "-" "Mozilla/5.0 (compatible; Barkrowler/0.9; +https://babbar.tech/crawler)"
154.54.249.217 - - [16/Apr/2025:02:23:49 -0400] "GET /the-bonuses-system-in-online-gambling-sites/feed/ HTTP/1.1" 200 417 "-" "Mozilla/5.0 (compatible; Barkrowler/0.9; +https://babbar.tech/crawler)"
217.113.194.230 - - [16/Apr/2025:02:24:08 -0400] "GET /real-estate-photography-boosts-mls-listings/ HTTP/1.1" 200 13595 "-" "Mozilla/5.0 (compatible; Barkrowler/0.9; +https://babbar.tech/crawler)"
110.249.202.43 - - [16/Apr/2025:02:24:11 -0400] "GET /page/47/ HTTP/1.1" 200 13372 "-" "Mozilla/5.0 (Linux; Android 5.0) AppleWebKit/537.36 (KHTML, like Gecko) Mobile Safari/537.36 (compatible; Bytespider; https://zhanzhang.toutiao.com/)"
2a03:2880:f800:16:: - - [16/Apr/2025:02:24:15 -0400] "GET /wp-json/wp/v2/posts/210 HTTP/1.1" 200 15198 "-" "meta-externalagent/1.1 (+https://developers.facebook.com/docs/sharing/webmasters/crawler)"
217.113.194.224 - - [16/Apr/2025:02:24:26 -0400] "GET /understanding-the-instagram-account-freeze-link/feed/ HTTP/1.1" 200 415 "-" "Mozilla/5.0 (compatible; Barkrowler/0.9; +https://babbar.tech/crawler)"
110.249.202.18 - - [16/Apr/2025:02:24:32 -0400] "GET /category/about-us/page/4/ HTTP/1.1" 200 11202 "-" "Mozilla/5.0 (Linux; Android 5.0) AppleWebKit/537.36 (KHTML, like Gecko) Mobile Safari/537.36 (compatible; Bytespider; https://zhanzhang.toutiao.com/)"
217.113.194.229 - - [16/Apr/2025:02:24:43 -0400] "GET /understanding-fenbendazole-an-overview/feed/ HTTP/1.1" 200 400 "-" "Mozilla/5.0 (compatible; Barkrowler/0.9; +https://babbar.tech/crawler)"
154.54.249.217 - - [16/Apr/2025:02:25:01 -0400] "GET /lentor-hills-residences-parcel-a/feed/ HTTP/1.1" 200 397 "-" "Mozilla/5.0 (compatible; Barkrowler/0.9; +https://babbar.tech/crawler)"
66.249.79.73 - - [16/Apr/2025:02:25:09 -0400] "GET /robots.txt HTTP/1.1" 200 112 "-" "Mozilla/5.0 (compatible; Googlebot/2.1; +http://www.google.com/bot.html)"
66.249.79.71 - - [16/Apr/2025:02:25:09 -0400] "GET /hgh-for-sale-in-canada/feed/ HTTP/1.1" 200 390 "-" "Mozilla/5.0 (Linux; Android 6.0.1; Nexus 5X Build/MMB29P) AppleWebKit/537.36 (KHTML, like Gecko) Chrome/135.0.7049.84 Mobile Safari/537.36 (compatible; Googlebot/2.1; +http://www.google.com/bot.html)"
198.54.114.83 - - [16/Apr/2025:02:25:21 -0400] "POST /?wordfence_syncAttackData=1744784719.7569 HTTP/1.1" 200 0 "-" "WordPress/6.7.2; https://the80itspod.com"
217.113.194.223 - - [16/Apr/2025:02:25:19 -0400] "GET /best-cbd-oil-for-anxiety-uk/feed/ HTTP/1.1" 200 397 "-" "Mozilla/5.0 (compatible; Barkrowler/0.9; +https://babbar.tech/crawler)"
198.54.114.83 - - [16/Apr/2025:02:25:22 -0400] "POST /?wordfence_syncAttackData=1744784720.3112 HTTP/1.1" 200 0 "-" "WordPress/6.7.2; https://the80itspod.com"
198.54.114.83 - - [16/Apr/2025:02:25:25 -0400] "POST /?wordfence_syncAttackData=1744784723.2503 HTTP/1.1" 200 0 "-" "WordPress/6.7.2; https://the80itspod.com"
111.225.148.66 - - [16/Apr/2025:02:25:25 -0400] "GET /page/17/ HTTP/1.1" 200 13162 "-" "Mozilla/5.0 (Linux; Android 5.0) AppleWebKit/537.36 (KHTML, like Gecko) Mobile Safari/537.36 (compatible; Bytespider; https://zhanzhang.toutiao.com/)"
198.54.114.83 - - [16/Apr/2025:02:25:32 -0400] "POST /?wordfence_syncAttackData=1744784727.8299 HTTP/1.1" 200 0 "-" "WordPress/6.7.2; https://the80itspod.com"
217.113.194.228 - - [16/Apr/2025:02:25:41 -0400] "GET /tips-to-get-the-best-free-slots-online/feed/ HTTP/1.1" 200 410 "-" "Mozilla/5.0 (compatible; Barkrowler/0.9; +https://babbar.tech/crawler)"
198.54.114.83 - - [16/Apr/2025:02:25:42 -0400] "POST /?wordfence_syncAttackData=1744784737.7605 HTTP/1.1" 200 0 "-" "WordPress/6.7.2; https://the80itspod.com"
198.54.114.83 - - [16/Apr/2025:02:25:47 -0400] "POST /?wordfence_syncAttackData=1744784743.9783 HTTP/1.1" 200 0 "-" "WordPress/6.7.2; https://the80itspod.com"
110.249.201.75 - - [16/Apr/2025:02:25:49 -0400] "GET /page/43/ HTTP/1.1" 200 13093 "-" "Mozilla/5.0 (Linux; Android 5.0) AppleWebKit/537.36 (KHTML, like Gecko) Mobile Safari/537.36 (compatible; Bytespider; https://zhanzhang.toutiao.com/)"
54.36.149.8 - - [16/Apr/2025:02:25:49 -0400] "GET /the-fundamentals-of-video-merchandising/feed/ HTTP/1.1" 304 0 "-" "Mozilla/5.0 (compatible; AhrefsBot/7.0; +http://ahrefs.com/robot/)"
198.54.114.83 - - [16/Apr/2025:02:25:53 -0400] "POST /?wordfence_syncAttackData=1744784750.1482 HTTP/1.1" 200 0 "-" "WordPress/6.7.2; https://the80itspod.com"
198.54.114.83 - - [16/Apr/2025:02:25:54 -0400] "POST /?wordfence_syncAttackData=1744784751.6445 HTTP/1.1" 200 0 "-" "WordPress/6.7.2; https://the80itspod.com"
198.54.114.83 - - [16/Apr/2025:02:25:58 -0400] "POST /?wordfence_syncAttackData=1744784756.3335 HTTP/1.1" 200 0 "-" "WordPress/6.7.2; https://the80itspod.com"
217.113.194.227 - - [16/Apr/2025:02:25:58 -0400] "GET /tips-to-choose-the-right-overseas-travel-insurance/ HTTP/1.1" 200 12682 "-" "Mozilla/5.0 (compatible; Barkrowler/0.9; +https://babbar.tech/crawler)"
40.121.145.151 - - [16/Apr/2025:02:26:00 -0400] "GET /wp-admin/about.php HTTP/1.1" 302 0 "-" "-"
198.54.114.83 - - [16/Apr/2025:02:26:03 -0400] "POST /?wordfence_syncAttackData=1744784761.2609 HTTP/1.1" 200 0 "-" "WordPress/6.7.2; https://the80itspod.com"
198.54.114.83 - - [16/Apr/2025:02:26:07 -0400] "POST /?wordfence_syncAttackData=1744784766.3719 HTTP/1.1" 200 0 "-" "WordPress/6.7.2; https://the80itspod.com"
40.121.145.151 - - [16/Apr/2025:02:26:05 -0400] "GET /wp-login.php?redirect_to=https%3A%2F%2Fthe80itspod.com%2Fwp-admin%2Fabout.php&reauth=1 HTTP/1.1" 200 1761 "-" "-"
217.113.194.228 - - [16/Apr/2025:02:26:15 -0400] "GET /sophisticated-design-and-innovative-features/feed/ HTTP/1.1" 200 406 "-" "Mozilla/5.0 (compatible; Barkrowler/0.9; +https://babbar.tech/crawler)"
40.121.145.151 - - [16/Apr/2025:02:26:19 -0400] "GET /wp-admin/index.php HTTP/1.1" 302 0 "-" "-"
40.121.145.151 - - [16/Apr/2025:02:26:23 -0400] "GET /wp-login.php?redirect_to=https%3A%2F%2Fthe80itspod.com%2Fwp-admin%2Findex.php&reauth=1 HTTP/1.1" 200 1802 "-" "-"
217.113.194.229 - - [16/Apr/2025:02:26:35 -0400] "GET /robots.txt HTTP/1.1" 304 0 "-" "Mozilla/5.0 (compatible; Barkrowler/0.9; +https://babbar.tech/crawler)"
217.113.194.227 - - [16/Apr/2025:02:26:54 -0400] "GET /descubre-el-liquido-para-limpiar-plata/feed/ HTTP/1.1" 200 407 "-" "Mozilla/5.0 (compatible; Barkrowler/0.9; +https://babbar.tech/crawler)"
217.113.194.227 - - [16/Apr/2025:02:27:15 -0400] "GET /bridging-entertainment-and-conveniences/feed/ HTTP/1.1" 200 389 "-" "Mozilla/5.0 (compatible; Barkrowler/0.9; +https://babbar.tech/crawler)"
217.113.194.227 - - [16/Apr/2025:02:27:36 -0400] "GET /proper-handling-of-peptide-vials/feed/ HTTP/1.1" 200 398 "-" "Mozilla/5.0 (compatible; Barkrowler/0.9; +https://babbar.tech/crawler)"
154.54.249.217 - - [16/Apr/2025:02:27:54 -0400] "GET /improve-your-image-with-a-photo-cutout-service/ HTTP/1.1" 200 11672 "-" "Mozilla/5.0 (compatible; Barkrowler/0.9; +https://babbar.tech/crawler)"
40.121.145.151 - - [16/Apr/2025:02:27:55 -0400] "GET /wp-admin/themes.php HTTP/1.1" 302 0 "-" "-"
40.121.145.151 - - [16/Apr/2025:02:27:57 -0400] "GET /wp-login.php?redirect_to=https%3A%2F%2Fthe80itspod.com%2Fwp-admin%2Fthemes.php&reauth=1 HTTP/1.1" 200 1806 "-" "-"
217.113.194.229 - - [16/Apr/2025:02:28:11 -0400] "GET /what-makes-hill-house-condo-so-special/feed/ HTTP/1.1" 200 415 "-" "Mozilla/5.0 (compatible; Barkrowler/0.9; +https://babbar.tech/crawler)"
217.113.194.225 - - [16/Apr/2025:02:28:29 -0400] "GET /relaxation-and-rejuvenation-on-business-trips/feed/ HTTP/1.1" 200 400 "-" "Mozilla/5.0 (compatible; Barkrowler/0.9; +https://babbar.tech/crawler)"
54.36.148.192 - - [16/Apr/2025:02:28:29 -0400] "GET /20-youtube-stats-that-every-marketer-must-know/feed/ HTTP/1.1" 200 414 "-" "Mozilla/5.0 (compatible; AhrefsBot/7.0; +http://ahrefs.com/robot/)"
40.121.145.151 - - [16/Apr/2025:02:28:42 -0400] "GET /wp-admin/user/index.php HTTP/1.1" 302 0 "-" "-"
40.121.145.151 - - [16/Apr/2025:02:28:43 -0400] "GET /wp-login.php?redirect_to=https%3A%2F%2Fthe80itspod.com%2Fwp-admin%2Fuser%2Findex.php&reauth=1 HTTP/1.1" 200 1811 "-" "-"
217.113.194.229 - - [16/Apr/2025:02:28:46 -0400] "GET /exploring-the-charms-of-casas-en-manilva/ HTTP/1.1" 200 11714 "-" "Mozilla/5.0 (compatible; Barkrowler/0.9; +https://babbar.tech/crawler)"
101.32.32.171 - - [16/Apr/2025:02:28:54 -0400] "GET /finding-the-best-electrical-contractors-in-clearwater/ HTTP/1.1" 200 12386 "-" "Python/3.10 aiohttp/3.10.5"
154.54.249.217 - - [16/Apr/2025:02:29:05 -0400] "GET /cycling-gifts-for-cycling-lovers-this-christmas/feed/ HTTP/1.1" 200 412 "-" "Mozilla/5.0 (compatible; Barkrowler/0.9; +https://babbar.tech/crawler)"
217.113.194.230 - - [16/Apr/2025:02:29:24 -0400] "GET /negotiating-raise-negotiation-strategies/ HTTP/1.1" 200 11694 "-" "Mozilla/5.0 (compatible; Barkrowler/0.9; +https://babbar.tech/crawler)"
217.113.194.228 - - [16/Apr/2025:02:29:42 -0400] "GET /global-market-for-water-soluble-film/feed/ HTTP/1.1" 200 408 "-" "Mozilla/5.0 (compatible; Barkrowler/0.9; +https://babbar.tech/crawler)"
217.113.194.226 - - [16/Apr/2025:02:30:01 -0400] "GET /tips-on-how-to-stream-video-games/feed/ HTTP/1.1" 200 407 "-" "Mozilla/5.0 (compatible; Barkrowler/0.9; +https://babbar.tech/crawler)"
110.249.202.156 - - [16/Apr/2025:02:30:07 -0400] "GET /robots.txt HTTP/1.1" 304 0 "-" "Mozilla/5.0 (Linux; Android 5.0) AppleWebKit/537.36 (KHTML, like Gecko) Mobile Safari/537.36 (compatible; Bytespider; https://zhanzhang.toutiao.com/)"
154.54.249.217 - - [16/Apr/2025:02:30:21 -0400] "GET /techopedia-explains-youtube-premium/feed/ HTTP/1.1" 200 404 "-" "Mozilla/5.0 (compatible; Barkrowler/0.9; +https://babbar.tech/crawler)"
217.113.194.225 - - [16/Apr/2025:02:30:47 -0400] "GET /what-are-the-benefits-of-commercial-mediation/feed/ HTTP/1.1" 200 412 "-" "Mozilla/5.0 (compatible; Barkrowler/0.9; +https://babbar.tech/crawler)"
54.36.149.12 - - [16/Apr/2025:02:31:06 -0400] "GET /category/activity/page/41/ HTTP/1.1" 200 11264 "-" "Mozilla/5.0 (compatible; AhrefsBot/7.0; +http://ahrefs.com/robot/)"
40.121.145.151 - - [16/Apr/2025:02:31:08 -0400] "GET /wp-login.php?action=register HTTP/1.1" 302 0 "-" "-"
217.113.194.222 - - [16/Apr/2025:02:31:09 -0400] "GET /what-are-peptides-and-how-do-they-work/feed/ HTTP/1.1" 200 410 "-" "Mozilla/5.0 (compatible; Barkrowler/0.9; +https://babbar.tech/crawler)"
40.121.145.151 - - [16/Apr/2025:02:31:14 -0400] "GET /wp-login.php?registration=disabled HTTP/1.1" 200 1867 "-" "-"
217.113.194.222 - - [16/Apr/2025:02:31:30 -0400] "GET /opportunities-for-growth-through-part-time-jobs/feed/ HTTP/1.1" 200 420 "-" "Mozilla/5.0 (compatible; Barkrowler/0.9; +https://babbar.tech/crawler)"
217.113.194.222 - - [16/Apr/2025:02:31:47 -0400] "GET /blossoms-by-the-park-in-district-5/feed/ HTTP/1.1" 200 400 "-" "Mozilla/5.0 (compatible; Barkrowler/0.9; +https://babbar.tech/crawler)"
18.97.9.98 - - [16/Apr/2025:02:31:50 -0400] "GET /wednesday-addams-costume-shop/ HTTP/1.1" 200 11949 "-" "Mozilla/5.0 AppleWebKit/537.36 (KHTML, like Gecko; compatible; PerplexityBot/1.0; +https://perplexity.ai/perplexitybot)"
18.97.9.99 - - [16/Apr/2025:02:31:50 -0400] "GET /benefits-of-using-telephone-headsets/ HTTP/1.1" 200 11925 "-" "Mozilla/5.0 AppleWebKit/537.36 (KHTML, like Gecko; compatible; PerplexityBot/1.0; +https://perplexity.ai/perplexitybot)"
217.113.194.253 - - [16/Apr/2025:02:32:04 -0400] "GET /antioxidants-in-vita-glow-night-cream/feed/ HTTP/1.1" 200 408 "-" "Mozilla/5.0 (compatible; Barkrowler/0.9; +https://babbar.tech/crawler)"
217.113.194.228 - - [16/Apr/2025:02:32:22 -0400] "GET /add-screen-recording-on-iphone-integrating-features/feed/ HTTP/1.1" 200 421 "-" "Mozilla/5.0 (compatible; Barkrowler/0.9; +https://babbar.tech/crawler)"
85.208.96.211 - - [16/Apr/2025:02:32:35 -0400] "GET /the-ultimate-guide-to-culture-gift-certificate-discounts/ HTTP/1.1" 200 11970 "-" "Mozilla/5.0 (compatible; SemrushBot/7~bl; +http://www.semrush.com/bot.html)"
217.113.194.228 - - [16/Apr/2025:02:32:39 -0400] "GET /how-to-change-the-background-color-on-google-docs/feed/ HTTP/1.1" 200 411 "-" "Mozilla/5.0 (compatible; Barkrowler/0.9; +https://babbar.tech/crawler)"
111.225.148.30 - - [16/Apr/2025:02:32:42 -0400] "GET /page/55/ HTTP/1.1" 200 13287 "-" "Mozilla/5.0 (Linux; Android 5.0) AppleWebKit/537.36 (KHTML, like Gecko) Mobile Safari/537.36 (compatible; Bytespider; https://zhanzhang.toutiao.com/)"
111.225.148.30 - - [16/Apr/2025:02:32:47 -0400] "GET /wp-content/uploads/2023/11/Steam-How-to-Add-Friend.jpeg HTTP/1.1" 200 9362 "https://the80itspod.com/page/55/" "Mozilla/5.0 (Linux; Android 5.0) AppleWebKit/537.36 (KHTML, like Gecko) Mobile Safari/537.36 (compatible; Bytespider; https://zhanzhang.toutiao.com/)"
111.225.148.30 - - [16/Apr/2025:02:32:47 -0400] "GET /?wordfence_syncAttackData=1744785163.4919 HTTP/1.1" 200 0 "https://the80itspod.com/page/55/" "Mozilla/5.0 (Linux; Android 5.0) AppleWebKit/537.36 (KHTML, like Gecko) Mobile Safari/537.36 (compatible; Bytespider; https://zhanzhang.toutiao.com/)"
217.113.194.229 - - [16/Apr/2025:02:32:58 -0400] "GET /how-to-turn-off-web-guard-on-your-iphone/feed/ HTTP/1.1" 200 415 "-" "Mozilla/5.0 (compatible; Barkrowler/0.9; +https://babbar.tech/crawler)"
198.54.114.83 - - [16/Apr/2025:02:33:06 -0400] "POST /?wordfence_syncAttackData=1744785182.3848 HTTP/1.1" 200 0 "-" "WordPress/6.7.2; https://the80itspod.com"
198.54.114.83 - - [16/Apr/2025:02:33:09 -0400] "POST /?wordfence_syncAttackData=1744785187.7855 HTTP/1.1" 200 0 "-" "WordPress/6.7.2; https://the80itspod.com"
198.54.114.83 - - [16/Apr/2025:02:33:16 -0400] "POST /?wordfence_syncAttackData=1744785195.0813 HTTP/1.1" 200 0 "-" "WordPress/6.7.2; https://the80itspod.com"
217.113.194.229 - - [16/Apr/2025:02:33:17 -0400] "GET /how-to-turn-off-device-management-on-your-iphone/feed/ HTTP/1.1" 200 419 "-" "Mozilla/5.0 (compatible; Barkrowler/0.9; +https://babbar.tech/crawler)"
198.54.114.83 - - [16/Apr/2025:02:33:21 -0400] "POST /?wordfence_syncAttackData=1744785201.1073 HTTP/1.1" 200 0 "-" "WordPress/6.7.2; https://the80itspod.com"
198.54.114.83 - - [16/Apr/2025:02:33:21 -0400] "POST /?wordfence_syncAttackData=1744785201.2006 HTTP/1.1" 200 0 "-" "WordPress/6.7.2; https://the80itspod.com"
43.135.121.251 - - [16/Apr/2025:02:33:20 -0400] "GET /elevate-the-look-of-your-defender-with-a-defender-hard-tire-cover/ HTTP/1.1" 200 12997 "-" "Python/3.10 aiohttp/3.10.5"
217.113.194.253 - - [16/Apr/2025:02:33:35 -0400] "GET /how-to-turn-off-an-iphone-8-manually/feed/ HTTP/1.1" 200 410 "-" "Mozilla/5.0 (compatible; Barkrowler/0.9; +https://babbar.tech/crawler)"
198.54.114.83 - - [16/Apr/2025:02:33:36 -0400] "POST /?wordfence_syncAttackData=1744785215.2064 HTTP/1.1" 200 0 "-" "WordPress/6.7.2; https://the80itspod.com"
54.36.148.113 - - [16/Apr/2025:02:33:36 -0400] "GET /kratom-for-sale/feed/ HTTP/1.1" 304 0 "-" "Mozilla/5.0 (compatible; AhrefsBot/7.0; +http://ahrefs.com/robot/)"
198.54.114.83 - - [16/Apr/2025:02:33:42 -0400] "POST /?wordfence_syncAttackData=1744785220.7252 HTTP/1.1" 200 0 "-" "WordPress/6.7.2; https://the80itspod.com"
198.54.114.83 - - [16/Apr/2025:02:33:48 -0400] "POST /?wordfence_syncAttackData=1744785225.5523 HTTP/1.1" 200 0 "-" "WordPress/6.7.2; https://the80itspod.com"
102.129.130.117 - - [16/Apr/2025:02:33:51 -0400] "GET /wellness-am-ufer-des-gardasees/ HTTP/1.1" 200 11997 "-" "Mozilla/5.0 (Windows NT 6.1; U;WOW64; de;rv:11.0) Gecko Firefox/11.0"
217.113.194.222 - - [16/Apr/2025:02:33:53 -0400] "GET /how-to-turn-off-accessibility-shortcut-on-iphone/feed/ HTTP/1.1" 200 419 "-" "Mozilla/5.0 (compatible; Barkrowler/0.9; +https://babbar.tech/crawler)"
198.54.114.83 - - [16/Apr/2025:02:33:54 -0400] "POST /?wordfence_syncAttackData=1744785232.642 HTTP/1.1" 200 0 "-" "WordPress/6.7.2; https://the80itspod.com"
198.54.114.83 - - [16/Apr/2025:02:33:58 -0400] "POST /?wordfence_syncAttackData=1744785237.3293 HTTP/1.1" 200 0 "-" "WordPress/6.7.2; https://the80itspod.com"
198.54.114.83 - - [16/Apr/2025:02:34:12 -0400] "POST /?wordfence_syncAttackData=1744785249.3348 HTTP/1.1" 200 0 "-" "WordPress/6.7.2; https://the80itspod.com"
217.113.194.222 - - [16/Apr/2025:02:34:10 -0400] "GET /important-features-and-uses-of-centrifugal-pumps/ HTTP/1.1" 200 12368 "-" "Mozilla/5.0 (compatible; Barkrowler/0.9; +https://babbar.tech/crawler)"
198.54.114.83 - - [16/Apr/2025:02:34:13 -0400] "POST /?wordfence_syncAttackData=1744785250.6843 HTTP/1.1" 200 0 "-" "WordPress/6.7.2; https://the80itspod.com"
198.54.114.83 - - [16/Apr/2025:02:34:17 -0400] "POST /?wordfence_syncAttackData=1744785254.4578 HTTP/1.1" 200 0 "-" "WordPress/6.7.2; https://the80itspod.com"
198.54.114.83 - - [16/Apr/2025:02:34:23 -0400] "POST /?wordfence_syncAttackData=1744785260.3407 HTTP/1.1" 200 0 "-" "WordPress/6.7.2; https://the80itspod.com"
66.249.79.65 - - [16/Apr/2025:02:34:27 -0400] "GET /cycling-gifts-for-cycling-lovers-this-christmas/feed/ HTTP/1.1" 200 412 "-" "Mozilla/5.0 (Linux; Android 6.0.1; Nexus 5X Build/MMB29P) AppleWebKit/537.36 (KHTML, like Gecko) Chrome/135.0.7049.84 Mobile Safari/537.36 (compatible; Googlebot/2.1; +http://www.google.com/bot.html)"
198.54.114.83 - - [16/Apr/2025:02:34:28 -0400] "POST /?wordfence_syncAttackData=1744785265.8205 HTTP/1.1" 200 0 "-" "WordPress/6.7.2; https://the80itspod.com"
217.113.194.231 - - [16/Apr/2025:02:34:30 -0400] "GET /discovering-homes-for-sale-in-sonoma-ca/feed/ HTTP/1.1" 200 407 "-" "Mozilla/5.0 (compatible; Barkrowler/0.9; +https://babbar.tech/crawler)"
198.54.114.83 - - [16/Apr/2025:02:34:35 -0400] "POST /?wordfence_syncAttackData=1744785271.1369 HTTP/1.1" 200 0 "-" "WordPress/6.7.2; https://the80itspod.com"
198.54.114.83 - - [16/Apr/2025:02:34:35 -0400] "POST /?wordfence_syncAttackData=1744785271.508 HTTP/1.1" 200 0 "-" "WordPress/6.7.2; https://the80itspod.com"
198.54.114.83 - - [16/Apr/2025:02:34:42 -0400] "POST /?wordfence_syncAttackData=1744785279.8831 HTTP/1.1" 200 0 "-" "WordPress/6.7.2; https://the80itspod.com"
198.54.114.83 - - [16/Apr/2025:02:34:48 -0400] "POST /?wordfence_syncAttackData=1744785284.9396 HTTP/1.1" 200 0 "-" "WordPress/6.7.2; https://the80itspod.com"
198.54.114.83 - - [16/Apr/2025:02:34:55 -0400] "POST /?wordfence_syncAttackData=1744785290.6223 HTTP/1.1" 200 0 "-" "WordPress/6.7.2; https://the80itspod.com"
217.113.194.231 - - [16/Apr/2025:02:34:54 -0400] "GET /discover-the-magic-of-rainbow-riches-slot/feed/ HTTP/1.1" 200 409 "-" "Mozilla/5.0 (compatible; Barkrowler/0.9; +https://babbar.tech/crawler)"
198.54.114.83 - - [16/Apr/2025:02:34:58 -0400] "POST /?wordfence_syncAttackData=1744785294.4903 HTTP/1.1" 200 0 "-" "WordPress/6.7.2; https://the80itspod.com"
217.113.194.231 - - [16/Apr/2025:02:35:15 -0400] "GET /discover-the-elegance-of-midtown-modern-showflat/feed/ HTTP/1.1" 200 415 "-" "Mozilla/5.0 (compatible; Barkrowler/0.9; +https://babbar.tech/crawler)"
66.249.79.66 - - [16/Apr/2025:02:35:21 -0400] "GET /stress-relief-through-business-trip-massage/feed/ HTTP/1.1" 200 445 "-" "Mozilla/5.0 (Linux; Android 6.0.1; Nexus 5X Build/MMB29P) AppleWebKit/537.36 (KHTML, like Gecko) Chrome/135.0.7049.84 Mobile Safari/537.36 (compatible; Googlebot/2.1; +http://www.google.com/bot.html)"
217.113.194.227 - - [16/Apr/2025:02:35:37 -0400] "GET /a-journey-through-time-and-tranquility/feed/ HTTP/1.1" 200 406 "-" "Mozilla/5.0 (compatible; Barkrowler/0.9; +https://babbar.tech/crawler)"
217.113.194.228 - - [16/Apr/2025:02:35:56 -0400] "GET /katana-one-piece-les-lames-de-zoro/feed/ HTTP/1.1" 200 413 "-" "Mozilla/5.0 (compatible; Barkrowler/0.9; +https://babbar.tech/crawler)"
217.113.194.225 - - [16/Apr/2025:02:36:16 -0400] "GET /creative-bathroom-renovations-for-small-spaces/feed/ HTTP/1.1" 200 411 "-" "Mozilla/5.0 (compatible; Barkrowler/0.9; +https://babbar.tech/crawler)"
54.36.148.197 - - [16/Apr/2025:02:36:20 -0400] "GET /tunnel-freezers-and-programmable-thermostats/ HTTP/1.1" 200 12349 "-" "Mozilla/5.0 (compatible; AhrefsBot/7.0; +http://ahrefs.com/robot/)"
217.113.194.230 - - [16/Apr/2025:02:36:35 -0400] "GET /choosing-the-right-portable-fire-fighting-pump/feed/ HTTP/1.1" 200 420 "-" "Mozilla/5.0 (compatible; Barkrowler/0.9; +https://babbar.tech/crawler)"
198.54.114.83 - - [16/Apr/2025:02:36:38 -0400] "POST /wp-cron.php?doing_wp_cron=1744785396.2203779220581054687500 HTTP/1.1" 200 0 "-" "WordPress/6.7.2; https://the80itspod.com"
217.113.194.228 - - [16/Apr/2025:02:36:54 -0400] "GET /ein-weg-zu-neuem-wachstum/feed/ HTTP/1.1" 200 391 "-" "Mozilla/5.0 (compatible; Barkrowler/0.9; +https://babbar.tech/crawler)"
217.113.194.225 - - [16/Apr/2025:02:37:12 -0400] "GET /transformez-votre-salon-avec-des-housses-de-canape/ HTTP/1.1" 200 12559 "-" "Mozilla/5.0 (compatible; Barkrowler/0.9; +https://babbar.tech/crawler)"
91.84.98.204 - - [16/Apr/2025:02:37:15 -0400] "GET /advantages-of-factory-automation/ HTTP/1.1" 200 12288 "https://the80itspod.com/advantages-of-factory-automation/" "Mozilla/5.0 (Windows NT 10.0; Win64; x64) AppleWebKit/537.36 (KHTML, like Gecko) Chrome/131.0.0.0 Safari/537.36 Avast/131.0.0.0"
91.84.98.204 - - [16/Apr/2025:02:37:17 -0400] "POST /wp-comments-post.php HTTP/1.1" 302 0 "https://the80itspod.com/advantages-of-factory-automation/" "Mozilla/5.0 (Windows NT 10.0; Win64; x64) AppleWebKit/537.36 (KHTML, like Gecko) Chrome/131.0.0.0 Safari/537.36 Avast/131.0.0.0"
91.84.98.204 - - [16/Apr/2025:02:37:23 -0400] "GET /advantages-of-factory-automation/ HTTP/1.1" 200 13916 "https://the80itspod.com/advantages-of-factory-automation/#comment-51568" "Mozilla/5.0 (Windows NT 10.0; Win64; x64) AppleWebKit/537.36 (KHTML, like Gecko) Chrome/131.0.0.0 Safari/537.36 Avast/131.0.0.0"
217.113.194.253 - - [16/Apr/2025:02:37:29 -0400] "GET /rose-quartz-roller-are-they-worth-the-hype/feed/ HTTP/1.1" 200 428 "-" "Mozilla/5.0 (compatible; Barkrowler/0.9; +https://babbar.tech/crawler)"
217.113.194.222 - - [16/Apr/2025:02:37:47 -0400] "GET /how-businesses-can-use-ai-to-improve-their-business/feed/ HTTP/1.1" 200 420 "-" "Mozilla/5.0 (compatible; Barkrowler/0.9; +https://babbar.tech/crawler)"
114.119.128.26 - - [16/Apr/2025:02:37:55 -0400] "GET /sightseeing-in-melbourne-what-to-see/ HTTP/1.1" 200 13042 "https://the80itspod.com/page/89/?NA" "Mozilla/5.0 (Linux; Android 7.0;) AppleWebKit/537.36 (KHTML, like Gecko) Mobile Safari/537.36 (compatible; PetalBot;+https://webmaster.petalsearch.com/site/petalbot)"
66.249.79.65 - - [16/Apr/2025:02:38:03 -0400] "GET /the-best-cbd-products-uk/feed/ HTTP/1.1" 200 390 "-" "Mozilla/5.0 (Linux; Android 6.0.1; Nexus 5X Build/MMB29P) AppleWebKit/537.36 (KHTML, like Gecko) Chrome/135.0.7049.84 Mobile Safari/537.36 (compatible; Googlebot/2.1; +http://www.google.com/bot.html)"
217.113.194.224 - - [16/Apr/2025:02:38:06 -0400] "GET /honda-financial-services-customer-service-settlement/feed/ HTTP/1.1" 200 407 "-" "Mozilla/5.0 (compatible; Barkrowler/0.9; +https://babbar.tech/crawler)"
66.249.79.66 - - [16/Apr/2025:02:38:07 -0400] "GET /top-5-places-to-buy-youtube-watch-hours/feed/ HTTP/1.1" 200 417 "-" "Mozilla/5.0 (Linux; Android 6.0.1; Nexus 5X Build/MMB29P) AppleWebKit/537.36 (KHTML, like Gecko) Chrome/135.0.7049.84 Mobile Safari/537.36 (compatible; Googlebot/2.1; +http://www.google.com/bot.html)"
91.84.98.204 - - [16/Apr/2025:02:38:11 -0400] "GET /advantages-of-factory-automation/ HTTP/1.1" 200 12288 "https://the80itspod.com/advantages-of-factory-automation/" "Mozilla/5.0 (Windows NT 10.0; Win64; x64) AppleWebKit/537.36 (KHTML, like Gecko) Chrome/131.0.0.0 Safari/537.36"
91.84.98.204 - - [16/Apr/2025:02:38:13 -0400] "POST /wp-comments-post.php HTTP/1.1" 302 0 "https://the80itspod.com/advantages-of-factory-automation/" "Mozilla/5.0 (Windows NT 10.0; Win64; x64) AppleWebKit/537.36 (KHTML, like Gecko) Chrome/131.0.0.0 Safari/537.36"
91.84.98.204 - - [16/Apr/2025:02:38:16 -0400] "GET /advantages-of-factory-automation/ HTTP/1.1" 200 13883 "https://the80itspod.com/advantages-of-factory-automation/#comment-51569" "Mozilla/5.0 (Windows NT 10.0; Win64; x64) AppleWebKit/537.36 (KHTML, like Gecko) Chrome/131.0.0.0 Safari/537.36"
217.113.194.225 - - [16/Apr/2025:02:38:23 -0400] "GET /optimal-health-through-physiotherapy-in-auckland/feed/ HTTP/1.1" 200 416 "-" "Mozilla/5.0 (compatible; Barkrowler/0.9; +https://babbar.tech/crawler)"
217.113.194.229 - - [16/Apr/2025:02:38:41 -0400] "GET /turning-into-an-answer-for-your-clients-issues/feed/ HTTP/1.1" 200 421 "-" "Mozilla/5.0 (compatible; Barkrowler/0.9; +https://babbar.tech/crawler)"
217.113.194.225 - - [16/Apr/2025:02:38:58 -0400] "GET /une-experience-de-jeu-competitive-et-captivante/feed/ HTTP/1.1" 200 425 "-" "Mozilla/5.0 (compatible; Barkrowler/0.9; +https://babbar.tech/crawler)"
217.113.194.231 - - [16/Apr/2025:02:39:17 -0400] "GET /coupons-et-codes-promotionnels-pixeprint/feed/ HTTP/1.1" 200 401 "-" "Mozilla/5.0 (compatible; Barkrowler/0.9; +https://babbar.tech/crawler)"
114.119.128.26 - - [16/Apr/2025:02:39:20 -0400] "GET /page/83/?NA HTTP/1.1" 200 13291 "https://the80itspod.com/page/80/?NA" "Mozilla/5.0 (Linux; Android 7.0;) AppleWebKit/537.36 (KHTML, like Gecko) Mobile Safari/537.36 (compatible; PetalBot;+https://webmaster.petalsearch.com/site/petalbot)"
40.121.145.151 - - [16/Apr/2025:02:39:30 -0400] "GET /wp-admin/network/index.php HTTP/1.1" 302 0 "-" "-"
40.121.145.151 - - [16/Apr/2025:02:39:33 -0400] "GET /wp-login.php?redirect_to=https%3A%2F%2Fthe80itspod.com%2Fwp-admin%2Fnetwork%2Findex.php&reauth=1 HTTP/1.1" 200 1810 "-" "-"
217.113.194.225 - - [16/Apr/2025:02:39:37 -0400] "GET /the-pitfalls-of-buying-instagram-followers/feed/ HTTP/1.1" 200 406 "-" "Mozilla/5.0 (compatible; Barkrowler/0.9; +https://babbar.tech/crawler)"
217.113.194.224 - - [16/Apr/2025:02:39:58 -0400] "GET /the-evolution-of-mobile-game-downloads-in-2024/feed/ HTTP/1.1" 200 414 "-" "Mozilla/5.0 (compatible; Barkrowler/0.9; +https://babbar.tech/crawler)"
217.113.194.222 - - [16/Apr/2025:02:40:27 -0400] "GET /wearable-blanket-for-the-cold-af/feed/ HTTP/1.1" 200 400 "-" "Mozilla/5.0 (compatible; Barkrowler/0.9; +https://babbar.tech/crawler)"
129.226.128.49 - - [16/Apr/2025:02:40:25 -0400] "GET /bookmakers-near-me-open-now-sunday/ HTTP/1.1" 200 12440 "-" "Python/3.10 aiohttp/3.10.5"
217.113.194.224 - - [16/Apr/2025:02:40:49 -0400] "GET /find-a-decent-laser-tattoo-evacuation-facility/feed/ HTTP/1.1" 200 414 "-" "Mozilla/5.0 (compatible; Barkrowler/0.9; +https://babbar.tech/crawler)"
114.119.128.26 - - [16/Apr/2025:02:40:49 -0400] "GET /page/66/?SD HTTP/1.1" 200 13231 "https://the80itspod.com/page/64/?SD" "Mozilla/5.0 (Linux; Android 7.0;) AppleWebKit/537.36 (KHTML, like Gecko) Mobile Safari/537.36 (compatible; PetalBot;+https://webmaster.petalsearch.com/site/petalbot)"
54.36.148.255 - - [16/Apr/2025:02:41:14 -0400] "GET /dental-equipment-suppliers-in-the-uk/feed/ HTTP/1.1" 304 0 "-" "Mozilla/5.0 (compatible; AhrefsBot/7.0; +http://ahrefs.com/robot/)"
217.113.194.226 - - [16/Apr/2025:02:41:22 -0400] "GET /the-smart-way-to-purchase-youtube-subscribers/feed/ HTTP/1.1" 200 421 "-" "Mozilla/5.0 (compatible; Barkrowler/0.9; +https://babbar.tech/crawler)"
217.113.194.226 - - [16/Apr/2025:02:41:40 -0400] "GET /der-beste-scheidungsanwalt-in-hattingen/feed/ HTTP/1.1" 200 0 "-" "Mozilla/5.0 (compatible; Barkrowler/0.9; +https://babbar.tech/crawler)"
198.54.114.83 - - [16/Apr/2025:02:42:07 -0400] "POST /wp-cron.php?doing_wp_cron=1744785722.5647180080413818359375 HTTP/1.1" 200 0 "-" "WordPress/6.7.2; https://the80itspod.com"
114.119.149.108 - - [16/Apr/2025:02:42:07 -0400] "GET /devoilement-du-talent-artistique-enigmatique-un-voyage-dans-le-monde-des-magiciens/ HTTP/1.1" 200 13467 "https://the80itspod.com/le-ravageur-des-oiseaux-un-danger-pour-la-faune-aviaire/" "Mozilla/5.0 (Linux; Android 7.0;) AppleWebKit/537.36 (KHTML, like Gecko) Mobile Safari/537.36 (compatible; PetalBot;+https://webmaster.petalsearch.com/site/petalbot)"
18.97.9.97 - - [16/Apr/2025:02:42:49 -0400] "GET /how-do-quantum-healing-codes-work/ HTTP/1.1" 200 11713 "-" "Mozilla/5.0 AppleWebKit/537.36 (KHTML, like Gecko; compatible; PerplexityBot/1.0; +https://perplexity.ai/perplexitybot)"
114.119.140.170 - - [16/Apr/2025:02:43:34 -0400] "GET /custom-baseball-socks-with-logo/ HTTP/1.1" 200 12274 "https://the80itspod.com/category/activity/page/115/" "Mozilla/5.0 (Linux; Android 7.0;) AppleWebKit/537.36 (KHTML, like Gecko) Mobile Safari/537.36 (compatible; PetalBot;+https://webmaster.petalsearch.com/site/petalbot)"
54.36.148.221 - - [16/Apr/2025:02:43:40 -0400] "GET /wholesale-angel-figurines-and-cherubim-for-sale/feed/ HTTP/1.1" 304 0 "-" "Mozilla/5.0 (compatible; AhrefsBot/7.0; +http://ahrefs.com/robot/)"
198.54.114.83 - - [16/Apr/2025:02:43:49 -0400] "POST /wp-cron.php?doing_wp_cron=1744785823.9530820846557617187500 HTTP/1.1" 200 0 "-" "WordPress/6.7.2; https://the80itspod.com"
195.2.75.216 - - [16/Apr/2025:02:44:14 -0400] "GET /relx-electronic-cigarette/ HTTP/1.1" 200 12607 "https://the80itspod.com/relx-electronic-cigarette/#comment-24891/" "Mozilla/5.0 (Windows NT 10.0; Win64; x64) AppleWebKit/537.36 (KHTML, like Gecko) Chrome/131.0.0.0 Safari/537.36 Avast/131.0.0.0"
195.2.75.216 - - [16/Apr/2025:02:44:16 -0400] "GET /relx-electronic-cigarette/ HTTP/1.1" 200 12607 "https://the80itspod.com/relx-electronic-cigarette/#comment-24891/" "Mozilla/5.0 (Windows NT 10.0; Win64; x64) AppleWebKit/537.36 (KHTML, like Gecko) Chrome/130.0.0.0 Safari/537.36 CCleaner/130.0.0.0"
195.2.75.216 - - [16/Apr/2025:02:44:19 -0400] "POST /wp-comments-post.php HTTP/1.1" 429 982 "https://the80itspod.com/relx-electronic-cigarette/#comment-24891/" "Mozilla/5.0 (Windows NT 10.0; Win64; x64) AppleWebKit/537.36 (KHTML, like Gecko) Chrome/130.0.0.0 Safari/537.36 CCleaner/130.0.0.0"
195.2.75.216 - - [16/Apr/2025:02:44:16 -0400] "POST /wp-comments-post.php HTTP/1.1" 302 0 "https://the80itspod.com/relx-electronic-cigarette/#comment-24891/" "Mozilla/5.0 (Windows NT 10.0; Win64; x64) AppleWebKit/537.36 (KHTML, like Gecko) Chrome/131.0.0.0 Safari/537.36 Avast/131.0.0.0"
195.2.75.216 - - [16/Apr/2025:02:44:23 -0400] "GET /relx-electronic-cigarette/ HTTP/1.1" 200 17772 "https://the80itspod.com/relx-electronic-cigarette/#comment-51570" "Mozilla/5.0 (Windows NT 10.0; Win64; x64) AppleWebKit/537.36 (KHTML, like Gecko) Chrome/131.0.0.0 Safari/537.36 Avast/131.0.0.0"
198.54.114.83 - - [16/Apr/2025:02:44:53 -0400] "POST /wp-cron.php?doing_wp_cron=1744785892.5918018817901611328125 HTTP/1.1" 200 0 "-" "WordPress/6.7.2; https://the80itspod.com"
114.119.156.55 - - [16/Apr/2025:02:44:52 -0400] "GET /adhd-inattentive-type-how-it-differs-from-other-types-of-adhd/ HTTP/1.1" 200 12534 "https://the80itspod.com/category/activity/page/95/" "Mozilla/5.0 (Linux; Android 7.0;) AppleWebKit/537.36 (KHTML, like Gecko) Mobile Safari/537.36 (compatible; PetalBot;+https://webmaster.petalsearch.com/site/petalbot)"
198.54.114.83 - - [16/Apr/2025:02:44:56 -0400] "POST /wp-admin/admin-ajax.php?action=async_litespeed&nonce=N0FfislRJqe2WnbsqIAZdEdBDGMGeQvS&litespeed_type=imgoptm HTTP/1.1" 200 0 "-" "WordPress/6.7.2; https://the80itspod.com"
195.2.75.216 - - [16/Apr/2025:02:45:01 -0400] "GET /relx-electronic-cigarette/ HTTP/1.1" 200 12607 "https://the80itspod.com/relx-electronic-cigarette/#comment-24891/" "Mozilla/5.0 (Windows NT 10.0; Win64; x64) AppleWebKit/537.36 (KHTML, like Gecko) Chrome/130.0.0.0 Safari/537.36 CCleaner/130.0.0.0"
66.249.79.65 - - [16/Apr/2025:02:45:01 -0400] "GET /efforts-to-legalize-online-gambling-again-in-the-usa/feed/ HTTP/1.1" 200 426 "-" "Mozilla/5.0 (Linux; Android 6.0.1; Nexus 5X Build/MMB29P) AppleWebKit/537.36 (KHTML, like Gecko) Chrome/135.0.7049.84 Mobile Safari/537.36 (compatible; Googlebot/2.1; +http://www.google.com/bot.html)"
195.2.75.216 - - [16/Apr/2025:02:45:05 -0400] "POST /wp-comments-post.php HTTP/1.1" 302 0 "https://the80itspod.com/relx-electronic-cigarette/#comment-24891/" "Mozilla/5.0 (Windows NT 10.0; Win64; x64) AppleWebKit/537.36 (KHTML, like Gecko) Chrome/130.0.0.0 Safari/537.36 CCleaner/130.0.0.0"
195.2.75.216 - - [16/Apr/2025:02:45:11 -0400] "GET /relx-electronic-cigarette/ HTTP/1.1" 200 16297 "https://the80itspod.com/relx-electronic-cigarette/#comment-51571" "Mozilla/5.0 (Windows NT 10.0; Win64; x64) AppleWebKit/537.36 (KHTML, like Gecko) Chrome/130.0.0.0 Safari/537.36 CCleaner/130.0.0.0"
66.249.79.65 - - [16/Apr/2025:02:45:13 -0400] "GET /fenbendazole-as-a-potential-treatment-for-feline-cancer/feed/ HTTP/1.1" 200 426 "-" "Mozilla/5.0 (Linux; Android 6.0.1; Nexus 5X Build/MMB29P) AppleWebKit/537.36 (KHTML, like Gecko) Chrome/135.0.7049.84 Mobile Safari/537.36 (compatible; Googlebot/2.1; +http://www.google.com/bot.html)"
66.249.79.65 - - [16/Apr/2025:02:45:19 -0400] "GET /the-modern-solution-for-nursing-mothers/ HTTP/1.1" 200 11570 "-" "Mozilla/5.0 (Linux; Android 6.0.1; Nexus 5X Build/MMB29P) AppleWebKit/537.36 (KHTML, like Gecko) Chrome/135.0.7049.84 Mobile Safari/537.36 (compatible; Googlebot/2.1; +http://www.google.com/bot.html)"
198.54.114.83 - - [16/Apr/2025:02:45:22 -0400] "POST /wp-cron.php?doing_wp_cron=1744785920.2518050670623779296875 HTTP/1.1" 200 0 "-" "WordPress/6.7.2; https://the80itspod.com"
129.226.52.30 - - [16/Apr/2025:02:45:33 -0400] "GET /what-is-an-engagement-letter-in-auditing/ HTTP/1.1" 200 11616 "-" "Python/3.10 aiohttp/3.10.5"
85.208.98.16 - - [16/Apr/2025:02:45:59 -0400] "GET /small-business-loans-for-women-owned-businesses/ HTTP/1.1" 200 11793 "-" "Mozilla/5.0 (compatible; SemrushBot-BA; +http://www.semrush.com/bot.html)"
54.36.148.104 - - [16/Apr/2025:02:46:15 -0400] "GET /cache-level-3-and-early-learning-centres/ HTTP/1.1" 200 11812 "-" "Mozilla/5.0 (compatible; AhrefsBot/7.0; +http://ahrefs.com/robot/)"
111.225.149.112 - - [16/Apr/2025:02:47:48 -0400] "GET /page/52/ HTTP/1.1" 200 12999 "-" "Mozilla/5.0 (Linux; Android 5.0) AppleWebKit/537.36 (KHTML, like Gecko) Mobile Safari/537.36 (compatible; Bytespider; https://zhanzhang.toutiao.com/)"
110.249.202.101 - - [16/Apr/2025:02:48:39 -0400] "GET /page/58/ HTTP/1.1" 200 13189 "-" "Mozilla/5.0 (Linux; Android 5.0) AppleWebKit/537.36 (KHTML, like Gecko) Mobile Safari/537.36 (compatible; Bytespider; https://zhanzhang.toutiao.com/)"
110.249.202.101 - - [16/Apr/2025:02:48:44 -0400] "GET /wp-content/uploads/2023/11/Pokemon-Go-How-to-Get-Stardust.jpeg HTTP/1.1" 200 14580 "https://the80itspod.com/page/58/" "Mozilla/5.0 (Linux; Android 5.0) AppleWebKit/537.36 (KHTML, like Gecko) Mobile Safari/537.36 (compatible; Bytespider; https://zhanzhang.toutiao.com/)"
54.36.148.231 - - [16/Apr/2025:02:48:46 -0400] "GET /category/activity/page/26/ HTTP/1.1" 200 11143 "-" "Mozilla/5.0 (compatible; AhrefsBot/7.0; +http://ahrefs.com/robot/)"
85.208.98.17 - - [16/Apr/2025:02:49:37 -0400] "GET / HTTP/1.1" 200 13048 "-" "SEMrushBot"
185.245.106.236 - - [16/Apr/2025:02:49:40 -0400] "GET /common-customer-complaints-8-examples-and/ HTTP/1.1" 200 85557 "https://the80itspod.com/common-customer-complaints-8-examples-and/#comment-51202" "Mozilla/5.0 (Windows NT 6.2; Win64; x64) AppleWebKit/537.36 (KHTML, like Gecko) Chrome/103.0.0.0 Safari/537.36"
185.245.106.236 - - [16/Apr/2025:02:49:44 -0400] "POST /wp-comments-post.php HTTP/1.1" 302 0 "https://the80itspod.com/common-customer-complaints-8-examples-and/#comment-51202" "Mozilla/5.0 (Windows NT 6.2; Win64; x64) AppleWebKit/537.36 (KHTML, like Gecko) Chrome/103.0.0.0 Safari/537.36"
185.245.106.236 - - [16/Apr/2025:02:49:48 -0400] "GET /common-customer-complaints-8-examples-and/ HTTP/1.1" 200 86201 "https://the80itspod.com/common-customer-complaints-8-examples-and/#comment-51572" "Mozilla/5.0 (Windows NT 6.2; Win64; x64) AppleWebKit/537.36 (KHTML, like Gecko) Chrome/103.0.0.0 Safari/537.36"
54.36.148.210 - - [16/Apr/2025:02:51:08 -0400] "GET /orchard-sophia-a-sanctuary-in-the-heart-of-the-city/ HTTP/1.1" 200 12045 "-" "Mozilla/5.0 (compatible; AhrefsBot/7.0; +http://ahrefs.com/robot/)"
2a03:2880:f800:15:: - - [16/Apr/2025:02:51:49 -0400] "GET /wp-json/oembed/1.0/embed?url=https%3A%2F%2Fthe80itspod.com%2Fthe-forest-of-arden%2F HTTP/1.1" 200 2249 "-" "meta-externalagent/1.1 (+https://developers.facebook.com/docs/sharing/webmasters/crawler)"
54.36.148.198 - - [16/Apr/2025:02:53:24 -0400] "GET /tangkasnet-review/feed/ HTTP/1.1" 304 0 "-" "Mozilla/5.0 (compatible; AhrefsBot/7.0; +http://ahrefs.com/robot/)"
185.157.212.157 - - [16/Apr/2025:02:53:38 -0400] "GET /advantages-of-factory-automation/ HTTP/1.1" 200 12288 "-" "Mozilla/5.0 (Windows NT 10.0; Win64; x64; rv:114.0) Gecko/20100101 Firefox/114.0"
2a03:2880:f800:1c:: - - [16/Apr/2025:02:53:59 -0400] "GET /wp-json/oembed/1.0/embed?url=https%3A%2F%2Fthe80itspod.com%2Fprotegez-votre-entreprise-et-vos-investissements%2F HTTP/1.1" 200 2387 "-" "meta-externalagent/1.1 (+https://developers.facebook.com/docs/sharing/webmasters/crawler)"
198.54.114.83 - - [16/Apr/2025:02:54:02 -0400] "POST /wp-cron.php?doing_wp_cron=1744786440.7513139247894287109375 HTTP/1.1" 200 0 "-" "WordPress/6.7.2; https://the80itspod.com"
43.129.84.140 - - [16/Apr/2025:02:54:20 -0400] "GET /how-to-select-a-fire-fighting-water-pump/ HTTP/1.1" 200 11559 "-" "Python/3.10 aiohttp/3.10.5"
114.119.128.26 - - [16/Apr/2025:02:55:46 -0400] "GET /west-vancouver-remodeling-services/ HTTP/1.1" 200 11696 "https://the80itspod.com/page/33/" "Mozilla/5.0 (Linux; Android 7.0;) AppleWebKit/537.36 (KHTML, like Gecko) Mobile Safari/537.36 (compatible; PetalBot;+https://webmaster.petalsearch.com/site/petalbot)"
54.36.148.197 - - [16/Apr/2025:02:55:58 -0400] "GET /un-soutien-essentiel/feed/ HTTP/1.1" 304 0 "-" "Mozilla/5.0 (compatible; AhrefsBot/7.0; +http://ahrefs.com/robot/)"
86.96.28.240 - - [16/Apr/2025:02:57:40 -0400] "GET /relx-electronic-cigarette/ HTTP/1.1" 200 13760 "https://the80itspod.com/relx-electronic-cigarette/#comment-51573" "Mozilla/5.0 (Windows NT 10.0; Win64; x64) AppleWebKit/537.36 (KHTML, like Gecko) Chrome/131.0.0.0 Safari/537.36 Avast/131.0.0.0"
52.167.144.169 - - [16/Apr/2025:02:57:52 -0400] "GET /efficient-cold-chain-management-system-for-global-supply-chains/feed/ HTTP/1.1" 200 429 "-" "Mozilla/5.0 AppleWebKit/537.36 (KHTML, like Gecko; compatible; bingbot/2.0; +http://www.bing.com/bingbot.htm) Chrome/116.0.1938.76 Safari/537.36"
54.36.148.0 - - [16/Apr/2025:02:58:20 -0400] "GET /planning-a-dubai-yacht-party/ HTTP/1.1" 200 12424 "-" "Mozilla/5.0 (compatible; AhrefsBot/7.0; +http://ahrefs.com/robot/)"
93.183.93.19 - - [16/Apr/2025:02:58:24 -0400] "GET /advantages-of-factory-automation/ HTTP/1.1" 200 12288 "https://the80itspod.com/advantages-of-factory-automation/" "Mozilla/5.0 (Windows NT 10.0; Win64; x64) AppleWebKit/537.36 (KHTML, like Gecko) Chrome/129.0.0.0 Safari/537.36"
93.183.93.19 - - [16/Apr/2025:02:58:24 -0400] "GET /advantages-of-factory-automation/ HTTP/1.1" 200 12288 "https://the80itspod.com/advantages-of-factory-automation/" "Mozilla/5.0 (Windows NT 10.0; Win64; x64) AppleWebKit/537.36 (KHTML, like Gecko) Chrome/130.0.0.0 Safari/537.36"
198.54.114.83 - - [16/Apr/2025:02:58:29 -0400] "POST /wp-cron.php?doing_wp_cron=1744786707.7469289302825927734375 HTTP/1.1" 200 0 "-" "WordPress/6.7.2; https://the80itspod.com"
93.183.93.19 - - [16/Apr/2025:02:58:27 -0400] "POST /wp-comments-post.php HTTP/1.1" 429 982 "https://the80itspod.com/advantages-of-factory-automation/" "Mozilla/5.0 (Windows NT 10.0; Win64; x64) AppleWebKit/537.36 (KHTML, like Gecko) Chrome/130.0.0.0 Safari/537.36"
198.54.114.83 - - [16/Apr/2025:02:58:30 -0400] "POST /wp-cron.php?doing_wp_cron=1744786708.1017150878906250000000 HTTP/1.1" 200 0 "-" "WordPress/6.7.2; https://the80itspod.com"
93.183.93.19 - - [16/Apr/2025:02:58:27 -0400] "POST /wp-comments-post.php HTTP/1.1" 302 0 "https://the80itspod.com/advantages-of-factory-automation/" "Mozilla/5.0 (Windows NT 10.0; Win64; x64) AppleWebKit/537.36 (KHTML, like Gecko) Chrome/129.0.0.0 Safari/537.36"
93.183.93.19 - - [16/Apr/2025:02:58:31 -0400] "GET /advantages-of-factory-automation/ HTTP/1.1" 200 12288 "https://the80itspod.com/advantages-of-factory-automation/" "Mozilla/5.0 (Windows NT 10.0; Win64; x64) AppleWebKit/537.36 (KHTML, like Gecko) Chrome/130.0.0.0 Safari/537.36"
93.183.93.19 - - [16/Apr/2025:02:58:33 -0400] "GET /author/jorge/ HTTP/1.1" 301 0 "https://the80itspod.com/author/jorge/" "Mozilla/5.0 (Windows NT 10.0; Win64; x64) AppleWebKit/537.36 (KHTML, like Gecko) Chrome/130.0.0.0 Safari/537.36"
93.183.93.19 - - [16/Apr/2025:02:58:32 -0400] "GET /advantages-of-factory-automation/ HTTP/1.1" 200 13643 "https://the80itspod.com/advantages-of-factory-automation/#comment-51574" "Mozilla/5.0 (Windows NT 10.0; Win64; x64) AppleWebKit/537.36 (KHTML, like Gecko) Chrome/129.0.0.0 Safari/537.36"
129.226.128.109 - - [16/Apr/2025:02:59:53 -0400] "GET /michael-kors-bags-sales/ HTTP/1.1" 200 12567 "-" "Python/3.10 aiohttp/3.10.5"
2a03:2880:f800:: - - [16/Apr/2025:03:00:17 -0400] "GET /wp-json/oembed/1.0/embed?url=https%3A%2F%2Fthe80itspod.com%2Fnorcold-rv-fridges%2F HTTP/1.1" 200 2228 "-" "meta-externalagent/1.1 (+https://developers.facebook.com/docs/sharing/webmasters/crawler)"
2a03:2880:f800:: - - [16/Apr/2025:03:00:20 -0400] "GET /?p=229 HTTP/1.1" 301 0 "-" "meta-externalagent/1.1 (+https://developers.facebook.com/docs/sharing/webmasters/crawler)"
195.2.76.183 - - [16/Apr/2025:03:00:43 -0400] "GET /relx-electronic-cigarette/ HTTP/1.1" 200 12607 "https://the80itspod.com/relx-electronic-cigarette/" "Mozilla/5.0 (Windows NT 10.0; Win64; x64) AppleWebKit/537.36 (KHTML, like Gecko) Chrome/131.0.0.0 Safari/537.36"
198.54.114.83 - - [16/Apr/2025:03:00:49 -0400] "POST /wp-cron.php?doing_wp_cron=1744786846.8294370174407958984375 HTTP/1.1" 200 0 "-" "WordPress/6.7.2; https://the80itspod.com"
195.2.76.183 - - [16/Apr/2025:03:00:46 -0400] "POST /wp-comments-post.php HTTP/1.1" 302 0 "https://the80itspod.com/relx-electronic-cigarette/" "Mozilla/5.0 (Windows NT 10.0; Win64; x64) AppleWebKit/537.36 (KHTML, like Gecko) Chrome/131.0.0.0 Safari/537.36"
195.2.76.183 - - [16/Apr/2025:03:00:51 -0400] "GET /relx-electronic-cigarette/ HTTP/1.1" 200 13529 "https://the80itspod.com/relx-electronic-cigarette/#comment-51575" "Mozilla/5.0 (Windows NT 10.0; Win64; x64) AppleWebKit/537.36 (KHTML, like Gecko) Chrome/131.0.0.0 Safari/537.36"
54.36.149.59 - - [16/Apr/2025:03:01:16 -0400] "GET /sitemap_index.xml HTTP/1.1" 200 294 "-" "Mozilla/5.0 (compatible; AhrefsBot/7.0; +http://ahrefs.com/robot/)"
