196.251.81.56 - - [16/Apr/2025:01:13:30 -0400] "POST /wp-comments-post.php HTTP/1.1" 429 982 "https://the80itspod.com/building-the-path-to-becoming-a-successful-author/" "Mozilla/5.0 (X11; Ubuntu; Linux x86_64; rv:132.0) Gecko/20100101 Firefox/132.0"
196.251.81.56 - - [16/Apr/2025:01:13:30 -0400] "POST /wp-comments-post.php HTTP/1.1" 429 982 "https://the80itspod.com/common-customer-complaints-8-examples-and/" "Mozilla/5.0 (X11; Ubuntu; Linux x86_64; rv:132.0) Gecko/20100101 Firefox/132.0"
196.251.81.56 - - [16/Apr/2025:01:13:30 -0400] "POST /wp-comments-post.php HTTP/1.1" 302 0 "https://the80itspod.com/chiropractic-an-elective-help-with-discomfort-experience/" "Mozilla/5.0 (X11; Ubuntu; Linux x86_64; rv:132.0) Gecko/20100101 Firefox/132.0"
196.251.81.56 - - [16/Apr/2025:01:13:34 -0400] "POST /chiropractic-an-elective-help-with-discomfort-experience/ HTTP/1.1" 200 13160 "https://the80itspod.com/chiropractic-an-elective-help-with-discomfort-experience/" "Mozilla/5.0 (X11; Ubuntu; Linux x86_64; rv:132.0) Gecko/20100101 Firefox/132.0"
198.54.114.83 - - [16/Apr/2025:01:15:27 -0400] "POST /wp-admin/admin-ajax.php?action=async_litespeed&nonce=9xRlURbz7QliErnqglV3wo2Dj5gZ95vA&litespeed_type=imgoptm HTTP/1.1" 200 0 "-" "WordPress/6.7.2; https://the80itspod.com"
54.36.149.95 - - [16/Apr/2025:01:15:32 -0400] "GET /how-to-turn-on-nfc-on-iphone-xr/feed/ HTTP/1.1" 200 406 "-" "Mozilla/5.0 (compatible; AhrefsBot/7.0; +http://ahrefs.com/robot/)"
217.113.194.253 - - [16/Apr/2025:01:15:42 -0400] "GET /where-to-buy-tretinoin-online/feed/ HTTP/1.1" 200 392 "-" "Mozilla/5.0 (compatible; Barkrowler/0.9; +https://babbar.tech/crawler)"
154.54.249.217 - - [16/Apr/2025:01:16:01 -0400] "GET /conseils-pour-le-soin-des-gencives/ HTTP/1.1" 200 12048 "-" "Mozilla/5.0 (compatible; Barkrowler/0.9; +https://babbar.tech/crawler)"
198.54.114.83 - - [16/Apr/2025:01:16:21 -0400] "POST /wp-cron.php?doing_wp_cron=1744780580.9800689220428466796875 HTTP/1.1" 200 0 "-" "WordPress/6.7.2; https://the80itspod.com"
217.113.194.225 - - [16/Apr/2025:01:16:20 -0400] "GET /exploring-arina-east-residences/feed/ HTTP/1.1" 200 394 "-" "Mozilla/5.0 (compatible; Barkrowler/0.9; +https://babbar.tech/crawler)"
198.54.114.83 - - [16/Apr/2025:01:16:23 -0400] "POST /wp-admin/admin-ajax.php?action=async_litespeed&nonce=dNmZiO4yItbeZhjJyAsgDNCdtHw7PVgd&litespeed_type=imgoptm HTTP/1.1" 200 0 "-" "WordPress/6.7.2; https://the80itspod.com"
217.113.194.227 - - [16/Apr/2025:01:16:39 -0400] "GET /exploring-the-kassia-showflat/feed/ HTTP/1.1" 200 389 "-" "Mozilla/5.0 (compatible; Barkrowler/0.9; +https://babbar.tech/crawler)"
154.54.249.217 - - [16/Apr/2025:01:16:54 -0400] "GET /button-head-bolt-the-basics/feed/ HTTP/1.1" 200 405 "-" "Mozilla/5.0 (compatible; Barkrowler/0.9; +https://babbar.tech/crawler)"
217.113.194.223 - - [16/Apr/2025:01:17:12 -0400] "GET /the-power-of-part-time-employment/feed/ HTTP/1.1" 200 403 "-" "Mozilla/5.0 (compatible; Barkrowler/0.9; +https://babbar.tech/crawler)"
198.54.114.83 - - [16/Apr/2025:01:17:30 -0400] "POST /wp-cron.php?doing_wp_cron=1744780650.0091118812561035156250 HTTP/1.1" 200 0 "-" "WordPress/6.7.2; https://the80itspod.com"
217.113.194.223 - - [16/Apr/2025:01:17:29 -0400] "GET /cavity-wall-insulation-near-me/ HTTP/1.1" 200 11673 "-" "Mozilla/5.0 (compatible; Barkrowler/0.9; +https://babbar.tech/crawler)"
198.54.114.83 - - [16/Apr/2025:01:17:33 -0400] "POST /wp-admin/admin-ajax.php?action=async_litespeed&nonce=9Si9RoilOKnqQ5jQmzoPY2K5p2GBc7YN&litespeed_type=imgoptm HTTP/1.1" 200 0 "-" "WordPress/6.7.2; https://the80itspod.com"
217.113.194.224 - - [16/Apr/2025:01:17:47 -0400] "GET /ihr-schlussel-zum-erfolg/feed/ HTTP/1.1" 200 396 "-" "Mozilla/5.0 (compatible; Barkrowler/0.9; +https://babbar.tech/crawler)"
66.249.79.66 - - [16/Apr/2025:01:18:02 -0400] "GET /eine-kurze-geschichte-des-t-shirt-drucks/ HTTP/1.1" 200 12855 "-" "Mozilla/5.0 (Linux; Android 6.0.1; Nexus 5X Build/MMB29P) AppleWebKit/537.36 (KHTML, like Gecko) Chrome/135.0.7049.84 Mobile Safari/537.36 (compatible; Googlebot/2.1; +http://www.google.com/bot.html)"
217.113.194.226 - - [16/Apr/2025:01:18:04 -0400] "GET /comprehensive-healthcare-solutions/feed/ HTTP/1.1" 200 391 "-" "Mozilla/5.0 (compatible; Barkrowler/0.9; +https://babbar.tech/crawler)"
54.36.148.219 - - [16/Apr/2025:01:18:05 -0400] "GET /devoilement-du-talent-artistique-enigmatique-un-voyage-dans-le-monde-des-magiciens/ HTTP/1.1" 200 13467 "-" "Mozilla/5.0 (compatible; AhrefsBot/7.0; +http://ahrefs.com/robot/)"
217.113.194.227 - - [16/Apr/2025:01:18:21 -0400] "GET /top-5-playstation-5-games/feed/ HTTP/1.1" 200 387 "-" "Mozilla/5.0 (compatible; Barkrowler/0.9; +https://babbar.tech/crawler)"
198.54.114.83 - - [16/Apr/2025:01:18:40 -0400] "POST /wp-cron.php?doing_wp_cron=1744780719.1132249832153320312500 HTTP/1.1" 200 0 "-" "WordPress/6.7.2; https://the80itspod.com"
217.113.194.222 - - [16/Apr/2025:01:18:37 -0400] "GET /what-are-garment-finishing-services/feed/ HTTP/1.1" 200 398 "-" "Mozilla/5.0 (compatible; Barkrowler/0.9; +https://babbar.tech/crawler)"
217.113.194.225 - - [16/Apr/2025:01:18:56 -0400] "GET /deleting-a-bereal-account/feed/ HTTP/1.1" 200 398 "-" "Mozilla/5.0 (compatible; Barkrowler/0.9; +https://babbar.tech/crawler)"
18.97.9.99 - - [16/Apr/2025:01:19:09 -0400] "GET /what-is-a-tech-stack/ HTTP/1.1" 200 11720 "-" "Mozilla/5.0 AppleWebKit/537.36 (KHTML, like Gecko; compatible; PerplexityBot/1.0; +https://perplexity.ai/perplexitybot)"
217.113.194.225 - - [16/Apr/2025:01:19:13 -0400] "GET /17-ways-to-increase-your-youtube-views/feed/ HTTP/1.1" 200 413 "-" "Mozilla/5.0 (compatible; Barkrowler/0.9; +https://babbar.tech/crawler)"
18.97.9.97 - - [16/Apr/2025:01:19:19 -0400] "GET /a-review-of-a-youtube-video-downloader/ HTTP/1.1" 200 11764 "-" "Mozilla/5.0 AppleWebKit/537.36 (KHTML, like Gecko; compatible; PerplexityBot/1.0; +https://perplexity.ai/perplexitybot)"
18.97.9.100 - - [16/Apr/2025:01:19:19 -0400] "GET /the-risks-of-using-a-bitcoin-mixer/ HTTP/1.1" 200 13641 "-" "Mozilla/5.0 AppleWebKit/537.36 (KHTML, like Gecko; compatible; PerplexityBot/1.0; +https://perplexity.ai/perplexitybot)"
18.97.9.97 - - [16/Apr/2025:01:19:30 -0400] "GET /top-benefits-of-buying-real-youtube-views/ HTTP/1.1" 200 12336 "-" "Mozilla/5.0 AppleWebKit/537.36 (KHTML, like Gecko; compatible; PerplexityBot/1.0; +https://perplexity.ai/perplexitybot)"
18.97.9.97 - - [16/Apr/2025:01:19:33 -0400] "GET /how-to-promote-real-estate-listings/ HTTP/1.1" 200 11734 "-" "Mozilla/5.0 AppleWebKit/537.36 (KHTML, like Gecko; compatible; PerplexityBot/1.0; +https://perplexity.ai/perplexitybot)"
18.97.9.97 - - [16/Apr/2025:01:19:33 -0400] "GET /cash-on-delivery-online-sales-reporting/ HTTP/1.1" 200 11931 "-" "Mozilla/5.0 AppleWebKit/537.36 (KHTML, like Gecko; compatible; PerplexityBot/1.0; +https://perplexity.ai/perplexitybot)"
217.113.194.227 - - [16/Apr/2025:01:19:33 -0400] "GET /where-can-i-buy-youtube-subscribers/feed/ HTTP/1.1" 200 410 "-" "Mozilla/5.0 (compatible; Barkrowler/0.9; +https://babbar.tech/crawler)"
18.97.9.96 - - [16/Apr/2025:01:19:33 -0400] "GET /private-tour-nusa-penida-explore-the-natural-beauty-of-nusa-penida/ HTTP/1.1" 200 13493 "-" "Mozilla/5.0 AppleWebKit/537.36 (KHTML, like Gecko; compatible; PerplexityBot/1.0; +https://perplexity.ai/perplexitybot)"
18.97.9.96 - - [16/Apr/2025:01:19:38 -0400] "GET /buy-tiktok-buy-likes-and-views/ HTTP/1.1" 200 11796 "-" "Mozilla/5.0 AppleWebKit/537.36 (KHTML, like Gecko; compatible; PerplexityBot/1.0; +https://perplexity.ai/perplexitybot)"
18.97.9.100 - - [16/Apr/2025:01:19:38 -0400] "GET /how-dental-costs-work/ HTTP/1.1" 200 13327 "-" "Mozilla/5.0 AppleWebKit/537.36 (KHTML, like Gecko; compatible; PerplexityBot/1.0; +https://perplexity.ai/perplexitybot)"
18.97.9.98 - - [16/Apr/2025:01:19:38 -0400] "GET /les-avantages-de-faire-appel-a-un-serrurier-agree-a-las-vegas/ HTTP/1.1" 200 12344 "-" "Mozilla/5.0 AppleWebKit/537.36 (KHTML, like Gecko; compatible; PerplexityBot/1.0; +https://perplexity.ai/perplexitybot)"
18.97.9.96 - - [16/Apr/2025:01:19:42 -0400] "GET /rv-refrigerator-cooling-fans/ HTTP/1.1" 200 11662 "-" "Mozilla/5.0 AppleWebKit/537.36 (KHTML, like Gecko; compatible; PerplexityBot/1.0; +https://perplexity.ai/perplexitybot)"
18.97.9.96 - - [16/Apr/2025:01:19:44 -0400] "GET /how-to-open-a-company-in-singapore/ HTTP/1.1" 200 11705 "-" "Mozilla/5.0 AppleWebKit/537.36 (KHTML, like Gecko; compatible; PerplexityBot/1.0; +https://perplexity.ai/perplexitybot)"
18.97.9.100 - - [16/Apr/2025:01:19:47 -0400] "GET /20-youtube-stats-that-every-marketer-must-know/ HTTP/1.1" 200 12982 "-" "Mozilla/5.0 AppleWebKit/537.36 (KHTML, like Gecko; compatible; PerplexityBot/1.0; +https://perplexity.ai/perplexitybot)"
18.97.9.100 - - [16/Apr/2025:01:19:48 -0400] "GET /buy-youtube-views-for-less/ HTTP/1.1" 200 11890 "-" "Mozilla/5.0 AppleWebKit/537.36 (KHTML, like Gecko; compatible; PerplexityBot/1.0; +https://perplexity.ai/perplexitybot)"
198.54.114.83 - - [16/Apr/2025:01:19:49 -0400] "POST /wp-cron.php?doing_wp_cron=1744780787.8708560466766357421875 HTTP/1.1" 200 0 "-" "WordPress/6.7.2; https://the80itspod.com"
18.97.9.96 - - [16/Apr/2025:01:19:47 -0400] "GET /solar-based-spiritual-practices-or-surya-sadhana-its-technique-and-methodology/ HTTP/1.1" 200 13381 "-" "Mozilla/5.0 AppleWebKit/537.36 (KHTML, like Gecko; compatible; PerplexityBot/1.0; +https://perplexity.ai/perplexitybot)"
217.113.194.224 - - [16/Apr/2025:01:19:52 -0400] "GET /que-fait-un-commissaire-au-traitement/feed/ HTTP/1.1" 200 401 "-" "Mozilla/5.0 (compatible; Barkrowler/0.9; +https://babbar.tech/crawler)"
18.97.9.97 - - [16/Apr/2025:01:19:55 -0400] "GET /how-are-youtube-views-calculated/ HTTP/1.1" 200 11684 "-" "Mozilla/5.0 AppleWebKit/537.36 (KHTML, like Gecko; compatible; PerplexityBot/1.0; +https://perplexity.ai/perplexitybot)"
18.97.9.99 - - [16/Apr/2025:01:19:55 -0400] "GET /how-to-apply-thermal-paste-to-your-cpu/ HTTP/1.1" 200 11760 "-" "Mozilla/5.0 AppleWebKit/537.36 (KHTML, like Gecko; compatible; PerplexityBot/1.0; +https://perplexity.ai/perplexitybot)"
18.97.9.97 - - [16/Apr/2025:01:19:55 -0400] "GET /kratom-for-sale/ HTTP/1.1" 200 13456 "-" "Mozilla/5.0 AppleWebKit/537.36 (KHTML, like Gecko; compatible; PerplexityBot/1.0; +https://perplexity.ai/perplexitybot)"
18.97.9.100 - - [16/Apr/2025:01:20:01 -0400] "GET /buying-a-property-in-christchurch-after-the-earthquake/ HTTP/1.1" 200 12371 "-" "Mozilla/5.0 AppleWebKit/537.36 (KHTML, like Gecko; compatible; PerplexityBot/1.0; +https://perplexity.ai/perplexitybot)"
18.97.9.97 - - [16/Apr/2025:01:20:01 -0400] "GET /improve-your-image-with-a-photo-cutout-service/ HTTP/1.1" 200 11672 "-" "Mozilla/5.0 AppleWebKit/537.36 (KHTML, like Gecko; compatible; PerplexityBot/1.0; +https://perplexity.ai/perplexitybot)"
18.97.9.98 - - [16/Apr/2025:01:20:06 -0400] "GET /how-to-buy-youtube-views/ HTTP/1.1" 200 11827 "-" "Mozilla/5.0 AppleWebKit/537.36 (KHTML, like Gecko; compatible; PerplexityBot/1.0; +https://perplexity.ai/perplexitybot)"
18.97.9.98 - - [16/Apr/2025:01:20:08 -0400] "GET /what-is-a-bitcoin-mixer/ HTTP/1.1" 200 11687 "-" "Mozilla/5.0 AppleWebKit/537.36 (KHTML, like Gecko; compatible; PerplexityBot/1.0; +https://perplexity.ai/perplexitybot)"
18.97.9.98 - - [16/Apr/2025:01:20:09 -0400] "GET /sports-grip-socks/ HTTP/1.1" 200 11639 "-" "Mozilla/5.0 AppleWebKit/537.36 (KHTML, like Gecko; compatible; PerplexityBot/1.0; +https://perplexity.ai/perplexitybot)"
18.97.9.98 - - [16/Apr/2025:01:20:09 -0400] "GET /packs-de-vetements-ce-que-vous-devez-savoir-avant-de-les-obtenir/ HTTP/1.1" 200 13253 "-" "Mozilla/5.0 AppleWebKit/537.36 (KHTML, like Gecko; compatible; PerplexityBot/1.0; +https://perplexity.ai/perplexitybot)"
66.249.79.66 - - [16/Apr/2025:01:20:07 -0400] "GET /replacing-conservatory-roof-with-a-solid-roof/ HTTP/1.1" 200 12400 "-" "Mozilla/5.0 (Linux; Android 6.0.1; Nexus 5X Build/MMB29P) AppleWebKit/537.36 (KHTML, like Gecko) Chrome/135.0.7049.84 Mobile Safari/537.36 (compatible; Googlebot/2.1; +http://www.google.com/bot.html)"
18.97.9.98 - - [16/Apr/2025:01:20:08 -0400] "GET /why-businesses-need-the-services-of-a-commercial-locksmith/ HTTP/1.1" 200 11724 "-" "Mozilla/5.0 AppleWebKit/537.36 (KHTML, like Gecko; compatible; PerplexityBot/1.0; +https://perplexity.ai/perplexitybot)"
18.97.9.96 - - [16/Apr/2025:01:20:09 -0400] "GET /combat-sports-mma-punching-bag-gloves-review/ HTTP/1.1" 200 11724 "-" "Mozilla/5.0 AppleWebKit/537.36 (KHTML, like Gecko; compatible; PerplexityBot/1.0; +https://perplexity.ai/perplexitybot)"
217.113.194.226 - - [16/Apr/2025:01:20:10 -0400] "GET /top-boat-rental-cabo-companies/feed/ HTTP/1.1" 200 395 "-" "Mozilla/5.0 (compatible; Barkrowler/0.9; +https://babbar.tech/crawler)"
18.97.9.98 - - [16/Apr/2025:01:20:14 -0400] "GET /buy-youtube-views-non-drop/ HTTP/1.1" 200 11772 "-" "Mozilla/5.0 AppleWebKit/537.36 (KHTML, like Gecko; compatible; PerplexityBot/1.0; +https://perplexity.ai/perplexitybot)"
18.97.9.97 - - [16/Apr/2025:01:20:14 -0400] "GET /creative-handbags/ HTTP/1.1" 200 12111 "-" "Mozilla/5.0 AppleWebKit/537.36 (KHTML, like Gecko; compatible; PerplexityBot/1.0; +https://perplexity.ai/perplexitybot)"
18.97.9.100 - - [16/Apr/2025:01:20:14 -0400] "GET /property-la-duquesa/ HTTP/1.1" 200 11804 "-" "Mozilla/5.0 AppleWebKit/537.36 (KHTML, like Gecko; compatible; PerplexityBot/1.0; +https://perplexity.ai/perplexitybot)"
18.97.9.97 - - [16/Apr/2025:01:20:22 -0400] "GET /packs-de-planificateurs-quest-ce-quil-y-a-dans-le-design-cette-saison/ HTTP/1.1" 200 12786 "-" "Mozilla/5.0 AppleWebKit/537.36 (KHTML, like Gecko; compatible; PerplexityBot/1.0; +https://perplexity.ai/perplexitybot)"
18.97.9.99 - - [16/Apr/2025:01:20:22 -0400] "GET /back-and-joint-pain-reliever-oil-and-capsules/ HTTP/1.1" 200 12589 "-" "Mozilla/5.0 AppleWebKit/537.36 (KHTML, like Gecko; compatible; PerplexityBot/1.0; +https://perplexity.ai/perplexitybot)"
18.97.9.98 - - [16/Apr/2025:01:20:22 -0400] "GET /simple-disease-medicines-anybody-can-do/ HTTP/1.1" 200 12877 "-" "Mozilla/5.0 AppleWebKit/537.36 (KHTML, like Gecko; compatible; PerplexityBot/1.0; +https://perplexity.ai/perplexitybot)"
217.113.194.223 - - [16/Apr/2025:01:20:27 -0400] "GET /how-to-spot-a-fake-coach-bag/feed/ HTTP/1.1" 200 401 "-" "Mozilla/5.0 (compatible; Barkrowler/0.9; +https://babbar.tech/crawler)"
66.249.79.66 - - [16/Apr/2025:01:20:35 -0400] "GET /how-much-does-a-solid-roof-conservatory-cost/ HTTP/1.1" 200 12358 "-" "Mozilla/5.0 (Linux; Android 6.0.1; Nexus 5X Build/MMB29P) AppleWebKit/537.36 (KHTML, like Gecko) Chrome/135.0.7049.84 Mobile Safari/537.36 (compatible; Googlebot/2.1; +http://www.google.com/bot.html)"
18.97.9.99 - - [16/Apr/2025:01:20:39 -0400] "GET /vita-glow-night-cream-review/ HTTP/1.1" 200 11671 "-" "Mozilla/5.0 AppleWebKit/537.36 (KHTML, like Gecko; compatible; PerplexityBot/1.0; +https://perplexity.ai/perplexitybot)"
18.97.9.99 - - [16/Apr/2025:01:20:39 -0400] "GET /ithmid-eyeliner/ HTTP/1.1" 200 11632 "-" "Mozilla/5.0 AppleWebKit/537.36 (KHTML, like Gecko; compatible; PerplexityBot/1.0; +https://perplexity.ai/perplexitybot)"
18.97.9.98 - - [16/Apr/2025:01:20:39 -0400] "GET /where-to-buy-youtube-live-stream-views/ HTTP/1.1" 200 12225 "-" "Mozilla/5.0 AppleWebKit/537.36 (KHTML, like Gecko; compatible; PerplexityBot/1.0; +https://perplexity.ai/perplexitybot)"
54.36.148.219 - - [16/Apr/2025:01:20:43 -0400] "GET /how-to-turn-off-iphone-12pro-with-a-simple-gesture/feed/ HTTP/1.1" 304 0 "-" "Mozilla/5.0 (compatible; AhrefsBot/7.0; +http://ahrefs.com/robot/)"
217.113.194.231 - - [16/Apr/2025:01:20:46 -0400] "GET /how-to-take-sarm-properly/feed/ HTTP/1.1" 200 393 "-" "Mozilla/5.0 (compatible; Barkrowler/0.9; +https://babbar.tech/crawler)"
18.97.9.97 - - [16/Apr/2025:01:20:46 -0400] "GET /how-to-find-a-caregiver-near-me/ HTTP/1.1" 200 11754 "-" "Mozilla/5.0 AppleWebKit/537.36 (KHTML, like Gecko; compatible; PerplexityBot/1.0; +https://perplexity.ai/perplexitybot)"
18.97.9.99 - - [16/Apr/2025:01:20:52 -0400] "GET /a-career-in-voice-acting/ HTTP/1.1" 200 11634 "-" "Mozilla/5.0 AppleWebKit/537.36 (KHTML, like Gecko; compatible; PerplexityBot/1.0; +https://perplexity.ai/perplexitybot)"
18.97.9.98 - - [16/Apr/2025:01:20:52 -0400] "GET /vintage-turkish-rugs/ HTTP/1.1" 200 11733 "-" "Mozilla/5.0 AppleWebKit/537.36 (KHTML, like Gecko; compatible; PerplexityBot/1.0; +https://perplexity.ai/perplexitybot)"
18.97.9.96 - - [16/Apr/2025:01:20:53 -0400] "GET /types-danesthesie-dentaire/ HTTP/1.1" 200 12119 "-" "Mozilla/5.0 AppleWebKit/537.36 (KHTML, like Gecko; compatible; PerplexityBot/1.0; +https://perplexity.ai/perplexitybot)"
198.54.114.83 - - [16/Apr/2025:01:20:53 -0400] "POST /wp-cron.php?doing_wp_cron=1744780852.3897950649261474609375 HTTP/1.1" 200 0 "-" "WordPress/6.7.2; https://the80itspod.com"
18.97.9.99 - - [16/Apr/2025:01:20:52 -0400] "GET /voraussetzungen-fur-eine-karriere-als-steuerberater/ HTTP/1.1" 200 12986 "-" "Mozilla/5.0 AppleWebKit/537.36 (KHTML, like Gecko; compatible; PerplexityBot/1.0; +https://perplexity.ai/perplexitybot)"
18.97.9.97 - - [16/Apr/2025:01:20:56 -0400] "GET /options-danesthesie-dentaire/ HTTP/1.1" 200 11981 "-" "Mozilla/5.0 AppleWebKit/537.36 (KHTML, like Gecko; compatible; PerplexityBot/1.0; +https://perplexity.ai/perplexitybot)"
18.97.9.98 - - [16/Apr/2025:01:20:58 -0400] "GET /glow-products-for-partying-in-a-unique-idea/ HTTP/1.1" 200 12120 "-" "Mozilla/5.0 AppleWebKit/537.36 (KHTML, like Gecko; compatible; PerplexityBot/1.0; +https://perplexity.ai/perplexitybot)"
18.97.9.100 - - [16/Apr/2025:01:20:58 -0400] "GET /rent-a-car-at-skopje-airport/ HTTP/1.1" 200 13450 "-" "Mozilla/5.0 AppleWebKit/537.36 (KHTML, like Gecko; compatible; PerplexityBot/1.0; +https://perplexity.ai/perplexitybot)"
18.97.9.96 - - [16/Apr/2025:01:21:01 -0400] "GET /buy-tiktok-saves-and-shares/ HTTP/1.1" 200 11742 "-" "Mozilla/5.0 AppleWebKit/537.36 (KHTML, like Gecko; compatible; PerplexityBot/1.0; +https://perplexity.ai/perplexitybot)"
18.97.9.96 - - [16/Apr/2025:01:21:03 -0400] "GET /how-to-buy-a-business-with-no-money-down/ HTTP/1.1" 200 11689 "-" "Mozilla/5.0 AppleWebKit/537.36 (KHTML, like Gecko; compatible; PerplexityBot/1.0; +https://perplexity.ai/perplexitybot)"
18.97.9.100 - - [16/Apr/2025:01:21:04 -0400] "GET /how-to-choose-the-best-personal-loan-singapore/ HTTP/1.1" 200 11702 "-" "Mozilla/5.0 AppleWebKit/537.36 (KHTML, like Gecko; compatible; PerplexityBot/1.0; +https://perplexity.ai/perplexitybot)"
217.113.194.230 - - [16/Apr/2025:01:21:02 -0400] "GET /how-to-shop-michael-kors-handbag-sales/feed/ HTTP/1.1" 200 405 "-" "Mozilla/5.0 (compatible; Barkrowler/0.9; +https://babbar.tech/crawler)"
18.97.9.98 - - [16/Apr/2025:01:21:03 -0400] "GET /real-time-utility-monitoring-empowering-stakeholders-to-take-data-driven-action/ HTTP/1.1" 200 11859 "-" "Mozilla/5.0 AppleWebKit/537.36 (KHTML, like Gecko; compatible; PerplexityBot/1.0; +https://perplexity.ai/perplexitybot)"
18.97.9.98 - - [16/Apr/2025:01:21:04 -0400] "GET /jet-ski-rentals-in-florida/ HTTP/1.1" 200 11699 "-" "Mozilla/5.0 AppleWebKit/537.36 (KHTML, like Gecko; compatible; PerplexityBot/1.0; +https://perplexity.ai/perplexitybot)"
208.109.27.194 - - [16/Apr/2025:01:21:05 -0400] "GET /wp-login.php HTTP/1.1" 200 1760 "http://the80itspod.com" "Mozilla/5.0 (Macintosh; Intel Mac OS X 10_15_7) AppleWebKit/537.36 (KHTML, like Gecko) Chrome/116.0.5845.96 Safari/537.36"
18.97.9.99 - - [16/Apr/2025:01:21:08 -0400] "GET /buying-a-full-kitchen-cabinet-set/ HTTP/1.1" 200 11754 "-" "Mozilla/5.0 AppleWebKit/537.36 (KHTML, like Gecko; compatible; PerplexityBot/1.0; +https://perplexity.ai/perplexitybot)"
18.97.9.99 - - [16/Apr/2025:01:21:16 -0400] "GET /hoodies-for-stitch-fans/ HTTP/1.1" 200 11500 "-" "Mozilla/5.0 AppleWebKit/537.36 (KHTML, like Gecko; compatible; PerplexityBot/1.0; +https://perplexity.ai/perplexitybot)"
18.97.9.98 - - [16/Apr/2025:01:21:16 -0400] "GET /how-to-choose-an-advertising-company/ HTTP/1.1" 200 11619 "-" "Mozilla/5.0 AppleWebKit/537.36 (KHTML, like Gecko; compatible; PerplexityBot/1.0; +https://perplexity.ai/perplexitybot)"
18.97.9.100 - - [16/Apr/2025:01:21:16 -0400] "GET /the-helms-row-back-muscle-workout/ HTTP/1.1" 200 11643 "-" "Mozilla/5.0 AppleWebKit/537.36 (KHTML, like Gecko; compatible; PerplexityBot/1.0; +https://perplexity.ai/perplexitybot)"
18.97.9.99 - - [16/Apr/2025:01:21:16 -0400] "GET /how-to-find-the-best-betting-money-sites/ HTTP/1.1" 200 11876 "-" "Mozilla/5.0 AppleWebKit/537.36 (KHTML, like Gecko; compatible; PerplexityBot/1.0; +https://perplexity.ai/perplexitybot)"
18.97.9.96 - - [16/Apr/2025:01:21:20 -0400] "GET /conseils-pour-le-soin-des-gencives/ HTTP/1.1" 200 12048 "-" "Mozilla/5.0 AppleWebKit/537.36 (KHTML, like Gecko; compatible; PerplexityBot/1.0; +https://perplexity.ai/perplexitybot)"
217.113.194.229 - - [16/Apr/2025:01:21:20 -0400] "GET /how-to-create-custom-socks-with-logos/feed/ HTTP/1.1" 200 406 "-" "Mozilla/5.0 (compatible; Barkrowler/0.9; +https://babbar.tech/crawler)"
18.97.9.100 - - [16/Apr/2025:01:21:23 -0400] "GET /best-mini-blender/ HTTP/1.1" 200 11766 "-" "Mozilla/5.0 AppleWebKit/537.36 (KHTML, like Gecko; compatible; PerplexityBot/1.0; +https://perplexity.ai/perplexitybot)"
18.97.9.99 - - [16/Apr/2025:01:21:23 -0400] "GET /real-estate-photography-boosts-mls-listings/ HTTP/1.1" 200 13595 "-" "Mozilla/5.0 AppleWebKit/537.36 (KHTML, like Gecko; compatible; PerplexityBot/1.0; +https://perplexity.ai/perplexitybot)"
18.97.9.99 - - [16/Apr/2025:01:21:24 -0400] "GET /valworx-explosion-proof-stainless-steel-flange-valves/ HTTP/1.1" 200 11472 "-" "Mozilla/5.0 AppleWebKit/537.36 (KHTML, like Gecko; compatible; PerplexityBot/1.0; +https://perplexity.ai/perplexitybot)"
18.97.9.98 - - [16/Apr/2025:01:21:25 -0400] "GET /amir-bar-lev-is-a-family-and-divorce-lawyer-in-private-practice/ HTTP/1.1" 301 0 "-" "Mozilla/5.0 AppleWebKit/537.36 (KHTML, like Gecko; compatible; PerplexityBot/1.0; +https://perplexity.ai/perplexitybot)"
18.97.9.98 - - [16/Apr/2025:01:21:28 -0400] "GET /family-divorce-lawyers/ HTTP/1.1" 200 11672 "-" "Mozilla/5.0 AppleWebKit/537.36 (KHTML, like Gecko; compatible; PerplexityBot/1.0; +https://perplexity.ai/perplexitybot)"
18.97.9.98 - - [16/Apr/2025:01:21:29 -0400] "GET /the-dewine-administration-improves-warrant-filing-efficiency-with-ewarrants/ HTTP/1.1" 200 11838 "-" "Mozilla/5.0 AppleWebKit/537.36 (KHTML, like Gecko; compatible; PerplexityBot/1.0; +https://perplexity.ai/perplexitybot)"
18.97.9.98 - - [16/Apr/2025:01:21:29 -0400] "GET /what-makes-a-bad-dad-jokes/ HTTP/1.1" 200 11866 "-" "Mozilla/5.0 AppleWebKit/537.36 (KHTML, like Gecko; compatible; PerplexityBot/1.0; +https://perplexity.ai/perplexitybot)"
18.97.9.96 - - [16/Apr/2025:01:21:29 -0400] "GET /ma-prime-adapt-2024/ HTTP/1.1" 200 11939 "-" "Mozilla/5.0 AppleWebKit/537.36 (KHTML, like Gecko; compatible; PerplexityBot/1.0; +https://perplexity.ai/perplexitybot)"
18.97.9.97 - - [16/Apr/2025:01:21:34 -0400] "GET /the-new-national-health-insurance-phone-service/ HTTP/1.1" 200 13375 "-" "Mozilla/5.0 AppleWebKit/537.36 (KHTML, like Gecko; compatible; PerplexityBot/1.0; +https://perplexity.ai/perplexitybot)"
47.79.193.46 - - [16/Apr/2025:01:21:41 -0400] "GET / HTTP/1.1" 200 13048 "https://www.google.com/" "Mozilla/5.0 (Windows NT 10.0; Win64; x64) AppleWebKit/537.36 (KHTML, like Gecko) Chrome/132.0.0.0 Safari/537.36"
217.113.194.225 - - [16/Apr/2025:01:21:41 -0400] "GET /how-to-evaluate-yugioh-trading-cards/feed/ HTTP/1.1" 200 405 "-" "Mozilla/5.0 (compatible; Barkrowler/0.9; +https://babbar.tech/crawler)"
18.97.9.97 - - [16/Apr/2025:01:21:42 -0400] "GET /cache-level-3-courses/ HTTP/1.1" 200 11622 "-" "Mozilla/5.0 AppleWebKit/537.36 (KHTML, like Gecko; compatible; PerplexityBot/1.0; +https://perplexity.ai/perplexitybot)"
18.97.9.96 - - [16/Apr/2025:01:21:42 -0400] "GET /what-makes-a-bad-dad-joke/ HTTP/1.1" 200 11796 "-" "Mozilla/5.0 AppleWebKit/537.36 (KHTML, like Gecko; compatible; PerplexityBot/1.0; +https://perplexity.ai/perplexitybot)"
198.54.114.83 - - [16/Apr/2025:01:21:57 -0400] "POST /wp-cron.php?doing_wp_cron=1744780915.5169799327850341796875 HTTP/1.1" 200 0 "-" "WordPress/6.7.2; https://the80itspod.com"
18.97.9.99 - - [16/Apr/2025:01:21:55 -0400] "GET /coupons-et-codes-promotionnels-pixeprint/ HTTP/1.1" 200 12201 "-" "Mozilla/5.0 AppleWebKit/537.36 (KHTML, like Gecko; compatible; PerplexityBot/1.0; +https://perplexity.ai/perplexitybot)"
18.97.9.98 - - [16/Apr/2025:01:21:58 -0400] "GET /in-home-nursing-care-toronto/ HTTP/1.1" 200 12381 "-" "Mozilla/5.0 AppleWebKit/537.36 (KHTML, like Gecko; compatible; PerplexityBot/1.0; +https://perplexity.ai/perplexitybot)"
217.113.194.223 - - [16/Apr/2025:01:21:58 -0400] "GET /how-to-buy-tretinoin-properly/ HTTP/1.1" 200 11485 "-" "Mozilla/5.0 (compatible; Barkrowler/0.9; +https://babbar.tech/crawler)"
45.93.184.12 - - [16/Apr/2025:01:22:04 -0400] "GET /so-erhalten-sie-einen-immobilienkredit/ HTTP/1.1" 200 12938 "-" "Mozilla/5.0 (Macintosh; Intel Mac OS X 10_5_8) AppleWebKit/535.19 (KHTML, like Gecko) Chrome/18.0.1025.151 Safari/535.19"
217.113.194.231 - - [16/Apr/2025:01:22:16 -0400] "GET /the-basics-of-puppy-insurance/feed/ HTTP/1.1" 200 396 "-" "Mozilla/5.0 (compatible; Barkrowler/0.9; +https://babbar.tech/crawler)"
217.113.194.230 - - [16/Apr/2025:01:22:35 -0400] "GET /boat-rentals-in-flathead-lake/feed/ HTTP/1.1" 200 396 "-" "Mozilla/5.0 (compatible; Barkrowler/0.9; +https://babbar.tech/crawler)"
18.97.9.98 - - [16/Apr/2025:01:22:38 -0400] "GET /negotiating-raise-negotiation-strategies/ HTTP/1.1" 200 11694 "-" "Mozilla/5.0 AppleWebKit/537.36 (KHTML, like Gecko; compatible; PerplexityBot/1.0; +https://perplexity.ai/perplexitybot)"
217.113.194.225 - - [16/Apr/2025:01:22:53 -0400] "GET /jet-ski-rentals-in-florida/feed/ HTTP/1.1" 200 390 "-" "Mozilla/5.0 (compatible; Barkrowler/0.9; +https://babbar.tech/crawler)"
217.113.194.229 - - [16/Apr/2025:01:23:11 -0400] "GET /the-modern-solution-for-nursing-mothers/feed/ HTTP/1.1" 200 408 "-" "Mozilla/5.0 (compatible; Barkrowler/0.9; +https://babbar.tech/crawler)"
198.54.114.83 - - [16/Apr/2025:01:23:14 -0400] "POST /wp-cron.php?doing_wp_cron=1744780992.2190411090850830078125 HTTP/1.1" 200 0 "-" "WordPress/6.7.2; https://the80itspod.com"
66.249.79.66 - - [16/Apr/2025:01:23:23 -0400] "GET /vegan-beauty-products/ HTTP/1.1" 200 12552 "-" "Mozilla/5.0 (Linux; Android 6.0.1; Nexus 5X Build/MMB29P) AppleWebKit/537.36 (KHTML, like Gecko) Chrome/135.0.7049.84 Mobile Safari/537.36 (compatible; Googlebot/2.1; +http://www.google.com/bot.html)"
217.113.194.225 - - [16/Apr/2025:01:23:30 -0400] "GET /choosing-a-high-precision-balance/feed/ HTTP/1.1" 200 396 "-" "Mozilla/5.0 (compatible; Barkrowler/0.9; +https://babbar.tech/crawler)"
54.36.148.249 - - [16/Apr/2025:01:23:43 -0400] "GET /den-perfekten-hochzeitsfotografen-finden/feed/ HTTP/1.1" 304 0 "-" "Mozilla/5.0 (compatible; AhrefsBot/7.0; +http://ahrefs.com/robot/)"
217.113.194.253 - - [16/Apr/2025:01:23:47 -0400] "GET /choosing-riveting-machinery/feed/ HTTP/1.1" 200 387 "-" "Mozilla/5.0 (compatible; Barkrowler/0.9; +https://babbar.tech/crawler)"
217.113.194.231 - - [16/Apr/2025:01:24:07 -0400] "GET /5-unique-1st-anniversary-gifts/feed/ HTTP/1.1" 200 397 "-" "Mozilla/5.0 (compatible; Barkrowler/0.9; +https://babbar.tech/crawler)"
217.113.194.230 - - [16/Apr/2025:01:24:25 -0400] "GET /the-dangers-of-face-filters/feed/ HTTP/1.1" 200 392 "-" "Mozilla/5.0 (compatible; Barkrowler/0.9; +https://babbar.tech/crawler)"
198.54.114.83 - - [16/Apr/2025:01:24:28 -0400] "POST /wp-cron.php?doing_wp_cron=1744781066.0663580894470214843750 HTTP/1.1" 200 0 "-" "WordPress/6.7.2; https://the80itspod.com"
217.113.194.222 - - [16/Apr/2025:01:24:45 -0400] "GET /how-are-youtube-views-calculated/feed/ HTTP/1.1" 200 403 "-" "Mozilla/5.0 (compatible; Barkrowler/0.9; +https://babbar.tech/crawler)"
66.249.79.65 - - [16/Apr/2025:01:25:00 -0400] "GET /used-bugatti-for-sale/ HTTP/1.1" 200 11793 "-" "Mozilla/5.0 (Linux; Android 6.0.1; Nexus 5X Build/MMB29P) AppleWebKit/537.36 (KHTML, like Gecko) Chrome/135.0.7049.84 Mobile Safari/537.36 (compatible; Googlebot/2.1; +http://www.google.com/bot.html)"
217.113.194.226 - - [16/Apr/2025:01:25:04 -0400] "GET /how-a-katana-sword-is-made/feed/ HTTP/1.1" 200 389 "-" "Mozilla/5.0 (compatible; Barkrowler/0.9; +https://babbar.tech/crawler)"
217.113.194.230 - - [16/Apr/2025:01:25:24 -0400] "GET /a-career-in-voice-acting/feed/ HTTP/1.1" 200 392 "-" "Mozilla/5.0 (compatible; Barkrowler/0.9; +https://babbar.tech/crawler)"
217.113.194.228 - - [16/Apr/2025:01:25:41 -0400] "GET /the-ppr-fittings-manufacturer/feed/ HTTP/1.1" 200 394 "-" "Mozilla/5.0 (compatible; Barkrowler/0.9; +https://babbar.tech/crawler)"
198.54.114.83 - - [16/Apr/2025:01:25:43 -0400] "POST /wp-cron.php?doing_wp_cron=1744781141.6154639720916748046875 HTTP/1.1" 200 0 "-" "WordPress/6.7.2; https://the80itspod.com"
2a03:2880:f800:13:: - - [16/Apr/2025:01:25:40 -0400] "GET /wp-json/oembed/1.0/embed?url=https%3A%2F%2Fthe80itspod.com%2Frevolutionizing-casino-solution-distribution-a-paradigm-shift-in-the-gaming-industry%2F HTTP/1.1" 200 2573 "-" "meta-externalagent/1.1 (+https://developers.facebook.com/docs/sharing/webmasters/crawler)"
89.248.172.183 - - [16/Apr/2025:01:25:48 -0400] "GET /wp-content/plugins/instant-appointment/assets/css/bootstrap-icons.min.css HTTP/1.1" 404 8116 "-" "Mozilla/5.0 (Windows NT 10.0; Win64; x64) AppleWebKit/537.36 (KHTML, like Gecko) Chrome/122.0.0.0 Safari/537.36"
217.113.194.222 - - [16/Apr/2025:01:26:00 -0400] "GET /the-exciting-world-of-online-casinos/feed/ HTTP/1.1" 200 403 "-" "Mozilla/5.0 (compatible; Barkrowler/0.9; +https://babbar.tech/crawler)"
54.36.148.158 - - [16/Apr/2025:01:26:10 -0400] "GET /how-to-turn-off-wi-fi-assist-on-iphone-6/feed/ HTTP/1.1" 304 0 "-" "Mozilla/5.0 (compatible; AhrefsBot/7.0; +http://ahrefs.com/robot/)"
217.113.194.222 - - [16/Apr/2025:01:26:19 -0400] "GET /the-story-of-joo-chiat/feed/ HTTP/1.1" 200 390 "-" "Mozilla/5.0 (compatible; Barkrowler/0.9; +https://babbar.tech/crawler)"
217.113.194.222 - - [16/Apr/2025:01:26:38 -0400] "GET /buy-youtube-views-online-non-drop/ HTTP/1.1" 200 11838 "-" "Mozilla/5.0 (compatible; Barkrowler/0.9; +https://babbar.tech/crawler)"
217.113.194.226 - - [16/Apr/2025:01:26:55 -0400] "GET /buy-youtube-views-online-non-drop/feed/ HTTP/1.1" 200 405 "-" "Mozilla/5.0 (compatible; Barkrowler/0.9; +https://babbar.tech/crawler)"
198.54.114.83 - - [16/Apr/2025:01:26:58 -0400] "POST /wp-cron.php?doing_wp_cron=1744781216.1593201160430908203125 HTTP/1.1" 200 0 "-" "WordPress/6.7.2; https://the80itspod.com"
154.54.249.217 - - [16/Apr/2025:01:27:15 -0400] "GET /a-modern-tool-for-connectivity/feed/ HTTP/1.1" 200 394 "-" "Mozilla/5.0 (compatible; Barkrowler/0.9; +https://babbar.tech/crawler)"
119.28.15.73 - - [16/Apr/2025:01:27:33 -0400] "GET /choosing-the-right-home-care-company-for-your-elderly-loved-one/ HTTP/1.1" 200 11836 "-" "Python/3.10 aiohttp/3.10.5"
217.113.194.227 - - [16/Apr/2025:01:27:33 -0400] "GET /a-modern-entertainment-phenomenon/feed/ HTTP/1.1" 200 385 "-" "Mozilla/5.0 (compatible; Barkrowler/0.9; +https://babbar.tech/crawler)"
217.113.194.229 - - [16/Apr/2025:01:27:50 -0400] "GET /why-you-need-a-commercial-locksmith/feed/ HTTP/1.1" 200 402 "-" "Mozilla/5.0 (compatible; Barkrowler/0.9; +https://babbar.tech/crawler)"
198.54.114.83 - - [16/Apr/2025:01:28:10 -0400] "POST /wp-cron.php?doing_wp_cron=1744781289.1443810462951660156250 HTTP/1.1" 200 0 "-" "WordPress/6.7.2; https://the80itspod.com"
217.113.194.253 - - [16/Apr/2025:01:28:08 -0400] "GET /the-benefits-of-personal-training/feed/ HTTP/1.1" 200 394 "-" "Mozilla/5.0 (compatible; Barkrowler/0.9; +https://babbar.tech/crawler)"
217.113.194.226 - - [16/Apr/2025:01:28:27 -0400] "GET /houston-plumbing-supply-store/feed/ HTTP/1.1" 200 394 "-" "Mozilla/5.0 (compatible; Barkrowler/0.9; +https://babbar.tech/crawler)"
54.36.149.72 - - [16/Apr/2025:01:28:28 -0400] "GET /hillock-green-a-harmonic-symphony-of-nature-luxury-and-community/ HTTP/1.1" 200 12068 "-" "Mozilla/5.0 (compatible; AhrefsBot/7.0; +http://ahrefs.com/robot/)"
217.113.194.229 - - [16/Apr/2025:01:28:45 -0400] "GET /wednesday-addams-costume-shop/feed/ HTTP/1.1" 200 391 "-" "Mozilla/5.0 (compatible; Barkrowler/0.9; +https://babbar.tech/crawler)"
217.113.194.226 - - [16/Apr/2025:01:29:04 -0400] "GET /se-ressourcer-a-travers-le-fasting/ HTTP/1.1" 200 11863 "-" "Mozilla/5.0 (compatible; Barkrowler/0.9; +https://babbar.tech/crawler)"
217.113.194.231 - - [16/Apr/2025:01:29:21 -0400] "GET /junk-car-removal-cape-coral/ HTTP/1.1" 200 11795 "-" "Mozilla/5.0 (compatible; Barkrowler/0.9; +https://babbar.tech/crawler)"
85.208.96.209 - - [16/Apr/2025:01:29:22 -0400] "GET /how-to-unblock-people-on-spotify-like-a-pro/ HTTP/1.1" 200 14321 "-" "Mozilla/5.0 (compatible; SemrushBot/7~bl; +http://www.semrush.com/bot.html)"
198.54.114.83 - - [16/Apr/2025:01:29:39 -0400] "POST /wp-cron.php?doing_wp_cron=1744781378.4682610034942626953125 HTTP/1.1" 200 0 "-" "WordPress/6.7.2; https://the80itspod.com"
217.113.194.225 - - [16/Apr/2025:01:29:37 -0400] "GET /chauffeur-car-melbourne-airport/feed/ HTTP/1.1" 200 395 "-" "Mozilla/5.0 (compatible; Barkrowler/0.9; +https://babbar.tech/crawler)"
198.54.114.83 - - [16/Apr/2025:01:29:40 -0400] "POST /wp-admin/admin-ajax.php?action=async_litespeed&nonce=Ve6fOtfI9XSKAn1HHYTCEMliuhj2F2p7&litespeed_type=imgoptm HTTP/1.1" 200 0 "-" "WordPress/6.7.2; https://the80itspod.com"
185.191.171.13 - - [16/Apr/2025:01:29:51 -0400] "GET /tips-to-consider-while-picking-another-home-roof/ HTTP/1.1" 200 12432 "-" "Mozilla/5.0 (compatible; SemrushBot/7~bl; +http://www.semrush.com/bot.html)"
154.54.249.217 - - [16/Apr/2025:01:29:55 -0400] "GET /unveiling-the-best-silver-cleaner/feed/ HTTP/1.1" 200 399 "-" "Mozilla/5.0 (compatible; Barkrowler/0.9; +https://babbar.tech/crawler)"
217.113.194.229 - - [16/Apr/2025:01:30:13 -0400] "GET /unmatched-quality-and-style/feed/ HTTP/1.1" 200 390 "-" "Mozilla/5.0 (compatible; Barkrowler/0.9; +https://babbar.tech/crawler)"
198.54.114.83 - - [16/Apr/2025:01:30:31 -0400] "POST /wp-cron.php?doing_wp_cron=1744781430.8522520065307617187500 HTTP/1.1" 200 0 "-" "WordPress/6.7.2; https://the80itspod.com"
217.113.194.229 - - [16/Apr/2025:01:30:30 -0400] "GET /untouched-natural-beauty/feed/ HTTP/1.1" 200 384 "-" "Mozilla/5.0 (compatible; Barkrowler/0.9; +https://babbar.tech/crawler)"
198.54.114.83 - - [16/Apr/2025:01:30:32 -0400] "POST /wp-admin/admin-ajax.php?action=async_litespeed&nonce=5ouelMQV9GIx49Bolb4d4qgJKmVsSzhp&litespeed_type=imgoptm HTTP/1.1" 200 5 "-" "WordPress/6.7.2; https://the80itspod.com"
43.129.84.140 - - [16/Apr/2025:01:30:41 -0400] "GET /what-is-a-retail-marketing-agency/ HTTP/1.1" 200 11654 "-" "Python/3.10 aiohttp/3.10.5"
217.113.194.231 - - [16/Apr/2025:01:30:48 -0400] "GET /real-estate-investing-for-beginners/feed/ HTTP/1.1" 200 399 "-" "Mozilla/5.0 (compatible; Barkrowler/0.9; +https://babbar.tech/crawler)"
54.36.148.123 - - [16/Apr/2025:01:30:57 -0400] "GET /how-to-turn-toggle-off-on-iphone/feed/ HTTP/1.1" 200 405 "-" "Mozilla/5.0 (compatible; AhrefsBot/7.0; +http://ahrefs.com/robot/)"
217.113.194.227 - - [16/Apr/2025:01:31:05 -0400] "GET /buying-a-full-kitchen-cabinet-set/feed/ HTTP/1.1" 200 403 "-" "Mozilla/5.0 (compatible; Barkrowler/0.9; +https://babbar.tech/crawler)"
217.113.194.231 - - [16/Apr/2025:01:31:23 -0400] "GET /aba-therapy-for-kids-in-dubai/ HTTP/1.1" 200 11727 "-" "Mozilla/5.0 (compatible; Barkrowler/0.9; +https://babbar.tech/crawler)"
66.249.79.67 - - [16/Apr/2025:01:31:23 -0400] "GET /why-you-need-a-commercial-locksmith/ HTTP/1.1" 200 12199 "-" "Mozilla/5.0 (Linux; Android 6.0.1; Nexus 5X Build/MMB29P) AppleWebKit/537.36 (KHTML, like Gecko) Chrome/135.0.7049.84 Mobile Safari/537.36 (compatible; Googlebot/2.1; +http://www.google.com/bot.html)"
198.54.114.83 - - [16/Apr/2025:01:31:42 -0400] "POST /wp-cron.php?doing_wp_cron=1744781501.1737871170043945312500 HTTP/1.1" 200 0 "-" "WordPress/6.7.2; https://the80itspod.com"
217.113.194.224 - - [16/Apr/2025:01:31:38 -0400] "GET /aba-therapy-for-kids-in-dubai/feed/ HTTP/1.1" 200 402 "-" "Mozilla/5.0 (compatible; Barkrowler/0.9; +https://babbar.tech/crawler)"
217.113.194.253 - - [16/Apr/2025:01:31:58 -0400] "GET /betting-shop-closing-times-near-me/feed/ HTTP/1.1" 200 405 "-" "Mozilla/5.0 (compatible; Barkrowler/0.9; +https://babbar.tech/crawler)"
150.109.40.196 - - [16/Apr/2025:01:32:05 -0400] "GET /grand-dunman-a-new-condo-development-in-tanjong-katong/ HTTP/1.1" 200 12573 "-" "Python/3.10 aiohttp/3.10.5"
217.113.194.223 - - [16/Apr/2025:01:32:16 -0400] "GET /the-truth-about-composite-doors/feed/ HTTP/1.1" 200 399 "-" "Mozilla/5.0 (compatible; Barkrowler/0.9; +https://babbar.tech/crawler)"
66.249.79.67 - - [16/Apr/2025:01:32:22 -0400] "GET /tips-to-get-the-best-free-slots-online/ HTTP/1.1" 200 12026 "-" "Mozilla/5.0 (Linux; Android 6.0.1; Nexus 5X Build/MMB29P) AppleWebKit/537.36 (KHTML, like Gecko) Chrome/135.0.7049.84 Mobile Safari/537.36 (compatible; Googlebot/2.1; +http://www.google.com/bot.html)"
217.113.194.253 - - [16/Apr/2025:01:32:35 -0400] "GET /care-of-the-physically-abused-child/feed/ HTTP/1.1" 200 399 "-" "Mozilla/5.0 (compatible; Barkrowler/0.9; +https://babbar.tech/crawler)"
217.113.194.225 - - [16/Apr/2025:01:32:53 -0400] "GET /what-to-do-on-a-bali-family-holiday/feed/ HTTP/1.1" 200 408 "-" "Mozilla/5.0 (compatible; Barkrowler/0.9; +https://babbar.tech/crawler)"
198.54.114.83 - - [16/Apr/2025:01:33:11 -0400] "POST /wp-cron.php?doing_wp_cron=1744781590.6176869869232177734375 HTTP/1.1" 200 0 "-" "WordPress/6.7.2; https://the80itspod.com"
217.113.194.224 - - [16/Apr/2025:01:33:09 -0400] "GET /the-importance-of-law-tutoring/feed/ HTTP/1.1" 200 397 "-" "Mozilla/5.0 (compatible; Barkrowler/0.9; +https://babbar.tech/crawler)"
217.113.194.231 - - [16/Apr/2025:01:33:27 -0400] "GET /center-parcs-ostseekreuzfahrten/feed/ HTTP/1.1" 200 390 "-" "Mozilla/5.0 (compatible; Barkrowler/0.9; +https://babbar.tech/crawler)"
114.119.128.26 - - [16/Apr/2025:01:33:27 -0400] "GET /what-to-look-for-in-a-vegan-face-wash/ HTTP/1.1" 200 12385 "https://the80itspod.com/category/activity/page/102/" "Mozilla/5.0 (Linux; Android 7.0;) AppleWebKit/537.36 (KHTML, like Gecko) Mobile Safari/537.36 (compatible; PetalBot;+https://webmaster.petalsearch.com/site/petalbot)"
54.36.148.170 - - [16/Apr/2025:01:33:37 -0400] "GET /how-to-turn-iphone-xs-on-and-off-using-the-side-button/feed/ HTTP/1.1" 200 437 "-" "Mozilla/5.0 (compatible; AhrefsBot/7.0; +http://ahrefs.com/robot/)"
217.113.194.229 - - [16/Apr/2025:01:33:45 -0400] "GET /curly-hairdresser-melbourne/feed/ HTTP/1.1" 200 390 "-" "Mozilla/5.0 (compatible; Barkrowler/0.9; +https://babbar.tech/crawler)"
217.113.194.222 - - [16/Apr/2025:01:34:01 -0400] "GET /exploring-the-thrills-of-online-casinos/feed/ HTTP/1.1" 200 403 "-" "Mozilla/5.0 (compatible; Barkrowler/0.9; +https://babbar.tech/crawler)"
18.97.9.175 - - [16/Apr/2025:01:34:18 -0400] "GET /2025/03/ HTTP/1.1" 301 0 "-" "CCBot/2.0 (https://commoncrawl.org/faq/)"
18.97.9.175 - - [16/Apr/2025:01:34:18 -0400] "GET / HTTP/1.1" 200 13048 "-" "CCBot/2.0 (https://commoncrawl.org/faq/)"
217.113.194.225 - - [16/Apr/2025:01:34:19 -0400] "GET /take-an-online-real-estate-investing-class/ HTTP/1.1" 200 12486 "-" "Mozilla/5.0 (compatible; Barkrowler/0.9; +https://babbar.tech/crawler)"
198.54.114.83 - - [16/Apr/2025:01:34:41 -0400] "POST /wp-cron.php?doing_wp_cron=1744781681.4373030662536621093750 HTTP/1.1" 200 0 "-" "WordPress/6.7.2; https://the80itspod.com"
198.54.114.83 - - [16/Apr/2025:01:34:43 -0400] "POST /wp-admin/admin-ajax.php?action=async_litespeed&nonce=ZGrsZh08G0CzbFxjKTAEZkxoYzHrQW3l&litespeed_type=imgoptm HTTP/1.1" 200 0 "-" "WordPress/6.7.2; https://the80itspod.com"
217.113.194.228 - - [16/Apr/2025:01:34:35 -0400] "GET /the-power-of-on-demand-gpus/feed/ HTTP/1.1" 200 396 "-" "Mozilla/5.0 (compatible; Barkrowler/0.9; +https://babbar.tech/crawler)"
114.119.139.247 - - [16/Apr/2025:01:34:50 -0400] "GET /une-revolution-technologique-en-marche/ HTTP/1.1" 200 11630 "https://the80itspod.com/page/31/" "Mozilla/5.0 (Linux; Android 7.0;) AppleWebKit/537.36 (KHTML, like Gecko) Mobile Safari/537.36 (compatible; PetalBot;+https://webmaster.petalsearch.com/site/petalbot)"
217.113.194.227 - - [16/Apr/2025:01:35:04 -0400] "GET /grammatical-mistakes-dont-sell/feed/ HTTP/1.1" 200 401 "-" "Mozilla/5.0 (compatible; Barkrowler/0.9; +https://babbar.tech/crawler)"
43.132.120.183 - - [16/Apr/2025:01:35:07 -0400] "GET /the-most-effective-method-to-introduce-your-home-drains/ HTTP/1.1" 200 12652 "-" "Python/3.10 aiohttp/3.10.5"
198.54.114.83 - - [16/Apr/2025:01:35:25 -0400] "POST /wp-cron.php?doing_wp_cron=1744781725.0362219810485839843750 HTTP/1.1" 200 0 "-" "WordPress/6.7.2; https://the80itspod.com"
217.113.194.228 - - [16/Apr/2025:01:35:24 -0400] "GET /sobha-lake-garden-floor-plan/feed/ HTTP/1.1" 200 397 "-" "Mozilla/5.0 (compatible; Barkrowler/0.9; +https://babbar.tech/crawler)"
198.54.114.83 - - [16/Apr/2025:01:35:26 -0400] "POST /wp-admin/admin-ajax.php?action=async_litespeed&nonce=fiZPTr2t2Dad90Mp1va6vO92RiNF1c3j&litespeed_type=imgoptm HTTP/1.1" 200 5 "-" "WordPress/6.7.2; https://the80itspod.com"
217.113.194.223 - - [16/Apr/2025:01:35:43 -0400] "GET /cavity-wall-insulation-near-me/feed/ HTTP/1.1" 200 396 "-" "Mozilla/5.0 (compatible; Barkrowler/0.9; +https://babbar.tech/crawler)"
217.113.194.228 - - [16/Apr/2025:01:36:01 -0400] "GET /streamlined-access-to-diverse-content/feed/ HTTP/1.1" 200 394 "-" "Mozilla/5.0 (compatible; Barkrowler/0.9; +https://babbar.tech/crawler)"
54.36.148.124 - - [16/Apr/2025:01:36:09 -0400] "GET /how-to-turn-off-someones-iphone-remotely-with-a-text-message/feed/ HTTP/1.1" 304 0 "-" "Mozilla/5.0 (compatible; AhrefsBot/7.0; +http://ahrefs.com/robot/)"
114.119.140.170 - - [16/Apr/2025:01:36:12 -0400] "GET /page/96/?NA HTTP/1.1" 200 13189 "https://the80itspod.com/page/97/?NA" "Mozilla/5.0 (Linux; Android 7.0;) AppleWebKit/537.36 (KHTML, like Gecko) Mobile Safari/537.36 (compatible; PetalBot;+https://webmaster.petalsearch.com/site/petalbot)"
154.54.249.217 - - [16/Apr/2025:01:36:21 -0400] "GET /top-5-places-to-buy-youtube-watch-hours/ HTTP/1.1" 200 12346 "-" "Mozilla/5.0 (compatible; Barkrowler/0.9; +https://babbar.tech/crawler)"
217.113.194.224 - - [16/Apr/2025:01:36:38 -0400] "GET /a-virtual-gateway-to-paradise/feed/ HTTP/1.1" 200 390 "-" "Mozilla/5.0 (compatible; Barkrowler/0.9; +https://babbar.tech/crawler)"
198.54.114.83 - - [16/Apr/2025:01:36:55 -0400] "POST /wp-cron.php?doing_wp_cron=1744781815.0715990066528320312500 HTTP/1.1" 200 0 "-" "WordPress/6.7.2; https://the80itspod.com"
154.54.249.217 - - [16/Apr/2025:01:36:54 -0400] "GET /galabau-buchholz-gallery/feed/ HTTP/1.1" 200 386 "-" "Mozilla/5.0 (compatible; Barkrowler/0.9; +https://babbar.tech/crawler)"
198.54.114.83 - - [16/Apr/2025:01:36:58 -0400] "POST /wp-admin/admin-ajax.php?action=async_litespeed&nonce=5ZEYQiVxucEC9iuU0hPuSLB1sIs8VS8H&litespeed_type=imgoptm HTTP/1.1" 200 0 "-" "WordPress/6.7.2; https://the80itspod.com"
217.113.194.231 - - [16/Apr/2025:01:37:12 -0400] "GET /cash-on-delivery-online-sales-reporting/ HTTP/1.1" 200 11931 "-" "Mozilla/5.0 (compatible; Barkrowler/0.9; +https://babbar.tech/crawler)"
217.113.194.226 - - [16/Apr/2025:01:37:28 -0400] "GET /cash-on-delivery-online-sales-reporting/feed/ HTTP/1.1" 200 401 "-" "Mozilla/5.0 (compatible; Barkrowler/0.9; +https://babbar.tech/crawler)"
198.54.114.83 - - [16/Apr/2025:01:37:30 -0400] "POST /wp-cron.php?doing_wp_cron=1744781849.7312951087951660156250 HTTP/1.1" 200 0 "-" "WordPress/6.7.2; https://the80itspod.com"
47.238.13.6 - - [16/Apr/2025:01:37:28 -0400] "GET /cosplay-of-spider-man-miles-morales HTTP/1.1" 301 0 "-" "Mozilla/5.0 (Macintosh; Intel Mac OS X 10_15_7) AppleWebKit/537.36 (KHTML, like Gecko) Chrome/109.0.0.0 Safari/537.36"
198.54.114.83 - - [16/Apr/2025:01:37:32 -0400] "POST /wp-admin/admin-ajax.php?action=async_litespeed&nonce=45ntGMbkZsaKuktL7ajgGlX5Gw2IlCki&litespeed_type=imgoptm HTTP/1.1" 200 0 "-" "WordPress/6.7.2; https://the80itspod.com"
47.238.13.6 - - [16/Apr/2025:01:37:32 -0400] "GET /cosplay-of-spider-man-miles-morales/ HTTP/1.1" 200 11576 "https://the80itspod.com/cosplay-of-spider-man-miles-morales" "Mozilla/5.0 (Macintosh; Intel Mac OS X 10_15_7) AppleWebKit/537.36 (KHTML, like Gecko) Chrome/109.0.0.0 Safari/537.36"
114.119.128.181 - - [16/Apr/2025:01:37:38 -0400] "GET /how-to-turn-on-sms-relay-on-iphone/ HTTP/1.1" 200 14026 "https://the80itspod.com/page/113/?SA" "Mozilla/5.0 (Linux; Android 7.0;) AppleWebKit/537.36 (KHTML, like Gecko) Mobile Safari/537.36 (compatible; PetalBot;+https://webmaster.petalsearch.com/site/petalbot)"
154.54.249.217 - - [16/Apr/2025:01:37:45 -0400] "GET /elegance-meets-modern-living/feed/ HTTP/1.1" 200 391 "-" "Mozilla/5.0 (compatible; Barkrowler/0.9; +https://babbar.tech/crawler)"
217.113.194.253 - - [16/Apr/2025:01:38:01 -0400] "GET /top-10-co-working-spaces-in-singapore/feed/ HTTP/1.1" 200 402 "-" "Mozilla/5.0 (compatible; Barkrowler/0.9; +https://babbar.tech/crawler)"
217.113.194.227 - - [16/Apr/2025:01:38:19 -0400] "GET /finding-the-best-office-for-rent-in-qatar/feed/ HTTP/1.1" 200 412 "-" "Mozilla/5.0 (compatible; Barkrowler/0.9; +https://babbar.tech/crawler)"
198.54.114.83 - - [16/Apr/2025:01:38:38 -0400] "POST /wp-cron.php?doing_wp_cron=1744781917.6451361179351806640625 HTTP/1.1" 200 0 "-" "WordPress/6.7.2; https://the80itspod.com"
217.113.194.229 - - [16/Apr/2025:01:38:37 -0400] "GET /how-to-overcome-fear-and-relationships/feed/ HTTP/1.1" 200 400 "-" "Mozilla/5.0 (compatible; Barkrowler/0.9; +https://babbar.tech/crawler)"
198.54.114.83 - - [16/Apr/2025:01:38:39 -0400] "POST /wp-admin/admin-ajax.php?action=async_litespeed&nonce=eJPkPlcQFL6ZBFZnZPebv2ZlCPw2rDyF&litespeed_type=imgoptm HTTP/1.1" 200 0 "-" "WordPress/6.7.2; https://the80itspod.com"
54.36.148.214 - - [16/Apr/2025:01:38:48 -0400] "GET /epaviste-oise/ HTTP/1.1" 200 11983 "-" "Mozilla/5.0 (compatible; AhrefsBot/7.0; +http://ahrefs.com/robot/)"
217.113.194.223 - - [16/Apr/2025:01:38:55 -0400] "GET /how-to-find-a-local-plumber-near-me/feed/ HTTP/1.1" 200 409 "-" "Mozilla/5.0 (compatible; Barkrowler/0.9; +https://babbar.tech/crawler)"
114.119.149.108 - - [16/Apr/2025:01:39:01 -0400] "GET /how-to-choose-an-advertising-company/ HTTP/1.1" 200 11619 "https://the80itspod.com/page/63/" "Mozilla/5.0 (Linux; Android 7.0;) AppleWebKit/537.36 (KHTML, like Gecko) Mobile Safari/537.36 (compatible; PetalBot;+https://webmaster.petalsearch.com/site/petalbot)"
66.249.79.65 - - [16/Apr/2025:01:39:13 -0400] "GET /how-to-turn-on-hotspot-on-iphone-8-plus/ HTTP/1.1" 200 14484 "-" "Mozilla/5.0 (Linux; Android 6.0.1; Nexus 5X Build/MMB29P) AppleWebKit/537.36 (KHTML, like Gecko) Chrome/135.0.7049.84 Mobile Safari/537.36 (compatible; Googlebot/2.1; +http://www.google.com/bot.html)"
217.113.194.231 - - [16/Apr/2025:01:39:11 -0400] "GET /how-to-select-a-fire-fighting-water-pump/ HTTP/1.1" 200 11559 "-" "Mozilla/5.0 (compatible; Barkrowler/0.9; +https://babbar.tech/crawler)"
66.249.79.65 - - [16/Apr/2025:01:39:16 -0400] "GET /about-club-betting-on-the-web/ HTTP/1.1" 200 12615 "-" "Mozilla/5.0 (Linux; Android 6.0.1; Nexus 5X Build/MMB29P) AppleWebKit/537.36 (KHTML, like Gecko) Chrome/135.0.7049.84 Mobile Safari/537.36 (compatible; Googlebot/2.1; +http://www.google.com/bot.html)"
217.113.194.228 - - [16/Apr/2025:01:39:29 -0400] "GET /how-to-design-a-modern-enterprise-intranet/feed/ HTTP/1.1" 200 409 "-" "Mozilla/5.0 (compatible; Barkrowler/0.9; +https://babbar.tech/crawler)"
198.54.114.83 - - [16/Apr/2025:01:39:47 -0400] "POST /wp-cron.php?doing_wp_cron=1744781986.4709360599517822265625 HTTP/1.1" 200 0 "-" "WordPress/6.7.2; https://the80itspod.com"
217.113.194.229 - - [16/Apr/2025:01:39:46 -0400] "GET /how-to-win-at-a-casino-poker-game/feed/ HTTP/1.1" 200 405 "-" "Mozilla/5.0 (compatible; Barkrowler/0.9; +https://babbar.tech/crawler)"
198.54.114.83 - - [16/Apr/2025:01:39:49 -0400] "POST /wp-admin/admin-ajax.php?action=async_litespeed&nonce=Ul1oO1w0KgrYm7nEjLQtTlMyaeyVFsO8&litespeed_type=imgoptm HTTP/1.1" 200 0 "-" "WordPress/6.7.2; https://the80itspod.com"
217.113.194.229 - - [16/Apr/2025:01:40:04 -0400] "GET /how-to-apply-thermal-paste-to-your-cpu/feed/ HTTP/1.1" 200 412 "-" "Mozilla/5.0 (compatible; Barkrowler/0.9; +https://babbar.tech/crawler)"
198.54.114.83 - - [16/Apr/2025:01:40:22 -0400] "POST /wp-cron.php?doing_wp_cron=1744782021.9589409828186035156250 HTTP/1.1" 200 0 "-" "WordPress/6.7.2; https://the80itspod.com"
217.113.194.229 - - [16/Apr/2025:01:40:21 -0400] "GET /how-to-turn-off-iphone-12-max-pro/feed/ HTTP/1.1" 200 407 "-" "Mozilla/5.0 (compatible; Barkrowler/0.9; +https://babbar.tech/crawler)"
198.54.114.83 - - [16/Apr/2025:01:40:23 -0400] "POST /wp-admin/admin-ajax.php?action=async_litespeed&nonce=xF1wJK8bHunhENKQweryS9wsRHt3ESRS&litespeed_type=imgoptm HTTP/1.1" 200 0 "-" "WordPress/6.7.2; https://the80itspod.com"
217.113.194.224 - - [16/Apr/2025:01:40:39 -0400] "GET /how-to-write-an-effective-attorney-bio/feed/ HTTP/1.1" 200 408 "-" "Mozilla/5.0 (compatible; Barkrowler/0.9; +https://babbar.tech/crawler)"
217.113.194.230 - - [16/Apr/2025:01:40:56 -0400] "GET /how-to-get-free-employment-advice/feed/ HTTP/1.1" 200 397 "-" "Mozilla/5.0 (compatible; Barkrowler/0.9; +https://babbar.tech/crawler)"
27.42.99.97 - - [16/Apr/2025:01:41:02 -0400] "GET /relx-electronic-cigarette/ HTTP/1.1" 200 12607 "https://the80itspod.com" "Mozilla/5.0 (Windows NT 10.0; Win64; x64) AppleWebKit/537.36 (KHTML, like Gecko) Chrome/62.0.3202.94 Safari/537.36"
27.42.99.97 - - [16/Apr/2025:01:41:04 -0400] "POST /wp-comments-post.php HTTP/1.1" 302 0 "https://the80itspod.com" "Mozilla/5.0 (Windows NT 10.0; Win64; x64) AppleWebKit/537.36 (KHTML, like Gecko) Chrome/62.0.3202.94 Safari/537.36"
27.42.99.97 - - [16/Apr/2025:01:41:11 -0400] "GET /relx-electronic-cigarette/ HTTP/1.1" 200 13294 "https://the80itspod.com" "Mozilla/4.0 (compatible; MSIE 6.0; Windows NT 5.1; en) Opera 8.50"
217.113.194.223 - - [16/Apr/2025:01:41:14 -0400] "GET /choosing-lag-bolts-for-wood/feed/ HTTP/1.1" 200 392 "-" "Mozilla/5.0 (compatible; Barkrowler/0.9; +https://babbar.tech/crawler)"
