217.113.194.223 - - [15/Apr/2025:23:25:19 -0400] "GET /photographer-geneva/ HTTP/1.1" 200 12627 "-" "Mozilla/5.0 (compatible; Barkrowler/0.9; +https://babbar.tech/crawler)"
2a03:2880:f800:16:: - - [15/Apr/2025:23:25:21 -0400] "GET /love-in-the-digital-age-the-ai-girlfriend-phenomenon/ HTTP/1.1" 200 11582 "-" "meta-externalagent/1.1 (+https://developers.facebook.com/docs/sharing/webmasters/crawler)"
198.54.114.83 - - [15/Apr/2025:23:25:24 -0400] "POST /wp-cron.php?doing_wp_cron=1744773922.2884030342102050781250 HTTP/1.1" 200 0 "-" "WordPress/6.7.2; https://the80itspod.com"
66.249.79.71 - - [15/Apr/2025:23:25:28 -0400] "GET /page/96/ HTTP/1.1" 200 13162 "-" "Mozilla/5.0 (Linux; Android 6.0.1; Nexus 5X Build/MMB29P) AppleWebKit/537.36 (KHTML, like Gecko) Chrome/135.0.7049.84 Mobile Safari/537.36 (compatible; Googlebot/2.1; +http://www.google.com/bot.html)"
217.113.194.228 - - [15/Apr/2025:23:25:35 -0400] "GET /lag-screw/feed/ HTTP/1.1" 200 369 "-" "Mozilla/5.0 (compatible; Barkrowler/0.9; +https://babbar.tech/crawler)"
217.113.194.226 - - [15/Apr/2025:23:25:53 -0400] "GET /best-mini-blender/feed/ HTTP/1.1" 200 380 "-" "Mozilla/5.0 (compatible; Barkrowler/0.9; +https://babbar.tech/crawler)"
2a03:2880:f800:16:: - - [15/Apr/2025:23:25:56 -0400] "GET /choosing-a-portland-employment-based-immigration-lawyer/ HTTP/1.1" 200 12455 "-" "meta-externalagent/1.1 (+https://developers.facebook.com/docs/sharing/webmasters/crawler)"
217.113.194.225 - - [15/Apr/2025:23:26:11 -0400] "GET /bamboo-fabrics/feed/ HTTP/1.1" 200 377 "-" "Mozilla/5.0 (compatible; Barkrowler/0.9; +https://babbar.tech/crawler)"
66.249.79.73 - - [15/Apr/2025:23:26:13 -0400] "GET /page/97/ HTTP/1.1" 200 13258 "-" "Mozilla/5.0 (Linux; Android 6.0.1; Nexus 5X Build/MMB29P) AppleWebKit/537.36 (KHTML, like Gecko) Chrome/135.0.7049.84 Mobile Safari/537.36 (compatible; Googlebot/2.1; +http://www.google.com/bot.html)"
66.249.79.73 - - [15/Apr/2025:23:26:16 -0400] "GET /page/98/ HTTP/1.1" 200 13479 "-" "Mozilla/5.0 (Linux; Android 6.0.1; Nexus 5X Build/MMB29P) AppleWebKit/537.36 (KHTML, like Gecko) Chrome/135.0.7049.84 Mobile Safari/537.36 (compatible; Googlebot/2.1; +http://www.google.com/bot.html)"
198.54.114.83 - - [15/Apr/2025:23:26:31 -0400] "POST /wp-cron.php?doing_wp_cron=1744773989.9659619331359863281250 HTTP/1.1" 200 0 "-" "WordPress/6.7.2; https://the80itspod.com"
217.113.194.225 - - [15/Apr/2025:23:26:29 -0400] "GET /ashley-clarke/feed/ HTTP/1.1" 200 375 "-" "Mozilla/5.0 (compatible; Barkrowler/0.9; +https://babbar.tech/crawler)"
154.54.249.217 - - [15/Apr/2025:23:26:47 -0400] "GET /card-payment-machines/ HTTP/1.1" 200 11810 "-" "Mozilla/5.0 (compatible; Barkrowler/0.9; +https://babbar.tech/crawler)"
217.113.194.222 - - [15/Apr/2025:23:27:04 -0400] "GET /modern-interior-doors/feed/ HTTP/1.1" 200 381 "-" "Mozilla/5.0 (compatible; Barkrowler/0.9; +https://babbar.tech/crawler)"
66.249.79.71 - - [15/Apr/2025:23:27:11 -0400] "GET /take-an-online-real-estate-investing-class/feed/ HTTP/1.1" 200 409 "-" "Mozilla/5.0 (Linux; Android 6.0.1; Nexus 5X Build/MMB29P) AppleWebKit/537.36 (KHTML, like Gecko) Chrome/135.0.7049.84 Mobile Safari/537.36 (compatible; Googlebot/2.1; +http://www.google.com/bot.html)"
217.113.194.226 - - [15/Apr/2025:23:27:21 -0400] "GET /custom-grip-socks/feed/ HTTP/1.1" 200 381 "-" "Mozilla/5.0 (compatible; Barkrowler/0.9; +https://babbar.tech/crawler)"
54.36.148.27 - - [15/Apr/2025:23:27:24 -0400] "GET /moneylender-singapore-how-to-find-a-licensed-moneylender/feed/ HTTP/1.1" 304 0 "-" "Mozilla/5.0 (compatible; AhrefsBot/7.0; +http://ahrefs.com/robot/)"
198.54.114.83 - - [15/Apr/2025:23:27:40 -0400] "POST /wp-cron.php?doing_wp_cron=1744774059.0768609046936035156250 HTTP/1.1" 200 0 "-" "WordPress/6.7.2; https://the80itspod.com"
217.113.194.231 - - [15/Apr/2025:23:27:37 -0400] "GET /custom-vinyl-banners/feed/ HTTP/1.1" 200 380 "-" "Mozilla/5.0 (compatible; Barkrowler/0.9; +https://babbar.tech/crawler)"
198.54.114.83 - - [15/Apr/2025:23:27:42 -0400] "POST /wp-admin/admin-ajax.php?action=async_litespeed&nonce=T3S3wFnRb6kXPAOmpm1qo3ViwqZwXpoW&litespeed_type=imgoptm HTTP/1.1" 200 0 "-" "WordPress/6.7.2; https://the80itspod.com"
217.113.194.224 - - [15/Apr/2025:23:27:57 -0400] "GET /sports-grip-socks/ HTTP/1.1" 200 11639 "-" "Mozilla/5.0 (compatible; Barkrowler/0.9; +https://babbar.tech/crawler)"
217.113.194.224 - - [15/Apr/2025:23:28:15 -0400] "GET /sports-grip-socks/feed/ HTTP/1.1" 200 382 "-" "Mozilla/5.0 (compatible; Barkrowler/0.9; +https://babbar.tech/crawler)"
47.128.127.136 - - [15/Apr/2025:23:28:25 -0400] "GET / HTTP/1.1" 200 13048 "-" "Mozilla/5.0 (Linux; Android 5.0) AppleWebKit/537.36 (KHTML, like Gecko) Mobile Safari/537.36 (compatible; Bytespider; spider-feedback@bytedance.com)"
2a03:2880:f800:1c:: - - [15/Apr/2025:23:28:34 -0400] "GET /meyer-blue/feed/ HTTP/1.1" 200 369 "-" "meta-externalagent/1.1 (+https://developers.facebook.com/docs/sharing/webmasters/crawler)"
198.54.114.83 - - [15/Apr/2025:23:28:37 -0400] "POST /wp-cron.php?doing_wp_cron=1744774116.4068078994750976562500 HTTP/1.1" 200 0 "-" "WordPress/6.7.2; https://the80itspod.com"
198.54.114.83 - - [15/Apr/2025:23:28:38 -0400] "POST /wp-admin/admin-ajax.php?action=async_litespeed&nonce=tQKqsPLvBo1YX4xogjJ9PS5AcXuosIDV&litespeed_type=imgoptm HTTP/1.1" 200 0 "-" "WordPress/6.7.2; https://the80itspod.com"
217.113.194.253 - - [15/Apr/2025:23:28:35 -0400] "GET /pop-up-tv-cabinets/feed/ HTTP/1.1" 200 385 "-" "Mozilla/5.0 (compatible; Barkrowler/0.9; +https://babbar.tech/crawler)"
2a03:2880:f800:18:: - - [15/Apr/2025:23:28:37 -0400] "GET /vegan-beauty-products/feed/ HTTP/1.1" 200 377 "-" "meta-externalagent/1.1 (+https://developers.facebook.com/docs/sharing/webmasters/crawler)"
217.113.194.226 - - [15/Apr/2025:23:28:55 -0400] "GET /voice-over-101/feed/ HTTP/1.1" 200 377 "-" "Mozilla/5.0 (compatible; Barkrowler/0.9; +https://babbar.tech/crawler)"
217.113.194.225 - - [15/Apr/2025:23:29:12 -0400] "GET /how-to-buy-youtube-views/ HTTP/1.1" 200 11827 "-" "Mozilla/5.0 (compatible; Barkrowler/0.9; +https://babbar.tech/crawler)"
198.54.114.83 - - [15/Apr/2025:23:29:33 -0400] "POST /wp-cron.php?doing_wp_cron=1744774171.9378309249877929687500 HTTP/1.1" 200 0 "-" "WordPress/6.7.2; https://the80itspod.com"
217.113.194.222 - - [15/Apr/2025:23:29:31 -0400] "GET /a-historical-journey/ HTTP/1.1" 200 11823 "-" "Mozilla/5.0 (compatible; Barkrowler/0.9; +https://babbar.tech/crawler)"
198.54.114.83 - - [15/Apr/2025:23:29:35 -0400] "POST /wp-admin/admin-ajax.php?action=async_litespeed&nonce=q80RUxY5e5yYlMuiBmW2eOb6ak93XcHw&litespeed_type=imgoptm HTTP/1.1" 200 0 "-" "WordPress/6.7.2; https://the80itspod.com"
54.36.148.148 - - [15/Apr/2025:23:29:44 -0400] "GET /what-does-a-socks-manufacturer-do/feed/ HTTP/1.1" 200 400 "-" "Mozilla/5.0 (compatible; AhrefsBot/7.0; +http://ahrefs.com/robot/)"
154.54.249.217 - - [15/Apr/2025:23:29:50 -0400] "GET /iphone-voicemail/feed/ HTTP/1.1" 200 375 "-" "Mozilla/5.0 (compatible; Barkrowler/0.9; +https://babbar.tech/crawler)"
217.113.194.230 - - [15/Apr/2025:23:30:09 -0400] "GET /drug-charges-lawyer/feed/ HTTP/1.1" 200 381 "-" "Mozilla/5.0 (compatible; Barkrowler/0.9; +https://babbar.tech/crawler)"
198.54.114.83 - - [15/Apr/2025:23:30:27 -0400] "POST /wp-cron.php?doing_wp_cron=1744774226.4637401103973388671875 HTTP/1.1" 200 0 "-" "WordPress/6.7.2; https://the80itspod.com"
217.113.194.229 - - [15/Apr/2025:23:30:26 -0400] "GET /used-bugatti-for-sale/feed/ HTTP/1.1" 200 386 "-" "Mozilla/5.0 (compatible; Barkrowler/0.9; +https://babbar.tech/crawler)"
198.54.114.83 - - [15/Apr/2025:23:30:29 -0400] "POST /wp-admin/admin-ajax.php?action=async_litespeed&nonce=zkC6sNTd2eTRUkJKxSVkkDrHQXAS0v13&litespeed_type=imgoptm HTTP/1.1" 200 0 "-" "WordPress/6.7.2; https://the80itspod.com"
152.53.225.138 - - [15/Apr/2025:23:30:38 -0400] "GET /style.php HTTP/1.1" 403 6321 "www.google.com" "Mozlila/5.0 (Linux; Android 7.0; SM-G892A Bulid/NRD90M; wv) AppleWebKit/537.36 (KHTML, like Gecko) Version/4.0 Chrome/60.0.3112.107 Moblie Safari/537.36"
198.54.114.83 - - [15/Apr/2025:23:30:46 -0400] "POST /?wordfence_syncAttackData=1744774244.838 HTTP/1.1" 200 0 "-" "WordPress/6.7.2; https://the80itspod.com"
217.113.194.229 - - [15/Apr/2025:23:30:44 -0400] "GET /air-conditioning/feed/ HTTP/1.1" 200 369 "-" "Mozilla/5.0 (compatible; Barkrowler/0.9; +https://babbar.tech/crawler)"
170.106.180.139 - - [15/Apr/2025:23:30:51 -0400] "GET /custom-vinyl-banners/ HTTP/1.1" 200 11604 "-" "Mozilla/5.0 (iPhone; CPU iPhone OS 13_2_3 like Mac OS X) AppleWebKit/605.1.15 (KHTML, like Gecko) Version/13.0.3 Mobile/15E148 Safari/604.1"
217.113.194.231 - - [15/Apr/2025:23:31:04 -0400] "GET /loan-agency-services/feed/ HTTP/1.1" 200 380 "-" "Mozilla/5.0 (compatible; Barkrowler/0.9; +https://babbar.tech/crawler)"
198.54.114.83 - - [15/Apr/2025:23:31:23 -0400] "POST /?wordfence_syncAttackData=1744774282.2279 HTTP/1.1" 200 0 "-" "WordPress/6.7.2; https://the80itspod.com"
198.54.114.83 - - [15/Apr/2025:23:31:24 -0400] "POST /wp-cron.php?doing_wp_cron=1744774283.4177989959716796875000 HTTP/1.1" 200 0 "-" "WordPress/6.7.2; https://the80itspod.com"
217.113.194.224 - - [15/Apr/2025:23:31:21 -0400] "GET /bijouterie-a-montreal/feed/ HTTP/1.1" 200 379 "-" "Mozilla/5.0 (compatible; Barkrowler/0.9; +https://babbar.tech/crawler)"
217.113.194.227 - - [15/Apr/2025:23:31:41 -0400] "GET /bijouterie-a-montreal/ HTTP/1.1" 200 12017 "-" "Mozilla/5.0 (compatible; Barkrowler/0.9; +https://babbar.tech/crawler)"
198.54.114.83 - - [15/Apr/2025:23:32:01 -0400] "POST /?wordfence_syncAttackData=1744774319.6323 HTTP/1.1" 200 0 "-" "WordPress/6.7.2; https://the80itspod.com"
217.113.194.228 - - [15/Apr/2025:23:31:59 -0400] "GET /chausson-de-noel/feed/ HTTP/1.1" 200 375 "-" "Mozilla/5.0 (compatible; Barkrowler/0.9; +https://babbar.tech/crawler)"
198.54.114.83 - - [15/Apr/2025:23:32:04 -0400] "POST /?wordfence_syncAttackData=1744774322.8778 HTTP/1.1" 200 0 "-" "WordPress/6.7.2; https://the80itspod.com"
54.36.148.16 - - [15/Apr/2025:23:32:02 -0400] "GET /what-to-look-for-in-a-gas-mask-for-sale/feed/ HTTP/1.1" 304 0 "-" "Mozilla/5.0 (compatible; AhrefsBot/7.0; +http://ahrefs.com/robot/)"
198.54.114.83 - - [15/Apr/2025:23:32:16 -0400] "POST /?wordfence_syncAttackData=1744774334.8414 HTTP/1.1" 200 0 "-" "WordPress/6.7.2; https://the80itspod.com"
2001:41d0:303:1eb0::1 - - [15/Apr/2025:23:32:14 -0400] "GET /how-to-watch-free-sports-tv-online/feed/ HTTP/1.1" 200 402 "-" "Mozilla/5.0 (compatible; MJ12bot/v1.4.8; http://mj12bot.com/)"
217.113.194.231 - - [15/Apr/2025:23:32:17 -0400] "GET /category/about-us/page/2/ HTTP/1.1" 200 11379 "-" "Mozilla/5.0 (compatible; Barkrowler/0.9; +https://babbar.tech/crawler)"
198.54.114.83 - - [15/Apr/2025:23:32:23 -0400] "POST /?wordfence_syncAttackData=1744774342.6245 HTTP/1.1" 200 0 "-" "WordPress/6.7.2; https://the80itspod.com"
198.54.114.83 - - [15/Apr/2025:23:32:26 -0400] "POST /wp-cron.php?doing_wp_cron=1744774344.0589609146118164062500 HTTP/1.1" 200 0 "-" "WordPress/6.7.2; https://the80itspod.com"
2001:41d0:303:1eb0::1 - - [15/Apr/2025:23:32:22 -0400] "GET /luxury-and-comfort-combined-with-limo-services-in-chicago/ HTTP/1.1" 200 12231 "-" "Mozilla/5.0 (compatible; MJ12bot/v1.4.8; http://mj12bot.com/)"
2001:41d0:303:1eb0::1 - - [15/Apr/2025:23:32:31 -0400] "GET /the-role-of-massage-in-corporate-wellness-for-business-travelers/ HTTP/1.1" 200 12346 "-" "Mozilla/5.0 (compatible; MJ12bot/v1.4.8; http://mj12bot.com/)"
217.113.194.228 - - [15/Apr/2025:23:32:33 -0400] "GET /category/activity/page/2/ HTTP/1.1" 200 11556 "-" "Mozilla/5.0 (compatible; Barkrowler/0.9; +https://babbar.tech/crawler)"
150.109.40.196 - - [15/Apr/2025:23:32:35 -0400] "GET /the-best-holiday-destinations/ HTTP/1.1" 200 13522 "-" "Python/3.10 aiohttp/3.10.5"
217.113.194.230 - - [15/Apr/2025:23:32:50 -0400] "GET /category/activity/page/3/ HTTP/1.1" 200 11274 "-" "Mozilla/5.0 (compatible; Barkrowler/0.9; +https://babbar.tech/crawler)"
185.121.234.211 - - [15/Apr/2025:23:32:54 -0400] "GET /common-customer-complaints-8-examples-and/ HTTP/1.1" 200 85557 "https://the80itspod.com/common-customer-complaints-8-examples-and/" "Mozilla/5.0 (Windows NT 10.0; Win64; x64) AppleWebKit/537.36 (KHTML, like Gecko) Chrome/103.0.0.0 Safari/537.36 Herring/95.1.8810.11"
185.121.234.211 - - [15/Apr/2025:23:32:56 -0400] "POST /wp-comments-post.php HTTP/1.1" 302 0 "https://the80itspod.com/common-customer-complaints-8-examples-and/" "Mozilla/5.0 (Windows NT 10.0; Win64; x64) AppleWebKit/537.36 (KHTML, like Gecko) Chrome/103.0.0.0 Safari/537.36 Herring/95.1.8810.11"
66.249.79.73 - - [15/Apr/2025:23:33:03 -0400] "GET /california-law-for-real-estate-investors-including-forclosure-issues/feed/ HTTP/1.1" 200 442 "-" "Mozilla/5.0 (Linux; Android 6.0.1; Nexus 5X Build/MMB29P) AppleWebKit/537.36 (KHTML, like Gecko) Chrome/135.0.7049.84 Mobile Safari/537.36 (compatible; Googlebot/2.1; +http://www.google.com/bot.html)"
185.121.234.211 - - [15/Apr/2025:23:33:03 -0400] "GET /common-customer-complaints-8-examples-and/ HTTP/1.1" 200 86162 "https://the80itspod.com/common-customer-complaints-8-examples-and/#comment-51554" "Mozilla/5.0 (Windows NT 10.0; Win64; x64) AppleWebKit/537.36 (KHTML, like Gecko) Chrome/103.0.0.0 Safari/537.36 Herring/95.1.8810.11"
217.113.194.225 - - [15/Apr/2025:23:33:06 -0400] "GET /category/activity/page/5/ HTTP/1.1" 200 11392 "-" "Mozilla/5.0 (compatible; Barkrowler/0.9; +https://babbar.tech/crawler)"
217.113.194.229 - - [15/Apr/2025:23:33:24 -0400] "GET /category/activity/page/9/ HTTP/1.1" 200 11086 "-" "Mozilla/5.0 (compatible; Barkrowler/0.9; +https://babbar.tech/crawler)"
173.44.153.158 - - [15/Apr/2025:23:33:35 -0400] "GET /what-is-an-off-line-cooling-system HTTP/1.1" 301 0 "-" "Mozilla/5.0 (Windows NT 10.0) AppleWebKit/537.36 (KHTML, like Gecko) Chrome/114.0.0.0 Safari/537.36"
173.44.153.158 - - [15/Apr/2025:23:33:37 -0400] "GET /what-is-an-off-line-cooling-system/ HTTP/1.1" 200 12243 "https://the80itspod.com/what-is-an-off-line-cooling-system" "Mozilla/5.0 (Windows NT 10.0) AppleWebKit/537.36 (KHTML, like Gecko) Chrome/114.0.0.0 Safari/537.36"
217.113.194.222 - - [15/Apr/2025:23:33:42 -0400] "GET /category/activity/page/12/ HTTP/1.1" 200 11077 "-" "Mozilla/5.0 (compatible; Barkrowler/0.9; +https://babbar.tech/crawler)"
173.44.153.158 - - [15/Apr/2025:23:33:42 -0400] "GET /category/sign-up/ HTTP/1.1" 200 9152 "https://the80itspod.com/what-is-an-off-line-cooling-system/" "Mozilla/5.0 (Windows NT 6.3; Win64; x64) AppleWebKit/537.36 (KHTML, like Gecko) Chrome/103.0.0.0 Safari/537.36"
173.44.153.158 - - [15/Apr/2025:23:33:45 -0400] "GET /category/sign-up/ HTTP/1.1" 200 9152 "https://the80itspod.com/category/sign-up/" "Mozilla/5.0 (Windows NT 6.3; Win64; x64) AppleWebKit/537.36 (KHTML, like Gecko) Chrome/103.0.0.0 Safari/537.36"
2a03:2880:f800:b:: - - [15/Apr/2025:23:33:47 -0400] "GET /the-smart-way-to-purchase-youtube-subscribers/feed/ HTTP/1.1" 200 421 "-" "meta-externalagent/1.1 (+https://developers.facebook.com/docs/sharing/webmasters/crawler)"
198.54.114.83 - - [15/Apr/2025:23:33:50 -0400] "POST /wp-cron.php?doing_wp_cron=1744774428.1280760765075683593750 HTTP/1.1" 200 0 "-" "WordPress/6.7.2; https://the80itspod.com"
2a03:2880:f800:9:: - - [15/Apr/2025:23:33:49 -0400] "GET /beat-the-sports-betting-numbers-with-these-simple-tips/ HTTP/1.1" 200 12575 "-" "meta-externalagent/1.1 (+https://developers.facebook.com/docs/sharing/webmasters/crawler)"
2a03:2880:f800:14:: - - [15/Apr/2025:23:33:51 -0400] "GET /?p=2272 HTTP/1.1" 301 0 "-" "meta-externalagent/1.1 (+https://developers.facebook.com/docs/sharing/webmasters/crawler)"
2a03:2880:f800:: - - [15/Apr/2025:23:33:54 -0400] "GET /meyer-blue/ HTTP/1.1" 200 11889 "-" "meta-externalagent/1.1 (+https://developers.facebook.com/docs/sharing/webmasters/crawler)"
217.113.194.222 - - [15/Apr/2025:23:33:58 -0400] "GET /nutritional-supplement/ HTTP/1.1" 200 11993 "-" "Mozilla/5.0 (compatible; Barkrowler/0.9; +https://babbar.tech/crawler)"
54.36.148.92 - - [15/Apr/2025:23:34:04 -0400] "GET /psychedelic-mushroom-chocolate-bars-legal/feed/ HTTP/1.1" 200 397 "-" "Mozilla/5.0 (compatible; AhrefsBot/7.0; +http://ahrefs.com/robot/)"
217.113.194.225 - - [15/Apr/2025:23:34:16 -0400] "GET /ernahrungskonzept/ HTTP/1.1" 200 12300 "-" "Mozilla/5.0 (compatible; Barkrowler/0.9; +https://babbar.tech/crawler)"
217.113.194.229 - - [15/Apr/2025:23:34:36 -0400] "GET /ladbrokes-review/feed/ HTTP/1.1" 200 374 "-" "Mozilla/5.0 (compatible; Barkrowler/0.9; +https://babbar.tech/crawler)"
198.54.114.83 - - [15/Apr/2025:23:34:58 -0400] "POST /wp-cron.php?doing_wp_cron=1744774496.0553710460662841796875 HTTP/1.1" 200 0 "-" "WordPress/6.7.2; https://the80itspod.com"
217.113.194.222 - - [15/Apr/2025:23:34:54 -0400] "GET /vegan-beauty-products/ HTTP/1.1" 200 12552 "-" "Mozilla/5.0 (compatible; Barkrowler/0.9; +https://babbar.tech/crawler)"
217.113.194.253 - - [15/Apr/2025:23:35:17 -0400] "GET /best-winter-hiking-boots/ HTTP/1.1" 200 13878 "-" "Mozilla/5.0 (compatible; Barkrowler/0.9; +https://babbar.tech/crawler)"
217.113.194.222 - - [15/Apr/2025:23:35:37 -0400] "GET /la-tresse-de-lit/ HTTP/1.1" 200 11835 "-" "Mozilla/5.0 (compatible; Barkrowler/0.9; +https://babbar.tech/crawler)"
85.208.96.196 - - [15/Apr/2025:23:35:51 -0400] "GET /robots.txt HTTP/1.1" 304 0 "-" "Mozilla/5.0 (compatible; SemrushBot/7~bl; +http://www.semrush.com/bot.html)"
85.208.96.198 - - [15/Apr/2025:23:35:54 -0400] "GET /a-virtual-gateway-to-paradise/ HTTP/1.1" 200 11895 "-" "Mozilla/5.0 (compatible; SemrushBot/7~bl; +http://www.semrush.com/bot.html)"
198.54.114.83 - - [15/Apr/2025:23:36:00 -0400] "POST /wp-cron.php?doing_wp_cron=1744774559.5482978820800781250000 HTTP/1.1" 200 0 "-" "WordPress/6.7.2; https://the80itspod.com"
217.113.194.231 - - [15/Apr/2025:23:35:58 -0400] "GET /la-lampe-magna/feed/ HTTP/1.1" 200 375 "-" "Mozilla/5.0 (compatible; Barkrowler/0.9; +https://babbar.tech/crawler)"
198.54.114.83 - - [15/Apr/2025:23:36:03 -0400] "POST /wp-admin/admin-ajax.php?action=async_litespeed&nonce=C1V3BYyBnDDq1zKY3LoXge5GIicI8zu4&litespeed_type=imgoptm HTTP/1.1" 200 0 "-" "WordPress/6.7.2; https://the80itspod.com"
154.54.249.217 - - [15/Apr/2025:23:36:18 -0400] "GET /gpu-on-demand/feed/ HTTP/1.1" 200 375 "-" "Mozilla/5.0 (compatible; Barkrowler/0.9; +https://babbar.tech/crawler)"
54.36.148.247 - - [15/Apr/2025:23:36:32 -0400] "GET /sobha-lake-garden-floor-plan/feed/ HTTP/1.1" 304 0 "-" "Mozilla/5.0 (compatible; AhrefsBot/7.0; +http://ahrefs.com/robot/)"
198.54.114.83 - - [15/Apr/2025:23:36:35 -0400] "POST /wp-cron.php?doing_wp_cron=1744774593.3922109603881835937500 HTTP/1.1" 200 0 "-" "WordPress/6.7.2; https://the80itspod.com"
217.113.194.229 - - [15/Apr/2025:23:36:35 -0400] "GET /the-casino-solution/ HTTP/1.1" 200 12076 "-" "Mozilla/5.0 (compatible; Barkrowler/0.9; +https://babbar.tech/crawler)"
185.88.178.89 - - [15/Apr/2025:23:36:38 -0400] "GET /wp-login.php HTTP/1.1" 200 1760 "http://the80itspod.com" "Mozilla/5.0 (Windows NT 10.0; Win64; x64; rv:125.0.1) Gecko/20100101 Firefox/125.0.1"
18.221.161.189 - - [15/Apr/2025:23:36:45 -0400] "GET /wp-json/oembed/1.0/embed?format=xml&url=https%3A%2F%2Fthe80itspod.com%2Fback-pain-shoulder-blade%2F HTTP/1.1" 200 1104 "-" "Mozilla/5.0 AppleWebKit/537.36 (KHTML, like Gecko; compatible; ClaudeBot/1.0; +claudebot@anthropic.com)"
217.113.194.222 - - [15/Apr/2025:23:36:54 -0400] "GET /the-casino-solution/feed/ HTTP/1.1" 200 381 "-" "Mozilla/5.0 (compatible; Barkrowler/0.9; +https://babbar.tech/crawler)"
45.89.148.162 - - [15/Apr/2025:23:36:57 -0400] "GET /what-are-peptides-and-how-do-they-work/ HTTP/1.1" 200 12463 "-" "Mozilla/5.0 (Macintosh; U; PPC Mac OS X; de-de) AppleWebKit/412 (KHTML, like Gecko) Safari/412"
2a03:2880:f800:8:: - - [15/Apr/2025:23:37:11 -0400] "GET /wp-json/wp/v2/posts/208 HTTP/1.1" 200 13450 "-" "meta-externalagent/1.1 (+https://developers.facebook.com/docs/sharing/webmasters/crawler)"
217.113.194.222 - - [15/Apr/2025:23:37:12 -0400] "GET /the-power-of-planners/ HTTP/1.1" 200 11717 "-" "Mozilla/5.0 (compatible; Barkrowler/0.9; +https://babbar.tech/crawler)"
154.54.249.217 - - [15/Apr/2025:23:37:30 -0400] "GET /star-plus-electrical/ HTTP/1.1" 200 11255 "-" "Mozilla/5.0 (compatible; Barkrowler/0.9; +https://babbar.tech/crawler)"
217.113.194.230 - - [15/Apr/2025:23:37:48 -0400] "GET /tennis-predictions/feed/ HTTP/1.1" 200 377 "-" "Mozilla/5.0 (compatible; Barkrowler/0.9; +https://babbar.tech/crawler)"
198.54.114.83 - - [15/Apr/2025:23:37:51 -0400] "POST /wp-cron.php?doing_wp_cron=1744774669.2193880081176757812500 HTTP/1.1" 200 0 "-" "WordPress/6.7.2; https://the80itspod.com"
217.113.194.226 - - [15/Apr/2025:23:38:07 -0400] "GET /windows-swansea/feed/ HTTP/1.1" 200 373 "-" "Mozilla/5.0 (compatible; Barkrowler/0.9; +https://babbar.tech/crawler)"
217.113.194.230 - - [15/Apr/2025:23:38:24 -0400] "GET /card-payment-machines/feed/ HTTP/1.1" 200 382 "-" "Mozilla/5.0 (compatible; Barkrowler/0.9; +https://babbar.tech/crawler)"
54.36.148.91 - - [15/Apr/2025:23:38:43 -0400] "GET /what-does-a-brand-design-firm-do/feed/ HTTP/1.1" 304 0 "-" "Mozilla/5.0 (compatible; AhrefsBot/7.0; +http://ahrefs.com/robot/)"
217.113.194.223 - - [15/Apr/2025:23:38:42 -0400] "GET /custom-socks-with-logo/ HTTP/1.1" 200 12293 "-" "Mozilla/5.0 (compatible; Barkrowler/0.9; +https://babbar.tech/crawler)"
217.113.194.223 - - [15/Apr/2025:23:39:02 -0400] "GET /elegance-et-diversite/ HTTP/1.1" 200 11534 "-" "Mozilla/5.0 (compatible; Barkrowler/0.9; +https://babbar.tech/crawler)"
217.113.194.231 - - [15/Apr/2025:23:39:18 -0400] "GET /black-bedside-lamps/ HTTP/1.1" 200 12438 "-" "Mozilla/5.0 (compatible; Barkrowler/0.9; +https://babbar.tech/crawler)"
198.54.114.83 - - [15/Apr/2025:23:39:37 -0400] "POST /wp-cron.php?doing_wp_cron=1744774776.4163269996643066406250 HTTP/1.1" 200 0 "-" "WordPress/6.7.2; https://the80itspod.com"
217.113.194.223 - - [15/Apr/2025:23:39:35 -0400] "GET /magicien-paris/feed/ HTTP/1.1" 200 370 "-" "Mozilla/5.0 (compatible; Barkrowler/0.9; +https://babbar.tech/crawler)"
198.54.114.83 - - [15/Apr/2025:23:39:39 -0400] "POST /wp-admin/admin-ajax.php?action=async_litespeed&nonce=f5uuXFdtnr7RYSxSs1ytZM0ZZzsPr3Tj&litespeed_type=imgoptm HTTP/1.1" 200 0 "-" "WordPress/6.7.2; https://the80itspod.com"
2a03:2880:f800:12:: - - [15/Apr/2025:23:39:43 -0400] "GET /proven-strategies-to-skyrocket-your-subscriber-count/ HTTP/1.1" 200 11837 "-" "meta-externalagent/1.1 (+https://developers.facebook.com/docs/sharing/webmasters/crawler)"
217.113.194.224 - - [15/Apr/2025:23:39:55 -0400] "GET /hanoi-massage/feed/ HTTP/1.1" 200 461 "-" "Mozilla/5.0 (compatible; Barkrowler/0.9; +https://babbar.tech/crawler)"
217.113.194.224 - - [15/Apr/2025:23:40:14 -0400] "GET /careers-in-the-carpenter-trade/ HTTP/1.1" 200 11839 "-" "Mozilla/5.0 (compatible; Barkrowler/0.9; +https://babbar.tech/crawler)"
217.113.194.231 - - [15/Apr/2025:23:40:30 -0400] "GET /how-to-master-guitar-playing/feed/ HTTP/1.1" 200 392 "-" "Mozilla/5.0 (compatible; Barkrowler/0.9; +https://babbar.tech/crawler)"
198.54.114.83 - - [15/Apr/2025:23:40:33 -0400] "POST /wp-cron.php?doing_wp_cron=1744774831.5772340297698974609375 HTTP/1.1" 200 0 "-" "WordPress/6.7.2; https://the80itspod.com"
217.113.194.228 - - [15/Apr/2025:23:40:50 -0400] "GET /how-to-master-guitar-playing/ HTTP/1.1" 200 12131 "-" "Mozilla/5.0 (compatible; Barkrowler/0.9; +https://babbar.tech/crawler)"
114.119.128.26 - - [15/Apr/2025:23:40:58 -0400] "GET /what-is-online-poker/ HTTP/1.1" 200 11776 "https://the80itspod.com/page/50/?SA" "Mozilla/5.0 (Linux; Android 7.0;) AppleWebKit/537.36 (KHTML, like Gecko) Mobile Safari/537.36 (compatible; PetalBot;+https://webmaster.petalsearch.com/site/petalbot)"
54.36.148.159 - - [15/Apr/2025:23:41:09 -0400] "GET /cbd-uk-what-is-it/feed/ HTTP/1.1" 200 393 "-" "Mozilla/5.0 (compatible; AhrefsBot/7.0; +http://ahrefs.com/robot/)"
154.54.249.217 - - [15/Apr/2025:23:41:10 -0400] "GET /how-to-win-in-a-casino/ HTTP/1.1" 200 13076 "-" "Mozilla/5.0 (compatible; Barkrowler/0.9; +https://babbar.tech/crawler)"
217.113.194.225 - - [15/Apr/2025:23:41:28 -0400] "GET /how-to-record-on-snapchat/feed/ HTTP/1.1" 200 414 "-" "Mozilla/5.0 (compatible; Barkrowler/0.9; +https://babbar.tech/crawler)"
212.34.147.142 - - [15/Apr/2025:23:41:34 -0400] "GET /common-customer-complaints-8-examples-and/ HTTP/1.1" 200 85557 "https://the80itspod.com/common-customer-complaints-8-examples-and/" "Mozilla/5.0 (Windows NT 10.0; Win64; x64) AppleWebKit/537.36 (KHTML, like Gecko) Chrome/131.0.0.0 Safari/537.36"
198.54.114.83 - - [15/Apr/2025:23:41:36 -0400] "POST /wp-cron.php?doing_wp_cron=1744774895.1783850193023681640625 HTTP/1.1" 200 0 "-" "WordPress/6.7.2; https://the80itspod.com"
66.249.79.66 - - [15/Apr/2025:23:41:34 -0400] "GET /grand-dunman-a-new-condo-development-in-tanjong-katong/feed/ HTTP/1.1" 200 430 "-" "Mozilla/5.0 (Linux; Android 6.0.1; Nexus 5X Build/MMB29P) AppleWebKit/537.36 (KHTML, like Gecko) Chrome/135.0.7049.84 Mobile Safari/537.36 (compatible; Googlebot/2.1; +http://www.google.com/bot.html)"
212.34.147.142 - - [15/Apr/2025:23:41:36 -0400] "POST /wp-comments-post.php HTTP/1.1" 302 0 "https://the80itspod.com/common-customer-complaints-8-examples-and/" "Mozilla/5.0 (Windows NT 10.0; Win64; x64) AppleWebKit/537.36 (KHTML, like Gecko) Chrome/131.0.0.0 Safari/537.36"
212.34.147.142 - - [15/Apr/2025:23:41:44 -0400] "GET /common-customer-complaints-8-examples-and/ HTTP/1.1" 200 86271 "https://the80itspod.com/common-customer-complaints-8-examples-and/#comment-51555" "Mozilla/5.0 (Windows NT 10.0; Win64; x64) AppleWebKit/537.36 (KHTML, like Gecko) Chrome/131.0.0.0 Safari/537.36"
217.113.194.224 - - [15/Apr/2025:23:41:47 -0400] "GET /how-to-predict-tennis-matches/ HTTP/1.1" 200 12690 "-" "Mozilla/5.0 (compatible; Barkrowler/0.9; +https://babbar.tech/crawler)"
18.222.135.39 - - [15/Apr/2025:23:42:03 -0400] "GET /why-you-shouldnt-buy-youtube-subscribers HTTP/1.1" 301 0 "-" "Mozilla/5.0 AppleWebKit/537.36 (KHTML, like Gecko; compatible; ClaudeBot/1.0; +claudebot@anthropic.com)"
18.222.135.39 - - [15/Apr/2025:23:42:03 -0400] "GET /back-pain-shoulder-blade/feed HTTP/1.1" 301 0 "-" "Mozilla/5.0 AppleWebKit/537.36 (KHTML, like Gecko; compatible; ClaudeBot/1.0; +claudebot@anthropic.com)"
66.249.79.67 - - [15/Apr/2025:23:42:03 -0400] "GET /blossoms-by-the-park-in-district-5/feed/ HTTP/1.1" 200 400 "-" "Mozilla/5.0 (Linux; Android 6.0.1; Nexus 5X Build/MMB29P) AppleWebKit/537.36 (KHTML, like Gecko) Chrome/135.0.7049.84 Mobile Safari/537.36 (compatible; Googlebot/2.1; +http://www.google.com/bot.html)"
217.113.194.225 - - [15/Apr/2025:23:42:05 -0400] "GET /how-to-do-diamond-painting/ HTTP/1.1" 200 12280 "-" "Mozilla/5.0 (compatible; Barkrowler/0.9; +https://babbar.tech/crawler)"
18.222.135.39 - - [15/Apr/2025:23:42:05 -0400] "GET /why-you-shouldnt-buy-youtube-subscribers/ HTTP/1.1" 200 11659 "https://the80itspod.com/why-you-shouldnt-buy-youtube-subscribers" "Mozilla/5.0 AppleWebKit/537.36 (KHTML, like Gecko; compatible; ClaudeBot/1.0; +claudebot@anthropic.com)"
18.222.135.39 - - [15/Apr/2025:23:42:05 -0400] "GET /back-pain-shoulder-blade/feed/ HTTP/1.1" 200 391 "https://the80itspod.com/back-pain-shoulder-blade/feed" "Mozilla/5.0 AppleWebKit/537.36 (KHTML, like Gecko; compatible; ClaudeBot/1.0; +claudebot@anthropic.com)"
66.249.79.66 - - [15/Apr/2025:23:42:19 -0400] "GET /terra-hill-pasir-panjang/feed/ HTTP/1.1" 200 391 "-" "Mozilla/5.0 (Linux; Android 6.0.1; Nexus 5X Build/MMB29P) AppleWebKit/537.36 (KHTML, like Gecko) Chrome/135.0.7049.84 Mobile Safari/537.36 (compatible; Googlebot/2.1; +http://www.google.com/bot.html)"
114.119.149.108 - - [15/Apr/2025:23:42:22 -0400] "GET /page/83/ HTTP/1.1" 200 13237 "https://the80itspod.com/page/82/" "Mozilla/5.0 (Linux; Android 7.0;) AppleWebKit/537.36 (KHTML, like Gecko) Mobile Safari/537.36 (compatible; PetalBot;+https://webmaster.petalsearch.com/site/petalbot)"
217.113.194.231 - - [15/Apr/2025:23:42:22 -0400] "GET /abrasive-wheels-training/ HTTP/1.1" 200 11718 "-" "Mozilla/5.0 (compatible; Barkrowler/0.9; +https://babbar.tech/crawler)"
217.113.194.231 - - [15/Apr/2025:23:42:40 -0400] "GET /designer-crossbody-bags/feed/ HTTP/1.1" 200 382 "-" "Mozilla/5.0 (compatible; Barkrowler/0.9; +https://babbar.tech/crawler)"
198.54.114.83 - - [15/Apr/2025:23:42:44 -0400] "POST /wp-cron.php?doing_wp_cron=1744774961.8824129104614257812500 HTTP/1.1" 200 0 "-" "WordPress/6.7.2; https://the80itspod.com"
217.113.194.229 - - [15/Apr/2025:23:43:00 -0400] "GET /a-digital-revolution/feed/ HTTP/1.1" 200 374 "-" "Mozilla/5.0 (compatible; Barkrowler/0.9; +https://babbar.tech/crawler)"
217.113.194.224 - - [15/Apr/2025:23:43:19 -0400] "GET /amd-processors/feed/ HTTP/1.1" 200 372 "-" "Mozilla/5.0 (compatible; Barkrowler/0.9; +https://babbar.tech/crawler)"
54.36.148.183 - - [15/Apr/2025:23:43:34 -0400] "GET /top-five-sydney-galleries/feed/ HTTP/1.1" 304 0 "-" "Mozilla/5.0 (compatible; AhrefsBot/7.0; +http://ahrefs.com/robot/)"
217.113.194.229 - - [15/Apr/2025:23:43:37 -0400] "GET /games-for-exhibition-stands/ HTTP/1.1" 200 11659 "-" "Mozilla/5.0 (compatible; Barkrowler/0.9; +https://babbar.tech/crawler)"
198.54.114.83 - - [15/Apr/2025:23:43:47 -0400] "POST /wp-cron.php?doing_wp_cron=1744775025.9636769294738769531250 HTTP/1.1" 200 0 "-" "WordPress/6.7.2; https://the80itspod.com"
114.119.139.247 - - [15/Apr/2025:23:43:45 -0400] "GET /page/121/ HTTP/1.1" 200 13257 "https://the80itspod.com/page/124/" "Mozilla/5.0 (Linux; Android 7.0;) AppleWebKit/537.36 (KHTML, like Gecko) Mobile Safari/537.36 (compatible; PetalBot;+https://webmaster.petalsearch.com/site/petalbot)"
217.113.194.229 - - [15/Apr/2025:23:43:53 -0400] "GET /auto-cold-drawing-machine/ HTTP/1.1" 200 12255 "-" "Mozilla/5.0 (compatible; Barkrowler/0.9; +https://babbar.tech/crawler)"
2a03:2880:f800:18:: - - [15/Apr/2025:23:43:54 -0400] "GET /lights-camera-action-the-art-of-crafting-an-advertising-film/ HTTP/1.1" 200 11842 "-" "meta-externalagent/1.1 (+https://developers.facebook.com/docs/sharing/webmasters/crawler)"
2a03:2880:f800:b:: - - [15/Apr/2025:23:43:57 -0400] "GET /the-best-massage-gun/ HTTP/1.1" 200 11716 "-" "meta-externalagent/1.1 (+https://developers.facebook.com/docs/sharing/webmasters/crawler)"
2a03:2880:f800:1a:: - - [15/Apr/2025:23:43:59 -0400] "GET /west-vancouver-remodeling-services/ HTTP/1.1" 200 11696 "-" "meta-externalagent/1.1 (+https://developers.facebook.com/docs/sharing/webmasters/crawler)"
2a03:2880:f800:1c:: - - [15/Apr/2025:23:44:02 -0400] "GET /?p=584 HTTP/1.1" 301 0 "-" "meta-externalagent/1.1 (+https://developers.facebook.com/docs/sharing/webmasters/crawler)"
2a03:2880:f800:14:: - - [15/Apr/2025:23:44:06 -0400] "GET /3-puntos-importantes-a-considerar-para-elegir-una-agencia-digital/ HTTP/1.1" 200 12380 "-" "meta-externalagent/1.1 (+https://developers.facebook.com/docs/sharing/webmasters/crawler)"
217.113.194.224 - - [15/Apr/2025:23:44:09 -0400] "GET /online-gitarre-lernen/ HTTP/1.1" 200 12027 "-" "Mozilla/5.0 (compatible; Barkrowler/0.9; +https://babbar.tech/crawler)"
217.113.194.225 - - [15/Apr/2025:23:44:27 -0400] "GET /kassia-location-map/ HTTP/1.1" 200 13079 "-" "Mozilla/5.0 (compatible; Barkrowler/0.9; +https://babbar.tech/crawler)"
198.54.114.83 - - [15/Apr/2025:23:44:48 -0400] "POST /wp-cron.php?doing_wp_cron=1744775086.6413888931274414062500 HTTP/1.1" 200 0 "-" "WordPress/6.7.2; https://the80itspod.com"
217.113.194.226 - - [15/Apr/2025:23:44:45 -0400] "GET /german-lessons-near-me/feed/ HTTP/1.1" 200 384 "-" "Mozilla/5.0 (compatible; Barkrowler/0.9; +https://babbar.tech/crawler)"
213.180.203.228 - - [15/Apr/2025:23:44:49 -0400] "GET /robots.txt HTTP/1.1" 304 0 "-" "Mozilla/5.0 (compatible; YandexBot/3.0; +http://yandex.com/bots)"
213.180.203.35 - - [15/Apr/2025:23:44:51 -0400] "GET /boat-rentals-in-flathead-lake/ HTTP/1.1" 200 12461 "-" "Mozilla/5.0 (compatible; YandexBot/3.0; +http://yandex.com/bots)"
217.113.194.227 - - [15/Apr/2025:23:45:06 -0400] "GET /german-lesson-near-me/ HTTP/1.1" 200 11815 "-" "Mozilla/5.0 (compatible; Barkrowler/0.9; +https://babbar.tech/crawler)"
114.119.156.55 - - [15/Apr/2025:23:45:09 -0400] "GET /page/109/?NA HTTP/1.1" 200 13138 "https://the80itspod.com/page/109/?NA" "Mozilla/5.0 (Linux; Android 7.0;) AppleWebKit/537.36 (KHTML, like Gecko) Mobile Safari/537.36 (compatible; PetalBot;+https://webmaster.petalsearch.com/site/petalbot)"
66.249.79.66 - - [15/Apr/2025:23:45:25 -0400] "GET /what-to-look-for-in-a-gas-mask-for-sale/feed/ HTTP/1.1" 200 411 "-" "Mozilla/5.0 (Linux; Android 6.0.1; Nexus 5X Build/MMB29P) AppleWebKit/537.36 (KHTML, like Gecko) Chrome/135.0.7049.84 Mobile Safari/537.36 (compatible; Googlebot/2.1; +http://www.google.com/bot.html)"
217.113.194.223 - - [15/Apr/2025:23:45:25 -0400] "GET /kiddush-cup/feed/ HTTP/1.1" 200 369 "-" "Mozilla/5.0 (compatible; Barkrowler/0.9; +https://babbar.tech/crawler)"
54.36.149.39 - - [15/Apr/2025:23:45:42 -0400] "GET /top-5-must-visit-places-in-brisbane/feed/ HTTP/1.1" 200 406 "-" "Mozilla/5.0 (compatible; AhrefsBot/7.0; +http://ahrefs.com/robot/)"
217.113.194.222 - - [15/Apr/2025:23:45:43 -0400] "GET /un-soutien-essentiel/ HTTP/1.1" 200 11830 "-" "Mozilla/5.0 (compatible; Barkrowler/0.9; +https://babbar.tech/crawler)"
66.249.79.66 - - [15/Apr/2025:23:46:00 -0400] "GET /jden-capitaland-a-great-location-plenty-of-amenities-and-a-reputable-developer/feed/ HTTP/1.1" 200 457 "-" "Mozilla/5.0 (Linux; Android 6.0.1; Nexus 5X Build/MMB29P) AppleWebKit/537.36 (KHTML, like Gecko) Chrome/135.0.7049.84 Mobile Safari/537.36 (compatible; Googlebot/2.1; +http://www.google.com/bot.html)"
198.54.114.83 - - [15/Apr/2025:23:46:03 -0400] "POST /wp-cron.php?doing_wp_cron=1744775161.3689219951629638671875 HTTP/1.1" 200 0 "-" "WordPress/6.7.2; https://the80itspod.com"
217.113.194.231 - - [15/Apr/2025:23:46:03 -0400] "GET /a-comprehensive-guide/ HTTP/1.1" 200 11724 "-" "Mozilla/5.0 (compatible; Barkrowler/0.9; +https://babbar.tech/crawler)"
217.113.194.229 - - [15/Apr/2025:23:46:20 -0400] "GET /fishing-pick-up-lines/feed/ HTTP/1.1" 200 391 "-" "Mozilla/5.0 (compatible; Barkrowler/0.9; +https://babbar.tech/crawler)"
66.249.79.65 - - [15/Apr/2025:23:46:29 -0400] "GET /firefox-130-brings-a-few-ai-features-including/feed/ HTTP/1.1" 200 424 "-" "Mozilla/5.0 (Linux; Android 6.0.1; Nexus 5X Build/MMB29P) AppleWebKit/537.36 (KHTML, like Gecko) Chrome/135.0.7049.84 Mobile Safari/537.36 (compatible; Googlebot/2.1; +http://www.google.com/bot.html)"
114.119.158.43 - - [15/Apr/2025:23:46:33 -0400] "GET /page/12/?MA HTTP/1.1" 200 12953 "https://the80itspod.com/page/9/?MA" "Mozilla/5.0 (Linux; Android 7.0;) AppleWebKit/537.36 (KHTML, like Gecko) Mobile Safari/537.36 (compatible; PetalBot;+https://webmaster.petalsearch.com/site/petalbot)"
217.113.194.222 - - [15/Apr/2025:23:46:37 -0400] "GET /what-is-the-amber-sea/feed/ HTTP/1.1" 200 385 "-" "Mozilla/5.0 (compatible; Barkrowler/0.9; +https://babbar.tech/crawler)"
154.54.249.217 - - [15/Apr/2025:23:46:54 -0400] "GET /what-is-lottery-gambling/ HTTP/1.1" 200 12386 "-" "Mozilla/5.0 (compatible; Barkrowler/0.9; +https://babbar.tech/crawler)"
114.10.47.95 - - [15/Apr/2025:23:46:52 -0400] "POST /wp-login.php/wp-login.php HTTP/1.1" 200 0 "-" "python-requests/2.32.3"
217.113.194.222 - - [15/Apr/2025:23:47:10 -0400] "GET /buy-itunes-gift-card/ HTTP/1.1" 200 11565 "-" "Mozilla/5.0 (compatible; Barkrowler/0.9; +https://babbar.tech/crawler)"
217.113.194.222 - - [15/Apr/2025:23:47:28 -0400] "GET /big-bags-are-back/ HTTP/1.1" 200 12400 "-" "Mozilla/5.0 (compatible; Barkrowler/0.9; +https://babbar.tech/crawler)"
198.54.114.83 - - [15/Apr/2025:23:47:31 -0400] "POST /wp-cron.php?doing_wp_cron=1744775250.6784029006958007812500 HTTP/1.1" 200 0 "-" "WordPress/6.7.2; https://the80itspod.com"
52.15.96.123 - - [15/Apr/2025:23:47:29 -0400] "GET /wp-json/oembed/1.0/embed?url=https%3A%2F%2Fthe80itspod.com%2Fback-pain-shoulder-blade%2F HTTP/1.1" 200 2224 "-" "Mozilla/5.0 AppleWebKit/537.36 (KHTML, like Gecko; compatible; ClaudeBot/1.0; +claudebot@anthropic.com)"
198.54.114.83 - - [15/Apr/2025:23:47:33 -0400] "POST /wp-admin/admin-ajax.php?action=async_litespeed&nonce=vjwvfbMRRTjf6QbTUWGhPOG2minGpVwc&litespeed_type=imgoptm HTTP/1.1" 200 0 "-" "WordPress/6.7.2; https://the80itspod.com"
217.113.194.224 - - [15/Apr/2025:23:47:44 -0400] "GET /a-cultural-renaissance/ HTTP/1.1" 200 11684 "-" "Mozilla/5.0 (compatible; Barkrowler/0.9; +https://babbar.tech/crawler)"
54.36.149.74 - - [15/Apr/2025:23:47:57 -0400] "GET /les-panneaux-muraux-en-marbre-pour-un-interieur-elegant/ HTTP/1.1" 200 11914 "-" "Mozilla/5.0 (compatible; AhrefsBot/7.0; +http://ahrefs.com/robot/)"
217.113.194.229 - - [15/Apr/2025:23:48:03 -0400] "GET /what-does-a-lawyer-do/ HTTP/1.1" 200 11740 "-" "Mozilla/5.0 (compatible; Barkrowler/0.9; +https://babbar.tech/crawler)"
198.54.114.83 - - [15/Apr/2025:23:48:24 -0400] "POST /wp-cron.php?doing_wp_cron=1744775303.0513439178466796875000 HTTP/1.1" 200 0 "-" "WordPress/6.7.2; https://the80itspod.com"
198.54.114.83 - - [15/Apr/2025:23:48:25 -0400] "POST /wp-admin/admin-ajax.php?action=async_litespeed&nonce=ZafPQoITGdnzqjgmHBiQFXTMs7wBY2Ul&litespeed_type=imgoptm HTTP/1.1" 200 0 "-" "WordPress/6.7.2; https://the80itspod.com"
217.113.194.230 - - [15/Apr/2025:23:48:22 -0400] "GET /american-football-history/ HTTP/1.1" 200 12364 "-" "Mozilla/5.0 (compatible; Barkrowler/0.9; +https://babbar.tech/crawler)"
217.113.194.253 - - [15/Apr/2025:23:48:42 -0400] "GET /mushroom-grow-kits/ HTTP/1.1" 200 11723 "-" "Mozilla/5.0 (compatible; Barkrowler/0.9; +https://babbar.tech/crawler)"
154.54.249.217 - - [15/Apr/2025:23:49:00 -0400] "GET /cache-level-3-courses/ HTTP/1.1" 200 11622 "-" "Mozilla/5.0 (compatible; Barkrowler/0.9; +https://babbar.tech/crawler)"
217.113.194.226 - - [15/Apr/2025:23:49:16 -0400] "GET /sarm-capsules/ HTTP/1.1" 200 12240 "-" "Mozilla/5.0 (compatible; Barkrowler/0.9; +https://babbar.tech/crawler)"
198.54.114.83 - - [15/Apr/2025:23:49:35 -0400] "POST /wp-cron.php?doing_wp_cron=1744775373.6276240348815917968750 HTTP/1.1" 200 0 "-" "WordPress/6.7.2; https://the80itspod.com"
217.113.194.231 - - [15/Apr/2025:23:49:32 -0400] "GET /sarm-capsules/feed/ HTTP/1.1" 200 374 "-" "Mozilla/5.0 (compatible; Barkrowler/0.9; +https://babbar.tech/crawler)"
185.218.124.157 - - [15/Apr/2025:23:49:44 -0400] "GET /wp-login.php HTTP/1.1" 200 1760 "http://the80itspod.com" "Mozilla/5.0 (Windows NT 10.0; Win64; x64) AppleWebKit/537.36 (KHTML, like Gecko) Chrome/114.0.5735.199 Safari/537.36 Edg/114.0.1823.67"
154.54.249.217 - - [15/Apr/2025:23:49:50 -0400] "GET /category/activity/page/18/ HTTP/1.1" 200 11431 "-" "Mozilla/5.0 (compatible; Barkrowler/0.9; +https://babbar.tech/crawler)"
54.36.148.47 - - [15/Apr/2025:23:50:12 -0400] "GET /la-tranquillite-desprit-avec-lassurance-rc/ HTTP/1.1" 200 12014 "-" "Mozilla/5.0 (compatible; AhrefsBot/7.0; +http://ahrefs.com/robot/)"
66.249.79.73 - - [15/Apr/2025:23:50:12 -0400] "GET /four-motivations-to-utilize-reused-building-materials/ HTTP/1.1" 200 12414 "-" "Mozilla/5.0 (Linux; Android 6.0.1; Nexus 5X Build/MMB29P) AppleWebKit/537.36 (KHTML, like Gecko) Chrome/135.0.7049.84 Mobile Safari/537.36 (compatible; Googlebot/2.1; +http://www.google.com/bot.html)"
217.113.194.225 - - [15/Apr/2025:23:50:14 -0400] "GET /category/activity/page/33/ HTTP/1.1" 200 11340 "-" "Mozilla/5.0 (compatible; Barkrowler/0.9; +https://babbar.tech/crawler)"
66.249.79.72 - - [15/Apr/2025:23:50:18 -0400] "GET /michael-kors-bags-sales/feed/ HTTP/1.1" 200 380 "-" "Mozilla/5.0 (Linux; Android 6.0.1; Nexus 5X Build/MMB29P) AppleWebKit/537.36 (KHTML, like Gecko) Chrome/135.0.7049.84 Mobile Safari/537.36 (compatible; Googlebot/2.1; +http://www.google.com/bot.html)"
66.249.79.71 - - [15/Apr/2025:23:50:23 -0400] "GET /buy-youtube-comments-custom/ HTTP/1.1" 200 12455 "-" "Mozilla/5.0 (Linux; Android 6.0.1; Nexus 5X Build/MMB29P) AppleWebKit/537.36 (KHTML, like Gecko) Chrome/135.0.7049.84 Mobile Safari/537.36 (compatible; Googlebot/2.1; +http://www.google.com/bot.html)"
154.54.249.217 - - [15/Apr/2025:23:50:32 -0400] "GET /category/activity/page/32/ HTTP/1.1" 200 11313 "-" "Mozilla/5.0 (compatible; Barkrowler/0.9; +https://babbar.tech/crawler)"
217.113.194.226 - - [15/Apr/2025:23:50:50 -0400] "GET /category/activity/page/19/ HTTP/1.1" 200 11417 "-" "Mozilla/5.0 (compatible; Barkrowler/0.9; +https://babbar.tech/crawler)"
198.54.114.83 - - [15/Apr/2025:23:51:02 -0400] "POST /wp-admin/admin-ajax.php?action=async_litespeed&nonce=MOFCyYmIAtAh0mYn9abTrGczUCDGWSqw&litespeed_type=imgoptm HTTP/1.1" 200 0 "-" "WordPress/6.7.2; https://the80itspod.com"
2804:2904:43f:200:71d6:b0e3:3d9c:7004 - - [15/Apr/2025:23:51:01 -0400] "POST /wp-login.php HTTP/1.1" 503 6991 "https://the80itspod.com/wp-admin/" "Mozilla/5.0 (Windows NT 10.0; Win64; x64) AppleWebKit/537.36 (KHTML, like Gecko) Chrome/90.0.4430.85 Safari/537.36"
2804:2904:43f:200:71d6:b0e3:3d9c:7004 - - [15/Apr/2025:23:51:04 -0400] "GET /wp-admin/ HTTP/1.1" 503 6991 "https://www.google.com" "Mozilla/5.0 (Windows NT 10.0; Win64; x64) AppleWebKit/537.36 (KHTML, like Gecko) Chrome/90.0.4430.85 Safari/537.36"
217.113.194.224 - - [15/Apr/2025:23:51:06 -0400] "GET /category/activity/page/100/ HTTP/1.1" 200 11361 "-" "Mozilla/5.0 (compatible; Barkrowler/0.9; +https://babbar.tech/crawler)"
217.113.194.226 - - [15/Apr/2025:23:51:21 -0400] "GET /category/activity/page/34/ HTTP/1.1" 200 11481 "-" "Mozilla/5.0 (compatible; Barkrowler/0.9; +https://babbar.tech/crawler)"
217.113.194.230 - - [15/Apr/2025:23:51:38 -0400] "GET /category/activity/page/17/ HTTP/1.1" 200 11390 "-" "Mozilla/5.0 (compatible; Barkrowler/0.9; +https://babbar.tech/crawler)"
198.54.114.83 - - [15/Apr/2025:23:51:45 -0400] "POST /wp-cron.php?doing_wp_cron=1744775504.5465741157531738281250 HTTP/1.1" 200 0 "-" "WordPress/6.7.2; https://the80itspod.com"
2a03:2880:f800:11:: - - [15/Apr/2025:23:51:43 -0400] "GET /tips-to-get-the-best-free-slots-online/feed/ HTTP/1.1" 200 410 "-" "meta-externalagent/1.1 (+https://developers.facebook.com/docs/sharing/webmasters/crawler)"
2a03:2880:f800:3:: - - [15/Apr/2025:23:51:46 -0400] "GET /how-to-find-the-best-overseas-soccer-relay-sites/ HTTP/1.1" 200 13173 "-" "meta-externalagent/1.1 (+https://developers.facebook.com/docs/sharing/webmasters/crawler)"
91.84.98.204 - - [15/Apr/2025:23:51:58 -0400] "GET /advantages-of-factory-automation/ HTTP/1.1" 200 12288 "https://the80itspod.com/advantages-of-factory-automation/" "Mozilla/5.0 (Windows NT 10.0; Win64; x64) AppleWebKit/537.36 (KHTML, like Gecko) Chrome/130.0.0.0 Safari/537.36 CCleaner/130.0.0.0"
217.113.194.229 - - [15/Apr/2025:23:52:00 -0400] "GET /category/activity/page/20/ HTTP/1.1" 200 11143 "-" "Mozilla/5.0 (compatible; Barkrowler/0.9; +https://babbar.tech/crawler)"
2a03:2880:f800:8:: - - [15/Apr/2025:23:52:02 -0400] "GET /?p=2262 HTTP/1.1" 301 0 "-" "meta-externalagent/1.1 (+https://developers.facebook.com/docs/sharing/webmasters/crawler)"
91.84.98.204 - - [15/Apr/2025:23:52:06 -0400] "POST /wp-comments-post.php HTTP/1.1" 302 0 "https://the80itspod.com/advantages-of-factory-automation/" "Mozilla/5.0 (Windows NT 10.0; Win64; x64) AppleWebKit/537.36 (KHTML, like Gecko) Chrome/130.0.0.0 Safari/537.36 CCleaner/130.0.0.0"
2a03:2880:f800:10:: - - [15/Apr/2025:23:52:15 -0400] "GET /exploring-the-kassia-showflat/ HTTP/1.1" 200 11613 "-" "meta-externalagent/1.1 (+https://developers.facebook.com/docs/sharing/webmasters/crawler)"
91.84.98.204 - - [15/Apr/2025:23:52:17 -0400] "GET /advantages-of-factory-automation/ HTTP/1.1" 200 13827 "https://the80itspod.com/advantages-of-factory-automation/#comment-51556" "Mozilla/5.0 (Windows NT 10.0; Win64; x64) AppleWebKit/537.36 (KHTML, like Gecko) Chrome/130.0.0.0 Safari/537.36 CCleaner/130.0.0.0"
54.36.148.243 - - [15/Apr/2025:23:52:23 -0400] "GET /kiddush-cup/feed/ HTTP/1.1" 304 0 "-" "Mozilla/5.0 (compatible; AhrefsBot/7.0; +http://ahrefs.com/robot/)"
217.113.194.226 - - [15/Apr/2025:23:52:21 -0400] "GET /nutritional-supplement/feed/ HTTP/1.1" 200 377 "-" "Mozilla/5.0 (compatible; Barkrowler/0.9; +https://babbar.tech/crawler)"
217.113.194.222 - - [15/Apr/2025:23:52:49 -0400] "GET /flathead-lake-cruises/ HTTP/1.1" 200 12424 "-" "Mozilla/5.0 (compatible; Barkrowler/0.9; +https://babbar.tech/crawler)"
2a03:2880:f800:1c:: - - [15/Apr/2025:23:53:12 -0400] "GET /?p=595 HTTP/1.1" 301 0 "-" "meta-externalagent/1.1 (+https://developers.facebook.com/docs/sharing/webmasters/crawler)"
154.54.249.217 - - [15/Apr/2025:23:53:13 -0400] "GET /some-birthday-cake-ideas/ HTTP/1.1" 200 12498 "-" "Mozilla/5.0 (compatible; Barkrowler/0.9; +https://babbar.tech/crawler)"
198.54.114.83 - - [15/Apr/2025:23:53:18 -0400] "POST /wp-cron.php?doing_wp_cron=1744775594.3668830394744873046875 HTTP/1.1" 200 0 "-" "WordPress/6.7.2; https://the80itspod.com"
198.54.114.83 - - [15/Apr/2025:23:53:18 -0400] "POST /wp-cron.php?doing_wp_cron=1744775594.3623890876770019531250 HTTP/1.1" 200 0 "-" "WordPress/6.7.2; https://the80itspod.com"
2a03:2880:f800:1a:: - - [15/Apr/2025:23:53:20 -0400] "GET /tips-to-get-the-best-free-slots-online/ HTTP/1.1" 200 12026 "-" "meta-externalagent/1.1 (+https://developers.facebook.com/docs/sharing/webmasters/crawler)"
217.113.194.224 - - [15/Apr/2025:23:53:33 -0400] "GET /financial-planning-and-organisation/ HTTP/1.1" 200 13021 "-" "Mozilla/5.0 (compatible; Barkrowler/0.9; +https://babbar.tech/crawler)"
217.113.194.226 - - [15/Apr/2025:23:53:50 -0400] "GET /club-tokens-and-chips/ HTTP/1.1" 200 12838 "-" "Mozilla/5.0 (compatible; Barkrowler/0.9; +https://babbar.tech/crawler)"
217.113.194.225 - - [15/Apr/2025:23:54:07 -0400] "GET /best-digital-photo-software/feed/ HTTP/1.1" 200 386 "-" "Mozilla/5.0 (compatible; Barkrowler/0.9; +https://babbar.tech/crawler)"
217.113.194.230 - - [15/Apr/2025:23:54:24 -0400] "GET /top-refrigeration-scales/ HTTP/1.1" 200 11801 "-" "Mozilla/5.0 (compatible; Barkrowler/0.9; +https://babbar.tech/crawler)"
198.54.114.83 - - [15/Apr/2025:23:54:32 -0400] "POST /wp-cron.php?doing_wp_cron=1744775671.4940650463104248046875 HTTP/1.1" 200 0 "-" "WordPress/6.7.2; https://the80itspod.com"
18.227.190.228 - - [15/Apr/2025:23:54:30 -0400] "GET /?p=2082 HTTP/1.1" 301 0 "-" "Mozilla/5.0 AppleWebKit/537.36 (KHTML, like Gecko; compatible; ClaudeBot/1.0; +claudebot@anthropic.com)"
18.227.190.228 - - [15/Apr/2025:23:54:35 -0400] "GET /back-pain-shoulder-blade/ HTTP/1.1" 200 11664 "https://the80itspod.com/?p=2082" "Mozilla/5.0 AppleWebKit/537.36 (KHTML, like Gecko; compatible; ClaudeBot/1.0; +claudebot@anthropic.com)"
217.113.194.229 - - [15/Apr/2025:23:54:43 -0400] "GET /autism-therapy-for-adults/ HTTP/1.1" 200 12250 "-" "Mozilla/5.0 (compatible; Barkrowler/0.9; +https://babbar.tech/crawler)"
54.36.148.230 - - [15/Apr/2025:23:54:56 -0400] "GET /revolutionizing-comfort-and-style-in-sock-fashion/feed/ HTTP/1.1" 304 0 "-" "Mozilla/5.0 (compatible; AhrefsBot/7.0; +http://ahrefs.com/robot/)"
217.113.194.228 - - [15/Apr/2025:23:55:03 -0400] "GET /florida-fha-loans/ HTTP/1.1" 200 11664 "-" "Mozilla/5.0 (compatible; Barkrowler/0.9; +https://babbar.tech/crawler)"
217.113.194.253 - - [15/Apr/2025:23:55:20 -0400] "GET /types-danesthesie-dentaire/ HTTP/1.1" 200 12119 "-" "Mozilla/5.0 (compatible; Barkrowler/0.9; +https://babbar.tech/crawler)"
217.113.194.227 - - [15/Apr/2025:23:55:38 -0400] "GET /gadget-stile-di-vita/ HTTP/1.1" 200 12379 "-" "Mozilla/5.0 (compatible; Barkrowler/0.9; +https://babbar.tech/crawler)"
198.54.114.83 - - [15/Apr/2025:23:55:57 -0400] "POST /wp-cron.php?doing_wp_cron=1744775755.7484030723571777343750 HTTP/1.1" 200 0 "-" "WordPress/6.7.2; https://the80itspod.com"
217.113.194.253 - - [15/Apr/2025:23:55:54 -0400] "GET /deep-house-cleaning-services/feed/ HTTP/1.1" 200 391 "-" "Mozilla/5.0 (compatible; Barkrowler/0.9; +https://babbar.tech/crawler)"
2a03:2880:f800:9:: - - [15/Apr/2025:23:55:57 -0400] "GET /?p=2247 HTTP/1.1" 301 0 "-" "meta-externalagent/1.1 (+https://developers.facebook.com/docs/sharing/webmasters/crawler)"
217.113.194.228 - - [15/Apr/2025:23:56:13 -0400] "GET /semenax-review/feed/ HTTP/1.1" 200 373 "-" "Mozilla/5.0 (compatible; Barkrowler/0.9; +https://babbar.tech/crawler)"
217.113.194.229 - - [15/Apr/2025:23:56:32 -0400] "GET /convenience-and-accessibility/ HTTP/1.1" 200 11582 "-" "Mozilla/5.0 (compatible; Barkrowler/0.9; +https://babbar.tech/crawler)"
217.113.194.230 - - [15/Apr/2025:23:56:51 -0400] "GET /kratom-for-sale/feed/ HTTP/1.1" 200 377 "-" "Mozilla/5.0 (compatible; Barkrowler/0.9; +https://babbar.tech/crawler)"
2a03:2880:f800:15:: - - [15/Apr/2025:23:57:02 -0400] "GET /how-to-replace-ray-ban-nose-pads/ HTTP/1.1" 200 12274 "-" "meta-externalagent/1.1 (+https://developers.facebook.com/docs/sharing/webmasters/crawler)"
198.54.114.83 - - [15/Apr/2025:23:57:10 -0400] "POST /wp-cron.php?doing_wp_cron=1744775829.6923420429229736328125 HTTP/1.1" 200 0 "-" "WordPress/6.7.2; https://the80itspod.com"
217.113.194.228 - - [15/Apr/2025:23:57:08 -0400] "GET /star-plus-electrical/feed/ HTTP/1.1" 200 378 "-" "Mozilla/5.0 (compatible; Barkrowler/0.9; +https://babbar.tech/crawler)"
3.15.26.71 - - [15/Apr/2025:23:57:17 -0400] "GET /wp-json/wp/v2/posts/2082 HTTP/1.1" 200 9607 "-" "Mozilla/5.0 AppleWebKit/537.36 (KHTML, like Gecko; compatible; ClaudeBot/1.0; +claudebot@anthropic.com)"
217.113.194.227 - - [15/Apr/2025:23:57:29 -0400] "GET /bookmakers-closing-times/ HTTP/1.1" 200 12185 "-" "Mozilla/5.0 (compatible; Barkrowler/0.9; +https://babbar.tech/crawler)"
54.36.149.23 - - [15/Apr/2025:23:57:31 -0400] "GET /imprimante-photo-pour-smartphone/feed/ HTTP/1.1" 200 386 "-" "Mozilla/5.0 (compatible; AhrefsBot/7.0; +http://ahrefs.com/robot/)"
217.113.194.230 - - [15/Apr/2025:23:57:47 -0400] "GET /popularity-of-online-gambling/feed/ HTTP/1.1" 200 389 "-" "Mozilla/5.0 (compatible; Barkrowler/0.9; +https://babbar.tech/crawler)"
114.119.144.11 - - [15/Apr/2025:23:58:02 -0400] "GET /unlocking-the-thrills-exploring-the-world-of-online-casinos/ HTTP/1.1" 200 11931 "https://the80itspod.com/page/19/?MA" "Mozilla/5.0 (Linux; Android 7.0;) AppleWebKit/537.36 (KHTML, like Gecko) Mobile Safari/537.36 (compatible; PetalBot;+https://webmaster.petalsearch.com/site/petalbot)"
