198.54.114.83 - - [16/Apr/2025:01:41:30 -0400] "POST /wp-cron.php?doing_wp_cron=1744782089.7452869415283203125000 HTTP/1.1" 200 0 "-" "WordPress/6.7.2; https://the80itspod.com"
54.36.148.210 - - [16/Apr/2025:01:41:28 -0400] "GET /how-to-turn-off-live-notifications-on-facebook-iphone/feed/ HTTP/1.1" 304 0 "-" "Mozilla/5.0 (compatible; AhrefsBot/7.0; +http://ahrefs.com/robot/)"
217.113.194.224 - - [16/Apr/2025:01:41:33 -0400] "GET /choosing-an-mba-online-or-in-person/feed/ HTTP/1.1" 200 399 "-" "Mozilla/5.0 (compatible; Barkrowler/0.9; +https://babbar.tech/crawler)"
217.113.194.227 - - [16/Apr/2025:01:41:50 -0400] "GET /hiring-a-divorce-attorney-in-hattingen/feed/ HTTP/1.1" 200 405 "-" "Mozilla/5.0 (compatible; Barkrowler/0.9; +https://babbar.tech/crawler)"
217.113.194.253 - - [16/Apr/2025:01:42:08 -0400] "GET /one-bernam-condo-a-new-lifestyle/feed/ HTTP/1.1" 200 405 "-" "Mozilla/5.0 (compatible; Barkrowler/0.9; +https://babbar.tech/crawler)"
66.249.79.65 - - [16/Apr/2025:01:42:10 -0400] "GET /used-bugatti-for-sale/feed/ HTTP/1.1" 200 386 "-" "Mozilla/5.0 (Linux; Android 6.0.1; Nexus 5X Build/MMB29P) AppleWebKit/537.36 (KHTML, like Gecko) Chrome/135.0.7049.84 Mobile Safari/537.36 (compatible; Googlebot/2.1; +http://www.google.com/bot.html)"
217.113.194.227 - - [16/Apr/2025:01:42:25 -0400] "GET /voiceover-training-what-you-need-to-know/feed/ HTTP/1.1" 200 419 "-" "Mozilla/5.0 (compatible; Barkrowler/0.9; +https://babbar.tech/crawler)"
5.255.231.183 - - [16/Apr/2025:01:42:25 -0400] "GET /lego-for-enthusiasts-of-star-wars/ HTTP/1.1" 200 12766 "-" "Mozilla/5.0 (compatible; YandexBot/3.0; +http://yandex.com/bots)"
198.54.114.83 - - [16/Apr/2025:01:42:44 -0400] "POST /wp-cron.php?doing_wp_cron=1744782164.0600008964538574218750 HTTP/1.1" 200 0 "-" "WordPress/6.7.2; https://the80itspod.com"
217.113.194.227 - - [16/Apr/2025:01:42:43 -0400] "GET /how-manufacturing-loans-can-help-your-business/feed/ HTTP/1.1" 200 418 "-" "Mozilla/5.0 (compatible; Barkrowler/0.9; +https://babbar.tech/crawler)"
198.54.114.83 - - [16/Apr/2025:01:42:45 -0400] "POST /wp-admin/admin-ajax.php?action=async_litespeed&nonce=OjNPJh5DCOyzOuZnYMrHJoPIFAEIwvir&litespeed_type=imgoptm HTTP/1.1" 200 0 "-" "WordPress/6.7.2; https://the80itspod.com"
217.113.194.226 - - [16/Apr/2025:01:43:01 -0400] "GET /agence-de-publicite-en-ligne-paris-14/feed/ HTTP/1.1" 200 410 "-" "Mozilla/5.0 (compatible; Barkrowler/0.9; +https://babbar.tech/crawler)"
66.249.79.67 - - [16/Apr/2025:01:43:01 -0400] "GET /add-elegance-to-your-conservatory-with-blinds/feed/ HTTP/1.1" 200 415 "-" "Mozilla/5.0 (Linux; Android 6.0.1; Nexus 5X Build/MMB29P) AppleWebKit/537.36 (KHTML, like Gecko) Chrome/135.0.7049.84 Mobile Safari/537.36 (compatible; Googlebot/2.1; +http://www.google.com/bot.html)"
54.36.148.219 - - [16/Apr/2025:01:43:12 -0400] "GET /top-3-curly-hair-salons-in-melbourne/feed/ HTTP/1.1" 304 0 "-" "Mozilla/5.0 (compatible; AhrefsBot/7.0; +http://ahrefs.com/robot/)"
198.54.114.83 - - [16/Apr/2025:01:43:21 -0400] "POST /wp-cron.php?doing_wp_cron=1744782200.2073049545288085937500 HTTP/1.1" 200 0 "-" "WordPress/6.7.2; https://the80itspod.com"
217.113.194.228 - - [16/Apr/2025:01:43:19 -0400] "GET /the-helms-row-back-muscle-workout/feed/ HTTP/1.1" 200 415 "-" "Mozilla/5.0 (compatible; Barkrowler/0.9; +https://babbar.tech/crawler)"
198.54.114.83 - - [16/Apr/2025:01:43:22 -0400] "POST /wp-admin/admin-ajax.php?action=async_litespeed&nonce=LTwdfKRZNz4dtuheb4SuhQAF2CApyvYA&litespeed_type=imgoptm HTTP/1.1" 200 5 "-" "WordPress/6.7.2; https://the80itspod.com"
66.249.79.66 - - [16/Apr/2025:01:43:23 -0400] "GET /umzugsunternehmen-fur-jeden-bedarf/feed/ HTTP/1.1" 200 400 "-" "Mozilla/5.0 (Linux; Android 6.0.1; Nexus 5X Build/MMB29P) AppleWebKit/537.36 (KHTML, like Gecko) Chrome/135.0.7049.84 Mobile Safari/537.36 (compatible; Googlebot/2.1; +http://www.google.com/bot.html)"
66.249.79.65 - - [16/Apr/2025:01:43:33 -0400] "GET /choosing-a-cnc-machining-parts-supplier/feed/ HTTP/1.1" 200 407 "-" "Mozilla/5.0 (Linux; Android 6.0.1; Nexus 5X Build/MMB29P) AppleWebKit/537.36 (KHTML, like Gecko) Chrome/135.0.7049.84 Mobile Safari/537.36 (compatible; Googlebot/2.1; +http://www.google.com/bot.html)"
217.113.194.223 - - [16/Apr/2025:01:43:37 -0400] "GET /the-risks-of-using-a-bitcoin-mixer/feed/ HTTP/1.1" 200 407 "-" "Mozilla/5.0 (compatible; Barkrowler/0.9; +https://babbar.tech/crawler)"
154.54.249.217 - - [16/Apr/2025:01:43:54 -0400] "GET /stress-relief-through-business-trip-massage/feed/ HTTP/1.1" 200 445 "-" "Mozilla/5.0 (compatible; Barkrowler/0.9; +https://babbar.tech/crawler)"
198.54.114.83 - - [16/Apr/2025:01:43:56 -0400] "POST /wp-cron.php?doing_wp_cron=1744782234.8544430732727050781250 HTTP/1.1" 200 0 "-" "WordPress/6.7.2; https://the80itspod.com"
217.113.194.224 - - [16/Apr/2025:01:44:12 -0400] "GET /strategies-for-massive-youtube-subscribers/feed/ HTTP/1.1" 200 411 "-" "Mozilla/5.0 (compatible; Barkrowler/0.9; +https://babbar.tech/crawler)"
217.113.194.223 - - [16/Apr/2025:01:44:29 -0400] "GET /wellness-am-ufer-des-gardasees/ HTTP/1.1" 200 11997 "-" "Mozilla/5.0 (compatible; Barkrowler/0.9; +https://babbar.tech/crawler)"
154.54.249.217 - - [16/Apr/2025:01:44:48 -0400] "GET /the-best-casino-in-the-philippines/feed/ HTTP/1.1" 200 398 "-" "Mozilla/5.0 (compatible; Barkrowler/0.9; +https://babbar.tech/crawler)"
217.113.194.227 - - [16/Apr/2025:01:45:05 -0400] "GET /ten-things-youll-love-about-thailand/feed/ HTTP/1.1" 200 415 "-" "Mozilla/5.0 (compatible; Barkrowler/0.9; +https://babbar.tech/crawler)"
198.54.114.83 - - [16/Apr/2025:01:45:23 -0400] "POST /wp-cron.php?doing_wp_cron=1744782322.3502309322357177734375 HTTP/1.1" 200 0 "-" "WordPress/6.7.2; https://the80itspod.com"
217.113.194.231 - - [16/Apr/2025:01:45:21 -0400] "GET /what-does-a-tax-consultant-do/feed/ HTTP/1.1" 200 397 "-" "Mozilla/5.0 (compatible; Barkrowler/0.9; +https://babbar.tech/crawler)"
198.54.114.83 - - [16/Apr/2025:01:45:27 -0400] "POST /wp-admin/admin-ajax.php?action=async_litespeed&nonce=ATfUqQyjUULGWSseXYTIdVBTCD0bAXNs&litespeed_type=imgoptm HTTP/1.1" 200 0 "-" "WordPress/6.7.2; https://the80itspod.com"
54.36.148.44 - - [16/Apr/2025:01:45:27 -0400] "GET /what-is-financial-technology/ HTTP/1.1" 200 11891 "-" "Mozilla/5.0 (compatible; AhrefsBot/7.0; +http://ahrefs.com/robot/)"
217.113.194.229 - - [16/Apr/2025:01:45:41 -0400] "GET /cache-level-3-and-early-learning-centres/feed/ HTTP/1.1" 200 411 "-" "Mozilla/5.0 (compatible; Barkrowler/0.9; +https://babbar.tech/crawler)"
217.113.194.223 - - [16/Apr/2025:01:45:56 -0400] "GET /repairing-nor-cold-cooling-units/feed/ HTTP/1.1" 200 399 "-" "Mozilla/5.0 (compatible; Barkrowler/0.9; +https://babbar.tech/crawler)"
217.113.194.228 - - [16/Apr/2025:01:46:13 -0400] "GET /is-a-michael-kors-backpack-a-luxury/feed/ HTTP/1.1" 200 399 "-" "Mozilla/5.0 (compatible; Barkrowler/0.9; +https://babbar.tech/crawler)"
217.113.194.222 - - [16/Apr/2025:01:46:30 -0400] "GET /accessible-entertainment-at-your-fingertips/ HTTP/1.1" 200 11607 "-" "Mozilla/5.0 (compatible; Barkrowler/0.9; +https://babbar.tech/crawler)"
198.54.114.83 - - [16/Apr/2025:01:46:46 -0400] "POST /wp-cron.php?doing_wp_cron=1744782406.5313670635223388671875 HTTP/1.1" 200 0 "-" "WordPress/6.7.2; https://the80itspod.com"
217.113.194.222 - - [16/Apr/2025:01:46:46 -0400] "GET /a-quick-guide-ice-hockey-betting/feed/ HTTP/1.1" 200 395 "-" "Mozilla/5.0 (compatible; Barkrowler/0.9; +https://babbar.tech/crawler)"
198.54.114.83 - - [16/Apr/2025:01:46:47 -0400] "POST /wp-admin/admin-ajax.php?action=async_litespeed&nonce=vYtXaeT6WqdpIvLYezhy7tlxfVQZVl48&litespeed_type=imgoptm HTTP/1.1" 200 5 "-" "WordPress/6.7.2; https://the80itspod.com"
217.113.194.230 - - [16/Apr/2025:01:47:03 -0400] "GET /5-tips-for-shopping-for-a-mortgage/feed/ HTTP/1.1" 200 400 "-" "Mozilla/5.0 (compatible; Barkrowler/0.9; +https://babbar.tech/crawler)"
2a02:4780:11:1234::73 - - [16/Apr/2025:01:47:11 -0400] "GET /wp-login.php HTTP/1.1" 200 1760 "http://the80itspod.com" "Mozilla/5.0 (Macintosh; Intel Mac OS X 13_3) AppleWebKit/537.36 (KHTML, like Gecko) Chrome/126.0.0.0 Safari/537.36"
198.54.114.83 - - [16/Apr/2025:01:47:21 -0400] "POST /wp-cron.php?doing_wp_cron=1744782441.1886920928955078125000 HTTP/1.1" 200 0 "-" "WordPress/6.7.2; https://the80itspod.com"
154.54.249.217 - - [16/Apr/2025:01:47:20 -0400] "GET /unraveling-the-world-of-online-casinos/feed/ HTTP/1.1" 200 398 "-" "Mozilla/5.0 (compatible; Barkrowler/0.9; +https://babbar.tech/crawler)"
198.54.114.83 - - [16/Apr/2025:01:47:22 -0400] "POST /wp-admin/admin-ajax.php?action=async_litespeed&nonce=4lPSL0kaUYhJAVswas7M8dnJkWN4XqyK&litespeed_type=imgoptm HTTP/1.1" 200 5 "-" "WordPress/6.7.2; https://the80itspod.com"
54.36.148.45 - - [16/Apr/2025:01:47:36 -0400] "GET /what-are-runner-rugs/feed/ HTTP/1.1" 304 0 "-" "Mozilla/5.0 (compatible; AhrefsBot/7.0; +http://ahrefs.com/robot/)"
217.113.194.229 - - [16/Apr/2025:01:47:37 -0400] "GET /benefits-of-sport-socks-no-minimum/feed/ HTTP/1.1" 200 403 "-" "Mozilla/5.0 (compatible; Barkrowler/0.9; +https://babbar.tech/crawler)"
217.113.194.226 - - [16/Apr/2025:01:47:54 -0400] "GET /top-meeting-room-rental-in-qatar/feed/ HTTP/1.1" 200 400 "-" "Mozilla/5.0 (compatible; Barkrowler/0.9; +https://babbar.tech/crawler)"
217.113.194.228 - - [16/Apr/2025:01:48:11 -0400] "GET /top-benefits-of-buying-real-youtube-views/ HTTP/1.1" 200 12336 "-" "Mozilla/5.0 (compatible; Barkrowler/0.9; +https://babbar.tech/crawler)"
198.54.114.83 - - [16/Apr/2025:01:48:28 -0400] "POST /wp-cron.php?doing_wp_cron=1744782508.0757930278778076171875 HTTP/1.1" 200 0 "-" "WordPress/6.7.2; https://the80itspod.com"
217.113.194.227 - - [16/Apr/2025:01:48:27 -0400] "GET /tembusu-grand-a-timeless-allure/feed/ HTTP/1.1" 200 405 "-" "Mozilla/5.0 (compatible; Barkrowler/0.9; +https://babbar.tech/crawler)"
198.54.114.83 - - [16/Apr/2025:01:48:29 -0400] "POST /wp-admin/admin-ajax.php?action=async_litespeed&nonce=Jg2vAGaPcVPl5wsTojLJ1ssjoHL2cZbF&litespeed_type=imgoptm HTTP/1.1" 200 0 "-" "WordPress/6.7.2; https://the80itspod.com"
217.113.194.223 - - [16/Apr/2025:01:48:45 -0400] "GET /a-review-of-a-youtube-video-downloader/feed/ HTTP/1.1" 200 410 "-" "Mozilla/5.0 (compatible; Barkrowler/0.9; +https://babbar.tech/crawler)"
217.113.194.222 - - [16/Apr/2025:01:49:01 -0400] "GET /umzugsunternehmen-in-luneburg/feed/ HTTP/1.1" 200 388 "-" "Mozilla/5.0 (compatible; Barkrowler/0.9; +https://babbar.tech/crawler)"
217.113.194.230 - - [16/Apr/2025:01:49:20 -0400] "GET /the-importance-of-a-water-chimer-filter/ HTTP/1.1" 200 11752 "-" "Mozilla/5.0 (compatible; Barkrowler/0.9; +https://babbar.tech/crawler)"
198.54.114.83 - - [16/Apr/2025:01:49:37 -0400] "POST /wp-cron.php?doing_wp_cron=1744782576.2262830734252929687500 HTTP/1.1" 200 0 "-" "WordPress/6.7.2; https://the80itspod.com"
217.113.194.231 - - [16/Apr/2025:01:49:35 -0400] "GET /a-guide-to-the-borghi-brush-machine-factory/feed/ HTTP/1.1" 200 410 "-" "Mozilla/5.0 (compatible; Barkrowler/0.9; +https://babbar.tech/crawler)"
54.36.149.29 - - [16/Apr/2025:01:49:48 -0400] "GET /how-to-turn-off-an-iphone-8-manually/feed/ HTTP/1.1" 200 410 "-" "Mozilla/5.0 (compatible; AhrefsBot/7.0; +http://ahrefs.com/robot/)"
217.113.194.226 - - [16/Apr/2025:01:49:53 -0400] "GET /un-ajout-elegant-aux-toits/feed/ HTTP/1.1" 200 404 "-" "Mozilla/5.0 (compatible; Barkrowler/0.9; +https://babbar.tech/crawler)"
217.113.194.228 - - [16/Apr/2025:01:50:10 -0400] "GET /inside-dubais-premier-fertility-clinic/feed/ HTTP/1.1" 200 414 "-" "Mozilla/5.0 (compatible; Barkrowler/0.9; +https://babbar.tech/crawler)"
154.54.249.217 - - [16/Apr/2025:01:50:26 -0400] "GET /what-makes-a-bad-dad-joke/feed/ HTTP/1.1" 200 395 "-" "Mozilla/5.0 (compatible; Barkrowler/0.9; +https://babbar.tech/crawler)"
198.54.114.83 - - [16/Apr/2025:01:50:46 -0400] "POST /wp-cron.php?doing_wp_cron=1744782645.3213269710540771484375 HTTP/1.1" 200 0 "-" "WordPress/6.7.2; https://the80itspod.com"
217.113.194.226 - - [16/Apr/2025:01:50:44 -0400] "GET /exploring-the-ingenious-fire-nozzle/feed/ HTTP/1.1" 200 401 "-" "Mozilla/5.0 (compatible; Barkrowler/0.9; +https://babbar.tech/crawler)"
198.54.114.83 - - [16/Apr/2025:01:50:47 -0400] "POST /wp-admin/admin-ajax.php?action=async_litespeed&nonce=RpNc71GNjNHj1j6mgIq1gI4jfMVOHa9l&litespeed_type=imgoptm HTTP/1.1" 200 0 "-" "WordPress/6.7.2; https://the80itspod.com"
217.113.194.226 - - [16/Apr/2025:01:51:04 -0400] "GET /the-power-of-games-at-exhibition-stands/feed/ HTTP/1.1" 200 410 "-" "Mozilla/5.0 (compatible; Barkrowler/0.9; +https://babbar.tech/crawler)"
198.54.114.83 - - [16/Apr/2025:01:51:21 -0400] "POST /wp-cron.php?doing_wp_cron=1744782681.1650969982147216796875 HTTP/1.1" 200 0 "-" "WordPress/6.7.2; https://the80itspod.com"
217.113.194.229 - - [16/Apr/2025:01:51:20 -0400] "GET /comment-fonctionne-un-pendule-en-metal/ HTTP/1.1" 200 12048 "-" "Mozilla/5.0 (compatible; Barkrowler/0.9; +https://babbar.tech/crawler)"
198.54.114.83 - - [16/Apr/2025:01:51:22 -0400] "POST /wp-admin/admin-ajax.php?action=async_litespeed&nonce=u4O0B0g80m9RX2rl8raL4h3UdKPPdkZg&litespeed_type=imgoptm HTTP/1.1" 200 0 "-" "WordPress/6.7.2; https://the80itspod.com"
217.113.194.222 - - [16/Apr/2025:01:51:39 -0400] "GET /podiatrists-picked-the-best-sandals/feed/ HTTP/1.1" 200 400 "-" "Mozilla/5.0 (compatible; Barkrowler/0.9; +https://babbar.tech/crawler)"
54.36.148.89 - - [16/Apr/2025:01:51:55 -0400] "GET /cache-level-3-courses/feed/ HTTP/1.1" 200 385 "-" "Mozilla/5.0 (compatible; AhrefsBot/7.0; +http://ahrefs.com/robot/)"
217.113.194.226 - - [16/Apr/2025:01:51:56 -0400] "GET /unterhaltsreinigung-luneburg/feed/ HTTP/1.1" 200 387 "-" "Mozilla/5.0 (compatible; Barkrowler/0.9; +https://babbar.tech/crawler)"
45.89.148.163 - - [16/Apr/2025:01:52:05 -0400] "GET /the-exciting-world-of-online-casinos/ HTTP/1.1" 200 11762 "-" "Mozilla/5.0 (Windows NT 6.1; U; ru; rv:5.0.1.6) Gecko/20110501 Firefox/5.0.1 Firefox/5.0.1"
217.113.194.225 - - [16/Apr/2025:01:52:14 -0400] "GET /top-5-coffee-shops-in-the-netherlands/feed/ HTTP/1.1" 200 395 "-" "Mozilla/5.0 (compatible; Barkrowler/0.9; +https://babbar.tech/crawler)"
217.113.194.226 - - [16/Apr/2025:01:52:32 -0400] "GET /fenbendazole-for-cancer/feed/ HTTP/1.1" 200 383 "-" "Mozilla/5.0 (compatible; Barkrowler/0.9; +https://babbar.tech/crawler)"
198.54.114.83 - - [16/Apr/2025:01:52:35 -0400] "POST /wp-cron.php?doing_wp_cron=1744782753.0783579349517822265625 HTTP/1.1" 200 0 "-" "WordPress/6.7.2; https://the80itspod.com"
185.157.212.157 - - [16/Apr/2025:01:52:37 -0400] "GET /advantages-of-factory-automation/ HTTP/1.1" 200 12288 "https://the80itspod.com/advantages-of-factory-automation/" "Mozilla/5.0 (Windows NT 10.0; Win64; x64) AppleWebKit/537.36 (KHTML, like Gecko) Chrome/130.0.0.0 Safari/537.36 CCleaner/130.0.0.0"
185.157.212.157 - - [16/Apr/2025:01:52:40 -0400] "POST /wp-comments-post.php HTTP/1.1" 302 0 "https://the80itspod.com/advantages-of-factory-automation/" "Mozilla/5.0 (Windows NT 10.0; Win64; x64) AppleWebKit/537.36 (KHTML, like Gecko) Chrome/130.0.0.0 Safari/537.36 CCleaner/130.0.0.0"
185.157.212.157 - - [16/Apr/2025:01:52:44 -0400] "GET /advantages-of-factory-automation/ HTTP/1.1" 200 13708 "https://the80itspod.com/advantages-of-factory-automation/#comment-51565" "Mozilla/5.0 (Windows NT 10.0; Win64; x64) AppleWebKit/537.36 (KHTML, like Gecko) Chrome/130.0.0.0 Safari/537.36 CCleaner/130.0.0.0"
217.113.194.224 - - [16/Apr/2025:01:52:51 -0400] "GET /marvel-comic-characters-at-casinos/feed/ HTTP/1.1" 200 401 "-" "Mozilla/5.0 (compatible; Barkrowler/0.9; +https://babbar.tech/crawler)"
217.113.194.231 - - [16/Apr/2025:01:53:09 -0400] "GET /elegance-redefined-union-square-residences/feed/ HTTP/1.1" 200 403 "-" "Mozilla/5.0 (compatible; Barkrowler/0.9; +https://babbar.tech/crawler)"
119.28.225.114 - - [16/Apr/2025:01:53:16 -0400] "GET /private-tour-nusa-penida-explore-the-natural-beauty-of-nusa-penida/ HTTP/1.1" 200 13493 "-" "Python/3.10 aiohttp/3.10.5"
114.119.140.170 - - [16/Apr/2025:01:53:26 -0400] "GET /orchard-sophia-a-sanctuary-in-the-heart-of-the-city/ HTTP/1.1" 200 12045 "https://the80itspod.com/page/42/?SD" "Mozilla/5.0 (Linux; Android 7.0;) AppleWebKit/537.36 (KHTML, like Gecko) Mobile Safari/537.36 (compatible; PetalBot;+https://webmaster.petalsearch.com/site/petalbot)"
217.113.194.229 - - [16/Apr/2025:01:53:26 -0400] "GET /the-landmark-condo-in-doral-florida/feed/ HTTP/1.1" 200 406 "-" "Mozilla/5.0 (compatible; Barkrowler/0.9; +https://babbar.tech/crawler)"
217.113.194.225 - - [16/Apr/2025:01:53:43 -0400] "GET /vetement-pilou-pilou-pour-homme/feed/ HTTP/1.1" 200 395 "-" "Mozilla/5.0 (compatible; Barkrowler/0.9; +https://babbar.tech/crawler)"
198.54.114.83 - - [16/Apr/2025:01:53:47 -0400] "POST /wp-cron.php?doing_wp_cron=1744782825.2378120422363281250000 HTTP/1.1" 200 0 "-" "WordPress/6.7.2; https://the80itspod.com"
54.36.148.167 - - [16/Apr/2025:01:53:53 -0400] "GET /la-technologie-neon-au-service-de-la-visibilite-urbaine/feed/ HTTP/1.1" 304 0 "-" "Mozilla/5.0 (compatible; AhrefsBot/7.0; +http://ahrefs.com/robot/)"
217.113.194.225 - - [16/Apr/2025:01:54:03 -0400] "GET /listen-to-the-best-music-on-new-york-radio/feed/ HTTP/1.1" 200 413 "-" "Mozilla/5.0 (compatible; Barkrowler/0.9; +https://babbar.tech/crawler)"
217.113.194.229 - - [16/Apr/2025:01:54:23 -0400] "GET /how-to-fight-back-against-american-profit-recovery/feed/ HTTP/1.1" 200 422 "-" "Mozilla/5.0 (compatible; Barkrowler/0.9; +https://babbar.tech/crawler)"
217.113.194.227 - - [16/Apr/2025:01:54:44 -0400] "GET /how-to-choose-the-best-personal-loan-singapore/ HTTP/1.1" 200 11702 "-" "Mozilla/5.0 (compatible; Barkrowler/0.9; +https://babbar.tech/crawler)"
92.251.103.63 - - [16/Apr/2025:01:55:01 -0400] "GET /relaxation-and-rejuvenation-on-business-trips/ HTTP/1.1" 200 12053 "-" "Mozilla/5.0 (Windows NT 10.0; Win64; x64) AppleWebKit/537.36 (KHTML, like Gecko) Chrome/121.0.0.0 Safari/537.36"
198.54.114.83 - - [16/Apr/2025:01:55:01 -0400] "POST /wp-cron.php?doing_wp_cron=1744782901.1950149536132812500000 HTTP/1.1" 200 0 "-" "WordPress/6.7.2; https://the80itspod.com"
217.113.194.224 - - [16/Apr/2025:01:55:00 -0400] "GET /how-to-turn-photos-to-pdf-on-iphone/feed/ HTTP/1.1" 200 408 "-" "Mozilla/5.0 (compatible; Barkrowler/0.9; +https://babbar.tech/crawler)"
198.54.114.83 - - [16/Apr/2025:01:55:03 -0400] "POST /wp-admin/admin-ajax.php?action=async_litespeed&nonce=TDBc9eW2oijinJNHBAhpEElYzUviOUym&litespeed_type=imgoptm HTTP/1.1" 200 0 "-" "WordPress/6.7.2; https://the80itspod.com"
217.113.194.226 - - [16/Apr/2025:01:55:18 -0400] "GET /how-to-turn-toggle-off-on-iphone/feed/ HTTP/1.1" 200 405 "-" "Mozilla/5.0 (compatible; Barkrowler/0.9; +https://babbar.tech/crawler)"
66.249.79.72 - - [16/Apr/2025:01:55:16 -0400] "GET /page/86/ HTTP/1.1" 200 13070 "-" "Mozilla/5.0 (Linux; Android 6.0.1; Nexus 5X Build/MMB29P) AppleWebKit/537.36 (KHTML, like Gecko) Chrome/135.0.7049.84 Mobile Safari/537.36 (compatible; Googlebot/2.1; +http://www.google.com/bot.html)"
217.113.194.226 - - [16/Apr/2025:01:55:35 -0400] "GET /how-to-boost-your-websites-performance-and-rankings/feed/ HTTP/1.1" 200 424 "-" "Mozilla/5.0 (compatible; Barkrowler/0.9; +https://babbar.tech/crawler)"
66.249.79.71 - - [16/Apr/2025:01:55:49 -0400] "GET /page/88/ HTTP/1.1" 200 13283 "-" "Mozilla/5.0 (Linux; Android 6.0.1; Nexus 5X Build/MMB29P) AppleWebKit/537.36 (KHTML, like Gecko) Chrome/135.0.7049.84 Mobile Safari/537.36 (compatible; Googlebot/2.1; +http://www.google.com/bot.html)"
217.113.194.231 - - [16/Apr/2025:01:55:53 -0400] "GET /how-to-make-a-diamond-painting-using-your-own-photo/feed/ HTTP/1.1" 200 429 "-" "Mozilla/5.0 (compatible; Barkrowler/0.9; +https://babbar.tech/crawler)"
217.113.194.230 - - [16/Apr/2025:01:56:12 -0400] "GET /how-to-care-for-vintage-turkish-rugs/feed/ HTTP/1.1" 200 410 "-" "Mozilla/5.0 (compatible; Barkrowler/0.9; +https://babbar.tech/crawler)"
54.36.149.11 - - [16/Apr/2025:01:56:14 -0400] "GET /how-to-shop-michael-kors-handbag-sales/feed/ HTTP/1.1" 304 0 "-" "Mozilla/5.0 (compatible; AhrefsBot/7.0; +http://ahrefs.com/robot/)"
198.54.114.83 - - [16/Apr/2025:01:56:23 -0400] "POST /wp-admin/admin-ajax.php?action=async_litespeed&nonce=YvMUhVjoxpcfsVXgdm5ZKGiWDu0NYG2U&litespeed_type=imgoptm HTTP/1.1" 200 0 "-" "WordPress/6.7.2; https://the80itspod.com"
217.113.194.229 - - [16/Apr/2025:01:56:29 -0400] "GET /how-to-turn-on-sms-relay-on-iphone/feed/ HTTP/1.1" 200 404 "-" "Mozilla/5.0 (compatible; Barkrowler/0.9; +https://babbar.tech/crawler)"
217.113.194.228 - - [16/Apr/2025:01:56:45 -0400] "GET /how-to-buy-tretinoin-properly/feed/ HTTP/1.1" 200 398 "-" "Mozilla/5.0 (compatible; Barkrowler/0.9; +https://babbar.tech/crawler)"
217.113.194.227 - - [16/Apr/2025:01:57:02 -0400] "GET /how-to-win-big-at-the-powerball-site/feed/ HTTP/1.1" 200 407 "-" "Mozilla/5.0 (compatible; Barkrowler/0.9; +https://babbar.tech/crawler)"
217.113.194.230 - - [16/Apr/2025:01:57:19 -0400] "GET /the-ultimate-guide-to-london-airport-taxi-services/feed/ HTTP/1.1" 200 416 "-" "Mozilla/5.0 (compatible; Barkrowler/0.9; +https://babbar.tech/crawler)"
198.54.114.83 - - [16/Apr/2025:01:57:22 -0400] "POST /wp-admin/admin-ajax.php?action=async_litespeed&nonce=FZqhcS2KoDmVAqDqdDEYBcYekSHprZ15&litespeed_type=imgoptm HTTP/1.1" 200 0 "-" "WordPress/6.7.2; https://the80itspod.com"
217.113.194.226 - - [16/Apr/2025:01:57:36 -0400] "GET /satellite-tv-now-and-into-the-future/feed/ HTTP/1.1" 200 407 "-" "Mozilla/5.0 (compatible; Barkrowler/0.9; +https://babbar.tech/crawler)"
217.113.194.225 - - [16/Apr/2025:01:57:53 -0400] "GET /creative-small-bathroom-renovation-ideas/feed/ HTTP/1.1" 200 405 "-" "Mozilla/5.0 (compatible; Barkrowler/0.9; +https://babbar.tech/crawler)"
217.113.194.226 - - [16/Apr/2025:01:58:11 -0400] "GET /choosing-a-ptfe-hose-manufacturer/feed/ HTTP/1.1" 200 399 "-" "Mozilla/5.0 (compatible; Barkrowler/0.9; +https://babbar.tech/crawler)"
198.54.114.83 - - [16/Apr/2025:01:58:29 -0400] "POST /wp-cron.php?doing_wp_cron=1744783108.9474070072174072265625 HTTP/1.1" 200 0 "-" "WordPress/6.7.2; https://the80itspod.com"
217.113.194.223 - - [16/Apr/2025:01:58:28 -0400] "GET /choosing-the-right-criminal-defense-lawyers/feed/ HTTP/1.1" 200 410 "-" "Mozilla/5.0 (compatible; Barkrowler/0.9; +https://babbar.tech/crawler)"
198.54.114.83 - - [16/Apr/2025:01:58:30 -0400] "POST /wp-admin/admin-ajax.php?action=async_litespeed&nonce=kATRcCJF82YGopQJlQN7VCCPSLd7ZIim&litespeed_type=imgoptm HTTP/1.1" 200 0 "-" "WordPress/6.7.2; https://the80itspod.com"
54.36.148.5 - - [16/Apr/2025:01:58:41 -0400] "GET /how-to-turn-photos-to-pdf-on-iphone/feed/ HTTP/1.1" 304 0 "-" "Mozilla/5.0 (compatible; AhrefsBot/7.0; +http://ahrefs.com/robot/)"
217.113.194.253 - - [16/Apr/2025:01:58:45 -0400] "GET /maximizing-space-with-smart-storage-solutions/feed/ HTTP/1.1" 200 408 "-" "Mozilla/5.0 (compatible; Barkrowler/0.9; +https://babbar.tech/crawler)"
129.226.69.173 - - [16/Apr/2025:01:59:01 -0400] "GET /what-is-a-bitcoin-mixer/ HTTP/1.1" 200 11687 "-" "Python/3.10 aiohttp/3.10.5"
217.113.194.228 - - [16/Apr/2025:01:59:04 -0400] "GET /dental-equipment-suppliers-in-the-uk/feed/ HTTP/1.1" 200 400 "-" "Mozilla/5.0 (compatible; Barkrowler/0.9; +https://babbar.tech/crawler)"
217.113.194.228 - - [16/Apr/2025:01:59:21 -0400] "GET /ein-blick-auf-zeitgemases-design/ HTTP/1.1" 200 11876 "-" "Mozilla/5.0 (compatible; Barkrowler/0.9; +https://babbar.tech/crawler)"
91.84.100.21 - - [16/Apr/2025:01:59:23 -0400] "GET /relx-electronic-cigarette/ HTTP/1.1" 200 12607 "https://the80itspod.com/relx-electronic-cigarette/" "Mozilla/5.0 (Windows NT 10.0; Win64; x64) AppleWebKit/537.36 (KHTML, like Gecko) Chrome/130.0.0.0 Safari/537.36"
198.54.114.83 - - [16/Apr/2025:01:59:26 -0400] "POST /wp-cron.php?doing_wp_cron=1744783165.4465880393981933593750 HTTP/1.1" 200 0 "-" "WordPress/6.7.2; https://the80itspod.com"
91.84.100.21 - - [16/Apr/2025:01:59:24 -0400] "POST /wp-comments-post.php HTTP/1.1" 302 0 "https://the80itspod.com/relx-electronic-cigarette/" "Mozilla/5.0 (Windows NT 10.0; Win64; x64) AppleWebKit/537.36 (KHTML, like Gecko) Chrome/130.0.0.0 Safari/537.36"
91.84.100.21 - - [16/Apr/2025:01:59:28 -0400] "GET /relx-electronic-cigarette/ HTTP/1.1" 200 13254 "https://the80itspod.com/relx-electronic-cigarette/#comment-51566" "Mozilla/5.0 (Windows NT 10.0; Win64; x64) AppleWebKit/537.36 (KHTML, like Gecko) Chrome/130.0.0.0 Safari/537.36"
217.113.194.226 - - [16/Apr/2025:01:59:37 -0400] "GET /ein-blick-auf-zeitgemases-design/feed/ HTTP/1.1" 200 412 "-" "Mozilla/5.0 (compatible; Barkrowler/0.9; +https://babbar.tech/crawler)"
217.113.194.224 - - [16/Apr/2025:01:59:54 -0400] "GET /how-cryptodogs-are-changing-the-world/feed/ HTTP/1.1" 200 408 "-" "Mozilla/5.0 (compatible; Barkrowler/0.9; +https://babbar.tech/crawler)"
85.208.96.196 - - [16/Apr/2025:02:00:07 -0400] "GET /robots.txt HTTP/1.1" 304 0 "-" "Mozilla/5.0 (compatible; SemrushBot/7~bl; +http://www.semrush.com/bot.html)"
85.208.96.212 - - [16/Apr/2025:02:00:07 -0400] "GET /category/mobile/ HTTP/1.1" 200 10689 "-" "Mozilla/5.0 (compatible; SemrushBot/7~bl; +http://www.semrush.com/bot.html)"
217.113.194.225 - - [16/Apr/2025:02:00:11 -0400] "GET /how-a-custom-gaming-pc-builder-can-help/feed/ HTTP/1.1" 200 408 "-" "Mozilla/5.0 (compatible; Barkrowler/0.9; +https://babbar.tech/crawler)"
2a03:b0c0:3:f0::6afb:f000 - - [16/Apr/2025:02:00:17 -0400] "GET /wp-login.php HTTP/1.1" 200 1760 "http://the80itspod.com" "Mozilla/5.0 (Macintosh; Intel Mac OS X 14.3) AppleWebKit/614.31.14 (KHTML, like Gecko) Version/17.0.96 Safari/614.31.14"
217.113.194.225 - - [16/Apr/2025:02:00:29 -0400] "GET /coupons-et-codes-promotionnels-pixeprint/ HTTP/1.1" 200 12201 "-" "Mozilla/5.0 (compatible; Barkrowler/0.9; +https://babbar.tech/crawler)"
198.54.114.83 - - [16/Apr/2025:02:00:48 -0400] "POST /wp-cron.php?doing_wp_cron=1744783248.1601541042327880859375 HTTP/1.1" 200 0 "-" "WordPress/6.7.2; https://the80itspod.com"
119.28.52.89 - - [16/Apr/2025:02:00:49 -0400] "GET /the-magic-of-diamonds-diamond-engagement-rings/ HTTP/1.1" 200 12678 "-" "Python/3.10 aiohttp/3.10.5"
217.113.194.226 - - [16/Apr/2025:02:00:47 -0400] "GET /psychologen-im-modernen-leben/feed/ HTTP/1.1" 200 390 "-" "Mozilla/5.0 (compatible; Barkrowler/0.9; +https://babbar.tech/crawler)"
198.54.114.83 - - [16/Apr/2025:02:00:50 -0400] "POST /wp-admin/admin-ajax.php?action=async_litespeed&nonce=9wtwj0RyxsazyS27RrbdSqsePUMqfZDh&litespeed_type=imgoptm HTTP/1.1" 200 0 "-" "WordPress/6.7.2; https://the80itspod.com"
217.113.194.222 - - [16/Apr/2025:02:01:06 -0400] "GET /the-rise-of-hypnotherapy-in-singapore/feed/ HTTP/1.1" 200 404 "-" "Mozilla/5.0 (compatible; Barkrowler/0.9; +https://babbar.tech/crawler)"
198.54.114.83 - - [16/Apr/2025:02:01:24 -0400] "POST /wp-cron.php?doing_wp_cron=1744783283.3550970554351806640625 HTTP/1.1" 200 0 "-" "WordPress/6.7.2; https://the80itspod.com"
217.113.194.230 - - [16/Apr/2025:02:01:22 -0400] "GET /what-is-an-engagement-letter-in-auditing/feed/ HTTP/1.1" 200 408 "-" "Mozilla/5.0 (compatible; Barkrowler/0.9; +https://babbar.tech/crawler)"
217.113.194.226 - - [16/Apr/2025:02:01:41 -0400] "GET /what-is-an-off-line-cooling-system/feed/ HTTP/1.1" 200 408 "-" "Mozilla/5.0 (compatible; Barkrowler/0.9; +https://babbar.tech/crawler)"
217.113.194.228 - - [16/Apr/2025:02:01:59 -0400] "GET /buy-youtube-watch-hours-from-useviral/feed/ HTTP/1.1" 200 415 "-" "Mozilla/5.0 (compatible; Barkrowler/0.9; +https://babbar.tech/crawler)"
217.113.194.231 - - [16/Apr/2025:02:02:18 -0400] "GET /find-a-chiropractor-near-me-on-groupon/feed/ HTTP/1.1" 200 406 "-" "Mozilla/5.0 (compatible; Barkrowler/0.9; +https://babbar.tech/crawler)"
47.128.54.32 - - [16/Apr/2025:02:02:21 -0400] "GET / HTTP/1.1" 200 13048 "-" "Mozilla/5.0 (Linux; Android 5.0) AppleWebKit/537.36 (KHTML, like Gecko) Mobile Safari/537.36 (compatible; Bytespider; spider-feedback@bytedance.com)"
217.113.194.226 - - [16/Apr/2025:02:02:37 -0400] "GET /advantages-of-led-display-advertising/ HTTP/1.1" 200 12330 "-" "Mozilla/5.0 (compatible; Barkrowler/0.9; +https://babbar.tech/crawler)"
217.113.194.227 - - [16/Apr/2025:02:02:54 -0400] "GET /advantages-of-led-display-advertising/feed/ HTTP/1.1" 200 402 "-" "Mozilla/5.0 (compatible; Barkrowler/0.9; +https://babbar.tech/crawler)"
198.54.114.83 - - [16/Apr/2025:02:03:11 -0400] "POST /wp-cron.php?doing_wp_cron=1744783391.4422099590301513671875 HTTP/1.1" 200 0 "-" "WordPress/6.7.2; https://the80itspod.com"
217.113.194.253 - - [16/Apr/2025:02:03:10 -0400] "GET /navigating-the-realm-of-instagram-followers/feed/ HTTP/1.1" 200 404 "-" "Mozilla/5.0 (compatible; Barkrowler/0.9; +https://babbar.tech/crawler)"
198.54.114.83 - - [16/Apr/2025:02:03:13 -0400] "POST /wp-admin/admin-ajax.php?action=async_litespeed&nonce=SR8YQ2kCW8PLnnxf5lrIm1M4JUlGka1N&litespeed_type=imgoptm HTTP/1.1" 200 0 "-" "WordPress/6.7.2; https://the80itspod.com"
217.113.194.228 - - [16/Apr/2025:02:03:30 -0400] "GET /what-does-a-socks-manufacturer-do/feed/ HTTP/1.1" 200 400 "-" "Mozilla/5.0 (compatible; Barkrowler/0.9; +https://babbar.tech/crawler)"
217.113.194.223 - - [16/Apr/2025:02:03:48 -0400] "GET /se-ressourcer-a-travers-le-fasting/feed/ HTTP/1.1" 200 402 "-" "Mozilla/5.0 (compatible; Barkrowler/0.9; +https://babbar.tech/crawler)"
178.217.98.213 - - [16/Apr/2025:02:03:51 -0400] "GET /advantages-of-factory-automation/ HTTP/1.1" 200 12288 "https://the80itspod.com/advantages-of-factory-automation/" "Mozilla/5.0 (Windows NT 10.0; Win64; x64) AppleWebKit/537.36 (KHTML, like Gecko) Chrome/131.0.0.0 Safari/537.36"
198.54.114.83 - - [16/Apr/2025:02:03:51 -0400] "POST /wp-cron.php?doing_wp_cron=1744783429.1747899055480957031250 HTTP/1.1" 200 0 "-" "WordPress/6.7.2; https://the80itspod.com"
154.16.246.163 - - [16/Apr/2025:02:03:51 -0400] "GET /best-extracts-online-in-canada/ HTTP/1.1" 200 11618 "-" "Mozilla/5.0 (Windows; U; Windows NT 5.1; zh-CN; rv:1.9.2.4) Gecko/20100503 Firefox/3.6.4 ( .NET CLR 3.5.30729)"
178.217.98.213 - - [16/Apr/2025:02:03:55 -0400] "POST /wp-comments-post.php HTTP/1.1" 302 0 "https://the80itspod.com/advantages-of-factory-automation/" "Mozilla/5.0 (Windows NT 10.0; Win64; x64) AppleWebKit/537.36 (KHTML, like Gecko) Chrome/131.0.0.0 Safari/537.36"
2a03:2880:f800:: - - [16/Apr/2025:02:03:58 -0400] "GET /wp-json/wp/v2/posts/579 HTTP/1.1" 200 10081 "-" "meta-externalagent/1.1 (+https://developers.facebook.com/docs/sharing/webmasters/crawler)"
178.217.98.213 - - [16/Apr/2025:02:04:00 -0400] "GET /advantages-of-factory-automation/ HTTP/1.1" 200 12891 "https://the80itspod.com/advantages-of-factory-automation/#comment-51567" "Mozilla/5.0 (Windows NT 10.0; Win64; x64) AppleWebKit/537.36 (KHTML, like Gecko) Chrome/131.0.0.0 Safari/537.36"
217.113.194.227 - - [16/Apr/2025:02:04:08 -0400] "GET /the-botany-condo-in-brunswick/feed/ HTTP/1.1" 200 396 "-" "Mozilla/5.0 (compatible; Barkrowler/0.9; +https://babbar.tech/crawler)"
217.113.194.229 - - [16/Apr/2025:02:04:26 -0400] "GET /junk-car-removal-cape-coral/feed/ HTTP/1.1" 200 397 "-" "Mozilla/5.0 (compatible; Barkrowler/0.9; +https://babbar.tech/crawler)"
217.113.194.224 - - [16/Apr/2025:02:04:43 -0400] "GET /unlocking-the-power-of-live-transfer-leads/feed/ HTTP/1.1" 200 414 "-" "Mozilla/5.0 (compatible; Barkrowler/0.9; +https://babbar.tech/crawler)"
198.54.114.83 - - [16/Apr/2025:02:05:03 -0400] "POST /wp-cron.php?doing_wp_cron=1744783502.3093678951263427734375 HTTP/1.1" 200 0 "-" "WordPress/6.7.2; https://the80itspod.com"
217.113.194.230 - - [16/Apr/2025:02:05:01 -0400] "GET /unveiling-the-power-of-youtube-views/feed/ HTTP/1.1" 200 408 "-" "Mozilla/5.0 (compatible; Barkrowler/0.9; +https://babbar.tech/crawler)"
217.113.194.224 - - [16/Apr/2025:02:05:20 -0400] "GET /benefits-of-real-time-utility-monitoring/feed/ HTTP/1.1" 200 410 "-" "Mozilla/5.0 (compatible; Barkrowler/0.9; +https://babbar.tech/crawler)"
217.113.194.253 - - [16/Apr/2025:02:05:38 -0400] "GET /top-benefits-of-buying-real-youtube-views/feed/ HTTP/1.1" 200 415 "-" "Mozilla/5.0 (compatible; Barkrowler/0.9; +https://babbar.tech/crawler)"
47.128.47.47 - - [16/Apr/2025:02:05:51 -0400] "GET / HTTP/1.1" 200 13048 "-" "Mozilla/5.0 (Linux; Android 5.0) AppleWebKit/537.36 (KHTML, like Gecko) Mobile Safari/537.36 (compatible; Bytespider; spider-feedback@bytedance.com)"
217.113.194.222 - - [16/Apr/2025:02:05:56 -0400] "GET /buy-tiktok-buy-likes-and-views/ HTTP/1.1" 200 11796 "-" "Mozilla/5.0 (compatible; Barkrowler/0.9; +https://babbar.tech/crawler)"
54.36.148.239 - - [16/Apr/2025:02:05:59 -0400] "GET /rechtsberatung-fur-eine-sichere-zukunft/feed/ HTTP/1.1" 200 410 "-" "Mozilla/5.0 (compatible; AhrefsBot/7.0; +http://ahrefs.com/robot/)"
217.113.194.228 - - [16/Apr/2025:02:06:14 -0400] "GET /jake-paul-vs-askren-fight/feed/ HTTP/1.1" 200 395 "-" "Mozilla/5.0 (compatible; Barkrowler/0.9; +https://babbar.tech/crawler)"
198.54.114.83 - - [16/Apr/2025:02:06:16 -0400] "POST /wp-cron.php?doing_wp_cron=1744783574.8921129703521728515625 HTTP/1.1" 200 0 "-" "WordPress/6.7.2; https://the80itspod.com"
217.113.194.231 - - [16/Apr/2025:02:06:32 -0400] "GET /the-problem-of-resolving-the-continuum/ HTTP/1.1" 200 12213 "-" "Mozilla/5.0 (compatible; Barkrowler/0.9; +https://babbar.tech/crawler)"
217.113.194.222 - - [16/Apr/2025:02:06:51 -0400] "GET /the-problem-of-resolving-the-continuum/feed/ HTTP/1.1" 200 407 "-" "Mozilla/5.0 (compatible; Barkrowler/0.9; +https://babbar.tech/crawler)"
217.113.194.228 - - [16/Apr/2025:02:07:09 -0400] "GET /linnovation-du-climatiseur-bi-split/feed/ HTTP/1.1" 200 407 "-" "Mozilla/5.0 (compatible; Barkrowler/0.9; +https://babbar.tech/crawler)"
198.54.114.83 - - [16/Apr/2025:02:07:28 -0400] "POST /wp-cron.php?doing_wp_cron=1744783647.3855640888214111328125 HTTP/1.1" 200 0 "-" "WordPress/6.7.2; https://the80itspod.com"
217.113.194.224 - - [16/Apr/2025:02:07:26 -0400] "GET /why-use-manufactured-stone-in-a-bathroom/feed/ HTTP/1.1" 200 408 "-" "Mozilla/5.0 (compatible; Barkrowler/0.9; +https://babbar.tech/crawler)"
66.249.79.65 - - [16/Apr/2025:02:07:27 -0400] "GET /meilleures-pratiques-de-marketing-video-en-2015/ HTTP/1.1" 200 13452 "-" "Mozilla/5.0 (Linux; Android 6.0.1; Nexus 5X Build/MMB29P) AppleWebKit/537.36 (KHTML, like Gecko) Chrome/135.0.7049.84 Mobile Safari/537.36 (compatible; Googlebot/2.1; +http://www.google.com/bot.html)"
198.54.114.83 - - [16/Apr/2025:02:07:29 -0400] "POST /wp-admin/admin-ajax.php?action=async_litespeed&nonce=swgp8RjbTAZ98faNv92Xxdaf2W0jkLF2&litespeed_type=imgoptm HTTP/1.1" 200 0 "-" "WordPress/6.7.2; https://the80itspod.com"
217.113.194.224 - - [16/Apr/2025:02:07:45 -0400] "GET /what-to-expect-from-rv-detailing-services/feed/ HTTP/1.1" 200 409 "-" "Mozilla/5.0 (compatible; Barkrowler/0.9; +https://babbar.tech/crawler)"
217.113.194.228 - - [16/Apr/2025:02:08:03 -0400] "GET /the-importance-of-a-criminal-defense-attorney/feed/ HTTP/1.1" 200 416 "-" "Mozilla/5.0 (compatible; Barkrowler/0.9; +https://babbar.tech/crawler)"
217.113.194.223 - - [16/Apr/2025:02:08:22 -0400] "GET /opening-up-the-online-gambling-industry-in-france/feed/ HTTP/1.1" 200 421 "-" "Mozilla/5.0 (compatible; Barkrowler/0.9; +https://babbar.tech/crawler)"
54.36.148.0 - - [16/Apr/2025:02:08:22 -0400] "GET /comment-faire-du-slime-blanc/ HTTP/1.1" 200 12789 "-" "Mozilla/5.0 (compatible; AhrefsBot/7.0; +http://ahrefs.com/robot/)"
111.225.149.20 - - [16/Apr/2025:02:08:23 -0400] "GET /page/3/ HTTP/1.1" 200 13204 "-" "Mozilla/5.0 (Linux; Android 5.0) AppleWebKit/537.36 (KHTML, like Gecko) Mobile Safari/537.36 (compatible; Bytespider; https://zhanzhang.toutiao.com/)"
111.225.149.20 - - [16/Apr/2025:02:08:25 -0400] "GET /wp-content/themes/covernews/assets/jquery-match-height/jquery.matchHeight.min.js?ver=1.0.2 HTTP/1.1" 304 0 "https://the80itspod.com/page/3/" "Mozilla/5.0 (Linux; Android 5.0) AppleWebKit/537.36 (KHTML, like Gecko) Mobile Safari/537.36 (compatible; Bytespider; https://zhanzhang.toutiao.com/)"
111.225.149.20 - - [16/Apr/2025:02:08:25 -0400] "GET /wp-content/themes/covernews/assets/marquee/jquery.marquee.js?ver=1.0.2 HTTP/1.1" 304 0 "https://the80itspod.com/page/3/" "Mozilla/5.0 (Linux; Android 5.0) AppleWebKit/537.36 (KHTML, like Gecko) Mobile Safari/537.36 (compatible; Bytespider; https://zhanzhang.toutiao.com/)"
111.225.149.20 - - [16/Apr/2025:02:08:26 -0400] "GET /wp-content/themes/covernews/assets/slick/js/slick.min.js?ver=1.0.2 HTTP/1.1" 304 0 "https://the80itspod.com/page/3/" "Mozilla/5.0 (Linux; Android 5.0) AppleWebKit/537.36 (KHTML, like Gecko) Mobile Safari/537.36 (compatible; Bytespider; https://zhanzhang.toutiao.com/)"
111.225.149.20 - - [16/Apr/2025:02:08:26 -0400] "GET /wp-content/themes/covernews/assets/fixed-header-script.js?ver=1.0.2 HTTP/1.1" 304 0 "https://the80itspod.com/page/3/" "Mozilla/5.0 (Linux; Android 5.0) AppleWebKit/537.36 (KHTML, like Gecko) Mobile Safari/537.36 (compatible; Bytespider; https://zhanzhang.toutiao.com/)"
111.225.149.20 - - [16/Apr/2025:02:08:26 -0400] "GET /wp-includes/js/jquery/jquery-migrate.min.js?ver=3.4.1 HTTP/1.1" 304 0 "https://the80itspod.com/page/3/" "Mozilla/5.0 (Linux; Android 5.0) AppleWebKit/537.36 (KHTML, like Gecko) Mobile Safari/537.36 (compatible; Bytespider; https://zhanzhang.toutiao.com/)"
111.225.149.20 - - [16/Apr/2025:02:08:26 -0400] "GET /wp-content/themes/covernews/style.css?ver=6.7.2 HTTP/1.1" 200 34501 "https://the80itspod.com/page/3/" "Mozilla/5.0 (Linux; Android 5.0) AppleWebKit/537.36 (KHTML, like Gecko) Mobile Safari/537.36 (compatible; Bytespider; https://zhanzhang.toutiao.com/)"
111.225.149.20 - - [16/Apr/2025:02:08:26 -0400] "GET /wp-content/themes/covernews/js/skip-link-focus-fix.js?ver=1.0.2 HTTP/1.1" 304 0 "https://the80itspod.com/page/3/" "Mozilla/5.0 (Linux; Android 5.0) AppleWebKit/537.36 (KHTML, like Gecko) Mobile Safari/537.36 (compatible; Bytespider; https://zhanzhang.toutiao.com/)"
111.225.149.20 - - [16/Apr/2025:02:08:26 -0400] "GET /wp-includes/js/jquery/jquery.min.js?ver=3.7.1 HTTP/1.1" 304 0 "https://the80itspod.com/page/3/" "Mozilla/5.0 (Linux; Android 5.0) AppleWebKit/537.36 (KHTML, like Gecko) Mobile Safari/537.36 (compatible; Bytespider; https://zhanzhang.toutiao.com/)"
111.225.149.20 - - [16/Apr/2025:02:08:26 -0400] "GET /wp-content/themes/covernews/assets/bootstrap/js/bootstrap.min.js?ver=1.0.2 HTTP/1.1" 304 0 "https://the80itspod.com/page/3/" "Mozilla/5.0 (Linux; Android 5.0) AppleWebKit/537.36 (KHTML, like Gecko) Mobile Safari/537.36 (compatible; Bytespider; https://zhanzhang.toutiao.com/)"
111.225.149.20 - - [16/Apr/2025:02:08:26 -0400] "GET /wp-content/themes/covernews/js/navigation.js?ver=1.0.2 HTTP/1.1" 304 0 "https://the80itspod.com/page/3/" "Mozilla/5.0 (Linux; Android 5.0) AppleWebKit/537.36 (KHTML, like Gecko) Mobile Safari/537.36 (compatible; Bytespider; https://zhanzhang.toutiao.com/)"
111.225.149.20 - - [16/Apr/2025:02:08:26 -0400] "GET /wp-content/themes/covernews/assets/script.js?ver=1.0.2 HTTP/1.1" 304 0 "https://the80itspod.com/page/3/" "Mozilla/5.0 (Linux; Android 5.0) AppleWebKit/537.36 (KHTML, like Gecko) Mobile Safari/537.36 (compatible; Bytespider; https://zhanzhang.toutiao.com/)"
111.225.149.20 - - [16/Apr/2025:02:08:28 -0400] "GET /wp-includes/js/wp-emoji-release.min.js?ver=6.7.2 HTTP/1.1" 304 0 "https://the80itspod.com/page/3/" "Mozilla/5.0 (Linux; Android 5.0) AppleWebKit/537.36 (KHTML, like Gecko) Mobile Safari/537.36 (compatible; Bytespider; https://zhanzhang.toutiao.com/)"
198.54.114.83 - - [16/Apr/2025:02:08:41 -0400] "POST /wp-cron.php?doing_wp_cron=1744783720.5304229259490966796875 HTTP/1.1" 200 0 "-" "WordPress/6.7.2; https://the80itspod.com"
217.113.194.225 - - [16/Apr/2025:02:08:39 -0400] "GET /simple-disease-medicines-anybody-can-do/feed/ HTTP/1.1" 200 405 "-" "Mozilla/5.0 (compatible; Barkrowler/0.9; +https://babbar.tech/crawler)"
217.113.194.229 - - [16/Apr/2025:02:09:00 -0400] "GET /psilocybin-spore-syringe/feed/ HTTP/1.1" 200 385 "-" "Mozilla/5.0 (compatible; Barkrowler/0.9; +https://babbar.tech/crawler)"
217.113.194.224 - - [16/Apr/2025:02:09:18 -0400] "GET /what-you-need-to-know-about-for-business-cards/feed/ HTTP/1.1" 200 420 "-" "Mozilla/5.0 (compatible; Barkrowler/0.9; +https://babbar.tech/crawler)"
217.113.194.230 - - [16/Apr/2025:02:09:39 -0400] "GET /adjust-screen-time-on-iphone-smart-controls/feed/ HTTP/1.1" 200 419 "-" "Mozilla/5.0 (compatible; Barkrowler/0.9; +https://babbar.tech/crawler)"
198.54.114.83 - - [16/Apr/2025:02:10:01 -0400] "POST /wp-cron.php?doing_wp_cron=1744783800.4882969856262207031250 HTTP/1.1" 200 0 "-" "WordPress/6.7.2; https://the80itspod.com"
217.113.194.228 - - [16/Apr/2025:02:09:56 -0400] "GET /examples-of-usage-of-the-word-continuum/feed/ HTTP/1.1" 200 422 "-" "Mozilla/5.0 (compatible; Barkrowler/0.9; +https://babbar.tech/crawler)"
217.113.194.224 - - [16/Apr/2025:02:10:20 -0400] "GET /essential-norcold-refrigerator-parts/feed/ HTTP/1.1" 200 395 "-" "Mozilla/5.0 (compatible; Barkrowler/0.9; +https://babbar.tech/crawler)"
217.113.194.230 - - [16/Apr/2025:02:10:38 -0400] "GET /comment-fonctionne-un-pendule-en-metal/feed/ HTTP/1.1" 200 402 "-" "Mozilla/5.0 (compatible; Barkrowler/0.9; +https://babbar.tech/crawler)"
54.36.149.75 - - [16/Apr/2025:02:10:48 -0400] "GET /how-to-turn-off-accessibility-shortcut-on-iphone/feed/ HTTP/1.1" 200 419 "-" "Mozilla/5.0 (compatible; AhrefsBot/7.0; +http://ahrefs.com/robot/)"
217.113.194.222 - - [16/Apr/2025:02:10:57 -0400] "GET /graduated-compression-socks-for-dvt/feed/ HTTP/1.1" 200 402 "-" "Mozilla/5.0 (compatible; Barkrowler/0.9; +https://babbar.tech/crawler)"
198.54.114.83 - - [16/Apr/2025:02:11:17 -0400] "POST /wp-cron.php?doing_wp_cron=1744783875.8095779418945312500000 HTTP/1.1" 200 0 "-" "WordPress/6.7.2; https://the80itspod.com"
217.113.194.231 - - [16/Apr/2025:02:11:14 -0400] "GET /antioxidants-in-vita-glow-night-cream/ HTTP/1.1" 200 13173 "-" "Mozilla/5.0 (compatible; Barkrowler/0.9; +https://babbar.tech/crawler)"
217.113.194.226 - - [16/Apr/2025:02:11:34 -0400] "GET /add-elegance-to-your-conservatory-with-blinds/feed/ HTTP/1.1" 200 415 "-" "Mozilla/5.0 (compatible; Barkrowler/0.9; +https://babbar.tech/crawler)"
217.113.194.227 - - [16/Apr/2025:02:11:50 -0400] "GET /how-to-block-text-messages-on-iphone-11/feed/ HTTP/1.1" 200 412 "-" "Mozilla/5.0 (compatible; Barkrowler/0.9; +https://babbar.tech/crawler)"
217.113.194.223 - - [16/Apr/2025:02:12:14 -0400] "GET /how-to-reduce-missed-healthcare-appointments/feed/ HTTP/1.1" 200 410 "-" "Mozilla/5.0 (compatible; Barkrowler/0.9; +https://babbar.tech/crawler)"
198.54.114.83 - - [16/Apr/2025:02:12:33 -0400] "POST /wp-cron.php?doing_wp_cron=1744783951.9215199947357177734375 HTTP/1.1" 200 0 "-" "WordPress/6.7.2; https://the80itspod.com"
217.113.194.226 - - [16/Apr/2025:02:12:31 -0400] "GET /how-to-choose-the-best-personal-loan-singapore/feed/ HTTP/1.1" 200 417 "-" "Mozilla/5.0 (compatible; Barkrowler/0.9; +https://babbar.tech/crawler)"
129.226.112.202 - - [16/Apr/2025:02:12:49 -0400] "GET /articles-about-144-searching-people-by-business-name/ HTTP/1.1" 200 11418 "-" "Python/3.10 aiohttp/3.10.5"
217.113.194.222 - - [16/Apr/2025:02:12:49 -0400] "GET /how-to-create-a-diamond-painting-from-your-own-picture/feed/ HTTP/1.1" 200 431 "-" "Mozilla/5.0 (compatible; Barkrowler/0.9; +https://babbar.tech/crawler)"
66.249.79.66 - - [16/Apr/2025:02:12:50 -0400] "GET /page/89/ HTTP/1.1" 200 13120 "-" "Mozilla/5.0 (Linux; Android 6.0.1; Nexus 5X Build/MMB29P) AppleWebKit/537.36 (KHTML, like Gecko) Chrome/135.0.7049.84 Mobile Safari/537.36 (compatible; Googlebot/2.1; +http://www.google.com/bot.html)"
54.36.148.111 - - [16/Apr/2025:02:13:07 -0400] "GET /acheter-un-grand-vase-blanc/ HTTP/1.1" 200 12403 "-" "Mozilla/5.0 (compatible; AhrefsBot/7.0; +http://ahrefs.com/robot/)"
217.113.194.231 - - [16/Apr/2025:02:13:07 -0400] "GET /how-to-select-a-fire-fighting-water-pump/feed/ HTTP/1.1" 200 414 "-" "Mozilla/5.0 (compatible; Barkrowler/0.9; +https://babbar.tech/crawler)"
198.54.126.68 - - [16/Apr/2025:02:13:20 -0400] "GET /wp-login.php HTTP/1.1" 200 1760 "http://the80itspod.com" "Mozilla/5.0 (Macintosh; Intel Mac OS X 10_15_7) AppleWebKit/537.36 (KHTML, like Gecko) Chrome/115.0.5790.102 Safari/537.36"
217.113.194.224 - - [16/Apr/2025:02:13:25 -0400] "GET /how-to-change-the-language-on-disney-plus/feed/ HTTP/1.1" 200 406 "-" "Mozilla/5.0 (compatible; Barkrowler/0.9; +https://babbar.tech/crawler)"
198.54.114.83 - - [16/Apr/2025:02:13:41 -0400] "POST /wp-cron.php?doing_wp_cron=1744784020.4642529487609863281250 HTTP/1.1" 200 0 "-" "WordPress/6.7.2; https://the80itspod.com"
114.119.156.55 - - [16/Apr/2025:02:13:39 -0400] "GET /page/24/?NA HTTP/1.1" 200 13041 "https://the80itspod.com/page/27/?NA" "Mozilla/5.0 (Linux; Android 7.0;) AppleWebKit/537.36 (KHTML, like Gecko) Mobile Safari/537.36 (compatible; PetalBot;+https://webmaster.petalsearch.com/site/petalbot)"
217.113.194.225 - - [16/Apr/2025:02:13:42 -0400] "GET /how-to-use-live-cams-to-enhance-your-website/feed/ HTTP/1.1" 200 420 "-" "Mozilla/5.0 (compatible; Barkrowler/0.9; +https://babbar.tech/crawler)"
217.113.194.225 - - [16/Apr/2025:02:13:59 -0400] "GET /how-to-cook-patty-pans-squash/feed/ HTTP/1.1" 200 400 "-" "Mozilla/5.0 (compatible; Barkrowler/0.9; +https://babbar.tech/crawler)"
217.113.194.222 - - [16/Apr/2025:02:14:17 -0400] "GET /how-to-find-your-phone-number-on-iphone/feed/ HTTP/1.1" 200 414 "-" "Mozilla/5.0 (compatible; Barkrowler/0.9; +https://babbar.tech/crawler)"
217.113.194.228 - - [16/Apr/2025:02:14:34 -0400] "GET /how-to-get-to-4000-watch-hours-on-youtube/feed/ HTTP/1.1" 200 418 "-" "Mozilla/5.0 (compatible; Barkrowler/0.9; +https://babbar.tech/crawler)"
198.54.114.83 - - [16/Apr/2025:02:14:53 -0400] "POST /wp-cron.php?doing_wp_cron=1744784093.1408510208129882812500 HTTP/1.1" 200 0 "-" "WordPress/6.7.2; https://the80itspod.com"
217.113.194.253 - - [16/Apr/2025:02:14:52 -0400] "GET /how-to-turn-off-face-id-on-iphone-13/feed/ HTTP/1.1" 200 413 "-" "Mozilla/5.0 (compatible; Barkrowler/0.9; +https://babbar.tech/crawler)"
198.54.114.83 - - [16/Apr/2025:02:14:55 -0400] "POST /wp-admin/admin-ajax.php?action=async_litespeed&nonce=3Y2bRPXMLBTCBMkreU3uLiZ3usqoWaYs&litespeed_type=imgoptm HTTP/1.1" 200 0 "-" "WordPress/6.7.2; https://the80itspod.com"
114.119.149.108 - - [16/Apr/2025:02:15:03 -0400] "GET /male-underwear-socks-and-swimwear-styles-a-look-at-the-styles-for-2013/ HTTP/1.1" 200 12401 "https://the80itspod.com/page/92/?SA" "Mozilla/5.0 (Linux; Android 7.0;) AppleWebKit/537.36 (KHTML, like Gecko) Mobile Safari/537.36 (compatible; PetalBot;+https://webmaster.petalsearch.com/site/petalbot)"
198.54.114.83 - - [16/Apr/2025:02:15:22 -0400] "POST /wp-cron.php?doing_wp_cron=1744784120.8087730407714843750000 HTTP/1.1" 200 0 "-" "WordPress/6.7.2; https://the80itspod.com"
154.54.249.217 - - [16/Apr/2025:02:15:14 -0400] "GET /how-to-find-the-best-locksmith-in-chicago/feed/ HTTP/1.1" 200 412 "-" "Mozilla/5.0 (compatible; Barkrowler/0.9; +https://babbar.tech/crawler)"
54.36.149.40 - - [16/Apr/2025:02:15:30 -0400] "GET /how-to-turn-off-face-id-on-iphone-13/feed/ HTTP/1.1" 304 0 "-" "Mozilla/5.0 (compatible; AhrefsBot/7.0; +http://ahrefs.com/robot/)"
217.113.194.223 - - [16/Apr/2025:02:15:40 -0400] "GET /how-to-turn-on-nfc-on-iphone-xr/feed/ HTTP/1.1" 200 406 "-" "Mozilla/5.0 (compatible; Barkrowler/0.9; +https://babbar.tech/crawler)"
217.113.194.226 - - [16/Apr/2025:02:15:58 -0400] "GET /how-to-turn-on-hotspot-on-iphone-8-plus/feed/ HTTP/1.1" 200 412 "-" "Mozilla/5.0 (compatible; Barkrowler/0.9; +https://babbar.tech/crawler)"
217.113.194.229 - - [16/Apr/2025:02:16:16 -0400] "GET /how-to-use-ice-breaker-questions-for-dating/feed/ HTTP/1.1" 200 415 "-" "Mozilla/5.0 (compatible; Barkrowler/0.9; +https://babbar.tech/crawler)"
114.119.149.108 - - [16/Apr/2025:02:16:26 -0400] "GET /kunst-der-steuererklarung-ein-leitfaden-zur-optimalen-abgabe/ HTTP/1.1" 200 11616 "https://the80itspod.com/page/31/" "Mozilla/5.0 (Linux; Android 7.0;) AppleWebKit/537.36 (KHTML, like Gecko) Mobile Safari/537.36 (compatible; PetalBot;+https://webmaster.petalsearch.com/site/petalbot)"
198.54.114.83 - - [16/Apr/2025:02:16:36 -0400] "POST /wp-cron.php?doing_wp_cron=1744784195.0084390640258789062500 HTTP/1.1" 200 0 "-" "WordPress/6.7.2; https://the80itspod.com"
217.113.194.224 - - [16/Apr/2025:02:16:34 -0400] "GET /the-basics-of-ductwork-fabrication/feed/ HTTP/1.1" 200 396 "-" "Mozilla/5.0 (compatible; Barkrowler/0.9; +https://babbar.tech/crawler)"
217.113.194.226 - - [16/Apr/2025:02:16:53 -0400] "GET /discover-the-luxurious-terrahill-showflat/feed/ HTTP/1.1" 200 403 "-" "Mozilla/5.0 (compatible; Barkrowler/0.9; +https://babbar.tech/crawler)"
217.113.194.231 - - [16/Apr/2025:02:17:10 -0400] "GET /discover-the-charm-of-resort-lake-garda/feed/ HTTP/1.1" 200 407 "-" "Mozilla/5.0 (compatible; Barkrowler/0.9; +https://babbar.tech/crawler)"
217.113.194.223 - - [16/Apr/2025:02:17:27 -0400] "GET /discover-the-charm-of-southern-spain-property/feed/ HTTP/1.1" 200 410 "-" "Mozilla/5.0 (compatible; Barkrowler/0.9; +https://babbar.tech/crawler)"
198.54.114.83 - - [16/Apr/2025:02:17:46 -0400] "POST /wp-cron.php?doing_wp_cron=1744784265.5930449962615966796875 HTTP/1.1" 200 0 "-" "WordPress/6.7.2; https://the80itspod.com"
217.113.194.229 - - [16/Apr/2025:02:17:44 -0400] "GET /discover-the-elegance-of-arcady-showflat/feed/ HTTP/1.1" 200 404 "-" "Mozilla/5.0 (compatible; Barkrowler/0.9; +https://babbar.tech/crawler)"
198.54.114.83 - - [16/Apr/2025:02:17:49 -0400] "POST /wp-admin/admin-ajax.php?action=async_litespeed&nonce=wd7meBciQtkEDITHW5V7r8RcvaA86DaQ&litespeed_type=imgoptm HTTP/1.1" 200 0 "-" "WordPress/6.7.2; https://the80itspod.com"
114.119.139.247 - - [16/Apr/2025:02:17:50 -0400] "GET /page/21/ HTTP/1.1" 200 13122 "https://the80itspod.com/page/20/" "Mozilla/5.0 (Linux; Android 7.0;) AppleWebKit/537.36 (KHTML, like Gecko) Mobile Safari/537.36 (compatible; PetalBot;+https://webmaster.petalsearch.com/site/petalbot)"
217.113.194.229 - - [16/Apr/2025:02:18:03 -0400] "GET /choosing-a-cnc-machining-parts-supplier/feed/ HTTP/1.1" 200 407 "-" "Mozilla/5.0 (compatible; Barkrowler/0.9; +https://babbar.tech/crawler)"
54.36.148.88 - - [16/Apr/2025:02:18:14 -0400] "GET /rent-a-car-at-skopje-airport/feed/ HTTP/1.1" 200 397 "-" "Mozilla/5.0 (compatible; AhrefsBot/7.0; +http://ahrefs.com/robot/)"
