185.157.212.157 - - [14/Apr/2025:20:46:59 -0400] "GET /category/sign-up/ HTTP/1.1" 200 9151 "https://the80itspod.com/category/sign-up/" "Mozilla/5.0 (Windows NT 6.3; Win64; x64) AppleWebKit/537.36 (KHTML, like Gecko) Chrome/103.0.0.0 Safari/537.36"
185.157.212.157 - - [14/Apr/2025:20:47:00 -0400] "GET /advantages-of-factory-automation/ HTTP/1.1" 200 12288 "https://the80itspod.com/advantages-of-factory-automation/" "Mozilla/5.0 (Windows NT 6.3; Win64; x64) AppleWebKit/537.36 (KHTML, like Gecko) Chrome/103.0.0.0 Safari/537.36"
185.157.212.157 - - [14/Apr/2025:20:47:01 -0400] "POST /wp-comments-post.php HTTP/1.1" 302 0 "https://the80itspod.com/advantages-of-factory-automation/" "Mozilla/5.0 (Windows NT 6.3; Win64; x64) AppleWebKit/537.36 (KHTML, like Gecko) Chrome/103.0.0.0 Safari/537.36"
185.157.212.157 - - [14/Apr/2025:20:47:03 -0400] "GET /advantages-of-factory-automation/?unapproved=51391&moderation-hash=d9c66868b1416c2439005088265da052 HTTP/1.1" 200 12899 "https://the80itspod.com/wp-comments-post.php" "Mozilla/5.0 (Windows NT 6.3; Win64; x64) AppleWebKit/537.36 (KHTML, like Gecko) Chrome/103.0.0.0 Safari/537.36"
185.157.212.157 - - [14/Apr/2025:20:47:05 -0400] "GET /advantages-of-factory-automation/ HTTP/1.1" 200 12288 "-" "Mozilla/5.0 (Windows NT 6.3; Win64; x64) AppleWebKit/537.36 (KHTML, like Gecko) Chrome/103.0.0.0 Safari/537.36"
185.157.212.157 - - [14/Apr/2025:20:47:44 -0400] "GET /advantages-of-factory-automation/ HTTP/1.1" 200 12288 "-" "Mozilla/5.0 (Windows NT 10.0; Win64; x64) AppleWebKit/537.36 (KHTML, like Gecko) Chrome/114.0.0.0 Safari/537.36"
198.54.114.83 - - [14/Apr/2025:20:48:36 -0400] "POST /wp-cron.php?doing_wp_cron=1744678116.0376620292663574218750 HTTP/1.1" 200 0 "-" "WordPress/6.7.2; https://the80itspod.com"
198.54.114.83 - - [14/Apr/2025:20:48:37 -0400] "POST /wp-admin/admin-ajax.php?action=async_litespeed&nonce=xdrRCTFMpD4EA0N26Itz69Xt9qSHYeON&litespeed_type=imgoptm HTTP/1.1" 200 0 "-" "WordPress/6.7.2; https://the80itspod.com"
54.36.149.55 - - [14/Apr/2025:20:48:33 -0400] "GET /a-touch-of-elegance/ HTTP/1.1" 200 11600 "-" "Mozilla/5.0 (compatible; AhrefsBot/7.0; +http://ahrefs.com/robot/)"
198.54.114.83 - - [14/Apr/2025:20:49:59 -0400] "POST /wp-cron.php?doing_wp_cron=1744678199.2938230037689208984375 HTTP/1.1" 200 0 "-" "WordPress/6.7.2; https://the80itspod.com"
198.54.114.83 - - [14/Apr/2025:20:50:00 -0400] "POST /wp-admin/admin-ajax.php?action=async_litespeed&nonce=yuT80eq3J5Y6j74EpJyBeXHEiXMCQftf&litespeed_type=imgoptm HTTP/1.1" 200 5 "-" "WordPress/6.7.2; https://the80itspod.com"
66.249.64.224 - - [14/Apr/2025:20:49:58 -0400] "GET /page/7/ HTTP/1.1" 200 13108 "-" "Mozilla/5.0 (Linux; Android 6.0.1; Nexus 5X Build/MMB29P) AppleWebKit/537.36 (KHTML, like Gecko) Chrome/135.0.7049.84 Mobile Safari/537.36 (compatible; Googlebot/2.1; +http://www.google.com/bot.html)"
66.249.64.225 - - [14/Apr/2025:20:50:15 -0400] "GET /buying-scenario-cbd-3-bedroom-apartment-in-nairobi-kenya/feed/ HTTP/1.1" 200 448 "-" "Mozilla/5.0 (Linux; Android 6.0.1; Nexus 5X Build/MMB29P) AppleWebKit/537.36 (KHTML, like Gecko) Chrome/135.0.7049.84 Mobile Safari/537.36 (compatible; Googlebot/2.1; +http://www.google.com/bot.html)"
198.54.114.83 - - [14/Apr/2025:20:51:04 -0400] "POST /wp-admin/admin-ajax.php?action=async_litespeed&nonce=pJy4KTdvxbfm9Q31y4O0q93rdCZ2zLNw&litespeed_type=imgoptm HTTP/1.1" 200 5 "-" "WordPress/6.7.2; https://the80itspod.com"
66.249.64.224 - - [14/Apr/2025:20:51:15 -0400] "GET /vielseitige-dienstleistungen-fur-einen-reibungslosen-umzug/feed/ HTTP/1.1" 200 421 "-" "Mozilla/5.0 (Linux; Android 6.0.1; Nexus 5X Build/MMB29P) AppleWebKit/537.36 (KHTML, like Gecko) Chrome/135.0.7049.84 Mobile Safari/537.36 (compatible; Googlebot/2.1; +http://www.google.com/bot.html)"
198.54.114.83 - - [14/Apr/2025:20:51:20 -0400] "POST /wp-admin/admin-ajax.php?action=async_litespeed&nonce=EgcpOCbydGjQMOwtczxQOU3zKcIYf49A&litespeed_type=imgoptm HTTP/1.1" 200 0 "-" "WordPress/6.7.2; https://the80itspod.com"
198.54.114.83 - - [14/Apr/2025:20:52:21 -0400] "POST /wp-admin/admin-ajax.php?action=async_litespeed&nonce=Zcowdp7Jnte8piqeghrUmnLUpUdRUWAu&litespeed_type=imgoptm HTTP/1.1" 200 5 "-" "WordPress/6.7.2; https://the80itspod.com"
184.147.167.221 - - [14/Apr/2025:20:53:10 -0400] "GET /marvel-comic-characters-at-casinos/ HTTP/1.1" 200 13769 "https://the80itspod.com/marvel-comic-characters-at-casinos/#comment-51392" "Mozilla/5.0 (Windows NT 10.0; Win64; x64) AppleWebKit/537.36 (KHTML, like Gecko) Chrome/129.0.0.0 Safari/537.36"
198.54.114.83 - - [14/Apr/2025:20:53:25 -0400] "POST /wp-admin/admin-ajax.php?action=async_litespeed&nonce=TASxLqJs7TcQoE3ZsymOm3QwRsJG6Aqx&litespeed_type=imgoptm HTTP/1.1" 200 0 "-" "WordPress/6.7.2; https://the80itspod.com"
54.36.149.2 - - [14/Apr/2025:20:54:14 -0400] "GET /ppr-pipes-and-fittings/ HTTP/1.1" 200 11781 "-" "Mozilla/5.0 (compatible; AhrefsBot/7.0; +http://ahrefs.com/robot/)"
85.208.96.210 - - [14/Apr/2025:20:55:24 -0400] "GET /using-accounting-to-maximize-your-potential-for-wealth/ HTTP/1.1" 200 12454 "-" "Mozilla/5.0 (compatible; SemrushBot/7~bl; +http://www.semrush.com/bot.html)"
198.54.114.83 - - [14/Apr/2025:20:56:34 -0400] "POST /wp-cron.php?doing_wp_cron=1744678594.5860819816589355468750 HTTP/1.1" 200 0 "-" "WordPress/6.7.2; https://the80itspod.com"
66.249.64.224 - - [14/Apr/2025:20:56:28 -0400] "GET /2023/01/ HTTP/1.1" 301 0 "-" "Mozilla/5.0 (Linux; Android 6.0.1; Nexus 5X Build/MMB29P) AppleWebKit/537.36 (KHTML, like Gecko) Chrome/135.0.7049.84 Mobile Safari/537.36 (compatible; Googlebot/2.1; +http://www.google.com/bot.html)"
198.54.114.83 - - [14/Apr/2025:20:56:35 -0400] "POST /wp-admin/admin-ajax.php?action=async_litespeed&nonce=ccGcyQwB9IqedPhonsasmTv9XiOR9mGO&litespeed_type=imgoptm HTTP/1.1" 200 0 "-" "WordPress/6.7.2; https://the80itspod.com"
198.54.114.83 - - [14/Apr/2025:20:57:34 -0400] "POST /wp-cron.php?doing_wp_cron=1744678653.4886319637298583984375 HTTP/1.1" 200 0 "-" "WordPress/6.7.2; https://the80itspod.com"
66.249.64.224 - - [14/Apr/2025:20:57:32 -0400] "GET /2021/07/ HTTP/1.1" 301 0 "-" "Mozilla/5.0 (Linux; Android 6.0.1; Nexus 5X Build/MMB29P) AppleWebKit/537.36 (KHTML, like Gecko) Chrome/135.0.7049.84 Mobile Safari/537.36 (compatible; Googlebot/2.1; +http://www.google.com/bot.html)"
198.54.114.83 - - [14/Apr/2025:20:57:34 -0400] "POST /wp-admin/admin-ajax.php?action=async_litespeed&nonce=fK9Q4BJvJ8iCbxeP7hcC2P1i13Oaj8pd&litespeed_type=imgoptm HTTP/1.1" 200 5 "-" "WordPress/6.7.2; https://the80itspod.com"
185.191.171.14 - - [14/Apr/2025:20:59:29 -0400] "GET /category/activity/page/23/ HTTP/1.1" 200 11355 "-" "Mozilla/5.0 (compatible; SemrushBot/7~bl; +http://www.semrush.com/bot.html)"
54.36.148.195 - - [14/Apr/2025:20:59:50 -0400] "GET /page/53/ HTTP/1.1" 200 13006 "-" "Mozilla/5.0 (compatible; AhrefsBot/7.0; +http://ahrefs.com/robot/)"
47.79.215.51 - - [14/Apr/2025:21:00:03 -0400] "GET / HTTP/1.1" 200 13048 "https://www.google.com/" "Mozilla/5.0 (Linux; Android 11; RMX3581 Build/RP1A.201005.001) AppleWebKit/537.36 (KHTML, like Gecko) Chrome/132.0.6834.163 Mobile Safari/537.36"
109.172.87.122 - - [14/Apr/2025:21:00:29 -0400] "GET /advantages-of-factory-automation/ HTTP/1.1" 200 12288 "https://the80itspod.com/advantages-of-factory-automation/" "Mozilla/5.0 (Windows NT 10.0; Win64; x64) AppleWebKit/537.36 (KHTML, like Gecko) Chrome/130.0.0.0 Safari/537.36"
198.54.114.83 - - [14/Apr/2025:21:00:35 -0400] "POST /wp-cron.php?doing_wp_cron=1744678835.5066359043121337890625 HTTP/1.1" 200 0 "-" "WordPress/6.7.2; https://the80itspod.com"
2a03:2880:f800:7:: - - [14/Apr/2025:21:00:31 -0400] "GET /wp-json/wp/v2/posts/2353 HTTP/1.1" 200 10631 "-" "meta-externalagent/1.1 (+https://developers.facebook.com/docs/sharing/webmasters/crawler)"
109.172.87.122 - - [14/Apr/2025:21:00:30 -0400] "POST /wp-comments-post.php HTTP/1.1" 302 0 "https://the80itspod.com/advantages-of-factory-automation/" "Mozilla/5.0 (Windows NT 10.0; Win64; x64) AppleWebKit/537.36 (KHTML, like Gecko) Chrome/130.0.0.0 Safari/537.36"
198.54.114.83 - - [14/Apr/2025:21:00:36 -0400] "POST /wp-admin/admin-ajax.php?action=async_litespeed&nonce=ARy3VP47wq9CfK64TuREAdxN2sy3n4ed&litespeed_type=imgoptm HTTP/1.1" 200 0 "-" "WordPress/6.7.2; https://the80itspod.com"
109.172.87.122 - - [14/Apr/2025:21:00:38 -0400] "GET /advantages-of-factory-automation/ HTTP/1.1" 200 13869 "https://the80itspod.com/advantages-of-factory-automation/#comment-51393" "Mozilla/5.0 (Windows NT 10.0; Win64; x64) AppleWebKit/537.36 (KHTML, like Gecko) Chrome/130.0.0.0 Safari/537.36"
198.54.114.83 - - [14/Apr/2025:21:02:38 -0400] "POST /wp-cron.php?doing_wp_cron=1744678958.3483290672302246093750 HTTP/1.1" 200 0 "-" "WordPress/6.7.2; https://the80itspod.com"
2a03:2880:f800:11:: - - [14/Apr/2025:21:02:34 -0400] "GET /wp-json/oembed/1.0/embed?url=https%3A%2F%2Fthe80itspod.com%2Fdie-faszination-von-hangelampen-ein-blick-auf-zeitloses-design-und-moderne-asthetik%2F HTTP/1.1" 200 2600 "-" "meta-externalagent/1.1 (+https://developers.facebook.com/docs/sharing/webmasters/crawler)"
198.54.114.83 - - [14/Apr/2025:21:02:39 -0400] "POST /wp-admin/admin-ajax.php?action=async_litespeed&nonce=QmokuU7uPBa4dYIVRNmzq6pww9RoN2ey&litespeed_type=imgoptm HTTP/1.1" 200 0 "-" "WordPress/6.7.2; https://the80itspod.com"
129.226.52.30 - - [14/Apr/2025:21:03:20 -0400] "GET /why-you-should-consider-los-angeles-seo-optimization/ HTTP/1.1" 200 12138 "-" "Python/3.10 aiohttp/3.10.5"
198.54.114.83 - - [14/Apr/2025:21:04:04 -0400] "POST /wp-cron.php?doing_wp_cron=1744679044.5151619911193847656250 HTTP/1.1" 200 0 "-" "WordPress/6.7.2; https://the80itspod.com"
198.54.114.83 - - [14/Apr/2025:21:04:05 -0400] "POST /wp-admin/admin-ajax.php?action=async_litespeed&nonce=DBjfl4YgyPerBV2tg2tIvcIyjuynx1C7&litespeed_type=imgoptm HTTP/1.1" 200 5 "-" "WordPress/6.7.2; https://the80itspod.com"
101.32.12.10 - - [14/Apr/2025:21:04:03 -0400] "GET /flathead-lake-cruises-2/ HTTP/1.1" 200 12602 "-" "Python/3.10 aiohttp/3.10.5"
198.54.114.83 - - [14/Apr/2025:21:04:40 -0400] "POST /wp-cron.php?doing_wp_cron=1744679080.4002139568328857421875 HTTP/1.1" 200 0 "-" "WordPress/6.7.2; https://the80itspod.com"
185.191.171.15 - - [14/Apr/2025:21:04:39 -0400] "GET /interior-painting-how-much-paint-to-purchase/ HTTP/1.1" 200 12460 "-" "Mozilla/5.0 (compatible; SemrushBot/7~bl; +http://www.semrush.com/bot.html)"
198.54.114.83 - - [14/Apr/2025:21:04:41 -0400] "POST /wp-admin/admin-ajax.php?action=async_litespeed&nonce=r3IeZFTRp0DhHLAd7YMfIx6TXND3myAo&litespeed_type=imgoptm HTTP/1.1" 200 0 "-" "WordPress/6.7.2; https://the80itspod.com"
54.36.148.180 - - [14/Apr/2025:21:05:12 -0400] "GET /a-virtual-gateway-to-paradise/ HTTP/1.1" 200 11893 "-" "Mozilla/5.0 (compatible; AhrefsBot/7.0; +http://ahrefs.com/robot/)"
198.54.114.83 - - [14/Apr/2025:21:06:10 -0400] "POST /wp-cron.php?doing_wp_cron=1744679170.2360448837280273437500 HTTP/1.1" 200 0 "-" "WordPress/6.7.2; https://the80itspod.com"
129.226.77.215 - - [14/Apr/2025:21:06:09 -0400] "GET /ladbrokes-review/ HTTP/1.1" 200 12301 "-" "Python/3.10 aiohttp/3.10.5"
198.54.114.83 - - [14/Apr/2025:21:06:11 -0400] "POST /wp-admin/admin-ajax.php?action=async_litespeed&nonce=0LS13IqoUEHlU90qN7zliA3WvxkyQ01n&litespeed_type=imgoptm HTTP/1.1" 200 0 "-" "WordPress/6.7.2; https://the80itspod.com"
91.84.98.204 - - [14/Apr/2025:21:06:38 -0400] "GET /advantages-of-factory-automation/ HTTP/1.1" 200 12288 "https://the80itspod.com/advantages-of-factory-automation/" "Mozilla/5.0 (Windows NT 10.0; Win64; x64) AppleWebKit/537.36 (KHTML, like Gecko) Chrome/129.0.0.0 Safari/537.36"
198.54.114.83 - - [14/Apr/2025:21:06:40 -0400] "POST /wp-cron.php?doing_wp_cron=1744679200.0271530151367187500000 HTTP/1.1" 200 0 "-" "WordPress/6.7.2; https://the80itspod.com"
198.54.114.83 - - [14/Apr/2025:21:06:40 -0400] "POST /wp-admin/admin-ajax.php?action=async_litespeed&nonce=fF1huuNm8UApPsDd1fivE6onA5PPclZB&litespeed_type=imgoptm HTTP/1.1" 200 5 "-" "WordPress/6.7.2; https://the80itspod.com"
91.84.98.204 - - [14/Apr/2025:21:06:39 -0400] "POST /wp-comments-post.php HTTP/1.1" 302 0 "https://the80itspod.com/advantages-of-factory-automation/" "Mozilla/5.0 (Windows NT 10.0; Win64; x64) AppleWebKit/537.36 (KHTML, like Gecko) Chrome/129.0.0.0 Safari/537.36"
91.84.98.204 - - [14/Apr/2025:21:06:42 -0400] "GET /advantages-of-factory-automation/ HTTP/1.1" 200 13874 "https://the80itspod.com/advantages-of-factory-automation/#comment-51394" "Mozilla/5.0 (Windows NT 10.0; Win64; x64) AppleWebKit/537.36 (KHTML, like Gecko) Chrome/129.0.0.0 Safari/537.36"
121.229.156.39 - - [14/Apr/2025:21:08:12 -0400] "GET /category/sign-up/ HTTP/1.1" 200 9151 "-" "Sogou web spider/4.0(+http://www.sogou.com/docs/help/webmasters.htm#07)"
198.54.114.83 - - [14/Apr/2025:21:08:41 -0400] "POST /wp-cron.php?doing_wp_cron=1744679320.8601379394531250000000 HTTP/1.1" 200 0 "-" "WordPress/6.7.2; https://the80itspod.com"
66.249.64.225 - - [14/Apr/2025:21:08:33 -0400] "GET /2021/03/ HTTP/1.1" 301 0 "-" "Mozilla/5.0 (Linux; Android 6.0.1; Nexus 5X Build/MMB29P) AppleWebKit/537.36 (KHTML, like Gecko) Chrome/135.0.7049.84 Mobile Safari/537.36 (compatible; Googlebot/2.1; +http://www.google.com/bot.html)"
198.54.114.83 - - [14/Apr/2025:21:08:42 -0400] "POST /wp-admin/admin-ajax.php?action=async_litespeed&nonce=H6DfMtvj7Xf6WNckw4ZcgcMAfjbqR3AY&litespeed_type=imgoptm HTTP/1.1" 200 0 "-" "WordPress/6.7.2; https://the80itspod.com"
198.54.114.83 - - [14/Apr/2025:21:09:23 -0400] "POST /wp-cron.php?doing_wp_cron=1744679362.8484361171722412109375 HTTP/1.1" 200 0 "-" "WordPress/6.7.2; https://the80itspod.com"
66.249.64.224 - - [14/Apr/2025:21:09:22 -0400] "GET /2021/04/ HTTP/1.1" 301 0 "-" "Mozilla/5.0 (Linux; Android 6.0.1; Nexus 5X Build/MMB29P) AppleWebKit/537.36 (KHTML, like Gecko) Chrome/135.0.7049.84 Mobile Safari/537.36 (compatible; Googlebot/2.1; +http://www.google.com/bot.html)"
198.54.114.83 - - [14/Apr/2025:21:09:24 -0400] "POST /wp-admin/admin-ajax.php?action=async_litespeed&nonce=ybdFzQVcYa9Q4SF5Gs9O2H9Pv7xrJ8qL&litespeed_type=imgoptm HTTP/1.1" 200 0 "-" "WordPress/6.7.2; https://the80itspod.com"
129.226.112.194 - - [14/Apr/2025:21:09:36 -0400] "GET /why-hefty-size-ladies-ought-to-allow-summer-dresses-an-opportunity/ HTTP/1.1" 200 12516 "-" "Python/3.10 aiohttp/3.10.5"
5.255.231.145 - - [14/Apr/2025:21:09:48 -0400] "GET /knnex-blockchain-exchange-understanding-recent-blockchain-scam-incidents/ HTTP/1.1" 200 12253 "-" "Mozilla/5.0 (compatible; YandexBot/3.0; +http://yandex.com/bots)"
66.249.64.225 - - [14/Apr/2025:21:09:48 -0400] "GET /2023/08/ HTTP/1.1" 301 0 "-" "Mozilla/5.0 (Linux; Android 6.0.1; Nexus 5X Build/MMB29P) AppleWebKit/537.36 (KHTML, like Gecko) Chrome/135.0.7049.84 Mobile Safari/537.36 (compatible; Googlebot/2.1; +http://www.google.com/bot.html)"
2a02:598:96:8a00::1200:122 - - [14/Apr/2025:21:10:10 -0400] "GET /choosing-the-best-online-casinos/ HTTP/1.1" 200 11738 "-" "Mozilla/5.0 (compatible; SeznamBot/4.0; +https://o-seznam.cz/napoveda/vyhledavani/en/seznambot-crawler/)"
198.54.114.83 - - [14/Apr/2025:21:10:57 -0400] "POST /wp-cron.php?doing_wp_cron=1744679457.1306190490722656250000 HTTP/1.1" 200 0 "-" "WordPress/6.7.2; https://the80itspod.com"
54.36.149.35 - - [14/Apr/2025:21:10:56 -0400] "GET /unmatched-quality-and-style/feed/ HTTP/1.1" 200 390 "-" "Mozilla/5.0 (compatible; AhrefsBot/7.0; +http://ahrefs.com/robot/)"
198.54.114.83 - - [14/Apr/2025:21:10:59 -0400] "POST /wp-admin/admin-ajax.php?action=async_litespeed&nonce=SLOKGj6VWPIgijyu3wziXuwiVwxbCKMm&litespeed_type=imgoptm HTTP/1.1" 200 0 "-" "WordPress/6.7.2; https://the80itspod.com"
198.54.114.83 - - [14/Apr/2025:21:12:07 -0400] "POST /wp-cron.php?doing_wp_cron=1744679527.4392590522766113281250 HTTP/1.1" 200 0 "-" "WordPress/6.7.2; https://the80itspod.com"
66.249.64.225 - - [14/Apr/2025:21:12:06 -0400] "GET /2021/06/ HTTP/1.1" 301 0 "-" "Mozilla/5.0 (Linux; Android 6.0.1; Nexus 5X Build/MMB29P) AppleWebKit/537.36 (KHTML, like Gecko) Chrome/135.0.7049.84 Mobile Safari/537.36 (compatible; Googlebot/2.1; +http://www.google.com/bot.html)"
198.54.114.83 - - [14/Apr/2025:21:12:09 -0400] "POST /wp-admin/admin-ajax.php?action=async_litespeed&nonce=3L7zyZJtabGX58jwF4qNAswFzChzfMFo&litespeed_type=imgoptm HTTP/1.1" 200 0 "-" "WordPress/6.7.2; https://the80itspod.com"
198.54.114.83 - - [14/Apr/2025:21:12:24 -0400] "POST /wp-cron.php?doing_wp_cron=1744679543.5973489284515380859375 HTTP/1.1" 200 0 "-" "WordPress/6.7.2; https://the80itspod.com"
66.249.64.225 - - [14/Apr/2025:21:12:23 -0400] "GET /category/about-us/ HTTP/1.1" 200 11364 "-" "Mozilla/5.0 (Linux; Android 6.0.1; Nexus 5X Build/MMB29P) AppleWebKit/537.36 (KHTML, like Gecko) Chrome/135.0.7049.84 Mobile Safari/537.36 (compatible; Googlebot/2.1; +http://www.google.com/bot.html)"
198.54.114.83 - - [14/Apr/2025:21:12:25 -0400] "POST /wp-admin/admin-ajax.php?action=async_litespeed&nonce=JiINt60xrhXCnELZqdnVBSo0UZOcBe87&litespeed_type=imgoptm HTTP/1.1" 200 0 "-" "WordPress/6.7.2; https://the80itspod.com"
54.36.148.127 - - [14/Apr/2025:21:13:44 -0400] "GET /revolutionizing-casino-solution-distribution-a-paradigm-shift-in-the-gaming-industry/ HTTP/1.1" 200 11783 "-" "Mozilla/5.0 (compatible; AhrefsBot/7.0; +http://ahrefs.com/robot/)"
198.54.114.83 - - [14/Apr/2025:21:14:10 -0400] "POST /wp-cron.php?doing_wp_cron=1744679649.8800990581512451171875 HTTP/1.1" 200 0 "-" "WordPress/6.7.2; https://the80itspod.com"
198.54.114.83 - - [14/Apr/2025:21:14:11 -0400] "POST /wp-admin/admin-ajax.php?action=async_litespeed&nonce=P5seGMviiJTOvLKHmAzo19gY8B4FNr6S&litespeed_type=imgoptm HTTP/1.1" 200 0 "-" "WordPress/6.7.2; https://the80itspod.com"
2a03:2880:f800:12:: - - [14/Apr/2025:21:14:06 -0400] "GET /wp-json/wp/v2/posts/2396 HTTP/1.1" 200 10695 "-" "meta-externalagent/1.1 (+https://developers.facebook.com/docs/sharing/webmasters/crawler)"
198.54.114.83 - - [14/Apr/2025:21:14:36 -0400] "POST /wp-admin/admin-ajax.php?action=async_litespeed&nonce=q7NXxX1iD5Fb9l2JGJEhH2sZoXy6uShd&litespeed_type=imgoptm HTTP/1.1" 200 5 "-" "WordPress/6.7.2; https://the80itspod.com"
43.154.145.14 - - [14/Apr/2025:21:14:56 -0400] "GET /is-a-michael-kors-backpack-a-luxury/ HTTP/1.1" 200 11993 "-" "Python/3.10 aiohttp/3.10.5"
54.36.149.44 - - [14/Apr/2025:21:16:33 -0400] "GET /the-power-of-a-free-qr-code-generator/ HTTP/1.1" 200 11723 "-" "Mozilla/5.0 (compatible; AhrefsBot/7.0; +http://ahrefs.com/robot/)"
150.109.61.32 - - [14/Apr/2025:21:17:56 -0400] "GET /play-wordle-today/ HTTP/1.1" 200 11622 "-" "Python/3.10 aiohttp/3.10.5"
93.123.109.101 - - [14/Apr/2025:21:18:44 -0400] "GET /easy-hacks-to-make-your-brownie-box-taste-homemade/ HTTP/1.1" 200 12345 "-" "Mozilla/5.0 (Windows NT 10.0; Win64; x64) AppleWebKit/537.36 Chrome/121.0.0.0"
198.54.114.83 - - [14/Apr/2025:21:18:44 -0400] "POST /wp-admin/admin-ajax.php?action=async_litespeed&nonce=ZXp2nRQeeDXJF0H1I8WtH9W5pVSq4emW&litespeed_type=imgoptm HTTP/1.1" 200 0 "-" "WordPress/6.7.2; https://the80itspod.com"
198.54.114.83 - - [14/Apr/2025:21:19:22 -0400] "POST /wp-cron.php?doing_wp_cron=1744679961.7349269390106201171875 HTTP/1.1" 200 0 "-" "WordPress/6.7.2; https://the80itspod.com"
198.54.114.83 - - [14/Apr/2025:21:19:23 -0400] "POST /wp-admin/admin-ajax.php?action=async_litespeed&nonce=shxCvAS3wxfuDhZTYZ4GlFUdD1X79Z92&litespeed_type=imgoptm HTTP/1.1" 200 0 "-" "WordPress/6.7.2; https://the80itspod.com"
54.36.148.22 - - [14/Apr/2025:21:19:19 -0400] "GET /une-expression-creative-et-engagee/feed/ HTTP/1.1" 200 404 "-" "Mozilla/5.0 (compatible; AhrefsBot/7.0; +http://ahrefs.com/robot/)"
185.157.212.157 - - [14/Apr/2025:21:20:11 -0400] "GET /advantages-of-factory-automation/ HTTP/1.1" 200 12288 "https://the80itspod.com/advantages-of-factory-automation/" "Mozilla/5.0 (Windows NT 10.0; Win64; x64) AppleWebKit/537.36 (KHTML, like Gecko) Chrome/131.0.0.0 Safari/537.36 Avast/131.0.0.0"
185.157.212.157 - - [14/Apr/2025:21:20:12 -0400] "POST /wp-comments-post.php HTTP/1.1" 302 0 "https://the80itspod.com/advantages-of-factory-automation/" "Mozilla/5.0 (Windows NT 10.0; Win64; x64) AppleWebKit/537.36 (KHTML, like Gecko) Chrome/131.0.0.0 Safari/537.36 Avast/131.0.0.0"
185.157.212.157 - - [14/Apr/2025:21:20:15 -0400] "GET /advantages-of-factory-automation/ HTTP/1.1" 200 13649 "https://the80itspod.com/advantages-of-factory-automation/#comment-51395" "Mozilla/5.0 (Windows NT 10.0; Win64; x64) AppleWebKit/537.36 (KHTML, like Gecko) Chrome/131.0.0.0 Safari/537.36 Avast/131.0.0.0"
54.36.149.55 - - [14/Apr/2025:21:22:03 -0400] "GET /why-composite-doors-are-a-popular-choice-for-homes-in-swansea-and-south-wales/ HTTP/1.1" 200 12072 "-" "Mozilla/5.0 (compatible; AhrefsBot/7.0; +http://ahrefs.com/robot/)"
198.54.114.83 - - [14/Apr/2025:21:22:20 -0400] "POST /wp-cron.php?doing_wp_cron=1744680139.9128119945526123046875 HTTP/1.1" 200 0 "-" "WordPress/6.7.2; https://the80itspod.com"
198.54.114.83 - - [14/Apr/2025:21:22:22 -0400] "POST /wp-admin/admin-ajax.php?action=async_litespeed&nonce=I3rCllA41OMZ0ldgMZfSzN9sfN3wpIae&litespeed_type=imgoptm HTTP/1.1" 200 0 "-" "WordPress/6.7.2; https://the80itspod.com"
2a02:598:96:8a00::1200:122 - - [14/Apr/2025:21:22:15 -0400] "GET /large-file-sharing-apps/ HTTP/1.1" 200 12343 "-" "Mozilla/5.0 (compatible; SeznamBot/4.0; +https://o-seznam.cz/napoveda/vyhledavani/en/seznambot-crawler/)"
198.54.114.83 - - [14/Apr/2025:21:24:01 -0400] "POST /wp-admin/admin-ajax.php?action=async_litespeed&nonce=1ElSU5EhXlcVTVdUuD88YR8zYj5Woxzx&litespeed_type=imgoptm HTTP/1.1" 200 0 "-" "WordPress/6.7.2; https://the80itspod.com"
198.54.114.83 - - [14/Apr/2025:21:24:31 -0400] "POST /wp-cron.php?doing_wp_cron=1744680271.5957629680633544921875 HTTP/1.1" 200 0 "-" "WordPress/6.7.2; https://the80itspod.com"
2a03:2880:f800:16:: - - [14/Apr/2025:21:24:31 -0400] "GET /?p=2292 HTTP/1.1" 301 0 "-" "meta-externalagent/1.1 (+https://developers.facebook.com/docs/sharing/webmasters/crawler)"
198.54.114.83 - - [14/Apr/2025:21:24:33 -0400] "POST /wp-admin/admin-ajax.php?action=async_litespeed&nonce=hymzTEFHpcMbT6VMS7FlvJkiGeS6Aga7&litespeed_type=imgoptm HTTP/1.1" 200 5 "-" "WordPress/6.7.2; https://the80itspod.com"
54.36.148.220 - - [14/Apr/2025:21:24:45 -0400] "GET /life-with-a-custom-paint-by-numbers/feed/ HTTP/1.1" 200 410 "-" "Mozilla/5.0 (compatible; AhrefsBot/7.0; +http://ahrefs.com/robot/)"
198.54.114.83 - - [14/Apr/2025:21:25:38 -0400] "POST /wp-cron.php?doing_wp_cron=1744680338.1216709613800048828125 HTTP/1.1" 200 0 "-" "WordPress/6.7.2; https://the80itspod.com"
124.156.103.176 - - [14/Apr/2025:21:25:37 -0400] "GET /take-personal-fitness-classes-for-toning-and-well-being/ HTTP/1.1" 200 12681 "-" "Python/3.10 aiohttp/3.10.5"
198.54.114.83 - - [14/Apr/2025:21:25:39 -0400] "POST /wp-admin/admin-ajax.php?action=async_litespeed&nonce=XuWx54sI8JEZrze6e1ctCQ4LMeo9HKAx&litespeed_type=imgoptm HTTP/1.1" 200 0 "-" "WordPress/6.7.2; https://the80itspod.com"
185.191.171.11 - - [14/Apr/2025:21:26:32 -0400] "GET /robots.txt HTTP/1.1" 304 0 "-" "Mozilla/5.0 (compatible; SemrushBot/7~bl; +http://www.semrush.com/bot.html)"
198.54.114.83 - - [14/Apr/2025:21:26:33 -0400] "POST /wp-cron.php?doing_wp_cron=1744680393.5786290168762207031250 HTTP/1.1" 200 0 "-" "WordPress/6.7.2; https://the80itspod.com"
185.191.171.16 - - [14/Apr/2025:21:26:33 -0400] "GET /getting-involved-with-airsoft-guns/ HTTP/1.1" 200 11740 "-" "Mozilla/5.0 (compatible; SemrushBot/7~bl; +http://www.semrush.com/bot.html)"
198.54.114.83 - - [14/Apr/2025:21:26:35 -0400] "POST /wp-admin/admin-ajax.php?action=async_litespeed&nonce=5hrWdXzEeRpJMG6bhdvoumpRRU4XbD4W&litespeed_type=imgoptm HTTP/1.1" 200 0 "-" "WordPress/6.7.2; https://the80itspod.com"
198.54.114.83 - - [14/Apr/2025:21:27:51 -0400] "POST /wp-cron.php?doing_wp_cron=1744680471.1373550891876220703125 HTTP/1.1" 200 0 "-" "WordPress/6.7.2; https://the80itspod.com"
54.36.148.89 - - [14/Apr/2025:21:27:50 -0400] "GET /how-to-make-money-with-online-betting/feed/ HTTP/1.1" 200 412 "-" "Mozilla/5.0 (compatible; AhrefsBot/7.0; +http://ahrefs.com/robot/)"
198.54.114.83 - - [14/Apr/2025:21:27:53 -0400] "POST /wp-admin/admin-ajax.php?action=async_litespeed&nonce=Tzndo3UtKms9OHltmDC39Qu44zd9jnLV&litespeed_type=imgoptm HTTP/1.1" 200 0 "-" "WordPress/6.7.2; https://the80itspod.com"
198.54.114.83 - - [14/Apr/2025:21:28:30 -0400] "POST /wp-cron.php?doing_wp_cron=1744680510.1435430049896240234375 HTTP/1.1" 200 0 "-" "WordPress/6.7.2; https://the80itspod.com"
198.54.114.83 - - [14/Apr/2025:21:28:31 -0400] "POST /wp-admin/admin-ajax.php?action=async_litespeed&nonce=wntXcfiZ6P1lQTHVISFUmiy3RRZEJdm7&litespeed_type=imgoptm HTTP/1.1" 200 0 "-" "WordPress/6.7.2; https://the80itspod.com"
43.154.109.7 - - [14/Apr/2025:21:28:29 -0400] "GET /yoga-videos-find-the-best-yoga-videos-for-you/ HTTP/1.1" 200 13491 "-" "Python/3.10 aiohttp/3.10.5"
198.54.114.83 - - [14/Apr/2025:21:30:07 -0400] "POST /wp-cron.php?doing_wp_cron=1744680606.2018260955810546875000 HTTP/1.1" 200 0 "-" "WordPress/6.7.2; https://the80itspod.com"
66.249.64.232 - - [14/Apr/2025:21:29:59 -0400] "GET /category/how-to/ HTTP/1.1" 200 10830 "-" "Mozilla/5.0 (Linux; Android 6.0.1; Nexus 5X Build/MMB29P) AppleWebKit/537.36 (KHTML, like Gecko) Chrome/135.0.7049.84 Mobile Safari/537.36 (compatible; Googlebot/2.1; +http://www.google.com/bot.html)"
54.36.149.97 - - [14/Apr/2025:21:30:59 -0400] "GET /norcold-rv-fridges/feed/ HTTP/1.1" 200 382 "-" "Mozilla/5.0 (compatible; AhrefsBot/7.0; +http://ahrefs.com/robot/)"
198.54.114.83 - - [14/Apr/2025:21:31:20 -0400] "POST /wp-cron.php?doing_wp_cron=1744680679.1654889583587646484375 HTTP/1.1" 200 0 "-" "WordPress/6.7.2; https://the80itspod.com"
185.191.171.6 - - [14/Apr/2025:21:31:18 -0400] "GET /things-to-consider-in-choosing-a-sports-betting-site/ HTTP/1.1" 200 12417 "-" "Mozilla/5.0 (compatible; SemrushBot/7~bl; +http://www.semrush.com/bot.html)"
2a02:598:96:8a00::1200:122 - - [14/Apr/2025:21:31:25 -0400] "GET /lampe-de-chevet-tactile/ HTTP/1.1" 200 12832 "-" "Mozilla/5.0 (compatible; SeznamBot/4.0; +https://o-seznam.cz/napoveda/vyhledavani/en/seznambot-crawler/)"
185.191.171.16 - - [14/Apr/2025:21:32:06 -0400] "GET /the-problem-of-resolving-the-continuum/ HTTP/1.1" 200 12212 "-" "Mozilla/5.0 (compatible; SemrushBot/7~bl; +http://www.semrush.com/bot.html)"
198.54.114.83 - - [14/Apr/2025:21:32:56 -0400] "POST /wp-cron.php?doing_wp_cron=1744680775.6525421142578125000000 HTTP/1.1" 200 0 "-" "WordPress/6.7.2; https://the80itspod.com"
5.255.231.21 - - [14/Apr/2025:21:32:54 -0400] "GET /diamond-painting-tiere/ HTTP/1.1" 200 12362 "-" "Mozilla/5.0 (compatible; YandexBot/3.0; +http://yandex.com/bots)"
198.54.114.83 - - [14/Apr/2025:21:32:57 -0400] "POST /wp-admin/admin-ajax.php?action=async_litespeed&nonce=WKY571WE1m7rYbFXyLh1i2vHvTrC9A96&litespeed_type=imgoptm HTTP/1.1" 200 0 "-" "WordPress/6.7.2; https://the80itspod.com"
198.54.114.83 - - [14/Apr/2025:21:33:30 -0400] "POST /wp-cron.php?doing_wp_cron=1744680810.0912020206451416015625 HTTP/1.1" 200 0 "-" "WordPress/6.7.2; https://the80itspod.com"
54.36.148.94 - - [14/Apr/2025:21:33:29 -0400] "GET /elevating-exhibition-stands-with-interactive-games/feed/ HTTP/1.1" 200 414 "-" "Mozilla/5.0 (compatible; AhrefsBot/7.0; +http://ahrefs.com/robot/)"
198.54.114.83 - - [14/Apr/2025:21:33:31 -0400] "POST /wp-admin/admin-ajax.php?action=async_litespeed&nonce=m8LCDeuS7Rz1REoUc20z9yISrQcvdw34&litespeed_type=imgoptm HTTP/1.1" 200 5 "-" "WordPress/6.7.2; https://the80itspod.com"
198.54.114.83 - - [14/Apr/2025:21:34:26 -0400] "POST /wp-admin/admin-ajax.php?action=async_litespeed&nonce=znPUCCHnWMy7LVM97cGBbct0CW5i3k3z&litespeed_type=imgoptm HTTP/1.1" 200 0 "-" "WordPress/6.7.2; https://the80itspod.com"
8.210.230.104 - - [14/Apr/2025:21:35:14 -0400] "GET /wie-man-ein-katana-schwert-herstellt HTTP/1.1" 301 0 "-" "Mozilla/5.0 (Macintosh; Intel Mac OS X 10_15_7) AppleWebKit/537.36 (KHTML, like Gecko) Chrome/109.0.0.0 Safari/537.36"
198.54.114.83 - - [14/Apr/2025:21:35:17 -0400] "POST /wp-cron.php?doing_wp_cron=1744680915.8091990947723388671875 HTTP/1.1" 200 0 "-" "WordPress/6.7.2; https://the80itspod.com"
8.210.230.104 - - [14/Apr/2025:21:35:17 -0400] "GET /wie-man-ein-katana-schwert-herstellt/ HTTP/1.1" 200 12046 "https://the80itspod.com/wie-man-ein-katana-schwert-herstellt" "Mozilla/5.0 (Macintosh; Intel Mac OS X 10_15_7) AppleWebKit/537.36 (KHTML, like Gecko) Chrome/109.0.0.0 Safari/537.36"
129.226.128.109 - - [14/Apr/2025:21:35:44 -0400] "GET /car-warranty-news/ HTTP/1.1" 200 11793 "-" "Python/3.10 aiohttp/3.10.5"
198.54.114.83 - - [14/Apr/2025:21:36:22 -0400] "POST /wp-admin/admin-ajax.php?action=async_litespeed&nonce=HnuKovWxb0YMuRPpZFKd64IDpmzF9jAP&litespeed_type=imgoptm HTTP/1.1" 200 0 "-" "WordPress/6.7.2; https://the80itspod.com"
54.36.148.242 - - [14/Apr/2025:21:36:26 -0400] "GET /when-is-the-right-time-to-replace-the-refrigerator/feed/ HTTP/1.1" 304 0 "-" "Mozilla/5.0 (compatible; AhrefsBot/7.0; +http://ahrefs.com/robot/)"
104.28.194.6 - - [14/Apr/2025:21:36:49 -0400] "GET /xmlrpc.php HTTP/1.1" 405 46 "-" "Mozilla/5.0 (Windows NT 6.1; WOW64; rv:45.0) Gecko/20100101 Firefox/45.0"
104.28.194.6 - - [14/Apr/2025:21:36:51 -0400] "GET /wp-login.php HTTP/1.1" 200 1759 "-" "Mozilla/5.0 (Windows NT 6.1; WOW64; rv:45.0) Gecko/20100101 Firefox/45.0"
104.28.194.6 - - [14/Apr/2025:21:36:52 -0400] "GET /?author=1 HTTP/1.1" 404 8118 "-" "Mozilla/5.0 (X11; U; Linux i686)Gecko/20071127 Firefox/2.0.0.11"
104.28.194.6 - - [14/Apr/2025:21:36:54 -0400] "POST /xmlrpc.php HTTP/1.1" 503 6990 "https://the80itspod.com/xmlrpc.php" "python-requests/2.25.1"
104.28.194.6 - - [14/Apr/2025:21:36:57 -0400] "POST /xmlrpc.php HTTP/1.1" 503 6810 "https://the80itspod.com/xmlrpc.php" "python-requests/2.25.1"
91.84.113.162 - - [14/Apr/2025:21:38:01 -0400] "GET /common-customer-complaints-8-examples-and/ HTTP/1.1" 200 85556 "https://the80itspod.com/common-customer-complaints-8-examples-and/" "Mozilla/5.0 (Windows NT 6.3; Win64; x64) AppleWebKit/537.36 (KHTML, like Gecko) Chrome/103.0.5060.66 Safari/537.36"
198.54.114.83 - - [14/Apr/2025:21:38:04 -0400] "POST /?wordfence_syncAttackData=1744681083.9381 HTTP/1.1" 200 0 "-" "WordPress/6.7.2; https://the80itspod.com"
198.54.114.83 - - [14/Apr/2025:21:38:05 -0400] "POST /wp-cron.php?doing_wp_cron=1744681085.1153390407562255859375 HTTP/1.1" 200 0 "-" "WordPress/6.7.2; https://the80itspod.com"
198.54.114.83 - - [14/Apr/2025:21:38:06 -0400] "POST /wp-admin/admin-ajax.php?action=async_litespeed&nonce=S8A3a9zaadn1FJP8AKYnoEe1PXLRYfSb&litespeed_type=imgoptm HTTP/1.1" 200 0 "-" "WordPress/6.7.2; https://the80itspod.com"
91.84.113.162 - - [14/Apr/2025:21:38:03 -0400] "POST /wp-comments-post.php HTTP/1.1" 302 0 "https://the80itspod.com/common-customer-complaints-8-examples-and/" "Mozilla/5.0 (Windows NT 6.3; Win64; x64) AppleWebKit/537.36 (KHTML, like Gecko) Chrome/103.0.5060.66 Safari/537.36"
91.84.113.162 - - [14/Apr/2025:21:38:10 -0400] "GET /common-customer-complaints-8-examples-and/ HTTP/1.1" 200 86190 "https://the80itspod.com/common-customer-complaints-8-examples-and/#comment-51396" "Mozilla/5.0 (Windows NT 6.3; Win64; x64) AppleWebKit/537.36 (KHTML, like Gecko) Chrome/103.0.5060.66 Safari/537.36"
185.191.171.14 - - [14/Apr/2025:21:38:41 -0400] "GET /terra-hill-pasir-panjang/ HTTP/1.1" 200 11890 "-" "Mozilla/5.0 (compatible; SemrushBot/7~bl; +http://www.semrush.com/bot.html)"
198.54.114.83 - - [14/Apr/2025:21:38:51 -0400] "POST /wp-cron.php?doing_wp_cron=1744681130.6982018947601318359375 HTTP/1.1" 200 0 "-" "WordPress/6.7.2; https://the80itspod.com"
54.36.148.223 - - [14/Apr/2025:21:38:50 -0400] "GET /revolutionizing-communication/ HTTP/1.1" 200 11656 "-" "Mozilla/5.0 (compatible; AhrefsBot/7.0; +http://ahrefs.com/robot/)"
110.249.201.82 - - [14/Apr/2025:21:38:50 -0400] "GET /page/18/ HTTP/1.1" 200 13288 "-" "Mozilla/5.0 (Linux; Android 5.0) AppleWebKit/537.36 (KHTML, like Gecko) Mobile Safari/537.36 (compatible; Bytespider; https://zhanzhang.toutiao.com/)"
198.54.114.83 - - [14/Apr/2025:21:38:52 -0400] "POST /wp-admin/admin-ajax.php?action=async_litespeed&nonce=OwGxh75dr2R4CK8Z1adGPTxV4NN9VdJ9&litespeed_type=imgoptm HTTP/1.1" 200 0 "-" "WordPress/6.7.2; https://the80itspod.com"
110.249.201.82 - - [14/Apr/2025:21:38:52 -0400] "GET /wp-includes/css/dist/block-library/style.min.css?ver=6.7.2 HTTP/1.1" 200 14225 "https://the80itspod.com/page/18/" "Mozilla/5.0 (Linux; Android 5.0) AppleWebKit/537.36 (KHTML, like Gecko) Mobile Safari/537.36 (compatible; Bytespider; https://zhanzhang.toutiao.com/)"
110.249.201.82 - - [14/Apr/2025:21:38:53 -0400] "GET /wp-content/themes/covernews/assets/bootstrap/css/bootstrap.min.css?ver=6.7.2 HTTP/1.1" 200 18231 "https://the80itspod.com/page/18/" "Mozilla/5.0 (Linux; Android 5.0) AppleWebKit/537.36 (KHTML, like Gecko) Mobile Safari/537.36 (compatible; Bytespider; https://zhanzhang.toutiao.com/)"
110.249.201.82 - - [14/Apr/2025:21:38:53 -0400] "GET /wp-content/themes/covernews/style.css?ver=6.7.2 HTTP/1.1" 200 34501 "https://the80itspod.com/page/18/" "Mozilla/5.0 (Linux; Android 5.0) AppleWebKit/537.36 (KHTML, like Gecko) Mobile Safari/537.36 (compatible; Bytespider; https://zhanzhang.toutiao.com/)"
110.249.201.82 - - [14/Apr/2025:21:38:53 -0400] "GET /wp-content/themes/covernews/assets/slick/js/slick.min.js?ver=1.0.2 HTTP/1.1" 304 0 "https://the80itspod.com/page/18/" "Mozilla/5.0 (Linux; Android 5.0) AppleWebKit/537.36 (KHTML, like Gecko) Mobile Safari/537.36 (compatible; Bytespider; https://zhanzhang.toutiao.com/)"
110.249.201.82 - - [14/Apr/2025:21:38:53 -0400] "GET /wp-includes/js/jquery/jquery.min.js?ver=3.7.1 HTTP/1.1" 304 0 "https://the80itspod.com/page/18/" "Mozilla/5.0 (Linux; Android 5.0) AppleWebKit/537.36 (KHTML, like Gecko) Mobile Safari/537.36 (compatible; Bytespider; https://zhanzhang.toutiao.com/)"
110.249.201.82 - - [14/Apr/2025:21:38:53 -0400] "GET /wp-content/themes/covernews/assets/bootstrap/js/bootstrap.min.js?ver=1.0.2 HTTP/1.1" 304 0 "https://the80itspod.com/page/18/" "Mozilla/5.0 (Linux; Android 5.0) AppleWebKit/537.36 (KHTML, like Gecko) Mobile Safari/537.36 (compatible; Bytespider; https://zhanzhang.toutiao.com/)"
110.249.201.82 - - [14/Apr/2025:21:38:53 -0400] "GET /wp-content/themes/covernews/assets/fixed-header-script.js?ver=1.0.2 HTTP/1.1" 304 0 "https://the80itspod.com/page/18/" "Mozilla/5.0 (Linux; Android 5.0) AppleWebKit/537.36 (KHTML, like Gecko) Mobile Safari/537.36 (compatible; Bytespider; https://zhanzhang.toutiao.com/)"
110.249.201.82 - - [14/Apr/2025:21:38:53 -0400] "GET /wp-content/themes/covernews/assets/script.js?ver=1.0.2 HTTP/1.1" 304 0 "https://the80itspod.com/page/18/" "Mozilla/5.0 (Linux; Android 5.0) AppleWebKit/537.36 (KHTML, like Gecko) Mobile Safari/537.36 (compatible; Bytespider; https://zhanzhang.toutiao.com/)"
110.249.201.82 - - [14/Apr/2025:21:38:53 -0400] "GET /wp-includes/js/jquery/jquery-migrate.min.js?ver=3.4.1 HTTP/1.1" 304 0 "https://the80itspod.com/page/18/" "Mozilla/5.0 (Linux; Android 5.0) AppleWebKit/537.36 (KHTML, like Gecko) Mobile Safari/537.36 (compatible; Bytespider; https://zhanzhang.toutiao.com/)"
110.249.201.82 - - [14/Apr/2025:21:38:53 -0400] "GET /wp-content/themes/covernews/assets/marquee/jquery.marquee.js?ver=1.0.2 HTTP/1.1" 304 0 "https://the80itspod.com/page/18/" "Mozilla/5.0 (Linux; Android 5.0) AppleWebKit/537.36 (KHTML, like Gecko) Mobile Safari/537.36 (compatible; Bytespider; https://zhanzhang.toutiao.com/)"
110.249.201.82 - - [14/Apr/2025:21:38:53 -0400] "GET /wp-content/themes/covernews/js/navigation.js?ver=1.0.2 HTTP/1.1" 304 0 "https://the80itspod.com/page/18/" "Mozilla/5.0 (Linux; Android 5.0) AppleWebKit/537.36 (KHTML, like Gecko) Mobile Safari/537.36 (compatible; Bytespider; https://zhanzhang.toutiao.com/)"
110.249.201.82 - - [14/Apr/2025:21:38:53 -0400] "GET /wp-content/themes/covernews/assets/jquery-match-height/jquery.matchHeight.min.js?ver=1.0.2 HTTP/1.1" 304 0 "https://the80itspod.com/page/18/" "Mozilla/5.0 (Linux; Android 5.0) AppleWebKit/537.36 (KHTML, like Gecko) Mobile Safari/537.36 (compatible; Bytespider; https://zhanzhang.toutiao.com/)"
110.249.201.82 - - [14/Apr/2025:21:38:53 -0400] "GET /wp-content/themes/covernews/js/skip-link-focus-fix.js?ver=1.0.2 HTTP/1.1" 304 0 "https://the80itspod.com/page/18/" "Mozilla/5.0 (Linux; Android 5.0) AppleWebKit/537.36 (KHTML, like Gecko) Mobile Safari/537.36 (compatible; Bytespider; https://zhanzhang.toutiao.com/)"
110.249.201.82 - - [14/Apr/2025:21:38:54 -0400] "GET /wp-includes/js/wp-emoji-release.min.js?ver=6.7.2 HTTP/1.1" 304 0 "https://the80itspod.com/page/18/" "Mozilla/5.0 (Linux; Android 5.0) AppleWebKit/537.36 (KHTML, like Gecko) Mobile Safari/537.36 (compatible; Bytespider; https://zhanzhang.toutiao.com/)"
110.249.201.82 - - [14/Apr/2025:21:38:53 -0400] "GET /wp-content/themes/newsback/assets/img/default-header-image.jpeg HTTP/1.1" 200 297284 "https://the80itspod.com/page/18/" "Mozilla/5.0 (Linux; Android 5.0) AppleWebKit/537.36 (KHTML, like Gecko) Mobile Safari/537.36 (compatible; Bytespider; https://zhanzhang.toutiao.com/)"
198.54.114.83 - - [14/Apr/2025:21:39:51 -0400] "POST /wp-cron.php?doing_wp_cron=1744681190.7190930843353271484375 HTTP/1.1" 200 0 "-" "WordPress/6.7.2; https://the80itspod.com"
119.28.15.73 - - [14/Apr/2025:21:39:49 -0400] "GET /a-guide-to-the-borghi-brush-machine-factory/ HTTP/1.1" 200 12112 "-" "Python/3.10 aiohttp/3.10.5"
198.54.114.83 - - [14/Apr/2025:21:39:52 -0400] "POST /wp-admin/admin-ajax.php?action=async_litespeed&nonce=B52hFtZeIfiy3aPFX0GB3hMHEnpzrz1t&litespeed_type=imgoptm HTTP/1.1" 200 0 "-" "WordPress/6.7.2; https://the80itspod.com"
54.36.148.124 - - [14/Apr/2025:21:41:52 -0400] "GET /sophisticated-design-and-innovative-features/feed/ HTTP/1.1" 200 406 "-" "Mozilla/5.0 (compatible; AhrefsBot/7.0; +http://ahrefs.com/robot/)"
198.54.114.83 - - [14/Apr/2025:21:42:01 -0400] "POST /wp-admin/admin-ajax.php?action=async_litespeed&nonce=1C5ZuZdeCcCtTZBPNvWxqDkOxQ10OVWI&litespeed_type=imgoptm HTTP/1.1" 200 0 "-" "WordPress/6.7.2; https://the80itspod.com"
66.249.64.233 - - [14/Apr/2025:21:42:10 -0400] "GET /category/mobile/ HTTP/1.1" 200 10689 "-" "Mozilla/5.0 (Linux; Android 6.0.1; Nexus 5X Build/MMB29P) AppleWebKit/537.36 (KHTML, like Gecko) Chrome/135.0.7049.84 Mobile Safari/537.36 (compatible; Googlebot/2.1; +http://www.google.com/bot.html)"
66.249.64.234 - - [14/Apr/2025:21:42:12 -0400] "GET /category/iphone/ HTTP/1.1" 200 9795 "-" "Mozilla/5.0 (Linux; Android 6.0.1; Nexus 5X Build/MMB29P) AppleWebKit/537.36 (KHTML, like Gecko) Chrome/135.0.7049.84 Mobile Safari/537.36 (compatible; Googlebot/2.1; +http://www.google.com/bot.html)"
52.186.124.105 - - [14/Apr/2025:21:43:03 -0400] "GET /wp-admin/network/about.php HTTP/1.1" 302 0 "-" "-"
52.186.124.105 - - [14/Apr/2025:21:43:04 -0400] "GET /wp-login.php?redirect_to=https%3A%2F%2Fthe80itspod.com%2Fwp-admin%2Fnetwork%2Fabout.php&reauth=1 HTTP/1.1" 200 1767 "-" "-"
54.36.148.114 - - [14/Apr/2025:21:44:19 -0400] "GET /explore-the-luxury-of-one-bernam-showflat/feed/ HTTP/1.1" 200 413 "-" "Mozilla/5.0 (compatible; AhrefsBot/7.0; +http://ahrefs.com/robot/)"
198.54.114.83 - - [14/Apr/2025:21:44:47 -0400] "POST /wp-admin/admin-ajax.php?action=async_litespeed&nonce=ZJQhee4AtlM8w92Tz7cZivjzhG4LznQD&litespeed_type=imgoptm HTTP/1.1" 200 5 "-" "WordPress/6.7.2; https://the80itspod.com"
198.54.114.83 - - [14/Apr/2025:21:45:21 -0400] "POST /wp-admin/admin-ajax.php?action=async_litespeed&nonce=tOuE3rK1DY1Lh9hfHjVb7cG8Y2SHPs7X&litespeed_type=imgoptm HTTP/1.1" 200 0 "-" "WordPress/6.7.2; https://the80itspod.com"
47.128.119.86 - - [14/Apr/2025:21:46:14 -0400] "GET / HTTP/1.1" 200 13048 "-" "Mozilla/5.0 (Linux; Android 5.0) AppleWebKit/537.36 (KHTML, like Gecko) Mobile Safari/537.36 (compatible; Bytespider; spider-feedback@bytedance.com)"
54.36.148.17 - - [14/Apr/2025:21:46:43 -0400] "GET /easy-hacks-to-make-your-brownie-box-taste-homemade/feed/ HTTP/1.1" 304 0 "-" "Mozilla/5.0 (compatible; AhrefsBot/7.0; +http://ahrefs.com/robot/)"
52.186.124.105 - - [14/Apr/2025:21:46:55 -0400] "GET /wp-admin/network/admin.php HTTP/1.1" 302 0 "-" "-"
52.186.124.105 - - [14/Apr/2025:21:46:57 -0400] "GET /wp-login.php?redirect_to=https%3A%2F%2Fthe80itspod.com%2Fwp-admin%2Fnetwork%2Fadmin.php&reauth=1 HTTP/1.1" 200 1765 "-" "-"
198.54.114.83 - - [14/Apr/2025:21:47:18 -0400] "POST /wp-admin/admin-ajax.php?action=async_litespeed&nonce=ZgPVttIDe5j1oZkMhvE2Lpno9yKqKovq&litespeed_type=imgoptm HTTP/1.1" 200 5 "-" "WordPress/6.7.2; https://the80itspod.com"
198.54.114.83 - - [14/Apr/2025:21:47:21 -0400] "POST /wp-admin/admin-ajax.php?action=async_litespeed&nonce=nLVWBtBBNq19mdWZecBepeKtcESX7l1U&litespeed_type=imgoptm HTTP/1.1" 200 0 "-" "WordPress/6.7.2; https://the80itspod.com"
52.186.124.105 - - [14/Apr/2025:21:47:50 -0400] "GET /wp-admin/media.php HTTP/1.1" 302 0 "-" "-"
52.186.124.105 - - [14/Apr/2025:21:47:51 -0400] "GET /wp-login.php?redirect_to=https%3A%2F%2Fthe80itspod.com%2Fwp-admin%2Fmedia.php&reauth=1 HTTP/1.1" 200 1761 "-" "-"
157.55.39.51 - - [14/Apr/2025:21:48:20 -0400] "GET /what-you-should-know-about-credit-fixing-services/ HTTP/1.1" 200 12266 "-" "Mozilla/5.0 AppleWebKit/537.36 (KHTML, like Gecko; compatible; bingbot/2.0; +http://www.bing.com/bingbot.htm) Chrome/116.0.1938.76 Safari/537.36"
198.54.114.83 - - [14/Apr/2025:21:48:21 -0400] "POST /wp-admin/admin-ajax.php?action=async_litespeed&nonce=QaSwRwmgvbraZZtA8Zjaubxv0JfIr0Ri&litespeed_type=imgoptm HTTP/1.1" 200 0 "-" "WordPress/6.7.2; https://the80itspod.com"
52.186.124.105 - - [14/Apr/2025:21:48:24 -0400] "GET /wp-admin/user/index.php HTTP/1.1" 302 0 "-" "-"
52.186.124.105 - - [14/Apr/2025:21:48:26 -0400] "GET /wp-login.php?redirect_to=https%3A%2F%2Fthe80itspod.com%2Fwp-admin%2Fuser%2Findex.php&reauth=1 HTTP/1.1" 200 1762 "-" "-"
52.186.124.105 - - [14/Apr/2025:21:48:34 -0400] "GET /wp-admin/tools.php HTTP/1.1" 302 0 "-" "-"
52.186.124.105 - - [14/Apr/2025:21:48:35 -0400] "GET /wp-login.php?redirect_to=https%3A%2F%2Fthe80itspod.com%2Fwp-admin%2Ftools.php&reauth=1 HTTP/1.1" 200 1761 "-" "-"
54.36.148.216 - - [14/Apr/2025:21:49:17 -0400] "GET /chaussures-egarees/feed/ HTTP/1.1" 304 0 "-" "Mozilla/5.0 (compatible; AhrefsBot/7.0; +http://ahrefs.com/robot/)"
198.54.114.83 - - [14/Apr/2025:21:49:22 -0400] "POST /wp-admin/admin-ajax.php?action=async_litespeed&nonce=NGtPcJq1ZfvjxecwqdE4N1Kp3mvsvHQ6&litespeed_type=imgoptm HTTP/1.1" 200 0 "-" "WordPress/6.7.2; https://the80itspod.com"
52.186.124.105 - - [14/Apr/2025:21:49:36 -0400] "GET /wp-admin/network/index.php HTTP/1.1" 302 0 "-" "-"
52.186.124.105 - - [14/Apr/2025:21:49:37 -0400] "GET /wp-login.php?redirect_to=https%3A%2F%2Fthe80itspod.com%2Fwp-admin%2Fnetwork%2Findex.php&reauth=1 HTTP/1.1" 200 1763 "-" "-"
2a03:2880:f800:: - - [14/Apr/2025:21:50:16 -0400] "GET /wp-json/wp/v2/posts/2710 HTTP/1.1" 200 10597 "-" "meta-externalagent/1.1 (+https://developers.facebook.com/docs/sharing/webmasters/crawler)"
198.54.114.83 - - [14/Apr/2025:21:50:22 -0400] "POST /wp-admin/admin-ajax.php?action=async_litespeed&nonce=lYwrZpWi9joB774xJli620Lq3x9uiq75&litespeed_type=imgoptm HTTP/1.1" 200 0 "-" "WordPress/6.7.2; https://the80itspod.com"
52.186.124.105 - - [14/Apr/2025:21:51:08 -0400] "GET /wp-admin/update.php HTTP/1.1" 302 0 "-" "-"
52.186.124.105 - - [14/Apr/2025:21:51:08 -0400] "GET /wp-login.php?redirect_to=https%3A%2F%2Fthe80itspod.com%2Fwp-admin%2Fupdate.php&reauth=1 HTTP/1.1" 200 1761 "-" "-"
2a03:2880:f800:12:: - - [14/Apr/2025:21:51:10 -0400] "GET /wp-json/wp/v2/posts/2402 HTTP/1.1" 200 10013 "-" "meta-externalagent/1.1 (+https://developers.facebook.com/docs/sharing/webmasters/crawler)"
198.54.114.83 - - [14/Apr/2025:21:51:20 -0400] "POST /wp-admin/admin-ajax.php?action=async_litespeed&nonce=u4OiiwNg5g8AvlZ56ep0Wh49BMJdSr2W&litespeed_type=imgoptm HTTP/1.1" 200 5 "-" "WordPress/6.7.2; https://the80itspod.com"
196.198.13.215 - - [14/Apr/2025:21:51:23 -0400] "GET /advantages-of-factory-automation/ HTTP/1.1" 200 12288 "-" "Mozilla/5.0 (Windows NT 10.0; Win64; x64) AppleWebKit/537.36 (KHTML, like Gecko) Chrome/114.0.0.0 YaBrowser/22.7.0 Yowser/2.5 Safari/537.36"
52.186.124.105 - - [14/Apr/2025:21:51:29 -0400] "GET /wp-admin/user/admin.php HTTP/1.1" 302 0 "-" "-"
52.186.124.105 - - [14/Apr/2025:21:51:30 -0400] "GET /wp-login.php?redirect_to=https%3A%2F%2Fthe80itspod.com%2Fwp-admin%2Fuser%2Fadmin.php&reauth=1 HTTP/1.1" 200 1762 "-" "-"
54.36.148.110 - - [14/Apr/2025:21:51:45 -0400] "GET /elegance-meets-modern-living/feed/ HTTP/1.1" 304 0 "-" "Mozilla/5.0 (compatible; AhrefsBot/7.0; +http://ahrefs.com/robot/)"
198.54.114.83 - - [14/Apr/2025:21:52:23 -0400] "POST /wp-admin/admin-ajax.php?action=async_litespeed&nonce=vxEGRUy5yfB6YUH6pEV0ku7aYUYaNNLI&litespeed_type=imgoptm HTTP/1.1" 200 0 "-" "WordPress/6.7.2; https://the80itspod.com"
43.132.230.109 - - [14/Apr/2025:21:52:29 -0400] "GET /3-uk-cbd-oil-brands/ HTTP/1.1" 200 12427 "-" "Python/3.10 aiohttp/3.10.5"
52.186.124.105 - - [14/Apr/2025:21:52:48 -0400] "GET /wp-login.php HTTP/1.1" 200 1759 "-" "-"
17.241.227.148 - - [14/Apr/2025:21:52:51 -0400] "GET /robots.txt HTTP/1.1" 200 112 "-" "Mozilla/5.0 (Macintosh; Intel Mac OS X 10_15_7) AppleWebKit/605.1.15 (KHTML, like Gecko) Version/17.4 Safari/605.1.15 (Applebot/0.1; +http://www.apple.com/go/applebot)"
17.241.227.148 - - [14/Apr/2025:21:52:52 -0400] "GET /rose-quartz-roller-are-they-worth-the-hype/ HTTP/1.1" 200 12165 "-" "Mozilla/5.0 (Macintosh; Intel Mac OS X 10_15_7) AppleWebKit/605.1.15 (KHTML, like Gecko) Version/17.4 Safari/605.1.15 (Applebot/0.1; +http://www.apple.com/go/applebot)"
198.54.114.83 - - [14/Apr/2025:21:53:21 -0400] "POST /wp-admin/admin-ajax.php?action=async_litespeed&nonce=oHT6dlmBO25vYCXbS5HycBF0YO8FOgG2&litespeed_type=imgoptm HTTP/1.1" 200 5 "-" "WordPress/6.7.2; https://the80itspod.com"
52.186.124.105 - - [14/Apr/2025:21:53:40 -0400] "GET /wp-admin/index.php HTTP/1.1" 302 0 "-" "-"
52.186.124.105 - - [14/Apr/2025:21:53:43 -0400] "GET /wp-login.php?redirect_to=https%3A%2F%2Fthe80itspod.com%2Fwp-admin%2Findex.php&reauth=1 HTTP/1.1" 200 1760 "-" "-"
198.54.114.83 - - [14/Apr/2025:21:54:20 -0400] "POST /wp-cron.php?doing_wp_cron=1744682060.0160810947418212890625 HTTP/1.1" 200 0 "-" "WordPress/6.7.2; https://the80itspod.com"
54.36.148.52 - - [14/Apr/2025:21:54:19 -0400] "GET /discover-the-elegance-of-toa-payoh-condo-showflat/feed/ HTTP/1.1" 200 419 "-" "Mozilla/5.0 (compatible; AhrefsBot/7.0; +http://ahrefs.com/robot/)"
198.54.114.83 - - [14/Apr/2025:21:54:22 -0400] "POST /wp-admin/admin-ajax.php?action=async_litespeed&nonce=q1uq8JDZi7I7J5EpmKNfNTp7Q945ptXV&litespeed_type=imgoptm HTTP/1.1" 200 0 "-" "WordPress/6.7.2; https://the80itspod.com"
198.54.114.83 - - [14/Apr/2025:21:56:01 -0400] "POST /wp-cron.php?doing_wp_cron=1744682159.6535449028015136718750 HTTP/1.1" 200 0 "-" "WordPress/6.7.2; https://the80itspod.com"
129.226.131.165 - - [14/Apr/2025:21:55:52 -0400] "GET /redken-acidic-bonding-shampoo-and-conditioner-review/ HTTP/1.1" 200 12428 "-" "Python/3.10 aiohttp/3.10.5"
198.54.114.83 - - [14/Apr/2025:21:57:12 -0400] "POST /wp-cron.php?doing_wp_cron=1744682231.4632349014282226562500 HTTP/1.1" 200 0 "-" "WordPress/6.7.2; https://the80itspod.com"
54.36.148.164 - - [14/Apr/2025:21:57:10 -0400] "GET /discover-the-elegance-of-sora-showflat-your-dream-home-awaits/feed/ HTTP/1.1" 200 436 "-" "Mozilla/5.0 (compatible; AhrefsBot/7.0; +http://ahrefs.com/robot/)"
47.128.111.127 - - [14/Apr/2025:21:57:13 -0400] "GET /the-truth-about-composite-doors/ HTTP/1.1" 200 12181 "-" "Mozilla/5.0 (Linux; Android 5.0) AppleWebKit/537.36 (KHTML, like Gecko) Mobile Safari/537.36 (compatible; TikTokSpider; ttspider-feedback@tiktok.com)"
66.249.64.232 - - [14/Apr/2025:21:57:50 -0400] "GET /page/107/ HTTP/1.1" 200 13052 "-" "Mozilla/5.0 (Linux; Android 6.0.1; Nexus 5X Build/MMB29P) AppleWebKit/537.36 (KHTML, like Gecko) Chrome/135.0.7049.84 Mobile Safari/537.36 (compatible; Googlebot/2.1; +http://www.google.com/bot.html)"
66.249.64.232 - - [14/Apr/2025:21:57:56 -0400] "GET /wp-content/themes/covernews/assets/slick/js/slick.min.js?ver=1.0.2 HTTP/1.1" 200 10928 "https://the80itspod.com/page/107/" "Mozilla/5.0 (Linux; Android 6.0.1; Nexus 5X Build/MMB29P) AppleWebKit/537.36 (KHTML, like Gecko) Chrome/134.0.6998.165 Mobile Safari/537.36 (compatible; Googlebot/2.1; +http://www.google.com/bot.html)"
217.77.13.56 - - [14/Apr/2025:21:58:23 -0400] "GET /robots.txt HTTP/1.1" 304 0 "-" "Mozilla/5.0 (compatible; MJ12bot/v1.4.8; http://mj12bot.com/)"
217.77.13.56 - - [14/Apr/2025:21:58:30 -0400] "GET /correcting-forward-head-posture-with-simple-steps/ HTTP/1.1" 200 12032 "-" "Mozilla/5.0 (compatible; MJ12bot/v1.4.8; http://mj12bot.com/)"
217.77.13.56 - - [14/Apr/2025:21:58:31 -0400] "GET /erfahrene-anwalte-in-hattingen/ HTTP/1.1" 200 12372 "-" "Mozilla/5.0 (compatible; MJ12bot/v1.4.8; http://mj12bot.com/)"
217.77.13.56 - - [14/Apr/2025:21:58:34 -0400] "GET /how-to-watch-free-sports-tv-online/ HTTP/1.1" 200 12271 "-" "Mozilla/5.0 (compatible; MJ12bot/v1.4.8; http://mj12bot.com/)"
217.77.13.56 - - [14/Apr/2025:21:58:36 -0400] "GET /loubli-et-ses-implications-emotionnelles/ HTTP/1.1" 200 11986 "-" "Mozilla/5.0 (compatible; MJ12bot/v1.4.8; http://mj12bot.com/)"
198.54.114.83 - - [14/Apr/2025:21:58:40 -0400] "POST /wp-cron.php?doing_wp_cron=1744682319.2034740447998046875000 HTTP/1.1" 200 0 "-" "WordPress/6.7.2; https://the80itspod.com"
217.77.13.56 - - [14/Apr/2025:21:58:38 -0400] "GET /outdoor-led-display/ HTTP/1.1" 200 11960 "-" "Mozilla/5.0 (compatible; MJ12bot/v1.4.8; http://mj12bot.com/)"
198.54.114.83 - - [14/Apr/2025:21:58:41 -0400] "POST /wp-admin/admin-ajax.php?action=async_litespeed&nonce=KNqByRbmvmq5ogEvf4EBvwsIuU9Yny2o&litespeed_type=imgoptm HTTP/1.1" 200 0 "-" "WordPress/6.7.2; https://the80itspod.com"
217.77.13.56 - - [14/Apr/2025:21:58:43 -0400] "GET /outdoor-led-display/feed/ HTTP/1.1" 200 384 "-" "Mozilla/5.0 (compatible; MJ12bot/v1.4.8; http://mj12bot.com/)"
198.54.114.83 - - [14/Apr/2025:21:59:29 -0400] "POST /wp-cron.php?doing_wp_cron=1744682368.3733570575714111328125 HTTP/1.1" 200 0 "-" "WordPress/6.7.2; https://the80itspod.com"
