37.27.132.172 - - [16/Apr/2025:04:07:21 -0400] "POST /wp-comments-post.php HTTP/1.1" 302 0 "https://the80itspod.com/relx-electronic-cigarette/#comment-48047" "Mozilla/5.0 (Windows NT 10.0; Win64; x64) AppleWebKit/537.36 (KHTML, like Gecko) Chrome/131.0.0.0 Safari/537.36"
198.54.114.83 - - [16/Apr/2025:04:07:23 -0400] "POST /wp-admin/admin-ajax.php?action=async_litespeed&nonce=LJpg89HS8lWHkGy8rPboALYIuwYVF9u1&litespeed_type=imgoptm HTTP/1.1" 200 0 "-" "WordPress/6.8; https://the80itspod.com"
37.27.132.172 - - [16/Apr/2025:04:07:24 -0400] "GET /relx-electronic-cigarette/ HTTP/1.1" 200 14178 "https://the80itspod.com/relx-electronic-cigarette/#comment-51584" "Mozilla/5.0 (Windows NT 10.0; Win64; x64) AppleWebKit/537.36 (KHTML, like Gecko) Chrome/131.0.0.0 Safari/537.36"
66.249.79.65 - - [16/Apr/2025:04:07:33 -0400] "GET /ardor-residence-by-nanshan-group-a-lifestyle-of-refinement-and-convenience/ HTTP/1.1" 200 12440 "-" "Mozilla/5.0 (Linux; Android 6.0.1; Nexus 5X Build/MMB29P) AppleWebKit/537.36 (KHTML, like Gecko) Chrome/135.0.7049.84 Mobile Safari/537.36 (compatible; Googlebot/2.1; +http://www.google.com/bot.html)"
154.83.103.106 - - [16/Apr/2025:04:07:48 -0400] "GET /wp-admin/ HTTP/1.1" 302 0 "-" "Mozilla/5.0 (Windows NT 10.0; Win64; x64) AppleWebKit/537.36 (KHTML, like Gecko) Chrome/91.0.4472.124 Safari/537.36"
66.249.79.65 - - [16/Apr/2025:04:07:48 -0400] "GET /scheidungsanwalt-so-finden-sie-einen-guten/ HTTP/1.1" 200 12391 "-" "Mozilla/5.0 (Linux; Android 6.0.1; Nexus 5X Build/MMB29P) AppleWebKit/537.36 (KHTML, like Gecko) Chrome/135.0.7049.84 Mobile Safari/537.36 (compatible; Googlebot/2.1; +http://www.google.com/bot.html)"
154.83.103.106 - - [16/Apr/2025:04:07:50 -0400] "GET /wp-login.php?redirect_to=https%3A%2F%2Fthe80itspod.com%2Fwp-admin%2F&reauth=1 HTTP/1.1" 200 1799 "-" "Mozilla/5.0 (Windows NT 10.0; Win64; x64) AppleWebKit/537.36 (KHTML, like Gecko) Chrome/91.0.4472.124 Safari/537.36"
154.83.103.106 - - [16/Apr/2025:04:07:52 -0400] "GET /admin-console HTTP/1.1" 404 8407 "-" "Mozilla/5.0 (Windows NT 10.0; Win64; x64) AppleWebKit/537.36 (KHTML, like Gecko) Chrome/91.0.4472.124 Safari/537.36"
154.83.103.106 - - [16/Apr/2025:04:07:54 -0400] "GET /admin.aspx HTTP/1.1" 404 8407 "-" "Mozilla/5.0 (Windows NT 10.0; Win64; x64) AppleWebKit/537.36 (KHTML, like Gecko) Chrome/91.0.4472.124 Safari/537.36"
154.83.103.106 - - [16/Apr/2025:04:07:56 -0400] "GET /admin.html HTTP/1.1" 404 8408 "-" "Mozilla/5.0 (Windows NT 10.0; Win64; x64) AppleWebKit/537.36 (KHTML, like Gecko) Chrome/91.0.4472.124 Safari/537.36"
154.83.103.106 - - [16/Apr/2025:04:07:59 -0400] "GET /admin.php HTTP/1.1" 404 8406 "-" "Mozilla/5.0 (Windows NT 10.0; Win64; x64) AppleWebKit/537.36 (KHTML, like Gecko) Chrome/91.0.4472.124 Safari/537.36"
154.83.103.106 - - [16/Apr/2025:04:08:02 -0400] "GET /admin/auth HTTP/1.1" 404 8407 "-" "Mozilla/5.0 (Windows NT 10.0; Win64; x64) AppleWebKit/537.36 (KHTML, like Gecko) Chrome/91.0.4472.124 Safari/537.36"
154.83.103.106 - - [16/Apr/2025:04:08:04 -0400] "GET /admin/install HTTP/1.1" 301 0 "-" "Mozilla/5.0 (Windows NT 10.0; Win64; x64) AppleWebKit/537.36 (KHTML, like Gecko) Chrome/91.0.4472.124 Safari/537.36"
154.83.103.106 - - [16/Apr/2025:04:08:06 -0400] "GET /installers-of-windows-in-south-wales/ HTTP/1.1" 200 12638 "-" "Mozilla/5.0 (Windows NT 10.0; Win64; x64) AppleWebKit/537.36 (KHTML, like Gecko) Chrome/91.0.4472.124 Safari/537.36"
154.83.103.106 - - [16/Apr/2025:04:08:06 -0400] "GET /admin/login HTTP/1.1" 404 8407 "-" "Mozilla/5.0 (Windows NT 10.0; Win64; x64) AppleWebKit/537.36 (KHTML, like Gecko) Chrome/91.0.4472.124 Safari/537.36"
154.83.103.106 - - [16/Apr/2025:04:08:08 -0400] "GET /admin/setup HTTP/1.1" 404 8407 "-" "Mozilla/5.0 (Windows NT 10.0; Win64; x64) AppleWebKit/537.36 (KHTML, like Gecko) Chrome/91.0.4472.124 Safari/537.36"
154.83.103.106 - - [16/Apr/2025:04:08:11 -0400] "GET /admin/upgrade HTTP/1.1" 404 8407 "-" "Mozilla/5.0 (Windows NT 10.0; Win64; x64) AppleWebKit/537.36 (KHTML, like Gecko) Chrome/91.0.4472.124 Safari/537.36"
154.83.103.106 - - [16/Apr/2025:04:08:13 -0400] "GET /admin_backup HTTP/1.1" 404 8407 "-" "Mozilla/5.0 (Windows NT 10.0; Win64; x64) AppleWebKit/537.36 (KHTML, like Gecko) Chrome/91.0.4472.124 Safari/537.36"
154.83.103.106 - - [16/Apr/2025:04:08:15 -0400] "GET /admin_console HTTP/1.1" 404 8407 "-" "Mozilla/5.0 (Windows NT 10.0; Win64; x64) AppleWebKit/537.36 (KHTML, like Gecko) Chrome/91.0.4472.124 Safari/537.36"
154.83.103.106 - - [16/Apr/2025:04:08:18 -0400] "GET /admin_panel HTTP/1.1" 404 8407 "-" "Mozilla/5.0 (Windows NT 10.0; Win64; x64) AppleWebKit/537.36 (KHTML, like Gecko) Chrome/91.0.4472.124 Safari/537.36"
198.54.114.83 - - [16/Apr/2025:04:08:22 -0400] "POST /wp-cron.php?doing_wp_cron=1744790901.3802480697631835937500 HTTP/1.1" 200 0 "-" "WordPress/6.8; https://the80itspod.com"
154.83.103.106 - - [16/Apr/2025:04:08:20 -0400] "GET /admincp HTTP/1.1" 404 8406 "-" "Mozilla/5.0 (Windows NT 10.0; Win64; x64) AppleWebKit/537.36 (KHTML, like Gecko) Chrome/91.0.4472.124 Safari/537.36"
154.83.103.106 - - [16/Apr/2025:04:08:24 -0400] "GET /adminer HTTP/1.1" 404 8407 "-" "Mozilla/5.0 (Windows NT 10.0; Win64; x64) AppleWebKit/537.36 (KHTML, like Gecko) Chrome/91.0.4472.124 Safari/537.36"
154.83.103.106 - - [16/Apr/2025:04:08:27 -0400] "GET /adminer.php HTTP/1.1" 404 8407 "-" "Mozilla/5.0 (Windows NT 10.0; Win64; x64) AppleWebKit/537.36 (KHTML, like Gecko) Chrome/91.0.4472.124 Safari/537.36"
154.83.103.106 - - [16/Apr/2025:04:08:31 -0400] "GET /administrator HTTP/1.1" 404 8407 "-" "Mozilla/5.0 (Windows NT 10.0; Win64; x64) AppleWebKit/537.36 (KHTML, like Gecko) Chrome/91.0.4472.124 Safari/537.36"
154.83.103.106 - - [16/Apr/2025:04:08:33 -0400] "GET /api/auth HTTP/1.1" 404 8407 "-" "Mozilla/5.0 (Windows NT 10.0; Win64; x64) AppleWebKit/537.36 (KHTML, like Gecko) Chrome/91.0.4472.124 Safari/537.36"
154.83.103.106 - - [16/Apr/2025:04:08:36 -0400] "GET /api/config HTTP/1.1" 404 8407 "-" "Mozilla/5.0 (Windows NT 10.0; Win64; x64) AppleWebKit/537.36 (KHTML, like Gecko) Chrome/91.0.4472.124 Safari/537.36"
154.83.103.106 - - [16/Apr/2025:04:08:38 -0400] "GET /api/credentials HTTP/1.1" 404 8407 "-" "Mozilla/5.0 (Windows NT 10.0; Win64; x64) AppleWebKit/537.36 (KHTML, like Gecko) Chrome/91.0.4472.124 Safari/537.36"
154.83.103.106 - - [16/Apr/2025:04:08:40 -0400] "GET /api/debug HTTP/1.1" 404 8407 "-" "Mozilla/5.0 (Windows NT 10.0; Win64; x64) AppleWebKit/537.36 (KHTML, like Gecko) Chrome/91.0.4472.124 Safari/537.36"
154.83.103.106 - - [16/Apr/2025:04:08:42 -0400] "GET /api/docs HTTP/1.1" 404 8407 "-" "Mozilla/5.0 (Windows NT 10.0; Win64; x64) AppleWebKit/537.36 (KHTML, like Gecko) Chrome/91.0.4472.124 Safari/537.36"
154.83.103.106 - - [16/Apr/2025:04:08:46 -0400] "GET /api/keys HTTP/1.1" 404 8409 "-" "Mozilla/5.0 (Windows NT 10.0; Win64; x64) AppleWebKit/537.36 (KHTML, like Gecko) Chrome/91.0.4472.124 Safari/537.36"
154.83.103.106 - - [16/Apr/2025:04:08:48 -0400] "GET /api/login HTTP/1.1" 404 8409 "-" "Mozilla/5.0 (Windows NT 10.0; Win64; x64) AppleWebKit/537.36 (KHTML, like Gecko) Chrome/91.0.4472.124 Safari/537.36"
154.83.103.106 - - [16/Apr/2025:04:08:49 -0400] "GET /api/register HTTP/1.1" 404 8407 "-" "Mozilla/5.0 (Windows NT 10.0; Win64; x64) AppleWebKit/537.36 (KHTML, like Gecko) Chrome/91.0.4472.124 Safari/537.36"
154.83.103.106 - - [16/Apr/2025:04:08:51 -0400] "GET /api/token HTTP/1.1" 404 8407 "-" "Mozilla/5.0 (Windows NT 10.0; Win64; x64) AppleWebKit/537.36 (KHTML, like Gecko) Chrome/91.0.4472.124 Safari/537.36"
154.83.103.106 - - [16/Apr/2025:04:08:53 -0400] "GET /api/user HTTP/1.1" 404 8407 "-" "Mozilla/5.0 (Windows NT 10.0; Win64; x64) AppleWebKit/537.36 (KHTML, like Gecko) Chrome/91.0.4472.124 Safari/537.36"
154.83.103.106 - - [16/Apr/2025:04:08:54 -0400] "GET /api/.env HTTP/1.1" 403 1242 "-" "Mozilla/5.0 (Windows NT 10.0; Win64; x64) AppleWebKit/537.36 (KHTML, like Gecko) Chrome/91.0.4472.124 Safari/537.36"
154.83.103.106 - - [16/Apr/2025:04:08:55 -0400] "GET /app.js HTTP/1.1" 404 8407 "-" "Mozilla/5.0 (Windows NT 10.0; Win64; x64) AppleWebKit/537.36 (KHTML, like Gecko) Chrome/91.0.4472.124 Safari/537.36"
154.83.103.106 - - [16/Apr/2025:04:08:57 -0400] "GET /app/bootstrap.php HTTP/1.1" 404 8409 "-" "Mozilla/5.0 (Windows NT 10.0; Win64; x64) AppleWebKit/537.36 (KHTML, like Gecko) Chrome/91.0.4472.124 Safari/537.36"
154.83.103.106 - - [16/Apr/2025:04:08:58 -0400] "GET /.env.production HTTP/1.1" 403 1242 "-" "Mozilla/5.0 (Windows NT 10.0; Win64; x64) AppleWebKit/537.36 (KHTML, like Gecko) Chrome/91.0.4472.124 Safari/537.36"
154.83.103.106 - - [16/Apr/2025:04:08:58 -0400] "GET /.env.test HTTP/1.1" 403 1242 "-" "Mozilla/5.0 (Windows NT 10.0; Win64; x64) AppleWebKit/537.36 (KHTML, like Gecko) Chrome/91.0.4472.124 Safari/537.36"
154.83.103.106 - - [16/Apr/2025:04:08:58 -0400] "GET /.stripe/ HTTP/1.1" 404 8409 "-" "Mozilla/5.0 (Windows NT 10.0; Win64; x64) AppleWebKit/537.36 (KHTML, like Gecko) Chrome/91.0.4472.124 Safari/537.36"
154.83.103.106 - - [16/Apr/2025:04:08:59 -0400] "GET /.well-known/stripe.txt HTTP/1.1" 404 8428 "-" "Mozilla/5.0 (Windows NT 10.0; Win64; x64) AppleWebKit/537.36 (KHTML, like Gecko) Chrome/91.0.4472.124 Safari/537.36"
154.83.103.106 - - [16/Apr/2025:04:09:01 -0400] "GET /application.properties HTTP/1.1" 404 8429 "-" "Mozilla/5.0 (Windows NT 10.0; Win64; x64) AppleWebKit/537.36 (KHTML, like Gecko) Chrome/91.0.4472.124 Safari/537.36"
154.83.103.106 - - [16/Apr/2025:04:09:03 -0400] "GET /application.yml HTTP/1.1" 404 8407 "-" "Mozilla/5.0 (Windows NT 10.0; Win64; x64) AppleWebKit/537.36 (KHTML, like Gecko) Chrome/91.0.4472.124 Safari/537.36"
154.83.103.106 - - [16/Apr/2025:04:09:05 -0400] "GET /client/stripe.config.js HTTP/1.1" 404 8407 "-" "Mozilla/5.0 (Windows NT 10.0; Win64; x64) AppleWebKit/537.36 (KHTML, like Gecko) Chrome/91.0.4472.124 Safari/537.36"
154.83.103.106 - - [16/Apr/2025:04:09:07 -0400] "GET /config/services.php HTTP/1.1" 404 8407 "-" "Mozilla/5.0 (Windows NT 10.0; Win64; x64) AppleWebKit/537.36 (KHTML, like Gecko) Chrome/91.0.4472.124 Safari/537.36"
154.83.103.106 - - [16/Apr/2025:04:09:11 -0400] "GET /config/stripe.json HTTP/1.1" 404 8407 "-" "Mozilla/5.0 (Windows NT 10.0; Win64; x64) AppleWebKit/537.36 (KHTML, like Gecko) Chrome/91.0.4472.124 Safari/537.36"
154.83.103.106 - - [16/Apr/2025:04:09:14 -0400] "GET /config/stripe.php HTTP/1.1" 404 8407 "-" "Mozilla/5.0 (Windows NT 10.0; Win64; x64) AppleWebKit/537.36 (KHTML, like Gecko) Chrome/91.0.4472.124 Safari/537.36"
154.83.103.106 - - [16/Apr/2025:04:09:17 -0400] "GET /config/stripe.yaml HTTP/1.1" 404 8407 "-" "Mozilla/5.0 (Windows NT 10.0; Win64; x64) AppleWebKit/537.36 (KHTML, like Gecko) Chrome/91.0.4472.124 Safari/537.36"
154.83.103.106 - - [16/Apr/2025:04:09:20 -0400] "GET /public/stripe.js HTTP/1.1" 404 8409 "-" "Mozilla/5.0 (Windows NT 10.0; Win64; x64) AppleWebKit/537.36 (KHTML, like Gecko) Chrome/91.0.4472.124 Safari/537.36"
198.54.114.83 - - [16/Apr/2025:04:09:23 -0400] "POST /wp-cron.php?doing_wp_cron=1744790962.9621820449829101562500 HTTP/1.1" 200 0 "-" "WordPress/6.8; https://the80itspod.com"
154.83.103.106 - - [16/Apr/2025:04:09:22 -0400] "GET /settings.py HTTP/1.1" 404 8407 "-" "Mozilla/5.0 (Windows NT 10.0; Win64; x64) AppleWebKit/537.36 (KHTML, like Gecko) Chrome/91.0.4472.124 Safari/537.36"
198.54.114.83 - - [16/Apr/2025:04:09:25 -0400] "POST /wp-admin/admin-ajax.php?action=async_litespeed&nonce=q17lTj4nrmOycXf5tMFefl4B4NEA8lPM&litespeed_type=imgoptm HTTP/1.1" 200 0 "-" "WordPress/6.8; https://the80itspod.com"
217.113.194.224 - - [16/Apr/2025:04:09:24 -0400] "GET /the-art-of-culinary-harmony-exploring-the-bento-box/ HTTP/1.1" 200 11989 "-" "Mozilla/5.0 (compatible; Barkrowler/0.9; +https://babbar.tech/crawler)"
154.83.103.106 - - [16/Apr/2025:04:09:25 -0400] "GET /src/config/stripe.js HTTP/1.1" 404 8407 "-" "Mozilla/5.0 (Windows NT 10.0; Win64; x64) AppleWebKit/537.36 (KHTML, like Gecko) Chrome/91.0.4472.124 Safari/537.36"
154.83.103.106 - - [16/Apr/2025:04:09:27 -0400] "GET /src/config/stripe.ts HTTP/1.1" 404 8407 "-" "Mozilla/5.0 (Windows NT 10.0; Win64; x64) AppleWebKit/537.36 (KHTML, like Gecko) Chrome/91.0.4472.124 Safari/537.36"
154.83.103.106 - - [16/Apr/2025:04:09:29 -0400] "GET /stripe-credentials.json HTTP/1.1" 404 8407 "-" "Mozilla/5.0 (Windows NT 10.0; Win64; x64) AppleWebKit/537.36 (KHTML, like Gecko) Chrome/91.0.4472.124 Safari/537.36"
154.83.103.106 - - [16/Apr/2025:04:09:32 -0400] "GET /stripe-keys.json HTTP/1.1" 404 8407 "-" "Mozilla/5.0 (Windows NT 10.0; Win64; x64) AppleWebKit/537.36 (KHTML, like Gecko) Chrome/91.0.4472.124 Safari/537.36"
154.83.103.106 - - [16/Apr/2025:04:09:34 -0400] "GET /stripe.config.js HTTP/1.1" 404 8407 "-" "Mozilla/5.0 (Windows NT 10.0; Win64; x64) AppleWebKit/537.36 (KHTML, like Gecko) Chrome/91.0.4472.124 Safari/537.36"
154.83.103.106 - - [16/Apr/2025:04:09:37 -0400] "GET /stripe.env HTTP/1.1" 404 8407 "-" "Mozilla/5.0 (Windows NT 10.0; Win64; x64) AppleWebKit/537.36 (KHTML, like Gecko) Chrome/91.0.4472.124 Safari/537.36"
154.83.103.106 - - [16/Apr/2025:04:09:40 -0400] "GET /stripe.json HTTP/1.1" 404 8407 "-" "Mozilla/5.0 (Windows NT 10.0; Win64; x64) AppleWebKit/537.36 (KHTML, like Gecko) Chrome/91.0.4472.124 Safari/537.36"
217.113.194.229 - - [16/Apr/2025:04:09:43 -0400] "GET /unveiling-the-dynamic-world-of-bodybuilding-supplements/ HTTP/1.1" 200 11973 "-" "Mozilla/5.0 (compatible; Barkrowler/0.9; +https://babbar.tech/crawler)"
154.83.103.106 - - [16/Apr/2025:04:09:44 -0400] "GET /stripe.yaml HTTP/1.1" 404 8409 "-" "Mozilla/5.0 (Windows NT 10.0; Win64; x64) AppleWebKit/537.36 (KHTML, like Gecko) Chrome/91.0.4472.124 Safari/537.36"
154.83.103.106 - - [16/Apr/2025:04:09:47 -0400] "GET /app/etc/env.php HTTP/1.1" 404 8407 "-" "Mozilla/5.0 (Windows NT 10.0; Win64; x64) AppleWebKit/537.36 (KHTML, like Gecko) Chrome/91.0.4472.124 Safari/537.36"
154.83.103.106 - - [16/Apr/2025:04:09:51 -0400] "GET /appsettings.json HTTP/1.1" 404 8407 "-" "Mozilla/5.0 (Windows NT 10.0; Win64; x64) AppleWebKit/537.36 (KHTML, like Gecko) Chrome/91.0.4472.124 Safari/537.36"
154.83.103.106 - - [16/Apr/2025:04:09:54 -0400] "GET /auth HTTP/1.1" 404 8407 "-" "Mozilla/5.0 (Windows NT 10.0; Win64; x64) AppleWebKit/537.36 (KHTML, like Gecko) Chrome/91.0.4472.124 Safari/537.36"
154.83.103.106 - - [16/Apr/2025:04:09:58 -0400] "GET /auth.php HTTP/1.1" 404 8407 "-" "Mozilla/5.0 (Windows NT 10.0; Win64; x64) AppleWebKit/537.36 (KHTML, like Gecko) Chrome/91.0.4472.124 Safari/537.36"
217.113.194.222 - - [16/Apr/2025:04:10:00 -0400] "GET /fun-ice-breakers-to-get-the-conversation-going/feed/ HTTP/1.1" 200 415 "-" "Mozilla/5.0 (compatible; Barkrowler/0.9; +https://babbar.tech/crawler)"
66.249.79.65 - - [16/Apr/2025:04:10:03 -0400] "GET /page/10/ HTTP/1.1" 200 13129 "-" "Mozilla/5.0 (Linux; Android 6.0.1; Nexus 5X Build/MMB29P) AppleWebKit/537.36 (KHTML, like Gecko) Chrome/135.0.7049.84 Mobile Safari/537.36 (compatible; Googlebot/2.1; +http://www.google.com/bot.html)"
154.83.103.106 - - [16/Apr/2025:04:10:03 -0400] "GET /backend HTTP/1.1" 404 8407 "-" "Mozilla/5.0 (Windows NT 10.0; Win64; x64) AppleWebKit/537.36 (KHTML, like Gecko) Chrome/91.0.4472.124 Safari/537.36"
154.83.103.106 - - [16/Apr/2025:04:10:07 -0400] "GET /backup.rar HTTP/1.1" 404 8406 "-" "Mozilla/5.0 (Windows NT 10.0; Win64; x64) AppleWebKit/537.36 (KHTML, like Gecko) Chrome/91.0.4472.124 Safari/537.36"
154.83.103.106 - - [16/Apr/2025:04:10:13 -0400] "GET /backup.sql HTTP/1.1" 404 8406 "-" "Mozilla/5.0 (Windows NT 10.0; Win64; x64) AppleWebKit/537.36 (KHTML, like Gecko) Chrome/91.0.4472.124 Safari/537.36"
154.83.103.106 - - [16/Apr/2025:04:10:16 -0400] "GET /backup.tar HTTP/1.1" 404 8407 "-" "Mozilla/5.0 (Windows NT 10.0; Win64; x64) AppleWebKit/537.36 (KHTML, like Gecko) Chrome/91.0.4472.124 Safari/537.36"
154.54.249.217 - - [16/Apr/2025:04:10:19 -0400] "GET /top-companies-who-offer-los-angeles-guitar-lessons/feed/ HTTP/1.1" 200 422 "-" "Mozilla/5.0 (compatible; Barkrowler/0.9; +https://babbar.tech/crawler)"
154.83.103.106 - - [16/Apr/2025:04:10:19 -0400] "GET /backup.zip HTTP/1.1" 404 8407 "-" "Mozilla/5.0 (Windows NT 10.0; Win64; x64) AppleWebKit/537.36 (KHTML, like Gecko) Chrome/91.0.4472.124 Safari/537.36"
198.54.114.83 - - [16/Apr/2025:04:10:21 -0400] "POST /wp-cron.php?doing_wp_cron=1744791021.1955258846282958984375 HTTP/1.1" 200 0 "-" "WordPress/6.8; https://the80itspod.com"
154.83.103.106 - - [16/Apr/2025:04:10:20 -0400] "GET /bootstrap/cache/ HTTP/1.1" 301 0 "-" "Mozilla/5.0 (Windows NT 10.0; Win64; x64) AppleWebKit/537.36 (KHTML, like Gecko) Chrome/91.0.4472.124 Safari/537.36"
198.54.114.83 - - [16/Apr/2025:04:10:24 -0400] "POST /wp-admin/admin-ajax.php?action=async_litespeed&nonce=GdIuBvhEDAJZpM9nAduCj5HQQO573lBk&litespeed_type=imgoptm HTTP/1.1" 200 0 "-" "WordPress/6.8; https://the80itspod.com"
154.83.103.106 - - [16/Apr/2025:04:10:24 -0400] "GET /cache-level-3-and-early-learning-centres/ HTTP/1.1" 200 11812 "-" "Mozilla/5.0 (Windows NT 10.0; Win64; x64) AppleWebKit/537.36 (KHTML, like Gecko) Chrome/91.0.4472.124 Safari/537.36"
66.249.79.66 - - [16/Apr/2025:04:10:23 -0400] "GET /library-cleaner-audits-it-merits-getting-your-work-done-before-you-purchase/feed/ HTTP/1.1" 200 460 "-" "Mozilla/5.0 (Linux; Android 6.0.1; Nexus 5X Build/MMB29P) AppleWebKit/537.36 (KHTML, like Gecko) Chrome/135.0.7049.84 Mobile Safari/537.36 (compatible; Googlebot/2.1; +http://www.google.com/bot.html)"
154.83.103.106 - - [16/Apr/2025:04:10:25 -0400] "GET /bower_components/ HTTP/1.1" 404 8407 "-" "Mozilla/5.0 (Windows NT 10.0; Win64; x64) AppleWebKit/537.36 (KHTML, like Gecko) Chrome/91.0.4472.124 Safari/537.36"
154.83.103.106 - - [16/Apr/2025:04:10:27 -0400] "GET /build.gradle HTTP/1.1" 404 8407 "-" "Mozilla/5.0 (Windows NT 10.0; Win64; x64) AppleWebKit/537.36 (KHTML, like Gecko) Chrome/91.0.4472.124 Safari/537.36"
154.83.103.106 - - [16/Apr/2025:04:10:31 -0400] "GET /cgi-bin/ HTTP/1.1" 403 1242 "-" "Mozilla/5.0 (Windows NT 10.0; Win64; x64) AppleWebKit/537.36 (KHTML, like Gecko) Chrome/91.0.4472.124 Safari/537.36"
154.83.103.106 - - [16/Apr/2025:04:10:32 -0400] "GET /cms-admin HTTP/1.1" 404 8407 "-" "Mozilla/5.0 (Windows NT 10.0; Win64; x64) AppleWebKit/537.36 (KHTML, like Gecko) Chrome/91.0.4472.124 Safari/537.36"
154.83.103.106 - - [16/Apr/2025:04:10:35 -0400] "GET /composer.lock HTTP/1.1" 403 1242 "-" "Mozilla/5.0 (Windows NT 10.0; Win64; x64) AppleWebKit/537.36 (KHTML, like Gecko) Chrome/91.0.4472.124 Safari/537.36"
217.113.194.226 - - [16/Apr/2025:04:10:36 -0400] "GET /newport-residences-a-prime-choice-for-investors/feed/ HTTP/1.1" 200 424 "-" "Mozilla/5.0 (compatible; Barkrowler/0.9; +https://babbar.tech/crawler)"
154.83.103.106 - - [16/Apr/2025:04:10:37 -0400] "GET /config.bak HTTP/1.1" 404 8407 "-" "Mozilla/5.0 (Windows NT 10.0; Win64; x64) AppleWebKit/537.36 (KHTML, like Gecko) Chrome/91.0.4472.124 Safari/537.36"
154.83.103.106 - - [16/Apr/2025:04:10:39 -0400] "GET /config.ini HTTP/1.1" 404 8406 "-" "Mozilla/5.0 (Windows NT 10.0; Win64; x64) AppleWebKit/537.36 (KHTML, like Gecko) Chrome/91.0.4472.124 Safari/537.36"
154.83.103.106 - - [16/Apr/2025:04:10:41 -0400] "GET /config.json HTTP/1.1" 404 8406 "-" "Mozilla/5.0 (Windows NT 10.0; Win64; x64) AppleWebKit/537.36 (KHTML, like Gecko) Chrome/91.0.4472.124 Safari/537.36"
154.83.103.106 - - [16/Apr/2025:04:10:44 -0400] "GET /config.old HTTP/1.1" 404 8406 "-" "Mozilla/5.0 (Windows NT 10.0; Win64; x64) AppleWebKit/537.36 (KHTML, like Gecko) Chrome/91.0.4472.124 Safari/537.36"
154.83.103.106 - - [16/Apr/2025:04:10:46 -0400] "GET /config.php HTTP/1.1" 404 8407 "-" "Mozilla/5.0 (Windows NT 10.0; Win64; x64) AppleWebKit/537.36 (KHTML, like Gecko) Chrome/91.0.4472.124 Safari/537.36"
154.83.103.106 - - [16/Apr/2025:04:10:48 -0400] "GET /config.php.save HTTP/1.1" 404 8429 "-" "Mozilla/5.0 (Windows NT 10.0; Win64; x64) AppleWebKit/537.36 (KHTML, like Gecko) Chrome/91.0.4472.124 Safari/537.36"
154.83.103.106 - - [16/Apr/2025:04:10:50 -0400] "GET /config.php~ HTTP/1.1" 404 8408 "-" "Mozilla/5.0 (Windows NT 10.0; Win64; x64) AppleWebKit/537.36 (KHTML, like Gecko) Chrome/91.0.4472.124 Safari/537.36"
154.83.103.106 - - [16/Apr/2025:04:10:51 -0400] "GET /config.yaml HTTP/1.1" 404 8406 "-" "Mozilla/5.0 (Windows NT 10.0; Win64; x64) AppleWebKit/537.36 (KHTML, like Gecko) Chrome/91.0.4472.124 Safari/537.36"
217.113.194.227 - - [16/Apr/2025:04:10:54 -0400] "GET /gina-approved-curly-hairdresser-melbourne/feed/ HTTP/1.1" 200 404 "-" "Mozilla/5.0 (compatible; Barkrowler/0.9; +https://babbar.tech/crawler)"
18.116.239.11 - - [16/Apr/2025:04:10:53 -0400] "GET /finden-sie-den-besten-privaten-gitarrenlehrer-in-essen/feed HTTP/1.1" 301 0 "-" "Mozilla/5.0 AppleWebKit/537.36 (KHTML, like Gecko; compatible; ClaudeBot/1.0; +claudebot@anthropic.com)"
154.83.103.106 - - [16/Apr/2025:04:10:54 -0400] "GET /config.yml HTTP/1.1" 404 8406 "-" "Mozilla/5.0 (Windows NT 10.0; Win64; x64) AppleWebKit/537.36 (KHTML, like Gecko) Chrome/91.0.4472.124 Safari/537.36"
18.116.239.11 - - [16/Apr/2025:04:10:57 -0400] "GET /finden-sie-den-besten-privaten-gitarrenlehrer-in-essen/feed/ HTTP/1.1" 200 418 "https://the80itspod.com/finden-sie-den-besten-privaten-gitarrenlehrer-in-essen/feed" "Mozilla/5.0 AppleWebKit/537.36 (KHTML, like Gecko; compatible; ClaudeBot/1.0; +claudebot@anthropic.com)"
154.83.103.106 - - [16/Apr/2025:04:10:57 -0400] "GET /config/app.php HTTP/1.1" 404 8407 "-" "Mozilla/5.0 (Windows NT 10.0; Win64; x64) AppleWebKit/537.36 (KHTML, like Gecko) Chrome/91.0.4472.124 Safari/537.36"
154.83.103.106 - - [16/Apr/2025:04:11:00 -0400] "GET /config/database.php HTTP/1.1" 404 8407 "-" "Mozilla/5.0 (Windows NT 10.0; Win64; x64) AppleWebKit/537.36 (KHTML, like Gecko) Chrome/91.0.4472.124 Safari/537.36"
198.54.114.83 - - [16/Apr/2025:04:11:04 -0400] "POST /wp-cron.php?doing_wp_cron=1744791062.8588919639587402343750 HTTP/1.1" 200 0 "-" "WordPress/6.8; https://the80itspod.com"
154.83.103.106 - - [16/Apr/2025:04:11:02 -0400] "GET /config/database.yml HTTP/1.1" 404 8429 "-" "Mozilla/5.0 (Windows NT 10.0; Win64; x64) AppleWebKit/537.36 (KHTML, like Gecko) Chrome/91.0.4472.124 Safari/537.36"
154.83.103.106 - - [16/Apr/2025:04:11:07 -0400] "GET /config/secrets.yml HTTP/1.1" 404 8407 "-" "Mozilla/5.0 (Windows NT 10.0; Win64; x64) AppleWebKit/537.36 (KHTML, like Gecko) Chrome/91.0.4472.124 Safari/537.36"
217.113.194.222 - - [16/Apr/2025:04:11:11 -0400] "GET /eine-kombination-aus-stil-und-funktionalitat/ HTTP/1.1" 200 11654 "-" "Mozilla/5.0 (compatible; Barkrowler/0.9; +https://babbar.tech/crawler)"
154.83.103.106 - - [16/Apr/2025:04:11:10 -0400] "GET /console HTTP/1.1" 404 8407 "-" "Mozilla/5.0 (Windows NT 10.0; Win64; x64) AppleWebKit/537.36 (KHTML, like Gecko) Chrome/91.0.4472.124 Safari/537.36"
154.83.103.106 - - [16/Apr/2025:04:11:12 -0400] "GET /consul HTTP/1.1" 404 8407 "-" "Mozilla/5.0 (Windows NT 10.0; Win64; x64) AppleWebKit/537.36 (KHTML, like Gecko) Chrome/91.0.4472.124 Safari/537.36"
154.83.103.106 - - [16/Apr/2025:04:11:14 -0400] "GET /controlpanel HTTP/1.1" 301 0 "-" "Mozilla/5.0 (Windows NT 10.0; Win64; x64) AppleWebKit/537.36 (KHTML, like Gecko) Chrome/91.0.4472.124 Safari/537.36"
217.113.194.229 - - [16/Apr/2025:04:11:27 -0400] "GET /eine-kurze-geschichte-des-t-shirt-drucks/feed/ HTTP/1.1" 200 410 "-" "Mozilla/5.0 (compatible; Barkrowler/0.9; +https://babbar.tech/crawler)"
129.226.131.246 - - [16/Apr/2025:04:11:33 -0400] "GET /jet-ski-rentals-in-florida/ HTTP/1.1" 200 11699 "-" "Python/3.10 aiohttp/3.10.5"
154.83.103.106 - - [16/Apr/2025:04:11:33 -0400] "GET /core/lib/Drupal.php HTTP/1.1" 404 8407 "-" "Mozilla/5.0 (Windows NT 10.0; Win64; x64) AppleWebKit/537.36 (KHTML, like Gecko) Chrome/91.0.4472.124 Safari/537.36"
154.83.103.106 - - [16/Apr/2025:04:11:38 -0400] "GET /cpanel HTTP/1.1" 301 0 "-" "Mozilla/5.0 (Windows NT 10.0; Win64; x64) AppleWebKit/537.36 (KHTML, like Gecko) Chrome/91.0.4472.124 Safari/537.36"
217.113.194.225 - - [16/Apr/2025:04:11:43 -0400] "GET /elevating-exhibition-stands-with-interactive-games/feed/ HTTP/1.1" 200 413 "-" "Mozilla/5.0 (compatible; Barkrowler/0.9; +https://babbar.tech/crawler)"
114.119.149.108 - - [16/Apr/2025:04:11:54 -0400] "GET /page/99/?ND HTTP/1.1" 200 13410 "https://the80itspod.com/page/98/?ND" "Mozilla/5.0 (Linux; Android 7.0;) AppleWebKit/537.36 (KHTML, like Gecko) Mobile Safari/537.36 (compatible; PetalBot;+https://webmaster.petalsearch.com/site/petalbot)"
154.83.103.106 - - [16/Apr/2025:04:11:56 -0400] "GET /credentials.json HTTP/1.1" 404 8406 "-" "Mozilla/5.0 (Windows NT 10.0; Win64; x64) AppleWebKit/537.36 (KHTML, like Gecko) Chrome/91.0.4472.124 Safari/537.36"
154.83.103.106 - - [16/Apr/2025:04:11:57 -0400] "GET /dashboard HTTP/1.1" 302 0 "-" "Mozilla/5.0 (Windows NT 10.0; Win64; x64) AppleWebKit/537.36 (KHTML, like Gecko) Chrome/91.0.4472.124 Safari/537.36"
154.83.103.106 - - [16/Apr/2025:04:11:59 -0400] "GET /wp-admin/ HTTP/1.1" 302 0 "-" "Mozilla/5.0 (Windows NT 10.0; Win64; x64) AppleWebKit/537.36 (KHTML, like Gecko) Chrome/91.0.4472.124 Safari/537.36"
154.83.103.106 - - [16/Apr/2025:04:12:01 -0400] "GET /wp-login.php?redirect_to=https%3A%2F%2Fthe80itspod.com%2Fwp-admin%2F&reauth=1 HTTP/1.1" 200 1799 "-" "Mozilla/5.0 (Windows NT 10.0; Win64; x64) AppleWebKit/537.36 (KHTML, like Gecko) Chrome/91.0.4472.124 Safari/537.36"
217.113.194.229 - - [16/Apr/2025:04:12:01 -0400] "GET /affordable-lab-diamond-rings-in-toronto/feed/ HTTP/1.1" 200 407 "-" "Mozilla/5.0 (compatible; Barkrowler/0.9; +https://babbar.tech/crawler)"
198.54.114.83 - - [16/Apr/2025:04:12:05 -0400] "POST /wp-cron.php?doing_wp_cron=1744791124.5687260627746582031250 HTTP/1.1" 200 0 "-" "WordPress/6.8; https://the80itspod.com"
154.83.103.106 - - [16/Apr/2025:04:12:03 -0400] "GET /dashboard-admin HTTP/1.1" 404 8407 "-" "Mozilla/5.0 (Windows NT 10.0; Win64; x64) AppleWebKit/537.36 (KHTML, like Gecko) Chrome/91.0.4472.124 Safari/537.36"
198.54.114.83 - - [16/Apr/2025:04:12:07 -0400] "POST /wp-admin/admin-ajax.php?action=async_litespeed&nonce=B0c5Qp5o1HuCt8eQRyzmNYnnmfnTjRnY&litespeed_type=imgoptm HTTP/1.1" 200 0 "-" "WordPress/6.8; https://the80itspod.com"
154.83.103.106 - - [16/Apr/2025:04:12:08 -0400] "GET /database.sql HTTP/1.1" 404 8407 "-" "Mozilla/5.0 (Windows NT 10.0; Win64; x64) AppleWebKit/537.36 (KHTML, like Gecko) Chrome/91.0.4472.124 Safari/537.36"
18.221.11.104 - - [16/Apr/2025:04:12:10 -0400] "GET /wp-json/wp/v2/posts/2968 HTTP/1.1" 200 11503 "-" "Mozilla/5.0 AppleWebKit/537.36 (KHTML, like Gecko; compatible; ClaudeBot/1.0; +claudebot@anthropic.com)"
154.83.103.106 - - [16/Apr/2025:04:12:12 -0400] "GET /db.bak HTTP/1.1" 404 8407 "-" "Mozilla/5.0 (Windows NT 10.0; Win64; x64) AppleWebKit/537.36 (KHTML, like Gecko) Chrome/91.0.4472.124 Safari/537.36"
154.83.103.106 - - [16/Apr/2025:04:12:14 -0400] "GET /db.old HTTP/1.1" 404 8429 "-" "Mozilla/5.0 (Windows NT 10.0; Win64; x64) AppleWebKit/537.36 (KHTML, like Gecko) Chrome/91.0.4472.124 Safari/537.36"
154.83.103.106 - - [16/Apr/2025:04:12:18 -0400] "GET /db.sql HTTP/1.1" 404 8408 "-" "Mozilla/5.0 (Windows NT 10.0; Win64; x64) AppleWebKit/537.36 (KHTML, like Gecko) Chrome/91.0.4472.124 Safari/537.36"
198.54.114.83 - - [16/Apr/2025:04:12:21 -0400] "POST /wp-cron.php?doing_wp_cron=1744791140.3115479946136474609375 HTTP/1.1" 200 0 "-" "WordPress/6.8; https://the80itspod.com"
217.113.194.225 - - [16/Apr/2025:04:12:19 -0400] "GET /que-rechercher-dans-un-masque-facial-professionnel/feed/ HTTP/1.1" 200 410 "-" "Mozilla/5.0 (compatible; Barkrowler/0.9; +https://babbar.tech/crawler)"
154.83.103.106 - - [16/Apr/2025:04:12:20 -0400] "GET /dbadmin HTTP/1.1" 404 8407 "-" "Mozilla/5.0 (Windows NT 10.0; Win64; x64) AppleWebKit/537.36 (KHTML, like Gecko) Chrome/91.0.4472.124 Safari/537.36"
154.83.103.106 - - [16/Apr/2025:04:12:24 -0400] "GET /debug HTTP/1.1" 404 8429 "-" "Mozilla/5.0 (Windows NT 10.0; Win64; x64) AppleWebKit/537.36 (KHTML, like Gecko) Chrome/91.0.4472.124 Safari/537.36"
154.83.103.106 - - [16/Apr/2025:04:12:27 -0400] "GET /debug.log HTTP/1.1" 404 8408 "-" "Mozilla/5.0 (Windows NT 10.0; Win64; x64) AppleWebKit/537.36 (KHTML, like Gecko) Chrome/91.0.4472.124 Safari/537.36"
154.83.103.106 - - [16/Apr/2025:04:12:29 -0400] "GET /debug.php HTTP/1.1" 404 8406 "-" "Mozilla/5.0 (Windows NT 10.0; Win64; x64) AppleWebKit/537.36 (KHTML, like Gecko) Chrome/91.0.4472.124 Safari/537.36"
154.83.103.106 - - [16/Apr/2025:04:12:33 -0400] "GET /debug/vars HTTP/1.1" 404 8407 "-" "Mozilla/5.0 (Windows NT 10.0; Win64; x64) AppleWebKit/537.36 (KHTML, like Gecko) Chrome/91.0.4472.124 Safari/537.36"
66.249.79.65 - - [16/Apr/2025:04:12:34 -0400] "GET /important-features-and-uses-of-centrifugal-pumps/feed/ HTTP/1.1" 200 413 "-" "Mozilla/5.0 (Linux; Android 6.0.1; Nexus 5X Build/MMB29P) AppleWebKit/537.36 (KHTML, like Gecko) Chrome/135.0.7049.84 Mobile Safari/537.36 (compatible; Googlebot/2.1; +http://www.google.com/bot.html)"
154.83.103.106 - - [16/Apr/2025:04:12:35 -0400] "GET /default.conf HTTP/1.1" 404 8407 "-" "Mozilla/5.0 (Windows NT 10.0; Win64; x64) AppleWebKit/537.36 (KHTML, like Gecko) Chrome/91.0.4472.124 Safari/537.36"
154.83.103.106 - - [16/Apr/2025:04:12:36 -0400] "GET /dev.js HTTP/1.1" 404 8407 "-" "Mozilla/5.0 (Windows NT 10.0; Win64; x64) AppleWebKit/537.36 (KHTML, like Gecko) Chrome/91.0.4472.124 Safari/537.36"
217.113.194.222 - - [16/Apr/2025:04:12:37 -0400] "GET /microsoft-office-picture-manager-download-for-windows-10/ HTTP/1.1" 200 16224 "-" "Mozilla/5.0 (compatible; Barkrowler/0.9; +https://babbar.tech/crawler)"
154.83.103.106 - - [16/Apr/2025:04:12:38 -0400] "GET /dev.php HTTP/1.1" 404 8407 "-" "Mozilla/5.0 (Windows NT 10.0; Win64; x64) AppleWebKit/537.36 (KHTML, like Gecko) Chrome/91.0.4472.124 Safari/537.36"
154.83.103.106 - - [16/Apr/2025:04:12:40 -0400] "GET /drupal/ HTTP/1.1" 404 8407 "-" "Mozilla/5.0 (Windows NT 10.0; Win64; x64) AppleWebKit/537.36 (KHTML, like Gecko) Chrome/91.0.4472.124 Safari/537.36"
154.83.103.106 - - [16/Apr/2025:04:12:42 -0400] "GET /drupal/admin HTTP/1.1" 404 8407 "-" "Mozilla/5.0 (Windows NT 10.0; Win64; x64) AppleWebKit/537.36 (KHTML, like Gecko) Chrome/91.0.4472.124 Safari/537.36"
154.83.103.106 - - [16/Apr/2025:04:12:44 -0400] "GET /drupal/user HTTP/1.1" 404 8406 "-" "Mozilla/5.0 (Windows NT 10.0; Win64; x64) AppleWebKit/537.36 (KHTML, like Gecko) Chrome/91.0.4472.124 Safari/537.36"
154.83.103.106 - - [16/Apr/2025:04:12:45 -0400] "GET /dump.bak HTTP/1.1" 404 8429 "-" "Mozilla/5.0 (Windows NT 10.0; Win64; x64) AppleWebKit/537.36 (KHTML, like Gecko) Chrome/91.0.4472.124 Safari/537.36"
154.83.103.106 - - [16/Apr/2025:04:12:47 -0400] "GET /dump.old HTTP/1.1" 404 8407 "-" "Mozilla/5.0 (Windows NT 10.0; Win64; x64) AppleWebKit/537.36 (KHTML, like Gecko) Chrome/91.0.4472.124 Safari/537.36"
154.83.103.106 - - [16/Apr/2025:04:12:49 -0400] "GET /dump.sql HTTP/1.1" 404 8428 "-" "Mozilla/5.0 (Windows NT 10.0; Win64; x64) AppleWebKit/537.36 (KHTML, like Gecko) Chrome/91.0.4472.124 Safari/537.36"
154.83.103.106 - - [16/Apr/2025:04:12:51 -0400] "GET /dump.tar.gz HTTP/1.1" 404 8407 "-" "Mozilla/5.0 (Windows NT 10.0; Win64; x64) AppleWebKit/537.36 (KHTML, like Gecko) Chrome/91.0.4472.124 Safari/537.36"
154.83.103.106 - - [16/Apr/2025:04:12:53 -0400] "GET /dump.zip HTTP/1.1" 404 8407 "-" "Mozilla/5.0 (Windows NT 10.0; Win64; x64) AppleWebKit/537.36 (KHTML, like Gecko) Chrome/91.0.4472.124 Safari/537.36"
154.83.103.106 - - [16/Apr/2025:04:12:55 -0400] "GET /env HTTP/1.1" 404 8407 "-" "Mozilla/5.0 (Windows NT 10.0; Win64; x64) AppleWebKit/537.36 (KHTML, like Gecko) Chrome/91.0.4472.124 Safari/537.36"
217.113.194.222 - - [16/Apr/2025:04:12:55 -0400] "GET /replacing-conservatory-roof-with-a-solid-roof/feed/ HTTP/1.1" 200 413 "-" "Mozilla/5.0 (compatible; Barkrowler/0.9; +https://babbar.tech/crawler)"
154.83.103.106 - - [16/Apr/2025:04:12:56 -0400] "GET /env.bak HTTP/1.1" 404 8407 "-" "Mozilla/5.0 (Windows NT 10.0; Win64; x64) AppleWebKit/537.36 (KHTML, like Gecko) Chrome/91.0.4472.124 Safari/537.36"
154.83.103.106 - - [16/Apr/2025:04:12:58 -0400] "GET /env.old HTTP/1.1" 404 8407 "-" "Mozilla/5.0 (Windows NT 10.0; Win64; x64) AppleWebKit/537.36 (KHTML, like Gecko) Chrome/91.0.4472.124 Safari/537.36"
154.83.103.106 - - [16/Apr/2025:04:13:01 -0400] "GET /env.save HTTP/1.1" 404 8429 "-" "Mozilla/5.0 (Windows NT 10.0; Win64; x64) AppleWebKit/537.36 (KHTML, like Gecko) Chrome/91.0.4472.124 Safari/537.36"
154.83.103.106 - - [16/Apr/2025:04:13:04 -0400] "GET /env.tmp HTTP/1.1" 404 8406 "-" "Mozilla/5.0 (Windows NT 10.0; Win64; x64) AppleWebKit/537.36 (KHTML, like Gecko) Chrome/91.0.4472.124 Safari/537.36"
154.83.103.106 - - [16/Apr/2025:04:13:05 -0400] "GET /env_copy HTTP/1.1" 404 8407 "-" "Mozilla/5.0 (Windows NT 10.0; Win64; x64) AppleWebKit/537.36 (KHTML, like Gecko) Chrome/91.0.4472.124 Safari/537.36"
154.83.103.106 - - [16/Apr/2025:04:13:08 -0400] "GET /error/ HTTP/1.1" 404 8407 "-" "Mozilla/5.0 (Windows NT 10.0; Win64; x64) AppleWebKit/537.36 (KHTML, like Gecko) Chrome/91.0.4472.124 Safari/537.36"
154.83.103.106 - - [16/Apr/2025:04:13:10 -0400] "GET /error_log HTTP/1.1" 403 1242 "-" "Mozilla/5.0 (Windows NT 10.0; Win64; x64) AppleWebKit/537.36 (KHTML, like Gecko) Chrome/91.0.4472.124 Safari/537.36"
154.83.103.106 - - [16/Apr/2025:04:13:10 -0400] "GET /etc/apache2/apache2.conf HTTP/1.1" 404 8407 "-" "Mozilla/5.0 (Windows NT 10.0; Win64; x64) AppleWebKit/537.36 (KHTML, like Gecko) Chrome/91.0.4472.124 Safari/537.36"
217.113.194.231 - - [16/Apr/2025:04:13:12 -0400] "GET /the-importance-of-american-heart-association-bls/feed/ HTTP/1.1" 200 409 "-" "Mozilla/5.0 (compatible; Barkrowler/0.9; +https://babbar.tech/crawler)"
154.83.103.106 - - [16/Apr/2025:04:13:13 -0400] "GET /etc/httpd/conf/httpd.conf HTTP/1.1" 404 8407 "-" "Mozilla/5.0 (Windows NT 10.0; Win64; x64) AppleWebKit/537.36 (KHTML, like Gecko) Chrome/91.0.4472.124 Safari/537.36"
3.21.158.143 - - [16/Apr/2025:04:13:15 -0400] "GET /?p=2944 HTTP/1.1" 301 0 "-" "Mozilla/5.0 AppleWebKit/537.36 (KHTML, like Gecko; compatible; ClaudeBot/1.0; +claudebot@anthropic.com)"
3.21.158.143 - - [16/Apr/2025:04:13:15 -0400] "GET /wp-json/oembed/1.0/embed?url=https%3A%2F%2Fthe80itspod.com%2Fune-experience-de-jeu-competitive-et-captivante%2F HTTP/1.1" 200 2400 "-" "Mozilla/5.0 AppleWebKit/537.36 (KHTML, like Gecko; compatible; ClaudeBot/1.0; +claudebot@anthropic.com)"
3.21.158.143 - - [16/Apr/2025:04:13:15 -0400] "GET /wp-json/wp/v2/posts/2955 HTTP/1.1" 200 10970 "-" "Mozilla/5.0 AppleWebKit/537.36 (KHTML, like Gecko; compatible; ClaudeBot/1.0; +claudebot@anthropic.com)"
3.21.158.143 - - [16/Apr/2025:04:13:18 -0400] "GET /the-growing-demand-for-hgh-in-canada/ HTTP/1.1" 200 12447 "https://the80itspod.com/?p=2944" "Mozilla/5.0 AppleWebKit/537.36 (KHTML, like Gecko; compatible; ClaudeBot/1.0; +claudebot@anthropic.com)"
154.83.103.106 - - [16/Apr/2025:04:13:15 -0400] "GET /etc/mysql/my.cnf HTTP/1.1" 404 8407 "-" "Mozilla/5.0 (Windows NT 10.0; Win64; x64) AppleWebKit/537.36 (KHTML, like Gecko) Chrome/91.0.4472.124 Safari/537.36"
114.119.140.170 - - [16/Apr/2025:04:13:18 -0400] "GET /page/119/?ND HTTP/1.1" 200 13414 "https://the80itspod.com/page/120/?ND" "Mozilla/5.0 (Linux; Android 7.0;) AppleWebKit/537.36 (KHTML, like Gecko) Mobile Safari/537.36 (compatible; PetalBot;+https://webmaster.petalsearch.com/site/petalbot)"
198.54.114.83 - - [16/Apr/2025:04:13:21 -0400] "POST /wp-cron.php?doing_wp_cron=1744791200.3801651000976562500000 HTTP/1.1" 200 0 "-" "WordPress/6.8; https://the80itspod.com"
154.83.103.106 - - [16/Apr/2025:04:13:19 -0400] "GET /etc/nginx/nginx.conf HTTP/1.1" 404 8407 "-" "Mozilla/5.0 (Windows NT 10.0; Win64; x64) AppleWebKit/537.36 (KHTML, like Gecko) Chrome/91.0.4472.124 Safari/537.36"
198.54.114.83 - - [16/Apr/2025:04:13:22 -0400] "POST /wp-admin/admin-ajax.php?action=async_litespeed&nonce=d4knspKrMCZApheMGW1HyDsfCW3zSVzF&litespeed_type=imgoptm HTTP/1.1" 200 0 "-" "WordPress/6.8; https://the80itspod.com"
154.83.103.106 - - [16/Apr/2025:04:13:23 -0400] "GET /etc/postgresql/14/main/pg_hba.conf HTTP/1.1" 404 8407 "-" "Mozilla/5.0 (Windows NT 10.0; Win64; x64) AppleWebKit/537.36 (KHTML, like Gecko) Chrome/91.0.4472.124 Safari/537.36"
154.83.103.106 - - [16/Apr/2025:04:13:25 -0400] "GET /etc/postgresql/14/main/postgresql.conf HTTP/1.1" 404 8407 "-" "Mozilla/5.0 (Windows NT 10.0; Win64; x64) AppleWebKit/537.36 (KHTML, like Gecko) Chrome/91.0.4472.124 Safari/537.36"
217.113.194.222 - - [16/Apr/2025:04:13:29 -0400] "GET /gambling-online-rules-what-do-you-need-to-know/feed/ HTTP/1.1" 200 430 "-" "Mozilla/5.0 (compatible; Barkrowler/0.9; +https://babbar.tech/crawler)"
154.83.103.106 - - [16/Apr/2025:04:13:28 -0400] "GET /etcd HTTP/1.1" 404 8407 "-" "Mozilla/5.0 (Windows NT 10.0; Win64; x64) AppleWebKit/537.36 (KHTML, like Gecko) Chrome/91.0.4472.124 Safari/537.36"
154.83.103.106 - - [16/Apr/2025:04:13:31 -0400] "GET /firebase.json HTTP/1.1" 404 8406 "-" "Mozilla/5.0 (Windows NT 10.0; Win64; x64) AppleWebKit/537.36 (KHTML, like Gecko) Chrome/91.0.4472.124 Safari/537.36"
154.83.103.106 - - [16/Apr/2025:04:13:33 -0400] "GET /go.sum HTTP/1.1" 404 8407 "-" "Mozilla/5.0 (Windows NT 10.0; Win64; x64) AppleWebKit/537.36 (KHTML, like Gecko) Chrome/91.0.4472.124 Safari/537.36"
154.83.103.106 - - [16/Apr/2025:04:13:35 -0400] "GET /grafana HTTP/1.1" 404 8407 "-" "Mozilla/5.0 (Windows NT 10.0; Win64; x64) AppleWebKit/537.36 (KHTML, like Gecko) Chrome/91.0.4472.124 Safari/537.36"
154.83.103.106 - - [16/Apr/2025:04:13:37 -0400] "GET /icons/ HTTP/1.1" 404 8407 "-" "Mozilla/5.0 (Windows NT 10.0; Win64; x64) AppleWebKit/537.36 (KHTML, like Gecko) Chrome/91.0.4472.124 Safari/537.36"
154.83.103.106 - - [16/Apr/2025:04:13:39 -0400] "GET /id_rsa HTTP/1.1" 404 8408 "-" "Mozilla/5.0 (Windows NT 10.0; Win64; x64) AppleWebKit/537.36 (KHTML, like Gecko) Chrome/91.0.4472.124 Safari/537.36"
154.83.103.106 - - [16/Apr/2025:04:13:41 -0400] "GET /id_rsa.pub HTTP/1.1" 404 8407 "-" "Mozilla/5.0 (Windows NT 10.0; Win64; x64) AppleWebKit/537.36 (KHTML, like Gecko) Chrome/91.0.4472.124 Safari/537.36"
154.83.103.106 - - [16/Apr/2025:04:13:44 -0400] "GET /index.bak HTTP/1.1" 404 8407 "-" "Mozilla/5.0 (Windows NT 10.0; Win64; x64) AppleWebKit/537.36 (KHTML, like Gecko) Chrome/91.0.4472.124 Safari/537.36"
217.113.194.253 - - [16/Apr/2025:04:13:45 -0400] "GET /how-much-does-a-solid-roof-conservatory-cost/feed/ HTTP/1.1" 200 416 "-" "Mozilla/5.0 (compatible; Barkrowler/0.9; +https://babbar.tech/crawler)"
154.83.103.106 - - [16/Apr/2025:04:13:47 -0400] "GET /index.php.bak HTTP/1.1" 404 8407 "-" "Mozilla/5.0 (Windows NT 10.0; Win64; x64) AppleWebKit/537.36 (KHTML, like Gecko) Chrome/91.0.4472.124 Safari/537.36"
154.83.103.106 - - [16/Apr/2025:04:13:49 -0400] "GET /index.php~ HTTP/1.1" 404 8407 "-" "Mozilla/5.0 (Windows NT 10.0; Win64; x64) AppleWebKit/537.36 (KHTML, like Gecko) Chrome/91.0.4472.124 Safari/537.36"
154.83.103.106 - - [16/Apr/2025:04:13:51 -0400] "GET /info.php HTTP/1.1" 404 8406 "-" "Mozilla/5.0 (Windows NT 10.0; Win64; x64) AppleWebKit/537.36 (KHTML, like Gecko) Chrome/91.0.4472.124 Safari/537.36"
154.83.103.106 - - [16/Apr/2025:04:13:53 -0400] "GET /install.php HTTP/1.1" 404 8406 "-" "Mozilla/5.0 (Windows NT 10.0; Win64; x64) AppleWebKit/537.36 (KHTML, like Gecko) Chrome/91.0.4472.124 Safari/537.36"
154.83.103.106 - - [16/Apr/2025:04:13:55 -0400] "GET /jenkins HTTP/1.1" 404 8407 "-" "Mozilla/5.0 (Windows NT 10.0; Win64; x64) AppleWebKit/537.36 (KHTML, like Gecko) Chrome/91.0.4472.124 Safari/537.36"
154.83.103.106 - - [16/Apr/2025:04:13:56 -0400] "GET /joomla/ HTTP/1.1" 404 8407 "-" "Mozilla/5.0 (Windows NT 10.0; Win64; x64) AppleWebKit/537.36 (KHTML, like Gecko) Chrome/91.0.4472.124 Safari/537.36"
154.83.103.106 - - [16/Apr/2025:04:13:58 -0400] "GET /key.pem HTTP/1.1" 404 8407 "-" "Mozilla/5.0 (Windows NT 10.0; Win64; x64) AppleWebKit/537.36 (KHTML, like Gecko) Chrome/91.0.4472.124 Safari/537.36"
154.83.103.106 - - [16/Apr/2025:04:13:59 -0400] "GET /kibana HTTP/1.1" 404 8406 "-" "Mozilla/5.0 (Windows NT 10.0; Win64; x64) AppleWebKit/537.36 (KHTML, like Gecko) Chrome/91.0.4472.124 Safari/537.36"
154.83.103.106 - - [16/Apr/2025:04:14:01 -0400] "GET /license.txt HTTP/1.1" 200 6865 "-" "Mozilla/5.0 (Windows NT 10.0; Win64; x64) AppleWebKit/537.36 (KHTML, like Gecko) Chrome/91.0.4472.124 Safari/537.36"
154.83.103.106 - - [16/Apr/2025:04:14:01 -0400] "GET /local_settings.py HTTP/1.1" 404 8407 "-" "Mozilla/5.0 (Windows NT 10.0; Win64; x64) AppleWebKit/537.36 (KHTML, like Gecko) Chrome/91.0.4472.124 Safari/537.36"
154.83.103.106 - - [16/Apr/2025:04:14:03 -0400] "GET /login HTTP/1.1" 302 0 "-" "Mozilla/5.0 (Windows NT 10.0; Win64; x64) AppleWebKit/537.36 (KHTML, like Gecko) Chrome/91.0.4472.124 Safari/537.36"
154.83.103.106 - - [16/Apr/2025:04:14:04 -0400] "GET /wp-login.php HTTP/1.1" 200 1760 "-" "Mozilla/5.0 (Windows NT 10.0; Win64; x64) AppleWebKit/537.36 (KHTML, like Gecko) Chrome/91.0.4472.124 Safari/537.36"
217.113.194.225 - - [16/Apr/2025:04:14:02 -0400] "GET /improve-your-image-with-a-photo-cutout-service/feed/ HTTP/1.1" 200 422 "-" "Mozilla/5.0 (compatible; Barkrowler/0.9; +https://babbar.tech/crawler)"
154.83.103.106 - - [16/Apr/2025:04:14:04 -0400] "GET /logs/ HTTP/1.1" 404 8406 "-" "Mozilla/5.0 (Windows NT 10.0; Win64; x64) AppleWebKit/537.36 (KHTML, like Gecko) Chrome/91.0.4472.124 Safari/537.36"
154.83.103.106 - - [16/Apr/2025:04:14:06 -0400] "GET /main.old HTTP/1.1" 404 8407 "-" "Mozilla/5.0 (Windows NT 10.0; Win64; x64) AppleWebKit/537.36 (KHTML, like Gecko) Chrome/91.0.4472.124 Safari/537.36"
154.83.103.106 - - [16/Apr/2025:04:14:09 -0400] "GET /manual/ HTTP/1.1" 404 8407 "-" "Mozilla/5.0 (Windows NT 10.0; Win64; x64) AppleWebKit/537.36 (KHTML, like Gecko) Chrome/91.0.4472.124 Safari/537.36"
154.83.103.106 - - [16/Apr/2025:04:14:11 -0400] "GET /metrics HTTP/1.1" 404 8429 "-" "Mozilla/5.0 (Windows NT 10.0; Win64; x64) AppleWebKit/537.36 (KHTML, like Gecko) Chrome/91.0.4472.124 Safari/537.36"
154.83.103.106 - - [16/Apr/2025:04:14:13 -0400] "GET /monitoring HTTP/1.1" 404 8408 "-" "Mozilla/5.0 (Windows NT 10.0; Win64; x64) AppleWebKit/537.36 (KHTML, like Gecko) Chrome/91.0.4472.124 Safari/537.36"
154.83.103.106 - - [16/Apr/2025:04:14:16 -0400] "GET /mysql.dump HTTP/1.1" 404 8408 "-" "Mozilla/5.0 (Windows NT 10.0; Win64; x64) AppleWebKit/537.36 (KHTML, like Gecko) Chrome/91.0.4472.124 Safari/537.36"
154.83.103.106 - - [16/Apr/2025:04:14:18 -0400] "GET /mysql.sql HTTP/1.1" 404 8429 "-" "Mozilla/5.0 (Windows NT 10.0; Win64; x64) AppleWebKit/537.36 (KHTML, like Gecko) Chrome/91.0.4472.124 Safari/537.36"
217.113.194.223 - - [16/Apr/2025:04:14:19 -0400] "GET /conseils-pour-choisir-un-superbe-fond-decran/feed/ HTTP/1.1" 200 424 "-" "Mozilla/5.0 (compatible; Barkrowler/0.9; +https://babbar.tech/crawler)"
198.54.114.83 - - [16/Apr/2025:04:14:22 -0400] "POST /wp-cron.php?doing_wp_cron=1744791260.5048699378967285156250 HTTP/1.1" 200 0 "-" "WordPress/6.8; https://the80itspod.com"
154.83.103.106 - - [16/Apr/2025:04:14:23 -0400] "GET /netdata HTTP/1.1" 404 8408 "-" "Mozilla/5.0 (Windows NT 10.0; Win64; x64) AppleWebKit/537.36 (KHTML, like Gecko) Chrome/91.0.4472.124 Safari/537.36"
154.83.103.106 - - [16/Apr/2025:04:14:25 -0400] "GET /next.config.js HTTP/1.1" 404 8429 "-" "Mozilla/5.0 (Windows NT 10.0; Win64; x64) AppleWebKit/537.36 (KHTML, like Gecko) Chrome/91.0.4472.124 Safari/537.36"
154.83.103.106 - - [16/Apr/2025:04:14:27 -0400] "GET /nginx_status HTTP/1.1" 404 8408 "-" "Mozilla/5.0 (Windows NT 10.0; Win64; x64) AppleWebKit/537.36 (KHTML, like Gecko) Chrome/91.0.4472.124 Safari/537.36"
154.83.103.106 - - [16/Apr/2025:04:14:30 -0400] "GET /node_modules/ HTTP/1.1" 404 8407 "-" "Mozilla/5.0 (Windows NT 10.0; Win64; x64) AppleWebKit/537.36 (KHTML, like Gecko) Chrome/91.0.4472.124 Safari/537.36"
154.83.103.106 - - [16/Apr/2025:04:14:36 -0400] "GET /null HTTP/1.1" 404 8407 "-" "Mozilla/5.0 (Windows NT 10.0; Win64; x64) AppleWebKit/537.36 (KHTML, like Gecko) Chrome/91.0.4472.124 Safari/537.36"
217.113.194.230 - - [16/Apr/2025:04:14:39 -0400] "GET /what-you-should-know-about-credit-fixing-services/feed/ HTTP/1.1" 200 424 "-" "Mozilla/5.0 (compatible; Barkrowler/0.9; +https://babbar.tech/crawler)"
154.83.103.106 - - [16/Apr/2025:04:14:39 -0400] "GET /nuxt.config.js HTTP/1.1" 404 8429 "-" "Mozilla/5.0 (Windows NT 10.0; Win64; x64) AppleWebKit/537.36 (KHTML, like Gecko) Chrome/91.0.4472.124 Safari/537.36"
154.83.103.106 - - [16/Apr/2025:04:14:41 -0400] "GET /openapi.json HTTP/1.1" 404 8407 "-" "Mozilla/5.0 (Windows NT 10.0; Win64; x64) AppleWebKit/537.36 (KHTML, like Gecko) Chrome/91.0.4472.124 Safari/537.36"
114.119.128.181 - - [16/Apr/2025:04:14:41 -0400] "GET /mk-handbags-on-sale/ HTTP/1.1" 200 12039 "https://the80itspod.com/page/100/?MA" "Mozilla/5.0 (Linux; Android 7.0;) AppleWebKit/537.36 (KHTML, like Gecko) Mobile Safari/537.36 (compatible; PetalBot;+https://webmaster.petalsearch.com/site/petalbot)"
154.83.103.106 - - [16/Apr/2025:04:14:43 -0400] "GET /package-lock.json HTTP/1.1" 404 8407 "-" "Mozilla/5.0 (Windows NT 10.0; Win64; x64) AppleWebKit/537.36 (KHTML, like Gecko) Chrome/91.0.4472.124 Safari/537.36"
154.83.103.106 - - [16/Apr/2025:04:14:48 -0400] "GET /packages/ HTTP/1.1" 404 8429 "-" "Mozilla/5.0 (Windows NT 10.0; Win64; x64) AppleWebKit/537.36 (KHTML, like Gecko) Chrome/91.0.4472.124 Safari/537.36"
154.83.103.106 - - [16/Apr/2025:04:14:50 -0400] "GET /pgsql.dump HTTP/1.1" 404 8407 "-" "Mozilla/5.0 (Windows NT 10.0; Win64; x64) AppleWebKit/537.36 (KHTML, like Gecko) Chrome/91.0.4472.124 Safari/537.36"
154.83.103.106 - - [16/Apr/2025:04:14:52 -0400] "GET /pgsql.sql HTTP/1.1" 404 8407 "-" "Mozilla/5.0 (Windows NT 10.0; Win64; x64) AppleWebKit/537.36 (KHTML, like Gecko) Chrome/91.0.4472.124 Safari/537.36"
154.83.103.106 - - [16/Apr/2025:04:14:55 -0400] "GET /php.ini HTTP/1.1" 404 8407 "-" "Mozilla/5.0 (Windows NT 10.0; Win64; x64) AppleWebKit/537.36 (KHTML, like Gecko) Chrome/91.0.4472.124 Safari/537.36"
217.113.194.228 - - [16/Apr/2025:04:14:57 -0400] "GET /relaxation-on-the-go-with-a-business-trip-massage/feed/ HTTP/1.1" 200 416 "-" "Mozilla/5.0 (compatible; Barkrowler/0.9; +https://babbar.tech/crawler)"
154.83.103.106 - - [16/Apr/2025:04:14:58 -0400] "GET /phpMyAdmin/ HTTP/1.1" 404 8407 "-" "Mozilla/5.0 (Windows NT 10.0; Win64; x64) AppleWebKit/537.36 (KHTML, like Gecko) Chrome/91.0.4472.124 Safari/537.36"
66.249.79.65 - - [16/Apr/2025:04:15:01 -0400] "GET /inside-dubais-premier-fertility-clinic/feed/ HTTP/1.1" 200 414 "-" "Mozilla/5.0 (Linux; Android 6.0.1; Nexus 5X Build/MMB29P) AppleWebKit/537.36 (KHTML, like Gecko) Chrome/135.0.7049.84 Mobile Safari/537.36 (compatible; Googlebot/2.1; +http://www.google.com/bot.html)"
154.83.103.106 - - [16/Apr/2025:04:15:01 -0400] "GET /phpinfo.php HTTP/1.1" 404 8406 "-" "Mozilla/5.0 (Windows NT 10.0; Win64; x64) AppleWebKit/537.36 (KHTML, like Gecko) Chrome/91.0.4472.124 Safari/537.36"
154.83.103.106 - - [16/Apr/2025:04:15:05 -0400] "GET /phpmyadmin HTTP/1.1" 404 8407 "-" "Mozilla/5.0 (Windows NT 10.0; Win64; x64) AppleWebKit/537.36 (KHTML, like Gecko) Chrome/91.0.4472.124 Safari/537.36"
154.83.103.106 - - [16/Apr/2025:04:15:08 -0400] "GET /phpmyadmin/index.php HTTP/1.1" 301 0 "-" "Mozilla/5.0 (Windows NT 10.0; Win64; x64) AppleWebKit/537.36 (KHTML, like Gecko) Chrome/91.0.4472.124 Safari/537.36"
154.83.103.106 - - [16/Apr/2025:04:15:10 -0400] "GET /phpmyadmin/ HTTP/1.1" 404 8407 "-" "Mozilla/5.0 (Windows NT 10.0; Win64; x64) AppleWebKit/537.36 (KHTML, like Gecko) Chrome/91.0.4472.124 Safari/537.36"
154.83.103.106 - - [16/Apr/2025:04:15:13 -0400] "GET /phpmyadmin/scripts/setup.php HTTP/1.1" 404 8407 "-" "Mozilla/5.0 (Windows NT 10.0; Win64; x64) AppleWebKit/537.36 (KHTML, like Gecko) Chrome/91.0.4472.124 Safari/537.36"
217.113.194.229 - - [16/Apr/2025:04:15:16 -0400] "GET /negotiating-raise-negotiation-strategies/feed/ HTTP/1.1" 200 395 "-" "Mozilla/5.0 (compatible; Barkrowler/0.9; +https://babbar.tech/crawler)"
154.83.103.106 - - [16/Apr/2025:04:15:16 -0400] "GET /poetry.lock HTTP/1.1" 404 8407 "-" "Mozilla/5.0 (Windows NT 10.0; Win64; x64) AppleWebKit/537.36 (KHTML, like Gecko) Chrome/91.0.4472.124 Safari/537.36"
154.83.103.106 - - [16/Apr/2025:04:15:17 -0400] "GET /pom.xml HTTP/1.1" 404 8407 "-" "Mozilla/5.0 (Windows NT 10.0; Win64; x64) AppleWebKit/537.36 (KHTML, like Gecko) Chrome/91.0.4472.124 Safari/537.36"
66.249.79.66 - - [16/Apr/2025:04:15:20 -0400] "GET /enhancing-hearing-health-audiologist-services-in-auckland/feed/ HTTP/1.1" 200 418 "-" "Mozilla/5.0 (Linux; Android 6.0.1; Nexus 5X Build/MMB29P) AppleWebKit/537.36 (KHTML, like Gecko) Chrome/135.0.7049.84 Mobile Safari/537.36 (compatible; Googlebot/2.1; +http://www.google.com/bot.html)"
154.83.103.106 - - [16/Apr/2025:04:15:20 -0400] "GET /prestashop/ HTTP/1.1" 404 8406 "-" "Mozilla/5.0 (Windows NT 10.0; Win64; x64) AppleWebKit/537.36 (KHTML, like Gecko) Chrome/91.0.4472.124 Safari/537.36"
198.54.114.83 - - [16/Apr/2025:04:15:23 -0400] "POST /wp-cron.php?doing_wp_cron=1744791321.0166978836059570312500 HTTP/1.1" 200 0 "-" "WordPress/6.8; https://the80itspod.com"
198.54.114.83 - - [16/Apr/2025:04:15:23 -0400] "POST /wp-cron.php?doing_wp_cron=1744791321.3459239006042480468750 HTTP/1.1" 200 0 "-" "WordPress/6.8; https://the80itspod.com"
154.83.103.106 - - [16/Apr/2025:04:15:25 -0400] "GET /private.key HTTP/1.1" 404 8407 "-" "Mozilla/5.0 (Windows NT 10.0; Win64; x64) AppleWebKit/537.36 (KHTML, like Gecko) Chrome/91.0.4472.124 Safari/537.36"
3.17.76.168 - - [16/Apr/2025:04:15:28 -0400] "GET /?p=2968 HTTP/1.1" 301 0 "-" "Mozilla/5.0 AppleWebKit/537.36 (KHTML, like Gecko; compatible; ClaudeBot/1.0; +claudebot@anthropic.com)"
3.17.76.168 - - [16/Apr/2025:04:15:32 -0400] "GET /une-experience-de-jeu-competitive-et-captivante/ HTTP/1.1" 200 12049 "https://the80itspod.com/?p=2968" "Mozilla/5.0 AppleWebKit/537.36 (KHTML, like Gecko; compatible; ClaudeBot/1.0; +claudebot@anthropic.com)"
154.83.103.106 - - [16/Apr/2025:04:15:31 -0400] "GET /prometheus HTTP/1.1" 404 8406 "-" "Mozilla/5.0 (Windows NT 10.0; Win64; x64) AppleWebKit/537.36 (KHTML, like Gecko) Chrome/91.0.4472.124 Safari/537.36"
