114.119.128.181 - - [14/Apr/2025:08:55:47 -0400] "GET /page/71/?ND HTTP/1.1" 200 13159 "https://the80itspod.com/page/74/?ND" "Mozilla/5.0 (Linux; Android 7.0;) AppleWebKit/537.36 (KHTML, like Gecko) Mobile Safari/537.36 (compatible; PetalBot;+https://webmaster.petalsearch.com/site/petalbot)"
198.54.114.83 - - [14/Apr/2025:08:55:48 -0400] "POST /wp-admin/admin-ajax.php?action=async_litespeed&nonce=TjP8vxdH0kwxZwB2xjPQfnzaWWxUfQzK&litespeed_type=imgoptm HTTP/1.1" 200 5 "-" "WordPress/6.7.2; https://the80itspod.com"
2607:ff68:8:9:a236:9fff:fe7f:454c - - [14/Apr/2025:08:56:01 -0400] "GET /wp-login.php HTTP/1.1" 200 1759 "http://the80itspod.com" "Mozilla/5.0 (Windows NT 10.0; Win64; x64) AppleWebKit/537.36 (KHTML, like Gecko) Chrome/115.0.5790.102 Safari/537.36"
157.55.39.204 - - [14/Apr/2025:08:56:16 -0400] "GET /cbd-for-anxiety-uk-the-latest-health-craze-to-hit-the-high-street/feed/ HTTP/1.1" 200 452 "-" "Mozilla/5.0 AppleWebKit/537.36 (KHTML, like Gecko; compatible; bingbot/2.0; +http://www.bing.com/bingbot.htm) Chrome/116.0.1938.76 Safari/537.36"
198.54.114.83 - - [14/Apr/2025:08:57:14 -0400] "POST /wp-cron.php?doing_wp_cron=1744635433.1531879901885986328125 HTTP/1.1" 200 0 "-" "WordPress/6.7.2; https://the80itspod.com"
114.119.140.170 - - [14/Apr/2025:08:57:12 -0400] "GET /kunst-der-videoanimationen-eine-kreative-reise-durch-bewegte-bilder/ HTTP/1.1" 200 11875 "https://the80itspod.com/page/29/?SA" "Mozilla/5.0 (Linux; Android 7.0;) AppleWebKit/537.36 (KHTML, like Gecko) Mobile Safari/537.36 (compatible; PetalBot;+https://webmaster.petalsearch.com/site/petalbot)"
54.36.148.238 - - [14/Apr/2025:08:57:21 -0400] "GET /the-modern-solution-for-nursing-mothers/feed/ HTTP/1.1" 200 408 "-" "Mozilla/5.0 (compatible; AhrefsBot/7.0; +http://ahrefs.com/robot/)"
198.54.114.83 - - [14/Apr/2025:08:58:36 -0400] "POST /wp-cron.php?doing_wp_cron=1744635516.4503040313720703125000 HTTP/1.1" 200 0 "-" "WordPress/6.7.2; https://the80itspod.com"
114.119.156.55 - - [14/Apr/2025:08:58:35 -0400] "GET /quest-ce-que-le-referencement-et-pourquoi-est-ce-important/ HTTP/1.1" 200 12230 "https://the80itspod.com/page/48/?NA" "Mozilla/5.0 (Linux; Android 7.0;) AppleWebKit/537.36 (KHTML, like Gecko) Mobile Safari/537.36 (compatible; PetalBot;+https://webmaster.petalsearch.com/site/petalbot)"
198.54.114.83 - - [14/Apr/2025:08:58:38 -0400] "POST /wp-admin/admin-ajax.php?action=async_litespeed&nonce=vetpKk9mppUmgtEkYtmW0jHwKXMxsFUl&litespeed_type=imgoptm HTTP/1.1" 200 0 "-" "WordPress/6.7.2; https://the80itspod.com"
198.54.114.83 - - [14/Apr/2025:09:00:00 -0400] "POST /wp-cron.php?doing_wp_cron=1744635599.7382960319519042968750 HTTP/1.1" 200 0 "-" "WordPress/6.7.2; https://the80itspod.com"
198.54.114.83 - - [14/Apr/2025:09:00:01 -0400] "POST /wp-admin/admin-ajax.php?action=async_litespeed&nonce=yJQkPaP07aF85pYRvYWTyHMAoLF4tt5t&litespeed_type=imgoptm HTTP/1.1" 200 0 "-" "WordPress/6.7.2; https://the80itspod.com"
114.119.156.55 - - [14/Apr/2025:08:59:59 -0400] "GET /how-to-create-your-own-photo-diamond-painting/ HTTP/1.1" 200 12521 "https://the80itspod.com/page/94/?ND" "Mozilla/5.0 (Linux; Android 7.0;) AppleWebKit/537.36 (KHTML, like Gecko) Mobile Safari/537.36 (compatible; PetalBot;+https://webmaster.petalsearch.com/site/petalbot)"
114.119.158.43 - - [14/Apr/2025:09:01:22 -0400] "GET /category/sign-up/ HTTP/1.1" 200 9151 "https://the80itspod.com/the-japanese-katana-sword/" "Mozilla/5.0 (Linux; Android 7.0;) AppleWebKit/537.36 (KHTML, like Gecko) Mobile Safari/537.36 (compatible; PetalBot;+https://webmaster.petalsearch.com/site/petalbot)"
198.54.114.83 - - [14/Apr/2025:09:01:31 -0400] "POST /wp-cron.php?doing_wp_cron=1744635691.0790979862213134765625 HTTP/1.1" 200 0 "-" "WordPress/6.7.2; https://the80itspod.com"
198.54.114.83 - - [14/Apr/2025:09:01:32 -0400] "POST /wp-admin/admin-ajax.php?action=async_litespeed&nonce=KekoYq0o2gkuv3UbBUpKBG7jTdraXc1Q&litespeed_type=imgoptm HTTP/1.1" 200 0 "-" "WordPress/6.7.2; https://the80itspod.com"
66.249.64.226 - - [14/Apr/2025:09:01:25 -0400] "GET /page/69/ HTTP/1.1" 200 13364 "-" "Mozilla/5.0 (Linux; Android 6.0.1; Nexus 5X Build/MMB29P) AppleWebKit/537.36 (KHTML, like Gecko) Chrome/135.0.7049.84 Mobile Safari/537.36 (compatible; Googlebot/2.1; +http://www.google.com/bot.html)"
54.36.148.51 - - [14/Apr/2025:09:01:48 -0400] "GET /where-to-buy-tretinoin-online/ HTTP/1.1" 200 12890 "-" "Mozilla/5.0 (compatible; AhrefsBot/7.0; +http://ahrefs.com/robot/)"
198.54.114.83 - - [14/Apr/2025:09:02:48 -0400] "POST /wp-cron.php?doing_wp_cron=1744635766.7101919651031494140625 HTTP/1.1" 200 0 "-" "WordPress/6.7.2; https://the80itspod.com"
114.119.139.247 - - [14/Apr/2025:09:02:45 -0400] "GET /page/41/?ND HTTP/1.1" 200 13112 "https://the80itspod.com/page/40/?ND" "Mozilla/5.0 (Linux; Android 7.0;) AppleWebKit/537.36 (KHTML, like Gecko) Mobile Safari/537.36 (compatible; PetalBot;+https://webmaster.petalsearch.com/site/petalbot)"
198.54.114.83 - - [14/Apr/2025:09:04:11 -0400] "POST /wp-cron.php?doing_wp_cron=1744635851.2072920799255371093750 HTTP/1.1" 200 0 "-" "WordPress/6.7.2; https://the80itspod.com"
114.119.128.181 - - [14/Apr/2025:09:04:10 -0400] "GET /agreger-la-a-votre-couloir-au-cote-du-chevet-ou-en-dehors-de-votre-salle-de-bain/ HTTP/1.1" 301 0 "https://the80itspod.com/how-to-change-your-fortnite-name/" "Mozilla/5.0 (Linux; Android 7.0;) AppleWebKit/537.36 (KHTML, like Gecko) Mobile Safari/537.36 (compatible; PetalBot;+https://webmaster.petalsearch.com/site/petalbot)"
198.54.114.83 - - [14/Apr/2025:09:04:13 -0400] "POST /wp-admin/admin-ajax.php?action=async_litespeed&nonce=nYIiF4k7cQjUzKqDmDUHSjecYGFqKzsP&litespeed_type=imgoptm HTTP/1.1" 200 0 "-" "WordPress/6.7.2; https://the80itspod.com"
114.119.128.181 - - [14/Apr/2025:09:04:15 -0400] "GET /que-rechercher-dans-un-crochet-mural-decoratif/ HTTP/1.1" 200 12218 "https://the80itspod.com/how-to-change-your-fortnite-name/" "Mozilla/5.0 (Linux; Android 7.0;) AppleWebKit/537.36 (KHTML, like Gecko) Mobile Safari/537.36 (compatible; PetalBot;+https://webmaster.petalsearch.com/site/petalbot)"
165.227.43.153 - - [14/Apr/2025:09:04:17 -0400] "GET / HTTP/1.1" 200 13048 "-" "Mozilla/5.0 (compatible)"
165.227.43.153 - - [14/Apr/2025:09:04:19 -0400] "GET /favicon.ico HTTP/1.1" 404 1251 "https://the80itspod.com/" "Mozilla/5.0 (compatible)"
54.83.23.103 - - [14/Apr/2025:09:04:44 -0400] "GET /unveiling-the-healing-touch-of-osteopathy-in-dubai/ HTTP/1.1" 200 11590 "-" "Mozilla/5.0 AppleWebKit/537.36 (KHTML, like Gecko; compatible; Amazonbot/0.1; +https://developer.amazon.com/support/amazonbot) Chrome/119.0.6045.214 Safari/537.36"
198.54.114.83 - - [14/Apr/2025:09:05:22 -0400] "POST /wp-cron.php?doing_wp_cron=1744635920.4747738838195800781250 HTTP/1.1" 200 0 "-" "WordPress/6.7.2; https://the80itspod.com"
66.249.64.225 - - [14/Apr/2025:09:05:18 -0400] "GET /page/70/ HTTP/1.1" 200 13417 "-" "Mozilla/5.0 (Linux; Android 6.0.1; Nexus 5X Build/MMB29P) AppleWebKit/537.36 (KHTML, like Gecko) Chrome/135.0.7049.84 Mobile Safari/537.36 (compatible; Googlebot/2.1; +http://www.google.com/bot.html)"
54.204.237.175 - - [14/Apr/2025:09:05:38 -0400] "GET /tangkasnet-review/ HTTP/1.1" 200 12274 "-" "Grammarly/1.0 (http://www.grammarly.com)"
54.36.149.13 - - [14/Apr/2025:09:06:09 -0400] "GET /les-vases-muraux-daujourdhui-perpetuent-la-tradition-des-vases-grecs-antiques/ HTTP/1.1" 200 12498 "-" "Mozilla/5.0 (compatible; AhrefsBot/7.0; +http://ahrefs.com/robot/)"
198.54.114.83 - - [14/Apr/2025:09:07:56 -0400] "POST /wp-cron.php?doing_wp_cron=1744636075.4384338855743408203125 HTTP/1.1" 200 0 "-" "WordPress/6.7.2; https://the80itspod.com"
66.249.64.226 - - [14/Apr/2025:09:07:48 -0400] "GET /four-motivations-to-utilize-reused-building-materials/feed/ HTTP/1.1" 200 420 "-" "Mozilla/5.0 (Linux; Android 6.0.1; Nexus 5X Build/MMB29P) AppleWebKit/537.36 (KHTML, like Gecko) Chrome/135.0.7049.84 Mobile Safari/537.36 (compatible; Googlebot/2.1; +http://www.google.com/bot.html)"
198.54.114.83 - - [14/Apr/2025:09:07:57 -0400] "POST /wp-admin/admin-ajax.php?action=async_litespeed&nonce=ZhsVty9sDvltbwp0bg1wA88t04CYkryj&litespeed_type=imgoptm HTTP/1.1" 200 0 "-" "WordPress/6.7.2; https://the80itspod.com"
46.4.84.237 - - [14/Apr/2025:09:07:55 -0400] "GET /category/contact-us/ HTTP/1.1" 200 9164 "-" "Mozilla/5.0 (Windows NT 10.0; Win64; x64) AppleWebKit/537.36 (KHTML, like Gecko; compatible; BW/1.2; rb.gy/oupwis) Chrome/124.0.0.0 Safari/537.36"
198.54.114.83 - - [14/Apr/2025:09:08:24 -0400] "POST /wp-cron.php?doing_wp_cron=1744636103.9408209323883056640625 HTTP/1.1" 200 0 "-" "WordPress/6.7.2; https://the80itspod.com"
66.249.64.226 - - [14/Apr/2025:09:08:22 -0400] "GET /advantages-of-factory-automation/feed/ HTTP/1.1" 200 394 "-" "Mozilla/5.0 (Linux; Android 6.0.1; Nexus 5X Build/MMB29P) AppleWebKit/537.36 (KHTML, like Gecko) Chrome/135.0.7049.84 Mobile Safari/537.36 (compatible; Googlebot/2.1; +http://www.google.com/bot.html)"
198.54.114.83 - - [14/Apr/2025:09:08:28 -0400] "POST /wp-admin/admin-ajax.php?action=async_litespeed&nonce=AGCvDiM4NxstCdwgJO7jBaMBUb7Qm7jg&litespeed_type=imgoptm HTTP/1.1" 200 0 "-" "WordPress/6.7.2; https://the80itspod.com"
66.249.64.224 - - [14/Apr/2025:09:09:16 -0400] "GET /la-philosophie-et-lhistoire-derriere-les-vetements-streetwear/ HTTP/1.1" 200 12581 "-" "Mozilla/5.0 (Linux; Android 6.0.1; Nexus 5X Build/MMB29P) AppleWebKit/537.36 (KHTML, like Gecko) Chrome/135.0.7049.84 Mobile Safari/537.36 (compatible; Googlebot/2.1; +http://www.google.com/bot.html)"
198.54.114.83 - - [14/Apr/2025:09:09:45 -0400] "POST /wp-admin/admin-ajax.php?action=async_litespeed&nonce=fXDyr4UTsMHKbAr9sfbuH0dI8nMcehh0&litespeed_type=imgoptm HTTP/1.1" 200 0 "-" "WordPress/6.7.2; https://the80itspod.com"
45.90.72.157 - - [14/Apr/2025:09:09:46 -0400] "GET /wp-login.php HTTP/1.1" 200 1759 "http://the80itspod.com" "Mozilla/5.0 (Windows NT 10.0; Win64; x64) AppleWebKit/537.36 (KHTML, like Gecko) Chrome/112.0.5615.138 Safari/537.36 Edg/112.0.1722.68"
198.54.114.83 - - [14/Apr/2025:09:10:32 -0400] "POST /wp-cron.php?doing_wp_cron=1744636231.6571149826049804687500 HTTP/1.1" 200 0 "-" "WordPress/6.7.2; https://the80itspod.com"
54.36.149.19 - - [14/Apr/2025:09:10:30 -0400] "GET /affordable-dental-insurance-not-an-oxymoron/feed/ HTTP/1.1" 304 0 "-" "Mozilla/5.0 (compatible; AhrefsBot/7.0; +http://ahrefs.com/robot/)"
198.54.114.83 - - [14/Apr/2025:09:10:37 -0400] "POST /wp-admin/admin-ajax.php?action=async_litespeed&nonce=RJpYY6b6u2nChma0pvcaVgEG6AMfwf8S&litespeed_type=imgoptm HTTP/1.1" 200 0 "-" "WordPress/6.7.2; https://the80itspod.com"
66.249.64.226 - - [14/Apr/2025:09:11:00 -0400] "GET /add-flair-to-your-baseball-or-softball-uniform-with-custom-baseball-stirrup-socks/ HTTP/1.1" 200 12299 "-" "Mozilla/5.0 (Linux; Android 6.0.1; Nexus 5X Build/MMB29P) AppleWebKit/537.36 (KHTML, like Gecko) Chrome/135.0.7049.84 Mobile Safari/537.36 (compatible; Googlebot/2.1; +http://www.google.com/bot.html)"
66.249.64.224 - - [14/Apr/2025:09:11:29 -0400] "GET /exploring-the-botany-showflat/feed/ HTTP/1.1" 200 393 "-" "Mozilla/5.0 (Linux; Android 6.0.1; Nexus 5X Build/MMB29P) AppleWebKit/537.36 (KHTML, like Gecko) Chrome/135.0.7049.84 Mobile Safari/537.36 (compatible; Googlebot/2.1; +http://www.google.com/bot.html)"
198.54.114.83 - - [14/Apr/2025:09:11:31 -0400] "POST /wp-cron.php?doing_wp_cron=1744636289.7004239559173583984375 HTTP/1.1" 200 0 "-" "WordPress/6.7.2; https://the80itspod.com"
184.73.167.217 - - [14/Apr/2025:09:12:07 -0400] "GET /category/activity/page/101/ HTTP/1.1" 200 11388 "-" "Mozilla/5.0 AppleWebKit/537.36 (KHTML, like Gecko; compatible; Amazonbot/0.1; +https://developer.amazon.com/support/amazonbot) Chrome/119.0.6045.214 Safari/537.36"
198.54.114.83 - - [14/Apr/2025:09:15:07 -0400] "POST /wp-cron.php?doing_wp_cron=1744636505.3263649940490722656250 HTTP/1.1" 200 0 "-" "WordPress/6.7.2; https://the80itspod.com"
54.36.148.133 - - [14/Apr/2025:09:14:49 -0400] "GET /le-seche-linge-a-pompe-a-chaleur-une-revolution-dans-le-monde-du-sechage/ HTTP/1.1" 200 0 "-" "Mozilla/5.0 (compatible; AhrefsBot/7.0; +http://ahrefs.com/robot/)"
112.92.74.179 - - [14/Apr/2025:09:15:24 -0400] "GET /business-loans-for-women-how-to-close-the-gender-gap-in-business-financing/ HTTP/1.1" 200 12425 "-" "Mozilla/5.0 (Windows NT 6.1; WOW64) AppleWebKit/537.36 (KHTML, like Gecko) Chrome/34.0.1847.131 Safari/537.36"
66.249.64.224 - - [14/Apr/2025:09:16:01 -0400] "GET /terra-hill-pasir-panjang/ HTTP/1.1" 200 11890 "-" "Mozilla/5.0 (Linux; Android 6.0.1; Nexus 5X Build/MMB29P) AppleWebKit/537.36 (KHTML, like Gecko) Chrome/135.0.7049.84 Mobile Safari/537.36 (compatible; Googlebot/2.1; +http://www.google.com/bot.html)"
198.54.114.83 - - [14/Apr/2025:09:16:09 -0400] "POST /wp-cron.php?doing_wp_cron=1744636568.8112630844116210937500 HTTP/1.1" 200 0 "-" "WordPress/6.7.2; https://the80itspod.com"
2a02:598:96:8a00::1200:122 - - [14/Apr/2025:09:16:08 -0400] "GET /how-to-watch-free-sports-tv-online/ HTTP/1.1" 200 12271 "-" "Mozilla/5.0 (compatible; SeznamBot/4.0; +https://o-seznam.cz/napoveda/vyhledavani/en/seznambot-crawler/)"
198.54.114.83 - - [14/Apr/2025:09:16:11 -0400] "POST /wp-admin/admin-ajax.php?action=async_litespeed&nonce=lZKpr8SqGfvF7WXFNgYSAn2ZjBVGC96t&litespeed_type=imgoptm HTTP/1.1" 200 0 "-" "WordPress/6.7.2; https://the80itspod.com"
198.54.114.83 - - [14/Apr/2025:09:18:02 -0400] "POST /wp-cron.php?doing_wp_cron=1744636682.0812680721282958984375 HTTP/1.1" 200 0 "-" "WordPress/6.7.2; https://the80itspod.com"
66.249.64.225 - - [14/Apr/2025:09:17:57 -0400] "GET /extending-a-helping-hand/ HTTP/1.1" 200 11615 "-" "Mozilla/5.0 (Linux; Android 6.0.1; Nexus 5X Build/MMB29P) AppleWebKit/537.36 (KHTML, like Gecko) Chrome/135.0.7049.84 Mobile Safari/537.36 (compatible; Googlebot/2.1; +http://www.google.com/bot.html)"
198.54.114.83 - - [14/Apr/2025:09:18:03 -0400] "POST /wp-admin/admin-ajax.php?action=async_litespeed&nonce=RJqWPo2mGVOTzZbhnIXZvtPR9vUPxDZA&litespeed_type=imgoptm HTTP/1.1" 200 0 "-" "WordPress/6.7.2; https://the80itspod.com"
91.84.106.2 - - [14/Apr/2025:09:18:36 -0400] "GET /relx-electronic-cigarette/ HTTP/1.1" 200 12607 "https://the80itspod.com/relx-electronic-cigarette/" "Mozilla/5.0 (Windows NT 10.0; Win64; x64) AppleWebKit/537.36 (KHTML, like Gecko) Chrome/129.0.0.0 Safari/537.36"
198.54.114.83 - - [14/Apr/2025:09:18:39 -0400] "POST /wp-cron.php?doing_wp_cron=1744636719.1932630538940429687500 HTTP/1.1" 200 0 "-" "WordPress/6.7.2; https://the80itspod.com"
91.84.106.2 - - [14/Apr/2025:09:18:38 -0400] "POST /wp-comments-post.php HTTP/1.1" 302 0 "https://the80itspod.com/relx-electronic-cigarette/" "Mozilla/5.0 (Windows NT 10.0; Win64; x64) AppleWebKit/537.36 (KHTML, like Gecko) Chrome/129.0.0.0 Safari/537.36"
198.54.114.83 - - [14/Apr/2025:09:18:42 -0400] "POST /wp-admin/admin-ajax.php?action=async_litespeed&nonce=40t5q6uhAWaCieBhQXiVHadgbkglkiAQ&litespeed_type=imgoptm HTTP/1.1" 200 0 "-" "WordPress/6.7.2; https://the80itspod.com"
91.84.106.2 - - [14/Apr/2025:09:18:44 -0400] "GET /relx-electronic-cigarette/ HTTP/1.1" 200 13227 "https://the80itspod.com/relx-electronic-cigarette/#comment-51317" "Mozilla/5.0 (Windows NT 10.0; Win64; x64) AppleWebKit/537.36 (KHTML, like Gecko) Chrome/129.0.0.0 Safari/537.36"
54.36.149.18 - - [14/Apr/2025:09:18:47 -0400] "GET /buy-real-youtube-subscribers-at-low-fees/feed/ HTTP/1.1" 200 412 "-" "Mozilla/5.0 (compatible; AhrefsBot/7.0; +http://ahrefs.com/robot/)"
198.54.114.83 - - [14/Apr/2025:09:19:22 -0400] "POST /wp-cron.php?doing_wp_cron=1744636761.1002180576324462890625 HTTP/1.1" 200 0 "-" "WordPress/6.7.2; https://the80itspod.com"
185.191.171.6 - - [14/Apr/2025:09:19:20 -0400] "GET /is-fenbendazole-for-humans-safe/ HTTP/1.1" 200 13446 "-" "Mozilla/5.0 (compatible; SemrushBot/7~bl; +http://www.semrush.com/bot.html)"
91.84.98.204 - - [14/Apr/2025:09:22:19 -0400] "GET /advantages-of-factory-automation/ HTTP/1.1" 200 12288 "https://the80itspod.com/advantages-of-factory-automation/" "Mozilla/5.0 (Windows NT 10.0; Win64; x64) AppleWebKit/537.36 (KHTML, like Gecko) Chrome/131.0.0.0 Safari/537.36 Avast/131.0.0.0"
198.54.114.83 - - [14/Apr/2025:09:22:27 -0400] "POST /wp-cron.php?doing_wp_cron=1744636946.9153749942779541015625 HTTP/1.1" 200 0 "-" "WordPress/6.7.2; https://the80itspod.com"
198.54.114.83 - - [14/Apr/2025:09:22:28 -0400] "POST /wp-admin/admin-ajax.php?action=async_litespeed&nonce=FTm6sBeUOC85zkPiLWdeFynQR6acdtIj&litespeed_type=imgoptm HTTP/1.1" 200 0 "-" "WordPress/6.7.2; https://the80itspod.com"
91.84.98.204 - - [14/Apr/2025:09:22:20 -0400] "POST /wp-comments-post.php HTTP/1.1" 302 0 "https://the80itspod.com/advantages-of-factory-automation/" "Mozilla/5.0 (Windows NT 10.0; Win64; x64) AppleWebKit/537.36 (KHTML, like Gecko) Chrome/131.0.0.0 Safari/537.36 Avast/131.0.0.0"
91.84.98.204 - - [14/Apr/2025:09:22:30 -0400] "GET /advantages-of-factory-automation/ HTTP/1.1" 200 13824 "https://the80itspod.com/advantages-of-factory-automation/#comment-51318" "Mozilla/5.0 (Windows NT 10.0; Win64; x64) AppleWebKit/537.36 (KHTML, like Gecko) Chrome/131.0.0.0 Safari/537.36 Avast/131.0.0.0"
2a10:4646:411:0:be24:11ff:fefd:3c0f - - [14/Apr/2025:09:23:28 -0400] "GET /wp-login.php HTTP/1.1" 200 1759 "http://the80itspod.com" "Mozilla/5.0 (Macintosh; Intel Mac OS X 10_15_7; rv:128.0) Gecko/20100101 Firefox/128.0"
198.54.114.83 - - [14/Apr/2025:09:23:28 -0400] "POST /wp-admin/admin-ajax.php?action=async_litespeed&nonce=QiB0WOzHaNR49wMiiYyUhmoA88euJqzg&litespeed_type=imgoptm HTTP/1.1" 200 0 "-" "WordPress/6.7.2; https://the80itspod.com"
198.54.114.83 - - [14/Apr/2025:09:26:30 -0400] "POST /wp-cron.php?doing_wp_cron=1744637189.8500239849090576171875 HTTP/1.1" 200 0 "-" "WordPress/6.7.2; https://the80itspod.com"
54.36.148.108 - - [14/Apr/2025:09:26:24 -0400] "GET /page/95/ HTTP/1.1" 200 13076 "-" "Mozilla/5.0 (compatible; AhrefsBot/7.0; +http://ahrefs.com/robot/)"
198.54.114.83 - - [14/Apr/2025:09:26:32 -0400] "POST /wp-admin/admin-ajax.php?action=async_litespeed&nonce=yQOSroRyj0I6OpiglZWtXr1EKpRYJ6tJ&litespeed_type=imgoptm HTTP/1.1" 200 0 "-" "WordPress/6.7.2; https://the80itspod.com"
85.13.217.246 - - [14/Apr/2025:09:26:32 -0400] "GET /wp-login.php HTTP/1.1" 200 1759 "http://the80itspod.com" "Mozilla/5.0 (Macintosh; Intel Mac OS X 14_4_1) AppleWebKit/605.1.15 (KHTML, like Gecko) Version/17.3.1 Safari/605.1.15"
198.54.114.83 - - [14/Apr/2025:09:31:07 -0400] "POST /wp-cron.php?doing_wp_cron=1744637466.9189589023590087890625 HTTP/1.1" 200 0 "-" "WordPress/6.7.2; https://the80itspod.com"
66.249.64.225 - - [14/Apr/2025:09:31:02 -0400] "GET /inside-dubais-premier-fertility-clinic/ HTTP/1.1" 200 11898 "-" "Mozilla/5.0 (Linux; Android 6.0.1; Nexus 5X Build/MMB29P) AppleWebKit/537.36 (KHTML, like Gecko) Chrome/135.0.7049.84 Mobile Safari/537.36 (compatible; Googlebot/2.1; +http://www.google.com/bot.html)"
198.54.114.83 - - [14/Apr/2025:09:31:08 -0400] "POST /wp-admin/admin-ajax.php?action=async_litespeed&nonce=jLzDfxFBrWfI9DRu7nvIO83kLCYFxKlo&litespeed_type=imgoptm HTTP/1.1" 200 0 "-" "WordPress/6.7.2; https://the80itspod.com"
66.249.64.225 - - [14/Apr/2025:09:31:15 -0400] "GET /enhancing-hearing-health-audiologist-services-in-auckland/ HTTP/1.1" 200 11533 "-" "Mozilla/5.0 (Linux; Android 6.0.1; Nexus 5X Build/MMB29P) AppleWebKit/537.36 (KHTML, like Gecko) Chrome/135.0.7049.84 Mobile Safari/537.36 (compatible; Googlebot/2.1; +http://www.google.com/bot.html)"
198.54.114.83 - - [14/Apr/2025:09:31:24 -0400] "POST /wp-cron.php?doing_wp_cron=1744637483.6771950721740722656250 HTTP/1.1" 200 0 "-" "WordPress/6.7.2; https://the80itspod.com"
66.249.64.224 - - [14/Apr/2025:09:31:23 -0400] "GET /fine-pitch-led-display/ HTTP/1.1" 200 12496 "-" "Mozilla/5.0 (Linux; Android 6.0.1; Nexus 5X Build/MMB29P) AppleWebKit/537.36 (KHTML, like Gecko) Chrome/135.0.7049.84 Mobile Safari/537.36 (compatible; Googlebot/2.1; +http://www.google.com/bot.html)"
198.54.114.83 - - [14/Apr/2025:09:31:26 -0400] "POST /wp-admin/admin-ajax.php?action=async_litespeed&nonce=5oWN0bNLIMVZaTK96OrVGotZPZg5m2A4&litespeed_type=imgoptm HTTP/1.1" 200 0 "-" "WordPress/6.7.2; https://the80itspod.com"
114.119.156.55 - - [14/Apr/2025:09:31:54 -0400] "GET /what-makes-hill-house-condo-so-special/ HTTP/1.1" 200 12611 "https://the80itspod.com/page/113/?SA" "Mozilla/5.0 (Linux; Android 7.0;) AppleWebKit/537.36 (KHTML, like Gecko) Mobile Safari/537.36 (compatible; PetalBot;+https://webmaster.petalsearch.com/site/petalbot)"
198.54.114.83 - - [14/Apr/2025:09:33:03 -0400] "POST /wp-cron.php?doing_wp_cron=1744637582.2802259922027587890625 HTTP/1.1" 200 0 "-" "WordPress/6.7.2; https://the80itspod.com"
66.249.64.224 - - [14/Apr/2025:09:33:01 -0400] "GET /mastering-precision-the-art-of-ductwork-fabrication/ HTTP/1.1" 200 12368 "-" "Mozilla/5.0 (Linux; Android 6.0.1; Nexus 5X Build/MMB29P) AppleWebKit/537.36 (KHTML, like Gecko) Chrome/135.0.7049.84 Mobile Safari/537.36 (compatible; Googlebot/2.1; +http://www.google.com/bot.html)"
66.249.64.225 - - [14/Apr/2025:09:33:10 -0400] "GET /precision-mastery-exploring-the-world-of-cnc-turned-parts-manufacturing/ HTTP/1.1" 200 12446 "-" "Mozilla/5.0 (Linux; Android 6.0.1; Nexus 5X Build/MMB29P) AppleWebKit/537.36 (KHTML, like Gecko) Chrome/135.0.7049.84 Mobile Safari/537.36 (compatible; Googlebot/2.1; +http://www.google.com/bot.html)"
114.119.128.181 - - [14/Apr/2025:09:33:13 -0400] "GET /picking-a-europe-itinerary-for-three-weeks-with-kids/ HTTP/1.1" 200 11794 "https://the80itspod.com/types-of-airsoft-guns/" "Mozilla/5.0 (Linux; Android 7.0;) AppleWebKit/537.36 (KHTML, like Gecko) Mobile Safari/537.36 (compatible; PetalBot;+https://webmaster.petalsearch.com/site/petalbot)"
54.36.148.58 - - [14/Apr/2025:09:34:51 -0400] "GET /category/activity/page/22/ HTTP/1.1" 200 11294 "-" "Mozilla/5.0 (compatible; AhrefsBot/7.0; +http://ahrefs.com/robot/)"
198.54.114.83 - - [14/Apr/2025:09:35:19 -0400] "POST /wp-cron.php?doing_wp_cron=1744637719.1227500438690185546875 HTTP/1.1" 200 0 "-" "WordPress/6.7.2; https://the80itspod.com"
198.54.114.83 - - [14/Apr/2025:09:35:21 -0400] "POST /wp-admin/admin-ajax.php?action=async_litespeed&nonce=EMnEWNIykisK9AZzNjtkwXdRH43NbZfr&litespeed_type=imgoptm HTTP/1.1" 200 0 "-" "WordPress/6.7.2; https://the80itspod.com"
114.119.149.108 - - [14/Apr/2025:09:35:13 -0400] "GET /page/44/?ND HTTP/1.1" 200 13088 "https://the80itspod.com/page/45/?ND" "Mozilla/5.0 (Linux; Android 7.0;) AppleWebKit/537.36 (KHTML, like Gecko) Mobile Safari/537.36 (compatible; PetalBot;+https://webmaster.petalsearch.com/site/petalbot)"
114.119.144.11 - - [14/Apr/2025:09:35:59 -0400] "GET /la-controverse-de-1xbet-risques-et-opportunites/ HTTP/1.1" 200 11813 "https://the80itspod.com/page/32/" "Mozilla/5.0 (Linux; Android 7.0;) AppleWebKit/537.36 (KHTML, like Gecko) Mobile Safari/537.36 (compatible; PetalBot;+https://webmaster.petalsearch.com/site/petalbot)"
66.249.64.226 - - [14/Apr/2025:09:36:18 -0400] "GET /unlocking-innovation-the-marvel-of-water-soluble-films/ HTTP/1.1" 200 12258 "-" "Mozilla/5.0 (Linux; Android 6.0.1; Nexus 5X Build/MMB29P) AppleWebKit/537.36 (KHTML, like Gecko) Chrome/135.0.7049.84 Mobile Safari/537.36 (compatible; Googlebot/2.1; +http://www.google.com/bot.html)"
198.54.114.83 - - [14/Apr/2025:09:38:13 -0400] "POST /wp-admin/admin-ajax.php?action=async_litespeed&nonce=KJVWLZFXHUpOl5ki7947BsbRPznqVv7L&litespeed_type=imgoptm HTTP/1.1" 200 0 "-" "WordPress/6.7.2; https://the80itspod.com"
185.231.155.169 - - [14/Apr/2025:09:38:31 -0400] "GET /relx-electronic-cigarette/ HTTP/1.1" 200 12607 "https://the80itspod.com/relx-electronic-cigarette/" "Mozilla/5.0 (Windows NT 10.0; Win64; x64) AppleWebKit/537.36 (KHTML, like Gecko) Chrome/130.0.0.0 Safari/537.36"
198.54.114.83 - - [14/Apr/2025:09:38:33 -0400] "POST /wp-cron.php?doing_wp_cron=1744637913.2141458988189697265625 HTTP/1.1" 200 0 "-" "WordPress/6.7.2; https://the80itspod.com"
185.231.155.169 - - [14/Apr/2025:09:38:32 -0400] "POST /wp-comments-post.php HTTP/1.1" 302 0 "https://the80itspod.com/relx-electronic-cigarette/" "Mozilla/5.0 (Windows NT 10.0; Win64; x64) AppleWebKit/537.36 (KHTML, like Gecko) Chrome/130.0.0.0 Safari/537.36"
198.54.114.83 - - [14/Apr/2025:09:38:35 -0400] "POST /wp-admin/admin-ajax.php?action=async_litespeed&nonce=W1XFVJAi5mqdRJnOElj9Mm3TrzYjFDLA&litespeed_type=imgoptm HTTP/1.1" 200 0 "-" "WordPress/6.7.2; https://the80itspod.com"
185.231.155.169 - - [14/Apr/2025:09:38:36 -0400] "GET /relx-electronic-cigarette/ HTTP/1.1" 200 24719 "https://the80itspod.com/relx-electronic-cigarette/#comment-51319" "Mozilla/5.0 (Windows NT 10.0; Win64; x64) AppleWebKit/537.36 (KHTML, like Gecko) Chrome/130.0.0.0 Safari/537.36"
198.54.114.83 - - [14/Apr/2025:09:39:35 -0400] "POST /wp-cron.php?doing_wp_cron=1744637974.5213859081268310546875 HTTP/1.1" 200 0 "-" "WordPress/6.7.2; https://the80itspod.com"
114.119.128.181 - - [14/Apr/2025:09:39:33 -0400] "GET /four-motivations-to-utilize-reused-building-materials/ HTTP/1.1" 200 12414 "https://the80itspod.com/page/123/?ND" "Mozilla/5.0 (Linux; Android 7.0;) AppleWebKit/537.36 (KHTML, like Gecko) Mobile Safari/537.36 (compatible; PetalBot;+https://webmaster.petalsearch.com/site/petalbot)"
198.54.114.83 - - [14/Apr/2025:09:39:36 -0400] "POST /wp-admin/admin-ajax.php?action=async_litespeed&nonce=KuErGi4A7Zi269coL2cDUgMwgqVGzkzF&litespeed_type=imgoptm HTTP/1.1" 200 0 "-" "WordPress/6.7.2; https://the80itspod.com"
198.54.114.83 - - [14/Apr/2025:09:40:31 -0400] "POST /wp-cron.php?doing_wp_cron=1744638031.0390100479125976562500 HTTP/1.1" 200 0 "-" "WordPress/6.7.2; https://the80itspod.com"
114.119.156.55 - - [14/Apr/2025:09:40:30 -0400] "GET /global-market-for-water-soluble-film/ HTTP/1.1" 200 11890 "https://the80itspod.com/page/43/?MA" "Mozilla/5.0 (Linux; Android 7.0;) AppleWebKit/537.36 (KHTML, like Gecko) Mobile Safari/537.36 (compatible; PetalBot;+https://webmaster.petalsearch.com/site/petalbot)"
198.54.114.83 - - [14/Apr/2025:09:40:33 -0400] "POST /wp-admin/admin-ajax.php?action=async_litespeed&nonce=j6Rp2Z5rLet0hHOfgAdIjROah5fXBLgy&litespeed_type=imgoptm HTTP/1.1" 200 0 "-" "WordPress/6.7.2; https://the80itspod.com"
85.208.96.198 - - [14/Apr/2025:09:40:55 -0400] "GET /guitar-hero-3-setliste/ HTTP/1.1" 200 12061 "-" "Mozilla/5.0 (compatible; SemrushBot/7~bl; +http://www.semrush.com/bot.html)"
66.249.64.224 - - [14/Apr/2025:09:41:16 -0400] "GET /how-to-cut-watermelon-slices/ HTTP/1.1" 200 13174 "-" "Mozilla/5.0 (Linux; Android 6.0.1; Nexus 5X Build/MMB29P) AppleWebKit/537.36 (KHTML, like Gecko) Chrome/135.0.7049.84 Mobile Safari/537.36 (compatible; Googlebot/2.1; +http://www.google.com/bot.html)"
198.54.114.83 - - [14/Apr/2025:09:41:51 -0400] "POST /wp-cron.php?doing_wp_cron=1744638109.2901840209960937500000 HTTP/1.1" 200 0 "-" "WordPress/6.7.2; https://the80itspod.com"
66.249.64.233 - - [14/Apr/2025:09:41:48 -0400] "GET /a-beacon-of-hope-fertility-clinic-dubai/ HTTP/1.1" 200 11642 "-" "Mozilla/5.0 (Linux; Android 6.0.1; Nexus 5X Build/MMB29P) AppleWebKit/537.36 (KHTML, like Gecko) Chrome/135.0.7049.84 Mobile Safari/537.36 (compatible; Googlebot/2.1; +http://www.google.com/bot.html)"
198.54.114.83 - - [14/Apr/2025:09:43:11 -0400] "POST /wp-cron.php?doing_wp_cron=1744638190.9079620838165283203125 HTTP/1.1" 200 0 "-" "WordPress/6.7.2; https://the80itspod.com"
54.36.148.93 - - [14/Apr/2025:09:43:09 -0400] "GET /fashion-handbags-with-original-designs-exclusive-range-offered/feed/ HTTP/1.1" 304 0 "-" "Mozilla/5.0 (compatible; AhrefsBot/7.0; +http://ahrefs.com/robot/)"
198.54.114.83 - - [14/Apr/2025:09:43:12 -0400] "POST /wp-admin/admin-ajax.php?action=async_litespeed&nonce=e1QvHGx958eTtZ7LhPLOf7PFYtAUr5uq&litespeed_type=imgoptm HTTP/1.1" 200 0 "-" "WordPress/6.7.2; https://the80itspod.com"
185.245.105.171 - - [14/Apr/2025:09:43:45 -0400] "GET /common-customer-complaints-8-examples-and/ HTTP/1.1" 200 85556 "https://the80itspod.com/common-customer-complaints-8-examples-and/" "Mozilla/5.0 (Windows NT 10.0; Win64; x64) AppleWebKit/537.36 (KHTML, like Gecko) Chrome/131.0.0.0 Safari/537.36"
198.54.114.83 - - [14/Apr/2025:09:43:47 -0400] "POST /wp-cron.php?doing_wp_cron=1744638227.0586299896240234375000 HTTP/1.1" 200 0 "-" "WordPress/6.7.2; https://the80itspod.com"
198.54.114.83 - - [14/Apr/2025:09:43:48 -0400] "POST /wp-admin/admin-ajax.php?action=async_litespeed&nonce=cUQMjLQxBTTFHZmBIPjYtSvWeh8YJq2i&litespeed_type=imgoptm HTTP/1.1" 200 5 "-" "WordPress/6.7.2; https://the80itspod.com"
185.245.105.171 - - [14/Apr/2025:09:43:46 -0400] "POST /wp-comments-post.php HTTP/1.1" 302 0 "https://the80itspod.com/common-customer-complaints-8-examples-and/" "Mozilla/5.0 (Windows NT 10.0; Win64; x64) AppleWebKit/537.36 (KHTML, like Gecko) Chrome/131.0.0.0 Safari/537.36"
185.245.105.171 - - [14/Apr/2025:09:43:52 -0400] "GET /common-customer-complaints-8-examples-and/ HTTP/1.1" 200 86279 "https://the80itspod.com/common-customer-complaints-8-examples-and/#comment-51320" "Mozilla/5.0 (Windows NT 10.0; Win64; x64) AppleWebKit/537.36 (KHTML, like Gecko) Chrome/131.0.0.0 Safari/537.36"
198.54.114.83 - - [14/Apr/2025:09:45:03 -0400] "POST /wp-cron.php?doing_wp_cron=1744638301.8682188987731933593750 HTTP/1.1" 200 0 "-" "WordPress/6.7.2; https://the80itspod.com"
66.249.64.234 - - [14/Apr/2025:09:45:01 -0400] "GET /expert-roofing-contractors-in-portland/ HTTP/1.1" 200 11625 "-" "Mozilla/5.0 (Linux; Android 6.0.1; Nexus 5X Build/MMB29P) AppleWebKit/537.36 (KHTML, like Gecko) Chrome/135.0.7049.84 Mobile Safari/537.36 (compatible; Googlebot/2.1; +http://www.google.com/bot.html)"
198.54.114.83 - - [14/Apr/2025:09:47:17 -0400] "POST /wp-cron.php?doing_wp_cron=1744638436.3235681056976318359375 HTTP/1.1" 200 0 "-" "WordPress/6.7.2; https://the80itspod.com"
66.249.64.226 - - [14/Apr/2025:09:47:10 -0400] "GET /page/113/ HTTP/1.1" 200 13289 "-" "Mozilla/5.0 (Linux; Android 6.0.1; Nexus 5X Build/MMB29P) AppleWebKit/537.36 (KHTML, like Gecko) Chrome/135.0.7049.84 Mobile Safari/537.36 (compatible; Googlebot/2.1; +http://www.google.com/bot.html)"
114.119.156.55 - - [14/Apr/2025:09:47:39 -0400] "GET /page/116/?NA HTTP/1.1" 200 12935 "https://the80itspod.com/page/119/?NA" "Mozilla/5.0 (Linux; Android 7.0;) AppleWebKit/537.36 (KHTML, like Gecko) Mobile Safari/537.36 (compatible; PetalBot;+https://webmaster.petalsearch.com/site/petalbot)"
66.249.64.225 - - [14/Apr/2025:09:48:06 -0400] "GET /page/114/ HTTP/1.1" 200 13287 "-" "Mozilla/5.0 (Linux; Android 6.0.1; Nexus 5X Build/MMB29P) AppleWebKit/537.36 (KHTML, like Gecko) Chrome/135.0.7049.84 Mobile Safari/537.36 (compatible; Googlebot/2.1; +http://www.google.com/bot.html)"
92.251.103.63 - - [14/Apr/2025:09:48:22 -0400] "GET /relaxation-and-rejuvenation-on-business-trips/ HTTP/1.1" 200 12053 "-" "Mozilla/5.0 (Windows NT 10.0; Win64; x64) AppleWebKit/537.36 (KHTML, like Gecko) Chrome/114.0.0.0 YaBrowser/22.7.0 Yowser/2.5 Safari/537.36"
198.54.114.83 - - [14/Apr/2025:09:49:20 -0400] "POST /wp-cron.php?doing_wp_cron=1744638560.1557700634002685546875 HTTP/1.1" 200 0 "-" "WordPress/6.7.2; https://the80itspod.com"
198.54.114.83 - - [14/Apr/2025:09:49:21 -0400] "POST /wp-admin/admin-ajax.php?action=async_litespeed&nonce=nNrPSxnr2xaSiTy6bD2Knw6A4PLzTYQl&litespeed_type=imgoptm HTTP/1.1" 200 0 "-" "WordPress/6.7.2; https://the80itspod.com"
114.119.139.247 - - [14/Apr/2025:09:49:14 -0400] "GET /how-to-win-big-with-online-betting/ HTTP/1.1" 200 11886 "https://the80itspod.com/page/112/?SA" "Mozilla/5.0 (Linux; Android 7.0;) AppleWebKit/537.36 (KHTML, like Gecko) Mobile Safari/537.36 (compatible; PetalBot;+https://webmaster.petalsearch.com/site/petalbot)"
31.172.67.59 - - [14/Apr/2025:09:49:42 -0400] "GET /wp-login.php HTTP/1.1" 200 1759 "http://the80itspod.com" "Mozilla/5.0 (Windows NT 10.0; Win64; x64; rv:125.0.1) Gecko/20100101 Firefox/125.0.1"
185.173.39.81 - - [14/Apr/2025:09:50:01 -0400] "GET /relx-electronic-cigarette/ HTTP/1.1" 200 13568 "https://the80itspod.com/relx-electronic-cigarette/#comment-51321" "Mozilla/5.0 (Windows NT 10.0; Win64; x64) AppleWebKit/537.36 (KHTML, like Gecko) Chrome/131.0.0.0 Safari/537.36 Avast/131.0.0.0"
54.36.148.77 - - [14/Apr/2025:09:50:15 -0400] "GET /7-tips-for-the-fastest-way-to-lose-weight-for-women/feed/ HTTP/1.1" 304 0 "-" "Mozilla/5.0 (compatible; AhrefsBot/7.0; +http://ahrefs.com/robot/)"
47.79.205.184 - - [14/Apr/2025:09:50:23 -0400] "GET / HTTP/1.1" 200 13048 "https://www.google.com/" "Mozilla/5.0 (Windows NT 10.0; Win64; x64) AppleWebKit/537.36 (KHTML, like Gecko) Chrome/132.0.0.0 Safari/537.36"
198.54.114.83 - - [14/Apr/2025:09:51:19 -0400] "POST /wp-cron.php?doing_wp_cron=1744638678.9634850025177001953125 HTTP/1.1" 200 0 "-" "WordPress/6.7.2; https://the80itspod.com"
66.249.64.224 - - [14/Apr/2025:09:51:18 -0400] "GET /page/124/ HTTP/1.1" 200 13415 "-" "Mozilla/5.0 (Linux; Android 6.0.1; Nexus 5X Build/MMB29P) AppleWebKit/537.36 (KHTML, like Gecko) Chrome/135.0.7049.84 Mobile Safari/537.36 (compatible; Googlebot/2.1; +http://www.google.com/bot.html)"
198.54.114.83 - - [14/Apr/2025:09:51:19 -0400] "POST /wp-admin/admin-ajax.php?action=async_litespeed&nonce=CY57CHtDGvREh4gTx73gc7YhwKo36DK8&litespeed_type=imgoptm HTTP/1.1" 200 5 "-" "WordPress/6.7.2; https://the80itspod.com"
198.54.114.83 - - [14/Apr/2025:09:52:16 -0400] "POST /wp-cron.php?doing_wp_cron=1744638735.5254099369049072265625 HTTP/1.1" 200 0 "-" "WordPress/6.7.2; https://the80itspod.com"
66.249.64.224 - - [14/Apr/2025:09:52:14 -0400] "GET /current-trends-in-sonoma-home-sales/ HTTP/1.1" 200 11767 "-" "Mozilla/5.0 (Linux; Android 6.0.1; Nexus 5X Build/MMB29P) AppleWebKit/537.36 (KHTML, like Gecko) Chrome/135.0.7049.84 Mobile Safari/537.36 (compatible; Googlebot/2.1; +http://www.google.com/bot.html)"
198.54.114.83 - - [14/Apr/2025:09:52:18 -0400] "POST /wp-admin/admin-ajax.php?action=async_litespeed&nonce=RsJHI4h1y73SdrEqkjpJnOT2K1b6QCi2&litespeed_type=imgoptm HTTP/1.1" 200 0 "-" "WordPress/6.7.2; https://the80itspod.com"
213.180.203.177 - - [14/Apr/2025:09:53:41 -0400] "GET /robots.txt HTTP/1.1" 200 112 "-" "Mozilla/5.0 (compatible; YandexBot/3.0; +http://yandex.com/bots)"
198.54.114.83 - - [14/Apr/2025:09:53:50 -0400] "POST /wp-cron.php?doing_wp_cron=1744638829.7097411155700683593750 HTTP/1.1" 200 0 "-" "WordPress/6.7.2; https://the80itspod.com"
213.180.203.103 - - [14/Apr/2025:09:53:43 -0400] "GET /reinigen-sie-silberbesteck-mit-hausmitteln/ HTTP/1.1" 200 11963 "-" "Mozilla/5.0 (compatible; YandexBot/3.0; +http://yandex.com/bots)"
198.54.114.83 - - [14/Apr/2025:09:53:52 -0400] "POST /wp-admin/admin-ajax.php?action=async_litespeed&nonce=OYELuzH0JAFMpemPlzIuXDzjO6p5La0w&litespeed_type=imgoptm HTTP/1.1" 200 0 "-" "WordPress/6.7.2; https://the80itspod.com"
198.54.114.83 - - [14/Apr/2025:09:54:35 -0400] "POST /wp-cron.php?doing_wp_cron=1744638874.3154449462890625000000 HTTP/1.1" 200 0 "-" "WordPress/6.7.2; https://the80itspod.com"
66.249.64.226 - - [14/Apr/2025:09:54:33 -0400] "GET /how-to-turn-off-blue-alerts-on-an-iphone/ HTTP/1.1" 200 14677 "-" "Mozilla/5.0 (Linux; Android 6.0.1; Nexus 5X Build/MMB29P) AppleWebKit/537.36 (KHTML, like Gecko) Chrome/135.0.7049.84 Mobile Safari/537.36 (compatible; Googlebot/2.1; +http://www.google.com/bot.html)"
198.54.114.83 - - [14/Apr/2025:09:57:09 -0400] "POST /wp-cron.php?doing_wp_cron=1744639028.8024799823760986328125 HTTP/1.1" 200 0 "-" "WordPress/6.7.2; https://the80itspod.com"
2a03:2880:f800:1c:: - - [14/Apr/2025:09:57:04 -0400] "GET /wp-json/oembed/1.0/embed?url=https%3A%2F%2Fthe80itspod.com%2Fthe-digital-frontier-exploring-the-phenomenon-of-online-casinos%2F HTTP/1.1" 200 2437 "-" "meta-externalagent/1.1 (+https://developers.facebook.com/docs/sharing/webmasters/crawler)"
198.54.114.83 - - [14/Apr/2025:09:57:09 -0400] "POST /wp-admin/admin-ajax.php?action=async_litespeed&nonce=tzveEKhQ8kmqwczZOPRvnLgKm8INp7RM&litespeed_type=imgoptm HTTP/1.1" 200 5 "-" "WordPress/6.7.2; https://the80itspod.com"
198.54.114.83 - - [14/Apr/2025:09:57:33 -0400] "POST /wp-cron.php?doing_wp_cron=1744639052.4037098884582519531250 HTTP/1.1" 200 0 "-" "WordPress/6.7.2; https://the80itspod.com"
66.249.64.234 - - [14/Apr/2025:09:57:31 -0400] "GET /how-to-evaluate-yugioh-trading-cards/ HTTP/1.1" 200 12219 "-" "Mozilla/5.0 (Linux; Android 6.0.1; Nexus 5X Build/MMB29P) AppleWebKit/537.36 (KHTML, like Gecko) Chrome/135.0.7049.84 Mobile Safari/537.36 (compatible; Googlebot/2.1; +http://www.google.com/bot.html)"
198.54.114.83 - - [14/Apr/2025:09:57:36 -0400] "POST /wp-admin/admin-ajax.php?action=async_litespeed&nonce=XQ3QIhLGOGd5tjyC8GBWpmoAVEFEIYiy&litespeed_type=imgoptm HTTP/1.1" 200 0 "-" "WordPress/6.7.2; https://the80itspod.com"
54.36.149.69 - - [14/Apr/2025:09:58:05 -0400] "GET /3-things-you-can-expect-from-an-online-writing-service/feed/ HTTP/1.1" 200 429 "-" "Mozilla/5.0 (compatible; AhrefsBot/7.0; +http://ahrefs.com/robot/)"
3.19.67.91 - - [14/Apr/2025:09:58:58 -0400] "GET /robots.txt HTTP/1.1" 200 112 "-" "Mozilla/5.0 AppleWebKit/537.36 (KHTML, like Gecko; compatible; ClaudeBot/1.0; +claudebot@anthropic.com)"
198.54.114.83 - - [14/Apr/2025:09:58:59 -0400] "POST /wp-cron.php?doing_wp_cron=1744639138.9555621147155761718750 HTTP/1.1" 200 0 "-" "WordPress/6.7.2; https://the80itspod.com"
3.19.67.91 - - [14/Apr/2025:09:58:58 -0400] "GET /sacs-de-sport-a-roulettes-ce-que-vous-devez-savoir-avant-de-les-acheter/feed HTTP/1.1" 301 0 "-" "Mozilla/5.0 AppleWebKit/537.36 (KHTML, like Gecko; compatible; ClaudeBot/1.0; +claudebot@anthropic.com)"
198.54.114.83 - - [14/Apr/2025:09:58:59 -0400] "POST /wp-admin/admin-ajax.php?action=async_litespeed&nonce=tAiuMuUTPJYIeSTxaRieuGzuFMJlxm51&litespeed_type=imgoptm HTTP/1.1" 200 5 "-" "WordPress/6.7.2; https://the80itspod.com"
3.19.67.91 - - [14/Apr/2025:09:59:00 -0400] "GET /sacs-de-sport-a-roulettes-ce-que-vous-devez-savoir-avant-de-les-acheter/feed/ HTTP/1.1" 200 457 "-" "Mozilla/5.0 AppleWebKit/537.36 (KHTML, like Gecko; compatible; ClaudeBot/1.0; +claudebot@anthropic.com)"
85.208.96.195 - - [14/Apr/2025:09:59:08 -0400] "GET /limportanza-della-gestione-dei-rilasci/ HTTP/1.1" 200 11865 "-" "Mozilla/5.0 (compatible; SemrushBot/7~bl; +http://www.semrush.com/bot.html)"
134.122.118.246 - - [14/Apr/2025:10:01:36 -0400] "GET /wp-login.php HTTP/1.1" 200 0 "http://the80itspod.com" "Mozilla/5.0 (Macintosh; Intel Mac OS X 10_15_7) AppleWebKit/537.36 (KHTML, like Gecko) Chrome/116.0.5845.96 Safari/537.36"
91.84.98.204 - - [14/Apr/2025:10:03:04 -0400] "GET /advantages-of-factory-automation/ HTTP/1.1" 200 12288 "https://the80itspod.com/advantages-of-factory-automation/" "Mozilla/5.0 (Windows NT 10.0; Win64; x64) AppleWebKit/537.36 (KHTML, like Gecko) Chrome/130.0.0.0 Safari/537.36"
198.54.114.83 - - [14/Apr/2025:10:03:12 -0400] "POST /wp-cron.php?doing_wp_cron=1744639392.1863229274749755859375 HTTP/1.1" 200 0 "-" "WordPress/6.7.2; https://the80itspod.com"
91.84.98.204 - - [14/Apr/2025:10:03:06 -0400] "POST /wp-comments-post.php HTTP/1.1" 302 0 "https://the80itspod.com/advantages-of-factory-automation/" "Mozilla/5.0 (Windows NT 10.0; Win64; x64) AppleWebKit/537.36 (KHTML, like Gecko) Chrome/130.0.0.0 Safari/537.36"
198.54.114.83 - - [14/Apr/2025:10:03:14 -0400] "POST /wp-admin/admin-ajax.php?action=async_litespeed&nonce=JD1BSrotvyUDxhm8ov5x4KlgNJHVPm1M&litespeed_type=imgoptm HTTP/1.1" 200 0 "-" "WordPress/6.7.2; https://the80itspod.com"
91.84.98.204 - - [14/Apr/2025:10:03:15 -0400] "GET /advantages-of-factory-automation/ HTTP/1.1" 200 13847 "https://the80itspod.com/advantages-of-factory-automation/#comment-51322" "Mozilla/5.0 (Windows NT 10.0; Win64; x64) AppleWebKit/537.36 (KHTML, like Gecko) Chrome/130.0.0.0 Safari/537.36"
185.157.212.157 - - [14/Apr/2025:10:03:21 -0400] "GET /advantages-of-factory-automation/ HTTP/1.1" 200 12288 "https://the80itspod.com/advantages-of-factory-automation/" "Mozilla/5.0 (Windows NT 10.0; Win64; x64) AppleWebKit/537.36 (KHTML, like Gecko) Chrome/129.0.0.0 Safari/537.36"
198.54.114.83 - - [14/Apr/2025:10:03:25 -0400] "POST /wp-cron.php?doing_wp_cron=1744639404.2408440113067626953125 HTTP/1.1" 200 0 "-" "WordPress/6.7.2; https://the80itspod.com"
185.157.212.157 - - [14/Apr/2025:10:03:23 -0400] "POST /wp-comments-post.php HTTP/1.1" 302 0 "https://the80itspod.com/advantages-of-factory-automation/" "Mozilla/5.0 (Windows NT 10.0; Win64; x64) AppleWebKit/537.36 (KHTML, like Gecko) Chrome/129.0.0.0 Safari/537.36"
198.54.114.83 - - [14/Apr/2025:10:03:27 -0400] "POST /wp-admin/admin-ajax.php?action=async_litespeed&nonce=PpDqr7mAA8udeIoQEsbZ9JGH5CnPLkUS&litespeed_type=imgoptm HTTP/1.1" 200 0 "-" "WordPress/6.7.2; https://the80itspod.com"
185.157.212.157 - - [14/Apr/2025:10:03:28 -0400] "GET /advantages-of-factory-automation/ HTTP/1.1" 200 13604 "https://the80itspod.com/advantages-of-factory-automation/#comment-51323" "Mozilla/5.0 (Windows NT 10.0; Win64; x64) AppleWebKit/537.36 (KHTML, like Gecko) Chrome/129.0.0.0 Safari/537.36"
198.54.114.83 - - [14/Apr/2025:10:05:11 -0400] "POST /wp-cron.php?doing_wp_cron=1744639511.3327209949493408203125 HTTP/1.1" 200 0 "-" "WordPress/6.7.2; https://the80itspod.com"
54.36.148.193 - - [14/Apr/2025:10:05:05 -0400] "GET /top-ten-christmas-gifts-for-women/feed/ HTTP/1.1" 200 399 "-" "Mozilla/5.0 (compatible; AhrefsBot/7.0; +http://ahrefs.com/robot/)"
198.54.114.83 - - [14/Apr/2025:10:05:13 -0400] "POST /wp-admin/admin-ajax.php?action=async_litespeed&nonce=8GV89X4xgc7aDDNJ7D7qmHTby5PF7UbZ&litespeed_type=imgoptm HTTP/1.1" 200 0 "-" "WordPress/6.7.2; https://the80itspod.com"
47.128.116.130 - - [14/Apr/2025:10:07:19 -0400] "GET / HTTP/1.1" 200 13048 "-" "Mozilla/5.0 (Linux; Android 5.0) AppleWebKit/537.36 (KHTML, like Gecko) Mobile Safari/537.36 (compatible; Bytespider; spider-feedback@bytedance.com)"
198.54.114.83 - - [14/Apr/2025:10:10:07 -0400] "POST /wp-cron.php?doing_wp_cron=1744639806.2261359691619873046875 HTTP/1.1" 200 0 "-" "WordPress/6.7.2; https://the80itspod.com"
66.249.64.225 - - [14/Apr/2025:10:09:59 -0400] "GET /unlocking-innovation-the-marvel-of-water-soluble-films/feed/ HTTP/1.1" 200 426 "-" "Mozilla/5.0 (Linux; Android 6.0.1; Nexus 5X Build/MMB29P) AppleWebKit/537.36 (KHTML, like Gecko) Chrome/135.0.7049.84 Mobile Safari/537.36 (compatible; Googlebot/2.1; +http://www.google.com/bot.html)"
93.183.93.19 - - [14/Apr/2025:10:10:27 -0400] "GET /advantages-of-factory-automation/ HTTP/1.1" 200 12288 "https://the80itspod.com/advantages-of-factory-automation/" "Mozilla/5.0 (Windows NT 10.0; Win64; x64) AppleWebKit/537.36 (KHTML, like Gecko) Chrome/130.0.0.0 Safari/537.36 CCleaner/130.0.0.0"
93.183.93.19 - - [14/Apr/2025:10:10:28 -0400] "GET /advantages-of-factory-automation/ HTTP/1.1" 200 12288 "https://the80itspod.com/advantages-of-factory-automation/" "Mozilla/5.0 (Windows NT 10.0; Win64; x64) AppleWebKit/537.36 (KHTML, like Gecko) Chrome/130.0.0.0 Safari/537.36 CCleaner/130.0.0.0"
93.183.93.19 - - [14/Apr/2025:10:10:28 -0400] "POST /wp-comments-post.php HTTP/1.1" 302 0 "https://the80itspod.com/advantages-of-factory-automation/" "Mozilla/5.0 (Windows NT 10.0; Win64; x64) AppleWebKit/537.36 (KHTML, like Gecko) Chrome/130.0.0.0 Safari/537.36 CCleaner/130.0.0.0"
93.183.93.19 - - [14/Apr/2025:10:10:29 -0400] "POST /wp-comments-post.php HTTP/1.1" 429 982 "https://the80itspod.com/advantages-of-factory-automation/" "Mozilla/5.0 (Windows NT 10.0; Win64; x64) AppleWebKit/537.36 (KHTML, like Gecko) Chrome/130.0.0.0 Safari/537.36 CCleaner/130.0.0.0"
43.132.182.217 - - [14/Apr/2025:10:10:28 -0400] "GET /7-reasons-to-buy-youtube-live-stream-views/ HTTP/1.1" 200 12281 "-" "Python/3.10 aiohttp/3.10.5"
93.183.93.19 - - [14/Apr/2025:10:10:31 -0400] "GET /advantages-of-factory-automation/ HTTP/1.1" 200 12288 "https://the80itspod.com/advantages-of-factory-automation/" "Mozilla/5.0 (Windows NT 10.0; Win64; x64) AppleWebKit/537.36 (KHTML, like Gecko) Chrome/130.0.0.0 Safari/537.36 CCleaner/130.0.0.0"
93.183.93.19 - - [14/Apr/2025:10:10:31 -0400] "GET /advantages-of-factory-automation/ HTTP/1.1" 200 13619 "https://the80itspod.com/advantages-of-factory-automation/#comment-51324" "Mozilla/5.0 (Windows NT 10.0; Win64; x64) AppleWebKit/537.36 (KHTML, like Gecko) Chrome/130.0.0.0 Safari/537.36 CCleaner/130.0.0.0"
93.183.93.19 - - [14/Apr/2025:10:10:32 -0400] "GET /author/jorge/ HTTP/1.1" 301 0 "https://the80itspod.com/author/jorge/" "Mozilla/5.0 (Windows NT 10.0; Win64; x64) AppleWebKit/537.36 (KHTML, like Gecko) Chrome/130.0.0.0 Safari/537.36 CCleaner/130.0.0.0"
47.128.51.90 - - [14/Apr/2025:10:10:48 -0400] "GET / HTTP/1.1" 200 13048 "-" "Mozilla/5.0 (Linux; Android 5.0) AppleWebKit/537.36 (KHTML, like Gecko) Mobile Safari/537.36 (compatible; Bytespider; spider-feedback@bytedance.com)"
198.54.114.83 - - [14/Apr/2025:10:12:24 -0400] "POST /wp-cron.php?doing_wp_cron=1744639943.5754089355468750000000 HTTP/1.1" 200 0 "-" "WordPress/6.7.2; https://the80itspod.com"
2a03:2880:f800:10:: - - [14/Apr/2025:10:12:23 -0400] "GET /wp-json/oembed/1.0/embed?url=https%3A%2F%2Fthe80itspod.com%2Fdiscovering-homes-for-sale-in-sonoma-ca%2F HTTP/1.1" 200 2318 "-" "meta-externalagent/1.1 (+https://developers.facebook.com/docs/sharing/webmasters/crawler)"
54.36.148.93 - - [14/Apr/2025:10:12:17 -0400] "GET /efforts-to-legalize-online-gambling-again-in-the-usa/ HTTP/1.1" 200 12453 "-" "Mozilla/5.0 (compatible; AhrefsBot/7.0; +http://ahrefs.com/robot/)"
198.54.114.83 - - [14/Apr/2025:10:12:25 -0400] "POST /wp-admin/admin-ajax.php?action=async_litespeed&nonce=vWoOBdPRXBHKw5FlxcNCmrE3p9C5tgun&litespeed_type=imgoptm HTTP/1.1" 200 0 "-" "WordPress/6.7.2; https://the80itspod.com"
40.77.167.74 - - [14/Apr/2025:10:12:54 -0400] "GET /wp-content/uploads/2024/01/Add-Screen-Recording-to-Iphone-Easy-Setup-1024x576.jpg HTTP/1.1" 200 70275 "-" "Mozilla/5.0 AppleWebKit/537.36 (KHTML, like Gecko; compatible; bingbot/2.0; +http://www.bing.com/bingbot.htm) Chrome/116.0.1938.76 Safari/537.36"
101.32.32.171 - - [14/Apr/2025:10:13:02 -0400] "GET /how-to-win-in-a-casino/ HTTP/1.1" 200 13076 "-" "Python/3.10 aiohttp/3.10.5"
47.128.46.196 - - [14/Apr/2025:10:14:17 -0400] "GET /robots.txt HTTP/1.1" 200 112 "-" "Mozilla/5.0 (Linux; Android 5.0) AppleWebKit/537.36 (KHTML, like Gecko) Mobile Safari/537.36 (compatible; Bytespider; spider-feedback@bytedance.com)"
2a02:598:96:8a00::1200:122 - - [14/Apr/2025:10:17:06 -0400] "GET /robots.txt HTTP/1.1" 200 112 "-" "Mozilla/5.0 (compatible; SeznamBot/4.0; +https://o-seznam.cz/napoveda/vyhledavani/en/seznambot-crawler/)"
198.54.114.83 - - [14/Apr/2025:10:17:12 -0400] "POST /wp-cron.php?doing_wp_cron=1744640231.7463779449462890625000 HTTP/1.1" 200 0 "-" "WordPress/6.7.2; https://the80itspod.com"
198.54.114.83 - - [14/Apr/2025:10:17:12 -0400] "POST /wp-cron.php?doing_wp_cron=1744640231.7460899353027343750000 HTTP/1.1" 200 0 "-" "WordPress/6.7.2; https://the80itspod.com"
2a02:598:96:8a00::1200:122 - - [14/Apr/2025:10:17:06 -0400] "GET /sitemap_index.xml HTTP/1.1" 200 294 "-" "Mozilla/5.0 (compatible; SeznamBot/4.0; +https://o-seznam.cz/napoveda/vyhledavani/en/seznambot-crawler/)"
66.249.64.224 - - [14/Apr/2025:10:17:10 -0400] "GET /capturing-the-full-picture-instagram-full-size-photo/ HTTP/1.1" 200 11542 "-" "Mozilla/5.0 (Linux; Android 6.0.1; Nexus 5X Build/MMB29P) AppleWebKit/537.36 (KHTML, like Gecko) Chrome/135.0.7049.84 Mobile Safari/537.36 (compatible; Googlebot/2.1; +http://www.google.com/bot.html)"
198.54.114.83 - - [14/Apr/2025:10:17:13 -0400] "POST /wp-admin/admin-ajax.php?action=async_litespeed&nonce=1smNEmT3hOGSbxYLDxe2hqbB9rQkr4VS&litespeed_type=imgoptm HTTP/1.1" 200 0 "-" "WordPress/6.7.2; https://the80itspod.com"
198.54.114.83 - - [14/Apr/2025:10:20:10 -0400] "POST /wp-cron.php?doing_wp_cron=1744640409.6960799694061279296875 HTTP/1.1" 200 0 "-" "WordPress/6.7.2; https://the80itspod.com"
2a03:2880:f800:7:: - - [14/Apr/2025:10:20:03 -0400] "GET /gambling-slots/ HTTP/1.1" 200 12401 "-" "meta-externalagent/1.1 (+https://developers.facebook.com/docs/sharing/webmasters/crawler)"
198.54.114.83 - - [14/Apr/2025:10:20:11 -0400] "POST /wp-admin/admin-ajax.php?action=async_litespeed&nonce=Xqows3LbNy2jIFX3jaWQQpPE70SmkK3f&litespeed_type=imgoptm HTTP/1.1" 200 0 "-" "WordPress/6.7.2; https://the80itspod.com"
64.23.162.105 - - [14/Apr/2025:10:20:11 -0400] "POST /wp-login.php HTTP/1.1" 503 6997 "-" "Mozilla/5.0"
51.222.253.14 - - [14/Apr/2025:10:20:51 -0400] "GET /robots.txt HTTP/1.1" 200 112 "-" "Mozilla/5.0 (compatible; AhrefsBot/7.0; +http://ahrefs.com/robot/)"
198.54.114.83 - - [14/Apr/2025:10:20:53 -0400] "POST /wp-cron.php?doing_wp_cron=1744640453.4216539859771728515625 HTTP/1.1" 200 0 "-" "WordPress/6.7.2; https://the80itspod.com"
54.36.148.62 - - [14/Apr/2025:10:20:52 -0400] "GET /unveiling-the-power-of-youtube-views/ HTTP/1.1" 200 11687 "-" "Mozilla/5.0 (compatible; AhrefsBot/7.0; +http://ahrefs.com/robot/)"
198.54.114.83 - - [14/Apr/2025:10:20:54 -0400] "POST /wp-admin/admin-ajax.php?action=async_litespeed&nonce=AEvS4b43mORl6NgvMwc9qeHE2er5sZ3N&litespeed_type=imgoptm HTTP/1.1" 200 0 "-" "WordPress/6.7.2; https://the80itspod.com"
198.54.114.83 - - [14/Apr/2025:10:26:18 -0400] "POST /wp-cron.php?doing_wp_cron=1744640778.1529018878936767578125 HTTP/1.1" 200 0 "-" "WordPress/6.7.2; https://the80itspod.com"
198.54.114.83 - - [14/Apr/2025:10:26:19 -0400] "POST /wp-admin/admin-ajax.php?action=async_litespeed&nonce=8UJVQqaHphCd2fI9iZHwjaH1faQqQThK&litespeed_type=imgoptm HTTP/1.1" 200 0 "-" "WordPress/6.7.2; https://the80itspod.com"
66.249.64.225 - - [14/Apr/2025:10:26:11 -0400] "GET /page/8/ HTTP/1.1" 200 13264 "-" "Mozilla/5.0 (Linux; Android 6.0.1; Nexus 5X Build/MMB29P) AppleWebKit/537.36 (KHTML, like Gecko) Chrome/135.0.7049.84 Mobile Safari/537.36 (compatible; Googlebot/2.1; +http://www.google.com/bot.html)"
92.251.103.63 - - [14/Apr/2025:10:26:50 -0400] "GET /exploring-nusa-penida-a-hidden-gem-of-indonesia/ HTTP/1.1" 200 11512 "-" "Mozilla/5.0 (Windows NT 10.0; Win64; x64) AppleWebKit/537.36 (KHTML, like Gecko) Chrome/121.0.0.0 Safari/537.36"
198.54.114.83 - - [14/Apr/2025:10:29:00 -0400] "POST /wp-cron.php?doing_wp_cron=1744640939.6003289222717285156250 HTTP/1.1" 200 0 "-" "WordPress/6.7.2; https://the80itspod.com"
43.155.0.244 - - [14/Apr/2025:10:28:53 -0400] "GET /betting-shop-closing-times-near-me/ HTTP/1.1" 200 12170 "-" "Python/3.10 aiohttp/3.10.5"
