198.54.114.83 - - [15/Apr/2025:06:28:06 -0400] "POST /wp-cron.php?doing_wp_cron=1744712886.1305770874023437500000 HTTP/1.1" 200 0 "-" "WordPress/6.7.2; https://the80itspod.com"
58.254.68.125 - - [15/Apr/2025:06:28:05 -0400] "POST /wp-comments-post.php HTTP/1.1" 302 0 "https://the80itspod.com" "Mozilla/5.0 (Windows NT 10.0; Win64; x64) AppleWebKit/537.36 (KHTML, like Gecko) Chrome/62.0.3202.94 Safari/537.36"
198.54.114.83 - - [15/Apr/2025:06:28:21 -0400] "POST /wp-cron.php?doing_wp_cron=1744712900.3473570346832275390625 HTTP/1.1" 200 0 "-" "WordPress/6.7.2; https://the80itspod.com"
58.254.68.125 - - [15/Apr/2025:06:28:19 -0400] "GET /vacation-rentals-in-cartagena-colombia/ HTTP/1.1" 200 13056 "https://the80itspod.com" "Mozilla/4.0 (compatible; MSIE 6.0; Windows NT 5.1; en) Opera 8.50"
45.76.16.214 - - [15/Apr/2025:06:28:36 -0400] "GET /gitarrenunterricht-online-grundlegender-gitarrenunterricht-fur-anfanger HTTP/1.1" 301 0 "https://the80itspod.com" "Mozilla/5.0 (Windows NT 10.0; Win64; x64) AppleWebKit/537.36 (KHTML, like Gecko) Chrome/62.0.3202.94 Safari/537.36"
45.76.16.214 - - [15/Apr/2025:06:28:39 -0400] "GET /gitarrenunterricht-online-grundlegender-gitarrenunterricht-fur-anfanger/ HTTP/1.1" 200 12391 "https://the80itspod.com" "Mozilla/5.0 (Windows NT 10.0; Win64; x64) AppleWebKit/537.36 (KHTML, like Gecko) Chrome/62.0.3202.94 Safari/537.36"
54.36.148.37 - - [15/Apr/2025:06:28:39 -0400] "GET /unveiling-the-dynamic-world-of-bodybuilding-supplements/ HTTP/1.1" 200 11973 "-" "Mozilla/5.0 (compatible; AhrefsBot/7.0; +http://ahrefs.com/robot/)"
45.76.16.214 - - [15/Apr/2025:06:28:41 -0400] "GET /gitarrenunterricht-online-grundlegender-gitarrenunterricht-fur-anfanger/ HTTP/1.1" 200 12391 "https://the80itspod.com" "Mozilla/5.0 (Windows NT 10.0; Win64; x64) AppleWebKit/537.36 (KHTML, like Gecko) Chrome/62.0.3202.94 Safari/537.36"
45.76.16.214 - - [15/Apr/2025:06:28:42 -0400] "POST /wp-comments-post.php HTTP/1.1" 200 0 "https://the80itspod.com" "Mozilla/5.0 (Windows NT 10.0; Win64; x64) AppleWebKit/537.36 (KHTML, like Gecko) Chrome/62.0.3202.94 Safari/537.36"
2a03:2880:f800:1:: - - [15/Apr/2025:06:29:13 -0400] "GET /popularity-of-online-gambling/feed/ HTTP/1.1" 200 389 "-" "meta-externalagent/1.1 (+https://developers.facebook.com/docs/sharing/webmasters/crawler)"
198.54.114.83 - - [15/Apr/2025:06:30:00 -0400] "POST /wp-cron.php?doing_wp_cron=1744713000.0179519653320312500000 HTTP/1.1" 200 0 "-" "WordPress/6.7.2; https://the80itspod.com"
198.54.114.83 - - [15/Apr/2025:06:30:02 -0400] "POST /wp-admin/admin-ajax.php?action=async_litespeed&nonce=SwssnPOhzawukDDo0sVjHaaDQneFWVRP&litespeed_type=imgoptm HTTP/1.1" 200 0 "-" "WordPress/6.7.2; https://the80itspod.com"
66.249.64.225 - - [15/Apr/2025:06:29:59 -0400] "GET /how-to-turn-on-lock-screen-on-iphone/ HTTP/1.1" 200 14661 "-" "Mozilla/5.0 (Linux; Android 6.0.1; Nexus 5X Build/MMB29P) AppleWebKit/537.36 (KHTML, like Gecko) Chrome/135.0.7049.84 Mobile Safari/537.36 (compatible; Googlebot/2.1; +http://www.google.com/bot.html)"
66.249.64.225 - - [15/Apr/2025:06:30:40 -0400] "GET /salad-shooter-by-presto-save-money-by-buying-it-online/ HTTP/1.1" 200 11862 "-" "Mozilla/5.0 (Linux; Android 6.0.1; Nexus 5X Build/MMB29P) AppleWebKit/537.36 (KHTML, like Gecko) Chrome/135.0.7049.84 Mobile Safari/537.36 (compatible; Googlebot/2.1; +http://www.google.com/bot.html)"
198.54.114.83 - - [15/Apr/2025:06:32:18 -0400] "POST /wp-cron.php?doing_wp_cron=1744713137.7560989856719970703125 HTTP/1.1" 200 0 "-" "WordPress/6.7.2; https://the80itspod.com"
66.249.64.224 - - [15/Apr/2025:06:32:10 -0400] "GET /add-elegance-to-your-conservatory-with-blinds/ HTTP/1.1" 200 11950 "-" "Mozilla/5.0 (Linux; Android 6.0.1; Nexus 5X Build/MMB29P) AppleWebKit/537.36 (KHTML, like Gecko) Chrome/135.0.7049.84 Mobile Safari/537.36 (compatible; Googlebot/2.1; +http://www.google.com/bot.html)"
198.54.114.83 - - [15/Apr/2025:06:32:20 -0400] "POST /wp-admin/admin-ajax.php?action=async_litespeed&nonce=bvyiIPUg0OF2kTnEB4RprcQnMUpFeWTM&litespeed_type=imgoptm HTTP/1.1" 200 0 "-" "WordPress/6.7.2; https://the80itspod.com"
198.54.114.83 - - [15/Apr/2025:06:32:33 -0400] "POST /wp-cron.php?doing_wp_cron=1744713153.5781219005584716796875 HTTP/1.1" 200 0 "-" "WordPress/6.7.2; https://the80itspod.com"
101.32.75.188 - - [15/Apr/2025:06:32:33 -0400] "GET /fine-pitch-led-display/ HTTP/1.1" 200 12496 "-" "Python/3.10 aiohttp/3.10.5"
198.54.114.83 - - [15/Apr/2025:06:32:34 -0400] "POST /wp-admin/admin-ajax.php?action=async_litespeed&nonce=Q25BbYkUIEgfX9soz7FZgf1v5Dx1woyf&litespeed_type=imgoptm HTTP/1.1" 200 5 "-" "WordPress/6.7.2; https://the80itspod.com"
198.54.114.83 - - [15/Apr/2025:06:34:12 -0400] "POST /wp-cron.php?doing_wp_cron=1744713251.4636991024017333984375 HTTP/1.1" 200 0 "-" "WordPress/6.7.2; https://the80itspod.com"
198.54.114.83 - - [15/Apr/2025:06:34:13 -0400] "POST /wp-admin/admin-ajax.php?action=async_litespeed&nonce=xXgUdANebs5aL6VKyzCkkb0J2OozDWGW&litespeed_type=imgoptm HTTP/1.1" 200 0 "-" "WordPress/6.7.2; https://the80itspod.com"
54.36.149.16 - - [15/Apr/2025:06:34:10 -0400] "GET /window-tinting-near-me/ HTTP/1.1" 200 12210 "-" "Mozilla/5.0 (compatible; AhrefsBot/7.0; +http://ahrefs.com/robot/)"
198.54.114.83 - - [15/Apr/2025:06:34:37 -0400] "POST /wp-cron.php?doing_wp_cron=1744713275.7958619594573974609375 HTTP/1.1" 200 0 "-" "WordPress/6.7.2; https://the80itspod.com"
66.249.64.225 - - [15/Apr/2025:06:34:34 -0400] "GET /cout-de-developpement-de-lapplication-de-location-de-voitures-et-fonctionnalites-cles/ HTTP/1.1" 200 12441 "-" "Mozilla/5.0 (Linux; Android 6.0.1; Nexus 5X Build/MMB29P) AppleWebKit/537.36 (KHTML, like Gecko) Chrome/135.0.7049.84 Mobile Safari/537.36 (compatible; Googlebot/2.1; +http://www.google.com/bot.html)"
2a03:2880:f800:c:: - - [15/Apr/2025:06:34:42 -0400] "GET /unveiling-the-pinnacle-of-performance-top-usb-headsets-for-enhanced-audio-experience/feed/ HTTP/1.1" 200 458 "-" "meta-externalagent/1.1 (+https://developers.facebook.com/docs/sharing/webmasters/crawler)"
198.54.114.83 - - [15/Apr/2025:06:35:38 -0400] "POST /wp-cron.php?doing_wp_cron=1744713338.4238619804382324218750 HTTP/1.1" 200 0 "-" "WordPress/6.7.2; https://the80itspod.com"
47.238.13.12 - - [15/Apr/2025:06:35:37 -0400] "GET /games-for-exhibition-stands HTTP/1.1" 301 0 "-" "Mozilla/5.0 (Macintosh; Intel Mac OS X 10_15_7) AppleWebKit/537.36 (KHTML, like Gecko) Chrome/109.0.0.0 Safari/537.36"
198.54.114.83 - - [15/Apr/2025:06:35:40 -0400] "POST /wp-admin/admin-ajax.php?action=async_litespeed&nonce=ECOjjuUsMf0CfplXKlqoqYCPaSxYkqr7&litespeed_type=imgoptm HTTP/1.1" 200 0 "-" "WordPress/6.7.2; https://the80itspod.com"
47.238.13.12 - - [15/Apr/2025:06:35:40 -0400] "GET /games-for-exhibition-stands/ HTTP/1.1" 200 11659 "https://the80itspod.com/games-for-exhibition-stands" "Mozilla/5.0 (Macintosh; Intel Mac OS X 10_15_7) AppleWebKit/537.36 (KHTML, like Gecko) Chrome/109.0.0.0 Safari/537.36"
93.183.93.19 - - [15/Apr/2025:06:36:16 -0400] "GET /advantages-of-factory-automation/ HTTP/1.1" 200 12288 "https://the80itspod.com/advantages-of-factory-automation/" "Mozilla/5.0 (Windows NT 10.0; Win64; x64) AppleWebKit/537.36 (KHTML, like Gecko) Chrome/131.0.0.0 Safari/537.36 Avast/131.0.0.0"
93.183.93.19 - - [15/Apr/2025:06:36:16 -0400] "GET /advantages-of-factory-automation/ HTTP/1.1" 200 12288 "https://the80itspod.com/advantages-of-factory-automation/" "Mozilla/5.0 (Windows NT 10.0; Win64; x64) AppleWebKit/537.36 (KHTML, like Gecko) Chrome/131.0.0.0 Safari/537.36 Avast/131.0.0.0"
66.249.64.225 - - [15/Apr/2025:06:36:15 -0400] "GET /sundhedsmaessige-fordele-ved-solvoreringe/ HTTP/1.1" 200 12465 "-" "Mozilla/5.0 (Linux; Android 6.0.1; Nexus 5X Build/MMB29P) AppleWebKit/537.36 (KHTML, like Gecko) Chrome/135.0.7049.84 Mobile Safari/537.36 (compatible; Googlebot/2.1; +http://www.google.com/bot.html)"
93.183.93.19 - - [15/Apr/2025:06:36:18 -0400] "POST /wp-comments-post.php HTTP/1.1" 200 980 "https://the80itspod.com/advantages-of-factory-automation/" "Mozilla/5.0 (Windows NT 10.0; Win64; x64) AppleWebKit/537.36 (KHTML, like Gecko) Chrome/131.0.0.0 Safari/537.36 Avast/131.0.0.0"
93.183.93.19 - - [15/Apr/2025:06:36:20 -0400] "GET /advantages-of-factory-automation/ HTTP/1.1" 200 12288 "https://the80itspod.com/advantages-of-factory-automation/" "Mozilla/5.0 (Windows NT 10.0; Win64; x64) AppleWebKit/537.36 (KHTML, like Gecko) Chrome/131.0.0.0 Safari/537.36 Avast/131.0.0.0"
93.183.93.19 - - [15/Apr/2025:06:36:18 -0400] "POST /wp-comments-post.php HTTP/1.1" 302 0 "https://the80itspod.com/advantages-of-factory-automation/" "Mozilla/5.0 (Windows NT 10.0; Win64; x64) AppleWebKit/537.36 (KHTML, like Gecko) Chrome/131.0.0.0 Safari/537.36 Avast/131.0.0.0"
198.54.114.83 - - [15/Apr/2025:06:36:22 -0400] "POST /wp-cron.php?doing_wp_cron=1744713381.0154769420623779296875 HTTP/1.1" 200 0 "-" "WordPress/6.7.2; https://the80itspod.com"
66.249.64.224 - - [15/Apr/2025:06:36:20 -0400] "GET /how-to-win-big-with-online-betting/ HTTP/1.1" 200 11886 "-" "Mozilla/5.0 (Linux; Android 6.0.1; Nexus 5X Build/MMB29P) AppleWebKit/537.36 (KHTML, like Gecko) Chrome/135.0.7049.84 Mobile Safari/537.36 (compatible; Googlebot/2.1; +http://www.google.com/bot.html)"
93.183.93.19 - - [15/Apr/2025:06:36:24 -0400] "GET /advantages-of-factory-automation/ HTTP/1.1" 200 13604 "https://the80itspod.com/advantages-of-factory-automation/#comment-51455" "Mozilla/5.0 (Windows NT 10.0; Win64; x64) AppleWebKit/537.36 (KHTML, like Gecko) Chrome/131.0.0.0 Safari/537.36 Avast/131.0.0.0"
54.223.70.23 - - [15/Apr/2025:06:36:55 -0400] "GET /page/30/ HTTP/1.1" 200 13106 "-" "Mozilla/5.0 (Linux; Android 8.0; Pixel 2 Build/OPD3.170816.012) AppleWebKit/537.36 (KHTML, like Gecko) Chrome/58.0.3523.1809 Mobile Safari/537.36"
54.223.70.23 - - [15/Apr/2025:06:36:58 -0400] "GET /wp-includes/js/jquery/jquery.min.js?ver=3.7.1 HTTP/1.1" 304 0 "https://the80itspod.com/page/30/" "Mozilla/5.0 (Linux; Android 8.0; Pixel 2 Build/OPD3.170816.012) AppleWebKit/537.36 (KHTML, like Gecko) Chrome/58.0.3523.1809 Mobile Safari/537.36"
54.223.70.23 - - [15/Apr/2025:06:36:58 -0400] "GET /wp-content/themes/covernews/assets/marquee/jquery.marquee.js?ver=1.0.2 HTTP/1.1" 304 0 "https://the80itspod.com/page/30/" "Mozilla/5.0 (Linux; Android 8.0; Pixel 2 Build/OPD3.170816.012) AppleWebKit/537.36 (KHTML, like Gecko) Chrome/58.0.3523.1809 Mobile Safari/537.36"
54.223.70.23 - - [15/Apr/2025:06:36:58 -0400] "GET /wp-content/themes/covernews/assets/script.js?ver=1.0.2 HTTP/1.1" 304 0 "https://the80itspod.com/page/30/" "Mozilla/5.0 (Linux; Android 8.0; Pixel 2 Build/OPD3.170816.012) AppleWebKit/537.36 (KHTML, like Gecko) Chrome/58.0.3523.1809 Mobile Safari/537.36"
54.223.70.23 - - [15/Apr/2025:06:36:58 -0400] "GET /wp-content/themes/covernews/js/navigation.js?ver=1.0.2 HTTP/1.1" 304 0 "https://the80itspod.com/page/30/" "Mozilla/5.0 (Linux; Android 8.0; Pixel 2 Build/OPD3.170816.012) AppleWebKit/537.36 (KHTML, like Gecko) Chrome/58.0.3523.1809 Mobile Safari/537.36"
54.223.70.23 - - [15/Apr/2025:06:36:58 -0400] "GET /wp-content/themes/covernews/assets/jquery-match-height/jquery.matchHeight.min.js?ver=1.0.2 HTTP/1.1" 304 0 "https://the80itspod.com/page/30/" "Mozilla/5.0 (Linux; Android 8.0; Pixel 2 Build/OPD3.170816.012) AppleWebKit/537.36 (KHTML, like Gecko) Chrome/58.0.3523.1809 Mobile Safari/537.36"
54.223.70.23 - - [15/Apr/2025:06:36:58 -0400] "GET /wp-content/themes/covernews/assets/bootstrap/js/bootstrap.min.js?ver=1.0.2 HTTP/1.1" 304 0 "https://the80itspod.com/page/30/" "Mozilla/5.0 (Linux; Android 8.0; Pixel 2 Build/OPD3.170816.012) AppleWebKit/537.36 (KHTML, like Gecko) Chrome/58.0.3523.1809 Mobile Safari/537.36"
54.223.70.23 - - [15/Apr/2025:06:36:58 -0400] "GET /wp-content/themes/covernews/assets/fixed-header-script.js?ver=1.0.2 HTTP/1.1" 304 0 "https://the80itspod.com/page/30/" "Mozilla/5.0 (Linux; Android 8.0; Pixel 2 Build/OPD3.170816.012) AppleWebKit/537.36 (KHTML, like Gecko) Chrome/58.0.3523.1809 Mobile Safari/537.36"
54.223.70.23 - - [15/Apr/2025:06:36:58 -0400] "GET /wp-content/themes/covernews/assets/slick/js/slick.min.js?ver=1.0.2 HTTP/1.1" 304 0 "https://the80itspod.com/page/30/" "Mozilla/5.0 (Linux; Android 8.0; Pixel 2 Build/OPD3.170816.012) AppleWebKit/537.36 (KHTML, like Gecko) Chrome/58.0.3523.1809 Mobile Safari/537.36"
54.223.70.23 - - [15/Apr/2025:06:36:58 -0400] "GET /wp-includes/js/jquery/jquery-migrate.min.js?ver=3.4.1 HTTP/1.1" 304 0 "https://the80itspod.com/page/30/" "Mozilla/5.0 (Linux; Android 8.0; Pixel 2 Build/OPD3.170816.012) AppleWebKit/537.36 (KHTML, like Gecko) Chrome/58.0.3523.1809 Mobile Safari/537.36"
54.223.70.23 - - [15/Apr/2025:06:36:58 -0400] "GET /wp-content/themes/covernews/js/skip-link-focus-fix.js?ver=1.0.2 HTTP/1.1" 304 0 "https://the80itspod.com/page/30/" "Mozilla/5.0 (Linux; Android 8.0; Pixel 2 Build/OPD3.170816.012) AppleWebKit/537.36 (KHTML, like Gecko) Chrome/58.0.3523.1809 Mobile Safari/537.36"
54.223.70.23 - - [15/Apr/2025:06:36:59 -0400] "GET /wp-includes/js/wp-emoji-release.min.js?ver=6.7.2 HTTP/1.1" 304 0 "https://the80itspod.com/page/30/" "Mozilla/5.0 (Linux; Android 8.0; Pixel 2 Build/OPD3.170816.012) AppleWebKit/537.36 (KHTML, like Gecko) Chrome/58.0.3523.1809 Mobile Safari/537.36"
185.157.212.157 - - [15/Apr/2025:06:39:07 -0400] "GET /advantages-of-factory-automation/ HTTP/1.1" 200 12288 "https://the80itspod.com/advantages-of-factory-automation/" "Mozilla/5.0 (Windows NT 10.0; Win64; x64) AppleWebKit/537.36 (KHTML, like Gecko) Chrome/130.0.0.0 Safari/537.36 CCleaner/130.0.0.0"
198.54.114.83 - - [15/Apr/2025:06:39:16 -0400] "POST /wp-cron.php?doing_wp_cron=1744713555.3969669342041015625000 HTTP/1.1" 200 0 "-" "WordPress/6.7.2; https://the80itspod.com"
198.54.114.83 - - [15/Apr/2025:06:39:17 -0400] "POST /wp-admin/admin-ajax.php?action=async_litespeed&nonce=k0uCjWo3h3B4ZW1yOVlWYTcPALhVXm3V&litespeed_type=imgoptm HTTP/1.1" 200 0 "-" "WordPress/6.7.2; https://the80itspod.com"
185.157.212.157 - - [15/Apr/2025:06:39:07 -0400] "POST /wp-comments-post.php HTTP/1.1" 302 0 "https://the80itspod.com/advantages-of-factory-automation/" "Mozilla/5.0 (Windows NT 10.0; Win64; x64) AppleWebKit/537.36 (KHTML, like Gecko) Chrome/130.0.0.0 Safari/537.36 CCleaner/130.0.0.0"
198.54.114.83 - - [15/Apr/2025:06:39:21 -0400] "POST /wp-cron.php?doing_wp_cron=1744713560.7624640464782714843750 HTTP/1.1" 200 0 "-" "WordPress/6.7.2; https://the80itspod.com"
198.54.114.83 - - [15/Apr/2025:06:39:22 -0400] "POST /wp-admin/admin-ajax.php?action=async_litespeed&nonce=eLz7YSjyVmebiT2YWG96P643dfWUvrno&litespeed_type=imgoptm HTTP/1.1" 200 0 "-" "WordPress/6.7.2; https://the80itspod.com"
185.157.212.157 - - [15/Apr/2025:06:39:20 -0400] "GET /advantages-of-factory-automation/ HTTP/1.1" 200 13382 "https://the80itspod.com/advantages-of-factory-automation/#comment-51456" "Mozilla/5.0 (Windows NT 10.0; Win64; x64) AppleWebKit/537.36 (KHTML, like Gecko) Chrome/130.0.0.0 Safari/537.36 CCleaner/130.0.0.0"
62.113.115.161 - - [15/Apr/2025:06:39:26 -0400] "GET /relx-electronic-cigarette/ HTTP/1.1" 200 12607 "https://the80itspod.com/relx-electronic-cigarette/" "Mozilla/5.0 (Windows NT 10.0; Win64; x64) AppleWebKit/537.36 (KHTML, like Gecko) Chrome/129.0.0.0 Safari/537.36"
62.113.115.161 - - [15/Apr/2025:06:39:27 -0400] "POST /wp-comments-post.php HTTP/1.1" 302 0 "https://the80itspod.com/relx-electronic-cigarette/" "Mozilla/5.0 (Windows NT 10.0; Win64; x64) AppleWebKit/537.36 (KHTML, like Gecko) Chrome/129.0.0.0 Safari/537.36"
62.113.115.161 - - [15/Apr/2025:06:39:31 -0400] "GET /relx-electronic-cigarette/ HTTP/1.1" 200 13524 "https://the80itspod.com/relx-electronic-cigarette/#comment-51457" "Mozilla/5.0 (Windows NT 10.0; Win64; x64) AppleWebKit/537.36 (KHTML, like Gecko) Chrome/129.0.0.0 Safari/537.36"
2a03:2880:f800:13:: - - [15/Apr/2025:06:39:34 -0400] "GET /?p=2296 HTTP/1.1" 301 0 "-" "meta-externalagent/1.1 (+https://developers.facebook.com/docs/sharing/webmasters/crawler)"
54.36.148.112 - - [15/Apr/2025:06:39:44 -0400] "GET /zip-hydrotap-the-ultimate-water-filtering-system/ HTTP/1.1" 200 11754 "-" "Mozilla/5.0 (compatible; AhrefsBot/7.0; +http://ahrefs.com/robot/)"
198.54.114.83 - - [15/Apr/2025:06:39:51 -0400] "POST /wp-cron.php?doing_wp_cron=1744713590.6149480342864990234375 HTTP/1.1" 200 0 "-" "WordPress/6.7.2; https://the80itspod.com"
66.249.64.224 - - [15/Apr/2025:06:39:50 -0400] "GET /best-extracts-online-in-canada/ HTTP/1.1" 200 11618 "-" "Mozilla/5.0 (Linux; Android 6.0.1; Nexus 5X Build/MMB29P) AppleWebKit/537.36 (KHTML, like Gecko) Chrome/135.0.7049.84 Mobile Safari/537.36 (compatible; Googlebot/2.1; +http://www.google.com/bot.html)"
198.54.114.83 - - [15/Apr/2025:06:41:32 -0400] "POST /wp-admin/admin-ajax.php?action=async_litespeed&nonce=4YWpKIioFl8XEk9uN0lcC4aB4TwABkKK&litespeed_type=imgoptm HTTP/1.1" 200 5 "-" "WordPress/6.7.2; https://the80itspod.com"
185.191.171.15 - - [15/Apr/2025:06:42:07 -0400] "GET /optimal-health-through-physiotherapy-in-auckland/ HTTP/1.1" 200 11623 "-" "Mozilla/5.0 (compatible; SemrushBot/7~bl; +http://www.semrush.com/bot.html)"
66.249.64.224 - - [15/Apr/2025:06:43:00 -0400] "GET /umzugsunternehmen-in-luneburg-ihre-losung-fur-einen-reibungslosen-umzug/ HTTP/1.1" 200 11912 "-" "Mozilla/5.0 (Linux; Android 6.0.1; Nexus 5X Build/MMB29P) AppleWebKit/537.36 (KHTML, like Gecko) Chrome/135.0.7049.84 Mobile Safari/537.36 (compatible; Googlebot/2.1; +http://www.google.com/bot.html)"
198.54.114.83 - - [15/Apr/2025:06:44:31 -0400] "POST /wp-cron.php?doing_wp_cron=1744713871.1952869892120361328125 HTTP/1.1" 200 0 "-" "WordPress/6.7.2; https://the80itspod.com"
198.54.114.83 - - [15/Apr/2025:06:44:33 -0400] "POST /wp-admin/admin-ajax.php?action=async_litespeed&nonce=HFjbc7ALRWON54rSXmuaRKHkR1R7KxFD&litespeed_type=imgoptm HTTP/1.1" 200 0 "-" "WordPress/6.7.2; https://the80itspod.com"
66.249.64.224 - - [15/Apr/2025:06:44:25 -0400] "GET /relaxation-on-the-go-with-business-trip-massage/ HTTP/1.1" 200 11958 "-" "Mozilla/5.0 (Linux; Android 6.0.1; Nexus 5X Build/MMB29P) AppleWebKit/537.36 (KHTML, like Gecko) Chrome/135.0.7049.84 Mobile Safari/537.36 (compatible; Googlebot/2.1; +http://www.google.com/bot.html)"
66.249.64.225 - - [15/Apr/2025:06:45:01 -0400] "GET /the-importance-of-law-tutoring/ HTTP/1.1" 200 11771 "-" "Mozilla/5.0 (Linux; Android 6.0.1; Nexus 5X Build/MMB29P) AppleWebKit/537.36 (KHTML, like Gecko) Chrome/135.0.7049.84 Mobile Safari/537.36 (compatible; Googlebot/2.1; +http://www.google.com/bot.html)"
54.36.149.104 - - [15/Apr/2025:06:45:16 -0400] "GET /the-hill-condo-is-a-new-development-in-westchester-county/ HTTP/1.1" 200 12105 "-" "Mozilla/5.0 (compatible; AhrefsBot/7.0; +http://ahrefs.com/robot/)"
129.226.49.42 - - [15/Apr/2025:06:45:48 -0400] "GET /advantages-of-factory-automation/ HTTP/1.1" 200 12288 "-" "Python/3.10 aiohttp/3.10.5"
198.54.114.83 - - [15/Apr/2025:06:46:04 -0400] "POST /wp-cron.php?doing_wp_cron=1744713963.5247380733489990234375 HTTP/1.1" 200 0 "-" "WordPress/6.7.2; https://the80itspod.com"
2a03:2880:f800:2:: - - [15/Apr/2025:06:46:01 -0400] "GET /?p=550 HTTP/1.1" 301 0 "-" "meta-externalagent/1.1 (+https://developers.facebook.com/docs/sharing/webmasters/crawler)"
185.157.212.157 - - [15/Apr/2025:06:48:24 -0400] "GET /advantages-of-factory-automation/ HTTP/1.1" 200 12288 "-" "Mozilla/5.0 (Windows NT 10.0; Win64; x64) AppleWebKit/537.36 (KHTML, like Gecko) Chrome/114.0.0.0 Safari/537.36"
198.54.114.83 - - [15/Apr/2025:06:49:57 -0400] "POST /wp-cron.php?doing_wp_cron=1744714197.0030601024627685546875 HTTP/1.1" 200 0 "-" "WordPress/6.7.2; https://the80itspod.com"
54.36.148.123 - - [15/Apr/2025:06:49:50 -0400] "GET /reduce-attrition-rates-with-salesforce-recruitment-solutions/ HTTP/1.1" 200 11665 "-" "Mozilla/5.0 (compatible; AhrefsBot/7.0; +http://ahrefs.com/robot/)"
198.54.114.83 - - [15/Apr/2025:06:49:59 -0400] "POST /wp-admin/admin-ajax.php?action=async_litespeed&nonce=1TGT6J4hg2fSo9ocv6oTzP2VrGoRyxUo&litespeed_type=imgoptm HTTP/1.1" 200 0 "-" "WordPress/6.7.2; https://the80itspod.com"
198.54.114.83 - - [15/Apr/2025:06:50:51 -0400] "POST /wp-admin/admin-ajax.php?action=async_litespeed&nonce=ksQ5zWm6sMgw2istAr5T7aAmdryM1lNU&litespeed_type=imgoptm HTTP/1.1" 200 0 "-" "WordPress/6.7.2; https://the80itspod.com"
198.54.114.83 - - [15/Apr/2025:06:51:33 -0400] "POST /wp-cron.php?doing_wp_cron=1744714292.3772389888763427734375 HTTP/1.1" 200 0 "-" "WordPress/6.7.2; https://the80itspod.com"
198.54.114.83 - - [15/Apr/2025:06:51:34 -0400] "POST /wp-admin/admin-ajax.php?action=async_litespeed&nonce=x11wfkaiGGc0BI9TmfoPh1LANqfan4Yl&litespeed_type=imgoptm HTTP/1.1" 200 0 "-" "WordPress/6.7.2; https://the80itspod.com"
85.208.98.24 - - [15/Apr/2025:06:51:30 -0400] "GET /how-to-choose-an-advertising-company/ HTTP/1.1" 200 0 "-" "Mozilla/5.0 (compatible; SemrushBot-BA; +http://www.semrush.com/bot.html)"
198.54.114.83 - - [15/Apr/2025:06:52:28 -0400] "POST /wp-cron.php?doing_wp_cron=1744714348.2673540115356445312500 HTTP/1.1" 200 0 "-" "WordPress/6.7.2; https://the80itspod.com"
54.36.148.215 - - [15/Apr/2025:06:52:27 -0400] "GET /embaucher-un-photographe-de-mariage-de-hunter-valley-peut-etre-facile/ HTTP/1.1" 200 12430 "-" "Mozilla/5.0 (compatible; AhrefsBot/7.0; +http://ahrefs.com/robot/)"
198.54.114.83 - - [15/Apr/2025:06:52:30 -0400] "POST /wp-admin/admin-ajax.php?action=async_litespeed&nonce=B4Z0A86gMNt6nfDlu2eWCv01ERsXk3wz&litespeed_type=imgoptm HTTP/1.1" 200 0 "-" "WordPress/6.7.2; https://the80itspod.com"
198.54.114.83 - - [15/Apr/2025:06:53:55 -0400] "POST /wp-cron.php?doing_wp_cron=1744714433.7489171028137207031250 HTTP/1.1" 200 0 "-" "WordPress/6.7.2; https://the80itspod.com"
150.109.58.248 - - [15/Apr/2025:06:53:51 -0400] "GET /buy-youtube-social-shares-to-boost-your-videos-popularity/ HTTP/1.1" 200 12290 "-" "Python/3.10 aiohttp/3.10.5"
66.249.64.234 - - [15/Apr/2025:06:53:58 -0400] "GET /2021/04/ HTTP/1.1" 301 0 "-" "Mozilla/5.0 (Linux; Android 6.0.1; Nexus 5X Build/MMB29P) AppleWebKit/537.36 (KHTML, like Gecko) Chrome/135.0.7049.84 Mobile Safari/537.36 (compatible; Googlebot/2.1; +http://www.google.com/bot.html)"
66.249.64.232 - - [15/Apr/2025:06:54:01 -0400] "GET / HTTP/1.1" 200 13048 "-" "Mozilla/5.0 (Linux; Android 6.0.1; Nexus 5X Build/MMB29P) AppleWebKit/537.36 (KHTML, like Gecko) Chrome/135.0.7049.84 Mobile Safari/537.36 (compatible; Googlebot/2.1; +http://www.google.com/bot.html)"
47.238.13.5 - - [15/Apr/2025:06:54:42 -0400] "GET /category/activity/page/34 HTTP/1.1" 301 0 "-" "Mozilla/5.0 (Macintosh; Intel Mac OS X 10_15_7) AppleWebKit/537.36 (KHTML, like Gecko) Chrome/109.0.0.0 Safari/537.36"
47.238.13.5 - - [15/Apr/2025:06:54:44 -0400] "GET /category/activity/page/34/ HTTP/1.1" 200 11481 "https://the80itspod.com/category/activity/page/34" "Mozilla/5.0 (Macintosh; Intel Mac OS X 10_15_7) AppleWebKit/537.36 (KHTML, like Gecko) Chrome/109.0.0.0 Safari/537.36"
198.54.114.83 - - [15/Apr/2025:06:54:54 -0400] "POST /wp-cron.php?doing_wp_cron=1744714494.3155930042266845703125 HTTP/1.1" 200 0 "-" "WordPress/6.7.2; https://the80itspod.com"
66.249.64.233 - - [15/Apr/2025:06:54:53 -0400] "GET /understanding-fenbendazole-an-overview/ HTTP/1.1" 200 11851 "-" "Mozilla/5.0 (Linux; Android 6.0.1; Nexus 5X Build/MMB29P) AppleWebKit/537.36 (KHTML, like Gecko) Chrome/135.0.7049.84 Mobile Safari/537.36 (compatible; Googlebot/2.1; +http://www.google.com/bot.html)"
198.54.114.83 - - [15/Apr/2025:06:54:55 -0400] "POST /wp-admin/admin-ajax.php?action=async_litespeed&nonce=UOOCWU4fbMQH4rWrEmPbrPrda9o6uQKa&litespeed_type=imgoptm HTTP/1.1" 200 0 "-" "WordPress/6.7.2; https://the80itspod.com"
66.249.64.232 - - [15/Apr/2025:06:54:59 -0400] "GET /une-touche-de-modernite/ HTTP/1.1" 200 11774 "-" "Mozilla/5.0 (Linux; Android 6.0.1; Nexus 5X Build/MMB29P) AppleWebKit/537.36 (KHTML, like Gecko) Chrome/135.0.7049.84 Mobile Safari/537.36 (compatible; Googlebot/2.1; +http://www.google.com/bot.html)"
54.36.148.11 - - [15/Apr/2025:06:55:42 -0400] "GET /bachelorette-party-hotspot-tulum-mexico/ HTTP/1.1" 200 12605 "-" "Mozilla/5.0 (compatible; AhrefsBot/7.0; +http://ahrefs.com/robot/)"
198.54.114.83 - - [15/Apr/2025:06:55:43 -0400] "POST /wp-admin/admin-ajax.php?action=async_litespeed&nonce=x0MjI4egKxbFaxRYhhaDQBPg2qO7AdbQ&litespeed_type=imgoptm HTTP/1.1" 200 0 "-" "WordPress/6.7.2; https://the80itspod.com"
85.208.96.205 - - [15/Apr/2025:06:57:25 -0400] "GET /category/activity/page/121/ HTTP/1.1" 200 11315 "-" "Mozilla/5.0 (compatible; SemrushBot/7~bl; +http://www.semrush.com/bot.html)"
91.84.98.204 - - [15/Apr/2025:06:57:51 -0400] "GET /advantages-of-factory-automation/ HTTP/1.1" 200 12288 "https://the80itspod.com/advantages-of-factory-automation/" "Mozilla/5.0 (Windows NT 10.0; Win64; x64) AppleWebKit/537.36 (KHTML, like Gecko) Chrome/129.0.0.0 Safari/537.36"
198.54.114.83 - - [15/Apr/2025:06:58:01 -0400] "POST /wp-cron.php?doing_wp_cron=1744714680.3813109397888183593750 HTTP/1.1" 200 0 "-" "WordPress/6.7.2; https://the80itspod.com"
198.54.114.83 - - [15/Apr/2025:06:58:01 -0400] "POST /wp-admin/admin-ajax.php?action=async_litespeed&nonce=WctOIPNxIqlQLViHDv4qNuVSi3l8130O&litespeed_type=imgoptm HTTP/1.1" 200 0 "-" "WordPress/6.7.2; https://the80itspod.com"
91.84.98.204 - - [15/Apr/2025:06:57:54 -0400] "POST /wp-comments-post.php HTTP/1.1" 302 0 "https://the80itspod.com/advantages-of-factory-automation/" "Mozilla/5.0 (Windows NT 10.0; Win64; x64) AppleWebKit/537.36 (KHTML, like Gecko) Chrome/129.0.0.0 Safari/537.36"
91.84.98.204 - - [15/Apr/2025:06:58:04 -0400] "GET /advantages-of-factory-automation/ HTTP/1.1" 200 13868 "https://the80itspod.com/advantages-of-factory-automation/#comment-51458" "Mozilla/5.0 (Windows NT 10.0; Win64; x64) AppleWebKit/537.36 (KHTML, like Gecko) Chrome/129.0.0.0 Safari/537.36"
198.54.114.83 - - [15/Apr/2025:06:58:31 -0400] "POST /wp-cron.php?doing_wp_cron=1744714711.3293969631195068359375 HTTP/1.1" 200 0 "-" "WordPress/6.7.2; https://the80itspod.com"
198.54.114.83 - - [15/Apr/2025:06:58:32 -0400] "POST /wp-admin/admin-ajax.php?action=async_litespeed&nonce=8gooN9FzB7279t1jtOQ8fyYDKhrU4AAs&litespeed_type=imgoptm HTTP/1.1" 200 0 "-" "WordPress/6.7.2; https://the80itspod.com"
54.36.148.205 - - [15/Apr/2025:06:58:30 -0400] "GET /large-file-sharing-apps/feed/ HTTP/1.1" 304 0 "-" "Mozilla/5.0 (compatible; AhrefsBot/7.0; +http://ahrefs.com/robot/)"
3.14.145.69 - - [15/Apr/2025:06:59:05 -0400] "GET /wp-json/oembed/1.0/embed?format=xml&url=https%3A%2F%2Fthe80itspod.com%2Fla-tranquillite-desprit-avec-lassurance-rc%2F HTTP/1.1" 200 1178 "-" "Mozilla/5.0 AppleWebKit/537.36 (KHTML, like Gecko; compatible; ClaudeBot/1.0; +claudebot@anthropic.com)"
198.54.114.83 - - [15/Apr/2025:06:59:34 -0400] "POST /wp-cron.php?doing_wp_cron=1744714774.5469501018524169921875 HTTP/1.1" 200 0 "-" "WordPress/6.7.2; https://the80itspod.com"
66.249.64.234 - - [15/Apr/2025:06:59:33 -0400] "GET /the-ultimate-guide-to-culture-gift-certificate-discounts/ HTTP/1.1" 200 11970 "-" "Mozilla/5.0 (Linux; Android 6.0.1; Nexus 5X Build/MMB29P) AppleWebKit/537.36 (KHTML, like Gecko) Chrome/135.0.7049.84 Mobile Safari/537.36 (compatible; Googlebot/2.1; +http://www.google.com/bot.html)"
198.54.114.83 - - [15/Apr/2025:06:59:36 -0400] "POST /wp-admin/admin-ajax.php?action=async_litespeed&nonce=OAbeWUwjhRZITmGeJzvBdVxCFX14oGgD&litespeed_type=imgoptm HTTP/1.1" 200 0 "-" "WordPress/6.7.2; https://the80itspod.com"
198.54.114.83 - - [15/Apr/2025:07:00:16 -0400] "POST /wp-cron.php?doing_wp_cron=1744714814.4932870864868164062500 HTTP/1.1" 200 0 "-" "WordPress/6.7.2; https://the80itspod.com"
2a03:2880:f800:8:: - - [15/Apr/2025:07:00:13 -0400] "GET /exploring-the-ingenious-fire-nozzle/ HTTP/1.1" 200 12059 "-" "meta-externalagent/1.1 (+https://developers.facebook.com/docs/sharing/webmasters/crawler)"
66.249.64.233 - - [15/Apr/2025:07:00:17 -0400] "GET /choosing-the-best-high-chair-for-your-baby/ HTTP/1.1" 200 12068 "-" "Mozilla/5.0 (Linux; Android 6.0.1; Nexus 5X Build/MMB29P) AppleWebKit/537.36 (KHTML, like Gecko) Chrome/135.0.7049.84 Mobile Safari/537.36 (compatible; Googlebot/2.1; +http://www.google.com/bot.html)"
198.54.114.83 - - [15/Apr/2025:07:01:51 -0400] "POST /wp-cron.php?doing_wp_cron=1744714910.6948940753936767578125 HTTP/1.1" 200 0 "-" "WordPress/6.7.2; https://the80itspod.com"
198.54.114.83 - - [15/Apr/2025:07:01:51 -0400] "POST /wp-cron.php?doing_wp_cron=1744714910.6859719753265380859375 HTTP/1.1" 200 0 "-" "WordPress/6.7.2; https://the80itspod.com"
114.119.149.108 - - [15/Apr/2025:07:01:47 -0400] "GET /panini-sandwich-creator-a-sample-of-connoisseur-directly-in-your-kitchen HTTP/1.1" 301 0 "https://www.warescanner.com/index.php?route=journal3/blog/post&journal_blog_category_id=5&journal_blog_post_id=1" "Mozilla/5.0 (Linux; Android 7.0;) AppleWebKit/537.36 (KHTML, like Gecko) Mobile Safari/537.36 (compatible; PetalBot;+https://webmaster.petalsearch.com/site/petalbot)"
54.36.148.167 - - [15/Apr/2025:07:01:46 -0400] "GET /meyer-blue/feed/ HTTP/1.1" 200 369 "-" "Mozilla/5.0 (compatible; AhrefsBot/7.0; +http://ahrefs.com/robot/)"
198.54.114.83 - - [15/Apr/2025:07:01:53 -0400] "POST /wp-admin/admin-ajax.php?action=async_litespeed&nonce=WPNREFI9fOb7IE5jvkiJvhM4LvS965gg&litespeed_type=imgoptm HTTP/1.1" 200 0 "-" "WordPress/6.7.2; https://the80itspod.com"
114.119.149.108 - - [15/Apr/2025:07:01:53 -0400] "GET /panini-sandwich-creator-a-sample-of-connoisseur-directly-in-your-kitchen/ HTTP/1.1" 200 12145 "https://www.warescanner.com/index.php?route=journal3/blog/post&journal_blog_category_id=5&journal_blog_post_id=1" "Mozilla/5.0 (Linux; Android 7.0;) AppleWebKit/537.36 (KHTML, like Gecko) Mobile Safari/537.36 (compatible; PetalBot;+https://webmaster.petalsearch.com/site/petalbot)"
119.28.225.114 - - [15/Apr/2025:07:02:12 -0400] "GET /100-free-dating-site-to-date-uninterruptedly/ HTTP/1.1" 200 12783 "-" "Python/3.10 aiohttp/3.10.5"
198.54.114.83 - - [15/Apr/2025:07:02:50 -0400] "POST /wp-admin/admin-ajax.php?action=async_litespeed&nonce=jMwPGiyHy7baYqjl8nu6emxSU2FtePBe&litespeed_type=imgoptm HTTP/1.1" 200 0 "-" "WordPress/6.7.2; https://the80itspod.com"
2a02:598:96:8a00::1200:122 - - [15/Apr/2025:07:03:13 -0400] "GET /discover-the-charm-of-resort-lake-garda/ HTTP/1.1" 200 11599 "-" "Mozilla/5.0 (compatible; SeznamBot/4.0; +https://o-seznam.cz/napoveda/vyhledavani/en/seznambot-crawler/)"
198.54.114.83 - - [15/Apr/2025:07:03:15 -0400] "POST /wp-cron.php?doing_wp_cron=1744714995.4191288948059082031250 HTTP/1.1" 200 0 "-" "WordPress/6.7.2; https://the80itspod.com"
198.54.114.83 - - [15/Apr/2025:07:03:16 -0400] "POST /wp-admin/admin-ajax.php?action=async_litespeed&nonce=a54JnqvMMHVuom5JFgcQaDE6vuaom9Cs&litespeed_type=imgoptm HTTP/1.1" 200 0 "-" "WordPress/6.7.2; https://the80itspod.com"
114.119.144.11 - - [15/Apr/2025:07:03:15 -0400] "GET /how-to-use-live-cams-to-enhance-your-website/ HTTP/1.1" 200 11839 "https://the80itspod.com/category/activity/page/48/" "Mozilla/5.0 (Linux; Android 7.0;) AppleWebKit/537.36 (KHTML, like Gecko) Mobile Safari/537.36 (compatible; PetalBot;+https://webmaster.petalsearch.com/site/petalbot)"
198.54.114.83 - - [15/Apr/2025:07:04:15 -0400] "POST /wp-cron.php?doing_wp_cron=1744715055.2983670234680175781250 HTTP/1.1" 200 0 "-" "WordPress/6.7.2; https://the80itspod.com"
43.129.81.131 - - [15/Apr/2025:07:04:14 -0400] "GET /womens-bamboo-knickers/ HTTP/1.1" 200 12079 "-" "Python/3.10 aiohttp/3.10.5"
198.54.114.83 - - [15/Apr/2025:07:04:16 -0400] "POST /wp-admin/admin-ajax.php?action=async_litespeed&nonce=I6yigPhvfFB4qbGPoqkE0vZIFbAmerIj&litespeed_type=imgoptm HTTP/1.1" 200 5 "-" "WordPress/6.7.2; https://the80itspod.com"
198.54.114.83 - - [15/Apr/2025:07:04:33 -0400] "POST /wp-cron.php?doing_wp_cron=1744715073.1252000331878662109375 HTTP/1.1" 200 0 "-" "WordPress/6.7.2; https://the80itspod.com"
114.119.144.11 - - [15/Apr/2025:07:04:32 -0400] "GET /exploring-the-enduring-charm-of-stuffed-animals/ HTTP/1.1" 200 11893 "https://the80itspod.com/page/32/" "Mozilla/5.0 (Linux; Android 7.0;) AppleWebKit/537.36 (KHTML, like Gecko) Mobile Safari/537.36 (compatible; PetalBot;+https://webmaster.petalsearch.com/site/petalbot)"
198.54.114.83 - - [15/Apr/2025:07:04:34 -0400] "POST /wp-admin/admin-ajax.php?action=async_litespeed&nonce=2KKGgb30UZ1d46qDmz2VNMjKNa7S3LW8&litespeed_type=imgoptm HTTP/1.1" 200 5 "-" "WordPress/6.7.2; https://the80itspod.com"
54.36.148.70 - - [15/Apr/2025:07:05:02 -0400] "GET /panic-attacks-the-mindfulness-therapy-approach-to-anxiety/feed/ HTTP/1.1" 304 0 "-" "Mozilla/5.0 (compatible; AhrefsBot/7.0; +http://ahrefs.com/robot/)"
198.54.114.83 - - [15/Apr/2025:07:05:57 -0400] "POST /wp-cron.php?doing_wp_cron=1744715157.5333909988403320312500 HTTP/1.1" 200 0 "-" "WordPress/6.7.2; https://the80itspod.com"
198.54.114.83 - - [15/Apr/2025:07:05:58 -0400] "POST /wp-admin/admin-ajax.php?action=async_litespeed&nonce=PMbMnZMjSYZi4FPRsSj8LVp18XHUrakR&litespeed_type=imgoptm HTTP/1.1" 200 0 "-" "WordPress/6.7.2; https://the80itspod.com"
114.119.149.108 - - [15/Apr/2025:07:05:56 -0400] "GET /category/activity/page/12/ HTTP/1.1" 200 11077 "https://the80itspod.com/category/activity/page/10/" "Mozilla/5.0 (Linux; Android 7.0;) AppleWebKit/537.36 (KHTML, like Gecko) Mobile Safari/537.36 (compatible; PetalBot;+https://webmaster.petalsearch.com/site/petalbot)"
47.128.120.188 - - [15/Apr/2025:07:06:14 -0400] "GET / HTTP/1.1" 200 13048 "-" "Mozilla/5.0 (Linux; Android 5.0) AppleWebKit/537.36 (KHTML, like Gecko) Mobile Safari/537.36 (compatible; Bytespider; spider-feedback@bytedance.com)"
198.54.114.83 - - [15/Apr/2025:07:07:09 -0400] "POST /wp-cron.php?doing_wp_cron=1744715229.0309050083160400390625 HTTP/1.1" 200 0 "-" "WordPress/6.7.2; https://the80itspod.com"
2a03:2880:f800:4:: - - [15/Apr/2025:07:07:08 -0400] "GET /la-controverse-de-1xbet-risques-et-opportunites/ HTTP/1.1" 200 11813 "-" "meta-externalagent/1.1 (+https://developers.facebook.com/docs/sharing/webmasters/crawler)"
198.54.114.83 - - [15/Apr/2025:07:07:10 -0400] "POST /wp-admin/admin-ajax.php?action=async_litespeed&nonce=trXHWFvbGFCg0CSTb9lfSCdgIzmkG8JM&litespeed_type=imgoptm HTTP/1.1" 200 0 "-" "WordPress/6.7.2; https://the80itspod.com"
198.54.114.83 - - [15/Apr/2025:07:07:21 -0400] "POST /wp-cron.php?doing_wp_cron=1744715240.5198268890380859375000 HTTP/1.1" 200 0 "-" "WordPress/6.7.2; https://the80itspod.com"
114.119.139.247 - - [15/Apr/2025:07:07:19 -0400] "GET /2023/10/ HTTP/1.1" 301 0 "https://the80itspod.com/the-japanese-katana-sword/" "Mozilla/5.0 (Linux; Android 7.0;) AppleWebKit/537.36 (KHTML, like Gecko) Mobile Safari/537.36 (compatible; PetalBot;+https://webmaster.petalsearch.com/site/petalbot)"
198.54.114.83 - - [15/Apr/2025:07:07:23 -0400] "POST /wp-admin/admin-ajax.php?action=async_litespeed&nonce=CTrucvx9vyAnOFJyAQhAydeQypAtExHI&litespeed_type=imgoptm HTTP/1.1" 200 0 "-" "WordPress/6.7.2; https://the80itspod.com"
114.119.139.247 - - [15/Apr/2025:07:07:23 -0400] "GET / HTTP/1.1" 200 13048 "https://the80itspod.com/the-japanese-katana-sword/" "Mozilla/5.0 (Linux; Android 7.0;) AppleWebKit/537.36 (KHTML, like Gecko) Mobile Safari/537.36 (compatible; PetalBot;+https://webmaster.petalsearch.com/site/petalbot)"
85.208.98.20 - - [15/Apr/2025:07:07:29 -0400] "GET /how-to-choose-an-advertising-company/ HTTP/1.1" 200 11619 "-" "Mozilla/5.0 (compatible; SemrushBot-BA; +http://www.semrush.com/bot.html)"
54.36.148.7 - - [15/Apr/2025:07:07:57 -0400] "GET /buying-research-peptides-online/ HTTP/1.1" 200 12414 "-" "Mozilla/5.0 (compatible; AhrefsBot/7.0; +http://ahrefs.com/robot/)"
198.54.114.83 - - [15/Apr/2025:07:08:02 -0400] "POST /wp-cron.php?doing_wp_cron=1744715281.7954049110412597656250 HTTP/1.1" 200 0 "-" "WordPress/6.7.2; https://the80itspod.com"
43.132.230.109 - - [15/Apr/2025:07:08:01 -0400] "GET /how-to-choose-the-right-british-male-voiceover-for-your-project/ HTTP/1.1" 200 11720 "-" "Python/3.10 aiohttp/3.10.5"
198.54.114.83 - - [15/Apr/2025:07:08:46 -0400] "POST /wp-cron.php?doing_wp_cron=1744715324.7550179958343505859375 HTTP/1.1" 200 0 "-" "WordPress/6.7.2; https://the80itspod.com"
114.119.144.11 - - [15/Apr/2025:07:08:44 -0400] "GET /page/30/?NA HTTP/1.1" 200 13093 "https://the80itspod.com/page/27/?NA" "Mozilla/5.0 (Linux; Android 7.0;) AppleWebKit/537.36 (KHTML, like Gecko) Mobile Safari/537.36 (compatible; PetalBot;+https://webmaster.petalsearch.com/site/petalbot)"
47.128.27.61 - - [15/Apr/2025:07:09:45 -0400] "GET / HTTP/1.1" 200 13048 "-" "Mozilla/5.0 (Linux; Android 5.0) AppleWebKit/537.36 (KHTML, like Gecko) Mobile Safari/537.36 (compatible; Bytespider; spider-feedback@bytedance.com)"
198.54.114.83 - - [15/Apr/2025:07:10:16 -0400] "POST /wp-cron.php?doing_wp_cron=1744715415.5587110519409179687500 HTTP/1.1" 200 0 "-" "WordPress/6.7.2; https://the80itspod.com"
198.54.114.83 - - [15/Apr/2025:07:10:16 -0400] "POST /wp-cron.php?doing_wp_cron=1744715415.5580909252166748046875 HTTP/1.1" 200 0 "-" "WordPress/6.7.2; https://the80itspod.com"
129.226.134.60 - - [15/Apr/2025:07:10:10 -0400] "GET /proper-skin-care-routine/ HTTP/1.1" 200 12757 "-" "Python/3.10 aiohttp/3.10.5"
114.119.128.26 - - [15/Apr/2025:07:10:10 -0400] "GET /negotiating-raise-negotiation-strategies/ HTTP/1.1" 200 11694 "https://the80itspod.com/page/58/?MA" "Mozilla/5.0 (Linux; Android 7.0;) AppleWebKit/537.36 (KHTML, like Gecko) Mobile Safari/537.36 (compatible; PetalBot;+https://webmaster.petalsearch.com/site/petalbot)"
66.249.64.225 - - [15/Apr/2025:07:10:19 -0400] "GET /what-is-an-anonymous-vps-and-why-choose-it/feed/ HTTP/1.1" 200 416 "-" "Mozilla/5.0 (Linux; Android 6.0.1; Nexus 5X Build/MMB29P) AppleWebKit/537.36 (KHTML, like Gecko) Chrome/135.0.7049.84 Mobile Safari/537.36 (compatible; Googlebot/2.1; +http://www.google.com/bot.html)"
129.226.119.118 - - [15/Apr/2025:07:10:52 -0400] "GET /7-fascinating-thoughts-on-inexpensive-nature-of-unsecured-personal-loans/ HTTP/1.1" 200 12275 "-" "Python/3.10 aiohttp/3.10.5"
54.36.148.201 - - [15/Apr/2025:07:11:03 -0400] "GET /inadequate-housing-and-other-socio-economic-conditions-on-reserves/feed/ HTTP/1.1" 200 431 "-" "Mozilla/5.0 (compatible; AhrefsBot/7.0; +http://ahrefs.com/robot/)"
198.54.114.83 - - [15/Apr/2025:07:15:17 -0400] "POST /wp-cron.php?doing_wp_cron=1744715717.2800281047821044921875 HTTP/1.1" 200 0 "-" "WordPress/6.7.2; https://the80itspod.com"
66.249.64.225 - - [15/Apr/2025:07:15:10 -0400] "GET /relaxing-business-trip-massage-to-rejuvenate-your-body-and-mind/ HTTP/1.1" 200 11913 "-" "Mozilla/5.0 (Linux; Android 6.0.1; Nexus 5X Build/MMB29P) AppleWebKit/537.36 (KHTML, like Gecko) Chrome/135.0.7049.84 Mobile Safari/537.36 (compatible; Googlebot/2.1; +http://www.google.com/bot.html)"
198.54.114.83 - - [15/Apr/2025:07:15:18 -0400] "POST /wp-admin/admin-ajax.php?action=async_litespeed&nonce=st12aytpxU5zIKLDebsPBvgQZ4Yh6S9J&litespeed_type=imgoptm HTTP/1.1" 200 0 "-" "WordPress/6.7.2; https://the80itspod.com"
109.172.87.122 - - [15/Apr/2025:07:15:25 -0400] "GET /advantages-of-factory-automation/ HTTP/1.1" 200 12288 "https://the80itspod.com/advantages-of-factory-automation/" "Mozilla/5.0 (Windows NT 10.0; Win64; x64) AppleWebKit/537.36 (KHTML, like Gecko) Chrome/131.0.0.0 Safari/537.36 Avast/131.0.0.0"
198.54.114.83 - - [15/Apr/2025:07:15:28 -0400] "POST /wp-cron.php?doing_wp_cron=1744715728.0535860061645507812500 HTTP/1.1" 200 0 "-" "WordPress/6.7.2; https://the80itspod.com"
198.54.114.83 - - [15/Apr/2025:07:15:29 -0400] "POST /wp-admin/admin-ajax.php?action=async_litespeed&nonce=evjOxbzCGbsL42IvpSIFfS1uYuVv3zH8&litespeed_type=imgoptm HTTP/1.1" 200 0 "-" "WordPress/6.7.2; https://the80itspod.com"
109.172.87.122 - - [15/Apr/2025:07:15:27 -0400] "POST /wp-comments-post.php HTTP/1.1" 302 0 "https://the80itspod.com/advantages-of-factory-automation/" "Mozilla/5.0 (Windows NT 10.0; Win64; x64) AppleWebKit/537.36 (KHTML, like Gecko) Chrome/131.0.0.0 Safari/537.36 Avast/131.0.0.0"
109.172.87.122 - - [15/Apr/2025:07:15:32 -0400] "GET /advantages-of-factory-automation/ HTTP/1.1" 200 13884 "https://the80itspod.com/advantages-of-factory-automation/#comment-51459" "Mozilla/5.0 (Windows NT 10.0; Win64; x64) AppleWebKit/537.36 (KHTML, like Gecko) Chrome/131.0.0.0 Safari/537.36 Avast/131.0.0.0"
66.249.64.234 - - [15/Apr/2025:07:16:05 -0400] "GET /der-schlussel-zum-juristischen-erfolg/ HTTP/1.1" 200 11816 "-" "Mozilla/5.0 (Linux; Android 6.0.1; Nexus 5X Build/MMB29P) AppleWebKit/537.36 (KHTML, like Gecko) Chrome/135.0.7049.84 Mobile Safari/537.36 (compatible; Googlebot/2.1; +http://www.google.com/bot.html)"
198.54.114.83 - - [15/Apr/2025:07:16:40 -0400] "POST /wp-cron.php?doing_wp_cron=1744715799.5815000534057617187500 HTTP/1.1" 200 0 "-" "WordPress/6.7.2; https://the80itspod.com"
54.36.148.86 - - [15/Apr/2025:07:16:38 -0400] "GET /what-are-peptides-and-how-do-they-work-2/ HTTP/1.1" 200 11752 "-" "Mozilla/5.0 (compatible; AhrefsBot/7.0; +http://ahrefs.com/robot/)"
198.54.114.83 - - [15/Apr/2025:07:16:42 -0400] "POST /wp-admin/admin-ajax.php?action=async_litespeed&nonce=hSkSbPgSnkj34PMkftzkmhXrljCAqT9I&litespeed_type=imgoptm HTTP/1.1" 200 0 "-" "WordPress/6.7.2; https://the80itspod.com"
198.54.114.83 - - [15/Apr/2025:07:17:40 -0400] "POST /wp-admin/admin-ajax.php?action=async_litespeed&nonce=Y1jyAg5N3MDwAmUSdx8ilnCfpiaqMkLq&litespeed_type=imgoptm HTTP/1.1" 200 0 "-" "WordPress/6.7.2; https://the80itspod.com"
198.54.114.83 - - [15/Apr/2025:07:19:50 -0400] "POST /wp-cron.php?doing_wp_cron=1744715990.0786581039428710937500 HTTP/1.1" 200 0 "-" "WordPress/6.7.2; https://the80itspod.com"
54.36.148.17 - - [15/Apr/2025:07:19:43 -0400] "GET /the-power-of-games-at-exhibition-stands/feed/ HTTP/1.1" 304 0 "-" "Mozilla/5.0 (compatible; AhrefsBot/7.0; +http://ahrefs.com/robot/)"
198.54.114.83 - - [15/Apr/2025:07:19:51 -0400] "POST /wp-admin/admin-ajax.php?action=async_litespeed&nonce=jHFNgTg1TLYy7l9opx58kXYrACshPhXT&litespeed_type=imgoptm HTTP/1.1" 200 0 "-" "WordPress/6.7.2; https://the80itspod.com"
198.54.114.83 - - [15/Apr/2025:07:20:47 -0400] "POST /wp-cron.php?doing_wp_cron=1744716047.6389520168304443359375 HTTP/1.1" 200 0 "-" "WordPress/6.7.2; https://the80itspod.com"
43.154.242.199 - - [15/Apr/2025:07:20:46 -0400] "GET /male-underwear-socks-and-swimwear-styles-a-look-at-the-styles-for-2013/ HTTP/1.1" 200 12401 "-" "Python/3.10 aiohttp/3.10.5"
198.54.114.83 - - [15/Apr/2025:07:20:50 -0400] "POST /wp-admin/admin-ajax.php?action=async_litespeed&nonce=p4LU3H9K4q0XnLfg5VTa1aNqU4hCnVRt&litespeed_type=imgoptm HTTP/1.1" 200 0 "-" "WordPress/6.7.2; https://the80itspod.com"
198.54.114.83 - - [15/Apr/2025:07:22:39 -0400] "POST /wp-cron.php?doing_wp_cron=1744716158.1660220623016357421875 HTTP/1.1" 200 0 "-" "WordPress/6.7.2; https://the80itspod.com"
54.36.149.75 - - [15/Apr/2025:07:22:32 -0400] "GET /exploring-the-kassia-showflat/feed/ HTTP/1.1" 304 0 "-" "Mozilla/5.0 (compatible; AhrefsBot/7.0; +http://ahrefs.com/robot/)"
198.54.114.83 - - [15/Apr/2025:07:25:03 -0400] "POST /wp-admin/admin-ajax.php?action=async_litespeed&nonce=mY9Vxovl0iVnexdC0b33FeIwhdIkOEGj&litespeed_type=imgoptm HTTP/1.1" 200 0 "-" "WordPress/6.7.2; https://the80itspod.com"
54.36.148.118 - - [15/Apr/2025:07:25:39 -0400] "GET /choosing-a-portable-fire-pump/feed/ HTTP/1.1" 200 393 "-" "Mozilla/5.0 (compatible; AhrefsBot/7.0; +http://ahrefs.com/robot/)"
66.249.64.233 - - [15/Apr/2025:07:25:59 -0400] "GET /osteopathie-munchen/ HTTP/1.1" 200 12109 "-" "Mozilla/5.0 (Linux; Android 6.0.1; Nexus 5X Build/MMB29P) AppleWebKit/537.36 (KHTML, like Gecko) Chrome/135.0.7049.84 Mobile Safari/537.36 (compatible; Googlebot/2.1; +http://www.google.com/bot.html)"
198.54.114.83 - - [15/Apr/2025:07:28:31 -0400] "POST /wp-cron.php?doing_wp_cron=1744716511.0908789634704589843750 HTTP/1.1" 200 0 "-" "WordPress/6.7.2; https://the80itspod.com"
198.54.114.83 - - [15/Apr/2025:07:28:31 -0400] "POST /wp-cron.php?doing_wp_cron=1744716511.0855050086975097656250 HTTP/1.1" 200 0 "-" "WordPress/6.7.2; https://the80itspod.com"
54.36.149.31 - - [15/Apr/2025:07:28:25 -0400] "GET /choosing-the-best-headset-for-your-office-phone/feed/ HTTP/1.1" 200 424 "-" "Mozilla/5.0 (compatible; AhrefsBot/7.0; +http://ahrefs.com/robot/)"
66.249.64.233 - - [15/Apr/2025:07:28:25 -0400] "GET /steam-how-to-add-friend/feed/ HTTP/1.1" 200 389 "-" "Mozilla/5.0 (Linux; Android 6.0.1; Nexus 5X Build/MMB29P) AppleWebKit/537.36 (KHTML, like Gecko) Chrome/135.0.7049.84 Mobile Safari/537.36 (compatible; Googlebot/2.1; +http://www.google.com/bot.html)"
198.54.114.83 - - [15/Apr/2025:07:28:32 -0400] "POST /wp-admin/admin-ajax.php?action=async_litespeed&nonce=quuU6hKp37MGIboAsb6WLcEQ2QGRGQDc&litespeed_type=imgoptm HTTP/1.1" 200 0 "-" "WordPress/6.7.2; https://the80itspod.com"
185.191.171.8 - - [15/Apr/2025:07:28:50 -0400] "GET /chaussures-egarees/ HTTP/1.1" 200 12796 "-" "Mozilla/5.0 (compatible; SemrushBot/7~bl; +http://www.semrush.com/bot.html)"
77.246.102.42 - - [15/Apr/2025:07:29:54 -0400] "GET /marvel-comic-characters-at-casinos/ HTTP/1.1" 200 13488 "https://the80itspod.com/marvel-comic-characters-at-casinos/#comment-51460" "Mozilla/5.0 (Windows NT 10.0; Win64; x64) AppleWebKit/537.36 (KHTML, like Gecko) Chrome/130.0.0.0 Safari/537.36"
198.54.114.83 - - [15/Apr/2025:07:31:19 -0400] "POST /wp-cron.php?doing_wp_cron=1744716679.0619499683380126953125 HTTP/1.1" 200 0 "-" "WordPress/6.7.2; https://the80itspod.com"
54.36.148.252 - - [15/Apr/2025:07:31:17 -0400] "GET /melbet-india-registration/feed/ HTTP/1.1" 200 389 "-" "Mozilla/5.0 (compatible; AhrefsBot/7.0; +http://ahrefs.com/robot/)"
198.54.114.83 - - [15/Apr/2025:07:31:20 -0400] "POST /wp-admin/admin-ajax.php?action=async_litespeed&nonce=Y1AZza61MQIwms46vlbCDQw50E88Ck4T&litespeed_type=imgoptm HTTP/1.1" 200 5 "-" "WordPress/6.7.2; https://the80itspod.com"
66.249.64.234 - - [15/Apr/2025:07:31:59 -0400] "GET /ppr-pipes-and-fittings/ HTTP/1.1" 200 11781 "-" "Mozilla/5.0 (Linux; Android 6.0.1; Nexus 5X Build/MMB29P) AppleWebKit/537.36 (KHTML, like Gecko) Chrome/135.0.7049.84 Mobile Safari/537.36 (compatible; Googlebot/2.1; +http://www.google.com/bot.html)"
198.54.114.83 - - [15/Apr/2025:07:32:23 -0400] "POST /wp-cron.php?doing_wp_cron=1744716742.6227030754089355468750 HTTP/1.1" 200 0 "-" "WordPress/6.7.2; https://the80itspod.com"
66.249.64.232 - - [15/Apr/2025:07:32:22 -0400] "GET /les-vetements-vintage-ne-se-demodent-jamais-des-tenues-intemporelles-pour-tout-le-monde-quelle-que-soit-lepoque/feed/ HTTP/1.1" 200 518 "-" "Mozilla/5.0 (Linux; Android 6.0.1; Nexus 5X Build/MMB29P) AppleWebKit/537.36 (KHTML, like Gecko) Chrome/135.0.7049.84 Mobile Safari/537.36 (compatible; Googlebot/2.1; +http://www.google.com/bot.html)"
198.54.114.83 - - [15/Apr/2025:07:33:31 -0400] "POST /wp-admin/admin-ajax.php?action=async_litespeed&nonce=F0WC2tdDi5xLxaBj5OD2YppU39BNdJ7l&litespeed_type=imgoptm HTTP/1.1" 200 5 "-" "WordPress/6.7.2; https://the80itspod.com"
54.36.148.104 - - [15/Apr/2025:07:33:53 -0400] "GET /funko-pop-naruto/feed/ HTTP/1.1" 200 380 "-" "Mozilla/5.0 (compatible; AhrefsBot/7.0; +http://ahrefs.com/robot/)"
124.156.186.100 - - [15/Apr/2025:07:34:43 -0400] "GET /how-to-turn-on-lock-screen-on-iphone/ HTTP/1.1" 200 14661 "-" "Python/3.10 aiohttp/3.10.5"
198.54.114.83 - - [15/Apr/2025:07:35:03 -0400] "POST /wp-cron.php?doing_wp_cron=1744716902.5860691070556640625000 HTTP/1.1" 200 0 "-" "WordPress/6.7.2; https://the80itspod.com"
66.249.64.232 - - [15/Apr/2025:07:35:01 -0400] "GET /anonymous-vps-a-new-era-of-online-privacy/feed/ HTTP/1.1" 200 408 "-" "Mozilla/5.0 (Linux; Android 6.0.1; Nexus 5X Build/MMB29P) AppleWebKit/537.36 (KHTML, like Gecko) Chrome/135.0.7049.84 Mobile Safari/537.36 (compatible; Googlebot/2.1; +http://www.google.com/bot.html)"
198.54.114.83 - - [15/Apr/2025:07:35:05 -0400] "POST /wp-admin/admin-ajax.php?action=async_litespeed&nonce=mAiABJOXNp5TM0oX3RDZ1L1caV6xPWjo&litespeed_type=imgoptm HTTP/1.1" 200 0 "-" "WordPress/6.7.2; https://the80itspod.com"
18.139.77.112 - - [15/Apr/2025:07:35:22 -0400] "GET /wp-content/uploads/2023/09/How-to-Change-the-Language-on-Google.jpeg HTTP/1.1" 200 5835 "-" "Mozilla/5.0 (Windows NT 10.0; Win64; x64) AppleWebKit/537.36 (KHTML, like Gecko) Chrome/133.0.0.0 Safari/537.36"
198.54.114.83 - - [15/Apr/2025:07:35:44 -0400] "POST /wp-cron.php?doing_wp_cron=1744716944.4385280609130859375000 HTTP/1.1" 200 0 "-" "WordPress/6.7.2; https://the80itspod.com"
198.54.114.83 - - [15/Apr/2025:07:35:45 -0400] "POST /wp-admin/admin-ajax.php?action=async_litespeed&nonce=sJ4N2Ca2z3axILjLZqCPVSaMre80ooJT&litespeed_type=imgoptm HTTP/1.1" 200 5 "-" "WordPress/6.7.2; https://the80itspod.com"
101.32.178.116 - - [15/Apr/2025:07:35:43 -0400] "GET /factors-to-consider-when-choosing-a-fire-nozzle/ HTTP/1.1" 200 12350 "-" "Python/3.10 aiohttp/3.10.5"
198.54.114.83 - - [15/Apr/2025:07:36:37 -0400] "POST /wp-cron.php?doing_wp_cron=1744716995.4796080589294433593750 HTTP/1.1" 200 0 "-" "WordPress/6.7.2; https://the80itspod.com"
114.119.128.181 - - [15/Apr/2025:07:36:34 -0400] "GET /psychedelic-mushroom-chocolate-bars-legal/ HTTP/1.1" 200 13459 "https://the80itspod.com/page/116/?MA" "Mozilla/5.0 (Linux; Android 7.0;) AppleWebKit/537.36 (KHTML, like Gecko) Mobile Safari/537.36 (compatible; PetalBot;+https://webmaster.petalsearch.com/site/petalbot)"
54.36.148.224 - - [15/Apr/2025:07:36:45 -0400] "GET /car-warranty-news/feed/ HTTP/1.1" 200 373 "-" "Mozilla/5.0 (compatible; AhrefsBot/7.0; +http://ahrefs.com/robot/)"
84.54.44.30 - - [15/Apr/2025:07:36:53 -0400] "GET /relx-electronic-cigarette/ HTTP/1.1" 200 12607 "https://the80itspod.com/relx-electronic-cigarette/" "Mozilla/5.0 (Windows NT 10.0; Win64; x64) AppleWebKit/537.36 (KHTML, like Gecko) Chrome/131.0.0.0 Safari/537.36 Avast/131.0.0.0"
84.54.44.30 - - [15/Apr/2025:07:36:54 -0400] "POST /wp-comments-post.php HTTP/1.1" 302 0 "https://the80itspod.com/relx-electronic-cigarette/" "Mozilla/5.0 (Windows NT 10.0; Win64; x64) AppleWebKit/537.36 (KHTML, like Gecko) Chrome/131.0.0.0 Safari/537.36 Avast/131.0.0.0"
84.54.44.30 - - [15/Apr/2025:07:36:58 -0400] "GET /relx-electronic-cigarette/ HTTP/1.1" 200 13699 "https://the80itspod.com/relx-electronic-cigarette/#comment-51461" "Mozilla/5.0 (Windows NT 10.0; Win64; x64) AppleWebKit/537.36 (KHTML, like Gecko) Chrome/131.0.0.0 Safari/537.36 Avast/131.0.0.0"
