217.113.194.231 - - [15/Apr/2025:23:58:04 -0400] "GET /what-are-sae-bolts/ HTTP/1.1" 200 12116 "-" "Mozilla/5.0 (compatible; Barkrowler/0.9; +https://babbar.tech/crawler)"
198.54.114.83 - - [15/Apr/2025:23:58:21 -0400] "POST /wp-cron.php?doing_wp_cron=1744775899.3614890575408935546875 HTTP/1.1" 200 0 "-" "WordPress/6.7.2; https://the80itspod.com"
2a03:2880:f800:17:: - - [15/Apr/2025:23:58:18 -0400] "GET /pikachu-kostum-kinder/ HTTP/1.1" 200 11733 "-" "meta-externalagent/1.1 (+https://developers.facebook.com/docs/sharing/webmasters/crawler)"
217.113.194.227 - - [15/Apr/2025:23:58:21 -0400] "GET /what-are-airguns/feed/ HTTP/1.1" 200 378 "-" "Mozilla/5.0 (compatible; Barkrowler/0.9; +https://babbar.tech/crawler)"
217.113.194.229 - - [15/Apr/2025:23:58:39 -0400] "GET /epaviste-oise/feed/ HTTP/1.1" 200 368 "-" "Mozilla/5.0 (compatible; Barkrowler/0.9; +https://babbar.tech/crawler)"
217.113.194.222 - - [15/Apr/2025:23:58:55 -0400] "GET /collier-de-lait-maternel/ HTTP/1.1" 200 11923 "-" "Mozilla/5.0 (compatible; Barkrowler/0.9; +https://babbar.tech/crawler)"
217.113.194.224 - - [15/Apr/2025:23:59:12 -0400] "GET /breast-augmentation-101/feed/ HTTP/1.1" 200 383 "-" "Mozilla/5.0 (compatible; Barkrowler/0.9; +https://babbar.tech/crawler)"
198.54.114.83 - - [15/Apr/2025:23:59:27 -0400] "POST /wp-cron.php?doing_wp_cron=1744775967.2256190776824951171875 HTTP/1.1" 200 0 "-" "WordPress/6.7.2; https://the80itspod.com"
114.119.128.26 - - [15/Apr/2025:23:59:26 -0400] "GET /the-evolution-of-mobile-game-downloads-in-2024/ HTTP/1.1" 200 11828 "https://the80itspod.com/page/27/?NA" "Mozilla/5.0 (Linux; Android 7.0;) AppleWebKit/537.36 (KHTML, like Gecko) Mobile Safari/537.36 (compatible; PetalBot;+https://webmaster.petalsearch.com/site/petalbot)"
217.113.194.231 - - [15/Apr/2025:23:59:32 -0400] "GET /steam-how-to-add-friend/ HTTP/1.1" 200 12990 "-" "Mozilla/5.0 (compatible; Barkrowler/0.9; +https://babbar.tech/crawler)"
198.54.114.83 - - [15/Apr/2025:23:59:32 -0400] "POST /wp-admin/admin-ajax.php?action=async_litespeed&nonce=7hHxMD6EmKhQjtHVdJjIGQUMll8jNBjs&litespeed_type=imgoptm HTTP/1.1" 200 0 "-" "WordPress/6.7.2; https://the80itspod.com"
217.113.194.227 - - [15/Apr/2025:23:59:49 -0400] "GET /steam-how-to-add-friend/feed/ HTTP/1.1" 200 389 "-" "Mozilla/5.0 (compatible; Barkrowler/0.9; +https://babbar.tech/crawler)"
217.113.194.227 - - [16/Apr/2025:00:00:06 -0400] "GET /how-to-find-a-sex-therapist/ HTTP/1.1" 200 11666 "-" "Mozilla/5.0 (compatible; Barkrowler/0.9; +https://babbar.tech/crawler)"
54.36.148.236 - - [16/Apr/2025:00:00:06 -0400] "GET /voiceover-training-what-you-need-to-know/feed/ HTTP/1.1" 304 0 "-" "Mozilla/5.0 (compatible; AhrefsBot/7.0; +http://ahrefs.com/robot/)"
217.113.194.231 - - [16/Apr/2025:00:00:24 -0400] "GET /careers-in-the-carpenter-trade/feed/ HTTP/1.1" 200 395 "-" "Mozilla/5.0 (compatible; Barkrowler/0.9; +https://babbar.tech/crawler)"
198.54.114.83 - - [16/Apr/2025:00:00:28 -0400] "POST /wp-cron.php?doing_wp_cron=1744776025.2392930984497070312500 HTTP/1.1" 200 0 "-" "WordPress/6.7.2; https://the80itspod.com"
217.113.194.230 - - [16/Apr/2025:00:00:44 -0400] "GET /how-to-buy-youtube-views/feed/ HTTP/1.1" 200 394 "-" "Mozilla/5.0 (compatible; Barkrowler/0.9; +https://babbar.tech/crawler)"
114.119.140.170 - - [16/Apr/2025:00:00:50 -0400] "GET /page/81/ HTTP/1.1" 200 13286 "https://the80itspod.com/page/79/" "Mozilla/5.0 (Linux; Android 7.0;) AppleWebKit/537.36 (KHTML, like Gecko) Mobile Safari/537.36 (compatible; PetalBot;+https://webmaster.petalsearch.com/site/petalbot)"
217.113.194.231 - - [16/Apr/2025:00:01:06 -0400] "GET /how-to-win-in-a-casino/feed/ HTTP/1.1" 200 390 "-" "Mozilla/5.0 (compatible; Barkrowler/0.9; +https://babbar.tech/crawler)"
217.113.194.227 - - [16/Apr/2025:00:01:26 -0400] "GET /how-to-change-teams-background/ HTTP/1.1" 200 13398 "-" "Mozilla/5.0 (compatible; Barkrowler/0.9; +https://babbar.tech/crawler)"
198.54.114.83 - - [16/Apr/2025:00:01:30 -0400] "POST /wp-cron.php?doing_wp_cron=1744776087.9387769699096679687500 HTTP/1.1" 200 0 "-" "WordPress/6.7.2; https://the80itspod.com"
217.113.194.231 - - [16/Apr/2025:00:02:04 -0400] "GET /how-to-get-more-youtube-likes/ HTTP/1.1" 200 12320 "-" "Mozilla/5.0 (compatible; Barkrowler/0.9; +https://babbar.tech/crawler)"
185.189.115.103 - - [16/Apr/2025:00:02:13 -0400] "GET /favicon.ico HTTP/1.1" 404 1251 "https://the80itspod.com/wp-login.php" "Mozilla/5.0 (Windows NT 10.0; Win64; x64) AppleWebKit/537.36 (KHTML, like Gecko) Chrome/134.0.0.0 Safari/537.36"
185.189.115.103 - - [16/Apr/2025:00:02:13 -0400] "GET /wp-includes/js/zxcvbn.min.js HTTP/1.1" 200 389493 "https://the80itspod.com/wp-login.php" "Mozilla/5.0 (Windows NT 10.0; Win64; x64) AppleWebKit/537.36 (KHTML, like Gecko) Chrome/134.0.0.0 Safari/537.36"
114.119.149.108 - - [16/Apr/2025:00:02:15 -0400] "GET /medical-marijuana-is-medical-marijuana-right-for-you/ HTTP/1.1" 200 11923 "https://the80itspod.com/page/46/?SA" "Mozilla/5.0 (Linux; Android 7.0;) AppleWebKit/537.36 (KHTML, like Gecko) Mobile Safari/537.36 (compatible; PetalBot;+https://webmaster.petalsearch.com/site/petalbot)"
154.54.249.217 - - [16/Apr/2025:00:02:23 -0400] "GET /abrasive-wheels-training/feed/ HTTP/1.1" 200 386 "-" "Mozilla/5.0 (compatible; Barkrowler/0.9; +https://babbar.tech/crawler)"
54.36.149.44 - - [16/Apr/2025:00:02:32 -0400] "GET /comment-nettoyer-les-bagues-en-diamant/feed/ HTTP/1.1" 304 0 "-" "Mozilla/5.0 (compatible; AhrefsBot/7.0; +http://ahrefs.com/robot/)"
2a03:2880:f800:: - - [16/Apr/2025:00:02:49 -0400] "GET /where-to-find-the-best-sports-betting-site-that-fits-your-style/ HTTP/1.1" 200 12374 "-" "meta-externalagent/1.1 (+https://developers.facebook.com/docs/sharing/webmasters/crawler)"
2a0a:4cc0:c0:439b:2430:dfff:fe27:7696 - - [16/Apr/2025:00:02:50 -0400] "GET /wp-login.php HTTP/1.1" 200 1760 "http://the80itspod.com" "Mozilla/5.0 (Windows NT 11.0; Win64; x64) AppleWebKit/537.36 (KHTML, like Gecko) Chrome/126.0.0.0 Safari/537.36"
217.113.194.224 - - [16/Apr/2025:00:03:08 -0400] "GET /ai-makeup-technology/ HTTP/1.1" 200 12568 "-" "Mozilla/5.0 (compatible; Barkrowler/0.9; +https://babbar.tech/crawler)"
66.249.79.66 - - [16/Apr/2025:00:03:27 -0400] "GET /understanding-insurance-requirements-and-finding-policies-that-meet-your-needs/ HTTP/1.1" 200 12584 "-" "Mozilla/5.0 (Linux; Android 6.0.1; Nexus 5X Build/MMB29P) AppleWebKit/537.36 (KHTML, like Gecko) Chrome/135.0.7049.84 Mobile Safari/537.36 (compatible; Googlebot/2.1; +http://www.google.com/bot.html)"
114.119.128.26 - - [16/Apr/2025:00:03:39 -0400] "GET /360-office-solutions/ HTTP/1.1" 200 11255 "https://the80itspod.com/page/44/?ND" "Mozilla/5.0 (Linux; Android 7.0;) AppleWebKit/537.36 (KHTML, like Gecko) Mobile Safari/537.36 (compatible; PetalBot;+https://webmaster.petalsearch.com/site/petalbot)"
119.28.52.89 - - [16/Apr/2025:00:03:48 -0400] "GET /land-agents-and-guardian-obligation/ HTTP/1.1" 200 12917 "-" "Python/3.10 aiohttp/3.10.5"
198.54.114.83 - - [16/Apr/2025:00:03:55 -0400] "POST /wp-cron.php?doing_wp_cron=1744776231.4554350376129150390625 HTTP/1.1" 200 0 "-" "WordPress/6.7.2; https://the80itspod.com"
185.189.115.103 - - [16/Apr/2025:00:01:44 -0400] "GET /wp-login.php HTTP/1.1" 200 1760 "https://the80itspod.com/" "Mozilla/5.0 (Windows NT 10.0; Win64; x64) AppleWebKit/537.36 (KHTML, like Gecko) Chrome/134.0.0.0 Safari/537.36"
185.189.115.103 - - [16/Apr/2025:00:01:47 -0400] "GET /wp-admin/load-styles.php?c=1&dir=ltr&load%5Bchunk_0%5D=dashicons,buttons,forms,l10n,login&ver=6.7.2 HTTP/1.1" 200 45466 "https://the80itspod.com/wp-login.php" "Mozilla/5.0 (Windows NT 10.0; Win64; x64) AppleWebKit/537.36 (KHTML, like Gecko) Chrome/134.0.0.0 Safari/537.36"
185.189.115.103 - - [16/Apr/2025:00:01:47 -0400] "GET /wp-admin/load-scripts.php?c=1&load%5Bchunk_0%5D=clipboard,jquery-core,jquery-migrate,zxcvbn-async,wp-hooks&ver=6.7.2 HTTP/1.1" 200 39842 "https://the80itspod.com/wp-login.php" "Mozilla/5.0 (Windows NT 10.0; Win64; x64) AppleWebKit/537.36 (KHTML, like Gecko) Chrome/134.0.0.0 Safari/537.36"
185.189.115.103 - - [16/Apr/2025:00:01:47 -0400] "GET /wp-includes/js/dist/a11y.min.js?ver=3156534cc54473497e14 HTTP/1.1" 200 827 "https://the80itspod.com/wp-login.php" "Mozilla/5.0 (Windows NT 10.0; Win64; x64) AppleWebKit/537.36 (KHTML, like Gecko) Chrome/134.0.0.0 Safari/537.36"
185.189.115.103 - - [16/Apr/2025:00:01:47 -0400] "GET /wp-includes/js/dist/dom-ready.min.js?ver=f77871ff7694fffea381 HTTP/1.1" 200 275 "https://the80itspod.com/wp-login.php" "Mozilla/5.0 (Windows NT 10.0; Win64; x64) AppleWebKit/537.36 (KHTML, like Gecko) Chrome/134.0.0.0 Safari/537.36"
185.189.115.103 - - [16/Apr/2025:00:01:47 -0400] "GET /wp-includes/js/underscore.min.js?ver=1.13.7 HTTP/1.1" 200 7197 "https://the80itspod.com/wp-login.php" "Mozilla/5.0 (Windows NT 10.0; Win64; x64) AppleWebKit/537.36 (KHTML, like Gecko) Chrome/134.0.0.0 Safari/537.36"
185.189.115.103 - - [16/Apr/2025:00:01:47 -0400] "GET /wp-includes/js/dist/i18n.min.js?ver=5e580eb46a90c2b997e6 HTTP/1.1" 200 3542 "https://the80itspod.com/wp-login.php" "Mozilla/5.0 (Windows NT 10.0; Win64; x64) AppleWebKit/537.36 (KHTML, like Gecko) Chrome/134.0.0.0 Safari/537.36"
185.189.115.103 - - [16/Apr/2025:00:01:47 -0400] "GET /wp-admin/js/password-strength-meter.min.js?ver=6.7.2 HTTP/1.1" 200 558 "https://the80itspod.com/wp-login.php" "Mozilla/5.0 (Windows NT 10.0; Win64; x64) AppleWebKit/537.36 (KHTML, like Gecko) Chrome/134.0.0.0 Safari/537.36"
185.189.115.103 - - [16/Apr/2025:00:01:47 -0400] "GET /wp-admin/js/user-profile.min.js?ver=6.7.2 HTTP/1.1" 200 2388 "https://the80itspod.com/wp-login.php" "Mozilla/5.0 (Windows NT 10.0; Win64; x64) AppleWebKit/537.36 (KHTML, like Gecko) Chrome/134.0.0.0 Safari/537.36"
185.189.115.103 - - [16/Apr/2025:00:01:47 -0400] "GET /wp-includes/js/wp-util.min.js?ver=6.7.2 HTTP/1.1" 200 690 "https://the80itspod.com/wp-login.php" "Mozilla/5.0 (Windows NT 10.0; Win64; x64) AppleWebKit/537.36 (KHTML, like Gecko) Chrome/134.0.0.0 Safari/537.36"
154.54.249.217 - - [16/Apr/2025:00:01:47 -0400] "GET /how-to-reuse-plastic-bags/feed/ HTTP/1.1" 200 390 "-" "Mozilla/5.0 (compatible; Barkrowler/0.9; +https://babbar.tech/crawler)"
185.189.115.103 - - [16/Apr/2025:00:01:51 -0400] "GET /wp-admin/images/wordpress-logo.svg?ver=20131107 HTTP/1.1" 200 759 "https://the80itspod.com/wp-admin/load-styles.php?c=1&dir=ltr&load%5Bchunk_0%5D=dashicons,buttons,forms,l10n,login&ver=6.7.2" "Mozilla/5.0 (Windows NT 10.0; Win64; x64) AppleWebKit/537.36 (KHTML, like Gecko) Chrome/134.0.0.0 Safari/537.36"
185.189.115.103 - - [16/Apr/2025:00:01:52 -0400] "POST /wp-login.php HTTP/1.1" 200 1892 "https://the80itspod.com/wp-login.php" "Mozilla/5.0 (Windows NT 10.0; Win64; x64) AppleWebKit/537.36 (KHTML, like Gecko) Chrome/134.0.0.0 Safari/537.36"
185.189.115.103 - - [16/Apr/2025:00:01:55 -0400] "GET /wp-admin/load-styles.php?c=1&dir=ltr&load%5Bchunk_0%5D=dashicons,buttons,forms,l10n,login&ver=6.7.2 HTTP/1.1" 200 45466 "https://the80itspod.com/wp-login.php" "Mozilla/5.0 (Windows NT 10.0; Win64; x64) AppleWebKit/537.36 (KHTML, like Gecko) Chrome/134.0.0.0 Safari/537.36"
109.172.87.122 - - [16/Apr/2025:00:04:13 -0400] "GET /advantages-of-factory-automation/ HTTP/1.1" 200 12288 "-" "Mozilla/5.0 (Windows NT 10.0; Win64; x64; rv:114.0) Gecko/20100101 Firefox/114.0"
43.154.125.44 - - [16/Apr/2025:00:04:26 -0400] "GET /kindle-fire-troubleshooting/ HTTP/1.1" 200 12627 "-" "Python/3.10 aiohttp/3.10.5"
54.36.148.223 - - [16/Apr/2025:00:05:12 -0400] "GET /wearable-blanket-for-the-cold-af/feed/ HTTP/1.1" 200 400 "-" "Mozilla/5.0 (compatible; AhrefsBot/7.0; +http://ahrefs.com/robot/)"
198.54.114.83 - - [16/Apr/2025:00:05:16 -0400] "POST /wp-cron.php?doing_wp_cron=1744776313.3744730949401855468750 HTTP/1.1" 200 0 "-" "WordPress/6.7.2; https://the80itspod.com"
66.249.79.67 - - [16/Apr/2025:00:06:00 -0400] "GET /tennis-predictions/ HTTP/1.1" 200 12428 "-" "Mozilla/5.0 (Linux; Android 6.0.1; Nexus 5X Build/MMB29P) AppleWebKit/537.36 (KHTML, like Gecko) Chrome/135.0.7049.84 Mobile Safari/537.36 (compatible; Googlebot/2.1; +http://www.google.com/bot.html)"
27.42.99.97 - - [16/Apr/2025:00:06:15 -0400] "GET /comment-obtenir-une-voyance-serieuse-par-telephone/ HTTP/1.1" 200 12141 "https://the80itspod.com" "Mozilla/5.0 (Windows NT 10.0; Win64; x64) AppleWebKit/537.36 (KHTML, like Gecko) Chrome/62.0.3202.94 Safari/537.36"
66.249.79.65 - - [16/Apr/2025:00:06:26 -0400] "GET /how-to-cut-watermelon-slices/feed/ HTTP/1.1" 200 395 "-" "Mozilla/5.0 (Linux; Android 6.0.1; Nexus 5X Build/MMB29P) AppleWebKit/537.36 (KHTML, like Gecko) Chrome/135.0.7049.84 Mobile Safari/537.36 (compatible; Googlebot/2.1; +http://www.google.com/bot.html)"
198.54.114.83 - - [16/Apr/2025:00:06:30 -0400] "POST /wp-cron.php?doing_wp_cron=1744776387.8284618854522705078125 HTTP/1.1" 200 0 "-" "WordPress/6.7.2; https://the80itspod.com"
217.113.194.253 - - [16/Apr/2025:00:06:39 -0400] "GET /games-for-exhibition-stands/feed/ HTTP/1.1" 200 393 "-" "Mozilla/5.0 (compatible; Barkrowler/0.9; +https://babbar.tech/crawler)"
54.36.148.27 - - [16/Apr/2025:00:07:29 -0400] "GET /taking-a-real-estate-investing-program-versus-educating-yourself/feed/ HTTP/1.1" 200 428 "-" "Mozilla/5.0 (compatible; AhrefsBot/7.0; +http://ahrefs.com/robot/)"
198.54.114.83 - - [16/Apr/2025:00:07:40 -0400] "POST /wp-cron.php?doing_wp_cron=1744776456.6933279037475585937500 HTTP/1.1" 200 0 "-" "WordPress/6.7.2; https://the80itspod.com"
217.113.194.253 - - [16/Apr/2025:00:09:03 -0400] "GET /leather-clutches-wholesale/feed/ HTTP/1.1" 200 387 "-" "Mozilla/5.0 (compatible; Barkrowler/0.9; +https://babbar.tech/crawler)"
198.54.114.83 - - [16/Apr/2025:00:09:14 -0400] "POST /wp-cron.php?doing_wp_cron=1744776551.9412989616394042968750 HTTP/1.1" 200 0 "-" "WordPress/6.7.2; https://the80itspod.com"
217.113.194.227 - - [16/Apr/2025:00:09:31 -0400] "GET /auto-cold-drawing-machine/feed/ HTTP/1.1" 200 393 "-" "Mozilla/5.0 (compatible; Barkrowler/0.9; +https://babbar.tech/crawler)"
154.54.249.217 - - [16/Apr/2025:00:09:50 -0400] "GET /choosing-a-conference-table/ HTTP/1.1" 200 12231 "-" "Mozilla/5.0 (compatible; Barkrowler/0.9; +https://babbar.tech/crawler)"
217.113.194.222 - - [16/Apr/2025:00:10:09 -0400] "GET /un-soutien-essentiel/feed/ HTTP/1.1" 200 380 "-" "Mozilla/5.0 (compatible; Barkrowler/0.9; +https://babbar.tech/crawler)"
54.36.148.181 - - [16/Apr/2025:00:10:11 -0400] "GET /why-choose-windows-in-swansea/feed/ HTTP/1.1" 304 0 "-" "Mozilla/5.0 (compatible; AhrefsBot/7.0; +http://ahrefs.com/robot/)"
198.54.114.83 - - [16/Apr/2025:00:10:14 -0400] "POST /wp-cron.php?doing_wp_cron=1744776612.1342871189117431640625 HTTP/1.1" 200 0 "-" "WordPress/6.7.2; https://the80itspod.com"
8.210.8.206 - - [16/Apr/2025:00:10:21 -0400] "GET /buy-itunes-gift-card HTTP/1.1" 301 0 "-" "Mozilla/5.0 (Macintosh; Intel Mac OS X 10_15_7) AppleWebKit/537.36 (KHTML, like Gecko) Chrome/109.0.0.0 Safari/537.36"
8.210.8.206 - - [16/Apr/2025:00:10:24 -0400] "GET /buy-itunes-gift-card/ HTTP/1.1" 200 11565 "https://the80itspod.com/buy-itunes-gift-card" "Mozilla/5.0 (Macintosh; Intel Mac OS X 10_15_7) AppleWebKit/537.36 (KHTML, like Gecko) Chrome/109.0.0.0 Safari/537.36"
154.54.249.217 - - [16/Apr/2025:00:10:28 -0400] "GET /car-warranty-news/feed/ HTTP/1.1" 200 373 "-" "Mozilla/5.0 (compatible; Barkrowler/0.9; +https://babbar.tech/crawler)"
217.113.194.231 - - [16/Apr/2025:00:10:44 -0400] "GET /fertility-centre-dubai/ HTTP/1.1" 200 11944 "-" "Mozilla/5.0 (compatible; Barkrowler/0.9; +https://babbar.tech/crawler)"
217.113.194.230 - - [16/Apr/2025:00:11:03 -0400] "GET /a-comprehensive-guide/feed/ HTTP/1.1" 200 379 "-" "Mozilla/5.0 (compatible; Barkrowler/0.9; +https://babbar.tech/crawler)"
217.113.194.223 - - [16/Apr/2025:00:11:22 -0400] "GET /the-science-behind-anti-aging/ HTTP/1.1" 200 12038 "-" "Mozilla/5.0 (compatible; Barkrowler/0.9; +https://babbar.tech/crawler)"
198.54.114.83 - - [16/Apr/2025:00:11:43 -0400] "POST /wp-cron.php?doing_wp_cron=1744776701.3738129138946533203125 HTTP/1.1" 200 0 "-" "WordPress/6.7.2; https://the80itspod.com"
154.54.249.217 - - [16/Apr/2025:00:11:40 -0400] "GET /why-choose-a-bamboo-tee/ HTTP/1.1" 200 11992 "-" "Mozilla/5.0 (compatible; Barkrowler/0.9; +https://babbar.tech/crawler)"
217.113.194.231 - - [16/Apr/2025:00:11:59 -0400] "GET /what-is-a-cryptomixer/ HTTP/1.1" 200 11761 "-" "Mozilla/5.0 (compatible; Barkrowler/0.9; +https://babbar.tech/crawler)"
217.113.194.230 - - [16/Apr/2025:00:12:16 -0400] "GET /what-is-lottery-gambling/feed/ HTTP/1.1" 200 389 "-" "Mozilla/5.0 (compatible; Barkrowler/0.9; +https://babbar.tech/crawler)"
217.113.194.222 - - [16/Apr/2025:00:12:32 -0400] "GET /what-is-financial-technology/feed/ HTTP/1.1" 200 387 "-" "Mozilla/5.0 (compatible; Barkrowler/0.9; +https://babbar.tech/crawler)"
198.54.114.83 - - [16/Apr/2025:00:12:50 -0400] "POST /wp-cron.php?doing_wp_cron=1744776769.9443368911743164062500 HTTP/1.1" 200 0 "-" "WordPress/6.7.2; https://the80itspod.com"
198.54.114.83 - - [16/Apr/2025:00:12:51 -0400] "POST /wp-cron.php?doing_wp_cron=1744776770.5201330184936523437500 HTTP/1.1" 200 0 "-" "WordPress/6.7.2; https://the80itspod.com"
54.36.148.99 - - [16/Apr/2025:00:12:49 -0400] "GET /the-helms-row-back-muscle-workout/feed/ HTTP/1.1" 304 0 "-" "Mozilla/5.0 (compatible; AhrefsBot/7.0; +http://ahrefs.com/robot/)"
217.113.194.228 - - [16/Apr/2025:00:12:49 -0400] "GET /a-modern-gaming-experience/ HTTP/1.1" 200 11568 "-" "Mozilla/5.0 (compatible; Barkrowler/0.9; +https://babbar.tech/crawler)"
217.113.194.223 - - [16/Apr/2025:00:13:09 -0400] "GET /a-modern-gaming-revolution/ HTTP/1.1" 200 11642 "-" "Mozilla/5.0 (compatible; Barkrowler/0.9; +https://babbar.tech/crawler)"
101.32.51.206 - - [16/Apr/2025:00:13:09 -0400] "GET /how-are-youtube-views-calculated/ HTTP/1.1" 200 11684 "-" "Python/3.10 aiohttp/3.10.5"
217.113.194.231 - - [16/Apr/2025:00:13:27 -0400] "GET /the-best-massage-gun/feed/ HTTP/1.1" 200 384 "-" "Mozilla/5.0 (compatible; Barkrowler/0.9; +https://babbar.tech/crawler)"
217.113.194.227 - - [16/Apr/2025:00:13:48 -0400] "GET /fine-pitch-led-display/ HTTP/1.1" 200 12496 "-" "Mozilla/5.0 (compatible; Barkrowler/0.9; +https://babbar.tech/crawler)"
198.54.114.83 - - [16/Apr/2025:00:14:06 -0400] "POST /wp-cron.php?doing_wp_cron=1744776845.8139009475708007812500 HTTP/1.1" 200 0 "-" "WordPress/6.7.2; https://the80itspod.com"
217.113.194.222 - - [16/Apr/2025:00:14:05 -0400] "GET /category/activity/page/87/ HTTP/1.1" 200 11337 "-" "Mozilla/5.0 (compatible; Barkrowler/0.9; +https://babbar.tech/crawler)"
217.113.194.229 - - [16/Apr/2025:00:14:24 -0400] "GET /category/activity/page/95/ HTTP/1.1" 200 11309 "-" "Mozilla/5.0 (compatible; Barkrowler/0.9; +https://babbar.tech/crawler)"
124.156.164.49 - - [16/Apr/2025:00:14:32 -0400] "GET /how-to-promote-real-estate-listings/ HTTP/1.1" 200 11734 "-" "Python/3.10 aiohttp/3.10.5"
124.156.164.49 - - [16/Apr/2025:00:14:31 -0400] "GET /the-fundamentals-of-video-merchandising/ HTTP/1.1" 200 12373 "-" "Python/3.10 aiohttp/3.10.5"
217.113.194.253 - - [16/Apr/2025:00:14:43 -0400] "GET /category/activity/page/93/ HTTP/1.1" 200 11388 "-" "Mozilla/5.0 (compatible; Barkrowler/0.9; +https://babbar.tech/crawler)"
114.119.128.26 - - [16/Apr/2025:00:14:44 -0400] "GET /how-to-master-guitar-playing/ HTTP/1.1" 200 12131 "https://the80itspod.com/page/5/?ND" "Mozilla/5.0 (Linux; Android 7.0;) AppleWebKit/537.36 (KHTML, like Gecko) Mobile Safari/537.36 (compatible; PetalBot;+https://webmaster.petalsearch.com/site/petalbot)"
217.113.194.222 - - [16/Apr/2025:00:14:59 -0400] "GET /category/activity/page/99/ HTTP/1.1" 200 11746 "-" "Mozilla/5.0 (compatible; Barkrowler/0.9; +https://babbar.tech/crawler)"
217.113.194.224 - - [16/Apr/2025:00:15:18 -0400] "GET /category/activity/page/92/ HTTP/1.1" 200 11220 "-" "Mozilla/5.0 (compatible; Barkrowler/0.9; +https://babbar.tech/crawler)"
54.36.148.41 - - [16/Apr/2025:00:15:18 -0400] "GET /page/94/ HTTP/1.1" 200 13279 "-" "Mozilla/5.0 (compatible; AhrefsBot/7.0; +http://ahrefs.com/robot/)"
198.54.114.83 - - [16/Apr/2025:00:15:25 -0400] "POST /wp-cron.php?doing_wp_cron=1744776924.0903549194335937500000 HTTP/1.1" 200 0 "-" "WordPress/6.7.2; https://the80itspod.com"
66.249.79.72 - - [16/Apr/2025:00:15:23 -0400] "GET /miams-florida-could-be-a-climate-migrating-test-case/ HTTP/1.1" 200 11830 "-" "Mozilla/5.0 (Linux; Android 6.0.1; Nexus 5X Build/MMB29P) AppleWebKit/537.36 (KHTML, like Gecko) Chrome/135.0.7049.84 Mobile Safari/537.36 (compatible; Googlebot/2.1; +http://www.google.com/bot.html)"
217.113.194.229 - - [16/Apr/2025:00:15:35 -0400] "GET /category/activity/page/89/ HTTP/1.1" 200 11441 "-" "Mozilla/5.0 (compatible; Barkrowler/0.9; +https://babbar.tech/crawler)"
217.113.194.228 - - [16/Apr/2025:00:15:52 -0400] "GET /category/activity/page/22/ HTTP/1.1" 200 11294 "-" "Mozilla/5.0 (compatible; Barkrowler/0.9; +https://babbar.tech/crawler)"
66.249.79.72 - - [16/Apr/2025:00:15:59 -0400] "GET /exploring-pesach-programs/ HTTP/1.1" 200 11713 "-" "Mozilla/5.0 (Linux; Android 6.0.1; Nexus 5X Build/MMB29P) AppleWebKit/537.36 (KHTML, like Gecko) Chrome/135.0.7049.84 Mobile Safari/537.36 (compatible; Googlebot/2.1; +http://www.google.com/bot.html)"
162.214.124.144 - - [16/Apr/2025:00:16:02 -0400] "GET /wp-login.php HTTP/1.1" 200 1760 "http://the80itspod.com" "Mozilla/5.0 (Windows NT 11.0; Win64; x64) AppleWebKit/537.36 (KHTML, like Gecko) Chrome/126.0.0.0 Safari/537.36 Edg/126.0.0.0"
114.119.144.11 - - [16/Apr/2025:00:16:07 -0400] "GET /der-schlussel-zum-juristischen-erfolg/ HTTP/1.1" 200 11816 "https://the80itspod.com/page/6/?SA" "Mozilla/5.0 (Linux; Android 7.0;) AppleWebKit/537.36 (KHTML, like Gecko) Mobile Safari/537.36 (compatible; PetalBot;+https://webmaster.petalsearch.com/site/petalbot)"
217.113.194.227 - - [16/Apr/2025:00:16:09 -0400] "GET /category/activity/page/27/ HTTP/1.1" 200 11397 "-" "Mozilla/5.0 (compatible; Barkrowler/0.9; +https://babbar.tech/crawler)"
198.54.114.83 - - [16/Apr/2025:00:16:35 -0400] "POST /wp-cron.php?doing_wp_cron=1744776994.5947821140289306640625 HTTP/1.1" 200 0 "-" "WordPress/6.7.2; https://the80itspod.com"
217.113.194.223 - - [16/Apr/2025:00:16:33 -0400] "GET /category/activity/page/24/ HTTP/1.1" 200 11279 "-" "Mozilla/5.0 (compatible; Barkrowler/0.9; +https://babbar.tech/crawler)"
154.54.249.217 - - [16/Apr/2025:00:16:54 -0400] "GET /category/activity/page/26/ HTTP/1.1" 200 11143 "-" "Mozilla/5.0 (compatible; Barkrowler/0.9; +https://babbar.tech/crawler)"
2a03:2880:f800:8:: - - [16/Apr/2025:00:17:14 -0400] "GET /eine-kurze-geschichte-des-t-shirt-drucks/feed/ HTTP/1.1" 200 410 "-" "meta-externalagent/1.1 (+https://developers.facebook.com/docs/sharing/webmasters/crawler)"
217.113.194.223 - - [16/Apr/2025:00:17:13 -0400] "GET /category/activity/page/28/ HTTP/1.1" 200 11309 "-" "Mozilla/5.0 (compatible; Barkrowler/0.9; +https://babbar.tech/crawler)"
217.113.194.253 - - [16/Apr/2025:00:17:31 -0400] "GET /category/activity/page/23/ HTTP/1.1" 200 11355 "-" "Mozilla/5.0 (compatible; Barkrowler/0.9; +https://babbar.tech/crawler)"
198.54.114.83 - - [16/Apr/2025:00:17:43 -0400] "POST /wp-cron.php?doing_wp_cron=1744777062.3929069042205810546875 HTTP/1.1" 200 0 "-" "WordPress/6.7.2; https://the80itspod.com"
54.36.148.13 - - [16/Apr/2025:00:17:41 -0400] "GET /the-pine-tree-a-symbol-of-strength-longevity-and-hope/feed/ HTTP/1.1" 200 442 "-" "Mozilla/5.0 (compatible; AhrefsBot/7.0; +http://ahrefs.com/robot/)"
198.54.114.83 - - [16/Apr/2025:00:17:45 -0400] "POST /wp-admin/admin-ajax.php?action=async_litespeed&nonce=74yVLhvz3tZz45MZQypMWTiZbdVBo2HR&litespeed_type=imgoptm HTTP/1.1" 200 0 "-" "WordPress/6.7.2; https://the80itspod.com"
217.113.194.230 - - [16/Apr/2025:00:17:48 -0400] "GET /category/activity/page/118/ HTTP/1.1" 200 11519 "-" "Mozilla/5.0 (compatible; Barkrowler/0.9; +https://babbar.tech/crawler)"
217.113.194.225 - - [16/Apr/2025:00:18:05 -0400] "GET /category/activity/page/119/ HTTP/1.1" 200 11713 "-" "Mozilla/5.0 (compatible; Barkrowler/0.9; +https://babbar.tech/crawler)"
217.113.194.231 - - [16/Apr/2025:00:18:30 -0400] "GET /category/activity/page/122/ HTTP/1.1" 200 9720 "-" "Mozilla/5.0 (compatible; Barkrowler/0.9; +https://babbar.tech/crawler)"
217.113.194.226 - - [16/Apr/2025:00:18:46 -0400] "GET /category/activity/page/101/ HTTP/1.1" 200 11388 "-" "Mozilla/5.0 (compatible; Barkrowler/0.9; +https://babbar.tech/crawler)"
198.54.114.83 - - [16/Apr/2025:00:18:49 -0400] "POST /wp-cron.php?doing_wp_cron=1744777127.6706099510192871093750 HTTP/1.1" 200 0 "-" "WordPress/6.7.2; https://the80itspod.com"
217.113.194.227 - - [16/Apr/2025:00:19:05 -0400] "GET /category/activity/page/103/ HTTP/1.1" 200 11304 "-" "Mozilla/5.0 (compatible; Barkrowler/0.9; +https://babbar.tech/crawler)"
66.249.79.72 - - [16/Apr/2025:00:19:23 -0400] "GET /the-forest-of-arden/ HTTP/1.1" 200 12071 "-" "Mozilla/5.0 (Linux; Android 6.0.1; Nexus 5X Build/MMB29P) AppleWebKit/537.36 (KHTML, like Gecko) Chrome/135.0.7049.84 Mobile Safari/537.36 (compatible; Googlebot/2.1; +http://www.google.com/bot.html)"
217.113.194.227 - - [16/Apr/2025:00:19:23 -0400] "GET /category/activity/page/105/ HTTP/1.1" 200 11163 "-" "Mozilla/5.0 (compatible; Barkrowler/0.9; +https://babbar.tech/crawler)"
124.156.103.176 - - [16/Apr/2025:00:19:27 -0400] "GET /rose-quartz-roller-are-they-worth-the-hype/ HTTP/1.1" 200 12165 "-" "Python/3.10 aiohttp/3.10.5"
217.113.194.222 - - [16/Apr/2025:00:19:44 -0400] "GET /category/activity/page/104/ HTTP/1.1" 200 11322 "-" "Mozilla/5.0 (compatible; Barkrowler/0.9; +https://babbar.tech/crawler)"
217.113.194.225 - - [16/Apr/2025:00:20:02 -0400] "GET /back-pain-shoulder-blade/feed/ HTTP/1.1" 200 391 "-" "Mozilla/5.0 (compatible; Barkrowler/0.9; +https://babbar.tech/crawler)"
66.249.79.72 - - [16/Apr/2025:00:20:01 -0400] "GET /packs-de-vetements-ce-que-vous-devez-savoir-avant-de-les-obtenir/feed/ HTTP/1.1" 200 450 "-" "Mozilla/5.0 (Linux; Android 6.0.1; Nexus 5X Build/MMB29P) AppleWebKit/537.36 (KHTML, like Gecko) Chrome/135.0.7049.84 Mobile Safari/537.36 (compatible; Googlebot/2.1; +http://www.google.com/bot.html)"
198.54.114.83 - - [16/Apr/2025:00:20:07 -0400] "POST /wp-cron.php?doing_wp_cron=1744777202.6291658878326416015625 HTTP/1.1" 200 0 "-" "WordPress/6.7.2; https://the80itspod.com"
217.113.194.230 - - [16/Apr/2025:00:20:21 -0400] "GET /instant-hot-water-tap/ HTTP/1.1" 200 13383 "-" "Mozilla/5.0 (compatible; Barkrowler/0.9; +https://babbar.tech/crawler)"
54.36.149.42 - - [16/Apr/2025:00:20:32 -0400] "GET /la-fievre-du-jeu-lengouement-autour-de-1xbet/ HTTP/1.1" 200 11674 "-" "Mozilla/5.0 (compatible; AhrefsBot/7.0; +http://ahrefs.com/robot/)"
217.113.194.222 - - [16/Apr/2025:00:20:38 -0400] "GET /top-five-sydney-galleries/feed/ HTTP/1.1" 200 390 "-" "Mozilla/5.0 (compatible; Barkrowler/0.9; +https://babbar.tech/crawler)"
217.113.194.224 - - [16/Apr/2025:00:20:56 -0400] "GET /large-file-sharing-apps/feed/ HTTP/1.1" 200 386 "-" "Mozilla/5.0 (compatible; Barkrowler/0.9; +https://babbar.tech/crawler)"
198.54.114.83 - - [16/Apr/2025:00:21:16 -0400] "POST /wp-cron.php?doing_wp_cron=1744777275.3388590812683105468750 HTTP/1.1" 200 0 "-" "WordPress/6.7.2; https://the80itspod.com"
217.113.194.228 - - [16/Apr/2025:00:21:14 -0400] "GET /shopping-at-sydney-cbd/feed/ HTTP/1.1" 200 383 "-" "Mozilla/5.0 (compatible; Barkrowler/0.9; +https://babbar.tech/crawler)"
198.54.114.83 - - [16/Apr/2025:00:21:18 -0400] "POST /wp-admin/admin-ajax.php?action=async_litespeed&nonce=F3i0HyrGqGhrvhOSyHZPyHd2iUGBEidO&litespeed_type=imgoptm HTTP/1.1" 200 0 "-" "WordPress/6.7.2; https://the80itspod.com"
217.113.194.225 - - [16/Apr/2025:00:21:34 -0400] "GET /some-birthday-cake-ideas/feed/ HTTP/1.1" 200 388 "-" "Mozilla/5.0 (compatible; Barkrowler/0.9; +https://babbar.tech/crawler)"
2a03:2880:f800:13:: - - [16/Apr/2025:00:21:34 -0400] "GET /?p=582 HTTP/1.1" 301 0 "-" "meta-externalagent/1.1 (+https://developers.facebook.com/docs/sharing/webmasters/crawler)"
198.54.114.83 - - [16/Apr/2025:00:21:37 -0400] "POST /wp-cron.php?doing_wp_cron=1744777295.2328920364379882812500 HTTP/1.1" 200 0 "-" "WordPress/6.7.2; https://the80itspod.com"
2a03:2880:f800:2:: - - [16/Apr/2025:00:21:44 -0400] "GET /eine-kurze-geschichte-des-t-shirt-drucks/ HTTP/1.1" 200 12855 "-" "meta-externalagent/1.1 (+https://developers.facebook.com/docs/sharing/webmasters/crawler)"
217.113.194.226 - - [16/Apr/2025:00:21:53 -0400] "GET /asolo-hiking-boots/feed/ HTTP/1.1" 200 412 "-" "Mozilla/5.0 (compatible; Barkrowler/0.9; +https://babbar.tech/crawler)"
66.249.79.72 - - [16/Apr/2025:00:21:58 -0400] "GET /page/73/ HTTP/1.1" 200 13025 "-" "Mozilla/5.0 (Linux; Android 6.0.1; Nexus 5X Build/MMB29P) AppleWebKit/537.36 (KHTML, like Gecko) Chrome/135.0.7049.84 Mobile Safari/537.36 (compatible; Googlebot/2.1; +http://www.google.com/bot.html)"
217.113.194.223 - - [16/Apr/2025:00:22:12 -0400] "GET /buying-a-gaming-monitor/ HTTP/1.1" 200 11651 "-" "Mozilla/5.0 (compatible; Barkrowler/0.9; +https://babbar.tech/crawler)"
217.113.194.253 - - [16/Apr/2025:00:22:30 -0400] "GET /elevate-your-driving-experience/ HTTP/1.1" 200 11707 "-" "Mozilla/5.0 (compatible; Barkrowler/0.9; +https://babbar.tech/crawler)"
65.21.233.213 - - [16/Apr/2025:00:22:32 -0400] "GET /robots.txt HTTP/1.1" 200 112 "-" "Mozilla/5.0 (compatible; MJ12bot/v1.4.8; http://mj12bot.com/)"
198.54.114.83 - - [16/Apr/2025:00:22:52 -0400] "POST /wp-cron.php?doing_wp_cron=1744777371.0163550376892089843750 HTTP/1.1" 200 0 "-" "WordPress/6.7.2; https://the80itspod.com"
198.54.114.83 - - [16/Apr/2025:00:22:52 -0400] "POST /wp-cron.php?doing_wp_cron=1744777370.9726951122283935546875 HTTP/1.1" 200 0 "-" "WordPress/6.7.2; https://the80itspod.com"
217.113.194.229 - - [16/Apr/2025:00:22:50 -0400] "GET /club-tokens-and-chips/feed/ HTTP/1.1" 200 385 "-" "Mozilla/5.0 (compatible; Barkrowler/0.9; +https://babbar.tech/crawler)"
66.249.79.71 - - [16/Apr/2025:00:22:50 -0400] "GET /page/72/ HTTP/1.1" 200 13091 "-" "Mozilla/5.0 (Linux; Android 6.0.1; Nexus 5X Build/MMB29P) AppleWebKit/537.36 (KHTML, like Gecko) Chrome/135.0.7049.84 Mobile Safari/537.36 (compatible; Googlebot/2.1; +http://www.google.com/bot.html)"
66.249.79.71 - - [16/Apr/2025:00:23:02 -0400] "GET /fleet-insurance-for-businesses-that-operate-vehicles/feed/ HTTP/1.1" 200 420 "-" "Mozilla/5.0 (Linux; Android 6.0.1; Nexus 5X Build/MMB29P) AppleWebKit/537.36 (KHTML, like Gecko) Chrome/135.0.7049.84 Mobile Safari/537.36 (compatible; Googlebot/2.1; +http://www.google.com/bot.html)"
217.113.194.229 - - [16/Apr/2025:00:23:09 -0400] "GET /une-touche-de-modernite/ HTTP/1.1" 200 11774 "-" "Mozilla/5.0 (compatible; Barkrowler/0.9; +https://babbar.tech/crawler)"
217.113.194.231 - - [16/Apr/2025:00:23:26 -0400] "GET /best-extracts-online-in-canada/ HTTP/1.1" 200 11618 "-" "Mozilla/5.0 (compatible; Barkrowler/0.9; +https://babbar.tech/crawler)"
217.113.194.231 - - [16/Apr/2025:00:23:42 -0400] "GET /top-refrigeration-scales/feed/ HTTP/1.1" 200 387 "-" "Mozilla/5.0 (compatible; Barkrowler/0.9; +https://babbar.tech/crawler)"
66.249.79.71 - - [16/Apr/2025:00:23:47 -0400] "GET /free-fire-max-download-pc/ HTTP/1.1" 200 17859 "-" "Mozilla/5.0 (Linux; Android 6.0.1; Nexus 5X Build/MMB29P) AppleWebKit/537.36 (KHTML, like Gecko) Chrome/135.0.7049.84 Mobile Safari/537.36 (compatible; Googlebot/2.1; +http://www.google.com/bot.html)"
65.21.233.213 - - [16/Apr/2025:00:23:48 -0400] "GET /virtual-receptionists-are-changing-the-game-for-businesses/ HTTP/1.1" 200 11890 "-" "Mozilla/5.0 (compatible; MJ12bot/v1.4.8; http://mj12bot.com/)"
198.54.114.83 - - [16/Apr/2025:00:24:04 -0400] "POST /wp-cron.php?doing_wp_cron=1744777444.4582729339599609375000 HTTP/1.1" 200 0 "-" "WordPress/6.7.2; https://the80itspod.com"
66.249.79.71 - - [16/Apr/2025:00:24:03 -0400] "GET /nursery-lafayette-louisiana/feed/ HTTP/1.1" 200 389 "-" "Mozilla/5.0 (Linux; Android 6.0.1; Nexus 5X Build/MMB29P) AppleWebKit/537.36 (KHTML, like Gecko) Chrome/135.0.7049.84 Mobile Safari/537.36 (compatible; Googlebot/2.1; +http://www.google.com/bot.html)"
217.113.194.231 - - [16/Apr/2025:00:24:03 -0400] "GET /extending-a-helping-hand/feed/ HTTP/1.1" 200 387 "-" "Mozilla/5.0 (compatible; Barkrowler/0.9; +https://babbar.tech/crawler)"
198.54.114.83 - - [16/Apr/2025:00:24:07 -0400] "POST /wp-admin/admin-ajax.php?action=async_litespeed&nonce=8sjFDCUhKSpU5BBTzI0r4SCOSyA9uOfZ&litespeed_type=imgoptm HTTP/1.1" 200 0 "-" "WordPress/6.7.2; https://the80itspod.com"
52.167.144.162 - - [16/Apr/2025:00:24:08 -0400] "GET /la-tranquillite-desprit-avec-lassurance-rc/ HTTP/1.1" 200 12014 "-" "Mozilla/5.0 AppleWebKit/537.36 (KHTML, like Gecko; compatible; bingbot/2.0; +http://www.bing.com/bingbot.htm) Chrome/116.0.1938.76 Safari/537.36"
198.54.114.83 - - [16/Apr/2025:00:24:26 -0400] "POST /wp-cron.php?doing_wp_cron=1744777464.4453670978546142578125 HTTP/1.1" 200 0 "-" "WordPress/6.7.2; https://the80itspod.com"
217.113.194.230 - - [16/Apr/2025:00:24:22 -0400] "GET /property-la-duquesa/feed/ HTTP/1.1" 200 379 "-" "Mozilla/5.0 (compatible; Barkrowler/0.9; +https://babbar.tech/crawler)"
54.36.148.217 - - [16/Apr/2025:00:24:37 -0400] "GET /category/activity/page/69/ HTTP/1.1" 200 11274 "-" "Mozilla/5.0 (compatible; AhrefsBot/7.0; +http://ahrefs.com/robot/)"
217.113.194.253 - - [16/Apr/2025:00:24:47 -0400] "GET /what-are-runner-rugs/feed/ HTTP/1.1" 200 385 "-" "Mozilla/5.0 (compatible; Barkrowler/0.9; +https://babbar.tech/crawler)"
156.228.174.24 - - [16/Apr/2025:00:25:01 -0400] "GET /advantages-of-factory-automation/ HTTP/1.1" 200 12288 "-" "Mozilla/5.0 (Windows NT 10.0; Win64; x64; rv:114.0) Gecko/20100101 Firefox/114.0"
217.113.194.222 - - [16/Apr/2025:00:25:08 -0400] "GET /from-niche-to-mainstream/feed/ HTTP/1.1" 200 389 "-" "Mozilla/5.0 (compatible; Barkrowler/0.9; +https://babbar.tech/crawler)"
217.113.194.230 - - [16/Apr/2025:00:25:26 -0400] "GET /mk-bags-on-sale/feed/ HTTP/1.1" 200 379 "-" "Mozilla/5.0 (compatible; Barkrowler/0.9; +https://babbar.tech/crawler)"
198.54.114.83 - - [16/Apr/2025:00:25:30 -0400] "POST /wp-cron.php?doing_wp_cron=1744777527.4659080505371093750000 HTTP/1.1" 200 0 "-" "WordPress/6.7.2; https://the80itspod.com"
2a03:2880:f800:e:: - - [16/Apr/2025:00:25:32 -0400] "GET /?p=579 HTTP/1.1" 301 0 "-" "meta-externalagent/1.1 (+https://developers.facebook.com/docs/sharing/webmasters/crawler)"
2a03:2880:f800:1c:: - - [16/Apr/2025:00:25:37 -0400] "GET /vegan-beauty-products/ HTTP/1.1" 200 12552 "-" "meta-externalagent/1.1 (+https://developers.facebook.com/docs/sharing/webmasters/crawler)"
154.54.249.217 - - [16/Apr/2025:00:25:47 -0400] "GET /how-to-create-a-youtube-playlist/feed/ HTTP/1.1" 200 403 "-" "Mozilla/5.0 (compatible; Barkrowler/0.9; +https://babbar.tech/crawler)"
3.134.112.111 - - [16/Apr/2025:00:25:59 -0400] "GET /wp-json/oembed/1.0/embed?url=https%3A%2F%2Fthe80itspod.com%2Fthe-digital-frontier-exploring-the-phenomenon-of-online-casinos%2F HTTP/1.1" 200 2437 "-" "Mozilla/5.0 AppleWebKit/537.36 (KHTML, like Gecko; compatible; ClaudeBot/1.0; +claudebot@anthropic.com)"
217.113.194.253 - - [16/Apr/2025:00:26:06 -0400] "GET /how-to-buy-youtube-comment-likes/ HTTP/1.1" 200 12170 "-" "Mozilla/5.0 (compatible; Barkrowler/0.9; +https://babbar.tech/crawler)"
217.113.194.231 - - [16/Apr/2025:00:26:24 -0400] "GET /how-to-watch-ticket-to-paradise/ HTTP/1.1" 200 13676 "-" "Mozilla/5.0 (compatible; Barkrowler/0.9; +https://babbar.tech/crawler)"
2a03:2880:f800:f:: - - [16/Apr/2025:00:26:45 -0400] "GET /used-bugatti-for-sale/feed/ HTTP/1.1" 200 386 "-" "meta-externalagent/1.1 (+https://developers.facebook.com/docs/sharing/webmasters/crawler)"
198.54.114.83 - - [16/Apr/2025:00:26:46 -0400] "POST /wp-cron.php?doing_wp_cron=1744777605.7398679256439208984375 HTTP/1.1" 200 0 "-" "WordPress/6.7.2; https://the80itspod.com"
217.113.194.226 - - [16/Apr/2025:00:26:45 -0400] "GET /how-to-change-the-language-on-google/ HTTP/1.1" 200 13172 "-" "Mozilla/5.0 (compatible; Barkrowler/0.9; +https://babbar.tech/crawler)"
217.113.194.225 - - [16/Apr/2025:00:27:05 -0400] "GET /how-to-predict-tennis-matches/feed/ HTTP/1.1" 200 395 "-" "Mozilla/5.0 (compatible; Barkrowler/0.9; +https://babbar.tech/crawler)"
146.103.10.20 - - [16/Apr/2025:00:27:22 -0400] "GET /2024/10/ HTTP/1.1" 301 0 "-" "Mozilla/5.0 (Windows; U; Windows NT 6.1; it; rv:1.9.2.3) Gecko/20100401 Firefox/3.6.3"
217.113.194.225 - - [16/Apr/2025:00:27:23 -0400] "GET /how-to-open-a-company-in-singapore/ HTTP/1.1" 200 11705 "-" "Mozilla/5.0 (compatible; Barkrowler/0.9; +https://babbar.tech/crawler)"
140.228.23.83 - - [16/Apr/2025:00:27:24 -0400] "GET / HTTP/1.1" 200 13048 "-" "Mozilla/5.0 (Windows; U; Windows NT 6.1; it; rv:1.9.2.3) Gecko/20100401 Firefox/3.6.3"
217.113.194.230 - - [16/Apr/2025:00:27:41 -0400] "GET /lampe-de-chevet-tactile/feed/ HTTP/1.1" 200 383 "-" "Mozilla/5.0 (compatible; Barkrowler/0.9; +https://babbar.tech/crawler)"
198.54.114.83 - - [16/Apr/2025:00:28:01 -0400] "POST /wp-cron.php?doing_wp_cron=1744777679.9183731079101562500000 HTTP/1.1" 200 0 "-" "WordPress/6.7.2; https://the80itspod.com"
54.36.148.92 - - [16/Apr/2025:00:28:00 -0400] "GET /comment-creer-de-belles-images-de-bijoux-pour-votre-site-web/ HTTP/1.1" 200 12543 "-" "Mozilla/5.0 (compatible; AhrefsBot/7.0; +http://ahrefs.com/robot/)"
217.113.194.225 - - [16/Apr/2025:00:27:59 -0400] "GET /glutathione-injection/ HTTP/1.1" 200 11736 "-" "Mozilla/5.0 (compatible; Barkrowler/0.9; +https://babbar.tech/crawler)"
217.113.194.230 - - [16/Apr/2025:00:28:19 -0400] "GET /glutathione-injection/feed/ HTTP/1.1" 200 379 "-" "Mozilla/5.0 (compatible; Barkrowler/0.9; +https://babbar.tech/crawler)"
217.113.194.230 - - [16/Apr/2025:00:28:37 -0400] "GET /kassia-location-map/feed/ HTTP/1.1" 200 380 "-" "Mozilla/5.0 (compatible; Barkrowler/0.9; +https://babbar.tech/crawler)"
2a03:2880:f800:1b:: - - [16/Apr/2025:00:28:51 -0400] "GET /wp-json/oembed/1.0/embed?url=https%3A%2F%2Fthe80itspod.com%2Fune-touche-unique-pour-votre-table%2F HTTP/1.1" 200 2307 "-" "meta-externalagent/1.1 (+https://developers.facebook.com/docs/sharing/webmasters/crawler)"
217.113.194.222 - - [16/Apr/2025:00:28:56 -0400] "GET /vita-glow-night-cream-review/ HTTP/1.1" 200 11671 "-" "Mozilla/5.0 (compatible; Barkrowler/0.9; +https://babbar.tech/crawler)"
94.46.220.6 - - [16/Apr/2025:00:29:04 -0400] "GET /cbd-uk-what-is-it/ HTTP/1.1" 200 15151 "https://the80itspod.com/cbd-uk-what-is-it/#comment-51557" "Mozilla/5.0 (Windows NT 10.0; Win64; x64) AppleWebKit/537.36 (KHTML, like Gecko) Chrome/130.0.0.0 Safari/537.36 CCleaner/130.0.0.0"
217.113.194.229 - - [16/Apr/2025:00:29:18 -0400] "GET /iphone-xr-troubleshooting/feed/ HTTP/1.1" 200 386 "-" "Mozilla/5.0 (compatible; Barkrowler/0.9; +https://babbar.tech/crawler)"
209.17.114.78 - - [16/Apr/2025:00:29:21 -0400] "GET /wp-login.php HTTP/1.1" 200 0 "http://the80itspod.com" "Mozilla/5.0 (Windows NT 10.0; Win64; x64) AppleWebKit/537.36 (KHTML, like Gecko) Chrome/116.0.5845.96 Safari/537.36"
217.113.194.231 - - [16/Apr/2025:00:29:38 -0400] "GET /the-science-behind-anti-aging/feed/ HTTP/1.1" 200 395 "-" "Mozilla/5.0 (compatible; Barkrowler/0.9; +https://babbar.tech/crawler)"
154.54.249.217 - - [16/Apr/2025:00:30:01 -0400] "GET /why-choose-a-bamboo-tee/feed/ HTTP/1.1" 200 388 "-" "Mozilla/5.0 (compatible; Barkrowler/0.9; +https://babbar.tech/crawler)"
129.226.64.249 - - [16/Apr/2025:00:30:07 -0400] "GET /glow-products-for-partying-in-a-unique-idea/ HTTP/1.1" 200 12120 "-" "Python/3.10 aiohttp/3.10.5"
217.113.194.227 - - [16/Apr/2025:00:30:24 -0400] "GET /what-is-a-portable-fire-pump/ HTTP/1.1" 200 12090 "-" "Mozilla/5.0 (compatible; Barkrowler/0.9; +https://babbar.tech/crawler)"
154.54.249.217 - - [16/Apr/2025:00:30:45 -0400] "GET /what-is-a-bitcoin-mixer/feed/ HTTP/1.1" 200 391 "-" "Mozilla/5.0 (compatible; Barkrowler/0.9; +https://babbar.tech/crawler)"
154.54.249.217 - - [16/Apr/2025:00:31:03 -0400] "GET /buy-youtube-views-for-less/feed/ HTTP/1.1" 200 396 "-" "Mozilla/5.0 (compatible; Barkrowler/0.9; +https://babbar.tech/crawler)"
198.54.114.83 - - [16/Apr/2025:00:31:23 -0400] "POST /wp-cron.php?doing_wp_cron=1744777882.3739619255065917968750 HTTP/1.1" 200 0 "-" "WordPress/6.7.2; https://the80itspod.com"
217.113.194.224 - - [16/Apr/2025:00:31:21 -0400] "GET /buy-itunes-gift-card/feed/ HTTP/1.1" 200 388 "-" "Mozilla/5.0 (compatible; Barkrowler/0.9; +https://babbar.tech/crawler)"
54.36.148.125 - - [16/Apr/2025:00:31:23 -0400] "GET /instant-hot-water-tap/feed/ HTTP/1.1" 304 0 "-" "Mozilla/5.0 (compatible; AhrefsBot/7.0; +http://ahrefs.com/robot/)"
217.113.194.223 - - [16/Apr/2025:00:31:41 -0400] "GET /a-modern-gaming-experience/feed/ HTTP/1.1" 200 390 "-" "Mozilla/5.0 (compatible; Barkrowler/0.9; +https://babbar.tech/crawler)"
47.238.13.3 - - [16/Apr/2025:00:31:59 -0400] "GET /a-virtual-gateway-to-paradise HTTP/1.1" 301 0 "-" "Mozilla/5.0 (Macintosh; Intel Mac OS X 10_15_7) AppleWebKit/537.36 (KHTML, like Gecko) Chrome/109.0.0.0 Safari/537.36"
217.113.194.229 - - [16/Apr/2025:00:32:00 -0400] "GET /quest-ce-que-le-cbd/feed/ HTTP/1.1" 200 392 "-" "Mozilla/5.0 (compatible; Barkrowler/0.9; +https://babbar.tech/crawler)"
47.238.13.3 - - [16/Apr/2025:00:32:01 -0400] "GET /a-virtual-gateway-to-paradise/ HTTP/1.1" 200 11895 "https://the80itspod.com/a-virtual-gateway-to-paradise" "Mozilla/5.0 (Macintosh; Intel Mac OS X 10_15_7) AppleWebKit/537.36 (KHTML, like Gecko) Chrome/109.0.0.0 Safari/537.36"
217.113.194.222 - - [16/Apr/2025:00:32:18 -0400] "GET /la-magie-des-peluches-pokemon/feed/ HTTP/1.1" 200 403 "-" "Mozilla/5.0 (compatible; Barkrowler/0.9; +https://babbar.tech/crawler)"
217.113.194.222 - - [16/Apr/2025:00:32:37 -0400] "GET /nursery-lafayette-louisiana/feed/ HTTP/1.1" 200 389 "-" "Mozilla/5.0 (compatible; Barkrowler/0.9; +https://babbar.tech/crawler)"
217.113.194.223 - - [16/Apr/2025:00:32:54 -0400] "GET /american-football-history/feed/ HTTP/1.1" 200 382 "-" "Mozilla/5.0 (compatible; Barkrowler/0.9; +https://babbar.tech/crawler)"
198.54.114.83 - - [16/Apr/2025:00:33:15 -0400] "POST /wp-cron.php?doing_wp_cron=1744777994.6250948905944824218750 HTTP/1.1" 200 0 "-" "WordPress/6.7.2; https://the80itspod.com"
217.113.194.225 - - [16/Apr/2025:00:33:13 -0400] "GET /fine-pitch-led-display/feed/ HTTP/1.1" 200 386 "-" "Mozilla/5.0 (compatible; Barkrowler/0.9; +https://babbar.tech/crawler)"
217.113.194.224 - - [16/Apr/2025:00:33:32 -0400] "GET /funko-pop-naruto/ HTTP/1.1" 200 11742 "-" "Mozilla/5.0 (compatible; Barkrowler/0.9; +https://babbar.tech/crawler)"
217.113.194.226 - - [16/Apr/2025:00:33:49 -0400] "GET /benefits-of-basement-finishing/ HTTP/1.1" 200 12922 "-" "Mozilla/5.0 (compatible; Barkrowler/0.9; +https://babbar.tech/crawler)"
217.113.194.222 - - [16/Apr/2025:00:34:07 -0400] "GET /benefits-of-basement-finishing/feed/ HTTP/1.1" 200 395 "-" "Mozilla/5.0 (compatible; Barkrowler/0.9; +https://babbar.tech/crawler)"
217.113.194.225 - - [16/Apr/2025:00:34:27 -0400] "GET /instant-hot-water-tap/feed/ HTTP/1.1" 200 383 "-" "Mozilla/5.0 (compatible; Barkrowler/0.9; +https://babbar.tech/crawler)"
198.54.114.83 - - [16/Apr/2025:00:34:33 -0400] "POST /wp-cron.php?doing_wp_cron=1744778068.2229490280151367187500 HTTP/1.1" 200 0 "-" "WordPress/6.7.2; https://the80itspod.com"
217.113.194.227 - - [16/Apr/2025:00:34:50 -0400] "GET /in-home-nursing-care-toronto/feed/ HTTP/1.1" 200 394 "-" "Mozilla/5.0 (compatible; Barkrowler/0.9; +https://babbar.tech/crawler)"
54.36.148.254 - - [16/Apr/2025:00:34:53 -0400] "GET /the-video-game-development-world-the-tricks-of-the-trade/ HTTP/1.1" 200 12767 "-" "Mozilla/5.0 (compatible; AhrefsBot/7.0; +http://ahrefs.com/robot/)"
217.113.194.223 - - [16/Apr/2025:00:35:10 -0400] "GET /in-home-nursing-care-toronto/ HTTP/1.1" 200 12381 "-" "Mozilla/5.0 (compatible; Barkrowler/0.9; +https://babbar.tech/crawler)"
217.113.194.223 - - [16/Apr/2025:00:35:35 -0400] "GET /initial-public-offering-services/ HTTP/1.1" 200 12546 "-" "Mozilla/5.0 (compatible; Barkrowler/0.9; +https://babbar.tech/crawler)"
217.113.194.231 - - [16/Apr/2025:00:35:56 -0400] "GET /integrative-medicine-austin/feed/ HTTP/1.1" 200 382 "-" "Mozilla/5.0 (compatible; Barkrowler/0.9; +https://babbar.tech/crawler)"
198.54.114.83 - - [16/Apr/2025:00:36:00 -0400] "POST /wp-cron.php?doing_wp_cron=1744778157.4413890838623046875000 HTTP/1.1" 200 0 "-" "WordPress/6.7.2; https://the80itspod.com"
154.54.249.217 - - [16/Apr/2025:00:36:17 -0400] "GET /flathead-lake-cruises-2/ HTTP/1.1" 200 12604 "-" "Mozilla/5.0 (compatible; Barkrowler/0.9; +https://babbar.tech/crawler)"
217.113.194.223 - - [16/Apr/2025:00:36:38 -0400] "GET /understanding-football-odds/feed/ HTTP/1.1" 200 388 "-" "Mozilla/5.0 (compatible; Barkrowler/0.9; +https://babbar.tech/crawler)"
217.113.194.228 - - [16/Apr/2025:00:36:55 -0400] "GET /michael-kors-bags-on-sale/feed/ HTTP/1.1" 200 388 "-" "Mozilla/5.0 (compatible; Barkrowler/0.9; +https://babbar.tech/crawler)"
217.113.194.228 - - [16/Apr/2025:00:37:13 -0400] "GET /michael-kors-bags-sales/feed/ HTTP/1.1" 200 380 "-" "Mozilla/5.0 (compatible; Barkrowler/0.9; +https://babbar.tech/crawler)"
198.54.114.83 - - [16/Apr/2025:00:37:25 -0400] "POST /wp-cron.php?doing_wp_cron=1744778244.3645019531250000000000 HTTP/1.1" 200 0 "-" "WordPress/6.7.2; https://the80itspod.com"
66.249.79.66 - - [16/Apr/2025:00:37:23 -0400] "GET /effiziente-wohnungsauflosungen-in-luneburg/ HTTP/1.1" 200 11810 "-" "Mozilla/5.0 (Linux; Android 6.0.1; Nexus 5X Build/MMB29P) AppleWebKit/537.36 (KHTML, like Gecko) Chrome/135.0.7049.84 Mobile Safari/537.36 (compatible; Googlebot/2.1; +http://www.google.com/bot.html)"
217.113.194.231 - - [16/Apr/2025:00:37:30 -0400] "GET /financial-planning-and-organisation/feed/ HTTP/1.1" 200 392 "-" "Mozilla/5.0 (compatible; Barkrowler/0.9; +https://babbar.tech/crawler)"
40.77.167.73 - - [16/Apr/2025:00:37:36 -0400] "GET /sitemap_index.xml HTTP/1.1" 200 294 "-" "Mozilla/5.0 AppleWebKit/537.36 (KHTML, like Gecko; compatible; bingbot/2.0; +http://www.bing.com/bingbot.htm) Chrome/116.0.1938.76 Safari/537.36"
54.36.148.197 - - [16/Apr/2025:00:37:48 -0400] "GET /how-to-overcome-fear-and-relationships/feed/ HTTP/1.1" 304 0 "-" "Mozilla/5.0 (compatible; AhrefsBot/7.0; +http://ahrefs.com/robot/)"
217.113.194.231 - - [16/Apr/2025:00:37:48 -0400] "GET /cbd-oil-uk/feed/ HTTP/1.1" 200 371 "-" "Mozilla/5.0 (compatible; Barkrowler/0.9; +https://babbar.tech/crawler)"
217.113.194.225 - - [16/Apr/2025:00:38:06 -0400] "GET /options-danesthesie-dentaire/ HTTP/1.1" 200 11981 "-" "Mozilla/5.0 (compatible; Barkrowler/0.9; +https://babbar.tech/crawler)"
217.113.194.225 - - [16/Apr/2025:00:38:24 -0400] "GET /options-danesthesie-dentaire/feed/ HTTP/1.1" 200 401 "-" "Mozilla/5.0 (compatible; Barkrowler/0.9; +https://babbar.tech/crawler)"
198.54.114.83 - - [16/Apr/2025:00:38:28 -0400] "POST /wp-cron.php?doing_wp_cron=1744778305.2045130729675292968750 HTTP/1.1" 200 0 "-" "WordPress/6.7.2; https://the80itspod.com"
217.113.194.228 - - [16/Apr/2025:00:38:45 -0400] "GET /umzuge-luneburg/feed/ HTTP/1.1" 200 383 "-" "Mozilla/5.0 (compatible; Barkrowler/0.9; +https://babbar.tech/crawler)"
40.77.167.235 - - [16/Apr/2025:00:38:52 -0400] "GET /sitemap.xml HTTP/1.1" 301 0 "-" "Mozilla/5.0 AppleWebKit/537.36 (KHTML, like Gecko; compatible; bingbot/2.0; +http://www.bing.com/bingbot.htm) Chrome/116.0.1938.76 Safari/537.36"
85.208.96.206 - - [16/Apr/2025:00:38:56 -0400] "GET /category/health/ HTTP/1.1" 200 9587 "-" "Mozilla/5.0 (compatible; SemrushBot/7~bl; +http://www.semrush.com/bot.html)"
40.77.167.235 - - [16/Apr/2025:00:38:55 -0400] "GET /sitemap_index.xml HTTP/1.1" 200 294 "-" "Mozilla/5.0 AppleWebKit/537.36 (KHTML, like Gecko; compatible; bingbot/2.0; +http://www.bing.com/bingbot.htm) Chrome/116.0.1938.76 Safari/537.36"
217.113.194.253 - - [16/Apr/2025:00:39:04 -0400] "GET /gadget-stile-di-vita/feed/ HTTP/1.1" 200 386 "-" "Mozilla/5.0 (compatible; Barkrowler/0.9; +https://babbar.tech/crawler)"
43.132.229.118 - - [16/Apr/2025:00:39:13 -0400] "GET /why-you-shouldnt-buy-youtube-subscribers/ HTTP/1.1" 200 11659 "-" "Python/3.10 aiohttp/3.10.5"
66.249.79.67 - - [16/Apr/2025:00:39:16 -0400] "GET /factors-to-consider-when-choosing-a-fire-nozzle/ HTTP/1.1" 200 12350 "-" "Mozilla/5.0 (Linux; Android 6.0.1; Nexus 5X Build/MMB29P) AppleWebKit/537.36 (KHTML, like Gecko) Chrome/135.0.7049.84 Mobile Safari/537.36 (compatible; Googlebot/2.1; +http://www.google.com/bot.html)"
217.113.194.222 - - [16/Apr/2025:00:39:23 -0400] "GET /fire-and-water-restoration/feed/ HTTP/1.1" 200 387 "-" "Mozilla/5.0 (compatible; Barkrowler/0.9; +https://babbar.tech/crawler)"
217.113.194.227 - - [16/Apr/2025:00:39:40 -0400] "GET /guitar-hero-3-setliste/feed/ HTTP/1.1" 200 387 "-" "Mozilla/5.0 (compatible; Barkrowler/0.9; +https://babbar.tech/crawler)"
217.113.194.224 - - [16/Apr/2025:00:39:57 -0400] "GET /convenience-and-accessibility/feed/ HTTP/1.1" 200 385 "-" "Mozilla/5.0 (compatible; Barkrowler/0.9; +https://babbar.tech/crawler)"
198.54.114.83 - - [16/Apr/2025:00:40:01 -0400] "POST /wp-cron.php?doing_wp_cron=1744778398.4390358924865722656250 HTTP/1.1" 200 0 "-" "WordPress/6.7.2; https://the80itspod.com"
217.113.194.222 - - [16/Apr/2025:00:40:19 -0400] "GET /the-digital-casino-landscape/feed/ HTTP/1.1" 200 391 "-" "Mozilla/5.0 (compatible; Barkrowler/0.9; +https://babbar.tech/crawler)"
217.113.194.222 - - [16/Apr/2025:00:40:37 -0400] "GET /the-power-of-part-time-employment/ HTTP/1.1" 200 11823 "-" "Mozilla/5.0 (compatible; Barkrowler/0.9; +https://babbar.tech/crawler)"
217.113.194.229 - - [16/Apr/2025:00:40:57 -0400] "GET /automotive-locksmith-services/ HTTP/1.1" 200 12100 "-" "Mozilla/5.0 (compatible; Barkrowler/0.9; +https://babbar.tech/crawler)"
54.36.148.120 - - [16/Apr/2025:00:41:02 -0400] "GET /a-few-common-problems-with-dometic-refrigerators/ HTTP/1.1" 200 12538 "-" "Mozilla/5.0 (compatible; AhrefsBot/7.0; +http://ahrefs.com/robot/)"
217.113.194.231 - - [16/Apr/2025:00:41:18 -0400] "GET /comment-faire-du-slime-blanc/ HTTP/1.1" 200 12789 "-" "Mozilla/5.0 (compatible; Barkrowler/0.9; +https://babbar.tech/crawler)"
198.54.114.83 - - [16/Apr/2025:00:41:22 -0400] "POST /wp-cron.php?doing_wp_cron=1744778479.3747699260711669921875 HTTP/1.1" 200 0 "-" "WordPress/6.7.2; https://the80itspod.com"
