217.113.194.231 - - [16/Apr/2025:00:41:39 -0400] "GET /kindle-fire-troubleshooting/feed/ HTTP/1.1" 200 390 "-" "Mozilla/5.0 (compatible; Barkrowler/0.9; +https://babbar.tech/crawler)"
217.113.194.229 - - [16/Apr/2025:00:41:56 -0400] "GET /bookmakers-closing-times/feed/ HTTP/1.1" 200 384 "-" "Mozilla/5.0 (compatible; Barkrowler/0.9; +https://babbar.tech/crawler)"
47.128.25.208 - - [16/Apr/2025:00:42:01 -0400] "GET / HTTP/1.1" 200 13048 "-" "Mozilla/5.0 (Linux; Android 5.0) AppleWebKit/537.36 (KHTML, like Gecko) Mobile Safari/537.36 (compatible; Bytespider; spider-feedback@bytedance.com)"
217.113.194.226 - - [16/Apr/2025:00:42:13 -0400] "GET /diamond-painting-zubehor/feed/ HTTP/1.1" 200 390 "-" "Mozilla/5.0 (compatible; Barkrowler/0.9; +https://babbar.tech/crawler)"
37.46.112.100 - - [16/Apr/2025:00:42:15 -0400] "GET /wp-login.php HTTP/1.1" 200 1760 "http://the80itspod.com" "Mozilla/5.0 (Macintosh; Intel Mac OS X 10_15_7) AppleWebKit/537.36 (KHTML, like Gecko) Chrome/114.0.5735.134 Safari/537.36"
198.54.114.83 - - [16/Apr/2025:00:42:35 -0400] "POST /wp-cron.php?doing_wp_cron=1744778553.4468839168548583984375 HTTP/1.1" 200 0 "-" "WordPress/6.7.2; https://the80itspod.com"
217.113.194.222 - - [16/Apr/2025:00:42:33 -0400] "GET /top-5-playstation-5-games/ HTTP/1.1" 200 11872 "-" "Mozilla/5.0 (compatible; Barkrowler/0.9; +https://babbar.tech/crawler)"
217.113.194.223 - - [16/Apr/2025:00:42:52 -0400] "GET /vol-en-sac-a-dos-en-chine/feed/ HTTP/1.1" 200 399 "-" "Mozilla/5.0 (compatible; Barkrowler/0.9; +https://babbar.tech/crawler)"
217.113.194.227 - - [16/Apr/2025:00:43:10 -0400] "GET /what-are-family-mediation-services/ HTTP/1.1" 200 12438 "-" "Mozilla/5.0 (compatible; Barkrowler/0.9; +https://babbar.tech/crawler)"
217.113.194.227 - - [16/Apr/2025:00:43:26 -0400] "GET /what-are-matter-residences/feed/ HTTP/1.1" 200 391 "-" "Mozilla/5.0 (compatible; Barkrowler/0.9; +https://babbar.tech/crawler)"
198.54.114.83 - - [16/Apr/2025:00:43:47 -0400] "POST /wp-cron.php?doing_wp_cron=1744778626.7079761028289794921875 HTTP/1.1" 200 0 "-" "WordPress/6.7.2; https://the80itspod.com"
217.113.194.228 - - [16/Apr/2025:00:43:46 -0400] "GET /what-are-sae-bolts/feed/ HTTP/1.1" 200 385 "-" "Mozilla/5.0 (compatible; Barkrowler/0.9; +https://babbar.tech/crawler)"
198.54.114.83 - - [16/Apr/2025:00:43:50 -0400] "POST /wp-admin/admin-ajax.php?action=async_litespeed&nonce=8K7iptsc3NX7GxmRKurZ3f7SkFHfgV92&litespeed_type=imgoptm HTTP/1.1" 200 0 "-" "WordPress/6.7.2; https://the80itspod.com"
154.54.249.217 - - [16/Apr/2025:00:44:05 -0400] "GET /collier-de-lait-maternel/feed/ HTTP/1.1" 200 387 "-" "Mozilla/5.0 (compatible; Barkrowler/0.9; +https://babbar.tech/crawler)"
54.36.148.113 - - [16/Apr/2025:00:44:05 -0400] "GET /die-perfekte-moderne-hangelampe-fur-ihr-zuhause/feed/ HTTP/1.1" 304 0 "-" "Mozilla/5.0 (compatible; AhrefsBot/7.0; +http://ahrefs.com/robot/)"
217.113.194.229 - - [16/Apr/2025:00:44:22 -0400] "GET /17-ways-to-increase-your-youtube-views/ HTTP/1.1" 200 11785 "-" "Mozilla/5.0 (compatible; Barkrowler/0.9; +https://babbar.tech/crawler)"
198.54.114.83 - - [16/Apr/2025:00:44:25 -0400] "POST /wp-cron.php?doing_wp_cron=1744778663.0673320293426513671875 HTTP/1.1" 200 0 "-" "WordPress/6.7.2; https://the80itspod.com"
2a03:2880:f800:c:: - - [16/Apr/2025:00:44:33 -0400] "GET /decoding-youtube-views-unveiling-the-metrics-behind-digital-stardom/ HTTP/1.1" 200 11810 "-" "meta-externalagent/1.1 (+https://developers.facebook.com/docs/sharing/webmasters/crawler)"
217.113.194.231 - - [16/Apr/2025:00:44:41 -0400] "GET /how-to-promote-real-estate-listings/feed/ HTTP/1.1" 200 403 "-" "Mozilla/5.0 (compatible; Barkrowler/0.9; +https://babbar.tech/crawler)"
217.113.194.226 - - [16/Apr/2025:00:45:00 -0400] "GET /how-to-promote-real-estate-listings/ HTTP/1.1" 200 11734 "-" "Mozilla/5.0 (compatible; Barkrowler/0.9; +https://babbar.tech/crawler)"
217.113.194.222 - - [16/Apr/2025:00:45:17 -0400] "GET /how-to-find-a-caregiver-near-me/ HTTP/1.1" 200 11754 "-" "Mozilla/5.0 (compatible; Barkrowler/0.9; +https://babbar.tech/crawler)"
198.54.114.83 - - [16/Apr/2025:00:45:24 -0400] "POST /wp-cron.php?doing_wp_cron=1744778724.0512909889221191406250 HTTP/1.1" 200 0 "-" "WordPress/6.7.2; https://the80itspod.com"
2a03:2880:f800:9:: - - [16/Apr/2025:00:45:24 -0400] "GET /choosing-the-right-portable-fire-fighting-pump/ HTTP/1.1" 200 12189 "-" "meta-externalagent/1.1 (+https://developers.facebook.com/docs/sharing/webmasters/crawler)"
43.154.87.57 - - [16/Apr/2025:00:45:23 -0400] "GET /dometic-dometic-parts-failures/ HTTP/1.1" 200 11674 "-" "Python/3.10 aiohttp/3.10.5"
198.54.114.83 - - [16/Apr/2025:00:45:27 -0400] "POST /wp-admin/admin-ajax.php?action=async_litespeed&nonce=dEGV5WjRqJPyYDvY6XggBCvhKcTbQbIE&litespeed_type=imgoptm HTTP/1.1" 200 0 "-" "WordPress/6.7.2; https://the80itspod.com"
47.128.63.43 - - [16/Apr/2025:00:45:31 -0400] "GET / HTTP/1.1" 200 13048 "-" "Mozilla/5.0 (Linux; Android 5.0) AppleWebKit/537.36 (KHTML, like Gecko) Mobile Safari/537.36 (compatible; Bytespider; spider-feedback@bytedance.com)"
217.113.194.229 - - [16/Apr/2025:00:45:36 -0400] "GET /how-to-screenshot-on-roblox/feed/ HTTP/1.1" 200 405 "-" "Mozilla/5.0 (compatible; Barkrowler/0.9; +https://babbar.tech/crawler)"
217.113.194.228 - - [16/Apr/2025:00:45:54 -0400] "GET /how-to-make-strawberry-puree/feed/ HTTP/1.1" 200 398 "-" "Mozilla/5.0 (compatible; Barkrowler/0.9; +https://babbar.tech/crawler)"
27.42.99.212 - - [16/Apr/2025:00:46:06 -0400] "GET /vacation-rentals-in-cartagena-colombia/ HTTP/1.1" 200 12379 "-" "Mozilla/5.0 (Windows NT 6.1; WOW64) AppleWebKit/537.36 (KHTML, like Gecko) Chrome/34.0.1847.131 Safari/537.36"
217.113.194.224 - - [16/Apr/2025:00:46:12 -0400] "GET /how-to-make-stuffed-cabbage/feed/ HTTP/1.1" 200 397 "-" "Mozilla/5.0 (compatible; Barkrowler/0.9; +https://babbar.tech/crawler)"
198.54.114.83 - - [16/Apr/2025:00:46:33 -0400] "POST /wp-cron.php?doing_wp_cron=1744778791.9356679916381835937500 HTTP/1.1" 200 0 "-" "WordPress/6.7.2; https://the80itspod.com"
217.113.194.228 - - [16/Apr/2025:00:46:31 -0400] "GET /how-to-buy-youtube-comment-likes/feed/ HTTP/1.1" 200 402 "-" "Mozilla/5.0 (compatible; Barkrowler/0.9; +https://babbar.tech/crawler)"
154.54.249.217 - - [16/Apr/2025:00:46:50 -0400] "GET /how-to-watch-free-sports-tv-online/feed/ HTTP/1.1" 200 402 "-" "Mozilla/5.0 (compatible; Barkrowler/0.9; +https://babbar.tech/crawler)"
66.249.79.73 - - [16/Apr/2025:00:46:49 -0400] "GET /the-rise-of-hypnotherapy-in-singapore/feed/ HTTP/1.1" 200 404 "-" "Mozilla/5.0 (Linux; Android 6.0.1; Nexus 5X Build/MMB29P) AppleWebKit/537.36 (KHTML, like Gecko) Chrome/135.0.7049.84 Mobile Safari/537.36 (compatible; Googlebot/2.1; +http://www.google.com/bot.html)"
54.36.148.20 - - [16/Apr/2025:00:46:52 -0400] "GET /the-risks-of-using-a-bitcoin-mixer/feed/ HTTP/1.1" 304 0 "-" "Mozilla/5.0 (compatible; AhrefsBot/7.0; +http://ahrefs.com/robot/)"
154.54.249.217 - - [16/Apr/2025:00:47:06 -0400] "GET /how-to-watch-free-sports-tv-online/ HTTP/1.1" 200 12271 "-" "Mozilla/5.0 (compatible; Barkrowler/0.9; +https://babbar.tech/crawler)"
217.113.194.223 - - [16/Apr/2025:00:47:23 -0400] "GET /how-to-change-the-language-on-google/feed/ HTTP/1.1" 200 400 "-" "Mozilla/5.0 (compatible; Barkrowler/0.9; +https://babbar.tech/crawler)"
217.113.194.222 - - [16/Apr/2025:00:47:42 -0400] "GET /how-to-change-xbox-gamertag/feed/ HTTP/1.1" 200 418 "-" "Mozilla/5.0 (compatible; Barkrowler/0.9; +https://babbar.tech/crawler)"
114.119.140.170 - - [16/Apr/2025:00:47:59 -0400] "GET /understanding-fenbendazole-an-overview/ HTTP/1.1" 200 11851 "https://the80itspod.com/page/8/?ND" "Mozilla/5.0 (Linux; Android 7.0;) AppleWebKit/537.36 (KHTML, like Gecko) Mobile Safari/537.36 (compatible; PetalBot;+https://webmaster.petalsearch.com/site/petalbot)"
217.113.194.226 - - [16/Apr/2025:00:48:01 -0400] "GET /how-to-evaluate-yugioh-trading-cards/ HTTP/1.1" 200 12219 "-" "Mozilla/5.0 (compatible; Barkrowler/0.9; +https://babbar.tech/crawler)"
217.113.194.231 - - [16/Apr/2025:00:48:19 -0400] "GET /how-to-replace-ray-ban-nose-pads/ HTTP/1.1" 200 12274 "-" "Mozilla/5.0 (compatible; Barkrowler/0.9; +https://babbar.tech/crawler)"
217.113.194.222 - - [16/Apr/2025:00:48:35 -0400] "GET /how-to-open-a-company-in-singapore/feed/ HTTP/1.1" 200 399 "-" "Mozilla/5.0 (compatible; Barkrowler/0.9; +https://babbar.tech/crawler)"
198.54.114.83 - - [16/Apr/2025:00:48:54 -0400] "POST /wp-cron.php?doing_wp_cron=1744778933.9269731044769287109375 HTTP/1.1" 200 0 "-" "WordPress/6.7.2; https://the80itspod.com"
217.113.194.223 - - [16/Apr/2025:00:48:52 -0400] "GET /ai-makeup-technology/feed/ HTTP/1.1" 200 375 "-" "Mozilla/5.0 (compatible; Barkrowler/0.9; +https://babbar.tech/crawler)"
198.54.114.83 - - [16/Apr/2025:00:48:56 -0400] "POST /wp-admin/admin-ajax.php?action=async_litespeed&nonce=rNIC6E9PmYQRUYSSUjzb5TnTGMutjtkW&litespeed_type=imgoptm HTTP/1.1" 200 0 "-" "WordPress/6.7.2; https://the80itspod.com"
109.172.87.122 - - [16/Apr/2025:00:49:01 -0400] "GET /advantages-of-factory-automation/ HTTP/1.1" 200 12288 "https://the80itspod.com/advantages-of-factory-automation/" "Mozilla/5.0 (Windows NT 10.0; Win64; x64) AppleWebKit/537.36 (KHTML, like Gecko) Chrome/131.0.0.0 Safari/537.36 Avast/131.0.0.0"
109.172.87.122 - - [16/Apr/2025:00:49:03 -0400] "POST /wp-comments-post.php HTTP/1.1" 302 0 "https://the80itspod.com/advantages-of-factory-automation/" "Mozilla/5.0 (Windows NT 10.0; Win64; x64) AppleWebKit/537.36 (KHTML, like Gecko) Chrome/131.0.0.0 Safari/537.36 Avast/131.0.0.0"
109.172.87.122 - - [16/Apr/2025:00:49:08 -0400] "GET /advantages-of-factory-automation/ HTTP/1.1" 200 13474 "https://the80itspod.com/advantages-of-factory-automation/#comment-51558" "Mozilla/5.0 (Windows NT 10.0; Win64; x64) AppleWebKit/537.36 (KHTML, like Gecko) Chrome/131.0.0.0 Safari/537.36 Avast/131.0.0.0"
217.113.194.231 - - [16/Apr/2025:00:49:12 -0400] "GET /games-for-engaging-stand-visitors/feed/ HTTP/1.1" 200 399 "-" "Mozilla/5.0 (compatible; Barkrowler/0.9; +https://babbar.tech/crawler)"
114.119.158.43 - - [16/Apr/2025:00:49:23 -0400] "GET /page/32/?MA HTTP/1.1" 200 13162 "https://the80itspod.com/page/31/?MA" "Mozilla/5.0 (Linux; Android 7.0;) AppleWebKit/537.36 (KHTML, like Gecko) Mobile Safari/537.36 (compatible; PetalBot;+https://webmaster.petalsearch.com/site/petalbot)"
198.54.114.83 - - [16/Apr/2025:00:49:25 -0400] "POST /wp-cron.php?doing_wp_cron=1744778963.4606850147247314453125 HTTP/1.1" 200 0 "-" "WordPress/6.7.2; https://the80itspod.com"
217.113.194.224 - - [16/Apr/2025:00:49:30 -0400] "GET /ma-prime-adapt-2024/feed/ HTTP/1.1" 200 380 "-" "Mozilla/5.0 (compatible; Barkrowler/0.9; +https://babbar.tech/crawler)"
154.54.249.217 - - [16/Apr/2025:00:49:47 -0400] "GET /a-new-standard-in-luxury-living/feed/ HTTP/1.1" 200 398 "-" "Mozilla/5.0 (compatible; Barkrowler/0.9; +https://babbar.tech/crawler)"
217.113.194.226 - - [16/Apr/2025:00:50:06 -0400] "GET /fertility-centre-dubai/feed/ HTTP/1.1" 200 383 "-" "Mozilla/5.0 (compatible; Barkrowler/0.9; +https://babbar.tech/crawler)"
2a03:2880:f800:16:: - - [16/Apr/2025:00:50:09 -0400] "GET /page/36/ HTTP/1.1" 200 13086 "-" "meta-externalagent/1.1 (+https://developers.facebook.com/docs/sharing/webmasters/crawler)"
101.32.49.9 - - [16/Apr/2025:00:50:17 -0400] "GET /voiceover-training-what-you-need-to-know/ HTTP/1.1" 200 11632 "-" "Python/3.10 aiohttp/3.10.5"
217.113.194.230 - - [16/Apr/2025:00:50:24 -0400] "GET /types-of-airsoft-guns/feed/ HTTP/1.1" 200 386 "-" "Mozilla/5.0 (compatible; Barkrowler/0.9; +https://babbar.tech/crawler)"
198.54.114.83 - - [16/Apr/2025:00:50:26 -0400] "POST /wp-cron.php?doing_wp_cron=1744779024.6753499507904052734375 HTTP/1.1" 200 0 "-" "WordPress/6.7.2; https://the80itspod.com"
154.54.249.217 - - [16/Apr/2025:00:50:41 -0400] "GET /the-healing-power-of-massage/feed/ HTTP/1.1" 200 397 "-" "Mozilla/5.0 (compatible; Barkrowler/0.9; +https://babbar.tech/crawler)"
114.119.149.108 - - [16/Apr/2025:00:50:46 -0400] "GET /page/13/?ND HTTP/1.1" 200 12774 "https://the80itspod.com/page/10/?ND" "Mozilla/5.0 (Linux; Android 7.0;) AppleWebKit/537.36 (KHTML, like Gecko) Mobile Safari/537.36 (compatible; PetalBot;+https://webmaster.petalsearch.com/site/petalbot)"
217.113.194.230 - - [16/Apr/2025:00:51:00 -0400] "GET /the-essence-of-timeless-beauty/feed/ HTTP/1.1" 200 396 "-" "Mozilla/5.0 (compatible; Barkrowler/0.9; +https://babbar.tech/crawler)"
217.113.194.222 - - [16/Apr/2025:00:51:18 -0400] "GET /the-myst-cdl-developer/feed/ HTTP/1.1" 200 387 "-" "Mozilla/5.0 (compatible; Barkrowler/0.9; +https://babbar.tech/crawler)"
198.54.114.83 - - [16/Apr/2025:00:51:39 -0400] "POST /wp-cron.php?doing_wp_cron=1744779098.1473228931427001953125 HTTP/1.1" 200 0 "-" "WordPress/6.7.2; https://the80itspod.com"
217.113.194.225 - - [16/Apr/2025:00:51:36 -0400] "GET /tangkasnet-review/feed/ HTTP/1.1" 200 375 "-" "Mozilla/5.0 (compatible; Barkrowler/0.9; +https://babbar.tech/crawler)"
198.54.114.83 - - [16/Apr/2025:00:51:40 -0400] "POST /wp-admin/admin-ajax.php?action=async_litespeed&nonce=qZbG8aU8Gw5XsOp1N37oSyn7HhTQHRqF&litespeed_type=imgoptm HTTP/1.1" 200 0 "-" "WordPress/6.7.2; https://the80itspod.com"
2a03:2880:f800:1d:: - - [16/Apr/2025:00:51:53 -0400] "GET /?p=597 HTTP/1.1" 301 0 "-" "meta-externalagent/1.1 (+https://developers.facebook.com/docs/sharing/webmasters/crawler)"
217.113.194.230 - - [16/Apr/2025:00:51:56 -0400] "GET /the-japanese-katana-sword/feed/ HTTP/1.1" 200 384 "-" "Mozilla/5.0 (compatible; Barkrowler/0.9; +https://babbar.tech/crawler)"
2a03:2880:f800:6:: - - [16/Apr/2025:00:51:58 -0400] "GET /how-to-use-youtube-comments/ HTTP/1.1" 200 12313 "-" "meta-externalagent/1.1 (+https://developers.facebook.com/docs/sharing/webmasters/crawler)"
217.113.194.227 - - [16/Apr/2025:00:52:14 -0400] "GET /the-evolution-of-multicanais/feed/ HTTP/1.1" 200 389 "-" "Mozilla/5.0 (compatible; Barkrowler/0.9; +https://babbar.tech/crawler)"
66.249.79.66 - - [16/Apr/2025:00:52:27 -0400] "GET /how-to-choose-a-custom-socks-manufacturer/feed/ HTTP/1.1" 200 409 "-" "Mozilla/5.0 (Linux; Android 6.0.1; Nexus 5X Build/MMB29P) AppleWebKit/537.36 (KHTML, like Gecko) Chrome/135.0.7049.84 Mobile Safari/537.36 (compatible; Googlebot/2.1; +http://www.google.com/bot.html)"
198.54.114.83 - - [16/Apr/2025:00:52:29 -0400] "POST /wp-cron.php?doing_wp_cron=1744779148.2265400886535644531250 HTTP/1.1" 200 0 "-" "WordPress/6.7.2; https://the80itspod.com"
217.113.194.222 - - [16/Apr/2025:00:52:31 -0400] "GET /strategies-for-building-your-follower-base/ HTTP/1.1" 200 11732 "-" "Mozilla/5.0 (compatible; Barkrowler/0.9; +https://babbar.tech/crawler)"
43.159.201.102 - - [16/Apr/2025:00:52:50 -0400] "GET /the-most-effective-method-to-find-free-cross-sewing-examples-on-the-web/ HTTP/1.1" 200 12505 "-" "Python/3.10 aiohttp/3.10.5"
217.113.194.226 - - [16/Apr/2025:00:53:02 -0400] "GET /buy-youtube-views-non-drop/ HTTP/1.1" 200 11772 "-" "Mozilla/5.0 (compatible; Barkrowler/0.9; +https://babbar.tech/crawler)"
101.32.51.206 - - [16/Apr/2025:00:53:03 -0400] "GET /pokemon-go-how-to-get-stardust/ HTTP/1.1" 200 13196 "-" "Python/3.10 aiohttp/3.10.5"
217.113.194.227 - - [16/Apr/2025:00:53:18 -0400] "GET /dad-jokes-for-kids/feed/ HTTP/1.1" 200 381 "-" "Mozilla/5.0 (compatible; Barkrowler/0.9; +https://babbar.tech/crawler)"
198.54.114.83 - - [16/Apr/2025:00:53:32 -0400] "POST /wp-cron.php?doing_wp_cron=1744779212.0739929676055908203125 HTTP/1.1" 200 0 "-" "WordPress/6.7.2; https://the80itspod.com"
54.36.148.127 - - [16/Apr/2025:00:53:31 -0400] "GET /tranquility-amidst-urban-bustle-exploring-the-enchanting-chuan-park/ HTTP/1.1" 200 11789 "-" "Mozilla/5.0 (compatible; AhrefsBot/7.0; +http://ahrefs.com/robot/)"
198.54.114.83 - - [16/Apr/2025:00:53:34 -0400] "POST /wp-admin/admin-ajax.php?action=async_litespeed&nonce=ELh6K6qVpgFerMXZNW2cOLyjXegnv97f&litespeed_type=imgoptm HTTP/1.1" 200 0 "-" "WordPress/6.7.2; https://the80itspod.com"
217.113.194.223 - - [16/Apr/2025:00:53:35 -0400] "GET /what-does-a-lawyer-do/feed/ HTTP/1.1" 200 385 "-" "Mozilla/5.0 (compatible; Barkrowler/0.9; +https://babbar.tech/crawler)"
217.113.194.230 - - [16/Apr/2025:00:53:52 -0400] "GET /houston-plumbing-supply-store/ HTTP/1.1" 200 11528 "-" "Mozilla/5.0 (compatible; Barkrowler/0.9; +https://babbar.tech/crawler)"
195.26.224.102 - - [16/Apr/2025:00:54:09 -0400] "GET /common-customer-complaints-8-examples-and/ HTTP/1.1" 200 85557 "https://the80itspod.com/common-customer-complaints-8-examples-and/#comment-51202" "Mozilla/5.0 (Windows NT 10.0; Win64; x64) AppleWebKit/537.36 (KHTML, like Gecko) Chrome/131.0.0.0 Safari/537.36 Avast/131.0.0.0"
217.113.194.222 - - [16/Apr/2025:00:54:11 -0400] "GET /pokemon-popularity-around-the-world/feed/ HTTP/1.1" 200 401 "-" "Mozilla/5.0 (compatible; Barkrowler/0.9; +https://babbar.tech/crawler)"
195.26.224.102 - - [16/Apr/2025:00:54:11 -0400] "POST /wp-comments-post.php HTTP/1.1" 302 0 "https://the80itspod.com/common-customer-complaints-8-examples-and/#comment-51202" "Mozilla/5.0 (Windows NT 10.0; Win64; x64) AppleWebKit/537.36 (KHTML, like Gecko) Chrome/131.0.0.0 Safari/537.36 Avast/131.0.0.0"
195.26.224.102 - - [16/Apr/2025:00:54:15 -0400] "GET /common-customer-complaints-8-examples-and/ HTTP/1.1" 200 86191 "https://the80itspod.com/common-customer-complaints-8-examples-and/#comment-51559" "Mozilla/5.0 (Windows NT 10.0; Win64; x64) AppleWebKit/537.36 (KHTML, like Gecko) Chrome/131.0.0.0 Safari/537.36 Avast/131.0.0.0"
154.54.249.217 - - [16/Apr/2025:00:54:28 -0400] "GET /pokemon-popularity-around-the-world/ HTTP/1.1" 200 12209 "-" "Mozilla/5.0 (compatible; Barkrowler/0.9; +https://babbar.tech/crawler)"
198.54.114.83 - - [16/Apr/2025:00:54:31 -0400] "POST /wp-cron.php?doing_wp_cron=1744779268.9282019138336181640625 HTTP/1.1" 200 0 "-" "WordPress/6.7.2; https://the80itspod.com"
20.14.159.240 - - [16/Apr/2025:00:54:46 -0400] "HEAD /newport-residences-a-prime-choice-for-investors/ HTTP/1.1" 200 0 "http://the80itspod.com/new" "Mozilla/5.0 (Windows NT 10.0; Win64; x64) AppleWebKit/537.36 (KHTML, like Gecko) Chrome/74.0.3729.169 Safari/537.36"
217.113.194.222 - - [16/Apr/2025:00:54:47 -0400] "GET /flexibility-and-time-management/feed/ HTTP/1.1" 200 389 "-" "Mozilla/5.0 (compatible; Barkrowler/0.9; +https://babbar.tech/crawler)"
20.14.159.240 - - [16/Apr/2025:00:54:50 -0400] "HEAD /home-appliance-repair-in-ottawa/ HTTP/1.1" 200 0 "http://the80itspod.com/home" "Mozilla/5.0 (Windows NT 10.0; Win64; x64) AppleWebKit/537.36 (KHTML, like Gecko) Chrome/74.0.3729.169 Safari/537.36"
217.113.194.229 - - [16/Apr/2025:00:55:06 -0400] "GET /chauffeur-car-melbourne-airport/ HTTP/1.1" 200 11558 "-" "Mozilla/5.0 (compatible; Barkrowler/0.9; +https://babbar.tech/crawler)"
154.54.249.217 - - [16/Apr/2025:00:55:24 -0400] "GET /ho-chi-minh-eco-girl/feed/ HTTP/1.1" 200 413 "-" "Mozilla/5.0 (compatible; Barkrowler/0.9; +https://babbar.tech/crawler)"
90.156.142.52 - - [16/Apr/2025:00:55:28 -0400] "GET /wp-login.php HTTP/1.1" 200 1760 "http://the80itspod.com" "Mozilla/5.0 (Windows NT 10.0; Win64; x64) AppleWebKit/537.36 (KHTML, like Gecko) Chrome/114.0.5735.134 Safari/537.36"
154.54.249.217 - - [16/Apr/2025:00:55:41 -0400] "GET /real-estate-investing-for-beginners/ HTTP/1.1" 200 12272 "-" "Mozilla/5.0 (compatible; Barkrowler/0.9; +https://babbar.tech/crawler)"
217.113.194.231 - - [16/Apr/2025:00:55:57 -0400] "GET /flathead-lake-boat-rental/feed/ HTTP/1.1" 200 391 "-" "Mozilla/5.0 (compatible; Barkrowler/0.9; +https://babbar.tech/crawler)"
2a03:2880:f800:16:: - - [16/Apr/2025:00:56:00 -0400] "GET /the-pitfalls-of-buying-instagram-followers/ HTTP/1.1" 200 11794 "-" "meta-externalagent/1.1 (+https://developers.facebook.com/docs/sharing/webmasters/crawler)"
217.113.194.253 - - [16/Apr/2025:00:56:15 -0400] "GET /flathead-lake-cruises-2/feed/ HTTP/1.1" 200 384 "-" "Mozilla/5.0 (compatible; Barkrowler/0.9; +https://babbar.tech/crawler)"
54.36.148.150 - - [16/Apr/2025:00:56:27 -0400] "GET /reduce-attrition-rates-with-salesforce-recruitment-solutions/feed/ HTTP/1.1" 200 428 "-" "Mozilla/5.0 (compatible; AhrefsBot/7.0; +http://ahrefs.com/robot/)"
217.113.194.230 - - [16/Apr/2025:00:56:32 -0400] "GET /acheter-un-grand-vase-blanc/ HTTP/1.1" 200 12403 "-" "Mozilla/5.0 (compatible; Barkrowler/0.9; +https://babbar.tech/crawler)"
185.157.212.157 - - [16/Apr/2025:00:56:47 -0400] "GET /advantages-of-factory-automation/ HTTP/1.1" 200 12288 "https://the80itspod.com/advantages-of-factory-automation/" "Mozilla/5.0 (Windows NT 10.0; Win64; x64) AppleWebKit/537.36 (KHTML, like Gecko) Chrome/129.0.0.0 Safari/537.36"
185.157.212.157 - - [16/Apr/2025:00:56:48 -0400] "POST /wp-comments-post.php HTTP/1.1" 302 0 "https://the80itspod.com/advantages-of-factory-automation/" "Mozilla/5.0 (Windows NT 10.0; Win64; x64) AppleWebKit/537.36 (KHTML, like Gecko) Chrome/129.0.0.0 Safari/537.36"
154.54.249.217 - - [16/Apr/2025:00:56:51 -0400] "GET /michael-kors-mk-bag-on-sale/feed/ HTTP/1.1" 200 391 "-" "Mozilla/5.0 (compatible; Barkrowler/0.9; +https://babbar.tech/crawler)"
185.157.212.157 - - [16/Apr/2025:00:56:53 -0400] "GET /advantages-of-factory-automation/ HTTP/1.1" 200 13622 "https://the80itspod.com/advantages-of-factory-automation/#comment-51560" "Mozilla/5.0 (Windows NT 10.0; Win64; x64) AppleWebKit/537.36 (KHTML, like Gecko) Chrome/129.0.0.0 Safari/537.36"
198.54.114.83 - - [16/Apr/2025:00:57:11 -0400] "POST /wp-cron.php?doing_wp_cron=1744779430.4772560596466064453125 HTTP/1.1" 200 0 "-" "WordPress/6.7.2; https://the80itspod.com"
217.113.194.224 - - [16/Apr/2025:00:57:09 -0400] "GET /customized-socks-with-logo-2/feed/ HTTP/1.1" 200 393 "-" "Mozilla/5.0 (compatible; Barkrowler/0.9; +https://babbar.tech/crawler)"
146.103.10.120 - - [16/Apr/2025:00:57:23 -0400] "GET /umzugsunternehmen-in-luneburg-ihre-losung-fur-einen-reibungslosen-umzug/ HTTP/1.1" 200 11912 "-" "Mozilla/5.0 (Windows NT 5.1) AppleWebKit/536.3 (KHTML, like Gecko) Chrome/19.0.1063.0 Safari/536.3"
217.113.194.229 - - [16/Apr/2025:00:57:29 -0400] "GET /ppr-pipes-and-fittings/feed/ HTTP/1.1" 200 388 "-" "Mozilla/5.0 (compatible; Barkrowler/0.9; +https://babbar.tech/crawler)"
217.113.194.227 - - [16/Apr/2025:00:57:47 -0400] "GET /where-to-buy-tiktok-view/feed/ HTTP/1.1" 200 392 "-" "Mozilla/5.0 (compatible; Barkrowler/0.9; +https://babbar.tech/crawler)"
217.113.194.223 - - [16/Apr/2025:00:58:04 -0400] "GET /where-to-buy-likes-for-youtube/feed/ HTTP/1.1" 200 405 "-" "Mozilla/5.0 (compatible; Barkrowler/0.9; +https://babbar.tech/crawler)"
198.54.114.83 - - [16/Apr/2025:00:58:24 -0400] "POST /wp-cron.php?doing_wp_cron=1744779503.9664559364318847656250 HTTP/1.1" 200 0 "-" "WordPress/6.7.2; https://the80itspod.com"
217.113.194.226 - - [16/Apr/2025:00:58:23 -0400] "GET /exploring-katmoviehd/feed/ HTTP/1.1" 200 408 "-" "Mozilla/5.0 (compatible; Barkrowler/0.9; +https://babbar.tech/crawler)"
198.54.114.83 - - [16/Apr/2025:00:58:26 -0400] "POST /wp-admin/admin-ajax.php?action=async_litespeed&nonce=6A2aYm8wuXGTNlXdepulFZMMVzF4QAjl&litespeed_type=imgoptm HTTP/1.1" 200 0 "-" "WordPress/6.7.2; https://the80itspod.com"
217.113.194.222 - - [16/Apr/2025:00:58:41 -0400] "GET /exploring-pesach-programs/feed/ HTTP/1.1" 200 380 "-" "Mozilla/5.0 (compatible; Barkrowler/0.9; +https://babbar.tech/crawler)"
2a03:2880:f800:13:: - - [16/Apr/2025:00:58:48 -0400] "GET /exploring-the-kassia-showflat/feed/ HTTP/1.1" 200 389 "-" "meta-externalagent/1.1 (+https://developers.facebook.com/docs/sharing/webmasters/crawler)"
2a03:2880:f800:1d:: - - [16/Apr/2025:00:58:51 -0400] "GET /?p=2278 HTTP/1.1" 301 0 "-" "meta-externalagent/1.1 (+https://developers.facebook.com/docs/sharing/webmasters/crawler)"
2a03:2880:f800:d:: - - [16/Apr/2025:00:58:55 -0400] "GET /the-smart-way-to-purchase-youtube-subscribers/ HTTP/1.1" 200 11973 "-" "meta-externalagent/1.1 (+https://developers.facebook.com/docs/sharing/webmasters/crawler)"
217.113.194.224 - - [16/Apr/2025:00:58:58 -0400] "GET /automotive-locksmith-services/feed/ HTTP/1.1" 200 385 "-" "Mozilla/5.0 (compatible; Barkrowler/0.9; +https://babbar.tech/crawler)"
217.113.194.222 - - [16/Apr/2025:00:59:14 -0400] "GET /comment-faire-du-slime-blanc/feed/ HTTP/1.1" 200 388 "-" "Mozilla/5.0 (compatible; Barkrowler/0.9; +https://babbar.tech/crawler)"
66.249.79.67 - - [16/Apr/2025:00:59:28 -0400] "GET /page/99/ HTTP/1.1" 200 13109 "-" "Mozilla/5.0 (Linux; Android 6.0.1; Nexus 5X Build/MMB29P) AppleWebKit/537.36 (KHTML, like Gecko) Chrome/135.0.7049.84 Mobile Safari/537.36 (compatible; Googlebot/2.1; +http://www.google.com/bot.html)"
198.54.114.83 - - [16/Apr/2025:00:59:32 -0400] "POST /wp-cron.php?doing_wp_cron=1744779572.0818030834197998046875 HTTP/1.1" 200 0 "-" "WordPress/6.7.2; https://the80itspod.com"
217.113.194.230 - - [16/Apr/2025:00:59:31 -0400] "GET /fenbendazole-powder/feed/ HTTP/1.1" 200 377 "-" "Mozilla/5.0 (compatible; Barkrowler/0.9; +https://babbar.tech/crawler)"
198.54.114.83 - - [16/Apr/2025:00:59:33 -0400] "POST /wp-admin/admin-ajax.php?action=async_litespeed&nonce=Xc7vpOCKmUzFmr7ufVDBLrWJkxESfg2l&litespeed_type=imgoptm HTTP/1.1" 200 0 "-" "WordPress/6.7.2; https://the80itspod.com"
54.36.149.48 - - [16/Apr/2025:00:59:43 -0400] "GET /elevate-the-look-of-your-defender-with-a-defender-hard-tire-cover/feed/ HTTP/1.1" 200 440 "-" "Mozilla/5.0 (compatible; AhrefsBot/7.0; +http://ahrefs.com/robot/)"
217.113.194.229 - - [16/Apr/2025:00:59:49 -0400] "GET /fenbendazole-lab/feed/ HTTP/1.1" 200 375 "-" "Mozilla/5.0 (compatible; Barkrowler/0.9; +https://babbar.tech/crawler)"
217.113.194.228 - - [16/Apr/2025:01:00:07 -0400] "GET /where-entertainment-meets-chance/feed/ HTTP/1.1" 200 387 "-" "Mozilla/5.0 (compatible; Barkrowler/0.9; +https://babbar.tech/crawler)"
198.54.114.83 - - [16/Apr/2025:01:00:21 -0400] "POST /wp-cron.php?doing_wp_cron=1744779620.7890028953552246093750 HTTP/1.1" 200 0 "-" "WordPress/6.7.2; https://the80itspod.com"
66.249.79.66 - - [16/Apr/2025:01:00:20 -0400] "GET /top-5-playstation-5-games/feed/ HTTP/1.1" 200 387 "-" "Mozilla/5.0 (Linux; Android 6.0.1; Nexus 5X Build/MMB29P) AppleWebKit/537.36 (KHTML, like Gecko) Chrome/135.0.7049.84 Mobile Safari/537.36 (compatible; Googlebot/2.1; +http://www.google.com/bot.html)"
198.54.114.83 - - [16/Apr/2025:01:00:23 -0400] "POST /wp-admin/admin-ajax.php?action=async_litespeed&nonce=CJkQm7jd5vVtxBHizsRbwDEDe3JNjEN5&litespeed_type=imgoptm HTTP/1.1" 200 0 "-" "WordPress/6.7.2; https://the80itspod.com"
217.113.194.227 - - [16/Apr/2025:01:00:25 -0400] "GET /decouvrez-lart-du-buffet-dejeuner/ HTTP/1.1" 200 11835 "-" "Mozilla/5.0 (compatible; Barkrowler/0.9; +https://babbar.tech/crawler)"
217.113.194.223 - - [16/Apr/2025:01:00:46 -0400] "GET /top-ten-christmas-gifts-for-women/feed/ HTTP/1.1" 200 399 "-" "Mozilla/5.0 (compatible; Barkrowler/0.9; +https://babbar.tech/crawler)"
198.54.114.83 - - [16/Apr/2025:01:01:06 -0400] "POST /wp-cron.php?doing_wp_cron=1744779666.0820450782775878906250 HTTP/1.1" 200 0 "-" "WordPress/6.7.2; https://the80itspod.com"
217.113.194.223 - - [16/Apr/2025:01:01:05 -0400] "GET /lego-for-enthusiasts-of-star-wars/feed/ HTTP/1.1" 200 402 "-" "Mozilla/5.0 (compatible; Barkrowler/0.9; +https://babbar.tech/crawler)"
66.249.79.66 - - [16/Apr/2025:01:01:16 -0400] "GET /mediation-the-process-of-resolving-a-dispute/feed/ HTTP/1.1" 200 421 "-" "Mozilla/5.0 (Linux; Android 6.0.1; Nexus 5X Build/MMB29P) AppleWebKit/537.36 (KHTML, like Gecko) Chrome/135.0.7049.84 Mobile Safari/537.36 (compatible; Googlebot/2.1; +http://www.google.com/bot.html)"
217.113.194.226 - - [16/Apr/2025:01:01:23 -0400] "GET /top-boat-rental-cabo-companies/ HTTP/1.1" 200 12046 "-" "Mozilla/5.0 (compatible; Barkrowler/0.9; +https://babbar.tech/crawler)"
198.54.114.83 - - [16/Apr/2025:01:01:41 -0400] "POST /wp-cron.php?doing_wp_cron=1744779699.9155559539794921875000 HTTP/1.1" 200 0 "-" "WordPress/6.7.2; https://the80itspod.com"
217.113.194.225 - - [16/Apr/2025:01:01:39 -0400] "GET /finding-comfortable-sandals-for-women/feed/ HTTP/1.1" 200 400 "-" "Mozilla/5.0 (compatible; Barkrowler/0.9; +https://babbar.tech/crawler)"
217.113.194.228 - - [16/Apr/2025:01:01:58 -0400] "GET /leading-tours-operators-in-india/feed/ HTTP/1.1" 200 399 "-" "Mozilla/5.0 (compatible; Barkrowler/0.9; +https://babbar.tech/crawler)"
217.113.194.222 - - [16/Apr/2025:01:02:15 -0400] "GET /boudoir-photography-austin/feed/ HTTP/1.1" 200 386 "-" "Mozilla/5.0 (compatible; Barkrowler/0.9; +https://babbar.tech/crawler)"
217.113.194.226 - - [16/Apr/2025:01:02:33 -0400] "GET /apprendre-a-jouer-de-la-guitare/feed/ HTTP/1.1" 200 399 "-" "Mozilla/5.0 (compatible; Barkrowler/0.9; +https://babbar.tech/crawler)"
198.54.114.83 - - [16/Apr/2025:01:02:51 -0400] "POST /wp-cron.php?doing_wp_cron=1744779769.8138520717620849609375 HTTP/1.1" 200 0 "-" "WordPress/6.7.2; https://the80itspod.com"
154.54.249.217 - - [16/Apr/2025:01:02:49 -0400] "GET /straw-bale-culture-technique/feed/ HTTP/1.1" 200 395 "-" "Mozilla/5.0 (compatible; Barkrowler/0.9; +https://babbar.tech/crawler)"
54.36.149.69 - - [16/Apr/2025:01:02:53 -0400] "GET /how-to-turn-off-auto-update-iphone/feed/ HTTP/1.1" 304 0 "-" "Mozilla/5.0 (compatible; AhrefsBot/7.0; +http://ahrefs.com/robot/)"
217.113.194.222 - - [16/Apr/2025:01:03:07 -0400] "GET /nusa-penida-package-tour/feed/ HTTP/1.1" 200 386 "-" "Mozilla/5.0 (compatible; Barkrowler/0.9; +https://babbar.tech/crawler)"
217.113.194.227 - - [16/Apr/2025:01:03:25 -0400] "GET /how-to-find-a-custom-suit-miami/feed/ HTTP/1.1" 200 403 "-" "Mozilla/5.0 (compatible; Barkrowler/0.9; +https://babbar.tech/crawler)"
217.113.194.222 - - [16/Apr/2025:01:03:43 -0400] "GET /how-to-watch-ticket-to-paradise/feed/ HTTP/1.1" 200 399 "-" "Mozilla/5.0 (compatible; Barkrowler/0.9; +https://babbar.tech/crawler)"
217.113.194.226 - - [16/Apr/2025:01:04:00 -0400] "GET /how-to-change-teams-background/feed/ HTTP/1.1" 200 392 "-" "Mozilla/5.0 (compatible; Barkrowler/0.9; +https://babbar.tech/crawler)"
198.54.114.83 - - [16/Apr/2025:01:04:03 -0400] "POST /wp-cron.php?doing_wp_cron=1744779841.8923759460449218750000 HTTP/1.1" 200 0 "-" "WordPress/6.7.2; https://the80itspod.com"
217.113.194.224 - - [16/Apr/2025:01:04:19 -0400] "GET /how-to-write-an-attorney-bio/feed/ HTTP/1.1" 200 400 "-" "Mozilla/5.0 (compatible; Barkrowler/0.9; +https://babbar.tech/crawler)"
217.113.194.229 - - [16/Apr/2025:01:04:39 -0400] "GET /counselling-what-you-need-to-know/feed/ HTTP/1.1" 200 410 "-" "Mozilla/5.0 (compatible; Barkrowler/0.9; +https://babbar.tech/crawler)"
217.113.194.226 - - [16/Apr/2025:01:04:57 -0400] "GET /pikachu-kostum-kinder/feed/ HTTP/1.1" 200 390 "-" "Mozilla/5.0 (compatible; Barkrowler/0.9; +https://babbar.tech/crawler)"
198.54.114.83 - - [16/Apr/2025:01:05:18 -0400] "POST /wp-cron.php?doing_wp_cron=1744779918.1319661140441894531250 HTTP/1.1" 200 0 "-" "WordPress/6.7.2; https://the80itspod.com"
217.113.194.224 - - [16/Apr/2025:01:05:17 -0400] "GET /choosing-a-moonstone-ring/feed/ HTTP/1.1" 200 388 "-" "Mozilla/5.0 (compatible; Barkrowler/0.9; +https://babbar.tech/crawler)"
198.54.114.83 - - [16/Apr/2025:01:05:21 -0400] "POST /wp-admin/admin-ajax.php?action=async_litespeed&nonce=GfTbfLeADv5Pab3FTkOtQ9makGq2OfwR&litespeed_type=imgoptm HTTP/1.1" 200 0 "-" "WordPress/6.7.2; https://the80itspod.com"
2a03:2880:f800:1:: - - [16/Apr/2025:01:05:31 -0400] "GET /affordable-lab-diamond-rings-in-toronto/ HTTP/1.1" 200 11649 "-" "meta-externalagent/1.1 (+https://developers.facebook.com/docs/sharing/webmasters/crawler)"
198.54.114.83 - - [16/Apr/2025:01:05:37 -0400] "POST /wp-cron.php?doing_wp_cron=1744779937.1429159641265869140625 HTTP/1.1" 200 0 "-" "WordPress/6.7.2; https://the80itspod.com"
217.113.194.227 - - [16/Apr/2025:01:05:36 -0400] "GET /choosing-the-right-services-for-you/feed/ HTTP/1.1" 200 400 "-" "Mozilla/5.0 (compatible; Barkrowler/0.9; +https://babbar.tech/crawler)"
198.54.114.83 - - [16/Apr/2025:01:05:38 -0400] "POST /wp-admin/admin-ajax.php?action=async_litespeed&nonce=uhOU9GJ0CbY7gT3MPZr5qgS7QxSnfjVy&litespeed_type=imgoptm HTTP/1.1" 200 0 "-" "WordPress/6.7.2; https://the80itspod.com"
217.113.194.228 - - [16/Apr/2025:01:05:54 -0400] "GET /tretinoin-and-melasma/feed/ HTTP/1.1" 200 378 "-" "Mozilla/5.0 (compatible; Barkrowler/0.9; +https://babbar.tech/crawler)"
217.113.194.230 - - [16/Apr/2025:01:06:11 -0400] "GET /ensuring-safety-and-compliance/feed/ HTTP/1.1" 200 391 "-" "Mozilla/5.0 (compatible; Barkrowler/0.9; +https://babbar.tech/crawler)"
198.54.114.83 - - [16/Apr/2025:01:06:30 -0400] "POST /wp-cron.php?doing_wp_cron=1744779989.9550700187683105468750 HTTP/1.1" 200 0 "-" "WordPress/6.7.2; https://the80itspod.com"
217.113.194.253 - - [16/Apr/2025:01:06:28 -0400] "GET /trends-in-kitchen-cabinet-design/feed/ HTTP/1.1" 200 400 "-" "Mozilla/5.0 (compatible; Barkrowler/0.9; +https://babbar.tech/crawler)"
198.54.114.83 - - [16/Apr/2025:01:06:31 -0400] "POST /wp-admin/admin-ajax.php?action=async_litespeed&nonce=UnTabvS6NfEoJMTI4LkpWiRDKTuz1oPN&litespeed_type=imgoptm HTTP/1.1" 200 0 "-" "WordPress/6.7.2; https://the80itspod.com"
217.113.194.224 - - [16/Apr/2025:01:06:47 -0400] "GET /vita-glow-night-cream-review/feed/ HTTP/1.1" 200 401 "-" "Mozilla/5.0 (compatible; Barkrowler/0.9; +https://babbar.tech/crawler)"
217.113.194.223 - - [16/Apr/2025:01:07:05 -0400] "GET /a-tour-of-modern-sophistication/feed/ HTTP/1.1" 200 392 "-" "Mozilla/5.0 (compatible; Barkrowler/0.9; +https://babbar.tech/crawler)"
217.113.194.223 - - [16/Apr/2025:01:07:23 -0400] "GET /have-fun-with-online-casino-gambling/feed/ HTTP/1.1" 200 409 "-" "Mozilla/5.0 (compatible; Barkrowler/0.9; +https://babbar.tech/crawler)"
198.54.114.83 - - [16/Apr/2025:01:07:26 -0400] "POST /wp-cron.php?doing_wp_cron=1744780044.4434080123901367187500 HTTP/1.1" 200 0 "-" "WordPress/6.7.2; https://the80itspod.com"
217.113.194.230 - - [16/Apr/2025:01:07:42 -0400] "GET /3-uk-cbd-oil-brands/feed/ HTTP/1.1" 200 386 "-" "Mozilla/5.0 (compatible; Barkrowler/0.9; +https://babbar.tech/crawler)"
217.113.194.224 - - [16/Apr/2025:01:08:00 -0400] "GET /creating-your-exercise-and-diet-schedule/feed/ HTTP/1.1" 200 410 "-" "Mozilla/5.0 (compatible; Barkrowler/0.9; +https://babbar.tech/crawler)"
54.36.149.75 - - [16/Apr/2025:01:08:03 -0400] "GET /7-reasons-to-buy-youtube-live-stream-views/feed/ HTTP/1.1" 200 416 "-" "Mozilla/5.0 (compatible; AhrefsBot/7.0; +http://ahrefs.com/robot/)"
66.249.79.66 - - [16/Apr/2025:01:08:06 -0400] "GET /the-lowdown-on-carport-entryway-materials/ HTTP/1.1" 200 12923 "-" "Mozilla/5.0 (Linux; Android 6.0.1; Nexus 5X Build/MMB29P) AppleWebKit/537.36 (KHTML, like Gecko) Chrome/135.0.7049.84 Mobile Safari/537.36 (compatible; Googlebot/2.1; +http://www.google.com/bot.html)"
162.0.232.248 - - [16/Apr/2025:01:08:15 -0400] "GET /wp-login.php HTTP/1.1" 200 1760 "http://the80itspod.com" "Mozilla/5.0 (Macintosh; Intel Mac OS X 10_15_7) AppleWebKit/537.36 (KHTML, like Gecko) Chrome/112.0.5615.138 Safari/537.36"
217.113.194.223 - - [16/Apr/2025:01:08:16 -0400] "GET /creating-your-exercise-and-diet-schedule/ HTTP/1.1" 200 11841 "-" "Mozilla/5.0 (compatible; Barkrowler/0.9; +https://babbar.tech/crawler)"
217.113.194.229 - - [16/Apr/2025:01:08:34 -0400] "GET /the-ppr-fittings-manufacturer/ HTTP/1.1" 200 11696 "-" "Mozilla/5.0 (compatible; Barkrowler/0.9; +https://babbar.tech/crawler)"
198.54.114.83 - - [16/Apr/2025:01:08:47 -0400] "POST /wp-cron.php?doing_wp_cron=1744780126.6745259761810302734375 HTTP/1.1" 200 0 "-" "WordPress/6.7.2; https://the80itspod.com"
198.54.114.83 - - [16/Apr/2025:01:08:48 -0400] "POST /wp-admin/admin-ajax.php?action=async_litespeed&nonce=m6WOVYJwdDSAfi8qeGBoZtbQM5oa4s5y&litespeed_type=imgoptm HTTP/1.1" 200 0 "-" "WordPress/6.7.2; https://the80itspod.com"
114.119.128.181 - - [16/Apr/2025:01:08:46 -0400] "GET /page/26/?SD HTTP/1.1" 200 13019 "https://the80itspod.com/page/24/?SD" "Mozilla/5.0 (Linux; Android 7.0;) AppleWebKit/537.36 (KHTML, like Gecko) Mobile Safari/537.36 (compatible; PetalBot;+https://webmaster.petalsearch.com/site/petalbot)"
217.113.194.231 - - [16/Apr/2025:01:08:50 -0400] "GET /the-rise-of-dubai-osteopathy/feed/ HTTP/1.1" 200 399 "-" "Mozilla/5.0 (compatible; Barkrowler/0.9; +https://babbar.tech/crawler)"
66.249.79.65 - - [16/Apr/2025:01:09:01 -0400] "GET /induction-lighting-vs-t5-fluorescent/ HTTP/1.1" 200 12576 "-" "Mozilla/5.0 (Linux; Android 6.0.1; Nexus 5X Build/MMB29P) AppleWebKit/537.36 (KHTML, like Gecko) Chrome/135.0.7049.84 Mobile Safari/537.36 (compatible; Googlebot/2.1; +http://www.google.com/bot.html)"
217.113.194.228 - - [16/Apr/2025:01:09:08 -0400] "GET /the-rise-of-electronic-warrants/feed/ HTTP/1.1" 200 390 "-" "Mozilla/5.0 (compatible; Barkrowler/0.9; +https://babbar.tech/crawler)"
198.54.114.83 - - [16/Apr/2025:01:09:27 -0400] "POST /wp-cron.php?doing_wp_cron=1744780166.5746130943298339843750 HTTP/1.1" 200 0 "-" "WordPress/6.7.2; https://the80itspod.com"
217.113.194.253 - - [16/Apr/2025:01:09:25 -0400] "GET /why-choose-shutters-newcastle/feed/ HTTP/1.1" 200 393 "-" "Mozilla/5.0 (compatible; Barkrowler/0.9; +https://babbar.tech/crawler)"
198.54.114.83 - - [16/Apr/2025:01:09:28 -0400] "POST /wp-admin/admin-ajax.php?action=async_litespeed&nonce=mnx7XOjECnTJ5JLSRYuKYGougj5T2JjQ&litespeed_type=imgoptm HTTP/1.1" 200 0 "-" "WordPress/6.7.2; https://the80itspod.com"
43.132.214.139 - - [16/Apr/2025:01:09:33 -0400] "GET /where-to-buy-pokemon-merchandise-in-the-uk/ HTTP/1.1" 200 12456 "-" "Python/3.10 aiohttp/3.10.5"
154.54.249.217 - - [16/Apr/2025:01:09:46 -0400] "GET /what-is-a-24-hour-locksmith/feed/ HTTP/1.1" 200 398 "-" "Mozilla/5.0 (compatible; Barkrowler/0.9; +https://babbar.tech/crawler)"
66.249.79.66 - - [16/Apr/2025:01:09:49 -0400] "GET /3-puntos-importantes-a-considerar-para-elegir-una-agencia-digital/ HTTP/1.1" 200 12380 "-" "Mozilla/5.0 (Linux; Android 6.0.1; Nexus 5X Build/MMB29P) AppleWebKit/537.36 (KHTML, like Gecko) Chrome/135.0.7049.84 Mobile Safari/537.36 (compatible; Googlebot/2.1; +http://www.google.com/bot.html)"
66.249.79.65 - - [16/Apr/2025:01:09:58 -0400] "GET /how-to-use-youtube-comments/ HTTP/1.1" 200 12313 "-" "Mozilla/5.0 (Linux; Android 6.0.1; Nexus 5X Build/MMB29P) AppleWebKit/537.36 (KHTML, like Gecko) Chrome/135.0.7049.84 Mobile Safari/537.36 (compatible; Googlebot/2.1; +http://www.google.com/bot.html)"
217.113.194.228 - - [16/Apr/2025:01:10:05 -0400] "GET /buy-youtube-views-non-drop/feed/ HTTP/1.1" 200 398 "-" "Mozilla/5.0 (compatible; Barkrowler/0.9; +https://babbar.tech/crawler)"
114.119.158.43 - - [16/Apr/2025:01:10:06 -0400] "GET /how-to-turn-off-accessibility-shortcut-on-iphone/ HTTP/1.1" 200 13093 "https://the80itspod.com/page/114/" "Mozilla/5.0 (Linux; Android 7.0;) AppleWebKit/537.36 (KHTML, like Gecko) Mobile Safari/537.36 (compatible; PetalBot;+https://webmaster.petalsearch.com/site/petalbot)"
217.113.194.223 - - [16/Apr/2025:01:10:25 -0400] "GET /a-modern-tool-for-connectivity/ HTTP/1.1" 200 11614 "-" "Mozilla/5.0 (compatible; Barkrowler/0.9; +https://babbar.tech/crawler)"
198.54.114.83 - - [16/Apr/2025:01:10:28 -0400] "POST /wp-cron.php?doing_wp_cron=1744780227.0170409679412841796875 HTTP/1.1" 200 0 "-" "WordPress/6.7.2; https://the80itspod.com"
52.167.144.162 - - [16/Apr/2025:01:10:26 -0400] "GET /so-finden-sie-den-besten-gitarrenunterricht-online/ HTTP/1.1" 200 11881 "-" "Mozilla/5.0 AppleWebKit/537.36 (KHTML, like Gecko; compatible; bingbot/2.0; +http://www.bing.com/bingbot.htm) Chrome/116.0.1938.76 Safari/537.36"
54.36.148.84 - - [16/Apr/2025:01:10:37 -0400] "GET /blood-mysteries/feed/ HTTP/1.1" 304 0 "-" "Mozilla/5.0 (compatible; AhrefsBot/7.0; +http://ahrefs.com/robot/)"
217.113.194.223 - - [16/Apr/2025:01:10:41 -0400] "GET /relx-electronic-cigarette/feed/ HTTP/1.1" 200 381 "-" "Mozilla/5.0 (compatible; Barkrowler/0.9; +https://babbar.tech/crawler)"
217.113.194.222 - - [16/Apr/2025:01:11:00 -0400] "GET /defogging-your-windshield/ HTTP/1.1" 200 14189 "-" "Mozilla/5.0 (compatible; Barkrowler/0.9; +https://babbar.tech/crawler)"
217.113.194.230 - - [16/Apr/2025:01:11:18 -0400] "GET /low-pressure-injection-molding/feed/ HTTP/1.1" 200 389 "-" "Mozilla/5.0 (compatible; Barkrowler/0.9; +https://babbar.tech/crawler)"
43.135.121.153 - - [16/Apr/2025:01:11:22 -0400] "GET /the-best-outside-firepits-and-deck-warmers/ HTTP/1.1" 200 12754 "-" "Python/3.10 aiohttp/3.10.5"
217.113.194.225 - - [16/Apr/2025:01:11:35 -0400] "GET /planning-a-dubai-yacht-party/feed/ HTTP/1.1" 200 398 "-" "Mozilla/5.0 (compatible; Barkrowler/0.9; +https://babbar.tech/crawler)"
87.250.224.206 - - [16/Apr/2025:01:11:38 -0400] "GET /creating-your-exercise-and-diet-schedule/ HTTP/1.1" 200 11841 "-" "Mozilla/5.0 (compatible; YandexBot/3.0; +http://yandex.com/bots)"
38.170.112.39 - - [16/Apr/2025:01:11:42 -0400] "GET /what-is-an-off-line-cooling-system/ HTTP/1.1" 200 12243 "-" "Mozilla/5.0 (X11; Ubuntu; Linux i686; rv:114.0) Gecko/20100101 Firefox/114.0"
38.170.112.39 - - [16/Apr/2025:01:11:49 -0400] "GET /category/sign-up/ HTTP/1.1" 200 9152 "https://the80itspod.com/what-is-an-off-line-cooling-system/" "Mozilla/5.0 (Windows NT 6.3; Win64; x64) AppleWebKit/537.36 (KHTML, like Gecko) Chrome/103.0.0.0 Safari/537.36"
38.170.112.39 - - [16/Apr/2025:01:11:50 -0400] "GET /category/sign-up/ HTTP/1.1" 200 9152 "https://the80itspod.com/category/sign-up/" "Mozilla/5.0 (Windows NT 6.3; Win64; x64) AppleWebKit/537.36 (KHTML, like Gecko) Chrome/103.0.0.0 Safari/537.36"
38.170.112.39 - - [16/Apr/2025:01:11:52 -0400] "GET /what-is-an-off-line-cooling-system/ HTTP/1.1" 200 12243 "https://the80itspod.com/what-is-an-off-line-cooling-system/" "Mozilla/5.0 (Windows NT 6.3; Win64; x64) AppleWebKit/537.36 (KHTML, like Gecko) Chrome/103.0.0.0 Safari/537.36"
198.54.114.83 - - [16/Apr/2025:01:11:54 -0400] "POST /wp-cron.php?doing_wp_cron=1744780313.0329151153564453125000 HTTP/1.1" 200 0 "-" "WordPress/6.7.2; https://the80itspod.com"
217.113.194.224 - - [16/Apr/2025:01:11:51 -0400] "GET /initial-public-offering-services/feed/ HTTP/1.1" 200 390 "-" "Mozilla/5.0 (compatible; Barkrowler/0.9; +https://babbar.tech/crawler)"
38.170.112.39 - - [16/Apr/2025:01:11:54 -0400] "POST /wp-comments-post.php HTTP/1.1" 302 0 "https://the80itspod.com/what-is-an-off-line-cooling-system/" "Mozilla/5.0 (Windows NT 6.3; Win64; x64) AppleWebKit/537.36 (KHTML, like Gecko) Chrome/103.0.0.0 Safari/537.36"
38.170.112.39 - - [16/Apr/2025:01:11:59 -0400] "GET /what-is-an-off-line-cooling-system/?unapproved=51561&moderation-hash=8c2195f6ce6410191841fcc793858498 HTTP/1.1" 200 12849 "https://the80itspod.com/wp-comments-post.php" "Mozilla/5.0 (Windows NT 6.3; Win64; x64) AppleWebKit/537.36 (KHTML, like Gecko) Chrome/103.0.0.0 Safari/537.36"
38.170.112.39 - - [16/Apr/2025:01:12:03 -0400] "GET /what-is-an-off-line-cooling-system/ HTTP/1.1" 200 12243 "-" "Mozilla/5.0 (Windows NT 6.3; Win64; x64) AppleWebKit/537.36 (KHTML, like Gecko) Chrome/103.0.0.0 Safari/537.36"
217.113.194.231 - - [16/Apr/2025:01:12:10 -0400] "GET /buy-tiktok-saves-and-shares/ HTTP/1.1" 200 11742 "-" "Mozilla/5.0 (compatible; Barkrowler/0.9; +https://babbar.tech/crawler)"
217.113.194.226 - - [16/Apr/2025:01:12:27 -0400] "GET /concrete-tank-repairs-near-me/feed/ HTTP/1.1" 200 394 "-" "Mozilla/5.0 (compatible; Barkrowler/0.9; +https://babbar.tech/crawler)"
217.113.194.227 - - [16/Apr/2025:01:12:45 -0400] "GET /michael-kors-sales-on-bags/feed/ HTTP/1.1" 200 390 "-" "Mozilla/5.0 (compatible; Barkrowler/0.9; +https://babbar.tech/crawler)"
54.36.148.58 - - [16/Apr/2025:01:12:57 -0400] "GET /how-to-turn-off-web-guard-on-your-iphone/feed/ HTTP/1.1" 304 0 "-" "Mozilla/5.0 (compatible; AhrefsBot/7.0; +http://ahrefs.com/robot/)"
198.54.114.83 - - [16/Apr/2025:01:12:59 -0400] "POST /wp-cron.php?doing_wp_cron=1744780378.1699719429016113281250 HTTP/1.1" 200 0 "-" "WordPress/6.7.2; https://the80itspod.com"
217.113.194.229 - - [16/Apr/2025:01:13:06 -0400] "GET /buying-research-peptides-online/feed/ HTTP/1.1" 200 391 "-" "Mozilla/5.0 (compatible; Barkrowler/0.9; +https://babbar.tech/crawler)"
196.251.85.239 - - [16/Apr/2025:01:13:07 -0400] "GET / HTTP/1.1" 200 13048 "-" "Mozilla/5.0 (X11; Ubuntu; Linux x86_64; rv:132.0) Gecko/20100101 Firefox/132.0"
2a03:2880:f800:13:: - - [16/Apr/2025:01:13:06 -0400] "GET /how-to-use-youtube-comments/feed/ HTTP/1.1" 200 392 "-" "meta-externalagent/1.1 (+https://developers.facebook.com/docs/sharing/webmasters/crawler)"
196.251.85.239 - - [16/Apr/2025:01:13:10 -0400] "GET /category/about-us/ HTTP/1.1" 200 11363 "-" "Mozilla/5.0 (X11; Ubuntu; Linux x86_64; rv:132.0) Gecko/20100101 Firefox/132.0"
101.32.27.106 - - [16/Apr/2025:01:13:08 -0400] "GET /a-career-in-voice-acting/ HTTP/1.1" 200 11634 "-" "Python/3.10 aiohttp/3.10.5"
196.251.85.239 - - [16/Apr/2025:01:13:13 -0400] "GET /category/contact-us/ HTTP/1.1" 200 9166 "-" "Mozilla/5.0 (X11; Ubuntu; Linux x86_64; rv:132.0) Gecko/20100101 Firefox/132.0"
196.251.85.239 - - [16/Apr/2025:01:13:16 -0400] "GET /common-customer-complaints-8-examples-and/ HTTP/1.1" 200 85557 "-" "Mozilla/5.0 (X11; Ubuntu; Linux x86_64; rv:132.0) Gecko/20100101 Firefox/132.0"
2a03:2880:f800:1c:: - - [16/Apr/2025:01:13:17 -0400] "GET /wp-json/wp/v2/posts/2290 HTTP/1.1" 200 10456 "-" "meta-externalagent/1.1 (+https://developers.facebook.com/docs/sharing/webmasters/crawler)"
196.251.85.239 - - [16/Apr/2025:01:13:19 -0400] "GET /building-the-path-to-becoming-a-successful-author/ HTTP/1.1" 200 11926 "-" "Mozilla/5.0 (X11; Ubuntu; Linux x86_64; rv:132.0) Gecko/20100101 Firefox/132.0"
196.251.85.239 - - [16/Apr/2025:01:13:21 -0400] "GET /author/jorge/ HTTP/1.1" 301 0 "-" "Mozilla/5.0 (X11; Ubuntu; Linux x86_64; rv:132.0) Gecko/20100101 Firefox/132.0"
196.251.85.239 - - [16/Apr/2025:01:13:23 -0400] "GET / HTTP/1.1" 200 13048 "-" "Mozilla/5.0 (X11; Ubuntu; Linux x86_64; rv:132.0) Gecko/20100101 Firefox/132.0"
217.113.194.226 - - [16/Apr/2025:01:13:42 -0400] "GET /painters-and-decorators-near-me/feed/ HTTP/1.1" 200 391 "-" "Mozilla/5.0 (compatible; Barkrowler/0.9; +https://babbar.tech/crawler)"
198.54.114.83 - - [16/Apr/2025:01:13:59 -0400] "POST /wp-cron.php?doing_wp_cron=1744780439.4117839336395263671875 HTTP/1.1" 200 0 "-" "WordPress/6.7.2; https://the80itspod.com"
217.113.194.224 - - [16/Apr/2025:01:13:59 -0400] "GET /best-extracts-online-in-canada/feed/ HTTP/1.1" 200 391 "-" "Mozilla/5.0 (compatible; Barkrowler/0.9; +https://babbar.tech/crawler)"
38.170.112.39 - - [16/Apr/2025:01:14:00 -0400] "GET /what-is-an-off-line-cooling-system/ HTTP/1.1" 200 12243 "-" "Mozilla/5.0 (Windows NT 10.0; Win64; x64) AppleWebKit/537.36 (KHTML, like Gecko) Chrome/114.0.0.0 Safari/537.36"
198.54.114.83 - - [16/Apr/2025:01:14:00 -0400] "POST /wp-admin/admin-ajax.php?action=async_litespeed&nonce=ISZsVHM4OvvQL8DRajzTJAe0Cf83tYRB&litespeed_type=imgoptm HTTP/1.1" 200 0 "-" "WordPress/6.7.2; https://the80itspod.com"
217.113.194.225 - - [16/Apr/2025:01:14:16 -0400] "GET /the-importance-of-interior-design/feed/ HTTP/1.1" 200 400 "-" "Mozilla/5.0 (compatible; Barkrowler/0.9; +https://babbar.tech/crawler)"
91.84.98.204 - - [16/Apr/2025:01:14:17 -0400] "GET /advantages-of-factory-automation/ HTTP/1.1" 200 12288 "https://the80itspod.com/advantages-of-factory-automation/" "Mozilla/5.0 (Windows NT 10.0; Win64; x64) AppleWebKit/537.36 (KHTML, like Gecko) Chrome/131.0.0.0 Safari/537.36"
91.84.98.204 - - [16/Apr/2025:01:14:18 -0400] "POST /wp-comments-post.php HTTP/1.1" 302 0 "https://the80itspod.com/advantages-of-factory-automation/" "Mozilla/5.0 (Windows NT 10.0; Win64; x64) AppleWebKit/537.36 (KHTML, like Gecko) Chrome/131.0.0.0 Safari/537.36"
198.54.114.83 - - [16/Apr/2025:01:14:23 -0400] "POST /wp-cron.php?doing_wp_cron=1744780462.9681720733642578125000 HTTP/1.1" 200 0 "-" "WordPress/6.7.2; https://the80itspod.com"
91.84.98.204 - - [16/Apr/2025:01:14:22 -0400] "GET /advantages-of-factory-automation/ HTTP/1.1" 200 13892 "https://the80itspod.com/advantages-of-factory-automation/#comment-51563" "Mozilla/5.0 (Windows NT 10.0; Win64; x64) AppleWebKit/537.36 (KHTML, like Gecko) Chrome/131.0.0.0 Safari/537.36"
198.54.114.83 - - [16/Apr/2025:01:14:25 -0400] "POST /wp-admin/admin-ajax.php?action=async_litespeed&nonce=xHOWvSSWVKxeKYjayq3MhsA5pdmlZpAR&litespeed_type=imgoptm HTTP/1.1" 200 0 "-" "WordPress/6.7.2; https://the80itspod.com"
2a03:2880:f800:3:: - - [16/Apr/2025:01:14:28 -0400] "GET /buy-instagram-likes-from-a-reputable-provider/feed/ HTTP/1.1" 200 416 "-" "meta-externalagent/1.1 (+https://developers.facebook.com/docs/sharing/webmasters/crawler)"
2a03:2880:f800:10:: - - [16/Apr/2025:01:14:30 -0400] "GET /3-puntos-importantes-a-considerar-para-elegir-una-agencia-digital/feed/ HTTP/1.1" 200 424 "-" "meta-externalagent/1.1 (+https://developers.facebook.com/docs/sharing/webmasters/crawler)"
217.113.194.225 - - [16/Apr/2025:01:14:32 -0400] "GET /the-importance-of-a-business-strategy/feed/ HTTP/1.1" 200 402 "-" "Mozilla/5.0 (compatible; Barkrowler/0.9; +https://babbar.tech/crawler)"
27.42.99.97 - - [16/Apr/2025:01:14:48 -0400] "GET /vacation-rentals-in-cartagena-colombia/ HTTP/1.1" 200 12379 "-" "Mozilla/5.0 (Windows NT 6.1; WOW64) AppleWebKit/537.36 (KHTML, like Gecko) Chrome/34.0.1847.131 Safari/537.36"
217.113.194.222 - - [16/Apr/2025:01:14:49 -0400] "GET /the-importance-of-waste-management/feed/ HTTP/1.1" 200 396 "-" "Mozilla/5.0 (compatible; Barkrowler/0.9; +https://babbar.tech/crawler)"
217.113.194.227 - - [16/Apr/2025:01:15:06 -0400] "GET /west-vancouver-remodeling-services/feed/ HTTP/1.1" 200 393 "-" "Mozilla/5.0 (compatible; Barkrowler/0.9; +https://babbar.tech/crawler)"
198.54.114.83 - - [16/Apr/2025:01:15:25 -0400] "POST /wp-cron.php?doing_wp_cron=1744780524.8894829750061035156250 HTTP/1.1" 200 0 "-" "WordPress/6.7.2; https://the80itspod.com"
217.113.194.225 - - [16/Apr/2025:01:15:24 -0400] "GET /where-to-find-kratom-for-sale/feed/ HTTP/1.1" 200 400 "-" "Mozilla/5.0 (compatible; Barkrowler/0.9; +https://babbar.tech/crawler)"
196.251.85.239 - - [16/Apr/2025:01:13:25 -0400] "GET /chiropractic-an-elective-help-with-discomfort-experience/ HTTP/1.1" 200 12547 "-" "Mozilla/5.0 (X11; Ubuntu; Linux x86_64; rv:132.0) Gecko/20100101 Firefox/132.0"
217.113.194.227 - - [16/Apr/2025:01:13:24 -0400] "GET /security-services-in-miami-beach/feed/ HTTP/1.1" 200 395 "-" "Mozilla/5.0 (compatible; Barkrowler/0.9; +https://babbar.tech/crawler)"
