114.119.144.11 - - [15/Apr/2025:04:00:22 -0400] "GET /page/105/ HTTP/1.1" 200 13143 "https://the80itspod.com/page/102/" "Mozilla/5.0 (Linux; Android 7.0;) AppleWebKit/537.36 (KHTML, like Gecko) Mobile Safari/537.36 (compatible; PetalBot;+https://webmaster.petalsearch.com/site/petalbot)"
198.54.114.83 - - [15/Apr/2025:04:00:49 -0400] "POST /wp-cron.php?doing_wp_cron=1744704049.4373230934143066406250 HTTP/1.1" 200 0 "-" "WordPress/6.7.2; https://the80itspod.com"
66.249.64.233 - - [15/Apr/2025:04:00:48 -0400] "GET /2024/12/ HTTP/1.1" 301 0 "-" "Mozilla/5.0 (Linux; Android 6.0.1; Nexus 5X Build/MMB29P) AppleWebKit/537.36 (KHTML, like Gecko) Chrome/135.0.7049.84 Mobile Safari/537.36 (compatible; Googlebot/2.1; +http://www.google.com/bot.html)"
198.54.114.83 - - [15/Apr/2025:04:00:50 -0400] "POST /wp-admin/admin-ajax.php?action=async_litespeed&nonce=GQvfBMEwQ0H428BBaJ6pCpRBdIm0AX2B&litespeed_type=imgoptm HTTP/1.1" 200 0 "-" "WordPress/6.7.2; https://the80itspod.com"
198.54.114.83 - - [15/Apr/2025:04:01:23 -0400] "POST /wp-cron.php?doing_wp_cron=1744704082.6237249374389648437500 HTTP/1.1" 200 0 "-" "WordPress/6.7.2; https://the80itspod.com"
66.249.64.232 - - [15/Apr/2025:04:01:22 -0400] "GET /2024/08/ HTTP/1.1" 301 0 "-" "Mozilla/5.0 (Linux; Android 6.0.1; Nexus 5X Build/MMB29P) AppleWebKit/537.36 (KHTML, like Gecko) Chrome/135.0.7049.84 Mobile Safari/537.36 (compatible; Googlebot/2.1; +http://www.google.com/bot.html)"
198.54.114.83 - - [15/Apr/2025:04:01:25 -0400] "POST /wp-admin/admin-ajax.php?action=async_litespeed&nonce=AXF0RTWtRMVm4Gax1XPNS5Wnq0Pv6tlj&litespeed_type=imgoptm HTTP/1.1" 200 0 "-" "WordPress/6.7.2; https://the80itspod.com"
2a02:598:128:8a00::b00:1e - - [15/Apr/2025:04:02:00 -0400] "GET /a-digital-revolution/ HTTP/1.1" 200 11553 "-" "Mozilla/5.0 (compatible; SeznamBot/4.0; +https://o-seznam.cz/napoveda/vyhledavani/en/seznambot-crawler/)"
198.54.114.83 - - [15/Apr/2025:04:03:07 -0400] "POST /wp-admin/admin-ajax.php?action=async_litespeed&nonce=qt4umn0nuBdgWyq0NGBEdLvU04grO017&litespeed_type=imgoptm HTTP/1.1" 200 0 "-" "WordPress/6.7.2; https://the80itspod.com"
198.54.114.83 - - [15/Apr/2025:04:03:09 -0400] "POST /wp-cron.php?doing_wp_cron=1744704188.2222340106964111328125 HTTP/1.1" 200 0 "-" "WordPress/6.7.2; https://the80itspod.com"
198.54.114.83 - - [15/Apr/2025:04:03:09 -0400] "POST /wp-admin/admin-ajax.php?action=async_litespeed&nonce=F1je1ODE2fVylZyhiprovFWTuD0eGVuL&litespeed_type=imgoptm HTTP/1.1" 200 0 "-" "WordPress/6.7.2; https://the80itspod.com"
58.254.68.125 - - [15/Apr/2025:04:03:34 -0400] "GET /business-loans-for-women-how-to-close-the-gender-gap-in-business-financing/ HTTP/1.1" 200 12425 "https://the80itspod.com" "Mozilla/5.0 (Windows NT 10.0; Win64; x64) AppleWebKit/537.36 (KHTML, like Gecko) Chrome/62.0.3202.94 Safari/537.36"
198.54.114.83 - - [15/Apr/2025:04:03:38 -0400] "POST /wp-cron.php?doing_wp_cron=1744704217.7593839168548583984375 HTTP/1.1" 200 0 "-" "WordPress/6.7.2; https://the80itspod.com"
198.54.114.83 - - [15/Apr/2025:04:03:39 -0400] "POST /wp-admin/admin-ajax.php?action=async_litespeed&nonce=aeKBLozVlOCsJU9mje2j6PuCVWCtKQfa&litespeed_type=imgoptm HTTP/1.1" 200 0 "-" "WordPress/6.7.2; https://the80itspod.com"
58.254.68.125 - - [15/Apr/2025:04:03:36 -0400] "POST /wp-comments-post.php HTTP/1.1" 302 0 "https://the80itspod.com" "Mozilla/5.0 (Windows NT 10.0; Win64; x64) AppleWebKit/537.36 (KHTML, like Gecko) Chrome/62.0.3202.94 Safari/537.36"
58.254.68.125 - - [15/Apr/2025:04:03:43 -0400] "GET /business-loans-for-women-how-to-close-the-gender-gap-in-business-financing/ HTTP/1.1" 200 13078 "https://the80itspod.com" "Mozilla/4.0 (compatible; MSIE 6.0; Windows NT 5.1; en) Opera 8.50"
87.250.224.110 - - [15/Apr/2025:04:03:53 -0400] "GET /robots.txt HTTP/1.1" 304 0 "-" "Mozilla/5.0 (compatible; YandexBot/3.0; +http://yandex.com/bots)"
213.180.203.216 - - [15/Apr/2025:04:03:54 -0400] "GET /cycling-gifts-for-cycling-lovers-this-christmas/ HTTP/1.1" 200 12342 "-" "Mozilla/5.0 (compatible; YandexBot/3.0; +http://yandex.com/bots)"
58.254.68.125 - - [15/Apr/2025:04:03:58 -0400] "GET /vacation-rentals-in-cartagena-colombia/ HTTP/1.1" 200 12380 "https://the80itspod.com" "Mozilla/5.0 (Windows NT 10.0; Win64; x64) AppleWebKit/537.36 (KHTML, like Gecko) Chrome/62.0.3202.94 Safari/537.36"
58.254.68.125 - - [15/Apr/2025:04:03:59 -0400] "POST /wp-comments-post.php HTTP/1.1" 302 0 "https://the80itspod.com" "Mozilla/5.0 (Windows NT 10.0; Win64; x64) AppleWebKit/537.36 (KHTML, like Gecko) Chrome/62.0.3202.94 Safari/537.36"
58.254.68.125 - - [15/Apr/2025:04:04:02 -0400] "GET /vacation-rentals-in-cartagena-colombia/ HTTP/1.1" 200 13073 "https://the80itspod.com" "Mozilla/4.0 (compatible; MSIE 6.0; Windows NT 5.1; en) Opera 8.50"
58.254.68.38 - - [15/Apr/2025:04:05:25 -0400] "GET /vacation-rentals-in-cartagena-colombia/ HTTP/1.1" 200 12380 "-" "Mozilla/5.0 (Windows NT 6.1; WOW64) AppleWebKit/537.36 (KHTML, like Gecko) Chrome/34.0.1847.131 Safari/537.36"
198.54.114.83 - - [15/Apr/2025:04:05:46 -0400] "POST /wp-cron.php?doing_wp_cron=1744704346.0186269283294677734375 HTTP/1.1" 200 0 "-" "WordPress/6.7.2; https://the80itspod.com"
54.36.148.155 - - [15/Apr/2025:04:05:41 -0400] "GET /category/activity/page/71/ HTTP/1.1" 200 11252 "-" "Mozilla/5.0 (compatible; AhrefsBot/7.0; +http://ahrefs.com/robot/)"
198.54.114.83 - - [15/Apr/2025:04:05:46 -0400] "POST /wp-admin/admin-ajax.php?action=async_litespeed&nonce=fs2oj3CqQkBoAKDqjiZ8VWcFadUBDg4w&litespeed_type=imgoptm HTTP/1.1" 200 0 "-" "WordPress/6.7.2; https://the80itspod.com"
198.54.114.83 - - [15/Apr/2025:04:08:32 -0400] "POST /wp-cron.php?doing_wp_cron=1744704512.6852960586547851562500 HTTP/1.1" 200 0 "-" "WordPress/6.7.2; https://the80itspod.com"
40.77.167.7 - - [15/Apr/2025:04:08:29 -0400] "GET /sitemap_index.xml HTTP/1.1" 200 294 "-" "Mozilla/5.0 AppleWebKit/537.36 (KHTML, like Gecko; compatible; bingbot/2.0; +http://www.bing.com/bingbot.htm) Chrome/116.0.1938.76 Safari/537.36"
198.54.114.83 - - [15/Apr/2025:04:08:33 -0400] "POST /wp-admin/admin-ajax.php?action=async_litespeed&nonce=91h0MFPBZRhdvloGYfMnkBqsmrMAaWs7&litespeed_type=imgoptm HTTP/1.1" 200 5 "-" "WordPress/6.7.2; https://the80itspod.com"
198.54.114.83 - - [15/Apr/2025:04:10:51 -0400] "POST /wp-cron.php?doing_wp_cron=1744704651.2454290390014648437500 HTTP/1.1" 200 0 "-" "WordPress/6.7.2; https://the80itspod.com"
119.28.56.126 - - [15/Apr/2025:04:10:48 -0400] "GET /initial-public-offering-services/ HTTP/1.1" 200 12546 "-" "Python/3.10 aiohttp/3.10.5"
198.54.114.83 - - [15/Apr/2025:04:10:51 -0400] "POST /wp-admin/admin-ajax.php?action=async_litespeed&nonce=Wf12mqnyjF8yPHlDw5Vxx4gBEjN0N9Er&litespeed_type=imgoptm HTTP/1.1" 200 0 "-" "WordPress/6.7.2; https://the80itspod.com"
66.249.64.232 - - [15/Apr/2025:04:10:59 -0400] "GET /2023/04/ HTTP/1.1" 301 0 "-" "Mozilla/5.0 (Linux; Android 6.0.1; Nexus 5X Build/MMB29P) AppleWebKit/537.36 (KHTML, like Gecko) Chrome/135.0.7049.84 Mobile Safari/537.36 (compatible; Googlebot/2.1; +http://www.google.com/bot.html)"
54.36.148.240 - - [15/Apr/2025:04:11:06 -0400] "GET /steam-how-to-add-friend/ HTTP/1.1" 200 12990 "-" "Mozilla/5.0 (compatible; AhrefsBot/7.0; +http://ahrefs.com/robot/)"
198.54.114.83 - - [15/Apr/2025:04:12:36 -0400] "POST /wp-cron.php?doing_wp_cron=1744704756.1279249191284179687500 HTTP/1.1" 200 0 "-" "WordPress/6.7.2; https://the80itspod.com"
66.249.64.233 - - [15/Apr/2025:04:12:32 -0400] "GET /2025/01/ HTTP/1.1" 301 0 "-" "Mozilla/5.0 (Linux; Android 6.0.1; Nexus 5X Build/MMB29P) AppleWebKit/537.36 (KHTML, like Gecko) Chrome/135.0.7049.84 Mobile Safari/537.36 (compatible; Googlebot/2.1; +http://www.google.com/bot.html)"
198.54.114.83 - - [15/Apr/2025:04:12:36 -0400] "POST /wp-admin/admin-ajax.php?action=async_litespeed&nonce=fQuPXrJufcB6euiM1FzbLaa9TgMWoU4i&litespeed_type=imgoptm HTTP/1.1" 200 5 "-" "WordPress/6.7.2; https://the80itspod.com"
119.28.56.69 - - [15/Apr/2025:04:12:55 -0400] "GET /how-to-design-plastic-gears-that-operate-efficiently/ HTTP/1.1" 200 12399 "-" "Python/3.10 aiohttp/3.10.5"
101.32.75.188 - - [15/Apr/2025:04:13:06 -0400] "GET /fenbendazole-222mg-capsules-for-humans-with-multiple-myeloma/ HTTP/1.1" 200 12298 "-" "Python/3.10 aiohttp/3.10.5"
198.54.114.83 - - [15/Apr/2025:04:14:19 -0400] "POST /wp-cron.php?doing_wp_cron=1744704858.9036839008331298828125 HTTP/1.1" 200 0 "-" "WordPress/6.7.2; https://the80itspod.com"
58.254.68.125 - - [15/Apr/2025:04:14:18 -0400] "GET /vacation-rentals-in-cartagena-colombia/ HTTP/1.1" 200 12379 "https://the80itspod.com" "Mozilla/5.0 (Windows NT 10.0; Win64; x64) AppleWebKit/537.36 (KHTML, like Gecko) Chrome/62.0.3202.94 Safari/537.36"
198.54.114.83 - - [15/Apr/2025:04:14:19 -0400] "POST /wp-admin/admin-ajax.php?action=async_litespeed&nonce=19DPX6PbAIPkAZQVFPoQvrf9RtzzNt0B&litespeed_type=imgoptm HTTP/1.1" 200 5 "-" "WordPress/6.7.2; https://the80itspod.com"
198.54.114.83 - - [15/Apr/2025:04:14:23 -0400] "POST /wp-cron.php?doing_wp_cron=1744704862.2457048892974853515625 HTTP/1.1" 200 0 "-" "WordPress/6.7.2; https://the80itspod.com"
198.54.114.83 - - [15/Apr/2025:04:14:24 -0400] "POST /wp-admin/admin-ajax.php?action=async_litespeed&nonce=OIr97UHpJVAiAZemg8geaXXW3hXz76ea&litespeed_type=imgoptm HTTP/1.1" 200 0 "-" "WordPress/6.7.2; https://the80itspod.com"
58.254.68.125 - - [15/Apr/2025:04:14:21 -0400] "POST /wp-comments-post.php HTTP/1.1" 302 0 "https://the80itspod.com" "Mozilla/5.0 (Windows NT 10.0; Win64; x64) AppleWebKit/537.36 (KHTML, like Gecko) Chrome/62.0.3202.94 Safari/537.36"
58.254.68.125 - - [15/Apr/2025:04:14:27 -0400] "GET /vacation-rentals-in-cartagena-colombia/ HTTP/1.1" 200 13054 "https://the80itspod.com" "Mozilla/4.0 (compatible; MSIE 6.0; Windows NT 5.1; en) Opera 8.50"
2a03:2880:f800:b:: - - [15/Apr/2025:04:15:17 -0400] "GET /wp-json/oembed/1.0/embed?url=https%3A%2F%2Fthe80itspod.com%2Fthe-evolution-of-mobile-game-downloads-in-2024%2F HTTP/1.1" 200 2336 "-" "meta-externalagent/1.1 (+https://developers.facebook.com/docs/sharing/webmasters/crawler)"
198.54.114.83 - - [15/Apr/2025:04:16:24 -0400] "POST /wp-cron.php?doing_wp_cron=1744704983.9264430999755859375000 HTTP/1.1" 200 0 "-" "WordPress/6.7.2; https://the80itspod.com"
54.36.148.230 - - [15/Apr/2025:04:16:23 -0400] "GET /cutting-edge-technology-and-manufacturing-processes/feed/ HTTP/1.1" 200 414 "-" "Mozilla/5.0 (compatible; AhrefsBot/7.0; +http://ahrefs.com/robot/)"
198.54.114.83 - - [15/Apr/2025:04:16:25 -0400] "POST /wp-admin/admin-ajax.php?action=async_litespeed&nonce=T89HYPSJMzwmJXNE9yzeT233HLfIG9bb&litespeed_type=imgoptm HTTP/1.1" 200 0 "-" "WordPress/6.7.2; https://the80itspod.com"
114.119.128.181 - - [15/Apr/2025:04:16:55 -0400] "GET /page/56/?ND HTTP/1.1" 200 13283 "https://the80itspod.com/page/55/?ND" "Mozilla/5.0 (Linux; Android 7.0;) AppleWebKit/537.36 (KHTML, like Gecko) Mobile Safari/537.36 (compatible; PetalBot;+https://webmaster.petalsearch.com/site/petalbot)"
198.54.114.83 - - [15/Apr/2025:04:18:25 -0400] "POST /wp-cron.php?doing_wp_cron=1744705105.3489820957183837890625 HTTP/1.1" 200 0 "-" "WordPress/6.7.2; https://the80itspod.com"
198.54.114.83 - - [15/Apr/2025:04:18:26 -0400] "POST /wp-admin/admin-ajax.php?action=async_litespeed&nonce=lnrVjKYER0kIJbfX3tYdsmCbnd9FobOZ&litespeed_type=imgoptm HTTP/1.1" 200 0 "-" "WordPress/6.7.2; https://the80itspod.com"
114.119.156.55 - - [15/Apr/2025:04:18:19 -0400] "GET /page/47/?MA HTTP/1.1" 200 13393 "https://the80itspod.com/page/49/?MA" "Mozilla/5.0 (Linux; Android 7.0;) AppleWebKit/537.36 (KHTML, like Gecko) Mobile Safari/537.36 (compatible; PetalBot;+https://webmaster.petalsearch.com/site/petalbot)"
198.54.114.83 - - [15/Apr/2025:04:19:13 -0400] "POST /wp-cron.php?doing_wp_cron=1744705152.5748870372772216796875 HTTP/1.1" 200 0 "-" "WordPress/6.7.2; https://the80itspod.com"
84.54.44.30 - - [15/Apr/2025:04:19:11 -0400] "GET /relx-electronic-cigarette/ HTTP/1.1" 200 12607 "https://the80itspod.com/relx-electronic-cigarette/" "Mozilla/5.0 (Windows NT 10.0; Win64; x64) AppleWebKit/537.36 (KHTML, like Gecko) Chrome/130.0.0.0 Safari/537.36 CCleaner/130.0.0.0"
84.54.44.30 - - [15/Apr/2025:04:19:15 -0400] "POST /wp-comments-post.php HTTP/1.1" 302 0 "https://the80itspod.com/relx-electronic-cigarette/" "Mozilla/5.0 (Windows NT 10.0; Win64; x64) AppleWebKit/537.36 (KHTML, like Gecko) Chrome/130.0.0.0 Safari/537.36 CCleaner/130.0.0.0"
84.54.44.30 - - [15/Apr/2025:04:19:18 -0400] "GET /relx-electronic-cigarette/ HTTP/1.1" 200 13437 "https://the80itspod.com/relx-electronic-cigarette/#comment-51440" "Mozilla/5.0 (Windows NT 10.0; Win64; x64) AppleWebKit/537.36 (KHTML, like Gecko) Chrome/130.0.0.0 Safari/537.36 CCleaner/130.0.0.0"
198.54.114.83 - - [15/Apr/2025:04:19:40 -0400] "POST /wp-cron.php?doing_wp_cron=1744705180.3838849067687988281250 HTTP/1.1" 200 0 "-" "WordPress/6.7.2; https://the80itspod.com"
150.109.118.157 - - [15/Apr/2025:04:19:39 -0400] "GET /top-boat-rental-cabo-companies/ HTTP/1.1" 200 12046 "-" "Python/3.10 aiohttp/3.10.5"
198.54.114.83 - - [15/Apr/2025:04:19:42 -0400] "POST /wp-admin/admin-ajax.php?action=async_litespeed&nonce=qUaEgYq9miuA7vvPDm8cUXaULSBEoVXO&litespeed_type=imgoptm HTTP/1.1" 200 0 "-" "WordPress/6.7.2; https://the80itspod.com"
114.119.139.247 - - [15/Apr/2025:04:19:42 -0400] "GET /page/30/?MA HTTP/1.1" 200 13093 "https://the80itspod.com/page/33/?MA" "Mozilla/5.0 (Linux; Android 7.0;) AppleWebKit/537.36 (KHTML, like Gecko) Mobile Safari/537.36 (compatible; PetalBot;+https://webmaster.petalsearch.com/site/petalbot)"
198.54.114.83 - - [15/Apr/2025:04:21:10 -0400] "POST /wp-cron.php?doing_wp_cron=1744705270.4784350395202636718750 HTTP/1.1" 200 0 "-" "WordPress/6.7.2; https://the80itspod.com"
114.119.156.55 - - [15/Apr/2025:04:21:06 -0400] "GET /les-vases-muraux-daujourdhui-perpetuent-la-tradition-des-vases-grecs-antiques/ HTTP/1.1" 200 12498 "https://the80itspod.com/category/activity/page/105/" "Mozilla/5.0 (Linux; Android 7.0;) AppleWebKit/537.36 (KHTML, like Gecko) Mobile Safari/537.36 (compatible; PetalBot;+https://webmaster.petalsearch.com/site/petalbot)"
198.54.114.83 - - [15/Apr/2025:04:21:11 -0400] "POST /wp-admin/admin-ajax.php?action=async_litespeed&nonce=wYtS6eHJhPdXJ5NNHQlszZI1OmTHjxAC&litespeed_type=imgoptm HTTP/1.1" 200 5 "-" "WordPress/6.7.2; https://the80itspod.com"
198.54.114.83 - - [15/Apr/2025:04:21:51 -0400] "POST /wp-cron.php?doing_wp_cron=1744705311.0965809822082519531250 HTTP/1.1" 200 0 "-" "WordPress/6.7.2; https://the80itspod.com"
54.36.149.0 - - [15/Apr/2025:04:21:50 -0400] "GET /page/58/ HTTP/1.1" 200 13189 "-" "Mozilla/5.0 (compatible; AhrefsBot/7.0; +http://ahrefs.com/robot/)"
198.54.114.83 - - [15/Apr/2025:04:21:52 -0400] "POST /wp-admin/admin-ajax.php?action=async_litespeed&nonce=280jpuDIW44DZ1QRmYVni7JMVAKeLoXy&litespeed_type=imgoptm HTTP/1.1" 200 0 "-" "WordPress/6.7.2; https://the80itspod.com"
198.54.114.83 - - [15/Apr/2025:04:22:31 -0400] "POST /wp-cron.php?doing_wp_cron=1744705350.7746300697326660156250 HTTP/1.1" 200 0 "-" "WordPress/6.7.2; https://the80itspod.com"
114.119.149.108 - - [15/Apr/2025:04:22:29 -0400] "GET /exploring-pesach-programs/ HTTP/1.1" 200 11713 "https://the80itspod.com/page/7/?ND" "Mozilla/5.0 (Linux; Android 7.0;) AppleWebKit/537.36 (KHTML, like Gecko) Mobile Safari/537.36 (compatible; PetalBot;+https://webmaster.petalsearch.com/site/petalbot)"
198.54.114.83 - - [15/Apr/2025:04:22:32 -0400] "POST /wp-admin/admin-ajax.php?action=async_litespeed&nonce=OEsP3phXshA8mZBjUGyud9RvCIw1VIc3&litespeed_type=imgoptm HTTP/1.1" 200 0 "-" "WordPress/6.7.2; https://the80itspod.com"
198.54.114.83 - - [15/Apr/2025:04:23:39 -0400] "POST /wp-cron.php?doing_wp_cron=1744705419.3164949417114257812500 HTTP/1.1" 200 0 "-" "WordPress/6.7.2; https://the80itspod.com"
47.128.122.213 - - [15/Apr/2025:04:23:38 -0400] "GET / HTTP/1.1" 200 13048 "-" "Mozilla/5.0 (Linux; Android 5.0) AppleWebKit/537.36 (KHTML, like Gecko) Mobile Safari/537.36 (compatible; Bytespider; spider-feedback@bytedance.com)"
198.54.114.83 - - [15/Apr/2025:04:23:40 -0400] "POST /wp-admin/admin-ajax.php?action=async_litespeed&nonce=2vwkWPrILhm1E5xn2aMVpaVxeGOwmsvR&litespeed_type=imgoptm HTTP/1.1" 200 5 "-" "WordPress/6.7.2; https://the80itspod.com"
114.119.140.170 - - [15/Apr/2025:04:23:52 -0400] "GET /category/activity/page/85/ HTTP/1.1" 200 11252 "https://the80itspod.com/category/activity/page/82/" "Mozilla/5.0 (Linux; Android 7.0;) AppleWebKit/537.36 (KHTML, like Gecko) Mobile Safari/537.36 (compatible; PetalBot;+https://webmaster.petalsearch.com/site/petalbot)"
66.249.64.225 - - [15/Apr/2025:04:24:11 -0400] "GET /2024/03/ HTTP/1.1" 301 0 "-" "Mozilla/5.0 (Linux; Android 6.0.1; Nexus 5X Build/MMB29P) AppleWebKit/537.36 (KHTML, like Gecko) Chrome/135.0.7049.84 Mobile Safari/537.36 (compatible; Googlebot/2.1; +http://www.google.com/bot.html)"
66.249.64.224 - - [15/Apr/2025:04:24:11 -0400] "GET /robots.txt HTTP/1.1" 200 112 "-" "Mozilla/5.0 (compatible; Googlebot/2.1; +http://www.google.com/bot.html)"
129.226.130.181 - - [15/Apr/2025:04:25:07 -0400] "GET /how-manufacturing-loans-can-help-your-business/ HTTP/1.1" 200 12377 "-" "Python/3.10 aiohttp/3.10.5"
198.54.114.83 - - [15/Apr/2025:04:25:20 -0400] "POST /wp-cron.php?doing_wp_cron=1744705516.2915079593658447265625 HTTP/1.1" 200 0 "-" "WordPress/6.7.2; https://the80itspod.com"
114.119.139.247 - - [15/Apr/2025:04:25:20 -0400] "GET /air-conditioning/ HTTP/1.1" 200 11211 "https://the80itspod.com/ensuring-safety-and-compliance/" "Mozilla/5.0 (Linux; Android 7.0;) AppleWebKit/537.36 (KHTML, like Gecko) Mobile Safari/537.36 (compatible; PetalBot;+https://webmaster.petalsearch.com/site/petalbot)"
18.191.32.71 - - [15/Apr/2025:04:26:12 -0400] "GET /is-fenbendazole-for-humans-safe/feed HTTP/1.1" 301 0 "-" "Mozilla/5.0 AppleWebKit/537.36 (KHTML, like Gecko; compatible; ClaudeBot/1.0; +claudebot@anthropic.com)"
18.191.32.71 - - [15/Apr/2025:04:26:13 -0400] "GET /is-fenbendazole-for-humans-safe/feed/ HTTP/1.1" 200 394 "-" "Mozilla/5.0 AppleWebKit/537.36 (KHTML, like Gecko; compatible; ClaudeBot/1.0; +claudebot@anthropic.com)"
198.54.114.83 - - [15/Apr/2025:04:26:25 -0400] "POST /wp-cron.php?doing_wp_cron=1744705585.3474330902099609375000 HTTP/1.1" 200 0 "-" "WordPress/6.7.2; https://the80itspod.com"
66.249.64.226 - - [15/Apr/2025:04:26:25 -0400] "GET /2024/07/ HTTP/1.1" 301 0 "-" "Mozilla/5.0 (Linux; Android 6.0.1; Nexus 5X Build/MMB29P) AppleWebKit/537.36 (KHTML, like Gecko) Chrome/135.0.7049.84 Mobile Safari/537.36 (compatible; Googlebot/2.1; +http://www.google.com/bot.html)"
198.54.114.83 - - [15/Apr/2025:04:26:25 -0400] "POST /wp-admin/admin-ajax.php?action=async_litespeed&nonce=N8JNiVygRfkWMrqOmG4V50hYhOzD1JaD&litespeed_type=imgoptm HTTP/1.1" 200 5 "-" "WordPress/6.7.2; https://the80itspod.com"
114.119.140.170 - - [15/Apr/2025:04:26:45 -0400] "GET /2023/09/ HTTP/1.1" 301 0 "https://the80itspod.com/the-japanese-katana-sword/" "Mozilla/5.0 (Linux; Android 7.0;) AppleWebKit/537.36 (KHTML, like Gecko) Mobile Safari/537.36 (compatible; PetalBot;+https://webmaster.petalsearch.com/site/petalbot)"
114.119.140.170 - - [15/Apr/2025:04:26:48 -0400] "GET / HTTP/1.1" 200 13048 "https://the80itspod.com/the-japanese-katana-sword/" "Mozilla/5.0 (Linux; Android 7.0;) AppleWebKit/537.36 (KHTML, like Gecko) Mobile Safari/537.36 (compatible; PetalBot;+https://webmaster.petalsearch.com/site/petalbot)"
54.36.149.6 - - [15/Apr/2025:04:27:04 -0400] "GET /lart-du-massage-a-geneve-detente-et-tradition/ HTTP/1.1" 200 12054 "-" "Mozilla/5.0 (compatible; AhrefsBot/7.0; +http://ahrefs.com/robot/)"
47.128.98.122 - - [15/Apr/2025:04:27:07 -0400] "GET / HTTP/1.1" 200 13048 "-" "Mozilla/5.0 (Linux; Android 5.0) AppleWebKit/537.36 (KHTML, like Gecko) Mobile Safari/537.36 (compatible; Bytespider; spider-feedback@bytedance.com)"
198.54.114.83 - - [15/Apr/2025:04:28:00 -0400] "POST /wp-cron.php?doing_wp_cron=1744705680.5144550800323486328125 HTTP/1.1" 200 0 "-" "WordPress/6.7.2; https://the80itspod.com"
91.84.98.204 - - [15/Apr/2025:04:27:59 -0400] "GET /advantages-of-factory-automation/ HTTP/1.1" 200 12288 "https://the80itspod.com/advantages-of-factory-automation/" "Mozilla/5.0 (Windows NT 10.0; Win64; x64) AppleWebKit/537.36 (KHTML, like Gecko) Chrome/131.0.0.0 Safari/537.36"
198.54.114.83 - - [15/Apr/2025:04:28:01 -0400] "POST /wp-admin/admin-ajax.php?action=async_litespeed&nonce=Hg9Fr4JKv34nuMcdjphfeFTIN76C1vlh&litespeed_type=imgoptm HTTP/1.1" 200 5 "-" "WordPress/6.7.2; https://the80itspod.com"
91.84.98.204 - - [15/Apr/2025:04:28:02 -0400] "POST /wp-comments-post.php HTTP/1.1" 302 0 "https://the80itspod.com/advantages-of-factory-automation/" "Mozilla/5.0 (Windows NT 10.0; Win64; x64) AppleWebKit/537.36 (KHTML, like Gecko) Chrome/131.0.0.0 Safari/537.36"
91.84.98.204 - - [15/Apr/2025:04:28:05 -0400] "GET /advantages-of-factory-automation/ HTTP/1.1" 200 13830 "https://the80itspod.com/advantages-of-factory-automation/#comment-51441" "Mozilla/5.0 (Windows NT 10.0; Win64; x64) AppleWebKit/537.36 (KHTML, like Gecko) Chrome/131.0.0.0 Safari/537.36"
198.54.114.83 - - [15/Apr/2025:04:29:26 -0400] "POST /wp-admin/admin-ajax.php?action=async_litespeed&nonce=bHVJ0cuoxMOHsTAtRAd7CaikFjng0RLU&litespeed_type=imgoptm HTTP/1.1" 200 0 "-" "WordPress/6.7.2; https://the80itspod.com"
198.54.114.83 - - [15/Apr/2025:04:29:41 -0400] "POST /wp-admin/admin-ajax.php?action=async_litespeed&nonce=gnMxba3L9ZAxFu51OMwkGrJ7nfoKuk2l&litespeed_type=imgoptm HTTP/1.1" 200 5 "-" "WordPress/6.7.2; https://the80itspod.com"
198.54.114.83 - - [15/Apr/2025:04:30:27 -0400] "POST /wp-cron.php?doing_wp_cron=1744705826.9006869792938232421875 HTTP/1.1" 200 0 "-" "WordPress/6.7.2; https://the80itspod.com"
129.226.135.104 - - [15/Apr/2025:04:30:26 -0400] "GET /deep-house-cleaning-services/ HTTP/1.1" 200 12147 "-" "Python/3.10 aiohttp/3.10.5"
198.54.114.83 - - [15/Apr/2025:04:30:29 -0400] "POST /wp-admin/admin-ajax.php?action=async_litespeed&nonce=dbUJ5r8IF8npsvddbhuqjYYwHi3KQLYH&litespeed_type=imgoptm HTTP/1.1" 200 0 "-" "WordPress/6.7.2; https://the80itspod.com"
198.54.114.83 - - [15/Apr/2025:04:30:51 -0400] "POST /wp-cron.php?doing_wp_cron=1744705851.0193970203399658203125 HTTP/1.1" 200 0 "-" "WordPress/6.7.2; https://the80itspod.com"
43.154.251.2 - - [15/Apr/2025:04:30:50 -0400] "GET /the-dangers-of-face-filters/ HTTP/1.1" 200 12514 "-" "Python/3.10 aiohttp/3.10.5"
66.249.64.225 - - [15/Apr/2025:04:31:27 -0400] "GET /category/health/ HTTP/1.1" 200 9587 "-" "Mozilla/5.0 (Linux; Android 6.0.1; Nexus 5X Build/MMB29P) AppleWebKit/537.36 (KHTML, like Gecko) Chrome/135.0.7049.84 Mobile Safari/537.36 (compatible; Googlebot/2.1; +http://www.google.com/bot.html)"
198.54.114.83 - - [15/Apr/2025:04:31:31 -0400] "POST /wp-cron.php?doing_wp_cron=1744705888.5324430465698242187500 HTTP/1.1" 200 0 "-" "WordPress/6.7.2; https://the80itspod.com"
114.119.144.11 - - [15/Apr/2025:04:32:16 -0400] "GET /page/57/?SA HTTP/1.1" 200 13165 "https://the80itspod.com/page/54/?SA" "Mozilla/5.0 (Linux; Android 7.0;) AppleWebKit/537.36 (KHTML, like Gecko) Mobile Safari/537.36 (compatible; PetalBot;+https://webmaster.petalsearch.com/site/petalbot)"
198.54.114.83 - - [15/Apr/2025:04:32:33 -0400] "POST /wp-cron.php?doing_wp_cron=1744705952.6241021156311035156250 HTTP/1.1" 200 0 "-" "WordPress/6.7.2; https://the80itspod.com"
54.36.148.242 - - [15/Apr/2025:04:32:32 -0400] "GET /page/68/ HTTP/1.1" 200 12944 "-" "Mozilla/5.0 (compatible; AhrefsBot/7.0; +http://ahrefs.com/robot/)"
198.54.114.83 - - [15/Apr/2025:04:32:34 -0400] "POST /wp-admin/admin-ajax.php?action=async_litespeed&nonce=7ZLw0F6LesFKoMNnzUdfjg32E89XB4VZ&litespeed_type=imgoptm HTTP/1.1" 200 0 "-" "WordPress/6.7.2; https://the80itspod.com"
198.54.114.83 - - [15/Apr/2025:04:33:45 -0400] "POST /wp-cron.php?doing_wp_cron=1744706025.4217379093170166015625 HTTP/1.1" 200 0 "-" "WordPress/6.7.2; https://the80itspod.com"
198.54.114.83 - - [15/Apr/2025:04:33:47 -0400] "POST /wp-admin/admin-ajax.php?action=async_litespeed&nonce=OaEO0IIwJX4NkA5IBxJlzslx7InCeNUs&litespeed_type=imgoptm HTTP/1.1" 200 0 "-" "WordPress/6.7.2; https://the80itspod.com"
114.119.128.181 - - [15/Apr/2025:04:33:44 -0400] "GET /page/39/?SD HTTP/1.1" 200 13168 "https://the80itspod.com/page/36/?SD" "Mozilla/5.0 (Linux; Android 7.0;) AppleWebKit/537.36 (KHTML, like Gecko) Mobile Safari/537.36 (compatible; PetalBot;+https://webmaster.petalsearch.com/site/petalbot)"
114.119.144.11 - - [15/Apr/2025:04:35:04 -0400] "GET /unusual-luxury-cutlery-for-everyday-and-upscale-dinners/ HTTP/1.1" 200 11921 "https://the80itspod.com/page/37/?ND" "Mozilla/5.0 (Linux; Android 7.0;) AppleWebKit/537.36 (KHTML, like Gecko) Mobile Safari/537.36 (compatible; PetalBot;+https://webmaster.petalsearch.com/site/petalbot)"
198.54.114.83 - - [15/Apr/2025:04:35:09 -0400] "POST /wp-cron.php?doing_wp_cron=1744706106.6051859855651855468750 HTTP/1.1" 200 0 "-" "WordPress/6.7.2; https://the80itspod.com"
66.249.64.224 - - [15/Apr/2025:04:35:58 -0400] "GET /turning-into-an-answer-for-your-clients-issues HTTP/1.1" 301 0 "-" "Mozilla/5.0 (Linux; Android 6.0.1; Nexus 5X Build/MMB29P) AppleWebKit/537.36 (KHTML, like Gecko) Chrome/135.0.7049.84 Mobile Safari/537.36 (compatible; Googlebot/2.1; +http://www.google.com/bot.html)"
66.249.64.224 - - [15/Apr/2025:04:35:59 -0400] "GET /turning-into-an-answer-for-your-clients-issues/ HTTP/1.1" 200 12526 "-" "Mozilla/5.0 (Linux; Android 6.0.1; Nexus 5X Build/MMB29P) AppleWebKit/537.36 (KHTML, like Gecko) Chrome/135.0.7049.84 Mobile Safari/537.36 (compatible; Googlebot/2.1; +http://www.google.com/bot.html)"
52.1.157.90 - - [15/Apr/2025:04:36:03 -0400] "GET /page/52/ HTTP/1.1" 200 12999 "-" "Mozilla/5.0 AppleWebKit/537.36 (KHTML, like Gecko; compatible; Amazonbot/0.1; +https://developer.amazon.com/support/amazonbot) Chrome/119.0.6045.214 Safari/537.36"
198.54.114.83 - - [15/Apr/2025:04:36:27 -0400] "POST /wp-cron.php?doing_wp_cron=1744706187.4545440673828125000000 HTTP/1.1" 200 0 "-" "WordPress/6.7.2; https://the80itspod.com"
114.119.156.55 - - [15/Apr/2025:04:36:26 -0400] "GET /salad-shooter-by-presto-save-money-by-buying-it-online/ HTTP/1.1" 200 11862 "https://the80itspod.com/solvent-recovery-profitability-means-staying-green/" "Mozilla/5.0 (Linux; Android 7.0;) AppleWebKit/537.36 (KHTML, like Gecko) Mobile Safari/537.36 (compatible; PetalBot;+https://webmaster.petalsearch.com/site/petalbot)"
198.54.114.83 - - [15/Apr/2025:04:36:28 -0400] "POST /wp-admin/admin-ajax.php?action=async_litespeed&nonce=aZdlH1v1tHHVBzXlppMWHskCoK4PTejl&litespeed_type=imgoptm HTTP/1.1" 200 5 "-" "WordPress/6.7.2; https://the80itspod.com"
198.54.114.83 - - [15/Apr/2025:04:37:42 -0400] "POST /wp-cron.php?doing_wp_cron=1744706261.7780349254608154296875 HTTP/1.1" 200 0 "-" "WordPress/6.7.2; https://the80itspod.com"
198.54.114.83 - - [15/Apr/2025:04:37:44 -0400] "POST /wp-admin/admin-ajax.php?action=async_litespeed&nonce=MBaM8eg0FWtcpRcF4ZeDexG7ZrOTnjEF&litespeed_type=imgoptm HTTP/1.1" 200 0 "-" "WordPress/6.7.2; https://the80itspod.com"
54.36.148.52 - - [15/Apr/2025:04:37:45 -0400] "GET /transformez-votre-salon-avec-des-housses-de-canape/ HTTP/1.1" 200 12559 "-" "Mozilla/5.0 (compatible; AhrefsBot/7.0; +http://ahrefs.com/robot/)"
114.119.128.26 - - [15/Apr/2025:04:37:50 -0400] "GET /linnovation-du-climatiseur-bi-split/ HTTP/1.1" 200 11896 "https://the80itspod.com/page/22/?MA" "Mozilla/5.0 (Linux; Android 7.0;) AppleWebKit/537.36 (KHTML, like Gecko) Mobile Safari/537.36 (compatible; PetalBot;+https://webmaster.petalsearch.com/site/petalbot)"
66.249.64.226 - - [15/Apr/2025:04:37:41 -0400] "GET /post-sitemap.xml HTTP/1.1" 200 27318 "-" "Mozilla/5.0 (compatible; Googlebot/2.1; +http://www.google.com/bot.html)"
198.54.114.83 - - [15/Apr/2025:04:39:15 -0400] "POST /wp-cron.php?doing_wp_cron=1744706354.4250900745391845703125 HTTP/1.1" 200 0 "-" "WordPress/6.7.2; https://the80itspod.com"
119.28.140.91 - - [15/Apr/2025:04:39:14 -0400] "GET /lmpd-investigates-churchill-shooting/ HTTP/1.1" 200 12258 "-" "Python/3.10 aiohttp/3.10.5"
114.119.139.247 - - [15/Apr/2025:04:39:13 -0400] "GET /leather-clutches-wholesale/ HTTP/1.1" 200 11524 "https://the80itspod.com/category/activity/page/48/" "Mozilla/5.0 (Linux; Android 7.0;) AppleWebKit/537.36 (KHTML, like Gecko) Mobile Safari/537.36 (compatible; PetalBot;+https://webmaster.petalsearch.com/site/petalbot)"
185.152.92.117 - - [15/Apr/2025:04:39:15 -0400] "GET /discover-the-charm-of-resort-lake-garda/ HTTP/1.1" 200 11599 "https://the80itspod.com/discover-the-charm-of-resort-lake-garda/" "Mozilla/5.0 (Windows NT 10.0; Win64; x64) AppleWebKit/537.36 (KHTML, like Gecko) Chrome/129.0.0.0 Safari/537.36"
198.54.114.83 - - [15/Apr/2025:04:39:16 -0400] "POST /wp-admin/admin-ajax.php?action=async_litespeed&nonce=1abDbSX6gNPYLG7F1gIiRqmMwmioLoPi&litespeed_type=imgoptm HTTP/1.1" 200 0 "-" "WordPress/6.7.2; https://the80itspod.com"
198.54.114.83 - - [15/Apr/2025:04:39:20 -0400] "POST /wp-cron.php?doing_wp_cron=1744706360.0135080814361572265625 HTTP/1.1" 200 0 "-" "WordPress/6.7.2; https://the80itspod.com"
198.54.114.83 - - [15/Apr/2025:04:39:20 -0400] "POST /wp-admin/admin-ajax.php?action=async_litespeed&nonce=AFF2icClanj1qTqn0fZMJ8WGkzYEApl9&litespeed_type=imgoptm HTTP/1.1" 200 5 "-" "WordPress/6.7.2; https://the80itspod.com"
185.152.92.117 - - [15/Apr/2025:04:39:19 -0400] "POST /wp-comments-post.php HTTP/1.1" 302 0 "https://the80itspod.com/discover-the-charm-of-resort-lake-garda/" "Mozilla/5.0 (Windows NT 10.0; Win64; x64) AppleWebKit/537.36 (KHTML, like Gecko) Chrome/129.0.0.0 Safari/537.36"
185.152.92.117 - - [15/Apr/2025:04:39:33 -0400] "GET /discover-the-charm-of-resort-lake-garda/ HTTP/1.1" 200 12750 "https://the80itspod.com/discover-the-charm-of-resort-lake-garda/#comment-51442" "Mozilla/5.0 (Windows NT 10.0; Win64; x64) AppleWebKit/537.36 (KHTML, like Gecko) Chrome/129.0.0.0 Safari/537.36"
198.54.114.83 - - [15/Apr/2025:04:40:29 -0400] "POST /wp-cron.php?doing_wp_cron=1744706429.4847819805145263671875 HTTP/1.1" 200 0 "-" "WordPress/6.7.2; https://the80itspod.com"
101.32.12.10 - - [15/Apr/2025:04:40:28 -0400] "GET /how-to-spice-up-your-anniversary-celebration/ HTTP/1.1" 200 12317 "-" "Python/3.10 aiohttp/3.10.5"
198.54.114.83 - - [15/Apr/2025:04:40:30 -0400] "POST /wp-admin/admin-ajax.php?action=async_litespeed&nonce=gmR6r1LnkyfdrqVFRaTO0G0CF7ZhbOGA&litespeed_type=imgoptm HTTP/1.1" 200 5 "-" "WordPress/6.7.2; https://the80itspod.com"
114.119.158.43 - - [15/Apr/2025:04:40:37 -0400] "GET /cbd-hanfol-boxen-und-ihre-vorteile/ HTTP/1.1" 200 12243 "https://the80itspod.com/page/70/?SD" "Mozilla/5.0 (Linux; Android 7.0;) AppleWebKit/537.36 (KHTML, like Gecko) Mobile Safari/537.36 (compatible; PetalBot;+https://webmaster.petalsearch.com/site/petalbot)"
66.249.64.225 - - [15/Apr/2025:04:40:58 -0400] "GET /2025/02/ HTTP/1.1" 301 0 "-" "Mozilla/5.0 (Linux; Android 6.0.1; Nexus 5X Build/MMB29P) AppleWebKit/537.36 (KHTML, like Gecko) Chrome/135.0.7049.84 Mobile Safari/537.36 (compatible; Googlebot/2.1; +http://www.google.com/bot.html)"
109.172.87.122 - - [15/Apr/2025:04:42:06 -0400] "GET /advantages-of-factory-automation/ HTTP/1.1" 200 12288 "https://the80itspod.com/advantages-of-factory-automation/" "Mozilla/5.0 (Windows NT 10.0; Win64; x64) AppleWebKit/537.36 (KHTML, like Gecko) Chrome/131.0.0.0 Safari/537.36"
198.54.114.83 - - [15/Apr/2025:04:42:09 -0400] "POST /wp-cron.php?doing_wp_cron=1744706528.8230049610137939453125 HTTP/1.1" 200 0 "-" "WordPress/6.7.2; https://the80itspod.com"
198.54.114.83 - - [15/Apr/2025:04:42:10 -0400] "POST /wp-admin/admin-ajax.php?action=async_litespeed&nonce=WtCUw4cNZQvhgAxAzeVQdbFFRUdpg9Zj&litespeed_type=imgoptm HTTP/1.1" 200 0 "-" "WordPress/6.7.2; https://the80itspod.com"
109.172.87.122 - - [15/Apr/2025:04:42:07 -0400] "POST /wp-comments-post.php HTTP/1.1" 302 0 "https://the80itspod.com/advantages-of-factory-automation/" "Mozilla/5.0 (Windows NT 10.0; Win64; x64) AppleWebKit/537.36 (KHTML, like Gecko) Chrome/131.0.0.0 Safari/537.36"
109.172.87.122 - - [15/Apr/2025:04:42:14 -0400] "GET /advantages-of-factory-automation/ HTTP/1.1" 200 13845 "https://the80itspod.com/advantages-of-factory-automation/#comment-51443" "Mozilla/5.0 (Windows NT 10.0; Win64; x64) AppleWebKit/537.36 (KHTML, like Gecko) Chrome/131.0.0.0 Safari/537.36"
198.54.114.83 - - [15/Apr/2025:04:43:22 -0400] "POST /wp-cron.php?doing_wp_cron=1744706602.1528539657592773437500 HTTP/1.1" 200 0 "-" "WordPress/6.7.2; https://the80itspod.com"
2a03:2880:f800:1:: - - [15/Apr/2025:04:43:21 -0400] "GET /wp-json/oembed/1.0/embed?url=https%3A%2F%2Fthe80itspod.com%2Fdiscover-the-elegance-of-midtown-modern-showflat-2%2F HTTP/1.1" 200 2385 "-" "meta-externalagent/1.1 (+https://developers.facebook.com/docs/sharing/webmasters/crawler)"
198.54.114.83 - - [15/Apr/2025:04:43:23 -0400] "POST /wp-admin/admin-ajax.php?action=async_litespeed&nonce=9mqKoKXJQIVOQWc8Mwi9w5hL4crjpj5g&litespeed_type=imgoptm HTTP/1.1" 200 0 "-" "WordPress/6.7.2; https://the80itspod.com"
54.36.149.14 - - [15/Apr/2025:04:43:22 -0400] "GET /lana-bar-the-perfect-place-to-celebrate/ HTTP/1.1" 200 11738 "-" "Mozilla/5.0 (compatible; AhrefsBot/7.0; +http://ahrefs.com/robot/)"
198.54.114.83 - - [15/Apr/2025:04:44:24 -0400] "POST /wp-cron.php?doing_wp_cron=1744706663.7559618949890136718750 HTTP/1.1" 200 0 "-" "WordPress/6.7.2; https://the80itspod.com"
37.139.53.208 - - [15/Apr/2025:04:44:22 -0400] "GET /5-tips-for-shopping-for-a-mortgage/ HTTP/1.1" 200 12114 "https://the80itspod.com/5-tips-for-shopping-for-a-mortgage/" "Mozilla/5.0 (Windows NT 10.0; Win64; x64) AppleWebKit/537.36 (KHTML, like Gecko) Chrome/130.0.0.0 Safari/537.36"
198.54.114.83 - - [15/Apr/2025:04:44:24 -0400] "POST /wp-admin/admin-ajax.php?action=async_litespeed&nonce=FB4QypVnax2ryJ9sTiszNrK79wzirdUz&litespeed_type=imgoptm HTTP/1.1" 200 5 "-" "WordPress/6.7.2; https://the80itspod.com"
37.139.53.208 - - [15/Apr/2025:04:44:26 -0400] "POST /wp-comments-post.php HTTP/1.1" 302 0 "https://the80itspod.com/5-tips-for-shopping-for-a-mortgage/" "Mozilla/5.0 (Windows NT 10.0; Win64; x64) AppleWebKit/537.36 (KHTML, like Gecko) Chrome/130.0.0.0 Safari/537.36"
37.139.53.208 - - [15/Apr/2025:04:44:31 -0400] "GET /5-tips-for-shopping-for-a-mortgage/ HTTP/1.1" 200 13343 "https://the80itspod.com/5-tips-for-shopping-for-a-mortgage/#comment-51444" "Mozilla/5.0 (Windows NT 10.0; Win64; x64) AppleWebKit/537.36 (KHTML, like Gecko) Chrome/130.0.0.0 Safari/537.36"
101.32.49.9 - - [15/Apr/2025:04:45:07 -0400] "GET /top-3-curly-hair-salons-in-melbourne/ HTTP/1.1" 200 11768 "-" "Python/3.10 aiohttp/3.10.5"
198.54.114.83 - - [15/Apr/2025:04:47:05 -0400] "POST /wp-cron.php?doing_wp_cron=1744706825.5506350994110107421875 HTTP/1.1" 200 0 "-" "WordPress/6.7.2; https://the80itspod.com"
198.54.114.83 - - [15/Apr/2025:04:47:06 -0400] "POST /wp-admin/admin-ajax.php?action=async_litespeed&nonce=7G8i2bmLnNWvkBKD7KsKod2ikgqDiDZ4&litespeed_type=imgoptm HTTP/1.1" 200 0 "-" "WordPress/6.7.2; https://the80itspod.com"
240e:350:8003:38a3:4ecc:6a1d:82f7:5ca9 - - [15/Apr/2025:04:46:59 -0400] "POST /wp-comments-post.php HTTP/1.1" 302 0 "-" "Mozilla/5.0 (Windows NT 10.0; Win64; x64) AppleWebKit/537.36 (KHTML, like Gecko) Chrome/108.0.0.0 Safari/537.36 Edg/108.0.1462.46"
240e:350:8003:38a3:4ecc:6a1d:82f7:5ca9 - - [15/Apr/2025:04:47:08 -0400] "GET /what-is-a-cryptomixer/?unapproved=51445&moderation-hash=b3776b7dcc2dc03a69e8404291893ba1 HTTP/1.1" 200 12306 "-" "Mozilla/5.0 (Windows NT 10.0; Win64; x64) AppleWebKit/537.36 (KHTML, like Gecko) Chrome/108.0.0.0 Safari/537.36 Edg/108.0.1462.46"
198.54.114.83 - - [15/Apr/2025:04:48:27 -0400] "POST /wp-cron.php?doing_wp_cron=1744706907.4318449497222900390625 HTTP/1.1" 200 0 "-" "WordPress/6.7.2; https://the80itspod.com"
54.36.149.65 - - [15/Apr/2025:04:48:26 -0400] "GET /what-does-a-sex-addiction-therapist-do/ HTTP/1.1" 200 11684 "-" "Mozilla/5.0 (compatible; AhrefsBot/7.0; +http://ahrefs.com/robot/)"
66.249.64.225 - - [15/Apr/2025:04:48:28 -0400] "GET /collier-de-lait-maternel HTTP/1.1" 301 0 "-" "Mozilla/5.0 (Linux; Android 6.0.1; Nexus 5X Build/MMB29P) AppleWebKit/537.36 (KHTML, like Gecko) Chrome/135.0.7049.84 Mobile Safari/537.36 (compatible; Googlebot/2.1; +http://www.google.com/bot.html)"
198.54.114.83 - - [15/Apr/2025:04:48:28 -0400] "POST /wp-admin/admin-ajax.php?action=async_litespeed&nonce=XLDUIChE9x6gXvMbY854ObqpM0yXc4lY&litespeed_type=imgoptm HTTP/1.1" 200 0 "-" "WordPress/6.7.2; https://the80itspod.com"
66.249.64.225 - - [15/Apr/2025:04:48:29 -0400] "GET /collier-de-lait-maternel/ HTTP/1.1" 200 11923 "-" "Mozilla/5.0 (Linux; Android 6.0.1; Nexus 5X Build/MMB29P) AppleWebKit/537.36 (KHTML, like Gecko) Chrome/135.0.7049.84 Mobile Safari/537.36 (compatible; Googlebot/2.1; +http://www.google.com/bot.html)"
198.54.114.83 - - [15/Apr/2025:04:49:38 -0400] "POST /wp-admin/admin-ajax.php?action=async_litespeed&nonce=idiMQ3jAVNR34zOKH5ISYyaueUqbRjPo&litespeed_type=imgoptm HTTP/1.1" 200 0 "-" "WordPress/6.7.2; https://the80itspod.com"
198.54.114.83 - - [15/Apr/2025:04:50:25 -0400] "POST /wp-cron.php?doing_wp_cron=1744707024.4413909912109375000000 HTTP/1.1" 200 0 "-" "WordPress/6.7.2; https://the80itspod.com"
2a03:2880:f800:b:: - - [15/Apr/2025:04:50:23 -0400] "GET /wp-json/oembed/1.0/embed?url=https%3A%2F%2Fthe80itspod.com%2Funvergesslicher-urlaub-am-gardasee-ihr-resort-guide%2F HTTP/1.1" 200 2369 "-" "meta-externalagent/1.1 (+https://developers.facebook.com/docs/sharing/webmasters/crawler)"
198.54.114.83 - - [15/Apr/2025:04:50:27 -0400] "POST /wp-admin/admin-ajax.php?action=async_litespeed&nonce=V7VQpvtj2C6iOhgQX6OCkNJAZUFupCvH&litespeed_type=imgoptm HTTP/1.1" 200 0 "-" "WordPress/6.7.2; https://the80itspod.com"
198.54.114.83 - - [15/Apr/2025:04:52:53 -0400] "POST /wp-cron.php?doing_wp_cron=1744707172.6838068962097167968750 HTTP/1.1" 200 0 "-" "WordPress/6.7.2; https://the80itspod.com"
47.238.13.14 - - [15/Apr/2025:04:52:47 -0400] "GET /the-ppr-fittings-manufacturer HTTP/1.1" 301 0 "-" "Mozilla/5.0 (Macintosh; Intel Mac OS X 10_15_7) AppleWebKit/537.36 (KHTML, like Gecko) Chrome/109.0.0.0 Safari/537.36"
198.54.114.83 - - [15/Apr/2025:04:52:54 -0400] "POST /wp-admin/admin-ajax.php?action=async_litespeed&nonce=2A8u4hy12u9aTSK4UKedqLu8HODkZiLE&litespeed_type=imgoptm HTTP/1.1" 200 0 "-" "WordPress/6.7.2; https://the80itspod.com"
47.238.13.14 - - [15/Apr/2025:04:52:53 -0400] "GET /the-ppr-fittings-manufacturer/ HTTP/1.1" 200 11696 "https://the80itspod.com/the-ppr-fittings-manufacturer" "Mozilla/5.0 (Macintosh; Intel Mac OS X 10_15_7) AppleWebKit/537.36 (KHTML, like Gecko) Chrome/109.0.0.0 Safari/537.36"
198.54.114.83 - - [15/Apr/2025:04:53:55 -0400] "POST /wp-cron.php?doing_wp_cron=1744707234.6908049583435058593750 HTTP/1.1" 200 0 "-" "WordPress/6.7.2; https://the80itspod.com"
198.54.114.83 - - [15/Apr/2025:04:53:56 -0400] "POST /wp-admin/admin-ajax.php?action=async_litespeed&nonce=JZioEQD5OcXBDFalnBWb5TtRs90xuWUx&litespeed_type=imgoptm HTTP/1.1" 200 0 "-" "WordPress/6.7.2; https://the80itspod.com"
54.36.149.99 - - [15/Apr/2025:04:53:53 -0400] "GET /lake-garden-residences-in-jurong-lake-district-jakarta/ HTTP/1.1" 200 12442 "-" "Mozilla/5.0 (compatible; AhrefsBot/7.0; +http://ahrefs.com/robot/)"
198.54.114.83 - - [15/Apr/2025:04:54:37 -0400] "POST /wp-cron.php?doing_wp_cron=1744707277.8350040912628173828125 HTTP/1.1" 200 0 "-" "WordPress/6.7.2; https://the80itspod.com"
2a03:2880:f800:1:: - - [15/Apr/2025:04:54:36 -0400] "GET /wp-json/wp/v2/posts/2327 HTTP/1.1" 200 9387 "-" "meta-externalagent/1.1 (+https://developers.facebook.com/docs/sharing/webmasters/crawler)"
198.54.114.83 - - [15/Apr/2025:04:54:39 -0400] "POST /wp-admin/admin-ajax.php?action=async_litespeed&nonce=IeqkqG9svdYLBZkJeqEp8oNmqcLlNdXH&litespeed_type=imgoptm HTTP/1.1" 200 0 "-" "WordPress/6.7.2; https://the80itspod.com"
198.54.114.83 - - [15/Apr/2025:04:56:02 -0400] "POST /wp-cron.php?doing_wp_cron=1744707361.0708830356597900390625 HTTP/1.1" 200 0 "-" "WordPress/6.7.2; https://the80itspod.com"
114.119.128.26 - - [15/Apr/2025:04:56:00 -0400] "GET /page/75/?SD HTTP/1.1" 200 13017 "https://the80itspod.com/page/72/?SD" "Mozilla/5.0 (Linux; Android 7.0;) AppleWebKit/537.36 (KHTML, like Gecko) Mobile Safari/537.36 (compatible; PetalBot;+https://webmaster.petalsearch.com/site/petalbot)"
43.132.134.51 - - [15/Apr/2025:04:56:23 -0400] "GET /prevent-laptop-overheating-through-laptop-cooling-products/ HTTP/1.1" 200 12129 "-" "Python/3.10 aiohttp/3.10.5"
85.208.96.195 - - [15/Apr/2025:04:56:57 -0400] "GET /painting-the-bones-an-artists-guide-to-the-death-card/ HTTP/1.1" 200 12238 "-" "Mozilla/5.0 (compatible; SemrushBot/7~bl; +http://www.semrush.com/bot.html)"
198.54.114.83 - - [15/Apr/2025:04:58:47 -0400] "POST /wp-admin/admin-ajax.php?action=async_litespeed&nonce=V77oaOzuDCdifHaEwygr0rtEjOnR8bif&litespeed_type=imgoptm HTTP/1.1" 200 0 "-" "WordPress/6.7.2; https://the80itspod.com"
198.54.114.83 - - [15/Apr/2025:04:59:24 -0400] "POST /wp-cron.php?doing_wp_cron=1744707563.2621419429779052734375 HTTP/1.1" 200 0 "-" "WordPress/6.7.2; https://the80itspod.com"
54.36.148.132 - - [15/Apr/2025:04:59:22 -0400] "GET /a-guide-to-the-borghi-brush-machine-factory/ HTTP/1.1" 200 12112 "-" "Mozilla/5.0 (compatible; AhrefsBot/7.0; +http://ahrefs.com/robot/)"
198.54.114.83 - - [15/Apr/2025:04:59:26 -0400] "POST /wp-admin/admin-ajax.php?action=async_litespeed&nonce=g5I61Hoge7ebGf6Wrq0bHMxOQxloY6dD&litespeed_type=imgoptm HTTP/1.1" 200 0 "-" "WordPress/6.7.2; https://the80itspod.com"
198.54.114.83 - - [15/Apr/2025:05:00:24 -0400] "POST /wp-cron.php?doing_wp_cron=1744707623.1127200126647949218750 HTTP/1.1" 200 0 "-" "WordPress/6.7.2; https://the80itspod.com"
43.128.36.58 - - [15/Apr/2025:05:00:22 -0400] "GET /modern-airplane-washing-frameworks-and-airplane-cleaning-conversation/ HTTP/1.1" 200 12843 "-" "Python/3.10 aiohttp/3.10.5"
198.54.114.83 - - [15/Apr/2025:05:00:25 -0400] "POST /wp-admin/admin-ajax.php?action=async_litespeed&nonce=Ggv0M7OrsKntTcuNEQGU1DwdNWBMZLho&litespeed_type=imgoptm HTTP/1.1" 200 0 "-" "WordPress/6.7.2; https://the80itspod.com"
198.54.114.83 - - [15/Apr/2025:05:01:33 -0400] "POST /wp-admin/admin-ajax.php?action=async_litespeed&nonce=hxH3QvcyOG6vqQbbxkHijyTSV3KmJQmG&litespeed_type=imgoptm HTTP/1.1" 200 0 "-" "WordPress/6.7.2; https://the80itspod.com"
91.84.102.194 - - [15/Apr/2025:05:01:36 -0400] "GET /relx-electronic-cigarette/ HTTP/1.1" 200 13914 "https://the80itspod.com/relx-electronic-cigarette/#comment-51446" "Mozilla/5.0 (Windows NT 10.0; Win64; x64) AppleWebKit/537.36 (KHTML, like Gecko) Chrome/130.0.0.0 Safari/537.36 CCleaner/130.0.0.0"
198.54.114.83 - - [15/Apr/2025:05:02:19 -0400] "POST /wp-cron.php?doing_wp_cron=1744707739.4802598953247070312500 HTTP/1.1" 200 0 "-" "WordPress/6.7.2; https://the80itspod.com"
85.208.96.207 - - [15/Apr/2025:05:02:18 -0400] "GET /parier-sur-1xbet-une-aventure-de-divertissement-et-de-gains/ HTTP/1.1" 200 11652 "-" "Mozilla/5.0 (compatible; SemrushBot/7~bl; +http://www.semrush.com/bot.html)"
198.54.114.83 - - [15/Apr/2025:05:02:20 -0400] "POST /wp-admin/admin-ajax.php?action=async_litespeed&nonce=ZHKuJxPh9EMqbBmHPcIweW0E8jcQMiLa&litespeed_type=imgoptm HTTP/1.1" 200 0 "-" "WordPress/6.7.2; https://the80itspod.com"
178.217.98.213 - - [15/Apr/2025:05:03:00 -0400] "GET /advantages-of-factory-automation/ HTTP/1.1" 200 12288 "https://the80itspod.com/advantages-of-factory-automation/" "Mozilla/5.0 (Windows NT 10.0; Win64; x64) AppleWebKit/537.36 (KHTML, like Gecko) Chrome/131.0.0.0 Safari/537.36 Avast/131.0.0.0"
178.217.98.213 - - [15/Apr/2025:05:03:02 -0400] "POST /wp-comments-post.php HTTP/1.1" 302 0 "https://the80itspod.com/advantages-of-factory-automation/" "Mozilla/5.0 (Windows NT 10.0; Win64; x64) AppleWebKit/537.36 (KHTML, like Gecko) Chrome/131.0.0.0 Safari/537.36 Avast/131.0.0.0"
178.217.98.213 - - [15/Apr/2025:05:03:05 -0400] "GET /advantages-of-factory-automation/ HTTP/1.1" 200 12886 "https://the80itspod.com/advantages-of-factory-automation/#comment-51447" "Mozilla/5.0 (Windows NT 10.0; Win64; x64) AppleWebKit/537.36 (KHTML, like Gecko) Chrome/131.0.0.0 Safari/537.36 Avast/131.0.0.0"
2a03:2880:f800:a:: - - [15/Apr/2025:05:03:17 -0400] "GET /wp-json/wp/v2/posts/2351 HTTP/1.1" 200 10791 "-" "meta-externalagent/1.1 (+https://developers.facebook.com/docs/sharing/webmasters/crawler)"
198.54.114.83 - - [15/Apr/2025:05:04:28 -0400] "POST /wp-cron.php?doing_wp_cron=1744707866.8906910419464111328125 HTTP/1.1" 200 0 "-" "WordPress/6.7.2; https://the80itspod.com"
66.249.64.233 - - [15/Apr/2025:05:04:25 -0400] "GET /epaviste-oise/feed/ HTTP/1.1" 200 368 "-" "Mozilla/5.0 (Linux; Android 6.0.1; Nexus 5X Build/MMB29P) AppleWebKit/537.36 (KHTML, like Gecko) Chrome/135.0.7049.84 Mobile Safari/537.36 (compatible; Googlebot/2.1; +http://www.google.com/bot.html)"
54.36.148.74 - - [15/Apr/2025:05:04:51 -0400] "GET /page/67/ HTTP/1.1" 200 13208 "-" "Mozilla/5.0 (compatible; AhrefsBot/7.0; +http://ahrefs.com/robot/)"
175.41.148.236 - - [15/Apr/2025:05:06:47 -0400] "GET /wp-content/uploads/2023/11/Pokemon-Go-How-to-Get-Stardust.jpeg HTTP/1.1" 200 14580 "-" "Mozilla/5.0 (Windows NT 10.0; Win64; x64) AppleWebKit/537.36 (KHTML, like Gecko) Chrome/133.0.0.0 Safari/537.36"
198.54.114.83 - - [15/Apr/2025:05:09:56 -0400] "POST /wp-cron.php?doing_wp_cron=1744708195.7582409381866455078125 HTTP/1.1" 200 0 "-" "WordPress/6.7.2; https://the80itspod.com"
198.54.114.83 - - [15/Apr/2025:05:09:58 -0400] "POST /wp-admin/admin-ajax.php?action=async_litespeed&nonce=hH6FChNRMiQgI4GYCR6JwKM3fUin3uCa&litespeed_type=imgoptm HTTP/1.1" 200 0 "-" "WordPress/6.7.2; https://the80itspod.com"
54.36.148.230 - - [15/Apr/2025:05:09:49 -0400] "GET /the-essence-of-timeless-beauty/ HTTP/1.1" 200 11412 "-" "Mozilla/5.0 (compatible; AhrefsBot/7.0; +http://ahrefs.com/robot/)"
66.249.64.226 - - [15/Apr/2025:05:10:10 -0400] "GET /category/activity/page/121/ HTTP/1.1" 200 11315 "-" "Mozilla/5.0 (Linux; Android 6.0.1; Nexus 5X Build/MMB29P) AppleWebKit/537.36 (KHTML, like Gecko) Chrome/135.0.7049.84 Mobile Safari/537.36 (compatible; Googlebot/2.1; +http://www.google.com/bot.html)"
198.54.114.83 - - [15/Apr/2025:05:11:13 -0400] "POST /wp-cron.php?doing_wp_cron=1744708272.4687199592590332031250 HTTP/1.1" 200 0 "-" "WordPress/6.7.2; https://the80itspod.com"
129.226.63.212 - - [15/Apr/2025:05:11:10 -0400] "GET /essential-norcold-refrigerator-parts/ HTTP/1.1" 200 12403 "-" "Python/3.10 aiohttp/3.10.5"
198.54.114.83 - - [15/Apr/2025:05:11:14 -0400] "POST /wp-admin/admin-ajax.php?action=async_litespeed&nonce=s0TtbbUZuyDekdmYaGiYZHx0YFW1DvJu&litespeed_type=imgoptm HTTP/1.1" 200 0 "-" "WordPress/6.7.2; https://the80itspod.com"
198.54.114.83 - - [15/Apr/2025:05:11:46 -0400] "POST /wp-cron.php?doing_wp_cron=1744708306.7434060573577880859375 HTTP/1.1" 200 0 "-" "WordPress/6.7.2; https://the80itspod.com"
114.119.156.55 - - [15/Apr/2025:05:11:46 -0400] "GET /page/121/?SD HTTP/1.1" 200 13242 "https://the80itspod.com/page/119/?SD" "Mozilla/5.0 (Linux; Android 7.0;) AppleWebKit/537.36 (KHTML, like Gecko) Mobile Safari/537.36 (compatible; PetalBot;+https://webmaster.petalsearch.com/site/petalbot)"
198.54.114.83 - - [15/Apr/2025:05:11:48 -0400] "POST /wp-admin/admin-ajax.php?action=async_litespeed&nonce=d5xU3auOxDQwzYiods7re4fSY4bl2wTc&litespeed_type=imgoptm HTTP/1.1" 200 0 "-" "WordPress/6.7.2; https://the80itspod.com"
85.208.96.196 - - [15/Apr/2025:05:12:19 -0400] "GET /category/activity/page/17/ HTTP/1.1" 200 11390 "-" "Mozilla/5.0 (compatible; SemrushBot/7~bl; +http://www.semrush.com/bot.html)"
198.54.114.83 - - [15/Apr/2025:05:13:08 -0400] "POST /wp-cron.php?doing_wp_cron=1744708388.1600320339202880859375 HTTP/1.1" 200 0 "-" "WordPress/6.7.2; https://the80itspod.com"
114.119.140.170 - - [15/Apr/2025:05:13:07 -0400] "GET /how-much-does-a-solid-roof-conservatory-cost/ HTTP/1.1" 200 12358 "https://the80itspod.com/used-bugatti-for-sale/" "Mozilla/5.0 (Linux; Android 7.0;) AppleWebKit/537.36 (KHTML, like Gecko) Mobile Safari/537.36 (compatible; PetalBot;+https://webmaster.petalsearch.com/site/petalbot)"
198.54.114.83 - - [15/Apr/2025:05:13:10 -0400] "POST /wp-admin/admin-ajax.php?action=async_litespeed&nonce=elYrVPIVVN0UcCURgqLVDFOfsuWtdvGV&litespeed_type=imgoptm HTTP/1.1" 200 0 "-" "WordPress/6.7.2; https://the80itspod.com"
198.54.114.83 - - [15/Apr/2025:05:14:27 -0400] "POST /wp-cron.php?doing_wp_cron=1744708467.4273469448089599609375 HTTP/1.1" 200 0 "-" "WordPress/6.7.2; https://the80itspod.com"
198.54.114.83 - - [15/Apr/2025:05:14:28 -0400] "POST /wp-admin/admin-ajax.php?action=async_litespeed&nonce=VoyuCu919aeP6IJaS5WPVg8LJlCBihiG&litespeed_type=imgoptm HTTP/1.1" 200 0 "-" "WordPress/6.7.2; https://the80itspod.com"
66.249.64.224 - - [15/Apr/2025:05:14:22 -0400] "GET /category/activity/page/4/ HTTP/1.1" 200 11298 "-" "Mozilla/5.0 (Linux; Android 6.0.1; Nexus 5X Build/MMB29P) AppleWebKit/537.36 (KHTML, like Gecko) Chrome/135.0.7049.84 Mobile Safari/537.36 (compatible; Googlebot/2.1; +http://www.google.com/bot.html)"
114.119.149.108 - - [15/Apr/2025:05:14:31 -0400] "GET /choosing-an-mba-online-or-in-person/ HTTP/1.1" 200 11835 "https://the80itspod.com/category/activity/page/51/" "Mozilla/5.0 (Linux; Android 7.0;) AppleWebKit/537.36 (KHTML, like Gecko) Mobile Safari/537.36 (compatible; PetalBot;+https://webmaster.petalsearch.com/site/petalbot)"
91.84.98.204 - - [15/Apr/2025:05:14:42 -0400] "GET /advantages-of-factory-automation/ HTTP/1.1" 200 12288 "https://the80itspod.com/advantages-of-factory-automation/" "Mozilla/5.0 (Windows NT 10.0; Win64; x64) AppleWebKit/537.36 (KHTML, like Gecko) Chrome/130.0.0.0 Safari/537.36"
91.84.98.204 - - [15/Apr/2025:05:14:43 -0400] "POST /wp-comments-post.php HTTP/1.1" 302 0 "https://the80itspod.com/advantages-of-factory-automation/" "Mozilla/5.0 (Windows NT 10.0; Win64; x64) AppleWebKit/537.36 (KHTML, like Gecko) Chrome/130.0.0.0 Safari/537.36"
91.84.98.204 - - [15/Apr/2025:05:14:48 -0400] "GET /advantages-of-factory-automation/ HTTP/1.1" 200 13869 "https://the80itspod.com/advantages-of-factory-automation/#comment-51448" "Mozilla/5.0 (Windows NT 10.0; Win64; x64) AppleWebKit/537.36 (KHTML, like Gecko) Chrome/130.0.0.0 Safari/537.36"
