217.113.194.222 - - [16/Apr/2025:04:15:35 -0400] "GET /the-different-scales-of-hardness-testing/feed/ HTTP/1.1" 200 403 "-" "Mozilla/5.0 (compatible; Barkrowler/0.9; +https://babbar.tech/crawler)"
154.83.103.106 - - [16/Apr/2025:04:15:36 -0400] "GET /public/storage/ HTTP/1.1" 404 8408 "-" "Mozilla/5.0 (Windows NT 10.0; Win64; x64) AppleWebKit/537.36 (KHTML, like Gecko) Chrome/91.0.4472.124 Safari/537.36"
154.83.103.106 - - [16/Apr/2025:04:15:39 -0400] "GET /readme.html HTTP/1.1" 200 2662 "-" "Mozilla/5.0 (Windows NT 10.0; Win64; x64) AppleWebKit/537.36 (KHTML, like Gecko) Chrome/91.0.4472.124 Safari/537.36"
27.42.99.212 - - [16/Apr/2025:04:15:41 -0400] "GET /vacation-rentals-in-cartagena-colombia/ HTTP/1.1" 200 12379 "https://the80itspod.com" "Mozilla/5.0 (Windows NT 10.0; Win64; x64) AppleWebKit/537.36 (KHTML, like Gecko) Chrome/62.0.3202.94 Safari/537.36"
154.83.103.106 - - [16/Apr/2025:04:15:42 -0400] "GET /requirements.txt HTTP/1.1" 404 8406 "-" "Mozilla/5.0 (Windows NT 10.0; Win64; x64) AppleWebKit/537.36 (KHTML, like Gecko) Chrome/91.0.4472.124 Safari/537.36"
154.83.103.106 - - [16/Apr/2025:04:15:46 -0400] "GET /routes/api.php HTTP/1.1" 404 8429 "-" "Mozilla/5.0 (Windows NT 10.0; Win64; x64) AppleWebKit/537.36 (KHTML, like Gecko) Chrome/91.0.4472.124 Safari/537.36"
27.42.99.212 - - [16/Apr/2025:04:15:44 -0400] "POST /wp-comments-post.php HTTP/1.1" 302 0 "https://the80itspod.com" "Mozilla/5.0 (Windows NT 10.0; Win64; x64) AppleWebKit/537.36 (KHTML, like Gecko) Chrome/62.0.3202.94 Safari/537.36"
154.83.103.106 - - [16/Apr/2025:04:15:50 -0400] "GET /routes/web.php HTTP/1.1" 404 8407 "-" "Mozilla/5.0 (Windows NT 10.0; Win64; x64) AppleWebKit/537.36 (KHTML, like Gecko) Chrome/91.0.4472.124 Safari/537.36"
27.42.99.212 - - [16/Apr/2025:04:15:54 -0400] "GET /vacation-rentals-in-cartagena-colombia/ HTTP/1.1" 200 13429 "https://the80itspod.com" "Mozilla/4.0 (compatible; MSIE 6.0; Windows NT 5.1; en) Opera 8.50"
217.113.194.228 - - [16/Apr/2025:04:15:55 -0400] "GET /the-power-of-buying-youtube-views-and-subscribers/feed/ HTTP/1.1" 200 428 "-" "Mozilla/5.0 (compatible; Barkrowler/0.9; +https://babbar.tech/crawler)"
154.83.103.106 - - [16/Apr/2025:04:15:55 -0400] "GET /runtime.txt HTTP/1.1" 404 8407 "-" "Mozilla/5.0 (Windows NT 10.0; Win64; x64) AppleWebKit/537.36 (KHTML, like Gecko) Chrome/91.0.4472.124 Safari/537.36"
154.83.103.106 - - [16/Apr/2025:04:15:59 -0400] "GET /secrets.json HTTP/1.1" 404 8407 "-" "Mozilla/5.0 (Windows NT 10.0; Win64; x64) AppleWebKit/537.36 (KHTML, like Gecko) Chrome/91.0.4472.124 Safari/537.36"
154.83.103.106 - - [16/Apr/2025:04:16:01 -0400] "GET /server.js HTTP/1.1" 404 8407 "-" "Mozilla/5.0 (Windows NT 10.0; Win64; x64) AppleWebKit/537.36 (KHTML, like Gecko) Chrome/91.0.4472.124 Safari/537.36"
154.83.103.106 - - [16/Apr/2025:04:16:02 -0400] "GET /settings.gradle HTTP/1.1" 404 8407 "-" "Mozilla/5.0 (Windows NT 10.0; Win64; x64) AppleWebKit/537.36 (KHTML, like Gecko) Chrome/91.0.4472.124 Safari/537.36"
114.119.139.247 - - [16/Apr/2025:04:16:04 -0400] "GET /page/15/ HTTP/1.1" 200 13662 "https://the80itspod.com/page/17/" "Mozilla/5.0 (Linux; Android 7.0;) AppleWebKit/537.36 (KHTML, like Gecko) Mobile Safari/537.36 (compatible; PetalBot;+https://webmaster.petalsearch.com/site/petalbot)"
154.83.103.106 - - [16/Apr/2025:04:16:04 -0400] "GET /settings.json HTTP/1.1" 404 8407 "-" "Mozilla/5.0 (Windows NT 10.0; Win64; x64) AppleWebKit/537.36 (KHTML, like Gecko) Chrome/91.0.4472.124 Safari/537.36"
66.249.79.67 - - [16/Apr/2025:04:16:07 -0400] "GET /how-to-win-big-at-the-powerball-site/feed/ HTTP/1.1" 200 407 "-" "Mozilla/5.0 (Linux; Android 6.0.1; Nexus 5X Build/MMB29P) AppleWebKit/537.36 (KHTML, like Gecko) Chrome/135.0.7049.84 Mobile Safari/537.36 (compatible; Googlebot/2.1; +http://www.google.com/bot.html)"
154.83.103.106 - - [16/Apr/2025:04:16:07 -0400] "GET /setup.php HTTP/1.1" 404 8407 "-" "Mozilla/5.0 (Windows NT 10.0; Win64; x64) AppleWebKit/537.36 (KHTML, like Gecko) Chrome/91.0.4472.124 Safari/537.36"
154.83.103.106 - - [16/Apr/2025:04:16:09 -0400] "GET /signin HTTP/1.1" 404 8407 "-" "Mozilla/5.0 (Windows NT 10.0; Win64; x64) AppleWebKit/537.36 (KHTML, like Gecko) Chrome/91.0.4472.124 Safari/537.36"
2a03:2880:f800:10:: - - [16/Apr/2025:04:16:10 -0400] "GET /descubre-el-liquido-para-limpiar-plata/ HTTP/1.1" 200 12139 "-" "meta-externalagent/1.1 (+https://developers.facebook.com/docs/sharing/webmasters/crawler)"
154.83.103.106 - - [16/Apr/2025:04:16:11 -0400] "GET /site-backup.tar.gz HTTP/1.1" 404 8407 "-" "Mozilla/5.0 (Windows NT 10.0; Win64; x64) AppleWebKit/537.36 (KHTML, like Gecko) Chrome/91.0.4472.124 Safari/537.36"
217.113.194.229 - - [16/Apr/2025:04:16:12 -0400] "GET /comment-choisir-une-agence-de-creation-de-site-internet/feed/ HTTP/1.1" 200 423 "-" "Mozilla/5.0 (compatible; Barkrowler/0.9; +https://babbar.tech/crawler)"
154.83.103.106 - - [16/Apr/2025:04:16:14 -0400] "GET /sites/default/settings.php HTTP/1.1" 403 1242 "-" "Mozilla/5.0 (Windows NT 10.0; Win64; x64) AppleWebKit/537.36 (KHTML, like Gecko) Chrome/91.0.4472.124 Safari/537.36"
154.83.103.106 - - [16/Apr/2025:04:16:15 -0400] "GET /sql.bak HTTP/1.1" 404 8407 "-" "Mozilla/5.0 (Windows NT 10.0; Win64; x64) AppleWebKit/537.36 (KHTML, like Gecko) Chrome/91.0.4472.124 Safari/537.36"
154.83.103.106 - - [16/Apr/2025:04:16:17 -0400] "GET /storage/framework/cache/ HTTP/1.1" 404 8407 "-" "Mozilla/5.0 (Windows NT 10.0; Win64; x64) AppleWebKit/537.36 (KHTML, like Gecko) Chrome/91.0.4472.124 Safari/537.36"
198.54.114.83 - - [16/Apr/2025:04:16:22 -0400] "POST /wp-cron.php?doing_wp_cron=1744791381.5089919567108154296875 HTTP/1.1" 200 0 "-" "WordPress/6.8; https://the80itspod.com"
154.83.103.106 - - [16/Apr/2025:04:16:20 -0400] "GET /storage/framework/sessions/ HTTP/1.1" 404 8407 "-" "Mozilla/5.0 (Windows NT 10.0; Win64; x64) AppleWebKit/537.36 (KHTML, like Gecko) Chrome/91.0.4472.124 Safari/537.36"
198.54.114.83 - - [16/Apr/2025:04:16:24 -0400] "POST /wp-admin/admin-ajax.php?action=async_litespeed&nonce=whhYktbLBqFYiQAlesYoui6EyJWOsmQK&litespeed_type=imgoptm HTTP/1.1" 200 0 "-" "WordPress/6.8; https://the80itspod.com"
154.83.103.106 - - [16/Apr/2025:04:16:24 -0400] "GET /storage/logs/laravel.log HTTP/1.1" 404 8407 "-" "Mozilla/5.0 (Windows NT 10.0; Win64; x64) AppleWebKit/537.36 (KHTML, like Gecko) Chrome/91.0.4472.124 Safari/537.36"
66.249.79.66 - - [16/Apr/2025:04:16:27 -0400] "GET /relaxation-on-the-go-with-business-trip-massage/feed/ HTTP/1.1" 200 414 "-" "Mozilla/5.0 (Linux; Android 6.0.1; Nexus 5X Build/MMB29P) AppleWebKit/537.36 (KHTML, like Gecko) Chrome/135.0.7049.84 Mobile Safari/537.36 (compatible; Googlebot/2.1; +http://www.google.com/bot.html)"
154.83.103.106 - - [16/Apr/2025:04:16:27 -0400] "GET /swagger-ui HTTP/1.1" 404 8409 "-" "Mozilla/5.0 (Windows NT 10.0; Win64; x64) AppleWebKit/537.36 (KHTML, like Gecko) Chrome/91.0.4472.124 Safari/537.36"
154.83.103.106 - - [16/Apr/2025:04:16:30 -0400] "GET /swagger-ui.html HTTP/1.1" 404 8409 "-" "Mozilla/5.0 (Windows NT 10.0; Win64; x64) AppleWebKit/537.36 (KHTML, like Gecko) Chrome/91.0.4472.124 Safari/537.36"
217.113.194.231 - - [16/Apr/2025:04:16:29 -0400] "GET /limportanza-della-gestione-dei-rilasci/ HTTP/1.1" 200 12181 "-" "Mozilla/5.0 (compatible; Barkrowler/0.9; +https://babbar.tech/crawler)"
154.83.103.106 - - [16/Apr/2025:04:16:33 -0400] "GET /swagger-ui/ HTTP/1.1" 404 8407 "-" "Mozilla/5.0 (Windows NT 10.0; Win64; x64) AppleWebKit/537.36 (KHTML, like Gecko) Chrome/91.0.4472.124 Safari/537.36"
154.83.103.106 - - [16/Apr/2025:04:16:36 -0400] "GET /test.php HTTP/1.1" 404 8408 "-" "Mozilla/5.0 (Windows NT 10.0; Win64; x64) AppleWebKit/537.36 (KHTML, like Gecko) Chrome/91.0.4472.124 Safari/537.36"
154.83.103.106 - - [16/Apr/2025:04:16:38 -0400] "GET /test/null HTTP/1.1" 404 8407 "-" "Mozilla/5.0 (Windows NT 10.0; Win64; x64) AppleWebKit/537.36 (KHTML, like Gecko) Chrome/91.0.4472.124 Safari/537.36"
154.83.103.106 - - [16/Apr/2025:04:16:42 -0400] "GET /test/undefined HTTP/1.1" 404 8407 "-" "Mozilla/5.0 (Windows NT 10.0; Win64; x64) AppleWebKit/537.36 (KHTML, like Gecko) Chrome/91.0.4472.124 Safari/537.36"
154.83.103.106 - - [16/Apr/2025:04:16:46 -0400] "GET /typo3/ HTTP/1.1" 404 8407 "-" "Mozilla/5.0 (Windows NT 10.0; Win64; x64) AppleWebKit/537.36 (KHTML, like Gecko) Chrome/91.0.4472.124 Safari/537.36"
154.83.103.106 - - [16/Apr/2025:04:16:48 -0400] "GET /undefined HTTP/1.1" 404 8407 "-" "Mozilla/5.0 (Windows NT 10.0; Win64; x64) AppleWebKit/537.36 (KHTML, like Gecko) Chrome/91.0.4472.124 Safari/537.36"
217.113.194.224 - - [16/Apr/2025:04:16:50 -0400] "GET /limportanza-della-gestione-dei-rilasci/feed/ HTTP/1.1" 200 404 "-" "Mozilla/5.0 (compatible; Barkrowler/0.9; +https://babbar.tech/crawler)"
154.83.103.106 - - [16/Apr/2025:04:16:51 -0400] "GET /update.php HTTP/1.1" 404 8406 "-" "Mozilla/5.0 (Windows NT 10.0; Win64; x64) AppleWebKit/537.36 (KHTML, like Gecko) Chrome/91.0.4472.124 Safari/537.36"
84.54.44.204 - - [16/Apr/2025:04:16:54 -0400] "GET /relx-electronic-cigarette/ HTTP/1.1" 200 12607 "https://the80itspod.com/relx-electronic-cigarette/#comment-24891/" "Mozilla/5.0 (Windows NT 10.0; Win64; x64) AppleWebKit/537.36 (KHTML, like Gecko) Chrome/129.0.0.0 Safari/537.36"
154.83.103.106 - - [16/Apr/2025:04:16:53 -0400] "GET /upgrade.php HTTP/1.1" 404 8408 "-" "Mozilla/5.0 (Windows NT 10.0; Win64; x64) AppleWebKit/537.36 (KHTML, like Gecko) Chrome/91.0.4472.124 Safari/537.36"
154.83.103.106 - - [16/Apr/2025:04:16:55 -0400] "GET /user HTTP/1.1" 404 8407 "-" "Mozilla/5.0 (Windows NT 10.0; Win64; x64) AppleWebKit/537.36 (KHTML, like Gecko) Chrome/91.0.4472.124 Safari/537.36"
154.83.103.106 - - [16/Apr/2025:04:16:58 -0400] "GET /users.json HTTP/1.1" 404 8407 "-" "Mozilla/5.0 (Windows NT 10.0; Win64; x64) AppleWebKit/537.36 (KHTML, like Gecko) Chrome/91.0.4472.124 Safari/537.36"
84.54.44.204 - - [16/Apr/2025:04:16:55 -0400] "POST /wp-comments-post.php HTTP/1.1" 302 0 "https://the80itspod.com/relx-electronic-cigarette/#comment-24891/" "Mozilla/5.0 (Windows NT 10.0; Win64; x64) AppleWebKit/537.36 (KHTML, like Gecko) Chrome/129.0.0.0 Safari/537.36"
84.54.44.204 - - [16/Apr/2025:04:17:02 -0400] "GET /relx-electronic-cigarette/ HTTP/1.1" 200 14703 "https://the80itspod.com/relx-electronic-cigarette/#comment-51586" "Mozilla/5.0 (Windows NT 10.0; Win64; x64) AppleWebKit/537.36 (KHTML, like Gecko) Chrome/129.0.0.0 Safari/537.36"
154.83.103.106 - - [16/Apr/2025:04:17:01 -0400] "GET /v2/api-docs HTTP/1.1" 404 8407 "-" "Mozilla/5.0 (Windows NT 10.0; Win64; x64) AppleWebKit/537.36 (KHTML, like Gecko) Chrome/91.0.4472.124 Safari/537.36"
154.83.103.106 - - [16/Apr/2025:04:17:05 -0400] "GET /var/log/apache2/access.log HTTP/1.1" 404 8407 "-" "Mozilla/5.0 (Windows NT 10.0; Win64; x64) AppleWebKit/537.36 (KHTML, like Gecko) Chrome/91.0.4472.124 Safari/537.36"
217.113.194.229 - - [16/Apr/2025:04:17:07 -0400] "GET /fenbendazole-222mg-in-germany/feed/ HTTP/1.1" 200 384 "-" "Mozilla/5.0 (compatible; Barkrowler/0.9; +https://babbar.tech/crawler)"
198.54.114.83 - - [16/Apr/2025:04:17:09 -0400] "POST /wp-cron.php?doing_wp_cron=1744791428.5437560081481933593750 HTTP/1.1" 200 0 "-" "WordPress/6.8; https://the80itspod.com"
154.83.103.106 - - [16/Apr/2025:04:17:08 -0400] "GET /var/log/apache2/error.log HTTP/1.1" 404 8407 "-" "Mozilla/5.0 (Windows NT 10.0; Win64; x64) AppleWebKit/537.36 (KHTML, like Gecko) Chrome/91.0.4472.124 Safari/537.36"
154.83.103.106 - - [16/Apr/2025:04:17:11 -0400] "GET /var/log/nginx/access.log HTTP/1.1" 404 8407 "-" "Mozilla/5.0 (Windows NT 10.0; Win64; x64) AppleWebKit/537.36 (KHTML, like Gecko) Chrome/91.0.4472.124 Safari/537.36"
154.83.103.106 - - [16/Apr/2025:04:17:13 -0400] "GET /var/log/nginx/error.log HTTP/1.1" 404 8429 "-" "Mozilla/5.0 (Windows NT 10.0; Win64; x64) AppleWebKit/537.36 (KHTML, like Gecko) Chrome/91.0.4472.124 Safari/537.36"
154.83.103.106 - - [16/Apr/2025:04:17:15 -0400] "GET /vault HTTP/1.1" 404 8405 "-" "Mozilla/5.0 (Windows NT 10.0; Win64; x64) AppleWebKit/537.36 (KHTML, like Gecko) Chrome/91.0.4472.124 Safari/537.36"
154.83.103.106 - - [16/Apr/2025:04:17:17 -0400] "GET /vendor/ HTTP/1.1" 404 8407 "-" "Mozilla/5.0 (Windows NT 10.0; Win64; x64) AppleWebKit/537.36 (KHTML, like Gecko) Chrome/91.0.4472.124 Safari/537.36"
198.54.114.83 - - [16/Apr/2025:04:17:21 -0400] "POST /wp-cron.php?doing_wp_cron=1744791440.4414160251617431640625 HTTP/1.1" 200 0 "-" "WordPress/6.8; https://the80itspod.com"
154.83.103.106 - - [16/Apr/2025:04:17:19 -0400] "GET /vite.config.ts HTTP/1.1" 404 8429 "-" "Mozilla/5.0 (Windows NT 10.0; Win64; x64) AppleWebKit/537.36 (KHTML, like Gecko) Chrome/91.0.4472.124 Safari/537.36"
198.54.114.83 - - [16/Apr/2025:04:17:22 -0400] "POST /wp-admin/admin-ajax.php?action=async_litespeed&nonce=CBX9bactds7XFprwCl4JWKHRHUZdMxu8&litespeed_type=imgoptm HTTP/1.1" 200 0 "-" "WordPress/6.8; https://the80itspod.com"
154.83.103.106 - - [16/Apr/2025:04:17:23 -0400] "GET /web.config HTTP/1.1" 403 1242 "-" "Mozilla/5.0 (Windows NT 10.0; Win64; x64) AppleWebKit/537.36 (KHTML, like Gecko) Chrome/91.0.4472.124 Safari/537.36"
154.83.103.106 - - [16/Apr/2025:04:17:24 -0400] "GET /wp-admin/ HTTP/1.1" 302 0 "-" "Mozilla/5.0 (Windows NT 10.0; Win64; x64) AppleWebKit/537.36 (KHTML, like Gecko) Chrome/91.0.4472.124 Safari/537.36"
217.113.194.253 - - [16/Apr/2025:04:17:26 -0400] "GET /a-view-of-the-union-square-residences/feed/ HTTP/1.1" 200 403 "-" "Mozilla/5.0 (compatible; Barkrowler/0.9; +https://babbar.tech/crawler)"
154.83.103.106 - - [16/Apr/2025:04:17:26 -0400] "GET /wp-login.php?redirect_to=https%3A%2F%2Fthe80itspod.com%2Fwp-admin%2F&reauth=1 HTTP/1.1" 200 1800 "-" "Mozilla/5.0 (Windows NT 10.0; Win64; x64) AppleWebKit/537.36 (KHTML, like Gecko) Chrome/91.0.4472.124 Safari/537.36"
114.119.140.170 - - [16/Apr/2025:04:17:27 -0400] "GET /the-digital-frontier-exploring-the-phenomenon-of-online-casinos/ HTTP/1.1" 200 12022 "https://the80itspod.com/page/24/?SD" "Mozilla/5.0 (Linux; Android 7.0;) AppleWebKit/537.36 (KHTML, like Gecko) Mobile Safari/537.36 (compatible; PetalBot;+https://webmaster.petalsearch.com/site/petalbot)"
154.83.103.106 - - [16/Apr/2025:04:17:29 -0400] "GET /wp-content/debug.log HTTP/1.1" 404 8407 "-" "Mozilla/5.0 (Windows NT 10.0; Win64; x64) AppleWebKit/537.36 (KHTML, like Gecko) Chrome/91.0.4472.124 Safari/537.36"
154.83.103.106 - - [16/Apr/2025:04:17:31 -0400] "GET /wp-content/uploads/ HTTP/1.1" 403 1242 "-" "Mozilla/5.0 (Windows NT 10.0; Win64; x64) AppleWebKit/537.36 (KHTML, like Gecko) Chrome/91.0.4472.124 Safari/537.36"
154.83.103.106 - - [16/Apr/2025:04:17:33 -0400] "GET /wp-cron.php HTTP/1.1" 200 0 "-" "Mozilla/5.0 (Windows NT 10.0; Win64; x64) AppleWebKit/537.36 (KHTML, like Gecko) Chrome/91.0.4472.124 Safari/537.36"
154.83.103.106 - - [16/Apr/2025:04:17:34 -0400] "GET /wp-includes/ HTTP/1.1" 403 1242 "-" "Mozilla/5.0 (Windows NT 10.0; Win64; x64) AppleWebKit/537.36 (KHTML, like Gecko) Chrome/91.0.4472.124 Safari/537.36"
43.132.182.217 - - [16/Apr/2025:04:17:37 -0400] "GET /buying-a-full-kitchen-cabinet-set/ HTTP/1.1" 200 11754 "-" "Python/3.10 aiohttp/3.10.5"
154.83.103.106 - - [16/Apr/2025:04:17:36 -0400] "GET /wp-json/wp/v2/users HTTP/1.1" 401 108 "-" "Mozilla/5.0 (Windows NT 10.0; Win64; x64) AppleWebKit/537.36 (KHTML, like Gecko) Chrome/91.0.4472.124 Safari/537.36"
154.83.103.106 - - [16/Apr/2025:04:17:38 -0400] "GET /wp-login.php HTTP/1.1" 200 1760 "-" "Mozilla/5.0 (Windows NT 10.0; Win64; x64) AppleWebKit/537.36 (KHTML, like Gecko) Chrome/91.0.4472.124 Safari/537.36"
154.83.103.106 - - [16/Apr/2025:04:17:39 -0400] "GET /xmlrpc.php HTTP/1.1" 405 46 "-" "Mozilla/5.0 (Windows NT 10.0; Win64; x64) AppleWebKit/537.36 (KHTML, like Gecko) Chrome/91.0.4472.124 Safari/537.36"
154.83.103.106 - - [16/Apr/2025:04:17:40 -0400] "GET /yarn.lock HTTP/1.1" 404 8407 "-" "Mozilla/5.0 (Windows NT 10.0; Win64; x64) AppleWebKit/537.36 (KHTML, like Gecko) Chrome/91.0.4472.124 Safari/537.36"
154.83.103.106 - - [16/Apr/2025:04:17:44 -0400] "GET /:15672 HTTP/1.1" 404 8407 "-" "Mozilla/5.0 (Windows NT 10.0; Win64; x64) AppleWebKit/537.36 (KHTML, like Gecko) Chrome/91.0.4472.124 Safari/537.36"
217.113.194.253 - - [16/Apr/2025:04:17:44 -0400] "GET /interior-painting-how-much-paint-to-purchase/feed/ HTTP/1.1" 200 416 "-" "Mozilla/5.0 (compatible; Barkrowler/0.9; +https://babbar.tech/crawler)"
154.83.103.106 - - [16/Apr/2025:04:17:46 -0400] "GET /:19999 HTTP/1.1" 404 8407 "-" "Mozilla/5.0 (Windows NT 10.0; Win64; x64) AppleWebKit/537.36 (KHTML, like Gecko) Chrome/91.0.4472.124 Safari/537.36"
154.83.103.106 - - [16/Apr/2025:04:17:47 -0400] "GET /:2181 HTTP/1.1" 404 8407 "-" "Mozilla/5.0 (Windows NT 10.0; Win64; x64) AppleWebKit/537.36 (KHTML, like Gecko) Chrome/91.0.4472.124 Safari/537.36"
154.83.103.106 - - [16/Apr/2025:04:17:49 -0400] "GET /:2375 HTTP/1.1" 404 8406 "-" "Mozilla/5.0 (Windows NT 10.0; Win64; x64) AppleWebKit/537.36 (KHTML, like Gecko) Chrome/91.0.4472.124 Safari/537.36"
154.83.103.106 - - [16/Apr/2025:04:17:52 -0400] "GET /:2376 HTTP/1.1" 404 8407 "-" "Mozilla/5.0 (Windows NT 10.0; Win64; x64) AppleWebKit/537.36 (KHTML, like Gecko) Chrome/91.0.4472.124 Safari/537.36"
154.83.103.106 - - [16/Apr/2025:04:17:54 -0400] "GET /:2379 HTTP/1.1" 404 8429 "-" "Mozilla/5.0 (Windows NT 10.0; Win64; x64) AppleWebKit/537.36 (KHTML, like Gecko) Chrome/91.0.4472.124 Safari/537.36"
154.83.103.106 - - [16/Apr/2025:04:17:56 -0400] "GET /:2380 HTTP/1.1" 404 8407 "-" "Mozilla/5.0 (Windows NT 10.0; Win64; x64) AppleWebKit/537.36 (KHTML, like Gecko) Chrome/91.0.4472.124 Safari/537.36"
154.83.103.106 - - [16/Apr/2025:04:17:58 -0400] "GET /:27017 HTTP/1.1" 404 8407 "-" "Mozilla/5.0 (Windows NT 10.0; Win64; x64) AppleWebKit/537.36 (KHTML, like Gecko) Chrome/91.0.4472.124 Safari/537.36"
154.83.103.106 - - [16/Apr/2025:04:18:00 -0400] "GET /:3000 HTTP/1.1" 404 8409 "-" "Mozilla/5.0 (Windows NT 10.0; Win64; x64) AppleWebKit/537.36 (KHTML, like Gecko) Chrome/91.0.4472.124 Safari/537.36"
217.113.194.228 - - [16/Apr/2025:04:18:01 -0400] "GET /easy-hacks-to-make-your-brownie-box-taste-homemade/feed/ HTTP/1.1" 200 427 "-" "Mozilla/5.0 (compatible; Barkrowler/0.9; +https://babbar.tech/crawler)"
154.83.103.106 - - [16/Apr/2025:04:18:02 -0400] "GET /:5601 HTTP/1.1" 404 8407 "-" "Mozilla/5.0 (Windows NT 10.0; Win64; x64) AppleWebKit/537.36 (KHTML, like Gecko) Chrome/91.0.4472.124 Safari/537.36"
154.83.103.106 - - [16/Apr/2025:04:18:03 -0400] "GET /:5984 HTTP/1.1" 404 8407 "-" "Mozilla/5.0 (Windows NT 10.0; Win64; x64) AppleWebKit/537.36 (KHTML, like Gecko) Chrome/91.0.4472.124 Safari/537.36"
2a03:2880:f800:f:: - - [16/Apr/2025:04:18:03 -0400] "GET /solvent-recovery-profitability-means-staying-green/feed/ HTTP/1.1" 200 430 "-" "meta-externalagent/1.1 (+https://developers.facebook.com/docs/sharing/webmasters/crawler)"
154.83.103.106 - - [16/Apr/2025:04:18:05 -0400] "GET /:6379 HTTP/1.1" 404 8407 "-" "Mozilla/5.0 (Windows NT 10.0; Win64; x64) AppleWebKit/537.36 (KHTML, like Gecko) Chrome/91.0.4472.124 Safari/537.36"
154.83.103.106 - - [16/Apr/2025:04:18:07 -0400] "GET /:7001 HTTP/1.1" 404 8407 "-" "Mozilla/5.0 (Windows NT 10.0; Win64; x64) AppleWebKit/537.36 (KHTML, like Gecko) Chrome/91.0.4472.124 Safari/537.36"
154.83.103.106 - - [16/Apr/2025:04:18:08 -0400] "GET /:8080 HTTP/1.1" 404 8407 "-" "Mozilla/5.0 (Windows NT 10.0; Win64; x64) AppleWebKit/537.36 (KHTML, like Gecko) Chrome/91.0.4472.124 Safari/537.36"
154.83.103.106 - - [16/Apr/2025:04:18:11 -0400] "GET /:8200 HTTP/1.1" 404 8407 "-" "Mozilla/5.0 (Windows NT 10.0; Win64; x64) AppleWebKit/537.36 (KHTML, like Gecko) Chrome/91.0.4472.124 Safari/537.36"
154.83.103.106 - - [16/Apr/2025:04:18:13 -0400] "GET /:8500 HTTP/1.1" 404 8407 "-" "Mozilla/5.0 (Windows NT 10.0; Win64; x64) AppleWebKit/537.36 (KHTML, like Gecko) Chrome/91.0.4472.124 Safari/537.36"
154.83.103.106 - - [16/Apr/2025:04:18:15 -0400] "GET /:9000 HTTP/1.1" 404 8429 "-" "Mozilla/5.0 (Windows NT 10.0; Win64; x64) AppleWebKit/537.36 (KHTML, like Gecko) Chrome/91.0.4472.124 Safari/537.36"
198.54.114.83 - - [16/Apr/2025:04:18:19 -0400] "POST /wp-cron.php?doing_wp_cron=1744791499.1886720657348632812500 HTTP/1.1" 200 0 "-" "WordPress/6.8; https://the80itspod.com"
154.83.103.106 - - [16/Apr/2025:04:18:17 -0400] "GET /:9060 HTTP/1.1" 404 8408 "-" "Mozilla/5.0 (Windows NT 10.0; Win64; x64) AppleWebKit/537.36 (KHTML, like Gecko) Chrome/91.0.4472.124 Safari/537.36"
217.113.194.231 - - [16/Apr/2025:04:18:18 -0400] "GET /grand-dunman-singapores-newest-mega-property/feed/ HTTP/1.1" 200 420 "-" "Mozilla/5.0 (compatible; Barkrowler/0.9; +https://babbar.tech/crawler)"
198.54.114.83 - - [16/Apr/2025:04:18:22 -0400] "POST /wp-admin/admin-ajax.php?action=async_litespeed&nonce=OigPWt5fLZAPkNBHjh5VCz0wfGVRI8Ek&litespeed_type=imgoptm HTTP/1.1" 200 0 "-" "WordPress/6.8; https://the80itspod.com"
154.83.103.106 - - [16/Apr/2025:04:18:21 -0400] "GET /:9090 HTTP/1.1" 404 8408 "-" "Mozilla/5.0 (Windows NT 10.0; Win64; x64) AppleWebKit/537.36 (KHTML, like Gecko) Chrome/91.0.4472.124 Safari/537.36"
198.54.114.83 - - [16/Apr/2025:04:18:26 -0400] "POST /wp-cron.php?doing_wp_cron=1744791505.7248198986053466796875 HTTP/1.1" 200 0 "-" "WordPress/6.8; https://the80itspod.com"
154.83.103.106 - - [16/Apr/2025:04:18:25 -0400] "GET /:9200 HTTP/1.1" 404 8407 "-" "Mozilla/5.0 (Windows NT 10.0; Win64; x64) AppleWebKit/537.36 (KHTML, like Gecko) Chrome/91.0.4472.124 Safari/537.36"
154.83.103.106 - - [16/Apr/2025:04:18:28 -0400] "GET /:9300 HTTP/1.1" 404 8407 "-" "Mozilla/5.0 (Windows NT 10.0; Win64; x64) AppleWebKit/537.36 (KHTML, like Gecko) Chrome/91.0.4472.124 Safari/537.36"
198.54.114.83 - - [16/Apr/2025:04:18:33 -0400] "POST /wp-cron.php?doing_wp_cron=1744791512.0100529193878173828125 HTTP/1.1" 200 0 "-" "WordPress/6.8; https://the80itspod.com"
154.83.103.106 - - [16/Apr/2025:04:18:31 -0400] "GET /.config/msmtp/config HTTP/1.1" 404 8407 "-" "Mozilla/5.0 (Windows NT 10.0; Win64; x64) AppleWebKit/537.36 (KHTML, like Gecko) Chrome/91.0.4472.124 Safari/537.36"
154.83.103.106 - - [16/Apr/2025:04:18:35 -0400] "GET /.mailrc HTTP/1.1" 404 8407 "-" "Mozilla/5.0 (Windows NT 10.0; Win64; x64) AppleWebKit/537.36 (KHTML, like Gecko) Chrome/91.0.4472.124 Safari/537.36"
154.83.103.106 - - [16/Apr/2025:04:18:38 -0400] "GET /app/config/config.ini HTTP/1.1" 404 8407 "-" "Mozilla/5.0 (Windows NT 10.0; Win64; x64) AppleWebKit/537.36 (KHTML, like Gecko) Chrome/91.0.4472.124 Safari/537.36"
154.54.249.217 - - [16/Apr/2025:04:18:39 -0400] "GET /the-landmark-condo-in-district-3-singapore/feed/ HTTP/1.1" 200 411 "-" "Mozilla/5.0 (compatible; Barkrowler/0.9; +https://babbar.tech/crawler)"
154.83.103.106 - - [16/Apr/2025:04:18:40 -0400] "GET /app/config/parameters.yml HTTP/1.1" 403 1242 "-" "Mozilla/5.0 (Windows NT 10.0; Win64; x64) AppleWebKit/537.36 (KHTML, like Gecko) Chrome/91.0.4472.124 Safari/537.36"
154.83.103.106 - - [16/Apr/2025:04:18:41 -0400] "GET /config/email.json HTTP/1.1" 404 8407 "-" "Mozilla/5.0 (Windows NT 10.0; Win64; x64) AppleWebKit/537.36 (KHTML, like Gecko) Chrome/91.0.4472.124 Safari/537.36"
3.144.250.101 - - [16/Apr/2025:04:18:45 -0400] "GET /wp-json/oembed/1.0/embed?url=https%3A%2F%2Fthe80itspod.com%2Fragdoll-archers-unblocked-a-thrilling-gameplay-experience%2F HTTP/1.1" 200 2416 "-" "Mozilla/5.0 AppleWebKit/537.36 (KHTML, like Gecko; compatible; ClaudeBot/1.0; +claudebot@anthropic.com)"
154.83.103.106 - - [16/Apr/2025:04:18:45 -0400] "GET /config/email.php HTTP/1.1" 404 8407 "-" "Mozilla/5.0 (Windows NT 10.0; Win64; x64) AppleWebKit/537.36 (KHTML, like Gecko) Chrome/91.0.4472.124 Safari/537.36"
154.83.103.106 - - [16/Apr/2025:04:18:48 -0400] "GET /config/email.yml HTTP/1.1" 404 8429 "-" "Mozilla/5.0 (Windows NT 10.0; Win64; x64) AppleWebKit/537.36 (KHTML, like Gecko) Chrome/91.0.4472.124 Safari/537.36"
154.83.103.106 - - [16/Apr/2025:04:18:51 -0400] "GET /config/mail.php HTTP/1.1" 404 8404 "-" "Mozilla/5.0 (Windows NT 10.0; Win64; x64) AppleWebKit/537.36 (KHTML, like Gecko) Chrome/91.0.4472.124 Safari/537.36"
114.119.144.11 - - [16/Apr/2025:04:18:51 -0400] "GET /quitting-smoking-side-effects-benefits-and-tips-to-help/ HTTP/1.1" 200 12801 "https://the80itspod.com/category/activity/page/95/" "Mozilla/5.0 (Linux; Android 7.0;) AppleWebKit/537.36 (KHTML, like Gecko) Mobile Safari/537.36 (compatible; PetalBot;+https://webmaster.petalsearch.com/site/petalbot)"
154.83.103.106 - - [16/Apr/2025:04:18:53 -0400] "GET /config/smtp.php HTTP/1.1" 404 8429 "-" "Mozilla/5.0 (Windows NT 10.0; Win64; x64) AppleWebKit/537.36 (KHTML, like Gecko) Chrome/91.0.4472.124 Safari/537.36"
154.83.103.106 - - [16/Apr/2025:04:18:57 -0400] "GET /email.php HTTP/1.1" 404 8407 "-" "Mozilla/5.0 (Windows NT 10.0; Win64; x64) AppleWebKit/537.36 (KHTML, like Gecko) Chrome/91.0.4472.124 Safari/537.36"
154.54.249.217 - - [16/Apr/2025:04:18:57 -0400] "GET /revision-del-campeon-de-apuestas-deportivas/feed/ HTTP/1.1" 200 411 "-" "Mozilla/5.0 (compatible; Barkrowler/0.9; +https://babbar.tech/crawler)"
154.83.103.106 - - [16/Apr/2025:04:18:59 -0400] "GET /etc/exim4/update-exim4.conf.conf HTTP/1.1" 404 8407 "-" "Mozilla/5.0 (Windows NT 10.0; Win64; x64) AppleWebKit/537.36 (KHTML, like Gecko) Chrome/91.0.4472.124 Safari/537.36"
154.83.103.106 - - [16/Apr/2025:04:19:00 -0400] "GET /etc/mail/sendmail.cf HTTP/1.1" 404 8407 "-" "Mozilla/5.0 (Windows NT 10.0; Win64; x64) AppleWebKit/537.36 (KHTML, like Gecko) Chrome/91.0.4472.124 Safari/537.36"
66.249.79.65 - - [16/Apr/2025:04:19:00 -0400] "GET /fertility-clinic-sharjah/feed/ HTTP/1.1" 200 385 "-" "Mozilla/5.0 (Linux; Android 6.0.1; Nexus 5X Build/MMB29P) AppleWebKit/537.36 (KHTML, like Gecko) Chrome/135.0.7049.84 Mobile Safari/537.36 (compatible; Googlebot/2.1; +http://www.google.com/bot.html)"
154.83.103.106 - - [16/Apr/2025:04:19:01 -0400] "GET /etc/mail/sendmail.mc HTTP/1.1" 404 8407 "-" "Mozilla/5.0 (Windows NT 10.0; Win64; x64) AppleWebKit/537.36 (KHTML, like Gecko) Chrome/91.0.4472.124 Safari/537.36"
154.83.103.106 - - [16/Apr/2025:04:19:03 -0400] "GET /etc/msmtprc HTTP/1.1" 404 8407 "-" "Mozilla/5.0 (Windows NT 10.0; Win64; x64) AppleWebKit/537.36 (KHTML, like Gecko) Chrome/91.0.4472.124 Safari/537.36"
154.83.103.106 - - [16/Apr/2025:04:19:04 -0400] "GET /etc/postfix/main.cf HTTP/1.1" 404 8407 "-" "Mozilla/5.0 (Windows NT 10.0; Win64; x64) AppleWebKit/537.36 (KHTML, like Gecko) Chrome/91.0.4472.124 Safari/537.36"
154.83.103.106 - - [16/Apr/2025:04:19:06 -0400] "GET /etc/qmail/control/smtproutes HTTP/1.1" 404 8407 "-" "Mozilla/5.0 (Windows NT 10.0; Win64; x64) AppleWebKit/537.36 (KHTML, like Gecko) Chrome/91.0.4472.124 Safari/537.36"
154.83.103.106 - - [16/Apr/2025:04:19:07 -0400] "GET /etc/ssmtp/ssmtp.conf HTTP/1.1" 404 8407 "-" "Mozilla/5.0 (Windows NT 10.0; Win64; x64) AppleWebKit/537.36 (KHTML, like Gecko) Chrome/91.0.4472.124 Safari/537.36"
154.83.103.106 - - [16/Apr/2025:04:19:10 -0400] "GET /etc/zimbra/config.xml HTTP/1.1" 404 8407 "-" "Mozilla/5.0 (Windows NT 10.0; Win64; x64) AppleWebKit/537.36 (KHTML, like Gecko) Chrome/91.0.4472.124 Safari/537.36"
154.83.103.106 - - [16/Apr/2025:04:19:11 -0400] "GET /mail.php HTTP/1.1" 404 8430 "-" "Mozilla/5.0 (Windows NT 10.0; Win64; x64) AppleWebKit/537.36 (KHTML, like Gecko) Chrome/91.0.4472.124 Safari/537.36"
154.83.103.106 - - [16/Apr/2025:04:19:14 -0400] "GET /sendmail.ini HTTP/1.1" 404 8407 "-" "Mozilla/5.0 (Windows NT 10.0; Win64; x64) AppleWebKit/537.36 (KHTML, like Gecko) Chrome/91.0.4472.124 Safari/537.36"
217.113.194.231 - - [16/Apr/2025:04:19:14 -0400] "GET /sparkle-and-shine-unveiling-the-ultimate-maid-service/feed/ HTTP/1.1" 200 423 "-" "Mozilla/5.0 (compatible; Barkrowler/0.9; +https://babbar.tech/crawler)"
154.83.103.106 - - [16/Apr/2025:04:19:16 -0400] "GET /smtp.php HTTP/1.1" 404 8429 "-" "Mozilla/5.0 (Windows NT 10.0; Win64; x64) AppleWebKit/537.36 (KHTML, like Gecko) Chrome/91.0.4472.124 Safari/537.36"
154.83.103.106 - - [16/Apr/2025:04:19:18 -0400] "GET /.aws/config HTTP/1.1" 404 8407 "-" "Mozilla/5.0 (Windows NT 10.0; Win64; x64) AppleWebKit/537.36 (KHTML, like Gecko) Chrome/91.0.4472.124 Safari/537.36"
154.83.103.106 - - [16/Apr/2025:04:19:21 -0400] "GET /.env.aws HTTP/1.1" 403 1242 "-" "Mozilla/5.0 (Windows NT 10.0; Win64; x64) AppleWebKit/537.36 (KHTML, like Gecko) Chrome/91.0.4472.124 Safari/537.36"
154.83.103.106 - - [16/Apr/2025:04:19:22 -0400] "GET /aws-ses.json HTTP/1.1" 404 8429 "-" "Mozilla/5.0 (Windows NT 10.0; Win64; x64) AppleWebKit/537.36 (KHTML, like Gecko) Chrome/91.0.4472.124 Safari/537.36"
18.97.9.100 - - [16/Apr/2025:04:19:25 -0400] "GET /instant-hot-water-tap/ HTTP/1.1" 200 13383 "-" "Mozilla/5.0 AppleWebKit/537.36 (KHTML, like Gecko; compatible; PerplexityBot/1.0; +https://perplexity.ai/perplexitybot)"
154.83.103.106 - - [16/Apr/2025:04:19:23 -0400] "GET /aws.env HTTP/1.1" 404 8407 "-" "Mozilla/5.0 (Windows NT 10.0; Win64; x64) AppleWebKit/537.36 (KHTML, like Gecko) Chrome/91.0.4472.124 Safari/537.36"
154.83.103.106 - - [16/Apr/2025:04:19:26 -0400] "GET /aws.env.json HTTP/1.1" 404 8407 "-" "Mozilla/5.0 (Windows NT 10.0; Win64; x64) AppleWebKit/537.36 (KHTML, like Gecko) Chrome/91.0.4472.124 Safari/537.36"
154.83.103.106 - - [16/Apr/2025:04:19:28 -0400] "GET /aws.json HTTP/1.1" 404 8407 "-" "Mozilla/5.0 (Windows NT 10.0; Win64; x64) AppleWebKit/537.36 (KHTML, like Gecko) Chrome/91.0.4472.124 Safari/537.36"
154.83.103.106 - - [16/Apr/2025:04:19:30 -0400] "GET /aws.yaml HTTP/1.1" 404 8407 "-" "Mozilla/5.0 (Windows NT 10.0; Win64; x64) AppleWebKit/537.36 (KHTML, like Gecko) Chrome/91.0.4472.124 Safari/537.36"
217.113.194.222 - - [16/Apr/2025:04:19:33 -0400] "GET /enhancing-hearing-health-audiologist-services-in-auckland/feed/ HTTP/1.1" 200 418 "-" "Mozilla/5.0 (compatible; Barkrowler/0.9; +https://babbar.tech/crawler)"
198.54.114.83 - - [16/Apr/2025:04:19:35 -0400] "POST /wp-cron.php?doing_wp_cron=1744791574.1525859832763671875000 HTTP/1.1" 200 0 "-" "WordPress/6.8; https://the80itspod.com"
154.83.103.106 - - [16/Apr/2025:04:19:33 -0400] "GET /aws.yml HTTP/1.1" 404 8407 "-" "Mozilla/5.0 (Windows NT 10.0; Win64; x64) AppleWebKit/537.36 (KHTML, like Gecko) Chrome/91.0.4472.124 Safari/537.36"
154.83.103.106 - - [16/Apr/2025:04:19:37 -0400] "GET /config/aws.php HTTP/1.1" 404 8407 "-" "Mozilla/5.0 (Windows NT 10.0; Win64; x64) AppleWebKit/537.36 (KHTML, like Gecko) Chrome/91.0.4472.124 Safari/537.36"
154.83.103.106 - - [16/Apr/2025:04:19:38 -0400] "GET /config/mailjet.php HTTP/1.1" 404 8409 "-" "Mozilla/5.0 (Windows NT 10.0; Win64; x64) AppleWebKit/537.36 (KHTML, like Gecko) Chrome/91.0.4472.124 Safari/537.36"
154.83.103.106 - - [16/Apr/2025:04:19:41 -0400] "GET /config/sendgrid.php HTTP/1.1" 404 8429 "-" "Mozilla/5.0 (Windows NT 10.0; Win64; x64) AppleWebKit/537.36 (KHTML, like Gecko) Chrome/91.0.4472.124 Safari/537.36"
154.83.103.106 - - [16/Apr/2025:04:19:44 -0400] "GET /mailjet.config.json HTTP/1.1" 404 8407 "-" "Mozilla/5.0 (Windows NT 10.0; Win64; x64) AppleWebKit/537.36 (KHTML, like Gecko) Chrome/91.0.4472.124 Safari/537.36"
91.124.117.54 - - [16/Apr/2025:04:19:49 -0400] "GET /une-touche-de-modernite/ HTTP/1.1" 200 11774 "-" "Mozilla/5.0 (Windows; U; Windows NT 6.1; en-US) AppleWebKit/533.3 (KHTML, like Gecko) Chrome/5.0.354.0 Safari/533.3"
154.54.249.217 - - [16/Apr/2025:04:19:50 -0400] "GET /20-youtube-stats-that-every-marketer-must-know/feed/ HTTP/1.1" 200 414 "-" "Mozilla/5.0 (compatible; Barkrowler/0.9; +https://babbar.tech/crawler)"
154.83.103.106 - - [16/Apr/2025:04:19:47 -0400] "GET /mailjet.env HTTP/1.1" 404 8407 "-" "Mozilla/5.0 (Windows NT 10.0; Win64; x64) AppleWebKit/537.36 (KHTML, like Gecko) Chrome/91.0.4472.124 Safari/537.36"
154.83.103.106 - - [16/Apr/2025:04:19:51 -0400] "GET /sendgrid.env HTTP/1.1" 404 8407 "-" "Mozilla/5.0 (Windows NT 10.0; Win64; x64) AppleWebKit/537.36 (KHTML, like Gecko) Chrome/91.0.4472.124 Safari/537.36"
154.83.103.106 - - [16/Apr/2025:04:19:54 -0400] "GET /sendgrid.env.json HTTP/1.1" 404 8407 "-" "Mozilla/5.0 (Windows NT 10.0; Win64; x64) AppleWebKit/537.36 (KHTML, like Gecko) Chrome/91.0.4472.124 Safari/537.36"
154.83.103.106 - - [16/Apr/2025:04:19:57 -0400] "GET /sendgrid.json HTTP/1.1" 404 8408 "-" "Mozilla/5.0 (Windows NT 10.0; Win64; x64) AppleWebKit/537.36 (KHTML, like Gecko) Chrome/91.0.4472.124 Safari/537.36"
154.83.103.106 - - [16/Apr/2025:04:20:01 -0400] "GET /sendgrid.yaml HTTP/1.1" 404 8404 "-" "Mozilla/5.0 (Windows NT 10.0; Win64; x64) AppleWebKit/537.36 (KHTML, like Gecko) Chrome/91.0.4472.124 Safari/537.36"
154.83.103.106 - - [16/Apr/2025:04:20:04 -0400] "GET /sendgrid.yml HTTP/1.1" 404 8429 "-" "Mozilla/5.0 (Windows NT 10.0; Win64; x64) AppleWebKit/537.36 (KHTML, like Gecko) Chrome/91.0.4472.124 Safari/537.36"
154.54.249.217 - - [16/Apr/2025:04:20:07 -0400] "GET /how-to-do-a-hard-reset-on-an-iphone-12/feed/ HTTP/1.1" 200 407 "-" "Mozilla/5.0 (compatible; Barkrowler/0.9; +https://babbar.tech/crawler)"
154.83.103.106 - - [16/Apr/2025:04:20:08 -0400] "GET /xkeysib.json HTTP/1.1" 404 8429 "-" "Mozilla/5.0 (Windows NT 10.0; Win64; x64) AppleWebKit/537.36 (KHTML, like Gecko) Chrome/91.0.4472.124 Safari/537.36"
154.83.103.106 - - [16/Apr/2025:04:20:11 -0400] "GET /xkeysib.yaml HTTP/1.1" 404 8429 "-" "Mozilla/5.0 (Windows NT 10.0; Win64; x64) AppleWebKit/537.36 (KHTML, like Gecko) Chrome/91.0.4472.124 Safari/537.36"
154.83.103.106 - - [16/Apr/2025:04:20:15 -0400] "GET /xkeysib.yml HTTP/1.1" 404 8407 "-" "Mozilla/5.0 (Windows NT 10.0; Win64; x64) AppleWebKit/537.36 (KHTML, like Gecko) Chrome/91.0.4472.124 Safari/537.36"
114.119.149.108 - - [16/Apr/2025:04:20:15 -0400] "GET /maximizing-productivity-with-microsoft-365-business/ HTTP/1.1" 200 12314 "https://the80itspod.com/page/4/?ND" "Mozilla/5.0 (Linux; Android 7.0;) AppleWebKit/537.36 (KHTML, like Gecko) Mobile Safari/537.36 (compatible; PetalBot;+https://webmaster.petalsearch.com/site/petalbot)"
154.83.103.106 - - [16/Apr/2025:04:20:18 -0400] "GET /app/config/http.conf HTTP/1.1" 404 8407 "-" "Mozilla/5.0 (Windows NT 10.0; Win64; x64) AppleWebKit/537.36 (KHTML, like Gecko) Chrome/91.0.4472.124 Safari/537.36"
154.83.103.106 - - [16/Apr/2025:04:20:20 -0400] "GET /conf/httpd.conf HTTP/1.1" 404 8406 "-" "Mozilla/5.0 (Windows NT 10.0; Win64; x64) AppleWebKit/537.36 (KHTML, like Gecko) Chrome/91.0.4472.124 Safari/537.36"
154.83.103.106 - - [16/Apr/2025:04:20:23 -0400] "GET /etc/apache2/ports.conf HTTP/1.1" 404 8408 "-" "Mozilla/5.0 (Windows NT 10.0; Win64; x64) AppleWebKit/537.36 (KHTML, like Gecko) Chrome/91.0.4472.124 Safari/537.36"
217.113.194.231 - - [16/Apr/2025:04:20:24 -0400] "GET /how-to-unblock-people-on-spotify-like-a-pro/feed/ HTTP/1.1" 200 412 "-" "Mozilla/5.0 (compatible; Barkrowler/0.9; +https://babbar.tech/crawler)"
154.83.103.106 - - [16/Apr/2025:04:20:25 -0400] "GET /etc/apache2/sites-available/ HTTP/1.1" 404 8407 "-" "Mozilla/5.0 (Windows NT 10.0; Win64; x64) AppleWebKit/537.36 (KHTML, like Gecko) Chrome/91.0.4472.124 Safari/537.36"
154.83.103.106 - - [16/Apr/2025:04:20:27 -0400] "GET /etc/apache2/sites-enabled/ HTTP/1.1" 404 8407 "-" "Mozilla/5.0 (Windows NT 10.0; Win64; x64) AppleWebKit/537.36 (KHTML, like Gecko) Chrome/91.0.4472.124 Safari/537.36"
154.83.103.106 - - [16/Apr/2025:04:20:29 -0400] "GET /etc/caddy/Caddyfile HTTP/1.1" 404 8406 "-" "Mozilla/5.0 (Windows NT 10.0; Win64; x64) AppleWebKit/537.36 (KHTML, like Gecko) Chrome/91.0.4472.124 Safari/537.36"
66.249.79.66 - - [16/Apr/2025:04:20:29 -0400] "GET /how-an-inbound-agency-can-help/ HTTP/1.1" 200 12819 "-" "Mozilla/5.0 (Linux; Android 6.0.1; Nexus 5X Build/MMB29P) AppleWebKit/537.36 (KHTML, like Gecko) Chrome/135.0.7049.84 Mobile Safari/537.36 (compatible; Googlebot/2.1; +http://www.google.com/bot.html)"
154.83.103.106 - - [16/Apr/2025:04:20:32 -0400] "GET /etc/httpd/conf.d/ HTTP/1.1" 404 8406 "-" "Mozilla/5.0 (Windows NT 10.0; Win64; x64) AppleWebKit/537.36 (KHTML, like Gecko) Chrome/91.0.4472.124 Safari/537.36"
198.54.114.83 - - [16/Apr/2025:04:20:36 -0400] "POST /wp-cron.php?doing_wp_cron=1744791635.3986549377441406250000 HTTP/1.1" 200 0 "-" "WordPress/6.8; https://the80itspod.com"
154.83.103.106 - - [16/Apr/2025:04:20:34 -0400] "GET /etc/lighttpd/lighttpd.conf HTTP/1.1" 404 8407 "-" "Mozilla/5.0 (Windows NT 10.0; Win64; x64) AppleWebKit/537.36 (KHTML, like Gecko) Chrome/91.0.4472.124 Safari/537.36"
198.54.114.83 - - [16/Apr/2025:04:20:38 -0400] "POST /wp-admin/admin-ajax.php?action=async_litespeed&nonce=mEf1EGeNa3nRQ8fCWIx2oecqQRi4IXwQ&litespeed_type=imgoptm HTTP/1.1" 200 0 "-" "WordPress/6.8; https://the80itspod.com"
154.83.103.106 - - [16/Apr/2025:04:20:38 -0400] "GET /etc/nginx/sites-available/ HTTP/1.1" 404 8407 "-" "Mozilla/5.0 (Windows NT 10.0; Win64; x64) AppleWebKit/537.36 (KHTML, like Gecko) Chrome/91.0.4472.124 Safari/537.36"
154.83.103.106 - - [16/Apr/2025:04:20:39 -0400] "GET /etc/nginx/sites-enabled/ HTTP/1.1" 404 8428 "-" "Mozilla/5.0 (Windows NT 10.0; Win64; x64) AppleWebKit/537.36 (KHTML, like Gecko) Chrome/91.0.4472.124 Safari/537.36"
217.113.194.225 - - [16/Apr/2025:04:20:41 -0400] "GET /how-to-turn-off-live-notifications-on-facebook-iphone/feed/ HTTP/1.1" 200 419 "-" "Mozilla/5.0 (compatible; Barkrowler/0.9; +https://babbar.tech/crawler)"
154.83.103.106 - - [16/Apr/2025:04:20:41 -0400] "GET /server.conf HTTP/1.1" 404 8407 "-" "Mozilla/5.0 (Windows NT 10.0; Win64; x64) AppleWebKit/537.36 (KHTML, like Gecko) Chrome/91.0.4472.124 Safari/537.36"
154.83.103.106 - - [16/Apr/2025:04:20:43 -0400] "GET /usr/local/apache2/conf/httpd.conf HTTP/1.1" 404 8407 "-" "Mozilla/5.0 (Windows NT 10.0; Win64; x64) AppleWebKit/537.36 (KHTML, like Gecko) Chrome/91.0.4472.124 Safari/537.36"
154.83.103.106 - - [16/Apr/2025:04:20:44 -0400] "GET /usr/local/etc/Caddyfile HTTP/1.1" 404 8407 "-" "Mozilla/5.0 (Windows NT 10.0; Win64; x64) AppleWebKit/537.36 (KHTML, like Gecko) Chrome/91.0.4472.124 Safari/537.36"
154.83.103.106 - - [16/Apr/2025:04:20:46 -0400] "GET /usr/local/etc/lighttpd.conf HTTP/1.1" 404 8407 "-" "Mozilla/5.0 (Windows NT 10.0; Win64; x64) AppleWebKit/537.36 (KHTML, like Gecko) Chrome/91.0.4472.124 Safari/537.36"
154.83.103.106 - - [16/Apr/2025:04:20:48 -0400] "GET /usr/local/nginx/conf/nginx.conf HTTP/1.1" 404 8407 "-" "Mozilla/5.0 (Windows NT 10.0; Win64; x64) AppleWebKit/537.36 (KHTML, like Gecko) Chrome/91.0.4472.124 Safari/537.36"
154.83.103.106 - - [16/Apr/2025:04:20:49 -0400] "GET /_profiler/phpinfo HTTP/1.1" 404 8406 "-" "Mozilla/5.0 (Windows NT 10.0; Win64; x64) AppleWebKit/537.36 (KHTML, like Gecko) Chrome/91.0.4472.124 Safari/537.36"
154.83.103.106 - - [16/Apr/2025:04:20:52 -0400] "GET /app/.env HTTP/1.1" 403 1242 "-" "Mozilla/5.0 (Windows NT 10.0; Win64; x64) AppleWebKit/537.36 (KHTML, like Gecko) Chrome/91.0.4472.124 Safari/537.36"
154.83.103.106 - - [16/Apr/2025:04:20:53 -0400] "GET /.svn/wc.db HTTP/1.1" 403 1242 "-" "Mozilla/5.0 (Windows NT 10.0; Win64; x64) AppleWebKit/537.36 (KHTML, like Gecko) Chrome/91.0.4472.124 Safari/537.36"
154.83.103.106 - - [16/Apr/2025:04:20:54 -0400] "GET /server-info HTTP/1.1" 404 8408 "-" "Mozilla/5.0 (Windows NT 10.0; Win64; x64) AppleWebKit/537.36 (KHTML, like Gecko) Chrome/91.0.4472.124 Safari/537.36"
154.83.103.106 - - [16/Apr/2025:04:20:57 -0400] "GET /laravel/.env HTTP/1.1" 403 1242 "-" "Mozilla/5.0 (Windows NT 10.0; Win64; x64) AppleWebKit/537.36 (KHTML, like Gecko) Chrome/91.0.4472.124 Safari/537.36"
217.113.194.229 - - [16/Apr/2025:04:20:58 -0400] "GET /the-ultimate-guide-to-culture-gift-certificate-discounts/feed/ HTTP/1.1" 200 421 "-" "Mozilla/5.0 (compatible; Barkrowler/0.9; +https://babbar.tech/crawler)"
154.83.103.106 - - [16/Apr/2025:04:20:58 -0400] "GET /old/aws_config HTTP/1.1" 404 8407 "-" "Mozilla/5.0 (Windows NT 10.0; Win64; x64) AppleWebKit/537.36 (KHTML, like Gecko) Chrome/91.0.4472.124 Safari/537.36"
154.83.103.106 - - [16/Apr/2025:04:21:01 -0400] "GET /.env.development HTTP/1.1" 403 1242 "-" "Mozilla/5.0 (Windows NT 10.0; Win64; x64) AppleWebKit/537.36 (KHTML, like Gecko) Chrome/91.0.4472.124 Safari/537.36"
154.83.103.106 - - [16/Apr/2025:04:21:01 -0400] "GET /.svn/log HTTP/1.1" 403 1242 "-" "Mozilla/5.0 (Windows NT 10.0; Win64; x64) AppleWebKit/537.36 (KHTML, like Gecko) Chrome/91.0.4472.124 Safari/537.36"
198.54.114.83 - - [16/Apr/2025:04:21:04 -0400] "POST /wp-cron.php?doing_wp_cron=1744791663.3626461029052734375000 HTTP/1.1" 200 0 "-" "WordPress/6.8; https://the80itspod.com"
154.83.103.106 - - [16/Apr/2025:04:21:02 -0400] "GET /admin/config.json HTTP/1.1" 404 8407 "-" "Mozilla/5.0 (Windows NT 10.0; Win64; x64) AppleWebKit/537.36 (KHTML, like Gecko) Chrome/91.0.4472.124 Safari/537.36"
154.83.103.106 - - [16/Apr/2025:04:21:06 -0400] "GET /admin/config.php HTTP/1.1" 404 8407 "-" "Mozilla/5.0 (Windows NT 10.0; Win64; x64) AppleWebKit/537.36 (KHTML, like Gecko) Chrome/91.0.4472.124 Safari/537.36"
154.83.103.106 - - [16/Apr/2025:04:21:08 -0400] "GET /admin/settings.php HTTP/1.1" 404 8407 "-" "Mozilla/5.0 (Windows NT 10.0; Win64; x64) AppleWebKit/537.36 (KHTML, like Gecko) Chrome/91.0.4472.124 Safari/537.36"
154.83.103.106 - - [16/Apr/2025:04:21:10 -0400] "GET /app/config/config.php HTTP/1.1" 404 8407 "-" "Mozilla/5.0 (Windows NT 10.0; Win64; x64) AppleWebKit/537.36 (KHTML, like Gecko) Chrome/91.0.4472.124 Safari/537.36"
154.83.103.106 - - [16/Apr/2025:04:21:12 -0400] "GET /bootstrap/cache/config.php HTTP/1.1" 404 8407 "-" "Mozilla/5.0 (Windows NT 10.0; Win64; x64) AppleWebKit/537.36 (KHTML, like Gecko) Chrome/91.0.4472.124 Safari/537.36"
198.54.114.83 - - [16/Apr/2025:04:21:15 -0400] "POST /wp-cron.php?doing_wp_cron=1744791674.9023358821868896484375 HTTP/1.1" 200 0 "-" "WordPress/6.8; https://the80itspod.com"
154.83.103.106 - - [16/Apr/2025:04:21:14 -0400] "GET /bootstrap/cache/packages.php HTTP/1.1" 404 8407 "-" "Mozilla/5.0 (Windows NT 10.0; Win64; x64) AppleWebKit/537.36 (KHTML, like Gecko) Chrome/91.0.4472.124 Safari/537.36"
217.113.194.227 - - [16/Apr/2025:04:21:15 -0400] "GET /the-magic-of-diamonds-diamond-engagement-rings/feed/ HTTP/1.1" 200 419 "-" "Mozilla/5.0 (compatible; Barkrowler/0.9; +https://babbar.tech/crawler)"
154.83.103.106 - - [16/Apr/2025:04:21:17 -0400] "GET /bootstrap/cache/routes.php HTTP/1.1" 404 8407 "-" "Mozilla/5.0 (Windows NT 10.0; Win64; x64) AppleWebKit/537.36 (KHTML, like Gecko) Chrome/91.0.4472.124 Safari/537.36"
198.54.114.83 - - [16/Apr/2025:04:21:20 -0400] "POST /wp-cron.php?doing_wp_cron=1744791680.2542750835418701171875 HTTP/1.1" 200 0 "-" "WordPress/6.8; https://the80itspod.com"
154.83.103.106 - - [16/Apr/2025:04:21:19 -0400] "GET /bootstrap/cache/services.php HTTP/1.1" 404 8407 "-" "Mozilla/5.0 (Windows NT 10.0; Win64; x64) AppleWebKit/537.36 (KHTML, like Gecko) Chrome/91.0.4472.124 Safari/537.36"
198.54.114.83 - - [16/Apr/2025:04:21:21 -0400] "POST /wp-admin/admin-ajax.php?action=async_litespeed&nonce=rqHoKFoJKkQ002NWi2D3alSbRg46s0CT&litespeed_type=imgoptm HTTP/1.1" 200 0 "-" "WordPress/6.8; https://the80itspod.com"
154.83.103.106 - - [16/Apr/2025:04:21:21 -0400] "GET /cache/config.php HTTP/1.1" 404 8407 "-" "Mozilla/5.0 (Windows NT 10.0; Win64; x64) AppleWebKit/537.36 (KHTML, like Gecko) Chrome/91.0.4472.124 Safari/537.36"
154.83.103.106 - - [16/Apr/2025:04:21:24 -0400] "GET /conf.d/00-default.conf HTTP/1.1" 404 8429 "-" "Mozilla/5.0 (Windows NT 10.0; Win64; x64) AppleWebKit/537.36 (KHTML, like Gecko) Chrome/91.0.4472.124 Safari/537.36"
154.83.103.106 - - [16/Apr/2025:04:21:26 -0400] "GET /config.php.bak HTTP/1.1" 404 8407 "-" "Mozilla/5.0 (Windows NT 10.0; Win64; x64) AppleWebKit/537.36 (KHTML, like Gecko) Chrome/91.0.4472.124 Safari/537.36"
154.83.103.106 - - [16/Apr/2025:04:21:28 -0400] "GET /config/auth.php HTTP/1.1" 404 8408 "-" "Mozilla/5.0 (Windows NT 10.0; Win64; x64) AppleWebKit/537.36 (KHTML, like Gecko) Chrome/91.0.4472.124 Safari/537.36"
150.109.108.171 - - [16/Apr/2025:04:21:31 -0400] "GET /in-home-nursing-care-toronto/ HTTP/1.1" 200 12381 "-" "Python/3.10 aiohttp/3.10.5"
154.83.103.106 - - [16/Apr/2025:04:21:31 -0400] "GET /config/broadcasting.php HTTP/1.1" 404 8407 "-" "Mozilla/5.0 (Windows NT 10.0; Win64; x64) AppleWebKit/537.36 (KHTML, like Gecko) Chrome/91.0.4472.124 Safari/537.36"
154.83.103.106 - - [16/Apr/2025:04:21:33 -0400] "GET /config/cache.php HTTP/1.1" 404 8429 "-" "Mozilla/5.0 (Windows NT 10.0; Win64; x64) AppleWebKit/537.36 (KHTML, like Gecko) Chrome/91.0.4472.124 Safari/537.36"
217.113.194.223 - - [16/Apr/2025:04:21:34 -0400] "GET /using-accounting-to-maximize-your-potential-for-wealth/feed/ HTTP/1.1" 200 425 "-" "Mozilla/5.0 (compatible; Barkrowler/0.9; +https://babbar.tech/crawler)"
154.83.103.106 - - [16/Apr/2025:04:21:35 -0400] "GET /config/env.php HTTP/1.1" 404 8407 "-" "Mozilla/5.0 (Windows NT 10.0; Win64; x64) AppleWebKit/537.36 (KHTML, like Gecko) Chrome/91.0.4472.124 Safari/537.36"
154.83.103.106 - - [16/Apr/2025:04:21:38 -0400] "GET /config/filesystems.php HTTP/1.1" 404 8429 "-" "Mozilla/5.0 (Windows NT 10.0; Win64; x64) AppleWebKit/537.36 (KHTML, like Gecko) Chrome/91.0.4472.124 Safari/537.36"
114.119.140.170 - - [16/Apr/2025:04:21:38 -0400] "GET /page/90/ HTTP/1.1" 200 13281 "https://the80itspod.com/page/93/" "Mozilla/5.0 (Linux; Android 7.0;) AppleWebKit/537.36 (KHTML, like Gecko) Mobile Safari/537.36 (compatible; PetalBot;+https://webmaster.petalsearch.com/site/petalbot)"
18.223.162.245 - - [16/Apr/2025:04:21:38 -0400] "GET /wp-json/oembed/1.0/embed?format=xml&url=https%3A%2F%2Fthe80itspod.com%2Fragdoll-archers-unblocked-a-thrilling-gameplay-experience%2F HTTP/1.1" 200 1163 "-" "Mozilla/5.0 AppleWebKit/537.36 (KHTML, like Gecko; compatible; ClaudeBot/1.0; +claudebot@anthropic.com)"
154.83.103.106 - - [16/Apr/2025:04:21:39 -0400] "GET /config/queue.php HTTP/1.1" 404 8428 "-" "Mozilla/5.0 (Windows NT 10.0; Win64; x64) AppleWebKit/537.36 (KHTML, like Gecko) Chrome/91.0.4472.124 Safari/537.36"
154.83.103.106 - - [16/Apr/2025:04:21:41 -0400] "GET /config/view.php HTTP/1.1" 404 8407 "-" "Mozilla/5.0 (Windows NT 10.0; Win64; x64) AppleWebKit/537.36 (KHTML, like Gecko) Chrome/91.0.4472.124 Safari/537.36"
154.83.103.106 - - [16/Apr/2025:04:21:42 -0400] "GET /core/config/config.inc.php HTTP/1.1" 404 8407 "-" "Mozilla/5.0 (Windows NT 10.0; Win64; x64) AppleWebKit/537.36 (KHTML, like Gecko) Chrome/91.0.4472.124 Safari/537.36"
154.83.103.106 - - [16/Apr/2025:04:21:44 -0400] "GET /env.php HTTP/1.1" 404 8406 "-" "Mozilla/5.0 (Windows NT 10.0; Win64; x64) AppleWebKit/537.36 (KHTML, like Gecko) Chrome/91.0.4472.124 Safari/537.36"
154.83.103.106 - - [16/Apr/2025:04:21:46 -0400] "GET /includes/config.php HTTP/1.1" 404 8407 "-" "Mozilla/5.0 (Windows NT 10.0; Win64; x64) AppleWebKit/537.36 (KHTML, like Gecko) Chrome/91.0.4472.124 Safari/537.36"
154.83.103.106 - - [16/Apr/2025:04:21:48 -0400] "GET /includes/database.php HTTP/1.1" 404 8407 "-" "Mozilla/5.0 (Windows NT 10.0; Win64; x64) AppleWebKit/537.36 (KHTML, like Gecko) Chrome/91.0.4472.124 Safari/537.36"
154.54.249.217 - - [16/Apr/2025:04:21:52 -0400] "GET /important-features-and-uses-of-centrifugal-pumps/feed/ HTTP/1.1" 200 413 "-" "Mozilla/5.0 (compatible; Barkrowler/0.9; +https://babbar.tech/crawler)"
154.83.103.106 - - [16/Apr/2025:04:21:53 -0400] "GET /includes/settings.php HTTP/1.1" 404 8407 "-" "Mozilla/5.0 (Windows NT 10.0; Win64; x64) AppleWebKit/537.36 (KHTML, like Gecko) Chrome/91.0.4472.124 Safari/537.36"
154.83.103.106 - - [16/Apr/2025:04:21:56 -0400] "GET /lib/config.php HTTP/1.1" 404 8407 "-" "Mozilla/5.0 (Windows NT 10.0; Win64; x64) AppleWebKit/537.36 (KHTML, like Gecko) Chrome/91.0.4472.124 Safari/537.36"
154.83.103.106 - - [16/Apr/2025:04:21:58 -0400] "GET /nginx/sites-enabled/default HTTP/1.1" 404 8408 "-" "Mozilla/5.0 (Windows NT 10.0; Win64; x64) AppleWebKit/537.36 (KHTML, like Gecko) Chrome/91.0.4472.124 Safari/537.36"
185.21.14.193 - - [16/Apr/2025:04:22:02 -0400] "GET / HTTP/1.1" 200 13048 "-" "Mozilla/5.0 (Macintosh; Intel Mac OS X 10_15_7) AppleWebKit/537.36 (KHTML, like Gecko) Chrome/133.0.0.0 Safari/537.36"
154.83.103.106 - - [16/Apr/2025:04:22:01 -0400] "GET /runtime/config.php HTTP/1.1" 404 8407 "-" "Mozilla/5.0 (Windows NT 10.0; Win64; x64) AppleWebKit/537.36 (KHTML, like Gecko) Chrome/91.0.4472.124 Safari/537.36"
185.21.14.193 - - [16/Apr/2025:04:22:03 -0400] "GET /comments/feed/ HTTP/1.1" 200 369 "-" "Mozilla/5.0 (Macintosh; Intel Mac OS X 10_15_7) AppleWebKit/537.36 (KHTML, like Gecko) Chrome/133.0.0.0 Safari/537.36"
154.83.103.106 - - [16/Apr/2025:04:22:04 -0400] "GET /storage/framework/cache/data/ HTTP/1.1" 404 8406 "-" "Mozilla/5.0 (Windows NT 10.0; Win64; x64) AppleWebKit/537.36 (KHTML, like Gecko) Chrome/91.0.4472.124 Safari/537.36"
185.21.14.193 - - [16/Apr/2025:04:22:06 -0400] "GET /category/contact-us/ HTTP/1.1" 200 9166 "-" "Mozilla/5.0 (Macintosh; Intel Mac OS X 10_15_7) AppleWebKit/537.36 (KHTML, like Gecko) Chrome/133.0.0.0 Safari/537.36"
185.21.14.193 - - [16/Apr/2025:04:22:07 -0400] "GET /category/contact-us/feed/ HTTP/1.1" 200 432 "-" "Mozilla/5.0 (Macintosh; Intel Mac OS X 10_15_7) AppleWebKit/537.36 (KHTML, like Gecko) Chrome/133.0.0.0 Safari/537.36"
154.83.103.106 - - [16/Apr/2025:04:22:06 -0400] "GET /tmp/config.json HTTP/1.1" 404 8431 "-" "Mozilla/5.0 (Windows NT 10.0; Win64; x64) AppleWebKit/537.36 (KHTML, like Gecko) Chrome/91.0.4472.124 Safari/537.36"
154.83.103.106 - - [16/Apr/2025:04:22:09 -0400] "GET /webapp/config.json HTTP/1.1" 404 8406 "-" "Mozilla/5.0 (Windows NT 10.0; Win64; x64) AppleWebKit/537.36 (KHTML, like Gecko) Chrome/91.0.4472.124 Safari/537.36"
217.113.194.223 - - [16/Apr/2025:04:22:09 -0400] "GET /stem-cell-treatment-and-innate-coronary-illness/feed/ HTTP/1.1" 200 412 "-" "Mozilla/5.0 (compatible; Barkrowler/0.9; +https://babbar.tech/crawler)"
154.83.103.106 - - [16/Apr/2025:04:22:11 -0400] "GET /.svn/LOCK HTTP/1.1" 403 1242 "-" "Mozilla/5.0 (Windows NT 10.0; Win64; x64) AppleWebKit/537.36 (KHTML, like Gecko) Chrome/91.0.4472.124 Safari/537.36"
185.21.14.193 - - [16/Apr/2025:04:22:12 -0400] "GET /category/sign-in/ HTTP/1.1" 200 9148 "-" "Mozilla/5.0 (Macintosh; Intel Mac OS X 10_15_7) AppleWebKit/537.36 (KHTML, like Gecko) Chrome/133.0.0.0 Safari/537.36"
154.83.103.106 - - [16/Apr/2025:04:22:12 -0400] "GET /.svn/README.txt HTTP/1.1" 403 1242 "-" "Mozilla/5.0 (Windows NT 10.0; Win64; x64) AppleWebKit/537.36 (KHTML, like Gecko) Chrome/91.0.4472.124 Safari/537.36"
