54.36.148.203 - - [14/Apr/2025:07:46:09 -0400] "GET /stuffed-animals-are-more-than-just-toys-for-kids/ HTTP/1.1" 200 11946 "-" "Mozilla/5.0 (compatible; AhrefsBot/7.0; +http://ahrefs.com/robot/)"
199.188.207.168 - - [14/Apr/2025:07:48:22 -0400] "GET /wp-login.php HTTP/1.1" 200 1759 "http://the80itspod.com" "Mozilla/5.0 (Windows NT 10.0; Win64; x64; rv:128.0) Gecko/20100101 Firefox/128.0"
198.54.114.83 - - [14/Apr/2025:07:48:24 -0400] "POST /wp-admin/admin-ajax.php?action=async_litespeed&nonce=vPkjJwK0Pjy47Gwp2VkExzWlpNsDndDe&litespeed_type=imgoptm HTTP/1.1" 200 0 "-" "WordPress/6.7.2; https://the80itspod.com"
44.223.193.255 - - [14/Apr/2025:07:48:39 -0400] "GET /den-perfekten-hochzeitsfotografen-finden/ HTTP/1.1" 200 13824 "-" "Mozilla/5.0 AppleWebKit/537.36 (KHTML, like Gecko; compatible; Amazonbot/0.1; +https://developer.amazon.com/support/amazonbot) Chrome/119.0.6045.214 Safari/537.36"
198.54.114.83 - - [14/Apr/2025:07:50:06 -0400] "POST /wp-cron.php?doing_wp_cron=1744631406.3597118854522705078125 HTTP/1.1" 200 0 "-" "WordPress/6.7.2; https://the80itspod.com"
66.249.64.224 - - [14/Apr/2025:07:50:05 -0400] "GET /modern-airplane-washing-frameworks-and-airplane-cleaning-conversation/ HTTP/1.1" 200 12844 "-" "Mozilla/5.0 (Linux; Android 6.0.1; Nexus 5X Build/MMB29P) AppleWebKit/537.36 (KHTML, like Gecko) Chrome/135.0.7049.84 Mobile Safari/537.36 (compatible; Googlebot/2.1; +http://www.google.com/bot.html)"
198.54.114.83 - - [14/Apr/2025:07:50:07 -0400] "POST /wp-admin/admin-ajax.php?action=async_litespeed&nonce=PfISZQM6anN9JRcjb7PMoKNaPIWnschS&litespeed_type=imgoptm HTTP/1.1" 200 0 "-" "WordPress/6.7.2; https://the80itspod.com"
47.79.212.182 - - [14/Apr/2025:07:50:18 -0400] "GET / HTTP/1.1" 200 13048 "https://www.google.com/" "Mozilla/5.0 (Linux; Android 10; K) AppleWebKit/537.36 (KHTML, like Gecko) Chrome/132.0.0.0 Mobile Safari/537.36"
47.79.197.178 - - [14/Apr/2025:07:50:20 -0400] "GET / HTTP/1.1" 200 13048 "https://www.google.com/" "Mozilla/5.0 (Linux; Android 10; K) AppleWebKit/537.36 (KHTML, like Gecko) Chrome/132.0.0.0 Mobile Safari/537.36"
64.23.162.105 - - [14/Apr/2025:07:50:25 -0400] "GET /wp-login.php HTTP/1.1" 200 1759 "-" "Mozilla/5.0"
198.54.114.83 - - [14/Apr/2025:07:50:25 -0400] "POST /wp-admin/admin-ajax.php?action=async_litespeed&nonce=5ZqZEK8gF7XmYHbTTzm9ZB6gKQ9sTkqQ&litespeed_type=imgoptm HTTP/1.1" 200 5 "-" "WordPress/6.7.2; https://the80itspod.com"
64.23.162.105 - - [14/Apr/2025:07:50:25 -0400] "GET /?author=1 HTTP/1.1" 404 8118 "-" "Mozilla/5.0"
64.23.162.105 - - [14/Apr/2025:07:50:26 -0400] "GET /?feed=rss2 HTTP/1.1" 301 0 "-" "Mozilla/5.0"
64.23.162.105 - - [14/Apr/2025:07:50:27 -0400] "GET /feed/ HTTP/1.1" 200 162927 "-" "Mozilla/5.0"
54.36.149.16 - - [14/Apr/2025:07:50:35 -0400] "GET /understanding-insurance-requirements-and-finding-policies-that-meet-your-needs/ HTTP/1.1" 200 12586 "-" "Mozilla/5.0 (compatible; AhrefsBot/7.0; +http://ahrefs.com/robot/)"
198.54.114.83 - - [14/Apr/2025:07:54:06 -0400] "POST /wp-cron.php?doing_wp_cron=1744631646.6115050315856933593750 HTTP/1.1" 200 0 "-" "WordPress/6.7.2; https://the80itspod.com"
66.249.64.225 - - [14/Apr/2025:07:54:02 -0400] "GET /why-you-ought-to-consider-sun-oriented-on-top-of-your-truck-wash/ HTTP/1.1" 200 12795 "-" "Mozilla/5.0 (Linux; Android 6.0.1; Nexus 5X Build/MMB29P) AppleWebKit/537.36 (KHTML, like Gecko) Chrome/135.0.7049.84 Mobile Safari/537.36 (compatible; Googlebot/2.1; +http://www.google.com/bot.html)"
198.54.114.83 - - [14/Apr/2025:07:54:08 -0400] "POST /wp-admin/admin-ajax.php?action=async_litespeed&nonce=5DgucDoy6H6lYcK3UsbyNfdWz4tTs1T4&litespeed_type=imgoptm HTTP/1.1" 200 0 "-" "WordPress/6.7.2; https://the80itspod.com"
198.54.114.83 - - [14/Apr/2025:07:54:39 -0400] "POST /wp-cron.php?doing_wp_cron=1744631679.3903698921203613281250 HTTP/1.1" 200 0 "-" "WordPress/6.7.2; https://the80itspod.com"
198.54.114.83 - - [14/Apr/2025:07:54:40 -0400] "POST /wp-admin/admin-ajax.php?action=async_litespeed&nonce=1qCgHZprh906IcFpurSRT7lTX7NOTo4K&litespeed_type=imgoptm HTTP/1.1" 200 0 "-" "WordPress/6.7.2; https://the80itspod.com"
157.55.39.58 - - [14/Apr/2025:07:54:38 -0400] "GET /page/3/ HTTP/1.1" 200 13204 "-" "Mozilla/5.0 AppleWebKit/537.36 (KHTML, like Gecko; compatible; bingbot/2.0; +http://www.bing.com/bingbot.htm) Chrome/116.0.1938.76 Safari/537.36"
54.36.149.75 - - [14/Apr/2025:07:54:45 -0400] "GET /how-to-create-custom-invitations-for-your-wedding/ HTTP/1.1" 200 11858 "-" "Mozilla/5.0 (compatible; AhrefsBot/7.0; +http://ahrefs.com/robot/)"
198.54.114.83 - - [14/Apr/2025:07:57:37 -0400] "POST /wp-cron.php?doing_wp_cron=1744631856.6972939968109130859375 HTTP/1.1" 200 0 "-" "WordPress/6.7.2; https://the80itspod.com"
66.249.64.226 - - [14/Apr/2025:07:57:33 -0400] "GET /mediation-in-the-uk/ HTTP/1.1" 200 11691 "-" "Mozilla/5.0 (Linux; Android 6.0.1; Nexus 5X Build/MMB29P) AppleWebKit/537.36 (KHTML, like Gecko) Chrome/135.0.7049.84 Mobile Safari/537.36 (compatible; Googlebot/2.1; +http://www.google.com/bot.html)"
198.54.114.83 - - [14/Apr/2025:07:57:38 -0400] "POST /wp-admin/admin-ajax.php?action=async_litespeed&nonce=TaH0Q9Tahp2G3Eea8kgjyhY3DiChCA6B&litespeed_type=imgoptm HTTP/1.1" 200 0 "-" "WordPress/6.7.2; https://the80itspod.com"
198.54.114.83 - - [14/Apr/2025:07:58:28 -0400] "POST /wp-cron.php?doing_wp_cron=1744631908.5591759681701660156250 HTTP/1.1" 200 0 "-" "WordPress/6.7.2; https://the80itspod.com"
66.249.64.224 - - [14/Apr/2025:07:58:27 -0400] "GET /tulum-private-boat-charter/ HTTP/1.1" 200 11649 "-" "Mozilla/5.0 (Linux; Android 6.0.1; Nexus 5X Build/MMB29P) AppleWebKit/537.36 (KHTML, like Gecko) Chrome/135.0.7049.84 Mobile Safari/537.36 (compatible; Googlebot/2.1; +http://www.google.com/bot.html)"
198.54.114.83 - - [14/Apr/2025:07:58:29 -0400] "POST /wp-admin/admin-ajax.php?action=async_litespeed&nonce=eFPUpEsuJIemTBp0Aiwzt8NbAwa4F4sW&litespeed_type=imgoptm HTTP/1.1" 200 0 "-" "WordPress/6.7.2; https://the80itspod.com"
198.54.114.83 - - [14/Apr/2025:07:59:24 -0400] "POST /wp-admin/admin-ajax.php?action=async_litespeed&nonce=GhyGdAtVJQBwYrIoHhLGv7VxAzRqyErr&litespeed_type=imgoptm HTTP/1.1" 200 5 "-" "WordPress/6.7.2; https://the80itspod.com"
45.76.16.214 - - [14/Apr/2025:07:59:42 -0400] "GET /gitarrenunterricht-online-grundlegender-gitarrenunterricht-fur-anfanger HTTP/1.1" 301 0 "https://the80itspod.com" "Mozilla/5.0 (Windows NT 10.0; Win64; x64) AppleWebKit/537.36 (KHTML, like Gecko) Chrome/62.0.3202.94 Safari/537.36"
45.76.16.214 - - [14/Apr/2025:07:59:43 -0400] "GET /gitarrenunterricht-online-grundlegender-gitarrenunterricht-fur-anfanger/ HTTP/1.1" 200 12390 "https://the80itspod.com" "Mozilla/5.0 (Windows NT 10.0; Win64; x64) AppleWebKit/537.36 (KHTML, like Gecko) Chrome/62.0.3202.94 Safari/537.36"
45.76.16.214 - - [14/Apr/2025:07:59:44 -0400] "GET /gitarrenunterricht-online-grundlegender-gitarrenunterricht-fur-anfanger/ HTTP/1.1" 200 12390 "https://the80itspod.com" "Mozilla/5.0 (Windows NT 10.0; Win64; x64) AppleWebKit/537.36 (KHTML, like Gecko) Chrome/62.0.3202.94 Safari/537.36"
45.76.16.214 - - [14/Apr/2025:07:59:44 -0400] "POST /wp-comments-post.php HTTP/1.1" 302 0 "https://the80itspod.com" "Mozilla/5.0 (Windows NT 10.0; Win64; x64) AppleWebKit/537.36 (KHTML, like Gecko) Chrome/62.0.3202.94 Safari/537.36"
45.76.16.214 - - [14/Apr/2025:07:59:47 -0400] "GET /gitarrenunterricht-online-grundlegender-gitarrenunterricht-fur-anfanger/ HTTP/1.1" 200 0 "https://the80itspod.com" "Mozilla/4.0 (compatible; MSIE 6.0; Windows NT 5.1; en) Opera 8.50"
54.36.148.192 - - [14/Apr/2025:08:00:07 -0400] "GET /page/28/ HTTP/1.1" 200 13187 "-" "Mozilla/5.0 (compatible; AhrefsBot/7.0; +http://ahrefs.com/robot/)"
52.167.144.189 - - [14/Apr/2025:08:00:14 -0400] "GET /page/123/ HTTP/1.1" 200 13136 "-" "Mozilla/5.0 AppleWebKit/537.36 (KHTML, like Gecko; compatible; bingbot/2.0; +http://www.bing.com/bingbot.htm) Chrome/116.0.1938.76 Safari/537.36"
198.54.114.83 - - [14/Apr/2025:08:00:27 -0400] "POST /wp-cron.php?doing_wp_cron=1744632026.5171139240264892578125 HTTP/1.1" 200 0 "-" "WordPress/6.7.2; https://the80itspod.com"
114.119.156.55 - - [14/Apr/2025:08:00:26 -0400] "GET /ensuring-safety-and-compliances/ HTTP/1.1" 200 11769 "https://the80itspod.com/page/17/" "Mozilla/5.0 (Linux; Android 7.0;) AppleWebKit/537.36 (KHTML, like Gecko) Mobile Safari/537.36 (compatible; PetalBot;+https://webmaster.petalsearch.com/site/petalbot)"
198.54.114.83 - - [14/Apr/2025:08:00:28 -0400] "POST /wp-admin/admin-ajax.php?action=async_litespeed&nonce=anKuPvfddE9ynhYGqUH5vTRcabKDrL6F&litespeed_type=imgoptm HTTP/1.1" 200 0 "-" "WordPress/6.7.2; https://the80itspod.com"
198.54.114.83 - - [14/Apr/2025:08:01:06 -0400] "POST /wp-cron.php?doing_wp_cron=1744632065.9551749229431152343750 HTTP/1.1" 200 0 "-" "WordPress/6.7.2; https://the80itspod.com"
240e:350:8003:bb87:4ecc:6ae0:fff7:5ca9 - - [14/Apr/2025:08:01:05 -0400] "POST /wp-comments-post.php HTTP/1.1" 302 0 "-" "Mozilla/5.0 (Windows NT 10.0; Win64; x64) AppleWebKit/537.36 (KHTML, like Gecko) Chrome/108.0.0.0 Safari/537.36 Edg/108.0.1462.46"
240e:350:8003:bb87:4ecc:6ae0:fff7:5ca9 - - [14/Apr/2025:08:01:09 -0400] "GET /wedding-venues-lake-garda/?unapproved=51310&moderation-hash=eb2be7d096305187a1452fe1c47fc598 HTTP/1.1" 200 12297 "-" "Mozilla/5.0 (Windows NT 10.0; Win64; x64) AppleWebKit/537.36 (KHTML, like Gecko) Chrome/108.0.0.0 Safari/537.36 Edg/108.0.1462.46"
198.54.120.4 - - [14/Apr/2025:08:01:43 -0400] "GET /wp-login.php HTTP/1.1" 200 1759 "http://the80itspod.com" "Mozilla/5.0 (Windows NT 10.0; Win64; x64) AppleWebKit/537.36 (KHTML, like Gecko) Chrome/116.0.5845.96 Safari/537.36 Edg/116.0.1938.62"
198.54.114.83 - - [14/Apr/2025:08:01:43 -0400] "POST /wp-admin/admin-ajax.php?action=async_litespeed&nonce=0SnCdLzldtvOFaFt6GCpzC2A8Yryv3dC&litespeed_type=imgoptm HTTP/1.1" 200 5 "-" "WordPress/6.7.2; https://the80itspod.com"
114.119.128.26 - - [14/Apr/2025:08:01:49 -0400] "GET /category/activity/page/102/ HTTP/1.1" 200 11282 "https://the80itspod.com/category/activity/page/103/" "Mozilla/5.0 (Linux; Android 7.0;) AppleWebKit/537.36 (KHTML, like Gecko) Mobile Safari/537.36 (compatible; PetalBot;+https://webmaster.petalsearch.com/site/petalbot)"
198.54.114.83 - - [14/Apr/2025:08:03:11 -0400] "POST /wp-cron.php?doing_wp_cron=1744632191.6612389087677001953125 HTTP/1.1" 200 0 "-" "WordPress/6.7.2; https://the80itspod.com"
66.249.64.232 - - [14/Apr/2025:08:03:11 -0400] "GET /what-is-carmine/ HTTP/1.1" 200 11937 "-" "Mozilla/5.0 (Linux; Android 6.0.1; Nexus 5X Build/MMB29P) AppleWebKit/537.36 (KHTML, like Gecko) Chrome/135.0.7049.84 Mobile Safari/537.36 (compatible; Googlebot/2.1; +http://www.google.com/bot.html)"
198.54.114.83 - - [14/Apr/2025:08:03:12 -0400] "POST /wp-admin/admin-ajax.php?action=async_litespeed&nonce=XD97z13N3GYN7FRWlrfymOOz2sidmAPe&litespeed_type=imgoptm HTTP/1.1" 200 5 "-" "WordPress/6.7.2; https://the80itspod.com"
110.249.202.161 - - [14/Apr/2025:08:03:32 -0400] "GET /category/activity/page/19/ HTTP/1.1" 200 11418 "-" "Mozilla/5.0 (Linux; Android 5.0) AppleWebKit/537.36 (KHTML, like Gecko) Mobile Safari/537.36 (compatible; Bytespider; https://zhanzhang.toutiao.com/)"
110.249.202.161 - - [14/Apr/2025:08:03:33 -0400] "GET /wp-includes/js/jquery/jquery.min.js?ver=3.7.1 HTTP/1.1" 200 29744 "https://the80itspod.com/category/activity/page/19/" "Mozilla/5.0 (Linux; Android 5.0) AppleWebKit/537.36 (KHTML, like Gecko) Mobile Safari/537.36 (compatible; Bytespider; https://zhanzhang.toutiao.com/)"
110.249.202.161 - - [14/Apr/2025:08:03:33 -0400] "GET /wp-content/themes/covernews/js/navigation.js?ver=1.0.2 HTTP/1.1" 200 951 "https://the80itspod.com/category/activity/page/19/" "Mozilla/5.0 (Linux; Android 5.0) AppleWebKit/537.36 (KHTML, like Gecko) Mobile Safari/537.36 (compatible; Bytespider; https://zhanzhang.toutiao.com/)"
110.249.202.161 - - [14/Apr/2025:08:03:33 -0400] "GET /wp-content/themes/covernews/js/skip-link-focus-fix.js?ver=1.0.2 HTTP/1.1" 200 332 "https://the80itspod.com/category/activity/page/19/" "Mozilla/5.0 (Linux; Android 5.0) AppleWebKit/537.36 (KHTML, like Gecko) Mobile Safari/537.36 (compatible; Bytespider; https://zhanzhang.toutiao.com/)"
110.249.202.161 - - [14/Apr/2025:08:03:33 -0400] "GET /wp-content/themes/covernews/assets/fixed-header-script.js?ver=1.0.2 HTTP/1.1" 200 713 "https://the80itspod.com/category/activity/page/19/" "Mozilla/5.0 (Linux; Android 5.0) AppleWebKit/537.36 (KHTML, like Gecko) Mobile Safari/537.36 (compatible; Bytespider; https://zhanzhang.toutiao.com/)"
110.249.202.161 - - [14/Apr/2025:08:03:33 -0400] "GET /wp-content/themes/covernews/assets/jquery-match-height/jquery.matchHeight.min.js?ver=1.0.2 HTTP/1.1" 200 1264 "https://the80itspod.com/category/activity/page/19/" "Mozilla/5.0 (Linux; Android 5.0) AppleWebKit/537.36 (KHTML, like Gecko) Mobile Safari/537.36 (compatible; Bytespider; https://zhanzhang.toutiao.com/)"
110.249.202.161 - - [14/Apr/2025:08:03:33 -0400] "GET /wp-content/themes/covernews/assets/script.js?ver=1.0.2 HTTP/1.1" 200 2664 "https://the80itspod.com/category/activity/page/19/" "Mozilla/5.0 (Linux; Android 5.0) AppleWebKit/537.36 (KHTML, like Gecko) Mobile Safari/537.36 (compatible; Bytespider; https://zhanzhang.toutiao.com/)"
110.249.202.161 - - [14/Apr/2025:08:03:33 -0400] "GET /wp-includes/js/jquery/jquery-migrate.min.js?ver=3.4.1 HTTP/1.1" 200 4678 "https://the80itspod.com/category/activity/page/19/" "Mozilla/5.0 (Linux; Android 5.0) AppleWebKit/537.36 (KHTML, like Gecko) Mobile Safari/537.36 (compatible; Bytespider; https://zhanzhang.toutiao.com/)"
110.249.202.161 - - [14/Apr/2025:08:03:34 -0400] "GET /wp-includes/js/wp-emoji-release.min.js?ver=6.7.2 HTTP/1.1" 200 4676 "https://the80itspod.com/category/activity/page/19/" "Mozilla/5.0 (Linux; Android 5.0) AppleWebKit/537.36 (KHTML, like Gecko) Mobile Safari/537.36 (compatible; Bytespider; https://zhanzhang.toutiao.com/)"
198.54.114.83 - - [14/Apr/2025:08:03:52 -0400] "POST /wp-cron.php?doing_wp_cron=1744632232.7310590744018554687500 HTTP/1.1" 200 0 "-" "WordPress/6.7.2; https://the80itspod.com"
212.102.37.196 - - [14/Apr/2025:08:03:52 -0400] "GET /2023/05/ HTTP/1.1" 301 0 "-" "Mozilla/5.0 (Macintosh; Intel Mac OS X 12.5; rv:114.0) Gecko/20100101 Firefox/114.0"
212.102.37.196 - - [14/Apr/2025:08:03:53 -0400] "GET / HTTP/1.1" 200 13048 "https://the80itspod.com/2023/05/" "Mozilla/5.0 (Macintosh; Intel Mac OS X 12.5; rv:114.0) Gecko/20100101 Firefox/114.0"
198.54.114.83 - - [14/Apr/2025:08:03:53 -0400] "POST /wp-admin/admin-ajax.php?action=async_litespeed&nonce=LcZBm6dgf6zkSUzu6WoZ121ctZCqaZNY&litespeed_type=imgoptm HTTP/1.1" 200 5 "-" "WordPress/6.7.2; https://the80itspod.com"
212.102.37.196 - - [14/Apr/2025:08:03:55 -0400] "GET /2025/02/ HTTP/1.1" 301 0 "https://the80itspod.com" "Mozilla/5.0 (Macintosh; Intel Mac OS X 12.5; rv:114.0) Gecko/20100101 Firefox/114.0"
212.102.37.196 - - [14/Apr/2025:08:03:56 -0400] "GET / HTTP/1.1" 200 13048 "https://the80itspod.com/2025/02/" "Mozilla/5.0 (Macintosh; Intel Mac OS X 12.5; rv:114.0) Gecko/20100101 Firefox/114.0"
109.172.87.122 - - [14/Apr/2025:08:03:59 -0400] "GET /advantages-of-factory-automation/ HTTP/1.1" 200 12288 "https://the80itspod.com/advantages-of-factory-automation/" "Mozilla/5.0 (Windows NT 10.0; Win64; x64) AppleWebKit/537.36 (KHTML, like Gecko) Chrome/130.0.0.0 Safari/537.36 CCleaner/130.0.0.0"
109.172.87.122 - - [14/Apr/2025:08:04:00 -0400] "POST /wp-comments-post.php HTTP/1.1" 302 0 "https://the80itspod.com/advantages-of-factory-automation/" "Mozilla/5.0 (Windows NT 10.0; Win64; x64) AppleWebKit/537.36 (KHTML, like Gecko) Chrome/130.0.0.0 Safari/537.36 CCleaner/130.0.0.0"
109.172.87.122 - - [14/Apr/2025:08:04:04 -0400] "GET /advantages-of-factory-automation/ HTTP/1.1" 200 13947 "https://the80itspod.com/advantages-of-factory-automation/#comment-51311" "Mozilla/5.0 (Windows NT 10.0; Win64; x64) AppleWebKit/537.36 (KHTML, like Gecko) Chrome/130.0.0.0 Safari/537.36 CCleaner/130.0.0.0"
198.54.114.83 - - [14/Apr/2025:08:04:35 -0400] "POST /wp-cron.php?doing_wp_cron=1744632275.2933061122894287109375 HTTP/1.1" 200 0 "-" "WordPress/6.7.2; https://the80itspod.com"
198.54.114.83 - - [14/Apr/2025:08:04:36 -0400] "POST /wp-admin/admin-ajax.php?action=async_litespeed&nonce=l1PqukBXhSX967Vd1Ym2Pso5kAsuOTWy&litespeed_type=imgoptm HTTP/1.1" 200 0 "-" "WordPress/6.7.2; https://the80itspod.com"
54.36.148.239 - - [14/Apr/2025:08:04:34 -0400] "GET /page/76/ HTTP/1.1" 200 13090 "-" "Mozilla/5.0 (compatible; AhrefsBot/7.0; +http://ahrefs.com/robot/)"
40.77.167.35 - - [14/Apr/2025:08:07:59 -0400] "GET /how-to-craft-the-best-pick-up-lines-to-start-conversations-with-the-woman-of-your-dreams/feed/ HTTP/1.1" 200 472 "-" "Mozilla/5.0 AppleWebKit/537.36 (KHTML, like Gecko; compatible; bingbot/2.0; +http://www.bing.com/bingbot.htm) Chrome/116.0.1938.76 Safari/537.36"
66.249.64.224 - - [14/Apr/2025:08:08:21 -0400] "GET /wp-content/uploads/2023/01/How-to-Block-Text-Messages-on-iPhone-11.jpg HTTP/1.1" 200 666012 "-" "Googlebot-Image/1.0"
198.54.114.83 - - [14/Apr/2025:08:12:18 -0400] "POST /wp-cron.php?doing_wp_cron=1744632738.4148740768432617187500 HTTP/1.1" 200 0 "-" "WordPress/6.7.2; https://the80itspod.com"
198.54.114.83 - - [14/Apr/2025:08:12:19 -0400] "POST /wp-admin/admin-ajax.php?action=async_litespeed&nonce=kodcDVjL4mfzzAaxMSWn0G3livVc6NGK&litespeed_type=imgoptm HTTP/1.1" 200 0 "-" "WordPress/6.7.2; https://the80itspod.com"
54.36.148.162 - - [14/Apr/2025:08:12:11 -0400] "GET /slot-gas-is-playing-slots-at-a-gas-station-legal/ HTTP/1.1" 200 12232 "-" "Mozilla/5.0 (compatible; AhrefsBot/7.0; +http://ahrefs.com/robot/)"
178.20.45.159 - - [14/Apr/2025:08:13:34 -0400] "GET /cbd-uk-what-is-it/ HTTP/1.1" 200 14457 "https://the80itspod.com/cbd-uk-what-is-it/#comment-18930/" "Mozilla/5.0 (Windows NT 10.0; Win64; x64) AppleWebKit/537.36 (KHTML, like Gecko) Chrome/130.0.0.0 Safari/537.36 CCleaner/130.0.0.0"
198.54.114.83 - - [14/Apr/2025:08:13:36 -0400] "POST /wp-cron.php?doing_wp_cron=1744632816.5684530735015869140625 HTTP/1.1" 200 0 "-" "WordPress/6.7.2; https://the80itspod.com"
198.54.114.83 - - [14/Apr/2025:08:13:37 -0400] "POST /wp-admin/admin-ajax.php?action=async_litespeed&nonce=cSZLiPzHIjUnBGQPbPQqZiIVpg4urOE7&litespeed_type=imgoptm HTTP/1.1" 200 5 "-" "WordPress/6.7.2; https://the80itspod.com"
178.20.45.159 - - [14/Apr/2025:08:13:35 -0400] "POST /wp-comments-post.php HTTP/1.1" 302 0 "https://the80itspod.com/cbd-uk-what-is-it/#comment-18930/" "Mozilla/5.0 (Windows NT 10.0; Win64; x64) AppleWebKit/537.36 (KHTML, like Gecko) Chrome/130.0.0.0 Safari/537.36 CCleaner/130.0.0.0"
178.20.45.159 - - [14/Apr/2025:08:13:39 -0400] "GET /cbd-uk-what-is-it/ HTTP/1.1" 200 16736 "https://the80itspod.com/cbd-uk-what-is-it/#comment-51312" "Mozilla/5.0 (Windows NT 10.0; Win64; x64) AppleWebKit/537.36 (KHTML, like Gecko) Chrome/130.0.0.0 Safari/537.36 CCleaner/130.0.0.0"
136.243.80.142 - - [14/Apr/2025:08:15:23 -0400] "GET /wp-login.php HTTP/1.1" 200 1759 "http://the80itspod.com" "Mozilla/5.0 (Macintosh; Intel Mac OS X 10_15_7; rv:129.0) Gecko/20100101 Firefox/129.0"
198.54.114.83 - - [14/Apr/2025:08:15:23 -0400] "POST /wp-admin/admin-ajax.php?action=async_litespeed&nonce=Dl4r0QOyttqHIM304Jhf8C2nXe2d0zHL&litespeed_type=imgoptm HTTP/1.1" 200 0 "-" "WordPress/6.7.2; https://the80itspod.com"
54.36.148.32 - - [14/Apr/2025:08:15:55 -0400] "GET /what-is-lottery-gambling/ HTTP/1.1" 200 12388 "-" "Mozilla/5.0 (compatible; AhrefsBot/7.0; +http://ahrefs.com/robot/)"
47.238.13.5 - - [14/Apr/2025:08:16:17 -0400] "GET /page/36 HTTP/1.1" 301 0 "-" "Mozilla/5.0 (Macintosh; Intel Mac OS X 10_15_7) AppleWebKit/537.36 (KHTML, like Gecko) Chrome/109.0.0.0 Safari/537.36"
198.54.114.83 - - [14/Apr/2025:08:16:22 -0400] "POST /wp-cron.php?doing_wp_cron=1744632981.5342900753021240234375 HTTP/1.1" 200 0 "-" "WordPress/6.7.2; https://the80itspod.com"
47.238.13.5 - - [14/Apr/2025:08:16:20 -0400] "GET /page/36/ HTTP/1.1" 200 13086 "https://the80itspod.com/page/36" "Mozilla/5.0 (Macintosh; Intel Mac OS X 10_15_7) AppleWebKit/537.36 (KHTML, like Gecko) Chrome/109.0.0.0 Safari/537.36"
198.54.114.83 - - [14/Apr/2025:08:16:23 -0400] "POST /wp-admin/admin-ajax.php?action=async_litespeed&nonce=tZ1BtVvci0D0k99sjIzktXGoaClOUX8y&litespeed_type=imgoptm HTTP/1.1" 200 5 "-" "WordPress/6.7.2; https://the80itspod.com"
114.119.158.43 - - [14/Apr/2025:08:16:42 -0400] "GET /page/89/?NA HTTP/1.1" 200 13124 "https://the80itspod.com/page/91/?NA" "Mozilla/5.0 (Linux; Android 7.0;) AppleWebKit/537.36 (KHTML, like Gecko) Mobile Safari/537.36 (compatible; PetalBot;+https://webmaster.petalsearch.com/site/petalbot)"
198.54.114.83 - - [14/Apr/2025:08:17:21 -0400] "POST /wp-cron.php?doing_wp_cron=1744633040.9256119728088378906250 HTTP/1.1" 200 0 "-" "WordPress/6.7.2; https://the80itspod.com"
185.191.171.13 - - [14/Apr/2025:08:17:20 -0400] "GET /moneylender-singapore-how-to-find-a-licensed-moneylender/ HTTP/1.1" 200 13269 "-" "Mozilla/5.0 (compatible; SemrushBot/7~bl; +http://www.semrush.com/bot.html)"
198.54.114.83 - - [14/Apr/2025:08:17:23 -0400] "POST /wp-admin/admin-ajax.php?action=async_litespeed&nonce=lNo1ljALBPCcD3ROBR85nCZcZVn3k6h9&litespeed_type=imgoptm HTTP/1.1" 200 0 "-" "WordPress/6.7.2; https://the80itspod.com"
212.34.133.114 - - [14/Apr/2025:08:17:49 -0400] "GET /advantages-of-factory-automation/ HTTP/1.1" 200 12288 "-" "Mozilla/5.0 (Windows NT 10.0; Win64; x64) AppleWebKit/537.36 (KHTML, like Gecko) Chrome/114.0.0.0 YaBrowser/22.7.0 Yowser/2.5 Safari/537.36"
114.119.128.26 - - [14/Apr/2025:08:18:06 -0400] "GET /page/64/?SD HTTP/1.1" 200 13264 "https://the80itspod.com/page/62/?SD" "Mozilla/5.0 (Linux; Android 7.0;) AppleWebKit/537.36 (KHTML, like Gecko) Mobile Safari/537.36 (compatible; PetalBot;+https://webmaster.petalsearch.com/site/petalbot)"
198.54.114.83 - - [14/Apr/2025:08:19:02 -0400] "POST /wp-cron.php?doing_wp_cron=1744633141.9667239189147949218750 HTTP/1.1" 200 0 "-" "WordPress/6.7.2; https://the80itspod.com"
66.249.64.226 - - [14/Apr/2025:08:19:01 -0400] "GET /proper-handling-of-peptide-vials/ HTTP/1.1" 200 11700 "-" "Mozilla/5.0 (Linux; Android 6.0.1; Nexus 5X Build/MMB29P) AppleWebKit/537.36 (KHTML, like Gecko) Chrome/135.0.7049.84 Mobile Safari/537.36 (compatible; Googlebot/2.1; +http://www.google.com/bot.html)"
198.54.114.83 - - [14/Apr/2025:08:19:02 -0400] "POST /wp-admin/admin-ajax.php?action=async_litespeed&nonce=V3TEUdccBi6cgVbujaPACsjFaJouDX0C&litespeed_type=imgoptm HTTP/1.1" 200 5 "-" "WordPress/6.7.2; https://the80itspod.com"
54.36.149.13 - - [14/Apr/2025:08:19:07 -0400] "GET /proven-strategies-to-skyrocket-your-subscriber-count/ HTTP/1.1" 200 11836 "-" "Mozilla/5.0 (compatible; AhrefsBot/7.0; +http://ahrefs.com/robot/)"
198.54.114.83 - - [14/Apr/2025:08:19:32 -0400] "POST /wp-cron.php?doing_wp_cron=1744633171.6641340255737304687500 HTTP/1.1" 200 0 "-" "WordPress/6.7.2; https://the80itspod.com"
114.119.149.108 - - [14/Apr/2025:08:19:31 -0400] "GET /page/20/ HTTP/1.1" 200 13076 "https://the80itspod.com/page/19/" "Mozilla/5.0 (Linux; Android 7.0;) AppleWebKit/537.36 (KHTML, like Gecko) Mobile Safari/537.36 (compatible; PetalBot;+https://webmaster.petalsearch.com/site/petalbot)"
198.54.114.83 - - [14/Apr/2025:08:19:32 -0400] "POST /wp-admin/admin-ajax.php?action=async_litespeed&nonce=35PUWHF9u0SqF8m0gBs1RFCFba1DCxHE&litespeed_type=imgoptm HTTP/1.1" 200 5 "-" "WordPress/6.7.2; https://the80itspod.com"
114.119.156.55 - - [14/Apr/2025:08:20:53 -0400] "GET /how-to-change-xbox-gamertag/ HTTP/1.1" 200 14358 "https://the80itspod.com/low-pressure-injection-molding/" "Mozilla/5.0 (Linux; Android 7.0;) AppleWebKit/537.36 (KHTML, like Gecko) Mobile Safari/537.36 (compatible; PetalBot;+https://webmaster.petalsearch.com/site/petalbot)"
198.54.114.83 - - [14/Apr/2025:08:20:56 -0400] "POST /wp-cron.php?doing_wp_cron=1744633254.6676061153411865234375 HTTP/1.1" 200 0 "-" "WordPress/6.7.2; https://the80itspod.com"
198.54.114.83 - - [14/Apr/2025:08:22:18 -0400] "POST /wp-cron.php?doing_wp_cron=1744633338.4465129375457763671875 HTTP/1.1" 200 0 "-" "WordPress/6.7.2; https://the80itspod.com"
198.54.114.83 - - [14/Apr/2025:08:22:19 -0400] "POST /wp-admin/admin-ajax.php?action=async_litespeed&nonce=zeloY6eZTAH2su1q7YQeiKIczXsGnKpc&litespeed_type=imgoptm HTTP/1.1" 200 0 "-" "WordPress/6.7.2; https://the80itspod.com"
54.235.125.129 - - [14/Apr/2025:08:22:17 -0400] "GET /page/83/ HTTP/1.1" 200 13237 "-" "Mozilla/5.0 AppleWebKit/537.36 (KHTML, like Gecko; compatible; Amazonbot/0.1; +https://developer.amazon.com/support/amazonbot) Chrome/119.0.6045.214 Safari/537.36"
198.54.114.83 - - [14/Apr/2025:08:22:22 -0400] "POST /wp-cron.php?doing_wp_cron=1744633342.3091120719909667968750 HTTP/1.1" 200 0 "-" "WordPress/6.7.2; https://the80itspod.com"
3.94.156.104 - - [14/Apr/2025:08:22:21 -0400] "GET /category/activity/page/22/ HTTP/1.1" 200 11294 "-" "Mozilla/5.0 AppleWebKit/537.36 (KHTML, like Gecko; compatible; Amazonbot/0.1; +https://developer.amazon.com/support/amazonbot) Chrome/119.0.6045.214 Safari/537.36"
198.54.114.83 - - [14/Apr/2025:08:22:23 -0400] "POST /wp-admin/admin-ajax.php?action=async_litespeed&nonce=qdQsGfiF4wgYTgqvKoN8Ezd6xzIvXxd7&litespeed_type=imgoptm HTTP/1.1" 200 5 "-" "WordPress/6.7.2; https://the80itspod.com"
54.36.148.14 - - [14/Apr/2025:08:22:31 -0400] "GET /navigating-the-realm-of-instagram-followers/ HTTP/1.1" 200 11583 "-" "Mozilla/5.0 (compatible; AhrefsBot/7.0; +http://ahrefs.com/robot/)"
198.54.114.83 - - [14/Apr/2025:08:24:34 -0400] "POST /?wordfence_syncAttackData=1744633473.3533 HTTP/1.1" 200 0 "-" "WordPress/6.7.2; https://the80itspod.com"
198.54.114.83 - - [14/Apr/2025:08:24:34 -0400] "POST /?wordfence_syncAttackData=1744633473.3539 HTTP/1.1" 200 0 "-" "WordPress/6.7.2; https://the80itspod.com"
196.251.86.135 - - [14/Apr/2025:08:24:34 -0400] "GET /wp-content/themes/seotheme/db.php?u HTTP/1.1" 403 6326 "www.google.com" "Mozlila/5.0 (Linux; Android 7.0; SM-G892A Bulid/NRD90M; wv) AppleWebKit/537.36 (KHTML, like Gecko) Version/4.0 Chrome/60.0.3112.107 Moblie Safari/537.36"
198.54.114.83 - - [14/Apr/2025:08:24:36 -0400] "POST /?wordfence_syncAttackData=1744633476.2529 HTTP/1.1" 200 0 "-" "WordPress/6.7.2; https://the80itspod.com"
198.54.114.83 - - [14/Apr/2025:08:24:38 -0400] "POST /wp-admin/admin-ajax.php?action=async_litespeed&nonce=vVjmrArujwBLKOBKv8ljNdoIcGXaCLtR&litespeed_type=imgoptm HTTP/1.1" 200 0 "-" "WordPress/6.7.2; https://the80itspod.com"
198.54.114.83 - - [14/Apr/2025:08:26:15 -0400] "POST /?wordfence_syncAttackData=1744633574.605 HTTP/1.1" 200 0 "-" "WordPress/6.7.2; https://the80itspod.com"
198.54.114.83 - - [14/Apr/2025:08:26:17 -0400] "POST /wp-cron.php?doing_wp_cron=1744633577.2540650367736816406250 HTTP/1.1" 200 0 "-" "WordPress/6.7.2; https://the80itspod.com"
198.54.114.83 - - [14/Apr/2025:08:26:18 -0400] "POST /wp-admin/admin-ajax.php?action=async_litespeed&nonce=NAZGSdYdcAFb4XU7r0nw2byvMiSGxkyb&litespeed_type=imgoptm HTTP/1.1" 200 0 "-" "WordPress/6.7.2; https://the80itspod.com"
54.36.148.186 - - [14/Apr/2025:08:26:10 -0400] "GET /the-pitfalls-of-buying-tiktok-followers/ HTTP/1.1" 200 11888 "-" "Mozilla/5.0 (compatible; AhrefsBot/7.0; +http://ahrefs.com/robot/)"
198.54.114.83 - - [14/Apr/2025:08:27:08 -0400] "POST /wp-cron.php?doing_wp_cron=1744633628.2579560279846191406250 HTTP/1.1" 200 0 "-" "WordPress/6.7.2; https://the80itspod.com"
198.54.114.83 - - [14/Apr/2025:08:27:09 -0400] "POST /wp-admin/admin-ajax.php?action=async_litespeed&nonce=Gen0N04oQgmWBwpl8Rj37gqaw8vBYmP8&litespeed_type=imgoptm HTTP/1.1" 200 5 "-" "WordPress/6.7.2; https://the80itspod.com"
66.249.64.224 - - [14/Apr/2025:08:27:06 -0400] "GET /what-are-peptides-and-how-do-they-work-2/ HTTP/1.1" 200 11754 "-" "Mozilla/5.0 (Linux; Android 6.0.1; Nexus 5X Build/MMB29P) AppleWebKit/537.36 (KHTML, like Gecko) Chrome/135.0.7049.84 Mobile Safari/537.36 (compatible; Googlebot/2.1; +http://www.google.com/bot.html)"
198.54.114.83 - - [14/Apr/2025:08:28:03 -0400] "POST /wp-cron.php?doing_wp_cron=1744633682.5299038887023925781250 HTTP/1.1" 200 0 "-" "WordPress/6.7.2; https://the80itspod.com"
66.249.64.224 - - [14/Apr/2025:08:28:01 -0400] "GET /find-a-decent-laser-tattoo-evacuation-facility/ HTTP/1.1" 200 12695 "-" "Mozilla/5.0 (Linux; Android 6.0.1; Nexus 5X Build/MMB29P) AppleWebKit/537.36 (KHTML, like Gecko) Chrome/135.0.7049.84 Mobile Safari/537.36 (compatible; Googlebot/2.1; +http://www.google.com/bot.html)"
198.54.114.83 - - [14/Apr/2025:08:28:04 -0400] "POST /wp-admin/admin-ajax.php?action=async_litespeed&nonce=DfpLwlAZq8fldYRVf2mHYqhZcs56NGIR&litespeed_type=imgoptm HTTP/1.1" 200 0 "-" "WordPress/6.7.2; https://the80itspod.com"
66.249.64.225 - - [14/Apr/2025:08:28:20 -0400] "GET /wp-content/uploads/2023/08/How-To-Change-Xbox-Gamertag.jpg HTTP/1.1" 200 10364 "-" "Googlebot-Image/1.0"
198.54.114.83 - - [14/Apr/2025:08:28:39 -0400] "POST /wp-cron.php?doing_wp_cron=1744633719.5541958808898925781250 HTTP/1.1" 200 0 "-" "WordPress/6.7.2; https://the80itspod.com"
198.54.114.83 - - [14/Apr/2025:08:28:40 -0400] "POST /wp-admin/admin-ajax.php?action=async_litespeed&nonce=JBR6wdf6bZ66m5UW4k1mGVRwBaG1TxjC&litespeed_type=imgoptm HTTP/1.1" 200 5 "-" "WordPress/6.7.2; https://the80itspod.com"
52.167.144.225 - - [14/Apr/2025:08:28:38 -0400] "GET /sitemap_index.xml HTTP/1.1" 200 294 "-" "Mozilla/5.0 AppleWebKit/537.36 (KHTML, like Gecko; compatible; bingbot/2.0; +http://www.bing.com/bingbot.htm) Chrome/116.0.1938.76 Safari/537.36"
8.218.212.177 - - [14/Apr/2025:08:28:45 -0400] "GET /wp-login.php HTTP/1.1" 200 1759 "http://the80itspod.com" "Mozilla/5.0 (Macintosh; Intel Mac OS X 10_15_7; rv:129.0) Gecko/20100101 Firefox/129.0"
185.231.155.169 - - [14/Apr/2025:08:29:59 -0400] "GET /relx-electronic-cigarette/ HTTP/1.1" 200 12607 "https://the80itspod.com/relx-electronic-cigarette/#comment-24891/" "Mozilla/5.0 (Windows NT 10.0; Win64; x64) AppleWebKit/537.36 (KHTML, like Gecko) Chrome/129.0.0.0 Safari/537.36"
198.54.114.83 - - [14/Apr/2025:08:30:02 -0400] "POST /wp-cron.php?doing_wp_cron=1744633801.6132779121398925781250 HTTP/1.1" 200 0 "-" "WordPress/6.7.2; https://the80itspod.com"
198.54.114.83 - - [14/Apr/2025:08:30:04 -0400] "POST /wp-admin/admin-ajax.php?action=async_litespeed&nonce=pyiSxD2vbEaAlsJNczbOjHhq4k7djdbc&litespeed_type=imgoptm HTTP/1.1" 200 0 "-" "WordPress/6.7.2; https://the80itspod.com"
185.231.155.169 - - [14/Apr/2025:08:30:00 -0400] "POST /wp-comments-post.php HTTP/1.1" 302 0 "https://the80itspod.com/relx-electronic-cigarette/#comment-24891/" "Mozilla/5.0 (Windows NT 10.0; Win64; x64) AppleWebKit/537.36 (KHTML, like Gecko) Chrome/129.0.0.0 Safari/537.36"
54.36.149.33 - - [14/Apr/2025:08:30:06 -0400] "GET /so-finden-sie-den-besten-gitarrenunterricht-online/feed/ HTTP/1.1" 304 0 "-" "Mozilla/5.0 (compatible; AhrefsBot/7.0; +http://ahrefs.com/robot/)"
185.231.155.169 - - [14/Apr/2025:08:30:07 -0400] "GET /relx-electronic-cigarette/ HTTP/1.1" 200 24437 "https://the80itspod.com/relx-electronic-cigarette/#comment-51313" "Mozilla/5.0 (Windows NT 10.0; Win64; x64) AppleWebKit/537.36 (KHTML, like Gecko) Chrome/129.0.0.0 Safari/537.36"
198.54.114.83 - - [14/Apr/2025:08:31:02 -0400] "POST /wp-admin/admin-ajax.php?action=async_litespeed&nonce=zoHcxBp878TYk2Awkovijb36gn4yTwqC&litespeed_type=imgoptm HTTP/1.1" 200 0 "-" "WordPress/6.7.2; https://the80itspod.com"
20.14.159.240 - - [14/Apr/2025:08:31:10 -0400] "HEAD /newport-residences-a-prime-choice-for-investors/ HTTP/1.1" 200 0 "http://the80itspod.com/new" "Mozilla/5.0 (Windows NT 10.0; Win64; x64) AppleWebKit/537.36 (KHTML, like Gecko) Chrome/74.0.3729.169 Safari/537.36"
20.14.159.240 - - [14/Apr/2025:08:31:13 -0400] "HEAD /home-appliance-repair-in-ottawa/ HTTP/1.1" 200 0 "http://the80itspod.com/home" "Mozilla/5.0 (Windows NT 10.0; Win64; x64) AppleWebKit/537.36 (KHTML, like Gecko) Chrome/74.0.3729.169 Safari/537.36"
152.42.172.190 - - [14/Apr/2025:08:31:38 -0400] "GET / HTTP/1.1" 200 13048 "-" "python-requests/2.32.3"
198.54.114.83 - - [14/Apr/2025:08:31:40 -0400] "POST /wp-cron.php?doing_wp_cron=1744633900.2306420803070068359375 HTTP/1.1" 200 0 "-" "WordPress/6.7.2; https://the80itspod.com"
152.42.172.190 - - [14/Apr/2025:08:31:39 -0400] "GET /wp-content/plugins/wp-time-capsule/wp-tcapsule-bridge/upload.php HTTP/1.1" 404 8116 "-" "python-requests/2.32.3"
198.54.114.83 - - [14/Apr/2025:08:31:42 -0400] "POST /wp-admin/admin-ajax.php?action=async_litespeed&nonce=gRMBl0OGYk90x0H44lDHqbBgRITv0WHt&litespeed_type=imgoptm HTTP/1.1" 200 0 "-" "WordPress/6.7.2; https://the80itspod.com"
198.54.114.83 - - [14/Apr/2025:08:33:47 -0400] "POST /wp-cron.php?doing_wp_cron=1744634027.0737910270690917968750 HTTP/1.1" 200 0 "-" "WordPress/6.7.2; https://the80itspod.com"
54.36.149.106 - - [14/Apr/2025:08:33:40 -0400] "GET /die-eleganz-der-modernen-hangeleuchte/feed/ HTTP/1.1" 304 0 "-" "Mozilla/5.0 (compatible; AhrefsBot/7.0; +http://ahrefs.com/robot/)"
198.54.114.83 - - [14/Apr/2025:08:33:48 -0400] "POST /wp-admin/admin-ajax.php?action=async_litespeed&nonce=3kjQWKaa3bLOrk6ChQZmFpL8weYHMNCI&litespeed_type=imgoptm HTTP/1.1" 200 0 "-" "WordPress/6.7.2; https://the80itspod.com"
114.119.158.43 - - [14/Apr/2025:08:33:48 -0400] "GET /the-beauty-of-the-sea-is-captured-in-a-gold-shell-ring/ HTTP/1.1" 200 11687 "https://the80itspod.com/page/34/" "Mozilla/5.0 (Linux; Android 7.0;) AppleWebKit/537.36 (KHTML, like Gecko) Mobile Safari/537.36 (compatible; PetalBot;+https://webmaster.petalsearch.com/site/petalbot)"
66.249.64.234 - - [14/Apr/2025:08:34:49 -0400] "GET /professional-detailing-products/ HTTP/1.1" 200 12334 "-" "Mozilla/5.0 (Linux; Android 6.0.1; Nexus 5X Build/MMB29P) AppleWebKit/537.36 (KHTML, like Gecko) Chrome/135.0.7049.84 Mobile Safari/537.36 (compatible; Googlebot/2.1; +http://www.google.com/bot.html)"
198.54.114.83 - - [14/Apr/2025:08:34:49 -0400] "POST /wp-cron.php?doing_wp_cron=1744634088.3356430530548095703125 HTTP/1.1" 200 0 "-" "WordPress/6.7.2; https://the80itspod.com"
198.54.114.83 - - [14/Apr/2025:08:34:50 -0400] "POST /wp-admin/admin-ajax.php?action=async_litespeed&nonce=yzqZIDJm7DPpTNKw21wjdUy58GZGzSfO&litespeed_type=imgoptm HTTP/1.1" 200 0 "-" "WordPress/6.7.2; https://the80itspod.com"
185.191.171.10 - - [14/Apr/2025:08:34:47 -0400] "GET /examples-of-usage-of-the-word-continuum/ HTTP/1.1" 200 11647 "-" "Mozilla/5.0 (compatible; SemrushBot/7~bl; +http://www.semrush.com/bot.html)"
114.119.140.170 - - [14/Apr/2025:08:35:12 -0400] "GET /semenax-review/ HTTP/1.1" 200 12564 "https://the80itspod.com/category/activity/page/82/" "Mozilla/5.0 (Linux; Android 7.0;) AppleWebKit/537.36 (KHTML, like Gecko) Mobile Safari/537.36 (compatible; PetalBot;+https://webmaster.petalsearch.com/site/petalbot)"
66.249.64.233 - - [14/Apr/2025:08:36:01 -0400] "GET /lego-for-enthusiasts-of-star-wars/ HTTP/1.1" 200 12766 "-" "Mozilla/5.0 (Linux; Android 6.0.1; Nexus 5X Build/MMB29P) AppleWebKit/537.36 (KHTML, like Gecko) Chrome/135.0.7049.84 Mobile Safari/537.36 (compatible; Googlebot/2.1; +http://www.google.com/bot.html)"
185.157.212.157 - - [14/Apr/2025:08:36:13 -0400] "GET /advantages-of-factory-automation/ HTTP/1.1" 200 12288 "https://the80itspod.com/advantages-of-factory-automation/" "Mozilla/5.0 (Windows NT 10.0; Win64; x64) AppleWebKit/537.36 (KHTML, like Gecko) Chrome/131.0.0.0 Safari/537.36 Avast/131.0.0.0"
198.54.114.83 - - [14/Apr/2025:08:36:15 -0400] "POST /wp-cron.php?doing_wp_cron=1744634175.3277530670166015625000 HTTP/1.1" 200 0 "-" "WordPress/6.7.2; https://the80itspod.com"
198.54.114.83 - - [14/Apr/2025:08:36:16 -0400] "POST /wp-admin/admin-ajax.php?action=async_litespeed&nonce=fHakea2PBFISADKmH1yQjP0OEnqMZlWh&litespeed_type=imgoptm HTTP/1.1" 200 0 "-" "WordPress/6.7.2; https://the80itspod.com"
66.249.64.233 - - [14/Apr/2025:08:36:15 -0400] "GET /what-qualities-to-search-for-in-an-expert-auto-body-shop/ HTTP/1.1" 200 12701 "-" "Mozilla/5.0 (Linux; Android 6.0.1; Nexus 5X Build/MMB29P) AppleWebKit/537.36 (KHTML, like Gecko) Chrome/135.0.7049.84 Mobile Safari/537.36 (compatible; Googlebot/2.1; +http://www.google.com/bot.html)"
185.157.212.157 - - [14/Apr/2025:08:36:14 -0400] "POST /wp-comments-post.php HTTP/1.1" 302 0 "https://the80itspod.com/advantages-of-factory-automation/" "Mozilla/5.0 (Windows NT 10.0; Win64; x64) AppleWebKit/537.36 (KHTML, like Gecko) Chrome/131.0.0.0 Safari/537.36 Avast/131.0.0.0"
185.157.212.157 - - [14/Apr/2025:08:36:18 -0400] "GET /advantages-of-factory-automation/ HTTP/1.1" 200 13382 "https://the80itspod.com/advantages-of-factory-automation/#comment-51314" "Mozilla/5.0 (Windows NT 10.0; Win64; x64) AppleWebKit/537.36 (KHTML, like Gecko) Chrome/131.0.0.0 Safari/537.36 Avast/131.0.0.0"
198.54.114.83 - - [14/Apr/2025:08:36:38 -0400] "POST /wp-cron.php?doing_wp_cron=1744634197.1161370277404785156250 HTTP/1.1" 200 0 "-" "WordPress/6.7.2; https://the80itspod.com"
114.119.158.43 - - [14/Apr/2025:08:36:36 -0400] "GET /page/61/?NA HTTP/1.1" 200 13270 "https://the80itspod.com/page/59/?NA" "Mozilla/5.0 (Linux; Android 7.0;) AppleWebKit/537.36 (KHTML, like Gecko) Mobile Safari/537.36 (compatible; PetalBot;+https://webmaster.petalsearch.com/site/petalbot)"
198.54.114.83 - - [14/Apr/2025:08:36:38 -0400] "POST /wp-admin/admin-ajax.php?action=async_litespeed&nonce=yiCW8AnI0mIEvHebl6BXmFLKdu98kiFV&litespeed_type=imgoptm HTTP/1.1" 200 5 "-" "WordPress/6.7.2; https://the80itspod.com"
54.36.149.7 - - [14/Apr/2025:08:37:04 -0400] "GET /page/2/ HTTP/1.1" 200 13418 "-" "Mozilla/5.0 (compatible; AhrefsBot/7.0; +http://ahrefs.com/robot/)"
198.54.114.83 - - [14/Apr/2025:08:37:25 -0400] "POST /wp-cron.php?doing_wp_cron=1744634245.4857289791107177734375 HTTP/1.1" 200 0 "-" "WordPress/6.7.2; https://the80itspod.com"
66.249.64.233 - - [14/Apr/2025:08:37:24 -0400] "GET /panini-sandwich-creator-a-sample-of-connoisseur-directly-in-your-kitchen/ HTTP/1.1" 200 12145 "-" "Mozilla/5.0 (Linux; Android 6.0.1; Nexus 5X Build/MMB29P) AppleWebKit/537.36 (KHTML, like Gecko) Chrome/135.0.7049.84 Mobile Safari/537.36 (compatible; Googlebot/2.1; +http://www.google.com/bot.html)"
198.54.114.83 - - [14/Apr/2025:08:37:26 -0400] "POST /wp-admin/admin-ajax.php?action=async_litespeed&nonce=l4ts5kyJkORkoS4DhusxFDzWg8AWGALv&litespeed_type=imgoptm HTTP/1.1" 200 5 "-" "WordPress/6.7.2; https://the80itspod.com"
66.249.64.232 - - [14/Apr/2025:08:37:59 -0400] "GET /lexus-crash-fix-finding-the-right-body-shop/ HTTP/1.1" 200 12558 "-" "Mozilla/5.0 (Linux; Android 6.0.1; Nexus 5X Build/MMB29P) AppleWebKit/537.36 (KHTML, like Gecko) Chrome/135.0.7049.84 Mobile Safari/537.36 (compatible; Googlebot/2.1; +http://www.google.com/bot.html)"
114.119.149.108 - - [14/Apr/2025:08:37:59 -0400] "GET /page/11/ HTTP/1.1" 200 13115 "https://the80itspod.com/page/9/" "Mozilla/5.0 (Linux; Android 7.0;) AppleWebKit/537.36 (KHTML, like Gecko) Mobile Safari/537.36 (compatible; PetalBot;+https://webmaster.petalsearch.com/site/petalbot)"
91.84.98.204 - - [14/Apr/2025:08:38:12 -0400] "GET /advantages-of-factory-automation/ HTTP/1.1" 200 12288 "https://the80itspod.com/advantages-of-factory-automation/" "Mozilla/5.0 (Windows NT 10.0; Win64; x64) AppleWebKit/537.36 (KHTML, like Gecko) Chrome/131.0.0.0 Safari/537.36"
91.84.98.204 - - [14/Apr/2025:08:38:14 -0400] "POST /wp-comments-post.php HTTP/1.1" 302 0 "https://the80itspod.com/advantages-of-factory-automation/" "Mozilla/5.0 (Windows NT 10.0; Win64; x64) AppleWebKit/537.36 (KHTML, like Gecko) Chrome/131.0.0.0 Safari/537.36"
91.84.98.204 - - [14/Apr/2025:08:38:18 -0400] "GET /advantages-of-factory-automation/ HTTP/1.1" 200 13892 "https://the80itspod.com/advantages-of-factory-automation/#comment-51315" "Mozilla/5.0 (Windows NT 10.0; Win64; x64) AppleWebKit/537.36 (KHTML, like Gecko) Chrome/131.0.0.0 Safari/537.36"
198.54.114.83 - - [14/Apr/2025:08:39:31 -0400] "POST /wp-cron.php?doing_wp_cron=1744634370.4722490310668945312500 HTTP/1.1" 200 0 "-" "WordPress/6.7.2; https://the80itspod.com"
114.119.149.108 - - [14/Apr/2025:08:39:24 -0400] "GET /page/108/?MA HTTP/1.1" 200 12995 "https://the80itspod.com/page/106/?MA" "Mozilla/5.0 (Linux; Android 7.0;) AppleWebKit/537.36 (KHTML, like Gecko) Mobile Safari/537.36 (compatible; PetalBot;+https://webmaster.petalsearch.com/site/petalbot)"
114.119.156.55 - - [14/Apr/2025:08:40:47 -0400] "GET /elevated-living-exploring-park-hill-condo/ HTTP/1.1" 200 11732 "https://the80itspod.com/page/23/?SD" "Mozilla/5.0 (Linux; Android 7.0;) AppleWebKit/537.36 (KHTML, like Gecko) Mobile Safari/537.36 (compatible; PetalBot;+https://webmaster.petalsearch.com/site/petalbot)"
198.54.114.83 - - [14/Apr/2025:08:40:50 -0400] "POST /wp-cron.php?doing_wp_cron=1744634447.7535159587860107421875 HTTP/1.1" 200 0 "-" "WordPress/6.7.2; https://the80itspod.com"
54.36.148.7 - - [14/Apr/2025:08:41:00 -0400] "GET /bridging-entertainment-and-conveniences/feed/ HTTP/1.1" 304 0 "-" "Mozilla/5.0 (compatible; AhrefsBot/7.0; +http://ahrefs.com/robot/)"
185.191.171.3 - - [14/Apr/2025:08:41:38 -0400] "GET /melbet-india-registration/ HTTP/1.1" 200 11626 "-" "Mozilla/5.0 (compatible; SemrushBot/7~bl; +http://www.semrush.com/bot.html)"
2a01:4f8:241:42e4::2 - - [14/Apr/2025:08:42:14 -0400] "GET /how-to-perceive-the-quality-and-worth-of-rare-adornments-on-the-web/ HTTP/1.1" 200 12975 "-" "Mozilla/5.0 (Windows NT 10.0; Win64; x64) AppleWebKit/537.36 (KHTML, like Gecko) Chrome/120.0.0.0 Safari/537.36"
103.213.38.226 - - [14/Apr/2025:08:42:19 -0400] "GET /wp-login.php HTTP/1.1" 200 1759 "http://the80itspod.com" "Mozilla/5.0 (Windows NT 10.0; Win64; x64; rv:128.0) Gecko/20100101 Firefox/128.0"
198.54.114.83 - - [14/Apr/2025:08:44:09 -0400] "POST /wp-cron.php?doing_wp_cron=1744634648.1554849147796630859375 HTTP/1.1" 200 0 "-" "WordPress/6.7.2; https://the80itspod.com"
114.119.140.170 - - [14/Apr/2025:08:44:02 -0400] "GET /umhangetasche-mit-quaste/ HTTP/1.1" 200 11884 "https://the80itspod.com/page/54/?SA" "Mozilla/5.0 (Linux; Android 7.0;) AppleWebKit/537.36 (KHTML, like Gecko) Mobile Safari/537.36 (compatible; PetalBot;+https://webmaster.petalsearch.com/site/petalbot)"
198.54.114.83 - - [14/Apr/2025:08:44:10 -0400] "POST /wp-admin/admin-ajax.php?action=async_litespeed&nonce=oQrsOaUXKZc4NrQX0JXo4idZK37HMIyF&litespeed_type=imgoptm HTTP/1.1" 200 0 "-" "WordPress/6.7.2; https://the80itspod.com"
198.54.114.83 - - [14/Apr/2025:08:44:32 -0400] "POST /wp-cron.php?doing_wp_cron=1744634671.9091989994049072265625 HTTP/1.1" 200 0 "-" "WordPress/6.7.2; https://the80itspod.com"
54.36.148.125 - - [14/Apr/2025:08:44:31 -0400] "GET /nursery-lafayette-louisiana/feed/ HTTP/1.1" 200 389 "-" "Mozilla/5.0 (compatible; AhrefsBot/7.0; +http://ahrefs.com/robot/)"
198.54.114.83 - - [14/Apr/2025:08:44:32 -0400] "POST /wp-admin/admin-ajax.php?action=async_litespeed&nonce=JjkZmMg4bB4CKR9iZx60YRKX1s2OwI3D&litespeed_type=imgoptm HTTP/1.1" 200 5 "-" "WordPress/6.7.2; https://the80itspod.com"
85.208.96.193 - - [14/Apr/2025:08:45:17 -0400] "GET /robots.txt HTTP/1.1" 200 112 "-" "Mozilla/5.0 (compatible; SemrushBot/7~bl; +http://www.semrush.com/bot.html)"
185.191.171.13 - - [14/Apr/2025:08:45:18 -0400] "GET /before-you-select-a-face-painter-for-your-event-here-are-7-face-painting-facts-you-must-know/ HTTP/1.1" 200 13800 "-" "Mozilla/5.0 (compatible; SemrushBot/7~bl; +http://www.semrush.com/bot.html)"
198.54.114.83 - - [14/Apr/2025:08:45:26 -0400] "POST /wp-cron.php?doing_wp_cron=1744634724.7540869712829589843750 HTTP/1.1" 200 0 "-" "WordPress/6.7.2; https://the80itspod.com"
114.119.128.181 - - [14/Apr/2025:08:45:23 -0400] "GET /page/121/?SA HTTP/1.1" 200 13241 "https://the80itspod.com/page/118/?SA" "Mozilla/5.0 (Linux; Android 7.0;) AppleWebKit/537.36 (KHTML, like Gecko) Mobile Safari/537.36 (compatible; PetalBot;+https://webmaster.petalsearch.com/site/petalbot)"
2a02:598:96:8a00::1200:122 - - [14/Apr/2025:08:46:04 -0400] "GET /exploring-nusa-penida-a-hidden-gem-of-indonesia/ HTTP/1.1" 200 11512 "-" "Mozilla/5.0 (compatible; SeznamBot/4.0; +https://o-seznam.cz/napoveda/vyhledavani/en/seznambot-crawler/)"
198.54.114.83 - - [14/Apr/2025:08:46:48 -0400] "POST /wp-cron.php?doing_wp_cron=1744634807.6048209667205810546875 HTTP/1.1" 200 0 "-" "WordPress/6.7.2; https://the80itspod.com"
114.119.128.181 - - [14/Apr/2025:08:46:46 -0400] "GET /page/114/ HTTP/1.1" 200 13287 "https://the80itspod.com/page/113/" "Mozilla/5.0 (Linux; Android 7.0;) AppleWebKit/537.36 (KHTML, like Gecko) Mobile Safari/537.36 (compatible; PetalBot;+https://webmaster.petalsearch.com/site/petalbot)"
198.54.114.83 - - [14/Apr/2025:08:46:50 -0400] "POST /wp-admin/admin-ajax.php?action=async_litespeed&nonce=g2nDqL0GtWaKus4UVDr9MUpx02cKrziY&litespeed_type=imgoptm HTTP/1.1" 200 0 "-" "WordPress/6.7.2; https://the80itspod.com"
66.249.64.234 - - [14/Apr/2025:08:48:22 -0400] "GET /wp-content/uploads/2023/09/How-to-Change-the-Language-on-Disney-Plus.jpeg HTTP/1.1" 200 5679 "-" "Googlebot-Image/1.0"
198.54.114.83 - - [14/Apr/2025:08:48:55 -0400] "POST /wp-cron.php?doing_wp_cron=1744634934.8869750499725341796875 HTTP/1.1" 200 0 "-" "WordPress/6.7.2; https://the80itspod.com"
54.36.148.247 - - [14/Apr/2025:08:48:49 -0400] "GET /the-overlooked-travel-essential-benefits-of-business-trip-massages/ HTTP/1.1" 200 12268 "-" "Mozilla/5.0 (compatible; AhrefsBot/7.0; +http://ahrefs.com/robot/)"
198.54.114.83 - - [14/Apr/2025:08:48:57 -0400] "POST /wp-admin/admin-ajax.php?action=async_litespeed&nonce=vvi5gYCdkv3n0AKMHjXU7ZJ47PLu5aDj&litespeed_type=imgoptm HTTP/1.1" 200 0 "-" "WordPress/6.7.2; https://the80itspod.com"
47.128.51.74 - - [14/Apr/2025:08:49:50 -0400] "GET / HTTP/1.1" 200 13048 "-" "Mozilla/5.0 (Linux; Android 5.0) AppleWebKit/537.36 (KHTML, like Gecko) Mobile Safari/537.36 (compatible; Bytespider; spider-feedback@bytedance.com)"
198.54.114.83 - - [14/Apr/2025:08:51:41 -0400] "POST /wp-cron.php?doing_wp_cron=1744635100.7114689350128173828125 HTTP/1.1" 200 0 "-" "WordPress/6.7.2; https://the80itspod.com"
114.119.128.181 - - [14/Apr/2025:08:51:37 -0400] "GET /page/59/?SD HTTP/1.1" 200 13246 "https://the80itspod.com/page/57/?SD" "Mozilla/5.0 (Linux; Android 7.0;) AppleWebKit/537.36 (KHTML, like Gecko) Mobile Safari/537.36 (compatible; PetalBot;+https://webmaster.petalsearch.com/site/petalbot)"
198.54.114.83 - - [14/Apr/2025:08:51:42 -0400] "POST /wp-admin/admin-ajax.php?action=async_litespeed&nonce=JYvsUJaUfOvIovRF8wgIvFs0qQyb2ZXB&litespeed_type=imgoptm HTTP/1.1" 200 0 "-" "WordPress/6.7.2; https://the80itspod.com"
198.54.114.83 - - [14/Apr/2025:08:53:00 -0400] "POST /wp-cron.php?doing_wp_cron=1744635180.2262959480285644531250 HTTP/1.1" 200 0 "-" "WordPress/6.7.2; https://the80itspod.com"
54.36.148.86 - - [14/Apr/2025:08:52:59 -0400] "GET /a-look-at-corporate-yacht-charters/feed/ HTTP/1.1" 304 0 "-" "Mozilla/5.0 (compatible; AhrefsBot/7.0; +http://ahrefs.com/robot/)"
198.54.114.83 - - [14/Apr/2025:08:53:01 -0400] "POST /wp-admin/admin-ajax.php?action=async_litespeed&nonce=10AsA1nMJRanMriZzAxxqbtaX8XedViB&litespeed_type=imgoptm HTTP/1.1" 200 0 "-" "WordPress/6.7.2; https://the80itspod.com"
114.119.140.170 - - [14/Apr/2025:08:53:01 -0400] "GET /page/25/?SA HTTP/1.1" 200 13151 "https://the80itspod.com/page/28/?SA" "Mozilla/5.0 (Linux; Android 7.0;) AppleWebKit/537.36 (KHTML, like Gecko) Mobile Safari/537.36 (compatible; PetalBot;+https://webmaster.petalsearch.com/site/petalbot)"
58.254.68.38 - - [14/Apr/2025:08:53:05 -0400] "GET /vacation-rentals-in-cartagena-colombia/ HTTP/1.1" 200 12380 "-" "Mozilla/5.0 (Windows NT 6.1; WOW64) AppleWebKit/537.36 (KHTML, like Gecko) Chrome/34.0.1847.131 Safari/537.36"
198.54.114.83 - - [14/Apr/2025:08:53:59 -0400] "POST /wp-cron.php?doing_wp_cron=1744635238.9764459133148193359375 HTTP/1.1" 200 0 "-" "WordPress/6.7.2; https://the80itspod.com"
85.208.96.200 - - [14/Apr/2025:08:53:57 -0400] "GET /how-to-write-an-attorney-bio/ HTTP/1.1" 200 11677 "-" "Mozilla/5.0 (compatible; SemrushBot/7~bl; +http://www.semrush.com/bot.html)"
198.54.114.83 - - [14/Apr/2025:08:54:01 -0400] "POST /wp-admin/admin-ajax.php?action=async_litespeed&nonce=tE18Qav5n3kaqDXMWLwEaRNndgskHiyO&litespeed_type=imgoptm HTTP/1.1" 200 0 "-" "WordPress/6.7.2; https://the80itspod.com"
195.200.31.148 - - [14/Apr/2025:08:54:22 -0400] "GET /relx-electronic-cigarette/ HTTP/1.1" 200 12607 "https://the80itspod.com/relx-electronic-cigarette/#comment-51019" "Mozilla/5.0 (Windows NT 6.3; Win64; x64) AppleWebKit/537.36 (KHTML, like Gecko) Chrome/103.0.5060.53 Safari/537.36"
198.54.114.83 - - [14/Apr/2025:08:54:24 -0400] "POST /wp-cron.php?doing_wp_cron=1744635264.2611970901489257812500 HTTP/1.1" 200 0 "-" "WordPress/6.7.2; https://the80itspod.com"
114.119.128.26 - - [14/Apr/2025:08:54:24 -0400] "GET /page/74/?MA HTTP/1.1" 200 13211 "https://the80itspod.com/page/72/?MA" "Mozilla/5.0 (Linux; Android 7.0;) AppleWebKit/537.36 (KHTML, like Gecko) Mobile Safari/537.36 (compatible; PetalBot;+https://webmaster.petalsearch.com/site/petalbot)"
198.54.114.83 - - [14/Apr/2025:08:54:25 -0400] "POST /wp-admin/admin-ajax.php?action=async_litespeed&nonce=U7dJgVYq219ALNfBZSZ2e1H6gagJd4VG&litespeed_type=imgoptm HTTP/1.1" 200 5 "-" "WordPress/6.7.2; https://the80itspod.com"
195.200.31.148 - - [14/Apr/2025:08:54:23 -0400] "POST /wp-comments-post.php HTTP/1.1" 302 0 "https://the80itspod.com/relx-electronic-cigarette/#comment-51019" "Mozilla/5.0 (Windows NT 6.3; Win64; x64) AppleWebKit/537.36 (KHTML, like Gecko) Chrome/103.0.5060.53 Safari/537.36"
195.200.31.148 - - [14/Apr/2025:08:54:27 -0400] "GET /relx-electronic-cigarette/ HTTP/1.1" 200 13203 "https://the80itspod.com/relx-electronic-cigarette/#comment-51316" "Mozilla/5.0 (Windows NT 6.3; Win64; x64) AppleWebKit/537.36 (KHTML, like Gecko) Chrome/103.0.5060.53 Safari/537.36"
85.208.96.199 - - [14/Apr/2025:08:55:13 -0400] "GET /hillock-green-a-harmonic-symphony-of-nature-luxury-and-community/ HTTP/1.1" 200 12068 "-" "Mozilla/5.0 (compatible; SemrushBot/7~bl; +http://www.semrush.com/bot.html)"
198.54.114.83 - - [14/Apr/2025:08:55:48 -0400] "POST /wp-cron.php?doing_wp_cron=1744635348.0320179462432861328125 HTTP/1.1" 200 0 "-" "WordPress/6.7.2; https://the80itspod.com"
