54.36.148.164 - - [15/Apr/2025:05:14:49 -0400] "GET /unveiling-the-power-of-youtube-views/feed/ HTTP/1.1" 304 0 "-" "Mozilla/5.0 (compatible; AhrefsBot/7.0; +http://ahrefs.com/robot/)"
198.54.114.83 - - [15/Apr/2025:05:15:34 -0400] "POST /wp-admin/admin-ajax.php?action=async_litespeed&nonce=nHvnF4yjTRYLNjgFP0bDkF39Mj6pyRCb&litespeed_type=imgoptm HTTP/1.1" 200 5 "-" "WordPress/6.7.2; https://the80itspod.com"
198.54.114.83 - - [15/Apr/2025:05:15:56 -0400] "POST /wp-cron.php?doing_wp_cron=1744708555.8371760845184326171875 HTTP/1.1" 200 0 "-" "WordPress/6.7.2; https://the80itspod.com"
114.119.128.181 - - [15/Apr/2025:05:15:54 -0400] "GET /category/activity/page/41/ HTTP/1.1" 200 11264 "https://the80itspod.com/category/activity/page/39/" "Mozilla/5.0 (Linux; Android 7.0;) AppleWebKit/537.36 (KHTML, like Gecko) Mobile Safari/537.36 (compatible; PetalBot;+https://webmaster.petalsearch.com/site/petalbot)"
198.54.114.83 - - [15/Apr/2025:05:17:03 -0400] "POST /wp-admin/admin-ajax.php?action=async_litespeed&nonce=Tz8sCF4Rx6c6GDNgRhAosts8bLG3NZIh&litespeed_type=imgoptm HTTP/1.1" 200 0 "-" "WordPress/6.7.2; https://the80itspod.com"
198.54.114.83 - - [15/Apr/2025:05:18:19 -0400] "POST /wp-admin/admin-ajax.php?action=async_litespeed&nonce=JUOyGscbWK2tZRAMaRAWB7NTANsEpNKX&litespeed_type=imgoptm HTTP/1.1" 200 0 "-" "WordPress/6.7.2; https://the80itspod.com"
198.54.114.83 - - [15/Apr/2025:05:18:53 -0400] "POST /wp-admin/admin-ajax.php?action=async_litespeed&nonce=UKKF8D1JHCQTUT8SuYzgc3wOWemTGTQ4&litespeed_type=imgoptm HTTP/1.1" 200 0 "-" "WordPress/6.7.2; https://the80itspod.com"
45.159.22.101 - - [15/Apr/2025:05:19:09 -0400] "GET /un-ajout-elegant-aux-toits/ HTTP/1.1" 200 11811 "https://the80itspod.com/un-ajout-elegant-aux-toits/" "Mozilla/5.0 (Windows NT 10.0; Win64; x64) AppleWebKit/537.36 (KHTML, like Gecko) Chrome/131.0.0.0 Safari/537.36 Avast/131.0.0.0"
45.159.22.101 - - [15/Apr/2025:05:19:12 -0400] "POST /wp-comments-post.php HTTP/1.1" 302 0 "https://the80itspod.com/un-ajout-elegant-aux-toits/" "Mozilla/5.0 (Windows NT 10.0; Win64; x64) AppleWebKit/537.36 (KHTML, like Gecko) Chrome/131.0.0.0 Safari/537.36 Avast/131.0.0.0"
45.159.22.101 - - [15/Apr/2025:05:19:16 -0400] "GET /un-ajout-elegant-aux-toits/ HTTP/1.1" 200 12757 "https://the80itspod.com/un-ajout-elegant-aux-toits/#comment-51449" "Mozilla/5.0 (Windows NT 10.0; Win64; x64) AppleWebKit/537.36 (KHTML, like Gecko) Chrome/131.0.0.0 Safari/537.36 Avast/131.0.0.0"
114.119.139.247 - - [15/Apr/2025:05:19:24 -0400] "GET /turning-into-an-answer-for-your-clients-issues HTTP/1.1" 301 0 "https://yesimgumusantika.com/blog/new-products/journal-blog" "Mozilla/5.0 (Linux; Android 7.0;) AppleWebKit/537.36 (KHTML, like Gecko) Mobile Safari/537.36 (compatible; PetalBot;+https://webmaster.petalsearch.com/site/petalbot)"
114.119.139.247 - - [15/Apr/2025:05:19:26 -0400] "GET /turning-into-an-answer-for-your-clients-issues/ HTTP/1.1" 200 12526 "https://yesimgumusantika.com/blog/new-products/journal-blog" "Mozilla/5.0 (Linux; Android 7.0;) AppleWebKit/537.36 (KHTML, like Gecko) Mobile Safari/537.36 (compatible; PetalBot;+https://webmaster.petalsearch.com/site/petalbot)"
54.36.148.241 - - [15/Apr/2025:05:20:11 -0400] "GET /unlocking-the-secrets-of-typing-speed-a-journey-into-efficiency/ HTTP/1.1" 200 11976 "-" "Mozilla/5.0 (compatible; AhrefsBot/7.0; +http://ahrefs.com/robot/)"
124.156.108.107 - - [15/Apr/2025:05:20:39 -0400] "GET /real-estate-investing-for-beginners/ HTTP/1.1" 200 12272 "-" "Python/3.10 aiohttp/3.10.5"
198.54.114.83 - - [15/Apr/2025:05:21:50 -0400] "POST /wp-cron.php?doing_wp_cron=1744708908.2115049362182617187500 HTTP/1.1" 200 0 "-" "WordPress/6.7.2; https://the80itspod.com"
129.226.177.116 - - [15/Apr/2025:05:21:46 -0400] "GET /advantages-of-led-display-advertising/ HTTP/1.1" 200 12330 "-" "Python/3.10 aiohttp/3.10.5"
2a03:2880:f800:: - - [15/Apr/2025:05:21:59 -0400] "GET /?p=573 HTTP/1.1" 301 0 "-" "meta-externalagent/1.1 (+https://developers.facebook.com/docs/sharing/webmasters/crawler)"
198.54.114.83 - - [15/Apr/2025:05:24:13 -0400] "POST /wp-admin/admin-ajax.php?action=async_litespeed&nonce=3WuxIlIkXMjuRIFZUtrdtilzNtAz3a7A&litespeed_type=imgoptm HTTP/1.1" 200 0 "-" "WordPress/6.7.2; https://the80itspod.com"
198.54.114.83 - - [15/Apr/2025:05:25:32 -0400] "POST /wp-cron.php?doing_wp_cron=1744709132.6412060260772705078125 HTTP/1.1" 200 0 "-" "WordPress/6.7.2; https://the80itspod.com"
54.36.149.87 - - [15/Apr/2025:05:25:32 -0400] "GET /que-fait-un-commissaire-au-traitement/ HTTP/1.1" 200 12094 "-" "Mozilla/5.0 (compatible; AhrefsBot/7.0; +http://ahrefs.com/robot/)"
198.54.114.83 - - [15/Apr/2025:05:25:34 -0400] "POST /wp-admin/admin-ajax.php?action=async_litespeed&nonce=etjLeekSZDDQ1nK2kzqdPfRXcNKJrOak&litespeed_type=imgoptm HTTP/1.1" 200 0 "-" "WordPress/6.7.2; https://the80itspod.com"
98.85.92.10 - - [15/Apr/2025:05:26:11 -0400] "GET /choosing-the-right-services-for-you/ HTTP/1.1" 200 12237 "-" "Grammarly/1.0 (http://www.grammarly.com)"
198.54.114.83 - - [15/Apr/2025:05:26:38 -0400] "POST /wp-cron.php?doing_wp_cron=1744709198.5918939113616943359375 HTTP/1.1" 200 0 "-" "WordPress/6.7.2; https://the80itspod.com"
198.54.114.83 - - [15/Apr/2025:05:26:39 -0400] "POST /wp-admin/admin-ajax.php?action=async_litespeed&nonce=qSyCn5fAsq6J11WAYLpHZunglT8hKsOn&litespeed_type=imgoptm HTTP/1.1" 200 0 "-" "WordPress/6.7.2; https://the80itspod.com"
129.226.128.49 - - [15/Apr/2025:05:26:37 -0400] "GET /work-a-productive-assembling-business-without-the-industrial-facility/ HTTP/1.1" 200 12698 "-" "Python/3.10 aiohttp/3.10.5"
198.54.114.83 - - [15/Apr/2025:05:27:22 -0400] "POST /wp-cron.php?doing_wp_cron=1744709241.8689510822296142578125 HTTP/1.1" 200 0 "-" "WordPress/6.7.2; https://the80itspod.com"
150.109.57.32 - - [15/Apr/2025:05:27:21 -0400] "GET /the-best-womens-underwear-for-your-period/ HTTP/1.1" 200 11848 "-" "Python/3.10 aiohttp/3.10.5"
198.54.114.83 - - [15/Apr/2025:05:27:22 -0400] "POST /wp-admin/admin-ajax.php?action=async_litespeed&nonce=as3GtEhzqSjpTDsL0iNm8ClITY1n2GW1&litespeed_type=imgoptm HTTP/1.1" 200 5 "-" "WordPress/6.7.2; https://the80itspod.com"
198.54.114.83 - - [15/Apr/2025:05:29:32 -0400] "POST /wp-cron.php?doing_wp_cron=1744709371.2308440208435058593750 HTTP/1.1" 200 0 "-" "WordPress/6.7.2; https://the80itspod.com"
185.191.171.12 - - [15/Apr/2025:05:29:25 -0400] "GET /gina-approved-curly-hairdresser-melbourne/ HTTP/1.1" 200 11773 "-" "Mozilla/5.0 (compatible; SemrushBot/7~bl; +http://www.semrush.com/bot.html)"
198.54.114.83 - - [15/Apr/2025:05:29:34 -0400] "POST /wp-admin/admin-ajax.php?action=async_litespeed&nonce=b79D9euZpQheVl1E5yEWUbFUrkthzGMg&litespeed_type=imgoptm HTTP/1.1" 200 0 "-" "WordPress/6.7.2; https://the80itspod.com"
2a03:2880:f800:18:: - - [15/Apr/2025:05:29:34 -0400] "GET /?p=2282 HTTP/1.1" 301 0 "-" "meta-externalagent/1.1 (+https://developers.facebook.com/docs/sharing/webmasters/crawler)"
185.157.212.157 - - [15/Apr/2025:05:29:49 -0400] "GET /advantages-of-factory-automation/ HTTP/1.1" 200 12288 "https://the80itspod.com/advantages-of-factory-automation/" "Mozilla/5.0 (Windows NT 10.0; Win64; x64) AppleWebKit/537.36 (KHTML, like Gecko) Chrome/131.0.0.0 Safari/537.36"
185.157.212.157 - - [15/Apr/2025:05:29:50 -0400] "POST /wp-comments-post.php HTTP/1.1" 302 0 "https://the80itspod.com/advantages-of-factory-automation/" "Mozilla/5.0 (Windows NT 10.0; Win64; x64) AppleWebKit/537.36 (KHTML, like Gecko) Chrome/131.0.0.0 Safari/537.36"
185.157.212.157 - - [15/Apr/2025:05:29:54 -0400] "GET /advantages-of-factory-automation/ HTTP/1.1" 200 13617 "https://the80itspod.com/advantages-of-factory-automation/#comment-51450" "Mozilla/5.0 (Windows NT 10.0; Win64; x64) AppleWebKit/537.36 (KHTML, like Gecko) Chrome/131.0.0.0 Safari/537.36"
54.36.148.235 - - [15/Apr/2025:05:30:47 -0400] "GET /prevent-laptop-overheating-through-laptop-cooling-products/ HTTP/1.1" 200 12129 "-" "Mozilla/5.0 (compatible; AhrefsBot/7.0; +http://ahrefs.com/robot/)"
2a03:2880:f800:1a:: - - [15/Apr/2025:05:30:51 -0400] "GET /how-a-custom-gaming-pc-builder-can-help/ HTTP/1.1" 200 11638 "-" "meta-externalagent/1.1 (+https://developers.facebook.com/docs/sharing/webmasters/crawler)"
198.54.114.83 - - [15/Apr/2025:05:30:55 -0400] "POST /wp-cron.php?doing_wp_cron=1744709451.9483959674835205078125 HTTP/1.1" 200 0 "-" "WordPress/6.7.2; https://the80itspod.com"
2a03:2880:f800:1a:: - - [15/Apr/2025:05:31:40 -0400] "GET /enhancing-comfort-and-efficiency/feed/ HTTP/1.1" 200 394 "-" "meta-externalagent/1.1 (+https://developers.facebook.com/docs/sharing/webmasters/crawler)"
150.109.40.196 - - [15/Apr/2025:05:31:40 -0400] "GET /exploring-katmoviehd/ HTTP/1.1" 200 13917 "-" "Python/3.10 aiohttp/3.10.5"
119.28.52.118 - - [15/Apr/2025:05:31:46 -0400] "GET /the-landmark-condo-in-doral-florida/ HTTP/1.1" 200 11714 "-" "Python/3.10 aiohttp/3.10.5"
198.54.114.83 - - [15/Apr/2025:05:32:00 -0400] "POST /wp-cron.php?doing_wp_cron=1744709519.2866659164428710937500 HTTP/1.1" 200 0 "-" "WordPress/6.7.2; https://the80itspod.com"
66.249.64.233 - - [15/Apr/2025:05:31:58 -0400] "GET /category/sign-up/feed/ HTTP/1.1" 200 428 "-" "Mozilla/5.0 (Linux; Android 6.0.1; Nexus 5X Build/MMB29P) AppleWebKit/537.36 (KHTML, like Gecko) Chrome/135.0.7049.84 Mobile Safari/537.36 (compatible; Googlebot/2.1; +http://www.google.com/bot.html)"
198.54.114.83 - - [15/Apr/2025:05:32:01 -0400] "POST /wp-admin/admin-ajax.php?action=async_litespeed&nonce=RpRoNWiJoqCtMpN7TUhdomhVWQLBV8cs&litespeed_type=imgoptm HTTP/1.1" 200 0 "-" "WordPress/6.7.2; https://the80itspod.com"
198.54.114.83 - - [15/Apr/2025:05:32:26 -0400] "POST /wp-cron.php?doing_wp_cron=1744709545.9023170471191406250000 HTTP/1.1" 200 0 "-" "WordPress/6.7.2; https://the80itspod.com"
66.249.64.233 - - [15/Apr/2025:05:32:24 -0400] "GET /category/contact-us/feed/ HTTP/1.1" 200 432 "-" "Mozilla/5.0 (Linux; Android 6.0.1; Nexus 5X Build/MMB29P) AppleWebKit/537.36 (KHTML, like Gecko) Chrome/135.0.7049.84 Mobile Safari/537.36 (compatible; Googlebot/2.1; +http://www.google.com/bot.html)"
198.54.114.83 - - [15/Apr/2025:05:32:28 -0400] "POST /wp-admin/admin-ajax.php?action=async_litespeed&nonce=N5uQsOsNSrQ58qz2HWG1ymMx4lFJ1G2l&litespeed_type=imgoptm HTTP/1.1" 200 0 "-" "WordPress/6.7.2; https://the80itspod.com"
66.249.64.232 - - [15/Apr/2025:05:33:01 -0400] "GET /category/about-us/page/2/ HTTP/1.1" 200 11379 "-" "Mozilla/5.0 (Linux; Android 6.0.1; Nexus 5X Build/MMB29P) AppleWebKit/537.36 (KHTML, like Gecko) Chrome/135.0.7049.84 Mobile Safari/537.36 (compatible; Googlebot/2.1; +http://www.google.com/bot.html)"
198.54.114.83 - - [15/Apr/2025:05:33:12 -0400] "POST /wp-cron.php?doing_wp_cron=1744709592.3352980613708496093750 HTTP/1.1" 200 0 "-" "WordPress/6.7.2; https://the80itspod.com"
66.249.64.232 - - [15/Apr/2025:05:33:11 -0400] "GET /category/how-to/feed/ HTTP/1.1" 200 13733 "-" "Mozilla/5.0 (Linux; Android 6.0.1; Nexus 5X Build/MMB29P) AppleWebKit/537.36 (KHTML, like Gecko) Chrome/135.0.7049.84 Mobile Safari/537.36 (compatible; Googlebot/2.1; +http://www.google.com/bot.html)"
2a03:2880:f800:19:: - - [15/Apr/2025:05:33:16 -0400] "GET /wp-json/wp/v2/posts/2343 HTTP/1.1" 200 10289 "-" "meta-externalagent/1.1 (+https://developers.facebook.com/docs/sharing/webmasters/crawler)"
198.54.114.83 - - [15/Apr/2025:05:33:51 -0400] "POST /wp-admin/admin-ajax.php?action=async_litespeed&nonce=GNmYNJ0sWuTtcp2oKkUTqbRJ8q9N60bu&litespeed_type=imgoptm HTTP/1.1" 200 0 "-" "WordPress/6.7.2; https://the80itspod.com"
198.54.114.83 - - [15/Apr/2025:05:34:11 -0400] "POST /wp-cron.php?doing_wp_cron=1744709650.3027210235595703125000 HTTP/1.1" 200 0 "-" "WordPress/6.7.2; https://the80itspod.com"
119.28.64.119 - - [15/Apr/2025:05:34:09 -0400] "GET /panini-sandwich-creator-a-sample-of-connoisseur-directly-in-your-kitchen/ HTTP/1.1" 200 12145 "-" "Python/3.10 aiohttp/3.10.5"
198.54.114.83 - - [15/Apr/2025:05:36:07 -0400] "POST /wp-cron.php?doing_wp_cron=1744709767.1256630420684814453125 HTTP/1.1" 200 0 "-" "WordPress/6.7.2; https://the80itspod.com"
198.54.114.83 - - [15/Apr/2025:05:36:07 -0400] "POST /wp-cron.php?doing_wp_cron=1744709767.1493959426879882812500 HTTP/1.1" 200 0 "-" "WordPress/6.7.2; https://the80itspod.com"
198.54.114.83 - - [15/Apr/2025:05:36:08 -0400] "POST /wp-admin/admin-ajax.php?action=async_litespeed&nonce=5gvJYcHh9sgX5jFiCD54y9FUuUsG7cdg&litespeed_type=imgoptm HTTP/1.1" 200 0 "-" "WordPress/6.7.2; https://the80itspod.com"
185.191.171.11 - - [15/Apr/2025:05:36:01 -0400] "GET /quest-ce-que-le-cbd/ HTTP/1.1" 200 13191 "-" "Mozilla/5.0 (compatible; SemrushBot/7~bl; +http://www.semrush.com/bot.html)"
54.36.148.71 - - [15/Apr/2025:05:36:01 -0400] "GET /le-mobilier-de-bureau-moderne-creativite-et-ergonomie/ HTTP/1.1" 200 11813 "-" "Mozilla/5.0 (compatible; AhrefsBot/7.0; +http://ahrefs.com/robot/)"
198.54.114.83 - - [15/Apr/2025:05:36:51 -0400] "POST /wp-cron.php?doing_wp_cron=1744709810.9832689762115478515625 HTTP/1.1" 200 0 "-" "WordPress/6.7.2; https://the80itspod.com"
2a03:2880:f800:14:: - - [15/Apr/2025:05:36:50 -0400] "GET /wp-json/wp/v2/posts/2309 HTTP/1.1" 200 10305 "-" "meta-externalagent/1.1 (+https://developers.facebook.com/docs/sharing/webmasters/crawler)"
198.54.114.83 - - [15/Apr/2025:05:36:53 -0400] "POST /wp-admin/admin-ajax.php?action=async_litespeed&nonce=zqwNUBrFYwcvDqGXo2skUEOEVSlBnhbH&litespeed_type=imgoptm HTTP/1.1" 200 0 "-" "WordPress/6.7.2; https://the80itspod.com"
198.54.114.83 - - [15/Apr/2025:05:37:24 -0400] "POST /wp-cron.php?doing_wp_cron=1744709843.4917340278625488281250 HTTP/1.1" 200 0 "-" "WordPress/6.7.2; https://the80itspod.com"
114.119.158.43 - - [15/Apr/2025:05:37:22 -0400] "GET /the-video-game-development-world-the-tricks-of-the-trade/ HTTP/1.1" 200 12767 "https://the80itspod.com/page/101/?SA" "Mozilla/5.0 (Linux; Android 7.0;) AppleWebKit/537.36 (KHTML, like Gecko) Mobile Safari/537.36 (compatible; PetalBot;+https://webmaster.petalsearch.com/site/petalbot)"
66.249.64.225 - - [15/Apr/2025:05:38:19 -0400] "GET /category/activity/page/2/ HTTP/1.1" 200 11556 "-" "Mozilla/5.0 (Linux; Android 6.0.1; Nexus 5X Build/MMB29P) AppleWebKit/537.36 (KHTML, like Gecko) Chrome/135.0.7049.84 Mobile Safari/537.36 (compatible; Googlebot/2.1; +http://www.google.com/bot.html)"
198.54.114.83 - - [15/Apr/2025:05:38:48 -0400] "POST /wp-cron.php?doing_wp_cron=1744709926.7026278972625732421875 HTTP/1.1" 200 0 "-" "WordPress/6.7.2; https://the80itspod.com"
114.119.140.170 - - [15/Apr/2025:05:38:45 -0400] "GET /the-advantages-of-pert-pipes-in-underfloor-heating-systems/ HTTP/1.1" 200 11734 "https://the80itspod.com/page/8/" "Mozilla/5.0 (Linux; Android 7.0;) AppleWebKit/537.36 (KHTML, like Gecko) Mobile Safari/537.36 (compatible; PetalBot;+https://webmaster.petalsearch.com/site/petalbot)"
198.54.114.83 - - [15/Apr/2025:05:39:58 -0400] "POST /wp-cron.php?doing_wp_cron=1744709997.6875920295715332031250 HTTP/1.1" 200 0 "-" "WordPress/6.7.2; https://the80itspod.com"
119.28.204.247 - - [15/Apr/2025:05:39:57 -0400] "GET /lentor-hills-residences-connectivity-at-its-best/ HTTP/1.1" 200 11880 "-" "Python/3.10 aiohttp/3.10.5"
198.54.114.83 - - [15/Apr/2025:05:40:00 -0400] "POST /wp-admin/admin-ajax.php?action=async_litespeed&nonce=4t0AibG7L9Ymm8REoQIJw0g9DQc1T5Y8&litespeed_type=imgoptm HTTP/1.1" 200 0 "-" "WordPress/6.7.2; https://the80itspod.com"
114.119.149.108 - - [15/Apr/2025:05:40:05 -0400] "GET /getting-involved-with-airsoft-guns/ HTTP/1.1" 200 11740 "https://the80itspod.com/florida-fha-loans/" "Mozilla/5.0 (Linux; Android 7.0;) AppleWebKit/537.36 (KHTML, like Gecko) Mobile Safari/537.36 (compatible; PetalBot;+https://webmaster.petalsearch.com/site/petalbot)"
198.54.114.83 - - [15/Apr/2025:05:40:58 -0400] "POST /wp-admin/admin-ajax.php?action=async_litespeed&nonce=rK5gNbfTqP2lqo8vPPQrl9NoWNktmbWV&litespeed_type=imgoptm HTTP/1.1" 200 0 "-" "WordPress/6.7.2; https://the80itspod.com"
135.181.74.243 - - [15/Apr/2025:05:41:08 -0400] "GET /robots.txt HTTP/1.1" 200 112 "-" "Mozilla/5.0 (compatible; MJ12bot/v1.4.8; http://mj12bot.com/)"
135.181.74.243 - - [15/Apr/2025:05:41:11 -0400] "GET /2023/09/ HTTP/1.1" 301 0 "-" "Mozilla/5.0 (compatible; MJ12bot/v1.4.8; http://mj12bot.com/)"
135.181.74.243 - - [15/Apr/2025:05:41:13 -0400] "GET / HTTP/1.1" 200 13048 "-" "Mozilla/5.0 (compatible; MJ12bot/v1.4.8; http://mj12bot.com/)"
135.181.74.243 - - [15/Apr/2025:05:41:15 -0400] "GET /2025/01/ HTTP/1.1" 301 0 "-" "Mozilla/5.0 (compatible; MJ12bot/v1.4.8; http://mj12bot.com/)"
198.54.114.83 - - [15/Apr/2025:05:41:16 -0400] "POST /wp-cron.php?doing_wp_cron=1744710076.1747949123382568359375 HTTP/1.1" 200 0 "-" "WordPress/6.7.2; https://the80itspod.com"
66.249.64.225 - - [15/Apr/2025:05:41:15 -0400] "GET /category/activity/page/3/ HTTP/1.1" 200 11274 "-" "Mozilla/5.0 (Linux; Android 6.0.1; Nexus 5X Build/MMB29P) AppleWebKit/537.36 (KHTML, like Gecko) Chrome/135.0.7049.84 Mobile Safari/537.36 (compatible; Googlebot/2.1; +http://www.google.com/bot.html)"
135.181.74.243 - - [15/Apr/2025:05:41:18 -0400] "GET / HTTP/1.1" 200 13048 "-" "Mozilla/5.0 (compatible; MJ12bot/v1.4.8; http://mj12bot.com/)"
198.54.114.83 - - [15/Apr/2025:05:41:17 -0400] "POST /wp-admin/admin-ajax.php?action=async_litespeed&nonce=bPwNtM8si3SIpZAR9Qk8MmDQosP8LtJf&litespeed_type=imgoptm HTTP/1.1" 200 0 "-" "WordPress/6.7.2; https://the80itspod.com"
54.36.148.60 - - [15/Apr/2025:05:41:18 -0400] "GET /gadget-stile-di-vita/ HTTP/1.1" 200 12379 "-" "Mozilla/5.0 (compatible; AhrefsBot/7.0; +http://ahrefs.com/robot/)"
198.54.114.83 - - [15/Apr/2025:05:41:21 -0400] "POST /wp-cron.php?doing_wp_cron=1744710080.9531829357147216796875 HTTP/1.1" 200 0 "-" "WordPress/6.7.2; https://the80itspod.com"
198.54.114.83 - - [15/Apr/2025:05:41:24 -0400] "POST /wp-admin/admin-ajax.php?action=async_litespeed&nonce=Q6Dtk8t3phYPHyDljqYfaSvgj8yaIy3b&litespeed_type=imgoptm HTTP/1.1" 200 0 "-" "WordPress/6.7.2; https://the80itspod.com"
135.181.74.243 - - [15/Apr/2025:05:41:20 -0400] "GET /author/jorge/ HTTP/1.1" 301 0 "-" "Mozilla/5.0 (compatible; MJ12bot/v1.4.8; http://mj12bot.com/)"
124.156.108.107 - - [15/Apr/2025:05:41:25 -0400] "GET /where-to-find-kratom-for-sale/ HTTP/1.1" 200 11860 "-" "Python/3.10 aiohttp/3.10.5"
135.181.74.243 - - [15/Apr/2025:05:41:27 -0400] "GET / HTTP/1.1" 200 13048 "-" "Mozilla/5.0 (compatible; MJ12bot/v1.4.8; http://mj12bot.com/)"
5.255.231.139 - - [15/Apr/2025:05:43:29 -0400] "GET /robots.txt HTTP/1.1" 200 112 "-" "Mozilla/5.0 (compatible; YandexBot/3.0; +http://yandex.com/bots)"
198.54.114.83 - - [15/Apr/2025:05:43:34 -0400] "POST /wp-cron.php?doing_wp_cron=1744710214.1594738960266113281250 HTTP/1.1" 200 0 "-" "WordPress/6.7.2; https://the80itspod.com"
198.54.114.83 - - [15/Apr/2025:05:43:34 -0400] "POST /wp-cron.php?doing_wp_cron=1744710214.1632509231567382812500 HTTP/1.1" 200 0 "-" "WordPress/6.7.2; https://the80itspod.com"
2a03:2880:f800:c:: - - [15/Apr/2025:05:43:28 -0400] "GET /wp-json/wp/v2/posts/2414 HTTP/1.1" 200 10287 "-" "meta-externalagent/1.1 (+https://developers.facebook.com/docs/sharing/webmasters/crawler)"
198.54.114.83 - - [15/Apr/2025:05:43:36 -0400] "POST /wp-admin/admin-ajax.php?action=async_litespeed&nonce=oqxqZn2wDYLaZ92Y1LQ9dpa1QP9jYYd8&litespeed_type=imgoptm HTTP/1.1" 200 0 "-" "WordPress/6.7.2; https://the80itspod.com"
87.250.224.72 - - [15/Apr/2025:05:43:30 -0400] "GET /sport-betting-sites/ HTTP/1.1" 200 11692 "-" "Mozilla/5.0 (compatible; YandexBot/3.0; +http://yandex.com/bots)"
47.128.58.166 - - [15/Apr/2025:05:44:54 -0400] "GET / HTTP/1.1" 200 13048 "-" "Mozilla/5.0 (Linux; Android 5.0) AppleWebKit/537.36 (KHTML, like Gecko) Mobile Safari/537.36 (compatible; Bytespider; spider-feedback@bytedance.com)"
47.79.199.85 - - [15/Apr/2025:05:45:27 -0400] "GET / HTTP/1.1" 200 13048 "https://www.google.com/" "Mozilla/5.0 (Linux; Android 10; K) AppleWebKit/537.36 (KHTML, like Gecko) Chrome/132.0.0.0 Mobile Safari/537.36"
198.54.114.83 - - [15/Apr/2025:05:45:34 -0400] "POST /wp-cron.php?doing_wp_cron=1744710333.6643009185791015625000 HTTP/1.1" 200 0 "-" "WordPress/6.7.2; https://the80itspod.com"
66.249.64.232 - - [15/Apr/2025:05:45:28 -0400] "GET /category/wrestling/feed/ HTTP/1.1" 200 2627 "-" "Mozilla/5.0 (Linux; Android 6.0.1; Nexus 5X Build/MMB29P) AppleWebKit/537.36 (KHTML, like Gecko) Chrome/135.0.7049.84 Mobile Safari/537.36 (compatible; Googlebot/2.1; +http://www.google.com/bot.html)"
198.54.114.83 - - [15/Apr/2025:05:45:35 -0400] "POST /wp-admin/admin-ajax.php?action=async_litespeed&nonce=4ekQOyw70CDJDEBbLT4jOCVw2LG2yJIZ&litespeed_type=imgoptm HTTP/1.1" 200 0 "-" "WordPress/6.7.2; https://the80itspod.com"
66.249.64.232 - - [15/Apr/2025:05:45:59 -0400] "GET /category/mobile/feed/ HTTP/1.1" 200 20810 "-" "Mozilla/5.0 (Linux; Android 6.0.1; Nexus 5X Build/MMB29P) AppleWebKit/537.36 (KHTML, like Gecko) Chrome/135.0.7049.84 Mobile Safari/537.36 (compatible; Googlebot/2.1; +http://www.google.com/bot.html)"
198.54.114.83 - - [15/Apr/2025:05:46:34 -0400] "POST /wp-cron.php?doing_wp_cron=1744710393.4617218971252441406250 HTTP/1.1" 200 0 "-" "WordPress/6.7.2; https://the80itspod.com"
54.36.149.57 - - [15/Apr/2025:05:46:32 -0400] "GET /solar-based-spiritual-practices-or-surya-sadhana-its-technique-and-methodology/feed/ HTTP/1.1" 200 477 "-" "Mozilla/5.0 (compatible; AhrefsBot/7.0; +http://ahrefs.com/robot/)"
198.54.114.83 - - [15/Apr/2025:05:46:35 -0400] "POST /wp-admin/admin-ajax.php?action=async_litespeed&nonce=LIYgHOESe5PKxIf3nPaYN1zBNRO2W2fM&litespeed_type=imgoptm HTTP/1.1" 200 0 "-" "WordPress/6.7.2; https://the80itspod.com"
185.191.171.11 - - [15/Apr/2025:05:46:46 -0400] "GET /how-to-create-a-diamond-painting-from-your-own-picture/ HTTP/1.1" 200 12555 "-" "Mozilla/5.0 (compatible; SemrushBot/7~bl; +http://www.semrush.com/bot.html)"
198.54.114.83 - - [15/Apr/2025:05:48:41 -0400] "POST /wp-admin/admin-ajax.php?action=async_litespeed&nonce=GpXhcZKxU6Iw0YQmt3YjRkEXsw0KEVuo&litespeed_type=imgoptm HTTP/1.1" 200 0 "-" "WordPress/6.7.2; https://the80itspod.com"
198.54.114.83 - - [15/Apr/2025:05:49:35 -0400] "POST /wp-admin/admin-ajax.php?action=async_litespeed&nonce=979c904zKMJjgm2Q4hDa59U57yumVXHI&litespeed_type=imgoptm HTTP/1.1" 200 0 "-" "WordPress/6.7.2; https://the80itspod.com"
66.249.64.234 - - [15/Apr/2025:05:50:00 -0400] "GET /tag/add-screen-recording-on-iphone-integrating-features/feed/ HTTP/1.1" 200 5788 "-" "Mozilla/5.0 (Linux; Android 6.0.1; Nexus 5X Build/MMB29P) AppleWebKit/537.36 (KHTML, like Gecko) Chrome/135.0.7049.84 Mobile Safari/537.36 (compatible; Googlebot/2.1; +http://www.google.com/bot.html)"
198.54.114.83 - - [15/Apr/2025:05:50:39 -0400] "POST /wp-cron.php?doing_wp_cron=1744710638.8918759822845458984375 HTTP/1.1" 200 0 "-" "WordPress/6.7.2; https://the80itspod.com"
212.34.140.72 - - [15/Apr/2025:05:50:37 -0400] "GET /common-customer-complaints-8-examples-and/ HTTP/1.1" 200 85557 "https://the80itspod.com/common-customer-complaints-8-examples-and/" "Mozilla/5.0 (Windows NT 10.0; Win64; x64) AppleWebKit/537.36 (KHTML, like Gecko) Chrome/131.0.0.0 Safari/537.36"
198.54.114.83 - - [15/Apr/2025:05:50:41 -0400] "POST /wp-admin/admin-ajax.php?action=async_litespeed&nonce=ZRSlXH9XGoLMcTXqKWC17qIJ0W9qMtSr&litespeed_type=imgoptm HTTP/1.1" 200 0 "-" "WordPress/6.7.2; https://the80itspod.com"
212.34.140.72 - - [15/Apr/2025:05:50:42 -0400] "POST /wp-comments-post.php HTTP/1.1" 302 0 "https://the80itspod.com/common-customer-complaints-8-examples-and/" "Mozilla/5.0 (Windows NT 10.0; Win64; x64) AppleWebKit/537.36 (KHTML, like Gecko) Chrome/131.0.0.0 Safari/537.36"
212.34.140.72 - - [15/Apr/2025:05:50:47 -0400] "GET /common-customer-complaints-8-examples-and/ HTTP/1.1" 200 86218 "https://the80itspod.com/common-customer-complaints-8-examples-and/#comment-51451" "Mozilla/5.0 (Windows NT 10.0; Win64; x64) AppleWebKit/537.36 (KHTML, like Gecko) Chrome/131.0.0.0 Safari/537.36"
185.191.171.17 - - [15/Apr/2025:05:51:05 -0400] "GET /how-to-write-an-effective-attorney-bio/ HTTP/1.1" 200 12278 "-" "Mozilla/5.0 (compatible; SemrushBot/7~bl; +http://www.semrush.com/bot.html)"
198.54.114.83 - - [15/Apr/2025:05:51:42 -0400] "POST /wp-cron.php?doing_wp_cron=1744710702.5864629745483398437500 HTTP/1.1" 200 0 "-" "WordPress/6.7.2; https://the80itspod.com"
54.36.148.198 - - [15/Apr/2025:05:51:41 -0400] "GET /why-choose-windows-in-swansea/ HTTP/1.1" 200 13016 "-" "Mozilla/5.0 (compatible; AhrefsBot/7.0; +http://ahrefs.com/robot/)"
198.54.114.83 - - [15/Apr/2025:05:51:44 -0400] "POST /wp-admin/admin-ajax.php?action=async_litespeed&nonce=JO7kBk8qbmMq77f2dZX12ZwBT2clE2wy&litespeed_type=imgoptm HTTP/1.1" 200 0 "-" "WordPress/6.7.2; https://the80itspod.com"
66.249.64.224 - - [15/Apr/2025:05:52:01 -0400] "GET /wp-content/uploads/2024/01/Add-screen-recorder-to-iPhone-and-iPad-control-center-.webp HTTP/1.1" 200 34266 "-" "Mozilla/5.0 (Linux; Android 6.0.1; Nexus 5X Build/MMB29P) AppleWebKit/537.36 (KHTML, like Gecko) Chrome/135.0.7049.84 Mobile Safari/537.36 (compatible; Googlebot/2.1; +http://www.google.com/bot.html)"
198.54.114.83 - - [15/Apr/2025:05:54:15 -0400] "POST /wp-cron.php?doing_wp_cron=1744710855.1010849475860595703125 HTTP/1.1" 200 0 "-" "WordPress/6.7.2; https://the80itspod.com"
198.54.114.83 - - [15/Apr/2025:05:54:17 -0400] "POST /wp-admin/admin-ajax.php?action=async_litespeed&nonce=ogRQ0088oGRlMbT0wO8dEdlNsqCHMBum&litespeed_type=imgoptm HTTP/1.1" 200 0 "-" "WordPress/6.7.2; https://the80itspod.com"
66.249.64.226 - - [15/Apr/2025:05:54:09 -0400] "GET /bijouterie-a-montreal/ HTTP/1.1" 200 12017 "-" "Mozilla/5.0 (Linux; Android 6.0.1; Nexus 5X Build/MMB29P) AppleWebKit/537.36 (KHTML, like Gecko) Chrome/135.0.7049.84 Mobile Safari/537.36 (compatible; Googlebot/2.1; +http://www.google.com/bot.html)"
198.54.114.83 - - [15/Apr/2025:05:56:15 -0400] "POST /wp-cron.php?doing_wp_cron=1744710974.4291160106658935546875 HTTP/1.1" 200 0 "-" "WordPress/6.7.2; https://the80itspod.com"
198.54.114.83 - - [15/Apr/2025:05:56:16 -0400] "POST /wp-admin/admin-ajax.php?action=async_litespeed&nonce=wYWdSWxLLAk30rySgmUYs62BYMXUoeBp&litespeed_type=imgoptm HTTP/1.1" 200 0 "-" "WordPress/6.7.2; https://the80itspod.com"
66.249.64.225 - - [15/Apr/2025:05:56:06 -0400] "GET /flathead-lake-boat-rental/ HTTP/1.1" 200 12412 "-" "Mozilla/5.0 (Linux; Android 6.0.1; Nexus 5X Build/MMB29P) AppleWebKit/537.36 (KHTML, like Gecko) Chrome/135.0.7049.84 Mobile Safari/537.36 (compatible; Googlebot/2.1; +http://www.google.com/bot.html)"
198.54.114.83 - - [15/Apr/2025:05:56:43 -0400] "POST /wp-cron.php?doing_wp_cron=1744711003.0087180137634277343750 HTTP/1.1" 200 0 "-" "WordPress/6.7.2; https://the80itspod.com"
54.36.148.154 - - [15/Apr/2025:05:56:42 -0400] "GET /what-is-carmine/ HTTP/1.1" 200 11941 "-" "Mozilla/5.0 (compatible; AhrefsBot/7.0; +http://ahrefs.com/robot/)"
198.54.114.83 - - [15/Apr/2025:05:56:45 -0400] "POST /wp-admin/admin-ajax.php?action=async_litespeed&nonce=TzIWZ6QJFmTqUcizzRoRpsW1UHOnNEGR&litespeed_type=imgoptm HTTP/1.1" 200 0 "-" "WordPress/6.7.2; https://the80itspod.com"
8.210.15.252 - - [15/Apr/2025:05:56:44 -0400] "GET /une-revolution-technologique-en-marche HTTP/1.1" 301 0 "-" "Mozilla/5.0 (Macintosh; Intel Mac OS X 10_15_7) AppleWebKit/537.36 (KHTML, like Gecko) Chrome/109.0.0.0 Safari/537.36"
8.210.15.252 - - [15/Apr/2025:05:56:46 -0400] "GET /une-revolution-technologique-en-marche/ HTTP/1.1" 200 11630 "https://the80itspod.com/une-revolution-technologique-en-marche" "Mozilla/5.0 (Macintosh; Intel Mac OS X 10_15_7) AppleWebKit/537.36 (KHTML, like Gecko) Chrome/109.0.0.0 Safari/537.36"
114.119.144.11 - - [15/Apr/2025:05:58:33 -0400] "GET /the-botany-condo-in-brunswick/ HTTP/1.1" 200 11985 "https://the80itspod.com/large-file-sharing-apps/" "Mozilla/5.0 (Linux; Android 7.0;) AppleWebKit/537.36 (KHTML, like Gecko) Mobile Safari/537.36 (compatible; PetalBot;+https://webmaster.petalsearch.com/site/petalbot)"
2a02:598:96:8a00::1200:122 - - [15/Apr/2025:05:58:44 -0400] "GET /relx-electronic-cigarette/ HTTP/1.1" 200 12607 "-" "Mozilla/5.0 (compatible; SeznamBot/4.0; +https://o-seznam.cz/napoveda/vyhledavani/en/seznambot-crawler/)"
62.113.115.161 - - [15/Apr/2025:05:58:57 -0400] "GET /relx-electronic-cigarette/ HTTP/1.1" 200 12607 "https://the80itspod.com/relx-electronic-cigarette/" "Mozilla/5.0 (Windows NT 10.0; Win64; x64) AppleWebKit/537.36 (KHTML, like Gecko) Chrome/131.0.0.0 Safari/537.36 Avast/131.0.0.0"
62.113.115.161 - - [15/Apr/2025:05:58:58 -0400] "POST /wp-comments-post.php HTTP/1.1" 302 0 "https://the80itspod.com/relx-electronic-cigarette/" "Mozilla/5.0 (Windows NT 10.0; Win64; x64) AppleWebKit/537.36 (KHTML, like Gecko) Chrome/131.0.0.0 Safari/537.36 Avast/131.0.0.0"
62.113.115.161 - - [15/Apr/2025:05:59:04 -0400] "GET /relx-electronic-cigarette/ HTTP/1.1" 200 13460 "https://the80itspod.com/relx-electronic-cigarette/#comment-51452" "Mozilla/5.0 (Windows NT 10.0; Win64; x64) AppleWebKit/537.36 (KHTML, like Gecko) Chrome/131.0.0.0 Safari/537.36 Avast/131.0.0.0"
198.54.114.83 - - [15/Apr/2025:05:59:28 -0400] "POST /wp-admin/admin-ajax.php?action=async_litespeed&nonce=fE89iWHefXS6sOe5crd2CKqT35Fg3Bkr&litespeed_type=imgoptm HTTP/1.1" 200 0 "-" "WordPress/6.7.2; https://the80itspod.com"
198.54.114.83 - - [15/Apr/2025:06:00:01 -0400] "POST /wp-cron.php?doing_wp_cron=1744711199.9091410636901855468750 HTTP/1.1" 200 0 "-" "WordPress/6.7.2; https://the80itspod.com"
114.119.156.55 - - [15/Apr/2025:05:59:59 -0400] "GET /proper-handling-of-peptide-vials/ HTTP/1.1" 200 11700 "https://the80itspod.com/page/72/?SD" "Mozilla/5.0 (Linux; Android 7.0;) AppleWebKit/537.36 (KHTML, like Gecko) Mobile Safari/537.36 (compatible; PetalBot;+https://webmaster.petalsearch.com/site/petalbot)"
43.154.194.33 - - [15/Apr/2025:06:00:28 -0400] "GET /deleting-a-bereal-account/ HTTP/1.1" 200 13744 "-" "Python/3.10 aiohttp/3.10.5"
114.119.128.26 - - [15/Apr/2025:06:01:20 -0400] "GET /panini-sandwich-creator-a-sample-of-connoisseur-directly-in-your-kitchen/ HTTP/1.1" 200 12145 "https://the80itspod.com/page/122/?NA" "Mozilla/5.0 (Linux; Android 7.0;) AppleWebKit/537.36 (KHTML, like Gecko) Mobile Safari/537.36 (compatible; PetalBot;+https://webmaster.petalsearch.com/site/petalbot)"
198.54.114.83 - - [15/Apr/2025:06:01:49 -0400] "POST /wp-cron.php?doing_wp_cron=1744711308.5585129261016845703125 HTTP/1.1" 200 0 "-" "WordPress/6.7.2; https://the80itspod.com"
54.36.148.160 - - [15/Apr/2025:06:01:46 -0400] "GET /gambling-online-rules-what-do-you-need-to-know/ HTTP/1.1" 200 11736 "-" "Mozilla/5.0 (compatible; AhrefsBot/7.0; +http://ahrefs.com/robot/)"
198.54.114.83 - - [15/Apr/2025:06:01:51 -0400] "POST /wp-admin/admin-ajax.php?action=async_litespeed&nonce=lbG49B4tcwYhgboiSeMlqq8Yz7cpsqlf&litespeed_type=imgoptm HTTP/1.1" 200 0 "-" "WordPress/6.7.2; https://the80itspod.com"
66.249.64.234 - - [15/Apr/2025:06:02:11 -0400] "GET /best-cbd-oil-for-anxiety-uk/ HTTP/1.1" 200 12557 "-" "Mozilla/5.0 (Linux; Android 6.0.1; Nexus 5X Build/MMB29P) AppleWebKit/537.36 (KHTML, like Gecko) Chrome/135.0.7049.84 Mobile Safari/537.36 (compatible; Googlebot/2.1; +http://www.google.com/bot.html)"
198.54.114.83 - - [15/Apr/2025:06:02:44 -0400] "POST /wp-cron.php?doing_wp_cron=1744711364.1507759094238281250000 HTTP/1.1" 200 0 "-" "WordPress/6.7.2; https://the80itspod.com"
114.119.140.170 - - [15/Apr/2025:06:02:43 -0400] "GET /page/123/?NA HTTP/1.1" 200 13132 "https://the80itspod.com/page/122/?NA" "Mozilla/5.0 (Linux; Android 7.0;) AppleWebKit/537.36 (KHTML, like Gecko) Mobile Safari/537.36 (compatible; PetalBot;+https://webmaster.petalsearch.com/site/petalbot)"
198.54.114.83 - - [15/Apr/2025:06:02:45 -0400] "POST /wp-admin/admin-ajax.php?action=async_litespeed&nonce=ZjoYZtCMVHoTDfUZDmlIKenLicSpyPwA&litespeed_type=imgoptm HTTP/1.1" 200 0 "-" "WordPress/6.7.2; https://the80itspod.com"
198.54.114.83 - - [15/Apr/2025:06:04:12 -0400] "POST /wp-cron.php?doing_wp_cron=1744711451.7737948894500732421875 HTTP/1.1" 200 0 "-" "WordPress/6.7.2; https://the80itspod.com"
198.54.114.83 - - [15/Apr/2025:06:04:15 -0400] "POST /wp-admin/admin-ajax.php?action=async_litespeed&nonce=yxwPZgWmEIxKQzSfCeKLFhZmWdSswtoa&litespeed_type=imgoptm HTTP/1.1" 200 0 "-" "WordPress/6.7.2; https://the80itspod.com"
114.119.128.181 - - [15/Apr/2025:06:04:07 -0400] "GET /page/11/?NA HTTP/1.1" 200 13089 "https://the80itspod.com/page/12/?NA" "Mozilla/5.0 (Linux; Android 7.0;) AppleWebKit/537.36 (KHTML, like Gecko) Mobile Safari/537.36 (compatible; PetalBot;+https://webmaster.petalsearch.com/site/petalbot)"
185.191.171.17 - - [15/Apr/2025:06:04:25 -0400] "GET /robots.txt HTTP/1.1" 200 112 "-" "Mozilla/5.0 (compatible; SemrushBot/7~bl; +http://www.semrush.com/bot.html)"
198.54.114.83 - - [15/Apr/2025:06:04:30 -0400] "POST /wp-cron.php?doing_wp_cron=1744711469.6512229442596435546875 HTTP/1.1" 200 0 "-" "WordPress/6.7.2; https://the80itspod.com"
185.191.171.15 - - [15/Apr/2025:06:04:28 -0400] "GET /category/activity/page/57/ HTTP/1.1" 200 11252 "-" "Mozilla/5.0 (compatible; SemrushBot/7~bl; +http://www.semrush.com/bot.html)"
198.54.114.83 - - [15/Apr/2025:06:04:34 -0400] "POST /wp-admin/admin-ajax.php?action=async_litespeed&nonce=J9BqOQ7I1KI0II1pHE0ASCofCIEfzQAU&litespeed_type=imgoptm HTTP/1.1" 200 0 "-" "WordPress/6.7.2; https://the80itspod.com"
66.249.64.232 - - [15/Apr/2025:06:05:00 -0400] "GET /flathead-lake-cruises/ HTTP/1.1" 200 12424 "-" "Mozilla/5.0 (Linux; Android 6.0.1; Nexus 5X Build/MMB29P) AppleWebKit/537.36 (KHTML, like Gecko) Chrome/135.0.7049.84 Mobile Safari/537.36 (compatible; Googlebot/2.1; +http://www.google.com/bot.html)"
198.54.114.83 - - [15/Apr/2025:06:05:28 -0400] "POST /wp-cron.php?doing_wp_cron=1744711527.2602460384368896484375 HTTP/1.1" 200 0 "-" "WordPress/6.7.2; https://the80itspod.com"
85.208.98.22 - - [15/Apr/2025:06:05:26 -0400] "GET /affordable-lab-diamond-rings-in-toronto/ HTTP/1.1" 200 11649 "-" "Mozilla/5.0 (compatible; SemrushBot-BA; +http://www.semrush.com/bot.html)"
114.119.140.170 - - [15/Apr/2025:06:05:30 -0400] "GET /discovering-the-arden-showflat-a-glimpse-into-luxury-living/ HTTP/1.1" 200 11765 "https://the80itspod.com/unveiling-the-splendor-exploring-the-terrahill-showflat/" "Mozilla/5.0 (Linux; Android 7.0;) AppleWebKit/537.36 (KHTML, like Gecko) Mobile Safari/537.36 (compatible; PetalBot;+https://webmaster.petalsearch.com/site/petalbot)"
198.54.114.83 - - [15/Apr/2025:06:06:59 -0400] "POST /wp-cron.php?doing_wp_cron=1744711619.3531920909881591796875 HTTP/1.1" 200 0 "-" "WordPress/6.7.2; https://the80itspod.com"
114.119.128.26 - - [15/Apr/2025:06:06:54 -0400] "GET /category/activity/page/76/ HTTP/1.1" 200 11388 "https://the80itspod.com/category/activity/page/75/" "Mozilla/5.0 (Linux; Android 7.0;) AppleWebKit/537.36 (KHTML, like Gecko) Mobile Safari/537.36 (compatible; PetalBot;+https://webmaster.petalsearch.com/site/petalbot)"
198.54.114.83 - - [15/Apr/2025:06:07:01 -0400] "POST /wp-admin/admin-ajax.php?action=async_litespeed&nonce=dUYoA2AIldPg7rN2kcUe9fMYme825GKM&litespeed_type=imgoptm HTTP/1.1" 200 0 "-" "WordPress/6.7.2; https://the80itspod.com"
198.54.114.83 - - [15/Apr/2025:06:07:03 -0400] "POST /wp-cron.php?doing_wp_cron=1744711622.8170399665832519531250 HTTP/1.1" 200 0 "-" "WordPress/6.7.2; https://the80itspod.com"
66.249.64.234 - - [15/Apr/2025:06:07:02 -0400] "GET /bachelorette-party-hotspot-tulum-mexico/ HTTP/1.1" 200 12605 "-" "Mozilla/5.0 (Linux; Android 6.0.1; Nexus 5X Build/MMB29P) AppleWebKit/537.36 (KHTML, like Gecko) Chrome/135.0.7049.84 Mobile Safari/537.36 (compatible; Googlebot/2.1; +http://www.google.com/bot.html)"
198.54.114.83 - - [15/Apr/2025:06:07:04 -0400] "POST /wp-admin/admin-ajax.php?action=async_litespeed&nonce=SHddQsYjR0KCKBzCpclulVuzDUEbdZhA&litespeed_type=imgoptm HTTP/1.1" 200 5 "-" "WordPress/6.7.2; https://the80itspod.com"
185.191.171.9 - - [15/Apr/2025:06:07:03 -0400] "GET /umzugsunternehmen-in-luneburg-ihre-losung-fur-einen-reibungslosen-umzug/ HTTP/1.1" 200 11912 "-" "Mozilla/5.0 (compatible; SemrushBot/7~bl; +http://www.semrush.com/bot.html)"
198.54.114.83 - - [15/Apr/2025:06:07:21 -0400] "POST /wp-cron.php?doing_wp_cron=1744711640.1261560916900634765625 HTTP/1.1" 200 0 "-" "WordPress/6.7.2; https://the80itspod.com"
54.36.149.92 - - [15/Apr/2025:06:07:19 -0400] "GET /revision-del-campeon-de-apuestas-deportivas/ HTTP/1.1" 200 13531 "-" "Mozilla/5.0 (compatible; AhrefsBot/7.0; +http://ahrefs.com/robot/)"
198.54.114.83 - - [15/Apr/2025:06:07:22 -0400] "POST /wp-admin/admin-ajax.php?action=async_litespeed&nonce=9zV88mRJLzjWlnUhFbjRULTmukbHdTrm&litespeed_type=imgoptm HTTP/1.1" 200 0 "-" "WordPress/6.7.2; https://the80itspod.com"
198.54.114.83 - - [15/Apr/2025:06:08:08 -0400] "POST /wp-cron.php?doing_wp_cron=1744711687.6449038982391357421875 HTTP/1.1" 200 0 "-" "WordPress/6.7.2; https://the80itspod.com"
43.154.251.2 - - [15/Apr/2025:06:08:06 -0400] "GET /how-to-turn-on-hotspot-on-iphone-8-plus/ HTTP/1.1" 200 14484 "-" "Python/3.10 aiohttp/3.10.5"
114.119.149.108 - - [15/Apr/2025:06:08:17 -0400] "GET /best-mini-blender/ HTTP/1.1" 200 11766 "https://the80itspod.com/page/61/?MA" "Mozilla/5.0 (Linux; Android 7.0;) AppleWebKit/537.36 (KHTML, like Gecko) Mobile Safari/537.36 (compatible; PetalBot;+https://webmaster.petalsearch.com/site/petalbot)"
198.54.114.83 - - [15/Apr/2025:06:08:53 -0400] "POST /wp-cron.php?doing_wp_cron=1744711733.4126629829406738281250 HTTP/1.1" 200 0 "-" "WordPress/6.7.2; https://the80itspod.com"
2a03:2880:f800:e:: - - [15/Apr/2025:06:08:52 -0400] "GET /wp-json/oembed/1.0/embed?url=https%3A%2F%2Fthe80itspod.com%2Fessential-tips-to-be-aware-in-florida-land-money-management%2F HTTP/1.1" 200 2469 "-" "meta-externalagent/1.1 (+https://developers.facebook.com/docs/sharing/webmasters/crawler)"
198.54.114.83 - - [15/Apr/2025:06:08:54 -0400] "POST /wp-admin/admin-ajax.php?action=async_litespeed&nonce=DlW2za68enSY1X0Ps95RjNsz1z2zx47E&litespeed_type=imgoptm HTTP/1.1" 200 0 "-" "WordPress/6.7.2; https://the80itspod.com"
198.54.114.83 - - [15/Apr/2025:06:09:23 -0400] "POST /wp-cron.php?doing_wp_cron=1744711761.5581259727478027343750 HTTP/1.1" 200 0 "-" "WordPress/6.7.2; https://the80itspod.com"
129.226.69.173 - - [15/Apr/2025:06:09:20 -0400] "GET /deep-cleaning-services/ HTTP/1.1" 200 12918 "-" "Python/3.10 aiohttp/3.10.5"
66.249.64.224 - - [15/Apr/2025:06:09:28 -0400] "GET /what-are-the-benefits-of-commercial-mediation/ HTTP/1.1" 200 12495 "-" "Mozilla/5.0 (Linux; Android 6.0.1; Nexus 5X Build/MMB29P) AppleWebKit/537.36 (KHTML, like Gecko) Chrome/135.0.7049.84 Mobile Safari/537.36 (compatible; Googlebot/2.1; +http://www.google.com/bot.html)"
2a03:2880:f800:14:: - - [15/Apr/2025:06:09:31 -0400] "GET /wp-json/wp/v2/posts/2323 HTTP/1.1" 200 9539 "-" "meta-externalagent/1.1 (+https://developers.facebook.com/docs/sharing/webmasters/crawler)"
198.54.114.83 - - [15/Apr/2025:06:10:25 -0400] "POST /wp-cron.php?doing_wp_cron=1744711825.6019270420074462890625 HTTP/1.1" 200 0 "-" "WordPress/6.7.2; https://the80itspod.com"
66.249.64.224 - - [15/Apr/2025:06:10:25 -0400] "GET /improve-your-conservatorys-insulation-and-reduce-your-energy-bills-with-a-tiled-conservatory-roof/ HTTP/1.1" 200 12264 "-" "Mozilla/5.0 (Linux; Android 6.0.1; Nexus 5X Build/MMB29P) AppleWebKit/537.36 (KHTML, like Gecko) Chrome/135.0.7049.84 Mobile Safari/537.36 (compatible; Googlebot/2.1; +http://www.google.com/bot.html)"
198.54.114.83 - - [15/Apr/2025:06:10:27 -0400] "POST /wp-admin/admin-ajax.php?action=async_litespeed&nonce=5gbDjIg8znEq1rl45as6hOBi81y2WHz1&litespeed_type=imgoptm HTTP/1.1" 200 0 "-" "WordPress/6.7.2; https://the80itspod.com"
185.191.171.10 - - [15/Apr/2025:06:10:58 -0400] "GET /what-is-an-engagement-letter-in-auditing/ HTTP/1.1" 200 11616 "-" "Mozilla/5.0 (compatible; SemrushBot/7~bl; +http://www.semrush.com/bot.html)"
198.54.114.83 - - [15/Apr/2025:06:11:44 -0400] "POST /wp-admin/admin-ajax.php?action=async_litespeed&nonce=UARHGxILuRBj5NDjnLzo9mJlaQVf9p3D&litespeed_type=imgoptm HTTP/1.1" 200 0 "-" "WordPress/6.7.2; https://the80itspod.com"
66.249.64.224 - - [15/Apr/2025:06:12:02 -0400] "GET /sarm-capsules/ HTTP/1.1" 200 12240 "-" "Mozilla/5.0 (Linux; Android 6.0.1; Nexus 5X Build/MMB29P) AppleWebKit/537.36 (KHTML, like Gecko) Chrome/135.0.7049.84 Mobile Safari/537.36 (compatible; Googlebot/2.1; +http://www.google.com/bot.html)"
66.249.64.225 - - [15/Apr/2025:06:12:18 -0400] "GET /buying-research-peptides-online/ HTTP/1.1" 200 12414 "-" "Mozilla/5.0 (Linux; Android 6.0.1; Nexus 5X Build/MMB29P) AppleWebKit/537.36 (KHTML, like Gecko) Chrome/135.0.7049.84 Mobile Safari/537.36 (compatible; Googlebot/2.1; +http://www.google.com/bot.html)"
198.54.114.83 - - [15/Apr/2025:06:12:38 -0400] "POST /wp-admin/admin-ajax.php?action=async_litespeed&nonce=r1kEZLMaUu55kTsaYCO3jHBOGwIhi9AX&litespeed_type=imgoptm HTTP/1.1" 200 0 "-" "WordPress/6.7.2; https://the80itspod.com"
125.88.226.216 - - [15/Apr/2025:06:12:39 -0400] "GET /wp-login.php HTTP/1.1" 200 1760 "-" "Apache-HttpClient/4.5.2 (Java/1.8.0_161)"
54.36.149.56 - - [15/Apr/2025:06:12:43 -0400] "GET /gitarrenunterricht-online-grundlegender-gitarrenunterricht-fur-anfanger/ HTTP/1.1" 200 12391 "-" "Mozilla/5.0 (compatible; AhrefsBot/7.0; +http://ahrefs.com/robot/)"
198.54.114.83 - - [15/Apr/2025:06:13:23 -0400] "POST /wp-admin/admin-ajax.php?action=async_litespeed&nonce=VivGjJzRveKglQookPnRgJZUPw2CTSiy&litespeed_type=imgoptm HTTP/1.1" 200 0 "-" "WordPress/6.7.2; https://the80itspod.com"
114.119.149.108 - - [15/Apr/2025:06:13:44 -0400] "GET /what-does-a-marketing-agency-do/ HTTP/1.1" 200 12316 "https://the80itspod.com/page/92/?SA" "Mozilla/5.0 (Linux; Android 7.0;) AppleWebKit/537.36 (KHTML, like Gecko) Mobile Safari/537.36 (compatible; PetalBot;+https://webmaster.petalsearch.com/site/petalbot)"
198.54.114.83 - - [15/Apr/2025:06:14:26 -0400] "POST /wp-cron.php?doing_wp_cron=1744712065.8723518848419189453125 HTTP/1.1" 200 0 "-" "WordPress/6.7.2; https://the80itspod.com"
101.44.184.129 - - [15/Apr/2025:06:14:24 -0400] "GET /innovative-lichtquellen-moderne-hangelampen/ HTTP/1.1" 404 8116 "https://the80itspod.com/innovative-lichtquellen-moderne-hangelampen/#content" "Mozilla/5.0 (Macintosh; Intel Mac OS X 10_15_7) AppleWebKit/537.36 (KHTML, like Gecko) Chrome/120.0.0.0 Safari/537.36"
198.54.114.83 - - [15/Apr/2025:06:14:28 -0400] "POST /wp-admin/admin-ajax.php?action=async_litespeed&nonce=XSwAM2chOCBhbGIaJDUXLGgHkOYU74ot&litespeed_type=imgoptm HTTP/1.1" 200 0 "-" "WordPress/6.7.2; https://the80itspod.com"
198.54.114.83 - - [15/Apr/2025:06:16:17 -0400] "POST /wp-cron.php?doing_wp_cron=1744712177.5139760971069335937500 HTTP/1.1" 200 0 "-" "WordPress/6.7.2; https://the80itspod.com"
66.249.64.234 - - [15/Apr/2025:06:16:11 -0400] "GET /marvel-comic-characters-at-casinos/ HTTP/1.1" 200 12286 "-" "Mozilla/5.0 (Linux; Android 6.0.1; Nexus 5X Build/MMB29P) AppleWebKit/537.36 (KHTML, like Gecko) Chrome/135.0.7049.84 Mobile Safari/537.36 (compatible; Googlebot/2.1; +http://www.google.com/bot.html)"
198.54.114.83 - - [15/Apr/2025:06:16:18 -0400] "POST /wp-admin/admin-ajax.php?action=async_litespeed&nonce=1LT6wLwb74IPSyDjabgg6YYcOd5hxvez&litespeed_type=imgoptm HTTP/1.1" 200 0 "-" "WordPress/6.7.2; https://the80itspod.com"
198.54.114.83 - - [15/Apr/2025:06:17:19 -0400] "POST /wp-cron.php?doing_wp_cron=1744712238.8977940082550048828125 HTTP/1.1" 200 0 "-" "WordPress/6.7.2; https://the80itspod.com"
66.249.64.234 - - [15/Apr/2025:06:17:18 -0400] "GET /how-to-watch-free-sports-tv-online/ HTTP/1.1" 200 12271 "-" "Mozilla/5.0 (Linux; Android 6.0.1; Nexus 5X Build/MMB29P) AppleWebKit/537.36 (KHTML, like Gecko) Chrome/135.0.7049.84 Mobile Safari/537.36 (compatible; Googlebot/2.1; +http://www.google.com/bot.html)"
198.54.114.83 - - [15/Apr/2025:06:17:20 -0400] "POST /wp-admin/admin-ajax.php?action=async_litespeed&nonce=0Igkc65Tvphq2mSwAMPiaxTCNqzkK7ft&litespeed_type=imgoptm HTTP/1.1" 200 0 "-" "WordPress/6.7.2; https://the80itspod.com"
198.54.114.83 - - [15/Apr/2025:06:17:21 -0400] "POST /wp-cron.php?doing_wp_cron=1744712241.4072680473327636718750 HTTP/1.1" 200 0 "-" "WordPress/6.7.2; https://the80itspod.com"
66.249.64.233 - - [15/Apr/2025:06:17:25 -0400] "GET /how-to-fight-back-against-american-profit-recovery/ HTTP/1.1" 200 12016 "-" "Mozilla/5.0 (Linux; Android 6.0.1; Nexus 5X Build/MMB29P) AppleWebKit/537.36 (KHTML, like Gecko) Chrome/135.0.7049.84 Mobile Safari/537.36 (compatible; Googlebot/2.1; +http://www.google.com/bot.html)"
54.36.148.252 - - [15/Apr/2025:06:18:08 -0400] "GET /how-to-change-xbox-gamertag/ HTTP/1.1" 200 14358 "-" "Mozilla/5.0 (compatible; AhrefsBot/7.0; +http://ahrefs.com/robot/)"
198.54.114.83 - - [15/Apr/2025:06:19:57 -0400] "POST /wp-admin/admin-ajax.php?action=async_litespeed&nonce=7xXCtOVJaNBxpaoias7SBjhlbWufMHPU&litespeed_type=imgoptm HTTP/1.1" 200 0 "-" "WordPress/6.7.2; https://the80itspod.com"
66.249.64.233 - - [15/Apr/2025:06:20:17 -0400] "GET /solvent-recovery-profitability-means-staying-green/ HTTP/1.1" 200 13210 "-" "Mozilla/5.0 (Linux; Android 6.0.1; Nexus 5X Build/MMB29P) AppleWebKit/537.36 (KHTML, like Gecko) Chrome/135.0.7049.84 Mobile Safari/537.36 (compatible; Googlebot/2.1; +http://www.google.com/bot.html)"
198.54.114.83 - - [15/Apr/2025:06:21:02 -0400] "POST /wp-cron.php?doing_wp_cron=1744712461.1484611034393310546875 HTTP/1.1" 200 0 "-" "WordPress/6.7.2; https://the80itspod.com"
66.249.64.233 - - [15/Apr/2025:06:21:00 -0400] "GET /outdoor-led-display/ HTTP/1.1" 200 11962 "-" "Mozilla/5.0 (Linux; Android 6.0.1; Nexus 5X Build/MMB29P) AppleWebKit/537.36 (KHTML, like Gecko) Chrome/135.0.7049.84 Mobile Safari/537.36 (compatible; Googlebot/2.1; +http://www.google.com/bot.html)"
198.54.114.83 - - [15/Apr/2025:06:21:04 -0400] "POST /wp-admin/admin-ajax.php?action=async_litespeed&nonce=y7rrQWam06sJJInyru4WnVnd7vMSmHgb&litespeed_type=imgoptm HTTP/1.1" 200 0 "-" "WordPress/6.7.2; https://the80itspod.com"
198.54.114.83 - - [15/Apr/2025:06:21:57 -0400] "POST /wp-cron.php?doing_wp_cron=1744712516.5669751167297363281250 HTTP/1.1" 200 0 "-" "WordPress/6.7.2; https://the80itspod.com"
195.154.61.32 - - [15/Apr/2025:06:21:55 -0400] "POST /xmlrpc.php HTTP/1.1" 200 186 "-" "Mozilla/5.0 (Windows NT 10.0; WOW64) AppleWebKit/537.36 (KHTML, like Gecko) Chrome/80.0.3987.132 Safari/537.36"
198.54.114.83 - - [15/Apr/2025:06:21:58 -0400] "POST /wp-admin/admin-ajax.php?action=async_litespeed&nonce=3CKzYqdfigEt0sMcKq2V1LGk3tffPpQx&litespeed_type=imgoptm HTTP/1.1" 200 0 "-" "WordPress/6.7.2; https://the80itspod.com"
2a03:2880:f800:12:: - - [15/Apr/2025:06:21:55 -0400] "GET /wp-json/wp/v2/posts/2298 HTTP/1.1" 200 10418 "-" "meta-externalagent/1.1 (+https://developers.facebook.com/docs/sharing/webmasters/crawler)"
195.154.61.32 - - [15/Apr/2025:06:21:58 -0400] "POST /xmlrpc.php HTTP/1.1" 200 186 "-" "Mozilla/5.0 (Windows NT 10.0; WOW64) AppleWebKit/537.36 (KHTML, like Gecko) Chrome/80.0.3987.132 Safari/537.36"
195.154.61.32 - - [15/Apr/2025:06:22:00 -0400] "POST /xmlrpc.php HTTP/1.1" 200 186 "-" "Mozilla/5.0 (Windows NT 10.0; WOW64) AppleWebKit/537.36 (KHTML, like Gecko) Chrome/80.0.3987.132 Safari/537.36"
195.154.61.32 - - [15/Apr/2025:06:22:02 -0400] "POST /xmlrpc.php HTTP/1.1" 200 186 "-" "Mozilla/5.0 (Windows NT 10.0; WOW64) AppleWebKit/537.36 (KHTML, like Gecko) Chrome/80.0.3987.132 Safari/537.36"
198.54.114.83 - - [15/Apr/2025:06:22:50 -0400] "POST /wp-cron.php?doing_wp_cron=1744712570.0169429779052734375000 HTTP/1.1" 200 0 "-" "WordPress/6.7.2; https://the80itspod.com"
66.249.64.226 - - [15/Apr/2025:06:22:49 -0400] "GET /the-advantages-of-an-outdoor-led-display/ HTTP/1.1" 200 12246 "-" "Mozilla/5.0 (Linux; Android 6.0.1; Nexus 5X Build/MMB29P) AppleWebKit/537.36 (KHTML, like Gecko) Chrome/135.0.7049.84 Mobile Safari/537.36 (compatible; Googlebot/2.1; +http://www.google.com/bot.html)"
198.54.114.83 - - [15/Apr/2025:06:22:53 -0400] "POST /wp-admin/admin-ajax.php?action=async_litespeed&nonce=rYM1X8ZUdxrqQUK3g9A5DJcEMhaUFTvS&litespeed_type=imgoptm HTTP/1.1" 200 0 "-" "WordPress/6.7.2; https://the80itspod.com"
54.36.148.106 - - [15/Apr/2025:06:23:30 -0400] "GET /jden-capitaland-a-great-location-plenty-of-amenities-and-a-reputable-developer/feed/ HTTP/1.1" 304 0 "-" "Mozilla/5.0 (compatible; AhrefsBot/7.0; +http://ahrefs.com/robot/)"
198.54.114.83 - - [15/Apr/2025:06:23:32 -0400] "POST /wp-cron.php?doing_wp_cron=1744712611.1139879226684570312500 HTTP/1.1" 200 0 "-" "WordPress/6.7.2; https://the80itspod.com"
3.147.103.157 - - [15/Apr/2025:06:23:40 -0400] "GET /robots.txt HTTP/1.1" 200 112 "-" "Mozilla/5.0 AppleWebKit/537.36 (KHTML, like Gecko; compatible; ClaudeBot/1.0; +claudebot@anthropic.com)"
3.147.103.157 - - [15/Apr/2025:06:23:41 -0400] "GET /real-estate-photography-boosts-mls-listings HTTP/1.1" 301 0 "-" "Mozilla/5.0 AppleWebKit/537.36 (KHTML, like Gecko; compatible; ClaudeBot/1.0; +claudebot@anthropic.com)"
3.147.103.157 - - [15/Apr/2025:06:23:44 -0400] "GET /real-estate-photography-boosts-mls-listings/ HTTP/1.1" 200 13595 "https://the80itspod.com/real-estate-photography-boosts-mls-listings" "Mozilla/5.0 AppleWebKit/537.36 (KHTML, like Gecko; compatible; ClaudeBot/1.0; +claudebot@anthropic.com)"
54.167.32.123 - - [15/Apr/2025:06:23:45 -0400] "GET /page/51/ HTTP/1.1" 200 13119 "-" "Mozilla/5.0 AppleWebKit/537.36 (KHTML, like Gecko; compatible; Amazonbot/0.1; +https://developer.amazon.com/support/amazonbot) Chrome/119.0.6045.214 Safari/537.36"
198.54.114.83 - - [15/Apr/2025:06:27:21 -0400] "POST /wp-cron.php?doing_wp_cron=1744712840.7626869678497314453125 HTTP/1.1" 200 0 "-" "WordPress/6.7.2; https://the80itspod.com"
198.54.114.83 - - [15/Apr/2025:06:27:23 -0400] "POST /wp-admin/admin-ajax.php?action=async_litespeed&nonce=7Lyv1hPhWuvKO9bZvSBtSJlVS8Gaw58x&litespeed_type=imgoptm HTTP/1.1" 200 0 "-" "WordPress/6.7.2; https://the80itspod.com"
66.249.64.226 - - [15/Apr/2025:06:27:12 -0400] "GET /how-to-create-custom-socks-with-logos/ HTTP/1.1" 200 12408 "-" "Mozilla/5.0 (Linux; Android 6.0.1; Nexus 5X Build/MMB29P) AppleWebKit/537.36 (KHTML, like Gecko) Chrome/135.0.7049.84 Mobile Safari/537.36 (compatible; Googlebot/2.1; +http://www.google.com/bot.html)"
58.254.68.125 - - [15/Apr/2025:06:27:48 -0400] "GET /vacation-rentals-in-cartagena-colombia/ HTTP/1.1" 200 12379 "https://the80itspod.com" "Mozilla/5.0 (Windows NT 10.0; Win64; x64) AppleWebKit/537.36 (KHTML, like Gecko) Chrome/62.0.3202.94 Safari/537.36"
