85.208.98.18 - - [15/Apr/2025:03:00:58 -0400] "HEAD /sports-grip-socks/ HTTP/1.1" 200 0 "-" "Mozilla/5.0 (compatible; SemrushBot; +http://www.semrush.com/bot.html)"
85.208.98.18 - - [15/Apr/2025:03:00:58 -0400] "HEAD /how-to-create-a-custom-wool-beanie-that-fits-your-brand-vision/ HTTP/1.1" 200 0 "-" "Mozilla/5.0 (compatible; SemrushBot; +http://www.semrush.com/bot.html)"
85.208.98.18 - - [15/Apr/2025:03:00:58 -0400] "HEAD /improve-your-football-performance-with-grip-socks/ HTTP/1.1" 200 0 "-" "Mozilla/5.0 (compatible; SemrushBot; +http://www.semrush.com/bot.html)"
85.208.98.18 - - [15/Apr/2025:03:00:58 -0400] "HEAD /was-ist-eine-steuererklarung-und-warum-ist-sie-notwendig/ HTTP/1.1" 200 0 "-" "Mozilla/5.0 (compatible; SemrushBot; +http://www.semrush.com/bot.html)"
85.208.98.18 - - [15/Apr/2025:03:00:58 -0400] "HEAD /valentines-day-wallpaper-for-your-desktop-or-smartphone/ HTTP/1.1" 200 0 "-" "Mozilla/5.0 (compatible; SemrushBot; +http://www.semrush.com/bot.html)"
85.208.98.18 - - [15/Apr/2025:03:00:59 -0400] "HEAD /un-agriturismo-con-spa-sul-lago-di-garda/ HTTP/1.1" 200 0 "-" "Mozilla/5.0 (compatible; SemrushBot; +http://www.semrush.com/bot.html)"
85.208.98.18 - - [15/Apr/2025:03:00:59 -0400] "HEAD /choosing-the-right-tek-screw-for-your-project/ HTTP/1.1" 200 0 "-" "Mozilla/5.0 (compatible; SemrushBot; +http://www.semrush.com/bot.html)"
85.208.98.18 - - [15/Apr/2025:03:00:59 -0400] "HEAD /luxury-hotels-in-lake-garda/ HTTP/1.1" 200 0 "-" "Mozilla/5.0 (compatible; SemrushBot; +http://www.semrush.com/bot.html)"
85.208.98.18 - - [15/Apr/2025:03:00:59 -0400] "HEAD /how-to-find-a-caregiver-near-me/ HTTP/1.1" 200 0 "-" "Mozilla/5.0 (compatible; SemrushBot; +http://www.semrush.com/bot.html)"
85.208.98.18 - - [15/Apr/2025:03:00:59 -0400] "HEAD /a-review-of-a-youtube-video-downloader/ HTTP/1.1" 200 0 "-" "Mozilla/5.0 (compatible; SemrushBot; +http://www.semrush.com/bot.html)"
85.208.98.18 - - [15/Apr/2025:03:00:58 -0400] "HEAD /options-danesthesie-dentaire/ HTTP/1.1" 200 0 "-" "Mozilla/5.0 (compatible; SemrushBot; +http://www.semrush.com/bot.html)"
85.208.98.18 - - [15/Apr/2025:03:00:58 -0400] "HEAD /home-appliance-repair-in-ottawa/ HTTP/1.1" 200 0 "-" "Mozilla/5.0 (compatible; SemrushBot; +http://www.semrush.com/bot.html)"
85.208.98.18 - - [15/Apr/2025:03:00:58 -0400] "HEAD /buy-youtube-views-for-less/ HTTP/1.1" 200 0 "-" "Mozilla/5.0 (compatible; SemrushBot; +http://www.semrush.com/bot.html)"
85.208.98.18 - - [15/Apr/2025:03:00:58 -0400] "HEAD /top-refrigeration-scales/ HTTP/1.1" 200 0 "-" "Mozilla/5.0 (compatible; SemrushBot; +http://www.semrush.com/bot.html)"
85.208.98.18 - - [15/Apr/2025:03:00:58 -0400] "HEAD /how-a-katana-sword-is-made/ HTTP/1.1" 200 0 "-" "Mozilla/5.0 (compatible; SemrushBot; +http://www.semrush.com/bot.html)"
85.208.98.18 - - [15/Apr/2025:03:00:58 -0400] "HEAD /lakegarden-residences-serenity-and-luxury-in-equal-measure/ HTTP/1.1" 200 0 "-" "Mozilla/5.0 (compatible; SemrushBot; +http://www.semrush.com/bot.html)"
54.36.148.113 - - [15/Apr/2025:03:01:05 -0400] "GET /revolutionizing-customer-service-with-conversational-virtual-receptionists/ HTTP/1.1" 200 12239 "-" "Mozilla/5.0 (compatible; AhrefsBot/7.0; +http://ahrefs.com/robot/)"
198.54.114.83 - - [15/Apr/2025:03:01:05 -0400] "POST /wp-cron.php?doing_wp_cron=1744700464.3581180572509765625000 HTTP/1.1" 200 0 "-" "WordPress/6.7.2; https://the80itspod.com"
198.54.114.83 - - [15/Apr/2025:03:01:05 -0400] "POST /wp-cron.php?doing_wp_cron=1744700464.3576200008392333984375 HTTP/1.1" 200 0 "-" "WordPress/6.7.2; https://the80itspod.com"
198.54.114.83 - - [15/Apr/2025:03:01:05 -0400] "POST /wp-cron.php?doing_wp_cron=1744700464.3574988842010498046875 HTTP/1.1" 200 0 "-" "WordPress/6.7.2; https://the80itspod.com"
198.54.114.83 - - [15/Apr/2025:03:01:06 -0400] "POST /wp-admin/admin-ajax.php?action=async_litespeed&nonce=UKFXKYRTrNfpxgkASEHz3AC47O8FG7Wf&litespeed_type=imgoptm HTTP/1.1" 200 0 "-" "WordPress/6.7.2; https://the80itspod.com"
2a03:2880:f800:13:: - - [15/Apr/2025:03:01:05 -0400] "GET /the-best-employer-job-listing-platform-ireland/ HTTP/1.1" 200 11804 "-" "meta-externalagent/1.1 (+https://developers.facebook.com/docs/sharing/webmasters/crawler)"
47.128.113.132 - - [15/Apr/2025:03:01:10 -0400] "GET / HTTP/1.1" 200 13048 "-" "Mozilla/5.0 (Linux; Android 5.0) AppleWebKit/537.36 (KHTML, like Gecko) Mobile Safari/537.36 (compatible; Bytespider; spider-feedback@bytedance.com)"
85.208.98.18 - - [15/Apr/2025:03:01:28 -0400] "HEAD /a-review-of-a-youtube-video-downloader/ HTTP/1.1" 200 0 "-" "Mozilla/5.0 (compatible; SemrushBot; +http://www.semrush.com/bot.html)"
85.208.98.18 - - [15/Apr/2025:03:01:28 -0400] "HEAD /luxury-hotels-in-lake-garda/ HTTP/1.1" 200 0 "-" "Mozilla/5.0 (compatible; SemrushBot; +http://www.semrush.com/bot.html)"
85.208.98.18 - - [15/Apr/2025:03:01:28 -0400] "HEAD /what-is-a-cryptomixer/ HTTP/1.1" 200 0 "-" "Mozilla/5.0 (compatible; SemrushBot; +http://www.semrush.com/bot.html)"
85.208.98.18 - - [15/Apr/2025:03:01:28 -0400] "HEAD /how-to-find-a-caregiver-near-me/ HTTP/1.1" 200 0 "-" "Mozilla/5.0 (compatible; SemrushBot; +http://www.semrush.com/bot.html)"
85.208.98.18 - - [15/Apr/2025:03:01:28 -0400] "HEAD /how-a-katana-sword-is-made/ HTTP/1.1" 200 0 "-" "Mozilla/5.0 (compatible; SemrushBot; +http://www.semrush.com/bot.html)"
85.208.98.18 - - [15/Apr/2025:03:01:28 -0400] "HEAD /negotiating-raise-negotiation-strategies/ HTTP/1.1" 200 0 "-" "Mozilla/5.0 (compatible; SemrushBot; +http://www.semrush.com/bot.html)"
85.208.98.18 - - [15/Apr/2025:03:01:28 -0400] "HEAD /strategies-for-massive-youtube-subscribers/ HTTP/1.1" 200 0 "-" "Mozilla/5.0 (compatible; SemrushBot; +http://www.semrush.com/bot.html)"
85.208.98.18 - - [15/Apr/2025:03:01:28 -0400] "HEAD /buy-youtube-views-for-less/ HTTP/1.1" 200 0 "-" "Mozilla/5.0 (compatible; SemrushBot; +http://www.semrush.com/bot.html)"
85.208.98.18 - - [15/Apr/2025:03:01:28 -0400] "HEAD /so-finden-sie-den-besten-gitarrenunterricht-online/ HTTP/1.1" 200 0 "-" "Mozilla/5.0 (compatible; SemrushBot; +http://www.semrush.com/bot.html)"
85.208.98.18 - - [15/Apr/2025:03:01:28 -0400] "HEAD /buy-youtube-views-non-drop/ HTTP/1.1" 200 0 "-" "Mozilla/5.0 (compatible; SemrushBot; +http://www.semrush.com/bot.html)"
85.208.98.18 - - [15/Apr/2025:03:01:28 -0400] "HEAD /home-appliance-repair-in-ottawa/ HTTP/1.1" 200 0 "-" "Mozilla/5.0 (compatible; SemrushBot; +http://www.semrush.com/bot.html)"
85.208.98.18 - - [15/Apr/2025:03:01:28 -0400] "HEAD /choosing-the-right-tek-screw-for-your-project/ HTTP/1.1" 200 0 "-" "Mozilla/5.0 (compatible; SemrushBot; +http://www.semrush.com/bot.html)"
85.208.98.18 - - [15/Apr/2025:03:01:28 -0400] "HEAD /was-ist-eine-steuererklarung-und-warum-ist-sie-notwendig/ HTTP/1.1" 200 0 "-" "Mozilla/5.0 (compatible; SemrushBot; +http://www.semrush.com/bot.html)"
85.208.98.18 - - [15/Apr/2025:03:01:28 -0400] "HEAD /designer-crossbody-bags/ HTTP/1.1" 200 0 "-" "Mozilla/5.0 (compatible; SemrushBot; +http://www.semrush.com/bot.html)"
85.208.98.18 - - [15/Apr/2025:03:01:28 -0400] "HEAD /lakegarden-residences-serenity-and-luxury-in-equal-measure/ HTTP/1.1" 200 0 "-" "Mozilla/5.0 (compatible; SemrushBot; +http://www.semrush.com/bot.html)"
85.208.98.18 - - [15/Apr/2025:03:01:28 -0400] "HEAD /how-to-create-a-custom-wool-beanie-that-fits-your-brand-vision/ HTTP/1.1" 200 0 "-" "Mozilla/5.0 (compatible; SemrushBot; +http://www.semrush.com/bot.html)"
85.208.98.18 - - [15/Apr/2025:03:01:28 -0400] "HEAD /improve-your-football-performance-with-grip-socks/ HTTP/1.1" 200 0 "-" "Mozilla/5.0 (compatible; SemrushBot; +http://www.semrush.com/bot.html)"
85.208.98.18 - - [15/Apr/2025:03:01:28 -0400] "HEAD /options-danesthesie-dentaire/ HTTP/1.1" 200 0 "-" "Mozilla/5.0 (compatible; SemrushBot; +http://www.semrush.com/bot.html)"
85.208.98.18 - - [15/Apr/2025:03:01:28 -0400] "HEAD /eine-paartherapie-kann-ihre-kommunikation-verbessern-und-konflikte-losen/ HTTP/1.1" 200 0 "-" "Mozilla/5.0 (compatible; SemrushBot; +http://www.semrush.com/bot.html)"
85.208.98.18 - - [15/Apr/2025:03:01:28 -0400] "HEAD /top-refrigeration-scales/ HTTP/1.1" 200 0 "-" "Mozilla/5.0 (compatible; SemrushBot; +http://www.semrush.com/bot.html)"
85.208.98.18 - - [15/Apr/2025:03:01:28 -0400] "HEAD /un-agriturismo-con-spa-sul-lago-di-garda/ HTTP/1.1" 200 0 "-" "Mozilla/5.0 (compatible; SemrushBot; +http://www.semrush.com/bot.html)"
85.208.98.18 - - [15/Apr/2025:03:01:28 -0400] "HEAD /how-sports-team-socks-can-unite-your-team/ HTTP/1.1" 200 0 "-" "Mozilla/5.0 (compatible; SemrushBot; +http://www.semrush.com/bot.html)"
85.208.98.18 - - [15/Apr/2025:03:01:28 -0400] "HEAD /valentines-day-wallpaper-for-your-desktop-or-smartphone/ HTTP/1.1" 200 0 "-" "Mozilla/5.0 (compatible; SemrushBot; +http://www.semrush.com/bot.html)"
85.208.98.18 - - [15/Apr/2025:03:01:28 -0400] "HEAD /abundance-bracelet/ HTTP/1.1" 200 0 "-" "Mozilla/5.0 (compatible; SemrushBot; +http://www.semrush.com/bot.html)"
85.208.98.18 - - [15/Apr/2025:03:01:28 -0400] "HEAD /sports-grip-socks/ HTTP/1.1" 200 0 "-" "Mozilla/5.0 (compatible; SemrushBot; +http://www.semrush.com/bot.html)"
2a03:2880:f800:1d:: - - [15/Apr/2025:03:11:14 -0400] "GET /the-miracle-of-clogs-they-are-now-back-in-style/ HTTP/1.1" 200 12011 "-" "meta-externalagent/1.1 (+https://developers.facebook.com/docs/sharing/webmasters/crawler)"
54.36.149.105 - - [15/Apr/2025:03:11:49 -0400] "GET /stardew-valley-how-to-get-clay/ HTTP/1.1" 200 13267 "-" "Mozilla/5.0 (compatible; AhrefsBot/7.0; +http://ahrefs.com/robot/)"
129.226.128.49 - - [15/Apr/2025:03:11:51 -0400] "GET /how-to-trade-dubai-credits-in-2013/ HTTP/1.1" 200 12488 "-" "Python/3.10 aiohttp/3.10.5"
150.109.107.200 - - [15/Apr/2025:03:13:04 -0400] "GET /what-are-peptides-and-how-do-they-work-2/ HTTP/1.1" 200 11754 "-" "Python/3.10 aiohttp/3.10.5"
91.142.73.116 - - [15/Apr/2025:03:13:55 -0400] "GET /relx-electronic-cigarette/ HTTP/1.1" 200 12607 "https://the80itspod.com/relx-electronic-cigarette/#comment-24891/" "Mozilla/5.0 (Windows NT 10.0; Win64; x64) AppleWebKit/537.36 (KHTML, like Gecko) Chrome/130.0.0.0 Safari/537.36 CCleaner/130.0.0.0"
198.54.114.83 - - [15/Apr/2025:03:14:04 -0400] "POST /wp-cron.php?doing_wp_cron=1744701243.3801090717315673828125 HTTP/1.1" 200 0 "-" "WordPress/6.7.2; https://the80itspod.com"
91.142.73.116 - - [15/Apr/2025:03:13:57 -0400] "POST /wp-comments-post.php HTTP/1.1" 302 0 "https://the80itspod.com/relx-electronic-cigarette/#comment-24891/" "Mozilla/5.0 (Windows NT 10.0; Win64; x64) AppleWebKit/537.36 (KHTML, like Gecko) Chrome/130.0.0.0 Safari/537.36 CCleaner/130.0.0.0"
91.142.73.116 - - [15/Apr/2025:03:14:08 -0400] "GET /relx-electronic-cigarette/ HTTP/1.1" 200 14993 "https://the80itspod.com/relx-electronic-cigarette/#comment-51428" "Mozilla/5.0 (Windows NT 10.0; Win64; x64) AppleWebKit/537.36 (KHTML, like Gecko) Chrome/130.0.0.0 Safari/537.36 CCleaner/130.0.0.0"
66.249.64.233 - - [15/Apr/2025:03:14:19 -0400] "GET /intel-cpu-model-numbers-how-to-find-the-best-intel-desktop-processor/feed/ HTTP/1.1" 200 452 "-" "Mozilla/5.0 (Linux; Android 6.0.1; Nexus 5X Build/MMB29P) AppleWebKit/537.36 (KHTML, like Gecko) Chrome/135.0.7049.84 Mobile Safari/537.36 (compatible; Googlebot/2.1; +http://www.google.com/bot.html)"
93.183.93.19 - - [15/Apr/2025:03:14:24 -0400] "GET /advantages-of-factory-automation/ HTTP/1.1" 200 12288 "https://the80itspod.com/advantages-of-factory-automation/" "Mozilla/5.0 (Windows NT 10.0; Win64; x64) AppleWebKit/537.36 (KHTML, like Gecko) Chrome/129.0.0.0 Safari/537.36"
93.183.93.19 - - [15/Apr/2025:03:14:24 -0400] "GET /advantages-of-factory-automation/ HTTP/1.1" 200 12288 "https://the80itspod.com/advantages-of-factory-automation/" "Mozilla/5.0 (Windows NT 10.0; Win64; x64) AppleWebKit/537.36 (KHTML, like Gecko) Chrome/130.0.0.0 Safari/537.36"
93.183.93.19 - - [15/Apr/2025:03:14:26 -0400] "POST /wp-comments-post.php HTTP/1.1" 429 982 "https://the80itspod.com/advantages-of-factory-automation/" "Mozilla/5.0 (Windows NT 10.0; Win64; x64) AppleWebKit/537.36 (KHTML, like Gecko) Chrome/130.0.0.0 Safari/537.36"
93.183.93.19 - - [15/Apr/2025:03:14:26 -0400] "POST /wp-comments-post.php HTTP/1.1" 302 0 "https://the80itspod.com/advantages-of-factory-automation/" "Mozilla/5.0 (Windows NT 10.0; Win64; x64) AppleWebKit/537.36 (KHTML, like Gecko) Chrome/129.0.0.0 Safari/537.36"
93.183.93.19 - - [15/Apr/2025:03:14:32 -0400] "GET /advantages-of-factory-automation/ HTTP/1.1" 200 12288 "https://the80itspod.com/advantages-of-factory-automation/" "Mozilla/5.0 (Windows NT 10.0; Win64; x64) AppleWebKit/537.36 (KHTML, like Gecko) Chrome/130.0.0.0 Safari/537.36"
93.183.93.19 - - [15/Apr/2025:03:14:34 -0400] "GET /author/jorge/ HTTP/1.1" 301 0 "https://the80itspod.com/author/jorge/" "Mozilla/5.0 (Windows NT 10.0; Win64; x64) AppleWebKit/537.36 (KHTML, like Gecko) Chrome/130.0.0.0 Safari/537.36"
93.183.93.19 - - [15/Apr/2025:03:14:33 -0400] "GET /advantages-of-factory-automation/ HTTP/1.1" 200 13622 "https://the80itspod.com/advantages-of-factory-automation/#comment-51429" "Mozilla/5.0 (Windows NT 10.0; Win64; x64) AppleWebKit/537.36 (KHTML, like Gecko) Chrome/129.0.0.0 Safari/537.36"
85.208.98.18 - - [15/Apr/2025:03:01:28 -0400] "HEAD /how-to-make-stuffed-cabbage/ HTTP/1.1" 200 0 "-" "Mozilla/5.0 (compatible; SemrushBot; +http://www.semrush.com/bot.html)"
85.208.98.18 - - [15/Apr/2025:03:01:28 -0400] "HEAD /how-to-use-file-transfer-to-meet-modern-business-requirements/ HTTP/1.1" 200 0 "-" "Mozilla/5.0 (compatible; SemrushBot; +http://www.semrush.com/bot.html)"
85.208.98.18 - - [15/Apr/2025:03:01:28 -0400] "HEAD /why-choose-a-ppr-fittings-manufacturer/ HTTP/1.1" 200 0 "-" "Mozilla/5.0 (compatible; SemrushBot; +http://www.semrush.com/bot.html)"
198.54.114.83 - - [15/Apr/2025:03:01:32 -0400] "POST /wp-cron.php?doing_wp_cron=1744700489.2984919548034667968750 HTTP/1.1" 200 0 "-" "WordPress/6.7.2; https://the80itspod.com"
119.28.15.73 - - [15/Apr/2025:03:01:42 -0400] "GET /add-flair-to-your-baseball-or-softball-uniform-with-custom-baseball-stirrup-socks/ HTTP/1.1" 200 12299 "-" "Python/3.10 aiohttp/3.10.5"
85.208.96.209 - - [15/Apr/2025:03:01:50 -0400] "GET /robots.txt HTTP/1.1" 304 0 "-" "Mozilla/5.0 (compatible; SemrushBot/7~bl; +http://www.semrush.com/bot.html)"
185.191.171.9 - - [15/Apr/2025:03:01:52 -0400] "GET /page/49/ HTTP/1.1" 200 13171 "-" "Mozilla/5.0 (compatible; SemrushBot/7~bl; +http://www.semrush.com/bot.html)"
114.10.47.95 - - [15/Apr/2025:03:02:39 -0400] "POST /wp-login.php/wp-login.php HTTP/1.1" 200 0 "-" "python-requests/2.32.3"
198.54.114.83 - - [15/Apr/2025:03:04:27 -0400] "POST /wp-cron.php?doing_wp_cron=1744700666.3168179988861083984375 HTTP/1.1" 200 0 "-" "WordPress/6.7.2; https://the80itspod.com"
18.191.174.179 - - [15/Apr/2025:03:04:22 -0400] "GET /wp-json/wp/v2/posts/1264 HTTP/1.1" 200 10373 "-" "Mozilla/5.0 AppleWebKit/537.36 (KHTML, like Gecko; compatible; ClaudeBot/1.0; +claudebot@anthropic.com)"
129.226.119.118 - - [15/Apr/2025:03:04:39 -0400] "GET /big-bags-are-back/ HTTP/1.1" 200 12401 "-" "Python/3.10 aiohttp/3.10.5"
47.128.45.135 - - [15/Apr/2025:03:04:42 -0400] "GET / HTTP/1.1" 200 13048 "-" "Mozilla/5.0 (Linux; Android 5.0) AppleWebKit/537.36 (KHTML, like Gecko) Mobile Safari/537.36 (compatible; Bytespider; spider-feedback@bytedance.com)"
129.226.160.68 - - [15/Apr/2025:03:05:04 -0400] "GET /houston-plumbing-supply-store/ HTTP/1.1" 200 11527 "-" "Python/3.10 aiohttp/3.10.5"
198.54.114.83 - - [15/Apr/2025:03:06:27 -0400] "POST /wp-cron.php?doing_wp_cron=1744700786.4676589965820312500000 HTTP/1.1" 200 0 "-" "WordPress/6.7.2; https://the80itspod.com"
54.36.148.186 - - [15/Apr/2025:03:06:24 -0400] "GET /where-to-find-kratom-for-sale/feed/ HTTP/1.1" 304 0 "-" "Mozilla/5.0 (compatible; AhrefsBot/7.0; +http://ahrefs.com/robot/)"
198.54.114.83 - - [15/Apr/2025:03:06:28 -0400] "POST /wp-admin/admin-ajax.php?action=async_litespeed&nonce=pgxncRGWxr8pkgJTBaWI3gjx9yL96272&litespeed_type=imgoptm HTTP/1.1" 200 0 "-" "WordPress/6.7.2; https://the80itspod.com"
3.142.208.250 - - [15/Apr/2025:03:08:17 -0400] "GET /wp-json/oembed/1.0/embed?url=https%3A%2F%2Fthe80itspod.com%2Fmiams-florida-could-be-a-climate-migrating-test-case%2F HTTP/1.1" 200 2365 "-" "Mozilla/5.0 AppleWebKit/537.36 (KHTML, like Gecko; compatible; ClaudeBot/1.0; +claudebot@anthropic.com)"
66.249.64.234 - - [15/Apr/2025:03:15:27 -0400] "GET /individuelles-gitarrenlernen-in-dusseldorf-fur-anfanger-und-fortgeschrittene/feed/ HTTP/1.1" 200 445 "-" "Mozilla/5.0 (Linux; Android 6.0.1; Nexus 5X Build/MMB29P) AppleWebKit/537.36 (KHTML, like Gecko) Chrome/135.0.7049.84 Mobile Safari/537.36 (compatible; Googlebot/2.1; +http://www.google.com/bot.html)"
198.54.114.83 - - [15/Apr/2025:03:15:30 -0400] "POST /wp-cron.php?doing_wp_cron=1744701328.5005209445953369140625 HTTP/1.1" 200 0 "-" "WordPress/6.7.2; https://the80itspod.com"
151.106.163.149 - - [15/Apr/2025:03:15:47 -0400] "GET /wp-content/uploads/2023/01/How-to-Find-Your-Phone-Number-on-iPhone-1024x410.jpg HTTP/1.1" 200 30082 "-" "Mozilla/5.0 (X11; Ubuntu; Linux x86_64; rv:72.0) Gecko/20100101 Firefox/72.0"
101.32.26.19 - - [15/Apr/2025:03:16:03 -0400] "GET /how-to-overcome-fear-and-relationships/ HTTP/1.1" 200 12276 "-" "Python/3.10 aiohttp/3.10.5"
2a03:2880:f800:b:: - - [15/Apr/2025:03:16:03 -0400] "GET /wp-json/wp/v2/posts/537 HTTP/1.1" 200 12206 "-" "meta-externalagent/1.1 (+https://developers.facebook.com/docs/sharing/webmasters/crawler)"
66.249.64.233 - - [15/Apr/2025:03:16:15 -0400] "GET /adjust-screen-time-on-iphone-smart-controls/feed/ HTTP/1.1" 200 419 "-" "Mozilla/5.0 (Linux; Android 6.0.1; Nexus 5X Build/MMB29P) AppleWebKit/537.36 (KHTML, like Gecko) Chrome/135.0.7049.84 Mobile Safari/537.36 (compatible; Googlebot/2.1; +http://www.google.com/bot.html)"
198.54.114.83 - - [15/Apr/2025:03:17:02 -0400] "POST /wp-cron.php?doing_wp_cron=1744701421.1743180751800537109375 HTTP/1.1" 200 0 "-" "WordPress/6.7.2; https://the80itspod.com"
54.36.149.78 - - [15/Apr/2025:03:17:00 -0400] "GET /the-importance-of-american-heart-association-bls/feed/ HTTP/1.1" 200 412 "-" "Mozilla/5.0 (compatible; AhrefsBot/7.0; +http://ahrefs.com/robot/)"
66.249.64.232 - - [15/Apr/2025:03:17:06 -0400] "GET /add-screen-recording-to-iphone-easy-setup/feed/ HTTP/1.1" 200 411 "-" "Mozilla/5.0 (Linux; Android 6.0.1; Nexus 5X Build/MMB29P) AppleWebKit/537.36 (KHTML, like Gecko) Chrome/135.0.7049.84 Mobile Safari/537.36 (compatible; Googlebot/2.1; +http://www.google.com/bot.html)"
43.132.219.33 - - [15/Apr/2025:03:17:23 -0400] "GET /important-features-and-uses-of-centrifugal-pumps/ HTTP/1.1" 200 12368 "-" "Python/3.10 aiohttp/3.10.5"
129.226.63.212 - - [15/Apr/2025:03:18:15 -0400] "GET /why-you-need-a-commercial-locksmith/ HTTP/1.1" 200 12198 "-" "Python/3.10 aiohttp/3.10.5"
198.54.114.83 - - [15/Apr/2025:03:19:06 -0400] "POST /wp-cron.php?doing_wp_cron=1744701544.9484879970550537109375 HTTP/1.1" 200 0 "-" "WordPress/6.7.2; https://the80itspod.com"
114.119.158.43 - - [15/Apr/2025:03:18:58 -0400] "GET /page/41/?NA HTTP/1.1" 200 13112 "https://the80itspod.com/page/40/?NA" "Mozilla/5.0 (Linux; Android 7.0;) AppleWebKit/537.36 (KHTML, like Gecko) Mobile Safari/537.36 (compatible; PetalBot;+https://webmaster.petalsearch.com/site/petalbot)"
43.135.121.153 - - [15/Apr/2025:03:20:00 -0400] "GET /best-cbd-oil-for-anxiety-uk/ HTTP/1.1" 200 12557 "-" "Python/3.10 aiohttp/3.10.5"
114.119.139.247 - - [15/Apr/2025:03:20:21 -0400] "GET /choosing-an-iop-program-near-me/ HTTP/1.1" 200 12230 "https://the80itspod.com/page/80/?MA" "Mozilla/5.0 (Linux; Android 7.0;) AppleWebKit/537.36 (KHTML, like Gecko) Mobile Safari/537.36 (compatible; PetalBot;+https://webmaster.petalsearch.com/site/petalbot)"
198.54.114.83 - - [15/Apr/2025:03:21:14 -0400] "POST /wp-cron.php?doing_wp_cron=1744701673.8086268901824951171875 HTTP/1.1" 200 0 "-" "WordPress/6.7.2; https://the80itspod.com"
101.32.39.34 - - [15/Apr/2025:03:21:13 -0400] "GET /buying-research-peptides-online/ HTTP/1.1" 200 12414 "-" "Python/3.10 aiohttp/3.10.5"
198.54.114.83 - - [15/Apr/2025:03:21:15 -0400] "POST /wp-admin/admin-ajax.php?action=async_litespeed&nonce=vqZlxjfLyn1WpSVNefBjHHPkarlSWkQe&litespeed_type=imgoptm HTTP/1.1" 200 0 "-" "WordPress/6.7.2; https://the80itspod.com"
54.36.148.43 - - [15/Apr/2025:03:22:13 -0400] "GET /travelling-to-the-gilis-islands-from-bali/feed/ HTTP/1.1" 200 408 "-" "Mozilla/5.0 (compatible; AhrefsBot/7.0; +http://ahrefs.com/robot/)"
66.249.64.224 - - [15/Apr/2025:03:22:12 -0400] "GET /lart-du-massage-a-geneve-detente-et-tradition/feed/ HTTP/1.1" 200 432 "-" "Mozilla/5.0 (Linux; Android 6.0.1; Nexus 5X Build/MMB29P) AppleWebKit/537.36 (KHTML, like Gecko) Chrome/135.0.7049.84 Mobile Safari/537.36 (compatible; Googlebot/2.1; +http://www.google.com/bot.html)"
198.54.114.83 - - [15/Apr/2025:03:22:14 -0400] "POST /wp-cron.php?doing_wp_cron=1744701733.1054880619049072265625 HTTP/1.1" 200 0 "-" "WordPress/6.7.2; https://the80itspod.com"
66.249.64.226 - - [15/Apr/2025:03:23:08 -0400] "GET /valentines-day-wallpaper-for-your-desktop-or-smartphone/ HTTP/1.1" 200 11693 "-" "Mozilla/5.0 (Linux; Android 6.0.1; Nexus 5X Build/MMB29P) AppleWebKit/537.36 (KHTML, like Gecko) Chrome/135.0.7049.84 Mobile Safari/537.36 (compatible; Googlebot/2.1; +http://www.google.com/bot.html)"
66.249.64.224 - - [15/Apr/2025:03:24:18 -0400] "GET /code-switch-simposio-sobre-identidad-y-cultura-para-puertorriquenos-en-los-estados-unidos-y-la-diaspora/ HTTP/1.1" 200 11971 "-" "Mozilla/5.0 (Linux; Android 6.0.1; Nexus 5X Build/MMB29P) AppleWebKit/537.36 (KHTML, like Gecko) Chrome/135.0.7049.84 Mobile Safari/537.36 (compatible; Googlebot/2.1; +http://www.google.com/bot.html)"
198.54.114.83 - - [15/Apr/2025:03:24:21 -0400] "POST /wp-cron.php?doing_wp_cron=1744701859.2034649848937988281250 HTTP/1.1" 200 0 "-" "WordPress/6.7.2; https://the80itspod.com"
66.249.64.225 - - [15/Apr/2025:03:24:23 -0400] "GET /how-to-record-on-snapchat/feed/ HTTP/1.1" 200 414 "-" "Mozilla/5.0 (Linux; Android 6.0.1; Nexus 5X Build/MMB29P) AppleWebKit/537.36 (KHTML, like Gecko) Chrome/135.0.7049.84 Mobile Safari/537.36 (compatible; Googlebot/2.1; +http://www.google.com/bot.html)"
66.249.64.224 - - [15/Apr/2025:03:24:26 -0400] "GET /page/104/ HTTP/1.1" 200 13054 "-" "Mozilla/5.0 (Linux; Android 6.0.1; Nexus 5X Build/MMB29P) AppleWebKit/537.36 (KHTML, like Gecko) Chrome/135.0.7049.84 Mobile Safari/537.36 (compatible; Googlebot/2.1; +http://www.google.com/bot.html)"
47.128.32.20 - - [15/Apr/2025:03:24:55 -0400] "GET /page/125/ HTTP/1.1" 200 13471 "-" "Mozilla/5.0 (compatible; Bytespider; spider-feedback@bytedance.com) AppleWebKit/537.36 (KHTML, like Gecko) Chrome/70.0.0.0 Safari/537.36"
47.128.32.20 - - [15/Apr/2025:03:25:00 -0400] "GET /wp-content/uploads/2023/01/How-to-Cut-Watermelon-Slices-300x144.jpg HTTP/1.1" 200 8695 "https://the80itspod.com/page/125/" "Mozilla/5.0 (compatible; Bytespider; spider-feedback@bytedance.com) AppleWebKit/537.36 (KHTML, like Gecko) Chrome/70.0.0.0 Safari/537.36"
47.128.32.20 - - [15/Apr/2025:03:25:00 -0400] "GET /wp-content/uploads/2023/01/How-to-Invert-Photo-on-iPhone-8-300x193.jpg HTTP/1.1" 200 18547 "https://the80itspod.com/page/125/" "Mozilla/5.0 (compatible; Bytespider; spider-feedback@bytedance.com) AppleWebKit/537.36 (KHTML, like Gecko) Chrome/70.0.0.0 Safari/537.36"
47.128.32.20 - - [15/Apr/2025:03:25:00 -0400] "GET /wp-content/uploads/2023/01/How-to-Win-in-a-Casino-300x200.jpg HTTP/1.1" 200 22762 "https://the80itspod.com/page/125/" "Mozilla/5.0 (compatible; Bytespider; spider-feedback@bytedance.com) AppleWebKit/537.36 (KHTML, like Gecko) Chrome/70.0.0.0 Safari/537.36"
47.128.32.20 - - [15/Apr/2025:03:25:01 -0400] "GET /wp-content/uploads/2023/01/How-to-Find-Your-Phone-Number-on-iPhone-300x120.jpg HTTP/1.1" 200 6126 "https://the80itspod.com/page/125/" "Mozilla/5.0 (compatible; Bytespider; spider-feedback@bytedance.com) AppleWebKit/537.36 (KHTML, like Gecko) Chrome/70.0.0.0 Safari/537.36"
66.249.64.224 - - [15/Apr/2025:03:25:16 -0400] "GET /page/105/ HTTP/1.1" 200 13143 "-" "Mozilla/5.0 (Linux; Android 6.0.1; Nexus 5X Build/MMB29P) AppleWebKit/537.36 (KHTML, like Gecko) Chrome/135.0.7049.84 Mobile Safari/537.36 (compatible; Googlebot/2.1; +http://www.google.com/bot.html)"
198.54.114.83 - - [15/Apr/2025:03:25:42 -0400] "POST /wp-admin/admin-ajax.php?action=async_litespeed&nonce=DkjxjXyNPo9l8KIZcavD4kI2OkZY4ZJy&litespeed_type=imgoptm HTTP/1.1" 200 0 "-" "WordPress/6.7.2; https://the80itspod.com"
198.54.114.83 - - [15/Apr/2025:03:26:17 -0400] "POST /wp-cron.php?doing_wp_cron=1744701976.2903349399566650390625 HTTP/1.1" 200 0 "-" "WordPress/6.7.2; https://the80itspod.com"
185.152.93.125 - - [15/Apr/2025:03:26:15 -0400] "GET /living-in-the-arden/ HTTP/1.1" 200 11765 "https://the80itspod.com/living-in-the-arden/" "Mozilla/5.0 (Windows NT 6.3; Win64; x64) AppleWebKit/537.36 (KHTML, like Gecko) Chrome/103.0.0.0 Safari/537.36"
198.54.114.83 - - [15/Apr/2025:03:26:56 -0400] "POST /wp-cron.php?doing_wp_cron=1744702014.6202230453491210937500 HTTP/1.1" 200 0 "-" "WordPress/6.7.2; https://the80itspod.com"
66.249.64.226 - - [15/Apr/2025:03:26:48 -0400] "GET /page/110/ HTTP/1.1" 200 13131 "-" "Mozilla/5.0 (Linux; Android 6.0.1; Nexus 5X Build/MMB29P) AppleWebKit/537.36 (KHTML, like Gecko) Chrome/135.0.7049.84 Mobile Safari/537.36 (compatible; Googlebot/2.1; +http://www.google.com/bot.html)"
185.152.93.125 - - [15/Apr/2025:03:27:00 -0400] "POST /wp-comments-post.php HTTP/1.1" 302 0 "https://the80itspod.com/living-in-the-arden/" "Mozilla/5.0 (Windows NT 6.3; Win64; x64) AppleWebKit/537.36 (KHTML, like Gecko) Chrome/103.0.0.0 Safari/537.36"
185.152.93.125 - - [15/Apr/2025:03:27:05 -0400] "GET /living-in-the-arden/ HTTP/1.1" 200 12656 "https://the80itspod.com/living-in-the-arden/#comment-51430" "Mozilla/5.0 (Windows NT 6.3; Win64; x64) AppleWebKit/537.36 (KHTML, like Gecko) Chrome/103.0.0.0 Safari/537.36"
54.36.148.248 - - [15/Apr/2025:03:27:23 -0400] "GET /before-you-select-a-face-painter-for-your-event-here-are-7-face-painting-facts-you-must-know/ HTTP/1.1" 200 13800 "-" "Mozilla/5.0 (compatible; AhrefsBot/7.0; +http://ahrefs.com/robot/)"
217.145.227.76 - - [15/Apr/2025:03:28:29 -0400] "GET /how-to-perceive-the-quality-and-worth-of-rare-adornments-on-the-web/ HTTP/1.1" 200 12975 "https://the80itspod.com/how-to-perceive-the-quality-and-worth-of-rare-adornments-on-the-web/" "Mozilla/5.0 (Windows NT 6.3; Win64; x64) AppleWebKit/537.36 (KHTML, like Gecko) Chrome/103.0.5060.114 Safari/537.36"
198.54.114.83 - - [15/Apr/2025:03:28:38 -0400] "POST /wp-cron.php?doing_wp_cron=1744702116.3749899864196777343750 HTTP/1.1" 200 0 "-" "WordPress/6.7.2; https://the80itspod.com"
217.145.227.76 - - [15/Apr/2025:03:28:32 -0400] "POST /wp-comments-post.php HTTP/1.1" 302 0 "https://the80itspod.com/how-to-perceive-the-quality-and-worth-of-rare-adornments-on-the-web/" "Mozilla/5.0 (Windows NT 6.3; Win64; x64) AppleWebKit/537.36 (KHTML, like Gecko) Chrome/103.0.5060.114 Safari/537.36"
217.145.227.76 - - [15/Apr/2025:03:28:41 -0400] "GET /how-to-perceive-the-quality-and-worth-of-rare-adornments-on-the-web/ HTTP/1.1" 200 13874 "https://the80itspod.com/how-to-perceive-the-quality-and-worth-of-rare-adornments-on-the-web/#comment-51431" "Mozilla/5.0 (Windows NT 6.3; Win64; x64) AppleWebKit/537.36 (KHTML, like Gecko) Chrome/103.0.5060.114 Safari/537.36"
198.54.114.83 - - [15/Apr/2025:03:31:24 -0400] "POST /wp-admin/admin-ajax.php?action=async_litespeed&nonce=514vjyV3dA5fiXxai9BlY8l8ykBTFosA&litespeed_type=imgoptm HTTP/1.1" 200 0 "-" "WordPress/6.7.2; https://the80itspod.com"
2a02:598:128:8a00::b00:1e - - [15/Apr/2025:03:33:52 -0400] "GET /cycling-gifts-for-cycling-lovers-this-christmas/ HTTP/1.1" 200 12342 "-" "Mozilla/5.0 (compatible; SeznamBot/4.0; +https://o-seznam.cz/napoveda/vyhledavani/en/seznambot-crawler/)"
85.208.98.16 - - [15/Apr/2025:03:34:39 -0400] "GET /choosing-a-moonstone-ring/ HTTP/1.1" 200 0 "-" "Mozilla/5.0 (compatible; SemrushBot-BA; +http://www.semrush.com/bot.html)"
198.54.114.83 - - [15/Apr/2025:03:34:46 -0400] "POST /wp-cron.php?doing_wp_cron=1744702486.0422890186309814453125 HTTP/1.1" 200 0 "-" "WordPress/6.7.2; https://the80itspod.com"
198.54.114.83 - - [15/Apr/2025:03:34:48 -0400] "POST /wp-admin/admin-ajax.php?action=async_litespeed&nonce=5lEixrVHIxUpv7xyfreEwAmkuVOHQ44d&litespeed_type=imgoptm HTTP/1.1" 200 0 "-" "WordPress/6.7.2; https://the80itspod.com"
134.17.14.122 - - [15/Apr/2025:03:35:21 -0400] "GET /goat.php HTTP/1.1" 404 8116 "-" "Mozilla/4.0 (compatible; MSIE 6.0; Windows NT 5.1; SV1)"
198.54.114.83 - - [15/Apr/2025:03:35:23 -0400] "POST /wp-cron.php?doing_wp_cron=1744702521.8033061027526855468750 HTTP/1.1" 200 0 "-" "WordPress/6.7.2; https://the80itspod.com"
2a03:2880:f800:1:: - - [15/Apr/2025:03:36:08 -0400] "GET /?p=548 HTTP/1.1" 301 0 "-" "meta-externalagent/1.1 (+https://developers.facebook.com/docs/sharing/webmasters/crawler)"
54.36.148.224 - - [15/Apr/2025:03:38:01 -0400] "GET /page/70/ HTTP/1.1" 200 13417 "-" "Mozilla/5.0 (compatible; AhrefsBot/7.0; +http://ahrefs.com/robot/)"
91.142.73.116 - - [15/Apr/2025:03:38:12 -0400] "GET /relx-electronic-cigarette/ HTTP/1.1" 200 12607 "https://the80itspod.com/relx-electronic-cigarette/#comment-24891/" "Mozilla/5.0 (Windows NT 10.0; Win64; x64) AppleWebKit/537.36 (KHTML, like Gecko) Chrome/130.0.0.0 Safari/537.36 CCleaner/130.0.0.0"
198.54.114.83 - - [15/Apr/2025:03:38:21 -0400] "POST /wp-cron.php?doing_wp_cron=1744702699.8391549587249755859375 HTTP/1.1" 200 0 "-" "WordPress/6.7.2; https://the80itspod.com"
91.142.73.116 - - [15/Apr/2025:03:38:14 -0400] "POST /wp-comments-post.php HTTP/1.1" 302 0 "https://the80itspod.com/relx-electronic-cigarette/#comment-24891/" "Mozilla/5.0 (Windows NT 10.0; Win64; x64) AppleWebKit/537.36 (KHTML, like Gecko) Chrome/130.0.0.0 Safari/537.36 CCleaner/130.0.0.0"
91.142.73.116 - - [15/Apr/2025:03:38:25 -0400] "GET /relx-electronic-cigarette/ HTTP/1.1" 200 17895 "https://the80itspod.com/relx-electronic-cigarette/#comment-51432" "Mozilla/5.0 (Windows NT 10.0; Win64; x64) AppleWebKit/537.36 (KHTML, like Gecko) Chrome/130.0.0.0 Safari/537.36 CCleaner/130.0.0.0"
198.54.114.83 - - [15/Apr/2025:03:39:33 -0400] "POST /wp-cron.php?doing_wp_cron=1744702771.9860939979553222656250 HTTP/1.1" 200 0 "-" "WordPress/6.7.2; https://the80itspod.com"
185.191.171.18 - - [15/Apr/2025:03:39:28 -0400] "GET /la-magie-des-peluches-pokemon/ HTTP/1.1" 200 11725 "-" "Mozilla/5.0 (compatible; SemrushBot/7~bl; +http://www.semrush.com/bot.html)"
114.119.128.26 - - [15/Apr/2025:03:40:03 -0400] "GET /page/84/ HTTP/1.1" 200 13405 "https://the80itspod.com/page/82/" "Mozilla/5.0 (Linux; Android 7.0;) AppleWebKit/537.36 (KHTML, like Gecko) Mobile Safari/537.36 (compatible; PetalBot;+https://webmaster.petalsearch.com/site/petalbot)"
2a03:2880:f800:: - - [15/Apr/2025:03:40:11 -0400] "GET /concevez-votre-itineraire-de-voyage-gratuitement/feed/ HTTP/1.1" 200 420 "-" "meta-externalagent/1.1 (+https://developers.facebook.com/docs/sharing/webmasters/crawler)"
114.119.139.247 - - [15/Apr/2025:03:41:25 -0400] "GET /how-to-find-a-move-out-cleaning-service/ HTTP/1.1" 200 12076 "https://the80itspod.com/a-week-in-the-wallet-exploring-a-money-diary/" "Mozilla/5.0 (Linux; Android 7.0;) AppleWebKit/537.36 (KHTML, like Gecko) Mobile Safari/537.36 (compatible; PetalBot;+https://webmaster.petalsearch.com/site/petalbot)"
198.54.114.83 - - [15/Apr/2025:03:42:17 -0400] "POST /wp-admin/admin-ajax.php?action=async_litespeed&nonce=iJE5Ub9WueaHjVbJWlfBheReeZhMPIS4&litespeed_type=imgoptm HTTP/1.1" 200 0 "-" "WordPress/6.7.2; https://the80itspod.com"
198.54.114.83 - - [15/Apr/2025:03:42:33 -0400] "POST /wp-cron.php?doing_wp_cron=1744702953.0106160640716552734375 HTTP/1.1" 200 0 "-" "WordPress/6.7.2; https://the80itspod.com"
66.249.64.225 - - [15/Apr/2025:03:42:32 -0400] "GET /page/109/ HTTP/1.1" 200 13157 "-" "Mozilla/5.0 (Linux; Android 6.0.1; Nexus 5X Build/MMB29P) AppleWebKit/537.36 (KHTML, like Gecko) Chrome/135.0.7049.84 Mobile Safari/537.36 (compatible; Googlebot/2.1; +http://www.google.com/bot.html)"
198.54.114.83 - - [15/Apr/2025:03:42:34 -0400] "POST /wp-admin/admin-ajax.php?action=async_litespeed&nonce=xYiD7nC17eWn6Ovj8zxDBWljp7lpTGVT&litespeed_type=imgoptm HTTP/1.1" 200 0 "-" "WordPress/6.7.2; https://the80itspod.com"
114.119.139.247 - - [15/Apr/2025:03:42:50 -0400] "GET /ge-appliances-customer-service/ HTTP/1.1" 200 12501 "https://the80itspod.com/page/85/?SD" "Mozilla/5.0 (Linux; Android 7.0;) AppleWebKit/537.36 (KHTML, like Gecko) Mobile Safari/537.36 (compatible; PetalBot;+https://webmaster.petalsearch.com/site/petalbot)"
54.36.148.59 - - [15/Apr/2025:03:43:45 -0400] "GET /limportance-cruciale-de-lisolation-thermique/ HTTP/1.1" 200 12347 "-" "Mozilla/5.0 (compatible; AhrefsBot/7.0; +http://ahrefs.com/robot/)"
198.54.114.83 - - [15/Apr/2025:03:44:15 -0400] "POST /wp-cron.php?doing_wp_cron=1744703055.2931270599365234375000 HTTP/1.1" 200 0 "-" "WordPress/6.7.2; https://the80itspod.com"
114.119.128.181 - - [15/Apr/2025:03:44:12 -0400] "GET /page/52/?MA HTTP/1.1" 200 12988 "https://the80itspod.com/page/49/?MA" "Mozilla/5.0 (Linux; Android 7.0;) AppleWebKit/537.36 (KHTML, like Gecko) Mobile Safari/537.36 (compatible; PetalBot;+https://webmaster.petalsearch.com/site/petalbot)"
198.54.114.83 - - [15/Apr/2025:03:44:17 -0400] "POST /wp-admin/admin-ajax.php?action=async_litespeed&nonce=7i7ZlVInks3jgMGluPmoqVgeZD9I1bjw&litespeed_type=imgoptm HTTP/1.1" 200 0 "-" "WordPress/6.7.2; https://the80itspod.com"
198.54.114.83 - - [15/Apr/2025:03:45:40 -0400] "POST /wp-cron.php?doing_wp_cron=1744703139.8026359081268310546875 HTTP/1.1" 200 0 "-" "WordPress/6.7.2; https://the80itspod.com"
114.119.128.181 - - [15/Apr/2025:03:45:37 -0400] "GET /elegance-et-diversite/ HTTP/1.1" 200 11534 "https://the80itspod.com/page/25/" "Mozilla/5.0 (Linux; Android 7.0;) AppleWebKit/537.36 (KHTML, like Gecko) Mobile Safari/537.36 (compatible; PetalBot;+https://webmaster.petalsearch.com/site/petalbot)"
198.54.114.83 - - [15/Apr/2025:03:45:41 -0400] "POST /wp-admin/admin-ajax.php?action=async_litespeed&nonce=FqYVIHYN2aK5JmZN1kTWpbG76GCJtkJU&litespeed_type=imgoptm HTTP/1.1" 200 5 "-" "WordPress/6.7.2; https://the80itspod.com"
47.79.200.41 - - [15/Apr/2025:03:46:16 -0400] "GET / HTTP/1.1" 200 13048 "https://www.google.com/" "Mozilla/5.0 (Windows NT 10.0; Win64; x64) AppleWebKit/537.36 (KHTML, like Gecko) Chrome/132.0.0.0 Safari/537.36"
150.109.57.32 - - [15/Apr/2025:03:46:23 -0400] "GET /how-to-qualify-for-a-personal-loan-singapore/ HTTP/1.1" 200 12266 "-" "Python/3.10 aiohttp/3.10.5"
91.84.98.204 - - [15/Apr/2025:03:46:40 -0400] "GET /advantages-of-factory-automation/ HTTP/1.1" 200 12288 "https://the80itspod.com/advantages-of-factory-automation/" "Mozilla/5.0 (Windows NT 10.0; Win64; x64) AppleWebKit/537.36 (KHTML, like Gecko) Chrome/130.0.0.0 Safari/537.36"
198.54.114.83 - - [15/Apr/2025:03:46:41 -0400] "POST /wp-cron.php?doing_wp_cron=1744703201.2019290924072265625000 HTTP/1.1" 200 0 "-" "WordPress/6.7.2; https://the80itspod.com"
198.54.114.83 - - [15/Apr/2025:03:46:42 -0400] "POST /wp-admin/admin-ajax.php?action=async_litespeed&nonce=gjMKSCS6d1DGXYhSFH8LQ4tr6F5XMrfp&litespeed_type=imgoptm HTTP/1.1" 200 5 "-" "WordPress/6.7.2; https://the80itspod.com"
91.84.98.204 - - [15/Apr/2025:03:46:40 -0400] "POST /wp-comments-post.php HTTP/1.1" 302 0 "https://the80itspod.com/advantages-of-factory-automation/" "Mozilla/5.0 (Windows NT 10.0; Win64; x64) AppleWebKit/537.36 (KHTML, like Gecko) Chrome/130.0.0.0 Safari/537.36"
91.84.98.204 - - [15/Apr/2025:03:46:43 -0400] "GET /advantages-of-factory-automation/ HTTP/1.1" 200 13887 "https://the80itspod.com/advantages-of-factory-automation/#comment-51433" "Mozilla/5.0 (Windows NT 10.0; Win64; x64) AppleWebKit/537.36 (KHTML, like Gecko) Chrome/130.0.0.0 Safari/537.36"
114.119.139.247 - - [15/Apr/2025:03:46:59 -0400] "GET /diamond-painting-zubehor/ HTTP/1.1" 200 12570 "https://the80itspod.com/category/activity/page/105/" "Mozilla/5.0 (Linux; Android 7.0;) AppleWebKit/537.36 (KHTML, like Gecko) Mobile Safari/537.36 (compatible; PetalBot;+https://webmaster.petalsearch.com/site/petalbot)"
198.54.114.83 - - [15/Apr/2025:03:47:57 -0400] "POST /wp-cron.php?doing_wp_cron=1744703277.7536969184875488281250 HTTP/1.1" 200 0 "-" "WordPress/6.7.2; https://the80itspod.com"
66.249.64.233 - - [15/Apr/2025:03:47:57 -0400] "GET /page/108/ HTTP/1.1" 200 12994 "-" "Mozilla/5.0 (Linux; Android 6.0.1; Nexus 5X Build/MMB29P) AppleWebKit/537.36 (KHTML, like Gecko) Chrome/135.0.7049.84 Mobile Safari/537.36 (compatible; Googlebot/2.1; +http://www.google.com/bot.html)"
198.54.114.83 - - [15/Apr/2025:03:47:58 -0400] "POST /wp-admin/admin-ajax.php?action=async_litespeed&nonce=F7f4oxhiQdMA7iIUuqvc7pSUqq05wrG0&litespeed_type=imgoptm HTTP/1.1" 200 5 "-" "WordPress/6.7.2; https://the80itspod.com"
43.154.249.136 - - [15/Apr/2025:03:48:08 -0400] "GET /gina-approved-curly-hairdresser-melbourne/ HTTP/1.1" 200 11772 "-" "Python/3.10 aiohttp/3.10.5"
198.54.114.83 - - [15/Apr/2025:03:48:22 -0400] "POST /wp-admin/admin-ajax.php?action=async_litespeed&nonce=GYwydnHyGHLR3SLj0218v3AzlctY0bch&litespeed_type=imgoptm HTTP/1.1" 200 0 "-" "WordPress/6.7.2; https://the80itspod.com"
114.119.139.247 - - [15/Apr/2025:03:48:22 -0400] "GET /comment-choisir-une-agence-de-creation-de-site-internet/ HTTP/1.1" 200 12227 "https://the80itspod.com/page/44/?SD" "Mozilla/5.0 (Linux; Android 7.0;) AppleWebKit/537.36 (KHTML, like Gecko) Mobile Safari/537.36 (compatible; PetalBot;+https://webmaster.petalsearch.com/site/petalbot)"
198.54.114.83 - - [15/Apr/2025:03:49:09 -0400] "POST /wp-cron.php?doing_wp_cron=1744703348.9481720924377441406250 HTTP/1.1" 200 0 "-" "WordPress/6.7.2; https://the80itspod.com"
54.36.149.82 - - [15/Apr/2025:03:49:08 -0400] "GET /category/activity/page/76/ HTTP/1.1" 200 11388 "-" "Mozilla/5.0 (compatible; AhrefsBot/7.0; +http://ahrefs.com/robot/)"
198.54.114.83 - - [15/Apr/2025:03:49:09 -0400] "POST /wp-admin/admin-ajax.php?action=async_litespeed&nonce=wpCMd1t8OswpZwmI5nfC1tVtuHODjBLp&litespeed_type=imgoptm HTTP/1.1" 200 5 "-" "WordPress/6.7.2; https://the80itspod.com"
198.54.114.83 - - [15/Apr/2025:03:49:47 -0400] "POST /wp-cron.php?doing_wp_cron=1744703387.3366758823394775390625 HTTP/1.1" 200 0 "-" "WordPress/6.7.2; https://the80itspod.com"
114.119.140.170 - - [15/Apr/2025:03:49:46 -0400] "GET /page/55/?NA HTTP/1.1" 200 13262 "https://the80itspod.com/page/53/?NA" "Mozilla/5.0 (Linux; Android 7.0;) AppleWebKit/537.36 (KHTML, like Gecko) Mobile Safari/537.36 (compatible; PetalBot;+https://webmaster.petalsearch.com/site/petalbot)"
198.54.114.83 - - [15/Apr/2025:03:49:48 -0400] "POST /wp-admin/admin-ajax.php?action=async_litespeed&nonce=CSMu28BS2vKRAYFmXPiIL9QHHEWJMdQF&litespeed_type=imgoptm HTTP/1.1" 200 5 "-" "WordPress/6.7.2; https://the80itspod.com"
198.54.114.83 - - [15/Apr/2025:03:51:06 -0400] "POST /wp-admin/admin-ajax.php?action=async_litespeed&nonce=IkDuzNx4L3t5xCsemICX4DvM4SDMUCXF&litespeed_type=imgoptm HTTP/1.1" 200 0 "-" "WordPress/6.7.2; https://the80itspod.com"
198.54.114.83 - - [15/Apr/2025:03:51:28 -0400] "POST /wp-cron.php?doing_wp_cron=1744703488.5126259326934814453125 HTTP/1.1" 200 0 "-" "WordPress/6.7.2; https://the80itspod.com"
66.249.64.233 - - [15/Apr/2025:03:51:28 -0400] "GET /2024/10/ HTTP/1.1" 301 0 "-" "Mozilla/5.0 (Linux; Android 6.0.1; Nexus 5X Build/MMB29P) AppleWebKit/537.36 (KHTML, like Gecko) Chrome/135.0.7049.84 Mobile Safari/537.36 (compatible; Googlebot/2.1; +http://www.google.com/bot.html)"
198.54.114.83 - - [15/Apr/2025:03:51:29 -0400] "POST /wp-admin/admin-ajax.php?action=async_litespeed&nonce=b1OUsQXlj2fGASwaOuvCICt96wDMyn86&litespeed_type=imgoptm HTTP/1.1" 200 5 "-" "WordPress/6.7.2; https://the80itspod.com"
198.54.114.83 - - [15/Apr/2025:03:52:29 -0400] "POST /wp-cron.php?doing_wp_cron=1744703548.8938920497894287109375 HTTP/1.1" 200 0 "-" "WordPress/6.7.2; https://the80itspod.com"
66.249.64.232 - - [15/Apr/2025:03:52:28 -0400] "GET /2024/05/ HTTP/1.1" 301 0 "-" "Mozilla/5.0 (Linux; Android 6.0.1; Nexus 5X Build/MMB29P) AppleWebKit/537.36 (KHTML, like Gecko) Chrome/135.0.7049.84 Mobile Safari/537.36 (compatible; Googlebot/2.1; +http://www.google.com/bot.html)"
198.54.114.83 - - [15/Apr/2025:03:52:30 -0400] "POST /wp-admin/admin-ajax.php?action=async_litespeed&nonce=UcUkgdebMOkZTLJxZKS4cLnsixUO67Kg&litespeed_type=imgoptm HTTP/1.1" 200 0 "-" "WordPress/6.7.2; https://the80itspod.com"
129.226.49.139 - - [15/Apr/2025:03:52:57 -0400] "GET /how-audio-visual-can-enhance-your-event/ HTTP/1.1" 200 12487 "-" "Python/3.10 aiohttp/3.10.5"
109.172.87.122 - - [15/Apr/2025:03:54:30 -0400] "GET /advantages-of-factory-automation/ HTTP/1.1" 200 12288 "-" "Mozilla/5.0 (Windows NT 10.0; Win64; x64) AppleWebKit/537.36 (KHTML, like Gecko) Chrome/114.0.0.0 Safari/537.36"
109.172.87.122 - - [15/Apr/2025:03:54:37 -0400] "GET /category/sign-up/ HTTP/1.1" 200 9151 "https://the80itspod.com/advantages-of-factory-automation/" "Mozilla/5.0 (Windows NT 6.3; Win64; x64) AppleWebKit/537.36 (KHTML, like Gecko) Chrome/103.0.0.0 Safari/537.36"
198.54.114.83 - - [15/Apr/2025:03:54:38 -0400] "POST /wp-cron.php?doing_wp_cron=1744703676.9989459514617919921875 HTTP/1.1" 200 0 "-" "WordPress/6.7.2; https://the80itspod.com"
109.172.87.122 - - [15/Apr/2025:03:54:38 -0400] "GET /category/sign-up/ HTTP/1.1" 200 9151 "https://the80itspod.com/category/sign-up/" "Mozilla/5.0 (Windows NT 6.3; Win64; x64) AppleWebKit/537.36 (KHTML, like Gecko) Chrome/103.0.0.0 Safari/537.36"
54.36.148.217 - - [15/Apr/2025:03:54:31 -0400] "GET /page/57/ HTTP/1.1" 200 13175 "-" "Mozilla/5.0 (compatible; AhrefsBot/7.0; +http://ahrefs.com/robot/)"
109.172.87.122 - - [15/Apr/2025:03:54:39 -0400] "GET /advantages-of-factory-automation/ HTTP/1.1" 200 12288 "https://the80itspod.com/advantages-of-factory-automation/" "Mozilla/5.0 (Windows NT 6.3; Win64; x64) AppleWebKit/537.36 (KHTML, like Gecko) Chrome/103.0.0.0 Safari/537.36"
109.172.87.122 - - [15/Apr/2025:03:54:40 -0400] "POST /wp-comments-post.php HTTP/1.1" 302 0 "https://the80itspod.com/advantages-of-factory-automation/" "Mozilla/5.0 (Windows NT 6.3; Win64; x64) AppleWebKit/537.36 (KHTML, like Gecko) Chrome/103.0.0.0 Safari/537.36"
109.172.87.122 - - [15/Apr/2025:03:54:43 -0400] "GET /advantages-of-factory-automation/?unapproved=51434&moderation-hash=3930a51dc9e3eeba1a6adf0fa18923f3 HTTP/1.1" 200 12825 "https://the80itspod.com/wp-comments-post.php" "Mozilla/5.0 (Windows NT 6.3; Win64; x64) AppleWebKit/537.36 (KHTML, like Gecko) Chrome/103.0.0.0 Safari/537.36"
109.172.87.122 - - [15/Apr/2025:03:54:46 -0400] "GET /advantages-of-factory-automation/ HTTP/1.1" 200 12288 "-" "Mozilla/5.0 (Windows NT 6.3; Win64; x64) AppleWebKit/537.36 (KHTML, like Gecko) Chrome/103.0.0.0 Safari/537.36"
178.20.45.128 - - [15/Apr/2025:03:54:51 -0400] "GET /relx-electronic-cigarette/ HTTP/1.1" 200 12607 "https://the80itspod.com/relx-electronic-cigarette/#comment-24891/" "Mozilla/5.0 (Windows NT 10.0; Win64; x64) AppleWebKit/537.36 (KHTML, like Gecko) Chrome/130.0.0.0 Safari/537.36"
178.20.45.128 - - [15/Apr/2025:03:54:52 -0400] "POST /wp-comments-post.php HTTP/1.1" 302 0 "https://the80itspod.com/relx-electronic-cigarette/#comment-24891/" "Mozilla/5.0 (Windows NT 10.0; Win64; x64) AppleWebKit/537.36 (KHTML, like Gecko) Chrome/130.0.0.0 Safari/537.36"
178.20.45.128 - - [15/Apr/2025:03:54:56 -0400] "GET /relx-electronic-cigarette/ HTTP/1.1" 200 53711 "https://the80itspod.com/relx-electronic-cigarette/#comment-51435" "Mozilla/5.0 (Windows NT 10.0; Win64; x64) AppleWebKit/537.36 (KHTML, like Gecko) Chrome/130.0.0.0 Safari/537.36"
185.157.212.157 - - [15/Apr/2025:03:56:14 -0400] "GET /advantages-of-factory-automation/ HTTP/1.1" 200 12288 "https://the80itspod.com/advantages-of-factory-automation/" "Mozilla/5.0 (Windows NT 10.0; Win64; x64) AppleWebKit/537.36 (KHTML, like Gecko) Chrome/131.0.0.0 Safari/537.36"
198.54.114.83 - - [15/Apr/2025:03:56:18 -0400] "POST /wp-cron.php?doing_wp_cron=1744703777.4230699539184570312500 HTTP/1.1" 200 0 "-" "WordPress/6.7.2; https://the80itspod.com"
185.157.212.157 - - [15/Apr/2025:03:56:16 -0400] "POST /wp-comments-post.php HTTP/1.1" 302 0 "https://the80itspod.com/advantages-of-factory-automation/" "Mozilla/5.0 (Windows NT 10.0; Win64; x64) AppleWebKit/537.36 (KHTML, like Gecko) Chrome/131.0.0.0 Safari/537.36"
198.54.114.83 - - [15/Apr/2025:03:56:19 -0400] "POST /wp-admin/admin-ajax.php?action=async_litespeed&nonce=8jSuJTWYUzWB9Gaajr9VPAINLfuzOhhn&litespeed_type=imgoptm HTTP/1.1" 200 0 "-" "WordPress/6.7.2; https://the80itspod.com"
198.54.114.83 - - [15/Apr/2025:03:56:21 -0400] "POST /wp-cron.php?doing_wp_cron=1744703780.6590569019317626953125 HTTP/1.1" 200 0 "-" "WordPress/6.7.2; https://the80itspod.com"
185.157.212.157 - - [15/Apr/2025:03:56:20 -0400] "GET /advantages-of-factory-automation/ HTTP/1.1" 200 13673 "https://the80itspod.com/advantages-of-factory-automation/#comment-51436" "Mozilla/5.0 (Windows NT 10.0; Win64; x64) AppleWebKit/537.36 (KHTML, like Gecko) Chrome/131.0.0.0 Safari/537.36"
198.54.114.83 - - [15/Apr/2025:03:56:22 -0400] "POST /wp-admin/admin-ajax.php?action=async_litespeed&nonce=g11KSnkEOhuZEXh4uoOVLq65jJ4Ckekw&litespeed_type=imgoptm HTTP/1.1" 200 0 "-" "WordPress/6.7.2; https://the80itspod.com"
185.191.171.10 - - [15/Apr/2025:03:57:47 -0400] "GET /understanding-fenbendazole-an-overview/ HTTP/1.1" 200 11851 "-" "Mozilla/5.0 (compatible; SemrushBot/7~bl; +http://www.semrush.com/bot.html)"
198.54.114.83 - - [15/Apr/2025:03:57:50 -0400] "POST /wp-cron.php?doing_wp_cron=1744703868.0001969337463378906250 HTTP/1.1" 200 0 "-" "WordPress/6.7.2; https://the80itspod.com"
183.56.236.152 - - [15/Apr/2025:03:58:21 -0400] "GET /wp-login.php HTTP/1.1" 200 1759 "-" "Apache-HttpClient/4.5.2 (Java/1.8.0_161)"
183.56.236.152 - - [15/Apr/2025:03:58:22 -0400] "GET /?author=1 HTTP/1.1" 404 8118 "-" "Apache-HttpClient/4.5.2 (Java/1.8.0_161)"
183.56.236.152 - - [15/Apr/2025:03:58:25 -0400] "GET /?author=2 HTTP/1.1" 404 8118 "-" "Apache-HttpClient/4.5.2 (Java/1.8.0_161)"
183.56.236.152 - - [15/Apr/2025:03:58:27 -0400] "GET /?author=3 HTTP/1.1" 404 8118 "-" "Apache-HttpClient/4.5.2 (Java/1.8.0_161)"
183.56.236.152 - - [15/Apr/2025:03:58:29 -0400] "GET /?author=4 HTTP/1.1" 404 8118 "-" "Apache-HttpClient/4.5.2 (Java/1.8.0_161)"
183.56.236.152 - - [15/Apr/2025:03:58:32 -0400] "GET /?author=5 HTTP/1.1" 404 8118 "-" "Apache-HttpClient/4.5.2 (Java/1.8.0_161)"
183.56.236.152 - - [15/Apr/2025:03:58:34 -0400] "GET /?author=6 HTTP/1.1" 404 8118 "-" "Apache-HttpClient/4.5.2 (Java/1.8.0_161)"
183.56.236.152 - - [15/Apr/2025:03:58:36 -0400] "GET /?author=7 HTTP/1.1" 404 8118 "-" "Apache-HttpClient/4.5.2 (Java/1.8.0_161)"
183.56.236.152 - - [15/Apr/2025:03:58:39 -0400] "GET /?author=8 HTTP/1.1" 404 8118 "-" "Apache-HttpClient/4.5.2 (Java/1.8.0_161)"
183.56.236.152 - - [15/Apr/2025:03:58:41 -0400] "GET /?author=9 HTTP/1.1" 404 8118 "-" "Apache-HttpClient/4.5.2 (Java/1.8.0_161)"
183.56.236.152 - - [15/Apr/2025:03:58:43 -0400] "GET /?author=10 HTTP/1.1" 404 8118 "-" "Apache-HttpClient/4.5.2 (Java/1.8.0_161)"
183.56.236.152 - - [15/Apr/2025:03:58:45 -0400] "GET /?author=11 HTTP/1.1" 404 8118 "-" "Apache-HttpClient/4.5.2 (Java/1.8.0_161)"
183.56.236.152 - - [15/Apr/2025:03:58:47 -0400] "GET /?author=12 HTTP/1.1" 404 8118 "-" "Apache-HttpClient/4.5.2 (Java/1.8.0_161)"
198.54.114.83 - - [15/Apr/2025:03:58:50 -0400] "POST /wp-cron.php?doing_wp_cron=1744703930.0808839797973632812500 HTTP/1.1" 200 0 "-" "WordPress/6.7.2; https://the80itspod.com"
183.56.236.152 - - [15/Apr/2025:03:58:49 -0400] "GET /?author=13 HTTP/1.1" 404 8119 "-" "Apache-HttpClient/4.5.2 (Java/1.8.0_161)"
198.54.114.83 - - [15/Apr/2025:03:58:51 -0400] "POST /wp-admin/admin-ajax.php?action=async_litespeed&nonce=oCKIm76vdphr5i9f4eKFIXTWupnGZqGk&litespeed_type=imgoptm HTTP/1.1" 200 0 "-" "WordPress/6.7.2; https://the80itspod.com"
183.56.236.152 - - [15/Apr/2025:03:58:52 -0400] "GET /?author=14 HTTP/1.1" 404 8118 "-" "Apache-HttpClient/4.5.2 (Java/1.8.0_161)"
183.56.236.152 - - [15/Apr/2025:03:58:57 -0400] "GET /?author=15 HTTP/1.1" 404 8118 "-" "Apache-HttpClient/4.5.2 (Java/1.8.0_161)"
114.119.149.108 - - [15/Apr/2025:03:59:05 -0400] "GET /page/127/ HTTP/1.1" 200 12974 "https://the80itspod.com/page/32/" "Mozilla/5.0 (Linux; Android 7.0;) AppleWebKit/537.36 (KHTML, like Gecko) Mobile Safari/537.36 (compatible; PetalBot;+https://webmaster.petalsearch.com/site/petalbot)"
183.56.236.152 - - [15/Apr/2025:03:59:08 -0400] "GET /?author=16 HTTP/1.1" 404 8118 "-" "Apache-HttpClient/4.5.2 (Java/1.8.0_161)"
183.56.236.152 - - [15/Apr/2025:03:59:13 -0400] "GET /?author=17 HTTP/1.1" 404 8118 "-" "Apache-HttpClient/4.5.2 (Java/1.8.0_161)"
183.56.236.152 - - [15/Apr/2025:03:59:18 -0400] "GET /?author=18 HTTP/1.1" 404 8118 "-" "Apache-HttpClient/4.5.2 (Java/1.8.0_161)"
198.54.114.83 - - [15/Apr/2025:03:59:24 -0400] "POST /wp-cron.php?doing_wp_cron=1744703962.9586029052734375000000 HTTP/1.1" 200 0 "-" "WordPress/6.7.2; https://the80itspod.com"
183.56.236.152 - - [15/Apr/2025:03:59:22 -0400] "GET /?author=19 HTTP/1.1" 404 8118 "-" "Apache-HttpClient/4.5.2 (Java/1.8.0_161)"
46.4.81.149 - - [15/Apr/2025:03:59:23 -0400] "GET /so-finden-sie-den-besten-gitarrenunterricht-online/ HTTP/1.1" 200 11881 "-" "Mozilla/5.0 (Windows NT 6.1; Win64; x64) AppleWebKit/537.36 (KHTML, like Gecko) Chrome/108.0.0.0 Safari/537.36"
183.56.236.152 - - [15/Apr/2025:03:59:30 -0400] "GET /?author=20 HTTP/1.1" 404 8118 "-" "Apache-HttpClient/4.5.2 (Java/1.8.0_161)"
109.172.87.122 - - [15/Apr/2025:03:59:42 -0400] "GET /advantages-of-factory-automation/ HTTP/1.1" 200 12288 "-" "Mozilla/5.0 (Windows NT 10.0; Win64; x64) AppleWebKit/537.36 (KHTML, like Gecko) Chrome/114.0.0.0 Safari/537.36"
66.249.64.234 - - [15/Apr/2025:03:59:59 -0400] "GET /2023/03/ HTTP/1.1" 301 0 "-" "Mozilla/5.0 (Linux; Android 6.0.1; Nexus 5X Build/MMB29P) AppleWebKit/537.36 (KHTML, like Gecko) Chrome/135.0.7049.84 Mobile Safari/537.36 (compatible; Googlebot/2.1; +http://www.google.com/bot.html)"
54.36.148.221 - - [15/Apr/2025:04:00:18 -0400] "GET /category/activity/page/70/ HTTP/1.1" 200 11263 "-" "Mozilla/5.0 (compatible; AhrefsBot/7.0; +http://ahrefs.com/robot/)"
