5.181.234.250 - - [01/Apr/2025:08:05:48 -0400] "GET /how-to-get-vyvanse-prescription-online/ HTTP/1.1" 200 12825 "-" "Mozilla/5.0 (X11; Ubuntu; Linux x86_64; rv:114.0) Gecko/20100101 Firefox/114.0"
185.245.104.75 - - [01/Apr/2025:08:07:43 -0400] "GET / HTTP/1.1" 200 97678 "-" "Mozilla/5.0 (Macintosh; Intel Mac OS X 10_15_7) AppleWebKit/537.36 (KHTML, like Gecko) Chrome/133.0.0.0 Safari/537.36"
207.211.167.73 - - [01/Apr/2025:08:21:49 -0400] "GET / HTTP/1.1" 200 97678 "-" "Mozilla/5.0 (Windows NT 10.0; Win64; x64) AppleWebKit/537.36 (KHTML, like Gecko) Chrome/58.0.3029.110 Safari/537.3"
198.54.114.83 - - [01/Apr/2025:08:22:05 -0400] "POST /wp-cron.php?doing_wp_cron=1743510124.9720399379730224609375 HTTP/1.1" 200 0 "-" "WordPress/6.7.2; https://baernblog.com"
207.211.167.73 - - [01/Apr/2025:08:22:04 -0400] "GET /phpinfo.php HTTP/1.1" 404 6614 "-" "Mozilla/5.0 (Windows NT 10.0; Win64; x64) AppleWebKit/537.36 (KHTML, like Gecko) Chrome/58.0.3029.110 Safari/537.3"
207.211.167.73 - - [01/Apr/2025:08:22:06 -0400] "GET /info.php HTTP/1.1" 404 6614 "-" "Mozilla/5.0 (Windows NT 10.0; Win64; x64) AppleWebKit/537.36 (KHTML, like Gecko) Chrome/58.0.3029.110 Safari/537.3"
207.211.167.73 - - [01/Apr/2025:08:22:08 -0400] "GET /phpinfo HTTP/1.1" 404 6614 "-" "Mozilla/5.0 (Windows NT 10.0; Win64; x64) AppleWebKit/537.36 (KHTML, like Gecko) Chrome/58.0.3029.110 Safari/537.3"
207.211.167.73 - - [01/Apr/2025:08:22:10 -0400] "GET /.env HTTP/1.1" 403 1242 "-" "Mozilla/5.0 (Windows NT 10.0; Win64; x64) AppleWebKit/537.36 (KHTML, like Gecko) Chrome/58.0.3029.110 Safari/537.3"
207.211.167.73 - - [01/Apr/2025:08:22:11 -0400] "GET /config/.env HTTP/1.1" 403 1242 "-" "Mozilla/5.0 (Windows NT 10.0; Win64; x64) AppleWebKit/537.36 (KHTML, like Gecko) Chrome/58.0.3029.110 Safari/537.3"
207.211.167.73 - - [01/Apr/2025:08:22:12 -0400] "GET /api/.env HTTP/1.1" 403 1242 "-" "Mozilla/5.0 (Windows NT 10.0; Win64; x64) AppleWebKit/537.36 (KHTML, like Gecko) Chrome/58.0.3029.110 Safari/537.3"
195.26.225.209 - - [01/Apr/2025:08:27:32 -0400] "GET / HTTP/1.1" 200 97678 "-" "Mozilla/5.0 (Macintosh; Intel Mac OS X 10_15_7) AppleWebKit/537.36 (KHTML, like Gecko) Chrome/133.0.0.0 Safari/537.36"
91.84.104.205 - - [01/Apr/2025:08:27:44 -0400] "GET / HTTP/1.1" 200 97678 "-" "Mozilla/5.0 (Macintosh; Intel Mac OS X 10_15_7) AppleWebKit/537.36 (KHTML, like Gecko) Chrome/133.0.0.0 Safari/537.36"
103.148.104.76 - - [01/Apr/2025:08:30:15 -0400] "GET / HTTP/1.1" 200 97678 "http://baernblog.com" "Mozilla/4.0 (compatible; MSIE 9.0; Windows NT 6.1)"
216.244.66.198 - - [01/Apr/2025:08:30:59 -0400] "GET /robots.txt HTTP/1.1" 304 0 "-" "Mozilla/5.0 (compatible; DotBot/1.2; +https://opensiteexplorer.org/dotbot; help@moz.com)"
198.54.114.83 - - [01/Apr/2025:08:33:31 -0400] "POST /wp-cron.php?doing_wp_cron=1743510810.8485829830169677734375 HTTP/1.1" 200 0 "-" "WordPress/6.7.2; https://baernblog.com"
45.148.10.174 - - [01/Apr/2025:08:33:29 -0400] "GET /format.js HTTP/1.1" 404 6616 "-" "Mozilla/5.0 (Windows NT 10.0; Win64; x64) AppleWebKit/537.36 Chrome/121.0.0.0"
185.220.101.75 - - [01/Apr/2025:08:35:18 -0400] "GET / HTTP/1.1" 200 97678 "http://baernblog.com" "Mozilla/5.0 (Windows NT 6.1; WOW64; rv:35.0) Gecko/20100101 Firefox/35.0"
195.2.70.209 - - [01/Apr/2025:08:44:06 -0400] "GET / HTTP/1.1" 200 97678 "-" "Mozilla/5.0 (Macintosh; Intel Mac OS X 10_15_7) AppleWebKit/537.36 (KHTML, like Gecko) Chrome/133.0.0.0 Safari/537.36"
185.220.101.69 - - [01/Apr/2025:08:47:27 -0400] "GET / HTTP/1.1" 200 97678 "http://baernblog.com" "Mozilla/5.0 (Windows NT 10.0; WOW64) AppleWebKit/537.36 (KHTML, like Gecko) Chrome/91.0.4472.135 YaBrowser/21.6.2.854 Yowser/2.5 Safari/537.36"
185.245.104.75 - - [01/Apr/2025:08:50:37 -0400] "GET / HTTP/1.1" 200 97678 "-" "Mozilla/5.0 (Macintosh; Intel Mac OS X 10_15_7) AppleWebKit/537.36 (KHTML, like Gecko) Chrome/133.0.0.0 Safari/537.36"
89.110.109.74 - - [01/Apr/2025:08:54:40 -0400] "GET / HTTP/1.1" 200 97678 "-" "Mozilla/5.0 (Macintosh; Intel Mac OS X 10_15_7) AppleWebKit/537.36 (KHTML, like Gecko) Chrome/133.0.0.0 Safari/537.36"
185.220.101.110 - - [01/Apr/2025:08:54:40 -0400] "GET / HTTP/1.1" 200 97678 "http://baernblog.com" "'Mozilla/5.0 (compatible; DuckDuckBot-Https/1.1; https://duckduckgo.com/duckduckbot)'"
185.21.13.25 - - [01/Apr/2025:08:58:11 -0400] "GET / HTTP/1.1" 200 97678 "-" "Mozilla/5.0 (Macintosh; Intel Mac OS X 10_15_7) AppleWebKit/537.36 (KHTML, like Gecko) Chrome/133.0.0.0 Safari/537.36"
196.251.80.22 - - [01/Apr/2025:09:03:32 -0400] "GET / HTTP/1.1" 200 97678 "-" "Mozlila/5.0 (Linux; Android 7.0; SM-G892A Bulid/NRD90M; wv) AppleWebKit/537.36 (KHTML, like Gecko) Version/4.0 Chrome/60.0.3112.107 Moblie Safari/537.36"
198.54.114.83 - - [01/Apr/2025:09:03:32 -0400] "POST /wp-cron.php?doing_wp_cron=1743512612.6567358970642089843750 HTTP/1.1" 200 0 "-" "WordPress/6.7.2; https://baernblog.com"
196.251.80.22 - - [01/Apr/2025:09:03:32 -0400] "POST /wp-plain.php HTTP/1.1" 404 6566 "www.google.com" "Mozilla/5.0 (Linux; Android 7.0; SM-G892A Bulid/NRD90M; wv) AppleWebKit/537.36 (KHTML, like Gecko) Version/4.0 Chrome/60.0.3112.107 Moblie Safari/537.36"
196.251.80.22 - - [01/Apr/2025:09:03:32 -0400] "GET /wp-content/themes/seotheme/db.php?u HTTP/1.1" 404 6614 "www.google.com" "Mozlila/5.0 (Linux; Android 7.0; SM-G892A Bulid/NRD90M; wv) AppleWebKit/537.36 (KHTML, like Gecko) Version/4.0 Chrome/60.0.3112.107 Moblie Safari/537.36"
196.251.80.22 - - [01/Apr/2025:09:03:32 -0400] "GET /wp-content/plugins/fix/up.php HTTP/1.1" 404 6614 "-" "Mozilla/5.0 (Windows NT 10.0; Win64; x64) AppleWebKit/537.36 (KHTML, like Gecko) Chrome/85.0.4183.102 Safari/537.36"
196.251.80.22 - - [01/Apr/2025:09:03:32 -0400] "POST /ALFA_DATA/alfacgiapi/perl.alfa HTTP/1.1" 404 6566 "www.google.com" "Mozlila/5.0 (Linux; Android 7.0; SM-G892A Bulid/NRD90M; wv) AppleWebKit/537.36 (KHTML, like Gecko) Version/4.0 Chrome/60.0.3112.107 Moblie Safari/537.36"
196.251.80.22 - - [01/Apr/2025:09:03:33 -0400] "GET /dfuizhsv.php?Fox=d3wL7 HTTP/1.1" 404 6614 "www.google.com" "Mozilla/5.0 (Linux; Android 7.0; SM-G892A Bulid/NRD90M; wv) AppleWebKit/537.36 (KHTML, like Gecko) Version/4.0 Chrome/60.0.3112.107 Moblie Safari/537.36"
196.251.80.22 - - [01/Apr/2025:09:03:34 -0400] "POST /alfacgiapi/perl.alfa HTTP/1.1" 404 6566 "www.google.com" "Mozlila/5.0 (Linux; Android 7.0; SM-G892A Bulid/NRD90M; wv) AppleWebKit/537.36 (KHTML, like Gecko) Version/4.0 Chrome/60.0.3112.107 Moblie Safari/537.36"
195.26.225.209 - - [01/Apr/2025:09:07:03 -0400] "GET / HTTP/1.1" 200 97678 "-" "Mozilla/5.0 (Macintosh; Intel Mac OS X 10_15_7) AppleWebKit/537.36 (KHTML, like Gecko) Chrome/133.0.0.0 Safari/537.36"
91.84.110.151 - - [01/Apr/2025:09:15:23 -0400] "GET / HTTP/1.1" 200 97678 "-" "Mozilla/5.0 (Macintosh; Intel Mac OS X 10_15_7) AppleWebKit/537.36 (KHTML, like Gecko) Chrome/133.0.0.0 Safari/537.36"
212.34.154.131 - - [01/Apr/2025:09:24:53 -0400] "GET / HTTP/1.1" 200 97678 "-" "Mozilla/5.0 (Macintosh; Intel Mac OS X 10_15_7) AppleWebKit/537.36 (KHTML, like Gecko) Chrome/133.0.0.0 Safari/537.36"
89.110.103.94 - - [01/Apr/2025:09:29:48 -0400] "GET / HTTP/1.1" 200 97678 "-" "Mozilla/5.0 (Macintosh; Intel Mac OS X 10_15_7) AppleWebKit/537.36 (KHTML, like Gecko) Chrome/133.0.0.0 Safari/537.36"
45.148.10.174 - - [01/Apr/2025:09:33:38 -0400] "GET /g.lazcdn.com/g/lzd/assets/1.2.13/ HTTP/1.1" 404 6613 "-" "Mozilla/5.0 (Windows NT 10.0; Win64; x64) AppleWebKit/537.36 Chrome/121.0.0.0"
195.26.224.235 - - [01/Apr/2025:09:35:26 -0400] "GET / HTTP/1.1" 200 97678 "-" "Mozilla/5.0 (Macintosh; Intel Mac OS X 10_15_7) AppleWebKit/537.36 (KHTML, like Gecko) Chrome/133.0.0.0 Safari/537.36"
77.238.230.6 - - [01/Apr/2025:09:39:13 -0400] "GET / HTTP/1.1" 200 97678 "-" "Mozilla/5.0 (Macintosh; Intel Mac OS X 10_15_7) AppleWebKit/537.36 (KHTML, like Gecko) Chrome/133.0.0.0 Safari/537.36"
212.34.154.131 - - [01/Apr/2025:09:43:04 -0400] "GET / HTTP/1.1" 200 97678 "-" "Mozilla/5.0 (Macintosh; Intel Mac OS X 10_15_7) AppleWebKit/537.36 (KHTML, like Gecko) Chrome/133.0.0.0 Safari/537.36"
196.251.86.53 - - [01/Apr/2025:09:45:43 -0400] "GET / HTTP/1.1" 200 97678 "-" "-"
37.27.132.172 - - [01/Apr/2025:09:45:59 -0400] "GET /how-to-get-vyvanse-prescription-online/ HTTP/1.1" 200 12825 "-" "Mozilla/5.0 (Windows NT 10.0; WOW64) AppleWebKit/537.36 (KHTML, like Gecko) Chrome/114.0.0.0 Safari/537.36 Vivaldi/5.3.2679.68"
37.27.132.172 - - [01/Apr/2025:09:46:00 -0400] "GET /xmlrpc.php HTTP/1.1" 405 60 "http://baernblog.com/how-to-get-vyvanse-prescription-online/" "Mozilla/5.0 (Windows NT 10.0; WOW64) AppleWebKit/537.36 (KHTML, like Gecko) Chrome/114.0.0.0 Safari/537.36 Vivaldi/5.3.2679.68"
37.27.132.172 - - [01/Apr/2025:09:46:01 -0400] "GET / HTTP/1.1" 200 97678 "http://baernblog.com/how-to-get-vyvanse-prescription-online/" "Mozilla/5.0 (Windows NT 10.0; WOW64) AppleWebKit/537.36 (KHTML, like Gecko) Chrome/114.0.0.0 Safari/537.36 Vivaldi/5.3.2679.68"
195.26.225.209 - - [01/Apr/2025:09:54:50 -0400] "GET / HTTP/1.1" 200 97678 "-" "Mozilla/5.0 (Macintosh; Intel Mac OS X 10_15_7) AppleWebKit/537.36 (KHTML, like Gecko) Chrome/133.0.0.0 Safari/537.36"
212.34.146.152 - - [01/Apr/2025:09:55:28 -0400] "GET / HTTP/1.1" 200 97678 "-" "Mozilla/5.0 (Macintosh; Intel Mac OS X 10_15_7) AppleWebKit/537.36 (KHTML, like Gecko) Chrome/133.0.0.0 Safari/537.36"
89.110.103.94 - - [01/Apr/2025:10:05:29 -0400] "GET / HTTP/1.1" 200 97678 "-" "Mozilla/5.0 (Macintosh; Intel Mac OS X 10_15_7) AppleWebKit/537.36 (KHTML, like Gecko) Chrome/133.0.0.0 Safari/537.36"
103.153.202.99 - - [01/Apr/2025:10:19:54 -0400] "GET / HTTP/1.1" 200 97678 "http://baernblog.com" "Mozilla/4.0 (compatible; MSIE 9.0; Windows NT 6.1)"
91.84.110.151 - - [01/Apr/2025:10:23:58 -0400] "GET / HTTP/1.1" 200 97678 "-" "Mozilla/5.0 (Macintosh; Intel Mac OS X 10_15_7) AppleWebKit/537.36 (KHTML, like Gecko) Chrome/133.0.0.0 Safari/537.36"
85.208.98.23 - - [01/Apr/2025:10:37:26 -0400] "GET /robots.txt HTTP/1.1" 304 0 "-" "Mozilla/5.0 (compatible; SemrushBot-BA; +http://www.semrush.com/bot.html)"
91.84.111.136 - - [01/Apr/2025:10:39:08 -0400] "GET / HTTP/1.1" 200 97678 "-" "Mozilla/5.0 (Macintosh; Intel Mac OS X 10_15_7) AppleWebKit/537.36 (KHTML, like Gecko) Chrome/133.0.0.0 Safari/537.36"
77.238.230.6 - - [01/Apr/2025:10:43:42 -0400] "GET / HTTP/1.1" 200 97678 "-" "Mozilla/5.0 (Macintosh; Intel Mac OS X 10_15_7) AppleWebKit/537.36 (KHTML, like Gecko) Chrome/133.0.0.0 Safari/537.36"
216.244.66.198 - - [01/Apr/2025:10:44:33 -0400] "GET /robots.txt HTTP/1.1" 304 0 "-" "Mozilla/5.0 (compatible; DotBot/1.2; +https://opensiteexplorer.org/dotbot; help@moz.com)"
195.26.225.209 - - [01/Apr/2025:10:45:30 -0400] "GET / HTTP/1.1" 200 97678 "-" "Mozilla/5.0 (Macintosh; Intel Mac OS X 10_15_7) AppleWebKit/537.36 (KHTML, like Gecko) Chrome/133.0.0.0 Safari/537.36"
212.118.43.65 - - [01/Apr/2025:10:48:11 -0400] "GET / HTTP/1.1" 200 97678 "-" "Mozilla/5.0 (Macintosh; Intel Mac OS X 10_15_7) AppleWebKit/537.36 (KHTML, like Gecko) Chrome/133.0.0.0 Safari/537.36"
185.21.14.193 - - [01/Apr/2025:10:50:33 -0400] "GET / HTTP/1.1" 200 97678 "-" "Mozilla/5.0 (Macintosh; Intel Mac OS X 10_15_7) AppleWebKit/537.36 (KHTML, like Gecko) Chrome/133.0.0.0 Safari/537.36"
212.34.146.152 - - [01/Apr/2025:11:05:49 -0400] "GET / HTTP/1.1" 200 97678 "-" "Mozilla/5.0 (Macintosh; Intel Mac OS X 10_15_7) AppleWebKit/537.36 (KHTML, like Gecko) Chrome/133.0.0.0 Safari/537.36"
45.148.10.174 - - [01/Apr/2025:11:06:30 -0400] "GET /plugins/flow.js HTTP/1.1" 404 6616 "-" "Mozilla/5.0 (Windows NT 10.0; Win64; x64) AppleWebKit/537.36 Chrome/121.0.0.0"
198.54.114.83 - - [01/Apr/2025:11:06:48 -0400] "POST /wp-cron.php?doing_wp_cron=1743520007.8582949638366699218750 HTTP/1.1" 200 0 "-" "WordPress/6.7.2; https://baernblog.com"
45.148.10.174 - - [01/Apr/2025:11:06:47 -0400] "GET /react-dom/16.8.0/react-dom.production.min.js HTTP/1.1" 404 6614 "-" "Mozilla/5.0 (Macintosh; Intel Mac OS X 10_15_7) AppleWebKit/537.36 Chrome/120.0.0.0"
196.251.73.83 - - [01/Apr/2025:11:13:41 -0400] "GET / HTTP/1.1" 200 97678 "-" "-"
195.26.224.235 - - [01/Apr/2025:11:15:05 -0400] "GET / HTTP/1.1" 200 97678 "-" "Mozilla/5.0 (Macintosh; Intel Mac OS X 10_15_7) AppleWebKit/537.36 (KHTML, like Gecko) Chrome/133.0.0.0 Safari/537.36"
185.130.44.59 - - [01/Apr/2025:11:15:17 -0400] "GET / HTTP/1.1" 200 97678 "http://baernblog.com" "Mozilla/5.0 (Windows; U; Windows NT 6.0; fr-FR) AppleWebKit/528.16 (KHTML, like Gecko) Version/4.0 Safari/528.16"
91.84.99.6 - - [01/Apr/2025:11:16:14 -0400] "GET / HTTP/1.1" 200 97678 "-" "Mozilla/5.0 (Macintosh; Intel Mac OS X 10_15_7) AppleWebKit/537.36 (KHTML, like Gecko) Chrome/133.0.0.0 Safari/537.36"
91.84.99.6 - - [01/Apr/2025:11:26:44 -0400] "GET / HTTP/1.1" 200 97678 "-" "Mozilla/5.0 (Macintosh; Intel Mac OS X 10_15_7) AppleWebKit/537.36 (KHTML, like Gecko) Chrome/133.0.0.0 Safari/537.36"
185.245.104.75 - - [01/Apr/2025:11:28:33 -0400] "GET / HTTP/1.1" 200 97678 "-" "Mozilla/5.0 (Macintosh; Intel Mac OS X 10_15_7) AppleWebKit/537.36 (KHTML, like Gecko) Chrome/133.0.0.0 Safari/537.36"
134.122.135.50 - - [01/Apr/2025:11:39:12 -0400] "GET /apps/admin/view/default/layui/css/layui.css HTTP/1.1" 404 6616 "http://baernblog.com/apps/admin/view/default/layui/css/layui.css" "Mozilla/4.0 (compatible; MSIE 9.0; Windows NT 6.1)"
198.54.114.83 - - [01/Apr/2025:11:39:22 -0400] "POST /wp-cron.php?doing_wp_cron=1743521962.3766698837280273437500 HTTP/1.1" 200 0 "-" "WordPress/6.7.2; https://baernblog.com"
134.122.135.50 - - [01/Apr/2025:11:39:21 -0400] "GET /plus/img/df_dedetitle.gif HTTP/1.1" 404 6614 "http://baernblog.com/plus/img/df_dedetitle.gif" "Mozilla/4.0 (compatible; MSIE 9.0; Windows NT 6.1)"
134.122.135.77 - - [01/Apr/2025:11:41:01 -0400] "GET /apps/admin/view/default/layui/css/layui.css HTTP/1.1" 404 6616 "http://baernblog.com" "Mozilla/5.0 (Windows NT 10.0; Win64; x64) AppleWebKit/537.36 (KHTML, like Gecko) Chrome/128.0.0.0 Safari/537.36"
134.122.135.77 - - [01/Apr/2025:11:41:01 -0400] "GET /include/ckeditor/images/addon.gif HTTP/1.1" 404 6614 "http://baernblog.com" "Mozilla/5.0 (Windows NT 10.0; Win64; x64) AppleWebKit/537.36 (KHTML, like Gecko) Chrome/128.0.0.0 Safari/537.36"
134.122.135.77 - - [01/Apr/2025:11:41:01 -0400] "GET /e/data/images/arrow.gif HTTP/1.1" 404 6614 "http://baernblog.com" "Mozilla/5.0 (Windows NT 10.0; Win64; x64) AppleWebKit/537.36 (KHTML, like Gecko) Chrome/128.0.0.0 Safari/537.36"
134.122.135.77 - - [01/Apr/2025:11:41:01 -0400] "GET /public/plugins/Ueditor/dialogs/attachment/fileTypeImages/icon_psd.gif HTTP/1.1" 404 6614 "http://baernblog.com" "Mozilla/5.0 (Windows NT 10.0; Win64; x64) AppleWebKit/537.36 (KHTML, like Gecko) Chrome/128.0.0.0 Safari/537.36"
198.54.114.83 - - [01/Apr/2025:11:41:05 -0400] "POST /wp-cron.php?doing_wp_cron=1743522064.1563379764556884765625 HTTP/1.1" 200 0 "-" "WordPress/6.7.2; https://baernblog.com"
91.84.109.110 - - [01/Apr/2025:11:43:49 -0400] "GET / HTTP/1.1" 200 97678 "-" "Mozilla/5.0 (Macintosh; Intel Mac OS X 10_15_7) AppleWebKit/537.36 (KHTML, like Gecko) Chrome/133.0.0.0 Safari/537.36"
45.148.10.174 - - [01/Apr/2025:11:44:29 -0400] "GET /assets/download-app/index.js HTTP/1.1" 404 6614 "-" "Mozilla/5.0 (Macintosh; Intel Mac OS X 10_15_7) AppleWebKit/537.36 Chrome/120.0.0.0"
45.148.10.174 - - [01/Apr/2025:11:45:04 -0400] "GET /assets/affiliate/index.js HTTP/1.1" 404 6614 "-" "Mozilla/5.0 (Macintosh; Intel Mac OS X 10_15_7) AppleWebKit/537.36 Chrome/120.0.0.0"
198.54.114.83 - - [01/Apr/2025:11:45:07 -0400] "POST /wp-cron.php?doing_wp_cron=1743522305.4072170257568359375000 HTTP/1.1" 200 0 "-" "WordPress/6.7.2; https://baernblog.com"
134.122.133.12 - - [01/Apr/2025:11:45:24 -0400] "GET /xmlrpc.php HTTP/1.1" 405 60 "http://baernblog.com" "Mozilla/5.0 (compatible; Googlebot/2.1; +http://www.google.com/bot.html)"
212.118.53.218 - - [01/Apr/2025:11:45:42 -0400] "GET / HTTP/1.1" 200 97678 "-" "Mozilla/5.0 (Macintosh; Intel Mac OS X 10_15_7) AppleWebKit/537.36 (KHTML, like Gecko) Chrome/133.0.0.0 Safari/537.36"
134.122.133.12 - - [01/Apr/2025:11:48:44 -0400] "GET / HTTP/1.1" 200 97678 "http://baernblog.com" "Mozilla/5.0 (compatible; iaskspider/1.0; MSIE 6.0)"
212.118.43.65 - - [01/Apr/2025:11:49:24 -0400] "GET / HTTP/1.1" 200 97678 "-" "Mozilla/5.0 (Macintosh; Intel Mac OS X 10_15_7) AppleWebKit/537.36 (KHTML, like Gecko) Chrome/133.0.0.0 Safari/537.36"
45.84.107.54 - - [01/Apr/2025:11:49:56 -0400] "GET / HTTP/1.1" 200 97678 "http://baernblog.com" "Mozilla/5.0 (Windows NT 6.3; Win64; x64) AppleWebKit/537.36 (KHTML, like Gecko) Chrome/88.0.4324.150 Safari/537.36"
198.54.114.83 - - [01/Apr/2025:11:50:13 -0400] "POST /wp-cron.php?doing_wp_cron=1743522613.1268789768218994140625 HTTP/1.1" 200 0 "-" "WordPress/6.7.2; https://baernblog.com"
45.148.10.174 - - [01/Apr/2025:11:50:12 -0400] "GET /aeis.alicdn.com/sd/ncpc/nc.js HTTP/1.1" 404 6614 "-" "Mozilla/5.0 (Windows NT 10.0; Win64; x64) AppleWebKit/537.36 Chrome/121.0.0.0"
198.54.114.83 - - [01/Apr/2025:11:50:38 -0400] "POST /wp-cron.php?doing_wp_cron=1743522637.0625030994415283203125 HTTP/1.1" 200 0 "-" "WordPress/6.7.2; https://baernblog.com"
198.54.114.83 - - [01/Apr/2025:11:50:38 -0400] "POST /wp-cron.php?doing_wp_cron=1743522637.0782439708709716796875 HTTP/1.1" 200 0 "-" "WordPress/6.7.2; https://baernblog.com"
134.122.133.12 - - [01/Apr/2025:11:50:36 -0400] "GET /zb_users/avatar/0.png HTTP/1.1" 404 6614 "http://baernblog.com" "Mozilla/5.0 (compatible; Googlebot/2.1; +http://www.google.com/bot.html)"
134.122.133.12 - - [01/Apr/2025:11:50:36 -0400] "GET /e/data/js/jscolor/hs.png HTTP/1.1" 404 6614 "http://baernblog.com" "Mozilla/5.0 (compatible; Googlebot/2.1; +http://www.google.com/bot.html)"
134.122.133.12 - - [01/Apr/2025:11:50:49 -0400] "GET /include/ckeditor/images/addon.gif HTTP/1.1" 404 6614 "http://baernblog.com" "Googlebot/2.1 (+http://www.google.com/bot.html)"
134.122.133.12 - - [01/Apr/2025:11:50:51 -0400] "GET /images/loadinglit.gif HTTP/1.1" 404 6615 "http://baernblog.com" "Mozilla/5.0 (compatible; YodaoBot/1.0; http://www.yodao.com/help/webmaster/spider/\xa1\xb1; )"
198.54.114.83 - - [01/Apr/2025:11:51:46 -0400] "POST /wp-cron.php?doing_wp_cron=1743522705.9852120876312255859375 HTTP/1.1" 200 0 "-" "WordPress/6.7.2; https://baernblog.com"
134.122.133.12 - - [01/Apr/2025:11:51:45 -0400] "GET /public/static/common/images/file.png HTTP/1.1" 404 6614 "http://baernblog.com" "AppleWebKit/534.46 (KHTML,like Gecko) Version/5.1 Mobile Safari/10600.6.3"
134.122.133.12 - - [01/Apr/2025:11:51:49 -0400] "GET /public/static/admin/images/ok.png HTTP/1.1" 404 6614 "http://baernblog.com" "Mozilla/5.0 (compatible; Yahoo! Slurp China; http://misc.yahoo.com.cn/help.html\xa1\xb1)"
17.241.219.242 - - [01/Apr/2025:11:57:02 -0400] "GET /robots.txt HTTP/1.1" 304 0 "-" "Mozilla/5.0 (Macintosh; Intel Mac OS X 10_15_7) AppleWebKit/605.1.15 (KHTML, like Gecko) Version/17.4 Safari/605.1.15 (Applebot/0.1; +http://www.apple.com/go/applebot)"
84.8.142.45 - - [01/Apr/2025:12:02:39 -0400] "GET / HTTP/1.1" 200 97678 "-" "Go-http-client/1.1"
91.84.104.205 - - [01/Apr/2025:12:24:42 -0400] "GET / HTTP/1.1" 200 97678 "-" "Mozilla/5.0 (Macintosh; Intel Mac OS X 10_15_7) AppleWebKit/537.36 (KHTML, like Gecko) Chrome/133.0.0.0 Safari/537.36"
2400:6180:100:d0::4fe:6001 - - [01/Apr/2025:12:26:50 -0400] "POST /xmlrpc.php HTTP/1.1" 200 212 "http://baernblog.com" "Mozilla/5.0 (Windows NT 10.0; Win64; x64; rv:125.0.1) Gecko/20100101 Firefox/125.0.1"
198.54.114.83 - - [01/Apr/2025:12:26:51 -0400] "POST /wp-cron.php?doing_wp_cron=1743524810.6801230907440185546875 HTTP/1.1" 200 0 "-" "WordPress/6.7.2; https://baernblog.com"
45.148.10.174 - - [01/Apr/2025:12:26:50 -0400] "GET /lzdmod/jquery/5.0.9/index.js HTTP/1.1" 404 6615 "-" "Mozilla/5.0 (Macintosh; Intel Mac OS X 10_15_7) AppleWebKit/537.36 Chrome/120.0.0.0"
185.157.214.24 - - [01/Apr/2025:12:27:50 -0400] "GET / HTTP/1.1" 200 97678 "-" "Mozilla/5.0 (Macintosh; Intel Mac OS X 10_15_7) AppleWebKit/537.36 (KHTML, like Gecko) Chrome/133.0.0.0 Safari/537.36"
91.84.111.136 - - [01/Apr/2025:12:33:58 -0400] "GET / HTTP/1.1" 200 97678 "-" "Mozilla/5.0 (Macintosh; Intel Mac OS X 10_15_7) AppleWebKit/537.36 (KHTML, like Gecko) Chrome/133.0.0.0 Safari/537.36"
198.54.114.83 - - [01/Apr/2025:12:44:48 -0400] "POST /wp-cron.php?doing_wp_cron=1743525888.4204208850860595703125 HTTP/1.1" 200 0 "-" "WordPress/6.7.2; https://baernblog.com"
13.229.78.155 - - [01/Apr/2025:12:44:47 -0400] "GET /wp-admin/install.php?step=1 HTTP/1.1" 200 520 "-" "Mozilla/5.0 (X11; Linux x86_64; rv:52.0) Gecko/20100101 Firefox/52.0"
13.229.78.155 - - [01/Apr/2025:12:44:49 -0400] "GET /wp-admin/setup-config.php HTTP/1.1" 409 1222 "-" "Mozilla/5.0 (X11; Linux x86_64; rv:52.0) Gecko/20100101 Firefox/52.0"
198.54.114.83 - - [01/Apr/2025:12:44:51 -0400] "POST /wp-cron.php?doing_wp_cron=1743525890.8041551113128662109375 HTTP/1.1" 200 0 "-" "WordPress/6.7.2; https://baernblog.com"
13.229.78.155 - - [01/Apr/2025:12:44:50 -0400] "GET /new/wp-admin/install.php?step=1 HTTP/1.1" 404 6615 "-" "Mozilla/5.0 (X11; Linux x86_64; rv:52.0) Gecko/20100101 Firefox/52.0"
13.229.78.155 - - [01/Apr/2025:12:44:52 -0400] "GET /new/wp-admin/setup-config.php HTTP/1.1" 404 6616 "-" "Mozilla/5.0 (X11; Linux x86_64; rv:52.0) Gecko/20100101 Firefox/52.0"
13.229.78.155 - - [01/Apr/2025:12:44:53 -0400] "GET /blog/wp-admin/install.php?step=1 HTTP/1.1" 404 6614 "-" "Mozilla/5.0 (X11; Linux x86_64; rv:52.0) Gecko/20100101 Firefox/52.0"
13.229.78.155 - - [01/Apr/2025:12:44:55 -0400] "GET /blog/wp-admin/setup-config.php HTTP/1.1" 404 6614 "-" "Mozilla/5.0 (X11; Linux x86_64; rv:52.0) Gecko/20100101 Firefox/52.0"
13.229.78.155 - - [01/Apr/2025:12:44:56 -0400] "GET /blogs/wp-admin/install.php?step=1 HTTP/1.1" 404 6614 "-" "Mozilla/5.0 (X11; Linux x86_64; rv:52.0) Gecko/20100101 Firefox/52.0"
13.229.78.155 - - [01/Apr/2025:12:44:57 -0400] "GET /blogs/wp-admin/setup-config.php HTTP/1.1" 404 6614 "-" "Mozilla/5.0 (X11; Linux x86_64; rv:52.0) Gecko/20100101 Firefox/52.0"
13.229.78.155 - - [01/Apr/2025:12:44:58 -0400] "GET /demo/wp-admin/install.php?step=1 HTTP/1.1" 404 6614 "-" "Mozilla/5.0 (X11; Linux x86_64; rv:52.0) Gecko/20100101 Firefox/52.0"
13.229.78.155 - - [01/Apr/2025:12:44:59 -0400] "GET /demo/wp-admin/setup-config.php HTTP/1.1" 404 6615 "-" "Mozilla/5.0 (X11; Linux x86_64; rv:52.0) Gecko/20100101 Firefox/52.0"
13.229.78.155 - - [01/Apr/2025:12:45:00 -0400] "GET /wp/wp-admin/install.php?step=1 HTTP/1.1" 404 6614 "-" "Mozilla/5.0 (X11; Linux x86_64; rv:52.0) Gecko/20100101 Firefox/52.0"
13.229.78.155 - - [01/Apr/2025:12:45:01 -0400] "GET /wp/wp-admin/setup-config.php HTTP/1.1" 404 6614 "-" "Mozilla/5.0 (X11; Linux x86_64; rv:52.0) Gecko/20100101 Firefox/52.0"
198.54.114.83 - - [01/Apr/2025:12:45:04 -0400] "POST /wp-cron.php?doing_wp_cron=1743525903.8032279014587402343750 HTTP/1.1" 200 0 "-" "WordPress/6.7.2; https://baernblog.com"
13.229.78.155 - - [01/Apr/2025:12:45:03 -0400] "GET /wordpress/wp-admin/install.php?step=1 HTTP/1.1" 404 6614 "-" "Mozilla/5.0 (X11; Linux x86_64; rv:52.0) Gecko/20100101 Firefox/52.0"
13.229.78.155 - - [01/Apr/2025:12:45:07 -0400] "GET /wordpress/wp-admin/setup-config.php HTTP/1.1" 404 6614 "-" "Mozilla/5.0 (X11; Linux x86_64; rv:52.0) Gecko/20100101 Firefox/52.0"
13.229.78.155 - - [01/Apr/2025:12:45:08 -0400] "GET /tes/wp-admin/install.php?step=1 HTTP/1.1" 404 6614 "-" "Mozilla/5.0 (X11; Linux x86_64; rv:52.0) Gecko/20100101 Firefox/52.0"
13.229.78.155 - - [01/Apr/2025:12:45:10 -0400] "GET /tes/wp-admin/setup-config.php HTTP/1.1" 404 6615 "-" "Mozilla/5.0 (X11; Linux x86_64; rv:52.0) Gecko/20100101 Firefox/52.0"
13.229.78.155 - - [01/Apr/2025:12:45:12 -0400] "GET /test/wp-admin/install.php?step=1 HTTP/1.1" 404 6615 "-" "Mozilla/5.0 (X11; Linux x86_64; rv:52.0) Gecko/20100101 Firefox/52.0"
13.229.78.155 - - [01/Apr/2025:12:45:13 -0400] "GET /test/wp-admin/setup-config.php HTTP/1.1" 404 6614 "-" "Mozilla/5.0 (X11; Linux x86_64; rv:52.0) Gecko/20100101 Firefox/52.0"
13.229.78.155 - - [01/Apr/2025:12:45:15 -0400] "GET /web/wp-admin/install.php?step=1 HTTP/1.1" 404 6614 "-" "Mozilla/5.0 (X11; Linux x86_64; rv:52.0) Gecko/20100101 Firefox/52.0"
13.229.78.155 - - [01/Apr/2025:12:45:16 -0400] "GET /web/wp-admin/setup-config.php HTTP/1.1" 404 6614 "-" "Mozilla/5.0 (X11; Linux x86_64; rv:52.0) Gecko/20100101 Firefox/52.0"
13.229.78.155 - - [01/Apr/2025:12:45:17 -0400] "GET /cms/wp-admin/install.php?step=1 HTTP/1.1" 404 6614 "-" "Mozilla/5.0 (X11; Linux x86_64; rv:52.0) Gecko/20100101 Firefox/52.0"
198.54.114.83 - - [01/Apr/2025:12:45:20 -0400] "POST /wp-cron.php?doing_wp_cron=1743525919.6958689689636230468750 HTTP/1.1" 200 0 "-" "WordPress/6.7.2; https://baernblog.com"
13.229.78.155 - - [01/Apr/2025:12:45:19 -0400] "GET /cms/wp-admin/setup-config.php HTTP/1.1" 404 6614 "-" "Mozilla/5.0 (X11; Linux x86_64; rv:52.0) Gecko/20100101 Firefox/52.0"
13.229.78.155 - - [01/Apr/2025:12:45:21 -0400] "POST /wp-admin/admin-ajax.php HTTP/1.1" 400 21 "-" "Mozilla/5.0 (X11; Linux x86_64; rv:52.0) Gecko/20100101 Firefox/52.0"
13.229.78.155 - - [01/Apr/2025:12:45:21 -0400] "GET /wp-admin/ HTTP/1.1" 302 0 "-" "Mozilla/5.0 (X11; Linux x86_64; rv:52.0) Gecko/20100101 Firefox/52.0"
198.54.114.83 - - [01/Apr/2025:12:55:09 -0400] "POST /wp-cron.php?doing_wp_cron=1743526508.6930820941925048828125 HTTP/1.1" 200 0 "-" "WordPress/6.7.2; https://baernblog.com"
2a13:adc0::d267:26ff:fed2:b782 - - [01/Apr/2025:12:55:08 -0400] "POST /xmlrpc.php HTTP/1.1" 200 212 "http://baernblog.com" "Mozilla/5.0 (Windows NT 10.0; Win64; x64) AppleWebKit/537.36 (KHTML, like Gecko) Chrome/115.0.5790.102 Safari/537.36"
89.110.109.74 - - [01/Apr/2025:13:03:21 -0400] "GET / HTTP/1.1" 200 97678 "-" "Mozilla/5.0 (Macintosh; Intel Mac OS X 10_15_7) AppleWebKit/537.36 (KHTML, like Gecko) Chrome/133.0.0.0 Safari/537.36"
195.47.238.86 - - [01/Apr/2025:13:15:13 -0400] "GET / HTTP/1.1" 200 97678 "http://baernblog.com" "Mozilla/5.0 (Windows NT 6.1; Win64; x64; rv:36.0) Gecko/20100101 Firefox/36.0 Waterfox/36.0"
198.54.114.83 - - [01/Apr/2025:13:20:29 -0400] "POST /wp-cron.php?doing_wp_cron=1743528029.6250190734863281250000 HTTP/1.1" 200 0 "-" "WordPress/6.7.2; https://baernblog.com"
45.148.10.174 - - [01/Apr/2025:13:20:29 -0400] "GET /g/lzdmod/im/5.0.103/index.js HTTP/1.1" 404 6614 "-" "Mozilla/5.0 (Macintosh; Intel Mac OS X 10_15_7) AppleWebKit/537.36 Chrome/120.0.0.0"
77.238.225.146 - - [01/Apr/2025:13:20:49 -0400] "GET / HTTP/1.1" 200 97678 "-" "Mozilla/5.0 (Macintosh; Intel Mac OS X 10_15_7) AppleWebKit/537.36 (KHTML, like Gecko) Chrome/133.0.0.0 Safari/537.36"
198.54.114.83 - - [01/Apr/2025:13:22:46 -0400] "POST /wp-cron.php?doing_wp_cron=1743528165.6395080089569091796875 HTTP/1.1" 200 0 "-" "WordPress/6.7.2; https://baernblog.com"
162.0.209.140 - - [01/Apr/2025:13:22:44 -0400] "POST /xmlrpc.php HTTP/1.1" 200 212 "http://baernblog.com" "Mozilla/5.0 (Windows NT 10.0; Win64; x64) AppleWebKit/537.36 (KHTML, like Gecko) Chrome/114.0.5735.199 Safari/537.36 Edg/114.0.1823.67"
198.54.114.83 - - [01/Apr/2025:13:27:07 -0400] "POST /wp-cron.php?doing_wp_cron=1743528426.6085939407348632812500 HTTP/1.1" 200 0 "-" "WordPress/6.7.2; https://baernblog.com"
45.148.10.174 - - [01/Apr/2025:13:27:02 -0400] "GET /g.lazcdn.com/g/retcode/cloud-sdk/bl.js HTTP/1.1" 404 6615 "-" "Mozilla/5.0 (Macintosh; Intel Mac OS X 10_15_7) AppleWebKit/537.36 Chrome/120.0.0.0"
198.54.114.83 - - [01/Apr/2025:13:39:16 -0400] "POST /wp-cron.php?doing_wp_cron=1743529155.7588589191436767578125 HTTP/1.1" 200 0 "-" "WordPress/6.7.2; https://baernblog.com"
13.229.78.155 - - [01/Apr/2025:13:39:10 -0400] "GET /wp-includes/ID3/index.php HTTP/1.1" 301 0 "-" "Mozlila/5.0 (Linux; Android 7.0; SM-G892A Bulid/NRD90M; wv) AppleWebKit/537.36 (KHTML, like Gecko) Version/4.0 Chrome/60.0.3112.107 Moblie Safari/537.36"
13.229.78.155 - - [01/Apr/2025:13:39:23 -0400] "GET /wp-includes/ID3/ HTTP/1.1" 200 1646 "-" "Mozlila/5.0 (Linux; Android 7.0; SM-G892A Bulid/NRD90M; wv) AppleWebKit/537.36 (KHTML, like Gecko) Version/4.0 Chrome/60.0.3112.107 Moblie Safari/537.36"
13.229.78.155 - - [01/Apr/2025:13:39:27 -0400] "GET /wp-content/plugins/index.php HTTP/1.1" 200 0 "-" "Mozlila/5.0 (Linux; Android 7.0; SM-G892A Bulid/NRD90M; wv) AppleWebKit/537.36 (KHTML, like Gecko) Version/4.0 Chrome/60.0.3112.107 Moblie Safari/537.36"
13.229.78.155 - - [01/Apr/2025:13:39:30 -0400] "GET /wp-admin/network/index.php HTTP/1.1" 302 0 "-" "Mozlila/5.0 (Linux; Android 7.0; SM-G892A Bulid/NRD90M; wv) AppleWebKit/537.36 (KHTML, like Gecko) Version/4.0 Chrome/60.0.3112.107 Moblie Safari/537.36"
198.54.114.83 - - [01/Apr/2025:13:39:32 -0400] "POST /wp-cron.php?doing_wp_cron=1743529170.8992819786071777343750 HTTP/1.1" 200 0 "-" "WordPress/6.7.2; https://baernblog.com"
185.220.101.103 - - [01/Apr/2025:13:39:38 -0400] "GET / HTTP/1.1" 200 97678 "http://baernblog.com" "Mozilla/5.0 (Windows NT 6.3) AppleWebKit/537.36 (KHTML, like Gecko) Chrome/45.0.2454.112 Amigo/45.0.2454.112 MRCHROME SOC Safari/537.36"
13.229.78.155 - - [01/Apr/2025:13:39:41 -0400] "GET /wp-includes/IXR/index.php HTTP/1.1" 301 0 "-" "Mozlila/5.0 (Linux; Android 7.0; SM-G892A Bulid/NRD90M; wv) AppleWebKit/537.36 (KHTML, like Gecko) Version/4.0 Chrome/60.0.3112.107 Moblie Safari/537.36"
13.229.78.155 - - [01/Apr/2025:13:39:42 -0400] "GET /wp-includes/IXR/ HTTP/1.1" 200 1434 "-" "Mozlila/5.0 (Linux; Android 7.0; SM-G892A Bulid/NRD90M; wv) AppleWebKit/537.36 (KHTML, like Gecko) Version/4.0 Chrome/60.0.3112.107 Moblie Safari/537.36"
13.229.78.155 - - [01/Apr/2025:13:39:45 -0400] "GET /wp-admin/images/index.php HTTP/1.1" 301 0 "-" "Mozlila/5.0 (Linux; Android 7.0; SM-G892A Bulid/NRD90M; wv) AppleWebKit/537.36 (KHTML, like Gecko) Version/4.0 Chrome/60.0.3112.107 Moblie Safari/537.36"
13.229.78.155 - - [01/Apr/2025:13:39:49 -0400] "GET /wp-admin/images/ HTTP/1.1" 200 3358 "-" "Mozlila/5.0 (Linux; Android 7.0; SM-G892A Bulid/NRD90M; wv) AppleWebKit/537.36 (KHTML, like Gecko) Version/4.0 Chrome/60.0.3112.107 Moblie Safari/537.36"
13.229.78.155 - - [01/Apr/2025:13:39:53 -0400] "GET /wp-login.php HTTP/1.1" 302 0 "-" "Mozlila/5.0 (Linux; Android 7.0; SM-G892A Bulid/NRD90M; wv) AppleWebKit/537.36 (KHTML, like Gecko) Version/4.0 Chrome/60.0.3112.107 Moblie Safari/537.36"
13.229.78.155 - - [01/Apr/2025:13:39:57 -0400] "GET /wp-content/plugins/admin.php HTTP/1.1" 404 6615 "-" "Mozlila/5.0 (Linux; Android 7.0; SM-G892A Bulid/NRD90M; wv) AppleWebKit/537.36 (KHTML, like Gecko) Version/4.0 Chrome/60.0.3112.107 Moblie Safari/537.36"
13.229.78.155 - - [01/Apr/2025:13:39:59 -0400] "GET /xmlrpc.php HTTP/1.1" 405 60 "-" "Mozlila/5.0 (Linux; Android 7.0; SM-G892A Bulid/NRD90M; wv) AppleWebKit/537.36 (KHTML, like Gecko) Version/4.0 Chrome/60.0.3112.107 Moblie Safari/537.36"
13.229.78.155 - - [01/Apr/2025:13:40:07 -0400] "GET /wp-admin.php HTTP/1.1" 404 6614 "-" "Mozlila/5.0 (Linux; Android 7.0; SM-G892A Bulid/NRD90M; wv) AppleWebKit/537.36 (KHTML, like Gecko) Version/4.0 Chrome/60.0.3112.107 Moblie Safari/537.36"
13.229.78.155 - - [01/Apr/2025:13:40:11 -0400] "GET /wp-content/plugins/Core-Econ/upH.php HTTP/1.1" 404 6615 "-" "Mozlila/5.0 (Linux; Android 7.0; SM-G892A Bulid/NRD90M; wv) AppleWebKit/537.36 (KHTML, like Gecko) Version/4.0 Chrome/60.0.3112.107 Moblie Safari/537.36"
13.229.78.155 - - [01/Apr/2025:13:40:14 -0400] "GET /wp-content/plugins/fix/up.php HTTP/1.1" 404 6614 "-" "Mozlila/5.0 (Linux; Android 7.0; SM-G892A Bulid/NRD90M; wv) AppleWebKit/537.36 (KHTML, like Gecko) Version/4.0 Chrome/60.0.3112.107 Moblie Safari/537.36"
13.229.78.155 - - [01/Apr/2025:13:40:17 -0400] "GET /wp-content/plugins/pwnd/pwnd.php HTTP/1.1" 404 6614 "-" "Mozlila/5.0 (Linux; Android 7.0; SM-G892A Bulid/NRD90M; wv) AppleWebKit/537.36 (KHTML, like Gecko) Version/4.0 Chrome/60.0.3112.107 Moblie Safari/537.36"
13.229.78.155 - - [01/Apr/2025:13:40:20 -0400] "GET /wp-content/plugins/shell/noimg.php HTTP/1.1" 404 6614 "-" "Mozlila/5.0 (Linux; Android 7.0; SM-G892A Bulid/NRD90M; wv) AppleWebKit/537.36 (KHTML, like Gecko) Version/4.0 Chrome/60.0.3112.107 Moblie Safari/537.36"
13.229.78.155 - - [01/Apr/2025:13:40:22 -0400] "GET /WSOEnigma.php HTTP/1.1" 404 6615 "-" "Mozlila/5.0 (Linux; Android 7.0; SM-G892A Bulid/NRD90M; wv) AppleWebKit/537.36 (KHTML, like Gecko) Version/4.0 Chrome/60.0.3112.107 Moblie Safari/537.36"
13.229.78.155 - - [01/Apr/2025:13:40:24 -0400] "GET /wp-content/plugins/pwnd-1/pwnd.php HTTP/1.1" 404 6614 "-" "Mozlila/5.0 (Linux; Android 7.0; SM-G892A Bulid/NRD90M; wv) AppleWebKit/537.36 (KHTML, like Gecko) Version/4.0 Chrome/60.0.3112.107 Moblie Safari/537.36"
13.229.78.155 - - [01/Apr/2025:13:40:27 -0400] "GET /wp-content/plugins/dummyyummy/wp-signup.php HTTP/1.1" 404 6614 "-" "Mozlila/5.0 (Linux; Android 7.0; SM-G892A Bulid/NRD90M; wv) AppleWebKit/537.36 (KHTML, like Gecko) Version/4.0 Chrome/60.0.3112.107 Moblie Safari/537.36"
13.229.78.155 - - [01/Apr/2025:13:40:31 -0400] "GET /wp-content/plugins/clara/clara.php HTTP/1.1" 404 6615 "-" "Mozlila/5.0 (Linux; Android 7.0; SM-G892A Bulid/NRD90M; wv) AppleWebKit/537.36 (KHTML, like Gecko) Version/4.0 Chrome/60.0.3112.107 Moblie Safari/537.36"
198.54.114.83 - - [01/Apr/2025:13:40:34 -0400] "POST /wp-cron.php?doing_wp_cron=1743529231.6457591056823730468750 HTTP/1.1" 200 0 "-" "WordPress/6.7.2; https://baernblog.com"
212.34.153.180 - - [01/Apr/2025:13:40:36 -0400] "GET / HTTP/1.1" 200 97678 "-" "Mozilla/5.0 (Macintosh; Intel Mac OS X 10_15_7) AppleWebKit/537.36 (KHTML, like Gecko) Chrome/133.0.0.0 Safari/537.36"
216.244.66.198 - - [01/Apr/2025:13:43:38 -0400] "GET /robots.txt HTTP/1.1" 304 0 "-" "Mozilla/5.0 (compatible; DotBot/1.2; +https://opensiteexplorer.org/dotbot; help@moz.com)"
198.54.114.83 - - [01/Apr/2025:13:44:10 -0400] "POST /wp-cron.php?doing_wp_cron=1743529449.5238831043243408203125 HTTP/1.1" 200 0 "-" "WordPress/6.7.2; https://baernblog.com"
13.229.78.155 - - [01/Apr/2025:13:44:06 -0400] "GET /wp-cli.php HTTP/1.1" 404 6614 "www.google.com" "Mozlila/5.0 (Linux; Android 7.0; SM-G892A Bulid/NRD90M; wv) AppleWebKit/537.36 (KHTML, like Gecko) Version/4.0 Chrome/60.0.3112.107 Moblie Safari/537.36"
198.54.114.83 - - [01/Apr/2025:13:47:26 -0400] "POST /wp-cron.php?doing_wp_cron=1743529644.9528629779815673828125 HTTP/1.1" 200 0 "-" "WordPress/6.7.2; https://baernblog.com"
45.148.10.174 - - [01/Apr/2025:13:47:21 -0400] "GET /lzdmod/site-nav-pc/5.2.38/assets/track-order/index.js HTTP/1.1" 404 6614 "-" "Mozilla/5.0 (Macintosh; Intel Mac OS X 10_15_7) AppleWebKit/537.36 Chrome/120.0.0.0"
198.54.114.83 - - [01/Apr/2025:13:49:48 -0400] "POST /wp-cron.php?doing_wp_cron=1743529788.3348550796508789062500 HTTP/1.1" 200 0 "-" "WordPress/6.7.2; https://baernblog.com"
2001:8d8:1800:2ef::1 - - [01/Apr/2025:13:49:47 -0400] "POST /xmlrpc.php HTTP/1.1" 200 212 "http://baernblog.com" "Mozilla/5.0 (Windows NT 10.0; Win64; x64; rv:126.0) Gecko/20100101 Firefox/126.0"
198.54.114.83 - - [01/Apr/2025:14:05:30 -0400] "POST /wp-cron.php?doing_wp_cron=1743530729.9406149387359619140625 HTTP/1.1" 200 0 "-" "WordPress/6.7.2; https://baernblog.com"
45.148.10.174 - - [01/Apr/2025:14:05:25 -0400] "GET /g.lazcdn.com/g/??mui/feloader/5.0.0/feloader-min.js HTTP/1.1" 301 0 "-" "Mozilla/5.0 (Macintosh; Intel Mac OS X 10_15_7) AppleWebKit/537.36 Chrome/120.0.0.0"
31.145.16.12 - - [01/Apr/2025:14:11:20 -0400] "GET /robots.txt HTTP/1.1" 200 124 "-" "Mozilla/5.0 AppleWebKit/537.36 (KHTML, like Gecko; compatible; PerplexityBot/1.0; +https://perplexity.ai/perplexitybot)"
198.54.126.98 - - [01/Apr/2025:14:16:02 -0400] "POST /xmlrpc.php HTTP/1.1" 200 212 "http://baernblog.com" "Mozilla/5.0 (Macintosh; Intel Mac OS X 14.5) AppleWebKit/618.3.5 (KHTML, like Gecko) Version/17.4 Safari/618.3.5"
198.54.114.83 - - [01/Apr/2025:14:16:06 -0400] "POST /wp-cron.php?doing_wp_cron=1743531362.6511209011077880859375 HTTP/1.1" 200 0 "-" "WordPress/6.7.2; https://baernblog.com"
4.227.36.111 - - [01/Apr/2025:14:17:21 -0400] "GET /robots.txt HTTP/1.1" 304 0 "-" "Mozilla/5.0 AppleWebKit/537.36 (KHTML, like Gecko; compatible; GPTBot/1.2; +https://openai.com/gptbot)"
198.54.114.83 - - [01/Apr/2025:14:22:05 -0400] "POST /wp-cron.php?doing_wp_cron=1743531723.9812619686126708984375 HTTP/1.1" 200 0 "-" "WordPress/6.7.2; https://baernblog.com"
45.148.10.174 - - [01/Apr/2025:14:22:00 -0400] "GET /plugins/interface.js HTTP/1.1" 404 6614 "-" "Mozilla/5.0 (Macintosh; Intel Mac OS X 10_15_7) AppleWebKit/537.36 Chrome/120.0.0.0"
45.148.10.174 - - [01/Apr/2025:14:22:13 -0400] "GET /lzdmod/back-to-third-party-app/5.0.2/m/button.js HTTP/1.1" 404 6614 "-" "Mozilla/5.0 (Macintosh; Intel Mac OS X 10_15_7) AppleWebKit/537.36 Chrome/120.0.0.0"
216.244.66.198 - - [01/Apr/2025:14:27:04 -0400] "GET /robots.txt HTTP/1.1" 304 0 "-" "Mozilla/5.0 (compatible; DotBot/1.2; +https://opensiteexplorer.org/dotbot; help@moz.com)"
198.54.114.83 - - [01/Apr/2025:14:32:44 -0400] "POST /wp-cron.php?doing_wp_cron=1743532364.4513731002807617187500 HTTP/1.1" 200 0 "-" "WordPress/6.7.2; https://baernblog.com"
45.148.10.174 - - [01/Apr/2025:14:32:43 -0400] "GET /g.lazcdn.com/g/lzdmod/desktop-footer/6.1.1/ HTTP/1.1" 404 6614 "-" "Mozilla/5.0 (Macintosh; Intel Mac OS X 10_15_7) AppleWebKit/537.36 Chrome/120.0.0.0"
2a01:e0a:a67:b860:858b:6cf8:96ba:1d55 - - [01/Apr/2025:14:37:36 -0400] "GET /.env HTTP/1.1" 403 1242 "-" "Mozilla/5.0 (Macintosh; U; Intel Mac OS X 10_6_8; en-us) AppleWebKit/534.50 (KHTML, like Gecko) Version/5.1 Safari/534.50"
198.54.114.83 - - [01/Apr/2025:14:41:41 -0400] "POST /wp-cron.php?doing_wp_cron=1743532901.7385160923004150390625 HTTP/1.1" 200 0 "-" "WordPress/6.7.2; https://baernblog.com"
198.54.114.37 - - [01/Apr/2025:14:41:37 -0400] "POST /xmlrpc.php HTTP/1.1" 200 212 "http://baernblog.com" "Mozilla/5.0 (Windows NT 10.0; Win64; x64) AppleWebKit/537.36 (KHTML, like Gecko) Chrome/113.0.5672.93 Safari/537.36"
178.217.99.17 - - [01/Apr/2025:14:45:21 -0400] "GET /the-benefits-of-managed-investing/ HTTP/1.1" 200 12353 "-" "Mozilla/5.0 (X11; Ubuntu; Linux x86_64; rv:114.0) Gecko/20100101 Firefox/114.0"
198.54.114.83 - - [01/Apr/2025:15:06:42 -0400] "POST /wp-cron.php?doing_wp_cron=1743534401.8063681125640869140625 HTTP/1.1" 200 0 "-" "WordPress/6.7.2; https://baernblog.com"
8.210.103.127 - - [01/Apr/2025:15:06:35 -0400] "POST /xmlrpc.php HTTP/1.1" 200 212 "http://baernblog.com" "Mozilla/5.0 (Macintosh; Intel Mac OS X 13_3) AppleWebKit/537.36 (KHTML, like Gecko) Chrome/126.0.0.0 Safari/537.36"
45.148.10.174 - - [01/Apr/2025:15:10:55 -0400] "GET /lzdmod/site-menu-pc/5.0.45/pc/index.js HTTP/1.1" 404 6614 "-" "Mozilla/5.0 (Macintosh; Intel Mac OS X 10_15_7) AppleWebKit/537.36 Chrome/120.0.0.0"
185.220.101.11 - - [01/Apr/2025:15:13:27 -0400] "GET / HTTP/1.1" 200 97678 "http://baernblog.com" "Mozilla/5.0 (Macintosh; Intel Mac OS X 10_6_2) AppleWebKit/535.1 (KHTML, like Gecko) Chrome/13.0.782.41 Safari/535.1"
198.54.114.83 - - [01/Apr/2025:15:15:07 -0400] "POST /wp-cron.php?doing_wp_cron=1743534906.1183259487152099609375 HTTP/1.1" 200 0 "-" "WordPress/6.7.2; https://baernblog.com"
45.148.10.174 - - [01/Apr/2025:15:15:05 -0400] "GET /g.lazcdn.com/g/alilog/mlog/aplus_int.js HTTP/1.1" 404 6614 "-" "Mozilla/5.0 (Macintosh; Intel Mac OS X 10_15_7) AppleWebKit/537.36 Chrome/120.0.0.0"
13.68.31.143 - - [01/Apr/2025:15:25:17 -0400] "HEAD /wordpress HTTP/1.1" 404 0 "-" "Mozilla/5.0 (Windows NT 10.0; Win64; x64) AppleWebKit/537.36 (KHTML, like Gecko) Chrome/74.0.3729.169 Safari/537.36"
13.68.31.143 - - [01/Apr/2025:15:25:18 -0400] "HEAD / HTTP/1.1" 200 0 "-" "Mozilla/5.0 (Windows NT 10.0; Win64; x64) AppleWebKit/537.36 (KHTML, like Gecko) Chrome/74.0.3729.169 Safari/537.36"
13.68.31.143 - - [01/Apr/2025:15:25:18 -0400] "HEAD /wp HTTP/1.1" 404 0 "-" "Mozilla/5.0 (Windows NT 10.0; Win64; x64) AppleWebKit/537.36 (KHTML, like Gecko) Chrome/74.0.3729.169 Safari/537.36"
13.68.31.143 - - [01/Apr/2025:15:25:19 -0400] "HEAD /bc HTTP/1.1" 404 0 "-" "Mozilla/5.0 (Windows NT 10.0; Win64; x64) AppleWebKit/537.36 (KHTML, like Gecko) Chrome/74.0.3729.169 Safari/537.36"
13.68.31.143 - - [01/Apr/2025:15:25:19 -0400] "HEAD /bk HTTP/1.1" 404 0 "-" "Mozilla/5.0 (Windows NT 10.0; Win64; x64) AppleWebKit/537.36 (KHTML, like Gecko) Chrome/74.0.3729.169 Safari/537.36"
198.54.114.83 - - [01/Apr/2025:15:25:20 -0400] "POST /wp-cron.php?doing_wp_cron=1743535520.6172111034393310546875 HTTP/1.1" 200 0 "-" "WordPress/6.7.2; https://baernblog.com"
13.68.31.143 - - [01/Apr/2025:15:25:20 -0400] "HEAD /backup HTTP/1.1" 404 0 "-" "Mozilla/5.0 (Windows NT 10.0; Win64; x64) AppleWebKit/537.36 (KHTML, like Gecko) Chrome/74.0.3729.169 Safari/537.36"
13.68.31.143 - - [01/Apr/2025:15:25:20 -0400] "HEAD /old HTTP/1.1" 404 0 "-" "Mozilla/5.0 (Windows NT 10.0; Win64; x64) AppleWebKit/537.36 (KHTML, like Gecko) Chrome/74.0.3729.169 Safari/537.36"
13.68.31.143 - - [01/Apr/2025:15:25:21 -0400] "HEAD /new HTTP/1.1" 301 0 "-" "Mozilla/5.0 (Windows NT 10.0; Win64; x64) AppleWebKit/537.36 (KHTML, like Gecko) Chrome/74.0.3729.169 Safari/537.36"
13.68.31.143 - - [01/Apr/2025:15:25:22 -0400] "HEAD /main HTTP/1.1" 404 0 "-" "Mozilla/5.0 (Windows NT 10.0; Win64; x64) AppleWebKit/537.36 (KHTML, like Gecko) Chrome/74.0.3729.169 Safari/537.36"
13.68.31.143 - - [01/Apr/2025:15:25:22 -0400] "HEAD /home HTTP/1.1" 301 0 "-" "Mozilla/5.0 (Windows NT 10.0; Win64; x64) AppleWebKit/537.36 (KHTML, like Gecko) Chrome/74.0.3729.169 Safari/537.36"
31.145.16.12 - - [01/Apr/2025:15:27:20 -0400] "GET / HTTP/1.1" 200 97678 "-" "Mozilla/5.0 AppleWebKit/537.36 (KHTML, like Gecko; compatible; PerplexityBot/1.0; +https://perplexity.ai/perplexitybot)"
162.0.232.248 - - [01/Apr/2025:15:31:14 -0400] "POST /xmlrpc.php HTTP/1.1" 200 212 "http://baernblog.com" "Mozilla/5.0 (Macintosh; Intel Mac OS X 14.3) AppleWebKit/614.31.14 (KHTML, like Gecko) Version/17.0.96 Safari/614.31.14"
198.54.114.83 - - [01/Apr/2025:15:36:42 -0400] "POST /wp-cron.php?doing_wp_cron=1743536201.6833269596099853515625 HTTP/1.1" 200 0 "-" "WordPress/6.7.2; https://baernblog.com"
13.229.78.155 - - [01/Apr/2025:15:36:37 -0400] "GET /wp-includes/ID3/index.php HTTP/1.1" 301 0 "-" "Mozlila/5.0 (Linux; Android 7.0; SM-G892A Bulid/NRD90M; wv) AppleWebKit/537.36 (KHTML, like Gecko) Version/4.0 Chrome/60.0.3112.107 Moblie Safari/537.36"
13.229.78.155 - - [01/Apr/2025:15:36:43 -0400] "GET /wp-includes/ID3/ HTTP/1.1" 200 1646 "-" "Mozlila/5.0 (Linux; Android 7.0; SM-G892A Bulid/NRD90M; wv) AppleWebKit/537.36 (KHTML, like Gecko) Version/4.0 Chrome/60.0.3112.107 Moblie Safari/537.36"
13.229.78.155 - - [01/Apr/2025:15:36:44 -0400] "GET /wp-content/plugins/index.php HTTP/1.1" 200 0 "-" "Mozlila/5.0 (Linux; Android 7.0; SM-G892A Bulid/NRD90M; wv) AppleWebKit/537.36 (KHTML, like Gecko) Version/4.0 Chrome/60.0.3112.107 Moblie Safari/537.36"
13.229.78.155 - - [01/Apr/2025:15:36:45 -0400] "GET /wp-admin/network/index.php HTTP/1.1" 302 0 "-" "Mozlila/5.0 (Linux; Android 7.0; SM-G892A Bulid/NRD90M; wv) AppleWebKit/537.36 (KHTML, like Gecko) Version/4.0 Chrome/60.0.3112.107 Moblie Safari/537.36"
13.229.78.155 - - [01/Apr/2025:15:36:58 -0400] "GET /wp-includes/IXR/index.php HTTP/1.1" 301 0 "-" "Mozlila/5.0 (Linux; Android 7.0; SM-G892A Bulid/NRD90M; wv) AppleWebKit/537.36 (KHTML, like Gecko) Version/4.0 Chrome/60.0.3112.107 Moblie Safari/537.36"
13.229.78.155 - - [01/Apr/2025:15:36:59 -0400] "GET /wp-includes/IXR/ HTTP/1.1" 200 1434 "-" "Mozlila/5.0 (Linux; Android 7.0; SM-G892A Bulid/NRD90M; wv) AppleWebKit/537.36 (KHTML, like Gecko) Version/4.0 Chrome/60.0.3112.107 Moblie Safari/537.36"
13.229.78.155 - - [01/Apr/2025:15:37:00 -0400] "GET /wp-admin/images/index.php HTTP/1.1" 301 0 "-" "Mozlila/5.0 (Linux; Android 7.0; SM-G892A Bulid/NRD90M; wv) AppleWebKit/537.36 (KHTML, like Gecko) Version/4.0 Chrome/60.0.3112.107 Moblie Safari/537.36"
13.229.78.155 - - [01/Apr/2025:15:37:02 -0400] "GET /wp-admin/images/ HTTP/1.1" 200 3358 "-" "Mozlila/5.0 (Linux; Android 7.0; SM-G892A Bulid/NRD90M; wv) AppleWebKit/537.36 (KHTML, like Gecko) Version/4.0 Chrome/60.0.3112.107 Moblie Safari/537.36"
198.54.114.83 - - [01/Apr/2025:15:37:04 -0400] "POST /wp-cron.php?doing_wp_cron=1743536223.8174641132354736328125 HTTP/1.1" 200 0 "-" "WordPress/6.7.2; https://baernblog.com"
13.229.78.155 - - [01/Apr/2025:15:37:03 -0400] "GET /wp-login.php HTTP/1.1" 302 0 "-" "Mozlila/5.0 (Linux; Android 7.0; SM-G892A Bulid/NRD90M; wv) AppleWebKit/537.36 (KHTML, like Gecko) Version/4.0 Chrome/60.0.3112.107 Moblie Safari/537.36"
13.229.78.155 - - [01/Apr/2025:15:37:05 -0400] "GET /wp-content/plugins/admin.php HTTP/1.1" 404 6614 "-" "Mozlila/5.0 (Linux; Android 7.0; SM-G892A Bulid/NRD90M; wv) AppleWebKit/537.36 (KHTML, like Gecko) Version/4.0 Chrome/60.0.3112.107 Moblie Safari/537.36"
13.229.78.155 - - [01/Apr/2025:15:37:06 -0400] "GET /xmlrpc.php HTTP/1.1" 405 60 "-" "Mozlila/5.0 (Linux; Android 7.0; SM-G892A Bulid/NRD90M; wv) AppleWebKit/537.36 (KHTML, like Gecko) Version/4.0 Chrome/60.0.3112.107 Moblie Safari/537.36"
13.229.78.155 - - [01/Apr/2025:15:37:07 -0400] "GET /wp-admin.php HTTP/1.1" 404 6615 "-" "Mozlila/5.0 (Linux; Android 7.0; SM-G892A Bulid/NRD90M; wv) AppleWebKit/537.36 (KHTML, like Gecko) Version/4.0 Chrome/60.0.3112.107 Moblie Safari/537.36"
13.229.78.155 - - [01/Apr/2025:15:37:08 -0400] "GET /wp-content/plugins/Core-Econ/upH.php HTTP/1.1" 404 6615 "-" "Mozlila/5.0 (Linux; Android 7.0; SM-G892A Bulid/NRD90M; wv) AppleWebKit/537.36 (KHTML, like Gecko) Version/4.0 Chrome/60.0.3112.107 Moblie Safari/537.36"
13.229.78.155 - - [01/Apr/2025:15:37:09 -0400] "GET /wp-content/plugins/fix/up.php HTTP/1.1" 404 6615 "-" "Mozlila/5.0 (Linux; Android 7.0; SM-G892A Bulid/NRD90M; wv) AppleWebKit/537.36 (KHTML, like Gecko) Version/4.0 Chrome/60.0.3112.107 Moblie Safari/537.36"
13.229.78.155 - - [01/Apr/2025:15:37:10 -0400] "GET /wp-content/plugins/pwnd/pwnd.php HTTP/1.1" 404 6614 "-" "Mozlila/5.0 (Linux; Android 7.0; SM-G892A Bulid/NRD90M; wv) AppleWebKit/537.36 (KHTML, like Gecko) Version/4.0 Chrome/60.0.3112.107 Moblie Safari/537.36"
13.229.78.155 - - [01/Apr/2025:15:37:10 -0400] "GET /wp-content/plugins/shell/noimg.php HTTP/1.1" 404 6615 "-" "Mozlila/5.0 (Linux; Android 7.0; SM-G892A Bulid/NRD90M; wv) AppleWebKit/537.36 (KHTML, like Gecko) Version/4.0 Chrome/60.0.3112.107 Moblie Safari/537.36"
13.229.78.155 - - [01/Apr/2025:15:37:14 -0400] "GET /WSOEnigma.php HTTP/1.1" 404 6614 "-" "Mozlila/5.0 (Linux; Android 7.0; SM-G892A Bulid/NRD90M; wv) AppleWebKit/537.36 (KHTML, like Gecko) Version/4.0 Chrome/60.0.3112.107 Moblie Safari/537.36"
13.229.78.155 - - [01/Apr/2025:15:37:15 -0400] "GET /wp-content/plugins/pwnd-1/pwnd.php HTTP/1.1" 404 6614 "-" "Mozlila/5.0 (Linux; Android 7.0; SM-G892A Bulid/NRD90M; wv) AppleWebKit/537.36 (KHTML, like Gecko) Version/4.0 Chrome/60.0.3112.107 Moblie Safari/537.36"
13.229.78.155 - - [01/Apr/2025:15:37:15 -0400] "GET /wp-content/plugins/dummyyummy/wp-signup.php HTTP/1.1" 404 6614 "-" "Mozlila/5.0 (Linux; Android 7.0; SM-G892A Bulid/NRD90M; wv) AppleWebKit/537.36 (KHTML, like Gecko) Version/4.0 Chrome/60.0.3112.107 Moblie Safari/537.36"
13.229.78.155 - - [01/Apr/2025:15:37:16 -0400] "GET /wp-content/plugins/clara/clara.php HTTP/1.1" 404 6614 "-" "Mozlila/5.0 (Linux; Android 7.0; SM-G892A Bulid/NRD90M; wv) AppleWebKit/537.36 (KHTML, like Gecko) Version/4.0 Chrome/60.0.3112.107 Moblie Safari/537.36"
198.54.114.83 - - [01/Apr/2025:15:39:16 -0400] "POST /wp-cron.php?doing_wp_cron=1743536356.0394968986511230468750 HTTP/1.1" 200 0 "-" "WordPress/6.7.2; https://baernblog.com"
45.148.10.174 - - [01/Apr/2025:15:39:12 -0400] "GET /g.lazcdn.com/g/lzdmod/loader/5.0.2/??index.js HTTP/1.1" 301 0 "-" "Mozilla/5.0 (Macintosh; Intel Mac OS X 10_15_7) AppleWebKit/537.36 Chrome/120.0.0.0"
45.148.10.174 - - [01/Apr/2025:15:39:17 -0400] "GET /g.lazcdn.com/g/lzdmod/loader/5.0.2/?index.js HTTP/1.1" 404 6614 "-" "Mozilla/5.0 (Macintosh; Intel Mac OS X 10_15_7) AppleWebKit/537.36 Chrome/120.0.0.0"
212.34.132.22 - - [01/Apr/2025:15:40:00 -0400] "GET / HTTP/1.1" 200 97678 "-" "Mozilla/5.0 (Macintosh; Intel Mac OS X 10_15_7) AppleWebKit/537.36 (KHTML, like Gecko) Chrome/133.0.0.0 Safari/537.36"
198.54.114.83 - - [01/Apr/2025:15:41:03 -0400] "POST /wp-cron.php?doing_wp_cron=1743536463.0684099197387695312500 HTTP/1.1" 200 0 "-" "WordPress/6.7.2; https://baernblog.com"
185.244.214.215 - - [01/Apr/2025:15:41:02 -0400] "GET /wp-content/plugins/royal-elementor-addons/readme.txt HTTP/1.1" 404 6615 "-" "Mozilla/5.0 (iPhone; CPU iPhone OS 17_2 like Mac OS X) AppleWebKit/605.1.15 (KHTML, like Gecko) Version/17.2 Mobile/15E148 Safari/604.1"
195.2.70.209 - - [01/Apr/2025:15:53:28 -0400] "GET / HTTP/1.1" 200 97678 "-" "Mozilla/5.0 (Macintosh; Intel Mac OS X 10_15_7) AppleWebKit/537.36 (KHTML, like Gecko) Chrome/133.0.0.0 Safari/537.36"
198.54.114.83 - - [01/Apr/2025:15:54:59 -0400] "POST /wp-cron.php?doing_wp_cron=1743537298.9515531063079833984375 HTTP/1.1" 200 0 "-" "WordPress/6.7.2; https://baernblog.com"
209.172.2.50 - - [01/Apr/2025:15:54:58 -0400] "POST /xmlrpc.php HTTP/1.1" 200 212 "http://baernblog.com" "Mozilla/5.0 (Macintosh; Intel Mac OS X 10_15_7) AppleWebKit/537.36 (KHTML, like Gecko) Chrome/112.0.5615.138 Safari/537.36"
198.54.114.83 - - [01/Apr/2025:15:55:23 -0400] "POST /wp-cron.php?doing_wp_cron=1743537322.4318249225616455078125 HTTP/1.1" 200 0 "-" "WordPress/6.7.2; https://baernblog.com"
13.229.78.155 - - [01/Apr/2025:15:55:22 -0400] "GET /wp-cli.php HTTP/1.1" 404 6614 "www.google.com" "Mozlila/5.0 (Linux; Android 7.0; SM-G892A Bulid/NRD90M; wv) AppleWebKit/537.36 (KHTML, like Gecko) Version/4.0 Chrome/60.0.3112.107 Moblie Safari/537.36"
216.244.66.198 - - [01/Apr/2025:15:56:25 -0400] "GET /robots.txt HTTP/1.1" 304 0 "-" "Mozilla/5.0 (compatible; DotBot/1.2; +https://opensiteexplorer.org/dotbot; help@moz.com)"
198.54.114.83 - - [01/Apr/2025:15:58:31 -0400] "POST /wp-cron.php?doing_wp_cron=1743537511.2339758872985839843750 HTTP/1.1" 200 0 "-" "WordPress/6.7.2; https://baernblog.com"
45.148.10.174 - - [01/Apr/2025:15:58:27 -0400] "GET /assets/reqwest/index.js HTTP/1.1" 404 6614 "-" "Mozilla/5.0 (Windows NT 10.0; Win64; x64) AppleWebKit/537.36 Chrome/121.0.0.0"
