93.123.109.17 - - [04/Apr/2025:12:51:17 -0400] "GET / HTTP/1.1" 200 97678 "-" "Mozilla/5.0 (X11; Linux x86_64) AppleWebKit/537.36 (KHTML, like Gecko) Chrome/74.0.3729.169 Safari/537.36"
156.229.232.98 - - [04/Apr/2025:12:54:27 -0400] "GET / HTTP/1.1" 200 97678 "baernblog.com" "Mozilla/5.0 (Windows NT 6.1; WOW64) AppleWebKit/537.36 (KHTML, like Gecko) Chrome/45.0.2454.85 Safari/537.36 OPR/32.0.1948.25"
4.227.36.17 - - [04/Apr/2025:13:04:31 -0400] "GET /robots.txt HTTP/1.1" 200 124 "-" "Mozilla/5.0 AppleWebKit/537.36 (KHTML, like Gecko; compatible; GPTBot/1.2; +https://openai.com/gptbot)"
77.238.230.6 - - [04/Apr/2025:13:12:22 -0400] "GET / HTTP/1.1" 200 97678 "-" "Mozilla/5.0 (Macintosh; Intel Mac OS X 10_15_7) AppleWebKit/537.36 (KHTML, like Gecko) Chrome/133.0.0.0 Safari/537.36"
185.157.214.24 - - [04/Apr/2025:13:17:16 -0400] "GET / HTTP/1.1" 200 97678 "-" "Mozilla/5.0 (Macintosh; Intel Mac OS X 10_15_7) AppleWebKit/537.36 (KHTML, like Gecko) Chrome/133.0.0.0 Safari/537.36"
89.110.80.171 - - [04/Apr/2025:13:19:34 -0400] "GET / HTTP/1.1" 200 97678 "-" "Mozilla/5.0 (Macintosh; Intel Mac OS X 10_15_7) AppleWebKit/537.36 (KHTML, like Gecko) Chrome/133.0.0.0 Safari/537.36"
91.84.104.205 - - [04/Apr/2025:13:21:30 -0400] "GET / HTTP/1.1" 200 97678 "-" "Mozilla/5.0 (Macintosh; Intel Mac OS X 10_15_7) AppleWebKit/537.36 (KHTML, like Gecko) Chrome/133.0.0.0 Safari/537.36"
216.244.66.198 - - [04/Apr/2025:13:30:11 -0400] "GET /robots.txt HTTP/1.1" 200 124 "-" "Mozilla/5.0 (compatible; DotBot/1.2; +https://opensiteexplorer.org/dotbot; help@moz.com)"
185.157.214.24 - - [04/Apr/2025:13:37:07 -0400] "GET / HTTP/1.1" 200 97678 "-" "Mozilla/5.0 (Macintosh; Intel Mac OS X 10_15_7) AppleWebKit/537.36 (KHTML, like Gecko) Chrome/133.0.0.0 Safari/537.36"
77.238.230.6 - - [04/Apr/2025:13:48:16 -0400] "GET / HTTP/1.1" 200 97678 "-" "Mozilla/5.0 (Macintosh; Intel Mac OS X 10_15_7) AppleWebKit/537.36 (KHTML, like Gecko) Chrome/133.0.0.0 Safari/537.36"
64.23.233.179 - - [04/Apr/2025:13:51:21 -0400] "GET / HTTP/1.1" 200 97678 "-" "-"
91.84.104.205 - - [04/Apr/2025:13:53:40 -0400] "GET / HTTP/1.1" 200 97678 "-" "Mozilla/5.0 (Macintosh; Intel Mac OS X 10_15_7) AppleWebKit/537.36 (KHTML, like Gecko) Chrome/133.0.0.0 Safari/537.36"
185.220.101.6 - - [04/Apr/2025:13:55:16 -0400] "GET / HTTP/1.1" 200 97678 "http://baernblog.com" "Mozilla/5.0 (Windows NT 6.1; WOW64; Trident/7.0; rv:11.0) like Gecko"
89.110.80.171 - - [04/Apr/2025:14:08:52 -0400] "GET / HTTP/1.1" 200 97678 "-" "Mozilla/5.0 (Macintosh; Intel Mac OS X 10_15_7) AppleWebKit/537.36 (KHTML, like Gecko) Chrome/133.0.0.0 Safari/537.36"
89.110.109.74 - - [04/Apr/2025:14:17:45 -0400] "GET / HTTP/1.1" 200 97678 "-" "Mozilla/5.0 (Macintosh; Intel Mac OS X 10_15_7) AppleWebKit/537.36 (KHTML, like Gecko) Chrome/133.0.0.0 Safari/537.36"
13.59.215.179 - - [04/Apr/2025:14:20:54 -0400] "GET / HTTP/1.1" 200 97678 "-" "python-requests/2.27.1"
121.62.29.157 - - [04/Apr/2025:14:21:00 -0400] "GET / HTTP/1.1" 200 97678 "http://baernblog.com/" "Mozilla/4.0 (compatible; MSIE 9.0; Windows NT 6.1)"
89.110.109.74 - - [04/Apr/2025:14:21:05 -0400] "GET / HTTP/1.1" 200 97678 "-" "Mozilla/5.0 (Macintosh; Intel Mac OS X 10_15_7) AppleWebKit/537.36 (KHTML, like Gecko) Chrome/133.0.0.0 Safari/537.36"
85.208.98.23 - - [04/Apr/2025:14:41:01 -0400] "GET /robots.txt HTTP/1.1" 304 0 "-" "Mozilla/5.0 (compatible; SemrushBot-BA; +http://www.semrush.com/bot.html)"
185.245.104.75 - - [04/Apr/2025:14:43:08 -0400] "GET / HTTP/1.1" 200 97678 "-" "Mozilla/5.0 (Macintosh; Intel Mac OS X 10_15_7) AppleWebKit/537.36 (KHTML, like Gecko) Chrome/133.0.0.0 Safari/537.36"
89.110.103.94 - - [04/Apr/2025:14:47:18 -0400] "GET / HTTP/1.1" 200 97678 "-" "Mozilla/5.0 (Macintosh; Intel Mac OS X 10_15_7) AppleWebKit/537.36 (KHTML, like Gecko) Chrome/133.0.0.0 Safari/537.36"
185.245.104.75 - - [04/Apr/2025:14:53:11 -0400] "GET / HTTP/1.1" 200 97678 "-" "Mozilla/5.0 (Macintosh; Intel Mac OS X 10_15_7) AppleWebKit/537.36 (KHTML, like Gecko) Chrome/133.0.0.0 Safari/537.36"
212.34.155.126 - - [04/Apr/2025:14:58:04 -0400] "GET / HTTP/1.1" 200 97678 "-" "Mozilla/5.0 (Macintosh; Intel Mac OS X 10_15_7) AppleWebKit/537.36 (KHTML, like Gecko) Chrome/133.0.0.0 Safari/537.36"
212.34.154.131 - - [04/Apr/2025:14:59:05 -0400] "GET / HTTP/1.1" 200 97678 "-" "Mozilla/5.0 (Macintosh; Intel Mac OS X 10_15_7) AppleWebKit/537.36 (KHTML, like Gecko) Chrome/133.0.0.0 Safari/537.36"
195.26.225.209 - - [04/Apr/2025:15:00:26 -0400] "GET / HTTP/1.1" 200 97678 "-" "Mozilla/5.0 (Macintosh; Intel Mac OS X 10_15_7) AppleWebKit/537.36 (KHTML, like Gecko) Chrome/133.0.0.0 Safari/537.36"
212.34.146.152 - - [04/Apr/2025:15:13:45 -0400] "GET / HTTP/1.1" 200 97678 "-" "Mozilla/5.0 (Macintosh; Intel Mac OS X 10_15_7) AppleWebKit/537.36 (KHTML, like Gecko) Chrome/133.0.0.0 Safari/537.36"
89.110.115.121 - - [04/Apr/2025:15:21:35 -0400] "GET / HTTP/1.1" 200 97678 "-" "Mozilla/5.0 (Macintosh; Intel Mac OS X 10_15_7) AppleWebKit/537.36 (KHTML, like Gecko) Chrome/133.0.0.0 Safari/537.36"
185.157.214.24 - - [04/Apr/2025:15:23:37 -0400] "GET / HTTP/1.1" 200 97678 "-" "Mozilla/5.0 (Macintosh; Intel Mac OS X 10_15_7) AppleWebKit/537.36 (KHTML, like Gecko) Chrome/133.0.0.0 Safari/537.36"
89.110.109.74 - - [04/Apr/2025:15:24:35 -0400] "GET / HTTP/1.1" 200 97678 "-" "Mozilla/5.0 (Macintosh; Intel Mac OS X 10_15_7) AppleWebKit/537.36 (KHTML, like Gecko) Chrome/133.0.0.0 Safari/537.36"
103.153.202.97 - - [04/Apr/2025:15:43:47 -0400] "GET / HTTP/1.1" 200 97678 "http://baernblog.com" "Mozilla/4.0 (compatible; MSIE 9.0; Windows NT 6.1)"
216.244.66.198 - - [04/Apr/2025:15:45:46 -0400] "GET /robots.txt HTTP/1.1" 200 124 "-" "Mozilla/5.0 (compatible; DotBot/1.2; +https://opensiteexplorer.org/dotbot; help@moz.com)"
196.251.73.42 - - [04/Apr/2025:15:45:53 -0400] "GET / HTTP/1.1" 200 97678 "-" "Mozilla/5.0 (Windows NT 10.0; Win64; x64) AppleWebKit/537.36 (KHTML, like Gecko) Chrome/78.0.3904.108 Safari/537.36"
196.251.73.42 - - [04/Apr/2025:15:45:54 -0400] "GET / HTTP/1.1" 200 97678 "-" "Mozilla/5.0 (Windows NT 10.0; Win64; x64) AppleWebKit/537.36 (KHTML, like Gecko) Chrome/78.0.3904.108 Safari/537.36"
198.54.114.83 - - [04/Apr/2025:15:46:00 -0400] "POST /wp-cron.php?doing_wp_cron=1743795959.7963430881500244140625 HTTP/1.1" 200 0 "-" "WordPress/6.7.2; https://baernblog.com"
196.251.73.42 - - [04/Apr/2025:15:45:55 -0400] "GET /wp-includes/wlwmanifest.xml HTTP/1.1" 404 6614 "-" "Mozilla/5.0 (Windows NT 10.0; Win64; x64) AppleWebKit/537.36 (KHTML, like Gecko) Chrome/78.0.3904.108 Safari/537.36"
196.251.73.42 - - [04/Apr/2025:15:46:01 -0400] "GET /?author=1 HTTP/1.1" 200 97678 "-" "Mozilla/5.0 (Windows NT 10.0; Win64; x64) AppleWebKit/537.36 (KHTML, like Gecko) Chrome/78.0.3904.108 Safari/537.36"
196.251.73.42 - - [04/Apr/2025:15:46:02 -0400] "GET /?author=2 HTTP/1.1" 200 97678 "-" "Mozilla/5.0 (Windows NT 10.0; Win64; x64) AppleWebKit/537.36 (KHTML, like Gecko) Chrome/78.0.3904.108 Safari/537.36"
196.251.73.42 - - [04/Apr/2025:15:46:03 -0400] "GET /wp-json/wp/v2/users/ HTTP/1.1" 200 1325 "-" "Mozilla/5.0 (Windows NT 10.0; Win64; x64) AppleWebKit/537.36 (KHTML, like Gecko) Chrome/78.0.3904.108 Safari/537.36"
196.251.73.42 - - [04/Apr/2025:15:46:04 -0400] "POST /xmlrpc.php HTTP/1.1" 200 236 "-" "Mozilla/5.0 (Windows NT 10.0; Win64; x64) AppleWebKit/537.36 (KHTML, like Gecko) Chrome/78.0.3904.108 Safari/537.36"
196.251.73.42 - - [04/Apr/2025:15:46:06 -0400] "POST /xmlrpc.php HTTP/1.1" 200 236 "-" "Mozilla/5.0 (Windows NT 10.0; Win64; x64) AppleWebKit/537.36 (KHTML, like Gecko) Chrome/78.0.3904.108 Safari/537.36"
196.251.73.42 - - [04/Apr/2025:15:46:07 -0400] "POST /xmlrpc.php HTTP/1.1" 200 236 "-" "Mozilla/5.0 (Windows NT 10.0; Win64; x64) AppleWebKit/537.36 (KHTML, like Gecko) Chrome/78.0.3904.108 Safari/537.36"
196.251.73.42 - - [04/Apr/2025:15:46:08 -0400] "POST /xmlrpc.php HTTP/1.1" 200 236 "-" "Mozilla/5.0 (Windows NT 10.0; Win64; x64) AppleWebKit/537.36 (KHTML, like Gecko) Chrome/78.0.3904.108 Safari/537.36"
196.251.73.42 - - [04/Apr/2025:15:46:08 -0400] "POST /xmlrpc.php HTTP/1.1" 200 236 "-" "Mozilla/5.0 (Windows NT 10.0; Win64; x64) AppleWebKit/537.36 (KHTML, like Gecko) Chrome/78.0.3904.108 Safari/537.36"
196.251.73.42 - - [04/Apr/2025:15:46:09 -0400] "POST /xmlrpc.php HTTP/1.1" 200 236 "-" "Mozilla/5.0 (Windows NT 10.0; Win64; x64) AppleWebKit/537.36 (KHTML, like Gecko) Chrome/78.0.3904.108 Safari/537.36"
192.42.116.197 - - [04/Apr/2025:15:51:45 -0400] "GET / HTTP/1.1" 200 97678 "http://baernblog.com" "Mozilla/5.0 (Windows NT 6.1; WOW64) AppleWebKit/537.36 (KHTML, like Gecko) Chrome/46.0.2490.86 YaBrowser/15.12.1.6475 Yowser/2.5 Safari/537.36"
185.117.225.68 - - [04/Apr/2025:16:15:05 -0400] "GET / HTTP/1.1" 200 97678 "-" "Mozilla/5.0 (compatible; BitSightBot/1.0)"
185.117.225.68 - - [04/Apr/2025:16:15:12 -0400] "GET /react-dom.js HTTP/1.1" 404 6613 "http://baernblog.com/" "Mozilla/5.0 (compatible; BitSightBot/1.0)"
185.117.225.68 - - [04/Apr/2025:16:15:12 -0400] "GET /react.js HTTP/1.1" 404 6613 "http://baernblog.com/" "Mozilla/5.0 (compatible; BitSightBot/1.0)"
198.54.114.83 - - [04/Apr/2025:16:15:19 -0400] "POST /wp-cron.php?doing_wp_cron=1743797716.8278179168701171875000 HTTP/1.1" 200 0 "-" "WordPress/6.7.2; https://baernblog.com"
198.54.114.83 - - [04/Apr/2025:16:15:20 -0400] "POST /wp-cron.php?doing_wp_cron=1743797716.8274009227752685546875 HTTP/1.1" 200 0 "-" "WordPress/6.7.2; https://baernblog.com"
198.54.114.83 - - [04/Apr/2025:16:26:24 -0400] "POST /wp-cron.php?doing_wp_cron=1743798383.5724360942840576171875 HTTP/1.1" 200 0 "-" "WordPress/6.7.2; https://baernblog.com"
159.226.104.70 - - [04/Apr/2025:16:26:18 -0400] "GET /the-benefits-of-managed-investing/ HTTP/1.1" 200 12622 "http://baernblog.com/the-benefits-of-managed-investing/" "Mozilla/5.0 (Windows NT 10.0; Win64; x64) AppleWebKit/537.36 (KHTML, like Gecko) Chrome/131.0.0.0 Safari/537.36 Avast/131.0.0.0"
198.54.114.83 - - [04/Apr/2025:16:28:51 -0400] "POST /wp-cron.php?doing_wp_cron=1743798531.1537499427795410156250 HTTP/1.1" 200 0 "-" "WordPress/6.7.2; https://baernblog.com"
54.254.137.198 - - [04/Apr/2025:16:28:45 -0400] "GET /wp-cli.php HTTP/1.1" 404 6614 "www.google.com" "Mozlila/5.0 (Linux; Android 7.0; SM-G892A Bulid/NRD90M; wv) AppleWebKit/537.36 (KHTML, like Gecko) Version/4.0 Chrome/60.0.3112.107 Moblie Safari/537.36"
198.54.114.83 - - [04/Apr/2025:16:33:25 -0400] "POST /wp-cron.php?doing_wp_cron=1743798804.0208339691162109375000 HTTP/1.1" 200 0 "-" "WordPress/6.7.2; https://baernblog.com"
54.254.137.198 - - [04/Apr/2025:16:33:19 -0400] "GET /plugins/function.php HTTP/1.1" 404 6613 "-" "Mozlila/5.0 (Linux; Android 7.0; SM-G892A Bulid/NRD90M; wv) AppleWebKit/537.36 (KHTML, like Gecko) Version/4.0 Chrome/60.0.3112.107 Moblie Safari/537.36"
54.254.137.198 - - [04/Apr/2025:16:33:30 -0400] "GET /file/function.php HTTP/1.1" 404 6613 "-" "Mozlila/5.0 (Linux; Android 7.0; SM-G892A Bulid/NRD90M; wv) AppleWebKit/537.36 (KHTML, like Gecko) Version/4.0 Chrome/60.0.3112.107 Moblie Safari/537.36"
54.254.137.198 - - [04/Apr/2025:16:33:34 -0400] "GET /as/function HTTP/1.1" 404 6613 "-" "Mozlila/5.0 (Linux; Android 7.0; SM-G892A Bulid/NRD90M; wv) AppleWebKit/537.36 (KHTML, like Gecko) Version/4.0 Chrome/60.0.3112.107 Moblie Safari/537.36"
54.254.137.198 - - [04/Apr/2025:16:33:40 -0400] "GET /mah/function.php HTTP/1.1" 404 6613 "-" "Mozlila/5.0 (Linux; Android 7.0; SM-G892A Bulid/NRD90M; wv) AppleWebKit/537.36 (KHTML, like Gecko) Version/4.0 Chrome/60.0.3112.107 Moblie Safari/537.36"
54.254.137.198 - - [04/Apr/2025:16:33:44 -0400] "GET /admin/function.php HTTP/1.1" 404 6613 "-" "Mozlila/5.0 (Linux; Android 7.0; SM-G892A Bulid/NRD90M; wv) AppleWebKit/537.36 (KHTML, like Gecko) Version/4.0 Chrome/60.0.3112.107 Moblie Safari/537.36"
54.254.137.198 - - [04/Apr/2025:16:33:47 -0400] "GET /doc/function.php HTTP/1.1" 404 6613 "-" "Mozlila/5.0 (Linux; Android 7.0; SM-G892A Bulid/NRD90M; wv) AppleWebKit/537.36 (KHTML, like Gecko) Version/4.0 Chrome/60.0.3112.107 Moblie Safari/537.36"
54.254.137.198 - - [04/Apr/2025:16:33:51 -0400] "GET /about/function.php HTTP/1.1" 404 6614 "-" "Mozlila/5.0 (Linux; Android 7.0; SM-G892A Bulid/NRD90M; wv) AppleWebKit/537.36 (KHTML, like Gecko) Version/4.0 Chrome/60.0.3112.107 Moblie Safari/537.36"
54.254.137.198 - - [04/Apr/2025:16:33:55 -0400] "GET /index/function.php HTTP/1.1" 404 6613 "-" "Mozlila/5.0 (Linux; Android 7.0; SM-G892A Bulid/NRD90M; wv) AppleWebKit/537.36 (KHTML, like Gecko) Version/4.0 Chrome/60.0.3112.107 Moblie Safari/537.36"
54.254.137.198 - - [04/Apr/2025:16:38:02 -0400] "GET /wp-cli.php HTTP/1.1" 404 6614 "www.google.com" "Mozlila/5.0 (Linux; Android 7.0; SM-G892A Bulid/NRD90M; wv) AppleWebKit/537.36 (KHTML, like Gecko) Version/4.0 Chrome/60.0.3112.107 Moblie Safari/537.36"
196.251.69.58 - - [04/Apr/2025:16:39:26 -0400] "GET / HTTP/1.1" 200 97678 "-" "Go-http-client/1.1"
54.254.137.198 - - [04/Apr/2025:16:54:21 -0400] "GET /plugins/function.php HTTP/1.1" 404 6613 "-" "Mozlila/5.0 (Linux; Android 7.0; SM-G892A Bulid/NRD90M; wv) AppleWebKit/537.36 (KHTML, like Gecko) Version/4.0 Chrome/60.0.3112.107 Moblie Safari/537.36"
54.254.137.198 - - [04/Apr/2025:16:54:22 -0400] "GET /file/function.php HTTP/1.1" 404 6613 "-" "Mozlila/5.0 (Linux; Android 7.0; SM-G892A Bulid/NRD90M; wv) AppleWebKit/537.36 (KHTML, like Gecko) Version/4.0 Chrome/60.0.3112.107 Moblie Safari/537.36"
54.254.137.198 - - [04/Apr/2025:16:54:22 -0400] "GET /as/function HTTP/1.1" 404 6613 "-" "Mozlila/5.0 (Linux; Android 7.0; SM-G892A Bulid/NRD90M; wv) AppleWebKit/537.36 (KHTML, like Gecko) Version/4.0 Chrome/60.0.3112.107 Moblie Safari/537.36"
54.254.137.198 - - [04/Apr/2025:16:54:23 -0400] "GET /mah/function.php HTTP/1.1" 404 6613 "-" "Mozlila/5.0 (Linux; Android 7.0; SM-G892A Bulid/NRD90M; wv) AppleWebKit/537.36 (KHTML, like Gecko) Version/4.0 Chrome/60.0.3112.107 Moblie Safari/537.36"
54.254.137.198 - - [04/Apr/2025:16:54:23 -0400] "GET /admin/function.php HTTP/1.1" 404 6613 "-" "Mozlila/5.0 (Linux; Android 7.0; SM-G892A Bulid/NRD90M; wv) AppleWebKit/537.36 (KHTML, like Gecko) Version/4.0 Chrome/60.0.3112.107 Moblie Safari/537.36"
54.254.137.198 - - [04/Apr/2025:16:54:25 -0400] "GET /doc/function.php HTTP/1.1" 404 6613 "-" "Mozlila/5.0 (Linux; Android 7.0; SM-G892A Bulid/NRD90M; wv) AppleWebKit/537.36 (KHTML, like Gecko) Version/4.0 Chrome/60.0.3112.107 Moblie Safari/537.36"
54.254.137.198 - - [04/Apr/2025:16:54:29 -0400] "GET /about/function.php HTTP/1.1" 404 6614 "-" "Mozlila/5.0 (Linux; Android 7.0; SM-G892A Bulid/NRD90M; wv) AppleWebKit/537.36 (KHTML, like Gecko) Version/4.0 Chrome/60.0.3112.107 Moblie Safari/537.36"
54.254.137.198 - - [04/Apr/2025:16:54:31 -0400] "GET /index/function.php HTTP/1.1" 404 6613 "-" "Mozlila/5.0 (Linux; Android 7.0; SM-G892A Bulid/NRD90M; wv) AppleWebKit/537.36 (KHTML, like Gecko) Version/4.0 Chrome/60.0.3112.107 Moblie Safari/537.36"
89.110.115.121 - - [04/Apr/2025:16:56:41 -0400] "GET / HTTP/1.1" 200 97678 "-" "Mozilla/5.0 (Macintosh; Intel Mac OS X 10_15_7) AppleWebKit/537.36 (KHTML, like Gecko) Chrome/133.0.0.0 Safari/537.36"
61.130.144.178 - - [04/Apr/2025:16:59:14 -0400] "GET /zb_system/login.php HTTP/1.1" 200 0 "http://baernblog.com/zb_system/login.php" "Mozilla/4.0 (compatible; MSIE 9.0; Windows NT 6.1)"
198.54.114.83 - - [04/Apr/2025:16:59:31 -0400] "POST /wp-cron.php?doing_wp_cron=1743800370.1406869888305664062500 HTTP/1.1" 200 0 "-" "WordPress/6.7.2; https://baernblog.com"
54.254.137.198 - - [04/Apr/2025:17:00:41 -0400] "GET /wp-includes/ID3/index.php HTTP/1.1" 301 0 "-" "Mozlila/5.0 (Linux; Android 7.0; SM-G892A Bulid/NRD90M; wv) AppleWebKit/537.36 (KHTML, like Gecko) Version/4.0 Chrome/60.0.3112.107 Moblie Safari/537.36"
54.254.137.198 - - [04/Apr/2025:17:00:48 -0400] "GET /wp-includes/ID3/ HTTP/1.1" 200 1646 "-" "Mozlila/5.0 (Linux; Android 7.0; SM-G892A Bulid/NRD90M; wv) AppleWebKit/537.36 (KHTML, like Gecko) Version/4.0 Chrome/60.0.3112.107 Moblie Safari/537.36"
89.116.56.59 - - [04/Apr/2025:17:00:49 -0400] "GET / HTTP/1.1" 200 97678 "-" "Mozilla/5.0 (Macintosh; Intel Mac OS X 10_12_5) AppleWebKit/537.36 (KHTML, like Gecko) Chrome/58.0.3029.110 Safari/537.3"
2.59.60.52 - - [04/Apr/2025:17:00:49 -0400] "GET / HTTP/1.1" 200 97678 "-" "Mozilla/5.0 (Macintosh; Intel Mac OS X 10_12_5) AppleWebKit/537.36 (KHTML, like Gecko) Chrome/58.0.3029.110 Safari/537.3"
54.254.137.198 - - [04/Apr/2025:17:00:52 -0400] "GET /wp-content/plugins/index.php HTTP/1.1" 200 0 "-" "Mozlila/5.0 (Linux; Android 7.0; SM-G892A Bulid/NRD90M; wv) AppleWebKit/537.36 (KHTML, like Gecko) Version/4.0 Chrome/60.0.3112.107 Moblie Safari/537.36"
54.254.137.198 - - [04/Apr/2025:17:01:00 -0400] "GET /wp-admin/network/index.php HTTP/1.1" 302 0 "-" "Mozlila/5.0 (Linux; Android 7.0; SM-G892A Bulid/NRD90M; wv) AppleWebKit/537.36 (KHTML, like Gecko) Version/4.0 Chrome/60.0.3112.107 Moblie Safari/537.36"
54.254.137.198 - - [04/Apr/2025:17:01:14 -0400] "GET /wp-includes/IXR/index.php HTTP/1.1" 301 0 "-" "Mozlila/5.0 (Linux; Android 7.0; SM-G892A Bulid/NRD90M; wv) AppleWebKit/537.36 (KHTML, like Gecko) Version/4.0 Chrome/60.0.3112.107 Moblie Safari/537.36"
198.54.114.83 - - [04/Apr/2025:17:01:20 -0400] "POST /wp-cron.php?doing_wp_cron=1743800476.8964560031890869140625 HTTP/1.1" 200 0 "-" "WordPress/6.7.2; https://baernblog.com"
54.254.137.198 - - [04/Apr/2025:17:01:21 -0400] "GET /wp-includes/IXR/ HTTP/1.1" 200 1434 "-" "Mozlila/5.0 (Linux; Android 7.0; SM-G892A Bulid/NRD90M; wv) AppleWebKit/537.36 (KHTML, like Gecko) Version/4.0 Chrome/60.0.3112.107 Moblie Safari/537.36"
54.254.137.198 - - [04/Apr/2025:17:01:24 -0400] "GET /wp-admin/images/index.php HTTP/1.1" 301 0 "-" "Mozlila/5.0 (Linux; Android 7.0; SM-G892A Bulid/NRD90M; wv) AppleWebKit/537.36 (KHTML, like Gecko) Version/4.0 Chrome/60.0.3112.107 Moblie Safari/537.36"
54.254.137.198 - - [04/Apr/2025:17:01:29 -0400] "GET /wp-admin/images/ HTTP/1.1" 200 3358 "-" "Mozlila/5.0 (Linux; Android 7.0; SM-G892A Bulid/NRD90M; wv) AppleWebKit/537.36 (KHTML, like Gecko) Version/4.0 Chrome/60.0.3112.107 Moblie Safari/537.36"
54.254.137.198 - - [04/Apr/2025:17:01:31 -0400] "GET /wp-login.php HTTP/1.1" 302 0 "-" "Mozlila/5.0 (Linux; Android 7.0; SM-G892A Bulid/NRD90M; wv) AppleWebKit/537.36 (KHTML, like Gecko) Version/4.0 Chrome/60.0.3112.107 Moblie Safari/537.36"
54.254.137.198 - - [04/Apr/2025:17:01:37 -0400] "GET /wp-content/plugins/admin.php HTTP/1.1" 404 6614 "-" "Mozlila/5.0 (Linux; Android 7.0; SM-G892A Bulid/NRD90M; wv) AppleWebKit/537.36 (KHTML, like Gecko) Version/4.0 Chrome/60.0.3112.107 Moblie Safari/537.36"
54.254.137.198 - - [04/Apr/2025:17:01:40 -0400] "GET /xmlrpc.php HTTP/1.1" 405 60 "-" "Mozlila/5.0 (Linux; Android 7.0; SM-G892A Bulid/NRD90M; wv) AppleWebKit/537.36 (KHTML, like Gecko) Version/4.0 Chrome/60.0.3112.107 Moblie Safari/537.36"
54.254.137.198 - - [04/Apr/2025:17:01:42 -0400] "GET /wp-admin.php HTTP/1.1" 404 6613 "-" "Mozlila/5.0 (Linux; Android 7.0; SM-G892A Bulid/NRD90M; wv) AppleWebKit/537.36 (KHTML, like Gecko) Version/4.0 Chrome/60.0.3112.107 Moblie Safari/537.36"
54.254.137.198 - - [04/Apr/2025:17:01:46 -0400] "GET /wp-content/plugins/Core-Econ/upH.php HTTP/1.1" 404 6614 "-" "Mozlila/5.0 (Linux; Android 7.0; SM-G892A Bulid/NRD90M; wv) AppleWebKit/537.36 (KHTML, like Gecko) Version/4.0 Chrome/60.0.3112.107 Moblie Safari/537.36"
54.254.137.198 - - [04/Apr/2025:17:01:53 -0400] "GET /wp-content/plugins/fix/up.php HTTP/1.1" 404 6613 "-" "Mozlila/5.0 (Linux; Android 7.0; SM-G892A Bulid/NRD90M; wv) AppleWebKit/537.36 (KHTML, like Gecko) Version/4.0 Chrome/60.0.3112.107 Moblie Safari/537.36"
54.254.137.198 - - [04/Apr/2025:17:01:57 -0400] "GET /wp-content/plugins/pwnd/pwnd.php HTTP/1.1" 404 6614 "-" "Mozlila/5.0 (Linux; Android 7.0; SM-G892A Bulid/NRD90M; wv) AppleWebKit/537.36 (KHTML, like Gecko) Version/4.0 Chrome/60.0.3112.107 Moblie Safari/537.36"
54.254.137.198 - - [04/Apr/2025:17:02:00 -0400] "GET /wp-content/plugins/shell/noimg.php HTTP/1.1" 404 6612 "-" "Mozlila/5.0 (Linux; Android 7.0; SM-G892A Bulid/NRD90M; wv) AppleWebKit/537.36 (KHTML, like Gecko) Version/4.0 Chrome/60.0.3112.107 Moblie Safari/537.36"
54.254.137.198 - - [04/Apr/2025:17:02:03 -0400] "GET /WSOEnigma.php HTTP/1.1" 404 6614 "-" "Mozlila/5.0 (Linux; Android 7.0; SM-G892A Bulid/NRD90M; wv) AppleWebKit/537.36 (KHTML, like Gecko) Version/4.0 Chrome/60.0.3112.107 Moblie Safari/537.36"
54.254.137.198 - - [04/Apr/2025:17:02:06 -0400] "GET /wp-content/plugins/pwnd-1/pwnd.php HTTP/1.1" 404 6614 "-" "Mozlila/5.0 (Linux; Android 7.0; SM-G892A Bulid/NRD90M; wv) AppleWebKit/537.36 (KHTML, like Gecko) Version/4.0 Chrome/60.0.3112.107 Moblie Safari/537.36"
54.254.137.198 - - [04/Apr/2025:17:02:10 -0400] "GET /wp-content/plugins/dummyyummy/wp-signup.php HTTP/1.1" 404 6615 "-" "Mozlila/5.0 (Linux; Android 7.0; SM-G892A Bulid/NRD90M; wv) AppleWebKit/537.36 (KHTML, like Gecko) Version/4.0 Chrome/60.0.3112.107 Moblie Safari/537.36"
54.254.137.198 - - [04/Apr/2025:17:02:13 -0400] "GET /wp-content/plugins/clara/clara.php HTTP/1.1" 404 6613 "-" "Mozlila/5.0 (Linux; Android 7.0; SM-G892A Bulid/NRD90M; wv) AppleWebKit/537.36 (KHTML, like Gecko) Version/4.0 Chrome/60.0.3112.107 Moblie Safari/537.36"
20.171.207.160 - - [04/Apr/2025:17:03:08 -0400] "GET / HTTP/1.1" 200 97678 "-" "Mozilla/5.0 AppleWebKit/537.36 (KHTML, like Gecko; compatible; GPTBot/1.2; +https://openai.com/gptbot)"
89.110.115.121 - - [04/Apr/2025:17:06:14 -0400] "GET / HTTP/1.1" 200 97678 "-" "Mozilla/5.0 (Macintosh; Intel Mac OS X 10_15_7) AppleWebKit/537.36 (KHTML, like Gecko) Chrome/133.0.0.0 Safari/537.36"
54.254.137.198 - - [04/Apr/2025:17:13:50 -0400] "GET /wp-includes/ID3/index.php HTTP/1.1" 301 0 "-" "Mozlila/5.0 (Linux; Android 7.0; SM-G892A Bulid/NRD90M; wv) AppleWebKit/537.36 (KHTML, like Gecko) Version/4.0 Chrome/60.0.3112.107 Moblie Safari/537.36"
54.254.137.198 - - [04/Apr/2025:17:13:50 -0400] "GET /wp-includes/ID3/ HTTP/1.1" 200 1646 "-" "Mozlila/5.0 (Linux; Android 7.0; SM-G892A Bulid/NRD90M; wv) AppleWebKit/537.36 (KHTML, like Gecko) Version/4.0 Chrome/60.0.3112.107 Moblie Safari/537.36"
54.254.137.198 - - [04/Apr/2025:17:13:52 -0400] "GET /wp-content/plugins/index.php HTTP/1.1" 200 0 "-" "Mozlila/5.0 (Linux; Android 7.0; SM-G892A Bulid/NRD90M; wv) AppleWebKit/537.36 (KHTML, like Gecko) Version/4.0 Chrome/60.0.3112.107 Moblie Safari/537.36"
54.254.137.198 - - [04/Apr/2025:17:13:53 -0400] "GET /wp-admin/network/index.php HTTP/1.1" 302 0 "-" "Mozlila/5.0 (Linux; Android 7.0; SM-G892A Bulid/NRD90M; wv) AppleWebKit/537.36 (KHTML, like Gecko) Version/4.0 Chrome/60.0.3112.107 Moblie Safari/537.36"
198.54.114.83 - - [04/Apr/2025:17:14:05 -0400] "POST /wp-cron.php?doing_wp_cron=1743801240.7324709892272949218750 HTTP/1.1" 200 0 "-" "WordPress/6.7.2; https://baernblog.com"
54.254.137.198 - - [04/Apr/2025:17:14:14 -0400] "GET /wp-includes/IXR/index.php HTTP/1.1" 301 0 "-" "Mozlila/5.0 (Linux; Android 7.0; SM-G892A Bulid/NRD90M; wv) AppleWebKit/537.36 (KHTML, like Gecko) Version/4.0 Chrome/60.0.3112.107 Moblie Safari/537.36"
54.254.137.198 - - [04/Apr/2025:17:14:18 -0400] "GET /wp-includes/IXR/ HTTP/1.1" 200 1434 "-" "Mozlila/5.0 (Linux; Android 7.0; SM-G892A Bulid/NRD90M; wv) AppleWebKit/537.36 (KHTML, like Gecko) Version/4.0 Chrome/60.0.3112.107 Moblie Safari/537.36"
54.254.137.198 - - [04/Apr/2025:17:14:21 -0400] "GET /wp-admin/images/index.php HTTP/1.1" 301 0 "-" "Mozlila/5.0 (Linux; Android 7.0; SM-G892A Bulid/NRD90M; wv) AppleWebKit/537.36 (KHTML, like Gecko) Version/4.0 Chrome/60.0.3112.107 Moblie Safari/537.36"
54.254.137.198 - - [04/Apr/2025:17:14:24 -0400] "GET /wp-admin/images/ HTTP/1.1" 200 3358 "-" "Mozlila/5.0 (Linux; Android 7.0; SM-G892A Bulid/NRD90M; wv) AppleWebKit/537.36 (KHTML, like Gecko) Version/4.0 Chrome/60.0.3112.107 Moblie Safari/537.36"
54.254.137.198 - - [04/Apr/2025:17:14:25 -0400] "GET /wp-login.php HTTP/1.1" 302 0 "-" "Mozlila/5.0 (Linux; Android 7.0; SM-G892A Bulid/NRD90M; wv) AppleWebKit/537.36 (KHTML, like Gecko) Version/4.0 Chrome/60.0.3112.107 Moblie Safari/537.36"
54.254.137.198 - - [04/Apr/2025:17:14:33 -0400] "GET /wp-content/plugins/admin.php HTTP/1.1" 404 6614 "-" "Mozlila/5.0 (Linux; Android 7.0; SM-G892A Bulid/NRD90M; wv) AppleWebKit/537.36 (KHTML, like Gecko) Version/4.0 Chrome/60.0.3112.107 Moblie Safari/537.36"
54.254.137.198 - - [04/Apr/2025:17:14:35 -0400] "GET /xmlrpc.php HTTP/1.1" 405 60 "-" "Mozlila/5.0 (Linux; Android 7.0; SM-G892A Bulid/NRD90M; wv) AppleWebKit/537.36 (KHTML, like Gecko) Version/4.0 Chrome/60.0.3112.107 Moblie Safari/537.36"
54.254.137.198 - - [04/Apr/2025:17:14:37 -0400] "GET /wp-admin.php HTTP/1.1" 404 6613 "-" "Mozlila/5.0 (Linux; Android 7.0; SM-G892A Bulid/NRD90M; wv) AppleWebKit/537.36 (KHTML, like Gecko) Version/4.0 Chrome/60.0.3112.107 Moblie Safari/537.36"
54.254.137.198 - - [04/Apr/2025:17:14:40 -0400] "GET /wp-content/plugins/Core-Econ/upH.php HTTP/1.1" 404 6614 "-" "Mozlila/5.0 (Linux; Android 7.0; SM-G892A Bulid/NRD90M; wv) AppleWebKit/537.36 (KHTML, like Gecko) Version/4.0 Chrome/60.0.3112.107 Moblie Safari/537.36"
54.254.137.198 - - [04/Apr/2025:17:14:41 -0400] "GET /wp-content/plugins/fix/up.php HTTP/1.1" 404 6613 "-" "Mozlila/5.0 (Linux; Android 7.0; SM-G892A Bulid/NRD90M; wv) AppleWebKit/537.36 (KHTML, like Gecko) Version/4.0 Chrome/60.0.3112.107 Moblie Safari/537.36"
54.254.137.198 - - [04/Apr/2025:17:14:43 -0400] "GET /wp-content/plugins/pwnd/pwnd.php HTTP/1.1" 404 6614 "-" "Mozlila/5.0 (Linux; Android 7.0; SM-G892A Bulid/NRD90M; wv) AppleWebKit/537.36 (KHTML, like Gecko) Version/4.0 Chrome/60.0.3112.107 Moblie Safari/537.36"
54.254.137.198 - - [04/Apr/2025:17:14:45 -0400] "GET /wp-content/plugins/shell/noimg.php HTTP/1.1" 404 6612 "-" "Mozlila/5.0 (Linux; Android 7.0; SM-G892A Bulid/NRD90M; wv) AppleWebKit/537.36 (KHTML, like Gecko) Version/4.0 Chrome/60.0.3112.107 Moblie Safari/537.36"
54.254.137.198 - - [04/Apr/2025:17:14:45 -0400] "GET /WSOEnigma.php HTTP/1.1" 404 6614 "-" "Mozlila/5.0 (Linux; Android 7.0; SM-G892A Bulid/NRD90M; wv) AppleWebKit/537.36 (KHTML, like Gecko) Version/4.0 Chrome/60.0.3112.107 Moblie Safari/537.36"
54.254.137.198 - - [04/Apr/2025:17:14:46 -0400] "GET /wp-content/plugins/pwnd-1/pwnd.php HTTP/1.1" 404 6614 "-" "Mozlila/5.0 (Linux; Android 7.0; SM-G892A Bulid/NRD90M; wv) AppleWebKit/537.36 (KHTML, like Gecko) Version/4.0 Chrome/60.0.3112.107 Moblie Safari/537.36"
54.254.137.198 - - [04/Apr/2025:17:14:46 -0400] "GET /wp-content/plugins/dummyyummy/wp-signup.php HTTP/1.1" 404 6615 "-" "Mozlila/5.0 (Linux; Android 7.0; SM-G892A Bulid/NRD90M; wv) AppleWebKit/537.36 (KHTML, like Gecko) Version/4.0 Chrome/60.0.3112.107 Moblie Safari/537.36"
54.254.137.198 - - [04/Apr/2025:17:14:47 -0400] "GET /wp-content/plugins/clara/clara.php HTTP/1.1" 404 6613 "-" "Mozlila/5.0 (Linux; Android 7.0; SM-G892A Bulid/NRD90M; wv) AppleWebKit/537.36 (KHTML, like Gecko) Version/4.0 Chrome/60.0.3112.107 Moblie Safari/537.36"
216.244.66.198 - - [04/Apr/2025:17:15:51 -0400] "GET /robots.txt HTTP/1.1" 304 0 "-" "Mozilla/5.0 (compatible; DotBot/1.2; +https://opensiteexplorer.org/dotbot; help@moz.com)"
212.34.155.126 - - [04/Apr/2025:17:23:33 -0400] "GET / HTTP/1.1" 200 97678 "-" "Mozilla/5.0 (Macintosh; Intel Mac OS X 10_15_7) AppleWebKit/537.36 (KHTML, like Gecko) Chrome/133.0.0.0 Safari/537.36"
185.157.214.24 - - [04/Apr/2025:17:25:37 -0400] "GET / HTTP/1.1" 200 97678 "-" "Mozilla/5.0 (Macintosh; Intel Mac OS X 10_15_7) AppleWebKit/537.36 (KHTML, like Gecko) Chrome/133.0.0.0 Safari/537.36"
98.81.25.73 - - [04/Apr/2025:17:39:59 -0400] "GET /.env HTTP/1.1" 403 1242 "-" "Mozilla/5.0 (Macintosh; Intel Mac OS X 10.15; rv:77.0) Gecko/20100101 Firefox/77.0"
195.47.238.177 - - [04/Apr/2025:17:42:33 -0400] "GET / HTTP/1.1" 200 97678 "http://baernblog.com" "Mozilla/5.0 (Windows NT 6.3; Win64; x64) AppleWebKit/537.36 (KHTML, like Gecko) Chrome/86.0.4240.183 Safari/537.36"
185.21.14.193 - - [04/Apr/2025:17:43:44 -0400] "GET / HTTP/1.1" 200 97678 "-" "Mozilla/5.0 (Macintosh; Intel Mac OS X 10_15_7) AppleWebKit/537.36 (KHTML, like Gecko) Chrome/133.0.0.0 Safari/537.36"
89.175.12.245 - - [04/Apr/2025:17:43:46 -0400] "GET /the-benefits-of-managed-investing/ HTTP/1.1" 200 12622 "http://baernblog.com/the-benefits-of-managed-investing/" "Mozilla/5.0 (Windows NT 10.0; Win64; x64) AppleWebKit/537.36 (KHTML, like Gecko) Chrome/131.0.0.0 Safari/537.36 Avast/131.0.0.0"
80.85.246.217 - - [04/Apr/2025:17:46:01 -0400] "GET / HTTP/1.1" 200 97678 "-" "Mozilla/5.0 (Macintosh; Intel Mac OS X 10_15_7) AppleWebKit/537.36 (KHTML, like Gecko) Chrome/133.0.0.0 Safari/537.36"
185.21.14.193 - - [04/Apr/2025:17:52:13 -0400] "GET / HTTP/1.1" 200 97678 "-" "Mozilla/5.0 (Macintosh; Intel Mac OS X 10_15_7) AppleWebKit/537.36 (KHTML, like Gecko) Chrome/133.0.0.0 Safari/537.36"
216.244.66.198 - - [04/Apr/2025:18:01:22 -0400] "GET /robots.txt HTTP/1.1" 200 124 "-" "Mozilla/5.0 (compatible; DotBot/1.2; +https://opensiteexplorer.org/dotbot; help@moz.com)"
2.57.171.177 - - [04/Apr/2025:18:01:37 -0400] "GET / HTTP/1.1" 200 97678 "https://baernblog.com/" "Mozilla/5.0 (Macintosh; Intel Mac OS X 12_5) AppleWebKit/537.36 (KHTML, like Gecko) Chrome/114.0.0.0 Safari/537.36"
77.238.230.6 - - [04/Apr/2025:18:11:51 -0400] "GET / HTTP/1.1" 200 97678 "-" "Mozilla/5.0 (Macintosh; Intel Mac OS X 10_15_7) AppleWebKit/537.36 (KHTML, like Gecko) Chrome/133.0.0.0 Safari/537.36"
91.84.109.110 - - [04/Apr/2025:18:17:25 -0400] "GET / HTTP/1.1" 200 97678 "-" "Mozilla/5.0 (Macintosh; Intel Mac OS X 10_15_7) AppleWebKit/537.36 (KHTML, like Gecko) Chrome/133.0.0.0 Safari/537.36"
195.200.26.27 - - [04/Apr/2025:18:22:48 -0400] "GET / HTTP/1.1" 200 97678 "-" "Mozilla/5.0 (Macintosh; Intel Mac OS X 10_15_7) AppleWebKit/537.36 (KHTML, like Gecko) Chrome/133.0.0.0 Safari/537.36"
212.34.132.22 - - [04/Apr/2025:18:24:27 -0400] "GET / HTTP/1.1" 200 97678 "-" "Mozilla/5.0 (Macintosh; Intel Mac OS X 10_15_7) AppleWebKit/537.36 (KHTML, like Gecko) Chrome/133.0.0.0 Safari/537.36"
43.156.228.27 - - [04/Apr/2025:18:26:21 -0400] "GET / HTTP/1.1" 200 97678 "-" "Mozilla/5.0 (iPhone; CPU iPhone OS 13_2_3 like Mac OS X) AppleWebKit/605.1.15 (KHTML, like Gecko) Version/13.0.3 Mobile/15E148 Safari/604.1"
77.238.225.146 - - [04/Apr/2025:18:28:57 -0400] "GET / HTTP/1.1" 200 97678 "-" "Mozilla/5.0 (Macintosh; Intel Mac OS X 10_15_7) AppleWebKit/537.36 (KHTML, like Gecko) Chrome/133.0.0.0 Safari/537.36"
212.34.154.131 - - [04/Apr/2025:18:34:03 -0400] "GET / HTTP/1.1" 200 97678 "-" "Mozilla/5.0 (Macintosh; Intel Mac OS X 10_15_7) AppleWebKit/537.36 (KHTML, like Gecko) Chrome/133.0.0.0 Safari/537.36"
89.110.109.74 - - [04/Apr/2025:18:37:22 -0400] "GET / HTTP/1.1" 200 97678 "-" "Mozilla/5.0 (Macintosh; Intel Mac OS X 10_15_7) AppleWebKit/537.36 (KHTML, like Gecko) Chrome/133.0.0.0 Safari/537.36"
91.84.104.205 - - [04/Apr/2025:18:38:11 -0400] "GET / HTTP/1.1" 200 97678 "-" "Mozilla/5.0 (Macintosh; Intel Mac OS X 10_15_7) AppleWebKit/537.36 (KHTML, like Gecko) Chrome/133.0.0.0 Safari/537.36"
52.53.197.77 - - [04/Apr/2025:18:43:56 -0400] "GET / HTTP/1.1" 200 97678 "-" "Mozilla/5.0 (X11; Linux x86_64) AppleWebKit/537.36 (KHTML, like Gecko) Chrome/51.0.2704.103 Safari/537.36"
66.249.64.15 - - [04/Apr/2025:18:45:30 -0400] "GET /robots.txt HTTP/1.1" 200 124 "-" "Mozilla/5.0 (compatible; Googlebot/2.1; +http://www.google.com/bot.html)"
198.54.114.83 - - [04/Apr/2025:18:45:37 -0400] "POST /wp-cron.php?doing_wp_cron=1743806737.4340019226074218750000 HTTP/1.1" 200 0 "-" "WordPress/6.7.2; https://baernblog.com"
66.249.64.2 - - [04/Apr/2025:18:45:31 -0400] "GET /ads.txt HTTP/1.1" 404 6614 "-" "Mozilla/5.0 (compatible; Googlebot/2.1; +http://www.google.com/bot.html)"
216.244.66.198 - - [04/Apr/2025:18:47:28 -0400] "GET /robots.txt HTTP/1.1" 304 0 "-" "Mozilla/5.0 (compatible; DotBot/1.2; +https://opensiteexplorer.org/dotbot; help@moz.com)"
212.34.155.126 - - [04/Apr/2025:18:50:28 -0400] "GET / HTTP/1.1" 200 97678 "-" "Mozilla/5.0 (Macintosh; Intel Mac OS X 10_15_7) AppleWebKit/537.36 (KHTML, like Gecko) Chrome/133.0.0.0 Safari/537.36"
212.34.155.126 - - [04/Apr/2025:18:53:16 -0400] "GET / HTTP/1.1" 200 97678 "-" "Mozilla/5.0 (Macintosh; Intel Mac OS X 10_15_7) AppleWebKit/537.36 (KHTML, like Gecko) Chrome/133.0.0.0 Safari/537.36"
185.245.104.75 - - [04/Apr/2025:18:53:18 -0400] "GET / HTTP/1.1" 200 97678 "-" "Mozilla/5.0 (Macintosh; Intel Mac OS X 10_15_7) AppleWebKit/537.36 (KHTML, like Gecko) Chrome/133.0.0.0 Safari/537.36"
185.21.13.25 - - [04/Apr/2025:18:54:32 -0400] "GET / HTTP/1.1" 200 97678 "-" "Mozilla/5.0 (Macintosh; Intel Mac OS X 10_15_7) AppleWebKit/537.36 (KHTML, like Gecko) Chrome/133.0.0.0 Safari/537.36"
193.19.109.196 - - [04/Apr/2025:19:00:22 -0400] "GET /x.php HTTP/1.1" 200 0 "-" "Go-http-client/1.1"
198.54.114.83 - - [04/Apr/2025:19:00:27 -0400] "POST /wp-cron.php?doing_wp_cron=1743807626.2799050807952880859375 HTTP/1.1" 200 0 "-" "WordPress/6.7.2; https://baernblog.com"
193.37.33.130 - - [04/Apr/2025:19:00:27 -0400] "GET /function.php HTTP/1.1" 200 0 "-" "Go-http-client/1.1"
193.37.33.153 - - [04/Apr/2025:19:00:31 -0400] "GET /s.php HTTP/1.1" 200 0 "-" "Go-http-client/1.1"
193.37.33.131 - - [04/Apr/2025:19:00:36 -0400] "GET /about.php HTTP/1.1" 200 0 "-" "Go-http-client/1.1"
193.19.109.197 - - [04/Apr/2025:19:00:41 -0400] "GET /cjfuns.php HTTP/1.1" 404 6614 "-" "Go-http-client/1.1"
193.19.109.197 - - [04/Apr/2025:19:00:44 -0400] "GET /mah/function.php HTTP/1.1" 404 6614 "-" "Go-http-client/1.1"
193.19.109.197 - - [04/Apr/2025:19:00:51 -0400] "GET /index/function.php HTTP/1.1" 404 0 "-" "Go-http-client/1.1"
198.54.114.83 - - [04/Apr/2025:19:00:55 -0400] "POST /wp-cron.php?doing_wp_cron=1743807652.3390231132507324218750 HTTP/1.1" 200 0 "-" "WordPress/6.7.2; https://baernblog.com"
193.19.109.161 - - [04/Apr/2025:19:00:56 -0400] "GET /login.php HTTP/1.1" 302 0 "-" "Go-http-client/1.1"
193.19.109.192 - - [04/Apr/2025:19:01:03 -0400] "GET /admin.php HTTP/1.1" 200 0 "-" "Go-http-client/1.1"
193.37.33.122 - - [04/Apr/2025:19:01:04 -0400] "GET /file.php HTTP/1.1" 404 6614 "-" "Go-http-client/1.1"
193.37.33.122 - - [04/Apr/2025:19:01:10 -0400] "GET /wp-content/themes/deeto/login.php HTTP/1.1" 404 6614 "-" "Go-http-client/1.1"
193.37.33.122 - - [04/Apr/2025:19:01:15 -0400] "GET /h.php HTTP/1.1" 404 6613 "-" "Go-http-client/1.1"
193.37.33.122 - - [04/Apr/2025:19:01:16 -0400] "GET /m.php HTTP/1.1" 404 6614 "-" "Go-http-client/1.1"
193.37.33.122 - - [04/Apr/2025:19:01:19 -0400] "GET /1.php HTTP/1.1" 404 6614 "-" "Go-http-client/1.1"
193.37.33.122 - - [04/Apr/2025:19:01:22 -0400] "GET /mah.php HTTP/1.1" 404 6614 "-" "Go-http-client/1.1"
193.37.33.122 - - [04/Apr/2025:19:01:24 -0400] "GET /css/index.php HTTP/1.1" 301 0 "-" "Go-http-client/1.1"
193.37.33.122 - - [04/Apr/2025:19:01:27 -0400] "GET /css/ HTTP/1.1" 404 6614 "http://baernblog.com/css/index.php" "Go-http-client/1.1"
193.37.33.122 - - [04/Apr/2025:19:01:28 -0400] "GET /admin/function.php HTTP/1.1" 404 6614 "-" "Go-http-client/1.1"
193.37.33.122 - - [04/Apr/2025:19:01:30 -0400] "GET /simple.php HTTP/1.1" 404 6614 "-" "Go-http-client/1.1"
193.37.33.122 - - [04/Apr/2025:19:01:34 -0400] "GET /classwithtostring.php HTTP/1.1" 404 6614 "-" "Go-http-client/1.1"
193.37.33.122 - - [04/Apr/2025:19:01:36 -0400] "GET /wp-admin/js/index.php HTTP/1.1" 301 0 "-" "Go-http-client/1.1"
193.37.33.122 - - [04/Apr/2025:19:01:38 -0400] "GET /wp-admin/js/ HTTP/1.1" 200 4284 "http://baernblog.com/wp-admin/js/index.php" "Go-http-client/1.1"
193.37.33.122 - - [04/Apr/2025:19:01:41 -0400] "GET /autoload_classmap.php HTTP/1.1" 404 6614 "-" "Go-http-client/1.1"
193.37.33.122 - - [04/Apr/2025:19:01:45 -0400] "GET /bugz.php HTTP/1.1" 404 6614 "-" "Go-http-client/1.1"
193.37.33.122 - - [04/Apr/2025:19:01:47 -0400] "GET /item.php HTTP/1.1" 404 0 "-" "Go-http-client/1.1"
193.37.33.237 - - [04/Apr/2025:19:01:56 -0400] "GET /wp-content/index.php HTTP/1.1" 200 0 "-" "Go-http-client/1.1"
193.37.33.237 - - [04/Apr/2025:19:01:57 -0400] "GET /go.php HTTP/1.1" 404 6614 "-" "Go-http-client/1.1"
198.54.114.83 - - [04/Apr/2025:19:02:01 -0400] "POST /wp-cron.php?doing_wp_cron=1743807718.1700971126556396484375 HTTP/1.1" 200 0 "-" "WordPress/6.7.2; https://baernblog.com"
193.37.33.237 - - [04/Apr/2025:19:02:02 -0400] "GET /wp-includes/css/index.php HTTP/1.1" 301 0 "-" "Go-http-client/1.1"
193.37.33.237 - - [04/Apr/2025:19:02:05 -0400] "GET /wp-includes/css/ HTTP/1.1" 200 2366 "http://baernblog.com/wp-includes/css/index.php" "Go-http-client/1.1"
193.37.33.237 - - [04/Apr/2025:19:02:06 -0400] "GET /chosen.php HTTP/1.1" 404 6614 "-" "Go-http-client/1.1"
193.37.33.237 - - [04/Apr/2025:19:02:12 -0400] "GET /wp-login.php HTTP/1.1" 302 0 "-" "Go-http-client/1.1"
193.37.33.237 - - [04/Apr/2025:19:02:15 -0400] "GET /text.php HTTP/1.1" 404 6614 "-" "Go-http-client/1.1"
193.37.33.237 - - [04/Apr/2025:19:02:19 -0400] "GET /c.php HTTP/1.1" 404 6614 "-" "Go-http-client/1.1"
193.37.33.237 - - [04/Apr/2025:19:02:23 -0400] "GET /w.php HTTP/1.1" 404 6614 "-" "Go-http-client/1.1"
193.37.33.237 - - [04/Apr/2025:19:02:25 -0400] "GET /about/function.php HTTP/1.1" 404 6614 "-" "Go-http-client/1.1"
193.37.33.237 - - [04/Apr/2025:19:02:28 -0400] "GET /a.php HTTP/1.1" 404 6614 "-" "Go-http-client/1.1"
193.37.33.237 - - [04/Apr/2025:19:02:31 -0400] "GET /wp-includes/css/about.php HTTP/1.1" 404 6615 "-" "Go-http-client/1.1"
193.37.33.237 - - [04/Apr/2025:19:02:33 -0400] "GET /wp-conflg.php HTTP/1.1" 404 6614 "-" "Go-http-client/1.1"
193.37.33.237 - - [04/Apr/2025:19:02:35 -0400] "GET /wp-content/themes/about.php HTTP/1.1" 404 6614 "-" "Go-http-client/1.1"
193.37.33.237 - - [04/Apr/2025:19:02:36 -0400] "GET /buy.php HTTP/1.1" 404 6614 "-" "Go-http-client/1.1"
193.37.33.237 - - [04/Apr/2025:19:02:37 -0400] "GET /wp-content/plugins/index.php HTTP/1.1" 200 0 "-" "Go-http-client/1.1"
193.37.33.237 - - [04/Apr/2025:19:02:38 -0400] "GET /b.php HTTP/1.1" 404 6614 "-" "Go-http-client/1.1"
193.37.33.237 - - [04/Apr/2025:19:02:39 -0400] "GET /wp-admin/classwithtostring.php HTTP/1.1" 404 6614 "-" "Go-http-client/1.1"
193.37.33.237 - - [04/Apr/2025:19:02:40 -0400] "GET /class.php HTTP/1.1" 404 6614 "-" "Go-http-client/1.1"
193.37.33.237 - - [04/Apr/2025:19:02:41 -0400] "GET /wp-content/themes/seotheme/mar.php HTTP/1.1" 404 6615 "-" "Go-http-client/1.1"
193.37.33.237 - - [04/Apr/2025:19:02:42 -0400] "GET /wp-content/uploads/index.php HTTP/1.1" 301 0 "-" "Go-http-client/1.1"
193.37.33.237 - - [04/Apr/2025:19:02:43 -0400] "GET /wp-content/uploads/ HTTP/1.1" 200 911 "http://baernblog.com/wp-content/uploads/index.php" "Go-http-client/1.1"
193.37.33.237 - - [04/Apr/2025:19:02:44 -0400] "GET /wp.php HTTP/1.1" 404 6614 "-" "Go-http-client/1.1"
193.37.33.237 - - [04/Apr/2025:19:02:45 -0400] "GET /wp-content/plugins/WordPressCore/index.php HTTP/1.1" 301 0 "-" "Go-http-client/1.1"
193.37.33.237 - - [04/Apr/2025:19:02:46 -0400] "GET /wp-content/plugins/WordPressCore/ HTTP/1.1" 404 6614 "http://baernblog.com/wp-content/plugins/WordPressCore/index.php" "Go-http-client/1.1"
193.37.33.237 - - [04/Apr/2025:19:02:48 -0400] "GET /fm.php HTTP/1.1" 404 6614 "-" "Go-http-client/1.1"
193.37.33.237 - - [04/Apr/2025:19:02:50 -0400] "GET /shell.php HTTP/1.1" 404 6614 "-" "Go-http-client/1.1"
193.37.33.237 - - [04/Apr/2025:19:02:51 -0400] "GET /wp-content/about.php HTTP/1.1" 404 6615 "-" "Go-http-client/1.1"
193.37.33.237 - - [04/Apr/2025:19:02:54 -0400] "GET /404.php HTTP/1.1" 404 6614 "-" "Go-http-client/1.1"
193.37.33.237 - - [04/Apr/2025:19:02:55 -0400] "GET /wp-content/themes/news-portal/error.php HTTP/1.1" 404 6614 "-" "Go-http-client/1.1"
198.54.114.83 - - [04/Apr/2025:19:03:00 -0400] "POST /wp-cron.php?doing_wp_cron=1743807779.4587850570678710937500 HTTP/1.1" 200 0 "-" "WordPress/6.7.2; https://baernblog.com"
193.37.33.237 - - [04/Apr/2025:19:02:59 -0400] "GET /wp-content/plugins/wp-super-cache/wp-cache-pointer.php HTTP/1.1" 404 6612 "-" "Go-http-client/1.1"
193.37.33.237 - - [04/Apr/2025:19:03:01 -0400] "GET /wp-admin/maint/index.php HTTP/1.1" 301 0 "-" "Go-http-client/1.1"
193.37.33.237 - - [04/Apr/2025:19:03:03 -0400] "GET /wp-admin/maint/ HTTP/1.1" 200 773 "http://baernblog.com/wp-admin/maint/index.php" "Go-http-client/1.1"
193.37.33.237 - - [04/Apr/2025:19:03:05 -0400] "GET /default.php HTTP/1.1" 404 6612 "-" "Go-http-client/1.1"
193.37.33.237 - - [04/Apr/2025:19:03:06 -0400] "GET /cong.php HTTP/1.1" 404 6613 "-" "Go-http-client/1.1"
193.37.33.237 - - [04/Apr/2025:19:03:08 -0400] "GET /wp-admin/network/index.php HTTP/1.1" 302 0 "-" "Go-http-client/1.1"
193.37.33.237 - - [04/Apr/2025:19:03:13 -0400] "GET /new.php HTTP/1.1" 404 6614 "-" "Go-http-client/1.1"
193.37.33.237 - - [04/Apr/2025:19:03:15 -0400] "GET /options.php HTTP/1.1" 404 6614 "-" "Go-http-client/1.1"
193.37.33.237 - - [04/Apr/2025:19:03:16 -0400] "GET /wp-admin/css/index.php HTTP/1.1" 301 0 "-" "Go-http-client/1.1"
193.37.33.237 - - [04/Apr/2025:19:03:18 -0400] "GET /wp-admin/css/ HTTP/1.1" 200 3898 "http://baernblog.com/wp-admin/css/index.php" "Go-http-client/1.1"
193.37.33.237 - - [04/Apr/2025:19:03:19 -0400] "GET /wp-includes/ID3/index.php HTTP/1.1" 301 0 "-" "Go-http-client/1.1"
193.37.33.237 - - [04/Apr/2025:19:03:21 -0400] "GET /wp-includes/ID3/ HTTP/1.1" 200 1646 "http://baernblog.com/wp-includes/ID3/index.php" "Go-http-client/1.1"
193.37.33.237 - - [04/Apr/2025:19:03:22 -0400] "GET /plugins.php HTTP/1.1" 404 6614 "-" "Go-http-client/1.1"
193.37.33.237 - - [04/Apr/2025:19:03:24 -0400] "GET /wander.php HTTP/1.1" 404 6614 "-" "Go-http-client/1.1"
193.37.33.237 - - [04/Apr/2025:19:03:26 -0400] "GET /wp-content/plugins/core-plugin/include.php HTTP/1.1" 404 6614 "-" "Go-http-client/1.1"
193.37.33.237 - - [04/Apr/2025:19:03:28 -0400] "GET /wp-content/admin.php HTTP/1.1" 404 6614 "-" "Go-http-client/1.1"
193.37.33.237 - - [04/Apr/2025:19:03:29 -0400] "GET /content.php HTTP/1.1" 404 6614 "-" "Go-http-client/1.1"
193.37.33.237 - - [04/Apr/2025:19:03:31 -0400] "GET /ini.php HTTP/1.1" 404 6615 "-" "Go-http-client/1.1"
193.37.33.237 - - [04/Apr/2025:19:03:33 -0400] "GET /wp-admin/images/index.php HTTP/1.1" 301 0 "-" "Go-http-client/1.1"
193.37.33.237 - - [04/Apr/2025:19:03:35 -0400] "GET /wp-admin/images/ HTTP/1.1" 200 3358 "http://baernblog.com/wp-admin/images/index.php" "Go-http-client/1.1"
198.54.114.83 - - [04/Apr/2025:19:03:39 -0400] "POST /wp-cron.php?doing_wp_cron=1743807818.1838219165802001953125 HTTP/1.1" 200 0 "-" "WordPress/6.7.2; https://baernblog.com"
193.37.33.237 - - [04/Apr/2025:19:03:37 -0400] "GET /.well-known/ HTTP/1.1" 404 6614 "-" "Go-http-client/1.1"
193.37.33.237 - - [04/Apr/2025:19:03:39 -0400] "GET /wp-links.php HTTP/1.1" 404 6614 "-" "Go-http-client/1.1"
193.37.33.237 - - [04/Apr/2025:19:03:40 -0400] "GET /wp-admin/plugins.php HTTP/1.1" 302 0 "-" "Go-http-client/1.1"
193.37.33.237 - - [04/Apr/2025:19:03:43 -0400] "GET /moon.php HTTP/1.1" 404 6614 "-" "Go-http-client/1.1"
193.37.33.237 - - [04/Apr/2025:19:03:44 -0400] "GET /wp-includes/IXR/wp-login.php HTTP/1.1" 404 6614 "-" "Go-http-client/1.1"
212.34.154.131 - - [04/Apr/2025:19:03:45 -0400] "GET / HTTP/1.1" 200 97678 "-" "Mozilla/5.0 (Macintosh; Intel Mac OS X 10_15_7) AppleWebKit/537.36 (KHTML, like Gecko) Chrome/133.0.0.0 Safari/537.36"
193.37.33.237 - - [04/Apr/2025:19:03:45 -0400] "GET /wp-content/languages/index.php HTTP/1.1" 301 0 "-" "Go-http-client/1.1"
193.37.33.237 - - [04/Apr/2025:19:03:47 -0400] "GET /wp-content/languages/ HTTP/1.1" 404 6614 "http://baernblog.com/wp-content/languages/index.php" "Go-http-client/1.1"
193.37.33.237 - - [04/Apr/2025:19:03:48 -0400] "GET /wp-includes/assets/index.php HTTP/1.1" 301 0 "-" "Go-http-client/1.1"
193.37.33.237 - - [04/Apr/2025:19:03:50 -0400] "GET /wp-includes/assets/ HTTP/1.1" 200 1308 "http://baernblog.com/wp-includes/assets/index.php" "Go-http-client/1.1"
193.37.33.237 - - [04/Apr/2025:19:03:51 -0400] "GET /goods.php HTTP/1.1" 404 6615 "-" "Go-http-client/1.1"
193.37.33.237 - - [04/Apr/2025:19:03:53 -0400] "GET /elp.php HTTP/1.1" 404 6614 "-" "Go-http-client/1.1"
193.37.33.237 - - [04/Apr/2025:19:03:55 -0400] "GET /wp-includes/customize/index.php HTTP/1.1" 301 0 "-" "Go-http-client/1.1"
193.37.33.237 - - [04/Apr/2025:19:03:57 -0400] "GET /wp-includes/customize/ HTTP/1.1" 200 2589 "http://baernblog.com/wp-includes/customize/index.php" "Go-http-client/1.1"
193.37.33.237 - - [04/Apr/2025:19:03:59 -0400] "GET /dropdown.php HTTP/1.1" 404 6614 "-" "Go-http-client/1.1"
193.37.33.237 - - [04/Apr/2025:19:04:00 -0400] "GET /wp-admin.php HTTP/1.1" 404 6614 "-" "Go-http-client/1.1"
193.37.33.237 - - [04/Apr/2025:19:04:01 -0400] "GET /wp-admin/css/colors/blue/ HTTP/1.1" 200 904 "-" "Go-http-client/1.1"
193.37.33.237 - - [04/Apr/2025:19:04:02 -0400] "GET /size.php HTTP/1.1" 404 6614 "-" "Go-http-client/1.1"
193.37.33.237 - - [04/Apr/2025:19:04:03 -0400] "GET /wp-content/themes/sketch/404.php HTTP/1.1" 404 6614 "-" "Go-http-client/1.1"
193.37.33.237 - - [04/Apr/2025:19:04:04 -0400] "GET /wso.php HTTP/1.1" 404 6612 "-" "Go-http-client/1.1"
193.37.33.237 - - [04/Apr/2025:19:04:05 -0400] "GET /class.api.php HTTP/1.1" 404 6614 "-" "Go-http-client/1.1"
193.37.33.237 - - [04/Apr/2025:19:04:06 -0400] "GET /wp-content/themes/admin.php?taf HTTP/1.1" 404 6614 "-" "Go-http-client/1.1"
193.37.33.237 - - [04/Apr/2025:19:04:08 -0400] "GET /wp-content/plugins/revslider/includes/external/page/index.php HTTP/1.1" 301 0 "-" "Go-http-client/1.1"
193.37.33.237 - - [04/Apr/2025:19:04:10 -0400] "GET /wp-content/plugins/revslider/includes/external/page/ HTTP/1.1" 404 6614 "http://baernblog.com/wp-content/plugins/revslider/includes/external/page/index.php" "Go-http-client/1.1"
193.37.33.237 - - [04/Apr/2025:19:04:13 -0400] "GET /wp-content/plugins/WordPressCore/include.php HTTP/1.1" 404 6614 "-" "Go-http-client/1.1"
193.37.33.237 - - [04/Apr/2025:19:04:15 -0400] "GET /wp-add.php HTTP/1.1" 404 6614 "-" "Go-http-client/1.1"
193.37.33.237 - - [04/Apr/2025:19:04:17 -0400] "GET /wp-admin/product.php HTTP/1.1" 404 6614 "-" "Go-http-client/1.1"
193.37.33.237 - - [04/Apr/2025:19:04:20 -0400] "GET /themes.php HTTP/1.1" 404 6614 "-" "Go-http-client/1.1"
193.37.33.237 - - [04/Apr/2025:19:04:22 -0400] "GET /indec.php HTTP/1.1" 404 6614 "-" "Go-http-client/1.1"
193.37.33.237 - - [04/Apr/2025:19:04:25 -0400] "GET /wp-content/plugins/hello.php HTTP/1.1" 404 6614 "-" "Go-http-client/1.1"
193.37.33.237 - - [04/Apr/2025:19:04:27 -0400] "GET /wp-content/options.php HTTP/1.1" 404 6614 "-" "Go-http-client/1.1"
193.37.33.237 - - [04/Apr/2025:19:04:29 -0400] "GET /xml.php HTTP/1.1" 404 6614 "-" "Go-http-client/1.1"
193.37.33.237 - - [04/Apr/2025:19:04:31 -0400] "GET /wp-header.php HTTP/1.1" 404 6615 "-" "Go-http-client/1.1"
193.37.33.237 - - [04/Apr/2025:19:04:34 -0400] "GET /wp-admin/item.php HTTP/1.1" 404 6614 "-" "Go-http-client/1.1"
193.37.33.237 - - [04/Apr/2025:19:04:36 -0400] "GET /wp-includes/ID3/about.php HTTP/1.1" 404 6614 "-" "Go-http-client/1.1"
198.54.114.83 - - [04/Apr/2025:19:04:40 -0400] "POST /wp-cron.php?doing_wp_cron=1743807879.2354559898376464843750 HTTP/1.1" 200 0 "-" "WordPress/6.7.2; https://baernblog.com"
193.37.33.237 - - [04/Apr/2025:19:04:38 -0400] "GET /wp-admin/images/about.php HTTP/1.1" 404 6614 "-" "Go-http-client/1.1"
193.37.33.237 - - [04/Apr/2025:19:04:41 -0400] "GET /wp-info.php HTTP/1.1" 404 6615 "-" "Go-http-client/1.1"
193.37.33.237 - - [04/Apr/2025:19:04:44 -0400] "GET /wp-includes/fonts/index.php HTTP/1.1" 301 0 "-" "Go-http-client/1.1"
193.37.33.237 - - [04/Apr/2025:19:04:47 -0400] "GET /wp-includes/fonts/ HTTP/1.1" 200 1488 "http://baernblog.com/wp-includes/fonts/index.php" "Go-http-client/1.1"
193.37.33.237 - - [04/Apr/2025:19:04:47 -0400] "GET /wp-content/click.php HTTP/1.1" 404 6614 "-" "Go-http-client/1.1"
193.37.33.237 - - [04/Apr/2025:19:04:48 -0400] "GET /wp-admin/images/admin.php HTTP/1.1" 404 6614 "-" "Go-http-client/1.1"
198.54.114.83 - - [04/Apr/2025:19:04:51 -0400] "POST /wp-cron.php?doing_wp_cron=1743807891.0515379905700683593750 HTTP/1.1" 200 0 "-" "WordPress/6.7.2; https://baernblog.com"
193.37.33.237 - - [04/Apr/2025:19:04:50 -0400] "GET /bk/index.php HTTP/1.1" 301 0 "-" "Go-http-client/1.1"
193.37.33.237 - - [04/Apr/2025:19:04:52 -0400] "GET /bk/ HTTP/1.1" 404 6614 "http://baernblog.com/bk/index.php" "Go-http-client/1.1"
193.37.33.237 - - [04/Apr/2025:19:04:54 -0400] "GET /wp-includes/js/index.php HTTP/1.1" 301 0 "-" "Go-http-client/1.1"
193.37.33.237 - - [04/Apr/2025:19:04:55 -0400] "GET /wp-includes/js/ HTTP/1.1" 200 4793 "http://baernblog.com/wp-includes/js/index.php" "Go-http-client/1.1"
193.37.33.237 - - [04/Apr/2025:19:04:56 -0400] "GET /wp-signup.php HTTP/1.1" 302 0 "-" "Go-http-client/1.1"
193.37.33.237 - - [04/Apr/2025:19:05:01 -0400] "GET /wp-content/themes/digital-download/new.php HTTP/1.1" 404 6614 "-" "Go-http-client/1.1"
193.37.33.237 - - [04/Apr/2025:19:05:05 -0400] "GET /wp-includes/SimplePie/index.php HTTP/1.1" 301 0 "-" "Go-http-client/1.1"
193.37.33.237 - - [04/Apr/2025:19:05:08 -0400] "GET /wp-includes/SimplePie/ HTTP/1.1" 200 0 "http://baernblog.com/wp-includes/SimplePie/index.php" "Go-http-client/1.1"
193.19.109.199 - - [04/Apr/2025:19:05:09 -0400] "GET /wp-includes/images/about.php HTTP/1.1" 404 6614 "-" "Go-http-client/1.1"
193.19.109.199 - - [04/Apr/2025:19:05:12 -0400] "GET /product.php HTTP/1.1" 404 6615 "-" "Go-http-client/1.1"
193.19.109.199 - - [04/Apr/2025:19:05:14 -0400] "GET /wp-l0gin.php HTTP/1.1" 404 6614 "-" "Go-http-client/1.1"
193.19.109.199 - - [04/Apr/2025:19:05:17 -0400] "GET /wp-admin/js/about.php HTTP/1.1" 404 6614 "-" "Go-http-client/1.1"
193.19.109.199 - - [04/Apr/2025:19:05:19 -0400] "GET /log.php HTTP/1.1" 404 6614 "-" "Go-http-client/1.1"
193.19.109.199 - - [04/Apr/2025:19:05:23 -0400] "GET /wp-includes/customize/about.php HTTP/1.1" 404 6614 "-" "Go-http-client/1.1"
193.19.109.199 - - [04/Apr/2025:19:05:24 -0400] "GET /xx.php HTTP/1.1" 404 6614 "-" "Go-http-client/1.1"
193.19.109.199 - - [04/Apr/2025:19:05:25 -0400] "GET /wp-content/upgrade/about.php HTTP/1.1" 404 6614 "-" "Go-http-client/1.1"
193.19.109.199 - - [04/Apr/2025:19:05:28 -0400] "GET /xmlrpc.php HTTP/1.1" 405 60 "-" "Go-http-client/1.1"
