103.216.223.206 - - [02/Apr/2025:03:33:45 -0400] "GET /about.php HTTP/1.1" 404 6614 "-" "Mozilla/5.0 (Linux; Android 11; M2010J19SI) AppleWebKit/537.36 (KHTML, like Gecko) Chrome/109.0.0.0 Mobile Safari/537.36"
103.216.223.206 - - [02/Apr/2025:03:33:46 -0400] "GET /xx.php HTTP/1.1" 404 6614 "-" "Mozilla/5.0 (Linux; Android 11; M2010J19SI) AppleWebKit/537.36 (KHTML, like Gecko) Chrome/109.0.0.0 Mobile Safari/537.36"
103.216.223.206 - - [02/Apr/2025:03:33:47 -0400] "GET /wp-content/themes/digital-download/new.php HTTP/1.1" 404 6614 "-" "Mozilla/5.0 (Linux; Android 11; M2010J19SI) AppleWebKit/537.36 (KHTML, like Gecko) Chrome/109.0.0.0 Mobile Safari/537.36"
103.216.223.206 - - [02/Apr/2025:03:33:47 -0400] "GET /epinyins.php HTTP/1.1" 404 6614 "-" "Mozilla/5.0 (Linux; Android 11; M2010J19SI) AppleWebKit/537.36 (KHTML, like Gecko) Chrome/109.0.0.0 Mobile Safari/537.36"
103.216.223.206 - - [02/Apr/2025:03:33:48 -0400] "GET /wp-admin/dropdown.php HTTP/1.1" 404 6614 "-" "Mozilla/5.0 (Linux; Android 11; M2010J19SI) AppleWebKit/537.36 (KHTML, like Gecko) Chrome/109.0.0.0 Mobile Safari/537.36"
103.216.223.206 - - [02/Apr/2025:03:33:49 -0400] "GET /dropdown.php HTTP/1.1" 404 6614 "-" "Mozilla/5.0 (Linux; Android 11; M2010J19SI) AppleWebKit/537.36 (KHTML, like Gecko) Chrome/109.0.0.0 Mobile Safari/537.36"
103.216.223.206 - - [02/Apr/2025:03:33:50 -0400] "GET /wp-admin/css/index.php HTTP/1.1" 301 0 "-" "Mozilla/5.0 (Linux; Android 11; M2010J19SI) AppleWebKit/537.36 (KHTML, like Gecko) Chrome/109.0.0.0 Mobile Safari/537.36"
103.216.223.206 - - [02/Apr/2025:03:33:50 -0400] "GET /wp-admin/css/ HTTP/1.1" 200 3898 "-" "Mozilla/5.0 (Linux; Android 11; M2010J19SI) AppleWebKit/537.36 (KHTML, like Gecko) Chrome/109.0.0.0 Mobile Safari/537.36"
103.216.223.206 - - [02/Apr/2025:03:33:51 -0400] "GET /wp-content/mah.php HTTP/1.1" 404 6616 "-" "Mozilla/5.0 (Linux; Android 11; M2010J19SI) AppleWebKit/537.36 (KHTML, like Gecko) Chrome/109.0.0.0 Mobile Safari/537.36"
103.216.223.206 - - [02/Apr/2025:03:33:53 -0400] "GET /wp-content/item.php HTTP/1.1" 404 6614 "-" "Mozilla/5.0 (Linux; Android 11; M2010J19SI) AppleWebKit/537.36 (KHTML, like Gecko) Chrome/109.0.0.0 Mobile Safari/537.36"
103.216.223.206 - - [02/Apr/2025:03:33:54 -0400] "GET /wp-content/plugins/shell/about.php HTTP/1.1" 404 6614 "-" "Mozilla/5.0 (Linux; Android 11; M2010J19SI) AppleWebKit/537.36 (KHTML, like Gecko) Chrome/109.0.0.0 Mobile Safari/537.36"
91.84.99.6 - - [02/Apr/2025:03:33:56 -0400] "GET / HTTP/1.1" 200 97678 "-" "Mozilla/5.0 (Macintosh; Intel Mac OS X 10_15_7) AppleWebKit/537.36 (KHTML, like Gecko) Chrome/133.0.0.0 Safari/537.36"
103.216.223.206 - - [02/Apr/2025:03:33:56 -0400] "GET /wp-content/plugins/pwnd/pwnd.php HTTP/1.1" 404 6614 "-" "Mozilla/5.0 (Linux; Android 11; M2010J19SI) AppleWebKit/537.36 (KHTML, like Gecko) Chrome/109.0.0.0 Mobile Safari/537.36"
103.216.223.206 - - [02/Apr/2025:03:33:57 -0400] "GET /wp-content/plugins/fix/up.php HTTP/1.1" 404 6614 "-" "Mozilla/5.0 (Linux; Android 11; M2010J19SI) AppleWebKit/537.36 (KHTML, like Gecko) Chrome/109.0.0.0 Mobile Safari/537.36"
103.216.223.206 - - [02/Apr/2025:03:33:59 -0400] "GET /wp-content/plugins/ph-file-manager/wp-file.php HTTP/1.1" 404 6615 "-" "Mozilla/5.0 (Linux; Android 11; M2010J19SI) AppleWebKit/537.36 (KHTML, like Gecko) Chrome/109.0.0.0 Mobile Safari/537.36"
103.216.223.206 - - [02/Apr/2025:03:34:02 -0400] "GET /wp-content/plugins/root-file-manager/wp-file.php HTTP/1.1" 404 6614 "-" "Mozilla/5.0 (Linux; Android 11; M2010J19SI) AppleWebKit/537.36 (KHTML, like Gecko) Chrome/109.0.0.0 Mobile Safari/537.36"
198.54.114.83 - - [02/Apr/2025:03:34:04 -0400] "POST /wp-cron.php?doing_wp_cron=1743579244.0663070678710937500000 HTTP/1.1" 200 0 "-" "WordPress/6.7.2; https://baernblog.com"
103.216.223.206 - - [02/Apr/2025:03:34:03 -0400] "GET /wp-content/plugins/wp-help/mini.php HTTP/1.1" 404 6614 "-" "Mozilla/5.0 (Linux; Android 11; M2010J19SI) AppleWebKit/537.36 (KHTML, like Gecko) Chrome/109.0.0.0 Mobile Safari/537.36"
103.216.223.206 - - [02/Apr/2025:03:34:07 -0400] "GET /wp-content/themes/travel/issue.php HTTP/1.1" 404 6614 "-" "Mozilla/5.0 (Linux; Android 11; M2010J19SI) AppleWebKit/537.36 (KHTML, like Gecko) Chrome/109.0.0.0 Mobile Safari/537.36"
103.216.223.206 - - [02/Apr/2025:03:34:08 -0400] "GET /wp-content/themes/jaida/lang.php HTTP/1.1" 404 6614 "-" "Mozilla/5.0 (Linux; Android 11; M2010J19SI) AppleWebKit/537.36 (KHTML, like Gecko) Chrome/109.0.0.0 Mobile Safari/537.36"
103.216.223.206 - - [02/Apr/2025:03:34:10 -0400] "GET /wp-l0gin.php HTTP/1.1" 404 6615 "-" "Mozilla/5.0 (Linux; Android 11; M2010J19SI) AppleWebKit/537.36 (KHTML, like Gecko) Chrome/109.0.0.0 Mobile Safari/537.36"
103.216.223.206 - - [02/Apr/2025:03:34:12 -0400] "GET /ext.php HTTP/1.1" 404 6614 "-" "Mozilla/5.0 (Linux; Android 11; M2010J19SI) AppleWebKit/537.36 (KHTML, like Gecko) Chrome/109.0.0.0 Mobile Safari/537.36"
103.216.223.206 - - [02/Apr/2025:03:34:14 -0400] "GET /wp-l0gin.php HTTP/1.1" 404 6615 "-" "Mozilla/5.0 (Linux; Android 11; M2010J19SI) AppleWebKit/537.36 (KHTML, like Gecko) Chrome/109.0.0.0 Mobile Safari/537.36"
198.54.114.83 - - [02/Apr/2025:03:35:52 -0400] "POST /wp-cron.php?doing_wp_cron=1743579351.4191079139709472656250 HTTP/1.1" 200 0 "-" "WordPress/6.7.2; https://baernblog.com"
45.148.10.174 - - [02/Apr/2025:03:35:44 -0400] "GET /assets/1.1.18/require/2.3.6/require.js HTTP/1.1" 404 6614 "-" "Mozilla/5.0 (Windows NT 10.0; Win64; x64) AppleWebKit/537.36 Chrome/121.0.0.0"
198.54.114.83 - - [02/Apr/2025:03:51:22 -0400] "POST /wp-cron.php?doing_wp_cron=1743580282.0098140239715576171875 HTTP/1.1" 200 0 "-" "WordPress/6.7.2; https://baernblog.com"
152.42.170.66 - - [02/Apr/2025:03:51:16 -0400] "POST /xmlrpc.php HTTP/1.1" 200 212 "http://baernblog.com" "Mozilla/5.0 (Windows NT 10.0; Win64; x64) AppleWebKit/537.36 (KHTML, like Gecko) Chrome/113.0.5672.126 Safari/537.36 Edg/113.0.1774.50"
139.59.100.51 - - [02/Apr/2025:03:55:13 -0400] "GET /wp-content/plugins/pwnd/pwnd.php HTTP/1.1" 404 6614 "-" "Mozilla/5.0 (Linux; Android 7.0; SM-G892A Build/NRD90M; wv) AppleWebKit/537.36 (KHTML, like Gecko) Version/4.0 Chrome/60.0.3112.107 Mobile Safari/537.36"
43.153.135.208 - - [02/Apr/2025:03:55:42 -0400] "GET / HTTP/1.1" 200 97678 "-" "Mozilla/5.0 (iPhone; CPU iPhone OS 13_2_3 like Mac OS X) AppleWebKit/605.1.15 (KHTML, like Gecko) Version/13.0.3 Mobile/15E148 Safari/604.1"
198.54.114.83 - - [02/Apr/2025:03:59:57 -0400] "POST /wp-cron.php?doing_wp_cron=1743580796.9899001121520996093750 HTTP/1.1" 200 0 "-" "WordPress/6.7.2; https://baernblog.com"
195.20.18.175 - - [02/Apr/2025:03:59:56 -0400] "GET /assets/admin/plugins/jquery-file-upload/server/php/index.php?file=tf2rghf.jpg HTTP/1.1" 301 0 "-" "ALittle Client"
195.20.18.175 - - [02/Apr/2025:04:01:59 -0400] "GET /assets/admin/plugins/jquery-file-upload/server/php/?file=tf2rghf.jpg HTTP/1.1" 404 6615 "-" "ALittle Client"
91.84.110.151 - - [02/Apr/2025:04:02:38 -0400] "GET / HTTP/1.1" 200 97678 "-" "Mozilla/5.0 (Macintosh; Intel Mac OS X 10_15_7) AppleWebKit/537.36 (KHTML, like Gecko) Chrome/133.0.0.0 Safari/537.36"
89.110.80.171 - - [02/Apr/2025:04:03:13 -0400] "GET / HTTP/1.1" 200 97678 "-" "Mozilla/5.0 (Macintosh; Intel Mac OS X 10_15_7) AppleWebKit/537.36 (KHTML, like Gecko) Chrome/133.0.0.0 Safari/537.36"
139.59.100.51 - - [02/Apr/2025:04:04:47 -0400] "GET /wp-content/plugins/pwnd-1/pwnd.php HTTP/1.1" 404 6614 "-" "Mozilla/5.0 (Linux; Android 7.0; SM-G892A Build/NRD90M; wv) AppleWebKit/537.36 (KHTML, like Gecko) Version/4.0 Chrome/60.0.3112.107 Mobile Safari/537.36"
198.54.114.83 - - [02/Apr/2025:04:04:50 -0400] "POST /wp-cron.php?doing_wp_cron=1743581088.9240961074829101562500 HTTP/1.1" 200 0 "-" "WordPress/6.7.2; https://baernblog.com"
198.54.114.83 - - [02/Apr/2025:04:07:35 -0400] "POST /wp-cron.php?doing_wp_cron=1743581254.2088010311126708984375 HTTP/1.1" 200 0 "-" "WordPress/6.7.2; https://baernblog.com"
139.59.100.51 - - [02/Apr/2025:04:07:33 -0400] "GET /wp-content/plugins/pwnd-2/pwnd.php HTTP/1.1" 404 6614 "-" "Mozilla/5.0 (Linux; Android 7.0; SM-G892A Build/NRD90M; wv) AppleWebKit/537.36 (KHTML, like Gecko) Version/4.0 Chrome/60.0.3112.107 Mobile Safari/537.36"
139.59.100.51 - - [02/Apr/2025:04:10:39 -0400] "GET /wp-content/plugins/fix/up.php HTTP/1.1" 404 6614 "-" "Mozilla/5.0 (Linux; Android 7.0; SM-G892A Build/NRD90M; wv) AppleWebKit/537.36 (KHTML, like Gecko) Version/4.0 Chrome/60.0.3112.107 Mobile Safari/537.36"
73.85.157.180 - - [02/Apr/2025:04:12:18 -0400] "GET /how-to-get-vyvanse-prescription-online/ HTTP/1.1" 200 12825 "-" "Mozilla/5.0 (Linux x86_64; rv:114.0) Gecko/20100101 Firefox/114.0"
178.20.55.182 - - [02/Apr/2025:04:13:43 -0400] "GET / HTTP/1.1" 200 97678 "http://baernblog.com" "Mozilla/5.0 (compatible; MSIE 9.0; Windows NT 6.1; Trident/5.0; Trident/5.0)"
91.84.110.151 - - [02/Apr/2025:04:15:21 -0400] "GET / HTTP/1.1" 200 97678 "-" "Mozilla/5.0 (Macintosh; Intel Mac OS X 10_15_7) AppleWebKit/537.36 (KHTML, like Gecko) Chrome/133.0.0.0 Safari/537.36"
91.84.109.110 - - [02/Apr/2025:04:17:50 -0400] "GET / HTTP/1.1" 200 97678 "-" "Mozilla/5.0 (Macintosh; Intel Mac OS X 10_15_7) AppleWebKit/537.36 (KHTML, like Gecko) Chrome/133.0.0.0 Safari/537.36"
103.148.104.76 - - [02/Apr/2025:04:17:58 -0400] "GET /admin.php HTTP/1.1" 404 6614 "http://baernblog.com/admin.php" "Mozilla/4.0 (compatible; MSIE 9.0; Windows NT 6.1)"
198.54.114.83 - - [02/Apr/2025:04:18:57 -0400] "POST /wp-cron.php?doing_wp_cron=1743581936.4359970092773437500000 HTTP/1.1" 200 0 "-" "WordPress/6.7.2; https://baernblog.com"
2a04:3544:1000:1510:c0ca:ff:feca:1a5e - - [02/Apr/2025:04:18:56 -0400] "POST /xmlrpc.php HTTP/1.1" 200 212 "http://baernblog.com" "Mozilla/5.0 (Windows NT 11.0; Win64; x64) AppleWebKit/537.36 (KHTML, like Gecko) Chrome/126.0.0.0 Safari/537.36"
198.54.114.83 - - [02/Apr/2025:04:22:28 -0400] "POST /wp-cron.php?doing_wp_cron=1743582147.3895220756530761718750 HTTP/1.1" 200 0 "-" "WordPress/6.7.2; https://baernblog.com"
80.247.95.180 - - [02/Apr/2025:04:22:22 -0400] "GET /wp-login.php HTTP/1.1" 302 0 "-" "Mozilla/5.0 (Windows NT 10.0; Win64; x64; rv:91.0) Gecko/20100101 Firefox/91.0"
91.84.104.205 - - [02/Apr/2025:04:24:39 -0400] "GET / HTTP/1.1" 200 97678 "-" "Mozilla/5.0 (Macintosh; Intel Mac OS X 10_15_7) AppleWebKit/537.36 (KHTML, like Gecko) Chrome/133.0.0.0 Safari/537.36"
198.54.114.83 - - [02/Apr/2025:04:26:56 -0400] "POST /wp-cron.php?doing_wp_cron=1743582416.0961210727691650390625 HTTP/1.1" 200 0 "-" "WordPress/6.7.2; https://baernblog.com"
45.148.10.174 - - [02/Apr/2025:04:26:55 -0400] "GET /lzdmod/site-nav-pc/5.2.38/i18n.js HTTP/1.1" 404 6614 "-" "Mozilla/5.0 (Windows NT 10.0; Win64; x64) AppleWebKit/537.36 Chrome/121.0.0.0"
196.251.118.228 - - [02/Apr/2025:04:29:11 -0400] "GET /.env HTTP/1.1" 403 1242 "-" "Mozilla/5.0 (Macintosh; Intel Mac OS X 10.15; rv:77.0) Gecko/20100101 Firefox/77.0"
3.141.27.243 - - [02/Apr/2025:04:31:40 -0400] "GET /.env HTTP/1.1" 403 1242 "-" "Mozilla/5.0 (Macintosh; Intel Mac OS X 10.15; rv:77.0) Gecko/20100101 Firefox/77.0"
161.97.71.11 - - [02/Apr/2025:04:35:00 -0400] "GET / HTTP/1.1" 200 97678 "http://baernblog.com" "Mozilla/5.0 (Macintosh; U; Intel Mac OS X 10.6; en-US; rv:1.9.2) Gecko/20100115 Firefox/3.6"
216.244.66.198 - - [02/Apr/2025:04:37:12 -0400] "GET /robots.txt HTTP/1.1" 304 0 "-" "Mozilla/5.0 (compatible; DotBot/1.2; +https://opensiteexplorer.org/dotbot; help@moz.com)"
88.210.10.79 - - [02/Apr/2025:04:42:32 -0400] "GET / HTTP/1.1" 200 97678 "-" "Mozilla/5.0 (Macintosh; Intel Mac OS X 10_15_7) AppleWebKit/537.36 (KHTML, like Gecko) Chrome/133.0.0.0 Safari/537.36"
198.54.114.83 - - [02/Apr/2025:04:43:02 -0400] "POST /wp-cron.php?doing_wp_cron=1743583381.9687700271606445312500 HTTP/1.1" 200 0 "-" "WordPress/6.7.2; https://baernblog.com"
45.148.10.174 - - [02/Apr/2025:04:43:01 -0400] "GET /g.lazcdn.com/g/lzdmod/??site-nav-pc/5.2.43/pc/index.css HTTP/1.1" 301 0 "-" "Mozilla/5.0 (Macintosh; Intel Mac OS X 10_15_7) AppleWebKit/537.36 Chrome/120.0.0.0"
45.148.10.174 - - [02/Apr/2025:04:43:03 -0400] "GET /g.lazcdn.com/g/lzdmod/?site-nav-pc/5.2.43/pc/index.css HTTP/1.1" 404 6614 "-" "Mozilla/5.0 (Macintosh; Intel Mac OS X 10_15_7) AppleWebKit/537.36 Chrome/120.0.0.0"
146.56.198.139 - - [02/Apr/2025:04:44:47 -0400] "GET /wp-login.php HTTP/1.1" 302 0 "-" "Apache-HttpClient/4.5.2 (Java/1.8.0_161)"
146.56.198.139 - - [02/Apr/2025:04:44:54 -0400] "GET /?author=1 HTTP/1.1" 200 97678 "-" "Apache-HttpClient/4.5.2 (Java/1.8.0_161)"
146.56.198.139 - - [02/Apr/2025:04:44:56 -0400] "GET /?author=2 HTTP/1.1" 200 97678 "-" "Apache-HttpClient/4.5.2 (Java/1.8.0_161)"
146.56.198.139 - - [02/Apr/2025:04:44:59 -0400] "GET /?author=3 HTTP/1.1" 200 97678 "-" "Apache-HttpClient/4.5.2 (Java/1.8.0_161)"
146.56.198.139 - - [02/Apr/2025:04:45:02 -0400] "GET /?author=4 HTTP/1.1" 200 97678 "-" "Apache-HttpClient/4.5.2 (Java/1.8.0_161)"
146.56.198.139 - - [02/Apr/2025:04:45:05 -0400] "GET /?author=5 HTTP/1.1" 200 97678 "-" "Apache-HttpClient/4.5.2 (Java/1.8.0_161)"
146.56.198.139 - - [02/Apr/2025:04:45:08 -0400] "GET /?author=6 HTTP/1.1" 200 97678 "-" "Apache-HttpClient/4.5.2 (Java/1.8.0_161)"
146.56.198.139 - - [02/Apr/2025:04:45:11 -0400] "GET /?author=7 HTTP/1.1" 200 97678 "-" "Apache-HttpClient/4.5.2 (Java/1.8.0_161)"
146.56.198.139 - - [02/Apr/2025:04:45:14 -0400] "GET /?author=8 HTTP/1.1" 200 97678 "-" "Apache-HttpClient/4.5.2 (Java/1.8.0_161)"
146.56.198.139 - - [02/Apr/2025:04:45:17 -0400] "GET /?author=9 HTTP/1.1" 200 97678 "-" "Apache-HttpClient/4.5.2 (Java/1.8.0_161)"
146.56.198.139 - - [02/Apr/2025:04:45:18 -0400] "GET /?author=10 HTTP/1.1" 200 97678 "-" "Apache-HttpClient/4.5.2 (Java/1.8.0_161)"
146.56.198.139 - - [02/Apr/2025:04:45:20 -0400] "GET /?author=11 HTTP/1.1" 200 97678 "-" "Apache-HttpClient/4.5.2 (Java/1.8.0_161)"
146.56.198.139 - - [02/Apr/2025:04:45:22 -0400] "GET /?author=12 HTTP/1.1" 200 97678 "-" "Apache-HttpClient/4.5.2 (Java/1.8.0_161)"
146.56.198.139 - - [02/Apr/2025:04:45:24 -0400] "GET /?author=13 HTTP/1.1" 200 97678 "-" "Apache-HttpClient/4.5.2 (Java/1.8.0_161)"
146.56.198.139 - - [02/Apr/2025:04:45:26 -0400] "GET /?author=14 HTTP/1.1" 200 97678 "-" "Apache-HttpClient/4.5.2 (Java/1.8.0_161)"
146.56.198.139 - - [02/Apr/2025:04:45:27 -0400] "GET /?author=15 HTTP/1.1" 200 97678 "-" "Apache-HttpClient/4.5.2 (Java/1.8.0_161)"
146.56.198.139 - - [02/Apr/2025:04:45:28 -0400] "GET /?author=16 HTTP/1.1" 200 97678 "-" "Apache-HttpClient/4.5.2 (Java/1.8.0_161)"
146.56.198.139 - - [02/Apr/2025:04:45:29 -0400] "GET /?author=17 HTTP/1.1" 200 97678 "-" "Apache-HttpClient/4.5.2 (Java/1.8.0_161)"
146.56.198.139 - - [02/Apr/2025:04:45:30 -0400] "GET /?author=18 HTTP/1.1" 200 97678 "-" "Apache-HttpClient/4.5.2 (Java/1.8.0_161)"
146.56.198.139 - - [02/Apr/2025:04:45:32 -0400] "GET /?author=19 HTTP/1.1" 200 97678 "-" "Apache-HttpClient/4.5.2 (Java/1.8.0_161)"
146.56.198.139 - - [02/Apr/2025:04:45:33 -0400] "GET /?author=20 HTTP/1.1" 200 97678 "-" "Apache-HttpClient/4.5.2 (Java/1.8.0_161)"
198.54.114.83 - - [02/Apr/2025:04:45:44 -0400] "POST /wp-cron.php?doing_wp_cron=1743583544.1309499740600585937500 HTTP/1.1" 200 0 "-" "WordPress/6.7.2; https://baernblog.com"
105.72.0.121 - - [02/Apr/2025:04:45:43 -0400] "GET /wp-login.php HTTP/1.1" 302 0 "-" "python-requests/2.32.3"
105.72.0.121 - - [02/Apr/2025:04:45:45 -0400] "POST /wp-login.php HTTP/1.1" 302 0 "-" "Mozilla/5.0 (X11; Linux x86_64) AppleWebKit/537.36 (KHTML, like Gecko) Chrome/87.0.4280.66 Safari/537.36"
222.186.134.234 - - [02/Apr/2025:04:49:49 -0400] "GET /?rest_route=/wp/v2/users/ HTTP/1.1" 200 97678 "http://baernblog.com" "Mozilla/5.0 (compatible; Yahoo! Slurp China; http://misc.yahoo.com.cn/help.html\xa1\xb1)"
20.191.45.212 - - [02/Apr/2025:05:00:35 -0400] "GET / HTTP/1.1" 200 97678 "http://baernblog.com/" "DuckDuckBot/1.1; (+http://duckduckgo.com/duckduckbot.html)"
20.191.45.212 - - [02/Apr/2025:05:00:36 -0400] "GET /favicon.ico HTTP/1.1" 404 1251 "http://baernblog.com/favicon.ico" "DuckDuckBot/1.1; (+http://duckduckgo.com/duckduckbot.html)"
198.54.114.83 - - [02/Apr/2025:05:08:16 -0400] "POST /wp-cron.php?doing_wp_cron=1743584896.0438950061798095703125 HTTP/1.1" 200 0 "-" "WordPress/6.7.2; https://baernblog.com"
45.148.10.174 - - [02/Apr/2025:05:08:15 -0400] "GET /code/npm/@ali/lzd-h5-utils-mtop/1.2.56/index.js HTTP/1.1" 404 6614 "-" "Mozilla/5.0 (Macintosh; Intel Mac OS X 10_15_7) AppleWebKit/537.36 Chrome/120.0.0.0"
179.220.157.88 - - [02/Apr/2025:05:10:18 -0400] "POST /xmlrpc.php HTTP/1.1" 200 212 "-" "Mozilla/5.0 (X11; Linux x86_64) AppleWebKit/537.36 (KHTML, like Gecko) Chrome/91.0.4472.114 Safari/537.36"
4.227.36.111 - - [02/Apr/2025:05:14:55 -0400] "GET /robots.txt HTTP/1.1" 304 0 "-" "Mozilla/5.0 AppleWebKit/537.36 (KHTML, like Gecko; compatible; GPTBot/1.2; +https://openai.com/gptbot)"
198.54.114.83 - - [02/Apr/2025:05:15:33 -0400] "POST /wp-cron.php?doing_wp_cron=1743585332.5412619113922119140625 HTTP/1.1" 200 0 "-" "WordPress/6.7.2; https://baernblog.com"
162.241.126.57 - - [02/Apr/2025:05:15:28 -0400] "POST /xmlrpc.php HTTP/1.1" 200 212 "http://baernblog.com" "Mozilla/5.0 (Macintosh; Intel Mac OS X 10_15_7) AppleWebKit/537.36 (KHTML, like Gecko) Chrome/126.0.0.0 Safari/537.36"
216.244.66.198 - - [02/Apr/2025:05:21:14 -0400] "GET /robots.txt HTTP/1.1" 304 0 "-" "Mozilla/5.0 (compatible; DotBot/1.2; +https://opensiteexplorer.org/dotbot; help@moz.com)"
198.54.114.83 - - [02/Apr/2025:05:21:42 -0400] "POST /wp-cron.php?doing_wp_cron=1743585701.5524489879608154296875 HTTP/1.1" 200 0 "-" "WordPress/6.7.2; https://baernblog.com"
45.148.10.174 - - [02/Apr/2025:05:21:41 -0400] "GET /assets/track-order/index.js HTTP/1.1" 404 6614 "-" "Mozilla/5.0 (Windows NT 10.0; Win64; x64) AppleWebKit/537.36 Chrome/121.0.0.0"
198.54.114.83 - - [02/Apr/2025:05:24:53 -0400] "POST /wp-cron.php?doing_wp_cron=1743585893.0997018814086914062500 HTTP/1.1" 200 0 "-" "WordPress/6.7.2; https://baernblog.com"
45.148.10.174 - - [02/Apr/2025:05:24:51 -0400] "GET /lzd/assets/0.0.7/dpl-buyeruikit/2.0.1/next-noreset-2.css HTTP/1.1" 404 6614 "-" "Mozilla/5.0 (Windows NT 10.0; Win64; x64) AppleWebKit/537.36 Chrome/121.0.0.0"
45.148.10.174 - - [02/Apr/2025:05:37:37 -0400] "GET /g/retcode/cloud-sdk/bl.js HTTP/1.1" 404 6613 "-" "Mozilla/5.0 (Macintosh; Intel Mac OS X 10_15_7) AppleWebKit/537.36 Chrome/120.0.0.0"
198.54.114.83 - - [02/Apr/2025:05:44:24 -0400] "POST /wp-cron.php?doing_wp_cron=1743587064.8599510192871093750000 HTTP/1.1" 200 0 "-" "WordPress/6.7.2; https://baernblog.com"
208.107.66.243 - - [02/Apr/2025:05:44:22 -0400] "POST /xmlrpc.php HTTP/1.1" 200 212 "http://baernblog.com" "Mozilla/5.0 (Windows NT 11.0; Win64; x64) AppleWebKit/537.36 (KHTML, like Gecko) Chrome/126.0.0.0 Safari/537.36 Edg/126.0.0.0"
45.148.10.174 - - [02/Apr/2025:05:47:11 -0400] "GET /g.lazcdn.com/g/lazada-search-fe/lzd-searchbox/0.4.11/index.js HTTP/1.1" 404 6616 "-" "Mozilla/5.0 (Windows NT 10.0; Win64; x64) AppleWebKit/537.36 Chrome/121.0.0.0"
95.108.213.138 - - [02/Apr/2025:05:58:58 -0400] "GET /robots.txt HTTP/1.1" 200 124 "-" "Mozilla/5.0 (compatible; YandexBot/3.0; +http://yandex.com/bots)"
5.255.231.129 - - [02/Apr/2025:05:59:03 -0400] "GET /robots.txt HTTP/1.1" 200 124 "-" "Mozilla/5.0 (compatible; YandexBot/3.0; +http://yandex.com/bots)"
5.255.231.34 - - [02/Apr/2025:05:59:06 -0400] "GET /robots.txt HTTP/1.1" 200 124 "-" "Mozilla/5.0 (compatible; YandexBot/3.0; +http://yandex.com/bots)"
198.54.114.83 - - [02/Apr/2025:06:10:38 -0400] "POST /wp-cron.php?doing_wp_cron=1743588638.7812819480895996093750 HTTP/1.1" 200 0 "-" "WordPress/6.7.2; https://baernblog.com"
45.207.221.84 - - [02/Apr/2025:06:10:38 -0400] "POST /xmlrpc.php HTTP/1.1" 200 212 "-" "Mozilla/5.0 (Macintosh; Intel Mac OS X 10_15_7) AppleWebKit/605.1.15 (KHTML, like Gecko) Version/15.1 Safari/605.1.15"
138.59.140.211 - - [02/Apr/2025:06:10:40 -0400] "POST /xmlrpc.php HTTP/1.1" 200 212 "-" "Mozilla/5.0 (Windows NT 10.0; Win64; x64) AppleWebKit/537.36 (KHTML, like Gecko) Chrome/97.0.4692.99 Safari/537.36"
185.21.13.25 - - [02/Apr/2025:06:13:34 -0400] "GET / HTTP/1.1" 200 97678 "-" "Mozilla/5.0 (Macintosh; Intel Mac OS X 10_15_7) AppleWebKit/537.36 (KHTML, like Gecko) Chrome/133.0.0.0 Safari/537.36"
198.54.114.83 - - [02/Apr/2025:06:14:00 -0400] "POST /wp-cron.php?doing_wp_cron=1743588840.1158580780029296875000 HTTP/1.1" 200 0 "-" "WordPress/6.7.2; https://baernblog.com"
199.188.205.87 - - [02/Apr/2025:06:13:56 -0400] "POST /xmlrpc.php HTTP/1.1" 200 212 "http://baernblog.com" "Mozilla/5.0 (Macintosh; Intel Mac OS X 10_15_7; rv:126.0) Gecko/20100101 Firefox/126.0"
143.244.57.90 - - [02/Apr/2025:06:15:10 -0400] "GET / HTTP/1.1" 200 97678 "-" "Mozilla/5.0 (Windows NT 10.0; Win64; x64) AppleWebKit/537.36 (KHTML, like Gecko) Chrome/78.0.3904.108 Safari/537.36"
143.244.57.90 - - [02/Apr/2025:06:15:12 -0400] "GET / HTTP/1.1" 200 97678 "-" "Mozilla/5.0 (Windows NT 10.0; Win64; x64) AppleWebKit/537.36 (KHTML, like Gecko) Chrome/78.0.3904.108 Safari/537.36"
198.54.114.83 - - [02/Apr/2025:06:15:16 -0400] "POST /wp-cron.php?doing_wp_cron=1743588915.8959019184112548828125 HTTP/1.1" 200 0 "-" "WordPress/6.7.2; https://baernblog.com"
143.244.57.90 - - [02/Apr/2025:06:15:15 -0400] "GET /wp-includes/wlwmanifest.xml HTTP/1.1" 404 6613 "-" "Mozilla/5.0 (Windows NT 10.0; Win64; x64) AppleWebKit/537.36 (KHTML, like Gecko) Chrome/78.0.3904.108 Safari/537.36"
143.244.57.90 - - [02/Apr/2025:06:15:17 -0400] "GET /?author=1 HTTP/1.1" 200 97678 "-" "Mozilla/5.0 (Windows NT 10.0; Win64; x64) AppleWebKit/537.36 (KHTML, like Gecko) Chrome/78.0.3904.108 Safari/537.36"
143.244.57.90 - - [02/Apr/2025:06:15:19 -0400] "GET /?author=2 HTTP/1.1" 200 97678 "-" "Mozilla/5.0 (Windows NT 10.0; Win64; x64) AppleWebKit/537.36 (KHTML, like Gecko) Chrome/78.0.3904.108 Safari/537.36"
198.54.114.83 - - [02/Apr/2025:06:15:21 -0400] "POST /wp-cron.php?doing_wp_cron=1743588921.6192619800567626953125 HTTP/1.1" 200 0 "-" "WordPress/6.7.2; https://baernblog.com"
143.244.57.90 - - [02/Apr/2025:06:15:21 -0400] "GET /wp-json/wp/v2/users/ HTTP/1.1" 200 1325 "-" "Mozilla/5.0 (Windows NT 10.0; Win64; x64) AppleWebKit/537.36 (KHTML, like Gecko) Chrome/78.0.3904.108 Safari/537.36"
143.244.57.90 - - [02/Apr/2025:06:15:24 -0400] "POST /xmlrpc.php HTTP/1.1" 200 236 "-" "Mozilla/5.0 (Windows NT 10.0; Win64; x64) AppleWebKit/537.36 (KHTML, like Gecko) Chrome/78.0.3904.108 Safari/537.36"
143.244.57.90 - - [02/Apr/2025:06:15:25 -0400] "POST /xmlrpc.php HTTP/1.1" 200 236 "-" "Mozilla/5.0 (Windows NT 10.0; Win64; x64) AppleWebKit/537.36 (KHTML, like Gecko) Chrome/78.0.3904.108 Safari/537.36"
143.244.57.90 - - [02/Apr/2025:06:15:26 -0400] "POST /xmlrpc.php HTTP/1.1" 200 236 "-" "Mozilla/5.0 (Windows NT 10.0; Win64; x64) AppleWebKit/537.36 (KHTML, like Gecko) Chrome/78.0.3904.108 Safari/537.36"
143.244.57.90 - - [02/Apr/2025:06:15:26 -0400] "POST /xmlrpc.php HTTP/1.1" 200 236 "-" "Mozilla/5.0 (Windows NT 10.0; Win64; x64) AppleWebKit/537.36 (KHTML, like Gecko) Chrome/78.0.3904.108 Safari/537.36"
143.244.57.90 - - [02/Apr/2025:06:15:27 -0400] "POST /xmlrpc.php HTTP/1.1" 200 236 "-" "Mozilla/5.0 (Windows NT 10.0; Win64; x64) AppleWebKit/537.36 (KHTML, like Gecko) Chrome/78.0.3904.108 Safari/537.36"
143.244.57.90 - - [02/Apr/2025:06:15:28 -0400] "POST /xmlrpc.php HTTP/1.1" 200 236 "-" "Mozilla/5.0 (Windows NT 10.0; Win64; x64) AppleWebKit/537.36 (KHTML, like Gecko) Chrome/78.0.3904.108 Safari/537.36"
195.2.70.209 - - [02/Apr/2025:06:16:34 -0400] "GET / HTTP/1.1" 200 97678 "-" "Mozilla/5.0 (Macintosh; Intel Mac OS X 10_15_7) AppleWebKit/537.36 (KHTML, like Gecko) Chrome/133.0.0.0 Safari/537.36"
91.84.104.205 - - [02/Apr/2025:06:28:35 -0400] "GET / HTTP/1.1" 200 97678 "-" "Mozilla/5.0 (Macintosh; Intel Mac OS X 10_15_7) AppleWebKit/537.36 (KHTML, like Gecko) Chrome/133.0.0.0 Safari/537.36"
88.210.10.79 - - [02/Apr/2025:06:36:16 -0400] "GET / HTTP/1.1" 200 97678 "-" "Mozilla/5.0 (Macintosh; Intel Mac OS X 10_15_7) AppleWebKit/537.36 (KHTML, like Gecko) Chrome/133.0.0.0 Safari/537.36"
198.54.114.83 - - [02/Apr/2025:06:41:16 -0400] "POST /wp-cron.php?doing_wp_cron=1743590476.3654479980468750000000 HTTP/1.1" 200 0 "-" "WordPress/6.7.2; https://baernblog.com"
45.148.10.174 - - [02/Apr/2025:06:41:15 -0400] "GET /assets/0.0.5/next/0.19.21/next.min.js HTTP/1.1" 404 6613 "-" "Mozilla/5.0 (Macintosh; Intel Mac OS X 10_15_7) AppleWebKit/537.36 Chrome/120.0.0.0"
212.34.153.180 - - [02/Apr/2025:06:42:25 -0400] "GET / HTTP/1.1" 200 97678 "-" "Mozilla/5.0 (Macintosh; Intel Mac OS X 10_15_7) AppleWebKit/537.36 (KHTML, like Gecko) Chrome/133.0.0.0 Safari/537.36"
198.54.114.83 - - [02/Apr/2025:06:43:51 -0400] "POST /wp-cron.php?doing_wp_cron=1743590631.0015859603881835937500 HTTP/1.1" 200 0 "-" "WordPress/6.7.2; https://baernblog.com"
162.241.126.57 - - [02/Apr/2025:06:43:50 -0400] "POST /xmlrpc.php HTTP/1.1" 200 212 "http://baernblog.com" "Mozilla/5.0 (Windows NT 10.0; Win64; x64; rv:126.0) Gecko/20100101 Firefox/126.0"
45.148.10.174 - - [02/Apr/2025:06:44:57 -0400] "GET /lzdmod/desktop-footer/6.1.1/pc/reqwest/index.js HTTP/1.1" 404 6613 "-" "Mozilla/5.0 (Macintosh; Intel Mac OS X 10_15_7) AppleWebKit/537.36 Chrome/120.0.0.0"
198.54.114.83 - - [02/Apr/2025:06:46:41 -0400] "POST /wp-cron.php?doing_wp_cron=1743590801.0704998970031738281250 HTTP/1.1" 200 0 "-" "WordPress/6.7.2; https://baernblog.com"
45.76.209.208 - - [02/Apr/2025:06:46:40 -0400] "GET /wp-login.php HTTP/1.1" 302 0 "-" "Mozilla/5.0"
216.244.66.198 - - [02/Apr/2025:06:49:00 -0400] "GET /robots.txt HTTP/1.1" 304 0 "-" "Mozilla/5.0 (compatible; DotBot/1.2; +https://opensiteexplorer.org/dotbot; help@moz.com)"
5.3.220.139 - - [02/Apr/2025:07:03:19 -0400] "GET / HTTP/1.1" 200 97678 "-" "Mozilla/5.0 (Windows NT 6.3; WOW64) AppleWebKit/537.36 (KHTML, like Gecko) Chrome/50.0.2661.102 Safari/537.36"
5.3.220.139 - - [02/Apr/2025:07:03:21 -0400] "GET / HTTP/1.1" 200 97678 "-" "Mozilla/5.0 (Windows NT 6.3; WOW64) AppleWebKit/537.36 (KHTML, like Gecko) Chrome/50.0.2661.102 Safari/537.36"
5.3.220.139 - - [02/Apr/2025:07:03:24 -0400] "GET /http:/ HTTP/1.1" 200 0 "-" "Mozilla/5.0 (Windows NT 6.3; WOW64) AppleWebKit/537.36 (KHTML, like Gecko) Chrome/50.0.2661.102 Safari/537.36"
198.54.114.83 - - [02/Apr/2025:07:03:27 -0400] "POST /wp-cron.php?doing_wp_cron=1743591806.4070858955383300781250 HTTP/1.1" 200 0 "-" "WordPress/6.7.2; https://baernblog.com"
45.148.10.174 - - [02/Apr/2025:07:05:58 -0400] "GET /g.lazcdn.com/g/mui/i18n/5.0.4/ HTTP/1.1" 404 6613 "-" "Mozilla/5.0 (Windows NT 10.0; Win64; x64) AppleWebKit/537.36 Chrome/121.0.0.0"
198.54.114.83 - - [02/Apr/2025:07:13:25 -0400] "POST /wp-cron.php?doing_wp_cron=1743592405.5323460102081298828125 HTTP/1.1" 200 0 "-" "WordPress/6.7.2; https://baernblog.com"
162.0.235.2 - - [02/Apr/2025:07:13:25 -0400] "POST /xmlrpc.php HTTP/1.1" 200 212 "http://baernblog.com" "Mozilla/5.0 (Windows NT 10.0; Win64; x64; rv:128.0) Gecko/20100101 Firefox/128.0"
198.54.114.83 - - [02/Apr/2025:07:43:00 -0400] "POST /wp-cron.php?doing_wp_cron=1743594180.6120009422302246093750 HTTP/1.1" 200 0 "-" "WordPress/6.7.2; https://baernblog.com"
89.28.217.3 - - [02/Apr/2025:07:42:59 -0400] "POST /xmlrpc.php HTTP/1.1" 200 212 "http://baernblog.com" "Mozilla/5.0 (Macintosh; Intel Mac OS X 14.3) AppleWebKit/614.31.14 (KHTML, like Gecko) Version/17.0.96 Safari/614.31.14"
198.54.114.83 - - [02/Apr/2025:07:43:49 -0400] "POST /wp-cron.php?doing_wp_cron=1743594229.2555038928985595703125 HTTP/1.1" 200 0 "-" "WordPress/6.7.2; https://baernblog.com"
45.148.10.174 - - [02/Apr/2025:07:43:48 -0400] "GET /g.lazcdn.com/g/lzdmod/desktop-footer/6.1.1/??pc/index.css HTTP/1.1" 301 0 "-" "Mozilla/5.0 (Macintosh; Intel Mac OS X 10_15_7) AppleWebKit/537.36 Chrome/120.0.0.0"
45.148.10.174 - - [02/Apr/2025:07:43:52 -0400] "GET /g.lazcdn.com/g/lzdmod/desktop-footer/6.1.1/?pc/index.css HTTP/1.1" 404 6613 "-" "Mozilla/5.0 (Macintosh; Intel Mac OS X 10_15_7) AppleWebKit/537.36 Chrome/120.0.0.0"
195.2.70.209 - - [02/Apr/2025:07:48:41 -0400] "GET / HTTP/1.1" 200 97678 "-" "Mozilla/5.0 (Macintosh; Intel Mac OS X 10_15_7) AppleWebKit/537.36 (KHTML, like Gecko) Chrome/133.0.0.0 Safari/537.36"
54.36.148.199 - - [02/Apr/2025:08:03:32 -0400] "GET / HTTP/1.1" 200 97678 "-" "Mozilla/5.0 (compatible; AhrefsBot/7.0; +http://ahrefs.com/robot/)"
185.157.214.24 - - [02/Apr/2025:08:07:39 -0400] "GET / HTTP/1.1" 200 97678 "-" "Mozilla/5.0 (Macintosh; Intel Mac OS X 10_15_7) AppleWebKit/537.36 (KHTML, like Gecko) Chrome/133.0.0.0 Safari/537.36"
216.244.66.198 - - [02/Apr/2025:08:22:05 -0400] "GET /robots.txt HTTP/1.1" 200 124 "-" "Mozilla/5.0 (compatible; DotBot/1.2; +https://opensiteexplorer.org/dotbot; help@moz.com)"
198.54.114.83 - - [02/Apr/2025:08:26:03 -0400] "POST /wp-cron.php?doing_wp_cron=1743596762.8537709712982177734375 HTTP/1.1" 200 0 "-" "WordPress/6.7.2; https://baernblog.com"
45.148.10.174 - - [02/Apr/2025:08:25:58 -0400] "GET /lazada-decorate/lazada-mod-lib/0.0.20/LazadaModLib.min.js HTTP/1.1" 404 6614 "-" "Mozilla/5.0 (Macintosh; Intel Mac OS X 10_15_7) AppleWebKit/537.36 Chrome/120.0.0.0"
85.208.98.23 - - [02/Apr/2025:08:28:21 -0400] "GET /robots.txt HTTP/1.1" 304 0 "-" "Mozilla/5.0 (compatible; SemrushBot-BA; +http://www.semrush.com/bot.html)"
198.54.114.83 - - [02/Apr/2025:08:32:23 -0400] "POST /wp-cron.php?doing_wp_cron=1743597142.8294310569763183593750 HTTP/1.1" 200 0 "-" "WordPress/6.7.2; https://baernblog.com"
45.148.10.174 - - [02/Apr/2025:08:32:20 -0400] "GET /g.lazcdn.com/g/lzd/assets/1.2.13/??babel-polyfill/6.26.0/polyfill.min.js HTTP/1.1" 301 0 "-" "Mozilla/5.0 (Windows NT 10.0; Win64; x64) AppleWebKit/537.36 Chrome/121.0.0.0"
45.148.10.174 - - [02/Apr/2025:08:32:24 -0400] "GET /g.lazcdn.com/g/lzd/assets/1.2.13/?babel-polyfill/6.26.0/polyfill.min.js HTTP/1.1" 404 6613 "-" "Mozilla/5.0 (Windows NT 10.0; Win64; x64) AppleWebKit/537.36 Chrome/121.0.0.0"
89.110.80.171 - - [02/Apr/2025:08:33:04 -0400] "GET / HTTP/1.1" 200 97678 "-" "Mozilla/5.0 (Macintosh; Intel Mac OS X 10_15_7) AppleWebKit/537.36 (KHTML, like Gecko) Chrome/133.0.0.0 Safari/537.36"
198.54.114.83 - - [02/Apr/2025:08:43:25 -0400] "POST /wp-cron.php?doing_wp_cron=1743597805.3817110061645507812500 HTTP/1.1" 200 0 "-" "WordPress/6.7.2; https://baernblog.com"
192.64.117.93 - - [02/Apr/2025:08:43:22 -0400] "POST /xmlrpc.php HTTP/1.1" 200 212 "http://baernblog.com" "Mozilla/5.0 (Macintosh; Intel Mac OS X 13_3) AppleWebKit/537.36 (KHTML, like Gecko) Chrome/126.0.0.0 Safari/537.36 Edg/126.0.0.0"
198.54.114.83 - - [02/Apr/2025:09:18:38 -0400] "POST /wp-cron.php?doing_wp_cron=1743599917.5871651172637939453125 HTTP/1.1" 200 0 "-" "WordPress/6.7.2; https://baernblog.com"
45.148.10.174 - - [02/Apr/2025:09:18:33 -0400] "GET /assets/1.2.13/dpl-buyeruikit/1.7.0/next-noreset-2.css HTTP/1.1" 404 6614 "-" "Mozilla/5.0 (Macintosh; Intel Mac OS X 10_15_7) AppleWebKit/537.36 Chrome/120.0.0.0"
195.2.70.209 - - [02/Apr/2025:09:28:17 -0400] "GET / HTTP/1.1" 200 97678 "-" "Mozilla/5.0 (Macintosh; Intel Mac OS X 10_15_7) AppleWebKit/537.36 (KHTML, like Gecko) Chrome/133.0.0.0 Safari/537.36"
198.54.114.83 - - [02/Apr/2025:09:40:52 -0400] "POST /wp-cron.php?doing_wp_cron=1743601252.7060499191284179687500 HTTP/1.1" 200 0 "-" "WordPress/6.7.2; https://baernblog.com"
45.148.10.174 - - [02/Apr/2025:09:40:49 -0400] "GET /code/npm/@ali/lzd-h5-utils-jsonp/1.1.11/index.js HTTP/1.1" 404 6613 "-" "Mozilla/5.0 (Windows NT 10.0; Win64; x64) AppleWebKit/537.36 Chrome/121.0.0.0"
179.43.149.114 - - [02/Apr/2025:09:43:40 -0400] "GET //g.lazcdn.com/g/lzdfe/pdp-platform/0.1.22/pc.js HTTP/1.1" 301 0 "-" "Gregarius/0.5.2 ( http://devlog.gregarius.net/docs/ua)"
179.43.149.114 - - [02/Apr/2025:09:43:40 -0400] "GET /products/sw.js HTTP/1.1" 404 6612 "-" "Mozilla/5.0 (Macintosh; Intel Mac OS X 10_14_1) AppleWebKit/537.36 (KHTML, like Gecko) Chrome/75.0.3770.80 Safari/537.36"
179.43.149.114 - - [02/Apr/2025:09:43:40 -0400] "GET /assets/1.1.18/require/2.3.6/require.js HTTP/1.1" 404 6612 "-" "Mozilla/5.0 (iPhone; CPU iPhone OS 12_2 like Mac OS X) AppleWebKit/605.1.15 (KHTML, like Gecko) Mobile/15E148 MicroMessenger/7.0.5(0x17000523) NetType/WIFI Language/zh_CN"
179.43.149.114 - - [02/Apr/2025:09:43:40 -0400] "GET /lzd-h5-utils-logger/1.1.52/index.js HTTP/1.1" 404 6612 "-" "Opera/9.51 Beta (Microsoft Windows; PPC; Opera Mobi/1718; U; en)"
179.43.149.114 - - [02/Apr/2025:09:43:40 -0400] "GET /16.8.0/react.production.min.js HTTP/1.1" 404 6612 "-" "Opera/9.80 (J2ME/MIDP; Opera Mini/8.0.35626/37.8918; U; en) Presto/2.12.423 Version/12.16"
179.43.149.114 - - [02/Apr/2025:09:43:40 -0400] "GET /lzd-h5-utils-mtop/1.2.56/index.js HTTP/1.1" 404 6612 "-" "Mozilla/5.0 (Windows Phone 8.1; ARM; Trident/7.0; Touch; rv:11.0; IEMobile/11.0; NOKIA; Lumia 920) like Gecko"
179.43.149.114 - - [02/Apr/2025:09:43:40 -0400] "GET /site-nav-pc/5.2.38/assets/switch-lang/index.js HTTP/1.1" 404 6612 "-" "Mozilla/5.0 (iPhone; CPU iPhone OS 10_3_3 like Mac OS X) AppleWebKit/603.3.8 (KHTML, like Gecko) Mobile/14G60 MicroMessenger/7.0.4(0x17000428) NetType/WIFI Language/zh_CN"
179.43.149.114 - - [02/Apr/2025:09:43:40 -0400] "GET /interface.js HTTP/1.1" 404 6612 "-" "Mozilla/5.0 (iPhone; CPU iPhone OS 12_4 like Mac OS X) AppleWebKit/605.1.15 (KHTML, like Gecko) CriOS/76.0.3809.81 Mobile/15E148 Safari/605.1"
179.43.149.114 - - [02/Apr/2025:09:43:40 -0400] "GET /back-to-third-party-app/5.0.2/m/button.js HTTP/1.1" 404 6612 "-" "Mozilla/5.0 (Windows NT 10.0; Win64; x64) AppleWebKit/537.36 (KHTML, like Gecko) Chrome/67.0.3396.99 Safari/537.36"
179.43.149.114 - - [02/Apr/2025:09:43:40 -0400] "GET /lzd-h5-utils-sites/1.1.11/index.js HTTP/1.1" 404 6612 "-" "Mozilla/5.0 (X11; Linux x86_64) AppleWebKit/537.36 (KHTML, like Gecko) Chrome/70.0.3538.67 Safari/537.36"
179.43.149.114 - - [02/Apr/2025:09:43:40 -0400] "GET /lazada-mod-lib/0.0.20/LazadaModLib.min.js HTTP/1.1" 404 6612 "-" "Mozilla/5.0 (iPad; CPU OS 7_0 like Mac OS X) AppleWebKit/537.51.1 (KHTML, like Gecko) CriOS/30.0.1599.12 Mobile/11A465 Safari/8536.25 (3B92C18B-D9DE-4CB7-A02A-22FD2AF17C8F)"
179.43.149.114 - - [02/Apr/2025:09:43:40 -0400] "GET /desktop-footer/6.1.1/pc/reqwest/index.js HTTP/1.1" 404 6612 "-" "Mozilla/5.0 (Macintosh; Intel Mac OS X 10_8_2) AppleWebKit/537.4 (KHTML like Gecko) Chrome/22.0.1229.79 Safari/537.4"
179.43.149.114 - - [02/Apr/2025:09:43:40 -0400] "GET /site-nav-pc/5.2.38/assets/reqwest/index.js HTTP/1.1" 404 6612 "-" "Mozilla/5.0 (X11; Linux i686 on x86_64; rv:2.0.1) Gecko/20100101 Firefox/4.0.1 Fennec/2.0.1"
179.43.149.114 - - [02/Apr/2025:09:43:40 -0400] "GET /site-nav-pc/5.2.38/assets/common/popper/index.js HTTP/1.1" 404 6612 "-" "Mozilla/5.0 (iPhone; CPU iPhone OS 12_1_4 like Mac OS X) AppleWebKit/605.1.15 (KHTML, like Gecko) Mobile/16D57"
179.43.149.114 - - [02/Apr/2025:09:43:40 -0400] "GET /jquery/5.0.9/index.js HTTP/1.1" 404 6612 "-" "Mozilla/5.0 (X11; Linux x86_64) AppleWebKit/537.36 (KHTML, like Gecko) Chrome/45.0.2454.85 Safari/537.36 OPR/32.0.1948.25"
179.43.149.114 - - [02/Apr/2025:09:43:40 -0400] "GET /site-nav-pc/5.2.38/assets/cart/index.js HTTP/1.1" 404 6612 "-" "Mozilla/5.0 (Linux; Android 6.0.1; Redmi 4) AppleWebKit/537.36 (KHTML, like Gecko) Chrome/76.0.3809.111 Mobile Safari/537.36"
179.43.149.114 - - [02/Apr/2025:09:43:40 -0400] "GET /lzd-h5-utils-env/1.5.12/index.js HTTP/1.1" 404 6612 "-" "Mozilla/5.0 (OS/2; Warp 4.5; rv:45.0) Gecko/20100101 Firefox/45.0"
179.43.149.114 - - [02/Apr/2025:09:43:40 -0400] "GET /lzd-h5-utils-icon/1.0.8/index.js HTTP/1.1" 404 6612 "-" "Mozilla/5.0 (Linux; Android 9; SAMSUNG SM-G965U Build/PPR1.180610.011) AppleWebKit/537.36 (KHTML, like Gecko) SamsungBrowser/9.0 Chrome/67.0.3396.87 Mobile Safari/537.36"
179.43.149.114 - - [02/Apr/2025:09:43:40 -0400] "GET /desktop-footer/6.1.1/pc/index.js HTTP/1.1" 404 6612 "-" "Download Demon/3.5.0.11"
179.43.149.114 - - [02/Apr/2025:09:43:40 -0400] "GET /blank.js HTTP/1.1" 404 6612 "-" "Mozilla/5.0 (X11; Linux i686; rv:32.0) Gecko/20100101 Firefox/32.0"
179.43.149.114 - - [02/Apr/2025:09:43:40 -0400] "GET /site-nav-pc/5.2.38/assets/download-app/index.js HTTP/1.1" 404 6612 "-" "Mozilla/5.0 (Windows NT 10.0; Win64; x64) AppleWebKit/537.36 (KHTML, like Gecko) Chrome/75.0.3770.100 Safari/537.36 OPR/62.0.3331.72"
179.43.149.114 - - [02/Apr/2025:09:43:40 -0400] "GET /multimod-lzd-member__signup-login-pop/0.0.4/lib-signuppop/index.umd.es5.production.js HTTP/1.1" 404 6613 "-" "Mozilla/5.0 (Linux; Android 8.0.0; HTC U Ultra) AppleWebKit/537.36 (KHTML, like Gecko) Chrome/76.0.3809.89 Mobile Safari/537.36"
179.43.149.114 - - [02/Apr/2025:09:43:40 -0400] "GET /site-nav-pc/5.2.38/assets/search-box/index.js HTTP/1.1" 404 6613 "-" "Mozilla/5.0 (X11; Linux i686; rv:12.0) Gecko/20120502 Firefox/12.0 SeaMonkey/2.9.1"
179.43.149.114 - - [02/Apr/2025:09:43:40 -0400] "GET /site-nav-pc/5.2.38/assets/links-bar/index.js HTTP/1.1" 404 6613 "-" "Mozilla/5.0 (Linux; Android 4.4.2; GT-I9190) AppleWebKit/537.36 (KHTML, like Gecko) Chrome/76.0.3809.89 Mobile Safari/537.36"
179.43.149.114 - - [02/Apr/2025:09:43:40 -0400] "GET /site-menu-nav-pc/5.0.73/pc/index.js HTTP/1.1" 404 6613 "-" "Mozilla/5.0 (Linux; webOS/2.2.4; U; en-US) AppleWebKit/534.6 (KHTML, like Gecko) webOSBrowser/221.56 Safari/534.6 Pre/3.0"
179.43.149.114 - - [02/Apr/2025:09:43:40 -0400] "GET /lib-mtop/2.5.1/mtop.js HTTP/1.1" 404 6613 "-" "Mozilla/5.0 (Windows NT 10.0; Win64; x64) AppleWebKit/537.36 (KHTML, like Gecko) Chrome/73.0.3683.103 Safari/537.36 OPR/60.0.3255.83"
179.43.149.114 - - [02/Apr/2025:09:43:40 -0400] "GET /common-info/5.0.30/index.js HTTP/1.1" 404 6613 "-" "Mozilla/5.0 (X11; U; Linux x86_64; en-US) AppleWebKit/537.36 (KHTML, like Gecko) Chrome/30.0.1599.114 Safari/537.36 Puffin/4.5.0IT"
179.43.149.114 - - [02/Apr/2025:09:43:40 -0400] "GET /site-nav-pc/5.2.38/assets/user-info/index.js HTTP/1.1" 404 6613 "-" "Mozilla/5.0 (Windows NT 6.3; WOW64) AppleWebKit/537.36 (KHTML, like Gecko) Chrome/31.0.1650.57 Safari/537.36 OPR/18.0.1284.49"
179.43.149.114 - - [02/Apr/2025:09:43:40 -0400] "GET /site-nav-pc/5.2.38/pc/index.js HTTP/1.1" 404 6613 "-" "Mozilla/5.0 (Macintosh; Intel Mac OS X 10_14_6) AppleWebKit/537.36 (KHTML, like Gecko) Chrome/76.0.3809.110 Safari/537.36 Vivaldi/2.7.1628.30"
179.43.149.114 - - [02/Apr/2025:09:43:40 -0400] "GET /site-nav-pc/5.2.38/i18n.js HTTP/1.1" 404 6613 "-" "Wget/1.12 (freebsd8.1)"
179.43.149.114 - - [02/Apr/2025:09:43:40 -0400] "GET /site-menu-pc/5.0.45/pc/index.js HTTP/1.1" 404 6613 "-" "Mozilla/5.0 (Linux; Android 9; ONEPLUS A6013) AppleWebKit/537.36 (KHTML, like Gecko) Chrome/76.0.3809.111 Mobile Safari/537.36"
179.43.149.114 - - [02/Apr/2025:09:43:40 -0400] "GET /site-nav-pc/5.2.38/assets/affiliate/index.js HTTP/1.1" 404 6613 "-" "Mozilla/5.0 (X11; Linux x86_64) AppleWebKit/537.36 (KHTML, like Gecko) Chrome/75.0.3770.80 Safari/537.36"
216.244.66.198 - - [02/Apr/2025:09:52:57 -0400] "GET /robots.txt HTTP/1.1" 304 0 "-" "Mozilla/5.0 (compatible; DotBot/1.2; +https://opensiteexplorer.org/dotbot; help@moz.com)"
51.222.253.18 - - [02/Apr/2025:10:04:31 -0400] "GET /robots.txt HTTP/1.1" 200 124 "-" "Mozilla/5.0 (compatible; AhrefsBot/7.0; +http://ahrefs.com/robot/)"
198.54.114.83 - - [02/Apr/2025:10:06:43 -0400] "POST /wp-cron.php?doing_wp_cron=1743602802.5952301025390625000000 HTTP/1.1" 200 0 "-" "WordPress/6.7.2; https://baernblog.com"
45.148.10.174 - - [02/Apr/2025:10:06:39 -0400] "GET /g.lazcdn.com/g/??mmfe/cps-rt-tracking/0.0.6/index.js HTTP/1.1" 301 0 "-" "Mozilla/5.0 (Windows NT 10.0; Win64; x64) AppleWebKit/537.36 Chrome/121.0.0.0"
185.157.214.24 - - [02/Apr/2025:10:18:17 -0400] "GET / HTTP/1.1" 200 97678 "-" "Mozilla/5.0 (Macintosh; Intel Mac OS X 10_15_7) AppleWebKit/537.36 (KHTML, like Gecko) Chrome/133.0.0.0 Safari/537.36"
45.9.148.50 - - [02/Apr/2025:10:26:02 -0400] "GET / HTTP/1.1" 200 97678 "http://baernblog.com" "Mozilla/5.0 (Windows NT 10.0; WOW64; rv:41.0) Gecko/20100101 Firefox/41.0"
152.69.216.106 - - [02/Apr/2025:10:29:47 -0400] "GET / HTTP/1.1" 200 97678 "-" "Mozilla/5.0 (Windows NT 10.0; Win64; x64) AppleWebKit/537.36 (KHTML, like Gecko) Chrome/119.0.0.0 Safari/537.36"
198.54.114.83 - - [02/Apr/2025:10:29:51 -0400] "POST /wp-cron.php?doing_wp_cron=1743604191.3284919261932373046875 HTTP/1.1" 200 0 "-" "WordPress/6.7.2; https://baernblog.com"
152.69.216.106 - - [02/Apr/2025:10:29:48 -0400] "GET //g.lazcdn.com/g/??mmfe/cps-rt-tracking/0.0.6/index.js,lzdmod/back-to-third-party-app/5.0.2/m/button.js HTTP/1.1" 301 0 "-" "Mozilla/5.0 (Windows NT 10.0; Win64; x64) AppleWebKit/537.36 (KHTML, like Gecko) Chrome/119.0.0.0 Safari/537.36"
152.69.216.106 - - [02/Apr/2025:10:29:53 -0400] "GET //g.lazcdn.com/g/mui/i18n/5.0.4/??index.js,format.js HTTP/1.1" 301 0 "-" "Mozilla/5.0 (Windows NT 10.0; Win64; x64) AppleWebKit/537.36 (KHTML, like Gecko) Chrome/119.0.0.0 Safari/537.36"
152.69.216.106 - - [02/Apr/2025:10:29:54 -0400] "GET /g.lazcdn.com/g/mui/i18n/5.0.4/?index.js,format.js HTTP/1.1" 404 6614 "http://baernblog.com//g.lazcdn.com/g/mui/i18n/5.0.4/??index.js,format.js" "Mozilla/5.0 (Windows NT 10.0; Win64; x64) AppleWebKit/537.36 (KHTML, like Gecko) Chrome/119.0.0.0 Safari/537.36"
152.69.216.106 - - [02/Apr/2025:10:29:54 -0400] "GET //g.lazcdn.com/g/??code/npm/@ali/lzd-h5-utils-qs/0.1.11/index.js,code/npm/@ali/lzd-h5-utils-cookie/1.2.10/index.js,code/npm/@ali/lzd-h5-utils-sites/1.1.11/index.js,code/npm/@ali/lzd-h5-utils-env/1.5.12/index.js,code/npm/@ali/lzd-h5-utils-logger/1.1.52/index.js,code/npm/@ali/lzd-h5-utils-jsonp/1.1.11/index.js,code/npm/@ali/lzd-h5-utils-mtop/1.2.56/index.js,code/npm/@ali/lzd-h5-utils-icon/1.0.8/index.js,lzd/assets/1.1.18/require/2.3.6/require.js HTTP/1.1" 301 0 "-" "Mozilla/5.0 (Windows NT 10.0; Win64; x64) AppleWebKit/537.36 (KHTML, like Gecko) Chrome/119.0.0.0 Safari/537.36"
152.69.216.106 - - [02/Apr/2025:10:29:57 -0400] "GET //g.lazcdn.com/g/retcode/cloud-sdk/bl.js HTTP/1.1" 301 0 "-" "Mozilla/5.0 (Windows NT 10.0; Win64; x64) AppleWebKit/537.36 (KHTML, like Gecko) Chrome/119.0.0.0 Safari/537.36"
152.69.216.106 - - [02/Apr/2025:10:29:58 -0400] "GET /g.lazcdn.com/g/retcode/cloud-sdk/bl.js HTTP/1.1" 404 6614 "http://baernblog.com//g.lazcdn.com/g/retcode/cloud-sdk/bl.js" "Mozilla/5.0 (Windows NT 10.0; Win64; x64) AppleWebKit/537.36 (KHTML, like Gecko) Chrome/119.0.0.0 Safari/537.36"
152.69.216.106 - - [02/Apr/2025:10:29:59 -0400] "GET //g.lazcdn.com/g/lzdmod/loader/5.0.2/??index.js HTTP/1.1" 301 0 "-" "Mozilla/5.0 (Windows NT 10.0; Win64; x64) AppleWebKit/537.36 (KHTML, like Gecko) Chrome/119.0.0.0 Safari/537.36"
152.69.216.106 - - [02/Apr/2025:10:29:59 -0400] "GET /g.lazcdn.com/g/lzdmod/loader/5.0.2/?index.js HTTP/1.1" 404 6614 "http://baernblog.com//g.lazcdn.com/g/lzdmod/loader/5.0.2/??index.js" "Mozilla/5.0 (Windows NT 10.0; Win64; x64) AppleWebKit/537.36 (KHTML, like Gecko) Chrome/119.0.0.0 Safari/537.36"
152.69.216.106 - - [02/Apr/2025:10:30:00 -0400] "GET //g.lazcdn.com/g/lazada-search-fe/lzd-searchbox/0.4.11/index.js HTTP/1.1" 301 0 "-" "Mozilla/5.0 (Windows NT 10.0; Win64; x64) AppleWebKit/537.36 (KHTML, like Gecko) Chrome/119.0.0.0 Safari/537.36"
152.69.216.106 - - [02/Apr/2025:10:30:01 -0400] "GET /g.lazcdn.com/g/lazada-search-fe/lzd-searchbox/0.4.11/index.js HTTP/1.1" 404 6614 "http://baernblog.com//g.lazcdn.com/g/lazada-search-fe/lzd-searchbox/0.4.11/index.js" "Mozilla/5.0 (Windows NT 10.0; Win64; x64) AppleWebKit/537.36 (KHTML, like Gecko) Chrome/119.0.0.0 Safari/537.36"
152.69.216.106 - - [02/Apr/2025:10:30:02 -0400] "GET //g.lazcdn.com/g/lzd/assets/1.2.13/??babel-polyfill/6.26.0/polyfill.min.js,react/16.8.0/react.production.min.js,react-dom/16.8.0/react-dom.production.min.js HTTP/1.1" 301 0 "-" "Mozilla/5.0 (Windows NT 10.0; Win64; x64) AppleWebKit/537.36 (KHTML, like Gecko) Chrome/119.0.0.0 Safari/537.36"
198.54.114.83 - - [02/Apr/2025:10:30:05 -0400] "POST /wp-cron.php?doing_wp_cron=1743604205.1544749736785888671875 HTTP/1.1" 200 0 "-" "WordPress/6.7.2; https://baernblog.com"
152.69.216.106 - - [02/Apr/2025:10:30:04 -0400] "GET /g.lazcdn.com/g/lzd/assets/1.2.13/?babel-polyfill/6.26.0/polyfill.min.js,react/16.8.0/react.production.min.js,react-dom/16.8.0/react-dom.production.min.js HTTP/1.1" 404 6613 "http://baernblog.com//g.lazcdn.com/g/lzd/assets/1.2.13/??babel-polyfill/6.26.0/polyfill.min.js,react/16.8.0/react.production.min.js,react-dom/16.8.0/react-dom.production.min.js" "Mozilla/5.0 (Windows NT 10.0; Win64; x64) AppleWebKit/537.36 (KHTML, like Gecko) Chrome/119.0.0.0 Safari/537.36"
152.69.216.106 - - [02/Apr/2025:10:30:06 -0400] "GET //g.lazcdn.com/g/alilog/mlog/aplus_int.js HTTP/1.1" 301 0 "-" "Mozilla/5.0 (Windows NT 10.0; Win64; x64) AppleWebKit/537.36 (KHTML, like Gecko) Chrome/119.0.0.0 Safari/537.36"
152.69.216.106 - - [02/Apr/2025:10:30:10 -0400] "GET /g.lazcdn.com/g/alilog/mlog/aplus_int.js HTTP/1.1" 404 6613 "http://baernblog.com//g.lazcdn.com/g/alilog/mlog/aplus_int.js" "Mozilla/5.0 (Windows NT 10.0; Win64; x64) AppleWebKit/537.36 (KHTML, like Gecko) Chrome/119.0.0.0 Safari/537.36"
152.69.216.106 - - [02/Apr/2025:10:30:11 -0400] "GET //g.lazcdn.com/g/lzd/assets/0.0.5/next/0.19.21/next.min.js HTTP/1.1" 301 0 "-" "Mozilla/5.0 (Windows NT 10.0; Win64; x64) AppleWebKit/537.36 (KHTML, like Gecko) Chrome/119.0.0.0 Safari/537.36"
152.69.216.106 - - [02/Apr/2025:10:30:13 -0400] "GET /g.lazcdn.com/g/lzd/assets/0.0.5/next/0.19.21/next.min.js HTTP/1.1" 404 6613 "http://baernblog.com//g.lazcdn.com/g/lzd/assets/0.0.5/next/0.19.21/next.min.js" "Mozilla/5.0 (Windows NT 10.0; Win64; x64) AppleWebKit/537.36 (KHTML, like Gecko) Chrome/119.0.0.0 Safari/537.36"
152.69.216.106 - - [02/Apr/2025:10:30:14 -0400] "GET //g.lazcdn.com/g/??mtb/lib-promise/3.1.3/polyfillB.js,mtb/lib-mtop/2.5.1/mtop.js,lazada-decorate/lazada-mod-lib/0.0.20/LazadaModLib.min.js HTTP/1.1" 301 0 "-" "Mozilla/5.0 (Windows NT 10.0; Win64; x64) AppleWebKit/537.36 (KHTML, like Gecko) Chrome/119.0.0.0 Safari/537.36"
152.69.216.106 - - [02/Apr/2025:10:30:17 -0400] "GET //g.lazcdn.com/g/lzdfe/pdp-modules/1.4.4/pc-mod.js HTTP/1.1" 301 0 "-" "Mozilla/5.0 (Windows NT 10.0; Win64; x64) AppleWebKit/537.36 (KHTML, like Gecko) Chrome/119.0.0.0 Safari/537.36"
152.69.216.106 - - [02/Apr/2025:10:30:18 -0400] "GET /g.lazcdn.com/g/lzdfe/pdp-modules/1.4.4/pc-mod.js HTTP/1.1" 404 6613 "http://baernblog.com//g.lazcdn.com/g/lzdfe/pdp-modules/1.4.4/pc-mod.js" "Mozilla/5.0 (Windows NT 10.0; Win64; x64) AppleWebKit/537.36 (KHTML, like Gecko) Chrome/119.0.0.0 Safari/537.36"
198.54.114.83 - - [02/Apr/2025:10:30:21 -0400] "POST /wp-cron.php?doing_wp_cron=1743604220.6934950351715087890625 HTTP/1.1" 200 0 "-" "WordPress/6.7.2; https://baernblog.com"
152.69.216.106 - - [02/Apr/2025:10:30:20 -0400] "GET //g.lazcdn.com/g/woodpeckerx/jssdk??wpkReporter.js,plugins/flow.js,plugins/interface.js,plugins/blank.js HTTP/1.1" 301 0 "-" "Mozilla/5.0 (Windows NT 10.0; Win64; x64) AppleWebKit/537.36 (KHTML, like Gecko) Chrome/119.0.0.0 Safari/537.36"
152.69.216.106 - - [02/Apr/2025:10:30:23 -0400] "GET /g.lazcdn.com/g/woodpeckerx/jssdk?wpkReporter.js,plugins/flow.js,plugins/interface.js,plugins/blank.js HTTP/1.1" 404 6613 "http://baernblog.com//g.lazcdn.com/g/woodpeckerx/jssdk??wpkReporter.js,plugins/flow.js,plugins/interface.js,plugins/blank.js" "Mozilla/5.0 (Windows NT 10.0; Win64; x64) AppleWebKit/537.36 (KHTML, like Gecko) Chrome/119.0.0.0 Safari/537.36"
152.69.216.106 - - [02/Apr/2025:10:30:24 -0400] "GET //g.lazcdn.com/g/lzd/assets/1.1.37/web-vitals/2.1.0/index.js HTTP/1.1" 301 0 "-" "Mozilla/5.0 (Windows NT 10.0; Win64; x64) AppleWebKit/537.36 (KHTML, like Gecko) Chrome/119.0.0.0 Safari/537.36"
152.69.216.106 - - [02/Apr/2025:10:30:25 -0400] "GET /g.lazcdn.com/g/lzd/assets/1.1.37/web-vitals/2.1.0/index.js HTTP/1.1" 404 6613 "http://baernblog.com//g.lazcdn.com/g/lzd/assets/1.1.37/web-vitals/2.1.0/index.js" "Mozilla/5.0 (Windows NT 10.0; Win64; x64) AppleWebKit/537.36 (KHTML, like Gecko) Chrome/119.0.0.0 Safari/537.36"
152.69.216.106 - - [02/Apr/2025:10:30:27 -0400] "GET //g.lazcdn.com/g/lzdfe/pdp-platform/0.1.22/pc.js HTTP/1.1" 301 0 "-" "Mozilla/5.0 (Windows NT 10.0; Win64; x64) AppleWebKit/537.36 (KHTML, like Gecko) Chrome/119.0.0.0 Safari/537.36"
152.69.216.106 - - [02/Apr/2025:10:30:28 -0400] "GET /g.lazcdn.com/g/lzdfe/pdp-platform/0.1.22/pc.js HTTP/1.1" 404 6613 "http://baernblog.com//g.lazcdn.com/g/lzdfe/pdp-platform/0.1.22/pc.js" "Mozilla/5.0 (Windows NT 10.0; Win64; x64) AppleWebKit/537.36 (KHTML, like Gecko) Chrome/119.0.0.0 Safari/537.36"
216.244.66.198 - - [02/Apr/2025:10:37:42 -0400] "GET /robots.txt HTTP/1.1" 304 0 "-" "Mozilla/5.0 (compatible; DotBot/1.2; +https://opensiteexplorer.org/dotbot; help@moz.com)"
5.255.231.54 - - [02/Apr/2025:10:46:39 -0400] "GET /robots.txt HTTP/1.1" 304 0 "-" "Mozilla/5.0 (compatible; YandexBot/3.0; +http://yandex.com/bots)"
5.255.231.81 - - [02/Apr/2025:10:46:40 -0400] "GET / HTTP/1.1" 200 97678 "-" "Mozilla/5.0 (compatible; YandexBot/3.0; +http://yandex.com/bots)"
198.54.114.83 - - [02/Apr/2025:10:54:40 -0400] "POST /wp-cron.php?doing_wp_cron=1743605680.3093779087066650390625 HTTP/1.1" 200 0 "-" "WordPress/6.7.2; https://baernblog.com"
45.148.10.174 - - [02/Apr/2025:10:54:36 -0400] "GET /g.lazcdn.com/g/ HTTP/1.1" 301 0 "-" "Mozilla/5.0 (Windows NT 10.0; Win64; x64) AppleWebKit/537.36 Chrome/121.0.0.0"
77.238.230.6 - - [02/Apr/2025:11:03:50 -0400] "GET / HTTP/1.1" 200 97678 "-" "Mozilla/5.0 (Macintosh; Intel Mac OS X 10_15_7) AppleWebKit/537.36 (KHTML, like Gecko) Chrome/133.0.0.0 Safari/537.36"
123.6.49.50 - - [02/Apr/2025:11:16:14 -0400] "GET / HTTP/1.1" 200 97678 "-" "Mozilla/5.0 (Linux; Android 11; V2055A) AppleWebKit/537.36 (KHTML, like Gecko) Chrome/91.0.4472.101 Mobile Safari/537.36"
198.54.114.83 - - [02/Apr/2025:11:16:24 -0400] "POST /wp-cron.php?doing_wp_cron=1743606984.0958650112152099609375 HTTP/1.1" 200 0 "-" "WordPress/6.7.2; https://baernblog.com"
198.54.114.83 - - [02/Apr/2025:11:16:24 -0400] "POST /wp-cron.php?doing_wp_cron=1743606984.1046550273895263671875 HTTP/1.1" 200 0 "-" "WordPress/6.7.2; https://baernblog.com"
123.6.49.15 - - [02/Apr/2025:11:16:18 -0400] "GET /react-dom.js HTTP/1.1" 404 6614 "http://baernblog.com/" "Mozilla/5.0 (Linux; Android 11; V2055A) AppleWebKit/537.36 (KHTML, like Gecko) Chrome/91.0.4472.101 Mobile Safari/537.36"
