45.148.10.174 - - [31/Mar/2025:21:41:21 -0400] "GET /g/lzd-cs/chat/2.5.0/alichat.js HTTP/1.1" 404 6614 "-" "Mozilla/5.0 (Windows NT 10.0; Win64; x64) AppleWebKit/537.36 Chrome/121.0.0.0"
198.54.114.83 - - [31/Mar/2025:21:47:35 -0400] "POST /wp-cron.php?doing_wp_cron=1743472055.4168388843536376953125 HTTP/1.1" 200 0 "-" "WordPress/6.7.2; https://baernblog.com"
45.148.10.174 - - [31/Mar/2025:21:47:35 -0400] "GET /assets/0.0.7/dpl-buyeruikit/2.0.1/next-noreset-2.css HTTP/1.1" 404 6614 "-" "Mozilla/5.0 (Windows NT 10.0; Win64; x64) AppleWebKit/537.36 Chrome/121.0.0.0"
2a01:4f8:c012:c85f::1 - - [31/Mar/2025:21:49:05 -0400] "GET / HTTP/1.1" 200 97678 "https://www.google.com/" "Mozilla/5.0 (Windows NT 10.0; Win64; x64; rv:110.0) Gecko/20100101 Firefox/110.0"
54.36.148.81 - - [31/Mar/2025:22:03:23 -0400] "GET /robots.txt HTTP/1.1" 200 124 "-" "Mozilla/5.0 (compatible; AhrefsBot/7.0; +http://ahrefs.com/robot/)"
185.147.213.251 - - [31/Mar/2025:22:05:26 -0400] "GET /the-benefits-of-managed-investing/ HTTP/1.1" 200 12353 "http://baernblog.com/the-benefits-of-managed-investing/" "Mozilla/5.0 (Windows NT 10.0; Win64; x64) AppleWebKit/537.36 (KHTML, like Gecko) Chrome/129.0.0.0 Safari/537.36"
198.54.114.83 - - [31/Mar/2025:22:05:28 -0400] "POST /wp-cron.php?doing_wp_cron=1743473127.9431650638580322265625 HTTP/1.1" 200 0 "-" "WordPress/6.7.2; https://baernblog.com"
185.147.213.251 - - [31/Mar/2025:22:05:27 -0400] "POST /wp-comments-post.php HTTP/1.1" 302 0 "http://baernblog.com/the-benefits-of-managed-investing/" "Mozilla/5.0 (Windows NT 10.0; Win64; x64) AppleWebKit/537.36 (KHTML, like Gecko) Chrome/129.0.0.0 Safari/537.36"
198.54.114.83 - - [31/Mar/2025:22:16:50 -0400] "POST /wp-cron.php?doing_wp_cron=1743473809.6902379989624023437500 HTTP/1.1" 200 0 "-" "WordPress/6.7.2; https://baernblog.com"
45.148.10.174 - - [31/Mar/2025:22:16:48 -0400] "GET /lzdmod/site-nav-pc/5.2.38/assets/liveup/index.js HTTP/1.1" 404 6614 "-" "Mozilla/5.0 (Windows NT 10.0; Win64; x64) AppleWebKit/537.36 Chrome/121.0.0.0"
195.26.225.209 - - [31/Mar/2025:22:21:14 -0400] "GET / HTTP/1.1" 200 97678 "-" "Mozilla/5.0 (Macintosh; Intel Mac OS X 10_15_7) AppleWebKit/537.36 (KHTML, like Gecko) Chrome/133.0.0.0 Safari/537.36"
195.26.225.209 - - [31/Mar/2025:22:26:09 -0400] "GET / HTTP/1.1" 200 97678 "-" "Mozilla/5.0 (Macintosh; Intel Mac OS X 10_15_7) AppleWebKit/537.36 (KHTML, like Gecko) Chrome/133.0.0.0 Safari/537.36"
45.148.10.174 - - [31/Mar/2025:22:28:49 -0400] "GET /code/npm/@ali/lzd-h5-utils-cookie/1.2.10/index.js HTTP/1.1" 404 6614 "-" "Mozilla/5.0 (Windows NT 10.0; Win64; x64) AppleWebKit/537.36 Chrome/121.0.0.0"
91.84.104.205 - - [31/Mar/2025:22:29:38 -0400] "GET / HTTP/1.1" 200 97678 "-" "Mozilla/5.0 (Macintosh; Intel Mac OS X 10_15_7) AppleWebKit/537.36 (KHTML, like Gecko) Chrome/133.0.0.0 Safari/537.36"
185.141.57.94 - - [31/Mar/2025:22:39:48 -0400] "GET /the-benefits-of-managed-investing/ HTTP/1.1" 200 12353 "http://baernblog.com/the-benefits-of-managed-investing/" "Mozilla/5.0 (Windows NT 10.0; Win64; x64) AppleWebKit/537.36 (KHTML, like Gecko) Chrome/131.0.0.0 Safari/537.36"
198.54.114.83 - - [31/Mar/2025:22:39:52 -0400] "POST /wp-cron.php?doing_wp_cron=1743475191.8391859531402587890625 HTTP/1.1" 200 0 "-" "WordPress/6.7.2; https://baernblog.com"
185.141.57.94 - - [31/Mar/2025:22:39:49 -0400] "POST /wp-comments-post.php HTTP/1.1" 302 0 "http://baernblog.com/the-benefits-of-managed-investing/" "Mozilla/5.0 (Windows NT 10.0; Win64; x64) AppleWebKit/537.36 (KHTML, like Gecko) Chrome/131.0.0.0 Safari/537.36"
207.211.167.73 - - [31/Mar/2025:22:45:46 -0400] "GET / HTTP/1.1" 200 97678 "-" "Mozilla/5.0 (Windows NT 10.0; Win64; x64) AppleWebKit/537.36 (KHTML, like Gecko) Chrome/58.0.3029.110 Safari/537.3"
198.54.114.83 - - [31/Mar/2025:22:46:00 -0400] "POST /wp-cron.php?doing_wp_cron=1743475560.2783529758453369140625 HTTP/1.1" 200 0 "-" "WordPress/6.7.2; https://baernblog.com"
207.211.167.73 - - [31/Mar/2025:22:45:58 -0400] "GET /phpinfo.php HTTP/1.1" 404 6614 "-" "Mozilla/5.0 (Windows NT 10.0; Win64; x64) AppleWebKit/537.36 (KHTML, like Gecko) Chrome/58.0.3029.110 Safari/537.3"
207.211.167.73 - - [31/Mar/2025:22:46:02 -0400] "GET /info.php HTTP/1.1" 404 6614 "-" "Mozilla/5.0 (Windows NT 10.0; Win64; x64) AppleWebKit/537.36 (KHTML, like Gecko) Chrome/58.0.3029.110 Safari/537.3"
207.211.167.73 - - [31/Mar/2025:22:46:04 -0400] "GET /phpinfo HTTP/1.1" 404 6615 "-" "Mozilla/5.0 (Windows NT 10.0; Win64; x64) AppleWebKit/537.36 (KHTML, like Gecko) Chrome/58.0.3029.110 Safari/537.3"
207.211.167.73 - - [31/Mar/2025:22:46:04 -0400] "GET /.env HTTP/1.1" 403 1242 "-" "Mozilla/5.0 (Windows NT 10.0; Win64; x64) AppleWebKit/537.36 (KHTML, like Gecko) Chrome/58.0.3029.110 Safari/537.3"
207.211.167.73 - - [31/Mar/2025:22:46:05 -0400] "GET /config/.env HTTP/1.1" 403 1242 "-" "Mozilla/5.0 (Windows NT 10.0; Win64; x64) AppleWebKit/537.36 (KHTML, like Gecko) Chrome/58.0.3029.110 Safari/537.3"
207.211.167.73 - - [31/Mar/2025:22:46:06 -0400] "GET /api/.env HTTP/1.1" 403 1242 "-" "Mozilla/5.0 (Windows NT 10.0; Win64; x64) AppleWebKit/537.36 (KHTML, like Gecko) Chrome/58.0.3029.110 Safari/537.3"
216.244.66.198 - - [31/Mar/2025:22:48:27 -0400] "GET /robots.txt HTTP/1.1" 304 0 "-" "Mozilla/5.0 (compatible; DotBot/1.2; +https://opensiteexplorer.org/dotbot; help@moz.com)"
212.34.154.131 - - [31/Mar/2025:22:50:11 -0400] "GET / HTTP/1.1" 200 97678 "-" "Mozilla/5.0 (Macintosh; Intel Mac OS X 10_15_7) AppleWebKit/537.36 (KHTML, like Gecko) Chrome/133.0.0.0 Safari/537.36"
212.34.155.126 - - [31/Mar/2025:22:52:56 -0400] "GET / HTTP/1.1" 200 97678 "-" "Mozilla/5.0 (Macintosh; Intel Mac OS X 10_15_7) AppleWebKit/537.36 (KHTML, like Gecko) Chrome/133.0.0.0 Safari/537.36"
88.210.10.79 - - [31/Mar/2025:23:11:29 -0400] "GET / HTTP/1.1" 200 97678 "-" "Mozilla/5.0 (Macintosh; Intel Mac OS X 10_15_7) AppleWebKit/537.36 (KHTML, like Gecko) Chrome/133.0.0.0 Safari/537.36"
185.147.213.251 - - [31/Mar/2025:23:21:32 -0400] "GET /the-benefits-of-managed-investing/ HTTP/1.1" 200 12353 "http://baernblog.com/the-benefits-of-managed-investing/" "Mozilla/5.0 (Windows NT 10.0; Win64; x64) AppleWebKit/537.36 (KHTML, like Gecko) Chrome/129.0.0.0 Safari/537.36"
198.54.114.83 - - [31/Mar/2025:23:21:36 -0400] "POST /wp-cron.php?doing_wp_cron=1743477695.3570289611816406250000 HTTP/1.1" 200 0 "-" "WordPress/6.7.2; https://baernblog.com"
185.147.213.251 - - [31/Mar/2025:23:21:33 -0400] "POST /wp-comments-post.php HTTP/1.1" 302 0 "http://baernblog.com/the-benefits-of-managed-investing/" "Mozilla/5.0 (Windows NT 10.0; Win64; x64) AppleWebKit/537.36 (KHTML, like Gecko) Chrome/129.0.0.0 Safari/537.36"
89.110.109.74 - - [31/Mar/2025:23:28:47 -0400] "GET / HTTP/1.1" 200 97678 "-" "Mozilla/5.0 (Macintosh; Intel Mac OS X 10_15_7) AppleWebKit/537.36 (KHTML, like Gecko) Chrome/133.0.0.0 Safari/537.36"
195.200.26.27 - - [31/Mar/2025:23:35:16 -0400] "GET / HTTP/1.1" 200 97678 "-" "Mozilla/5.0 (Macintosh; Intel Mac OS X 10_15_7) AppleWebKit/537.36 (KHTML, like Gecko) Chrome/133.0.0.0 Safari/537.36"
195.200.26.27 - - [31/Mar/2025:23:36:30 -0400] "GET / HTTP/1.1" 200 97678 "-" "Mozilla/5.0 (Macintosh; Intel Mac OS X 10_15_7) AppleWebKit/537.36 (KHTML, like Gecko) Chrome/133.0.0.0 Safari/537.36"
89.110.109.74 - - [31/Mar/2025:23:44:56 -0400] "GET / HTTP/1.1" 200 97678 "-" "Mozilla/5.0 (Macintosh; Intel Mac OS X 10_15_7) AppleWebKit/537.36 (KHTML, like Gecko) Chrome/133.0.0.0 Safari/537.36"
94.103.93.19 - - [31/Mar/2025:23:48:00 -0400] "GET / HTTP/1.1" 200 97678 "-" "Mozilla/5.0 (Macintosh; Intel Mac OS X 10_15_7) AppleWebKit/537.36 (KHTML, like Gecko) Chrome/133.0.0.0 Safari/537.36"
212.34.154.131 - - [31/Mar/2025:23:53:55 -0400] "GET / HTTP/1.1" 200 97678 "-" "Mozilla/5.0 (Macintosh; Intel Mac OS X 10_15_7) AppleWebKit/537.36 (KHTML, like Gecko) Chrome/133.0.0.0 Safari/537.36"
45.148.10.174 - - [31/Mar/2025:23:56:57 -0400] "GET /assets/user-info/index.js HTTP/1.1" 404 6614 "-" "Mozilla/5.0 (Macintosh; Intel Mac OS X 10_15_7) AppleWebKit/537.36 Chrome/120.0.0.0"
98.80.193.158 - - [01/Apr/2025:00:04:17 -0400] "GET / HTTP/1.1" 200 97678 "-" "Mozilla/5.0 (Windows NT 10.0; Win64; x64) AppleWebKit/537.36 (KHTML, like Gecko) Chrome/125.0.0.0 Safari/537.36"
198.54.114.83 - - [01/Apr/2025:00:13:08 -0400] "POST /wp-cron.php?doing_wp_cron=1743480787.8761839866638183593750 HTTP/1.1" 200 0 "-" "WordPress/6.7.2; https://baernblog.com"
45.148.10.174 - - [01/Apr/2025:00:13:05 -0400] "GET /products/sw.js HTTP/1.1" 404 6614 "-" "Mozilla/5.0 (Windows NT 10.0; Win64; x64) AppleWebKit/537.36 Chrome/121.0.0.0"
4.227.36.111 - - [01/Apr/2025:00:15:08 -0400] "GET /robots.txt HTTP/1.1" 304 0 "-" "Mozilla/5.0 AppleWebKit/537.36 (KHTML, like Gecko; compatible; GPTBot/1.2; +https://openai.com/gptbot)"
185.157.214.24 - - [01/Apr/2025:00:17:49 -0400] "GET / HTTP/1.1" 200 97678 "-" "Mozilla/5.0 (Macintosh; Intel Mac OS X 10_15_7) AppleWebKit/537.36 (KHTML, like Gecko) Chrome/133.0.0.0 Safari/537.36"
216.244.66.198 - - [01/Apr/2025:00:19:18 -0400] "GET /robots.txt HTTP/1.1" 304 0 "-" "Mozilla/5.0 (compatible; DotBot/1.2; +https://opensiteexplorer.org/dotbot; help@moz.com)"
85.208.98.23 - - [01/Apr/2025:00:27:07 -0400] "GET /robots.txt HTTP/1.1" 304 0 "-" "Mozilla/5.0 (compatible; SemrushBot-BA; +http://www.semrush.com/bot.html)"
80.85.246.217 - - [01/Apr/2025:00:30:30 -0400] "GET / HTTP/1.1" 200 97678 "-" "Mozilla/5.0 (Macintosh; Intel Mac OS X 10_15_7) AppleWebKit/537.36 (KHTML, like Gecko) Chrome/133.0.0.0 Safari/537.36"
77.238.230.6 - - [01/Apr/2025:00:52:35 -0400] "GET / HTTP/1.1" 200 97678 "-" "Mozilla/5.0 (Macintosh; Intel Mac OS X 10_15_7) AppleWebKit/537.36 (KHTML, like Gecko) Chrome/133.0.0.0 Safari/537.36"
178.172.245.215 - - [01/Apr/2025:00:56:29 -0400] "GET / HTTP/1.1" 200 97678 "https://daliyuknews.com" "Mozilla/5.0 (compatible; Googlebot/2.1; +http://www.google.com/bot.html)"
198.54.114.83 - - [01/Apr/2025:01:00:12 -0400] "POST /wp-cron.php?doing_wp_cron=1743483612.0971879959106445312500 HTTP/1.1" 200 0 "-" "WordPress/6.7.2; https://baernblog.com"
45.148.10.174 - - [01/Apr/2025:01:00:11 -0400] "GET /lazada/lazada-product-detail/1.7.4/index/index.css HTTP/1.1" 404 6614 "-" "Mozilla/5.0 (Macintosh; Intel Mac OS X 10_15_7) AppleWebKit/537.36 Chrome/120.0.0.0"
216.244.66.198 - - [01/Apr/2025:01:02:28 -0400] "GET /robots.txt HTTP/1.1" 304 0 "-" "Mozilla/5.0 (compatible; DotBot/1.2; +https://opensiteexplorer.org/dotbot; help@moz.com)"
207.211.167.73 - - [01/Apr/2025:01:03:01 -0400] "GET / HTTP/1.1" 200 97678 "-" "Mozilla/5.0 (Windows NT 10.0; Win64; x64) AppleWebKit/537.36 (KHTML, like Gecko) Chrome/58.0.3029.110 Safari/537.3"
198.54.114.83 - - [01/Apr/2025:01:03:18 -0400] "POST /wp-cron.php?doing_wp_cron=1743483797.9109048843383789062500 HTTP/1.1" 200 0 "-" "WordPress/6.7.2; https://baernblog.com"
207.211.167.73 - - [01/Apr/2025:01:03:17 -0400] "GET /phpinfo.php HTTP/1.1" 404 6614 "-" "Mozilla/5.0 (Windows NT 10.0; Win64; x64) AppleWebKit/537.36 (KHTML, like Gecko) Chrome/58.0.3029.110 Safari/537.3"
207.211.167.73 - - [01/Apr/2025:01:03:19 -0400] "GET /info.php HTTP/1.1" 404 6614 "-" "Mozilla/5.0 (Windows NT 10.0; Win64; x64) AppleWebKit/537.36 (KHTML, like Gecko) Chrome/58.0.3029.110 Safari/537.3"
207.211.167.73 - - [01/Apr/2025:01:03:20 -0400] "GET /phpinfo HTTP/1.1" 404 6616 "-" "Mozilla/5.0 (Windows NT 10.0; Win64; x64) AppleWebKit/537.36 (KHTML, like Gecko) Chrome/58.0.3029.110 Safari/537.3"
207.211.167.73 - - [01/Apr/2025:01:03:22 -0400] "GET /.env HTTP/1.1" 403 1242 "-" "Mozilla/5.0 (Windows NT 10.0; Win64; x64) AppleWebKit/537.36 (KHTML, like Gecko) Chrome/58.0.3029.110 Safari/537.3"
207.211.167.73 - - [01/Apr/2025:01:03:23 -0400] "GET /config/.env HTTP/1.1" 403 1242 "-" "Mozilla/5.0 (Windows NT 10.0; Win64; x64) AppleWebKit/537.36 (KHTML, like Gecko) Chrome/58.0.3029.110 Safari/537.3"
207.211.167.73 - - [01/Apr/2025:01:03:24 -0400] "GET /api/.env HTTP/1.1" 403 1242 "-" "Mozilla/5.0 (Windows NT 10.0; Win64; x64) AppleWebKit/537.36 (KHTML, like Gecko) Chrome/58.0.3029.110 Safari/537.3"
198.54.114.83 - - [01/Apr/2025:01:03:26 -0400] "POST /wp-cron.php?doing_wp_cron=1743483800.8442530632019042968750 HTTP/1.1" 200 0 "-" "WordPress/6.7.2; https://baernblog.com"
213.239.205.62 - - [01/Apr/2025:01:04:01 -0400] "GET /robots.txt HTTP/1.1" 200 124 "-" "Mozilla/5.0 (compatible; BLEXBot/1.0; +https://help.seranking.com/en/blex-crawler)"
213.239.205.62 - - [01/Apr/2025:01:04:02 -0400] "GET / HTTP/1.1" 200 97678 "-" "Mozilla/5.0 (compatible; BLEXBot/1.0; +https://help.seranking.com/en/blex-crawler)"
198.54.114.83 - - [01/Apr/2025:01:21:02 -0400] "POST /wp-cron.php?doing_wp_cron=1743484862.2207949161529541015625 HTTP/1.1" 200 0 "-" "WordPress/6.7.2; https://baernblog.com"
178.217.99.17 - - [01/Apr/2025:01:20:57 -0400] "GET /the-benefits-of-managed-investing/%20() HTTP/1.1" 301 0 "-" "Mozilla/5.0 (X11; Fedora; Linux x86_64; rv:114.0) Gecko/20100101 Firefox/114.0"
178.217.99.17 - - [01/Apr/2025:01:21:04 -0400] "GET /the-benefits-of-managed-investing/ HTTP/1.1" 200 12353 "http://baernblog.com/the-benefits-of-managed-investing/ ()" "Mozilla/5.0 (X11; Fedora; Linux x86_64; rv:114.0) Gecko/20100101 Firefox/114.0"
178.217.99.17 - - [01/Apr/2025:01:21:09 -0400] "GET /the-benefits-of-managed-investing/%20() HTTP/1.1" 301 0 "http://baernblog.com/the-benefits-of-managed-investing/ ()" "Mozilla/5.0 (Windows NT 6.3; Win64; x64) AppleWebKit/537.36 (KHTML, like Gecko) Chrome/103.0.0.0 Safari/537.36"
178.217.99.17 - - [01/Apr/2025:01:21:09 -0400] "GET /the-benefits-of-managed-investing/ HTTP/1.1" 200 12353 "http://baernblog.com/the-benefits-of-managed-investing/ ()" "Mozilla/5.0 (Windows NT 6.3; Win64; x64) AppleWebKit/537.36 (KHTML, like Gecko) Chrome/103.0.0.0 Safari/537.36"
178.217.99.17 - - [01/Apr/2025:01:21:10 -0400] "POST /wp-comments-post.php HTTP/1.1" 302 0 "http://baernblog.com/the-benefits-of-managed-investing/" "Mozilla/5.0 (Windows NT 6.3; Win64; x64) AppleWebKit/537.36 (KHTML, like Gecko) Chrome/103.0.0.0 Safari/537.36"
178.217.99.17 - - [01/Apr/2025:01:21:15 -0400] "GET /the-benefits-of-managed-investing/%20() HTTP/1.1" 301 0 "-" "Mozilla/5.0 (Windows NT 6.3; Win64; x64) AppleWebKit/537.36 (KHTML, like Gecko) Chrome/103.0.0.0 Safari/537.36"
178.217.99.17 - - [01/Apr/2025:01:21:17 -0400] "GET /the-benefits-of-managed-investing/ HTTP/1.1" 200 12353 "http://baernblog.com/the-benefits-of-managed-investing/ ()" "Mozilla/5.0 (Windows NT 6.3; Win64; x64) AppleWebKit/537.36 (KHTML, like Gecko) Chrome/103.0.0.0 Safari/537.36"
178.217.99.17 - - [01/Apr/2025:01:24:20 -0400] "GET /the-benefits-of-managed-investing/ HTTP/1.1" 200 12353 "-" "Mozilla/5.0 (X11; Ubuntu; Linux x86_64; rv:114.0) Gecko/20100101 Firefox/114.0"
77.238.225.146 - - [01/Apr/2025:01:29:17 -0400] "GET / HTTP/1.1" 200 97678 "-" "Mozilla/5.0 (Macintosh; Intel Mac OS X 10_15_7) AppleWebKit/537.36 (KHTML, like Gecko) Chrome/133.0.0.0 Safari/537.36"
77.238.225.146 - - [01/Apr/2025:01:33:49 -0400] "GET / HTTP/1.1" 200 97678 "-" "Mozilla/5.0 (Macintosh; Intel Mac OS X 10_15_7) AppleWebKit/537.36 (KHTML, like Gecko) Chrome/133.0.0.0 Safari/537.36"
89.110.103.94 - - [01/Apr/2025:01:40:25 -0400] "GET / HTTP/1.1" 200 97678 "-" "Mozilla/5.0 (Macintosh; Intel Mac OS X 10_15_7) AppleWebKit/537.36 (KHTML, like Gecko) Chrome/133.0.0.0 Safari/537.36"
172.177.21.198 - - [01/Apr/2025:01:44:32 -0400] "HEAD /wordpress HTTP/1.1" 404 0 "-" "Mozilla/5.0 (Windows NT 10.0; Win64; x64) AppleWebKit/537.36 (KHTML, like Gecko) Chrome/74.0.3729.169 Safari/537.36"
172.177.21.198 - - [01/Apr/2025:01:44:33 -0400] "HEAD / HTTP/1.1" 200 0 "-" "Mozilla/5.0 (Windows NT 10.0; Win64; x64) AppleWebKit/537.36 (KHTML, like Gecko) Chrome/74.0.3729.169 Safari/537.36"
172.177.21.198 - - [01/Apr/2025:01:44:33 -0400] "HEAD /wp HTTP/1.1" 404 0 "-" "Mozilla/5.0 (Windows NT 10.0; Win64; x64) AppleWebKit/537.36 (KHTML, like Gecko) Chrome/74.0.3729.169 Safari/537.36"
172.177.21.198 - - [01/Apr/2025:01:44:34 -0400] "HEAD /bc HTTP/1.1" 404 0 "-" "Mozilla/5.0 (Windows NT 10.0; Win64; x64) AppleWebKit/537.36 (KHTML, like Gecko) Chrome/74.0.3729.169 Safari/537.36"
172.177.21.198 - - [01/Apr/2025:01:44:35 -0400] "HEAD /bk HTTP/1.1" 404 0 "-" "Mozilla/5.0 (Windows NT 10.0; Win64; x64) AppleWebKit/537.36 (KHTML, like Gecko) Chrome/74.0.3729.169 Safari/537.36"
172.177.21.198 - - [01/Apr/2025:01:44:36 -0400] "HEAD /backup HTTP/1.1" 404 0 "-" "Mozilla/5.0 (Windows NT 10.0; Win64; x64) AppleWebKit/537.36 (KHTML, like Gecko) Chrome/74.0.3729.169 Safari/537.36"
172.177.21.198 - - [01/Apr/2025:01:44:37 -0400] "HEAD /old HTTP/1.1" 404 0 "-" "Mozilla/5.0 (Windows NT 10.0; Win64; x64) AppleWebKit/537.36 (KHTML, like Gecko) Chrome/74.0.3729.169 Safari/537.36"
172.177.21.198 - - [01/Apr/2025:01:44:37 -0400] "HEAD /new HTTP/1.1" 301 0 "-" "Mozilla/5.0 (Windows NT 10.0; Win64; x64) AppleWebKit/537.36 (KHTML, like Gecko) Chrome/74.0.3729.169 Safari/537.36"
172.177.21.198 - - [01/Apr/2025:01:44:38 -0400] "HEAD /main HTTP/1.1" 404 0 "-" "Mozilla/5.0 (Windows NT 10.0; Win64; x64) AppleWebKit/537.36 (KHTML, like Gecko) Chrome/74.0.3729.169 Safari/537.36"
172.177.21.198 - - [01/Apr/2025:01:44:39 -0400] "HEAD /home HTTP/1.1" 301 0 "-" "Mozilla/5.0 (Windows NT 10.0; Win64; x64) AppleWebKit/537.36 (KHTML, like Gecko) Chrome/74.0.3729.169 Safari/537.36"
216.131.105.249 - - [01/Apr/2025:01:48:51 -0400] "GET /the-benefits-of-managed-investing/ HTTP/1.1" 200 12353 "http://baernblog.com/the-benefits-of-managed-investing/" "Mozilla/5.0 (Windows NT 10.0; Win64; x64) AppleWebKit/537.36 (KHTML, like Gecko) Chrome/129.0.0.0 Safari/537.36"
216.131.105.249 - - [01/Apr/2025:01:48:51 -0400] "POST /wp-comments-post.php HTTP/1.1" 302 0 "http://baernblog.com/the-benefits-of-managed-investing/" "Mozilla/5.0 (Windows NT 10.0; Win64; x64) AppleWebKit/537.36 (KHTML, like Gecko) Chrome/129.0.0.0 Safari/537.36"
91.84.110.151 - - [01/Apr/2025:02:07:37 -0400] "GET / HTTP/1.1" 200 97678 "-" "Mozilla/5.0 (Macintosh; Intel Mac OS X 10_15_7) AppleWebKit/537.36 (KHTML, like Gecko) Chrome/133.0.0.0 Safari/537.36"
212.34.153.180 - - [01/Apr/2025:02:10:12 -0400] "GET / HTTP/1.1" 200 97678 "-" "Mozilla/5.0 (Macintosh; Intel Mac OS X 10_15_7) AppleWebKit/537.36 (KHTML, like Gecko) Chrome/133.0.0.0 Safari/537.36"
89.110.80.171 - - [01/Apr/2025:02:12:12 -0400] "GET / HTTP/1.1" 200 97678 "-" "Mozilla/5.0 (Macintosh; Intel Mac OS X 10_15_7) AppleWebKit/537.36 (KHTML, like Gecko) Chrome/133.0.0.0 Safari/537.36"
212.34.146.152 - - [01/Apr/2025:02:20:22 -0400] "GET / HTTP/1.1" 200 97678 "-" "Mozilla/5.0 (Macintosh; Intel Mac OS X 10_15_7) AppleWebKit/537.36 (KHTML, like Gecko) Chrome/133.0.0.0 Safari/537.36"
43.130.3.120 - - [01/Apr/2025:02:24:22 -0400] "GET / HTTP/1.1" 200 97678 "-" "Mozilla/5.0 (iPhone; CPU iPhone OS 13_2_3 like Mac OS X) AppleWebKit/605.1.15 (KHTML, like Gecko) Version/13.0.3 Mobile/15E148 Safari/604.1"
91.84.110.151 - - [01/Apr/2025:02:26:39 -0400] "GET / HTTP/1.1" 200 97678 "-" "Mozilla/5.0 (Macintosh; Intel Mac OS X 10_15_7) AppleWebKit/537.36 (KHTML, like Gecko) Chrome/133.0.0.0 Safari/537.36"
212.34.153.180 - - [01/Apr/2025:02:30:37 -0400] "GET / HTTP/1.1" 200 97678 "-" "Mozilla/5.0 (Macintosh; Intel Mac OS X 10_15_7) AppleWebKit/537.36 (KHTML, like Gecko) Chrome/133.0.0.0 Safari/537.36"
216.244.66.198 - - [01/Apr/2025:02:33:28 -0400] "GET /robots.txt HTTP/1.1" 304 0 "-" "Mozilla/5.0 (compatible; DotBot/1.2; +https://opensiteexplorer.org/dotbot; help@moz.com)"
185.21.13.25 - - [01/Apr/2025:02:41:25 -0400] "GET / HTTP/1.1" 200 97678 "-" "Mozilla/5.0 (Macintosh; Intel Mac OS X 10_15_7) AppleWebKit/537.36 (KHTML, like Gecko) Chrome/133.0.0.0 Safari/537.36"
212.34.154.131 - - [01/Apr/2025:02:47:15 -0400] "GET / HTTP/1.1" 200 97678 "-" "Mozilla/5.0 (Macintosh; Intel Mac OS X 10_15_7) AppleWebKit/537.36 (KHTML, like Gecko) Chrome/133.0.0.0 Safari/537.36"
185.245.104.75 - - [01/Apr/2025:02:55:33 -0400] "GET / HTTP/1.1" 200 97678 "-" "Mozilla/5.0 (Macintosh; Intel Mac OS X 10_15_7) AppleWebKit/537.36 (KHTML, like Gecko) Chrome/133.0.0.0 Safari/537.36"
212.34.153.180 - - [01/Apr/2025:02:57:05 -0400] "GET / HTTP/1.1" 200 97678 "-" "Mozilla/5.0 (Macintosh; Intel Mac OS X 10_15_7) AppleWebKit/537.36 (KHTML, like Gecko) Chrome/133.0.0.0 Safari/537.36"
185.245.104.75 - - [01/Apr/2025:02:58:20 -0400] "GET / HTTP/1.1" 200 97678 "-" "Mozilla/5.0 (Macintosh; Intel Mac OS X 10_15_7) AppleWebKit/537.36 (KHTML, like Gecko) Chrome/133.0.0.0 Safari/537.36"
198.54.114.83 - - [01/Apr/2025:03:05:41 -0400] "POST /wp-cron.php?doing_wp_cron=1743491141.0165069103240966796875 HTTP/1.1" 200 0 "-" "WordPress/6.7.2; https://baernblog.com"
194.38.23.16 - - [01/Apr/2025:03:05:40 -0400] "GET /plugins/html5-file-upload/html5fileupload.php HTTP/1.1" 404 6615 "-" "ALittle Client"
198.54.114.83 - - [01/Apr/2025:03:14:12 -0400] "POST /wp-cron.php?doing_wp_cron=1743491651.8741610050201416015625 HTTP/1.1" 200 0 "-" "WordPress/6.7.2; https://baernblog.com"
159.223.90.203 - - [01/Apr/2025:03:14:06 -0400] "GET /wp-content/uploads/2017-------/09/wp-console.php HTTP/1.1" 404 6614 "-" "Mozilla/5.0 (Linux; Android 11; M2010J19SI) AppleWebKit/537.36 (KHTML, like Gecko) Chrome/109.0.0.0 Mobile Safari/537.36"
159.223.90.203 - - [01/Apr/2025:03:14:15 -0400] "GET /wp-includes/js/crop/uword.php HTTP/1.1" 404 6614 "-" "Mozilla/5.0 (Linux; Android 11; M2010J19SI) AppleWebKit/537.36 (KHTML, like Gecko) Chrome/109.0.0.0 Mobile Safari/537.36"
159.223.90.203 - - [01/Apr/2025:03:14:17 -0400] "GET /wp-content/themes/bltm/wp-login.php HTTP/1.1" 404 6614 "-" "Mozilla/5.0 (Linux; Android 11; M2010J19SI) AppleWebKit/537.36 (KHTML, like Gecko) Chrome/109.0.0.0 Mobile Safari/537.36"
198.54.114.83 - - [01/Apr/2025:03:14:24 -0400] "POST /wp-cron.php?doing_wp_cron=1743491663.4133229255676269531250 HTTP/1.1" 200 0 "-" "WordPress/6.7.2; https://baernblog.com"
159.223.90.203 - - [01/Apr/2025:03:14:23 -0400] "GET /autoload_classmap.php HTTP/1.1" 404 6614 "-" "Mozilla/5.0 (Linux; Android 11; M2010J19SI) AppleWebKit/537.36 (KHTML, like Gecko) Chrome/109.0.0.0 Mobile Safari/537.36"
159.223.90.203 - - [01/Apr/2025:03:14:25 -0400] "GET /wp-content/uploads/2014/07/olx.php HTTP/1.1" 404 6614 "-" "Mozilla/5.0 (Linux; Android 11; M2010J19SI) AppleWebKit/537.36 (KHTML, like Gecko) Chrome/109.0.0.0 Mobile Safari/537.36"
216.244.66.198 - - [01/Apr/2025:03:19:06 -0400] "GET /robots.txt HTTP/1.1" 304 0 "-" "Mozilla/5.0 (compatible; DotBot/1.2; +https://opensiteexplorer.org/dotbot; help@moz.com)"
198.54.114.83 - - [01/Apr/2025:03:19:35 -0400] "POST /wp-cron.php?doing_wp_cron=1743491974.9807629585266113281250 HTTP/1.1" 200 0 "-" "WordPress/6.7.2; https://baernblog.com"
1.14.96.192 - - [01/Apr/2025:03:19:23 -0400] "GET /wp-login.php HTTP/1.1" 302 0 "-" "Apache-HttpClient/4.5.2 (Java/1.8.0_151)"
1.14.96.192 - - [01/Apr/2025:03:19:45 -0400] "GET /?author=1 HTTP/1.1" 200 97678 "-" "Apache-HttpClient/4.5.2 (Java/1.8.0_151)"
1.14.96.192 - - [01/Apr/2025:03:19:46 -0400] "GET /?author=2 HTTP/1.1" 200 97678 "-" "Apache-HttpClient/4.5.2 (Java/1.8.0_151)"
1.14.96.192 - - [01/Apr/2025:03:19:47 -0400] "GET /?author=3 HTTP/1.1" 200 97678 "-" "Apache-HttpClient/4.5.2 (Java/1.8.0_151)"
1.14.96.192 - - [01/Apr/2025:03:19:48 -0400] "GET /?author=4 HTTP/1.1" 200 97678 "-" "Apache-HttpClient/4.5.2 (Java/1.8.0_151)"
1.14.96.192 - - [01/Apr/2025:03:19:50 -0400] "GET /?author=5 HTTP/1.1" 200 97678 "-" "Apache-HttpClient/4.5.2 (Java/1.8.0_151)"
1.14.96.192 - - [01/Apr/2025:03:19:52 -0400] "GET /?author=6 HTTP/1.1" 200 97678 "-" "Apache-HttpClient/4.5.2 (Java/1.8.0_151)"
1.14.96.192 - - [01/Apr/2025:03:19:54 -0400] "GET /?author=7 HTTP/1.1" 200 97678 "-" "Apache-HttpClient/4.5.2 (Java/1.8.0_151)"
1.14.96.192 - - [01/Apr/2025:03:19:56 -0400] "GET /?author=8 HTTP/1.1" 200 97678 "-" "Apache-HttpClient/4.5.2 (Java/1.8.0_151)"
1.14.96.192 - - [01/Apr/2025:03:19:58 -0400] "GET /?author=9 HTTP/1.1" 200 97678 "-" "Apache-HttpClient/4.5.2 (Java/1.8.0_151)"
1.14.96.192 - - [01/Apr/2025:03:20:00 -0400] "GET /?author=10 HTTP/1.1" 200 97678 "-" "Apache-HttpClient/4.5.2 (Java/1.8.0_151)"
1.14.96.192 - - [01/Apr/2025:03:20:03 -0400] "GET /?author=11 HTTP/1.1" 200 97678 "-" "Apache-HttpClient/4.5.2 (Java/1.8.0_151)"
1.14.96.192 - - [01/Apr/2025:03:20:07 -0400] "GET /?author=12 HTTP/1.1" 200 97678 "-" "Apache-HttpClient/4.5.2 (Java/1.8.0_151)"
1.14.96.192 - - [01/Apr/2025:03:20:10 -0400] "GET /?author=13 HTTP/1.1" 200 97678 "-" "Apache-HttpClient/4.5.2 (Java/1.8.0_151)"
1.14.96.192 - - [01/Apr/2025:03:20:12 -0400] "GET /?author=14 HTTP/1.1" 200 97678 "-" "Apache-HttpClient/4.5.2 (Java/1.8.0_151)"
1.14.96.192 - - [01/Apr/2025:03:20:14 -0400] "GET /?author=15 HTTP/1.1" 200 97678 "-" "Apache-HttpClient/4.5.2 (Java/1.8.0_151)"
1.14.96.192 - - [01/Apr/2025:03:20:16 -0400] "GET /?author=16 HTTP/1.1" 200 97678 "-" "Apache-HttpClient/4.5.2 (Java/1.8.0_151)"
1.14.96.192 - - [01/Apr/2025:03:20:17 -0400] "GET /?author=17 HTTP/1.1" 200 97678 "-" "Apache-HttpClient/4.5.2 (Java/1.8.0_151)"
1.14.96.192 - - [01/Apr/2025:03:20:20 -0400] "GET /?author=18 HTTP/1.1" 200 97678 "-" "Apache-HttpClient/4.5.2 (Java/1.8.0_151)"
1.14.96.192 - - [01/Apr/2025:03:20:21 -0400] "GET /?author=19 HTTP/1.1" 200 97678 "-" "Apache-HttpClient/4.5.2 (Java/1.8.0_151)"
1.14.96.192 - - [01/Apr/2025:03:20:24 -0400] "GET /?author=20 HTTP/1.1" 200 97678 "-" "Apache-HttpClient/4.5.2 (Java/1.8.0_151)"
216.244.66.198 - - [01/Apr/2025:03:24:03 -0400] "GET / HTTP/1.1" 200 97678 "-" "Mozilla/5.0 (compatible; DotBot/1.2; +https://opensiteexplorer.org/dotbot; help@moz.com)"
2.58.56.43 - - [01/Apr/2025:03:27:03 -0400] "GET / HTTP/1.1" 200 97678 "http://baernblog.com" "Mozilla/5.0 (Windows NT 10.0; Win64; x64) AppleWebKit/537.36 (KHTML, like Gecko) Chrome/66.0.3359.181 Safari/537.36"
174.137.50.30 - - [01/Apr/2025:03:29:09 -0400] "GET / HTTP/1.1" 200 97678 "-" "Mozilla/5.0 (compatible; Googlebot/2.1; +http://www.google.com/bot.html)"
195.200.26.27 - - [01/Apr/2025:03:30:01 -0400] "GET / HTTP/1.1" 200 97678 "-" "Mozilla/5.0 (Macintosh; Intel Mac OS X 10_15_7) AppleWebKit/537.36 (KHTML, like Gecko) Chrome/133.0.0.0 Safari/537.36"
198.54.114.83 - - [01/Apr/2025:03:41:35 -0400] "POST /wp-cron.php?doing_wp_cron=1743493295.4536809921264648437500 HTTP/1.1" 200 0 "-" "WordPress/6.7.2; https://baernblog.com"
45.148.10.174 - - [01/Apr/2025:03:41:35 -0400] "GET /assets/links-bar/index.js HTTP/1.1" 404 6614 "-" "Mozilla/5.0 (Windows NT 10.0; Win64; x64) AppleWebKit/537.36 Chrome/121.0.0.0"
138.199.60.23 - - [01/Apr/2025:03:44:08 -0400] "GET / HTTP/1.1" 200 97678 "-" "Mozilla/5.0 (Windows NT 10.0; Win64; x64) AppleWebKit/537.36 (KHTML, like Gecko) Chrome/78.0.3904.108 Safari/537.36"
138.199.60.23 - - [01/Apr/2025:03:44:09 -0400] "GET / HTTP/1.1" 200 97678 "-" "Mozilla/5.0 (Windows NT 10.0; Win64; x64) AppleWebKit/537.36 (KHTML, like Gecko) Chrome/78.0.3904.108 Safari/537.36"
198.54.114.83 - - [01/Apr/2025:03:44:14 -0400] "POST /wp-cron.php?doing_wp_cron=1743493453.8219840526580810546875 HTTP/1.1" 200 0 "-" "WordPress/6.7.2; https://baernblog.com"
138.199.60.23 - - [01/Apr/2025:03:44:10 -0400] "GET /wp-includes/wlwmanifest.xml HTTP/1.1" 404 6614 "-" "Mozilla/5.0 (Windows NT 10.0; Win64; x64) AppleWebKit/537.36 (KHTML, like Gecko) Chrome/78.0.3904.108 Safari/537.36"
138.199.60.23 - - [01/Apr/2025:03:44:21 -0400] "GET /?author=1 HTTP/1.1" 200 97678 "-" "Mozilla/5.0 (Windows NT 10.0; Win64; x64) AppleWebKit/537.36 (KHTML, like Gecko) Chrome/78.0.3904.108 Safari/537.36"
138.199.60.23 - - [01/Apr/2025:03:44:22 -0400] "GET /?author=2 HTTP/1.1" 200 97678 "-" "Mozilla/5.0 (Windows NT 10.0; Win64; x64) AppleWebKit/537.36 (KHTML, like Gecko) Chrome/78.0.3904.108 Safari/537.36"
198.54.114.83 - - [01/Apr/2025:03:44:23 -0400] "POST /wp-cron.php?doing_wp_cron=1743493463.6908171176910400390625 HTTP/1.1" 200 0 "-" "WordPress/6.7.2; https://baernblog.com"
138.199.60.23 - - [01/Apr/2025:03:44:23 -0400] "GET /wp-json/wp/v2/users/ HTTP/1.1" 200 1325 "-" "Mozilla/5.0 (Windows NT 10.0; Win64; x64) AppleWebKit/537.36 (KHTML, like Gecko) Chrome/78.0.3904.108 Safari/537.36"
212.34.146.152 - - [01/Apr/2025:03:48:41 -0400] "GET / HTTP/1.1" 200 97678 "-" "Mozilla/5.0 (Macintosh; Intel Mac OS X 10_15_7) AppleWebKit/537.36 (KHTML, like Gecko) Chrome/133.0.0.0 Safari/537.36"
134.122.133.12 - - [01/Apr/2025:04:00:37 -0400] "GET / HTTP/1.1" 200 97678 "http://baernblog.com/" "Mozilla/4.0 (compatible; MSIE 9.0; Windows NT 6.1)"
216.244.66.198 - - [01/Apr/2025:04:03:21 -0400] "GET /robots.txt HTTP/1.1" 200 124 "-" "Mozilla/5.0 (compatible; DotBot/1.2; +https://opensiteexplorer.org/dotbot; help@moz.com)"
77.238.225.146 - - [01/Apr/2025:04:04:52 -0400] "GET / HTTP/1.1" 200 97678 "-" "Mozilla/5.0 (Macintosh; Intel Mac OS X 10_15_7) AppleWebKit/537.36 (KHTML, like Gecko) Chrome/133.0.0.0 Safari/537.36"
45.138.16.127 - - [01/Apr/2025:04:23:57 -0400] "GET / HTTP/1.1" 200 97678 "-" "Mozilla/5.0 (Linux; U; Android 4.4.2; en-US; HM NOTE 1W Build/KOT49H) AppleWebKit/534.30 (KHTML, like Gecko) Version/4.0 UCBrowser/11.0.5.850 U3/0.8.0 Mobile Safari/534.30"
45.138.16.127 - - [01/Apr/2025:04:23:59 -0400] "GET /.env HTTP/1.1" 403 1242 "-" "Mozilla/5.0 (Linux; U; Android 4.4.2; en-US; HM NOTE 1W Build/KOT49H) AppleWebKit/534.30 (KHTML, like Gecko) Version/4.0 UCBrowser/11.0.5.850 U3/0.8.0 Mobile Safari/534.30"
45.138.16.127 - - [01/Apr/2025:04:23:59 -0400] "POST / HTTP/1.1" 200 97678 "-" "Mozilla/5.0 (Linux; U; Android 4.4.2; en-US; HM NOTE 1W Build/KOT49H) AppleWebKit/534.30 (KHTML, like Gecko) Version/4.0 UCBrowser/11.0.5.850 U3/0.8.0 Mobile Safari/534.30"
45.138.16.127 - - [01/Apr/2025:04:24:01 -0400] "GET /?%3Cplay%3Ewithme%3C/%3E HTTP/1.1" 200 97678 "-" "python-requests/2.32.3"
45.138.16.127 - - [01/Apr/2025:04:24:03 -0400] "GET /_profiler/phpinfo HTTP/1.1" 404 6615 "-" "Mozilla/5.0 (Linux; U; Android 4.4.2; en-US; HM NOTE 1W Build/KOT49H) AppleWebKit/534.30 (KHTML, like Gecko) Version/4.0 UCBrowser/11.0.5.850 U3/0.8.0 Mobile Safari/534.30"
198.54.114.83 - - [01/Apr/2025:04:24:06 -0400] "POST /wp-cron.php?doing_wp_cron=1743495845.9184319972991943359375 HTTP/1.1" 200 0 "-" "WordPress/6.7.2; https://baernblog.com"
45.138.16.127 - - [01/Apr/2025:04:24:05 -0400] "GET /debug/default/view?panel=config HTTP/1.1" 404 6614 "-" "Mozilla/5.0 (Linux; U; Android 4.4.2; en-US; HM NOTE 1W Build/KOT49H) AppleWebKit/534.30 (KHTML, like Gecko) Version/4.0 UCBrowser/11.0.5.850 U3/0.8.0 Mobile Safari/534.30"
138.199.60.23 - - [01/Apr/2025:04:26:51 -0400] "GET / HTTP/1.1" 200 97678 "-" "Mozilla/5.0 (Windows NT 10.0; Win64; x64) AppleWebKit/537.36 (KHTML, like Gecko) Chrome/78.0.3904.108 Safari/537.36"
138.199.60.23 - - [01/Apr/2025:04:26:52 -0400] "GET / HTTP/1.1" 200 97678 "-" "Mozilla/5.0 (Windows NT 10.0; Win64; x64) AppleWebKit/537.36 (KHTML, like Gecko) Chrome/78.0.3904.108 Safari/537.36"
138.199.60.23 - - [01/Apr/2025:04:26:53 -0400] "GET /wp-includes/wlwmanifest.xml HTTP/1.1" 404 6614 "-" "Mozilla/5.0 (Windows NT 10.0; Win64; x64) AppleWebKit/537.36 (KHTML, like Gecko) Chrome/78.0.3904.108 Safari/537.36"
138.199.60.23 - - [01/Apr/2025:04:26:53 -0400] "GET /?author=1 HTTP/1.1" 200 97678 "-" "Mozilla/5.0 (Windows NT 10.0; Win64; x64) AppleWebKit/537.36 (KHTML, like Gecko) Chrome/78.0.3904.108 Safari/537.36"
138.199.60.23 - - [01/Apr/2025:04:26:54 -0400] "GET /?author=2 HTTP/1.1" 200 97678 "-" "Mozilla/5.0 (Windows NT 10.0; Win64; x64) AppleWebKit/537.36 (KHTML, like Gecko) Chrome/78.0.3904.108 Safari/537.36"
138.199.60.23 - - [01/Apr/2025:04:26:55 -0400] "GET /wp-json/wp/v2/users/ HTTP/1.1" 200 1325 "-" "Mozilla/5.0 (Windows NT 10.0; Win64; x64) AppleWebKit/537.36 (KHTML, like Gecko) Chrome/78.0.3904.108 Safari/537.36"
185.157.214.24 - - [01/Apr/2025:04:27:33 -0400] "GET / HTTP/1.1" 200 97678 "-" "Mozilla/5.0 (Macintosh; Intel Mac OS X 10_15_7) AppleWebKit/537.36 (KHTML, like Gecko) Chrome/133.0.0.0 Safari/537.36"
77.238.230.6 - - [01/Apr/2025:04:27:50 -0400] "GET / HTTP/1.1" 200 97678 "-" "Mozilla/5.0 (Macintosh; Intel Mac OS X 10_15_7) AppleWebKit/537.36 (KHTML, like Gecko) Chrome/133.0.0.0 Safari/537.36"
85.208.98.23 - - [01/Apr/2025:04:32:15 -0400] "GET /robots.txt HTTP/1.1" 304 0 "-" "Mozilla/5.0 (compatible; SemrushBot-BA; +http://www.semrush.com/bot.html)"
212.34.154.131 - - [01/Apr/2025:04:34:54 -0400] "GET / HTTP/1.1" 200 97678 "-" "Mozilla/5.0 (Macintosh; Intel Mac OS X 10_15_7) AppleWebKit/537.36 (KHTML, like Gecko) Chrome/133.0.0.0 Safari/537.36"
195.26.225.209 - - [01/Apr/2025:04:35:54 -0400] "GET / HTTP/1.1" 200 97678 "-" "Mozilla/5.0 (Macintosh; Intel Mac OS X 10_15_7) AppleWebKit/537.36 (KHTML, like Gecko) Chrome/133.0.0.0 Safari/537.36"
45.148.10.174 - - [01/Apr/2025:04:36:32 -0400] "GET /g.lazcdn.com/g/lzd/assets/0.0.5/next/0.19.21/next.min.js HTTP/1.1" 404 6614 "-" "Mozilla/5.0 (Windows NT 10.0; Win64; x64) AppleWebKit/537.36 Chrome/121.0.0.0"
212.34.154.131 - - [01/Apr/2025:04:41:16 -0400] "GET / HTTP/1.1" 200 97678 "-" "Mozilla/5.0 (Macintosh; Intel Mac OS X 10_15_7) AppleWebKit/537.36 (KHTML, like Gecko) Chrome/133.0.0.0 Safari/537.36"
138.199.60.23 - - [01/Apr/2025:04:42:59 -0400] "GET / HTTP/1.1" 200 97678 "-" "Mozilla/5.0 (Windows NT 10.0; Win64; x64) AppleWebKit/537.36 (KHTML, like Gecko) Chrome/78.0.3904.108 Safari/537.36"
138.199.60.23 - - [01/Apr/2025:04:43:01 -0400] "GET / HTTP/1.1" 200 97678 "-" "Mozilla/5.0 (Windows NT 10.0; Win64; x64) AppleWebKit/537.36 (KHTML, like Gecko) Chrome/78.0.3904.108 Safari/537.36"
138.199.60.23 - - [01/Apr/2025:04:43:03 -0400] "GET /wp-includes/wlwmanifest.xml HTTP/1.1" 404 6614 "-" "Mozilla/5.0 (Windows NT 10.0; Win64; x64) AppleWebKit/537.36 (KHTML, like Gecko) Chrome/78.0.3904.108 Safari/537.36"
138.199.60.23 - - [01/Apr/2025:04:43:04 -0400] "GET /?author=1 HTTP/1.1" 200 97678 "-" "Mozilla/5.0 (Windows NT 10.0; Win64; x64) AppleWebKit/537.36 (KHTML, like Gecko) Chrome/78.0.3904.108 Safari/537.36"
138.199.60.23 - - [01/Apr/2025:04:43:05 -0400] "GET /?author=2 HTTP/1.1" 200 97678 "-" "Mozilla/5.0 (Windows NT 10.0; Win64; x64) AppleWebKit/537.36 (KHTML, like Gecko) Chrome/78.0.3904.108 Safari/537.36"
198.54.114.83 - - [01/Apr/2025:04:43:08 -0400] "POST /wp-cron.php?doing_wp_cron=1743496988.0314021110534667968750 HTTP/1.1" 200 0 "-" "WordPress/6.7.2; https://baernblog.com"
138.199.60.23 - - [01/Apr/2025:04:43:06 -0400] "GET /wp-json/wp/v2/users/ HTTP/1.1" 200 1325 "-" "Mozilla/5.0 (Windows NT 10.0; Win64; x64) AppleWebKit/537.36 (KHTML, like Gecko) Chrome/78.0.3904.108 Safari/537.36"
138.199.60.23 - - [01/Apr/2025:04:43:11 -0400] "POST /xmlrpc.php HTTP/1.1" 200 236 "-" "Mozilla/5.0 (Windows NT 10.0; Win64; x64) AppleWebKit/537.36 (KHTML, like Gecko) Chrome/78.0.3904.108 Safari/537.36"
138.199.60.23 - - [01/Apr/2025:04:43:12 -0400] "POST /xmlrpc.php HTTP/1.1" 200 236 "-" "Mozilla/5.0 (Windows NT 10.0; Win64; x64) AppleWebKit/537.36 (KHTML, like Gecko) Chrome/78.0.3904.108 Safari/537.36"
138.199.60.23 - - [01/Apr/2025:04:43:13 -0400] "POST /xmlrpc.php HTTP/1.1" 200 236 "-" "Mozilla/5.0 (Windows NT 10.0; Win64; x64) AppleWebKit/537.36 (KHTML, like Gecko) Chrome/78.0.3904.108 Safari/537.36"
138.199.60.23 - - [01/Apr/2025:04:43:14 -0400] "POST /xmlrpc.php HTTP/1.1" 200 236 "-" "Mozilla/5.0 (Windows NT 10.0; Win64; x64) AppleWebKit/537.36 (KHTML, like Gecko) Chrome/78.0.3904.108 Safari/537.36"
138.199.60.23 - - [01/Apr/2025:04:43:15 -0400] "POST /xmlrpc.php HTTP/1.1" 200 236 "-" "Mozilla/5.0 (Windows NT 10.0; Win64; x64) AppleWebKit/537.36 (KHTML, like Gecko) Chrome/78.0.3904.108 Safari/537.36"
138.199.60.23 - - [01/Apr/2025:04:43:16 -0400] "POST /xmlrpc.php HTTP/1.1" 200 236 "-" "Mozilla/5.0 (Windows NT 10.0; Win64; x64) AppleWebKit/537.36 (KHTML, like Gecko) Chrome/78.0.3904.108 Safari/537.36"
89.110.103.94 - - [01/Apr/2025:04:45:52 -0400] "GET / HTTP/1.1" 200 97678 "-" "Mozilla/5.0 (Macintosh; Intel Mac OS X 10_15_7) AppleWebKit/537.36 (KHTML, like Gecko) Chrome/133.0.0.0 Safari/537.36"
91.84.99.6 - - [01/Apr/2025:04:47:23 -0400] "GET / HTTP/1.1" 200 97678 "-" "Mozilla/5.0 (Macintosh; Intel Mac OS X 10_15_7) AppleWebKit/537.36 (KHTML, like Gecko) Chrome/133.0.0.0 Safari/537.36"
88.210.10.79 - - [01/Apr/2025:04:51:09 -0400] "GET / HTTP/1.1" 200 97678 "-" "Mozilla/5.0 (Macintosh; Intel Mac OS X 10_15_7) AppleWebKit/537.36 (KHTML, like Gecko) Chrome/133.0.0.0 Safari/537.36"
198.54.114.83 - - [01/Apr/2025:04:56:50 -0400] "POST /wp-cron.php?doing_wp_cron=1743497810.6727049350738525390625 HTTP/1.1" 200 0 "-" "WordPress/6.7.2; https://baernblog.com"
45.148.10.174 - - [01/Apr/2025:04:56:50 -0400] "GET /assets/common/popper/index.js HTTP/1.1" 404 6615 "-" "Mozilla/5.0 (Windows NT 10.0; Win64; x64) AppleWebKit/537.36 Chrome/121.0.0.0"
103.153.202.100 - - [01/Apr/2025:05:12:08 -0400] "GET /admin.php HTTP/1.1" 404 6614 "http://baernblog.com/admin.php" "Mozilla/4.0 (compatible; MSIE 9.0; Windows NT 6.1)"
198.54.114.83 - - [01/Apr/2025:05:12:10 -0400] "POST /wp-cron.php?doing_wp_cron=1743498728.6952550411224365234375 HTTP/1.1" 200 0 "-" "WordPress/6.7.2; https://baernblog.com"
195.200.26.27 - - [01/Apr/2025:05:13:27 -0400] "GET / HTTP/1.1" 200 97678 "-" "Mozilla/5.0 (Macintosh; Intel Mac OS X 10_15_7) AppleWebKit/537.36 (KHTML, like Gecko) Chrome/133.0.0.0 Safari/537.36"
212.118.43.65 - - [01/Apr/2025:05:22:38 -0400] "GET / HTTP/1.1" 200 97678 "-" "Mozilla/5.0 (Macintosh; Intel Mac OS X 10_15_7) AppleWebKit/537.36 (KHTML, like Gecko) Chrome/133.0.0.0 Safari/537.36"
195.26.224.235 - - [01/Apr/2025:05:25:23 -0400] "GET / HTTP/1.1" 200 97678 "-" "Mozilla/5.0 (Macintosh; Intel Mac OS X 10_15_7) AppleWebKit/537.36 (KHTML, like Gecko) Chrome/133.0.0.0 Safari/537.36"
198.54.114.83 - - [01/Apr/2025:05:29:37 -0400] "POST /wp-cron.php?doing_wp_cron=1743499777.3472850322723388671875 HTTP/1.1" 200 0 "-" "WordPress/6.7.2; https://baernblog.com"
45.148.10.174 - - [01/Apr/2025:05:29:36 -0400] "GET /g.lazcdn.com/g/lazada-search-fe/lzd-searchbox/0.4.11/index.css HTTP/1.1" 404 6615 "-" "Mozilla/5.0 (Macintosh; Intel Mac OS X 10_15_7) AppleWebKit/537.36 Chrome/120.0.0.0"
216.244.66.198 - - [01/Apr/2025:05:32:33 -0400] "GET /robots.txt HTTP/1.1" 304 0 "-" "Mozilla/5.0 (compatible; DotBot/1.2; +https://opensiteexplorer.org/dotbot; help@moz.com)"
91.84.110.151 - - [01/Apr/2025:05:44:21 -0400] "GET / HTTP/1.1" 200 97678 "-" "Mozilla/5.0 (Macintosh; Intel Mac OS X 10_15_7) AppleWebKit/537.36 (KHTML, like Gecko) Chrome/133.0.0.0 Safari/537.36"
51.222.253.7 - - [01/Apr/2025:05:51:23 -0400] "GET / HTTP/1.1" 200 97678 "-" "Mozilla/5.0 (compatible; AhrefsBot/7.0; +http://ahrefs.com/robot/)"
80.85.246.217 - - [01/Apr/2025:05:59:56 -0400] "GET / HTTP/1.1" 200 97678 "-" "Mozilla/5.0 (Macintosh; Intel Mac OS X 10_15_7) AppleWebKit/537.36 (KHTML, like Gecko) Chrome/133.0.0.0 Safari/537.36"
195.26.224.235 - - [01/Apr/2025:06:01:09 -0400] "GET / HTTP/1.1" 200 97678 "-" "Mozilla/5.0 (Macintosh; Intel Mac OS X 10_15_7) AppleWebKit/537.36 (KHTML, like Gecko) Chrome/133.0.0.0 Safari/537.36"
212.34.155.126 - - [01/Apr/2025:06:03:01 -0400] "GET / HTTP/1.1" 200 97678 "-" "Mozilla/5.0 (Macintosh; Intel Mac OS X 10_15_7) AppleWebKit/537.36 (KHTML, like Gecko) Chrome/133.0.0.0 Safari/537.36"
43.134.29.139 - - [01/Apr/2025:06:03:33 -0400] "GET /how-to-get-vyvanse-prescription-online/ HTTP/1.1" 200 12825 "http://baernblog.com" "Mozilla/5.0 (Windows NT 10.0; Win64; x64) AppleWebKit/537.36 (KHTML, like Gecko) Chrome/62.0.3202.94 Safari/537.36"
198.54.114.83 - - [01/Apr/2025:06:03:36 -0400] "POST /wp-cron.php?doing_wp_cron=1743501816.3527290821075439453125 HTTP/1.1" 200 0 "-" "WordPress/6.7.2; https://baernblog.com"
43.134.29.139 - - [01/Apr/2025:06:03:35 -0400] "POST /wp-comments-post.php HTTP/1.1" 302 0 "http://baernblog.com" "Mozilla/5.0 (Windows NT 10.0; Win64; x64) AppleWebKit/537.36 (KHTML, like Gecko) Chrome/62.0.3202.94 Safari/537.36"
173.249.34.96 - - [01/Apr/2025:06:15:13 -0400] "GET / HTTP/1.1" 200 97678 "-" "Mozilla/5.0 (compatible; t3versionsBot/1.0; +https://www.t3versions.com/bot)"
85.209.132.14 - - [01/Apr/2025:06:17:24 -0400] "GET / HTTP/1.1" 200 97678 "https://www.google.com/" "Mozilla/5.0 (Windows NT 10.0; Win64; x64; rv:110.0) Gecko/20100101 Firefox/110.0"
212.51.136.121 - - [01/Apr/2025:06:20:12 -0400] "GET / HTTP/1.1" 200 97678 "-" "GuzzleHttp/7"
195.26.224.235 - - [01/Apr/2025:06:29:32 -0400] "GET / HTTP/1.1" 200 97678 "-" "Mozilla/5.0 (Macintosh; Intel Mac OS X 10_15_7) AppleWebKit/537.36 (KHTML, like Gecko) Chrome/133.0.0.0 Safari/537.36"
206.206.73.6 - - [01/Apr/2025:06:29:49 -0400] "GET /how-to-get-vyvanse-prescription-online/ HTTP/1.1" 200 12825 "-" "Mozilla/5.0 (X11; Linux x86_64) AppleWebKit/537.36 (KHTML, like Gecko) Chrome/114.0.0.0 Safari/537.36 Vivaldi/5.3.2679.68"
198.54.114.83 - - [01/Apr/2025:06:29:51 -0400] "POST /wp-cron.php?doing_wp_cron=1743503390.8486011028289794921875 HTTP/1.1" 200 0 "-" "WordPress/6.7.2; https://baernblog.com"
206.206.73.6 - - [01/Apr/2025:06:29:50 -0400] "GET /xmlrpc.php HTTP/1.1" 405 60 "http://baernblog.com/how-to-get-vyvanse-prescription-online/" "Mozilla/5.0 (X11; Linux x86_64) AppleWebKit/537.36 (KHTML, like Gecko) Chrome/114.0.0.0 Safari/537.36 Vivaldi/5.3.2679.68"
206.206.73.6 - - [01/Apr/2025:06:29:53 -0400] "GET / HTTP/1.1" 200 97678 "http://baernblog.com/how-to-get-vyvanse-prescription-online/" "Mozilla/5.0 (X11; Linux x86_64) AppleWebKit/537.36 (KHTML, like Gecko) Chrome/114.0.0.0 Safari/537.36 Vivaldi/5.3.2679.68"
45.148.10.174 - - [01/Apr/2025:06:36:32 -0400] "GET /g.lazcdn.com/g/??code/npm/@ali/lzd-h5-utils-qs/0.1.11/index.js HTTP/1.1" 301 0 "-" "Mozilla/5.0 (Macintosh; Intel Mac OS X 10_15_7) AppleWebKit/537.36 Chrome/120.0.0.0"
89.110.115.121 - - [01/Apr/2025:06:39:42 -0400] "GET / HTTP/1.1" 200 97678 "-" "Mozilla/5.0 (Macintosh; Intel Mac OS X 10_15_7) AppleWebKit/537.36 (KHTML, like Gecko) Chrome/133.0.0.0 Safari/537.36"
195.2.70.209 - - [01/Apr/2025:06:40:37 -0400] "GET / HTTP/1.1" 200 97678 "-" "Mozilla/5.0 (Macintosh; Intel Mac OS X 10_15_7) AppleWebKit/537.36 (KHTML, like Gecko) Chrome/133.0.0.0 Safari/537.36"
88.210.10.79 - - [01/Apr/2025:06:43:07 -0400] "GET / HTTP/1.1" 200 97678 "-" "Mozilla/5.0 (Macintosh; Intel Mac OS X 10_15_7) AppleWebKit/537.36 (KHTML, like Gecko) Chrome/133.0.0.0 Safari/537.36"
198.54.114.83 - - [01/Apr/2025:06:43:20 -0400] "POST /wp-cron.php?doing_wp_cron=1743504199.6824619770050048828125 HTTP/1.1" 200 0 "-" "WordPress/6.7.2; https://baernblog.com"
45.148.10.174 - - [01/Apr/2025:06:43:14 -0400] "GET /g.lazcdn.com/g/woodpeckerx/jssdk??wpkReporter.js HTTP/1.1" 301 0 "-" "Mozilla/5.0 (Windows NT 10.0; Win64; x64) AppleWebKit/537.36 Chrome/121.0.0.0"
45.148.10.174 - - [01/Apr/2025:06:43:22 -0400] "GET /g.lazcdn.com/g/woodpeckerx/jssdk?wpkReporter.js HTTP/1.1" 404 6613 "-" "Mozilla/5.0 (Windows NT 10.0; Win64; x64) AppleWebKit/537.36 Chrome/121.0.0.0"
91.84.111.136 - - [01/Apr/2025:06:49:16 -0400] "GET / HTTP/1.1" 200 97678 "-" "Mozilla/5.0 (Macintosh; Intel Mac OS X 10_15_7) AppleWebKit/537.36 (KHTML, like Gecko) Chrome/133.0.0.0 Safari/537.36"
80.85.246.217 - - [01/Apr/2025:06:51:35 -0400] "GET / HTTP/1.1" 200 97678 "-" "Mozilla/5.0 (Macintosh; Intel Mac OS X 10_15_7) AppleWebKit/537.36 (KHTML, like Gecko) Chrome/133.0.0.0 Safari/537.36"
216.244.66.198 - - [01/Apr/2025:07:01:52 -0400] "GET /robots.txt HTTP/1.1" 304 0 "-" "Mozilla/5.0 (compatible; DotBot/1.2; +https://opensiteexplorer.org/dotbot; help@moz.com)"
2607:5300:60:7e27::1 - - [01/Apr/2025:07:07:17 -0400] "GET / HTTP/1.1" 200 97678 "-" "Mozilla/5.0 (Windows NT 10.0; Win64; x64) AppleWebKit/537.36 (KHTML, like Gecko) Chrome/118.0.0.0 Safari/537.36 Edg/118.0.2088.46"
36.226.210.76 - - [01/Apr/2025:07:09:23 -0400] "GET / HTTP/1.1" 200 97678 "http://www.notepp.com/" "Mozilla/5.0 (compatible; Baiduspider/2.0; +http://www.baidu.com/search/spider.html)"
175.6.217.4 - - [01/Apr/2025:07:10:43 -0400] "GET / HTTP/1.1" 200 97678 "-" "Mozilla/5.0 (iPhone; CPU iPhone OS 13_2_3 like Mac OS X) AppleWebKit/605.1.15 (KHTML, like Gecko) Version/13.0.3 Mobile/15E148 Safari/604.1"
77.238.230.6 - - [01/Apr/2025:07:15:50 -0400] "GET / HTTP/1.1" 200 97678 "-" "Mozilla/5.0 (Macintosh; Intel Mac OS X 10_15_7) AppleWebKit/537.36 (KHTML, like Gecko) Chrome/133.0.0.0 Safari/537.36"
198.54.114.83 - - [01/Apr/2025:07:21:03 -0400] "POST /wp-cron.php?doing_wp_cron=1743506463.5626749992370605468750 HTTP/1.1" 200 0 "-" "WordPress/6.7.2; https://baernblog.com"
102.157.122.249 - - [01/Apr/2025:07:20:57 -0400] "POST /wp-login.php HTTP/1.1" 302 0 "http://baernblog.com/wp-admin/" "Mozilla/5.0 (Windows NT 10.0; Win64; x64) AppleWebKit/537.36 (KHTML, like Gecko) Chrome/90.0.4430.85 Safari/537.36"
172.184.190.202 - - [01/Apr/2025:07:24:13 -0400] "GET /.env HTTP/1.1" 403 1242 "-" "Mozilla/5.0 (Macintosh; Intel Mac OS X 10.15; rv:77.0) Gecko/20100101 Firefox/77.0"
91.84.110.151 - - [01/Apr/2025:07:26:25 -0400] "GET / HTTP/1.1" 200 97678 "-" "Mozilla/5.0 (Macintosh; Intel Mac OS X 10_15_7) AppleWebKit/537.36 (KHTML, like Gecko) Chrome/133.0.0.0 Safari/537.36"
196.251.73.42 - - [01/Apr/2025:07:33:00 -0400] "GET / HTTP/1.1" 200 97678 "-" "Mozilla/5.0 (Windows NT 10.0; Win64; x64) AppleWebKit/537.36 (KHTML, like Gecko) Chrome/78.0.3904.108 Safari/537.36"
196.251.73.42 - - [01/Apr/2025:07:33:01 -0400] "GET / HTTP/1.1" 200 97678 "-" "Mozilla/5.0 (Windows NT 10.0; Win64; x64) AppleWebKit/537.36 (KHTML, like Gecko) Chrome/78.0.3904.108 Safari/537.36"
198.54.114.83 - - [01/Apr/2025:07:33:08 -0400] "POST /wp-cron.php?doing_wp_cron=1743507188.0871820449829101562500 HTTP/1.1" 200 0 "-" "WordPress/6.7.2; https://baernblog.com"
196.251.73.42 - - [01/Apr/2025:07:33:04 -0400] "GET /wp-includes/wlwmanifest.xml HTTP/1.1" 404 6614 "-" "Mozilla/5.0 (Windows NT 10.0; Win64; x64) AppleWebKit/537.36 (KHTML, like Gecko) Chrome/78.0.3904.108 Safari/537.36"
196.251.73.42 - - [01/Apr/2025:07:33:13 -0400] "GET /?author=1 HTTP/1.1" 200 97678 "-" "Mozilla/5.0 (Windows NT 10.0; Win64; x64) AppleWebKit/537.36 (KHTML, like Gecko) Chrome/78.0.3904.108 Safari/537.36"
196.251.73.42 - - [01/Apr/2025:07:33:15 -0400] "GET /?author=2 HTTP/1.1" 200 97678 "-" "Mozilla/5.0 (Windows NT 10.0; Win64; x64) AppleWebKit/537.36 (KHTML, like Gecko) Chrome/78.0.3904.108 Safari/537.36"
196.251.73.42 - - [01/Apr/2025:07:33:17 -0400] "GET /wp-json/wp/v2/users/ HTTP/1.1" 200 1325 "-" "Mozilla/5.0 (Windows NT 10.0; Win64; x64) AppleWebKit/537.36 (KHTML, like Gecko) Chrome/78.0.3904.108 Safari/537.36"
196.251.73.42 - - [01/Apr/2025:07:33:20 -0400] "POST /xmlrpc.php HTTP/1.1" 200 236 "-" "Mozilla/5.0 (Windows NT 10.0; Win64; x64) AppleWebKit/537.36 (KHTML, like Gecko) Chrome/78.0.3904.108 Safari/537.36"
198.54.114.83 - - [01/Apr/2025:07:33:23 -0400] "POST /wp-cron.php?doing_wp_cron=1743507201.4296400547027587890625 HTTP/1.1" 200 0 "-" "WordPress/6.7.2; https://baernblog.com"
196.251.73.42 - - [01/Apr/2025:07:33:23 -0400] "POST /xmlrpc.php HTTP/1.1" 200 236 "-" "Mozilla/5.0 (Windows NT 10.0; Win64; x64) AppleWebKit/537.36 (KHTML, like Gecko) Chrome/78.0.3904.108 Safari/537.36"
196.251.73.42 - - [01/Apr/2025:07:33:25 -0400] "POST /xmlrpc.php HTTP/1.1" 200 236 "-" "Mozilla/5.0 (Windows NT 10.0; Win64; x64) AppleWebKit/537.36 (KHTML, like Gecko) Chrome/78.0.3904.108 Safari/537.36"
196.251.73.42 - - [01/Apr/2025:07:33:26 -0400] "POST /xmlrpc.php HTTP/1.1" 200 236 "-" "Mozilla/5.0 (Windows NT 10.0; Win64; x64) AppleWebKit/537.36 (KHTML, like Gecko) Chrome/78.0.3904.108 Safari/537.36"
196.251.73.42 - - [01/Apr/2025:07:33:28 -0400] "POST /xmlrpc.php HTTP/1.1" 200 236 "-" "Mozilla/5.0 (Windows NT 10.0; Win64; x64) AppleWebKit/537.36 (KHTML, like Gecko) Chrome/78.0.3904.108 Safari/537.36"
196.251.73.42 - - [01/Apr/2025:07:33:29 -0400] "POST /xmlrpc.php HTTP/1.1" 200 236 "-" "Mozilla/5.0 (Windows NT 10.0; Win64; x64) AppleWebKit/537.36 (KHTML, like Gecko) Chrome/78.0.3904.108 Safari/537.36"
4.227.36.111 - - [01/Apr/2025:07:46:06 -0400] "GET /robots.txt HTTP/1.1" 304 0 "-" "Mozilla/5.0 AppleWebKit/537.36 (KHTML, like Gecko; compatible; GPTBot/1.2; +https://openai.com/gptbot)"
216.131.109.245 - - [01/Apr/2025:07:47:24 -0400] "GET /the-benefits-of-managed-investing/ HTTP/1.1" 200 12353 "http://baernblog.com/the-benefits-of-managed-investing/" "Mozilla/5.0 (Windows NT 10.0; Win64; x64) AppleWebKit/537.36 (KHTML, like Gecko) Chrome/129.0.0.0 Safari/537.36"
198.54.114.83 - - [01/Apr/2025:07:47:26 -0400] "POST /wp-cron.php?doing_wp_cron=1743508045.9774570465087890625000 HTTP/1.1" 200 0 "-" "WordPress/6.7.2; https://baernblog.com"
216.131.109.245 - - [01/Apr/2025:07:47:25 -0400] "POST /wp-comments-post.php HTTP/1.1" 302 0 "http://baernblog.com/the-benefits-of-managed-investing/" "Mozilla/5.0 (Windows NT 10.0; Win64; x64) AppleWebKit/537.36 (KHTML, like Gecko) Chrome/129.0.0.0 Safari/537.36"
91.84.109.110 - - [01/Apr/2025:07:51:30 -0400] "GET / HTTP/1.1" 200 97678 "-" "Mozilla/5.0 (Macintosh; Intel Mac OS X 10_15_7) AppleWebKit/537.36 (KHTML, like Gecko) Chrome/133.0.0.0 Safari/537.36"
1.164.126.4 - - [01/Apr/2025:07:51:39 -0400] "GET / HTTP/1.1" 200 97678 "https://radionuevageneracion.com/programacion/" "Mozilla/5.0 (compatible; Baiduspider/2.0; +http://www.baidu.com/search/spider.html)"
88.210.10.79 - - [01/Apr/2025:07:54:10 -0400] "GET / HTTP/1.1" 200 97678 "-" "Mozilla/5.0 (Macintosh; Intel Mac OS X 10_15_7) AppleWebKit/537.36 (KHTML, like Gecko) Chrome/133.0.0.0 Safari/537.36"
82.165.125.50 - - [01/Apr/2025:07:54:23 -0400] "GET / HTTP/1.1" 200 97678 "-" "python-requests/2.27.1"
5.181.234.250 - - [01/Apr/2025:08:04:18 -0400] "GET /how-to-get-vyvanse-prescription-online/ HTTP/1.1" 200 12825 "-" "Mozilla/5.0 (X11; Fedora; Linux x86_64; rv:114.0) Gecko/20100101 Firefox/114.0"
198.54.114.83 - - [01/Apr/2025:08:04:19 -0400] "POST /wp-cron.php?doing_wp_cron=1743509059.1272668838500976562500 HTTP/1.1" 200 0 "-" "WordPress/6.7.2; https://baernblog.com"
5.181.234.250 - - [01/Apr/2025:08:04:18 -0400] "POST /wp-comments-post.php HTTP/1.1" 302 0 "http://baernblog.com/how-to-get-vyvanse-prescription-online/" "Mozilla/5.0 (X11; Fedora; Linux x86_64; rv:114.0) Gecko/20100101 Firefox/114.0"
5.181.234.250 - - [01/Apr/2025:08:04:22 -0400] "GET /how-to-get-vyvanse-prescription-online/ HTTP/1.1" 200 12825 "-" "Mozilla/5.0 (X11; Fedora; Linux x86_64; rv:114.0) Gecko/20100101 Firefox/114.0"
