157.66.54.162 - - [03/Apr/2025:04:56:13 -0400] "GET /?author=2 HTTP/1.1" 200 97678 "-" "Mozilla/5.0 (Windows NT 10.0; Win64; x64) AppleWebKit/537.36 (KHTML, like Gecko) Chrome/80.0.3987.149 Safari/537.36"
157.66.54.162 - - [03/Apr/2025:04:56:15 -0400] "GET /wp-json/wp/v2/users/ HTTP/1.1" 200 1325 "-" "Mozilla/5.0 (Windows NT 10.0; Win64; x64) AppleWebKit/537.36 (KHTML, like Gecko) Chrome/80.0.3987.149 Safari/537.36"
157.66.54.162 - - [03/Apr/2025:04:56:17 -0400] "POST /xmlrpc.php HTTP/1.1" 200 236 "-" "Mozilla/5.0 (Windows NT 10.0; Win64; x64) AppleWebKit/537.36 (KHTML, like Gecko) Chrome/80.0.3987.149 Safari/537.36"
157.66.54.162 - - [03/Apr/2025:04:56:19 -0400] "POST /xmlrpc.php HTTP/1.1" 200 212 "-" "Mozilla/5.0 (Windows NT 10.0; Win64; x64) AppleWebKit/537.36 (KHTML, like Gecko) Chrome/80.0.3987.149 Safari/537.36"
157.66.54.162 - - [03/Apr/2025:04:56:21 -0400] "POST /xmlrpc.php HTTP/1.1" 200 212 "-" "Mozilla/5.0 (Windows NT 10.0; Win64; x64) AppleWebKit/537.36 (KHTML, like Gecko) Chrome/80.0.3987.149 Safari/537.36"
198.54.114.83 - - [03/Apr/2025:04:56:23 -0400] "POST /wp-cron.php?doing_wp_cron=1743670582.9597330093383789062500 HTTP/1.1" 200 0 "-" "WordPress/6.7.2; https://baernblog.com"
157.66.54.162 - - [03/Apr/2025:04:56:22 -0400] "POST /xmlrpc.php HTTP/1.1" 200 236 "-" "Mozilla/5.0 (Windows NT 10.0; Win64; x64) AppleWebKit/537.36 (KHTML, like Gecko) Chrome/80.0.3987.149 Safari/537.36"
157.66.54.162 - - [03/Apr/2025:04:56:24 -0400] "POST /xmlrpc.php HTTP/1.1" 200 236 "-" "Mozilla/5.0 (Windows NT 10.0; Win64; x64) AppleWebKit/537.36 (KHTML, like Gecko) Chrome/80.0.3987.149 Safari/537.36"
157.66.54.162 - - [03/Apr/2025:04:56:26 -0400] "POST /xmlrpc.php HTTP/1.1" 200 236 "-" "Mozilla/5.0 (Windows NT 10.0; Win64; x64) AppleWebKit/537.36 (KHTML, like Gecko) Chrome/80.0.3987.149 Safari/537.36"
185.157.214.24 - - [03/Apr/2025:05:01:49 -0400] "GET / HTTP/1.1" 200 97678 "-" "Mozilla/5.0 (Macintosh; Intel Mac OS X 10_15_7) AppleWebKit/537.36 (KHTML, like Gecko) Chrome/133.0.0.0 Safari/537.36"
212.34.146.152 - - [03/Apr/2025:05:03:24 -0400] "GET / HTTP/1.1" 200 97678 "-" "Mozilla/5.0 (Macintosh; Intel Mac OS X 10_15_7) AppleWebKit/537.36 (KHTML, like Gecko) Chrome/133.0.0.0 Safari/537.36"
89.110.115.121 - - [03/Apr/2025:05:07:06 -0400] "GET / HTTP/1.1" 200 97678 "-" "Mozilla/5.0 (Macintosh; Intel Mac OS X 10_15_7) AppleWebKit/537.36 (KHTML, like Gecko) Chrome/133.0.0.0 Safari/537.36"
216.244.66.198 - - [03/Apr/2025:05:12:28 -0400] "GET /robots.txt HTTP/1.1" 200 124 "-" "Mozilla/5.0 (compatible; DotBot/1.2; +https://opensiteexplorer.org/dotbot; help@moz.com)"
106.219.121.141 - - [03/Apr/2025:05:18:28 -0400] "GET / HTTP/1.1" 200 97678 "-" "Mozilla/5.0 (Windows NT 10.0; Win64; x64) AppleWebKit/537.36 (KHTML, like Gecko) Chrome/134.0.0.0 Safari/537.36"
212.34.146.152 - - [03/Apr/2025:05:20:55 -0400] "GET / HTTP/1.1" 200 97678 "-" "Mozilla/5.0 (Macintosh; Intel Mac OS X 10_15_7) AppleWebKit/537.36 (KHTML, like Gecko) Chrome/133.0.0.0 Safari/537.36"
196.251.86.53 - - [03/Apr/2025:05:23:39 -0400] "GET / HTTP/1.1" 200 97678 "-" "-"
185.157.214.24 - - [03/Apr/2025:05:33:37 -0400] "GET / HTTP/1.1" 200 97678 "-" "Mozilla/5.0 (Macintosh; Intel Mac OS X 10_15_7) AppleWebKit/537.36 (KHTML, like Gecko) Chrome/133.0.0.0 Safari/537.36"
198.54.114.83 - - [03/Apr/2025:05:39:49 -0400] "POST /wp-cron.php?doing_wp_cron=1743673188.4260029792785644531250 HTTP/1.1" 200 0 "-" "WordPress/6.7.2; https://baernblog.com"
103.148.104.77 - - [03/Apr/2025:05:39:48 -0400] "GET /admin.php HTTP/1.1" 404 6615 "http://baernblog.com/admin.php" "Mozilla/4.0 (compatible; MSIE 9.0; Windows NT 6.1)"
185.157.214.24 - - [03/Apr/2025:05:41:35 -0400] "GET / HTTP/1.1" 200 97678 "-" "Mozilla/5.0 (Macintosh; Intel Mac OS X 10_15_7) AppleWebKit/537.36 (KHTML, like Gecko) Chrome/133.0.0.0 Safari/537.36"
185.21.13.25 - - [03/Apr/2025:05:44:16 -0400] "GET / HTTP/1.1" 200 97678 "-" "Mozilla/5.0 (Macintosh; Intel Mac OS X 10_15_7) AppleWebKit/537.36 (KHTML, like Gecko) Chrome/133.0.0.0 Safari/537.36"
80.85.245.250 - - [03/Apr/2025:05:46:35 -0400] "GET / HTTP/1.1" 200 97678 "-" "Mozilla/5.0 (Macintosh; Intel Mac OS X 10_15_7) AppleWebKit/537.36 (KHTML, like Gecko) Chrome/133.0.0.0 Safari/537.36"
212.34.153.180 - - [03/Apr/2025:05:49:33 -0400] "GET / HTTP/1.1" 200 97678 "-" "Mozilla/5.0 (Macintosh; Intel Mac OS X 10_15_7) AppleWebKit/537.36 (KHTML, like Gecko) Chrome/133.0.0.0 Safari/537.36"
216.244.66.198 - - [03/Apr/2025:05:56:50 -0400] "GET /robots.txt HTTP/1.1" 200 124 "-" "Mozilla/5.0 (compatible; DotBot/1.2; +https://opensiteexplorer.org/dotbot; help@moz.com)"
212.34.146.152 - - [03/Apr/2025:06:14:31 -0400] "GET / HTTP/1.1" 200 97678 "-" "Mozilla/5.0 (Macintosh; Intel Mac OS X 10_15_7) AppleWebKit/537.36 (KHTML, like Gecko) Chrome/133.0.0.0 Safari/537.36"
85.208.98.23 - - [03/Apr/2025:06:19:57 -0400] "GET /robots.txt HTTP/1.1" 200 124 "-" "Mozilla/5.0 (compatible; SemrushBot-BA; +http://www.semrush.com/bot.html)"
35.240.50.155 - - [03/Apr/2025:06:20:11 -0400] "GET /robots.txt HTTP/1.1" 200 124 "-" "Mozilla/5.0 (compatible; VelenPublicWebCrawler/1.0; +https://velen.io)"
198.54.114.83 - - [03/Apr/2025:06:20:16 -0400] "POST /wp-cron.php?doing_wp_cron=1743675616.2367250919342041015625 HTTP/1.1" 200 0 "-" "WordPress/6.7.2; https://baernblog.com"
35.240.50.155 - - [03/Apr/2025:06:20:12 -0400] "GET /single-post/2019/11/09/sky-sea-meeresluft-schnuppern-in-bern HTTP/1.1" 404 6614 "-" "Mozilla/5.0 (compatible; VelenPublicWebCrawler/1.0; +https://velen.io)"
195.26.224.235 - - [03/Apr/2025:06:23:10 -0400] "GET / HTTP/1.1" 200 97678 "-" "Mozilla/5.0 (Macintosh; Intel Mac OS X 10_15_7) AppleWebKit/537.36 (KHTML, like Gecko) Chrome/133.0.0.0 Safari/537.36"
207.211.167.73 - - [03/Apr/2025:06:31:35 -0400] "GET / HTTP/1.1" 200 97678 "-" "Mozilla/5.0 (Windows NT 10.0; Win64; x64) AppleWebKit/537.36 (KHTML, like Gecko) Chrome/58.0.3029.110 Safari/537.3"
198.54.114.83 - - [03/Apr/2025:06:31:43 -0400] "POST /wp-cron.php?doing_wp_cron=1743676303.0993480682373046875000 HTTP/1.1" 200 0 "-" "WordPress/6.7.2; https://baernblog.com"
207.211.167.73 - - [03/Apr/2025:06:31:42 -0400] "GET /phpinfo.php HTTP/1.1" 404 6614 "-" "Mozilla/5.0 (Windows NT 10.0; Win64; x64) AppleWebKit/537.36 (KHTML, like Gecko) Chrome/58.0.3029.110 Safari/537.3"
207.211.167.73 - - [03/Apr/2025:06:31:44 -0400] "GET /info.php HTTP/1.1" 404 6614 "-" "Mozilla/5.0 (Windows NT 10.0; Win64; x64) AppleWebKit/537.36 (KHTML, like Gecko) Chrome/58.0.3029.110 Safari/537.3"
207.211.167.73 - - [03/Apr/2025:06:31:45 -0400] "GET /phpinfo HTTP/1.1" 404 6614 "-" "Mozilla/5.0 (Windows NT 10.0; Win64; x64) AppleWebKit/537.36 (KHTML, like Gecko) Chrome/58.0.3029.110 Safari/537.3"
207.211.167.73 - - [03/Apr/2025:06:31:47 -0400] "GET /.env HTTP/1.1" 403 1242 "-" "Mozilla/5.0 (Windows NT 10.0; Win64; x64) AppleWebKit/537.36 (KHTML, like Gecko) Chrome/58.0.3029.110 Safari/537.3"
207.211.167.73 - - [03/Apr/2025:06:31:47 -0400] "GET /config/.env HTTP/1.1" 403 1242 "-" "Mozilla/5.0 (Windows NT 10.0; Win64; x64) AppleWebKit/537.36 (KHTML, like Gecko) Chrome/58.0.3029.110 Safari/537.3"
207.211.167.73 - - [03/Apr/2025:06:31:47 -0400] "GET /api/.env HTTP/1.1" 403 1242 "-" "Mozilla/5.0 (Windows NT 10.0; Win64; x64) AppleWebKit/537.36 (KHTML, like Gecko) Chrome/58.0.3029.110 Safari/537.3"
89.110.109.74 - - [03/Apr/2025:06:39:25 -0400] "GET / HTTP/1.1" 200 97678 "-" "Mozilla/5.0 (Macintosh; Intel Mac OS X 10_15_7) AppleWebKit/537.36 (KHTML, like Gecko) Chrome/133.0.0.0 Safari/537.36"
77.238.230.6 - - [03/Apr/2025:06:39:32 -0400] "GET / HTTP/1.1" 200 97678 "-" "Mozilla/5.0 (Macintosh; Intel Mac OS X 10_15_7) AppleWebKit/537.36 (KHTML, like Gecko) Chrome/133.0.0.0 Safari/537.36"
91.84.111.136 - - [03/Apr/2025:06:43:07 -0400] "GET / HTTP/1.1" 200 97678 "-" "Mozilla/5.0 (Macintosh; Intel Mac OS X 10_15_7) AppleWebKit/537.36 (KHTML, like Gecko) Chrome/133.0.0.0 Safari/537.36"
89.110.109.74 - - [03/Apr/2025:06:43:17 -0400] "GET / HTTP/1.1" 200 97678 "-" "Mozilla/5.0 (Macintosh; Intel Mac OS X 10_15_7) AppleWebKit/537.36 (KHTML, like Gecko) Chrome/133.0.0.0 Safari/537.36"
198.54.114.83 - - [03/Apr/2025:06:52:31 -0400] "POST /wp-cron.php?doing_wp_cron=1743677550.0399160385131835937500 HTTP/1.1" 200 0 "-" "WordPress/6.7.2; https://baernblog.com"
43.134.45.13 - - [03/Apr/2025:06:52:29 -0400] "GET /how-to-get-vyvanse-prescription-online/ HTTP/1.1" 200 12493 "http://baernblog.com" "Mozilla/5.0 (Windows NT 10.0; Win64; x64) AppleWebKit/537.36 (KHTML, like Gecko) Chrome/62.0.3202.94 Safari/537.36"
43.134.45.13 - - [03/Apr/2025:06:52:34 -0400] "POST /wp-comments-post.php HTTP/1.1" 302 0 "http://baernblog.com" "Mozilla/5.0 (Windows NT 10.0; Win64; x64) AppleWebKit/537.36 (KHTML, like Gecko) Chrome/62.0.3202.94 Safari/537.36"
212.34.146.152 - - [03/Apr/2025:06:52:59 -0400] "GET / HTTP/1.1" 200 97678 "-" "Mozilla/5.0 (Macintosh; Intel Mac OS X 10_15_7) AppleWebKit/537.36 (KHTML, like Gecko) Chrome/133.0.0.0 Safari/537.36"
77.238.230.6 - - [03/Apr/2025:07:07:33 -0400] "GET / HTTP/1.1" 200 97678 "-" "Mozilla/5.0 (Macintosh; Intel Mac OS X 10_15_7) AppleWebKit/537.36 (KHTML, like Gecko) Chrome/133.0.0.0 Safari/537.36"
82.102.18.188 - - [03/Apr/2025:07:16:13 -0400] "GET / HTTP/1.1" 200 97678 "-" "Mozilla/5.0 (Windows NT 10.0; Win64; x64) AppleWebKit/537.36 (KHTML, like Gecko) Chrome/78.0.3904.108 Safari/537.36"
82.102.18.188 - - [03/Apr/2025:07:16:16 -0400] "GET / HTTP/1.1" 200 97678 "-" "Mozilla/5.0 (Windows NT 10.0; Win64; x64) AppleWebKit/537.36 (KHTML, like Gecko) Chrome/78.0.3904.108 Safari/537.36"
82.102.18.188 - - [03/Apr/2025:07:16:17 -0400] "GET /wp-includes/wlwmanifest.xml HTTP/1.1" 404 6614 "-" "Mozilla/5.0 (Windows NT 10.0; Win64; x64) AppleWebKit/537.36 (KHTML, like Gecko) Chrome/78.0.3904.108 Safari/537.36"
82.102.18.188 - - [03/Apr/2025:07:16:22 -0400] "GET /?author=1 HTTP/1.1" 200 97678 "-" "Mozilla/5.0 (Windows NT 10.0; Win64; x64) AppleWebKit/537.36 (KHTML, like Gecko) Chrome/78.0.3904.108 Safari/537.36"
82.102.18.188 - - [03/Apr/2025:07:16:23 -0400] "GET /?author=2 HTTP/1.1" 200 97678 "-" "Mozilla/5.0 (Windows NT 10.0; Win64; x64) AppleWebKit/537.36 (KHTML, like Gecko) Chrome/78.0.3904.108 Safari/537.36"
198.54.114.83 - - [03/Apr/2025:07:16:27 -0400] "POST /wp-cron.php?doing_wp_cron=1743678985.2870879173278808593750 HTTP/1.1" 200 0 "-" "WordPress/6.7.2; https://baernblog.com"
82.102.18.188 - - [03/Apr/2025:07:16:24 -0400] "GET /wp-json/wp/v2/users/ HTTP/1.1" 200 1325 "-" "Mozilla/5.0 (Windows NT 10.0; Win64; x64) AppleWebKit/537.36 (KHTML, like Gecko) Chrome/78.0.3904.108 Safari/537.36"
216.244.66.198 - - [03/Apr/2025:07:25:06 -0400] "GET /robots.txt HTTP/1.1" 200 124 "-" "Mozilla/5.0 (compatible; DotBot/1.2; +https://opensiteexplorer.org/dotbot; help@moz.com)"
80.85.245.250 - - [03/Apr/2025:07:29:19 -0400] "GET / HTTP/1.1" 200 97678 "-" "Mozilla/5.0 (Macintosh; Intel Mac OS X 10_15_7) AppleWebKit/537.36 (KHTML, like Gecko) Chrome/133.0.0.0 Safari/537.36"
49.7.227.204 - - [03/Apr/2025:07:29:59 -0400] "GET / HTTP/1.1" 200 97678 "-" "Mozilla/5.0 (iPhone; CPU iPhone OS 13_2_3 like Mac OS X) AppleWebKit/605.1.15 (KHTML, like Gecko) Version/13.0.3 Mobile/15E148 Safari/604.1"
61.231.86.36 - - [03/Apr/2025:07:33:20 -0400] "GET / HTTP/1.1" 200 97678 "http://baernblog.com/" "Mozilla/5.0 (Windows NT 6.1; WOW64) AppleWebKit/537.36 (KHTML, like Gecko) Chrome/31.0.6134.063 Safari/537.36"
61.231.86.36 - - [03/Apr/2025:07:33:21 -0400] "GET / HTTP/1.1" 200 97678 "http://baernblog.com/" "Mozilla/5.0 (Windows NT 6.1; WOW64) AppleWebKit/537.36 (KHTML, like Gecko) Chrome/31.0.6134.063 Safari/537.36"
111.231.12.66 - - [03/Apr/2025:07:37:41 -0400] "GET / HTTP/1.1" 200 97678 "-" "Mozilla/5.0 (Linux; Android 10; LIO-AN00 Build/HUAWEILIO-AN00; wv) MicroMessenger Weixin QQ AppleWebKit/537.36 (KHTML, like Gecko) Version/4.0 Chrome/78.0.3904.62 XWEB/2692 MMWEBSDK/200901 Mobile Safari/537.36"
207.211.167.73 - - [03/Apr/2025:07:39:09 -0400] "GET / HTTP/1.1" 200 97678 "-" "Mozilla/5.0 (Windows NT 10.0; Win64; x64) AppleWebKit/537.36 (KHTML, like Gecko) Chrome/58.0.3029.110 Safari/537.3"
198.54.114.83 - - [03/Apr/2025:07:39:17 -0400] "POST /wp-cron.php?doing_wp_cron=1743680357.7384569644927978515625 HTTP/1.1" 200 0 "-" "WordPress/6.7.2; https://baernblog.com"
207.211.167.73 - - [03/Apr/2025:07:39:17 -0400] "GET /phpinfo.php HTTP/1.1" 404 6615 "-" "Mozilla/5.0 (Windows NT 10.0; Win64; x64) AppleWebKit/537.36 (KHTML, like Gecko) Chrome/58.0.3029.110 Safari/537.3"
207.211.167.73 - - [03/Apr/2025:07:39:18 -0400] "GET /info.php HTTP/1.1" 404 6615 "-" "Mozilla/5.0 (Windows NT 10.0; Win64; x64) AppleWebKit/537.36 (KHTML, like Gecko) Chrome/58.0.3029.110 Safari/537.3"
198.54.114.83 - - [03/Apr/2025:07:39:19 -0400] "POST /wp-cron.php?doing_wp_cron=1743680359.5321860313415527343750 HTTP/1.1" 200 0 "-" "WordPress/6.7.2; https://baernblog.com"
207.211.167.73 - - [03/Apr/2025:07:39:19 -0400] "GET /phpinfo HTTP/1.1" 404 6615 "-" "Mozilla/5.0 (Windows NT 10.0; Win64; x64) AppleWebKit/537.36 (KHTML, like Gecko) Chrome/58.0.3029.110 Safari/537.3"
207.211.167.73 - - [03/Apr/2025:07:39:20 -0400] "GET /.env HTTP/1.1" 403 1242 "-" "Mozilla/5.0 (Windows NT 10.0; Win64; x64) AppleWebKit/537.36 (KHTML, like Gecko) Chrome/58.0.3029.110 Safari/537.3"
207.211.167.73 - - [03/Apr/2025:07:39:20 -0400] "GET /config/.env HTTP/1.1" 403 1242 "-" "Mozilla/5.0 (Windows NT 10.0; Win64; x64) AppleWebKit/537.36 (KHTML, like Gecko) Chrome/58.0.3029.110 Safari/537.3"
207.211.167.73 - - [03/Apr/2025:07:39:20 -0400] "GET /api/.env HTTP/1.1" 403 1242 "-" "Mozilla/5.0 (Windows NT 10.0; Win64; x64) AppleWebKit/537.36 (KHTML, like Gecko) Chrome/58.0.3029.110 Safari/537.3"
89.110.80.171 - - [03/Apr/2025:07:42:40 -0400] "GET / HTTP/1.1" 200 97678 "-" "Mozilla/5.0 (Macintosh; Intel Mac OS X 10_15_7) AppleWebKit/537.36 (KHTML, like Gecko) Chrome/133.0.0.0 Safari/537.36"
111.231.12.66 - - [03/Apr/2025:07:44:54 -0400] "GET / HTTP/1.1" 200 97678 "-" "Mozilla/5.0 (Linux; Android 10; LIO-AN00 Build/HUAWEILIO-AN00; wv) MicroMessenger Weixin QQ AppleWebKit/537.36 (KHTML, like Gecko) Version/4.0 Chrome/78.0.3904.62 XWEB/2692 MMWEBSDK/200901 Mobile Safari/537.36"
212.34.153.180 - - [03/Apr/2025:07:47:04 -0400] "GET / HTTP/1.1" 200 97678 "-" "Mozilla/5.0 (Macintosh; Intel Mac OS X 10_15_7) AppleWebKit/537.36 (KHTML, like Gecko) Chrome/133.0.0.0 Safari/537.36"
185.157.214.24 - - [03/Apr/2025:07:48:55 -0400] "GET / HTTP/1.1" 200 97678 "-" "Mozilla/5.0 (Macintosh; Intel Mac OS X 10_15_7) AppleWebKit/537.36 (KHTML, like Gecko) Chrome/133.0.0.0 Safari/537.36"
198.54.114.83 - - [03/Apr/2025:08:18:04 -0400] "POST /wp-cron.php?doing_wp_cron=1743682684.2734410762786865234375 HTTP/1.1" 200 0 "-" "WordPress/6.7.2; https://baernblog.com"
161.35.47.151 - - [03/Apr/2025:08:18:04 -0400] "GET /chosen.php?p= HTTP/1.1" 301 0 "-" "Mozilla/5.0 (Linux; Android 7.0; SM-G892A Build/NRD90M; wv) AppleWebKit/537.36 (KHTML, like Gecko) Version/4.0 Chrome/60.0.3112.107 Mobile Safari/537.36"
161.35.47.151 - - [03/Apr/2025:08:18:04 -0400] "GET /chosen.php HTTP/1.1" 404 6615 "-" "Mozilla/5.0 (Linux; Android 7.0; SM-G892A Build/NRD90M; wv) AppleWebKit/537.36 (KHTML, like Gecko) Version/4.0 Chrome/60.0.3112.107 Mobile Safari/537.36"
5.35.69.6 - - [03/Apr/2025:08:25:32 -0400] "GET / HTTP/1.1" 200 97678 "-" "Mozilla/5.0 (Macintosh; Intel Mac OS X 10_15_7) AppleWebKit/537.36 (KHTML, like Gecko) Chrome/133.0.0.0 Safari/537.36"
89.110.109.74 - - [03/Apr/2025:08:35:00 -0400] "GET / HTTP/1.1" 200 97678 "-" "Mozilla/5.0 (Macintosh; Intel Mac OS X 10_15_7) AppleWebKit/537.36 (KHTML, like Gecko) Chrome/133.0.0.0 Safari/537.36"
89.110.103.94 - - [03/Apr/2025:08:35:34 -0400] "GET / HTTP/1.1" 200 97678 "-" "Mozilla/5.0 (Macintosh; Intel Mac OS X 10_15_7) AppleWebKit/537.36 (KHTML, like Gecko) Chrome/133.0.0.0 Safari/537.36"
198.54.114.83 - - [03/Apr/2025:08:38:48 -0400] "POST /wp-cron.php?doing_wp_cron=1743683928.3686599731445312500000 HTTP/1.1" 200 0 "-" "WordPress/6.7.2; https://baernblog.com"
157.245.155.211 - - [03/Apr/2025:08:38:48 -0400] "GET /uploaded_script.php HTTP/1.1" 404 6615 "www.google.com" "Mozilla/5.0 (Linux; Android 7.0; SM-G892A Build/NRD90M; wv) AppleWebKit/537.36 (KHTML, like Gecko) Version/4.0 Chrome/60.0.3112.107 Mobile Safari/537.36"
91.84.111.136 - - [03/Apr/2025:08:39:21 -0400] "GET / HTTP/1.1" 200 97678 "-" "Mozilla/5.0 (Macintosh; Intel Mac OS X 10_15_7) AppleWebKit/537.36 (KHTML, like Gecko) Chrome/133.0.0.0 Safari/537.36"
80.85.246.217 - - [03/Apr/2025:08:39:33 -0400] "GET / HTTP/1.1" 200 97678 "-" "Mozilla/5.0 (Macintosh; Intel Mac OS X 10_15_7) AppleWebKit/537.36 (KHTML, like Gecko) Chrome/133.0.0.0 Safari/537.36"
198.54.114.83 - - [03/Apr/2025:08:48:17 -0400] "POST /wp-cron.php?doing_wp_cron=1743684497.9034979343414306640625 HTTP/1.1" 200 0 "-" "WordPress/6.7.2; https://baernblog.com"
167.99.54.225 - - [03/Apr/2025:08:48:17 -0400] "GET /geju.php HTTP/1.1" 404 6615 "-" "Mozlila/5.0 (Linux; Android 7.0; SM-G892A Build/NRD90M; wv) AppleWebKit/537.36 (KHTML, like Gecko) Version/4.0 Chrome/60.0.3112.107 Mobile Safari/537.36"
198.54.114.83 - - [03/Apr/2025:08:48:20 -0400] "POST /wp-cron.php?doing_wp_cron=1743684499.9351670742034912109375 HTTP/1.1" 200 0 "-" "WordPress/6.7.2; https://baernblog.com"
167.99.54.225 - - [03/Apr/2025:08:48:19 -0400] "GET /wp-content/plugins/about.php HTTP/1.1" 404 6615 "-" "Mozlila/5.0 (Linux; Android 7.0; SM-G892A Build/NRD90M; wv) AppleWebKit/537.36 (KHTML, like Gecko) Version/4.0 Chrome/60.0.3112.107 Mobile Safari/537.36"
167.99.54.225 - - [03/Apr/2025:08:48:20 -0400] "GET /wp.php HTTP/1.1" 404 6615 "-" "Mozlila/5.0 (Linux; Android 7.0; SM-G892A Build/NRD90M; wv) AppleWebKit/537.36 (KHTML, like Gecko) Version/4.0 Chrome/60.0.3112.107 Mobile Safari/537.36"
216.244.66.198 - - [03/Apr/2025:08:50:40 -0400] "GET /robots.txt HTTP/1.1" 200 124 "-" "Mozilla/5.0 (compatible; DotBot/1.2; +https://opensiteexplorer.org/dotbot; help@moz.com)"
66.249.68.130 - - [03/Apr/2025:08:51:10 -0400] "GET / HTTP/1.1" 200 97678 "-" "Mozilla/5.0 (compatible; Googlebot/2.1; +http://www.google.com/bot.html)"
66.249.68.132 - - [03/Apr/2025:08:51:11 -0400] "GET / HTTP/1.1" 200 97678 "-" "Mozilla/5.0 (Linux; Android 6.0.1; Nexus 5X Build/MMB29P) AppleWebKit/537.36 (KHTML, like Gecko) Chrome/99.0.4844.84 Mobile Safari/537.36 (compatible; Googlebot/2.1; +http://www.google.com/bot.html)"
66.249.68.132 - - [03/Apr/2025:08:52:07 -0400] "GET /favicon.ico HTTP/1.1" 404 1251 "-" "Googlebot-Image/1.0"
91.84.104.205 - - [03/Apr/2025:08:54:40 -0400] "GET / HTTP/1.1" 200 97678 "-" "Mozilla/5.0 (Macintosh; Intel Mac OS X 10_15_7) AppleWebKit/537.36 (KHTML, like Gecko) Chrome/133.0.0.0 Safari/537.36"
195.26.224.235 - - [03/Apr/2025:08:59:59 -0400] "GET / HTTP/1.1" 200 97678 "-" "Mozilla/5.0 (Macintosh; Intel Mac OS X 10_15_7) AppleWebKit/537.36 (KHTML, like Gecko) Chrome/133.0.0.0 Safari/537.36"
77.238.230.6 - - [03/Apr/2025:09:02:01 -0400] "GET / HTTP/1.1" 200 97678 "-" "Mozilla/5.0 (Macintosh; Intel Mac OS X 10_15_7) AppleWebKit/537.36 (KHTML, like Gecko) Chrome/133.0.0.0 Safari/537.36"
185.157.214.24 - - [03/Apr/2025:09:03:27 -0400] "GET / HTTP/1.1" 200 97678 "-" "Mozilla/5.0 (Macintosh; Intel Mac OS X 10_15_7) AppleWebKit/537.36 (KHTML, like Gecko) Chrome/133.0.0.0 Safari/537.36"
198.54.114.83 - - [03/Apr/2025:09:14:22 -0400] "POST /wp-cron.php?doing_wp_cron=1743686061.7796781063079833984375 HTTP/1.1" 200 0 "-" "WordPress/6.7.2; https://baernblog.com"
103.153.202.96 - - [03/Apr/2025:09:14:18 -0400] "GET /admin.php HTTP/1.1" 404 6615 "http://baernblog.com/admin.php" "Mozilla/4.0 (compatible; MSIE 9.0; Windows NT 6.1)"
80.85.246.217 - - [03/Apr/2025:09:17:30 -0400] "GET / HTTP/1.1" 200 97678 "-" "Mozilla/5.0 (Macintosh; Intel Mac OS X 10_15_7) AppleWebKit/537.36 (KHTML, like Gecko) Chrome/133.0.0.0 Safari/537.36"
158.174.135.188 - - [03/Apr/2025:09:24:03 -0400] "GET / HTTP/1.1" 200 97678 "-" "Timpibot/0.9 (+http://www.timpi.io)"
195.26.225.209 - - [03/Apr/2025:09:24:36 -0400] "GET / HTTP/1.1" 200 97678 "-" "Mozilla/5.0 (Macintosh; Intel Mac OS X 10_15_7) AppleWebKit/537.36 (KHTML, like Gecko) Chrome/133.0.0.0 Safari/537.36"
198.54.114.83 - - [03/Apr/2025:09:25:07 -0400] "POST /wp-cron.php?doing_wp_cron=1743686706.8217329978942871093750 HTTP/1.1" 200 0 "-" "WordPress/6.7.2; https://baernblog.com"
2001:67c:2660:425:b::237 - - [03/Apr/2025:09:25:06 -0400] "GET /assets/ckfinder/core/connector/php/connector.php HTTP/1.1" 404 6615 "-" "Mozilla/5.0 (Windows NT 10.0; Win64; x64) AppleWebKit/537.36 (KHTML, like Gecko) Chrome/133.0.0.0 Safari/537.36"
2001:67c:2660:425:26::221 - - [03/Apr/2025:09:25:06 -0400] "GET /js/ckfinder/core/connector/php/connector.php HTTP/1.1" 404 6615 "-" "Mozilla/5.0 (Windows NT 10.0; Win64; x64) AppleWebKit/537.36 (KHTML, like Gecko) Chrome/133.0.0.0 Safari/537.36"
2001:67c:2660:425:26::cb - - [03/Apr/2025:09:25:06 -0400] "GET /ckeditor/ckfinder/core/connector/php/connector.php HTTP/1.1" 404 6615 "-" "Mozilla/5.0 (Windows NT 10.0; Win64; x64) AppleWebKit/537.36 (KHTML, like Gecko) Chrome/133.0.0.0 Safari/537.36"
2001:67c:2660:425:26::36d - - [03/Apr/2025:09:25:06 -0400] "GET /ckfinder/core/connector/php/connector.php HTTP/1.1" 404 6615 "-" "Mozilla/5.0 (Windows NT 10.0; Win64; x64) AppleWebKit/537.36 (KHTML, like Gecko) Chrome/133.0.0.0 Safari/537.36"
2001:67c:2660:425:25::399 - - [03/Apr/2025:09:25:07 -0400] "GET /admin/ckfinder/core/connector/php/connector.php HTTP/1.1" 404 6615 "-" "Mozilla/5.0 (Windows NT 10.0; Win64; x64) AppleWebKit/537.36 (KHTML, like Gecko) Chrome/133.0.0.0 Safari/537.36"
2001:67c:2660:425:26::383 - - [03/Apr/2025:09:25:06 -0400] "GET /application/third_party/ckfinder/core/connector/php/connector.php HTTP/1.1" 404 6615 "-" "Mozilla/5.0 (Windows NT 10.0; Win64; x64) AppleWebKit/537.36 (KHTML, like Gecko) Chrome/133.0.0.0 Safari/537.36"
198.54.114.83 - - [03/Apr/2025:09:29:14 -0400] "POST /wp-cron.php?doing_wp_cron=1743686954.1537680625915527343750 HTTP/1.1" 200 0 "-" "WordPress/6.7.2; https://baernblog.com"
222.186.134.245 - - [03/Apr/2025:09:29:13 -0400] "GET /plus/img/df_dedetitle.gif HTTP/1.1" 404 6615 "http://baernblog.com/plus/img/df_dedetitle.gif" "Mozilla/4.0 (compatible; MSIE 9.0; Windows NT 6.1)"
5.35.69.6 - - [03/Apr/2025:09:29:45 -0400] "GET / HTTP/1.1" 200 97678 "-" "Mozilla/5.0 (Macintosh; Intel Mac OS X 10_15_7) AppleWebKit/537.36 (KHTML, like Gecko) Chrome/133.0.0.0 Safari/537.36"
212.34.154.131 - - [03/Apr/2025:09:46:13 -0400] "GET / HTTP/1.1" 200 97678 "-" "Mozilla/5.0 (Macintosh; Intel Mac OS X 10_15_7) AppleWebKit/537.36 (KHTML, like Gecko) Chrome/133.0.0.0 Safari/537.36"
66.229.0.98 - - [03/Apr/2025:09:49:57 -0400] "GET / HTTP/1.1" 200 97678 "-" "Timpibot/0.9 (+http://www.timpi.io)"
43.153.86.78 - - [03/Apr/2025:09:51:12 -0400] "GET / HTTP/1.1" 200 97678 "-" "Mozilla/5.0 (iPhone; CPU iPhone OS 13_2_3 like Mac OS X) AppleWebKit/605.1.15 (KHTML, like Gecko) Version/13.0.3 Mobile/15E148 Safari/604.1"
91.84.109.110 - - [03/Apr/2025:09:55:24 -0400] "GET / HTTP/1.1" 200 97678 "-" "Mozilla/5.0 (Macintosh; Intel Mac OS X 10_15_7) AppleWebKit/537.36 (KHTML, like Gecko) Chrome/133.0.0.0 Safari/537.36"
212.34.154.131 - - [03/Apr/2025:10:03:18 -0400] "GET / HTTP/1.1" 200 97678 "-" "Mozilla/5.0 (Macintosh; Intel Mac OS X 10_15_7) AppleWebKit/537.36 (KHTML, like Gecko) Chrome/133.0.0.0 Safari/537.36"
51.222.253.17 - - [03/Apr/2025:10:04:47 -0400] "GET /robots.txt HTTP/1.1" 200 124 "-" "Mozilla/5.0 (compatible; AhrefsBot/7.0; +http://ahrefs.com/robot/)"
89.110.103.94 - - [03/Apr/2025:10:16:35 -0400] "GET / HTTP/1.1" 200 97678 "-" "Mozilla/5.0 (Macintosh; Intel Mac OS X 10_15_7) AppleWebKit/537.36 (KHTML, like Gecko) Chrome/133.0.0.0 Safari/537.36"
216.244.66.198 - - [03/Apr/2025:10:18:41 -0400] "GET /robots.txt HTTP/1.1" 304 0 "-" "Mozilla/5.0 (compatible; DotBot/1.2; +https://opensiteexplorer.org/dotbot; help@moz.com)"
2001:b011:6c11:3ad:fc5f:ca03:154d:7bec - - [03/Apr/2025:10:36:32 -0400] "GET / HTTP/1.1" 200 97678 "https://www.hilaryewyss.com/" "Mozilla/5.0 (compatible; Baiduspider/2.0; +http://www.baidu.com/search/spider.html)"
54.36.148.224 - - [03/Apr/2025:10:44:29 -0400] "GET / HTTP/1.1" 200 97678 "-" "Mozilla/5.0 (compatible; AhrefsBot/7.0; +http://ahrefs.com/robot/)"
193.32.126.224 - - [03/Apr/2025:11:22:45 -0400] "POST /wp-login.php HTTP/1.1" 302 0 "http://baernblog.com/wp-admin/" "Mozilla/5.0 (Windows NT 10.0; Win64; x64) AppleWebKit/537.36 (KHTML, like Gecko) Chrome/90.0.4430.85 Safari/537.36"
198.54.114.83 - - [03/Apr/2025:11:22:48 -0400] "POST /wp-cron.php?doing_wp_cron=1743693766.0470418930053710937500 HTTP/1.1" 200 0 "-" "WordPress/6.7.2; https://baernblog.com"
74.208.42.172 - - [03/Apr/2025:11:29:31 -0400] "HEAD / HTTP/1.1" 200 0 "-" "www.deadlinkchecker.com Mozilla/5.0 (Windows NT 10.0; Win64; x64) AppleWebKit/537.36 (KHTML, like Gecko) Chrome/108.0.0.0 Safari/537.36"
216.244.66.198 - - [03/Apr/2025:11:44:45 -0400] "GET /robots.txt HTTP/1.1" 200 124 "-" "Mozilla/5.0 (compatible; DotBot/1.2; +https://opensiteexplorer.org/dotbot; help@moz.com)"
185.21.14.193 - - [03/Apr/2025:11:59:35 -0400] "GET / HTTP/1.1" 200 97678 "-" "Mozilla/5.0 (Macintosh; Intel Mac OS X 10_15_7) AppleWebKit/537.36 (KHTML, like Gecko) Chrome/133.0.0.0 Safari/537.36"
198.54.114.83 - - [03/Apr/2025:12:05:26 -0400] "POST /wp-cron.php?doing_wp_cron=1743696326.0262999534606933593750 HTTP/1.1" 200 0 "-" "WordPress/6.7.2; https://baernblog.com"
193.32.126.224 - - [03/Apr/2025:12:05:24 -0400] "POST /wp-login.php HTTP/1.1" 302 0 "http://baernblog.com/wp-admin/" "Mozilla/5.0 (Windows NT 10.0; Win64; x64) AppleWebKit/537.36 (KHTML, like Gecko) Chrome/90.0.4430.85 Safari/537.36"
212.34.154.131 - - [03/Apr/2025:12:06:26 -0400] "GET / HTTP/1.1" 200 97678 "-" "Mozilla/5.0 (Macintosh; Intel Mac OS X 10_15_7) AppleWebKit/537.36 (KHTML, like Gecko) Chrome/133.0.0.0 Safari/537.36"
77.238.230.6 - - [03/Apr/2025:12:11:44 -0400] "GET / HTTP/1.1" 200 97678 "-" "Mozilla/5.0 (Macintosh; Intel Mac OS X 10_15_7) AppleWebKit/537.36 (KHTML, like Gecko) Chrome/133.0.0.0 Safari/537.36"
185.157.214.24 - - [03/Apr/2025:12:11:53 -0400] "GET / HTTP/1.1" 200 97678 "-" "Mozilla/5.0 (Macintosh; Intel Mac OS X 10_15_7) AppleWebKit/537.36 (KHTML, like Gecko) Chrome/133.0.0.0 Safari/537.36"
88.210.10.79 - - [03/Apr/2025:12:17:28 -0400] "GET / HTTP/1.1" 200 97678 "-" "Mozilla/5.0 (Macintosh; Intel Mac OS X 10_15_7) AppleWebKit/537.36 (KHTML, like Gecko) Chrome/133.0.0.0 Safari/537.36"
23.94.73.156 - - [03/Apr/2025:12:19:13 -0400] "GET / HTTP/1.1" 200 97678 "-" "Mozilla/5.0 (Windows NT 10.0; Win64; x64; rv:88.0) Gecko/20100101 Firefox/88.0"
3.143.252.179 - - [03/Apr/2025:12:32:42 -0400] "GET / HTTP/1.1" 200 97678 "-" "Mozilla/5.0 (Windows NT 10.0; Win64; x64) AppleWebKit/537.36 (KHTML, like Gecko) Chrome/90.0.4430.85 Safari/537.36"
3.143.252.179 - - [03/Apr/2025:12:32:42 -0400] "GET / HTTP/1.1" 200 97678 "-" "Mozilla/5.0 (Windows NT 10.0; Win64; x64) AppleWebKit/537.36 (KHTML, like Gecko) Chrome/90.0.4430.85 Safari/537.36"
198.54.114.83 - - [03/Apr/2025:12:32:43 -0400] "POST /wp-cron.php?doing_wp_cron=1743697963.0553390979766845703125 HTTP/1.1" 200 0 "-" "WordPress/6.7.2; https://baernblog.com"
3.143.252.179 - - [03/Apr/2025:12:32:42 -0400] "GET /wp-includes/wlwmanifest.xml HTTP/1.1" 404 6615 "-" "Mozilla/5.0 (Windows NT 10.0; Win64; x64) AppleWebKit/537.36 (KHTML, like Gecko) Chrome/90.0.4430.85 Safari/537.36"
3.143.252.179 - - [03/Apr/2025:12:32:43 -0400] "GET /?author=1 HTTP/1.1" 200 97678 "-" "Mozilla/5.0 (Windows NT 10.0; Win64; x64) AppleWebKit/537.36 (KHTML, like Gecko) Chrome/90.0.4430.85 Safari/537.36"
3.143.252.179 - - [03/Apr/2025:12:32:44 -0400] "GET /?author=2 HTTP/1.1" 200 97678 "-" "Mozilla/5.0 (Windows NT 10.0; Win64; x64) AppleWebKit/537.36 (KHTML, like Gecko) Chrome/90.0.4430.85 Safari/537.36"
3.143.252.179 - - [03/Apr/2025:12:32:44 -0400] "GET /wp-json/wp/v2/users/ HTTP/1.1" 200 1325 "-" "Mozilla/5.0 (Windows NT 10.0; Win64; x64) AppleWebKit/537.36 (KHTML, like Gecko) Chrome/90.0.4430.85 Safari/537.36"
195.26.224.235 - - [03/Apr/2025:12:41:23 -0400] "GET / HTTP/1.1" 200 97678 "-" "Mozilla/5.0 (Macintosh; Intel Mac OS X 10_15_7) AppleWebKit/537.36 (KHTML, like Gecko) Chrome/133.0.0.0 Safari/537.36"
198.54.114.83 - - [03/Apr/2025:12:42:43 -0400] "POST /wp-cron.php?doing_wp_cron=1743698563.0004990100860595703125 HTTP/1.1" 200 0 "-" "WordPress/6.7.2; https://baernblog.com"
103.100.159.251 - - [03/Apr/2025:12:42:41 -0400] "GET /admin/index.php HTTP/1.1" 301 0 "-" "python-requests/2.32.3"
103.100.159.251 - - [03/Apr/2025:12:42:44 -0400] "GET /admin/ HTTP/1.1" 302 0 "-" "python-requests/2.32.3"
198.54.114.83 - - [03/Apr/2025:12:43:49 -0400] "POST /wp-cron.php?doing_wp_cron=1743698629.1531701087951660156250 HTTP/1.1" 200 0 "-" "WordPress/6.7.2; https://baernblog.com"
161.35.47.151 - - [03/Apr/2025:12:43:48 -0400] "GET /modules/mod_araticlws/mod_araticlws.php HTTP/1.1" 404 6615 "-" "Mozilla/5.0 (Linux; Android 7.0; SM-G892A Build/NRD90M; wv) AppleWebKit/537.36 (KHTML, like Gecko) Version/4.0 Chrome/60.0.3112.107 Mobile Safari/537.36"
161.35.47.151 - - [03/Apr/2025:12:43:51 -0400] "GET /modules/mod_ariimageslidersa/mod_ariimageslidersa.php HTTP/1.1" 404 6616 "-" "Mozilla/5.0 (Linux; Android 7.0; SM-G892A Build/NRD90M; wv) AppleWebKit/537.36 (KHTML, like Gecko) Version/4.0 Chrome/60.0.3112.107 Mobile Safari/537.36"
161.35.47.151 - - [03/Apr/2025:12:43:52 -0400] "GET /administrator/templates/bluestork/error.php HTTP/1.1" 404 6616 "-" "Mozilla/5.0 (Linux; Android 7.0; SM-G892A Build/NRD90M; wv) AppleWebKit/537.36 (KHTML, like Gecko) Version/4.0 Chrome/60.0.3112.107 Mobile Safari/537.36"
161.35.47.151 - - [03/Apr/2025:12:43:53 -0400] "GET /templates/atomic/error.php HTTP/1.1" 404 6615 "-" "Mozilla/5.0 (Linux; Android 7.0; SM-G892A Build/NRD90M; wv) AppleWebKit/537.36 (KHTML, like Gecko) Version/4.0 Chrome/60.0.3112.107 Mobile Safari/537.36"
161.35.47.151 - - [03/Apr/2025:12:43:55 -0400] "GET /templates/beez/index.php HTTP/1.1" 301 0 "-" "Mozilla/5.0 (Linux; Android 7.0; SM-G892A Build/NRD90M; wv) AppleWebKit/537.36 (KHTML, like Gecko) Version/4.0 Chrome/60.0.3112.107 Mobile Safari/537.36"
161.35.47.151 - - [03/Apr/2025:12:43:56 -0400] "GET /templates/beez/ HTTP/1.1" 404 6615 "-" "Mozilla/5.0 (Linux; Android 7.0; SM-G892A Build/NRD90M; wv) AppleWebKit/537.36 (KHTML, like Gecko) Version/4.0 Chrome/60.0.3112.107 Mobile Safari/537.36"
88.210.10.79 - - [03/Apr/2025:12:46:20 -0400] "GET / HTTP/1.1" 200 97678 "-" "Mozilla/5.0 (Macintosh; Intel Mac OS X 10_15_7) AppleWebKit/537.36 (KHTML, like Gecko) Chrome/133.0.0.0 Safari/537.36"
195.26.224.235 - - [03/Apr/2025:13:00:55 -0400] "GET / HTTP/1.1" 200 97678 "-" "Mozilla/5.0 (Macintosh; Intel Mac OS X 10_15_7) AppleWebKit/537.36 (KHTML, like Gecko) Chrome/133.0.0.0 Safari/537.36"
195.200.26.27 - - [03/Apr/2025:13:04:23 -0400] "GET / HTTP/1.1" 200 97678 "-" "Mozilla/5.0 (Macintosh; Intel Mac OS X 10_15_7) AppleWebKit/537.36 (KHTML, like Gecko) Chrome/133.0.0.0 Safari/537.36"
23.94.73.156 - - [03/Apr/2025:13:09:19 -0400] "GET / HTTP/1.1" 200 97678 "-" "Mozilla/5.0 (Windows NT 10.0; Win64; x64; rv:88.0) Gecko/20100101 Firefox/88.0"
216.244.66.198 - - [03/Apr/2025:13:10:28 -0400] "GET /robots.txt HTTP/1.1" 304 0 "-" "Mozilla/5.0 (compatible; DotBot/1.2; +https://opensiteexplorer.org/dotbot; help@moz.com)"
212.34.154.131 - - [03/Apr/2025:13:22:35 -0400] "GET / HTTP/1.1" 200 97678 "-" "Mozilla/5.0 (Macintosh; Intel Mac OS X 10_15_7) AppleWebKit/537.36 (KHTML, like Gecko) Chrome/133.0.0.0 Safari/537.36"
185.157.214.24 - - [03/Apr/2025:13:26:04 -0400] "GET / HTTP/1.1" 200 97678 "-" "Mozilla/5.0 (Macintosh; Intel Mac OS X 10_15_7) AppleWebKit/537.36 (KHTML, like Gecko) Chrome/133.0.0.0 Safari/537.36"
195.200.26.27 - - [03/Apr/2025:13:27:11 -0400] "GET / HTTP/1.1" 200 97678 "-" "Mozilla/5.0 (Macintosh; Intel Mac OS X 10_15_7) AppleWebKit/537.36 (KHTML, like Gecko) Chrome/133.0.0.0 Safari/537.36"
195.200.26.27 - - [03/Apr/2025:13:32:59 -0400] "GET / HTTP/1.1" 200 97678 "-" "Mozilla/5.0 (Macintosh; Intel Mac OS X 10_15_7) AppleWebKit/537.36 (KHTML, like Gecko) Chrome/133.0.0.0 Safari/537.36"
195.26.224.235 - - [03/Apr/2025:13:39:56 -0400] "GET / HTTP/1.1" 200 97678 "-" "Mozilla/5.0 (Macintosh; Intel Mac OS X 10_15_7) AppleWebKit/537.36 (KHTML, like Gecko) Chrome/133.0.0.0 Safari/537.36"
212.34.153.180 - - [03/Apr/2025:13:48:49 -0400] "GET / HTTP/1.1" 200 97678 "-" "Mozilla/5.0 (Macintosh; Intel Mac OS X 10_15_7) AppleWebKit/537.36 (KHTML, like Gecko) Chrome/133.0.0.0 Safari/537.36"
216.244.66.198 - - [03/Apr/2025:13:53:28 -0400] "GET /robots.txt HTTP/1.1" 304 0 "-" "Mozilla/5.0 (compatible; DotBot/1.2; +https://opensiteexplorer.org/dotbot; help@moz.com)"
91.84.104.205 - - [03/Apr/2025:13:53:50 -0400] "GET / HTTP/1.1" 200 97678 "-" "Mozilla/5.0 (Macintosh; Intel Mac OS X 10_15_7) AppleWebKit/537.36 (KHTML, like Gecko) Chrome/133.0.0.0 Safari/537.36"
212.34.146.152 - - [03/Apr/2025:13:56:59 -0400] "GET / HTTP/1.1" 200 97678 "-" "Mozilla/5.0 (Macintosh; Intel Mac OS X 10_15_7) AppleWebKit/537.36 (KHTML, like Gecko) Chrome/133.0.0.0 Safari/537.36"
34.162.151.67 - - [03/Apr/2025:14:00:28 -0400] "GET / HTTP/1.1" 200 97678 "-" "Mozilla/5.0 (Macintosh; Intel Mac OS X 10_15_7) AppleWebKit/537.36 (KHTML, like Gecko) Chrome/127.0.0.0 Safari/537.36"
198.54.114.83 - - [03/Apr/2025:14:00:33 -0400] "POST /wp-cron.php?doing_wp_cron=1743703232.8748250007629394531250 HTTP/1.1" 200 0 "-" "WordPress/6.7.2; https://baernblog.com"
34.162.151.67 - - [03/Apr/2025:14:00:29 -0400] "GET /app/ HTTP/1.1" 301 0 "-" "Mozilla/5.0 (Macintosh; Intel Mac OS X 10_15_7) AppleWebKit/537.36 (KHTML, like Gecko) Chrome/127.0.0.0 Safari/537.36"
34.162.151.67 - - [03/Apr/2025:14:00:34 -0400] "GET /login/ HTTP/1.1" 302 0 "-" "Mozilla/5.0 (Macintosh; Intel Mac OS X 10_15_7) AppleWebKit/537.36 (KHTML, like Gecko) Chrome/127.0.0.0 Safari/537.36"
34.162.151.67 - - [03/Apr/2025:14:00:35 -0400] "GET /@ali/lzdmod-site-menu-pc/pc/index.css HTTP/1.1" 404 6615 "-" "Mozilla/5.0 (Macintosh; Intel Mac OS X 10_15_7) AppleWebKit/537.36 (KHTML, like Gecko) Chrome/127.0.0.0 Safari/537.36"
34.162.151.67 - - [03/Apr/2025:14:00:35 -0400] "GET /@ali/lzdmod-site-nav-pc/pc/index.css HTTP/1.1" 404 6615 "-" "Mozilla/5.0 (Macintosh; Intel Mac OS X 10_15_7) AppleWebKit/537.36 (KHTML, like Gecko) Chrome/127.0.0.0 Safari/537.36"
34.162.151.67 - - [03/Apr/2025:14:00:36 -0400] "GET /@ali/lzdmod-desktop-footer/pc/index.css HTTP/1.1" 404 6615 "-" "Mozilla/5.0 (Macintosh; Intel Mac OS X 10_15_7) AppleWebKit/537.36 (KHTML, like Gecko) Chrome/127.0.0.0 Safari/537.36"
34.162.151.67 - - [03/Apr/2025:14:00:38 -0400] "GET /@ali/lzdmod-site-menu-nav-pc/pc/index.css HTTP/1.1" 404 6615 "-" "Mozilla/5.0 (Macintosh; Intel Mac OS X 10_15_7) AppleWebKit/537.36 (KHTML, like Gecko) Chrome/127.0.0.0 Safari/537.36"
34.162.151.67 - - [03/Apr/2025:14:00:39 -0400] "GET / HTTP/1.1" 200 97678 "-" "Mozilla/5.0 (Macintosh; Intel Mac OS X 10_15_7) AppleWebKit/537.36 (KHTML, like Gecko) Chrome/127.0.0.0 Safari/537.36"
34.162.151.67 - - [03/Apr/2025:14:00:39 -0400] "GET /app/ HTTP/1.1" 301 0 "-" "Mozilla/5.0 (Macintosh; Intel Mac OS X 10_15_7) AppleWebKit/537.36 (KHTML, like Gecko) Chrome/127.0.0.0 Safari/537.36"
34.162.151.67 - - [03/Apr/2025:14:00:39 -0400] "GET /login/ HTTP/1.1" 302 0 "-" "Mozilla/5.0 (Macintosh; Intel Mac OS X 10_15_7) AppleWebKit/537.36 (KHTML, like Gecko) Chrome/127.0.0.0 Safari/537.36"
212.34.155.126 - - [03/Apr/2025:14:08:52 -0400] "GET / HTTP/1.1" 200 97678 "-" "Mozilla/5.0 (Macintosh; Intel Mac OS X 10_15_7) AppleWebKit/537.36 (KHTML, like Gecko) Chrome/133.0.0.0 Safari/537.36"
195.26.225.209 - - [03/Apr/2025:14:14:38 -0400] "GET / HTTP/1.1" 200 97678 "-" "Mozilla/5.0 (Macintosh; Intel Mac OS X 10_15_7) AppleWebKit/537.36 (KHTML, like Gecko) Chrome/133.0.0.0 Safari/537.36"
198.54.114.83 - - [03/Apr/2025:14:28:51 -0400] "POST /wp-cron.php?doing_wp_cron=1743704931.1263639926910400390625 HTTP/1.1" 200 0 "-" "WordPress/6.7.2; https://baernblog.com"
213.35.112.173 - - [03/Apr/2025:14:28:49 -0400] "GET /media/system/js/core.js HTTP/1.1" 404 6615 "-" "Mozilla/5.0 (Macintosh; Intel Mac OS X 10_10_1) AppleWebKit/537.36 (KHTML, like Gecko) Chrome/39.0.2171.95 Safari/537.36"
213.35.112.173 - - [03/Apr/2025:14:28:52 -0400] "GET /wp-includes/js/jquery/jquery.js HTTP/1.1" 200 102492 "-" "Mozilla/5.0 (Macintosh; Intel Mac OS X 10_10_1) AppleWebKit/537.36 (KHTML, like Gecko) Chrome/39.0.2171.95 Safari/537.36"
216.244.66.198 - - [03/Apr/2025:14:36:22 -0400] "GET /robots.txt HTTP/1.1" 200 124 "-" "Mozilla/5.0 (compatible; DotBot/1.2; +https://opensiteexplorer.org/dotbot; help@moz.com)"
212.34.154.131 - - [03/Apr/2025:14:36:24 -0400] "GET / HTTP/1.1" 200 97678 "-" "Mozilla/5.0 (Macintosh; Intel Mac OS X 10_15_7) AppleWebKit/537.36 (KHTML, like Gecko) Chrome/133.0.0.0 Safari/537.36"
195.26.224.235 - - [03/Apr/2025:14:37:27 -0400] "GET / HTTP/1.1" 200 97678 "-" "Mozilla/5.0 (Macintosh; Intel Mac OS X 10_15_7) AppleWebKit/537.36 (KHTML, like Gecko) Chrome/133.0.0.0 Safari/537.36"
103.142.103.89 - - [03/Apr/2025:14:42:58 -0400] "GET //admin/privilege.php HTTP/1.1" 301 0 "-" "Mozilla/5.0 (Windows NT 10.0; Win64; x64) AppleWebKit/537.36 (KHTML, like Gecko) Chrome/120.0.0.0 Safari/537.36"
103.142.103.89 - - [03/Apr/2025:14:42:58 -0400] "GET /admin/privilege.php HTTP/1.1" 404 6615 "-" "Mozilla/5.0 (Windows NT 10.0; Win64; x64) AppleWebKit/537.36 (KHTML, like Gecko) Chrome/120.0.0.0 Safari/537.36"
103.142.103.89 - - [03/Apr/2025:14:42:59 -0400] "GET //admin.php HTTP/1.1" 301 0 "-" "Mozilla/5.0 (Windows NT 10.0; Win64; x64) AppleWebKit/537.36 (KHTML, like Gecko) Chrome/120.0.0.0 Safari/537.36"
103.142.103.89 - - [03/Apr/2025:14:43:00 -0400] "GET /admin.php HTTP/1.1" 404 6615 "-" "Mozilla/5.0 (Windows NT 10.0; Win64; x64) AppleWebKit/537.36 (KHTML, like Gecko) Chrome/120.0.0.0 Safari/537.36"
103.142.103.89 - - [03/Apr/2025:14:43:01 -0400] "GET //dede/ HTTP/1.1" 301 0 "-" "Mozilla/5.0 (Windows NT 10.0; Win64; x64) AppleWebKit/537.36 (KHTML, like Gecko) Chrome/120.0.0.0 Safari/537.36"
103.142.103.89 - - [03/Apr/2025:14:43:03 -0400] "GET /dede/ HTTP/1.1" 404 6614 "-" "Mozilla/5.0 (Windows NT 10.0; Win64; x64) AppleWebKit/537.36 (KHTML, like Gecko) Chrome/120.0.0.0 Safari/537.36"
103.142.103.89 - - [03/Apr/2025:14:43:04 -0400] "GET //index.php?m=admin&c=index&a=login HTTP/1.1" 301 0 "-" "Mozilla/5.0 (Windows NT 10.0; Win64; x64) AppleWebKit/537.36 (KHTML, like Gecko) Chrome/120.0.0.0 Safari/537.36"
103.142.103.89 - - [03/Apr/2025:14:43:04 -0400] "GET /?m=admin&c=index&a=login HTTP/1.1" 200 97678 "-" "Mozilla/5.0 (Windows NT 10.0; Win64; x64) AppleWebKit/537.36 (KHTML, like Gecko) Chrome/120.0.0.0 Safari/537.36"
103.142.103.89 - - [03/Apr/2025:14:43:05 -0400] "GET //admin HTTP/1.1" 301 0 "-" "Mozilla/5.0 (Windows NT 10.0; Win64; x64) AppleWebKit/537.36 (KHTML, like Gecko) Chrome/120.0.0.0 Safari/537.36"
103.142.103.89 - - [03/Apr/2025:14:43:05 -0400] "GET /admin HTTP/1.1" 302 0 "-" "Mozilla/5.0 (Windows NT 10.0; Win64; x64) AppleWebKit/537.36 (KHTML, like Gecko) Chrome/120.0.0.0 Safari/537.36"
198.54.114.83 - - [03/Apr/2025:14:45:33 -0400] "POST /wp-cron.php?doing_wp_cron=1743705932.8385059833526611328125 HTTP/1.1" 200 0 "-" "WordPress/6.7.2; https://baernblog.com"
165.227.83.226 - - [03/Apr/2025:14:45:31 -0400] "POST /wp-login.php HTTP/1.1" 302 0 "http://baernblog.com/wp-admin/" "Mozilla/5.0 (Windows NT 10.0; Win64; x64) AppleWebKit/537.36 (KHTML, like Gecko) Chrome/90.0.4430.85 Safari/537.36"
165.227.83.226 - - [03/Apr/2025:14:45:33 -0400] "GET /wp-admin/ HTTP/1.1" 302 0 "www.google.com" "Mozilla/5.0 (Windows NT 10.0; Win64; x64) AppleWebKit/537.36 (KHTML, like Gecko) Chrome/90.0.4430.85 Safari/537.36"
3.81.127.14 - - [03/Apr/2025:14:46:40 -0400] "GET / HTTP/1.1" 200 97678 "-" "Mozilla/5.0 (Windows NT 10.0; Win64; x64) AppleWebKit/537.36 (KHTML, like Gecko) Chrome/90.0.4430.85 Safari/537.36"
3.81.127.14 - - [03/Apr/2025:14:46:40 -0400] "GET / HTTP/1.1" 200 97678 "-" "Mozilla/5.0 (Windows NT 10.0; Win64; x64) AppleWebKit/537.36 (KHTML, like Gecko) Chrome/90.0.4430.85 Safari/537.36"
198.54.114.83 - - [03/Apr/2025:14:46:42 -0400] "POST /wp-cron.php?doing_wp_cron=1743706001.6651749610900878906250 HTTP/1.1" 200 0 "-" "WordPress/6.7.2; https://baernblog.com"
3.81.127.14 - - [03/Apr/2025:14:46:41 -0400] "GET /wp-includes/wlwmanifest.xml HTTP/1.1" 404 6615 "-" "Mozilla/5.0 (Windows NT 10.0; Win64; x64) AppleWebKit/537.36 (KHTML, like Gecko) Chrome/90.0.4430.85 Safari/537.36"
3.81.127.14 - - [03/Apr/2025:14:46:43 -0400] "GET /?author=1 HTTP/1.1" 200 97678 "-" "Mozilla/5.0 (Windows NT 10.0; Win64; x64) AppleWebKit/537.36 (KHTML, like Gecko) Chrome/90.0.4430.85 Safari/537.36"
3.81.127.14 - - [03/Apr/2025:14:46:44 -0400] "GET /?author=2 HTTP/1.1" 200 97678 "-" "Mozilla/5.0 (Windows NT 10.0; Win64; x64) AppleWebKit/537.36 (KHTML, like Gecko) Chrome/90.0.4430.85 Safari/537.36"
3.81.127.14 - - [03/Apr/2025:14:46:44 -0400] "GET /wp-json/wp/v2/users/ HTTP/1.1" 200 1325 "-" "Mozilla/5.0 (Windows NT 10.0; Win64; x64) AppleWebKit/537.36 (KHTML, like Gecko) Chrome/90.0.4430.85 Safari/537.36"
195.200.26.27 - - [03/Apr/2025:15:00:47 -0400] "GET / HTTP/1.1" 200 97678 "-" "Mozilla/5.0 (Macintosh; Intel Mac OS X 10_15_7) AppleWebKit/537.36 (KHTML, like Gecko) Chrome/133.0.0.0 Safari/537.36"
89.110.80.171 - - [03/Apr/2025:15:06:10 -0400] "GET / HTTP/1.1" 200 97678 "-" "Mozilla/5.0 (Macintosh; Intel Mac OS X 10_15_7) AppleWebKit/537.36 (KHTML, like Gecko) Chrome/133.0.0.0 Safari/537.36"
195.26.225.209 - - [03/Apr/2025:15:12:00 -0400] "GET / HTTP/1.1" 200 97678 "-" "Mozilla/5.0 (Macintosh; Intel Mac OS X 10_15_7) AppleWebKit/537.36 (KHTML, like Gecko) Chrome/133.0.0.0 Safari/537.36"
212.34.154.131 - - [03/Apr/2025:15:16:22 -0400] "GET / HTTP/1.1" 200 97678 "-" "Mozilla/5.0 (Macintosh; Intel Mac OS X 10_15_7) AppleWebKit/537.36 (KHTML, like Gecko) Chrome/133.0.0.0 Safari/537.36"
4.227.36.17 - - [03/Apr/2025:15:17:18 -0400] "GET /robots.txt HTTP/1.1" 200 124 "-" "Mozilla/5.0 AppleWebKit/537.36 (KHTML, like Gecko; compatible; GPTBot/1.2; +https://openai.com/gptbot)"
89.110.115.121 - - [03/Apr/2025:15:26:00 -0400] "GET / HTTP/1.1" 200 97678 "-" "Mozilla/5.0 (Macintosh; Intel Mac OS X 10_15_7) AppleWebKit/537.36 (KHTML, like Gecko) Chrome/133.0.0.0 Safari/537.36"
212.34.155.126 - - [03/Apr/2025:15:32:30 -0400] "GET / HTTP/1.1" 200 97678 "-" "Mozilla/5.0 (Macintosh; Intel Mac OS X 10_15_7) AppleWebKit/537.36 (KHTML, like Gecko) Chrome/133.0.0.0 Safari/537.36"
88.210.10.79 - - [03/Apr/2025:15:37:13 -0400] "GET / HTTP/1.1" 200 97678 "-" "Mozilla/5.0 (Macintosh; Intel Mac OS X 10_15_7) AppleWebKit/537.36 (KHTML, like Gecko) Chrome/133.0.0.0 Safari/537.36"
212.34.146.152 - - [03/Apr/2025:15:45:25 -0400] "GET / HTTP/1.1" 200 97678 "-" "Mozilla/5.0 (Macintosh; Intel Mac OS X 10_15_7) AppleWebKit/537.36 (KHTML, like Gecko) Chrome/133.0.0.0 Safari/537.36"
185.147.125.18 - - [03/Apr/2025:15:45:58 -0400] "GET / HTTP/1.1" 200 97678 "http://baernblog.com/" "Mozilla/5.0 (Windows NT 10.0; Win64; x64) AppleWebKit/537.36 (KHTML, like Gecko) Chrome/131.0.0.0 Safari/537.36 Avast/131.0.0.0"
91.84.110.151 - - [03/Apr/2025:15:48:22 -0400] "GET / HTTP/1.1" 200 97678 "-" "Mozilla/5.0 (Macintosh; Intel Mac OS X 10_15_7) AppleWebKit/537.36 (KHTML, like Gecko) Chrome/133.0.0.0 Safari/537.36"
195.26.224.235 - - [03/Apr/2025:15:48:25 -0400] "GET / HTTP/1.1" 200 97678 "-" "Mozilla/5.0 (Macintosh; Intel Mac OS X 10_15_7) AppleWebKit/537.36 (KHTML, like Gecko) Chrome/133.0.0.0 Safari/537.36"
195.26.225.209 - - [03/Apr/2025:15:59:06 -0400] "GET / HTTP/1.1" 200 97678 "-" "Mozilla/5.0 (Macintosh; Intel Mac OS X 10_15_7) AppleWebKit/537.36 (KHTML, like Gecko) Chrome/133.0.0.0 Safari/537.36"
195.26.224.235 - - [03/Apr/2025:15:59:23 -0400] "GET / HTTP/1.1" 200 97678 "-" "Mozilla/5.0 (Macintosh; Intel Mac OS X 10_15_7) AppleWebKit/537.36 (KHTML, like Gecko) Chrome/133.0.0.0 Safari/537.36"
212.34.155.126 - - [03/Apr/2025:16:00:21 -0400] "GET / HTTP/1.1" 200 97678 "-" "Mozilla/5.0 (Macintosh; Intel Mac OS X 10_15_7) AppleWebKit/537.36 (KHTML, like Gecko) Chrome/133.0.0.0 Safari/537.36"
195.200.26.27 - - [03/Apr/2025:16:06:06 -0400] "GET / HTTP/1.1" 200 97678 "-" "Mozilla/5.0 (Macintosh; Intel Mac OS X 10_15_7) AppleWebKit/537.36 (KHTML, like Gecko) Chrome/133.0.0.0 Safari/537.36"
89.110.115.121 - - [03/Apr/2025:16:10:25 -0400] "GET / HTTP/1.1" 200 97678 "-" "Mozilla/5.0 (Macintosh; Intel Mac OS X 10_15_7) AppleWebKit/537.36 (KHTML, like Gecko) Chrome/133.0.0.0 Safari/537.36"
198.54.114.83 - - [03/Apr/2025:16:13:16 -0400] "POST /wp-cron.php?doing_wp_cron=1743711196.2630081176757812500000 HTTP/1.1" 200 0 "-" "WordPress/6.7.2; https://baernblog.com"
46.250.252.58 - - [03/Apr/2025:16:13:14 -0400] "GET /zwso.php HTTP/1.1" 404 6613 "www.google.com" "Mozlila/5.0 (Linux; Android 7.0; SM-G892A Bulid/NRD90M; wv) AppleWebKit/537.36 (KHTML, like Gecko) Version/4.0 Chrome/60.0.3112.107 Moblie Safari/537.36"
34.162.118.249 - - [03/Apr/2025:16:13:37 -0400] "GET / HTTP/1.1" 200 97678 "-" "Mozilla/5.0 (Macintosh; Intel Mac OS X 10_15_7) AppleWebKit/537.36 (KHTML, like Gecko) Chrome/127.0.0.0 Safari/537.36"
198.54.114.83 - - [03/Apr/2025:16:13:38 -0400] "POST /wp-cron.php?doing_wp_cron=1743711218.0836238861083984375000 HTTP/1.1" 200 0 "-" "WordPress/6.7.2; https://baernblog.com"
34.162.118.249 - - [03/Apr/2025:16:13:37 -0400] "GET /app/ HTTP/1.1" 301 0 "-" "Mozilla/5.0 (Macintosh; Intel Mac OS X 10_15_7) AppleWebKit/537.36 (KHTML, like Gecko) Chrome/127.0.0.0 Safari/537.36"
34.162.118.249 - - [03/Apr/2025:16:13:38 -0400] "GET /login/ HTTP/1.1" 302 0 "-" "Mozilla/5.0 (Macintosh; Intel Mac OS X 10_15_7) AppleWebKit/537.36 (KHTML, like Gecko) Chrome/127.0.0.0 Safari/537.36"
34.162.118.249 - - [03/Apr/2025:16:13:40 -0400] "GET /@ali/lzdmod-site-menu-nav-pc/pc/index.css HTTP/1.1" 404 6614 "-" "Mozilla/5.0 (Macintosh; Intel Mac OS X 10_15_7) AppleWebKit/537.36 (KHTML, like Gecko) Chrome/127.0.0.0 Safari/537.36"
34.162.118.249 - - [03/Apr/2025:16:13:40 -0400] "GET /@ali/lzdmod-desktop-footer/pc/index.css HTTP/1.1" 404 6614 "-" "Mozilla/5.0 (Macintosh; Intel Mac OS X 10_15_7) AppleWebKit/537.36 (KHTML, like Gecko) Chrome/127.0.0.0 Safari/537.36"
34.162.118.249 - - [03/Apr/2025:16:13:41 -0400] "GET /@ali/lzdmod-site-menu-pc/pc/index.css HTTP/1.1" 404 6614 "-" "Mozilla/5.0 (Macintosh; Intel Mac OS X 10_15_7) AppleWebKit/537.36 (KHTML, like Gecko) Chrome/127.0.0.0 Safari/537.36"
34.162.118.249 - - [03/Apr/2025:16:13:41 -0400] "GET /@ali/lzdmod-site-nav-pc/pc/index.css HTTP/1.1" 404 6614 "-" "Mozilla/5.0 (Macintosh; Intel Mac OS X 10_15_7) AppleWebKit/537.36 (KHTML, like Gecko) Chrome/127.0.0.0 Safari/537.36"
34.162.118.249 - - [03/Apr/2025:16:15:29 -0400] "GET / HTTP/1.1" 200 97678 "-" "Mozilla/5.0 (Macintosh; Intel Mac OS X 10_15_7) AppleWebKit/537.36 (KHTML, like Gecko) Chrome/127.0.0.0 Safari/537.36"
34.162.118.249 - - [03/Apr/2025:16:15:30 -0400] "GET /app/ HTTP/1.1" 301 0 "-" "Mozilla/5.0 (Macintosh; Intel Mac OS X 10_15_7) AppleWebKit/537.36 (KHTML, like Gecko) Chrome/127.0.0.0 Safari/537.36"
34.162.118.249 - - [03/Apr/2025:16:15:30 -0400] "GET /login/ HTTP/1.1" 302 0 "-" "Mozilla/5.0 (Macintosh; Intel Mac OS X 10_15_7) AppleWebKit/537.36 (KHTML, like Gecko) Chrome/127.0.0.0 Safari/537.36"
34.162.118.249 - - [03/Apr/2025:16:15:30 -0400] "GET / HTTP/1.1" 200 97678 "-" "Mozilla/5.0 (Macintosh; Intel Mac OS X 10_15_7) AppleWebKit/537.36 (KHTML, like Gecko) Chrome/127.0.0.0 Safari/537.36"
34.162.118.249 - - [03/Apr/2025:16:15:31 -0400] "GET /app/ HTTP/1.1" 301 0 "-" "Mozilla/5.0 (Macintosh; Intel Mac OS X 10_15_7) AppleWebKit/537.36 (KHTML, like Gecko) Chrome/127.0.0.0 Safari/537.36"
34.162.118.249 - - [03/Apr/2025:16:15:31 -0400] "GET /login/ HTTP/1.1" 302 0 "-" "Mozilla/5.0 (Macintosh; Intel Mac OS X 10_15_7) AppleWebKit/537.36 (KHTML, like Gecko) Chrome/127.0.0.0 Safari/537.36"
91.84.104.205 - - [03/Apr/2025:16:16:54 -0400] "GET / HTTP/1.1" 200 97678 "-" "Mozilla/5.0 (Macintosh; Intel Mac OS X 10_15_7) AppleWebKit/537.36 (KHTML, like Gecko) Chrome/133.0.0.0 Safari/537.36"
154.83.103.11 - - [03/Apr/2025:16:17:17 -0400] "GET /.git/HEAD HTTP/1.1" 403 1242 "-" "-"
198.54.114.83 - - [03/Apr/2025:16:17:24 -0400] "POST /wp-cron.php?doing_wp_cron=1743711444.4245629310607910156250 HTTP/1.1" 200 0 "-" "WordPress/6.7.2; https://baernblog.com"
154.83.103.11 - - [03/Apr/2025:16:17:22 -0400] "GET /.circleci/configs/development.yml HTTP/1.1" 404 6614 "-" "Mozilla/5.0 (Windows NT 10.0; Win64; x64) AppleWebKit/537.36 (KHTML, like Gecko) Chrome/91.0.4472.124 Safari/537.36"
154.83.103.11 - - [03/Apr/2025:16:17:25 -0400] "GET / HTTP/1.1" 200 97678 "-" "Mozilla/5.0 (Windows NT 10.0; Win64; x64) AppleWebKit/537.36 (KHTML, like Gecko) Chrome/91.0.4472.124 Safari/537.36"
198.54.114.83 - - [03/Apr/2025:16:17:39 -0400] "POST /wp-cron.php?doing_wp_cron=1743711459.2384879589080810546875 HTTP/1.1" 200 0 "-" "WordPress/6.7.2; https://baernblog.com"
154.83.103.11 - - [03/Apr/2025:16:17:39 -0400] "GET /.AWS_/credentials HTTP/1.1" 404 6614 "-" "Mozilla/5.0 (Windows NT 10.0; Win64; x64) AppleWebKit/537.36 (KHTML, like Gecko) Chrome/91.0.4472.124 Safari/537.36"
154.83.103.11 - - [03/Apr/2025:16:17:39 -0400] "GET /.aws/config HTTP/1.1" 404 6614 "-" "Mozilla/5.0 (Windows NT 10.0; Win64; x64) AppleWebKit/537.36 (KHTML, like Gecko) Chrome/91.0.4472.124 Safari/537.36"
154.83.103.11 - - [03/Apr/2025:16:17:40 -0400] "GET /.aws/credentials HTTP/1.1" 404 6614 "-" "Mozilla/5.0 (Windows NT 10.0; Win64; x64) AppleWebKit/537.36 (KHTML, like Gecko) Chrome/91.0.4472.124 Safari/537.36"
154.83.103.11 - - [03/Apr/2025:16:17:40 -0400] "GET /.env HTTP/1.1" 403 1242 "-" "Mozilla/5.0 (Windows NT 10.0; Win64; x64) AppleWebKit/537.36 (KHTML, like Gecko) Chrome/91.0.4472.124 Safari/537.36"
154.83.103.11 - - [03/Apr/2025:16:17:40 -0400] "GET /.env.bak HTTP/1.1" 403 1242 "-" "Mozilla/5.0 (Windows NT 10.0; Win64; x64) AppleWebKit/537.36 (KHTML, like Gecko) Chrome/91.0.4472.124 Safari/537.36"
154.83.103.11 - - [03/Apr/2025:16:17:41 -0400] "GET /.env.example HTTP/1.1" 403 1242 "-" "Mozilla/5.0 (Windows NT 10.0; Win64; x64) AppleWebKit/537.36 (KHTML, like Gecko) Chrome/91.0.4472.124 Safari/537.36"
