161.97.132.59 - - [02/Apr/2025:02:07:35 -0400] "GET /wp-admin/includes/wp-admin/includes/misc.php HTTP/1.1" 404 6614 "-" "Mozlila/5.0 (Linux; Android 7.0; SM-G892A Bulid/NRD90M; wv) AppleWebKit/537.36 (KHTML, like Gecko) Version/4.0 Chrome/60.0.3112.107 Moblie Safari/537.36"
161.97.132.59 - - [02/Apr/2025:02:07:40 -0400] "GET /wp-admin/includes//wp-admin/includes/ms-admin-filters.php HTTP/1.1" 301 0 "-" "Mozlila/5.0 (Linux; Android 7.0; SM-G892A Bulid/NRD90M; wv) AppleWebKit/537.36 (KHTML, like Gecko) Version/4.0 Chrome/60.0.3112.107 Moblie Safari/537.36"
161.97.132.59 - - [02/Apr/2025:02:07:40 -0400] "GET /wp-admin/includes/wp-admin/includes/ms-admin-filters.php HTTP/1.1" 404 6615 "-" "Mozlila/5.0 (Linux; Android 7.0; SM-G892A Bulid/NRD90M; wv) AppleWebKit/537.36 (KHTML, like Gecko) Version/4.0 Chrome/60.0.3112.107 Moblie Safari/537.36"
161.97.132.59 - - [02/Apr/2025:02:07:42 -0400] "GET /wp-admin/includes//wp-admin/includes/ms-deprecated.php HTTP/1.1" 301 0 "-" "Mozlila/5.0 (Linux; Android 7.0; SM-G892A Bulid/NRD90M; wv) AppleWebKit/537.36 (KHTML, like Gecko) Version/4.0 Chrome/60.0.3112.107 Moblie Safari/537.36"
161.97.132.59 - - [02/Apr/2025:02:07:43 -0400] "GET /wp-admin/includes/wp-admin/includes/ms-deprecated.php HTTP/1.1" 404 6614 "-" "Mozlila/5.0 (Linux; Android 7.0; SM-G892A Bulid/NRD90M; wv) AppleWebKit/537.36 (KHTML, like Gecko) Version/4.0 Chrome/60.0.3112.107 Moblie Safari/537.36"
161.97.132.59 - - [02/Apr/2025:02:07:44 -0400] "GET /wp-admin/includes//wp-admin/includes/ms.php HTTP/1.1" 301 0 "-" "Mozlila/5.0 (Linux; Android 7.0; SM-G892A Bulid/NRD90M; wv) AppleWebKit/537.36 (KHTML, like Gecko) Version/4.0 Chrome/60.0.3112.107 Moblie Safari/537.36"
161.97.132.59 - - [02/Apr/2025:02:07:45 -0400] "GET /wp-admin/includes/wp-admin/includes/ms.php HTTP/1.1" 404 6614 "-" "Mozlila/5.0 (Linux; Android 7.0; SM-G892A Bulid/NRD90M; wv) AppleWebKit/537.36 (KHTML, like Gecko) Version/4.0 Chrome/60.0.3112.107 Moblie Safari/537.36"
161.97.132.59 - - [02/Apr/2025:02:07:47 -0400] "GET /wp-admin/includes//wp-admin/includes/nav-menu.php HTTP/1.1" 301 0 "-" "Mozlila/5.0 (Linux; Android 7.0; SM-G892A Bulid/NRD90M; wv) AppleWebKit/537.36 (KHTML, like Gecko) Version/4.0 Chrome/60.0.3112.107 Moblie Safari/537.36"
161.97.132.59 - - [02/Apr/2025:02:07:47 -0400] "GET /wp-admin/includes/wp-admin/includes/nav-menu.php HTTP/1.1" 404 6614 "-" "Mozlila/5.0 (Linux; Android 7.0; SM-G892A Bulid/NRD90M; wv) AppleWebKit/537.36 (KHTML, like Gecko) Version/4.0 Chrome/60.0.3112.107 Moblie Safari/537.36"
161.97.132.59 - - [02/Apr/2025:02:07:50 -0400] "GET /wp-admin/includes//wp-admin/includes/network.php HTTP/1.1" 301 0 "-" "Mozlila/5.0 (Linux; Android 7.0; SM-G892A Bulid/NRD90M; wv) AppleWebKit/537.36 (KHTML, like Gecko) Version/4.0 Chrome/60.0.3112.107 Moblie Safari/537.36"
161.97.132.59 - - [02/Apr/2025:02:07:52 -0400] "GET /wp-admin/includes/wp-admin/includes/network.php HTTP/1.1" 404 6614 "-" "Mozlila/5.0 (Linux; Android 7.0; SM-G892A Bulid/NRD90M; wv) AppleWebKit/537.36 (KHTML, like Gecko) Version/4.0 Chrome/60.0.3112.107 Moblie Safari/537.36"
161.97.132.59 - - [02/Apr/2025:02:07:56 -0400] "GET /wp-admin/includes//wp-admin/includes/noop.php HTTP/1.1" 301 0 "-" "Mozlila/5.0 (Linux; Android 7.0; SM-G892A Bulid/NRD90M; wv) AppleWebKit/537.36 (KHTML, like Gecko) Version/4.0 Chrome/60.0.3112.107 Moblie Safari/537.36"
161.97.132.59 - - [02/Apr/2025:02:07:57 -0400] "GET /wp-admin/includes/wp-admin/includes/noop.php HTTP/1.1" 404 6614 "-" "Mozlila/5.0 (Linux; Android 7.0; SM-G892A Bulid/NRD90M; wv) AppleWebKit/537.36 (KHTML, like Gecko) Version/4.0 Chrome/60.0.3112.107 Moblie Safari/537.36"
161.97.132.59 - - [02/Apr/2025:02:07:59 -0400] "GET /wp-admin/includes//wp-admin/includes/options.php HTTP/1.1" 301 0 "-" "Mozlila/5.0 (Linux; Android 7.0; SM-G892A Bulid/NRD90M; wv) AppleWebKit/537.36 (KHTML, like Gecko) Version/4.0 Chrome/60.0.3112.107 Moblie Safari/537.36"
161.97.132.59 - - [02/Apr/2025:02:07:59 -0400] "GET /wp-admin/includes/wp-admin/includes/options.php HTTP/1.1" 404 6615 "-" "Mozlila/5.0 (Linux; Android 7.0; SM-G892A Bulid/NRD90M; wv) AppleWebKit/537.36 (KHTML, like Gecko) Version/4.0 Chrome/60.0.3112.107 Moblie Safari/537.36"
161.97.132.59 - - [02/Apr/2025:02:08:01 -0400] "GET /wp-admin/includes//wp-admin/includes/plugin-install.php HTTP/1.1" 301 0 "-" "Mozlila/5.0 (Linux; Android 7.0; SM-G892A Bulid/NRD90M; wv) AppleWebKit/537.36 (KHTML, like Gecko) Version/4.0 Chrome/60.0.3112.107 Moblie Safari/537.36"
161.97.132.59 - - [02/Apr/2025:02:08:02 -0400] "GET /wp-admin/includes/wp-admin/includes/plugin-install.php HTTP/1.1" 404 6614 "-" "Mozlila/5.0 (Linux; Android 7.0; SM-G892A Bulid/NRD90M; wv) AppleWebKit/537.36 (KHTML, like Gecko) Version/4.0 Chrome/60.0.3112.107 Moblie Safari/537.36"
198.54.114.83 - - [02/Apr/2025:02:08:04 -0400] "POST /wp-cron.php?doing_wp_cron=1743574084.2933819293975830078125 HTTP/1.1" 200 0 "-" "WordPress/6.7.2; https://baernblog.com"
161.97.132.59 - - [02/Apr/2025:02:08:03 -0400] "GET /wp-admin/includes//wp-admin/includes/plugin.php HTTP/1.1" 301 0 "-" "Mozlila/5.0 (Linux; Android 7.0; SM-G892A Bulid/NRD90M; wv) AppleWebKit/537.36 (KHTML, like Gecko) Version/4.0 Chrome/60.0.3112.107 Moblie Safari/537.36"
161.97.132.59 - - [02/Apr/2025:02:08:05 -0400] "GET /wp-admin/includes/wp-admin/includes/plugin.php HTTP/1.1" 404 6614 "-" "Mozlila/5.0 (Linux; Android 7.0; SM-G892A Bulid/NRD90M; wv) AppleWebKit/537.36 (KHTML, like Gecko) Version/4.0 Chrome/60.0.3112.107 Moblie Safari/537.36"
161.97.132.59 - - [02/Apr/2025:02:08:07 -0400] "GET /wp-admin/includes//wp-admin/includes/post.php HTTP/1.1" 301 0 "-" "Mozlila/5.0 (Linux; Android 7.0; SM-G892A Bulid/NRD90M; wv) AppleWebKit/537.36 (KHTML, like Gecko) Version/4.0 Chrome/60.0.3112.107 Moblie Safari/537.36"
161.97.132.59 - - [02/Apr/2025:02:08:08 -0400] "GET /wp-admin/includes/wp-admin/includes/post.php HTTP/1.1" 404 6613 "-" "Mozlila/5.0 (Linux; Android 7.0; SM-G892A Bulid/NRD90M; wv) AppleWebKit/537.36 (KHTML, like Gecko) Version/4.0 Chrome/60.0.3112.107 Moblie Safari/537.36"
198.54.114.83 - - [02/Apr/2025:02:08:19 -0400] "POST /wp-cron.php?doing_wp_cron=1743574099.0960369110107421875000 HTTP/1.1" 200 0 "-" "WordPress/6.7.2; https://baernblog.com"
161.97.132.59 - - [02/Apr/2025:02:08:18 -0400] "GET /wp-admin/includes//wp-admin/includes/privacy-tools.php HTTP/1.1" 301 0 "-" "Mozlila/5.0 (Linux; Android 7.0; SM-G892A Bulid/NRD90M; wv) AppleWebKit/537.36 (KHTML, like Gecko) Version/4.0 Chrome/60.0.3112.107 Moblie Safari/537.36"
161.97.132.59 - - [02/Apr/2025:02:08:20 -0400] "GET /wp-admin/includes/wp-admin/includes/privacy-tools.php HTTP/1.1" 404 6615 "-" "Mozlila/5.0 (Linux; Android 7.0; SM-G892A Bulid/NRD90M; wv) AppleWebKit/537.36 (KHTML, like Gecko) Version/4.0 Chrome/60.0.3112.107 Moblie Safari/537.36"
161.97.132.59 - - [02/Apr/2025:02:08:22 -0400] "GET /wp-admin/includes//wp-admin/includes/revision.php HTTP/1.1" 301 0 "-" "Mozlila/5.0 (Linux; Android 7.0; SM-G892A Bulid/NRD90M; wv) AppleWebKit/537.36 (KHTML, like Gecko) Version/4.0 Chrome/60.0.3112.107 Moblie Safari/537.36"
161.97.132.59 - - [02/Apr/2025:02:08:23 -0400] "GET /wp-admin/includes/wp-admin/includes/revision.php HTTP/1.1" 404 6614 "-" "Mozlila/5.0 (Linux; Android 7.0; SM-G892A Bulid/NRD90M; wv) AppleWebKit/537.36 (KHTML, like Gecko) Version/4.0 Chrome/60.0.3112.107 Moblie Safari/537.36"
161.97.132.59 - - [02/Apr/2025:02:08:33 -0400] "GET /wp-admin/includes//wp-admin/includes/schema.php HTTP/1.1" 301 0 "-" "Mozlila/5.0 (Linux; Android 7.0; SM-G892A Bulid/NRD90M; wv) AppleWebKit/537.36 (KHTML, like Gecko) Version/4.0 Chrome/60.0.3112.107 Moblie Safari/537.36"
161.97.132.59 - - [02/Apr/2025:02:08:34 -0400] "GET /wp-admin/includes/wp-admin/includes/schema.php HTTP/1.1" 404 6614 "-" "Mozlila/5.0 (Linux; Android 7.0; SM-G892A Bulid/NRD90M; wv) AppleWebKit/537.36 (KHTML, like Gecko) Version/4.0 Chrome/60.0.3112.107 Moblie Safari/537.36"
161.97.132.59 - - [02/Apr/2025:02:08:37 -0400] "GET /wp-admin/includes//wp-admin/includes/screen.php HTTP/1.1" 301 0 "-" "Mozlila/5.0 (Linux; Android 7.0; SM-G892A Bulid/NRD90M; wv) AppleWebKit/537.36 (KHTML, like Gecko) Version/4.0 Chrome/60.0.3112.107 Moblie Safari/537.36"
161.97.132.59 - - [02/Apr/2025:02:08:37 -0400] "GET /wp-admin/includes/wp-admin/includes/screen.php HTTP/1.1" 404 6614 "-" "Mozlila/5.0 (Linux; Android 7.0; SM-G892A Bulid/NRD90M; wv) AppleWebKit/537.36 (KHTML, like Gecko) Version/4.0 Chrome/60.0.3112.107 Moblie Safari/537.36"
161.97.132.59 - - [02/Apr/2025:02:08:40 -0400] "GET /wp-admin/includes//wp-admin/includes/taxonomy.php HTTP/1.1" 301 0 "-" "Mozlila/5.0 (Linux; Android 7.0; SM-G892A Bulid/NRD90M; wv) AppleWebKit/537.36 (KHTML, like Gecko) Version/4.0 Chrome/60.0.3112.107 Moblie Safari/537.36"
161.97.132.59 - - [02/Apr/2025:02:08:41 -0400] "GET /wp-admin/includes/wp-admin/includes/taxonomy.php HTTP/1.1" 404 6616 "-" "Mozlila/5.0 (Linux; Android 7.0; SM-G892A Bulid/NRD90M; wv) AppleWebKit/537.36 (KHTML, like Gecko) Version/4.0 Chrome/60.0.3112.107 Moblie Safari/537.36"
161.97.132.59 - - [02/Apr/2025:02:08:46 -0400] "GET /wp-admin/includes//wp-admin/includes/template.php HTTP/1.1" 301 0 "-" "Mozlila/5.0 (Linux; Android 7.0; SM-G892A Bulid/NRD90M; wv) AppleWebKit/537.36 (KHTML, like Gecko) Version/4.0 Chrome/60.0.3112.107 Moblie Safari/537.36"
161.97.132.59 - - [02/Apr/2025:02:08:46 -0400] "GET /wp-admin/includes/wp-admin/includes/template.php HTTP/1.1" 404 6614 "-" "Mozlila/5.0 (Linux; Android 7.0; SM-G892A Bulid/NRD90M; wv) AppleWebKit/537.36 (KHTML, like Gecko) Version/4.0 Chrome/60.0.3112.107 Moblie Safari/537.36"
161.97.132.59 - - [02/Apr/2025:02:08:47 -0400] "GET /wp-admin/includes//wp-admin/includes/theme-install.php HTTP/1.1" 301 0 "-" "Mozlila/5.0 (Linux; Android 7.0; SM-G892A Bulid/NRD90M; wv) AppleWebKit/537.36 (KHTML, like Gecko) Version/4.0 Chrome/60.0.3112.107 Moblie Safari/537.36"
161.97.132.59 - - [02/Apr/2025:02:08:48 -0400] "GET /wp-admin/includes/wp-admin/includes/theme-install.php HTTP/1.1" 404 6614 "-" "Mozlila/5.0 (Linux; Android 7.0; SM-G892A Bulid/NRD90M; wv) AppleWebKit/537.36 (KHTML, like Gecko) Version/4.0 Chrome/60.0.3112.107 Moblie Safari/537.36"
161.97.132.59 - - [02/Apr/2025:02:08:50 -0400] "GET /wp-admin/includes//wp-admin/includes/theme.php HTTP/1.1" 301 0 "-" "Mozlila/5.0 (Linux; Android 7.0; SM-G892A Bulid/NRD90M; wv) AppleWebKit/537.36 (KHTML, like Gecko) Version/4.0 Chrome/60.0.3112.107 Moblie Safari/537.36"
161.97.132.59 - - [02/Apr/2025:02:08:52 -0400] "GET /wp-admin/includes/wp-admin/includes/theme.php HTTP/1.1" 404 6616 "-" "Mozlila/5.0 (Linux; Android 7.0; SM-G892A Bulid/NRD90M; wv) AppleWebKit/537.36 (KHTML, like Gecko) Version/4.0 Chrome/60.0.3112.107 Moblie Safari/537.36"
161.97.132.59 - - [02/Apr/2025:02:08:56 -0400] "GET /wp-admin/includes//wp-admin/includes/translation-install.php HTTP/1.1" 301 0 "-" "Mozlila/5.0 (Linux; Android 7.0; SM-G892A Bulid/NRD90M; wv) AppleWebKit/537.36 (KHTML, like Gecko) Version/4.0 Chrome/60.0.3112.107 Moblie Safari/537.36"
161.97.132.59 - - [02/Apr/2025:02:08:57 -0400] "GET /wp-admin/includes/wp-admin/includes/translation-install.php HTTP/1.1" 404 6614 "-" "Mozlila/5.0 (Linux; Android 7.0; SM-G892A Bulid/NRD90M; wv) AppleWebKit/537.36 (KHTML, like Gecko) Version/4.0 Chrome/60.0.3112.107 Moblie Safari/537.36"
161.97.132.59 - - [02/Apr/2025:02:09:01 -0400] "GET /wp-admin/includes//wp-admin/includes/update-core.php HTTP/1.1" 301 0 "-" "Mozlila/5.0 (Linux; Android 7.0; SM-G892A Bulid/NRD90M; wv) AppleWebKit/537.36 (KHTML, like Gecko) Version/4.0 Chrome/60.0.3112.107 Moblie Safari/537.36"
161.97.132.59 - - [02/Apr/2025:02:09:01 -0400] "GET /wp-admin/includes/wp-admin/includes/update-core.php HTTP/1.1" 404 6614 "-" "Mozlila/5.0 (Linux; Android 7.0; SM-G892A Bulid/NRD90M; wv) AppleWebKit/537.36 (KHTML, like Gecko) Version/4.0 Chrome/60.0.3112.107 Moblie Safari/537.36"
161.97.132.59 - - [02/Apr/2025:02:09:02 -0400] "GET /wp-admin/includes//wp-admin/includes/update.php HTTP/1.1" 301 0 "-" "Mozlila/5.0 (Linux; Android 7.0; SM-G892A Bulid/NRD90M; wv) AppleWebKit/537.36 (KHTML, like Gecko) Version/4.0 Chrome/60.0.3112.107 Moblie Safari/537.36"
198.54.114.83 - - [02/Apr/2025:02:09:04 -0400] "POST /wp-cron.php?doing_wp_cron=1743574144.5631310939788818359375 HTTP/1.1" 200 0 "-" "WordPress/6.7.2; https://baernblog.com"
161.97.132.59 - - [02/Apr/2025:02:09:04 -0400] "GET /wp-admin/includes/wp-admin/includes/update.php HTTP/1.1" 404 6615 "-" "Mozlila/5.0 (Linux; Android 7.0; SM-G892A Bulid/NRD90M; wv) AppleWebKit/537.36 (KHTML, like Gecko) Version/4.0 Chrome/60.0.3112.107 Moblie Safari/537.36"
161.97.132.59 - - [02/Apr/2025:02:09:08 -0400] "GET /wp-admin/includes//wp-admin/includes/upgrade.php HTTP/1.1" 301 0 "-" "Mozlila/5.0 (Linux; Android 7.0; SM-G892A Bulid/NRD90M; wv) AppleWebKit/537.36 (KHTML, like Gecko) Version/4.0 Chrome/60.0.3112.107 Moblie Safari/537.36"
161.97.132.59 - - [02/Apr/2025:02:09:09 -0400] "GET /wp-admin/includes/wp-admin/includes/upgrade.php HTTP/1.1" 404 6613 "-" "Mozlila/5.0 (Linux; Android 7.0; SM-G892A Bulid/NRD90M; wv) AppleWebKit/537.36 (KHTML, like Gecko) Version/4.0 Chrome/60.0.3112.107 Moblie Safari/537.36"
161.97.132.59 - - [02/Apr/2025:02:09:12 -0400] "GET /wp-admin/includes//wp-admin/includes/user.php HTTP/1.1" 301 0 "-" "Mozlila/5.0 (Linux; Android 7.0; SM-G892A Bulid/NRD90M; wv) AppleWebKit/537.36 (KHTML, like Gecko) Version/4.0 Chrome/60.0.3112.107 Moblie Safari/537.36"
161.97.132.59 - - [02/Apr/2025:02:09:14 -0400] "GET /wp-admin/includes/wp-admin/includes/user.php HTTP/1.1" 404 6614 "-" "Mozlila/5.0 (Linux; Android 7.0; SM-G892A Bulid/NRD90M; wv) AppleWebKit/537.36 (KHTML, like Gecko) Version/4.0 Chrome/60.0.3112.107 Moblie Safari/537.36"
198.54.114.83 - - [02/Apr/2025:02:09:20 -0400] "POST /wp-cron.php?doing_wp_cron=1743574160.1734158992767333984375 HTTP/1.1" 200 0 "-" "WordPress/6.7.2; https://baernblog.com"
161.97.132.59 - - [02/Apr/2025:02:09:20 -0400] "GET /wp-admin/includes//wp-admin/includes/widgets.php HTTP/1.1" 301 0 "-" "Mozlila/5.0 (Linux; Android 7.0; SM-G892A Bulid/NRD90M; wv) AppleWebKit/537.36 (KHTML, like Gecko) Version/4.0 Chrome/60.0.3112.107 Moblie Safari/537.36"
161.97.132.59 - - [02/Apr/2025:02:09:22 -0400] "GET /wp-admin/includes/wp-admin/includes/widgets.php HTTP/1.1" 404 6616 "-" "Mozlila/5.0 (Linux; Android 7.0; SM-G892A Bulid/NRD90M; wv) AppleWebKit/537.36 (KHTML, like Gecko) Version/4.0 Chrome/60.0.3112.107 Moblie Safari/537.36"
161.97.132.59 - - [02/Apr/2025:02:09:26 -0400] "GET /wp-includes/ID3/ HTTP/1.1" 200 1646 "-" "Mozlila/5.0 (Linux; Android 7.0; SM-G892A Bulid/NRD90M; wv) AppleWebKit/537.36 (KHTML, like Gecko) Version/4.0 Chrome/60.0.3112.107 Moblie Safari/537.36"
161.97.132.59 - - [02/Apr/2025:02:09:28 -0400] "GET /wp-includes/ID3//wp-includes/ID3/getid3.lib.php HTTP/1.1" 301 0 "-" "Mozlila/5.0 (Linux; Android 7.0; SM-G892A Bulid/NRD90M; wv) AppleWebKit/537.36 (KHTML, like Gecko) Version/4.0 Chrome/60.0.3112.107 Moblie Safari/537.36"
161.97.132.59 - - [02/Apr/2025:02:09:28 -0400] "GET /wp-includes/ID3/wp-includes/ID3/getid3.lib.php HTTP/1.1" 404 6614 "-" "Mozlila/5.0 (Linux; Android 7.0; SM-G892A Bulid/NRD90M; wv) AppleWebKit/537.36 (KHTML, like Gecko) Version/4.0 Chrome/60.0.3112.107 Moblie Safari/537.36"
161.97.132.59 - - [02/Apr/2025:02:09:31 -0400] "GET /wp-includes/ID3//wp-includes/ID3/getid3.php HTTP/1.1" 301 0 "-" "Mozlila/5.0 (Linux; Android 7.0; SM-G892A Bulid/NRD90M; wv) AppleWebKit/537.36 (KHTML, like Gecko) Version/4.0 Chrome/60.0.3112.107 Moblie Safari/537.36"
161.97.132.59 - - [02/Apr/2025:02:09:31 -0400] "GET /wp-includes/ID3/wp-includes/ID3/getid3.php HTTP/1.1" 404 6616 "-" "Mozlila/5.0 (Linux; Android 7.0; SM-G892A Bulid/NRD90M; wv) AppleWebKit/537.36 (KHTML, like Gecko) Version/4.0 Chrome/60.0.3112.107 Moblie Safari/537.36"
161.97.132.59 - - [02/Apr/2025:02:09:32 -0400] "GET /wp-includes/ID3//wp-includes/ID3/module.audio-video.asf.php HTTP/1.1" 301 0 "-" "Mozlila/5.0 (Linux; Android 7.0; SM-G892A Bulid/NRD90M; wv) AppleWebKit/537.36 (KHTML, like Gecko) Version/4.0 Chrome/60.0.3112.107 Moblie Safari/537.36"
161.97.132.59 - - [02/Apr/2025:02:09:32 -0400] "GET /wp-includes/ID3/wp-includes/ID3/module.audio-video.asf.php HTTP/1.1" 404 6614 "-" "Mozlila/5.0 (Linux; Android 7.0; SM-G892A Bulid/NRD90M; wv) AppleWebKit/537.36 (KHTML, like Gecko) Version/4.0 Chrome/60.0.3112.107 Moblie Safari/537.36"
161.97.132.59 - - [02/Apr/2025:02:09:40 -0400] "GET /wp-includes/ID3//wp-includes/ID3/module.audio-video.flv.php HTTP/1.1" 301 0 "-" "Mozlila/5.0 (Linux; Android 7.0; SM-G892A Bulid/NRD90M; wv) AppleWebKit/537.36 (KHTML, like Gecko) Version/4.0 Chrome/60.0.3112.107 Moblie Safari/537.36"
161.97.132.59 - - [02/Apr/2025:02:09:41 -0400] "GET /wp-includes/ID3/wp-includes/ID3/module.audio-video.flv.php HTTP/1.1" 404 6615 "-" "Mozlila/5.0 (Linux; Android 7.0; SM-G892A Bulid/NRD90M; wv) AppleWebKit/537.36 (KHTML, like Gecko) Version/4.0 Chrome/60.0.3112.107 Moblie Safari/537.36"
161.97.132.59 - - [02/Apr/2025:02:09:43 -0400] "GET /wp-includes/ID3//wp-includes/ID3/module.audio-video.matroska.php HTTP/1.1" 301 0 "-" "Mozlila/5.0 (Linux; Android 7.0; SM-G892A Bulid/NRD90M; wv) AppleWebKit/537.36 (KHTML, like Gecko) Version/4.0 Chrome/60.0.3112.107 Moblie Safari/537.36"
161.97.132.59 - - [02/Apr/2025:02:09:44 -0400] "GET /wp-includes/ID3/wp-includes/ID3/module.audio-video.matroska.php HTTP/1.1" 404 6614 "-" "Mozlila/5.0 (Linux; Android 7.0; SM-G892A Bulid/NRD90M; wv) AppleWebKit/537.36 (KHTML, like Gecko) Version/4.0 Chrome/60.0.3112.107 Moblie Safari/537.36"
161.97.132.59 - - [02/Apr/2025:02:09:46 -0400] "GET /wp-includes/ID3//wp-includes/ID3/module.audio-video.quicktime.php HTTP/1.1" 301 0 "-" "Mozlila/5.0 (Linux; Android 7.0; SM-G892A Bulid/NRD90M; wv) AppleWebKit/537.36 (KHTML, like Gecko) Version/4.0 Chrome/60.0.3112.107 Moblie Safari/537.36"
161.97.132.59 - - [02/Apr/2025:02:09:47 -0400] "GET /wp-includes/ID3/wp-includes/ID3/module.audio-video.quicktime.php HTTP/1.1" 404 6614 "-" "Mozlila/5.0 (Linux; Android 7.0; SM-G892A Bulid/NRD90M; wv) AppleWebKit/537.36 (KHTML, like Gecko) Version/4.0 Chrome/60.0.3112.107 Moblie Safari/537.36"
161.97.132.59 - - [02/Apr/2025:02:09:48 -0400] "GET /wp-includes/ID3//wp-includes/ID3/module.audio-video.riff.php HTTP/1.1" 301 0 "-" "Mozlila/5.0 (Linux; Android 7.0; SM-G892A Bulid/NRD90M; wv) AppleWebKit/537.36 (KHTML, like Gecko) Version/4.0 Chrome/60.0.3112.107 Moblie Safari/537.36"
161.97.132.59 - - [02/Apr/2025:02:09:49 -0400] "GET /wp-includes/ID3/wp-includes/ID3/module.audio-video.riff.php HTTP/1.1" 404 6614 "-" "Mozlila/5.0 (Linux; Android 7.0; SM-G892A Bulid/NRD90M; wv) AppleWebKit/537.36 (KHTML, like Gecko) Version/4.0 Chrome/60.0.3112.107 Moblie Safari/537.36"
161.97.132.59 - - [02/Apr/2025:02:09:51 -0400] "GET /wp-includes/ID3//wp-includes/ID3/module.audio.ac3.php HTTP/1.1" 301 0 "-" "Mozlila/5.0 (Linux; Android 7.0; SM-G892A Bulid/NRD90M; wv) AppleWebKit/537.36 (KHTML, like Gecko) Version/4.0 Chrome/60.0.3112.107 Moblie Safari/537.36"
161.97.132.59 - - [02/Apr/2025:02:09:52 -0400] "GET /wp-includes/ID3/wp-includes/ID3/module.audio.ac3.php HTTP/1.1" 404 6616 "-" "Mozlila/5.0 (Linux; Android 7.0; SM-G892A Bulid/NRD90M; wv) AppleWebKit/537.36 (KHTML, like Gecko) Version/4.0 Chrome/60.0.3112.107 Moblie Safari/537.36"
161.97.132.59 - - [02/Apr/2025:02:09:55 -0400] "GET /wp-includes/ID3//wp-includes/ID3/module.audio.dts.php HTTP/1.1" 301 0 "-" "Mozlila/5.0 (Linux; Android 7.0; SM-G892A Bulid/NRD90M; wv) AppleWebKit/537.36 (KHTML, like Gecko) Version/4.0 Chrome/60.0.3112.107 Moblie Safari/537.36"
161.97.132.59 - - [02/Apr/2025:02:09:55 -0400] "GET /wp-includes/ID3/wp-includes/ID3/module.audio.dts.php HTTP/1.1" 404 6614 "-" "Mozlila/5.0 (Linux; Android 7.0; SM-G892A Bulid/NRD90M; wv) AppleWebKit/537.36 (KHTML, like Gecko) Version/4.0 Chrome/60.0.3112.107 Moblie Safari/537.36"
161.97.132.59 - - [02/Apr/2025:02:10:00 -0400] "GET /wp-includes/ID3//wp-includes/ID3/module.audio.flac.php HTTP/1.1" 301 0 "-" "Mozlila/5.0 (Linux; Android 7.0; SM-G892A Bulid/NRD90M; wv) AppleWebKit/537.36 (KHTML, like Gecko) Version/4.0 Chrome/60.0.3112.107 Moblie Safari/537.36"
161.97.132.59 - - [02/Apr/2025:02:10:01 -0400] "GET /wp-includes/ID3/wp-includes/ID3/module.audio.flac.php HTTP/1.1" 404 6615 "-" "Mozlila/5.0 (Linux; Android 7.0; SM-G892A Bulid/NRD90M; wv) AppleWebKit/537.36 (KHTML, like Gecko) Version/4.0 Chrome/60.0.3112.107 Moblie Safari/537.36"
198.54.114.83 - - [02/Apr/2025:02:10:07 -0400] "POST /wp-cron.php?doing_wp_cron=1743574207.0549120903015136718750 HTTP/1.1" 200 0 "-" "WordPress/6.7.2; https://baernblog.com"
161.97.132.59 - - [02/Apr/2025:02:10:06 -0400] "GET /wp-includes/ID3//wp-includes/ID3/module.audio.mp3.php HTTP/1.1" 301 0 "-" "Mozlila/5.0 (Linux; Android 7.0; SM-G892A Bulid/NRD90M; wv) AppleWebKit/537.36 (KHTML, like Gecko) Version/4.0 Chrome/60.0.3112.107 Moblie Safari/537.36"
161.97.132.59 - - [02/Apr/2025:02:10:07 -0400] "GET /wp-includes/ID3/wp-includes/ID3/module.audio.mp3.php HTTP/1.1" 404 6614 "-" "Mozlila/5.0 (Linux; Android 7.0; SM-G892A Bulid/NRD90M; wv) AppleWebKit/537.36 (KHTML, like Gecko) Version/4.0 Chrome/60.0.3112.107 Moblie Safari/537.36"
161.97.132.59 - - [02/Apr/2025:02:10:10 -0400] "GET /wp-includes/ID3//wp-includes/ID3/module.audio.ogg.php HTTP/1.1" 301 0 "-" "Mozlila/5.0 (Linux; Android 7.0; SM-G892A Bulid/NRD90M; wv) AppleWebKit/537.36 (KHTML, like Gecko) Version/4.0 Chrome/60.0.3112.107 Moblie Safari/537.36"
161.97.132.59 - - [02/Apr/2025:02:10:11 -0400] "GET /wp-includes/ID3/wp-includes/ID3/module.audio.ogg.php HTTP/1.1" 404 6615 "-" "Mozlila/5.0 (Linux; Android 7.0; SM-G892A Bulid/NRD90M; wv) AppleWebKit/537.36 (KHTML, like Gecko) Version/4.0 Chrome/60.0.3112.107 Moblie Safari/537.36"
161.97.132.59 - - [02/Apr/2025:02:10:14 -0400] "GET /wp-includes/ID3//wp-includes/ID3/module.tag.apetag.php HTTP/1.1" 301 0 "-" "Mozlila/5.0 (Linux; Android 7.0; SM-G892A Bulid/NRD90M; wv) AppleWebKit/537.36 (KHTML, like Gecko) Version/4.0 Chrome/60.0.3112.107 Moblie Safari/537.36"
161.97.132.59 - - [02/Apr/2025:02:10:15 -0400] "GET /wp-includes/ID3/wp-includes/ID3/module.tag.apetag.php HTTP/1.1" 404 6614 "-" "Mozlila/5.0 (Linux; Android 7.0; SM-G892A Bulid/NRD90M; wv) AppleWebKit/537.36 (KHTML, like Gecko) Version/4.0 Chrome/60.0.3112.107 Moblie Safari/537.36"
198.54.114.83 - - [02/Apr/2025:02:10:19 -0400] "POST /wp-cron.php?doing_wp_cron=1743574219.2104949951171875000000 HTTP/1.1" 200 0 "-" "WordPress/6.7.2; https://baernblog.com"
161.97.132.59 - - [02/Apr/2025:02:10:18 -0400] "GET /wp-includes/ID3//wp-includes/ID3/module.tag.id3v1.php HTTP/1.1" 301 0 "-" "Mozlila/5.0 (Linux; Android 7.0; SM-G892A Bulid/NRD90M; wv) AppleWebKit/537.36 (KHTML, like Gecko) Version/4.0 Chrome/60.0.3112.107 Moblie Safari/537.36"
161.97.132.59 - - [02/Apr/2025:02:10:20 -0400] "GET /wp-includes/ID3/wp-includes/ID3/module.tag.id3v1.php HTTP/1.1" 404 6614 "-" "Mozlila/5.0 (Linux; Android 7.0; SM-G892A Bulid/NRD90M; wv) AppleWebKit/537.36 (KHTML, like Gecko) Version/4.0 Chrome/60.0.3112.107 Moblie Safari/537.36"
161.97.132.59 - - [02/Apr/2025:02:10:22 -0400] "GET /wp-includes/ID3//wp-includes/ID3/module.tag.id3v2.php HTTP/1.1" 301 0 "-" "Mozlila/5.0 (Linux; Android 7.0; SM-G892A Bulid/NRD90M; wv) AppleWebKit/537.36 (KHTML, like Gecko) Version/4.0 Chrome/60.0.3112.107 Moblie Safari/537.36"
161.97.132.59 - - [02/Apr/2025:02:10:23 -0400] "GET /wp-includes/ID3/wp-includes/ID3/module.tag.id3v2.php HTTP/1.1" 404 6614 "-" "Mozlila/5.0 (Linux; Android 7.0; SM-G892A Bulid/NRD90M; wv) AppleWebKit/537.36 (KHTML, like Gecko) Version/4.0 Chrome/60.0.3112.107 Moblie Safari/537.36"
161.97.132.59 - - [02/Apr/2025:02:10:26 -0400] "GET /wp-includes/ID3//wp-includes/ID3/module.tag.lyrics3.php HTTP/1.1" 301 0 "-" "Mozlila/5.0 (Linux; Android 7.0; SM-G892A Bulid/NRD90M; wv) AppleWebKit/537.36 (KHTML, like Gecko) Version/4.0 Chrome/60.0.3112.107 Moblie Safari/537.36"
161.97.132.59 - - [02/Apr/2025:02:10:27 -0400] "GET /wp-includes/ID3/wp-includes/ID3/module.tag.lyrics3.php HTTP/1.1" 404 6614 "-" "Mozlila/5.0 (Linux; Android 7.0; SM-G892A Bulid/NRD90M; wv) AppleWebKit/537.36 (KHTML, like Gecko) Version/4.0 Chrome/60.0.3112.107 Moblie Safari/537.36"
161.97.132.59 - - [02/Apr/2025:02:10:31 -0400] "GET /wp-includes/IXR/ HTTP/1.1" 200 1434 "-" "Mozlila/5.0 (Linux; Android 7.0; SM-G892A Bulid/NRD90M; wv) AppleWebKit/537.36 (KHTML, like Gecko) Version/4.0 Chrome/60.0.3112.107 Moblie Safari/537.36"
161.97.132.59 - - [02/Apr/2025:02:10:35 -0400] "GET /wp-includes/IXR//wp-includes/IXR/class-IXR-base64.php HTTP/1.1" 301 0 "-" "Mozlila/5.0 (Linux; Android 7.0; SM-G892A Bulid/NRD90M; wv) AppleWebKit/537.36 (KHTML, like Gecko) Version/4.0 Chrome/60.0.3112.107 Moblie Safari/537.36"
161.97.132.59 - - [02/Apr/2025:02:10:38 -0400] "GET /wp-includes/IXR/wp-includes/IXR/class-IXR-base64.php HTTP/1.1" 404 6614 "-" "Mozlila/5.0 (Linux; Android 7.0; SM-G892A Bulid/NRD90M; wv) AppleWebKit/537.36 (KHTML, like Gecko) Version/4.0 Chrome/60.0.3112.107 Moblie Safari/537.36"
161.97.132.59 - - [02/Apr/2025:02:10:41 -0400] "GET /wp-includes/IXR//wp-includes/IXR/class-IXR-client.php HTTP/1.1" 301 0 "-" "Mozlila/5.0 (Linux; Android 7.0; SM-G892A Bulid/NRD90M; wv) AppleWebKit/537.36 (KHTML, like Gecko) Version/4.0 Chrome/60.0.3112.107 Moblie Safari/537.36"
161.97.132.59 - - [02/Apr/2025:02:10:43 -0400] "GET /wp-includes/IXR/wp-includes/IXR/class-IXR-client.php HTTP/1.1" 404 6614 "-" "Mozlila/5.0 (Linux; Android 7.0; SM-G892A Bulid/NRD90M; wv) AppleWebKit/537.36 (KHTML, like Gecko) Version/4.0 Chrome/60.0.3112.107 Moblie Safari/537.36"
161.97.132.59 - - [02/Apr/2025:02:10:45 -0400] "GET /wp-includes/IXR//wp-includes/IXR/class-IXR-clientmulticall.php HTTP/1.1" 301 0 "-" "Mozlila/5.0 (Linux; Android 7.0; SM-G892A Bulid/NRD90M; wv) AppleWebKit/537.36 (KHTML, like Gecko) Version/4.0 Chrome/60.0.3112.107 Moblie Safari/537.36"
161.97.132.59 - - [02/Apr/2025:02:10:46 -0400] "GET /wp-includes/IXR/wp-includes/IXR/class-IXR-clientmulticall.php HTTP/1.1" 404 6614 "-" "Mozlila/5.0 (Linux; Android 7.0; SM-G892A Bulid/NRD90M; wv) AppleWebKit/537.36 (KHTML, like Gecko) Version/4.0 Chrome/60.0.3112.107 Moblie Safari/537.36"
161.97.132.59 - - [02/Apr/2025:02:10:49 -0400] "GET /wp-includes/IXR//wp-includes/IXR/class-IXR-date.php HTTP/1.1" 301 0 "-" "Mozlila/5.0 (Linux; Android 7.0; SM-G892A Bulid/NRD90M; wv) AppleWebKit/537.36 (KHTML, like Gecko) Version/4.0 Chrome/60.0.3112.107 Moblie Safari/537.36"
161.97.132.59 - - [02/Apr/2025:02:10:49 -0400] "GET /wp-includes/IXR/wp-includes/IXR/class-IXR-date.php HTTP/1.1" 404 6614 "-" "Mozlila/5.0 (Linux; Android 7.0; SM-G892A Bulid/NRD90M; wv) AppleWebKit/537.36 (KHTML, like Gecko) Version/4.0 Chrome/60.0.3112.107 Moblie Safari/537.36"
161.97.132.59 - - [02/Apr/2025:02:10:52 -0400] "GET /wp-includes/IXR//wp-includes/IXR/class-IXR-error.php HTTP/1.1" 301 0 "-" "Mozlila/5.0 (Linux; Android 7.0; SM-G892A Bulid/NRD90M; wv) AppleWebKit/537.36 (KHTML, like Gecko) Version/4.0 Chrome/60.0.3112.107 Moblie Safari/537.36"
161.97.132.59 - - [02/Apr/2025:02:10:53 -0400] "GET /wp-includes/IXR/wp-includes/IXR/class-IXR-error.php HTTP/1.1" 404 6614 "-" "Mozlila/5.0 (Linux; Android 7.0; SM-G892A Bulid/NRD90M; wv) AppleWebKit/537.36 (KHTML, like Gecko) Version/4.0 Chrome/60.0.3112.107 Moblie Safari/537.36"
161.97.132.59 - - [02/Apr/2025:02:10:54 -0400] "GET /wp-includes/IXR//wp-includes/IXR/class-IXR-introspectionserver.php HTTP/1.1" 301 0 "-" "Mozlila/5.0 (Linux; Android 7.0; SM-G892A Bulid/NRD90M; wv) AppleWebKit/537.36 (KHTML, like Gecko) Version/4.0 Chrome/60.0.3112.107 Moblie Safari/537.36"
161.97.132.59 - - [02/Apr/2025:02:10:55 -0400] "GET /wp-includes/IXR/wp-includes/IXR/class-IXR-introspectionserver.php HTTP/1.1" 404 6614 "-" "Mozlila/5.0 (Linux; Android 7.0; SM-G892A Bulid/NRD90M; wv) AppleWebKit/537.36 (KHTML, like Gecko) Version/4.0 Chrome/60.0.3112.107 Moblie Safari/537.36"
161.97.132.59 - - [02/Apr/2025:02:11:00 -0400] "GET /wp-includes/IXR//wp-includes/IXR/class-IXR-message.php HTTP/1.1" 301 0 "-" "Mozlila/5.0 (Linux; Android 7.0; SM-G892A Bulid/NRD90M; wv) AppleWebKit/537.36 (KHTML, like Gecko) Version/4.0 Chrome/60.0.3112.107 Moblie Safari/537.36"
161.97.132.59 - - [02/Apr/2025:02:11:01 -0400] "GET /wp-includes/IXR/wp-includes/IXR/class-IXR-message.php HTTP/1.1" 404 6614 "-" "Mozlila/5.0 (Linux; Android 7.0; SM-G892A Bulid/NRD90M; wv) AppleWebKit/537.36 (KHTML, like Gecko) Version/4.0 Chrome/60.0.3112.107 Moblie Safari/537.36"
198.54.114.83 - - [02/Apr/2025:02:11:07 -0400] "POST /wp-cron.php?doing_wp_cron=1743574266.9083640575408935546875 HTTP/1.1" 200 0 "-" "WordPress/6.7.2; https://baernblog.com"
161.97.132.59 - - [02/Apr/2025:02:11:06 -0400] "GET /wp-includes/IXR//wp-includes/IXR/class-IXR-request.php HTTP/1.1" 301 0 "-" "Mozlila/5.0 (Linux; Android 7.0; SM-G892A Bulid/NRD90M; wv) AppleWebKit/537.36 (KHTML, like Gecko) Version/4.0 Chrome/60.0.3112.107 Moblie Safari/537.36"
161.97.132.59 - - [02/Apr/2025:02:11:08 -0400] "GET /wp-includes/IXR/wp-includes/IXR/class-IXR-request.php HTTP/1.1" 404 6614 "-" "Mozlila/5.0 (Linux; Android 7.0; SM-G892A Bulid/NRD90M; wv) AppleWebKit/537.36 (KHTML, like Gecko) Version/4.0 Chrome/60.0.3112.107 Moblie Safari/537.36"
161.97.132.59 - - [02/Apr/2025:02:11:09 -0400] "GET /wp-includes/IXR//wp-includes/IXR/class-IXR-server.php HTTP/1.1" 301 0 "-" "Mozlila/5.0 (Linux; Android 7.0; SM-G892A Bulid/NRD90M; wv) AppleWebKit/537.36 (KHTML, like Gecko) Version/4.0 Chrome/60.0.3112.107 Moblie Safari/537.36"
161.97.132.59 - - [02/Apr/2025:02:11:10 -0400] "GET /wp-includes/IXR/wp-includes/IXR/class-IXR-server.php HTTP/1.1" 404 6613 "-" "Mozlila/5.0 (Linux; Android 7.0; SM-G892A Bulid/NRD90M; wv) AppleWebKit/537.36 (KHTML, like Gecko) Version/4.0 Chrome/60.0.3112.107 Moblie Safari/537.36"
161.97.132.59 - - [02/Apr/2025:02:11:12 -0400] "GET /wp-includes/IXR//wp-includes/IXR/class-IXR-value.php HTTP/1.1" 301 0 "-" "Mozlila/5.0 (Linux; Android 7.0; SM-G892A Bulid/NRD90M; wv) AppleWebKit/537.36 (KHTML, like Gecko) Version/4.0 Chrome/60.0.3112.107 Moblie Safari/537.36"
161.97.132.59 - - [02/Apr/2025:02:11:13 -0400] "GET /wp-includes/IXR/wp-includes/IXR/class-IXR-value.php HTTP/1.1" 404 6614 "-" "Mozlila/5.0 (Linux; Android 7.0; SM-G892A Bulid/NRD90M; wv) AppleWebKit/537.36 (KHTML, like Gecko) Version/4.0 Chrome/60.0.3112.107 Moblie Safari/537.36"
161.97.132.59 - - [02/Apr/2025:02:11:14 -0400] "GET /.well-known/ HTTP/1.1" 404 6614 "-" "Mozlila/5.0 (Linux; Android 7.0; SM-G892A Bulid/NRD90M; wv) AppleWebKit/537.36 (KHTML, like Gecko) Version/4.0 Chrome/60.0.3112.107 Moblie Safari/537.36"
161.97.132.59 - - [02/Apr/2025:02:11:18 -0400] "GET /images/ HTTP/1.1" 404 6614 "-" "Mozlila/5.0 (Linux; Android 7.0; SM-G892A Bulid/NRD90M; wv) AppleWebKit/537.36 (KHTML, like Gecko) Version/4.0 Chrome/60.0.3112.107 Moblie Safari/537.36"
198.54.114.83 - - [02/Apr/2025:02:11:20 -0400] "POST /wp-cron.php?doing_wp_cron=1743574280.2628290653228759765625 HTTP/1.1" 200 0 "-" "WordPress/6.7.2; https://baernblog.com"
161.97.132.59 - - [02/Apr/2025:02:11:19 -0400] "GET /assets/ HTTP/1.1" 404 6615 "-" "Mozlila/5.0 (Linux; Android 7.0; SM-G892A Bulid/NRD90M; wv) AppleWebKit/537.36 (KHTML, like Gecko) Version/4.0 Chrome/60.0.3112.107 Moblie Safari/537.36"
161.97.132.59 - - [02/Apr/2025:02:11:22 -0400] "GET /test/ HTTP/1.1" 404 6615 "-" "Mozlila/5.0 (Linux; Android 7.0; SM-G892A Bulid/NRD90M; wv) AppleWebKit/537.36 (KHTML, like Gecko) Version/4.0 Chrome/60.0.3112.107 Moblie Safari/537.36"
161.97.132.59 - - [02/Apr/2025:02:11:24 -0400] "GET /img/ HTTP/1.1" 404 6614 "-" "Mozlila/5.0 (Linux; Android 7.0; SM-G892A Bulid/NRD90M; wv) AppleWebKit/537.36 (KHTML, like Gecko) Version/4.0 Chrome/60.0.3112.107 Moblie Safari/537.36"
161.97.132.59 - - [02/Apr/2025:02:11:27 -0400] "GET /wp-content/mu-plugins/ HTTP/1.1" 404 6614 "-" "Mozlila/5.0 (Linux; Android 7.0; SM-G892A Bulid/NRD90M; wv) AppleWebKit/537.36 (KHTML, like Gecko) Version/4.0 Chrome/60.0.3112.107 Moblie Safari/537.36"
161.97.132.59 - - [02/Apr/2025:02:11:30 -0400] "GET /components/ HTTP/1.1" 404 6615 "-" "Mozlila/5.0 (Linux; Android 7.0; SM-G892A Bulid/NRD90M; wv) AppleWebKit/537.36 (KHTML, like Gecko) Version/4.0 Chrome/60.0.3112.107 Moblie Safari/537.36"
161.97.132.59 - - [02/Apr/2025:02:11:35 -0400] "GET /wp-includes/js/ HTTP/1.1" 200 4793 "-" "Mozlila/5.0 (Linux; Android 7.0; SM-G892A Bulid/NRD90M; wv) AppleWebKit/537.36 (KHTML, like Gecko) Version/4.0 Chrome/60.0.3112.107 Moblie Safari/537.36"
161.97.132.59 - - [02/Apr/2025:02:11:37 -0400] "GET /wp-includes/js//wp-includes/js/codemirror/ HTTP/1.1" 301 0 "-" "Mozlila/5.0 (Linux; Android 7.0; SM-G892A Bulid/NRD90M; wv) AppleWebKit/537.36 (KHTML, like Gecko) Version/4.0 Chrome/60.0.3112.107 Moblie Safari/537.36"
161.97.132.59 - - [02/Apr/2025:02:11:38 -0400] "GET /wp-includes/js/wp-includes/js/codemirror/ HTTP/1.1" 404 6614 "-" "Mozlila/5.0 (Linux; Android 7.0; SM-G892A Bulid/NRD90M; wv) AppleWebKit/537.36 (KHTML, like Gecko) Version/4.0 Chrome/60.0.3112.107 Moblie Safari/537.36"
161.97.132.59 - - [02/Apr/2025:02:11:39 -0400] "GET /wp-includes/js//wp-includes/js/crop/ HTTP/1.1" 301 0 "-" "Mozlila/5.0 (Linux; Android 7.0; SM-G892A Bulid/NRD90M; wv) AppleWebKit/537.36 (KHTML, like Gecko) Version/4.0 Chrome/60.0.3112.107 Moblie Safari/537.36"
161.97.132.59 - - [02/Apr/2025:02:11:40 -0400] "GET /wp-includes/js/wp-includes/js/crop/ HTTP/1.1" 404 6614 "-" "Mozlila/5.0 (Linux; Android 7.0; SM-G892A Bulid/NRD90M; wv) AppleWebKit/537.36 (KHTML, like Gecko) Version/4.0 Chrome/60.0.3112.107 Moblie Safari/537.36"
161.97.132.59 - - [02/Apr/2025:02:11:41 -0400] "GET /wp-includes/js//wp-includes/js/dist/ HTTP/1.1" 301 0 "-" "Mozlila/5.0 (Linux; Android 7.0; SM-G892A Bulid/NRD90M; wv) AppleWebKit/537.36 (KHTML, like Gecko) Version/4.0 Chrome/60.0.3112.107 Moblie Safari/537.36"
161.97.132.59 - - [02/Apr/2025:02:11:43 -0400] "GET /wp-includes/js/wp-includes/js/dist/ HTTP/1.1" 404 6614 "-" "Mozlila/5.0 (Linux; Android 7.0; SM-G892A Bulid/NRD90M; wv) AppleWebKit/537.36 (KHTML, like Gecko) Version/4.0 Chrome/60.0.3112.107 Moblie Safari/537.36"
161.97.132.59 - - [02/Apr/2025:02:11:45 -0400] "GET /wp-includes/js//wp-includes/js/imgareaselect/ HTTP/1.1" 301 0 "-" "Mozlila/5.0 (Linux; Android 7.0; SM-G892A Bulid/NRD90M; wv) AppleWebKit/537.36 (KHTML, like Gecko) Version/4.0 Chrome/60.0.3112.107 Moblie Safari/537.36"
161.97.132.59 - - [02/Apr/2025:02:11:46 -0400] "GET /wp-includes/js/wp-includes/js/imgareaselect/ HTTP/1.1" 404 6614 "-" "Mozlila/5.0 (Linux; Android 7.0; SM-G892A Bulid/NRD90M; wv) AppleWebKit/537.36 (KHTML, like Gecko) Version/4.0 Chrome/60.0.3112.107 Moblie Safari/537.36"
161.97.132.59 - - [02/Apr/2025:02:11:52 -0400] "GET /wp-includes/js//wp-includes/js/jcrop/ HTTP/1.1" 301 0 "-" "Mozlila/5.0 (Linux; Android 7.0; SM-G892A Bulid/NRD90M; wv) AppleWebKit/537.36 (KHTML, like Gecko) Version/4.0 Chrome/60.0.3112.107 Moblie Safari/537.36"
161.97.132.59 - - [02/Apr/2025:02:11:52 -0400] "GET /wp-includes/js/wp-includes/js/jcrop/ HTTP/1.1" 404 6615 "-" "Mozlila/5.0 (Linux; Android 7.0; SM-G892A Bulid/NRD90M; wv) AppleWebKit/537.36 (KHTML, like Gecko) Version/4.0 Chrome/60.0.3112.107 Moblie Safari/537.36"
161.97.132.59 - - [02/Apr/2025:02:12:00 -0400] "GET /wp-includes/js//wp-includes/js/jquery/ HTTP/1.1" 301 0 "-" "Mozlila/5.0 (Linux; Android 7.0; SM-G892A Bulid/NRD90M; wv) AppleWebKit/537.36 (KHTML, like Gecko) Version/4.0 Chrome/60.0.3112.107 Moblie Safari/537.36"
161.97.132.59 - - [02/Apr/2025:02:12:01 -0400] "GET /wp-includes/js/wp-includes/js/jquery/ HTTP/1.1" 404 6615 "-" "Mozlila/5.0 (Linux; Android 7.0; SM-G892A Bulid/NRD90M; wv) AppleWebKit/537.36 (KHTML, like Gecko) Version/4.0 Chrome/60.0.3112.107 Moblie Safari/537.36"
198.54.114.83 - - [02/Apr/2025:02:12:03 -0400] "POST /wp-cron.php?doing_wp_cron=1743574323.5706570148468017578125 HTTP/1.1" 200 0 "-" "WordPress/6.7.2; https://baernblog.com"
161.97.132.59 - - [02/Apr/2025:02:12:03 -0400] "GET /wp-includes/js//wp-includes/js/mediaelement/ HTTP/1.1" 301 0 "-" "Mozlila/5.0 (Linux; Android 7.0; SM-G892A Bulid/NRD90M; wv) AppleWebKit/537.36 (KHTML, like Gecko) Version/4.0 Chrome/60.0.3112.107 Moblie Safari/537.36"
161.97.132.59 - - [02/Apr/2025:02:12:04 -0400] "GET /wp-includes/js/wp-includes/js/mediaelement/ HTTP/1.1" 404 6614 "-" "Mozlila/5.0 (Linux; Android 7.0; SM-G892A Bulid/NRD90M; wv) AppleWebKit/537.36 (KHTML, like Gecko) Version/4.0 Chrome/60.0.3112.107 Moblie Safari/537.36"
161.97.132.59 - - [02/Apr/2025:02:12:05 -0400] "GET /wp-includes/js//wp-includes/js/plupload/ HTTP/1.1" 301 0 "-" "Mozlila/5.0 (Linux; Android 7.0; SM-G892A Bulid/NRD90M; wv) AppleWebKit/537.36 (KHTML, like Gecko) Version/4.0 Chrome/60.0.3112.107 Moblie Safari/537.36"
161.97.132.59 - - [02/Apr/2025:02:12:05 -0400] "GET /wp-includes/js/wp-includes/js/plupload/ HTTP/1.1" 404 6614 "-" "Mozlila/5.0 (Linux; Android 7.0; SM-G892A Bulid/NRD90M; wv) AppleWebKit/537.36 (KHTML, like Gecko) Version/4.0 Chrome/60.0.3112.107 Moblie Safari/537.36"
161.97.132.59 - - [02/Apr/2025:02:12:07 -0400] "GET /wp-includes/js//wp-includes/js/swfupload/ HTTP/1.1" 301 0 "-" "Mozlila/5.0 (Linux; Android 7.0; SM-G892A Bulid/NRD90M; wv) AppleWebKit/537.36 (KHTML, like Gecko) Version/4.0 Chrome/60.0.3112.107 Moblie Safari/537.36"
161.97.132.59 - - [02/Apr/2025:02:12:08 -0400] "GET /wp-includes/js/wp-includes/js/swfupload/ HTTP/1.1" 404 6614 "-" "Mozlila/5.0 (Linux; Android 7.0; SM-G892A Bulid/NRD90M; wv) AppleWebKit/537.36 (KHTML, like Gecko) Version/4.0 Chrome/60.0.3112.107 Moblie Safari/537.36"
161.97.132.59 - - [02/Apr/2025:02:12:09 -0400] "GET /wp-includes/js//wp-includes/js/thickbox/ HTTP/1.1" 301 0 "-" "Mozlila/5.0 (Linux; Android 7.0; SM-G892A Bulid/NRD90M; wv) AppleWebKit/537.36 (KHTML, like Gecko) Version/4.0 Chrome/60.0.3112.107 Moblie Safari/537.36"
161.97.132.59 - - [02/Apr/2025:02:12:10 -0400] "GET /wp-includes/js/wp-includes/js/thickbox/ HTTP/1.1" 404 6614 "-" "Mozlila/5.0 (Linux; Android 7.0; SM-G892A Bulid/NRD90M; wv) AppleWebKit/537.36 (KHTML, like Gecko) Version/4.0 Chrome/60.0.3112.107 Moblie Safari/537.36"
161.97.132.59 - - [02/Apr/2025:02:12:11 -0400] "GET /wp-includes/js//wp-includes/js/tinymce/ HTTP/1.1" 301 0 "-" "Mozlila/5.0 (Linux; Android 7.0; SM-G892A Bulid/NRD90M; wv) AppleWebKit/537.36 (KHTML, like Gecko) Version/4.0 Chrome/60.0.3112.107 Moblie Safari/537.36"
161.97.132.59 - - [02/Apr/2025:02:12:12 -0400] "GET /wp-includes/js/wp-includes/js/tinymce/ HTTP/1.1" 404 6614 "-" "Mozlila/5.0 (Linux; Android 7.0; SM-G892A Bulid/NRD90M; wv) AppleWebKit/537.36 (KHTML, like Gecko) Version/4.0 Chrome/60.0.3112.107 Moblie Safari/537.36"
161.97.132.59 - - [02/Apr/2025:02:12:20 -0400] "GET /wp-admin/css/ HTTP/1.1" 200 3898 "-" "Mozlila/5.0 (Linux; Android 7.0; SM-G892A Bulid/NRD90M; wv) AppleWebKit/537.36 (KHTML, like Gecko) Version/4.0 Chrome/60.0.3112.107 Moblie Safari/537.36"
198.54.114.83 - - [02/Apr/2025:02:12:22 -0400] "POST /wp-cron.php?doing_wp_cron=1743574341.8590869903564453125000 HTTP/1.1" 200 0 "-" "WordPress/6.7.2; https://baernblog.com"
161.97.132.59 - - [02/Apr/2025:02:12:21 -0400] "GET /wp-admin/css//wp-admin/css/colors/ HTTP/1.1" 301 0 "-" "Mozlila/5.0 (Linux; Android 7.0; SM-G892A Bulid/NRD90M; wv) AppleWebKit/537.36 (KHTML, like Gecko) Version/4.0 Chrome/60.0.3112.107 Moblie Safari/537.36"
161.97.132.59 - - [02/Apr/2025:02:12:23 -0400] "GET /wp-admin/css/wp-admin/css/colors/ HTTP/1.1" 404 6614 "-" "Mozlila/5.0 (Linux; Android 7.0; SM-G892A Bulid/NRD90M; wv) AppleWebKit/537.36 (KHTML, like Gecko) Version/4.0 Chrome/60.0.3112.107 Moblie Safari/537.36"
161.97.132.59 - - [02/Apr/2025:02:12:24 -0400] "GET /wp-content/ HTTP/1.1" 200 0 "-" "Mozlila/5.0 (Linux; Android 7.0; SM-G892A Bulid/NRD90M; wv) AppleWebKit/537.36 (KHTML, like Gecko) Version/4.0 Chrome/60.0.3112.107 Moblie Safari/537.36"
161.97.132.59 - - [02/Apr/2025:02:12:31 -0400] "GET /wp-content/themes/ HTTP/1.1" 200 0 "-" "Mozlila/5.0 (Linux; Android 7.0; SM-G892A Bulid/NRD90M; wv) AppleWebKit/537.36 (KHTML, like Gecko) Version/4.0 Chrome/60.0.3112.107 Moblie Safari/537.36"
161.97.132.59 - - [02/Apr/2025:02:12:34 -0400] "GET /wp-admin/ HTTP/1.1" 302 0 "-" "Mozlila/5.0 (Linux; Android 7.0; SM-G892A Bulid/NRD90M; wv) AppleWebKit/537.36 (KHTML, like Gecko) Version/4.0 Chrome/60.0.3112.107 Moblie Safari/537.36"
161.97.132.59 - - [02/Apr/2025:02:12:41 -0400] "GET /uploads/ HTTP/1.1" 404 6615 "-" "Mozlila/5.0 (Linux; Android 7.0; SM-G892A Bulid/NRD90M; wv) AppleWebKit/537.36 (KHTML, like Gecko) Version/4.0 Chrome/60.0.3112.107 Moblie Safari/537.36"
161.97.132.59 - - [02/Apr/2025:02:12:46 -0400] "GET /upload/ HTTP/1.1" 404 6614 "-" "Mozlila/5.0 (Linux; Android 7.0; SM-G892A Bulid/NRD90M; wv) AppleWebKit/537.36 (KHTML, like Gecko) Version/4.0 Chrome/60.0.3112.107 Moblie Safari/537.36"
161.97.132.59 - - [02/Apr/2025:02:12:47 -0400] "GET /home/ HTTP/1.1" 301 0 "-" "Mozlila/5.0 (Linux; Android 7.0; SM-G892A Bulid/NRD90M; wv) AppleWebKit/537.36 (KHTML, like Gecko) Version/4.0 Chrome/60.0.3112.107 Moblie Safari/537.36"
89.28.217.3 - - [02/Apr/2025:02:12:51 -0400] "POST /xmlrpc.php HTTP/1.1" 200 212 "http://baernblog.com" "Mozilla/5.0 (Windows NT 11.0; Win64; x64) AppleWebKit/537.36 (KHTML, like Gecko) Chrome/126.0.0.0 Safari/537.36 Edg/126.0.0.0"
161.97.132.59 - - [02/Apr/2025:02:12:59 -0400] "GET /files/ HTTP/1.1" 404 6614 "-" "Mozlila/5.0 (Linux; Android 7.0; SM-G892A Bulid/NRD90M; wv) AppleWebKit/537.36 (KHTML, like Gecko) Version/4.0 Chrome/60.0.3112.107 Moblie Safari/537.36"
3.90.153.2 - - [02/Apr/2025:02:17:04 -0400] "GET /robots.txt HTTP/1.1" 304 0 "-" "Mozilla/5.0 (Macintosh; Intel Mac OS X 10_15_7) AppleWebKit/537.36 (KHTML, like Gecko) Chrome/108.0.0.0 Safari/537.36"
216.244.66.198 - - [02/Apr/2025:02:21:31 -0400] "GET /robots.txt HTTP/1.1" 304 0 "-" "Mozilla/5.0 (compatible; DotBot/1.2; +https://opensiteexplorer.org/dotbot; help@moz.com)"
195.26.225.209 - - [02/Apr/2025:02:24:09 -0400] "GET / HTTP/1.1" 200 97678 "-" "Mozilla/5.0 (Macintosh; Intel Mac OS X 10_15_7) AppleWebKit/537.36 (KHTML, like Gecko) Chrome/133.0.0.0 Safari/537.36"
3.90.153.2 - - [02/Apr/2025:02:24:28 -0400] "GET / HTTP/1.1" 200 97678 "-" "Mozilla/5.0 (Macintosh; Intel Mac OS X 10_15_7) AppleWebKit/537.36 (KHTML, like Gecko) Chrome/108.0.0.0 Safari/537.36"
198.54.114.83 - - [02/Apr/2025:02:25:47 -0400] "POST /wp-cron.php?doing_wp_cron=1743575147.6872351169586181640625 HTTP/1.1" 200 0 "-" "WordPress/6.7.2; https://baernblog.com"
103.148.104.77 - - [02/Apr/2025:02:25:47 -0400] "GET /admin.php HTTP/1.1" 404 6614 "http://baernblog.com/admin.php" "Mozilla/4.0 (compatible; MSIE 9.0; Windows NT 6.1)"
18.212.133.37 - - [02/Apr/2025:02:30:15 -0400] "GET / HTTP/1.1" 200 97678 "-" "Mozilla/5.0 (Macintosh; Intel Mac OS X 10_15_7) AppleWebKit/537.36 (KHTML, like Gecko) Chrome/108.0.0.0 Safari/537.36"
18.234.92.227 - - [02/Apr/2025:02:31:44 -0400] "GET / HTTP/1.1" 200 97678 "-" "Mozilla/5.0 (Macintosh; Intel Mac OS X 10_15_7) AppleWebKit/537.36 (KHTML, like Gecko) Chrome/108.0.0.0 Safari/537.36"
185.220.101.61 - - [02/Apr/2025:02:34:49 -0400] "GET / HTTP/1.1" 200 97678 "baernblog.com" "Mozilla/5.0 (Windows NT 6.1; WOW64) AppleWebKit/537.36 (KHTML, like Gecko) Dragon/46.9.15.425 Chrome/46.0.2490.86 Safari/537.36"
45.84.107.97 - - [02/Apr/2025:02:35:22 -0400] "GET / HTTP/1.1" 200 97678 "http://baernblog.com" "Mozilla/5.0 (Windows NT 6.1; WOW64) AppleWebKit/537.36 (KHTML, like Gecko) Dragon/46.9.15.425 Chrome/46.0.2490.86 Safari/537.36"
54.198.122.147 - - [02/Apr/2025:02:35:44 -0400] "GET / HTTP/1.1" 200 97678 "-" "Mozilla/5.0 (Macintosh; Intel Mac OS X 10_15_7) AppleWebKit/537.36 (KHTML, like Gecko) Chrome/108.0.0.0 Safari/537.36"
198.54.114.83 - - [02/Apr/2025:02:37:22 -0400] "POST /wp-cron.php?doing_wp_cron=1743575841.9473330974578857421875 HTTP/1.1" 200 0 "-" "WordPress/6.7.2; https://baernblog.com"
2a04:3544:1000:1510:c0ca:ff:feca:1a5e - - [02/Apr/2025:02:37:19 -0400] "POST /xmlrpc.php HTTP/1.1" 200 212 "http://baernblog.com" "Mozilla/5.0 (Macintosh; Intel Mac OS X 10_15_7; rv:127.0) Gecko/20100101 Firefox/127.0"
60.188.57.0 - - [02/Apr/2025:02:37:26 -0400] "GET / HTTP/1.1" 200 97678 "-" "Mozilla/5.0 (iPhone; CPU iPhone OS 13_2_3 like Mac OS X) AppleWebKit/605.1.15 (KHTML, like Gecko) Version/13.0.3 Mobile/15E148 Safari/604.1"
185.245.104.75 - - [02/Apr/2025:02:39:37 -0400] "GET / HTTP/1.1" 200 97678 "-" "Mozilla/5.0 (Macintosh; Intel Mac OS X 10_15_7) AppleWebKit/537.36 (KHTML, like Gecko) Chrome/133.0.0.0 Safari/537.36"
198.54.114.83 - - [02/Apr/2025:02:44:23 -0400] "POST /wp-cron.php?doing_wp_cron=1743576263.8661301136016845703125 HTTP/1.1" 200 0 "-" "WordPress/6.7.2; https://baernblog.com"
45.148.10.174 - - [02/Apr/2025:02:44:20 -0400] "GET /code/npm/@ali/lzd-h5-utils-icon/1.0.8/index.js HTTP/1.1" 404 6614 "-" "Mozilla/5.0 (Macintosh; Intel Mac OS X 10_15_7) AppleWebKit/537.36 Chrome/120.0.0.0"
164.92.243.116 - - [02/Apr/2025:02:44:49 -0400] "GET / HTTP/1.1" 200 97678 "-" "Mozilla/5.0 (compatible)"
185.21.13.25 - - [02/Apr/2025:02:55:33 -0400] "GET / HTTP/1.1" 200 97678 "-" "Mozilla/5.0 (Macintosh; Intel Mac OS X 10_15_7) AppleWebKit/537.36 (KHTML, like Gecko) Chrome/133.0.0.0 Safari/537.36"
88.210.10.79 - - [02/Apr/2025:03:01:28 -0400] "GET / HTTP/1.1" 200 97678 "-" "Mozilla/5.0 (Macintosh; Intel Mac OS X 10_15_7) AppleWebKit/537.36 (KHTML, like Gecko) Chrome/133.0.0.0 Safari/537.36"
89.46.109.92 - - [02/Apr/2025:03:01:31 -0400] "POST /xmlrpc.php HTTP/1.1" 200 212 "http://baernblog.com" "Mozilla/5.0 (Macintosh; Intel Mac OS X 13_3) AppleWebKit/537.36 (KHTML, like Gecko) Chrome/126.0.0.0 Safari/537.36"
212.118.53.218 - - [02/Apr/2025:03:03:37 -0400] "GET / HTTP/1.1" 200 97678 "-" "Mozilla/5.0 (Macintosh; Intel Mac OS X 10_15_7) AppleWebKit/537.36 (KHTML, like Gecko) Chrome/133.0.0.0 Safari/537.36"
198.54.114.83 - - [02/Apr/2025:03:25:49 -0400] "POST /wp-cron.php?doing_wp_cron=1743578749.3530418872833251953125 HTTP/1.1" 200 0 "-" "WordPress/6.7.2; https://baernblog.com"
208.109.27.194 - - [02/Apr/2025:03:25:45 -0400] "POST /xmlrpc.php HTTP/1.1" 200 212 "http://baernblog.com" "Mozilla/5.0 (Macintosh; Intel Mac OS X 10_15_7) AppleWebKit/537.36 (KHTML, like Gecko) Chrome/112.0.5615.138 Safari/537.36"
103.216.223.206 - - [02/Apr/2025:03:33:13 -0400] "GET /wp-content/uploads/2017-------/09/wp-console.php HTTP/1.1" 404 6614 "-" "Mozilla/5.0 (Linux; Android 11; M2010J19SI) AppleWebKit/537.36 (KHTML, like Gecko) Chrome/109.0.0.0 Mobile Safari/537.36"
103.216.223.206 - - [02/Apr/2025:03:33:17 -0400] "GET /wp-includes/js/crop/uword.php HTTP/1.1" 404 6614 "-" "Mozilla/5.0 (Linux; Android 11; M2010J19SI) AppleWebKit/537.36 (KHTML, like Gecko) Chrome/109.0.0.0 Mobile Safari/537.36"
198.54.114.83 - - [02/Apr/2025:03:33:19 -0400] "POST /wp-cron.php?doing_wp_cron=1743579199.0474009513854980468750 HTTP/1.1" 200 0 "-" "WordPress/6.7.2; https://baernblog.com"
103.216.223.206 - - [02/Apr/2025:03:33:18 -0400] "GET /wp-content/themes/bltm/wp-login.php HTTP/1.1" 404 6614 "-" "Mozilla/5.0 (Linux; Android 11; M2010J19SI) AppleWebKit/537.36 (KHTML, like Gecko) Chrome/109.0.0.0 Mobile Safari/537.36"
103.216.223.206 - - [02/Apr/2025:03:33:21 -0400] "GET /autoload_classmap.php HTTP/1.1" 404 6616 "-" "Mozilla/5.0 (Linux; Android 11; M2010J19SI) AppleWebKit/537.36 (KHTML, like Gecko) Chrome/109.0.0.0 Mobile Safari/537.36"
103.216.223.206 - - [02/Apr/2025:03:33:23 -0400] "GET /wp-content/uploads/2014/07/olx.php HTTP/1.1" 404 6614 "-" "Mozilla/5.0 (Linux; Android 11; M2010J19SI) AppleWebKit/537.36 (KHTML, like Gecko) Chrome/109.0.0.0 Mobile Safari/537.36"
103.216.223.206 - - [02/Apr/2025:03:33:25 -0400] "GET /wp-admin/css/colors/midnight/index.php HTTP/1.1" 301 0 "-" "Mozilla/5.0 (Linux; Android 11; M2010J19SI) AppleWebKit/537.36 (KHTML, like Gecko) Chrome/109.0.0.0 Mobile Safari/537.36"
103.216.223.206 - - [02/Apr/2025:03:33:26 -0400] "GET /wp-admin/css/colors/midnight/ HTTP/1.1" 200 910 "-" "Mozilla/5.0 (Linux; Android 11; M2010J19SI) AppleWebKit/537.36 (KHTML, like Gecko) Chrome/109.0.0.0 Mobile Safari/537.36"
103.216.223.206 - - [02/Apr/2025:03:33:28 -0400] "GET /wp-content/uploads/2020/wp-couldent.php.suspected HTTP/1.1" 404 6614 "-" "Mozilla/5.0 (Linux; Android 11; M2010J19SI) AppleWebKit/537.36 (KHTML, like Gecko) Chrome/109.0.0.0 Mobile Safari/537.36"
103.216.223.206 - - [02/Apr/2025:03:33:31 -0400] "GET /wp-content/plugins/523453244/ninja.php HTTP/1.1" 404 6616 "-" "Mozilla/5.0 (Linux; Android 11; M2010J19SI) AppleWebKit/537.36 (KHTML, like Gecko) Chrome/109.0.0.0 Mobile Safari/537.36"
103.216.223.206 - - [02/Apr/2025:03:33:34 -0400] "GET /wp-includes/js/imgareaselect/index.php HTTP/1.1" 301 0 "-" "Mozilla/5.0 (Linux; Android 11; M2010J19SI) AppleWebKit/537.36 (KHTML, like Gecko) Chrome/109.0.0.0 Mobile Safari/537.36"
103.216.223.206 - - [02/Apr/2025:03:33:36 -0400] "GET /wp-includes/js/imgareaselect/ HTTP/1.1" 200 961 "-" "Mozilla/5.0 (Linux; Android 11; M2010J19SI) AppleWebKit/537.36 (KHTML, like Gecko) Chrome/109.0.0.0 Mobile Safari/537.36"
103.216.223.206 - - [02/Apr/2025:03:33:38 -0400] "GET /wp-includes/PHPMailer/load.php HTTP/1.1" 404 6614 "-" "Mozilla/5.0 (Linux; Android 11; M2010J19SI) AppleWebKit/537.36 (KHTML, like Gecko) Chrome/109.0.0.0 Mobile Safari/537.36"
103.216.223.206 - - [02/Apr/2025:03:33:39 -0400] "GET /wp-links.php HTTP/1.1" 404 6614 "-" "Mozilla/5.0 (Linux; Android 11; M2010J19SI) AppleWebKit/537.36 (KHTML, like Gecko) Chrome/109.0.0.0 Mobile Safari/537.36"
103.216.223.206 - - [02/Apr/2025:03:33:41 -0400] "GET /wp-aa.php HTTP/1.1" 404 6615 "-" "Mozilla/5.0 (Linux; Android 11; M2010J19SI) AppleWebKit/537.36 (KHTML, like Gecko) Chrome/109.0.0.0 Mobile Safari/537.36"
103.216.223.206 - - [02/Apr/2025:03:33:42 -0400] "GET /wp-content/themes/travelscape/json.php HTTP/1.1" 404 6614 "-" "Mozilla/5.0 (Linux; Android 11; M2010J19SI) AppleWebKit/537.36 (KHTML, like Gecko) Chrome/109.0.0.0 Mobile Safari/537.36"
103.216.223.206 - - [02/Apr/2025:03:33:44 -0400] "GET /wp-content/themes/travel/issue.php HTTP/1.1" 404 6614 "-" "Mozilla/5.0 (Linux; Android 11; M2010J19SI) AppleWebKit/537.36 (KHTML, like Gecko) Chrome/109.0.0.0 Mobile Safari/537.36"
