193.19.109.199 - - [04/Apr/2025:19:05:29 -0400] "GET /wp-admin/user/index.php HTTP/1.1" 302 0 "-" "Go-http-client/1.1"
193.19.109.199 - - [04/Apr/2025:19:05:34 -0400] "GET /css.php HTTP/1.1" 404 6614 "-" "Go-http-client/1.1"
193.19.109.199 - - [04/Apr/2025:19:05:34 -0400] "GET /wp-admin/includes/String.php HTTP/1.1" 404 6614 "-" "Go-http-client/1.1"
198.54.114.83 - - [04/Apr/2025:19:05:37 -0400] "POST /wp-cron.php?doing_wp_cron=1743807937.0405149459838867187500 HTTP/1.1" 200 0 "-" "WordPress/6.7.2; https://baernblog.com"
193.19.109.199 - - [04/Apr/2025:19:05:36 -0400] "GET /wp-content/languages/wp-login.php HTTP/1.1" 404 6614 "-" "Go-http-client/1.1"
193.19.109.199 - - [04/Apr/2025:19:05:38 -0400] "GET /install.php HTTP/1.1" 404 6614 "-" "Go-http-client/1.1"
193.19.109.199 - - [04/Apr/2025:19:05:40 -0400] "GET /atomlib.php HTTP/1.1" 404 6614 "-" "Go-http-client/1.1"
193.19.109.199 - - [04/Apr/2025:19:05:42 -0400] "GET /alfa-rex.php HTTP/1.1" 404 6614 "-" "Go-http-client/1.1"
193.19.109.199 - - [04/Apr/2025:19:05:43 -0400] "GET /wp-includes/admin.php HTTP/1.1" 404 6614 "-" "Go-http-client/1.1"
193.19.109.199 - - [04/Apr/2025:19:05:45 -0400] "GET /inc.php HTTP/1.1" 404 6614 "-" "Go-http-client/1.1"
193.19.109.199 - - [04/Apr/2025:19:05:47 -0400] "GET /jp.php HTTP/1.1" 404 6614 "-" "Go-http-client/1.1"
193.19.109.199 - - [04/Apr/2025:19:05:48 -0400] "GET /wp-mail.php HTTP/1.1" 403 1123 "-" "Go-http-client/1.1"
193.19.109.199 - - [04/Apr/2025:19:05:49 -0400] "GET /randkeyword.PhP7 HTTP/1.1" 404 6614 "-" "Go-http-client/1.1"
198.54.114.83 - - [04/Apr/2025:19:05:51 -0400] "POST /wp-cron.php?doing_wp_cron=1743807950.6577479839324951171875 HTTP/1.1" 200 0 "-" "WordPress/6.7.2; https://baernblog.com"
193.19.109.199 - - [04/Apr/2025:19:05:50 -0400] "GET /radio.php HTTP/1.1" 404 6614 "-" "Go-http-client/1.1"
193.19.109.199 - - [04/Apr/2025:19:05:52 -0400] "GET /as.php HTTP/1.1" 404 6614 "-" "Go-http-client/1.1"
193.19.109.199 - - [04/Apr/2025:19:05:54 -0400] "GET /byp.php HTTP/1.1" 404 6614 "-" "Go-http-client/1.1"
193.19.109.199 - - [04/Apr/2025:19:05:57 -0400] "GET /click.php HTTP/1.1" 404 6614 "-" "Go-http-client/1.1"
193.19.109.199 - - [04/Apr/2025:19:05:59 -0400] "GET /defaults.php HTTP/1.1" 404 6615 "-" "Go-http-client/1.1"
193.19.109.199 - - [04/Apr/2025:19:06:01 -0400] "GET /403.php HTTP/1.1" 404 6614 "-" "Go-http-client/1.1"
193.19.109.199 - - [04/Apr/2025:19:06:04 -0400] "GET /wp-includes/Text/wp-login.php HTTP/1.1" 404 6613 "-" "Go-http-client/1.1"
193.19.109.199 - - [04/Apr/2025:19:06:05 -0400] "GET /wp-content/plugins/js_composer/vc_classmap.json-list.php HTTP/1.1" 404 6612 "-" "Go-http-client/1.1"
193.19.109.199 - - [04/Apr/2025:19:06:07 -0400] "GET /wp-content/item.php HTTP/1.1" 404 6614 "-" "Go-http-client/1.1"
193.19.109.199 - - [04/Apr/2025:19:06:08 -0400] "GET /wp-admin/css/about.php HTTP/1.1" 404 6614 "-" "Go-http-client/1.1"
193.19.109.199 - - [04/Apr/2025:19:06:10 -0400] "GET /wp-admin/css/colors/index.php HTTP/1.1" 301 0 "-" "Go-http-client/1.1"
193.19.109.199 - - [04/Apr/2025:19:06:12 -0400] "GET /wp-admin/css/colors/ HTTP/1.1" 200 1326 "http://baernblog.com/wp-admin/css/colors/index.php" "Go-http-client/1.1"
193.19.109.199 - - [04/Apr/2025:19:06:12 -0400] "GET /wp-content/uploads/about.php HTTP/1.1" 404 6614 "-" "Go-http-client/1.1"
193.19.109.199 - - [04/Apr/2025:19:06:13 -0400] "GET /wp-includes/rest-api/index.php HTTP/1.1" 301 0 "-" "Go-http-client/1.1"
193.19.109.199 - - [04/Apr/2025:19:06:14 -0400] "GET /wp-includes/rest-api/ HTTP/1.1" 200 1308 "http://baernblog.com/wp-includes/rest-api/index.php" "Go-http-client/1.1"
193.19.109.199 - - [04/Apr/2025:19:06:14 -0400] "GET /plugin.php HTTP/1.1" 404 6614 "-" "Go-http-client/1.1"
193.19.109.199 - - [04/Apr/2025:19:06:15 -0400] "GET /wp-includes/product.php HTTP/1.1" 404 6614 "-" "Go-http-client/1.1"
193.19.109.199 - - [04/Apr/2025:19:06:16 -0400] "GET /alfa.php HTTP/1.1" 404 6614 "-" "Go-http-client/1.1"
193.19.109.199 - - [04/Apr/2025:19:06:17 -0400] "GET /wp-includes/sitemaps/about.php HTTP/1.1" 404 6614 "-" "Go-http-client/1.1"
193.19.109.199 - - [04/Apr/2025:19:06:17 -0400] "GET /wp-content/json.php HTTP/1.1" 404 6614 "-" "Go-http-client/1.1"
193.19.109.199 - - [04/Apr/2025:19:06:18 -0400] "GET /wp-admin/wp-login.php HTTP/1.1" 404 6614 "-" "Go-http-client/1.1"
193.19.109.199 - - [04/Apr/2025:19:06:18 -0400] "GET /link.php HTTP/1.1" 404 6614 "-" "Go-http-client/1.1"
193.19.109.199 - - [04/Apr/2025:19:06:19 -0400] "GET /edit.php HTTP/1.1" 404 6614 "-" "Go-http-client/1.1"
193.19.109.199 - - [04/Apr/2025:19:06:21 -0400] "GET /wp-content/cong.php HTTP/1.1" 404 6614 "-" "Go-http-client/1.1"
193.19.109.199 - - [04/Apr/2025:19:06:22 -0400] "GET /wp-content/mah.php HTTP/1.1" 404 6615 "-" "Go-http-client/1.1"
193.19.109.199 - - [04/Apr/2025:19:06:23 -0400] "GET /wp-admin/network/about.php HTTP/1.1" 302 0 "-" "Go-http-client/1.1"
193.19.109.199 - - [04/Apr/2025:19:06:27 -0400] "GET /wp-config-sample.php HTTP/1.1" 500 1083 "-" "Go-http-client/1.1"
193.19.109.199 - - [04/Apr/2025:19:06:28 -0400] "GET /wp-admin/css/colors/coffee/index.php HTTP/1.1" 301 0 "-" "Go-http-client/1.1"
193.19.109.199 - - [04/Apr/2025:19:06:29 -0400] "GET /wp-admin/css/colors/coffee/ HTTP/1.1" 200 906 "http://baernblog.com/wp-admin/css/colors/coffee/index.php" "Go-http-client/1.1"
193.19.109.199 - - [04/Apr/2025:19:06:29 -0400] "GET /wp-content/plugins/dummyyummy/wp-signup.php HTTP/1.1" 404 6614 "-" "Go-http-client/1.1"
193.19.109.199 - - [04/Apr/2025:19:06:30 -0400] "GET /bypass.php HTTP/1.1" 404 6614 "-" "Go-http-client/1.1"
193.19.109.199 - - [04/Apr/2025:19:06:31 -0400] "GET /doc.php HTTP/1.1" 404 6615 "-" "Go-http-client/1.1"
193.19.109.199 - - [04/Apr/2025:19:06:32 -0400] "GET /wp-content/classwithtostring.php HTTP/1.1" 404 6614 "-" "Go-http-client/1.1"
193.19.109.199 - - [04/Apr/2025:19:06:34 -0400] "GET /.well-known/pki-validation/about.php HTTP/1.1" 404 1251 "-" "Go-http-client/1.1"
193.19.109.199 - - [04/Apr/2025:19:06:35 -0400] "GET /wp-content/content.php HTTP/1.1" 404 6614 "-" "Go-http-client/1.1"
198.54.114.83 - - [04/Apr/2025:19:06:37 -0400] "POST /wp-cron.php?doing_wp_cron=1743807997.4235548973083496093750 HTTP/1.1" 200 0 "-" "WordPress/6.7.2; https://baernblog.com"
193.19.109.199 - - [04/Apr/2025:19:06:37 -0400] "GET /wp-includes/fonts/wp-login.php HTTP/1.1" 404 6614 "-" "Go-http-client/1.1"
193.19.109.199 - - [04/Apr/2025:19:06:38 -0400] "GET /.well-known/pki-validation/index.php HTTP/1.1" 404 1251 "-" "Go-http-client/1.1"
193.19.109.199 - - [04/Apr/2025:19:06:38 -0400] "GET /small.php HTTP/1.1" 404 6614 "-" "Go-http-client/1.1"
193.19.109.199 - - [04/Apr/2025:19:06:39 -0400] "GET /editor.php HTTP/1.1" 404 6614 "-" "Go-http-client/1.1"
193.19.109.199 - - [04/Apr/2025:19:06:40 -0400] "GET /wp-content/tmpls.php HTTP/1.1" 404 6614 "-" "Go-http-client/1.1"
193.19.109.199 - - [04/Apr/2025:19:06:41 -0400] "GET /user.php HTTP/1.1" 404 6614 "-" "Go-http-client/1.1"
193.19.109.199 - - [04/Apr/2025:19:06:42 -0400] "GET /ws.php HTTP/1.1" 404 6615 "-" "Go-http-client/1.1"
193.19.109.199 - - [04/Apr/2025:19:06:42 -0400] "GET /wp-includes/wp-login.php HTTP/1.1" 404 6614 "-" "Go-http-client/1.1"
193.19.109.199 - - [04/Apr/2025:19:06:43 -0400] "GET /.well-known/acme-challenge/about.php HTTP/1.1" 404 6614 "-" "Go-http-client/1.1"
193.19.109.199 - - [04/Apr/2025:19:06:44 -0400] "GET /wp-admin/about.php HTTP/1.1" 302 0 "-" "Go-http-client/1.1"
193.19.109.199 - - [04/Apr/2025:19:06:46 -0400] "GET /sck.php HTTP/1.1" 404 6614 "-" "Go-http-client/1.1"
193.19.109.199 - - [04/Apr/2025:19:06:47 -0400] "GET /templates/beez3/error.php HTTP/1.1" 404 6614 "-" "Go-http-client/1.1"
193.19.109.199 - - [04/Apr/2025:19:06:48 -0400] "GET /wp-admin/maint/go.php HTTP/1.1" 404 6614 "-" "Go-http-client/1.1"
198.54.114.83 - - [04/Apr/2025:19:06:51 -0400] "POST /wp-cron.php?doing_wp_cron=1743808011.0132539272308349609375 HTTP/1.1" 200 0 "-" "WordPress/6.7.2; https://baernblog.com"
193.19.109.199 - - [04/Apr/2025:19:06:50 -0400] "GET /1337.php HTTP/1.1" 404 6615 "-" "Go-http-client/1.1"
193.19.109.199 - - [04/Apr/2025:19:06:53 -0400] "GET /cgi-bin/wp-login.php HTTP/1.1" 404 6614 "-" "Go-http-client/1.1"
193.19.109.199 - - [04/Apr/2025:19:06:55 -0400] "GET /wp-includes/fonts/about.php HTTP/1.1" 404 6614 "-" "Go-http-client/1.1"
193.19.109.199 - - [04/Apr/2025:19:06:57 -0400] "GET /wp-includes/link.php HTTP/1.1" 404 6614 "-" "Go-http-client/1.1"
193.19.109.199 - - [04/Apr/2025:19:07:00 -0400] "GET /templates/beez/index.php HTTP/1.1" 301 0 "-" "Go-http-client/1.1"
193.19.109.199 - - [04/Apr/2025:19:07:01 -0400] "GET /templates/beez/ HTTP/1.1" 404 6614 "http://baernblog.com/templates/beez/index.php" "Go-http-client/1.1"
193.19.109.199 - - [04/Apr/2025:19:07:03 -0400] "GET /lock.php HTTP/1.1" 404 6613 "-" "Go-http-client/1.1"
193.19.109.199 - - [04/Apr/2025:19:07:06 -0400] "GET /wp-log1n.php HTTP/1.1" 404 6614 "-" "Go-http-client/1.1"
193.19.109.199 - - [04/Apr/2025:19:07:08 -0400] "GET /wp-admin/admin.php HTTP/1.1" 302 0 "-" "Go-http-client/1.1"
193.19.109.199 - - [04/Apr/2025:19:07:12 -0400] "GET /mini.php HTTP/1.1" 404 6615 "-" "Go-http-client/1.1"
193.19.109.199 - - [04/Apr/2025:19:07:14 -0400] "GET /wp-includes/wp-class.php HTTP/1.1" 404 6614 "-" "Go-http-client/1.1"
193.19.109.199 - - [04/Apr/2025:19:07:14 -0400] "GET /hehehehe.php HTTP/1.1" 404 6614 "-" "Go-http-client/1.1"
193.19.109.199 - - [04/Apr/2025:19:07:16 -0400] "GET /lufix.php HTTP/1.1" 404 6614 "-" "Go-http-client/1.1"
193.19.109.199 - - [04/Apr/2025:19:07:17 -0400] "GET /wp-2019.php HTTP/1.1" 404 6614 "-" "Go-http-client/1.1"
193.19.109.199 - - [04/Apr/2025:19:07:18 -0400] "GET /randkeyword.php HTTP/1.1" 404 6614 "-" "Go-http-client/1.1"
193.19.109.199 - - [04/Apr/2025:19:07:18 -0400] "GET /makeasmtp.php HTTP/1.1" 404 6614 "-" "Go-http-client/1.1"
193.19.109.199 - - [04/Apr/2025:19:07:19 -0400] "GET /alfa.php?solevisible HTTP/1.1" 404 6614 "-" "Go-http-client/1.1"
193.19.109.199 - - [04/Apr/2025:19:07:20 -0400] "GET /wp-content/plugins/ubh/up.php HTTP/1.1" 404 6614 "-" "Go-http-client/1.1"
193.19.109.199 - - [04/Apr/2025:19:07:21 -0400] "GET /wp-content/themes/pridmag/db.php?u HTTP/1.1" 404 6614 "-" "Go-http-client/1.1"
193.19.109.199 - - [04/Apr/2025:19:07:22 -0400] "GET /wp-content/themes/seotheme/db.php HTTP/1.1" 404 6615 "-" "Go-http-client/1.1"
193.19.109.199 - - [04/Apr/2025:19:07:23 -0400] "GET /wp-content/ThreeFox_Exploit/index.php?threefox HTTP/1.1" 301 0 "-" "Go-http-client/1.1"
193.19.109.199 - - [04/Apr/2025:19:07:24 -0400] "GET /wp-content/ThreeFox_Exploit/?threefox HTTP/1.1" 404 6614 "http://baernblog.com/wp-content/ThreeFox_Exploit/index.php?threefox" "Go-http-client/1.1"
193.19.109.199 - - [04/Apr/2025:19:07:25 -0400] "GET /wp-content/plugins/helloapx/wp-apxupx.php?apx=upx HTTP/1.1" 404 6614 "-" "Go-http-client/1.1"
193.19.109.199 - - [04/Apr/2025:19:07:26 -0400] "GET /wp-content/plugins/pwnd/pwnd.php HTTP/1.1" 404 6620 "-" "Go-http-client/1.1"
193.19.109.199 - - [04/Apr/2025:19:07:27 -0400] "GET /modules/mod_simplefileuploadv1.3/elements/udd.php HTTP/1.1" 404 6614 "-" "Go-http-client/1.1"
193.19.109.199 - - [04/Apr/2025:19:07:27 -0400] "GET /wp-admin/maint/upfile.php HTTP/1.1" 404 6614 "-" "Go-http-client/1.1"
193.19.109.199 - - [04/Apr/2025:19:07:29 -0400] "GET /.well-known/acme-challenge/upfile.php HTTP/1.1" 404 6614 "-" "Go-http-client/1.1"
193.19.109.199 - - [04/Apr/2025:19:07:30 -0400] "GET /test.php HTTP/1.1" 404 6614 "-" "Go-http-client/1.1"
80.85.246.217 - - [04/Apr/2025:19:11:47 -0400] "GET / HTTP/1.1" 200 97678 "-" "Mozilla/5.0 (Macintosh; Intel Mac OS X 10_15_7) AppleWebKit/537.36 (KHTML, like Gecko) Chrome/133.0.0.0 Safari/537.36"
193.189.100.203 - - [04/Apr/2025:19:29:47 -0400] "GET / HTTP/1.1" 200 97678 "http://baernblog.com" "Mozilla/5.0 (X11; Linux i686 on x86_64; rv:50.0) Gecko/20100101 Firefox/50.0"
80.85.246.217 - - [04/Apr/2025:19:30:56 -0400] "GET / HTTP/1.1" 200 97678 "-" "Mozilla/5.0 (Macintosh; Intel Mac OS X 10_15_7) AppleWebKit/537.36 (KHTML, like Gecko) Chrome/133.0.0.0 Safari/537.36"
216.244.66.198 - - [04/Apr/2025:19:33:05 -0400] "GET /robots.txt HTTP/1.1" 200 124 "-" "Mozilla/5.0 (compatible; DotBot/1.2; +https://opensiteexplorer.org/dotbot; help@moz.com)"
4.227.36.17 - - [04/Apr/2025:19:35:51 -0400] "GET /robots.txt HTTP/1.1" 200 124 "-" "Mozilla/5.0 AppleWebKit/537.36 (KHTML, like Gecko; compatible; GPTBot/1.2; +https://openai.com/gptbot)"
212.34.154.131 - - [04/Apr/2025:19:39:11 -0400] "GET / HTTP/1.1" 200 97678 "-" "Mozilla/5.0 (Macintosh; Intel Mac OS X 10_15_7) AppleWebKit/537.36 (KHTML, like Gecko) Chrome/133.0.0.0 Safari/537.36"
89.110.109.74 - - [04/Apr/2025:19:40:47 -0400] "GET / HTTP/1.1" 200 97678 "-" "Mozilla/5.0 (Macintosh; Intel Mac OS X 10_15_7) AppleWebKit/537.36 (KHTML, like Gecko) Chrome/133.0.0.0 Safari/537.36"
212.34.155.126 - - [04/Apr/2025:19:41:01 -0400] "GET / HTTP/1.1" 200 97678 "-" "Mozilla/5.0 (Macintosh; Intel Mac OS X 10_15_7) AppleWebKit/537.36 (KHTML, like Gecko) Chrome/133.0.0.0 Safari/537.36"
195.26.224.235 - - [04/Apr/2025:19:41:11 -0400] "GET / HTTP/1.1" 200 97678 "-" "Mozilla/5.0 (Macintosh; Intel Mac OS X 10_15_7) AppleWebKit/537.36 (KHTML, like Gecko) Chrome/133.0.0.0 Safari/537.36"
212.34.146.152 - - [04/Apr/2025:19:46:29 -0400] "GET / HTTP/1.1" 200 97678 "-" "Mozilla/5.0 (Macintosh; Intel Mac OS X 10_15_7) AppleWebKit/537.36 (KHTML, like Gecko) Chrome/133.0.0.0 Safari/537.36"
104.219.236.100 - - [04/Apr/2025:19:47:06 -0400] "GET / HTTP/1.1" 200 97678 "http://baernblog.com" "Mozilla/5.0 (Windows NT 5.1) AppleWebKit/537.36 (KHTML, like Gecko) Chrome/47.0.2526.73 Safari/537.36 OPR/34.0.2036.25 (Edition Campaign 38)"
77.238.230.6 - - [04/Apr/2025:19:49:52 -0400] "GET / HTTP/1.1" 200 97678 "-" "Mozilla/5.0 (Macintosh; Intel Mac OS X 10_15_7) AppleWebKit/537.36 (KHTML, like Gecko) Chrome/133.0.0.0 Safari/537.36"
89.110.80.171 - - [04/Apr/2025:19:50:10 -0400] "GET / HTTP/1.1" 200 97678 "-" "Mozilla/5.0 (Macintosh; Intel Mac OS X 10_15_7) AppleWebKit/537.36 (KHTML, like Gecko) Chrome/133.0.0.0 Safari/537.36"
212.34.146.152 - - [04/Apr/2025:19:50:19 -0400] "GET / HTTP/1.1" 200 97678 "-" "Mozilla/5.0 (Macintosh; Intel Mac OS X 10_15_7) AppleWebKit/537.36 (KHTML, like Gecko) Chrome/133.0.0.0 Safari/537.36"
185.157.214.24 - - [04/Apr/2025:19:52:11 -0400] "GET / HTTP/1.1" 200 97678 "-" "Mozilla/5.0 (Macintosh; Intel Mac OS X 10_15_7) AppleWebKit/537.36 (KHTML, like Gecko) Chrome/133.0.0.0 Safari/537.36"
77.238.230.6 - - [04/Apr/2025:19:58:16 -0400] "GET / HTTP/1.1" 200 97678 "-" "Mozilla/5.0 (Macintosh; Intel Mac OS X 10_15_7) AppleWebKit/537.36 (KHTML, like Gecko) Chrome/133.0.0.0 Safari/537.36"
89.110.109.74 - - [04/Apr/2025:20:03:05 -0400] "GET / HTTP/1.1" 200 97678 "-" "Mozilla/5.0 (Macintosh; Intel Mac OS X 10_15_7) AppleWebKit/537.36 (KHTML, like Gecko) Chrome/133.0.0.0 Safari/537.36"
91.84.104.205 - - [04/Apr/2025:20:12:12 -0400] "GET / HTTP/1.1" 200 97678 "-" "Mozilla/5.0 (Macintosh; Intel Mac OS X 10_15_7) AppleWebKit/537.36 (KHTML, like Gecko) Chrome/133.0.0.0 Safari/537.36"
91.84.109.110 - - [04/Apr/2025:20:13:43 -0400] "GET / HTTP/1.1" 200 97678 "-" "Mozilla/5.0 (Macintosh; Intel Mac OS X 10_15_7) AppleWebKit/537.36 (KHTML, like Gecko) Chrome/133.0.0.0 Safari/537.36"
89.110.103.94 - - [04/Apr/2025:20:15:49 -0400] "GET / HTTP/1.1" 200 97678 "-" "Mozilla/5.0 (Macintosh; Intel Mac OS X 10_15_7) AppleWebKit/537.36 (KHTML, like Gecko) Chrome/133.0.0.0 Safari/537.36"
89.110.103.94 - - [04/Apr/2025:20:16:05 -0400] "GET / HTTP/1.1" 200 97678 "-" "Mozilla/5.0 (Macintosh; Intel Mac OS X 10_15_7) AppleWebKit/537.36 (KHTML, like Gecko) Chrome/133.0.0.0 Safari/537.36"
89.110.115.121 - - [04/Apr/2025:20:24:46 -0400] "GET / HTTP/1.1" 200 97678 "-" "Mozilla/5.0 (Macintosh; Intel Mac OS X 10_15_7) AppleWebKit/537.36 (KHTML, like Gecko) Chrome/133.0.0.0 Safari/537.36"
91.84.109.110 - - [04/Apr/2025:20:28:37 -0400] "GET / HTTP/1.1" 200 97678 "-" "Mozilla/5.0 (Macintosh; Intel Mac OS X 10_15_7) AppleWebKit/537.36 (KHTML, like Gecko) Chrome/133.0.0.0 Safari/537.36"
8.210.179.35 - - [04/Apr/2025:20:30:05 -0400] "GET /robots.txt HTTP/1.1" 200 124 "-" "Mozilla/5.0 (Windows NT 6.2; Win64; x64) AppleWebKit/537.36 (KHTML, like Gecko) Chrome/71.0.2028.122 Safari/537.36"
173.244.56.227 - - [04/Apr/2025:20:30:22 -0400] "GET /.env HTTP/1.1" 403 1242 "-" "Mozilla/5.0 (Macintosh; Intel Mac OS X 10.15; rv:77.0) Gecko/20100101 Firefox/77.0"
173.244.56.227 - - [04/Apr/2025:20:30:23 -0400] "GET /wp-content/ HTTP/1.1" 200 0 "-" "Mozilla/5.0 (Macintosh; Intel Mac OS X 10.15; rv:77.0) Gecko/20100101 Firefox/77.0"
185.21.14.193 - - [04/Apr/2025:20:30:35 -0400] "GET / HTTP/1.1" 200 97678 "-" "Mozilla/5.0 (Macintosh; Intel Mac OS X 10_15_7) AppleWebKit/537.36 (KHTML, like Gecko) Chrome/133.0.0.0 Safari/537.36"
212.34.154.131 - - [04/Apr/2025:20:43:25 -0400] "GET / HTTP/1.1" 200 97678 "-" "Mozilla/5.0 (Macintosh; Intel Mac OS X 10_15_7) AppleWebKit/537.36 (KHTML, like Gecko) Chrome/133.0.0.0 Safari/537.36"
185.21.13.25 - - [04/Apr/2025:20:52:46 -0400] "GET / HTTP/1.1" 200 97678 "-" "Mozilla/5.0 (Macintosh; Intel Mac OS X 10_15_7) AppleWebKit/537.36 (KHTML, like Gecko) Chrome/133.0.0.0 Safari/537.36"
212.34.154.131 - - [04/Apr/2025:20:53:20 -0400] "GET / HTTP/1.1" 200 97678 "-" "Mozilla/5.0 (Macintosh; Intel Mac OS X 10_15_7) AppleWebKit/537.36 (KHTML, like Gecko) Chrome/133.0.0.0 Safari/537.36"
89.110.103.94 - - [04/Apr/2025:20:56:41 -0400] "GET / HTTP/1.1" 200 97678 "-" "Mozilla/5.0 (Macintosh; Intel Mac OS X 10_15_7) AppleWebKit/537.36 (KHTML, like Gecko) Chrome/133.0.0.0 Safari/537.36"
103.153.202.98 - - [04/Apr/2025:20:57:12 -0400] "GET / HTTP/1.1" 200 97678 "http://baernblog.com" "Mozilla/4.0 (compatible; MSIE 9.0; Windows NT 6.1)"
103.153.202.99 - - [04/Apr/2025:20:59:35 -0400] "GET / HTTP/1.1" 200 97678 "http://baernblog.com" "Mozilla/4.0 (compatible; MSIE 9.0; Windows NT 6.1)"
216.244.66.198 - - [04/Apr/2025:21:03:37 -0400] "GET /robots.txt HTTP/1.1" 304 0 "-" "Mozilla/5.0 (compatible; DotBot/1.2; +https://opensiteexplorer.org/dotbot; help@moz.com)"
89.110.109.74 - - [04/Apr/2025:21:09:51 -0400] "GET / HTTP/1.1" 200 97678 "-" "Mozilla/5.0 (Macintosh; Intel Mac OS X 10_15_7) AppleWebKit/537.36 (KHTML, like Gecko) Chrome/133.0.0.0 Safari/537.36"
185.220.100.251 - - [04/Apr/2025:21:12:23 -0400] "GET / HTTP/1.1" 200 97678 "http://baernblog.com" "Mozilla/5.0 (Windows NT 6.2; WOW64) AppleWebKit/537.36 (KHTML, like Gecko) Chrome/28.0.1500.75 Safari/537.36 MRCHROME"
77.232.38.106 - - [04/Apr/2025:21:14:58 -0400] "GET /how-to-get-vyvanse-prescription-online/ HTTP/1.1" 200 12556 "-" "Mozilla/5.0 (Macintosh; Intel Mac OS X 12_5) AppleWebKit/537.36 (KHTML, like Gecko) Chrome/114.0.0.0 Safari/537.36 Edg/114.0.1264.71"
192.42.116.209 - - [04/Apr/2025:21:24:39 -0400] "GET / HTTP/1.1" 200 97678 "http://baernblog.com" "Opera/9.80 (Windows NT 5.1; WOW64) Presto/2.12.388 Version/12.17"
185.245.104.75 - - [04/Apr/2025:21:36:43 -0400] "GET / HTTP/1.1" 200 97678 "-" "Mozilla/5.0 (Macintosh; Intel Mac OS X 10_15_7) AppleWebKit/537.36 (KHTML, like Gecko) Chrome/133.0.0.0 Safari/537.36"
91.84.104.205 - - [04/Apr/2025:21:42:05 -0400] "GET / HTTP/1.1" 200 97678 "-" "Mozilla/5.0 (Macintosh; Intel Mac OS X 10_15_7) AppleWebKit/537.36 (KHTML, like Gecko) Chrome/133.0.0.0 Safari/537.36"
195.200.26.27 - - [04/Apr/2025:21:42:24 -0400] "GET / HTTP/1.1" 200 97678 "-" "Mozilla/5.0 (Macintosh; Intel Mac OS X 10_15_7) AppleWebKit/537.36 (KHTML, like Gecko) Chrome/133.0.0.0 Safari/537.36"
195.191.219.132 - - [04/Apr/2025:21:45:16 -0400] "GET /robots.txt HTTP/1.1" 200 124 "-" "Mozilla/5.0 (compatible; MJ12bot/v2.0.0; http://mj12bot.com/)"
195.191.219.132 - - [04/Apr/2025:21:45:16 -0400] "GET / HTTP/1.1" 200 97678 "-" "Mozilla/5.0 (compatible; MJ12bot/v2.0.0; http://mj12bot.com/)"
195.26.224.235 - - [04/Apr/2025:21:50:37 -0400] "GET / HTTP/1.1" 200 97678 "-" "Mozilla/5.0 (Macintosh; Intel Mac OS X 10_15_7) AppleWebKit/537.36 (KHTML, like Gecko) Chrome/133.0.0.0 Safari/537.36"
216.244.66.198 - - [04/Apr/2025:21:51:34 -0400] "GET /robots.txt HTTP/1.1" 200 124 "-" "Mozilla/5.0 (compatible; DotBot/1.2; +https://opensiteexplorer.org/dotbot; help@moz.com)"
182.44.12.37 - - [04/Apr/2025:22:01:49 -0400] "GET / HTTP/1.1" 200 97678 "-" "Mozilla/5.0 (iPhone; CPU iPhone OS 13_2_3 like Mac OS X) AppleWebKit/605.1.15 (KHTML, like Gecko) Version/13.0.3 Mobile/15E148 Safari/604.1"
212.34.155.126 - - [04/Apr/2025:22:04:45 -0400] "GET / HTTP/1.1" 200 97678 "-" "Mozilla/5.0 (Macintosh; Intel Mac OS X 10_15_7) AppleWebKit/537.36 (KHTML, like Gecko) Chrome/133.0.0.0 Safari/537.36"
89.110.103.94 - - [04/Apr/2025:22:07:52 -0400] "GET / HTTP/1.1" 200 97678 "-" "Mozilla/5.0 (Macintosh; Intel Mac OS X 10_15_7) AppleWebKit/537.36 (KHTML, like Gecko) Chrome/133.0.0.0 Safari/537.36"
89.110.115.121 - - [04/Apr/2025:22:15:27 -0400] "GET / HTTP/1.1" 200 97678 "-" "Mozilla/5.0 (Macintosh; Intel Mac OS X 10_15_7) AppleWebKit/537.36 (KHTML, like Gecko) Chrome/133.0.0.0 Safari/537.36"
27.124.46.42 - - [04/Apr/2025:22:29:10 -0400] "GET / HTTP/1.1" 200 97678 "http://baernblog.com" "Mozilla/5.0 (Windows NT 10.0; Win64; x64) AppleWebKit/537.36 (KHTML, like Gecko) Chrome/131.0.0.0 Safari/537.36"
216.244.66.198 - - [04/Apr/2025:22:37:22 -0400] "GET /robots.txt HTTP/1.1" 304 0 "-" "Mozilla/5.0 (compatible; DotBot/1.2; +https://opensiteexplorer.org/dotbot; help@moz.com)"
185.21.14.193 - - [04/Apr/2025:22:42:45 -0400] "GET / HTTP/1.1" 200 97678 "-" "Mozilla/5.0 (Macintosh; Intel Mac OS X 10_15_7) AppleWebKit/537.36 (KHTML, like Gecko) Chrome/133.0.0.0 Safari/537.36"
109.70.100.3 - - [04/Apr/2025:23:09:29 -0400] "GET / HTTP/1.1" 200 97678 "http://baernblog.com" "Mozilla/5.0 (X11; Linux x86_64) AppleWebKit/537.36 (KHTML, like Gecko) Ubuntu Chromium/66.0.3359.181 Chrome/66.0.3359.181 Safari/537.36"
216.244.66.198 - - [04/Apr/2025:23:21:43 -0400] "GET /robots.txt HTTP/1.1" 304 0 "-" "Mozilla/5.0 (compatible; DotBot/1.2; +https://opensiteexplorer.org/dotbot; help@moz.com)"
222.186.134.245 - - [04/Apr/2025:23:25:16 -0400] "GET /xmlrpc.php HTTP/1.1" 405 60 "http://baernblog.com" "msnbot/1.0 (+http://search.msn.com/msnbot.htm\xa1\xb1)"
198.54.114.83 - - [04/Apr/2025:23:25:19 -0400] "POST /wp-cron.php?doing_wp_cron=1743823516.8994579315185546875000 HTTP/1.1" 200 0 "-" "WordPress/6.7.2; https://baernblog.com"
54.36.148.24 - - [04/Apr/2025:23:27:51 -0400] "GET /robots.txt HTTP/1.1" 200 124 "-" "Mozilla/5.0 (compatible; AhrefsBot/7.0; +http://ahrefs.com/robot/)"
185.21.13.25 - - [04/Apr/2025:23:37:37 -0400] "GET / HTTP/1.1" 200 97678 "-" "Mozilla/5.0 (Macintosh; Intel Mac OS X 10_15_7) AppleWebKit/537.36 (KHTML, like Gecko) Chrome/133.0.0.0 Safari/537.36"
216.244.66.198 - - [05/Apr/2025:00:05:40 -0400] "GET /robots.txt HTTP/1.1" 304 0 "-" "Mozilla/5.0 (compatible; DotBot/1.2; +https://opensiteexplorer.org/dotbot; help@moz.com)"
154.83.103.109 - - [05/Apr/2025:00:13:25 -0400] "GET /.git/HEAD HTTP/1.1" 403 1242 "-" "-"
198.54.114.83 - - [05/Apr/2025:00:13:28 -0400] "POST /wp-cron.php?doing_wp_cron=1743826408.6805601119995117187500 HTTP/1.1" 200 0 "-" "WordPress/6.7.2; https://baernblog.com"
154.83.103.109 - - [05/Apr/2025:00:13:26 -0400] "GET /server-info HTTP/1.1" 404 6615 "-" "Mozilla/5.0 (Windows NT 10.0; Win64; x64) AppleWebKit/537.36 (KHTML, like Gecko) Chrome/91.0.4472.124 Safari/537.36"
154.83.103.109 - - [05/Apr/2025:00:13:30 -0400] "GET /.htaccess HTTP/1.1" 403 1242 "-" "Mozilla/5.0 (Windows NT 10.0; Win64; x64) AppleWebKit/537.36 (KHTML, like Gecko) Chrome/91.0.4472.124 Safari/537.36"
154.83.103.109 - - [05/Apr/2025:00:13:31 -0400] "GET /.htpasswd HTTP/1.1" 403 1242 "-" "Mozilla/5.0 (Windows NT 10.0; Win64; x64) AppleWebKit/537.36 (KHTML, like Gecko) Chrome/91.0.4472.124 Safari/537.36"
154.83.103.109 - - [05/Apr/2025:00:13:31 -0400] "GET /backup/.htpasswd HTTP/1.1" 403 1242 "-" "Mozilla/5.0 (Windows NT 10.0; Win64; x64) AppleWebKit/537.36 (KHTML, like Gecko) Chrome/91.0.4472.124 Safari/537.36"
154.83.103.109 - - [05/Apr/2025:00:13:32 -0400] "GET /backup/.htaccess HTTP/1.1" 403 1242 "-" "Mozilla/5.0 (Windows NT 10.0; Win64; x64) AppleWebKit/537.36 (KHTML, like Gecko) Chrome/91.0.4472.124 Safari/537.36"
154.83.103.109 - - [05/Apr/2025:00:13:33 -0400] "GET /old/.htaccess HTTP/1.1" 403 1242 "-" "Mozilla/5.0 (Windows NT 10.0; Win64; x64) AppleWebKit/537.36 (KHTML, like Gecko) Chrome/91.0.4472.124 Safari/537.36"
154.83.103.109 - - [05/Apr/2025:00:13:33 -0400] "GET /logs/access.log HTTP/1.1" 404 6615 "-" "Mozilla/5.0 (Windows NT 10.0; Win64; x64) AppleWebKit/537.36 (KHTML, like Gecko) Chrome/91.0.4472.124 Safari/537.36"
154.83.103.109 - - [05/Apr/2025:00:13:34 -0400] "GET /logs/error.log HTTP/1.1" 404 6615 "-" "Mozilla/5.0 (Windows NT 10.0; Win64; x64) AppleWebKit/537.36 (KHTML, like Gecko) Chrome/91.0.4472.124 Safari/537.36"
154.83.103.109 - - [05/Apr/2025:00:13:35 -0400] "GET /conf/httpd.conf HTTP/1.1" 404 6615 "-" "Mozilla/5.0 (Windows NT 10.0; Win64; x64) AppleWebKit/537.36 (KHTML, like Gecko) Chrome/91.0.4472.124 Safari/537.36"
154.83.103.109 - - [05/Apr/2025:00:13:36 -0400] "GET /conf/apache2.conf HTTP/1.1" 404 6615 "-" "Mozilla/5.0 (Windows NT 10.0; Win64; x64) AppleWebKit/537.36 (KHTML, like Gecko) Chrome/91.0.4472.124 Safari/537.36"
154.83.103.109 - - [05/Apr/2025:00:13:38 -0400] "GET /.env HTTP/1.1" 403 1242 "-" "Mozilla/5.0 (Windows NT 10.0; Win64; x64) AppleWebKit/537.36 (KHTML, like Gecko) Chrome/91.0.4472.124 Safari/537.36"
154.83.103.109 - - [05/Apr/2025:00:13:39 -0400] "GET /.env.example HTTP/1.1" 403 1242 "-" "Mozilla/5.0 (Windows NT 10.0; Win64; x64) AppleWebKit/537.36 (KHTML, like Gecko) Chrome/91.0.4472.124 Safari/537.36"
198.54.114.83 - - [05/Apr/2025:00:13:40 -0400] "POST /wp-cron.php?doing_wp_cron=1743826419.9135179519653320312500 HTTP/1.1" 200 0 "-" "WordPress/6.7.2; https://baernblog.com"
154.83.103.109 - - [05/Apr/2025:00:13:39 -0400] "GET /storage/logs/laravel.log HTTP/1.1" 404 6615 "-" "Mozilla/5.0 (Windows NT 10.0; Win64; x64) AppleWebKit/537.36 (KHTML, like Gecko) Chrome/91.0.4472.124 Safari/537.36"
154.83.103.109 - - [05/Apr/2025:00:13:41 -0400] "GET /bootstrap/cache/config.php HTTP/1.1" 404 6616 "-" "Mozilla/5.0 (Windows NT 10.0; Win64; x64) AppleWebKit/537.36 (KHTML, like Gecko) Chrome/91.0.4472.124 Safari/537.36"
154.83.103.109 - - [05/Apr/2025:00:13:43 -0400] "GET /bootstrap/cache/routes.php HTTP/1.1" 404 6615 "-" "Mozilla/5.0 (Windows NT 10.0; Win64; x64) AppleWebKit/537.36 (KHTML, like Gecko) Chrome/91.0.4472.124 Safari/537.36"
154.83.103.109 - - [05/Apr/2025:00:13:44 -0400] "GET /public/storage/ HTTP/1.1" 404 6615 "-" "Mozilla/5.0 (Windows NT 10.0; Win64; x64) AppleWebKit/537.36 (KHTML, like Gecko) Chrome/91.0.4472.124 Safari/537.36"
154.83.103.109 - - [05/Apr/2025:00:13:45 -0400] "GET /config/app.php HTTP/1.1" 404 6615 "-" "Mozilla/5.0 (Windows NT 10.0; Win64; x64) AppleWebKit/537.36 (KHTML, like Gecko) Chrome/91.0.4472.124 Safari/537.36"
154.83.103.109 - - [05/Apr/2025:00:13:47 -0400] "GET /config/database.php HTTP/1.1" 404 6615 "-" "Mozilla/5.0 (Windows NT 10.0; Win64; x64) AppleWebKit/537.36 (KHTML, like Gecko) Chrome/91.0.4472.124 Safari/537.36"
154.83.103.109 - - [05/Apr/2025:00:13:47 -0400] "GET /routes/web.php HTTP/1.1" 404 6615 "-" "Mozilla/5.0 (Windows NT 10.0; Win64; x64) AppleWebKit/537.36 (KHTML, like Gecko) Chrome/91.0.4472.124 Safari/537.36"
154.83.103.109 - - [05/Apr/2025:00:13:49 -0400] "GET /routes/api.php HTTP/1.1" 404 6615 "-" "Mozilla/5.0 (Windows NT 10.0; Win64; x64) AppleWebKit/537.36 (KHTML, like Gecko) Chrome/91.0.4472.124 Safari/537.36"
154.83.103.109 - - [05/Apr/2025:00:13:50 -0400] "GET /.svn/ HTTP/1.1" 403 1242 "-" "Mozilla/5.0 (Windows NT 10.0; Win64; x64) AppleWebKit/537.36 (KHTML, like Gecko) Chrome/91.0.4472.124 Safari/537.36"
154.83.103.109 - - [05/Apr/2025:00:13:50 -0400] "GET /.svn/wc.db HTTP/1.1" 403 1242 "-" "Mozilla/5.0 (Windows NT 10.0; Win64; x64) AppleWebKit/537.36 (KHTML, like Gecko) Chrome/91.0.4472.124 Safari/537.36"
154.83.103.109 - - [05/Apr/2025:00:13:50 -0400] "GET /.svn/entries HTTP/1.1" 403 1242 "-" "Mozilla/5.0 (Windows NT 10.0; Win64; x64) AppleWebKit/537.36 (KHTML, like Gecko) Chrome/91.0.4472.124 Safari/537.36"
154.83.103.109 - - [05/Apr/2025:00:13:51 -0400] "GET /.svn/all-wcprops HTTP/1.1" 403 1242 "-" "Mozilla/5.0 (Windows NT 10.0; Win64; x64) AppleWebKit/537.36 (KHTML, like Gecko) Chrome/91.0.4472.124 Safari/537.36"
154.83.103.109 - - [05/Apr/2025:00:13:51 -0400] "GET /.svn/pristine/ HTTP/1.1" 403 1242 "-" "Mozilla/5.0 (Windows NT 10.0; Win64; x64) AppleWebKit/537.36 (KHTML, like Gecko) Chrome/91.0.4472.124 Safari/537.36"
154.83.103.109 - - [05/Apr/2025:00:13:52 -0400] "GET /.svn/text-base/ HTTP/1.1" 403 1242 "-" "Mozilla/5.0 (Windows NT 10.0; Win64; x64) AppleWebKit/537.36 (KHTML, like Gecko) Chrome/91.0.4472.124 Safari/537.36"
154.83.103.109 - - [05/Apr/2025:00:13:52 -0400] "GET /.svn/tmp/ HTTP/1.1" 403 1242 "-" "Mozilla/5.0 (Windows NT 10.0; Win64; x64) AppleWebKit/537.36 (KHTML, like Gecko) Chrome/91.0.4472.124 Safari/537.36"
154.83.103.109 - - [05/Apr/2025:00:13:53 -0400] "GET /.svn/log HTTP/1.1" 403 1242 "-" "Mozilla/5.0 (Windows NT 10.0; Win64; x64) AppleWebKit/537.36 (KHTML, like Gecko) Chrome/91.0.4472.124 Safari/537.36"
154.83.103.109 - - [05/Apr/2025:00:13:54 -0400] "GET /.svn/format HTTP/1.1" 403 1242 "-" "Mozilla/5.0 (Windows NT 10.0; Win64; x64) AppleWebKit/537.36 (KHTML, like Gecko) Chrome/91.0.4472.124 Safari/537.36"
154.83.103.109 - - [05/Apr/2025:00:13:54 -0400] "GET /.svn/auth/ HTTP/1.1" 403 1242 "-" "Mozilla/5.0 (Windows NT 10.0; Win64; x64) AppleWebKit/537.36 (KHTML, like Gecko) Chrome/91.0.4472.124 Safari/537.36"
154.83.103.109 - - [05/Apr/2025:00:13:56 -0400] "GET /.env HTTP/1.1" 403 1242 "-" "Mozilla/5.0 (Windows NT 10.0; Win64; x64) AppleWebKit/537.36 (KHTML, like Gecko) Chrome/91.0.4472.124 Safari/537.36"
154.83.103.109 - - [05/Apr/2025:00:13:56 -0400] "GET /.env.local HTTP/1.1" 403 1242 "-" "Mozilla/5.0 (Windows NT 10.0; Win64; x64) AppleWebKit/537.36 (KHTML, like Gecko) Chrome/91.0.4472.124 Safari/537.36"
154.83.103.109 - - [05/Apr/2025:00:13:56 -0400] "GET /.env.production HTTP/1.1" 403 1242 "-" "Mozilla/5.0 (Windows NT 10.0; Win64; x64) AppleWebKit/537.36 (KHTML, like Gecko) Chrome/91.0.4472.124 Safari/537.36"
154.83.103.109 - - [05/Apr/2025:00:13:57 -0400] "GET /.env.development HTTP/1.1" 403 1242 "-" "Mozilla/5.0 (Windows NT 10.0; Win64; x64) AppleWebKit/537.36 (KHTML, like Gecko) Chrome/91.0.4472.124 Safari/537.36"
154.83.103.109 - - [05/Apr/2025:00:13:57 -0400] "GET /.env.testing HTTP/1.1" 403 1242 "-" "Mozilla/5.0 (Windows NT 10.0; Win64; x64) AppleWebKit/537.36 (KHTML, like Gecko) Chrome/91.0.4472.124 Safari/537.36"
154.83.103.109 - - [05/Apr/2025:00:13:57 -0400] "GET /.env.staging HTTP/1.1" 403 1242 "-" "Mozilla/5.0 (Windows NT 10.0; Win64; x64) AppleWebKit/537.36 (KHTML, like Gecko) Chrome/91.0.4472.124 Safari/537.36"
154.83.103.109 - - [05/Apr/2025:00:13:58 -0400] "GET /.env.backup HTTP/1.1" 403 1242 "-" "Mozilla/5.0 (Windows NT 10.0; Win64; x64) AppleWebKit/537.36 (KHTML, like Gecko) Chrome/91.0.4472.124 Safari/537.36"
154.83.103.109 - - [05/Apr/2025:00:13:58 -0400] "GET /config/.env HTTP/1.1" 403 1242 "-" "Mozilla/5.0 (Windows NT 10.0; Win64; x64) AppleWebKit/537.36 (KHTML, like Gecko) Chrome/91.0.4472.124 Safari/537.36"
154.83.103.109 - - [05/Apr/2025:00:13:58 -0400] "GET /var/www/.env HTTP/1.1" 403 1242 "-" "Mozilla/5.0 (Windows NT 10.0; Win64; x64) AppleWebKit/537.36 (KHTML, like Gecko) Chrome/91.0.4472.124 Safari/537.36"
154.83.103.109 - - [05/Apr/2025:00:13:59 -0400] "GET /backup/.env HTTP/1.1" 403 1242 "-" "Mozilla/5.0 (Windows NT 10.0; Win64; x64) AppleWebKit/537.36 (KHTML, like Gecko) Chrome/91.0.4472.124 Safari/537.36"
154.83.103.109 - - [05/Apr/2025:00:13:59 -0400] "GET /.git/ HTTP/1.1" 403 1242 "-" "Mozilla/5.0 (Windows NT 10.0; Win64; x64) AppleWebKit/537.36 (KHTML, like Gecko) Chrome/91.0.4472.124 Safari/537.36"
154.83.103.109 - - [05/Apr/2025:00:13:59 -0400] "GET /.git/config HTTP/1.1" 403 1242 "-" "Mozilla/5.0 (Windows NT 10.0; Win64; x64) AppleWebKit/537.36 (KHTML, like Gecko) Chrome/91.0.4472.124 Safari/537.36"
154.83.103.109 - - [05/Apr/2025:00:14:00 -0400] "GET /.git/index HTTP/1.1" 403 1242 "-" "Mozilla/5.0 (Windows NT 10.0; Win64; x64) AppleWebKit/537.36 (KHTML, like Gecko) Chrome/91.0.4472.124 Safari/537.36"
154.83.103.109 - - [05/Apr/2025:00:14:00 -0400] "GET /.git/HEAD HTTP/1.1" 403 1242 "-" "Mozilla/5.0 (Windows NT 10.0; Win64; x64) AppleWebKit/537.36 (KHTML, like Gecko) Chrome/91.0.4472.124 Safari/537.36"
154.83.103.109 - - [05/Apr/2025:00:14:00 -0400] "GET /.git/logs/HEAD HTTP/1.1" 403 1242 "-" "Mozilla/5.0 (Windows NT 10.0; Win64; x64) AppleWebKit/537.36 (KHTML, like Gecko) Chrome/91.0.4472.124 Safari/537.36"
154.83.103.109 - - [05/Apr/2025:00:14:01 -0400] "GET /.git/objects/ HTTP/1.1" 403 1242 "-" "Mozilla/5.0 (Windows NT 10.0; Win64; x64) AppleWebKit/537.36 (KHTML, like Gecko) Chrome/91.0.4472.124 Safari/537.36"
154.83.103.109 - - [05/Apr/2025:00:14:01 -0400] "GET /.git/refs/ HTTP/1.1" 403 1242 "-" "Mozilla/5.0 (Windows NT 10.0; Win64; x64) AppleWebKit/537.36 (KHTML, like Gecko) Chrome/91.0.4472.124 Safari/537.36"
154.83.103.109 - - [05/Apr/2025:00:14:02 -0400] "GET /.git/hooks/ HTTP/1.1" 403 1242 "-" "Mozilla/5.0 (Windows NT 10.0; Win64; x64) AppleWebKit/537.36 (KHTML, like Gecko) Chrome/91.0.4472.124 Safari/537.36"
154.83.103.109 - - [05/Apr/2025:00:14:02 -0400] "GET /.git/info/exclude HTTP/1.1" 403 1242 "-" "Mozilla/5.0 (Windows NT 10.0; Win64; x64) AppleWebKit/537.36 (KHTML, like Gecko) Chrome/91.0.4472.124 Safari/537.36"
154.83.103.109 - - [05/Apr/2025:00:14:05 -0400] "GET /.gitignore HTTP/1.1" 403 1242 "-" "Mozilla/5.0 (Windows NT 10.0; Win64; x64) AppleWebKit/537.36 (KHTML, like Gecko) Chrome/91.0.4472.124 Safari/537.36"
198.54.114.83 - - [05/Apr/2025:00:14:08 -0400] "POST /wp-cron.php?doing_wp_cron=1743826447.4245619773864746093750 HTTP/1.1" 200 0 "-" "WordPress/6.7.2; https://baernblog.com"
154.83.103.109 - - [05/Apr/2025:00:14:06 -0400] "GET /.aws/credentials HTTP/1.1" 404 6615 "-" "Mozilla/5.0 (Windows NT 10.0; Win64; x64) AppleWebKit/537.36 (KHTML, like Gecko) Chrome/91.0.4472.124 Safari/537.36"
154.83.103.109 - - [05/Apr/2025:00:14:08 -0400] "GET /.aws/config HTTP/1.1" 404 6615 "-" "Mozilla/5.0 (Windows NT 10.0; Win64; x64) AppleWebKit/537.36 (KHTML, like Gecko) Chrome/91.0.4472.124 Safari/537.36"
154.83.103.109 - - [05/Apr/2025:00:14:09 -0400] "GET /backup/aws_keys.txt HTTP/1.1" 404 6613 "-" "Mozilla/5.0 (Windows NT 10.0; Win64; x64) AppleWebKit/537.36 (KHTML, like Gecko) Chrome/91.0.4472.124 Safari/537.36"
154.83.103.109 - - [05/Apr/2025:00:14:10 -0400] "GET /config/aws_keys.json HTTP/1.1" 404 6614 "-" "Mozilla/5.0 (Windows NT 10.0; Win64; x64) AppleWebKit/537.36 (KHTML, like Gecko) Chrome/91.0.4472.124 Safari/537.36"
154.83.103.109 - - [05/Apr/2025:00:14:11 -0400] "GET /var/www/aws_credentials HTTP/1.1" 404 6615 "-" "Mozilla/5.0 (Windows NT 10.0; Win64; x64) AppleWebKit/537.36 (KHTML, like Gecko) Chrome/91.0.4472.124 Safari/537.36"
154.83.103.109 - - [05/Apr/2025:00:14:12 -0400] "GET /s3_backup/ HTTP/1.1" 404 6613 "-" "Mozilla/5.0 (Windows NT 10.0; Win64; x64) AppleWebKit/537.36 (KHTML, like Gecko) Chrome/91.0.4472.124 Safari/537.36"
154.83.103.109 - - [05/Apr/2025:00:14:13 -0400] "GET /s3_config.json HTTP/1.1" 404 6613 "-" "Mozilla/5.0 (Windows NT 10.0; Win64; x64) AppleWebKit/537.36 (KHTML, like Gecko) Chrome/91.0.4472.124 Safari/537.36"
154.83.103.109 - - [05/Apr/2025:00:14:14 -0400] "GET /s3_private/ HTTP/1.1" 404 6613 "-" "Mozilla/5.0 (Windows NT 10.0; Win64; x64) AppleWebKit/537.36 (KHTML, like Gecko) Chrome/91.0.4472.124 Safari/537.36"
154.83.103.109 - - [05/Apr/2025:00:14:17 -0400] "GET /logs/s3_access.log HTTP/1.1" 404 6614 "-" "Mozilla/5.0 (Windows NT 10.0; Win64; x64) AppleWebKit/537.36 (KHTML, like Gecko) Chrome/91.0.4472.124 Safari/537.36"
154.83.103.109 - - [05/Apr/2025:00:14:18 -0400] "GET /old/aws_config HTTP/1.1" 404 6614 "-" "Mozilla/5.0 (Windows NT 10.0; Win64; x64) AppleWebKit/537.36 (KHTML, like Gecko) Chrome/91.0.4472.124 Safari/537.36"
154.83.103.109 - - [05/Apr/2025:00:14:21 -0400] "GET /phpinfo.php HTTP/1.1" 404 6615 "-" "Mozilla/5.0 (Windows NT 10.0; Win64; x64) AppleWebKit/537.36 (KHTML, like Gecko) Chrome/91.0.4472.124 Safari/537.36"
154.83.103.109 - - [05/Apr/2025:00:14:23 -0400] "GET /web.config HTTP/1.1" 403 1242 "-" "Mozilla/5.0 (Windows NT 10.0; Win64; x64) AppleWebKit/537.36 (KHTML, like Gecko) Chrome/91.0.4472.124 Safari/537.36"
154.83.103.109 - - [05/Apr/2025:00:14:24 -0400] "GET /config/database.yml HTTP/1.1" 404 6615 "-" "Mozilla/5.0 (Windows NT 10.0; Win64; x64) AppleWebKit/537.36 (KHTML, like Gecko) Chrome/91.0.4472.124 Safari/537.36"
154.83.103.109 - - [05/Apr/2025:00:14:29 -0400] "GET /config/secrets.yml HTTP/1.1" 404 6615 "-" "Mozilla/5.0 (Windows NT 10.0; Win64; x64) AppleWebKit/537.36 (KHTML, like Gecko) Chrome/91.0.4472.124 Safari/537.36"
154.83.103.109 - - [05/Apr/2025:00:14:32 -0400] "GET /backup/database.sql HTTP/1.1" 404 6615 "-" "Mozilla/5.0 (Windows NT 10.0; Win64; x64) AppleWebKit/537.36 (KHTML, like Gecko) Chrome/91.0.4472.124 Safari/537.36"
154.83.103.109 - - [05/Apr/2025:00:14:34 -0400] "GET /logs/debug.log HTTP/1.1" 404 6615 "-" "Mozilla/5.0 (Windows NT 10.0; Win64; x64) AppleWebKit/537.36 (KHTML, like Gecko) Chrome/91.0.4472.124 Safari/537.36"
198.54.114.83 - - [05/Apr/2025:00:14:39 -0400] "POST /wp-cron.php?doing_wp_cron=1743826477.7461979389190673828125 HTTP/1.1" 200 0 "-" "WordPress/6.7.2; https://baernblog.com"
154.83.103.109 - - [05/Apr/2025:00:14:37 -0400] "GET /logs/system.log HTTP/1.1" 404 6615 "-" "Mozilla/5.0 (Windows NT 10.0; Win64; x64) AppleWebKit/537.36 (KHTML, like Gecko) Chrome/91.0.4472.124 Safari/537.36"
154.83.103.109 - - [05/Apr/2025:00:14:41 -0400] "GET /logs/application.log HTTP/1.1" 404 6616 "-" "Mozilla/5.0 (Windows NT 10.0; Win64; x64) AppleWebKit/537.36 (KHTML, like Gecko) Chrome/91.0.4472.124 Safari/537.36"
154.83.103.109 - - [05/Apr/2025:00:14:44 -0400] "GET /var/log/syslog HTTP/1.1" 404 6615 "-" "Mozilla/5.0 (Windows NT 10.0; Win64; x64) AppleWebKit/537.36 (KHTML, like Gecko) Chrome/91.0.4472.124 Safari/537.36"
154.83.103.109 - - [05/Apr/2025:00:14:45 -0400] "GET /var/log/auth.log HTTP/1.1" 404 6615 "-" "Mozilla/5.0 (Windows NT 10.0; Win64; x64) AppleWebKit/537.36 (KHTML, like Gecko) Chrome/91.0.4472.124 Safari/537.36"
154.83.103.109 - - [05/Apr/2025:00:14:48 -0400] "GET /config.php HTTP/1.1" 404 6615 "-" "Mozilla/5.0 (Windows NT 10.0; Win64; x64) AppleWebKit/537.36 (KHTML, like Gecko) Chrome/91.0.4472.124 Safari/537.36"
154.83.103.109 - - [05/Apr/2025:00:14:49 -0400] "GET /database.sql HTTP/1.1" 404 6615 "-" "Mozilla/5.0 (Windows NT 10.0; Win64; x64) AppleWebKit/537.36 (KHTML, like Gecko) Chrome/91.0.4472.124 Safari/537.36"
198.54.114.83 - - [05/Apr/2025:00:14:52 -0400] "POST /wp-cron.php?doing_wp_cron=1743826492.1116430759429931640625 HTTP/1.1" 200 0 "-" "WordPress/6.7.2; https://baernblog.com"
154.83.103.109 - - [05/Apr/2025:00:14:51 -0400] "GET /dump.sql HTTP/1.1" 404 6615 "-" "Mozilla/5.0 (Windows NT 10.0; Win64; x64) AppleWebKit/537.36 (KHTML, like Gecko) Chrome/91.0.4472.124 Safari/537.36"
154.83.103.109 - - [05/Apr/2025:00:14:53 -0400] "GET /admin/config.php HTTP/1.1" 404 6615 "-" "Mozilla/5.0 (Windows NT 10.0; Win64; x64) AppleWebKit/537.36 (KHTML, like Gecko) Chrome/91.0.4472.124 Safari/537.36"
154.83.103.109 - - [05/Apr/2025:00:14:55 -0400] "GET /backup.tar.gz HTTP/1.1" 404 6615 "-" "Mozilla/5.0 (Windows NT 10.0; Win64; x64) AppleWebKit/537.36 (KHTML, like Gecko) Chrome/91.0.4472.124 Safari/537.36"
154.83.103.109 - - [05/Apr/2025:00:14:59 -0400] "GET /backup.zip HTTP/1.1" 404 6615 "-" "Mozilla/5.0 (Windows NT 10.0; Win64; x64) AppleWebKit/537.36 (KHTML, like Gecko) Chrome/91.0.4472.124 Safari/537.36"
154.83.103.109 - - [05/Apr/2025:00:15:00 -0400] "GET /backup.sql HTTP/1.1" 404 6615 "-" "Mozilla/5.0 (Windows NT 10.0; Win64; x64) AppleWebKit/537.36 (KHTML, like Gecko) Chrome/91.0.4472.124 Safari/537.36"
154.83.103.109 - - [05/Apr/2025:00:15:06 -0400] "GET /logs/errors.log HTTP/1.1" 404 6615 "-" "Mozilla/5.0 (Windows NT 10.0; Win64; x64) AppleWebKit/537.36 (KHTML, like Gecko) Chrome/91.0.4472.124 Safari/537.36"
154.83.103.109 - - [05/Apr/2025:00:15:08 -0400] "GET /debug.log HTTP/1.1" 404 6615 "-" "Mozilla/5.0 (Windows NT 10.0; Win64; x64) AppleWebKit/537.36 (KHTML, like Gecko) Chrome/91.0.4472.124 Safari/537.36"
185.220.101.52 - - [05/Apr/2025:00:52:41 -0400] "GET / HTTP/1.1" 200 97678 "http://baernblog.com" "Mozilla/5.0 (Macintosh; Intel Mac OS X 10_10_5) AppleWebKit/601.3.9 (KHTML, like Gecko) Version/9.0.2 Safari/601.3.9"
43.152.72.244 - - [05/Apr/2025:00:57:53 -0400] "GET / HTTP/1.1" 200 97678 "-" "Mozilla/5.0 (iPhone; CPU iPhone OS 13_2_3 like Mac OS X) AppleWebKit/605.1.15 (KHTML, like Gecko) Version/13.0.3 Mobile/15E148 Safari/604.1"
216.244.66.198 - - [05/Apr/2025:00:58:36 -0400] "GET /robots.txt HTTP/1.1" 200 124 "-" "Mozilla/5.0 (compatible; DotBot/1.2; +https://opensiteexplorer.org/dotbot; help@moz.com)"
46.148.206.226 - - [05/Apr/2025:00:59:23 -0400] "GET /the-benefits-of-managed-investing/ HTTP/1.1" 200 12622 "http://baernblog.com/the-benefits-of-managed-investing/" "Mozilla/5.0 (Windows NT 10.0; Win64; x64) AppleWebKit/537.36 (KHTML, like Gecko) Chrome/131.0.0.0 Safari/537.36 Avast/131.0.0.0"
89.110.80.171 - - [05/Apr/2025:01:02:49 -0400] "GET / HTTP/1.1" 200 97678 "-" "Mozilla/5.0 (Macintosh; Intel Mac OS X 10_15_7) AppleWebKit/537.36 (KHTML, like Gecko) Chrome/133.0.0.0 Safari/537.36"
89.110.80.171 - - [05/Apr/2025:01:25:52 -0400] "GET / HTTP/1.1" 200 97678 "-" "Mozilla/5.0 (Macintosh; Intel Mac OS X 10_15_7) AppleWebKit/537.36 (KHTML, like Gecko) Chrome/133.0.0.0 Safari/537.36"
91.84.109.110 - - [05/Apr/2025:01:32:05 -0400] "GET / HTTP/1.1" 200 97678 "-" "Mozilla/5.0 (Macintosh; Intel Mac OS X 10_15_7) AppleWebKit/537.36 (KHTML, like Gecko) Chrome/133.0.0.0 Safari/537.36"
77.238.230.6 - - [05/Apr/2025:01:45:29 -0400] "GET / HTTP/1.1" 200 97678 "-" "Mozilla/5.0 (Macintosh; Intel Mac OS X 10_15_7) AppleWebKit/537.36 (KHTML, like Gecko) Chrome/133.0.0.0 Safari/537.36"
4.227.36.17 - - [05/Apr/2025:01:51:58 -0400] "GET /robots.txt HTTP/1.1" 200 124 "-" "Mozilla/5.0 AppleWebKit/537.36 (KHTML, like Gecko; compatible; GPTBot/1.2; +https://openai.com/gptbot)"
114.119.137.146 - - [05/Apr/2025:02:03:14 -0400] "GET /robots.txt HTTP/1.1" 200 124 "-" "Mozilla/5.0 (compatible;PetalBot;+https://webmaster.petalsearch.com/site/petalbot)"
185.21.13.25 - - [05/Apr/2025:02:14:28 -0400] "GET / HTTP/1.1" 200 97678 "-" "Mozilla/5.0 (Macintosh; Intel Mac OS X 10_15_7) AppleWebKit/537.36 (KHTML, like Gecko) Chrome/133.0.0.0 Safari/537.36"
45.83.104.137 - - [05/Apr/2025:02:15:20 -0400] "GET / HTTP/1.1" 200 97678 "http://baernblog.com" "Mozilla/5.0 (Windows NT 6.1; WOW64; rv:45.0) Gecko/20100101 Firefox/45.0"
185.220.101.15 - - [05/Apr/2025:02:29:39 -0400] "GET / HTTP/1.1" 200 97678 "http://baernblog.com" "Mozilla/5.0 (Windows NT 5.1) AppleWebKit/537.36 (KHTML, like Gecko) Chrome/41.0.2224.3 Safari/537.36"
185.245.104.75 - - [05/Apr/2025:02:36:25 -0400] "GET / HTTP/1.1" 200 97678 "-" "Mozilla/5.0 (Macintosh; Intel Mac OS X 10_15_7) AppleWebKit/537.36 (KHTML, like Gecko) Chrome/133.0.0.0 Safari/537.36"
91.84.109.110 - - [05/Apr/2025:02:42:09 -0400] "GET / HTTP/1.1" 200 97678 "-" "Mozilla/5.0 (Macintosh; Intel Mac OS X 10_15_7) AppleWebKit/537.36 (KHTML, like Gecko) Chrome/133.0.0.0 Safari/537.36"
85.208.98.23 - - [05/Apr/2025:02:51:33 -0400] "GET /robots.txt HTTP/1.1" 304 0 "-" "Mozilla/5.0 (compatible; SemrushBot-BA; +http://www.semrush.com/bot.html)"
185.157.214.24 - - [05/Apr/2025:03:09:11 -0400] "GET / HTTP/1.1" 200 97678 "-" "Mozilla/5.0 (Macintosh; Intel Mac OS X 10_15_7) AppleWebKit/537.36 (KHTML, like Gecko) Chrome/133.0.0.0 Safari/537.36"
212.34.155.126 - - [05/Apr/2025:03:13:30 -0400] "GET / HTTP/1.1" 200 97678 "-" "Mozilla/5.0 (Macintosh; Intel Mac OS X 10_15_7) AppleWebKit/537.36 (KHTML, like Gecko) Chrome/133.0.0.0 Safari/537.36"
216.244.66.198 - - [05/Apr/2025:03:23:27 -0400] "GET /robots.txt HTTP/1.1" 304 0 "-" "Mozilla/5.0 (compatible; DotBot/1.2; +https://opensiteexplorer.org/dotbot; help@moz.com)"
212.34.146.152 - - [05/Apr/2025:03:32:36 -0400] "GET / HTTP/1.1" 200 97678 "-" "Mozilla/5.0 (Macintosh; Intel Mac OS X 10_15_7) AppleWebKit/537.36 (KHTML, like Gecko) Chrome/133.0.0.0 Safari/537.36"
77.238.230.6 - - [05/Apr/2025:03:50:31 -0400] "GET / HTTP/1.1" 200 97678 "-" "Mozilla/5.0 (Macintosh; Intel Mac OS X 10_15_7) AppleWebKit/537.36 (KHTML, like Gecko) Chrome/133.0.0.0 Safari/537.36"
212.34.146.152 - - [05/Apr/2025:03:54:45 -0400] "GET / HTTP/1.1" 200 97678 "-" "Mozilla/5.0 (Macintosh; Intel Mac OS X 10_15_7) AppleWebKit/537.36 (KHTML, like Gecko) Chrome/133.0.0.0 Safari/537.36"
212.34.132.22 - - [05/Apr/2025:03:58:33 -0400] "GET / HTTP/1.1" 200 97678 "-" "Mozilla/5.0 (Macintosh; Intel Mac OS X 10_15_7) AppleWebKit/537.36 (KHTML, like Gecko) Chrome/133.0.0.0 Safari/537.36"
185.220.101.26 - - [05/Apr/2025:04:05:05 -0400] "GET / HTTP/1.1" 200 97678 "http://baernblog.com" "Mozilla/5.0 (Windows NT 6.3) AppleWebKit/537.36 (KHTML, like Gecko) Chrome/44.0.2403.157 YaBrowser/15.9.2403.3043 Safari/537.36"
216.244.66.198 - - [05/Apr/2025:04:12:29 -0400] "GET /robots.txt HTTP/1.1" 304 0 "-" "Mozilla/5.0 (compatible; DotBot/1.2; +https://opensiteexplorer.org/dotbot; help@moz.com)"
205.185.193.123 - - [05/Apr/2025:04:33:53 -0400] "GET /the-benefits-of-managed-investing/ HTTP/1.1" 200 12622 "http://baernblog.com/the-benefits-of-managed-investing/" "Mozilla/5.0 (Windows NT 10.0; Win64; x64) AppleWebKit/537.36 (KHTML, like Gecko) Chrome/131.0.0.0 Safari/537.36 Avast/131.0.0.0"
198.54.114.83 - - [05/Apr/2025:04:33:56 -0400] "POST /wp-cron.php?doing_wp_cron=1743842035.7078580856323242187500 HTTP/1.1" 200 0 "-" "WordPress/6.7.2; https://baernblog.com"
205.185.193.123 - - [05/Apr/2025:04:33:55 -0400] "POST /wp-comments-post.php HTTP/1.1" 302 0 "http://baernblog.com/the-benefits-of-managed-investing/" "Mozilla/5.0 (Windows NT 10.0; Win64; x64) AppleWebKit/537.36 (KHTML, like Gecko) Chrome/131.0.0.0 Safari/537.36 Avast/131.0.0.0"
198.54.114.83 - - [05/Apr/2025:04:44:00 -0400] "POST /wp-cron.php?doing_wp_cron=1743842640.3806769847869873046875 HTTP/1.1" 200 0 "-" "WordPress/6.7.2; https://baernblog.com"
61.130.144.178 - - [05/Apr/2025:04:43:55 -0400] "GET /e/data/images/arrow.gif HTTP/1.1" 404 6616 "http://baernblog.com/e/data/images/arrow.gif" "Mozilla/4.0 (compatible; MSIE 9.0; Windows NT 6.1)"
216.244.66.198 - - [05/Apr/2025:04:57:44 -0400] "GET /robots.txt HTTP/1.1" 200 124 "-" "Mozilla/5.0 (compatible; DotBot/1.2; +https://opensiteexplorer.org/dotbot; help@moz.com)"
185.245.104.75 - - [05/Apr/2025:05:11:35 -0400] "GET / HTTP/1.1" 200 97678 "-" "Mozilla/5.0 (Macintosh; Intel Mac OS X 10_15_7) AppleWebKit/537.36 (KHTML, like Gecko) Chrome/133.0.0.0 Safari/537.36"
45.84.107.17 - - [05/Apr/2025:05:15:46 -0400] "GET / HTTP/1.1" 200 97678 "http://baernblog.com" "Mozilla/5.0 (Windows NT 6.3; WOW64) AppleWebKit/537.36 (KHTML, like Gecko) Chrome/45.0.2454.101 Safari/537.36"
77.238.230.6 - - [05/Apr/2025:05:18:46 -0400] "GET / HTTP/1.1" 200 97678 "-" "Mozilla/5.0 (Macintosh; Intel Mac OS X 10_15_7) AppleWebKit/537.36 (KHTML, like Gecko) Chrome/133.0.0.0 Safari/537.36"
51.83.170.17 - - [05/Apr/2025:05:27:06 -0400] "GET / HTTP/1.1" 200 97678 "-" "Mozilla/5.0 (Macintosh; Intel Mac OS X 10_10_1) AppleWebKit/537.36 (KHTML, like Gecko) Chrome/39.0.2171.95 Safari/537.36"
51.83.170.17 - - [05/Apr/2025:05:27:07 -0400] "GET /.env HTTP/1.1" 403 1242 "-" "python-requests/2.28.2"
198.54.114.83 - - [05/Apr/2025:05:47:24 -0400] "POST /wp-cron.php?doing_wp_cron=1743846443.5797429084777832031250 HTTP/1.1" 200 0 "-" "WordPress/6.7.2; https://baernblog.com"
103.153.202.100 - - [05/Apr/2025:05:47:19 -0400] "GET /admin.php HTTP/1.1" 404 6615 "http://baernblog.com/admin.php" "Mozilla/4.0 (compatible; MSIE 9.0; Windows NT 6.1)"
193.189.100.204 - - [05/Apr/2025:05:50:37 -0400] "GET /cbd-oil-for-anxiety-uk-a-conclusive-account/ HTTP/1.1" 200 12810 "http://baernblog.com/cbd-oil-for-anxiety-uk-a-conclusive-account/" "Mozilla/5.0 (Windows NT 10.0; Win64; x64) AppleWebKit/537.36 (KHTML, like Gecko) Chrome/131.0.0.0 Safari/537.36 Avast/131.0.0.0"
198.54.114.83 - - [05/Apr/2025:05:50:44 -0400] "POST /wp-cron.php?doing_wp_cron=1743846643.9874300956726074218750 HTTP/1.1" 200 0 "-" "WordPress/6.7.2; https://baernblog.com"
185.130.47.58 - - [05/Apr/2025:05:50:38 -0400] "POST /wp-comments-post.php HTTP/1.1" 302 0 "http://baernblog.com/cbd-oil-for-anxiety-uk-a-conclusive-account/" "Mozilla/5.0 (Windows NT 10.0; Win64; x64) AppleWebKit/537.36 (KHTML, like Gecko) Chrome/131.0.0.0 Safari/537.36 Avast/131.0.0.0"
185.220.101.83 - - [05/Apr/2025:05:52:37 -0400] "GET / HTTP/1.1" 200 97678 "http://baernblog.com" "Mozilla/5.0 (Windows NT 6.3; WOW64) AppleWebKit/537.36 (KHTML, like Gecko) Chrome/44.0.2403.155 Safari/537.36"
103.190.204.36 - - [05/Apr/2025:06:03:27 -0400] "POST /wp-login.php HTTP/1.1" 302 0 "http://baernblog.com/wp-admin/" "Mozilla/5.0 (Windows NT 10.0; Win64; x64) AppleWebKit/537.36 (KHTML, like Gecko) Chrome/90.0.4430.85 Safari/537.36"
103.153.202.98 - - [05/Apr/2025:06:15:21 -0400] "GET /admin.php HTTP/1.1" 404 6615 "http://baernblog.com/admin.php" "Mozilla/4.0 (compatible; MSIE 9.0; Windows NT 6.1)"
77.238.225.146 - - [05/Apr/2025:06:18:02 -0400] "GET / HTTP/1.1" 200 97678 "-" "Mozilla/5.0 (Macintosh; Intel Mac OS X 10_15_7) AppleWebKit/537.36 (KHTML, like Gecko) Chrome/133.0.0.0 Safari/537.36"
198.54.114.83 - - [05/Apr/2025:06:19:04 -0400] "POST /wp-cron.php?doing_wp_cron=1743848344.0997409820556640625000 HTTP/1.1" 200 0 "-" "WordPress/6.7.2; https://baernblog.com"
13.72.65.229 - - [05/Apr/2025:06:19:01 -0400] "GET /lv.php HTTP/1.1" 404 6615 "-" "-"
13.72.65.229 - - [05/Apr/2025:06:19:04 -0400] "GET /wp-content/plugins/pwnd/pwnd.php HTTP/1.1" 404 6614 "-" "-"
13.72.65.229 - - [05/Apr/2025:06:19:05 -0400] "GET /wp-content/plugins/pwnd-1/pwnd.php HTTP/1.1" 404 6614 "-" "-"
