34.162.76.212 - - [02/Apr/2025:18:54:05 -0400] "GET / HTTP/1.1" 200 97678 "-" "Mozilla/5.0 (Macintosh; Intel Mac OS X 10_15_7) AppleWebKit/537.36 (KHTML, like Gecko) Chrome/127.0.0.0 Safari/537.36"
34.162.76.212 - - [02/Apr/2025:18:54:06 -0400] "GET /app/ HTTP/1.1" 301 0 "-" "Mozilla/5.0 (Macintosh; Intel Mac OS X 10_15_7) AppleWebKit/537.36 (KHTML, like Gecko) Chrome/127.0.0.0 Safari/537.36"
34.162.76.212 - - [02/Apr/2025:18:54:07 -0400] "GET /login/ HTTP/1.1" 302 0 "-" "Mozilla/5.0 (Macintosh; Intel Mac OS X 10_15_7) AppleWebKit/537.36 (KHTML, like Gecko) Chrome/127.0.0.0 Safari/537.36"
34.162.76.212 - - [02/Apr/2025:18:54:07 -0400] "GET /@ali/lzdmod-site-nav-pc/pc/index.css HTTP/1.1" 404 6614 "-" "Mozilla/5.0 (Macintosh; Intel Mac OS X 10_15_7) AppleWebKit/537.36 (KHTML, like Gecko) Chrome/127.0.0.0 Safari/537.36"
34.162.76.212 - - [02/Apr/2025:18:54:08 -0400] "GET /@ali/lzdmod-site-menu-nav-pc/pc/index.css HTTP/1.1" 404 6614 "-" "Mozilla/5.0 (Macintosh; Intel Mac OS X 10_15_7) AppleWebKit/537.36 (KHTML, like Gecko) Chrome/127.0.0.0 Safari/537.36"
34.162.76.212 - - [02/Apr/2025:18:54:09 -0400] "GET /@ali/lzdmod-site-menu-pc/pc/index.css HTTP/1.1" 404 6614 "-" "Mozilla/5.0 (Macintosh; Intel Mac OS X 10_15_7) AppleWebKit/537.36 (KHTML, like Gecko) Chrome/127.0.0.0 Safari/537.36"
34.162.76.212 - - [02/Apr/2025:18:54:09 -0400] "GET /@ali/lzdmod-desktop-footer/pc/index.css HTTP/1.1" 404 6614 "-" "Mozilla/5.0 (Macintosh; Intel Mac OS X 10_15_7) AppleWebKit/537.36 (KHTML, like Gecko) Chrome/127.0.0.0 Safari/537.36"
212.118.43.65 - - [02/Apr/2025:19:05:58 -0400] "GET / HTTP/1.1" 200 97678 "-" "Mozilla/5.0 (Macintosh; Intel Mac OS X 10_15_7) AppleWebKit/537.36 (KHTML, like Gecko) Chrome/133.0.0.0 Safari/537.36"
195.26.224.235 - - [02/Apr/2025:19:09:14 -0400] "GET / HTTP/1.1" 200 97678 "-" "Mozilla/5.0 (Macintosh; Intel Mac OS X 10_15_7) AppleWebKit/537.36 (KHTML, like Gecko) Chrome/133.0.0.0 Safari/537.36"
66.249.68.131 - - [02/Apr/2025:19:15:03 -0400] "GET /robots.txt HTTP/1.1" 200 124 "-" "Mozilla/5.0 (compatible; Googlebot/2.1; +http://www.google.com/bot.html)"
198.54.114.83 - - [02/Apr/2025:19:15:05 -0400] "POST /wp-cron.php?doing_wp_cron=1743635705.0511319637298583984375 HTTP/1.1" 200 0 "-" "WordPress/6.7.2; https://baernblog.com"
66.249.68.130 - - [02/Apr/2025:19:15:04 -0400] "GET /ads.txt HTTP/1.1" 404 6614 "-" "Mozilla/5.0 (compatible; Googlebot/2.1; +http://www.google.com/bot.html)"
198.54.114.83 - - [02/Apr/2025:19:16:39 -0400] "POST /wp-cron.php?doing_wp_cron=1743635799.1837990283966064453125 HTTP/1.1" 200 0 "-" "WordPress/6.7.2; https://baernblog.com"
45.148.10.174 - - [02/Apr/2025:19:16:38 -0400] "GET /assets/1.2.13/??babel-polyfill/6.26.0/polyfill.min.js HTTP/1.1" 301 0 "-" "Mozilla/5.0 (Windows NT 10.0; Win64; x64) AppleWebKit/537.36 Chrome/121.0.0.0"
45.148.10.174 - - [02/Apr/2025:19:16:41 -0400] "GET /assets/1.2.13/?babel-polyfill/6.26.0/polyfill.min.js HTTP/1.1" 404 6615 "-" "Mozilla/5.0 (Windows NT 10.0; Win64; x64) AppleWebKit/537.36 Chrome/121.0.0.0"
212.118.43.65 - - [02/Apr/2025:19:22:44 -0400] "GET / HTTP/1.1" 200 97678 "-" "Mozilla/5.0 (Macintosh; Intel Mac OS X 10_15_7) AppleWebKit/537.36 (KHTML, like Gecko) Chrome/133.0.0.0 Safari/537.36"
89.110.115.121 - - [02/Apr/2025:19:26:31 -0400] "GET / HTTP/1.1" 200 97678 "-" "Mozilla/5.0 (Macintosh; Intel Mac OS X 10_15_7) AppleWebKit/537.36 (KHTML, like Gecko) Chrome/133.0.0.0 Safari/537.36"
89.110.109.74 - - [02/Apr/2025:19:28:21 -0400] "GET / HTTP/1.1" 200 97678 "-" "Mozilla/5.0 (Macintosh; Intel Mac OS X 10_15_7) AppleWebKit/537.36 (KHTML, like Gecko) Chrome/133.0.0.0 Safari/537.36"
212.34.132.22 - - [02/Apr/2025:19:32:49 -0400] "GET / HTTP/1.1" 200 97678 "-" "Mozilla/5.0 (Macintosh; Intel Mac OS X 10_15_7) AppleWebKit/537.36 (KHTML, like Gecko) Chrome/133.0.0.0 Safari/537.36"
43.173.2.116 - - [02/Apr/2025:19:41:07 -0400] "GET / HTTP/1.1" 200 97678 "-" "Mozilla/5.0 (iPhone; CPU iPhone OS 13_2_3 like Mac OS X) AppleWebKit/605.1.15 (KHTML, like Gecko) Version/13.0.3 Mobile/15E148 Safari/604.1"
91.84.109.110 - - [02/Apr/2025:19:47:05 -0400] "GET / HTTP/1.1" 200 97678 "-" "Mozilla/5.0 (Macintosh; Intel Mac OS X 10_15_7) AppleWebKit/537.36 (KHTML, like Gecko) Chrome/133.0.0.0 Safari/537.36"
88.210.10.79 - - [02/Apr/2025:19:48:51 -0400] "GET / HTTP/1.1" 200 97678 "-" "Mozilla/5.0 (Macintosh; Intel Mac OS X 10_15_7) AppleWebKit/537.36 (KHTML, like Gecko) Chrome/133.0.0.0 Safari/537.36"
196.251.71.229 - - [02/Apr/2025:19:50:31 -0400] "GET / HTTP/1.1" 200 97678 "-" "Mozlila/5.0 (Linux; Android 7.0; SM-G892A Bulid/NRD90M; wv) AppleWebKit/537.36 (KHTML, like Gecko) Version/4.0 Chrome/60.0.3112.107 Moblie Safari/537.36"
198.54.114.83 - - [02/Apr/2025:19:50:31 -0400] "POST /wp-cron.php?doing_wp_cron=1743637831.4812850952148437500000 HTTP/1.1" 200 0 "-" "WordPress/6.7.2; https://baernblog.com"
198.54.114.83 - - [02/Apr/2025:19:50:31 -0400] "POST /wp-cron.php?doing_wp_cron=1743637831.4735651016235351562500 HTTP/1.1" 200 0 "-" "WordPress/6.7.2; https://baernblog.com"
196.251.71.229 - - [02/Apr/2025:19:50:31 -0400] "POST /wp-plain.php HTTP/1.1" 404 6566 "www.google.com" "Mozilla/5.0 (Linux; Android 7.0; SM-G892A Bulid/NRD90M; wv) AppleWebKit/537.36 (KHTML, like Gecko) Version/4.0 Chrome/60.0.3112.107 Moblie Safari/537.36"
196.251.71.229 - - [02/Apr/2025:19:50:31 -0400] "GET /wp-content/plugins/fix/up.php HTTP/1.1" 404 6615 "-" "Mozilla/5.0 (Windows NT 10.0; Win64; x64) AppleWebKit/537.36 (KHTML, like Gecko) Chrome/85.0.4183.102 Safari/537.36"
196.251.71.229 - - [02/Apr/2025:19:50:32 -0400] "GET /fqmhuxhu.php?Fox=d3wL7 HTTP/1.1" 404 6615 "www.google.com" "Mozilla/5.0 (Linux; Android 7.0; SM-G892A Bulid/NRD90M; wv) AppleWebKit/537.36 (KHTML, like Gecko) Version/4.0 Chrome/60.0.3112.107 Moblie Safari/537.36"
196.251.71.229 - - [02/Apr/2025:19:50:32 -0400] "POST /ALFA_DATA/alfacgiapi/perl.alfa HTTP/1.1" 404 6566 "www.google.com" "Mozlila/5.0 (Linux; Android 7.0; SM-G892A Bulid/NRD90M; wv) AppleWebKit/537.36 (KHTML, like Gecko) Version/4.0 Chrome/60.0.3112.107 Moblie Safari/537.36"
196.251.71.229 - - [02/Apr/2025:19:50:32 -0400] "POST /alfacgiapi/perl.alfa HTTP/1.1" 404 6566 "www.google.com" "Mozlila/5.0 (Linux; Android 7.0; SM-G892A Bulid/NRD90M; wv) AppleWebKit/537.36 (KHTML, like Gecko) Version/4.0 Chrome/60.0.3112.107 Moblie Safari/537.36"
196.251.71.229 - - [02/Apr/2025:19:50:33 -0400] "GET /wp-content/themes/seotheme/db.php?u HTTP/1.1" 404 6614 "www.google.com" "Mozlila/5.0 (Linux; Android 7.0; SM-G892A Bulid/NRD90M; wv) AppleWebKit/537.36 (KHTML, like Gecko) Version/4.0 Chrome/60.0.3112.107 Moblie Safari/537.36"
91.84.110.151 - - [02/Apr/2025:19:52:46 -0400] "GET / HTTP/1.1" 200 97678 "-" "Mozilla/5.0 (Macintosh; Intel Mac OS X 10_15_7) AppleWebKit/537.36 (KHTML, like Gecko) Chrome/133.0.0.0 Safari/537.36"
91.84.99.6 - - [02/Apr/2025:19:58:11 -0400] "GET / HTTP/1.1" 200 97678 "-" "Mozilla/5.0 (Macintosh; Intel Mac OS X 10_15_7) AppleWebKit/537.36 (KHTML, like Gecko) Chrome/133.0.0.0 Safari/537.36"
88.210.10.79 - - [02/Apr/2025:19:58:49 -0400] "GET / HTTP/1.1" 200 97678 "-" "Mozilla/5.0 (Macintosh; Intel Mac OS X 10_15_7) AppleWebKit/537.36 (KHTML, like Gecko) Chrome/133.0.0.0 Safari/537.36"
89.110.103.94 - - [02/Apr/2025:19:58:49 -0400] "GET / HTTP/1.1" 200 97678 "-" "Mozilla/5.0 (Macintosh; Intel Mac OS X 10_15_7) AppleWebKit/537.36 (KHTML, like Gecko) Chrome/133.0.0.0 Safari/537.36"
77.238.230.6 - - [02/Apr/2025:20:07:26 -0400] "GET / HTTP/1.1" 200 97678 "-" "Mozilla/5.0 (Macintosh; Intel Mac OS X 10_15_7) AppleWebKit/537.36 (KHTML, like Gecko) Chrome/133.0.0.0 Safari/537.36"
54.36.149.94 - - [02/Apr/2025:20:09:31 -0400] "GET / HTTP/1.1" 200 97678 "-" "Mozilla/5.0 (compatible; AhrefsBot/7.0; +http://ahrefs.com/robot/)"
89.110.115.121 - - [02/Apr/2025:20:12:38 -0400] "GET / HTTP/1.1" 200 97678 "-" "Mozilla/5.0 (Macintosh; Intel Mac OS X 10_15_7) AppleWebKit/537.36 (KHTML, like Gecko) Chrome/133.0.0.0 Safari/537.36"
185.157.214.24 - - [02/Apr/2025:20:13:36 -0400] "GET / HTTP/1.1" 200 97678 "-" "Mozilla/5.0 (Macintosh; Intel Mac OS X 10_15_7) AppleWebKit/537.36 (KHTML, like Gecko) Chrome/133.0.0.0 Safari/537.36"
88.210.10.79 - - [02/Apr/2025:20:16:38 -0400] "GET / HTTP/1.1" 200 97678 "-" "Mozilla/5.0 (Macintosh; Intel Mac OS X 10_15_7) AppleWebKit/537.36 (KHTML, like Gecko) Chrome/133.0.0.0 Safari/537.36"
89.110.80.171 - - [02/Apr/2025:20:26:36 -0400] "GET / HTTP/1.1" 200 97678 "-" "Mozilla/5.0 (Macintosh; Intel Mac OS X 10_15_7) AppleWebKit/537.36 (KHTML, like Gecko) Chrome/133.0.0.0 Safari/537.36"
212.34.153.180 - - [02/Apr/2025:20:30:26 -0400] "GET / HTTP/1.1" 200 97678 "-" "Mozilla/5.0 (Macintosh; Intel Mac OS X 10_15_7) AppleWebKit/537.36 (KHTML, like Gecko) Chrome/133.0.0.0 Safari/537.36"
195.26.225.209 - - [02/Apr/2025:20:31:58 -0400] "GET / HTTP/1.1" 200 97678 "-" "Mozilla/5.0 (Macintosh; Intel Mac OS X 10_15_7) AppleWebKit/537.36 (KHTML, like Gecko) Chrome/133.0.0.0 Safari/537.36"
185.21.13.25 - - [02/Apr/2025:20:34:51 -0400] "GET / HTTP/1.1" 200 97678 "-" "Mozilla/5.0 (Macintosh; Intel Mac OS X 10_15_7) AppleWebKit/537.36 (KHTML, like Gecko) Chrome/133.0.0.0 Safari/537.36"
80.85.245.250 - - [02/Apr/2025:20:38:13 -0400] "GET / HTTP/1.1" 200 97678 "-" "Mozilla/5.0 (Macintosh; Intel Mac OS X 10_15_7) AppleWebKit/537.36 (KHTML, like Gecko) Chrome/133.0.0.0 Safari/537.36"
212.34.146.152 - - [02/Apr/2025:20:40:57 -0400] "GET / HTTP/1.1" 200 97678 "-" "Mozilla/5.0 (Macintosh; Intel Mac OS X 10_15_7) AppleWebKit/537.36 (KHTML, like Gecko) Chrome/133.0.0.0 Safari/537.36"
195.26.225.209 - - [02/Apr/2025:20:43:16 -0400] "GET / HTTP/1.1" 200 97678 "-" "Mozilla/5.0 (Macintosh; Intel Mac OS X 10_15_7) AppleWebKit/537.36 (KHTML, like Gecko) Chrome/133.0.0.0 Safari/537.36"
89.110.109.74 - - [02/Apr/2025:20:45:34 -0400] "GET / HTTP/1.1" 200 97678 "-" "Mozilla/5.0 (Macintosh; Intel Mac OS X 10_15_7) AppleWebKit/537.36 (KHTML, like Gecko) Chrome/133.0.0.0 Safari/537.36"
212.34.146.152 - - [02/Apr/2025:20:53:57 -0400] "GET / HTTP/1.1" 200 97678 "-" "Mozilla/5.0 (Macintosh; Intel Mac OS X 10_15_7) AppleWebKit/537.36 (KHTML, like Gecko) Chrome/133.0.0.0 Safari/537.36"
195.26.224.235 - - [02/Apr/2025:20:55:11 -0400] "GET / HTTP/1.1" 200 97678 "-" "Mozilla/5.0 (Macintosh; Intel Mac OS X 10_15_7) AppleWebKit/537.36 (KHTML, like Gecko) Chrome/133.0.0.0 Safari/537.36"
125.209.235.179 - - [02/Apr/2025:20:56:34 -0400] "GET /robots.txt HTTP/1.1" 200 124 "-" "Mozilla/5.0 (Windows NT 10.0; Win64; x64) AppleWebKit/537.36 (KHTML, like Gecko; compatible; Yeti/1.1; +https://naver.me/spd) Chrome/127.0.0.0 Safari/537.36"
110.93.150.69 - - [02/Apr/2025:20:56:36 -0400] "GET / HTTP/1.1" 200 97678 "-" "Mozilla/5.0 (Windows NT 10.0; Win64; x64) AppleWebKit/537.36 (KHTML, like Gecko; compatible; Yeti/1.1; +https://naver.me/spd) Chrome/127.0.0.0 Safari/537.36"
198.54.114.83 - - [02/Apr/2025:20:56:38 -0400] "POST /wp-cron.php?doing_wp_cron=1743641798.7416439056396484375000 HTTP/1.1" 200 0 "-" "WordPress/6.7.2; https://baernblog.com"
211.249.46.137 - - [02/Apr/2025:20:56:38 -0400] "GET /react-dom.js HTTP/1.1" 404 6615 "http://baernblog.com/" "Mozilla/5.0 (Windows NT 10.0; Win64; x64) AppleWebKit/537.36 (KHTML, like Gecko; compatible; Yeti/1.1; +https://naver.me/spd) Chrome/130.0.0.0 Safari/537.36"
114.111.32.162 - - [02/Apr/2025:20:56:38 -0400] "GET /react.js HTTP/1.1" 404 6615 "http://baernblog.com/" "Mozilla/5.0 (Windows NT 10.0; Win64; x64) AppleWebKit/537.36 (KHTML, like Gecko; compatible; Yeti/1.1; +https://naver.me/spd) Chrome/130.0.0.0 Safari/537.36"
114.111.32.169 - - [02/Apr/2025:20:58:19 -0400] "GET /favicon.ico HTTP/1.1" 404 1251 "-" "Mozilla/5.0 (Windows NT 10.0; Win64; x64) AppleWebKit/537.36 (KHTML, like Gecko; compatible; Yeti/1.1; +https://naver.me/spd) Chrome/127.0.0.0 Safari/537.36"
103.153.202.97 - - [02/Apr/2025:20:59:38 -0400] "GET / HTTP/1.1" 200 97678 "http://baernblog.com" "Mozilla/4.0 (compatible; MSIE 9.0; Windows NT 6.1)"
121.229.156.36 - - [02/Apr/2025:21:00:59 -0400] "GET /robots.txt HTTP/1.1" 200 124 "-" "Sogou web spider/4.0(+http://www.sogou.com/docs/help/webmasters.htm#07)"
91.84.99.6 - - [02/Apr/2025:21:08:12 -0400] "GET / HTTP/1.1" 200 97678 "-" "Mozilla/5.0 (Macintosh; Intel Mac OS X 10_15_7) AppleWebKit/537.36 (KHTML, like Gecko) Chrome/133.0.0.0 Safari/537.36"
89.110.103.94 - - [02/Apr/2025:21:08:21 -0400] "GET / HTTP/1.1" 200 97678 "-" "Mozilla/5.0 (Macintosh; Intel Mac OS X 10_15_7) AppleWebKit/537.36 (KHTML, like Gecko) Chrome/133.0.0.0 Safari/537.36"
195.191.219.130 - - [02/Apr/2025:21:08:45 -0400] "GET /robots.txt HTTP/1.1" 200 124 "-" "Mozilla/5.0 (compatible; MJ12bot/v2.0.0; http://mj12bot.com/)"
195.191.219.130 - - [02/Apr/2025:21:08:46 -0400] "GET / HTTP/1.1" 200 97678 "-" "Mozilla/5.0 (compatible; MJ12bot/v2.0.0; http://mj12bot.com/)"
212.34.146.152 - - [02/Apr/2025:21:11:31 -0400] "GET / HTTP/1.1" 200 97678 "-" "Mozilla/5.0 (Macintosh; Intel Mac OS X 10_15_7) AppleWebKit/537.36 (KHTML, like Gecko) Chrome/133.0.0.0 Safari/537.36"
195.2.70.209 - - [02/Apr/2025:21:16:08 -0400] "GET / HTTP/1.1" 200 97678 "-" "Mozilla/5.0 (Macintosh; Intel Mac OS X 10_15_7) AppleWebKit/537.36 (KHTML, like Gecko) Chrome/133.0.0.0 Safari/537.36"
212.34.132.22 - - [02/Apr/2025:21:16:41 -0400] "GET / HTTP/1.1" 200 97678 "-" "Mozilla/5.0 (Macintosh; Intel Mac OS X 10_15_7) AppleWebKit/537.36 (KHTML, like Gecko) Chrome/133.0.0.0 Safari/537.36"
61.130.144.178 - - [02/Apr/2025:21:23:41 -0400] "GET / HTTP/1.1" 200 97678 "http://baernblog.com" "AppleWebKit/534.46 (KHTML,like Gecko) Version/5.1 Mobile Safari/10600.6.3"
95.108.213.247 - - [02/Apr/2025:21:25:42 -0400] "GET /robots.txt HTTP/1.1" 200 124 "-" "Mozilla/5.0 (compatible; YandexBot/3.0; +http://yandex.com/bots)"
38.60.208.70 - - [02/Apr/2025:21:26:28 -0400] "GET / HTTP/1.1" 200 97678 "-" "Mozilla/5.0 (Windows NT 10.0; Win64; x64) AppleWebKit/537.36 (KHTML, like Gecko) Chrome/132.0.0.0 Safari/537.36 OPR/117.0.0.0 (Edition Yx 05)"
38.60.208.70 - - [02/Apr/2025:21:26:40 -0400] "GET /react.js HTTP/1.1" 404 6615 "http://baernblog.com/" "Mozilla/5.0 (Windows NT 10.0; Win64; x64) AppleWebKit/537.36 (KHTML, like Gecko) Chrome/132.0.0.0 Safari/537.36 OPR/117.0.0.0 (Edition Yx 05)"
38.60.208.70 - - [02/Apr/2025:21:26:40 -0400] "GET /react-dom.js HTTP/1.1" 404 6615 "http://baernblog.com/" "Mozilla/5.0 (Windows NT 10.0; Win64; x64) AppleWebKit/537.36 (KHTML, like Gecko) Chrome/132.0.0.0 Safari/537.36 OPR/117.0.0.0 (Edition Yx 05)"
212.118.43.65 - - [02/Apr/2025:21:29:27 -0400] "GET / HTTP/1.1" 200 97678 "-" "Mozilla/5.0 (Macintosh; Intel Mac OS X 10_15_7) AppleWebKit/537.36 (KHTML, like Gecko) Chrome/133.0.0.0 Safari/537.36"
85.208.98.23 - - [02/Apr/2025:21:29:45 -0400] "GET /robots.txt HTTP/1.1" 200 124 "-" "Mozilla/5.0 (compatible; SemrushBot-BA; +http://www.semrush.com/bot.html)"
80.85.245.250 - - [02/Apr/2025:21:33:12 -0400] "GET / HTTP/1.1" 200 97678 "-" "Mozilla/5.0 (Macintosh; Intel Mac OS X 10_15_7) AppleWebKit/537.36 (KHTML, like Gecko) Chrome/133.0.0.0 Safari/537.36"
89.110.103.94 - - [02/Apr/2025:21:39:40 -0400] "GET / HTTP/1.1" 200 97678 "-" "Mozilla/5.0 (Macintosh; Intel Mac OS X 10_15_7) AppleWebKit/537.36 (KHTML, like Gecko) Chrome/133.0.0.0 Safari/537.36"
185.21.14.193 - - [02/Apr/2025:21:42:21 -0400] "GET / HTTP/1.1" 200 97678 "-" "Mozilla/5.0 (Macintosh; Intel Mac OS X 10_15_7) AppleWebKit/537.36 (KHTML, like Gecko) Chrome/133.0.0.0 Safari/537.36"
91.84.99.6 - - [02/Apr/2025:21:43:34 -0400] "GET / HTTP/1.1" 200 97678 "-" "Mozilla/5.0 (Macintosh; Intel Mac OS X 10_15_7) AppleWebKit/537.36 (KHTML, like Gecko) Chrome/133.0.0.0 Safari/537.36"
185.157.214.24 - - [02/Apr/2025:21:51:39 -0400] "GET / HTTP/1.1" 200 97678 "-" "Mozilla/5.0 (Macintosh; Intel Mac OS X 10_15_7) AppleWebKit/537.36 (KHTML, like Gecko) Chrome/133.0.0.0 Safari/537.36"
196.251.73.42 - - [02/Apr/2025:21:51:40 -0400] "GET / HTTP/1.1" 200 97678 "-" "Mozilla/5.0 (Windows NT 10.0; Win64; x64) AppleWebKit/537.36 (KHTML, like Gecko) Chrome/78.0.3904.108 Safari/537.36"
196.251.73.42 - - [02/Apr/2025:21:51:43 -0400] "GET / HTTP/1.1" 200 97678 "-" "Mozilla/5.0 (Windows NT 10.0; Win64; x64) AppleWebKit/537.36 (KHTML, like Gecko) Chrome/78.0.3904.108 Safari/537.36"
196.251.73.42 - - [02/Apr/2025:21:51:46 -0400] "GET /wp-includes/wlwmanifest.xml HTTP/1.1" 404 6615 "-" "Mozilla/5.0 (Windows NT 10.0; Win64; x64) AppleWebKit/537.36 (KHTML, like Gecko) Chrome/78.0.3904.108 Safari/537.36"
196.251.73.42 - - [02/Apr/2025:21:51:48 -0400] "GET /?author=1 HTTP/1.1" 200 97678 "-" "Mozilla/5.0 (Windows NT 10.0; Win64; x64) AppleWebKit/537.36 (KHTML, like Gecko) Chrome/78.0.3904.108 Safari/537.36"
196.251.73.42 - - [02/Apr/2025:21:51:53 -0400] "GET /?author=2 HTTP/1.1" 200 97678 "-" "Mozilla/5.0 (Windows NT 10.0; Win64; x64) AppleWebKit/537.36 (KHTML, like Gecko) Chrome/78.0.3904.108 Safari/537.36"
196.251.73.42 - - [02/Apr/2025:21:51:54 -0400] "GET /wp-json/wp/v2/users/ HTTP/1.1" 200 1325 "-" "Mozilla/5.0 (Windows NT 10.0; Win64; x64) AppleWebKit/537.36 (KHTML, like Gecko) Chrome/78.0.3904.108 Safari/537.36"
34.162.191.6 - - [02/Apr/2025:21:52:58 -0400] "GET / HTTP/1.1" 200 97678 "-" "Mozilla/5.0 (Macintosh; Intel Mac OS X 10_15_7) AppleWebKit/537.36 (KHTML, like Gecko) Chrome/127.0.0.0 Safari/537.36"
198.54.114.83 - - [02/Apr/2025:21:53:00 -0400] "POST /wp-cron.php?doing_wp_cron=1743645179.8742609024047851562500 HTTP/1.1" 200 0 "-" "WordPress/6.7.2; https://baernblog.com"
34.162.191.6 - - [02/Apr/2025:21:52:59 -0400] "GET /app/ HTTP/1.1" 301 0 "-" "Mozilla/5.0 (Macintosh; Intel Mac OS X 10_15_7) AppleWebKit/537.36 (KHTML, like Gecko) Chrome/127.0.0.0 Safari/537.36"
198.54.114.83 - - [02/Apr/2025:21:53:05 -0400] "POST /wp-cron.php?doing_wp_cron=1743645184.6189970970153808593750 HTTP/1.1" 200 0 "-" "WordPress/6.7.2; https://baernblog.com"
34.162.191.6 - - [02/Apr/2025:21:53:04 -0400] "GET /login/ HTTP/1.1" 302 0 "-" "Mozilla/5.0 (Macintosh; Intel Mac OS X 10_15_7) AppleWebKit/537.36 (KHTML, like Gecko) Chrome/127.0.0.0 Safari/537.36"
34.162.191.6 - - [02/Apr/2025:21:53:07 -0400] "GET /@ali/lzdmod-site-nav-pc/pc/index.css HTTP/1.1" 404 6615 "-" "Mozilla/5.0 (Macintosh; Intel Mac OS X 10_15_7) AppleWebKit/537.36 (KHTML, like Gecko) Chrome/127.0.0.0 Safari/537.36"
34.162.191.6 - - [02/Apr/2025:21:53:10 -0400] "GET /@ali/lzdmod-desktop-footer/pc/index.css HTTP/1.1" 404 6615 "-" "Mozilla/5.0 (Macintosh; Intel Mac OS X 10_15_7) AppleWebKit/537.36 (KHTML, like Gecko) Chrome/127.0.0.0 Safari/537.36"
34.162.191.6 - - [02/Apr/2025:21:53:12 -0400] "GET /@ali/lzdmod-site-menu-nav-pc/pc/index.css HTTP/1.1" 404 6614 "-" "Mozilla/5.0 (Macintosh; Intel Mac OS X 10_15_7) AppleWebKit/537.36 (KHTML, like Gecko) Chrome/127.0.0.0 Safari/537.36"
34.162.191.6 - - [02/Apr/2025:21:53:15 -0400] "GET /@ali/lzdmod-site-menu-pc/pc/index.css HTTP/1.1" 404 6614 "-" "Mozilla/5.0 (Macintosh; Intel Mac OS X 10_15_7) AppleWebKit/537.36 (KHTML, like Gecko) Chrome/127.0.0.0 Safari/537.36"
34.162.191.6 - - [02/Apr/2025:21:53:17 -0400] "GET / HTTP/1.1" 200 97678 "-" "Mozilla/5.0 (Macintosh; Intel Mac OS X 10_15_7) AppleWebKit/537.36 (KHTML, like Gecko) Chrome/127.0.0.0 Safari/537.36"
34.162.191.6 - - [02/Apr/2025:21:53:18 -0400] "GET /app/ HTTP/1.1" 301 0 "-" "Mozilla/5.0 (Macintosh; Intel Mac OS X 10_15_7) AppleWebKit/537.36 (KHTML, like Gecko) Chrome/127.0.0.0 Safari/537.36"
34.162.191.6 - - [02/Apr/2025:21:53:20 -0400] "GET /login/ HTTP/1.1" 302 0 "-" "Mozilla/5.0 (Macintosh; Intel Mac OS X 10_15_7) AppleWebKit/537.36 (KHTML, like Gecko) Chrome/127.0.0.0 Safari/537.36"
34.162.191.6 - - [02/Apr/2025:21:53:34 -0400] "GET / HTTP/1.1" 200 97678 "-" "Mozilla/5.0 (Macintosh; Intel Mac OS X 10_15_7) AppleWebKit/537.36 (KHTML, like Gecko) Chrome/127.0.0.0 Safari/537.36"
34.162.191.6 - - [02/Apr/2025:21:53:35 -0400] "GET /app/ HTTP/1.1" 301 0 "-" "Mozilla/5.0 (Macintosh; Intel Mac OS X 10_15_7) AppleWebKit/537.36 (KHTML, like Gecko) Chrome/127.0.0.0 Safari/537.36"
34.162.191.6 - - [02/Apr/2025:21:53:35 -0400] "GET /login/ HTTP/1.1" 302 0 "-" "Mozilla/5.0 (Macintosh; Intel Mac OS X 10_15_7) AppleWebKit/537.36 (KHTML, like Gecko) Chrome/127.0.0.0 Safari/537.36"
185.245.104.75 - - [02/Apr/2025:21:54:36 -0400] "GET / HTTP/1.1" 200 97678 "-" "Mozilla/5.0 (Macintosh; Intel Mac OS X 10_15_7) AppleWebKit/537.36 (KHTML, like Gecko) Chrome/133.0.0.0 Safari/537.36"
89.110.109.74 - - [02/Apr/2025:21:56:19 -0400] "GET / HTTP/1.1" 200 97678 "-" "Mozilla/5.0 (Macintosh; Intel Mac OS X 10_15_7) AppleWebKit/537.36 (KHTML, like Gecko) Chrome/133.0.0.0 Safari/537.36"
80.85.246.217 - - [02/Apr/2025:21:59:09 -0400] "GET / HTTP/1.1" 200 97678 "-" "Mozilla/5.0 (Macintosh; Intel Mac OS X 10_15_7) AppleWebKit/537.36 (KHTML, like Gecko) Chrome/133.0.0.0 Safari/537.36"
89.110.115.121 - - [02/Apr/2025:21:59:12 -0400] "GET / HTTP/1.1" 200 97678 "-" "Mozilla/5.0 (Macintosh; Intel Mac OS X 10_15_7) AppleWebKit/537.36 (KHTML, like Gecko) Chrome/133.0.0.0 Safari/537.36"
114.96.103.33 - - [02/Apr/2025:22:02:09 -0400] "GET / HTTP/1.1" 200 97678 "-" "Mozilla/5.0 (iPhone; CPU iPhone OS 13_2_3 like Mac OS X) AppleWebKit/605.1.15 (KHTML, like Gecko) Version/13.0.3 Mobile/15E148 Safari/604.1"
89.110.80.171 - - [02/Apr/2025:22:03:41 -0400] "GET / HTTP/1.1" 200 97678 "-" "Mozilla/5.0 (Macintosh; Intel Mac OS X 10_15_7) AppleWebKit/537.36 (KHTML, like Gecko) Chrome/133.0.0.0 Safari/537.36"
195.26.225.209 - - [02/Apr/2025:22:05:22 -0400] "GET / HTTP/1.1" 200 97678 "-" "Mozilla/5.0 (Macintosh; Intel Mac OS X 10_15_7) AppleWebKit/537.36 (KHTML, like Gecko) Chrome/133.0.0.0 Safari/537.36"
66.249.68.134 - - [02/Apr/2025:22:08:08 -0400] "GET / HTTP/1.1" 200 97678 "-" "Mozilla/5.0 (compatible; Googlebot/2.1; +http://www.google.com/bot.html)"
185.157.214.24 - - [02/Apr/2025:22:09:29 -0400] "GET / HTTP/1.1" 200 97678 "-" "Mozilla/5.0 (Macintosh; Intel Mac OS X 10_15_7) AppleWebKit/537.36 (KHTML, like Gecko) Chrome/133.0.0.0 Safari/537.36"
195.26.225.209 - - [02/Apr/2025:22:11:08 -0400] "GET / HTTP/1.1" 200 97678 "-" "Mozilla/5.0 (Macintosh; Intel Mac OS X 10_15_7) AppleWebKit/537.36 (KHTML, like Gecko) Chrome/133.0.0.0 Safari/537.36"
198.54.114.83 - - [02/Apr/2025:22:11:22 -0400] "POST /wp-cron.php?doing_wp_cron=1743646282.1210780143737792968750 HTTP/1.1" 200 0 "-" "WordPress/6.7.2; https://baernblog.com"
66.249.68.134 - - [02/Apr/2025:22:11:21 -0400] "GET /react.js HTTP/1.1" 404 6616 "http://baernblog.com/" "Mozilla/5.0 AppleWebKit/537.36 (KHTML, like Gecko; compatible; Googlebot/2.1; +http://www.google.com/bot.html) Chrome/134.0.6998.165 Safari/537.36"
66.249.68.135 - - [02/Apr/2025:22:11:23 -0400] "GET /react-dom.js HTTP/1.1" 404 6614 "http://baernblog.com/" "Mozilla/5.0 AppleWebKit/537.36 (KHTML, like Gecko; compatible; Googlebot/2.1; +http://www.google.com/bot.html) Chrome/134.0.6998.165 Safari/537.36"
66.249.68.135 - - [02/Apr/2025:22:11:24 -0400] "GET /react.js HTTP/1.1" 404 6616 "http://baernblog.com/" "Mozilla/5.0 AppleWebKit/537.36 (KHTML, like Gecko; compatible; Googlebot/2.1; +http://www.google.com/bot.html) Chrome/134.0.6998.165 Safari/537.36"
66.249.68.135 - - [02/Apr/2025:22:11:24 -0400] "GET /react-dom.js HTTP/1.1" 404 6614 "http://baernblog.com/" "Mozilla/5.0 AppleWebKit/537.36 (KHTML, like Gecko; compatible; Googlebot/2.1; +http://www.google.com/bot.html) Chrome/134.0.6998.165 Safari/537.36"
66.249.68.134 - - [02/Apr/2025:22:11:44 -0400] "GET /favicon.ico HTTP/1.1" 404 1251 "-" "Googlebot-Image/1.0"
195.200.26.27 - - [02/Apr/2025:22:11:45 -0400] "GET / HTTP/1.1" 200 97678 "-" "Mozilla/5.0 (Macintosh; Intel Mac OS X 10_15_7) AppleWebKit/537.36 (KHTML, like Gecko) Chrome/133.0.0.0 Safari/537.36"
198.54.114.83 - - [02/Apr/2025:22:12:39 -0400] "POST /wp-cron.php?doing_wp_cron=1743646358.8810040950775146484375 HTTP/1.1" 200 0 "-" "WordPress/6.7.2; https://baernblog.com"
135.181.74.47 - - [02/Apr/2025:22:12:38 -0400] "GET /the-benefits-of-managed-investing/%20() HTTP/1.1" 301 0 "-" "Mozilla/5.0 (Windows NT 10.0; Win64; x64) AppleWebKit/537.36 (KHTML, like Gecko) Chrome/118.0.0.0 Safari/537.36"
135.181.74.47 - - [02/Apr/2025:22:12:41 -0400] "GET /the-benefits-of-managed-investing/%20() HTTP/1.1" 301 0 "-" "Mozilla/5.0 (Windows NT 10.0; Win64; x64) AppleWebKit/537.36 (KHTML, like Gecko) Chrome/118.0.0.0 Safari/537.36"
91.84.104.205 - - [02/Apr/2025:22:17:59 -0400] "GET / HTTP/1.1" 200 97678 "-" "Mozilla/5.0 (Macintosh; Intel Mac OS X 10_15_7) AppleWebKit/537.36 (KHTML, like Gecko) Chrome/133.0.0.0 Safari/537.36"
195.200.26.27 - - [02/Apr/2025:22:24:01 -0400] "GET / HTTP/1.1" 200 97678 "-" "Mozilla/5.0 (Macintosh; Intel Mac OS X 10_15_7) AppleWebKit/537.36 (KHTML, like Gecko) Chrome/133.0.0.0 Safari/537.36"
212.34.146.152 - - [02/Apr/2025:22:24:30 -0400] "GET / HTTP/1.1" 200 97678 "-" "Mozilla/5.0 (Macintosh; Intel Mac OS X 10_15_7) AppleWebKit/537.36 (KHTML, like Gecko) Chrome/133.0.0.0 Safari/537.36"
195.26.225.209 - - [02/Apr/2025:22:27:32 -0400] "GET / HTTP/1.1" 200 97678 "-" "Mozilla/5.0 (Macintosh; Intel Mac OS X 10_15_7) AppleWebKit/537.36 (KHTML, like Gecko) Chrome/133.0.0.0 Safari/537.36"
216.244.66.198 - - [02/Apr/2025:22:34:41 -0400] "GET /robots.txt HTTP/1.1" 200 124 "-" "Mozilla/5.0 (compatible; DotBot/1.2; +https://opensiteexplorer.org/dotbot; help@moz.com)"
195.200.26.27 - - [02/Apr/2025:22:37:29 -0400] "GET / HTTP/1.1" 200 97678 "-" "Mozilla/5.0 (Macintosh; Intel Mac OS X 10_15_7) AppleWebKit/537.36 (KHTML, like Gecko) Chrome/133.0.0.0 Safari/537.36"
89.110.109.74 - - [02/Apr/2025:22:41:01 -0400] "GET / HTTP/1.1" 200 97678 "-" "Mozilla/5.0 (Macintosh; Intel Mac OS X 10_15_7) AppleWebKit/537.36 (KHTML, like Gecko) Chrome/133.0.0.0 Safari/537.36"
91.84.99.6 - - [02/Apr/2025:22:49:16 -0400] "GET / HTTP/1.1" 200 97678 "-" "Mozilla/5.0 (Macintosh; Intel Mac OS X 10_15_7) AppleWebKit/537.36 (KHTML, like Gecko) Chrome/133.0.0.0 Safari/537.36"
34.162.78.94 - - [02/Apr/2025:22:50:27 -0400] "GET / HTTP/1.1" 200 97678 "-" "Mozilla/5.0 (Macintosh; Intel Mac OS X 10_15_7) AppleWebKit/537.36 (KHTML, like Gecko) Chrome/127.0.0.0 Safari/537.36"
34.162.78.94 - - [02/Apr/2025:22:50:28 -0400] "GET /app/ HTTP/1.1" 301 0 "-" "Mozilla/5.0 (Macintosh; Intel Mac OS X 10_15_7) AppleWebKit/537.36 (KHTML, like Gecko) Chrome/127.0.0.0 Safari/537.36"
34.162.78.94 - - [02/Apr/2025:22:50:29 -0400] "GET /login/ HTTP/1.1" 302 0 "-" "Mozilla/5.0 (Macintosh; Intel Mac OS X 10_15_7) AppleWebKit/537.36 (KHTML, like Gecko) Chrome/127.0.0.0 Safari/537.36"
34.162.78.94 - - [02/Apr/2025:22:50:30 -0400] "GET /@ali/lzdmod-desktop-footer/pc/index.css HTTP/1.1" 404 6615 "-" "Mozilla/5.0 (Macintosh; Intel Mac OS X 10_15_7) AppleWebKit/537.36 (KHTML, like Gecko) Chrome/127.0.0.0 Safari/537.36"
34.162.78.94 - - [02/Apr/2025:22:50:32 -0400] "GET /@ali/lzdmod-site-menu-nav-pc/pc/index.css HTTP/1.1" 404 6614 "-" "Mozilla/5.0 (Macintosh; Intel Mac OS X 10_15_7) AppleWebKit/537.36 (KHTML, like Gecko) Chrome/127.0.0.0 Safari/537.36"
34.162.78.94 - - [02/Apr/2025:22:50:32 -0400] "GET /@ali/lzdmod-site-menu-pc/pc/index.css HTTP/1.1" 404 6614 "-" "Mozilla/5.0 (Macintosh; Intel Mac OS X 10_15_7) AppleWebKit/537.36 (KHTML, like Gecko) Chrome/127.0.0.0 Safari/537.36"
34.162.78.94 - - [02/Apr/2025:22:50:32 -0400] "GET / HTTP/1.1" 200 97678 "-" "Mozilla/5.0 (Macintosh; Intel Mac OS X 10_15_7) AppleWebKit/537.36 (KHTML, like Gecko) Chrome/127.0.0.0 Safari/537.36"
34.162.78.94 - - [02/Apr/2025:22:50:33 -0400] "GET /@ali/lzdmod-site-nav-pc/pc/index.css HTTP/1.1" 404 6615 "-" "Mozilla/5.0 (Macintosh; Intel Mac OS X 10_15_7) AppleWebKit/537.36 (KHTML, like Gecko) Chrome/127.0.0.0 Safari/537.36"
34.162.78.94 - - [02/Apr/2025:22:50:33 -0400] "GET /app/ HTTP/1.1" 301 0 "-" "Mozilla/5.0 (Macintosh; Intel Mac OS X 10_15_7) AppleWebKit/537.36 (KHTML, like Gecko) Chrome/127.0.0.0 Safari/537.36"
34.162.78.94 - - [02/Apr/2025:22:50:33 -0400] "GET /login/ HTTP/1.1" 302 0 "-" "Mozilla/5.0 (Macintosh; Intel Mac OS X 10_15_7) AppleWebKit/537.36 (KHTML, like Gecko) Chrome/127.0.0.0 Safari/537.36"
91.84.109.110 - - [02/Apr/2025:22:51:16 -0400] "GET / HTTP/1.1" 200 97678 "-" "Mozilla/5.0 (Macintosh; Intel Mac OS X 10_15_7) AppleWebKit/537.36 (KHTML, like Gecko) Chrome/133.0.0.0 Safari/537.36"
91.84.104.205 - - [02/Apr/2025:22:53:39 -0400] "GET / HTTP/1.1" 200 97678 "-" "Mozilla/5.0 (Macintosh; Intel Mac OS X 10_15_7) AppleWebKit/537.36 (KHTML, like Gecko) Chrome/133.0.0.0 Safari/537.36"
195.2.70.209 - - [02/Apr/2025:22:53:53 -0400] "GET / HTTP/1.1" 200 97678 "-" "Mozilla/5.0 (Macintosh; Intel Mac OS X 10_15_7) AppleWebKit/537.36 (KHTML, like Gecko) Chrome/133.0.0.0 Safari/537.36"
91.84.111.136 - - [02/Apr/2025:22:58:54 -0400] "GET / HTTP/1.1" 200 97678 "-" "Mozilla/5.0 (Macintosh; Intel Mac OS X 10_15_7) AppleWebKit/537.36 (KHTML, like Gecko) Chrome/133.0.0.0 Safari/537.36"
195.2.70.209 - - [02/Apr/2025:22:59:49 -0400] "GET / HTTP/1.1" 200 97678 "-" "Mozilla/5.0 (Macintosh; Intel Mac OS X 10_15_7) AppleWebKit/537.36 (KHTML, like Gecko) Chrome/133.0.0.0 Safari/537.36"
91.84.110.151 - - [02/Apr/2025:23:02:40 -0400] "GET / HTTP/1.1" 200 97678 "-" "Mozilla/5.0 (Macintosh; Intel Mac OS X 10_15_7) AppleWebKit/537.36 (KHTML, like Gecko) Chrome/133.0.0.0 Safari/537.36"
185.157.214.24 - - [02/Apr/2025:23:09:48 -0400] "GET / HTTP/1.1" 200 97678 "-" "Mozilla/5.0 (Macintosh; Intel Mac OS X 10_15_7) AppleWebKit/537.36 (KHTML, like Gecko) Chrome/133.0.0.0 Safari/537.36"
216.244.66.198 - - [03/Apr/2025:00:03:10 -0400] "GET /robots.txt HTTP/1.1" 200 124 "-" "Mozilla/5.0 (compatible; DotBot/1.2; +https://opensiteexplorer.org/dotbot; help@moz.com)"
91.84.99.6 - - [03/Apr/2025:00:03:49 -0400] "GET / HTTP/1.1" 200 97678 "-" "Mozilla/5.0 (Macintosh; Intel Mac OS X 10_15_7) AppleWebKit/537.36 (KHTML, like Gecko) Chrome/133.0.0.0 Safari/537.36"
88.210.10.79 - - [02/Apr/2025:23:16:14 -0400] "GET / HTTP/1.1" 200 97678 "-" "Mozilla/5.0 (Macintosh; Intel Mac OS X 10_15_7) AppleWebKit/537.36 (KHTML, like Gecko) Chrome/133.0.0.0 Safari/537.36"
91.84.99.6 - - [02/Apr/2025:23:19:37 -0400] "GET / HTTP/1.1" 200 97678 "-" "Mozilla/5.0 (Macintosh; Intel Mac OS X 10_15_7) AppleWebKit/537.36 (KHTML, like Gecko) Chrome/133.0.0.0 Safari/537.36"
212.34.154.131 - - [02/Apr/2025:23:20:40 -0400] "GET / HTTP/1.1" 200 97678 "-" "Mozilla/5.0 (Macintosh; Intel Mac OS X 10_15_7) AppleWebKit/537.36 (KHTML, like Gecko) Chrome/133.0.0.0 Safari/537.36"
198.54.114.83 - - [02/Apr/2025:23:22:15 -0400] "POST /wp-cron.php?doing_wp_cron=1743650535.6295859813690185546875 HTTP/1.1" 200 0 "-" "WordPress/6.7.2; https://baernblog.com"
43.130.248.83 - - [02/Apr/2025:23:22:15 -0400] "GET /how-to-get-vyvanse-prescription-online/ HTTP/1.1" 200 12594 "http://baernblog.com" "Mozilla/5.0 (Windows NT 10.0; Win64; x64) AppleWebKit/537.36 (KHTML, like Gecko) Chrome/62.0.3202.94 Safari/537.36"
43.130.248.83 - - [02/Apr/2025:23:22:18 -0400] "POST /wp-comments-post.php HTTP/1.1" 302 0 "http://baernblog.com" "Mozilla/5.0 (Windows NT 10.0; Win64; x64) AppleWebKit/537.36 (KHTML, like Gecko) Chrome/62.0.3202.94 Safari/537.36"
80.85.246.217 - - [02/Apr/2025:23:22:59 -0400] "GET / HTTP/1.1" 200 97678 "-" "Mozilla/5.0 (Macintosh; Intel Mac OS X 10_15_7) AppleWebKit/537.36 (KHTML, like Gecko) Chrome/133.0.0.0 Safari/537.36"
88.210.10.79 - - [02/Apr/2025:23:23:38 -0400] "GET / HTTP/1.1" 200 97678 "-" "Mozilla/5.0 (Macintosh; Intel Mac OS X 10_15_7) AppleWebKit/537.36 (KHTML, like Gecko) Chrome/133.0.0.0 Safari/537.36"
178.62.10.75 - - [02/Apr/2025:23:33:22 -0400] "GET / HTTP/1.1" 200 97678 "-" "Mozilla/5.0 (compatible)"
198.54.114.83 - - [02/Apr/2025:23:33:24 -0400] "POST /wp-cron.php?doing_wp_cron=1743651204.5735220909118652343750 HTTP/1.1" 200 0 "-" "WordPress/6.7.2; https://baernblog.com"
178.62.10.75 - - [02/Apr/2025:23:33:24 -0400] "GET /ads.txt HTTP/1.1" 404 0 "-" "Mozilla/5.0 (compatible)"
212.118.43.65 - - [02/Apr/2025:23:36:53 -0400] "GET / HTTP/1.1" 200 97678 "-" "Mozilla/5.0 (Macintosh; Intel Mac OS X 10_15_7) AppleWebKit/537.36 (KHTML, like Gecko) Chrome/133.0.0.0 Safari/537.36"
195.26.224.235 - - [02/Apr/2025:23:44:34 -0400] "GET / HTTP/1.1" 200 97678 "-" "Mozilla/5.0 (Macintosh; Intel Mac OS X 10_15_7) AppleWebKit/537.36 (KHTML, like Gecko) Chrome/133.0.0.0 Safari/537.36"
109.70.100.1 - - [02/Apr/2025:23:48:00 -0400] "GET / HTTP/1.1" 200 97678 "http://baernblog.com" "Mozilla/5.0 (Windows NT 6.1; rv:6.0) Gecko/20110814 Firefox/6.0 Google Favicon"
20.24.100.177 - - [02/Apr/2025:23:48:42 -0400] "HEAD / HTTP/1.1" 200 0 "-" "Mozilla/5.0 (Windows NT; Windows NT 6.2; en-US) WindowsPowerShell/5.1.19041.5607"
20.24.100.177 - - [02/Apr/2025:23:48:43 -0400] "HEAD / HTTP/1.1" 200 0 "-" "Mozilla/5.0 (Windows NT; Windows NT 6.2; en-US) WindowsPowerShell/5.1.19041.5607"
20.24.100.177 - - [02/Apr/2025:23:48:43 -0400] "HEAD / HTTP/1.1" 200 0 "-" "Mozilla/5.0 (Windows NT; Windows NT 6.2; en-US) WindowsPowerShell/5.1.19041.5607"
89.110.115.121 - - [02/Apr/2025:23:50:02 -0400] "GET / HTTP/1.1" 200 97678 "-" "Mozilla/5.0 (Macintosh; Intel Mac OS X 10_15_7) AppleWebKit/537.36 (KHTML, like Gecko) Chrome/133.0.0.0 Safari/537.36"
91.84.111.136 - - [03/Apr/2025:00:00:20 -0400] "GET / HTTP/1.1" 200 97678 "-" "Mozilla/5.0 (Macintosh; Intel Mac OS X 10_15_7) AppleWebKit/537.36 (KHTML, like Gecko) Chrome/133.0.0.0 Safari/537.36"
212.34.146.152 - - [03/Apr/2025:00:05:25 -0400] "GET / HTTP/1.1" 200 97678 "-" "Mozilla/5.0 (Macintosh; Intel Mac OS X 10_15_7) AppleWebKit/537.36 (KHTML, like Gecko) Chrome/133.0.0.0 Safari/537.36"
80.85.246.217 - - [03/Apr/2025:00:16:38 -0400] "GET / HTTP/1.1" 200 97678 "-" "Mozilla/5.0 (Macintosh; Intel Mac OS X 10_15_7) AppleWebKit/537.36 (KHTML, like Gecko) Chrome/133.0.0.0 Safari/537.36"
34.162.172.88 - - [03/Apr/2025:00:33:58 -0400] "GET / HTTP/1.1" 200 97678 "-" "Mozilla/5.0 (Macintosh; Intel Mac OS X 10_15_7) AppleWebKit/537.36 (KHTML, like Gecko) Chrome/127.0.0.0 Safari/537.36"
198.54.114.83 - - [03/Apr/2025:00:33:58 -0400] "POST /wp-cron.php?doing_wp_cron=1743654838.4516189098358154296875 HTTP/1.1" 200 0 "-" "WordPress/6.7.2; https://baernblog.com"
34.162.172.88 - - [03/Apr/2025:00:33:58 -0400] "GET /app/ HTTP/1.1" 301 0 "-" "Mozilla/5.0 (Macintosh; Intel Mac OS X 10_15_7) AppleWebKit/537.36 (KHTML, like Gecko) Chrome/127.0.0.0 Safari/537.36"
34.162.172.88 - - [03/Apr/2025:00:33:59 -0400] "GET /login/ HTTP/1.1" 302 0 "-" "Mozilla/5.0 (Macintosh; Intel Mac OS X 10_15_7) AppleWebKit/537.36 (KHTML, like Gecko) Chrome/127.0.0.0 Safari/537.36"
34.162.172.88 - - [03/Apr/2025:00:33:59 -0400] "GET /@ali/lzdmod-site-menu-nav-pc/pc/index.css HTTP/1.1" 404 6616 "-" "Mozilla/5.0 (Macintosh; Intel Mac OS X 10_15_7) AppleWebKit/537.36 (KHTML, like Gecko) Chrome/127.0.0.0 Safari/537.36"
34.162.172.88 - - [03/Apr/2025:00:34:00 -0400] "GET /@ali/lzdmod-site-menu-pc/pc/index.css HTTP/1.1" 404 6616 "-" "Mozilla/5.0 (Macintosh; Intel Mac OS X 10_15_7) AppleWebKit/537.36 (KHTML, like Gecko) Chrome/127.0.0.0 Safari/537.36"
34.162.172.88 - - [03/Apr/2025:00:34:02 -0400] "GET /@ali/lzdmod-desktop-footer/pc/index.css HTTP/1.1" 404 6615 "-" "Mozilla/5.0 (Macintosh; Intel Mac OS X 10_15_7) AppleWebKit/537.36 (KHTML, like Gecko) Chrome/127.0.0.0 Safari/537.36"
198.54.114.83 - - [03/Apr/2025:00:34:03 -0400] "POST /wp-cron.php?doing_wp_cron=1743654843.0158998966217041015625 HTTP/1.1" 200 0 "-" "WordPress/6.7.2; https://baernblog.com"
34.162.172.88 - - [03/Apr/2025:00:34:02 -0400] "GET /@ali/lzdmod-site-nav-pc/pc/index.css HTTP/1.1" 404 6614 "-" "Mozilla/5.0 (Macintosh; Intel Mac OS X 10_15_7) AppleWebKit/537.36 (KHTML, like Gecko) Chrome/127.0.0.0 Safari/537.36"
34.162.172.88 - - [03/Apr/2025:00:34:03 -0400] "GET / HTTP/1.1" 200 97678 "-" "Mozilla/5.0 (Macintosh; Intel Mac OS X 10_15_7) AppleWebKit/537.36 (KHTML, like Gecko) Chrome/127.0.0.0 Safari/537.36"
34.162.172.88 - - [03/Apr/2025:00:34:04 -0400] "GET /app/ HTTP/1.1" 301 0 "-" "Mozilla/5.0 (Macintosh; Intel Mac OS X 10_15_7) AppleWebKit/537.36 (KHTML, like Gecko) Chrome/127.0.0.0 Safari/537.36"
34.162.172.88 - - [03/Apr/2025:00:34:04 -0400] "GET /login/ HTTP/1.1" 302 0 "-" "Mozilla/5.0 (Macintosh; Intel Mac OS X 10_15_7) AppleWebKit/537.36 (KHTML, like Gecko) Chrome/127.0.0.0 Safari/537.36"
89.110.115.121 - - [03/Apr/2025:00:45:51 -0400] "GET / HTTP/1.1" 200 97678 "-" "Mozilla/5.0 (Macintosh; Intel Mac OS X 10_15_7) AppleWebKit/537.36 (KHTML, like Gecko) Chrome/133.0.0.0 Safari/537.36"
212.34.153.180 - - [03/Apr/2025:00:46:12 -0400] "GET / HTTP/1.1" 200 97678 "-" "Mozilla/5.0 (Macintosh; Intel Mac OS X 10_15_7) AppleWebKit/537.36 (KHTML, like Gecko) Chrome/133.0.0.0 Safari/537.36"
212.34.155.126 - - [03/Apr/2025:00:50:09 -0400] "GET / HTTP/1.1" 200 97678 "-" "Mozilla/5.0 (Macintosh; Intel Mac OS X 10_15_7) AppleWebKit/537.36 (KHTML, like Gecko) Chrome/133.0.0.0 Safari/537.36"
185.157.214.24 - - [03/Apr/2025:00:50:43 -0400] "GET / HTTP/1.1" 200 97678 "-" "Mozilla/5.0 (Macintosh; Intel Mac OS X 10_15_7) AppleWebKit/537.36 (KHTML, like Gecko) Chrome/133.0.0.0 Safari/537.36"
212.34.132.22 - - [03/Apr/2025:00:56:36 -0400] "GET / HTTP/1.1" 200 97678 "-" "Mozilla/5.0 (Macintosh; Intel Mac OS X 10_15_7) AppleWebKit/537.36 (KHTML, like Gecko) Chrome/133.0.0.0 Safari/537.36"
80.85.245.250 - - [03/Apr/2025:01:08:54 -0400] "GET / HTTP/1.1" 200 97678 "-" "Mozilla/5.0 (Macintosh; Intel Mac OS X 10_15_7) AppleWebKit/537.36 (KHTML, like Gecko) Chrome/133.0.0.0 Safari/537.36"
80.85.245.250 - - [03/Apr/2025:01:13:55 -0400] "GET / HTTP/1.1" 200 97678 "-" "Mozilla/5.0 (Macintosh; Intel Mac OS X 10_15_7) AppleWebKit/537.36 (KHTML, like Gecko) Chrome/133.0.0.0 Safari/537.36"
1.169.252.80 - - [03/Apr/2025:01:18:59 -0400] "GET / HTTP/1.1" 200 97678 "http://baernblog.com/" "Mozilla/5.0 (Windows NT 6.1; WOW64) AppleWebKit/537.36 (KHTML, like Gecko) Chrome/36.0.4074.471 Safari/537.36"
1.169.252.80 - - [03/Apr/2025:01:19:01 -0400] "GET / HTTP/1.1" 200 97678 "http://baernblog.com/" "Mozilla/5.0 (Windows NT 6.1; WOW64) AppleWebKit/537.36 (KHTML, like Gecko) Chrome/36.0.4074.471 Safari/537.36"
34.162.118.249 - - [03/Apr/2025:01:22:28 -0400] "GET / HTTP/1.1" 200 97678 "-" "Mozilla/5.0 (Macintosh; Intel Mac OS X 10_15_7) AppleWebKit/537.36 (KHTML, like Gecko) Chrome/127.0.0.0 Safari/537.36"
34.162.118.249 - - [03/Apr/2025:01:22:29 -0400] "GET /app/ HTTP/1.1" 301 0 "-" "Mozilla/5.0 (Macintosh; Intel Mac OS X 10_15_7) AppleWebKit/537.36 (KHTML, like Gecko) Chrome/127.0.0.0 Safari/537.36"
34.162.118.249 - - [03/Apr/2025:01:22:29 -0400] "GET /login/ HTTP/1.1" 302 0 "-" "Mozilla/5.0 (Macintosh; Intel Mac OS X 10_15_7) AppleWebKit/537.36 (KHTML, like Gecko) Chrome/127.0.0.0 Safari/537.36"
34.162.118.249 - - [03/Apr/2025:01:22:30 -0400] "GET /@ali/lzdmod-site-menu-pc/pc/index.css HTTP/1.1" 404 6616 "-" "Mozilla/5.0 (Macintosh; Intel Mac OS X 10_15_7) AppleWebKit/537.36 (KHTML, like Gecko) Chrome/127.0.0.0 Safari/537.36"
34.162.118.249 - - [03/Apr/2025:01:22:30 -0400] "GET /@ali/lzdmod-site-nav-pc/pc/index.css HTTP/1.1" 404 6614 "-" "Mozilla/5.0 (Macintosh; Intel Mac OS X 10_15_7) AppleWebKit/537.36 (KHTML, like Gecko) Chrome/127.0.0.0 Safari/537.36"
34.162.118.249 - - [03/Apr/2025:01:22:30 -0400] "GET /@ali/lzdmod-site-menu-nav-pc/pc/index.css HTTP/1.1" 404 6616 "-" "Mozilla/5.0 (Macintosh; Intel Mac OS X 10_15_7) AppleWebKit/537.36 (KHTML, like Gecko) Chrome/127.0.0.0 Safari/537.36"
34.162.118.249 - - [03/Apr/2025:01:22:30 -0400] "GET /@ali/lzdmod-desktop-footer/pc/index.css HTTP/1.1" 404 6615 "-" "Mozilla/5.0 (Macintosh; Intel Mac OS X 10_15_7) AppleWebKit/537.36 (KHTML, like Gecko) Chrome/127.0.0.0 Safari/537.36"
91.84.110.151 - - [03/Apr/2025:01:23:13 -0400] "GET / HTTP/1.1" 200 97678 "-" "Mozilla/5.0 (Macintosh; Intel Mac OS X 10_15_7) AppleWebKit/537.36 (KHTML, like Gecko) Chrome/133.0.0.0 Safari/537.36"
34.162.29.61 - - [03/Apr/2025:01:28:24 -0400] "GET / HTTP/1.1" 200 97678 "-" "Mozilla/5.0 (Macintosh; Intel Mac OS X 10_15_7) AppleWebKit/537.36 (KHTML, like Gecko) Chrome/127.0.0.0 Safari/537.36"
34.162.29.61 - - [03/Apr/2025:01:28:24 -0400] "GET /app/ HTTP/1.1" 301 0 "-" "Mozilla/5.0 (Macintosh; Intel Mac OS X 10_15_7) AppleWebKit/537.36 (KHTML, like Gecko) Chrome/127.0.0.0 Safari/537.36"
34.162.29.61 - - [03/Apr/2025:01:28:25 -0400] "GET /login/ HTTP/1.1" 302 0 "-" "Mozilla/5.0 (Macintosh; Intel Mac OS X 10_15_7) AppleWebKit/537.36 (KHTML, like Gecko) Chrome/127.0.0.0 Safari/537.36"
34.162.29.61 - - [03/Apr/2025:01:28:25 -0400] "GET /@ali/lzdmod-site-menu-nav-pc/pc/index.css HTTP/1.1" 404 6616 "-" "Mozilla/5.0 (Macintosh; Intel Mac OS X 10_15_7) AppleWebKit/537.36 (KHTML, like Gecko) Chrome/127.0.0.0 Safari/537.36"
34.162.29.61 - - [03/Apr/2025:01:28:25 -0400] "GET /@ali/lzdmod-site-menu-pc/pc/index.css HTTP/1.1" 404 6616 "-" "Mozilla/5.0 (Macintosh; Intel Mac OS X 10_15_7) AppleWebKit/537.36 (KHTML, like Gecko) Chrome/127.0.0.0 Safari/537.36"
34.162.29.61 - - [03/Apr/2025:01:28:26 -0400] "GET /@ali/lzdmod-desktop-footer/pc/index.css HTTP/1.1" 404 6615 "-" "Mozilla/5.0 (Macintosh; Intel Mac OS X 10_15_7) AppleWebKit/537.36 (KHTML, like Gecko) Chrome/127.0.0.0 Safari/537.36"
34.162.29.61 - - [03/Apr/2025:01:28:26 -0400] "GET /@ali/lzdmod-site-nav-pc/pc/index.css HTTP/1.1" 404 6614 "-" "Mozilla/5.0 (Macintosh; Intel Mac OS X 10_15_7) AppleWebKit/537.36 (KHTML, like Gecko) Chrome/127.0.0.0 Safari/537.36"
34.162.29.61 - - [03/Apr/2025:01:28:36 -0400] "GET / HTTP/1.1" 200 97678 "-" "Mozilla/5.0 (Macintosh; Intel Mac OS X 10_15_7) AppleWebKit/537.36 (KHTML, like Gecko) Chrome/127.0.0.0 Safari/537.36"
34.162.29.61 - - [03/Apr/2025:01:28:37 -0400] "GET /app/ HTTP/1.1" 301 0 "-" "Mozilla/5.0 (Macintosh; Intel Mac OS X 10_15_7) AppleWebKit/537.36 (KHTML, like Gecko) Chrome/127.0.0.0 Safari/537.36"
34.162.29.61 - - [03/Apr/2025:01:28:37 -0400] "GET /login/ HTTP/1.1" 302 0 "-" "Mozilla/5.0 (Macintosh; Intel Mac OS X 10_15_7) AppleWebKit/537.36 (KHTML, like Gecko) Chrome/127.0.0.0 Safari/537.36"
34.162.29.61 - - [03/Apr/2025:01:28:37 -0400] "GET / HTTP/1.1" 200 97678 "-" "Mozilla/5.0 (Macintosh; Intel Mac OS X 10_15_7) AppleWebKit/537.36 (KHTML, like Gecko) Chrome/127.0.0.0 Safari/537.36"
34.162.29.61 - - [03/Apr/2025:01:28:37 -0400] "GET /app/ HTTP/1.1" 301 0 "-" "Mozilla/5.0 (Macintosh; Intel Mac OS X 10_15_7) AppleWebKit/537.36 (KHTML, like Gecko) Chrome/127.0.0.0 Safari/537.36"
34.162.29.61 - - [03/Apr/2025:01:28:38 -0400] "GET /login/ HTTP/1.1" 302 0 "-" "Mozilla/5.0 (Macintosh; Intel Mac OS X 10_15_7) AppleWebKit/537.36 (KHTML, like Gecko) Chrome/127.0.0.0 Safari/537.36"
35.240.83.94 - - [03/Apr/2025:01:40:08 -0400] "GET /robots.txt HTTP/1.1" 200 124 "-" "Mozilla/5.0 (compatible; VelenPublicWebCrawler/1.0; +https://velen.io)"
198.54.114.83 - - [03/Apr/2025:01:40:09 -0400] "POST /wp-cron.php?doing_wp_cron=1743658808.8955569267272949218750 HTTP/1.1" 200 0 "-" "WordPress/6.7.2; https://baernblog.com"
35.240.83.94 - - [03/Apr/2025:01:40:08 -0400] "GET /single-post/2019/11/09/sky-sea-meeresluft-schnuppern-in-bern HTTP/1.1" 404 6615 "-" "Mozilla/5.0 (compatible; VelenPublicWebCrawler/1.0; +https://velen.io)"
91.84.110.151 - - [03/Apr/2025:02:15:33 -0400] "GET / HTTP/1.1" 200 97678 "-" "Mozilla/5.0 (Macintosh; Intel Mac OS X 10_15_7) AppleWebKit/537.36 (KHTML, like Gecko) Chrome/133.0.0.0 Safari/537.36"
212.34.146.152 - - [03/Apr/2025:02:16:06 -0400] "GET / HTTP/1.1" 200 97678 "-" "Mozilla/5.0 (Macintosh; Intel Mac OS X 10_15_7) AppleWebKit/537.36 (KHTML, like Gecko) Chrome/133.0.0.0 Safari/537.36"
212.34.155.126 - - [03/Apr/2025:02:19:58 -0400] "GET / HTTP/1.1" 200 97678 "-" "Mozilla/5.0 (Macintosh; Intel Mac OS X 10_15_7) AppleWebKit/537.36 (KHTML, like Gecko) Chrome/133.0.0.0 Safari/537.36"
165.154.226.57 - - [03/Apr/2025:02:32:03 -0400] "GET / HTTP/1.1" 200 97678 "-" "Embarcadero URI Client/1.0"
80.85.246.217 - - [03/Apr/2025:02:36:20 -0400] "GET / HTTP/1.1" 200 97678 "-" "Mozilla/5.0 (Macintosh; Intel Mac OS X 10_15_7) AppleWebKit/537.36 (KHTML, like Gecko) Chrome/133.0.0.0 Safari/537.36"
89.110.103.94 - - [03/Apr/2025:02:38:48 -0400] "GET / HTTP/1.1" 200 97678 "-" "Mozilla/5.0 (Macintosh; Intel Mac OS X 10_15_7) AppleWebKit/537.36 (KHTML, like Gecko) Chrome/133.0.0.0 Safari/537.36"
103.100.159.251 - - [03/Apr/2025:02:54:27 -0400] "GET /login.php?s=Admin/login HTTP/1.1" 404 6626 "-" "python-requests/2.32.3"
198.54.114.83 - - [03/Apr/2025:02:54:30 -0400] "POST /wp-cron.php?doing_wp_cron=1743663268.3821310997009277343750 HTTP/1.1" 200 0 "-" "WordPress/6.7.2; https://baernblog.com"
89.110.109.74 - - [03/Apr/2025:02:54:53 -0400] "GET / HTTP/1.1" 200 97678 "-" "Mozilla/5.0 (Macintosh; Intel Mac OS X 10_15_7) AppleWebKit/537.36 (KHTML, like Gecko) Chrome/133.0.0.0 Safari/537.36"
216.244.66.198 - - [03/Apr/2025:03:01:10 -0400] "GET /robots.txt HTTP/1.1" 304 0 "-" "Mozilla/5.0 (compatible; DotBot/1.2; +https://opensiteexplorer.org/dotbot; help@moz.com)"
203.189.235.141 - - [03/Apr/2025:03:11:54 -0400] "GET /admin.php HTTP/1.1" 404 6615 "-" "python-requests/2.32.3"
185.220.100.250 - - [03/Apr/2025:03:12:22 -0400] "GET / HTTP/1.1" 200 97678 "http://baernblog.com" "Mozilla/5.0 (Macintosh; Intel Mac OS X 10_11_1) AppleWebKit/601.2.7 (KHTML, like Gecko) Version/9.0.1 Safari/601.2.7"
170.106.140.110 - - [03/Apr/2025:03:14:10 -0400] "GET / HTTP/1.1" 200 97678 "-" "Mozilla/5.0 (iPhone; CPU iPhone OS 13_2_3 like Mac OS X) AppleWebKit/605.1.15 (KHTML, like Gecko) Version/13.0.3 Mobile/15E148 Safari/604.1"
89.110.80.171 - - [03/Apr/2025:03:39:56 -0400] "GET / HTTP/1.1" 200 97678 "-" "Mozilla/5.0 (Macintosh; Intel Mac OS X 10_15_7) AppleWebKit/537.36 (KHTML, like Gecko) Chrome/133.0.0.0 Safari/537.36"
185.21.14.193 - - [03/Apr/2025:03:42:56 -0400] "GET / HTTP/1.1" 200 97678 "-" "Mozilla/5.0 (Macintosh; Intel Mac OS X 10_15_7) AppleWebKit/537.36 (KHTML, like Gecko) Chrome/133.0.0.0 Safari/537.36"
195.200.26.27 - - [03/Apr/2025:03:51:57 -0400] "GET / HTTP/1.1" 200 97678 "-" "Mozilla/5.0 (Macintosh; Intel Mac OS X 10_15_7) AppleWebKit/537.36 (KHTML, like Gecko) Chrome/133.0.0.0 Safari/537.36"
77.238.230.6 - - [03/Apr/2025:03:51:58 -0400] "GET / HTTP/1.1" 200 97678 "-" "Mozilla/5.0 (Macintosh; Intel Mac OS X 10_15_7) AppleWebKit/537.36 (KHTML, like Gecko) Chrome/133.0.0.0 Safari/537.36"
91.84.109.110 - - [03/Apr/2025:03:55:47 -0400] "GET / HTTP/1.1" 200 97678 "-" "Mozilla/5.0 (Macintosh; Intel Mac OS X 10_15_7) AppleWebKit/537.36 (KHTML, like Gecko) Chrome/133.0.0.0 Safari/537.36"
212.34.155.126 - - [03/Apr/2025:04:08:03 -0400] "GET / HTTP/1.1" 200 97678 "-" "Mozilla/5.0 (Macintosh; Intel Mac OS X 10_15_7) AppleWebKit/537.36 (KHTML, like Gecko) Chrome/133.0.0.0 Safari/537.36"
80.85.246.217 - - [03/Apr/2025:04:11:02 -0400] "GET / HTTP/1.1" 200 97678 "-" "Mozilla/5.0 (Macintosh; Intel Mac OS X 10_15_7) AppleWebKit/537.36 (KHTML, like Gecko) Chrome/133.0.0.0 Safari/537.36"
198.54.114.83 - - [03/Apr/2025:04:18:43 -0400] "POST /wp-cron.php?doing_wp_cron=1743668322.5062949657440185546875 HTTP/1.1" 200 0 "-" "WordPress/6.7.2; https://baernblog.com"
78.153.130.8 - - [03/Apr/2025:04:18:29 -0400] "GET /cbd-oil-for-anxiety-uk-a-conclusive-account/ HTTP/1.1" 200 12920 "http://baernblog.com/cbd-oil-for-anxiety-uk-a-conclusive-account/" "Mozilla/5.0 (Windows NT 10.0; Win64; x64) AppleWebKit/537.36 (KHTML, like Gecko) Chrome/130.0.0.0 Safari/537.36"
77.238.230.6 - - [03/Apr/2025:04:22:06 -0400] "GET / HTTP/1.1" 200 97678 "-" "Mozilla/5.0 (Macintosh; Intel Mac OS X 10_15_7) AppleWebKit/537.36 (KHTML, like Gecko) Chrome/133.0.0.0 Safari/537.36"
212.34.146.152 - - [03/Apr/2025:04:22:35 -0400] "GET / HTTP/1.1" 200 97678 "-" "Mozilla/5.0 (Macintosh; Intel Mac OS X 10_15_7) AppleWebKit/537.36 (KHTML, like Gecko) Chrome/133.0.0.0 Safari/537.36"
89.110.109.74 - - [03/Apr/2025:04:24:14 -0400] "GET / HTTP/1.1" 200 97678 "-" "Mozilla/5.0 (Macintosh; Intel Mac OS X 10_15_7) AppleWebKit/537.36 (KHTML, like Gecko) Chrome/133.0.0.0 Safari/537.36"
216.244.66.198 - - [03/Apr/2025:04:31:24 -0400] "GET /robots.txt HTTP/1.1" 200 0 "-" "Mozilla/5.0 (compatible; DotBot/1.2; +https://opensiteexplorer.org/dotbot; help@moz.com)"
103.186.31.45 - - [03/Apr/2025:04:31:24 -0400] "GET / HTTP/1.1" 200 0 "-" "Mozilla/5.0 (Windows NT 10.0; Win64; x64) AppleWebKit/537.36 (KHTML, like Gecko) Chrome/80.0.3987.149 Safari/537.36"
103.186.31.45 - - [03/Apr/2025:04:32:40 -0400] "GET / HTTP/1.1" 200 0 "-" "Mozilla/5.0 (Windows NT 10.0; Win64; x64) AppleWebKit/537.36 (KHTML, like Gecko) Chrome/80.0.3987.149 Safari/537.36"
103.186.31.45 - - [03/Apr/2025:04:32:47 -0400] "GET /wp-includes/wlwmanifest.xml HTTP/1.1" 200 0 "-" "Mozilla/5.0 (Windows NT 10.0; Win64; x64) AppleWebKit/537.36 (KHTML, like Gecko) Chrome/80.0.3987.149 Safari/537.36"
89.110.80.171 - - [03/Apr/2025:04:33:16 -0400] "GET / HTTP/1.1" 200 97678 "-" "Mozilla/5.0 (Macintosh; Intel Mac OS X 10_15_7) AppleWebKit/537.36 (KHTML, like Gecko) Chrome/133.0.0.0 Safari/537.36"
212.34.132.22 - - [03/Apr/2025:04:41:51 -0400] "GET / HTTP/1.1" 200 97678 "-" "Mozilla/5.0 (Macintosh; Intel Mac OS X 10_15_7) AppleWebKit/537.36 (KHTML, like Gecko) Chrome/133.0.0.0 Safari/537.36"
91.84.109.110 - - [03/Apr/2025:04:44:41 -0400] "GET / HTTP/1.1" 200 97678 "-" "Mozilla/5.0 (Macintosh; Intel Mac OS X 10_15_7) AppleWebKit/537.36 (KHTML, like Gecko) Chrome/133.0.0.0 Safari/537.36"
212.34.146.152 - - [03/Apr/2025:04:45:00 -0400] "GET / HTTP/1.1" 200 97678 "-" "Mozilla/5.0 (Macintosh; Intel Mac OS X 10_15_7) AppleWebKit/537.36 (KHTML, like Gecko) Chrome/133.0.0.0 Safari/537.36"
157.66.54.162 - - [03/Apr/2025:04:56:07 -0400] "GET / HTTP/1.1" 200 97678 "-" "Mozilla/5.0 (Windows NT 10.0; Win64; x64) AppleWebKit/537.36 (KHTML, like Gecko) Chrome/80.0.3987.149 Safari/537.36"
157.66.54.162 - - [03/Apr/2025:04:56:08 -0400] "GET / HTTP/1.1" 200 97678 "-" "Mozilla/5.0 (Windows NT 10.0; Win64; x64) AppleWebKit/537.36 (KHTML, like Gecko) Chrome/80.0.3987.149 Safari/537.36"
157.66.54.162 - - [03/Apr/2025:04:56:09 -0400] "GET /wp-includes/wlwmanifest.xml HTTP/1.1" 404 6566 "-" "Mozilla/5.0 (Windows NT 10.0; Win64; x64) AppleWebKit/537.36 (KHTML, like Gecko) Chrome/80.0.3987.149 Safari/537.36"
157.66.54.162 - - [03/Apr/2025:04:56:11 -0400] "GET /?author=1 HTTP/1.1" 200 97678 "-" "Mozilla/5.0 (Windows NT 10.0; Win64; x64) AppleWebKit/537.36 (KHTML, like Gecko) Chrome/80.0.3987.149 Safari/537.36"
