207.211.167.73 - - [30/Mar/2025:00:52:46 -0400] "GET / HTTP/1.1" 200 97678 "-" "Mozilla/5.0 (Windows NT 10.0; Win64; x64) AppleWebKit/537.36 (KHTML, like Gecko) Chrome/58.0.3029.110 Safari/537.3"
198.54.114.83 - - [30/Mar/2025:00:52:59 -0400] "POST /wp-cron.php?doing_wp_cron=1743310379.8571040630340576171875 HTTP/1.1" 200 0 "-" "WordPress/6.7.2; https://baernblog.com"
207.211.167.73 - - [30/Mar/2025:00:52:57 -0400] "GET /phpinfo.php HTTP/1.1" 404 6615 "-" "Mozilla/5.0 (Windows NT 10.0; Win64; x64) AppleWebKit/537.36 (KHTML, like Gecko) Chrome/58.0.3029.110 Safari/537.3"
207.211.167.73 - - [30/Mar/2025:00:53:00 -0400] "GET /info.php HTTP/1.1" 404 6615 "-" "Mozilla/5.0 (Windows NT 10.0; Win64; x64) AppleWebKit/537.36 (KHTML, like Gecko) Chrome/58.0.3029.110 Safari/537.3"
207.211.167.73 - - [30/Mar/2025:00:53:00 -0400] "GET /phpinfo HTTP/1.1" 404 6615 "-" "Mozilla/5.0 (Windows NT 10.0; Win64; x64) AppleWebKit/537.36 (KHTML, like Gecko) Chrome/58.0.3029.110 Safari/537.3"
207.211.167.73 - - [30/Mar/2025:00:53:01 -0400] "GET /.env HTTP/1.1" 403 1242 "-" "Mozilla/5.0 (Windows NT 10.0; Win64; x64) AppleWebKit/537.36 (KHTML, like Gecko) Chrome/58.0.3029.110 Safari/537.3"
207.211.167.73 - - [30/Mar/2025:00:53:01 -0400] "GET /config/.env HTTP/1.1" 403 1242 "-" "Mozilla/5.0 (Windows NT 10.0; Win64; x64) AppleWebKit/537.36 (KHTML, like Gecko) Chrome/58.0.3029.110 Safari/537.3"
207.211.167.73 - - [30/Mar/2025:00:53:02 -0400] "GET /api/.env HTTP/1.1" 403 1242 "-" "Mozilla/5.0 (Windows NT 10.0; Win64; x64) AppleWebKit/537.36 (KHTML, like Gecko) Chrome/58.0.3029.110 Safari/537.3"
216.244.66.198 - - [30/Mar/2025:01:16:58 -0400] "GET /robots.txt HTTP/1.1" 304 0 "-" "Mozilla/5.0 (compatible; DotBot/1.2; +https://opensiteexplorer.org/dotbot; help@moz.com)"
2a02:c206:2250:6252::1 - - [30/Mar/2025:01:44:30 -0400] "GET / HTTP/1.1" 200 97678 "-" "Mozilla/5.0 (Macintosh; Intel Mac OS X 10_15_7) AppleWebKit/537.36 (KHTML, like Gecko) Chrome/127.0.0 Safari/537.36"
196.251.71.229 - - [30/Mar/2025:02:00:57 -0400] "GET / HTTP/1.1" 200 97678 "-" "Mozlila/5.0 (Linux; Android 7.0; SM-G892A Bulid/NRD90M; wv) AppleWebKit/537.36 (KHTML, like Gecko) Version/4.0 Chrome/60.0.3112.107 Moblie Safari/537.36"
198.54.114.83 - - [30/Mar/2025:02:00:59 -0400] "POST /wp-cron.php?doing_wp_cron=1743314459.1825950145721435546875 HTTP/1.1" 200 0 "-" "WordPress/6.7.2; https://baernblog.com"
196.251.71.229 - - [30/Mar/2025:02:00:57 -0400] "POST /ALFA_DATA/alfacgiapi/perl.alfa HTTP/1.1" 404 6566 "www.google.com" "Mozlila/5.0 (Linux; Android 7.0; SM-G892A Bulid/NRD90M; wv) AppleWebKit/537.36 (KHTML, like Gecko) Version/4.0 Chrome/60.0.3112.107 Moblie Safari/537.36"
196.251.71.229 - - [30/Mar/2025:02:00:57 -0400] "GET /wp-content/plugins/fix/up.php HTTP/1.1" 404 6614 "-" "Mozilla/5.0 (Windows NT 10.0; Win64; x64) AppleWebKit/537.36 (KHTML, like Gecko) Chrome/85.0.4183.102 Safari/537.36"
196.251.71.229 - - [30/Mar/2025:02:00:57 -0400] "POST /wp-plain.php HTTP/1.1" 404 6566 "www.google.com" "Mozilla/5.0 (Linux; Android 7.0; SM-G892A Bulid/NRD90M; wv) AppleWebKit/537.36 (KHTML, like Gecko) Version/4.0 Chrome/60.0.3112.107 Moblie Safari/537.36"
196.251.71.229 - - [30/Mar/2025:02:00:57 -0400] "GET /wp-content/themes/seotheme/db.php?u HTTP/1.1" 404 6614 "www.google.com" "Mozlila/5.0 (Linux; Android 7.0; SM-G892A Bulid/NRD90M; wv) AppleWebKit/537.36 (KHTML, like Gecko) Version/4.0 Chrome/60.0.3112.107 Moblie Safari/537.36"
196.251.71.229 - - [30/Mar/2025:02:00:59 -0400] "POST /alfacgiapi/perl.alfa HTTP/1.1" 404 6566 "www.google.com" "Mozlila/5.0 (Linux; Android 7.0; SM-G892A Bulid/NRD90M; wv) AppleWebKit/537.36 (KHTML, like Gecko) Version/4.0 Chrome/60.0.3112.107 Moblie Safari/537.36"
196.251.71.229 - - [30/Mar/2025:02:00:59 -0400] "GET /lxzkunbm.php?Fox=d3wL7 HTTP/1.1" 404 6615 "www.google.com" "Mozilla/5.0 (Linux; Android 7.0; SM-G892A Bulid/NRD90M; wv) AppleWebKit/537.36 (KHTML, like Gecko) Version/4.0 Chrome/60.0.3112.107 Moblie Safari/537.36"
216.244.66.198 - - [30/Mar/2025:02:03:21 -0400] "GET /robots.txt HTTP/1.1" 304 0 "-" "Mozilla/5.0 (compatible; DotBot/1.2; +https://opensiteexplorer.org/dotbot; help@moz.com)"
85.208.98.23 - - [30/Mar/2025:02:07:00 -0400] "GET /robots.txt HTTP/1.1" 304 0 "-" "Mozilla/5.0 (compatible; SemrushBot-BA; +http://www.semrush.com/bot.html)"
170.106.11.6 - - [30/Mar/2025:02:12:09 -0400] "GET / HTTP/1.1" 200 97678 "-" "Mozilla/5.0 (iPhone; CPU iPhone OS 13_2_3 like Mac OS X) AppleWebKit/605.1.15 (KHTML, like Gecko) Version/13.0.3 Mobile/15E148 Safari/604.1"
2a09:bac5:3a19:137d::1f1:1e0 - - [30/Mar/2025:02:19:32 -0400] "GET / HTTP/1.1" 200 97678 "-" "Mozilla/5.0 (Windows NT 10.0; Win64; x64) AppleWebKit/537.36 (KHTML, like Gecko) Chrome/134.0.0.0 Safari/537.36"
198.54.114.83 - - [30/Mar/2025:02:19:36 -0400] "POST /wp-cron.php?doing_wp_cron=1743315576.0813069343566894531250 HTTP/1.1" 200 0 "-" "WordPress/6.7.2; https://baernblog.com"
198.54.114.83 - - [30/Mar/2025:02:19:36 -0400] "POST /wp-cron.php?doing_wp_cron=1743315576.0812199115753173828125 HTTP/1.1" 200 0 "-" "WordPress/6.7.2; https://baernblog.com"
2a09:bac5:3a19:137d::1f1:1e0 - - [30/Mar/2025:02:19:33 -0400] "GET /react.js HTTP/1.1" 404 6614 "http://baernblog.com/" "Mozilla/5.0 (Windows NT 10.0; Win64; x64) AppleWebKit/537.36 (KHTML, like Gecko) Chrome/134.0.0.0 Safari/537.36"
2a09:bac5:3a19:137d::1f1:1e0 - - [30/Mar/2025:02:19:33 -0400] "GET /react-dom.js HTTP/1.1" 404 6614 "http://baernblog.com/" "Mozilla/5.0 (Windows NT 10.0; Win64; x64) AppleWebKit/537.36 (KHTML, like Gecko) Chrome/134.0.0.0 Safari/537.36"
192.42.116.214 - - [30/Mar/2025:02:44:51 -0400] "GET / HTTP/1.1" 200 97678 "http://baernblog.com" "Mozilla/5.0 (Windows NT 10.0; Win64; x64) AppleWebKit/537.36 (KHTML, like Gecko) Chrome/90.0.4430.212 Safari/537.36"
198.54.114.83 - - [30/Mar/2025:02:47:39 -0400] "POST /wp-cron.php?doing_wp_cron=1743317259.2498669624328613281250 HTTP/1.1" 200 0 "-" "WordPress/6.7.2; https://baernblog.com"
92.255.57.103 - - [30/Mar/2025:02:47:37 -0400] "GET /wp-login.php?wp_lang=en_US HTTP/1.1" 302 0 "http://baernblog.com/wp-login.php" "Mozilla/5.0 (Windows NT 10.0; Win64; x64; rv:136.0) Gecko/20100101 Firefox/135.0"
216.244.66.198 - - [30/Mar/2025:02:48:02 -0400] "GET /robots.txt HTTP/1.1" 304 0 "-" "Mozilla/5.0 (compatible; DotBot/1.2; +https://opensiteexplorer.org/dotbot; help@moz.com)"
18.116.162.27 - - [30/Mar/2025:02:52:13 -0400] "GET /.git/config HTTP/1.1" 403 1242 "-" "Mozilla/5.0 (Macintosh; Intel Mac OS X 10_15_7) AppleWebKit/537.36 (KHTML, like Gecko) Chrome/93.0.4577.0 Safari/537.36"
198.54.114.83 - - [30/Mar/2025:03:42:19 -0400] "POST /wp-cron.php?doing_wp_cron=1743320538.5712931156158447265625 HTTP/1.1" 200 0 "-" "WordPress/6.7.2; https://baernblog.com"
139.99.68.31 - - [30/Mar/2025:03:42:12 -0400] "GET /wp-content/uploads/2017-------/09/wp-console.php HTTP/1.1" 404 6615 "-" "Mozilla/5.0 (Linux; Android 11; M2010J19SI) AppleWebKit/537.36 (KHTML, like Gecko) Chrome/109.0.0.0 Mobile Safari/537.36"
139.99.68.31 - - [30/Mar/2025:03:42:22 -0400] "GET /wp-includes/js/crop/uword.php HTTP/1.1" 404 6614 "-" "Mozilla/5.0 (Linux; Android 11; M2010J19SI) AppleWebKit/537.36 (KHTML, like Gecko) Chrome/109.0.0.0 Mobile Safari/537.36"
139.99.68.31 - - [30/Mar/2025:03:42:24 -0400] "GET /wp-content/themes/bltm/wp-login.php HTTP/1.1" 404 6615 "-" "Mozilla/5.0 (Linux; Android 11; M2010J19SI) AppleWebKit/537.36 (KHTML, like Gecko) Chrome/109.0.0.0 Mobile Safari/537.36"
139.99.68.31 - - [30/Mar/2025:03:42:32 -0400] "GET /autoload_classmap.php HTTP/1.1" 404 6614 "-" "Mozilla/5.0 (Linux; Android 11; M2010J19SI) AppleWebKit/537.36 (KHTML, like Gecko) Chrome/109.0.0.0 Mobile Safari/537.36"
139.99.68.31 - - [30/Mar/2025:03:42:34 -0400] "GET /wp-content/uploads/2014/07/olx.php HTTP/1.1" 404 6614 "-" "Mozilla/5.0 (Linux; Android 11; M2010J19SI) AppleWebKit/537.36 (KHTML, like Gecko) Chrome/109.0.0.0 Mobile Safari/537.36"
139.99.68.31 - - [30/Mar/2025:03:42:35 -0400] "GET /wp-admin/css/colors/midnight/index.php HTTP/1.1" 301 0 "-" "Mozilla/5.0 (Linux; Android 11; M2010J19SI) AppleWebKit/537.36 (KHTML, like Gecko) Chrome/109.0.0.0 Mobile Safari/537.36"
139.99.68.31 - - [30/Mar/2025:03:42:36 -0400] "GET /wp-admin/css/colors/midnight/ HTTP/1.1" 200 910 "-" "Mozilla/5.0 (Linux; Android 11; M2010J19SI) AppleWebKit/537.36 (KHTML, like Gecko) Chrome/109.0.0.0 Mobile Safari/537.36"
139.99.68.31 - - [30/Mar/2025:03:42:37 -0400] "GET /wp-content/uploads/2020/wp-couldent.php.suspected HTTP/1.1" 404 6614 "-" "Mozilla/5.0 (Linux; Android 11; M2010J19SI) AppleWebKit/537.36 (KHTML, like Gecko) Chrome/109.0.0.0 Mobile Safari/537.36"
139.99.68.31 - - [30/Mar/2025:03:42:38 -0400] "GET /wp-content/plugins/523453244/ninja.php HTTP/1.1" 404 6614 "-" "Mozilla/5.0 (Linux; Android 11; M2010J19SI) AppleWebKit/537.36 (KHTML, like Gecko) Chrome/109.0.0.0 Mobile Safari/537.36"
139.99.68.31 - - [30/Mar/2025:03:42:38 -0400] "GET /wp-includes/js/imgareaselect/index.php HTTP/1.1" 301 0 "-" "Mozilla/5.0 (Linux; Android 11; M2010J19SI) AppleWebKit/537.36 (KHTML, like Gecko) Chrome/109.0.0.0 Mobile Safari/537.36"
139.99.68.31 - - [30/Mar/2025:03:42:39 -0400] "GET /wp-includes/js/imgareaselect/ HTTP/1.1" 200 961 "-" "Mozilla/5.0 (Linux; Android 11; M2010J19SI) AppleWebKit/537.36 (KHTML, like Gecko) Chrome/109.0.0.0 Mobile Safari/537.36"
139.99.68.31 - - [30/Mar/2025:03:42:40 -0400] "GET /wp-includes/PHPMailer/load.php HTTP/1.1" 404 6614 "-" "Mozilla/5.0 (Linux; Android 11; M2010J19SI) AppleWebKit/537.36 (KHTML, like Gecko) Chrome/109.0.0.0 Mobile Safari/537.36"
139.99.68.31 - - [30/Mar/2025:03:42:40 -0400] "GET /wp-links.php HTTP/1.1" 404 6615 "-" "Mozilla/5.0 (Linux; Android 11; M2010J19SI) AppleWebKit/537.36 (KHTML, like Gecko) Chrome/109.0.0.0 Mobile Safari/537.36"
139.99.68.31 - - [30/Mar/2025:03:42:42 -0400] "GET /wp-aa.php HTTP/1.1" 404 6613 "-" "Mozilla/5.0 (Linux; Android 11; M2010J19SI) AppleWebKit/537.36 (KHTML, like Gecko) Chrome/109.0.0.0 Mobile Safari/537.36"
139.99.68.31 - - [30/Mar/2025:03:42:42 -0400] "GET /wp-content/themes/travelscape/json.php HTTP/1.1" 404 6614 "-" "Mozilla/5.0 (Linux; Android 11; M2010J19SI) AppleWebKit/537.36 (KHTML, like Gecko) Chrome/109.0.0.0 Mobile Safari/537.36"
139.99.68.31 - - [30/Mar/2025:03:42:43 -0400] "GET /wp-content/themes/travel/issue.php HTTP/1.1" 404 6614 "-" "Mozilla/5.0 (Linux; Android 11; M2010J19SI) AppleWebKit/537.36 (KHTML, like Gecko) Chrome/109.0.0.0 Mobile Safari/537.36"
139.99.68.31 - - [30/Mar/2025:03:42:44 -0400] "GET /about.php HTTP/1.1" 404 6614 "-" "Mozilla/5.0 (Linux; Android 11; M2010J19SI) AppleWebKit/537.36 (KHTML, like Gecko) Chrome/109.0.0.0 Mobile Safari/537.36"
139.99.68.31 - - [30/Mar/2025:03:42:45 -0400] "GET /xx.php HTTP/1.1" 404 6614 "-" "Mozilla/5.0 (Linux; Android 11; M2010J19SI) AppleWebKit/537.36 (KHTML, like Gecko) Chrome/109.0.0.0 Mobile Safari/537.36"
139.99.68.31 - - [30/Mar/2025:03:42:46 -0400] "GET /wp-content/themes/digital-download/new.php HTTP/1.1" 404 6614 "-" "Mozilla/5.0 (Linux; Android 11; M2010J19SI) AppleWebKit/537.36 (KHTML, like Gecko) Chrome/109.0.0.0 Mobile Safari/537.36"
139.99.68.31 - - [30/Mar/2025:03:42:47 -0400] "GET /epinyins.php HTTP/1.1" 404 6614 "-" "Mozilla/5.0 (Linux; Android 11; M2010J19SI) AppleWebKit/537.36 (KHTML, like Gecko) Chrome/109.0.0.0 Mobile Safari/537.36"
139.99.68.31 - - [30/Mar/2025:03:42:48 -0400] "GET /wp-admin/dropdown.php HTTP/1.1" 404 6614 "-" "Mozilla/5.0 (Linux; Android 11; M2010J19SI) AppleWebKit/537.36 (KHTML, like Gecko) Chrome/109.0.0.0 Mobile Safari/537.36"
139.99.68.31 - - [30/Mar/2025:03:42:49 -0400] "GET /dropdown.php HTTP/1.1" 404 6614 "-" "Mozilla/5.0 (Linux; Android 11; M2010J19SI) AppleWebKit/537.36 (KHTML, like Gecko) Chrome/109.0.0.0 Mobile Safari/537.36"
139.99.68.31 - - [30/Mar/2025:03:42:50 -0400] "GET /wp-admin/css/index.php HTTP/1.1" 301 0 "-" "Mozilla/5.0 (Linux; Android 11; M2010J19SI) AppleWebKit/537.36 (KHTML, like Gecko) Chrome/109.0.0.0 Mobile Safari/537.36"
139.99.68.31 - - [30/Mar/2025:03:42:51 -0400] "GET /wp-admin/css/ HTTP/1.1" 200 3898 "-" "Mozilla/5.0 (Linux; Android 11; M2010J19SI) AppleWebKit/537.36 (KHTML, like Gecko) Chrome/109.0.0.0 Mobile Safari/537.36"
139.99.68.31 - - [30/Mar/2025:03:42:52 -0400] "GET /wp-content/mah.php HTTP/1.1" 404 6614 "-" "Mozilla/5.0 (Linux; Android 11; M2010J19SI) AppleWebKit/537.36 (KHTML, like Gecko) Chrome/109.0.0.0 Mobile Safari/537.36"
139.99.68.31 - - [30/Mar/2025:03:42:53 -0400] "GET /wp-content/item.php HTTP/1.1" 404 6614 "-" "Mozilla/5.0 (Linux; Android 11; M2010J19SI) AppleWebKit/537.36 (KHTML, like Gecko) Chrome/109.0.0.0 Mobile Safari/537.36"
139.99.68.31 - - [30/Mar/2025:03:42:54 -0400] "GET /wp-content/plugins/shell/about.php HTTP/1.1" 404 6614 "-" "Mozilla/5.0 (Linux; Android 11; M2010J19SI) AppleWebKit/537.36 (KHTML, like Gecko) Chrome/109.0.0.0 Mobile Safari/537.36"
139.99.68.31 - - [30/Mar/2025:03:42:56 -0400] "GET /wp-content/plugins/pwnd/pwnd.php HTTP/1.1" 404 6614 "-" "Mozilla/5.0 (Linux; Android 11; M2010J19SI) AppleWebKit/537.36 (KHTML, like Gecko) Chrome/109.0.0.0 Mobile Safari/537.36"
139.99.68.31 - - [30/Mar/2025:03:43:01 -0400] "GET /wp-content/plugins/fix/up.php HTTP/1.1" 404 6615 "-" "Mozilla/5.0 (Linux; Android 11; M2010J19SI) AppleWebKit/537.36 (KHTML, like Gecko) Chrome/109.0.0.0 Mobile Safari/537.36"
139.99.68.31 - - [30/Mar/2025:03:43:02 -0400] "GET /wp-content/plugins/ph-file-manager/wp-file.php HTTP/1.1" 404 6614 "-" "Mozilla/5.0 (Linux; Android 11; M2010J19SI) AppleWebKit/537.36 (KHTML, like Gecko) Chrome/109.0.0.0 Mobile Safari/537.36"
198.54.114.83 - - [30/Mar/2025:03:43:04 -0400] "POST /wp-cron.php?doing_wp_cron=1743320584.0731260776519775390625 HTTP/1.1" 200 0 "-" "WordPress/6.7.2; https://baernblog.com"
139.99.68.31 - - [30/Mar/2025:03:43:03 -0400] "GET /wp-content/plugins/root-file-manager/wp-file.php HTTP/1.1" 404 6615 "-" "Mozilla/5.0 (Linux; Android 11; M2010J19SI) AppleWebKit/537.36 (KHTML, like Gecko) Chrome/109.0.0.0 Mobile Safari/537.36"
139.99.68.31 - - [30/Mar/2025:03:43:04 -0400] "GET /wp-content/plugins/wp-help/mini.php HTTP/1.1" 404 6614 "-" "Mozilla/5.0 (Linux; Android 11; M2010J19SI) AppleWebKit/537.36 (KHTML, like Gecko) Chrome/109.0.0.0 Mobile Safari/537.36"
139.99.68.31 - - [30/Mar/2025:03:43:05 -0400] "GET /wp-content/themes/travel/issue.php HTTP/1.1" 404 6614 "-" "Mozilla/5.0 (Linux; Android 11; M2010J19SI) AppleWebKit/537.36 (KHTML, like Gecko) Chrome/109.0.0.0 Mobile Safari/537.36"
139.99.68.31 - - [30/Mar/2025:03:43:06 -0400] "GET /wp-content/themes/jaida/lang.php HTTP/1.1" 404 6614 "-" "Mozilla/5.0 (Linux; Android 11; M2010J19SI) AppleWebKit/537.36 (KHTML, like Gecko) Chrome/109.0.0.0 Mobile Safari/537.36"
198.54.114.83 - - [30/Mar/2025:03:33:04 -0400] "POST /wp-cron.php?doing_wp_cron=1743319984.0413360595703125000000 HTTP/1.1" 200 0 "-" "WordPress/6.7.2; https://baernblog.com"
216.244.66.198 - - [30/Mar/2025:03:33:03 -0400] "GET /robots.txt HTTP/1.1" 200 124 "-" "Mozilla/5.0 (compatible; DotBot/1.2; +https://opensiteexplorer.org/dotbot; help@moz.com)"
139.99.68.31 - - [30/Mar/2025:03:43:12 -0400] "GET /wp-l0gin.php HTTP/1.1" 404 6614 "-" "Mozilla/5.0 (Linux; Android 11; M2010J19SI) AppleWebKit/537.36 (KHTML, like Gecko) Chrome/109.0.0.0 Mobile Safari/537.36"
139.99.68.31 - - [30/Mar/2025:03:43:13 -0400] "GET /ext.php HTTP/1.1" 404 6614 "-" "Mozilla/5.0 (Linux; Android 11; M2010J19SI) AppleWebKit/537.36 (KHTML, like Gecko) Chrome/109.0.0.0 Mobile Safari/537.36"
139.99.68.31 - - [30/Mar/2025:03:43:15 -0400] "GET /wp-l0gin.php HTTP/1.1" 404 6614 "-" "Mozilla/5.0 (Linux; Android 11; M2010J19SI) AppleWebKit/537.36 (KHTML, like Gecko) Chrome/109.0.0.0 Mobile Safari/537.36"
198.54.114.83 - - [30/Mar/2025:03:46:54 -0400] "POST /wp-cron.php?doing_wp_cron=1743320814.3046240806579589843750 HTTP/1.1" 200 0 "-" "WordPress/6.7.2; https://baernblog.com"
43.131.254.47 - - [30/Mar/2025:03:46:50 -0400] "GET /how-to-get-vyvanse-prescription-online/ HTTP/1.1" 200 12825 "http://baernblog.com" "Mozilla/5.0 (Windows NT 10.0; Win64; x64) AppleWebKit/537.36 (KHTML, like Gecko) Chrome/62.0.3202.94 Safari/537.36"
43.131.254.47 - - [30/Mar/2025:03:46:58 -0400] "POST /wp-comments-post.php HTTP/1.1" 302 0 "http://baernblog.com" "Mozilla/5.0 (Windows NT 10.0; Win64; x64) AppleWebKit/537.36 (KHTML, like Gecko) Chrome/62.0.3202.94 Safari/537.36"
51.222.253.20 - - [30/Mar/2025:03:56:27 -0400] "GET / HTTP/1.1" 200 97678 "-" "Mozilla/5.0 (compatible; AhrefsBot/7.0; +http://ahrefs.com/robot/)"
198.54.114.83 - - [30/Mar/2025:04:12:04 -0400] "POST /wp-cron.php?doing_wp_cron=1743322324.3571310043334960937500 HTTP/1.1" 200 0 "-" "WordPress/6.7.2; https://baernblog.com"
103.148.104.75 - - [30/Mar/2025:04:12:00 -0400] "GET /admin.php HTTP/1.1" 404 6614 "http://baernblog.com/admin.php" "Mozilla/4.0 (compatible; MSIE 9.0; Windows NT 6.1)"
198.54.114.83 - - [30/Mar/2025:04:37:14 -0400] "POST /wp-cron.php?doing_wp_cron=1743323834.6591739654541015625000 HTTP/1.1" 200 0 "-" "WordPress/6.7.2; https://baernblog.com"
135.125.183.99 - - [30/Mar/2025:04:37:11 -0400] "POST /wp-login.php HTTP/1.1" 302 0 "http://baernblog.com/wp-admin/" "Mozilla/5.0 (Windows NT 10.0; Win64; x64) AppleWebKit/537.36 (KHTML, like Gecko) Chrome/90.0.4430.85 Safari/537.36"
198.54.114.83 - - [30/Mar/2025:04:38:05 -0400] "POST /wp-cron.php?doing_wp_cron=1743323885.6315729618072509765625 HTTP/1.1" 200 0 "-" "WordPress/6.7.2; https://baernblog.com"
135.125.183.99 - - [30/Mar/2025:04:38:05 -0400] "POST /wp-login.php HTTP/1.1" 302 0 "http://baernblog.com/wp-admin/" "Mozilla/5.0 (Windows NT 10.0; Win64; x64) AppleWebKit/537.36 (KHTML, like Gecko) Chrome/90.0.4430.85 Safari/537.36"
198.54.114.83 - - [30/Mar/2025:04:39:22 -0400] "POST /wp-cron.php?doing_wp_cron=1743323962.8562400341033935546875 HTTP/1.1" 200 0 "-" "WordPress/6.7.2; https://baernblog.com"
135.125.183.99 - - [30/Mar/2025:04:39:22 -0400] "POST /wp-login.php HTTP/1.1" 302 0 "http://baernblog.com/wp-admin/" "Mozilla/5.0 (Windows NT 10.0; Win64; x64) AppleWebKit/537.36 (KHTML, like Gecko) Chrome/90.0.4430.85 Safari/537.36"
139.59.100.51 - - [30/Mar/2025:04:42:20 -0400] "GET /wp-content/plugins/pwnd/pwnd.php HTTP/1.1" 404 6614 "-" "Mozilla/5.0 (Linux; Android 7.0; SM-G892A Build/NRD90M; wv) AppleWebKit/537.36 (KHTML, like Gecko) Version/4.0 Chrome/60.0.3112.107 Mobile Safari/537.36"
198.54.114.83 - - [30/Mar/2025:04:42:25 -0400] "POST /wp-cron.php?doing_wp_cron=1743324145.8594629764556884765625 HTTP/1.1" 200 0 "-" "WordPress/6.7.2; https://baernblog.com"
139.59.100.51 - - [30/Mar/2025:04:42:25 -0400] "GET /wp-content/plugins/pwnd-1/pwnd.php HTTP/1.1" 404 6614 "-" "Mozilla/5.0 (Linux; Android 7.0; SM-G892A Build/NRD90M; wv) AppleWebKit/537.36 (KHTML, like Gecko) Version/4.0 Chrome/60.0.3112.107 Mobile Safari/537.36"
139.59.100.51 - - [30/Mar/2025:04:43:01 -0400] "GET /wp-content/plugins/pwnd-2/pwnd.php HTTP/1.1" 404 6615 "-" "Mozilla/5.0 (Linux; Android 7.0; SM-G892A Build/NRD90M; wv) AppleWebKit/537.36 (KHTML, like Gecko) Version/4.0 Chrome/60.0.3112.107 Mobile Safari/537.36"
198.54.114.83 - - [30/Mar/2025:04:43:32 -0400] "POST /wp-cron.php?doing_wp_cron=1743324212.6027009487152099609375 HTTP/1.1" 200 0 "-" "WordPress/6.7.2; https://baernblog.com"
139.59.100.51 - - [30/Mar/2025:04:43:32 -0400] "GET /wp-content/plugins/fix/up.php HTTP/1.1" 404 6614 "-" "Mozilla/5.0 (Linux; Android 7.0; SM-G892A Build/NRD90M; wv) AppleWebKit/537.36 (KHTML, like Gecko) Version/4.0 Chrome/60.0.3112.107 Mobile Safari/537.36"
198.54.114.83 - - [30/Mar/2025:04:51:31 -0400] "POST /wp-cron.php?doing_wp_cron=1743324691.8930020332336425781250 HTTP/1.1" 200 0 "-" "WordPress/6.7.2; https://baernblog.com"
139.99.68.31 - - [30/Mar/2025:04:51:31 -0400] "GET /wp-content/uploads/2017-------/09/wp-console.php HTTP/1.1" 404 6616 "-" "Mozilla/5.0 (Linux; Android 11; M2010J19SI) AppleWebKit/537.36 (KHTML, like Gecko) Chrome/109.0.0.0 Mobile Safari/537.36"
139.99.68.31 - - [30/Mar/2025:04:51:32 -0400] "GET /wp-includes/js/crop/uword.php HTTP/1.1" 404 6614 "-" "Mozilla/5.0 (Linux; Android 11; M2010J19SI) AppleWebKit/537.36 (KHTML, like Gecko) Chrome/109.0.0.0 Mobile Safari/537.36"
139.99.68.31 - - [30/Mar/2025:04:51:33 -0400] "GET /wp-content/themes/bltm/wp-login.php HTTP/1.1" 404 6614 "-" "Mozilla/5.0 (Linux; Android 11; M2010J19SI) AppleWebKit/537.36 (KHTML, like Gecko) Chrome/109.0.0.0 Mobile Safari/537.36"
139.99.68.31 - - [30/Mar/2025:04:51:34 -0400] "GET /autoload_classmap.php HTTP/1.1" 404 6614 "-" "Mozilla/5.0 (Linux; Android 11; M2010J19SI) AppleWebKit/537.36 (KHTML, like Gecko) Chrome/109.0.0.0 Mobile Safari/537.36"
139.99.68.31 - - [30/Mar/2025:04:51:38 -0400] "GET /wp-content/uploads/2014/07/olx.php HTTP/1.1" 404 6621 "-" "Mozilla/5.0 (Linux; Android 11; M2010J19SI) AppleWebKit/537.36 (KHTML, like Gecko) Chrome/109.0.0.0 Mobile Safari/537.36"
139.99.68.31 - - [30/Mar/2025:04:51:38 -0400] "GET /wp-admin/css/colors/midnight/index.php HTTP/1.1" 301 0 "-" "Mozilla/5.0 (Linux; Android 11; M2010J19SI) AppleWebKit/537.36 (KHTML, like Gecko) Chrome/109.0.0.0 Mobile Safari/537.36"
139.99.68.31 - - [30/Mar/2025:04:51:39 -0400] "GET /wp-admin/css/colors/midnight/ HTTP/1.1" 200 910 "-" "Mozilla/5.0 (Linux; Android 11; M2010J19SI) AppleWebKit/537.36 (KHTML, like Gecko) Chrome/109.0.0.0 Mobile Safari/537.36"
139.99.68.31 - - [30/Mar/2025:04:51:40 -0400] "GET /wp-content/uploads/2020/wp-couldent.php.suspected HTTP/1.1" 404 6614 "-" "Mozilla/5.0 (Linux; Android 11; M2010J19SI) AppleWebKit/537.36 (KHTML, like Gecko) Chrome/109.0.0.0 Mobile Safari/537.36"
139.99.68.31 - - [30/Mar/2025:04:51:40 -0400] "GET /wp-content/plugins/523453244/ninja.php HTTP/1.1" 404 6615 "-" "Mozilla/5.0 (Linux; Android 11; M2010J19SI) AppleWebKit/537.36 (KHTML, like Gecko) Chrome/109.0.0.0 Mobile Safari/537.36"
139.99.68.31 - - [30/Mar/2025:04:51:41 -0400] "GET /wp-includes/js/imgareaselect/index.php HTTP/1.1" 301 0 "-" "Mozilla/5.0 (Linux; Android 11; M2010J19SI) AppleWebKit/537.36 (KHTML, like Gecko) Chrome/109.0.0.0 Mobile Safari/537.36"
139.99.68.31 - - [30/Mar/2025:04:51:42 -0400] "GET /wp-includes/js/imgareaselect/ HTTP/1.1" 200 961 "-" "Mozilla/5.0 (Linux; Android 11; M2010J19SI) AppleWebKit/537.36 (KHTML, like Gecko) Chrome/109.0.0.0 Mobile Safari/537.36"
139.99.68.31 - - [30/Mar/2025:04:51:42 -0400] "GET /wp-includes/PHPMailer/load.php HTTP/1.1" 404 6616 "-" "Mozilla/5.0 (Linux; Android 11; M2010J19SI) AppleWebKit/537.36 (KHTML, like Gecko) Chrome/109.0.0.0 Mobile Safari/537.36"
139.99.68.31 - - [30/Mar/2025:04:51:43 -0400] "GET /wp-links.php HTTP/1.1" 404 6614 "-" "Mozilla/5.0 (Linux; Android 11; M2010J19SI) AppleWebKit/537.36 (KHTML, like Gecko) Chrome/109.0.0.0 Mobile Safari/537.36"
139.99.68.31 - - [30/Mar/2025:04:51:44 -0400] "GET /wp-aa.php HTTP/1.1" 404 6614 "-" "Mozilla/5.0 (Linux; Android 11; M2010J19SI) AppleWebKit/537.36 (KHTML, like Gecko) Chrome/109.0.0.0 Mobile Safari/537.36"
139.99.68.31 - - [30/Mar/2025:04:51:45 -0400] "GET /wp-content/themes/travelscape/json.php HTTP/1.1" 404 6614 "-" "Mozilla/5.0 (Linux; Android 11; M2010J19SI) AppleWebKit/537.36 (KHTML, like Gecko) Chrome/109.0.0.0 Mobile Safari/537.36"
139.99.68.31 - - [30/Mar/2025:04:51:50 -0400] "GET /wp-content/themes/travel/issue.php HTTP/1.1" 404 6614 "-" "Mozilla/5.0 (Linux; Android 11; M2010J19SI) AppleWebKit/537.36 (KHTML, like Gecko) Chrome/109.0.0.0 Mobile Safari/537.36"
139.99.68.31 - - [30/Mar/2025:04:51:50 -0400] "GET /about.php HTTP/1.1" 404 6621 "-" "Mozilla/5.0 (Linux; Android 11; M2010J19SI) AppleWebKit/537.36 (KHTML, like Gecko) Chrome/109.0.0.0 Mobile Safari/537.36"
139.99.68.31 - - [30/Mar/2025:04:51:51 -0400] "GET /xx.php HTTP/1.1" 404 6613 "-" "Mozilla/5.0 (Linux; Android 11; M2010J19SI) AppleWebKit/537.36 (KHTML, like Gecko) Chrome/109.0.0.0 Mobile Safari/537.36"
139.99.68.31 - - [30/Mar/2025:04:51:52 -0400] "GET /wp-content/themes/digital-download/new.php HTTP/1.1" 404 6616 "-" "Mozilla/5.0 (Linux; Android 11; M2010J19SI) AppleWebKit/537.36 (KHTML, like Gecko) Chrome/109.0.0.0 Mobile Safari/537.36"
139.99.68.31 - - [30/Mar/2025:04:51:53 -0400] "GET /epinyins.php HTTP/1.1" 404 6614 "-" "Mozilla/5.0 (Linux; Android 11; M2010J19SI) AppleWebKit/537.36 (KHTML, like Gecko) Chrome/109.0.0.0 Mobile Safari/537.36"
139.99.68.31 - - [30/Mar/2025:04:51:54 -0400] "GET /wp-admin/dropdown.php HTTP/1.1" 404 6614 "-" "Mozilla/5.0 (Linux; Android 11; M2010J19SI) AppleWebKit/537.36 (KHTML, like Gecko) Chrome/109.0.0.0 Mobile Safari/537.36"
139.99.68.31 - - [30/Mar/2025:04:51:55 -0400] "GET /dropdown.php HTTP/1.1" 404 6614 "-" "Mozilla/5.0 (Linux; Android 11; M2010J19SI) AppleWebKit/537.36 (KHTML, like Gecko) Chrome/109.0.0.0 Mobile Safari/537.36"
139.99.68.31 - - [30/Mar/2025:04:51:56 -0400] "GET /wp-admin/css/index.php HTTP/1.1" 301 0 "-" "Mozilla/5.0 (Linux; Android 11; M2010J19SI) AppleWebKit/537.36 (KHTML, like Gecko) Chrome/109.0.0.0 Mobile Safari/537.36"
139.99.68.31 - - [30/Mar/2025:04:51:56 -0400] "GET /wp-admin/css/ HTTP/1.1" 200 3898 "-" "Mozilla/5.0 (Linux; Android 11; M2010J19SI) AppleWebKit/537.36 (KHTML, like Gecko) Chrome/109.0.0.0 Mobile Safari/537.36"
139.99.68.31 - - [30/Mar/2025:04:51:57 -0400] "GET /wp-content/mah.php HTTP/1.1" 404 6614 "-" "Mozilla/5.0 (Linux; Android 11; M2010J19SI) AppleWebKit/537.36 (KHTML, like Gecko) Chrome/109.0.0.0 Mobile Safari/537.36"
139.99.68.31 - - [30/Mar/2025:04:51:58 -0400] "GET /wp-content/item.php HTTP/1.1" 404 6614 "-" "Mozilla/5.0 (Linux; Android 11; M2010J19SI) AppleWebKit/537.36 (KHTML, like Gecko) Chrome/109.0.0.0 Mobile Safari/537.36"
139.99.68.31 - - [30/Mar/2025:04:51:58 -0400] "GET /wp-content/plugins/shell/about.php HTTP/1.1" 404 6614 "-" "Mozilla/5.0 (Linux; Android 11; M2010J19SI) AppleWebKit/537.36 (KHTML, like Gecko) Chrome/109.0.0.0 Mobile Safari/537.36"
139.99.68.31 - - [30/Mar/2025:04:52:00 -0400] "GET /wp-content/plugins/pwnd/pwnd.php HTTP/1.1" 404 6615 "-" "Mozilla/5.0 (Linux; Android 11; M2010J19SI) AppleWebKit/537.36 (KHTML, like Gecko) Chrome/109.0.0.0 Mobile Safari/537.36"
139.99.68.31 - - [30/Mar/2025:04:52:01 -0400] "GET /wp-content/plugins/fix/up.php HTTP/1.1" 404 6614 "-" "Mozilla/5.0 (Linux; Android 11; M2010J19SI) AppleWebKit/537.36 (KHTML, like Gecko) Chrome/109.0.0.0 Mobile Safari/537.36"
139.99.68.31 - - [30/Mar/2025:04:52:01 -0400] "GET /wp-content/plugins/ph-file-manager/wp-file.php HTTP/1.1" 404 6615 "-" "Mozilla/5.0 (Linux; Android 11; M2010J19SI) AppleWebKit/537.36 (KHTML, like Gecko) Chrome/109.0.0.0 Mobile Safari/537.36"
139.99.68.31 - - [30/Mar/2025:04:52:02 -0400] "GET /wp-content/plugins/root-file-manager/wp-file.php HTTP/1.1" 404 6614 "-" "Mozilla/5.0 (Linux; Android 11; M2010J19SI) AppleWebKit/537.36 (KHTML, like Gecko) Chrome/109.0.0.0 Mobile Safari/537.36"
198.54.114.83 - - [30/Mar/2025:04:52:03 -0400] "POST /wp-cron.php?doing_wp_cron=1743324723.1306550502777099609375 HTTP/1.1" 200 0 "-" "WordPress/6.7.2; https://baernblog.com"
139.99.68.31 - - [30/Mar/2025:04:52:03 -0400] "GET /wp-content/plugins/wp-help/mini.php HTTP/1.1" 404 6614 "-" "Mozilla/5.0 (Linux; Android 11; M2010J19SI) AppleWebKit/537.36 (KHTML, like Gecko) Chrome/109.0.0.0 Mobile Safari/537.36"
139.99.68.31 - - [30/Mar/2025:04:52:03 -0400] "GET /wp-content/themes/travel/issue.php HTTP/1.1" 404 6614 "-" "Mozilla/5.0 (Linux; Android 11; M2010J19SI) AppleWebKit/537.36 (KHTML, like Gecko) Chrome/109.0.0.0 Mobile Safari/537.36"
139.99.68.31 - - [30/Mar/2025:04:52:04 -0400] "GET /wp-content/themes/jaida/lang.php HTTP/1.1" 404 6615 "-" "Mozilla/5.0 (Linux; Android 11; M2010J19SI) AppleWebKit/537.36 (KHTML, like Gecko) Chrome/109.0.0.0 Mobile Safari/537.36"
139.99.68.31 - - [30/Mar/2025:04:52:04 -0400] "GET /wp-l0gin.php HTTP/1.1" 404 6615 "-" "Mozilla/5.0 (Linux; Android 11; M2010J19SI) AppleWebKit/537.36 (KHTML, like Gecko) Chrome/109.0.0.0 Mobile Safari/537.36"
139.99.68.31 - - [30/Mar/2025:04:52:05 -0400] "GET /ext.php HTTP/1.1" 404 6614 "-" "Mozilla/5.0 (Linux; Android 11; M2010J19SI) AppleWebKit/537.36 (KHTML, like Gecko) Chrome/109.0.0.0 Mobile Safari/537.36"
139.99.68.31 - - [30/Mar/2025:04:52:05 -0400] "GET /wp-l0gin.php HTTP/1.1" 404 6615 "-" "Mozilla/5.0 (Linux; Android 11; M2010J19SI) AppleWebKit/537.36 (KHTML, like Gecko) Chrome/109.0.0.0 Mobile Safari/537.36"
216.244.66.198 - - [30/Mar/2025:05:05:34 -0400] "GET /robots.txt HTTP/1.1" 200 124 "-" "Mozilla/5.0 (compatible; DotBot/1.2; +https://opensiteexplorer.org/dotbot; help@moz.com)"
18.97.9.97 - - [30/Mar/2025:05:10:54 -0400] "GET /robots.txt HTTP/1.1" 200 124 "-" "Mozilla/5.0 AppleWebKit/537.36 (KHTML, like Gecko; compatible; PerplexityBot/1.0; +https://perplexity.ai/perplexitybot)"
66.249.64.2 - - [30/Mar/2025:05:10:55 -0400] "GET /robots.txt HTTP/1.1" 200 124 "-" "Mozilla/5.0 (compatible; Googlebot/2.1; +http://www.google.com/bot.html)"
18.97.9.97 - - [30/Mar/2025:05:10:55 -0400] "GET / HTTP/1.1" 200 97678 "-" "Mozilla/5.0 AppleWebKit/537.36 (KHTML, like Gecko; compatible; PerplexityBot/1.0; +https://perplexity.ai/perplexitybot)"
66.249.64.15 - - [30/Mar/2025:05:10:55 -0400] "GET / HTTP/1.1" 200 97678 "-" "Mozilla/5.0 (Linux; Android 6.0.1; Nexus 5X Build/MMB29P) AppleWebKit/537.36 (KHTML, like Gecko) Chrome/134.0.6998.165 Mobile Safari/537.36 (compatible; Googlebot/2.1; +http://www.google.com/bot.html)"
196.251.71.229 - - [30/Mar/2025:05:12:49 -0400] "GET /wp-content/plugins/fix/up.php HTTP/1.1" 404 6614 "-" "Mozilla/5.0 (Windows NT 10.0; Win64; x64) AppleWebKit/537.36 (KHTML, like Gecko) Chrome/85.0.4183.102 Safari/537.36"
196.251.71.229 - - [30/Mar/2025:05:12:49 -0400] "GET / HTTP/1.1" 200 97678 "-" "Mozlila/5.0 (Linux; Android 7.0; SM-G892A Bulid/NRD90M; wv) AppleWebKit/537.36 (KHTML, like Gecko) Version/4.0 Chrome/60.0.3112.107 Moblie Safari/537.36"
198.54.114.83 - - [30/Mar/2025:05:12:54 -0400] "POST /wp-cron.php?doing_wp_cron=1743325974.4220950603485107421875 HTTP/1.1" 200 0 "-" "WordPress/6.7.2; https://baernblog.com"
198.54.114.83 - - [30/Mar/2025:05:12:54 -0400] "POST /wp-cron.php?doing_wp_cron=1743325974.4146080017089843750000 HTTP/1.1" 200 0 "-" "WordPress/6.7.2; https://baernblog.com"
196.251.71.229 - - [30/Mar/2025:05:12:49 -0400] "POST /wp-plain.php HTTP/1.1" 404 6566 "www.google.com" "Mozilla/5.0 (Linux; Android 7.0; SM-G892A Bulid/NRD90M; wv) AppleWebKit/537.36 (KHTML, like Gecko) Version/4.0 Chrome/60.0.3112.107 Moblie Safari/537.36"
196.251.71.229 - - [30/Mar/2025:05:12:49 -0400] "POST /ALFA_DATA/alfacgiapi/perl.alfa HTTP/1.1" 404 6566 "www.google.com" "Mozlila/5.0 (Linux; Android 7.0; SM-G892A Bulid/NRD90M; wv) AppleWebKit/537.36 (KHTML, like Gecko) Version/4.0 Chrome/60.0.3112.107 Moblie Safari/537.36"
196.251.71.229 - - [30/Mar/2025:05:12:49 -0400] "GET /wp-content/themes/seotheme/db.php?u HTTP/1.1" 404 6614 "www.google.com" "Mozlila/5.0 (Linux; Android 7.0; SM-G892A Bulid/NRD90M; wv) AppleWebKit/537.36 (KHTML, like Gecko) Version/4.0 Chrome/60.0.3112.107 Moblie Safari/537.36"
196.251.71.229 - - [30/Mar/2025:05:12:55 -0400] "POST /alfacgiapi/perl.alfa HTTP/1.1" 404 6566 "www.google.com" "Mozlila/5.0 (Linux; Android 7.0; SM-G892A Bulid/NRD90M; wv) AppleWebKit/537.36 (KHTML, like Gecko) Version/4.0 Chrome/60.0.3112.107 Moblie Safari/537.36"
196.251.71.229 - - [30/Mar/2025:05:12:55 -0400] "GET /kwylrhcq.php?Fox=d3wL7 HTTP/1.1" 404 6614 "www.google.com" "Mozilla/5.0 (Linux; Android 7.0; SM-G892A Bulid/NRD90M; wv) AppleWebKit/537.36 (KHTML, like Gecko) Version/4.0 Chrome/60.0.3112.107 Moblie Safari/537.36"
157.245.197.94 - - [30/Mar/2025:05:31:25 -0400] "GET / HTTP/1.1" 200 97678 "-" "Mozilla/5.0 (Windows NT 10.0; Win64; x64) AppleWebKit/537.36 (KHTML, like Gecko) Chrome/95.0.4638.69 Safari/537.36"
157.245.197.94 - - [30/Mar/2025:05:31:27 -0400] "GET /wp-includes/ID3/license.txt HTTP/1.1" 200 501 "-" "Mozilla/5.0 (Windows NT 10.0; Win64; x64) AppleWebKit/537.36 (KHTML, like Gecko) Chrome/95.0.4638.69 Safari/537.36"
198.54.114.83 - - [30/Mar/2025:05:31:31 -0400] "POST /wp-cron.php?doing_wp_cron=1743327090.9355340003967285156250 HTTP/1.1" 200 0 "-" "WordPress/6.7.2; https://baernblog.com"
157.245.197.94 - - [30/Mar/2025:05:31:27 -0400] "GET /feed/ HTTP/1.1" 200 11438 "-" "Mozilla/5.0 (Windows NT 10.0; Win64; x64) AppleWebKit/537.36 (KHTML, like Gecko) Chrome/95.0.4638.69 Safari/537.36"
157.245.197.94 - - [30/Mar/2025:05:31:32 -0400] "GET /?author=1 HTTP/1.1" 200 97678 "-" "Mozilla/5.0 (Windows NT 10.0; Win64; x64) AppleWebKit/537.36 (KHTML, like Gecko) Chrome/95.0.4638.69 Safari/537.36"
157.245.197.94 - - [30/Mar/2025:05:31:34 -0400] "GET /wp-json/wp/v2/users/ HTTP/1.1" 200 1325 "-" "Mozilla/5.0 (Windows NT 10.0; Win64; x64) AppleWebKit/537.36 (KHTML, like Gecko) Chrome/95.0.4638.69 Safari/537.36"
157.245.197.94 - - [30/Mar/2025:05:31:35 -0400] "POST /xmlrpc.php HTTP/1.1" 200 236 "-" "Mozilla/5.0 (Windows NT 10.0; Win64; x64) AppleWebKit/537.36 (KHTML, like Gecko) Chrome/95.0.4638.69 Safari/537.36"
157.245.197.94 - - [30/Mar/2025:05:31:36 -0400] "POST /xmlrpc.php HTTP/1.1" 200 236 "-" "Mozilla/5.0 (Windows NT 10.0; Win64; x64) AppleWebKit/537.36 (KHTML, like Gecko) Chrome/95.0.4638.69 Safari/537.36"
157.245.197.94 - - [30/Mar/2025:05:31:39 -0400] "POST /xmlrpc.php HTTP/1.1" 200 236 "-" "Mozilla/5.0 (Windows NT 10.0; Win64; x64) AppleWebKit/537.36 (KHTML, like Gecko) Chrome/95.0.4638.69 Safari/537.36"
198.54.114.83 - - [30/Mar/2025:05:32:31 -0400] "POST /wp-cron.php?doing_wp_cron=1743327151.2635679244995117187500 HTTP/1.1" 200 0 "-" "WordPress/6.7.2; https://baernblog.com"
157.245.197.94 - - [30/Mar/2025:05:31:43 -0400] "POST /xmlrpc.php HTTP/1.1" 200 236 "-" "Mozilla/5.0 (Windows NT 10.0; Win64; x64) AppleWebKit/537.36 (KHTML, like Gecko) Chrome/95.0.4638.69 Safari/537.36"
44.242.155.73 - - [30/Mar/2025:05:33:37 -0400] "GET / HTTP/1.1" 200 97678 "-" "Mozilla/4.0 (compatible; MSIE 6.0; Windows NT 5.1; FSL 7.0.6.01001)"
198.54.114.83 - - [30/Mar/2025:05:34:01 -0400] "POST /wp-cron.php?doing_wp_cron=1743327241.2050230503082275390625 HTTP/1.1" 200 0 "-" "WordPress/6.7.2; https://baernblog.com"
157.245.197.94 - - [30/Mar/2025:05:32:31 -0400] "POST /xmlrpc.php HTTP/1.1" 200 236 "-" "Mozilla/5.0 (Windows NT 10.0; Win64; x64) AppleWebKit/537.36 (KHTML, like Gecko) Chrome/95.0.4638.69 Safari/537.36"
157.245.197.94 - - [30/Mar/2025:05:34:01 -0400] "POST /xmlrpc.php HTTP/1.1" 200 0 "-" "Mozilla/5.0 (Windows NT 10.0; Win64; x64) AppleWebKit/537.36 (KHTML, like Gecko) Chrome/95.0.4638.69 Safari/537.36"
157.245.197.94 - - [30/Mar/2025:05:35:33 -0400] "POST /xmlrpc.php HTTP/1.1" 200 0 "-" "Mozilla/5.0 (Windows NT 10.0; Win64; x64) AppleWebKit/537.36 (KHTML, like Gecko) Chrome/95.0.4638.69 Safari/537.36"
198.54.114.83 - - [30/Mar/2025:05:37:05 -0400] "POST /wp-cron.php?doing_wp_cron=1743327424.8658308982849121093750 HTTP/1.1" 200 0 "-" "WordPress/6.7.2; https://baernblog.com"
144.172.96.147 - - [30/Mar/2025:05:56:10 -0400] "GET /.well-known/pki-validation/wp-login.php HTTP/1.1" 404 1251 "www.google.com" "Mozlila/5.0 (Linux; Android 7.0; SM-G892A Bulid/NRD90M; wv) AppleWebKit/537.36 (KHTML, like Gecko) Version/4.0 Chrome/60.0.3112.107 Moblie Safari/537.36"
65.21.113.202 - - [30/Mar/2025:06:07:21 -0400] "GET /robots.txt HTTP/1.1" 200 124 "-" "Mozilla/5.0 (compatible; AwarioBot/1.0; +https://awario.com/bots.html)"
65.21.113.202 - - [30/Mar/2025:06:07:22 -0400] "GET / HTTP/1.1" 200 97678 "-" "Mozilla/5.0 (compatible; AwarioBot/1.0; +https://awario.com/bots.html)"
91.84.110.151 - - [30/Mar/2025:06:22:14 -0400] "GET / HTTP/1.1" 200 97678 "-" "Mozilla/5.0 (Macintosh; Intel Mac OS X 10_15_7) AppleWebKit/537.36 (KHTML, like Gecko) Chrome/133.0.0.0 Safari/537.36"
123.207.198.35 - - [30/Mar/2025:06:28:54 -0400] "GET / HTTP/1.1" 200 97678 "-" "Mozilla/5.0 (Linux; Android 10; LIO-AN00 Build/HUAWEILIO-AN00; wv) MicroMessenger Weixin QQ AppleWebKit/537.36 (KHTML, like Gecko) Version/4.0 Chrome/78.0.3904.62 XWEB/2692 MMWEBSDK/200901 Mobile Safari/537.36"
123.207.198.35 - - [30/Mar/2025:06:33:42 -0400] "GET / HTTP/1.1" 200 97678 "-" "Mozilla/5.0 (Linux; Android 10; LIO-AN00 Build/HUAWEILIO-AN00; wv) MicroMessenger Weixin QQ AppleWebKit/537.36 (KHTML, like Gecko) Version/4.0 Chrome/78.0.3904.62 XWEB/2692 MMWEBSDK/200901 Mobile Safari/537.36"
91.84.110.151 - - [30/Mar/2025:06:34:14 -0400] "GET / HTTP/1.1" 200 97678 "-" "Mozilla/5.0 (Macintosh; Intel Mac OS X 10_15_7) AppleWebKit/537.36 (KHTML, like Gecko) Chrome/133.0.0.0 Safari/537.36"
216.244.66.198 - - [30/Mar/2025:06:40:14 -0400] "GET /robots.txt HTTP/1.1" 200 124 "-" "Mozilla/5.0 (compatible; DotBot/1.2; +https://opensiteexplorer.org/dotbot; help@moz.com)"
182.44.12.37 - - [30/Mar/2025:07:09:26 -0400] "GET / HTTP/1.1" 200 97678 "-" "Mozilla/5.0 (iPhone; CPU iPhone OS 13_2_3 like Mac OS X) AppleWebKit/605.1.15 (KHTML, like Gecko) Version/13.0.3 Mobile/15E148 Safari/604.1"
43.135.144.126 - - [30/Mar/2025:07:39:00 -0400] "GET / HTTP/1.1" 200 97678 "-" "Mozilla/5.0 (iPhone; CPU iPhone OS 13_2_3 like Mac OS X) AppleWebKit/605.1.15 (KHTML, like Gecko) Version/13.0.3 Mobile/15E148 Safari/604.1"
198.54.114.83 - - [30/Mar/2025:07:40:06 -0400] "POST /wp-cron.php?doing_wp_cron=1743334805.9142189025878906250000 HTTP/1.1" 200 0 "-" "WordPress/6.7.2; https://baernblog.com"
144.172.96.147 - - [30/Mar/2025:07:40:05 -0400] "GET /new-index.php HTTP/1.1" 404 6614 "-" "Mozilla/5.0 (Windows NT 10.0; Win64; x64) AppleWebKit/537.36 (KHTML, like Gecko) Chrome/85.0.4183.102 Safari/537.36"
144.172.96.147 - - [30/Mar/2025:07:40:06 -0400] "GET /1index.php HTTP/1.1" 404 6614 "-" "Mozilla/5.0 (Windows NT 10.0; Win64; x64) AppleWebKit/537.36 (KHTML, like Gecko) Chrome/85.0.4183.102 Safari/537.36"
144.172.96.147 - - [30/Mar/2025:07:40:07 -0400] "GET /2index.php HTTP/1.1" 404 6614 "-" "Mozilla/5.0 (Windows NT 10.0; Win64; x64) AppleWebKit/537.36 (KHTML, like Gecko) Chrome/85.0.4183.102 Safari/537.36"
144.172.96.147 - - [30/Mar/2025:07:40:07 -0400] "GET /sindex.php HTTP/1.1" 404 6614 "-" "Mozilla/5.0 (Windows NT 10.0; Win64; x64) AppleWebKit/537.36 (KHTML, like Gecko) Chrome/85.0.4183.102 Safari/537.36"
144.172.96.147 - - [30/Mar/2025:07:40:07 -0400] "GET /old-index.php HTTP/1.1" 404 6614 "-" "Mozilla/5.0 (Windows NT 10.0; Win64; x64) AppleWebKit/537.36 (KHTML, like Gecko) Chrome/85.0.4183.102 Safari/537.36"
144.172.96.147 - - [30/Mar/2025:07:40:08 -0400] "GET /baindex.php HTTP/1.1" 404 6614 "-" "Mozilla/5.0 (Windows NT 10.0; Win64; x64) AppleWebKit/537.36 (KHTML, like Gecko) Chrome/85.0.4183.102 Safari/537.36"
144.172.96.147 - - [30/Mar/2025:07:40:08 -0400] "GET /wikindex.php HTTP/1.1" 404 6614 "-" "Mozilla/5.0 (Windows NT 10.0; Win64; x64) AppleWebKit/537.36 (KHTML, like Gecko) Chrome/85.0.4183.102 Safari/537.36"
144.172.96.147 - - [30/Mar/2025:07:40:09 -0400] "GET /alfa.php HTTP/1.1" 404 6621 "-" "Mozilla/5.0 (Windows NT 10.0; Win64; x64) AppleWebKit/537.36 (KHTML, like Gecko) Chrome/85.0.4183.102 Safari/537.36"
144.172.96.147 - - [30/Mar/2025:07:40:09 -0400] "GET /shell.php HTTP/1.1" 404 6614 "-" "Mozilla/5.0 (Windows NT 10.0; Win64; x64) AppleWebKit/537.36 (KHTML, like Gecko) Chrome/85.0.4183.102 Safari/537.36"
144.172.96.147 - - [30/Mar/2025:07:40:09 -0400] "GET /wso.php HTTP/1.1" 404 6614 "-" "Mozilla/5.0 (Windows NT 10.0; Win64; x64) AppleWebKit/537.36 (KHTML, like Gecko) Chrome/85.0.4183.102 Safari/537.36"
144.172.96.147 - - [30/Mar/2025:07:40:10 -0400] "GET /ups.php HTTP/1.1" 404 6614 "-" "Mozilla/5.0 (Windows NT 10.0; Win64; x64) AppleWebKit/537.36 (KHTML, like Gecko) Chrome/85.0.4183.102 Safari/537.36"
144.172.96.147 - - [30/Mar/2025:07:40:10 -0400] "GET /indo.php HTTP/1.1" 404 6614 "-" "Mozilla/5.0 (Windows NT 10.0; Win64; x64) AppleWebKit/537.36 (KHTML, like Gecko) Chrome/85.0.4183.102 Safari/537.36"
144.172.96.147 - - [30/Mar/2025:07:40:10 -0400] "GET /indosec.php HTTP/1.1" 404 6615 "-" "Mozilla/5.0 (Windows NT 10.0; Win64; x64) AppleWebKit/537.36 (KHTML, like Gecko) Chrome/85.0.4183.102 Safari/537.36"
144.172.96.147 - - [30/Mar/2025:07:40:11 -0400] "GET /mini.php HTTP/1.1" 404 6615 "-" "Mozilla/5.0 (Windows NT 10.0; Win64; x64) AppleWebKit/537.36 (KHTML, like Gecko) Chrome/85.0.4183.102 Safari/537.36"
144.172.96.147 - - [30/Mar/2025:07:40:11 -0400] "GET /marijuana.php HTTP/1.1" 404 6615 "-" "Mozilla/5.0 (Windows NT 10.0; Win64; x64) AppleWebKit/537.36 (KHTML, like Gecko) Chrome/85.0.4183.102 Safari/537.36"
144.172.96.147 - - [30/Mar/2025:08:05:50 -0400] "GET /wp-content/themes/seotheme/db.php?u HTTP/1.1" 404 6615 "www.google.com" "Mozlila/5.0 (Linux; Android 7.0; SM-G892A Bulid/NRD90M; wv) AppleWebKit/537.36 (KHTML, like Gecko) Version/4.0 Chrome/60.0.3112.107 Moblie Safari/537.36"
95.209.133.141 - - [30/Mar/2025:08:08:52 -0400] "GET / HTTP/1.1" 200 97678 "-" "Timpibot/0.9 (+http://www.timpi.io)"
114.168.236.183 - - [30/Mar/2025:08:16:58 -0400] "POST /wp-login.php HTTP/1.1" 302 0 "-" "Mozilla/5.0 (Windows NT 10.0; Win64; x64; rv:95.0) Gecko/20100101 Firefox/95.0"
5.253.117.87 - - [30/Mar/2025:08:19:18 -0400] "GET /how-to-get-vyvanse-prescription-online/ HTTP/1.1" 200 12825 "-" "Mozilla/5.0 (X11; Linux x86_64) AppleWebKit/537.36 (KHTML, like Gecko) Chrome/114.0.0.0 Safari/537.36 Vivaldi/5.3.2679.68"
196.251.80.22 - - [30/Mar/2025:08:32:01 -0400] "GET /wp-content/themes/seotheme/db.php?u HTTP/1.1" 404 6615 "www.google.com" "Mozlila/5.0 (Linux; Android 7.0; SM-G892A Bulid/NRD90M; wv) AppleWebKit/537.36 (KHTML, like Gecko) Version/4.0 Chrome/60.0.3112.107 Moblie Safari/537.36"
196.251.80.22 - - [30/Mar/2025:08:32:01 -0400] "GET / HTTP/1.1" 200 97678 "-" "Mozlila/5.0 (Linux; Android 7.0; SM-G892A Bulid/NRD90M; wv) AppleWebKit/537.36 (KHTML, like Gecko) Version/4.0 Chrome/60.0.3112.107 Moblie Safari/537.36"
198.54.114.83 - - [30/Mar/2025:08:32:04 -0400] "POST /wp-cron.php?doing_wp_cron=1743337924.2528131008148193359375 HTTP/1.1" 200 0 "-" "WordPress/6.7.2; https://baernblog.com"
198.54.114.83 - - [30/Mar/2025:08:32:04 -0400] "POST /wp-cron.php?doing_wp_cron=1743337924.2521829605102539062500 HTTP/1.1" 200 0 "-" "WordPress/6.7.2; https://baernblog.com"
196.251.80.22 - - [30/Mar/2025:08:32:01 -0400] "POST /wp-plain.php HTTP/1.1" 404 6566 "www.google.com" "Mozilla/5.0 (Linux; Android 7.0; SM-G892A Bulid/NRD90M; wv) AppleWebKit/537.36 (KHTML, like Gecko) Version/4.0 Chrome/60.0.3112.107 Moblie Safari/537.36"
196.251.80.22 - - [30/Mar/2025:08:32:01 -0400] "GET /wp-content/plugins/fix/up.php HTTP/1.1" 404 6615 "-" "Mozilla/5.0 (Windows NT 10.0; Win64; x64) AppleWebKit/537.36 (KHTML, like Gecko) Chrome/85.0.4183.102 Safari/537.36"
196.251.80.22 - - [30/Mar/2025:08:32:01 -0400] "POST /ALFA_DATA/alfacgiapi/perl.alfa HTTP/1.1" 404 6566 "www.google.com" "Mozlila/5.0 (Linux; Android 7.0; SM-G892A Bulid/NRD90M; wv) AppleWebKit/537.36 (KHTML, like Gecko) Version/4.0 Chrome/60.0.3112.107 Moblie Safari/537.36"
196.251.80.22 - - [30/Mar/2025:08:32:05 -0400] "GET /jdiapljn.php?Fox=d3wL7 HTTP/1.1" 404 6615 "www.google.com" "Mozilla/5.0 (Linux; Android 7.0; SM-G892A Bulid/NRD90M; wv) AppleWebKit/537.36 (KHTML, like Gecko) Version/4.0 Chrome/60.0.3112.107 Moblie Safari/537.36"
196.251.80.22 - - [30/Mar/2025:08:32:05 -0400] "POST /alfacgiapi/perl.alfa HTTP/1.1" 404 6566 "www.google.com" "Mozlila/5.0 (Linux; Android 7.0; SM-G892A Bulid/NRD90M; wv) AppleWebKit/537.36 (KHTML, like Gecko) Version/4.0 Chrome/60.0.3112.107 Moblie Safari/537.36"
45.132.246.245 - - [30/Mar/2025:08:36:49 -0400] "GET / HTTP/1.1" 200 97678 "http://baernblog.com" "Mozilla/5.0 (Windows NT 10.0; Win64; x64) AppleWebKit/537.36 (KHTML, like Gecko) Chrome/83.0.4086.0 Safari/537.36"
216.244.66.198 - - [30/Mar/2025:09:45:47 -0400] "GET /robots.txt HTTP/1.1" 304 0 "-" "Mozilla/5.0 (compatible; DotBot/1.2; +https://opensiteexplorer.org/dotbot; help@moz.com)"
77.238.230.6 - - [30/Mar/2025:09:46:30 -0400] "GET / HTTP/1.1" 200 97678 "-" "Mozilla/5.0 (Macintosh; Intel Mac OS X 10_15_7) AppleWebKit/537.36 (KHTML, like Gecko) Chrome/133.0.0.0 Safari/537.36"
172.172.2.214 - - [30/Mar/2025:09:58:42 -0400] "HEAD /wordpress HTTP/1.1" 404 0 "-" "Mozilla/5.0 (Windows NT 10.0; Win64; x64) AppleWebKit/537.36 (KHTML, like Gecko) Chrome/74.0.3729.169 Safari/537.36"
172.172.2.214 - - [30/Mar/2025:09:58:42 -0400] "HEAD / HTTP/1.1" 200 0 "-" "Mozilla/5.0 (Windows NT 10.0; Win64; x64) AppleWebKit/537.36 (KHTML, like Gecko) Chrome/74.0.3729.169 Safari/537.36"
172.172.2.214 - - [30/Mar/2025:09:58:43 -0400] "HEAD /wp HTTP/1.1" 404 0 "-" "Mozilla/5.0 (Windows NT 10.0; Win64; x64) AppleWebKit/537.36 (KHTML, like Gecko) Chrome/74.0.3729.169 Safari/537.36"
172.172.2.214 - - [30/Mar/2025:09:58:43 -0400] "HEAD /bc HTTP/1.1" 404 0 "-" "Mozilla/5.0 (Windows NT 10.0; Win64; x64) AppleWebKit/537.36 (KHTML, like Gecko) Chrome/74.0.3729.169 Safari/537.36"
172.172.2.214 - - [30/Mar/2025:09:58:43 -0400] "HEAD /bk HTTP/1.1" 404 0 "-" "Mozilla/5.0 (Windows NT 10.0; Win64; x64) AppleWebKit/537.36 (KHTML, like Gecko) Chrome/74.0.3729.169 Safari/537.36"
172.172.2.214 - - [30/Mar/2025:09:58:43 -0400] "HEAD /backup HTTP/1.1" 404 0 "-" "Mozilla/5.0 (Windows NT 10.0; Win64; x64) AppleWebKit/537.36 (KHTML, like Gecko) Chrome/74.0.3729.169 Safari/537.36"
172.172.2.214 - - [30/Mar/2025:09:58:44 -0400] "HEAD /old HTTP/1.1" 404 0 "-" "Mozilla/5.0 (Windows NT 10.0; Win64; x64) AppleWebKit/537.36 (KHTML, like Gecko) Chrome/74.0.3729.169 Safari/537.36"
172.172.2.214 - - [30/Mar/2025:09:58:44 -0400] "HEAD /new HTTP/1.1" 301 0 "-" "Mozilla/5.0 (Windows NT 10.0; Win64; x64) AppleWebKit/537.36 (KHTML, like Gecko) Chrome/74.0.3729.169 Safari/537.36"
172.172.2.214 - - [30/Mar/2025:09:58:45 -0400] "HEAD /main HTTP/1.1" 404 0 "-" "Mozilla/5.0 (Windows NT 10.0; Win64; x64) AppleWebKit/537.36 (KHTML, like Gecko) Chrome/74.0.3729.169 Safari/537.36"
172.172.2.214 - - [30/Mar/2025:09:58:45 -0400] "HEAD /home HTTP/1.1" 301 0 "-" "Mozilla/5.0 (Windows NT 10.0; Win64; x64) AppleWebKit/537.36 (KHTML, like Gecko) Chrome/74.0.3729.169 Safari/537.36"
51.222.253.14 - - [30/Mar/2025:09:59:52 -0400] "GET /robots.txt HTTP/1.1" 200 124 "-" "Mozilla/5.0 (compatible; AhrefsBot/7.0; +http://ahrefs.com/robot/)"
110.172.98.2 - - [30/Mar/2025:10:04:01 -0400] "GET / HTTP/1.1" 200 97678 "-" "Mozilla/5.0 (Windows NT 10.0; Win64; x64) AppleWebKit/537.36 (KHTML, like Gecko) Chrome/79.0.3945.130 Safari/537.36"
198.54.114.83 - - [30/Mar/2025:10:09:04 -0400] "POST /wp-cron.php?doing_wp_cron=1743343743.8900980949401855468750 HTTP/1.1" 200 0 "-" "WordPress/6.7.2; https://baernblog.com"
139.99.68.31 - - [30/Mar/2025:10:09:03 -0400] "GET /wp-content/plugins/include.php HTTP/1.1" 404 6615 "-" "Go-http-client/1.1"
139.99.68.31 - - [30/Mar/2025:10:09:04 -0400] "GET /wp-2019.php HTTP/1.1" 404 6615 "-" "Go-http-client/1.1"
139.99.68.31 - - [30/Mar/2025:10:09:05 -0400] "GET /admin.php HTTP/1.1" 404 6615 "-" "Go-http-client/1.1"
139.99.68.31 - - [30/Mar/2025:10:09:05 -0400] "GET /about.php HTTP/1.1" 404 6615 "-" "Go-http-client/1.1"
139.99.68.31 - - [30/Mar/2025:10:09:06 -0400] "GET /users.php HTTP/1.1" 404 6615 "-" "Go-http-client/1.1"
139.99.68.31 - - [30/Mar/2025:10:09:06 -0400] "GET /wp-includes/pomo/about.php HTTP/1.1" 404 6615 "-" "Go-http-client/1.1"
139.99.68.31 - - [30/Mar/2025:10:09:07 -0400] "GET /install.php HTTP/1.1" 404 6615 "-" "Go-http-client/1.1"
139.99.68.31 - - [30/Mar/2025:10:09:07 -0400] "GET /wp-includes/certificates/wp.php HTTP/1.1" 404 6615 "-" "Go-http-client/1.1"
139.99.68.31 - - [30/Mar/2025:10:09:08 -0400] "GET /wp-content/plugins/wp-catcher/admin.php HTTP/1.1" 404 6615 "-" "Go-http-client/1.1"
139.99.68.31 - - [30/Mar/2025:10:09:08 -0400] "GET /wp-content/plugins/wp-catcher/cong.php HTTP/1.1" 404 6615 "-" "Go-http-client/1.1"
139.99.68.31 - - [30/Mar/2025:10:09:09 -0400] "GET /images/wp-login.php HTTP/1.1" 404 6614 "-" "Go-http-client/1.1"
139.99.68.31 - - [30/Mar/2025:10:09:10 -0400] "GET /wp-content/uploads/duck.php HTTP/1.1" 404 6615 "-" "Go-http-client/1.1"
139.99.68.31 - - [30/Mar/2025:10:09:10 -0400] "GET /wp-content/plugins/seoo/alfanew.php HTTP/1.1" 404 6615 "-" "Go-http-client/1.1"
139.99.68.31 - - [30/Mar/2025:10:09:11 -0400] "GET /wp-content/themes/pridmag/byp.php HTTP/1.1" 404 6615 "-" "Go-http-client/1.1"
139.99.68.31 - - [30/Mar/2025:10:09:12 -0400] "GET /cux.php HTTP/1.1" 404 6616 "-" "Go-http-client/1.1"
139.99.68.31 - - [30/Mar/2025:10:09:12 -0400] "GET /.tmb/file.php HTTP/1.1" 404 6616 "-" "Go-http-client/1.1"
139.99.68.31 - - [30/Mar/2025:10:09:13 -0400] "GET /wp-admin.php HTTP/1.1" 404 6615 "-" "Go-http-client/1.1"
139.99.68.31 - - [30/Mar/2025:10:09:13 -0400] "GET /wp-includes/Requests/network.php HTTP/1.1" 404 6615 "-" "Go-http-client/1.1"
139.99.68.31 - - [30/Mar/2025:10:09:13 -0400] "GET /.well-known/pki-validation/content.php HTTP/1.1" 404 1251 "-" "Go-http-client/1.1"
139.99.68.31 - - [30/Mar/2025:10:09:14 -0400] "GET /wp-content/themes.php HTTP/1.1" 404 6615 "-" "Go-http-client/1.1"
139.99.68.31 - - [30/Mar/2025:10:09:14 -0400] "GET /wp-content/wp-cron.php HTTP/1.1" 404 6615 "-" "Go-http-client/1.1"
139.99.68.31 - - [30/Mar/2025:10:09:14 -0400] "GET /wp-admin/maint/index.php HTTP/1.1" 301 0 "-" "Go-http-client/1.1"
139.99.68.31 - - [30/Mar/2025:10:09:15 -0400] "GET /wp-admin/maint/ HTTP/1.1" 200 773 "http://baernblog.com/wp-admin/maint/index.php" "Go-http-client/1.1"
139.99.68.31 - - [30/Mar/2025:10:09:15 -0400] "GET /.well-known/pki-validation/about_php1.php HTTP/1.1" 404 1251 "-" "Go-http-client/1.1"
139.99.68.31 - - [30/Mar/2025:10:09:15 -0400] "GET /gif.php HTTP/1.1" 404 6615 "-" "Go-http-client/1.1"
139.99.68.31 - - [30/Mar/2025:10:09:16 -0400] "GET /.well-known/pki-validation/file.php HTTP/1.1" 404 1251 "-" "Go-http-client/1.1"
139.99.68.31 - - [30/Mar/2025:10:09:16 -0400] "GET /.well-known/pki-validation/classwithtostring.php HTTP/1.1" 404 1251 "-" "Go-http-client/1.1"
139.99.68.31 - - [30/Mar/2025:10:09:16 -0400] "GET /.well-known/pki-validation/file.php HTTP/1.1" 404 1251 "-" "Go-http-client/1.1"
139.99.68.31 - - [30/Mar/2025:10:09:16 -0400] "GET /wp-includes/images/media/about.php HTTP/1.1" 404 6615 "-" "Go-http-client/1.1"
139.99.68.31 - - [30/Mar/2025:10:09:17 -0400] "GET /.well-known/pki-validation/worksec.php HTTP/1.1" 404 1251 "-" "Go-http-client/1.1"
139.99.68.31 - - [30/Mar/2025:10:09:17 -0400] "GET /wp-content/plugins/pwnd/autoload_classmap.php HTTP/1.1" 404 6615 "-" "Go-http-client/1.1"
