89.110.103.94 - - [05/Apr/2025:21:31:26 -0400] "GET / HTTP/1.1" 200 97678 "-" "Mozilla/5.0 (Macintosh; Intel Mac OS X 10_15_7) AppleWebKit/537.36 (KHTML, like Gecko) Chrome/133.0.0.0 Safari/537.36"
77.238.230.6 - - [05/Apr/2025:21:31:31 -0400] "GET / HTTP/1.1" 200 97678 "-" "Mozilla/5.0 (Macintosh; Intel Mac OS X 10_15_7) AppleWebKit/537.36 (KHTML, like Gecko) Chrome/133.0.0.0 Safari/537.36"
89.110.80.171 - - [05/Apr/2025:21:31:31 -0400] "GET / HTTP/1.1" 200 97678 "-" "Mozilla/5.0 (Macintosh; Intel Mac OS X 10_15_7) AppleWebKit/537.36 (KHTML, like Gecko) Chrome/133.0.0.0 Safari/537.36"
212.34.155.126 - - [05/Apr/2025:21:31:33 -0400] "GET / HTTP/1.1" 200 97678 "-" "Mozilla/5.0 (Macintosh; Intel Mac OS X 10_15_7) AppleWebKit/537.36 (KHTML, like Gecko) Chrome/133.0.0.0 Safari/537.36"
103.153.202.99 - - [05/Apr/2025:21:34:32 -0400] "GET / HTTP/1.1" 200 97678 "http://baernblog.com" "Mozilla/4.0 (compatible; MSIE 9.0; Windows NT 6.1)"
185.157.214.24 - - [05/Apr/2025:21:36:05 -0400] "GET / HTTP/1.1" 200 97678 "-" "Mozilla/5.0 (Macintosh; Intel Mac OS X 10_15_7) AppleWebKit/537.36 (KHTML, like Gecko) Chrome/133.0.0.0 Safari/537.36"
47.242.235.57 - - [05/Apr/2025:21:42:12 -0400] "GET /robots.txt HTTP/1.1" 304 0 "-" "Mozilla/5.0 (Windows NT 6.3; Win64; x64) AppleWebKit/537.36 (KHTML, like Gecko) Chrome/67.0.2004.156 Safari/537.36"
195.2.70.209 - - [05/Apr/2025:21:59:19 -0400] "GET / HTTP/1.1" 200 97678 "-" "Mozilla/5.0 (Macintosh; Intel Mac OS X 10_15_7) AppleWebKit/537.36 (KHTML, like Gecko) Chrome/133.0.0.0 Safari/537.36"
89.175.12.245 - - [05/Apr/2025:22:09:46 -0400] "GET /the-benefits-of-managed-investing/ HTTP/1.1" 200 12622 "http://baernblog.com/the-benefits-of-managed-investing/" "Mozilla/5.0 (Windows NT 10.0; Win64; x64) AppleWebKit/537.36 (KHTML, like Gecko) Chrome/131.0.0.0 Safari/537.36 Avast/131.0.0.0"
185.157.214.24 - - [05/Apr/2025:22:13:51 -0400] "GET / HTTP/1.1" 200 97678 "-" "Mozilla/5.0 (Macintosh; Intel Mac OS X 10_15_7) AppleWebKit/537.36 (KHTML, like Gecko) Chrome/133.0.0.0 Safari/537.36"
185.21.14.193 - - [05/Apr/2025:22:14:37 -0400] "GET / HTTP/1.1" 200 97678 "-" "Mozilla/5.0 (Macintosh; Intel Mac OS X 10_15_7) AppleWebKit/537.36 (KHTML, like Gecko) Chrome/133.0.0.0 Safari/537.36"
212.34.155.126 - - [05/Apr/2025:22:17:59 -0400] "GET / HTTP/1.1" 200 97678 "-" "Mozilla/5.0 (Macintosh; Intel Mac OS X 10_15_7) AppleWebKit/537.36 (KHTML, like Gecko) Chrome/133.0.0.0 Safari/537.36"
212.34.155.126 - - [05/Apr/2025:22:18:05 -0400] "GET / HTTP/1.1" 200 97678 "-" "Mozilla/5.0 (Macintosh; Intel Mac OS X 10_15_7) AppleWebKit/537.36 (KHTML, like Gecko) Chrome/133.0.0.0 Safari/537.36"
77.238.230.6 - - [05/Apr/2025:22:53:34 -0400] "GET / HTTP/1.1" 200 97678 "-" "Mozilla/5.0 (Macintosh; Intel Mac OS X 10_15_7) AppleWebKit/537.36 (KHTML, like Gecko) Chrome/133.0.0.0 Safari/537.36"
198.54.114.83 - - [05/Apr/2025:22:55:29 -0400] "POST /wp-cron.php?doing_wp_cron=1743908129.3031189441680908203125 HTTP/1.1" 200 0 "-" "WordPress/6.7.2; https://baernblog.com"
185.146.165.194 - - [05/Apr/2025:22:55:29 -0400] "GET /Web.zip HTTP/1.1" 404 6615 "-" "-"
185.146.165.194 - - [05/Apr/2025:22:55:29 -0400] "GET /Site.zip HTTP/1.1" 404 6615 "-" "-"
185.146.165.194 - - [05/Apr/2025:22:55:29 -0400] "GET /Public_html.zip HTTP/1.1" 404 6615 "-" "-"
31.11.36.167 - - [05/Apr/2025:22:55:31 -0400] "GET /www.baernblog.com.zip HTTP/1.1" 404 6615 "-" "-"
31.11.36.167 - - [05/Apr/2025:22:55:31 -0400] "GET /Baernblog.zip HTTP/1.1" 404 6615 "-" "-"
31.11.36.167 - - [05/Apr/2025:22:55:32 -0400] "GET /Baernblog.com.zip HTTP/1.1" 404 6616 "-" "-"
54.36.148.190 - - [05/Apr/2025:23:29:13 -0400] "GET /robots.txt HTTP/1.1" 200 124 "-" "Mozilla/5.0 (compatible; AhrefsBot/7.0; +http://ahrefs.com/robot/)"
88.80.26.4 - - [05/Apr/2025:23:31:33 -0400] "GET / HTTP/1.1" 200 97678 "http://baernblog.com" "Opera/9.80 (Windows NT 6.1; Win64; x64; Edition Yx) Presto/2.12.388 Version/12.14"
4.227.36.93 - - [05/Apr/2025:23:32:28 -0400] "GET /robots.txt HTTP/1.1" 304 0 "-" "Mozilla/5.0 AppleWebKit/537.36 (KHTML, like Gecko; compatible; GPTBot/1.2; +https://openai.com/gptbot)"
185.21.13.25 - - [05/Apr/2025:23:32:42 -0400] "GET / HTTP/1.1" 200 97678 "-" "Mozilla/5.0 (Macintosh; Intel Mac OS X 10_15_7) AppleWebKit/537.36 (KHTML, like Gecko) Chrome/133.0.0.0 Safari/537.36"
193.32.126.164 - - [05/Apr/2025:23:34:24 -0400] "GET /wp-login.php HTTP/1.1" 302 0 "-" "Mozilla/5.0 (Windows NT 10.0; Win64; x64; rv:97.0) Gecko/20100101 Firefox/97.0"
195.2.70.209 - - [05/Apr/2025:23:48:42 -0400] "GET / HTTP/1.1" 200 97678 "-" "Mozilla/5.0 (Macintosh; Intel Mac OS X 10_15_7) AppleWebKit/537.36 (KHTML, like Gecko) Chrome/133.0.0.0 Safari/537.36"
77.232.38.106 - - [05/Apr/2025:23:54:25 -0400] "GET /how-to-get-vyvanse-prescription-online/ HTTP/1.1" 200 12556 "-" "Mozilla/5.0 (Windows NT 10.0; WOW64) AppleWebKit/537.36 (KHTML, like Gecko) Chrome/114.0.0.0 YaBrowser/22.7.0 Yowser/2.5 Safari/537.36"
198.54.114.83 - - [05/Apr/2025:23:54:28 -0400] "POST /wp-cron.php?doing_wp_cron=1743911667.3334701061248779296875 HTTP/1.1" 200 0 "-" "WordPress/6.7.2; https://baernblog.com"
77.232.38.106 - - [05/Apr/2025:23:54:25 -0400] "POST /wp-comments-post.php HTTP/1.1" 302 0 "http://baernblog.com/how-to-get-vyvanse-prescription-online/" "Mozilla/5.0 (Windows NT 10.0; WOW64) AppleWebKit/537.36 (KHTML, like Gecko) Chrome/114.0.0.0 YaBrowser/22.7.0 Yowser/2.5 Safari/537.36"
77.232.38.106 - - [05/Apr/2025:23:54:34 -0400] "GET /how-to-get-vyvanse-prescription-online/ HTTP/1.1" 200 12556 "-" "Mozilla/5.0 (Windows NT 10.0; WOW64) AppleWebKit/537.36 (KHTML, like Gecko) Chrome/114.0.0.0 YaBrowser/22.7.0 Yowser/2.5 Safari/537.36"
77.232.38.106 - - [05/Apr/2025:23:55:15 -0400] "GET /how-to-get-vyvanse-prescription-online/ HTTP/1.1" 200 12556 "-" "Mozilla/5.0 (Macintosh; Intel Mac OS X 12_5) AppleWebKit/537.36 (KHTML, like Gecko) Chrome/114.0.0.0 Safari/537.36 OPR/89.0.4447.51"
185.21.14.193 - - [05/Apr/2025:23:55:57 -0400] "GET / HTTP/1.1" 200 97678 "-" "Mozilla/5.0 (Macintosh; Intel Mac OS X 10_15_7) AppleWebKit/537.36 (KHTML, like Gecko) Chrome/133.0.0.0 Safari/537.36"
54.36.149.96 - - [06/Apr/2025:00:04:53 -0400] "GET / HTTP/1.1" 304 0 "-" "Mozilla/5.0 (compatible; AhrefsBot/7.0; +http://ahrefs.com/robot/)"
185.174.156.124 - - [06/Apr/2025:00:13:40 -0400] "GET /the-benefits-of-managed-investing/ HTTP/1.1" 200 12622 "http://baernblog.com/the-benefits-of-managed-investing/" "Mozilla/5.0 (Windows NT 10.0; Win64; x64) AppleWebKit/537.36 (KHTML, like Gecko) Chrome/130.0.0.0 Safari/537.36"
185.174.156.124 - - [06/Apr/2025:00:13:41 -0400] "POST /wp-comments-post.php HTTP/1.1" 302 0 "http://baernblog.com/the-benefits-of-managed-investing/" "Mozilla/5.0 (Windows NT 10.0; Win64; x64) AppleWebKit/537.36 (KHTML, like Gecko) Chrome/130.0.0.0 Safari/537.36"
185.174.156.124 - - [06/Apr/2025:00:19:58 -0400] "GET /the-benefits-of-managed-investing/ HTTP/1.1" 200 12622 "http://baernblog.com/the-benefits-of-managed-investing/" "Mozilla/5.0 (Windows NT 10.0; Win64; x64) AppleWebKit/537.36 (KHTML, like Gecko) Chrome/131.0.0.0 Safari/537.36 Avast/131.0.0.0"
198.54.114.83 - - [06/Apr/2025:00:20:01 -0400] "POST /wp-cron.php?doing_wp_cron=1743913200.6648149490356445312500 HTTP/1.1" 200 0 "-" "WordPress/6.7.2; https://baernblog.com"
185.174.156.124 - - [06/Apr/2025:00:19:59 -0400] "POST /wp-comments-post.php HTTP/1.1" 302 0 "http://baernblog.com/the-benefits-of-managed-investing/" "Mozilla/5.0 (Windows NT 10.0; Win64; x64) AppleWebKit/537.36 (KHTML, like Gecko) Chrome/131.0.0.0 Safari/537.36 Avast/131.0.0.0"
77.238.230.6 - - [06/Apr/2025:00:27:02 -0400] "GET / HTTP/1.1" 200 97678 "-" "Mozilla/5.0 (Macintosh; Intel Mac OS X 10_15_7) AppleWebKit/537.36 (KHTML, like Gecko) Chrome/133.0.0.0 Safari/537.36"
46.148.206.226 - - [06/Apr/2025:00:28:40 -0400] "GET /the-benefits-of-managed-investing/ HTTP/1.1" 200 12622 "http://baernblog.com/the-benefits-of-managed-investing/" "Mozilla/5.0 (Windows NT 10.0; Win64; x64) AppleWebKit/537.36 (KHTML, like Gecko) Chrome/130.0.0.0 Safari/537.36 CCleaner/130.0.0.0"
46.148.206.226 - - [06/Apr/2025:00:28:42 -0400] "GET /the-benefits-of-managed-investing/ HTTP/1.1" 200 12622 "http://baernblog.com/the-benefits-of-managed-investing/" "Mozilla/5.0 (Windows NT 10.0; Win64; x64) AppleWebKit/537.36 (KHTML, like Gecko) Chrome/130.0.0.0 Safari/537.36 CCleaner/130.0.0.0"
89.110.80.171 - - [06/Apr/2025:00:29:14 -0400] "GET / HTTP/1.1" 200 97678 "-" "Mozilla/5.0 (Macintosh; Intel Mac OS X 10_15_7) AppleWebKit/537.36 (KHTML, like Gecko) Chrome/133.0.0.0 Safari/537.36"
196.251.69.33 - - [06/Apr/2025:00:39:13 -0400] "GET / HTTP/1.1" 200 97678 "-" "-"
18.216.177.48 - - [06/Apr/2025:00:44:26 -0400] "GET /adminfuns.php HTTP/1.1" 404 6615 "www.google.com" "Mozlila/5.0 (Linux; Android 7.0; SM-G892A Bulid/NRD90M; wv) AppleWebKit/537.36 (KHTML, like Gecko) Version/4.0 Chrome/60.0.3112.107 Moblie Safari/537.36"
18.216.177.48 - - [06/Apr/2025:00:44:29 -0400] "GET /thoms.php HTTP/1.1" 404 6615 "www.google.com" "Mozlila/5.0 (Linux; Android 7.0; SM-G892A Bulid/NRD90M; wv) AppleWebKit/537.36 (KHTML, like Gecko) Version/4.0 Chrome/60.0.3112.107 Moblie Safari/537.36"
18.216.177.48 - - [06/Apr/2025:00:44:34 -0400] "GET /termps.php HTTP/1.1" 404 6615 "www.google.com" "Mozlila/5.0 (Linux; Android 7.0; SM-G892A Bulid/NRD90M; wv) AppleWebKit/537.36 (KHTML, like Gecko) Version/4.0 Chrome/60.0.3112.107 Moblie Safari/537.36"
89.110.80.171 - - [06/Apr/2025:00:59:49 -0400] "GET / HTTP/1.1" 200 97678 "-" "Mozilla/5.0 (Macintosh; Intel Mac OS X 10_15_7) AppleWebKit/537.36 (KHTML, like Gecko) Chrome/133.0.0.0 Safari/537.36"
212.34.155.126 - - [06/Apr/2025:01:10:55 -0400] "GET / HTTP/1.1" 200 97678 "-" "Mozilla/5.0 (Macintosh; Intel Mac OS X 10_15_7) AppleWebKit/537.36 (KHTML, like Gecko) Chrome/133.0.0.0 Safari/537.36"
198.54.114.83 - - [06/Apr/2025:01:32:01 -0400] "POST /wp-cron.php?doing_wp_cron=1743917521.3481121063232421875000 HTTP/1.1" 200 0 "-" "WordPress/6.7.2; https://baernblog.com"
193.32.126.164 - - [06/Apr/2025:01:32:00 -0400] "POST /wp-login.php HTTP/1.1" 302 0 "http://baernblog.com/wp-admin/" "Mozilla/5.0 (Windows NT 10.0; Win64; x64) AppleWebKit/537.36 (KHTML, like Gecko) Chrome/90.0.4430.85 Safari/537.36"
198.54.114.83 - - [06/Apr/2025:01:35:52 -0400] "POST /wp-cron.php?doing_wp_cron=1743917751.8773219585418701171875 HTTP/1.1" 200 0 "-" "WordPress/6.7.2; https://baernblog.com"
89.21.85.27 - - [06/Apr/2025:01:35:51 -0400] "GET /wp-content/uploads/2017-------/09/wp-console.php HTTP/1.1" 404 6616 "-" "Mozilla/5.0 (Linux; Android 11; M2010J19SI) AppleWebKit/537.36 (KHTML, like Gecko) Chrome/109.0.0.0 Mobile Safari/537.36"
89.21.85.27 - - [06/Apr/2025:01:35:52 -0400] "GET /wp-includes/js/crop/uword.php HTTP/1.1" 404 6615 "-" "Mozilla/5.0 (Linux; Android 11; M2010J19SI) AppleWebKit/537.36 (KHTML, like Gecko) Chrome/109.0.0.0 Mobile Safari/537.36"
89.21.85.27 - - [06/Apr/2025:01:35:54 -0400] "GET /wp-content/themes/bltm/wp-login.php HTTP/1.1" 404 6615 "-" "Mozilla/5.0 (Linux; Android 11; M2010J19SI) AppleWebKit/537.36 (KHTML, like Gecko) Chrome/109.0.0.0 Mobile Safari/537.36"
89.21.85.27 - - [06/Apr/2025:01:35:56 -0400] "GET /autoload_classmap.php HTTP/1.1" 404 6615 "-" "Mozilla/5.0 (Linux; Android 11; M2010J19SI) AppleWebKit/537.36 (KHTML, like Gecko) Chrome/109.0.0.0 Mobile Safari/537.36"
89.21.85.27 - - [06/Apr/2025:01:35:58 -0400] "GET /wp-content/uploads/2014/07/olx.php HTTP/1.1" 404 6615 "-" "Mozilla/5.0 (Linux; Android 11; M2010J19SI) AppleWebKit/537.36 (KHTML, like Gecko) Chrome/109.0.0.0 Mobile Safari/537.36"
89.21.85.27 - - [06/Apr/2025:01:36:00 -0400] "GET /wp-admin/css/colors/midnight/index.php HTTP/1.1" 301 0 "-" "Mozilla/5.0 (Linux; Android 11; M2010J19SI) AppleWebKit/537.36 (KHTML, like Gecko) Chrome/109.0.0.0 Mobile Safari/537.36"
89.21.85.27 - - [06/Apr/2025:01:36:01 -0400] "GET /wp-admin/css/colors/midnight/ HTTP/1.1" 200 910 "-" "Mozilla/5.0 (Linux; Android 11; M2010J19SI) AppleWebKit/537.36 (KHTML, like Gecko) Chrome/109.0.0.0 Mobile Safari/537.36"
89.21.85.27 - - [06/Apr/2025:01:36:02 -0400] "GET /wp-content/uploads/2020/wp-couldent.php.suspected HTTP/1.1" 404 6615 "-" "Mozilla/5.0 (Linux; Android 11; M2010J19SI) AppleWebKit/537.36 (KHTML, like Gecko) Chrome/109.0.0.0 Mobile Safari/537.36"
89.21.85.27 - - [06/Apr/2025:01:36:04 -0400] "GET /wp-content/plugins/523453244/ninja.php HTTP/1.1" 404 6615 "-" "Mozilla/5.0 (Linux; Android 11; M2010J19SI) AppleWebKit/537.36 (KHTML, like Gecko) Chrome/109.0.0.0 Mobile Safari/537.36"
89.21.85.27 - - [06/Apr/2025:01:36:06 -0400] "GET /wp-includes/js/imgareaselect/index.php HTTP/1.1" 301 0 "-" "Mozilla/5.0 (Linux; Android 11; M2010J19SI) AppleWebKit/537.36 (KHTML, like Gecko) Chrome/109.0.0.0 Mobile Safari/537.36"
89.21.85.27 - - [06/Apr/2025:01:36:08 -0400] "GET /wp-includes/js/imgareaselect/ HTTP/1.1" 200 961 "-" "Mozilla/5.0 (Linux; Android 11; M2010J19SI) AppleWebKit/537.36 (KHTML, like Gecko) Chrome/109.0.0.0 Mobile Safari/537.36"
89.21.85.27 - - [06/Apr/2025:01:36:09 -0400] "GET /wp-includes/PHPMailer/load.php HTTP/1.1" 404 6615 "-" "Mozilla/5.0 (Linux; Android 11; M2010J19SI) AppleWebKit/537.36 (KHTML, like Gecko) Chrome/109.0.0.0 Mobile Safari/537.36"
89.21.85.27 - - [06/Apr/2025:01:36:14 -0400] "GET /wp-links.php HTTP/1.1" 404 6615 "-" "Mozilla/5.0 (Linux; Android 11; M2010J19SI) AppleWebKit/537.36 (KHTML, like Gecko) Chrome/109.0.0.0 Mobile Safari/537.36"
89.21.85.27 - - [06/Apr/2025:01:36:16 -0400] "GET /wp-aa.php HTTP/1.1" 404 6615 "-" "Mozilla/5.0 (Linux; Android 11; M2010J19SI) AppleWebKit/537.36 (KHTML, like Gecko) Chrome/109.0.0.0 Mobile Safari/537.36"
89.21.85.27 - - [06/Apr/2025:01:36:18 -0400] "GET /wp-content/themes/travelscape/json.php HTTP/1.1" 404 6615 "-" "Mozilla/5.0 (Linux; Android 11; M2010J19SI) AppleWebKit/537.36 (KHTML, like Gecko) Chrome/109.0.0.0 Mobile Safari/537.36"
89.21.85.27 - - [06/Apr/2025:01:36:20 -0400] "GET /wp-content/themes/travel/issue.php HTTP/1.1" 404 6615 "-" "Mozilla/5.0 (Linux; Android 11; M2010J19SI) AppleWebKit/537.36 (KHTML, like Gecko) Chrome/109.0.0.0 Mobile Safari/537.36"
89.21.85.27 - - [06/Apr/2025:01:36:23 -0400] "GET /about.php HTTP/1.1" 404 6615 "-" "Mozilla/5.0 (Linux; Android 11; M2010J19SI) AppleWebKit/537.36 (KHTML, like Gecko) Chrome/109.0.0.0 Mobile Safari/537.36"
89.21.85.27 - - [06/Apr/2025:01:36:24 -0400] "GET /xx.php HTTP/1.1" 404 6615 "-" "Mozilla/5.0 (Linux; Android 11; M2010J19SI) AppleWebKit/537.36 (KHTML, like Gecko) Chrome/109.0.0.0 Mobile Safari/537.36"
89.21.85.27 - - [06/Apr/2025:01:36:26 -0400] "GET /wp-content/themes/digital-download/new.php HTTP/1.1" 404 6615 "-" "Mozilla/5.0 (Linux; Android 11; M2010J19SI) AppleWebKit/537.36 (KHTML, like Gecko) Chrome/109.0.0.0 Mobile Safari/537.36"
89.21.85.27 - - [06/Apr/2025:01:36:28 -0400] "GET /epinyins.php HTTP/1.1" 404 6615 "-" "Mozilla/5.0 (Linux; Android 11; M2010J19SI) AppleWebKit/537.36 (KHTML, like Gecko) Chrome/109.0.0.0 Mobile Safari/537.36"
89.21.85.27 - - [06/Apr/2025:01:36:30 -0400] "GET /wp-admin/dropdown.php HTTP/1.1" 404 6615 "-" "Mozilla/5.0 (Linux; Android 11; M2010J19SI) AppleWebKit/537.36 (KHTML, like Gecko) Chrome/109.0.0.0 Mobile Safari/537.36"
89.21.85.27 - - [06/Apr/2025:01:36:31 -0400] "GET /dropdown.php HTTP/1.1" 404 6616 "-" "Mozilla/5.0 (Linux; Android 11; M2010J19SI) AppleWebKit/537.36 (KHTML, like Gecko) Chrome/109.0.0.0 Mobile Safari/537.36"
89.21.85.27 - - [06/Apr/2025:01:36:33 -0400] "GET /wp-admin/css/index.php HTTP/1.1" 301 0 "-" "Mozilla/5.0 (Linux; Android 11; M2010J19SI) AppleWebKit/537.36 (KHTML, like Gecko) Chrome/109.0.0.0 Mobile Safari/537.36"
89.21.85.27 - - [06/Apr/2025:01:36:34 -0400] "GET /wp-admin/css/ HTTP/1.1" 200 3898 "-" "Mozilla/5.0 (Linux; Android 11; M2010J19SI) AppleWebKit/537.36 (KHTML, like Gecko) Chrome/109.0.0.0 Mobile Safari/537.36"
89.21.85.27 - - [06/Apr/2025:01:36:35 -0400] "GET /wp-content/mah.php HTTP/1.1" 404 6615 "-" "Mozilla/5.0 (Linux; Android 11; M2010J19SI) AppleWebKit/537.36 (KHTML, like Gecko) Chrome/109.0.0.0 Mobile Safari/537.36"
198.54.114.83 - - [06/Apr/2025:01:36:38 -0400] "POST /wp-cron.php?doing_wp_cron=1743917798.3683619499206542968750 HTTP/1.1" 200 0 "-" "WordPress/6.7.2; https://baernblog.com"
89.21.85.27 - - [06/Apr/2025:01:36:37 -0400] "GET /wp-content/item.php HTTP/1.1" 404 6615 "-" "Mozilla/5.0 (Linux; Android 11; M2010J19SI) AppleWebKit/537.36 (KHTML, like Gecko) Chrome/109.0.0.0 Mobile Safari/537.36"
89.21.85.27 - - [06/Apr/2025:01:36:40 -0400] "GET /wp-content/plugins/shell/about.php HTTP/1.1" 404 6615 "-" "Mozilla/5.0 (Linux; Android 11; M2010J19SI) AppleWebKit/537.36 (KHTML, like Gecko) Chrome/109.0.0.0 Mobile Safari/537.36"
89.21.85.27 - - [06/Apr/2025:01:36:42 -0400] "GET /wp-content/plugins/pwnd/pwnd.php HTTP/1.1" 404 6615 "-" "Mozilla/5.0 (Linux; Android 11; M2010J19SI) AppleWebKit/537.36 (KHTML, like Gecko) Chrome/109.0.0.0 Mobile Safari/537.36"
89.21.85.27 - - [06/Apr/2025:01:36:44 -0400] "GET /wp-content/plugins/fix/up.php HTTP/1.1" 404 6615 "-" "Mozilla/5.0 (Linux; Android 11; M2010J19SI) AppleWebKit/537.36 (KHTML, like Gecko) Chrome/109.0.0.0 Mobile Safari/537.36"
89.21.85.27 - - [06/Apr/2025:01:36:46 -0400] "GET /wp-content/plugins/ph-file-manager/wp-file.php HTTP/1.1" 404 6615 "-" "Mozilla/5.0 (Linux; Android 11; M2010J19SI) AppleWebKit/537.36 (KHTML, like Gecko) Chrome/109.0.0.0 Mobile Safari/537.36"
89.21.85.27 - - [06/Apr/2025:01:36:48 -0400] "GET /wp-content/plugins/root-file-manager/wp-file.php HTTP/1.1" 404 6615 "-" "Mozilla/5.0 (Linux; Android 11; M2010J19SI) AppleWebKit/537.36 (KHTML, like Gecko) Chrome/109.0.0.0 Mobile Safari/537.36"
198.54.114.83 - - [06/Apr/2025:01:36:51 -0400] "POST /wp-cron.php?doing_wp_cron=1743917811.1662380695343017578125 HTTP/1.1" 200 0 "-" "WordPress/6.7.2; https://baernblog.com"
89.21.85.27 - - [06/Apr/2025:01:36:50 -0400] "GET /wp-content/plugins/wp-help/mini.php HTTP/1.1" 404 6615 "-" "Mozilla/5.0 (Linux; Android 11; M2010J19SI) AppleWebKit/537.36 (KHTML, like Gecko) Chrome/109.0.0.0 Mobile Safari/537.36"
89.21.85.27 - - [06/Apr/2025:01:36:52 -0400] "GET /wp-content/themes/travel/issue.php HTTP/1.1" 404 6615 "-" "Mozilla/5.0 (Linux; Android 11; M2010J19SI) AppleWebKit/537.36 (KHTML, like Gecko) Chrome/109.0.0.0 Mobile Safari/537.36"
89.21.85.27 - - [06/Apr/2025:01:36:54 -0400] "GET /wp-content/themes/jaida/lang.php HTTP/1.1" 404 6615 "-" "Mozilla/5.0 (Linux; Android 11; M2010J19SI) AppleWebKit/537.36 (KHTML, like Gecko) Chrome/109.0.0.0 Mobile Safari/537.36"
89.21.85.27 - - [06/Apr/2025:01:36:56 -0400] "GET /wp-l0gin.php HTTP/1.1" 404 6615 "-" "Mozilla/5.0 (Linux; Android 11; M2010J19SI) AppleWebKit/537.36 (KHTML, like Gecko) Chrome/109.0.0.0 Mobile Safari/537.36"
89.21.85.27 - - [06/Apr/2025:01:36:57 -0400] "GET /ext.php HTTP/1.1" 404 6615 "-" "Mozilla/5.0 (Linux; Android 11; M2010J19SI) AppleWebKit/537.36 (KHTML, like Gecko) Chrome/109.0.0.0 Mobile Safari/537.36"
89.21.85.27 - - [06/Apr/2025:01:36:59 -0400] "GET /wp-l0gin.php HTTP/1.1" 404 6615 "-" "Mozilla/5.0 (Linux; Android 11; M2010J19SI) AppleWebKit/537.36 (KHTML, like Gecko) Chrome/109.0.0.0 Mobile Safari/537.36"
104.28.202.178 - - [06/Apr/2025:01:46:09 -0400] "POST /wp-login.php HTTP/1.1" 302 0 "http://baernblog.com/wp-admin/" "Mozilla/5.0 (Windows NT 10.0; Win64; x64) AppleWebKit/537.36 (KHTML, like Gecko) Chrome/90.0.4430.85 Safari/537.36"
103.153.202.102 - - [06/Apr/2025:02:03:18 -0400] "GET / HTTP/1.1" 200 97678 "http://baernblog.com" "Mozilla/4.0 (compatible; MSIE 9.0; Windows NT 6.1)"
216.244.66.198 - - [06/Apr/2025:02:07:42 -0400] "GET /robots.txt HTTP/1.1" 200 124 "-" "Mozilla/5.0 (compatible; DotBot/1.2; +https://opensiteexplorer.org/dotbot; help@moz.com)"
103.153.202.98 - - [06/Apr/2025:02:25:08 -0400] "GET / HTTP/1.1" 200 97678 "http://baernblog.com" "Mozilla/4.0 (compatible; MSIE 9.0; Windows NT 6.1)"
185.245.104.75 - - [06/Apr/2025:02:35:13 -0400] "GET / HTTP/1.1" 200 97678 "-" "Mozilla/5.0 (Macintosh; Intel Mac OS X 10_15_7) AppleWebKit/537.36 (KHTML, like Gecko) Chrome/133.0.0.0 Safari/537.36"
77.238.225.146 - - [06/Apr/2025:02:38:24 -0400] "GET / HTTP/1.1" 200 97678 "-" "Mozilla/5.0 (Macintosh; Intel Mac OS X 10_15_7) AppleWebKit/537.36 (KHTML, like Gecko) Chrome/133.0.0.0 Safari/537.36"
125.94.144.102 - - [06/Apr/2025:02:49:14 -0400] "GET / HTTP/1.1" 200 97678 "-" "Mozilla/5.0 (iPhone; CPU iPhone OS 13_2_3 like Mac OS X) AppleWebKit/605.1.15 (KHTML, like Gecko) Version/13.0.3 Mobile/15E148 Safari/604.1"
77.238.225.146 - - [06/Apr/2025:02:49:58 -0400] "GET / HTTP/1.1" 200 97678 "-" "Mozilla/5.0 (Macintosh; Intel Mac OS X 10_15_7) AppleWebKit/537.36 (KHTML, like Gecko) Chrome/133.0.0.0 Safari/537.36"
216.244.66.198 - - [06/Apr/2025:02:54:46 -0400] "GET /robots.txt HTTP/1.1" 304 0 "-" "Mozilla/5.0 (compatible; DotBot/1.2; +https://opensiteexplorer.org/dotbot; help@moz.com)"
103.153.202.102 - - [06/Apr/2025:03:03:28 -0400] "GET / HTTP/1.1" 200 97678 "http://baernblog.com" "Mozilla/4.0 (compatible; MSIE 9.0; Windows NT 6.1)"
212.34.155.126 - - [06/Apr/2025:03:11:05 -0400] "GET / HTTP/1.1" 200 97678 "-" "Mozilla/5.0 (Macintosh; Intel Mac OS X 10_15_7) AppleWebKit/537.36 (KHTML, like Gecko) Chrome/133.0.0.0 Safari/537.36"
82.102.18.180 - - [06/Apr/2025:03:14:36 -0400] "GET / HTTP/1.1" 200 97678 "-" "Mozilla/5.0 (Windows NT 10.0; Win64; x64) AppleWebKit/537.36 (KHTML, like Gecko) Chrome/78.0.3904.108 Safari/537.36"
82.102.18.180 - - [06/Apr/2025:03:14:37 -0400] "GET / HTTP/1.1" 200 97678 "-" "Mozilla/5.0 (Windows NT 10.0; Win64; x64) AppleWebKit/537.36 (KHTML, like Gecko) Chrome/78.0.3904.108 Safari/537.36"
198.54.114.83 - - [06/Apr/2025:03:14:39 -0400] "POST /wp-cron.php?doing_wp_cron=1743923678.7243371009826660156250 HTTP/1.1" 200 0 "-" "WordPress/6.7.2; https://baernblog.com"
82.102.18.180 - - [06/Apr/2025:03:14:38 -0400] "GET /wp-includes/wlwmanifest.xml HTTP/1.1" 404 6615 "-" "Mozilla/5.0 (Windows NT 10.0; Win64; x64) AppleWebKit/537.36 (KHTML, like Gecko) Chrome/78.0.3904.108 Safari/537.36"
82.102.18.180 - - [06/Apr/2025:03:14:40 -0400] "GET /?author=1 HTTP/1.1" 200 97678 "-" "Mozilla/5.0 (Windows NT 10.0; Win64; x64) AppleWebKit/537.36 (KHTML, like Gecko) Chrome/78.0.3904.108 Safari/537.36"
82.102.18.180 - - [06/Apr/2025:03:14:41 -0400] "GET /?author=2 HTTP/1.1" 200 97678 "-" "Mozilla/5.0 (Windows NT 10.0; Win64; x64) AppleWebKit/537.36 (KHTML, like Gecko) Chrome/78.0.3904.108 Safari/537.36"
82.102.18.180 - - [06/Apr/2025:03:14:41 -0400] "GET /wp-json/wp/v2/users/ HTTP/1.1" 200 1325 "-" "Mozilla/5.0 (Windows NT 10.0; Win64; x64) AppleWebKit/537.36 (KHTML, like Gecko) Chrome/78.0.3904.108 Safari/537.36"
82.102.18.180 - - [06/Apr/2025:03:14:42 -0400] "POST /xmlrpc.php HTTP/1.1" 200 236 "-" "Mozilla/5.0 (Windows NT 10.0; Win64; x64) AppleWebKit/537.36 (KHTML, like Gecko) Chrome/78.0.3904.108 Safari/537.36"
82.102.18.180 - - [06/Apr/2025:03:14:42 -0400] "POST /xmlrpc.php HTTP/1.1" 200 236 "-" "Mozilla/5.0 (Windows NT 10.0; Win64; x64) AppleWebKit/537.36 (KHTML, like Gecko) Chrome/78.0.3904.108 Safari/537.36"
82.102.18.180 - - [06/Apr/2025:03:14:43 -0400] "POST /xmlrpc.php HTTP/1.1" 200 236 "-" "Mozilla/5.0 (Windows NT 10.0; Win64; x64) AppleWebKit/537.36 (KHTML, like Gecko) Chrome/78.0.3904.108 Safari/537.36"
82.102.18.180 - - [06/Apr/2025:03:14:44 -0400] "POST /xmlrpc.php HTTP/1.1" 200 236 "-" "Mozilla/5.0 (Windows NT 10.0; Win64; x64) AppleWebKit/537.36 (KHTML, like Gecko) Chrome/78.0.3904.108 Safari/537.36"
82.102.18.180 - - [06/Apr/2025:03:14:44 -0400] "POST /xmlrpc.php HTTP/1.1" 200 236 "-" "Mozilla/5.0 (Windows NT 10.0; Win64; x64) AppleWebKit/537.36 (KHTML, like Gecko) Chrome/78.0.3904.108 Safari/537.36"
82.102.18.180 - - [06/Apr/2025:03:14:45 -0400] "POST /xmlrpc.php HTTP/1.1" 200 236 "-" "Mozilla/5.0 (Windows NT 10.0; Win64; x64) AppleWebKit/537.36 (KHTML, like Gecko) Chrome/78.0.3904.108 Safari/537.36"
195.2.70.209 - - [06/Apr/2025:03:18:25 -0400] "GET / HTTP/1.1" 200 97678 "-" "Mozilla/5.0 (Macintosh; Intel Mac OS X 10_15_7) AppleWebKit/537.36 (KHTML, like Gecko) Chrome/133.0.0.0 Safari/537.36"
185.174.156.124 - - [06/Apr/2025:03:20:11 -0400] "GET /the-benefits-of-managed-investing/ HTTP/1.1" 200 12622 "http://baernblog.com/the-benefits-of-managed-investing/" "Mozilla/5.0 (Windows NT 10.0; Win64; x64) AppleWebKit/537.36 (KHTML, like Gecko) Chrome/129.0.0.0 Safari/537.36"
185.174.156.124 - - [06/Apr/2025:03:20:12 -0400] "POST /wp-comments-post.php HTTP/1.1" 302 0 "http://baernblog.com/the-benefits-of-managed-investing/" "Mozilla/5.0 (Windows NT 10.0; Win64; x64) AppleWebKit/537.36 (KHTML, like Gecko) Chrome/129.0.0.0 Safari/537.36"
77.238.225.146 - - [06/Apr/2025:03:24:29 -0400] "GET / HTTP/1.1" 200 97678 "-" "Mozilla/5.0 (Macintosh; Intel Mac OS X 10_15_7) AppleWebKit/537.36 (KHTML, like Gecko) Chrome/133.0.0.0 Safari/537.36"
138.68.140.208 - - [06/Apr/2025:03:29:29 -0400] "GET / HTTP/1.1" 200 97678 "-" "Mozilla/5.0 (compatible)"
198.54.114.83 - - [06/Apr/2025:03:58:15 -0400] "POST /wp-cron.php?doing_wp_cron=1743926294.5559220314025878906250 HTTP/1.1" 200 0 "-" "WordPress/6.7.2; https://baernblog.com"
45.148.10.174 - - [06/Apr/2025:03:58:14 -0400] "GET /lzdmod/site-nav-pc/5.2.38/assets/cart/index.js HTTP/1.1" 404 6615 "-" "Mozilla/5.0 (Macintosh; Intel Mac OS X 10_15_7) AppleWebKit/537.36 Chrome/120.0.0.0"
121.62.29.157 - - [06/Apr/2025:04:05:22 -0400] "GET / HTTP/1.1" 200 97678 "http://baernblog.com/" "Mozilla/4.0 (compatible; MSIE 9.0; Windows NT 6.1)"
45.8.19.245 - - [06/Apr/2025:04:18:22 -0400] "GET /the-benefits-of-managed-investing/ HTTP/1.1" 200 12622 "http://baernblog.com/the-benefits-of-managed-investing/" "Mozilla/5.0 (Windows NT 10.0; Win64; x64) AppleWebKit/537.36 (KHTML, like Gecko) Chrome/131.0.0.0 Safari/537.36 Avast/131.0.0.0"
104.234.53.9 - - [06/Apr/2025:04:20:04 -0400] "GET /the-benefits-of-managed-investing/ HTTP/1.1" 200 12622 "http://baernblog.com/the-benefits-of-managed-investing/" "Mozilla/5.0 (Windows NT 10.0; Win64; x64) AppleWebKit/537.36 (KHTML, like Gecko) Chrome/131.0.0.0 Safari/537.36 Avast/131.0.0.0"
104.234.53.20 - - [06/Apr/2025:04:20:07 -0400] "GET /the-benefits-of-managed-investing/ HTTP/1.1" 200 12622 "http://baernblog.com/the-benefits-of-managed-investing/" "Mozilla/5.0 (Windows NT 10.0; Win64; x64) AppleWebKit/537.36 (KHTML, like Gecko) Chrome/131.0.0.0 Safari/537.36 Avast/131.0.0.0"
45.148.10.174 - - [06/Apr/2025:04:23:29 -0400] "GET /lzdmod/jquery/5.0.9/index.js HTTP/1.1" 404 6615 "-" "Mozilla/5.0 (Windows NT 10.0; Win64; x64) AppleWebKit/537.36 Chrome/121.0.0.0"
207.211.167.73 - - [06/Apr/2025:04:31:15 -0400] "GET / HTTP/1.1" 200 97678 "-" "Mozilla/5.0 (Windows NT 10.0; Win64; x64) AppleWebKit/537.36 (KHTML, like Gecko) Chrome/58.0.3029.110 Safari/537.3"
198.54.114.83 - - [06/Apr/2025:04:31:28 -0400] "POST /wp-cron.php?doing_wp_cron=1743928288.5569949150085449218750 HTTP/1.1" 200 0 "-" "WordPress/6.7.2; https://baernblog.com"
207.211.167.73 - - [06/Apr/2025:04:31:28 -0400] "GET /phpinfo.php HTTP/1.1" 404 6615 "-" "Mozilla/5.0 (Windows NT 10.0; Win64; x64) AppleWebKit/537.36 (KHTML, like Gecko) Chrome/58.0.3029.110 Safari/537.3"
207.211.167.73 - - [06/Apr/2025:04:31:29 -0400] "GET /info.php HTTP/1.1" 404 6615 "-" "Mozilla/5.0 (Windows NT 10.0; Win64; x64) AppleWebKit/537.36 (KHTML, like Gecko) Chrome/58.0.3029.110 Safari/537.3"
207.211.167.73 - - [06/Apr/2025:04:31:30 -0400] "GET /phpinfo HTTP/1.1" 404 6614 "-" "Mozilla/5.0 (Windows NT 10.0; Win64; x64) AppleWebKit/537.36 (KHTML, like Gecko) Chrome/58.0.3029.110 Safari/537.3"
207.211.167.73 - - [06/Apr/2025:04:31:31 -0400] "GET /.env HTTP/1.1" 403 1242 "-" "Mozilla/5.0 (Windows NT 10.0; Win64; x64) AppleWebKit/537.36 (KHTML, like Gecko) Chrome/58.0.3029.110 Safari/537.3"
207.211.167.73 - - [06/Apr/2025:04:31:32 -0400] "GET /config/.env HTTP/1.1" 403 1242 "-" "Mozilla/5.0 (Windows NT 10.0; Win64; x64) AppleWebKit/537.36 (KHTML, like Gecko) Chrome/58.0.3029.110 Safari/537.3"
207.211.167.73 - - [06/Apr/2025:04:31:32 -0400] "GET /api/.env HTTP/1.1" 403 1242 "-" "Mozilla/5.0 (Windows NT 10.0; Win64; x64) AppleWebKit/537.36 (KHTML, like Gecko) Chrome/58.0.3029.110 Safari/537.3"
178.128.99.84 - - [06/Apr/2025:04:49:29 -0400] "GET / HTTP/1.1" 200 97678 "-" "Mozilla/5.0 (Windows NT 10.0; Win64; x64) AppleWebKit/537.36 (KHTML, like Gecko) Chrome/95.0.4638.69 Safari/537.36"
178.128.99.84 - - [06/Apr/2025:04:49:30 -0400] "GET /wp-includes/ID3/license.txt HTTP/1.1" 200 501 "-" "Mozilla/5.0 (Windows NT 10.0; Win64; x64) AppleWebKit/537.36 (KHTML, like Gecko) Chrome/95.0.4638.69 Safari/537.36"
178.128.99.84 - - [06/Apr/2025:04:49:30 -0400] "GET /feed/ HTTP/1.1" 200 11438 "-" "Mozilla/5.0 (Windows NT 10.0; Win64; x64) AppleWebKit/537.36 (KHTML, like Gecko) Chrome/95.0.4638.69 Safari/537.36"
178.128.99.84 - - [06/Apr/2025:04:49:31 -0400] "GET /?author=1 HTTP/1.1" 200 97678 "-" "Mozilla/5.0 (Windows NT 10.0; Win64; x64) AppleWebKit/537.36 (KHTML, like Gecko) Chrome/95.0.4638.69 Safari/537.36"
178.128.99.84 - - [06/Apr/2025:04:49:33 -0400] "GET /wp-json/wp/v2/users/ HTTP/1.1" 200 1325 "-" "Mozilla/5.0 (Windows NT 10.0; Win64; x64) AppleWebKit/537.36 (KHTML, like Gecko) Chrome/95.0.4638.69 Safari/537.36"
77.238.230.6 - - [06/Apr/2025:04:50:13 -0400] "GET / HTTP/1.1" 200 97678 "-" "Mozilla/5.0 (Macintosh; Intel Mac OS X 10_15_7) AppleWebKit/537.36 (KHTML, like Gecko) Chrome/133.0.0.0 Safari/537.36"
178.128.99.84 - - [06/Apr/2025:04:49:33 -0400] "POST /xmlrpc.php HTTP/1.1" 200 236 "-" "Mozilla/5.0 (Windows NT 10.0; Win64; x64) AppleWebKit/537.36 (KHTML, like Gecko) Chrome/95.0.4638.69 Safari/537.36"
195.2.70.209 - - [06/Apr/2025:04:50:53 -0400] "GET / HTTP/1.1" 200 97678 "-" "Mozilla/5.0 (Macintosh; Intel Mac OS X 10_15_7) AppleWebKit/537.36 (KHTML, like Gecko) Chrome/133.0.0.0 Safari/537.36"
198.54.114.83 - - [06/Apr/2025:04:51:54 -0400] "POST /wp-cron.php?doing_wp_cron=1743929513.9802238941192626953125 HTTP/1.1" 200 0 "-" "WordPress/6.7.2; https://baernblog.com"
178.128.99.84 - - [06/Apr/2025:04:50:31 -0400] "POST /xmlrpc.php HTTP/1.1" 200 236 "-" "Mozilla/5.0 (Windows NT 10.0; Win64; x64) AppleWebKit/537.36 (KHTML, like Gecko) Chrome/95.0.4638.69 Safari/537.36"
89.110.80.171 - - [06/Apr/2025:04:52:24 -0400] "GET / HTTP/1.1" 200 97678 "-" "Mozilla/5.0 (Macintosh; Intel Mac OS X 10_15_7) AppleWebKit/537.36 (KHTML, like Gecko) Chrome/133.0.0.0 Safari/537.36"
198.54.114.83 - - [06/Apr/2025:04:53:00 -0400] "POST /wp-cron.php?doing_wp_cron=1743929580.4557011127471923828125 HTTP/1.1" 200 0 "-" "WordPress/6.7.2; https://baernblog.com"
178.128.99.84 - - [06/Apr/2025:04:51:55 -0400] "POST /xmlrpc.php HTTP/1.1" 200 236 "-" "Mozilla/5.0 (Windows NT 10.0; Win64; x64) AppleWebKit/537.36 (KHTML, like Gecko) Chrome/95.0.4638.69 Safari/537.36"
178.128.99.84 - - [06/Apr/2025:04:53:00 -0400] "POST /xmlrpc.php HTTP/1.1" 200 0 "-" "Mozilla/5.0 (Windows NT 10.0; Win64; x64) AppleWebKit/537.36 (KHTML, like Gecko) Chrome/95.0.4638.69 Safari/537.36"
195.2.70.209 - - [06/Apr/2025:04:55:16 -0400] "GET / HTTP/1.1" 200 97678 "-" "Mozilla/5.0 (Macintosh; Intel Mac OS X 10_15_7) AppleWebKit/537.36 (KHTML, like Gecko) Chrome/133.0.0.0 Safari/537.36"
198.54.114.83 - - [06/Apr/2025:04:55:45 -0400] "POST /wp-cron.php?doing_wp_cron=1743929745.6258749961853027343750 HTTP/1.1" 200 0 "-" "WordPress/6.7.2; https://baernblog.com"
178.128.99.84 - - [06/Apr/2025:04:54:31 -0400] "POST /xmlrpc.php HTTP/1.1" 200 236 "-" "Mozilla/5.0 (Windows NT 10.0; Win64; x64) AppleWebKit/537.36 (KHTML, like Gecko) Chrome/95.0.4638.69 Safari/537.36"
178.128.99.84 - - [06/Apr/2025:04:55:46 -0400] "POST /xmlrpc.php HTTP/1.1" 200 236 "-" "Mozilla/5.0 (Windows NT 10.0; Win64; x64) AppleWebKit/537.36 (KHTML, like Gecko) Chrome/95.0.4638.69 Safari/537.36"
178.128.99.84 - - [06/Apr/2025:04:57:16 -0400] "POST /xmlrpc.php HTTP/1.1" 200 0 "-" "Mozilla/5.0 (Windows NT 10.0; Win64; x64) AppleWebKit/537.36 (KHTML, like Gecko) Chrome/95.0.4638.69 Safari/537.36"
198.54.114.83 - - [06/Apr/2025:05:16:03 -0400] "POST /wp-cron.php?doing_wp_cron=1743930963.2638959884643554687500 HTTP/1.1" 200 0 "-" "WordPress/6.7.2; https://baernblog.com"
103.153.202.97 - - [06/Apr/2025:05:16:02 -0400] "GET /admin.php HTTP/1.1" 404 6615 "http://baernblog.com/admin.php" "Mozilla/4.0 (compatible; MSIE 9.0; Windows NT 6.1)"
43.153.113.127 - - [06/Apr/2025:05:17:47 -0400] "GET / HTTP/1.1" 200 97678 "-" "Mozilla/5.0 (iPhone; CPU iPhone OS 13_2_3 like Mac OS X) AppleWebKit/605.1.15 (KHTML, like Gecko) Version/13.0.3 Mobile/15E148 Safari/604.1"
52.233.69.50 - - [06/Apr/2025:05:57:55 -0400] "GET / HTTP/1.1" 200 97678 "www.google.com" "Mozilla/5.0 (Windows NT 10.0; Win64; x64) AppleWebKit/537.36 (KHTML, like Gecko) Chrome/90.0.4430.85 Safari/537.36"
146.19.24.160 - - [06/Apr/2025:06:08:38 -0400] "GET / HTTP/1.1" 200 97678 "-" "Timpibot/0.9 (+http://www.timpi.io)"
198.54.114.83 - - [06/Apr/2025:06:12:47 -0400] "POST /wp-cron.php?doing_wp_cron=1743934367.8306200504302978515625 HTTP/1.1" 200 0 "-" "WordPress/6.7.2; https://baernblog.com"
45.148.10.174 - - [06/Apr/2025:06:12:47 -0400] "GET /assets/1.2.13/??babel-polyfill/6.26.0/polyfill.min.js HTTP/1.1" 301 0 "-" "Mozilla/5.0 (Windows NT 10.0; Win64; x64) AppleWebKit/537.36 Chrome/121.0.0.0"
45.148.10.174 - - [06/Apr/2025:06:12:48 -0400] "GET /assets/1.2.13/?babel-polyfill/6.26.0/polyfill.min.js HTTP/1.1" 404 6614 "-" "Mozilla/5.0 (Windows NT 10.0; Win64; x64) AppleWebKit/537.36 Chrome/121.0.0.0"
89.110.103.94 - - [06/Apr/2025:06:25:22 -0400] "GET / HTTP/1.1" 200 97678 "-" "Mozilla/5.0 (Macintosh; Intel Mac OS X 10_15_7) AppleWebKit/537.36 (KHTML, like Gecko) Chrome/133.0.0.0 Safari/537.36"
89.110.103.94 - - [06/Apr/2025:06:34:20 -0400] "GET / HTTP/1.1" 200 97678 "-" "Mozilla/5.0 (Macintosh; Intel Mac OS X 10_15_7) AppleWebKit/537.36 (KHTML, like Gecko) Chrome/133.0.0.0 Safari/537.36"
34.83.5.235 - - [06/Apr/2025:06:38:42 -0400] "GET / HTTP/1.1" 200 97678 "-" "Mozilla/5.0 (Macintosh; Intel Mac OS X 10_15_7) AppleWebKit/605.1.15 (KHTML, like Gecko) Version/17.4.1 Safari/605.1.15"
45.148.10.174 - - [06/Apr/2025:06:45:15 -0400] "GET /g.lazcdn.com/g/??mtb/lib-promise/3.1.3/polyfillB.js HTTP/1.1" 301 0 "-" "Mozilla/5.0 (Macintosh; Intel Mac OS X 10_15_7) AppleWebKit/537.36 Chrome/120.0.0.0"
216.244.66.198 - - [06/Apr/2025:06:48:28 -0400] "GET /robots.txt HTTP/1.1" 304 0 "-" "Mozilla/5.0 (compatible; DotBot/1.2; +https://opensiteexplorer.org/dotbot; help@moz.com)"
77.238.230.6 - - [06/Apr/2025:06:54:19 -0400] "GET / HTTP/1.1" 200 97678 "-" "Mozilla/5.0 (Macintosh; Intel Mac OS X 10_15_7) AppleWebKit/537.36 (KHTML, like Gecko) Chrome/133.0.0.0 Safari/537.36"
185.220.101.70 - - [06/Apr/2025:06:57:34 -0400] "GET / HTTP/1.1" 200 97678 "http://baernblog.com" "Mozilla/5.0 (Macintosh; Intel Mac OS X 10_7_2) AppleWebKit/535.1 (KHTML, like Gecko) Chrome/13.0.782.215 Safari/535.1"
103.153.202.100 - - [06/Apr/2025:07:20:16 -0400] "GET /admin.php HTTP/1.1" 404 6614 "http://baernblog.com/admin.php" "Mozilla/4.0 (compatible; MSIE 9.0; Windows NT 6.1)"
77.238.230.6 - - [06/Apr/2025:07:25:15 -0400] "GET / HTTP/1.1" 200 97678 "-" "Mozilla/5.0 (Macintosh; Intel Mac OS X 10_15_7) AppleWebKit/537.36 (KHTML, like Gecko) Chrome/133.0.0.0 Safari/537.36"
212.102.39.211 - - [06/Apr/2025:07:26:34 -0400] "GET /the-benefits-of-managed-investing/ HTTP/1.1" 200 12622 "http://baernblog.com/the-benefits-of-managed-investing/" "Mozilla/5.0 (Windows NT 10.0; Win64; x64) AppleWebKit/537.36 (KHTML, like Gecko) Chrome/130.0.0.0 Safari/537.36"
212.102.39.211 - - [06/Apr/2025:07:26:34 -0400] "POST /wp-comments-post.php HTTP/1.1" 302 0 "http://baernblog.com/the-benefits-of-managed-investing/" "Mozilla/5.0 (Windows NT 10.0; Win64; x64) AppleWebKit/537.36 (KHTML, like Gecko) Chrome/130.0.0.0 Safari/537.36"
4.227.36.93 - - [06/Apr/2025:07:27:19 -0400] "GET /robots.txt HTTP/1.1" 200 124 "-" "Mozilla/5.0 AppleWebKit/537.36 (KHTML, like Gecko; compatible; GPTBot/1.2; +https://openai.com/gptbot)"
216.244.66.198 - - [06/Apr/2025:07:34:14 -0400] "GET /robots.txt HTTP/1.1" 200 124 "-" "Mozilla/5.0 (compatible; DotBot/1.2; +https://opensiteexplorer.org/dotbot; help@moz.com)"
45.61.146.184 - - [06/Apr/2025:07:37:07 -0400] "POST /wp-login.php HTTP/1.1" 200 0 "http://baernblog.com" "Mozilla/5.0 (Windows NT 10.0; Win64; x64; rv:72.0) Gecko/20100101 Firefox/72.0"
45.61.146.184 - - [06/Apr/2025:08:14:48 -0400] "POST /wp-login.php HTTP/1.1" 200 0 "http://baernblog.com" "Mozilla/5.0 (Windows NT 10.0; Win64; x64; rv:72.0) Gecko/20100101 Firefox/72.0"
216.244.66.198 - - [06/Apr/2025:08:19:29 -0400] "GET /robots.txt HTTP/1.1" 304 0 "-" "Mozilla/5.0 (compatible; DotBot/1.2; +https://opensiteexplorer.org/dotbot; help@moz.com)"
44.234.109.115 - - [06/Apr/2025:08:26:37 -0400] "GET / HTTP/1.1" 200 97678 "-" "Mozilla/4.0 (compatible; MSIE 6.0; Windows NT 5.1; FSL 7.0.6.01001)"
198.54.114.83 - - [06/Apr/2025:08:34:55 -0400] "POST /wp-cron.php?doing_wp_cron=1743942895.6983790397644042968750 HTTP/1.1" 200 0 "-" "WordPress/6.7.2; https://baernblog.com"
52.184.192.24 - - [06/Apr/2025:08:34:55 -0400] "GET /templates/ HTTP/1.1" 404 6615 "-" "-"
52.184.192.24 - - [06/Apr/2025:08:34:56 -0400] "GET /admin/ HTTP/1.1" 302 0 "-" "-"
52.184.192.24 - - [06/Apr/2025:08:34:58 -0400] "GET /wp-content/uploads/2023/11/system.php HTTP/1.1" 404 6615 "-" "-"
52.184.192.24 - - [06/Apr/2025:08:34:59 -0400] "GET /wp-admin/ccx/ HTTP/1.1" 404 6615 "-" "-"
52.184.192.24 - - [06/Apr/2025:08:34:59 -0400] "GET /wp-content/plugins/oekqtzj/ HTTP/1.1" 404 6615 "-" "-"
52.184.192.24 - - [06/Apr/2025:08:34:59 -0400] "GET /cgi-bin/xmrlpc.php HTTP/1.1" 404 6615 "-" "-"
52.184.192.24 - - [06/Apr/2025:08:35:00 -0400] "GET /wp-admin/xmrlpc.php HTTP/1.1" 404 6616 "-" "-"
52.184.192.24 - - [06/Apr/2025:08:35:00 -0400] "GET /wp-includes/assets/autoload_classmap.php HTTP/1.1" 404 6616 "-" "-"
52.184.192.24 - - [06/Apr/2025:08:35:00 -0400] "GET /sitemap.php HTTP/1.1" 404 6615 "-" "-"
52.184.192.24 - - [06/Apr/2025:08:35:01 -0400] "GET /wp-content/banners/ HTTP/1.1" 404 6615 "-" "-"
52.184.192.24 - - [06/Apr/2025:08:35:02 -0400] "GET /wp-admin/cloud.php HTTP/1.1" 404 6615 "-" "-"
52.184.192.24 - - [06/Apr/2025:08:35:02 -0400] "GET /.well-known/pki-validation/xmrlpc.php HTTP/1.1" 404 1251 "-" "-"
52.184.192.24 - - [06/Apr/2025:08:35:03 -0400] "GET /wp-includes/js/tinymce/plugins/directionality/ HTTP/1.1" 200 843 "-" "-"
52.184.192.24 - - [06/Apr/2025:08:35:04 -0400] "GET /wp-includes/images/wlw/ HTTP/1.1" 404 6615 "-" "-"
52.184.192.24 - - [06/Apr/2025:08:35:04 -0400] "GET /wp-content/plugins/backup-backup/includes/923924098...php HTTP/1.1" 404 6615 "-" "-"
52.184.192.24 - - [06/Apr/2025:08:35:05 -0400] "GET /todo.php HTTP/1.1" 404 6615 "-" "-"
52.184.192.24 - - [06/Apr/2025:08:35:05 -0400] "GET /wp-content/uploads/2018/03/ab.php HTTP/1.1" 404 6614 "-" "-"
52.184.192.24 - - [06/Apr/2025:08:35:06 -0400] "GET /wp-includes/js/tinymce/wp-tinymce.php HTTP/1.1" 200 146924 "-" "-"
52.184.192.24 - - [06/Apr/2025:08:35:06 -0400] "GET /wp-content/plugins/ninja-forms/ HTTP/1.1" 404 6614 "-" "-"
52.184.192.24 - - [06/Apr/2025:08:35:07 -0400] "GET /wp-includes/Requests/Response/ HTTP/1.1" 404 6615 "-" "-"
52.184.192.24 - - [06/Apr/2025:08:35:07 -0400] "GET /wp-crom.php HTTP/1.1" 404 6615 "-" "-"
52.184.192.24 - - [06/Apr/2025:08:35:07 -0400] "GET /wp-content/uploads/wpr-addons/forms/ HTTP/1.1" 404 6615 "-" "-"
52.184.192.24 - - [06/Apr/2025:08:35:08 -0400] "GET /wp-includes/block-supports/autoload_classmap.php HTTP/1.1" 404 6615 "-" "-"
52.184.192.24 - - [06/Apr/2025:08:35:08 -0400] "GET /wp-content/ HTTP/1.1" 200 0 "-" "-"
52.184.192.24 - - [06/Apr/2025:08:35:08 -0400] "GET /wp-includes/mah.php HTTP/1.1" 404 6615 "-" "-"
52.184.192.24 - - [06/Apr/2025:08:35:09 -0400] "GET /wp-content/themes/9geiaoo5/ HTTP/1.1" 404 6615 "-" "-"
52.184.192.24 - - [06/Apr/2025:08:35:09 -0400] "GET /cache-compat.php HTTP/1.1" 404 6615 "-" "-"
52.184.192.24 - - [06/Apr/2025:08:35:10 -0400] "GET /moddofuns.php HTTP/1.1" 404 6615 "-" "-"
52.184.192.24 - - [06/Apr/2025:08:35:10 -0400] "GET /logs_view.php HTTP/1.1" 404 6615 "-" "-"
52.184.192.24 - - [06/Apr/2025:08:35:11 -0400] "GET /wp/wp-admin/install.php HTTP/1.1" 404 6615 "-" "-"
52.184.192.24 - - [06/Apr/2025:08:35:11 -0400] "GET /wp-content/plugins/backup-backup/includes/1a895fa06f.php HTTP/1.1" 404 6616 "-" "-"
52.184.192.24 - - [06/Apr/2025:08:35:12 -0400] "GET /wp-includes/ID3/wp-login.php HTTP/1.1" 404 6616 "-" "-"
52.184.192.24 - - [06/Apr/2025:08:35:12 -0400] "GET /environment.php HTTP/1.1" 404 6615 "-" "-"
52.184.192.24 - - [06/Apr/2025:08:35:13 -0400] "GET /plugins/broken-link-checker/core/utils/ HTTP/1.1" 404 6615 "-" "-"
52.184.192.24 - - [06/Apr/2025:08:35:13 -0400] "GET /class-wp-lock.php HTTP/1.1" 404 6615 "-" "-"
52.184.192.24 - - [06/Apr/2025:08:35:13 -0400] "GET /wp-content/plugins/qwfdsop/ HTTP/1.1" 404 6615 "-" "-"
52.184.192.24 - - [06/Apr/2025:08:35:14 -0400] "GET /wp-content/plugins/seox/ HTTP/1.1" 404 6615 "-" "-"
52.184.192.24 - - [06/Apr/2025:08:35:14 -0400] "GET /alfanew.php HTTP/1.1" 404 6615 "-" "-"
52.184.192.24 - - [06/Apr/2025:08:35:15 -0400] "GET /wp-content/themes/7nd9yzxp/ HTTP/1.1" 404 6615 "-" "-"
52.184.192.24 - - [06/Apr/2025:08:35:15 -0400] "GET /wp-content/plugins/td-cloud-library/includes/dir/ HTTP/1.1" 404 6615 "-" "-"
52.184.192.24 - - [06/Apr/2025:08:35:16 -0400] "GET /wp-content/plugins/WordPressCore/smaxx.php HTTP/1.1" 404 6615 "-" "-"
52.184.192.24 - - [06/Apr/2025:08:35:16 -0400] "GET /media-new.php HTTP/1.1" 404 6615 "-" "-"
52.184.192.24 - - [06/Apr/2025:08:35:16 -0400] "GET /wp-theme.php HTTP/1.1" 404 6615 "-" "-"
52.184.192.24 - - [06/Apr/2025:08:35:17 -0400] "GET /wp-includes/Cez57/index.php HTTP/1.1" 301 0 "-" "-"
52.184.192.24 - - [06/Apr/2025:08:35:17 -0400] "GET /wp-includes/Cez57/ HTTP/1.1" 404 6615 "-" "-"
52.184.192.24 - - [06/Apr/2025:08:35:17 -0400] "GET /wp-content/plugins/qvkwtfvfez/ HTTP/1.1" 404 6615 "-" "-"
52.184.192.24 - - [06/Apr/2025:08:35:17 -0400] "GET /wp-content/themes/digital-download/ HTTP/1.1" 404 6615 "-" "-"
52.184.192.24 - - [06/Apr/2025:08:35:19 -0400] "GET /assets/css/ HTTP/1.1" 404 6615 "-" "-"
52.184.192.24 - - [06/Apr/2025:08:35:19 -0400] "GET /wp-admin/includes/about.php HTTP/1.1" 404 6615 "-" "-"
52.184.192.24 - - [06/Apr/2025:08:35:20 -0400] "GET /wp-includes/class-flitert.php HTTP/1.1" 404 6615 "-" "-"
52.184.192.24 - - [06/Apr/2025:08:35:20 -0400] "GET /install.php HTTP/1.1" 404 6615 "-" "-"
52.184.192.24 - - [06/Apr/2025:08:35:21 -0400] "GET /stats.php HTTP/1.1" 404 6615 "-" "-"
52.184.192.24 - - [06/Apr/2025:08:35:22 -0400] "GET /wp-includes/assets/XeRzQ.php HTTP/1.1" 404 6616 "-" "-"
52.184.192.24 - - [06/Apr/2025:08:35:22 -0400] "GET /images/server.php HTTP/1.1" 404 6615 "-" "-"
52.184.192.24 - - [06/Apr/2025:08:35:23 -0400] "GET /wp-admin/setup HTTP/1.1" 404 6615 "-" "-"
52.184.192.24 - - [06/Apr/2025:08:35:24 -0400] "GET /wp-content/themes/fag0z08y/ HTTP/1.1" 404 6615 "-" "-"
52.184.192.24 - - [06/Apr/2025:08:35:24 -0400] "GET /rendixd.php HTTP/1.1" 404 6615 "-" "-"
52.184.192.24 - - [06/Apr/2025:08:35:25 -0400] "GET /assets/ HTTP/1.1" 404 6615 "-" "-"
52.184.192.24 - - [06/Apr/2025:08:35:25 -0400] "GET /local/ HTTP/1.1" 301 0 "-" "-"
52.184.192.24 - - [06/Apr/2025:08:35:26 -0400] "GET /logout.php HTTP/1.1" 404 6615 "-" "-"
52.184.192.24 - - [06/Apr/2025:08:35:26 -0400] "GET /wp-content/plugins/index HTTP/1.1" 404 6615 "-" "-"
52.184.192.24 - - [06/Apr/2025:08:35:27 -0400] "GET /upload/2021_02_08/ HTTP/1.1" 404 6615 "-" "-"
52.184.192.24 - - [06/Apr/2025:08:35:27 -0400] "GET /authorize.php HTTP/1.1" 404 6615 "-" "-"
52.184.192.24 - - [06/Apr/2025:08:35:28 -0400] "GET /version.php HTTP/1.1" 404 6615 "-" "-"
52.184.192.24 - - [06/Apr/2025:08:35:28 -0400] "GET /video.php HTTP/1.1" 404 6615 "-" "-"
52.184.192.24 - - [06/Apr/2025:08:35:29 -0400] "GET /wp-links.php HTTP/1.1" 404 6615 "-" "-"
52.184.192.24 - - [06/Apr/2025:08:35:29 -0400] "GET /woh.php HTTP/1.1" 404 6615 "-" "-"
52.184.192.24 - - [06/Apr/2025:08:35:30 -0400] "GET /images/admin.php HTTP/1.1" 404 6615 "-" "-"
52.184.192.24 - - [06/Apr/2025:08:35:30 -0400] "GET /wp-apxupx.php?apx=upx HTTP/1.1" 404 6615 "-" "-"
52.184.192.24 - - [06/Apr/2025:08:35:31 -0400] "GET /sim.php/wp-includes/certificates/plugins.php HTTP/1.1" 404 6615 "-" "-"
52.184.192.24 - - [06/Apr/2025:08:35:31 -0400] "GET /wp-includes/css/str_replace.php HTTP/1.1" 404 6616 "-" "-"
52.184.192.24 - - [06/Apr/2025:08:35:32 -0400] "GET /img/xmrlpc.php HTTP/1.1" 404 6615 "-" "-"
52.184.192.24 - - [06/Apr/2025:08:35:33 -0400] "GET /wp-content/index.php HTTP/1.1" 200 0 "-" "-"
52.184.192.24 - - [06/Apr/2025:08:35:33 -0400] "GET /.well-known/acme-challenge/about.php HTTP/1.1" 404 6615 "-" "-"
52.184.192.24 - - [06/Apr/2025:08:35:34 -0400] "GET /docs/cc.php HTTP/1.1" 404 6615 "-" "-"
52.184.192.24 - - [06/Apr/2025:08:35:34 -0400] "GET /wp-admin/uploads HTTP/1.1" 404 6615 "-" "-"
52.184.192.24 - - [06/Apr/2025:08:35:35 -0400] "GET /wp-content/themes/fswefy0o/ HTTP/1.1" 404 6614 "-" "-"
52.184.192.24 - - [06/Apr/2025:08:35:35 -0400] "GET /wp-content/plugins/sdxxcfgt/ HTTP/1.1" 404 6614 "-" "-"
52.184.192.24 - - [06/Apr/2025:08:35:35 -0400] "GET /wp-admin/css/ HTTP/1.1" 200 3898 "-" "-"
52.184.192.24 - - [06/Apr/2025:08:35:36 -0400] "GET /wp-content/plugins/linkpreview/ HTTP/1.1" 404 6615 "-" "-"
52.184.192.24 - - [06/Apr/2025:08:35:36 -0400] "GET /components/ HTTP/1.1" 404 6615 "-" "-"
198.54.114.83 - - [06/Apr/2025:08:35:37 -0400] "POST /wp-cron.php?doing_wp_cron=1743942937.6758949756622314453125 HTTP/1.1" 200 0 "-" "WordPress/6.7.2; https://baernblog.com"
52.184.192.24 - - [06/Apr/2025:08:35:37 -0400] "GET /wp-content/plugins/ttsgmsw/ HTTP/1.1" 404 6615 "-" "-"
52.184.192.24 - - [06/Apr/2025:08:35:38 -0400] "GET /cc.php HTTP/1.1" 404 6615 "-" "-"
52.184.192.24 - - [06/Apr/2025:08:35:38 -0400] "GET /wp-content/plugins/whusrhk/ HTTP/1.1" 404 6615 "-" "-"
52.184.192.24 - - [06/Apr/2025:08:35:39 -0400] "GET /f0x.php HTTP/1.1" 404 6615 "-" "-"
52.184.192.24 - - [06/Apr/2025:08:35:40 -0400] "GET /components/5173e.php HTTP/1.1" 404 6615 "-" "-"
52.184.192.24 - - [06/Apr/2025:08:35:40 -0400] "GET /wp-includes/mah.php999 HTTP/1.1" 404 6615 "-" "-"
52.184.192.24 - - [06/Apr/2025:08:35:41 -0400] "GET /st.php HTTP/1.1" 404 6615 "-" "-"
52.184.192.24 - - [06/Apr/2025:08:35:41 -0400] "GET /wp-content/uploads/--wp-lgj.php HTTP/1.1" 404 6616 "-" "-"
52.184.192.24 - - [06/Apr/2025:08:35:42 -0400] "GET /vendor/ HTTP/1.1" 404 6615 "-" "-"
52.184.192.24 - - [06/Apr/2025:08:35:43 -0400] "GET /atomlib.php HTTP/1.1" 404 6615 "-" "-"
52.184.192.24 - - [06/Apr/2025:08:35:43 -0400] "GET /wp-content/plugins/plugins/ HTTP/1.1" 404 6615 "-" "-"
52.184.192.24 - - [06/Apr/2025:08:35:44 -0400] "GET /wp-admin/images/sx.php HTTP/1.1" 404 6615 "-" "-"
52.184.192.24 - - [06/Apr/2025:08:35:45 -0400] "GET /wp-admin/atomlib.php HTTP/1.1" 404 6615 "-" "-"
52.184.192.24 - - [06/Apr/2025:08:35:45 -0400] "GET /images/class-config.php HTTP/1.1" 404 6615 "-" "-"
52.184.192.24 - - [06/Apr/2025:08:35:46 -0400] "GET /wp-admin/user/about.php HTTP/1.1" 302 0 "-" "-"
52.184.192.24 - - [06/Apr/2025:08:35:47 -0400] "GET /wp-includes/themes.php HTTP/1.1" 404 6615 "-" "-"
52.184.192.24 - - [06/Apr/2025:08:35:48 -0400] "GET /wp-content/plugins/zgtzwun/ HTTP/1.1" 404 6615 "-" "-"
52.184.192.24 - - [06/Apr/2025:08:35:48 -0400] "GET /wp-admin/css/colors/coffee/cloud.php HTTP/1.1" 404 6615 "-" "-"
52.184.192.24 - - [06/Apr/2025:08:35:49 -0400] "GET /class.api.php HTTP/1.1" 404 6615 "-" "-"
52.184.192.24 - - [06/Apr/2025:08:35:49 -0400] "GET /google.php HTTP/1.1" 404 6615 "-" "-"
198.54.114.83 - - [06/Apr/2025:08:35:50 -0400] "POST /wp-cron.php?doing_wp_cron=1743942950.5379741191864013671875 HTTP/1.1" 200 0 "-" "WordPress/6.7.2; https://baernblog.com"
52.184.192.24 - - [06/Apr/2025:08:35:50 -0400] "GET /wp-includes/class-ftps.php HTTP/1.1" 404 6615 "-" "-"
52.184.192.24 - - [06/Apr/2025:08:35:50 -0400] "GET /wp-content/uploads/2018/03/equipe-background-570x536.php HTTP/1.1" 404 6615 "-" "-"
52.184.192.24 - - [06/Apr/2025:08:35:51 -0400] "GET /ab.php HTTP/1.1" 404 6615 "-" "-"
52.184.192.24 - - [06/Apr/2025:08:35:51 -0400] "GET /.well-known/about HTTP/1.1" 404 6616 "-" "-"
52.184.192.24 - - [06/Apr/2025:08:35:52 -0400] "GET /wp-content/plugins/elementor/ HTTP/1.1" 404 6615 "-" "-"
52.184.192.24 - - [06/Apr/2025:08:35:53 -0400] "GET /wp-admin/maint/maint/ajax-actions.php HTTP/1.1" 404 6615 "-" "-"
52.184.192.24 - - [06/Apr/2025:08:35:54 -0400] "GET /wikindex.php HTTP/1.1" 404 6615 "-" "-"
52.184.192.24 - - [06/Apr/2025:08:35:55 -0400] "GET /MARIJUANA.php HTTP/1.1" 404 6615 "-" "-"
52.184.192.24 - - [06/Apr/2025:08:35:55 -0400] "GET /wizard.php HTTP/1.1" 404 6615 "-" "-"
52.184.192.24 - - [06/Apr/2025:08:35:56 -0400] "GET /wp-admin/js/wp-admin/js/ HTTP/1.1" 404 6615 "-" "-"
52.184.192.24 - - [06/Apr/2025:08:35:56 -0400] "GET /adminfuns.php HTTP/1.1" 404 6615 "-" "-"
52.184.192.24 - - [06/Apr/2025:08:35:57 -0400] "GET /images/headers/strenms.php HTTP/1.1" 404 6615 "-" "-"
52.184.192.24 - - [06/Apr/2025:08:35:57 -0400] "GET /120f9.php HTTP/1.1" 404 6615 "-" "-"
52.184.192.24 - - [06/Apr/2025:08:35:58 -0400] "GET /.well-known/init HTTP/1.1" 404 6615 "-" "-"
52.184.192.24 - - [06/Apr/2025:08:35:58 -0400] "GET /wp-content/plugins/ImageManager/ HTTP/1.1" 404 6615 "-" "-"
52.184.192.24 - - [06/Apr/2025:08:35:59 -0400] "GET /wp-content/plugins/dfgs/ HTTP/1.1" 404 6615 "-" "-"
52.184.192.24 - - [06/Apr/2025:08:36:00 -0400] "GET /wp-admin/css/colors/coffee/xmrlpc.php HTTP/1.1" 404 6616 "-" "-"
52.184.192.24 - - [06/Apr/2025:08:36:00 -0400] "GET /.well-known//.well-known/owlmailer.php HTTP/1.1" 301 0 "-" "-"
52.184.192.24 - - [06/Apr/2025:08:36:01 -0400] "GET /.well-known/.well-known/owlmailer.php HTTP/1.1" 404 6615 "-" "-"
52.184.192.24 - - [06/Apr/2025:08:36:01 -0400] "GET /.well-known/pki-validation/autoload_classmap.php HTTP/1.1" 404 1251 "-" "-"
52.184.192.24 - - [06/Apr/2025:08:36:01 -0400] "GET /wp-includes/sodium_compat/src/Core/Curve25519/Ge/info.php.suspected HTTP/1.1" 404 6615 "-" "-"
52.184.192.24 - - [06/Apr/2025:08:36:02 -0400] "GET /config_load.php HTTP/1.1" 404 6615 "-" "-"
52.184.192.24 - - [06/Apr/2025:08:36:02 -0400] "GET /Njima.php HTTP/1.1" 404 6615 "-" "-"
