172.177.176.166 - - [07/Apr/2025:22:27:41 -0400] "GET /wp-includes/sitemaps/ HTTP/1.1" 200 1361 "binance.com" "Mozilla/5.0 (Windows NT 10.0; Win64; x64) AppleWebKit/537.36 (KHTML, like Gecko) Chrome/90.0.4430.85 Safari/537.36"
172.177.176.166 - - [07/Apr/2025:22:27:43 -0400] "GET /wp-includes/sitemaps/ HTTP/1.1" 200 1361 "binance.com" "Mozilla/5.0 (Windows NT 10.0; Win64; x64) AppleWebKit/537.36 (KHTML, like Gecko) Chrome/90.0.4430.85 Safari/537.36"
172.177.176.166 - - [07/Apr/2025:22:27:45 -0400] "GET /wp-includes/sitemaps/providers/ HTTP/1.1" 200 891 "binance.com" "Mozilla/5.0 (Windows NT 10.0; Win64; x64) AppleWebKit/537.36 (KHTML, like Gecko) Chrome/90.0.4430.85 Safari/537.36"
172.177.176.166 - - [07/Apr/2025:22:27:46 -0400] "GET /wp-includes/sitemaps/providers/ HTTP/1.1" 200 891 "binance.com" "Mozilla/5.0 (Windows NT 10.0; Win64; x64) AppleWebKit/537.36 (KHTML, like Gecko) Chrome/90.0.4430.85 Safari/537.36"
172.177.176.166 - - [07/Apr/2025:22:27:48 -0400] "GET /wp-includes/widgets/ HTTP/1.1" 200 1869 "binance.com" "Mozilla/5.0 (Windows NT 10.0; Win64; x64) AppleWebKit/537.36 (KHTML, like Gecko) Chrome/90.0.4430.85 Safari/537.36"
172.177.176.166 - - [07/Apr/2025:22:27:50 -0400] "GET /wp-includes/widgets/ HTTP/1.1" 200 1869 "binance.com" "Mozilla/5.0 (Windows NT 10.0; Win64; x64) AppleWebKit/537.36 (KHTML, like Gecko) Chrome/90.0.4430.85 Safari/537.36"
172.177.176.166 - - [07/Apr/2025:22:27:52 -0400] "GET /wp-includes/widgets/class-wp-widget-block.php HTTP/1.1" 500 0 "binance.com" "Mozilla/5.0 (Windows NT 10.0; Win64; x64) AppleWebKit/537.36 (KHTML, like Gecko) Chrome/90.0.4430.85 Safari/537.36"
172.177.176.166 - - [07/Apr/2025:22:28:06 -0400] "GET /wp-includes/css/ HTTP/1.1" 200 2366 "binance.com" "Mozilla/5.0 (Windows NT 10.0; Win64; x64) AppleWebKit/537.36 (KHTML, like Gecko) Chrome/90.0.4430.85 Safari/537.36"
172.177.176.166 - - [07/Apr/2025:22:28:10 -0400] "GET /wp-includes/css/dist/ HTTP/1.1" 200 1367 "binance.com" "Mozilla/5.0 (Windows NT 10.0; Win64; x64) AppleWebKit/537.36 (KHTML, like Gecko) Chrome/90.0.4430.85 Safari/537.36"
172.177.176.166 - - [07/Apr/2025:22:28:13 -0400] "GET /wp-includes/fonts/ HTTP/1.1" 200 1488 "binance.com" "Mozilla/5.0 (Windows NT 10.0; Win64; x64) AppleWebKit/537.36 (KHTML, like Gecko) Chrome/90.0.4430.85 Safari/537.36"
172.177.176.166 - - [07/Apr/2025:22:28:15 -0400] "GET /wp-includes/fonts/ HTTP/1.1" 200 1488 "binance.com" "Mozilla/5.0 (Windows NT 10.0; Win64; x64) AppleWebKit/537.36 (KHTML, like Gecko) Chrome/90.0.4430.85 Safari/537.36"
172.177.176.166 - - [07/Apr/2025:22:28:17 -0400] "GET /wp-includes/fonts/class-wp-font-collection.php HTTP/1.1" 200 0 "binance.com" "Mozilla/5.0 (Windows NT 10.0; Win64; x64) AppleWebKit/537.36 (KHTML, like Gecko) Chrome/90.0.4430.85 Safari/537.36"
172.177.176.166 - - [07/Apr/2025:22:28:19 -0400] "GET /wp-includes/fonts/class-wp-font-face-resolver.php HTTP/1.1" 200 0 "binance.com" "Mozilla/5.0 (Windows NT 10.0; Win64; x64) AppleWebKit/537.36 (KHTML, like Gecko) Chrome/90.0.4430.85 Safari/537.36"
172.177.176.166 - - [07/Apr/2025:22:28:31 -0400] "GET /wp-includes/fonts/class-wp-font-face.php HTTP/1.1" 200 0 "binance.com" "Mozilla/5.0 (Windows NT 10.0; Win64; x64) AppleWebKit/537.36 (KHTML, like Gecko) Chrome/90.0.4430.85 Safari/537.36"
172.177.176.166 - - [07/Apr/2025:22:28:33 -0400] "GET /wp-includes/fonts/class-wp-font-library.php HTTP/1.1" 200 0 "binance.com" "Mozilla/5.0 (Windows NT 10.0; Win64; x64) AppleWebKit/537.36 (KHTML, like Gecko) Chrome/90.0.4430.85 Safari/537.36"
172.177.176.166 - - [07/Apr/2025:22:28:46 -0400] "GET /wp-includes/fonts/class-wp-font-utils.php HTTP/1.1" 200 0 "binance.com" "Mozilla/5.0 (Windows NT 10.0; Win64; x64) AppleWebKit/537.36 (KHTML, like Gecko) Chrome/90.0.4430.85 Safari/537.36"
172.177.176.166 - - [07/Apr/2025:22:28:49 -0400] "GET /wp-includes/images/ HTTP/1.1" 200 2022 "binance.com" "Mozilla/5.0 (Windows NT 10.0; Win64; x64) AppleWebKit/537.36 (KHTML, like Gecko) Chrome/90.0.4430.85 Safari/537.36"
172.177.176.166 - - [07/Apr/2025:22:29:15 -0400] "GET /wp-includes/images/crystal/ HTTP/1.1" 200 1421 "binance.com" "Mozilla/5.0 (Windows NT 10.0; Win64; x64) AppleWebKit/537.36 (KHTML, like Gecko) Chrome/90.0.4430.85 Safari/537.36"
172.177.176.166 - - [07/Apr/2025:22:29:18 -0400] "GET /wp-includes/images/media/ HTTP/1.1" 200 1507 "binance.com" "Mozilla/5.0 (Windows NT 10.0; Win64; x64) AppleWebKit/537.36 (KHTML, like Gecko) Chrome/90.0.4430.85 Safari/537.36"
172.177.176.166 - - [07/Apr/2025:22:29:21 -0400] "GET /wp-includes/images/smilies/ HTTP/1.1" 200 1686 "binance.com" "Mozilla/5.0 (Windows NT 10.0; Win64; x64) AppleWebKit/537.36 (KHTML, like Gecko) Chrome/90.0.4430.85 Safari/537.36"
172.177.176.166 - - [07/Apr/2025:22:29:23 -0400] "GET /wp-includes/images/wlw/ HTTP/1.1" 404 6615 "binance.com" "Mozilla/5.0 (Windows NT 10.0; Win64; x64) AppleWebKit/537.36 (KHTML, like Gecko) Chrome/90.0.4430.85 Safari/537.36"
198.54.114.83 - - [07/Apr/2025:22:29:26 -0400] "POST /wp-cron.php?doing_wp_cron=1744079364.5282170772552490234375 HTTP/1.1" 200 0 "-" "WordPress/6.7.2; https://baernblog.com"
172.177.176.166 - - [07/Apr/2025:22:29:27 -0400] "GET /wp-includes/js/%20 HTTP/1.1" 301 0 "binance.com" "Mozilla/5.0 (Windows NT 10.0; Win64; x64) AppleWebKit/537.36 (KHTML, like Gecko) Chrome/90.0.4430.85 Safari/537.36"
172.177.176.166 - - [07/Apr/2025:22:29:28 -0400] "GET /wp-includes/js/ HTTP/1.1" 200 4793 "binance.com" "Mozilla/5.0 (Windows NT 10.0; Win64; x64) AppleWebKit/537.36 (KHTML, like Gecko) Chrome/90.0.4430.85 Safari/537.36"
172.177.176.166 - - [07/Apr/2025:22:29:31 -0400] "GET /wp-includes/js/codemirror/ HTTP/1.1" 200 1357 "binance.com" "Mozilla/5.0 (Windows NT 10.0; Win64; x64) AppleWebKit/537.36 (KHTML, like Gecko) Chrome/90.0.4430.85 Safari/537.36"
172.177.176.166 - - [07/Apr/2025:22:29:33 -0400] "GET /wp-includes/js/plupload/ HTTP/1.1" 200 1406 "binance.com" "Mozilla/5.0 (Windows NT 10.0; Win64; x64) AppleWebKit/537.36 (KHTML, like Gecko) Chrome/90.0.4430.85 Safari/537.36"
172.177.176.166 - - [07/Apr/2025:22:29:36 -0400] "GET /.well-known/ HTTP/1.1" 404 6615 "binance.com" "Mozilla/5.0 (Windows NT 10.0; Win64; x64) AppleWebKit/537.36 (KHTML, like Gecko) Chrome/90.0.4430.85 Safari/537.36"
34.162.62.58 - - [07/Apr/2025:22:38:42 -0400] "GET / HTTP/1.1" 200 97678 "-" "Mozilla/5.0 (Macintosh; Intel Mac OS X 10_15_7) AppleWebKit/537.36 (KHTML, like Gecko) Chrome/135.0.0.0 Safari/537.36"
34.162.62.58 - - [07/Apr/2025:22:38:42 -0400] "GET /app/ HTTP/1.1" 301 0 "-" "Mozilla/5.0 (Macintosh; Intel Mac OS X 10_15_7) AppleWebKit/537.36 (KHTML, like Gecko) Chrome/135.0.0.0 Safari/537.36"
34.162.62.58 - - [07/Apr/2025:22:38:43 -0400] "GET /login/ HTTP/1.1" 302 0 "-" "Mozilla/5.0 (Macintosh; Intel Mac OS X 10_15_7) AppleWebKit/537.36 (KHTML, like Gecko) Chrome/135.0.0.0 Safari/537.36"
34.162.62.58 - - [07/Apr/2025:22:38:43 -0400] "GET /@ali/lzdmod-site-menu-nav-pc/pc/index.css HTTP/1.1" 404 6614 "-" "Mozilla/5.0 (Macintosh; Intel Mac OS X 10_15_7) AppleWebKit/537.36 (KHTML, like Gecko) Chrome/135.0.0.0 Safari/537.36"
34.162.62.58 - - [07/Apr/2025:22:38:44 -0400] "GET /@ali/lzdmod-desktop-footer/pc/index.css HTTP/1.1" 404 6615 "-" "Mozilla/5.0 (Macintosh; Intel Mac OS X 10_15_7) AppleWebKit/537.36 (KHTML, like Gecko) Chrome/135.0.0.0 Safari/537.36"
34.162.62.58 - - [07/Apr/2025:22:38:44 -0400] "GET /@ali/lzdmod-site-menu-pc/pc/index.css HTTP/1.1" 404 6614 "-" "Mozilla/5.0 (Macintosh; Intel Mac OS X 10_15_7) AppleWebKit/537.36 (KHTML, like Gecko) Chrome/135.0.0.0 Safari/537.36"
34.162.62.58 - - [07/Apr/2025:22:38:44 -0400] "GET /@ali/lzdmod-site-nav-pc/pc/index.css HTTP/1.1" 404 6614 "-" "Mozilla/5.0 (Macintosh; Intel Mac OS X 10_15_7) AppleWebKit/537.36 (KHTML, like Gecko) Chrome/135.0.0.0 Safari/537.36"
34.162.62.58 - - [07/Apr/2025:22:38:44 -0400] "GET / HTTP/1.1" 200 97678 "-" "Mozilla/5.0 (iPhone; CPU iPhone OS 18_3_2 like Mac OS X) AppleWebKit/605.1.15 (KHTML, like Gecko) Version/18.3.1 Mobile/15E148 Safari/604.1"
34.162.62.58 - - [07/Apr/2025:22:38:45 -0400] "GET /app/ HTTP/1.1" 301 0 "-" "Mozilla/5.0 (iPhone; CPU iPhone OS 18_3_2 like Mac OS X) AppleWebKit/605.1.15 (KHTML, like Gecko) Version/18.3.1 Mobile/15E148 Safari/604.1"
34.162.62.58 - - [07/Apr/2025:22:38:45 -0400] "GET /login/ HTTP/1.1" 302 0 "-" "Mozilla/5.0 (iPhone; CPU iPhone OS 18_3_2 like Mac OS X) AppleWebKit/605.1.15 (KHTML, like Gecko) Version/18.3.1 Mobile/15E148 Safari/604.1"
154.83.103.115 - - [07/Apr/2025:22:38:56 -0400] "GET /.git/HEAD HTTP/1.1" 403 1242 "-" "-"
195.26.225.209 - - [07/Apr/2025:22:44:42 -0400] "GET / HTTP/1.1" 200 97678 "-" "Mozilla/5.0 (Macintosh; Intel Mac OS X 10_15_7) AppleWebKit/537.36 (KHTML, like Gecko) Chrome/133.0.0.0 Safari/537.36"
45.66.237.167 - - [07/Apr/2025:22:58:36 -0400] "GET /how-to-get-vyvanse-prescription-online/ HTTP/1.1" 200 12526 "-" "Mozilla/5.0 (Macintosh; Intel Mac OS X 12_5) AppleWebKit/537.36 (KHTML, like Gecko) Chrome/114.0.0.0 Safari/537.36 Vivaldi/5.3.2679.68"
196.251.80.228 - - [07/Apr/2025:22:59:27 -0400] "GET / HTTP/1.1" 200 97678 "-" "-"
43.155.188.157 - - [07/Apr/2025:23:14:49 -0400] "GET / HTTP/1.1" 200 97678 "-" "Mozilla/5.0 (iPhone; CPU iPhone OS 13_2_3 like Mac OS X) AppleWebKit/605.1.15 (KHTML, like Gecko) Version/13.0.3 Mobile/15E148 Safari/604.1"
93.123.109.20 - - [07/Apr/2025:23:15:10 -0400] "GET / HTTP/1.1" 200 97678 "-" "Mozilla/5.0 (Windows NT 6.1; WOW64) AppleWebKit/537.36 (KHTML, like Gecko) Chrome/47.0.2526.111 Safari/537.36"
216.244.66.198 - - [07/Apr/2025:23:15:23 -0400] "GET /robots.txt HTTP/1.1" 304 0 "-" "Mozilla/5.0 (compatible; DotBot/1.2; +https://opensiteexplorer.org/dotbot; help@moz.com)"
77.232.38.106 - - [07/Apr/2025:23:22:18 -0400] "GET /how-to-get-vyvanse-prescription-online/ HTTP/1.1" 200 12526 "-" "Mozilla/5.0 (Macintosh; Intel Mac OS X 12_5) AppleWebKit/537.36 (KHTML, like Gecko) Chrome/114.0.0.0 YaBrowser/22.7.0 Yowser/2.5 Safari/537.36"
54.36.148.83 - - [07/Apr/2025:23:35:14 -0400] "GET /robots.txt HTTP/1.1" 200 124 "-" "Mozilla/5.0 (compatible; AhrefsBot/7.0; +http://ahrefs.com/robot/)"
185.245.104.75 - - [07/Apr/2025:23:43:23 -0400] "GET / HTTP/1.1" 200 97678 "-" "Mozilla/5.0 (Macintosh; Intel Mac OS X 10_15_7) AppleWebKit/537.36 (KHTML, like Gecko) Chrome/133.0.0.0 Safari/537.36"
195.47.238.93 - - [07/Apr/2025:23:43:48 -0400] "GET / HTTP/1.1" 200 97678 "http://baernblog.com" "Mozilla/5.0 (Windows NT 6.3; WOW64) AppleWebKit/537.36 (KHTML, like Gecko) Chrome/46.0.2490.86 YaBrowser/15.12.1.6758 Safari/537.36"
91.84.104.205 - - [07/Apr/2025:23:47:41 -0400] "GET / HTTP/1.1" 200 97678 "-" "Mozilla/5.0 (Macintosh; Intel Mac OS X 10_15_7) AppleWebKit/537.36 (KHTML, like Gecko) Chrome/133.0.0.0 Safari/537.36"
146.70.194.228 - - [08/Apr/2025:00:00:13 -0400] "GET / HTTP/1.1" 200 97678 "-" "Mozilla/5.0 (Windows NT 10.0; Win64; x64) AppleWebKit/537.36 (KHTML, like Gecko) Chrome/78.0.3904.108 Safari/537.36"
146.70.194.228 - - [08/Apr/2025:00:00:15 -0400] "GET / HTTP/1.1" 200 97678 "-" "Mozilla/5.0 (Windows NT 10.0; Win64; x64) AppleWebKit/537.36 (KHTML, like Gecko) Chrome/78.0.3904.108 Safari/537.36"
146.70.194.228 - - [08/Apr/2025:00:00:16 -0400] "GET /wp-includes/wlwmanifest.xml HTTP/1.1" 404 6614 "-" "Mozilla/5.0 (Windows NT 10.0; Win64; x64) AppleWebKit/537.36 (KHTML, like Gecko) Chrome/78.0.3904.108 Safari/537.36"
198.54.114.83 - - [08/Apr/2025:00:00:30 -0400] "POST /wp-cron.php?doing_wp_cron=1744084824.6998848915100097656250 HTTP/1.1" 200 0 "-" "WordPress/6.7.2; https://baernblog.com"
146.70.194.228 - - [08/Apr/2025:00:00:30 -0400] "GET /?author=1 HTTP/1.1" 200 97678 "-" "Mozilla/5.0 (Windows NT 10.0; Win64; x64) AppleWebKit/537.36 (KHTML, like Gecko) Chrome/78.0.3904.108 Safari/537.36"
146.70.194.228 - - [08/Apr/2025:00:00:34 -0400] "GET /?author=2 HTTP/1.1" 200 97678 "-" "Mozilla/5.0 (Windows NT 10.0; Win64; x64) AppleWebKit/537.36 (KHTML, like Gecko) Chrome/78.0.3904.108 Safari/537.36"
146.70.194.228 - - [08/Apr/2025:00:00:38 -0400] "GET /wp-json/wp/v2/users/ HTTP/1.1" 200 1325 "-" "Mozilla/5.0 (Windows NT 10.0; Win64; x64) AppleWebKit/537.36 (KHTML, like Gecko) Chrome/78.0.3904.108 Safari/537.36"
146.70.194.228 - - [08/Apr/2025:00:00:40 -0400] "POST /xmlrpc.php HTTP/1.1" 200 236 "-" "Mozilla/5.0 (Windows NT 10.0; Win64; x64) AppleWebKit/537.36 (KHTML, like Gecko) Chrome/78.0.3904.108 Safari/537.36"
146.70.194.228 - - [08/Apr/2025:00:00:42 -0400] "POST /xmlrpc.php HTTP/1.1" 200 236 "-" "Mozilla/5.0 (Windows NT 10.0; Win64; x64) AppleWebKit/537.36 (KHTML, like Gecko) Chrome/78.0.3904.108 Safari/537.36"
146.70.194.228 - - [08/Apr/2025:00:00:45 -0400] "POST /xmlrpc.php HTTP/1.1" 200 236 "-" "Mozilla/5.0 (Windows NT 10.0; Win64; x64) AppleWebKit/537.36 (KHTML, like Gecko) Chrome/78.0.3904.108 Safari/537.36"
212.34.155.126 - - [08/Apr/2025:00:02:17 -0400] "GET / HTTP/1.1" 200 97678 "-" "Mozilla/5.0 (Macintosh; Intel Mac OS X 10_15_7) AppleWebKit/537.36 (KHTML, like Gecko) Chrome/133.0.0.0 Safari/537.36"
146.70.194.228 - - [08/Apr/2025:00:00:47 -0400] "POST /xmlrpc.php HTTP/1.1" 200 236 "-" "Mozilla/5.0 (Windows NT 10.0; Win64; x64) AppleWebKit/537.36 (KHTML, like Gecko) Chrome/78.0.3904.108 Safari/537.36"
146.70.194.228 - - [08/Apr/2025:00:00:49 -0400] "POST /xmlrpc.php HTTP/1.1" 200 236 "-" "Mozilla/5.0 (Windows NT 10.0; Win64; x64) AppleWebKit/537.36 (KHTML, like Gecko) Chrome/78.0.3904.108 Safari/537.36"
146.70.194.228 - - [08/Apr/2025:00:00:52 -0400] "POST /xmlrpc.php HTTP/1.1" 200 236 "-" "Mozilla/5.0 (Windows NT 10.0; Win64; x64) AppleWebKit/537.36 (KHTML, like Gecko) Chrome/78.0.3904.108 Safari/537.36"
47.243.78.44 - - [08/Apr/2025:00:08:04 -0400] "GET /robots.txt HTTP/1.1" 304 0 "-" "Mozilla/5.0 (Windows NT 10.0; Win64; x64) AppleWebKit/537.36 (KHTML, like Gecko) Chrome/75.0.2352.40 Safari/537.36"
85.208.98.23 - - [08/Apr/2025:00:31:49 -0400] "GET /robots.txt HTTP/1.1" 304 0 "-" "Mozilla/5.0 (compatible; SemrushBot-BA; +http://www.semrush.com/bot.html)"
188.130.129.202 - - [08/Apr/2025:00:33:32 -0400] "GET / HTTP/1.1" 200 97678 "http://baernblog.com/" "Mozilla/5.0 (Windows NT 10.0; Win64; x64) AppleWebKit/537.36 (KHTML, like Gecko) Chrome/129.0.0.0 Safari/537.36"
172.176.72.198 - - [08/Apr/2025:00:45:04 -0400] "HEAD /wordpress HTTP/1.1" 404 0 "-" "Mozilla/5.0 (Windows NT 10.0; Win64; x64) AppleWebKit/537.36 (KHTML, like Gecko) Chrome/74.0.3729.169 Safari/537.36"
172.176.72.198 - - [08/Apr/2025:00:45:07 -0400] "HEAD / HTTP/1.1" 200 0 "-" "Mozilla/5.0 (Windows NT 10.0; Win64; x64) AppleWebKit/537.36 (KHTML, like Gecko) Chrome/74.0.3729.169 Safari/537.36"
172.176.72.198 - - [08/Apr/2025:00:45:09 -0400] "HEAD /wp HTTP/1.1" 404 0 "-" "Mozilla/5.0 (Windows NT 10.0; Win64; x64) AppleWebKit/537.36 (KHTML, like Gecko) Chrome/74.0.3729.169 Safari/537.36"
172.176.72.198 - - [08/Apr/2025:00:45:12 -0400] "HEAD /bc HTTP/1.1" 404 0 "-" "Mozilla/5.0 (Windows NT 10.0; Win64; x64) AppleWebKit/537.36 (KHTML, like Gecko) Chrome/74.0.3729.169 Safari/537.36"
198.54.114.83 - - [08/Apr/2025:00:45:15 -0400] "POST /wp-cron.php?doing_wp_cron=1744087512.8619151115417480468750 HTTP/1.1" 200 0 "-" "WordPress/6.7.2; https://baernblog.com"
172.176.72.198 - - [08/Apr/2025:00:45:17 -0400] "HEAD /bk HTTP/1.1" 404 0 "-" "Mozilla/5.0 (Windows NT 10.0; Win64; x64) AppleWebKit/537.36 (KHTML, like Gecko) Chrome/74.0.3729.169 Safari/537.36"
172.176.72.198 - - [08/Apr/2025:00:45:20 -0400] "HEAD /backup HTTP/1.1" 404 0 "-" "Mozilla/5.0 (Windows NT 10.0; Win64; x64) AppleWebKit/537.36 (KHTML, like Gecko) Chrome/74.0.3729.169 Safari/537.36"
172.176.72.198 - - [08/Apr/2025:00:45:21 -0400] "HEAD /old HTTP/1.1" 404 0 "-" "Mozilla/5.0 (Windows NT 10.0; Win64; x64) AppleWebKit/537.36 (KHTML, like Gecko) Chrome/74.0.3729.169 Safari/537.36"
172.176.72.198 - - [08/Apr/2025:00:45:24 -0400] "HEAD /new HTTP/1.1" 301 0 "-" "Mozilla/5.0 (Windows NT 10.0; Win64; x64) AppleWebKit/537.36 (KHTML, like Gecko) Chrome/74.0.3729.169 Safari/537.36"
172.176.72.198 - - [08/Apr/2025:00:45:30 -0400] "HEAD /main HTTP/1.1" 404 0 "-" "Mozilla/5.0 (Windows NT 10.0; Win64; x64) AppleWebKit/537.36 (KHTML, like Gecko) Chrome/74.0.3729.169 Safari/537.36"
172.176.72.198 - - [08/Apr/2025:00:45:32 -0400] "HEAD /home HTTP/1.1" 301 0 "-" "Mozilla/5.0 (Windows NT 10.0; Win64; x64) AppleWebKit/537.36 (KHTML, like Gecko) Chrome/74.0.3729.169 Safari/537.36"
198.54.114.83 - - [08/Apr/2025:00:57:01 -0400] "POST /wp-cron.php?doing_wp_cron=1744088219.8643679618835449218750 HTTP/1.1" 200 0 "-" "WordPress/6.7.2; https://baernblog.com"
45.148.10.174 - - [08/Apr/2025:00:56:55 -0400] "GET /assets/download-app/index.js HTTP/1.1" 404 6616 "-" "Mozilla/5.0 (Macintosh; Intel Mac OS X 10_15_7) AppleWebKit/537.36 Chrome/120.0.0.0"
216.244.66.198 - - [08/Apr/2025:01:07:42 -0400] "GET /robots.txt HTTP/1.1" 304 0 "-" "Mozilla/5.0 (compatible; DotBot/1.2; +https://opensiteexplorer.org/dotbot; help@moz.com)"
4.227.36.88 - - [08/Apr/2025:01:16:52 -0400] "GET /robots.txt HTTP/1.1" 200 124 "-" "Mozilla/5.0 AppleWebKit/537.36 (KHTML, like Gecko; compatible; GPTBot/1.2; +https://openai.com/gptbot)"
45.80.158.205 - - [08/Apr/2025:01:30:44 -0400] "GET / HTTP/1.1" 200 97678 "http://baernblog.com" "Mozilla/5.0 (Windows NT 6.1; Win64; x64) AppleWebKit/537.36 (KHTML, like Gecko) Chrome/68.0.3440.7 Safari/537.36"
216.244.66.198 - - [08/Apr/2025:01:55:57 -0400] "GET /robots.txt HTTP/1.1" 304 0 "-" "Mozilla/5.0 (compatible; DotBot/1.2; +https://opensiteexplorer.org/dotbot; help@moz.com)"
172.234.248.66 - - [08/Apr/2025:02:00:13 -0400] "GET / HTTP/1.1" 200 97678 "-" "-"
212.34.154.131 - - [08/Apr/2025:02:18:54 -0400] "GET / HTTP/1.1" 200 97678 "-" "Mozilla/5.0 (Macintosh; Intel Mac OS X 10_15_7) AppleWebKit/537.36 (KHTML, like Gecko) Chrome/133.0.0.0 Safari/537.36"
198.54.114.83 - - [08/Apr/2025:02:37:33 -0400] "POST /wp-cron.php?doing_wp_cron=1744094252.2765400409698486328125 HTTP/1.1" 200 0 "-" "WordPress/6.7.2; https://baernblog.com"
194.38.23.16 - - [08/Apr/2025:02:37:28 -0400] "GET /server/php/index.php?file=tf2rghf.jpg HTTP/1.1" 301 0 "-" "ALittle Client"
198.54.114.83 - - [08/Apr/2025:02:39:33 -0400] "POST /wp-cron.php?doing_wp_cron=1744094372.5596640110015869140625 HTTP/1.1" 200 0 "-" "WordPress/6.7.2; https://baernblog.com"
194.38.23.16 - - [08/Apr/2025:02:39:27 -0400] "GET /server/php/?file=tf2rghf.jpg HTTP/1.1" 404 6615 "-" "ALittle Client"
198.54.114.83 - - [08/Apr/2025:02:40:19 -0400] "POST /wp-cron.php?doing_wp_cron=1744094418.1456449031829833984375 HTTP/1.1" 200 0 "-" "WordPress/6.7.2; https://baernblog.com"
45.148.10.174 - - [08/Apr/2025:02:40:17 -0400] "GET /g.lazcdn.com/g/lzdmod/loader/5.0.2/??index.js HTTP/1.1" 301 0 "-" "Mozilla/5.0 (Windows NT 10.0; Win64; x64) AppleWebKit/537.36 Chrome/121.0.0.0"
45.148.10.174 - - [08/Apr/2025:02:40:20 -0400] "GET /g.lazcdn.com/g/lzdmod/loader/5.0.2/?index.js HTTP/1.1" 404 6616 "-" "Mozilla/5.0 (Windows NT 10.0; Win64; x64) AppleWebKit/537.36 Chrome/121.0.0.0"
212.118.43.65 - - [08/Apr/2025:02:43:40 -0400] "GET / HTTP/1.1" 200 97678 "-" "Mozilla/5.0 (Macintosh; Intel Mac OS X 10_15_7) AppleWebKit/537.36 (KHTML, like Gecko) Chrome/133.0.0.0 Safari/537.36"
195.20.18.175 - - [08/Apr/2025:02:53:15 -0400] "GET /server/php/index.php?file=tf2rghf.jpg HTTP/1.1" 301 0 "-" "ALittle Client"
195.20.18.175 - - [08/Apr/2025:02:55:09 -0400] "GET /server/php/?file=tf2rghf.jpg HTTP/1.1" 404 6615 "-" "ALittle Client"
125.88.226.216 - - [08/Apr/2025:02:56:41 -0400] "GET /wp-login.php HTTP/1.1" 302 0 "-" "Apache-HttpClient/4.5.2 (Java/1.8.0_161)"
198.54.114.83 - - [08/Apr/2025:02:56:43 -0400] "POST /wp-cron.php?doing_wp_cron=1744095402.0075678825378417968750 HTTP/1.1" 200 0 "-" "WordPress/6.7.2; https://baernblog.com"
125.88.226.216 - - [08/Apr/2025:02:56:46 -0400] "GET /?author=1 HTTP/1.1" 200 97678 "-" "Apache-HttpClient/4.5.2 (Java/1.8.0_161)"
125.88.226.216 - - [08/Apr/2025:02:56:47 -0400] "GET /?author=2 HTTP/1.1" 200 97678 "-" "Apache-HttpClient/4.5.2 (Java/1.8.0_161)"
125.88.226.216 - - [08/Apr/2025:02:56:48 -0400] "GET /?author=3 HTTP/1.1" 200 97678 "-" "Apache-HttpClient/4.5.2 (Java/1.8.0_161)"
125.88.226.216 - - [08/Apr/2025:02:56:50 -0400] "GET /?author=4 HTTP/1.1" 200 97678 "-" "Apache-HttpClient/4.5.2 (Java/1.8.0_161)"
125.88.226.216 - - [08/Apr/2025:02:56:52 -0400] "GET /?author=5 HTTP/1.1" 200 97678 "-" "Apache-HttpClient/4.5.2 (Java/1.8.0_161)"
125.88.226.216 - - [08/Apr/2025:02:56:54 -0400] "GET /?author=6 HTTP/1.1" 200 97678 "-" "Apache-HttpClient/4.5.2 (Java/1.8.0_161)"
125.88.226.216 - - [08/Apr/2025:02:56:55 -0400] "GET /?author=7 HTTP/1.1" 200 97678 "-" "Apache-HttpClient/4.5.2 (Java/1.8.0_161)"
125.88.226.216 - - [08/Apr/2025:02:56:56 -0400] "GET /?author=8 HTTP/1.1" 200 97678 "-" "Apache-HttpClient/4.5.2 (Java/1.8.0_161)"
125.88.226.216 - - [08/Apr/2025:02:56:57 -0400] "GET /?author=9 HTTP/1.1" 200 97678 "-" "Apache-HttpClient/4.5.2 (Java/1.8.0_161)"
125.88.226.216 - - [08/Apr/2025:02:56:58 -0400] "GET /?author=10 HTTP/1.1" 200 97678 "-" "Apache-HttpClient/4.5.2 (Java/1.8.0_161)"
125.88.226.216 - - [08/Apr/2025:02:56:59 -0400] "GET /?author=11 HTTP/1.1" 200 97678 "-" "Apache-HttpClient/4.5.2 (Java/1.8.0_161)"
125.88.226.216 - - [08/Apr/2025:02:57:00 -0400] "GET /?author=12 HTTP/1.1" 200 97678 "-" "Apache-HttpClient/4.5.2 (Java/1.8.0_161)"
125.88.226.216 - - [08/Apr/2025:02:57:01 -0400] "GET /?author=13 HTTP/1.1" 200 97678 "-" "Apache-HttpClient/4.5.2 (Java/1.8.0_161)"
125.88.226.216 - - [08/Apr/2025:02:57:03 -0400] "GET /?author=14 HTTP/1.1" 200 97678 "-" "Apache-HttpClient/4.5.2 (Java/1.8.0_161)"
125.88.226.216 - - [08/Apr/2025:02:57:05 -0400] "GET /?author=15 HTTP/1.1" 200 97678 "-" "Apache-HttpClient/4.5.2 (Java/1.8.0_161)"
125.88.226.216 - - [08/Apr/2025:02:57:06 -0400] "GET /?author=16 HTTP/1.1" 200 97678 "-" "Apache-HttpClient/4.5.2 (Java/1.8.0_161)"
125.88.226.216 - - [08/Apr/2025:02:57:08 -0400] "GET /?author=17 HTTP/1.1" 200 97678 "-" "Apache-HttpClient/4.5.2 (Java/1.8.0_161)"
125.88.226.216 - - [08/Apr/2025:02:57:11 -0400] "GET /?author=18 HTTP/1.1" 200 97678 "-" "Apache-HttpClient/4.5.2 (Java/1.8.0_161)"
125.88.226.216 - - [08/Apr/2025:02:57:13 -0400] "GET /?author=19 HTTP/1.1" 200 97678 "-" "Apache-HttpClient/4.5.2 (Java/1.8.0_161)"
125.88.226.216 - - [08/Apr/2025:02:57:15 -0400] "GET /?author=20 HTTP/1.1" 200 97678 "-" "Apache-HttpClient/4.5.2 (Java/1.8.0_161)"
145.239.10.137 - - [08/Apr/2025:03:08:38 -0400] "GET /theme.php HTTP/1.1" 404 6615 "http://baernblog.com/theme.php" "Mozilla/5.0 (iPhone; CPU iPhone OS 17_5_1 like Mac OS X) AppleWebKit/605.1.15 (KHTML, like Gecko) Version/17.5 Mobile/15E148 Safari/604.1"
145.239.10.137 - - [08/Apr/2025:03:08:38 -0400] "GET /themes.php HTTP/1.1" 404 6615 "http://baernblog.com/themes.php" "Mozilla/5.0 (iPhone; CPU iPhone OS 17_5_1 like Mac OS X) AppleWebKit/605.1.15 (KHTML, like Gecko) Version/17.5 Mobile/15E148 Safari/604.1"
198.54.114.83 - - [08/Apr/2025:03:08:49 -0400] "POST /wp-cron.php?doing_wp_cron=1744096123.5749840736389160156250 HTTP/1.1" 200 0 "-" "WordPress/6.7.2; https://baernblog.com"
198.54.114.83 - - [08/Apr/2025:03:08:49 -0400] "POST /wp-cron.php?doing_wp_cron=1744096123.5753610134124755859375 HTTP/1.1" 200 0 "-" "WordPress/6.7.2; https://baernblog.com"
60.188.57.0 - - [08/Apr/2025:03:13:33 -0400] "GET / HTTP/1.1" 200 97678 "-" "Mozilla/5.0 (iPhone; CPU iPhone OS 13_2_3 like Mac OS X) AppleWebKit/605.1.15 (KHTML, like Gecko) Version/13.0.3 Mobile/15E148 Safari/604.1"
85.208.98.23 - - [08/Apr/2025:03:50:05 -0400] "GET /robots.txt HTTP/1.1" 304 0 "-" "Mozilla/5.0 (compatible; SemrushBot-BA; +http://www.semrush.com/bot.html)"
85.208.98.23 - - [08/Apr/2025:03:50:09 -0400] "GET /robots.txt HTTP/1.1" 304 0 "-" "Mozilla/5.0 (compatible; SemrushBot-BA; +http://www.semrush.com/bot.html)"
203.75.213.2 - - [08/Apr/2025:03:54:43 -0400] "GET / HTTP/1.1" 200 97678 "-" "Python/3.8 aiohttp/3.8.4"
161.35.108.218 - - [08/Apr/2025:04:02:49 -0400] "GET / HTTP/1.1" 200 97678 "-" "Mozilla/5.0 (compatible)"
198.54.114.83 - - [08/Apr/2025:04:19:59 -0400] "POST /wp-cron.php?doing_wp_cron=1744100398.8620100021362304687500 HTTP/1.1" 200 0 "-" "WordPress/6.7.2; https://baernblog.com"
216.244.66.198 - - [08/Apr/2025:04:19:51 -0400] "GET /robots.txt HTTP/1.1" 200 124 "-" "Mozilla/5.0 (compatible; DotBot/1.2; +https://opensiteexplorer.org/dotbot; help@moz.com)"
185.157.214.24 - - [08/Apr/2025:04:53:14 -0400] "GET / HTTP/1.1" 200 97678 "-" "Mozilla/5.0 (Macintosh; Intel Mac OS X 10_15_7) AppleWebKit/537.36 (KHTML, like Gecko) Chrome/133.0.0.0 Safari/537.36"
13.82.27.229 - - [08/Apr/2025:05:02:02 -0400] "HEAD /wordpress HTTP/1.1" 404 0 "-" "Mozilla/5.0 (Windows NT 10.0; Win64; x64) AppleWebKit/537.36 (KHTML, like Gecko) Chrome/74.0.3729.169 Safari/537.36"
198.54.114.83 - - [08/Apr/2025:05:02:10 -0400] "POST /wp-cron.php?doing_wp_cron=1744102927.6221339702606201171875 HTTP/1.1" 200 0 "-" "WordPress/6.7.2; https://baernblog.com"
13.82.27.229 - - [08/Apr/2025:05:02:12 -0400] "HEAD / HTTP/1.1" 200 0 "-" "Mozilla/5.0 (Windows NT 10.0; Win64; x64) AppleWebKit/537.36 (KHTML, like Gecko) Chrome/74.0.3729.169 Safari/537.36"
13.82.27.229 - - [08/Apr/2025:05:02:15 -0400] "HEAD /wp HTTP/1.1" 404 0 "-" "Mozilla/5.0 (Windows NT 10.0; Win64; x64) AppleWebKit/537.36 (KHTML, like Gecko) Chrome/74.0.3729.169 Safari/537.36"
13.82.27.229 - - [08/Apr/2025:05:02:17 -0400] "HEAD /bc HTTP/1.1" 404 0 "-" "Mozilla/5.0 (Windows NT 10.0; Win64; x64) AppleWebKit/537.36 (KHTML, like Gecko) Chrome/74.0.3729.169 Safari/537.36"
13.82.27.229 - - [08/Apr/2025:05:02:20 -0400] "HEAD /bk HTTP/1.1" 404 0 "-" "Mozilla/5.0 (Windows NT 10.0; Win64; x64) AppleWebKit/537.36 (KHTML, like Gecko) Chrome/74.0.3729.169 Safari/537.36"
13.82.27.229 - - [08/Apr/2025:05:02:22 -0400] "HEAD /backup HTTP/1.1" 404 0 "-" "Mozilla/5.0 (Windows NT 10.0; Win64; x64) AppleWebKit/537.36 (KHTML, like Gecko) Chrome/74.0.3729.169 Safari/537.36"
13.82.27.229 - - [08/Apr/2025:05:02:25 -0400] "HEAD /old HTTP/1.1" 404 0 "-" "Mozilla/5.0 (Windows NT 10.0; Win64; x64) AppleWebKit/537.36 (KHTML, like Gecko) Chrome/74.0.3729.169 Safari/537.36"
13.82.27.229 - - [08/Apr/2025:05:02:27 -0400] "HEAD /new HTTP/1.1" 301 0 "-" "Mozilla/5.0 (Windows NT 10.0; Win64; x64) AppleWebKit/537.36 (KHTML, like Gecko) Chrome/74.0.3729.169 Safari/537.36"
13.82.27.229 - - [08/Apr/2025:05:02:33 -0400] "HEAD /main HTTP/1.1" 404 0 "-" "Mozilla/5.0 (Windows NT 10.0; Win64; x64) AppleWebKit/537.36 (KHTML, like Gecko) Chrome/74.0.3729.169 Safari/537.36"
13.82.27.229 - - [08/Apr/2025:05:02:36 -0400] "HEAD /home HTTP/1.1" 301 0 "-" "Mozilla/5.0 (Windows NT 10.0; Win64; x64) AppleWebKit/537.36 (KHTML, like Gecko) Chrome/74.0.3729.169 Safari/537.36"
216.244.66.198 - - [08/Apr/2025:05:05:41 -0400] "GET /robots.txt HTTP/1.1" 200 124 "-" "Mozilla/5.0 (compatible; DotBot/1.2; +https://opensiteexplorer.org/dotbot; help@moz.com)"
198.54.114.83 - - [08/Apr/2025:05:05:49 -0400] "POST /wp-cron.php?doing_wp_cron=1744103146.8458499908447265625000 HTTP/1.1" 200 0 "-" "WordPress/6.7.2; https://baernblog.com"
104.248.157.201 - - [08/Apr/2025:05:14:39 -0400] "GET / HTTP/1.1" 200 97678 "-" "Mozilla/5.0 (Windows NT 10.0; Win64; x64) AppleWebKit/537.36 (KHTML, like Gecko) Chrome/88.0.4240.193 Safari/537.36"
104.248.157.201 - - [08/Apr/2025:05:14:43 -0400] "GET / HTTP/1.1" 200 97678 "-" "Mozilla/5.0 (Windows NT 10.0; Win64; x64) AppleWebKit/537.36 (KHTML, like Gecko) Chrome/88.0.4240.193 Safari/537.36"
104.248.157.201 - - [08/Apr/2025:05:14:46 -0400] "GET /wp-includes/wlwmanifest.xml HTTP/1.1" 404 6616 "-" "Mozilla/5.0 (Windows NT 10.0; Win64; x64) AppleWebKit/537.36 (KHTML, like Gecko) Chrome/88.0.4240.193 Safari/537.36"
198.54.114.83 - - [08/Apr/2025:05:14:52 -0400] "POST /wp-cron.php?doing_wp_cron=1744103690.6887030601501464843750 HTTP/1.1" 200 0 "-" "WordPress/6.7.2; https://baernblog.com"
104.248.157.201 - - [08/Apr/2025:05:14:54 -0400] "GET /wp-login.php HTTP/1.1" 302 0 "-" "Mozilla/5.0 (Windows NT 10.0; Win64; x64) AppleWebKit/537.36 (KHTML, like Gecko) Chrome/88.0.4240.193 Safari/537.36"
216.244.66.198 - - [08/Apr/2025:05:53:31 -0400] "GET /robots.txt HTTP/1.1" 200 124 "-" "Mozilla/5.0 (compatible; DotBot/1.2; +https://opensiteexplorer.org/dotbot; help@moz.com)"
93.123.109.40 - - [08/Apr/2025:06:13:35 -0400] "GET / HTTP/1.1" 200 97678 "-" "Mozilla/5.0 (Windows NT 6.1; WOW64) AppleWebKit/537.36 (KHTML, like Gecko) Chrome/47.0.2526.111 Safari/537.36"
49.51.195.195 - - [08/Apr/2025:06:16:26 -0400] "GET / HTTP/1.1" 200 97678 "-" "Mozilla/5.0 (iPhone; CPU iPhone OS 13_2_3 like Mac OS X) AppleWebKit/605.1.15 (KHTML, like Gecko) Version/13.0.3 Mobile/15E148 Safari/604.1"
80.67.167.81 - - [08/Apr/2025:06:16:42 -0400] "GET / HTTP/1.1" 200 97678 "http://baernblog.com" "Mozilla/5.0 (Windows NT) AppleWebKit/534.20 (KHTML, like Gecko) Chrome/11.0.672.2 Safari/534.20"
43.134.109.112 - - [08/Apr/2025:06:31:26 -0400] "GET /thoms.php HTTP/1.1" 404 6614 "www.google.com" "Mozlila/5.0 (Linux; Android 7.0; SM-G892A Bulid/NRD90M; wv) AppleWebKit/537.36 (KHTML, like Gecko) Version/4.0 Chrome/60.0.3112.107 Moblie Safari/537.36"
198.54.114.83 - - [08/Apr/2025:06:31:35 -0400] "POST /wp-cron.php?doing_wp_cron=1744108292.4551589488983154296875 HTTP/1.1" 200 0 "-" "WordPress/6.7.2; https://baernblog.com"
196.251.72.46 - - [08/Apr/2025:06:37:59 -0400] "GET / HTTP/1.1" 200 97678 "-" "-"
196.251.86.53 - - [08/Apr/2025:06:42:16 -0400] "POST /wp-plain.php HTTP/1.1" 200 0 "www.google.com" "Mozilla/5.0 (Linux; Android 7.0; SM-G892A Bulid/NRD90M; wv) AppleWebKit/537.36 (KHTML, like Gecko) Version/4.0 Chrome/60.0.3112.107 Moblie Safari/537.36"
196.251.86.53 - - [08/Apr/2025:06:42:16 -0400] "GET /wp-content/themes/seotheme/db.php?u HTTP/1.1" 200 0 "www.google.com" "Mozlila/5.0 (Linux; Android 7.0; SM-G892A Bulid/NRD90M; wv) AppleWebKit/537.36 (KHTML, like Gecko) Version/4.0 Chrome/60.0.3112.107 Moblie Safari/537.36"
196.251.86.53 - - [08/Apr/2025:06:42:16 -0400] "POST /ALFA_DATA/alfacgiapi/perl.alfa HTTP/1.1" 404 6566 "www.google.com" "Mozlila/5.0 (Linux; Android 7.0; SM-G892A Bulid/NRD90M; wv) AppleWebKit/537.36 (KHTML, like Gecko) Version/4.0 Chrome/60.0.3112.107 Moblie Safari/537.36"
196.251.86.53 - - [08/Apr/2025:06:42:23 -0400] "GET /wp-content/themes/seotheme/db.php?u HTTP/1.1" 404 6614 "www.google.com" "Mozlila/5.0 (Linux; Android 7.0; SM-G892A Bulid/NRD90M; wv) AppleWebKit/537.36 (KHTML, like Gecko) Version/4.0 Chrome/60.0.3112.107 Moblie Safari/537.36"
198.54.114.83 - - [08/Apr/2025:06:42:25 -0400] "POST /wp-cron.php?doing_wp_cron=1744108941.4692831039428710937500 HTTP/1.1" 200 0 "-" "WordPress/6.7.2; https://baernblog.com"
198.54.114.83 - - [08/Apr/2025:06:42:25 -0400] "POST /wp-cron.php?doing_wp_cron=1744108941.4691669940948486328125 HTTP/1.1" 200 0 "-" "WordPress/6.7.2; https://baernblog.com"
198.54.114.83 - - [08/Apr/2025:06:42:25 -0400] "POST /wp-cron.php?doing_wp_cron=1744108941.4696199893951416015625 HTTP/1.1" 200 0 "-" "WordPress/6.7.2; https://baernblog.com"
196.251.86.53 - - [08/Apr/2025:06:42:27 -0400] "POST /alfacgiapi/perl.alfa HTTP/1.1" 404 6566 "www.google.com" "Mozlila/5.0 (Linux; Android 7.0; SM-G892A Bulid/NRD90M; wv) AppleWebKit/537.36 (KHTML, like Gecko) Version/4.0 Chrome/60.0.3112.107 Moblie Safari/537.36"
34.162.207.59 - - [08/Apr/2025:06:52:51 -0400] "GET / HTTP/1.1" 200 97678 "-" "Mozilla/5.0 (Macintosh; Intel Mac OS X 10_15_7) AppleWebKit/537.36 (KHTML, like Gecko) Chrome/135.0.0.0 Safari/537.36"
34.162.207.59 - - [08/Apr/2025:06:52:55 -0400] "GET /app/ HTTP/1.1" 301 0 "-" "Mozilla/5.0 (Macintosh; Intel Mac OS X 10_15_7) AppleWebKit/537.36 (KHTML, like Gecko) Chrome/135.0.0.0 Safari/537.36"
34.162.207.59 - - [08/Apr/2025:06:53:05 -0400] "GET /login/ HTTP/1.1" 302 0 "-" "Mozilla/5.0 (Macintosh; Intel Mac OS X 10_15_7) AppleWebKit/537.36 (KHTML, like Gecko) Chrome/135.0.0.0 Safari/537.36"
34.162.207.59 - - [08/Apr/2025:06:53:07 -0400] "GET /@ali/lzdmod-desktop-footer/pc/index.css HTTP/1.1" 404 6614 "-" "Mozilla/5.0 (Macintosh; Intel Mac OS X 10_15_7) AppleWebKit/537.36 (KHTML, like Gecko) Chrome/135.0.0.0 Safari/537.36"
198.54.114.83 - - [08/Apr/2025:06:53:10 -0400] "POST /wp-cron.php?doing_wp_cron=1744109588.0692648887634277343750 HTTP/1.1" 200 0 "-" "WordPress/6.7.2; https://baernblog.com"
34.162.207.59 - - [08/Apr/2025:06:53:11 -0400] "GET /@ali/lzdmod-site-menu-pc/pc/index.css HTTP/1.1" 404 6616 "-" "Mozilla/5.0 (Macintosh; Intel Mac OS X 10_15_7) AppleWebKit/537.36 (KHTML, like Gecko) Chrome/135.0.0.0 Safari/537.36"
34.162.207.59 - - [08/Apr/2025:06:53:14 -0400] "GET /@ali/lzdmod-site-menu-nav-pc/pc/index.css HTTP/1.1" 404 6614 "-" "Mozilla/5.0 (Macintosh; Intel Mac OS X 10_15_7) AppleWebKit/537.36 (KHTML, like Gecko) Chrome/135.0.0.0 Safari/537.36"
34.162.207.59 - - [08/Apr/2025:06:53:17 -0400] "GET /@ali/lzdmod-site-nav-pc/pc/index.css HTTP/1.1" 404 6614 "-" "Mozilla/5.0 (Macintosh; Intel Mac OS X 10_15_7) AppleWebKit/537.36 (KHTML, like Gecko) Chrome/135.0.0.0 Safari/537.36"
34.162.207.59 - - [08/Apr/2025:06:53:21 -0400] "GET / HTTP/1.1" 200 97678 "-" "Mozilla/5.0 (iPhone; CPU iPhone OS 18_3_2 like Mac OS X) AppleWebKit/605.1.15 (KHTML, like Gecko) Version/18.3.1 Mobile/15E148 Safari/604.1"
34.162.207.59 - - [08/Apr/2025:06:53:22 -0400] "GET /app/ HTTP/1.1" 301 0 "-" "Mozilla/5.0 (iPhone; CPU iPhone OS 18_3_2 like Mac OS X) AppleWebKit/605.1.15 (KHTML, like Gecko) Version/18.3.1 Mobile/15E148 Safari/604.1"
34.162.207.59 - - [08/Apr/2025:06:53:23 -0400] "GET /login/ HTTP/1.1" 302 0 "-" "Mozilla/5.0 (iPhone; CPU iPhone OS 18_3_2 like Mac OS X) AppleWebKit/605.1.15 (KHTML, like Gecko) Version/18.3.1 Mobile/15E148 Safari/604.1"
222.186.134.234 - - [08/Apr/2025:06:58:29 -0400] "GET / HTTP/1.1" 200 97678 "http://baernblog.com/" "Mozilla/4.0 (compatible; MSIE 9.0; Windows NT 6.1)"
216.244.66.198 - - [08/Apr/2025:07:27:05 -0400] "GET /robots.txt HTTP/1.1" 200 124 "-" "Mozilla/5.0 (compatible; DotBot/1.2; +https://opensiteexplorer.org/dotbot; help@moz.com)"
45.236.48.45 - - [08/Apr/2025:07:33:13 -0400] "GET /.env HTTP/1.1" 403 1242 "-" "Mozilla/5.0 (Windows NT 10.0; Win64; x64; rv:58.0) Gecko/20100101 Firefox/58.0"
45.236.48.45 - - [08/Apr/2025:07:33:23 -0400] "GET /.env.example HTTP/1.1" 403 1242 "-" "Mozilla/5.0 (Windows NT 10.0; Win64; x64; rv:58.0) Gecko/20100101 Firefox/58.0"
45.236.48.45 - - [08/Apr/2025:07:33:28 -0400] "GET /blog/.env HTTP/1.1" 403 1242 "-" "Mozilla/5.0 (Windows NT 10.0; Win64; x64; rv:58.0) Gecko/20100101 Firefox/58.0"
45.236.48.45 - - [08/Apr/2025:07:33:35 -0400] "GET /api/.env HTTP/1.1" 403 1242 "-" "Mozilla/5.0 (Windows NT 10.0; Win64; x64; rv:58.0) Gecko/20100101 Firefox/58.0"
45.236.48.45 - - [08/Apr/2025:07:33:42 -0400] "GET /laravel/.env HTTP/1.1" 403 1242 "-" "Mozilla/5.0 (Windows NT 10.0; Win64; x64; rv:58.0) Gecko/20100101 Firefox/58.0"
45.236.48.45 - - [08/Apr/2025:07:33:51 -0400] "GET /docs/.env HTTP/1.1" 403 1242 "-" "Mozilla/5.0 (Windows NT 10.0; Win64; x64; rv:58.0) Gecko/20100101 Firefox/58.0"
45.236.48.45 - - [08/Apr/2025:07:34:07 -0400] "GET /_profiler/phpinfo HTTP/1.1" 404 6615 "-" "Mozilla/5.0 (Windows NT 10.0; Win64; x64; rv:58.0) Gecko/20100101 Firefox/58.0"
34.162.150.186 - - [08/Apr/2025:07:41:31 -0400] "GET / HTTP/1.1" 200 97678 "-" "Mozilla/5.0 (Macintosh; Intel Mac OS X 10_15_7) AppleWebKit/537.36 (KHTML, like Gecko) Chrome/135.0.0.0 Safari/537.36"
34.162.150.186 - - [08/Apr/2025:07:41:35 -0400] "GET /app/ HTTP/1.1" 301 0 "-" "Mozilla/5.0 (Macintosh; Intel Mac OS X 10_15_7) AppleWebKit/537.36 (KHTML, like Gecko) Chrome/135.0.0.0 Safari/537.36"
34.162.150.186 - - [08/Apr/2025:07:41:39 -0400] "GET /login/ HTTP/1.1" 302 0 "-" "Mozilla/5.0 (Macintosh; Intel Mac OS X 10_15_7) AppleWebKit/537.36 (KHTML, like Gecko) Chrome/135.0.0.0 Safari/537.36"
34.162.150.186 - - [08/Apr/2025:07:41:43 -0400] "GET /@ali/lzdmod-desktop-footer/pc/index.css HTTP/1.1" 404 6614 "-" "Mozilla/5.0 (Macintosh; Intel Mac OS X 10_15_7) AppleWebKit/537.36 (KHTML, like Gecko) Chrome/135.0.0.0 Safari/537.36"
34.162.150.186 - - [08/Apr/2025:07:41:44 -0400] "GET /@ali/lzdmod-site-menu-nav-pc/pc/index.css HTTP/1.1" 404 6614 "-" "Mozilla/5.0 (Macintosh; Intel Mac OS X 10_15_7) AppleWebKit/537.36 (KHTML, like Gecko) Chrome/135.0.0.0 Safari/537.36"
34.162.150.186 - - [08/Apr/2025:07:41:45 -0400] "GET /@ali/lzdmod-site-nav-pc/pc/index.css HTTP/1.1" 404 6614 "-" "Mozilla/5.0 (Macintosh; Intel Mac OS X 10_15_7) AppleWebKit/537.36 (KHTML, like Gecko) Chrome/135.0.0.0 Safari/537.36"
34.162.150.186 - - [08/Apr/2025:07:41:46 -0400] "GET /@ali/lzdmod-site-menu-pc/pc/index.css HTTP/1.1" 404 6616 "-" "Mozilla/5.0 (Macintosh; Intel Mac OS X 10_15_7) AppleWebKit/537.36 (KHTML, like Gecko) Chrome/135.0.0.0 Safari/537.36"
34.162.150.186 - - [08/Apr/2025:07:41:47 -0400] "GET / HTTP/1.1" 200 97678 "-" "Mozilla/5.0 (iPhone; CPU iPhone OS 18_3_2 like Mac OS X) AppleWebKit/605.1.15 (KHTML, like Gecko) Version/18.3.1 Mobile/15E148 Safari/604.1"
34.162.150.186 - - [08/Apr/2025:07:41:49 -0400] "GET /app/ HTTP/1.1" 301 0 "-" "Mozilla/5.0 (iPhone; CPU iPhone OS 18_3_2 like Mac OS X) AppleWebKit/605.1.15 (KHTML, like Gecko) Version/18.3.1 Mobile/15E148 Safari/604.1"
34.162.150.186 - - [08/Apr/2025:07:41:50 -0400] "GET /login/ HTTP/1.1" 302 0 "-" "Mozilla/5.0 (iPhone; CPU iPhone OS 18_3_2 like Mac OS X) AppleWebKit/605.1.15 (KHTML, like Gecko) Version/18.3.1 Mobile/15E148 Safari/604.1"
195.26.225.209 - - [08/Apr/2025:07:44:36 -0400] "GET / HTTP/1.1" 200 97678 "-" "Mozilla/5.0 (Macintosh; Intel Mac OS X 10_15_7) AppleWebKit/537.36 (KHTML, like Gecko) Chrome/133.0.0.0 Safari/537.36"
45.148.10.174 - - [08/Apr/2025:07:50:30 -0400] "GET /products/sw.js HTTP/1.1" 404 6614 "-" "Mozilla/5.0 (Macintosh; Intel Mac OS X 10_15_7) AppleWebKit/537.36 Chrome/120.0.0.0"
198.54.114.83 - - [08/Apr/2025:07:50:40 -0400] "POST /wp-cron.php?doing_wp_cron=1744113035.4822618961334228515625 HTTP/1.1" 200 0 "-" "WordPress/6.7.2; https://baernblog.com"
4.227.36.88 - - [08/Apr/2025:07:53:44 -0400] "GET /robots.txt HTTP/1.1" 200 124 "-" "Mozilla/5.0 AppleWebKit/537.36 (KHTML, like Gecko; compatible; GPTBot/1.2; +https://openai.com/gptbot)"
85.203.44.225 - - [08/Apr/2025:07:53:48 -0400] "GET /the-benefits-of-managed-investing/ HTTP/1.1" 200 12444 "http://baernblog.com/the-benefits-of-managed-investing/" "Mozilla/5.0 (Windows NT 10.0; Win64; x64) AppleWebKit/537.36 (KHTML, like Gecko) Chrome/129.0.0.0 Safari/537.36"
198.54.114.83 - - [08/Apr/2025:07:53:56 -0400] "POST /wp-cron.php?doing_wp_cron=1744113234.1539649963378906250000 HTTP/1.1" 200 0 "-" "WordPress/6.7.2; https://baernblog.com"
85.203.44.229 - - [08/Apr/2025:07:53:58 -0400] "POST /wp-comments-post.php HTTP/1.1" 302 0 "http://baernblog.com/the-benefits-of-managed-investing/" "Mozilla/5.0 (Windows NT 10.0; Win64; x64) AppleWebKit/537.36 (KHTML, like Gecko) Chrome/129.0.0.0 Safari/537.36"
195.2.81.171 - - [08/Apr/2025:08:07:22 -0400] "GET / HTTP/1.1" 200 97678 "-" "Mozilla/5.0 (Macintosh; Intel Mac OS X 10_15_7) AppleWebKit/537.36 (KHTML, like Gecko) Chrome/133.0.0.0 Safari/537.36"
152.42.176.123 - - [08/Apr/2025:08:08:01 -0400] "GET / HTTP/1.1" 200 97678 "-" "Mozilla/5.0 (Windows NT 10.0; Win64; x64) AppleWebKit/537.36 (KHTML, like Gecko) Chrome/78.0.3904.108 Safari/537.36"
152.42.176.123 - - [08/Apr/2025:08:08:02 -0400] "GET / HTTP/1.1" 200 97678 "-" "Mozilla/5.0 (Windows NT 10.0; Win64; x64) AppleWebKit/537.36 (KHTML, like Gecko) Chrome/78.0.3904.108 Safari/537.36"
198.54.114.83 - - [08/Apr/2025:08:08:11 -0400] "POST /wp-cron.php?doing_wp_cron=1744114089.9586160182952880859375 HTTP/1.1" 200 0 "-" "WordPress/6.7.2; https://baernblog.com"
152.42.176.123 - - [08/Apr/2025:08:08:02 -0400] "GET /wp-includes/wlwmanifest.xml HTTP/1.1" 404 6615 "-" "Mozilla/5.0 (Windows NT 10.0; Win64; x64) AppleWebKit/537.36 (KHTML, like Gecko) Chrome/78.0.3904.108 Safari/537.36"
152.42.176.123 - - [08/Apr/2025:08:08:14 -0400] "GET /?author=1 HTTP/1.1" 200 97678 "-" "Mozilla/5.0 (Windows NT 10.0; Win64; x64) AppleWebKit/537.36 (KHTML, like Gecko) Chrome/78.0.3904.108 Safari/537.36"
152.42.176.123 - - [08/Apr/2025:08:08:18 -0400] "GET /?author=2 HTTP/1.1" 200 97678 "-" "Mozilla/5.0 (Windows NT 10.0; Win64; x64) AppleWebKit/537.36 (KHTML, like Gecko) Chrome/78.0.3904.108 Safari/537.36"
152.42.176.123 - - [08/Apr/2025:08:08:19 -0400] "GET /wp-json/wp/v2/users/ HTTP/1.1" 200 1325 "-" "Mozilla/5.0 (Windows NT 10.0; Win64; x64) AppleWebKit/537.36 (KHTML, like Gecko) Chrome/78.0.3904.108 Safari/537.36"
152.42.176.123 - - [08/Apr/2025:08:08:23 -0400] "POST /xmlrpc.php HTTP/1.1" 200 236 "-" "Mozilla/5.0 (Windows NT 10.0; Win64; x64) AppleWebKit/537.36 (KHTML, like Gecko) Chrome/78.0.3904.108 Safari/537.36"
152.42.176.123 - - [08/Apr/2025:08:08:27 -0400] "POST /xmlrpc.php HTTP/1.1" 200 236 "-" "Mozilla/5.0 (Windows NT 10.0; Win64; x64) AppleWebKit/537.36 (KHTML, like Gecko) Chrome/78.0.3904.108 Safari/537.36"
152.42.176.123 - - [08/Apr/2025:08:08:29 -0400] "POST /xmlrpc.php HTTP/1.1" 200 236 "-" "Mozilla/5.0 (Windows NT 10.0; Win64; x64) AppleWebKit/537.36 (KHTML, like Gecko) Chrome/78.0.3904.108 Safari/537.36"
152.42.176.123 - - [08/Apr/2025:08:08:34 -0400] "POST /xmlrpc.php HTTP/1.1" 200 236 "-" "Mozilla/5.0 (Windows NT 10.0; Win64; x64) AppleWebKit/537.36 (KHTML, like Gecko) Chrome/78.0.3904.108 Safari/537.36"
152.42.176.123 - - [08/Apr/2025:08:08:38 -0400] "POST /xmlrpc.php HTTP/1.1" 200 236 "-" "Mozilla/5.0 (Windows NT 10.0; Win64; x64) AppleWebKit/537.36 (KHTML, like Gecko) Chrome/78.0.3904.108 Safari/537.36"
152.42.176.123 - - [08/Apr/2025:08:08:44 -0400] "POST /xmlrpc.php HTTP/1.1" 200 236 "-" "Mozilla/5.0 (Windows NT 10.0; Win64; x64) AppleWebKit/537.36 (KHTML, like Gecko) Chrome/78.0.3904.108 Safari/537.36"
85.203.44.254 - - [08/Apr/2025:08:09:43 -0400] "GET /the-benefits-of-managed-investing/ HTTP/1.1" 200 12444 "http://baernblog.com/the-benefits-of-managed-investing/" "Mozilla/5.0 (Windows NT 10.0; Win64; x64) AppleWebKit/537.36 (KHTML, like Gecko) Chrome/129.0.0.0 Safari/537.36"
198.54.114.83 - - [08/Apr/2025:08:09:48 -0400] "POST /wp-cron.php?doing_wp_cron=1744114186.6326749324798583984375 HTTP/1.1" 200 0 "-" "WordPress/6.7.2; https://baernblog.com"
85.203.44.247 - - [08/Apr/2025:08:09:45 -0400] "POST /wp-comments-post.php HTTP/1.1" 302 0 "http://baernblog.com/the-benefits-of-managed-investing/" "Mozilla/5.0 (Windows NT 10.0; Win64; x64) AppleWebKit/537.36 (KHTML, like Gecko) Chrome/129.0.0.0 Safari/537.36"
216.244.66.198 - - [08/Apr/2025:08:15:10 -0400] "GET /robots.txt HTTP/1.1" 304 0 "-" "Mozilla/5.0 (compatible; DotBot/1.2; +https://opensiteexplorer.org/dotbot; help@moz.com)"
196.251.118.228 - - [08/Apr/2025:08:29:13 -0400] "GET /.env HTTP/1.1" 403 1242 "-" "Mozilla/5.0 (Macintosh; Intel Mac OS X 10.15; rv:77.0) Gecko/20100101 Firefox/77.0"
34.162.115.247 - - [08/Apr/2025:09:00:38 -0400] "GET / HTTP/1.1" 200 97678 "-" "Mozilla/5.0 (Macintosh; Intel Mac OS X 10_15_7) AppleWebKit/537.36 (KHTML, like Gecko) Chrome/135.0.0.0 Safari/537.36"
185.245.104.75 - - [08/Apr/2025:09:00:42 -0400] "GET / HTTP/1.1" 200 97678 "-" "Mozilla/5.0 (Macintosh; Intel Mac OS X 10_15_7) AppleWebKit/537.36 (KHTML, like Gecko) Chrome/133.0.0.0 Safari/537.36"
34.162.115.247 - - [08/Apr/2025:09:00:43 -0400] "GET /app/ HTTP/1.1" 301 0 "-" "Mozilla/5.0 (Macintosh; Intel Mac OS X 10_15_7) AppleWebKit/537.36 (KHTML, like Gecko) Chrome/135.0.0.0 Safari/537.36"
198.54.114.83 - - [08/Apr/2025:09:00:51 -0400] "POST /wp-cron.php?doing_wp_cron=1744117248.1929368972778320312500 HTTP/1.1" 200 0 "-" "WordPress/6.7.2; https://baernblog.com"
34.162.115.247 - - [08/Apr/2025:09:00:53 -0400] "GET /login/ HTTP/1.1" 302 0 "-" "Mozilla/5.0 (Macintosh; Intel Mac OS X 10_15_7) AppleWebKit/537.36 (KHTML, like Gecko) Chrome/135.0.0.0 Safari/537.36"
34.162.115.247 - - [08/Apr/2025:09:01:01 -0400] "GET /@ali/lzdmod-site-menu-nav-pc/pc/index.css HTTP/1.1" 404 6615 "-" "Mozilla/5.0 (Macintosh; Intel Mac OS X 10_15_7) AppleWebKit/537.36 (KHTML, like Gecko) Chrome/135.0.0.0 Safari/537.36"
34.162.115.247 - - [08/Apr/2025:09:01:05 -0400] "GET / HTTP/1.1" 200 97678 "-" "Mozilla/5.0 (Macintosh; Intel Mac OS X 10_15_7) AppleWebKit/537.36 (KHTML, like Gecko) Chrome/135.0.0.0 Safari/537.36"
34.162.115.247 - - [08/Apr/2025:09:01:09 -0400] "GET /app/ HTTP/1.1" 301 0 "-" "Mozilla/5.0 (Macintosh; Intel Mac OS X 10_15_7) AppleWebKit/537.36 (KHTML, like Gecko) Chrome/135.0.0.0 Safari/537.36"
34.162.115.247 - - [08/Apr/2025:09:01:11 -0400] "GET /@ali/lzdmod-site-nav-pc/pc/index.css HTTP/1.1" 404 6615 "-" "Mozilla/5.0 (Macintosh; Intel Mac OS X 10_15_7) AppleWebKit/537.36 (KHTML, like Gecko) Chrome/135.0.0.0 Safari/537.36"
34.162.115.247 - - [08/Apr/2025:09:01:15 -0400] "GET /login/ HTTP/1.1" 302 0 "-" "Mozilla/5.0 (Macintosh; Intel Mac OS X 10_15_7) AppleWebKit/537.36 (KHTML, like Gecko) Chrome/135.0.0.0 Safari/537.36"
34.162.115.247 - - [08/Apr/2025:09:01:15 -0400] "GET /@ali/lzdmod-desktop-footer/pc/index.css HTTP/1.1" 404 6615 "-" "Mozilla/5.0 (Macintosh; Intel Mac OS X 10_15_7) AppleWebKit/537.36 (KHTML, like Gecko) Chrome/135.0.0.0 Safari/537.36"
34.162.115.247 - - [08/Apr/2025:09:01:18 -0400] "GET /@ali/lzdmod-site-menu-pc/pc/index.css HTTP/1.1" 404 6615 "-" "Mozilla/5.0 (Macintosh; Intel Mac OS X 10_15_7) AppleWebKit/537.36 (KHTML, like Gecko) Chrome/135.0.0.0 Safari/537.36"
34.162.115.247 - - [08/Apr/2025:09:01:21 -0400] "GET / HTTP/1.1" 200 97678 "-" "Mozilla/5.0 (iPhone; CPU iPhone OS 18_3_2 like Mac OS X) AppleWebKit/605.1.15 (KHTML, like Gecko) Version/18.3.1 Mobile/15E148 Safari/604.1"
34.162.115.247 - - [08/Apr/2025:09:01:22 -0400] "GET / HTTP/1.1" 200 97678 "-" "Mozilla/5.0 (iPhone; CPU iPhone OS 18_3_2 like Mac OS X) AppleWebKit/605.1.15 (KHTML, like Gecko) Version/18.3.1 Mobile/15E148 Safari/604.1"
34.162.115.247 - - [08/Apr/2025:09:01:24 -0400] "GET /app/ HTTP/1.1" 301 0 "-" "Mozilla/5.0 (iPhone; CPU iPhone OS 18_3_2 like Mac OS X) AppleWebKit/605.1.15 (KHTML, like Gecko) Version/18.3.1 Mobile/15E148 Safari/604.1"
34.162.115.247 - - [08/Apr/2025:09:01:25 -0400] "GET /app/ HTTP/1.1" 301 0 "-" "Mozilla/5.0 (iPhone; CPU iPhone OS 18_3_2 like Mac OS X) AppleWebKit/605.1.15 (KHTML, like Gecko) Version/18.3.1 Mobile/15E148 Safari/604.1"
34.162.115.247 - - [08/Apr/2025:09:01:31 -0400] "GET /login/ HTTP/1.1" 302 0 "-" "Mozilla/5.0 (iPhone; CPU iPhone OS 18_3_2 like Mac OS X) AppleWebKit/605.1.15 (KHTML, like Gecko) Version/18.3.1 Mobile/15E148 Safari/604.1"
34.162.115.247 - - [08/Apr/2025:09:01:32 -0400] "GET /login/ HTTP/1.1" 302 0 "-" "Mozilla/5.0 (iPhone; CPU iPhone OS 18_3_2 like Mac OS X) AppleWebKit/605.1.15 (KHTML, like Gecko) Version/18.3.1 Mobile/15E148 Safari/604.1"
34.162.115.247 - - [08/Apr/2025:09:01:39 -0400] "GET / HTTP/1.1" 200 97678 "-" "Mozilla/5.0 (Macintosh; Intel Mac OS X 10_15_7) AppleWebKit/537.36 (KHTML, like Gecko) Chrome/135.0.0.0 Safari/537.36"
152.42.176.123 - - [08/Apr/2025:08:30:57 -0400] "GET / HTTP/1.1" 200 97678 "-" "Mozilla/5.0 (Windows NT 10.0; Win64; x64) AppleWebKit/537.36 (KHTML, like Gecko) Chrome/78.0.3904.108 Safari/537.36"
152.42.176.123 - - [08/Apr/2025:08:30:59 -0400] "GET / HTTP/1.1" 200 97678 "-" "Mozilla/5.0 (Windows NT 10.0; Win64; x64) AppleWebKit/537.36 (KHTML, like Gecko) Chrome/78.0.3904.108 Safari/537.36"
152.42.176.123 - - [08/Apr/2025:08:31:00 -0400] "GET /wp-includes/wlwmanifest.xml HTTP/1.1" 404 6615 "-" "Mozilla/5.0 (Windows NT 10.0; Win64; x64) AppleWebKit/537.36 (KHTML, like Gecko) Chrome/78.0.3904.108 Safari/537.36"
152.42.176.123 - - [08/Apr/2025:08:31:01 -0400] "GET /?author=1 HTTP/1.1" 200 97678 "-" "Mozilla/5.0 (Windows NT 10.0; Win64; x64) AppleWebKit/537.36 (KHTML, like Gecko) Chrome/78.0.3904.108 Safari/537.36"
152.42.176.123 - - [08/Apr/2025:08:31:03 -0400] "GET /?author=2 HTTP/1.1" 200 97678 "-" "Mozilla/5.0 (Windows NT 10.0; Win64; x64) AppleWebKit/537.36 (KHTML, like Gecko) Chrome/78.0.3904.108 Safari/537.36"
152.42.176.123 - - [08/Apr/2025:08:31:05 -0400] "GET /wp-json/wp/v2/users/ HTTP/1.1" 200 1325 "-" "Mozilla/5.0 (Windows NT 10.0; Win64; x64) AppleWebKit/537.36 (KHTML, like Gecko) Chrome/78.0.3904.108 Safari/537.36"
152.42.176.123 - - [08/Apr/2025:08:31:08 -0400] "POST /xmlrpc.php HTTP/1.1" 200 236 "-" "Mozilla/5.0 (Windows NT 10.0; Win64; x64) AppleWebKit/537.36 (KHTML, like Gecko) Chrome/78.0.3904.108 Safari/537.36"
152.42.176.123 - - [08/Apr/2025:08:31:10 -0400] "POST /xmlrpc.php HTTP/1.1" 200 236 "-" "Mozilla/5.0 (Windows NT 10.0; Win64; x64) AppleWebKit/537.36 (KHTML, like Gecko) Chrome/78.0.3904.108 Safari/537.36"
152.42.176.123 - - [08/Apr/2025:08:31:12 -0400] "POST /xmlrpc.php HTTP/1.1" 200 236 "-" "Mozilla/5.0 (Windows NT 10.0; Win64; x64) AppleWebKit/537.36 (KHTML, like Gecko) Chrome/78.0.3904.108 Safari/537.36"
152.42.176.123 - - [08/Apr/2025:08:31:15 -0400] "POST /xmlrpc.php HTTP/1.1" 200 236 "-" "Mozilla/5.0 (Windows NT 10.0; Win64; x64) AppleWebKit/537.36 (KHTML, like Gecko) Chrome/78.0.3904.108 Safari/537.36"
152.42.176.123 - - [08/Apr/2025:08:31:17 -0400] "POST /xmlrpc.php HTTP/1.1" 200 236 "-" "Mozilla/5.0 (Windows NT 10.0; Win64; x64) AppleWebKit/537.36 (KHTML, like Gecko) Chrome/78.0.3904.108 Safari/537.36"
152.42.176.123 - - [08/Apr/2025:08:31:18 -0400] "POST /xmlrpc.php HTTP/1.1" 200 236 "-" "Mozilla/5.0 (Windows NT 10.0; Win64; x64) AppleWebKit/537.36 (KHTML, like Gecko) Chrome/78.0.3904.108 Safari/537.36"
185.128.227.125 - - [08/Apr/2025:08:59:11 -0400] "GET / HTTP/1.1" 200 0 "-" "Mozilla/5.0 (compatible; WPDetector/1.0)"
45.84.107.101 - - [08/Apr/2025:08:59:23 -0400] "GET / HTTP/1.1" 200 97678 "http://baernblog.com" "Mozilla/5.0 (Windows NT 5.1) AppleWebKit/537.36 (KHTML, like Gecko) Chrome/48.0.2564.97 Safari/537.36"
34.162.115.247 - - [08/Apr/2025:09:01:42 -0400] "GET /app/ HTTP/1.1" 301 0 "-" "Mozilla/5.0 (Macintosh; Intel Mac OS X 10_15_7) AppleWebKit/537.36 (KHTML, like Gecko) Chrome/135.0.0.0 Safari/537.36"
34.162.115.247 - - [08/Apr/2025:09:01:48 -0400] "GET /login/ HTTP/1.1" 302 0 "-" "Mozilla/5.0 (Macintosh; Intel Mac OS X 10_15_7) AppleWebKit/537.36 (KHTML, like Gecko) Chrome/135.0.0.0 Safari/537.36"
34.162.115.247 - - [08/Apr/2025:09:01:57 -0400] "GET / HTTP/1.1" 200 97678 "-" "Mozilla/5.0 (iPhone; CPU iPhone OS 18_3_2 like Mac OS X) AppleWebKit/605.1.15 (KHTML, like Gecko) Version/18.3.1 Mobile/15E148 Safari/604.1"
