198.54.114.83 - - [04/Apr/2025:05:28:45 -0400] "POST /wp-cron.php?doing_wp_cron=1743758925.3585419654846191406250 HTTP/1.1" 200 0 "-" "WordPress/6.7.2; https://baernblog.com"
2001:67c:2070:c978::1 - - [04/Apr/2025:05:28:42 -0400] "GET /wp-login.php HTTP/1.1" 302 0 "-" "ddg_android/5.169.0 (com.duckduckgo.mobile.android; Android API 33)"
185.21.14.193 - - [04/Apr/2025:05:34:21 -0400] "GET / HTTP/1.1" 200 97678 "-" "Mozilla/5.0 (Macintosh; Intel Mac OS X 10_15_7) AppleWebKit/537.36 (KHTML, like Gecko) Chrome/133.0.0.0 Safari/537.36"
185.21.14.193 - - [04/Apr/2025:05:39:51 -0400] "GET / HTTP/1.1" 200 97678 "-" "Mozilla/5.0 (Macintosh; Intel Mac OS X 10_15_7) AppleWebKit/537.36 (KHTML, like Gecko) Chrome/133.0.0.0 Safari/537.36"
216.244.66.198 - - [04/Apr/2025:05:48:15 -0400] "GET /robots.txt HTTP/1.1" 200 124 "-" "Mozilla/5.0 (compatible; DotBot/1.2; +https://opensiteexplorer.org/dotbot; help@moz.com)"
185.21.13.25 - - [04/Apr/2025:05:50:19 -0400] "GET / HTTP/1.1" 200 97678 "-" "Mozilla/5.0 (Macintosh; Intel Mac OS X 10_15_7) AppleWebKit/537.36 (KHTML, like Gecko) Chrome/133.0.0.0 Safari/537.36"
49.51.183.15 - - [04/Apr/2025:05:53:59 -0400] "GET / HTTP/1.1" 200 97678 "-" "Mozilla/5.0 (iPhone; CPU iPhone OS 13_2_3 like Mac OS X) AppleWebKit/605.1.15 (KHTML, like Gecko) Version/13.0.3 Mobile/15E148 Safari/604.1"
89.110.80.171 - - [04/Apr/2025:05:56:16 -0400] "GET / HTTP/1.1" 200 97678 "-" "Mozilla/5.0 (Macintosh; Intel Mac OS X 10_15_7) AppleWebKit/537.36 (KHTML, like Gecko) Chrome/133.0.0.0 Safari/537.36"
212.34.155.126 - - [04/Apr/2025:06:37:37 -0400] "GET / HTTP/1.1" 200 97678 "-" "Mozilla/5.0 (Macintosh; Intel Mac OS X 10_15_7) AppleWebKit/537.36 (KHTML, like Gecko) Chrome/133.0.0.0 Safari/537.36"
45.141.215.80 - - [04/Apr/2025:06:44:43 -0400] "GET / HTTP/1.1" 200 97678 "http://baernblog.com" "Mozilla/5.0 (Windows NT 6.1; WOW64) AppleWebKit/537.36 (KHTML, like Gecko) Chrome/46.0.2490.71 Safari/537.36 OPR/33.0.1990.43"
185.157.214.24 - - [04/Apr/2025:07:03:00 -0400] "GET / HTTP/1.1" 200 97678 "-" "Mozilla/5.0 (Macintosh; Intel Mac OS X 10_15_7) AppleWebKit/537.36 (KHTML, like Gecko) Chrome/133.0.0.0 Safari/537.36"
212.34.154.131 - - [04/Apr/2025:07:09:08 -0400] "GET / HTTP/1.1" 200 97678 "-" "Mozilla/5.0 (Macintosh; Intel Mac OS X 10_15_7) AppleWebKit/537.36 (KHTML, like Gecko) Chrome/133.0.0.0 Safari/537.36"
185.157.214.24 - - [04/Apr/2025:07:10:55 -0400] "GET / HTTP/1.1" 200 97678 "-" "Mozilla/5.0 (Macintosh; Intel Mac OS X 10_15_7) AppleWebKit/537.36 (KHTML, like Gecko) Chrome/133.0.0.0 Safari/537.36"
195.26.224.235 - - [04/Apr/2025:07:16:36 -0400] "GET / HTTP/1.1" 200 97678 "-" "Mozilla/5.0 (Macintosh; Intel Mac OS X 10_15_7) AppleWebKit/537.36 (KHTML, like Gecko) Chrome/133.0.0.0 Safari/537.36"
185.21.13.25 - - [04/Apr/2025:07:19:59 -0400] "GET / HTTP/1.1" 200 97678 "-" "Mozilla/5.0 (Macintosh; Intel Mac OS X 10_15_7) AppleWebKit/537.36 (KHTML, like Gecko) Chrome/133.0.0.0 Safari/537.36"
216.244.66.198 - - [04/Apr/2025:07:21:36 -0400] "GET /robots.txt HTTP/1.1" 200 124 "-" "Mozilla/5.0 (compatible; DotBot/1.2; +https://opensiteexplorer.org/dotbot; help@moz.com)"
185.21.13.25 - - [04/Apr/2025:07:26:13 -0400] "GET / HTTP/1.1" 200 97678 "-" "Mozilla/5.0 (Macintosh; Intel Mac OS X 10_15_7) AppleWebKit/537.36 (KHTML, like Gecko) Chrome/133.0.0.0 Safari/537.36"
198.54.114.83 - - [04/Apr/2025:07:30:40 -0400] "POST /wp-cron.php?doing_wp_cron=1743766240.7505090236663818359375 HTTP/1.1" 200 0 "-" "WordPress/6.7.2; https://baernblog.com"
92.119.193.11 - - [04/Apr/2025:07:30:36 -0400] "GET /wp-content/themes/woffice/readme.txt HTTP/1.1" 404 6614 "-" "Mozilla/5.0 (compatible; Googlebot/2.1; +http://www.google.com/bot.html)"
80.85.246.217 - - [04/Apr/2025:07:37:35 -0400] "GET / HTTP/1.1" 200 97678 "-" "Mozilla/5.0 (Macintosh; Intel Mac OS X 10_15_7) AppleWebKit/537.36 (KHTML, like Gecko) Chrome/133.0.0.0 Safari/537.36"
216.244.66.198 - - [04/Apr/2025:08:07:42 -0400] "GET /robots.txt HTTP/1.1" 304 0 "-" "Mozilla/5.0 (compatible; DotBot/1.2; +https://opensiteexplorer.org/dotbot; help@moz.com)"
185.245.104.75 - - [04/Apr/2025:08:11:13 -0400] "GET / HTTP/1.1" 200 97678 "-" "Mozilla/5.0 (Macintosh; Intel Mac OS X 10_15_7) AppleWebKit/537.36 (KHTML, like Gecko) Chrome/133.0.0.0 Safari/537.36"
185.157.214.24 - - [04/Apr/2025:08:14:43 -0400] "GET / HTTP/1.1" 200 97678 "-" "Mozilla/5.0 (Macintosh; Intel Mac OS X 10_15_7) AppleWebKit/537.36 (KHTML, like Gecko) Chrome/133.0.0.0 Safari/537.36"
80.85.246.217 - - [04/Apr/2025:08:15:19 -0400] "GET / HTTP/1.1" 200 97678 "-" "Mozilla/5.0 (Macintosh; Intel Mac OS X 10_15_7) AppleWebKit/537.36 (KHTML, like Gecko) Chrome/133.0.0.0 Safari/537.36"
212.34.154.131 - - [04/Apr/2025:08:15:39 -0400] "GET / HTTP/1.1" 200 97678 "-" "Mozilla/5.0 (Macintosh; Intel Mac OS X 10_15_7) AppleWebKit/537.36 (KHTML, like Gecko) Chrome/133.0.0.0 Safari/537.36"
195.200.26.27 - - [04/Apr/2025:08:20:51 -0400] "GET / HTTP/1.1" 200 97678 "-" "Mozilla/5.0 (Macintosh; Intel Mac OS X 10_15_7) AppleWebKit/537.36 (KHTML, like Gecko) Chrome/133.0.0.0 Safari/537.36"
77.238.230.6 - - [04/Apr/2025:08:34:51 -0400] "GET / HTTP/1.1" 200 97678 "-" "Mozilla/5.0 (Macintosh; Intel Mac OS X 10_15_7) AppleWebKit/537.36 (KHTML, like Gecko) Chrome/133.0.0.0 Safari/537.36"
89.110.80.171 - - [04/Apr/2025:08:35:36 -0400] "GET / HTTP/1.1" 200 97678 "-" "Mozilla/5.0 (Macintosh; Intel Mac OS X 10_15_7) AppleWebKit/537.36 (KHTML, like Gecko) Chrome/133.0.0.0 Safari/537.36"
91.84.109.110 - - [04/Apr/2025:08:41:36 -0400] "GET / HTTP/1.1" 200 97678 "-" "Mozilla/5.0 (Macintosh; Intel Mac OS X 10_15_7) AppleWebKit/537.36 (KHTML, like Gecko) Chrome/133.0.0.0 Safari/537.36"
216.244.66.198 - - [04/Apr/2025:08:52:49 -0400] "GET /robots.txt HTTP/1.1" 200 124 "-" "Mozilla/5.0 (compatible; DotBot/1.2; +https://opensiteexplorer.org/dotbot; help@moz.com)"
89.110.103.94 - - [04/Apr/2025:08:53:25 -0400] "GET / HTTP/1.1" 200 97678 "-" "Mozilla/5.0 (Macintosh; Intel Mac OS X 10_15_7) AppleWebKit/537.36 (KHTML, like Gecko) Chrome/133.0.0.0 Safari/537.36"
91.84.109.110 - - [04/Apr/2025:09:00:33 -0400] "GET / HTTP/1.1" 200 97678 "-" "Mozilla/5.0 (Macintosh; Intel Mac OS X 10_15_7) AppleWebKit/537.36 (KHTML, like Gecko) Chrome/133.0.0.0 Safari/537.36"
77.238.230.6 - - [04/Apr/2025:09:02:08 -0400] "GET / HTTP/1.1" 200 97678 "-" "Mozilla/5.0 (Macintosh; Intel Mac OS X 10_15_7) AppleWebKit/537.36 (KHTML, like Gecko) Chrome/133.0.0.0 Safari/537.36"
195.26.224.235 - - [04/Apr/2025:09:02:28 -0400] "GET / HTTP/1.1" 200 97678 "-" "Mozilla/5.0 (Macintosh; Intel Mac OS X 10_15_7) AppleWebKit/537.36 (KHTML, like Gecko) Chrome/133.0.0.0 Safari/537.36"
89.110.80.171 - - [04/Apr/2025:09:03:05 -0400] "GET / HTTP/1.1" 200 97678 "-" "Mozilla/5.0 (Macintosh; Intel Mac OS X 10_15_7) AppleWebKit/537.36 (KHTML, like Gecko) Chrome/133.0.0.0 Safari/537.36"
89.110.109.74 - - [04/Apr/2025:09:16:09 -0400] "GET / HTTP/1.1" 200 97678 "-" "Mozilla/5.0 (Macintosh; Intel Mac OS X 10_15_7) AppleWebKit/537.36 (KHTML, like Gecko) Chrome/133.0.0.0 Safari/537.36"
195.26.224.235 - - [04/Apr/2025:09:21:00 -0400] "GET / HTTP/1.1" 200 97678 "-" "Mozilla/5.0 (Macintosh; Intel Mac OS X 10_15_7) AppleWebKit/537.36 (KHTML, like Gecko) Chrome/133.0.0.0 Safari/537.36"
212.34.146.152 - - [04/Apr/2025:09:43:19 -0400] "GET / HTTP/1.1" 200 97678 "-" "Mozilla/5.0 (Macintosh; Intel Mac OS X 10_15_7) AppleWebKit/537.36 (KHTML, like Gecko) Chrome/133.0.0.0 Safari/537.36"
212.34.154.131 - - [04/Apr/2025:09:43:27 -0400] "GET / HTTP/1.1" 200 97678 "-" "Mozilla/5.0 (Macintosh; Intel Mac OS X 10_15_7) AppleWebKit/537.36 (KHTML, like Gecko) Chrome/133.0.0.0 Safari/537.36"
212.34.154.131 - - [04/Apr/2025:09:55:54 -0400] "GET / HTTP/1.1" 200 97678 "-" "Mozilla/5.0 (Macintosh; Intel Mac OS X 10_15_7) AppleWebKit/537.36 (KHTML, like Gecko) Chrome/133.0.0.0 Safari/537.36"
212.34.155.126 - - [04/Apr/2025:10:04:37 -0400] "GET / HTTP/1.1" 200 97678 "-" "Mozilla/5.0 (Macintosh; Intel Mac OS X 10_15_7) AppleWebKit/537.36 (KHTML, like Gecko) Chrome/133.0.0.0 Safari/537.36"
91.84.109.110 - - [04/Apr/2025:10:19:06 -0400] "GET / HTTP/1.1" 200 97678 "-" "Mozilla/5.0 (Macintosh; Intel Mac OS X 10_15_7) AppleWebKit/537.36 (KHTML, like Gecko) Chrome/133.0.0.0 Safari/537.36"
89.110.115.121 - - [04/Apr/2025:10:19:16 -0400] "GET / HTTP/1.1" 200 97678 "-" "Mozilla/5.0 (Macintosh; Intel Mac OS X 10_15_7) AppleWebKit/537.36 (KHTML, like Gecko) Chrome/133.0.0.0 Safari/537.36"
89.110.103.94 - - [04/Apr/2025:10:20:22 -0400] "GET / HTTP/1.1" 200 97678 "-" "Mozilla/5.0 (Macintosh; Intel Mac OS X 10_15_7) AppleWebKit/537.36 (KHTML, like Gecko) Chrome/133.0.0.0 Safari/537.36"
185.21.13.25 - - [04/Apr/2025:10:21:53 -0400] "GET / HTTP/1.1" 200 97678 "-" "Mozilla/5.0 (Macintosh; Intel Mac OS X 10_15_7) AppleWebKit/537.36 (KHTML, like Gecko) Chrome/133.0.0.0 Safari/537.36"
212.34.154.131 - - [04/Apr/2025:10:22:54 -0400] "GET / HTTP/1.1" 200 97678 "-" "Mozilla/5.0 (Macintosh; Intel Mac OS X 10_15_7) AppleWebKit/537.36 (KHTML, like Gecko) Chrome/133.0.0.0 Safari/537.36"
216.244.66.198 - - [04/Apr/2025:10:24:56 -0400] "GET /robots.txt HTTP/1.1" 304 0 "-" "Mozilla/5.0 (compatible; DotBot/1.2; +https://opensiteexplorer.org/dotbot; help@moz.com)"
85.208.98.23 - - [04/Apr/2025:10:24:59 -0400] "GET /robots.txt HTTP/1.1" 304 0 "-" "Mozilla/5.0 (compatible; SemrushBot-BA; +http://www.semrush.com/bot.html)"
185.21.13.25 - - [04/Apr/2025:10:25:10 -0400] "GET / HTTP/1.1" 200 97678 "-" "Mozilla/5.0 (Macintosh; Intel Mac OS X 10_15_7) AppleWebKit/537.36 (KHTML, like Gecko) Chrome/133.0.0.0 Safari/537.36"
198.54.114.83 - - [04/Apr/2025:10:33:13 -0400] "POST /wp-cron.php?doing_wp_cron=1743777192.9510259628295898437500 HTTP/1.1" 200 0 "-" "WordPress/6.7.2; https://baernblog.com"
161.35.91.114 - - [04/Apr/2025:10:33:10 -0400] "GET /wp-content/themes/travelscape/json.php HTTP/1.1" 404 6613 "www.google.com" "Mozlila/5.0 (Linux; Android 7.0; SM-G892A Bulid/NRD90M; wv) AppleWebKit/537.36 (KHTML, like Gecko) Version/4.0 Chrome/60.0.3112.107 Moblie Safari/537.36"
161.35.91.114 - - [04/Apr/2025:10:33:16 -0400] "GET /wp-content/themes/travel/issue.php HTTP/1.1" 404 6613 "www.google.com" "Mozlila/5.0 (Linux; Android 7.0; SM-G892A Bulid/NRD90M; wv) AppleWebKit/537.36 (KHTML, like Gecko) Version/4.0 Chrome/60.0.3112.107 Moblie Safari/537.36"
161.35.91.114 - - [04/Apr/2025:10:33:22 -0400] "GET /epinyins.php HTTP/1.1" 404 6615 "www.google.com" "Mozlila/5.0 (Linux; Android 7.0; SM-G892A Bulid/NRD90M; wv) AppleWebKit/537.36 (KHTML, like Gecko) Version/4.0 Chrome/60.0.3112.107 Moblie Safari/537.36"
77.238.225.146 - - [04/Apr/2025:10:33:54 -0400] "GET / HTTP/1.1" 200 97678 "-" "Mozilla/5.0 (Macintosh; Intel Mac OS X 10_15_7) AppleWebKit/537.36 (KHTML, like Gecko) Chrome/133.0.0.0 Safari/537.36"
89.110.109.74 - - [04/Apr/2025:10:34:02 -0400] "GET / HTTP/1.1" 200 97678 "-" "Mozilla/5.0 (Macintosh; Intel Mac OS X 10_15_7) AppleWebKit/537.36 (KHTML, like Gecko) Chrome/133.0.0.0 Safari/537.36"
77.238.225.146 - - [04/Apr/2025:10:37:57 -0400] "GET / HTTP/1.1" 200 97678 "-" "Mozilla/5.0 (Macintosh; Intel Mac OS X 10_15_7) AppleWebKit/537.36 (KHTML, like Gecko) Chrome/133.0.0.0 Safari/537.36"
195.116.155.83 - - [04/Apr/2025:10:41:08 -0400] "GET / HTTP/1.1" 200 97678 "-" "Mozilla/5.0 (X11; Linux x86_64) AppleWebKit/537.36 (KHTML, like Gecko) Chrome/135.0.7049.42 Safari/537.36"
89.110.115.121 - - [04/Apr/2025:10:42:07 -0400] "GET / HTTP/1.1" 200 97678 "-" "Mozilla/5.0 (Macintosh; Intel Mac OS X 10_15_7) AppleWebKit/537.36 (KHTML, like Gecko) Chrome/133.0.0.0 Safari/537.36"
212.34.146.152 - - [04/Apr/2025:10:42:43 -0400] "GET / HTTP/1.1" 200 97678 "-" "Mozilla/5.0 (Macintosh; Intel Mac OS X 10_15_7) AppleWebKit/537.36 (KHTML, like Gecko) Chrome/133.0.0.0 Safari/537.36"
177.101.246.150 - - [04/Apr/2025:10:47:47 -0400] "GET / HTTP/1.1" 200 97678 "-" "Mozilla/5.0 (X11; Linux x86_64) AppleWebKit/537.36 (KHTML, like Gecko) Chrome/135.0.7049.42 Safari/537.36"
91.84.104.205 - - [04/Apr/2025:10:48:03 -0400] "GET / HTTP/1.1" 200 97678 "-" "Mozilla/5.0 (Macintosh; Intel Mac OS X 10_15_7) AppleWebKit/537.36 (KHTML, like Gecko) Chrome/133.0.0.0 Safari/537.36"
185.157.214.24 - - [04/Apr/2025:10:56:57 -0400] "GET / HTTP/1.1" 200 97678 "-" "Mozilla/5.0 (Macintosh; Intel Mac OS X 10_15_7) AppleWebKit/537.36 (KHTML, like Gecko) Chrome/133.0.0.0 Safari/537.36"
178.73.233.115 - - [04/Apr/2025:11:05:30 -0400] "GET /robots.txt HTTP/1.1" 200 124 "-" "Mozilla/5.0 (iPhone; CPU iPhone OS 17_3_1 like Mac OS X) AppleWebKit/605.1.15 (KHTML, like Gecko) Version/17.3.1 Mobile/15E148 Safari/604"
93.158.70.111 - - [04/Apr/2025:11:05:31 -0400] "GET / HTTP/1.1" 200 97678 "-" "Mozilla/5.0 (iPhone; CPU iPhone OS 17_3_1 like Mac OS X) AppleWebKit/605.1.15 (KHTML, like Gecko) Version/17.3.1 Mobile/15E148 Safari/604"
185.157.214.24 - - [04/Apr/2025:11:07:04 -0400] "GET / HTTP/1.1" 200 97678 "-" "Mozilla/5.0 (Macintosh; Intel Mac OS X 10_15_7) AppleWebKit/537.36 (KHTML, like Gecko) Chrome/133.0.0.0 Safari/537.36"
77.238.225.146 - - [04/Apr/2025:11:07:33 -0400] "GET / HTTP/1.1" 200 97678 "-" "Mozilla/5.0 (Macintosh; Intel Mac OS X 10_15_7) AppleWebKit/537.36 (KHTML, like Gecko) Chrome/133.0.0.0 Safari/537.36"
198.54.114.83 - - [04/Apr/2025:11:07:59 -0400] "POST /wp-cron.php?doing_wp_cron=1743779279.0761640071868896484375 HTTP/1.1" 200 0 "-" "WordPress/6.7.2; https://baernblog.com"
77.232.38.106 - - [04/Apr/2025:11:07:58 -0400] "GET /how-to-get-vyvanse-prescription-online/ HTTP/1.1" 200 12556 "-" "Mozilla/5.0 (Windows NT 10.0; Win64; x64; Xbox; Xbox One) AppleWebKit/537.36 (KHTML, like Gecko) Chrome/114.0.0.0 Safari/537.36 Edge/44.18363.8131"
77.232.38.106 - - [04/Apr/2025:11:08:01 -0400] "POST /wp-comments-post.php HTTP/1.1" 302 0 "http://baernblog.com/how-to-get-vyvanse-prescription-online/" "Mozilla/5.0 (Windows NT 10.0; Win64; x64; Xbox; Xbox One) AppleWebKit/537.36 (KHTML, like Gecko) Chrome/114.0.0.0 Safari/537.36 Edge/44.18363.8131"
77.232.38.106 - - [04/Apr/2025:11:08:04 -0400] "GET /how-to-get-vyvanse-prescription-online/ HTTP/1.1" 200 12556 "-" "Mozilla/5.0 (Windows NT 10.0; Win64; x64; Xbox; Xbox One) AppleWebKit/537.36 (KHTML, like Gecko) Chrome/114.0.0.0 Safari/537.36 Edge/44.18363.8131"
77.238.225.146 - - [04/Apr/2025:11:08:36 -0400] "GET / HTTP/1.1" 200 97678 "-" "Mozilla/5.0 (Macintosh; Intel Mac OS X 10_15_7) AppleWebKit/537.36 (KHTML, like Gecko) Chrome/133.0.0.0 Safari/537.36"
185.21.14.193 - - [04/Apr/2025:11:11:24 -0400] "GET / HTTP/1.1" 200 97678 "-" "Mozilla/5.0 (Macintosh; Intel Mac OS X 10_15_7) AppleWebKit/537.36 (KHTML, like Gecko) Chrome/133.0.0.0 Safari/537.36"
77.232.38.106 - - [04/Apr/2025:11:11:38 -0400] "GET /how-to-get-vyvanse-prescription-online/ HTTP/1.1" 200 12556 "-" "Mozilla/5.0 (Macintosh; Intel Mac OS X 12_5) AppleWebKit/537.36 (KHTML, like Gecko) Chrome/114.0.0.0 Safari/537.36"
212.34.154.131 - - [04/Apr/2025:11:14:01 -0400] "GET / HTTP/1.1" 200 97678 "-" "Mozilla/5.0 (Macintosh; Intel Mac OS X 10_15_7) AppleWebKit/537.36 (KHTML, like Gecko) Chrome/133.0.0.0 Safari/537.36"
89.110.109.74 - - [04/Apr/2025:11:14:18 -0400] "GET / HTTP/1.1" 200 97678 "-" "Mozilla/5.0 (Macintosh; Intel Mac OS X 10_15_7) AppleWebKit/537.36 (KHTML, like Gecko) Chrome/133.0.0.0 Safari/537.36"
51.222.253.11 - - [04/Apr/2025:11:26:53 -0400] "GET /robots.txt HTTP/1.1" 200 124 "-" "Mozilla/5.0 (compatible; AhrefsBot/7.0; +http://ahrefs.com/robot/)"
198.54.114.83 - - [04/Apr/2025:11:32:22 -0400] "POST /wp-cron.php?doing_wp_cron=1743780742.5497219562530517578125 HTTP/1.1" 200 0 "-" "WordPress/6.7.2; https://baernblog.com"
89.21.85.27 - - [04/Apr/2025:11:32:22 -0400] "GET /wp-content/uploads/2017-------/09/wp-console.php HTTP/1.1" 404 6614 "-" "Mozilla/5.0 (Linux; Android 11; M2010J19SI) AppleWebKit/537.36 (KHTML, like Gecko) Chrome/109.0.0.0 Mobile Safari/537.36"
89.21.85.27 - - [04/Apr/2025:11:32:23 -0400] "GET /wp-includes/js/crop/uword.php HTTP/1.1" 404 6614 "-" "Mozilla/5.0 (Linux; Android 11; M2010J19SI) AppleWebKit/537.36 (KHTML, like Gecko) Chrome/109.0.0.0 Mobile Safari/537.36"
89.21.85.27 - - [04/Apr/2025:11:32:24 -0400] "GET /wp-content/themes/bltm/wp-login.php HTTP/1.1" 404 6614 "-" "Mozilla/5.0 (Linux; Android 11; M2010J19SI) AppleWebKit/537.36 (KHTML, like Gecko) Chrome/109.0.0.0 Mobile Safari/537.36"
89.21.85.27 - - [04/Apr/2025:11:32:25 -0400] "GET /autoload_classmap.php HTTP/1.1" 404 6614 "-" "Mozilla/5.0 (Linux; Android 11; M2010J19SI) AppleWebKit/537.36 (KHTML, like Gecko) Chrome/109.0.0.0 Mobile Safari/537.36"
89.21.85.27 - - [04/Apr/2025:11:32:27 -0400] "GET /wp-content/uploads/2014/07/olx.php HTTP/1.1" 404 6614 "-" "Mozilla/5.0 (Linux; Android 11; M2010J19SI) AppleWebKit/537.36 (KHTML, like Gecko) Chrome/109.0.0.0 Mobile Safari/537.36"
89.21.85.27 - - [04/Apr/2025:11:32:28 -0400] "GET /wp-admin/css/colors/midnight/index.php HTTP/1.1" 301 0 "-" "Mozilla/5.0 (Linux; Android 11; M2010J19SI) AppleWebKit/537.36 (KHTML, like Gecko) Chrome/109.0.0.0 Mobile Safari/537.36"
89.21.85.27 - - [04/Apr/2025:11:32:29 -0400] "GET /wp-admin/css/colors/midnight/ HTTP/1.1" 200 910 "-" "Mozilla/5.0 (Linux; Android 11; M2010J19SI) AppleWebKit/537.36 (KHTML, like Gecko) Chrome/109.0.0.0 Mobile Safari/537.36"
89.21.85.27 - - [04/Apr/2025:11:32:30 -0400] "GET /wp-content/uploads/2020/wp-couldent.php.suspected HTTP/1.1" 404 6614 "-" "Mozilla/5.0 (Linux; Android 11; M2010J19SI) AppleWebKit/537.36 (KHTML, like Gecko) Chrome/109.0.0.0 Mobile Safari/537.36"
89.21.85.27 - - [04/Apr/2025:11:32:31 -0400] "GET /wp-content/plugins/523453244/ninja.php HTTP/1.1" 404 6615 "-" "Mozilla/5.0 (Linux; Android 11; M2010J19SI) AppleWebKit/537.36 (KHTML, like Gecko) Chrome/109.0.0.0 Mobile Safari/537.36"
89.21.85.27 - - [04/Apr/2025:11:32:32 -0400] "GET /wp-includes/js/imgareaselect/index.php HTTP/1.1" 301 0 "-" "Mozilla/5.0 (Linux; Android 11; M2010J19SI) AppleWebKit/537.36 (KHTML, like Gecko) Chrome/109.0.0.0 Mobile Safari/537.36"
89.21.85.27 - - [04/Apr/2025:11:32:33 -0400] "GET /wp-includes/js/imgareaselect/ HTTP/1.1" 200 961 "-" "Mozilla/5.0 (Linux; Android 11; M2010J19SI) AppleWebKit/537.36 (KHTML, like Gecko) Chrome/109.0.0.0 Mobile Safari/537.36"
89.21.85.27 - - [04/Apr/2025:11:32:34 -0400] "GET /wp-includes/PHPMailer/load.php HTTP/1.1" 404 6614 "-" "Mozilla/5.0 (Linux; Android 11; M2010J19SI) AppleWebKit/537.36 (KHTML, like Gecko) Chrome/109.0.0.0 Mobile Safari/537.36"
89.21.85.27 - - [04/Apr/2025:11:32:36 -0400] "GET /wp-links.php HTTP/1.1" 404 6614 "-" "Mozilla/5.0 (Linux; Android 11; M2010J19SI) AppleWebKit/537.36 (KHTML, like Gecko) Chrome/109.0.0.0 Mobile Safari/537.36"
198.54.114.83 - - [04/Apr/2025:11:32:38 -0400] "POST /wp-cron.php?doing_wp_cron=1743780758.5803930759429931640625 HTTP/1.1" 200 0 "-" "WordPress/6.7.2; https://baernblog.com"
89.21.85.27 - - [04/Apr/2025:11:32:38 -0400] "GET /wp-aa.php HTTP/1.1" 404 6614 "-" "Mozilla/5.0 (Linux; Android 11; M2010J19SI) AppleWebKit/537.36 (KHTML, like Gecko) Chrome/109.0.0.0 Mobile Safari/537.36"
89.21.85.27 - - [04/Apr/2025:11:32:39 -0400] "GET /wp-content/themes/travelscape/json.php HTTP/1.1" 404 6613 "-" "Mozilla/5.0 (Linux; Android 11; M2010J19SI) AppleWebKit/537.36 (KHTML, like Gecko) Chrome/109.0.0.0 Mobile Safari/537.36"
89.21.85.27 - - [04/Apr/2025:11:32:40 -0400] "GET /wp-content/themes/travel/issue.php HTTP/1.1" 404 6613 "-" "Mozilla/5.0 (Linux; Android 11; M2010J19SI) AppleWebKit/537.36 (KHTML, like Gecko) Chrome/109.0.0.0 Mobile Safari/537.36"
89.21.85.27 - - [04/Apr/2025:11:32:41 -0400] "GET /about.php HTTP/1.1" 404 6615 "-" "Mozilla/5.0 (Linux; Android 11; M2010J19SI) AppleWebKit/537.36 (KHTML, like Gecko) Chrome/109.0.0.0 Mobile Safari/537.36"
89.21.85.27 - - [04/Apr/2025:11:32:42 -0400] "GET /xx.php HTTP/1.1" 404 6615 "-" "Mozilla/5.0 (Linux; Android 11; M2010J19SI) AppleWebKit/537.36 (KHTML, like Gecko) Chrome/109.0.0.0 Mobile Safari/537.36"
89.21.85.27 - - [04/Apr/2025:11:32:43 -0400] "GET /wp-content/themes/digital-download/new.php HTTP/1.1" 404 6614 "-" "Mozilla/5.0 (Linux; Android 11; M2010J19SI) AppleWebKit/537.36 (KHTML, like Gecko) Chrome/109.0.0.0 Mobile Safari/537.36"
89.21.85.27 - - [04/Apr/2025:11:32:44 -0400] "GET /epinyins.php HTTP/1.1" 404 6615 "-" "Mozilla/5.0 (Linux; Android 11; M2010J19SI) AppleWebKit/537.36 (KHTML, like Gecko) Chrome/109.0.0.0 Mobile Safari/537.36"
89.21.85.27 - - [04/Apr/2025:11:32:45 -0400] "GET /wp-admin/dropdown.php HTTP/1.1" 404 6614 "-" "Mozilla/5.0 (Linux; Android 11; M2010J19SI) AppleWebKit/537.36 (KHTML, like Gecko) Chrome/109.0.0.0 Mobile Safari/537.36"
89.21.85.27 - - [04/Apr/2025:11:32:46 -0400] "GET /dropdown.php HTTP/1.1" 404 6614 "-" "Mozilla/5.0 (Linux; Android 11; M2010J19SI) AppleWebKit/537.36 (KHTML, like Gecko) Chrome/109.0.0.0 Mobile Safari/537.36"
89.21.85.27 - - [04/Apr/2025:11:32:47 -0400] "GET /wp-admin/css/index.php HTTP/1.1" 301 0 "-" "Mozilla/5.0 (Linux; Android 11; M2010J19SI) AppleWebKit/537.36 (KHTML, like Gecko) Chrome/109.0.0.0 Mobile Safari/537.36"
89.21.85.27 - - [04/Apr/2025:11:32:48 -0400] "GET /wp-admin/css/ HTTP/1.1" 200 3898 "-" "Mozilla/5.0 (Linux; Android 11; M2010J19SI) AppleWebKit/537.36 (KHTML, like Gecko) Chrome/109.0.0.0 Mobile Safari/537.36"
89.21.85.27 - - [04/Apr/2025:11:32:49 -0400] "GET /wp-content/mah.php HTTP/1.1" 404 6614 "-" "Mozilla/5.0 (Linux; Android 11; M2010J19SI) AppleWebKit/537.36 (KHTML, like Gecko) Chrome/109.0.0.0 Mobile Safari/537.36"
89.21.85.27 - - [04/Apr/2025:11:32:51 -0400] "GET /wp-content/item.php HTTP/1.1" 404 6615 "-" "Mozilla/5.0 (Linux; Android 11; M2010J19SI) AppleWebKit/537.36 (KHTML, like Gecko) Chrome/109.0.0.0 Mobile Safari/537.36"
89.21.85.27 - - [04/Apr/2025:11:32:52 -0400] "GET /wp-content/plugins/shell/about.php HTTP/1.1" 404 6614 "-" "Mozilla/5.0 (Linux; Android 11; M2010J19SI) AppleWebKit/537.36 (KHTML, like Gecko) Chrome/109.0.0.0 Mobile Safari/537.36"
89.21.85.27 - - [04/Apr/2025:11:32:54 -0400] "GET /wp-content/plugins/pwnd/pwnd.php HTTP/1.1" 404 6614 "-" "Mozilla/5.0 (Linux; Android 11; M2010J19SI) AppleWebKit/537.36 (KHTML, like Gecko) Chrome/109.0.0.0 Mobile Safari/537.36"
89.21.85.27 - - [04/Apr/2025:11:32:54 -0400] "GET /wp-content/plugins/fix/up.php HTTP/1.1" 404 6614 "-" "Mozilla/5.0 (Linux; Android 11; M2010J19SI) AppleWebKit/537.36 (KHTML, like Gecko) Chrome/109.0.0.0 Mobile Safari/537.36"
89.21.85.27 - - [04/Apr/2025:11:32:57 -0400] "GET /wp-content/plugins/ph-file-manager/wp-file.php HTTP/1.1" 404 6614 "-" "Mozilla/5.0 (Linux; Android 11; M2010J19SI) AppleWebKit/537.36 (KHTML, like Gecko) Chrome/109.0.0.0 Mobile Safari/537.36"
89.21.85.27 - - [04/Apr/2025:11:32:59 -0400] "GET /wp-content/plugins/root-file-manager/wp-file.php HTTP/1.1" 404 6614 "-" "Mozilla/5.0 (Linux; Android 11; M2010J19SI) AppleWebKit/537.36 (KHTML, like Gecko) Chrome/109.0.0.0 Mobile Safari/537.36"
89.21.85.27 - - [04/Apr/2025:11:33:00 -0400] "GET /wp-content/plugins/wp-help/mini.php HTTP/1.1" 404 6615 "-" "Mozilla/5.0 (Linux; Android 11; M2010J19SI) AppleWebKit/537.36 (KHTML, like Gecko) Chrome/109.0.0.0 Mobile Safari/537.36"
89.21.85.27 - - [04/Apr/2025:11:33:02 -0400] "GET /wp-content/themes/travel/issue.php HTTP/1.1" 404 6613 "-" "Mozilla/5.0 (Linux; Android 11; M2010J19SI) AppleWebKit/537.36 (KHTML, like Gecko) Chrome/109.0.0.0 Mobile Safari/537.36"
89.21.85.27 - - [04/Apr/2025:11:33:02 -0400] "GET /wp-content/themes/jaida/lang.php HTTP/1.1" 404 6614 "-" "Mozilla/5.0 (Linux; Android 11; M2010J19SI) AppleWebKit/537.36 (KHTML, like Gecko) Chrome/109.0.0.0 Mobile Safari/537.36"
89.21.85.27 - - [04/Apr/2025:11:33:04 -0400] "GET /wp-l0gin.php HTTP/1.1" 404 6614 "-" "Mozilla/5.0 (Linux; Android 11; M2010J19SI) AppleWebKit/537.36 (KHTML, like Gecko) Chrome/109.0.0.0 Mobile Safari/537.36"
89.21.85.27 - - [04/Apr/2025:11:33:05 -0400] "GET /ext.php HTTP/1.1" 404 6614 "-" "Mozilla/5.0 (Linux; Android 11; M2010J19SI) AppleWebKit/537.36 (KHTML, like Gecko) Chrome/109.0.0.0 Mobile Safari/537.36"
89.21.85.27 - - [04/Apr/2025:11:33:06 -0400] "GET /wp-l0gin.php HTTP/1.1" 404 6614 "-" "Mozilla/5.0 (Linux; Android 11; M2010J19SI) AppleWebKit/537.36 (KHTML, like Gecko) Chrome/109.0.0.0 Mobile Safari/537.36"
140.245.43.10 - - [04/Apr/2025:11:37:30 -0400] "GET /zero.php HTTP/1.1" 404 6614 "http://baernblog.com//zero.php" "Go-http-client/1.1"
140.245.43.10 - - [04/Apr/2025:11:37:31 -0400] "GET //wp-content/plugins/include.php HTTP/1.1" 301 0 "-" "Go-http-client/1.1"
140.245.43.10 - - [04/Apr/2025:11:37:32 -0400] "GET /wp-content/plugins/include.php HTTP/1.1" 404 6615 "http://baernblog.com//wp-content/plugins/include.php#admin" "Go-http-client/1.1"
140.245.43.10 - - [04/Apr/2025:11:37:33 -0400] "GET //phpmailer.lang-sv.php HTTP/1.1" 301 0 "-" "Go-http-client/1.1"
140.245.43.10 - - [04/Apr/2025:11:37:34 -0400] "GET /phpmailer.lang-sv.php HTTP/1.1" 404 6614 "http://baernblog.com//phpmailer.lang-sv.php" "Go-http-client/1.1"
140.245.43.10 - - [04/Apr/2025:11:37:34 -0400] "GET //wp-content/themes/sketch/404.php HTTP/1.1" 301 0 "-" "Go-http-client/1.1"
140.245.43.10 - - [04/Apr/2025:11:37:35 -0400] "GET /wp-content/themes/sketch/404.php HTTP/1.1" 404 6614 "http://baernblog.com//wp-content/themes/sketch/404.php#admin" "Go-http-client/1.1"
140.245.43.10 - - [04/Apr/2025:11:37:36 -0400] "GET //wp-admin/css/colors/ectoplasm/load-styles.php HTTP/1.1" 301 0 "-" "Go-http-client/1.1"
140.245.43.10 - - [04/Apr/2025:11:37:36 -0400] "GET /wp-admin/css/colors/ectoplasm/load-styles.php HTTP/1.1" 404 6614 "http://baernblog.com//wp-admin/css/colors/ectoplasm/load-styles.php" "Go-http-client/1.1"
198.54.114.83 - - [04/Apr/2025:11:37:37 -0400] "POST /wp-cron.php?doing_wp_cron=1743781057.1549921035766601562500 HTTP/1.1" 200 0 "-" "WordPress/6.7.2; https://baernblog.com"
140.245.43.10 - - [04/Apr/2025:11:37:37 -0400] "GET //wp-content/plugins/wp-help/admin/wp-fclass.php HTTP/1.1" 301 0 "-" "Go-http-client/1.1"
140.245.43.10 - - [04/Apr/2025:11:37:37 -0400] "GET /wp-content/plugins/wp-help/admin/wp-fclass.php HTTP/1.1" 404 6614 "http://baernblog.com//wp-content/plugins/wp-help/admin/wp-fclass.php" "Go-http-client/1.1"
140.245.43.10 - - [04/Apr/2025:11:37:38 -0400] "GET //wp-content/plugins/wp-help/index.php HTTP/1.1" 301 0 "-" "Go-http-client/1.1"
140.245.43.10 - - [04/Apr/2025:11:37:38 -0400] "GET /wp-content/plugins/wp-help/ HTTP/1.1" 404 6614 "http://baernblog.com//wp-content/plugins/wp-help/index.php" "Go-http-client/1.1"
140.245.43.10 - - [04/Apr/2025:11:37:39 -0400] "GET //cgi-bin/class_api.php HTTP/1.1" 301 0 "-" "Go-http-client/1.1"
140.245.43.10 - - [04/Apr/2025:11:37:39 -0400] "GET /cgi-bin/class_api.php HTTP/1.1" 404 6614 "http://baernblog.com//cgi-bin/class_api.php#888xyz999" "Go-http-client/1.1"
140.245.43.10 - - [04/Apr/2025:11:37:40 -0400] "GET //wp-admin/images/class.api.php HTTP/1.1" 301 0 "-" "Go-http-client/1.1"
140.245.43.10 - - [04/Apr/2025:11:37:40 -0400] "GET /wp-admin/images/class.api.php HTTP/1.1" 404 6615 "http://baernblog.com//wp-admin/images/class.api.php#888xyz999" "Go-http-client/1.1"
140.245.43.10 - - [04/Apr/2025:11:37:41 -0400] "GET //wp-admin/js/widgets/class.api.php HTTP/1.1" 301 0 "-" "Go-http-client/1.1"
140.245.43.10 - - [04/Apr/2025:11:37:41 -0400] "GET /wp-admin/js/widgets/class.api.php HTTP/1.1" 404 6615 "http://baernblog.com//wp-admin/js/widgets/class.api.php#888xyz999" "Go-http-client/1.1"
140.245.43.10 - - [04/Apr/2025:11:37:42 -0400] "GET //.well-known/pki-validation/class_api.php HTTP/1.1" 301 0 "-" "Go-http-client/1.1"
140.245.43.10 - - [04/Apr/2025:11:37:43 -0400] "GET /.well-known/pki-validation/class_api.php HTTP/1.1" 404 1251 "http://baernblog.com//.well-known/pki-validation/class_api.php#888xyz999" "Go-http-client/1.1"
140.245.43.10 - - [04/Apr/2025:11:37:43 -0400] "GET //class_api.php HTTP/1.1" 301 0 "-" "Go-http-client/1.1"
140.245.43.10 - - [04/Apr/2025:11:37:43 -0400] "GET /class_api.php HTTP/1.1" 404 6614 "http://baernblog.com//class_api.php#888xyz999" "Go-http-client/1.1"
140.245.43.10 - - [04/Apr/2025:11:37:44 -0400] "GET //class.api.php HTTP/1.1" 301 0 "-" "Go-http-client/1.1"
140.245.43.10 - - [04/Apr/2025:11:37:44 -0400] "GET /class.api.php HTTP/1.1" 404 6614 "http://baernblog.com//class.api.php#888xyz999" "Go-http-client/1.1"
140.245.43.10 - - [04/Apr/2025:11:37:45 -0400] "GET //wp-content/themes/tflow/up.php HTTP/1.1" 301 0 "-" "Go-http-client/1.1"
140.245.43.10 - - [04/Apr/2025:11:37:45 -0400] "GET /wp-content/themes/tflow/up.php HTTP/1.1" 404 6614 "http://baernblog.com//wp-content/themes/tflow/up.php" "Go-http-client/1.1"
140.245.43.10 - - [04/Apr/2025:11:37:46 -0400] "GET //wp-content/themes/wp-pridmag/up.php HTTP/1.1" 301 0 "-" "Go-http-client/1.1"
140.245.43.10 - - [04/Apr/2025:11:37:47 -0400] "GET /wp-content/themes/wp-pridmag/up.php HTTP/1.1" 404 6614 "http://baernblog.com//wp-content/themes/wp-pridmag/up.php" "Go-http-client/1.1"
140.245.43.10 - - [04/Apr/2025:11:37:47 -0400] "GET //.well-known/acme-challenge/atomlib.php HTTP/1.1" 301 0 "-" "Go-http-client/1.1"
140.245.43.10 - - [04/Apr/2025:11:37:48 -0400] "GET /.well-known/acme-challenge/atomlib.php HTTP/1.1" 404 6614 "http://baernblog.com//.well-known/acme-challenge/atomlib.php" "Go-http-client/1.1"
140.245.43.10 - - [04/Apr/2025:11:37:48 -0400] "GET //.well-known/pki-validation/atomlib.php HTTP/1.1" 301 0 "-" "Go-http-client/1.1"
140.245.43.10 - - [04/Apr/2025:11:37:51 -0400] "GET /.well-known/pki-validation/atomlib.php HTTP/1.1" 404 1251 "http://baernblog.com//.well-known/pki-validation/atomlib.php" "Go-http-client/1.1"
140.245.43.10 - - [04/Apr/2025:11:37:51 -0400] "GET //images/atomlib.php HTTP/1.1" 301 0 "-" "Go-http-client/1.1"
140.245.43.10 - - [04/Apr/2025:11:37:52 -0400] "GET /images/atomlib.php HTTP/1.1" 404 6615 "http://baernblog.com//images/atomlib.php" "Go-http-client/1.1"
140.245.43.10 - - [04/Apr/2025:11:37:53 -0400] "GET //wp-admin/css/atomlib.php HTTP/1.1" 301 0 "-" "Go-http-client/1.1"
140.245.43.10 - - [04/Apr/2025:11:37:53 -0400] "GET /wp-admin/css/atomlib.php HTTP/1.1" 404 6614 "http://baernblog.com//wp-admin/css/atomlib.php" "Go-http-client/1.1"
140.245.43.10 - - [04/Apr/2025:11:37:55 -0400] "GET //wp-admin/css/colors/blue/atomlib.php HTTP/1.1" 301 0 "-" "Go-http-client/1.1"
140.245.43.10 - - [04/Apr/2025:11:37:55 -0400] "GET /wp-admin/css/colors/blue/atomlib.php HTTP/1.1" 404 6614 "http://baernblog.com//wp-admin/css/colors/blue/atomlib.php" "Go-http-client/1.1"
140.245.43.10 - - [04/Apr/2025:11:37:56 -0400] "GET //wp-admin/includes/atomlib.php HTTP/1.1" 301 0 "-" "Go-http-client/1.1"
140.245.43.10 - - [04/Apr/2025:11:37:56 -0400] "GET /wp-admin/includes/atomlib.php HTTP/1.1" 404 6614 "http://baernblog.com//wp-admin/includes/atomlib.php" "Go-http-client/1.1"
140.245.43.10 - - [04/Apr/2025:11:37:57 -0400] "GET //wp-admin/maint/atomlib.php HTTP/1.1" 301 0 "-" "Go-http-client/1.1"
140.245.43.10 - - [04/Apr/2025:11:37:57 -0400] "GET /wp-admin/maint/atomlib.php HTTP/1.1" 404 6614 "http://baernblog.com//wp-admin/maint/atomlib.php" "Go-http-client/1.1"
140.245.43.10 - - [04/Apr/2025:11:37:58 -0400] "GET //wp-content/languages/themes/atomlib.php HTTP/1.1" 301 0 "-" "Go-http-client/1.1"
140.245.43.10 - - [04/Apr/2025:11:37:59 -0400] "GET /wp-content/languages/themes/atomlib.php HTTP/1.1" 404 6614 "http://baernblog.com//wp-content/languages/themes/atomlib.php" "Go-http-client/1.1"
140.245.43.10 - - [04/Apr/2025:11:38:00 -0400] "GET //wp-content/themes/atomlib.php HTTP/1.1" 301 0 "-" "Go-http-client/1.1"
140.245.43.10 - - [04/Apr/2025:11:38:00 -0400] "GET /wp-content/themes/atomlib.php HTTP/1.1" 404 6615 "http://baernblog.com//wp-content/themes/atomlib.php" "Go-http-client/1.1"
140.245.43.10 - - [04/Apr/2025:11:38:01 -0400] "GET //wp-admin/images/moon.php HTTP/1.1" 301 0 "-" "Go-http-client/1.1"
140.245.43.10 - - [04/Apr/2025:11:38:01 -0400] "GET /wp-admin/images/moon.php HTTP/1.1" 404 6615 "http://baernblog.com//wp-admin/images/moon.php" "Go-http-client/1.1"
140.245.43.10 - - [04/Apr/2025:11:38:02 -0400] "GET //.tmb/moon.php HTTP/1.1" 301 0 "-" "Go-http-client/1.1"
140.245.43.10 - - [04/Apr/2025:11:38:02 -0400] "GET /.tmb/moon.php HTTP/1.1" 404 6614 "http://baernblog.com//.tmb/moon.php" "Go-http-client/1.1"
140.245.43.10 - - [04/Apr/2025:11:38:02 -0400] "GET //.well-known/acme-challenge/moon.php HTTP/1.1" 301 0 "-" "Go-http-client/1.1"
140.245.43.10 - - [04/Apr/2025:11:38:03 -0400] "GET /.well-known/acme-challenge/moon.php HTTP/1.1" 404 6614 "http://baernblog.com//.well-known/acme-challenge/moon.php" "Go-http-client/1.1"
140.245.43.10 - - [04/Apr/2025:11:38:04 -0400] "GET //cgi-bin/moon.php HTTP/1.1" 301 0 "-" "Go-http-client/1.1"
140.245.43.10 - - [04/Apr/2025:11:38:04 -0400] "GET /cgi-bin/moon.php HTTP/1.1" 404 6614 "http://baernblog.com//cgi-bin/moon.php" "Go-http-client/1.1"
140.245.43.10 - - [04/Apr/2025:11:38:05 -0400] "GET //wp-admin/user/moon.php HTTP/1.1" 301 0 "-" "Go-http-client/1.1"
140.245.43.10 - - [04/Apr/2025:11:38:05 -0400] "GET /wp-admin/user/moon.php HTTP/1.1" 404 6614 "http://baernblog.com//wp-admin/user/moon.php" "Go-http-client/1.1"
140.245.43.10 - - [04/Apr/2025:11:38:05 -0400] "GET //wp-content/upgrade/moon.php HTTP/1.1" 301 0 "-" "Go-http-client/1.1"
140.245.43.10 - - [04/Apr/2025:11:38:06 -0400] "GET /wp-content/upgrade/moon.php HTTP/1.1" 404 6614 "http://baernblog.com//wp-content/upgrade/moon.php" "Go-http-client/1.1"
140.245.43.10 - - [04/Apr/2025:11:38:06 -0400] "GET //wp-admin/js/widgets/moon.php HTTP/1.1" 301 0 "-" "Go-http-client/1.1"
140.245.43.10 - - [04/Apr/2025:11:38:07 -0400] "GET /wp-admin/js/widgets/moon.php HTTP/1.1" 404 6614 "http://baernblog.com//wp-admin/js/widgets/moon.php" "Go-http-client/1.1"
140.245.43.10 - - [04/Apr/2025:11:38:07 -0400] "GET //wp-admin/maint/moon.php HTTP/1.1" 301 0 "-" "Go-http-client/1.1"
140.245.43.10 - - [04/Apr/2025:11:38:08 -0400] "GET /wp-admin/maint/moon.php HTTP/1.1" 404 6614 "http://baernblog.com//wp-admin/maint/moon.php" "Go-http-client/1.1"
140.245.43.10 - - [04/Apr/2025:11:38:08 -0400] "GET //wp-includes/ID3/moon.php HTTP/1.1" 301 0 "-" "Go-http-client/1.1"
140.245.43.10 - - [04/Apr/2025:11:38:09 -0400] "GET /wp-includes/ID3/moon.php HTTP/1.1" 404 6614 "http://baernblog.com//wp-includes/ID3/moon.php" "Go-http-client/1.1"
140.245.43.10 - - [04/Apr/2025:11:38:09 -0400] "GET //wp-includes/certificates/moon.php HTTP/1.1" 301 0 "-" "Go-http-client/1.1"
140.245.43.10 - - [04/Apr/2025:11:38:09 -0400] "GET /wp-includes/certificates/moon.php HTTP/1.1" 404 6614 "http://baernblog.com//wp-includes/certificates/moon.php" "Go-http-client/1.1"
140.245.43.10 - - [04/Apr/2025:11:38:10 -0400] "GET //wp-admin/includes/moon.php HTTP/1.1" 301 0 "-" "Go-http-client/1.1"
140.245.43.10 - - [04/Apr/2025:11:38:10 -0400] "GET /wp-admin/includes/moon.php HTTP/1.1" 404 6615 "http://baernblog.com//wp-admin/includes/moon.php" "Go-http-client/1.1"
140.245.43.10 - - [04/Apr/2025:11:38:11 -0400] "GET //wp-includes/IXR/moon.php HTTP/1.1" 301 0 "-" "Go-http-client/1.1"
140.245.43.10 - - [04/Apr/2025:11:38:11 -0400] "GET /wp-includes/IXR/moon.php HTTP/1.1" 404 6615 "http://baernblog.com//wp-includes/IXR/moon.php" "Go-http-client/1.1"
140.245.43.10 - - [04/Apr/2025:11:38:12 -0400] "GET //cjfuns.php HTTP/1.1" 301 0 "-" "Go-http-client/1.1"
140.245.43.10 - - [04/Apr/2025:11:38:12 -0400] "GET /cjfuns.php HTTP/1.1" 404 6615 "http://baernblog.com//cjfuns.php" "Go-http-client/1.1"
140.245.43.10 - - [04/Apr/2025:11:38:13 -0400] "GET //classfuns.php HTTP/1.1" 301 0 "-" "Go-http-client/1.1"
140.245.43.10 - - [04/Apr/2025:11:38:13 -0400] "GET /classfuns.php HTTP/1.1" 404 6614 "http://baernblog.com//classfuns.php" "Go-http-client/1.1"
140.245.43.10 - - [04/Apr/2025:11:38:14 -0400] "GET //tempfuns.php HTTP/1.1" 301 0 "-" "Go-http-client/1.1"
140.245.43.10 - - [04/Apr/2025:11:38:15 -0400] "GET /tempfuns.php HTTP/1.1" 404 6614 "http://baernblog.com//tempfuns.php" "Go-http-client/1.1"
140.245.43.10 - - [04/Apr/2025:11:38:16 -0400] "GET //adminfuns.php HTTP/1.1" 301 0 "-" "Go-http-client/1.1"
140.245.43.10 - - [04/Apr/2025:11:38:17 -0400] "GET /adminfuns.php HTTP/1.1" 404 6614 "http://baernblog.com//adminfuns.php" "Go-http-client/1.1"
140.245.43.10 - - [04/Apr/2025:11:38:18 -0400] "GET //nf_tracking.php HTTP/1.1" 301 0 "-" "Go-http-client/1.1"
198.54.114.83 - - [04/Apr/2025:11:38:19 -0400] "POST /wp-cron.php?doing_wp_cron=1743781099.4527831077575683593750 HTTP/1.1" 200 0 "-" "WordPress/6.7.2; https://baernblog.com"
140.245.43.10 - - [04/Apr/2025:11:38:40 -0400] "GET /class_api.php HTTP/1.1" 404 6614 "http://baernblog.com//class_api.php" "Go-http-client/1.1"
140.245.43.10 - - [04/Apr/2025:11:38:40 -0400] "GET //.well-known/acme-challenge/class_api.php HTTP/1.1" 301 0 "-" "Go-http-client/1.1"
140.245.43.10 - - [04/Apr/2025:11:38:41 -0400] "GET /.well-known/acme-challenge/class_api.php HTTP/1.1" 404 6615 "http://baernblog.com//.well-known/acme-challenge/class_api.php" "Go-http-client/1.1"
140.245.43.10 - - [04/Apr/2025:11:38:41 -0400] "GET //.tmb/mariju.php HTTP/1.1" 301 0 "-" "Go-http-client/1.1"
140.245.43.10 - - [04/Apr/2025:11:38:42 -0400] "GET /.tmb/mariju.php HTTP/1.1" 404 6615 "http://baernblog.com//.tmb/mariju.php" "Go-http-client/1.1"
140.245.43.10 - - [04/Apr/2025:11:38:42 -0400] "GET //wp-content/languages/themes/class_api.php HTTP/1.1" 301 0 "-" "Go-http-client/1.1"
140.245.43.10 - - [04/Apr/2025:11:38:43 -0400] "GET /wp-content/languages/themes/class_api.php HTTP/1.1" 404 6614 "http://baernblog.com//wp-content/languages/themes/class_api.php" "Go-http-client/1.1"
140.245.43.10 - - [04/Apr/2025:11:38:43 -0400] "GET //wp-admin/includes/class_api.php HTTP/1.1" 301 0 "-" "Go-http-client/1.1"
140.245.43.10 - - [04/Apr/2025:11:38:44 -0400] "GET /wp-admin/includes/class_api.php HTTP/1.1" 404 6614 "http://baernblog.com//wp-admin/includes/class_api.php" "Go-http-client/1.1"
140.245.43.10 - - [04/Apr/2025:11:38:44 -0400] "GET //wp-admin/js/widgets/class_api.php HTTP/1.1" 301 0 "-" "Go-http-client/1.1"
140.245.43.10 - - [04/Apr/2025:11:38:45 -0400] "GET /wp-admin/js/widgets/class_api.php HTTP/1.1" 404 6614 "http://baernblog.com//wp-admin/js/widgets/class_api.php" "Go-http-client/1.1"
140.245.43.10 - - [04/Apr/2025:11:38:46 -0400] "GET //wp-admin/network/class_api.php HTTP/1.1" 301 0 "-" "Go-http-client/1.1"
140.245.43.10 - - [04/Apr/2025:11:38:46 -0400] "GET /wp-admin/network/class_api.php HTTP/1.1" 404 6614 "http://baernblog.com//wp-admin/network/class_api.php" "Go-http-client/1.1"
140.245.43.10 - - [04/Apr/2025:11:38:47 -0400] "GET //.tmb/class_api.php HTTP/1.1" 301 0 "-" "Go-http-client/1.1"
140.245.43.10 - - [04/Apr/2025:11:38:48 -0400] "GET /.tmb/class_api.php HTTP/1.1" 404 6614 "http://baernblog.com//.tmb/class_api.php" "Go-http-client/1.1"
140.245.43.10 - - [04/Apr/2025:11:38:48 -0400] "GET //assets/class_api.php HTTP/1.1" 301 0 "-" "Go-http-client/1.1"
140.245.43.10 - - [04/Apr/2025:11:38:50 -0400] "GET /assets/class_api.php HTTP/1.1" 404 6614 "http://baernblog.com//assets/class_api.php" "Go-http-client/1.1"
140.245.43.10 - - [04/Apr/2025:11:38:50 -0400] "GET //common/css/class_api.php HTTP/1.1" 301 0 "-" "Go-http-client/1.1"
140.245.43.10 - - [04/Apr/2025:11:38:51 -0400] "GET /common/css/class_api.php HTTP/1.1" 404 6615 "http://baernblog.com//common/css/class_api.php" "Go-http-client/1.1"
140.245.43.10 - - [04/Apr/2025:11:38:52 -0400] "GET //common/img/class_api.php HTTP/1.1" 301 0 "-" "Go-http-client/1.1"
140.245.43.10 - - [04/Apr/2025:11:38:52 -0400] "GET /common/img/class_api.php HTTP/1.1" 404 6614 "http://baernblog.com//common/img/class_api.php" "Go-http-client/1.1"
140.245.43.10 - - [04/Apr/2025:11:38:53 -0400] "GET //.well-known/acme-challenge/mariju.php HTTP/1.1" 301 0 "-" "Go-http-client/1.1"
140.245.43.10 - - [04/Apr/2025:11:38:53 -0400] "GET /.well-known/acme-challenge/mariju.php HTTP/1.1" 404 6614 "http://baernblog.com//.well-known/acme-challenge/mariju.php" "Go-http-client/1.1"
140.245.43.10 - - [04/Apr/2025:11:38:54 -0400] "GET //wp-admin/user/class_api.php HTTP/1.1" 301 0 "-" "Go-http-client/1.1"
140.245.43.10 - - [04/Apr/2025:11:38:54 -0400] "GET /wp-admin/user/class_api.php HTTP/1.1" 404 6614 "http://baernblog.com//wp-admin/user/class_api.php" "Go-http-client/1.1"
140.245.43.10 - - [04/Apr/2025:11:38:55 -0400] "GET //wp-includes/rest-api/fields/cache/index.php HTTP/1.1" 301 0 "-" "Go-http-client/1.1"
140.245.43.10 - - [04/Apr/2025:11:38:55 -0400] "GET /wp-includes/rest-api/fields/cache/ HTTP/1.1" 404 6614 "http://baernblog.com//wp-includes/rest-api/fields/cache/index.php" "Go-http-client/1.1"
2a02:c206:3015:2326::1 - - [04/Apr/2025:11:35:07 -0400] "GET / HTTP/1.1" 200 97678 "-" "Mozilla/5.0 (Windows NT 10.0; Win64; x64) AppleWebKit/537.36 (KHTML, like Gecko) Chrome/91.0.4472.114 Safari/537.36 Edg/91.0.864.54"
140.245.43.10 - - [04/Apr/2025:11:37:19 -0400] "GET / HTTP/1.1" 200 97678 "-" "Go-http-client/1.1"
198.54.114.83 - - [04/Apr/2025:11:37:23 -0400] "POST /wp-cron.php?doing_wp_cron=1743781042.7208468914031982421875 HTTP/1.1" 200 0 "-" "WordPress/6.7.2; https://baernblog.com"
140.245.43.10 - - [04/Apr/2025:11:37:20 -0400] "GET //woh.php HTTP/1.1" 301 0 "-" "Go-http-client/1.1"
140.245.43.10 - - [04/Apr/2025:11:37:23 -0400] "GET /woh.php HTTP/1.1" 404 6614 "http://baernblog.com//woh.php" "Go-http-client/1.1"
140.245.43.10 - - [04/Apr/2025:11:37:25 -0400] "GET //classwithtostring.php HTTP/1.1" 301 0 "-" "Go-http-client/1.1"
140.245.43.10 - - [04/Apr/2025:11:37:26 -0400] "GET /classwithtostring.php HTTP/1.1" 404 6614 "http://baernblog.com//classwithtostring.php" "Go-http-client/1.1"
140.245.43.10 - - [04/Apr/2025:11:37:27 -0400] "GET //simple.php HTTP/1.1" 301 0 "-" "Go-http-client/1.1"
140.245.43.10 - - [04/Apr/2025:11:37:27 -0400] "GET /simple.php HTTP/1.1" 404 6614 "http://baernblog.com//simple.php" "Go-http-client/1.1"
140.245.43.10 - - [04/Apr/2025:11:37:28 -0400] "GET //zero.php HTTP/1.1" 301 0 "-" "Go-http-client/1.1"
140.245.43.10 - - [04/Apr/2025:11:38:19 -0400] "GET /nf_tracking.php HTTP/1.1" 404 6614 "http://baernblog.com//nf_tracking.php#password" "Go-http-client/1.1"
140.245.43.10 - - [04/Apr/2025:11:38:20 -0400] "GET //wp-content/wso.php HTTP/1.1" 301 0 "-" "Go-http-client/1.1"
140.245.43.10 - - [04/Apr/2025:11:38:21 -0400] "GET /wp-content/wso.php HTTP/1.1" 404 6615 "http://baernblog.com//wp-content/wso.php#UEjlZcWL%23UEjlZcWL" "Go-http-client/1.1"
140.245.43.10 - - [04/Apr/2025:11:38:22 -0400] "GET //wp-includes/wso.php HTTP/1.1" 301 0 "-" "Go-http-client/1.1"
140.245.43.10 - - [04/Apr/2025:11:38:24 -0400] "GET /wp-includes/wso.php HTTP/1.1" 404 6614 "http://baernblog.com//wp-includes/wso.php#UEjlZcWL%23UEjlZcWL" "Go-http-client/1.1"
140.245.43.10 - - [04/Apr/2025:11:38:25 -0400] "GET //wso.php HTTP/1.1" 301 0 "-" "Go-http-client/1.1"
140.245.43.10 - - [04/Apr/2025:11:38:26 -0400] "GET /wso.php HTTP/1.1" 404 6614 "http://baernblog.com//wso.php#UEjlZcWL" "Go-http-client/1.1"
140.245.43.10 - - [04/Apr/2025:11:38:27 -0400] "GET //wp-content/uploads/wp-apxupx.php?apx=upx HTTP/1.1" 301 0 "-" "Go-http-client/1.1"
140.245.43.10 - - [04/Apr/2025:11:38:28 -0400] "GET /wp-content/uploads/wp-apxupx.php?apx=upx HTTP/1.1" 404 6614 "http://baernblog.com//wp-content/uploads/wp-apxupx.php?apx=upx" "Go-http-client/1.1"
140.245.43.10 - - [04/Apr/2025:11:38:29 -0400] "GET //wp-content/upgrade/class_api.php HTTP/1.1" 301 0 "-" "Go-http-client/1.1"
140.245.43.10 - - [04/Apr/2025:11:38:31 -0400] "GET /wp-content/upgrade/class_api.php HTTP/1.1" 404 6615 "http://baernblog.com//wp-content/upgrade/class_api.php" "Go-http-client/1.1"
140.245.43.10 - - [04/Apr/2025:11:38:32 -0400] "GET //cgi-bin/sgd.php HTTP/1.1" 301 0 "-" "Go-http-client/1.1"
140.245.43.10 - - [04/Apr/2025:11:38:33 -0400] "GET /cgi-bin/sgd.php HTTP/1.1" 404 6614 "http://baernblog.com//cgi-bin/sgd.php" "Go-http-client/1.1"
140.245.43.10 - - [04/Apr/2025:11:38:35 -0400] "GET //wp-admin/js/widgets/sgd.php HTTP/1.1" 301 0 "-" "Go-http-client/1.1"
140.245.43.10 - - [04/Apr/2025:11:38:35 -0400] "GET /wp-admin/js/widgets/sgd.php HTTP/1.1" 404 6614 "http://baernblog.com//wp-admin/js/widgets/sgd.php#fg123" "Go-http-client/1.1"
140.245.43.10 - - [04/Apr/2025:11:38:36 -0400] "GET //wp-apxupx.php?apx=upx HTTP/1.1" 301 0 "-" "Go-http-client/1.1"
198.54.114.83 - - [04/Apr/2025:11:38:37 -0400] "POST /wp-cron.php?doing_wp_cron=1743781117.4098629951477050781250 HTTP/1.1" 200 0 "-" "WordPress/6.7.2; https://baernblog.com"
140.245.43.10 - - [04/Apr/2025:11:38:37 -0400] "GET /wp-apxupx.php?apx=upx HTTP/1.1" 404 6614 "http://baernblog.com//wp-apxupx.php?apx=upx" "Go-http-client/1.1"
140.245.43.10 - - [04/Apr/2025:11:38:38 -0400] "GET //wp-includes/IXR/class.api.php HTTP/1.1" 301 0 "-" "Go-http-client/1.1"
140.245.43.10 - - [04/Apr/2025:11:38:38 -0400] "GET /wp-includes/IXR/class.api.php HTTP/1.1" 404 6613 "http://baernblog.com//wp-includes/IXR/class.api.php" "Go-http-client/1.1"
140.245.43.10 - - [04/Apr/2025:11:38:38 -0400] "GET //wp-content/languages/class_api.php HTTP/1.1" 301 0 "-" "Go-http-client/1.1"
140.245.43.10 - - [04/Apr/2025:11:38:39 -0400] "GET /wp-content/languages/class_api.php HTTP/1.1" 404 6614 "http://baernblog.com//wp-content/languages/class_api.php" "Go-http-client/1.1"
140.245.43.10 - - [04/Apr/2025:11:38:39 -0400] "GET //class_api.php HTTP/1.1" 301 0 "-" "Go-http-client/1.1"
140.245.43.10 - - [04/Apr/2025:11:38:56 -0400] "GET //wp-content/themes/travel/issue.php HTTP/1.1" 301 0 "-" "Go-http-client/1.1"
140.245.43.10 - - [04/Apr/2025:11:38:56 -0400] "GET /wp-content/themes/travel/issue.php HTTP/1.1" 404 6614 "http://baernblog.com//wp-content/themes/travel/issue.php" "Go-http-client/1.1"
140.245.43.10 - - [04/Apr/2025:11:38:57 -0400] "GET //wp-includes/IXR/class_api.php HTTP/1.1" 301 0 "-" "Go-http-client/1.1"
140.245.43.10 - - [04/Apr/2025:11:38:57 -0400] "GET /wp-includes/IXR/class_api.php HTTP/1.1" 404 6614 "http://baernblog.com//wp-includes/IXR/class_api.php" "Go-http-client/1.1"
140.245.43.10 - - [04/Apr/2025:11:38:57 -0400] "GET //wp-includes/Requests/class_api.php HTTP/1.1" 301 0 "-" "Go-http-client/1.1"
140.245.43.10 - - [04/Apr/2025:11:38:58 -0400] "GET /wp-includes/Requests/class_api.php HTTP/1.1" 404 6614 "http://baernblog.com//wp-includes/Requests/class_api.php" "Go-http-client/1.1"
140.245.43.10 - - [04/Apr/2025:11:38:59 -0400] "GET //wp-includes/random_compat/class_api.php HTTP/1.1" 301 0 "-" "Go-http-client/1.1"
140.245.43.10 - - [04/Apr/2025:11:38:59 -0400] "GET /wp-includes/random_compat/class_api.php HTTP/1.1" 404 6615 "http://baernblog.com//wp-includes/random_compat/class_api.php" "Go-http-client/1.1"
140.245.43.10 - - [04/Apr/2025:11:39:00 -0400] "GET //wp-content/themes/hello-element/footer.php HTTP/1.1" 301 0 "-" "Go-http-client/1.1"
140.245.43.10 - - [04/Apr/2025:11:39:00 -0400] "GET /wp-content/themes/hello-element/footer.php HTTP/1.1" 404 6615 "http://baernblog.com//wp-content/themes/hello-element/footer.php" "Go-http-client/1.1"
198.54.114.83 - - [04/Apr/2025:11:44:43 -0400] "POST /wp-cron.php?doing_wp_cron=1743781483.4153959751129150390625 HTTP/1.1" 200 0 "-" "WordPress/6.7.2; https://baernblog.com"
188.162.10.182 - - [04/Apr/2025:11:44:43 -0400] "GET /cbd-oil-for-anxiety-uk-a-conclusive-account/ HTTP/1.1" 200 12810 "http://baernblog.com/cbd-oil-for-anxiety-uk-a-conclusive-account/" "Mozilla/5.0 (Windows NT 10.0; Win64; x64) AppleWebKit/537.36 (KHTML, like Gecko) Chrome/130.0.0.0 Safari/537.36 CCleaner/130.0.0.0"
188.162.10.182 - - [04/Apr/2025:11:44:46 -0400] "POST /wp-comments-post.php HTTP/1.1" 302 0 "http://baernblog.com/cbd-oil-for-anxiety-uk-a-conclusive-account/" "Mozilla/5.0 (Windows NT 10.0; Win64; x64) AppleWebKit/537.36 (KHTML, like Gecko) Chrome/130.0.0.0 Safari/537.36 CCleaner/130.0.0.0"
34.46.187.229 - - [04/Apr/2025:11:54:54 -0400] "GET / HTTP/1.1" 200 97678 "-" "Mozilla/5.0 (Windows NT 10.0; Win64; x64) AppleWebKit/537.36 (KHTML, like Gecko) Chrome/78.0.3904.108 Safari/537.36"
34.46.187.229 - - [04/Apr/2025:11:54:55 -0400] "GET / HTTP/1.1" 200 97678 "-" "Mozilla/5.0 (Windows NT 10.0; Win64; x64) AppleWebKit/537.36 (KHTML, like Gecko) Chrome/78.0.3904.108 Safari/537.36"
198.54.114.83 - - [04/Apr/2025:11:54:56 -0400] "POST /wp-cron.php?doing_wp_cron=1743782096.5600609779357910156250 HTTP/1.1" 200 0 "-" "WordPress/6.7.2; https://baernblog.com"
34.46.187.229 - - [04/Apr/2025:11:54:56 -0400] "GET /wp-includes/wlwmanifest.xml HTTP/1.1" 404 6614 "-" "Mozilla/5.0 (Windows NT 10.0; Win64; x64) AppleWebKit/537.36 (KHTML, like Gecko) Chrome/78.0.3904.108 Safari/537.36"
34.46.187.229 - - [04/Apr/2025:11:54:57 -0400] "GET /?author=1 HTTP/1.1" 200 97678 "-" "Mozilla/5.0 (Windows NT 10.0; Win64; x64) AppleWebKit/537.36 (KHTML, like Gecko) Chrome/78.0.3904.108 Safari/537.36"
34.46.187.229 - - [04/Apr/2025:11:54:59 -0400] "GET /?author=2 HTTP/1.1" 200 97678 "-" "Mozilla/5.0 (Windows NT 10.0; Win64; x64) AppleWebKit/537.36 (KHTML, like Gecko) Chrome/78.0.3904.108 Safari/537.36"
34.46.187.229 - - [04/Apr/2025:11:54:59 -0400] "GET /wp-json/wp/v2/users/ HTTP/1.1" 200 1325 "-" "Mozilla/5.0 (Windows NT 10.0; Win64; x64) AppleWebKit/537.36 (KHTML, like Gecko) Chrome/78.0.3904.108 Safari/537.36"
198.54.114.83 - - [04/Apr/2025:11:57:18 -0400] "POST /wp-cron.php?doing_wp_cron=1743782237.6011900901794433593750 HTTP/1.1" 200 0 "-" "WordPress/6.7.2; https://baernblog.com"
222.186.134.245 - - [04/Apr/2025:11:57:17 -0400] "GET /apps/admin/view/default/layui/css/layui.css HTTP/1.1" 404 6614 "http://baernblog.com/apps/admin/view/default/layui/css/layui.css" "Mozilla/4.0 (compatible; MSIE 9.0; Windows NT 6.1)"
43.153.79.218 - - [04/Apr/2025:12:00:02 -0400] "GET / HTTP/1.1" 200 97678 "-" "Mozilla/5.0 (iPhone; CPU iPhone OS 13_2_3 like Mac OS X) AppleWebKit/605.1.15 (KHTML, like Gecko) Version/13.0.3 Mobile/15E148 Safari/604.1"
223.244.35.77 - - [04/Apr/2025:12:31:30 -0400] "GET / HTTP/1.1" 200 97678 "-" "Mozilla/5.0 (iPhone; CPU iPhone OS 13_2_3 like Mac OS X) AppleWebKit/605.1.15 (KHTML, like Gecko) Version/13.0.3 Mobile/15E148 Safari/604.1"
216.244.66.198 - - [04/Apr/2025:12:45:34 -0400] "GET /robots.txt HTTP/1.1" 200 124 "-" "Mozilla/5.0 (compatible; DotBot/1.2; +https://opensiteexplorer.org/dotbot; help@moz.com)"
