149.88.101.23 - - [31/Mar/2025:00:17:15 -0400] "GET /wp-admin/images/admin.php HTTP/1.1" 404 6614 "-" "Go-http-client/1.1"
149.88.101.23 - - [31/Mar/2025:00:17:16 -0400] "GET /wp-includes/css/about.php HTTP/1.1" 404 6613 "-" "Go-http-client/1.1"
149.88.101.23 - - [31/Mar/2025:00:17:17 -0400] "GET /wp-includes/class-wp-session-json.php HTTP/1.1" 404 6613 "-" "Go-http-client/1.1"
198.54.114.83 - - [31/Mar/2025:00:17:20 -0400] "POST /wp-cron.php?doing_wp_cron=1743394640.4540460109710693359375 HTTP/1.1" 200 0 "-" "WordPress/6.7.2; https://baernblog.com"
149.88.101.23 - - [31/Mar/2025:00:17:20 -0400] "GET /.tmb/cloud.php HTTP/1.1" 404 6614 "-" "Go-http-client/1.1"
149.88.101.23 - - [31/Mar/2025:00:17:22 -0400] "GET /up.php HTTP/1.1" 404 6622 "-" "Go-http-client/1.1"
149.88.101.23 - - [31/Mar/2025:00:17:24 -0400] "GET /xx.php HTTP/1.1" 404 6614 "-" "Go-http-client/1.1"
149.88.101.23 - - [31/Mar/2025:00:17:25 -0400] "GET /wp-includes/random_compat/about.php HTTP/1.1" 404 6614 "-" "Go-http-client/1.1"
149.88.101.23 - - [31/Mar/2025:00:17:31 -0400] "GET /radio.php HTTP/1.1" 404 6614 "-" "Go-http-client/1.1"
149.88.101.23 - - [31/Mar/2025:00:17:37 -0400] "GET /ws.php7 HTTP/1.1" 404 6614 "-" "Go-http-client/1.1"
149.88.101.23 - - [31/Mar/2025:00:17:41 -0400] "GET /wp-content/themes/gaukingo/db.php?u HTTP/1.1" 404 6615 "-" "Go-http-client/1.1"
149.88.101.23 - - [31/Mar/2025:00:17:42 -0400] "GET /Enigma.php?key=EnigmaCyberSecurity HTTP/1.1" 404 6616 "-" "Go-http-client/1.1"
149.88.101.23 - - [31/Mar/2025:00:17:42 -0400] "GET /1975.php?shell=1975 HTTP/1.1" 404 6614 "-" "Go-http-client/1.1"
149.88.101.23 - - [31/Mar/2025:00:17:43 -0400] "GET /wp-includes/theme-compat/wp-login.php HTTP/1.1" 404 6614 "-" "Go-http-client/1.1"
149.88.101.23 - - [31/Mar/2025:00:17:44 -0400] "GET /wp-includes/customize/about.php HTTP/1.1" 404 6614 "-" "Go-http-client/1.1"
149.88.101.23 - - [31/Mar/2025:00:17:44 -0400] "GET /wp-head.php HTTP/1.1" 404 6614 "-" "Go-http-client/1.1"
149.88.101.23 - - [31/Mar/2025:00:17:45 -0400] "GET /wp-content/plugins/about.php HTTP/1.1" 404 6614 "-" "Go-http-client/1.1"
149.88.101.23 - - [31/Mar/2025:00:17:46 -0400] "GET /mini.php HTTP/1.1" 404 6621 "-" "Go-http-client/1.1"
149.88.101.23 - - [31/Mar/2025:00:17:46 -0400] "GET /css.php HTTP/1.1" 404 6614 "-" "Go-http-client/1.1"
149.88.101.23 - - [31/Mar/2025:00:17:47 -0400] "GET /wp-content/plugins/TOPXOH/wDR.php HTTP/1.1" 404 6621 "-" "Go-http-client/1.1"
149.88.101.23 - - [31/Mar/2025:00:17:49 -0400] "GET /wp-content/themes/twenty/twenty.php HTTP/1.1" 404 6621 "-" "Go-http-client/1.1"
149.88.101.23 - - [31/Mar/2025:00:17:49 -0400] "GET /wp-includes/Text/Diff/Renderer/content.php HTTP/1.1" 404 6614 "-" "Go-http-client/1.1"
149.88.101.23 - - [31/Mar/2025:00:17:50 -0400] "GET /wp-admin/images/Mhbgf.php HTTP/1.1" 404 6614 "-" "Go-http-client/1.1"
149.88.101.23 - - [31/Mar/2025:00:17:51 -0400] "GET /wp-config-sample.php HTTP/1.1" 500 1083 "-" "Go-http-client/1.1"
149.88.101.23 - - [31/Mar/2025:00:17:51 -0400] "GET /wp-content/plugins/Cache/Cache.php HTTP/1.1" 404 6615 "-" "Go-http-client/1.1"
149.88.101.23 - - [31/Mar/2025:00:17:51 -0400] "GET /about.php?p= HTTP/1.1" 301 0 "-" "Go-http-client/1.1"
149.88.101.23 - - [31/Mar/2025:00:17:52 -0400] "GET /about.php HTTP/1.1" 404 6614 "http://baernblog.com/about.php?p=" "Go-http-client/1.1"
149.88.101.23 - - [31/Mar/2025:00:17:52 -0400] "GET /dropdown.php?p= HTTP/1.1" 301 0 "-" "Go-http-client/1.1"
149.88.101.23 - - [31/Mar/2025:00:17:53 -0400] "GET /dropdown.php HTTP/1.1" 404 6615 "http://baernblog.com/dropdown.php?p=" "Go-http-client/1.1"
149.88.101.23 - - [31/Mar/2025:00:17:53 -0400] "GET /wp-content/alfa.php HTTP/1.1" 404 6614 "-" "Go-http-client/1.1"
149.88.101.23 - - [31/Mar/2025:00:17:54 -0400] "GET /wp-content/cong.php HTTP/1.1" 404 6614 "-" "Go-http-client/1.1"
149.88.101.23 - - [31/Mar/2025:00:17:54 -0400] "GET /.well-known/radio.php HTTP/1.1" 404 6614 "-" "Go-http-client/1.1"
149.88.101.23 - - [31/Mar/2025:00:17:55 -0400] "GET /wp-admin/css/colors/blue/1.php HTTP/1.1" 404 6614 "-" "Go-http-client/1.1"
149.88.101.23 - - [31/Mar/2025:00:17:56 -0400] "GET /wp-content/classwithtostring.php HTTP/1.1" 404 6614 "-" "Go-http-client/1.1"
149.88.101.23 - - [31/Mar/2025:00:17:58 -0400] "GET /406 HTTP/1.1" 404 6614 "-" "Go-http-client/1.1"
149.88.101.23 - - [31/Mar/2025:00:17:58 -0400] "GET /plugins/jquery.filer/uploads/jack2024.p.php HTTP/1.1" 404 6614 "-" "Go-http-client/1.1"
149.88.101.23 - - [31/Mar/2025:00:17:59 -0400] "GET /wp-content/plugins/linkpreview/db.php?u HTTP/1.1" 404 6614 "-" "Go-http-client/1.1"
149.88.101.23 - - [31/Mar/2025:00:18:00 -0400] "GET /wp-content/install.php HTTP/1.1" 404 6615 "-" "Go-http-client/1.1"
149.88.101.23 - - [31/Mar/2025:00:18:02 -0400] "GET /.well-known/autoload_classmap.php HTTP/1.1" 404 6614 "-" "Go-http-client/1.1"
198.54.114.83 - - [31/Mar/2025:00:18:03 -0400] "POST /wp-cron.php?doing_wp_cron=1743394683.1694340705871582031250 HTTP/1.1" 200 0 "-" "WordPress/6.7.2; https://baernblog.com"
149.88.101.23 - - [31/Mar/2025:00:18:03 -0400] "GET /wp-includes/theme-compat/wp-conflg.php HTTP/1.1" 404 6614 "-" "Go-http-client/1.1"
149.88.101.23 - - [31/Mar/2025:00:18:03 -0400] "GET /wp-content/plugins/backup-backup/includes/ HTTP/1.1" 404 6615 "-" "Go-http-client/1.1"
149.88.101.23 - - [31/Mar/2025:00:18:04 -0400] "GET /wp-admin/network/amaxx.php HTTP/1.1" 404 6615 "-" "Go-http-client/1.1"
149.88.101.23 - - [31/Mar/2025:00:18:05 -0400] "GET /repeater.php HTTP/1.1" 404 6614 "-" "Go-http-client/1.1"
149.88.101.23 - - [31/Mar/2025:00:18:05 -0400] "GET /wp-admin/1.php HTTP/1.1" 404 6614 "-" "Go-http-client/1.1"
149.88.101.23 - - [31/Mar/2025:00:18:06 -0400] "GET /alfa-rex.php7 HTTP/1.1" 404 6614 "-" "Go-http-client/1.1"
149.88.101.23 - - [31/Mar/2025:00:18:06 -0400] "GET /fw.php HTTP/1.1" 404 6614 "-" "Go-http-client/1.1"
149.88.101.23 - - [31/Mar/2025:00:18:07 -0400] "GET /wp-admin/X.php?action=768776e296b6f286f26796e2a72607e2972647 HTTP/1.1" 404 6614 "-" "Go-http-client/1.1"
149.88.101.23 - - [31/Mar/2025:00:18:08 -0400] "GET /wp-includes/wp-class.php HTTP/1.1" 404 6614 "-" "Go-http-client/1.1"
149.88.101.23 - - [31/Mar/2025:00:18:08 -0400] "GET /wso112233.php HTTP/1.1" 404 6614 "-" "Go-http-client/1.1"
149.88.101.23 - - [31/Mar/2025:00:18:08 -0400] "GET /wp-admin/images/wp-signup.php HTTP/1.1" 404 6614 "-" "Go-http-client/1.1"
149.88.101.23 - - [31/Mar/2025:00:18:10 -0400] "GET /wp-content/bypass.php HTTP/1.1" 404 6614 "-" "Go-http-client/1.1"
149.88.101.23 - - [31/Mar/2025:00:18:12 -0400] "GET /content.php?p= HTTP/1.1" 301 0 "-" "Go-http-client/1.1"
149.88.101.23 - - [31/Mar/2025:00:18:12 -0400] "GET /content.php HTTP/1.1" 404 6614 "http://baernblog.com/content.php?p=" "Go-http-client/1.1"
149.88.101.23 - - [31/Mar/2025:00:18:13 -0400] "GET /wp-admin/shell20211028.php HTTP/1.1" 404 6614 "-" "Go-http-client/1.1"
149.88.101.23 - - [31/Mar/2025:00:18:13 -0400] "GET /wp-includes/xx.php HTTP/1.1" 404 6614 "-" "Go-http-client/1.1"
149.88.101.23 - - [31/Mar/2025:00:18:14 -0400] "GET /wp-content/plugins/seoo/wsoyanz.php HTTP/1.1" 404 6614 "-" "Go-http-client/1.1"
149.88.101.23 - - [31/Mar/2025:00:18:14 -0400] "GET /wp-content/mari.php HTTP/1.1" 404 6614 "-" "Go-http-client/1.1"
149.88.101.23 - - [31/Mar/2025:00:18:15 -0400] "GET /wp-admin/js/widgets/about.php7 HTTP/1.1" 404 6614 "-" "Go-http-client/1.1"
149.88.101.23 - - [31/Mar/2025:00:18:16 -0400] "GET /alfa.php HTTP/1.1" 404 6614 "-" "Go-http-client/1.1"
149.88.101.23 - - [31/Mar/2025:00:18:16 -0400] "GET /yanz.php HTTP/1.1" 404 6614 "-" "Go-http-client/1.1"
149.88.101.23 - - [31/Mar/2025:00:18:17 -0400] "GET /.well-known/acme-challenge/1.php HTTP/1.1" 404 6614 "-" "Go-http-client/1.1"
149.88.101.23 - - [31/Mar/2025:00:18:18 -0400] "GET /class.api.php HTTP/1.1" 404 6613 "-" "Go-http-client/1.1"
149.88.101.23 - - [31/Mar/2025:00:18:18 -0400] "GET /style2.php HTTP/1.1" 404 6613 "-" "Go-http-client/1.1"
198.54.114.83 - - [31/Mar/2025:00:18:19 -0400] "POST /wp-cron.php?doing_wp_cron=1743394699.2609210014343261718750 HTTP/1.1" 200 0 "-" "WordPress/6.7.2; https://baernblog.com"
149.88.101.23 - - [31/Mar/2025:00:18:19 -0400] "GET /.well-known/acme-challenge/cloud.php HTTP/1.1" 404 6614 "-" "Go-http-client/1.1"
149.88.101.23 - - [31/Mar/2025:00:18:22 -0400] "GET /mc.php HTTP/1.1" 404 6616 "-" "Go-http-client/1.1"
149.88.101.23 - - [31/Mar/2025:00:18:23 -0400] "GET /wp-admin/css/colors/light/about.php HTTP/1.1" 404 6614 "-" "Go-http-client/1.1"
149.88.101.23 - - [31/Mar/2025:00:18:24 -0400] "GET /wp-includes/js/tinymce/skins/lightgray/img/index.php HTTP/1.1" 301 0 "-" "Go-http-client/1.1"
149.88.101.23 - - [31/Mar/2025:00:18:25 -0400] "GET /wp-includes/js/tinymce/skins/lightgray/img/ HTTP/1.1" 200 871 "http://baernblog.com/wp-includes/js/tinymce/skins/lightgray/img/index.php" "Go-http-client/1.1"
149.88.101.23 - - [31/Mar/2025:00:18:25 -0400] "GET /wp-content/bak.php HTTP/1.1" 404 6614 "-" "Go-http-client/1.1"
149.88.101.23 - - [31/Mar/2025:00:18:26 -0400] "GET /wp-includes/Text/about.php HTTP/1.1" 404 6614 "-" "Go-http-client/1.1"
149.88.101.23 - - [31/Mar/2025:00:18:27 -0400] "GET /b.php HTTP/1.1" 404 6614 "-" "Go-http-client/1.1"
149.88.101.23 - - [31/Mar/2025:00:18:32 -0400] "GET /wp-admin/ss.php HTTP/1.1" 404 6616 "-" "Go-http-client/1.1"
149.88.101.23 - - [31/Mar/2025:00:18:33 -0400] "GET /wp-includes/plugins/instabuilder2/cache/plugins/moon.php HTTP/1.1" 404 6614 "-" "Go-http-client/1.1"
149.88.101.23 - - [31/Mar/2025:00:18:42 -0400] "GET /wp-content/index1.php HTTP/1.1" 404 6616 "-" "Go-http-client/1.1"
149.88.101.23 - - [31/Mar/2025:00:18:44 -0400] "GET /wp-includes/content.php HTTP/1.1" 404 6614 "-" "Go-http-client/1.1"
149.88.101.23 - - [31/Mar/2025:00:18:44 -0400] "GET /woh.php HTTP/1.1" 404 6614 "-" "Go-http-client/1.1"
149.88.101.23 - - [31/Mar/2025:00:18:46 -0400] "GET /wp-content/plugins/press/wp-class.php HTTP/1.1" 404 6614 "-" "Go-http-client/1.1"
149.88.101.23 - - [31/Mar/2025:00:18:47 -0400] "GET /plugins.php HTTP/1.1" 404 6614 "-" "Go-http-client/1.1"
149.88.101.23 - - [31/Mar/2025:00:18:47 -0400] "GET /wsoyanz.php HTTP/1.1" 404 6614 "-" "Go-http-client/1.1"
149.88.101.23 - - [31/Mar/2025:00:18:48 -0400] "GET /wp-admin/css/ HTTP/1.1" 200 3898 "-" "Go-http-client/1.1"
149.88.101.23 - - [31/Mar/2025:00:18:49 -0400] "GET /wp-content/shell.php HTTP/1.1" 404 6614 "-" "Go-http-client/1.1"
149.88.101.23 - - [31/Mar/2025:00:16:09 -0400] "GET /WSOEnigma.php HTTP/1.1" 404 6614 "-" "Go-http-client/1.1"
149.88.101.23 - - [31/Mar/2025:00:16:16 -0400] "GET /wp-includes/wso112233.php HTTP/1.1" 404 6614 "-" "Go-http-client/1.1"
149.88.101.23 - - [31/Mar/2025:00:16:18 -0400] "GET /.well-known/ HTTP/1.1" 404 6614 "-" "Go-http-client/1.1"
149.88.101.23 - - [31/Mar/2025:00:16:19 -0400] "GET /1.php HTTP/1.1" 404 6614 "-" "Go-http-client/1.1"
198.54.114.83 - - [31/Mar/2025:00:16:20 -0400] "POST /wp-cron.php?doing_wp_cron=1743394579.4844880104064941406250 HTTP/1.1" 200 0 "-" "WordPress/6.7.2; https://baernblog.com"
149.88.101.23 - - [31/Mar/2025:00:16:21 -0400] "GET /wp-content/index.php HTTP/1.1" 200 0 "-" "Go-http-client/1.1"
149.88.101.23 - - [31/Mar/2025:00:16:21 -0400] "GET /s.php HTTP/1.1" 404 6615 "-" "Go-http-client/1.1"
149.88.101.23 - - [31/Mar/2025:00:16:21 -0400] "GET /wp-includes/wp-login.php HTTP/1.1" 404 6616 "-" "Go-http-client/1.1"
149.88.101.23 - - [31/Mar/2025:00:16:22 -0400] "GET /wp-l0gin.php HTTP/1.1" 404 6616 "-" "Go-http-client/1.1"
149.88.101.23 - - [31/Mar/2025:00:16:23 -0400] "GET /fm.php?p= HTTP/1.1" 301 0 "-" "Go-http-client/1.1"
149.88.101.23 - - [31/Mar/2025:00:16:23 -0400] "GET /fm.php HTTP/1.1" 404 6614 "http://baernblog.com/fm.php?p=" "Go-http-client/1.1"
149.88.101.23 - - [31/Mar/2025:00:16:25 -0400] "GET /wp-includes/Text/themes.php HTTP/1.1" 404 6614 "-" "Go-http-client/1.1"
149.88.101.23 - - [31/Mar/2025:00:18:50 -0400] "GET /wp-includes/sodium_compat/src/Core/Curve25519/Ge/wp_blog.php HTTP/1.1" 404 6614 "-" "Go-http-client/1.1"
149.88.101.23 - - [31/Mar/2025:00:18:50 -0400] "GET /epinyins.php HTTP/1.1" 404 6615 "-" "Go-http-client/1.1"
149.88.101.23 - - [31/Mar/2025:00:18:54 -0400] "GET /cgi-bin/admin.php HTTP/1.1" 404 6614 "-" "Go-http-client/1.1"
149.88.101.23 - - [31/Mar/2025:00:18:55 -0400] "GET /w.php HTTP/1.1" 404 6614 "-" "Go-http-client/1.1"
149.88.101.23 - - [31/Mar/2025:00:18:56 -0400] "GET /wp-content/themes/pridmag/mar.php HTTP/1.1" 404 6614 "-" "Go-http-client/1.1"
149.88.101.23 - - [31/Mar/2025:00:18:57 -0400] "GET /uploader.php HTTP/1.1" 404 6614 "-" "Go-http-client/1.1"
149.88.101.23 - - [31/Mar/2025:00:18:57 -0400] "GET /wp-includes/Xl2023.php HTTP/1.1" 404 6614 "-" "Go-http-client/1.1"
198.54.114.83 - - [31/Mar/2025:00:19:04 -0400] "POST /wp-cron.php?doing_wp_cron=1743394744.3328430652618408203125 HTTP/1.1" 200 0 "-" "WordPress/6.7.2; https://baernblog.com"
149.88.101.23 - - [31/Mar/2025:00:19:03 -0400] "GET /c.php HTTP/1.1" 404 6615 "-" "Go-http-client/1.1"
149.88.101.23 - - [31/Mar/2025:00:19:06 -0400] "GET /js/access.php HTTP/1.1" 404 6614 "-" "Go-http-client/1.1"
149.88.101.23 - - [31/Mar/2025:00:19:07 -0400] "GET /images/sclass_api.php HTTP/1.1" 404 6614 "-" "Go-http-client/1.1"
149.88.101.23 - - [31/Mar/2025:00:19:08 -0400] "GET /wp-content/plugins/core/include.php HTTP/1.1" 404 6614 "-" "Go-http-client/1.1"
149.88.101.23 - - [31/Mar/2025:00:19:12 -0400] "GET /.well-known/1.php HTTP/1.1" 404 6615 "-" "Go-http-client/1.1"
198.54.114.83 - - [31/Mar/2025:00:19:19 -0400] "POST /wp-cron.php?doing_wp_cron=1743394759.3271629810333251953125 HTTP/1.1" 200 0 "-" "WordPress/6.7.2; https://baernblog.com"
149.88.101.23 - - [31/Mar/2025:00:19:19 -0400] "GET /pekok.php HTTP/1.1" 404 6613 "-" "Go-http-client/1.1"
149.88.101.23 - - [31/Mar/2025:00:19:20 -0400] "GET /api.php HTTP/1.1" 404 6614 "-" "Go-http-client/1.1"
149.88.101.23 - - [31/Mar/2025:00:19:21 -0400] "GET /upgrade.php HTTP/1.1" 404 6615 "-" "Go-http-client/1.1"
149.88.101.23 - - [31/Mar/2025:00:19:22 -0400] "GET /chosen.php HTTP/1.1" 404 6614 "-" "Go-http-client/1.1"
149.88.101.23 - - [31/Mar/2025:00:19:22 -0400] "GET /wp-admin/setup-config.php HTTP/1.1" 409 1222 "-" "Go-http-client/1.1"
149.88.101.23 - - [31/Mar/2025:00:19:23 -0400] "GET /wp-content/repeater.php HTTP/1.1" 404 6614 "-" "Go-http-client/1.1"
149.88.101.23 - - [31/Mar/2025:00:19:24 -0400] "GET /wp-includes/js/tinymce/skins/lightgray/img/index.php?p= HTTP/1.1" 301 0 "-" "Go-http-client/1.1"
149.88.101.23 - - [31/Mar/2025:00:19:27 -0400] "GET /wp-includes/js/tinymce/skins/lightgray/img/ HTTP/1.1" 200 871 "http://baernblog.com/wp-includes/js/tinymce/skins/lightgray/img/index.php?p=" "Go-http-client/1.1"
149.88.101.23 - - [31/Mar/2025:00:19:28 -0400] "GET /wp-login.php?action=register HTTP/1.1" 302 0 "-" "Go-http-client/1.1"
149.88.101.23 - - [31/Mar/2025:00:19:33 -0400] "GET /wp-admin/wso112233.php HTTP/1.1" 404 6614 "-" "Go-http-client/1.1"
149.88.101.23 - - [31/Mar/2025:00:19:40 -0400] "GET /.well-known/js.php HTTP/1.1" 404 6614 "-" "Go-http-client/1.1"
149.88.101.23 - - [31/Mar/2025:00:19:41 -0400] "GET /c99.php HTTP/1.1" 404 6615 "-" "Go-http-client/1.1"
149.88.101.23 - - [31/Mar/2025:00:19:42 -0400] "GET /wp-content/uploads/help.php HTTP/1.1" 404 6616 "-" "Go-http-client/1.1"
149.88.101.23 - - [31/Mar/2025:00:19:44 -0400] "GET /admin-post.php HTTP/1.1" 404 6614 "-" "Go-http-client/1.1"
149.88.101.23 - - [31/Mar/2025:00:19:48 -0400] "GET /data.php HTTP/1.1" 404 6621 "-" "Go-http-client/1.1"
149.88.101.23 - - [31/Mar/2025:00:19:50 -0400] "GET /rc.php HTTP/1.1" 404 6614 "-" "Go-http-client/1.1"
149.88.101.23 - - [31/Mar/2025:00:19:56 -0400] "GET /wp-apxupx.php?apx=upx HTTP/1.1" 404 6614 "-" "Go-http-client/1.1"
149.88.101.23 - - [31/Mar/2025:00:20:00 -0400] "GET /.well-known/acme-challenge/index.php HTTP/1.1" 301 0 "-" "Go-http-client/1.1"
198.54.114.83 - - [31/Mar/2025:00:20:03 -0400] "POST /wp-cron.php?doing_wp_cron=1743394803.2044448852539062500000 HTTP/1.1" 200 0 "-" "WordPress/6.7.2; https://baernblog.com"
149.88.101.23 - - [31/Mar/2025:00:20:02 -0400] "GET /.well-known/acme-challenge/ HTTP/1.1" 404 6614 "http://baernblog.com/.well-known/acme-challenge/index.php" "Go-http-client/1.1"
149.88.101.23 - - [31/Mar/2025:00:20:07 -0400] "GET /wp-content/plugins/fix/up.php HTTP/1.1" 404 6614 "-" "Go-http-client/1.1"
149.88.101.23 - - [31/Mar/2025:00:20:09 -0400] "GET /.well-known/index.php HTTP/1.1" 301 0 "-" "Go-http-client/1.1"
149.88.101.23 - - [31/Mar/2025:00:20:09 -0400] "GET /.well-known/ HTTP/1.1" 404 6614 "http://baernblog.com/.well-known/index.php" "Go-http-client/1.1"
149.88.101.23 - - [31/Mar/2025:00:20:10 -0400] "GET /log.php HTTP/1.1" 404 6614 "-" "Go-http-client/1.1"
149.88.101.23 - - [31/Mar/2025:00:20:12 -0400] "GET /wp-pano.php HTTP/1.1" 404 6614 "-" "Go-http-client/1.1"
149.88.101.23 - - [31/Mar/2025:00:20:16 -0400] "GET /images/include.php HTTP/1.1" 404 6614 "-" "Go-http-client/1.1"
149.88.101.23 - - [31/Mar/2025:00:20:18 -0400] "GET /images/class.engine.php HTTP/1.1" 404 6614 "-" "Go-http-client/1.1"
149.88.101.23 - - [31/Mar/2025:00:20:19 -0400] "GET /js/be.php HTTP/1.1" 404 6615 "-" "Go-http-client/1.1"
149.88.101.23 - - [31/Mar/2025:00:20:21 -0400] "GET /wp-admin/shapes.php HTTP/1.1" 404 6615 "-" "Go-http-client/1.1"
149.88.101.23 - - [31/Mar/2025:00:20:22 -0400] "GET /.well-known/pki-validation/amaxx.php HTTP/1.1" 404 1251 "-" "Go-http-client/1.1"
149.88.101.23 - - [31/Mar/2025:00:20:22 -0400] "GET /makeasmtp.php HTTP/1.1" 404 6615 "-" "Go-http-client/1.1"
149.88.101.23 - - [31/Mar/2025:00:20:24 -0400] "GET /bak.php HTTP/1.1" 404 6614 "-" "Go-http-client/1.1"
149.88.101.23 - - [31/Mar/2025:00:20:24 -0400] "GET /wp-includes/ms-controller.php HTTP/1.1" 404 6614 "-" "Go-http-client/1.1"
198.54.114.83 - - [31/Mar/2025:00:20:25 -0400] "POST /wp-cron.php?doing_wp_cron=1743394819.9530749320983886718750 HTTP/1.1" 200 0 "-" "WordPress/6.7.2; https://baernblog.com"
149.88.101.23 - - [31/Mar/2025:00:20:25 -0400] "GET /wp-conflg.php HTTP/1.1" 404 6614 "-" "Go-http-client/1.1"
149.88.101.23 - - [31/Mar/2025:00:20:26 -0400] "GET /wp-includes/class-wp-smtp-bar.php HTTP/1.1" 404 6614 "-" "Go-http-client/1.1"
149.88.101.23 - - [31/Mar/2025:00:20:27 -0400] "GET /wp-atom.php HTTP/1.1" 301 0 "-" "Go-http-client/1.1"
149.88.101.23 - - [31/Mar/2025:00:20:34 -0400] "GET /wp-includes/js/themes.php HTTP/1.1" 404 6614 "-" "Go-http-client/1.1"
149.88.101.23 - - [31/Mar/2025:00:20:34 -0400] "GET /wp-content/plugins/root-file-manager/wp-file.php HTTP/1.1" 404 6614 "-" "Go-http-client/1.1"
149.88.101.23 - - [31/Mar/2025:00:20:35 -0400] "GET /wp-content/plugins/dummyyummy/wp-signup.php HTTP/1.1" 404 6614 "-" "Go-http-client/1.1"
149.88.101.23 - - [31/Mar/2025:00:20:36 -0400] "GET /images/offline.php HTTP/1.1" 404 6614 "-" "Go-http-client/1.1"
149.88.101.23 - - [31/Mar/2025:00:20:37 -0400] "GET /wp-content/plugins/ph-file-manager/wp-file.php HTTP/1.1" 404 6614 "-" "Go-http-client/1.1"
149.88.101.23 - - [31/Mar/2025:00:20:38 -0400] "GET /wp-includes/item.php HTTP/1.1" 404 6614 "-" "Go-http-client/1.1"
149.88.101.23 - - [31/Mar/2025:00:20:41 -0400] "GET /wp-includes/class-response.php HTTP/1.1" 404 6615 "-" "Go-http-client/1.1"
149.88.101.23 - - [31/Mar/2025:00:20:42 -0400] "GET /doc.php HTTP/1.1" 404 6615 "-" "Go-http-client/1.1"
149.88.101.23 - - [31/Mar/2025:00:20:43 -0400] "GET /css/load.php HTTP/1.1" 404 6614 "-" "Go-http-client/1.1"
149.88.101.23 - - [31/Mar/2025:00:20:44 -0400] "GET /images/rmdir.php HTTP/1.1" 404 6614 "-" "Go-http-client/1.1"
149.88.101.23 - - [31/Mar/2025:00:20:46 -0400] "GET /wp-content/upgrade/wp-casper.php HTTP/1.1" 404 6614 "-" "Go-http-client/1.1"
149.88.101.23 - - [31/Mar/2025:00:20:48 -0400] "GET /.well-known/pki-validation/ HTTP/1.1" 404 1251 "-" "Go-http-client/1.1"
149.88.101.23 - - [31/Mar/2025:00:20:49 -0400] "GET /images/uclnvbmt.php HTTP/1.1" 404 6614 "-" "Go-http-client/1.1"
149.88.101.23 - - [31/Mar/2025:00:21:07 -0400] "GET /wp-content/languages/confno7.php HTTP/1.1" 404 6614 "-" "Go-http-client/1.1"
149.88.101.23 - - [31/Mar/2025:00:21:08 -0400] "GET /wp-includes/ID3/getid3s.php HTTP/1.1" 404 6614 "-" "Go-http-client/1.1"
149.88.101.23 - - [31/Mar/2025:00:21:08 -0400] "GET /uploads/20230303064717.php HTTP/1.1" 404 6614 "-" "Go-http-client/1.1"
149.88.101.23 - - [31/Mar/2025:00:21:10 -0400] "GET /wp-includes/js/tinymce/radio.php HTTP/1.1" 404 6614 "-" "Go-http-client/1.1"
149.88.101.23 - - [31/Mar/2025:00:21:12 -0400] "GET /assets/dropdown.php HTTP/1.1" 404 6615 "-" "Go-http-client/1.1"
149.88.101.23 - - [31/Mar/2025:00:21:13 -0400] "GET /wp-includes/class-wp-session-tokens-ajax.php HTTP/1.1" 404 6614 "-" "Go-http-client/1.1"
149.88.101.23 - - [31/Mar/2025:00:21:16 -0400] "GET /wp-content/index.php.suspected HTTP/1.1" 404 6614 "-" "Go-http-client/1.1"
149.88.101.23 - - [31/Mar/2025:00:21:16 -0400] "GET /ini.php HTTP/1.1" 404 6614 "-" "Go-http-client/1.1"
149.88.101.23 - - [31/Mar/2025:00:21:17 -0400] "GET /.well-known/pki-validation/termps.php.suspected HTTP/1.1" 404 1251 "-" "Go-http-client/1.1"
149.88.101.23 - - [31/Mar/2025:00:21:17 -0400] "GET /wp-includes/js/tinymce/wp-conflg.php.suspected HTTP/1.1" 404 6614 "-" "Go-http-client/1.1"
149.88.101.23 - - [31/Mar/2025:00:21:18 -0400] "GET /wp-content/themes/travel/issue.phpp HTTP/1.1" 404 6614 "-" "Go-http-client/1.1"
149.88.101.23 - - [31/Mar/2025:00:21:19 -0400] "GET /wp-includes/js/tinymce/wp-tinymce.php HTTP/1.1" 200 146924 "-" "Go-http-client/1.1"
198.54.114.83 - - [31/Mar/2025:00:21:22 -0400] "POST /wp-cron.php?doing_wp_cron=1743394881.9710259437561035156250 HTTP/1.1" 200 0 "-" "WordPress/6.7.2; https://baernblog.com"
149.88.101.23 - - [31/Mar/2025:00:21:21 -0400] "GET /css/wp-blog.php HTTP/1.1" 404 6615 "-" "Go-http-client/1.1"
149.88.101.23 - - [31/Mar/2025:00:21:28 -0400] "GET /upfile.php HTTP/1.1" 404 6614 "-" "Go-http-client/1.1"
149.88.101.23 - - [31/Mar/2025:00:21:28 -0400] "GET /wp-content/plugins/pwnd/pwnd.php HTTP/1.1" 404 6614 "-" "Go-http-client/1.1"
149.88.101.23 - - [31/Mar/2025:00:21:29 -0400] "GET /wp-includes/js/irrrndex.php HTTP/1.1" 404 6614 "-" "Go-http-client/1.1"
149.88.101.23 - - [31/Mar/2025:00:21:37 -0400] "GET /wp-includes/js/tinymce/plugins/compat3x/css/wp-casper.php HTTP/1.1" 404 6614 "-" "Go-http-client/1.1"
149.88.101.23 - - [31/Mar/2025:00:21:37 -0400] "GET /bypass.php HTTP/1.1" 404 6614 "-" "Go-http-client/1.1"
149.88.101.23 - - [31/Mar/2025:00:21:39 -0400] "GET /css/auth.php HTTP/1.1" 404 6614 "-" "Go-http-client/1.1"
149.88.101.23 - - [31/Mar/2025:00:21:41 -0400] "GET /wordpress/logsxxyyzz.php HTTP/1.1" 404 6615 "-" "Go-http-client/1.1"
149.88.101.23 - - [31/Mar/2025:00:21:42 -0400] "GET /css/default.php HTTP/1.1" 404 6614 "-" "Go-http-client/1.1"
149.88.101.23 - - [31/Mar/2025:00:21:43 -0400] "GET /wp-includes/class-wp-editor-cron.php HTTP/1.1" 404 6614 "-" "Go-http-client/1.1"
149.88.101.23 - - [31/Mar/2025:00:21:44 -0400] "GET /wp-includes/rest-api/class-wp-rest-report.php HTTP/1.1" 404 6614 "-" "Go-http-client/1.1"
149.88.101.23 - - [31/Mar/2025:00:21:45 -0400] "GET /wp-includes/feed-rdp.php HTTP/1.1" 404 6614 "-" "Go-http-client/1.1"
149.88.101.23 - - [31/Mar/2025:00:21:46 -0400] "GET /css/radio.php HTTP/1.1" 404 6614 "-" "Go-http-client/1.1"
149.88.101.23 - - [31/Mar/2025:00:21:54 -0400] "GET /wp-activate.php HTTP/1.1" 302 0 "-" "Go-http-client/1.1"
149.88.101.23 - - [31/Mar/2025:00:22:01 -0400] "GET /js/file.php HTTP/1.1" 404 6615 "-" "Go-http-client/1.1"
149.88.101.23 - - [31/Mar/2025:00:22:02 -0400] "GET /assets/library.php HTTP/1.1" 404 6614 "-" "Go-http-client/1.1"
198.54.114.83 - - [31/Mar/2025:00:22:03 -0400] "POST /wp-cron.php?doing_wp_cron=1743394923.5823359489440917968750 HTTP/1.1" 200 0 "-" "WordPress/6.7.2; https://baernblog.com"
149.88.101.23 - - [31/Mar/2025:00:22:03 -0400] "GET /wp-includes/fm.php HTTP/1.1" 404 6615 "-" "Go-http-client/1.1"
149.88.101.23 - - [31/Mar/2025:00:22:04 -0400] "GET /wp-admin/css/colors/coffee/wp-casper.php HTTP/1.1" 404 6614 "-" "Go-http-client/1.1"
149.88.101.23 - - [31/Mar/2025:00:22:05 -0400] "GET /defaults.php HTTP/1.1" 404 6614 "-" "Go-http-client/1.1"
149.88.101.23 - - [31/Mar/2025:00:22:06 -0400] "GET /config.bak.php HTTP/1.1" 404 6614 "-" "Go-http-client/1.1"
149.88.101.23 - - [31/Mar/2025:00:22:06 -0400] "GET /wp-includes/wcache.php HTTP/1.1" 404 6614 "-" "Go-http-client/1.1"
149.88.101.23 - - [31/Mar/2025:00:22:07 -0400] "GET /images/image.php HTTP/1.1" 404 6614 "-" "Go-http-client/1.1"
149.88.101.23 - - [31/Mar/2025:00:22:09 -0400] "GET /robots.php HTTP/1.1" 404 6614 "-" "Go-http-client/1.1"
149.88.101.23 - - [31/Mar/2025:00:22:15 -0400] "GET /filemanager/dialog.php HTTP/1.1" 404 6614 "-" "Go-http-client/1.1"
198.54.114.83 - - [31/Mar/2025:00:22:20 -0400] "POST /wp-cron.php?doing_wp_cron=1743394940.3879439830780029296875 HTTP/1.1" 200 0 "-" "WordPress/6.7.2; https://baernblog.com"
149.88.101.23 - - [31/Mar/2025:00:22:20 -0400] "GET /cache/plugins.php HTTP/1.1" 404 6614 "-" "Go-http-client/1.1"
149.88.101.23 - - [31/Mar/2025:00:22:27 -0400] "GET /bitrix/cache/network.php HTTP/1.1" 404 6614 "-" "Go-http-client/1.1"
149.88.101.23 - - [31/Mar/2025:00:22:31 -0400] "GET /db5yjt/cache/wp-login.php HTTP/1.1" 404 6614 "-" "Go-http-client/1.1"
149.88.101.23 - - [31/Mar/2025:00:22:32 -0400] "GET /wp-content/uploads/index.php HTTP/1.1" 301 0 "-" "Go-http-client/1.1"
149.88.101.23 - - [31/Mar/2025:00:22:34 -0400] "GET /wp-content/uploads/ HTTP/1.1" 200 910 "http://baernblog.com/wp-content/uploads/index.php" "Go-http-client/1.1"
149.88.101.23 - - [31/Mar/2025:00:22:34 -0400] "GET /wp-content/cache/themes.php HTTP/1.1" 404 6614 "-" "Go-http-client/1.1"
149.88.101.23 - - [31/Mar/2025:00:22:36 -0400] "GET /general/cache/plugins.php HTTP/1.1" 404 6614 "-" "Go-http-client/1.1"
149.88.101.23 - - [31/Mar/2025:00:22:47 -0400] "GET /sozorp/cache/about.php HTTP/1.1" 404 6614 "-" "Go-http-client/1.1"
149.88.101.23 - - [31/Mar/2025:00:22:48 -0400] "GET /.well-known/acme-challenge/upfile.php HTTP/1.1" 404 6614 "-" "Go-http-client/1.1"
149.88.101.23 - - [31/Mar/2025:00:22:48 -0400] "GET /ALFA_DATA/alfacgiapi/alfa.php HTTP/1.1" 404 6614 "-" "Go-http-client/1.1"
149.88.101.23 - - [31/Mar/2025:00:22:49 -0400] "GET /js/upfile.php HTTP/1.1" 404 6614 "-" "Go-http-client/1.1"
149.88.101.23 - - [31/Mar/2025:00:22:49 -0400] "GET /wp-admin/js/privacy-tools.min.php HTTP/1.1" 404 6614 "-" "Go-http-client/1.1"
149.88.101.23 - - [31/Mar/2025:00:22:53 -0400] "GET /wp-includes/option-old.php HTTP/1.1" 404 6614 "-" "Go-http-client/1.1"
149.88.101.23 - - [31/Mar/2025:00:22:54 -0400] "GET /js/themes.php HTTP/1.1" 404 6614 "-" "Go-http-client/1.1"
149.88.101.23 - - [31/Mar/2025:00:22:58 -0400] "GET /contact.php HTTP/1.1" 404 6614 "-" "Go-http-client/1.1"
149.88.101.23 - - [31/Mar/2025:00:23:15 -0400] "GET /.well-known/pki-validation/system.php HTTP/1.1" 404 1251 "-" "Go-http-client/1.1"
198.54.114.83 - - [31/Mar/2025:00:23:16 -0400] "POST /wp-cron.php?doing_wp_cron=1743394996.2089879512786865234375 HTTP/1.1" 200 0 "-" "WordPress/6.7.2; https://baernblog.com"
149.88.101.23 - - [31/Mar/2025:00:23:15 -0400] "GET /images/a.php HTTP/1.1" 404 6614 "-" "Go-http-client/1.1"
149.88.101.23 - - [31/Mar/2025:00:23:17 -0400] "GET /wp-includes/class-wp-user-wp.php HTTP/1.1" 404 6614 "-" "Go-http-client/1.1"
198.54.114.83 - - [31/Mar/2025:00:23:30 -0400] "POST /wp-cron.php?doing_wp_cron=1743395009.9855020046234130859375 HTTP/1.1" 200 0 "-" "WordPress/6.7.2; https://baernblog.com"
149.88.101.23 - - [31/Mar/2025:00:23:29 -0400] "GET /x.php HTTP/1.1" 404 6614 "-" "Go-http-client/1.1"
149.88.101.23 - - [31/Mar/2025:00:23:30 -0400] "GET /wp-includes/sylib.php HTTP/1.1" 404 6614 "-" "Go-http-client/1.1"
149.88.101.23 - - [31/Mar/2025:00:23:31 -0400] "GET /plugin.php HTTP/1.1" 404 6616 "-" "Go-http-client/1.1"
149.88.101.23 - - [31/Mar/2025:00:23:32 -0400] "GET /link.php HTTP/1.1" 404 6616 "-" "Go-http-client/1.1"
149.88.101.23 - - [31/Mar/2025:00:23:33 -0400] "GET /wp-admin/user/wp-login.php HTTP/1.1" 404 6614 "-" "Go-http-client/1.1"
149.88.101.23 - - [31/Mar/2025:00:20:49 -0400] "GET /wp-login.php HTTP/1.1" 302 0 "-" "Go-http-client/1.1"
149.88.101.23 - - [31/Mar/2025:00:20:57 -0400] "GET /.well-known/pki-validation/class.api.php HTTP/1.1" 404 1251 "-" "Go-http-client/1.1"
149.88.101.23 - - [31/Mar/2025:00:20:57 -0400] "GET /uploads/b374k.php.suspected HTTP/1.1" 404 6614 "-" "Go-http-client/1.1"
149.88.101.23 - - [31/Mar/2025:00:20:58 -0400] "GET /.well-known/pki-validation/shell.php HTTP/1.1" 404 1251 "-" "Go-http-client/1.1"
149.88.101.23 - - [31/Mar/2025:00:20:58 -0400] "GET /themes.php HTTP/1.1" 404 6614 "-" "Go-http-client/1.1"
149.88.101.23 - - [31/Mar/2025:00:20:59 -0400] "GET /wp-includes/js/tinymce/wp-login.php HTTP/1.1" 404 6614 "-" "Go-http-client/1.1"
149.88.101.23 - - [31/Mar/2025:00:21:00 -0400] "GET /wp-includes/tool.php HTTP/1.1" 404 6615 "-" "Go-http-client/1.1"
149.88.101.23 - - [31/Mar/2025:00:21:00 -0400] "GET /wp-content/alfamodif.php HTTP/1.1" 404 6615 "-" "Go-http-client/1.1"
149.88.101.23 - - [31/Mar/2025:00:21:01 -0400] "GET /wp-includes/wp-cogguk.php HTTP/1.1" 404 6615 "-" "Go-http-client/1.1"
149.88.101.23 - - [31/Mar/2025:00:21:03 -0400] "GET /wp-includes/feed-atom-comments-meta.php HTTP/1.1" 404 6614 "-" "Go-http-client/1.1"
149.88.101.23 - - [31/Mar/2025:00:23:34 -0400] "GET /jp.php HTTP/1.1" 404 6614 "-" "Go-http-client/1.1"
149.88.101.23 - - [31/Mar/2025:00:23:34 -0400] "GET /wp-includes/dir/wp-login.php HTTP/1.1" 404 6614 "-" "Go-http-client/1.1"
149.88.101.23 - - [31/Mar/2025:00:23:43 -0400] "GET /wp-scr1pts.php HTTP/1.1" 404 6614 "-" "Go-http-client/1.1"
149.88.101.23 - - [31/Mar/2025:00:23:44 -0400] "GET /wp-22.php HTTP/1.1" 404 6614 "-" "Go-http-client/1.1"
149.88.101.23 - - [31/Mar/2025:00:23:46 -0400] "GET /wp-includes/js/crop/wp-admin.php HTTP/1.1" 404 6614 "-" "Go-http-client/1.1"
149.88.101.23 - - [31/Mar/2025:00:23:55 -0400] "GET /wp-the1me.php HTTP/1.1" 404 6614 "-" "Go-http-client/1.1"
149.88.101.23 - - [31/Mar/2025:00:24:01 -0400] "GET /.well-known/pki-validation/alfa.php HTTP/1.1" 404 1251 "-" "Go-http-client/1.1"
198.54.114.83 - - [31/Mar/2025:00:24:04 -0400] "POST /wp-cron.php?doing_wp_cron=1743395043.9270238876342773437500 HTTP/1.1" 200 0 "-" "WordPress/6.7.2; https://baernblog.com"
149.88.101.23 - - [31/Mar/2025:00:24:03 -0400] "GET /images/bannerads/1578087141_v3.php HTTP/1.1" 404 6615 "-" "Go-http-client/1.1"
149.88.101.23 - - [31/Mar/2025:00:24:09 -0400] "GET /wp-includes/fonts/wp-login.php HTTP/1.1" 404 6614 "-" "Go-http-client/1.1"
198.54.114.83 - - [31/Mar/2025:00:24:32 -0400] "POST /wp-cron.php?doing_wp_cron=1743395072.0525090694427490234375 HTTP/1.1" 200 0 "-" "WordPress/6.7.2; https://baernblog.com"
149.88.101.23 - - [31/Mar/2025:00:24:31 -0400] "GET /.well-known/acme-challenge/settings.php HTTP/1.1" 404 6616 "-" "Go-http-client/1.1"
34.123.170.104 - - [31/Mar/2025:00:24:32 -0400] "GET / HTTP/1.1" 200 97678 "-" "Mozilla/5.0 (X11; Linux x86_64) AppleWebKit/537.36 (KHTML, like Gecko) HeadlessChrome/125.0.6422.60 Safari/537.36"
149.88.101.23 - - [31/Mar/2025:00:24:34 -0400] "GET /wp-includes/customize/aogbgreen.php HTTP/1.1" 404 6614 "-" "Go-http-client/1.1"
149.88.101.23 - - [31/Mar/2025:00:24:36 -0400] "GET /.well-known/pki-validation/bak.php HTTP/1.1" 404 1251 "-" "Go-http-client/1.1"
34.123.170.104 - - [31/Mar/2025:00:24:37 -0400] "GET /react.js HTTP/1.1" 404 6614 "http://baernblog.com/" "Mozilla/5.0 (X11; Linux x86_64) AppleWebKit/537.36 (KHTML, like Gecko) HeadlessChrome/125.0.6422.60 Safari/537.36"
34.122.147.229 - - [31/Mar/2025:00:24:37 -0400] "GET /react-dom.js HTTP/1.1" 404 6614 "http://baernblog.com/" "Mozilla/5.0 (X11; Linux x86_64) AppleWebKit/537.36 (KHTML, like Gecko) HeadlessChrome/125.0.6422.60 Safari/537.36"
149.88.101.23 - - [31/Mar/2025:00:24:38 -0400] "GET /Marvins.php HTTP/1.1" 404 6614 "-" "Go-http-client/1.1"
149.88.101.23 - - [31/Mar/2025:00:24:50 -0400] "GET /1.php?apx=upx HTTP/1.1" 404 6615 "-" "Go-http-client/1.1"
149.88.101.23 - - [31/Mar/2025:00:24:51 -0400] "GET /wp-conflg.php?p= HTTP/1.1" 301 0 "-" "Go-http-client/1.1"
149.88.101.23 - - [31/Mar/2025:00:24:52 -0400] "GET /wp-conflg.php HTTP/1.1" 404 6614 "http://baernblog.com/wp-conflg.php?p=" "Go-http-client/1.1"
149.88.101.23 - - [31/Mar/2025:00:24:52 -0400] "GET /wp-content/upgrade/pdf.php HTTP/1.1" 404 6616 "-" "Go-http-client/1.1"
149.88.101.23 - - [31/Mar/2025:00:24:53 -0400] "GET /wp-includes/js/tinymce/wp-includes/js/tinymce/wp-tinymce.php HTTP/1.1" 404 6614 "-" "Go-http-client/1.1"
149.88.101.23 - - [31/Mar/2025:00:24:53 -0400] "GET /wp-includes/js/tinymce/plugins/compat3x/content.php HTTP/1.1" 404 6614 "-" "Go-http-client/1.1"
149.88.101.23 - - [31/Mar/2025:00:24:57 -0400] "GET /.well-known/pki-validation/baooorix.php HTTP/1.1" 404 1251 "-" "Go-http-client/1.1"
198.54.114.83 - - [31/Mar/2025:00:25:05 -0400] "POST /wp-cron.php?doing_wp_cron=1743395105.5154879093170166015625 HTTP/1.1" 200 0 "-" "WordPress/6.7.2; https://baernblog.com"
149.88.101.23 - - [31/Mar/2025:00:25:05 -0400] "GET /images/b374k-mini-shell.php HTTP/1.1" 404 6614 "-" "Go-http-client/1.1"
149.88.101.23 - - [31/Mar/2025:00:25:07 -0400] "GET /.well-known/pki-validation/defaults.php HTTP/1.1" 404 1251 "-" "Go-http-client/1.1"
149.88.101.23 - - [31/Mar/2025:00:25:12 -0400] "GET /images/autoload_classmap.php HTTP/1.1" 404 6615 "-" "Go-http-client/1.1"
149.88.101.23 - - [31/Mar/2025:00:25:12 -0400] "GET /wp-includes/rest-api/NzY6AS.php HTTP/1.1" 404 6614 "-" "Go-http-client/1.1"
149.88.101.23 - - [31/Mar/2025:00:25:13 -0400] "GET /css/index.php HTTP/1.1" 301 0 "-" "Go-http-client/1.1"
198.54.114.83 - - [31/Mar/2025:00:25:25 -0400] "POST /wp-cron.php?doing_wp_cron=1743395124.8455739021301269531250 HTTP/1.1" 200 0 "-" "WordPress/6.7.2; https://baernblog.com"
149.88.101.23 - - [31/Mar/2025:00:25:24 -0400] "GET /indo.php HTTP/1.1" 404 6613 "-" "Go-http-client/1.1"
34.118.63.125 - - [31/Mar/2025:00:25:26 -0400] "GET / HTTP/1.1" 200 97678 "-" "Mozilla/5.0 (iPhone13,2; U; CPU iPhone OS 14_0 like Mac OS X) AppleWebKit/602.1.50 (KHTML, like Gecko) Version/10.0 Mobile/15E148 Safari/602.1"
205.169.39.23 - - [31/Mar/2025:00:25:28 -0400] "GET /react-dom.js HTTP/1.1" 404 6614 "-" "Mozilla/5.0 (Windows NT 10.0) AppleWebKit/537.36 (KHTML, like Gecko) Chrome/106.0.0.0 Safari/537.36"
149.88.101.23 - - [31/Mar/2025:00:25:37 -0400] "GET /crop.php HTTP/1.1" 404 6614 "-" "Go-http-client/1.1"
34.118.63.125 - - [31/Mar/2025:00:25:37 -0400] "GET /react-dom.js HTTP/1.1" 404 6614 "http://baernblog.com/" "Mozilla/5.0 (iPhone13,2; U; CPU iPhone OS 14_0 like Mac OS X) AppleWebKit/602.1.50 (KHTML, like Gecko) Version/10.0 Mobile/15E148 Safari/602.1"
34.118.63.125 - - [31/Mar/2025:00:25:37 -0400] "GET /react.js HTTP/1.1" 404 6614 "http://baernblog.com/" "Mozilla/5.0 (iPhone13,2; U; CPU iPhone OS 14_0 like Mac OS X) AppleWebKit/602.1.50 (KHTML, like Gecko) Version/10.0 Mobile/15E148 Safari/602.1"
149.88.101.23 - - [31/Mar/2025:00:25:37 -0400] "GET /wp-admin/admin.php HTTP/1.1" 302 0 "-" "Go-http-client/1.1"
149.88.101.23 - - [31/Mar/2025:00:25:40 -0400] "GET /991176.php HTTP/1.1" 404 6614 "-" "Go-http-client/1.1"
149.88.101.23 - - [31/Mar/2025:00:25:46 -0400] "GET /cong.php HTTP/1.1" 404 6614 "-" "Go-http-client/1.1"
149.88.101.23 - - [31/Mar/2025:00:25:50 -0400] "GET /wp-admin/js/index.php HTTP/1.1" 301 0 "-" "Go-http-client/1.1"
149.88.101.23 - - [31/Mar/2025:00:25:54 -0400] "GET /wp-admin/js/ HTTP/1.1" 200 4284 "http://baernblog.com/wp-admin/js/index.php" "Go-http-client/1.1"
149.88.101.23 - - [31/Mar/2025:00:25:56 -0400] "GET /js/autoload_classmap.php HTTP/1.1" 404 6614 "-" "Go-http-client/1.1"
149.88.101.23 - - [31/Mar/2025:00:26:00 -0400] "GET /images/func.php_ HTTP/1.1" 404 6615 "-" "Go-http-client/1.1"
149.88.101.23 - - [31/Mar/2025:00:26:02 -0400] "GET /.well-known/pki-validation/doc.php HTTP/1.1" 404 1251 "-" "Go-http-client/1.1"
198.54.114.83 - - [31/Mar/2025:00:26:03 -0400] "POST /wp-cron.php?doing_wp_cron=1743395163.3803169727325439453125 HTTP/1.1" 200 0 "-" "WordPress/6.7.2; https://baernblog.com"
149.88.101.23 - - [31/Mar/2025:00:26:03 -0400] "GET /wp-includes/css/index.php HTTP/1.1" 301 0 "-" "Go-http-client/1.1"
149.88.101.23 - - [31/Mar/2025:00:26:03 -0400] "GET /wp-includes/css/ HTTP/1.1" 200 2366 "http://baernblog.com/wp-includes/css/index.php" "Go-http-client/1.1"
149.88.101.23 - - [31/Mar/2025:00:26:05 -0400] "GET /wp-admin/maint/index.php HTTP/1.1" 301 0 "-" "Go-http-client/1.1"
149.88.101.23 - - [31/Mar/2025:00:26:05 -0400] "GET /wp-admin/maint/ HTTP/1.1" 200 773 "http://baernblog.com/wp-admin/maint/index.php" "Go-http-client/1.1"
149.88.101.23 - - [31/Mar/2025:00:26:06 -0400] "GET /wp-content/admin.php HTTP/1.1" 404 6614 "-" "Go-http-client/1.1"
149.88.101.23 - - [31/Mar/2025:00:26:06 -0400] "GET /lv.php HTTP/1.1" 404 6614 "-" "Go-http-client/1.1"
149.88.101.23 - - [31/Mar/2025:00:26:17 -0400] "GET /wp-includes/sitemaps/about.php HTTP/1.1" 404 6614 "-" "Go-http-client/1.1"
149.88.101.23 - - [31/Mar/2025:00:26:19 -0400] "GET /wp-admin/about.php HTTP/1.1" 302 0 "-" "Go-http-client/1.1"
198.54.114.83 - - [31/Mar/2025:00:26:22 -0400] "POST /wp-cron.php?doing_wp_cron=1743395179.8900170326232910156250 HTTP/1.1" 200 0 "-" "WordPress/6.7.2; https://baernblog.com"
149.88.101.23 - - [31/Mar/2025:00:26:22 -0400] "GET /atomlib.php HTTP/1.1" 404 6614 "-" "Go-http-client/1.1"
149.88.101.23 - - [31/Mar/2025:00:26:23 -0400] "GET /wp-content/tmpls.php HTTP/1.1" 404 6614 "-" "Go-http-client/1.1"
149.88.101.23 - - [31/Mar/2025:00:26:25 -0400] "GET /as.php HTTP/1.1" 404 6614 "-" "Go-http-client/1.1"
149.88.101.23 - - [31/Mar/2025:00:26:27 -0400] "GET /randkeyword.php HTTP/1.1" 404 6614 "-" "Go-http-client/1.1"
198.54.114.83 - - [31/Mar/2025:00:26:32 -0400] "POST /wp-cron.php?doing_wp_cron=1743395192.1936650276184082031250 HTTP/1.1" 200 0 "-" "WordPress/6.7.2; https://baernblog.com"
149.88.101.23 - - [31/Mar/2025:00:26:31 -0400] "GET /wp-admin/install.php HTTP/1.1" 200 520 "-" "Go-http-client/1.1"
149.88.101.23 - - [31/Mar/2025:00:26:38 -0400] "GET /assets/radio.php HTTP/1.1" 404 6614 "-" "Go-http-client/1.1"
149.88.101.23 - - [31/Mar/2025:00:26:39 -0400] "GET /file.php HTTP/1.1" 404 6614 "-" "Go-http-client/1.1"
149.88.101.23 - - [31/Mar/2025:00:26:40 -0400] "GET /wp-content/content.php HTTP/1.1" 404 6614 "-" "Go-http-client/1.1"
149.88.101.23 - - [31/Mar/2025:00:26:42 -0400] "GET /lock.php HTTP/1.1" 404 6616 "-" "Go-http-client/1.1"
149.88.101.23 - - [31/Mar/2025:00:26:47 -0400] "GET /images/v1.php HTTP/1.1" 404 6614 "-" "Go-http-client/1.1"
216.244.66.198 - - [31/Mar/2025:00:26:49 -0400] "GET /robots.txt HTTP/1.1" 304 0 "-" "Mozilla/5.0 (compatible; DotBot/1.2; +https://opensiteexplorer.org/dotbot; help@moz.com)"
149.88.101.23 - - [31/Mar/2025:00:26:50 -0400] "GET /uploads/_1681078363.php HTTP/1.1" 404 6615 "-" "Go-http-client/1.1"
149.88.101.23 - - [31/Mar/2025:00:26:52 -0400] "GET /css/leafmailer.php HTTP/1.1" 404 6614 "-" "Go-http-client/1.1"
149.88.101.23 - - [31/Mar/2025:00:26:55 -0400] "GET /bs1.php HTTP/1.1" 404 6614 "-" "Go-http-client/1.1"
149.88.101.23 - - [31/Mar/2025:00:26:56 -0400] "GET /js/404.php HTTP/1.1" 404 6614 "-" "Go-http-client/1.1"
149.88.101.23 - - [31/Mar/2025:00:26:56 -0400] "GET /wp-content/languages/index.php HTTP/1.1" 301 0 "-" "Go-http-client/1.1"
149.88.101.23 - - [31/Mar/2025:00:26:57 -0400] "GET /wp-content/languages/ HTTP/1.1" 404 6614 "http://baernblog.com/wp-content/languages/index.php" "Go-http-client/1.1"
149.88.101.23 - - [31/Mar/2025:00:26:58 -0400] "GET /.well-known/pki-validation/index.php HTTP/1.1" 404 1251 "-" "Go-http-client/1.1"
149.88.101.23 - - [31/Mar/2025:00:26:59 -0400] "GET /.well-known/pki-validation/admin.php HTTP/1.1" 404 1251 "-" "Go-http-client/1.1"
149.88.101.23 - - [31/Mar/2025:00:27:03 -0400] "GET /.well-known/acme-challenge/plugins.php HTTP/1.1" 404 6615 "-" "Go-http-client/1.1"
149.88.101.23 - - [31/Mar/2025:00:27:13 -0400] "GET /.well-known/pki-validation/ HTTP/1.1" 404 1251 "-" "Go-http-client/1.1"
149.88.101.23 - - [31/Mar/2025:00:27:14 -0400] "GET /wp-includes/admin.php HTTP/1.1" 404 6614 "-" "Go-http-client/1.1"
198.54.114.83 - - [31/Mar/2025:00:27:23 -0400] "POST /wp-cron.php?doing_wp_cron=1743395242.5243508815765380859375 HTTP/1.1" 200 0 "-" "WordPress/6.7.2; https://baernblog.com"
149.88.101.23 - - [31/Mar/2025:00:27:21 -0400] "GET /about/function.php HTTP/1.1" 404 6614 "-" "Go-http-client/1.1"
149.88.101.23 - - [31/Mar/2025:00:27:27 -0400] "GET /.well-known/admin.php HTTP/1.1" 404 6613 "-" "Go-http-client/1.1"
149.88.101.23 - - [31/Mar/2025:00:27:29 -0400] "GET /.well-known/pki-validation/wp.php HTTP/1.1" 404 1251 "-" "Go-http-client/1.1"
149.88.101.23 - - [31/Mar/2025:00:27:31 -0400] "GET /wp-admin/images/index.php HTTP/1.1" 301 0 "-" "Go-http-client/1.1"
149.88.101.23 - - [31/Mar/2025:00:27:35 -0400] "GET /wp-admin/images/ HTTP/1.1" 200 3358 "http://baernblog.com/wp-admin/images/index.php" "Go-http-client/1.1"
149.88.101.23 - - [31/Mar/2025:00:27:36 -0400] "GET /upload.php HTTP/1.1" 404 6614 "-" "Go-http-client/1.1"
149.88.101.23 - - [31/Mar/2025:00:27:38 -0400] "GET /wp-admin/wp-login.php HTTP/1.1" 404 6614 "-" "Go-http-client/1.1"
149.88.101.23 - - [31/Mar/2025:00:27:40 -0400] "GET /lock360.php HTTP/1.1" 404 6615 "-" "Go-http-client/1.1"
149.88.101.23 - - [31/Mar/2025:00:27:42 -0400] "GET /wp-admin/js/network.php HTTP/1.1" 404 6616 "-" "Go-http-client/1.1"
149.88.101.23 - - [31/Mar/2025:00:27:54 -0400] "GET /wp-signup.php HTTP/1.1" 302 0 "-" "Go-http-client/1.1"
149.88.101.23 - - [31/Mar/2025:00:28:12 -0400] "GET /themes.php? HTTP/1.1" 404 6616 "-" "Go-http-client/1.1"
149.88.101.23 - - [31/Mar/2025:00:28:13 -0400] "GET /wp-content/uploads/wp-login.php HTTP/1.1" 404 6614 "-" "Go-http-client/1.1"
149.88.101.23 - - [31/Mar/2025:00:28:13 -0400] "GET /cgi-bin/wp-login.php HTTP/1.1" 404 6614 "-" "Go-http-client/1.1"
149.88.101.23 - - [31/Mar/2025:00:28:15 -0400] "GET /.well-known/pki-validation/%20.php HTTP/1.1" 404 1251 "-" "Go-http-client/1.1"
149.88.101.23 - - [31/Mar/2025:00:28:16 -0400] "GET /x/index.php HTTP/1.1" 301 0 "-" "Go-http-client/1.1"
149.88.101.23 - - [31/Mar/2025:00:28:16 -0400] "GET /x/ HTTP/1.1" 404 6614 "http://baernblog.com/x/index.php" "Go-http-client/1.1"
149.88.101.23 - - [31/Mar/2025:00:28:17 -0400] "GET /wp-includes/certificates/plugins.php HTTP/1.1" 404 6614 "-" "Go-http-client/1.1"
198.54.114.83 - - [31/Mar/2025:00:28:20 -0400] "POST /wp-cron.php?doing_wp_cron=1743395299.8631548881530761718750 HTTP/1.1" 200 0 "-" "WordPress/6.7.2; https://baernblog.com"
149.88.101.23 - - [31/Mar/2025:00:28:19 -0400] "GET /wp-content/plugins/autoplugin/vendor/xMAN.php HTTP/1.1" 404 6614 "-" "Go-http-client/1.1"
149.88.101.23 - - [31/Mar/2025:00:28:23 -0400] "GET /css/Marvins.php HTTP/1.1" 404 6614 "-" "Go-http-client/1.1"
149.88.101.23 - - [31/Mar/2025:00:28:24 -0400] "GET /wp-includes/Text/wp-login.php HTTP/1.1" 404 6615 "-" "Go-http-client/1.1"
149.88.101.23 - - [31/Mar/2025:00:28:30 -0400] "GET /images/Marvins.php HTTP/1.1" 404 6614 "-" "Go-http-client/1.1"
149.88.101.23 - - [31/Mar/2025:00:28:32 -0400] "GET /wp-content/languages/as.php HTTP/1.1" 404 6614 "-" "Go-http-client/1.1"
149.88.101.23 - - [31/Mar/2025:00:28:43 -0400] "GET /wp-includes/js/tinymce/profile.php HTTP/1.1" 404 6614 "-" "Go-http-client/1.1"
149.88.101.23 - - [31/Mar/2025:00:28:44 -0400] "GET /images/wp-login.php HTTP/1.1" 404 6614 "-" "Go-http-client/1.1"
149.88.101.23 - - [31/Mar/2025:00:28:44 -0400] "GET /vendor/phpunit/phpunit/src/Util/PHP/kill.php HTTP/1.1" 404 6614 "-" "Go-http-client/1.1"
149.88.101.23 - - [31/Mar/2025:00:28:45 -0400] "GET /worksec.php HTTP/1.1" 404 6614 "-" "Go-http-client/1.1"
149.88.101.23 - - [31/Mar/2025:00:28:46 -0400] "GET /wp-includes/class-json-meta.php HTTP/1.1" 404 6614 "-" "Go-http-client/1.1"
149.88.101.23 - - [31/Mar/2025:00:28:47 -0400] "GET /user.php HTTP/1.1" 404 6614 "-" "Go-http-client/1.1"
149.88.101.23 - - [31/Mar/2025:00:28:48 -0400] "GET /.well-known/pki-validation/cong.php HTTP/1.1" 404 1251 "-" "Go-http-client/1.1"
149.88.101.23 - - [31/Mar/2025:00:28:51 -0400] "GET /wp-includes/SimplePie/about.php HTTP/1.1" 404 6616 "-" "Go-http-client/1.1"
149.88.101.23 - - [31/Mar/2025:00:28:55 -0400] "GET /wp-cron.php?ac=3 HTTP/1.1" 200 0 "-" "Go-http-client/1.1"
149.88.101.23 - - [31/Mar/2025:00:29:00 -0400] "GET /wp-content/themes/hideo/network.php HTTP/1.1" 404 6615 "-" "Go-http-client/1.1"
198.54.114.83 - - [31/Mar/2025:00:29:31 -0400] "POST /wp-cron.php?doing_wp_cron=1743395371.6729590892791748046875 HTTP/1.1" 200 0 "-" "WordPress/6.7.2; https://baernblog.com"
149.88.101.23 - - [31/Mar/2025:00:29:31 -0400] "GET /wp-content/themes/travelscape/json.php HTTP/1.1" 404 6616 "-" "Go-http-client/1.1"
149.88.101.23 - - [31/Mar/2025:00:29:32 -0400] "GET //gelay.php HTTP/1.1" 301 0 "-" "Go-http-client/1.1"
149.88.101.23 - - [31/Mar/2025:00:29:33 -0400] "GET /gelay.php HTTP/1.1" 404 6614 "http://baernblog.com//gelay.php" "Go-http-client/1.1"
149.88.101.23 - - [31/Mar/2025:00:29:33 -0400] "GET //wp_wrong_datlib.php HTTP/1.1" 301 0 "-" "Go-http-client/1.1"
149.88.101.23 - - [31/Mar/2025:00:29:34 -0400] "GET /wp_wrong_datlib.php HTTP/1.1" 404 6614 "http://baernblog.com//wp_wrong_datlib.php" "Go-http-client/1.1"
149.88.101.23 - - [31/Mar/2025:00:29:35 -0400] "GET //wp-content/themes/digital-download/new.php HTTP/1.1" 301 0 "-" "Go-http-client/1.1"
149.88.101.23 - - [31/Mar/2025:00:29:35 -0400] "GET /wp-content/themes/digital-download/new.php HTTP/1.1" 404 6614 "http://baernblog.com//wp-content/themes/digital-download/new.php" "Go-http-client/1.1"
165.154.227.150 - - [31/Mar/2025:00:32:22 -0400] "GET / HTTP/1.1" 200 97678 "-" "Embarcadero URI Client/1.0"
43.156.204.134 - - [31/Mar/2025:00:54:02 -0400] "GET / HTTP/1.1" 200 97678 "-" "Mozilla/5.0 (iPhone; CPU iPhone OS 13_2_3 like Mac OS X) AppleWebKit/605.1.15 (KHTML, like Gecko) Version/13.0.3 Mobile/15E148 Safari/604.1"
2.58.56.137 - - [31/Mar/2025:01:07:00 -0400] "GET / HTTP/1.1" 200 97678 "-" "Mozilla/5.0 (Windows NT 10.0; Win64; x64) AppleWebKit/537.36 (KHTML, like Gecko) Chrome/104.0.0.0 Safari/537.36"
2.58.56.137 - - [31/Mar/2025:01:07:00 -0400] "GET /wp HTTP/1.1" 404 6615 "-" "Mozilla/5.0 (Windows NT 10.0; Win64; x64) AppleWebKit/537.36 (KHTML, like Gecko) Chrome/104.0.0.0 Safari/537.36"
2.58.56.137 - - [31/Mar/2025:01:07:24 -0400] "GET /wordpress HTTP/1.1" 404 6615 "-" "Mozilla/5.0 (Windows NT 10.0; Win64; x64) AppleWebKit/537.36 (KHTML, like Gecko) Chrome/104.0.0.0 Safari/537.36"
2.58.56.137 - - [31/Mar/2025:01:07:25 -0400] "GET /wp-login.php HTTP/1.1" 302 0 "-" "Mozilla/5.0 (Windows NT 10.0; Win64; x64) AppleWebKit/537.36 (KHTML, like Gecko) Chrome/104.0.0.0 Safari/537.36"
2.58.56.137 - - [31/Mar/2025:01:07:26 -0400] "GET /blog HTTP/1.1" 404 6614 "-" "Mozilla/5.0 (Windows NT 10.0; Win64; x64) AppleWebKit/537.36 (KHTML, like Gecko) Chrome/104.0.0.0 Safari/537.36"
2.58.56.137 - - [31/Mar/2025:01:07:48 -0400] "GET /administrator/index.php HTTP/1.1" 301 0 "-" "Mozilla/5.0 (Windows NT 10.0; Win64; x64) AppleWebKit/537.36 (KHTML, like Gecko) Chrome/104.0.0.0 Safari/537.36"
89.234.157.254 - - [31/Mar/2025:01:21:09 -0400] "GET / HTTP/1.1" 200 97678 "http://baernblog.com" "Mozilla/5.0 (Windows NT 6.1; WOW64) AppleWebKit/537.36 (KHTML, like Gecko) Chrome/61.0.3163.79 Safari/537.36 Maxthon/5.2.1.5000"
52.247.239.25 - - [31/Mar/2025:01:31:21 -0400] "GET / HTTP/1.1" 200 97678 "-" "Mozilla/5.0 (Windows NT 10.0; Win64; x64) AppleWebKit/537.36 (KHTML, like Gecko) Chrome/133.0.0.0 Safari/537.36"
205.169.39.55 - - [31/Mar/2025:01:31:55 -0400] "GET / HTTP/1.1" 200 97678 "-" "Mozilla/5.0 (Windows NT 10.0; Win64; x64) AppleWebKit/537.36 (KHTML, like Gecko) Chrome/117.0.5938.132 Safari/537.36"
45.134.115.193 - - [31/Mar/2025:01:32:15 -0400] "GET / HTTP/1.1" 200 97678 "-" "Mozilla/5.0 (Macintosh; Intel Mac OS X 10_15_7) AppleWebKit/537.36 (KHTML, like Gecko) Chrome/104.0.0.0 Safari/537.36"
216.244.66.198 - - [31/Mar/2025:01:56:02 -0400] "GET /robots.txt HTTP/1.1" 304 0 "-" "Mozilla/5.0 (compatible; DotBot/1.2; +https://opensiteexplorer.org/dotbot; help@moz.com)"
52.247.239.25 - - [31/Mar/2025:01:59:58 -0400] "GET / HTTP/1.1" 200 97678 "-" "Mozilla/5.0 (Windows NT 10.0; Win64; x64) AppleWebKit/537.36 (KHTML, like Gecko) Chrome/132.0.0.0 Safari/537.36"
196.251.86.53 - - [31/Mar/2025:02:03:29 -0400] "GET / HTTP/1.1" 200 97678 "-" "-"
182.44.10.67 - - [31/Mar/2025:02:21:29 -0400] "GET / HTTP/1.1" 200 97678 "-" "Mozilla/5.0 (iPhone; CPU iPhone OS 13_2_3 like Mac OS X) AppleWebKit/605.1.15 (KHTML, like Gecko) Version/13.0.3 Mobile/15E148 Safari/604.1"
198.54.114.83 - - [31/Mar/2025:02:22:44 -0400] "POST /wp-cron.php?doing_wp_cron=1743402163.8603339195251464843750 HTTP/1.1" 200 0 "-" "WordPress/6.7.2; https://baernblog.com"
2a01:4f8:1c1b:c838::1 - - [31/Mar/2025:02:22:42 -0400] "GET //laz-img-cdn.alicdn.com/images/ims-web/TB1x8lvhHj1gK0jSZFuXXcrHpXa.png HTTP/1.1" 301 0 "-" "Chrome"
2a01:4f8:1c1b:c838::1 - - [31/Mar/2025:02:22:44 -0400] "GET /laz-img-cdn.alicdn.com/images/ims-web/TB1x8lvhHj1gK0jSZFuXXcrHpXa.png HTTP/1.1" 404 6614 "-" "Chrome"
2a01:4f8:1c1b:c838::1 - - [31/Mar/2025:02:22:45 -0400] "GET //icms-image.slatic.net/images/ims-web/9174453f-455e-4e30-87d2-bd90239e6994.png HTTP/1.1" 301 0 "-" "Chrome"
2a01:4f8:1c1b:c838::1 - - [31/Mar/2025:02:22:45 -0400] "GET //laz-img-cdn.alicdn.com/images/ims-web/TB1b43RtrvpK1RjSZFqXXcXUVXa.png HTTP/1.1" 301 0 "-" "Chrome"
2a01:4f8:1c1b:c838::1 - - [31/Mar/2025:02:22:46 -0400] "GET /icms-image.slatic.net/images/ims-web/9174453f-455e-4e30-87d2-bd90239e6994.png HTTP/1.1" 404 6614 "-" "Chrome"
2a01:4f8:1c1b:c838::1 - - [31/Mar/2025:02:22:46 -0400] "GET /laz-img-cdn.alicdn.com/images/ims-web/TB1b43RtrvpK1RjSZFqXXcXUVXa.png HTTP/1.1" 404 6614 "-" "Chrome"
216.244.66.198 - - [31/Mar/2025:02:39:23 -0400] "GET /robots.txt HTTP/1.1" 304 0 "-" "Mozilla/5.0 (compatible; DotBot/1.2; +https://opensiteexplorer.org/dotbot; help@moz.com)"
143.198.176.175 - - [31/Mar/2025:02:41:37 -0400] "GET / HTTP/1.1" 200 97678 "-" "Mozilla/5.0 (compatible)"
