107.189.5.188 - - [01/Apr/2025:15:59:41 -0400] "GET / HTTP/1.1" 200 97678 "http://baernblog.com" "Mozilla/5.0 (Windows NT 6.1; WOW64) AppleWebKit/537.36 (KHTML, like Gecko) Chrome/87.0.4280.60 YaBrowser/20.12.0.966 Yowser/2.5 Safari/537.36"
85.208.98.23 - - [01/Apr/2025:16:15:50 -0400] "GET /robots.txt HTTP/1.1" 304 0 "-" "Mozilla/5.0 (compatible; SemrushBot-BA; +http://www.semrush.com/bot.html)"
198.54.114.83 - - [01/Apr/2025:16:18:15 -0400] "POST /wp-cron.php?doing_wp_cron=1743538694.3653469085693359375000 HTTP/1.1" 200 0 "-" "WordPress/6.7.2; https://baernblog.com"
91.151.95.70 - - [01/Apr/2025:16:18:09 -0400] "POST /xmlrpc.php HTTP/1.1" 200 212 "http://baernblog.com" "Mozilla/5.0 (Macintosh; Intel Mac OS X 10_15_7) AppleWebKit/537.36 (KHTML, like Gecko) Chrome/116.0.5845.96 Safari/537.36"
185.245.104.75 - - [01/Apr/2025:16:31:36 -0400] "GET / HTTP/1.1" 200 97678 "-" "Mozilla/5.0 (Macintosh; Intel Mac OS X 10_15_7) AppleWebKit/537.36 (KHTML, like Gecko) Chrome/133.0.0.0 Safari/537.36"
198.54.114.83 - - [01/Apr/2025:16:35:38 -0400] "POST /wp-cron.php?doing_wp_cron=1743539738.1290218830108642578125 HTTP/1.1" 200 0 "-" "WordPress/6.7.2; https://baernblog.com"
45.148.10.174 - - [01/Apr/2025:16:35:37 -0400] "GET /g/lzdfe/pdp-platform/0.1.22/pc.js HTTP/1.1" 404 6614 "-" "Mozilla/5.0 (Windows NT 10.0; Win64; x64) AppleWebKit/537.36 Chrome/121.0.0.0"
198.54.114.83 - - [01/Apr/2025:16:41:00 -0400] "POST /wp-cron.php?doing_wp_cron=1743540059.9643819332122802734375 HTTP/1.1" 200 0 "-" "WordPress/6.7.2; https://baernblog.com"
114.55.74.90 - - [01/Apr/2025:16:40:57 -0400] "POST /xmlrpc.php HTTP/1.1" 200 212 "http://baernblog.com" "Mozilla/5.0 (Macintosh; Intel Mac OS X 14_6) AppleWebKit/605.1.15 (KHTML, like Gecko) Version/17.5 Safari/605.1.15"
216.244.66.198 - - [01/Apr/2025:16:41:05 -0400] "GET /robots.txt HTTP/1.1" 304 0 "-" "Mozilla/5.0 (compatible; DotBot/1.2; +https://opensiteexplorer.org/dotbot; help@moz.com)"
117.62.235.53 - - [01/Apr/2025:16:57:56 -0400] "GET / HTTP/1.1" 200 97678 "-" "Mozilla/5.0 (iPhone; CPU iPhone OS 13_2_3 like Mac OS X) AppleWebKit/605.1.15 (KHTML, like Gecko) Version/13.0.3 Mobile/15E148 Safari/604.1"
47.243.89.37 - - [01/Apr/2025:16:58:47 -0400] "GET /robots.txt HTTP/1.1" 304 0 "-" "Mozilla/5.0 (Windows NT 6.2; Win64; x64) AppleWebKit/537.36 (KHTML, like Gecko) Chrome/78.0.2790.144 Safari/537.36"
198.54.114.83 - - [01/Apr/2025:17:06:14 -0400] "POST /wp-cron.php?doing_wp_cron=1743541574.6056430339813232421875 HTTP/1.1" 200 0 "-" "WordPress/6.7.2; https://baernblog.com"
162.0.209.140 - - [01/Apr/2025:17:06:14 -0400] "POST /xmlrpc.php HTTP/1.1" 200 212 "http://baernblog.com" "Mozilla/5.0 (Macintosh; Intel Mac OS X 10_15_7; rv:126.0) Gecko/20100101 Firefox/126.0"
198.54.114.83 - - [01/Apr/2025:17:18:03 -0400] "POST /wp-cron.php?doing_wp_cron=1743542283.7042860984802246093750 HTTP/1.1" 200 0 "-" "WordPress/6.7.2; https://baernblog.com"
45.148.10.174 - - [01/Apr/2025:17:18:03 -0400] "GET /g.lazcdn.com/g/lzdmod/ HTTP/1.1" 404 6615 "-" "Mozilla/5.0 (Macintosh; Intel Mac OS X 10_15_7) AppleWebKit/537.36 Chrome/120.0.0.0"
198.181.163.253 - - [01/Apr/2025:17:21:19 -0400] "GET /the-benefits-of-managed-investing/ HTTP/1.1" 200 12353 "http://baernblog.com/the-benefits-of-managed-investing/" "Mozilla/5.0 (Windows NT 10.0; Win64; x64) AppleWebKit/537.36 (KHTML, like Gecko) Chrome/131.0.0.0 Safari/537.36 Avast/131.0.0.0"
198.54.114.83 - - [01/Apr/2025:17:21:21 -0400] "POST /wp-cron.php?doing_wp_cron=1743542481.2536990642547607421875 HTTP/1.1" 200 0 "-" "WordPress/6.7.2; https://baernblog.com"
198.181.163.253 - - [01/Apr/2025:17:21:19 -0400] "POST /wp-comments-post.php HTTP/1.1" 302 0 "http://baernblog.com/the-benefits-of-managed-investing/" "Mozilla/5.0 (Windows NT 10.0; Win64; x64) AppleWebKit/537.36 (KHTML, like Gecko) Chrome/131.0.0.0 Safari/537.36 Avast/131.0.0.0"
45.148.10.174 - - [01/Apr/2025:17:22:21 -0400] "GET /g.lazcdn.com/g/lzdfe/pdp-platform/0.1.22/pc.css HTTP/1.1" 404 6613 "-" "Mozilla/5.0 (Windows NT 10.0; Win64; x64) AppleWebKit/537.36 Chrome/121.0.0.0"
212.34.154.131 - - [01/Apr/2025:17:23:22 -0400] "GET / HTTP/1.1" 200 97678 "-" "Mozilla/5.0 (Macintosh; Intel Mac OS X 10_15_7) AppleWebKit/537.36 (KHTML, like Gecko) Chrome/133.0.0.0 Safari/537.36"
109.199.101.106 - - [01/Apr/2025:17:27:54 -0400] "GET / HTTP/1.1" 200 97678 "http://baernblog.com" "Mozilla/5.0 (Windows NT 6.1) AppleWebKit/537.36 (KHTML, like Gecko) Chrome/46.0.2490.86 YaBrowser/15.12.1.6475 Yowser/2.5 Safari/537.36"
54.36.148.105 - - [01/Apr/2025:17:29:25 -0400] "GET / HTTP/1.1" 200 97678 "-" "Mozilla/5.0 (compatible; AhrefsBot/7.0; +http://ahrefs.com/robot/)"
198.54.114.83 - - [01/Apr/2025:17:30:25 -0400] "POST /wp-cron.php?doing_wp_cron=1743543025.3867321014404296875000 HTTP/1.1" 200 0 "-" "WordPress/6.7.2; https://baernblog.com"
62.60.160.33 - - [01/Apr/2025:17:30:19 -0400] "POST /xmlrpc.php HTTP/1.1" 200 212 "http://baernblog.com" "Mozilla/5.0 (Macintosh; Intel Mac OS X 10_15_7) AppleWebKit/537.36 (KHTML, like Gecko) Chrome/126.0.0.0 Safari/537.36"
34.222.207.168 - - [01/Apr/2025:17:34:46 -0400] "GET / HTTP/1.1" 200 97678 "-" "Mozilla/4.0 (compatible; MSIE 6.0; Windows NT 5.1; FSL 7.0.6.01001)"
43.166.142.76 - - [01/Apr/2025:17:42:46 -0400] "GET / HTTP/1.1" 200 97678 "-" "Mozilla/5.0 (iPhone; CPU iPhone OS 13_2_3 like Mac OS X) AppleWebKit/605.1.15 (KHTML, like Gecko) Version/13.0.3 Mobile/15E148 Safari/604.1"
192.42.116.200 - - [01/Apr/2025:17:43:02 -0400] "GET / HTTP/1.1" 200 97678 "http://baernblog.com" "Mozilla/5.0 (Windows NT 6.1; rv:24.0) Gecko/20100101 Firefox/24.0"
198.54.114.83 - - [01/Apr/2025:17:51:07 -0400] "POST /wp-cron.php?doing_wp_cron=1743544266.9749441146850585937500 HTTP/1.1" 200 0 "-" "WordPress/6.7.2; https://baernblog.com"
45.148.10.174 - - [01/Apr/2025:17:51:06 -0400] "GET /g.lazcdn.com/g/woodpeckerx/jssdk HTTP/1.1" 404 6614 "-" "Mozilla/5.0 (Macintosh; Intel Mac OS X 10_15_7) AppleWebKit/537.36 Chrome/120.0.0.0"
195.200.26.27 - - [01/Apr/2025:17:51:38 -0400] "GET / HTTP/1.1" 200 97678 "-" "Mozilla/5.0 (Macintosh; Intel Mac OS X 10_15_7) AppleWebKit/537.36 (KHTML, like Gecko) Chrome/133.0.0.0 Safari/537.36"
198.54.114.83 - - [01/Apr/2025:17:54:20 -0400] "POST /wp-cron.php?doing_wp_cron=1743544460.8376410007476806640625 HTTP/1.1" 200 0 "-" "WordPress/6.7.2; https://baernblog.com"
51.178.81.248 - - [01/Apr/2025:17:54:20 -0400] "POST /xmlrpc.php HTTP/1.1" 200 212 "http://baernblog.com" "Mozilla/5.0 (Windows NT 10.0; Win64; x64) AppleWebKit/537.36 (KHTML, like Gecko) Chrome/114.0.5735.134 Safari/537.36"
198.54.114.83 - - [01/Apr/2025:18:03:48 -0400] "POST /wp-cron.php?doing_wp_cron=1743545028.7887270450592041015625 HTTP/1.1" 200 0 "-" "WordPress/6.7.2; https://baernblog.com"
45.148.10.174 - - [01/Apr/2025:18:03:48 -0400] "GET /lzdmod/site-nav-pc/5.2.38/assets/download-app/index.js HTTP/1.1" 404 6615 "-" "Mozilla/5.0 (Macintosh; Intel Mac OS X 10_15_7) AppleWebKit/537.36 Chrome/120.0.0.0"
73.85.157.180 - - [01/Apr/2025:18:06:52 -0400] "GET /how-to-get-vyvanse-prescription-online/ HTTP/1.1" 200 12825 "-" "Mozilla/5.0 (X11; Ubuntu; Linux x86_64; rv:114.0) Gecko/20100101 Firefox/114.0"
80.85.246.217 - - [01/Apr/2025:18:10:57 -0400] "GET / HTTP/1.1" 200 97678 "-" "Mozilla/5.0 (Macintosh; Intel Mac OS X 10_15_7) AppleWebKit/537.36 (KHTML, like Gecko) Chrome/133.0.0.0 Safari/537.36"
198.54.114.83 - - [01/Apr/2025:18:11:27 -0400] "POST /wp-cron.php?doing_wp_cron=1743545487.1407129764556884765625 HTTP/1.1" 200 0 "-" "WordPress/6.7.2; https://baernblog.com"
45.148.10.174 - - [01/Apr/2025:18:11:23 -0400] "GET /g.lazcdn.com/g/lzdmod/loader/5.0.2/ HTTP/1.1" 404 6614 "-" "Mozilla/5.0 (Windows NT 10.0; Win64; x64) AppleWebKit/537.36 Chrome/121.0.0.0"
212.34.153.180 - - [01/Apr/2025:18:15:48 -0400] "GET / HTTP/1.1" 200 97678 "-" "Mozilla/5.0 (Macintosh; Intel Mac OS X 10_15_7) AppleWebKit/537.36 (KHTML, like Gecko) Chrome/133.0.0.0 Safari/537.36"
91.84.109.110 - - [01/Apr/2025:18:16:50 -0400] "GET / HTTP/1.1" 200 97678 "-" "Mozilla/5.0 (Macintosh; Intel Mac OS X 10_15_7) AppleWebKit/537.36 (KHTML, like Gecko) Chrome/133.0.0.0 Safari/537.36"
162.0.209.186 - - [01/Apr/2025:18:18:43 -0400] "POST /xmlrpc.php HTTP/1.1" 200 212 "http://baernblog.com" "Mozilla/5.0 (Macintosh; Intel Mac OS X 10_15_7; rv:128.0) Gecko/20100101 Firefox/128.0"
198.54.114.83 - - [01/Apr/2025:18:33:04 -0400] "POST /wp-cron.php?doing_wp_cron=1743546784.6926660537719726562500 HTTP/1.1" 200 0 "-" "WordPress/6.7.2; https://baernblog.com"
145.239.10.137 - - [01/Apr/2025:18:33:04 -0400] "GET /item.php HTTP/1.1" 404 6615 "http://baernblog.com/item.php" "Mozilla/5.0 (iPhone; CPU iPhone OS 17_5_1 like Mac OS X) AppleWebKit/605.1.15 (KHTML, like Gecko) Version/17.5 Mobile/15E148 Safari/604.1"
185.220.101.80 - - [01/Apr/2025:18:34:55 -0400] "GET / HTTP/1.1" 200 97678 "http://baernblog.com" "Mozilla/5.0 (Windows NT 6.1; WOW64) AppleWebKit/537.36 (KHTML, like Gecko) Chrome/45.0.2454.101 YaBrowser/15.10.2454.3865 Safari/537.36"
212.34.155.126 - - [01/Apr/2025:18:38:03 -0400] "GET / HTTP/1.1" 200 97678 "-" "Mozilla/5.0 (Macintosh; Intel Mac OS X 10_15_7) AppleWebKit/537.36 (KHTML, like Gecko) Chrome/133.0.0.0 Safari/537.36"
198.54.114.83 - - [01/Apr/2025:18:43:04 -0400] "POST /wp-cron.php?doing_wp_cron=1743547383.6795980930328369140625 HTTP/1.1" 200 0 "-" "WordPress/6.7.2; https://baernblog.com"
134.209.100.42 - - [01/Apr/2025:18:43:00 -0400] "POST /xmlrpc.php HTTP/1.1" 200 212 "http://baernblog.com" "Mozilla/5.0 (Windows NT 11.0; Win64; x64) AppleWebKit/537.36 (KHTML, like Gecko) Chrome/126.0.0.0 Safari/537.36"
185.245.104.75 - - [01/Apr/2025:18:45:02 -0400] "GET / HTTP/1.1" 200 97678 "-" "Mozilla/5.0 (Macintosh; Intel Mac OS X 10_15_7) AppleWebKit/537.36 (KHTML, like Gecko) Chrome/133.0.0.0 Safari/537.36"
216.244.66.198 - - [01/Apr/2025:18:53:05 -0400] "GET /robots.txt HTTP/1.1" 304 0 "-" "Mozilla/5.0 (compatible; DotBot/1.2; +https://opensiteexplorer.org/dotbot; help@moz.com)"
198.54.114.83 - - [01/Apr/2025:19:07:06 -0400] "POST /wp-cron.php?doing_wp_cron=1743548826.1321079730987548828125 HTTP/1.1" 200 0 "-" "WordPress/6.7.2; https://baernblog.com"
198.54.114.126 - - [01/Apr/2025:19:07:05 -0400] "POST /xmlrpc.php HTTP/1.1" 200 212 "http://baernblog.com" "Mozilla/5.0 (Windows NT 11.0; Win64; x64) AppleWebKit/537.36 (KHTML, like Gecko) Chrome/126.0.0.0 Safari/537.36"
195.47.238.87 - - [01/Apr/2025:19:10:11 -0400] "GET / HTTP/1.1" 200 97678 "http://baernblog.com" "Mozilla/5.0 (Windows NT 6.1; WOW64) AppleWebKit/537.36 (KHTML, like Gecko) Chrome/42.0.2311.152 Safari/537.36"
91.84.104.205 - - [01/Apr/2025:19:12:47 -0400] "GET / HTTP/1.1" 200 97678 "-" "Mozilla/5.0 (Macintosh; Intel Mac OS X 10_15_7) AppleWebKit/537.36 (KHTML, like Gecko) Chrome/133.0.0.0 Safari/537.36"
91.84.99.6 - - [01/Apr/2025:19:13:23 -0400] "GET / HTTP/1.1" 200 97678 "-" "Mozilla/5.0 (Macintosh; Intel Mac OS X 10_15_7) AppleWebKit/537.36 (KHTML, like Gecko) Chrome/133.0.0.0 Safari/537.36"
192.42.116.174 - - [01/Apr/2025:19:19:13 -0400] "GET / HTTP/1.1" 200 97678 "http://baernblog.com" "Mozilla/5.0 (X11; Linux x86_64; rv:60.0) Gecko/20100101 Firefox/60.0.1"
212.118.53.218 - - [01/Apr/2025:19:21:49 -0400] "GET / HTTP/1.1" 200 97678 "-" "Mozilla/5.0 (Macintosh; Intel Mac OS X 10_15_7) AppleWebKit/537.36 (KHTML, like Gecko) Chrome/133.0.0.0 Safari/537.36"
198.54.114.83 - - [01/Apr/2025:19:31:20 -0400] "POST /wp-cron.php?doing_wp_cron=1743550279.8976359367370605468750 HTTP/1.1" 200 0 "-" "WordPress/6.7.2; https://baernblog.com"
2603:3:6106:3ce0:: - - [01/Apr/2025:19:31:19 -0400] "POST /xmlrpc.php HTTP/1.1" 200 212 "http://baernblog.com" "Mozilla/5.0 (Macintosh; Intel Mac OS X 10_15_7; rv:127.0) Gecko/20100101 Firefox/127.0"
216.244.66.198 - - [01/Apr/2025:19:36:47 -0400] "GET /robots.txt HTTP/1.1" 304 0 "-" "Mozilla/5.0 (compatible; DotBot/1.2; +https://opensiteexplorer.org/dotbot; help@moz.com)"
66.249.64.10 - - [01/Apr/2025:19:44:41 -0400] "GET /robots.txt HTTP/1.1" 304 0 "-" "Mozilla/5.0 (compatible; Googlebot/2.1; +http://www.google.com/bot.html)"
66.249.64.9 - - [01/Apr/2025:19:44:41 -0400] "GET /ads.txt HTTP/1.1" 404 6616 "-" "Mozilla/5.0 (compatible; Googlebot/2.1; +http://www.google.com/bot.html)"
91.84.99.6 - - [01/Apr/2025:19:51:41 -0400] "GET / HTTP/1.1" 200 97678 "-" "Mozilla/5.0 (Macintosh; Intel Mac OS X 10_15_7) AppleWebKit/537.36 (KHTML, like Gecko) Chrome/133.0.0.0 Safari/537.36"
198.54.114.83 - - [01/Apr/2025:19:55:53 -0400] "POST /wp-cron.php?doing_wp_cron=1743551753.4181270599365234375000 HTTP/1.1" 200 0 "-" "WordPress/6.7.2; https://baernblog.com"
2a04:3544:1000:1510:c0ca:ff:feca:1a5e - - [01/Apr/2025:19:55:51 -0400] "POST /xmlrpc.php HTTP/1.1" 200 212 "http://baernblog.com" "Mozilla/5.0 (Macintosh; Intel Mac OS X 10_15_7) AppleWebKit/537.36 (KHTML, like Gecko) Chrome/112.0.5615.138 Safari/537.36"
23.95.132.51 - - [01/Apr/2025:20:03:02 -0400] "GET /wp-includes/js/zxcvbn-async.min.js HTTP/1.1" 200 258 "-" "Mozilla/5.0 (Macintosh; Intel Mac OS X 10_9_3) AppleWebKit/537.75.14 (KHTML, like Gecko) Version/7.0.3 Safari/7046A194A"
198.54.114.83 - - [01/Apr/2025:20:08:16 -0400] "POST /wp-cron.php?doing_wp_cron=1743552496.0251429080963134765625 HTTP/1.1" 200 0 "-" "WordPress/6.7.2; https://baernblog.com"
45.148.10.174 - - [01/Apr/2025:20:08:15 -0400] "GET /lzdmod/site-nav-pc/5.2.38/assets/common/popper/index.js HTTP/1.1" 404 6614 "-" "Mozilla/5.0 (Windows NT 10.0; Win64; x64) AppleWebKit/537.36 Chrome/121.0.0.0"
13.229.78.155 - - [01/Apr/2025:20:09:45 -0400] "GET /wp-admin/install.php?step=1 HTTP/1.1" 200 520 "-" "Mozilla/5.0 (X11; Linux x86_64; rv:52.0) Gecko/20100101 Firefox/52.0"
13.229.78.155 - - [01/Apr/2025:20:09:47 -0400] "GET /wp-admin/setup-config.php HTTP/1.1" 409 1222 "-" "Mozilla/5.0 (X11; Linux x86_64; rv:52.0) Gecko/20100101 Firefox/52.0"
13.229.78.155 - - [01/Apr/2025:20:09:48 -0400] "GET /new/wp-admin/install.php?step=1 HTTP/1.1" 404 6614 "-" "Mozilla/5.0 (X11; Linux x86_64; rv:52.0) Gecko/20100101 Firefox/52.0"
13.229.78.155 - - [01/Apr/2025:20:09:50 -0400] "GET /new/wp-admin/setup-config.php HTTP/1.1" 404 6613 "-" "Mozilla/5.0 (X11; Linux x86_64; rv:52.0) Gecko/20100101 Firefox/52.0"
13.229.78.155 - - [01/Apr/2025:20:09:51 -0400] "GET /blog/wp-admin/install.php?step=1 HTTP/1.1" 404 6616 "-" "Mozilla/5.0 (X11; Linux x86_64; rv:52.0) Gecko/20100101 Firefox/52.0"
13.229.78.155 - - [01/Apr/2025:20:09:53 -0400] "GET /blog/wp-admin/setup-config.php HTTP/1.1" 404 6614 "-" "Mozilla/5.0 (X11; Linux x86_64; rv:52.0) Gecko/20100101 Firefox/52.0"
13.229.78.155 - - [01/Apr/2025:20:09:55 -0400] "GET /blogs/wp-admin/install.php?step=1 HTTP/1.1" 404 6614 "-" "Mozilla/5.0 (X11; Linux x86_64; rv:52.0) Gecko/20100101 Firefox/52.0"
13.229.78.155 - - [01/Apr/2025:20:09:58 -0400] "GET /blogs/wp-admin/setup-config.php HTTP/1.1" 404 6614 "-" "Mozilla/5.0 (X11; Linux x86_64; rv:52.0) Gecko/20100101 Firefox/52.0"
13.229.78.155 - - [01/Apr/2025:20:10:01 -0400] "GET /demo/wp-admin/install.php?step=1 HTTP/1.1" 404 6614 "-" "Mozilla/5.0 (X11; Linux x86_64; rv:52.0) Gecko/20100101 Firefox/52.0"
198.54.114.83 - - [01/Apr/2025:20:10:04 -0400] "POST /wp-cron.php?doing_wp_cron=1743552603.8527829647064208984375 HTTP/1.1" 200 0 "-" "WordPress/6.7.2; https://baernblog.com"
13.229.78.155 - - [01/Apr/2025:20:10:03 -0400] "GET /demo/wp-admin/setup-config.php HTTP/1.1" 404 6613 "-" "Mozilla/5.0 (X11; Linux x86_64; rv:52.0) Gecko/20100101 Firefox/52.0"
13.229.78.155 - - [01/Apr/2025:20:10:06 -0400] "GET /wp/wp-admin/install.php?step=1 HTTP/1.1" 404 6613 "-" "Mozilla/5.0 (X11; Linux x86_64; rv:52.0) Gecko/20100101 Firefox/52.0"
13.229.78.155 - - [01/Apr/2025:20:10:09 -0400] "GET /wp/wp-admin/setup-config.php HTTP/1.1" 404 6612 "-" "Mozilla/5.0 (X11; Linux x86_64; rv:52.0) Gecko/20100101 Firefox/52.0"
13.229.78.155 - - [01/Apr/2025:20:10:11 -0400] "GET /wordpress/wp-admin/install.php?step=1 HTTP/1.1" 404 6614 "-" "Mozilla/5.0 (X11; Linux x86_64; rv:52.0) Gecko/20100101 Firefox/52.0"
13.229.78.155 - - [01/Apr/2025:20:10:13 -0400] "GET /wordpress/wp-admin/setup-config.php HTTP/1.1" 404 6613 "-" "Mozilla/5.0 (X11; Linux x86_64; rv:52.0) Gecko/20100101 Firefox/52.0"
13.229.78.155 - - [01/Apr/2025:20:10:16 -0400] "GET /tes/wp-admin/install.php?step=1 HTTP/1.1" 404 6613 "-" "Mozilla/5.0 (X11; Linux x86_64; rv:52.0) Gecko/20100101 Firefox/52.0"
13.229.78.155 - - [01/Apr/2025:20:10:18 -0400] "GET /tes/wp-admin/setup-config.php HTTP/1.1" 404 6613 "-" "Mozilla/5.0 (X11; Linux x86_64; rv:52.0) Gecko/20100101 Firefox/52.0"
198.54.114.83 - - [01/Apr/2025:20:10:20 -0400] "POST /wp-cron.php?doing_wp_cron=1743552620.2637360095977783203125 HTTP/1.1" 200 0 "-" "WordPress/6.7.2; https://baernblog.com"
13.229.78.155 - - [01/Apr/2025:20:10:19 -0400] "GET /test/wp-admin/install.php?step=1 HTTP/1.1" 404 6613 "-" "Mozilla/5.0 (X11; Linux x86_64; rv:52.0) Gecko/20100101 Firefox/52.0"
13.229.78.155 - - [01/Apr/2025:20:10:22 -0400] "GET /test/wp-admin/setup-config.php HTTP/1.1" 404 6615 "-" "Mozilla/5.0 (X11; Linux x86_64; rv:52.0) Gecko/20100101 Firefox/52.0"
13.229.78.155 - - [01/Apr/2025:20:10:24 -0400] "GET /web/wp-admin/install.php?step=1 HTTP/1.1" 404 6614 "-" "Mozilla/5.0 (X11; Linux x86_64; rv:52.0) Gecko/20100101 Firefox/52.0"
13.229.78.155 - - [01/Apr/2025:20:10:25 -0400] "GET /web/wp-admin/setup-config.php HTTP/1.1" 404 6614 "-" "Mozilla/5.0 (X11; Linux x86_64; rv:52.0) Gecko/20100101 Firefox/52.0"
13.229.78.155 - - [01/Apr/2025:20:10:26 -0400] "GET /cms/wp-admin/install.php?step=1 HTTP/1.1" 404 6614 "-" "Mozilla/5.0 (X11; Linux x86_64; rv:52.0) Gecko/20100101 Firefox/52.0"
13.229.78.155 - - [01/Apr/2025:20:10:28 -0400] "GET /cms/wp-admin/setup-config.php HTTP/1.1" 404 6614 "-" "Mozilla/5.0 (X11; Linux x86_64; rv:52.0) Gecko/20100101 Firefox/52.0"
13.229.78.155 - - [01/Apr/2025:20:10:30 -0400] "POST /wp-admin/admin-ajax.php HTTP/1.1" 400 21 "-" "Mozilla/5.0 (X11; Linux x86_64; rv:52.0) Gecko/20100101 Firefox/52.0"
13.229.78.155 - - [01/Apr/2025:20:10:31 -0400] "GET /wp-admin/ HTTP/1.1" 302 0 "-" "Mozilla/5.0 (X11; Linux x86_64; rv:52.0) Gecko/20100101 Firefox/52.0"
195.2.70.209 - - [01/Apr/2025:20:15:37 -0400] "GET / HTTP/1.1" 200 97678 "-" "Mozilla/5.0 (Macintosh; Intel Mac OS X 10_15_7) AppleWebKit/537.36 (KHTML, like Gecko) Chrome/133.0.0.0 Safari/537.36"
198.54.114.83 - - [01/Apr/2025:20:20:27 -0400] "POST /wp-cron.php?doing_wp_cron=1743553227.2715699672698974609375 HTTP/1.1" 200 0 "-" "WordPress/6.7.2; https://baernblog.com"
185.103.39.36 - - [01/Apr/2025:20:20:25 -0400] "POST /xmlrpc.php HTTP/1.1" 200 212 "http://baernblog.com" "Mozilla/5.0 (Windows NT 10.0; Win64; x64) AppleWebKit/537.36 (KHTML, like Gecko) Chrome/126.0.0.0 Safari/537.36 Edg/126.0.0.0"
211.241.222.44 - - [01/Apr/2025:20:31:56 -0400] "GET / HTTP/1.1" 200 0 "-" "Mozilla/5.0 (Windows NT 10.0; Win64; x64) AppleWebKit/537.36 (KHTML, like Gecko) Chrome/135.0.0.0 Safari/537.36"
195.191.219.132 - - [01/Apr/2025:20:33:56 -0400] "GET /robots.txt HTTP/1.1" 304 0 "-" "Mozilla/5.0 (compatible; MJ12bot/v2.0.0; http://mj12bot.com/)"
195.191.219.132 - - [01/Apr/2025:20:33:56 -0400] "GET / HTTP/1.1" 200 97678 "-" "Mozilla/5.0 (compatible; MJ12bot/v2.0.0; http://mj12bot.com/)"
198.54.114.83 - - [01/Apr/2025:20:45:08 -0400] "POST /wp-cron.php?doing_wp_cron=1743554707.9274079799652099609375 HTTP/1.1" 200 0 "-" "WordPress/6.7.2; https://baernblog.com"
52.117.30.9 - - [01/Apr/2025:20:45:07 -0400] "POST /xmlrpc.php HTTP/1.1" 200 212 "http://baernblog.com" "Mozilla/5.0 (Macintosh; Intel Mac OS X 14_6) AppleWebKit/605.1.15 (KHTML, like Gecko) Version/17.5 Safari/605.1.15"
45.148.10.174 - - [01/Apr/2025:21:05:01 -0400] "GET /lzdmod/desktop-footer/6.1.1/pc/index.js HTTP/1.1" 404 6614 "-" "Mozilla/5.0 (Macintosh; Intel Mac OS X 10_15_7) AppleWebKit/537.36 Chrome/120.0.0.0"
89.110.103.94 - - [01/Apr/2025:21:05:24 -0400] "GET / HTTP/1.1" 200 97678 "-" "Mozilla/5.0 (Macintosh; Intel Mac OS X 10_15_7) AppleWebKit/537.36 (KHTML, like Gecko) Chrome/133.0.0.0 Safari/537.36"
216.244.66.198 - - [01/Apr/2025:21:06:51 -0400] "GET /robots.txt HTTP/1.1" 304 0 "-" "Mozilla/5.0 (compatible; DotBot/1.2; +https://opensiteexplorer.org/dotbot; help@moz.com)"
195.200.26.27 - - [01/Apr/2025:21:08:46 -0400] "GET / HTTP/1.1" 200 97678 "-" "Mozilla/5.0 (Macintosh; Intel Mac OS X 10_15_7) AppleWebKit/537.36 (KHTML, like Gecko) Chrome/133.0.0.0 Safari/537.36"
198.54.114.83 - - [01/Apr/2025:21:09:35 -0400] "POST /wp-cron.php?doing_wp_cron=1743556174.6729629039764404296875 HTTP/1.1" 200 0 "-" "WordPress/6.7.2; https://baernblog.com"
45.148.10.174 - - [01/Apr/2025:21:09:29 -0400] "GET /assets/logo-bar/index.js HTTP/1.1" 404 6614 "-" "Mozilla/5.0 (Windows NT 10.0; Win64; x64) AppleWebKit/537.36 Chrome/121.0.0.0"
139.59.16.194 - - [01/Apr/2025:21:10:03 -0400] "POST /xmlrpc.php HTTP/1.1" 200 212 "http://baernblog.com" "Mozilla/5.0 (Windows NT 10.0; Win64; x64; rv:127.0) Gecko/20100101 Firefox/127.0"
89.110.80.171 - - [01/Apr/2025:21:30:25 -0400] "GET / HTTP/1.1" 200 97678 "-" "Mozilla/5.0 (Macintosh; Intel Mac OS X 10_15_7) AppleWebKit/537.36 (KHTML, like Gecko) Chrome/133.0.0.0 Safari/537.36"
216.244.66.198 - - [01/Apr/2025:21:51:26 -0400] "GET /robots.txt HTTP/1.1" 304 0 "-" "Mozilla/5.0 (compatible; DotBot/1.2; +https://opensiteexplorer.org/dotbot; help@moz.com)"
198.54.114.83 - - [01/Apr/2025:21:59:49 -0400] "POST /wp-cron.php?doing_wp_cron=1743559189.0158710479736328125000 HTTP/1.1" 200 0 "-" "WordPress/6.7.2; https://baernblog.com"
51.161.7.9 - - [01/Apr/2025:21:59:48 -0400] "POST /xmlrpc.php HTTP/1.1" 200 212 "http://baernblog.com" "Mozilla/5.0 (Macintosh; Intel Mac OS X 10_15_7) AppleWebKit/537.36 (KHTML, like Gecko) Chrome/115.0.5790.102 Safari/537.36"
54.36.148.120 - - [01/Apr/2025:22:04:20 -0400] "GET /robots.txt HTTP/1.1" 304 0 "-" "Mozilla/5.0 (compatible; AhrefsBot/7.0; +http://ahrefs.com/robot/)"
222.186.134.245 - - [01/Apr/2025:22:05:19 -0400] "GET / HTTP/1.1" 200 97678 "http://baernblog.com" "Mozilla/5.0 (Linux;u;Android 4.2.2;zh-cn;)"
114.119.143.11 - - [01/Apr/2025:22:06:10 -0400] "GET /robots.txt HTTP/1.1" 200 124 "-" "Mozilla/5.0 (compatible;PetalBot;+https://webmaster.petalsearch.com/site/petalbot)"
4.227.36.111 - - [01/Apr/2025:22:14:21 -0400] "GET /robots.txt HTTP/1.1" 304 0 "-" "Mozilla/5.0 AppleWebKit/537.36 (KHTML, like Gecko; compatible; GPTBot/1.2; +https://openai.com/gptbot)"
159.223.92.110 - - [01/Apr/2025:22:24:58 -0400] "GET / HTTP/1.1" 200 97678 "-" "Mozilla/5.0 (Windows NT 10.0; Win64; x64) AppleWebKit/537.36 (KHTML, like Gecko) Chrome/78.0.3904.108 Safari/537.36"
159.223.92.110 - - [01/Apr/2025:22:25:00 -0400] "GET / HTTP/1.1" 200 97678 "-" "Mozilla/5.0 (Windows NT 10.0; Win64; x64) AppleWebKit/537.36 (KHTML, like Gecko) Chrome/78.0.3904.108 Safari/537.36"
198.54.114.83 - - [01/Apr/2025:22:25:07 -0400] "POST /wp-cron.php?doing_wp_cron=1743560706.8196659088134765625000 HTTP/1.1" 200 0 "-" "WordPress/6.7.2; https://baernblog.com"
159.223.92.110 - - [01/Apr/2025:22:25:01 -0400] "GET /wp-includes/wlwmanifest.xml HTTP/1.1" 404 6614 "-" "Mozilla/5.0 (Windows NT 10.0; Win64; x64) AppleWebKit/537.36 (KHTML, like Gecko) Chrome/78.0.3904.108 Safari/537.36"
159.223.92.110 - - [01/Apr/2025:22:25:09 -0400] "GET /?author=1 HTTP/1.1" 200 97678 "-" "Mozilla/5.0 (Windows NT 10.0; Win64; x64) AppleWebKit/537.36 (KHTML, like Gecko) Chrome/78.0.3904.108 Safari/537.36"
159.223.92.110 - - [01/Apr/2025:22:25:11 -0400] "GET /?author=2 HTTP/1.1" 200 97678 "-" "Mozilla/5.0 (Windows NT 10.0; Win64; x64) AppleWebKit/537.36 (KHTML, like Gecko) Chrome/78.0.3904.108 Safari/537.36"
159.223.92.110 - - [01/Apr/2025:22:25:12 -0400] "GET /wp-json/wp/v2/users/ HTTP/1.1" 200 1325 "-" "Mozilla/5.0 (Windows NT 10.0; Win64; x64) AppleWebKit/537.36 (KHTML, like Gecko) Chrome/78.0.3904.108 Safari/537.36"
159.223.92.110 - - [01/Apr/2025:22:25:15 -0400] "POST /xmlrpc.php HTTP/1.1" 200 236 "-" "Mozilla/5.0 (Windows NT 10.0; Win64; x64) AppleWebKit/537.36 (KHTML, like Gecko) Chrome/78.0.3904.108 Safari/537.36"
159.223.92.110 - - [01/Apr/2025:22:25:18 -0400] "POST /xmlrpc.php HTTP/1.1" 200 236 "-" "Mozilla/5.0 (Windows NT 10.0; Win64; x64) AppleWebKit/537.36 (KHTML, like Gecko) Chrome/78.0.3904.108 Safari/537.36"
198.54.114.83 - - [01/Apr/2025:22:25:19 -0400] "POST /wp-cron.php?doing_wp_cron=1743560719.5626039505004882812500 HTTP/1.1" 200 0 "-" "WordPress/6.7.2; https://baernblog.com"
159.223.92.110 - - [01/Apr/2025:22:25:19 -0400] "POST /xmlrpc.php HTTP/1.1" 200 236 "-" "Mozilla/5.0 (Windows NT 10.0; Win64; x64) AppleWebKit/537.36 (KHTML, like Gecko) Chrome/78.0.3904.108 Safari/537.36"
159.223.92.110 - - [01/Apr/2025:22:25:20 -0400] "POST /xmlrpc.php HTTP/1.1" 200 236 "-" "Mozilla/5.0 (Windows NT 10.0; Win64; x64) AppleWebKit/537.36 (KHTML, like Gecko) Chrome/78.0.3904.108 Safari/537.36"
186.64.116.45 - - [01/Apr/2025:22:25:47 -0400] "POST /xmlrpc.php HTTP/1.1" 200 212 "http://baernblog.com" "Mozilla/5.0 (Macintosh; Intel Mac OS X 10_15_7; rv:127.0) Gecko/20100101 Firefox/127.0"
159.223.92.110 - - [01/Apr/2025:22:25:24 -0400] "POST /xmlrpc.php HTTP/1.1" 200 236 "-" "Mozilla/5.0 (Windows NT 10.0; Win64; x64) AppleWebKit/537.36 (KHTML, like Gecko) Chrome/78.0.3904.108 Safari/537.36"
159.223.92.110 - - [01/Apr/2025:22:26:01 -0400] "POST /xmlrpc.php HTTP/1.1" 200 0 "-" "Mozilla/5.0 (Windows NT 10.0; Win64; x64) AppleWebKit/537.36 (KHTML, like Gecko) Chrome/78.0.3904.108 Safari/537.36"
198.54.114.83 - - [01/Apr/2025:22:27:33 -0400] "POST /wp-cron.php?doing_wp_cron=1743560852.9492919445037841796875 HTTP/1.1" 200 0 "-" "WordPress/6.7.2; https://baernblog.com"
185.157.214.24 - - [01/Apr/2025:22:29:41 -0400] "GET / HTTP/1.1" 200 97678 "-" "Mozilla/5.0 (Macintosh; Intel Mac OS X 10_15_7) AppleWebKit/537.36 (KHTML, like Gecko) Chrome/133.0.0.0 Safari/537.36"
216.244.66.198 - - [01/Apr/2025:22:36:33 -0400] "GET /robots.txt HTTP/1.1" 304 0 "-" "Mozilla/5.0 (compatible; DotBot/1.2; +https://opensiteexplorer.org/dotbot; help@moz.com)"
198.54.114.83 - - [01/Apr/2025:22:51:44 -0400] "POST /wp-cron.php?doing_wp_cron=1743562304.3909881114959716796875 HTTP/1.1" 200 0 "-" "WordPress/6.7.2; https://baernblog.com"
68.178.168.103 - - [01/Apr/2025:22:51:40 -0400] "POST /xmlrpc.php HTTP/1.1" 200 212 "http://baernblog.com" "Mozilla/5.0 (Windows NT 10.0; Win64; x64) AppleWebKit/537.36 (KHTML, like Gecko) Chrome/112.0.5615.138 Safari/537.36 Edg/112.0.1722.68"
98.80.226.116 - - [01/Apr/2025:23:00:17 -0400] "GET /robots.txt HTTP/1.1" 304 0 "-" "Mozilla/5.0 (Macintosh; Intel Mac OS X 10_15_7) AppleWebKit/537.36 (KHTML, like Gecko) Chrome/108.0.0.0 Safari/537.36"
98.80.226.116 - - [01/Apr/2025:23:06:02 -0400] "GET / HTTP/1.1" 200 97678 "-" "Mozilla/5.0 (Macintosh; Intel Mac OS X 10_15_7) AppleWebKit/537.36 (KHTML, like Gecko) Chrome/108.0.0.0 Safari/537.36"
212.34.132.22 - - [01/Apr/2025:23:14:00 -0400] "GET / HTTP/1.1" 200 97678 "-" "Mozilla/5.0 (Macintosh; Intel Mac OS X 10_15_7) AppleWebKit/537.36 (KHTML, like Gecko) Chrome/133.0.0.0 Safari/537.36"
198.54.114.83 - - [01/Apr/2025:23:17:50 -0400] "POST /wp-cron.php?doing_wp_cron=1743563868.9209439754486083984375 HTTP/1.1" 200 0 "-" "WordPress/6.7.2; https://baernblog.com"
186.64.119.35 - - [01/Apr/2025:23:17:46 -0400] "POST /xmlrpc.php HTTP/1.1" 200 212 "http://baernblog.com" "Mozilla/5.0 (Windows NT 10.0; Win64; x64; rv:128.0) Gecko/20100101 Firefox/128.0"
212.118.53.218 - - [01/Apr/2025:23:18:15 -0400] "GET / HTTP/1.1" 200 97678 "-" "Mozilla/5.0 (Macintosh; Intel Mac OS X 10_15_7) AppleWebKit/537.36 (KHTML, like Gecko) Chrome/133.0.0.0 Safari/537.36"
216.244.66.198 - - [01/Apr/2025:23:21:37 -0400] "GET /robots.txt HTTP/1.1" 304 0 "-" "Mozilla/5.0 (compatible; DotBot/1.2; +https://opensiteexplorer.org/dotbot; help@moz.com)"
74.208.59.106 - - [01/Apr/2025:23:37:09 -0400] "GET /arc.zip HTTP/1.1" 200 0 "-" "-"
143.110.146.242 - - [01/Apr/2025:23:37:06 -0400] "GET /data.zip HTTP/1.1" 404 6615 "-" "-"
74.208.59.106 - - [01/Apr/2025:23:37:05 -0400] "GET /content.zip HTTP/1.1" 404 6615 "-" "-"
198.54.114.83 - - [01/Apr/2025:23:37:12 -0400] "POST /wp-cron.php?doing_wp_cron=1743565030.2181010246276855468750 HTTP/1.1" 200 0 "-" "WordPress/6.7.2; https://baernblog.com"
198.54.114.83 - - [01/Apr/2025:23:37:12 -0400] "POST /wp-cron.php?doing_wp_cron=1743565030.2354021072387695312500 HTTP/1.1" 200 0 "-" "WordPress/6.7.2; https://baernblog.com"
198.54.114.83 - - [01/Apr/2025:23:37:12 -0400] "POST /wp-cron.php?doing_wp_cron=1743565030.2355239391326904296875 HTTP/1.1" 200 0 "-" "WordPress/6.7.2; https://baernblog.com"
198.54.114.83 - - [01/Apr/2025:23:37:12 -0400] "POST /wp-cron.php?doing_wp_cron=1743565030.2178111076354980468750 HTTP/1.1" 200 0 "-" "WordPress/6.7.2; https://baernblog.com"
143.110.146.242 - - [01/Apr/2025:23:37:09 -0400] "GET /temp.zip HTTP/1.1" 404 6615 "-" "-"
74.208.59.106 - - [01/Apr/2025:23:37:12 -0400] "GET /new.zip HTTP/1.1" 404 6614 "-" "-"
143.110.146.242 - - [01/Apr/2025:23:37:12 -0400] "GET /main.zip HTTP/1.1" 404 6614 "-" "-"
198.54.114.83 - - [01/Apr/2025:23:39:13 -0400] "POST /wp-cron.php?doing_wp_cron=1743565152.4240360260009765625000 HTTP/1.1" 200 0 "-" "WordPress/6.7.2; https://baernblog.com"
45.148.10.174 - - [01/Apr/2025:23:39:08 -0400] "GET /code/npm/@ali/lzd-h5-utils-sites/1.1.11/index.js HTTP/1.1" 404 6614 "-" "Mozilla/5.0 (Windows NT 10.0; Win64; x64) AppleWebKit/537.36 Chrome/121.0.0.0"
198.54.114.83 - - [01/Apr/2025:23:44:09 -0400] "POST /wp-cron.php?doing_wp_cron=1743565448.2383399009704589843750 HTTP/1.1" 200 0 "-" "WordPress/6.7.2; https://baernblog.com"
198.54.114.98 - - [01/Apr/2025:23:44:05 -0400] "POST /xmlrpc.php HTTP/1.1" 200 212 "http://baernblog.com" "Mozilla/5.0 (Windows NT 10.0; Win64; x64) AppleWebKit/537.36 (KHTML, like Gecko) Chrome/116.0.5845.96 Safari/537.36 Edg/116.0.1938.62"
2a0b:21c0:a003:54b::2 - - [02/Apr/2025:00:02:10 -0400] "GET / HTTP/1.1" 200 97678 "-" "Mozilla/5.0 (Windows NT 10.0; WOW64) AppleWebKit/537.36 (KHTML, like Gecko) Chrome/66.0.3359.117 Safari/537.36"
2a0b:21c0:a003:54b::6 - - [02/Apr/2025:00:02:12 -0400] "GET / HTTP/1.1" 200 97678 "-" "Mozilla/5.0 (Windows NT 10.0; WOW64) AppleWebKit/537.36 (KHTML, like Gecko) Chrome/66.0.3359.117 Safari/537.36"
2a0b:21c0:a003:54b::3 - - [02/Apr/2025:00:02:14 -0400] "GET / HTTP/1.1" 200 97678 "-" "Mozilla/5.0 (Windows NT 10.0; WOW64) AppleWebKit/537.36 (KHTML, like Gecko) Chrome/66.0.3359.117 Safari/537.36"
2a0b:21c0:a003:54b::2 - - [02/Apr/2025:00:02:16 -0400] "GET / HTTP/1.1" 200 97678 "-" "Mozilla/5.0 (Windows NT 10.0; WOW64) AppleWebKit/537.36 (KHTML, like Gecko) Chrome/66.0.3359.117 Safari/537.36"
2a0b:21c0:a003:54b::5 - - [02/Apr/2025:00:02:17 -0400] "GET / HTTP/1.1" 200 97678 "-" "Mozilla/5.0 (Windows NT 10.0; WOW64) AppleWebKit/537.36 (KHTML, like Gecko) Chrome/66.0.3359.117 Safari/537.36"
198.54.114.83 - - [02/Apr/2025:00:09:44 -0400] "POST /wp-cron.php?doing_wp_cron=1743566983.0339701175689697265625 HTTP/1.1" 200 0 "-" "WordPress/6.7.2; https://baernblog.com"
208.109.27.194 - - [02/Apr/2025:00:09:35 -0400] "POST /xmlrpc.php HTTP/1.1" 200 0 "http://baernblog.com" "Mozilla/5.0 (Macintosh; Intel Mac OS X 10_15_7; rv:125.0.1) Gecko/20100101 Firefox/125.0.1"
207.211.167.73 - - [02/Apr/2025:00:11:55 -0400] "GET / HTTP/1.1" 200 97678 "-" "Mozilla/5.0 (Windows NT 10.0; Win64; x64) AppleWebKit/537.36 (KHTML, like Gecko) Chrome/58.0.3029.110 Safari/537.3"
198.54.114.83 - - [02/Apr/2025:00:12:08 -0400] "POST /wp-cron.php?doing_wp_cron=1743567127.9789159297943115234375 HTTP/1.1" 200 0 "-" "WordPress/6.7.2; https://baernblog.com"
207.211.167.73 - - [02/Apr/2025:00:12:05 -0400] "GET /phpinfo.php HTTP/1.1" 404 6614 "-" "Mozilla/5.0 (Windows NT 10.0; Win64; x64) AppleWebKit/537.36 (KHTML, like Gecko) Chrome/58.0.3029.110 Safari/537.3"
207.211.167.73 - - [02/Apr/2025:00:12:11 -0400] "GET /info.php HTTP/1.1" 404 6615 "-" "Mozilla/5.0 (Windows NT 10.0; Win64; x64) AppleWebKit/537.36 (KHTML, like Gecko) Chrome/58.0.3029.110 Safari/537.3"
207.211.167.73 - - [02/Apr/2025:00:12:13 -0400] "GET /phpinfo HTTP/1.1" 404 6614 "-" "Mozilla/5.0 (Windows NT 10.0; Win64; x64) AppleWebKit/537.36 (KHTML, like Gecko) Chrome/58.0.3029.110 Safari/537.3"
207.211.167.73 - - [02/Apr/2025:00:12:14 -0400] "GET /.env HTTP/1.1" 403 1242 "-" "Mozilla/5.0 (Windows NT 10.0; Win64; x64) AppleWebKit/537.36 (KHTML, like Gecko) Chrome/58.0.3029.110 Safari/537.3"
207.211.167.73 - - [02/Apr/2025:00:12:15 -0400] "GET /config/.env HTTP/1.1" 403 1242 "-" "Mozilla/5.0 (Windows NT 10.0; Win64; x64) AppleWebKit/537.36 (KHTML, like Gecko) Chrome/58.0.3029.110 Safari/537.3"
207.211.167.73 - - [02/Apr/2025:00:12:18 -0400] "GET /api/.env HTTP/1.1" 403 1242 "-" "Mozilla/5.0 (Windows NT 10.0; Win64; x64) AppleWebKit/537.36 (KHTML, like Gecko) Chrome/58.0.3029.110 Safari/537.3"
198.54.114.83 - - [02/Apr/2025:00:13:21 -0400] "POST /wp-cron.php?doing_wp_cron=1743567201.0108699798583984375000 HTTP/1.1" 200 0 "-" "WordPress/6.7.2; https://baernblog.com"
158.69.23.79 - - [02/Apr/2025:00:13:20 -0400] "GET /wp-content/mu-plugins/index.php HTTP/1.1" 301 0 "-" "Linux Mozilla"
158.69.23.79 - - [02/Apr/2025:00:13:23 -0400] "GET /wp-content/mu-plugins/ HTTP/1.1" 404 6614 "-" "Linux Mozilla"
198.54.114.83 - - [02/Apr/2025:00:22:06 -0400] "POST /wp-cron.php?doing_wp_cron=1743567726.2100629806518554687500 HTTP/1.1" 200 0 "-" "WordPress/6.7.2; https://baernblog.com"
89.169.15.201 - - [02/Apr/2025:00:22:00 -0400] "GET /wp-content/plugins/wp-time-capsule/wptc-dialog.css HTTP/1.1" 404 6614 "-" "Mozilla/5.0 (Macintosh; Intel Mac OS X 10_10_4) AppleWebKit/537.36 (KHTML, like Gecko) Chrome/54.0.2840.95 Safari/537.36"
92.255.85.164 - - [02/Apr/2025:00:24:34 -0400] "GET / HTTP/1.1" 200 97678 "http://baernblog.com/" "Mozilla/5.0 (Windows NT 10.0; Win64; x64) AppleWebKit/537.36 (KHTML, like Gecko) Chrome/131.0.0.0 Safari/537.36"
198.54.114.83 - - [02/Apr/2025:00:28:38 -0400] "POST /wp-cron.php?doing_wp_cron=1743568118.1427600383758544921875 HTTP/1.1" 200 0 "-" "WordPress/6.7.2; https://baernblog.com"
110.137.36.206 - - [02/Apr/2025:00:28:34 -0400] "POST /wp-login.php HTTP/1.1" 302 0 "http://baernblog.com/wp-admin/" "Mozilla/5.0 (Windows NT 10.0; Win64; x64) AppleWebKit/537.36 (KHTML, like Gecko) Chrome/90.0.4430.85 Safari/537.36"
198.54.114.83 - - [02/Apr/2025:00:34:18 -0400] "POST /wp-cron.php?doing_wp_cron=1743568458.1052379608154296875000 HTTP/1.1" 200 0 "-" "WordPress/6.7.2; https://baernblog.com"
198.54.114.15 - - [02/Apr/2025:00:34:13 -0400] "POST /xmlrpc.php HTTP/1.1" 200 212 "http://baernblog.com" "Mozilla/5.0 (Windows NT 10.0; Win64; x64) AppleWebKit/537.36 (KHTML, like Gecko) Chrome/113.0.5672.126 Safari/537.36 Edg/113.0.1774.50"
185.21.14.193 - - [02/Apr/2025:00:37:51 -0400] "GET / HTTP/1.1" 200 97678 "-" "Mozilla/5.0 (Macintosh; Intel Mac OS X 10_15_7) AppleWebKit/537.36 (KHTML, like Gecko) Chrome/133.0.0.0 Safari/537.36"
178.217.99.17 - - [02/Apr/2025:00:50:02 -0400] "GET /the-benefits-of-managed-investing/ HTTP/1.1" 200 12353 "-" "Mozilla/5.0 (Linux x86_64; rv:114.0) Gecko/20100101 Firefox/114.0"
216.244.66.198 - - [02/Apr/2025:00:51:32 -0400] "GET /robots.txt HTTP/1.1" 304 0 "-" "Mozilla/5.0 (compatible; DotBot/1.2; +https://opensiteexplorer.org/dotbot; help@moz.com)"
198.54.114.83 - - [02/Apr/2025:01:13:11 -0400] "POST /wp-cron.php?doing_wp_cron=1743570791.2223660945892333984375 HTTP/1.1" 200 0 "-" "WordPress/6.7.2; https://baernblog.com"
45.148.10.174 - - [02/Apr/2025:01:13:07 -0400] "GET /assets/liveup/index.js HTTP/1.1" 404 6615 "-" "Mozilla/5.0 (Macintosh; Intel Mac OS X 10_15_7) AppleWebKit/537.36 Chrome/120.0.0.0"
198.54.114.83 - - [02/Apr/2025:01:14:35 -0400] "POST /wp-cron.php?doing_wp_cron=1743570875.3449010848999023437500 HTTP/1.1" 200 0 "-" "WordPress/6.7.2; https://baernblog.com"
45.148.10.174 - - [02/Apr/2025:01:14:34 -0400] "GET /code/npm/@ali/lzd-h5-utils-logger/1.1.52/index.js HTTP/1.1" 404 6614 "-" "Mozilla/5.0 (Macintosh; Intel Mac OS X 10_15_7) AppleWebKit/537.36 Chrome/120.0.0.0"
185.157.214.24 - - [02/Apr/2025:01:19:06 -0400] "GET / HTTP/1.1" 200 97678 "-" "Mozilla/5.0 (Macintosh; Intel Mac OS X 10_15_7) AppleWebKit/537.36 (KHTML, like Gecko) Chrome/133.0.0.0 Safari/537.36"
198.54.114.83 - - [02/Apr/2025:01:21:34 -0400] "POST /wp-cron.php?doing_wp_cron=1743571293.5990140438079833984375 HTTP/1.1" 200 0 "-" "WordPress/6.7.2; https://baernblog.com"
162.213.255.38 - - [02/Apr/2025:01:21:28 -0400] "POST /xmlrpc.php HTTP/1.1" 200 212 "http://baernblog.com" "Mozilla/5.0 (Macintosh; Intel Mac OS X 10.15; rv:126.0) Gecko/20100101 Firefox/126.0"
77.238.230.6 - - [02/Apr/2025:01:24:45 -0400] "GET / HTTP/1.1" 200 97678 "-" "Mozilla/5.0 (Macintosh; Intel Mac OS X 10_15_7) AppleWebKit/537.36 (KHTML, like Gecko) Chrome/133.0.0.0 Safari/537.36"
161.97.132.59 - - [02/Apr/2025:01:33:37 -0400] "GET /wp-includes/ HTTP/1.1" 200 11184 "-" "Mozlila/5.0 (Linux; Android 7.0; SM-G892A Bulid/NRD90M; wv) AppleWebKit/537.36 (KHTML, like Gecko) Version/4.0 Chrome/60.0.3112.107 Moblie Safari/537.36"
198.54.114.83 - - [02/Apr/2025:01:33:42 -0400] "POST /wp-cron.php?doing_wp_cron=1743572022.1983339786529541015625 HTTP/1.1" 200 0 "-" "WordPress/6.7.2; https://baernblog.com"
161.97.132.59 - - [02/Apr/2025:01:33:41 -0400] "GET /wp-includes//wp-includes/assets/ HTTP/1.1" 301 0 "-" "Mozlila/5.0 (Linux; Android 7.0; SM-G892A Bulid/NRD90M; wv) AppleWebKit/537.36 (KHTML, like Gecko) Version/4.0 Chrome/60.0.3112.107 Moblie Safari/537.36"
161.97.132.59 - - [02/Apr/2025:01:33:44 -0400] "GET /wp-includes/wp-includes/assets/ HTTP/1.1" 404 6614 "-" "Mozlila/5.0 (Linux; Android 7.0; SM-G892A Bulid/NRD90M; wv) AppleWebKit/537.36 (KHTML, like Gecko) Version/4.0 Chrome/60.0.3112.107 Moblie Safari/537.36"
161.97.132.59 - - [02/Apr/2025:01:33:48 -0400] "GET /wp-includes//wp-includes/block-bindings/ HTTP/1.1" 301 0 "-" "Mozlila/5.0 (Linux; Android 7.0; SM-G892A Bulid/NRD90M; wv) AppleWebKit/537.36 (KHTML, like Gecko) Version/4.0 Chrome/60.0.3112.107 Moblie Safari/537.36"
161.97.132.59 - - [02/Apr/2025:01:33:50 -0400] "GET /wp-includes/wp-includes/block-bindings/ HTTP/1.1" 404 6614 "-" "Mozlila/5.0 (Linux; Android 7.0; SM-G892A Bulid/NRD90M; wv) AppleWebKit/537.36 (KHTML, like Gecko) Version/4.0 Chrome/60.0.3112.107 Moblie Safari/537.36"
161.97.132.59 - - [02/Apr/2025:01:33:53 -0400] "GET /wp-includes//wp-includes/block-patterns/ HTTP/1.1" 301 0 "-" "Mozlila/5.0 (Linux; Android 7.0; SM-G892A Bulid/NRD90M; wv) AppleWebKit/537.36 (KHTML, like Gecko) Version/4.0 Chrome/60.0.3112.107 Moblie Safari/537.36"
161.97.132.59 - - [02/Apr/2025:01:33:56 -0400] "GET /wp-includes/wp-includes/block-patterns/ HTTP/1.1" 404 6614 "-" "Mozlila/5.0 (Linux; Android 7.0; SM-G892A Bulid/NRD90M; wv) AppleWebKit/537.36 (KHTML, like Gecko) Version/4.0 Chrome/60.0.3112.107 Moblie Safari/537.36"
198.54.114.83 - - [02/Apr/2025:01:34:06 -0400] "POST /wp-cron.php?doing_wp_cron=1743572045.7324340343475341796875 HTTP/1.1" 200 0 "-" "WordPress/6.7.2; https://baernblog.com"
161.97.132.59 - - [02/Apr/2025:01:34:05 -0400] "GET /wp-includes//wp-includes/block-supports/ HTTP/1.1" 301 0 "-" "Mozlila/5.0 (Linux; Android 7.0; SM-G892A Bulid/NRD90M; wv) AppleWebKit/537.36 (KHTML, like Gecko) Version/4.0 Chrome/60.0.3112.107 Moblie Safari/537.36"
161.97.132.59 - - [02/Apr/2025:01:34:07 -0400] "GET /wp-includes/wp-includes/block-supports/ HTTP/1.1" 404 6614 "-" "Mozlila/5.0 (Linux; Android 7.0; SM-G892A Bulid/NRD90M; wv) AppleWebKit/537.36 (KHTML, like Gecko) Version/4.0 Chrome/60.0.3112.107 Moblie Safari/537.36"
161.97.132.59 - - [02/Apr/2025:01:34:12 -0400] "GET /wp-includes//wp-includes/blocks/ HTTP/1.1" 301 0 "-" "Mozlila/5.0 (Linux; Android 7.0; SM-G892A Bulid/NRD90M; wv) AppleWebKit/537.36 (KHTML, like Gecko) Version/4.0 Chrome/60.0.3112.107 Moblie Safari/537.36"
161.97.132.59 - - [02/Apr/2025:01:34:14 -0400] "GET /wp-includes/wp-includes/blocks/ HTTP/1.1" 404 6614 "-" "Mozlila/5.0 (Linux; Android 7.0; SM-G892A Bulid/NRD90M; wv) AppleWebKit/537.36 (KHTML, like Gecko) Version/4.0 Chrome/60.0.3112.107 Moblie Safari/537.36"
198.54.114.83 - - [02/Apr/2025:01:34:23 -0400] "POST /wp-cron.php?doing_wp_cron=1743572062.8109838962554931640625 HTTP/1.1" 200 0 "-" "WordPress/6.7.2; https://baernblog.com"
161.97.132.59 - - [02/Apr/2025:01:34:22 -0400] "GET /wp-includes//wp-includes/certificates/ HTTP/1.1" 301 0 "-" "Mozlila/5.0 (Linux; Android 7.0; SM-G892A Bulid/NRD90M; wv) AppleWebKit/537.36 (KHTML, like Gecko) Version/4.0 Chrome/60.0.3112.107 Moblie Safari/537.36"
161.97.132.59 - - [02/Apr/2025:01:34:26 -0400] "GET /wp-includes/wp-includes/certificates/ HTTP/1.1" 404 6614 "-" "Mozlila/5.0 (Linux; Android 7.0; SM-G892A Bulid/NRD90M; wv) AppleWebKit/537.36 (KHTML, like Gecko) Version/4.0 Chrome/60.0.3112.107 Moblie Safari/537.36"
161.97.132.59 - - [02/Apr/2025:01:34:30 -0400] "GET /wp-includes//wp-includes/css/ HTTP/1.1" 301 0 "-" "Mozlila/5.0 (Linux; Android 7.0; SM-G892A Bulid/NRD90M; wv) AppleWebKit/537.36 (KHTML, like Gecko) Version/4.0 Chrome/60.0.3112.107 Moblie Safari/537.36"
161.97.132.59 - - [02/Apr/2025:01:34:31 -0400] "GET /wp-includes/wp-includes/css/ HTTP/1.1" 404 6616 "-" "Mozlila/5.0 (Linux; Android 7.0; SM-G892A Bulid/NRD90M; wv) AppleWebKit/537.36 (KHTML, like Gecko) Version/4.0 Chrome/60.0.3112.107 Moblie Safari/537.36"
161.97.132.59 - - [02/Apr/2025:01:34:38 -0400] "GET /wp-includes//wp-includes/customize/ HTTP/1.1" 301 0 "-" "Mozlila/5.0 (Linux; Android 7.0; SM-G892A Bulid/NRD90M; wv) AppleWebKit/537.36 (KHTML, like Gecko) Version/4.0 Chrome/60.0.3112.107 Moblie Safari/537.36"
161.97.132.59 - - [02/Apr/2025:01:34:39 -0400] "GET /wp-includes/wp-includes/customize/ HTTP/1.1" 404 6614 "-" "Mozlila/5.0 (Linux; Android 7.0; SM-G892A Bulid/NRD90M; wv) AppleWebKit/537.36 (KHTML, like Gecko) Version/4.0 Chrome/60.0.3112.107 Moblie Safari/537.36"
161.97.132.59 - - [02/Apr/2025:01:34:43 -0400] "GET /wp-includes//wp-includes/fonts/ HTTP/1.1" 301 0 "-" "Mozlila/5.0 (Linux; Android 7.0; SM-G892A Bulid/NRD90M; wv) AppleWebKit/537.36 (KHTML, like Gecko) Version/4.0 Chrome/60.0.3112.107 Moblie Safari/537.36"
161.97.132.59 - - [02/Apr/2025:01:34:47 -0400] "GET /wp-includes/wp-includes/fonts/ HTTP/1.1" 404 6614 "-" "Mozlila/5.0 (Linux; Android 7.0; SM-G892A Bulid/NRD90M; wv) AppleWebKit/537.36 (KHTML, like Gecko) Version/4.0 Chrome/60.0.3112.107 Moblie Safari/537.36"
161.97.132.59 - - [02/Apr/2025:01:34:57 -0400] "GET /wp-includes//wp-includes/html-api/ HTTP/1.1" 301 0 "-" "Mozlila/5.0 (Linux; Android 7.0; SM-G892A Bulid/NRD90M; wv) AppleWebKit/537.36 (KHTML, like Gecko) Version/4.0 Chrome/60.0.3112.107 Moblie Safari/537.36"
161.97.132.59 - - [02/Apr/2025:01:35:00 -0400] "GET /wp-includes/wp-includes/html-api/ HTTP/1.1" 404 6615 "-" "Mozlila/5.0 (Linux; Android 7.0; SM-G892A Bulid/NRD90M; wv) AppleWebKit/537.36 (KHTML, like Gecko) Version/4.0 Chrome/60.0.3112.107 Moblie Safari/537.36"
161.97.132.59 - - [02/Apr/2025:01:35:06 -0400] "GET /wp-includes//wp-includes/ID3/ HTTP/1.1" 301 0 "-" "Mozlila/5.0 (Linux; Android 7.0; SM-G892A Bulid/NRD90M; wv) AppleWebKit/537.36 (KHTML, like Gecko) Version/4.0 Chrome/60.0.3112.107 Moblie Safari/537.36"
161.97.132.59 - - [02/Apr/2025:01:35:10 -0400] "GET /wp-includes/wp-includes/ID3/ HTTP/1.1" 404 6615 "-" "Mozlila/5.0 (Linux; Android 7.0; SM-G892A Bulid/NRD90M; wv) AppleWebKit/537.36 (KHTML, like Gecko) Version/4.0 Chrome/60.0.3112.107 Moblie Safari/537.36"
161.97.132.59 - - [02/Apr/2025:01:35:17 -0400] "GET /wp-includes//wp-includes/images/ HTTP/1.1" 301 0 "-" "Mozlila/5.0 (Linux; Android 7.0; SM-G892A Bulid/NRD90M; wv) AppleWebKit/537.36 (KHTML, like Gecko) Version/4.0 Chrome/60.0.3112.107 Moblie Safari/537.36"
161.97.132.59 - - [02/Apr/2025:01:35:19 -0400] "GET /wp-includes/wp-includes/images/ HTTP/1.1" 404 6614 "-" "Mozlila/5.0 (Linux; Android 7.0; SM-G892A Bulid/NRD90M; wv) AppleWebKit/537.36 (KHTML, like Gecko) Version/4.0 Chrome/60.0.3112.107 Moblie Safari/537.36"
198.54.114.83 - - [02/Apr/2025:01:35:25 -0400] "POST /wp-cron.php?doing_wp_cron=1743572124.4509420394897460937500 HTTP/1.1" 200 0 "-" "WordPress/6.7.2; https://baernblog.com"
161.97.132.59 - - [02/Apr/2025:01:35:23 -0400] "GET /wp-includes//wp-includes/interactivity-api/ HTTP/1.1" 301 0 "-" "Mozlila/5.0 (Linux; Android 7.0; SM-G892A Bulid/NRD90M; wv) AppleWebKit/537.36 (KHTML, like Gecko) Version/4.0 Chrome/60.0.3112.107 Moblie Safari/537.36"
161.97.132.59 - - [02/Apr/2025:01:35:28 -0400] "GET /wp-includes/wp-includes/interactivity-api/ HTTP/1.1" 404 6614 "-" "Mozlila/5.0 (Linux; Android 7.0; SM-G892A Bulid/NRD90M; wv) AppleWebKit/537.36 (KHTML, like Gecko) Version/4.0 Chrome/60.0.3112.107 Moblie Safari/537.36"
161.97.132.59 - - [02/Apr/2025:01:35:33 -0400] "GET /wp-includes//wp-includes/IXR/ HTTP/1.1" 301 0 "-" "Mozlila/5.0 (Linux; Android 7.0; SM-G892A Bulid/NRD90M; wv) AppleWebKit/537.36 (KHTML, like Gecko) Version/4.0 Chrome/60.0.3112.107 Moblie Safari/537.36"
161.97.132.59 - - [02/Apr/2025:01:35:40 -0400] "GET /wp-includes/wp-includes/IXR/ HTTP/1.1" 404 6614 "-" "Mozlila/5.0 (Linux; Android 7.0; SM-G892A Bulid/NRD90M; wv) AppleWebKit/537.36 (KHTML, like Gecko) Version/4.0 Chrome/60.0.3112.107 Moblie Safari/537.36"
161.97.132.59 - - [02/Apr/2025:01:35:46 -0400] "GET /wp-includes//wp-includes/js/ HTTP/1.1" 301 0 "-" "Mozlila/5.0 (Linux; Android 7.0; SM-G892A Bulid/NRD90M; wv) AppleWebKit/537.36 (KHTML, like Gecko) Version/4.0 Chrome/60.0.3112.107 Moblie Safari/537.36"
161.97.132.59 - - [02/Apr/2025:01:35:49 -0400] "GET /wp-includes/wp-includes/js/ HTTP/1.1" 404 6615 "-" "Mozlila/5.0 (Linux; Android 7.0; SM-G892A Bulid/NRD90M; wv) AppleWebKit/537.36 (KHTML, like Gecko) Version/4.0 Chrome/60.0.3112.107 Moblie Safari/537.36"
161.97.132.59 - - [02/Apr/2025:01:35:52 -0400] "GET /wp-includes//wp-includes/l10n/ HTTP/1.1" 301 0 "-" "Mozlila/5.0 (Linux; Android 7.0; SM-G892A Bulid/NRD90M; wv) AppleWebKit/537.36 (KHTML, like Gecko) Version/4.0 Chrome/60.0.3112.107 Moblie Safari/537.36"
161.97.132.59 - - [02/Apr/2025:01:35:54 -0400] "GET /wp-includes/wp-includes/l10n/ HTTP/1.1" 404 6614 "-" "Mozlila/5.0 (Linux; Android 7.0; SM-G892A Bulid/NRD90M; wv) AppleWebKit/537.36 (KHTML, like Gecko) Version/4.0 Chrome/60.0.3112.107 Moblie Safari/537.36"
198.54.114.83 - - [02/Apr/2025:01:36:09 -0400] "POST /wp-cron.php?doing_wp_cron=1743572166.6950979232788085937500 HTTP/1.1" 200 0 "-" "WordPress/6.7.2; https://baernblog.com"
161.97.132.59 - - [02/Apr/2025:01:36:05 -0400] "GET /wp-includes//wp-includes/php-compat/ HTTP/1.1" 301 0 "-" "Mozlila/5.0 (Linux; Android 7.0; SM-G892A Bulid/NRD90M; wv) AppleWebKit/537.36 (KHTML, like Gecko) Version/4.0 Chrome/60.0.3112.107 Moblie Safari/537.36"
161.97.132.59 - - [02/Apr/2025:01:36:13 -0400] "GET /wp-includes/wp-includes/php-compat/ HTTP/1.1" 404 6614 "-" "Mozlila/5.0 (Linux; Android 7.0; SM-G892A Bulid/NRD90M; wv) AppleWebKit/537.36 (KHTML, like Gecko) Version/4.0 Chrome/60.0.3112.107 Moblie Safari/537.36"
161.97.132.59 - - [02/Apr/2025:01:36:17 -0400] "GET /wp-includes//wp-includes/PHPMailer/ HTTP/1.1" 301 0 "-" "Mozlila/5.0 (Linux; Android 7.0; SM-G892A Bulid/NRD90M; wv) AppleWebKit/537.36 (KHTML, like Gecko) Version/4.0 Chrome/60.0.3112.107 Moblie Safari/537.36"
161.97.132.59 - - [02/Apr/2025:01:36:19 -0400] "GET /wp-includes/wp-includes/PHPMailer/ HTTP/1.1" 404 6614 "-" "Mozlila/5.0 (Linux; Android 7.0; SM-G892A Bulid/NRD90M; wv) AppleWebKit/537.36 (KHTML, like Gecko) Version/4.0 Chrome/60.0.3112.107 Moblie Safari/537.36"
161.97.132.59 - - [02/Apr/2025:01:36:21 -0400] "GET /wp-includes//wp-includes/pomo/ HTTP/1.1" 301 0 "-" "Mozlila/5.0 (Linux; Android 7.0; SM-G892A Bulid/NRD90M; wv) AppleWebKit/537.36 (KHTML, like Gecko) Version/4.0 Chrome/60.0.3112.107 Moblie Safari/537.36"
161.97.132.59 - - [02/Apr/2025:01:36:24 -0400] "GET /wp-includes/wp-includes/pomo/ HTTP/1.1" 404 6614 "-" "Mozlila/5.0 (Linux; Android 7.0; SM-G892A Bulid/NRD90M; wv) AppleWebKit/537.36 (KHTML, like Gecko) Version/4.0 Chrome/60.0.3112.107 Moblie Safari/537.36"
161.97.132.59 - - [02/Apr/2025:01:36:28 -0400] "GET /wp-includes//wp-includes/Requests/ HTTP/1.1" 301 0 "-" "Mozlila/5.0 (Linux; Android 7.0; SM-G892A Bulid/NRD90M; wv) AppleWebKit/537.36 (KHTML, like Gecko) Version/4.0 Chrome/60.0.3112.107 Moblie Safari/537.36"
161.97.132.59 - - [02/Apr/2025:01:36:29 -0400] "GET /wp-includes/wp-includes/Requests/ HTTP/1.1" 404 6614 "-" "Mozlila/5.0 (Linux; Android 7.0; SM-G892A Bulid/NRD90M; wv) AppleWebKit/537.36 (KHTML, like Gecko) Version/4.0 Chrome/60.0.3112.107 Moblie Safari/537.36"
161.97.132.59 - - [02/Apr/2025:01:36:35 -0400] "GET /wp-includes//wp-includes/rest-api/ HTTP/1.1" 301 0 "-" "Mozlila/5.0 (Linux; Android 7.0; SM-G892A Bulid/NRD90M; wv) AppleWebKit/537.36 (KHTML, like Gecko) Version/4.0 Chrome/60.0.3112.107 Moblie Safari/537.36"
161.97.132.59 - - [02/Apr/2025:01:36:37 -0400] "GET /wp-includes/wp-includes/rest-api/ HTTP/1.1" 404 6614 "-" "Mozlila/5.0 (Linux; Android 7.0; SM-G892A Bulid/NRD90M; wv) AppleWebKit/537.36 (KHTML, like Gecko) Version/4.0 Chrome/60.0.3112.107 Moblie Safari/537.36"
161.97.132.59 - - [02/Apr/2025:01:36:41 -0400] "GET /wp-includes//wp-includes/SimplePie/ HTTP/1.1" 301 0 "-" "Mozlila/5.0 (Linux; Android 7.0; SM-G892A Bulid/NRD90M; wv) AppleWebKit/537.36 (KHTML, like Gecko) Version/4.0 Chrome/60.0.3112.107 Moblie Safari/537.36"
161.97.132.59 - - [02/Apr/2025:01:36:42 -0400] "GET /wp-includes/wp-includes/SimplePie/ HTTP/1.1" 404 6614 "-" "Mozlila/5.0 (Linux; Android 7.0; SM-G892A Bulid/NRD90M; wv) AppleWebKit/537.36 (KHTML, like Gecko) Version/4.0 Chrome/60.0.3112.107 Moblie Safari/537.36"
161.97.132.59 - - [02/Apr/2025:01:36:44 -0400] "GET /wp-includes//wp-includes/sitemaps/ HTTP/1.1" 301 0 "-" "Mozlila/5.0 (Linux; Android 7.0; SM-G892A Bulid/NRD90M; wv) AppleWebKit/537.36 (KHTML, like Gecko) Version/4.0 Chrome/60.0.3112.107 Moblie Safari/537.36"
161.97.132.59 - - [02/Apr/2025:01:36:45 -0400] "GET /wp-includes/wp-includes/sitemaps/ HTTP/1.1" 404 6614 "-" "Mozlila/5.0 (Linux; Android 7.0; SM-G892A Bulid/NRD90M; wv) AppleWebKit/537.36 (KHTML, like Gecko) Version/4.0 Chrome/60.0.3112.107 Moblie Safari/537.36"
