Server IP : 104.21.46.188 / Your IP : 13.58.245.201 Web Server : LiteSpeed System : Linux business31.web-hosting.com 4.18.0-553.16.1.lve.1.el8.x86_64 #1 SMP Mon Sep 23 20:16:18 UTC 2024 x86_64 User : varizmol ( 2121) PHP Version : 8.0.30 Disable Function : NONE MySQL : OFF | cURL : ON | WGET : ON | Perl : ON | Python : ON | Sudo : OFF | Pkexec : OFF Directory : /home/varizmol/access-logs/ |
Upload File : |
20.171.207.168 - - [29/Mar/2025:18:43:43 -0400] "GET /what-are-the-beliefs-0f-totally-free-spins-slot-games-great-tasting-slots HTTP/1.1" 404 1251 "-" "Mozilla/5.0 AppleWebKit/537.36 (KHTML, like Gecko; compatible; GPTBot/1.2; +https://openai.com/gptbot)"
20.171.207.168 - - [29/Mar/2025:18:44:47 -0400] "GET /free-of-cost-spots-online-gambling-den-video-slot-activities-for-natural-money HTTP/1.1" 404 1251 "-" "Mozilla/5.0 AppleWebKit/537.36 (KHTML, like Gecko; compatible; GPTBot/1.2; +https://openai.com/gptbot)"
213.136.81.226 - - [29/Mar/2025:18:45:03 -0400] "GET /a.php HTTP/1.1" 404 1251 "https://www.google.com" "Mozilla/5.0 (Linux; Android 7.0; SM-G892A Build/NRD90M; wv) AppleWebKit/537.36 (KHTML, Gecko) Version/4.0 Chrome/60.0.3112.107 Mobile Safari/537.36"
213.136.81.226 - - [29/Mar/2025:18:45:09 -0400] "GET /b.php HTTP/1.1" 404 1251 "https://www.google.com" "Mozilla/5.0 (Linux; Android 7.0; SM-G892A Build/NRD90M; wv) AppleWebKit/537.36 (KHTML, Gecko) Version/4.0 Chrome/60.0.3112.107 Mobile Safari/537.36"
213.136.81.226 - - [29/Mar/2025:18:45:11 -0400] "GET /c.php HTTP/1.1" 404 1251 "https://www.google.com" "Mozilla/5.0 (Linux; Android 7.0; SM-G892A Build/NRD90M; wv) AppleWebKit/537.36 (KHTML, Gecko) Version/4.0 Chrome/60.0.3112.107 Mobile Safari/537.36"
213.136.81.226 - - [29/Mar/2025:18:45:13 -0400] "GET /d.php HTTP/1.1" 404 1251 "https://www.google.com" "Mozilla/5.0 (Linux; Android 7.0; SM-G892A Build/NRD90M; wv) AppleWebKit/537.36 (KHTML, Gecko) Version/4.0 Chrome/60.0.3112.107 Mobile Safari/537.36"
213.136.81.226 - - [29/Mar/2025:18:45:13 -0400] "GET /e.php HTTP/1.1" 404 1251 "https://www.google.com" "Mozilla/5.0 (Linux; Android 7.0; SM-G892A Build/NRD90M; wv) AppleWebKit/537.36 (KHTML, Gecko) Version/4.0 Chrome/60.0.3112.107 Mobile Safari/537.36"
213.136.81.226 - - [29/Mar/2025:18:45:14 -0400] "GET /f.php HTTP/1.1" 404 1251 "https://www.google.com" "Mozilla/5.0 (Linux; Android 7.0; SM-G892A Build/NRD90M; wv) AppleWebKit/537.36 (KHTML, Gecko) Version/4.0 Chrome/60.0.3112.107 Mobile Safari/537.36"
213.136.81.226 - - [29/Mar/2025:18:45:15 -0400] "GET /q.php HTTP/1.1" 404 1251 "https://www.google.com" "Mozilla/5.0 (Linux; Android 7.0; SM-G892A Build/NRD90M; wv) AppleWebKit/537.36 (KHTML, Gecko) Version/4.0 Chrome/60.0.3112.107 Mobile Safari/537.36"
213.136.81.226 - - [29/Mar/2025:18:45:16 -0400] "GET /z.php HTTP/1.1" 404 1251 "https://www.google.com" "Mozilla/5.0 (Linux; Android 7.0; SM-G892A Build/NRD90M; wv) AppleWebKit/537.36 (KHTML, Gecko) Version/4.0 Chrome/60.0.3112.107 Mobile Safari/537.36"
213.136.81.226 - - [29/Mar/2025:18:45:17 -0400] "GET /d.php HTTP/1.1" 404 1251 "https://www.google.com" "Mozilla/5.0 (Linux; Android 7.0; SM-G892A Build/NRD90M; wv) AppleWebKit/537.36 (KHTML, Gecko) Version/4.0 Chrome/60.0.3112.107 Mobile Safari/537.36"
213.136.81.226 - - [29/Mar/2025:18:45:17 -0400] "GET /wp-content/themes/theme/functions.php HTTP/1.1" 404 1251 "https://www.google.com" "Mozilla/5.0 (Linux; Android 7.0; SM-G892A Build/NRD90M; wv) AppleWebKit/537.36 (KHTML, Gecko) Version/4.0 Chrome/60.0.3112.107 Mobile Safari/537.36"
52.167.144.187 - - [29/Mar/2025:18:45:22 -0400] "GET /getgid.html HTTP/1.1" 404 1251 "-" "Mozilla/5.0 AppleWebKit/537.36 (KHTML, like Gecko; compatible; bingbot/2.0; +http://www.bing.com/bingbot.htm) Chrome/116.0.1938.76 Safari/537.36"
52.167.144.171 - - [29/Mar/2025:18:45:32 -0400] "GET /usa_cloud/ HTTP/1.1" 404 1251 "-" "Mozilla/5.0 (Windows NT 10.0; Win64; x64) AppleWebKit/537.36 (KHTML, like Gecko) Chrome/112.0.0.0 Safari/537.36 Edg/112.0.1722.68"
20.171.207.168 - - [29/Mar/2025:18:45:47 -0400] "GET /the-las-las-vegas-strips-first-esports-arena-starts-up-in-march HTTP/1.1" 404 1251 "-" "Mozilla/5.0 AppleWebKit/537.36 (KHTML, like Gecko; compatible; GPTBot/1.2; +https://openai.com/gptbot)"
51.222.253.13 - - [29/Mar/2025:18:46:15 -0400] "GET /exploring-nusa-penida-a-hidden-gem-off-bali/feed/ HTTP/1.1" 404 1251 "-" "Mozilla/5.0 (compatible; AhrefsBot/7.0; +http://ahrefs.com/robot/)"
51.222.253.19 - - [29/Mar/2025:18:39:17 -0400] "GET /unlocking-success-journey-to-1000-subscribers-on-youtube/feed/ HTTP/1.1" 404 1251 "-" "Mozilla/5.0 (compatible; AhrefsBot/7.0; +http://ahrefs.com/robot/)"
20.171.207.168 - - [29/Mar/2025:18:39:24 -0400] "GET /all-you-need-to-to-are-aware-of-on-the-subject-of-poker-food-cases HTTP/1.1" 404 1251 "-" "Mozilla/5.0 AppleWebKit/537.36 (KHTML, like Gecko; compatible; GPTBot/1.2; +https://openai.com/gptbot)"
20.171.207.168 - - [29/Mar/2025:18:40:30 -0400] "GET /detalls-about-movie-poker-on-line-you-should-are-aware-but-probably-dont HTTP/1.1" 404 1251 "-" "Mozilla/5.0 AppleWebKit/537.36 (KHTML, like Gecko; compatible; GPTBot/1.2; +https://openai.com/gptbot)"
85.208.98.19 - - [29/Mar/2025:18:41:21 -0400] "GET /orthodontics-in-woodland-hills/ HTTP/1.1" 404 1251 "-" "Mozilla/5.0 (compatible; SemrushBot-BA; +http://www.semrush.com/bot.html)"
20.171.207.168 - - [29/Mar/2025:18:41:31 -0400] "GET /house-webpage-little-first-deposit-bonus-products-online-internet-casino-2021 HTTP/1.1" 404 1251 "-" "Mozilla/5.0 AppleWebKit/537.36 (KHTML, like Gecko; compatible; GPTBot/1.2; +https://openai.com/gptbot)"
20.171.207.168 - - [29/Mar/2025:18:42:37 -0400] "GET /how-to-overcome-from-sex-dolls-under-100-masturbation-part-results-naturally HTTP/1.1" 404 1251 "-" "Mozilla/5.0 AppleWebKit/537.36 (KHTML, like Gecko; compatible; GPTBot/1.2; +https://openai.com/gptbot)"
51.222.253.18 - - [29/Mar/2025:18:42:46 -0400] "GET /the-truth-about-buying-youtube-views/feed/ HTTP/1.1" 404 1251 "-" "Mozilla/5.0 (compatible; AhrefsBot/7.0; +http://ahrefs.com/robot/)"
20.171.207.168 - - [29/Mar/2025:18:46:50 -0400] "GET /have-online-video-slot-products-gambling-den-video-slot-game-titles-for-specific-money-2 HTTP/1.1" 404 1251 "-" "Mozilla/5.0 AppleWebKit/537.36 (KHTML, like Gecko; compatible; GPTBot/1.2; +https://openai.com/gptbot)"
20.171.207.168 - - [29/Mar/2025:18:47:50 -0400] "GET /choices-of-online-gambling-den-spots-and-how-to-profit-performing-them HTTP/1.1" 404 1251 "-" "Mozilla/5.0 AppleWebKit/537.36 (KHTML, like Gecko; compatible; GPTBot/1.2; +https://openai.com/gptbot)"
20.171.207.168 - - [29/Mar/2025:18:48:51 -0400] "GET /cool-convenience-exploring-the-wonders-of-the-modern-ice-maker-machine/ HTTP/1.1" 404 1251 "-" "Mozilla/5.0 AppleWebKit/537.36 (KHTML, like Gecko; compatible; GPTBot/1.2; +https://openai.com/gptbot)"
51.222.253.18 - - [29/Mar/2025:18:49:24 -0400] "GET /the-different-types-of-real-estate/feed/ HTTP/1.1" 404 1251 "-" "Mozilla/5.0 (compatible; AhrefsBot/7.0; +http://ahrefs.com/robot/)"
20.171.207.168 - - [29/Mar/2025:18:49:53 -0400] "GET /trump-gambling-house-las-vegas-sarasota-casino-invoice-lifts-possibility-2 HTTP/1.1" 404 1251 "-" "Mozilla/5.0 AppleWebKit/537.36 (KHTML, like Gecko; compatible; GPTBot/1.2; +https://openai.com/gptbot)"
20.171.207.168 - - [29/Mar/2025:18:50:53 -0400] "GET /entsprechend-ausfindig-machen-eltern-den-https-book-of-ra-slot-com-5-euro-bonus-ohne-einzahlung-frischen-casino-bonus-exklusive-kautionwirkungsgrad HTTP/1.1" 404 1251 "-" "Mozilla/5.0 AppleWebKit/537.36 (KHTML, like Gecko; compatible; GPTBot/1.2; +https://openai.com/gptbot)"
20.171.207.168 - - [29/Mar/2025:18:51:56 -0400] "GET /croc-groundwork-on-poker-patterns-results-in-being-a-particular-ig-nobel HTTP/1.1" 404 1251 "-" "Mozilla/5.0 AppleWebKit/537.36 (KHTML, like Gecko; compatible; GPTBot/1.2; +https://openai.com/gptbot)"
51.222.253.12 - - [29/Mar/2025:18:52:49 -0400] "GET /how-to-create-a-youtube-playlist/feed/ HTTP/1.1" 404 1251 "-" "Mozilla/5.0 (compatible; AhrefsBot/7.0; +http://ahrefs.com/robot/)"
20.171.207.168 - - [29/Mar/2025:18:52:58 -0400] "GET /caesars-places-outbreak-deficits-in-2b-desires-insurance-companies-to-pay HTTP/1.1" 404 1251 "-" "Mozilla/5.0 AppleWebKit/537.36 (KHTML, like Gecko; compatible; GPTBot/1.2; +https://openai.com/gptbot)"
20.171.207.168 - - [29/Mar/2025:18:54:04 -0400] "GET /things-to-consider-when-looking-for-an-emergency-electrician-near-me/ HTTP/1.1" 404 1251 "-" "Mozilla/5.0 AppleWebKit/537.36 (KHTML, like Gecko; compatible; GPTBot/1.2; +https://openai.com/gptbot)"
20.171.207.168 - - [29/Mar/2025:18:55:06 -0400] "GET /go-crazy-spots-steps-and-hints-free-of-cost-twist-web-page-link HTTP/1.1" 404 1251 "-" "Mozilla/5.0 AppleWebKit/537.36 (KHTML, like Gecko; compatible; GPTBot/1.2; +https://openai.com/gptbot)"
51.222.253.9 - - [29/Mar/2025:18:56:07 -0400] "GET /ein-weg-zur-meisterschaft/feed/ HTTP/1.1" 404 1251 "-" "Mozilla/5.0 (compatible; AhrefsBot/7.0; +http://ahrefs.com/robot/)"
20.171.207.168 - - [29/Mar/2025:18:56:08 -0400] "GET /good-reasons-you-should-attempt-learning-situs-internet-poker-online HTTP/1.1" 404 1251 "-" "Mozilla/5.0 AppleWebKit/537.36 (KHTML, like Gecko; compatible; GPTBot/1.2; +https://openai.com/gptbot)"
20.171.207.168 - - [29/Mar/2025:18:57:10 -0400] "GET /top-rated-10-most-popular-game-titles-of-all-appropriate-moment HTTP/1.1" 404 1251 "-" "Mozilla/5.0 AppleWebKit/537.36 (KHTML, like Gecko; compatible; GPTBot/1.2; +https://openai.com/gptbot)"
20.171.207.168 - - [29/Mar/2025:18:58:10 -0400] "GET /people-passing-away-cost-from-coronavirus-spikes-history-100000-people HTTP/1.1" 404 1251 "-" "Mozilla/5.0 AppleWebKit/537.36 (KHTML, like Gecko; compatible; GPTBot/1.2; +https://openai.com/gptbot)"
20.171.207.168 - - [29/Mar/2025:18:59:13 -0400] "GET /purchase-espresso-manufacturers-online-in-best-costs-inside-india-2 HTTP/1.1" 404 1251 "-" "Mozilla/5.0 AppleWebKit/537.36 (KHTML, like Gecko; compatible; GPTBot/1.2; +https://openai.com/gptbot)"
51.222.253.5 - - [29/Mar/2025:18:59:21 -0400] "GET /forget-heels-dolce-vita-flats-are-in/feed/ HTTP/1.1" 404 1251 "-" "Mozilla/5.0 (compatible; AhrefsBot/7.0; +http://ahrefs.com/robot/)"
85.10.157.77 - - [29/Mar/2025:19:00:08 -0400] "GET /what-is-dtg-custom-apparel-printing/ HTTP/1.1" 404 1251 "-" "Mozilla/5.0 (X11; Ubuntu; Linux i686; rv:114.0) Gecko/20100101 Firefox/114.0"
85.10.157.77 - - [29/Mar/2025:19:00:13 -0400] "GET / HTTP/1.1" 200 78024 "-" "Mozilla/5.0 (X11; Ubuntu; Linux i686; rv:114.0) Gecko/20100101 Firefox/114.0"
20.171.207.168 - - [29/Mar/2025:19:00:14 -0400] "GET /what-is-cassava-flour-and-why-it-should-be-avoided-by-you HTTP/1.1" 404 1251 "-" "Mozilla/5.0 AppleWebKit/537.36 (KHTML, like Gecko; compatible; GPTBot/1.2; +https://openai.com/gptbot)"
85.10.157.77 - - [29/Mar/2025:19:00:20 -0400] "GET /'%20+%20item.url%20+%20' HTTP/1.1" 404 1251 "https://christianmantopoulos.com" "Mozilla/5.0 (X11; Ubuntu; Linux i686; rv:114.0) Gecko/20100101 Firefox/114.0"
85.10.157.77 - - [29/Mar/2025:19:00:24 -0400] "GET / HTTP/1.1" 200 78024 "https://christianmantopoulos.com" "Mozilla/5.0 (X11; Ubuntu; Linux i686; rv:114.0) Gecko/20100101 Firefox/114.0"
20.171.207.168 - - [29/Mar/2025:19:01:19 -0400] "GET /engadget-is-an-important-section-of-verizon-marketing-at-this-time HTTP/1.1" 404 1251 "-" "Mozilla/5.0 AppleWebKit/537.36 (KHTML, like Gecko; compatible; GPTBot/1.2; +https://openai.com/gptbot)"
85.208.96.205 - - [29/Mar/2025:19:02:15 -0400] "GET /choosing-a-shopify-agency/ HTTP/1.1" 404 1251 "-" "Mozilla/5.0 (compatible; SemrushBot/7~bl; +http://www.semrush.com/bot.html)"
20.171.207.168 - - [29/Mar/2025:19:02:20 -0400] "GET /study-roulette-from-a-fabulous-croupier-with-40-years-experience HTTP/1.1" 404 1251 "-" "Mozilla/5.0 AppleWebKit/537.36 (KHTML, like Gecko; compatible; GPTBot/1.2; +https://openai.com/gptbot)"
51.222.253.2 - - [29/Mar/2025:19:02:45 -0400] "GET /real-estate-agents-management/feed/ HTTP/1.1" 404 1251 "-" "Mozilla/5.0 (compatible; AhrefsBot/7.0; +http://ahrefs.com/robot/)"
20.171.207.168 - - [29/Mar/2025:19:03:23 -0400] "GET /1400-no-cost-gambling-house-game-titles-no-put-in-or-download-needed HTTP/1.1" 404 1251 "-" "Mozilla/5.0 AppleWebKit/537.36 (KHTML, like Gecko; compatible; GPTBot/1.2; +https://openai.com/gptbot)"
20.171.207.168 - - [29/Mar/2025:19:04:25 -0400] "GET /the-best-caffeine-espresso-beans-in-the-entire-world-2020 HTTP/1.1" 404 1251 "-" "Mozilla/5.0 AppleWebKit/537.36 (KHTML, like Gecko; compatible; GPTBot/1.2; +https://openai.com/gptbot)"
4.227.36.54 - - [29/Mar/2025:19:04:26 -0400] "GET /robots.txt HTTP/1.1" 404 1251 "-" "Mozilla/5.0 AppleWebKit/537.36 (KHTML, like Gecko; compatible; GPTBot/1.2; +https://openai.com/gptbot)"
66.249.72.196 - - [29/Mar/2025:19:04:51 -0400] "GET /archive HTTP/1.1" 404 1251 "-" "Googlebot/2.1 (+http://www.google.com/bot.html)"
20.171.207.168 - - [29/Mar/2025:19:05:28 -0400] "GET /100-property-expert-turning-up-to-xbla-house-windows-8 HTTP/1.1" 404 1251 "-" "Mozilla/5.0 AppleWebKit/537.36 (KHTML, like Gecko; compatible; GPTBot/1.2; +https://openai.com/gptbot)"
51.222.253.18 - - [29/Mar/2025:19:05:55 -0400] "GET /sydney-cbd-office-market/feed/ HTTP/1.1" 404 1251 "-" "Mozilla/5.0 (compatible; AhrefsBot/7.0; +http://ahrefs.com/robot/)"
20.171.207.168 - - [29/Mar/2025:19:06:30 -0400] "GET /words-the-terms-and-terms-craps-tricks HTTP/1.1" 404 1251 "-" "Mozilla/5.0 AppleWebKit/537.36 (KHTML, like Gecko; compatible; GPTBot/1.2; +https://openai.com/gptbot)"
20.171.207.168 - - [29/Mar/2025:19:07:32 -0400] "GET /cpa-salary-range-how-to-maximize-your-income-as-a-cpa/ HTTP/1.1" 404 1251 "-" "Mozilla/5.0 AppleWebKit/537.36 (KHTML, like Gecko; compatible; GPTBot/1.2; +https://openai.com/gptbot)"
20.171.207.168 - - [29/Mar/2025:19:08:37 -0400] "GET /bettors-scramble-on-casino-wars-for-100-free-at-just-online-casinos HTTP/1.1" 404 1251 "-" "Mozilla/5.0 AppleWebKit/537.36 (KHTML, like Gecko; compatible; GPTBot/1.2; +https://openai.com/gptbot)"
51.222.253.10 - - [29/Mar/2025:19:09:13 -0400] "GET /fertility-clinic-dubai/feed/ HTTP/1.1" 404 1251 "-" "Mozilla/5.0 (compatible; AhrefsBot/7.0; +http://ahrefs.com/robot/)"
20.171.207.168 - - [29/Mar/2025:19:09:41 -0400] "GET /carry-out-7-free-of-charge-gambling-establishment-video-games-no-download-no-sign-up-slot-machine-sport-free-of-charge-credit-score-3j-free HTTP/1.1" 404 1251 "-" "Mozilla/5.0 AppleWebKit/537.36 (KHTML, like Gecko; compatible; GPTBot/1.2; +https://openai.com/gptbot)"
20.171.207.168 - - [29/Mar/2025:19:10:45 -0400] "GET /100-free-online-modern-casino-activities-for-cell-phone-phones HTTP/1.1" 404 1251 "-" "Mozilla/5.0 AppleWebKit/537.36 (KHTML, like Gecko; compatible; GPTBot/1.2; +https://openai.com/gptbot)"
20.171.207.168 - - [29/Mar/2025:19:11:50 -0400] "GET /engadget-is-right-now-a-new-component-of-verizon-press HTTP/1.1" 404 1251 "-" "Mozilla/5.0 AppleWebKit/537.36 (KHTML, like Gecko; compatible; GPTBot/1.2; +https://openai.com/gptbot)"
51.222.253.14 - - [29/Mar/2025:19:12:28 -0400] "GET /uniqueness-of-artificial-jewelry/feed/ HTTP/1.1" 404 1251 "-" "Mozilla/5.0 (compatible; AhrefsBot/7.0; +http://ahrefs.com/robot/)"
20.171.207.168 - - [29/Mar/2025:19:12:51 -0400] "GET /what-is-the-best-0nline-casino-activity-for-specific-income HTTP/1.1" 404 1251 "-" "Mozilla/5.0 AppleWebKit/537.36 (KHTML, like Gecko; compatible; GPTBot/1.2; +https://openai.com/gptbot)"
20.171.207.168 - - [29/Mar/2025:19:13:54 -0400] "GET /der-schlussel-zu-einer-erfolgreichen-karriere-im-jurastudium/ HTTP/1.1" 404 1251 "-" "Mozilla/5.0 AppleWebKit/537.36 (KHTML, like Gecko; compatible; GPTBot/1.2; +https://openai.com/gptbot)"
20.171.207.168 - - [29/Mar/2025:19:15:00 -0400] "GET /making-use-of-styles-to-wager-on-rugby-league-2 HTTP/1.1" 404 1251 "-" "Mozilla/5.0 AppleWebKit/537.36 (KHTML, like Gecko; compatible; GPTBot/1.2; +https://openai.com/gptbot)"
51.222.253.6 - - [29/Mar/2025:19:15:34 -0400] "GET /the-benefits-of-a-mairdi-headset/feed/ HTTP/1.1" 404 1251 "-" "Mozilla/5.0 (compatible; AhrefsBot/7.0; +http://ahrefs.com/robot/)"
20.171.207.168 - - [29/Mar/2025:19:16:02 -0400] "GET /the-risks-and-legality-of-using-a-crypto-mixer/ HTTP/1.1" 404 1251 "-" "Mozilla/5.0 AppleWebKit/537.36 (KHTML, like Gecko; compatible; GPTBot/1.2; +https://openai.com/gptbot)"
20.171.207.168 - - [29/Mar/2025:19:17:08 -0400] "GET /1400-no-cost-gambling-house-game-titles-no-put-in-or-download-needed-2 HTTP/1.1" 404 1251 "-" "Mozilla/5.0 AppleWebKit/537.36 (KHTML, like Gecko; compatible; GPTBot/1.2; +https://openai.com/gptbot)"
197.243.16.120 - - [29/Mar/2025:19:17:08 -0400] "GET /wp-login.php HTTP/1.1" 200 1721 "-" "GRequests/0.10"
198.54.114.83 - - [29/Mar/2025:19:17:12 -0400] "POST /wp-cron.php?doing_wp_cron=1743290232.5645558834075927734375 HTTP/1.1" 200 0 "-" "WordPress/6.7.2; https://christianmantopoulos.com"
197.243.16.120 - - [29/Mar/2025:19:17:09 -0400] "POST /wp-login.php HTTP/1.1" 200 1877 "-" "GRequests/0.10"
198.54.114.83 - - [29/Mar/2025:19:17:13 -0400] "POST /wp-admin/admin-ajax.php?action=async_litespeed&nonce=dc6d2OCpxYYS7IJn6pW83GH1uISVmA7R&litespeed_type=imgoptm HTTP/1.1" 200 5 "-" "WordPress/6.7.2; https://christianmantopoulos.com"
20.171.207.168 - - [29/Mar/2025:19:18:14 -0400] "GET /lelegance-des-enseignes-sur-les-toits-de-geneve/ HTTP/1.1" 404 1251 "-" "Mozilla/5.0 AppleWebKit/537.36 (KHTML, like Gecko; compatible; GPTBot/1.2; +https://openai.com/gptbot)"
195.47.238.83 - - [29/Mar/2025:19:18:41 -0400] "GET / HTTP/1.1" 200 78024 "https://christianmantopoulos.com" "Mozilla/5.0 (Windows NT 6.1; WOW64) AppleWebKit/537.36 (KHTML, like Gecko) Chrome/41.0.2272.76 Safari/537.36 OPR/28.0.1750.40"
51.222.253.1 - - [29/Mar/2025:19:18:57 -0400] "GET /the-japanese-katana-sword/feed/ HTTP/1.1" 404 1251 "-" "Mozilla/5.0 (compatible; AhrefsBot/7.0; +http://ahrefs.com/robot/)"
20.171.207.168 - - [29/Mar/2025:19:19:19 -0400] "GET /orchard-sophia-developer-an-urban-oasis-of-serenity/ HTTP/1.1" 404 1251 "-" "Mozilla/5.0 AppleWebKit/537.36 (KHTML, like Gecko; compatible; GPTBot/1.2; +https://openai.com/gptbot)"
20.171.207.168 - - [29/Mar/2025:19:20:24 -0400] "GET /video-gaming-content-articles-on-engadget HTTP/1.1" 404 1251 "-" "Mozilla/5.0 AppleWebKit/537.36 (KHTML, like Gecko; compatible; GPTBot/1.2; +https://openai.com/gptbot)"
20.171.207.168 - - [29/Mar/2025:19:21:26 -0400] "GET /how-to-take-care-of-slow-activities-on-facebook HTTP/1.1" 404 1251 "-" "Mozilla/5.0 AppleWebKit/537.36 (KHTML, like Gecko; compatible; GPTBot/1.2; +https://openai.com/gptbot)"
51.222.253.8 - - [29/Mar/2025:19:22:27 -0400] "GET /how-to-clean-earringss/feed/ HTTP/1.1" 404 1251 "-" "Mozilla/5.0 (compatible; AhrefsBot/7.0; +http://ahrefs.com/robot/)"
20.171.207.168 - - [29/Mar/2025:19:22:31 -0400] "GET /problems-and-features-of-cell-phone-gambling-den-poker HTTP/1.1" 404 1251 "-" "Mozilla/5.0 AppleWebKit/537.36 (KHTML, like Gecko; compatible; GPTBot/1.2; +https://openai.com/gptbot)"
20.171.207.168 - - [29/Mar/2025:19:23:35 -0400] "GET /arizona-https-mrbetlogin-com-mr-bet-australia-holdem-poker HTTP/1.1" 404 1251 "-" "Mozilla/5.0 AppleWebKit/537.36 (KHTML, like Gecko; compatible; GPTBot/1.2; +https://openai.com/gptbot)"
20.171.207.168 - - [29/Mar/2025:19:24:38 -0400] "GET /hides-go-rules-trials-due-to-strain-scenarios-surge HTTP/1.1" 404 1251 "-" "Mozilla/5.0 AppleWebKit/537.36 (KHTML, like Gecko; compatible; GPTBot/1.2; +https://openai.com/gptbot)"
20.171.207.168 - - [29/Mar/2025:19:25:42 -0400] "GET /the-solution-of-connecticuts-achievements-at-battling-covid HTTP/1.1" 404 1251 "-" "Mozilla/5.0 AppleWebKit/537.36 (KHTML, like Gecko; compatible; GPTBot/1.2; +https://openai.com/gptbot)"
51.222.253.17 - - [29/Mar/2025:19:25:44 -0400] "GET /conservatory-roof-panels/feed/ HTTP/1.1" 404 1251 "-" "Mozilla/5.0 (compatible; AhrefsBot/7.0; +http://ahrefs.com/robot/)"
199.195.249.51 - - [29/Mar/2025:19:25:47 -0400] "GET /wp-login.php HTTP/1.1" 200 1721 "-" "Mozilla/5.0 (Macintosh; Intel Mac OS X 10.7; rv:31.0) Gecko/20100101 Firefox/31.0"
198.54.114.83 - - [29/Mar/2025:19:25:49 -0400] "POST /wp-cron.php?doing_wp_cron=1743290748.7690939903259277343750 HTTP/1.1" 200 0 "-" "WordPress/6.7.2; https://christianmantopoulos.com"
199.195.249.51 - - [29/Mar/2025:19:25:47 -0400] "POST /wp-login.php HTTP/1.1" 200 1847 "-" "Mozilla/5.0 (Macintosh; Intel Mac OS X 10.7; rv:31.0) Gecko/20100101 Firefox/31.0"
198.54.114.83 - - [29/Mar/2025:19:25:49 -0400] "POST /wp-admin/admin-ajax.php?action=async_litespeed&nonce=qHpgzm35zgeldaLHzajmQdAzPD3TQU0g&litespeed_type=imgoptm HTTP/1.1" 200 5 "-" "WordPress/6.7.2; https://christianmantopoulos.com"
20.171.207.168 - - [29/Mar/2025:19:26:46 -0400] "GET /have-a-legal-issue-find-the-right-lawyer/ HTTP/1.1" 404 1251 "-" "Mozilla/5.0 AppleWebKit/537.36 (KHTML, like Gecko; compatible; GPTBot/1.2; +https://openai.com/gptbot)"
20.171.207.168 - - [29/Mar/2025:19:27:49 -0400] "GET /top-give-and-pot-for-st-augustine-grass-4 HTTP/1.1" 404 1251 "-" "Mozilla/5.0 AppleWebKit/537.36 (KHTML, like Gecko; compatible; GPTBot/1.2; +https://openai.com/gptbot)"
51.222.253.2 - - [29/Mar/2025:19:28:54 -0400] "GET /how-to-convert-mts-to-mp4-with-mts-to-mp4-converter/feed/ HTTP/1.1" 404 1251 "-" "Mozilla/5.0 (compatible; AhrefsBot/7.0; +http://ahrefs.com/robot/)"
20.171.207.168 - - [29/Mar/2025:19:28:55 -0400] "GET /top-give-and-pot-for-st-augustine-grass-3 HTTP/1.1" 404 1251 "-" "Mozilla/5.0 AppleWebKit/537.36 (KHTML, like Gecko; compatible; GPTBot/1.2; +https://openai.com/gptbot)"
85.208.96.207 - - [29/Mar/2025:19:29:06 -0400] "GET /league-of-legends-lecture/ HTTP/1.1" 404 1251 "-" "Mozilla/5.0 (compatible; SemrushBot/7~bl; +http://www.semrush.com/bot.html)"
20.171.207.168 - - [29/Mar/2025:19:31:04 -0400] "GET /online-casino-no-need-to-travel-any-longer/ HTTP/1.1" 404 1251 "-" "Mozilla/5.0 AppleWebKit/537.36 (KHTML, like Gecko; compatible; GPTBot/1.2; +https://openai.com/gptbot)"
20.171.207.168 - - [29/Mar/2025:19:32:04 -0400] "GET /poker-article-content-out-of HTTP/1.1" 404 1251 "-" "Mozilla/5.0 AppleWebKit/537.36 (KHTML, like Gecko; compatible; GPTBot/1.2; +https://openai.com/gptbot)"
51.222.253.8 - - [29/Mar/2025:19:32:32 -0400] "GET /marketplace/feed/ HTTP/1.1" 404 1251 "-" "Mozilla/5.0 (compatible; AhrefsBot/7.0; +http://ahrefs.com/robot/)"
20.171.207.168 - - [29/Mar/2025:19:33:05 -0400] "GET /recommended-on-the-web-gambling-establishment-games HTTP/1.1" 404 1251 "-" "Mozilla/5.0 AppleWebKit/537.36 (KHTML, like Gecko; compatible; GPTBot/1.2; +https://openai.com/gptbot)"
2a03:2880:f800:16:: - - [29/Mar/2025:19:34:05 -0400] "GET /best-blow-dryer-for-curly-hair/ HTTP/1.1" 404 1251 "-" "meta-externalagent/1.1 (+https://developers.facebook.com/docs/sharing/webmasters/crawler)"
20.171.207.168 - - [29/Mar/2025:19:34:07 -0400] "GET /mastering-league-of-legends-a-strategic-lecture/ HTTP/1.1" 404 1251 "-" "Mozilla/5.0 AppleWebKit/537.36 (KHTML, like Gecko; compatible; GPTBot/1.2; +https://openai.com/gptbot)"
134.209.144.185 - - [29/Mar/2025:19:34:17 -0400] "GET /wp-login.php HTTP/1.1" 200 1721 "-" "Mozila/5.0"
198.54.114.83 - - [29/Mar/2025:19:34:20 -0400] "POST /wp-cron.php?doing_wp_cron=1743291260.3962709903717041015625 HTTP/1.1" 200 0 "-" "WordPress/6.7.2; https://christianmantopoulos.com"
134.209.144.185 - - [29/Mar/2025:19:34:18 -0400] "POST /wp-login.php HTTP/1.1" 200 1847 "-" "Mozila/5.0"
134.209.144.185 - - [29/Mar/2025:19:34:20 -0400] "GET /wp-admin/ HTTP/1.1" 302 0 "-" "Mozila/5.0"
198.54.114.83 - - [29/Mar/2025:19:34:20 -0400] "POST /wp-admin/admin-ajax.php?action=async_litespeed&nonce=etNz3rIso3K9zeeoFWMRCWrgo8X7Lnjs&litespeed_type=imgoptm HTTP/1.1" 200 5 "-" "WordPress/6.7.2; https://christianmantopoulos.com"
134.209.144.185 - - [29/Mar/2025:19:34:21 -0400] "GET /wp-login.php?redirect_to=https%3A%2F%2Fchristianmantopoulos.com%2Fwp-admin%2F&reauth=1 HTTP/1.1" 200 1721 "-" "Mozila/5.0"
2a03:2880:f800:13:: - - [29/Mar/2025:19:34:30 -0400] "GET /best-blow-dryer-for-curly-hair/ HTTP/1.1" 404 1251 "-" "meta-externalagent/1.1 (+https://developers.facebook.com/docs/sharing/webmasters/crawler)"
20.171.207.168 - - [29/Mar/2025:19:35:10 -0400] "GET /outlaw-technique-give-up-port-appliance-review HTTP/1.1" 404 1251 "-" "Mozilla/5.0 AppleWebKit/537.36 (KHTML, like Gecko; compatible; GPTBot/1.2; +https://openai.com/gptbot)"
51.222.253.14 - - [29/Mar/2025:19:35:55 -0400] "GET /dwi-defense-lawyer/feed/ HTTP/1.1" 404 1251 "-" "Mozilla/5.0 (compatible; AhrefsBot/7.0; +http://ahrefs.com/robot/)"
20.171.207.168 - - [29/Mar/2025:19:36:12 -0400] "GET /unveiling-the-elegance-beaded-gemstone-bracelets/ HTTP/1.1" 404 1251 "-" "Mozilla/5.0 AppleWebKit/537.36 (KHTML, like Gecko; compatible; GPTBot/1.2; +https://openai.com/gptbot)"
20.171.207.168 - - [29/Mar/2025:19:37:17 -0400] "GET /tips-about-information-breast-cancer-risk-factors HTTP/1.1" 404 1251 "-" "Mozilla/5.0 AppleWebKit/537.36 (KHTML, like Gecko; compatible; GPTBot/1.2; +https://openai.com/gptbot)"
185.191.171.18 - - [29/Mar/2025:19:38:04 -0400] "GET /robots.txt HTTP/1.1" 404 1251 "-" "Mozilla/5.0 (compatible; SemrushBot/7~bl; +http://www.semrush.com/bot.html)"
185.191.171.6 - - [29/Mar/2025:19:38:05 -0400] "GET /2024/05/page/4/ HTTP/1.1" 404 1251 "-" "Mozilla/5.0 (compatible; SemrushBot/7~bl; +http://www.semrush.com/bot.html)"
20.171.207.168 - - [29/Mar/2025:19:38:22 -0400] "GET /how-to-choose-a-washer-repair-service-company/ HTTP/1.1" 404 1251 "-" "Mozilla/5.0 AppleWebKit/537.36 (KHTML, like Gecko; compatible; GPTBot/1.2; +https://openai.com/gptbot)"
20.171.207.168 - - [29/Mar/2025:19:39:25 -0400] "GET /movie-star-voyages-movie-star-libra-ship HTTP/1.1" 404 1251 "-" "Mozilla/5.0 AppleWebKit/537.36 (KHTML, like Gecko; compatible; GPTBot/1.2; +https://openai.com/gptbot)"
51.222.253.15 - - [29/Mar/2025:19:39:26 -0400] "GET /tiktok-stock-price-how-to-buy-tiktok-stock/feed/ HTTP/1.1" 404 1251 "-" "Mozilla/5.0 (compatible; AhrefsBot/7.0; +http://ahrefs.com/robot/)"
20.171.207.168 - - [29/Mar/2025:19:40:27 -0400] "GET /mobile-phone-casinos-with-playtech-software-2 HTTP/1.1" 404 1251 "-" "Mozilla/5.0 AppleWebKit/537.36 (KHTML, like Gecko; compatible; GPTBot/1.2; +https://openai.com/gptbot)"
20.171.207.168 - - [29/Mar/2025:19:41:28 -0400] "GET /food-gambling-den-present-in-lakewood-2 HTTP/1.1" 404 1251 "-" "Mozilla/5.0 AppleWebKit/537.36 (KHTML, like Gecko; compatible; GPTBot/1.2; +https://openai.com/gptbot)"
20.171.207.168 - - [29/Mar/2025:19:42:32 -0400] "GET /form-capabilities-of-the-authentic-bjj-kimono HTTP/1.1" 404 1251 "-" "Mozilla/5.0 AppleWebKit/537.36 (KHTML, like Gecko; compatible; GPTBot/1.2; +https://openai.com/gptbot)"
51.222.253.18 - - [29/Mar/2025:19:42:42 -0400] "GET /unlocking-success-buy-youtube-views-for-less-to-boost-your-content/feed/ HTTP/1.1" 404 1251 "-" "Mozilla/5.0 (compatible; AhrefsBot/7.0; +http://ahrefs.com/robot/)"
20.171.207.168 - - [29/Mar/2025:19:43:35 -0400] "GET /have-fun-with-online-slot-machine-machines HTTP/1.1" 404 1251 "-" "Mozilla/5.0 AppleWebKit/537.36 (KHTML, like Gecko; compatible; GPTBot/1.2; +https://openai.com/gptbot)"
20.171.207.168 - - [29/Mar/2025:19:44:38 -0400] "GET /pictures-of-sports-activities-numbers-as-art HTTP/1.1" 404 1251 "-" "Mozilla/5.0 AppleWebKit/537.36 (KHTML, like Gecko; compatible; GPTBot/1.2; +https://openai.com/gptbot)"
20.171.207.168 - - [29/Mar/2025:19:45:39 -0400] "GET /how-to-use-live-cams-to-engage-viewers/ HTTP/1.1" 404 1251 "-" "Mozilla/5.0 AppleWebKit/537.36 (KHTML, like Gecko; compatible; GPTBot/1.2; +https://openai.com/gptbot)"
51.222.253.2 - - [29/Mar/2025:19:45:57 -0400] "GET /how-to-make-money-with-football-betting/feed/ HTTP/1.1" 404 1251 "-" "Mozilla/5.0 (compatible; AhrefsBot/7.0; +http://ahrefs.com/robot/)"
20.171.207.168 - - [29/Mar/2025:19:46:44 -0400] "GET /whos-happiest-whos-just-about-all-at-danger HTTP/1.1" 404 1251 "-" "Mozilla/5.0 AppleWebKit/537.36 (KHTML, like Gecko; compatible; GPTBot/1.2; +https://openai.com/gptbot)"
20.171.207.168 - - [29/Mar/2025:19:47:44 -0400] "GET /mastering-the-art-of-ppr-pipe-fittings/ HTTP/1.1" 404 1251 "-" "Mozilla/5.0 AppleWebKit/537.36 (KHTML, like Gecko; compatible; GPTBot/1.2; +https://openai.com/gptbot)"
20.171.207.168 - - [29/Mar/2025:19:48:47 -0400] "GET /6-ways-cbd-can-help-with-pain-and-anxiety/ HTTP/1.1" 404 1251 "-" "Mozilla/5.0 AppleWebKit/537.36 (KHTML, like Gecko; compatible; GPTBot/1.2; +https://openai.com/gptbot)"
51.222.253.13 - - [29/Mar/2025:19:49:08 -0400] "GET /midtown-modern-a-vibrant-lifestyle-center/feed/ HTTP/1.1" 404 1251 "-" "Mozilla/5.0 (compatible; AhrefsBot/7.0; +http://ahrefs.com/robot/)"
20.171.207.168 - - [29/Mar/2025:19:49:48 -0400] "GET /sharealike-3-0-unported-closed-circuit-by-3 HTTP/1.1" 404 1251 "-" "Mozilla/5.0 AppleWebKit/537.36 (KHTML, like Gecko; compatible; GPTBot/1.2; +https://openai.com/gptbot)"
20.171.207.168 - - [29/Mar/2025:19:50:54 -0400] "GET /harms-of-taking-clams-on-your-health-2 HTTP/1.1" 404 1251 "-" "Mozilla/5.0 AppleWebKit/537.36 (KHTML, like Gecko; compatible; GPTBot/1.2; +https://openai.com/gptbot)"
20.171.207.168 - - [29/Mar/2025:19:51:56 -0400] "GET /sa-good-gambling-den-%E0%B8%81%E0%B8%B5%E0%B8%AC%E0%B8%B2-%E0%B8%84%E0%B8%B2%E0%B8%AA%E0%B8%B4%E0%B9%82%E0%B8%99-%E0%B8%9A%E0%B8%B2%E0%B8%84%E0%B8%B2%E0%B8%A3%E0%B9%88%E0%B8%B2-%E0%B8%AA%E0%B8%A5 HTTP/1.1" 404 1251 "-" "Mozilla/5.0 AppleWebKit/537.36 (KHTML, like Gecko; compatible; GPTBot/1.2; +https://openai.com/gptbot)"
66.249.72.204 - - [29/Mar/2025:19:52:09 -0400] "GET /unveiling-the-best-title-revitalizing-spaces-the-significance-of-junk-car-removal-in-cape-coral/ HTTP/1.1" 404 1251 "-" "Mozilla/5.0 (Linux; Android 6.0.1; Nexus 5X Build/MMB29P) AppleWebKit/537.36 (KHTML, like Gecko) Chrome/134.0.6998.165 Mobile Safari/537.36 (compatible; Googlebot/2.1; +http://www.google.com/bot.html)"
51.222.253.5 - - [29/Mar/2025:19:52:23 -0400] "GET /custom-grip-socks-for-football-players/feed/ HTTP/1.1" 404 1251 "-" "Mozilla/5.0 (compatible; AhrefsBot/7.0; +http://ahrefs.com/robot/)"
198.54.114.83 - - [29/Mar/2025:19:52:33 -0400] "POST /wp-admin/admin-ajax.php?action=async_litespeed&nonce=eE3hyiwgoKZG4gXtRsHsIhyjAICOHI0D&litespeed_type=imgoptm HTTP/1.1" 200 5 "-" "WordPress/6.7.2; https://christianmantopoulos.com"
80.235.120.196 - - [29/Mar/2025:19:52:34 -0400] "GET /wp-login.php HTTP/1.1" 200 1721 "http://christianmantopoulos.com/wp-login.php" "GRequests/0.10"
80.235.120.196 - - [29/Mar/2025:19:52:34 -0400] "GET /wp-login.php HTTP/1.1" 200 1721 "http://christianmantopoulos.com/wp-login.php" "GRequests/0.10"
80.235.120.196 - - [29/Mar/2025:19:52:35 -0400] "GET /wp-admin/ HTTP/1.1" 302 0 "http://christianmantopoulos.com/wp-admin/" "GRequests/0.10"
80.235.120.196 - - [29/Mar/2025:19:52:35 -0400] "GET /wp-login.php?redirect_to=https%3A%2F%2Fchristianmantopoulos.com%2Fwp-admin%2F&reauth=1 HTTP/1.1" 200 1721 "https://christianmantopoulos.com/wp-admin/" "GRequests/0.10"
20.171.207.168 - - [29/Mar/2025:19:52:57 -0400] "GET /top-ten-baby-presents-buy-baby-gift-items-that-are-needed HTTP/1.1" 404 1251 "-" "Mozilla/5.0 AppleWebKit/537.36 (KHTML, like Gecko; compatible; GPTBot/1.2; +https://openai.com/gptbot)"
20.171.207.168 - - [29/Mar/2025:19:53:57 -0400] "GET /my-best-4-online-virtual-planet-games HTTP/1.1" 404 1251 "-" "Mozilla/5.0 AppleWebKit/537.36 (KHTML, like Gecko; compatible; GPTBot/1.2; +https://openai.com/gptbot)"
51.222.253.1 - - [29/Mar/2025:19:55:28 -0400] "GET /tretinoin-uk/feed/ HTTP/1.1" 404 1251 "-" "Mozilla/5.0 (compatible; AhrefsBot/7.0; +http://ahrefs.com/robot/)"
185.191.171.4 - - [29/Mar/2025:19:55:33 -0400] "GET /the-rise-of-multicanais/ HTTP/1.1" 404 1251 "-" "Mozilla/5.0 (compatible; SemrushBot/7~bl; +http://www.semrush.com/bot.html)"
20.171.207.168 - - [29/Mar/2025:19:56:00 -0400] "GET /die-perfekte-wahl-fur-ihr-zuhause/ HTTP/1.1" 404 1251 "-" "Mozilla/5.0 AppleWebKit/537.36 (KHTML, like Gecko; compatible; GPTBot/1.2; +https://openai.com/gptbot)"
20.171.207.168 - - [29/Mar/2025:19:57:04 -0400] "GET /mk-shoulder-bag-by-michael-kors/ HTTP/1.1" 404 1251 "-" "Mozilla/5.0 AppleWebKit/537.36 (KHTML, like Gecko; compatible; GPTBot/1.2; +https://openai.com/gptbot)"
20.171.207.168 - - [29/Mar/2025:19:58:08 -0400] "GET /checkmate-the-end-of-lost-socks/ HTTP/1.1" 404 1251 "-" "Mozilla/5.0 AppleWebKit/537.36 (KHTML, like Gecko; compatible; GPTBot/1.2; +https://openai.com/gptbot)"
51.222.253.8 - - [29/Mar/2025:19:59:02 -0400] "GET /new-york-lawyer-works-in-your-favor/feed/ HTTP/1.1" 404 1251 "-" "Mozilla/5.0 (compatible; AhrefsBot/7.0; +http://ahrefs.com/robot/)"
20.171.207.168 - - [29/Mar/2025:19:59:13 -0400] "GET /most-effective-online-modern-casino-web-page-korea HTTP/1.1" 404 1251 "-" "Mozilla/5.0 AppleWebKit/537.36 (KHTML, like Gecko; compatible; GPTBot/1.2; +https://openai.com/gptbot)"
20.171.207.168 - - [29/Mar/2025:20:00:16 -0400] "GET /10-best-wash-blades-2021-reviews-3 HTTP/1.1" 404 1251 "-" "Mozilla/5.0 AppleWebKit/537.36 (KHTML, like Gecko; compatible; GPTBot/1.2; +https://openai.com/gptbot)"
20.171.207.168 - - [29/Mar/2025:20:01:21 -0400] "GET /10-best-wash-blades-2021-reviews-4 HTTP/1.1" 404 1251 "-" "Mozilla/5.0 AppleWebKit/537.36 (KHTML, like Gecko; compatible; GPTBot/1.2; +https://openai.com/gptbot)"
196.251.69.226 - - [29/Mar/2025:20:01:31 -0400] "POST /wp-content/plugins/wp-ver.php HTTP/1.1" 404 1251 "www.google.com" "Mozlila/5.0 (Linux; Android 7.0; SM-G892A Bulid/NRD90M; wv) AppleWebKit/537.36 (KHTML, like Gecko) Version/4.0 Chrome/60.0.3112.107 Moblie Safari/537.36"
20.171.207.168 - - [29/Mar/2025:20:02:22 -0400] "GET /unveiling-the-elegance-beaded-gemstone-bracelets HTTP/1.1" 404 1251 "-" "Mozilla/5.0 AppleWebKit/537.36 (KHTML, like Gecko; compatible; GPTBot/1.2; +https://openai.com/gptbot)"
51.222.253.9 - - [29/Mar/2025:20:02:46 -0400] "GET /italian-kitchen-cabinets/feed/ HTTP/1.1" 404 1251 "-" "Mozilla/5.0 (compatible; AhrefsBot/7.0; +http://ahrefs.com/robot/)"
20.171.207.168 - - [29/Mar/2025:20:03:25 -0400] "GET /freecasinogames-your-information-to-poker-world HTTP/1.1" 404 1251 "-" "Mozilla/5.0 AppleWebKit/537.36 (KHTML, like Gecko; compatible; GPTBot/1.2; +https://openai.com/gptbot)"
20.171.207.168 - - [29/Mar/2025:20:04:30 -0400] "GET /le-guide-complet-des-supplements/ HTTP/1.1" 404 1251 "-" "Mozilla/5.0 AppleWebKit/537.36 (KHTML, like Gecko; compatible; GPTBot/1.2; +https://openai.com/gptbot)"
20.171.207.168 - - [29/Mar/2025:20:05:30 -0400] "GET /redken-acidic-bonding-concentrate-review/ HTTP/1.1" 404 1251 "-" "Mozilla/5.0 AppleWebKit/537.36 (KHTML, like Gecko; compatible; GPTBot/1.2; +https://openai.com/gptbot)"
51.8.102.213 - - [29/Mar/2025:20:06:01 -0400] "GET /robots.txt HTTP/1.1" 404 1251 "-" "Mozilla/5.0 (Macintosh; Intel Mac OS X 10_15_7) AppleWebKit/537.36 (KHTML, like Gecko) Chrome/131.0.0.0 Safari/537.36; compatible; OAI-SearchBot/1.0; +https://openai.com/searchbot"
51.222.253.3 - - [29/Mar/2025:20:06:05 -0400] "GET /socks-manufacturer/feed/ HTTP/1.1" 404 1251 "-" "Mozilla/5.0 (compatible; AhrefsBot/7.0; +http://ahrefs.com/robot/)"
20.171.207.168 - - [29/Mar/2025:20:06:32 -0400] "GET /the-versatile-michael-kors-satchel-crossbody HTTP/1.1" 404 1251 "-" "Mozilla/5.0 AppleWebKit/537.36 (KHTML, like Gecko; compatible; GPTBot/1.2; +https://openai.com/gptbot)"
20.171.207.168 - - [29/Mar/2025:20:07:34 -0400] "GET /todas-las-sin-city-present-in-its-heyday HTTP/1.1" 404 1251 "-" "Mozilla/5.0 AppleWebKit/537.36 (KHTML, like Gecko; compatible; GPTBot/1.2; +https://openai.com/gptbot)"
20.171.207.168 - - [29/Mar/2025:20:08:35 -0400] "GET /einzigartige-eleganz-die-moderne-hangeleuchte/ HTTP/1.1" 404 1251 "-" "Mozilla/5.0 AppleWebKit/537.36 (KHTML, like Gecko; compatible; GPTBot/1.2; +https://openai.com/gptbot)"
51.222.253.18 - - [29/Mar/2025:20:09:21 -0400] "GET /buy-tiktok-save/feed/ HTTP/1.1" 404 1251 "-" "Mozilla/5.0 (compatible; AhrefsBot/7.0; +http://ahrefs.com/robot/)"
20.171.207.168 - - [29/Mar/2025:20:09:39 -0400] "GET /fu-male-good-fortune-slot-2 HTTP/1.1" 404 1251 "-" "Mozilla/5.0 AppleWebKit/537.36 (KHTML, like Gecko; compatible; GPTBot/1.2; +https://openai.com/gptbot)"
85.208.96.195 - - [29/Mar/2025:20:10:33 -0400] "GET /2024/08/page/4/ HTTP/1.1" 404 1251 "-" "Mozilla/5.0 (compatible; SemrushBot/7~bl; +http://www.semrush.com/bot.html)"
20.171.207.168 - - [29/Mar/2025:20:10:39 -0400] "GET /health-and-fitness-exercises-overview/ HTTP/1.1" 404 1251 "-" "Mozilla/5.0 AppleWebKit/537.36 (KHTML, like Gecko; compatible; GPTBot/1.2; +https://openai.com/gptbot)"
20.171.207.168 - - [29/Mar/2025:20:11:40 -0400] "GET /the-historical-enhancement-of-the-euro HTTP/1.1" 404 1251 "-" "Mozilla/5.0 AppleWebKit/537.36 (KHTML, like Gecko; compatible; GPTBot/1.2; +https://openai.com/gptbot)"
20.171.207.168 - - [29/Mar/2025:20:12:41 -0400] "GET /how-to-find-the-best-web-design-in-dubai/ HTTP/1.1" 404 1251 "-" "Mozilla/5.0 AppleWebKit/537.36 (KHTML, like Gecko; compatible; GPTBot/1.2; +https://openai.com/gptbot)"
20.171.207.168 - - [29/Mar/2025:20:13:45 -0400] "GET /mobile-phone-casinos-with-playtech-software HTTP/1.1" 404 1251 "-" "Mozilla/5.0 AppleWebKit/537.36 (KHTML, like Gecko; compatible; GPTBot/1.2; +https://openai.com/gptbot)"
51.222.253.10 - - [29/Mar/2025:20:14:00 -0400] "GET /la-compagnie-de-provence-beauty-fragrance-products/feed/ HTTP/1.1" 404 1251 "-" "Mozilla/5.0 (compatible; AhrefsBot/7.0; +http://ahrefs.com/robot/)"
20.171.207.168 - - [29/Mar/2025:20:14:46 -0400] "GET /the-benefits-of-cloud-services/ HTTP/1.1" 404 1251 "-" "Mozilla/5.0 AppleWebKit/537.36 (KHTML, like Gecko; compatible; GPTBot/1.2; +https://openai.com/gptbot)"
20.171.207.168 - - [29/Mar/2025:20:15:48 -0400] "GET /the-value-of-part-time-employment HTTP/1.1" 404 1251 "-" "Mozilla/5.0 AppleWebKit/537.36 (KHTML, like Gecko; compatible; GPTBot/1.2; +https://openai.com/gptbot)"
20.171.207.168 - - [29/Mar/2025:20:16:49 -0400] "GET /extra-town-best-supercity-2 HTTP/1.1" 404 1251 "-" "Mozilla/5.0 AppleWebKit/537.36 (KHTML, like Gecko; compatible; GPTBot/1.2; +https://openai.com/gptbot)"
89.248.172.183 - - [29/Mar/2025:20:17:43 -0400] "GET /wp-content/plugins/security-malware-firewall/readme.txt HTTP/1.1" 404 1251 "-" "Mozilla/5.0 (Windows NT 10.0; Win64; x64) AppleWebKit/537.36 (KHTML, like Gecko) Chrome/121.0.0.0 Safari/537.36 Edg/121.0.0.0"
20.171.207.168 - - [29/Mar/2025:20:17:50 -0400] "GET /10-gamblers-who-whip-the-casino HTTP/1.1" 404 1251 "-" "Mozilla/5.0 AppleWebKit/537.36 (KHTML, like Gecko; compatible; GPTBot/1.2; +https://openai.com/gptbot)"
51.222.253.4 - - [29/Mar/2025:20:18:14 -0400] "GET /matrimonio-sul-lago-di-garda/feed/ HTTP/1.1" 404 1251 "-" "Mozilla/5.0 (compatible; AhrefsBot/7.0; +http://ahrefs.com/robot/)"
20.171.207.168 - - [29/Mar/2025:20:18:51 -0400] "GET /socket-head-cap-screw/ HTTP/1.1" 404 1251 "-" "Mozilla/5.0 AppleWebKit/537.36 (KHTML, like Gecko; compatible; GPTBot/1.2; +https://openai.com/gptbot)"
20.171.207.168 - - [29/Mar/2025:20:19:54 -0400] "GET /what-is-a-call-answering-service HTTP/1.1" 404 1251 "-" "Mozilla/5.0 AppleWebKit/537.36 (KHTML, like Gecko; compatible; GPTBot/1.2; +https://openai.com/gptbot)"
20.171.207.168 - - [29/Mar/2025:20:20:57 -0400] "GET /the-most-popular-poker-superstitions HTTP/1.1" 404 1251 "-" "Mozilla/5.0 AppleWebKit/537.36 (KHTML, like Gecko; compatible; GPTBot/1.2; +https://openai.com/gptbot)"
20.171.207.168 - - [29/Mar/2025:20:22:00 -0400] "GET /issues-to-can-with-friends HTTP/1.1" 404 1251 "-" "Mozilla/5.0 AppleWebKit/537.36 (KHTML, like Gecko; compatible; GPTBot/1.2; +https://openai.com/gptbot)"
198.54.114.83 - - [29/Mar/2025:20:22:04 -0400] "POST /wp-cron.php?doing_wp_cron=1743294124.0686919689178466796875 HTTP/1.1" 200 0 "-" "WordPress/6.7.2; https://christianmantopoulos.com"
217.154.91.7 - - [29/Mar/2025:20:22:01 -0400] "POST /wp-login.php HTTP/1.1" 200 1837 "https://christianmantopoulos.com/wp-admin/" "Mozilla/5.0 (Windows NT 10.0; Win64; x64) AppleWebKit/537.36 (KHTML, like Gecko) Chrome/90.0.4430.85 Safari/537.36"
217.154.91.7 - - [29/Mar/2025:20:22:04 -0400] "GET /wp-admin/ HTTP/1.1" 302 0 "https://www.google.com" "Mozilla/5.0 (Windows NT 10.0; Win64; x64) AppleWebKit/537.36 (KHTML, like Gecko) Chrome/90.0.4430.85 Safari/537.36"
198.54.114.83 - - [29/Mar/2025:20:22:04 -0400] "POST /wp-admin/admin-ajax.php?action=async_litespeed&nonce=SVL62eRVpfj6cHHoQMldK0crEKiN7fCZ&litespeed_type=imgoptm HTTP/1.1" 200 5 "-" "WordPress/6.7.2; https://christianmantopoulos.com"
217.154.91.7 - - [29/Mar/2025:20:22:05 -0400] "GET /wp-login.php?redirect_to=https%3A%2F%2Fchristianmantopoulos.com%2Fwp-admin%2F&reauth=1 HTTP/1.1" 200 1721 "https://www.google.com" "Mozilla/5.0 (Windows NT 10.0; Win64; x64) AppleWebKit/537.36 (KHTML, like Gecko) Chrome/90.0.4430.85 Safari/537.36"
51.222.253.4 - - [29/Mar/2025:20:22:23 -0400] "GET /where-does-far-cry-5-take-place/feed/ HTTP/1.1" 404 1251 "-" "Mozilla/5.0 (compatible; AhrefsBot/7.0; +http://ahrefs.com/robot/)"
20.171.207.168 - - [29/Mar/2025:20:23:03 -0400] "GET /elegant-victorian-style-diy-conservatories HTTP/1.1" 404 1251 "-" "Mozilla/5.0 AppleWebKit/537.36 (KHTML, like Gecko; compatible; GPTBot/1.2; +https://openai.com/gptbot)"
20.171.207.168 - - [29/Mar/2025:20:24:04 -0400] "GET /how-to-find-the-best-cbd-oil-for-sleep-uk/ HTTP/1.1" 404 1251 "-" "Mozilla/5.0 AppleWebKit/537.36 (KHTML, like Gecko; compatible; GPTBot/1.2; +https://openai.com/gptbot)"
20.171.207.168 - - [29/Mar/2025:20:25:07 -0400] "GET /jasonycc-on-hubpages-2 HTTP/1.1" 404 1251 "-" "Mozilla/5.0 AppleWebKit/537.36 (KHTML, like Gecko; compatible; GPTBot/1.2; +https://openai.com/gptbot)"
20.171.207.168 - - [29/Mar/2025:20:26:08 -0400] "GET /dui-anwalt HTTP/1.1" 404 1251 "-" "Mozilla/5.0 AppleWebKit/537.36 (KHTML, like Gecko; compatible; GPTBot/1.2; +https://openai.com/gptbot)"
51.222.253.19 - - [29/Mar/2025:20:26:24 -0400] "GET /real-estate-licenses/feed/ HTTP/1.1" 404 1251 "-" "Mozilla/5.0 (compatible; AhrefsBot/7.0; +http://ahrefs.com/robot/)"
20.171.207.168 - - [29/Mar/2025:20:27:13 -0400] "GET /dr-feelgood-the-80t-babies HTTP/1.1" 404 1251 "-" "Mozilla/5.0 AppleWebKit/537.36 (KHTML, like Gecko; compatible; GPTBot/1.2; +https://openai.com/gptbot)"
20.171.207.168 - - [29/Mar/2025:20:28:15 -0400] "GET /300000-free-chips HTTP/1.1" 404 1251 "-" "Mozilla/5.0 AppleWebKit/537.36 (KHTML, like Gecko; compatible; GPTBot/1.2; +https://openai.com/gptbot)"
185.191.171.14 - - [29/Mar/2025:20:29:03 -0400] "GET /medecine-esthetique-a-rouen/ HTTP/1.1" 404 1251 "-" "Mozilla/5.0 (compatible; SemrushBot/7~bl; +http://www.semrush.com/bot.html)"
20.171.207.168 - - [29/Mar/2025:20:29:18 -0400] "GET /7-best-petrol-weed-eater-4 HTTP/1.1" 404 1251 "-" "Mozilla/5.0 AppleWebKit/537.36 (KHTML, like Gecko; compatible; GPTBot/1.2; +https://openai.com/gptbot)"
51.222.253.10 - - [29/Mar/2025:20:30:19 -0400] "GET /does-tj-maxx-take-apple-pay/feed/ HTTP/1.1" 404 1251 "-" "Mozilla/5.0 (compatible; AhrefsBot/7.0; +http://ahrefs.com/robot/)"
20.171.207.168 - - [29/Mar/2025:20:30:21 -0400] "GET /san-rafael-ca-real-estate HTTP/1.1" 404 1251 "-" "Mozilla/5.0 AppleWebKit/537.36 (KHTML, like Gecko; compatible; GPTBot/1.2; +https://openai.com/gptbot)"
20.171.207.168 - - [29/Mar/2025:20:31:21 -0400] "GET /taxi-with-baby-seat-melbourne HTTP/1.1" 404 1251 "-" "Mozilla/5.0 AppleWebKit/537.36 (KHTML, like Gecko; compatible; GPTBot/1.2; +https://openai.com/gptbot)"
20.171.207.168 - - [29/Mar/2025:20:32:22 -0400] "GET /formal-website HTTP/1.1" 404 1251 "-" "Mozilla/5.0 AppleWebKit/537.36 (KHTML, like Gecko; compatible; GPTBot/1.2; +https://openai.com/gptbot)"
52.167.144.17 - - [29/Mar/2025:20:32:37 -0400] "GET /page/2/?id=3 HTTP/1.1" 404 1251 "-" "Mozilla/5.0 AppleWebKit/537.36 (KHTML, like Gecko; compatible; bingbot/2.0; +http://www.bing.com/bingbot.htm) Chrome/116.0.1938.76 Safari/537.36"
20.171.207.168 - - [29/Mar/2025:20:33:24 -0400] "GET /free-of-charge-slots-acereveal HTTP/1.1" 404 1251 "-" "Mozilla/5.0 AppleWebKit/537.36 (KHTML, like Gecko; compatible; GPTBot/1.2; +https://openai.com/gptbot)"
51.222.253.13 - - [29/Mar/2025:20:33:41 -0400] "GET /page/93/ HTTP/1.1" 404 1251 "-" "Mozilla/5.0 (compatible; AhrefsBot/7.0; +http://ahrefs.com/robot/)"
20.171.207.168 - - [29/Mar/2025:20:34:28 -0400] "GET /dental-collaborator-crisis-care/ HTTP/1.1" 404 1251 "-" "Mozilla/5.0 AppleWebKit/537.36 (KHTML, like Gecko; compatible; GPTBot/1.2; +https://openai.com/gptbot)"
198.54.114.83 - - [29/Mar/2025:20:34:30 -0400] "POST /wp-admin/admin-ajax.php?action=async_litespeed&nonce=1p4UNO8omPTf8VUuk5dA5WOmZwu3Fzsz&litespeed_type=imgoptm HTTP/1.1" 200 5 "-" "WordPress/6.7.2; https://christianmantopoulos.com"
156.59.26.139 - - [29/Mar/2025:20:34:33 -0400] "GET /wp-login.php HTTP/1.1" 200 1721 "-" "Mozilla/5.0"
156.59.26.139 - - [29/Mar/2025:20:34:34 -0400] "GET /?author=1 HTTP/1.1" 200 78024 "-" "Mozilla/5.0"
156.59.26.139 - - [29/Mar/2025:20:34:36 -0400] "GET /?feed=rss2 HTTP/1.1" 200 78024 "-" "Mozilla/5.0"
20.171.207.168 - - [29/Mar/2025:20:35:34 -0400] "GET /online-roulette-program-for-sale HTTP/1.1" 404 1251 "-" "Mozilla/5.0 AppleWebKit/537.36 (KHTML, like Gecko; compatible; GPTBot/1.2; +https://openai.com/gptbot)"
217.154.91.7 - - [29/Mar/2025:20:36:02 -0400] "GET /wp-login.php HTTP/1.1" 200 1721 "http://christianmantopoulos.com/wp-admin/" "Mozilla/5.0 (Windows NT 10.0; Win64; x64) AppleWebKit/537.36 (KHTML, like Gecko) Chrome/90.0.4430.85 Safari/537.36"
198.54.114.83 - - [29/Mar/2025:20:36:02 -0400] "POST /wp-admin/admin-ajax.php?action=async_litespeed&nonce=YuUAodO6o8rhGoDSFOxVgoM2rCQ97L8K&litespeed_type=imgoptm HTTP/1.1" 200 5 "-" "WordPress/6.7.2; https://christianmantopoulos.com"
217.154.91.7 - - [29/Mar/2025:20:36:03 -0400] "POST /wp-login.php HTTP/1.1" 200 1837 "http://christianmantopoulos.com/wp-admin/" "Mozilla/5.0 (Windows NT 10.0; Win64; x64) AppleWebKit/537.36 (KHTML, like Gecko) Chrome/90.0.4430.85 Safari/537.36"
217.154.91.7 - - [29/Mar/2025:20:36:03 -0400] "GET /wp-admin/ HTTP/1.1" 302 0 "https://www.google.com" "Mozilla/5.0 (Windows NT 10.0; Win64; x64) AppleWebKit/537.36 (KHTML, like Gecko) Chrome/90.0.4430.85 Safari/537.36"
217.154.91.7 - - [29/Mar/2025:20:36:04 -0400] "GET /wp-login.php?redirect_to=https%3A%2F%2Fchristianmantopoulos.com%2Fwp-admin%2F&reauth=1 HTTP/1.1" 200 1721 "https://www.google.com" "Mozilla/5.0 (Windows NT 10.0; Win64; x64) AppleWebKit/537.36 (KHTML, like Gecko) Chrome/90.0.4430.85 Safari/537.36"
20.171.207.168 - - [29/Mar/2025:20:36:36 -0400] "GET /apply-for-online-soccer-betting HTTP/1.1" 404 1251 "-" "Mozilla/5.0 AppleWebKit/537.36 (KHTML, like Gecko; compatible; GPTBot/1.2; +https://openai.com/gptbot)"
51.222.253.1 - - [29/Mar/2025:20:36:45 -0400] "GET /cache-level-3-courses/feed/ HTTP/1.1" 404 1251 "-" "Mozilla/5.0 (compatible; AhrefsBot/7.0; +http://ahrefs.com/robot/)"
20.171.207.168 - - [29/Mar/2025:20:37:37 -0400] "GET /how-the-katana-sword-is-made/ HTTP/1.1" 404 1251 "-" "Mozilla/5.0 AppleWebKit/537.36 (KHTML, like Gecko; compatible; GPTBot/1.2; +https://openai.com/gptbot)"
50.112.182.213 - - [29/Mar/2025:20:38:41 -0400] "GET /wp-login.php HTTP/1.1" 200 1721 "-" "Mozilla/5.0 (Windows NT 10.0; Win64; x64) AppleWebKit/537.36 (KHTML, like Gecko) Chrome/87.0.4280.141 Safari/537.36"
20.171.207.168 - - [29/Mar/2025:20:38:43 -0400] "GET /guarantee-on-mounts-correlated-articles HTTP/1.1" 404 1251 "-" "Mozilla/5.0 AppleWebKit/537.36 (KHTML, like Gecko; compatible; GPTBot/1.2; +https://openai.com/gptbot)"
198.54.114.83 - - [29/Mar/2025:20:38:44 -0400] "POST /wp-cron.php?doing_wp_cron=1743295123.7840468883514404296875 HTTP/1.1" 200 0 "-" "WordPress/6.7.2; https://christianmantopoulos.com"
50.112.182.213 - - [29/Mar/2025:20:38:42 -0400] "POST /wp-login.php HTTP/1.1" 200 1835 "-" "Mozilla/5.0 (Windows NT 10.0; Win64; x64) AppleWebKit/537.36 (KHTML, like Gecko) Chrome/87.0.4280.141 Safari/537.36"
198.54.114.83 - - [29/Mar/2025:20:38:44 -0400] "POST /wp-admin/admin-ajax.php?action=async_litespeed&nonce=430YPICWh8WmlDdwxdFUT3XXl1ZRfoPX&litespeed_type=imgoptm HTTP/1.1" 200 5 "-" "WordPress/6.7.2; https://christianmantopoulos.com"
20.171.207.168 - - [29/Mar/2025:20:39:46 -0400] "GET /ideal-internet-casino-online-games HTTP/1.1" 404 1251 "-" "Mozilla/5.0 AppleWebKit/537.36 (KHTML, like Gecko; compatible; GPTBot/1.2; +https://openai.com/gptbot)"
51.222.253.10 - - [29/Mar/2025:20:40:25 -0400] "GET /the-benefits-of-smart-home-automation/feed/ HTTP/1.1" 404 1251 "-" "Mozilla/5.0 (compatible; AhrefsBot/7.0; +http://ahrefs.com/robot/)"
20.171.207.168 - - [29/Mar/2025:20:40:52 -0400] "GET /why-online-internet-casino-playing HTTP/1.1" 404 1251 "-" "Mozilla/5.0 AppleWebKit/537.36 (KHTML, like Gecko; compatible; GPTBot/1.2; +https://openai.com/gptbot)"
185.191.171.1 - - [29/Mar/2025:20:41:46 -0400] "GET /robots.txt HTTP/1.1" 404 1251 "-" "Mozilla/5.0 (compatible; SemrushBot/7~bl; +http://www.semrush.com/bot.html)"
185.191.171.15 - - [29/Mar/2025:20:41:46 -0400] "GET /2023/12/page/3/ HTTP/1.1" 404 1251 "-" "Mozilla/5.0 (compatible; SemrushBot/7~bl; +http://www.semrush.com/bot.html)"
20.171.207.168 - - [29/Mar/2025:20:41:52 -0400] "GET /the-ultimate-casino-solution/ HTTP/1.1" 404 1251 "-" "Mozilla/5.0 AppleWebKit/537.36 (KHTML, like Gecko; compatible; GPTBot/1.2; +https://openai.com/gptbot)"
167.253.49.162 - - [29/Mar/2025:20:42:38 -0400] "GET /wp-login.php HTTP/1.1" 200 1721 "-" "Mozilla/5.0 (Windows NT 10.0; Win64; x64) AppleWebKit/537.36 (KHTML, like Gecko) Chrome/115.0.0.0 Safari/537.36 Edg/115.0.1901.203"
198.54.114.83 - - [29/Mar/2025:20:42:42 -0400] "POST /wp-cron.php?doing_wp_cron=1743295362.6111769676208496093750 HTTP/1.1" 200 0 "-" "WordPress/6.7.2; https://christianmantopoulos.com"
167.253.49.162 - - [29/Mar/2025:20:42:39 -0400] "POST /wp-login.php HTTP/1.1" 200 1847 "https://christianmantopoulos.com/wp-login.php" "Mozilla/5.0 (Windows NT 10.0; Win64; x64) AppleWebKit/537.36 (KHTML, like Gecko) Chrome/115.0.0.0 Safari/537.36 Edg/115.0.1901.203"
198.54.114.83 - - [29/Mar/2025:20:42:43 -0400] "POST /wp-admin/admin-ajax.php?action=async_litespeed&nonce=PfjX6Z5fbLFY4s9lJBsX7eWQY5wiAyk9&litespeed_type=imgoptm HTTP/1.1" 200 5 "-" "WordPress/6.7.2; https://christianmantopoulos.com"
20.171.207.168 - - [29/Mar/2025:20:42:58 -0400] "GET /taking-part-in-jackpot-games HTTP/1.1" 404 1251 "-" "Mozilla/5.0 AppleWebKit/537.36 (KHTML, like Gecko; compatible; GPTBot/1.2; +https://openai.com/gptbot)"
