85.208.96.199 - - [29/Mar/2025:20:43:28 -0400] "GET /unlocking-value-the-benefits-of-gift-certificate-small-payments/ HTTP/1.1" 404 1251 "-" "Mozilla/5.0 (compatible; SemrushBot/7~bl; +http://www.semrush.com/bot.html)"
20.171.207.168 - - [29/Mar/2025:20:44:00 -0400] "GET /advantage-slots-on-make-avallable-for-gambling-den-devotees-free-of-cost/ HTTP/1.1" 404 1251 "-" "Mozilla/5.0 AppleWebKit/537.36 (KHTML, like Gecko; compatible; GPTBot/1.2; +https://openai.com/gptbot)"
51.222.253.3 - - [29/Mar/2025:20:44:18 -0400] "GET /how-to-use-sendit-on-snapchat/feed/ HTTP/1.1" 404 1251 "-" "Mozilla/5.0 (compatible; AhrefsBot/7.0; +http://ahrefs.com/robot/)"
20.171.207.168 - - [29/Mar/2025:20:45:03 -0400] "GET /100-free-online-port-models-2 HTTP/1.1" 404 1251 "-" "Mozilla/5.0 AppleWebKit/537.36 (KHTML, like Gecko; compatible; GPTBot/1.2; +https://openai.com/gptbot)"
85.208.96.199 - - [29/Mar/2025:20:45:27 -0400] "GET /osteopath-in-dubai/ HTTP/1.1" 404 1251 "-" "Mozilla/5.0 (compatible; SemrushBot/7~bl; +http://www.semrush.com/bot.html)"
20.171.207.168 - - [29/Mar/2025:20:46:08 -0400] "GET /normal-training-present-in-movies HTTP/1.1" 404 1251 "-" "Mozilla/5.0 AppleWebKit/537.36 (KHTML, like Gecko; compatible; GPTBot/1.2; +https://openai.com/gptbot)"
20.171.207.168 - - [29/Mar/2025:20:47:09 -0400] "GET /top-town-best-supercity HTTP/1.1" 404 1251 "-" "Mozilla/5.0 AppleWebKit/537.36 (KHTML, like Gecko; compatible; GPTBot/1.2; +https://openai.com/gptbot)"
193.93.195.201 - - [29/Mar/2025:20:47:29 -0400] "GET /wp-login.php HTTP/1.1" 200 1721 "-" "Mozilla/5.0 (Windows NT 10.0; Win64; x64) AppleWebKit/537.36 (KHTML, like Gecko) Chrome/115.0.0.0 Safari/537.36 Edg/115.0.1901.203"
198.54.114.83 - - [29/Mar/2025:20:47:32 -0400] "POST /wp-cron.php?doing_wp_cron=1743295652.6992719173431396484375 HTTP/1.1" 200 0 "-" "WordPress/6.7.2; https://christianmantopoulos.com"
193.93.195.201 - - [29/Mar/2025:20:47:30 -0400] "POST /wp-login.php HTTP/1.1" 200 1847 "https://christianmantopoulos.com/wp-login.php" "Mozilla/5.0 (Windows NT 10.0; Win64; x64) AppleWebKit/537.36 (KHTML, like Gecko) Chrome/115.0.0.0 Safari/537.36 Edg/115.0.1901.203"
198.54.114.83 - - [29/Mar/2025:20:47:33 -0400] "POST /wp-admin/admin-ajax.php?action=async_litespeed&nonce=QnqDnjpzk3MOShzkg7Fjp10xXri97Wj4&litespeed_type=imgoptm HTTP/1.1" 200 5 "-" "WordPress/6.7.2; https://christianmantopoulos.com"
20.171.207.168 - - [29/Mar/2025:20:48:13 -0400] "GET /coffeepot-2 HTTP/1.1" 404 1251 "-" "Mozilla/5.0 AppleWebKit/537.36 (KHTML, like Gecko; compatible; GPTBot/1.2; +https://openai.com/gptbot)"
51.222.253.15 - - [29/Mar/2025:20:48:14 -0400] "GET /what-are-the-benefits-of-a-utility-payment-solution/feed/ HTTP/1.1" 404 1251 "-" "Mozilla/5.0 (compatible; AhrefsBot/7.0; +http://ahrefs.com/robot/)"
20.171.207.168 - - [29/Mar/2025:20:49:15 -0400] "GET /have-good-mario-games HTTP/1.1" 404 1251 "-" "Mozilla/5.0 AppleWebKit/537.36 (KHTML, like Gecko; compatible; GPTBot/1.2; +https://openai.com/gptbot)"
85.208.96.206 - - [29/Mar/2025:20:50:05 -0400] "GET /protegez-votre-canape-dangle-avec-elegance/ HTTP/1.1" 404 1251 "-" "Mozilla/5.0 (compatible; SemrushBot/7~bl; +http://www.semrush.com/bot.html)"
20.171.207.168 - - [29/Mar/2025:20:50:19 -0400] "GET /mushroom-grow-kitss/ HTTP/1.1" 404 1251 "-" "Mozilla/5.0 AppleWebKit/537.36 (KHTML, like Gecko; compatible; GPTBot/1.2; +https://openai.com/gptbot)"
20.171.207.168 - - [29/Mar/2025:20:51:23 -0400] "GET /playing-excellent-gains-review HTTP/1.1" 404 1251 "-" "Mozilla/5.0 AppleWebKit/537.36 (KHTML, like Gecko; compatible; GPTBot/1.2; +https://openai.com/gptbot)"
52.167.144.229 - - [29/Mar/2025:20:51:46 -0400] "GET /fiow HTTP/1.1" 404 1251 "-" "Mozilla/5.0 AppleWebKit/537.36 (KHTML, like Gecko; compatible; bingbot/2.0; +http://www.bing.com/bingbot.htm) Chrome/116.0.1938.76 Safari/537.36"
51.222.253.9 - - [29/Mar/2025:20:52:04 -0400] "GET /das-beste-herrenparfum/feed/ HTTP/1.1" 404 1251 "-" "Mozilla/5.0 (compatible; AhrefsBot/7.0; +http://ahrefs.com/robot/)"
20.171.207.168 - - [29/Mar/2025:20:52:26 -0400] "GET /overview-%E2%86%92-%E2%82%B930000-20-free-of-charge-moves-benefit HTTP/1.1" 404 1251 "-" "Mozilla/5.0 AppleWebKit/537.36 (KHTML, like Gecko; compatible; GPTBot/1.2; +https://openai.com/gptbot)"
20.171.207.168 - - [29/Mar/2025:20:53:26 -0400] "GET /wash-cutter-7 HTTP/1.1" 404 1251 "-" "Mozilla/5.0 AppleWebKit/537.36 (KHTML, like Gecko; compatible; GPTBot/1.2; +https://openai.com/gptbot)"
85.208.96.198 - - [29/Mar/2025:20:53:36 -0400] "GET /a-modern-haven-of-sophistication/ HTTP/1.1" 404 1251 "-" "Mozilla/5.0 (compatible; SemrushBot/7~bl; +http://www.semrush.com/bot.html)"
20.171.207.168 - - [29/Mar/2025:20:54:31 -0400] "GET /guitar-player-credit-games HTTP/1.1" 404 1251 "-" "Mozilla/5.0 AppleWebKit/537.36 (KHTML, like Gecko; compatible; GPTBot/1.2; +https://openai.com/gptbot)"
20.171.207.168 - - [29/Mar/2025:20:55:35 -0400] "GET /the-neuroscience-of-intelligence HTTP/1.1" 404 1251 "-" "Mozilla/5.0 AppleWebKit/537.36 (KHTML, like Gecko; compatible; GPTBot/1.2; +https://openai.com/gptbot)"
51.222.253.10 - - [29/Mar/2025:20:55:38 -0400] "GET /cake-disposable-carts/feed/ HTTP/1.1" 404 1251 "-" "Mozilla/5.0 (compatible; AhrefsBot/7.0; +http://ahrefs.com/robot/)"
20.171.207.168 - - [29/Mar/2025:20:56:38 -0400] "GET /luxor-attendees-had-legionnaires HTTP/1.1" 404 1251 "-" "Mozilla/5.0 AppleWebKit/537.36 (KHTML, like Gecko; compatible; GPTBot/1.2; +https://openai.com/gptbot)"
20.171.207.168 - - [29/Mar/2025:20:57:42 -0400] "GET /extra-circuit-predicament-preview HTTP/1.1" 404 1251 "-" "Mozilla/5.0 AppleWebKit/537.36 (KHTML, like Gecko; compatible; GPTBot/1.2; +https://openai.com/gptbot)"
20.171.207.168 - - [29/Mar/2025:20:58:45 -0400] "GET /dollars-operations-craps-secrets HTTP/1.1" 404 1251 "-" "Mozilla/5.0 AppleWebKit/537.36 (KHTML, like Gecko; compatible; GPTBot/1.2; +https://openai.com/gptbot)"
51.222.253.13 - - [29/Mar/2025:20:59:11 -0400] "GET /gambling-online-and-online-gambling/feed/ HTTP/1.1" 404 1251 "-" "Mozilla/5.0 (compatible; AhrefsBot/7.0; +http://ahrefs.com/robot/)"
197.243.16.120 - - [29/Mar/2025:20:59:39 -0400] "GET /wp-login.php HTTP/1.1" 200 1721 "-" "GRequests/0.10"
198.54.114.83 - - [29/Mar/2025:20:59:41 -0400] "POST /wp-cron.php?doing_wp_cron=1743296381.8047540187835693359375 HTTP/1.1" 200 0 "-" "WordPress/6.7.2; https://christianmantopoulos.com"
197.243.16.120 - - [29/Mar/2025:20:59:40 -0400] "POST /wp-login.php HTTP/1.1" 200 1877 "-" "GRequests/0.10"
198.54.114.83 - - [29/Mar/2025:20:59:42 -0400] "POST /wp-admin/admin-ajax.php?action=async_litespeed&nonce=1hCKKb7mGnlClUaWuEJdS37K2NVChBpe&litespeed_type=imgoptm HTTP/1.1" 200 5 "-" "WordPress/6.7.2; https://christianmantopoulos.com"
20.171.207.168 - - [29/Mar/2025:20:59:46 -0400] "GET /alternative-dispute-resolutions/ HTTP/1.1" 404 1251 "-" "Mozilla/5.0 AppleWebKit/537.36 (KHTML, like Gecko; compatible; GPTBot/1.2; +https://openai.com/gptbot)"
85.208.96.209 - - [29/Mar/2025:20:59:46 -0400] "GET /sobha-lake-gardens-apartments/ HTTP/1.1" 404 1251 "-" "Mozilla/5.0 (compatible; SemrushBot/7~bl; +http://www.semrush.com/bot.html)"
20.171.207.168 - - [29/Mar/2025:21:00:47 -0400] "GET /the-best-pick-up-lines/ HTTP/1.1" 404 1251 "-" "Mozilla/5.0 AppleWebKit/537.36 (KHTML, like Gecko; compatible; GPTBot/1.2; +https://openai.com/gptbot)"
20.171.207.168 - - [29/Mar/2025:21:01:52 -0400] "GET /the-importance-of-accounting HTTP/1.1" 404 1251 "-" "Mozilla/5.0 AppleWebKit/537.36 (KHTML, like Gecko; compatible; GPTBot/1.2; +https://openai.com/gptbot)"
54.38.33.40 - - [29/Mar/2025:21:02:36 -0400] "GET / HTTP/1.1" 200 78024 "https://christianmantopoulos.com" "Mozilla/5.0 (Windows NT 6.1; Win64; x64) AppleWebKit/537.36 (KHTML, like Gecko) Chrome/48.0.2564.109 Safari/537.36"
51.222.253.2 - - [29/Mar/2025:21:02:52 -0400] "GET /buy-windows-10-pro/feed/ HTTP/1.1" 404 1251 "-" "Mozilla/5.0 (compatible; AhrefsBot/7.0; +http://ahrefs.com/robot/)"
20.171.207.168 - - [29/Mar/2025:21:02:58 -0400] "GET /silber-reinigungsbad HTTP/1.1" 404 1251 "-" "Mozilla/5.0 AppleWebKit/537.36 (KHTML, like Gecko; compatible; GPTBot/1.2; +https://openai.com/gptbot)"
20.171.207.168 - - [29/Mar/2025:21:04:00 -0400] "GET /100-free-port-games HTTP/1.1" 404 1251 "-" "Mozilla/5.0 AppleWebKit/537.36 (KHTML, like Gecko; compatible; GPTBot/1.2; +https://openai.com/gptbot)"
20.171.207.168 - - [29/Mar/2025:21:05:03 -0400] "GET /blant-simonetti HTTP/1.1" 404 1251 "-" "Mozilla/5.0 AppleWebKit/537.36 (KHTML, like Gecko; compatible; GPTBot/1.2; +https://openai.com/gptbot)"
198.54.114.83 - - [29/Mar/2025:21:05:42 -0400] "POST /wp-admin/admin-ajax.php?action=async_litespeed&nonce=0am9fg7Jm0x5LAjBfcP35yVjUxPjA4lO&litespeed_type=imgoptm HTTP/1.1" 200 5 "-" "WordPress/6.7.2; https://christianmantopoulos.com"
217.154.91.7 - - [29/Mar/2025:21:05:42 -0400] "GET /wp-login.php HTTP/1.1" 200 1721 "http://christianmantopoulos.com/wp-admin/" "Mozilla/5.0 (Windows NT 10.0; Win64; x64) AppleWebKit/537.36 (KHTML, like Gecko) Chrome/90.0.4430.85 Safari/537.36"
217.154.91.7 - - [29/Mar/2025:21:05:43 -0400] "POST /wp-login.php HTTP/1.1" 200 1837 "http://christianmantopoulos.com/wp-admin/" "Mozilla/5.0 (Windows NT 10.0; Win64; x64) AppleWebKit/537.36 (KHTML, like Gecko) Chrome/90.0.4430.85 Safari/537.36"
217.154.91.7 - - [29/Mar/2025:21:05:46 -0400] "GET /wp-admin/ HTTP/1.1" 302 0 "https://www.google.com" "Mozilla/5.0 (Windows NT 10.0; Win64; x64) AppleWebKit/537.36 (KHTML, like Gecko) Chrome/90.0.4430.85 Safari/537.36"
217.154.91.7 - - [29/Mar/2025:21:05:46 -0400] "GET /wp-login.php?redirect_to=https%3A%2F%2Fchristianmantopoulos.com%2Fwp-admin%2F&reauth=1 HTTP/1.1" 200 1721 "https://www.google.com" "Mozilla/5.0 (Windows NT 10.0; Win64; x64) AppleWebKit/537.36 (KHTML, like Gecko) Chrome/90.0.4430.85 Safari/537.36"
20.171.207.168 - - [29/Mar/2025:21:06:03 -0400] "GET /cookies-and-php HTTP/1.1" 404 1251 "-" "Mozilla/5.0 AppleWebKit/537.36 (KHTML, like Gecko; compatible; GPTBot/1.2; +https://openai.com/gptbot)"
51.222.253.19 - - [29/Mar/2025:21:06:18 -0400] "GET /wohnungsauflosung-hamburg/feed/ HTTP/1.1" 404 1251 "-" "Mozilla/5.0 (compatible; AhrefsBot/7.0; +http://ahrefs.com/robot/)"
20.171.207.168 - - [29/Mar/2025:21:07:08 -0400] "GET /jasonycc-on-hubpages HTTP/1.1" 404 1251 "-" "Mozilla/5.0 AppleWebKit/537.36 (KHTML, like Gecko; compatible; GPTBot/1.2; +https://openai.com/gptbot)"
20.171.207.168 - - [29/Mar/2025:21:08:10 -0400] "GET /mobile-phone-casinos HTTP/1.1" 404 1251 "-" "Mozilla/5.0 AppleWebKit/537.36 (KHTML, like Gecko; compatible; GPTBot/1.2; +https://openai.com/gptbot)"
20.171.207.168 - - [29/Mar/2025:21:09:14 -0400] "GET /what-ruqyah-means HTTP/1.1" 404 1251 "-" "Mozilla/5.0 AppleWebKit/537.36 (KHTML, like Gecko; compatible; GPTBot/1.2; +https://openai.com/gptbot)"
51.222.253.19 - - [29/Mar/2025:21:09:36 -0400] "GET /behind-macys-omni-channel-customer-experience-should-stores-look-like-the-web/feed/ HTTP/1.1" 404 1251 "-" "Mozilla/5.0 (compatible; AhrefsBot/7.0; +http://ahrefs.com/robot/)"
20.171.207.168 - - [29/Mar/2025:21:10:19 -0400] "GET /88-fortunes-slot HTTP/1.1" 404 1251 "-" "Mozilla/5.0 AppleWebKit/537.36 (KHTML, like Gecko; compatible; GPTBot/1.2; +https://openai.com/gptbot)"
157.55.39.63 - - [29/Mar/2025:21:10:28 -0400] "GET /carry-out-7-free-of-charge-gambling-establishment-video-games-no-download-no-sign-up-slot-machine-sport-free-of-charge-credit-score-3j-free/ HTTP/1.1" 404 1251 "-" "Mozilla/5.0 AppleWebKit/537.36 (KHTML, like Gecko; compatible; bingbot/2.0; +http://www.bing.com/bingbot.htm) Chrome/116.0.1938.76 Safari/537.36"
20.171.207.168 - - [29/Mar/2025:21:11:25 -0400] "GET /borneo-extra-casino HTTP/1.1" 404 1251 "-" "Mozilla/5.0 AppleWebKit/537.36 (KHTML, like Gecko; compatible; GPTBot/1.2; +https://openai.com/gptbot)"
20.171.207.168 - - [29/Mar/2025:21:12:30 -0400] "GET /satis-related-articles HTTP/1.1" 404 1251 "-" "Mozilla/5.0 AppleWebKit/537.36 (KHTML, like Gecko; compatible; GPTBot/1.2; +https://openai.com/gptbot)"
51.222.253.12 - - [29/Mar/2025:21:13:00 -0400] "GET /pokemon-kuscheltier-xxl/feed/ HTTP/1.1" 404 1251 "-" "Mozilla/5.0 (compatible; AhrefsBot/7.0; +http://ahrefs.com/robot/)"
20.171.207.168 - - [29/Mar/2025:21:13:32 -0400] "GET /abcarticledirectory-com HTTP/1.1" 404 1251 "-" "Mozilla/5.0 AppleWebKit/537.36 (KHTML, like Gecko; compatible; GPTBot/1.2; +https://openai.com/gptbot)"
20.171.207.168 - - [29/Mar/2025:21:14:34 -0400] "GET /showmanship-casinos-indiana HTTP/1.1" 404 1251 "-" "Mozilla/5.0 AppleWebKit/537.36 (KHTML, like Gecko; compatible; GPTBot/1.2; +https://openai.com/gptbot)"
185.191.171.2 - - [29/Mar/2025:21:14:57 -0400] "GET /automotive-locksmith-services/ HTTP/1.1" 404 1251 "-" "Mozilla/5.0 (compatible; SemrushBot/7~bl; +http://www.semrush.com/bot.html)"
20.171.207.168 - - [29/Mar/2025:21:15:35 -0400] "GET /supercasino-com HTTP/1.1" 404 1251 "-" "Mozilla/5.0 AppleWebKit/537.36 (KHTML, like Gecko; compatible; GPTBot/1.2; +https://openai.com/gptbot)"
51.222.253.15 - - [29/Mar/2025:21:16:17 -0400] "GET /manchester-chiropractor/feed/ HTTP/1.1" 404 1251 "-" "Mozilla/5.0 (compatible; AhrefsBot/7.0; +http://ahrefs.com/robot/)"
20.171.207.168 - - [29/Mar/2025:21:16:38 -0400] "GET /free-of-cost-chip HTTP/1.1" 404 1251 "-" "Mozilla/5.0 AppleWebKit/537.36 (KHTML, like Gecko; compatible; GPTBot/1.2; +https://openai.com/gptbot)"
20.171.207.168 - - [29/Mar/2025:21:17:41 -0400] "GET /athletics-related-articles HTTP/1.1" 404 1251 "-" "Mozilla/5.0 AppleWebKit/537.36 (KHTML, like Gecko; compatible; GPTBot/1.2; +https://openai.com/gptbot)"
20.171.207.168 - - [29/Mar/2025:21:18:43 -0400] "GET /mobile-phone-casinos HTTP/1.1" 404 1251 "-" "Mozilla/5.0 AppleWebKit/537.36 (KHTML, like Gecko; compatible; GPTBot/1.2; +https://openai.com/gptbot)"
20.171.207.168 - - [29/Mar/2025:21:19:47 -0400] "GET /online-gambling HTTP/1.1" 404 1251 "-" "Mozilla/5.0 AppleWebKit/537.36 (KHTML, like Gecko; compatible; GPTBot/1.2; +https://openai.com/gptbot)"
51.222.253.20 - - [29/Mar/2025:21:19:49 -0400] "GET /how-to-become-a-cybersecurity-professional/feed/ HTTP/1.1" 404 1251 "-" "Mozilla/5.0 (compatible; AhrefsBot/7.0; +http://ahrefs.com/robot/)"
20.171.207.168 - - [29/Mar/2025:21:20:48 -0400] "GET /automotive-locksmith-chicago HTTP/1.1" 404 1251 "-" "Mozilla/5.0 AppleWebKit/537.36 (KHTML, like Gecko; compatible; GPTBot/1.2; +https://openai.com/gptbot)"
2a03:2880:f800:13:: - - [29/Mar/2025:21:21:07 -0400] "GET /what-is-a-plastic-granulator/ HTTP/1.1" 404 1251 "-" "meta-externalagent/1.1 (+https://developers.facebook.com/docs/sharing/webmasters/crawler)"
20.171.207.168 - - [29/Mar/2025:21:21:49 -0400] "GET /exoskeleton-related-articles HTTP/1.1" 404 1251 "-" "Mozilla/5.0 AppleWebKit/537.36 (KHTML, like Gecko; compatible; GPTBot/1.2; +https://openai.com/gptbot)"
20.171.207.168 - - [29/Mar/2025:21:22:52 -0400] "GET /farmville-connected-articles HTTP/1.1" 404 1251 "-" "Mozilla/5.0 AppleWebKit/537.36 (KHTML, like Gecko; compatible; GPTBot/1.2; +https://openai.com/gptbot)"
51.222.253.20 - - [29/Mar/2025:21:23:28 -0400] "GET /custom-soccer-socks/feed/ HTTP/1.1" 404 1251 "-" "Mozilla/5.0 (compatible; AhrefsBot/7.0; +http://ahrefs.com/robot/)"
47.82.37.104 - - [29/Mar/2025:21:23:36 -0400] "GET / HTTP/1.1" 200 78024 "https://www.google.com/" "Mozilla/5.0 (Windows NT 10.0; Win64; x64) AppleWebKit/537.36 (KHTML, like Gecko) Chrome/132.0.0.0 Safari/537.36"
20.171.207.168 - - [29/Mar/2025:21:23:52 -0400] "GET /abcarticledirectory-com-2 HTTP/1.1" 404 1251 "-" "Mozilla/5.0 AppleWebKit/537.36 (KHTML, like Gecko; compatible; GPTBot/1.2; +https://openai.com/gptbot)"
52.167.144.175 - - [29/Mar/2025:21:24:32 -0400] "GET /%CF%80%CF%81%CE%B9%CE%BD-%CF%83%CF%85%CE%BD%CE%B5%CF%87%CE%AF%CF%83%CE%B5%CF%84%CE%B5-%CF%83%CF%84%CE%BF-youtube-2/ HTTP/1.1" 404 1251 "-" "Mozilla/5.0 AppleWebKit/537.36 (KHTML, like Gecko; compatible; bingbot/2.0; +http://www.bing.com/bingbot.htm) Chrome/116.0.1938.76 Safari/537.36"
20.171.207.168 - - [29/Mar/2025:21:24:56 -0400] "GET /low-priced-sin-city-hotels HTTP/1.1" 404 1251 "-" "Mozilla/5.0 AppleWebKit/537.36 (KHTML, like Gecko; compatible; GPTBot/1.2; +https://openai.com/gptbot)"
20.171.207.168 - - [29/Mar/2025:21:25:59 -0400] "GET /nice-6-%E0%B8%84%E0%B8%B7%E0%B8%AD%E0%B8%AD%E0%B8%B0%E0%B9%84%E0%B8%A3 HTTP/1.1" 404 1251 "-" "Mozilla/5.0 AppleWebKit/537.36 (KHTML, like Gecko; compatible; GPTBot/1.2; +https://openai.com/gptbot)"
85.208.96.209 - - [29/Mar/2025:21:26:36 -0400] "GET /navigating-emotional-challenges-in-an-open-marriage/ HTTP/1.1" 404 1251 "-" "Mozilla/5.0 (compatible; SemrushBot/7~bl; +http://www.semrush.com/bot.html)"
51.222.253.6 - - [29/Mar/2025:21:26:37 -0400] "GET /orthodontics-in-woodland-hills/feed/ HTTP/1.1" 404 1251 "-" "Mozilla/5.0 (compatible; AhrefsBot/7.0; +http://ahrefs.com/robot/)"
20.171.207.168 - - [29/Mar/2025:21:27:02 -0400] "GET /1530-linked-articles HTTP/1.1" 404 1251 "-" "Mozilla/5.0 AppleWebKit/537.36 (KHTML, like Gecko; compatible; GPTBot/1.2; +https://openai.com/gptbot)"
20.171.207.168 - - [29/Mar/2025:21:28:05 -0400] "GET /onl%D1%96ne-da%D1%95%D1%96no-sixth-is-v%D1%95-a-good-tand-ma%D1%95em-casino HTTP/1.1" 404 1251 "-" "Mozilla/5.0 AppleWebKit/537.36 (KHTML, like Gecko; compatible; GPTBot/1.2; +https://openai.com/gptbot)"
20.171.207.168 - - [29/Mar/2025:21:29:10 -0400] "GET /products/sw.js HTTP/1.1" 404 1251 "-" "Mozilla/5.0 AppleWebKit/537.36 (KHTML, like Gecko; compatible; GPTBot/1.2; +https://openai.com/gptbot)"
51.222.253.1 - - [29/Mar/2025:21:30:03 -0400] "GET /a-kiddush-cup-is-a-treasured-gift-for-shabbat-and-jewish-holidays/feed/ HTTP/1.1" 404 1251 "-" "Mozilla/5.0 (compatible; AhrefsBot/7.0; +http://ahrefs.com/robot/)"
20.171.207.168 - - [29/Mar/2025:21:30:15 -0400] "GET /wp-admin/&reauth=1 HTTP/1.1" 404 1251 "-" "Mozilla/5.0 AppleWebKit/537.36 (KHTML, like Gecko; compatible; GPTBot/1.2; +https://openai.com/gptbot)"
20.171.207.168 - - [29/Mar/2025:21:31:15 -0400] "GET /best-youtube-subscriber-buy HTTP/1.1" 404 1251 "-" "Mozilla/5.0 AppleWebKit/537.36 (KHTML, like Gecko; compatible; GPTBot/1.2; +https://openai.com/gptbot)"
20.171.207.168 - - [29/Mar/2025:21:32:16 -0400] "GET /smallville-supervillain-list HTTP/1.1" 404 1251 "-" "Mozilla/5.0 AppleWebKit/537.36 (KHTML, like Gecko; compatible; GPTBot/1.2; +https://openai.com/gptbot)"
51.222.253.16 - - [29/Mar/2025:21:32:57 -0400] "GET /cabinet-manufacturers/feed/ HTTP/1.1" 404 1251 "-" "Mozilla/5.0 (compatible; AhrefsBot/7.0; +http://ahrefs.com/robot/)"
185.191.171.17 - - [29/Mar/2025:21:34:15 -0400] "GET /how-to-choose-an-online-coach-software-platform/ HTTP/1.1" 404 1251 "-" "Mozilla/5.0 (compatible; SemrushBot/7~bl; +http://www.semrush.com/bot.html)"
198.54.114.83 - - [29/Mar/2025:21:34:55 -0400] "POST /wp-admin/admin-ajax.php?action=async_litespeed&nonce=Y5I7p38dQY0KSz8Sxn8IKYzFmKxDjmuS&litespeed_type=imgoptm HTTP/1.1" 200 5 "-" "WordPress/6.7.2; https://christianmantopoulos.com"
188.214.125.171 - - [29/Mar/2025:21:34:56 -0400] "GET /wp-login.php HTTP/1.1" 200 1721 "-" "Mozilla/5.0 (Windows NT 10.0; Win64; x64) AppleWebKit/537.36 (KHTML, like Gecko) Chrome/87.0.4280.141 Safari/537.36"
188.214.125.171 - - [29/Mar/2025:21:34:57 -0400] "GET /wp-login.php HTTP/1.1" 200 1721 "-" "Mozilla/5.0 (Windows NT 10.0; Win64; x64) AppleWebKit/537.36 (KHTML, like Gecko) Chrome/87.0.4280.141 Safari/537.36"
54.37.234.111 - - [29/Mar/2025:21:35:04 -0400] "GET /how-to-win-at-gas-station-slots/ HTTP/1.1" 404 1251 "https://christianmantopoulos.com/how-to-win-at-gas-station-slots/#comment-14081" "Mozilla/5.0 (Windows NT 10.0; Win64; x64) AppleWebKit/537.36 (KHTML, like Gecko) Chrome/130.0.0.0 Safari/537.36 CCleaner/130.0.0.0"
54.37.234.111 - - [29/Mar/2025:21:35:05 -0400] "GET / HTTP/1.1" 200 78024 "https://christianmantopoulos.com/" "Mozilla/5.0 (Windows NT 10.0; Win64; x64) AppleWebKit/537.36 (KHTML, like Gecko) Chrome/130.0.0.0 Safari/537.36 CCleaner/130.0.0.0"
51.222.253.5 - - [29/Mar/2025:21:36:33 -0400] "GET / HTTP/1.1" 200 78024 "-" "Mozilla/5.0 (compatible; AhrefsBot/7.0; +http://ahrefs.com/robot/)"
202.8.42.127 - - [29/Mar/2025:21:36:35 -0400] "GET /react-dom.js HTTP/1.1" 404 1251 "https://christianmantopoulos.com/" "Mozilla/5.0 (compatible; AhrefsBot/7.0; +http://ahrefs.com/robot/)"
202.8.42.127 - - [29/Mar/2025:21:36:35 -0400] "GET /react.js HTTP/1.1" 404 1251 "https://christianmantopoulos.com/" "Mozilla/5.0 (compatible; AhrefsBot/7.0; +http://ahrefs.com/robot/)"
202.8.42.127 - - [29/Mar/2025:21:36:36 -0400] "GET /products/sw.js HTTP/1.1" 404 1251 "https://christianmantopoulos.com/" "Mozilla/5.0 (X11; Linux x86_64) AppleWebKit/537.36 (KHTML, like Gecko) HeadlessChrome/131.0.6778.87 Safari/537.36"
51.222.253.18 - - [29/Mar/2025:21:39:38 -0400] "GET /page/3/ HTTP/1.1" 404 1251 "-" "Mozilla/5.0 (compatible; AhrefsBot/7.0; +http://ahrefs.com/robot/)"
2001:4ca0:108:42::24 - - [29/Mar/2025:21:40:15 -0400] "GET /robots.txt HTTP/1.1" 404 1251 "-" "Mozilla/5.0 (Windows NT 10.0; Win64; x64) AppleWebKit/537.36 (KHTML, like Gecko) Chrome/103.0.5060.134 Safari/537.36"
51.222.253.2 - - [29/Mar/2025:21:43:18 -0400] "GET /antimony-kohl-ancient-eye-beautifier-with-a-timeless-appeal/feed/ HTTP/1.1" 404 1251 "-" "Mozilla/5.0 (compatible; AhrefsBot/7.0; +http://ahrefs.com/robot/)"
78.153.140.222 - - [29/Mar/2025:21:43:26 -0400] "GET /.env HTTP/1.1" 404 1251 "-" "Mozilla/5.0 (iPad; CPU OS 10_2 like Mac OS X) AppleWebKit/602.3.12 (KHTML, like Gecko) Version/10.0 Mobile/14C92 Safari/602.1"
78.153.140.222 - - [29/Mar/2025:21:43:35 -0400] "GET /.aws/credentials HTTP/1.1" 404 1251 "-" "Mozilla/5.0 (Linux; U; Android 2.3.4; en-gb; SonyEricssonLT18i Build/4.0.2.A.0.62) AppleWebKit/533.1 (KHTML, like Gecko) Version/4.0 Mobile Safari/533.1"
78.153.140.222 - - [29/Mar/2025:21:43:43 -0400] "GET /.env.example HTTP/1.1" 404 1251 "-" "Mozilla/5.0 (Windows NT 6.2; WOW64) AppleWebKit/537.36 (KHTML, like Gecko) Chrome/28.0.1500.95 Safari/537.36 OPR/15.0.1147.153"
78.153.140.222 - - [29/Mar/2025:21:43:48 -0400] "GET /.env.production HTTP/1.1" 404 1251 "-" "Mozilla/5.0 (Linux; Android 4.4.2; SCH-I545 Build/KOT49H) AppleWebKit/537.36 (KHTML, like Gecko) Chrome/39.0.2171.93 Mobile Safari/537.36"
78.153.140.222 - - [29/Mar/2025:21:43:51 -0400] "GET /admin/.env HTTP/1.1" 404 1251 "-" "Mozilla/5.0 (Macintosh; Intel Mac OS X 10_12_5) AppleWebKit/537.36 (KHTML, like Gecko) Chrome/59.0.3071.86 Safari/537.36"
78.153.140.222 - - [29/Mar/2025:21:43:55 -0400] "GET /api/.env HTTP/1.1" 404 1251 "-" "Mozilla/5.0 (Windows; U; Windows NT 6.0; ja-JP) AppleWebKit/528.16 (KHTML, like Gecko) Version/4.0 Safari/528.16"
78.153.140.222 - - [29/Mar/2025:21:44:00 -0400] "GET /app/.env HTTP/1.1" 404 1251 "-" "Mozilla/5.0 (Linux; U; Android 2.3.5; en-us; Motorola Electrify Build/4.5.1A_SUN_USC_19.0) AppleWebKit/533.1 (KHTML, like Gecko) Version/4.0 Mobile Safari/533.1"
78.153.140.222 - - [29/Mar/2025:21:44:04 -0400] "GET /app_dev.php/_profiler/open?file=app/config/parameters.yml HTTP/1.1" 404 1251 "-" "Opera/9.80 (Android; Opera Mini/28.0.2254/66.318; U; en) Presto/2.12.423 Version/12.16"
78.153.140.222 - - [29/Mar/2025:21:44:05 -0400] "GET /app_dev.php/_profiler/phpinfo HTTP/1.1" 404 1251 "-" "Mozilla/5.0 (iPhone; U; CPU iPhone OS) (compatible; Googlebot-Mobile/2.1; http://www.google.com/bot.html)"
78.153.140.222 - - [29/Mar/2025:21:44:09 -0400] "GET /backend/.env HTTP/1.1" 404 1251 "-" "Mozilla/5.0 (Linux; Android 7.0; LGMS210 Build/NRD90U) AppleWebKit/537.36 (KHTML, like Gecko) Chrome/60.0.3112.116 Mobile Safari/537.36"
78.153.140.222 - - [29/Mar/2025:21:44:12 -0400] "GET /core/.env HTTP/1.1" 404 1251 "-" "Mozilla/5.0 (Linux; U; Android 4.0.4; sv-se; SonyST21i Build/11.0.A.4.22) AppleWebKit/534.30 (KHTML, like Gecko) Version/4.0 Mobile Safari/534.30"
78.153.140.222 - - [29/Mar/2025:21:44:13 -0400] "GET /credentials HTTP/1.1" 404 1251 "-" "Mozilla/5.0 (Windows NT 6.2; Win64; x64) AppleWebKit/537.36 (KHTML, like Gecko) Chrome/60.0.3112.113 Safari/537.36"
78.153.140.222 - - [29/Mar/2025:21:44:15 -0400] "GET /crm/.env HTTP/1.1" 404 1251 "-" "Mozilla/5.0 (iPhone; CPU iPhone OS 10_0 like Mac OS X) AppleWebKit/602.1.50 (KHTML, like Gecko) Version/10.0 Mobile/14A5345a Safari/602.1"
78.153.140.222 - - [29/Mar/2025:21:44:16 -0400] "GET /demo/.env HTTP/1.1" 404 1251 "-" "Mozilla/5.0 (Linux; Android 4.1.2; SPH-M840 Build/JZO54K) AppleWebKit/537.31 (KHTML, like Gecko) Chrome/26.0.1410.58 Mobile Safari/537.31"
78.153.140.222 - - [29/Mar/2025:21:44:17 -0400] "GET /info/ HTTP/1.1" 404 1251 "-" "Mozilla/5.0 (Windows NT 6.3; WOW64) AppleWebKit/537.36 (KHTML, like Gecko) Chrome/44.0.2403.155 Safari/537.36"
78.153.140.222 - - [29/Mar/2025:21:44:19 -0400] "GET /infos/ HTTP/1.1" 404 1251 "-" "Mozilla/5.0 (Linux; U; Android 2.2.1; en-us; SCH-I500 Build/FROYO) AppleWebKit/533.1 (KHTML, like Gecko) Version/4.0 Mobile Safari/533.1 CSOUTH-i500"
51.222.253.4 - - [29/Mar/2025:21:47:12 -0400] "GET /dental-equipment-for-sale-how-to-find-quality-used-dental-equipment/feed/ HTTP/1.1" 404 1251 "-" "Mozilla/5.0 (compatible; AhrefsBot/7.0; +http://ahrefs.com/robot/)"
51.222.253.4 - - [29/Mar/2025:21:50:06 -0400] "GET /how-double-glazing-can-affect-your-energy-costs/feed/ HTTP/1.1" 404 1251 "-" "Mozilla/5.0 (compatible; AhrefsBot/7.0; +http://ahrefs.com/robot/)"
40.77.167.9 - - [29/Mar/2025:21:52:00 -0400] "GET /the-engaging-world-of-1v1-lol-in-the-classroom/ HTTP/1.1" 404 1251 "-" "Mozilla/5.0 AppleWebKit/537.36 (KHTML, like Gecko; compatible; bingbot/2.0; +http://www.bing.com/bingbot.htm) Chrome/116.0.1938.76 Safari/537.36"
51.222.253.2 - - [29/Mar/2025:21:53:42 -0400] "GET /der-ultimative-pokemon-laden-in-der-stadt/feed/ HTTP/1.1" 404 1251 "-" "Mozilla/5.0 (compatible; AhrefsBot/7.0; +http://ahrefs.com/robot/)"
51.222.253.15 - - [29/Mar/2025:21:57:12 -0400] "GET /unveiling-the-pitfalls-of-buy-cheap-tiktok-views-strategies/feed/ HTTP/1.1" 404 1251 "-" "Mozilla/5.0 (compatible; AhrefsBot/7.0; +http://ahrefs.com/robot/)"
51.222.253.11 - - [29/Mar/2025:22:00:37 -0400] "GET /conseils-pour-choisir-un-bon-fond-decran/feed/ HTTP/1.1" 404 1251 "-" "Mozilla/5.0 (compatible; AhrefsBot/7.0; +http://ahrefs.com/robot/)"
51.222.253.20 - - [29/Mar/2025:22:03:40 -0400] "GET /top-15-companies-giving-best-white-label-nft-marketplace-services/feed/ HTTP/1.1" 404 1251 "-" "Mozilla/5.0 (compatible; AhrefsBot/7.0; +http://ahrefs.com/robot/)"
85.208.96.197 - - [29/Mar/2025:22:04:35 -0400] "GET /robots.txt HTTP/1.1" 404 1251 "-" "Mozilla/5.0 (compatible; SemrushBot/7~bl; +http://www.semrush.com/bot.html)"
185.191.171.7 - - [29/Mar/2025:22:04:36 -0400] "GET /eleganz-in-der-luft-die-schonheit-von-hangelampen/ HTTP/1.1" 404 1251 "-" "Mozilla/5.0 (compatible; SemrushBot/7~bl; +http://www.semrush.com/bot.html)"
85.208.96.206 - - [29/Mar/2025:22:05:25 -0400] "GET /unveiling-joo-chiats-maritime-legacy/ HTTP/1.1" 404 1251 "-" "Mozilla/5.0 (compatible; SemrushBot/7~bl; +http://www.semrush.com/bot.html)"
51.222.253.12 - - [29/Mar/2025:22:06:29 -0400] "GET /rockwell-hardness-tester-for-sale/feed/ HTTP/1.1" 404 1251 "-" "Mozilla/5.0 (compatible; AhrefsBot/7.0; +http://ahrefs.com/robot/)"
109.70.100.6 - - [29/Mar/2025:22:07:35 -0400] "GET / HTTP/1.1" 200 78024 "https://christianmantopoulos.com" "Mozilla/5.0 (Windows NT 6.1; WOW64) AppleWebKit/537.36 (KHTML, like Gecko) Chrome/43.0.2357.81 Safari/537.36 OPR/30.0.1835.59 (Edition Yx)"
51.222.253.3 - - [29/Mar/2025:22:09:16 -0400] "GET /the-future-of-chiropractic/feed/ HTTP/1.1" 404 1251 "-" "Mozilla/5.0 (compatible; AhrefsBot/7.0; +http://ahrefs.com/robot/)"
51.222.253.13 - - [29/Mar/2025:22:12:10 -0400] "GET /soin-gencives-nourrir-la-sante-bucco-dentaire-pour-un-sourire-radieux/feed/ HTTP/1.1" 404 1251 "-" "Mozilla/5.0 (compatible; AhrefsBot/7.0; +http://ahrefs.com/robot/)"
185.191.171.18 - - [29/Mar/2025:22:14:44 -0400] "GET /asperger-syndrom/ HTTP/1.1" 404 1251 "-" "Mozilla/5.0 (compatible; SemrushBot/7~bl; +http://www.semrush.com/bot.html)"
51.222.253.14 - - [29/Mar/2025:22:14:52 -0400] "GET /real-estate-auctions-how-do-they-work/feed/ HTTP/1.1" 404 1251 "-" "Mozilla/5.0 (compatible; AhrefsBot/7.0; +http://ahrefs.com/robot/)"
66.249.72.197 - - [29/Mar/2025:22:14:55 -0400] "GET /robots.txt HTTP/1.1" 404 1251 "-" "Mozilla/5.0 (compatible; Googlebot/2.1; +http://www.google.com/bot.html)"
66.249.72.198 - - [29/Mar/2025:22:14:56 -0400] "GET /round-rock-boudoir-photography/ HTTP/1.1" 404 1251 "-" "Mozilla/5.0 (Linux; Android 6.0.1; Nexus 5X Build/MMB29P) AppleWebKit/537.36 (KHTML, like Gecko) Chrome/134.0.6998.165 Mobile Safari/537.36 (compatible; Googlebot/2.1; +http://www.google.com/bot.html)"
51.222.253.19 - - [29/Mar/2025:22:17:41 -0400] "GET /what-companies-are-in-one-north/feed/ HTTP/1.1" 404 1251 "-" "Mozilla/5.0 (compatible; AhrefsBot/7.0; +http://ahrefs.com/robot/)"
85.208.96.200 - - [29/Mar/2025:22:18:21 -0400] "GET /icebreaker-questions-for-kids/ HTTP/1.1" 404 1251 "-" "Mozilla/5.0 (compatible; SemrushBot/7~bl; +http://www.semrush.com/bot.html)"
51.222.253.2 - - [29/Mar/2025:22:20:31 -0400] "GET /navigating-the-risks-and-rewards-of-online-betting/feed/ HTTP/1.1" 404 1251 "-" "Mozilla/5.0 (compatible; AhrefsBot/7.0; +http://ahrefs.com/robot/)"
51.222.253.17 - - [29/Mar/2025:22:23:18 -0400] "GET /mens-bamboo-t-shirts/feed/ HTTP/1.1" 404 1251 "-" "Mozilla/5.0 (compatible; AhrefsBot/7.0; +http://ahrefs.com/robot/)"
51.222.253.8 - - [29/Mar/2025:22:26:17 -0400] "GET /unlocking-radiance-the-enigma-of-vita-glow-night-cream/feed/ HTTP/1.1" 404 1251 "-" "Mozilla/5.0 (compatible; AhrefsBot/7.0; +http://ahrefs.com/robot/)"
66.249.72.205 - - [29/Mar/2025:22:28:13 -0400] "GET /asesorias/ HTTP/1.1" 404 1251 "-" "Mozilla/5.0 (Linux; Android 6.0.1; Nexus 5X Build/MMB29P) AppleWebKit/537.36 (KHTML, like Gecko) Chrome/134.0.6998.165 Mobile Safari/537.36 (compatible; Googlebot/2.1; +http://www.google.com/bot.html)"
85.208.96.206 - - [29/Mar/2025:22:28:23 -0400] "GET /interior-design-consultation-services/ HTTP/1.1" 404 1251 "-" "Mozilla/5.0 (compatible; SemrushBot/7~bl; +http://www.semrush.com/bot.html)"
185.191.171.17 - - [29/Mar/2025:22:28:36 -0400] "GET /top-5-bachelorette-party-cartagena-experiences/ HTTP/1.1" 404 1251 "-" "Mozilla/5.0 (compatible; SemrushBot/7~bl; +http://www.semrush.com/bot.html)"
51.222.253.11 - - [29/Mar/2025:22:29:04 -0400] "GET /understanding-football-odds/feed/ HTTP/1.1" 404 1251 "-" "Mozilla/5.0 (compatible; AhrefsBot/7.0; +http://ahrefs.com/robot/)"
52.167.144.174 - - [29/Mar/2025:22:30:26 -0400] "GET /page/2/?pid=160914269 HTTP/1.1" 404 1251 "-" "Mozilla/5.0 AppleWebKit/537.36 (KHTML, like Gecko; compatible; bingbot/2.0; +http://www.bing.com/bingbot.htm) Chrome/116.0.1938.76 Safari/537.36"
45.61.184.34 - - [29/Mar/2025:22:30:58 -0400] "GET /wp-login.php HTTP/1.1" 200 1721 "-" "Mozilla/5.0 (Macintosh; Intel Mac OS X 10_9_2) AppleWebKit/537.36 (KHTML, like Gecko) Chrome/36.0.1985.125 Safari/537.36"
198.54.114.83 - - [29/Mar/2025:22:31:06 -0400] "POST /wp-cron.php?doing_wp_cron=1743301866.3915181159973144531250 HTTP/1.1" 200 0 "-" "WordPress/6.7.2; https://christianmantopoulos.com"
45.61.184.34 - - [29/Mar/2025:22:31:04 -0400] "POST /wp-login.php HTTP/1.1" 200 1877 "-" "Mozilla/5.0 (Macintosh; Intel Mac OS X 10_9_2) AppleWebKit/537.36 (KHTML, like Gecko) Chrome/36.0.1985.125 Safari/537.36"
198.54.114.83 - - [29/Mar/2025:22:31:07 -0400] "POST /wp-admin/admin-ajax.php?action=async_litespeed&nonce=Gc6u0e3WDfF0ue7p282ueReCRakzriih&litespeed_type=imgoptm HTTP/1.1" 200 5 "-" "WordPress/6.7.2; https://christianmantopoulos.com"
195.191.219.131 - - [29/Mar/2025:22:31:56 -0400] "GET /robots.txt HTTP/1.1" 404 1251 "-" "Mozilla/5.0 (compatible; MJ12bot/v2.0.0; http://mj12bot.com/)"
195.191.219.131 - - [29/Mar/2025:22:31:57 -0400] "GET / HTTP/1.1" 200 78024 "-" "Mozilla/5.0 (compatible; MJ12bot/v2.0.0; http://mj12bot.com/)"
51.222.253.10 - - [29/Mar/2025:22:32:02 -0400] "GET /personalized-crew-socks/feed/ HTTP/1.1" 404 1251 "-" "Mozilla/5.0 (compatible; AhrefsBot/7.0; +http://ahrefs.com/robot/)"
51.222.253.11 - - [29/Mar/2025:22:34:55 -0400] "GET /hire-the-services-of-a-dwi-lawyer-to-best-defend-a-dwi-case/feed/ HTTP/1.1" 404 1251 "-" "Mozilla/5.0 (compatible; AhrefsBot/7.0; +http://ahrefs.com/robot/)"
51.222.253.13 - - [29/Mar/2025:22:38:01 -0400] "GET /mastering-precision-the-art-of-utilizing-the-best-refrigerant-charging-scales/feed/ HTTP/1.1" 404 1251 "-" "Mozilla/5.0 (compatible; AhrefsBot/7.0; +http://ahrefs.com/robot/)"
51.222.253.12 - - [29/Mar/2025:22:41:10 -0400] "GET /wednesday-addams-costume-shop/feed/ HTTP/1.1" 404 1251 "-" "Mozilla/5.0 (compatible; AhrefsBot/7.0; +http://ahrefs.com/robot/)"
87.250.224.14 - - [29/Mar/2025:22:41:53 -0400] "GET /robots.txt HTTP/1.1" 404 1251 "-" "Mozilla/5.0 (compatible; YandexBot/3.0; +http://yandex.com/bots)"
95.108.213.140 - - [29/Mar/2025:22:41:54 -0400] "GET / HTTP/1.1" 200 78024 "-" "Mozilla/5.0 (compatible; YandexBot/3.0; +http://yandex.com/bots)"
51.222.253.15 - - [29/Mar/2025:22:44:08 -0400] "GET /online-store-costs/feed/ HTTP/1.1" 404 1251 "-" "Mozilla/5.0 (compatible; AhrefsBot/7.0; +http://ahrefs.com/robot/)"
85.208.96.205 - - [29/Mar/2025:22:44:43 -0400] "GET /1xbet-la-plateforme-de-paris-sportifs-incontournable/ HTTP/1.1" 404 1251 "-" "Mozilla/5.0 (compatible; SemrushBot/7~bl; +http://www.semrush.com/bot.html)"
185.191.171.2 - - [29/Mar/2025:22:45:09 -0400] "GET /manchester-chiropractor/ HTTP/1.1" 404 1251 "-" "Mozilla/5.0 (compatible; SemrushBot/7~bl; +http://www.semrush.com/bot.html)"
185.191.171.9 - - [29/Mar/2025:22:45:23 -0400] "GET /alternative-dispute-resolutions/ HTTP/1.1" 404 1251 "-" "Mozilla/5.0 (compatible; SemrushBot/7~bl; +http://www.semrush.com/bot.html)"
13.40.128.66 - - [29/Mar/2025:22:46:11 -0400] "GET /wp-login.php HTTP/1.1" 200 1721 "-" "Mozilla/5.0 (Windows NT 10.0; Win64; x64) AppleWebKit/537.36 (KHTML, like Gecko) Chrome/129.0.0.0 Safari/537.36"
13.40.128.66 - - [29/Mar/2025:22:46:12 -0400] "GET /wp-includes/js/dist/dom-ready.min.js?ver=f77871ff7694fffea381 HTTP/1.1" 200 275 "https://christianmantopoulos.com/wp-login.php" "Mozilla/5.0 (Windows NT 10.0; Win64; x64) AppleWebKit/537.36 (KHTML, like Gecko) Chrome/129.0.0.0 Safari/537.36"
13.40.128.66 - - [29/Mar/2025:22:46:12 -0400] "GET /wp-admin/js/user-profile.min.js?ver=6.7.2 HTTP/1.1" 200 2388 "https://christianmantopoulos.com/wp-login.php" "Mozilla/5.0 (Windows NT 10.0; Win64; x64) AppleWebKit/537.36 (KHTML, like Gecko) Chrome/129.0.0.0 Safari/537.36"
13.40.128.66 - - [29/Mar/2025:22:46:12 -0400] "GET /wp-includes/js/dist/i18n.min.js?ver=5e580eb46a90c2b997e6 HTTP/1.1" 200 3542 "https://christianmantopoulos.com/wp-login.php" "Mozilla/5.0 (Windows NT 10.0; Win64; x64) AppleWebKit/537.36 (KHTML, like Gecko) Chrome/129.0.0.0 Safari/537.36"
13.40.128.66 - - [29/Mar/2025:22:46:12 -0400] "GET /wp-includes/js/underscore.min.js?ver=1.13.7 HTTP/1.1" 200 7197 "https://christianmantopoulos.com/wp-login.php" "Mozilla/5.0 (Windows NT 10.0; Win64; x64) AppleWebKit/537.36 (KHTML, like Gecko) Chrome/129.0.0.0 Safari/537.36"
13.40.128.66 - - [29/Mar/2025:22:46:12 -0400] "GET /wp-includes/js/wp-util.min.js?ver=6.7.2 HTTP/1.1" 200 690 "https://christianmantopoulos.com/wp-login.php" "Mozilla/5.0 (Windows NT 10.0; Win64; x64) AppleWebKit/537.36 (KHTML, like Gecko) Chrome/129.0.0.0 Safari/537.36"
13.40.128.66 - - [29/Mar/2025:22:46:12 -0400] "GET /wp-admin/js/password-strength-meter.min.js?ver=6.7.2 HTTP/1.1" 200 558 "https://christianmantopoulos.com/wp-login.php" "Mozilla/5.0 (Windows NT 10.0; Win64; x64) AppleWebKit/537.36 (KHTML, like Gecko) Chrome/129.0.0.0 Safari/537.36"
13.40.128.66 - - [29/Mar/2025:22:46:12 -0400] "GET /wp-includes/js/dist/a11y.min.js?ver=3156534cc54473497e14 HTTP/1.1" 200 827 "https://christianmantopoulos.com/wp-login.php" "Mozilla/5.0 (Windows NT 10.0; Win64; x64) AppleWebKit/537.36 (KHTML, like Gecko) Chrome/129.0.0.0 Safari/537.36"
13.40.128.66 - - [29/Mar/2025:22:46:11 -0400] "GET /wp-admin/load-scripts.php?c=1&load%5Bchunk_0%5D=clipboard,jquery-core,jquery-migrate,zxcvbn-async,wp-hooks&ver=6.7.2 HTTP/1.1" 200 39869 "https://christianmantopoulos.com/wp-login.php" "Mozilla/5.0 (Windows NT 10.0; Win64; x64) AppleWebKit/537.36 (KHTML, like Gecko) Chrome/129.0.0.0 Safari/537.36"
13.40.128.66 - - [29/Mar/2025:22:46:11 -0400] "GET /wp-admin/load-styles.php?c=1&dir=ltr&load%5Bchunk_0%5D=dashicons,buttons,forms,l10n,login&ver=6.7.2 HTTP/1.1" 200 45467 "https://christianmantopoulos.com/wp-login.php" "Mozilla/5.0 (Windows NT 10.0; Win64; x64) AppleWebKit/537.36 (KHTML, like Gecko) Chrome/129.0.0.0 Safari/537.36"
13.40.128.66 - - [29/Mar/2025:22:46:13 -0400] "GET /wp-admin/images/wordpress-logo.svg?ver=20131107 HTTP/1.1" 200 759 "https://christianmantopoulos.com/wp-admin/load-styles.php?c=1&dir=ltr&load%5Bchunk_0%5D=dashicons,buttons,forms,l10n,login&ver=6.7.2" "Mozilla/5.0 (Windows NT 10.0; Win64; x64) AppleWebKit/537.36 (KHTML, like Gecko) Chrome/129.0.0.0 Safari/537.36"
13.40.128.66 - - [29/Mar/2025:22:46:13 -0400] "GET /favicon.ico HTTP/1.1" 404 1251 "https://christianmantopoulos.com/wp-login.php" "Mozilla/5.0 (Windows NT 10.0; Win64; x64) AppleWebKit/537.36 (KHTML, like Gecko) Chrome/129.0.0.0 Safari/537.36"
13.40.128.66 - - [29/Mar/2025:22:46:13 -0400] "GET /wp-includes/js/zxcvbn.min.js HTTP/1.1" 200 389493 "https://christianmantopoulos.com/wp-login.php" "Mozilla/5.0 (Windows NT 10.0; Win64; x64) AppleWebKit/537.36 (KHTML, like Gecko) Chrome/129.0.0.0 Safari/537.36"
198.54.114.83 - - [29/Mar/2025:22:46:22 -0400] "POST /wp-admin/admin-ajax.php?action=async_litespeed&nonce=l0rDAgdyR61kHWwR205kyZh5nuTATbMC&litespeed_type=imgoptm HTTP/1.1" 200 5 "-" "WordPress/6.7.2; https://christianmantopoulos.com"
46.101.204.165 - - [29/Mar/2025:22:46:23 -0400] "GET /wp-login.php HTTP/1.1" 200 1721 "http://christianmantopoulos.com/wp-admin/" "Mozilla/5.0 (Windows NT 10.0; Win64; x64) AppleWebKit/537.36 (KHTML, like Gecko) Chrome/90.0.4430.85 Safari/537.36"
46.101.204.165 - - [29/Mar/2025:22:46:23 -0400] "POST /wp-login.php HTTP/1.1" 200 1837 "http://christianmantopoulos.com/wp-admin/" "Mozilla/5.0 (Windows NT 10.0; Win64; x64) AppleWebKit/537.36 (KHTML, like Gecko) Chrome/90.0.4430.85 Safari/537.36"
46.101.204.165 - - [29/Mar/2025:22:46:24 -0400] "GET /wp-admin/ HTTP/1.1" 302 0 "www.google.com" "Mozilla/5.0 (Windows NT 10.0; Win64; x64) AppleWebKit/537.36 (KHTML, like Gecko) Chrome/90.0.4430.85 Safari/537.36"
46.101.204.165 - - [29/Mar/2025:22:46:24 -0400] "GET /wp-login.php?redirect_to=https%3A%2F%2Fchristianmantopoulos.com%2Fwp-admin%2F&reauth=1 HTTP/1.1" 200 1721 "www.google.com" "Mozilla/5.0 (Windows NT 10.0; Win64; x64) AppleWebKit/537.36 (KHTML, like Gecko) Chrome/90.0.4430.85 Safari/537.36"
13.40.128.66 - - [29/Mar/2025:22:46:27 -0400] "POST /wp-login.php HTTP/1.1" 200 1837 "https://christianmantopoulos.com/wp-login.php" "Mozilla/5.0 (Windows NT 10.0; Win64; x64) AppleWebKit/537.36 (KHTML, like Gecko) Chrome/129.0.0.0 Safari/537.36"
51.222.253.9 - - [29/Mar/2025:22:46:52 -0400] "GET /what-are-the-different-types-of-agencies-to-help-businesses-achieve-their-goals/feed/ HTTP/1.1" 404 1251 "-" "Mozilla/5.0 (compatible; AhrefsBot/7.0; +http://ahrefs.com/robot/)"
51.222.253.18 - - [29/Mar/2025:22:49:37 -0400] "GET /unveiling-the-trend-mypopsox/feed/ HTTP/1.1" 404 1251 "-" "Mozilla/5.0 (compatible; AhrefsBot/7.0; +http://ahrefs.com/robot/)"
85.208.96.205 - - [29/Mar/2025:22:50:03 -0400] "GET /2025/02/ HTTP/1.1" 404 1251 "-" "Mozilla/5.0 (compatible; SemrushBot/7~bl; +http://www.semrush.com/bot.html)"
51.222.253.18 - - [29/Mar/2025:22:52:39 -0400] "GET /how-to-play-the-slot-machine/feed/ HTTP/1.1" 404 1251 "-" "Mozilla/5.0 (compatible; AhrefsBot/7.0; +http://ahrefs.com/robot/)"
85.208.96.195 - - [29/Mar/2025:22:54:07 -0400] "GET /navigating-the-epic-terrain-exploring-epicbmc-ca/ HTTP/1.1" 404 1251 "-" "Mozilla/5.0 (compatible; SemrushBot/7~bl; +http://www.semrush.com/bot.html)"
51.222.253.2 - - [29/Mar/2025:22:55:24 -0400] "GET /holiday-let-offers-you-what-you-always-wanted-for-your-holidays/feed/ HTTP/1.1" 404 1251 "-" "Mozilla/5.0 (compatible; AhrefsBot/7.0; +http://ahrefs.com/robot/)"
98.82.221.9 - - [29/Mar/2025:22:57:07 -0400] "GET /what-is-cybersecurity/ HTTP/1.1" 404 1251 "-" "Grammarly/1.0 (http://www.grammarly.com)"
51.222.253.17 - - [29/Mar/2025:22:57:56 -0400] "GET /navigieren-durch-das-labyrinth-ein-umfassender-leitfaden-zur-steuererklarung/feed/ HTTP/1.1" 404 1251 "-" "Mozilla/5.0 (compatible; AhrefsBot/7.0; +http://ahrefs.com/robot/)"
34.171.90.44 - - [29/Mar/2025:23:00:00 -0400] "GET /ads.txt HTTP/1.1" 404 1251 "-" "Scrapy/2.8.0 (+https://scrapy.org)"
51.222.253.12 - - [29/Mar/2025:23:00:33 -0400] "GET /how-to-find-reputable-hvac-services/feed/ HTTP/1.1" 404 1251 "-" "Mozilla/5.0 (compatible; AhrefsBot/7.0; +http://ahrefs.com/robot/)"
51.222.253.20 - - [29/Mar/2025:23:03:25 -0400] "GET /custom-baseball-socks-with-logo/feed/ HTTP/1.1" 404 1251 "-" "Mozilla/5.0 (compatible; AhrefsBot/7.0; +http://ahrefs.com/robot/)"
185.191.171.12 - - [29/Mar/2025:23:05:55 -0400] "GET /robots.txt HTTP/1.1" 404 1251 "-" "Mozilla/5.0 (compatible; SemrushBot/7~bl; +http://www.semrush.com/bot.html)"
185.191.171.11 - - [29/Mar/2025:23:05:57 -0400] "GET /steuerberater/ HTTP/1.1" 404 1251 "-" "Mozilla/5.0 (compatible; SemrushBot/7~bl; +http://www.semrush.com/bot.html)"
51.222.253.20 - - [29/Mar/2025:23:06:12 -0400] "GET /yacht-rentals-in-abu-dhabi/feed/ HTTP/1.1" 404 1251 "-" "Mozilla/5.0 (compatible; AhrefsBot/7.0; +http://ahrefs.com/robot/)"
51.222.253.13 - - [29/Mar/2025:23:08:53 -0400] "GET /discount-moving-companies-can-help-you-save-on-relocation/feed/ HTTP/1.1" 404 1251 "-" "Mozilla/5.0 (compatible; AhrefsBot/7.0; +http://ahrefs.com/robot/)"
207.46.13.126 - - [29/Mar/2025:23:11:07 -0400] "GET /10-best-workouts-for-everyone/ HTTP/1.1" 404 1251 "-" "Mozilla/5.0 AppleWebKit/537.36 (KHTML, like Gecko; compatible; bingbot/2.0; +http://www.bing.com/bingbot.htm) Chrome/116.0.1938.76 Safari/537.36"
51.222.253.1 - - [29/Mar/2025:23:11:29 -0400] "GET /is-it-possible-to-naturally-pass-your-kidney-stones/feed/ HTTP/1.1" 404 1251 "-" "Mozilla/5.0 (compatible; AhrefsBot/7.0; +http://ahrefs.com/robot/)"
51.222.253.17 - - [29/Mar/2025:23:13:59 -0400] "GET /services-offered-by-an-emergency-locksmith/feed/ HTTP/1.1" 404 1251 "-" "Mozilla/5.0 (compatible; AhrefsBot/7.0; +http://ahrefs.com/robot/)"
51.222.253.3 - - [29/Mar/2025:23:16:38 -0400] "GET /finding-a-chiropractor-near-me/feed/ HTTP/1.1" 404 1251 "-" "Mozilla/5.0 (compatible; AhrefsBot/7.0; +http://ahrefs.com/robot/)"
58.254.68.93 - - [29/Mar/2025:23:16:49 -0400] "GET /automotive-locksmith-chicago/ HTTP/1.1" 404 1251 "https://christianmantopoulos.com" "Mozilla/5.0 (Windows NT 10.0; Win64; x64) AppleWebKit/537.36 (KHTML, like Gecko) Chrome/62.0.3202.94 Safari/537.36"
58.254.68.93 - - [29/Mar/2025:23:16:50 -0400] "GET /automotive-locksmith-chicago/ HTTP/1.1" 404 1251 "https://christianmantopoulos.com" "Mozilla/5.0 (Windows NT 10.0; Win64; x64) AppleWebKit/537.36 (KHTML, like Gecko) Chrome/62.0.3202.94 Safari/537.36"
58.254.68.93 - - [29/Mar/2025:23:16:52 -0400] "GET /automotive-locksmith-chicago/ HTTP/1.1" 404 1251 "https://christianmantopoulos.com" "Mozilla/5.0 (Windows NT 10.0; Win64; x64) AppleWebKit/537.36 (KHTML, like Gecko) Chrome/62.0.3202.94 Safari/537.36"
58.254.68.93 - - [29/Mar/2025:23:16:53 -0400] "GET /automotive-locksmith-chicago/ HTTP/1.1" 404 1251 "https://christianmantopoulos.com" "Mozilla/5.0 (Windows NT 10.0; Win64; x64) AppleWebKit/537.36 (KHTML, like Gecko) Chrome/62.0.3202.94 Safari/537.36"
185.191.171.15 - - [29/Mar/2025:23:17:02 -0400] "GET /buy-youtube-views-cheap-and-working/ HTTP/1.1" 404 1251 "-" "Mozilla/5.0 (compatible; SemrushBot/7~bl; +http://www.semrush.com/bot.html)"
51.222.253.7 - - [29/Mar/2025:23:19:15 -0400] "GET /top-4-common-engagement-ring-blunders/feed/ HTTP/1.1" 404 1251 "-" "Mozilla/5.0 (compatible; AhrefsBot/7.0; +http://ahrefs.com/robot/)"
107.189.3.177 - - [29/Mar/2025:23:19:34 -0400] "GET /wp-login.php HTTP/1.1" 200 1721 "-" "Mozilla/5.0 (Windows NT 6.1; WOW64; rv:24.0) Gecko/20100101 Firefox/24.0"
198.54.114.83 - - [29/Mar/2025:23:19:44 -0400] "POST /wp-cron.php?doing_wp_cron=1743304784.1203489303588867187500 HTTP/1.1" 200 0 "-" "WordPress/6.7.2; https://christianmantopoulos.com"
107.189.3.177 - - [29/Mar/2025:23:19:42 -0400] "POST /wp-login.php HTTP/1.1" 200 1847 "-" "Mozilla/5.0 (Windows NT 6.1; WOW64; rv:24.0) Gecko/20100101 Firefox/24.0"
198.54.114.83 - - [29/Mar/2025:23:19:44 -0400] "POST /wp-admin/admin-ajax.php?action=async_litespeed&nonce=83kj5kExzpqP2WhTy8G0kMXjjAugi7yj&litespeed_type=imgoptm HTTP/1.1" 200 5 "-" "WordPress/6.7.2; https://christianmantopoulos.com"
51.222.253.12 - - [29/Mar/2025:23:21:49 -0400] "GET /how-to-get-personalized-t-shirts-for-events-quickly-and-cheaply/feed/ HTTP/1.1" 404 1251 "-" "Mozilla/5.0 (compatible; AhrefsBot/7.0; +http://ahrefs.com/robot/)"
198.98.48.90 - - [29/Mar/2025:23:21:56 -0400] "GET /wp-login.php HTTP/1.1" 200 1721 "-" "Mozilla/5.0 (iPhone; CPU iPhone OS 7_1_1 like Mac OS X) AppleWebKit/537.51.2 (KHTML, like Gecko) Version/7.0 Mobile/11D201 Safari/9537.53"
198.54.114.83 - - [29/Mar/2025:23:22:13 -0400] "POST /wp-cron.php?doing_wp_cron=1743304932.9095149040222167968750 HTTP/1.1" 200 0 "-" "WordPress/6.7.2; https://christianmantopoulos.com"
198.98.48.90 - - [29/Mar/2025:23:22:10 -0400] "POST /wp-login.php HTTP/1.1" 200 1877 "-" "Mozilla/5.0 (iPhone; CPU iPhone OS 7_1_1 like Mac OS X) AppleWebKit/537.51.2 (KHTML, like Gecko) Version/7.0 Mobile/11D201 Safari/9537.53"
198.54.114.83 - - [29/Mar/2025:23:22:13 -0400] "POST /wp-admin/admin-ajax.php?action=async_litespeed&nonce=5Et8snLU1E92iMPdQtRSBmngndeaFBZw&litespeed_type=imgoptm HTTP/1.1" 200 5 "-" "WordPress/6.7.2; https://christianmantopoulos.com"
198.54.114.83 - - [29/Mar/2025:23:22:24 -0400] "POST /wp-cron.php?doing_wp_cron=1743304944.0011789798736572265625 HTTP/1.1" 200 0 "-" "WordPress/6.7.2; https://christianmantopoulos.com"
192.159.99.152 - - [29/Mar/2025:23:22:23 -0400] "POST /wp-login.php HTTP/1.1" 200 1837 "https://christianmantopoulos.com/wp-admin/" "Mozilla/5.0 (Windows NT 10.0; Win64; x64) AppleWebKit/537.36 (KHTML, like Gecko) Chrome/90.0.4430.85 Safari/537.36"
192.159.99.152 - - [29/Mar/2025:23:22:24 -0400] "GET /wp-admin/ HTTP/1.1" 302 0 "www.google.com" "Mozilla/5.0 (Windows NT 10.0; Win64; x64) AppleWebKit/537.36 (KHTML, like Gecko) Chrome/90.0.4430.85 Safari/537.36"
198.54.114.83 - - [29/Mar/2025:23:22:24 -0400] "POST /wp-admin/admin-ajax.php?action=async_litespeed&nonce=8if80rY8aJPbCglAsyjWp8xQ9p42toyb&litespeed_type=imgoptm HTTP/1.1" 200 5 "-" "WordPress/6.7.2; https://christianmantopoulos.com"
192.159.99.152 - - [29/Mar/2025:23:22:24 -0400] "GET /wp-login.php?redirect_to=https%3A%2F%2Fchristianmantopoulos.com%2Fwp-admin%2F&reauth=1 HTTP/1.1" 200 1721 "www.google.com" "Mozilla/5.0 (Windows NT 10.0; Win64; x64) AppleWebKit/537.36 (KHTML, like Gecko) Chrome/90.0.4430.85 Safari/537.36"
51.222.253.7 - - [29/Mar/2025:23:24:13 -0400] "GET /quatre-avantages-de-lachat-dhuile-de-cbd-en-gros/feed/ HTTP/1.1" 404 1251 "-" "Mozilla/5.0 (compatible; AhrefsBot/7.0; +http://ahrefs.com/robot/)"
51.222.253.6 - - [29/Mar/2025:23:27:14 -0400] "GET /author/jorge/page/3/ HTTP/1.1" 404 1251 "-" "Mozilla/5.0 (compatible; AhrefsBot/7.0; +http://ahrefs.com/robot/)"
51.222.253.13 - - [29/Mar/2025:23:30:00 -0400] "GET /how-to-turn-off-maps-on-iphone/feed/ HTTP/1.1" 404 1251 "-" "Mozilla/5.0 (compatible; AhrefsBot/7.0; +http://ahrefs.com/robot/)"
139.59.100.51 - - [29/Mar/2025:23:31:35 -0400] "GET /wp-content/plugins/WordPressCore/include.php HTTP/1.1" 404 1251 "-" "Mozlila/5.0 (Linux; Android 7.0; SM-G892A Build/NRD90M; wv) AppleWebKit/537.36 (KHTML, like Gecko) Version/4.0 Chrome/60.0.3112.107 Mobile Safari/537.36"
139.59.100.51 - - [29/Mar/2025:23:31:36 -0400] "GET /wp-content/plugins/WordPressCore/include.php HTTP/1.1" 404 1251 "-" "Mozlila/5.0 (Linux; Android 7.0; SM-G892A Build/NRD90M; wv) AppleWebKit/537.36 (KHTML, like Gecko) Version/4.0 Chrome/60.0.3112.107 Mobile Safari/537.36"
139.59.100.51 - - [29/Mar/2025:23:31:49 -0400] "GET /wp-content/themes/include.php HTTP/1.1" 404 1251 "-" "Mozlila/5.0 (Linux; Android 7.0; SM-G892A Build/NRD90M; wv) AppleWebKit/537.36 (KHTML, like Gecko) Version/4.0 Chrome/60.0.3112.107 Mobile Safari/537.36"
139.59.100.51 - - [29/Mar/2025:23:31:50 -0400] "GET /wp-content/themes/include.php HTTP/1.1" 404 1251 "-" "Mozlila/5.0 (Linux; Android 7.0; SM-G892A Build/NRD90M; wv) AppleWebKit/537.36 (KHTML, like Gecko) Version/4.0 Chrome/60.0.3112.107 Mobile Safari/537.36"
139.59.100.51 - - [29/Mar/2025:23:31:55 -0400] "GET /wp-content/plugins/include.php HTTP/1.1" 404 1251 "-" "Mozlila/5.0 (Linux; Android 7.0; SM-G892A Build/NRD90M; wv) AppleWebKit/537.36 (KHTML, like Gecko) Version/4.0 Chrome/60.0.3112.107 Mobile Safari/537.36"
139.59.100.51 - - [29/Mar/2025:23:31:56 -0400] "GET /wp-content/plugins/include.php HTTP/1.1" 404 1251 "-" "Mozlila/5.0 (Linux; Android 7.0; SM-G892A Build/NRD90M; wv) AppleWebKit/537.36 (KHTML, like Gecko) Version/4.0 Chrome/60.0.3112.107 Mobile Safari/537.36"
139.59.100.51 - - [29/Mar/2025:23:31:58 -0400] "GET /wp-content/plugins/core-plugin/include.php HTTP/1.1" 404 1251 "-" "Mozlila/5.0 (Linux; Android 7.0; SM-G892A Build/NRD90M; wv) AppleWebKit/537.36 (KHTML, like Gecko) Version/4.0 Chrome/60.0.3112.107 Mobile Safari/537.36"
139.59.100.51 - - [29/Mar/2025:23:31:59 -0400] "GET /wp-content/plugins/core-plugin/include.php HTTP/1.1" 404 1251 "-" "Mozlila/5.0 (Linux; Android 7.0; SM-G892A Build/NRD90M; wv) AppleWebKit/537.36 (KHTML, like Gecko) Version/4.0 Chrome/60.0.3112.107 Mobile Safari/537.36"
139.59.100.51 - - [29/Mar/2025:23:32:08 -0400] "GET /wp-includes/images/include.php HTTP/1.1" 404 1251 "-" "Mozlila/5.0 (Linux; Android 7.0; SM-G892A Build/NRD90M; wv) AppleWebKit/537.36 (KHTML, like Gecko) Version/4.0 Chrome/60.0.3112.107 Mobile Safari/537.36"
139.59.100.51 - - [29/Mar/2025:23:32:09 -0400] "GET /wp-includes/images/include.php HTTP/1.1" 404 1251 "-" "Mozlila/5.0 (Linux; Android 7.0; SM-G892A Build/NRD90M; wv) AppleWebKit/537.36 (KHTML, like Gecko) Version/4.0 Chrome/60.0.3112.107 Mobile Safari/537.36"
