198.54.114.83 - - [04/Apr/2025:18:42:14 -0400] "POST /wp-admin/admin-ajax.php?action=async_litespeed&nonce=4GsMkBq7eMPtiLfkqNwBQVKkEPk24LHp&litespeed_type=imgoptm HTTP/1.1" 200 0 "-" "WordPress/6.7.2; https://christianmantopoulos.com"
198.54.114.83 - - [04/Apr/2025:18:45:24 -0400] "POST /wp-admin/admin-ajax.php?action=async_litespeed&nonce=rr7pbeB1xeAmfTAqNqLuYJxhiQqz2uFV&litespeed_type=imgoptm HTTP/1.1" 200 0 "-" "WordPress/6.7.2; https://christianmantopoulos.com"
198.54.114.83 - - [04/Apr/2025:18:47:12 -0400] "POST /wp-admin/admin-ajax.php?action=async_litespeed&nonce=hQ1R0iBibOa1Db6drh8uRHDa9ZQGdACj&litespeed_type=imgoptm HTTP/1.1" 200 5 "-" "WordPress/6.7.2; https://christianmantopoulos.com"
35.247.37.96 - - [04/Apr/2025:18:48:13 -0400] "GET /5-tips-for-growing-your-youtube-subscribers HTTP/1.1" 404 1251 "-" "Mozilla/5.0 (Windows NT 10.0; Win64; x64) AppleWebKit/537.36 (KHTML, like Gecko) Chrome/121.0.0.0 Safari/537.36"
34.168.121.176 - - [04/Apr/2025:18:48:22 -0400] "GET /5-tips-for-growing-your-youtube-subscribers HTTP/1.1" 404 1251 "-" "Mozilla/5.0 (Macintosh; Intel Mac OS X 10_15_7) AppleWebKit/537.36 (KHTML, like Gecko) Chrome/116.0.0.0 Safari/537.36"
198.54.114.83 - - [04/Apr/2025:18:48:51 -0400] "POST /wp-admin/admin-ajax.php?action=async_litespeed&nonce=C3DMxZIFHurTjRcWjeweVHyre45HNdGk&litespeed_type=imgoptm HTTP/1.1" 200 0 "-" "WordPress/6.7.2; https://christianmantopoulos.com"
198.54.114.83 - - [04/Apr/2025:18:50:59 -0400] "POST /wp-admin/admin-ajax.php?action=async_litespeed&nonce=HjxzKTshtQyB6jt22VrszGn9huzc83rc&litespeed_type=imgoptm HTTP/1.1" 200 5 "-" "WordPress/6.7.2; https://christianmantopoulos.com"
40.77.167.65 - - [04/Apr/2025:18:55:18 -0400] "GET /details/37786.html HTTP/1.1" 404 1251 "-" "Mozilla/5.0 AppleWebKit/537.36 (KHTML, like Gecko; compatible; bingbot/2.0; +http://www.bing.com/bingbot.htm) Chrome/116.0.1938.76 Safari/537.36"
198.54.114.83 - - [04/Apr/2025:18:55:44 -0400] "POST /wp-admin/admin-ajax.php?action=async_litespeed&nonce=1hKRBYVsSCzbfg78TLJtbaly9iVUGz09&litespeed_type=imgoptm HTTP/1.1" 200 5 "-" "WordPress/6.7.2; https://christianmantopoulos.com"
40.77.167.65 - - [04/Apr/2025:18:56:28 -0400] "GET /special/kantan-storage HTTP/1.1" 404 1251 "-" "Mozilla/5.0 AppleWebKit/537.36 (KHTML, like Gecko; compatible; bingbot/2.0; +http://www.bing.com/bingbot.htm) Chrome/116.0.1938.76 Safari/537.36"
198.54.114.83 - - [04/Apr/2025:18:58:32 -0400] "POST /wp-admin/admin-ajax.php?action=async_litespeed&nonce=PDCJR20Yx1ELADbDYusGaj24Oql2Kjhk&litespeed_type=imgoptm HTTP/1.1" 200 5 "-" "WordPress/6.7.2; https://christianmantopoulos.com"
47.243.91.206 - - [04/Apr/2025:18:59:38 -0400] "HEAD /page/2 HTTP/1.1" 404 0 "-" "Mozilla/5.0 (Windows NT 6.1; Win64; x64) AppleWebKit/537.36 (KHTML, like Gecko) Chrome/74.0.2585.189 Safari/537.36"
47.243.91.206 - - [04/Apr/2025:18:59:38 -0400] "GET /page/2 HTTP/1.1" 404 1251 "-" "Mozilla/5.0 (Windows NT 6.1; Win64; x64) AppleWebKit/537.36 (KHTML, like Gecko) Chrome/74.0.2585.189 Safari/537.36"
198.54.114.83 - - [04/Apr/2025:19:03:33 -0400] "POST /wp-admin/admin-ajax.php?action=async_litespeed&nonce=Z9VSrRN6V7ef6pk2sUkifxNXNRwZOXWk&litespeed_type=imgoptm HTTP/1.1" 200 0 "-" "WordPress/6.7.2; https://christianmantopoulos.com"
185.191.171.1 - - [04/Apr/2025:19:04:16 -0400] "GET /un-apercu-incontournable/ HTTP/1.1" 404 1251 "-" "Mozilla/5.0 (compatible; SemrushBot/7~bl; +http://www.semrush.com/bot.html)"
198.54.114.83 - - [04/Apr/2025:19:06:06 -0400] "POST /wp-admin/admin-ajax.php?action=async_litespeed&nonce=Kgy8WeyM5UNbUC8Yq1m5YycybM9dzEvX&litespeed_type=imgoptm HTTP/1.1" 200 5 "-" "WordPress/6.7.2; https://christianmantopoulos.com"
198.54.114.83 - - [04/Apr/2025:19:07:53 -0400] "POST /wp-admin/admin-ajax.php?action=async_litespeed&nonce=F5IilDhGWCQO3ldtZk9YGZOX1VxiISEL&litespeed_type=imgoptm HTTP/1.1" 200 0 "-" "WordPress/6.7.2; https://christianmantopoulos.com"
198.54.114.83 - - [04/Apr/2025:19:08:40 -0400] "POST /wp-admin/admin-ajax.php?action=async_litespeed&nonce=MLEwsxtNKNshHsMTUYJNrj3W9dP5cqTK&litespeed_type=imgoptm HTTP/1.1" 200 0 "-" "WordPress/6.7.2; https://christianmantopoulos.com"
5.133.192.128 - - [04/Apr/2025:19:11:28 -0400] "GET / HTTP/1.1" 200 78024 "-" "Mozilla/5.0 (Windows NT 10.0; Win64; x64) AppleWebKit/537.36 (KHTML, like Gecko) Chrome/105.0.0.0 Safari/537.36"
198.54.114.83 - - [04/Apr/2025:19:11:28 -0400] "POST /wp-admin/admin-ajax.php?action=async_litespeed&nonce=ck9jqRdUubv4gZGNAUerusLHybUwLzoP&litespeed_type=imgoptm HTTP/1.1" 200 0 "-" "WordPress/6.7.2; https://christianmantopoulos.com"
85.208.96.203 - - [04/Apr/2025:19:13:34 -0400] "GET /a-beginners-guide-to-paper-quilling-art/ HTTP/1.1" 404 1251 "-" "Mozilla/5.0 (compatible; SemrushBot/7~bl; +http://www.semrush.com/bot.html)"
198.54.114.83 - - [04/Apr/2025:19:17:15 -0400] "POST /wp-admin/admin-ajax.php?action=async_litespeed&nonce=sbMoZvy05nmYRJs6beqz4IPC5p0H1tpE&litespeed_type=imgoptm HTTP/1.1" 200 5 "-" "WordPress/6.7.2; https://christianmantopoulos.com"
85.208.98.18 - - [04/Apr/2025:19:18:16 -0400] "HEAD /pfannkuchenrezept HTTP/1.1" 404 0 "-" "Mozilla/5.0 (compatible; SemrushBot; +http://www.semrush.com/bot.html)"
198.54.114.83 - - [04/Apr/2025:19:18:35 -0400] "POST /wp-admin/admin-ajax.php?action=async_litespeed&nonce=CQByQYfUp2xs9Pjt5izmLihXriJ6YXq3&litespeed_type=imgoptm HTTP/1.1" 200 0 "-" "WordPress/6.7.2; https://christianmantopoulos.com"
198.54.114.83 - - [04/Apr/2025:19:19:24 -0400] "POST /wp-admin/admin-ajax.php?action=async_litespeed&nonce=A5bCZYbeyu5X865a5Sg6OD0nbH4QTJb8&litespeed_type=imgoptm HTTP/1.1" 200 5 "-" "WordPress/6.7.2; https://christianmantopoulos.com"
157.55.39.195 - - [04/Apr/2025:19:19:48 -0400] "GET /news/20441.html HTTP/1.1" 404 1251 "-" "Mozilla/5.0 AppleWebKit/537.36 (KHTML, like Gecko; compatible; bingbot/2.0; +http://www.bing.com/bingbot.htm) Chrome/116.0.1938.76 Safari/537.36"
52.167.144.184 - - [04/Apr/2025:19:21:41 -0400] "GET /mkisofs.html HTTP/1.1" 404 1251 "-" "Mozilla/5.0 AppleWebKit/537.36 (KHTML, like Gecko; compatible; bingbot/2.0; +http://www.bing.com/bingbot.htm) Chrome/116.0.1938.76 Safari/537.36"
198.54.114.83 - - [04/Apr/2025:19:22:26 -0400] "POST /wp-admin/admin-ajax.php?action=async_litespeed&nonce=afrLeDtYR9sFBgm0UKJXZxLdFxIevItj&litespeed_type=imgoptm HTTP/1.1" 200 5 "-" "WordPress/6.7.2; https://christianmantopoulos.com"
162.240.109.17 - - [04/Apr/2025:19:22:44 -0400] "GET /wp-login.php HTTP/1.1" 200 1721 "-" "GRequests/0.10"
162.240.109.17 - - [04/Apr/2025:19:22:45 -0400] "POST /wp-login.php HTTP/1.1" 200 1877 "-" "GRequests/0.10"
52.167.144.205 - - [04/Apr/2025:19:24:40 -0400] "GET /help_mail.html HTTP/1.1" 404 1251 "-" "Mozilla/5.0 AppleWebKit/537.36 (KHTML, like Gecko; compatible; bingbot/2.0; +http://www.bing.com/bingbot.htm) Chrome/116.0.1938.76 Safari/537.36"
34.127.29.78 - - [04/Apr/2025:19:24:41 -0400] "GET /unmasking-the-pitfalls-of-keyword-stuffing-in-content-creation/ HTTP/1.1" 404 1251 "-" "Mozilla/5.0 (Windows NT 10.0; Win64; x64) AppleWebKit/537.36 (KHTML, like Gecko) Chrome/123.0.0.0 Safari/537.36"
198.54.114.83 - - [04/Apr/2025:19:25:33 -0400] "POST /wp-admin/admin-ajax.php?action=async_litespeed&nonce=s7ahI9SV6jjJUzLQVZBa6qFw45xqUOJu&litespeed_type=imgoptm HTTP/1.1" 200 0 "-" "WordPress/6.7.2; https://christianmantopoulos.com"
222.239.193.206 - - [04/Apr/2025:19:27:46 -0400] "GET /wp-login.php HTTP/1.1" 200 1721 "-" "GRequests/0.10"
222.239.193.206 - - [04/Apr/2025:19:27:49 -0400] "POST /wp-login.php HTTP/1.1" 200 1847 "-" "GRequests/0.10"
198.54.114.83 - - [04/Apr/2025:19:27:56 -0400] "POST /wp-cron.php?doing_wp_cron=1743809273.5755178928375244140625 HTTP/1.1" 200 0 "-" "WordPress/6.7.2; https://christianmantopoulos.com"
198.54.114.83 - - [04/Apr/2025:19:29:54 -0400] "POST /wp-admin/admin-ajax.php?action=async_litespeed&nonce=GUrT2GrD250PN6eeDTQ5XFnKAola9uGN&litespeed_type=imgoptm HTTP/1.1" 200 0 "-" "WordPress/6.7.2; https://christianmantopoulos.com"
165.227.84.75 - - [04/Apr/2025:19:30:30 -0400] "GET /wp-login.php HTTP/1.1" 200 1721 "-" "GRequests/0.10"
165.227.84.75 - - [04/Apr/2025:19:30:33 -0400] "POST /wp-login.php HTTP/1.1" 200 1850 "-" "GRequests/0.10"
45.11.20.14 - - [04/Apr/2025:19:31:20 -0400] "GET /wp-content/plugins/kubio-pro/readme.txt HTTP/1.1" 404 1251 "-" "Mozilla/5.0 (compatible; Googlebot/2.1; +http://www.google.com/bot.html)"
198.54.114.83 - - [04/Apr/2025:19:37:02 -0400] "POST /wp-admin/admin-ajax.php?action=async_litespeed&nonce=mw5fuTmwsHucI3CWMIjFHle6CxKPoKG4&litespeed_type=imgoptm HTTP/1.1" 200 0 "-" "WordPress/6.7.2; https://christianmantopoulos.com"
198.54.114.83 - - [04/Apr/2025:19:38:40 -0400] "POST /wp-admin/admin-ajax.php?action=async_litespeed&nonce=6NVVbuEK7wm4tTW2qUQMis8JrjfxNOHE&litespeed_type=imgoptm HTTP/1.1" 200 0 "-" "WordPress/6.7.2; https://christianmantopoulos.com"
151.106.168.134 - - [04/Apr/2025:19:39:25 -0400] "GET /wp-content/uploads/2023/01/mu2.jpg HTTP/1.1" 404 1251 "-" "Mozilla/5.0 (X11; Ubuntu; Linux x86_64; rv:72.0) Gecko/20100101 Firefox/72.0"
151.106.168.134 - - [04/Apr/2025:19:39:29 -0400] "GET /wp-content/uploads/2023/01/mu2.jpg HTTP/1.1" 404 1251 "-" "Mozilla/5.0 (X11; Ubuntu; Linux x86_64; rv:72.0) Gecko/20100101 Firefox/72.0"
151.106.168.134 - - [04/Apr/2025:19:39:32 -0400] "GET /wp-content/uploads/2023/01/mu2.jpg HTTP/1.1" 404 1251 "-" "Mozilla/5.0 (X11; Ubuntu; Linux x86_64; rv:72.0) Gecko/20100101 Firefox/72.0"
54.166.126.132 - - [04/Apr/2025:19:39:51 -0400] "GET /satis-related-articles/ HTTP/1.1" 404 1251 "-" "Mozilla/5.0 AppleWebKit/537.36 (KHTML, like Gecko; compatible; Amazonbot/0.1; +https://developer.amazon.com/support/amazonbot) Chrome/119.0.6045.214 Safari/537.36"
198.54.114.83 - - [04/Apr/2025:19:40:47 -0400] "POST /wp-admin/admin-ajax.php?action=async_litespeed&nonce=V0qm5OjgChVwKjc04vRY1eWdC7c8TzoN&litespeed_type=imgoptm HTTP/1.1" 200 0 "-" "WordPress/6.7.2; https://christianmantopoulos.com"
198.54.114.83 - - [04/Apr/2025:19:42:25 -0400] "POST /wp-admin/admin-ajax.php?action=async_litespeed&nonce=PxF3upmDZJt3NtPLbICnGPohehswd31L&litespeed_type=imgoptm HTTP/1.1" 200 0 "-" "WordPress/6.7.2; https://christianmantopoulos.com"
198.54.114.83 - - [04/Apr/2025:19:44:55 -0400] "POST /wp-admin/admin-ajax.php?action=async_litespeed&nonce=2KDjtTq46G09j9irWpdyiVxfb5m3TzAx&litespeed_type=imgoptm HTTP/1.1" 200 0 "-" "WordPress/6.7.2; https://christianmantopoulos.com"
52.167.144.213 - - [04/Apr/2025:19:46:23 -0400] "GET /jisakuaasouk/ka-ko/kichikuou-rance HTTP/1.1" 404 1251 "-" "Mozilla/5.0 AppleWebKit/537.36 (KHTML, like Gecko; compatible; bingbot/2.0; +http://www.bing.com/bingbot.htm) Chrome/116.0.1938.76 Safari/537.36"
151.106.164.53 - - [04/Apr/2025:19:49:50 -0400] "GET /wp-content/uploads/2023/06/How-to-Hack-People-on-Musically.png HTTP/1.1" 404 1251 "-" "Mozilla/5.0 (X11; Ubuntu; Linux x86_64; rv:72.0) Gecko/20100101 Firefox/72.0"
151.106.164.53 - - [04/Apr/2025:19:49:51 -0400] "GET /wp-content/uploads/2023/06/How-to-Hack-People-on-Musically.png HTTP/1.1" 404 1251 "-" "Mozilla/5.0 (X11; Ubuntu; Linux x86_64; rv:72.0) Gecko/20100101 Firefox/72.0"
52.37.103.159 - - [04/Apr/2025:19:49:55 -0400] "GET /what-is-football/ HTTP/1.1" 404 1251 "-" "Mozilla/5.0 (Windows NT 6.1; WOW64; rv:50.0) Gecko/20100101 Firefox/50.0"
151.106.164.53 - - [04/Apr/2025:19:49:58 -0400] "GET /wp-content/uploads/2023/06/How-to-Hack-People-on-Musically.png HTTP/1.1" 404 1251 "-" "Mozilla/5.0 (X11; Ubuntu; Linux x86_64; rv:72.0) Gecko/20100101 Firefox/72.0"
185.191.171.4 - - [04/Apr/2025:19:51:25 -0400] "GET /robots.txt HTTP/1.1" 404 1251 "-" "Mozilla/5.0 (compatible; SemrushBot/7~bl; +http://www.semrush.com/bot.html)"
185.191.171.2 - - [04/Apr/2025:19:51:28 -0400] "GET /the-winning-edge-unveiling-the-power-of-sports-grip-socks/ HTTP/1.1" 404 1251 "-" "Mozilla/5.0 (compatible; SemrushBot/7~bl; +http://www.semrush.com/bot.html)"
34.222.157.161 - - [04/Apr/2025:19:51:34 -0400] "GET /how-to-buy-cheap-youtube-views/ HTTP/1.1" 404 1251 "-" "Mozilla/5.0 (X11; Linux i686; rv:48.0) Gecko/20100101 Firefox/48.0"
157.55.39.203 - - [04/Apr/2025:19:51:39 -0400] "GET /post-2335 HTTP/1.1" 404 1251 "-" "Mozilla/5.0 AppleWebKit/537.36 (KHTML, like Gecko; compatible; bingbot/2.0; +http://www.bing.com/bingbot.htm) Chrome/116.0.1938.76 Safari/537.36"
52.167.144.161 - - [04/Apr/2025:19:51:46 -0400] "GET /navigating-the-risks-and-rewards-of-online-betting/feed/ HTTP/1.1" 404 1251 "-" "Mozilla/5.0 AppleWebKit/537.36 (KHTML, like Gecko; compatible; bingbot/2.0; +http://www.bing.com/bingbot.htm) Chrome/116.0.1938.76 Safari/537.36"
198.54.114.83 - - [04/Apr/2025:19:55:59 -0400] "POST /wp-admin/admin-ajax.php?action=async_litespeed&nonce=IsfVR4CYc6p5T2HNfIOWLl3xYu6H9b51&litespeed_type=imgoptm HTTP/1.1" 200 0 "-" "WordPress/6.7.2; https://christianmantopoulos.com"
52.167.144.161 - - [04/Apr/2025:19:56:25 -0400] "GET /jszd/3048.html HTTP/1.1" 404 1251 "-" "Mozilla/5.0 AppleWebKit/537.36 (KHTML, like Gecko; compatible; bingbot/2.0; +http://www.bing.com/bingbot.htm) Chrome/116.0.1938.76 Safari/537.36"
87.250.224.119 - - [04/Apr/2025:19:56:51 -0400] "GET /robots.txt HTTP/1.1" 404 1251 "-" "Mozilla/5.0 (compatible; YandexBot/3.0; +http://yandex.com/bots)"
213.180.203.139 - - [04/Apr/2025:19:56:53 -0400] "GET /gippro-vaporizers/ HTTP/1.1" 404 1251 "-" "Mozilla/5.0 (compatible; YandexBot/3.0; +http://yandex.com/bots)"
198.54.114.83 - - [04/Apr/2025:19:58:23 -0400] "POST /wp-admin/admin-ajax.php?action=async_litespeed&nonce=rvURi8pDuuY8Gw15IS9wEVIlNe1ewNmT&litespeed_type=imgoptm HTTP/1.1" 200 0 "-" "WordPress/6.7.2; https://christianmantopoulos.com"
198.54.114.83 - - [04/Apr/2025:20:02:21 -0400] "POST /wp-admin/admin-ajax.php?action=async_litespeed&nonce=wVgaiXOagFQMG4NxZTuSWpXYeZCbgpWO&litespeed_type=imgoptm HTTP/1.1" 200 0 "-" "WordPress/6.7.2; https://christianmantopoulos.com"
51.222.253.11 - - [04/Apr/2025:20:03:58 -0400] "GET /wp-admin/ HTTP/1.1" 302 0 "-" "Mozilla/5.0 (compatible; AhrefsBot/7.0; +http://ahrefs.com/robot/)"
198.54.114.83 - - [04/Apr/2025:20:04:03 -0400] "POST /wp-cron.php?doing_wp_cron=1743811441.8591039180755615234375 HTTP/1.1" 200 0 "-" "WordPress/6.7.2; https://christianmantopoulos.com"
119.8.116.24 - - [04/Apr/2025:20:04:41 -0400] "GET /die-ara-der-modernen-hangeleuchten/ HTTP/1.1" 404 1251 "https://christianmantopoulos.com/die-ara-der-modernen-hangeleuchten/#primary" "Mozilla/5.0 (Macintosh; Intel Mac OS X 10_15_7) AppleWebKit/537.36 (KHTML, like Gecko) Chrome/123.0.0.0 Safari/537.36"
198.54.114.83 - - [04/Apr/2025:20:07:34 -0400] "POST /wp-admin/admin-ajax.php?action=async_litespeed&nonce=QWcALW0ydpTpNNtmxgSrnf3agaRDwF6K&litespeed_type=imgoptm HTTP/1.1" 200 0 "-" "WordPress/6.7.2; https://christianmantopoulos.com"
103.132.181.183 - - [04/Apr/2025:20:08:32 -0400] "HEAD / HTTP/1.1" 200 0 "-" "python-requests/2.32.3"
198.54.114.83 - - [04/Apr/2025:20:08:34 -0400] "POST /wp-cron.php?doing_wp_cron=1743811713.8458590507507324218750 HTTP/1.1" 200 0 "-" "WordPress/6.7.2; https://christianmantopoulos.com"
103.132.181.183 - - [04/Apr/2025:20:08:33 -0400] "GET /wp-admin/ HTTP/1.1" 302 0 "www.google.com" "DuckDuckBot/1.1; (+http://duckduckgo.com/duckduckbot.html)"
198.54.114.83 - - [04/Apr/2025:20:08:34 -0400] "POST /wp-admin/admin-ajax.php?action=async_litespeed&nonce=ym5XHuybjPfVvPxZVxIIRzP9miLoqFId&litespeed_type=imgoptm HTTP/1.1" 200 5 "-" "WordPress/6.7.2; https://christianmantopoulos.com"
103.132.181.183 - - [04/Apr/2025:20:08:34 -0400] "GET /wp-login.php?redirect_to=https%3A%2F%2Fchristianmantopoulos.com%2Fwp-admin%2F&reauth=1 HTTP/1.1" 200 1720 "www.google.com" "DuckDuckBot/1.1; (+http://duckduckgo.com/duckduckbot.html)"
103.132.181.183 - - [04/Apr/2025:20:08:36 -0400] "HEAD / HTTP/1.1" 200 0 "-" "python-requests/2.32.3"
103.132.181.183 - - [04/Apr/2025:20:08:38 -0400] "GET /?author=1 HTTP/1.1" 200 78024 "www.google.com" "Mozilla/5.0 (compatible; bingbot/2.0; +http://www.bing.com/bingbot.htm)"
103.132.181.183 - - [04/Apr/2025:20:08:39 -0400] "GET /?author=2 HTTP/1.1" 200 78024 "www.google.com" "Mozilla/5.0 (Windows NT 10.0; Win64; x64) AppleWebKit/537.36 (KHTML, like Gecko) Chrome/91.0.4472.124 Safari/537.36 Edg/91.0.864.64"
103.132.181.183 - - [04/Apr/2025:20:08:41 -0400] "GET /?author=3 HTTP/1.1" 200 78024 "www.google.com" "DuckDuckBot/1.1; (+http://duckduckgo.com/duckduckbot.html)"
103.132.181.183 - - [04/Apr/2025:20:08:44 -0400] "GET /?author=4 HTTP/1.1" 200 78024 "www.google.com" "Mozilla/5.0 (Macintosh; Intel Mac OS X 10_14_6) AppleWebKit/537.36 (KHTML, like Gecko) Chrome/78.0.3904.108 Safari/537.36"
103.132.181.183 - - [04/Apr/2025:20:08:46 -0400] "GET /?author=5 HTTP/1.1" 200 78024 "www.google.com" "Mozilla/5.0 (Windows NT 6.1; WOW64; rv:57.0) Gecko/20100101 Firefox/57.0Mozilla/5.0 (Windows NT 10.0; Win64; x64) AppleWebKit/537.36 (KHTML, like Gecko) Chrome/114.0.0.0 Safari/537.36"
103.132.181.183 - - [04/Apr/2025:20:08:47 -0400] "GET /?author=6 HTTP/1.1" 200 78024 "www.google.com" "Mozilla/5.0 (Linux; Android 11; SM-G973F) AppleWebKit/537.36 (KHTML, like Gecko) SamsungBrowser/15.0 Chrome/87.0.4280.101 Mobile Safari/537.36"
103.132.181.183 - - [04/Apr/2025:20:08:49 -0400] "GET /?author=7 HTTP/1.1" 200 78024 "www.google.com" "Mozilla/5.0 (Windows NT 10.0; Win64; x64) AppleWebKit/537.36 (KHTML, like Gecko) Chrome/91.0.4472.124 Safari/537.36"
103.132.181.183 - - [04/Apr/2025:20:08:50 -0400] "GET /?author=8 HTTP/1.1" 200 78024 "www.google.com" "Mozilla/5.0 (Linux; Android 7.0; SM-G892A Build/NRD90M; wv) AppleWebKit/537.36 (KHTML, like Gecko) Version/4.0 Chrome/60.0.3112.107 Mobile Safari/537.36"
103.132.181.183 - - [04/Apr/2025:20:08:52 -0400] "GET /?author=9 HTTP/1.1" 200 78024 "www.google.com" "Mozilla/5.0 (Linux; Android 11; SM-G973F) AppleWebKit/537.36 (KHTML, like Gecko) SamsungBrowser/15.0 Chrome/87.0.4280.101 Mobile Safari/537.36"
103.132.181.183 - - [04/Apr/2025:20:08:53 -0400] "GET /?author=10 HTTP/1.1" 200 78024 "www.google.com" "Mozilla/5.0 (Windows NT 6.1; WOW64; rv:57.0) Gecko/20100101 Firefox/57.0Mozilla/5.0 (Windows NT 10.0; Win64; x64) AppleWebKit/537.36 (KHTML, like Gecko) Chrome/114.0.0.0 Safari/537.36"
103.132.181.183 - - [04/Apr/2025:20:08:55 -0400] "GET /?author=11 HTTP/1.1" 200 78024 "www.google.com" "Mozilla/5.0 (Windows NT 10.0; Win64; x64) AppleWebKit/537.36 (KHTML, like Gecko) Chrome/91.0.4472.124 Safari/537.36 Brave/91.0.4472.124"
103.132.181.183 - - [04/Apr/2025:20:08:58 -0400] "GET /?author=12 HTTP/1.1" 200 78024 "www.google.com" "Mozilla/5.0 (Windows NT 10.0; Win64; x64; rv:114.0) Gecko/20100101 Firefox/114.0"
103.132.181.183 - - [04/Apr/2025:20:08:59 -0400] "GET /?author=13 HTTP/1.1" 200 78024 "www.google.com" "Mozilla/5.0 (Linux; Android 10; Pixel 4) AppleWebKit/537.36 (KHTML, like Gecko) Chrome/91.0.4472.124 Mobile Safari/537.36"
103.132.181.183 - - [04/Apr/2025:20:09:00 -0400] "GET /?author=14 HTTP/1.1" 200 78024 "www.google.com" "Mozilla/5.0 (Macintosh; Intel Mac OS X 10_14_6) AppleWebKit/537.36 (KHTML, like Gecko) Chrome/78.0.3904.108 Safari/537.36"
103.132.181.183 - - [04/Apr/2025:20:09:04 -0400] "GET /?author=15 HTTP/1.1" 200 78024 "www.google.com" "Mozilla/5.0 (Linux; Android 13; Pixel 6 Pro) AppleWebKit/537.36 (KHTML, like Gecko) Chrome/114.0.0.0 Mobile Safari/537.36"
103.132.181.183 - - [04/Apr/2025:20:09:05 -0400] "GET /?author=16 HTTP/1.1" 200 78024 "www.google.com" "Mozilla/5.0 (compatible; Baiduspider/2.0; +http://www.baidu.com/search/spider.html)"
103.132.181.183 - - [04/Apr/2025:20:09:07 -0400] "GET /?author=17 HTTP/1.1" 200 78024 "www.google.com" "Mozilla/5.0 (Linux; Android 10; SM-A205U) AppleWebKit/537.36 (KHTML, like Gecko) Chrome/83.0.4103.106 Mobile Safari/537.36 EdgA/46.03.4.5155"
103.132.181.183 - - [04/Apr/2025:20:09:09 -0400] "GET /?author=18 HTTP/1.1" 200 78024 "www.google.com" "Mozilla/5.0 (Windows NT 10.0; Win64; x64; rv:114.0) Gecko/20100101 Firefox/114.0"
103.132.181.183 - - [04/Apr/2025:20:09:10 -0400] "GET /?author=19 HTTP/1.1" 200 78024 "www.google.com" "Mozilla/5.0 (iPad; CPU OS 16_0 like Mac OS X) AppleWebKit/605.1.15 (KHTML, like Gecko) Version/16.0 Mobile/15E148 Safari/604.1"
185.220.101.18 - - [04/Apr/2025:20:09:25 -0400] "GET / HTTP/1.1" 200 78024 "https://christianmantopoulos.com" "Mozilla/5.0 (Windows NT 5.1) AppleWebKit/537.36 (KHTML, like Gecko) Chrome/47.0.2526.73 Safari/537.36 OPR/34.0.2036.25 (Edition Campaign 38)"
85.208.96.205 - - [04/Apr/2025:20:10:05 -0400] "GET /shooting-budapest-a-feast-for-the-eyes/ HTTP/1.1" 404 1251 "-" "Mozilla/5.0 (compatible; SemrushBot/7~bl; +http://www.semrush.com/bot.html)"
198.54.114.83 - - [04/Apr/2025:20:10:16 -0400] "POST /wp-admin/admin-ajax.php?action=async_litespeed&nonce=fmva0uSsXbvlKmJ1xP4ZfBBdljVtC2iy&litespeed_type=imgoptm HTTP/1.1" 200 0 "-" "WordPress/6.7.2; https://christianmantopoulos.com"
198.54.114.83 - - [04/Apr/2025:20:10:31 -0400] "POST /wp-admin/admin-ajax.php?action=async_litespeed&nonce=ozDMswNO6opv3uEuf6UR4yLxkMBk9QnG&litespeed_type=imgoptm HTTP/1.1" 200 0 "-" "WordPress/6.7.2; https://christianmantopoulos.com"
8.210.153.23 - - [04/Apr/2025:20:11:41 -0400] "GET / HTTP/1.1" 200 78024 "-" "Mozilla/5.0 (Macintosh; Intel Mac OS X 10_15_7) AppleWebKit/537.36 (KHTML, like Gecko) Chrome/116.0.0.0 Safari/537.36"
8.210.153.23 - - [04/Apr/2025:20:11:42 -0400] "GET /products/sw.js HTTP/1.1" 404 1251 "https://christianmantopoulos.com/" "Mozilla/5.0 (X11; Linux x86_64) AppleWebKit/537.36 (KHTML, like Gecko) HeadlessChrome/117.0.5938.62 Safari/537.36"
198.54.114.83 - - [04/Apr/2025:20:13:42 -0400] "POST /wp-admin/admin-ajax.php?action=async_litespeed&nonce=JigGn8UYMv0gbVihCfSQz0HApbJkwj3O&litespeed_type=imgoptm HTTP/1.1" 200 0 "-" "WordPress/6.7.2; https://christianmantopoulos.com"
157.55.39.62 - - [04/Apr/2025:20:15:15 -0400] "GET /modules/docs/index.php?content_id=201 HTTP/1.1" 404 1251 "-" "Mozilla/5.0 AppleWebKit/537.36 (KHTML, like Gecko; compatible; bingbot/2.0; +http://www.bing.com/bingbot.htm) Chrome/116.0.1938.76 Safari/537.36"
95.108.213.193 - - [04/Apr/2025:20:16:11 -0400] "GET /robots.txt HTTP/1.1" 404 1251 "-" "Mozilla/5.0 (compatible; YandexBot/3.0; +http://yandex.com/bots)"
213.180.203.83 - - [04/Apr/2025:20:16:17 -0400] "GET /buy-youtube-views-with-instant-delivery/ HTTP/1.1" 404 1251 "-" "Mozilla/5.0 (compatible; YandexBot/3.0; +http://yandex.com/bots)"
198.54.114.83 - - [04/Apr/2025:20:17:11 -0400] "POST /wp-admin/admin-ajax.php?action=async_litespeed&nonce=S7hqrHh5AmN12oAoaFOuxxffZLit4V0k&litespeed_type=imgoptm HTTP/1.1" 200 0 "-" "WordPress/6.7.2; https://christianmantopoulos.com"
198.54.114.83 - - [04/Apr/2025:20:20:19 -0400] "POST /wp-admin/admin-ajax.php?action=async_litespeed&nonce=iU9jcrr2d1lcft8Il4JS2rejsVmqKONJ&litespeed_type=imgoptm HTTP/1.1" 200 0 "-" "WordPress/6.7.2; https://christianmantopoulos.com"
198.54.114.83 - - [04/Apr/2025:20:21:23 -0400] "POST /wp-admin/admin-ajax.php?action=async_litespeed&nonce=s0NmZrsWtqv2lwXjsKrmV7l2VHvG81DV&litespeed_type=imgoptm HTTP/1.1" 200 5 "-" "WordPress/6.7.2; https://christianmantopoulos.com"
52.167.144.237 - - [04/Apr/2025:20:22:55 -0400] "GET /shop/1092608/list.html HTTP/1.1" 404 1251 "-" "Mozilla/5.0 AppleWebKit/537.36 (KHTML, like Gecko; compatible; bingbot/2.0; +http://www.bing.com/bingbot.htm) Chrome/116.0.1938.76 Safari/537.36"
198.54.114.83 - - [04/Apr/2025:20:24:00 -0400] "POST /wp-admin/admin-ajax.php?action=async_litespeed&nonce=bcBp3xInTnq5oRhJeNkYQEXJTHbUhZxy&litespeed_type=imgoptm HTTP/1.1" 200 5 "-" "WordPress/6.7.2; https://christianmantopoulos.com"
40.77.167.65 - - [04/Apr/2025:20:24:40 -0400] "GET /team-kalmia/entry-12680797285.html HTTP/1.1" 404 1251 "-" "Mozilla/5.0 AppleWebKit/537.36 (KHTML, like Gecko; compatible; bingbot/2.0; +http://www.bing.com/bingbot.htm) Chrome/116.0.1938.76 Safari/537.36"
51.8.102.161 - - [04/Apr/2025:20:25:15 -0400] "GET /robots.txt HTTP/1.1" 404 1251 "-" "Mozilla/5.0 (Macintosh; Intel Mac OS X 10_15_7) AppleWebKit/537.36 (KHTML, like Gecko) Chrome/131.0.0.0 Safari/537.36; compatible; OAI-SearchBot/1.0; +https://openai.com/searchbot"
198.54.114.83 - - [04/Apr/2025:20:31:21 -0400] "POST /wp-admin/admin-ajax.php?action=async_litespeed&nonce=SQhJ4RpsdtODvjLjexab19rafGwLVWCT&litespeed_type=imgoptm HTTP/1.1" 200 5 "-" "WordPress/6.7.2; https://christianmantopoulos.com"
198.54.114.83 - - [04/Apr/2025:20:33:35 -0400] "POST /wp-admin/admin-ajax.php?action=async_litespeed&nonce=9upA6q3rm2xUM47OtSChyn76TWW9Ft4e&litespeed_type=imgoptm HTTP/1.1" 200 5 "-" "WordPress/6.7.2; https://christianmantopoulos.com"
198.54.114.83 - - [04/Apr/2025:20:34:40 -0400] "POST /wp-admin/admin-ajax.php?action=async_litespeed&nonce=nT0B8zMcjXdp272Ol7h2h5LgHnhEWauf&litespeed_type=imgoptm HTTP/1.1" 200 5 "-" "WordPress/6.7.2; https://christianmantopoulos.com"
185.191.171.6 - - [04/Apr/2025:20:35:20 -0400] "GET /dad-jokes-for-kids/ HTTP/1.1" 404 1251 "-" "Mozilla/5.0 (compatible; SemrushBot/7~bl; +http://www.semrush.com/bot.html)"
198.54.114.83 - - [04/Apr/2025:20:37:20 -0400] "POST /wp-admin/admin-ajax.php?action=async_litespeed&nonce=PrBkYB9u6dfCt0uIWuyGJ8TUxp78Jgs9&litespeed_type=imgoptm HTTP/1.1" 200 5 "-" "WordPress/6.7.2; https://christianmantopoulos.com"
13.233.43.78 - - [04/Apr/2025:20:37:58 -0400] "GET /wp-login.php HTTP/1.1" 200 1721 "-" "GRequests/0.10"
13.233.43.78 - - [04/Apr/2025:20:37:59 -0400] "POST /wp-login.php HTTP/1.1" 200 1846 "-" "GRequests/0.10"
40.77.167.116 - - [04/Apr/2025:20:38:07 -0400] "GET /1460.html HTTP/1.1" 404 1251 "-" "Mozilla/5.0 AppleWebKit/537.36 (KHTML, like Gecko; compatible; bingbot/2.0; +http://www.bing.com/bingbot.htm) Chrome/116.0.1938.76 Safari/537.36"
185.191.171.10 - - [04/Apr/2025:20:38:12 -0400] "GET /how-to-find-the-best-web-design-in-dubai/ HTTP/1.1" 404 1251 "-" "Mozilla/5.0 (compatible; SemrushBot/7~bl; +http://www.semrush.com/bot.html)"
111.249.147.124 - - [04/Apr/2025:20:38:21 -0400] "GET /what-is-the-pgdl/ HTTP/1.1" 404 1251 "https://christianmantopoulos.com/what-is-the-pgdl/" "Mozilla/5.0 (Windows NT 6.1; WOW64) AppleWebKit/537.36 (KHTML, like Gecko) Chrome/33.0.2942.628 Safari/537.36"
164.52.205.112 - - [04/Apr/2025:20:38:50 -0400] "GET /wp-login.php HTTP/1.1" 200 1721 "-" "GRequests/0.10"
198.54.114.83 - - [04/Apr/2025:20:38:51 -0400] "POST /wp-cron.php?doing_wp_cron=1743813531.1839609146118164062500 HTTP/1.1" 200 0 "-" "WordPress/6.7.2; https://christianmantopoulos.com"
164.52.205.112 - - [04/Apr/2025:20:38:51 -0400] "POST /wp-login.php HTTP/1.1" 200 1849 "-" "GRequests/0.10"
198.54.114.83 - - [04/Apr/2025:20:38:51 -0400] "POST /wp-admin/admin-ajax.php?action=async_litespeed&nonce=Dj80climu9iiIFPtrsM5FcLfSyJLCCLH&litespeed_type=imgoptm HTTP/1.1" 200 5 "-" "WordPress/6.7.2; https://christianmantopoulos.com"
198.54.114.83 - - [04/Apr/2025:20:40:58 -0400] "POST /wp-admin/admin-ajax.php?action=async_litespeed&nonce=u0yQcJL7hjbbhSs9mR4w5BdwAR6lS0l3&litespeed_type=imgoptm HTTP/1.1" 200 5 "-" "WordPress/6.7.2; https://christianmantopoulos.com"
198.54.114.83 - - [04/Apr/2025:20:41:40 -0400] "POST /wp-admin/admin-ajax.php?action=async_litespeed&nonce=QSRuCltYzQ1H0un6E2l0UQuW7oiYjYfc&litespeed_type=imgoptm HTTP/1.1" 200 5 "-" "WordPress/6.7.2; https://christianmantopoulos.com"
74.208.251.141 - - [04/Apr/2025:20:44:33 -0400] "GET /wp-login.php HTTP/1.1" 200 1721 "-" "GRequests/0.10"
74.208.251.141 - - [04/Apr/2025:20:44:34 -0400] "POST /wp-login.php HTTP/1.1" 200 1876 "-" "GRequests/0.10"
198.54.114.83 - - [04/Apr/2025:20:44:34 -0400] "POST /wp-admin/admin-ajax.php?action=async_litespeed&nonce=0IOLM5BXWagYqopmp3sFtTIc5irHOAZV&litespeed_type=imgoptm HTTP/1.1" 200 5 "-" "WordPress/6.7.2; https://christianmantopoulos.com"
198.54.114.83 - - [04/Apr/2025:20:45:21 -0400] "POST /wp-admin/admin-ajax.php?action=async_litespeed&nonce=ncnHctmTgeaSwyFGLfLoEJzp1PAp3u3l&litespeed_type=imgoptm HTTP/1.1" 200 5 "-" "WordPress/6.7.2; https://christianmantopoulos.com"
34.169.216.138 - - [04/Apr/2025:20:46:09 -0400] "GET /omnivoid-inc-making-waves-in-the-omnivoid-world/ HTTP/1.1" 404 1251 "-" "Mozilla/5.0 (Macintosh; Intel Mac OS X 10_15_7) AppleWebKit/605.1.15 (KHTML, like Gecko) Version/17.0 Safari/605.1.15"
66.249.72.197 - - [04/Apr/2025:20:46:21 -0400] "GET /finding-childminders-near-me/ HTTP/1.1" 404 1251 "-" "Mozilla/5.0 (Linux; Android 6.0.1; Nexus 5X Build/MMB29P) AppleWebKit/537.36 (KHTML, like Gecko) Chrome/134.0.6998.165 Mobile Safari/537.36 (compatible; Googlebot/2.1; +http://www.google.com/bot.html)"
34.145.20.211 - - [04/Apr/2025:20:46:28 -0400] "GET /top-ten-baby-presents-buy-baby-gift-items-that-are-needed/ HTTP/1.1" 404 1251 "-" "Mozilla/5.0 (Macintosh; Intel Mac OS X 10_15_7) AppleWebKit/605.1.15 (KHTML, like Gecko) Version/17.0 Safari/605.1.15"
34.83.238.29 - - [04/Apr/2025:20:47:00 -0400] "GET /how-to-choose-a-web-design-company/ HTTP/1.1" 404 1251 "-" "Mozilla/5.0 (Macintosh; Intel Mac OS X 10.15; rv:109.0) Gecko/20100101 Firefox/116.0"
111.249.147.124 - - [04/Apr/2025:20:48:48 -0400] "GET /what-is-the-pgdl/ HTTP/1.1" 404 1251 "https://christianmantopoulos.com/what-is-the-pgdl/" "Mozilla/5.0 (Windows NT 6.1; WOW64) AppleWebKit/537.36 (KHTML, like Gecko) Chrome/37.0.9671.555 Safari/537.36"
198.54.114.83 - - [04/Apr/2025:20:49:06 -0400] "POST /wp-admin/admin-ajax.php?action=async_litespeed&nonce=Dbz0lYhaWc8p46dmuDnG2hDaeyo4wOVy&litespeed_type=imgoptm HTTP/1.1" 200 5 "-" "WordPress/6.7.2; https://christianmantopoulos.com"
40.77.167.224 - - [04/Apr/2025:20:50:41 -0400] "GET /eine-visuelle-anleitung-fur-verstandnis/feed/ HTTP/1.1" 404 1251 "-" "Mozilla/5.0 AppleWebKit/537.36 (KHTML, like Gecko; compatible; bingbot/2.0; +http://www.bing.com/bingbot.htm) Chrome/116.0.1938.76 Safari/537.36"
34.169.189.46 - - [04/Apr/2025:20:51:12 -0400] "GET /does-find-my-iphone-work-when-phone-is-dead/ HTTP/1.1" 404 1251 "-" "Mozilla/5.0 (Macintosh; Intel Mac OS X 10.15; rv:109.0) Gecko/20100101 Firefox/116.0"
40.77.167.144 - - [04/Apr/2025:20:51:38 -0400] "GET /zongyi/xiangwangdeshenghuodiwuji HTTP/1.1" 404 1251 "-" "Mozilla/5.0 AppleWebKit/537.36 (KHTML, like Gecko; compatible; bingbot/2.0; +http://www.bing.com/bingbot.htm) Chrome/116.0.1938.76 Safari/537.36"
198.54.114.83 - - [04/Apr/2025:20:54:11 -0400] "POST /wp-admin/admin-ajax.php?action=async_litespeed&nonce=qpDvzKuUJYZddFUmXCNcLWo9oOjRMZQj&litespeed_type=imgoptm HTTP/1.1" 200 5 "-" "WordPress/6.7.2; https://christianmantopoulos.com"
198.54.114.83 - - [04/Apr/2025:20:57:28 -0400] "POST /wp-admin/admin-ajax.php?action=async_litespeed&nonce=ke0lMV6znLlcqTLL9V2SyojM6560Lywu&litespeed_type=imgoptm HTTP/1.1" 200 5 "-" "WordPress/6.7.2; https://christianmantopoulos.com"
198.54.114.83 - - [04/Apr/2025:20:58:58 -0400] "POST /wp-admin/admin-ajax.php?action=async_litespeed&nonce=BVDndczhqlnTNslnPt1TL6nxMQmk0Ibr&litespeed_type=imgoptm HTTP/1.1" 200 0 "-" "WordPress/6.7.2; https://christianmantopoulos.com"
198.54.114.83 - - [04/Apr/2025:21:01:11 -0400] "POST /wp-admin/admin-ajax.php?action=async_litespeed&nonce=5zewfEOOeVOf2Fnca4vByhd00G9GqB6a&litespeed_type=imgoptm HTTP/1.1" 200 5 "-" "WordPress/6.7.2; https://christianmantopoulos.com"
198.54.114.83 - - [04/Apr/2025:21:03:33 -0400] "POST /wp-admin/admin-ajax.php?action=async_litespeed&nonce=wbZvs1jI0dOUulfzgm4GFPxmBwmR0wUx&litespeed_type=imgoptm HTTP/1.1" 200 5 "-" "WordPress/6.7.2; https://christianmantopoulos.com"
198.54.114.83 - - [04/Apr/2025:21:04:32 -0400] "POST /wp-admin/admin-ajax.php?action=async_litespeed&nonce=rKpD7VcEU2uthJhyL6yowIXwIzNU8so2&litespeed_type=imgoptm HTTP/1.1" 200 5 "-" "WordPress/6.7.2; https://christianmantopoulos.com"
198.54.114.83 - - [04/Apr/2025:21:06:36 -0400] "POST /wp-admin/admin-ajax.php?action=async_litespeed&nonce=kts7ooar37lIp6K4n34gd32EhIiewR86&litespeed_type=imgoptm HTTP/1.1" 200 5 "-" "WordPress/6.7.2; https://christianmantopoulos.com"
52.167.144.168 - - [04/Apr/2025:21:07:22 -0400] "GET /archives/7694 HTTP/1.1" 404 1251 "-" "Mozilla/5.0 AppleWebKit/537.36 (KHTML, like Gecko; compatible; bingbot/2.0; +http://www.bing.com/bingbot.htm) Chrome/116.0.1938.76 Safari/537.36"
198.54.114.83 - - [04/Apr/2025:21:08:07 -0400] "POST /wp-admin/admin-ajax.php?action=async_litespeed&nonce=qUOuGXzi0BuJ60OhXh6Y1xWXreRlHdFt&litespeed_type=imgoptm HTTP/1.1" 200 5 "-" "WordPress/6.7.2; https://christianmantopoulos.com"
111.249.147.124 - - [04/Apr/2025:21:09:25 -0400] "GET /what-is-the-pgdl/ HTTP/1.1" 404 1251 "https://christianmantopoulos.com/what-is-the-pgdl/" "Mozilla/5.0 (Windows NT 6.1; WOW64) AppleWebKit/537.36 (KHTML, like Gecko) Chrome/33.0.5618.565 Safari/537.36"
198.54.114.83 - - [04/Apr/2025:21:12:19 -0400] "POST /wp-admin/admin-ajax.php?action=async_litespeed&nonce=JI0SHQiWy78yJTVGU10YD7FbmHohlZjG&litespeed_type=imgoptm HTTP/1.1" 200 5 "-" "WordPress/6.7.2; https://christianmantopoulos.com"
198.54.114.83 - - [04/Apr/2025:21:13:44 -0400] "POST /wp-admin/admin-ajax.php?action=async_litespeed&nonce=DsEuZJGiv856k95hZnXJe6Ui8F4nJeqk&litespeed_type=imgoptm HTTP/1.1" 200 5 "-" "WordPress/6.7.2; https://christianmantopoulos.com"
198.54.114.83 - - [04/Apr/2025:21:15:40 -0400] "POST /wp-admin/admin-ajax.php?action=async_litespeed&nonce=UHPfksiqfp2n7uAOrOYy3aLaHIxpXukn&litespeed_type=imgoptm HTTP/1.1" 200 5 "-" "WordPress/6.7.2; https://christianmantopoulos.com"
198.54.114.83 - - [04/Apr/2025:21:18:13 -0400] "POST /wp-admin/admin-ajax.php?action=async_litespeed&nonce=0TlnPVj1KMCljEuf79yt7YJmcRBtH27f&litespeed_type=imgoptm HTTP/1.1" 200 5 "-" "WordPress/6.7.2; https://christianmantopoulos.com"
198.54.114.83 - - [04/Apr/2025:21:19:17 -0400] "POST /wp-admin/admin-ajax.php?action=async_litespeed&nonce=tcEVGDB29ZSEiooiVJtTITMSx5A8grOv&litespeed_type=imgoptm HTTP/1.1" 200 5 "-" "WordPress/6.7.2; https://christianmantopoulos.com"
111.249.147.124 - - [04/Apr/2025:21:19:54 -0400] "GET /what-is-the-pgdl/ HTTP/1.1" 404 1251 "https://christianmantopoulos.com/what-is-the-pgdl/" "Mozilla/5.0 (Windows NT 6.1; WOW64) AppleWebKit/537.36 (KHTML, like Gecko) Chrome/35.0.8332.315 Safari/537.36"
198.54.114.83 - - [04/Apr/2025:21:21:09 -0400] "POST /wp-admin/admin-ajax.php?action=async_litespeed&nonce=lBcoptlHXq02HUnCUtE9WPIbAOvbWndq&litespeed_type=imgoptm HTTP/1.1" 200 5 "-" "WordPress/6.7.2; https://christianmantopoulos.com"
198.54.114.83 - - [04/Apr/2025:21:23:29 -0400] "POST /wp-admin/admin-ajax.php?action=async_litespeed&nonce=UlVWJOek9lhGfGWFVklANdzjWwLNlhbJ&litespeed_type=imgoptm HTTP/1.1" 200 5 "-" "WordPress/6.7.2; https://christianmantopoulos.com"
198.54.114.83 - - [04/Apr/2025:21:24:24 -0400] "POST /wp-admin/admin-ajax.php?action=async_litespeed&nonce=Xvx3lejxuAUaEHrBkRZCxT10ugf93ZQG&litespeed_type=imgoptm HTTP/1.1" 200 5 "-" "WordPress/6.7.2; https://christianmantopoulos.com"
198.54.114.83 - - [04/Apr/2025:21:26:14 -0400] "POST /wp-admin/admin-ajax.php?action=async_litespeed&nonce=u1RtjcMZ1oD4GU9uVkKxzo6SB7Lk3akI&litespeed_type=imgoptm HTTP/1.1" 200 5 "-" "WordPress/6.7.2; https://christianmantopoulos.com"
13.74.103.50 - - [04/Apr/2025:21:26:18 -0400] "GET /wp-admin/user/admin.php HTTP/1.1" 302 0 "-" "-"
13.74.103.50 - - [04/Apr/2025:21:26:19 -0400] "GET /wp-login.php?redirect_to=https%3A%2F%2Fchristianmantopoulos.com%2Fwp-admin%2Fuser%2Fadmin.php&reauth=1 HTTP/1.1" 200 1732 "-" "-"
13.74.103.50 - - [04/Apr/2025:21:26:20 -0400] "GET /wp-admin/user/index.php HTTP/1.1" 302 0 "-" "-"
198.54.114.83 - - [04/Apr/2025:21:26:20 -0400] "POST /wp-admin/admin-ajax.php?action=async_litespeed&nonce=MXQ3SYuwz2zlOFk7o2dNa7lAI1kBsAP8&litespeed_type=imgoptm HTTP/1.1" 200 5 "-" "WordPress/6.7.2; https://christianmantopoulos.com"
198.54.114.83 - - [04/Apr/2025:21:26:21 -0400] "POST /wp-cron.php?doing_wp_cron=1743816381.0465340614318847656250 HTTP/1.1" 200 0 "-" "WordPress/6.7.2; https://christianmantopoulos.com"
13.74.103.50 - - [04/Apr/2025:21:26:20 -0400] "GET /wp-login.php?redirect_to=https%3A%2F%2Fchristianmantopoulos.com%2Fwp-admin%2Fuser%2Findex.php&reauth=1 HTTP/1.1" 200 1730 "-" "-"
13.74.103.50 - - [04/Apr/2025:21:26:26 -0400] "GET /wp-admin/network/admin.php HTTP/1.1" 302 0 "-" "-"
13.74.103.50 - - [04/Apr/2025:21:26:27 -0400] "GET /wp-login.php?redirect_to=https%3A%2F%2Fchristianmantopoulos.com%2Fwp-admin%2Fnetwork%2Fadmin.php&reauth=1 HTTP/1.1" 200 1730 "-" "-"
13.74.103.50 - - [04/Apr/2025:21:26:31 -0400] "GET /wp-admin/tools.php HTTP/1.1" 302 0 "-" "-"
13.74.103.50 - - [04/Apr/2025:21:26:32 -0400] "GET /wp-login.php?redirect_to=https%3A%2F%2Fchristianmantopoulos.com%2Fwp-admin%2Ftools.php&reauth=1 HTTP/1.1" 200 1730 "-" "-"
13.74.103.50 - - [04/Apr/2025:21:27:03 -0400] "GET /wp-admin/media.php HTTP/1.1" 302 0 "-" "-"
13.74.103.50 - - [04/Apr/2025:21:27:04 -0400] "GET /wp-login.php?redirect_to=https%3A%2F%2Fchristianmantopoulos.com%2Fwp-admin%2Fmedia.php&reauth=1 HTTP/1.1" 200 1729 "-" "-"
198.54.114.83 - - [04/Apr/2025:21:27:36 -0400] "POST /wp-cron.php?doing_wp_cron=1743816456.3974249362945556640625 HTTP/1.1" 200 0 "-" "WordPress/6.7.2; https://christianmantopoulos.com"
13.74.103.50 - - [04/Apr/2025:21:27:36 -0400] "GET /wp-login.php?action=register HTTP/1.1" 302 0 "-" "-"
13.74.103.50 - - [04/Apr/2025:21:27:37 -0400] "GET /wp-login.php?registration=disabled HTTP/1.1" 200 1782 "-" "-"
198.54.114.83 - - [04/Apr/2025:21:27:37 -0400] "POST /wp-admin/admin-ajax.php?action=async_litespeed&nonce=hafqMpr3uIkcfSkSQB5wUygDBdd4Hgaa&litespeed_type=imgoptm HTTP/1.1" 200 5 "-" "WordPress/6.7.2; https://christianmantopoulos.com"
13.74.103.50 - - [04/Apr/2025:21:27:48 -0400] "GET /wp-login.php HTTP/1.1" 200 1721 "-" "-"
13.74.103.50 - - [04/Apr/2025:21:27:55 -0400] "GET /wp-login.php?action=register HTTP/1.1" 302 0 "-" "-"
13.74.103.50 - - [04/Apr/2025:21:27:56 -0400] "GET /wp-login.php?registration=disabled HTTP/1.1" 200 1782 "-" "-"
198.54.114.83 - - [04/Apr/2025:21:28:21 -0400] "POST /wp-admin/admin-ajax.php?action=async_litespeed&nonce=YL0EQYC5LiUGp3JSivKSANkud8WuMuYq&litespeed_type=imgoptm HTTP/1.1" 200 5 "-" "WordPress/6.7.2; https://christianmantopoulos.com"
13.74.103.50 - - [04/Apr/2025:21:28:21 -0400] "GET /wp-admin/network/about.php HTTP/1.1" 302 0 "-" "-"
198.54.114.83 - - [04/Apr/2025:21:28:22 -0400] "POST /wp-cron.php?doing_wp_cron=1743816501.8195810317993164062500 HTTP/1.1" 200 0 "-" "WordPress/6.7.2; https://christianmantopoulos.com"
13.74.103.50 - - [04/Apr/2025:21:28:21 -0400] "GET /wp-login.php?redirect_to=https%3A%2F%2Fchristianmantopoulos.com%2Fwp-admin%2Fnetwork%2Fabout.php&reauth=1 HTTP/1.1" 200 1734 "-" "-"
13.74.103.50 - - [04/Apr/2025:21:28:47 -0400] "GET /wp-admin/update.php HTTP/1.1" 302 0 "-" "-"
13.74.103.50 - - [04/Apr/2025:21:28:48 -0400] "GET /wp-login.php?redirect_to=https%3A%2F%2Fchristianmantopoulos.com%2Fwp-admin%2Fupdate.php&reauth=1 HTTP/1.1" 200 1733 "-" "-"
13.74.103.50 - - [04/Apr/2025:21:28:59 -0400] "GET /wp-admin/network/index.php HTTP/1.1" 302 0 "-" "-"
13.74.103.50 - - [04/Apr/2025:21:28:59 -0400] "GET /wp-login.php?redirect_to=https%3A%2F%2Fchristianmantopoulos.com%2Fwp-admin%2Fnetwork%2Findex.php&reauth=1 HTTP/1.1" 200 1729 "-" "-"
13.74.103.50 - - [04/Apr/2025:21:29:03 -0400] "GET /wp-admin/index.php HTTP/1.1" 302 0 "-" "-"
13.74.103.50 - - [04/Apr/2025:21:29:03 -0400] "GET /wp-login.php?redirect_to=https%3A%2F%2Fchristianmantopoulos.com%2Fwp-admin%2Findex.php&reauth=1 HTTP/1.1" 200 1728 "-" "-"
198.54.114.83 - - [04/Apr/2025:21:29:24 -0400] "POST /wp-admin/admin-ajax.php?action=async_litespeed&nonce=r8Zea5vvrQx3tngAmtk4edkqvPWktyCm&litespeed_type=imgoptm HTTP/1.1" 200 5 "-" "WordPress/6.7.2; https://christianmantopoulos.com"
111.249.147.124 - - [04/Apr/2025:21:30:22 -0400] "GET /what-is-the-pgdl/ HTTP/1.1" 404 1251 "https://christianmantopoulos.com/what-is-the-pgdl/" "Mozilla/5.0 (Windows NT 6.1; WOW64) AppleWebKit/537.36 (KHTML, like Gecko) Chrome/31.0.7285.181 Safari/537.36"
198.54.114.83 - - [04/Apr/2025:21:32:11 -0400] "POST /wp-admin/admin-ajax.php?action=async_litespeed&nonce=v3WlvDpRMW000VoAdN5dBHSDHbPbuqNS&litespeed_type=imgoptm HTTP/1.1" 200 5 "-" "WordPress/6.7.2; https://christianmantopoulos.com"
198.54.114.83 - - [04/Apr/2025:21:32:27 -0400] "POST /wp-admin/admin-ajax.php?action=async_litespeed&nonce=fnDo16jbrOmuQMEMKJfnJtoUzYuyFB4o&litespeed_type=imgoptm HTTP/1.1" 200 5 "-" "WordPress/6.7.2; https://christianmantopoulos.com"
222.239.193.206 - - [04/Apr/2025:21:35:32 -0400] "GET /wp-login.php HTTP/1.1" 200 1721 "-" "GRequests/0.10"
198.54.114.83 - - [04/Apr/2025:21:35:36 -0400] "POST /wp-cron.php?doing_wp_cron=1743816935.6359510421752929687500 HTTP/1.1" 200 0 "-" "WordPress/6.7.2; https://christianmantopoulos.com"
222.239.193.206 - - [04/Apr/2025:21:35:32 -0400] "POST /wp-login.php HTTP/1.1" 200 1876 "-" "GRequests/0.10"
198.54.114.83 - - [04/Apr/2025:21:35:37 -0400] "POST /wp-admin/admin-ajax.php?action=async_litespeed&nonce=ijmHa5s48RbpsIV6olFt5eHcesFCInYE&litespeed_type=imgoptm HTTP/1.1" 200 0 "-" "WordPress/6.7.2; https://christianmantopoulos.com"
52.167.144.179 - - [04/Apr/2025:21:36:43 -0400] "GET /groff_ms.html HTTP/1.1" 404 1251 "-" "Mozilla/5.0 AppleWebKit/537.36 (KHTML, like Gecko; compatible; bingbot/2.0; +http://www.bing.com/bingbot.htm) Chrome/116.0.1938.76 Safari/537.36"
185.177.151.34 - - [04/Apr/2025:21:37:55 -0400] "GET / HTTP/1.1" 200 78024 "https://christianmantopoulos.com" "Mozilla/5.0 (Windows NT 6.2; WOW64) AppleWebKit/537.36 (KHTML, like Gecko) Chrome/28.0.1500.75 Safari/537.36 MRCHROME"
198.54.114.83 - - [04/Apr/2025:21:39:06 -0400] "POST /wp-admin/admin-ajax.php?action=async_litespeed&nonce=AnpdbT6hbjwlW0Q0R1tGFkuVtBaomTA3&litespeed_type=imgoptm HTTP/1.1" 200 5 "-" "WordPress/6.7.2; https://christianmantopoulos.com"
111.249.147.124 - - [04/Apr/2025:21:40:27 -0400] "GET /what-is-the-pgdl/ HTTP/1.1" 404 1251 "https://christianmantopoulos.com/what-is-the-pgdl/" "Mozilla/5.0 (Windows NT 6.1; WOW64) AppleWebKit/537.36 (KHTML, like Gecko) Chrome/31.0.0155.736 Safari/537.36"
198.54.114.83 - - [04/Apr/2025:21:40:29 -0400] "POST /wp-admin/admin-ajax.php?action=async_litespeed&nonce=SfvPxu6Xr48WWdGyEoEalUxrfwXdSXUZ&litespeed_type=imgoptm HTTP/1.1" 200 5 "-" "WordPress/6.7.2; https://christianmantopoulos.com"
52.167.144.179 - - [04/Apr/2025:21:41:03 -0400] "GET /news-528.html HTTP/1.1" 404 1251 "-" "Mozilla/5.0 AppleWebKit/537.36 (KHTML, like Gecko; compatible; bingbot/2.0; +http://www.bing.com/bingbot.htm) Chrome/116.0.1938.76 Safari/537.36"
34.145.20.211 - - [04/Apr/2025:21:41:33 -0400] "GET /unraveling-the-myth-of-buy-youtube-views-non-drop/ HTTP/1.1" 404 1251 "-" "Mozilla/5.0 (Macintosh; Intel Mac OS X 10.15; rv:109.0) Gecko/20100101 Firefox/116.0"
40.77.167.19 - - [04/Apr/2025:21:41:39 -0400] "GET /driving-success-the-thriving-car-sales-market-in-hamilton/feed/ HTTP/1.1" 404 1251 "-" "Mozilla/5.0 AppleWebKit/537.36 (KHTML, like Gecko; compatible; bingbot/2.0; +http://www.bing.com/bingbot.htm) Chrome/116.0.1938.76 Safari/537.36"
198.54.114.83 - - [04/Apr/2025:21:42:53 -0400] "POST /wp-admin/admin-ajax.php?action=async_litespeed&nonce=LFqdCCTg27e88YAWEPtLsLHs1YPMFCEZ&litespeed_type=imgoptm HTTP/1.1" 200 5 "-" "WordPress/6.7.2; https://christianmantopoulos.com"
4.227.36.80 - - [04/Apr/2025:21:43:52 -0400] "GET /robots.txt HTTP/1.1" 404 1251 "-" "Mozilla/5.0 AppleWebKit/537.36 (KHTML, like Gecko; compatible; GPTBot/1.2; +https://openai.com/gptbot)"
195.191.219.132 - - [04/Apr/2025:21:43:56 -0400] "GET /robots.txt HTTP/1.1" 404 1251 "-" "Mozilla/5.0 (compatible; MJ12bot/v2.0.0; http://mj12bot.com/)"
195.191.219.132 - - [04/Apr/2025:21:43:58 -0400] "GET / HTTP/1.1" 200 78024 "-" "Mozilla/5.0 (compatible; MJ12bot/v2.0.0; http://mj12bot.com/)"
198.54.114.83 - - [04/Apr/2025:21:46:43 -0400] "POST /wp-admin/admin-ajax.php?action=async_litespeed&nonce=1cQ05yoddgq3dxgxIzFkFnvR0OPonWVm&litespeed_type=imgoptm HTTP/1.1" 200 0 "-" "WordPress/6.7.2; https://christianmantopoulos.com"
34.127.29.78 - - [04/Apr/2025:21:47:52 -0400] "GET /how-to-choose-a-web-design-company/ HTTP/1.1" 404 1251 "-" "Mozilla/5.0 (Macintosh; Intel Mac OS X 10_15_7) AppleWebKit/605.1.15 (KHTML, like Gecko) Version/17.0 Safari/605.1.15"
198.54.114.83 - - [04/Apr/2025:21:49:54 -0400] "POST /wp-admin/admin-ajax.php?action=async_litespeed&nonce=aYQk03qp2GzZvhjQfxfaaDHmes8N75DS&litespeed_type=imgoptm HTTP/1.1" 200 5 "-" "WordPress/6.7.2; https://christianmantopoulos.com"
111.249.147.124 - - [04/Apr/2025:21:50:19 -0400] "GET /what-is-the-pgdl/ HTTP/1.1" 404 1251 "https://christianmantopoulos.com/what-is-the-pgdl/" "Mozilla/5.0 (Windows NT 6.1; WOW64) AppleWebKit/537.36 (KHTML, like Gecko) Chrome/38.0.1398.082 Safari/537.36"
34.169.31.233 - - [04/Apr/2025:21:50:33 -0400] "GET /join-and-paste-boat-building/ HTTP/1.1" 404 1251 "-" "Mozilla/5.0 (Macintosh; Intel Mac OS X 10_15_7) AppleWebKit/605.1.15 (KHTML, like Gecko) Version/17.0 Safari/605.1.15"
198.54.114.83 - - [04/Apr/2025:21:51:10 -0400] "POST /wp-admin/admin-ajax.php?action=async_litespeed&nonce=xHoiCefL8CGdcVN71nqDnK5OS7JZabhf&litespeed_type=imgoptm HTTP/1.1" 200 5 "-" "WordPress/6.7.2; https://christianmantopoulos.com"
34.169.216.138 - - [04/Apr/2025:21:52:35 -0400] "GET /navigating-the-complex-landscape-of-employment-law-advice/ HTTP/1.1" 404 1251 "-" "Mozilla/5.0 (Windows NT 10.0; Win64; x64) AppleWebKit/537.36 (KHTML, like Gecko) Chrome/123.0.0.0 Safari/537.36"
198.54.114.83 - - [04/Apr/2025:21:53:00 -0400] "POST /wp-admin/admin-ajax.php?action=async_litespeed&nonce=CRVB8uRYeIYxcfNyJoc86i3Qqxs7fjRi&litespeed_type=imgoptm HTTP/1.1" 200 0 "-" "WordPress/6.7.2; https://christianmantopoulos.com"
195.47.238.92 - - [04/Apr/2025:21:53:18 -0400] "GET / HTTP/1.1" 200 78024 "https://christianmantopoulos.com" "Opera/9.80 (Windows NT 5.1; WOW64) Presto/2.12.388 Version/12.17"
198.54.114.83 - - [04/Apr/2025:21:53:37 -0400] "POST /wp-admin/admin-ajax.php?action=async_litespeed&nonce=v6hC5wnWgkgxs3uDE0uQsBX2RhAHwSme&litespeed_type=imgoptm HTTP/1.1" 200 5 "-" "WordPress/6.7.2; https://christianmantopoulos.com"
198.54.114.83 - - [04/Apr/2025:21:55:44 -0400] "POST /wp-admin/admin-ajax.php?action=async_litespeed&nonce=tLc4BX4K7htjFIZUK9Vasi8YkUppDUsS&litespeed_type=imgoptm HTTP/1.1" 200 5 "-" "WordPress/6.7.2; https://christianmantopoulos.com"
2a03:2880:f800:3:: - - [04/Apr/2025:21:58:05 -0400] "GET /unlocking-the-power-of-glutathione-injections-for-health-and-beauty/ HTTP/1.1" 404 1251 "-" "meta-externalagent/1.1 (+https://developers.facebook.com/docs/sharing/webmasters/crawler)"
198.54.114.83 - - [04/Apr/2025:21:58:05 -0400] "POST /wp-admin/admin-ajax.php?action=async_litespeed&nonce=H7vQCx1XgtoVLI37hmCmVeXIxF2PHsT9&litespeed_type=imgoptm HTTP/1.1" 200 0 "-" "WordPress/6.7.2; https://christianmantopoulos.com"
34.216.120.225 - - [04/Apr/2025:22:00:43 -0400] "GET /how-to-hack-people-on-musically/ HTTP/1.1" 404 1251 "-" "Mozilla/5.0 (Windows NT 6.1; WOW64; rv:49.0) Gecko/20100101 Firefox/49.0"
111.249.147.124 - - [04/Apr/2025:22:01:05 -0400] "GET /what-is-the-pgdl/ HTTP/1.1" 404 1251 "https://christianmantopoulos.com/what-is-the-pgdl/" "Mozilla/5.0 (Windows NT 6.1; WOW64) AppleWebKit/537.36 (KHTML, like Gecko) Chrome/39.0.9492.074 Safari/537.36"
198.54.114.83 - - [04/Apr/2025:22:01:14 -0400] "POST /wp-admin/admin-ajax.php?action=async_litespeed&nonce=mlS0AzYOKaExzu9kT5jQoqrxYsgnFlvp&litespeed_type=imgoptm HTTP/1.1" 200 0 "-" "WordPress/6.7.2; https://christianmantopoulos.com"
198.54.114.83 - - [04/Apr/2025:22:01:40 -0400] "POST /wp-admin/admin-ajax.php?action=async_litespeed&nonce=7URfnDcwWbRYFiK0qV5tbYOezEZemogQ&litespeed_type=imgoptm HTTP/1.1" 200 5 "-" "WordPress/6.7.2; https://christianmantopoulos.com"
52.37.103.159 - - [04/Apr/2025:22:03:58 -0400] "GET /unraveling-the-controversy-tiktoks-buy-likes-and-views-phenomenon/ HTTP/1.1" 404 1251 "-" "Mozilla/5.0 (Macintosh; PPC Mac OS X 10.12; rv:52.0) Gecko/20100101 Firefox/52.0"
198.54.114.83 - - [04/Apr/2025:22:04:55 -0400] "POST /wp-admin/admin-ajax.php?action=async_litespeed&nonce=lDONyV0ssDDXfe5DCIUsu1mGCtHwVKhq&litespeed_type=imgoptm HTTP/1.1" 200 0 "-" "WordPress/6.7.2; https://christianmantopoulos.com"
2a03:2880:f800:b:: - - [04/Apr/2025:22:06:19 -0400] "GET /how-to-become-a-hacker-to-prove-dad-wrong-tycoon/ HTTP/1.1" 404 1251 "-" "meta-externalagent/1.1 (+https://developers.facebook.com/docs/sharing/webmasters/crawler)"
40.77.167.131 - - [04/Apr/2025:22:07:21 -0400] "GET /e1094845.html HTTP/1.1" 404 1251 "-" "Mozilla/5.0 AppleWebKit/537.36 (KHTML, like Gecko; compatible; bingbot/2.0; +http://www.bing.com/bingbot.htm) Chrome/116.0.1938.76 Safari/537.36"
34.169.175.120 - - [04/Apr/2025:22:09:00 -0400] "GET /instructions-to-save-pc-battery-power-when-you-truly-need-it/ HTTP/1.1" 404 1251 "-" "Mozilla/5.0 (Macintosh; Intel Mac OS X 10.15; rv:109.0) Gecko/20100101 Firefox/116.0"
52.167.144.236 - - [04/Apr/2025:22:09:45 -0400] "GET /news/23882.html HTTP/1.1" 404 1251 "-" "Mozilla/5.0 AppleWebKit/537.36 (KHTML, like Gecko; compatible; bingbot/2.0; +http://www.bing.com/bingbot.htm) Chrome/116.0.1938.76 Safari/537.36"
111.249.147.124 - - [04/Apr/2025:22:11:58 -0400] "GET /what-is-the-pgdl/ HTTP/1.1" 404 1251 "https://christianmantopoulos.com/what-is-the-pgdl/" "Mozilla/5.0 (Windows NT 6.1; WOW64) AppleWebKit/537.36 (KHTML, like Gecko) Chrome/33.0.8005.668 Safari/537.36"
40.77.167.23 - - [04/Apr/2025:22:12:44 -0400] "GET /area/38ehimeken HTTP/1.1" 404 1251 "-" "Mozilla/5.0 AppleWebKit/537.36 (KHTML, like Gecko; compatible; bingbot/2.0; +http://www.bing.com/bingbot.htm) Chrome/116.0.1938.76 Safari/537.36"
198.54.114.83 - - [04/Apr/2025:22:13:44 -0400] "POST /wp-admin/admin-ajax.php?action=async_litespeed&nonce=avq6z4pD32ekoqhr7obU6ue9rIKwJbAp&litespeed_type=imgoptm HTTP/1.1" 200 0 "-" "WordPress/6.7.2; https://christianmantopoulos.com"
40.77.167.181 - - [04/Apr/2025:22:16:03 -0400] "GET /robots.txt HTTP/1.1" 404 1251 "-" "Mozilla/5.0 AppleWebKit/537.36 (KHTML, like Gecko; compatible; bingbot/2.0; +http://www.bing.com/bingbot.htm) Chrome/116.0.1938.76 Safari/537.36"
40.77.167.23 - - [04/Apr/2025:22:16:03 -0400] "GET /what-you-need-to-know HTTP/1.1" 404 1251 "-" "Mozilla/5.0 AppleWebKit/537.36 (KHTML, like Gecko; compatible; bingbot/2.0; +http://www.bing.com/bingbot.htm) Chrome/116.0.1938.76 Safari/537.36"
52.167.144.193 - - [04/Apr/2025:22:17:58 -0400] "GET /isosize.html HTTP/1.1" 404 1251 "-" "Mozilla/5.0 AppleWebKit/537.36 (KHTML, like Gecko; compatible; bingbot/2.0; +http://www.bing.com/bingbot.htm) Chrome/116.0.1938.76 Safari/537.36"
