198.54.114.83 - - [01/Apr/2025:18:52:00 -0400] "POST /wp-admin/admin-ajax.php?action=async_litespeed&nonce=RwMn7tThyPY5GEITa5GBcSqgDl2ZmqYo&litespeed_type=imgoptm HTTP/1.1" 200 5 "-" "WordPress/6.7.2; https://christianmantopoulos.com"
85.208.96.203 - - [01/Apr/2025:18:53:00 -0400] "GET /toa-payoh-condo-showflat-experience/ HTTP/1.1" 404 1251 "-" "Mozilla/5.0 (compatible; SemrushBot/7~bl; +http://www.semrush.com/bot.html)"
185.220.100.243 - - [01/Apr/2025:18:55:49 -0400] "GET / HTTP/1.1" 200 78024 "https://christianmantopoulos.com" "Mozilla/5.0 (Windows NT 6.1; WOW64) AppleWebKit/537.36 (KHTML, like Gecko) Chrome/45.0.2454.101 YaBrowser/15.10.2454.3865 Safari/537.36"
85.208.96.204 - - [01/Apr/2025:18:56:33 -0400] "GET /what-is-amazon-web-services/ HTTP/1.1" 404 1251 "-" "Mozilla/5.0 (compatible; SemrushBot/7~bl; +http://www.semrush.com/bot.html)"
185.191.171.15 - - [01/Apr/2025:19:00:55 -0400] "GET /robots.txt HTTP/1.1" 404 1251 "-" "Mozilla/5.0 (compatible; SemrushBot/7~bl; +http://www.semrush.com/bot.html)"
85.208.96.201 - - [01/Apr/2025:19:00:56 -0400] "GET /living-it-up-in-a-mobile-casino/ HTTP/1.1" 404 1251 "-" "Mozilla/5.0 (compatible; SemrushBot/7~bl; +http://www.semrush.com/bot.html)"
198.98.62.50 - - [01/Apr/2025:19:01:06 -0400] "GET /wp-login.php HTTP/1.1" 200 1721 "-" "Mozilla/5.0 (X11; Ubuntu; Linux x86_64; rv:31.0) Gecko/20100101 Firefox/31.0"
198.54.114.83 - - [01/Apr/2025:19:01:10 -0400] "POST /wp-cron.php?doing_wp_cron=1743548469.9556789398193359375000 HTTP/1.1" 200 0 "-" "WordPress/6.7.2; https://christianmantopoulos.com"
198.98.62.50 - - [01/Apr/2025:19:01:06 -0400] "POST /wp-login.php HTTP/1.1" 200 1879 "-" "Mozilla/5.0 (X11; Ubuntu; Linux x86_64; rv:31.0) Gecko/20100101 Firefox/31.0"
198.54.114.83 - - [01/Apr/2025:19:01:11 -0400] "POST /wp-admin/admin-ajax.php?action=async_litespeed&nonce=Io3IJXCqYKeadX5Ugd2B6qKBP0Qp5Yd7&litespeed_type=imgoptm HTTP/1.1" 200 5 "-" "WordPress/6.7.2; https://christianmantopoulos.com"
175.37.237.170 - - [01/Apr/2025:19:01:35 -0400] "GET / HTTP/1.1" 200 78024 "-" "Mozilla/5.0 (Windows NT 10.0; Win64; x64) AppleWebKit/537.36 (KHTML, like Gecko) Chrome/99.0.4844.51 Safari/537.36"
198.54.114.83 - - [01/Apr/2025:19:01:38 -0400] "POST /wp-cron.php?doing_wp_cron=1743548498.0665409564971923828125 HTTP/1.1" 200 0 "-" "WordPress/6.7.2; https://christianmantopoulos.com"
147.45.44.162 - - [01/Apr/2025:19:01:37 -0400] "POST /xmlrpc.php HTTP/1.1" 200 643 "-" "Mozilla/5.0 (Macintosh; Intel Mac OS X 10_15_7) AppleWebKit/537.36 (KHTML, like Gecko) Chrome/120.0.0.0 Safari/537.36"
198.54.114.83 - - [01/Apr/2025:19:01:39 -0400] "POST /wp-admin/admin-ajax.php?action=async_litespeed&nonce=7T9EkW59xY40GMouoNxr6hudhSeBG23n&litespeed_type=imgoptm HTTP/1.1" 200 5 "-" "WordPress/6.7.2; https://christianmantopoulos.com"
49.192.203.15 - - [01/Apr/2025:19:01:41 -0400] "GET /wp-login.php?wp_lang=en_US HTTP/1.1" 200 1723 "-" "Mozilla/5.0 (Macintosh; Intel Mac OS X 10_15_7) AppleWebKit/605.1.15 (KHTML, like Gecko) Version/17.0 Safari/605.1.15"
59.102.29.134 - - [01/Apr/2025:19:01:43 -0400] "POST /wp-login.php?wp_lang=en_US HTTP/1.1" 200 1838 "-" "Mozilla/5.0 (Macintosh; Intel Mac OS X 10_15_7) AppleWebKit/605.1.15 (KHTML, like Gecko) Version/17.0 Safari/605.1.15"
47.82.10.185 - - [01/Apr/2025:19:06:37 -0400] "GET /wp-content/themes/legal-news/assets/js/navigation.min.js HTTP/1.1" 200 506 "-" "Mozilla/5.0 (Windows NT 10.0; Win64; x64) AppleWebKit/537.36 (KHTML, like Gecko) Chrome/114.0.0.0 Safari/537.36 Edg/114.0.1823.43"
47.79.119.52 - - [01/Apr/2025:19:06:53 -0400] "GET /wp-includes/js/jquery/jquery-migrate.min.js HTTP/1.1" 200 4678 "-" "Mozilla/5.0 (Windows NT 10.0; Win64; x64) AppleWebKit/537.36 (KHTML, like Gecko) Chrome/114.0.0.0 Safari/537.36 Edg/114.0.1823.43"
47.82.9.16 - - [01/Apr/2025:19:07:00 -0400] "GET /wp-includes/js/jquery/jquery.min.js HTTP/1.1" 200 29744 "-" "Mozilla/5.0 (Windows NT 10.0; Win64; x64) AppleWebKit/537.36 (KHTML, like Gecko) Chrome/114.0.0.0 Safari/537.36 Edg/114.0.1823.43"
47.82.10.1 - - [01/Apr/2025:19:07:32 -0400] "GET /wp-content/themes/legal-news/assets/js/slick.min.js HTTP/1.1" 200 10126 "-" "Mozilla/5.0 (Windows NT 10.0; Win64; x64) AppleWebKit/537.36 (KHTML, like Gecko) Chrome/114.0.0.0 Safari/537.36 Edg/114.0.1823.43"
47.82.9.31 - - [01/Apr/2025:19:08:03 -0400] "GET /wp-content/themes/legal-news/assets/js/jquery.marquee.min.js HTTP/1.1" 200 2160 "-" "Mozilla/5.0 (Windows NT 10.0; Win64; x64) AppleWebKit/537.36 (KHTML, like Gecko) Chrome/114.0.0.0 Safari/537.36 Edg/114.0.1823.43"
85.208.96.200 - - [01/Apr/2025:19:10:39 -0400] "GET /page/3/ HTTP/1.1" 404 1251 "-" "Mozilla/5.0 (compatible; SemrushBot/7~bl; +http://www.semrush.com/bot.html)"
198.54.114.83 - - [01/Apr/2025:19:16:07 -0400] "POST /wp-admin/admin-ajax.php?action=async_litespeed&nonce=TkM7qKYMQfCFx4A5P8gJCfbU7c9zGoMD&litespeed_type=imgoptm HTTP/1.1" 200 5 "-" "WordPress/6.7.2; https://christianmantopoulos.com"
85.208.96.193 - - [01/Apr/2025:19:20:07 -0400] "GET /ppr-pipes-and-fittings/ HTTP/1.1" 404 1251 "-" "Mozilla/5.0 (compatible; SemrushBot/7~bl; +http://www.semrush.com/bot.html)"
4.227.36.109 - - [01/Apr/2025:19:22:44 -0400] "GET /robots.txt HTTP/1.1" 404 1251 "-" "Mozilla/5.0 AppleWebKit/537.36 (KHTML, like Gecko; compatible; GPTBot/1.2; +https://openai.com/gptbot)"
93.123.12.112 - - [01/Apr/2025:19:26:53 -0400] "GET / HTTP/1.1" 200 78024 "https://christianmantopoulos.com" "Mozilla/5.0 (Windows NT 6.1; WOW64) AppleWebKit/537.36 (KHTML, like Gecko) Chrome/42.0.2311.152 Safari/537.36"
85.208.96.196 - - [01/Apr/2025:19:30:04 -0400] "GET /how-to-get-a-thin-strap-bra-to-fit-right/ HTTP/1.1" 404 1251 "-" "Mozilla/5.0 (compatible; SemrushBot/7~bl; +http://www.semrush.com/bot.html)"
209.141.56.126 - - [01/Apr/2025:19:31:55 -0400] "GET /wp-login.php HTTP/1.1" 200 1721 "-" "Mozilla/5.0 (Windows NT 6.1; WOW64) AppleWebKit/537.36 (KHTML, like Gecko) Chrome/36.0.1985.143 Safari/537.36"
198.54.114.83 - - [01/Apr/2025:19:31:58 -0400] "POST /wp-cron.php?doing_wp_cron=1743550317.8886380195617675781250 HTTP/1.1" 200 0 "-" "WordPress/6.7.2; https://christianmantopoulos.com"
209.141.56.126 - - [01/Apr/2025:19:31:55 -0400] "POST /wp-login.php HTTP/1.1" 200 1879 "-" "Mozilla/5.0 (Windows NT 6.1; WOW64) AppleWebKit/537.36 (KHTML, like Gecko) Chrome/36.0.1985.143 Safari/537.36"
198.54.114.83 - - [01/Apr/2025:19:31:58 -0400] "POST /wp-admin/admin-ajax.php?action=async_litespeed&nonce=p3uRryptt9fljbSknGZIBwSQp9ICpQXF&litespeed_type=imgoptm HTTP/1.1" 200 5 "-" "WordPress/6.7.2; https://christianmantopoulos.com"
2001:41d0:203:83e2:: - - [01/Apr/2025:19:36:06 -0400] "GET /wp-login.php HTTP/1.1" 200 1721 "-" "GRequests/0.10"
198.54.114.83 - - [01/Apr/2025:19:36:13 -0400] "POST /wp-cron.php?doing_wp_cron=1743550571.5908770561218261718750 HTTP/1.1" 200 0 "-" "WordPress/6.7.2; https://christianmantopoulos.com"
2001:41d0:203:83e2:: - - [01/Apr/2025:19:36:08 -0400] "POST /wp-login.php HTTP/1.1" 200 1879 "-" "GRequests/0.10"
198.54.114.83 - - [01/Apr/2025:19:36:14 -0400] "POST /wp-admin/admin-ajax.php?action=async_litespeed&nonce=3eePRl0SeTw3d3LnTWi80Zaj7ltI0qmM&litespeed_type=imgoptm HTTP/1.1" 200 0 "-" "WordPress/6.7.2; https://christianmantopoulos.com"
185.191.171.5 - - [01/Apr/2025:19:39:27 -0400] "GET /fast-cash-in-singapore-how-to-apply-for-a-cash-loan-from-licensed-moneylenders/ HTTP/1.1" 404 1251 "-" "Mozilla/5.0 (compatible; SemrushBot/7~bl; +http://www.semrush.com/bot.html)"
198.54.114.83 - - [01/Apr/2025:19:40:29 -0400] "POST /wp-admin/admin-ajax.php?action=async_litespeed&nonce=TJNQAAn3Jneq1JydJR04BbdznQZOMnNx&litespeed_type=imgoptm HTTP/1.1" 200 5 "-" "WordPress/6.7.2; https://christianmantopoulos.com"
85.208.96.196 - - [01/Apr/2025:19:44:17 -0400] "GET /hot-cold-water-dispensers/ HTTP/1.1" 404 1251 "-" "Mozilla/5.0 (compatible; SemrushBot/7~bl; +http://www.semrush.com/bot.html)"
185.191.171.16 - - [01/Apr/2025:19:45:09 -0400] "GET /beste-orte-fur-gitarrenunterricht-in-dusseldorf-entdecken/ HTTP/1.1" 404 1251 "-" "Mozilla/5.0 (compatible; SemrushBot/7~bl; +http://www.semrush.com/bot.html)"
85.208.96.211 - - [01/Apr/2025:19:45:14 -0400] "GET /advantages-of-pex-al-pex-pipe/ HTTP/1.1" 404 1251 "-" "Mozilla/5.0 (compatible; SemrushBot/7~bl; +http://www.semrush.com/bot.html)"
101.32.26.19 - - [01/Apr/2025:19:45:56 -0400] "GET /diet-for-ibs-torment-in-bad-tempered-gut-condition/ HTTP/1.1" 404 1251 "-" "Python/3.10 aiohttp/3.10.5"
18.117.161.73 - - [01/Apr/2025:19:46:30 -0400] "GET /robots.txt HTTP/1.1" 404 1251 "-" "Mozilla/5.0 AppleWebKit/537.36 (KHTML, like Gecko; compatible; ClaudeBot/1.0; +claudebot@anthropic.com)"
18.117.161.73 - - [01/Apr/2025:19:46:30 -0400] "GET /fu-male-good-fortune-slot-2 HTTP/1.1" 404 1251 "-" "Mozilla/5.0 AppleWebKit/537.36 (KHTML, like Gecko; compatible; ClaudeBot/1.0; +claudebot@anthropic.com)"
185.191.171.7 - - [01/Apr/2025:19:59:07 -0400] "GET /m98bet-login/ HTTP/1.1" 404 1251 "-" "Mozilla/5.0 (compatible; SemrushBot/7~bl; +http://www.semrush.com/bot.html)"
119.12.165.50 - - [01/Apr/2025:20:03:50 -0400] "GET /die-perfekte-wahl-fur-ihr-zuhause/ HTTP/1.1" 404 1251 "https://christianmantopoulos.com/die-perfekte-wahl-fur-ihr-zuhause/#primary" "Mozilla/5.0 (Windows NT 10.0; Win64; x64) AppleWebKit/537.36 (KHTML, like Gecko) Chrome/107.0.0.0 Safari/537.36"
94.51.216.164 - - [01/Apr/2025:20:04:09 -0400] "GET /the-arden-a-rough-and-tumble-horse/ HTTP/1.1" 404 1251 "https://yandex.ru/" "Mozilla/5.0 (Windows NT 10.0; Win64; x64) AppleWebKit/537.36 (KHTML, like Gecko) Chrome/134.0.0.0 Safari/537.36"
198.54.114.83 - - [01/Apr/2025:20:05:02 -0400] "POST /wp-admin/admin-ajax.php?action=async_litespeed&nonce=Dwm51XLR2ODJ3OzdaE5EyVq05wQvVZj0&litespeed_type=imgoptm HTTP/1.1" 200 5 "-" "WordPress/6.7.2; https://christianmantopoulos.com"
18.117.157.126 - - [01/Apr/2025:20:05:10 -0400] "GET /how-to-manage-youtube-comments HTTP/1.1" 404 1251 "-" "Mozilla/5.0 AppleWebKit/537.36 (KHTML, like Gecko; compatible; ClaudeBot/1.0; +claudebot@anthropic.com)"
20.171.207.113 - - [01/Apr/2025:20:13:36 -0400] "GET /the-most-popular-poker-superstitions/ HTTP/1.1" 404 1251 "-" "Mozilla/5.0 AppleWebKit/537.36 (KHTML, like Gecko; compatible; GPTBot/1.2; +https://openai.com/gptbot)"
85.208.96.198 - - [01/Apr/2025:20:15:28 -0400] "GET /robots.txt HTTP/1.1" 404 1251 "-" "Mozilla/5.0 (compatible; SemrushBot/7~bl; +http://www.semrush.com/bot.html)"
185.191.171.9 - - [01/Apr/2025:20:15:28 -0400] "GET /the-japanese-katana-sword/ HTTP/1.1" 404 1251 "-" "Mozilla/5.0 (compatible; SemrushBot/7~bl; +http://www.semrush.com/bot.html)"
85.208.96.198 - - [01/Apr/2025:20:15:31 -0400] "GET /convenient-london-airport-taxi-services-for-a-smooth-journey/ HTTP/1.1" 404 1251 "-" "Mozilla/5.0 (compatible; SemrushBot/7~bl; +http://www.semrush.com/bot.html)"
2001:41d0:203:83e2:: - - [01/Apr/2025:20:18:02 -0400] "GET /wp-login.php HTTP/1.1" 200 1721 "-" "GRequests/0.10"
47.76.222.244 - - [01/Apr/2025:20:18:05 -0400] "GET / HTTP/1.1" 200 78024 "-" "Mozilla/5.0 (Windows NT 10.0; Win64; x64; rv:109.0) Gecko/20100101 Firefox/115.0"
198.54.114.83 - - [01/Apr/2025:20:18:06 -0400] "POST /wp-cron.php?doing_wp_cron=1743553086.0172719955444335937500 HTTP/1.1" 200 0 "-" "WordPress/6.7.2; https://christianmantopoulos.com"
2001:41d0:203:83e2:: - - [01/Apr/2025:20:18:03 -0400] "POST /wp-login.php HTTP/1.1" 200 1878 "-" "GRequests/0.10"
47.76.222.244 - - [01/Apr/2025:20:18:07 -0400] "GET /products/sw.js HTTP/1.1" 404 1251 "https://christianmantopoulos.com/" "Mozilla/5.0 (X11; Linux x86_64) AppleWebKit/537.36 (KHTML, like Gecko) HeadlessChrome/117.0.5938.62 Safari/537.36"
198.54.114.83 - - [01/Apr/2025:20:18:06 -0400] "POST /wp-admin/admin-ajax.php?action=async_litespeed&nonce=RpoZgT0FNa5lE6Y81ynDGEevQgISKyqX&litespeed_type=imgoptm HTTP/1.1" 200 0 "-" "WordPress/6.7.2; https://christianmantopoulos.com"
112.92.70.120 - - [01/Apr/2025:20:20:36 -0400] "GET /automotive-locksmith-chicago/ HTTP/1.1" 404 1251 "https://christianmantopoulos.com" "Mozilla/5.0 (Windows NT 10.0; Win64; x64) AppleWebKit/537.36 (KHTML, like Gecko) Chrome/62.0.3202.94 Safari/537.36"
112.92.70.120 - - [01/Apr/2025:20:20:37 -0400] "GET /automotive-locksmith-chicago/ HTTP/1.1" 404 1251 "https://christianmantopoulos.com" "Mozilla/5.0 (Windows NT 10.0; Win64; x64) AppleWebKit/537.36 (KHTML, like Gecko) Chrome/62.0.3202.94 Safari/537.36"
112.92.70.120 - - [01/Apr/2025:20:20:39 -0400] "GET /automotive-locksmith-chicago/ HTTP/1.1" 404 1251 "https://christianmantopoulos.com" "Mozilla/5.0 (Windows NT 10.0; Win64; x64) AppleWebKit/537.36 (KHTML, like Gecko) Chrome/62.0.3202.94 Safari/537.36"
112.92.70.120 - - [01/Apr/2025:20:20:40 -0400] "GET /automotive-locksmith-chicago/ HTTP/1.1" 404 1251 "https://christianmantopoulos.com" "Mozilla/5.0 (Windows NT 10.0; Win64; x64) AppleWebKit/537.36 (KHTML, like Gecko) Chrome/62.0.3202.94 Safari/537.36"
185.191.171.11 - - [01/Apr/2025:20:20:48 -0400] "GET /customized-socks-with-logo/ HTTP/1.1" 404 1251 "-" "Mozilla/5.0 (compatible; SemrushBot/7~bl; +http://www.semrush.com/bot.html)"
136.243.228.178 - - [01/Apr/2025:20:21:22 -0400] "GET /best-chiropractor-manchester/ HTTP/1.1" 404 1251 "-" "Mozilla/5.0 (compatible; DataForSeoBot/1.0; +https://dataforseo.com/dataforseo-bot)"
45.61.187.186 - - [01/Apr/2025:20:21:23 -0400] "GET /wp-login.php HTTP/1.1" 200 1721 "-" "Mozilla/5.0 (compatible; MSIE 10.0; Windows NT 6.1; WOW64; Trident/6.0)"
198.54.114.83 - - [01/Apr/2025:20:21:25 -0400] "POST /wp-cron.php?doing_wp_cron=1743553285.5743920803070068359375 HTTP/1.1" 200 0 "-" "WordPress/6.7.2; https://christianmantopoulos.com"
45.61.187.186 - - [01/Apr/2025:20:21:23 -0400] "POST /wp-login.php HTTP/1.1" 200 1878 "-" "Mozilla/5.0 (compatible; MSIE 10.0; Windows NT 6.1; WOW64; Trident/6.0)"
198.54.114.83 - - [01/Apr/2025:20:21:25 -0400] "POST /wp-admin/admin-ajax.php?action=async_litespeed&nonce=u2enUaVCgHymnt6MS0KtJC3emKEE2pcH&litespeed_type=imgoptm HTTP/1.1" 200 5 "-" "WordPress/6.7.2; https://christianmantopoulos.com"
2a03:2880:f800:a:: - - [01/Apr/2025:20:22:16 -0400] "GET /how-to-cancel-my-peloton-membership/ HTTP/1.1" 404 1251 "-" "meta-externalagent/1.1 (+https://developers.facebook.com/docs/sharing/webmasters/crawler)"
198.54.114.83 - - [01/Apr/2025:20:29:40 -0400] "POST /wp-admin/admin-ajax.php?action=async_litespeed&nonce=cbAOiTMt5lZSAPfACOzbOj4D1x3BrZak&litespeed_type=imgoptm HTTP/1.1" 200 5 "-" "WordPress/6.7.2; https://christianmantopoulos.com"
181.114.108.65 - - [01/Apr/2025:20:31:05 -0400] "GET /what-to-search-for-while-choosing-your-wedding-picture-taker/ HTTP/1.1" 404 1251 "-" "Mozilla/5.0 (Macintosh; Intel Mac OS X 10_15_7) AppleWebKit/537.36 (KHTML, like Gecko) Chrome/125.0.0.0 Safari/537.36"
34.127.29.78 - - [01/Apr/2025:20:31:53 -0400] "GET /does-find-my-iphone-work-when-phone-is-dead/ HTTP/1.1" 404 1251 "-" "Mozilla/5.0 (Windows NT 10.0; Win64; x64) AppleWebKit/537.36 (KHTML, like Gecko) Chrome/123.0.0.0 Safari/537.36"
195.191.219.131 - - [01/Apr/2025:20:34:28 -0400] "GET /robots.txt HTTP/1.1" 404 1251 "-" "Mozilla/5.0 (compatible; MJ12bot/v2.0.0; http://mj12bot.com/)"
195.191.219.131 - - [01/Apr/2025:20:34:29 -0400] "GET / HTTP/1.1" 200 78024 "-" "Mozilla/5.0 (compatible; MJ12bot/v2.0.0; http://mj12bot.com/)"
185.191.171.4 - - [01/Apr/2025:20:34:53 -0400] "GET /auto-body-mechanics-shop-track-down-the-most-dependable-shops/ HTTP/1.1" 404 1251 "-" "Mozilla/5.0 (compatible; SemrushBot/7~bl; +http://www.semrush.com/bot.html)"
85.208.96.195 - - [01/Apr/2025:20:36:06 -0400] "GET /ppr-pipe-manufacturers/ HTTP/1.1" 404 1251 "-" "Mozilla/5.0 (compatible; SemrushBot/7~bl; +http://www.semrush.com/bot.html)"
40.77.167.54 - - [01/Apr/2025:20:37:07 -0400] "GET /column_vol10 HTTP/1.1" 404 1251 "-" "Mozilla/5.0 AppleWebKit/537.36 (KHTML, like Gecko; compatible; bingbot/2.0; +http://www.bing.com/bingbot.htm) Chrome/116.0.1938.76 Safari/537.36"
85.208.96.194 - - [01/Apr/2025:20:49:09 -0400] "GET /how-to-buy-tiktok-followers/ HTTP/1.1" 404 1251 "-" "Mozilla/5.0 (compatible; SemrushBot/7~bl; +http://www.semrush.com/bot.html)"
85.208.96.196 - - [01/Apr/2025:20:49:34 -0400] "GET /finding-childminders-near-me/ HTTP/1.1" 404 1251 "-" "Mozilla/5.0 (compatible; SemrushBot/7~bl; +http://www.semrush.com/bot.html)"
2a03:2880:f800:b:: - - [01/Apr/2025:20:52:01 -0400] "GET /2024/08/page/3/ HTTP/1.1" 404 1251 "-" "meta-externalagent/1.1 (+https://developers.facebook.com/docs/sharing/webmasters/crawler)"
85.208.96.202 - - [01/Apr/2025:20:52:53 -0400] "GET /das-beste-herrenparfum/ HTTP/1.1" 404 1251 "-" "Mozilla/5.0 (compatible; SemrushBot/7~bl; +http://www.semrush.com/bot.html)"
198.54.114.83 - - [01/Apr/2025:20:53:36 -0400] "POST /wp-cron.php?doing_wp_cron=1743555215.8388381004333496093750 HTTP/1.1" 200 0 "-" "WordPress/6.7.2; https://christianmantopoulos.com"
2400:9800:371:cb11:55c7:e9ee:92fb:28ac - - [01/Apr/2025:20:53:31 -0400] "POST /wp-login.php HTTP/1.1" 200 1838 "https://christianmantopoulos.com/wp-admin/" "Mozilla/5.0 (Windows NT 10.0; Win64; x64) AppleWebKit/537.36 (KHTML, like Gecko) Chrome/90.0.4430.85 Safari/537.36"
198.54.114.83 - - [01/Apr/2025:20:53:38 -0400] "POST /wp-admin/admin-ajax.php?action=async_litespeed&nonce=4tKLVIZ24AtTw6lIHYnEyz2glf6f164V&litespeed_type=imgoptm HTTP/1.1" 200 0 "-" "WordPress/6.7.2; https://christianmantopoulos.com"
2400:9800:371:cb11:55c7:e9ee:92fb:28ac - - [01/Apr/2025:20:53:38 -0400] "GET /wp-admin/ HTTP/1.1" 302 0 "www.google.com" "Mozilla/5.0 (Windows NT 10.0; Win64; x64) AppleWebKit/537.36 (KHTML, like Gecko) Chrome/90.0.4430.85 Safari/537.36"
2400:9800:371:cb11:55c7:e9ee:92fb:28ac - - [01/Apr/2025:20:53:40 -0400] "GET /wp-login.php?redirect_to=https%3A%2F%2Fchristianmantopoulos.com%2Fwp-admin%2F&reauth=1 HTTP/1.1" 200 1723 "www.google.com" "Mozilla/5.0 (Windows NT 10.0; Win64; x64) AppleWebKit/537.36 (KHTML, like Gecko) Chrome/90.0.4430.85 Safari/537.36"
85.208.96.204 - - [01/Apr/2025:20:59:40 -0400] "GET /can-fenbendazole-for-humans-cure-cancer/ HTTP/1.1" 404 1251 "-" "Mozilla/5.0 (compatible; SemrushBot/7~bl; +http://www.semrush.com/bot.html)"
85.208.96.193 - - [01/Apr/2025:20:59:48 -0400] "GET /professional-house-cleaning-in-tucson/ HTTP/1.1" 404 1251 "-" "Mozilla/5.0 (compatible; SemrushBot/7~bl; +http://www.semrush.com/bot.html)"
58.221.37.82 - - [01/Apr/2025:21:00:26 -0400] "GET / HTTP/1.1" 200 78024 "https://www.google.com/" "Mozilla/5.0 (Linux; Android 10; K) AppleWebKit/537.36 (KHTML, like Gecko) Chrome/132.0.0.0 Mobile Safari/537.36"
66.249.72.197 - - [01/Apr/2025:21:04:06 -0400] "GET /finding-childminders-near-me/ HTTP/1.1" 404 1251 "-" "Mozilla/5.0 (Linux; Android 6.0.1; Nexus 5X Build/MMB29P) AppleWebKit/537.36 (KHTML, like Gecko) Chrome/134.0.6998.165 Mobile Safari/537.36 (compatible; Googlebot/2.1; +http://www.google.com/bot.html)"
2a03:2880:f800:a:: - - [01/Apr/2025:21:04:17 -0400] "GET /how-to-cancel-my-peloton-membership/ HTTP/1.1" 404 1251 "-" "meta-externalagent/1.1 (+https://developers.facebook.com/docs/sharing/webmasters/crawler)"
129.226.49.139 - - [01/Apr/2025:21:05:53 -0400] "GET /how-to-inspect-a-used-bike/ HTTP/1.1" 404 1251 "-" "Python/3.10 aiohttp/3.10.5"
110.249.201.58 - - [01/Apr/2025:21:06:33 -0400] "GET /robots.txt HTTP/1.1" 404 1251 "-" "Mozilla/5.0 (Linux; Android 5.0) AppleWebKit/537.36 (KHTML, like Gecko) Mobile Safari/537.36 (compatible; Bytespider; https://zhanzhang.toutiao.com/)"
197.243.16.120 - - [01/Apr/2025:21:06:38 -0400] "GET /wp-login.php HTTP/1.1" 200 1721 "-" "GRequests/0.10"
198.54.114.83 - - [01/Apr/2025:21:06:46 -0400] "POST /wp-cron.php?doing_wp_cron=1743556005.3587360382080078125000 HTTP/1.1" 200 0 "-" "WordPress/6.7.2; https://christianmantopoulos.com"
197.243.16.120 - - [01/Apr/2025:21:06:42 -0400] "POST /wp-login.php HTTP/1.1" 200 1878 "-" "GRequests/0.10"
18.226.163.105 - - [01/Apr/2025:21:07:46 -0400] "GET /robots.txt HTTP/1.1" 404 1251 "-" "Mozilla/5.0 AppleWebKit/537.36 (KHTML, like Gecko; compatible; ClaudeBot/1.0; +claudebot@anthropic.com)"
18.226.163.105 - - [01/Apr/2025:21:07:47 -0400] "GET /gpu-for-ai HTTP/1.1" 404 1251 "-" "Mozilla/5.0 AppleWebKit/537.36 (KHTML, like Gecko; compatible; ClaudeBot/1.0; +claudebot@anthropic.com)"
185.191.171.12 - - [01/Apr/2025:21:11:43 -0400] "GET /fenbendazole-for-cancer/ HTTP/1.1" 404 1251 "-" "Mozilla/5.0 (compatible; SemrushBot/7~bl; +http://www.semrush.com/bot.html)"
34.127.29.78 - - [01/Apr/2025:21:12:36 -0400] "GET /does-find-my-iphone-work-when-phone-is-dead/ HTTP/1.1" 404 1251 "-" "Mozilla/5.0 (Windows NT 10.0; Win64; x64) AppleWebKit/537.36 (KHTML, like Gecko) Chrome/123.0.0.0 Safari/537.36"
20.171.207.113 - - [01/Apr/2025:21:14:20 -0400] "GET /italiancrown-les-meilleures-chemises-elegantes-pour-hommes/ HTTP/1.1" 404 1251 "-" "Mozilla/5.0 AppleWebKit/537.36 (KHTML, like Gecko; compatible; GPTBot/1.2; +https://openai.com/gptbot)"
20.171.207.113 - - [01/Apr/2025:21:14:52 -0400] "GET /the-difference-between-diesel-pumps-and-regular-gas-pumps/ HTTP/1.1" 404 1251 "-" "Mozilla/5.0 AppleWebKit/537.36 (KHTML, like Gecko; compatible; GPTBot/1.2; +https://openai.com/gptbot)"
185.191.171.16 - - [01/Apr/2025:21:15:16 -0400] "GET /jewelry-retouching-service/ HTTP/1.1" 404 1251 "-" "Mozilla/5.0 (compatible; SemrushBot/7~bl; +http://www.semrush.com/bot.html)"
112.92.70.120 - - [01/Apr/2025:21:18:33 -0400] "GET /automotive-locksmith-chicago/ HTTP/1.1" 404 1251 "https://christianmantopoulos.com" "Mozilla/5.0 (Windows NT 10.0; Win64; x64) AppleWebKit/537.36 (KHTML, like Gecko) Chrome/62.0.3202.94 Safari/537.36"
112.92.70.120 - - [01/Apr/2025:21:18:35 -0400] "GET /automotive-locksmith-chicago/ HTTP/1.1" 404 1251 "https://christianmantopoulos.com" "Mozilla/5.0 (Windows NT 10.0; Win64; x64) AppleWebKit/537.36 (KHTML, like Gecko) Chrome/62.0.3202.94 Safari/537.36"
112.92.70.120 - - [01/Apr/2025:21:18:37 -0400] "GET /automotive-locksmith-chicago/ HTTP/1.1" 404 1251 "https://christianmantopoulos.com" "Mozilla/5.0 (Windows NT 10.0; Win64; x64) AppleWebKit/537.36 (KHTML, like Gecko) Chrome/62.0.3202.94 Safari/537.36"
112.92.70.120 - - [01/Apr/2025:21:18:39 -0400] "GET /automotive-locksmith-chicago/ HTTP/1.1" 404 1251 "https://christianmantopoulos.com" "Mozilla/5.0 (Windows NT 10.0; Win64; x64) AppleWebKit/537.36 (KHTML, like Gecko) Chrome/62.0.3202.94 Safari/537.36"
198.54.114.83 - - [01/Apr/2025:21:19:23 -0400] "POST /wp-admin/admin-ajax.php?action=async_litespeed&nonce=D1VKO7vtynjdSmQTNp3POeFgjDDmlchH&litespeed_type=imgoptm HTTP/1.1" 200 0 "-" "WordPress/6.7.2; https://christianmantopoulos.com"
198.54.114.83 - - [01/Apr/2025:21:19:24 -0400] "POST /wp-cron.php?doing_wp_cron=1743556763.6940820217132568359375 HTTP/1.1" 200 0 "-" "WordPress/6.7.2; https://christianmantopoulos.com"
198.54.114.83 - - [01/Apr/2025:21:19:26 -0400] "POST /wp-admin/admin-ajax.php?action=async_litespeed&nonce=wgHT6gjst6h44rc5VwNWscIhHy0uNi6e&litespeed_type=imgoptm HTTP/1.1" 200 0 "-" "WordPress/6.7.2; https://christianmantopoulos.com"
161.35.15.162 - - [01/Apr/2025:21:22:57 -0400] "GET /wp-content/plugins/background-image-cropper/classwithtostring.php HTTP/1.1" 404 1251 "www.google.com" "Mozlila/5.0 (Linux; Android 7.0; SM-G892A Bulid/NRD90M; wv) AppleWebKit/537.36 (KHTML, like Gecko) Version/4.0 Chrome/60.0.3112.107 Moblie Safari/537.36"
85.208.96.193 - - [01/Apr/2025:21:24:37 -0400] "GET /robots.txt HTTP/1.1" 404 1251 "-" "Mozilla/5.0 (compatible; SemrushBot/7~bl; +http://www.semrush.com/bot.html)"
85.208.96.210 - - [01/Apr/2025:21:24:38 -0400] "GET /real-estate-auctions-how-do-they-work/ HTTP/1.1" 404 1251 "-" "Mozilla/5.0 (compatible; SemrushBot/7~bl; +http://www.semrush.com/bot.html)"
150.109.45.190 - - [01/Apr/2025:21:27:48 -0400] "GET /unlocking-success-the-journey-to-1000-youtube-subscribers/ HTTP/1.1" 404 1251 "-" "Python/3.10 aiohttp/3.10.5"
3.18.223.22 - - [01/Apr/2025:21:29:38 -0400] "GET /fast-and-affordable-iphone-repairs HTTP/1.1" 404 1251 "-" "Mozilla/5.0 AppleWebKit/537.36 (KHTML, like Gecko; compatible; ClaudeBot/1.0; +claudebot@anthropic.com)"
51.222.253.5 - - [01/Apr/2025:21:31:25 -0400] "GET / HTTP/1.1" 200 78024 "-" "Mozilla/5.0 (compatible; AhrefsBot/7.0; +http://ahrefs.com/robot/)"
202.8.42.127 - - [01/Apr/2025:21:31:33 -0400] "GET /react.js HTTP/1.1" 404 1251 "https://christianmantopoulos.com/" "Mozilla/5.0 (compatible; AhrefsBot/7.0; +http://ahrefs.com/robot/)"
202.8.42.127 - - [01/Apr/2025:21:31:33 -0400] "GET /react-dom.js HTTP/1.1" 404 1251 "https://christianmantopoulos.com/" "Mozilla/5.0 (compatible; AhrefsBot/7.0; +http://ahrefs.com/robot/)"
202.8.42.127 - - [01/Apr/2025:21:31:33 -0400] "GET /products/sw.js HTTP/1.1" 404 1251 "https://christianmantopoulos.com/" "Mozilla/5.0 (X11; Linux x86_64) AppleWebKit/537.36 (KHTML, like Gecko) HeadlessChrome/131.0.6778.87 Safari/537.36"
51.89.68.103 - - [01/Apr/2025:21:32:46 -0400] "GET /wp-content/mu-plugins/ HTTP/1.1" 404 1251 "-" "Mozilla/5.0 (Windows NT 10.0; Win64; x64) AppleWebKit/537.36 (KHTML, like Gecko) Chrome/91.0.4472.124 Safari/537.36"
8.210.176.195 - - [01/Apr/2025:21:34:53 -0400] "GET / HTTP/1.1" 200 78024 "-" "Mozilla/5.0 (Windows NT 10.0; Win64; x64; rv:109.0) Gecko/20100101 Firefox/115.0"
8.210.176.195 - - [01/Apr/2025:21:34:54 -0400] "GET /products/sw.js HTTP/1.1" 404 1251 "https://christianmantopoulos.com/" "Mozilla/5.0 (X11; Linux x86_64) AppleWebKit/537.36 (KHTML, like Gecko) HeadlessChrome/117.0.5938.62 Safari/537.36"
185.191.171.3 - - [01/Apr/2025:21:35:07 -0400] "GET /assurance-professionnelle/ HTTP/1.1" 404 1251 "-" "Mozilla/5.0 (compatible; SemrushBot/7~bl; +http://www.semrush.com/bot.html)"
129.226.131.165 - - [01/Apr/2025:21:37:33 -0400] "GET /gaming-betting-and-gambling-problems/ HTTP/1.1" 404 1251 "-" "Python/3.10 aiohttp/3.10.5"
34.169.31.233 - - [01/Apr/2025:21:43:24 -0400] "GET /how-to-buy-4000-hours-of-youtube-watch-time/ HTTP/1.1" 404 1251 "-" "Mozilla/5.0 (Macintosh; Intel Mac OS X 10.15; rv:109.0) Gecko/20100101 Firefox/116.0"
111.225.149.63 - - [01/Apr/2025:21:44:04 -0400] "GET /category/about-us/ HTTP/1.1" 404 1251 "-" "Mozilla/5.0 (Linux; Android 5.0) AppleWebKit/537.36 (KHTML, like Gecko) Mobile Safari/537.36 (compatible; Bytespider; https://zhanzhang.toutiao.com/)"
198.54.114.83 - - [01/Apr/2025:21:44:18 -0400] "POST /wp-admin/admin-ajax.php?action=async_litespeed&nonce=kjTW3aLp5XlVehDgDuFPzCuEmlirWR9j&litespeed_type=imgoptm HTTP/1.1" 200 5 "-" "WordPress/6.7.2; https://christianmantopoulos.com"
34.169.189.46 - - [01/Apr/2025:21:46:17 -0400] "GET /how-to-make-a-small-cake/ HTTP/1.1" 404 1251 "-" "Mozilla/5.0 (Windows NT 10.0; Win64; x64) AppleWebKit/537.36 (KHTML, like Gecko) Chrome/123.0.0.0 Safari/537.36"
2a0c:5a87:8c03:9d00:be24:11ff:fe19:c23c - - [01/Apr/2025:21:47:30 -0400] "GET /wp-login.php HTTP/1.1" 200 1721 "-" "GRequests/0.10"
198.54.114.83 - - [01/Apr/2025:21:47:35 -0400] "POST /wp-cron.php?doing_wp_cron=1743558454.5868570804595947265625 HTTP/1.1" 200 0 "-" "WordPress/6.7.2; https://christianmantopoulos.com"
2a0c:5a87:8c03:9d00:be24:11ff:fe19:c23c - - [01/Apr/2025:21:47:31 -0400] "POST /wp-login.php HTTP/1.1" 200 1878 "-" "GRequests/0.10"
198.54.114.83 - - [01/Apr/2025:21:47:36 -0400] "POST /wp-admin/admin-ajax.php?action=async_litespeed&nonce=sqFtUNbuU38EutJnodTnsIqEPD7KEn6y&litespeed_type=imgoptm HTTP/1.1" 200 0 "-" "WordPress/6.7.2; https://christianmantopoulos.com"
3.16.1.87 - - [01/Apr/2025:21:50:08 -0400] "GET /a-new-frontier-in-entertainment HTTP/1.1" 404 1251 "-" "Mozilla/5.0 AppleWebKit/537.36 (KHTML, like Gecko; compatible; ClaudeBot/1.0; +claudebot@anthropic.com)"
185.191.171.10 - - [01/Apr/2025:21:50:29 -0400] "GET /electronic-optical-stream-sensors-and-truck-wash-mechanical-technology-talked-about/ HTTP/1.1" 404 1251 "-" "Mozilla/5.0 (compatible; SemrushBot/7~bl; +http://www.semrush.com/bot.html)"
52.167.144.205 - - [01/Apr/2025:21:53:20 -0400] "GET /how-to-play-with-pokemon-battle-figures/ HTTP/1.1" 404 1251 "-" "Mozilla/5.0 AppleWebKit/537.36 (KHTML, like Gecko; compatible; bingbot/2.0; +http://www.bing.com/bingbot.htm) Chrome/116.0.1938.76 Safari/537.36"
124.156.104.122 - - [01/Apr/2025:21:59:07 -0400] "GET /how-to-make-widgets-on-iphone/ HTTP/1.1" 404 1251 "-" "Python/3.10 aiohttp/3.10.5"
18.117.230.37 - - [01/Apr/2025:22:00:23 -0400] "GET /maximizing-efficiency-with-gpu-cloud-services HTTP/1.1" 404 1251 "-" "Mozilla/5.0 AppleWebKit/537.36 (KHTML, like Gecko; compatible; ClaudeBot/1.0; +claudebot@anthropic.com)"
18.117.230.37 - - [01/Apr/2025:22:00:26 -0400] "GET /unmatched-entertainment-and-variety HTTP/1.1" 404 1251 "-" "Mozilla/5.0 AppleWebKit/537.36 (KHTML, like Gecko; compatible; ClaudeBot/1.0; +claudebot@anthropic.com)"
34.127.29.78 - - [01/Apr/2025:22:02:34 -0400] "GET /how-to-buy-4000-hours-of-youtube-watch-time/ HTTP/1.1" 404 1251 "-" "Mozilla/5.0 (Macintosh; Intel Mac OS X 10_15_7) AppleWebKit/605.1.15 (KHTML, like Gecko) Version/17.0 Safari/605.1.15"
185.191.171.11 - - [01/Apr/2025:22:06:32 -0400] "GET /vintage-persian-rugs/ HTTP/1.1" 404 1251 "-" "Mozilla/5.0 (compatible; SemrushBot/7~bl; +http://www.semrush.com/bot.html)"
198.54.114.83 - - [01/Apr/2025:22:09:26 -0400] "POST /wp-admin/admin-ajax.php?action=async_litespeed&nonce=HKlpTtqddSxWiwWPVwWkAlrLORiBGwuK&litespeed_type=imgoptm HTTP/1.1" 200 5 "-" "WordPress/6.7.2; https://christianmantopoulos.com"
3.12.120.194 - - [01/Apr/2025:22:10:07 -0400] "GET /robots.txt HTTP/1.1" 404 1251 "-" "Mozilla/5.0 AppleWebKit/537.36 (KHTML, like Gecko; compatible; ClaudeBot/1.0; +claudebot@anthropic.com)"
3.12.120.194 - - [01/Apr/2025:22:10:07 -0400] "GET /league-of-legends-lecture HTTP/1.1" 404 1251 "-" "Mozilla/5.0 AppleWebKit/537.36 (KHTML, like Gecko; compatible; ClaudeBot/1.0; +claudebot@anthropic.com)"
13.229.78.155 - - [01/Apr/2025:22:15:09 -0400] "GET / HTTP/1.1" 200 78024 "-" "Mozilla/5.0 (Windows NT 10.0; Win64; x64; rv:122.0) Gecko/20100101 Firefox/122.0"
198.54.114.83 - - [01/Apr/2025:22:15:13 -0400] "POST /wp-cron.php?doing_wp_cron=1743560112.8079218864440917968750 HTTP/1.1" 200 0 "-" "WordPress/6.7.2; https://christianmantopoulos.com"
13.229.78.155 - - [01/Apr/2025:22:15:10 -0400] "GET /xmlrpc.php HTTP/1.1" 405 46 "-" "Mozilla/5.0 (Windows NT 10.0; Win64; x64; rv:122.0) Gecko/20100101 Firefox/122.0"
198.54.114.83 - - [01/Apr/2025:22:15:14 -0400] "POST /wp-admin/admin-ajax.php?action=async_litespeed&nonce=NvflGMB9c6qL2LaKqwvTSzDq5rG0qNrR&litespeed_type=imgoptm HTTP/1.1" 200 5 "-" "WordPress/6.7.2; https://christianmantopoulos.com"
13.229.78.155 - - [01/Apr/2025:22:15:14 -0400] "GET /wp-json/wp/v2/users HTTP/1.1" 404 1251 "-" "Mozilla/5.0 (Windows NT 10.0; Win64; x64; rv:122.0) Gecko/20100101 Firefox/122.0"
18.188.60.244 - - [01/Apr/2025:22:15:40 -0400] "GET /how-to-go-about-diamond-painting-own-photo HTTP/1.1" 404 1251 "-" "Mozilla/5.0 AppleWebKit/537.36 (KHTML, like Gecko; compatible; ClaudeBot/1.0; +claudebot@anthropic.com)"
13.229.78.155 - - [01/Apr/2025:22:15:15 -0400] "POST /xmlrpc.php HTTP/1.1" 200 0 "-" "python-httpx/0.22.0"
13.229.78.155 - - [01/Apr/2025:22:15:35 -0400] "POST /xmlrpc.php HTTP/1.1" 200 0 "-" "python-httpx/0.22.0"
13.229.78.155 - - [01/Apr/2025:22:15:55 -0400] "POST /xmlrpc.php HTTP/1.1" 200 0 "-" "python-httpx/0.22.0"
3.144.104.16 - - [01/Apr/2025:22:16:47 -0400] "GET /exploring-fenbendazole-a-potential-treatment-for-humans HTTP/1.1" 404 1251 "-" "Mozilla/5.0 AppleWebKit/537.36 (KHTML, like Gecko; compatible; ClaudeBot/1.0; +claudebot@anthropic.com)"
13.229.78.155 - - [01/Apr/2025:22:16:15 -0400] "POST /xmlrpc.php HTTP/1.1" 200 0 "-" "python-httpx/0.22.0"
13.229.78.155 - - [01/Apr/2025:22:16:35 -0400] "POST /xmlrpc.php HTTP/1.1" 200 0 "-" "python-httpx/0.22.0"
13.229.78.155 - - [01/Apr/2025:22:16:55 -0400] "POST /xmlrpc.php HTTP/1.1" 200 0 "-" "python-httpx/0.22.0"
13.229.78.155 - - [01/Apr/2025:22:17:15 -0400] "POST /xmlrpc.php HTTP/1.1" 200 0 "-" "python-httpx/0.22.0"
13.229.78.155 - - [01/Apr/2025:22:17:35 -0400] "POST /xmlrpc.php HTTP/1.1" 200 0 "-" "python-httpx/0.22.0"
13.229.78.155 - - [01/Apr/2025:22:17:55 -0400] "POST /xmlrpc.php HTTP/1.1" 200 0 "-" "python-httpx/0.22.0"
40.77.167.48 - - [01/Apr/2025:22:18:37 -0400] "GET /letter.html HTTP/1.1" 404 1251 "-" "Mozilla/5.0 AppleWebKit/537.36 (KHTML, like Gecko; compatible; bingbot/2.0; +http://www.bing.com/bingbot.htm) Chrome/116.0.1938.76 Safari/537.36"
13.229.78.155 - - [01/Apr/2025:22:18:15 -0400] "POST /xmlrpc.php HTTP/1.1" 200 0 "-" "python-httpx/0.22.0"
13.229.78.155 - - [01/Apr/2025:22:18:35 -0400] "POST /xmlrpc.php HTTP/1.1" 200 0 "-" "python-httpx/0.22.0"
13.229.78.155 - - [01/Apr/2025:22:18:55 -0400] "POST /xmlrpc.php HTTP/1.1" 200 0 "-" "python-httpx/0.22.0"
13.229.78.155 - - [01/Apr/2025:22:19:15 -0400] "POST /xmlrpc.php HTTP/1.1" 200 0 "-" "python-httpx/0.22.0"
13.229.78.155 - - [01/Apr/2025:22:19:35 -0400] "POST /xmlrpc.php HTTP/1.1" 200 0 "-" "python-httpx/0.22.0"
13.229.78.155 - - [01/Apr/2025:22:19:55 -0400] "POST /xmlrpc.php HTTP/1.1" 200 0 "-" "python-httpx/0.22.0"
85.208.98.31 - - [01/Apr/2025:22:20:52 -0400] "GET /wholesale-jewelry-business-qualities-of-a-right-wholesale-jewelry-supplier/ HTTP/1.1" 404 1251 "-" "Mozilla/5.0 (compatible; SemrushBot-BA; +http://www.semrush.com/bot.html)"
13.229.78.155 - - [01/Apr/2025:22:20:15 -0400] "POST /xmlrpc.php HTTP/1.1" 200 0 "-" "python-httpx/0.22.0"
45.61.187.186 - - [01/Apr/2025:22:20:57 -0400] "GET /wp-login.php HTTP/1.1" 200 1721 "-" "Mozilla/5.0 (Windows NT 6.1; WOW64) AppleWebKit/537.36 (KHTML, like Gecko) Chrome/35.0.1916.114 Safari/537.36"
198.54.114.83 - - [01/Apr/2025:22:21:02 -0400] "POST /wp-cron.php?doing_wp_cron=1743560461.8634839057922363281250 HTTP/1.1" 200 0 "-" "WordPress/6.7.2; https://christianmantopoulos.com"
45.61.187.186 - - [01/Apr/2025:22:20:58 -0400] "POST /wp-login.php HTTP/1.1" 200 1878 "-" "Mozilla/5.0 (Windows NT 6.1; WOW64) AppleWebKit/537.36 (KHTML, like Gecko) Chrome/35.0.1916.114 Safari/537.36"
198.54.114.83 - - [01/Apr/2025:22:21:02 -0400] "POST /wp-admin/admin-ajax.php?action=async_litespeed&nonce=T0XqQw3kJwPCLtoPiCc8wn7SYcEXlxZ7&litespeed_type=imgoptm HTTP/1.1" 200 5 "-" "WordPress/6.7.2; https://christianmantopoulos.com"
13.229.78.155 - - [01/Apr/2025:22:20:35 -0400] "POST /xmlrpc.php HTTP/1.1" 200 0 "-" "python-httpx/0.22.0"
13.229.78.155 - - [01/Apr/2025:22:20:55 -0400] "POST /xmlrpc.php HTTP/1.1" 200 0 "-" "python-httpx/0.22.0"
85.208.98.19 - - [01/Apr/2025:22:21:47 -0400] "GET /cashmere-shawls-provide-luxury-and-richness/ HTTP/1.1" 404 1251 "-" "Mozilla/5.0 (compatible; SemrushBot-BA; +http://www.semrush.com/bot.html)"
13.229.78.155 - - [01/Apr/2025:22:21:16 -0400] "POST /xmlrpc.php HTTP/1.1" 200 0 "-" "python-httpx/0.22.0"
13.229.78.155 - - [01/Apr/2025:22:21:35 -0400] "POST /xmlrpc.php HTTP/1.1" 200 0 "-" "python-httpx/0.22.0"
13.229.78.155 - - [01/Apr/2025:22:21:55 -0400] "POST /xmlrpc.php HTTP/1.1" 200 0 "-" "python-httpx/0.22.0"
13.229.78.155 - - [01/Apr/2025:22:22:17 -0400] "POST /xmlrpc.php HTTP/1.1" 200 0 "-" "python-httpx/0.22.0"
13.229.78.155 - - [01/Apr/2025:22:22:35 -0400] "POST /xmlrpc.php HTTP/1.1" 200 0 "-" "python-httpx/0.22.0"
13.229.78.155 - - [01/Apr/2025:22:22:55 -0400] "POST /xmlrpc.php HTTP/1.1" 200 0 "-" "python-httpx/0.22.0"
13.229.78.155 - - [01/Apr/2025:22:23:15 -0400] "POST /xmlrpc.php HTTP/1.1" 200 0 "-" "python-httpx/0.22.0"
112.92.70.120 - - [01/Apr/2025:22:23:58 -0400] "GET /mk-shoulder-bag-by-michael-kors/ HTTP/1.1" 404 1251 "https://christianmantopoulos.com" "Mozilla/5.0 (Windows NT 10.0; Win64; x64) AppleWebKit/537.36 (KHTML, like Gecko) Chrome/62.0.3202.94 Safari/537.36"
112.92.70.120 - - [01/Apr/2025:22:24:00 -0400] "GET /mk-shoulder-bag-by-michael-kors/ HTTP/1.1" 404 1251 "https://christianmantopoulos.com" "Mozilla/5.0 (Windows NT 10.0; Win64; x64) AppleWebKit/537.36 (KHTML, like Gecko) Chrome/62.0.3202.94 Safari/537.36"
112.92.70.120 - - [01/Apr/2025:22:24:02 -0400] "GET /mk-shoulder-bag-by-michael-kors/ HTTP/1.1" 404 1251 "https://christianmantopoulos.com" "Mozilla/5.0 (Windows NT 10.0; Win64; x64) AppleWebKit/537.36 (KHTML, like Gecko) Chrome/62.0.3202.94 Safari/537.36"
112.92.70.120 - - [01/Apr/2025:22:24:04 -0400] "GET /mk-shoulder-bag-by-michael-kors/ HTTP/1.1" 404 1251 "https://christianmantopoulos.com" "Mozilla/5.0 (Windows NT 10.0; Win64; x64) AppleWebKit/537.36 (KHTML, like Gecko) Chrome/62.0.3202.94 Safari/537.36"
13.229.78.155 - - [01/Apr/2025:22:23:35 -0400] "POST /xmlrpc.php HTTP/1.1" 200 0 "-" "python-httpx/0.22.0"
13.229.78.155 - - [01/Apr/2025:22:23:56 -0400] "POST /xmlrpc.php HTTP/1.1" 200 0 "-" "python-httpx/0.22.0"
13.229.78.155 - - [01/Apr/2025:22:24:15 -0400] "POST /xmlrpc.php HTTP/1.1" 200 0 "-" "python-httpx/0.22.0"
13.229.78.155 - - [01/Apr/2025:22:24:35 -0400] "POST /xmlrpc.php HTTP/1.1" 200 0 "-" "python-httpx/0.22.0"
13.229.78.155 - - [01/Apr/2025:22:24:55 -0400] "POST /xmlrpc.php HTTP/1.1" 200 0 "-" "python-httpx/0.22.0"
13.229.78.155 - - [01/Apr/2025:22:25:16 -0400] "POST /xmlrpc.php HTTP/1.1" 200 0 "-" "python-httpx/0.22.0"
13.229.78.155 - - [01/Apr/2025:22:25:36 -0400] "POST /xmlrpc.php HTTP/1.1" 200 0 "-" "python-httpx/0.22.0"
13.229.78.155 - - [01/Apr/2025:22:25:56 -0400] "POST /xmlrpc.php HTTP/1.1" 200 0 "-" "python-httpx/0.22.0"
13.229.78.155 - - [01/Apr/2025:22:26:16 -0400] "POST /xmlrpc.php HTTP/1.1" 200 0 "-" "python-httpx/0.22.0"
13.229.78.155 - - [01/Apr/2025:22:26:36 -0400] "POST /xmlrpc.php HTTP/1.1" 200 0 "-" "python-httpx/0.22.0"
13.229.78.155 - - [01/Apr/2025:22:26:56 -0400] "POST /xmlrpc.php HTTP/1.1" 200 0 "-" "python-httpx/0.22.0"
13.229.78.155 - - [01/Apr/2025:22:27:16 -0400] "POST /xmlrpc.php HTTP/1.1" 200 0 "-" "python-httpx/0.22.0"
13.229.78.155 - - [01/Apr/2025:22:27:36 -0400] "POST /xmlrpc.php HTTP/1.1" 200 0 "-" "python-httpx/0.22.0"
13.229.78.155 - - [01/Apr/2025:22:27:56 -0400] "POST /xmlrpc.php HTTP/1.1" 200 0 "-" "python-httpx/0.22.0"
13.229.78.155 - - [01/Apr/2025:22:28:16 -0400] "POST /xmlrpc.php HTTP/1.1" 200 0 "-" "python-httpx/0.22.0"
13.229.78.155 - - [01/Apr/2025:22:28:37 -0400] "POST /xmlrpc.php HTTP/1.1" 200 0 "-" "python-httpx/0.22.0"
13.229.78.155 - - [01/Apr/2025:22:28:57 -0400] "POST /xmlrpc.php HTTP/1.1" 200 0 "-" "python-httpx/0.22.0"
13.229.78.155 - - [01/Apr/2025:22:29:18 -0400] "POST /xmlrpc.php HTTP/1.1" 200 0 "-" "python-httpx/0.22.0"
40.90.238.35 - - [01/Apr/2025:22:30:10 -0400] "GET /wp-login.php HTTP/1.1" 200 1721 "-" "GRequests/0.10"
198.54.114.83 - - [01/Apr/2025:22:30:16 -0400] "POST /wp-cron.php?doing_wp_cron=1743561015.5885179042816162109375 HTTP/1.1" 200 0 "-" "WordPress/6.7.2; https://christianmantopoulos.com"
40.90.238.35 - - [01/Apr/2025:22:30:11 -0400] "POST /wp-login.php HTTP/1.1" 200 1878 "-" "GRequests/0.10"
13.229.78.155 - - [01/Apr/2025:22:29:38 -0400] "POST /xmlrpc.php HTTP/1.1" 200 0 "-" "python-httpx/0.22.0"
198.54.114.83 - - [01/Apr/2025:22:30:18 -0400] "POST /wp-admin/admin-ajax.php?action=async_litespeed&nonce=Hr1jKOHThStHwG7WqoZMF38yynMHLvyz&litespeed_type=imgoptm HTTP/1.1" 200 0 "-" "WordPress/6.7.2; https://christianmantopoulos.com"
13.229.78.155 - - [01/Apr/2025:22:29:58 -0400] "POST /xmlrpc.php HTTP/1.1" 200 0 "-" "python-httpx/0.22.0"
13.229.78.155 - - [01/Apr/2025:22:30:19 -0400] "POST /xmlrpc.php HTTP/1.1" 200 0 "-" "python-httpx/0.22.0"
13.229.78.155 - - [01/Apr/2025:22:30:38 -0400] "POST /xmlrpc.php HTTP/1.1" 200 0 "-" "python-httpx/0.22.0"
13.229.78.155 - - [01/Apr/2025:22:30:58 -0400] "POST /xmlrpc.php HTTP/1.1" 200 0 "-" "python-httpx/0.22.0"
13.229.78.155 - - [01/Apr/2025:22:31:18 -0400] "POST /xmlrpc.php HTTP/1.1" 200 0 "-" "python-httpx/0.22.0"
13.229.78.155 - - [01/Apr/2025:22:31:38 -0400] "POST /xmlrpc.php HTTP/1.1" 200 0 "-" "python-httpx/0.22.0"
13.229.78.155 - - [01/Apr/2025:22:31:59 -0400] "POST /xmlrpc.php HTTP/1.1" 200 0 "-" "python-httpx/0.22.0"
13.229.78.155 - - [01/Apr/2025:22:32:19 -0400] "POST /xmlrpc.php HTTP/1.1" 200 0 "-" "python-httpx/0.22.0"
13.229.78.155 - - [01/Apr/2025:22:32:39 -0400] "POST /xmlrpc.php HTTP/1.1" 200 0 "-" "python-httpx/0.22.0"
13.229.78.155 - - [01/Apr/2025:22:32:59 -0400] "POST /xmlrpc.php HTTP/1.1" 200 0 "-" "python-httpx/0.22.0"
13.229.78.155 - - [01/Apr/2025:22:33:19 -0400] "POST /xmlrpc.php HTTP/1.1" 200 0 "-" "python-httpx/0.22.0"
13.229.78.155 - - [01/Apr/2025:22:33:40 -0400] "POST /xmlrpc.php HTTP/1.1" 200 0 "-" "python-httpx/0.22.0"
13.229.78.155 - - [01/Apr/2025:22:34:00 -0400] "POST /xmlrpc.php HTTP/1.1" 200 0 "-" "python-httpx/0.22.0"
3.17.74.181 - - [01/Apr/2025:22:34:59 -0400] "GET /what-is-a-call-answering-service HTTP/1.1" 404 1251 "-" "Mozilla/5.0 AppleWebKit/537.36 (KHTML, like Gecko; compatible; ClaudeBot/1.0; +claudebot@anthropic.com)"
3.17.74.181 - - [01/Apr/2025:22:34:59 -0400] "GET /how-many-customized-fuzzy-socks-should-i-order HTTP/1.1" 404 1251 "-" "Mozilla/5.0 AppleWebKit/537.36 (KHTML, like Gecko; compatible; ClaudeBot/1.0; +claudebot@anthropic.com)"
13.229.78.155 - - [01/Apr/2025:22:34:21 -0400] "POST /xmlrpc.php HTTP/1.1" 200 0 "-" "python-httpx/0.22.0"
13.229.78.155 - - [01/Apr/2025:22:34:40 -0400] "POST /xmlrpc.php HTTP/1.1" 200 0 "-" "python-httpx/0.22.0"
198.54.114.83 - - [01/Apr/2025:22:35:25 -0400] "POST /wp-admin/admin-ajax.php?action=async_litespeed&nonce=WOkSG5lop04rDCoX8rrLorFcX3P6S6GN&litespeed_type=imgoptm HTTP/1.1" 200 5 "-" "WordPress/6.7.2; https://christianmantopoulos.com"
13.229.78.155 - - [01/Apr/2025:22:35:00 -0400] "POST /xmlrpc.php HTTP/1.1" 200 0 "-" "python-httpx/0.22.0"
13.229.78.155 - - [01/Apr/2025:22:35:20 -0400] "POST /xmlrpc.php HTTP/1.1" 200 0 "-" "python-httpx/0.22.0"
13.229.78.155 - - [01/Apr/2025:22:35:40 -0400] "POST /xmlrpc.php HTTP/1.1" 200 0 "-" "python-httpx/0.22.0"
13.229.78.155 - - [01/Apr/2025:22:36:01 -0400] "POST /xmlrpc.php HTTP/1.1" 200 0 "-" "python-httpx/0.22.0"
13.229.78.155 - - [01/Apr/2025:22:36:21 -0400] "POST /xmlrpc.php HTTP/1.1" 200 0 "-" "python-httpx/0.22.0"
13.229.78.155 - - [01/Apr/2025:22:36:41 -0400] "POST /xmlrpc.php HTTP/1.1" 200 0 "-" "python-httpx/0.22.0"
13.229.78.155 - - [01/Apr/2025:22:37:01 -0400] "POST /xmlrpc.php HTTP/1.1" 200 0 "-" "python-httpx/0.22.0"
13.229.78.155 - - [01/Apr/2025:22:37:21 -0400] "POST /xmlrpc.php HTTP/1.1" 200 0 "-" "python-httpx/0.22.0"
13.229.78.155 - - [01/Apr/2025:22:37:41 -0400] "POST /xmlrpc.php HTTP/1.1" 200 0 "-" "python-httpx/0.22.0"
45.132.181.248 - - [01/Apr/2025:22:38:39 -0400] "GET /what-is-amazon-web-services/ HTTP/1.1" 404 1251 "-" "Mozilla/5.0 (Windows NT 10.0; WOW64) AppleWebKit/537.36 (KHTML, like Gecko) Chrome/114.0.0.0 Safari/537.36"
45.132.181.248 - - [01/Apr/2025:22:38:40 -0400] "GET / HTTP/1.1" 200 78024 "-" "Mozilla/5.0 (Windows NT 10.0; WOW64) AppleWebKit/537.36 (KHTML, like Gecko) Chrome/114.0.0.0 Safari/537.36"
13.229.78.155 - - [01/Apr/2025:22:38:01 -0400] "POST /xmlrpc.php HTTP/1.1" 200 0 "-" "python-httpx/0.22.0"
45.132.181.248 - - [01/Apr/2025:22:38:44 -0400] "GET /'%20+%20item.url%20+%20' HTTP/1.1" 404 1251 "https://christianmantopoulos.com" "Mozilla/5.0 (Windows NT 10.0; WOW64) AppleWebKit/537.36 (KHTML, like Gecko) Chrome/114.0.0.0 Safari/537.36"
45.132.181.248 - - [01/Apr/2025:22:38:45 -0400] "GET / HTTP/1.1" 200 78024 "https://christianmantopoulos.com" "Mozilla/5.0 (Windows NT 10.0; WOW64) AppleWebKit/537.36 (KHTML, like Gecko) Chrome/114.0.0.0 Safari/537.36"
13.229.78.155 - - [01/Apr/2025:22:38:21 -0400] "POST /xmlrpc.php HTTP/1.1" 200 0 "-" "python-httpx/0.22.0"
13.229.78.155 - - [01/Apr/2025:22:38:41 -0400] "POST /xmlrpc.php HTTP/1.1" 200 0 "-" "python-httpx/0.22.0"
13.229.78.155 - - [01/Apr/2025:22:39:01 -0400] "POST /xmlrpc.php HTTP/1.1" 200 0 "-" "python-httpx/0.22.0"
13.229.78.155 - - [01/Apr/2025:22:39:21 -0400] "POST /xmlrpc.php HTTP/1.1" 200 0 "-" "python-httpx/0.22.0"
13.229.78.155 - - [01/Apr/2025:22:39:41 -0400] "POST /xmlrpc.php HTTP/1.1" 200 0 "-" "python-httpx/0.22.0"
13.229.78.155 - - [01/Apr/2025:22:40:01 -0400] "POST /xmlrpc.php HTTP/1.1" 200 0 "-" "python-httpx/0.22.0"
13.229.78.155 - - [01/Apr/2025:22:40:21 -0400] "POST /xmlrpc.php HTTP/1.1" 200 0 "-" "python-httpx/0.22.0"
3.144.157.48 - - [01/Apr/2025:22:41:13 -0400] "GET /midtown-modern-a-vibrant-lifestyle-center HTTP/1.1" 404 1251 "-" "Mozilla/5.0 AppleWebKit/537.36 (KHTML, like Gecko; compatible; ClaudeBot/1.0; +claudebot@anthropic.com)"
13.229.78.155 - - [01/Apr/2025:22:40:41 -0400] "POST /xmlrpc.php HTTP/1.1" 200 0 "-" "python-httpx/0.22.0"
13.229.78.155 - - [01/Apr/2025:22:41:01 -0400] "POST /xmlrpc.php HTTP/1.1" 200 0 "-" "python-httpx/0.22.0"
13.229.78.155 - - [01/Apr/2025:22:41:21 -0400] "POST /xmlrpc.php HTTP/1.1" 200 0 "-" "python-httpx/0.22.0"
13.229.78.155 - - [01/Apr/2025:22:41:41 -0400] "POST /xmlrpc.php HTTP/1.1" 200 0 "-" "python-httpx/0.22.0"
13.229.78.155 - - [01/Apr/2025:22:42:02 -0400] "POST /xmlrpc.php HTTP/1.1" 200 0 "-" "python-httpx/0.22.0"
13.229.78.155 - - [01/Apr/2025:22:42:22 -0400] "POST /xmlrpc.php HTTP/1.1" 200 0 "-" "python-httpx/0.22.0"
13.229.78.155 - - [01/Apr/2025:22:42:42 -0400] "POST /xmlrpc.php HTTP/1.1" 200 0 "-" "python-httpx/0.22.0"
13.229.78.155 - - [01/Apr/2025:22:43:02 -0400] "POST /xmlrpc.php HTTP/1.1" 200 0 "-" "python-httpx/0.22.0"
13.229.78.155 - - [01/Apr/2025:22:43:22 -0400] "POST /xmlrpc.php HTTP/1.1" 200 0 "-" "python-httpx/0.22.0"
13.229.78.155 - - [01/Apr/2025:22:43:42 -0400] "POST /xmlrpc.php HTTP/1.1" 200 0 "-" "python-httpx/0.22.0"
13.229.78.155 - - [01/Apr/2025:22:44:02 -0400] "POST /xmlrpc.php HTTP/1.1" 200 0 "-" "python-httpx/0.22.0"
13.229.78.155 - - [01/Apr/2025:22:44:22 -0400] "POST /xmlrpc.php HTTP/1.1" 200 0 "-" "python-httpx/0.22.0"
13.229.78.155 - - [01/Apr/2025:22:44:43 -0400] "POST /xmlrpc.php HTTP/1.1" 200 0 "-" "python-httpx/0.22.0"
13.229.78.155 - - [01/Apr/2025:22:45:03 -0400] "POST /xmlrpc.php HTTP/1.1" 200 0 "-" "python-httpx/0.22.0"
13.229.78.155 - - [01/Apr/2025:22:45:22 -0400] "POST /xmlrpc.php HTTP/1.1" 200 0 "-" "python-httpx/0.22.0"
85.208.96.201 - - [01/Apr/2025:22:46:03 -0400] "GET /robots.txt HTTP/1.1" 404 1251 "-" "Mozilla/5.0 (compatible; SemrushBot/7~bl; +http://www.semrush.com/bot.html)"
185.191.171.5 - - [01/Apr/2025:22:46:03 -0400] "GET /how-to-use-mac-oil-cartridges/ HTTP/1.1" 404 1251 "-" "Mozilla/5.0 (compatible; SemrushBot/7~bl; +http://www.semrush.com/bot.html)"
40.77.167.230 - - [01/Apr/2025:22:46:09 -0400] "GET /?pid=160197306 HTTP/1.1" 200 78024 "-" "Mozilla/5.0 AppleWebKit/537.36 (KHTML, like Gecko; compatible; bingbot/2.0; +http://www.bing.com/bingbot.htm) Chrome/116.0.1938.76 Safari/537.36"
13.229.78.155 - - [01/Apr/2025:22:45:42 -0400] "POST /xmlrpc.php HTTP/1.1" 200 0 "-" "python-httpx/0.22.0"
13.229.78.155 - - [01/Apr/2025:22:46:03 -0400] "POST /xmlrpc.php HTTP/1.1" 200 0 "-" "python-httpx/0.22.0"
136.243.228.178 - - [01/Apr/2025:22:46:49 -0400] "GET /issues-to-can-with-friends/ HTTP/1.1" 404 1251 "-" "Mozilla/5.0 (compatible; DataForSeoBot/1.0; +https://dataforseo.com/dataforseo-bot)"
13.229.78.155 - - [01/Apr/2025:22:46:22 -0400] "POST /xmlrpc.php HTTP/1.1" 200 0 "-" "python-httpx/0.22.0"
13.229.78.155 - - [01/Apr/2025:22:46:42 -0400] "POST /xmlrpc.php HTTP/1.1" 200 0 "-" "python-httpx/0.22.0"
13.229.78.155 - - [01/Apr/2025:22:47:03 -0400] "POST /xmlrpc.php HTTP/1.1" 200 0 "-" "python-httpx/0.22.0"
13.229.78.155 - - [01/Apr/2025:22:47:23 -0400] "POST /xmlrpc.php HTTP/1.1" 200 0 "-" "python-httpx/0.22.0"
13.229.78.155 - - [01/Apr/2025:22:47:42 -0400] "POST /xmlrpc.php HTTP/1.1" 200 0 "-" "python-httpx/0.22.0"
40.77.167.52 - - [01/Apr/2025:22:50:16 -0400] "GET /shop/products/list?category_id=82 HTTP/1.1" 404 1251 "-" "Mozilla/5.0 AppleWebKit/537.36 (KHTML, like Gecko; compatible; bingbot/2.0; +http://www.bing.com/bingbot.htm) Chrome/116.0.1938.76 Safari/537.36"
52.167.144.212 - - [01/Apr/2025:22:52:32 -0400] "GET /lidsconf.html HTTP/1.1" 404 1251 "-" "Mozilla/5.0 AppleWebKit/537.36 (KHTML, like Gecko; compatible; bingbot/2.0; +http://www.bing.com/bingbot.htm) Chrome/116.0.1938.76 Safari/537.36"
85.208.96.203 - - [01/Apr/2025:22:52:54 -0400] "GET /navigating-the-thrills-and-risks-of-online-casinos/ HTTP/1.1" 404 1251 "-" "Mozilla/5.0 (compatible; SemrushBot/7~bl; +http://www.semrush.com/bot.html)"
34.83.238.29 - - [01/Apr/2025:22:53:30 -0400] "GET /top-ten-baby-presents-buy-baby-gift-items-that-are-needed/ HTTP/1.1" 404 1251 "-" "Mozilla/5.0 (Macintosh; Intel Mac OS X 10_15_7) AppleWebKit/605.1.15 (KHTML, like Gecko) Version/17.0 Safari/605.1.15"
3.17.153.20 - - [01/Apr/2025:22:55:07 -0400] "GET /how-to-see-hidden-friends-on-snapchat HTTP/1.1" 404 1251 "-" "Mozilla/5.0 AppleWebKit/537.36 (KHTML, like Gecko; compatible; ClaudeBot/1.0; +claudebot@anthropic.com)"
3.144.81.74 - - [01/Apr/2025:22:56:10 -0400] "GET /klimt-cairnhill-showflat HTTP/1.1" 404 1251 "-" "Mozilla/5.0 AppleWebKit/537.36 (KHTML, like Gecko; compatible; ClaudeBot/1.0; +claudebot@anthropic.com)"
198.98.48.90 - - [01/Apr/2025:22:56:35 -0400] "GET /wp-login.php HTTP/1.1" 200 1721 "-" "Mozilla/5.0 (Windows NT 6.1; WOW64; Trident/7.0; rv:11.0) like Gecko"
198.54.114.83 - - [01/Apr/2025:22:56:54 -0400] "POST /wp-cron.php?doing_wp_cron=1743562614.2895541191101074218750 HTTP/1.1" 200 0 "-" "WordPress/6.7.2; https://christianmantopoulos.com"
198.98.48.90 - - [01/Apr/2025:22:56:51 -0400] "POST /wp-login.php HTTP/1.1" 200 1878 "-" "Mozilla/5.0 (Windows NT 6.1; WOW64; Trident/7.0; rv:11.0) like Gecko"
198.54.114.83 - - [01/Apr/2025:22:56:55 -0400] "POST /wp-admin/admin-ajax.php?action=async_litespeed&nonce=E0N53s5qsRaX7zkxQs0ANOPA3jdGFw6r&litespeed_type=imgoptm HTTP/1.1" 200 5 "-" "WordPress/6.7.2; https://christianmantopoulos.com"
40.77.167.52 - - [01/Apr/2025:22:58:07 -0400] "GET /bilingual-speech-therapy HTTP/1.1" 404 1251 "-" "Mozilla/5.0 AppleWebKit/537.36 (KHTML, like Gecko; compatible; bingbot/2.0; +http://www.bing.com/bingbot.htm) Chrome/116.0.1938.76 Safari/537.36"
47.243.75.156 - - [01/Apr/2025:22:58:45 -0400] "GET / HTTP/1.1" 200 78024 "-" "Mozilla/5.0 (Windows NT 10.0; Win64; x64; rv:109.0) Gecko/20100101 Firefox/115.0"
47.243.75.156 - - [01/Apr/2025:22:58:46 -0400] "GET /products/sw.js HTTP/1.1" 404 1251 "https://christianmantopoulos.com/" "Mozilla/5.0 (X11; Linux x86_64) AppleWebKit/537.36 (KHTML, like Gecko) HeadlessChrome/117.0.5938.62 Safari/537.36"
85.208.96.210 - - [01/Apr/2025:23:00:19 -0400] "GET /classroom-6x/ HTTP/1.1" 404 1251 "-" "Mozilla/5.0 (compatible; SemrushBot/7~bl; +http://www.semrush.com/bot.html)"
