40.77.167.144 - - [01/Apr/2025:14:10:57 -0400] "GET /?pid=157429851 HTTP/1.1" 200 78024 "-" "Mozilla/5.0 AppleWebKit/537.36 (KHTML, like Gecko; compatible; bingbot/2.0; +http://www.bing.com/bingbot.htm) Chrome/116.0.1938.76 Safari/537.36"
85.208.96.199 - - [01/Apr/2025:14:12:36 -0400] "GET /custom-sports-team-socks/ HTTP/1.1" 404 1251 "-" "Mozilla/5.0 (compatible; SemrushBot/7~bl; +http://www.semrush.com/bot.html)"
198.54.114.83 - - [01/Apr/2025:14:14:14 -0400] "POST /wp-cron.php?doing_wp_cron=1743531253.5169219970703125000000 HTTP/1.1" 200 0 "-" "WordPress/6.7.2; https://christianmantopoulos.com"
173.231.221.177 - - [01/Apr/2025:14:14:08 -0400] "POST /xmlrpc.php HTTP/1.1" 200 205 "-" "Mozilla/5.0 (X11; Fedora; Linux x86_64; rv:94.0) Gecko/20100101 Firefox/95.0"
198.54.114.83 - - [01/Apr/2025:14:14:15 -0400] "POST /wp-admin/admin-ajax.php?action=async_litespeed&nonce=8BeBp1uXSC6fBLrmIvvPZQzAvbdZFxis&litespeed_type=imgoptm HTTP/1.1" 200 5 "-" "WordPress/6.7.2; https://christianmantopoulos.com"
40.77.167.157 - - [01/Apr/2025:14:16:50 -0400] "GET /page/2/?eid=1018 HTTP/1.1" 404 1251 "-" "Mozilla/5.0 AppleWebKit/537.36 (KHTML, like Gecko; compatible; bingbot/2.0; +http://www.bing.com/bingbot.htm) Chrome/116.0.1938.76 Safari/537.36"
198.54.114.83 - - [01/Apr/2025:14:21:22 -0400] "POST /wp-cron.php?doing_wp_cron=1743531681.8391690254211425781250 HTTP/1.1" 200 0 "-" "WordPress/6.7.2; https://christianmantopoulos.com"
2607:f298:6:a034::72b:7b50 - - [01/Apr/2025:14:21:18 -0400] "POST /xmlrpc.php HTTP/1.1" 200 205 "-" "Mozilla/5.0 (X11; Fedora; Linux x86_64; rv:94.0) Gecko/20100101 Firefox/95.0"
198.54.114.83 - - [01/Apr/2025:14:21:22 -0400] "POST /wp-admin/admin-ajax.php?action=async_litespeed&nonce=defHn6tf0Avsff6GE8rOpNdSHAhtXPDG&litespeed_type=imgoptm HTTP/1.1" 200 5 "-" "WordPress/6.7.2; https://christianmantopoulos.com"
66.249.72.197 - - [01/Apr/2025:14:21:48 -0400] "GET /convenient-london-airport-taxi-services-for-a-smooth-journey/ HTTP/1.1" 404 1251 "-" "Mozilla/5.0 (Linux; Android 6.0.1; Nexus 5X Build/MMB29P) AppleWebKit/537.36 (KHTML, like Gecko) Chrome/99.0.4844.84 Mobile Safari/537.36 (compatible; Googlebot/2.1; +http://www.google.com/bot.html)"
66.249.72.197 - - [01/Apr/2025:14:21:49 -0400] "GET /convenient-london-airport-taxi-services-for-a-smooth-journey/ HTTP/1.1" 404 1251 "-" "Mozilla/5.0 (compatible; Googlebot/2.1; +http://www.google.com/bot.html)"
52.167.144.157 - - [01/Apr/2025:14:24:29 -0400] "GET /limportance-cruciale-de-lassurance-entreprise/ HTTP/1.1" 404 1251 "-" "Mozilla/5.0 AppleWebKit/537.36 (KHTML, like Gecko; compatible; bingbot/2.0; +http://www.bing.com/bingbot.htm) Chrome/116.0.1938.76 Safari/537.36"
45.61.188.237 - - [01/Apr/2025:14:25:00 -0400] "GET /wp-login.php HTTP/1.1" 200 1721 "-" "Mozilla/5.0 (Macintosh; Intel Mac OS X 10_7_5) AppleWebKit/537.77.4 (KHTML, like Gecko) Version/6.1.5 Safari/537.77.4"
45.61.188.237 - - [01/Apr/2025:14:25:01 -0400] "POST /wp-login.php HTTP/1.1" 200 1879 "-" "Mozilla/5.0 (Macintosh; Intel Mac OS X 10_7_5) AppleWebKit/537.77.4 (KHTML, like Gecko) Version/6.1.5 Safari/537.77.4"
198.54.114.83 - - [01/Apr/2025:14:25:08 -0400] "POST /wp-cron.php?doing_wp_cron=1743531905.5577080249786376953125 HTTP/1.1" 200 0 "-" "WordPress/6.7.2; https://christianmantopoulos.com"
198.54.114.83 - - [01/Apr/2025:14:27:59 -0400] "POST /wp-cron.php?doing_wp_cron=1743532078.9753880500793457031250 HTTP/1.1" 200 0 "-" "WordPress/6.7.2; https://christianmantopoulos.com"
103.90.235.199 - - [01/Apr/2025:14:27:56 -0400] "POST /xmlrpc.php HTTP/1.1" 200 205 "-" "Mozilla/5.0 (X11; Fedora; Linux x86_64; rv:94.0) Gecko/20100101 Firefox/95.0"
198.54.114.83 - - [01/Apr/2025:14:28:00 -0400] "POST /wp-admin/admin-ajax.php?action=async_litespeed&nonce=NJzSx0N8UyHIUgKmCox4MUZb9X4nAZtp&litespeed_type=imgoptm HTTP/1.1" 200 0 "-" "WordPress/6.7.2; https://christianmantopoulos.com"
85.208.96.211 - - [01/Apr/2025:14:40:02 -0400] "GET /robots.txt HTTP/1.1" 404 1251 "-" "Mozilla/5.0 (compatible; SemrushBot/7~bl; +http://www.semrush.com/bot.html)"
185.191.171.5 - - [01/Apr/2025:14:40:05 -0400] "GET /referencement/ HTTP/1.1" 404 1251 "-" "Mozilla/5.0 (compatible; SemrushBot/7~bl; +http://www.semrush.com/bot.html)"
47.82.10.190 - - [01/Apr/2025:14:42:20 -0400] "GET /wp-includes/js/mediaelement/renderers/vimeo.min.js HTTP/1.1" 200 2071 "-" "Mozilla/5.0 (Windows NT 10.0; Win64; x64) AppleWebKit/537.36 (KHTML, like Gecko) Chrome/114.0.0.0 Safari/537.36 Edg/114.0.1823.43"
198.54.114.83 - - [01/Apr/2025:14:42:21 -0400] "POST /wp-cron.php?doing_wp_cron=1743532941.5858130455017089843750 HTTP/1.1" 200 0 "-" "WordPress/6.7.2; https://christianmantopoulos.com"
185.66.90.243 - - [01/Apr/2025:14:42:18 -0400] "POST /xmlrpc.php HTTP/1.1" 200 205 "-" "Mozilla/5.0 (X11; Fedora; Linux x86_64; rv:94.0) Gecko/20100101 Firefox/95.0"
198.54.114.83 - - [01/Apr/2025:14:42:22 -0400] "POST /wp-admin/admin-ajax.php?action=async_litespeed&nonce=ODSWWnpaQFYSD7JBAiyzhUlEO0olQFV6&litespeed_type=imgoptm HTTP/1.1" 200 5 "-" "WordPress/6.7.2; https://christianmantopoulos.com"
40.77.167.20 - - [01/Apr/2025:14:47:55 -0400] "GET /en-us/oral-health/dentures HTTP/1.1" 404 1251 "-" "Mozilla/5.0 AppleWebKit/537.36 (KHTML, like Gecko; compatible; bingbot/2.0; +http://www.bing.com/bingbot.htm) Chrome/116.0.1938.76 Safari/537.36"
198.54.114.83 - - [01/Apr/2025:14:49:04 -0400] "POST /wp-cron.php?doing_wp_cron=1743533344.5363910198211669921875 HTTP/1.1" 200 0 "-" "WordPress/6.7.2; https://christianmantopoulos.com"
66.29.132.42 - - [01/Apr/2025:14:49:01 -0400] "POST /xmlrpc.php HTTP/1.1" 200 205 "-" "Mozilla/5.0 (X11; Gentoo; Linux x86_64; rv:91.0) Gecko/20100101 Firefox/91.0"
198.54.114.83 - - [01/Apr/2025:14:49:06 -0400] "POST /wp-admin/admin-ajax.php?action=async_litespeed&nonce=t2Yb298PQjZRXbff3j6AZ3oLzOzSNsVl&litespeed_type=imgoptm HTTP/1.1" 200 0 "-" "WordPress/6.7.2; https://christianmantopoulos.com"
209.141.35.103 - - [01/Apr/2025:14:49:11 -0400] "GET / HTTP/1.1" 200 78024 "https://christianmantopoulos.com" "Mozilla/5.0 (X11; Linux x86_64) AppleWebKit/537.36 (KHTML, like Gecko) Chrome/59.0.3071.115 Safari/537.36"
209.141.35.103 - - [01/Apr/2025:14:49:13 -0400] "GET /wp-login.php HTTP/1.1" 200 1721 "https://christianmantopoulos.com" "Mozilla/5.0 (X11; Linux x86_64) AppleWebKit/537.36 (KHTML, like Gecko) Chrome/59.0.3071.115 Safari/537.36"
85.208.98.16 - - [01/Apr/2025:14:49:24 -0400] "GET /dental-equipment-for-sale-how-to-find-quality-used-dental-equipment/ HTTP/1.1" 404 1251 "-" "Mozilla/5.0 (compatible; SemrushBot-BA; +http://www.semrush.com/bot.html)"
198.54.114.83 - - [01/Apr/2025:14:51:00 -0400] "POST /wp-admin/admin-ajax.php?action=async_litespeed&nonce=mzxanBPxHPHcv8EzQSEzWQZyTxRhQ7Km&litespeed_type=imgoptm HTTP/1.1" 200 5 "-" "WordPress/6.7.2; https://christianmantopoulos.com"
2001:41d0:203:83e2:: - - [01/Apr/2025:14:51:17 -0400] "GET /wp-login.php HTTP/1.1" 200 1721 "-" "GRequests/0.10"
2001:41d0:203:83e2:: - - [01/Apr/2025:14:51:18 -0400] "POST /wp-login.php HTTP/1.1" 200 1879 "-" "GRequests/0.10"
66.249.72.205 - - [01/Apr/2025:14:51:33 -0400] "GET /things-to-consider-when-looking-for-an-emergency-electrician-near-me/ HTTP/1.1" 404 1251 "-" "Mozilla/5.0 (Linux; Android 6.0.1; Nexus 5X Build/MMB29P) AppleWebKit/537.36 (KHTML, like Gecko) Chrome/134.0.6998.165 Mobile Safari/537.36 (compatible; Googlebot/2.1; +http://www.google.com/bot.html)"
185.191.171.10 - - [01/Apr/2025:14:55:48 -0400] "GET /ppr-fittings-manufacturing/ HTTP/1.1" 404 1251 "-" "Mozilla/5.0 (compatible; SemrushBot/7~bl; +http://www.semrush.com/bot.html)"
198.54.114.83 - - [01/Apr/2025:14:56:33 -0400] "POST /wp-cron.php?doing_wp_cron=1743533792.8212349414825439453125 HTTP/1.1" 200 0 "-" "WordPress/6.7.2; https://christianmantopoulos.com"
109.123.76.134 - - [01/Apr/2025:14:56:30 -0400] "POST /xmlrpc.php HTTP/1.1" 200 205 "-" "Mozilla/5.0 (X11; Fedora; Linux x86_64; rv:94.0) Gecko/20100101 Firefox/95.0"
198.54.114.83 - - [01/Apr/2025:14:56:34 -0400] "POST /wp-admin/admin-ajax.php?action=async_litespeed&nonce=3sQgsxJwo5LiSXZWyTayW790bUD2UQOt&litespeed_type=imgoptm HTTP/1.1" 200 0 "-" "WordPress/6.7.2; https://christianmantopoulos.com"
85.208.96.208 - - [01/Apr/2025:14:59:23 -0400] "GET /understanding-football-odds/ HTTP/1.1" 404 1251 "-" "Mozilla/5.0 (compatible; SemrushBot/7~bl; +http://www.semrush.com/bot.html)"
5.189.189.208 - - [01/Apr/2025:15:00:17 -0400] "GET /5-piece-wall-art/ HTTP/1.1" 404 1251 "-" "Mozilla/5.0 (X11; Fedora; Linux x86_64; rv:114.0) Gecko/20100101 Firefox/114.0"
5.189.189.208 - - [01/Apr/2025:15:00:19 -0400] "GET / HTTP/1.1" 200 78024 "-" "Mozilla/5.0 (X11; Fedora; Linux x86_64; rv:114.0) Gecko/20100101 Firefox/114.0"
5.189.189.208 - - [01/Apr/2025:15:00:21 -0400] "GET /'%20+%20item.url%20+%20' HTTP/1.1" 404 1251 "https://christianmantopoulos.com" "Mozilla/5.0 (X11; Fedora; Linux x86_64; rv:114.0) Gecko/20100101 Firefox/114.0"
5.189.189.208 - - [01/Apr/2025:15:00:23 -0400] "GET / HTTP/1.1" 200 78024 "https://christianmantopoulos.com" "Mozilla/5.0 (X11; Fedora; Linux x86_64; rv:114.0) Gecko/20100101 Firefox/114.0"
58.221.37.82 - - [01/Apr/2025:15:01:47 -0400] "GET / HTTP/1.1" 200 78024 "https://www.google.com/" "Mozilla/5.0 (Windows NT 10.0; Win64; x64) AppleWebKit/537.36 (KHTML, like Gecko) Chrome/132.0.0.0 Safari/537.36"
198.54.114.83 - - [01/Apr/2025:15:07:46 -0400] "POST /wp-admin/admin-ajax.php?action=async_litespeed&nonce=FeqZKoH18jT92Ldyu6DWfQAyIJnYptN0&litespeed_type=imgoptm HTTP/1.1" 200 5 "-" "WordPress/6.7.2; https://christianmantopoulos.com"
13.229.78.155 - - [01/Apr/2025:15:07:47 -0400] "GET /wp-admin/ HTTP/1.1" 302 0 "-" "Mozilla/5.0 (X11; Linux x86_64; rv:52.0) Gecko/20100101 Firefox/52.0"
13.229.78.155 - - [01/Apr/2025:15:07:49 -0400] "GET /wp-login.php?redirect_to=https%3A%2F%2Fchristianmantopoulos.com%2Fwp-admin%2F&reauth=1 HTTP/1.1" 200 1723 "-" "Mozilla/5.0 (X11; Linux x86_64; rv:52.0) Gecko/20100101 Firefox/52.0"
198.54.114.83 - - [01/Apr/2025:15:16:08 -0400] "POST /wp-admin/admin-ajax.php?action=async_litespeed&nonce=6bMbPIDnO6AdwEb8Z2LmLY7h4y3fwkPL&litespeed_type=imgoptm HTTP/1.1" 200 5 "-" "WordPress/6.7.2; https://christianmantopoulos.com"
185.191.171.11 - - [01/Apr/2025:15:19:52 -0400] "GET /autorisation-pose-enseigne-lumineuse-geneve/ HTTP/1.1" 404 1251 "-" "Mozilla/5.0 (compatible; SemrushBot/7~bl; +http://www.semrush.com/bot.html)"
185.191.171.6 - - [01/Apr/2025:15:22:03 -0400] "GET /fenben-powder/ HTTP/1.1" 404 1251 "-" "Mozilla/5.0 (compatible; SemrushBot/7~bl; +http://www.semrush.com/bot.html)"
45.84.107.182 - - [01/Apr/2025:15:31:17 -0400] "GET / HTTP/1.1" 200 78024 "https://christianmantopoulos.com" "Mozilla/5.0 (Macintosh; Intel Mac OS X 10_6_2) AppleWebKit/535.1 (KHTML, like Gecko) Chrome/13.0.782.41 Safari/535.1"
2001:41d0:203:83e2:: - - [01/Apr/2025:15:37:02 -0400] "GET /wp-login.php HTTP/1.1" 200 1721 "-" "GRequests/0.10"
198.54.114.83 - - [01/Apr/2025:15:37:05 -0400] "POST /wp-cron.php?doing_wp_cron=1743536225.2583329677581787109375 HTTP/1.1" 200 0 "-" "WordPress/6.7.2; https://christianmantopoulos.com"
2001:41d0:203:83e2:: - - [01/Apr/2025:15:37:02 -0400] "POST /wp-login.php HTTP/1.1" 200 1879 "-" "GRequests/0.10"
198.54.114.83 - - [01/Apr/2025:15:37:06 -0400] "POST /wp-admin/admin-ajax.php?action=async_litespeed&nonce=SM5eKWCtpIbHc5UJfweTCnUoiX2oKjcS&litespeed_type=imgoptm HTTP/1.1" 200 5 "-" "WordPress/6.7.2; https://christianmantopoulos.com"
157.90.181.207 - - [01/Apr/2025:15:38:43 -0400] "GET /robots.txt HTTP/1.1" 404 1251 "-" "Mozilla/5.0 (compatible; BLEXBot/1.0; +https://help.seranking.com/en/blex-crawler)"
157.90.181.207 - - [01/Apr/2025:15:38:45 -0400] "GET /blackjack-sniper/ HTTP/1.1" 404 1251 "-" "Mozilla/5.0 (compatible; BLEXBot/1.0; +https://help.seranking.com/en/blex-crawler)"
157.90.181.207 - - [01/Apr/2025:15:39:26 -0400] "GET /choices-of-online-gambling-den-spots-and-how-to-profit-performing-them/ HTTP/1.1" 404 1251 "-" "Mozilla/5.0 (compatible; BLEXBot/1.0; +https://help.seranking.com/en/blex-crawler)"
157.90.181.207 - - [01/Apr/2025:15:39:31 -0400] "GET /how-to-have-free-of-cost-online-gambling-den-activities-british-isles-on-your-cell-phone-phone/ HTTP/1.1" 404 1251 "-" "Mozilla/5.0 (compatible; BLEXBot/1.0; +https://help.seranking.com/en/blex-crawler)"
198.54.114.83 - - [01/Apr/2025:15:40:14 -0400] "POST /wp-admin/admin-ajax.php?action=async_litespeed&nonce=SaMYlZVevDuWXOFwZRG408d61FJOMTWb&litespeed_type=imgoptm HTTP/1.1" 200 5 "-" "WordPress/6.7.2; https://christianmantopoulos.com"
185.191.171.11 - - [01/Apr/2025:15:41:01 -0400] "GET /robots.txt HTTP/1.1" 404 1251 "-" "Mozilla/5.0 (compatible; SemrushBot/7~bl; +http://www.semrush.com/bot.html)"
85.208.96.194 - - [01/Apr/2025:15:41:01 -0400] "GET /cabinets-manufacturer/ HTTP/1.1" 404 1251 "-" "Mozilla/5.0 (compatible; SemrushBot/7~bl; +http://www.semrush.com/bot.html)"
85.208.96.201 - - [01/Apr/2025:15:43:27 -0400] "GET /all-that-you-need-to-be-aware-of-hypnotherapy/ HTTP/1.1" 404 1251 "-" "Mozilla/5.0 (compatible; SemrushBot/7~bl; +http://www.semrush.com/bot.html)"
85.208.96.194 - - [01/Apr/2025:15:46:04 -0400] "GET /the-benefits-of-a-mairdi-headset/ HTTP/1.1" 404 1251 "-" "Mozilla/5.0 (compatible; SemrushBot/7~bl; +http://www.semrush.com/bot.html)"
20.171.207.113 - - [01/Apr/2025:15:51:16 -0400] "GET /la-jolla-real-estate-offers-housing-at-its-finest/ HTTP/1.1" 404 1251 "-" "Mozilla/5.0 AppleWebKit/537.36 (KHTML, like Gecko; compatible; GPTBot/1.2; +https://openai.com/gptbot)"
20.171.207.113 - - [01/Apr/2025:15:52:35 -0400] "GET /joystiq-and-engadget-live-in-sonys-2007-gdc-keynote/ HTTP/1.1" 404 1251 "-" "Mozilla/5.0 AppleWebKit/537.36 (KHTML, like Gecko; compatible; GPTBot/1.2; +https://openai.com/gptbot)"
185.191.171.16 - - [01/Apr/2025:15:55:05 -0400] "GET /bjorn-hering/ HTTP/1.1" 404 1251 "-" "Mozilla/5.0 (compatible; SemrushBot/7~bl; +http://www.semrush.com/bot.html)"
13.229.78.155 - - [01/Apr/2025:15:56:04 -0400] "GET /wp-content/plugins/background-image-cropper/classwithtostring.php HTTP/1.1" 404 1251 "www.google.com" "Mozlila/5.0 (Linux; Android 7.0; SM-G892A Bulid/NRD90M; wv) AppleWebKit/537.36 (KHTML, like Gecko) Version/4.0 Chrome/60.0.3112.107 Moblie Safari/537.36"
20.171.207.113 - - [01/Apr/2025:16:02:25 -0400] "GET /personal-training-of-the-optimum-wok-cookware-casino-poker-players/ HTTP/1.1" 404 1251 "-" "Mozilla/5.0 AppleWebKit/537.36 (KHTML, like Gecko; compatible; GPTBot/1.2; +https://openai.com/gptbot)"
198.54.114.83 - - [01/Apr/2025:16:03:47 -0400] "POST /wp-admin/admin-ajax.php?action=async_litespeed&nonce=2DnFM7q1CY3oKAr0RMRFfbVfDOC1QOHZ&litespeed_type=imgoptm HTTP/1.1" 200 5 "-" "WordPress/6.7.2; https://christianmantopoulos.com"
85.208.96.205 - - [01/Apr/2025:16:06:05 -0400] "GET /conservatory-roof-panels/ HTTP/1.1" 404 1251 "-" "Mozilla/5.0 (compatible; SemrushBot/7~bl; +http://www.semrush.com/bot.html)"
85.208.96.195 - - [01/Apr/2025:16:06:39 -0400] "GET /the-loan-provider-company/ HTTP/1.1" 404 1251 "-" "Mozilla/5.0 (compatible; SemrushBot/7~bl; +http://www.semrush.com/bot.html)"
2a03:2880:f800:10:: - - [01/Apr/2025:16:10:13 -0400] "GET /the-history-of-dj-equipment/ HTTP/1.1" 404 1251 "-" "meta-externalagent/1.1 (+https://developers.facebook.com/docs/sharing/webmasters/crawler)"
188.214.30.149 - - [01/Apr/2025:16:11:30 -0400] "GET /wp-login.php HTTP/1.1" 200 1721 "-" "GRequests/0.10"
198.54.114.83 - - [01/Apr/2025:16:11:35 -0400] "POST /wp-cron.php?doing_wp_cron=1743538294.9176590442657470703125 HTTP/1.1" 200 0 "-" "WordPress/6.7.2; https://christianmantopoulos.com"
188.214.30.149 - - [01/Apr/2025:16:11:31 -0400] "POST /wp-login.php HTTP/1.1" 200 1879 "-" "GRequests/0.10"
198.54.114.83 - - [01/Apr/2025:16:11:37 -0400] "POST /wp-admin/admin-ajax.php?action=async_litespeed&nonce=UFa2grkBXBez1MgSlFQxLqb8S9OZQire&litespeed_type=imgoptm HTTP/1.1" 200 0 "-" "WordPress/6.7.2; https://christianmantopoulos.com"
85.208.98.20 - - [01/Apr/2025:16:15:59 -0400] "GET /convenient-london-airport-taxi-services-for-a-smooth-journey/ HTTP/1.1" 404 1251 "-" "Mozilla/5.0 (compatible; SemrushBot-BA; +http://www.semrush.com/bot.html)"
85.208.98.22 - - [01/Apr/2025:16:16:12 -0400] "GET /heathrow-airport-shuttle/ HTTP/1.1" 404 1251 "-" "Mozilla/5.0 (compatible; SemrushBot-BA; +http://www.semrush.com/bot.html)"
185.191.171.13 - - [01/Apr/2025:16:17:54 -0400] "GET /unwind-in-paradise-discovering-the-charm-of-lake-garda-resorts/ HTTP/1.1" 404 1251 "-" "Mozilla/5.0 (compatible; SemrushBot/7~bl; +http://www.semrush.com/bot.html)"
198.54.114.83 - - [01/Apr/2025:16:18:38 -0400] "POST /wp-admin/admin-ajax.php?action=async_litespeed&nonce=2JoulNl8UF5dt8d5O9u4gO9viVSCteOS&litespeed_type=imgoptm HTTP/1.1" 200 5 "-" "WordPress/6.7.2; https://christianmantopoulos.com"
13.229.78.155 - - [01/Apr/2025:16:18:39 -0400] "GET /wp-admin/network/index.php HTTP/1.1" 302 0 "-" "Mozlila/5.0 (Linux; Android 7.0; SM-G892A Bulid/NRD90M; wv) AppleWebKit/537.36 (KHTML, like Gecko) Version/4.0 Chrome/60.0.3112.107 Moblie Safari/537.36"
13.229.78.155 - - [01/Apr/2025:16:18:40 -0400] "GET /wp-login.php?redirect_to=https%3A%2F%2Fchristianmantopoulos.com%2Fwp-admin%2Fnetwork%2Findex.php&reauth=1 HTTP/1.1" 200 1733 "-" "Mozlila/5.0 (Linux; Android 7.0; SM-G892A Bulid/NRD90M; wv) AppleWebKit/537.36 (KHTML, like Gecko) Version/4.0 Chrome/60.0.3112.107 Moblie Safari/537.36"
13.229.78.155 - - [01/Apr/2025:16:18:45 -0400] "GET /wp-login.php HTTP/1.1" 200 1721 "-" "Mozlila/5.0 (Linux; Android 7.0; SM-G892A Bulid/NRD90M; wv) AppleWebKit/537.36 (KHTML, like Gecko) Version/4.0 Chrome/60.0.3112.107 Moblie Safari/537.36"
109.70.100.5 - - [01/Apr/2025:16:18:53 -0400] "GET / HTTP/1.1" 200 78024 "https://christianmantopoulos.com" "Mozilla/5.0 (Windows NT 6.1; WOW64) AppleWebKit/537.36 (KHTML, like Gecko) Chrome/87.0.4280.60 YaBrowser/20.12.0.966 Yowser/2.5 Safari/537.36"
185.191.171.10 - - [01/Apr/2025:16:20:39 -0400] "GET /epoxy-floor-in-northern-colorado/ HTTP/1.1" 404 1251 "-" "Mozilla/5.0 (compatible; SemrushBot/7~bl; +http://www.semrush.com/bot.html)"
185.191.171.6 - - [01/Apr/2025:16:22:38 -0400] "GET /mk-shoulder-bag-by-michael-kors/ HTTP/1.1" 404 1251 "-" "Mozilla/5.0 (compatible; SemrushBot/7~bl; +http://www.semrush.com/bot.html)"
198.54.114.83 - - [01/Apr/2025:16:26:41 -0400] "POST /wp-admin/admin-ajax.php?action=async_litespeed&nonce=YvvE1gzDJRBPquS8k5NfTGWeNSHSTsbj&litespeed_type=imgoptm HTTP/1.1" 200 5 "-" "WordPress/6.7.2; https://christianmantopoulos.com"
17.241.219.248 - - [01/Apr/2025:16:33:25 -0400] "GET /la-touche-unique-nappe-personnalisee-avec-logo-pour-le-salon/ HTTP/1.1" 404 1251 "-" "Mozilla/5.0 (Macintosh; Intel Mac OS X 10_15_7) AppleWebKit/605.1.15 (KHTML, like Gecko) Version/17.4 Safari/605.1.15 (Applebot/0.1; +http://www.apple.com/go/applebot)"
17.241.227.82 - - [01/Apr/2025:16:36:22 -0400] "GET /how-to-find-the-best-cbd-oil-for-sleep-uk/ HTTP/1.1" 404 1251 "-" "Mozilla/5.0 (Macintosh; Intel Mac OS X 10_15_7) AppleWebKit/605.1.15 (KHTML, like Gecko) Version/17.4 Safari/605.1.15 (Applebot/0.1; +http://www.apple.com/go/applebot)"
66.249.72.196 - - [01/Apr/2025:16:37:42 -0400] "GET /robots.txt HTTP/1.1" 404 1251 "-" "Mozilla/5.0 (compatible; Googlebot/2.1; +http://www.google.com/bot.html)"
66.249.72.197 - - [01/Apr/2025:16:37:42 -0400] "GET /archive HTTP/1.1" 404 1251 "-" "Googlebot/2.1 (+http://www.google.com/bot.html)"
198.54.114.83 - - [01/Apr/2025:16:38:18 -0400] "POST /wp-admin/admin-ajax.php?action=async_litespeed&nonce=oKoUzbObmmqgkC1QT0yKfSqFqiD644VW&litespeed_type=imgoptm HTTP/1.1" 200 5 "-" "WordPress/6.7.2; https://christianmantopoulos.com"
198.54.114.83 - - [01/Apr/2025:16:38:23 -0400] "POST /wp-admin/admin-ajax.php?action=async_litespeed&nonce=bfANpysx3HZ3ZQlsv14PS2fM6zqg5hnb&litespeed_type=imgoptm HTTP/1.1" 200 5 "-" "WordPress/6.7.2; https://christianmantopoulos.com"
3.220.159.34 - - [01/Apr/2025:16:38:53 -0400] "POST /wp-login.php HTTP/1.1" 200 1838 "-" "Mozilla/5.0 (Windows NT 10.0; Win64; x64) AppleWebKit/537.36 (KHTML, like Gecko) Chrome/120.0.0.0 Safari/537.36"
85.208.96.209 - - [01/Apr/2025:16:40:01 -0400] "GET /youtube-marketing-tips/ HTTP/1.1" 404 1251 "-" "Mozilla/5.0 (compatible; SemrushBot/7~bl; +http://www.semrush.com/bot.html)"
20.171.207.113 - - [01/Apr/2025:16:45:42 -0400] "GET /luring-gamers-in-the-direction-of-on-the-internet-casinos/ HTTP/1.1" 404 1251 "-" "Mozilla/5.0 AppleWebKit/537.36 (KHTML, like Gecko; compatible; GPTBot/1.2; +https://openai.com/gptbot)"
40.77.167.247 - - [01/Apr/2025:16:48:06 -0400] "GET /product/6138 HTTP/1.1" 404 1251 "-" "Mozilla/5.0 AppleWebKit/537.36 (KHTML, like Gecko; compatible; bingbot/2.0; +http://www.bing.com/bingbot.htm) Chrome/116.0.1938.76 Safari/537.36"
85.208.96.202 - - [01/Apr/2025:16:48:10 -0400] "GET /robots.txt HTTP/1.1" 404 1251 "-" "Mozilla/5.0 (compatible; SemrushBot/7~bl; +http://www.semrush.com/bot.html)"
85.208.96.201 - - [01/Apr/2025:16:48:10 -0400] "GET /auto-locksmith-services-in-chicago/ HTTP/1.1" 404 1251 "-" "Mozilla/5.0 (compatible; SemrushBot/7~bl; +http://www.semrush.com/bot.html)"
85.208.96.201 - - [01/Apr/2025:16:48:27 -0400] "GET /rechtsanwalt-hattingen/ HTTP/1.1" 404 1251 "-" "Mozilla/5.0 (compatible; SemrushBot/7~bl; +http://www.semrush.com/bot.html)"
198.54.114.83 - - [01/Apr/2025:16:51:32 -0400] "POST /wp-admin/admin-ajax.php?action=async_litespeed&nonce=XcSRWZ7i1pCWlrxMJXvl371EiyxyQZDt&litespeed_type=imgoptm HTTP/1.1" 200 5 "-" "WordPress/6.7.2; https://christianmantopoulos.com"
47.243.79.195 - - [01/Apr/2025:16:53:55 -0400] "HEAD /page/2 HTTP/1.1" 404 0 "-" "Mozilla/5.0 (Windows NT 6.2; Win64; x64) AppleWebKit/537.36 (KHTML, like Gecko) Chrome/71.0.3734.141 Safari/537.36"
47.243.79.195 - - [01/Apr/2025:16:53:55 -0400] "GET /page/2 HTTP/1.1" 404 1251 "-" "Mozilla/5.0 (Windows NT 6.2; Win64; x64) AppleWebKit/537.36 (KHTML, like Gecko) Chrome/71.0.3734.141 Safari/537.36"
139.59.100.51 - - [01/Apr/2025:16:54:56 -0400] "GET /wp-content/plugins/WordPressCore/include.php HTTP/1.1" 404 1251 "-" "Mozlila/5.0 (Linux; Android 7.0; SM-G892A Build/NRD90M; wv) AppleWebKit/537.36 (KHTML, like Gecko) Version/4.0 Chrome/60.0.3112.107 Mobile Safari/537.36"
139.59.100.51 - - [01/Apr/2025:16:54:57 -0400] "GET /wp-content/plugins/WordPressCore/include.php HTTP/1.1" 404 1251 "-" "Mozlila/5.0 (Linux; Android 7.0; SM-G892A Build/NRD90M; wv) AppleWebKit/537.36 (KHTML, like Gecko) Version/4.0 Chrome/60.0.3112.107 Mobile Safari/537.36"
43.154.120.205 - - [01/Apr/2025:16:55:18 -0400] "GET /the-free-ladbrokes-online-bet-is-reputation-more-important-than-an-introductory-offer/ HTTP/1.1" 404 1251 "-" "Python/3.10 aiohttp/3.10.5"
139.59.100.51 - - [01/Apr/2025:16:57:01 -0400] "GET /wp-content/themes/include.php HTTP/1.1" 404 1251 "-" "Mozlila/5.0 (Linux; Android 7.0; SM-G892A Build/NRD90M; wv) AppleWebKit/537.36 (KHTML, like Gecko) Version/4.0 Chrome/60.0.3112.107 Mobile Safari/537.36"
139.59.100.51 - - [01/Apr/2025:16:57:03 -0400] "GET /wp-content/themes/include.php HTTP/1.1" 404 1251 "-" "Mozlila/5.0 (Linux; Android 7.0; SM-G892A Build/NRD90M; wv) AppleWebKit/537.36 (KHTML, like Gecko) Version/4.0 Chrome/60.0.3112.107 Mobile Safari/537.36"
139.59.100.51 - - [01/Apr/2025:16:57:24 -0400] "GET /wp-content/plugins/include.php HTTP/1.1" 404 1251 "-" "Mozlila/5.0 (Linux; Android 7.0; SM-G892A Build/NRD90M; wv) AppleWebKit/537.36 (KHTML, like Gecko) Version/4.0 Chrome/60.0.3112.107 Mobile Safari/537.36"
139.59.100.51 - - [01/Apr/2025:16:57:25 -0400] "GET /wp-content/plugins/include.php HTTP/1.1" 404 1251 "-" "Mozlila/5.0 (Linux; Android 7.0; SM-G892A Build/NRD90M; wv) AppleWebKit/537.36 (KHTML, like Gecko) Version/4.0 Chrome/60.0.3112.107 Mobile Safari/537.36"
139.59.100.51 - - [01/Apr/2025:16:57:35 -0400] "GET /wp-content/plugins/core-plugin/include.php HTTP/1.1" 404 1251 "-" "Mozlila/5.0 (Linux; Android 7.0; SM-G892A Build/NRD90M; wv) AppleWebKit/537.36 (KHTML, like Gecko) Version/4.0 Chrome/60.0.3112.107 Mobile Safari/537.36"
139.59.100.51 - - [01/Apr/2025:16:57:35 -0400] "GET /wp-content/plugins/core-plugin/include.php HTTP/1.1" 404 1251 "-" "Mozlila/5.0 (Linux; Android 7.0; SM-G892A Build/NRD90M; wv) AppleWebKit/537.36 (KHTML, like Gecko) Version/4.0 Chrome/60.0.3112.107 Mobile Safari/537.36"
2a06:6440:0:2c0a::1 - - [01/Apr/2025:16:58:09 -0400] "GET /wp-login.php HTTP/1.1" 200 1721 "-" "GRequests/0.10"
139.59.100.51 - - [01/Apr/2025:16:58:13 -0400] "GET /wp-includes/images/include.php HTTP/1.1" 404 1251 "-" "Mozlila/5.0 (Linux; Android 7.0; SM-G892A Build/NRD90M; wv) AppleWebKit/537.36 (KHTML, like Gecko) Version/4.0 Chrome/60.0.3112.107 Mobile Safari/537.36"
139.59.100.51 - - [01/Apr/2025:16:58:14 -0400] "GET /wp-includes/images/include.php HTTP/1.1" 404 1251 "-" "Mozlila/5.0 (Linux; Android 7.0; SM-G892A Build/NRD90M; wv) AppleWebKit/537.36 (KHTML, like Gecko) Version/4.0 Chrome/60.0.3112.107 Mobile Safari/537.36"
198.54.114.83 - - [01/Apr/2025:16:58:23 -0400] "POST /wp-cron.php?doing_wp_cron=1743541102.5314290523529052734375 HTTP/1.1" 200 0 "-" "WordPress/6.7.2; https://christianmantopoulos.com"
2a06:6440:0:2c0a::1 - - [01/Apr/2025:16:58:11 -0400] "POST /wp-login.php HTTP/1.1" 200 1879 "-" "GRequests/0.10"
198.54.114.83 - - [01/Apr/2025:16:58:23 -0400] "POST /wp-admin/admin-ajax.php?action=async_litespeed&nonce=fWjw9IdYYSGgBKs3hgIsLO56ttu0yrEI&litespeed_type=imgoptm HTTP/1.1" 200 0 "-" "WordPress/6.7.2; https://christianmantopoulos.com"
139.59.100.51 - - [01/Apr/2025:16:59:05 -0400] "GET /wp-includes/widgets/include.php HTTP/1.1" 404 1251 "-" "Mozlila/5.0 (Linux; Android 7.0; SM-G892A Build/NRD90M; wv) AppleWebKit/537.36 (KHTML, like Gecko) Version/4.0 Chrome/60.0.3112.107 Mobile Safari/537.36"
139.59.100.51 - - [01/Apr/2025:16:59:06 -0400] "GET /wp-includes/widgets/include.php HTTP/1.1" 404 1251 "-" "Mozlila/5.0 (Linux; Android 7.0; SM-G892A Build/NRD90M; wv) AppleWebKit/537.36 (KHTML, like Gecko) Version/4.0 Chrome/60.0.3112.107 Mobile Safari/537.36"
185.191.171.10 - - [01/Apr/2025:17:03:33 -0400] "GET /go-through-a-nanny-agency-to-find-a-childcare-giver/ HTTP/1.1" 404 1251 "-" "Mozilla/5.0 (compatible; SemrushBot/7~bl; +http://www.semrush.com/bot.html)"
185.191.171.15 - - [01/Apr/2025:17:06:38 -0400] "GET /how-to-get-a-facebook-agency-account/ HTTP/1.1" 404 1251 "-" "Mozilla/5.0 (compatible; SemrushBot/7~bl; +http://www.semrush.com/bot.html)"
198.54.114.83 - - [01/Apr/2025:17:08:16 -0400] "POST /wp-cron.php?doing_wp_cron=1743541696.1401290893554687500000 HTTP/1.1" 200 0 "-" "WordPress/6.7.2; https://christianmantopoulos.com"
240e:350:8003:73ba:4ecc:6a6d:1bf7:5ca9 - - [01/Apr/2025:17:08:14 -0400] "POST /wp-comments-post.php HTTP/1.1" 500 1563 "-" "Mozilla/5.0 (Windows NT 10.0; Win64; x64) AppleWebKit/537.36 (KHTML, like Gecko) Chrome/108.0.0.0 Safari/537.36 Edg/108.0.1462.46"
198.54.114.83 - - [01/Apr/2025:17:08:17 -0400] "POST /wp-admin/admin-ajax.php?action=async_litespeed&nonce=AaFw3jh6O704iSyexsgUKruCvnNmylhI&litespeed_type=imgoptm HTTP/1.1" 200 5 "-" "WordPress/6.7.2; https://christianmantopoulos.com"
34.83.238.29 - - [01/Apr/2025:17:10:29 -0400] "GET /how-to-buy-4000-hours-of-youtube-watch-time/ HTTP/1.1" 404 1251 "-" "Mozilla/5.0 (Windows NT 10.0; Win64; x64) AppleWebKit/537.36 (KHTML, like Gecko) Chrome/123.0.0.0 Safari/537.36"
136.243.228.178 - - [01/Apr/2025:17:13:46 -0400] "GET /robots.txt HTTP/1.1" 404 1251 "-" "Mozilla/5.0 (compatible; DataForSeoBot/1.0; +https://dataforseo.com/dataforseo-bot)"
136.243.228.178 - - [01/Apr/2025:17:13:46 -0400] "GET /robots.txt HTTP/1.1" 404 1251 "-" "Mozilla/5.0 (compatible; DataForSeoBot/1.0; +https://dataforseo.com/dataforseo-bot)"
136.243.228.178 - - [01/Apr/2025:17:13:46 -0400] "GET /open-fire-move-ability-cease-slot-machine-device-critical-overview/ HTTP/1.1" 404 1251 "-" "Mozilla/5.0 (compatible; DataForSeoBot/1.0; +https://dataforseo.com/dataforseo-bot)"
198.54.114.83 - - [01/Apr/2025:17:15:21 -0400] "POST /wp-admin/admin-ajax.php?action=async_litespeed&nonce=66w20U8SteLoMT3ztMiIVULJPFiI7TVP&litespeed_type=imgoptm HTTP/1.1" 200 5 "-" "WordPress/6.7.2; https://christianmantopoulos.com"
185.191.171.4 - - [01/Apr/2025:17:15:36 -0400] "GET /how-to-get-rid-of-account-warning-on-tiktok/ HTTP/1.1" 404 1251 "-" "Mozilla/5.0 (compatible; SemrushBot/7~bl; +http://www.semrush.com/bot.html)"
85.208.96.201 - - [01/Apr/2025:17:18:52 -0400] "GET /concrete-pumps-safety-in-the-workplace/ HTTP/1.1" 404 1251 "-" "Mozilla/5.0 (compatible; SemrushBot/7~bl; +http://www.semrush.com/bot.html)"
138.199.59.149 - - [01/Apr/2025:17:18:57 -0400] "GET /wp-login.php HTTP/1.1" 200 1721 "https://christianmantopoulos.com" "Mozilla/5.0 (Macintosh; Intel Mac OS X 10_10_1) AppleWebKit/537.36 (KHTML, like Gecko) Chrome/39.0.2171.95 Safari/537.36"
198.54.114.83 - - [01/Apr/2025:17:19:01 -0400] "POST /wp-cron.php?doing_wp_cron=1743542341.4831171035766601562500 HTTP/1.1" 200 0 "-" "WordPress/6.7.2; https://christianmantopoulos.com"
138.199.59.149 - - [01/Apr/2025:17:18:59 -0400] "POST /wp-login.php?wpe-login=true&hide_my_wp=1&hmwp_do=login&login=1 HTTP/1.1" 200 1851 "https://christianmantopoulos.com" "Mozilla/5.0 (Macintosh; Intel Mac OS X 10_10_1) AppleWebKit/537.36 (KHTML, like Gecko) Chrome/39.0.2171.95 Safari/537.36"
198.54.114.83 - - [01/Apr/2025:17:19:02 -0400] "POST /wp-admin/admin-ajax.php?action=async_litespeed&nonce=ji3miv42fpp4UoaTR3y1eSYPMxBa0mXJ&litespeed_type=imgoptm HTTP/1.1" 200 5 "-" "WordPress/6.7.2; https://christianmantopoulos.com"
185.191.171.17 - - [01/Apr/2025:17:19:21 -0400] "GET /die-eleganz-der-mordren-hangelampe/ HTTP/1.1" 404 1251 "-" "Mozilla/5.0 (compatible; SemrushBot/7~bl; +http://www.semrush.com/bot.html)"
13.229.78.155 - - [01/Apr/2025:17:27:13 -0400] "GET / HTTP/1.1" 200 78024 "-" "Mozilla/5.0 (Windows NT 10.0; Win64; x64; rv:122.0) Gecko/20100101 Firefox/122.0"
198.54.114.83 - - [01/Apr/2025:17:27:19 -0400] "POST /wp-cron.php?doing_wp_cron=1743542839.3925271034240722656250 HTTP/1.1" 200 0 "-" "WordPress/6.7.2; https://christianmantopoulos.com"
13.229.78.155 - - [01/Apr/2025:17:27:14 -0400] "GET /xmlrpc.php HTTP/1.1" 405 46 "-" "Mozilla/5.0 (Windows NT 10.0; Win64; x64; rv:122.0) Gecko/20100101 Firefox/122.0"
198.54.114.83 - - [01/Apr/2025:17:27:19 -0400] "POST /wp-admin/admin-ajax.php?action=async_litespeed&nonce=jqDsSOq6LWqdmWTbEgfnscCCE29rRxL3&litespeed_type=imgoptm HTTP/1.1" 200 5 "-" "WordPress/6.7.2; https://christianmantopoulos.com"
13.229.78.155 - - [01/Apr/2025:17:27:20 -0400] "GET /wp-json/wp/v2/users HTTP/1.1" 404 1251 "-" "Mozilla/5.0 (Windows NT 10.0; Win64; x64; rv:122.0) Gecko/20100101 Firefox/122.0"
13.229.78.155 - - [01/Apr/2025:17:27:21 -0400] "POST /xmlrpc.php HTTP/1.1" 200 0 "-" "python-httpx/0.22.0"
13.229.78.155 - - [01/Apr/2025:17:27:41 -0400] "POST /xmlrpc.php HTTP/1.1" 200 0 "-" "python-httpx/0.22.0"
13.229.78.155 - - [01/Apr/2025:17:28:01 -0400] "POST /xmlrpc.php HTTP/1.1" 200 0 "-" "python-httpx/0.22.0"
13.229.78.155 - - [01/Apr/2025:17:28:21 -0400] "POST /xmlrpc.php HTTP/1.1" 200 0 "-" "python-httpx/0.22.0"
13.229.78.155 - - [01/Apr/2025:17:28:41 -0400] "POST /xmlrpc.php HTTP/1.1" 200 0 "-" "python-httpx/0.22.0"
13.229.78.155 - - [01/Apr/2025:17:29:01 -0400] "POST /xmlrpc.php HTTP/1.1" 200 0 "-" "python-httpx/0.22.0"
13.229.78.155 - - [01/Apr/2025:17:29:21 -0400] "POST /xmlrpc.php HTTP/1.1" 200 0 "-" "python-httpx/0.22.0"
13.229.78.155 - - [01/Apr/2025:17:29:41 -0400] "POST /xmlrpc.php HTTP/1.1" 200 0 "-" "python-httpx/0.22.0"
13.229.78.155 - - [01/Apr/2025:17:30:01 -0400] "POST /xmlrpc.php HTTP/1.1" 200 0 "-" "python-httpx/0.22.0"
13.229.78.155 - - [01/Apr/2025:17:30:21 -0400] "POST /xmlrpc.php HTTP/1.1" 200 0 "-" "python-httpx/0.22.0"
13.229.78.155 - - [01/Apr/2025:17:30:41 -0400] "POST /xmlrpc.php HTTP/1.1" 200 0 "-" "python-httpx/0.22.0"
13.229.78.155 - - [01/Apr/2025:17:31:01 -0400] "POST /xmlrpc.php HTTP/1.1" 200 0 "-" "python-httpx/0.22.0"
13.229.78.155 - - [01/Apr/2025:17:31:21 -0400] "POST /xmlrpc.php HTTP/1.1" 200 0 "-" "python-httpx/0.22.0"
13.229.78.155 - - [01/Apr/2025:17:31:41 -0400] "POST /xmlrpc.php HTTP/1.1" 200 0 "-" "python-httpx/0.22.0"
13.229.78.155 - - [01/Apr/2025:17:32:01 -0400] "POST /xmlrpc.php HTTP/1.1" 200 0 "-" "python-httpx/0.22.0"
13.229.78.155 - - [01/Apr/2025:17:32:21 -0400] "POST /xmlrpc.php HTTP/1.1" 200 0 "-" "python-httpx/0.22.0"
13.229.78.155 - - [01/Apr/2025:17:32:43 -0400] "POST /xmlrpc.php HTTP/1.1" 200 0 "-" "python-httpx/0.22.0"
13.229.78.155 - - [01/Apr/2025:17:33:03 -0400] "POST /xmlrpc.php HTTP/1.1" 200 0 "-" "python-httpx/0.22.0"
13.229.78.155 - - [01/Apr/2025:17:33:23 -0400] "POST /xmlrpc.php HTTP/1.1" 200 0 "-" "python-httpx/0.22.0"
13.229.78.155 - - [01/Apr/2025:17:33:43 -0400] "POST /xmlrpc.php HTTP/1.1" 200 0 "-" "python-httpx/0.22.0"
13.229.78.155 - - [01/Apr/2025:17:34:03 -0400] "POST /xmlrpc.php HTTP/1.1" 200 0 "-" "python-httpx/0.22.0"
13.229.78.155 - - [01/Apr/2025:17:34:24 -0400] "POST /xmlrpc.php HTTP/1.1" 200 0 "-" "python-httpx/0.22.0"
13.229.78.155 - - [01/Apr/2025:17:34:44 -0400] "POST /xmlrpc.php HTTP/1.1" 200 0 "-" "python-httpx/0.22.0"
13.229.78.155 - - [01/Apr/2025:17:35:03 -0400] "POST /xmlrpc.php HTTP/1.1" 200 0 "-" "python-httpx/0.22.0"
13.229.78.155 - - [01/Apr/2025:17:35:24 -0400] "POST /xmlrpc.php HTTP/1.1" 200 0 "-" "python-httpx/0.22.0"
165.227.84.75 - - [01/Apr/2025:17:36:17 -0400] "GET /wp-login.php HTTP/1.1" 200 1721 "-" "GRequests/0.10"
198.54.114.83 - - [01/Apr/2025:17:36:19 -0400] "POST /wp-cron.php?doing_wp_cron=1743543379.1768629550933837890625 HTTP/1.1" 200 0 "-" "WordPress/6.7.2; https://christianmantopoulos.com"
165.227.84.75 - - [01/Apr/2025:17:36:17 -0400] "POST /wp-login.php HTTP/1.1" 200 1879 "-" "GRequests/0.10"
198.54.114.83 - - [01/Apr/2025:17:36:19 -0400] "POST /wp-admin/admin-ajax.php?action=async_litespeed&nonce=y1km0oCjIrDIMsnXasrGshSTsMkte6oH&litespeed_type=imgoptm HTTP/1.1" 200 5 "-" "WordPress/6.7.2; https://christianmantopoulos.com"
13.229.78.155 - - [01/Apr/2025:17:35:44 -0400] "POST /xmlrpc.php HTTP/1.1" 200 0 "-" "python-httpx/0.22.0"
13.229.78.155 - - [01/Apr/2025:17:36:04 -0400] "POST /xmlrpc.php HTTP/1.1" 200 0 "-" "python-httpx/0.22.0"
13.229.78.155 - - [01/Apr/2025:17:36:24 -0400] "POST /xmlrpc.php HTTP/1.1" 200 0 "-" "python-httpx/0.22.0"
213.180.203.36 - - [01/Apr/2025:17:37:17 -0400] "GET /robots.txt HTTP/1.1" 404 1251 "-" "Mozilla/5.0 (compatible; YandexBot/3.0; +http://yandex.com/bots)"
5.255.231.124 - - [01/Apr/2025:17:37:18 -0400] "GET / HTTP/1.1" 200 78024 "-" "Mozilla/5.0 (compatible; YandexBot/3.0; +http://yandex.com/bots)"
13.229.78.155 - - [01/Apr/2025:17:36:44 -0400] "POST /xmlrpc.php HTTP/1.1" 200 0 "-" "python-httpx/0.22.0"
13.229.78.155 - - [01/Apr/2025:17:37:04 -0400] "POST /xmlrpc.php HTTP/1.1" 200 0 "-" "python-httpx/0.22.0"
13.229.78.155 - - [01/Apr/2025:17:37:24 -0400] "POST /xmlrpc.php HTTP/1.1" 200 0 "-" "python-httpx/0.22.0"
13.229.78.155 - - [01/Apr/2025:17:37:44 -0400] "POST /xmlrpc.php HTTP/1.1" 200 0 "-" "python-httpx/0.22.0"
13.229.78.155 - - [01/Apr/2025:17:38:05 -0400] "POST /xmlrpc.php HTTP/1.1" 200 0 "-" "python-httpx/0.22.0"
13.229.78.155 - - [01/Apr/2025:17:38:25 -0400] "POST /xmlrpc.php HTTP/1.1" 200 0 "-" "python-httpx/0.22.0"
198.54.114.83 - - [01/Apr/2025:17:39:17 -0400] "POST /wp-admin/admin-ajax.php?action=async_litespeed&nonce=h1bOQHkC8iaiXgnqyUrov8cdnDRiIqKB&litespeed_type=imgoptm HTTP/1.1" 200 5 "-" "WordPress/6.7.2; https://christianmantopoulos.com"
13.229.78.155 - - [01/Apr/2025:17:38:45 -0400] "POST /xmlrpc.php HTTP/1.1" 200 0 "-" "python-httpx/0.22.0"
13.229.78.155 - - [01/Apr/2025:17:39:05 -0400] "POST /xmlrpc.php HTTP/1.1" 200 0 "-" "python-httpx/0.22.0"
13.229.78.155 - - [01/Apr/2025:17:39:25 -0400] "POST /xmlrpc.php HTTP/1.1" 200 0 "-" "python-httpx/0.22.0"
13.229.78.155 - - [01/Apr/2025:17:39:45 -0400] "POST /xmlrpc.php HTTP/1.1" 200 0 "-" "python-httpx/0.22.0"
13.229.78.155 - - [01/Apr/2025:17:40:05 -0400] "POST /xmlrpc.php HTTP/1.1" 200 0 "-" "python-httpx/0.22.0"
13.229.78.155 - - [01/Apr/2025:17:40:25 -0400] "POST /xmlrpc.php HTTP/1.1" 200 0 "-" "python-httpx/0.22.0"
13.229.78.155 - - [01/Apr/2025:17:40:45 -0400] "POST /xmlrpc.php HTTP/1.1" 200 0 "-" "python-httpx/0.22.0"
13.229.78.155 - - [01/Apr/2025:17:41:05 -0400] "POST /xmlrpc.php HTTP/1.1" 200 0 "-" "python-httpx/0.22.0"
13.229.78.155 - - [01/Apr/2025:17:41:25 -0400] "POST /xmlrpc.php HTTP/1.1" 200 0 "-" "python-httpx/0.22.0"
13.229.78.155 - - [01/Apr/2025:17:41:45 -0400] "POST /xmlrpc.php HTTP/1.1" 200 0 "-" "python-httpx/0.22.0"
13.229.78.155 - - [01/Apr/2025:17:42:05 -0400] "POST /xmlrpc.php HTTP/1.1" 200 0 "-" "python-httpx/0.22.0"
13.229.78.155 - - [01/Apr/2025:17:42:25 -0400] "POST /xmlrpc.php HTTP/1.1" 200 0 "-" "python-httpx/0.22.0"
13.229.78.155 - - [01/Apr/2025:17:42:45 -0400] "POST /xmlrpc.php HTTP/1.1" 200 0 "-" "python-httpx/0.22.0"
13.229.78.155 - - [01/Apr/2025:17:43:05 -0400] "POST /xmlrpc.php HTTP/1.1" 200 0 "-" "python-httpx/0.22.0"
192.42.116.199 - - [01/Apr/2025:17:43:50 -0400] "GET / HTTP/1.1" 200 78024 "https://christianmantopoulos.com" "Mozilla/5.0 (Windows NT 6.1) AppleWebKit/537.36 (KHTML, like Gecko) Chrome/46.0.2490.86 YaBrowser/15.12.1.6475 Yowser/2.5 Safari/537.36"
13.229.78.155 - - [01/Apr/2025:17:43:25 -0400] "POST /xmlrpc.php HTTP/1.1" 200 0 "-" "python-httpx/0.22.0"
13.229.78.155 - - [01/Apr/2025:17:43:45 -0400] "POST /xmlrpc.php HTTP/1.1" 200 0 "-" "python-httpx/0.22.0"
13.229.78.155 - - [01/Apr/2025:17:44:05 -0400] "POST /xmlrpc.php HTTP/1.1" 200 0 "-" "python-httpx/0.22.0"
13.229.78.155 - - [01/Apr/2025:17:44:25 -0400] "POST /xmlrpc.php HTTP/1.1" 200 0 "-" "python-httpx/0.22.0"
13.229.78.155 - - [01/Apr/2025:17:44:46 -0400] "POST /xmlrpc.php HTTP/1.1" 200 0 "-" "python-httpx/0.22.0"
13.229.78.155 - - [01/Apr/2025:17:45:05 -0400] "POST /xmlrpc.php HTTP/1.1" 200 0 "-" "python-httpx/0.22.0"
13.229.78.155 - - [01/Apr/2025:17:45:25 -0400] "POST /xmlrpc.php HTTP/1.1" 200 0 "-" "python-httpx/0.22.0"
13.229.78.155 - - [01/Apr/2025:17:45:45 -0400] "POST /xmlrpc.php HTTP/1.1" 200 0 "-" "python-httpx/0.22.0"
13.229.78.155 - - [01/Apr/2025:17:46:05 -0400] "POST /xmlrpc.php HTTP/1.1" 200 0 "-" "python-httpx/0.22.0"
13.229.78.155 - - [01/Apr/2025:17:46:25 -0400] "POST /xmlrpc.php HTTP/1.1" 200 0 "-" "python-httpx/0.22.0"
13.229.78.155 - - [01/Apr/2025:17:46:45 -0400] "POST /xmlrpc.php HTTP/1.1" 200 0 "-" "python-httpx/0.22.0"
13.229.78.155 - - [01/Apr/2025:17:47:05 -0400] "POST /xmlrpc.php HTTP/1.1" 200 0 "-" "python-httpx/0.22.0"
13.229.78.155 - - [01/Apr/2025:17:47:25 -0400] "POST /xmlrpc.php HTTP/1.1" 200 0 "-" "python-httpx/0.22.0"
13.229.78.155 - - [01/Apr/2025:17:47:45 -0400] "POST /xmlrpc.php HTTP/1.1" 200 0 "-" "python-httpx/0.22.0"
13.229.78.155 - - [01/Apr/2025:17:48:05 -0400] "POST /xmlrpc.php HTTP/1.1" 200 0 "-" "python-httpx/0.22.0"
13.229.78.155 - - [01/Apr/2025:17:48:25 -0400] "POST /xmlrpc.php HTTP/1.1" 200 0 "-" "python-httpx/0.22.0"
13.229.78.155 - - [01/Apr/2025:17:48:45 -0400] "POST /xmlrpc.php HTTP/1.1" 200 0 "-" "python-httpx/0.22.0"
13.229.78.155 - - [01/Apr/2025:17:49:05 -0400] "POST /xmlrpc.php HTTP/1.1" 200 0 "-" "python-httpx/0.22.0"
13.229.78.155 - - [01/Apr/2025:17:49:25 -0400] "POST /xmlrpc.php HTTP/1.1" 200 0 "-" "python-httpx/0.22.0"
13.229.78.155 - - [01/Apr/2025:17:49:45 -0400] "POST /xmlrpc.php HTTP/1.1" 200 0 "-" "python-httpx/0.22.0"
13.229.78.155 - - [01/Apr/2025:17:50:06 -0400] "POST /xmlrpc.php HTTP/1.1" 200 0 "-" "python-httpx/0.22.0"
13.229.78.155 - - [01/Apr/2025:17:50:25 -0400] "POST /xmlrpc.php HTTP/1.1" 200 0 "-" "python-httpx/0.22.0"
13.229.78.155 - - [01/Apr/2025:17:50:45 -0400] "POST /xmlrpc.php HTTP/1.1" 200 0 "-" "python-httpx/0.22.0"
13.229.78.155 - - [01/Apr/2025:17:51:05 -0400] "POST /xmlrpc.php HTTP/1.1" 200 0 "-" "python-httpx/0.22.0"
13.229.78.155 - - [01/Apr/2025:17:51:26 -0400] "POST /xmlrpc.php HTTP/1.1" 200 0 "-" "python-httpx/0.22.0"
13.229.78.155 - - [01/Apr/2025:17:51:48 -0400] "POST /xmlrpc.php HTTP/1.1" 200 0 "-" "python-httpx/0.22.0"
13.229.78.155 - - [01/Apr/2025:17:52:06 -0400] "POST /xmlrpc.php HTTP/1.1" 200 0 "-" "python-httpx/0.22.0"
13.229.78.155 - - [01/Apr/2025:17:52:27 -0400] "POST /xmlrpc.php HTTP/1.1" 200 0 "-" "python-httpx/0.22.0"
13.229.78.155 - - [01/Apr/2025:17:52:47 -0400] "POST /xmlrpc.php HTTP/1.1" 200 0 "-" "python-httpx/0.22.0"
20.171.207.113 - - [01/Apr/2025:17:53:45 -0400] "GET /yahoo-and-google-search/ HTTP/1.1" 404 1251 "-" "Mozilla/5.0 AppleWebKit/537.36 (KHTML, like Gecko; compatible; GPTBot/1.2; +https://openai.com/gptbot)"
13.229.78.155 - - [01/Apr/2025:17:53:06 -0400] "POST /xmlrpc.php HTTP/1.1" 200 0 "-" "python-httpx/0.22.0"
13.229.78.155 - - [01/Apr/2025:17:53:29 -0400] "POST /xmlrpc.php HTTP/1.1" 200 0 "-" "python-httpx/0.22.0"
13.229.78.155 - - [01/Apr/2025:17:53:49 -0400] "POST /xmlrpc.php HTTP/1.1" 200 0 "-" "python-httpx/0.22.0"
13.229.78.155 - - [01/Apr/2025:17:54:09 -0400] "POST /xmlrpc.php HTTP/1.1" 200 0 "-" "python-httpx/0.22.0"
13.229.78.155 - - [01/Apr/2025:17:54:29 -0400] "POST /xmlrpc.php HTTP/1.1" 200 0 "-" "python-httpx/0.22.0"
13.229.78.155 - - [01/Apr/2025:17:54:49 -0400] "POST /xmlrpc.php HTTP/1.1" 200 0 "-" "python-httpx/0.22.0"
13.229.78.155 - - [01/Apr/2025:17:55:09 -0400] "POST /xmlrpc.php HTTP/1.1" 200 0 "-" "python-httpx/0.22.0"
13.229.78.155 - - [01/Apr/2025:17:55:29 -0400] "POST /xmlrpc.php HTTP/1.1" 200 0 "-" "python-httpx/0.22.0"
13.229.78.155 - - [01/Apr/2025:17:55:49 -0400] "POST /xmlrpc.php HTTP/1.1" 200 0 "-" "python-httpx/0.22.0"
13.229.78.155 - - [01/Apr/2025:17:56:09 -0400] "POST /xmlrpc.php HTTP/1.1" 200 0 "-" "python-httpx/0.22.0"
13.229.78.155 - - [01/Apr/2025:17:56:29 -0400] "POST /xmlrpc.php HTTP/1.1" 200 0 "-" "python-httpx/0.22.0"
13.229.78.155 - - [01/Apr/2025:17:56:49 -0400] "POST /xmlrpc.php HTTP/1.1" 200 0 "-" "python-httpx/0.22.0"
185.191.171.15 - - [01/Apr/2025:17:57:31 -0400] "GET /robots.txt HTTP/1.1" 404 1251 "-" "Mozilla/5.0 (compatible; SemrushBot/7~bl; +http://www.semrush.com/bot.html)"
85.208.96.212 - - [01/Apr/2025:17:57:32 -0400] "GET /it-skills/ HTTP/1.1" 404 1251 "-" "Mozilla/5.0 (compatible; SemrushBot/7~bl; +http://www.semrush.com/bot.html)"
13.229.78.155 - - [01/Apr/2025:17:57:09 -0400] "POST /xmlrpc.php HTTP/1.1" 200 0 "-" "python-httpx/0.22.0"
13.229.78.155 - - [01/Apr/2025:17:57:29 -0400] "POST /xmlrpc.php HTTP/1.1" 200 0 "-" "python-httpx/0.22.0"
13.229.78.155 - - [01/Apr/2025:17:57:49 -0400] "POST /xmlrpc.php HTTP/1.1" 200 0 "-" "python-httpx/0.22.0"
13.229.78.155 - - [01/Apr/2025:17:58:11 -0400] "POST /xmlrpc.php HTTP/1.1" 200 0 "-" "python-httpx/0.22.0"
13.229.78.155 - - [01/Apr/2025:17:58:30 -0400] "POST /xmlrpc.php HTTP/1.1" 200 0 "-" "python-httpx/0.22.0"
13.229.78.155 - - [01/Apr/2025:17:58:50 -0400] "POST /xmlrpc.php HTTP/1.1" 200 0 "-" "python-httpx/0.22.0"
13.229.78.155 - - [01/Apr/2025:17:59:11 -0400] "POST /xmlrpc.php HTTP/1.1" 200 0 "-" "python-httpx/0.22.0"
13.229.78.155 - - [01/Apr/2025:17:59:31 -0400] "POST /xmlrpc.php HTTP/1.1" 200 0 "-" "python-httpx/0.22.0"
13.229.78.155 - - [01/Apr/2025:17:59:51 -0400] "POST /xmlrpc.php HTTP/1.1" 200 0 "-" "python-httpx/0.22.0"
192.42.116.216 - - [01/Apr/2025:18:00:49 -0400] "GET / HTTP/1.1" 200 78024 "https://christianmantopoulos.com" "Mozilla/5.0 (Windows NT 6.1; rv:24.0) Gecko/20100101 Firefox/24.0"
198.54.114.83 - - [01/Apr/2025:18:03:28 -0400] "POST /wp-admin/admin-ajax.php?action=async_litespeed&nonce=Nzuw8quq26XqMTzgM0dGAxfUWdeH8Ow2&litespeed_type=imgoptm HTTP/1.1" 200 5 "-" "WordPress/6.7.2; https://christianmantopoulos.com"
66.249.72.197 - - [01/Apr/2025:18:04:06 -0400] "GET /unlocking-the-potential-london-ontario-property-management/ HTTP/1.1" 404 1251 "-" "Mozilla/5.0 (Linux; Android 6.0.1; Nexus 5X Build/MMB29P) AppleWebKit/537.36 (KHTML, like Gecko) Chrome/134.0.6998.165 Mobile Safari/537.36 (compatible; Googlebot/2.1; +http://www.google.com/bot.html)"
52.167.144.205 - - [01/Apr/2025:18:04:12 -0400] "GET /?eid=7 HTTP/1.1" 200 78024 "-" "Mozilla/5.0 AppleWebKit/537.36 (KHTML, like Gecko; compatible; bingbot/2.0; +http://www.bing.com/bingbot.htm) Chrome/116.0.1938.76 Safari/537.36"
185.191.171.12 - - [01/Apr/2025:18:05:35 -0400] "GET /how-to-cancel-my-peloton-membership/ HTTP/1.1" 404 1251 "-" "Mozilla/5.0 (compatible; SemrushBot/7~bl; +http://www.semrush.com/bot.html)"
47.243.75.156 - - [01/Apr/2025:18:06:15 -0400] "GET / HTTP/1.1" 200 78024 "-" "Mozilla/5.0 (Windows NT 10.0; Win64; x64) AppleWebKit/537.36 (KHTML, like Gecko) Chrome/116.0.0.0 Safari/537.36 OPR/102.0.0.0"
47.243.75.156 - - [01/Apr/2025:18:06:16 -0400] "GET /products/sw.js HTTP/1.1" 404 1251 "https://christianmantopoulos.com/" "Mozilla/5.0 (X11; Linux x86_64) AppleWebKit/537.36 (KHTML, like Gecko) HeadlessChrome/117.0.5938.62 Safari/537.36"
85.208.96.205 - - [01/Apr/2025:18:11:19 -0400] "GET /what-can-tretinoin-cream-do-for-you/ HTTP/1.1" 404 1251 "-" "Mozilla/5.0 (compatible; SemrushBot/7~bl; +http://www.semrush.com/bot.html)"
40.77.167.159 - - [01/Apr/2025:18:14:04 -0400] "GET /news-show-3998.html HTTP/1.1" 404 1251 "-" "Mozilla/5.0 AppleWebKit/537.36 (KHTML, like Gecko; compatible; bingbot/2.0; +http://www.bing.com/bingbot.htm) Chrome/116.0.1938.76 Safari/537.36"
189.148.125.82 - - [01/Apr/2025:18:17:24 -0400] "GET /wp-login.php HTTP/1.1" 200 1721 "-" "GRequests/0.10"
198.54.114.83 - - [01/Apr/2025:18:17:28 -0400] "POST /wp-cron.php?doing_wp_cron=1743545848.1685059070587158203125 HTTP/1.1" 200 0 "-" "WordPress/6.7.2; https://christianmantopoulos.com"
148.230.217.6 - - [01/Apr/2025:18:17:25 -0400] "POST /wp-login.php HTTP/1.1" 200 1879 "-" "GRequests/0.10"
198.54.114.83 - - [01/Apr/2025:18:17:29 -0400] "POST /wp-admin/admin-ajax.php?action=async_litespeed&nonce=7XloXfV9zAhe3syg7u1Kw6DzdWwy8bki&litespeed_type=imgoptm HTTP/1.1" 200 5 "-" "WordPress/6.7.2; https://christianmantopoulos.com"
47.82.10.247 - - [01/Apr/2025:18:20:00 -0400] "GET /wp-includes/js/dist/dom-ready.min.js HTTP/1.1" 200 275 "-" "Mozilla/5.0 (Windows NT 10.0; Win64; x64) AppleWebKit/537.36 (KHTML, like Gecko) Chrome/114.0.0.0 Safari/537.36 Edg/114.0.1823.43"
198.98.49.54 - - [01/Apr/2025:18:21:18 -0400] "GET / HTTP/1.1" 200 78024 "https://www.google.com" "Mozilla/5.0 (Macintosh; Intel Mac OS X 10_12_6) AppleWebKit/537.36 (KHTML, like Gecko) Chrome/61.0.3163.100 Safari/537.36"
198.98.49.54 - - [01/Apr/2025:18:21:20 -0400] "GET /wp-login.php HTTP/1.1" 200 1721 "https://www.google.com" "Mozilla/5.0 (Macintosh; Intel Mac OS X 10_12_6) AppleWebKit/537.36 (KHTML, like Gecko) Chrome/61.0.3163.100 Safari/537.36"
185.191.171.12 - - [01/Apr/2025:18:22:01 -0400] "GET /choosing-the-right-conservatory-roof-replacement/ HTTP/1.1" 404 1251 "-" "Mozilla/5.0 (compatible; SemrushBot/7~bl; +http://www.semrush.com/bot.html)"
47.82.10.190 - - [01/Apr/2025:18:23:16 -0400] "GET /wp-includes/js/dist/a11y.min.js HTTP/1.1" 200 827 "-" "Mozilla/5.0 (Windows NT 10.0; Win64; x64) AppleWebKit/537.36 (KHTML, like Gecko) Chrome/114.0.0.0 Safari/537.36 Edg/114.0.1823.43"
47.82.10.11 - - [01/Apr/2025:18:23:18 -0400] "GET /wp-admin/js/user-profile.min.js HTTP/1.1" 200 2388 "-" "Mozilla/5.0 (Windows NT 10.0; Win64; x64) AppleWebKit/537.36 (KHTML, like Gecko) Chrome/114.0.0.0 Safari/537.36 Edg/114.0.1823.43"
112.92.70.120 - - [01/Apr/2025:18:24:20 -0400] "GET /automotive-locksmith-chicago/ HTTP/1.1" 404 1251 "https://christianmantopoulos.com" "Mozilla/5.0 (Windows NT 10.0; Win64; x64) AppleWebKit/537.36 (KHTML, like Gecko) Chrome/62.0.3202.94 Safari/537.36"
112.92.70.120 - - [01/Apr/2025:18:24:23 -0400] "GET /automotive-locksmith-chicago/ HTTP/1.1" 404 1251 "https://christianmantopoulos.com" "Mozilla/5.0 (Windows NT 10.0; Win64; x64) AppleWebKit/537.36 (KHTML, like Gecko) Chrome/62.0.3202.94 Safari/537.36"
112.92.70.120 - - [01/Apr/2025:18:24:25 -0400] "GET /automotive-locksmith-chicago/ HTTP/1.1" 404 1251 "https://christianmantopoulos.com" "Mozilla/5.0 (Windows NT 10.0; Win64; x64) AppleWebKit/537.36 (KHTML, like Gecko) Chrome/62.0.3202.94 Safari/537.36"
112.92.70.120 - - [01/Apr/2025:18:24:26 -0400] "GET /automotive-locksmith-chicago/ HTTP/1.1" 404 1251 "https://christianmantopoulos.com" "Mozilla/5.0 (Windows NT 10.0; Win64; x64) AppleWebKit/537.36 (KHTML, like Gecko) Chrome/62.0.3202.94 Safari/537.36"
47.79.98.33 - - [01/Apr/2025:18:25:50 -0400] "GET /wp-includes/js/mediaelement/mediaelement-and-player.min.js HTTP/1.1" 200 36433 "-" "Mozilla/5.0 (Windows NT 10.0; Win64; x64) AppleWebKit/537.36 (KHTML, like Gecko) Chrome/114.0.0.0 Safari/537.36 Edg/114.0.1823.43"
185.191.171.10 - - [01/Apr/2025:18:26:00 -0400] "GET /talbina-benefits/ HTTP/1.1" 404 1251 "-" "Mozilla/5.0 (compatible; SemrushBot/7~bl; +http://www.semrush.com/bot.html)"
47.82.10.57 - - [01/Apr/2025:18:26:08 -0400] "GET /wp-includes/js/dist/i18n.min.js HTTP/1.1" 200 3542 "-" "Mozilla/5.0 (Windows NT 10.0; Win64; x64) AppleWebKit/537.36 (KHTML, like Gecko) Chrome/114.0.0.0 Safari/537.36 Edg/114.0.1823.43"
198.54.114.83 - - [01/Apr/2025:18:27:47 -0400] "POST /wp-admin/admin-ajax.php?action=async_litespeed&nonce=KRVSJ8k4arjMcndpAl6bDThjWLffeG6K&litespeed_type=imgoptm HTTP/1.1" 200 0 "-" "WordPress/6.7.2; https://christianmantopoulos.com"
47.79.122.252 - - [01/Apr/2025:18:29:53 -0400] "GET /wp-includes/js/underscore.min.js HTTP/1.1" 200 7197 "-" "Mozilla/5.0 (Windows NT 10.0; Win64; x64) AppleWebKit/537.36 (KHTML, like Gecko) Chrome/114.0.0.0 Safari/537.36 Edg/114.0.1823.43"
47.79.122.252 - - [01/Apr/2025:18:32:27 -0400] "GET /wp-admin/load-scripts.php HTTP/1.1" 200 0 "-" "Mozilla/5.0 (Windows NT 10.0; Win64; x64) AppleWebKit/537.36 (KHTML, like Gecko) Chrome/114.0.0.0 Safari/537.36 Edg/114.0.1823.43"
47.82.10.86 - - [01/Apr/2025:18:33:47 -0400] "GET /wp-includes/js/wp-util.min.js HTTP/1.1" 200 690 "-" "Mozilla/5.0 (Windows NT 10.0; Win64; x64) AppleWebKit/537.36 (KHTML, like Gecko) Chrome/114.0.0.0 Safari/537.36 Edg/114.0.1823.43"
47.79.6.193 - - [01/Apr/2025:18:41:20 -0400] "GET /wp-admin/js/password-strength-meter.min.js HTTP/1.1" 200 558 "-" "Mozilla/5.0 (Windows NT 10.0; Win64; x64) AppleWebKit/537.36 (KHTML, like Gecko) Chrome/114.0.0.0 Safari/537.36 Edg/114.0.1823.43"
185.191.171.2 - - [01/Apr/2025:18:49:18 -0400] "GET /your-guide-to-financial-flexibility/ HTTP/1.1" 404 1251 "-" "Mozilla/5.0 (compatible; SemrushBot/7~bl; +http://www.semrush.com/bot.html)"
