195.211.191.127 - - [04/Apr/2025:05:07:39 -0400] "GET //aeis.alicdn.com/sd/ncpc/nc.js HTTP/1.1" 404 1251 "-" "Mozilla/5.0 (Windows NT 10.0; Win64; x64) AppleWebKit/537.36 (KHTML, like Gecko) Chrome/101.0.4950.0 Safari/537.36"
195.211.191.127 - - [04/Apr/2025:05:07:39 -0400] "GET //g.lazcdn.com/g/lzd-cs/chat/2.5.0/alichat.js HTTP/1.1" 404 1251 "-" "Mozilla/5.0 (iPhone; CPU iPhone OS 15_3_1 like Mac OS X) AppleWebKit/605.1.15 (KHTML, like Gecko) Version/15.3 Mobile/15E148 Safari/604.1"
195.211.191.127 - - [04/Apr/2025:05:07:39 -0400] "GET /lib-mtop/2.5.1/mtop.js HTTP/1.1" 404 1251 "-" "Mozilla/5.0 (OS/2; Warp 4.5; rv:24.0) Gecko/20100101 Firefox/24.0"
195.211.191.127 - - [04/Apr/2025:05:07:39 -0400] "GET //o.alicdn.com/lzdfe/lzd-h5-itrace/index.js HTTP/1.1" 404 1251 "-" "Mozilla/5.0 (X11; Linux x86_64) AppleWebKit/537.36 (KHTML, like Gecko) Chrome/103.0.9999.0 Safari/537.36"
195.211.191.127 - - [04/Apr/2025:05:07:39 -0400] "GET //g.lazcdn.com/g/lzdmod/loader/5.0.2/??index.js HTTP/1.1" 404 1251 "-" "Mozilla/5.0 (OS/2; Warp 4.5; rv:38.0) Gecko/20100101 Firefox/38.0 SeaMonkey/2.35"
195.211.191.127 - - [04/Apr/2025:05:07:39 -0400] "GET //g.lazcdn.com/g/??mtb/lib-promise/3.1.3/polyfillB.js HTTP/1.1" 404 1251 "-" "Mozilla/5.0 (Windows NT 6.1; WOW64) AppleWebKit/537.1 (KHTML, like Gecko) Chrome/22.0.1207.1 Safari/537.1"
195.211.191.127 - - [04/Apr/2025:05:07:39 -0400] "GET /lzd-h5-utils-sites/1.1.11/index.js HTTP/1.1" 404 1251 "-" "Mozilla/5.0 (X11; Linux x86_64) AppleWebKit/537.36 (KHTML, like Gecko) Chrome/55.0.2876.0 Safari/537.36"
195.211.191.127 - - [04/Apr/2025:05:07:39 -0400] "GET //g.lazcdn.com/g/lzdfe/pdp-platform/0.1.22/pc.js HTTP/1.1" 404 1251 "-" "Mozilla/5.0 (Linux; Android 6.0; Nexus 5X Build/MDB08L) AppleWebKit/537.36 (KHTML, like Gecko) Chrome/53.0.2785.124 Mobile Safari/537.36"
195.211.191.127 - - [04/Apr/2025:05:07:39 -0400] "GET //g.lazcdn.com/g/lzdmod/im/5.0.103/index.js HTTP/1.1" 404 1251 "-" "UCWEB/8.8 (SymbianOS/9.2; U; en-US; NokiaE63) AppleWebKit/534.1 UCBrowser/8.8.0.245 Mobile"
195.211.191.127 - - [04/Apr/2025:05:07:39 -0400] "GET //g.lazcdn.com/g/lzdfe/pwa-assets/5.0.7/manifest/id.js HTTP/1.1" 404 1251 "-" "Mozilla/5.0 (X11; Ubuntu; Linux x86_64; rv:20.0) Gecko/20100101 Firefox/20.0"
195.211.191.127 - - [04/Apr/2025:05:07:39 -0400] "GET /site-nav-pc/5.2.38/assets/download-app/index.js HTTP/1.1" 404 1251 "-" "Mozilla/5.0 (Windows; U; Windows NT 6.0; en-US) AppleWebKit/534.14 (KHTML, like Gecko) Chrome/9.0.601.0 Safari/534.14"
195.211.191.127 - - [04/Apr/2025:05:07:39 -0400] "GET //g.lazcdn.com/g/lzd/assets/1.2.13/??babel-polyfill/6.26.0/polyfill.min.js HTTP/1.1" 404 1251 "-" "Mozilla/5.0 (iPad; U; CPU OS 4_3 like Mac OS X; en-us) AppleWebKit/533.17.9 (KHTML, like Gecko) Version/5.0.2 Mobile/8F190 Safari/6533.18.5"
195.211.191.127 - - [04/Apr/2025:05:07:39 -0400] "GET /site-nav-pc/5.2.38/assets/track-order/index.js HTTP/1.1" 404 1251 "-" "Mozilla/5.0 (X11; Linux i686; rv:5.0) Gecko/20100101 Firefox/5.0"
195.211.191.127 - - [04/Apr/2025:05:07:39 -0400] "GET //g.lazcdn.com/g/lzdfe/pdp-modules/1.4.4/pc-mod.js HTTP/1.1" 404 1251 "-" "Mozilla/5.0 (Macintosh; Intel Mac OS X 10_15_7) AppleWebKit/537.36 (KHTML, like Gecko) Chrome/100.0.4896.162 Safari/537.36"
195.211.191.127 - - [04/Apr/2025:05:07:39 -0400] "GET /lzd-h5-utils-cookie/1.2.10/index.js HTTP/1.1" 404 1251 "-" "Mozilla/5.0 (Linux; Android 5.0; SM-G900P Build/LRX21T) AppleWebKit/537.36 (KHTML, like Gecko) Chrome/88.0.4324.96 Mobile Safari/537.36"
195.211.191.127 - - [04/Apr/2025:05:07:39 -0400] "GET /site-nav-pc/5.2.38/assets/links-bar/index.js HTTP/1.1" 404 1251 "-" "Mozilla/5.0 (X11; Linux x86_64; en-US; rv:2.0b2pre) Gecko/20100712 Minefield/4.0b2pre"
195.211.191.127 - - [04/Apr/2025:05:07:39 -0400] "GET /interface.js HTTP/1.1" 404 1251 "-" "Mozilla/5.0 (Windows; U; Windows NT 5.2; en-US) AppleWebKit/532.9 (KHTML, like Gecko) Chrome/5.0.310.0 Safari/532.9"
195.211.191.127 - - [04/Apr/2025:05:07:39 -0400] "GET /jquery/5.0.9/index.js HTTP/1.1" 404 1251 "-" "W3C_Validator/1.654"
195.211.191.127 - - [04/Apr/2025:05:07:39 -0400] "GET //g.lazcdn.com/g/lazada-search-fe/lzd-searchbox/0.4.11/index.js HTTP/1.1" 404 1251 "-" "Links (2.1pre15; FreeBSD 5.3-RELEASE i386; 196x84)"
195.211.191.127 - - [04/Apr/2025:05:07:39 -0400] "GET //g.lazcdn.com/g/woodpeckerx/jssdk??wpkReporter.js HTTP/1.1" 404 1251 "-" "Mozilla/5.0 (Linux; Android 5.0; SM-G900P Build/LRX21T) AppleWebKit/537.36 (KHTML, like Gecko) Chrome/88.0.4324.96 Mobile Safari/537.36"
195.211.191.127 - - [04/Apr/2025:05:07:39 -0400] "GET //g.lazcdn.com/g/mui/i18n/5.0.4/??index.js HTTP/1.1" 404 1251 "-" "Mozilla/5.0 (X11; U; Linux x86_64; en-AU) AppleWebKit/534.35 (KHTML, like Gecko) Chrome/11.0.696.65 Safari/534.35 Puffin/3.9174IT"
195.211.191.127 - - [04/Apr/2025:05:07:39 -0400] "GET /desktop-footer/6.1.1/pc/index.js HTTP/1.1" 404 1251 "-" "Mozilla/5.0 (X11; U; Linux i686; en-US; rv:1.9.1.16) Gecko/20120421 Gecko Firefox/11.0"
195.211.191.127 - - [04/Apr/2025:05:07:39 -0400] "GET /site-nav-pc/5.2.38/assets/search-box/index.js HTTP/1.1" 404 1251 "-" "Mozilla/5.0 (Macintosh; Intel Mac OS X 10.13; rv:55.0) Gecko/20100101 Firefox/55.0"
195.211.191.127 - - [04/Apr/2025:05:07:39 -0400] "GET //g.lazcdn.com/g/lzd/assets/0.0.5/next/0.19.21/next.min.js HTTP/1.1" 404 1251 "-" "Mozilla/5.0 (BeOS; U; BeOS BePC; en-US; rv:1.9a1) Gecko/20060702 SeaMonkey/1.5a"
195.211.191.127 - - [04/Apr/2025:05:07:39 -0400] "GET //g.lazcdn.com/g/retcode/cloud-sdk/bl.js HTTP/1.1" 404 1251 "-" "Mozilla/5.0 (X11; Linux x86_64) AppleWebKit/537.36 (KHTML, like Gecko) Chrome/92.0.4515.159 Safari/537.36"
195.211.191.127 - - [04/Apr/2025:05:07:39 -0400] "GET //g.lazcdn.com/g/alilog/mlog/aplus_int.js HTTP/1.1" 404 1251 "-" "Mozilla/5.0 (Macintosh; U; Intel Mac OS X 10_6_4; en-US) AppleWebKit/534.3 (KHTML, like Gecko) Chrome/6.0.464.0 Safari/534.3"
195.211.191.127 - - [04/Apr/2025:05:07:39 -0400] "GET /site-nav-pc/5.2.38/assets/cart/index.js HTTP/1.1" 404 1251 "-" "Mozilla/5.0 (X11; Linux x86_64) AppleWebKit/537.36 (KHTML, like Gecko) Chrome/88.0.4324.150 Safari/537.36"
195.211.191.127 - - [04/Apr/2025:05:07:39 -0400] "GET /blank.js HTTP/1.1" 404 1251 "-" "Mozilla/5.0 (Windows Phone 8.1; ARM; Trident/7.0; Touch; rv:11.0; IEMobile/11.0; NOKIA; Lumia 920) like Gecko"
195.211.191.127 - - [04/Apr/2025:05:07:39 -0400] "GET /site-menu-pc/5.0.45/pc/index.js HTTP/1.1" 404 1251 "-" "Opera/7.51 (Windows NT 5.1; U) [en]"
195.211.191.127 - - [04/Apr/2025:05:07:40 -0400] "GET /16.8.0/react-dom.production.min.js HTTP/1.1" 404 1251 "-" "Mozilla/5.0 (Symbian/3; Series60/5.2 NokiaN8-00/014.002; Profile/MIDP-2.1 Configuration/CLDC-1.1; en-us) AppleWebKit/525 (KHTML, like Gecko) Version/3.0 BrowserNG/7.2.6.4 3gpp-gba"
195.211.191.127 - - [04/Apr/2025:05:07:40 -0400] "GET /site-nav-pc/5.2.38/assets/logo-bar/index.js HTTP/1.1" 404 1251 "-" "Mozilla/5.0 (X11; Ubuntu; Linux x86_64; rv:49.0) Gecko/20100101 Firefox/49.0"
195.211.191.127 - - [04/Apr/2025:05:07:40 -0400] "GET /common-info/5.0.30/index.js HTTP/1.1" 404 1251 "-" "Mozilla/5.0 (X11; Linux x86_64) AppleWebKit/537.36 (KHTML, like Gecko) Chrome/101.0.4951.64 Safari/537.36"
195.211.191.127 - - [04/Apr/2025:05:07:40 -0400] "GET /site-nav-pc/5.2.38/assets/switch-lang/index.js HTTP/1.1" 404 1251 "-" "Mozilla/5.0 (Windows NT 6.1; WOW64) AppleWebKit/537.36 (KHTML, like Gecko) Brave Chrome/89.0.4389.105 Safari/537.36"
195.211.191.127 - - [04/Apr/2025:05:07:40 -0400] "GET /lzd-h5-utils-icon/1.0.8/index.js HTTP/1.1" 404 1251 "-" "Mozilla/5.0 (Macintosh; Intel Mac OS X 10_15_7) AppleWebKit/537.36 (KHTML, like Gecko) Chrome/98.0.4758.109 Safari/537.36"
195.211.191.127 - - [04/Apr/2025:05:07:40 -0400] "GET /lazada-mod-lib/0.0.20/LazadaModLib.min.js HTTP/1.1" 404 1251 "-" "everyfeed-spider/2.0 (http://www.everyfeed.com)"
195.211.191.127 - - [04/Apr/2025:05:07:40 -0400] "GET /multimod-lzd-member__signup-login-pop/0.0.4/lib-signuppop/index.umd.es5.production.js HTTP/1.1" 404 1251 "-" "Mozilla/5.0 (OS/2; Warp 4.5; rv:24.0) Gecko/20100101 Firefox/24.0 SeaMonkey/2.21"
195.211.191.127 - - [04/Apr/2025:05:07:40 -0400] "GET /16.8.0/react.production.min.js HTTP/1.1" 404 1251 "-" "Mozilla/4.0 (compatible; MSIE 7.0; Windows NT 6.3; Trident/7.0; .NET4.0E; .NET4.0C)"
195.211.191.127 - - [04/Apr/2025:05:07:40 -0400] "GET /back-to-third-party-app/5.0.2/m/button.js HTTP/1.1" 404 1251 "-" "Mozilla/5.0 (Linux; Android 8.0.0; Pixel 2 XL Build/OPD1.170816.004) AppleWebKit/537.36 (KHTML, like Gecko) Chrome/99.0.4844.51 Mobile Safari/537.36"
195.211.191.127 - - [04/Apr/2025:05:07:40 -0400] "GET /site-nav-pc/5.2.38/pc/index.js HTTP/1.1" 404 1251 "-" "Googlebot/2.1 ( http://www.googlebot.com/bot.html)"
195.211.191.127 - - [04/Apr/2025:05:07:40 -0400] "GET //g.lazcdn.com/g/??mmfe/cps-rt-tracking/0.0.6/index.js HTTP/1.1" 404 1251 "-" "Mozilla/4.0 (compatible; MSIE 6.0; Windows NT 5.1)"
195.211.191.127 - - [04/Apr/2025:05:07:40 -0400] "GET /flow.js HTTP/1.1" 404 1251 "-" "Mozilla/5.0 (Macintosh; Intel Mac OS X 10_8_4) AppleWebKit/537.31 (KHTML like Gecko) Chrome/26.0.1410.63 Safari/537.31"
195.211.191.127 - - [04/Apr/2025:05:07:40 -0400] "GET /site-menu-nav-pc/5.0.73/pc/index.js HTTP/1.1" 404 1251 "-" "Mozilla/5.0 (X11; Linux x86_64) AppleWebKit/535.1 (KHTML, like Gecko) Chrome/13.0.782.20 Safari/535.1"
195.211.191.127 - - [04/Apr/2025:05:07:40 -0400] "GET //g.lazcdn.com/g/lzd/assets/1.1.37/web-vitals/2.1.0/index.js HTTP/1.1" 404 1251 "-" "Opera/9.60 (J2ME/MIDP; Opera Mini/4.2.14320/554; U; cs) Presto/2.2.0"
195.211.191.127 - - [04/Apr/2025:05:07:40 -0400] "GET /lzd-h5-utils-logger/1.1.52/index.js HTTP/1.1" 404 1251 "-" "Mozilla/5.0 (Windows NT 6.3; WOW64) AppleWebKit/537.36 (KHTML, like Gecko) Chrome/31.0.1650.57 Safari/537.36 OPR/18.0.1284.49"
195.211.191.127 - - [04/Apr/2025:05:07:40 -0400] "GET /products/sw.js HTTP/1.1" 404 1251 "-" "Mozilla/5.0 (Windows NT 10.0; WOW64) AppleWebKit/537.36 (KHTML, like Gecko) Chrome/99.0.4844.51 Safari/537.36"
195.211.191.127 - - [04/Apr/2025:05:07:40 -0400] "GET /site-nav-pc/5.2.38/assets/user-info/index.js HTTP/1.1" 404 1251 "-" "Mozilla/5.0 (Macintosh; Intel Mac OS X 10_12_6) AppleWebKit/537.36 (KHTML, like Gecko) Chrome/100.0.4896.127 Safari/537.36"
195.211.191.127 - - [04/Apr/2025:05:07:40 -0400] "GET /desktop-footer/6.1.1/pc/reqwest/index.js HTTP/1.1" 404 1251 "-" "Mozilla/5.0 (X11; U; Linux i686; en-US; rv:1.9.0.8) Gecko Galeon/2.0.6 (Ubuntu 2.0.6-2)"
195.211.191.127 - - [04/Apr/2025:05:07:40 -0400] "GET //g.lazcdn.com/g/lzd/assets/1.2.10/web-vitals/3.4.0/index.js HTTP/1.1" 404 1251 "-" "Mozilla/5.0 (Macintosh; Intel Mac OS X 10_15_7) AppleWebKit/605.1.15 (KHTML, like Gecko) Version/15.2 Safari/605.1.15"
195.211.191.127 - - [04/Apr/2025:05:07:40 -0400] "GET /site-nav-pc/5.2.38/assets/liveup/index.js HTTP/1.1" 404 1251 "-" "Mozilla/5.0 (X11; Linux i686; rv:2.0.1) Gecko/20100101 Firefox/4.0.1"
195.211.191.127 - - [04/Apr/2025:05:07:40 -0400] "GET /lzd-h5-utils-qs/0.1.11/index.js HTTP/1.1" 404 1251 "-" "Mozilla/5.0 (Linux; U; Android 2.2; en-us; Droid Build/FRG22D) AppleWebKit/533.1 (KHTML, like Gecko) Version/4.0 Mobile Safari/533.1"
195.211.191.127 - - [04/Apr/2025:05:07:40 -0400] "GET /site-nav-pc/5.2.38/assets/common/popper/index.js HTTP/1.1" 404 1251 "-" "Mozilla/5.0 (Linux; Android 10; SM-M315F) AppleWebKit/537.36 (KHTML, like Gecko) Chrome/95.0.4638.50 Mobile Safari/537.36"
195.211.191.127 - - [04/Apr/2025:05:07:40 -0400] "GET /multimod-lzd-trade__cart/1.0.16/lib-cart/index.umd.es5.production.js HTTP/1.1" 404 1251 "-" "Mozilla/5.0 (X11; Linux x86_64) AppleWebKit/537.36 (KHTML, like Gecko) QtWebEngine/5.15.3 Chrome/87.0.4280.144 Safari/537.36"
195.211.191.127 - - [04/Apr/2025:05:07:40 -0400] "GET /site-nav-pc/5.2.38/assets/reqwest/index.js HTTP/1.1" 404 1251 "-" "Mozilla/5.0 (X11; Linux x86_64) AppleWebKit/537.36 (KHTML, like Gecko) Chrome/101.0.4951.41 Safari/537.36"
195.211.191.127 - - [04/Apr/2025:05:07:40 -0400] "GET /lzd-h5-utils-env/1.5.12/index.js HTTP/1.1" 404 1251 "-" "Mozilla/5.0 (Linux; U; Android 3.0; en-us; Xoom Build/HRI39) AppleWebKit/525.10 (KHTML, like Gecko) Version/3.0.4 Mobile Safari/523.12.2"
195.211.191.127 - - [04/Apr/2025:05:07:40 -0400] "GET /site-nav-pc/5.2.38/i18n.js HTTP/1.1" 404 1251 "-" "Mozilla/5.0 (X11; Linux i686; rv:16.0) Gecko/20100101 Firefox/16.0"
195.211.191.127 - - [04/Apr/2025:05:07:40 -0400] "GET /assets/1.1.18/require/2.3.6/require.js HTTP/1.1" 404 1251 "-" "Mozilla/5.0 (Windows NT 6.1; Win64; x64; rv:35.0) Gecko/20100101 Firefox/35.0"
195.211.191.127 - - [04/Apr/2025:05:07:40 -0400] "GET //o.alicdn.com/lzd_sec/LWSC/index.js HTTP/1.1" 404 1251 "-" "Mozilla/5.0 (Windows NT 10.0; Win64; x64) AppleWebKit/537.36 (KHTML, like Gecko) Chrome/99.0.4844.84 Safari/537.36 OPR/85.0.4341.79"
195.211.191.127 - - [04/Apr/2025:05:07:40 -0400] "GET /lzd-h5-utils-jsonp/1.1.11/index.js HTTP/1.1" 404 1251 "-" "Mozilla/5.0 (Linux; Android 12; SM-A525F) AppleWebKit/537.36 (KHTML, like Gecko) Chrome/101.0.4951.41 Mobile Safari/537.36"
195.211.191.127 - - [04/Apr/2025:05:07:40 -0400] "GET /site-nav-pc/5.2.38/assets/affiliate/index.js HTTP/1.1" 404 1251 "-" "Mozilla/4.0 (compatible; MSIE 5.15; Mac_PowerPC)"
195.211.191.127 - - [04/Apr/2025:05:07:40 -0400] "GET //g.lazcdn.com/g/??mui/feloader/5.0.0/feloader-min.js HTTP/1.1" 404 1251 "-" "Mozilla/5.0 (Linux; Android 10; Redmi Note 7) AppleWebKit/537.36 (KHTML, like Gecko) Chrome/83.0.4103.101 Mobile Safari/537.36"
195.211.191.127 - - [04/Apr/2025:05:07:40 -0400] "GET /lzd-h5-utils-mtop/1.2.56/index.js HTTP/1.1" 404 1251 "-" "Mozilla/5.0 (iPhone; U; CPU iPhone OS 3_0 like Mac OS X; en-us) AppleWebKit/528.18 (KHTML, like Gecko) Version/4.0 Mobile/7A341 Safari/528.16"
195.211.191.127 - - [04/Apr/2025:05:07:46 -0400] "GET //aeis.alicdn.com/sd/ncpc/nc.js HTTP/1.1" 404 1251 "-" "Mozilla/5.0 (OS/2; Warp 4.5; rv:10.0.12) Gecko/20130108 Firefox/10.0.12 SeaMonkey/2.7.2"
195.211.191.127 - - [04/Apr/2025:05:07:46 -0400] "GET //g.lazcdn.com/g/??mui/feloader/5.0.0/feloader-min.js HTTP/1.1" 404 1251 "-" "Mozilla/5.0 (Windows; U; Windows NT 5.1; en-US; rv:1.9.0.10) Gecko/2009042316 Firefox/3.0.10"
195.211.191.127 - - [04/Apr/2025:05:07:46 -0400] "GET //g.lazcdn.com/g/alilog/mlog/aplus_int.js HTTP/1.1" 404 1251 "-" "Mozilla/5.0 (Windows NT 10.0; Win64; x64) AppleWebKit/537.36 (KHTML, like Gecko) Chrome/100.0.4896.143 Safari/537.36"
195.211.191.127 - - [04/Apr/2025:05:07:46 -0400] "GET //g.lazcdn.com/g/lzd/assets/0.0.5/next/0.19.21/next.min.js HTTP/1.1" 404 1251 "-" "Mozilla/5.0 (Linux; Android 12; SM-N986U) AppleWebKit/537.36 (KHTML, like Gecko) Chrome/101.0.4951.41 Mobile Safari/537.36"
195.211.191.127 - - [04/Apr/2025:05:07:46 -0400] "GET //g.lazcdn.com/g/lzd-cs/chat/2.5.0/alichat.js HTTP/1.1" 404 1251 "-" "Mozilla/5.0 (Macintosh; U; Intel Mac OS X; en-US) AppleWebKit/528.16 (KHTML, like Gecko, Safari/528.16) OmniWeb/v622.8.0.112941"
195.211.191.127 - - [04/Apr/2025:05:07:46 -0400] "GET //g.lazcdn.com/g/lzd/assets/1.1.37/web-vitals/2.1.0/index.js HTTP/1.1" 404 1251 "-" "Mozilla/5.0 (Linux; Android 7.0; HUAWEI CAN-L11) AppleWebKit/537.36 (KHTML, like Gecko) Chrome/101.0.4951.41 Mobile Safari/537.36"
195.211.191.127 - - [04/Apr/2025:05:07:46 -0400] "GET //g.lazcdn.com/g/lzd/assets/1.2.13/??babel-polyfill/6.26.0/polyfill.min.js HTTP/1.1" 404 1251 "-" "BlackBerry7100i/4.1.0 Profile/MIDP-2.0 Configuration/CLDC-1.1 VendorID/103"
195.211.191.127 - - [04/Apr/2025:05:07:46 -0400] "GET //g.lazcdn.com/g/lzd/assets/1.2.10/web-vitals/3.4.0/index.js HTTP/1.1" 404 1251 "-" "Mozilla/5.0 (iPhone; CPU iPhone OS 14_8 like Mac OS X) AppleWebKit/605.1.15 (KHTML, like Gecko) Version/14.1.2 Mobile/15E148 Safari/604.1"
195.211.191.127 - - [04/Apr/2025:05:07:46 -0400] "GET //g.lazcdn.com/g/??mmfe/cps-rt-tracking/0.0.6/index.js HTTP/1.1" 404 1251 "-" "Mozilla/5.0 (X11; Linux x86_64) AppleWebKit/537.36 (KHTML, like Gecko) Chrome/102.0.4997.0 Safari/537.36"
195.211.191.127 - - [04/Apr/2025:05:07:46 -0400] "GET //g.lazcdn.com/g/lzdfe/pdp-modules/1.4.4/pc-mod.js HTTP/1.1" 404 1251 "-" "Mozilla/5.0 (Windows NT 6.3; WOW64) AppleWebKit/537.36 (KHTML, like Gecko) Chrome/31.0.1650.57 Safari/537.36 OPR/18.0.1284.49"
195.211.191.127 - - [04/Apr/2025:05:07:46 -0400] "GET //g.lazcdn.com/g/lzdmod/im/5.0.103/index.js HTTP/1.1" 404 1251 "-" "Mozilla/5.0 (Linux; Android 11; HD1913) AppleWebKit/537.36 (KHTML, like Gecko) Chrome/100.0.4896.127 Mobile Safari/537.36"
195.211.191.127 - - [04/Apr/2025:05:07:46 -0400] "GET //g.lazcdn.com/g/retcode/cloud-sdk/bl.js HTTP/1.1" 404 1251 "-" "Mozilla/5.0 (Windows NT 10.0; Win64; x64) AppleWebKit/537.36 (KHTML, like Gecko) Chrome/91.0.4472.114 Safari/537.36"
195.211.191.127 - - [04/Apr/2025:05:07:47 -0400] "GET //g.lazcdn.com/g/lzdfe/pdp-platform/0.1.22/pc.js HTTP/1.1" 404 1251 "-" "Mozilla/5.0 (PLAYSTATION 3; 1.10)"
195.211.191.127 - - [04/Apr/2025:05:07:47 -0400] "GET //g.lazcdn.com/g/lzdmod/loader/5.0.2/??index.js HTTP/1.1" 404 1251 "-" "Mozilla/5.0 (Linux; Android 5.1.1; Nexus 7 Build/LMY47V) AppleWebKit/537.36 (KHTML, like Gecko) Chrome/43.0.2357.78 Safari/537.36 OPR/30.0.1856.93524"
195.211.191.127 - - [04/Apr/2025:05:07:47 -0400] "GET //g.lazcdn.com/g/lzdfe/pwa-assets/5.0.7/manifest/id.js HTTP/1.1" 404 1251 "-" "Mozilla/5.0 (X11; OpenBSD amd64; rv:28.0) Gecko/20100101 Firefox/28.0"
195.211.191.127 - - [04/Apr/2025:05:07:47 -0400] "GET //g.lazcdn.com/g/lazada-search-fe/lzd-searchbox/0.4.11/index.js HTTP/1.1" 404 1251 "-" "NokiaN70-1/5.0609.2.0.1 Series60/2.8 Profile/MIDP-2.0 Configuration/CLDC-1.1 UP.Link/6.3.1.13.0"
195.211.191.127 - - [04/Apr/2025:05:07:47 -0400] "GET //g.lazcdn.com/g/woodpeckerx/jssdk??wpkReporter.js HTTP/1.1" 404 1251 "-" "Mozilla/5.0 (X11; Linux x86_64; rv:91.0) Gecko/20100101 Firefox/91.0"
195.211.191.127 - - [04/Apr/2025:05:07:47 -0400] "GET //o.alicdn.com/lzd_sec/LWSC/index.js HTTP/1.1" 404 1251 "-" "Mozilla/5.0 (Windows NT 5.1) AppleWebKit/537.36 (KHTML, like Gecko) MxBrowser/4.5.10.7000 Chrome/30.0.1551.0 Safari/537.36"
195.211.191.127 - - [04/Apr/2025:05:07:47 -0400] "GET //g.lazcdn.com/g/mui/i18n/5.0.4/??index.js HTTP/1.1" 404 1251 "-" "Opera/9.80 (X11; Linux x86_64; U; pl) Presto/2.7.62 Version/11.00"
195.211.191.127 - - [04/Apr/2025:05:07:47 -0400] "GET //o.alicdn.com/lzdfe/lzd-h5-itrace/index.js HTTP/1.1" 404 1251 "-" "Mozilla/5.0 (Windows NT 6.1) AppleWebKit/537.36 (KHTML, like Gecko) Chrome/98.0.4758.141 YaBrowser/22.3.3.855 Yowser/2.5 Safari/537.36"
195.211.191.127 - - [04/Apr/2025:05:07:47 -0400] "GET /16.8.0/react-dom.production.min.js HTTP/1.1" 404 1251 "-" "POLARIS/6.01(BREW 3.1.5;U;en-us;LG;LX265;POLARIS/6.01/WAP;)MMP/2.0 profile/MIDP-201 Configuration /CLDC-1.1"
195.211.191.127 - - [04/Apr/2025:05:07:47 -0400] "GET /assets/1.1.18/require/2.3.6/require.js HTTP/1.1" 404 1251 "-" "Mozilla/5.0 (iPod; U; CPU iPhone OS 3_1_1 like Mac OS X; en-us) AppleWebKit/528.18 (KHTML, like Gecko) Mobile/7C145"
195.211.191.127 - - [04/Apr/2025:05:07:47 -0400] "GET /back-to-third-party-app/5.0.2/m/button.js HTTP/1.1" 404 1251 "-" "Mozilla/5.0 (Macintosh; Intel Mac OS X 10_14_6) AppleWebKit/537.36 (KHTML, like Gecko) Chrome/79.0.3945.130 Safari/537.36"
195.211.191.127 - - [04/Apr/2025:05:07:47 -0400] "GET /blank.js HTTP/1.1" 404 1251 "-" "Mozilla/5.0 (iPhone; CPU iPhone OS 15_4 like Mac OS X) AppleWebKit/605.1.15 (KHTML, like Gecko) CriOS/99.0.4844.59 Mobile/15E148 Safari/604.1"
195.211.191.127 - - [04/Apr/2025:05:07:47 -0400] "GET /16.8.0/react.production.min.js HTTP/1.1" 404 1251 "-" "Mozilla/5.0 (iPhone; CPU iPhone OS 15_4 like Mac OS X) AppleWebKit/605.1.15 (KHTML, like Gecko) CriOS/100.0.4896.77 Mobile/15E148 Safari/604.1"
195.211.191.127 - - [04/Apr/2025:05:07:47 -0400] "GET /common-info/5.0.30/index.js HTTP/1.1" 404 1251 "-" "Mozilla/5.0 (PlayBook; U; RIM Tablet OS 2.1.0; en-US) AppleWebKit/536.2+ (KHTML like Gecko) Version/7.2.1.0 Safari/536.2+"
195.211.191.127 - - [04/Apr/2025:05:07:47 -0400] "GET /desktop-footer/6.1.1/pc/index.js HTTP/1.1" 404 1251 "-" "Mozilla/5.0 (Macintosh; Intel Mac OS X 10.8; rv:21.0) Gecko/20100101 Firefox/21.0"
195.211.191.127 - - [04/Apr/2025:05:07:47 -0400] "GET /desktop-footer/6.1.1/pc/reqwest/index.js HTTP/1.1" 404 1251 "-" "Mozilla/5.0 (Macintosh; Intel Mac OS X 10.6; rv:5.0) Gecko/20100101 Firefox/5.0"
195.211.191.127 - - [04/Apr/2025:05:07:47 -0400] "GET /flow.js HTTP/1.1" 404 1251 "-" "Mozilla/5.0 (X11; Linux x86_64) AppleWebKit/537.36 (KHTML, like Gecko) Chrome/72.0.3626.96 Safari/537.36"
195.211.191.127 - - [04/Apr/2025:05:07:47 -0400] "GET /lzd-h5-utils-jsonp/1.1.11/index.js HTTP/1.1" 404 1251 "-" "Mozilla/4.0 (compatible; MSIE 7.0; Windows NT 6.1; Trident/6.0)"
195.211.191.127 - - [04/Apr/2025:05:07:47 -0400] "GET /interface.js HTTP/1.1" 404 1251 "-" "Mozilla/5.0 (Macintosh; Intel Mac OS X 10.6; rv:2.0b6pre) Gecko/20100907 Firefox/4.0b6pre Camino/2.2a1pre"
195.211.191.127 - - [04/Apr/2025:05:07:47 -0400] "GET /lib-mtop/2.5.1/mtop.js HTTP/1.1" 404 1251 "-" "Mozilla/5.0 (Windows NT 6.1; WOW64) AppleWebKit/534.27 (KHTML, like Gecko) Chrome/12.0.712.0 Safari/534.27"
195.211.191.127 - - [04/Apr/2025:05:07:47 -0400] "GET /lzd-h5-utils-cookie/1.2.10/index.js HTTP/1.1" 404 1251 "-" "FeedFetcher-Google; ( http://www.google.com/feedfetcher.html)"
195.211.191.127 - - [04/Apr/2025:05:07:47 -0400] "GET /lzd-h5-utils-env/1.5.12/index.js HTTP/1.1" 404 1251 "-" "Mozilla/5.0 (Windows NT 6.1; Win64; x64) AppleWebKit/537.36 (KHTML, like Gecko) Chrome/101.0.4951.41 Safari/537.36"
195.211.191.127 - - [04/Apr/2025:05:07:47 -0400] "GET /lzd-h5-utils-mtop/1.2.56/index.js HTTP/1.1" 404 1251 "-" "Mozilla/5.0 (Macintosh; Intel Mac OS X 10_15_7) AppleWebKit/537.36 (KHTML, like Gecko) Chrome/101.0.4950.0 Safari/537.36"
195.211.191.127 - - [04/Apr/2025:05:07:47 -0400] "GET /lazada-mod-lib/0.0.20/LazadaModLib.min.js HTTP/1.1" 404 1251 "-" "Mozilla/5.0 (Macintosh; Intel Mac OS X 10_15_7) AppleWebKit/537.36 (KHTML, like Gecko) Chrome/92.0.4515.159 Safari/537.36"
195.211.191.127 - - [04/Apr/2025:05:07:47 -0400] "GET /lzd-h5-utils-logger/1.1.52/index.js HTTP/1.1" 404 1251 "-" "Mozilla/5.0 (Mobile; Windows Phone 8.1; Android 4.0; ARM; Trident/7.0; Touch; rv:11.0; IEMobile/11.0; NOKIA; Lumia 929) like iPhone OS 7_0_3 Mac OS X AppleWebKit/537 (KHTML, like Gecko) Mobile Safari/537"
195.211.191.127 - - [04/Apr/2025:05:07:47 -0400] "GET /jquery/5.0.9/index.js HTTP/1.1" 404 1251 "-" "Mozilla/5.0 (Linux; Android 11; Redmi Note 9 Pro Max) AppleWebKit/537.36 (KHTML, like Gecko) Chrome/99.0.4844.88 Mobile Safari/537.36 OPR/68.3.3557.64528"
195.211.191.127 - - [04/Apr/2025:05:07:47 -0400] "GET /lzd-h5-utils-sites/1.1.11/index.js HTTP/1.1" 404 1251 "-" "Mozilla/5.0 (Windows NT 10.0; Win64; x64) AppleWebKit/537.36 (KHTML, like Gecko) Chrome/88.0.4324.150 Safari/537.36"
195.211.191.127 - - [04/Apr/2025:05:07:47 -0400] "GET /lzd-h5-utils-qs/0.1.11/index.js HTTP/1.1" 404 1251 "-" "Mozilla/5.0 (Linux; Android 8.0; Pixel 2 Build/OPD3.170816.012) AppleWebKit/537.36 (KHTML, like Gecko) Chrome/75.0.3765.0 Mobile Safari/537.36"
195.211.191.127 - - [04/Apr/2025:05:07:47 -0400] "GET /multimod-lzd-trade__cart/1.0.16/lib-cart/index.umd.es5.production.js HTTP/1.1" 404 1251 "-" "Mozilla/5.0 (Linux; U; Android 4.1; en-us; sdk Build/MR1) AppleWebKit/534.30 (KHTML, like Gecko) Version/4.1 Safari/534.30"
195.211.191.127 - - [04/Apr/2025:05:07:47 -0400] "GET /lzd-h5-utils-icon/1.0.8/index.js HTTP/1.1" 404 1251 "-" "Opera/9.80 (X11; Linux x86_64; U; pl) Presto/2.7.62 Version/11.00"
195.211.191.127 - - [04/Apr/2025:05:07:47 -0400] "GET /site-menu-nav-pc/5.0.73/pc/index.js HTTP/1.1" 404 1251 "-" "Mozilla/5.0 (X11; Linux x86_64) AppleWebKit/537.36 (KHTML, like Gecko) Chrome/98.0.4758.102 Safari/537.36"
195.211.191.127 - - [04/Apr/2025:05:07:47 -0400] "GET /multimod-lzd-member__signup-login-pop/0.0.4/lib-signuppop/index.umd.es5.production.js HTTP/1.1" 404 1251 "-" "Mozilla/5.0 (Windows; U; Windows NT 5.2; en-US) AppleWebKit/532.9 (KHTML, like Gecko) Chrome/5.0.310.0 Safari/532.9"
195.211.191.127 - - [04/Apr/2025:05:07:47 -0400] "GET /site-menu-pc/5.0.45/pc/index.js HTTP/1.1" 404 1251 "-" "Mozilla/5.0 (X11; Linux x86_64) AppleWebKit/537.36 (KHTML, like Gecko) Chrome/99.0.4844.82 Safari/537.36"
195.211.191.127 - - [04/Apr/2025:05:07:47 -0400] "GET /site-nav-pc/5.2.38/assets/cart/index.js HTTP/1.1" 404 1251 "-" "Mozilla/5.0 (X11; Linux x86_64) AppleWebKit/537.36 (KHTML, like Gecko) Chrome/91.0.4472.101 Safari/537.36"
195.211.191.127 - - [04/Apr/2025:05:07:47 -0400] "GET /products/sw.js HTTP/1.1" 404 1251 "-" "Mozilla/5.0 (Macintosh; Intel Mac OS X 10_15_7) AppleWebKit/537.36 (KHTML, like Gecko) Chrome/100.0.4896.75 Safari/537.36"
195.211.191.127 - - [04/Apr/2025:05:07:47 -0400] "GET /site-nav-pc/5.2.38/assets/affiliate/index.js HTTP/1.1" 404 1251 "-" "Mozilla/5.0 (iPhone; CPU iPhone OS 6_0 like Mac OS X) AppleWebKit/536.26 (KHTML, like Gecko) Version/6.0 Mobile/10A403 Safari/8536.25"
195.211.191.127 - - [04/Apr/2025:05:07:47 -0400] "GET /site-nav-pc/5.2.38/assets/common/popper/index.js HTTP/1.1" 404 1251 "-" "Mozilla/5.0 (iPhone; CPU iPhone OS 15_4_1 like Mac OS X) AppleWebKit/605.1.15 (KHTML, like Gecko) Version/15.0 Mobile/15E148 Safari/605.1 NAVER(inapp; search; 1000; 11.5.7; XR)"
195.211.191.127 - - [04/Apr/2025:05:07:47 -0400] "GET /site-nav-pc/5.2.38/assets/links-bar/index.js HTTP/1.1" 404 1251 "-" "Mozilla/5.0 (Windows NT 6.1) AppleWebKit/537.36 (KHTML, like Gecko) Chrome/28.0.1500.29 Safari/537.36 OPR/15.0.1147.24 (Edition Next)"
195.211.191.127 - - [04/Apr/2025:05:07:47 -0400] "GET /site-nav-pc/5.2.38/assets/download-app/index.js HTTP/1.1" 404 1251 "-" "Mozilla/1.22 (compatible; MSIE 5.01; PalmOS 3.0) EudoraWeb 2.1"
195.211.191.127 - - [04/Apr/2025:05:07:47 -0400] "GET /site-nav-pc/5.2.38/assets/search-box/index.js HTTP/1.1" 404 1251 "-" "Mozilla/5.0 (Windows NT 6.1; WOW64) AppleWebKit/535.8 (KHTML, like Gecko) Beamrise/17.2.0.9 Chrome/17.0.939.0 Safari/535.8"
195.211.191.127 - - [04/Apr/2025:05:07:47 -0400] "GET /site-nav-pc/5.2.38/assets/liveup/index.js HTTP/1.1" 404 1251 "-" "Mozilla/5.0 (Windows; U; Windows CE 5.1; rv:1.8.1a3) Gecko/20060610 Minimo/0.016"
195.211.191.127 - - [04/Apr/2025:05:07:47 -0400] "GET /site-nav-pc/5.2.38/assets/logo-bar/index.js HTTP/1.1" 404 1251 "-" "Mozilla/5.0 (Windows NT 6.1; Win64; x64) AppleWebKit/537.36 (KHTML, like Gecko) Chrome/97.0.4692.71 Safari/537.36"
195.211.191.127 - - [04/Apr/2025:05:07:47 -0400] "GET /site-nav-pc/5.2.38/assets/reqwest/index.js HTTP/1.1" 404 1251 "-" "Mozilla/5.0 (Windows NT 10.0; WOW64) AppleWebKit/537.36 (KHTML, like Gecko) Chrome/60.0.3112.78 Safari/537.36 OPR/47.0.2631.55"
195.211.191.127 - - [04/Apr/2025:05:07:47 -0400] "GET /site-nav-pc/5.2.38/pc/index.js HTTP/1.1" 404 1251 "-" "Mozilla/4.0 (compatible; MSIE 6.0; Windows CE; IEMobile 7.11)"
195.211.191.127 - - [04/Apr/2025:05:07:47 -0400] "GET /site-nav-pc/5.2.38/assets/switch-lang/index.js HTTP/1.1" 404 1251 "-" "Mozilla/5.0 (Macintosh; Intel Mac OS X 10_15_7) AppleWebKit/537.36 (KHTML, like Gecko) Chrome/101.0.0.0 Safari/537.36"
195.211.191.127 - - [04/Apr/2025:05:07:47 -0400] "GET /site-nav-pc/5.2.38/assets/track-order/index.js HTTP/1.1" 404 1251 "-" "Mozilla/5.0 (Windows NT 10.0; WOW64; Trident/7.0; MATBJS; rv:11.0) like Gecko"
195.211.191.127 - - [04/Apr/2025:05:07:47 -0400] "GET //g.lazcdn.com/g/??mtb/lib-promise/3.1.3/polyfillB.js HTTP/1.1" 404 1251 "-" "Mozilla/5.0 (Linux; U; Android 0.5; en-us) AppleWebKit/522 (KHTML, like Gecko) Safari/419.3"
195.211.191.127 - - [04/Apr/2025:05:07:47 -0400] "GET /site-nav-pc/5.2.38/i18n.js HTTP/1.1" 404 1251 "-" "Mozilla/5.0 (Windows NT 6.2; rv:19.0) Gecko/20121129 Firefox/19.0"
195.211.191.127 - - [04/Apr/2025:05:07:47 -0400] "GET /site-nav-pc/5.2.38/assets/user-info/index.js HTTP/1.1" 404 1251 "-" "Mozilla/5.0 (Linux; Android 8.0.0; HWI-AL00) AppleWebKit/537.36 (KHTML, like Gecko) Chrome/100.0.4896.127 Mobile Safari/537.36"
138.246.253.24 - - [04/Apr/2025:05:13:34 -0400] "GET /robots.txt HTTP/1.1" 404 1251 "-" "Mozilla/5.0 (Windows NT 10.0; Win64; x64) AppleWebKit/537.36 (KHTML, like Gecko) Chrome/103.0.5060.134 Safari/537.36"
2a0a:ef40:e97:de01:3c97:9148:8680:34fd - - [04/Apr/2025:05:15:53 -0400] "GET /convenient-london-airport-taxi-services-for-a-smooth-journey/ HTTP/1.1" 404 1251 "-" "Mozilla/5.0 (Windows NT 10.0; Win64; x64) AppleWebKit/537.36 (KHTML, like Gecko) Chrome/134.0.0.0 Safari/537.36"
95.142.47.113 - - [04/Apr/2025:05:17:31 -0400] "GET /how-to-win-at-gas-station-slots/ HTTP/1.1" 404 1251 "https://christianmantopoulos.com/how-to-win-at-gas-station-slots/#comment-7408/" "Mozilla/5.0 (Windows NT 10.0; Win64; x64) AppleWebKit/537.36 (KHTML, like Gecko) Chrome/129.0.0.0 Safari/537.36"
95.142.47.113 - - [04/Apr/2025:05:17:32 -0400] "GET / HTTP/1.1" 200 78024 "https://christianmantopoulos.com/" "Mozilla/5.0 (Windows NT 10.0; Win64; x64) AppleWebKit/537.36 (KHTML, like Gecko) Chrome/129.0.0.0 Safari/537.36"
95.142.47.113 - - [04/Apr/2025:05:17:33 -0400] "GET /how-to-win-at-gas-station-slots/ HTTP/1.1" 404 1251 "https://christianmantopoulos.com/how-to-win-at-gas-station-slots/#comment-7408/" "Mozilla/5.0 (Windows NT 10.0; Win64; x64) AppleWebKit/537.36 (KHTML, like Gecko) Chrome/129.0.0.0 Safari/537.36"
95.142.47.113 - - [04/Apr/2025:05:17:34 -0400] "GET / HTTP/1.1" 200 78024 "https://christianmantopoulos.com/" "Mozilla/5.0 (Windows NT 10.0; Win64; x64) AppleWebKit/537.36 (KHTML, like Gecko) Chrome/129.0.0.0 Safari/537.36"
95.142.47.113 - - [04/Apr/2025:05:17:35 -0400] "GET /how-to-win-at-gas-station-slots/ HTTP/1.1" 404 1251 "https://christianmantopoulos.com/how-to-win-at-gas-station-slots/#comment-7408/" "Mozilla/5.0 (Windows NT 10.0; Win64; x64) AppleWebKit/537.36 (KHTML, like Gecko) Chrome/129.0.0.0 Safari/537.36"
95.142.47.113 - - [04/Apr/2025:05:17:36 -0400] "GET / HTTP/1.1" 200 78024 "https://christianmantopoulos.com/" "Mozilla/5.0 (Windows NT 10.0; Win64; x64) AppleWebKit/537.36 (KHTML, like Gecko) Chrome/129.0.0.0 Safari/537.36"
95.142.47.113 - - [04/Apr/2025:05:17:37 -0400] "GET /how-to-win-at-gas-station-slots/ HTTP/1.1" 404 1251 "https://christianmantopoulos.com/how-to-win-at-gas-station-slots/#comment-7408/" "Mozilla/5.0 (Windows NT 10.0; Win64; x64) AppleWebKit/537.36 (KHTML, like Gecko) Chrome/129.0.0.0 Safari/537.36"
95.142.47.113 - - [04/Apr/2025:05:17:38 -0400] "GET / HTTP/1.1" 200 78024 "https://christianmantopoulos.com/" "Mozilla/5.0 (Windows NT 10.0; Win64; x64) AppleWebKit/537.36 (KHTML, like Gecko) Chrome/129.0.0.0 Safari/537.36"
52.167.144.191 - - [04/Apr/2025:05:19:29 -0400] "GET /team-kalmia/entry-12668683978.html HTTP/1.1" 404 1251 "-" "Mozilla/5.0 AppleWebKit/537.36 (KHTML, like Gecko; compatible; bingbot/2.0; +http://www.bing.com/bingbot.htm) Chrome/116.0.1938.76 Safari/537.36"
205.185.121.90 - - [04/Apr/2025:05:22:49 -0400] "GET / HTTP/1.1" 200 78024 "https://christianmantopoulos.com" "Mozilla/5.0 (Windows NT 10.0; Win64; x64) AppleWebKit/537.36 (KHTML, like Gecko) Chrome/58.0.3029.110 Safari/537.36"
205.185.121.90 - - [04/Apr/2025:05:22:52 -0400] "GET /wp-login.php HTTP/1.1" 200 1721 "https://christianmantopoulos.com" "Mozilla/5.0 (Windows NT 10.0; Win64; x64) AppleWebKit/537.36 (KHTML, like Gecko) Chrome/58.0.3029.110 Safari/537.36"
27.109.115.154 - - [04/Apr/2025:05:25:51 -0400] "GET /wp-login.php HTTP/1.1" 200 1721 "-" "Mozilla/5.0 (Windows NT 10.0) AppleWebKit/537.36 (KHTML, like Gecko) Chrome/102.0.5005.61 Safari/537.36"
198.54.114.83 - - [04/Apr/2025:05:25:56 -0400] "POST /wp-cron.php?doing_wp_cron=1743758755.7626729011535644531250 HTTP/1.1" 200 0 "-" "WordPress/6.7.2; https://christianmantopoulos.com"
27.109.115.154 - - [04/Apr/2025:05:25:52 -0400] "POST /wp-login.php HTTP/1.1" 200 1837 "https://christianmantopoulos.com/wp-login.php" "Mozilla/5.0 (Windows NT 10.0) AppleWebKit/537.36 (KHTML, like Gecko) Chrome/102.0.5005.61 Safari/537.36"
198.54.114.83 - - [04/Apr/2025:05:25:56 -0400] "POST /wp-admin/admin-ajax.php?action=async_litespeed&nonce=Ih4EpBn8dMKaKq4ClmgLXhoXM3S7Ecmt&litespeed_type=imgoptm HTTP/1.1" 200 0 "-" "WordPress/6.7.2; https://christianmantopoulos.com"
205.185.121.90 - - [04/Apr/2025:05:26:06 -0400] "GET / HTTP/1.1" 200 78024 "https://christianmantopoulos.com/login" "Mozilla/5.0 (Macintosh; Intel Mac OS X 10_12_6) AppleWebKit/537.36 (KHTML, like Gecko) Chrome/61.0.3163.100 Safari/537.36"
205.185.121.90 - - [04/Apr/2025:05:26:09 -0400] "GET /wp-login.php HTTP/1.1" 200 1721 "https://christianmantopoulos.com/login" "Mozilla/5.0 (Macintosh; Intel Mac OS X 10_12_6) AppleWebKit/537.36 (KHTML, like Gecko) Chrome/61.0.3163.100 Safari/537.36"
47.243.56.171 - - [04/Apr/2025:05:27:11 -0400] "HEAD / HTTP/1.1" 200 0 "-" "Mozilla/5.0 (Windows NT 6.3; Win64; x64) AppleWebKit/537.36 (KHTML, like Gecko) Chrome/79.0.2733.8 Safari/537.36"
47.243.56.171 - - [04/Apr/2025:05:27:11 -0400] "GET / HTTP/1.1" 200 78024 "-" "Mozilla/5.0 (Windows NT 6.3; Win64; x64) AppleWebKit/537.36 (KHTML, like Gecko) Chrome/79.0.2733.8 Safari/537.36"
198.98.62.50 - - [04/Apr/2025:05:29:53 -0400] "GET /wp-login.php HTTP/1.1" 200 1721 "-" "Mozilla/5.0 (X11; Ubuntu; Linux x86_64; rv:30.0) Gecko/20100101 Firefox/30.0"
198.54.114.83 - - [04/Apr/2025:05:29:58 -0400] "POST /wp-cron.php?doing_wp_cron=1743758998.1132109165191650390625 HTTP/1.1" 200 0 "-" "WordPress/6.7.2; https://christianmantopoulos.com"
198.98.62.50 - - [04/Apr/2025:05:29:53 -0400] "POST /wp-login.php HTTP/1.1" 200 1847 "-" "Mozilla/5.0 (X11; Ubuntu; Linux x86_64; rv:30.0) Gecko/20100101 Firefox/30.0"
198.54.114.83 - - [04/Apr/2025:05:29:58 -0400] "POST /wp-admin/admin-ajax.php?action=async_litespeed&nonce=PnFyo8TutaarqPL39knIIMNFruBysjWd&litespeed_type=imgoptm HTTP/1.1" 200 5 "-" "WordPress/6.7.2; https://christianmantopoulos.com"
198.98.62.50 - - [04/Apr/2025:05:33:03 -0400] "GET /wp-login.php HTTP/1.1" 200 1721 "-" "Mozilla/5.0 (compatible; MSIE 9.0; Windows NT 6.1; WOW64; Trident/5.0)"
198.54.114.83 - - [04/Apr/2025:05:33:07 -0400] "POST /wp-cron.php?doing_wp_cron=1743759186.8054270744323730468750 HTTP/1.1" 200 0 "-" "WordPress/6.7.2; https://christianmantopoulos.com"
198.98.62.50 - - [04/Apr/2025:05:33:03 -0400] "POST /wp-login.php HTTP/1.1" 200 1850 "-" "Mozilla/5.0 (compatible; MSIE 9.0; Windows NT 6.1; WOW64; Trident/5.0)"
198.54.114.83 - - [04/Apr/2025:05:33:07 -0400] "POST /wp-admin/admin-ajax.php?action=async_litespeed&nonce=fTsNCkufjAXfdOGBSsur6nG18PZGAFfM&litespeed_type=imgoptm HTTP/1.1" 200 5 "-" "WordPress/6.7.2; https://christianmantopoulos.com"
2a03:2880:f800:10:: - - [04/Apr/2025:05:38:17 -0400] "GET /applying-for-a-foreigner-loan/ HTTP/1.1" 404 1251 "-" "meta-externalagent/1.1 (+https://developers.facebook.com/docs/sharing/webmasters/crawler)"
185.191.171.1 - - [04/Apr/2025:05:41:18 -0400] "GET /robots.txt HTTP/1.1" 404 1251 "-" "Mozilla/5.0 (compatible; SemrushBot/7~bl; +http://www.semrush.com/bot.html)"
85.208.96.201 - - [04/Apr/2025:05:41:20 -0400] "GET /how-to-get-more-youtube-likes/ HTTP/1.1" 404 1251 "-" "Mozilla/5.0 (compatible; SemrushBot/7~bl; +http://www.semrush.com/bot.html)"
40.77.167.15 - - [04/Apr/2025:05:41:23 -0400] "GET /138.html HTTP/1.1" 404 1251 "-" "Mozilla/5.0 AppleWebKit/537.36 (KHTML, like Gecko; compatible; bingbot/2.0; +http://www.bing.com/bingbot.htm) Chrome/116.0.1938.76 Safari/537.36"
34.210.130.100 - - [04/Apr/2025:05:44:15 -0400] "GET /2024/07/page/3/ HTTP/1.1" 404 1251 "-" "Mozilla/5.0 (Windows NT 6.1; WOW64; rv:54.0) Gecko/20100101 Firefox/54.0"
18.236.101.48 - - [04/Apr/2025:05:45:29 -0400] "GET /moderne-hangeleuchten/ HTTP/1.1" 404 1251 "-" "Mozilla/5.0 (Macintosh; PPC Mac OS X 10.11; rv:47.0) Gecko/20100101 Firefox/47.0"
91.222.174.85 - - [04/Apr/2025:05:46:05 -0400] "GET / HTTP/1.1" 200 78024 "-" "Mozilla/5.0 (Knoppix; Linux x86_64; rv:123.0) Gecko/20100101 Firefox/123.0"
66.249.68.131 - - [04/Apr/2025:05:46:21 -0400] "GET /the-history-of-the-english-language/ HTTP/1.1" 404 1251 "-" "Mozilla/5.0 (Linux; Android 6.0.1; Nexus 5X Build/MMB29P) AppleWebKit/537.36 (KHTML, like Gecko) Chrome/134.0.6998.165 Mobile Safari/537.36 (compatible; Googlebot/2.1; +http://www.google.com/bot.html)"
217.77.10.191 - - [04/Apr/2025:05:53:02 -0400] "GET /wp-login.php HTTP/1.1" 200 1721 "-" "GRequests/0.10"
198.54.114.83 - - [04/Apr/2025:05:53:04 -0400] "POST /wp-cron.php?doing_wp_cron=1743760384.6825339794158935546875 HTTP/1.1" 200 0 "-" "WordPress/6.7.2; https://christianmantopoulos.com"
217.77.10.191 - - [04/Apr/2025:05:53:02 -0400] "POST /wp-login.php HTTP/1.1" 200 1847 "-" "GRequests/0.10"
198.54.114.83 - - [04/Apr/2025:05:53:05 -0400] "POST /wp-admin/admin-ajax.php?action=async_litespeed&nonce=ocHBTydNo45UJoiX5vLYbSQysV9kBAxe&litespeed_type=imgoptm HTTP/1.1" 200 5 "-" "WordPress/6.7.2; https://christianmantopoulos.com"
2001:41d0:303:f031::8 - - [04/Apr/2025:05:56:26 -0400] "GET /wp-login.php HTTP/1.1" 200 1721 "-" "GRequests/0.10"
198.54.114.83 - - [04/Apr/2025:05:56:29 -0400] "POST /wp-cron.php?doing_wp_cron=1743760589.2819490432739257812500 HTTP/1.1" 200 0 "-" "WordPress/6.7.2; https://christianmantopoulos.com"
2001:41d0:303:f031::8 - - [04/Apr/2025:05:56:26 -0400] "POST /wp-login.php HTTP/1.1" 200 1850 "-" "GRequests/0.10"
198.54.114.83 - - [04/Apr/2025:05:56:29 -0400] "POST /wp-admin/admin-ajax.php?action=async_litespeed&nonce=nuzViQdQ1K1qAchFRJfLQAG3361yNuAU&litespeed_type=imgoptm HTTP/1.1" 200 5 "-" "WordPress/6.7.2; https://christianmantopoulos.com"
52.167.144.172 - - [04/Apr/2025:05:56:41 -0400] "GET /3-bar HTTP/1.1" 404 1251 "-" "Mozilla/5.0 AppleWebKit/537.36 (KHTML, like Gecko; compatible; bingbot/2.0; +http://www.bing.com/bingbot.htm) Chrome/116.0.1938.76 Safari/537.36"
27.42.64.13 - - [04/Apr/2025:06:00:58 -0400] "GET /automotive-locksmith-chicago/ HTTP/1.1" 404 1251 "https://christianmantopoulos.com" "Mozilla/5.0 (Windows NT 10.0; Win64; x64) AppleWebKit/537.36 (KHTML, like Gecko) Chrome/62.0.3202.94 Safari/537.36"
27.42.64.13 - - [04/Apr/2025:06:01:02 -0400] "GET /automotive-locksmith-chicago/ HTTP/1.1" 404 1251 "https://christianmantopoulos.com" "Mozilla/5.0 (Windows NT 10.0; Win64; x64) AppleWebKit/537.36 (KHTML, like Gecko) Chrome/62.0.3202.94 Safari/537.36"
27.42.64.13 - - [04/Apr/2025:06:01:05 -0400] "GET /automotive-locksmith-chicago/ HTTP/1.1" 404 1251 "https://christianmantopoulos.com" "Mozilla/5.0 (Windows NT 10.0; Win64; x64) AppleWebKit/537.36 (KHTML, like Gecko) Chrome/62.0.3202.94 Safari/537.36"
27.42.64.13 - - [04/Apr/2025:06:01:13 -0400] "GET /automotive-locksmith-chicago/ HTTP/1.1" 404 1251 "https://christianmantopoulos.com" "Mozilla/5.0 (Windows NT 10.0; Win64; x64) AppleWebKit/537.36 (KHTML, like Gecko) Chrome/62.0.3202.94 Safari/537.36"
52.167.144.184 - - [04/Apr/2025:06:02:16 -0400] "GET /kakaku.html HTTP/1.1" 404 1251 "-" "Mozilla/5.0 AppleWebKit/537.36 (KHTML, like Gecko; compatible; bingbot/2.0; +http://www.bing.com/bingbot.htm) Chrome/116.0.1938.76 Safari/537.36"
185.191.171.5 - - [04/Apr/2025:06:07:05 -0400] "GET /lilo-stitch-hoodies/ HTTP/1.1" 404 1251 "-" "Mozilla/5.0 (compatible; SemrushBot/7~bl; +http://www.semrush.com/bot.html)"
8.210.176.195 - - [04/Apr/2025:06:07:46 -0400] "HEAD / HTTP/1.1" 200 0 "-" "Mozilla/5.0 (Windows NT 6.0; Win64; x64) AppleWebKit/537.36 (KHTML, like Gecko) Chrome/67.0.3343.170 Safari/537.36"
8.210.176.195 - - [04/Apr/2025:06:07:46 -0400] "GET / HTTP/1.1" 200 78024 "-" "Mozilla/5.0 (Windows NT 6.0; Win64; x64) AppleWebKit/537.36 (KHTML, like Gecko) Chrome/67.0.3343.170 Safari/537.36"
136.243.228.178 - - [04/Apr/2025:06:09:01 -0400] "GET /casino-doubledown/ HTTP/1.1" 404 1251 "-" "Mozilla/5.0 (compatible; DataForSeoBot/1.0; +https://dataforseo.com/dataforseo-bot)"
191.109.68.102 - - [04/Apr/2025:06:09:34 -0400] "GET / HTTP/1.1" 200 78024 "-" "Google"
34.215.140.46 - - [04/Apr/2025:06:10:56 -0400] "GET /enhanced-reading-experience/ HTTP/1.1" 404 1251 "-" "Mozilla/5.0 (X11; Linux x86_64; rv:46.0) Gecko/20100101 Firefox/46.0"
52.167.144.188 - - [04/Apr/2025:06:10:58 -0400] "GET /xianggangju/jiejueshi HTTP/1.1" 404 1251 "-" "Mozilla/5.0 AppleWebKit/537.36 (KHTML, like Gecko; compatible; bingbot/2.0; +http://www.bing.com/bingbot.htm) Chrome/116.0.1938.76 Safari/537.36"
34.215.101.215 - - [04/Apr/2025:06:13:09 -0400] "GET /the-convenience-and-benefits-of-buying-prescription-glasses-online/ HTTP/1.1" 404 1251 "-" "Mozilla/5.0 (X11; Linux i686; rv:50.0) Gecko/20100101 Firefox/50.0"
52.37.103.159 - - [04/Apr/2025:06:14:45 -0400] "GET /hot-cold-water-dispensers/ HTTP/1.1" 404 1251 "-" "Mozilla/5.0 (X11; Linux i686 on x86_64; rv:48.0) Gecko/20100101 Firefox/48.0"
40.77.167.55 - - [04/Apr/2025:06:15:44 -0400] "GET /top/genki/genki.html HTTP/1.1" 404 1251 "-" "Mozilla/5.0 AppleWebKit/537.36 (KHTML, like Gecko; compatible; bingbot/2.0; +http://www.bing.com/bingbot.htm) Chrome/116.0.1938.76 Safari/537.36"
71.40.108.36 - - [04/Apr/2025:06:16:09 -0400] "GET /wp-login.php HTTP/1.1" 200 1721 "-" "GRequests/0.10"
198.54.114.83 - - [04/Apr/2025:06:16:11 -0400] "POST /wp-cron.php?doing_wp_cron=1743761771.6382110118865966796875 HTTP/1.1" 200 0 "-" "WordPress/6.7.2; https://christianmantopoulos.com"
71.40.108.36 - - [04/Apr/2025:06:16:09 -0400] "POST /wp-login.php HTTP/1.1" 200 1877 "-" "GRequests/0.10"
198.54.114.83 - - [04/Apr/2025:06:16:12 -0400] "POST /wp-admin/admin-ajax.php?action=async_litespeed&nonce=Zje0pjFKDTRwXVlby6OoxqATpATak5ko&litespeed_type=imgoptm HTTP/1.1" 200 5 "-" "WordPress/6.7.2; https://christianmantopoulos.com"
34.217.179.235 - - [04/Apr/2025:06:16:53 -0400] "GET /the-benefits-of-instant-hot-and-cold-water-dispensers/ HTTP/1.1" 404 1251 "-" "Mozilla/5.0 (Macintosh; PPC Mac OS X 10.11; rv:47.0) Gecko/20100101 Firefox/47.0"
40.77.167.55 - - [04/Apr/2025:06:17:14 -0400] "GET /news/detail/2513413.html HTTP/1.1" 404 1251 "-" "Mozilla/5.0 AppleWebKit/537.36 (KHTML, like Gecko; compatible; bingbot/2.0; +http://www.bing.com/bingbot.htm) Chrome/116.0.1938.76 Safari/537.36"
34.193.2.57 - - [04/Apr/2025:06:17:23 -0400] "GET /must-follow-designer-purse-blogs/ HTTP/1.1" 404 1251 "-" "Mozilla/5.0 AppleWebKit/537.36 (KHTML, like Gecko; compatible; Amazonbot/0.1; +https://developer.amazon.com/support/amazonbot) Chrome/119.0.6045.214 Safari/537.36"
35.90.12.72 - - [04/Apr/2025:06:18:19 -0400] "GET /the-essential-role-of-breast-pumps-for-new-mothers/ HTTP/1.1" 404 1251 "-" "Mozilla/5.0 (X11; Linux i686 on x86_64; rv:50.0) Gecko/20100101 Firefox/50.0"
54.185.226.254 - - [04/Apr/2025:06:19:56 -0400] "GET /the-ultimate-guide-to-glasses-a-comprehensive-overview/ HTTP/1.1" 404 1251 "-" "Mozilla/5.0 (Macintosh; PPC Mac OS X 10.11; rv:55.0) Gecko/20100101 Firefox/55.0"
85.208.96.199 - - [04/Apr/2025:06:20:38 -0400] "GET /aglio-olio-e-peperoncino-prodotti-tipici/ HTTP/1.1" 404 1251 "-" "Mozilla/5.0 (compatible; SemrushBot/7~bl; +http://www.semrush.com/bot.html)"
52.167.144.166 - - [04/Apr/2025:06:25:50 -0400] "GET /archives/10223350.html HTTP/1.1" 404 1251 "-" "Mozilla/5.0 AppleWebKit/537.36 (KHTML, like Gecko; compatible; bingbot/2.0; +http://www.bing.com/bingbot.htm) Chrome/116.0.1938.76 Safari/537.36"
85.208.96.210 - - [04/Apr/2025:06:26:23 -0400] "GET /how-to-use-a-pressure-washer-safely/ HTTP/1.1" 404 1251 "-" "Mozilla/5.0 (compatible; SemrushBot/7~bl; +http://www.semrush.com/bot.html)"
52.167.144.171 - - [04/Apr/2025:06:26:46 -0400] "GET /team-kalmia/entry-12677411548.html HTTP/1.1" 404 1251 "-" "Mozilla/5.0 AppleWebKit/537.36 (KHTML, like Gecko; compatible; bingbot/2.0; +http://www.bing.com/bingbot.htm) Chrome/116.0.1938.76 Safari/537.36"
185.191.171.17 - - [04/Apr/2025:06:27:18 -0400] "GET /real-estate-investing-from-fear-to-focus/ HTTP/1.1" 404 1251 "-" "Mozilla/5.0 (compatible; SemrushBot/7~bl; +http://www.semrush.com/bot.html)"
66.249.68.129 - - [04/Apr/2025:06:27:35 -0400] "GET /chinas-zt-online-actions-away-from-rmt-earns-due-to-a-good-deal-due-to-make-an-impression-on-in-spite-of-everything/ HTTP/1.1" 404 1251 "-" "Mozilla/5.0 (Linux; Android 6.0.1; Nexus 5X Build/MMB29P) AppleWebKit/537.36 (KHTML, like Gecko) Chrome/134.0.6998.165 Mobile Safari/537.36 (compatible; GoogleOther)"
35.90.3.193 - - [04/Apr/2025:06:29:22 -0400] "GET /kakemono-exterieur/ HTTP/1.1" 404 1251 "-" "Mozilla/5.0 (Windows NT 6.1; WOW64; rv:51.0) Gecko/20100101 Firefox/51.0"
66.249.68.131 - - [04/Apr/2025:06:30:03 -0400] "GET /archive HTTP/1.1" 404 1251 "-" "Googlebot/2.1 (+http://www.google.com/bot.html)"
52.167.144.138 - - [04/Apr/2025:06:33:04 -0400] "GET /?s=%E6%9C%80%E6%96%B0%E3%81%AECISA-KR+%E8%A9%A6%E9%A8%93%E8%A7%A3%E8%AA%AC+-+%E5%90%88%E6%A0%BC%E3%82%B9%E3%83%A0%E3%83%BC%E3%82%BACISA-KR+%E5%8F%97%E9%A8%93%E5%AF%BE%E7%AD%96+%7C+%E3%83%8F%E3%82%A4%E3%83%91%E3%82%B9%E3%83%AC%E3%83%BC%E3%83%88%E3%81%AECISA-KR+%E8%AA%8D%E5%AE%9A%E8%B3%87%E6%A0%BC%E8%A9%A6%E9%A8%93%E5%95%8F%E9%A1%8C%E9%9B%86+%E2%99%BF+%E2%87%9B+CISA-KR+%E2%87%9A%E3%82%92%E7%84%A1%E6%96%99%E3%81%A7%E3%83%80%E3%82%A6%E3%83%B3%E3%83%AD%E3%83%BC%E3%83%89%E2%87%9B+www.goshiken.com+%E2%87%9A%E3%82%A6%E3%82%A7%E3%83%96%E3%82%B5%E3%82%A4%E3%83%88%E3%82%92%E5%85%A5%E5%8A%9B%E3%81%99%E3%82%8B%E3%81%A0%E3%81%91CISA-KR%E5%90%88%E6%A0%BC%E5%86%85%E5%AE%B9 HTTP/1.1" 200 78024 "-" "Mozilla/5.0 AppleWebKit/537.36 (KHTML, like Gecko; compatible; bingbot/2.0; +http://www.bing.com/bingbot.htm) Chrome/116.0.1938.76 Safari/537.36"
198.98.48.90 - - [04/Apr/2025:06:33:43 -0400] "GET /wp-login.php HTTP/1.1" 200 1721 "-" "Mozilla/5.0 (Windows NT 6.1; Trident/7.0; rv:11.0) like Gecko"
198.54.114.83 - - [04/Apr/2025:06:34:57 -0400] "POST /wp-cron.php?doing_wp_cron=1743762896.8129780292510986328125 HTTP/1.1" 200 0 "-" "WordPress/6.7.2; https://christianmantopoulos.com"
198.98.48.90 - - [04/Apr/2025:06:34:54 -0400] "POST /wp-login.php HTTP/1.1" 200 1877 "-" "Mozilla/5.0 (Windows NT 6.1; Trident/7.0; rv:11.0) like Gecko"
198.54.114.83 - - [04/Apr/2025:06:34:57 -0400] "POST /wp-admin/admin-ajax.php?action=async_litespeed&nonce=qEVWHmYojZK5PuUwYYexi6JSfNAGqJMk&litespeed_type=imgoptm HTTP/1.1" 200 5 "-" "WordPress/6.7.2; https://christianmantopoulos.com"
45.61.187.186 - - [04/Apr/2025:06:42:39 -0400] "GET /wp-login.php HTTP/1.1" 200 1721 "-" "Mozilla/5.0 (Macintosh; Intel Mac OS X 10.8; rv:30.0) Gecko/20100101 Firefox/30.0"
198.54.114.83 - - [04/Apr/2025:06:42:54 -0400] "POST /wp-cron.php?doing_wp_cron=1743763373.6489050388336181640625 HTTP/1.1" 200 0 "-" "WordPress/6.7.2; https://christianmantopoulos.com"
45.61.187.186 - - [04/Apr/2025:06:42:50 -0400] "POST /wp-login.php HTTP/1.1" 200 1850 "-" "Mozilla/5.0 (Macintosh; Intel Mac OS X 10.8; rv:30.0) Gecko/20100101 Firefox/30.0"
198.54.114.83 - - [04/Apr/2025:06:42:55 -0400] "POST /wp-admin/admin-ajax.php?action=async_litespeed&nonce=lE1UgE7EENl5HH7QXPOfNDE4nKfjmlTa&litespeed_type=imgoptm HTTP/1.1" 200 0 "-" "WordPress/6.7.2; https://christianmantopoulos.com"
45.33.33.87 - - [04/Apr/2025:06:43:15 -0400] "GET /wp-login.php HTTP/1.1" 200 1721 "-" "ReactorNetty/1.2.3"
40.77.167.64 - - [04/Apr/2025:06:43:26 -0400] "GET /e10855252.html HTTP/1.1" 404 1251 "-" "Mozilla/5.0 AppleWebKit/537.36 (KHTML, like Gecko; compatible; bingbot/2.0; +http://www.bing.com/bingbot.htm) Chrome/116.0.1938.76 Safari/537.36"
45.33.33.87 - - [04/Apr/2025:06:43:47 -0400] "GET /wp-login.php HTTP/1.1" 200 1721 "-" "ReactorNetty/1.2.3"
45.33.33.87 - - [04/Apr/2025:06:44:18 -0400] "GET /wp-login.php HTTP/1.1" 200 1721 "-" "ReactorNetty/1.2.3"
45.33.33.87 - - [04/Apr/2025:06:44:49 -0400] "GET /wp-login.php HTTP/1.1" 200 1721 "-" "ReactorNetty/1.2.3"
209.141.33.127 - - [04/Apr/2025:06:48:31 -0400] "GET /wp-login.php HTTP/1.1" 200 1721 "-" "Mozilla/5.0 (Macintosh; Intel Mac OS X 10_9_3) AppleWebKit/537.76.4 (KHTML, like Gecko) Version/7.0.4 Safari/537.76.4"
198.54.114.83 - - [04/Apr/2025:06:48:34 -0400] "POST /wp-cron.php?doing_wp_cron=1743763714.4616219997406005859375 HTTP/1.1" 200 0 "-" "WordPress/6.7.2; https://christianmantopoulos.com"
209.141.33.127 - - [04/Apr/2025:06:48:31 -0400] "POST /wp-login.php HTTP/1.1" 200 1847 "-" "Mozilla/5.0 (Macintosh; Intel Mac OS X 10_9_3) AppleWebKit/537.76.4 (KHTML, like Gecko) Version/7.0.4 Safari/537.76.4"
198.54.114.83 - - [04/Apr/2025:06:48:35 -0400] "POST /wp-admin/admin-ajax.php?action=async_litespeed&nonce=FbbzFNvYxb74g8mYeNdUhQejuojIEjsA&litespeed_type=imgoptm HTTP/1.1" 200 5 "-" "WordPress/6.7.2; https://christianmantopoulos.com"
147.53.122.221 - - [04/Apr/2025:06:48:49 -0400] "GET /thailand-elite-how-to-become-a-member HTTP/1.1" 404 1251 "-" "Mozilla/5.0 (Windows NT 10.0; WOW64) AppleWebKit/537.36 (KHTML, like Gecko) Chrome/114.0.0.0 Safari/537.36"
147.53.122.221 - - [04/Apr/2025:06:48:50 -0400] "GET / HTTP/1.1" 200 78024 "-" "Mozilla/5.0 (Windows NT 10.0; WOW64) AppleWebKit/537.36 (KHTML, like Gecko) Chrome/114.0.0.0 Safari/537.36"
124.243.176.92 - - [04/Apr/2025:06:52:16 -0400] "GET /the-best-pick-up-lines/ HTTP/1.1" 404 1251 "https://christianmantopoulos.com/the-best-pick-up-lines/" "Mozilla/5.0 (Windows NT 10.0; Win64; x64) AppleWebKit/537.36 (KHTML, like Gecko) Chrome/101.0.4951.64 Safari/537.36 Edg/101.0.1210.47"
198.98.61.49 - - [04/Apr/2025:06:53:45 -0400] "GET /wp-login.php HTTP/1.1" 200 1721 "-" "Mozilla/5.0 (Windows NT 6.0) AppleWebKit/537.36 (KHTML, like Gecko) Chrome/36.0.1985.125 Safari/537.36"
198.98.61.49 - - [04/Apr/2025:06:53:45 -0400] "POST /wp-login.php HTTP/1.1" 200 1847 "-" "Mozilla/5.0 (Windows NT 6.0) AppleWebKit/537.36 (KHTML, like Gecko) Chrome/36.0.1985.125 Safari/537.36"
198.54.114.83 - - [04/Apr/2025:06:53:49 -0400] "POST /wp-cron.php?doing_wp_cron=1743764028.3017699718475341796875 HTTP/1.1" 200 0 "-" "WordPress/6.7.2; https://christianmantopoulos.com"
34.210.130.100 - - [04/Apr/2025:06:56:52 -0400] "GET /the-rise-of-retro-bowl-6x/ HTTP/1.1" 404 1251 "-" "Mozilla/5.0 (Windows NT 6.1; WOW64; rv:47.0) Gecko/20100101 Firefox/47.0"
34.218.230.101 - - [04/Apr/2025:06:57:30 -0400] "GET /hot-and-cold-water-dispensers/ HTTP/1.1" 404 1251 "-" "Mozilla/5.0 (Windows NT 6.1; WOW64; rv:52.0) Gecko/20100101 Firefox/52.0"
40.77.167.159 - - [04/Apr/2025:07:00:14 -0400] "GET /shop_lion HTTP/1.1" 404 1251 "-" "Mozilla/5.0 AppleWebKit/537.36 (KHTML, like Gecko; compatible; bingbot/2.0; +http://www.bing.com/bingbot.htm) Chrome/116.0.1938.76 Safari/537.36"
85.208.96.203 - - [04/Apr/2025:07:00:18 -0400] "GET /robots.txt HTTP/1.1" 404 1251 "-" "Mozilla/5.0 (compatible; SemrushBot/7~bl; +http://www.semrush.com/bot.html)"
