110.249.201.207 - - [01/Apr/2025:14:31:41 -0400] "GET /2023/09/ HTTP/1.1" 404 1251 "-" "Mozilla/5.0 (Linux; Android 5.0) AppleWebKit/537.36 (KHTML, like Gecko) Mobile Safari/537.36 (compatible; Bytespider; https://zhanzhang.toutiao.com/)"
110.249.202.115 - - [01/Apr/2025:14:32:04 -0400] "GET /page/37/ HTTP/1.1" 404 1251 "-" "Mozilla/5.0 (Linux; Android 5.0) AppleWebKit/537.36 (KHTML, like Gecko) Mobile Safari/537.36 (compatible; Bytespider; https://zhanzhang.toutiao.com/)"
111.225.148.10 - - [01/Apr/2025:14:32:31 -0400] "GET /2024/page/76/ HTTP/1.1" 404 1251 "-" "Mozilla/5.0 (Linux; Android 5.0) AppleWebKit/537.36 (KHTML, like Gecko) Mobile Safari/537.36 (compatible; Bytespider; https://zhanzhang.toutiao.com/)"
111.225.148.39 - - [01/Apr/2025:14:32:57 -0400] "GET /page/15/ HTTP/1.1" 404 1251 "-" "Mozilla/5.0 (Linux; Android 5.0) AppleWebKit/537.36 (KHTML, like Gecko) Mobile Safari/537.36 (compatible; Bytespider; https://zhanzhang.toutiao.com/)"
110.249.201.72 - - [01/Apr/2025:14:33:49 -0400] "GET /2024/page/77/ HTTP/1.1" 404 1251 "-" "Mozilla/5.0 (Linux; Android 5.0) AppleWebKit/537.36 (KHTML, like Gecko) Mobile Safari/537.36 (compatible; Bytespider; https://zhanzhang.toutiao.com/)"
198.54.114.83 - - [01/Apr/2025:14:36:05 -0400] "POST /wp-cron.php?doing_wp_cron=1743532564.3090689182281494140625 HTTP/1.1" 200 0 "-" "WordPress/6.7.2; https://economiciorologi.com"
45.164.92.132 - - [01/Apr/2025:14:35:59 -0400] "POST /xmlrpc.php HTTP/1.1" 200 205 "-" "Mozilla/5.0 (X11; Fedora; Linux x86_64; rv:94.0) Gecko/20100101 Firefox/95.0"
198.54.114.83 - - [01/Apr/2025:14:36:07 -0400] "POST /wp-admin/admin-ajax.php?action=async_litespeed&nonce=15a4ezTjRKnt14qaJBkJ6EGQRBMjeb21&litespeed_type=imgoptm HTTP/1.1" 200 0 "-" "WordPress/6.7.2; https://economiciorologi.com"
185.191.171.2 - - [01/Apr/2025:14:37:52 -0400] "GET /choosing-a-reliable-private-security-guard-company-for-your-safety/ HTTP/1.1" 404 1251 "-" "Mozilla/5.0 (compatible; SemrushBot/7~bl; +http://www.semrush.com/bot.html)"
45.87.68.155 - - [01/Apr/2025:14:40:23 -0400] "GET /fenbendazole-powder-2/ HTTP/1.1" 404 1251 "-" "Mozilla/5.0 (Windows NT 10.0; WOW64; x64) AppleWebKit/537.36 (KHTML, like Gecko) Chrome/114.0.0.0 Safari/537.36 OPR/89.0.4447.51"
45.87.68.155 - - [01/Apr/2025:14:40:24 -0400] "GET / HTTP/1.1" 200 156270 "-" "Mozilla/5.0 (Windows NT 10.0; WOW64; x64) AppleWebKit/537.36 (KHTML, like Gecko) Chrome/114.0.0.0 Safari/537.36 OPR/89.0.4447.51"
45.87.68.155 - - [01/Apr/2025:14:40:26 -0400] "GET /dp/B0D3RN5W37?ref=MarsFS_VICC_blinksqm HTTP/1.1" 404 1251 "https://economiciorologi.com" "Mozilla/5.0 (Windows NT 10.0; WOW64; x64) AppleWebKit/537.36 (KHTML, like Gecko) Chrome/114.0.0.0 Safari/537.36 OPR/89.0.4447.51"
45.87.68.155 - - [01/Apr/2025:14:40:28 -0400] "GET / HTTP/1.1" 200 156270 "https://economiciorologi.com" "Mozilla/5.0 (Windows NT 10.0; WOW64; x64) AppleWebKit/537.36 (KHTML, like Gecko) Chrome/114.0.0.0 Safari/537.36 OPR/89.0.4447.51"
185.191.171.12 - - [01/Apr/2025:14:42:48 -0400] "GET /2024/page/35/ HTTP/1.1" 404 1251 "-" "Mozilla/5.0 (compatible; SemrushBot/7~bl; +http://www.semrush.com/bot.html)"
198.54.114.83 - - [01/Apr/2025:14:43:00 -0400] "POST /wp-cron.php?doing_wp_cron=1743532979.9250810146331787109375 HTTP/1.1" 200 0 "-" "WordPress/6.7.2; https://economiciorologi.com"
45.195.25.32 - - [01/Apr/2025:14:42:57 -0400] "POST /xmlrpc.php HTTP/1.1" 200 205 "-" "Mozilla/5.0 (X11; Fedora; Linux x86_64; rv:94.0) Gecko/20100101 Firefox/95.0"
198.54.114.83 - - [01/Apr/2025:14:43:00 -0400] "POST /wp-admin/admin-ajax.php?action=async_litespeed&nonce=RAacDQ3jSlLnGK3qydd7XZsdX9Czv0zj&litespeed_type=imgoptm HTTP/1.1" 200 5 "-" "WordPress/6.7.2; https://economiciorologi.com"
207.46.13.54 - - [01/Apr/2025:14:44:37 -0400] "GET /rechtsanwalt-die-rolle-eines-anwalts-in-der-deutschen-rechtsprechung/ HTTP/1.1" 404 1251 "-" "Mozilla/5.0 AppleWebKit/537.36 (KHTML, like Gecko; compatible; bingbot/2.0; +http://www.bing.com/bingbot.htm) Chrome/116.0.1938.76 Safari/537.36"
24.249.199.4 - - [01/Apr/2025:14:45:46 -0400] "GET /mypopsox/ HTTP/1.1" 404 1251 "-" "Mozilla/5.0 (X11; Fedora; Linux x86_64; rv:114.0) Gecko/20100101 Firefox/114.0"
24.249.199.4 - - [01/Apr/2025:14:45:50 -0400] "GET / HTTP/1.1" 200 156270 "-" "Mozilla/5.0 (X11; Fedora; Linux x86_64; rv:114.0) Gecko/20100101 Firefox/114.0"
185.191.171.5 - - [01/Apr/2025:14:47:28 -0400] "GET /discovering-the-magic-of-rainbow-riches-casinos/ HTTP/1.1" 404 1251 "-" "Mozilla/5.0 (compatible; SemrushBot/7~bl; +http://www.semrush.com/bot.html)"
98.181.137.80 - - [01/Apr/2025:14:47:32 -0400] "GET / HTTP/1.1" 200 156270 "-" "Mozilla/5.0 (X11; Fedora; Linux x86_64; rv:114.0) Gecko/20100101 Firefox/114.0"
98.181.137.80 - - [01/Apr/2025:14:48:03 -0400] "GET /dp/B0D3RN5W37?ref=MarsFS_VICC_blinksqm HTTP/1.1" 404 1251 "https://economiciorologi.com" "Mozilla/5.0 (X11; Fedora; Linux x86_64; rv:114.0) Gecko/20100101 Firefox/114.0"
98.181.137.80 - - [01/Apr/2025:14:48:08 -0400] "GET / HTTP/1.1" 200 156270 "https://economiciorologi.com" "Mozilla/5.0 (X11; Fedora; Linux x86_64; rv:114.0) Gecko/20100101 Firefox/114.0"
185.191.171.15 - - [01/Apr/2025:14:50:10 -0400] "GET /2024/page/5/ HTTP/1.1" 404 1251 "-" "Mozilla/5.0 (compatible; SemrushBot/7~bl; +http://www.semrush.com/bot.html)"
198.54.114.83 - - [01/Apr/2025:14:50:16 -0400] "POST /wp-cron.php?doing_wp_cron=1743533415.2036380767822265625000 HTTP/1.1" 200 0 "-" "WordPress/6.7.2; https://economiciorologi.com"
67.205.22.124 - - [01/Apr/2025:14:50:10 -0400] "POST /xmlrpc.php HTTP/1.1" 200 205 "-" "Mozilla/5.0 (X11; Fedora; Linux x86_64; rv:94.0) Gecko/20100101 Firefox/95.0"
17.241.227.148 - - [01/Apr/2025:14:51:32 -0400] "GET /the-fire-fighting-floating-pump/ HTTP/1.1" 404 1251 "-" "Mozilla/5.0 (Macintosh; Intel Mac OS X 10_15_7) AppleWebKit/605.1.15 (KHTML, like Gecko) Version/17.4 Safari/605.1.15 (Applebot/0.1; +http://www.apple.com/go/applebot)"
58.254.68.93 - - [01/Apr/2025:14:52:30 -0400] "GET /easter-bowl-2008/ HTTP/1.1" 404 1251 "https://economiciorologi.com" "Mozilla/5.0 (Windows NT 10.0; Win64; x64) AppleWebKit/537.36 (KHTML, like Gecko) Chrome/62.0.3202.94 Safari/537.36"
58.254.68.93 - - [01/Apr/2025:14:52:34 -0400] "GET /easter-bowl-2008/ HTTP/1.1" 404 1251 "https://economiciorologi.com" "Mozilla/5.0 (Windows NT 10.0; Win64; x64) AppleWebKit/537.36 (KHTML, like Gecko) Chrome/62.0.3202.94 Safari/537.36"
58.254.68.93 - - [01/Apr/2025:14:52:36 -0400] "GET /easter-bowl-2008/ HTTP/1.1" 404 1251 "https://economiciorologi.com" "Mozilla/5.0 (Windows NT 10.0; Win64; x64) AppleWebKit/537.36 (KHTML, like Gecko) Chrome/62.0.3202.94 Safari/537.36"
58.254.68.93 - - [01/Apr/2025:14:52:38 -0400] "GET /easter-bowl-2008/ HTTP/1.1" 404 1251 "https://economiciorologi.com" "Mozilla/5.0 (Windows NT 10.0; Win64; x64) AppleWebKit/537.36 (KHTML, like Gecko) Chrome/62.0.3202.94 Safari/537.36"
77.238.237.38 - - [01/Apr/2025:14:54:45 -0400] "GET /crafting-elegance-the-essence-of-a-wedding-suit/ HTTP/1.1" 404 1251 "https://economiciorologi.com/crafting-elegance-the-essence-of-a-wedding-suit/" "Mozilla/5.0 (Windows NT 10.0; Win64; x64) AppleWebKit/537.36 (KHTML, like Gecko) Chrome/131.0.0.0 Safari/537.36 Avast/131.0.0.0"
77.238.237.38 - - [01/Apr/2025:14:54:46 -0400] "GET / HTTP/1.1" 200 156270 "https://economiciorologi.com/" "Mozilla/5.0 (Windows NT 10.0; Win64; x64) AppleWebKit/537.36 (KHTML, like Gecko) Chrome/131.0.0.0 Safari/537.36 Avast/131.0.0.0"
85.208.98.22 - - [01/Apr/2025:14:56:02 -0400] "GET /dental-equipment-suppliers-in-the-uk/ HTTP/1.1" 404 1251 "-" "Mozilla/5.0 (compatible; SemrushBot-BA; +http://www.semrush.com/bot.html)"
17.241.227.212 - - [01/Apr/2025:15:08:37 -0400] "GET /where-to-buy-cbd-in-the-uk/ HTTP/1.1" 404 1251 "-" "Mozilla/5.0 (Macintosh; Intel Mac OS X 10_15_7) AppleWebKit/605.1.15 (KHTML, like Gecko) Version/17.4 Safari/605.1.15 (Applebot/0.1; +http://www.apple.com/go/applebot)"
85.208.96.199 - - [01/Apr/2025:15:11:12 -0400] "GET /why-buy-youtube-shares/ HTTP/1.1" 404 1251 "-" "Mozilla/5.0 (compatible; SemrushBot/7~bl; +http://www.semrush.com/bot.html)"
85.208.96.197 - - [01/Apr/2025:15:17:41 -0400] "GET /choosing-the-right-breast-pump-for-your-needs/ HTTP/1.1" 404 1251 "-" "Mozilla/5.0 (compatible; SemrushBot/7~bl; +http://www.semrush.com/bot.html)"
198.54.114.83 - - [01/Apr/2025:15:18:38 -0400] "POST /wp-cron.php?doing_wp_cron=1743535118.1076049804687500000000 HTTP/1.1" 200 0 "-" "WordPress/6.7.2; https://economiciorologi.com"
3.220.159.34 - - [01/Apr/2025:15:18:34 -0400] "POST /wp-login.php HTTP/1.1" 200 1852 "-" "Mozilla/5.0 (Windows NT 10.0; Win64; x64) AppleWebKit/537.36 (KHTML, like Gecko) Chrome/120.0.0.0 Safari/537.36"
198.54.114.83 - - [01/Apr/2025:15:18:39 -0400] "POST /wp-admin/admin-ajax.php?action=async_litespeed&nonce=BFmnetOivFC94KlRpzPCSjL5yE6GvfcV&litespeed_type=imgoptm HTTP/1.1" 200 5 "-" "WordPress/6.7.2; https://economiciorologi.com"
198.54.114.83 - - [01/Apr/2025:15:20:10 -0400] "POST /wp-admin/admin-ajax.php?action=async_litespeed&nonce=d9eopsVdRCHKx8QNusEw1bfGXBYlKfgj&litespeed_type=imgoptm HTTP/1.1" 200 5 "-" "WordPress/6.7.2; https://economiciorologi.com"
85.208.96.210 - - [01/Apr/2025:15:23:52 -0400] "GET /author/jorge/page/132/ HTTP/1.1" 404 1251 "-" "Mozilla/5.0 (compatible; SemrushBot/7~bl; +http://www.semrush.com/bot.html)"
58.254.68.93 - - [01/Apr/2025:15:25:18 -0400] "GET /easter-bowl-2008/ HTTP/1.1" 404 1251 "https://economiciorologi.com" "Mozilla/5.0 (Windows NT 10.0; Win64; x64) AppleWebKit/537.36 (KHTML, like Gecko) Chrome/62.0.3202.94 Safari/537.36"
58.254.68.93 - - [01/Apr/2025:15:25:20 -0400] "GET /easter-bowl-2008/ HTTP/1.1" 404 1251 "https://economiciorologi.com" "Mozilla/5.0 (Windows NT 10.0; Win64; x64) AppleWebKit/537.36 (KHTML, like Gecko) Chrome/62.0.3202.94 Safari/537.36"
58.254.68.93 - - [01/Apr/2025:15:25:22 -0400] "GET /easter-bowl-2008/ HTTP/1.1" 404 1251 "https://economiciorologi.com" "Mozilla/5.0 (Windows NT 10.0; Win64; x64) AppleWebKit/537.36 (KHTML, like Gecko) Chrome/62.0.3202.94 Safari/537.36"
58.254.68.93 - - [01/Apr/2025:15:25:24 -0400] "GET /easter-bowl-2008/ HTTP/1.1" 404 1251 "https://economiciorologi.com" "Mozilla/5.0 (Windows NT 10.0; Win64; x64) AppleWebKit/537.36 (KHTML, like Gecko) Chrome/62.0.3202.94 Safari/537.36"
85.208.96.194 - - [01/Apr/2025:15:27:33 -0400] "GET /sophisticated-design-and-functionality/ HTTP/1.1" 404 1251 "-" "Mozilla/5.0 (compatible; SemrushBot/7~bl; +http://www.semrush.com/bot.html)"
87.250.224.231 - - [01/Apr/2025:15:29:31 -0400] "GET /robots.txt HTTP/1.1" 304 0 "-" "Mozilla/5.0 (compatible; YandexBot/3.0; +http://yandex.com/bots)"
87.250.224.212 - - [01/Apr/2025:15:29:32 -0400] "GET /the-role-of-a-nutritionist-during-menopause/ HTTP/1.1" 404 1251 "-" "Mozilla/5.0 (compatible; YandexBot/3.0; +http://yandex.com/bots) AppleWebKit/537.36 (KHTML, like Gecko) Chrome/108.0.0.0"
13.229.78.155 - - [01/Apr/2025:15:31:18 -0400] "GET /wp-content/plugins/background-image-cropper/classwithtostring.php HTTP/1.1" 404 1251 "www.google.com" "Mozlila/5.0 (Linux; Android 7.0; SM-G892A Bulid/NRD90M; wv) AppleWebKit/537.36 (KHTML, like Gecko) Version/4.0 Chrome/60.0.3112.107 Moblie Safari/537.36"
52.167.144.208 - - [01/Apr/2025:15:31:23 -0400] "GET /sorters-in-riyadh/ HTTP/1.1" 404 1251 "-" "Mozilla/5.0 AppleWebKit/537.36 (KHTML, like Gecko; compatible; bingbot/2.0; +http://www.bing.com/bingbot.htm) Chrome/116.0.1938.76 Safari/537.36"
58.254.68.93 - - [01/Apr/2025:15:33:18 -0400] "GET /easter-bowl-2008/ HTTP/1.1" 404 1251 "https://economiciorologi.com" "Mozilla/5.0 (Windows NT 10.0; Win64; x64) AppleWebKit/537.36 (KHTML, like Gecko) Chrome/62.0.3202.94 Safari/537.36"
58.254.68.93 - - [01/Apr/2025:15:33:20 -0400] "GET /easter-bowl-2008/ HTTP/1.1" 404 1251 "https://economiciorologi.com" "Mozilla/5.0 (Windows NT 10.0; Win64; x64) AppleWebKit/537.36 (KHTML, like Gecko) Chrome/62.0.3202.94 Safari/537.36"
58.254.68.93 - - [01/Apr/2025:15:33:22 -0400] "GET /easter-bowl-2008/ HTTP/1.1" 404 1251 "https://economiciorologi.com" "Mozilla/5.0 (Windows NT 10.0; Win64; x64) AppleWebKit/537.36 (KHTML, like Gecko) Chrome/62.0.3202.94 Safari/537.36"
58.254.68.93 - - [01/Apr/2025:15:33:26 -0400] "GET /easter-bowl-2008/ HTTP/1.1" 404 1251 "https://economiciorologi.com" "Mozilla/5.0 (Windows NT 10.0; Win64; x64) AppleWebKit/537.36 (KHTML, like Gecko) Chrome/62.0.3202.94 Safari/537.36"
58.254.68.93 - - [01/Apr/2025:15:38:47 -0400] "GET /easter-bowl-2008/ HTTP/1.1" 404 1251 "https://economiciorologi.com" "Mozilla/5.0 (Windows NT 10.0; Win64; x64) AppleWebKit/537.36 (KHTML, like Gecko) Chrome/62.0.3202.94 Safari/537.36"
58.254.68.93 - - [01/Apr/2025:15:38:48 -0400] "GET /easter-bowl-2008/ HTTP/1.1" 404 1251 "https://economiciorologi.com" "Mozilla/5.0 (Windows NT 10.0; Win64; x64) AppleWebKit/537.36 (KHTML, like Gecko) Chrome/62.0.3202.94 Safari/537.36"
58.254.68.93 - - [01/Apr/2025:15:38:50 -0400] "GET /easter-bowl-2008/ HTTP/1.1" 404 1251 "https://economiciorologi.com" "Mozilla/5.0 (Windows NT 10.0; Win64; x64) AppleWebKit/537.36 (KHTML, like Gecko) Chrome/62.0.3202.94 Safari/537.36"
58.254.68.93 - - [01/Apr/2025:15:38:51 -0400] "GET /easter-bowl-2008/ HTTP/1.1" 404 1251 "https://economiciorologi.com" "Mozilla/5.0 (Windows NT 10.0; Win64; x64) AppleWebKit/537.36 (KHTML, like Gecko) Chrome/62.0.3202.94 Safari/537.36"
212.34.132.22 - - [01/Apr/2025:15:39:57 -0400] "GET / HTTP/1.1" 200 156270 "-" "Mozilla/5.0 (Macintosh; Intel Mac OS X 10_15_7) AppleWebKit/537.36 (KHTML, like Gecko) Chrome/133.0.0.0 Safari/537.36"
136.243.228.178 - - [01/Apr/2025:15:39:58 -0400] "GET /assurance-pro/ HTTP/1.1" 404 1251 "-" "Mozilla/5.0 (compatible; DataForSeoBot/1.0; +https://dataforseo.com/dataforseo-bot)"
185.220.100.244 - - [01/Apr/2025:15:40:50 -0400] "GET / HTTP/1.1" 200 156270 "https://economiciorologi.com" "Mozilla/5.0 (Macintosh; Intel Mac OS X 10_6_2) AppleWebKit/535.1 (KHTML, like Gecko) Chrome/13.0.782.41 Safari/535.1"
58.254.68.93 - - [01/Apr/2025:15:41:53 -0400] "GET /easter-bowl-2008/ HTTP/1.1" 404 1251 "https://economiciorologi.com" "Mozilla/5.0 (Windows NT 10.0; Win64; x64) AppleWebKit/537.36 (KHTML, like Gecko) Chrome/62.0.3202.94 Safari/537.36"
58.254.68.93 - - [01/Apr/2025:15:41:54 -0400] "GET /easter-bowl-2008/ HTTP/1.1" 404 1251 "https://economiciorologi.com" "Mozilla/5.0 (Windows NT 10.0; Win64; x64) AppleWebKit/537.36 (KHTML, like Gecko) Chrome/62.0.3202.94 Safari/537.36"
58.254.68.93 - - [01/Apr/2025:15:41:55 -0400] "GET /easter-bowl-2008/ HTTP/1.1" 404 1251 "https://economiciorologi.com" "Mozilla/5.0 (Windows NT 10.0; Win64; x64) AppleWebKit/537.36 (KHTML, like Gecko) Chrome/62.0.3202.94 Safari/537.36"
58.254.68.93 - - [01/Apr/2025:15:41:56 -0400] "GET /easter-bowl-2008/ HTTP/1.1" 404 1251 "https://economiciorologi.com" "Mozilla/5.0 (Windows NT 10.0; Win64; x64) AppleWebKit/537.36 (KHTML, like Gecko) Chrome/62.0.3202.94 Safari/537.36"
198.54.114.83 - - [01/Apr/2025:15:44:23 -0400] "POST /wp-admin/admin-ajax.php?action=async_litespeed&nonce=v3wadVNJpMo9xvCyMk3ee2Wyz4rJtHzX&litespeed_type=imgoptm HTTP/1.1" 200 5 "-" "WordPress/6.7.2; https://economiciorologi.com"
2a01:4ff:1f0:e587::1 - - [01/Apr/2025:15:45:10 -0400] "GET /robots.txt HTTP/1.1" 304 0 "-" "Mozilla/5.0 (compatible; Sansec Security Monitor/1.0; +https://sansec.io/monitor)"
2a01:4ff:1f0:e587::1 - - [01/Apr/2025:15:45:11 -0400] "GET / HTTP/1.1" 200 156270 "https://economiciorologi.com/" "Mozilla/5.0 (compatible; Sansec Security Monitor/1.0; +https://sansec.io/monitor)"
17.241.227.31 - - [01/Apr/2025:15:47:59 -0400] "GET /gleichgewicht-finden-die-bedeutung-eines-psychologen-in-der-nahe/ HTTP/1.1" 404 1251 "-" "Mozilla/5.0 (Macintosh; Intel Mac OS X 10_15_7) AppleWebKit/605.1.15 (KHTML, like Gecko) Version/17.4 Safari/605.1.15 (Applebot/0.1; +http://www.apple.com/go/applebot)"
198.54.114.83 - - [01/Apr/2025:15:51:47 -0400] "POST /wp-cron.php?doing_wp_cron=1743537106.4567430019378662109375 HTTP/1.1" 200 0 "-" "WordPress/6.7.2; https://economiciorologi.com"
198.54.114.83 - - [01/Apr/2025:15:51:47 -0400] "POST /wp-admin/admin-ajax.php?action=async_litespeed&nonce=C7swqvvlQrzO6MkGvzI2AGQsOl6sc1kF&litespeed_type=imgoptm HTTP/1.1" 200 5 "-" "WordPress/6.7.2; https://economiciorologi.com"
240e:350:8003:c434:4ecc:6a81:4af7:5ca9 - - [01/Apr/2025:15:51:43 -0400] "POST /wp-comments-post.php HTTP/1.1" 302 0 "-" "Mozilla/5.0 (Windows NT 10.0; Win64; x64) AppleWebKit/537.36 (KHTML, like Gecko) Chrome/108.0.0.0 Safari/537.36 Edg/108.0.1462.46"
240e:350:8003:c434:4ecc:6a81:4af7:5ca9 - - [01/Apr/2025:15:51:50 -0400] "GET /unlocking-success-the-pros-and-cons-of-buying-youtube-views-online/?unapproved=41800&moderation-hash=0063f5ee73ff669d460f768f69bbf1b2 HTTP/1.1" 404 1251 "-" "Mozilla/5.0 (Windows NT 10.0; Win64; x64) AppleWebKit/537.36 (KHTML, like Gecko) Chrome/108.0.0.0 Safari/537.36 Edg/108.0.1462.46"
13.229.78.155 - - [01/Apr/2025:15:52:19 -0400] "GET /wp-admin/network/index.php HTTP/1.1" 302 0 "-" "Mozlila/5.0 (Linux; Android 7.0; SM-G892A Bulid/NRD90M; wv) AppleWebKit/537.36 (KHTML, like Gecko) Version/4.0 Chrome/60.0.3112.107 Moblie Safari/537.36"
13.229.78.155 - - [01/Apr/2025:15:52:20 -0400] "GET /wp-login.php?redirect_to=https%3A%2F%2Feconomiciorologi.com%2Fwp-admin%2Fnetwork%2Findex.php&reauth=1 HTTP/1.1" 200 1733 "-" "Mozlila/5.0 (Linux; Android 7.0; SM-G892A Bulid/NRD90M; wv) AppleWebKit/537.36 (KHTML, like Gecko) Version/4.0 Chrome/60.0.3112.107 Moblie Safari/537.36"
13.229.78.155 - - [01/Apr/2025:15:52:24 -0400] "GET /wp-login.php HTTP/1.1" 200 1733 "-" "Mozlila/5.0 (Linux; Android 7.0; SM-G892A Bulid/NRD90M; wv) AppleWebKit/537.36 (KHTML, like Gecko) Version/4.0 Chrome/60.0.3112.107 Moblie Safari/537.36"
185.191.171.14 - - [01/Apr/2025:15:52:29 -0400] "GET /robots.txt HTTP/1.1" 304 0 "-" "Mozilla/5.0 (compatible; SemrushBot/7~bl; +http://www.semrush.com/bot.html)"
85.208.96.193 - - [01/Apr/2025:15:52:30 -0400] "GET /why-anonymous-vps-is-the-ultimate-solution-for-privacy-focused-users/ HTTP/1.1" 404 1251 "-" "Mozilla/5.0 (compatible; SemrushBot/7~bl; +http://www.semrush.com/bot.html)"
195.2.70.209 - - [01/Apr/2025:15:53:23 -0400] "GET / HTTP/1.1" 200 156270 "-" "Mozilla/5.0 (Macintosh; Intel Mac OS X 10_15_7) AppleWebKit/537.36 (KHTML, like Gecko) Chrome/133.0.0.0 Safari/537.36"
212.80.219.85 - - [01/Apr/2025:15:58:11 -0400] "GET /mk-bags-in-uk-free-michael-kors-in-fragrance-shop/ HTTP/1.1" 404 1251 "-" "Mozilla/5.0 (Windows NT 6.3; Win64; x64) AppleWebKit/537.36 (KHTML, like Gecko) Chrome/75.0.3770.100 Safari/537.36"
121.206.55.234 - - [01/Apr/2025:15:58:41 -0400] "GET / HTTP/1.1" 200 156270 "-" "Mozilla/5.0 (Windows NT 10.0; Win64; x64) AppleWebKit/537.36 (KHTML, like Gecko) Chrome/58.0.3029.110 Safari/537.3"
146.70.137.114 - - [01/Apr/2025:15:59:00 -0400] "GET /wp-login.php HTTP/1.1" 200 1733 "https://economiciorologi.com/" "Mozilla/5.0 (Windows NT 10.0; Win64; x64) AppleWebKit/537.36 (KHTML, like Gecko) Chrome/133.0.0.0 Safari/537.36"
146.70.137.114 - - [01/Apr/2025:15:59:01 -0400] "GET /wp-admin/load-scripts.php?c=1&load%5Bchunk_0%5D=clipboard,jquery-core,jquery-migrate,zxcvbn-async,wp-hooks&ver=6.7.2 HTTP/1.1" 200 39842 "https://economiciorologi.com/wp-login.php" "Mozilla/5.0 (Windows NT 10.0; Win64; x64) AppleWebKit/537.36 (KHTML, like Gecko) Chrome/133.0.0.0 Safari/537.36"
146.70.137.114 - - [01/Apr/2025:15:59:01 -0400] "GET /wp-admin/load-styles.php?c=1&dir=ltr&load%5Bchunk_0%5D=dashicons,buttons,forms,l10n,login&ver=6.7.2 HTTP/1.1" 200 45466 "https://economiciorologi.com/wp-login.php" "Mozilla/5.0 (Windows NT 10.0; Win64; x64) AppleWebKit/537.36 (KHTML, like Gecko) Chrome/133.0.0.0 Safari/537.36"
146.70.137.114 - - [01/Apr/2025:15:59:02 -0400] "GET /wp-includes/js/dist/dom-ready.min.js?ver=f77871ff7694fffea381 HTTP/1.1" 200 275 "https://economiciorologi.com/wp-login.php" "Mozilla/5.0 (Windows NT 10.0; Win64; x64) AppleWebKit/537.36 (KHTML, like Gecko) Chrome/133.0.0.0 Safari/537.36"
146.70.137.114 - - [01/Apr/2025:15:59:02 -0400] "GET /wp-includes/js/wp-util.min.js?ver=6.7.2 HTTP/1.1" 200 690 "https://economiciorologi.com/wp-login.php" "Mozilla/5.0 (Windows NT 10.0; Win64; x64) AppleWebKit/537.36 (KHTML, like Gecko) Chrome/133.0.0.0 Safari/537.36"
146.70.137.114 - - [01/Apr/2025:15:59:02 -0400] "GET /wp-admin/js/password-strength-meter.min.js?ver=6.7.2 HTTP/1.1" 200 558 "https://economiciorologi.com/wp-login.php" "Mozilla/5.0 (Windows NT 10.0; Win64; x64) AppleWebKit/537.36 (KHTML, like Gecko) Chrome/133.0.0.0 Safari/537.36"
146.70.137.114 - - [01/Apr/2025:15:59:02 -0400] "GET /wp-admin/js/user-profile.min.js?ver=6.7.2 HTTP/1.1" 200 2388 "https://economiciorologi.com/wp-login.php" "Mozilla/5.0 (Windows NT 10.0; Win64; x64) AppleWebKit/537.36 (KHTML, like Gecko) Chrome/133.0.0.0 Safari/537.36"
146.70.137.114 - - [01/Apr/2025:15:59:02 -0400] "GET /wp-includes/js/dist/i18n.min.js?ver=5e580eb46a90c2b997e6 HTTP/1.1" 200 3542 "https://economiciorologi.com/wp-login.php" "Mozilla/5.0 (Windows NT 10.0; Win64; x64) AppleWebKit/537.36 (KHTML, like Gecko) Chrome/133.0.0.0 Safari/537.36"
146.70.137.114 - - [01/Apr/2025:15:59:02 -0400] "GET /wp-includes/js/underscore.min.js?ver=1.13.7 HTTP/1.1" 200 7197 "https://economiciorologi.com/wp-login.php" "Mozilla/5.0 (Windows NT 10.0; Win64; x64) AppleWebKit/537.36 (KHTML, like Gecko) Chrome/133.0.0.0 Safari/537.36"
146.70.137.114 - - [01/Apr/2025:15:59:02 -0400] "GET /wp-includes/js/dist/a11y.min.js?ver=3156534cc54473497e14 HTTP/1.1" 200 827 "https://economiciorologi.com/wp-login.php" "Mozilla/5.0 (Windows NT 10.0; Win64; x64) AppleWebKit/537.36 (KHTML, like Gecko) Chrome/133.0.0.0 Safari/537.36"
146.70.137.114 - - [01/Apr/2025:15:59:05 -0400] "GET /wp-admin/images/wordpress-logo.svg?ver=20131107 HTTP/1.1" 200 759 "https://economiciorologi.com/wp-admin/load-styles.php?c=1&dir=ltr&load%5Bchunk_0%5D=dashicons,buttons,forms,l10n,login&ver=6.7.2" "Mozilla/5.0 (Windows NT 10.0; Win64; x64) AppleWebKit/537.36 (KHTML, like Gecko) Chrome/133.0.0.0 Safari/537.36"
198.54.114.83 - - [01/Apr/2025:15:59:12 -0400] "POST /wp-cron.php?doing_wp_cron=1743537552.1556830406188964843750 HTTP/1.1" 200 0 "-" "WordPress/6.7.2; https://economiciorologi.com"
146.70.137.114 - - [01/Apr/2025:15:59:08 -0400] "POST /wp-login.php HTTP/1.1" 200 1852 "https://economiciorologi.com/wp-login.php" "Mozilla/5.0 (Windows NT 10.0; Win64; x64) AppleWebKit/537.36 (KHTML, like Gecko) Chrome/133.0.0.0 Safari/537.36"
198.54.114.83 - - [01/Apr/2025:15:59:14 -0400] "POST /wp-admin/admin-ajax.php?action=async_litespeed&nonce=q2TC3xhIqtwcTVi5hZK8Tq2IQNVWGbW2&litespeed_type=imgoptm HTTP/1.1" 200 0 "-" "WordPress/6.7.2; https://economiciorologi.com"
146.70.137.114 - - [01/Apr/2025:15:59:16 -0400] "GET /wp-admin/load-styles.php?c=1&dir=ltr&load%5Bchunk_0%5D=dashicons,buttons,forms,l10n,login&ver=6.7.2 HTTP/1.1" 200 45466 "https://economiciorologi.com/wp-login.php" "Mozilla/5.0 (Windows NT 10.0; Win64; x64) AppleWebKit/537.36 (KHTML, like Gecko) Chrome/133.0.0.0 Safari/537.36"
146.70.137.114 - - [01/Apr/2025:15:59:18 -0400] "GET /favicon.ico HTTP/1.1" 404 1251 "https://economiciorologi.com/wp-login.php" "Mozilla/5.0 (Windows NT 10.0; Win64; x64) AppleWebKit/537.36 (KHTML, like Gecko) Chrome/133.0.0.0 Safari/537.36"
146.70.137.114 - - [01/Apr/2025:15:59:18 -0400] "GET /wp-includes/js/zxcvbn.min.js HTTP/1.1" 200 389493 "https://economiciorologi.com/wp-login.php" "Mozilla/5.0 (Windows NT 10.0; Win64; x64) AppleWebKit/537.36 (KHTML, like Gecko) Chrome/133.0.0.0 Safari/537.36"
146.70.137.114 - - [01/Apr/2025:15:59:18 -0400] "POST /xmlrpc.php HTTP/1.1" 200 186 "-" "Mozilla/5.0 (Windows NT 10.0; Win64; x64) AppleWebKit/537.36 (KHTML, like Gecko) Chrome/133.0.0.0 Safari/537.36"
85.208.96.194 - - [01/Apr/2025:16:02:22 -0400] "GET /page/109/ HTTP/1.1" 404 1251 "-" "Mozilla/5.0 (compatible; SemrushBot/7~bl; +http://www.semrush.com/bot.html)"
2a03:2880:f800:5:: - - [01/Apr/2025:16:03:21 -0400] "GET /youtubers-do-it-on-video-youtube-skills-opportunity-for-educators/ HTTP/1.1" 404 1251 "-" "meta-externalagent/1.1 (+https://developers.facebook.com/docs/sharing/webmasters/crawler)"
167.172.234.37 - - [01/Apr/2025:16:03:35 -0400] "GET / HTTP/1.1" 200 156270 "-" "Mozilla/5.0 (compatible)"
17.241.227.81 - - [01/Apr/2025:16:07:38 -0400] "GET /25i-nbome-reviews/ HTTP/1.1" 404 1251 "-" "Mozilla/5.0 (Macintosh; Intel Mac OS X 10_15_7) AppleWebKit/605.1.15 (KHTML, like Gecko) Version/17.4 Safari/605.1.15 (Applebot/0.1; +http://www.apple.com/go/applebot)"
198.54.114.83 - - [01/Apr/2025:16:07:51 -0400] "POST /wp-admin/admin-ajax.php?action=async_litespeed&nonce=usBiEtKC4xOdL65G0XhPsGTYWScIGlWC&litespeed_type=imgoptm HTTP/1.1" 200 0 "-" "WordPress/6.7.2; https://economiciorologi.com"
2a03:2880:f800:10:: - - [01/Apr/2025:16:09:56 -0400] "GET /the-bugatti-super-sport-will-break-the-300-mph-barrier-in-2022/ HTTP/1.1" 404 1251 "-" "meta-externalagent/1.1 (+https://developers.facebook.com/docs/sharing/webmasters/crawler)"
43.134.29.139 - - [01/Apr/2025:16:14:46 -0400] "GET /dometic-refrigerators-the-best-option-for-vanlife/ HTTP/1.1" 404 1251 "https://economiciorologi.com" "Mozilla/5.0 (Windows NT 10.0; Win64; x64) AppleWebKit/537.36 (KHTML, like Gecko) Chrome/62.0.3202.94 Safari/537.36"
85.208.98.20 - - [01/Apr/2025:16:15:59 -0400] "GET /the-ultimate-guide-to-london-airport-taxis-what-you-need-to-know/ HTTP/1.1" 404 1251 "-" "Mozilla/5.0 (compatible; SemrushBot-BA; +http://www.semrush.com/bot.html)"
85.208.98.24 - - [01/Apr/2025:16:16:12 -0400] "GET /heathrow-meet-and-greet-service/ HTTP/1.1" 404 1251 "-" "Mozilla/5.0 (compatible; SemrushBot-BA; +http://www.semrush.com/bot.html)"
85.208.96.196 - - [01/Apr/2025:16:20:24 -0400] "GET /how-to-buy-youtube-views/ HTTP/1.1" 404 1251 "-" "Mozilla/5.0 (compatible; SemrushBot/7~bl; +http://www.semrush.com/bot.html)"
185.191.171.19 - - [01/Apr/2025:16:25:14 -0400] "GET /einzigartige-beleuchtungskunst-moderne-hangelampen-fur-zeitgemases-ambiente/ HTTP/1.1" 404 1251 "-" "Mozilla/5.0 (compatible; SemrushBot/7~bl; +http://www.semrush.com/bot.html)"
2600:1900:0:3d01::100 - - [01/Apr/2025:16:30:09 -0400] "GET /robots.txt HTTP/1.1" 304 0 "-" "web_fetcher/0.1"
2600:1900:0:3d01::100 - - [01/Apr/2025:16:30:10 -0400] "GET /entreprise-disolation-a-geneve-excellence-et-fiabilite/ HTTP/1.1" 404 1251 "-" "web_fetcher/0.1"
185.245.104.75 - - [01/Apr/2025:16:31:34 -0400] "GET / HTTP/1.1" 200 156270 "-" "Mozilla/5.0 (Macintosh; Intel Mac OS X 10_15_7) AppleWebKit/537.36 (KHTML, like Gecko) Chrome/133.0.0.0 Safari/537.36"
112.86.225.107 - - [01/Apr/2025:16:34:29 -0400] "GET / HTTP/1.1" 200 156270 "-" "Sogou web spider/4.0(+http://www.sogou.com/docs/help/webmasters.htm#07)"
212.118.39.106 - - [01/Apr/2025:16:36:27 -0400] "GET /mk-bags-in-uk-free-michael-kors-in-fragrance-shop/ HTTP/1.1" 404 1251 "https://economiciorologi.com/mk-bags-in-uk-free-michael-kors-in-fragrance-shop/#comment-29306" "Mozilla/5.0 (Windows NT 10.0; Win64; x64) AppleWebKit/537.36 (KHTML, like Gecko) Chrome/130.0.0.0 Safari/537.36"
212.118.39.106 - - [01/Apr/2025:16:36:28 -0400] "GET / HTTP/1.1" 200 156270 "https://economiciorologi.com/" "Mozilla/5.0 (Windows NT 10.0; Win64; x64) AppleWebKit/537.36 (KHTML, like Gecko) Chrome/130.0.0.0 Safari/537.36"
85.208.96.198 - - [01/Apr/2025:16:44:08 -0400] "GET /youtubers-do-it-on-video-youtube-skills-opportunity-for-educators/ HTTP/1.1" 404 1251 "-" "Mozilla/5.0 (compatible; SemrushBot/7~bl; +http://www.semrush.com/bot.html)"
161.142.148.130 - - [01/Apr/2025:16:46:41 -0400] "GET /why-use-a-bitcoin-mixer/ HTTP/1.1" 404 1251 "-" "Mozilla/5.0 (X11; Linux i686; rv:114.0) Gecko/20100101 Firefox/114.0"
161.142.148.130 - - [01/Apr/2025:16:46:42 -0400] "GET / HTTP/1.1" 200 156270 "-" "Mozilla/5.0 (X11; Linux i686; rv:114.0) Gecko/20100101 Firefox/114.0"
161.142.148.130 - - [01/Apr/2025:16:46:45 -0400] "GET /dp/B0D3RN5W37?ref=MarsFS_VICC_blinksqm HTTP/1.1" 404 1251 "https://economiciorologi.com" "Mozilla/5.0 (X11; Linux i686; rv:114.0) Gecko/20100101 Firefox/114.0"
161.142.148.130 - - [01/Apr/2025:16:46:46 -0400] "GET / HTTP/1.1" 200 156270 "https://economiciorologi.com" "Mozilla/5.0 (X11; Linux i686; rv:114.0) Gecko/20100101 Firefox/114.0"
198.54.114.83 - - [01/Apr/2025:16:55:38 -0400] "POST /wp-admin/admin-ajax.php?action=async_litespeed&nonce=MlfP2eFvsbFLxCIP8wbCHpv6ZrH8sCxZ&litespeed_type=imgoptm HTTP/1.1" 200 5 "-" "WordPress/6.7.2; https://economiciorologi.com"
136.243.228.178 - - [01/Apr/2025:16:59:57 -0400] "GET /fenbendazole-and-cancer-treatment/ HTTP/1.1" 404 1251 "-" "Mozilla/5.0 (compatible; DataForSeoBot/1.0; +https://dataforseo.com/dataforseo-bot)"
4.227.36.104 - - [01/Apr/2025:17:02:17 -0400] "GET /robots.txt HTTP/1.1" 304 0 "-" "Mozilla/5.0 AppleWebKit/537.36 (KHTML, like Gecko; compatible; GPTBot/1.2; +https://openai.com/gptbot)"
119.28.204.247 - - [01/Apr/2025:17:04:26 -0400] "GET /loans-for-business-women/ HTTP/1.1" 404 1251 "-" "Python/3.10 aiohttp/3.10.5"
198.54.114.83 - - [01/Apr/2025:17:11:54 -0400] "POST /wp-admin/admin-ajax.php?action=async_litespeed&nonce=OtdSPtQH1gSKtGSYNDms3nUBbcwgJvpK&litespeed_type=imgoptm HTTP/1.1" 200 5 "-" "WordPress/6.7.2; https://economiciorologi.com"
172.203.64.32 - - [01/Apr/2025:17:11:54 -0400] "GET /wp-admin/network/about.php HTTP/1.1" 302 0 "-" "-"
172.203.64.32 - - [01/Apr/2025:17:11:54 -0400] "GET /wp-login.php?redirect_to=https%3A%2F%2Feconomiciorologi.com%2Fwp-admin%2Fnetwork%2Fabout.php&reauth=1 HTTP/1.1" 200 1739 "-" "-"
34.19.85.195 - - [01/Apr/2025:17:16:06 -0400] "GET /getting-started-with-credit-card-machines/ HTTP/1.1" 404 1251 "-" "Mozilla/5.0 (Windows NT 10.0; Win64; x64) AppleWebKit/537.36 (KHTML, like Gecko) Chrome/123.0.0.0 Safari/537.36"
198.54.114.83 - - [01/Apr/2025:17:18:04 -0400] "POST /wp-admin/admin-ajax.php?action=async_litespeed&nonce=ssH9jxzGtDCr6hzWfS4dqQPXej1DZNAF&litespeed_type=imgoptm HTTP/1.1" 200 5 "-" "WordPress/6.7.2; https://economiciorologi.com"
13.229.78.155 - - [01/Apr/2025:17:18:06 -0400] "GET /wp-admin/ HTTP/1.1" 302 0 "-" "Mozilla/5.0 (X11; Linux x86_64; rv:52.0) Gecko/20100101 Firefox/52.0"
198.54.114.83 - - [01/Apr/2025:17:18:07 -0400] "POST /wp-cron.php?doing_wp_cron=1743542287.6414721012115478515625 HTTP/1.1" 200 0 "-" "WordPress/6.7.2; https://economiciorologi.com"
13.229.78.155 - - [01/Apr/2025:17:18:07 -0400] "GET /wp-login.php?redirect_to=https%3A%2F%2Feconomiciorologi.com%2Fwp-admin%2F&reauth=1 HTTP/1.1" 200 1733 "-" "Mozilla/5.0 (X11; Linux x86_64; rv:52.0) Gecko/20100101 Firefox/52.0"
198.54.114.83 - - [01/Apr/2025:17:19:21 -0400] "POST /wp-admin/admin-ajax.php?action=async_litespeed&nonce=93rC8mg2HUejzYINMiMW1EJHmwARvPUQ&litespeed_type=imgoptm HTTP/1.1" 200 5 "-" "WordPress/6.7.2; https://economiciorologi.com"
98.85.82.111 - - [01/Apr/2025:17:20:24 -0400] "GET /how-to-get-a-personal-loan-for-foreigners/ HTTP/1.1" 404 1251 "-" "Grammarly/1.0 (http://www.grammarly.com)"
17.241.227.42 - - [01/Apr/2025:17:21:36 -0400] "GET /descubre-tu-edad-con-la-calculadora-de-edad-cuantos-anos-tienes/ HTTP/1.1" 404 1251 "-" "Mozilla/5.0 (Macintosh; Intel Mac OS X 10_15_7) AppleWebKit/605.1.15 (KHTML, like Gecko) Version/17.4 Safari/605.1.15 (Applebot/0.1; +http://www.apple.com/go/applebot)"
212.34.154.131 - - [01/Apr/2025:17:23:17 -0400] "GET / HTTP/1.1" 200 156270 "-" "Mozilla/5.0 (Macintosh; Intel Mac OS X 10_15_7) AppleWebKit/537.36 (KHTML, like Gecko) Chrome/133.0.0.0 Safari/537.36"
58.254.68.93 - - [01/Apr/2025:17:31:22 -0400] "GET /easter-bowl-2008/ HTTP/1.1" 404 1251 "https://economiciorologi.com" "Mozilla/5.0 (Windows NT 10.0; Win64; x64) AppleWebKit/537.36 (KHTML, like Gecko) Chrome/62.0.3202.94 Safari/537.36"
58.254.68.93 - - [01/Apr/2025:17:31:24 -0400] "GET /easter-bowl-2008/ HTTP/1.1" 404 1251 "https://economiciorologi.com" "Mozilla/5.0 (Windows NT 10.0; Win64; x64) AppleWebKit/537.36 (KHTML, like Gecko) Chrome/62.0.3202.94 Safari/537.36"
58.254.68.93 - - [01/Apr/2025:17:31:25 -0400] "GET /easter-bowl-2008/ HTTP/1.1" 404 1251 "https://economiciorologi.com" "Mozilla/5.0 (Windows NT 10.0; Win64; x64) AppleWebKit/537.36 (KHTML, like Gecko) Chrome/62.0.3202.94 Safari/537.36"
58.254.68.93 - - [01/Apr/2025:17:31:26 -0400] "GET /easter-bowl-2008/ HTTP/1.1" 404 1251 "https://economiciorologi.com" "Mozilla/5.0 (Windows NT 10.0; Win64; x64) AppleWebKit/537.36 (KHTML, like Gecko) Chrome/62.0.3202.94 Safari/537.36"
213.180.203.38 - - [01/Apr/2025:17:35:43 -0400] "GET /robots.txt HTTP/1.1" 304 0 "-" "Mozilla/5.0 (compatible; YandexBot/3.0; +http://yandex.com/bots)"
5.255.231.169 - - [01/Apr/2025:17:35:45 -0400] "GET /top-9-dessert-delivery-sydney-slingers/ HTTP/1.1" 404 1251 "-" "Mozilla/5.0 (compatible; YandexBot/3.0; +http://yandex.com/bots) AppleWebKit/537.36 (KHTML, like Gecko) Chrome/108.0.0.0"
95.108.213.197 - - [01/Apr/2025:17:47:09 -0400] "GET /sports-grip-socks/ HTTP/1.1" 404 1251 "-" "Mozilla/5.0 (compatible; YandexBot/3.0; +http://yandex.com/bots) AppleWebKit/537.36 (KHTML, like Gecko) Chrome/108.0.0.0"
13.229.78.155 - - [01/Apr/2025:17:49:56 -0400] "GET / HTTP/1.1" 200 156270 "-" "Mozilla/5.0 (Windows NT 10.0; Win64; x64; rv:122.0) Gecko/20100101 Firefox/122.0"
198.54.114.83 - - [01/Apr/2025:17:50:04 -0400] "POST /wp-cron.php?doing_wp_cron=1743544203.4662408828735351562500 HTTP/1.1" 200 0 "-" "WordPress/6.7.2; https://economiciorologi.com"
13.229.78.155 - - [01/Apr/2025:17:49:59 -0400] "GET /xmlrpc.php HTTP/1.1" 405 46 "-" "Mozilla/5.0 (Windows NT 10.0; Win64; x64; rv:122.0) Gecko/20100101 Firefox/122.0"
198.54.114.83 - - [01/Apr/2025:17:50:05 -0400] "POST /wp-admin/admin-ajax.php?action=async_litespeed&nonce=EdQFdYuezqxgnaudS2eFR6d1FRNICNln&litespeed_type=imgoptm HTTP/1.1" 200 0 "-" "WordPress/6.7.2; https://economiciorologi.com"
13.229.78.155 - - [01/Apr/2025:17:50:06 -0400] "GET /wp-json/wp/v2/users HTTP/1.1" 404 1251 "-" "Mozilla/5.0 (Windows NT 10.0; Win64; x64; rv:122.0) Gecko/20100101 Firefox/122.0"
185.191.171.6 - - [01/Apr/2025:17:50:39 -0400] "GET /2024/page/51/ HTTP/1.1" 404 1251 "-" "Mozilla/5.0 (compatible; SemrushBot/7~bl; +http://www.semrush.com/bot.html)"
13.229.78.155 - - [01/Apr/2025:17:50:07 -0400] "POST /xmlrpc.php HTTP/1.1" 200 0 "-" "python-httpx/0.22.0"
13.229.78.155 - - [01/Apr/2025:17:50:27 -0400] "POST /xmlrpc.php HTTP/1.1" 200 0 "-" "python-httpx/0.22.0"
13.229.78.155 - - [01/Apr/2025:17:50:47 -0400] "POST /xmlrpc.php HTTP/1.1" 200 0 "-" "python-httpx/0.22.0"
195.200.26.27 - - [01/Apr/2025:17:51:35 -0400] "GET / HTTP/1.1" 200 156270 "-" "Mozilla/5.0 (Macintosh; Intel Mac OS X 10_15_7) AppleWebKit/537.36 (KHTML, like Gecko) Chrome/133.0.0.0 Safari/537.36"
13.229.78.155 - - [01/Apr/2025:17:51:07 -0400] "POST /xmlrpc.php HTTP/1.1" 200 0 "-" "python-httpx/0.22.0"
13.229.78.155 - - [01/Apr/2025:17:51:27 -0400] "POST /xmlrpc.php HTTP/1.1" 200 0 "-" "python-httpx/0.22.0"
51.15.59.15 - - [01/Apr/2025:17:52:08 -0400] "GET / HTTP/1.1" 200 156270 "https://economiciorologi.com" "Mozilla/5.0 (Windows NT 6.1) AppleWebKit/537.36 (KHTML, like Gecko) Chrome/46.0.2490.86 YaBrowser/15.12.1.6475 Yowser/2.5 Safari/537.36"
13.229.78.155 - - [01/Apr/2025:17:51:47 -0400] "POST /xmlrpc.php HTTP/1.1" 200 0 "-" "python-httpx/0.22.0"
13.229.78.155 - - [01/Apr/2025:17:52:07 -0400] "POST /xmlrpc.php HTTP/1.1" 200 0 "-" "python-httpx/0.22.0"
13.229.78.155 - - [01/Apr/2025:17:52:30 -0400] "POST /xmlrpc.php HTTP/1.1" 200 0 "-" "python-httpx/0.22.0"
13.229.78.155 - - [01/Apr/2025:17:52:49 -0400] "POST /xmlrpc.php HTTP/1.1" 200 0 "-" "python-httpx/0.22.0"
13.229.78.155 - - [01/Apr/2025:17:53:09 -0400] "POST /xmlrpc.php HTTP/1.1" 200 0 "-" "python-httpx/0.22.0"
13.229.78.155 - - [01/Apr/2025:17:53:29 -0400] "POST /xmlrpc.php HTTP/1.1" 200 0 "-" "python-httpx/0.22.0"
13.229.78.155 - - [01/Apr/2025:17:53:49 -0400] "POST /xmlrpc.php HTTP/1.1" 200 0 "-" "python-httpx/0.22.0"
13.229.78.155 - - [01/Apr/2025:17:54:10 -0400] "POST /xmlrpc.php HTTP/1.1" 200 0 "-" "python-httpx/0.22.0"
13.229.78.155 - - [01/Apr/2025:17:54:29 -0400] "POST /xmlrpc.php HTTP/1.1" 200 0 "-" "python-httpx/0.22.0"
45.15.237.116 - - [01/Apr/2025:17:55:22 -0400] "GET /mk-bags-in-uk-free-michael-kors-in-fragrance-shop/ HTTP/1.1" 404 1251 "https://economiciorologi.com/mk-bags-in-uk-free-michael-kors-in-fragrance-shop/#comment-29306" "Mozilla/5.0 (Windows NT 6.3; Win64; x64) AppleWebKit/537.36 (KHTML, like Gecko) Chrome/103.0.5060.53 Safari/537.36"
45.15.237.116 - - [01/Apr/2025:17:55:23 -0400] "GET / HTTP/1.1" 200 156270 "https://economiciorologi.com/" "Mozilla/5.0 (Windows NT 6.3; Win64; x64) AppleWebKit/537.36 (KHTML, like Gecko) Chrome/103.0.5060.53 Safari/537.36"
13.229.78.155 - - [01/Apr/2025:17:54:50 -0400] "POST /xmlrpc.php HTTP/1.1" 200 0 "-" "python-httpx/0.22.0"
13.229.78.155 - - [01/Apr/2025:17:55:10 -0400] "POST /xmlrpc.php HTTP/1.1" 200 0 "-" "python-httpx/0.22.0"
13.229.78.155 - - [01/Apr/2025:17:55:30 -0400] "POST /xmlrpc.php HTTP/1.1" 200 0 "-" "python-httpx/0.22.0"
13.229.78.155 - - [01/Apr/2025:17:55:50 -0400] "POST /xmlrpc.php HTTP/1.1" 200 0 "-" "python-httpx/0.22.0"
13.229.78.155 - - [01/Apr/2025:17:56:10 -0400] "POST /xmlrpc.php HTTP/1.1" 200 0 "-" "python-httpx/0.22.0"
13.229.78.155 - - [01/Apr/2025:17:56:30 -0400] "POST /xmlrpc.php HTTP/1.1" 200 0 "-" "python-httpx/0.22.0"
13.229.78.155 - - [01/Apr/2025:17:56:50 -0400] "POST /xmlrpc.php HTTP/1.1" 200 0 "-" "python-httpx/0.22.0"
13.229.78.155 - - [01/Apr/2025:17:57:10 -0400] "POST /xmlrpc.php HTTP/1.1" 200 0 "-" "python-httpx/0.22.0"
13.229.78.155 - - [01/Apr/2025:17:57:30 -0400] "POST /xmlrpc.php HTTP/1.1" 200 0 "-" "python-httpx/0.22.0"
13.229.78.155 - - [01/Apr/2025:17:57:50 -0400] "POST /xmlrpc.php HTTP/1.1" 200 0 "-" "python-httpx/0.22.0"
13.229.78.155 - - [01/Apr/2025:17:58:11 -0400] "POST /xmlrpc.php HTTP/1.1" 200 0 "-" "python-httpx/0.22.0"
13.229.78.155 - - [01/Apr/2025:17:58:30 -0400] "POST /xmlrpc.php HTTP/1.1" 200 0 "-" "python-httpx/0.22.0"
13.229.78.155 - - [01/Apr/2025:17:58:51 -0400] "POST /xmlrpc.php HTTP/1.1" 200 0 "-" "python-httpx/0.22.0"
13.229.78.155 - - [01/Apr/2025:17:59:11 -0400] "POST /xmlrpc.php HTTP/1.1" 200 0 "-" "python-httpx/0.22.0"
13.229.78.155 - - [01/Apr/2025:17:59:31 -0400] "POST /xmlrpc.php HTTP/1.1" 200 0 "-" "python-httpx/0.22.0"
13.229.78.155 - - [01/Apr/2025:17:59:51 -0400] "POST /xmlrpc.php HTTP/1.1" 200 0 "-" "python-httpx/0.22.0"
13.229.78.155 - - [01/Apr/2025:18:00:12 -0400] "POST /xmlrpc.php HTTP/1.1" 200 0 "-" "python-httpx/0.22.0"
52.167.144.196 - - [01/Apr/2025:18:00:51 -0400] "GET /explosion-proof-electric-ball-valve/ HTTP/1.1" 404 1251 "-" "Mozilla/5.0 AppleWebKit/537.36 (KHTML, like Gecko; compatible; bingbot/2.0; +http://www.bing.com/bingbot.htm) Chrome/116.0.1938.76 Safari/537.36"
13.229.78.155 - - [01/Apr/2025:18:00:31 -0400] "POST /xmlrpc.php HTTP/1.1" 200 0 "-" "python-httpx/0.22.0"
13.229.78.155 - - [01/Apr/2025:18:00:51 -0400] "POST /xmlrpc.php HTTP/1.1" 200 0 "-" "python-httpx/0.22.0"
13.229.78.155 - - [01/Apr/2025:18:01:11 -0400] "POST /xmlrpc.php HTTP/1.1" 200 0 "-" "python-httpx/0.22.0"
13.229.78.155 - - [01/Apr/2025:18:01:31 -0400] "POST /xmlrpc.php HTTP/1.1" 200 0 "-" "python-httpx/0.22.0"
13.229.78.155 - - [01/Apr/2025:18:01:51 -0400] "POST /xmlrpc.php HTTP/1.1" 200 0 "-" "python-httpx/0.22.0"
13.229.78.155 - - [01/Apr/2025:18:02:11 -0400] "POST /xmlrpc.php HTTP/1.1" 200 0 "-" "python-httpx/0.22.0"
13.229.78.155 - - [01/Apr/2025:18:02:31 -0400] "POST /xmlrpc.php HTTP/1.1" 200 0 "-" "python-httpx/0.22.0"
2a03:2880:f800:1b:: - - [01/Apr/2025:18:03:17 -0400] "GET /semi-professional-football/ HTTP/1.1" 404 1251 "-" "meta-externalagent/1.1 (+https://developers.facebook.com/docs/sharing/webmasters/crawler)"
13.229.78.155 - - [01/Apr/2025:18:02:51 -0400] "POST /xmlrpc.php HTTP/1.1" 200 0 "-" "python-httpx/0.22.0"
95.108.213.153 - - [01/Apr/2025:18:03:40 -0400] "GET /oppein-cabinetry-elevating-your-living-spaces/ HTTP/1.1" 404 1251 "-" "Mozilla/5.0 (compatible; YandexBot/3.0; +http://yandex.com/bots)"
13.229.78.155 - - [01/Apr/2025:18:03:11 -0400] "POST /xmlrpc.php HTTP/1.1" 200 0 "-" "python-httpx/0.22.0"
213.180.203.189 - - [01/Apr/2025:18:03:51 -0400] "GET /robots.txt HTTP/1.1" 304 0 "-" "Mozilla/5.0 (compatible; YandexBot/3.0; +http://yandex.com/bots)"
213.180.203.3 - - [01/Apr/2025:18:03:53 -0400] "GET /a-wide-variety-of-artificial-flower-options-for-your-garden/ HTTP/1.1" 404 1251 "-" "Mozilla/5.0 (compatible; YandexBot/3.0; +http://yandex.com/bots)"
13.229.78.155 - - [01/Apr/2025:18:03:31 -0400] "POST /xmlrpc.php HTTP/1.1" 200 0 "-" "python-httpx/0.22.0"
13.229.78.155 - - [01/Apr/2025:18:03:53 -0400] "POST /xmlrpc.php HTTP/1.1" 200 0 "-" "python-httpx/0.22.0"
13.229.78.155 - - [01/Apr/2025:18:04:13 -0400] "POST /xmlrpc.php HTTP/1.1" 200 0 "-" "python-httpx/0.22.0"
13.229.78.155 - - [01/Apr/2025:18:04:33 -0400] "POST /xmlrpc.php HTTP/1.1" 200 0 "-" "python-httpx/0.22.0"
13.229.78.155 - - [01/Apr/2025:18:04:53 -0400] "POST /xmlrpc.php HTTP/1.1" 200 0 "-" "python-httpx/0.22.0"
13.229.78.155 - - [01/Apr/2025:18:05:13 -0400] "POST /xmlrpc.php HTTP/1.1" 200 0 "-" "python-httpx/0.22.0"
13.229.78.155 - - [01/Apr/2025:18:05:33 -0400] "POST /xmlrpc.php HTTP/1.1" 200 0 "-" "python-httpx/0.22.0"
13.229.78.155 - - [01/Apr/2025:18:05:54 -0400] "POST /xmlrpc.php HTTP/1.1" 200 0 "-" "python-httpx/0.22.0"
13.229.78.155 - - [01/Apr/2025:18:06:13 -0400] "POST /xmlrpc.php HTTP/1.1" 200 0 "-" "python-httpx/0.22.0"
13.229.78.155 - - [01/Apr/2025:18:06:33 -0400] "POST /xmlrpc.php HTTP/1.1" 200 0 "-" "python-httpx/0.22.0"
13.229.78.155 - - [01/Apr/2025:18:06:53 -0400] "POST /xmlrpc.php HTTP/1.1" 200 0 "-" "python-httpx/0.22.0"
198.54.114.83 - - [01/Apr/2025:18:07:44 -0400] "POST /wp-admin/admin-ajax.php?action=async_litespeed&nonce=uR7bncQU3oX6rQfBtFbvPeyyFl9twvRa&litespeed_type=imgoptm HTTP/1.1" 200 5 "-" "WordPress/6.7.2; https://economiciorologi.com"
13.229.78.155 - - [01/Apr/2025:18:07:14 -0400] "POST /xmlrpc.php HTTP/1.1" 200 0 "-" "python-httpx/0.22.0"
13.229.78.155 - - [01/Apr/2025:18:07:33 -0400] "POST /xmlrpc.php HTTP/1.1" 200 0 "-" "python-httpx/0.22.0"
13.229.78.155 - - [01/Apr/2025:18:07:53 -0400] "POST /xmlrpc.php HTTP/1.1" 200 0 "-" "python-httpx/0.22.0"
13.229.78.155 - - [01/Apr/2025:18:08:13 -0400] "POST /xmlrpc.php HTTP/1.1" 200 0 "-" "python-httpx/0.22.0"
13.229.78.155 - - [01/Apr/2025:18:08:34 -0400] "POST /xmlrpc.php HTTP/1.1" 200 0 "-" "python-httpx/0.22.0"
13.229.78.155 - - [01/Apr/2025:18:08:56 -0400] "POST /xmlrpc.php HTTP/1.1" 200 0 "-" "python-httpx/0.22.0"
192.42.116.178 - - [01/Apr/2025:18:09:48 -0400] "GET / HTTP/1.1" 200 156270 "https://economiciorologi.com" "Mozilla/5.0 (Windows NT 6.1; rv:24.0) Gecko/20100101 Firefox/24.0"
13.229.78.155 - - [01/Apr/2025:18:09:16 -0400] "POST /xmlrpc.php HTTP/1.1" 200 0 "-" "python-httpx/0.22.0"
13.229.78.155 - - [01/Apr/2025:18:09:36 -0400] "POST /xmlrpc.php HTTP/1.1" 200 0 "-" "python-httpx/0.22.0"
13.229.78.155 - - [01/Apr/2025:18:09:56 -0400] "POST /xmlrpc.php HTTP/1.1" 200 0 "-" "python-httpx/0.22.0"
112.92.70.120 - - [01/Apr/2025:18:10:38 -0400] "GET /gambling-and-esports/ HTTP/1.1" 404 1251 "https://economiciorologi.com" "Mozilla/5.0 (Windows NT 10.0; Win64; x64) AppleWebKit/537.36 (KHTML, like Gecko) Chrome/62.0.3202.94 Safari/537.36"
112.92.70.120 - - [01/Apr/2025:18:10:39 -0400] "GET /gambling-and-esports/ HTTP/1.1" 404 1251 "https://economiciorologi.com" "Mozilla/5.0 (Windows NT 10.0; Win64; x64) AppleWebKit/537.36 (KHTML, like Gecko) Chrome/62.0.3202.94 Safari/537.36"
112.92.70.120 - - [01/Apr/2025:18:10:40 -0400] "GET /gambling-and-esports/ HTTP/1.1" 404 1251 "https://economiciorologi.com" "Mozilla/5.0 (Windows NT 10.0; Win64; x64) AppleWebKit/537.36 (KHTML, like Gecko) Chrome/62.0.3202.94 Safari/537.36"
112.92.70.120 - - [01/Apr/2025:18:10:42 -0400] "GET /gambling-and-esports/ HTTP/1.1" 404 1251 "https://economiciorologi.com" "Mozilla/5.0 (Windows NT 10.0; Win64; x64) AppleWebKit/537.36 (KHTML, like Gecko) Chrome/62.0.3202.94 Safari/537.36"
80.85.246.217 - - [01/Apr/2025:18:10:46 -0400] "GET / HTTP/1.1" 200 156270 "-" "Mozilla/5.0 (Macintosh; Intel Mac OS X 10_15_7) AppleWebKit/537.36 (KHTML, like Gecko) Chrome/133.0.0.0 Safari/537.36"
13.229.78.155 - - [01/Apr/2025:18:10:16 -0400] "POST /xmlrpc.php HTTP/1.1" 200 0 "-" "python-httpx/0.22.0"
13.229.78.155 - - [01/Apr/2025:18:10:36 -0400] "POST /xmlrpc.php HTTP/1.1" 200 0 "-" "python-httpx/0.22.0"
13.229.78.155 - - [01/Apr/2025:18:10:57 -0400] "POST /xmlrpc.php HTTP/1.1" 200 0 "-" "python-httpx/0.22.0"
13.229.78.155 - - [01/Apr/2025:18:11:18 -0400] "POST /xmlrpc.php HTTP/1.1" 200 0 "-" "python-httpx/0.22.0"
13.229.78.155 - - [01/Apr/2025:18:11:36 -0400] "POST /xmlrpc.php HTTP/1.1" 200 0 "-" "python-httpx/0.22.0"
13.229.78.155 - - [01/Apr/2025:18:11:56 -0400] "POST /xmlrpc.php HTTP/1.1" 200 0 "-" "python-httpx/0.22.0"
2a03:2880:f800:1c:: - - [01/Apr/2025:18:12:46 -0400] "GET /semi-professional-football/ HTTP/1.1" 404 1251 "-" "meta-externalagent/1.1 (+https://developers.facebook.com/docs/sharing/webmasters/crawler)"
185.191.171.17 - - [01/Apr/2025:18:12:52 -0400] "GET /crafting-excellence-in-modern-kitchens/ HTTP/1.1" 404 1251 "-" "Mozilla/5.0 (compatible; SemrushBot/7~bl; +http://www.semrush.com/bot.html)"
13.229.78.155 - - [01/Apr/2025:18:12:17 -0400] "POST /xmlrpc.php HTTP/1.1" 200 0 "-" "python-httpx/0.22.0"
13.229.78.155 - - [01/Apr/2025:18:12:36 -0400] "POST /xmlrpc.php HTTP/1.1" 200 0 "-" "python-httpx/0.22.0"
13.229.78.155 - - [01/Apr/2025:18:12:57 -0400] "POST /xmlrpc.php HTTP/1.1" 200 0 "-" "python-httpx/0.22.0"
13.229.78.155 - - [01/Apr/2025:18:13:16 -0400] "POST /xmlrpc.php HTTP/1.1" 200 0 "-" "python-httpx/0.22.0"
13.229.78.155 - - [01/Apr/2025:18:13:37 -0400] "POST /xmlrpc.php HTTP/1.1" 200 0 "-" "python-httpx/0.22.0"
13.229.78.155 - - [01/Apr/2025:18:13:57 -0400] "POST /xmlrpc.php HTTP/1.1" 200 0 "-" "python-httpx/0.22.0"
13.229.78.155 - - [01/Apr/2025:18:14:17 -0400] "POST /xmlrpc.php HTTP/1.1" 200 0 "-" "python-httpx/0.22.0"
45.77.95.4 - - [01/Apr/2025:18:14:58 -0400] "GET /pub/file HTTP/1.1" 404 1251 "-" "Mozilla/5.0 (Macintosh; Intel Mac OS X 10.13; rv:109.0) Gecko/20100101 Firefox/115.0"
13.229.78.155 - - [01/Apr/2025:18:14:37 -0400] "POST /xmlrpc.php HTTP/1.1" 200 0 "-" "python-httpx/0.22.0"
13.229.78.155 - - [01/Apr/2025:18:14:59 -0400] "POST /xmlrpc.php HTTP/1.1" 200 0 "-" "python-httpx/0.22.0"
212.34.153.180 - - [01/Apr/2025:18:15:46 -0400] "GET / HTTP/1.1" 200 156270 "-" "Mozilla/5.0 (Macintosh; Intel Mac OS X 10_15_7) AppleWebKit/537.36 (KHTML, like Gecko) Chrome/133.0.0.0 Safari/537.36"
13.229.78.155 - - [01/Apr/2025:18:15:19 -0400] "POST /xmlrpc.php HTTP/1.1" 200 0 "-" "python-httpx/0.22.0"
13.229.78.155 - - [01/Apr/2025:18:15:39 -0400] "POST /xmlrpc.php HTTP/1.1" 200 0 "-" "python-httpx/0.22.0"
13.229.78.155 - - [01/Apr/2025:18:16:00 -0400] "POST /xmlrpc.php HTTP/1.1" 200 0 "-" "python-httpx/0.22.0"
91.84.109.110 - - [01/Apr/2025:18:16:45 -0400] "GET / HTTP/1.1" 200 156270 "-" "Mozilla/5.0 (Macintosh; Intel Mac OS X 10_15_7) AppleWebKit/537.36 (KHTML, like Gecko) Chrome/133.0.0.0 Safari/537.36"
13.229.78.155 - - [01/Apr/2025:18:16:19 -0400] "POST /xmlrpc.php HTTP/1.1" 200 0 "-" "python-httpx/0.22.0"
13.229.78.155 - - [01/Apr/2025:18:16:40 -0400] "POST /xmlrpc.php HTTP/1.1" 200 0 "-" "python-httpx/0.22.0"
13.229.78.155 - - [01/Apr/2025:18:17:00 -0400] "POST /xmlrpc.php HTTP/1.1" 200 0 "-" "python-httpx/0.22.0"
13.229.78.155 - - [01/Apr/2025:18:17:20 -0400] "POST /xmlrpc.php HTTP/1.1" 200 0 "-" "python-httpx/0.22.0"
13.229.78.155 - - [01/Apr/2025:18:17:41 -0400] "POST /xmlrpc.php HTTP/1.1" 200 0 "-" "python-httpx/0.22.0"
13.229.78.155 - - [01/Apr/2025:18:18:01 -0400] "POST /xmlrpc.php HTTP/1.1" 200 0 "-" "python-httpx/0.22.0"
13.229.78.155 - - [01/Apr/2025:18:18:21 -0400] "POST /xmlrpc.php HTTP/1.1" 200 0 "-" "python-httpx/0.22.0"
13.229.78.155 - - [01/Apr/2025:18:18:42 -0400] "POST /xmlrpc.php HTTP/1.1" 200 0 "-" "python-httpx/0.22.0"
185.191.171.6 - - [01/Apr/2025:18:19:36 -0400] "GET /the-role-of-a-nutritionist-during-menopause/ HTTP/1.1" 404 1251 "-" "Mozilla/5.0 (compatible; SemrushBot/7~bl; +http://www.semrush.com/bot.html)"
13.229.78.155 - - [01/Apr/2025:18:19:02 -0400] "POST /xmlrpc.php HTTP/1.1" 200 0 "-" "python-httpx/0.22.0"
13.229.78.155 - - [01/Apr/2025:18:19:21 -0400] "POST /xmlrpc.php HTTP/1.1" 200 0 "-" "python-httpx/0.22.0"
13.229.78.155 - - [01/Apr/2025:18:19:41 -0400] "POST /xmlrpc.php HTTP/1.1" 200 0 "-" "python-httpx/0.22.0"
13.229.78.155 - - [01/Apr/2025:18:20:01 -0400] "POST /xmlrpc.php HTTP/1.1" 200 0 "-" "python-httpx/0.22.0"
13.229.78.155 - - [01/Apr/2025:18:20:22 -0400] "POST /xmlrpc.php HTTP/1.1" 200 0 "-" "python-httpx/0.22.0"
13.229.78.155 - - [01/Apr/2025:18:20:41 -0400] "POST /xmlrpc.php HTTP/1.1" 200 0 "-" "python-httpx/0.22.0"
13.229.78.155 - - [01/Apr/2025:18:21:02 -0400] "POST /xmlrpc.php HTTP/1.1" 200 0 "-" "python-httpx/0.22.0"
136.243.228.178 - - [01/Apr/2025:18:21:52 -0400] "GET /thermal-paste-what-you-need-to-know/ HTTP/1.1" 404 1251 "-" "Mozilla/5.0 (compatible; DataForSeoBot/1.0; +https://dataforseo.com/dataforseo-bot)"
13.229.78.155 - - [01/Apr/2025:18:21:23 -0400] "POST /xmlrpc.php HTTP/1.1" 200 0 "-" "python-httpx/0.22.0"
13.229.78.155 - - [01/Apr/2025:18:21:43 -0400] "POST /xmlrpc.php HTTP/1.1" 200 0 "-" "python-httpx/0.22.0"
13.229.78.155 - - [01/Apr/2025:18:22:05 -0400] "POST /xmlrpc.php HTTP/1.1" 200 0 "-" "python-httpx/0.22.0"
13.229.78.155 - - [01/Apr/2025:18:22:44 -0400] "POST /xmlrpc.php HTTP/1.1" 200 0 "-" "python-httpx/0.22.0"
13.229.78.155 - - [01/Apr/2025:18:22:23 -0400] "POST /xmlrpc.php HTTP/1.1" 200 0 "-" "python-httpx/0.22.0"
47.82.10.204 - - [01/Apr/2025:18:26:14 -0400] "GET /wp-admin/load-scripts.php HTTP/1.1" 200 0 "-" "Mozilla/5.0 (Windows NT 10.0; Win64; x64) AppleWebKit/537.36 (KHTML, like Gecko) Chrome/114.0.0.0 Safari/537.36 Edg/114.0.1823.43"
47.82.10.112 - - [01/Apr/2025:18:29:00 -0400] "GET /wp-admin/js/password-strength-meter.min.js HTTP/1.1" 200 558 "-" "Mozilla/5.0 (Windows NT 10.0; Win64; x64) AppleWebKit/537.36 (KHTML, like Gecko) Chrome/114.0.0.0 Safari/537.36 Edg/114.0.1823.43"
