13.229.78.155 - - [01/Apr/2025:22:51:13 -0400] "POST /xmlrpc.php HTTP/1.1" 200 0 "-" "python-httpx/0.22.0"
13.229.78.155 - - [01/Apr/2025:22:51:33 -0400] "POST /xmlrpc.php HTTP/1.1" 200 0 "-" "python-httpx/0.22.0"
13.229.78.155 - - [01/Apr/2025:22:51:53 -0400] "POST /xmlrpc.php HTTP/1.1" 200 0 "-" "python-httpx/0.22.0"
34.169.31.233 - - [01/Apr/2025:22:52:42 -0400] "GET /revolutionizing-productivity-taskade-ai-agents/ HTTP/1.1" 404 1251 "-" "Mozilla/5.0 (Macintosh; Intel Mac OS X 10.15; rv:109.0) Gecko/20100101 Firefox/116.0"
34.169.31.233 - - [01/Apr/2025:22:52:42 -0400] "GET /why-its-important-to-hire-an-electrician/ HTTP/1.1" 404 1251 "-" "Mozilla/5.0 (Macintosh; Intel Mac OS X 10_15_7) AppleWebKit/605.1.15 (KHTML, like Gecko) Version/17.0 Safari/605.1.15"
13.229.78.155 - - [01/Apr/2025:22:52:13 -0400] "POST /xmlrpc.php HTTP/1.1" 200 0 "-" "python-httpx/0.22.0"
13.229.78.155 - - [01/Apr/2025:22:52:33 -0400] "POST /xmlrpc.php HTTP/1.1" 200 0 "-" "python-httpx/0.22.0"
13.229.78.155 - - [01/Apr/2025:22:52:54 -0400] "POST /xmlrpc.php HTTP/1.1" 200 0 "-" "python-httpx/0.22.0"
13.229.78.155 - - [01/Apr/2025:22:53:15 -0400] "POST /xmlrpc.php HTTP/1.1" 200 0 "-" "python-httpx/0.22.0"
34.169.175.120 - - [01/Apr/2025:22:53:58 -0400] "GET /streamlining-digital-connections/ HTTP/1.1" 404 1251 "-" "Mozilla/5.0 (Macintosh; Intel Mac OS X 10_15_7) AppleWebKit/605.1.15 (KHTML, like Gecko) Version/17.0 Safari/605.1.15"
13.229.78.155 - - [01/Apr/2025:22:53:33 -0400] "POST /xmlrpc.php HTTP/1.1" 200 0 "-" "python-httpx/0.22.0"
13.229.78.155 - - [01/Apr/2025:22:53:53 -0400] "POST /xmlrpc.php HTTP/1.1" 200 0 "-" "python-httpx/0.22.0"
13.229.78.155 - - [01/Apr/2025:22:54:13 -0400] "POST /xmlrpc.php HTTP/1.1" 200 0 "-" "python-httpx/0.22.0"
13.229.78.155 - - [01/Apr/2025:22:54:33 -0400] "POST /xmlrpc.php HTTP/1.1" 200 0 "-" "python-httpx/0.22.0"
13.229.78.155 - - [01/Apr/2025:22:54:53 -0400] "POST /xmlrpc.php HTTP/1.1" 200 0 "-" "python-httpx/0.22.0"
13.229.78.155 - - [01/Apr/2025:22:55:13 -0400] "POST /xmlrpc.php HTTP/1.1" 200 0 "-" "python-httpx/0.22.0"
13.229.78.155 - - [01/Apr/2025:22:55:34 -0400] "POST /xmlrpc.php HTTP/1.1" 200 0 "-" "python-httpx/0.22.0"
13.229.78.155 - - [01/Apr/2025:22:55:54 -0400] "POST /xmlrpc.php HTTP/1.1" 200 0 "-" "python-httpx/0.22.0"
13.229.78.155 - - [01/Apr/2025:22:56:14 -0400] "POST /xmlrpc.php HTTP/1.1" 200 0 "-" "python-httpx/0.22.0"
13.229.78.155 - - [01/Apr/2025:22:56:34 -0400] "POST /xmlrpc.php HTTP/1.1" 200 0 "-" "python-httpx/0.22.0"
13.229.78.155 - - [01/Apr/2025:22:56:53 -0400] "POST /xmlrpc.php HTTP/1.1" 200 0 "-" "python-httpx/0.22.0"
13.229.78.155 - - [01/Apr/2025:22:57:13 -0400] "POST /xmlrpc.php HTTP/1.1" 200 0 "-" "python-httpx/0.22.0"
13.229.78.155 - - [01/Apr/2025:22:57:34 -0400] "POST /xmlrpc.php HTTP/1.1" 200 0 "-" "python-httpx/0.22.0"
85.208.96.193 - - [01/Apr/2025:22:58:27 -0400] "GET /socket-head-screw/ HTTP/1.1" 404 1251 "-" "Mozilla/5.0 (compatible; SemrushBot/7~bl; +http://www.semrush.com/bot.html)"
13.229.78.155 - - [01/Apr/2025:22:57:55 -0400] "POST /xmlrpc.php HTTP/1.1" 200 0 "-" "python-httpx/0.22.0"
13.229.78.155 - - [01/Apr/2025:22:58:15 -0400] "POST /xmlrpc.php HTTP/1.1" 200 0 "-" "python-httpx/0.22.0"
17.241.75.25 - - [01/Apr/2025:22:59:05 -0400] "GET /robots.txt HTTP/1.1" 200 23 "-" "Mozilla/5.0 (Macintosh; Intel Mac OS X 10_15_7) AppleWebKit/605.1.15 (KHTML, like Gecko) Version/17.4 Safari/605.1.15 (Applebot/0.1; +http://www.apple.com/go/applebot)"
17.241.75.25 - - [01/Apr/2025:22:59:06 -0400] "GET /the-ultimate-portable-fire-pump/ HTTP/1.1" 404 1251 "-" "Mozilla/5.0 (Macintosh; Intel Mac OS X 10_15_7) AppleWebKit/605.1.15 (KHTML, like Gecko) Version/17.4 Safari/605.1.15 (Applebot/0.1; +http://www.apple.com/go/applebot)"
13.229.78.155 - - [01/Apr/2025:22:58:35 -0400] "POST /xmlrpc.php HTTP/1.1" 200 0 "-" "python-httpx/0.22.0"
13.229.78.155 - - [01/Apr/2025:22:58:55 -0400] "POST /xmlrpc.php HTTP/1.1" 200 0 "-" "python-httpx/0.22.0"
34.145.10.195 - - [01/Apr/2025:22:59:41 -0400] "GET /no-6-michael-kors-beverly-fold-over-clutch HTTP/1.1" 404 1251 "-" "Mozilla/5.0 (Windows NT 10.0; Win64; x64) AppleWebKit/537.36 (KHTML, like Gecko) Chrome/121.0.0.0 Safari/537.36 Edg/121.0.0.0"
13.229.78.155 - - [01/Apr/2025:22:59:15 -0400] "POST /xmlrpc.php HTTP/1.1" 200 0 "-" "python-httpx/0.22.0"
13.229.78.155 - - [01/Apr/2025:22:59:37 -0400] "POST /xmlrpc.php HTTP/1.1" 200 0 "-" "python-httpx/0.22.0"
13.229.78.155 - - [01/Apr/2025:22:59:55 -0400] "POST /xmlrpc.php HTTP/1.1" 200 0 "-" "python-httpx/0.22.0"
13.229.78.155 - - [01/Apr/2025:23:00:16 -0400] "POST /xmlrpc.php HTTP/1.1" 200 0 "-" "python-httpx/0.22.0"
13.229.78.155 - - [01/Apr/2025:23:00:35 -0400] "POST /xmlrpc.php HTTP/1.1" 200 0 "-" "python-httpx/0.22.0"
13.229.78.155 - - [01/Apr/2025:23:00:55 -0400] "POST /xmlrpc.php HTTP/1.1" 200 0 "-" "python-httpx/0.22.0"
13.229.78.155 - - [01/Apr/2025:23:01:19 -0400] "POST /xmlrpc.php HTTP/1.1" 200 0 "-" "python-httpx/0.22.0"
185.191.171.4 - - [01/Apr/2025:23:02:06 -0400] "GET /category/activity/page/134/ HTTP/1.1" 404 1251 "-" "Mozilla/5.0 (compatible; SemrushBot/7~bl; +http://www.semrush.com/bot.html)"
13.229.78.155 - - [01/Apr/2025:23:01:37 -0400] "POST /xmlrpc.php HTTP/1.1" 200 0 "-" "python-httpx/0.22.0"
158.220.123.227 - - [01/Apr/2025:23:02:36 -0400] "GET /robots.txt HTTP/1.1" 304 0 "-" "Mozilla/5.0 (compatible; MJ12bot/v1.4.8; http://mj12bot.com/)"
13.229.78.155 - - [01/Apr/2025:23:01:57 -0400] "POST /xmlrpc.php HTTP/1.1" 200 0 "-" "python-httpx/0.22.0"
4.227.36.104 - - [01/Apr/2025:23:02:37 -0400] "GET /robots.txt HTTP/1.1" 304 0 "-" "Mozilla/5.0 AppleWebKit/537.36 (KHTML, like Gecko; compatible; GPTBot/1.2; +https://openai.com/gptbot)"
158.220.123.227 - - [01/Apr/2025:23:02:39 -0400] "GET /ameliorer-le-confort-acoustique-avec-des-panneaux-en-bois/ HTTP/1.1" 404 1251 "-" "Mozilla/5.0 (compatible; MJ12bot/v1.4.8; http://mj12bot.com/)"
158.220.123.227 - - [01/Apr/2025:23:02:40 -0400] "GET /ameliorer-le-confort-acoustique-avec-des-panneaux-en-bois/feed/ HTTP/1.1" 404 1251 "-" "Mozilla/5.0 (compatible; MJ12bot/v1.4.8; http://mj12bot.com/)"
158.220.123.227 - - [01/Apr/2025:23:02:42 -0400] "GET /cabinet-manufacturers-can-offer-a-variety-of-colors-designs-styles-and-features-for-kitchens-of-all-sizes/ HTTP/1.1" 404 1251 "-" "Mozilla/5.0 (compatible; MJ12bot/v1.4.8; http://mj12bot.com/)"
158.220.123.227 - - [01/Apr/2025:23:02:44 -0400] "GET /flores-y-arreglos/ HTTP/1.1" 404 1251 "-" "Mozilla/5.0 (compatible; MJ12bot/v1.4.8; http://mj12bot.com/)"
158.220.123.227 - - [01/Apr/2025:23:02:46 -0400] "GET /how-to-love-a-selfish-partner/feed/ HTTP/1.1" 404 1251 "-" "Mozilla/5.0 (compatible; MJ12bot/v1.4.8; http://mj12bot.com/)"
158.220.123.227 - - [01/Apr/2025:23:02:49 -0400] "GET /page/140/ HTTP/1.1" 404 1251 "-" "Mozilla/5.0 (compatible; MJ12bot/v1.4.8; http://mj12bot.com/)"
158.220.123.227 - - [01/Apr/2025:23:02:51 -0400] "GET /page/29/ HTTP/1.1" 404 1251 "-" "Mozilla/5.0 (compatible; MJ12bot/v1.4.8; http://mj12bot.com/)"
158.220.123.227 - - [01/Apr/2025:23:02:53 -0400] "GET /streamlining-data-movement-the-art-of-efficient-file-transfer/ HTTP/1.1" 404 1251 "-" "Mozilla/5.0 (compatible; MJ12bot/v1.4.8; http://mj12bot.com/)"
158.220.123.227 - - [01/Apr/2025:23:02:55 -0400] "GET /what-is-therapy/ HTTP/1.1" 404 1251 "-" "Mozilla/5.0 (compatible; MJ12bot/v1.4.8; http://mj12bot.com/)"
13.229.78.155 - - [01/Apr/2025:23:02:18 -0400] "POST /xmlrpc.php HTTP/1.1" 200 0 "-" "python-httpx/0.22.0"
13.229.78.155 - - [01/Apr/2025:23:02:37 -0400] "POST /xmlrpc.php HTTP/1.1" 200 0 "-" "python-httpx/0.22.0"
13.229.78.155 - - [01/Apr/2025:23:02:58 -0400] "POST /xmlrpc.php HTTP/1.1" 200 0 "-" "python-httpx/0.22.0"
185.191.171.1 - - [01/Apr/2025:23:03:54 -0400] "GET /get-a-moving-quote/ HTTP/1.1" 404 1251 "-" "Mozilla/5.0 (compatible; SemrushBot/7~bl; +http://www.semrush.com/bot.html)"
13.229.78.155 - - [01/Apr/2025:23:03:17 -0400] "POST /xmlrpc.php HTTP/1.1" 200 0 "-" "python-httpx/0.22.0"
13.229.78.155 - - [01/Apr/2025:23:03:38 -0400] "POST /xmlrpc.php HTTP/1.1" 200 0 "-" "python-httpx/0.22.0"
13.229.78.155 - - [01/Apr/2025:23:03:57 -0400] "POST /xmlrpc.php HTTP/1.1" 200 0 "-" "python-httpx/0.22.0"
13.229.78.155 - - [01/Apr/2025:23:04:18 -0400] "POST /xmlrpc.php HTTP/1.1" 200 0 "-" "python-httpx/0.22.0"
13.229.78.155 - - [01/Apr/2025:23:04:38 -0400] "POST /xmlrpc.php HTTP/1.1" 200 0 "-" "python-httpx/0.22.0"
13.229.78.155 - - [01/Apr/2025:23:04:58 -0400] "POST /xmlrpc.php HTTP/1.1" 200 0 "-" "python-httpx/0.22.0"
13.229.78.155 - - [01/Apr/2025:23:05:19 -0400] "POST /xmlrpc.php HTTP/1.1" 200 0 "-" "python-httpx/0.22.0"
13.229.78.155 - - [01/Apr/2025:23:05:38 -0400] "POST /xmlrpc.php HTTP/1.1" 200 0 "-" "python-httpx/0.22.0"
13.229.78.155 - - [01/Apr/2025:23:05:59 -0400] "POST /xmlrpc.php HTTP/1.1" 200 0 "-" "python-httpx/0.22.0"
13.229.78.155 - - [01/Apr/2025:23:06:18 -0400] "POST /xmlrpc.php HTTP/1.1" 200 0 "-" "python-httpx/0.22.0"
13.229.78.155 - - [01/Apr/2025:23:06:38 -0400] "POST /xmlrpc.php HTTP/1.1" 200 0 "-" "python-httpx/0.22.0"
13.229.78.155 - - [01/Apr/2025:23:07:02 -0400] "POST /xmlrpc.php HTTP/1.1" 200 0 "-" "python-httpx/0.22.0"
13.229.78.155 - - [01/Apr/2025:23:07:23 -0400] "POST /xmlrpc.php HTTP/1.1" 200 0 "-" "python-httpx/0.22.0"
13.229.78.155 - - [01/Apr/2025:23:07:41 -0400] "POST /xmlrpc.php HTTP/1.1" 200 0 "-" "python-httpx/0.22.0"
58.254.68.93 - - [01/Apr/2025:23:08:31 -0400] "GET /easter-bowl-2008/ HTTP/1.1" 404 1251 "https://economiciorologi.com" "Mozilla/5.0 (Windows NT 10.0; Win64; x64) AppleWebKit/537.36 (KHTML, like Gecko) Chrome/62.0.3202.94 Safari/537.36"
136.243.228.178 - - [01/Apr/2025:23:08:33 -0400] "GET /rechtsanwalt-die-rolle-eines-anwalts-in-der-deutschen-rechtsprechung/ HTTP/1.1" 404 1251 "-" "Mozilla/5.0 (compatible; DataForSeoBot/1.0; +https://dataforseo.com/dataforseo-bot)"
58.254.68.93 - - [01/Apr/2025:23:08:34 -0400] "GET /easter-bowl-2008/ HTTP/1.1" 404 1251 "https://economiciorologi.com" "Mozilla/5.0 (Windows NT 10.0; Win64; x64) AppleWebKit/537.36 (KHTML, like Gecko) Chrome/62.0.3202.94 Safari/537.36"
13.229.78.155 - - [01/Apr/2025:23:08:03 -0400] "POST /xmlrpc.php HTTP/1.1" 200 0 "-" "python-httpx/0.22.0"
13.229.78.155 - - [01/Apr/2025:23:08:22 -0400] "POST /xmlrpc.php HTTP/1.1" 200 0 "-" "python-httpx/0.22.0"
13.229.78.155 - - [01/Apr/2025:23:08:42 -0400] "POST /xmlrpc.php HTTP/1.1" 200 0 "-" "python-httpx/0.22.0"
58.254.68.93 - - [01/Apr/2025:23:09:36 -0400] "GET /le-tour-dhorizon-des-t-shirts-pour-femmes-les-plus-chics/ HTTP/1.1" 404 1251 "https://economiciorologi.com" "Mozilla/5.0 (Windows NT 10.0; Win64; x64) AppleWebKit/537.36 (KHTML, like Gecko) Chrome/62.0.3202.94 Safari/537.36"
58.254.68.93 - - [01/Apr/2025:23:09:37 -0400] "GET /le-tour-dhorizon-des-t-shirts-pour-femmes-les-plus-chics/ HTTP/1.1" 404 1251 "https://economiciorologi.com" "Mozilla/5.0 (Windows NT 10.0; Win64; x64) AppleWebKit/537.36 (KHTML, like Gecko) Chrome/62.0.3202.94 Safari/537.36"
58.254.68.93 - - [01/Apr/2025:23:09:40 -0400] "GET /le-tour-dhorizon-des-t-shirts-pour-femmes-les-plus-chics/ HTTP/1.1" 404 1251 "https://economiciorologi.com" "Mozilla/5.0 (Windows NT 10.0; Win64; x64) AppleWebKit/537.36 (KHTML, like Gecko) Chrome/62.0.3202.94 Safari/537.36"
13.229.78.155 - - [01/Apr/2025:23:09:03 -0400] "POST /xmlrpc.php HTTP/1.1" 200 0 "-" "python-httpx/0.22.0"
58.254.68.93 - - [01/Apr/2025:23:09:42 -0400] "GET /le-tour-dhorizon-des-t-shirts-pour-femmes-les-plus-chics/ HTTP/1.1" 404 1251 "https://economiciorologi.com" "Mozilla/5.0 (Windows NT 10.0; Win64; x64) AppleWebKit/537.36 (KHTML, like Gecko) Chrome/62.0.3202.94 Safari/537.36"
13.229.78.155 - - [01/Apr/2025:23:09:24 -0400] "POST /xmlrpc.php HTTP/1.1" 200 0 "-" "python-httpx/0.22.0"
13.229.78.155 - - [01/Apr/2025:23:09:42 -0400] "POST /xmlrpc.php HTTP/1.1" 200 0 "-" "python-httpx/0.22.0"
13.229.78.155 - - [01/Apr/2025:23:10:02 -0400] "POST /xmlrpc.php HTTP/1.1" 200 0 "-" "python-httpx/0.22.0"
13.229.78.155 - - [01/Apr/2025:23:10:23 -0400] "POST /xmlrpc.php HTTP/1.1" 200 0 "-" "python-httpx/0.22.0"
13.229.78.155 - - [01/Apr/2025:23:10:43 -0400] "POST /xmlrpc.php HTTP/1.1" 200 0 "-" "python-httpx/0.22.0"
13.229.78.155 - - [01/Apr/2025:23:11:02 -0400] "POST /xmlrpc.php HTTP/1.1" 200 0 "-" "python-httpx/0.22.0"
13.229.78.155 - - [01/Apr/2025:23:11:22 -0400] "POST /xmlrpc.php HTTP/1.1" 200 0 "-" "python-httpx/0.22.0"
13.229.78.155 - - [01/Apr/2025:23:12:04 -0400] "POST /xmlrpc.php HTTP/1.1" 200 0 "-" "python-httpx/0.22.0"
13.229.78.155 - - [01/Apr/2025:23:11:43 -0400] "POST /xmlrpc.php HTTP/1.1" 200 0 "-" "python-httpx/0.22.0"
37.139.53.195 - - [01/Apr/2025:23:15:20 -0400] "GET /cbd-shop-uk-review/ HTTP/1.1" 404 1251 "https://economiciorologi.com/cbd-shop-uk-review/#comment-40443/" "Mozilla/5.0 (Windows NT 10.0; Win64; x64) AppleWebKit/537.36 (KHTML, like Gecko) Chrome/131.0.0.0 Safari/537.36 Avast/131.0.0.0"
37.139.53.195 - - [01/Apr/2025:23:15:21 -0400] "GET / HTTP/1.1" 200 156270 "https://economiciorologi.com/" "Mozilla/5.0 (Windows NT 10.0; Win64; x64) AppleWebKit/537.36 (KHTML, like Gecko) Chrome/131.0.0.0 Safari/537.36 Avast/131.0.0.0"
212.118.53.218 - - [01/Apr/2025:23:18:13 -0400] "GET / HTTP/1.1" 200 156270 "-" "Mozilla/5.0 (Macintosh; Intel Mac OS X 10_15_7) AppleWebKit/537.36 (KHTML, like Gecko) Chrome/133.0.0.0 Safari/537.36"
85.208.96.204 - - [01/Apr/2025:23:18:34 -0400] "GET /the-art-of-custom-pc-building/ HTTP/1.1" 404 1251 "-" "Mozilla/5.0 (compatible; SemrushBot/7~bl; +http://www.semrush.com/bot.html)"
58.254.68.93 - - [01/Apr/2025:23:18:56 -0400] "GET /gambling-and-esports/ HTTP/1.1" 404 1251 "https://economiciorologi.com" "Mozilla/5.0 (Windows NT 10.0; Win64; x64) AppleWebKit/537.36 (KHTML, like Gecko) Chrome/62.0.3202.94 Safari/537.36"
58.254.68.93 - - [01/Apr/2025:23:19:00 -0400] "GET /gambling-and-esports/ HTTP/1.1" 404 1251 "https://economiciorologi.com" "Mozilla/5.0 (Windows NT 10.0; Win64; x64) AppleWebKit/537.36 (KHTML, like Gecko) Chrome/62.0.3202.94 Safari/537.36"
58.254.68.93 - - [01/Apr/2025:23:19:03 -0400] "GET /gambling-and-esports/ HTTP/1.1" 404 1251 "https://economiciorologi.com" "Mozilla/5.0 (Windows NT 10.0; Win64; x64) AppleWebKit/537.36 (KHTML, like Gecko) Chrome/62.0.3202.94 Safari/537.36"
58.254.68.93 - - [01/Apr/2025:23:19:06 -0400] "GET /gambling-and-esports/ HTTP/1.1" 404 1251 "https://economiciorologi.com" "Mozilla/5.0 (Windows NT 10.0; Win64; x64) AppleWebKit/537.36 (KHTML, like Gecko) Chrome/62.0.3202.94 Safari/537.36"
2a03:2880:f800:d:: - - [01/Apr/2025:23:25:11 -0400] "GET /how-to-select-a-tube-ice-machine/ HTTP/1.1" 404 1251 "-" "meta-externalagent/1.1 (+https://developers.facebook.com/docs/sharing/webmasters/crawler)"
85.208.96.196 - - [01/Apr/2025:23:32:22 -0400] "GET /robots.txt HTTP/1.1" 304 0 "-" "Mozilla/5.0 (compatible; SemrushBot/7~bl; +http://www.semrush.com/bot.html)"
85.208.96.204 - - [01/Apr/2025:23:32:24 -0400] "GET /page/79/ HTTP/1.1" 404 1251 "-" "Mozilla/5.0 (compatible; SemrushBot/7~bl; +http://www.semrush.com/bot.html)"
211.46.42.140 - - [01/Apr/2025:23:34:23 -0400] "GET /relax-and-recharge-with-business-trip-massage/ HTTP/1.1" 404 1251 "https://economiciorologi.com/relax-and-recharge-with-business-trip-massage/#comment-40664" "Mozilla/5.0 (Windows NT 6.2; Win64; x64) AppleWebKit/537.36 (KHTML, like Gecko) Chrome/103.0.0.0 Safari/537.36"
211.46.42.140 - - [01/Apr/2025:23:34:24 -0400] "GET /steroids-thailand/ HTTP/1.1" 404 1251 "https://economiciorologi.com/steroids-thailand/#comment-39828" "Mozilla/5.0 (Windows NT 10.0; Win64; x64) AppleWebKit/537.36 (KHTML, like Gecko) Chrome/103.0.5060.66 Safari/537.36"
211.46.42.140 - - [01/Apr/2025:23:34:26 -0400] "GET / HTTP/1.1" 200 156270 "https://economiciorologi.com/" "Mozilla/5.0 (Windows NT 6.2; Win64; x64) AppleWebKit/537.36 (KHTML, like Gecko) Chrome/103.0.0.0 Safari/537.36"
211.46.42.140 - - [01/Apr/2025:23:34:27 -0400] "GET / HTTP/1.1" 200 156270 "https://economiciorologi.com/" "Mozilla/5.0 (Windows NT 10.0; Win64; x64) AppleWebKit/537.36 (KHTML, like Gecko) Chrome/103.0.5060.66 Safari/537.36"
211.46.42.140 - - [01/Apr/2025:23:34:27 -0400] "GET /the-evolution-and-impact-of-t-shirts/ HTTP/1.1" 404 1251 "https://economiciorologi.com/the-evolution-and-impact-of-t-shirts/#comment-39763" "Mozilla/5.0 (Windows NT 6.1) AppleWebKit/537.36 (KHTML, like Gecko) Chrome/103.0.5060.114 Safari/537.36"
211.46.42.140 - - [01/Apr/2025:23:34:28 -0400] "GET /the-ethical-approach-to-buying-youtube-views/ HTTP/1.1" 404 1251 "https://economiciorologi.com/the-ethical-approach-to-buying-youtube-views/#comment-40663" "Mozilla/5.0 (Windows NT 10.0; Win64; x64) AppleWebKit/537.36 (KHTML, like Gecko) Chrome/103.0.5060.134 Safari/537.36"
211.46.42.140 - - [01/Apr/2025:23:34:29 -0400] "GET /unlock-efficiency-with-heavy-duty-forklift-rentals/ HTTP/1.1" 404 1251 "https://economiciorologi.com/unlock-efficiency-with-heavy-duty-forklift-rentals/#comment-40662" "Mozilla/5.0 (Windows NT 6.3; Win64; x64) AppleWebKit/537.36 (KHTML, like Gecko) Chrome/103.0.5060.53 Safari/537.36"
211.46.42.140 - - [01/Apr/2025:23:34:30 -0400] "GET / HTTP/1.1" 200 156270 "https://economiciorologi.com/" "Mozilla/5.0 (Windows NT 10.0; Win64; x64) AppleWebKit/537.36 (KHTML, like Gecko) Chrome/103.0.5060.134 Safari/537.36"
211.46.42.140 - - [01/Apr/2025:23:34:32 -0400] "GET / HTTP/1.1" 200 156270 "https://economiciorologi.com/" "Mozilla/5.0 (Windows NT 6.1) AppleWebKit/537.36 (KHTML, like Gecko) Chrome/103.0.5060.114 Safari/537.36"
211.46.42.140 - - [01/Apr/2025:23:34:32 -0400] "GET / HTTP/1.1" 200 156270 "https://economiciorologi.com/" "Mozilla/5.0 (Windows NT 6.3; Win64; x64) AppleWebKit/537.36 (KHTML, like Gecko) Chrome/103.0.5060.53 Safari/537.36"
47.82.24.226 - - [01/Apr/2025:23:35:29 -0400] "GET /schwebende-eleganz-die-faszination-von-hangelampen/ HTTP/1.1" 404 1251 "-" "Mozilla/5.0 (Macintosh; Intel Mac OS X 10_15_7) AppleWebKit/605.1.15 (KHTML, like Gecko) Version/17.0.1 Safari/605.1.15"
2a03:2880:f800:1b:: - - [01/Apr/2025:23:37:29 -0400] "GET /fun-ice-breaker-questions-for-work/ HTTP/1.1" 404 1251 "-" "meta-externalagent/1.1 (+https://developers.facebook.com/docs/sharing/webmasters/crawler)"
34.145.68.13 - - [01/Apr/2025:23:38:27 -0400] "GET /what-is-the-dark-web-how-many-parts-are-on-dark-web HTTP/1.1" 404 1251 "-" "Mozilla/5.0 (X11; Linux x86_64) AppleWebKit/537.36 (KHTML, like Gecko) Chrome/124.0.0.0 Safari/537.36"
34.145.110.128 - - [01/Apr/2025:23:41:30 -0400] "GET /diamond-painting-acce HTTP/1.1" 404 1251 "-" "Mozilla/5.0 (Macintosh; Intel Mac OS X 10.15; rv:124.0) Gecko/20100101 Firefox/124.0"
185.191.171.8 - - [01/Apr/2025:23:47:06 -0400] "GET /elegance-et-praticite/ HTTP/1.1" 404 1251 "-" "Mozilla/5.0 (compatible; SemrushBot/7~bl; +http://www.semrush.com/bot.html)"
64.233.173.150 - - [01/Apr/2025:23:50:31 -0400] "GET /.well-known/traffic-advice HTTP/1.1" 404 1251 "-" "Chrome Privacy Preserving Prefetch Proxy"
2001:4860:7:506::d1 - - [01/Apr/2025:23:50:31 -0400] "GET / HTTP/1.1" 200 156270 "https://www.google.com/" "Mozilla/5.0 (Windows NT 10.0; Win64; x64) AppleWebKit/537.36 (KHTML, like Gecko) Chrome/134.0.0.0 Safari/537.36"
95.108.213.100 - - [01/Apr/2025:23:54:58 -0400] "GET /robots.txt HTTP/1.1" 304 0 "-" "Mozilla/5.0 (compatible; YandexBot/3.0; +http://yandex.com/bots)"
95.108.213.227 - - [01/Apr/2025:23:55:00 -0400] "GET / HTTP/1.1" 200 156270 "-" "Mozilla/5.0 (compatible; YandexBot/3.0; +http://yandex.com/bots)"
212.8.248.108 - - [01/Apr/2025:23:58:40 -0400] "GET /cloud-disaster-recovery-services HTTP/1.1" 404 1251 "-" "Mozilla/5.0 (Windows NT 10.0; Win64; x64) AppleWebKit/537.36 (KHTML, like Gecko) Chrome/118.0.0.0 Safari/537.36"
47.79.116.14 - - [01/Apr/2025:23:58:45 -0400] "GET /locksmith-lincoln-park/ HTTP/1.1" 404 1251 "-" "Mozilla/5.0 (iPhone; CPU iPhone OS 17_0 like Mac OS X) AppleWebKit/605.1.15 (KHTML, like Gecko) EdgiOS/116.0.1938.56 Version/17.0 Mobile/15E148 Safari/604.1"
198.54.114.83 - - [01/Apr/2025:23:59:45 -0400] "POST /wp-admin/admin-ajax.php?action=async_litespeed&nonce=AoBiyh8Wc0oLjhgBFPmNnBOolleqgvsW&litespeed_type=imgoptm HTTP/1.1" 200 0 "-" "WordPress/6.7.2; https://economiciorologi.com"
13.229.78.155 - - [01/Apr/2025:23:59:46 -0400] "GET /wp-admin/ HTTP/1.1" 302 0 "-" "Mozilla/5.0 (X11; Linux x86_64; rv:52.0) Gecko/20100101 Firefox/52.0"
13.229.78.155 - - [01/Apr/2025:23:59:47 -0400] "GET /wp-login.php?redirect_to=https%3A%2F%2Feconomiciorologi.com%2Fwp-admin%2F&reauth=1 HTTP/1.1" 200 1733 "-" "Mozilla/5.0 (X11; Linux x86_64; rv:52.0) Gecko/20100101 Firefox/52.0"
45.132.184.159 - - [02/Apr/2025:00:00:55 -0400] "GET /unlocking-victory-the-art-of-league-of-legends-mastery/ HTTP/1.1" 404 1251 "https://economiciorologi.com/unlocking-victory-the-art-of-league-of-legends-mastery/" "Mozilla/5.0 (Windows NT 10.0; Win64; x64) AppleWebKit/537.36 (KHTML, like Gecko) Chrome/131.0.0.0 Safari/537.36"
45.132.184.159 - - [02/Apr/2025:00:00:58 -0400] "GET / HTTP/1.1" 200 156270 "https://economiciorologi.com/" "Mozilla/5.0 (Windows NT 10.0; Win64; x64) AppleWebKit/537.36 (KHTML, like Gecko) Chrome/131.0.0.0 Safari/537.36"
47.82.28.175 - - [02/Apr/2025:00:01:13 -0400] "GET /woori-casino/ HTTP/1.1" 404 1251 "-" "Mozilla/5.0 (Windows NT 10.0; Win64; x64) AppleWebKit/537.36 (KHTML, like Gecko) Chrome/121.0.0.0 Safari/537.36 Edg/121.0.0.0 Unique/97.7.7286.70"
185.7.214.64 - - [02/Apr/2025:00:07:48 -0400] "GET /wp-login.php HTTP/1.1" 200 1733 "-" "Mozilla/5.0 (iPhone; CPU iPhone OS 17_2 like Mac OS X) AppleWebKit/605.1.15 (KHTML, like Gecko) Version/17.2 Mobile/15E148 Safari/604.1"
198.54.114.83 - - [02/Apr/2025:00:07:58 -0400] "POST /wp-cron.php?doing_wp_cron=1743566877.5573320388793945312500 HTTP/1.1" 200 0 "-" "WordPress/6.7.2; https://economiciorologi.com"
185.7.214.64 - - [02/Apr/2025:00:07:49 -0400] "GET /wp-login.php?wp_lang=en_US HTTP/1.1" 200 1733 "-" "Mozilla/5.0 (Windows NT 10.0; Win64; x64) AppleWebKit/537.36 (KHTML, like Gecko) Chrome/99.0.4844.51 Safari/537.36"
198.54.114.83 - - [02/Apr/2025:00:07:59 -0400] "POST /wp-admin/admin-ajax.php?action=async_litespeed&nonce=qqInoVTMwNlZY4vCMW1KBjWtmoGNa5ZC&litespeed_type=imgoptm HTTP/1.1" 200 0 "-" "WordPress/6.7.2; https://economiciorologi.com"
198.54.114.83 - - [02/Apr/2025:00:08:45 -0400] "POST /wp-cron.php?doing_wp_cron=1743566924.5310890674591064453125 HTTP/1.1" 200 0 "-" "WordPress/6.7.2; https://economiciorologi.com"
24.249.199.4 - - [02/Apr/2025:00:08:44 -0400] "GET /wp-login.php?wp_lang=en_US HTTP/1.1" 200 1733 "-" "Mozilla/5.0 (Windows NT 10.0; Win64; x64) AppleWebKit/537.36 (KHTML, like Gecko) Chrome/104.0.0.0 Safari/537.36"
198.54.114.83 - - [02/Apr/2025:00:08:47 -0400] "POST /wp-admin/admin-ajax.php?action=async_litespeed&nonce=L3pFzZUKrPwWoCpBopt2vc8wKjBuMphV&litespeed_type=imgoptm HTTP/1.1" 200 5 "-" "WordPress/6.7.2; https://economiciorologi.com"
24.249.199.4 - - [02/Apr/2025:00:08:49 -0400] "POST /wp-login.php?wp_lang=en_US HTTP/1.1" 200 1852 "-" "Mozilla/5.0 (Windows NT 10.0; Win64; x64) AppleWebKit/537.36 (KHTML, like Gecko) Chrome/104.0.0.0 Safari/537.36"
24.249.199.4 - - [02/Apr/2025:00:08:53 -0400] "GET /wp-login.php?wp_lang=en_US HTTP/1.1" 200 1733 "-" "Mozilla/5.0 (Macintosh; Intel Mac OS X 10_15_7) AppleWebKit/605.1.15 (KHTML, like Gecko) Version/15.3 Safari/605.1.15"
24.249.199.4 - - [02/Apr/2025:00:08:58 -0400] "POST /wp-login.php?wp_lang=en_US HTTP/1.1" 200 1852 "-" "Mozilla/5.0 (Macintosh; Intel Mac OS X 10_15_7) AppleWebKit/605.1.15 (KHTML, like Gecko) Version/15.3 Safari/605.1.15"
185.7.214.64 - - [02/Apr/2025:00:07:59 -0400] "POST /wp-login.php?wp_lang=en_US HTTP/1.1" 200 1852 "-" "Mozilla/5.0 (Windows NT 10.0; Win64; x64) AppleWebKit/537.36 (KHTML, like Gecko) Chrome/99.0.4844.51 Safari/537.36"
24.249.199.4 - - [02/Apr/2025:00:09:05 -0400] "GET /wp-login.php?wp_lang=en_US HTTP/1.1" 200 1733 "-" "Mozilla/5.0 (Windows NT 10.0; Win64; x64) AppleWebKit/537.36 (KHTML, like Gecko) Chrome/107.0.0.0 Safari/537.36"
198.54.114.83 - - [02/Apr/2025:00:09:09 -0400] "POST /wp-cron.php?doing_wp_cron=1743566948.7275760173797607421875 HTTP/1.1" 200 0 "-" "WordPress/6.7.2; https://economiciorologi.com"
24.249.199.4 - - [02/Apr/2025:00:09:08 -0400] "POST /wp-login.php?wp_lang=en_US HTTP/1.1" 200 1852 "-" "Mozilla/5.0 (Windows NT 10.0; Win64; x64) AppleWebKit/537.36 (KHTML, like Gecko) Chrome/107.0.0.0 Safari/537.36"
24.249.199.4 - - [02/Apr/2025:00:09:12 -0400] "GET /wp-login.php?wp_lang=en_US HTTP/1.1" 200 1733 "-" "Mozilla/5.0 (Macintosh; Intel Mac OS X 10_15_7) AppleWebKit/605.1.15 (KHTML, like Gecko) Version/15.5 Safari/605.1.15"
24.249.199.4 - - [02/Apr/2025:00:09:15 -0400] "POST /wp-login.php?wp_lang=en_US HTTP/1.1" 200 1852 "-" "Mozilla/5.0 (Macintosh; Intel Mac OS X 10_15_7) AppleWebKit/605.1.15 (KHTML, like Gecko) Version/15.5 Safari/605.1.15"
24.249.199.4 - - [02/Apr/2025:00:09:19 -0400] "GET /wp-login.php?wp_lang=en_US HTTP/1.1" 200 1733 "-" "Mozilla/5.0 (Windows NT 10.0; Win64; x64) AppleWebKit/537.36 (KHTML, like Gecko) Chrome/110.0.0.0 Safari/537.36"
24.249.199.4 - - [02/Apr/2025:00:09:24 -0400] "POST /wp-login.php?wp_lang=en_US HTTP/1.1" 200 1852 "-" "Mozilla/5.0 (Windows NT 10.0; Win64; x64) AppleWebKit/537.36 (KHTML, like Gecko) Chrome/110.0.0.0 Safari/537.36"
37.139.53.195 - - [02/Apr/2025:00:02:45 -0400] "GET /cbd-shop-uk-review/ HTTP/1.1" 404 1251 "https://economiciorologi.com/cbd-shop-uk-review/#comment-40443/" "Mozilla/5.0 (Windows NT 10.0; Win64; x64) AppleWebKit/537.36 (KHTML, like Gecko) Chrome/129.0.0.0 Safari/537.36"
37.139.53.195 - - [02/Apr/2025:00:02:46 -0400] "GET / HTTP/1.1" 200 156270 "https://economiciorologi.com/" "Mozilla/5.0 (Windows NT 10.0; Win64; x64) AppleWebKit/537.36 (KHTML, like Gecko) Chrome/129.0.0.0 Safari/537.36"
84.54.44.30 - - [02/Apr/2025:00:03:12 -0400] "GET /cbd-shop-uk-review/ HTTP/1.1" 404 1251 "https://economiciorologi.com/cbd-shop-uk-review/" "Mozilla/5.0 (Windows NT 10.0; Win64; x64) AppleWebKit/537.36 (KHTML, like Gecko) Chrome/130.0.0.0 Safari/537.36"
84.54.44.30 - - [02/Apr/2025:00:03:14 -0400] "GET / HTTP/1.1" 200 156270 "https://economiciorologi.com/" "Mozilla/5.0 (Windows NT 10.0; Win64; x64) AppleWebKit/537.36 (KHTML, like Gecko) Chrome/130.0.0.0 Safari/537.36"
2a03:2880:f800:5:: - - [02/Apr/2025:00:04:31 -0400] "GET /youtube-videos/ HTTP/1.1" 404 1251 "-" "meta-externalagent/1.1 (+https://developers.facebook.com/docs/sharing/webmasters/crawler)"
24.249.199.4 - - [02/Apr/2025:00:09:29 -0400] "GET /wp-login.php?wp_lang=en_US HTTP/1.1" 200 1733 "-" "Mozilla/5.0 (Windows NT 10.0; Win64; x64) AppleWebKit/537.36 (KHTML, like Gecko) Chrome/99.0.4844.51 Safari/537.36 Edg/99.0.1150.30"
182.160.3.233 - - [02/Apr/2025:00:09:30 -0400] "GET /unlocking-the-key-to-efficiency-the-typing-speed-test/ HTTP/1.1" 404 1251 "https://economiciorologi.com/unlocking-the-key-to-efficiency-the-typing-speed-test/" "Mozilla/5.0 (Macintosh; Intel Mac OS X 10_15_7) AppleWebKit/537.36 (KHTML, like Gecko) Chrome/120.0.0.0 Safari/537.36"
24.249.199.4 - - [02/Apr/2025:00:09:32 -0400] "POST /wp-login.php?wp_lang=en_US HTTP/1.1" 200 1852 "-" "Mozilla/5.0 (Windows NT 10.0; Win64; x64) AppleWebKit/537.36 (KHTML, like Gecko) Chrome/99.0.4844.51 Safari/537.36 Edg/99.0.1150.30"
24.249.199.4 - - [02/Apr/2025:00:09:35 -0400] "GET /wp-login.php?wp_lang=en_US HTTP/1.1" 200 1733 "-" "Mozilla/5.0 (Windows NT 10.0; Win64; x64) AppleWebKit/537.36 (KHTML, like Gecko) Chrome/99.0.4844.51 Safari/537.36"
198.54.114.83 - - [02/Apr/2025:00:09:43 -0400] "POST /wp-cron.php?doing_wp_cron=1743566983.0384089946746826171875 HTTP/1.1" 200 0 "-" "WordPress/6.7.2; https://economiciorologi.com"
192.252.210.233 - - [02/Apr/2025:00:09:42 -0400] "GET /wp-login.php?wp_lang=en_US HTTP/1.1" 200 1733 "-" "Mozilla/5.0 (Windows NT 10.0; Win64; x64) AppleWebKit/537.36 (KHTML, like Gecko) Chrome/104.0.0.0 Safari/537.36"
198.54.114.83 - - [02/Apr/2025:00:09:45 -0400] "POST /wp-admin/admin-ajax.php?action=async_litespeed&nonce=U4oGXYTk445JeBNhTy5iHj8oqfETv3oN&litespeed_type=imgoptm HTTP/1.1" 200 0 "-" "WordPress/6.7.2; https://economiciorologi.com"
192.252.210.233 - - [02/Apr/2025:00:09:46 -0400] "POST /wp-login.php?wp_lang=en_US HTTP/1.1" 200 1852 "-" "Mozilla/5.0 (Windows NT 10.0; Win64; x64) AppleWebKit/537.36 (KHTML, like Gecko) Chrome/104.0.0.0 Safari/537.36"
192.252.210.233 - - [02/Apr/2025:00:09:50 -0400] "GET /wp-login.php?wp_lang=en_US HTTP/1.1" 200 1733 "-" "Mozilla/5.0 (Macintosh; Intel Mac OS X 10_15_7) AppleWebKit/537.36 (KHTML, like Gecko) Chrome/120.0.0.0 Safari/537.36"
192.252.210.233 - - [02/Apr/2025:00:09:53 -0400] "POST /wp-login.php?wp_lang=en_US HTTP/1.1" 200 1852 "-" "Mozilla/5.0 (Macintosh; Intel Mac OS X 10_15_7) AppleWebKit/537.36 (KHTML, like Gecko) Chrome/120.0.0.0 Safari/537.36"
192.252.210.233 - - [02/Apr/2025:00:09:55 -0400] "GET /wp-login.php?wp_lang=en_US HTTP/1.1" 200 1733 "-" "Mozilla/5.0 (Windows NT 10.0; Win64; x64) AppleWebKit/537.36 (KHTML, like Gecko) Chrome/101.0.4951.64 Safari/537.36 Edg/101.0.1210.47"
192.252.210.233 - - [02/Apr/2025:00:09:59 -0400] "POST /wp-login.php?wp_lang=en_US HTTP/1.1" 200 1852 "-" "Mozilla/5.0 (Windows NT 10.0; Win64; x64) AppleWebKit/537.36 (KHTML, like Gecko) Chrome/101.0.4951.64 Safari/537.36 Edg/101.0.1210.47"
192.252.210.233 - - [02/Apr/2025:00:10:05 -0400] "GET /wp-login.php?wp_lang=en_US HTTP/1.1" 200 1733 "-" "Mozilla/5.0 (Macintosh; Intel Mac OS X 10_15_7) AppleWebKit/605.1.15 (KHTML, like Gecko) Version/15.5 Safari/605.1.15"
198.54.114.83 - - [02/Apr/2025:00:10:11 -0400] "POST /wp-cron.php?doing_wp_cron=1743567011.0607030391693115234375 HTTP/1.1" 200 0 "-" "WordPress/6.7.2; https://economiciorologi.com"
192.252.210.233 - - [02/Apr/2025:00:10:10 -0400] "POST /wp-login.php?wp_lang=en_US HTTP/1.1" 200 1852 "-" "Mozilla/5.0 (Macintosh; Intel Mac OS X 10_15_7) AppleWebKit/605.1.15 (KHTML, like Gecko) Version/15.5 Safari/605.1.15"
136.243.228.178 - - [02/Apr/2025:00:16:10 -0400] "GET /good-night-quotes/ HTTP/1.1" 404 1251 "-" "Mozilla/5.0 (compatible; DataForSeoBot/1.0; +https://dataforseo.com/dataforseo-bot)"
185.191.171.10 - - [02/Apr/2025:00:23:03 -0400] "GET /luxurati-inc-san-mateo-ca/ HTTP/1.1" 404 1251 "-" "Mozilla/5.0 (compatible; SemrushBot/7~bl; +http://www.semrush.com/bot.html)"
198.54.114.83 - - [02/Apr/2025:00:23:47 -0400] "POST /wp-admin/admin-ajax.php?action=async_litespeed&nonce=ZTE8MmI456TP3fSzqu4U2NK3nnqNaONN&litespeed_type=imgoptm HTTP/1.1" 200 0 "-" "WordPress/6.7.2; https://economiciorologi.com"
54.222.234.67 - - [02/Apr/2025:00:27:34 -0400] "GET /2024/03/ HTTP/1.1" 404 1251 "-" "Mozilla/5.0 (Linux; Android 5.0; SM-G900P Build/LRX21T) AppleWebKit/537.36 (KHTML, like Gecko) Chrome/60.0.2912.1023 Mobile Safari/537.36"
195.2.71.225 - - [02/Apr/2025:00:30:14 -0400] "GET /cbd-shop-uk-review/ HTTP/1.1" 404 1251 "https://economiciorologi.com/cbd-shop-uk-review/" "Mozilla/5.0 (Windows NT 10.0; Win64; x64) AppleWebKit/537.36 (KHTML, like Gecko) Chrome/131.0.0.0 Safari/537.36"
195.2.71.225 - - [02/Apr/2025:00:30:15 -0400] "GET / HTTP/1.1" 200 156270 "https://economiciorologi.com/" "Mozilla/5.0 (Windows NT 10.0; Win64; x64) AppleWebKit/537.36 (KHTML, like Gecko) Chrome/131.0.0.0 Safari/537.36"
85.208.96.205 - - [02/Apr/2025:00:33:48 -0400] "GET /revolutionizing-wedding-invites-with-digital-rsvp/ HTTP/1.1" 404 1251 "-" "Mozilla/5.0 (compatible; SemrushBot/7~bl; +http://www.semrush.com/bot.html)"
85.208.96.212 - - [02/Apr/2025:00:35:30 -0400] "GET /the-rise-of-gpu-cloud-services-transforming-computing-power/ HTTP/1.1" 404 1251 "-" "Mozilla/5.0 (compatible; SemrushBot/7~bl; +http://www.semrush.com/bot.html)"
17.241.75.122 - - [02/Apr/2025:00:37:26 -0400] "GET /wp-content/uploads/2024/02/synthesize-1.mp3 HTTP/1.1" 200 26976 "-" "Mozilla/5.0 (Macintosh; Intel Mac OS X 10_15_7) AppleWebKit/605.1.15 (KHTML, like Gecko) Version/17.4 Safari/605.1.15 (Applebot/0.1; +http://www.apple.com/go/applebot)"
185.21.14.193 - - [02/Apr/2025:00:37:50 -0400] "GET / HTTP/1.1" 200 156270 "-" "Mozilla/5.0 (Macintosh; Intel Mac OS X 10_15_7) AppleWebKit/537.36 (KHTML, like Gecko) Chrome/133.0.0.0 Safari/537.36"
5.35.32.114 - - [02/Apr/2025:00:42:14 -0400] "GET /mk-bags-in-uk-free-michael-kors-in-fragrance-shop/ HTTP/1.1" 404 1251 "https://economiciorologi.com/mk-bags-in-uk-free-michael-kors-in-fragrance-shop/#comment-29306" "Mozilla/5.0 (Windows NT 10.0; Win64; x64) AppleWebKit/537.36 (KHTML, like Gecko) Chrome/131.0.0.0 Safari/537.36"
5.35.32.114 - - [02/Apr/2025:00:42:15 -0400] "GET / HTTP/1.1" 200 156270 "https://economiciorologi.com/" "Mozilla/5.0 (Windows NT 10.0; Win64; x64) AppleWebKit/537.36 (KHTML, like Gecko) Chrome/131.0.0.0 Safari/537.36"
198.54.114.83 - - [02/Apr/2025:00:45:49 -0400] "POST /wp-admin/admin-ajax.php?action=async_litespeed&nonce=cOyRy9XDi0i0P6pAhmzd3lbE4YvtZyGz&litespeed_type=imgoptm HTTP/1.1" 200 5 "-" "WordPress/6.7.2; https://economiciorologi.com"
185.191.171.11 - - [02/Apr/2025:00:46:46 -0400] "GET /page/74/ HTTP/1.1" 404 1251 "-" "Mozilla/5.0 (compatible; SemrushBot/7~bl; +http://www.semrush.com/bot.html)"
2a01:4ff:1f0:e587::1 - - [02/Apr/2025:00:48:14 -0400] "GET / HTTP/1.1" 200 156270 "https://economiciorologi.com/" "Mozilla/5.0 (compatible; Sansec Security Monitor/1.0; +https://sansec.io/monitor)"
195.2.67.184 - - [02/Apr/2025:00:54:29 -0400] "GET /cbd-shop-uk-review/ HTTP/1.1" 404 1251 "https://economiciorologi.com/cbd-shop-uk-review/#comment-40443/" "Mozilla/5.0 (Windows NT 10.0; Win64; x64) AppleWebKit/537.36 (KHTML, like Gecko) Chrome/131.0.0.0 Safari/537.36 Avast/131.0.0.0"
195.2.67.184 - - [02/Apr/2025:00:54:29 -0400] "GET / HTTP/1.1" 200 156270 "https://economiciorologi.com/" "Mozilla/5.0 (Windows NT 10.0; Win64; x64) AppleWebKit/537.36 (KHTML, like Gecko) Chrome/131.0.0.0 Safari/537.36 Avast/131.0.0.0"
195.2.67.184 - - [02/Apr/2025:00:54:33 -0400] "GET /cbd-shop-uk-review/ HTTP/1.1" 404 1251 "https://economiciorologi.com/cbd-shop-uk-review/#comment-40443/" "Mozilla/5.0 (Windows NT 10.0; Win64; x64) AppleWebKit/537.36 (KHTML, like Gecko) Chrome/129.0.0.0 Safari/537.36"
195.2.67.184 - - [02/Apr/2025:00:54:34 -0400] "GET / HTTP/1.1" 200 156270 "https://economiciorologi.com/" "Mozilla/5.0 (Windows NT 10.0; Win64; x64) AppleWebKit/537.36 (KHTML, like Gecko) Chrome/129.0.0.0 Safari/537.36"
195.2.67.184 - - [02/Apr/2025:00:55:06 -0400] "GET /cbd-shop-uk-review/ HTTP/1.1" 404 1251 "https://economiciorologi.com/cbd-shop-uk-review/#comment-40443/" "Mozilla/5.0 (Windows NT 10.0; Win64; x64) AppleWebKit/537.36 (KHTML, like Gecko) Chrome/130.0.0.0 Safari/537.36"
195.2.67.184 - - [02/Apr/2025:00:55:06 -0400] "GET /cbd-shop-uk-review/ HTTP/1.1" 404 1251 "https://economiciorologi.com/cbd-shop-uk-review/#comment-40443/" "Mozilla/5.0 (Windows NT 10.0; Win64; x64) AppleWebKit/537.36 (KHTML, like Gecko) Chrome/129.0.0.0 Safari/537.36"
195.2.67.184 - - [02/Apr/2025:00:55:07 -0400] "GET / HTTP/1.1" 200 156270 "https://economiciorologi.com/" "Mozilla/5.0 (Windows NT 10.0; Win64; x64) AppleWebKit/537.36 (KHTML, like Gecko) Chrome/130.0.0.0 Safari/537.36"
195.2.67.184 - - [02/Apr/2025:00:55:07 -0400] "GET / HTTP/1.1" 200 156270 "https://economiciorologi.com/" "Mozilla/5.0 (Windows NT 10.0; Win64; x64) AppleWebKit/537.36 (KHTML, like Gecko) Chrome/129.0.0.0 Safari/537.36"
23.22.107.123 - - [02/Apr/2025:01:00:51 -0400] "GET /the-ultimate-guide-to-bathroom-renovations/ HTTP/1.1" 404 1251 "-" "Grammarly/1.0 (http://www.grammarly.com)"
110.249.202.139 - - [02/Apr/2025:01:00:54 -0400] "GET /robots.txt HTTP/1.1" 200 23 "-" "Mozilla/5.0 (Linux; Android 5.0) AppleWebKit/537.36 (KHTML, like Gecko) Mobile Safari/537.36 (compatible; Bytespider; https://zhanzhang.toutiao.com/)"
58.254.68.93 - - [02/Apr/2025:01:01:12 -0400] "GET /gambling-and-esports/ HTTP/1.1" 404 1251 "https://economiciorologi.com" "Mozilla/5.0 (Windows NT 10.0; Win64; x64) AppleWebKit/537.36 (KHTML, like Gecko) Chrome/62.0.3202.94 Safari/537.36"
58.254.68.93 - - [02/Apr/2025:01:01:16 -0400] "GET /gambling-and-esports/ HTTP/1.1" 404 1251 "https://economiciorologi.com" "Mozilla/5.0 (Windows NT 10.0; Win64; x64) AppleWebKit/537.36 (KHTML, like Gecko) Chrome/62.0.3202.94 Safari/537.36"
58.254.68.93 - - [02/Apr/2025:01:01:18 -0400] "GET /gambling-and-esports/ HTTP/1.1" 404 1251 "https://economiciorologi.com" "Mozilla/5.0 (Windows NT 10.0; Win64; x64) AppleWebKit/537.36 (KHTML, like Gecko) Chrome/62.0.3202.94 Safari/537.36"
58.254.68.93 - - [02/Apr/2025:01:01:21 -0400] "GET /gambling-and-esports/ HTTP/1.1" 404 1251 "https://economiciorologi.com" "Mozilla/5.0 (Windows NT 10.0; Win64; x64) AppleWebKit/537.36 (KHTML, like Gecko) Chrome/62.0.3202.94 Safari/537.36"
93.183.94.206 - - [02/Apr/2025:01:02:43 -0400] "GET /cbd-shop-uk-review/ HTTP/1.1" 404 1251 "https://economiciorologi.com/cbd-shop-uk-review/" "Mozilla/5.0 (Windows NT 10.0; Win64; x64) AppleWebKit/537.36 (KHTML, like Gecko) Chrome/131.0.0.0 Safari/537.36"
93.183.94.206 - - [02/Apr/2025:01:02:44 -0400] "GET /cbd-shop-uk-review/ HTTP/1.1" 404 1251 "https://economiciorologi.com/cbd-shop-uk-review/" "Mozilla/5.0 (Windows NT 10.0; Win64; x64) AppleWebKit/537.36 (KHTML, like Gecko) Chrome/130.0.0.0 Safari/537.36"
93.183.94.206 - - [02/Apr/2025:01:02:44 -0400] "GET / HTTP/1.1" 200 156270 "https://economiciorologi.com/" "Mozilla/5.0 (Windows NT 10.0; Win64; x64) AppleWebKit/537.36 (KHTML, like Gecko) Chrome/131.0.0.0 Safari/537.36"
93.183.94.206 - - [02/Apr/2025:01:02:45 -0400] "GET / HTTP/1.1" 200 156270 "https://economiciorologi.com/" "Mozilla/5.0 (Windows NT 10.0; Win64; x64) AppleWebKit/537.36 (KHTML, like Gecko) Chrome/130.0.0.0 Safari/537.36"
93.183.93.32 - - [02/Apr/2025:01:02:45 -0400] "GET /cbd-shop-uk-review/ HTTP/1.1" 404 1251 "https://economiciorologi.com/cbd-shop-uk-review/" "Mozilla/5.0 (Windows NT 10.0; Win64; x64) AppleWebKit/537.36 (KHTML, like Gecko) Chrome/131.0.0.0 Safari/537.36 Avast/131.0.0.0"
93.183.93.32 - - [02/Apr/2025:01:02:45 -0400] "GET /cbd-shop-uk-review/ HTTP/1.1" 404 1251 "https://economiciorologi.com/cbd-shop-uk-review/" "Mozilla/5.0 (Windows NT 10.0; Win64; x64) AppleWebKit/537.36 (KHTML, like Gecko) Chrome/130.0.0.0 Safari/537.36 CCleaner/130.0.0.0"
93.183.93.32 - - [02/Apr/2025:01:02:46 -0400] "GET / HTTP/1.1" 200 156270 "https://economiciorologi.com/" "Mozilla/5.0 (Windows NT 10.0; Win64; x64) AppleWebKit/537.36 (KHTML, like Gecko) Chrome/131.0.0.0 Safari/537.36 Avast/131.0.0.0"
93.183.93.32 - - [02/Apr/2025:01:02:46 -0400] "GET / HTTP/1.1" 200 156270 "https://economiciorologi.com/" "Mozilla/5.0 (Windows NT 10.0; Win64; x64) AppleWebKit/537.36 (KHTML, like Gecko) Chrome/130.0.0.0 Safari/537.36 CCleaner/130.0.0.0"
34.168.24.4 - - [02/Apr/2025:01:03:37 -0400] "GET /how-to-buy-vyvanse-online HTTP/1.1" 404 1251 "-" "Mozilla/5.0 (Windows NT 10.0; Win64; x64) AppleWebKit/537.36 (KHTML, like Gecko) Chrome/124.0.0.0 Safari/537.36 Edg/124.0.0.0"
185.191.171.6 - - [02/Apr/2025:01:04:24 -0400] "GET /convenience-meets-entertainment/ HTTP/1.1" 404 1251 "-" "Mozilla/5.0 (compatible; SemrushBot/7~bl; +http://www.semrush.com/bot.html)"
85.208.96.193 - - [02/Apr/2025:01:04:56 -0400] "GET /outsource-manufacturing-of-sports-and-health-drink-beverages-decision-criteria/ HTTP/1.1" 404 1251 "-" "Mozilla/5.0 (compatible; SemrushBot/7~bl; +http://www.semrush.com/bot.html)"
34.83.238.29 - - [02/Apr/2025:01:05:11 -0400] "GET /rhinoplasty-prices-in-cyprus/ HTTP/1.1" 404 1251 "-" "Mozilla/5.0 (Macintosh; Intel Mac OS X 10_15_7) AppleWebKit/605.1.15 (KHTML, like Gecko) Version/17.0 Safari/605.1.15"
195.2.79.165 - - [02/Apr/2025:01:05:31 -0400] "GET /cbd-shop-uk-review/ HTTP/1.1" 404 1251 "https://economiciorologi.com/cbd-shop-uk-review/" "Mozilla/5.0 (Windows NT 10.0; Win64; x64) AppleWebKit/537.36 (KHTML, like Gecko) Chrome/131.0.0.0 Safari/537.36"
195.2.79.165 - - [02/Apr/2025:01:05:32 -0400] "GET / HTTP/1.1" 200 156270 "https://economiciorologi.com/" "Mozilla/5.0 (Windows NT 10.0; Win64; x64) AppleWebKit/537.36 (KHTML, like Gecko) Chrome/131.0.0.0 Safari/537.36"
47.128.121.56 - - [02/Apr/2025:01:06:05 -0400] "GET /liberer-le-succes-en-ligne-avec-agence-seo-un-guide-complet/ HTTP/1.1" 404 1251 "-" "Mozilla/5.0 (Linux; Android 5.0) AppleWebKit/537.36 (KHTML, like Gecko) Mobile Safari/537.36 (compatible; TikTokSpider; ttspider-feedback@tiktok.com)"
34.127.29.78 - - [02/Apr/2025:01:08:01 -0400] "GET /unraveling-the-power-and-perils-of-forex-robots/ HTTP/1.1" 404 1251 "-" "Mozilla/5.0 (Macintosh; Intel Mac OS X 10_15_7) AppleWebKit/605.1.15 (KHTML, like Gecko) Version/17.0 Safari/605.1.15"
195.2.67.184 - - [02/Apr/2025:01:09:41 -0400] "GET /cbd-shop-uk-review/ HTTP/1.1" 404 1251 "https://economiciorologi.com/cbd-shop-uk-review/#comment-40443/" "Mozilla/5.0 (Windows NT 10.0; Win64; x64) AppleWebKit/537.36 (KHTML, like Gecko) Chrome/130.0.0.0 Safari/537.36 CCleaner/130.0.0.0"
195.2.67.184 - - [02/Apr/2025:01:09:41 -0400] "GET / HTTP/1.1" 200 156270 "https://economiciorologi.com/" "Mozilla/5.0 (Windows NT 10.0; Win64; x64) AppleWebKit/537.36 (KHTML, like Gecko) Chrome/130.0.0.0 Safari/537.36 CCleaner/130.0.0.0"
198.54.114.83 - - [02/Apr/2025:01:10:00 -0400] "POST /wp-admin/admin-ajax.php?action=async_litespeed&nonce=HXIffsjD0MG8ZxMXWDjJwkhunFkka6uz&litespeed_type=imgoptm HTTP/1.1" 200 5 "-" "WordPress/6.7.2; https://economiciorologi.com"
185.191.171.7 - - [02/Apr/2025:01:11:47 -0400] "GET /what-is-quran-ruqyah/ HTTP/1.1" 404 1251 "-" "Mozilla/5.0 (compatible; SemrushBot/7~bl; +http://www.semrush.com/bot.html)"
34.169.189.46 - - [02/Apr/2025:01:12:08 -0400] "GET /exploring-the-best-free-qr-code-generators/ HTTP/1.1" 404 1251 "-" "Mozilla/5.0 (Macintosh; Intel Mac OS X 10.15; rv:109.0) Gecko/20100101 Firefox/116.0"
34.19.85.195 - - [02/Apr/2025:01:13:39 -0400] "GET /modern-elegance-in-prime-location/ HTTP/1.1" 404 1251 "-" "Mozilla/5.0 (Macintosh; Intel Mac OS X 10_15_7) AppleWebKit/605.1.15 (KHTML, like Gecko) Version/17.0 Safari/605.1.15"
52.167.144.202 - - [02/Apr/2025:01:15:41 -0400] "GET /exploring-klimt-cairnhill-showflat-a-glimpse-into-luxurious-living/feed/ HTTP/1.1" 404 1251 "-" "Mozilla/5.0 AppleWebKit/537.36 (KHTML, like Gecko; compatible; bingbot/2.0; +http://www.bing.com/bingbot.htm) Chrome/116.0.1938.76 Safari/537.36"
198.54.114.83 - - [02/Apr/2025:01:17:10 -0400] "POST /wp-cron.php?doing_wp_cron=1743571030.8060059547424316406250 HTTP/1.1" 200 0 "-" "WordPress/6.7.2; https://economiciorologi.com"
203.156.2.120 - - [02/Apr/2025:01:17:08 -0400] "POST /wp-login.php/wp-login.php HTTP/1.1" 200 1865 "-" "Mozilla"
52.167.144.202 - - [02/Apr/2025:01:18:22 -0400] "GET /2023/09/ HTTP/1.1" 404 1251 "-" "Mozilla/5.0 AppleWebKit/537.36 (KHTML, like Gecko; compatible; bingbot/2.0; +http://www.bing.com/bingbot.htm) Chrome/116.0.1938.76 Safari/537.36"
185.157.214.24 - - [02/Apr/2025:01:19:05 -0400] "GET / HTTP/1.1" 200 156270 "-" "Mozilla/5.0 (Macintosh; Intel Mac OS X 10_15_7) AppleWebKit/537.36 (KHTML, like Gecko) Chrome/133.0.0.0 Safari/537.36"
34.168.253.8 - - [02/Apr/2025:01:20:06 -0400] "GET /what-is-the-dark-web-how-many-parts-are-on-dark-web HTTP/1.1" 404 1251 "-" "Mozilla/5.0 (Windows NT 10.0; Win64; x64) AppleWebKit/537.36 (KHTML, like Gecko) Chrome/122.0.0.0 Safari/537.36 Edg/122.0.0.0"
34.145.20.211 - - [02/Apr/2025:01:21:47 -0400] "GET /revolutionizing-productivity-taskade-ai-agents/ HTTP/1.1" 404 1251 "-" "Mozilla/5.0 (Macintosh; Intel Mac OS X 10_15_7) AppleWebKit/605.1.15 (KHTML, like Gecko) Version/17.0 Safari/605.1.15"
34.145.20.211 - - [02/Apr/2025:01:21:47 -0400] "GET /why-its-important-to-hire-an-electrician/ HTTP/1.1" 404 1251 "-" "Mozilla/5.0 (Windows NT 10.0; Win64; x64) AppleWebKit/537.36 (KHTML, like Gecko) Chrome/123.0.0.0 Safari/537.36"
136.243.228.178 - - [02/Apr/2025:01:22:03 -0400] "GET /choisir-une-agence-web/ HTTP/1.1" 404 1251 "-" "Mozilla/5.0 (compatible; DataForSeoBot/1.0; +https://dataforseo.com/dataforseo-bot)"
195.2.79.165 - - [02/Apr/2025:01:23:55 -0400] "GET /cbd-shop-uk-review/ HTTP/1.1" 404 1251 "https://economiciorologi.com/cbd-shop-uk-review/" "Mozilla/5.0 (Windows NT 10.0; Win64; x64) AppleWebKit/537.36 (KHTML, like Gecko) Chrome/131.0.0.0 Safari/537.36 Avast/131.0.0.0"
195.2.79.165 - - [02/Apr/2025:01:23:55 -0400] "GET / HTTP/1.1" 200 156270 "https://economiciorologi.com/" "Mozilla/5.0 (Windows NT 10.0; Win64; x64) AppleWebKit/537.36 (KHTML, like Gecko) Chrome/131.0.0.0 Safari/537.36 Avast/131.0.0.0"
77.238.230.6 - - [02/Apr/2025:01:24:41 -0400] "GET / HTTP/1.1" 200 156270 "-" "Mozilla/5.0 (Macintosh; Intel Mac OS X 10_15_7) AppleWebKit/537.36 (KHTML, like Gecko) Chrome/133.0.0.0 Safari/537.36"
58.254.68.93 - - [02/Apr/2025:01:24:58 -0400] "GET /gambling-and-esports/ HTTP/1.1" 404 1251 "https://economiciorologi.com" "Mozilla/5.0 (Windows NT 10.0; Win64; x64) AppleWebKit/537.36 (KHTML, like Gecko) Chrome/62.0.3202.94 Safari/537.36"
58.254.68.93 - - [02/Apr/2025:01:25:02 -0400] "GET /gambling-and-esports/ HTTP/1.1" 404 1251 "https://economiciorologi.com" "Mozilla/5.0 (Windows NT 10.0; Win64; x64) AppleWebKit/537.36 (KHTML, like Gecko) Chrome/62.0.3202.94 Safari/537.36"
58.254.68.93 - - [02/Apr/2025:01:25:04 -0400] "GET /gambling-and-esports/ HTTP/1.1" 404 1251 "https://economiciorologi.com" "Mozilla/5.0 (Windows NT 10.0; Win64; x64) AppleWebKit/537.36 (KHTML, like Gecko) Chrome/62.0.3202.94 Safari/537.36"
58.254.68.93 - - [02/Apr/2025:01:25:06 -0400] "GET /gambling-and-esports/ HTTP/1.1" 404 1251 "https://economiciorologi.com" "Mozilla/5.0 (Windows NT 10.0; Win64; x64) AppleWebKit/537.36 (KHTML, like Gecko) Chrome/62.0.3202.94 Safari/537.36"
34.169.31.233 - - [02/Apr/2025:01:25:32 -0400] "GET /choosing-the-right-boat-insulation/ HTTP/1.1" 404 1251 "-" "Mozilla/5.0 (Macintosh; Intel Mac OS X 10.15; rv:109.0) Gecko/20100101 Firefox/116.0"
34.169.31.233 - - [02/Apr/2025:01:25:49 -0400] "GET /the-benefits-of-working-with-a-marketing-company/ HTTP/1.1" 404 1251 "-" "Mozilla/5.0 (Macintosh; Intel Mac OS X 10_15_7) AppleWebKit/605.1.15 (KHTML, like Gecko) Version/17.0 Safari/605.1.15"
47.82.25.12 - - [02/Apr/2025:01:27:50 -0400] "GET /choosing-a-new-conservatory-roof/ HTTP/1.1" 404 1251 "-" "Mozilla/5.0 (Windows NT 10.0; Win64; x64; rv:123.0) Gecko/20100101 Firefox/123.0"
195.2.79.165 - - [02/Apr/2025:01:28:06 -0400] "GET /cbd-shop-uk-review/ HTTP/1.1" 404 1251 "https://economiciorologi.com/cbd-shop-uk-review/" "Mozilla/5.0 (Windows NT 10.0; Win64; x64) AppleWebKit/537.36 (KHTML, like Gecko) Chrome/131.0.0.0 Safari/537.36"
195.2.79.165 - - [02/Apr/2025:01:28:07 -0400] "GET / HTTP/1.1" 200 156270 "https://economiciorologi.com/" "Mozilla/5.0 (Windows NT 10.0; Win64; x64) AppleWebKit/537.36 (KHTML, like Gecko) Chrome/131.0.0.0 Safari/537.36"
207.46.13.130 - - [02/Apr/2025:01:32:43 -0400] "GET /?s=2024 HTTP/1.1" 200 156270 "-" "Mozilla/5.0 AppleWebKit/537.36 (KHTML, like Gecko; compatible; bingbot/2.0; +http://www.bing.com/bingbot.htm) Chrome/116.0.1938.76 Safari/537.36"
84.54.44.204 - - [02/Apr/2025:01:33:28 -0400] "GET /cbd-shop-uk-review/ HTTP/1.1" 404 1251 "https://economiciorologi.com/cbd-shop-uk-review/#comment-19666/" "Mozilla/5.0 (Windows NT 10.0; Win64; x64) AppleWebKit/537.36 (KHTML, like Gecko) Chrome/130.0.0.0 Safari/537.36"
84.54.44.204 - - [02/Apr/2025:01:33:30 -0400] "GET / HTTP/1.1" 200 156270 "https://economiciorologi.com/" "Mozilla/5.0 (Windows NT 10.0; Win64; x64) AppleWebKit/537.36 (KHTML, like Gecko) Chrome/130.0.0.0 Safari/537.36"
77.238.235.209 - - [02/Apr/2025:01:34:29 -0400] "GET /cbd-shop-uk-review/ HTTP/1.1" 404 1251 "https://economiciorologi.com/cbd-shop-uk-review/" "Mozilla/5.0 (Windows NT 10.0; Win64; x64) AppleWebKit/537.36 (KHTML, like Gecko) Chrome/131.0.0.0 Safari/537.36"
77.238.235.209 - - [02/Apr/2025:01:34:30 -0400] "GET / HTTP/1.1" 200 156270 "https://economiciorologi.com/" "Mozilla/5.0 (Windows NT 10.0; Win64; x64) AppleWebKit/537.36 (KHTML, like Gecko) Chrome/131.0.0.0 Safari/537.36"
198.54.114.83 - - [02/Apr/2025:01:35:38 -0400] "POST /wp-admin/admin-ajax.php?action=async_litespeed&nonce=xuzkeVYOn23DUK2FoFnlqLsNEokE1bpV&litespeed_type=imgoptm HTTP/1.1" 200 0 "-" "WordPress/6.7.2; https://economiciorologi.com"
34.83.238.29 - - [02/Apr/2025:01:36:33 -0400] "GET /getting-started-with-credit-card-machines/ HTTP/1.1" 404 1251 "-" "Mozilla/5.0 (Macintosh; Intel Mac OS X 10.15; rv:109.0) Gecko/20100101 Firefox/116.0"
195.2.71.225 - - [02/Apr/2025:01:36:53 -0400] "GET /cbd-shop-uk-review/ HTTP/1.1" 404 1251 "https://economiciorologi.com/cbd-shop-uk-review/" "Mozilla/5.0 (Windows NT 10.0; Win64; x64) AppleWebKit/537.36 (KHTML, like Gecko) Chrome/129.0.0.0 Safari/537.36"
195.2.71.225 - - [02/Apr/2025:01:36:54 -0400] "GET / HTTP/1.1" 200 156270 "https://economiciorologi.com/" "Mozilla/5.0 (Windows NT 10.0; Win64; x64) AppleWebKit/537.36 (KHTML, like Gecko) Chrome/129.0.0.0 Safari/537.36"
85.208.96.205 - - [02/Apr/2025:01:36:56 -0400] "GET /robots.txt HTTP/1.1" 304 0 "-" "Mozilla/5.0 (compatible; SemrushBot/7~bl; +http://www.semrush.com/bot.html)"
85.208.96.206 - - [02/Apr/2025:01:36:56 -0400] "GET /choosing-the-perfect-wedding-celebrant-in-auckland/ HTTP/1.1" 404 1251 "-" "Mozilla/5.0 (compatible; SemrushBot/7~bl; +http://www.semrush.com/bot.html)"
34.83.238.29 - - [02/Apr/2025:01:37:41 -0400] "GET /sophia-regency-showflat-exquisite-luxury-in-every-detail/ HTTP/1.1" 404 1251 "-" "Mozilla/5.0 (Macintosh; Intel Mac OS X 10.15; rv:109.0) Gecko/20100101 Firefox/116.0"
34.19.85.195 - - [02/Apr/2025:01:38:01 -0400] "GET /cbd-capsules-uk/ HTTP/1.1" 404 1251 "-" "Mozilla/5.0 (Macintosh; Intel Mac OS X 10.15; rv:109.0) Gecko/20100101 Firefox/116.0"
85.208.96.201 - - [02/Apr/2025:01:38:51 -0400] "GET /heathrow-meet-and-greet-service/ HTTP/1.1" 404 1251 "-" "Mozilla/5.0 (compatible; SemrushBot/7~bl; +http://www.semrush.com/bot.html)"
47.82.10.248 - - [02/Apr/2025:01:40:34 -0400] "GET /wp-content/themes/yuma/style.css HTTP/1.1" 200 27550 "-" "Mozilla/5.0 (Windows NT 10.0; Win64; x64) AppleWebKit/537.36 (KHTML, like Gecko) Chrome/114.0.0.0 Safari/537.36 Edg/114.0.1823.43"
47.82.9.7 - - [02/Apr/2025:01:41:10 -0400] "GET /wp-content/themes/yuma/assets/css/slick.min.css HTTP/1.1" 200 428 "-" "Mozilla/5.0 (Windows NT 10.0; Win64; x64) AppleWebKit/537.36 (KHTML, like Gecko) Chrome/114.0.0.0 Safari/537.36 Edg/114.0.1823.43"
