41.140.4.245 - - [30/Mar/2025:22:17:10 -0400] "POST /wp-login.php HTTP/1.1" 200 1851 "http://economiciorologi.com/wp-admin/" "Mozilla/5.0 (Windows NT 10.0; Win64; x64) AppleWebKit/537.36 (KHTML, like Gecko) Chrome/90.0.4430.85 Safari/537.36"
41.140.4.245 - - [30/Mar/2025:22:17:10 -0400] "GET /wp-admin/ HTTP/1.1" 302 0 "www.google.com" "Mozilla/5.0 (Windows NT 10.0; Win64; x64) AppleWebKit/537.36 (KHTML, like Gecko) Chrome/90.0.4430.85 Safari/537.36"
41.140.4.245 - - [30/Mar/2025:22:17:11 -0400] "GET /wp-login.php?redirect_to=https%3A%2F%2Feconomiciorologi.com%2Fwp-admin%2F&reauth=1 HTTP/1.1" 200 1732 "www.google.com" "Mozilla/5.0 (Windows NT 10.0; Win64; x64) AppleWebKit/537.36 (KHTML, like Gecko) Chrome/90.0.4430.85 Safari/537.36"
185.191.171.3 - - [30/Mar/2025:22:24:20 -0400] "GET /eine-verschmelzung-von-kunst-und-funktion/ HTTP/1.1" 404 1251 "-" "Mozilla/5.0 (compatible; SemrushBot/7~bl; +http://www.semrush.com/bot.html)"
85.208.96.198 - - [30/Mar/2025:22:26:28 -0400] "GET /category/activity/page/57/ HTTP/1.1" 404 1251 "-" "Mozilla/5.0 (compatible; SemrushBot/7~bl; +http://www.semrush.com/bot.html)"
58.254.68.93 - - [30/Mar/2025:22:31:41 -0400] "GET /easter-bowl-2008/ HTTP/1.1" 404 1251 "https://economiciorologi.com" "Mozilla/5.0 (Windows NT 10.0; Win64; x64) AppleWebKit/537.36 (KHTML, like Gecko) Chrome/62.0.3202.94 Safari/537.36"
58.254.68.93 - - [30/Mar/2025:22:31:42 -0400] "GET /easter-bowl-2008/ HTTP/1.1" 404 1251 "https://economiciorologi.com" "Mozilla/5.0 (Windows NT 10.0; Win64; x64) AppleWebKit/537.36 (KHTML, like Gecko) Chrome/62.0.3202.94 Safari/537.36"
58.254.68.93 - - [30/Mar/2025:22:31:44 -0400] "GET /easter-bowl-2008/ HTTP/1.1" 404 1251 "https://economiciorologi.com" "Mozilla/5.0 (Windows NT 10.0; Win64; x64) AppleWebKit/537.36 (KHTML, like Gecko) Chrome/62.0.3202.94 Safari/537.36"
58.254.68.93 - - [30/Mar/2025:22:31:53 -0400] "GET /easter-bowl-2008/ HTTP/1.1" 404 1251 "https://economiciorologi.com" "Mozilla/5.0 (Windows NT 10.0; Win64; x64) AppleWebKit/537.36 (KHTML, like Gecko) Chrome/62.0.3202.94 Safari/537.36"
52.14.114.234 - - [30/Mar/2025:22:32:14 -0400] "GET /robots.txt HTTP/1.1" 304 0 "-" "Mozilla/5.0 AppleWebKit/537.36 (KHTML, like Gecko; compatible; ClaudeBot/1.0; +claudebot@anthropic.com)"
52.14.114.234 - - [30/Mar/2025:22:32:15 -0400] "GET /breitling/breitling-chronomat.html HTTP/1.1" 404 1251 "-" "Mozilla/5.0 AppleWebKit/537.36 (KHTML, like Gecko; compatible; ClaudeBot/1.0; +claudebot@anthropic.com)"
88.218.187.36 - - [30/Mar/2025:22:40:56 -0400] "GET /cbd-shop-uk-review/ HTTP/1.1" 404 1251 "https://economiciorologi.com/cbd-shop-uk-review/#comment-41640" "Mozilla/5.0 (Windows NT 10.0; Win64; x64) AppleWebKit/537.36 (KHTML, like Gecko) Chrome/131.0.0.0 Safari/537.36 Avast/131.0.0.0"
88.218.187.36 - - [30/Mar/2025:22:41:16 -0400] "GET / HTTP/1.1" 200 156270 "https://economiciorologi.com/" "Mozilla/5.0 (Windows NT 10.0; Win64; x64) AppleWebKit/537.36 (KHTML, like Gecko) Chrome/131.0.0.0 Safari/537.36 Avast/131.0.0.0"
54.36.148.146 - - [30/Mar/2025:22:42:56 -0400] "GET /magnificence-capturee-la-peinture-du-lion/feed/ HTTP/1.1" 404 1251 "-" "Mozilla/5.0 (compatible; AhrefsBot/7.0; +http://ahrefs.com/robot/)"
45.77.95.4 - - [30/Mar/2025:22:43:06 -0400] "GET /media/catalog/product/m/i/mi.php HTTP/1.1" 404 1251 "-" "Mozilla/5.0 (Windows NT 10.0; Win64; x64) AppleWebKit/537.36 (KHTML, like Gecko) Chrome/125.0.0.0 Safari/537.36"
45.77.95.4 - - [30/Mar/2025:22:43:07 -0400] "GET /media/catalog/product/m/j/mj.php HTTP/1.1" 404 1251 "-" "Mozilla/5.0 (Windows NT 10.0; Win64; x64) AppleWebKit/537.36 (KHTML, like Gecko) Chrome/125.0.0.0 Safari/537.36"
45.77.95.4 - - [30/Mar/2025:22:43:07 -0400] "GET /media/catalog/product/m/k/mk.php HTTP/1.1" 404 1251 "-" "Mozilla/5.0 (Windows NT 10.0; Win64; x64) AppleWebKit/537.36 (KHTML, like Gecko) Chrome/125.0.0.0 Safari/537.36"
45.77.95.4 - - [30/Mar/2025:22:43:07 -0400] "GET /media/catalog/product/m/l/ml.php HTTP/1.1" 404 1251 "-" "Mozilla/5.0 (Windows NT 10.0; Win64; x64) AppleWebKit/537.36 (KHTML, like Gecko) Chrome/125.0.0.0 Safari/537.36"
45.77.95.4 - - [30/Mar/2025:22:43:07 -0400] "GET /media/catalog/product/m/m/mm.php HTTP/1.1" 404 1251 "-" "Mozilla/5.0 (Windows NT 10.0; Win64; x64) AppleWebKit/537.36 (KHTML, like Gecko) Chrome/125.0.0.0 Safari/537.36"
45.77.95.4 - - [30/Mar/2025:22:43:08 -0400] "GET /media/catalog/product/m/n/mn.php HTTP/1.1" 404 1251 "-" "Mozilla/5.0 (Windows NT 10.0; Win64; x64) AppleWebKit/537.36 (KHTML, like Gecko) Chrome/125.0.0.0 Safari/537.36"
45.77.95.4 - - [30/Mar/2025:22:43:08 -0400] "GET /media/catalog/product/m/o/mo.php HTTP/1.1" 404 1251 "-" "Mozilla/5.0 (Windows NT 10.0; Win64; x64) AppleWebKit/537.36 (KHTML, like Gecko) Chrome/125.0.0.0 Safari/537.36"
45.77.95.4 - - [30/Mar/2025:22:43:08 -0400] "GET /media/catalog/product/m/p/mp.php HTTP/1.1" 404 1251 "-" "Mozilla/5.0 (Windows NT 10.0; Win64; x64) AppleWebKit/537.36 (KHTML, like Gecko) Chrome/125.0.0.0 Safari/537.36"
45.77.95.4 - - [30/Mar/2025:22:43:08 -0400] "GET /media/catalog/product/m/q/mq.php HTTP/1.1" 404 1251 "-" "Mozilla/5.0 (Windows NT 10.0; Win64; x64) AppleWebKit/537.36 (KHTML, like Gecko) Chrome/125.0.0.0 Safari/537.36"
45.77.95.4 - - [30/Mar/2025:22:43:09 -0400] "GET /media/catalog/product/m/r/mr.php HTTP/1.1" 404 1251 "-" "Mozilla/5.0 (Windows NT 10.0; Win64; x64) AppleWebKit/537.36 (KHTML, like Gecko) Chrome/125.0.0.0 Safari/537.36"
45.77.95.4 - - [30/Mar/2025:22:43:09 -0400] "GET /media/catalog/product/m/s/ms.php HTTP/1.1" 404 1251 "-" "Mozilla/5.0 (Windows NT 10.0; Win64; x64) AppleWebKit/537.36 (KHTML, like Gecko) Chrome/125.0.0.0 Safari/537.36"
45.77.95.4 - - [30/Mar/2025:22:43:09 -0400] "GET /media/catalog/product/m/t/mt.php HTTP/1.1" 404 1251 "-" "Mozilla/5.0 (Windows NT 10.0; Win64; x64) AppleWebKit/537.36 (KHTML, like Gecko) Chrome/125.0.0.0 Safari/537.36"
45.77.95.4 - - [30/Mar/2025:22:43:09 -0400] "GET /media/catalog/product/m/u/mu.php HTTP/1.1" 404 1251 "-" "Mozilla/5.0 (Windows NT 10.0; Win64; x64) AppleWebKit/537.36 (KHTML, like Gecko) Chrome/125.0.0.0 Safari/537.36"
45.77.95.4 - - [30/Mar/2025:22:43:10 -0400] "GET /media/catalog/product/m/v/mv.php HTTP/1.1" 404 1251 "-" "Mozilla/5.0 (Windows NT 10.0; Win64; x64) AppleWebKit/537.36 (KHTML, like Gecko) Chrome/125.0.0.0 Safari/537.36"
45.77.95.4 - - [30/Mar/2025:22:43:10 -0400] "GET /media/catalog/product/m/w/mw.php HTTP/1.1" 404 1251 "-" "Mozilla/5.0 (Windows NT 10.0; Win64; x64) AppleWebKit/537.36 (KHTML, like Gecko) Chrome/125.0.0.0 Safari/537.36"
45.77.95.4 - - [30/Mar/2025:22:43:10 -0400] "GET /media/catalog/product/m/x/mx.php HTTP/1.1" 404 1251 "-" "Mozilla/5.0 (Windows NT 10.0; Win64; x64) AppleWebKit/537.36 (KHTML, like Gecko) Chrome/125.0.0.0 Safari/537.36"
45.77.95.4 - - [30/Mar/2025:22:43:10 -0400] "GET /media/catalog/product/m/y/my.php HTTP/1.1" 404 1251 "-" "Mozilla/5.0 (Windows NT 10.0; Win64; x64) AppleWebKit/537.36 (KHTML, like Gecko) Chrome/125.0.0.0 Safari/537.36"
45.77.95.4 - - [30/Mar/2025:22:43:11 -0400] "GET /media/catalog/product/m/z/mz.php HTTP/1.1" 404 1251 "-" "Mozilla/5.0 (Windows NT 10.0; Win64; x64) AppleWebKit/537.36 (KHTML, like Gecko) Chrome/125.0.0.0 Safari/537.36"
195.191.219.131 - - [30/Mar/2025:22:47:19 -0400] "GET /robots.txt HTTP/1.1" 304 0 "-" "Mozilla/5.0 (compatible; MJ12bot/v2.0.0; http://mj12bot.com/)"
195.191.219.131 - - [30/Mar/2025:22:47:20 -0400] "GET / HTTP/1.1" 200 156270 "-" "Mozilla/5.0 (compatible; MJ12bot/v2.0.0; http://mj12bot.com/)"
58.254.68.93 - - [30/Mar/2025:22:49:20 -0400] "GET /easter-bowl-2008/ HTTP/1.1" 404 1251 "https://economiciorologi.com" "Mozilla/5.0 (Windows NT 10.0; Win64; x64) AppleWebKit/537.36 (KHTML, like Gecko) Chrome/62.0.3202.94 Safari/537.36"
58.254.68.93 - - [30/Mar/2025:22:49:22 -0400] "GET /easter-bowl-2008/ HTTP/1.1" 404 1251 "https://economiciorologi.com" "Mozilla/5.0 (Windows NT 10.0; Win64; x64) AppleWebKit/537.36 (KHTML, like Gecko) Chrome/62.0.3202.94 Safari/537.36"
58.254.68.93 - - [30/Mar/2025:22:49:23 -0400] "GET /easter-bowl-2008/ HTTP/1.1" 404 1251 "https://economiciorologi.com" "Mozilla/5.0 (Windows NT 10.0; Win64; x64) AppleWebKit/537.36 (KHTML, like Gecko) Chrome/62.0.3202.94 Safari/537.36"
58.254.68.93 - - [30/Mar/2025:22:49:24 -0400] "GET /easter-bowl-2008/ HTTP/1.1" 404 1251 "https://economiciorologi.com" "Mozilla/5.0 (Windows NT 10.0; Win64; x64) AppleWebKit/537.36 (KHTML, like Gecko) Chrome/62.0.3202.94 Safari/537.36"
58.254.68.93 - - [30/Mar/2025:22:56:03 -0400] "GET /easter-bowl-2008/ HTTP/1.1" 404 1251 "https://economiciorologi.com" "Mozilla/5.0 (Windows NT 10.0; Win64; x64) AppleWebKit/537.36 (KHTML, like Gecko) Chrome/62.0.3202.94 Safari/537.36"
58.254.68.93 - - [30/Mar/2025:22:56:05 -0400] "GET /easter-bowl-2008/ HTTP/1.1" 404 1251 "https://economiciorologi.com" "Mozilla/5.0 (Windows NT 10.0; Win64; x64) AppleWebKit/537.36 (KHTML, like Gecko) Chrome/62.0.3202.94 Safari/537.36"
58.254.68.93 - - [30/Mar/2025:22:56:06 -0400] "GET /easter-bowl-2008/ HTTP/1.1" 404 1251 "https://economiciorologi.com" "Mozilla/5.0 (Windows NT 10.0; Win64; x64) AppleWebKit/537.36 (KHTML, like Gecko) Chrome/62.0.3202.94 Safari/537.36"
58.254.68.93 - - [30/Mar/2025:22:56:08 -0400] "GET /easter-bowl-2008/ HTTP/1.1" 404 1251 "https://economiciorologi.com" "Mozilla/5.0 (Windows NT 10.0; Win64; x64) AppleWebKit/537.36 (KHTML, like Gecko) Chrome/62.0.3202.94 Safari/537.36"
58.254.68.93 - - [30/Mar/2025:22:56:24 -0400] "GET /landscaping-business-loans/ HTTP/1.1" 404 1251 "https://economiciorologi.com" "Mozilla/5.0 (Windows NT 10.0; Win64; x64) AppleWebKit/537.36 (KHTML, like Gecko) Chrome/62.0.3202.94 Safari/537.36"
58.254.68.93 - - [30/Mar/2025:22:56:26 -0400] "GET /landscaping-business-loans/ HTTP/1.1" 404 1251 "https://economiciorologi.com" "Mozilla/5.0 (Windows NT 10.0; Win64; x64) AppleWebKit/537.36 (KHTML, like Gecko) Chrome/62.0.3202.94 Safari/537.36"
58.254.68.93 - - [30/Mar/2025:22:56:28 -0400] "GET /landscaping-business-loans/ HTTP/1.1" 404 1251 "https://economiciorologi.com" "Mozilla/5.0 (Windows NT 10.0; Win64; x64) AppleWebKit/537.36 (KHTML, like Gecko) Chrome/62.0.3202.94 Safari/537.36"
58.254.68.93 - - [30/Mar/2025:22:56:29 -0400] "GET /landscaping-business-loans/ HTTP/1.1" 404 1251 "https://economiciorologi.com" "Mozilla/5.0 (Windows NT 10.0; Win64; x64) AppleWebKit/537.36 (KHTML, like Gecko) Chrome/62.0.3202.94 Safari/537.36"
185.191.171.3 - - [30/Mar/2025:22:59:18 -0400] "GET /how-to-perform-a-micro-injection/ HTTP/1.1" 404 1251 "-" "Mozilla/5.0 (compatible; SemrushBot/7~bl; +http://www.semrush.com/bot.html)"
85.208.96.195 - - [30/Mar/2025:23:00:32 -0400] "GET /author/jorge/page/89/ HTTP/1.1" 404 1251 "-" "Mozilla/5.0 (compatible; SemrushBot/7~bl; +http://www.semrush.com/bot.html)"
103.153.202.96 - - [30/Mar/2025:23:00:44 -0400] "GET / HTTP/1.1" 200 156270 "https://economiciorologi.com" "Mozilla/4.0 (compatible; MSIE 9.0; Windows NT 6.1)"
8.210.230.104 - - [30/Mar/2025:23:04:41 -0400] "GET /category/sign-up/ HTTP/1.1" 404 1251 "-" "Mozilla/5.0 (Macintosh; Intel Mac OS X 10_15_7) AppleWebKit/537.36 (KHTML, like Gecko) Chrome/109.0.0.0 Safari/537.36"
85.208.96.205 - - [30/Mar/2025:23:05:11 -0400] "GET /author/jorge/page/92/ HTTP/1.1" 404 1251 "-" "Mozilla/5.0 (compatible; SemrushBot/7~bl; +http://www.semrush.com/bot.html)"
178.20.46.206 - - [30/Mar/2025:23:09:00 -0400] "GET /cbd-shop-uk-review/ HTTP/1.1" 404 1251 "https://economiciorologi.com/cbd-shop-uk-review/" "Mozilla/5.0 (Windows NT 10.0; Win64; x64) AppleWebKit/537.36 (KHTML, like Gecko) Chrome/131.0.0.0 Safari/537.36"
178.20.46.206 - - [30/Mar/2025:23:09:00 -0400] "GET / HTTP/1.1" 200 156270 "https://economiciorologi.com/" "Mozilla/5.0 (Windows NT 10.0; Win64; x64) AppleWebKit/537.36 (KHTML, like Gecko) Chrome/131.0.0.0 Safari/537.36"
47.128.63.216 - - [30/Mar/2025:23:18:55 -0400] "GET /robots.txt HTTP/1.1" 200 23 "-" "Mozilla/5.0 (Linux; Android 5.0) AppleWebKit/537.36 (KHTML, like Gecko) Mobile Safari/537.36 (compatible; Bytespider; spider-feedback@bytedance.com)"
195.2.76.183 - - [30/Mar/2025:23:19:08 -0400] "GET /cbd-shop-uk-review/ HTTP/1.1" 404 1251 "https://economiciorologi.com/cbd-shop-uk-review/" "Mozilla/5.0 (Windows NT 10.0; Win64; x64) AppleWebKit/537.36 (KHTML, like Gecko) Chrome/131.0.0.0 Safari/537.36"
195.2.76.183 - - [30/Mar/2025:23:19:09 -0400] "GET / HTTP/1.1" 200 156270 "https://economiciorologi.com/" "Mozilla/5.0 (Windows NT 10.0; Win64; x64) AppleWebKit/537.36 (KHTML, like Gecko) Chrome/131.0.0.0 Safari/537.36"
47.128.50.29 - - [30/Mar/2025:23:23:02 -0400] "GET /difference-of-jcoe-welded-steel-pipe-with-high-frequency-straight-seam-steel-pipe/ HTTP/1.1" 404 1251 "-" "Mozilla/5.0 (compatible; Bytespider; spider-feedback@bytedance.com) AppleWebKit/537.36 (KHTML, like Gecko) Chrome/70.0.0.0 Safari/537.36"
2a03:2880:f800:5:: - - [30/Mar/2025:23:23:54 -0400] "GET /top-9-dessert-delivery-sydney-slingers/ HTTP/1.1" 404 1251 "-" "meta-externalagent/1.1 (+https://developers.facebook.com/docs/sharing/webmasters/crawler)"
85.208.96.211 - - [30/Mar/2025:23:27:03 -0400] "GET /page/43/ HTTP/1.1" 404 1251 "-" "Mozilla/5.0 (compatible; SemrushBot/7~bl; +http://www.semrush.com/bot.html)"
3.81.191.118 - - [30/Mar/2025:23:27:10 -0400] "GET /healthy-food-delivery-services/ HTTP/1.1" 404 1251 "-" "Grammarly/1.0 (http://www.grammarly.com)"
94.103.88.177 - - [30/Mar/2025:23:32:01 -0400] "GET /cbd-shop-uk-review/ HTTP/1.1" 404 1251 "https://economiciorologi.com/cbd-shop-uk-review/" "Mozilla/5.0 (Windows NT 10.0; Win64; x64) AppleWebKit/537.36 (KHTML, like Gecko) Chrome/129.0.0.0 Safari/537.36"
94.103.88.177 - - [30/Mar/2025:23:32:02 -0400] "GET / HTTP/1.1" 200 156270 "https://economiciorologi.com/" "Mozilla/5.0 (Windows NT 10.0; Win64; x64) AppleWebKit/537.36 (KHTML, like Gecko) Chrome/129.0.0.0 Safari/537.36"
85.208.96.208 - - [30/Mar/2025:23:33:21 -0400] "GET /2024/page/56/ HTTP/1.1" 404 1251 "-" "Mozilla/5.0 (compatible; SemrushBot/7~bl; +http://www.semrush.com/bot.html)"
94.181.156.210 - - [30/Mar/2025:23:33:28 -0400] "GET /getting-a-personal-loan-with-even-the-most-horrible-credit/ HTTP/1.1" 404 1251 "-" "Mozilla/5.0 (Windows NT 6.3; Win64; x64) AppleWebKit/537.36 (KHTML, like Gecko) Chrome/75.0.3770.100 Safari/537.36"
58.254.68.93 - - [30/Mar/2025:23:35:21 -0400] "GET /easter-bowl-2008/ HTTP/1.1" 404 1251 "https://economiciorologi.com" "Mozilla/5.0 (Windows NT 10.0; Win64; x64) AppleWebKit/537.36 (KHTML, like Gecko) Chrome/62.0.3202.94 Safari/537.36"
58.254.68.93 - - [30/Mar/2025:23:35:22 -0400] "GET /easter-bowl-2008/ HTTP/1.1" 404 1251 "https://economiciorologi.com" "Mozilla/5.0 (Windows NT 10.0; Win64; x64) AppleWebKit/537.36 (KHTML, like Gecko) Chrome/62.0.3202.94 Safari/537.36"
58.254.68.93 - - [30/Mar/2025:23:35:23 -0400] "GET /easter-bowl-2008/ HTTP/1.1" 404 1251 "https://economiciorologi.com" "Mozilla/5.0 (Windows NT 10.0; Win64; x64) AppleWebKit/537.36 (KHTML, like Gecko) Chrome/62.0.3202.94 Safari/537.36"
58.254.68.93 - - [30/Mar/2025:23:35:24 -0400] "GET /easter-bowl-2008/ HTTP/1.1" 404 1251 "https://economiciorologi.com" "Mozilla/5.0 (Windows NT 10.0; Win64; x64) AppleWebKit/537.36 (KHTML, like Gecko) Chrome/62.0.3202.94 Safari/537.36"
58.254.68.93 - - [30/Mar/2025:23:37:31 -0400] "GET /easter-bowl-2008/ HTTP/1.1" 404 1251 "https://economiciorologi.com" "Mozilla/5.0 (Windows NT 10.0; Win64; x64) AppleWebKit/537.36 (KHTML, like Gecko) Chrome/62.0.3202.94 Safari/537.36"
58.254.68.93 - - [30/Mar/2025:23:37:33 -0400] "GET /easter-bowl-2008/ HTTP/1.1" 404 1251 "https://economiciorologi.com" "Mozilla/5.0 (Windows NT 10.0; Win64; x64) AppleWebKit/537.36 (KHTML, like Gecko) Chrome/62.0.3202.94 Safari/537.36"
58.254.68.93 - - [30/Mar/2025:23:37:35 -0400] "GET /easter-bowl-2008/ HTTP/1.1" 404 1251 "https://economiciorologi.com" "Mozilla/5.0 (Windows NT 10.0; Win64; x64) AppleWebKit/537.36 (KHTML, like Gecko) Chrome/62.0.3202.94 Safari/537.36"
58.254.68.93 - - [30/Mar/2025:23:37:36 -0400] "GET /easter-bowl-2008/ HTTP/1.1" 404 1251 "https://economiciorologi.com" "Mozilla/5.0 (Windows NT 10.0; Win64; x64) AppleWebKit/537.36 (KHTML, like Gecko) Chrome/62.0.3202.94 Safari/537.36"
198.54.114.83 - - [30/Mar/2025:23:39:37 -0400] "POST /wp-cron.php?doing_wp_cron=1743392377.1690781116485595703125 HTTP/1.1" 200 0 "-" "WordPress/6.7.2; https://economiciorologi.com"
41.140.4.245 - - [30/Mar/2025:23:39:34 -0400] "POST /wp-login.php HTTP/1.1" 200 1851 "https://economiciorologi.com/wp-admin/" "Mozilla/5.0 (Windows NT 10.0; Win64; x64) AppleWebKit/537.36 (KHTML, like Gecko) Chrome/90.0.4430.85 Safari/537.36"
198.54.114.83 - - [30/Mar/2025:23:39:38 -0400] "POST /wp-admin/admin-ajax.php?action=async_litespeed&nonce=ODamGwFuSCnyMe611Q7SN6KX3tosn2Rp&litespeed_type=imgoptm HTTP/1.1" 200 0 "-" "WordPress/6.7.2; https://economiciorologi.com"
41.140.4.245 - - [30/Mar/2025:23:39:41 -0400] "GET /wp-admin/ HTTP/1.1" 302 0 "www.google.com" "Mozilla/5.0 (Windows NT 10.0; Win64; x64) AppleWebKit/537.36 (KHTML, like Gecko) Chrome/90.0.4430.85 Safari/537.36"
198.54.114.83 - - [30/Mar/2025:23:39:44 -0400] "POST /wp-cron.php?doing_wp_cron=1743392383.9725959300994873046875 HTTP/1.1" 200 0 "-" "WordPress/6.7.2; https://economiciorologi.com"
41.140.4.245 - - [30/Mar/2025:23:39:43 -0400] "GET /wp-login.php?redirect_to=https%3A%2F%2Feconomiciorologi.com%2Fwp-admin%2F&reauth=1 HTTP/1.1" 200 1732 "www.google.com" "Mozilla/5.0 (Windows NT 10.0; Win64; x64) AppleWebKit/537.36 (KHTML, like Gecko) Chrome/90.0.4430.85 Safari/537.36"
198.54.114.83 - - [30/Mar/2025:23:39:44 -0400] "POST /wp-admin/admin-ajax.php?action=async_litespeed&nonce=zGvaDfILH4T62KTexa73nXmncpKGsHlp&litespeed_type=imgoptm HTTP/1.1" 200 5 "-" "WordPress/6.7.2; https://economiciorologi.com"
85.208.96.208 - - [30/Mar/2025:23:43:12 -0400] "GET /page/20/ HTTP/1.1" 404 1251 "-" "Mozilla/5.0 (compatible; SemrushBot/7~bl; +http://www.semrush.com/bot.html)"
85.208.96.207 - - [30/Mar/2025:23:45:53 -0400] "GET /category/activity/page/79/ HTTP/1.1" 404 1251 "-" "Mozilla/5.0 (compatible; SemrushBot/7~bl; +http://www.semrush.com/bot.html)"
58.254.68.93 - - [30/Mar/2025:23:47:18 -0400] "GET /easter-bowl-2008/ HTTP/1.1" 404 1251 "https://economiciorologi.com" "Mozilla/5.0 (Windows NT 10.0; Win64; x64) AppleWebKit/537.36 (KHTML, like Gecko) Chrome/62.0.3202.94 Safari/537.36"
58.254.68.93 - - [30/Mar/2025:23:47:20 -0400] "GET /easter-bowl-2008/ HTTP/1.1" 404 1251 "https://economiciorologi.com" "Mozilla/5.0 (Windows NT 10.0; Win64; x64) AppleWebKit/537.36 (KHTML, like Gecko) Chrome/62.0.3202.94 Safari/537.36"
58.254.68.93 - - [30/Mar/2025:23:47:22 -0400] "GET /easter-bowl-2008/ HTTP/1.1" 404 1251 "https://economiciorologi.com" "Mozilla/5.0 (Windows NT 10.0; Win64; x64) AppleWebKit/537.36 (KHTML, like Gecko) Chrome/62.0.3202.94 Safari/537.36"
58.254.68.93 - - [30/Mar/2025:23:47:23 -0400] "GET /easter-bowl-2008/ HTTP/1.1" 404 1251 "https://economiciorologi.com" "Mozilla/5.0 (Windows NT 10.0; Win64; x64) AppleWebKit/537.36 (KHTML, like Gecko) Chrome/62.0.3202.94 Safari/537.36"
85.208.96.198 - - [30/Mar/2025:23:51:36 -0400] "GET /how-to-choose-right-display-counter/ HTTP/1.1" 404 1251 "-" "Mozilla/5.0 (compatible; SemrushBot/7~bl; +http://www.semrush.com/bot.html)"
185.191.171.11 - - [30/Mar/2025:23:52:33 -0400] "GET /page/131/ HTTP/1.1" 404 1251 "-" "Mozilla/5.0 (compatible; SemrushBot/7~bl; +http://www.semrush.com/bot.html)"
185.191.171.11 - - [30/Mar/2025:23:55:12 -0400] "GET /umzugsunternehmen-hamburg-ihr-zuverlassiger-partner-fur-einen-stressfreien-umzug/ HTTP/1.1" 404 1251 "-" "Mozilla/5.0 (compatible; SemrushBot/7~bl; +http://www.semrush.com/bot.html)"
85.208.96.208 - - [30/Mar/2025:23:57:26 -0400] "GET /why-buy-premium-domains/ HTTP/1.1" 404 1251 "-" "Mozilla/5.0 (compatible; SemrushBot/7~bl; +http://www.semrush.com/bot.html)"
103.105.78.129 - - [30/Mar/2025:23:58:59 -0400] "GET /the-revolutionary-benefits-of-humastogel/ HTTP/1.1" 404 1251 "https://id.search.yahoo.com/" "Mozilla/5.0 (Linux; Android 10; K) AppleWebKit/537.36 (KHTML, like Gecko) Chrome/134.0.0.0 Mobile Safari/537.36"
103.105.78.129 - - [30/Mar/2025:23:59:00 -0400] "GET /favicon.ico HTTP/1.1" 404 1251 "https://economiciorologi.com/the-revolutionary-benefits-of-humastogel/" "Mozilla/5.0 (Linux; Android 10; K) AppleWebKit/537.36 (KHTML, like Gecko) Chrome/134.0.0.0 Mobile Safari/537.36"
136.243.228.178 - - [30/Mar/2025:23:59:31 -0400] "GET /custom-personalized-socks/ HTTP/1.1" 404 1251 "-" "Mozilla/5.0 (compatible; DataForSeoBot/1.0; +https://dataforseo.com/dataforseo-bot)"
88.204.37.222 - - [31/Mar/2025:00:03:41 -0400] "GET /mk-bags-in-uk-free-michael-kors-in-fragrance-shop/ HTTP/1.1" 404 1251 "https://economiciorologi.com/mk-bags-in-uk-free-michael-kors-in-fragrance-shop/#comment-29306" "Mozilla/5.0 (Windows NT 10.0; Win64; x64) AppleWebKit/537.36 (KHTML, like Gecko) Chrome/130.0.0.0 Safari/537.36 CCleaner/130.0.0.0"
88.204.37.222 - - [31/Mar/2025:00:03:42 -0400] "GET / HTTP/1.1" 200 156270 "https://economiciorologi.com/" "Mozilla/5.0 (Windows NT 10.0; Win64; x64) AppleWebKit/537.36 (KHTML, like Gecko) Chrome/130.0.0.0 Safari/537.36 CCleaner/130.0.0.0"
185.191.171.6 - - [31/Mar/2025:00:06:24 -0400] "GET /robots.txt HTTP/1.1" 304 0 "-" "Mozilla/5.0 (compatible; SemrushBot/7~bl; +http://www.semrush.com/bot.html)"
185.191.171.1 - - [31/Mar/2025:00:06:25 -0400] "GET /category/activity/page/86/ HTTP/1.1" 404 1251 "-" "Mozilla/5.0 (compatible; SemrushBot/7~bl; +http://www.semrush.com/bot.html)"
58.254.68.93 - - [31/Mar/2025:00:06:37 -0400] "GET /easter-bowl-2008/ HTTP/1.1" 404 1251 "https://economiciorologi.com" "Mozilla/5.0 (Windows NT 10.0; Win64; x64) AppleWebKit/537.36 (KHTML, like Gecko) Chrome/62.0.3202.94 Safari/537.36"
58.254.68.93 - - [31/Mar/2025:00:06:38 -0400] "GET /easter-bowl-2008/ HTTP/1.1" 404 1251 "https://economiciorologi.com" "Mozilla/5.0 (Windows NT 10.0; Win64; x64) AppleWebKit/537.36 (KHTML, like Gecko) Chrome/62.0.3202.94 Safari/537.36"
58.254.68.93 - - [31/Mar/2025:00:06:39 -0400] "GET /easter-bowl-2008/ HTTP/1.1" 404 1251 "https://economiciorologi.com" "Mozilla/5.0 (Windows NT 10.0; Win64; x64) AppleWebKit/537.36 (KHTML, like Gecko) Chrome/62.0.3202.94 Safari/537.36"
58.254.68.93 - - [31/Mar/2025:00:06:41 -0400] "GET /easter-bowl-2008/ HTTP/1.1" 404 1251 "https://economiciorologi.com" "Mozilla/5.0 (Windows NT 10.0; Win64; x64) AppleWebKit/537.36 (KHTML, like Gecko) Chrome/62.0.3202.94 Safari/537.36"
85.208.96.212 - - [31/Mar/2025:00:07:25 -0400] "GET /author/jorge/page/88/ HTTP/1.1" 404 1251 "-" "Mozilla/5.0 (compatible; SemrushBot/7~bl; +http://www.semrush.com/bot.html)"
2a01:4ff:1f0:e587::1 - - [31/Mar/2025:00:10:26 -0400] "GET /robots.txt HTTP/1.1" 304 0 "-" "Mozilla/5.0 (compatible; Sansec Security Monitor/1.0; +https://sansec.io/monitor)"
2a01:4ff:1f0:e587::1 - - [31/Mar/2025:00:10:26 -0400] "GET / HTTP/1.1" 200 156270 "https://economiciorologi.com/" "Mozilla/5.0 (compatible; Sansec Security Monitor/1.0; +https://sansec.io/monitor)"
66.249.73.201 - - [31/Mar/2025:00:13:53 -0400] "GET /robots.txt HTTP/1.1" 304 0 "-" "Mozilla/5.0 (compatible; Googlebot/2.1; +http://www.google.com/bot.html)"
66.249.73.202 - - [31/Mar/2025:00:13:54 -0400] "GET /discovering-your-dream-home-in-sonoma-ca/ HTTP/1.1" 404 1251 "-" "Mozilla/5.0 (Linux; Android 6.0.1; Nexus 5X Build/MMB29P) AppleWebKit/537.36 (KHTML, like Gecko) Chrome/134.0.6998.165 Mobile Safari/537.36 (compatible; Googlebot/2.1; +http://www.google.com/bot.html)"
85.208.96.205 - - [31/Mar/2025:00:14:25 -0400] "GET /author/jorge/page/121/ HTTP/1.1" 404 1251 "-" "Mozilla/5.0 (compatible; SemrushBot/7~bl; +http://www.semrush.com/bot.html)"
185.231.155.169 - - [31/Mar/2025:00:16:29 -0400] "GET /cbd-shop-uk-review/ HTTP/1.1" 404 1251 "https://economiciorologi.com/cbd-shop-uk-review/#comment-19666/" "Mozilla/5.0 (Windows NT 10.0; Win64; x64) AppleWebKit/537.36 (KHTML, like Gecko) Chrome/130.0.0.0 Safari/537.36"
185.231.155.169 - - [31/Mar/2025:00:16:30 -0400] "GET / HTTP/1.1" 200 156270 "https://economiciorologi.com/" "Mozilla/5.0 (Windows NT 10.0; Win64; x64) AppleWebKit/537.36 (KHTML, like Gecko) Chrome/130.0.0.0 Safari/537.36"
85.208.96.201 - - [31/Mar/2025:00:18:37 -0400] "GET /anavar-usage-in-canada/ HTTP/1.1" 404 1251 "-" "Mozilla/5.0 (compatible; SemrushBot/7~bl; +http://www.semrush.com/bot.html)"
58.254.68.93 - - [31/Mar/2025:00:26:47 -0400] "GET /easter-bowl-2008/ HTTP/1.1" 404 1251 "https://economiciorologi.com" "Mozilla/5.0 (Windows NT 10.0; Win64; x64) AppleWebKit/537.36 (KHTML, like Gecko) Chrome/62.0.3202.94 Safari/537.36"
58.254.68.93 - - [31/Mar/2025:00:26:48 -0400] "GET /easter-bowl-2008/ HTTP/1.1" 404 1251 "https://economiciorologi.com" "Mozilla/5.0 (Windows NT 10.0; Win64; x64) AppleWebKit/537.36 (KHTML, like Gecko) Chrome/62.0.3202.94 Safari/537.36"
59.6.26.211 - - [31/Mar/2025:00:30:01 -0400] "GET /relax-and-recharge-with-business-trip-massage/ HTTP/1.1" 404 1251 "https://economiciorologi.com/relax-and-recharge-with-business-trip-massage/#comment-40664" "Mozilla/5.0 (Windows NT 10.0; Win64; x64) AppleWebKit/537.36 (KHTML, like Gecko) Chrome/103.0.0.0 Safari/537.36"
59.6.26.211 - - [31/Mar/2025:00:30:01 -0400] "GET /steroids-thailand/ HTTP/1.1" 404 1251 "https://economiciorologi.com/steroids-thailand/#comment-39828" "Mozilla/5.0 (Windows NT 10.0; Win64; x64) AppleWebKit/537.36 (KHTML, like Gecko) Chrome/103.0.5060.66 Safari/537.36"
59.6.26.211 - - [31/Mar/2025:00:30:02 -0400] "GET / HTTP/1.1" 200 156270 "https://economiciorologi.com/" "Mozilla/5.0 (Windows NT 10.0; Win64; x64) AppleWebKit/537.36 (KHTML, like Gecko) Chrome/103.0.0.0 Safari/537.36"
59.6.26.211 - - [31/Mar/2025:00:30:02 -0400] "GET / HTTP/1.1" 200 156270 "https://economiciorologi.com/" "Mozilla/5.0 (Windows NT 10.0; Win64; x64) AppleWebKit/537.36 (KHTML, like Gecko) Chrome/103.0.5060.66 Safari/537.36"
59.6.26.211 - - [31/Mar/2025:00:30:05 -0400] "GET /the-evolution-and-impact-of-t-shirts/ HTTP/1.1" 404 1251 "https://economiciorologi.com/the-evolution-and-impact-of-t-shirts/#comment-39763" "Mozilla/5.0 (Windows NT 6.1; Win64; x64) AppleWebKit/537.36 (KHTML, like Gecko) Chrome/103.0.0.0 Safari/537.36"
59.6.26.211 - - [31/Mar/2025:00:30:06 -0400] "GET /the-ethical-approach-to-buying-youtube-views/ HTTP/1.1" 404 1251 "https://economiciorologi.com/the-ethical-approach-to-buying-youtube-views/#comment-40663" "Mozilla/5.0 (Windows NT 10.0; Win64; x64) AppleWebKit/537.36 (KHTML, like Gecko) Chrome/103.0.0.0 Safari/537.36 OpenWave/97.4.2043.44"
59.6.26.211 - - [31/Mar/2025:00:30:06 -0400] "GET /unlock-efficiency-with-heavy-duty-forklift-rentals/ HTTP/1.1" 404 1251 "https://economiciorologi.com/unlock-efficiency-with-heavy-duty-forklift-rentals/#comment-40662" "Mozilla/5.0 (Windows NT 6.1; Win64; x64) AppleWebKit/537.36 (KHTML, like Gecko) Chrome/103.0.0.0 Safari/537.36"
59.6.26.211 - - [31/Mar/2025:00:30:06 -0400] "GET / HTTP/1.1" 200 156270 "https://economiciorologi.com/" "Mozilla/5.0 (Windows NT 6.1; Win64; x64) AppleWebKit/537.36 (KHTML, like Gecko) Chrome/103.0.0.0 Safari/537.36"
59.6.26.211 - - [31/Mar/2025:00:30:08 -0400] "GET / HTTP/1.1" 200 156270 "https://economiciorologi.com/" "Mozilla/5.0 (Windows NT 6.1; Win64; x64) AppleWebKit/537.36 (KHTML, like Gecko) Chrome/103.0.0.0 Safari/537.36"
59.6.26.211 - - [31/Mar/2025:00:30:11 -0400] "GET / HTTP/1.1" 200 156270 "https://economiciorologi.com/" "Mozilla/5.0 (Windows NT 10.0; Win64; x64) AppleWebKit/537.36 (KHTML, like Gecko) Chrome/103.0.0.0 Safari/537.36 OpenWave/97.4.2043.44"
2a03:2880:f800:1:: - - [31/Mar/2025:00:34:26 -0400] "GET /the-thrills-and-risks-of-online-gambling/ HTTP/1.1" 404 1251 "-" "meta-externalagent/1.1 (+https://developers.facebook.com/docs/sharing/webmasters/crawler)"
94.181.156.210 - - [31/Mar/2025:00:37:01 -0400] "GET /getting-a-personal-loan-with-even-the-most-horrible-credit/ HTTP/1.1" 404 1251 "-" "Mozilla/5.0 (Windows NT 6.3; Win64; x64) AppleWebKit/537.36 (KHTML, like Gecko) Chrome/75.0.3770.100 Safari/537.36"
138.199.59.149 - - [31/Mar/2025:00:38:03 -0400] "GET /wp-login.php HTTP/1.1" 200 1733 "https://economiciorologi.com" "Mozilla/5.0 (Windows NT 10.0; WOW64; rv:77.0) Gecko/20100101 Firefox/77.0"
198.54.114.83 - - [31/Mar/2025:00:38:09 -0400] "POST /wp-cron.php?doing_wp_cron=1743395888.9008789062500000000000 HTTP/1.1" 200 0 "-" "WordPress/6.7.2; https://economiciorologi.com"
138.199.59.149 - - [31/Mar/2025:00:38:06 -0400] "POST /wp-login.php?wpe-login=true&hide_my_wp=1&hmwp_do=login&login=1 HTTP/1.1" 200 1866 "https://economiciorologi.com" "Mozilla/5.0 (Windows NT 10.0; WOW64; rv:77.0) Gecko/20100101 Firefox/77.0"
198.54.114.83 - - [31/Mar/2025:00:38:10 -0400] "POST /wp-admin/admin-ajax.php?action=async_litespeed&nonce=zlHBEMEhNJYGp8aQnsydVyI31irW6o9U&litespeed_type=imgoptm HTTP/1.1" 200 0 "-" "WordPress/6.7.2; https://economiciorologi.com"
2a03:2880:f800:19:: - - [31/Mar/2025:00:39:59 -0400] "GET /inspirational-jewelry-positive-messages-to-enliven-your-heart-and-soul/ HTTP/1.1" 404 1251 "-" "meta-externalagent/1.1 (+https://developers.facebook.com/docs/sharing/webmasters/crawler)"
58.254.68.93 - - [31/Mar/2025:00:40:54 -0400] "GET /easter-bowl-2008/ HTTP/1.1" 404 1251 "https://economiciorologi.com" "Mozilla/5.0 (Windows NT 10.0; Win64; x64) AppleWebKit/537.36 (KHTML, like Gecko) Chrome/62.0.3202.94 Safari/537.36"
85.208.96.203 - - [31/Mar/2025:00:48:13 -0400] "GET /author/jorge/page/19/ HTTP/1.1" 404 1251 "-" "Mozilla/5.0 (compatible; SemrushBot/7~bl; +http://www.semrush.com/bot.html)"
85.208.96.211 - - [31/Mar/2025:00:49:31 -0400] "GET /sample-page/ HTTP/1.1" 404 1251 "-" "Mozilla/5.0 (compatible; SemrushBot/7~bl; +http://www.semrush.com/bot.html)"
58.254.68.93 - - [31/Mar/2025:00:55:39 -0400] "GET /easter-bowl-2008/ HTTP/1.1" 404 1251 "https://economiciorologi.com" "Mozilla/5.0 (Windows NT 10.0; Win64; x64) AppleWebKit/537.36 (KHTML, like Gecko) Chrome/62.0.3202.94 Safari/537.36"
58.254.68.93 - - [31/Mar/2025:00:55:41 -0400] "GET /easter-bowl-2008/ HTTP/1.1" 404 1251 "https://economiciorologi.com" "Mozilla/5.0 (Windows NT 10.0; Win64; x64) AppleWebKit/537.36 (KHTML, like Gecko) Chrome/62.0.3202.94 Safari/537.36"
58.254.68.93 - - [31/Mar/2025:00:55:42 -0400] "GET /easter-bowl-2008/ HTTP/1.1" 404 1251 "https://economiciorologi.com" "Mozilla/5.0 (Windows NT 10.0; Win64; x64) AppleWebKit/537.36 (KHTML, like Gecko) Chrome/62.0.3202.94 Safari/537.36"
58.254.68.93 - - [31/Mar/2025:01:02:48 -0400] "GET /easter-bowl-2008/ HTTP/1.1" 404 1251 "https://economiciorologi.com" "Mozilla/5.0 (Windows NT 10.0; Win64; x64) AppleWebKit/537.36 (KHTML, like Gecko) Chrome/62.0.3202.94 Safari/537.36"
58.254.68.93 - - [31/Mar/2025:01:02:50 -0400] "GET /easter-bowl-2008/ HTTP/1.1" 404 1251 "https://economiciorologi.com" "Mozilla/5.0 (Windows NT 10.0; Win64; x64) AppleWebKit/537.36 (KHTML, like Gecko) Chrome/62.0.3202.94 Safari/537.36"
58.254.68.93 - - [31/Mar/2025:01:02:51 -0400] "GET /easter-bowl-2008/ HTTP/1.1" 404 1251 "https://economiciorologi.com" "Mozilla/5.0 (Windows NT 10.0; Win64; x64) AppleWebKit/537.36 (KHTML, like Gecko) Chrome/62.0.3202.94 Safari/537.36"
58.254.68.93 - - [31/Mar/2025:01:03:03 -0400] "GET /easter-bowl-2008/ HTTP/1.1" 404 1251 "https://economiciorologi.com" "Mozilla/5.0 (Windows NT 10.0; Win64; x64) AppleWebKit/537.36 (KHTML, like Gecko) Chrome/62.0.3202.94 Safari/537.36"
188.214.30.149 - - [31/Mar/2025:01:04:56 -0400] "GET /wp-login.php HTTP/1.1" 200 1733 "-" "GRequests/0.10"
198.54.114.83 - - [31/Mar/2025:01:04:59 -0400] "POST /wp-cron.php?doing_wp_cron=1743397499.5210518836975097656250 HTTP/1.1" 200 0 "-" "WordPress/6.7.2; https://economiciorologi.com"
188.214.30.149 - - [31/Mar/2025:01:04:56 -0400] "POST /wp-login.php HTTP/1.1" 200 1862 "-" "GRequests/0.10"
198.54.114.83 - - [31/Mar/2025:01:05:00 -0400] "POST /wp-admin/admin-ajax.php?action=async_litespeed&nonce=L9LwBfTKqs6OQd7ohHLWpc9OZtSuh5OE&litespeed_type=imgoptm HTTP/1.1" 200 5 "-" "WordPress/6.7.2; https://economiciorologi.com"
185.117.28.128 - - [31/Mar/2025:01:06:33 -0400] "GET /mk-bags-in-uk-free-michael-kors-in-fragrance-shop/ HTTP/1.1" 404 1251 "https://economiciorologi.com/mk-bags-in-uk-free-michael-kors-in-fragrance-shop/#comment-29306" "Mozilla/5.0 (Windows NT 6.1; Win64; x64) AppleWebKit/537.36 (KHTML, like Gecko) Chrome/103.0.0.0 Safari/537.36"
185.117.28.128 - - [31/Mar/2025:01:06:34 -0400] "GET / HTTP/1.1" 200 156270 "https://economiciorologi.com/" "Mozilla/5.0 (Windows NT 6.1; Win64; x64) AppleWebKit/537.36 (KHTML, like Gecko) Chrome/103.0.0.0 Safari/537.36"
47.79.108.127 - - [31/Mar/2025:01:09:52 -0400] "GET / HTTP/1.1" 200 156270 "https://www.google.com/" "Mozilla/5.0 (Linux; Android 10; K) AppleWebKit/537.36 (KHTML, like Gecko) Chrome/132.0.0.0 Mobile Safari/537.36"
58.254.68.93 - - [31/Mar/2025:01:11:09 -0400] "GET /best-smm-panel-how-to-choose-the-best-smm-panel/ HTTP/1.1" 404 1251 "https://economiciorologi.com" "Mozilla/5.0 (Windows NT 10.0; Win64; x64) AppleWebKit/537.36 (KHTML, like Gecko) Chrome/62.0.3202.94 Safari/537.36"
58.254.68.93 - - [31/Mar/2025:01:11:18 -0400] "GET /best-smm-panel-how-to-choose-the-best-smm-panel/ HTTP/1.1" 404 1251 "https://economiciorologi.com" "Mozilla/5.0 (Windows NT 10.0; Win64; x64) AppleWebKit/537.36 (KHTML, like Gecko) Chrome/62.0.3202.94 Safari/537.36"
58.254.68.93 - - [31/Mar/2025:01:11:20 -0400] "GET /best-smm-panel-how-to-choose-the-best-smm-panel/ HTTP/1.1" 404 1251 "https://economiciorologi.com" "Mozilla/5.0 (Windows NT 10.0; Win64; x64) AppleWebKit/537.36 (KHTML, like Gecko) Chrome/62.0.3202.94 Safari/537.36"
58.254.68.93 - - [31/Mar/2025:01:11:21 -0400] "GET /best-smm-panel-how-to-choose-the-best-smm-panel/ HTTP/1.1" 404 1251 "https://economiciorologi.com" "Mozilla/5.0 (Windows NT 10.0; Win64; x64) AppleWebKit/537.36 (KHTML, like Gecko) Chrome/62.0.3202.94 Safari/537.36"
58.254.68.93 - - [31/Mar/2025:01:11:40 -0400] "GET /easter-bowl-2008/ HTTP/1.1" 404 1251 "https://economiciorologi.com" "Mozilla/5.0 (Windows NT 10.0; Win64; x64) AppleWebKit/537.36 (KHTML, like Gecko) Chrome/62.0.3202.94 Safari/537.36"
2001:41d0:203:83e2:: - - [31/Mar/2025:01:11:51 -0400] "GET /wp-login.php HTTP/1.1" 200 1733 "-" "GRequests/0.10"
198.54.114.83 - - [31/Mar/2025:01:11:56 -0400] "POST /wp-cron.php?doing_wp_cron=1743397915.7081010341644287109375 HTTP/1.1" 200 0 "-" "WordPress/6.7.2; https://economiciorologi.com"
2001:41d0:203:83e2:: - - [31/Mar/2025:01:11:52 -0400] "POST /wp-login.php HTTP/1.1" 200 1869 "-" "GRequests/0.10"
198.54.114.83 - - [31/Mar/2025:01:11:56 -0400] "POST /wp-admin/admin-ajax.php?action=async_litespeed&nonce=g8mAXJ2WqnGXenoJkpGZuWL4nIA8FJVe&litespeed_type=imgoptm HTTP/1.1" 200 5 "-" "WordPress/6.7.2; https://economiciorologi.com"
85.208.96.195 - - [31/Mar/2025:01:12:11 -0400] "GET /author/jorge/page/54/ HTTP/1.1" 404 1251 "-" "Mozilla/5.0 (compatible; SemrushBot/7~bl; +http://www.semrush.com/bot.html)"
195.2.75.64 - - [31/Mar/2025:01:12:32 -0400] "GET /cbd-shop-uk-review/ HTTP/1.1" 404 1251 "https://economiciorologi.com/cbd-shop-uk-review/" "Mozilla/5.0 (Windows NT 10.0; Win64; x64) AppleWebKit/537.36 (KHTML, like Gecko) Chrome/130.0.0.0 Safari/537.36"
195.2.75.64 - - [31/Mar/2025:01:12:33 -0400] "GET / HTTP/1.1" 200 156270 "https://economiciorologi.com/" "Mozilla/5.0 (Windows NT 10.0; Win64; x64) AppleWebKit/537.36 (KHTML, like Gecko) Chrome/130.0.0.0 Safari/537.36"
2a01:4f9:3a:2aa6::2 - - [31/Mar/2025:01:13:51 -0400] "GET /robots.txt HTTP/1.1" 200 23 "-" "Mozilla/5.0 (compatible; MJ12bot/v1.4.8; http://mj12bot.com/)"
85.208.96.202 - - [31/Mar/2025:01:13:52 -0400] "GET /author/jorge/page/72/ HTTP/1.1" 404 1251 "-" "Mozilla/5.0 (compatible; SemrushBot/7~bl; +http://www.semrush.com/bot.html)"
2a01:4f9:3a:2aa6::2 - - [31/Mar/2025:01:13:53 -0400] "GET /the-best-slouch-socks-from-jefferies-socks/ HTTP/1.1" 404 1251 "-" "Mozilla/5.0 (compatible; MJ12bot/v1.4.8; http://mj12bot.com/)"
110.249.201.99 - - [31/Mar/2025:01:14:27 -0400] "GET /2024/09/ HTTP/1.1" 404 1251 "-" "Mozilla/5.0 (Linux; Android 5.0) AppleWebKit/537.36 (KHTML, like Gecko) Mobile Safari/537.36 (compatible; Bytespider; https://zhanzhang.toutiao.com/)"
3.68.86.164 - - [31/Mar/2025:01:15:22 -0400] "GET /robots.txt HTTP/1.1" 304 0 "-" "Java/11.0.19"
3.68.86.164 - - [31/Mar/2025:01:15:42 -0400] "GET / HTTP/1.1" 200 156270 "-" "Mozilla/5.0 (Macintosh; Intel Mac OS X 10_15_7) AppleWebKit/537.36 (KHTML, like Gecko) Chrome/131.0.0.0 Safari/537.36"
3.68.86.164 - - [31/Mar/2025:01:16:03 -0400] "GET / HTTP/1.1" 200 156270 "-" "Mozilla/5.0 (Macintosh; Intel Mac OS X 10_15_7) AppleWebKit/537.36 (KHTML, like Gecko) Chrome/131.0.0.0 Safari/537.36"
85.208.96.198 - - [31/Mar/2025:01:17:00 -0400] "GET /page/8/ HTTP/1.1" 404 1251 "-" "Mozilla/5.0 (compatible; SemrushBot/7~bl; +http://www.semrush.com/bot.html)"
104.248.118.148 - - [31/Mar/2025:01:18:35 -0400] "GET /wp-login.php HTTP/1.1" 200 1733 "-" "GRequests/0.10"
198.54.114.83 - - [31/Mar/2025:01:18:40 -0400] "POST /wp-cron.php?doing_wp_cron=1743398320.0574429035186767578125 HTTP/1.1" 200 0 "-" "WordPress/6.7.2; https://economiciorologi.com"
104.248.118.148 - - [31/Mar/2025:01:18:37 -0400] "POST /wp-login.php HTTP/1.1" 200 1851 "-" "GRequests/0.10"
198.54.114.83 - - [31/Mar/2025:01:18:40 -0400] "POST /wp-admin/admin-ajax.php?action=async_litespeed&nonce=Z1NCWtOIghj0t6nCadGSKCd4NvWOSu7Y&litespeed_type=imgoptm HTTP/1.1" 200 0 "-" "WordPress/6.7.2; https://economiciorologi.com"
94.23.203.202 - - [31/Mar/2025:01:19:02 -0400] "GET /2023/page/10/ HTTP/1.1" 404 1251 "-" "Mozilla/5.0 (compatible; MJ12bot/v1.4.8; http://mj12bot.com/)"
94.23.203.202 - - [31/Mar/2025:01:19:06 -0400] "GET /2023/page/11/ HTTP/1.1" 404 1251 "-" "Mozilla/5.0 (compatible; MJ12bot/v1.4.8; http://mj12bot.com/)"
94.23.203.202 - - [31/Mar/2025:01:19:10 -0400] "GET /2023/page/12/ HTTP/1.1" 404 1251 "-" "Mozilla/5.0 (compatible; MJ12bot/v1.4.8; http://mj12bot.com/)"
94.23.203.202 - - [31/Mar/2025:01:19:14 -0400] "GET /2023/page/46/ HTTP/1.1" 404 1251 "-" "Mozilla/5.0 (compatible; MJ12bot/v1.4.8; http://mj12bot.com/)"
94.23.203.202 - - [31/Mar/2025:01:19:16 -0400] "GET /2023/page/47/ HTTP/1.1" 404 1251 "-" "Mozilla/5.0 (compatible; MJ12bot/v1.4.8; http://mj12bot.com/)"
94.23.203.202 - - [31/Mar/2025:01:19:21 -0400] "GET /2023/page/48/ HTTP/1.1" 404 1251 "-" "Mozilla/5.0 (compatible; MJ12bot/v1.4.8; http://mj12bot.com/)"
94.23.203.202 - - [31/Mar/2025:01:19:25 -0400] "GET /2023/page/49/ HTTP/1.1" 404 1251 "-" "Mozilla/5.0 (compatible; MJ12bot/v1.4.8; http://mj12bot.com/)"
94.23.203.202 - - [31/Mar/2025:01:19:30 -0400] "GET /2023/page/51/ HTTP/1.1" 404 1251 "-" "Mozilla/5.0 (compatible; MJ12bot/v1.4.8; http://mj12bot.com/)"
94.23.203.202 - - [31/Mar/2025:01:19:36 -0400] "GET /2023/page/52/ HTTP/1.1" 404 1251 "-" "Mozilla/5.0 (compatible; MJ12bot/v1.4.8; http://mj12bot.com/)"
94.23.203.202 - - [31/Mar/2025:01:19:43 -0400] "GET /agriturismo-gardasee-pool/ HTTP/1.1" 404 1251 "-" "Mozilla/5.0 (compatible; MJ12bot/v1.4.8; http://mj12bot.com/)"
94.23.203.202 - - [31/Mar/2025:01:19:47 -0400] "GET /agriturismo-gardasee-pool/feed/ HTTP/1.1" 404 1251 "-" "Mozilla/5.0 (compatible; MJ12bot/v1.4.8; http://mj12bot.com/)"
94.23.203.202 - - [31/Mar/2025:01:19:51 -0400] "GET /benefits-of-using-a-baked-bar-disposable-vape/feed/ HTTP/1.1" 404 1251 "-" "Mozilla/5.0 (compatible; MJ12bot/v1.4.8; http://mj12bot.com/)"
94.23.203.202 - - [31/Mar/2025:01:19:55 -0400] "GET /buying-a-hair-dryer/ HTTP/1.1" 404 1251 "-" "Mozilla/5.0 (compatible; MJ12bot/v1.4.8; http://mj12bot.com/)"
94.23.203.202 - - [31/Mar/2025:01:19:59 -0400] "GET /buying-a-womens-cosmetic-bag/feed/ HTTP/1.1" 404 1251 "-" "Mozilla/5.0 (compatible; MJ12bot/v1.4.8; http://mj12bot.com/)"
94.23.203.202 - - [31/Mar/2025:01:20:01 -0400] "GET /cabinet-manufacturers-can-offer-a-variety-of-colors-designs-styles-and-features-for-kitchens-of-all-sizes/feed/ HTTP/1.1" 404 1251 "-" "Mozilla/5.0 (compatible; MJ12bot/v1.4.8; http://mj12bot.com/)"
94.23.203.202 - - [31/Mar/2025:01:20:15 -0400] "GET /comment-concevoir-une-affiche-scientifique/ HTTP/1.1" 404 1251 "-" "Mozilla/5.0 (compatible; MJ12bot/v1.4.8; http://mj12bot.com/)"
94.23.203.202 - - [31/Mar/2025:01:20:17 -0400] "GET /conservatories-merthyr-tydfil/ HTTP/1.1" 404 1251 "-" "Mozilla/5.0 (compatible; MJ12bot/v1.4.8; http://mj12bot.com/)"
94.23.203.202 - - [31/Mar/2025:01:20:22 -0400] "GET /cooling-fans/ HTTP/1.1" 404 1251 "-" "Mozilla/5.0 (compatible; MJ12bot/v1.4.8; http://mj12bot.com/)"
94.23.203.202 - - [31/Mar/2025:01:20:26 -0400] "GET /cosplay-of-spider-man-miles-morales/ HTTP/1.1" 404 1251 "-" "Mozilla/5.0 (compatible; MJ12bot/v1.4.8; http://mj12bot.com/)"
94.23.203.202 - - [31/Mar/2025:01:20:30 -0400] "GET /curls-unleashed-finding-the-perfect-curly-hair-hairdresser-in-melbourne/ HTTP/1.1" 404 1251 "-" "Mozilla/5.0 (compatible; MJ12bot/v1.4.8; http://mj12bot.com/)"
94.23.203.202 - - [31/Mar/2025:01:20:32 -0400] "GET /curls-unleashed-finding-the-perfect-curly-hair-hairdresser-in-melbourne/feed/ HTTP/1.1" 404 1251 "-" "Mozilla/5.0 (compatible; MJ12bot/v1.4.8; http://mj12bot.com/)"
94.23.203.202 - - [31/Mar/2025:01:20:37 -0400] "GET /curls-unleashed-the-melbourne-curly-hair-salon-experience/ HTTP/1.1" 404 1251 "-" "Mozilla/5.0 (compatible; MJ12bot/v1.4.8; http://mj12bot.com/)"
94.23.203.202 - - [31/Mar/2025:01:20:43 -0400] "GET /curls-unleashed-the-melbourne-curly-hair-salon-experience/feed/ HTTP/1.1" 404 1251 "-" "Mozilla/5.0 (compatible; MJ12bot/v1.4.8; http://mj12bot.com/)"
94.23.203.202 - - [31/Mar/2025:01:20:47 -0400] "GET /custom-grip-socks-no-minimum-order-maximum-impact/ HTTP/1.1" 404 1251 "-" "Mozilla/5.0 (compatible; MJ12bot/v1.4.8; http://mj12bot.com/)"
94.23.203.202 - - [31/Mar/2025:01:20:51 -0400] "GET /custom-grip-socks-no-minimum-order-maximum-impact/feed/ HTTP/1.1" 404 1251 "-" "Mozilla/5.0 (compatible; MJ12bot/v1.4.8; http://mj12bot.com/)"
94.23.203.202 - - [31/Mar/2025:01:20:55 -0400] "GET /custom-home-builds-eugene-oregon/ HTTP/1.1" 404 1251 "-" "Mozilla/5.0 (compatible; MJ12bot/v1.4.8; http://mj12bot.com/)"
94.23.203.202 - - [31/Mar/2025:01:20:59 -0400] "GET /dachdecker-hamburg-rahlstedt/ HTTP/1.1" 404 1251 "-" "Mozilla/5.0 (compatible; MJ12bot/v1.4.8; http://mj12bot.com/)"
94.23.203.202 - - [31/Mar/2025:01:21:02 -0400] "GET /dachdecker-hamburg-rahlstedt/feed/ HTTP/1.1" 404 1251 "-" "Mozilla/5.0 (compatible; MJ12bot/v1.4.8; http://mj12bot.com/)"
94.23.203.202 - - [31/Mar/2025:01:21:06 -0400] "GET /dating-app-photographer-austin/ HTTP/1.1" 404 1251 "-" "Mozilla/5.0 (compatible; MJ12bot/v1.4.8; http://mj12bot.com/)"
94.23.203.202 - - [31/Mar/2025:01:21:09 -0400] "GET /decoding-bilanz-unveiling-the-financial-canvas/ HTTP/1.1" 404 1251 "-" "Mozilla/5.0 (compatible; MJ12bot/v1.4.8; http://mj12bot.com/)"
94.23.203.202 - - [31/Mar/2025:01:21:12 -0400] "GET /decoding-bilanz-unveiling-the-financial-canvas/feed/ HTTP/1.1" 404 1251 "-" "Mozilla/5.0 (compatible; MJ12bot/v1.4.8; http://mj12bot.com/)"
94.23.203.202 - - [31/Mar/2025:01:21:14 -0400] "GET /decoding-bilanz-unveiling-the-financial-canvass/ HTTP/1.1" 404 1251 "-" "Mozilla/5.0 (compatible; MJ12bot/v1.4.8; http://mj12bot.com/)"
94.23.203.202 - - [31/Mar/2025:01:21:17 -0400] "GET /decoding-bilanz-unveiling-the-financial-canvass/feed/ HTTP/1.1" 404 1251 "-" "Mozilla/5.0 (compatible; MJ12bot/v1.4.8; http://mj12bot.com/)"
94.23.203.202 - - [31/Mar/2025:01:21:23 -0400] "GET /decoding-fractions-unveiling-the-mystery-of-3-16-in-decimal-form/ HTTP/1.1" 404 1251 "-" "Mozilla/5.0 (compatible; MJ12bot/v1.4.8; http://mj12bot.com/)"
94.23.203.202 - - [31/Mar/2025:01:21:27 -0400] "GET /decoding-fractions-unveiling-the-mystery-of-3-16-in-decimal-form/feed/ HTTP/1.1" 404 1251 "-" "Mozilla/5.0 (compatible; MJ12bot/v1.4.8; http://mj12bot.com/)"
94.23.203.202 - - [31/Mar/2025:01:21:29 -0400] "GET /die-besten-umzugsunternehmen-in-luneburg-fur-einen-reibungslosen-umzug/feed/ HTTP/1.1" 404 1251 "-" "Mozilla/5.0 (compatible; MJ12bot/v1.4.8; http://mj12bot.com/)"
94.23.203.202 - - [31/Mar/2025:01:21:34 -0400] "GET /discover-your-dream-home-homes-in-sonoma-for-sale/feed/ HTTP/1.1" 404 1251 "-" "Mozilla/5.0 (compatible; MJ12bot/v1.4.8; http://mj12bot.com/)"
94.23.203.202 - - [31/Mar/2025:01:21:39 -0400] "GET /discovering-your-dream-home-in-sonoma-ca/ HTTP/1.1" 404 1251 "-" "Mozilla/5.0 (compatible; MJ12bot/v1.4.8; http://mj12bot.com/)"
94.23.203.202 - - [31/Mar/2025:01:21:42 -0400] "GET /discovering-your-dream-home-in-sonoma-ca/feed/ HTTP/1.1" 404 1251 "-" "Mozilla/5.0 (compatible; MJ12bot/v1.4.8; http://mj12bot.com/)"
94.23.203.202 - - [31/Mar/2025:01:21:47 -0400] "GET /employment-lawyers/feed/ HTTP/1.1" 404 1251 "-" "Mozilla/5.0 (compatible; MJ12bot/v1.4.8; http://mj12bot.com/)"
94.23.203.202 - - [31/Mar/2025:01:21:49 -0400] "GET /entrumpelung-luneburgs/ HTTP/1.1" 404 1251 "-" "Mozilla/5.0 (compatible; MJ12bot/v1.4.8; http://mj12bot.com/)"
94.23.203.202 - - [31/Mar/2025:01:21:54 -0400] "GET /entrumpelung-luneburgs/feed/ HTTP/1.1" 404 1251 "-" "Mozilla/5.0 (compatible; MJ12bot/v1.4.8; http://mj12bot.com/)"
94.23.203.202 - - [31/Mar/2025:01:21:58 -0400] "GET /exploring-san-rafaels-diverse-real-estate-market/ HTTP/1.1" 404 1251 "-" "Mozilla/5.0 (compatible; MJ12bot/v1.4.8; http://mj12bot.com/)"
94.23.203.202 - - [31/Mar/2025:01:22:00 -0400] "GET /exploring-san-rafaels-diverse-real-estate-market/feed/ HTTP/1.1" 404 1251 "-" "Mozilla/5.0 (compatible; MJ12bot/v1.4.8; http://mj12bot.com/)"
94.23.203.202 - - [31/Mar/2025:01:22:05 -0400] "GET /fenbendazole-for-human-cancer-treatment/feed/ HTTP/1.1" 404 1251 "-" "Mozilla/5.0 (compatible; MJ12bot/v1.4.8; http://mj12bot.com/)"
94.23.203.202 - - [31/Mar/2025:01:22:08 -0400] "GET /graphics-cards-and-what-they-can-do-for-you/feed/ HTTP/1.1" 404 1251 "-" "Mozilla/5.0 (compatible; MJ12bot/v1.4.8; http://mj12bot.com/)"
94.23.203.202 - - [31/Mar/2025:01:22:10 -0400] "GET /grunflachenpflege-in-luneburg/ HTTP/1.1" 404 1251 "-" "Mozilla/5.0 (compatible; MJ12bot/v1.4.8; http://mj12bot.com/)"
94.23.203.202 - - [31/Mar/2025:01:22:14 -0400] "GET /grunflachenpflege-in-luneburg/feed/ HTTP/1.1" 404 1251 "-" "Mozilla/5.0 (compatible; MJ12bot/v1.4.8; http://mj12bot.com/)"
94.23.203.202 - - [31/Mar/2025:01:22:19 -0400] "GET /how-to-design-a-scientific-poster/ HTTP/1.1" 404 1251 "-" "Mozilla/5.0 (compatible; MJ12bot/v1.4.8; http://mj12bot.com/)"
94.23.203.202 - - [31/Mar/2025:01:22:23 -0400] "GET /how-to-love-a-selfish-partner/ HTTP/1.1" 404 1251 "-" "Mozilla/5.0 (compatible; MJ12bot/v1.4.8; http://mj12bot.com/)"
94.23.203.202 - - [31/Mar/2025:01:22:25 -0400] "GET /luxury-cutlery/ HTTP/1.1" 404 1251 "-" "Mozilla/5.0 (compatible; MJ12bot/v1.4.8; http://mj12bot.com/)"
94.23.203.202 - - [31/Mar/2025:01:22:29 -0400] "GET /magnetic-marvels-exploring-the-wonders-of-the-magnetic-calendar/ HTTP/1.1" 404 1251 "-" "Mozilla/5.0 (compatible; MJ12bot/v1.4.8; http://mj12bot.com/)"
94.23.203.202 - - [31/Mar/2025:01:22:32 -0400] "GET /magnetic-marvels-exploring-the-wonders-of-the-magnetic-calendar/feed/ HTTP/1.1" 404 1251 "-" "Mozilla/5.0 (compatible; MJ12bot/v1.4.8; http://mj12bot.com/)"
94.23.203.202 - - [31/Mar/2025:01:22:34 -0400] "GET /navigating-the-workplace-a-comprehensive-guide-to-free-online-employment-law-advice-for-employees-in-the-uk/ HTTP/1.1" 404 1251 "-" "Mozilla/5.0 (compatible; MJ12bot/v1.4.8; http://mj12bot.com/)"
94.23.203.202 - - [31/Mar/2025:01:22:39 -0400] "GET /navigating-the-workplace-a-comprehensive-guide-to-free-online-employment-law-advice-for-employees-in-the-uk/feed/ HTTP/1.1" 404 1251 "-" "Mozilla/5.0 (compatible; MJ12bot/v1.4.8; http://mj12bot.com/)"
94.23.203.202 - - [31/Mar/2025:01:22:45 -0400] "GET /navigating-trademark-disputes-with-seasoned-legal-guidance/ HTTP/1.1" 404 1251 "-" "Mozilla/5.0 (compatible; MJ12bot/v1.4.8; http://mj12bot.com/)"
94.23.203.202 - - [31/Mar/2025:01:22:50 -0400] "GET /navigating-trademark-disputes-with-seasoned-legal-guidance/feed/ HTTP/1.1" 404 1251 "-" "Mozilla/5.0 (compatible; MJ12bot/v1.4.8; http://mj12bot.com/)"
94.23.203.202 - - [31/Mar/2025:01:22:53 -0400] "GET /online-gitarrenkurs/ HTTP/1.1" 404 1251 "-" "Mozilla/5.0 (compatible; MJ12bot/v1.4.8; http://mj12bot.com/)"
94.23.203.202 - - [31/Mar/2025:01:22:57 -0400] "GET /page/28/ HTTP/1.1" 404 1251 "-" "Mozilla/5.0 (compatible; MJ12bot/v1.4.8; http://mj12bot.com/)"
94.23.203.202 - - [31/Mar/2025:01:23:02 -0400] "GET /page/94/ HTTP/1.1" 404 1251 "-" "Mozilla/5.0 (compatible; MJ12bot/v1.4.8; http://mj12bot.com/)"
94.23.203.202 - - [31/Mar/2025:01:23:06 -0400] "GET /revolutionizing-open-world-gaming-unveiling-grand-theft-auto-vi/feed/ HTTP/1.1" 404 1251 "-" "Mozilla/5.0 (compatible; MJ12bot/v1.4.8; http://mj12bot.com/)"
185.191.171.3 - - [31/Mar/2025:01:23:08 -0400] "GET /page/27/ HTTP/1.1" 404 1251 "-" "Mozilla/5.0 (compatible; SemrushBot/7~bl; +http://www.semrush.com/bot.html)"
94.23.203.202 - - [31/Mar/2025:01:23:13 -0400] "GET /revolutionizing-productivity-taskade-ai-agents/ HTTP/1.1" 404 1251 "-" "Mozilla/5.0 (compatible; MJ12bot/v1.4.8; http://mj12bot.com/)"
94.23.203.202 - - [31/Mar/2025:01:23:15 -0400] "GET /revolutionizing-spaces-the-contemporary-elegance-of-modern-kitchen-cabinets/ HTTP/1.1" 404 1251 "-" "Mozilla/5.0 (compatible; MJ12bot/v1.4.8; http://mj12bot.com/)"
94.23.203.202 - - [31/Mar/2025:01:23:20 -0400] "GET /revolutionizing-spaces-the-contemporary-elegance-of-modern-kitchen-cabinets/feed/ HTTP/1.1" 404 1251 "-" "Mozilla/5.0 (compatible; MJ12bot/v1.4.8; http://mj12bot.com/)"
94.23.203.202 - - [31/Mar/2025:01:23:22 -0400] "GET /scoprire-il-paradiso-resort-sul-lago-di-garda/ HTTP/1.1" 404 1251 "-" "Mozilla/5.0 (compatible; MJ12bot/v1.4.8; http://mj12bot.com/)"
94.23.203.202 - - [31/Mar/2025:01:23:27 -0400] "GET /shop-pilou-pilou-your-best-partner-in-style/ HTTP/1.1" 404 1251 "-" "Mozilla/5.0 (compatible; MJ12bot/v1.4.8; http://mj12bot.com/)"
94.23.203.202 - - [31/Mar/2025:01:23:31 -0400] "GET /shop-pilou-pilou-your-best-partner-in-style/feed/ HTTP/1.1" 404 1251 "-" "Mozilla/5.0 (compatible; MJ12bot/v1.4.8; http://mj12bot.com/)"
94.23.203.202 - - [31/Mar/2025:01:23:33 -0400] "GET /swinging-through-vietnam-exploring-the-enchanting-golf-courses/feed/ HTTP/1.1" 404 1251 "-" "Mozilla/5.0 (compatible; MJ12bot/v1.4.8; http://mj12bot.com/)"
